186.79.221.126 - - [23/Jun/2017:13:27:44 -0300] "GET /cormun/static/gxtimezone.js?85251 HTTP/1.1" 304 -
186.79.221.126 - - [23/Jun/2017:13:27:44 -0300] "GET /cormun/static/gxcfg.js?20175251213516 HTTP/1.1" 304 -
186.79.221.126 - - [23/Jun/2017:13:27:44 -0300] "GET /cormun/static/messages.spa.js?85251 HTTP/1.1" 304 -
186.79.221.126 - - [23/Jun/2017:13:27:45 -0300] "GET /cormun/servlet/hlogin HTTP/1.1" 200 1728
186.103.157.235 - - [23/Jun/2017:13:28:21 -0300] "POST /cormun/servlet/solicitudot?gx-no-cache=1498235350040 HTTP/1.1" 200 240
186.103.157.235 - - [23/Jun/2017:13:28:23 -0300] "GET /cormun/servlet/solicitudot?791973db2622cd0951495493e0e6ef02798e9b0af011b2f73879bd4bd4716cf05c4a3019f661e9a79ea39a518e54e064548e61116a21f52bc534cd39466440e2cd8ca68181835e7ff2bd46a6556873b81c7a118538b6dbfafc5f0eb8ab9ba0827a765d579c0aa4d79dab470771c53a5925763e689b35e7b1a280f6be99cb155e712ee4efb8626189cd0e401a0d2a0217d58a3010e361c33bd0abc161d17b65dd3ecb40fbf044c6b47f616c25c60699596a80bc582db65769bc835553b68205313c6fd83db5286e82c3aa8f692645413df132a45a093e0ad66da02c03c35cc9ae608e396f4a05a8bacacc8e2a669b1c7661f6df0234b251fc004952f501c77e52a4654e7e0728b16ace2f838d81ec9a606214618c9e5fa390747868288eb49066ccf53e0d882e717b9a45ce19fd9c5db9251b63fa3dcdd6569ac815bc35831f71b1f3bf036113200c416b1a392a7db81803ee5f0beddd434e1344e7729ff1ad1fb6009ea4bc3f76fce065d1106e4597c73bab98a35dfe95c5a06d0ff67c953418,gx-no-cache=1498235352117 HTTP/1.1" 200 30
186.79.221.126 - - [23/Jun/2017:13:28:24 -0300] "POST /cormun/servlet/hlogin?0825cbb9f4c625405fc664aa4b44a9e1,gx-no-cache=1498235355293 HTTP/1.1" 200 90
186.79.221.126 - - [23/Jun/2017:13:28:24 -0300] "GET /cormun/servlet/hpexe_link HTTP/1.1" 200 950
186.79.221.126 - - [23/Jun/2017:13:28:24 -0300] "GET /cormun/static/gxcfg.js?20175251212395 HTTP/1.1" 304 -
186.79.221.126 - - [23/Jun/2017:13:28:24 -0300] "GET /cormun/servlet/hhome HTTP/1.1" 200 3740
186.79.221.126 - - [23/Jun/2017:13:28:25 -0300] "GET /cormun/static/scaMessage/css/jquery.pnotify.default.css?1716380 HTTP/1.1" 304 -
186.79.221.126 - - [23/Jun/2017:13:28:25 -0300] "GET /cormun/static/gxcfg.js?20175251212442 HTTP/1.1" 304 -
186.103.157.235 - - [23/Jun/2017:13:28:26 -0300] "POST /cormun/servlet/solicitudot?gx-no-cache=1498235355064 HTTP/1.1" 200 30
186.79.221.126 - - [23/Jun/2017:13:28:27 -0300] "GET /cormun/servlet/hhome HTTP/1.1" 200 3737
186.103.157.235 - - [23/Jun/2017:13:28:29 -0300] "GET /cormun/servlet/prfichaempleado?,MD,,gxPopupLevel%3D0%3B HTTP/1.1" 200 9279
186.103.157.235 - - [23/Jun/2017:13:28:37 -0300] "POST /cormun/servlet/prfichaempleado?1f36ab2b95afa225e56355290737968f,,MD,,gxPopupLevel%3D0%3B,gx-no-cache=1498235366205 HTTP/1.1" 200 4000
186.79.221.126 - - [23/Jun/2017:13:28:37 -0300] "GET /cormun/servlet/trsolicitudot? HTTP/1.1" 200 6935
186.79.221.126 - - [23/Jun/2017:13:28:37 -0300] "GET /cormun/static/gxcfg.js?20175251233261 HTTP/1.1" 200 953
186.79.221.126 - - [23/Jun/2017:13:28:37 -0300] "GET /cormun/static/calendar.js?85251 HTTP/1.1" 304 -
186.79.221.126 - - [23/Jun/2017:13:28:37 -0300] "GET /cormun/static/calendar-es.js?85251 HTTP/1.1" 304 -
186.79.221.126 - - [23/Jun/2017:13:28:37 -0300] "GET /cormun/static/calendar-setup.js?85251 HTTP/1.1" 304 -
186.79.221.126 - - [23/Jun/2017:13:28:38 -0300] "GET /cormun/static/gxdec.js?85251 HTTP/1.1" 304 -
186.79.221.126 - - [23/Jun/2017:13:28:38 -0300] "GET /cormun/static/trsolicitudot.js?20175251234175 HTTP/1.1" 200 54041
186.79.221.126 - - [23/Jun/2017:13:28:39 -0300] "GET /cormun/servlet/trsolicitudot? HTTP/1.1" 200 6934
186.103.157.235 - - [23/Jun/2017:13:28:47 -0300] "GET /cormun/servlet/prlicenciaspermisos?12912096,L,,MD,,gxPopupLevel%3D0%3B HTTP/1.1" 200 5649
186.103.157.235 - - [23/Jun/2017:13:28:51 -0300] "POST /cormun/servlet/solicitudot?gx-no-cache=1498235380032 HTTP/1.1" 200 1301
186.103.157.235 - - [23/Jun/2017:13:28:54 -0300] "POST /cormun/servlet/solicitudot?gx-no-cache=1498235383140 HTTP/1.1" 200 41
186.103.157.235 - - [23/Jun/2017:13:29:16 -0300] "GET /cormun/servlet/solicitudot?791973db2622cd0951495493e0e6ef0277ccc1bf4f4209df892459b186944d23731a13ad882f2715af05333cde836a0f8a580886cc3ebeab9058fbe028a83152ed141ca02e42804851bcff0f5ba9c80e69b0a5031a53393bbbdb1e1e56bef83c9836511ae3a6d9608e4c1bc7e99aa50c,gx-no-cache=1498235405653 HTTP/1.1" 200 29
186.103.157.235 - - [23/Jun/2017:13:29:17 -0300] "POST /cormun/servlet/solicitudot?gx-no-cache=1498235405696 HTTP/1.1" 200 1280
186.103.157.235 - - [23/Jun/2017:13:29:17 -0300] "GET /cormun/static/menuarrow.gif HTTP/1.1" 404 1015
186.103.157.235 - - [23/Jun/2017:13:29:23 -0300] "POST /cormun/servlet/solicitudot?gx-no-cache=1498235412226 HTTP/1.1" 200 1280
186.79.221.126 - - [23/Jun/2017:13:29:24 -0300] "GET /cormun/servlet/solicitudot?INS,0,0, HTTP/1.1" 200 12605
186.79.221.126 - - [23/Jun/2017:13:29:24 -0300] "GET /cormun/static/gxcfg.js?201752522134570 HTTP/1.1" 200 953
186.79.221.126 - - [23/Jun/2017:13:29:24 -0300] "GET /cormun/static/solicitudot.js?201752522134767 HTTP/1.1" 200 64045
186.79.221.126 - - [23/Jun/2017:13:29:26 -0300] "GET /cormun/servlet/solicitudot?INS,0,0, HTTP/1.1" 200 12610
186.103.157.235 - - [23/Jun/2017:13:29:28 -0300] "POST /cormun/servlet/solicitudot?gx-no-cache=1498235417308 HTTP/1.1" 200 34
186.103.157.235 - - [23/Jun/2017:13:29:28 -0300] "POST /cormun/servlet/solicitudot?1f36ab2b95afa225e56355290737968f,INS,0,0,,gx-no-cache=1498235417349 HTTP/1.1" 200 93
186.103.157.235 - - [23/Jun/2017:13:29:28 -0300] "GET /cormun/servlet/hpexe_return? HTTP/1.1" 200 1005
186.103.157.235 - - [23/Jun/2017:13:29:29 -0300] "GET /cormun/servlet/trsolicitudot HTTP/1.1" 200 13530
186.103.157.235 - - [23/Jun/2017:13:29:29 -0300] "GET /cormun/servlet/trsolicitudot HTTP/1.1" 200 13526
186.103.157.235 - - [23/Jun/2017:13:29:38 -0300] "POST /cormun/servlet/trsolicitudot?1f36ab2b95afa225e56355290737968f,gx-no-cache=1498235427035 HTTP/1.1" 200 107
186.103.157.235 - - [23/Jun/2017:13:29:38 -0300] "GET /cormun/servlet/trsolicitudadjuntos?2017,6891, HTTP/1.1" 200 6100
186.103.157.235 - - [23/Jun/2017:13:29:39 -0300] "GET /cormun/servlet/trsolicitudadjuntos?2017,6891, HTTP/1.1" 200 6099
186.103.157.235 - - [23/Jun/2017:13:29:40 -0300] "GET /cormun/servlet/solicitudotadjuntos?INS,2017,6891,,1, HTTP/1.1" 200 6051
186.103.157.235 - - [23/Jun/2017:13:29:40 -0300] "GET /cormun/static/about:blank HTTP/1.1" 404 1011
186.103.157.235 - - [23/Jun/2017:13:29:40 -0300] "GET /cormun/servlet/solicitudotadjuntos?INS,2017,6891,,1, HTTP/1.1" 200 6045
186.103.157.235 - - [23/Jun/2017:13:29:41 -0300] "GET /cormun/servlet/solicitudotadjuntos?791973db2622cd0951495493e0e6ef02d32238dd3cd139910121eaf729f1cba4977a8cba5ac1b8652826151eb696e98a,gx-no-cache=1498235430075 HTTP/1.1" 200 30
186.103.157.235 - - [23/Jun/2017:13:29:41 -0300] "POST /cormun/servlet/solicitudotadjuntos?1f36ab2b95afa225e56355290737968f,INS,2017,6891,,1,,gx-no-cache=1498235430105 HTTP/1.1" 200 3861
186.103.157.235 - - [23/Jun/2017:13:29:43 -0300] "POST /cormun/servlet/solicitudotadjuntos?gx-no-cache=1498235432384 HTTP/1.1" 200 26
200.111.191.210 - - [23/Jun/2017:13:29:47 -0300] "GET /cormun/servlet/trlicenciaspermisosadjuntos?13098412,20170623000000,L, HTTP/1.1" 200 5502
200.111.191.210 - - [23/Jun/2017:13:29:47 -0300] "GET /cormun/static/trlicenciaspermisosadjuntos.js?2017525126577 HTTP/1.1" 304 -
200.111.191.210 - - [23/Jun/2017:13:29:47 -0300] "GET /cormun/static/gxcfg.js?20175251265349 HTTP/1.1" 304 -
200.111.191.210 - - [23/Jun/2017:13:29:47 -0300] "GET /cormun/servlet/hlogin HTTP/1.1" 200 1761
200.111.191.210 - - [23/Jun/2017:13:29:47 -0300] "GET /cormun/servlet/trlicenciaspermisosadjuntos?13098412,20170623000000,L, HTTP/1.1" 200 5504
200.111.191.210 - - [23/Jun/2017:13:29:51 -0300] "POST /cormun/servlet/hlogin?329e13b8b2a6d55e1c8a725c00d911b1,gx-no-cache=1498235442646 HTTP/1.1" 200 90
200.111.191.210 - - [23/Jun/2017:13:29:51 -0300] "GET /cormun/servlet/hpexe_link HTTP/1.1" 200 980
200.111.191.210 - - [23/Jun/2017:13:29:51 -0300] "GET /cormun/servlet/trlicenciaspermisosadjuntos?13098412,20170623000000,L, HTTP/1.1" 200 5920
186.103.157.235 - - [23/Jun/2017:13:29:52 -0300] "GET /cormun/servlet/solicitudotadjuntos?791973db2622cd0951495493e0e6ef0298b4386244d7c784e532df62e60dd006,gx-no-cache=1498235440672 HTTP/1.1" 200 30
186.103.157.235 - - [23/Jun/2017:13:29:52 -0300] "GET /cormun/servlet/solicitudotadjuntos?791973db2622cd0951495493e0e6ef0298b4386244d7c784e532df62e60dd006,gx-no-cache=1498235440738 HTTP/1.1" 200 30
200.111.191.210 - - [23/Jun/2017:13:29:52 -0300] "GET /cormun/servlet/trlicenciaspermisosadjuntos?13098412,20170623000000,L, HTTP/1.1" 200 5918
186.79.221.126 - - [23/Jun/2017:13:29:52 -0300] "GET /cormun/servlet/prfichaempleado?,MD,,gxPopupLevel%3D0%3B HTTP/1.1" 200 9193
186.103.157.235 - - [23/Jun/2017:13:29:52 -0300] "POST /cormun/servlet/solicitudotadjuntos?1f36ab2b95afa225e56355290737968f,INS,2017,6891,,1, HTTP/1.1" 200 116
186.79.221.126 - - [23/Jun/2017:13:29:52 -0300] "GET /cormun/static/gxcfg.js?201761412513083 HTTP/1.1" 304 -
186.103.157.235 - - [23/Jun/2017:13:29:52 -0300] "GET /cormun/servlet/hpexe_return? HTTP/1.1" 200 1025
186.79.221.126 - - [23/Jun/2017:13:29:52 -0300] "GET /cormun/static/prfichaempleado.js?201761412513297 HTTP/1.1" 304 -
186.79.221.126 - - [23/Jun/2017:13:29:52 -0300] "GET /cormun/static/hmpwkw011.js?20175251212473 HTTP/1.1" 304 -
186.79.221.126 - - [23/Jun/2017:13:29:52 -0300] "GET /cormun/static/menusearch.js?201610171694467 HTTP/1.1" 304 -
186.103.157.235 - - [23/Jun/2017:13:29:52 -0300] "GET /cormun/servlet/trsolicitudadjuntos?2017,6891, HTTP/1.1" 200 8390
186.103.157.235 - - [23/Jun/2017:13:29:52 -0300] "GET /cormun/servlet/trsolicitudadjuntos?2017,6891, HTTP/1.1" 200 8385
186.103.157.235 - - [23/Jun/2017:13:29:54 -0300] "GET /cormun/servlet/solicitudotadjuntos?INS,2017,6891,,1, HTTP/1.1" 200 6051
200.111.191.210 - - [23/Jun/2017:13:29:54 -0300] "POST /cormun/servlet/trlicenciaspermisosadjuntos?329e13b8b2a6d55e1c8a725c00d911b1,13098412,20170623000000,L,,gx-no-cache=1498235445992 HTTP/1.1" 200 3577
186.103.157.235 - - [23/Jun/2017:13:29:54 -0300] "GET /cormun/static/about:blank HTTP/1.1" 404 1011
186.103.157.235 - - [23/Jun/2017:13:29:54 -0300] "GET /cormun/servlet/solicitudotadjuntos?INS,2017,6891,,1, HTTP/1.1" 200 6045
186.103.157.235 - - [23/Jun/2017:13:29:55 -0300] "GET /cormun/servlet/solicitudotadjuntos?791973db2622cd0951495493e0e6ef02d32238dd3cd139910121eaf729f1cba4977a8cba5ac1b8652826151eb696e98a,gx-no-cache=1498235444091 HTTP/1.1" 200 30
186.103.157.235 - - [23/Jun/2017:13:29:55 -0300] "POST /cormun/servlet/solicitudotadjuntos?1f36ab2b95afa225e56355290737968f,INS,2017,6891,,1,,gx-no-cache=1498235444119 HTTP/1.1" 200 3861
200.111.191.210 - - [23/Jun/2017:13:29:56 -0300] "POST /cormun/servlet/trlicenciaspermisosadjuntos?329e13b8b2a6d55e1c8a725c00d911b1,13098412,20170623000000,L,,gx-no-cache=1498235447597 HTTP/1.1" 200 3577
186.103.157.235 - - [23/Jun/2017:13:29:57 -0300] "POST /cormun/servlet/solicitudotadjuntos?gx-no-cache=1498235446446 HTTP/1.1" 200 26
200.111.191.210 - - [23/Jun/2017:13:29:59 -0300] "GET /cormun/servlet/trlicencias? HTTP/1.1" 200 19854
200.111.191.210 - - [23/Jun/2017:13:29:59 -0300] "GET /cormun/servlet/trlicencias? HTTP/1.1" 200 19852
200.111.191.210 - - [23/Jun/2017:13:30:02 -0300] "GET /cormun/servlet/trlicenciaspermisosadjuntos?13098412,20170623000000,L, HTTP/1.1" 200 5919
200.111.191.210 - - [23/Jun/2017:13:30:02 -0300] "GET /cormun/servlet/trlicenciaspermisosadjuntos?13098412,20170623000000,L, HTTP/1.1" 200 5918
186.103.157.235 - - [23/Jun/2017:13:30:07 -0300] "GET /cormun/servlet/solicitudotadjuntos?791973db2622cd0951495493e0e6ef0298b4386244d7c784e532df62e60dd006,gx-no-cache=1498235455839 HTTP/1.1" 200 30
186.103.157.235 - - [23/Jun/2017:13:30:07 -0300] "GET /cormun/servlet/solicitudotadjuntos?791973db2622cd0951495493e0e6ef0298b4386244d7c784e532df62e60dd006,gx-no-cache=1498235455857 HTTP/1.1" 200 30
186.103.157.235 - - [23/Jun/2017:13:30:07 -0300] "POST /cormun/servlet/solicitudotadjuntos?1f36ab2b95afa225e56355290737968f,INS,2017,6891,,1, HTTP/1.1" 200 116
186.103.157.235 - - [23/Jun/2017:13:30:07 -0300] "GET /cormun/servlet/hpexe_return? HTTP/1.1" 200 1025
186.103.157.235 - - [23/Jun/2017:13:30:07 -0300] "GET /cormun/servlet/trsolicitudadjuntos?2017,6891, HTTP/1.1" 200 8585
186.103.157.235 - - [23/Jun/2017:13:30:07 -0300] "GET /cormun/servlet/trsolicitudadjuntos?2017,6891, HTTP/1.1" 200 8584
200.111.191.210 - - [23/Jun/2017:13:30:08 -0300] "GET /cormun/servlet/trlicencias? HTTP/1.1" 200 19854
200.111.191.210 - - [23/Jun/2017:13:30:09 -0300] "GET /cormun/servlet/trlicencias? HTTP/1.1" 200 19852
186.79.221.126 - - [23/Jun/2017:13:30:10 -0300] "POST /cormun/servlet/prfichaempleado?0825cbb9f4c625405fc664aa4b44a9e1,,MD,,gxPopupLevel%3D0%3B,gx-no-cache=1498235460858 HTTP/1.1" 200 3417
186.103.157.235 - - [23/Jun/2017:13:30:11 -0300] "GET /cormun/servlet/solicitudotadjuntos?INS,2017,6891,,1, HTTP/1.1" 200 6051
186.103.157.235 - - [23/Jun/2017:13:30:11 -0300] "GET /cormun/static/about:blank HTTP/1.1" 404 1011
186.103.157.235 - - [23/Jun/2017:13:30:11 -0300] "GET /cormun/servlet/solicitudotadjuntos?INS,2017,6891,,1, HTTP/1.1" 200 6045
186.103.157.235 - - [23/Jun/2017:13:30:12 -0300] "GET /cormun/servlet/solicitudotadjuntos?791973db2622cd0951495493e0e6ef02d32238dd3cd139910121eaf729f1cba4977a8cba5ac1b8652826151eb696e98a,gx-no-cache=1498235460816 HTTP/1.1" 200 30
186.103.157.235 - - [23/Jun/2017:13:30:12 -0300] "POST /cormun/servlet/solicitudotadjuntos?1f36ab2b95afa225e56355290737968f,INS,2017,6891,,1,,gx-no-cache=1498235460858 HTTP/1.1" 200 3860
186.103.157.235 - - [23/Jun/2017:13:30:15 -0300] "POST /cormun/servlet/solicitudotadjuntos?gx-no-cache=1498235464622 HTTP/1.1" 200 26
200.111.191.210 - - [23/Jun/2017:13:30:20 -0300] "GET /cormun/servlet/trlicenciaspermisosadjuntos?13098412,20170623000000,L, HTTP/1.1" 200 5919
200.111.191.210 - - [23/Jun/2017:13:30:21 -0300] "GET /cormun/servlet/trlicenciaspermisosadjuntos?13098412,20170623000000,L, HTTP/1.1" 200 5918
186.79.221.126 - - [23/Jun/2017:13:30:22 -0300] "POST /cormun/servlet/solicitudot?gx-no-cache=1498235473443 HTTP/1.1" 200 3220
186.79.221.126 - - [23/Jun/2017:13:30:23 -0300] "POST /cormun/servlet/solicitudot?0825cbb9f4c625405fc664aa4b44a9e1,INS,0,0,,gx-no-cache=1498235473989 HTTP/1.1" 200 9850
186.79.221.126 - - [23/Jun/2017:13:30:23 -0300] "GET /cormun/servlet/solicitudot?bacf776b08d067d8aca2ff9a5bcae510ca739a9110c26653973c5d3795db3e45c6848a546ad1302484b28ea51413b6de,gx-no-cache=1498235474684 HTTP/1.1" 200 30
200.111.191.210 - - [23/Jun/2017:13:30:27 -0300] "GET /cormun/servlet/trlicencias? HTTP/1.1" 200 19854
200.111.191.210 - - [23/Jun/2017:13:30:27 -0300] "GET /cormun/servlet/trlicencias? HTTP/1.1" 200 19852
186.79.221.126 - - [23/Jun/2017:13:30:27 -0300] "POST /cormun/servlet/solicitudot?gx-no-cache=1498235478870 HTTP/1.1" 200 255
186.103.157.235 - - [23/Jun/2017:13:30:27 -0300] "GET /cormun/servlet/solicitudotadjuntos?791973db2622cd0951495493e0e6ef0298b4386244d7c784e532df62e60dd006,gx-no-cache=1498235476649 HTTP/1.1" 200 30
186.103.157.235 - - [23/Jun/2017:13:30:28 -0300] "GET /cormun/servlet/solicitudotadjuntos?791973db2622cd0951495493e0e6ef0298b4386244d7c784e532df62e60dd006,gx-no-cache=1498235476667 HTTP/1.1" 200 30
186.79.221.126 - - [23/Jun/2017:13:30:28 -0300] "GET /cormun/servlet/solicitudot?bacf776b08d067d8aca2ff9a5bcae510d020586ca9ab9f24f3f5fe33e1309938b608015a6456855bed1ff6c741e399a605a032e0f246125cda63d049a6f594a7121292f2f81dc6129d653997c095a8f5c5fe4194208d67cfc71f419041d286cac0e3424072a29c5a022dea5255758dda3c45ad7277e569e73fb60c2e067343129ff853e4bee2e9bbf35744ecd5baa282555f1fa93827dd0bbbc36e45f72a4cbc10e2c61d8f096effdd8a2202c0b125aba33b33bcae4c97d8f65aa66b00ac908de2a288e6d966913ba0076ea6f447012a0714dfd132b8cd2db05325f52deed58590f6f3e218b456dec0dad413a12d72454fc34350616000b82d0c8804f876f24ae2e7667c43f0579e1ec05d69b912db64ff1fdda874bb4b12d41e1ef95d4e17615e143540e4215d4231438deb93da36d632561430f5956c4523e2efa761f31dd896ac79cdcfe14704905b9e8b8e24763c8ab294f6a657c84dd473793a0d82519212078f8a38a53b1521c6d316bf81590a8bdc9633b7a795a41b6f836723b892d4,gx-no-cache=1498235479009 HTTP/1.1" 200 30
186.103.157.235 - - [23/Jun/2017:13:30:28 -0300] "POST /cormun/servlet/solicitudotadjuntos?1f36ab2b95afa225e56355290737968f,INS,2017,6891,,1, HTTP/1.1" 200 116
186.103.157.235 - - [23/Jun/2017:13:30:28 -0300] "GET /cormun/servlet/hpexe_return? HTTP/1.1" 200 1025
186.103.157.235 - - [23/Jun/2017:13:30:29 -0300] "GET /cormun/servlet/trsolicitudadjuntos?2017,6891, HTTP/1.1" 200 8748
186.103.157.235 - - [23/Jun/2017:13:30:29 -0300] "GET /cormun/servlet/trsolicitudadjuntos?2017,6891, HTTP/1.1" 200 8746
186.103.157.235 - - [23/Jun/2017:13:30:31 -0300] "GET /cormun/servlet/solicitudotadjuntos?INS,2017,6891,,1, HTTP/1.1" 200 6051
186.103.157.235 - - [23/Jun/2017:13:30:32 -0300] "GET /cormun/static/about:blank HTTP/1.1" 404 1011
186.103.157.235 - - [23/Jun/2017:13:30:32 -0300] "GET /cormun/servlet/solicitudotadjuntos?INS,2017,6891,,1, HTTP/1.1" 200 6045
186.103.157.235 - - [23/Jun/2017:13:30:32 -0300] "GET /cormun/servlet/solicitudotadjuntos?791973db2622cd0951495493e0e6ef02d32238dd3cd139910121eaf729f1cba4977a8cba5ac1b8652826151eb696e98a,gx-no-cache=1498235481282 HTTP/1.1" 200 30
186.103.157.235 - - [23/Jun/2017:13:30:32 -0300] "POST /cormun/servlet/solicitudotadjuntos?1f36ab2b95afa225e56355290737968f,INS,2017,6891,,1,,gx-no-cache=1498235481321 HTTP/1.1" 200 3860
200.111.191.210 - - [23/Jun/2017:13:30:34 -0300] "POST /cormun/servlet/trlicencias?329e13b8b2a6d55e1c8a725c00d911b1,,gx-no-cache=1498235485399 HTTP/1.1" 200 3931
186.103.157.235 - - [23/Jun/2017:13:30:37 -0300] "POST /cormun/servlet/solicitudotadjuntos?gx-no-cache=1498235485688 HTTP/1.1" 200 26
200.111.191.210 - - [23/Jun/2017:13:30:39 -0300] "POST /cormun/servlet/trlicencias?329e13b8b2a6d55e1c8a725c00d911b1,,gx-no-cache=1498235490894 HTTP/1.1" 200 3932
200.111.191.210 - - [23/Jun/2017:13:30:41 -0300] "POST /cormun/servlet/trlicencias?329e13b8b2a6d55e1c8a725c00d911b1,,gx-no-cache=1498235492897 HTTP/1.1" 200 3932
200.111.191.210 - - [23/Jun/2017:13:30:42 -0300] "POST /cormun/servlet/trlicencias?329e13b8b2a6d55e1c8a725c00d911b1,,gx-no-cache=1498235493709 HTTP/1.1" 200 3932
186.103.157.235 - - [23/Jun/2017:13:30:43 -0300] "GET /cormun/servlet/solicitudotadjuntos?791973db2622cd0951495493e0e6ef0298b4386244d7c784e532df62e60dd006,gx-no-cache=1498235492624 HTTP/1.1" 200 30
186.103.157.235 - - [23/Jun/2017:13:30:43 -0300] "GET /cormun/servlet/solicitudotadjuntos?791973db2622cd0951495493e0e6ef0298b4386244d7c784e532df62e60dd006,gx-no-cache=1498235492642 HTTP/1.1" 200 30
186.103.157.235 - - [23/Jun/2017:13:30:44 -0300] "POST /cormun/servlet/solicitudotadjuntos?1f36ab2b95afa225e56355290737968f,INS,2017,6891,,1, HTTP/1.1" 200 116
186.103.157.235 - - [23/Jun/2017:13:30:44 -0300] "GET /cormun/servlet/hpexe_return? HTTP/1.1" 200 1025
186.103.157.235 - - [23/Jun/2017:13:30:44 -0300] "GET /cormun/servlet/trsolicitudadjuntos?2017,6891, HTTP/1.1" 200 8887
186.103.157.235 - - [23/Jun/2017:13:30:44 -0300] "GET /cormun/servlet/trsolicitudadjuntos?2017,6891, HTTP/1.1" 200 8885
200.111.191.210 - - [23/Jun/2017:13:30:46 -0300] "POST /cormun/servlet/trlicencias?329e13b8b2a6d55e1c8a725c00d911b1,,gx-no-cache=1498235497181 HTTP/1.1" 200 3932
186.103.157.235 - - [23/Jun/2017:13:30:47 -0300] "GET /cormun/servlet/solicitudotadjuntos?INS,2017,6891,,1, HTTP/1.1" 200 6051
186.103.157.235 - - [23/Jun/2017:13:30:47 -0300] "GET /cormun/static/about:blank HTTP/1.1" 404 1011
186.103.157.235 - - [23/Jun/2017:13:30:47 -0300] "GET /cormun/servlet/solicitudotadjuntos?INS,2017,6891,,1, HTTP/1.1" 200 6045
186.103.157.235 - - [23/Jun/2017:13:30:47 -0300] "GET /cormun/servlet/solicitudotadjuntos?791973db2622cd0951495493e0e6ef02d32238dd3cd139910121eaf729f1cba4977a8cba5ac1b8652826151eb696e98a,gx-no-cache=1498235496667 HTTP/1.1" 200 30
186.103.157.235 - - [23/Jun/2017:13:30:48 -0300] "POST /cormun/servlet/solicitudotadjuntos?1f36ab2b95afa225e56355290737968f,INS,2017,6891,,1,,gx-no-cache=1498235496693 HTTP/1.1" 200 3860
186.103.157.235 - - [23/Jun/2017:13:30:50 -0300] "POST /cormun/servlet/solicitudotadjuntos?gx-no-cache=1498235498758 HTTP/1.1" 200 26
200.111.191.210 - - [23/Jun/2017:13:30:52 -0300] "POST /cormun/servlet/trlicencias?329e13b8b2a6d55e1c8a725c00d911b1,,gx-no-cache=1498235502945 HTTP/1.1" 200 17992
186.103.157.235 - - [23/Jun/2017:13:31:02 -0300] "GET /cormun/servlet/solicitudotadjuntos?791973db2622cd0951495493e0e6ef0298b4386244d7c784e532df62e60dd006,gx-no-cache=1498235511562 HTTP/1.1" 200 30
186.103.157.235 - - [23/Jun/2017:13:31:02 -0300] "GET /cormun/servlet/solicitudotadjuntos?791973db2622cd0951495493e0e6ef0298b4386244d7c784e532df62e60dd006,gx-no-cache=1498235511579 HTTP/1.1" 200 30
186.103.157.235 - - [23/Jun/2017:13:31:03 -0300] "POST /cormun/servlet/solicitudotadjuntos?1f36ab2b95afa225e56355290737968f,INS,2017,6891,,1, HTTP/1.1" 200 116
186.103.157.235 - - [23/Jun/2017:13:31:03 -0300] "GET /cormun/servlet/hpexe_return? HTTP/1.1" 200 1025
186.103.157.235 - - [23/Jun/2017:13:31:04 -0300] "GET /cormun/servlet/trsolicitudadjuntos?2017,6891, HTTP/1.1" 200 9100
186.103.157.235 - - [23/Jun/2017:13:31:04 -0300] "GET /cormun/servlet/trsolicitudadjuntos?2017,6891, HTTP/1.1" 200 9099
186.103.157.235 - - [23/Jun/2017:13:31:08 -0300] "GET /cormun/servlet/solicitudotadjuntos?INS,2017,6891,,1, HTTP/1.1" 200 6051
186.103.157.235 - - [23/Jun/2017:13:31:08 -0300] "GET /cormun/static/about:blank HTTP/1.1" 404 1011
186.103.157.235 - - [23/Jun/2017:13:31:08 -0300] "GET /cormun/servlet/solicitudotadjuntos?INS,2017,6891,,1, HTTP/1.1" 200 6044
186.103.157.235 - - [23/Jun/2017:13:31:09 -0300] "GET /cormun/servlet/solicitudotadjuntos?791973db2622cd0951495493e0e6ef02d32238dd3cd139910121eaf729f1cba4977a8cba5ac1b8652826151eb696e98a,gx-no-cache=1498235517840 HTTP/1.1" 200 30
186.103.157.235 - - [23/Jun/2017:13:31:09 -0300] "POST /cormun/servlet/solicitudotadjuntos?1f36ab2b95afa225e56355290737968f,INS,2017,6891,,1,,gx-no-cache=1498235517875 HTTP/1.1" 200 3860
186.103.157.235 - - [23/Jun/2017:13:31:12 -0300] "POST /cormun/servlet/solicitudotadjuntos?gx-no-cache=1498235520856 HTTP/1.1" 200 26
186.103.157.235 - - [23/Jun/2017:13:31:23 -0300] "GET /cormun/servlet/solicitudotadjuntos?791973db2622cd0951495493e0e6ef0298b4386244d7c784e532df62e60dd006,gx-no-cache=1498235532153 HTTP/1.1" 200 30
186.103.157.235 - - [23/Jun/2017:13:31:23 -0300] "GET /cormun/servlet/solicitudotadjuntos?791973db2622cd0951495493e0e6ef0298b4386244d7c784e532df62e60dd006,gx-no-cache=1498235532173 HTTP/1.1" 200 30
186.103.157.235 - - [23/Jun/2017:13:31:26 -0300] "POST /cormun/servlet/solicitudotadjuntos?1f36ab2b95afa225e56355290737968f,INS,2017,6891,,1, HTTP/1.1" 200 116
186.103.157.235 - - [23/Jun/2017:13:31:26 -0300] "GET /cormun/servlet/hpexe_return? HTTP/1.1" 200 1025
186.103.157.235 - - [23/Jun/2017:13:31:26 -0300] "GET /cormun/servlet/trsolicitudadjuntos?2017,6891, HTTP/1.1" 200 9308
186.103.157.235 - - [23/Jun/2017:13:31:27 -0300] "GET /cormun/servlet/trsolicitudadjuntos?2017,6891, HTTP/1.1" 200 9305
186.103.157.235 - - [23/Jun/2017:13:31:31 -0300] "POST /cormun/servlet/trsolicitudadjuntos?1f36ab2b95afa225e56355290737968f,2017,6891,,gx-no-cache=1498235539701 HTTP/1.1" 200 90
186.103.157.235 - - [23/Jun/2017:13:31:31 -0300] "GET /cormun/servlet/hpexe_link HTTP/1.1" 200 967
186.103.157.235 - - [23/Jun/2017:13:31:31 -0300] "GET /cormun/servlet/trsolicitudot HTTP/1.1" 200 13527
186.103.157.235 - - [23/Jun/2017:13:31:32 -0300] "GET /cormun/servlet/trsolicitudot HTTP/1.1" 200 13526
186.79.221.126 - - [23/Jun/2017:13:31:32 -0300] "POST /cormun/servlet/solicitudot?gx-no-cache=1498235543031 HTTP/1.1" 200 30
186.79.221.126 - - [23/Jun/2017:13:31:43 -0300] "POST /cormun/servlet/solicitudot?gx-no-cache=1498235554258 HTTP/1.1" 200 1301
186.79.221.126 - - [23/Jun/2017:13:31:43 -0300] "POST /cormun/servlet/solicitudot?gx-no-cache=1498235554449 HTTP/1.1" 200 38
186.103.157.235 - - [23/Jun/2017:13:31:46 -0300] "POST /cormun/servlet/trsolicitudot?1f36ab2b95afa225e56355290737968f,gx-no-cache=1498235554491 HTTP/1.1" 200 10718
186.103.157.235 - - [23/Jun/2017:13:31:47 -0300] "GET /cormun/static/Shared/jqueryui/images/ui-bg_highlight-soft_100_c6c2c8_1x100.png HTTP/1.1" 404 1117
186.103.157.235 - - [23/Jun/2017:13:31:47 -0300] "GET /cormun/static/Shared/jqueryui/images/ui-icons_82798d_256x240.png HTTP/1.1" 404 1089
186.103.157.235 - - [23/Jun/2017:13:31:47 -0300] "GET /cormun/static/Shared/jqueryui/images/ui-bg_flat_55_fafafa_40x100.png HTTP/1.1" 404 1097
186.103.157.235 - - [23/Jun/2017:13:31:47 -0300] "GET /cormun/static/Shared/jqueryui/images/ui-icons_8d78a5_256x240.png HTTP/1.1" 404 1089
186.103.157.235 - - [23/Jun/2017:13:31:47 -0300] "POST /cormun/servlet/trsolicitudot?1f36ab2b95afa225e56355290737968f,gx-no-cache=1498235556125 HTTP/1.1" 200 10660
186.103.157.235 - - [23/Jun/2017:13:31:52 -0300] "POST /cormun/servlet/trsolicitudot?1f36ab2b95afa225e56355290737968f,gx-no-cache=1498235560685 HTTP/1.1" 200 10717
186.103.157.235 - - [23/Jun/2017:13:31:53 -0300] "POST /cormun/servlet/trsolicitudot?1f36ab2b95afa225e56355290737968f,gx-no-cache=1498235561436 HTTP/1.1" 200 10658
186.79.221.126 - - [23/Jun/2017:13:31:56 -0300] "GET /cormun/servlet/solicitudot?bacf776b08d067d8aca2ff9a5bcae51001745618620b60177f7d755eb7fc3c7b83dc75045ad88f433a74e813409b4539310f77dac5a94bf8f47201376aa68a7cc62458df53b41efef08c726271b9a394a55f020b5dbc47294773b89673ad90bba4d4e2e52af9aa077889e2d9d3fc36b4eda09c661344523b6470645c647ce15d24c71b3d8f98b81245cef95666c4ce90799bcd3155c11100c796289ee47daa7ea04f6741d184fed9d8a4941d7fcc87150bc1e1e41a704c5a5eaf58b178f735a10f7720d021ed2c7162d484f7cdf7c328,gx-no-cache=1498235567230 HTTP/1.1" 200 29
186.103.157.235 - - [23/Jun/2017:13:31:57 -0300] "GET /cormun/servlet/trautorizarsolicitud? HTTP/1.1" 200 8594
186.103.157.235 - - [23/Jun/2017:13:31:57 -0300] "GET /cormun/static/gxcfg.js?20174261241362 HTTP/1.1" 200 953
186.103.157.235 - - [23/Jun/2017:13:31:57 -0300] "GET /cormun/static/trautorizarsolicitud.js?201742612414370 HTTP/1.1" 200 53910
186.103.157.235 - - [23/Jun/2017:13:31:57 -0300] "GET /cormun/servlet/trautorizarsolicitud? HTTP/1.1" 200 8593
186.79.221.126 - - [23/Jun/2017:13:31:58 -0300] "POST /cormun/servlet/solicitudot?gx-no-cache=1498235569684 HTTP/1.1" 200 1281
186.103.157.235 - - [23/Jun/2017:13:32:17 -0300] "POST /cormun/servlet/trautorizarsolicitud?1f36ab2b95afa225e56355290737968f,,gx-no-cache=1498235585995 HTTP/1.1" 200 5524
186.103.157.235 - - [23/Jun/2017:13:32:17 -0300] "GET /cormun/static/Shared/jqueryui/images/ui-bg_highlight-soft_100_c6c2c8_1x100.png HTTP/1.1" 404 1117
186.103.157.235 - - [23/Jun/2017:13:32:17 -0300] "GET /cormun/static/Shared/jqueryui/images/ui-icons_8d78a5_256x240.png HTTP/1.1" 404 1089
186.103.157.235 - - [23/Jun/2017:13:32:17 -0300] "GET /cormun/static/Shared/jqueryui/images/ui-icons_82798d_256x240.png HTTP/1.1" 404 1089
186.103.157.235 - - [23/Jun/2017:13:32:17 -0300] "GET /cormun/static/Shared/jqueryui/images/ui-bg_flat_55_fafafa_40x100.png HTTP/1.1" 404 1097
186.103.157.235 - - [23/Jun/2017:13:32:17 -0300] "POST /cormun/servlet/trautorizarsolicitud?1f36ab2b95afa225e56355290737968f,,gx-no-cache=1498235586211 HTTP/1.1" 200 5467
186.103.157.235 - - [23/Jun/2017:13:32:18 -0300] "POST /cormun/servlet/trautorizarsolicitud?1f36ab2b95afa225e56355290737968f,,gx-no-cache=1498235587537 HTTP/1.1" 200 4369
186.103.157.235 - - [23/Jun/2017:13:32:19 -0300] "POST /cormun/servlet/trautorizarsolicitud?1f36ab2b95afa225e56355290737968f,,gx-no-cache=1498235588143 HTTP/1.1" 200 4112
186.79.221.126 - - [23/Jun/2017:13:32:36 -0300] "GET /cormun/static/menuarrow.gif HTTP/1.1" 404 1015
186.79.221.126 - - [23/Jun/2017:13:32:56 -0300] "POST /cormun/servlet/solicitudot?gx-no-cache=1498235626991 HTTP/1.1" 200 30
186.103.159.182 - - [23/Jun/2017:13:33:12 -0300] "GET /cormun/servlet/hlogin HTTP/1.1" 200 1707
186.103.159.182 - - [23/Jun/2017:13:33:13 -0300] "GET /cormun/servlet/hlogin HTTP/1.1" 200 1717
186.79.221.126 - - [23/Jun/2017:13:33:22 -0300] "POST /cormun/servlet/solicitudot?0825cbb9f4c625405fc664aa4b44a9e1,INS,0,0,,gx-no-cache=1498235652369 HTTP/1.1" 200 93
186.79.221.126 - - [23/Jun/2017:13:33:22 -0300] "GET /cormun/servlet/hpexe_return? HTTP/1.1" 200 1005
186.79.221.126 - - [23/Jun/2017:13:33:22 -0300] "GET /cormun/static/gxcfg.js?2016101716175148 HTTP/1.1" 304 -
186.79.221.126 - - [23/Jun/2017:13:33:22 -0300] "GET /cormun/servlet/trsolicitudot HTTP/1.1" 200 8368
186.79.221.126 - - [23/Jun/2017:13:33:24 -0300] "GET /cormun/servlet/trsolicitudot HTTP/1.1" 200 8364
186.79.221.126 - - [23/Jun/2017:13:33:24 -0300] "GET /cormun//static/Resources/PXToolsRemoveAllAction.png HTTP/1.1" 200 3558
186.79.221.126 - - [23/Jun/2017:13:33:24 -0300] "GET /cormun//static/Resources/PXToolsActionView.png HTTP/1.1" 200 2995
186.79.221.126 - - [23/Jun/2017:13:33:27 -0300] "GET /cormun/servlet/solicitudot?INS,0,0, HTTP/1.1" 200 12605
186.79.221.126 - - [23/Jun/2017:13:33:28 -0300] "GET /cormun/servlet/solicitudot?INS,0,0, HTTP/1.1" 200 12610
186.79.221.126 - - [23/Jun/2017:13:33:47 -0300] "GET /cormun/servlet/prfichaempleado?,MD,,gxPopupLevel%3D0%3B HTTP/1.1" 200 9193
186.79.221.126 - - [23/Jun/2017:13:34:21 -0300] "POST /cormun/servlet/prfichaempleado?0825cbb9f4c625405fc664aa4b44a9e1,,MD,,gxPopupLevel%3D0%3B,gx-no-cache=1498235712251 HTTP/1.1" 200 3408
186.79.221.126 - - [23/Jun/2017:13:34:31 -0300] "POST /cormun/servlet/solicitudot?gx-no-cache=1498235722636 HTTP/1.1" 200 3238
186.79.221.126 - - [23/Jun/2017:13:34:32 -0300] "POST /cormun/servlet/solicitudot?0825cbb9f4c625405fc664aa4b44a9e1,INS,0,0,,gx-no-cache=1498235723158 HTTP/1.1" 200 9866
186.79.221.126 - - [23/Jun/2017:13:34:32 -0300] "GET /cormun/servlet/solicitudot?bacf776b08d067d8aca2ff9a5bcae510191e457f7e795b8e6d4773f9bac4b4f7c6848a546ad1302484b28ea51413b6de,gx-no-cache=1498235723825 HTTP/1.1" 200 30
186.79.221.126 - - [23/Jun/2017:13:34:40 -0300] "POST /cormun/servlet/solicitudot?gx-no-cache=1498235731495 HTTP/1.1" 200 255
186.79.221.126 - - [23/Jun/2017:13:34:40 -0300] "GET /cormun/servlet/solicitudot?bacf776b08d067d8aca2ff9a5bcae510d020586ca9ab9f24f3f5fe33e1309938b608015a6456855bed1ff6c741e399a605a032e0f246125cda63d049a6f594a7121292f2f81dc6129d653997c095a8f5c5fe4194208d67cfc71f419041d286cac0e3424072a29c5a022dea5255758dda3c45ad7277e569e73fb60c2e067343129ff853e4bee2e9bbf35744ecd5baa282555f1fa93827dd0bbbc36e45f72a4cbc10e2c61d8f096effdd8a2202c0b125aba33b33bcae4c97d8f65aa66b00ac908de2a288e6d966913ba0076ea6f447012a0714dfd132b8cd2db05325f52deed58590f6f3e218b456dec0dad413a12d72454fc34350616000b82d0c8804f876f24ae2e7667c43f0579e1ec05d69b912db64ff1fdda874bb4b12d41e1ef95d4e17615e143540e4215d4231438deb93da36d632561430f5956c4523e2efa761f31dd896ac79cdcfe14704905b9e8b8e24763c8ab294f6a657c84dd473793a0d82519212078f8a38a53b1521c6d316bf81590a8bdc9633b7a795a41b6f836723b892d4,gx-no-cache=1498235731639 HTTP/1.1" 200 30
186.79.221.126 - - [23/Jun/2017:13:34:40 -0300] "POST /cormun/servlet/solicitudot?gx-no-cache=1498235731746 HTTP/1.1" 200 30
186.79.221.126 - - [23/Jun/2017:13:34:40 -0300] "POST /cormun/servlet/solicitudot?gx-no-cache=1498235731887 HTTP/1.1" 200 1300
186.79.221.126 - - [23/Jun/2017:13:34:41 -0300] "POST /cormun/servlet/solicitudot?gx-no-cache=1498235732067 HTTP/1.1" 200 38
186.79.221.126 - - [23/Jun/2017:13:34:58 -0300] "POST /cormun/servlet/solicitudot?gx-no-cache=1498235749118 HTTP/1.1" 200 30
186.79.221.126 - - [23/Jun/2017:13:35:03 -0300] "GET /cormun/servlet/prcontratosol?13776741,,,,,MD,,gxPopupLevel%3D0%3B HTTP/1.1" 200 7380
186.79.221.126 - - [23/Jun/2017:13:35:03 -0300] "GET /cormun/static/gxcfg.js?201761413223964 HTTP/1.1" 200 953
186.79.221.126 - - [23/Jun/2017:13:35:03 -0300] "GET /cormun/static/prcontratosol.js?201761413224174 HTTP/1.1" 200 15806
186.79.221.126 - - [23/Jun/2017:13:35:09 -0300] "POST /cormun/servlet/solicitudot?gx-no-cache=1498235760552 HTTP/1.1" 200 1300
186.79.221.126 - - [23/Jun/2017:13:35:09 -0300] "POST /cormun/servlet/solicitudot?gx-no-cache=1498235760789 HTTP/1.1" 200 38
186.79.221.126 - - [23/Jun/2017:13:35:09 -0300] "GET /cormun/servlet/solicitudot?bacf776b08d067d8aca2ff9a5bcae51001745618620b60177f7d755eb7fc3c7b83dc75045ad88f433a74e813409b453922d0f0828ea3a90831232b69774311bbc62458df53b41efef08c726271b9a394a55f020b5dbc47294773b89673ad90bba4d4e2e52af9aa077889e2d9d3fc36b4eda09c661344523b6470645c647ce15d24c71b3d8f98b81245cef95666c4ce90799bcd3155c11100c796289ee47daa7ea04f6741d184fed9d8a4941d7fcc87150bc1e1e41a704c5a5eaf58b178f735a10f7720d021ed2c7162d484f7cdf7c328,gx-no-cache=1498235760915 HTTP/1.1" 200 29
186.79.221.126 - - [23/Jun/2017:13:35:10 -0300] "POST /cormun/servlet/solicitudot?gx-no-cache=1498235761015 HTTP/1.1" 200 1280
186.79.221.126 - - [23/Jun/2017:13:35:16 -0300] "POST /cormun/servlet/solicitudot?gx-no-cache=1498235767417 HTTP/1.1" 200 30
186.79.221.126 - - [23/Jun/2017:13:35:19 -0300] "POST /cormun/servlet/solicitudot?gx-no-cache=1498235770419 HTTP/1.1" 200 1300
186.79.221.126 - - [23/Jun/2017:13:35:19 -0300] "POST /cormun/servlet/solicitudot?gx-no-cache=1498235770883 HTTP/1.1" 200 41
186.79.221.126 - - [23/Jun/2017:13:35:26 -0300] "POST /cormun/servlet/solicitudot?gx-no-cache=1498235777034 HTTP/1.1" 200 1280
186.79.221.126 - - [23/Jun/2017:13:35:26 -0300] "GET /cormun/static/menuarrow.gif HTTP/1.1" 404 1015
186.79.221.126 - - [23/Jun/2017:13:35:31 -0300] "POST /cormun/servlet/solicitudot?gx-no-cache=1498235781898 HTTP/1.1" 200 1280
186.79.221.126 - - [23/Jun/2017:13:35:37 -0300] "POST /cormun/servlet/solicitudot?gx-no-cache=1498235788217 HTTP/1.1" 200 30
186.79.221.126 - - [23/Jun/2017:13:36:01 -0300] "POST /cormun/servlet/solicitudot?0825cbb9f4c625405fc664aa4b44a9e1,INS,0,0,,gx-no-cache=1498235812197 HTTP/1.1" 200 93
186.79.221.126 - - [23/Jun/2017:13:36:01 -0300] "GET /cormun/servlet/hpexe_return? HTTP/1.1" 200 1005
186.79.221.126 - - [23/Jun/2017:13:36:02 -0300] "GET /cormun/servlet/trsolicitudot HTTP/1.1" 200 8796
186.79.221.126 - - [23/Jun/2017:13:36:04 -0300] "GET /cormun/servlet/trsolicitudot HTTP/1.1" 200 8792
186.79.221.126 - - [23/Jun/2017:13:36:08 -0300] "GET /cormun/servlet/solicitudot?INS,0,0, HTTP/1.1" 200 12606
186.79.221.126 - - [23/Jun/2017:13:36:09 -0300] "GET /cormun/servlet/solicitudot?INS,0,0, HTTP/1.1" 200 12610
186.79.221.126 - - [23/Jun/2017:13:36:25 -0300] "GET /cormun/servlet/prfichaempleado?,MD,,gxPopupLevel%3D0%3B HTTP/1.1" 200 9193
186.79.221.126 - - [23/Jun/2017:13:36:42 -0300] "POST /cormun/servlet/prfichaempleado?0825cbb9f4c625405fc664aa4b44a9e1,,MD,,gxPopupLevel%3D0%3B,gx-no-cache=1498235852988 HTTP/1.1" 200 3477
186.79.221.126 - - [23/Jun/2017:13:36:53 -0300] "POST /cormun/servlet/solicitudot?gx-no-cache=1498235863668 HTTP/1.1" 200 3217
186.79.221.126 - - [23/Jun/2017:13:36:53 -0300] "POST /cormun/servlet/solicitudot?0825cbb9f4c625405fc664aa4b44a9e1,INS,0,0,,gx-no-cache=1498235864212 HTTP/1.1" 200 9849
186.79.221.126 - - [23/Jun/2017:13:36:54 -0300] "GET /cormun/servlet/solicitudot?bacf776b08d067d8aca2ff9a5bcae5101ee3f98774882c0cd922ddaf6d05004dc6848a546ad1302484b28ea51413b6de,gx-no-cache=1498235865185 HTTP/1.1" 200 30
186.79.221.126 - - [23/Jun/2017:13:36:58 -0300] "POST /cormun/servlet/solicitudot?gx-no-cache=1498235869836 HTTP/1.1" 200 255
186.79.221.126 - - [23/Jun/2017:13:36:59 -0300] "GET /cormun/servlet/solicitudot?bacf776b08d067d8aca2ff9a5bcae510d020586ca9ab9f24f3f5fe33e1309938b608015a6456855bed1ff6c741e399a605a032e0f246125cda63d049a6f594a7121292f2f81dc6129d653997c095a8f5c5fe4194208d67cfc71f419041d286cac0e3424072a29c5a022dea5255758dda3c45ad7277e569e73fb60c2e067343129ff853e4bee2e9bbf35744ecd5baa282555f1fa93827dd0bbbc36e45f72a4cbc10e2c61d8f096effdd8a2202c0b125aba33b33bcae4c97d8f65aa66b00ac908de2a288e6d966913ba0076ea6f447012a0714dfd132b8cd2db05325f52deed58590f6f3e218b456dec0dad413a12d72454fc34350616000b82d0c8804f876f24ae2e7667c43f0579e1ec05d69b912db64ff1fdda874bb4b12d41e1ef95d4e17615e143540e4215d4231438deb93da36d632561430f5956c4523e2efa761f31dd896ac79cdcfe14704905b9e8b8e24763c8ab294f6a657c84dd473793a0d82519212078f8a38a53b1521c6d316bf81590a8bdc9633b7a795a41b6f836723b892d4,gx-no-cache=1498235869968 HTTP/1.1" 200 30
186.79.221.126 - - [23/Jun/2017:13:37:12 -0300] "POST /cormun/servlet/solicitudot?gx-no-cache=1498235882911 HTTP/1.1" 200 30
186.79.221.126 - - [23/Jun/2017:13:37:15 -0300] "GET /cormun/servlet/prcontratosol?15523072,,,,,MD,,gxPopupLevel%3D0%3B HTTP/1.1" 200 7374
186.79.221.126 - - [23/Jun/2017:13:37:23 -0300] "POST /cormun/servlet/solicitudot?gx-no-cache=1498235894524 HTTP/1.1" 200 1301
186.79.221.126 - - [23/Jun/2017:13:37:23 -0300] "POST /cormun/servlet/solicitudot?gx-no-cache=1498235894697 HTTP/1.1" 200 38
186.79.221.126 - - [23/Jun/2017:13:37:23 -0300] "GET /cormun/servlet/solicitudot?bacf776b08d067d8aca2ff9a5bcae51001745618620b60177f7d755eb7fc3c7b83dc75045ad88f433a74e813409b453922d0f0828ea3a90831232b69774311bbc62458df53b41efef08c726271b9a394a55f020b5dbc47294773b89673ad90bba4d4e2e52af9aa077889e2d9d3fc36b4eda09c661344523b6470645c647ce15d24c71b3d8f98b81245cef95666c4ce90799bcd3155c11100c796289ee47daa7ea04f6741d184fed9d8a4941d7fcc87150bc1e1e41a704c5a5eaf58b178f735a10f7720d021ed2c7162d484f7cdf7c328,gx-no-cache=1498235894818 HTTP/1.1" 200 29
186.79.221.126 - - [23/Jun/2017:13:37:24 -0300] "POST /cormun/servlet/solicitudot?gx-no-cache=1498235894920 HTTP/1.1" 200 1280
186.79.221.126 - - [23/Jun/2017:13:37:32 -0300] "POST /cormun/servlet/solicitudot?gx-no-cache=1498235903459 HTTP/1.1" 200 30
186.79.221.126 - - [23/Jun/2017:13:37:36 -0300] "POST /cormun/servlet/solicitudot?gx-no-cache=1498235907048 HTTP/1.1" 200 1301
186.79.221.126 - - [23/Jun/2017:13:37:36 -0300] "POST /cormun/servlet/solicitudot?gx-no-cache=1498235907278 HTTP/1.1" 200 41
186.79.221.126 - - [23/Jun/2017:13:37:41 -0300] "GET /cormun/servlet/solicitudot?bacf776b08d067d8aca2ff9a5bcae51001745618620b60177f7d755eb7fc3c7b83dc75045ad88f433a74e813409b4539310f77dac5a94bf8f47201376aa68a7cc62458df53b41efef08c726271b9a394a55f020b5dbc47294773b89673ad90bba4d4e2e52af9aa077889e2d9d3fc36b4eda09c661344523b6470645c647ce15d24c71b3d8f98b81245cef95666c4ce90799bcd3155c11100c796289ee47daa7ea04f6741d184fed9d8a4941d7fcc87150bc1e1e41a704c5a5eaf58b178f735a10f7720d021ed2c7162d484f7cdf7c328,gx-no-cache=1498235912163 HTTP/1.1" 200 29
186.79.221.126 - - [23/Jun/2017:13:37:43 -0300] "POST /cormun/servlet/solicitudot?gx-no-cache=1498235914038 HTTP/1.1" 200 1280
186.79.221.126 - - [23/Jun/2017:13:38:01 -0300] "GET /cormun/static/menuarrow.gif HTTP/1.1" 404 1015
186.79.221.126 - - [23/Jun/2017:13:38:23 -0300] "POST /cormun/servlet/solicitudot?gx-no-cache=1498235954844 HTTP/1.1" 200 30
186.79.221.126 - - [23/Jun/2017:13:38:32 -0300] "POST /cormun/servlet/solicitudot?0825cbb9f4c625405fc664aa4b44a9e1,INS,0,0,,gx-no-cache=1498235962584 HTTP/1.1" 200 93
186.79.221.126 - - [23/Jun/2017:13:38:32 -0300] "GET /cormun/servlet/hpexe_return? HTTP/1.1" 200 1005
186.79.221.126 - - [23/Jun/2017:13:38:32 -0300] "GET /cormun/servlet/trsolicitudot HTTP/1.1" 200 9160
186.79.221.126 - - [23/Jun/2017:13:38:34 -0300] "GET /cormun/servlet/trsolicitudot HTTP/1.1" 200 9157
186.79.221.126 - - [23/Jun/2017:13:38:49 -0300] "POST /cormun/servlet/trsolicitudot?0825cbb9f4c625405fc664aa4b44a9e1,gx-no-cache=1498235979619 HTTP/1.1" 200 6383
186.79.221.126 - - [23/Jun/2017:13:38:49 -0300] "GET /cormun/static/Shared/jqueryui/images/ui-bg_highlight-soft_100_c6c2c8_1x100.png HTTP/1.1" 404 1117
186.79.221.126 - - [23/Jun/2017:13:38:49 -0300] "GET /cormun/static/Shared/jqueryui/images/ui-icons_82798d_256x240.png HTTP/1.1" 404 1089
186.79.221.126 - - [23/Jun/2017:13:38:49 -0300] "GET /cormun/static/Shared/jqueryui/images/ui-bg_flat_55_fafafa_40x100.png HTTP/1.1" 404 1097
186.79.221.126 - - [23/Jun/2017:13:38:49 -0300] "GET /cormun/static/Shared/jqueryui/images/ui-icons_8d78a5_256x240.png HTTP/1.1" 404 1089
186.79.221.126 - - [23/Jun/2017:13:38:49 -0300] "POST /cormun/servlet/trsolicitudot?0825cbb9f4c625405fc664aa4b44a9e1,gx-no-cache=1498235980454 HTTP/1.1" 200 6326
186.79.221.126 - - [23/Jun/2017:13:38:57 -0300] "POST /cormun/servlet/trsolicitudot?0825cbb9f4c625405fc664aa4b44a9e1,gx-no-cache=1498235987789 HTTP/1.1" 200 6384
186.79.221.126 - - [23/Jun/2017:13:38:58 -0300] "POST /cormun/servlet/trsolicitudot?0825cbb9f4c625405fc664aa4b44a9e1,gx-no-cache=1498235988574 HTTP/1.1" 200 6327
186.79.221.126 - - [23/Jun/2017:13:39:03 -0300] "POST /cormun/servlet/trsolicitudot?0825cbb9f4c625405fc664aa4b44a9e1,gx-no-cache=1498235993819 HTTP/1.1" 200 6378
186.79.221.126 - - [23/Jun/2017:13:39:04 -0300] "POST /cormun/servlet/trsolicitudot?0825cbb9f4c625405fc664aa4b44a9e1,gx-no-cache=1498235994700 HTTP/1.1" 200 6321
186.79.221.126 - - [23/Jun/2017:13:39:14 -0300] "GET /cormun/servlet/hlogin HTTP/1.1" 200 1718
186.79.221.126 - - [23/Jun/2017:13:39:23 -0300] "POST /cormun/servlet/hlogin?0825cbb9f4c625405fc664aa4b44a9e1,gx-no-cache=1498236013893 HTTP/1.1" 200 90
186.79.221.126 - - [23/Jun/2017:13:39:23 -0300] "GET /cormun/servlet/hpexe_link HTTP/1.1" 200 950
186.79.221.126 - - [23/Jun/2017:13:39:23 -0300] "GET /cormun/servlet/hhome HTTP/1.1" 200 3934
186.79.221.126 - - [23/Jun/2017:13:39:25 -0300] "GET /cormun/servlet/hhome HTTP/1.1" 200 3930
186.79.221.126 - - [23/Jun/2017:13:39:29 -0300] "GET /cormun/servlet/trautorizarsolicitud? HTTP/1.1" 200 8942
186.79.221.126 - - [23/Jun/2017:13:39:29 -0300] "GET /cormun/static/Resources/Spanish/PXTools.css?11294912 HTTP/1.1" 304 -
186.79.221.126 - - [23/Jun/2017:13:39:29 -0300] "GET /cormun/static/gxcfg.js?20174261241362 HTTP/1.1" 200 953
186.79.221.126 - - [23/Jun/2017:13:39:29 -0300] "GET /cormun/static/trautorizarsolicitud.js?201742612414370 HTTP/1.1" 200 53910
186.79.221.126 - - [23/Jun/2017:13:39:30 -0300] "GET /cormun/servlet/trautorizarsolicitud? HTTP/1.1" 200 8940
186.79.221.126 - - [23/Jun/2017:13:39:59 -0300] "POST /cormun/servlet/trautorizarsolicitud?0825cbb9f4c625405fc664aa4b44a9e1,,gx-no-cache=1498236050043 HTTP/1.1" 200 5900
186.79.221.126 - - [23/Jun/2017:13:39:59 -0300] "GET /cormun/static/Shared/jqueryui/images/ui-bg_highlight-soft_100_c6c2c8_1x100.png HTTP/1.1" 404 1117
186.79.221.126 - - [23/Jun/2017:13:39:59 -0300] "GET /cormun/static/Shared/jqueryui/images/ui-icons_82798d_256x240.png HTTP/1.1" 404 1089
186.79.221.126 - - [23/Jun/2017:13:39:59 -0300] "GET /cormun/static/Shared/jqueryui/images/ui-bg_flat_55_fafafa_40x100.png HTTP/1.1" 404 1097
186.79.221.126 - - [23/Jun/2017:13:39:59 -0300] "GET /cormun/static/Shared/jqueryui/images/ui-icons_8d78a5_256x240.png HTTP/1.1" 404 1089
186.79.221.126 - - [23/Jun/2017:13:40:00 -0300] "POST /cormun/servlet/trautorizarsolicitud?0825cbb9f4c625405fc664aa4b44a9e1,,gx-no-cache=1498236050944 HTTP/1.1" 200 5846
186.79.221.126 - - [23/Jun/2017:13:40:03 -0300] "POST /cormun/servlet/trautorizarsolicitud?0825cbb9f4c625405fc664aa4b44a9e1,,gx-no-cache=1498236054345 HTTP/1.1" 200 5491
186.79.221.126 - - [23/Jun/2017:13:40:04 -0300] "POST /cormun/servlet/trautorizarsolicitud?0825cbb9f4c625405fc664aa4b44a9e1,,gx-no-cache=1498236055011 HTTP/1.1" 200 5435
186.79.221.126 - - [23/Jun/2017:13:40:06 -0300] "POST /cormun/servlet/trautorizarsolicitud?0825cbb9f4c625405fc664aa4b44a9e1,,gx-no-cache=1498236057575 HTTP/1.1" 200 4343
186.79.221.126 - - [23/Jun/2017:13:40:07 -0300] "POST /cormun/servlet/trautorizarsolicitud?0825cbb9f4c625405fc664aa4b44a9e1,,gx-no-cache=1498236058186 HTTP/1.1" 200 4100
200.86.184.230 - - [23/Jun/2017:13:44:53 -0300] "GET /cormun/servlet/tratrazosautorizar? HTTP/1.1" 200 5893
200.86.184.230 - - [23/Jun/2017:13:44:53 -0300] "GET /cormun/servlet/tratrazosautorizar? HTTP/1.1" 200 5870
200.86.184.230 - - [23/Jun/2017:13:44:53 -0300] "GET /cormun/servlet/hlogin HTTP/1.1" 200 1738
200.86.184.230 - - [23/Jun/2017:13:45:03 -0300] "POST /cormun/servlet/hlogin?cc707eaf812ce0c0e017db3d8e6a55ce,gx-no-cache=1498236358253 HTTP/1.1" 200 90
200.86.184.230 - - [23/Jun/2017:13:45:03 -0300] "GET /cormun/servlet/hpexe_link HTTP/1.1" 200 957
200.86.184.230 - - [23/Jun/2017:13:45:03 -0300] "GET /cormun/servlet/tratrazosautorizar HTTP/1.1" 200 7398
200.86.184.230 - - [23/Jun/2017:13:45:04 -0300] "GET /cormun/servlet/tratrazosautorizar HTTP/1.1" 200 7396
200.86.184.230 - - [23/Jun/2017:13:45:13 -0300] "POST /cormun/servlet/tratrazosautorizar?cc707eaf812ce0c0e017db3d8e6a55ce,gx-no-cache=1498236368586 HTTP/1.1" 200 3849
200.86.184.230 - - [23/Jun/2017:13:45:13 -0300] "GET /cormun/static/Shared/jqueryui/images/ui-bg_highlight-soft_100_c6c2c8_1x100.png HTTP/1.1" 404 1117
200.86.184.230 - - [23/Jun/2017:13:45:13 -0300] "GET /cormun/static/Shared/jqueryui/images/ui-icons_82798d_256x240.png HTTP/1.1" 404 1089
200.86.184.230 - - [23/Jun/2017:13:45:13 -0300] "GET /cormun/static/Shared/jqueryui/images/ui-bg_flat_55_fafafa_40x100.png HTTP/1.1" 404 1097
200.86.184.230 - - [23/Jun/2017:13:45:13 -0300] "GET /cormun/static/Shared/jqueryui/images/ui-icons_8d78a5_256x240.png HTTP/1.1" 404 1089
200.86.184.230 - - [23/Jun/2017:13:45:21 -0300] "GET /cormun/servlet/tratrazos? HTTP/1.1" 200 9795
200.86.184.230 - - [23/Jun/2017:13:45:22 -0300] "GET /cormun/servlet/tratrazos? HTTP/1.1" 200 9795
200.86.184.230 - - [23/Jun/2017:13:48:14 -0300] "GET /cormun/servlet/trpermisosingoceadjunto?150,13957012, HTTP/1.1" 200 6106
200.86.184.230 - - [23/Jun/2017:13:48:14 -0300] "GET /cormun/servlet/trpermisosingoceadjunto?150,13957012, HTTP/1.1" 200 6106
200.86.184.230 - - [23/Jun/2017:13:48:18 -0300] "GET /cormun/servlet/permisosingoceadjunto?INS,150,, HTTP/1.1" 200 5407
200.86.184.230 - - [23/Jun/2017:13:48:19 -0300] "GET /cormun/static/about:blank HTTP/1.1" 404 1011
200.86.184.230 - - [23/Jun/2017:13:48:19 -0300] "GET /cormun/servlet/permisosingoceadjunto?INS,150,, HTTP/1.1" 200 5394
200.86.184.230 - - [23/Jun/2017:13:48:19 -0300] "GET /cormun/servlet/permisosingoceadjunto?ed964297fce3ae96af42f31755b464cca8d7669a31c7b0fd757d1e8307ebcf68,gx-no-cache=1498236554759 HTTP/1.1" 200 26
200.86.184.230 - - [23/Jun/2017:13:48:28 -0300] "POST /cormun/servlet/permisosingoceadjunto?cc707eaf812ce0c0e017db3d8e6a55ce,INS,150,, HTTP/1.1" 200 116
200.86.184.230 - - [23/Jun/2017:13:48:28 -0300] "GET /cormun/servlet/hpexe_return? HTTP/1.1" 200 1024
200.86.184.230 - - [23/Jun/2017:13:48:29 -0300] "GET /cormun/servlet/trpermisosingoceadjunto?150,13957012, HTTP/1.1" 200 6549
200.86.184.230 - - [23/Jun/2017:13:48:29 -0300] "GET /cormun/servlet/trpermisosingoceadjunto?150,13957012, HTTP/1.1" 200 6546
200.86.184.230 - - [23/Jun/2017:13:48:40 -0300] "GET /cormun/servlet/tratrazosautorizar? HTTP/1.1" 200 6557
200.86.184.230 - - [23/Jun/2017:13:48:40 -0300] "GET /cormun/servlet/tratrazosautorizar? HTTP/1.1" 200 6541
200.86.184.230 - - [23/Jun/2017:13:48:52 -0300] "POST /cormun/servlet/tratrazosautorizar?cc707eaf812ce0c0e017db3d8e6a55ce,,gx-no-cache=1498236587083 HTTP/1.1" 200 3763
200.86.184.230 - - [23/Jun/2017:13:48:57 -0300] "POST /cormun/servlet/tratrazosautorizar?cc707eaf812ce0c0e017db3d8e6a55ce,,gx-no-cache=1498236592110 HTTP/1.1" 200 3765
200.86.184.230 - - [23/Jun/2017:13:49:01 -0300] "POST /cormun/servlet/tratrazosautorizar?cc707eaf812ce0c0e017db3d8e6a55ce,,gx-no-cache=1498236596617 HTTP/1.1" 200 3763
200.86.184.230 - - [23/Jun/2017:13:49:05 -0300] "POST /cormun/servlet/tratrazosautorizar?cc707eaf812ce0c0e017db3d8e6a55ce,,gx-no-cache=1498236600435 HTTP/1.1" 200 5737
200.86.184.230 - - [23/Jun/2017:13:49:16 -0300] "POST /cormun/servlet/tratrazosautorizar?cc707eaf812ce0c0e017db3d8e6a55ce,,gx-no-cache=1498236610671 HTTP/1.1" 200 5758
200.86.184.230 - - [23/Jun/2017:13:49:16 -0300] "GET /cormun/static/Shared/jqueryui/images/ui-bg_highlight-soft_100_c6c2c8_1x100.png HTTP/1.1" 404 1117
200.86.184.230 - - [23/Jun/2017:13:49:16 -0300] "GET /cormun/static/Shared/jqueryui/images/ui-icons_82798d_256x240.png HTTP/1.1" 404 1089
200.86.184.230 - - [23/Jun/2017:13:49:16 -0300] "GET /cormun/static/Shared/jqueryui/images/ui-bg_flat_55_fafafa_40x100.png HTTP/1.1" 404 1097
200.86.184.230 - - [23/Jun/2017:13:49:16 -0300] "GET /cormun/static/Shared/jqueryui/images/ui-icons_8d78a5_256x240.png HTTP/1.1" 404 1089
200.86.184.230 - - [23/Jun/2017:13:49:22 -0300] "POST /cormun/servlet/tratrazosautorizar?cc707eaf812ce0c0e017db3d8e6a55ce,,gx-no-cache=1498236616661 HTTP/1.1" 200 5757
200.86.184.230 - - [23/Jun/2017:13:49:32 -0300] "GET /cormun/servlet/tratrazos? HTTP/1.1" 200 9795
200.86.184.230 - - [23/Jun/2017:13:49:33 -0300] "GET /cormun/servlet/tratrazos? HTTP/1.1" 200 9795
200.86.184.230 - - [23/Jun/2017:13:49:47 -0300] "POST /cormun/servlet/tratrazos?cc707eaf812ce0c0e017db3d8e6a55ce,,gx-no-cache=1498236641919 HTTP/1.1" 200 7164
200.86.184.230 - - [23/Jun/2017:13:49:47 -0300] "GET /cormun/static/Shared/jqueryui/images/ui-bg_highlight-soft_100_c6c2c8_1x100.png HTTP/1.1" 404 1117
200.86.184.230 - - [23/Jun/2017:13:49:47 -0300] "GET /cormun/static/Shared/jqueryui/images/ui-icons_82798d_256x240.png HTTP/1.1" 404 1089
200.86.184.230 - - [23/Jun/2017:13:49:47 -0300] "GET /cormun/static/Shared/jqueryui/images/ui-bg_flat_55_fafafa_40x100.png HTTP/1.1" 404 1097
200.86.184.230 - - [23/Jun/2017:13:49:47 -0300] "GET /cormun/static/Shared/jqueryui/images/ui-icons_8d78a5_256x240.png HTTP/1.1" 404 1089
200.86.184.230 - - [23/Jun/2017:13:50:59 -0300] "GET /cormun/servlet/trpermisosingoceadjunto?148,10484191, HTTP/1.1" 200 6102
200.86.184.230 - - [23/Jun/2017:13:51:00 -0300] "GET /cormun/servlet/trpermisosingoceadjunto?148,10484191, HTTP/1.1" 200 6102
200.86.184.230 - - [23/Jun/2017:13:51:02 -0300] "GET /cormun/servlet/permisosingoceadjunto?INS,148,, HTTP/1.1" 200 5407
200.86.184.230 - - [23/Jun/2017:13:51:02 -0300] "GET /cormun/static/about:blank HTTP/1.1" 404 1011
200.86.184.230 - - [23/Jun/2017:13:51:02 -0300] "GET /cormun/servlet/permisosingoceadjunto?INS,148,, HTTP/1.1" 200 5394
200.86.184.230 - - [23/Jun/2017:13:51:03 -0300] "GET /cormun/servlet/permisosingoceadjunto?ed964297fce3ae96af42f31755b464cccedd6a638dce288c3432209dcff2cd4a,gx-no-cache=1498236717954 HTTP/1.1" 200 26
200.86.184.230 - - [23/Jun/2017:13:51:13 -0300] "POST /cormun/servlet/permisosingoceadjunto?cc707eaf812ce0c0e017db3d8e6a55ce,INS,148,, HTTP/1.1" 200 116
200.86.184.230 - - [23/Jun/2017:13:51:13 -0300] "GET /cormun/servlet/hpexe_return? HTTP/1.1" 200 1022
