192.168.10.89 - - [23/Jun/2017:13:10:04 -0300] "GET /cormun/servlet/solicitudot?ba6c6044b847b12915a628fe821187ef75e317c13f005f2a30e374ce54c37245994cfeb1386f59424683e1dffb1716388c6a0fb2257516ac746f7221f0b94e16113d49461a783dc89757c592e810a08ef1e0a93e63bbca296ed5012381ad9078ba4ded82bca27a77e971afe96f5e3ff7b2082d3c38bbf7fd72b7566a70610680265ea818f9b93ae12d3899fa0e42878eacbcc87e641e3b6c4bd2a4d1663b9bc41352d0def416809546f84889e9e25714c9928630935344a778a08ad2d425cb0d7363dcd982d6492ad7a2574d7e604b1d3d552077f70387e6f5cda614895213687ec87898d6420d81920689230873b422740df9b60b5fe250be5dc21f560e742951f68c9ab2b389afc8049097d2030727f722bb86623c63849b03d364baa6875f855dc0b17f81ef3ff0577fec122264f3c8c7a60a96e53510be669d9c821c131b2ce008b64f77946d6fe12b433337c7913c00e378bdf856ba9b53654e4dc85f3aabc6afa881efd8b01af4455db5d3ee642aaa9ef5f1e48ecb2cef0149cde21d92,gx-no-cache=1498234198280 HTTP/1.1" 200 30
186.79.82.240 - - [23/Jun/2017:13:10:04 -0300] "POST /cormun/servlet/prfichaempleado?d3e7916ffae2270312eb2cdee532bc2c,,MD,,gxPopupLevel%3D0%3B,gx-no-cache=1498230657336 HTTP/1.1" 200 3194
192.168.10.89 - - [23/Jun/2017:13:10:06 -0300] "POST /cormun/servlet/solicitudot?gx-no-cache=1498234199846 HTTP/1.1" 200 30
186.79.82.240 - - [23/Jun/2017:13:10:09 -0300] "GET /cormun/servlet/licenciaspermisos?ad093adf8d8da726bb18f4aa8654836143824575caac30b438c55f5e3ac8da98f11921f757c747e65337b1050fe648f4075d2212c49bc3643851cf6f26014d367b27f8b72ea65136c2b16a55ad3820cbcaaaf9ce5bb0511bba32830f39569139c43e486735f7e81be281126e97477a365a6e4b6abb1b70d244920f0a8a534855,gx-no-cache=1498230666430 HTTP/1.1" 200 90
192.168.10.89 - - [23/Jun/2017:13:10:16 -0300] "POST /cormun/servlet/solicitudot?gx-no-cache=1498234209637 HTTP/1.1" 200 1299
192.168.10.89 - - [23/Jun/2017:13:10:16 -0300] "POST /cormun/servlet/solicitudot?gx-no-cache=1498234209803 HTTP/1.1" 200 38
186.103.157.235 - - [23/Jun/2017:13:10:16 -0300] "GET /cormun/servlet/solicitudot?INS,0,0, HTTP/1.1" 200 12868
186.103.157.235 - - [23/Jun/2017:13:10:16 -0300] "GET /cormun/static/gxcfg.js?201752522134570 HTTP/1.1" 200 953
186.103.157.235 - - [23/Jun/2017:13:10:16 -0300] "GET /cormun/static/solicitudot.js?201752522134767 HTTP/1.1" 200 64045
186.79.82.240 - - [23/Jun/2017:13:10:19 -0300] "POST /cormun/servlet/licenciaspermisos?d3e7916ffae2270312eb2cdee532bc2c,INS,0,,,,gx-no-cache=1498230670539 HTTP/1.1" 200 4589
186.79.82.240 - - [23/Jun/2017:13:10:26 -0300] "GET /cormun/servlet/licenciaspermisos?ad093adf8d8da726bb18f4aa86548361f00c701634583365c73c7d209e3948ee0e5948ffad14812ce75b9487bdbb9e917d19b71e936adbeadab103e8dd9fab382bd2bcd19059a7586dd774ecbda1c19b0cac698805361c10a99f1dd588ad1d2bfd6ce5f3e49c79ede3da4ff14cedae3e4119982e05238261d2ff197d90ee25692e369920017c71a1ddb94084948b5689f3c1a4f7a3064f94edf8c4210ad59246a475f4625b8fd2d58aef14a65055af05,gx-no-cache=1498230682718 HTTP/1.1" 200 30
192.168.10.89 - - [23/Jun/2017:13:10:27 -0300] "GET /cormun/servlet/solicitudot?ba6c6044b847b12915a628fe821187effb86488a58664eb8d0a83037d9ba33ef7eeeb0b670da1f8e0679eabdd4e0217b345c1783db492176de7961a78cb3f1aa0973e1f15f17ae66af326c0a747d912b31bbe82b47810aeb273da3f6b89cd721628167908bd1cc4bd0707a7f3cb32f3bdab20152af0daf3821455e6f63245a5c12e2858c32ae25de54ce9d450edec4559bd5d6ae8ded8af46e2ac6d97352e2a7,gx-no-cache=1498234220672 HTTP/1.1" 200 29
192.168.10.89 - - [23/Jun/2017:13:10:27 -0300] "POST /cormun/servlet/solicitudot?gx-no-cache=1498234221308 HTTP/1.1" 200 1281
186.79.82.240 - - [23/Jun/2017:13:10:32 -0300] "POST /cormun/servlet/licenciaspermisos?d3e7916ffae2270312eb2cdee532bc2c,INS,0,,,,gx-no-cache=1498230685631 HTTP/1.1" 200 4597
186.79.82.240 - - [23/Jun/2017:13:10:38 -0300] "GET /cormun/servlet/licenciaspermisos?ad093adf8d8da726bb18f4aa8654836143824575caac30b438c55f5e3ac8da98f11921f757c747e65337b1050fe648f4075d2212c49bc3643851cf6f26014d367b27f8b72ea65136c2b16a55ad3820cbcaaaf9ce5bb0511bba32830f39569139c43e486735f7e81be281126e97477a365a6e4b6abb1b70d244920f0a8a534855,gx-no-cache=1498230695160 HTTP/1.1" 200 90
186.103.157.235 - - [23/Jun/2017:13:10:39 -0300] "GET /cormun/servlet/solicitudot?INS,0,0, HTTP/1.1" 200 12868
186.103.157.235 - - [23/Jun/2017:13:10:39 -0300] "GET /cormun/servlet/solicitudot?INS,0,0, HTTP/1.1" 200 12873
186.103.157.235 - - [23/Jun/2017:13:10:39 -0300] "GET /favicon.ico HTTP/1.1" 200 21630
186.79.82.240 - - [23/Jun/2017:13:10:45 -0300] "POST /cormun/servlet/licenciaspermisos?d3e7916ffae2270312eb2cdee532bc2c,INS,0,,,,gx-no-cache=1498230698749 HTTP/1.1" 200 4587
186.79.82.240 - - [23/Jun/2017:13:10:48 -0300] "GET /cormun/servlet/licenciaspermisos?ad093adf8d8da726bb18f4aa86548361ebdc3e3449e1e32ab5f18d28fec1d6424c0f39cd94e2d443b7809bdcaa482f44bd9a7ee3b15c0cad742c0841c30477cd68f67ae1176cc727b72d28661064e80b1472d40c153a5623c806d9c88599ed2faed7baa27c72d54edc980eb7ad0510c5957d4dfa253e2ee082287c91688921472fd19fbc6b16b3212d17785bf8fe2994f08adeee50c4b3db8eac65b1a42f9617ce395940844cbaa9c7bba9fdf283d284,gx-no-cache=1498230705272 HTTP/1.1" 200 29
186.79.82.240 - - [23/Jun/2017:13:10:56 -0300] "POST /cormun/servlet/licenciaspermisos?d3e7916ffae2270312eb2cdee532bc2c,INS,0,,,,gx-no-cache=1498230710080 HTTP/1.1" 200 93
186.103.157.235 - - [23/Jun/2017:13:10:56 -0300] "POST /cormun/servlet/solicitudot?gx-no-cache=1498234304875 HTTP/1.1" 200 3112
186.103.157.235 - - [23/Jun/2017:13:10:56 -0300] "POST /cormun/servlet/solicitudot?1f36ab2b95afa225e56355290737968f,INS,0,0,,gx-no-cache=1498234305053 HTTP/1.1" 200 9923
186.79.82.240 - - [23/Jun/2017:13:10:57 -0300] "GET /cormun/servlet/hpexe_return? HTTP/1.1" 200 1011
192.168.10.89 - - [23/Jun/2017:13:10:58 -0300] "POST /cormun/servlet/solicitudot?gx-no-cache=1498234251642 HTTP/1.1" 200 30
186.79.82.240 - - [23/Jun/2017:13:10:58 -0300] "GET /cormun/static/gxcfg.js?2016101716175148 HTTP/1.1" 304 -
186.103.157.235 - - [23/Jun/2017:13:11:00 -0300] "GET /cormun/servlet/solicitudot?791973db2622cd0951495493e0e6ef024bfaae85cd6bdbb19b930b6bdb48aab62a96288d0c91d61ab0d5100766f6c205,gx-no-cache=1498234308906 HTTP/1.1" 200 30
186.79.82.240 - - [23/Jun/2017:13:11:00 -0300] "GET /cormun/servlet/trlicencias HTTP/1.1" 200 9878
186.79.82.240 - - [23/Jun/2017:13:11:03 -0300] "GET /cormun/servlet/trlicencias HTTP/1.1" 200 9872
192.168.10.89 - - [23/Jun/2017:13:11:03 -0300] "POST /cormun/servlet/solicitudot?cc64cc46fc782d2ce6e99d758309d1a0,INS,0,0,,gx-no-cache=1498234257240 HTTP/1.1" 200 93
192.168.10.89 - - [23/Jun/2017:13:11:03 -0300] "GET /cormun/servlet/hpexe_return? HTTP/1.1" 200 1008
192.168.10.89 - - [23/Jun/2017:13:11:04 -0300] "GET /cormun/servlet/trsolicitudot HTTP/1.1" 200 12146
192.168.10.89 - - [23/Jun/2017:13:11:09 -0300] "POST /cormun/servlet/trsolicitudot?cc64cc46fc782d2ce6e99d758309d1a0,gx-no-cache=1498234262632 HTTP/1.1" 200 9226
192.168.10.89 - - [23/Jun/2017:13:11:09 -0300] "POST /cormun/servlet/trsolicitudot?cc64cc46fc782d2ce6e99d758309d1a0,gx-no-cache=1498234263338 HTTP/1.1" 200 9165
192.168.10.89 - - [23/Jun/2017:13:11:10 -0300] "GET /cormun/static/Shared/jqueryui/images/ui-icons_82798d_256x240.png HTTP/1.1" 404 1089
192.168.10.89 - - [23/Jun/2017:13:11:10 -0300] "GET /cormun/static/Shared/jqueryui/images/ui-bg_flat_55_fafafa_40x100.png HTTP/1.1" 404 1097
192.168.10.89 - - [23/Jun/2017:13:11:10 -0300] "GET /cormun/static/Shared/jqueryui/images/ui-bg_highlight-soft_100_c6c2c8_1x100.png HTTP/1.1" 404 1117
192.168.10.89 - - [23/Jun/2017:13:11:10 -0300] "GET /cormun/static/Shared/jqueryui/images/ui-icons_8d78a5_256x240.png HTTP/1.1" 404 1089
192.168.10.89 - - [23/Jun/2017:13:11:18 -0300] "GET /cormun/servlet/solicitudot?INS,0,0, HTTP/1.1" 200 12848
192.168.10.89 - - [23/Jun/2017:13:11:21 -0300] "GET /cormun/servlet/prfichaempleado?,MD,,gxPopupLevel%3D0%3B HTTP/1.1" 200 9259
192.168.10.89 - - [23/Jun/2017:13:11:27 -0300] "POST /cormun/servlet/prfichaempleado?cc64cc46fc782d2ce6e99d758309d1a0,,MD,,gxPopupLevel%3D0%3B,gx-no-cache=1498234280853 HTTP/1.1" 200 3470
192.168.10.89 - - [23/Jun/2017:13:11:29 -0300] "POST /cormun/servlet/solicitudot?gx-no-cache=1498234283129 HTTP/1.1" 200 3198
192.168.10.89 - - [23/Jun/2017:13:11:29 -0300] "POST /cormun/servlet/solicitudot?cc64cc46fc782d2ce6e99d758309d1a0,INS,0,0,,gx-no-cache=1498234283373 HTTP/1.1" 200 10008
192.168.10.89 - - [23/Jun/2017:13:11:34 -0300] "GET /cormun/servlet/solicitudot?ba6c6044b847b12915a628fe821187efd61ac58384c09f6e432234e8f16cc206ec1ac72ec340c61814ae7f8e91b15709,gx-no-cache=1498234288441 HTTP/1.1" 200 30
192.168.10.89 - - [23/Jun/2017:13:11:34 -0300] "POST /cormun/servlet/solicitudot?gx-no-cache=1498234288478 HTTP/1.1" 200 255
192.168.10.89 - - [23/Jun/2017:13:11:34 -0300] "GET /cormun/servlet/solicitudot?ba6c6044b847b12915a628fe821187ef75e317c13f005f2a30e374ce54c37245994cfeb1386f59424683e1dffb1716388c6a0fb2257516ac746f7221f0b94e16113d49461a783dc89757c592e810a08ef1e0a93e63bbca296ed5012381ad9078ba4ded82bca27a77e971afe96f5e3ff7b2082d3c38bbf7fd72b7566a70610680265ea818f9b93ae12d3899fa0e42878eacbcc87e641e3b6c4bd2a4d1663b9bc41352d0def416809546f84889e9e25714c9928630935344a778a08ad2d425cb0d7363dcd982d6492ad7a2574d7e604b1d3d552077f70387e6f5cda614895213687ec87898d6420d81920689230873b422740df9b60b5fe250be5dc21f560e742951f68c9ab2b389afc8049097d2030727f722bb86623c63849b03d364baa6875f855dc0b17f81ef3ff0577fec122264f3c8c7a60a96e53510be669d9c821c131b2ce008b64f77946d6fe12b433337c7913c00e378bdf856ba9b53654e4dc85f3aabc6afa881efd8b01af4455db5d3ee642aaa9ef5f1e48ecb2cef0149cde21d92,gx-no-cache=1498234288508 HTTP/1.1" 200 30
192.168.10.89 - - [23/Jun/2017:13:11:36 -0300] "POST /cormun/servlet/solicitudot?gx-no-cache=1498234289907 HTTP/1.1" 200 30
192.168.10.89 - - [23/Jun/2017:13:11:42 -0300] "POST /cormun/servlet/solicitudot?gx-no-cache=1498234295644 HTTP/1.1" 200 1299
192.168.10.89 - - [23/Jun/2017:13:11:42 -0300] "POST /cormun/servlet/solicitudot?gx-no-cache=1498234295807 HTTP/1.1" 200 38
186.79.82.240 - - [23/Jun/2017:13:11:48 -0300] "GET /cormun/servlet/alicenciaprn?17650928,L,20170623000000,PU HTTP/1.1" 200 1535
192.168.10.89 - - [23/Jun/2017:13:11:51 -0300] "GET /cormun/servlet/solicitudot?ba6c6044b847b12915a628fe821187effb86488a58664eb8d0a83037d9ba33ef7eeeb0b670da1f8e0679eabdd4e0217b345c1783db492176de7961a78cb3f1aa0973e1f15f17ae66af326c0a747d912b31bbe82b47810aeb273da3f6b89cd721628167908bd1cc4bd0707a7f3cb32f3bdab20152af0daf3821455e6f63245a5c12e2858c32ae25de54ce9d450edec4559bd5d6ae8ded8af46e2ac6d97352e2a7,gx-no-cache=1498234304932 HTTP/1.1" 200 29
192.168.10.89 - - [23/Jun/2017:13:11:51 -0300] "POST /cormun/servlet/solicitudot?gx-no-cache=1498234305340 HTTP/1.1" 200 1280
192.168.10.89 - - [23/Jun/2017:13:12:04 -0300] "POST /cormun/servlet/solicitudot?gx-no-cache=1498234317590 HTTP/1.1" 200 30
192.168.10.89 - - [23/Jun/2017:13:12:06 -0300] "POST /cormun/servlet/solicitudot?cc64cc46fc782d2ce6e99d758309d1a0,INS,0,0,,gx-no-cache=1498234320183 HTTP/1.1" 200 93
192.168.10.89 - - [23/Jun/2017:13:12:06 -0300] "GET /cormun/servlet/hpexe_return? HTTP/1.1" 200 1030
192.168.10.89 - - [23/Jun/2017:13:12:07 -0300] "GET /cormun/servlet/trsolicitudot?gx-no-cache=1498234263338 HTTP/1.1" 200 12482
192.168.10.89 - - [23/Jun/2017:13:12:10 -0300] "POST /cormun/servlet/trsolicitudot?cc64cc46fc782d2ce6e99d758309d1a0,gx-no-cache=1498234263338,gx-no-cache=1498234323895 HTTP/1.1" 200 9570
192.168.10.89 - - [23/Jun/2017:13:12:11 -0300] "POST /cormun/servlet/trsolicitudot?cc64cc46fc782d2ce6e99d758309d1a0,gx-no-cache=1498234263338,gx-no-cache=1498234324686 HTTP/1.1" 200 9515
192.168.10.89 - - [23/Jun/2017:13:12:11 -0300] "GET /cormun/static/Shared/jqueryui/images/ui-icons_8d78a5_256x240.png HTTP/1.1" 404 1089
192.168.10.89 - - [23/Jun/2017:13:12:11 -0300] "GET /cormun/static/Shared/jqueryui/images/ui-bg_highlight-soft_100_c6c2c8_1x100.png HTTP/1.1" 404 1117
192.168.10.89 - - [23/Jun/2017:13:12:11 -0300] "GET /cormun/static/Shared/jqueryui/images/ui-bg_flat_55_fafafa_40x100.png HTTP/1.1" 404 1097
192.168.10.89 - - [23/Jun/2017:13:12:11 -0300] "GET /cormun/static/Shared/jqueryui/images/ui-icons_82798d_256x240.png HTTP/1.1" 404 1089
192.168.10.89 - - [23/Jun/2017:13:12:13 -0300] "GET /cormun/servlet/trautorizarsolicitud? HTTP/1.1" 200 8644
186.103.157.235 - - [23/Jun/2017:13:12:17 -0300] "POST /cormun/servlet/solicitudot?gx-no-cache=1498234386159 HTTP/1.1" 200 255
192.168.10.89 - - [23/Jun/2017:13:12:19 -0300] "POST /cormun/servlet/trautorizarsolicitud?cc64cc46fc782d2ce6e99d758309d1a0,,gx-no-cache=1498234332943 HTTP/1.1" 200 5484
186.103.157.235 - - [23/Jun/2017:13:12:19 -0300] "GET /cormun/servlet/solicitudot?791973db2622cd0951495493e0e6ef02798e9b0af011b2f73879bd4bd4716cf0fc139b2bc8821e5f3c4b990a5195ef4c548e61116a21f52bc534cd39466440e2cd8ca68181835e7ff2bd46a6556873b81c7a118538b6dbfafc5f0eb8ab9ba0827a765d579c0aa4d79dab470771c53a5925763e689b35e7b1a280f6be99cb155e712ee4efb8626189cd0e401a0d2a0217d58a3010e361c33bd0abc161d17b65dd3ecb40fbf044c6b47f616c25c60699596a80bc582db65769bc835553b68205313c6fd83db5286e82c3aa8f692645413df132a45a093e0ad66da02c03c35cc9ae608e396f4a05a8bacacc8e2a669b1c7661f6df0234b251fc004952f501c77e52a4654e7e0728b16ace2f838d81ec9a60b6253563a500fdc976a86005024d29f103c22770b94b05899b7dda12dd57ba4c8bcf8b2ee584ebc055d8d9143d5b0bec86f50b28b928c900deef08d967c64cfd2e3d60731182c191dfed35b31f5cefeec28eb1731553ab4397246bd94c01e8aab0a854b9b1b12e398832929862d1688d,gx-no-cache=1498234388358 HTTP/1.1" 200 30
192.168.10.89 - - [23/Jun/2017:13:12:19 -0300] "POST /cormun/servlet/trautorizarsolicitud?cc64cc46fc782d2ce6e99d758309d1a0,,gx-no-cache=1498234333255 HTTP/1.1" 200 5430
192.168.10.89 - - [23/Jun/2017:13:12:20 -0300] "GET /cormun/static/Shared/jqueryui/images/ui-icons_82798d_256x240.png HTTP/1.1" 404 1089
192.168.10.89 - - [23/Jun/2017:13:12:20 -0300] "GET /cormun/static/Shared/jqueryui/images/ui-icons_8d78a5_256x240.png HTTP/1.1" 404 1089
192.168.10.89 - - [23/Jun/2017:13:12:20 -0300] "GET /cormun/static/Shared/jqueryui/images/ui-bg_flat_55_fafafa_40x100.png HTTP/1.1" 404 1097
192.168.10.89 - - [23/Jun/2017:13:12:20 -0300] "GET /cormun/static/Shared/jqueryui/images/ui-bg_highlight-soft_100_c6c2c8_1x100.png HTTP/1.1" 404 1117
192.168.10.89 - - [23/Jun/2017:13:12:20 -0300] "POST /cormun/servlet/trautorizarsolicitud?cc64cc46fc782d2ce6e99d758309d1a0,,gx-no-cache=1498234334049 HTTP/1.1" 200 4348
192.168.10.89 - - [23/Jun/2017:13:12:20 -0300] "POST /cormun/servlet/trautorizarsolicitud?cc64cc46fc782d2ce6e99d758309d1a0,,gx-no-cache=1498234334532 HTTP/1.1" 200 4112
192.168.10.89 - - [23/Jun/2017:13:12:34 -0300] "GET /cormun/static/Shared/jqueryui/images/ui-bg_highlight-soft_100_eae6ea_1x100.png HTTP/1.1" 404 1117
186.79.82.240 - - [23/Jun/2017:13:12:36 -0300] "GET /cormun/servlet/trlicenciaspermisosadjuntos?17650928,20170623000000,L, HTTP/1.1" 200 6154
186.79.82.240 - - [23/Jun/2017:13:12:38 -0300] "GET /cormun/static/gxcfg.js?20175251265349 HTTP/1.1" 200 953
186.103.157.235 - - [23/Jun/2017:13:12:41 -0300] "POST /cormun/servlet/solicitudot?gx-no-cache=1498234410607 HTTP/1.1" 200 30
186.79.82.240 - - [23/Jun/2017:13:12:44 -0300] "GET /cormun/static/trlicenciaspermisosadjuntos.js?2017525126577 HTTP/1.1" 200 21036
192.168.10.89 - - [23/Jun/2017:13:12:45 -0300] "GET /cormun/servlet/hlogin HTTP/1.1" 200 1742
186.103.157.235 - - [23/Jun/2017:13:12:46 -0300] "POST /cormun/servlet/solicitudot?gx-no-cache=1498234414826 HTTP/1.1" 200 1299
186.103.157.235 - - [23/Jun/2017:13:12:46 -0300] "POST /cormun/servlet/solicitudot?gx-no-cache=1498234414894 HTTP/1.1" 200 38
186.79.82.240 - - [23/Jun/2017:13:12:46 -0300] "GET /cormun/servlet/trlicenciaspermisosadjuntos?17650928,20170623000000,L, HTTP/1.1" 200 6155
186.79.82.240 - - [23/Jun/2017:13:12:48 -0300] "GET /cormun/servlet/licenciaspermisosadjuntos?INS,17650928,L,20170623000000,, HTTP/1.1" 200 5450
186.79.82.240 - - [23/Jun/2017:13:12:50 -0300] "GET /cormun/static/gxcfg.js?201752511544364 HTTP/1.1" 200 953
186.79.82.240 - - [23/Jun/2017:13:12:52 -0300] "GET /cormun/static/licenciaspermisosadjuntos.js?201752511544378 HTTP/1.1" 200 8760
186.79.82.240 - - [23/Jun/2017:13:12:52 -0300] "GET /cormun/static/about:blank HTTP/1.1" 404 1011
186.79.82.240 - - [23/Jun/2017:13:12:54 -0300] "GET /cormun/servlet/licenciaspermisosadjuntos?INS,17650928,L,20170623000000,, HTTP/1.1" 200 5440
192.168.10.89 - - [23/Jun/2017:13:12:55 -0300] "POST /cormun/servlet/hlogin?cc64cc46fc782d2ce6e99d758309d1a0,gx-no-cache=1498234369408 HTTP/1.1" 200 90
192.168.10.89 - - [23/Jun/2017:13:12:55 -0300] "GET /cormun/servlet/hpexe_link HTTP/1.1" 200 952
192.168.10.89 - - [23/Jun/2017:13:12:56 -0300] "GET /cormun/servlet/hhome HTTP/1.1" 200 4523
192.168.10.89 - - [23/Jun/2017:13:12:59 -0300] "GET /cormun/servlet/trsolicitudgral? HTTP/1.1" 200 11247
186.103.157.235 - - [23/Jun/2017:13:13:06 -0300] "POST /cormun/servlet/solicitudot?gx-no-cache=1498234435141 HTTP/1.1" 200 30
192.168.10.89 - - [23/Jun/2017:13:13:08 -0300] "POST /cormun/servlet/trsolicitudgral?cc64cc46fc782d2ce6e99d758309d1a0,,gx-no-cache=1498234381687 HTTP/1.1" 200 7043
192.168.10.89 - - [23/Jun/2017:13:13:08 -0300] "GET /cormun/static/Shared/jqueryui/images/ui-icons_82798d_256x240.png HTTP/1.1" 404 1089
192.168.10.89 - - [23/Jun/2017:13:13:08 -0300] "GET /cormun/static/Shared/jqueryui/images/ui-bg_highlight-soft_100_c6c2c8_1x100.png HTTP/1.1" 404 1117
192.168.10.89 - - [23/Jun/2017:13:13:08 -0300] "GET /cormun/static/Shared/jqueryui/images/ui-icons_8d78a5_256x240.png HTTP/1.1" 404 1089
192.168.10.89 - - [23/Jun/2017:13:13:08 -0300] "GET /cormun/static/Shared/jqueryui/images/ui-bg_flat_55_fafafa_40x100.png HTTP/1.1" 404 1097
186.103.157.235 - - [23/Jun/2017:13:13:17 -0300] "POST /cormun/servlet/solicitudot?gx-no-cache=1498234445670 HTTP/1.1" 200 30
186.103.157.235 - - [23/Jun/2017:13:13:19 -0300] "POST /cormun/servlet/solicitudot?gx-no-cache=1498234447864 HTTP/1.1" 200 1299
186.103.157.235 - - [23/Jun/2017:13:13:19 -0300] "POST /cormun/servlet/solicitudot?gx-no-cache=1498234447925 HTTP/1.1" 200 38
186.103.157.235 - - [23/Jun/2017:13:13:49 -0300] "GET /cormun/servlet/solicitudot?791973db2622cd0951495493e0e6ef0277ccc1bf4f4209df892459b186944d23731a13ad882f2715af05333cde836a0f8a580886cc3ebeab9058fbe028a83152ed141ca02e42804851bcff0f5ba9c80e69b0a5031a53393bbbdb1e1e56bef83c9836511ae3a6d9608e4c1bc7e99aa50c,gx-no-cache=1498234478470 HTTP/1.1" 200 29
186.103.157.235 - - [23/Jun/2017:13:13:49 -0300] "POST /cormun/servlet/solicitudot?gx-no-cache=1498234478515 HTTP/1.1" 200 1280
192.168.10.89 - - [23/Jun/2017:13:15:25 -0300] "POST /cormun/servlet/trsolicitudgral?cc64cc46fc782d2ce6e99d758309d1a0,,gx-no-cache=1498234518583 HTTP/1.1" 200 5641
186.79.82.240 - - [23/Jun/2017:13:16:04 -0300] "POST /cormun/servlet/licenciaspermisosadjuntos?d3e7916ffae2270312eb2cdee532bc2c,INS,17650928,L,20170623000000,, HTTP/1.1" 200 116
186.79.82.240 - - [23/Jun/2017:13:16:05 -0300] "GET /cormun/servlet/hpexe_return? HTTP/1.1" 200 1042
186.79.82.240 - - [23/Jun/2017:13:16:06 -0300] "GET /cormun/servlet/trlicenciaspermisosadjuntos?17650928,20170623000000,L, HTTP/1.1" 200 6625
186.79.82.240 - - [23/Jun/2017:13:16:08 -0300] "GET /cormun/servlet/trlicenciaspermisosadjuntos?17650928,20170623000000,L, HTTP/1.1" 200 6622
186.103.157.235 - - [23/Jun/2017:13:16:34 -0300] "POST /cormun/servlet/solicitudot?gx-no-cache=1498234642686 HTTP/1.1" 200 1280
186.103.157.235 - - [23/Jun/2017:13:16:56 -0300] "GET /cormun/servlet/hlogin HTTP/1.1" 200 1720
192.168.10.89 - - [23/Jun/2017:13:17:52 -0300] "POST /cormun/servlet/trsolicitudgral?cc64cc46fc782d2ce6e99d758309d1a0,,gx-no-cache=1498234665826 HTTP/1.1" 200 5641
186.103.161.206 - - [23/Jun/2017:13:17:59 -0300] "POST /cormun/servlet/trpermisosgoce?f305dbf565bdf4ff02e68d8f2b3516e4,,gx-no-cache=1498234732144 HTTP/1.1" 200 6402
186.103.157.235 - - [23/Jun/2017:13:18:37 -0300] "POST /cormun/servlet/solicitudot?gx-no-cache=1498234766120 HTTP/1.1" 200 238
186.103.157.235 - - [23/Jun/2017:13:18:41 -0300] "GET /cormun/servlet/solicitudot?791973db2622cd0951495493e0e6ef02798e9b0af011b2f73879bd4bd4716cf05c4a3019f661e9a79ea39a518e54e064548e61116a21f52bc534cd39466440e2cd8ca68181835e7ff2bd46a6556873b81c7a118538b6dbfafc5f0eb8ab9ba0827a765d579c0aa4d79dab470771c53a5925763e689b35e7b1a280f6be99cb155e712ee4efb8626189cd0e401a0d2a0217d58a3010e361c33bd0abc161d17b65dd3ecb40fbf044c6b47f616c25c60699596a80bc582db65769bc835553b68205313c6fd83db5286e82c3aa8f692645413df132a45a093e0ad66da02c03c35cc9ae608e396f4a05a8bacacc8e2a669b1c7661f6df0234b251fc004952f501c77e52a4654e7e0728b16ace2f838d81ec9a606214618c9e5fa390747868288eb49066ccf53e0d882e717b9a45ce19fd9c5db9251b63fa3dcdd6569ac815bc35831f71b1f3bf036113200c416b1a392a7db81803ee5f0beddd434e1344e7729ff1ad1fb6009ea4bc3f76fce065d1106e4597c74429deac332f697712a25e45bf844645,gx-no-cache=1498234769688 HTTP/1.1" 200 30
186.103.157.235 - - [23/Jun/2017:13:18:44 -0300] "POST /cormun/servlet/solicitudot?gx-no-cache=1498234773364 HTTP/1.1" 200 30
186.103.157.235 - - [23/Jun/2017:13:18:47 -0300] "GET /cormun/servlet/prfichaempleado?,MD,,gxPopupLevel%3D0%3B HTTP/1.1" 302 -
186.103.157.235 - - [23/Jun/2017:13:18:47 -0300] "GET /cormun/servlet/hlogin?gxPopupLevel%3D0%3B HTTP/1.1" 200 1766
186.103.157.235 - - [23/Jun/2017:13:18:58 -0300] "POST /cormun/servlet/hlogin?1f36ab2b95afa225e56355290737968f,gxPopupLevel%3D0%3B,gx-no-cache=1498234787275 HTTP/1.1" 200 90
186.103.157.235 - - [23/Jun/2017:13:18:58 -0300] "GET /cormun/servlet/hpexe_link?gxPopupLevel%3D0%3B HTTP/1.1" 200 983
186.103.157.235 - - [23/Jun/2017:13:18:58 -0300] "GET /cormun/servlet/solicitudot?INS,0,0, HTTP/1.1" 200 12885
186.103.157.235 - - [23/Jun/2017:13:18:59 -0300] "GET /cormun/servlet/solicitudot?INS,0,0, HTTP/1.1" 200 12874
186.103.157.235 - - [23/Jun/2017:13:19:09 -0300] "GET /cormun/servlet/solicitudot?INS,0,0, HTTP/1.1" 200 12869
186.103.157.235 - - [23/Jun/2017:13:19:10 -0300] "GET /cormun/servlet/solicitudot?INS,0,0, HTTP/1.1" 200 12874
186.103.157.235 - - [23/Jun/2017:13:19:10 -0300] "GET /favicon.ico HTTP/1.1" 200 21630
186.103.157.235 - - [23/Jun/2017:13:19:15 -0300] "POST /cormun/servlet/solicitudot?gx-no-cache=1498234803920 HTTP/1.1" 200 3171
186.103.157.235 - - [23/Jun/2017:13:19:15 -0300] "GET /cormun/static/Shared/jqueryui/images/ui-icons_82798d_256x240.png HTTP/1.1" 404 1089
186.103.157.235 - - [23/Jun/2017:13:19:15 -0300] "GET /cormun/static/Shared/jqueryui/images/ui-icons_ebccce_256x240.png HTTP/1.1" 404 1089
186.103.157.235 - - [23/Jun/2017:13:19:15 -0300] "GET /cormun/static/Shared/jqueryui/images/ui-bg_flat_55_994d53_40x100.png HTTP/1.1" 404 1097
186.103.157.235 - - [23/Jun/2017:13:19:15 -0300] "GET /cormun/static/Shared/jqueryui/images/ui-bg_highlight-soft_100_c6c2c8_1x100.png HTTP/1.1" 404 1117
186.103.157.235 - - [23/Jun/2017:13:19:15 -0300] "GET /cormun/servlet/solicitudot?791973db2622cd0951495493e0e6ef020cb4f2536a96b1f0e737b4407b396d45,gx-no-cache=1498234804213 HTTP/1.1" 200 111
186.103.157.235 - - [23/Jun/2017:13:19:20 -0300] "GET /cormun/servlet/solicitudot?791973db2622cd0951495493e0e6ef02e48537797c9ecbac50a04b6558cee8f7f746013928c694276ecc5584bf560eeac198537d7bf6014a866fe7cd5bdcf2a8b3cc8f0cbf1fbc77f6a00f01a4855eee588d3713db5fc60f3f32aa1927eae23697f452c434eade9bea61616c9be50d298f607f36bee2b95eb8a1e45516c56236a47faee82a94cd8cfad30f9bb89518f3bb88a3634722d084ac5e8eacb6b5809bb97904ad7cd9b9eaee682daaf42f87bc785e035be1a834720a0c853af8dea1828adca559c8289c83c31899a505b106dddc8f8213aa280a22c3138ef46a82e3ce01e6da83fba573a2cf2d8666ce804d88731a13ad882f2715af05333cde836a0f773285df03e228e8f366985832953ae050101118bfd48e8c3ea612a0c090d87af06f241159b771df6d14888ac5b2b8715c8e9673765c42c92ff5b993fce7764aa8bc3f9094d4c6195d3b6f9c9df49224,gx-no-cache=1498234808762 HTTP/1.1" 200 240
186.103.157.235 - - [23/Jun/2017:13:19:23 -0300] "GET /cormun/servlet/solicitudot?791973db2622cd0951495493e0e6ef02798e9b0af011b2f73879bd4bd4716cf05c4a3019f661e9a79ea39a518e54e064548e61116a21f52bc534cd39466440e2cd8ca68181835e7ff2bd46a6556873b81c7a118538b6dbfafc5f0eb8ab9ba0827a765d579c0aa4d79dab470771c53a5925763e689b35e7b1a280f6be99cb155e712ee4efb8626189cd0e401a0d2a0217d58a3010e361c33bd0abc161d17b65dd3ecb40fbf044c6b47f616c25c60699596a80bc582db65769bc835553b68205313c6fd83db5286e82c3aa8f692645413df132a45a093e0ad66da02c03c35cc9ae608e396f4a05a8bacacc8e2a669b1c7661f6df0234b251fc004952f501c77e52a4654e7e0728b16ace2f838d81ec9a606214618c9e5fa390747868288eb49066ccf53e0d882e717b9a45ce19fd9c5db9251b63fa3dcdd6569ac815bc35831f71b1f3bf036113200c416b1a392a7db81803ee5f0beddd434e1344e7729ff1ad1fb6009ea4bc3f76fce065d1106e4597c73bab98a35dfe95c5a06d0ff67c953418,gx-no-cache=1498234811694 HTTP/1.1" 200 30
186.103.157.235 - - [23/Jun/2017:13:19:26 -0300] "POST /cormun/servlet/solicitudot?gx-no-cache=1498234815068 HTTP/1.1" 200 30
186.103.157.235 - - [23/Jun/2017:13:19:28 -0300] "GET /cormun/servlet/prfichaempleado?,MD,,gxPopupLevel%3D0%3B HTTP/1.1" 200 9279
186.103.157.235 - - [23/Jun/2017:13:19:28 -0300] "GET /cormun/static/gxcfg.js?201761412513083 HTTP/1.1" 200 953
186.103.157.235 - - [23/Jun/2017:13:19:28 -0300] "GET /cormun/static/prfichaempleado.js?201761412513297 HTTP/1.1" 304 -
186.79.82.240 - - [23/Jun/2017:13:19:34 -0300] "GET /cormun/servlet/trlicencias? HTTP/1.1" 200 9874
186.79.82.240 - - [23/Jun/2017:13:19:37 -0300] "GET /cormun/servlet/trlicencias? HTTP/1.1" 200 9872
186.103.157.235 - - [23/Jun/2017:13:19:37 -0300] "POST /cormun/servlet/prfichaempleado?1f36ab2b95afa225e56355290737968f,,MD,,gxPopupLevel%3D0%3B,gx-no-cache=1498234825807 HTTP/1.1" 200 4000
186.79.82.240 - - [23/Jun/2017:13:19:42 -0300] "GET /cormun/servlet/trlicenciaspermisosadjuntos?17650928,20170623000000,L, HTTP/1.1" 200 6621
186.103.157.235 - - [23/Jun/2017:13:19:43 -0300] "POST /cormun/servlet/solicitudot?gx-no-cache=1498234831933 HTTP/1.1" 200 1301
186.103.157.235 - - [23/Jun/2017:13:19:45 -0300] "GET /cormun/servlet/prlicenciaspermisos?12912096,L,,MD,,gxPopupLevel%3D0%3B HTTP/1.1" 200 5649
186.103.157.235 - - [23/Jun/2017:13:19:46 -0300] "GET /cormun/static/gxcfg.js?20175251244362 HTTP/1.1" 200 953
186.103.157.235 - - [23/Jun/2017:13:19:46 -0300] "GET /cormun/static/prlicenciaspermisos.js?20175251244590 HTTP/1.1" 200 13379
186.79.82.240 - - [23/Jun/2017:13:19:46 -0300] "GET /cormun/servlet/trlicenciaspermisosadjuntos?17650928,20170623000000,L, HTTP/1.1" 200 6622
186.103.157.235 - - [23/Jun/2017:13:20:04 -0300] "GET /cormun/servlet/prlicenciaspermisos?12912096,L,,MD,,gxPopupLevel%3D0%3B HTTP/1.1" 200 5649
186.103.157.235 - - [23/Jun/2017:13:20:14 -0300] "POST /cormun/servlet/solicitudot?gx-no-cache=1498234863305 HTTP/1.1" 200 41
186.103.157.235 - - [23/Jun/2017:13:20:14 -0300] "GET /cormun/servlet/solicitudot?791973db2622cd0951495493e0e6ef0277ccc1bf4f4209df892459b186944d23731a13ad882f2715af05333cde836a0f773285df03e228e8f366985832953ae05f813ffc16fd623aba328556949ae861,gx-no-cache=1498234863354 HTTP/1.1" 200 29
186.103.157.235 - - [23/Jun/2017:13:20:14 -0300] "POST /cormun/servlet/solicitudot?gx-no-cache=1498234863383 HTTP/1.1" 200 1280
186.103.157.235 - - [23/Jun/2017:13:20:16 -0300] "GET /cormun/static/menuarrow.gif HTTP/1.1" 404 1015
186.67.172.234 - - [23/Jun/2017:13:20:19 -0300] "POST /cormun/servlet/trcontratosolicitud?85fc658b67c96604b6cb9662f6540e30,,gx-no-cache=1498234870183 HTTP/1.1" 440 972
186.67.172.234 - - [23/Jun/2017:13:20:20 -0300] "GET /cormun/servlet/trcontratosolicitud? HTTP/1.1" 200 5718
186.67.172.234 - - [23/Jun/2017:13:20:21 -0300] "GET /cormun/servlet/trcontratosolicitud? HTTP/1.1" 200 5718
186.67.172.234 - - [23/Jun/2017:13:20:21 -0300] "GET /cormun/servlet/hlogin HTTP/1.1" 200 1744
186.67.172.234 - - [23/Jun/2017:13:20:28 -0300] "POST /cormun/servlet/hlogin?ecf0407a3099a4ebddef1b3ec220da9c,gx-no-cache=1498234879062 HTTP/1.1" 200 90
186.67.172.234 - - [23/Jun/2017:13:20:28 -0300] "GET /cormun/servlet/hpexe_link HTTP/1.1" 200 961
186.103.157.235 - - [23/Jun/2017:13:20:28 -0300] "POST /cormun/servlet/solicitudot?gx-no-cache=1498234876896 HTTP/1.1" 200 1280
186.67.172.234 - - [23/Jun/2017:13:20:28 -0300] "GET /cormun/servlet/trcontratosolicitud HTTP/1.1" 200 14014
186.67.172.234 - - [23/Jun/2017:13:20:29 -0300] "GET /cormun/servlet/trcontratosolicitud HTTP/1.1" 200 14017
186.67.172.234 - - [23/Jun/2017:13:20:41 -0300] "POST /cormun/servlet/trcontratosolicitud?ecf0407a3099a4ebddef1b3ec220da9c,gx-no-cache=1498234892546 HTTP/1.1" 200 11479
186.67.172.234 - - [23/Jun/2017:13:20:51 -0300] "POST /cormun/servlet/trcontratosolicitud?ecf0407a3099a4ebddef1b3ec220da9c,gx-no-cache=1498234902391 HTTP/1.1" 200 4601
186.67.172.234 - - [23/Jun/2017:13:20:54 -0300] "POST /cormun/servlet/trcontratosolicitud?ecf0407a3099a4ebddef1b3ec220da9c,gx-no-cache=1498234904765 HTTP/1.1" 200 11572
186.67.172.234 - - [23/Jun/2017:13:20:56 -0300] "POST /cormun/servlet/trcontratosolicitud?ecf0407a3099a4ebddef1b3ec220da9c,gx-no-cache=1498234906975 HTTP/1.1" 200 4602
186.67.172.234 - - [23/Jun/2017:13:20:57 -0300] "POST /cormun/servlet/trcontratosolicitud?ecf0407a3099a4ebddef1b3ec220da9c,gx-no-cache=1498234908253 HTTP/1.1" 200 11566
186.67.172.234 - - [23/Jun/2017:13:20:58 -0300] "POST /cormun/servlet/trcontratosolicitud?ecf0407a3099a4ebddef1b3ec220da9c,gx-no-cache=1498234909213 HTTP/1.1" 200 11674
186.103.157.235 - - [23/Jun/2017:13:20:59 -0300] "POST /cormun/servlet/solicitudot?gx-no-cache=1498234907906 HTTP/1.1" 200 3108
186.103.157.235 - - [23/Jun/2017:13:20:59 -0300] "POST /cormun/servlet/solicitudot?1f36ab2b95afa225e56355290737968f,INS,0,0,,gx-no-cache=1498234908091 HTTP/1.1" 200 10954
186.103.157.235 - - [23/Jun/2017:13:21:02 -0300] "GET /cormun/servlet/solicitudot?791973db2622cd0951495493e0e6ef024bfaae85cd6bdbb19b930b6bdb48aab62a96288d0c91d61ab0d5100766f6c205,gx-no-cache=1498234910901 HTTP/1.1" 200 30
186.67.172.234 - - [23/Jun/2017:13:21:03 -0300] "POST /cormun/servlet/trcontratosolicitud?ecf0407a3099a4ebddef1b3ec220da9c,gx-no-cache=1498234913782 HTTP/1.1" 200 11548
186.67.172.234 - - [23/Jun/2017:13:22:02 -0300] "POST /cormun/servlet/trcontratosolicitud?ecf0407a3099a4ebddef1b3ec220da9c,gx-no-cache=1498234972958 HTTP/1.1" 200 4558
186.103.157.235 - - [23/Jun/2017:13:22:12 -0300] "POST /cormun/servlet/solicitudot?gx-no-cache=1498234981030 HTTP/1.1" 200 240
186.103.157.235 - - [23/Jun/2017:13:22:12 -0300] "GET /cormun/servlet/solicitudot?791973db2622cd0951495493e0e6ef02798e9b0af011b2f73879bd4bd4716cf05c4a3019f661e9a79ea39a518e54e064548e61116a21f52bc534cd39466440e2cd8ca68181835e7ff2bd46a6556873b81c7a118538b6dbfafc5f0eb8ab9ba0827a765d579c0aa4d79dab470771c53a5925763e689b35e7b1a280f6be99cb155e712ee4efb8626189cd0e401a0d2a0217d58a3010e361c33bd0abc161d17b65dd3ecb40fbf044c6b47f616c25c60699596a80bc582db65769bc835553b68205313c6fd83db5286e82c3aa8f692645413df132a45a093e0ad66da02c03c35cc9ae608e396f4a05a8bacacc8e2a669b1c7661f6df0234b251fc004952f501c77e52a4654e7e0728b16ace2f838d81ec9a606214618c9e5fa390747868288eb49066ccf53e0d882e717b9a45ce19fd9c5db9251b63fa3dcdd6569ac815bc35831f71b1f3bf036113200c416b1a392a7db81803ee5f0beddd434e1344e7729ff1ad1fb6009ea4bc3f76fce065d1106e4597c74429deac332f697712a25e45bf844645,gx-no-cache=1498234981097 HTTP/1.1" 200 30
186.103.157.235 - - [23/Jun/2017:13:22:12 -0300] "POST /cormun/servlet/solicitudot?gx-no-cache=1498234981433 HTTP/1.1" 200 30
186.103.157.235 - - [23/Jun/2017:13:22:12 -0300] "POST /cormun/servlet/solicitudot?gx-no-cache=1498234981474 HTTP/1.1" 200 1301
186.103.157.235 - - [23/Jun/2017:13:22:12 -0300] "POST /cormun/servlet/solicitudot?gx-no-cache=1498234981577 HTTP/1.1" 200 41
186.103.157.235 - - [23/Jun/2017:13:22:24 -0300] "POST /cormun/servlet/solicitudot?gx-no-cache=1498234993297 HTTP/1.1" 200 1280
186.103.157.235 - - [23/Jun/2017:13:22:24 -0300] "POST /cormun/servlet/solicitudot?gx-no-cache=1498234993353 HTTP/1.1" 200 34
186.103.157.235 - - [23/Jun/2017:13:22:25 -0300] "POST /cormun/servlet/solicitudot?1f36ab2b95afa225e56355290737968f,INS,0,0,,gx-no-cache=1498234993398 HTTP/1.1" 200 93
186.103.157.235 - - [23/Jun/2017:13:22:25 -0300] "GET /cormun/servlet/hpexe_return? HTTP/1.1" 200 1005
186.103.157.235 - - [23/Jun/2017:13:22:25 -0300] "GET /cormun/static/gxcfg.js?2016101716175148 HTTP/1.1" 304 -
186.103.157.235 - - [23/Jun/2017:13:22:25 -0300] "GET /cormun/servlet/trsolicitudot HTTP/1.1" 200 13306
186.103.157.235 - - [23/Jun/2017:13:22:26 -0300] "GET /cormun/servlet/trsolicitudot HTTP/1.1" 200 13301
186.103.157.235 - - [23/Jun/2017:13:22:36 -0300] "POST /cormun/servlet/trsolicitudot?1f36ab2b95afa225e56355290737968f,gx-no-cache=1498235005348 HTTP/1.1" 200 106
186.103.157.235 - - [23/Jun/2017:13:22:37 -0300] "GET /cormun/servlet/solicitudot?UPD,2017,6890, HTTP/1.1" 200 14490
186.103.157.235 - - [23/Jun/2017:13:22:37 -0300] "GET /cormun/servlet/solicitudot?UPD,2017,6890, HTTP/1.1" 200 14500
186.103.157.235 - - [23/Jun/2017:13:22:38 -0300] "POST /cormun/servlet/solicitudot?gx-no-cache=1498235006694 HTTP/1.1" 200 3177
186.103.157.235 - - [23/Jun/2017:13:22:38 -0300] "POST /cormun/servlet/solicitudot?1f36ab2b95afa225e56355290737968f,UPD,2017,6890,,gx-no-cache=1498235007171 HTTP/1.1" 200 11055
186.103.157.235 - - [23/Jun/2017:13:22:39 -0300] "GET /cormun/servlet/solicitudot?791973db2622cd0951495493e0e6ef024bfaae85cd6bdbb19b930b6bdb48aab663a16db3d65c4bff8741c1d8a7cb1933,gx-no-cache=1498235007843 HTTP/1.1" 200 30
186.103.157.235 - - [23/Jun/2017:13:22:39 -0300] "POST /cormun/servlet/solicitudot?gx-no-cache=1498235007901 HTTP/1.1" 200 240
186.103.157.235 - - [23/Jun/2017:13:22:39 -0300] "GET /cormun/servlet/solicitudot?791973db2622cd0951495493e0e6ef02798e9b0af011b2f73879bd4bd4716cf05c4a3019f661e9a79ea39a518e54e064548e61116a21f52bc534cd39466440e2cd8ca68181835e7ff2bd46a6556873b81c7a118538b6dbfafc5f0eb8ab9ba0827a765d579c0aa4d79dab470771c53a5925763e689b35e7b1a280f6be99cb155e712ee4efb8626189cd0e401a0d2a0217d58a3010e361c33bd0abc161d17b65dd3ecb40fbf044c6b47f616c25c60699596a80bc582db65769bc835553b68205313c6fd83db5286e82c3aa8f692645413df132a45a093e0ad66da02c03c35cc9ae608e396f4a05a8bacacc8e2a669b1c7661f6df0234b251fc004952f501c77e52a4654e7e0728b16ace2f838d81ec9a606214618c9e5fa390747868288eb49066ccf53e0d882e717b9a45ce19fd9c5db9251b63fa3dcdd6569ac815bc35831f71b1f3bf036113200c416b1a392a7db81803ee5f0beddd434e1344e7729ff1ad1fb6009ea4bc3f76fce065d1106e4597c74429deac332f697712a25e45bf844645,gx-no-cache=1498235007934 HTTP/1.1" 200 30
186.103.157.235 - - [23/Jun/2017:13:22:39 -0300] "POST /cormun/servlet/solicitudot?gx-no-cache=1498235008289 HTTP/1.1" 200 30
186.103.157.235 - - [23/Jun/2017:13:22:39 -0300] "POST /cormun/servlet/solicitudot?gx-no-cache=1498235008328 HTTP/1.1" 200 1301
186.103.157.235 - - [23/Jun/2017:13:22:39 -0300] "POST /cormun/servlet/solicitudot?gx-no-cache=1498235008446 HTTP/1.1" 200 41
186.103.157.235 - - [23/Jun/2017:13:22:51 -0300] "GET /cormun/servlet/solicitudot?791973db2622cd0951495493e0e6ef02a18cd0b0f698db65eae9acc00db80b62d6ddd836f0d53f4a45691c9e5ea4e11445766dd1d65fe2b13c5a8d6ef88326f27567c16d3f85f627d9339fb0f6c7401946aa127e699d3609b8c091fc379bc94aa87e689b2488c35efb27e9268f076fac4ed7dcc124b81f13aa8155f8e64e42423b8f0304bc6e242972c7692ed0ed5388eec90aa60f88f6ad2f10a3753bfdd540,gx-no-cache=1498235019726 HTTP/1.1" 200 29
186.103.157.235 - - [23/Jun/2017:13:22:51 -0300] "POST /cormun/servlet/solicitudot?gx-no-cache=1498235019760 HTTP/1.1" 200 1280
186.103.157.235 - - [23/Jun/2017:13:22:51 -0300] "POST /cormun/servlet/solicitudot?gx-no-cache=1498235019816 HTTP/1.1" 200 34
186.103.157.235 - - [23/Jun/2017:13:22:51 -0300] "POST /cormun/servlet/solicitudot?1f36ab2b95afa225e56355290737968f,UPD,2017,6890,,gx-no-cache=1498235019852 HTTP/1.1" 200 93
186.103.157.235 - - [23/Jun/2017:13:22:51 -0300] "GET /cormun/servlet/hpexe_return? HTTP/1.1" 200 1012
186.103.157.235 - - [23/Jun/2017:13:22:51 -0300] "GET /cormun/servlet/trsolicitudot HTTP/1.1" 200 13314
186.103.157.235 - - [23/Jun/2017:13:22:52 -0300] "GET /cormun/servlet/trsolicitudot HTTP/1.1" 200 13309
186.103.157.235 - - [23/Jun/2017:13:23:08 -0300] "POST /cormun/servlet/trsolicitudot?1f36ab2b95afa225e56355290737968f,gx-no-cache=1498235036754 HTTP/1.1" 200 107
186.103.157.235 - - [23/Jun/2017:13:23:08 -0300] "GET /cormun/servlet/trsolicitudadjuntos?2017,6890, HTTP/1.1" 200 6098
186.103.157.235 - - [23/Jun/2017:13:23:08 -0300] "GET /cormun/static/gxcfg.js?20175251232679 HTTP/1.1" 200 953
186.103.157.235 - - [23/Jun/2017:13:23:08 -0300] "GET /cormun/static/trsolicitudadjuntos.js?20175251233082 HTTP/1.1" 200 17922
186.103.157.235 - - [23/Jun/2017:13:23:08 -0300] "GET /cormun/servlet/trsolicitudadjuntos?2017,6890, HTTP/1.1" 200 6098
186.103.157.235 - - [23/Jun/2017:13:23:11 -0300] "GET /cormun/servlet/solicitudotadjuntos?INS,2017,6890,,2, HTTP/1.1" 200 6050
186.103.157.235 - - [23/Jun/2017:13:23:11 -0300] "GET /cormun/static/gxcfg.js?201752511522888 HTTP/1.1" 200 953
186.103.157.235 - - [23/Jun/2017:13:23:11 -0300] "GET /cormun/static/about:blank HTTP/1.1" 404 1011
186.103.157.235 - - [23/Jun/2017:13:23:11 -0300] "GET /cormun/static/solicitudotadjuntos.js?20175251152299 HTTP/1.1" 200 11771
186.103.157.235 - - [23/Jun/2017:13:23:11 -0300] "GET /cormun/servlet/solicitudotadjuntos?INS,2017,6890,,2, HTTP/1.1" 200 6044
186.103.157.235 - - [23/Jun/2017:13:23:12 -0300] "GET /cormun/servlet/solicitudotadjuntos?791973db2622cd0951495493e0e6ef025235ba02cf80460b143e82d06d46e63f977a8cba5ac1b8652826151eb696e98a,gx-no-cache=1498235041128 HTTP/1.1" 200 30
186.103.157.235 - - [23/Jun/2017:13:23:12 -0300] "POST /cormun/servlet/solicitudotadjuntos?1f36ab2b95afa225e56355290737968f,INS,2017,6890,,2,,gx-no-cache=1498235041162 HTTP/1.1" 200 4004
186.103.157.235 - - [23/Jun/2017:13:23:21 -0300] "GET /cormun/servlet/trsolicitudadjuntos?2017,6890, HTTP/1.1" 200 6098
186.103.157.235 - - [23/Jun/2017:13:23:22 -0300] "GET /cormun/servlet/trsolicitudadjuntos?2017,6890, HTTP/1.1" 200 6098
186.103.157.235 - - [23/Jun/2017:13:23:23 -0300] "GET /cormun/servlet/solicitudotadjuntos?INS,2017,6890,,1, HTTP/1.1" 200 6052
186.103.157.235 - - [23/Jun/2017:13:23:23 -0300] "GET /cormun/static/about:blank HTTP/1.1" 404 1011
186.103.157.235 - - [23/Jun/2017:13:23:24 -0300] "GET /cormun/servlet/solicitudotadjuntos?INS,2017,6890,,1, HTTP/1.1" 200 6046
186.103.157.235 - - [23/Jun/2017:13:23:24 -0300] "GET /cormun/servlet/solicitudotadjuntos?791973db2622cd0951495493e0e6ef025235ba02cf80460b143e82d06d46e63f977a8cba5ac1b8652826151eb696e98a,gx-no-cache=1498235053303 HTTP/1.1" 200 30
186.103.157.235 - - [23/Jun/2017:13:23:24 -0300] "POST /cormun/servlet/solicitudotadjuntos?1f36ab2b95afa225e56355290737968f,INS,2017,6890,,1,,gx-no-cache=1498235053328 HTTP/1.1" 200 3860
186.103.157.235 - - [23/Jun/2017:13:23:26 -0300] "POST /cormun/servlet/solicitudotadjuntos?gx-no-cache=1498235055130 HTTP/1.1" 200 26
186.103.157.235 - - [23/Jun/2017:13:23:37 -0300] "GET /cormun/servlet/solicitudotadjuntos?791973db2622cd0951495493e0e6ef0298b4386244d7c784e532df62e60dd006,gx-no-cache=1498235065955 HTTP/1.1" 200 30
186.103.157.235 - - [23/Jun/2017:13:23:37 -0300] "GET /cormun/servlet/solicitudotadjuntos?791973db2622cd0951495493e0e6ef0298b4386244d7c784e532df62e60dd006,gx-no-cache=1498235065972 HTTP/1.1" 200 30
186.103.157.235 - - [23/Jun/2017:13:23:56 -0300] "POST /cormun/servlet/solicitudotadjuntos?1f36ab2b95afa225e56355290737968f,INS,2017,6890,,1, HTTP/1.1" 200 116
186.103.157.235 - - [23/Jun/2017:13:23:56 -0300] "GET /cormun/servlet/hpexe_return? HTTP/1.1" 200 1025
186.103.157.235 - - [23/Jun/2017:13:23:56 -0300] "GET /cormun/servlet/trsolicitudadjuntos?2017,6890, HTTP/1.1" 200 8390
186.103.157.235 - - [23/Jun/2017:13:23:57 -0300] "GET /cormun/servlet/trsolicitudadjuntos?2017,6890, HTTP/1.1" 200 8387
186.103.157.235 - - [23/Jun/2017:13:23:57 -0300] "POST /cormun/servlet/solicitudotadjuntos?1f36ab2b95afa225e56355290737968f,INS,2017,6890,,1, HTTP/1.1" 200 6634
186.67.172.234 - - [23/Jun/2017:13:24:04 -0300] "POST /cormun/servlet/trcontratosolicitud?ecf0407a3099a4ebddef1b3ec220da9c,gx-no-cache=1498235095333 HTTP/1.1" 200 11550
186.103.157.235 - - [23/Jun/2017:13:24:54 -0300] "GET /cormun/servlet/solicitudotadjuntos?INS,2017,6890,,1, HTTP/1.1" 200 6051
186.103.157.235 - - [23/Jun/2017:13:24:54 -0300] "GET /cormun/static/about:blank HTTP/1.1" 404 1011
186.103.157.235 - - [23/Jun/2017:13:24:54 -0300] "GET /cormun/servlet/solicitudotadjuntos?INS,2017,6890,,1, HTTP/1.1" 200 6045
186.103.157.235 - - [23/Jun/2017:13:24:55 -0300] "GET /cormun/servlet/solicitudotadjuntos?791973db2622cd0951495493e0e6ef025235ba02cf80460b143e82d06d46e63f977a8cba5ac1b8652826151eb696e98a,gx-no-cache=1498235143671 HTTP/1.1" 200 30
186.103.157.235 - - [23/Jun/2017:13:24:55 -0300] "POST /cormun/servlet/solicitudotadjuntos?1f36ab2b95afa225e56355290737968f,INS,2017,6890,,1,,gx-no-cache=1498235143707 HTTP/1.1" 200 3860
186.103.157.235 - - [23/Jun/2017:13:24:57 -0300] "POST /cormun/servlet/solicitudotadjuntos?gx-no-cache=1498235146259 HTTP/1.1" 200 26
186.103.157.235 - - [23/Jun/2017:13:25:06 -0300] "GET /cormun/servlet/solicitudotadjuntos?791973db2622cd0951495493e0e6ef0298b4386244d7c784e532df62e60dd006,gx-no-cache=1498235154683 HTTP/1.1" 200 30
186.103.157.235 - - [23/Jun/2017:13:25:06 -0300] "GET /cormun/servlet/solicitudotadjuntos?791973db2622cd0951495493e0e6ef0298b4386244d7c784e532df62e60dd006,gx-no-cache=1498235154700 HTTP/1.1" 200 30
186.103.157.235 - - [23/Jun/2017:13:25:06 -0300] "POST /cormun/servlet/solicitudotadjuntos?1f36ab2b95afa225e56355290737968f,INS,2017,6890,,1, HTTP/1.1" 200 116
186.103.157.235 - - [23/Jun/2017:13:25:06 -0300] "GET /cormun/servlet/hpexe_return? HTTP/1.1" 200 1025
186.103.157.235 - - [23/Jun/2017:13:25:06 -0300] "GET /cormun/servlet/trsolicitudadjuntos?2017,6890, HTTP/1.1" 200 8586
186.103.157.235 - - [23/Jun/2017:13:25:06 -0300] "GET /cormun/servlet/trsolicitudadjuntos?2017,6890, HTTP/1.1" 200 8581
186.103.157.235 - - [23/Jun/2017:13:25:09 -0300] "GET /cormun/servlet/solicitudotadjuntos?INS,2017,6890,,1, HTTP/1.1" 200 6051
186.103.157.235 - - [23/Jun/2017:13:25:09 -0300] "GET /cormun/static/about:blank HTTP/1.1" 404 1011
186.103.157.235 - - [23/Jun/2017:13:25:09 -0300] "GET /cormun/servlet/solicitudotadjuntos?INS,2017,6890,,1, HTTP/1.1" 200 6045
186.103.157.235 - - [23/Jun/2017:13:25:10 -0300] "GET /cormun/servlet/solicitudotadjuntos?791973db2622cd0951495493e0e6ef025235ba02cf80460b143e82d06d46e63f977a8cba5ac1b8652826151eb696e98a,gx-no-cache=1498235158818 HTTP/1.1" 200 30
186.103.157.235 - - [23/Jun/2017:13:25:10 -0300] "POST /cormun/servlet/solicitudotadjuntos?1f36ab2b95afa225e56355290737968f,INS,2017,6890,,1,,gx-no-cache=1498235158851 HTTP/1.1" 200 3860
186.103.157.235 - - [23/Jun/2017:13:25:13 -0300] "POST /cormun/servlet/solicitudotadjuntos?gx-no-cache=1498235161674 HTTP/1.1" 200 26
186.103.157.235 - - [23/Jun/2017:13:25:24 -0300] "GET /cormun/servlet/solicitudotadjuntos?791973db2622cd0951495493e0e6ef0298b4386244d7c784e532df62e60dd006,gx-no-cache=1498235173419 HTTP/1.1" 200 30
186.103.157.235 - - [23/Jun/2017:13:25:24 -0300] "GET /cormun/servlet/solicitudotadjuntos?791973db2622cd0951495493e0e6ef0298b4386244d7c784e532df62e60dd006,gx-no-cache=1498235173436 HTTP/1.1" 200 30
186.103.157.235 - - [23/Jun/2017:13:25:25 -0300] "POST /cormun/servlet/solicitudotadjuntos?1f36ab2b95afa225e56355290737968f,INS,2017,6890,,1, HTTP/1.1" 200 116
186.103.157.235 - - [23/Jun/2017:13:25:25 -0300] "GET /cormun/servlet/hpexe_return? HTTP/1.1" 200 1025
186.103.157.235 - - [23/Jun/2017:13:25:25 -0300] "GET /cormun/servlet/trsolicitudadjuntos?2017,6890, HTTP/1.1" 200 8756
186.103.157.235 - - [23/Jun/2017:13:25:26 -0300] "GET /cormun/servlet/trsolicitudadjuntos?2017,6890, HTTP/1.1" 200 8754
186.103.157.235 - - [23/Jun/2017:13:25:28 -0300] "GET /cormun/servlet/solicitudotadjuntos?INS,2017,6890,,1, HTTP/1.1" 200 6051
186.103.157.235 - - [23/Jun/2017:13:25:29 -0300] "GET /cormun/static/about:blank HTTP/1.1" 404 1011
186.103.157.235 - - [23/Jun/2017:13:25:29 -0300] "GET /cormun/servlet/solicitudotadjuntos?INS,2017,6890,,1, HTTP/1.1" 200 6045
186.103.157.235 - - [23/Jun/2017:13:25:29 -0300] "GET /cormun/servlet/solicitudotadjuntos?791973db2622cd0951495493e0e6ef025235ba02cf80460b143e82d06d46e63f977a8cba5ac1b8652826151eb696e98a,gx-no-cache=1498235178349 HTTP/1.1" 200 30
186.103.157.235 - - [23/Jun/2017:13:25:30 -0300] "POST /cormun/servlet/solicitudotadjuntos?1f36ab2b95afa225e56355290737968f,INS,2017,6890,,1,,gx-no-cache=1498235178383 HTTP/1.1" 200 3860
186.103.157.235 - - [23/Jun/2017:13:25:33 -0300] "POST /cormun/servlet/solicitudotadjuntos?gx-no-cache=1498235181931 HTTP/1.1" 200 26
186.103.157.235 - - [23/Jun/2017:13:25:40 -0300] "GET /cormun/servlet/solicitudotadjuntos?791973db2622cd0951495493e0e6ef0298b4386244d7c784e532df62e60dd006,gx-no-cache=1498235188763 HTTP/1.1" 200 30
186.103.157.235 - - [23/Jun/2017:13:25:40 -0300] "GET /cormun/servlet/solicitudotadjuntos?791973db2622cd0951495493e0e6ef0298b4386244d7c784e532df62e60dd006,gx-no-cache=1498235188781 HTTP/1.1" 200 30
186.103.157.235 - - [23/Jun/2017:13:25:40 -0300] "POST /cormun/servlet/solicitudotadjuntos?1f36ab2b95afa225e56355290737968f,INS,2017,6890,,1, HTTP/1.1" 200 116
186.103.157.235 - - [23/Jun/2017:13:25:40 -0300] "GET /cormun/servlet/hpexe_return? HTTP/1.1" 200 1025
186.103.157.235 - - [23/Jun/2017:13:25:40 -0300] "GET /cormun/servlet/trsolicitudadjuntos?2017,6890, HTTP/1.1" 200 8895
186.103.157.235 - - [23/Jun/2017:13:25:41 -0300] "GET /cormun/servlet/trsolicitudadjuntos?2017,6890, HTTP/1.1" 200 8892
186.103.157.235 - - [23/Jun/2017:13:25:45 -0300] "GET /cormun/servlet/solicitudotadjuntos?INS,2017,6890,,1, HTTP/1.1" 200 6051
186.103.157.235 - - [23/Jun/2017:13:25:45 -0300] "GET /cormun/static/about:blank HTTP/1.1" 404 1011
186.103.157.235 - - [23/Jun/2017:13:25:45 -0300] "GET /cormun/servlet/solicitudotadjuntos?INS,2017,6890,,1, HTTP/1.1" 200 6045
186.103.157.235 - - [23/Jun/2017:13:25:45 -0300] "GET /cormun/servlet/solicitudotadjuntos?791973db2622cd0951495493e0e6ef025235ba02cf80460b143e82d06d46e63f977a8cba5ac1b8652826151eb696e98a,gx-no-cache=1498235194517 HTTP/1.1" 200 30
186.103.157.235 - - [23/Jun/2017:13:25:45 -0300] "POST /cormun/servlet/solicitudotadjuntos?1f36ab2b95afa225e56355290737968f,INS,2017,6890,,1,,gx-no-cache=1498235194544 HTTP/1.1" 200 3860
186.103.157.235 - - [23/Jun/2017:13:25:50 -0300] "POST /cormun/servlet/solicitudotadjuntos?gx-no-cache=1498235198689 HTTP/1.1" 200 26
186.103.157.235 - - [23/Jun/2017:13:26:02 -0300] "GET /cormun/servlet/solicitudotadjuntos?791973db2622cd0951495493e0e6ef0298b4386244d7c784e532df62e60dd006,gx-no-cache=1498235211290 HTTP/1.1" 200 30
186.103.157.235 - - [23/Jun/2017:13:26:02 -0300] "GET /cormun/servlet/solicitudotadjuntos?791973db2622cd0951495493e0e6ef0298b4386244d7c784e532df62e60dd006,gx-no-cache=1498235211308 HTTP/1.1" 200 30
186.103.157.235 - - [23/Jun/2017:13:26:03 -0300] "POST /cormun/servlet/solicitudotadjuntos?1f36ab2b95afa225e56355290737968f,INS,2017,6890,,1, HTTP/1.1" 200 116
186.103.157.235 - - [23/Jun/2017:13:26:03 -0300] "GET /cormun/servlet/hpexe_return? HTTP/1.1" 200 1025
186.103.157.235 - - [23/Jun/2017:13:26:03 -0300] "GET /cormun/servlet/trsolicitudadjuntos?2017,6890, HTTP/1.1" 200 9106
186.103.157.235 - - [23/Jun/2017:13:26:04 -0300] "GET /cormun/servlet/trsolicitudadjuntos?2017,6890, HTTP/1.1" 200 9109
186.103.157.235 - - [23/Jun/2017:13:26:06 -0300] "GET /cormun/servlet/solicitudotadjuntos?INS,2017,6890,,1, HTTP/1.1" 200 6052
186.103.157.235 - - [23/Jun/2017:13:26:07 -0300] "GET /cormun/static/about:blank HTTP/1.1" 404 1011
186.103.157.235 - - [23/Jun/2017:13:26:07 -0300] "GET /cormun/servlet/solicitudotadjuntos?INS,2017,6890,,1, HTTP/1.1" 200 6045
186.103.157.235 - - [23/Jun/2017:13:26:07 -0300] "GET /cormun/servlet/solicitudotadjuntos?791973db2622cd0951495493e0e6ef025235ba02cf80460b143e82d06d46e63f977a8cba5ac1b8652826151eb696e98a,gx-no-cache=1498235216383 HTTP/1.1" 200 30
186.103.157.235 - - [23/Jun/2017:13:26:07 -0300] "POST /cormun/servlet/solicitudotadjuntos?1f36ab2b95afa225e56355290737968f,INS,2017,6890,,1,,gx-no-cache=1498235216435 HTTP/1.1" 200 3860
186.103.157.235 - - [23/Jun/2017:13:26:10 -0300] "POST /cormun/servlet/solicitudotadjuntos?gx-no-cache=1498235218882 HTTP/1.1" 200 26
186.103.157.235 - - [23/Jun/2017:13:26:25 -0300] "GET /cormun/servlet/solicitudotadjuntos?791973db2622cd0951495493e0e6ef0298b4386244d7c784e532df62e60dd006,gx-no-cache=1498235234181 HTTP/1.1" 200 30
186.103.157.235 - - [23/Jun/2017:13:26:25 -0300] "GET /cormun/servlet/solicitudotadjuntos?791973db2622cd0951495493e0e6ef0298b4386244d7c784e532df62e60dd006,gx-no-cache=1498235234200 HTTP/1.1" 200 30
186.103.157.235 - - [23/Jun/2017:13:26:36 -0300] "POST /cormun/servlet/solicitudotadjuntos?1f36ab2b95afa225e56355290737968f,INS,2017,6890,,1, HTTP/1.1" 200 116
186.103.157.235 - - [23/Jun/2017:13:26:36 -0300] "GET /cormun/servlet/hpexe_return? HTTP/1.1" 200 1025
186.103.157.235 - - [23/Jun/2017:13:26:37 -0300] "GET /cormun/servlet/trsolicitudadjuntos?2017,6890, HTTP/1.1" 200 9316
186.103.157.235 - - [23/Jun/2017:13:26:37 -0300] "GET /cormun/servlet/trsolicitudadjuntos?2017,6890, HTTP/1.1" 200 9313
186.103.157.235 - - [23/Jun/2017:13:26:41 -0300] "POST /cormun/servlet/trsolicitudadjuntos?1f36ab2b95afa225e56355290737968f,2017,6890,,gx-no-cache=1498235249879 HTTP/1.1" 200 90
186.103.157.235 - - [23/Jun/2017:13:26:41 -0300] "GET /cormun/servlet/hpexe_link HTTP/1.1" 200 967
186.103.157.235 - - [23/Jun/2017:13:26:41 -0300] "GET /cormun/servlet/trsolicitudot HTTP/1.1" 200 13310
186.103.157.235 - - [23/Jun/2017:13:26:41 -0300] "GET /cormun/servlet/trsolicitudot HTTP/1.1" 200 13309
186.103.157.235 - - [23/Jun/2017:13:26:59 -0300] "GET /cormun/servlet/solicitudot?INS,0,0, HTTP/1.1" 200 12869
186.103.157.235 - - [23/Jun/2017:13:27:00 -0300] "GET /cormun/servlet/solicitudot?INS,0,0, HTTP/1.1" 200 12874
186.103.157.235 - - [23/Jun/2017:13:27:09 -0300] "POST /cormun/servlet/solicitudot?gx-no-cache=1498235278221 HTTP/1.1" 200 3112
200.111.191.210 - - [23/Jun/2017:13:27:09 -0300] "GET /cormun/servlet/alicenciaprn?13098412,L,20170623000000,PU HTTP/1.1" 200 1584
186.103.157.235 - - [23/Jun/2017:13:27:10 -0300] "POST /cormun/servlet/solicitudot?1f36ab2b95afa225e56355290737968f,INS,0,0,,gx-no-cache=1498235278712 HTTP/1.1" 200 9923
186.103.157.235 - - [23/Jun/2017:13:27:14 -0300] "GET /cormun/servlet/solicitudot?791973db2622cd0951495493e0e6ef024bfaae85cd6bdbb19b930b6bdb48aab62a96288d0c91d61ab0d5100766f6c205,gx-no-cache=1498235282779 HTTP/1.1" 200 30
186.79.221.126 - - [23/Jun/2017:13:27:44 -0300] "GET /cormun/servlet/hlogin HTTP/1.1" 200 1718
