190.45.55.254 - - [21/Jun/2017:12:01:39 -0300] "POST /cormun/servlet/solicitudot?c8376a49666becd1ee4c3e6075ecf64c,INS,0,0,,gx-no-cache=1498057352887 HTTP/1.1" 200 10039
190.45.55.254 - - [21/Jun/2017:12:01:39 -0300] "GET /cormun/servlet/solicitudot?804102d668c4fa2c27f59e98e2c39acafccb5f8c9c6001d6e06da7c25e91f97b21ed74b0372e79fa23928b99a4470550,gx-no-cache=1498057353134 HTTP/1.1" 200 30
186.103.159.183 - - [21/Jun/2017:12:01:40 -0300] "GET /cormun/servlet/licenciaspermisos?0807eedcb81cfaa2ca759f8da9e183fe78119e71b9f2ac63f820ef93f8442480c8581d002d8941e9a99f3da7ab2326b59c10a98d355c0861e8a5de4f6fcddc5a42a40583208aff098878b13ce62efaf4d3461d22f8026aae1438ea2eb532b6b36a3f452537a20394007e686d7537ecea65126d132fdfb7e38ca4e6fbe1974e8be5d1adc9c1ba8f50fc50c46d0d7454703eac391ac4b3842778091ba02d4a5421c1a53f9aa1a53caf5f4ed05a710f5d51607511a96eb03cbae43e36da75c0ec704670e5f8ebf72d22eae98b2dc8df4e8933faefdb529030dae2c1cb1a3327379c,gx-no-cache=1498053750245 HTTP/1.1" 200 30
186.103.159.183 - - [21/Jun/2017:12:01:40 -0300] "GET /cormun/servlet/licenciaspermisos?0807eedcb81cfaa2ca759f8da9e183fe3693eeeaf0adfad5179efead236f10267b8281e905d33fa6d7aaca7a83c9ea43d6c14bbad2fa3651930f234a01f3bab77e1af1394a9fe1c92114d5ddc2fd1977f038c42eaba44c2cb4b911a682e9916c4eb08f5ca2bca2e1a1859217d799c326555b041324cd2d8af4815ee7c929b3067bc6b46fe4ecfa0281ed17d2b5b6365291f73488cbb0bee8139ee23daebb2b5484f4a2932f523f9ca0cdbd2fb259e372c98abb797f2251e3837be402f5874f41ad157289e5c6b9b494722a7ef33aca8f2d53b757588792994638386b80d34c7c,gx-no-cache=1498053750330 HTTP/1.1" 200 29
186.103.159.183 - - [21/Jun/2017:12:01:41 -0300] "POST /cormun/servlet/licenciaspermisos?4187a8499089e2970199db2a58dc556c,INS,0,,,,gx-no-cache=1498053750385 HTTP/1.1" 200 93
186.103.159.183 - - [21/Jun/2017:12:01:41 -0300] "GET /cormun/servlet/hpexe_return? HTTP/1.1" 200 1015
186.103.159.183 - - [21/Jun/2017:12:01:41 -0300] "GET /cormun/servlet/trlicencias HTTP/1.1" 200 9569
186.103.159.183 - - [21/Jun/2017:12:01:43 -0300] "GET /cormun/servlet/trlicencias HTTP/1.1" 200 9564
190.45.55.254 - - [21/Jun/2017:12:01:45 -0300] "POST /cormun/servlet/solicitudot?gx-no-cache=1498057359335 HTTP/1.1" 200 297
190.45.55.254 - - [21/Jun/2017:12:01:45 -0300] "GET /cormun/servlet/solicitudot?804102d668c4fa2c27f59e98e2c39acabbfe40c5328e2828fb72c008c1e821f50a2ced4b2baf393346727adfe550e3c4e77ff79615ace9b8a2b41f896b73e48d0fc7220597a2c04534eab8e37e70be02975bc22fe27ca82d1fd2160b0ed7616c7045ccbeb9f751db72bd3c62741500b22d9e8b38720a040386e021ee458306dfed3224ae1761783608682e5d55bd62e52fdd2957d90b3598563487d5f0dfe63b3fc06ffcc83d42365d67b481796051fa477cc110cd1b0ab0c9c90976764d62c99b278afc76008bc362d3b71973ecf93377cdb1989649b9dd9f4187f7cc5571069466e402ceaaaa98fcfbc6500deb229a0f7d446e74550d9a9e9ce31ff49aa043bf6fe45ba3bfff513b459c25c1a82697781217fe284b0e502653f76f8e5fc615da502bfcc9215fa4d38041b83a5cf9012b64fbc6eeaea0047c6f766e8628772385c09c8722679b2ded22afb2dd0884764e46a6cc0d0cdf58a2d7dd6fe96f6143ee700ac1211d911c7c19f33f84a7df5a49128ebed512e97d005c243a2a5dd95b75ba3de19c39563400d8d68c712ce73e,gx-no-cache=1498057359488 HTTP/1.1" 200 30
192.168.10.96 - - [21/Jun/2017:12:01:46 -0300] "POST /cormun/servlet/trrenunciasgenerales?bebafdcd8d447a58acd2cd1b79ecef57,,gx-no-cache=1498057300210 HTTP/1.1" 200 9286
190.45.55.254 - - [21/Jun/2017:12:01:47 -0300] "POST /cormun/servlet/solicitudot?gx-no-cache=1498057361137 HTTP/1.1" 200 30
186.103.159.183 - - [21/Jun/2017:12:01:47 -0300] "GET /cormun/servlet/trlicenciaspermisosadjuntos?16039225,20170621000000,L, HTTP/1.1" 200 6336
186.103.159.183 - - [21/Jun/2017:12:01:48 -0300] "GET /cormun/static/gxcfg.js?20175251265349 HTTP/1.1" 200 953
186.103.159.183 - - [21/Jun/2017:12:01:48 -0300] "GET /cormun/static/trlicenciaspermisosadjuntos.js?2017525126577 HTTP/1.1" 200 21036
186.103.159.183 - - [21/Jun/2017:12:01:49 -0300] "GET /cormun/servlet/trlicenciaspermisosadjuntos?16039225,20170621000000,L, HTTP/1.1" 200 6337
186.103.159.183 - - [21/Jun/2017:12:01:50 -0300] "GET /cormun/servlet/licenciaspermisosadjuntos?INS,16039225,L,20170621000000,, HTTP/1.1" 200 5640
186.103.159.183 - - [21/Jun/2017:12:01:51 -0300] "GET /cormun/static/gxcfg.js?201752511544364 HTTP/1.1" 200 953
186.103.159.183 - - [21/Jun/2017:12:01:51 -0300] "GET /cormun/static/licenciaspermisosadjuntos.js?201752511544378 HTTP/1.1" 200 8760
186.103.159.183 - - [21/Jun/2017:12:01:51 -0300] "GET /cormun/static/about:blank HTTP/1.1" 404 1011
186.103.159.183 - - [21/Jun/2017:12:01:51 -0300] "GET /cormun/servlet/licenciaspermisosadjuntos?INS,16039225,L,20170621000000,, HTTP/1.1" 200 5629
186.103.159.183 - - [21/Jun/2017:12:02:02 -0300] "POST /cormun/servlet/licenciaspermisosadjuntos?4187a8499089e2970199db2a58dc556c,INS,16039225,L,20170621000000,, HTTP/1.1" 200 116
186.103.159.183 - - [21/Jun/2017:12:02:02 -0300] "GET /cormun/servlet/hpexe_return? HTTP/1.1" 200 1046
186.103.159.183 - - [21/Jun/2017:12:02:02 -0300] "GET /cormun/servlet/trlicenciaspermisosadjuntos?16039225,20170621000000,L, HTTP/1.1" 200 6813
192.168.10.96 - - [21/Jun/2017:12:02:03 -0300] "POST /cormun/servlet/trrenunciasgenerales?bebafdcd8d447a58acd2cd1b79ecef57,,gx-no-cache=1498057317374 HTTP/1.1" 200 5424
186.103.159.183 - - [21/Jun/2017:12:02:03 -0300] "GET /cormun/PublicTempStorage/licencia_carla_f6199069.pdf HTTP/1.1" 200 199937
186.103.159.183 - - [21/Jun/2017:12:02:03 -0300] "GET /cormun/servlet/trlicenciaspermisosadjuntos?16039225,20170621000000,L, HTTP/1.1" 200 6809
192.168.10.96 - - [21/Jun/2017:12:02:05 -0300] "POST /cormun/servlet/trrenunciasgenerales?bebafdcd8d447a58acd2cd1b79ecef57,,gx-no-cache=1498057319658 HTTP/1.1" 200 5431
192.168.10.96 - - [21/Jun/2017:12:02:07 -0300] "POST /cormun/servlet/trrenunciasgenerales?bebafdcd8d447a58acd2cd1b79ecef57,,gx-no-cache=1498057321955 HTTP/1.1" 200 5429
186.103.159.183 - - [21/Jun/2017:12:02:08 -0300] "GET /cormun/servlet/trlicencias? HTTP/1.1" 200 9565
190.45.55.254 - - [21/Jun/2017:12:02:09 -0300] "POST /cormun/servlet/solicitudot?gx-no-cache=1498057382921 HTTP/1.1" 200 1300
190.45.55.254 - - [21/Jun/2017:12:02:09 -0300] "POST /cormun/servlet/solicitudot?gx-no-cache=1498057383132 HTTP/1.1" 200 38
186.103.159.183 - - [21/Jun/2017:12:02:10 -0300] "GET /cormun/servlet/trlicencias? HTTP/1.1" 200 9564
192.168.10.96 - - [21/Jun/2017:12:02:11 -0300] "POST /cormun/servlet/trrenunciasgenerales?bebafdcd8d447a58acd2cd1b79ecef57,,gx-no-cache=1498057326244 HTTP/1.1" 200 5431
192.168.10.96 - - [21/Jun/2017:12:02:14 -0300] "POST /cormun/servlet/trrenunciasgenerales?bebafdcd8d447a58acd2cd1b79ecef57,,gx-no-cache=1498057328885 HTTP/1.1" 200 5431
186.103.159.183 - - [21/Jun/2017:12:02:14 -0300] "POST /cormun/servlet/trlicencias?4187a8499089e2970199db2a58dc556c,,gx-no-cache=1498053784304 HTTP/1.1" 200 6884
186.103.159.183 - - [21/Jun/2017:12:02:15 -0300] "GET /cormun/static/Shared/jqueryui/images/ui-icons_82798d_256x240.png HTTP/1.1" 404 1089
186.103.159.183 - - [21/Jun/2017:12:02:15 -0300] "GET /cormun/static/Shared/jqueryui/images/ui-bg_highlight-soft_100_c6c2c8_1x100.png HTTP/1.1" 404 1117
186.103.159.183 - - [21/Jun/2017:12:02:15 -0300] "GET /cormun/static/Shared/jqueryui/images/ui-bg_flat_55_fafafa_40x100.png HTTP/1.1" 404 1097
186.103.159.183 - - [21/Jun/2017:12:02:15 -0300] "GET /cormun/static/Shared/jqueryui/images/ui-icons_8d78a5_256x240.png HTTP/1.1" 404 1089
192.168.10.96 - - [21/Jun/2017:12:02:16 -0300] "POST /cormun/servlet/trrenunciasgenerales?bebafdcd8d447a58acd2cd1b79ecef57,,gx-no-cache=1498057331148 HTTP/1.1" 200 5431
190.45.55.254 - - [21/Jun/2017:12:02:21 -0300] "GET /cormun/servlet/solicitudot?804102d668c4fa2c27f59e98e2c39acaf28ad6c5b12d1519e9fc917f5e08ff020e7b42c60280abda21b501dc0c4481d61b0a59197a6fc28a752c7e12efd3297d669adce0253079836eadb44b69ef3616c4dcbf1e5bf422d11623b5a1ed9d66a8263893932dcbb01e7c62351ff773725d,gx-no-cache=1498057394758 HTTP/1.1" 200 29
190.45.55.254 - - [21/Jun/2017:12:02:21 -0300] "POST /cormun/servlet/solicitudot?gx-no-cache=1498057394825 HTTP/1.1" 200 1280
190.45.55.254 - - [21/Jun/2017:12:02:21 -0300] "GET /cormun/static/menuarrow.gif HTTP/1.1" 404 1015
190.45.55.254 - - [21/Jun/2017:12:02:23 -0300] "POST /cormun/servlet/solicitudot?gx-no-cache=1498057396433 HTTP/1.1" 200 1280
190.45.55.254 - - [21/Jun/2017:12:02:31 -0300] "POST /cormun/servlet/solicitudot?gx-no-cache=1498057405092 HTTP/1.1" 200 30
190.45.55.254 - - [21/Jun/2017:12:02:46 -0300] "POST /cormun/servlet/solicitudot?c8376a49666becd1ee4c3e6075ecf64c,INS,0,0,,gx-no-cache=1498057419810 HTTP/1.1" 200 93
190.45.55.254 - - [21/Jun/2017:12:02:46 -0300] "GET /cormun/servlet/hpexe_return? HTTP/1.1" 200 1011
190.45.55.254 - - [21/Jun/2017:12:02:47 -0300] "GET /cormun/servlet/trsolicitudot HTTP/1.1" 200 12565
190.45.55.254 - - [21/Jun/2017:12:02:47 -0300] "GET /cormun/servlet/trsolicitudot HTTP/1.1" 200 12560
186.103.159.183 - - [21/Jun/2017:12:03:17 -0300] "GET /cormun/servlet/hlogin HTTP/1.1" 200 1740
186.103.159.182 - - [21/Jun/2017:12:03:36 -0300] "GET /cormun/servlet/licenciaspermisos?c5e7390eb08fcb60284676d29b9408fe779926c0970a94bd209d346fe8e844fd0dadc2f854061eb5a9bb83df22956db0,gx-no-cache=1498057466940 HTTP/1.1" 440 972
190.45.55.254 - - [21/Jun/2017:12:03:43 -0300] "GET /cormun/servlet/solicitudot?INS,0,0, HTTP/1.1" 200 13001
190.45.55.254 - - [21/Jun/2017:12:03:44 -0300] "GET /cormun/servlet/solicitudot?INS,0,0, HTTP/1.1" 200 13006
186.103.159.182 - - [21/Jun/2017:12:03:45 -0300] "GET /cormun/servlet/licenciaspermisos?INS,0,,, HTTP/1.1" 200 6730
186.103.159.182 - - [21/Jun/2017:12:03:47 -0300] "GET /cormun/servlet/licenciaspermisos?INS,0,,, HTTP/1.1" 200 6730
186.103.159.182 - - [21/Jun/2017:12:03:47 -0300] "GET /cormun/servlet/hlogin HTTP/1.1" 200 1744
186.103.159.182 - - [21/Jun/2017:12:03:49 -0300] "POST /cormun/servlet/hlogin?34f905b67d966482d572100ac5632727,gx-no-cache=1498057479938 HTTP/1.1" 200 90
186.103.159.182 - - [21/Jun/2017:12:03:49 -0300] "GET /cormun/servlet/hpexe_link HTTP/1.1" 200 967
186.103.159.182 - - [21/Jun/2017:12:03:49 -0300] "GET /cormun/servlet/licenciaspermisos?INS,0,,, HTTP/1.1" 200 7435
186.103.159.182 - - [21/Jun/2017:12:03:50 -0300] "GET /cormun/servlet/licenciaspermisos?INS,0,,, HTTP/1.1" 200 7442
186.103.159.182 - - [21/Jun/2017:12:03:57 -0300] "POST /cormun/servlet/licenciaspermisos?34f905b67d966482d572100ac5632727,INS,0,,,,gx-no-cache=1498057487850 HTTP/1.1" 200 4704
186.103.159.182 - - [21/Jun/2017:12:03:57 -0300] "GET /cormun/static/Shared/jqueryui/images/ui-bg_highlight-soft_100_c6c2c8_1x100.png HTTP/1.1" 404 1117
186.103.159.182 - - [21/Jun/2017:12:03:57 -0300] "GET /cormun/static/Shared/jqueryui/images/ui-icons_82798d_256x240.png HTTP/1.1" 404 1089
186.103.159.182 - - [21/Jun/2017:12:03:57 -0300] "GET /cormun/static/Shared/jqueryui/images/ui-bg_flat_55_994d53_40x100.png HTTP/1.1" 404 1097
186.103.159.182 - - [21/Jun/2017:12:03:57 -0300] "GET /cormun/static/Shared/jqueryui/images/ui-icons_ebccce_256x240.png HTTP/1.1" 404 1089
190.45.55.254 - - [21/Jun/2017:12:04:14 -0300] "POST /cormun/servlet/solicitudot?gx-no-cache=1498057508296 HTTP/1.1" 200 3211
190.45.55.254 - - [21/Jun/2017:12:04:15 -0300] "POST /cormun/servlet/solicitudot?c8376a49666becd1ee4c3e6075ecf64c,INS,0,0,,gx-no-cache=1498057508593 HTTP/1.1" 200 10025
190.45.55.254 - - [21/Jun/2017:12:04:15 -0300] "GET /cormun/servlet/solicitudot?804102d668c4fa2c27f59e98e2c39aca176358f0d132251113b3888e0aeebc6321ed74b0372e79fa23928b99a4470550,gx-no-cache=1498057508780 HTTP/1.1" 200 30
190.45.55.254 - - [21/Jun/2017:12:04:19 -0300] "POST /cormun/servlet/solicitudot?gx-no-cache=1498057513099 HTTP/1.1" 200 256
190.45.55.254 - - [21/Jun/2017:12:04:20 -0300] "GET /cormun/servlet/solicitudot?804102d668c4fa2c27f59e98e2c39acabbfe40c5328e2828fb72c008c1e821f57c4b8b6d8a7fb5dfcbdb644a717517dae77ff79615ace9b8a2b41f896b73e48d0fc7220597a2c04534eab8e37e70be02975bc22fe27ca82d1fd2160b0ed7616c7045ccbeb9f751db72bd3c62741500b22d9e8b38720a040386e021ee458306dfed3224ae1761783608682e5d55bd62e52fdd2957d90b3598563487d5f0dfe63b3fc06ffcc83d42365d67b481796051fa477cc110cd1b0ab0c9c90976764d62c99b278afc76008bc362d3b71973ecf93377cdb1989649b9dd9f4187f7cc5571069466e402ceaaaa98fcfbc6500deb229a0f7d446e74550d9a9e9ce31ff49aa043bf6fe45ba3bfff513b459c25c1a82697781217fe284b0e502653f76f8e5fc615da502bfcc9215fa4d38041b83a5cf9012b64fbc6eeaea0047c6f766e86287723edbfbb7cba9ec60bb63c42ffcf07a96f5835930c5aae03daab0d3e4597bf8c908972c3f035f484f721e6277170290636a856e0d07bccb143922f8d8c1e0f123b,gx-no-cache=1498057513622 HTTP/1.1" 200 30
190.45.55.254 - - [21/Jun/2017:12:04:21 -0300] "POST /cormun/servlet/solicitudot?gx-no-cache=1498057515380 HTTP/1.1" 200 30
190.45.55.254 - - [21/Jun/2017:12:04:26 -0300] "POST /cormun/servlet/solicitudot?gx-no-cache=1498057520114 HTTP/1.1" 200 1301
190.45.55.254 - - [21/Jun/2017:12:04:26 -0300] "POST /cormun/servlet/solicitudot?gx-no-cache=1498057520201 HTTP/1.1" 200 38
190.45.55.254 - - [21/Jun/2017:12:04:41 -0300] "GET /cormun/servlet/solicitudot?804102d668c4fa2c27f59e98e2c39acaf28ad6c5b12d1519e9fc917f5e08ff020e7b42c60280abda21b501dc0c4481d61b0a59197a6fc28a752c7e12efd3297d669adce0253079836eadb44b69ef3616c4dcbf1e5bf422d11623b5a1ed9d66a8263893932dcbb01e7c62351ff773725d,gx-no-cache=1498057534505 HTTP/1.1" 200 29
190.45.55.254 - - [21/Jun/2017:12:04:41 -0300] "POST /cormun/servlet/solicitudot?gx-no-cache=1498057534577 HTTP/1.1" 200 1280
190.45.55.254 - - [21/Jun/2017:12:04:41 -0300] "GET /cormun/static/menuarrow.gif HTTP/1.1" 404 1015
190.45.55.254 - - [21/Jun/2017:12:04:42 -0300] "POST /cormun/servlet/solicitudot?gx-no-cache=1498057535973 HTTP/1.1" 200 1280
190.45.55.254 - - [21/Jun/2017:12:04:47 -0300] "POST /cormun/servlet/solicitudot?gx-no-cache=1498057541015 HTTP/1.1" 200 30
190.45.55.254 - - [21/Jun/2017:12:04:59 -0300] "POST /cormun/servlet/solicitudot?c8376a49666becd1ee4c3e6075ecf64c,INS,0,0,,gx-no-cache=1498057552954 HTTP/1.1" 200 93
190.45.55.254 - - [21/Jun/2017:12:04:59 -0300] "GET /cormun/servlet/hpexe_return? HTTP/1.1" 200 1011
190.45.55.254 - - [21/Jun/2017:12:04:59 -0300] "GET /cormun/servlet/trsolicitudot HTTP/1.1" 200 12968
190.45.55.254 - - [21/Jun/2017:12:05:00 -0300] "GET /cormun/servlet/trsolicitudot HTTP/1.1" 200 12963
190.45.55.254 - - [21/Jun/2017:12:05:09 -0300] "GET /cormun/servlet/solicitudot?INS,0,0, HTTP/1.1" 200 13001
190.45.55.254 - - [21/Jun/2017:12:05:12 -0300] "GET /cormun/servlet/solicitudot?INS,0,0, HTTP/1.1" 200 13001
190.45.55.254 - - [21/Jun/2017:12:05:13 -0300] "GET /cormun/servlet/solicitudot?INS,0,0, HTTP/1.1" 200 13006
190.45.55.254 - - [21/Jun/2017:12:05:13 -0300] "GET /favicon.ico HTTP/1.1" 200 21630
190.45.55.254 - - [21/Jun/2017:12:05:24 -0300] "POST /cormun/servlet/solicitudot?gx-no-cache=1498057577679 HTTP/1.1" 200 3219
190.45.55.254 - - [21/Jun/2017:12:05:24 -0300] "POST /cormun/servlet/solicitudot?c8376a49666becd1ee4c3e6075ecf64c,INS,0,0,,gx-no-cache=1498057577895 HTTP/1.1" 200 10030
190.45.55.254 - - [21/Jun/2017:12:05:24 -0300] "GET /cormun/servlet/solicitudot?804102d668c4fa2c27f59e98e2c39aca18e9f1471de51ba731117065991648b421ed74b0372e79fa23928b99a4470550,gx-no-cache=1498057578084 HTTP/1.1" 200 30
190.45.55.254 - - [21/Jun/2017:12:05:29 -0300] "POST /cormun/servlet/solicitudot?gx-no-cache=1498057582498 HTTP/1.1" 200 256
190.45.55.254 - - [21/Jun/2017:12:05:29 -0300] "GET /cormun/servlet/solicitudot?804102d668c4fa2c27f59e98e2c39acabbfe40c5328e2828fb72c008c1e821f57c4b8b6d8a7fb5dfcbdb644a717517dae77ff79615ace9b8a2b41f896b73e48d0fc7220597a2c04534eab8e37e70be02975bc22fe27ca82d1fd2160b0ed7616c7045ccbeb9f751db72bd3c62741500b22d9e8b38720a040386e021ee458306dfed3224ae1761783608682e5d55bd62e52fdd2957d90b3598563487d5f0dfe63b3fc06ffcc83d42365d67b481796051fa477cc110cd1b0ab0c9c90976764d62c99b278afc76008bc362d3b71973ecf93377cdb1989649b9dd9f4187f7cc5571069466e402ceaaaa98fcfbc6500deb229a0f7d446e74550d9a9e9ce31ff49aa043bf6fe45ba3bfff513b459c25c1a82697781217fe284b0e502653f76f8e5fc615da502bfcc9215fa4d38041b83a5cf9012b64fbc6eeaea0047c6f766e86287723edbfbb7cba9ec60bb63c42ffcf07a96f5835930c5aae03daab0d3e4597bf8c908972c3f035f484f721e6277170290636a856e0d07bccb143922f8d8c1e0f123b,gx-no-cache=1498057582573 HTTP/1.1" 200 30
190.45.55.254 - - [21/Jun/2017:12:05:30 -0300] "POST /cormun/servlet/solicitudot?gx-no-cache=1498057583554 HTTP/1.1" 200 30
190.45.55.254 - - [21/Jun/2017:12:05:35 -0300] "POST /cormun/servlet/solicitudot?gx-no-cache=1498057588875 HTTP/1.1" 200 1301
190.45.55.254 - - [21/Jun/2017:12:05:35 -0300] "POST /cormun/servlet/solicitudot?gx-no-cache=1498057588983 HTTP/1.1" 200 38
186.103.159.182 - - [21/Jun/2017:12:05:53 -0300] "GET /cormun/servlet/licenciaspermisos?db982c6f431c9c2b008ac7ae36cceec9a51cf529b424c564016a1c3b6c19d5966e60a2eada1fc3dbdc692288b6f158e4,gx-no-cache=1498057604047 HTTP/1.1" 200 73
186.103.159.182 - - [21/Jun/2017:12:05:54 -0300] "POST /cormun/servlet/licenciaspermisos?34f905b67d966482d572100ac5632727,INS,0,,,,gx-no-cache=1498057604110 HTTP/1.1" 200 4449
190.45.55.254 - - [21/Jun/2017:12:06:00 -0300] "GET /cormun/servlet/solicitudot?804102d668c4fa2c27f59e98e2c39acaf28ad6c5b12d1519e9fc917f5e08ff020e7b42c60280abda21b501dc0c4481d61b0a59197a6fc28a752c7e12efd3297d669adce0253079836eadb44b69ef3616c4dcbf1e5bf422d11623b5a1ed9d66a8263893932dcbb01e7c62351ff773725d,gx-no-cache=1498057613649 HTTP/1.1" 200 29
190.45.55.254 - - [21/Jun/2017:12:06:00 -0300] "POST /cormun/servlet/solicitudot?gx-no-cache=1498057613743 HTTP/1.1" 200 1280
190.45.55.254 - - [21/Jun/2017:12:06:00 -0300] "GET /cormun/static/menuarrow.gif HTTP/1.1" 404 1015
190.45.55.254 - - [21/Jun/2017:12:06:01 -0300] "POST /cormun/servlet/solicitudot?gx-no-cache=1498057614916 HTTP/1.1" 200 1280
100.43.85.9 - - [21/Jun/2017:12:06:02 -0300] "GET /examples/jsp/plugin/plugin.jsp.html HTTP/1.1" 200 1337
190.45.55.254 - - [21/Jun/2017:12:06:07 -0300] "POST /cormun/servlet/solicitudot?gx-no-cache=1498057620554 HTTP/1.1" 200 30
190.45.55.254 - - [21/Jun/2017:12:06:13 -0300] "POST /cormun/servlet/solicitudot?gx-no-cache=1498057626563 HTTP/1.1" 200 30
190.45.55.254 - - [21/Jun/2017:12:06:22 -0300] "POST /cormun/servlet/solicitudot?c8376a49666becd1ee4c3e6075ecf64c,INS,0,0,,gx-no-cache=1498057635765 HTTP/1.1" 200 93
190.45.55.254 - - [21/Jun/2017:12:06:22 -0300] "GET /cormun/servlet/hpexe_return? HTTP/1.1" 200 1011
190.45.55.254 - - [21/Jun/2017:12:06:22 -0300] "GET /cormun/servlet/trsolicitudot HTTP/1.1" 200 13390
190.45.55.254 - - [21/Jun/2017:12:06:23 -0300] "GET /cormun/servlet/trsolicitudot HTTP/1.1" 200 13386
186.103.159.182 - - [21/Jun/2017:12:06:24 -0300] "GET /cormun/static/menuarrow.gif HTTP/1.1" 404 1015
190.45.55.254 - - [21/Jun/2017:12:06:27 -0300] "GET /cormun/servlet/solicitudot?INS,0,0, HTTP/1.1" 200 13001
190.45.55.254 - - [21/Jun/2017:12:06:27 -0300] "GET /cormun/servlet/solicitudot?INS,0,0, HTTP/1.1" 200 13006
190.45.55.254 - - [21/Jun/2017:12:06:43 -0300] "POST /cormun/servlet/solicitudot?gx-no-cache=1498057656568 HTTP/1.1" 200 3214
190.45.55.254 - - [21/Jun/2017:12:06:43 -0300] "POST /cormun/servlet/solicitudot?c8376a49666becd1ee4c3e6075ecf64c,INS,0,0,,gx-no-cache=1498057656887 HTTP/1.1" 200 10049
190.45.55.254 - - [21/Jun/2017:12:06:43 -0300] "GET /cormun/servlet/solicitudot?804102d668c4fa2c27f59e98e2c39aca3e4ce9fddd3db480e423caaf3b948a2121ed74b0372e79fa23928b99a4470550,gx-no-cache=1498057657138 HTTP/1.1" 200 30
190.45.55.254 - - [21/Jun/2017:12:06:45 -0300] "POST /cormun/servlet/solicitudot?gx-no-cache=1498057659414 HTTP/1.1" 200 297
190.45.55.254 - - [21/Jun/2017:12:06:46 -0300] "GET /cormun/servlet/solicitudot?804102d668c4fa2c27f59e98e2c39acabbfe40c5328e2828fb72c008c1e821f50a2ced4b2baf393346727adfe550e3c4e77ff79615ace9b8a2b41f896b73e48d0fc7220597a2c04534eab8e37e70be02975bc22fe27ca82d1fd2160b0ed7616c7045ccbeb9f751db72bd3c62741500b22d9e8b38720a040386e021ee458306dfed3224ae1761783608682e5d55bd62e52fdd2957d90b3598563487d5f0dfe63b3fc06ffcc83d42365d67b481796051fa477cc110cd1b0ab0c9c90976764d62c99b278afc76008bc362d3b71973ecf93377cdb1989649b9dd9f4187f7cc5571069466e402ceaaaa98fcfbc6500deb229a0f7d446e74550d9a9e9ce31ff49aa043bf6fe45ba3bfff513b459c25c1a82697781217fe284b0e502653f76f8e5fc615da502bfcc9215fa4d38041b83a5cf9012b64fbc6eeaea0047c6f766e8628772385c09c8722679b2ded22afb2dd0884764e46a6cc0d0cdf58a2d7dd6fe96f6143ee700ac1211d911c7c19f33f84a7df5a49128ebed512e97d005c243a2a5dd95b75ba3de19c39563400d8d68c712ce73e,gx-no-cache=1498057659523 HTTP/1.1" 200 30
190.45.55.254 - - [21/Jun/2017:12:06:47 -0300] "POST /cormun/servlet/solicitudot?gx-no-cache=1498057661223 HTTP/1.1" 200 30
190.45.55.254 - - [21/Jun/2017:12:06:55 -0300] "POST /cormun/servlet/solicitudot?gx-no-cache=1498057668536 HTTP/1.1" 200 1301
190.45.55.254 - - [21/Jun/2017:12:06:55 -0300] "POST /cormun/servlet/solicitudot?gx-no-cache=1498057668643 HTTP/1.1" 200 38
190.45.55.254 - - [21/Jun/2017:12:07:03 -0300] "GET /cormun/servlet/solicitudot?804102d668c4fa2c27f59e98e2c39acaf28ad6c5b12d1519e9fc917f5e08ff020e7b42c60280abda21b501dc0c4481d61b0a59197a6fc28a752c7e12efd3297d669adce0253079836eadb44b69ef3616c4dcbf1e5bf422d11623b5a1ed9d66a8263893932dcbb01e7c62351ff773725d,gx-no-cache=1498057676816 HTTP/1.1" 200 29
190.45.55.254 - - [21/Jun/2017:12:07:03 -0300] "POST /cormun/servlet/solicitudot?gx-no-cache=1498057676890 HTTP/1.1" 200 1281
190.45.55.254 - - [21/Jun/2017:12:07:06 -0300] "GET /cormun/static/menuarrow.gif HTTP/1.1" 404 1015
190.45.55.254 - - [21/Jun/2017:12:07:11 -0300] "POST /cormun/servlet/solicitudot?gx-no-cache=1498057685319 HTTP/1.1" 200 30
190.45.55.254 - - [21/Jun/2017:12:07:24 -0300] "POST /cormun/servlet/solicitudot?c8376a49666becd1ee4c3e6075ecf64c,INS,0,0,,gx-no-cache=1498057698160 HTTP/1.1" 200 93
190.45.55.254 - - [21/Jun/2017:12:07:24 -0300] "GET /cormun/servlet/hpexe_return? HTTP/1.1" 200 1011
190.45.55.254 - - [21/Jun/2017:12:07:25 -0300] "GET /cormun/servlet/trsolicitudot HTTP/1.1" 200 13754
190.45.55.254 - - [21/Jun/2017:12:07:25 -0300] "GET /cormun/servlet/trsolicitudot HTTP/1.1" 200 13749
190.45.55.254 - - [21/Jun/2017:12:07:37 -0300] "GET /cormun/servlet/solicitudot?INS,0,0, HTTP/1.1" 200 13000
190.45.55.254 - - [21/Jun/2017:12:07:37 -0300] "GET /cormun/servlet/solicitudot?INS,0,0, HTTP/1.1" 200 13005
190.45.55.254 - - [21/Jun/2017:12:07:45 -0300] "POST /cormun/servlet/solicitudot?gx-no-cache=1498057718619 HTTP/1.1" 200 3207
190.45.55.254 - - [21/Jun/2017:12:07:45 -0300] "POST /cormun/servlet/solicitudot?c8376a49666becd1ee4c3e6075ecf64c,INS,0,0,,gx-no-cache=1498057718979 HTTP/1.1" 200 10030
190.45.55.254 - - [21/Jun/2017:12:07:45 -0300] "GET /cormun/servlet/solicitudot?804102d668c4fa2c27f59e98e2c39acaa959fe8956322e9eaafbfae26e200b7921ed74b0372e79fa23928b99a4470550,gx-no-cache=1498057719226 HTTP/1.1" 200 30
190.45.55.254 - - [21/Jun/2017:12:07:50 -0300] "POST /cormun/servlet/solicitudot?gx-no-cache=1498057723582 HTTP/1.1" 200 297
190.45.55.254 - - [21/Jun/2017:12:07:50 -0300] "GET /cormun/servlet/solicitudot?804102d668c4fa2c27f59e98e2c39acabbfe40c5328e2828fb72c008c1e821f50a2ced4b2baf393346727adfe550e3c4e77ff79615ace9b8a2b41f896b73e48d0fc7220597a2c04534eab8e37e70be02975bc22fe27ca82d1fd2160b0ed7616c7045ccbeb9f751db72bd3c62741500b22d9e8b38720a040386e021ee458306dfed3224ae1761783608682e5d55bd62e52fdd2957d90b3598563487d5f0dfe63b3fc06ffcc83d42365d67b481796051fa477cc110cd1b0ab0c9c90976764d62c99b278afc76008bc362d3b71973ecf93377cdb1989649b9dd9f4187f7cc5571069466e402ceaaaa98fcfbc6500deb229a0f7d446e74550d9a9e9ce31ff49aa043bf6fe45ba3bfff513b459c25c1a82697781217fe284b0e502653f76f8e5fc615da502bfcc9215fa4d38041b83a5cf9012b64fbc6eeaea0047c6f766e8628772385c09c8722679b2ded22afb2dd0884764e46a6cc0d0cdf58a2d7dd6fe96f6143ee700ac1211d911c7c19f33f84a7df5a49128ebed512e97d005c243a2a5dd95b75ba3de19c39563400d8d68c712ce73e,gx-no-cache=1498057723642 HTTP/1.1" 200 30
190.45.55.254 - - [21/Jun/2017:12:07:51 -0300] "POST /cormun/servlet/solicitudot?gx-no-cache=1498057724853 HTTP/1.1" 200 30
190.45.55.254 - - [21/Jun/2017:12:08:04 -0300] "POST /cormun/servlet/solicitudot?gx-no-cache=1498057737796 HTTP/1.1" 200 1301
190.45.55.254 - - [21/Jun/2017:12:08:04 -0300] "POST /cormun/servlet/solicitudot?gx-no-cache=1498057737914 HTTP/1.1" 200 38
190.45.55.254 - - [21/Jun/2017:12:08:26 -0300] "GET /cormun/servlet/solicitudot?804102d668c4fa2c27f59e98e2c39acaf28ad6c5b12d1519e9fc917f5e08ff020e7b42c60280abda21b501dc0c4481d61b0a59197a6fc28a752c7e12efd3297d669adce0253079836eadb44b69ef3616c4dcbf1e5bf422d11623b5a1ed9d66a8263893932dcbb01e7c62351ff773725d,gx-no-cache=1498057760455 HTTP/1.1" 200 29
190.45.55.254 - - [21/Jun/2017:12:08:27 -0300] "POST /cormun/servlet/solicitudot?gx-no-cache=1498057760536 HTTP/1.1" 200 1280
190.45.55.254 - - [21/Jun/2017:12:08:27 -0300] "GET /cormun/static/menuarrow.gif HTTP/1.1" 404 1015
190.45.55.254 - - [21/Jun/2017:12:08:29 -0300] "POST /cormun/servlet/solicitudot?gx-no-cache=1498057763198 HTTP/1.1" 200 1280
190.45.55.254 - - [21/Jun/2017:12:08:37 -0300] "POST /cormun/servlet/solicitudot?gx-no-cache=1498057771413 HTTP/1.1" 200 30
190.45.55.254 - - [21/Jun/2017:12:08:42 -0300] "POST /cormun/servlet/solicitudot?c8376a49666becd1ee4c3e6075ecf64c,INS,0,0,,gx-no-cache=1498057775991 HTTP/1.1" 200 93
190.45.55.254 - - [21/Jun/2017:12:08:42 -0300] "GET /cormun/servlet/hpexe_return? HTTP/1.1" 200 1011
190.45.55.254 - - [21/Jun/2017:12:08:43 -0300] "GET /cormun/servlet/trsolicitudot HTTP/1.1" 200 14075
190.45.55.254 - - [21/Jun/2017:12:08:43 -0300] "GET /cormun/servlet/trsolicitudot HTTP/1.1" 200 14070
190.45.55.254 - - [21/Jun/2017:12:08:50 -0300] "GET /cormun/servlet/solicitudot?INS,0,0, HTTP/1.1" 200 13001
190.45.55.254 - - [21/Jun/2017:12:08:51 -0300] "GET /cormun/servlet/solicitudot?INS,0,0, HTTP/1.1" 200 13006
190.45.55.254 - - [21/Jun/2017:12:08:54 -0300] "POST /cormun/servlet/solicitudot?c8376a49666becd1ee4c3e6075ecf64c,INS,0,0,,gx-no-cache=1498057788126 HTTP/1.1" 200 93
190.45.55.254 - - [21/Jun/2017:12:08:54 -0300] "GET /cormun/servlet/hpexe_return? HTTP/1.1" 200 1011
190.45.55.254 - - [21/Jun/2017:12:08:55 -0300] "GET /cormun/servlet/trsolicitudot HTTP/1.1" 200 14075
190.45.55.254 - - [21/Jun/2017:12:08:55 -0300] "GET /cormun/servlet/trsolicitudot HTTP/1.1" 200 14070
190.45.55.254 - - [21/Jun/2017:12:09:01 -0300] "GET /cormun/servlet/solicitudot?INS,0,0, HTTP/1.1" 200 13001
190.45.55.254 - - [21/Jun/2017:12:09:01 -0300] "GET /cormun/servlet/solicitudot?INS,0,0, HTTP/1.1" 200 13006
190.45.55.254 - - [21/Jun/2017:12:09:11 -0300] "POST /cormun/servlet/solicitudot?gx-no-cache=1498057804451 HTTP/1.1" 200 3208
190.45.55.254 - - [21/Jun/2017:12:09:11 -0300] "POST /cormun/servlet/solicitudot?c8376a49666becd1ee4c3e6075ecf64c,INS,0,0,,gx-no-cache=1498057804760 HTTP/1.1" 200 10030
190.45.55.254 - - [21/Jun/2017:12:09:11 -0300] "GET /cormun/servlet/solicitudot?804102d668c4fa2c27f59e98e2c39aca3fa9492eb44348cb50c95cecb29ad12f21ed74b0372e79fa23928b99a4470550,gx-no-cache=1498057805031 HTTP/1.1" 200 30
190.45.55.254 - - [21/Jun/2017:12:09:16 -0300] "POST /cormun/servlet/solicitudot?gx-no-cache=1498057810075 HTTP/1.1" 200 255
190.45.55.254 - - [21/Jun/2017:12:09:16 -0300] "GET /cormun/servlet/solicitudot?804102d668c4fa2c27f59e98e2c39acabbfe40c5328e2828fb72c008c1e821f5f3c8ae9f7cd64f6c2f854801948db49de77ff79615ace9b8a2b41f896b73e48d0fc7220597a2c04534eab8e37e70be02975bc22fe27ca82d1fd2160b0ed7616c7045ccbeb9f751db72bd3c62741500b22d9e8b38720a040386e021ee458306dfed3224ae1761783608682e5d55bd62e52fdd2957d90b3598563487d5f0dfe63b3fc06ffcc83d42365d67b481796051fa477cc110cd1b0ab0c9c90976764d62c99b278afc76008bc362d3b71973ecf93377cdb1989649b9dd9f4187f7cc5571069466e402ceaaaa98fcfbc6500deb229aaeae53acf83471771a88e36040941f39bf6fe45ba3bfff513b459c25c1a8269746f56af0d131a5ff0e3272392cd56fc86572eabe8c3bd5e3686e7e8b27c1b85f4239772c2d2f203b7eee97ca1da15d1bf81508a6ae32c12995b58aad6c25a6b47fbb7bf53e3c41c7fda9361d6be97420f7dd14b5f4e90aec7935d2b90414d7414481d92be1300387e240c8c56068e951,gx-no-cache=1498057810190 HTTP/1.1" 200 30
190.45.55.254 - - [21/Jun/2017:12:09:18 -0300] "POST /cormun/servlet/solicitudot?gx-no-cache=1498057811861 HTTP/1.1" 200 30
190.45.55.254 - - [21/Jun/2017:12:09:28 -0300] "POST /cormun/servlet/solicitudot?gx-no-cache=1498057822066 HTTP/1.1" 200 1301
190.45.55.254 - - [21/Jun/2017:12:09:28 -0300] "POST /cormun/servlet/solicitudot?gx-no-cache=1498057822179 HTTP/1.1" 200 38
190.45.55.254 - - [21/Jun/2017:12:09:37 -0300] "GET /cormun/servlet/solicitudot?804102d668c4fa2c27f59e98e2c39acaf28ad6c5b12d1519e9fc917f5e08ff020e7b42c60280abda21b501dc0c4481d6301c073eeca229c135662ad6fd6e9057d2ad0034b5a927126cf9d801aeb2e746618fecfa82388da510c6ca712f56f5c29bb9f80044edf43d7796775a88c9823d66762cea0132aea9912c0d2d87cf555c05cc25c923bc8a5633231f2466561b181b701f0761991f6f9ba69e4a093bc665,gx-no-cache=1498057831469 HTTP/1.1" 200 29
190.45.55.254 - - [21/Jun/2017:12:09:38 -0300] "POST /cormun/servlet/solicitudot?gx-no-cache=1498057831534 HTTP/1.1" 200 1281
190.45.55.254 - - [21/Jun/2017:12:09:39 -0300] "POST /cormun/servlet/solicitudot?gx-no-cache=1498057833181 HTTP/1.1" 200 30
190.45.55.254 - - [21/Jun/2017:12:09:41 -0300] "GET /cormun/static/menuarrow.gif HTTP/1.1" 404 1015
190.45.55.254 - - [21/Jun/2017:12:09:49 -0300] "POST /cormun/servlet/solicitudot?gx-no-cache=1498057842866 HTTP/1.1" 200 30
190.45.55.254 - - [21/Jun/2017:12:09:51 -0300] "POST /cormun/servlet/solicitudot?c8376a49666becd1ee4c3e6075ecf64c,INS,0,0,,gx-no-cache=1498057844579 HTTP/1.1" 200 93
190.45.55.254 - - [21/Jun/2017:12:09:51 -0300] "GET /cormun/servlet/hpexe_return? HTTP/1.1" 200 1011
190.45.55.254 - - [21/Jun/2017:12:09:51 -0300] "GET /cormun/servlet/trsolicitudot HTTP/1.1" 200 14464
190.45.55.254 - - [21/Jun/2017:12:09:52 -0300] "GET /cormun/servlet/trsolicitudot HTTP/1.1" 200 14459
190.45.55.254 - - [21/Jun/2017:12:09:58 -0300] "GET /cormun/servlet/solicitudot?INS,0,0, HTTP/1.1" 200 13001
190.45.55.254 - - [21/Jun/2017:12:09:58 -0300] "GET /cormun/servlet/solicitudot?INS,0,0, HTTP/1.1" 200 13006
190.45.55.254 - - [21/Jun/2017:12:10:05 -0300] "POST /cormun/servlet/solicitudot?gx-no-cache=1498057859017 HTTP/1.1" 200 3208
190.45.55.254 - - [21/Jun/2017:12:10:05 -0300] "POST /cormun/servlet/solicitudot?c8376a49666becd1ee4c3e6075ecf64c,INS,0,0,,gx-no-cache=1498057859277 HTTP/1.1" 200 10030
190.45.55.254 - - [21/Jun/2017:12:10:06 -0300] "GET /cormun/servlet/solicitudot?804102d668c4fa2c27f59e98e2c39aca3fa9492eb44348cb50c95cecb29ad12f21ed74b0372e79fa23928b99a4470550,gx-no-cache=1498057859609 HTTP/1.1" 200 30
190.45.55.254 - - [21/Jun/2017:12:10:08 -0300] "POST /cormun/servlet/solicitudot?gx-no-cache=1498057861632 HTTP/1.1" 200 255
190.45.55.254 - - [21/Jun/2017:12:10:08 -0300] "GET /cormun/servlet/solicitudot?804102d668c4fa2c27f59e98e2c39acabbfe40c5328e2828fb72c008c1e821f5f3c8ae9f7cd64f6c2f854801948db49de77ff79615ace9b8a2b41f896b73e48d0fc7220597a2c04534eab8e37e70be02975bc22fe27ca82d1fd2160b0ed7616c7045ccbeb9f751db72bd3c62741500b22d9e8b38720a040386e021ee458306dfed3224ae1761783608682e5d55bd62e52fdd2957d90b3598563487d5f0dfe63b3fc06ffcc83d42365d67b481796051fa477cc110cd1b0ab0c9c90976764d62c99b278afc76008bc362d3b71973ecf93377cdb1989649b9dd9f4187f7cc5571069466e402ceaaaa98fcfbc6500deb229aaeae53acf83471771a88e36040941f39bf6fe45ba3bfff513b459c25c1a8269746f56af0d131a5ff0e3272392cd56fc86572eabe8c3bd5e3686e7e8b27c1b85f4239772c2d2f203b7eee97ca1da15d1bf81508a6ae32c12995b58aad6c25a6b47fbb7bf53e3c41c7fda9361d6be97420f7dd14b5f4e90aec7935d2b90414d7414481d92be1300387e240c8c56068e951,gx-no-cache=1498057861751 HTTP/1.1" 200 30
190.45.55.254 - - [21/Jun/2017:12:10:10 -0300] "POST /cormun/servlet/solicitudot?gx-no-cache=1498057863891 HTTP/1.1" 200 30
190.45.55.254 - - [21/Jun/2017:12:10:28 -0300] "POST /cormun/servlet/solicitudot?gx-no-cache=1498057882084 HTTP/1.1" 200 1301
190.45.55.254 - - [21/Jun/2017:12:10:28 -0300] "POST /cormun/servlet/solicitudot?gx-no-cache=1498057882191 HTTP/1.1" 200 38
190.45.55.254 - - [21/Jun/2017:12:10:43 -0300] "GET /cormun/servlet/solicitudot?804102d668c4fa2c27f59e98e2c39acaf28ad6c5b12d1519e9fc917f5e08ff020e7b42c60280abda21b501dc0c4481d6301c073eeca229c135662ad6fd6e9057d2ad0034b5a927126cf9d801aeb2e746618fecfa82388da510c6ca712f56f5c29bb9f80044edf43d7796775a88c9823d66762cea0132aea9912c0d2d87cf555c05cc25c923bc8a5633231f2466561b181b701f0761991f6f9ba69e4a093bc665,gx-no-cache=1498057896551 HTTP/1.1" 200 29
190.45.55.254 - - [21/Jun/2017:12:10:43 -0300] "POST /cormun/servlet/solicitudot?gx-no-cache=1498057896643 HTTP/1.1" 200 1280
190.45.55.254 - - [21/Jun/2017:12:10:43 -0300] "GET /cormun/static/menuarrow.gif HTTP/1.1" 404 1015
190.45.55.254 - - [21/Jun/2017:12:10:45 -0300] "POST /cormun/servlet/solicitudot?gx-no-cache=1498057899057 HTTP/1.1" 200 1280
190.45.55.254 - - [21/Jun/2017:12:10:55 -0300] "POST /cormun/servlet/solicitudot?gx-no-cache=1498057908502 HTTP/1.1" 200 30
190.45.55.254 - - [21/Jun/2017:12:11:06 -0300] "POST /cormun/servlet/solicitudot?c8376a49666becd1ee4c3e6075ecf64c,INS,0,0,,gx-no-cache=1498057919642 HTTP/1.1" 200 93
190.45.55.254 - - [21/Jun/2017:12:11:06 -0300] "GET /cormun/servlet/hpexe_return? HTTP/1.1" 200 1011
190.45.55.254 - - [21/Jun/2017:12:11:06 -0300] "GET /cormun/servlet/trsolicitudot HTTP/1.1" 200 14754
190.45.55.254 - - [21/Jun/2017:12:11:07 -0300] "GET /cormun/servlet/trsolicitudot HTTP/1.1" 200 14749
190.45.55.254 - - [21/Jun/2017:12:11:17 -0300] "GET /cormun/servlet/solicitudot?INS,0,0, HTTP/1.1" 200 13001
190.45.55.254 - - [21/Jun/2017:12:11:17 -0300] "GET /cormun/servlet/solicitudot?INS,0,0, HTTP/1.1" 200 13006
186.103.159.182 - - [21/Jun/2017:12:11:28 -0300] "GET /cormun/servlet/licenciaspermisos?db982c6f431c9c2b008ac7ae36cceec95100371d2f25a0e4eb215e9c67e9652ae6dd4866890cba8e413a4946004c5bd450c5ec5d593dbb8c85234df05808b2a49e649ae019ab103fcb486054ddbae07b3c20d55fc586aa4d0b84c0d3ff2ce0a5f55d79fc69ffc2e15f5a9ba0113e433aedc463fdf6c8b0062f2cb50732ef24be6b1b3b014da3be52a2c74164366dfd6a6147df1ba2209f007f6c37a8cfe3f7fbaf4342382a51e232be89d88172a447773067b878145a0f0a42a60db7ab7eab42f71da67e3c0de1271063feb17d27f5bd3a83f6ccf8495a9d8b08746e0466b1f8,gx-no-cache=1498057938910 HTTP/1.1" 200 30
186.103.159.182 - - [21/Jun/2017:12:11:28 -0300] "GET /cormun/servlet/licenciaspermisos?db982c6f431c9c2b008ac7ae36cceec9d114609a46ce91cdfa768175a7ae87016f4f73a7532f605d8511031d06e7d40939074f0eff0d5b9a472b8c03ab9dd44d0e6d5f4478c9b0ae727d737914b5833ca272080089254d102792baa33f5a0ea9eb70fc790f43828c6017350496ee8aa91dcff80dcc9f27d787401aa1e01c492880aa8a30dc689fdf2f0b3cfbc23989af5a7fdb061bdae287240efa64b9f36c1d531efc67a86d10c9bb70b9ba7c2f811c2a522ce809179ede2d1522b93a4de58ad74452e5a656e12b26e0f05df947360ccd9f4059fa6745371b51c42d206ffa7a,gx-no-cache=1498057939052 HTTP/1.1" 200 29
186.103.159.182 - - [21/Jun/2017:12:11:29 -0300] "POST /cormun/servlet/licenciaspermisos?34f905b67d966482d572100ac5632727,INS,0,,,,gx-no-cache=1498057939123 HTTP/1.1" 200 93
186.103.159.182 - - [21/Jun/2017:12:11:29 -0300] "GET /cormun/servlet/hpexe_return? HTTP/1.1" 200 1010
190.45.55.254 - - [21/Jun/2017:12:11:29 -0300] "POST /cormun/servlet/solicitudot?gx-no-cache=1498057942632 HTTP/1.1" 200 3208
186.103.159.182 - - [21/Jun/2017:12:11:29 -0300] "GET /cormun/servlet/hhome HTTP/1.1" 200 4064
190.45.55.254 - - [21/Jun/2017:12:11:29 -0300] "POST /cormun/servlet/solicitudot?c8376a49666becd1ee4c3e6075ecf64c,INS,0,0,,gx-no-cache=1498057942969 HTTP/1.1" 200 10029
190.45.55.254 - - [21/Jun/2017:12:11:30 -0300] "GET /cormun/servlet/solicitudot?804102d668c4fa2c27f59e98e2c39aca0af0b3024fa17df60cf80bb665aa68e221ed74b0372e79fa23928b99a4470550,gx-no-cache=1498057943571 HTTP/1.1" 200 30
186.103.159.182 - - [21/Jun/2017:12:11:30 -0300] "GET /cormun/servlet/hhome HTTP/1.1" 200 4058
190.45.55.254 - - [21/Jun/2017:12:11:33 -0300] "POST /cormun/servlet/solicitudot?gx-no-cache=1498057947147 HTTP/1.1" 200 255
190.45.55.254 - - [21/Jun/2017:12:11:33 -0300] "GET /cormun/servlet/solicitudot?804102d668c4fa2c27f59e98e2c39acabbfe40c5328e2828fb72c008c1e821f5f3c8ae9f7cd64f6c2f854801948db49de77ff79615ace9b8a2b41f896b73e48d0fc7220597a2c04534eab8e37e70be02975bc22fe27ca82d1fd2160b0ed7616c7045ccbeb9f751db72bd3c62741500b22d9e8b38720a040386e021ee458306dfed3224ae1761783608682e5d55bd62e52fdd2957d90b3598563487d5f0dfe63b3fc06ffcc83d42365d67b481796051fa477cc110cd1b0ab0c9c90976764d62c99b278afc76008bc362d3b71973ecf93377cdb1989649b9dd9f4187f7cc5571069466e402ceaaaa98fcfbc6500deb229aaeae53acf83471771a88e36040941f39bf6fe45ba3bfff513b459c25c1a8269746f56af0d131a5ff0e3272392cd56fc86572eabe8c3bd5e3686e7e8b27c1b85f4239772c2d2f203b7eee97ca1da15d1bf81508a6ae32c12995b58aad6c25a6b47fbb7bf53e3c41c7fda9361d6be97420f7dd14b5f4e90aec7935d2b90414d7414481d92be1300387e240c8c56068e951,gx-no-cache=1498057947246 HTTP/1.1" 200 30
190.45.55.254 - - [21/Jun/2017:12:11:45 -0300] "POST /cormun/servlet/solicitudot?gx-no-cache=1498057959151 HTTP/1.1" 200 30
190.45.55.254 - - [21/Jun/2017:12:11:54 -0300] "POST /cormun/servlet/solicitudot?gx-no-cache=1498057967592 HTTP/1.1" 200 1301
190.45.55.254 - - [21/Jun/2017:12:11:54 -0300] "POST /cormun/servlet/solicitudot?gx-no-cache=1498057967713 HTTP/1.1" 200 38
186.103.159.182 - - [21/Jun/2017:12:11:54 -0300] "GET /cormun/servlet/trlicencias? HTTP/1.1" 200 18310
186.103.159.182 - - [21/Jun/2017:12:11:56 -0300] "GET /cormun/servlet/trlicencias? HTTP/1.1" 200 18304
190.45.55.254 - - [21/Jun/2017:12:12:05 -0300] "GET /cormun/servlet/solicitudot?804102d668c4fa2c27f59e98e2c39acaf28ad6c5b12d1519e9fc917f5e08ff020e7b42c60280abda21b501dc0c4481d6301c073eeca229c135662ad6fd6e9057d2ad0034b5a927126cf9d801aeb2e746618fecfa82388da510c6ca712f56f5c29bb9f80044edf43d7796775a88c9823d66762cea0132aea9912c0d2d87cf555c05cc25c923bc8a5633231f2466561b181b701f0761991f6f9ba69e4a093bc665,gx-no-cache=1498057978679 HTTP/1.1" 200 29
190.45.55.254 - - [21/Jun/2017:12:12:05 -0300] "POST /cormun/servlet/solicitudot?gx-no-cache=1498057978792 HTTP/1.1" 200 1281
190.45.55.254 - - [21/Jun/2017:12:12:05 -0300] "POST /cormun/servlet/solicitudot?gx-no-cache=1498057979190 HTTP/1.1" 200 30
186.103.159.182 - - [21/Jun/2017:12:12:08 -0300] "GET /cormun/servlet/alicenciaprn?9682951,L,20170621000000,PU HTTP/1.1" 200 1547
190.45.55.254 - - [21/Jun/2017:12:12:08 -0300] "GET /cormun/static/menuarrow.gif HTTP/1.1" 404 1015
190.45.55.254 - - [21/Jun/2017:12:12:14 -0300] "POST /cormun/servlet/solicitudot?gx-no-cache=1498057987842 HTTP/1.1" 200 1281
186.103.159.46 - - [21/Jun/2017:12:12:14 -0300] "GET /cormun/servlet/trpermisosgoce? HTTP/1.1" 200 14412
186.103.159.46 - - [21/Jun/2017:12:12:14 -0300] "GET /cormun/static/gxcfg.js?20175251265886 HTTP/1.1" 200 953
186.103.159.46 - - [21/Jun/2017:12:12:15 -0300] "GET /cormun/static/trpermisosgoce.js?2017525127453 HTTP/1.1" 200 35904
190.45.55.254 - - [21/Jun/2017:12:12:15 -0300] "POST /cormun/servlet/solicitudot?gx-no-cache=1498057989346 HTTP/1.1" 200 1281
186.103.159.46 - - [21/Jun/2017:12:12:17 -0300] "GET /cormun/servlet/trpermisosgoce? HTTP/1.1" 200 14397
186.103.159.46 - - [21/Jun/2017:12:12:17 -0300] "GET /cormun/servlet/trpermisosgoce? HTTP/1.1" 200 14414
186.103.159.46 - - [21/Jun/2017:12:12:19 -0300] "GET /cormun/servlet/trpermisosgoce? HTTP/1.1" 200 14416
190.45.55.254 - - [21/Jun/2017:12:12:25 -0300] "POST /cormun/servlet/solicitudot?gx-no-cache=1498057999364 HTTP/1.1" 200 30
190.45.55.254 - - [21/Jun/2017:12:12:26 -0300] "POST /cormun/servlet/solicitudot?c8376a49666becd1ee4c3e6075ecf64c,INS,0,0,,gx-no-cache=1498057999462 HTTP/1.1" 200 93
190.45.55.254 - - [21/Jun/2017:12:12:26 -0300] "GET /cormun/servlet/hpexe_return? HTTP/1.1" 200 1011
190.45.55.254 - - [21/Jun/2017:12:12:26 -0300] "GET /cormun/servlet/trsolicitudot HTTP/1.1" 200 15158
186.103.159.46 - - [21/Jun/2017:12:12:26 -0300] "GET /cormun/servlet/trpermisosadjuntos?11586545,20170613122212,P, HTTP/1.1" 200 6099
186.103.159.46 - - [21/Jun/2017:12:12:26 -0300] "GET /cormun/static/gxcfg.js?20175251271483 HTTP/1.1" 200 953
186.103.159.46 - - [21/Jun/2017:12:12:27 -0300] "GET /cormun/static/trpermisosadjuntos.js?20175251271844 HTTP/1.1" 200 20076
190.45.55.254 - - [21/Jun/2017:12:12:27 -0300] "GET /cormun/servlet/trsolicitudot HTTP/1.1" 200 15153
186.103.159.46 - - [21/Jun/2017:12:12:28 -0300] "GET /cormun/servlet/trpermisosadjuntos?11586545,20170613122212,P, HTTP/1.1" 200 6099
186.103.159.46 - - [21/Jun/2017:12:12:30 -0300] "GET /cormun/servlet/permisosadjuntos?INS,11586545,P,20170613122212,, HTTP/1.1" 200 5423
186.103.159.46 - - [21/Jun/2017:12:12:30 -0300] "GET /cormun/static/gxcfg.js?201741111155774 HTTP/1.1" 200 953
186.103.159.46 - - [21/Jun/2017:12:12:30 -0300] "GET /cormun/static/permisosadjuntos.js?201741111155784 HTTP/1.1" 200 8724
186.103.159.46 - - [21/Jun/2017:12:12:32 -0300] "GET /cormun/static/Resources/Spanish/PXTools.css?11294912 HTTP/1.1" 200 89042
186.103.159.46 - - [21/Jun/2017:12:12:33 -0300] "GET /cormun/static/about:blank HTTP/1.1" 404 1011
186.103.159.46 - - [21/Jun/2017:12:12:34 -0300] "GET /cormun/servlet/permisosadjuntos?INS,11586545,P,20170613122212,, HTTP/1.1" 200 5413
186.103.159.182 - - [21/Jun/2017:12:12:39 -0300] "GET /cormun/servlet/trlicenciaspermisosadjuntos?16254422,20170621000000,L, HTTP/1.1" 200 6832
186.103.159.182 - - [21/Jun/2017:12:12:41 -0300] "GET /cormun/servlet/trlicenciaspermisosadjuntos?16254422,20170621000000,L, HTTP/1.1" 200 6834
190.45.55.254 - - [21/Jun/2017:12:12:42 -0300] "GET /cormun/servlet/solicitudot?INS,0,0, HTTP/1.1" 200 13001
190.45.55.254 - - [21/Jun/2017:12:12:42 -0300] "GET /cormun/servlet/solicitudot?INS,0,0, HTTP/1.1" 200 13006
190.45.55.254 - - [21/Jun/2017:12:12:55 -0300] "POST /cormun/servlet/solicitudot?gx-no-cache=1498058028781 HTTP/1.1" 200 3208
190.45.55.254 - - [21/Jun/2017:12:12:55 -0300] "POST /cormun/servlet/solicitudot?c8376a49666becd1ee4c3e6075ecf64c,INS,0,0,,gx-no-cache=1498058029032 HTTP/1.1" 200 10030
190.45.55.254 - - [21/Jun/2017:12:12:55 -0300] "GET /cormun/servlet/solicitudot?804102d668c4fa2c27f59e98e2c39aca0af0b3024fa17df60cf80bb665aa68e221ed74b0372e79fa23928b99a4470550,gx-no-cache=1498058029340 HTTP/1.1" 200 30
186.103.159.46 - - [21/Jun/2017:12:12:56 -0300] "POST /cormun/servlet/permisosadjuntos?62958110cb36210e84fea29b03574ecd,INS,11586545,P,20170613122212,, HTTP/1.1" 200 116
186.103.159.46 - - [21/Jun/2017:12:12:56 -0300] "GET /cormun/servlet/hpexe_return? HTTP/1.1" 200 1040
186.103.159.46 - - [21/Jun/2017:12:12:57 -0300] "GET /cormun/servlet/trpermisosadjuntos?11586545,20170613122212,P, HTTP/1.1" 200 6568
186.103.159.46 - - [21/Jun/2017:12:12:58 -0300] "GET /cormun/servlet/trpermisosadjuntos?11586545,20170613122212,P, HTTP/1.1" 200 6563
190.45.55.254 - - [21/Jun/2017:12:12:59 -0300] "POST /cormun/servlet/solicitudot?gx-no-cache=1498058033024 HTTP/1.1" 200 255
190.45.55.254 - - [21/Jun/2017:12:12:59 -0300] "GET /cormun/servlet/solicitudot?804102d668c4fa2c27f59e98e2c39acabbfe40c5328e2828fb72c008c1e821f5f3c8ae9f7cd64f6c2f854801948db49de77ff79615ace9b8a2b41f896b73e48d0fc7220597a2c04534eab8e37e70be02975bc22fe27ca82d1fd2160b0ed7616c7045ccbeb9f751db72bd3c62741500b22d9e8b38720a040386e021ee458306dfed3224ae1761783608682e5d55bd62e52fdd2957d90b3598563487d5f0dfe63b3fc06ffcc83d42365d67b481796051fa477cc110cd1b0ab0c9c90976764d62c99b278afc76008bc362d3b71973ecf93377cdb1989649b9dd9f4187f7cc5571069466e402ceaaaa98fcfbc6500deb229aaeae53acf83471771a88e36040941f39bf6fe45ba3bfff513b459c25c1a8269746f56af0d131a5ff0e3272392cd56fc86572eabe8c3bd5e3686e7e8b27c1b85f4239772c2d2f203b7eee97ca1da15d1bf81508a6ae32c12995b58aad6c25a6b47fbb7bf53e3c41c7fda9361d6be97420f7dd14b5f4e90aec7935d2b90414d7414481d92be1300387e240c8c56068e951,gx-no-cache=1498058033486 HTTP/1.1" 200 30
186.103.159.46 - - [21/Jun/2017:12:13:01 -0300] "POST /cormun/servlet/trpermisosadjuntos?62958110cb36210e84fea29b03574ecd,11586545,20170613122212,P,,gx-no-cache=1498058033002 HTTP/1.1" 200 90
186.103.159.46 - - [21/Jun/2017:12:13:01 -0300] "GET /cormun/servlet/hpexe_link HTTP/1.1" 200 984
186.103.159.46 - - [21/Jun/2017:12:13:01 -0300] "GET /cormun/servlet/trpermisosgoce HTTP/1.1" 200 14414
186.103.159.182 - - [21/Jun/2017:12:13:02 -0300] "POST /cormun/servlet/trlicenciaspermisosadjuntos?34f905b67d966482d572100ac5632727,16254422,20170621000000,L,,gx-no-cache=1498058032810 HTTP/1.1" 200 90
186.103.159.182 - - [21/Jun/2017:12:13:02 -0300] "GET /cormun/servlet/hpexe_link HTTP/1.1" 200 982
186.103.159.182 - - [21/Jun/2017:12:13:03 -0300] "GET /cormun/servlet/trlicencias HTTP/1.1" 200 18309
186.103.159.46 - - [21/Jun/2017:12:13:03 -0300] "GET /cormun/servlet/trpermisosgoce HTTP/1.1" 200 14413
186.103.159.182 - - [21/Jun/2017:12:13:04 -0300] "GET /cormun/servlet/trlicencias HTTP/1.1" 200 18307
186.103.159.182 - - [21/Jun/2017:12:13:09 -0300] "GET /cormun/servlet/trlicenciaspermisosadjuntos?9682951,20170621000000,L, HTTP/1.1" 200 6402
186.103.159.182 - - [21/Jun/2017:12:13:11 -0300] "GET /cormun/servlet/trlicenciaspermisosadjuntos?9682951,20170621000000,L, HTTP/1.1" 200 6403
190.45.55.254 - - [21/Jun/2017:12:13:12 -0300] "POST /cormun/servlet/solicitudot?gx-no-cache=1498058045576 HTTP/1.1" 200 30
186.103.159.46 - - [21/Jun/2017:12:13:12 -0300] "POST /cormun/servlet/trpermisosgoce?62958110cb36210e84fea29b03574ecd,gx-no-cache=1498058044576 HTTP/1.1" 200 11667
186.103.159.46 - - [21/Jun/2017:12:13:13 -0300] "GET /cormun/static/Shared/jqueryui/images/ui-bg_highlight-soft_100_c6c2c8_1x100.png HTTP/1.1" 404 1117
186.103.159.46 - - [21/Jun/2017:12:13:13 -0300] "GET /cormun/static/Shared/jqueryui/images/ui-icons_82798d_256x240.png HTTP/1.1" 404 1089
186.103.159.46 - - [21/Jun/2017:12:13:13 -0300] "GET /cormun/static/Shared/jqueryui/images/ui-bg_flat_55_fafafa_40x100.png HTTP/1.1" 404 1097
186.103.159.46 - - [21/Jun/2017:12:13:13 -0300] "GET /cormun/static/Shared/jqueryui/images/ui-icons_8d78a5_256x240.png HTTP/1.1" 404 1089
190.45.55.254 - - [21/Jun/2017:12:13:15 -0300] "POST /cormun/servlet/solicitudot?gx-no-cache=1498058048824 HTTP/1.1" 200 30
186.103.159.182 - - [21/Jun/2017:12:13:18 -0300] "GET /cormun/servlet/licenciaspermisosadjuntos?INS,9682951,L,20170621000000,, HTTP/1.1" 200 5704
186.103.159.182 - - [21/Jun/2017:12:13:18 -0300] "GET /cormun/static/about:blank HTTP/1.1" 404 1011
186.103.159.182 - - [21/Jun/2017:12:13:19 -0300] "GET /cormun/servlet/licenciaspermisosadjuntos?INS,9682951,L,20170621000000,, HTTP/1.1" 200 5694
190.45.55.254 - - [21/Jun/2017:12:13:21 -0300] "POST /cormun/servlet/solicitudot?gx-no-cache=1498058055345 HTTP/1.1" 200 1301
190.45.55.254 - - [21/Jun/2017:12:13:22 -0300] "POST /cormun/servlet/solicitudot?gx-no-cache=1498058055481 HTTP/1.1" 200 38
190.45.55.254 - - [21/Jun/2017:12:13:32 -0300] "GET /cormun/servlet/solicitudot?804102d668c4fa2c27f59e98e2c39acaf28ad6c5b12d1519e9fc917f5e08ff020e7b42c60280abda21b501dc0c4481d6301c073eeca229c135662ad6fd6e9057d2ad0034b5a927126cf9d801aeb2e746618fecfa82388da510c6ca712f56f5c29bb9f80044edf43d7796775a88c9823d66762cea0132aea9912c0d2d87cf555c05cc25c923bc8a5633231f2466561b181b701f0761991f6f9ba69e4a093bc665,gx-no-cache=1498058065455 HTTP/1.1" 200 29
190.45.55.254 - - [21/Jun/2017:12:13:32 -0300] "POST /cormun/servlet/solicitudot?gx-no-cache=1498058065558 HTTP/1.1" 200 1280
190.45.55.254 - - [21/Jun/2017:12:13:32 -0300] "GET /cormun/static/menuarrow.gif HTTP/1.1" 404 1015
190.45.55.254 - - [21/Jun/2017:12:13:33 -0300] "POST /cormun/servlet/solicitudot?gx-no-cache=1498058067430 HTTP/1.1" 200 1280
190.45.55.254 - - [21/Jun/2017:12:13:42 -0300] "POST /cormun/servlet/solicitudot?gx-no-cache=1498058075856 HTTP/1.1" 200 30
186.103.159.46 - - [21/Jun/2017:12:13:49 -0300] "GET /cormun/servlet/trpermisosadjuntos?8998455,20170615102125,P, HTTP/1.1" 200 6110
186.103.159.46 - - [21/Jun/2017:12:13:50 -0300] "GET /cormun/servlet/trpermisosadjuntos?8998455,20170615102125,P, HTTP/1.1" 200 6109
186.103.159.182 - - [21/Jun/2017:12:13:57 -0300] "POST /cormun/servlet/licenciaspermisosadjuntos?34f905b67d966482d572100ac5632727,INS,9682951,L,20170621000000,, HTTP/1.1" 200 116
186.103.159.182 - - [21/Jun/2017:12:13:57 -0300] "GET /cormun/servlet/hpexe_return? HTTP/1.1" 200 1040
186.103.159.182 - - [21/Jun/2017:12:13:57 -0300] "GET /cormun/servlet/trlicenciaspermisosadjuntos?9682951,20170621000000,L, HTTP/1.1" 200 6893
186.103.159.182 - - [21/Jun/2017:12:13:59 -0300] "GET /cormun/servlet/trlicenciaspermisosadjuntos?9682951,20170621000000,L, HTTP/1.1" 200 6892
186.103.159.46 - - [21/Jun/2017:12:13:59 -0300] "POST /cormun/servlet/trpermisosadjuntos?62958110cb36210e84fea29b03574ecd,8998455,20170615102125,P,,gx-no-cache=1498058091513 HTTP/1.1" 200 90
186.103.159.46 - - [21/Jun/2017:12:13:59 -0300] "GET /cormun/servlet/hpexe_link HTTP/1.1" 200 1006
186.103.159.46 - - [21/Jun/2017:12:14:00 -0300] "GET /cormun/servlet/trpermisosgoce?gx-no-cache=1498058044576 HTTP/1.1" 200 14425
190.45.55.254 - - [21/Jun/2017:12:14:01 -0300] "POST /cormun/servlet/solicitudot?c8376a49666becd1ee4c3e6075ecf64c,INS,0,0,,gx-no-cache=1498058094790 HTTP/1.1" 200 93
190.45.55.254 - - [21/Jun/2017:12:14:01 -0300] "GET /cormun/servlet/hpexe_return? HTTP/1.1" 200 1011
186.103.159.46 - - [21/Jun/2017:12:14:01 -0300] "GET /cormun/servlet/trpermisosgoce?gx-no-cache=1498058044576 HTTP/1.1" 200 14441
190.45.55.254 - - [21/Jun/2017:12:14:01 -0300] "GET /cormun/servlet/trsolicitudot HTTP/1.1" 200 15410
190.45.55.254 - - [21/Jun/2017:12:14:02 -0300] "GET /cormun/servlet/trsolicitudot HTTP/1.1" 200 15406
186.103.159.182 - - [21/Jun/2017:12:14:04 -0300] "POST /cormun/servlet/trlicenciaspermisosadjuntos?34f905b67d966482d572100ac5632727,9682951,20170621000000,L,,gx-no-cache=1498058095141 HTTP/1.1" 200 90
186.103.159.182 - - [21/Jun/2017:12:14:04 -0300] "GET /cormun/servlet/hpexe_link HTTP/1.1" 200 982
186.103.159.182 - - [21/Jun/2017:12:14:05 -0300] "GET /cormun/servlet/trlicencias HTTP/1.1" 200 18316
186.103.159.182 - - [21/Jun/2017:12:14:06 -0300] "GET /cormun/servlet/trlicencias HTTP/1.1" 200 18307
186.103.159.46 - - [21/Jun/2017:12:14:13 -0300] "GET /cormun/servlet/trpermisosadjuntos?7452197,20170615101659,P, HTTP/1.1" 200 6131
186.103.159.46 - - [21/Jun/2017:12:14:14 -0300] "GET /cormun/servlet/trpermisosadjuntos?7452197,20170615101659,P, HTTP/1.1" 200 6110
186.103.159.46 - - [21/Jun/2017:12:14:17 -0300] "GET /cormun/servlet/permisosadjuntos?INS,7452197,P,20170615101659,, HTTP/1.1" 200 5434
186.103.159.46 - - [21/Jun/2017:12:14:17 -0300] "GET /cormun/static/about:blank HTTP/1.1" 404 1011
186.103.159.46 - - [21/Jun/2017:12:14:18 -0300] "GET /cormun/servlet/permisosadjuntos?INS,7452197,P,20170615101659,, HTTP/1.1" 200 5424
