186.103.159.46 - - [21/Jun/2017:10:47:46 -0300] "POST /cormun/servlet/licenciaspermisos?713cbf0840314eaa522c4e38f2f5cd19,INS,0,,,,gx-no-cache=1498049317041 HTTP/1.1" 200 93
186.103.159.46 - - [21/Jun/2017:10:47:46 -0300] "GET /cormun/servlet/hpexe_return? HTTP/1.1" 200 1010
186.103.159.46 - - [21/Jun/2017:10:47:47 -0300] "GET /cormun/static/gxcfg.js?2016101716175148 HTTP/1.1" 200 953
186.103.159.46 - - [21/Jun/2017:10:47:47 -0300] "GET /cormun/static/Resources/Spanish/PXTools.css?167811 HTTP/1.1" 200 89042
186.103.159.46 - - [21/Jun/2017:10:47:47 -0300] "GET /cormun/static/hpexe_return.js?2016101716175153 HTTP/1.1" 200 1633
186.103.159.46 - - [21/Jun/2017:10:47:47 -0300] "GET /cormun/servlet/trlicencias HTTP/1.1" 200 12713
186.79.225.218 - - [21/Jun/2017:10:47:47 -0300] "GET /cormun/servlet/trpermisosadjuntos?9214477,20170619091724,P, HTTP/1.1" 200 6061
186.103.159.46 - - [21/Jun/2017:10:47:49 -0300] "GET /cormun/servlet/trlicencias HTTP/1.1" 200 12713
186.103.159.46 - - [21/Jun/2017:10:47:50 -0300] "GET /cormun//static/Resources/PXToolsGridUpdate.png HTTP/1.1" 200 2984
186.103.159.46 - - [21/Jun/2017:10:47:50 -0300] "GET /cormun//static/Resources/PXToolsGridDelete.png HTTP/1.1" 200 357
186.79.225.218 - - [21/Jun/2017:10:47:51 -0300] "GET /cormun/servlet/permisosadjuntos?INS,9214477,P,20170619091724,, HTTP/1.1" 200 5381
186.79.225.218 - - [21/Jun/2017:10:47:51 -0300] "GET /cormun/static/gxcfg.js?201741111155774 HTTP/1.1" 304 -
186.79.225.218 - - [21/Jun/2017:10:47:51 -0300] "GET /cormun/static/about:blank HTTP/1.1" 404 1011
186.79.225.218 - - [21/Jun/2017:10:47:52 -0300] "GET /cormun/servlet/permisosadjuntos?INS,9214477,P,20170619091724,, HTTP/1.1" 200 5370
186.103.159.46 - - [21/Jun/2017:10:47:58 -0300] "GET /cormun/servlet/alicenciaprn?7469771,L,20170621000000,PU HTTP/1.1" 200 1538
190.45.55.254 - - [21/Jun/2017:10:48:07 -0300] "GET /cormun/servlet/trlicenciaspermisosadjuntos?12292525,20170621000000,L, HTTP/1.1" 200 6464
190.45.55.254 - - [21/Jun/2017:10:48:07 -0300] "GET /cormun/static/gxcfg.js?20175251265349 HTTP/1.1" 304 -
190.45.55.254 - - [21/Jun/2017:10:48:07 -0300] "GET /cormun/servlet/trlicenciaspermisosadjuntos?12292525,20170621000000,L, HTTP/1.1" 200 6465
190.45.55.254 - - [21/Jun/2017:10:48:09 -0300] "GET /cormun/servlet/licenciaspermisosadjuntos?INS,12292525,L,20170621000000,, HTTP/1.1" 200 5761
190.45.55.254 - - [21/Jun/2017:10:48:09 -0300] "GET /cormun/static/gxcfg.js?201752511544364 HTTP/1.1" 304 -
190.45.55.254 - - [21/Jun/2017:10:48:09 -0300] "GET /cormun/static/about:blank HTTP/1.1" 404 1011
190.45.55.254 - - [21/Jun/2017:10:48:09 -0300] "GET /cormun/servlet/licenciaspermisosadjuntos?INS,12292525,L,20170621000000,, HTTP/1.1" 200 5750
186.79.225.218 - - [21/Jun/2017:10:48:24 -0300] "POST /cormun/servlet/permisosadjuntos?3b75aa644842d47e49ef59e4d4bef681,INS,9214477,P,20170619091724,, HTTP/1.1" 200 116
186.79.225.218 - - [21/Jun/2017:10:48:25 -0300] "GET /cormun/servlet/hpexe_return? HTTP/1.1" 200 1038
186.79.225.218 - - [21/Jun/2017:10:48:25 -0300] "GET /cormun/servlet/trpermisosadjuntos?9214477,20170619091724,P, HTTP/1.1" 200 6519
186.79.225.218 - - [21/Jun/2017:10:48:26 -0300] "GET /cormun/servlet/trpermisosadjuntos?9214477,20170619091724,P, HTTP/1.1" 200 6515
186.79.225.218 - - [21/Jun/2017:10:48:27 -0300] "GET /cormun/PublicTempStorage/sr._meza8036666.jpg HTTP/1.1" 200 1113666
186.79.225.218 - - [21/Jun/2017:10:48:31 -0300] "GET /cormun/servlet/trpermisosgoce? HTTP/1.1" 200 12744
186.79.225.218 - - [21/Jun/2017:10:48:32 -0300] "GET /cormun/servlet/trpermisosgoce? HTTP/1.1" 200 12738
186.79.225.218 - - [21/Jun/2017:10:48:41 -0300] "POST /cormun/servlet/trpermisosgoce?3b75aa644842d47e49ef59e4d4bef681,,gx-no-cache=1498052971097 HTTP/1.1" 200 9972
186.79.225.218 - - [21/Jun/2017:10:48:41 -0300] "GET /cormun/static/Shared/jqueryui/images/ui-bg_highlight-soft_100_c6c2c8_1x100.png HTTP/1.1" 404 1117
186.79.225.218 - - [21/Jun/2017:10:48:41 -0300] "GET /cormun/static/Shared/jqueryui/images/ui-icons_82798d_256x240.png HTTP/1.1" 404 1089
186.79.225.218 - - [21/Jun/2017:10:48:42 -0300] "GET /cormun/static/Shared/jqueryui/images/ui-bg_flat_55_fafafa_40x100.png HTTP/1.1" 404 1097
186.79.225.218 - - [21/Jun/2017:10:48:42 -0300] "GET /cormun/static/Shared/jqueryui/images/ui-icons_8d78a5_256x240.png HTTP/1.1" 404 1089
190.45.55.254 - - [21/Jun/2017:10:49:11 -0300] "POST /cormun/servlet/licenciaspermisosadjuntos?6dc24c8fe9f1be3f6e5835af3fcb3c78,INS,12292525,L,20170621000000,, HTTP/1.1" 200 116
190.45.55.254 - - [21/Jun/2017:10:49:11 -0300] "GET /cormun/servlet/hpexe_return? HTTP/1.1" 200 1046
190.45.55.254 - - [21/Jun/2017:10:49:12 -0300] "GET /cormun/servlet/trlicenciaspermisosadjuntos?12292525,20170621000000,L, HTTP/1.1" 200 6983
190.45.55.254 - - [21/Jun/2017:10:49:12 -0300] "GET /cormun/servlet/trlicenciaspermisosadjuntos?12292525,20170621000000,L, HTTP/1.1" 200 6981
190.45.55.254 - - [21/Jun/2017:10:49:15 -0300] "POST /cormun/servlet/trlicenciaspermisosadjuntos?6dc24c8fe9f1be3f6e5835af3fcb3c78,12292525,20170621000000,L,,gx-no-cache=1498053008932 HTTP/1.1" 200 90
190.45.55.254 - - [21/Jun/2017:10:49:15 -0300] "GET /cormun/servlet/hpexe_link HTTP/1.1" 200 986
190.45.55.254 - - [21/Jun/2017:10:49:16 -0300] "GET /cormun/servlet/trlicencias HTTP/1.1" 200 14860
190.45.55.254 - - [21/Jun/2017:10:49:16 -0300] "GET /cormun/servlet/trlicencias HTTP/1.1" 200 14858
186.103.159.46 - - [21/Jun/2017:10:50:09 -0300] "GET /cormun/servlet/alicenciaprn?7469771,L,20170621000000,PU HTTP/1.1" 200 1539
186.103.159.46 - - [21/Jun/2017:10:50:09 -0300] "GET /cormun/servlet/alicenciaprn?7469771,L,20170621000000,PU HTTP/1.1" 200 1539
186.103.159.46 - - [21/Jun/2017:10:50:18 -0300] "GET /cormun/servlet/alicenciaprn?7469771,L,20170621000000,PU HTTP/1.1" 200 1535
192.168.10.96 - - [21/Jun/2017:10:53:05 -0300] "GET /cormun/servlet/trconsultaempleado? HTTP/1.1" 200 5388
192.168.10.96 - - [21/Jun/2017:10:53:05 -0300] "GET /cormun/servlet/hlogin HTTP/1.1" 200 1746
192.168.10.96 - - [21/Jun/2017:10:53:05 -0300] "GET /cormun/servlet/trconsultaempleado? HTTP/1.1" 200 5382
222.186.21.169 - - [21/Jun/2017:10:53:19 -0300] "GET /manager/html HTTP/1.1" 401 2474
222.186.21.169 - - [21/Jun/2017:10:53:20 -0300] "GET /manager/html HTTP/1.1" 401 2474
222.186.21.169 - - [21/Jun/2017:10:53:23 -0300] "GET /manager/html HTTP/1.1" 401 2474
222.186.21.169 - - [21/Jun/2017:10:53:24 -0300] "GET /manager/html HTTP/1.1" 401 2474
186.79.76.136 - - [21/Jun/2017:10:55:06 -0300] "GET /cormun/servlet/hlogin HTTP/1.1" 200 1717
186.79.76.136 - - [21/Jun/2017:10:55:07 -0300] "GET /cormun/static/gxcfg.js?20175251213516 HTTP/1.1" 304 -
186.79.76.136 - - [21/Jun/2017:10:55:07 -0300] "GET /cormun/static/messages.spa.js?85251 HTTP/1.1" 304 -
186.79.76.136 - - [21/Jun/2017:10:55:07 -0300] "GET /cormun/servlet/hlogin HTTP/1.1" 200 1727
186.79.76.136 - - [21/Jun/2017:10:55:11 -0300] "POST /cormun/servlet/hlogin?de1150b4ff5e731ea4585874718fad1e,gx-no-cache=1498053363215 HTTP/1.1" 200 90
186.79.76.136 - - [21/Jun/2017:10:55:12 -0300] "GET /cormun/servlet/hpexe_link HTTP/1.1" 200 948
186.79.76.136 - - [21/Jun/2017:10:55:12 -0300] "GET /cormun/static/gxcfg.js?20175251212395 HTTP/1.1" 304 -
186.79.76.136 - - [21/Jun/2017:10:55:12 -0300] "GET /cormun/servlet/hhome HTTP/1.1" 200 3809
186.79.76.136 - - [21/Jun/2017:10:55:12 -0300] "GET /cormun/static/gxcfg.js?20175251212442 HTTP/1.1" 304 -
186.79.76.136 - - [21/Jun/2017:10:55:12 -0300] "GET /cormun/servlet/hhome HTTP/1.1" 200 3805
186.79.76.136 - - [21/Jun/2017:10:55:15 -0300] "GET /cormun/servlet/trlicencias? HTTP/1.1" 200 14048
186.79.76.136 - - [21/Jun/2017:10:55:15 -0300] "GET /cormun/static/gxcfg.js?201761114293151 HTTP/1.1" 304 -
186.79.76.136 - - [21/Jun/2017:10:55:15 -0300] "GET /cormun/static/trlicencias.js?201761114293683 HTTP/1.1" 304 -
186.79.76.136 - - [21/Jun/2017:10:55:16 -0300] "GET /cormun/servlet/trlicencias? HTTP/1.1" 200 14048
186.79.76.136 - - [21/Jun/2017:10:55:19 -0300] "GET /cormun/servlet/licenciaspermisos?INS,0,,, HTTP/1.1" 200 7330
186.79.76.136 - - [21/Jun/2017:10:55:19 -0300] "GET /cormun/static/gxcfg.js?201761114292610 HTTP/1.1" 200 953
186.79.76.136 - - [21/Jun/2017:10:55:19 -0300] "GET /cormun/static/licenciaspermisos.js?201761114292672 HTTP/1.1" 304 -
186.79.76.136 - - [21/Jun/2017:10:55:19 -0300] "GET /cormun/servlet/licenciaspermisos?INS,0,,, HTTP/1.1" 200 7330
186.79.76.136 - - [21/Jun/2017:10:55:26 -0300] "GET /cormun/servlet/licenciaspermisos?24dc33d3ef4bda0d7404b5a16af9591afdef5bcb13786a2277c00d08cf24dc2cb99a53a8afad0a3bb5986f29622b0430,gx-no-cache=1498053377464 HTTP/1.1" 200 185
186.79.76.136 - - [21/Jun/2017:10:55:26 -0300] "GET /cormun/static/Shared/jqueryui/images/ui-bg_highlight-soft_100_c6c2c8_1x100.png HTTP/1.1" 404 1117
186.79.76.136 - - [21/Jun/2017:10:55:27 -0300] "GET /cormun/static/Shared/jqueryui/images/ui-icons_82798d_256x240.png HTTP/1.1" 404 1089
186.79.76.136 - - [21/Jun/2017:10:55:27 -0300] "GET /cormun/static/Shared/jqueryui/images/ui-icons_ebccce_256x240.png HTTP/1.1" 404 1089
186.79.76.136 - - [21/Jun/2017:10:55:27 -0300] "GET /cormun/static/Shared/jqueryui/images/ui-bg_flat_55_994d53_40x100.png HTTP/1.1" 404 1097
186.79.76.136 - - [21/Jun/2017:10:55:40 -0300] "GET /cormun/servlet/licenciaspermisos?24dc33d3ef4bda0d7404b5a16af9591afdef5bcb13786a2277c00d08cf24dc2cb99a53a8afad0a3bb5986f29622b0430,gx-no-cache=1498053391866 HTTP/1.1" 200 185
186.103.159.182 - - [21/Jun/2017:10:55:48 -0300] "GET /cormun/servlet/prfichaempleado?,MD,,gxPopupLevel%3D0%3B HTTP/1.1" 200 9351
186.79.76.136 - - [21/Jun/2017:10:56:02 -0300] "GET /cormun/servlet/licenciaspermisos?24dc33d3ef4bda0d7404b5a16af9591afdef5bcb13786a2277c00d08cf24dc2cb99a53a8afad0a3bb5986f29622b0430,gx-no-cache=1498053412539 HTTP/1.1" 200 185
186.79.26.154 - - [21/Jun/2017:10:56:02 -0300] "GET /cormun/servlet/solicitudotadjuntos?a480de7b738feb4df35016096aa1c8dff5a7fb15ff50922d87709e1393e97e08,gx-no-cache=1498053410998 HTTP/1.1" 200 30
186.79.26.154 - - [21/Jun/2017:10:56:02 -0300] "GET /cormun/servlet/solicitudotadjuntos?a480de7b738feb4df35016096aa1c8dff5a7fb15ff50922d87709e1393e97e08,gx-no-cache=1498053411211 HTTP/1.1" 200 30
186.79.26.154 - - [21/Jun/2017:10:56:05 -0300] "POST /cormun/servlet/solicitudotadjuntos?f26f9e737502d24747ba00d5a89b1b87,INS,2017,6858,,1, HTTP/1.1" 200 116
186.79.26.154 - - [21/Jun/2017:10:56:05 -0300] "GET /cormun/servlet/hpexe_return? HTTP/1.1" 200 1026
186.79.26.154 - - [21/Jun/2017:10:56:05 -0300] "GET /cormun/servlet/trsolicitudadjuntos?2017,6858, HTTP/1.1" 200 8369
186.103.159.182 - - [21/Jun/2017:10:56:06 -0300] "POST /cormun/servlet/prfichaempleado?cb108244baa70f1e583566155e0016f9,,MD,,gxPopupLevel%3D0%3B,gx-no-cache=1498053415941 HTTP/1.1" 200 3483
186.79.26.154 - - [21/Jun/2017:10:56:07 -0300] "GET /cormun/servlet/trsolicitudadjuntos?2017,6858, HTTP/1.1" 200 8365
186.79.26.154 - - [21/Jun/2017:10:56:09 -0300] "GET /cormun/servlet/solicitudotadjuntos?INS,2017,6858,,1, HTTP/1.1" 200 6031
186.79.26.154 - - [21/Jun/2017:10:56:10 -0300] "GET /cormun/static/about:blank HTTP/1.1" 404 1011
186.79.26.154 - - [21/Jun/2017:10:56:10 -0300] "GET /cormun/servlet/solicitudotadjuntos?INS,2017,6858,,1, HTTP/1.1" 200 6025
186.79.26.154 - - [21/Jun/2017:10:56:11 -0300] "GET /cormun/servlet/solicitudotadjuntos?a480de7b738feb4df35016096aa1c8df5ed27ce28276e70509a1678f4295ff04cc95816eaa25aa895842b581718de3ce,gx-no-cache=1498053419636 HTTP/1.1" 200 30
186.79.26.154 - - [21/Jun/2017:10:56:11 -0300] "POST /cormun/servlet/solicitudotadjuntos?f26f9e737502d24747ba00d5a89b1b87,INS,2017,6858,,1,,gx-no-cache=1498053419797 HTTP/1.1" 200 3866
186.79.26.154 - - [21/Jun/2017:10:56:20 -0300] "POST /cormun/servlet/solicitudotadjuntos?gx-no-cache=1498053428385 HTTP/1.1" 200 26
186.79.26.154 - - [21/Jun/2017:10:56:34 -0300] "GET /cormun/servlet/solicitudotadjuntos?a480de7b738feb4df35016096aa1c8dff5a7fb15ff50922d87709e1393e97e08,gx-no-cache=1498053442459 HTTP/1.1" 200 30
186.79.26.154 - - [21/Jun/2017:10:56:34 -0300] "GET /cormun/servlet/solicitudotadjuntos?a480de7b738feb4df35016096aa1c8dff5a7fb15ff50922d87709e1393e97e08,gx-no-cache=1498053442543 HTTP/1.1" 200 30
186.103.159.182 - - [21/Jun/2017:10:56:35 -0300] "GET /cormun/servlet/prfichaempleado?,MD,,gxPopupLevel%3D0%3B HTTP/1.1" 200 9351
186.79.26.154 - - [21/Jun/2017:10:56:37 -0300] "POST /cormun/servlet/solicitudotadjuntos?f26f9e737502d24747ba00d5a89b1b87,INS,2017,6858,,1, HTTP/1.1" 200 116
186.79.26.154 - - [21/Jun/2017:10:56:37 -0300] "GET /cormun/servlet/hpexe_return? HTTP/1.1" 200 1026
186.79.26.154 - - [21/Jun/2017:10:56:38 -0300] "GET /cormun/servlet/trsolicitudadjuntos?2017,6858, HTTP/1.1" 200 8572
186.79.26.154 - - [21/Jun/2017:10:56:39 -0300] "GET /cormun/servlet/trsolicitudadjuntos?2017,6858, HTTP/1.1" 200 8573
186.79.26.154 - - [21/Jun/2017:10:56:46 -0300] "GET /cormun/servlet/solicitudotadjuntos?INS,2017,6858,,1, HTTP/1.1" 200 6031
186.79.26.154 - - [21/Jun/2017:10:56:46 -0300] "GET /cormun/static/about:blank HTTP/1.1" 404 1011
186.79.26.154 - - [21/Jun/2017:10:56:47 -0300] "GET /cormun/servlet/solicitudotadjuntos?INS,2017,6858,,1, HTTP/1.1" 200 6025
186.79.26.154 - - [21/Jun/2017:10:56:47 -0300] "GET /cormun/servlet/solicitudotadjuntos?a480de7b738feb4df35016096aa1c8df5ed27ce28276e70509a1678f4295ff04cc95816eaa25aa895842b581718de3ce,gx-no-cache=1498053455990 HTTP/1.1" 200 30
186.79.26.154 - - [21/Jun/2017:10:56:48 -0300] "POST /cormun/servlet/solicitudotadjuntos?f26f9e737502d24747ba00d5a89b1b87,INS,2017,6858,,1,,gx-no-cache=1498053456107 HTTP/1.1" 200 3866
186.103.159.182 - - [21/Jun/2017:10:56:49 -0300] "POST /cormun/servlet/prfichaempleado?cb108244baa70f1e583566155e0016f9,,MD,,gxPopupLevel%3D0%3B,gx-no-cache=1498053459509 HTTP/1.1" 200 4233
186.79.26.154 - - [21/Jun/2017:10:56:53 -0300] "POST /cormun/servlet/solicitudotadjuntos?gx-no-cache=1498053461608 HTTP/1.1" 200 26
186.79.26.154 - - [21/Jun/2017:10:57:00 -0300] "GET /cormun/servlet/solicitudotadjuntos?a480de7b738feb4df35016096aa1c8dff5a7fb15ff50922d87709e1393e97e08,gx-no-cache=1498053468467 HTTP/1.1" 200 30
186.79.26.154 - - [21/Jun/2017:10:57:00 -0300] "GET /cormun/servlet/solicitudotadjuntos?a480de7b738feb4df35016096aa1c8dff5a7fb15ff50922d87709e1393e97e08,gx-no-cache=1498053468569 HTTP/1.1" 200 30
186.79.26.154 - - [21/Jun/2017:10:57:04 -0300] "POST /cormun/servlet/solicitudotadjuntos?f26f9e737502d24747ba00d5a89b1b87,INS,2017,6858,,1, HTTP/1.1" 200 116
186.79.26.154 - - [21/Jun/2017:10:57:04 -0300] "GET /cormun/servlet/hpexe_return? HTTP/1.1" 200 1026
186.79.26.154 - - [21/Jun/2017:10:57:04 -0300] "GET /cormun/servlet/trsolicitudadjuntos?2017,6858, HTTP/1.1" 200 8735
186.79.26.154 - - [21/Jun/2017:10:57:05 -0300] "GET /cormun/servlet/trsolicitudadjuntos?2017,6858, HTTP/1.1" 200 8733
186.79.26.154 - - [21/Jun/2017:10:57:08 -0300] "GET /cormun/servlet/solicitudotadjuntos?INS,2017,6858,,1, HTTP/1.1" 200 6031
186.79.26.154 - - [21/Jun/2017:10:57:08 -0300] "GET /cormun/static/about:blank HTTP/1.1" 404 1011
186.79.26.154 - - [21/Jun/2017:10:57:09 -0300] "GET /cormun/servlet/solicitudotadjuntos?INS,2017,6858,,1, HTTP/1.1" 200 6025
186.79.26.154 - - [21/Jun/2017:10:57:09 -0300] "GET /cormun/servlet/solicitudotadjuntos?a480de7b738feb4df35016096aa1c8df5ed27ce28276e70509a1678f4295ff04cc95816eaa25aa895842b581718de3ce,gx-no-cache=1498053477819 HTTP/1.1" 200 30
186.79.26.154 - - [21/Jun/2017:10:57:09 -0300] "POST /cormun/servlet/solicitudotadjuntos?f26f9e737502d24747ba00d5a89b1b87,INS,2017,6858,,1,,gx-no-cache=1498053477958 HTTP/1.1" 200 3866
186.103.159.182 - - [21/Jun/2017:10:57:14 -0300] "GET /cormun/servlet/licenciaspermisos?c5e7390eb08fcb60284676d29b9408fe37f44ffe913a5475eb3e2b60dd97a9524c8956f293963751c24474df5f3c30f13ac9422dabc40d6e48196dc9e3b8f3f121118071752212eba2b333988e54579042022717e763947b5da14a250420af631408b5df1a81617af21f263f255617afc11ff2960f991366c985c1b27961736684dc0e5b5aa876f8ff44d7ba3fea211e97c89e18048f260f211d4a2c7cb0639267d974cd3d080d41b2303e5e494ec5d0ebb9eeaf729a5d2ed1a3d051e2499cd4886d79dc39b95f073f76b41022e9e69c0397f6b5bd422ab4e797095b7dd5e49a1a8e10bb8d91a9895296f1aa687dfcb3,gx-no-cache=1498053484345 HTTP/1.1" 200 62
186.103.159.182 - - [21/Jun/2017:10:57:14 -0300] "POST /cormun/servlet/licenciaspermisos?cb108244baa70f1e583566155e0016f9,INS,0,,,,gx-no-cache=1498053484721 HTTP/1.1" 200 93
186.103.159.182 - - [21/Jun/2017:10:57:14 -0300] "GET /cormun/servlet/hpexe_return? HTTP/1.1" 200 1008
186.103.159.182 - - [21/Jun/2017:10:57:14 -0300] "GET /cormun/static/Resources/Spanish/PXTools.css?167811 HTTP/1.1" 304 -
186.103.159.182 - - [21/Jun/2017:10:57:14 -0300] "GET /cormun/static/gxcfg.js?2016101716175148 HTTP/1.1" 304 -
186.103.159.182 - - [21/Jun/2017:10:57:14 -0300] "GET /cormun/static/hpexe_return.js?2016101716175153 HTTP/1.1" 304 -
186.103.159.182 - - [21/Jun/2017:10:57:15 -0300] "GET /cormun/servlet/trlicencias HTTP/1.1" 200 18059
186.79.26.154 - - [21/Jun/2017:10:57:15 -0300] "POST /cormun/servlet/solicitudotadjuntos?gx-no-cache=1498053483729 HTTP/1.1" 200 26
186.103.159.182 - - [21/Jun/2017:10:57:17 -0300] "GET /cormun/servlet/trlicencias HTTP/1.1" 200 18069
200.86.95.220 - - [21/Jun/2017:10:57:18 -0300] "GET /cormun/servlet/trpermisosgoce? HTTP/1.1" 200 6067
200.86.95.220 - - [21/Jun/2017:10:57:19 -0300] "GET /cormun/servlet/trpermisosgoce? HTTP/1.1" 200 6065
200.86.95.220 - - [21/Jun/2017:10:57:19 -0300] "GET /cormun/servlet/hlogin HTTP/1.1" 200 1742
186.79.26.154 - - [21/Jun/2017:10:57:21 -0300] "GET /cormun/servlet/solicitudotadjuntos?a480de7b738feb4df35016096aa1c8dff5a7fb15ff50922d87709e1393e97e08,gx-no-cache=1498053490087 HTTP/1.1" 200 30
186.79.26.154 - - [21/Jun/2017:10:57:21 -0300] "GET /cormun/servlet/solicitudotadjuntos?a480de7b738feb4df35016096aa1c8dff5a7fb15ff50922d87709e1393e97e08,gx-no-cache=1498053490195 HTTP/1.1" 200 30
186.79.26.154 - - [21/Jun/2017:10:57:27 -0300] "POST /cormun/servlet/solicitudotadjuntos?f26f9e737502d24747ba00d5a89b1b87,INS,2017,6858,,1, HTTP/1.1" 200 116
186.79.26.154 - - [21/Jun/2017:10:57:27 -0300] "GET /cormun/servlet/hpexe_return? HTTP/1.1" 200 1026
186.79.26.154 - - [21/Jun/2017:10:57:28 -0300] "GET /cormun/servlet/trsolicitudadjuntos?2017,6858, HTTP/1.1" 200 8904
186.79.26.154 - - [21/Jun/2017:10:57:29 -0300] "GET /cormun/servlet/trsolicitudadjuntos?2017,6858, HTTP/1.1" 200 8904
200.86.95.220 - - [21/Jun/2017:10:57:29 -0300] "POST /cormun/servlet/hlogin?53402aa518757d242fe3c42b235aaa5f,gx-no-cache=1498053501865 HTTP/1.1" 200 90
200.86.95.220 - - [21/Jun/2017:10:57:29 -0300] "GET /cormun/servlet/hpexe_link HTTP/1.1" 200 958
200.86.95.220 - - [21/Jun/2017:10:57:30 -0300] "GET /cormun/servlet/trpermisosgoce HTTP/1.1" 200 12274
200.86.95.220 - - [21/Jun/2017:10:57:31 -0300] "GET /cormun/servlet/trpermisosgoce HTTP/1.1" 200 12276
186.79.26.154 - - [21/Jun/2017:10:57:33 -0300] "GET /cormun/servlet/solicitudotadjuntos?INS,2017,6858,,1, HTTP/1.1" 200 6031
186.79.26.154 - - [21/Jun/2017:10:57:33 -0300] "GET /cormun/static/about:blank HTTP/1.1" 404 1011
186.79.26.154 - - [21/Jun/2017:10:57:34 -0300] "GET /cormun/servlet/solicitudotadjuntos?INS,2017,6858,,1, HTTP/1.1" 200 6025
186.79.26.154 - - [21/Jun/2017:10:57:34 -0300] "GET /cormun/servlet/solicitudotadjuntos?a480de7b738feb4df35016096aa1c8df5ed27ce28276e70509a1678f4295ff04cc95816eaa25aa895842b581718de3ce,gx-no-cache=1498053503230 HTTP/1.1" 200 30
186.79.26.154 - - [21/Jun/2017:10:57:35 -0300] "POST /cormun/servlet/solicitudotadjuntos?f26f9e737502d24747ba00d5a89b1b87,INS,2017,6858,,1,,gx-no-cache=1498053503346 HTTP/1.1" 200 3866
186.79.26.154 - - [21/Jun/2017:10:57:40 -0300] "POST /cormun/servlet/solicitudotadjuntos?gx-no-cache=1498053508457 HTTP/1.1" 200 26
186.79.26.154 - - [21/Jun/2017:10:57:47 -0300] "GET /cormun/servlet/solicitudotadjuntos?a480de7b738feb4df35016096aa1c8dff5a7fb15ff50922d87709e1393e97e08,gx-no-cache=1498053515452 HTTP/1.1" 200 30
186.79.26.154 - - [21/Jun/2017:10:57:47 -0300] "GET /cormun/servlet/solicitudotadjuntos?a480de7b738feb4df35016096aa1c8dff5a7fb15ff50922d87709e1393e97e08,gx-no-cache=1498053515543 HTTP/1.1" 200 30
186.79.26.154 - - [21/Jun/2017:10:57:56 -0300] "POST /cormun/servlet/solicitudotadjuntos?f26f9e737502d24747ba00d5a89b1b87,INS,2017,6858,,1, HTTP/1.1" 200 116
186.79.26.154 - - [21/Jun/2017:10:57:56 -0300] "GET /cormun/servlet/hpexe_return? HTTP/1.1" 200 1026
186.79.26.154 - - [21/Jun/2017:10:57:57 -0300] "GET /cormun/servlet/trsolicitudadjuntos?2017,6858, HTTP/1.1" 200 9134
186.79.26.154 - - [21/Jun/2017:10:57:59 -0300] "GET /cormun/servlet/trsolicitudadjuntos?2017,6858, HTTP/1.1" 200 9134
186.79.26.154 - - [21/Jun/2017:10:58:03 -0300] "GET /cormun/servlet/solicitudotadjuntos?INS,2017,6858,,1, HTTP/1.1" 200 6031
186.79.26.154 - - [21/Jun/2017:10:58:03 -0300] "GET /cormun/static/about:blank HTTP/1.1" 404 1011
186.79.26.154 - - [21/Jun/2017:10:58:03 -0300] "GET /cormun/servlet/solicitudotadjuntos?INS,2017,6858,,1, HTTP/1.1" 200 6025
186.79.26.154 - - [21/Jun/2017:10:58:04 -0300] "GET /cormun/servlet/solicitudotadjuntos?a480de7b738feb4df35016096aa1c8df5ed27ce28276e70509a1678f4295ff04cc95816eaa25aa895842b581718de3ce,gx-no-cache=1498053532724 HTTP/1.1" 200 30
186.79.26.154 - - [21/Jun/2017:10:58:04 -0300] "POST /cormun/servlet/solicitudotadjuntos?f26f9e737502d24747ba00d5a89b1b87,INS,2017,6858,,1,,gx-no-cache=1498053532857 HTTP/1.1" 200 3866
186.79.26.154 - - [21/Jun/2017:10:58:11 -0300] "POST /cormun/servlet/solicitudotadjuntos?gx-no-cache=1498053539743 HTTP/1.1" 200 26
186.79.26.154 - - [21/Jun/2017:10:58:19 -0300] "GET /cormun/servlet/solicitudotadjuntos?a480de7b738feb4df35016096aa1c8dff5a7fb15ff50922d87709e1393e97e08,gx-no-cache=1498053547358 HTTP/1.1" 200 30
186.79.26.154 - - [21/Jun/2017:10:58:19 -0300] "GET /cormun/servlet/solicitudotadjuntos?a480de7b738feb4df35016096aa1c8dff5a7fb15ff50922d87709e1393e97e08,gx-no-cache=1498053547442 HTTP/1.1" 200 30
186.79.26.154 - - [21/Jun/2017:10:58:30 -0300] "POST /cormun/servlet/solicitudotadjuntos?f26f9e737502d24747ba00d5a89b1b87,INS,2017,6858,,1, HTTP/1.1" 200 116
186.79.26.154 - - [21/Jun/2017:10:58:30 -0300] "GET /cormun/servlet/hpexe_return? HTTP/1.1" 200 1026
186.79.26.154 - - [21/Jun/2017:10:58:31 -0300] "GET /cormun/servlet/trsolicitudadjuntos?2017,6858, HTTP/1.1" 200 9347
186.79.26.154 - - [21/Jun/2017:10:58:33 -0300] "GET /cormun/servlet/trsolicitudadjuntos?2017,6858, HTTP/1.1" 200 9346
186.79.26.154 - - [21/Jun/2017:10:58:41 -0300] "POST /cormun/servlet/trsolicitudadjuntos?f26f9e737502d24747ba00d5a89b1b87,2017,6858,,gx-no-cache=1498053569888 HTTP/1.1" 200 90
186.79.26.154 - - [21/Jun/2017:10:58:41 -0300] "GET /cormun/servlet/hpexe_link HTTP/1.1" 200 967
186.79.26.154 - - [21/Jun/2017:10:58:42 -0300] "GET /cormun/servlet/trsolicitudot HTTP/1.1" 200 10632
186.79.26.154 - - [21/Jun/2017:10:58:43 -0300] "GET /cormun/servlet/trsolicitudot HTTP/1.1" 200 10631
192.168.10.96 - - [21/Jun/2017:10:58:58 -0300] "POST /cormun/servlet/hlogin?d45ddab0bddd9b30532356c5f57b1e2a,gx-no-cache=1498053533050 HTTP/1.1" 200 90
192.168.10.96 - - [21/Jun/2017:10:58:58 -0300] "GET /cormun/servlet/hpexe_link HTTP/1.1" 200 961
192.168.10.96 - - [21/Jun/2017:10:58:59 -0300] "GET /cormun/servlet/trconsultaempleado HTTP/1.1" 200 9915
200.86.95.220 - - [21/Jun/2017:10:59:00 -0300] "GET /cormun/servlet/trpermisosadjuntos?20029019,20170620154316,P, HTTP/1.1" 200 6110
192.168.10.96 - - [21/Jun/2017:10:59:00 -0300] "GET /cormun/servlet/trconsultaempleado HTTP/1.1" 200 9914
200.86.95.220 - - [21/Jun/2017:10:59:00 -0300] "GET /cormun/static/gxcfg.js?20175251271483 HTTP/1.1" 304 -
200.86.95.220 - - [21/Jun/2017:10:59:00 -0300] "GET /cormun/static/trpermisosadjuntos.js?20175251271844 HTTP/1.1" 304 -
192.168.10.96 - - [21/Jun/2017:10:59:01 -0300] "GET /cormun/servlet/trsolicitudgral? HTTP/1.1" 200 20547
200.86.95.220 - - [21/Jun/2017:10:59:01 -0300] "GET /cormun/servlet/trpermisosadjuntos?20029019,20170620154316,P, HTTP/1.1" 200 6110
192.168.10.96 - - [21/Jun/2017:10:59:02 -0300] "GET /cormun/servlet/trsolicitudgral? HTTP/1.1" 200 20546
186.79.76.136 - - [21/Jun/2017:10:59:03 -0300] "GET /cormun/servlet/licenciaspermisos?24dc33d3ef4bda0d7404b5a16af9591a9056a019cbe4e007d107a6bdfb4b3735b99a53a8afad0a3bb5986f29622b0430,gx-no-cache=1498053594587 HTTP/1.1" 200 88
186.79.76.136 - - [21/Jun/2017:10:59:03 -0300] "POST /cormun/servlet/licenciaspermisos?de1150b4ff5e731ea4585874718fad1e,INS,0,,,,gx-no-cache=1498053594691 HTTP/1.1" 200 4534
200.86.95.220 - - [21/Jun/2017:10:59:04 -0300] "GET /cormun/servlet/permisosadjuntos?INS,20029019,P,20170620154316,, HTTP/1.1" 200 5436
200.86.95.220 - - [21/Jun/2017:10:59:05 -0300] "GET /cormun/static/Resources/Spanish/PXTools.css?11294912 HTTP/1.1" 304 -
200.86.95.220 - - [21/Jun/2017:10:59:05 -0300] "GET /cormun/static/gxcfg.js?201741111155774 HTTP/1.1" 304 -
200.86.95.220 - - [21/Jun/2017:10:59:05 -0300] "GET /cormun/static/permisosadjuntos.js?201741111155784 HTTP/1.1" 304 -
200.86.95.220 - - [21/Jun/2017:10:59:05 -0300] "GET /cormun/static/about:blank HTTP/1.1" 404 1011
200.86.95.220 - - [21/Jun/2017:10:59:05 -0300] "GET /cormun/servlet/permisosadjuntos?INS,20029019,P,20170620154316,, HTTP/1.1" 200 5423
192.168.10.96 - - [21/Jun/2017:10:59:07 -0300] "POST /cormun/servlet/trsolicitudgral?d45ddab0bddd9b30532356c5f57b1e2a,,gx-no-cache=1498053542063 HTTP/1.1" 200 8292
186.103.159.182 - - [21/Jun/2017:10:59:12 -0300] "GET /cormun/servlet/alicenciaprn?16254422,L,20170621000000,PU HTTP/1.1" 200 1579
200.86.95.220 - - [21/Jun/2017:10:59:13 -0300] "POST /cormun/servlet/permisosadjuntos?53402aa518757d242fe3c42b235aaa5f,INS,20029019,P,20170620154316,, HTTP/1.1" 200 116
200.86.95.220 - - [21/Jun/2017:10:59:13 -0300] "GET /cormun/servlet/hpexe_return? HTTP/1.1" 200 1037
200.86.95.220 - - [21/Jun/2017:10:59:14 -0300] "GET /cormun/servlet/trpermisosadjuntos?20029019,20170620154316,P, HTTP/1.1" 200 6557
200.86.95.220 - - [21/Jun/2017:10:59:15 -0300] "GET /cormun/servlet/trpermisosadjuntos?20029019,20170620154316,P, HTTP/1.1" 200 6553
200.86.95.220 - - [21/Jun/2017:10:59:15 -0300] "GET /cormun/PublicTempStorage/img4615698204.jpg HTTP/1.1" 200 526636
200.86.95.220 - - [21/Jun/2017:10:59:18 -0300] "POST /cormun/servlet/trpermisosadjuntos?53402aa518757d242fe3c42b235aaa5f,20029019,20170620154316,P,,gx-no-cache=1498053610133 HTTP/1.1" 200 90
200.86.95.220 - - [21/Jun/2017:10:59:18 -0300] "GET /cormun/servlet/hpexe_link HTTP/1.1" 200 982
200.86.95.220 - - [21/Jun/2017:10:59:18 -0300] "GET /cormun/servlet/trpermisosgoce HTTP/1.1" 200 12277
200.86.95.220 - - [21/Jun/2017:10:59:19 -0300] "GET /cormun/servlet/trpermisosgoce HTTP/1.1" 200 12265
200.86.95.220 - - [21/Jun/2017:10:59:27 -0300] "POST /cormun/servlet/trpermisosgoce?53402aa518757d242fe3c42b235aaa5f,gx-no-cache=1498053619032 HTTP/1.1" 200 9250
200.86.95.220 - - [21/Jun/2017:10:59:27 -0300] "GET /cormun/static/Shared/jqueryui/images/ui-bg_highlight-soft_100_c6c2c8_1x100.png HTTP/1.1" 404 1117
200.86.95.220 - - [21/Jun/2017:10:59:27 -0300] "GET /cormun/static/Shared/jqueryui/images/ui-icons_82798d_256x240.png HTTP/1.1" 404 1089
200.86.95.220 - - [21/Jun/2017:10:59:27 -0300] "GET /cormun/static/Shared/jqueryui/images/ui-bg_flat_55_fafafa_40x100.png HTTP/1.1" 404 1097
200.86.95.220 - - [21/Jun/2017:10:59:27 -0300] "GET /cormun/static/Shared/jqueryui/images/ui-icons_8d78a5_256x240.png HTTP/1.1" 404 1089
186.79.76.136 - - [21/Jun/2017:10:59:42 -0300] "GET /cormun/static/menuarrow.gif HTTP/1.1" 404 1015
200.86.95.220 - - [21/Jun/2017:11:00:49 -0300] "GET /cormun/servlet/trpermisosadjuntos?17129131,20170621092333,P, HTTP/1.1" 200 6108
200.86.95.220 - - [21/Jun/2017:11:00:50 -0300] "GET /cormun/servlet/trpermisosadjuntos?17129131,20170621092333,P, HTTP/1.1" 200 6107
200.86.95.220 - - [21/Jun/2017:11:00:52 -0300] "GET /cormun/servlet/permisosadjuntos?INS,17129131,P,20170621092333,, HTTP/1.1" 200 5431
200.86.95.220 - - [21/Jun/2017:11:00:53 -0300] "GET /cormun/static/about:blank HTTP/1.1" 404 1011
200.86.95.220 - - [21/Jun/2017:11:00:53 -0300] "GET /cormun/servlet/permisosadjuntos?INS,17129131,P,20170621092333,, HTTP/1.1" 200 5421
200.86.95.220 - - [21/Jun/2017:11:01:01 -0300] "POST /cormun/servlet/permisosadjuntos?53402aa518757d242fe3c42b235aaa5f,INS,17129131,P,20170621092333,, HTTP/1.1" 200 116
200.86.95.220 - - [21/Jun/2017:11:01:01 -0300] "GET /cormun/servlet/hpexe_return? HTTP/1.1" 200 1039
200.86.95.220 - - [21/Jun/2017:11:01:01 -0300] "GET /cormun/servlet/trpermisosadjuntos?17129131,20170621092333,P, HTTP/1.1" 200 6556
200.86.95.220 - - [21/Jun/2017:11:01:02 -0300] "GET /cormun/servlet/trpermisosadjuntos?17129131,20170621092333,P, HTTP/1.1" 200 6552
200.86.95.220 - - [21/Jun/2017:11:01:02 -0300] "GET /cormun/PublicTempStorage/img4629871309.jpg HTTP/1.1" 200 420420
186.103.159.44 - - [21/Jun/2017:11:01:03 -0300] "GET /cormun/servlet/hlogin HTTP/1.1" 200 1719
186.103.159.44 - - [21/Jun/2017:11:01:04 -0300] "GET /cormun/static/gxcfg.js?20175251213516 HTTP/1.1" 304 -
186.103.159.44 - - [21/Jun/2017:11:01:04 -0300] "GET /cormun/static/messages.spa.js?85251 HTTP/1.1" 304 -
200.86.95.220 - - [21/Jun/2017:11:01:05 -0300] "POST /cormun/servlet/trpermisosadjuntos?53402aa518757d242fe3c42b235aaa5f,17129131,20170621092333,P,,gx-no-cache=1498053717170 HTTP/1.1" 200 90
200.86.95.220 - - [21/Jun/2017:11:01:05 -0300] "GET /cormun/servlet/hpexe_link HTTP/1.1" 200 1006
200.86.95.220 - - [21/Jun/2017:11:01:05 -0300] "GET /cormun/servlet/trpermisosgoce?gx-no-cache=1498053619032 HTTP/1.1" 200 12268
200.86.95.220 - - [21/Jun/2017:11:01:06 -0300] "GET /cormun/servlet/trpermisosgoce?gx-no-cache=1498053619032 HTTP/1.1" 200 12290
200.86.95.220 - - [21/Jun/2017:11:01:11 -0300] "POST /cormun/servlet/trpermisosgoce?53402aa518757d242fe3c42b235aaa5f,gx-no-cache=1498053619032,gx-no-cache=1498053723248 HTTP/1.1" 200 9206
200.86.95.220 - - [21/Jun/2017:11:01:11 -0300] "GET /cormun/static/Shared/jqueryui/images/ui-bg_highlight-soft_100_c6c2c8_1x100.png HTTP/1.1" 404 1117
200.86.95.220 - - [21/Jun/2017:11:01:11 -0300] "GET /cormun/static/Shared/jqueryui/images/ui-icons_82798d_256x240.png HTTP/1.1" 404 1089
200.86.95.220 - - [21/Jun/2017:11:01:11 -0300] "GET /cormun/static/Shared/jqueryui/images/ui-icons_8d78a5_256x240.png HTTP/1.1" 404 1089
200.86.95.220 - - [21/Jun/2017:11:01:11 -0300] "GET /cormun/static/Shared/jqueryui/images/ui-bg_flat_55_fafafa_40x100.png HTTP/1.1" 404 1097
186.79.76.136 - - [21/Jun/2017:11:01:13 -0300] "GET /cormun/servlet/licenciaspermisos?24dc33d3ef4bda0d7404b5a16af9591a36cd1bc29bb1d93bed609183a6793153cf645745d406ccbe3c86df3327f06169dafdca4edd226323efcd1cd768766bd0777fe16dd827f8e8a8cffadd126b53c2251c4e568f6bd27b09c04fbd0b2e6c2b0d53f72a100a2c6ff69014cb22853b4befb59f53222fbfdb2fb7917518665d902bfdfff06b05073776a4bfef109087f483d8945bbfa91a9d9040d2faede96fb2dab8d500dde224161370c7d822aa4076,gx-no-cache=1498053723977 HTTP/1.1" 200 30
186.79.76.136 - - [21/Jun/2017:11:01:13 -0300] "GET /cormun/servlet/licenciaspermisos?24dc33d3ef4bda0d7404b5a16af9591a36fc17c056527b5b4bc998625defb12f674967aec539787b042a18ff342e71064412885a36297e9037d50c301587d3d7050f7203f0736e11885064bba58695dc4f2eaf7bbcf9c9f4bbdd2f86b505e47ee93c262caaa7b872f064cc226f373cf15cec7623837578e6759b7d67be8f1fb5cd674e4ba5d0dc9ada5f5ca091a64d85868b05c644bcbc64b39dcfec425d52a59d8d32346d987b8c840778f26e22e6f1,gx-no-cache=1498053724576 HTTP/1.1" 200 29
186.79.76.136 - - [21/Jun/2017:11:01:13 -0300] "POST /cormun/servlet/licenciaspermisos?de1150b4ff5e731ea4585874718fad1e,INS,0,,,,gx-no-cache=1498053724640 HTTP/1.1" 200 93
186.79.76.136 - - [21/Jun/2017:11:01:13 -0300] "GET /cormun/servlet/hpexe_return? HTTP/1.1" 200 1009
186.79.76.136 - - [21/Jun/2017:11:01:13 -0300] "GET /cormun/static/gxcfg.js?2016101716175148 HTTP/1.1" 304 -
186.79.76.136 - - [21/Jun/2017:11:01:14 -0300] "GET /cormun/servlet/trlicencias HTTP/1.1" 200 14413
186.79.76.136 - - [21/Jun/2017:11:01:14 -0300] "GET /cormun/servlet/trlicencias HTTP/1.1" 200 14403
200.86.95.220 - - [21/Jun/2017:11:01:20 -0300] "GET /cormun/servlet/hlogin HTTP/1.1" 200 1722
186.103.157.39 - - [21/Jun/2017:11:01:25 -0300] "GET /cormun/servlet/hlogin HTTP/1.1" 200 1719
186.103.157.39 - - [21/Jun/2017:11:01:25 -0300] "GET /cormun/static/gxcfg.js?20175251213516 HTTP/1.1" 304 -
186.103.157.39 - - [21/Jun/2017:11:01:26 -0300] "GET /cormun/static/messages.spa.js?85251 HTTP/1.1" 304 -
186.103.157.39 - - [21/Jun/2017:11:01:26 -0300] "GET /cormun/servlet/hlogin HTTP/1.1" 200 1729
186.103.159.44 - - [21/Jun/2017:11:01:31 -0300] "POST /cormun/servlet/hlogin?8619454a116e0f5e6c17d50d74cbfbd9,gx-no-cache=1498052219023 HTTP/1.1" 200 90
186.103.159.44 - - [21/Jun/2017:11:01:31 -0300] "GET /cormun/servlet/hpexe_link HTTP/1.1" 200 950
186.103.159.44 - - [21/Jun/2017:11:01:31 -0300] "GET /cormun/static/gxcfg.js?20175251212395 HTTP/1.1" 304 -
186.103.159.44 - - [21/Jun/2017:11:01:31 -0300] "GET /cormun/servlet/hhome HTTP/1.1" 200 3783
186.103.159.44 - - [21/Jun/2017:11:01:31 -0300] "GET /cormun/static/gxcfg.js?20175251212442 HTTP/1.1" 304 -
200.86.95.220 - - [21/Jun/2017:11:01:34 -0300] "POST /cormun/servlet/hlogin?53402aa518757d242fe3c42b235aaa5f,gx-no-cache=1498053746659 HTTP/1.1" 200 90
200.86.95.220 - - [21/Jun/2017:11:01:34 -0300] "GET /cormun/servlet/hpexe_link HTTP/1.1" 200 952
200.86.95.220 - - [21/Jun/2017:11:01:34 -0300] "GET /cormun/servlet/hhome HTTP/1.1" 200 3962
200.86.95.220 - - [21/Jun/2017:11:01:36 -0300] "GET /cormun/servlet/hhome HTTP/1.1" 200 3958
186.103.157.39 - - [21/Jun/2017:11:01:36 -0300] "POST /cormun/servlet/hlogin?b93bce17d9a4b1eb363d5217bb6e2948,gx-no-cache=1498053747484 HTTP/1.1" 200 90
186.103.157.39 - - [21/Jun/2017:11:01:36 -0300] "GET /cormun/servlet/hpexe_link HTTP/1.1" 200 950
186.103.157.39 - - [21/Jun/2017:11:01:36 -0300] "GET /cormun/static/gxcfg.js?20175251212395 HTTP/1.1" 304 -
186.103.157.39 - - [21/Jun/2017:11:01:36 -0300] "GET /cormun/servlet/hhome HTTP/1.1" 200 3756
186.103.157.39 - - [21/Jun/2017:11:01:36 -0300] "GET /cormun/static/gxcfg.js?20175251212442 HTTP/1.1" 304 -
186.103.159.44 - - [21/Jun/2017:11:01:37 -0300] "GET /cormun/servlet/trpermisosgoce? HTTP/1.1" 200 9579
186.103.159.44 - - [21/Jun/2017:11:01:37 -0300] "GET /cormun/static/gxcfg.js?20175251265886 HTTP/1.1" 304 -
186.103.157.39 - - [21/Jun/2017:11:01:38 -0300] "GET /cormun/servlet/hhome HTTP/1.1" 200 3753
186.103.157.39 - - [21/Jun/2017:11:01:41 -0300] "GET /cormun/servlet/trlicencias? HTTP/1.1" 200 9031
186.103.157.39 - - [21/Jun/2017:11:01:41 -0300] "GET /cormun/static/gxcfg.js?201761114293151 HTTP/1.1" 304 -
186.103.157.39 - - [21/Jun/2017:11:01:41 -0300] "GET /cormun/static/trlicencias.js?201761114293683 HTTP/1.1" 304 -
186.103.159.44 - - [21/Jun/2017:11:01:42 -0300] "GET /cormun/servlet/permisogoce?INS,0,,, HTTP/1.1" 200 6621
186.103.159.44 - - [21/Jun/2017:11:01:42 -0300] "GET /cormun/static/gxcfg.js?201752511545264 HTTP/1.1" 304 -
186.103.157.39 - - [21/Jun/2017:11:01:42 -0300] "GET /cormun/servlet/trlicencias? HTTP/1.1" 200 9029
200.86.95.220 - - [21/Jun/2017:11:01:45 -0300] "GET /cormun/servlet/trautorizarpermisogoce? HTTP/1.1" 200 7909
200.86.95.220 - - [21/Jun/2017:11:01:45 -0300] "GET /cormun/static/gxcfg.js?20175251272542 HTTP/1.1" 304 -
200.86.95.220 - - [21/Jun/2017:11:01:45 -0300] "GET /cormun/static/trautorizarpermisogoce.js?20175251273090 HTTP/1.1" 304 -
200.86.95.220 - - [21/Jun/2017:11:01:46 -0300] "GET /cormun/servlet/trautorizarpermisogoce? HTTP/1.1" 200 7907
186.79.76.136 - - [21/Jun/2017:11:01:47 -0300] "GET /cormun/servlet/trlicenciaspermisosadjuntos?7229698,20170621000000,L, HTTP/1.1" 200 6156
186.79.76.136 - - [21/Jun/2017:11:01:47 -0300] "GET /cormun/static/gxcfg.js?20175251265349 HTTP/1.1" 304 -
186.79.76.136 - - [21/Jun/2017:11:01:47 -0300] "GET /cormun/static/trlicenciaspermisosadjuntos.js?2017525126577 HTTP/1.1" 304 -
186.79.76.136 - - [21/Jun/2017:11:01:48 -0300] "GET /cormun/servlet/trlicenciaspermisosadjuntos?7229698,20170621000000,L, HTTP/1.1" 200 6157
186.103.157.39 - - [21/Jun/2017:11:01:49 -0300] "GET /cormun/servlet/licenciaspermisos?INS,0,,, HTTP/1.1" 200 7281
186.103.157.39 - - [21/Jun/2017:11:01:49 -0300] "GET /cormun/static/gxcfg.js?201761114292610 HTTP/1.1" 304 -
186.103.157.39 - - [21/Jun/2017:11:01:49 -0300] "GET /cormun/static/licenciaspermisos.js?201761114292672 HTTP/1.1" 304 -
186.103.157.39 - - [21/Jun/2017:11:01:50 -0300] "GET /cormun/servlet/licenciaspermisos?INS,0,,, HTTP/1.1" 200 7280
186.79.76.136 - - [21/Jun/2017:11:01:50 -0300] "GET /cormun/servlet/licenciaspermisosadjuntos?INS,7229698,L,20170621000000,, HTTP/1.1" 200 5453
186.79.76.136 - - [21/Jun/2017:11:01:50 -0300] "GET /cormun/static/gxcfg.js?201752511544364 HTTP/1.1" 304 -
186.79.76.136 - - [21/Jun/2017:11:01:50 -0300] "GET /cormun/static/licenciaspermisosadjuntos.js?201752511544378 HTTP/1.1" 304 -
186.79.76.136 - - [21/Jun/2017:11:01:50 -0300] "GET /cormun/static/about:blank HTTP/1.1" 404 1011
186.79.76.136 - - [21/Jun/2017:11:01:50 -0300] "GET /cormun/servlet/licenciaspermisosadjuntos?INS,7229698,L,20170621000000,, HTTP/1.1" 200 5442
200.86.95.220 - - [21/Jun/2017:11:01:51 -0300] "POST /cormun/servlet/trautorizarpermisogoce?53402aa518757d242fe3c42b235aaa5f,,gx-no-cache=1498053763282 HTTP/1.1" 200 4958
200.86.95.220 - - [21/Jun/2017:11:01:51 -0300] "GET /cormun/static/Shared/jqueryui/images/ui-bg_highlight-soft_100_c6c2c8_1x100.png HTTP/1.1" 404 1117
200.86.95.220 - - [21/Jun/2017:11:01:51 -0300] "GET /cormun/static/Shared/jqueryui/images/ui-icons_82798d_256x240.png HTTP/1.1" 404 1089
200.86.95.220 - - [21/Jun/2017:11:01:51 -0300] "GET /cormun/static/Shared/jqueryui/images/ui-bg_flat_55_fafafa_40x100.png HTTP/1.1" 404 1097
200.86.95.220 - - [21/Jun/2017:11:01:51 -0300] "GET /cormun/static/Shared/jqueryui/images/ui-icons_8d78a5_256x240.png HTTP/1.1" 404 1089
200.86.95.220 - - [21/Jun/2017:11:01:53 -0300] "POST /cormun/servlet/trautorizarpermisogoce?53402aa518757d242fe3c42b235aaa5f,,gx-no-cache=1498053765563 HTTP/1.1" 200 4205
186.103.159.44 - - [21/Jun/2017:11:01:55 -0300] "GET /cormun/servlet/permisogoce?5074a122742623a5d954237346f6e2f09dc5395b5a6ecd715192404fd4679ef32cee45b76f5bd9552bada30ca39b94b9287a36cb82197c6196c310a3c9e5aced,gx-no-cache=1498052243366 HTTP/1.1" 200 84
186.103.159.44 - - [21/Jun/2017:11:02:03 -0300] "GET /cormun/static/menuarrow.gif HTTP/1.1" 404 1015
186.103.159.44 - - [21/Jun/2017:11:02:07 -0300] "GET /cormun/servlet/permisogoce?5074a122742623a5d954237346f6e2f0057f9c523869c5d8dd05af30e05a86574315f4c0e6cdd1a6d84daadaeac6168ab1bcc8deba60c26aa9e0df23c0d96fe9,gx-no-cache=1498052255650 HTTP/1.1" 200 47
186.103.159.182 - - [21/Jun/2017:11:02:13 -0300] "GET /cormun/servlet/trlicenciaspermisosadjuntos?16254422,20170621000000,L, HTTP/1.1" 200 6401
186.103.159.182 - - [21/Jun/2017:11:02:13 -0300] "GET /cormun/static/gxcfg.js?20175251265349 HTTP/1.1" 200 953
186.103.159.182 - - [21/Jun/2017:11:02:13 -0300] "GET /cormun/static/trlicenciaspermisosadjuntos.js?2017525126577 HTTP/1.1" 304 -
186.103.157.39 - - [21/Jun/2017:11:02:13 -0300] "GET /cormun/servlet/licenciaspermisos?52627f972d6b8e96a4d163976f135a2612a6cc05b1bc003a6e53c690bd79158ef74b01338bd34bfe3bdc827716e38348,gx-no-cache=1498053784471 HTTP/1.1" 200 89
186.103.157.39 - - [21/Jun/2017:11:02:13 -0300] "POST /cormun/servlet/licenciaspermisos?b93bce17d9a4b1eb363d5217bb6e2948,INS,0,,,,gx-no-cache=1498053784557 HTTP/1.1" 200 4516
186.103.159.182 - - [21/Jun/2017:11:02:14 -0300] "GET /cormun/servlet/trlicenciaspermisosadjuntos?16254422,20170621000000,L, HTTP/1.1" 200 6402
186.103.159.44 - - [21/Jun/2017:11:02:18 -0300] "POST /cormun/servlet/permisogoce?8619454a116e0f5e6c17d50d74cbfbd9,INS,0,,,,gx-no-cache=1498052266052 HTTP/1.1" 200 93
186.103.159.44 - - [21/Jun/2017:11:02:18 -0300] "GET /cormun/servlet/hpexe_return? HTTP/1.1" 200 1009
186.103.159.44 - - [21/Jun/2017:11:02:18 -0300] "GET /cormun/static/gxcfg.js?2016101716175148 HTTP/1.1" 304 -
186.103.159.44 - - [21/Jun/2017:11:02:19 -0300] "GET /cormun/servlet/trpermisosgoce HTTP/1.1" 200 9885
186.103.159.182 - - [21/Jun/2017:11:02:19 -0300] "GET /cormun/servlet/licenciaspermisosadjuntos?INS,16254422,L,20170621000000,, HTTP/1.1" 200 5702
186.103.159.182 - - [21/Jun/2017:11:02:20 -0300] "GET /cormun/static/gxcfg.js?201752511544364 HTTP/1.1" 200 953
186.103.159.182 - - [21/Jun/2017:11:02:20 -0300] "GET /cormun/static/licenciaspermisosadjuntos.js?201752511544378 HTTP/1.1" 304 -
186.103.159.182 - - [21/Jun/2017:11:02:20 -0300] "GET /cormun/static/about:blank HTTP/1.1" 404 1011
186.103.159.182 - - [21/Jun/2017:11:02:20 -0300] "GET /cormun/servlet/licenciaspermisosadjuntos?INS,16254422,L,20170621000000,, HTTP/1.1" 200 5691
186.103.159.44 - - [21/Jun/2017:11:02:25 -0300] "GET /cormun/servlet/apermisogoceprn?18645994,P,20170621110137,PU HTTP/1.1" 200 1667
186.103.159.182 - - [21/Jun/2017:11:02:49 -0300] "POST /cormun/servlet/licenciaspermisosadjuntos?cb108244baa70f1e583566155e0016f9,INS,16254422,L,20170621000000,, HTTP/1.1" 200 116
186.103.159.182 - - [21/Jun/2017:11:02:50 -0300] "GET /cormun/servlet/hpexe_return? HTTP/1.1" 200 1036
186.103.159.182 - - [21/Jun/2017:11:02:50 -0300] "GET /cormun/servlet/trlicenciaspermisosadjuntos?16254422,20170621000000,L, HTTP/1.1" 200 6890
186.103.159.182 - - [21/Jun/2017:11:02:51 -0300] "GET /cormun/servlet/trlicenciaspermisosadjuntos?16254422,20170621000000,L, HTTP/1.1" 200 6887
186.103.159.182 - - [21/Jun/2017:11:03:00 -0300] "POST /cormun/servlet/trlicenciaspermisosadjuntos?cb108244baa70f1e583566155e0016f9,16254422,20170621000000,L,,gx-no-cache=1498053830305 HTTP/1.1" 200 90
186.103.159.182 - - [21/Jun/2017:11:03:00 -0300] "GET /cormun/servlet/hpexe_link HTTP/1.1" 200 980
186.103.159.182 - - [21/Jun/2017:11:03:00 -0300] "GET /cormun/servlet/trlicencias HTTP/1.1" 200 18056
186.103.159.182 - - [21/Jun/2017:11:03:02 -0300] "GET /cormun/servlet/trlicencias HTTP/1.1" 200 18054
186.103.159.182 - - [21/Jun/2017:11:03:10 -0300] "POST /cormun/servlet/trlicencias?cb108244baa70f1e583566155e0016f9,gx-no-cache=1498053840272 HTTP/1.1" 200 15679
186.103.159.182 - - [21/Jun/2017:11:03:11 -0300] "GET /cormun/static/Shared/jqueryui/images/ui-bg_highlight-soft_100_c6c2c8_1x100.png HTTP/1.1" 404 1117
186.103.159.182 - - [21/Jun/2017:11:03:11 -0300] "GET /cormun/static/Shared/jqueryui/images/ui-icons_82798d_256x240.png HTTP/1.1" 404 1089
186.103.159.182 - - [21/Jun/2017:11:03:11 -0300] "GET /cormun/static/Shared/jqueryui/images/ui-bg_flat_55_fafafa_40x100.png HTTP/1.1" 404 1097
186.103.159.182 - - [21/Jun/2017:11:03:11 -0300] "GET /cormun/static/Shared/jqueryui/images/ui-icons_8d78a5_256x240.png HTTP/1.1" 404 1089
186.103.157.39 - - [21/Jun/2017:11:03:18 -0300] "GET /cormun/static/menuarrow.gif HTTP/1.1" 404 1015
186.103.159.182 - - [21/Jun/2017:11:03:25 -0300] "GET /cormun/servlet/licenciaspermisos?INS,0,,, HTTP/1.1" 200 7596
186.103.159.182 - - [21/Jun/2017:11:03:27 -0300] "GET /cormun/servlet/licenciaspermisos?INS,0,,, HTTP/1.1" 200 7603
186.79.76.136 - - [21/Jun/2017:11:03:58 -0300] "POST /cormun/servlet/licenciaspermisosadjuntos?de1150b4ff5e731ea4585874718fad1e,INS,7229698,L,20170621000000,, HTTP/1.1" 200 116
186.79.76.136 - - [21/Jun/2017:11:03:58 -0300] "GET /cormun/servlet/hpexe_return? HTTP/1.1" 200 1038
186.79.76.136 - - [21/Jun/2017:11:03:59 -0300] "GET /cormun/servlet/trlicenciaspermisosadjuntos?7229698,20170621000000,L, HTTP/1.1" 200 6638
186.79.76.136 - - [21/Jun/2017:11:04:00 -0300] "GET /cormun/servlet/trlicenciaspermisosadjuntos?7229698,20170621000000,L, HTTP/1.1" 200 6634
186.103.157.39 - - [21/Jun/2017:11:05:15 -0300] "GET /cormun/servlet/licenciaspermisos?52627f972d6b8e96a4d163976f135a26e659c6dfb1adcfd2c32b5cf7d7cd25530c978855e1d9d0819b6085b6117387add1cc710a328bb35e3a34a8da1375b64de649093a23a5f68877e6eaa0e05092305b1373631077359580ff728a26ccb2ff992de3a5a34c4c5372617a4858a33163460e497642a83efb4f0c8cc00e5a77b4c1ecfb7a78c821cc9b4313740b062785ed560b97f3169cddbefe23f6d66441bf9fd5aa25171d87b838d16408b34ec3ad,gx-no-cache=1498053965970 HTTP/1.1" 200 30
186.103.157.39 - - [21/Jun/2017:11:05:15 -0300] "GET /cormun/servlet/licenciaspermisos?52627f972d6b8e96a4d163976f135a261fe18be524496e900bf114ca021ab59f3735cd39515b096433a1d3ef332cccede91d9cb1d00a2d1e5c8b147fcc4805a068967f5d60e799b0211eaf5a4de714d34b9790c0c2c4d006cf8a9e36cb92dd05576bf253c066be22234fd20ac2a93f4608bd387f2789ade43f37216698a3cfbf29699f0c8157077008be4b866497cdc978ae04bbe9c1ddc3258007ecb0b08ec42b262a86a6052df2417c9c4ba7845f40,gx-no-cache=1498053966051 HTTP/1.1" 200 29
186.103.157.39 - - [21/Jun/2017:11:05:15 -0300] "POST /cormun/servlet/licenciaspermisos?b93bce17d9a4b1eb363d5217bb6e2948,INS,0,,,,gx-no-cache=1498053966092 HTTP/1.1" 200 93
186.103.157.39 - - [21/Jun/2017:11:05:15 -0300] "GET /cormun/servlet/hpexe_return? HTTP/1.1" 200 1012
186.103.157.39 - - [21/Jun/2017:11:05:15 -0300] "GET /cormun/static/gxcfg.js?2016101716175148 HTTP/1.1" 304 -
186.103.157.39 - - [21/Jun/2017:11:05:15 -0300] "GET /cormun/servlet/trlicencias HTTP/1.1" 200 9392
186.103.157.39 - - [21/Jun/2017:11:05:16 -0300] "GET /cormun/servlet/trlicencias HTTP/1.1" 200 9387
186.79.76.136 - - [21/Jun/2017:11:05:25 -0300] "POST /cormun/servlet/trlicenciaspermisosadjuntos?de1150b4ff5e731ea4585874718fad1e,7229698,20170621000000,L,,gx-no-cache=1498053976013 HTTP/1.1" 200 90
186.79.76.136 - - [21/Jun/2017:11:05:25 -0300] "GET /cormun/servlet/hpexe_link HTTP/1.1" 200 980
186.79.76.136 - - [21/Jun/2017:11:05:25 -0300] "GET /cormun/servlet/trlicencias HTTP/1.1" 200 14386
186.79.76.136 - - [21/Jun/2017:11:05:26 -0300] "GET /cormun/servlet/trlicencias HTTP/1.1" 200 14408
186.79.76.136 - - [21/Jun/2017:11:05:30 -0300] "GET /cormun/servlet/alicenciaprn?7229698,L,20170621000000,PU HTTP/1.1" 200 1556
186.79.26.154 - - [21/Jun/2017:11:06:00 -0300] "POST /cormun/servlet/trsolicitudot?f26f9e737502d24747ba00d5a89b1b87,gx-no-cache=1498054007661 HTTP/1.1" 200 7858
186.79.26.154 - - [21/Jun/2017:11:06:00 -0300] "GET /cormun/static/Shared/jqueryui/images/ui-bg_highlight-soft_100_c6c2c8_1x100.png HTTP/1.1" 404 1117
186.79.26.154 - - [21/Jun/2017:11:06:00 -0300] "GET /cormun/static/Shared/jqueryui/images/ui-icons_82798d_256x240.png HTTP/1.1" 404 1089
186.79.26.154 - - [21/Jun/2017:11:06:00 -0300] "GET /cormun/static/Shared/jqueryui/images/ui-bg_flat_55_fafafa_40x100.png HTTP/1.1" 404 1097
186.79.26.154 - - [21/Jun/2017:11:06:00 -0300] "GET /cormun/static/Shared/jqueryui/images/ui-icons_8d78a5_256x240.png HTTP/1.1" 404 1089
186.79.26.154 - - [21/Jun/2017:11:06:00 -0300] "POST /cormun/servlet/trsolicitudot?f26f9e737502d24747ba00d5a89b1b87,gx-no-cache=1498054008745 HTTP/1.1" 200 7802
186.79.26.154 - - [21/Jun/2017:11:06:12 -0300] "GET /cormun/servlet/trautorizarsolicitud? HTTP/1.1" 200 8168
186.79.26.154 - - [21/Jun/2017:11:06:13 -0300] "GET /cormun/static/gxcfg.js?20174261241362 HTTP/1.1" 200 953
186.79.26.154 - - [21/Jun/2017:11:06:13 -0300] "GET /cormun/static/Resources/Spanish/PXTools.css?11294912 HTTP/1.1" 200 89042
186.79.26.154 - - [21/Jun/2017:11:06:13 -0300] "GET /cormun/static/trautorizarsolicitud.js?201742612414370 HTTP/1.1" 200 53910
186.79.26.154 - - [21/Jun/2017:11:06:14 -0300] "GET /cormun/servlet/trautorizarsolicitud? HTTP/1.1" 200 8168
186.79.26.154 - - [21/Jun/2017:11:06:30 -0300] "POST /cormun/servlet/trautorizarsolicitud?f26f9e737502d24747ba00d5a89b1b87,,gx-no-cache=1498054038281 HTTP/1.1" 200 4335
186.79.26.154 - - [21/Jun/2017:11:06:30 -0300] "GET /cormun/static/Shared/jqueryui/images/ui-bg_highlight-soft_100_c6c2c8_1x100.png HTTP/1.1" 404 1117
186.79.26.154 - - [21/Jun/2017:11:06:30 -0300] "GET /cormun/static/Shared/jqueryui/images/ui-icons_82798d_256x240.png HTTP/1.1" 404 1089
186.79.26.154 - - [21/Jun/2017:11:06:30 -0300] "GET /cormun/static/Shared/jqueryui/images/ui-bg_flat_55_fafafa_40x100.png HTTP/1.1" 404 1097
186.79.26.154 - - [21/Jun/2017:11:06:30 -0300] "GET /cormun/static/Shared/jqueryui/images/ui-icons_8d78a5_256x240.png HTTP/1.1" 404 1089
186.79.26.154 - - [21/Jun/2017:11:06:30 -0300] "POST /cormun/servlet/trautorizarsolicitud?f26f9e737502d24747ba00d5a89b1b87,,gx-no-cache=1498054038886 HTTP/1.1" 200 4117
186.79.26.154 - - [21/Jun/2017:11:06:40 -0300] "POST /cormun/servlet/trautorizarsolicitud?f26f9e737502d24747ba00d5a89b1b87,,gx-no-cache=1498054048274 HTTP/1.1" 200 6647
186.79.26.154 - - [21/Jun/2017:11:06:43 -0300] "GET /cormun/servlet/veautorizarsolicitud?2017,6858,, HTTP/1.1" 200 8222
186.79.26.154 - - [21/Jun/2017:11:06:43 -0300] "GET /cormun/static/gxcfg.js?201742612414795 HTTP/1.1" 200 953
186.79.26.154 - - [21/Jun/2017:11:06:43 -0300] "GET /cormun/pexe_scrolldiv.js HTTP/1.1" 404 1009
186.79.26.154 - - [21/Jun/2017:11:06:43 -0300] "GET /cormun/static/veautorizarsolicitud.js?201742612414866 HTTP/1.1" 200 6140
186.79.26.154 - - [21/Jun/2017:11:06:44 -0300] "GET /cormun/static/hwcviewtabs.js?201752511465446 HTTP/1.1" 200 1074
186.79.26.154 - - [21/Jun/2017:11:06:44 -0300] "GET /cormun/static/hpexe_tabsview.js?201610171694228 HTTP/1.1" 200 1661
186.79.26.154 - - [21/Jun/2017:11:06:44 -0300] "GET /cormun/pexe_scrolldiv.js HTTP/1.1" 404 1009
186.79.26.154 - - [21/Jun/2017:11:06:44 -0300] "GET /cormun/static/Resources/PXToolsTabFirstSelected.png HTTP/1.1" 200 1259
186.79.26.154 - - [21/Jun/2017:11:06:44 -0300] "GET /cormun/static/Resources/PXToolsTabLastUnselected.png HTTP/1.1" 200 1291
186.79.26.154 - - [21/Jun/2017:11:06:44 -0300] "GET /cormun/static/Resources/PXToolsTabPrevious.gif HTTP/1.1" 200 172
186.79.26.154 - - [21/Jun/2017:11:06:44 -0300] "GET /cormun/static/Resources/PXToolsTabNext.gif HTTP/1.1" 200 168
186.79.26.154 - - [21/Jun/2017:11:06:44 -0300] "GET /cormun/static/tbautorizarsolicitud01.js?20174261238367 HTTP/1.1" 200 28481
186.79.26.154 - - [21/Jun/2017:11:06:45 -0300] "GET /cormun/static/calendar-system.css HTTP/1.1" 200 5572
186.79.26.154 - - [21/Jun/2017:11:06:45 -0300] "GET /cormun/static/Resources/PXToolsTabBackSelected.png HTTP/1.1" 200 1157
186.79.26.154 - - [21/Jun/2017:11:06:45 -0300] "GET /cormun/static/Resources/PXToolsTabBackUnselected.png HTTP/1.1" 200 1175
186.79.26.154 - - [21/Jun/2017:11:06:45 -0300] "GET /cormun/static/Resources/PXToolsTabSelectedUnselected.png HTTP/1.1" 200 1428
186.79.26.154 - - [21/Jun/2017:11:06:45 -0300] "GET /cormun/static/Resources/PXToolsTabUnselectedUnselected.png HTTP/1.1" 200 1459
186.79.26.154 - - [21/Jun/2017:11:06:45 -0300] "GET /cormun/servlet/veautorizarsolicitud?2017,6858,, HTTP/1.1" 200 8221
