186.79.214.63 - - [19/Jun/2017:12:45:00 -0300] "GET /cormun/servlet/trpermisosadjuntos?16884573,20170615173159,P, HTTP/1.1" 200 6589
186.79.214.63 - - [19/Jun/2017:12:45:03 -0300] "POST /cormun/servlet/trpermisosadjuntos?5076d2159469795ce96bf9b17465b66d,16884573,20170615173159,P,,gx-no-cache=1497886876862 HTTP/1.1" 200 90
186.79.214.63 - - [19/Jun/2017:12:45:03 -0300] "GET /cormun/servlet/hpexe_link HTTP/1.1" 200 983
186.79.214.63 - - [19/Jun/2017:12:45:04 -0300] "GET /cormun/servlet/trpermisosgoce HTTP/1.1" 200 12517
186.79.214.63 - - [19/Jun/2017:12:45:06 -0300] "GET /cormun/servlet/trpermisosgoce HTTP/1.1" 200 12496
186.103.157.235 - - [19/Jun/2017:12:45:16 -0300] "POST /cormun/servlet/prfichaempleado?8c5c458a9e0956634d60a27114bf6a96,,MD,,gxPopupLevel%3D0%3B,gx-no-cache=1497887166588 HTTP/1.1" 200 3604
186.79.214.63 - - [19/Jun/2017:12:45:20 -0300] "POST /cormun/servlet/trpermisosgoce?5076d2159469795ce96bf9b17465b66d,gx-no-cache=1497886893675 HTTP/1.1" 200 9521
186.79.214.63 - - [19/Jun/2017:12:45:21 -0300] "GET /cormun/static/Shared/jqueryui/images/ui-bg_highlight-soft_100_c6c2c8_1x100.png HTTP/1.1" 404 1117
186.79.214.63 - - [19/Jun/2017:12:45:21 -0300] "GET /cormun/static/Shared/jqueryui/images/ui-icons_82798d_256x240.png HTTP/1.1" 404 1089
186.79.214.63 - - [19/Jun/2017:12:45:21 -0300] "GET /cormun/static/Shared/jqueryui/images/ui-bg_flat_55_fafafa_40x100.png HTTP/1.1" 404 1097
186.79.214.63 - - [19/Jun/2017:12:45:21 -0300] "GET /cormun/static/Shared/jqueryui/images/ui-icons_8d78a5_256x240.png HTTP/1.1" 404 1089
186.103.157.235 - - [19/Jun/2017:12:45:33 -0300] "GET /cormun/servlet/permisogoce?0b30da6da330f1bdacd3b1eb383e91c08a691ce28c47023f4f1f7bd1248edb4231772295773640a8aacb97063dec688c490a1aacc64c713c042dd0aca548a3cd,gx-no-cache=1497887183940 HTTP/1.1" 200 80
186.103.157.235 - - [19/Jun/2017:12:45:33 -0300] "GET /cormun/static/menuarrow.gif HTTP/1.1" 404 1015
186.103.157.235 - - [19/Jun/2017:12:45:42 -0300] "GET /cormun/servlet/permisogoce?0b30da6da330f1bdacd3b1eb383e91c0cf9f94ccdd47d11bfcf356b1cc0dc85596e088df9a657f612e7d6619b8ff8d696def40e0d0a51a1ed801af84a16c22ba,gx-no-cache=1497887192683 HTTP/1.1" 200 47
186.103.157.235 - - [19/Jun/2017:12:45:43 -0300] "POST /cormun/servlet/permisogoce?8c5c458a9e0956634d60a27114bf6a96,INS,0,,,,gx-no-cache=1497887193081 HTTP/1.1" 200 93
186.103.157.235 - - [19/Jun/2017:12:45:44 -0300] "GET /cormun/servlet/hpexe_return? HTTP/1.1" 200 1031
186.103.157.235 - - [19/Jun/2017:12:45:45 -0300] "GET /cormun/servlet/trpermisosgoce?gx-no-cache=1497886805455 HTTP/1.1" 200 12904
186.103.157.235 - - [19/Jun/2017:12:45:50 -0300] "GET /cormun/servlet/trpermisosgoce?gx-no-cache=1497886805455 HTTP/1.1" 200 12919
192.168.10.96 - - [19/Jun/2017:12:45:58 -0300] "GET /cormun/servlet/trsolicitudgral? HTTP/1.1" 200 8845
192.168.10.96 - - [19/Jun/2017:12:45:58 -0300] "GET /cormun/servlet/trsolicitudgral? HTTP/1.1" 200 8845
186.103.159.230 - - [19/Jun/2017:12:46:20 -0300] "GET /cormun/PublicTempStorage/carga_familiar2397303.pdf HTTP/1.1" 200 1032142
186.103.157.98 - - [19/Jun/2017:12:46:22 -0300] "GET /cormun/servlet/hpexe_return? HTTP/1.1" 200 976
186.103.157.98 - - [19/Jun/2017:12:46:22 -0300] "GET /cormun/servlet/hhome HTTP/1.1" 200 4026
186.103.157.98 - - [19/Jun/2017:12:46:22 -0300] "GET /cormun/servlet/hhome HTTP/1.1" 200 4020
186.103.157.98 - - [19/Jun/2017:12:46:25 -0300] "GET /cormun/servlet/trsolicitudot? HTTP/1.1" 200 13714
186.103.157.98 - - [19/Jun/2017:12:46:26 -0300] "GET /cormun/servlet/trsolicitudot? HTTP/1.1" 200 13712
186.103.157.235 - - [19/Jun/2017:12:46:35 -0300] "GET /cormun/servlet/permisogoce?INS,0,,, HTTP/1.1" 200 6856
186.103.157.235 - - [19/Jun/2017:12:46:40 -0300] "GET /cormun/servlet/permisogoce?INS,0,,, HTTP/1.1" 200 6835
186.103.157.235 - - [19/Jun/2017:12:46:45 -0300] "GET /cormun/servlet/prfichaempleado?,MD,,gxPopupLevel%3D0%3B HTTP/1.1" 200 9277
192.168.10.96 - - [19/Jun/2017:12:46:49 -0300] "POST /cormun/servlet/trsolicitudgral?6a43430d6832d6530b4908e94946ab64,,gx-no-cache=1497887204610 HTTP/1.1" 200 9604
186.103.159.230 - - [19/Jun/2017:12:47:02 -0300] "GET /cormun/servlet/trsolicitudadjuntos?2017,6847, HTTP/1.1" 200 9312
186.103.159.230 - - [19/Jun/2017:12:47:03 -0300] "GET /cormun/servlet/trsolicitudadjuntos?2017,6847, HTTP/1.1" 200 9313
186.103.159.230 - - [19/Jun/2017:12:47:19 -0300] "GET /cormun/servlet/trautorizarsolicitud? HTTP/1.1" 200 6917
186.103.159.230 - - [19/Jun/2017:12:47:19 -0300] "GET /cormun/servlet/trautorizarsolicitud? HTTP/1.1" 200 6904
186.103.159.230 - - [19/Jun/2017:12:47:24 -0300] "GET /cormun/servlet/trautorizarsolicitud? HTTP/1.1" 200 6904
186.103.159.230 - - [19/Jun/2017:12:47:25 -0300] "GET /cormun/servlet/trautorizarsolicitud? HTTP/1.1" 200 6904
186.103.159.230 - - [19/Jun/2017:12:47:30 -0300] "GET /cormun/servlet/trsolicitudot? HTTP/1.1" 200 9568
186.103.159.230 - - [19/Jun/2017:12:47:31 -0300] "GET /cormun/servlet/trsolicitudot? HTTP/1.1" 200 9567
186.103.157.235 - - [19/Jun/2017:12:47:44 -0300] "POST /cormun/servlet/prfichaempleado?8c5c458a9e0956634d60a27114bf6a96,,MD,,gxPopupLevel%3D0%3B,gx-no-cache=1497887275768 HTTP/1.1" 200 3185
186.103.159.230 - - [19/Jun/2017:12:47:48 -0300] "POST /cormun/servlet/trsolicitudot?4a3c42836944dc7777508b687b56ca7e,,gx-no-cache=1497887320687 HTTP/1.1" 200 6769
186.103.159.230 - - [19/Jun/2017:12:47:48 -0300] "GET /cormun/static/Shared/jqueryui/images/ui-bg_highlight-soft_100_c6c2c8_1x100.png HTTP/1.1" 404 1117
186.103.159.230 - - [19/Jun/2017:12:47:48 -0300] "GET /cormun/static/Shared/jqueryui/images/ui-icons_82798d_256x240.png HTTP/1.1" 404 1089
186.103.159.230 - - [19/Jun/2017:12:47:48 -0300] "GET /cormun/static/Shared/jqueryui/images/ui-bg_flat_55_fafafa_40x100.png HTTP/1.1" 404 1097
186.103.159.230 - - [19/Jun/2017:12:47:48 -0300] "GET /cormun/static/Shared/jqueryui/images/ui-icons_8d78a5_256x240.png HTTP/1.1" 404 1089
186.103.159.230 - - [19/Jun/2017:12:47:48 -0300] "POST /cormun/servlet/trsolicitudot?4a3c42836944dc7777508b687b56ca7e,,gx-no-cache=1497887320967 HTTP/1.1" 200 6715
186.103.159.230 - - [19/Jun/2017:12:48:01 -0300] "GET /cormun/servlet/trautorizarsolicitud? HTTP/1.1" 200 8162
186.103.159.230 - - [19/Jun/2017:12:48:01 -0300] "GET /cormun/servlet/trautorizarsolicitud? HTTP/1.1" 200 8162
186.103.157.235 - - [19/Jun/2017:12:48:41 -0300] "GET /cormun/servlet/trcontratosolicitud? HTTP/1.1" 200 14569
186.103.157.235 - - [19/Jun/2017:12:48:55 -0300] "GET /cormun/static/gxcfg.js?201752512132337 HTTP/1.1" 200 953
186.103.159.230 - - [19/Jun/2017:12:48:59 -0300] "POST /cormun/servlet/trautorizarsolicitud?4a3c42836944dc7777508b687b56ca7e,,gx-no-cache=1497887392231 HTTP/1.1" 200 4329
186.103.159.230 - - [19/Jun/2017:12:48:59 -0300] "GET /cormun/static/Shared/jqueryui/images/ui-bg_highlight-soft_100_c6c2c8_1x100.png HTTP/1.1" 404 1117
186.103.159.230 - - [19/Jun/2017:12:48:59 -0300] "GET /cormun/static/Shared/jqueryui/images/ui-bg_flat_55_fafafa_40x100.png HTTP/1.1" 404 1097
186.103.159.230 - - [19/Jun/2017:12:48:59 -0300] "GET /cormun/static/Shared/jqueryui/images/ui-icons_8d78a5_256x240.png HTTP/1.1" 404 1089
186.103.159.230 - - [19/Jun/2017:12:48:59 -0300] "GET /cormun/static/Shared/jqueryui/images/ui-icons_82798d_256x240.png HTTP/1.1" 404 1089
186.103.159.230 - - [19/Jun/2017:12:49:00 -0300] "POST /cormun/servlet/trautorizarsolicitud?4a3c42836944dc7777508b687b56ca7e,,gx-no-cache=1497887392613 HTTP/1.1" 200 4110
186.103.157.235 - - [19/Jun/2017:12:49:03 -0300] "GET /cormun/static/trcontratosolicitud.js?20175251213282 HTTP/1.1" 200 28237
186.103.157.235 - - [19/Jun/2017:12:49:07 -0300] "GET /cormun//static/Resources/PXToolsGridNew.png HTTP/1.1" 200 2949
186.103.157.235 - - [19/Jun/2017:12:49:07 -0300] "GET /cormun/servlet/trcontratosolicitud? HTTP/1.1" 200 14561
186.103.157.235 - - [19/Jun/2017:12:50:04 -0300] "POST /cormun/servlet/trcontratosolicitud?8c5c458a9e0956634d60a27114bf6a96,,gx-no-cache=1497887426306 HTTP/1.1" 200 4818
186.103.159.230 - - [19/Jun/2017:12:50:10 -0300] "GET /cormun/servlet/trsolicitudot? HTTP/1.1" 200 9564
186.103.159.230 - - [19/Jun/2017:12:50:11 -0300] "GET /cormun/servlet/trsolicitudot? HTTP/1.1" 200 9563
186.103.159.230 - - [19/Jun/2017:12:50:22 -0300] "POST /cormun/servlet/trsolicitudot?4a3c42836944dc7777508b687b56ca7e,,gx-no-cache=1497887474533 HTTP/1.1" 200 4314
186.103.159.230 - - [19/Jun/2017:12:50:26 -0300] "GET /cormun/servlet/trsolicitudot? HTTP/1.1" 200 7189
186.103.159.230 - - [19/Jun/2017:12:50:26 -0300] "GET /cormun/servlet/trsolicitudot? HTTP/1.1" 200 7189
186.103.157.235 - - [19/Jun/2017:12:50:26 -0300] "GET /cormun/servlet/trpermisosgoce? HTTP/1.1" 200 12919
186.103.159.230 - - [19/Jun/2017:12:50:34 -0300] "GET /cormun/servlet/solicitudot?INS,0,0, HTTP/1.1" 200 12855
186.103.159.230 - - [19/Jun/2017:12:50:35 -0300] "GET /cormun/servlet/solicitudot?INS,0,0, HTTP/1.1" 200 12860
186.103.157.235 - - [19/Jun/2017:12:50:36 -0300] "GET /cormun/servlet/trpermisosgoce? HTTP/1.1" 200 12897
186.103.157.235 - - [19/Jun/2017:12:50:40 -0300] "GET /cormun/servlet/permisogoce?INS,0,,, HTTP/1.1" 200 6834
186.103.157.235 - - [19/Jun/2017:12:50:41 -0300] "GET /cormun/servlet/permisogoce?INS,0,,, HTTP/1.1" 200 6834
186.103.157.235 - - [19/Jun/2017:12:50:51 -0300] "GET /cormun/servlet/permisogoce?0b30da6da330f1bdacd3b1eb383e91c026d7e9573d0d755e8573dc98a944a83f31772295773640a8aacb97063dec688c490a1aacc64c713c042dd0aca548a3cd,gx-no-cache=1497887501596 HTTP/1.1" 200 77
186.103.157.235 - - [19/Jun/2017:12:51:03 -0300] "GET /cormun/static/menuarrow.gif HTTP/1.1" 404 1015
186.103.157.235 - - [19/Jun/2017:12:51:11 -0300] "GET /cormun/servlet/permisogoce?0b30da6da330f1bdacd3b1eb383e91c0fd5bf4fd21edbcf2f7e5bc473cf3f0304bce8654864ede7556dc1b70f266e9da6def40e0d0a51a1ed801af84a16c22ba,gx-no-cache=1497887521999 HTTP/1.1" 200 47
186.103.157.235 - - [19/Jun/2017:12:51:14 -0300] "POST /cormun/servlet/permisogoce?8c5c458a9e0956634d60a27114bf6a96,INS,0,,,,gx-no-cache=1497887524144 HTTP/1.1" 200 93
186.103.157.235 - - [19/Jun/2017:12:51:14 -0300] "GET /cormun/servlet/hpexe_return? HTTP/1.1" 200 1008
186.103.157.235 - - [19/Jun/2017:12:51:15 -0300] "GET /cormun/servlet/trpermisosgoce HTTP/1.1" 200 13063
186.103.157.235 - - [19/Jun/2017:12:51:17 -0300] "GET /cormun/servlet/trpermisosgoce HTTP/1.1" 200 13064
186.103.158.250 - - [19/Jun/2017:12:52:25 -0300] "POST /cormun/servlet/solicitudot?gx-no-cache=1497887815124 HTTP/1.1" 440 972
186.103.158.250 - - [19/Jun/2017:12:52:40 -0300] "POST /cormun/servlet/solicitudot?1340d95daa78701017de0cdd48e01d79,INS,0,0,,gx-no-cache=1497887830557 HTTP/1.1" 440 972
186.103.158.250 - - [19/Jun/2017:12:52:43 -0300] "GET /cormun/servlet/solicitudot?INS,0,0, HTTP/1.1" 200 12062
186.103.158.250 - - [19/Jun/2017:12:52:45 -0300] "GET /cormun/servlet/solicitudot?INS,0,0, HTTP/1.1" 200 12062
186.103.158.250 - - [19/Jun/2017:12:52:45 -0300] "GET /cormun/servlet/hlogin HTTP/1.1" 200 1745
186.103.158.250 - - [19/Jun/2017:12:53:00 -0300] "POST /cormun/servlet/hlogin?5c4ce79aa6083a2aed0b3c4974e24c0c,gx-no-cache=1497887850477 HTTP/1.1" 200 90
186.103.158.250 - - [19/Jun/2017:12:53:00 -0300] "GET /cormun/servlet/hpexe_link HTTP/1.1" 200 964
186.103.158.250 - - [19/Jun/2017:12:53:01 -0300] "GET /cormun/servlet/solicitudot?INS,0,0, HTTP/1.1" 200 12498
186.103.158.250 - - [19/Jun/2017:12:53:02 -0300] "GET /cormun/servlet/solicitudot?INS,0,0, HTTP/1.1" 200 12503
186.103.158.250 - - [19/Jun/2017:12:53:40 -0300] "POST /cormun/servlet/solicitudot?gx-no-cache=1497887889138 HTTP/1.1" 200 3215
186.103.158.250 - - [19/Jun/2017:12:53:40 -0300] "POST /cormun/servlet/solicitudot?5c4ce79aa6083a2aed0b3c4974e24c0c,INS,0,0,,gx-no-cache=1497887890150 HTTP/1.1" 200 9567
186.103.158.250 - - [19/Jun/2017:12:53:52 -0300] "GET /cormun/servlet/solicitudot?8bd964b00c8caa47df7f6922f59a38d171c8d6e07c6b1d3575c1d4ad8d79150512da00cefca5c4141dad09e47ba2eae0,gx-no-cache=1497887901947 HTTP/1.1" 200 30
186.103.158.250 - - [19/Jun/2017:12:53:52 -0300] "POST /cormun/servlet/solicitudot?gx-no-cache=1497887902739 HTTP/1.1" 200 240
186.103.158.250 - - [19/Jun/2017:12:53:54 -0300] "GET /cormun/servlet/solicitudot?8bd964b00c8caa47df7f6922f59a38d157a2b3fa49bbb52c6e0d6abfa7eec16d10e0ea7cba93a1bd3357537fd525239ea3a7aa63d50f30f17bdece6c236ec786181188ae4da4428f710dc839dfa618dbeeed893b2ec1c9b011dfb4c0d7b736a14da81316764f0cbb5e678317b8f6f7ed63139310c077c153e20bce6524274bb1732d6889e33746e957139861688bbdc8749314b0e47140d1b2b26267e51d06ccf33fecdb563b28827048492bc785e180fa6388701cdb7e3660f6e27f115619a2e9aea0ea2c956d4cef74876fc6ac300b595aac1633f00ffce0d36d5bf07427981fd3a292b9d266f576ab5451557a758f3f35ab616f2cdef2a18e1a447f34dc28c73c421d659e88037cd60d8caf848eabe936e9397a084c04219542ebbd5319e27c60a6f99ff64f979fe02e8890fc003612ca58187bc9bb68a46be78379eeb3fe1c8dd252bc70e5fff14c99d5a859e46f8817d4d41d931d71dced935757b5153108c4f7e5008482704ca546367f9036810897c619d60ccd71e97bccfc3507fb2b,gx-no-cache=1497887904172 HTTP/1.1" 200 30
186.103.158.250 - - [19/Jun/2017:12:54:02 -0300] "POST /cormun/servlet/solicitudot?gx-no-cache=1497887912138 HTTP/1.1" 200 30
186.103.158.250 - - [19/Jun/2017:12:54:45 -0300] "POST /cormun/servlet/solicitudot?gx-no-cache=1497887955265 HTTP/1.1" 200 1299
186.103.158.250 - - [19/Jun/2017:12:54:46 -0300] "POST /cormun/servlet/solicitudot?gx-no-cache=1497887955884 HTTP/1.1" 200 38
186.103.158.250 - - [19/Jun/2017:12:54:46 -0300] "GET /cormun/servlet/solicitudot?8bd964b00c8caa47df7f6922f59a38d10ddfe180af46db875559a3f4ccffd42c719972c76bd7350da78bcf32fec4fa72acd9f651cafc69d58ebcf2bd3fe2ae5602d48be8c3d6a2c85d7a389ec194e3975693716f2903553ca6cc20199b3cbbb1b202ae865551f7dd633eb0be439532912af5c3f8878d0f6480afb1e553882186cd557bc99a1f73a3d7f7bb5dc87a3276fddb818e63de8f48e6d39a2f89b64cfa,gx-no-cache=1497887956005 HTTP/1.1" 200 29
186.103.158.250 - - [19/Jun/2017:12:54:46 -0300] "POST /cormun/servlet/solicitudot?gx-no-cache=1497887956086 HTTP/1.1" 200 1280
186.103.158.250 - - [19/Jun/2017:12:55:48 -0300] "POST /cormun/servlet/solicitudot?gx-no-cache=1497888017979 HTTP/1.1" 200 30
186.103.158.250 - - [19/Jun/2017:12:55:48 -0300] "POST /cormun/servlet/solicitudot?gx-no-cache=1497888018098 HTTP/1.1" 200 1299
186.103.158.250 - - [19/Jun/2017:12:55:48 -0300] "POST /cormun/servlet/solicitudot?gx-no-cache=1497888018255 HTTP/1.1" 200 38
186.103.158.250 - - [19/Jun/2017:12:55:48 -0300] "POST /cormun/servlet/solicitudot?gx-no-cache=1497888018310 HTTP/1.1" 200 1280
95.24.239.138 - - [19/Jun/2017:12:56:12 -0300] "GET /cormun/servlet/trsolicitudadjuntos?2017,6811, HTTP/1.1" 200 8614
95.28.172.192 - - [19/Jun/2017:12:56:13 -0300] "GET /cormun/static/gxui/gxui-all.css?110300 HTTP/1.1" 200 2179
95.28.172.192 - - [19/Jun/2017:12:56:13 -0300] "GET /cormun/static/calendar-system.css?75620 HTTP/1.1" 200 5572
95.28.172.192 - - [19/Jun/2017:12:56:14 -0300] "GET /cormun/static/Resources/Spanish/PXTools.css?11423723 HTTP/1.1" 200 89042
95.28.172.192 - - [19/Jun/2017:12:56:14 -0300] "GET /cormun/static/SmoothNavMenu/resources/ddsmoothmenu.css?1012540 HTTP/1.1" 200 2223
95.24.239.138 - - [19/Jun/2017:12:56:14 -0300] "GET /cormun/static/Shared/jqueryui/jquery-ui.min.css?1245370 HTTP/1.1" 200 30288
95.24.239.138 - - [19/Jun/2017:12:56:15 -0300] "GET /cormun/static/Shared/ext/resources/css/ext-all.css?205870 HTTP/1.1" 200 416045
95.28.172.192 - - [19/Jun/2017:12:56:15 -0300] "GET /cormun/static/scaMessage/css/jquery.pnotify.default.css?1716380 HTTP/1.1" 200 1707
95.24.239.138 - - [19/Jun/2017:12:56:15 -0300] "GET /cormun/static/gxtimezone.js?85251 HTTP/1.1" 200 5781
95.24.239.138 - - [19/Jun/2017:12:56:15 -0300] "GET /cormun/static/gxcfg.js?20175251232679 HTTP/1.1" 200 953
95.24.239.138 - - [19/Jun/2017:12:56:15 -0300] "GET /cormun/static/calendar-setup.js?85251 HTTP/1.1" 200 2588
95.24.239.138 - - [19/Jun/2017:12:56:16 -0300] "GET /cormun/static/calendar.js?85251 HTTP/1.1" 200 26246
95.28.172.192 - - [19/Jun/2017:12:56:16 -0300] "GET /cormun/static/calendar-es.js?85251 HTTP/1.1" 200 1901
95.24.239.138 - - [19/Jun/2017:12:56:16 -0300] "GET /cormun/static/gxgral.js?85251 HTTP/1.1" 200 384558
95.28.172.192 - - [19/Jun/2017:12:56:16 -0300] "GET /cormun/static/RunJS/RunJS.js HTTP/1.1" 200 288
95.24.239.138 - - [19/Jun/2017:12:56:17 -0300] "GET /cormun/static/PXToolsJavascripts/pexe_autoreload.js HTTP/1.1" 200 1762
95.28.172.192 - - [19/Jun/2017:12:56:17 -0300] "GET /cormun/static/PXToolsJavascripts/pexe_cookies.js HTTP/1.1" 200 792
95.28.172.192 - - [19/Jun/2017:12:56:17 -0300] "GET /cormun/static/gxui/gxui-all.js HTTP/1.1" 200 107772
95.28.172.192 - - [19/Jun/2017:12:56:18 -0300] "GET /cormun/static/PXToolsJavascripts/pexe_griddivfix.js HTTP/1.1" 200 6644
95.24.239.138 - - [19/Jun/2017:12:56:18 -0300] "GET /cormun/static/Shared/ext/ext-all.js HTTP/1.1" 200 1289687
95.24.239.138 - - [19/Jun/2017:12:56:18 -0300] "GET /cormun/static/PXToolsJavascripts/pexe_windows.js HTTP/1.1" 200 15207
95.24.239.138 - - [19/Jun/2017:12:56:18 -0300] "GET /cormun/static/PXToolsJavascripts/pexe_grid.js HTTP/1.1" 200 7559
95.24.239.138 - - [19/Jun/2017:12:56:18 -0300] "GET /cormun/static/PXToolsJavascripts/pexe_menudivfix.js HTTP/1.1" 200 333
95.28.172.192 - - [19/Jun/2017:12:56:18 -0300] "GET /cormun/static/PXToolsJavascripts/pexe_layers.js HTTP/1.1" 200 4114
95.24.239.138 - - [19/Jun/2017:12:56:19 -0300] "GET /cormun/static/PXToolsJavascripts/pexe_menus.js HTTP/1.1" 200 1286
95.28.172.192 - - [19/Jun/2017:12:56:19 -0300] "GET /cormun/static/PXToolsJavascripts/pexe_link.js HTTP/1.1" 200 5671
95.24.239.138 - - [19/Jun/2017:12:56:19 -0300] "GET /cormun/static/PXToolsJavascripts/pexe_oav.js HTTP/1.1" 200 645
95.24.239.138 - - [19/Jun/2017:12:56:19 -0300] "GET /cormun/static/PXToolsJavascripts/pexe_oavdivfix.js HTTP/1.1" 200 639
95.28.172.192 - - [19/Jun/2017:12:56:19 -0300] "GET /cormun/static/PXToolsJavascripts/pexe_picture.js HTTP/1.1" 200 689
95.24.239.138 - - [19/Jun/2017:12:56:19 -0300] "GET /cormun/static/PXToolsJavascripts/pexe_popup.js HTTP/1.1" 200 13458
95.24.239.138 - - [19/Jun/2017:12:56:20 -0300] "GET /cormun/static/PXToolsJavascripts/pexe_scrolldiv.js HTTP/1.1" 200 4138
95.28.172.192 - - [19/Jun/2017:12:56:20 -0300] "GET /cormun/static/PXToolsJavascripts/pexe_tabdivfix.js HTTP/1.1" 200 876
95.28.172.192 - - [19/Jun/2017:12:56:20 -0300] "GET /cormun/static/PXToolsJavascripts/pexe_tabs.js HTTP/1.1" 200 3748
95.28.172.192 - - [19/Jun/2017:12:56:20 -0300] "GET /cormun/static/PXToolsJavascripts/pexe_upload.js HTTP/1.1" 200 1423
95.24.239.138 - - [19/Jun/2017:12:56:20 -0300] "GET /cormun/static/PXToolsJavascripts/PXToolsJavascriptsRender.js HTTP/1.1" 200 367
95.28.172.192 - - [19/Jun/2017:12:56:20 -0300] "GET /cormun/static/Shared/ext/locale/ext-lang-en.js HTTP/1.1" 200 10940
95.24.239.138 - - [19/Jun/2017:12:56:20 -0300] "GET /cormun/static/SmoothNavMenu/resources/ddsmoothmenu-v.css?1012540 HTTP/1.1" 200 1188
95.28.172.192 - - [19/Jun/2017:12:56:22 -0300] "GET /cormun/static/hwchdr01.js?201752511465785 HTTP/1.1" 200 1183
95.24.239.138 - - [19/Jun/2017:12:56:22 -0300] "GET /cormun/static/messages.spa.js?85251 HTTP/1.1" 200 30736
95.28.172.192 - - [19/Jun/2017:12:56:22 -0300] "GET /cormun/static/trsolicitudadjuntos.js?20175251233082 HTTP/1.1" 200 17922
95.24.239.138 - - [19/Jun/2017:12:56:22 -0300] "GET /cormun/static/gxdec.js?85251 HTTP/1.1" 200 19579
95.28.172.192 - - [19/Jun/2017:12:56:22 -0300] "GET /cormun/static/hpexe_recentlink.js?201610171694390 HTTP/1.1" 200 2144
95.24.239.138 - - [19/Jun/2017:12:56:23 -0300] "GET /cormun/static/hpexe_messagecontroller.js?201610171694323 HTTP/1.1" 200 870
95.24.239.138 - - [19/Jun/2017:12:56:23 -0300] "GET /cormun/static/hpexe_scripts.js?201752511465715 HTTP/1.1" 200 1544
95.24.239.138 - - [19/Jun/2017:12:56:23 -0300] "GET /cormun/static/hpexe_messagepopupcomponent.js?20161017169425 HTTP/1.1" 200 605
95.28.172.192 - - [19/Jun/2017:12:56:23 -0300] "GET /cormun/static/hpexe_messagegenexuscomponent.js?201752511465344 HTTP/1.1" 200 587
95.24.239.138 - - [19/Jun/2017:12:56:23 -0300] "GET /cormun/static/cmcontrolpreferences.js?201752511465670 HTTP/1.1" 200 1375
95.28.172.192 - - [19/Jun/2017:12:56:24 -0300] "GET /cormun/static/SmoothNavMenu/resources/ddsmoothmenu.js HTTP/1.1" 200 12712
95.28.172.192 - - [19/Jun/2017:12:56:24 -0300] "GET /cormun/static/Shared/jquery/jquery-1.4.2.min.js HTTP/1.1" 200 72174
95.24.239.138 - - [19/Jun/2017:12:56:25 -0300] "GET /cormun/static/Shared/jquery/jquery-1.10.2.min.js HTTP/1.1" 200 273199
95.28.172.192 - - [19/Jun/2017:12:56:25 -0300] "GET /cormun/static/SmoothNavMenu/resources/SmoothNavMenuRender.js HTTP/1.1" 200 5951
95.24.239.138 - - [19/Jun/2017:12:56:25 -0300] "GET /cormun/static/scaMessage/js/jquery.pnotify.min.js HTTP/1.1" 200 13038
95.28.172.192 - - [19/Jun/2017:12:56:25 -0300] "GET /cormun/static/scaMessage/scaMessageRender.js HTTP/1.1" 200 11977
95.24.239.138 - - [19/Jun/2017:12:56:25 -0300] "GET /cormun/static/hmpwkw03.js?2017525121347 HTTP/1.1" 200 3965
95.28.172.192 - - [19/Jun/2017:12:56:26 -0300] "GET /cormun/static/Shared/jqueryui/jquery-ui.min.js HTTP/1.1" 200 240427
95.28.172.192 - - [19/Jun/2017:12:56:27 -0300] "GET /cormun/servlet/hlogin HTTP/1.1" 200 1741
95.28.172.192 - - [19/Jun/2017:12:56:27 -0300] "GET /cormun/servlet/trsolicitudadjuntos?2017,6811, HTTP/1.1" 200 8630
95.28.172.192 - - [19/Jun/2017:12:56:28 -0300] "GET /cormun/static/gxcfg.js?20175251213516 HTTP/1.1" 200 953
95.24.239.138 - - [19/Jun/2017:12:56:28 -0300] "GET /cormun/static/gxtimezone.js?85251 HTTP/1.1" 200 5781
95.28.172.192 - - [19/Jun/2017:12:56:28 -0300] "GET /cormun/static/hlogin.js?20175251213537 HTTP/1.1" 200 2136
95.24.239.138 - - [19/Jun/2017:12:56:28 -0300] "GET /cormun/static/Resources/Spanish/PXTools.css?11423723 HTTP/1.1" 200 89042
95.28.172.192 - - [19/Jun/2017:12:56:29 -0300] "GET /cormun/static/messages.spa.js?85251 HTTP/1.1" 200 30736
95.28.172.192 - - [19/Jun/2017:12:56:29 -0300] "GET /cormun/static/gxgral.js?85251 HTTP/1.1" 200 384558
186.79.34.188 - - [19/Jun/2017:12:56:31 -0300] "GET /cormun/servlet/hlogin HTTP/1.1" 200 1723
186.79.34.188 - - [19/Jun/2017:12:56:40 -0300] "POST /cormun/servlet/hlogin?e635ad3eba21155e791ff407bef680ff,gx-no-cache=1497887852539 HTTP/1.1" 200 90
186.79.34.188 - - [19/Jun/2017:12:56:40 -0300] "GET /cormun/servlet/hpexe_link HTTP/1.1" 200 952
186.79.34.188 - - [19/Jun/2017:12:56:41 -0300] "GET /cormun/servlet/hhome HTTP/1.1" 200 3744
186.79.34.188 - - [19/Jun/2017:12:56:43 -0300] "GET /cormun/servlet/hhome HTTP/1.1" 200 3740
186.79.34.188 - - [19/Jun/2017:12:56:47 -0300] "GET /cormun/servlet/trpermisosgoce? HTTP/1.1" 200 12525
186.79.34.188 - - [19/Jun/2017:12:56:49 -0300] "GET /cormun/servlet/trpermisosgoce? HTTP/1.1" 200 12527
186.79.34.188 - - [19/Jun/2017:12:56:54 -0300] "GET /cormun/servlet/permisogoce?UPD,10789448,P,20170619091243, HTTP/1.1" 200 6647
186.79.34.188 - - [19/Jun/2017:12:56:56 -0300] "GET /cormun/servlet/permisogoce?UPD,10789448,P,20170619091243, HTTP/1.1" 200 6647
186.79.34.188 - - [19/Jun/2017:12:56:56 -0300] "GET /cormun/servlet/permisogoce?780d7ae92daf9639abe76ec6f3bdc16e775481627d3cd41eaca4f7cb782dbc39f64a4bd18c08c51b197d0e0da1fcf1d73e942a947cc6c212ebe22d6a583ea98b,gx-no-cache=1497887868450 HTTP/1.1" 200 77
186.79.34.188 - - [19/Jun/2017:12:57:02 -0300] "GET /cormun/static/menuarrow.gif HTTP/1.1" 404 1015
186.79.34.188 - - [19/Jun/2017:12:57:07 -0300] "GET /cormun/servlet/permisogoce?780d7ae92daf9639abe76ec6f3bdc16e855e9d2e5cb039af95fd4a08dd9fa598c5e377dfd0c2a221fc36a24f528298ee6f34063a60c9eda5fd3cd38c45e995e3,gx-no-cache=1497887878940 HTTP/1.1" 200 47
186.79.34.188 - - [19/Jun/2017:12:57:10 -0300] "POST /cormun/servlet/permisogoce?e635ad3eba21155e791ff407bef680ff,UPD,10789448,P,20170619091243,,gx-no-cache=1497887882442 HTTP/1.1" 200 93
186.79.34.188 - - [19/Jun/2017:12:57:11 -0300] "GET /cormun/servlet/hpexe_return? HTTP/1.1" 200 1030
186.79.34.188 - - [19/Jun/2017:12:57:11 -0300] "GET /cormun/servlet/trpermisosgoce HTTP/1.1" 200 12523
186.103.248.213 - - [19/Jun/2017:12:57:12 -0300] "GET /cormun/servlet/hlogin HTTP/1.1" 200 1722
186.79.34.188 - - [19/Jun/2017:12:57:13 -0300] "GET /cormun/servlet/trpermisosgoce HTTP/1.1" 200 12524
186.79.34.188 - - [19/Jun/2017:12:57:16 -0300] "GET /cormun/servlet/apermisogoceprn?9214477,P,20170619091724,PU HTTP/1.1" 200 1651
192.168.10.96 - - [19/Jun/2017:12:57:40 -0300] "GET /cormun/servlet/trconsultaempleado? HTTP/1.1" 200 10029
192.168.10.96 - - [19/Jun/2017:12:57:41 -0300] "GET /cormun/servlet/trconsultaempleado? HTTP/1.1" 200 10029
192.168.10.96 - - [19/Jun/2017:12:57:50 -0300] "POST /cormun/servlet/trconsultaempleado?6a43430d6832d6530b4908e94946ab64,,gx-no-cache=1497887865530 HTTP/1.1" 200 4447
186.103.158.250 - - [19/Jun/2017:12:57:52 -0300] "GET /cormun/static/menuarrow.gif HTTP/1.1" 404 1015
192.168.10.96 - - [19/Jun/2017:12:57:53 -0300] "GET /cormun/servlet/trsolicitudnombre?16882955, HTTP/1.1" 200 8308
192.168.10.96 - - [19/Jun/2017:12:57:53 -0300] "GET /cormun/static/gxcfg.js?20175251254239 HTTP/1.1" 304 -
192.168.10.96 - - [19/Jun/2017:12:57:53 -0300] "GET /cormun/static/trsolicitudnombre.js?20175251254755 HTTP/1.1" 304 -
192.168.10.96 - - [19/Jun/2017:12:57:54 -0300] "GET /cormun/servlet/trsolicitudnombre?16882955, HTTP/1.1" 200 8310
192.168.10.96 - - [19/Jun/2017:12:57:56 -0300] "GET /cormun/servlet/vesolicitudnombre?2017,6127,, HTTP/1.1" 200 8597
192.168.10.96 - - [19/Jun/2017:12:57:56 -0300] "GET /cormun/static/gxcfg.js?20175251254114 HTTP/1.1" 304 -
192.168.10.96 - - [19/Jun/2017:12:57:56 -0300] "GET /cormun/pexe_scrolldiv.js HTTP/1.1" 404 1009
192.168.10.96 - - [19/Jun/2017:12:57:56 -0300] "GET /cormun/static/vesolicitudnombre.js?20175251254182 HTTP/1.1" 304 -
192.168.10.96 - - [19/Jun/2017:12:57:56 -0300] "GET /cormun/pexe_scrolldiv.js HTTP/1.1" 404 1009
192.168.10.96 - - [19/Jun/2017:12:57:56 -0300] "GET /cormun/static/tbsolicitudnombre01.js?2017110216261 HTTP/1.1" 304 -
192.168.10.96 - - [19/Jun/2017:12:57:57 -0300] "GET /cormun/servlet/vesolicitudnombre?2017,6127,, HTTP/1.1" 200 8588
186.79.34.188 - - [19/Jun/2017:12:57:57 -0300] "GET /cormun/servlet/apermisogoceprn?10789448,P,20170619091243,PU HTTP/1.1" 200 1647
192.168.10.96 - - [19/Jun/2017:12:57:58 -0300] "GET /cormun/servlet/vesolicitudnombre?2017,6127,,SolicitudOTAdjuntos HTTP/1.1" 200 7550
192.168.10.96 - - [19/Jun/2017:12:57:58 -0300] "GET /cormun/pexe_scrolldiv.js HTTP/1.1" 404 1009
192.168.10.96 - - [19/Jun/2017:12:57:58 -0300] "GET /cormun/static/tbsolicitudnombre02.js?201612218422876 HTTP/1.1" 304 -
192.168.10.96 - - [19/Jun/2017:12:57:58 -0300] "GET /cormun/pexe_scrolldiv.js HTTP/1.1" 404 1009
192.168.10.96 - - [19/Jun/2017:12:57:58 -0300] "GET /cormun/servlet/vesolicitudnombre?2017,6127,,SolicitudOTAdjuntos HTTP/1.1" 200 7550
192.168.10.96 - - [19/Jun/2017:12:57:59 -0300] "POST /cormun/servlet/acontrolpreferencessavestate?None,DZAMUDIO,true HTTP/1.1" 200 35
192.168.10.96 - - [19/Jun/2017:12:58:01 -0300] "POST /cormun/servlet/vesolicitudnombre?6a43430d6832d6530b4908e94946ab64,2017,6127,,SolicitudOTAdjuntos,gx-no-cache=1497887876146 HTTP/1.1" 200 90
192.168.10.96 - - [19/Jun/2017:12:58:01 -0300] "GET /cormun/servlet/hpexe_link HTTP/1.1" 200 983
192.168.10.96 - - [19/Jun/2017:12:58:01 -0300] "GET /cormun/servlet/trsolicitudnombre?16882955, HTTP/1.1" 200 8309
192.168.10.96 - - [19/Jun/2017:12:58:01 -0300] "GET /cormun/servlet/trsolicitudnombre?16882955, HTTP/1.1" 200 8311
192.168.10.96 - - [19/Jun/2017:12:58:03 -0300] "GET /cormun/servlet/vesolicitudnombre?2017,6277,, HTTP/1.1" 200 8611
192.168.10.96 - - [19/Jun/2017:12:58:03 -0300] "GET /cormun/pexe_scrolldiv.js HTTP/1.1" 404 1009
192.168.10.96 - - [19/Jun/2017:12:58:03 -0300] "GET /cormun/pexe_scrolldiv.js HTTP/1.1" 404 1009
192.168.10.96 - - [19/Jun/2017:12:58:04 -0300] "GET /cormun/servlet/vesolicitudnombre?2017,6277,, HTTP/1.1" 200 8604
192.168.10.96 - - [19/Jun/2017:12:58:05 -0300] "GET /cormun/servlet/vesolicitudnombre?2017,6277,,SolicitudOTAdjuntos HTTP/1.1" 200 7550
192.168.10.96 - - [19/Jun/2017:12:58:05 -0300] "GET /cormun/pexe_scrolldiv.js HTTP/1.1" 404 1009
192.168.10.96 - - [19/Jun/2017:12:58:05 -0300] "GET /cormun/pexe_scrolldiv.js HTTP/1.1" 404 1009
192.168.10.96 - - [19/Jun/2017:12:58:05 -0300] "GET /cormun/servlet/vesolicitudnombre?2017,6277,,SolicitudOTAdjuntos HTTP/1.1" 200 7550
192.168.10.96 - - [19/Jun/2017:12:58:06 -0300] "POST /cormun/servlet/acontrolpreferencessavestate?None,DZAMUDIO,true HTTP/1.1" 200 35
192.168.10.96 - - [19/Jun/2017:12:58:09 -0300] "POST /cormun/servlet/vesolicitudnombre?6a43430d6832d6530b4908e94946ab64,2017,6277,,SolicitudOTAdjuntos,gx-no-cache=1497887884425 HTTP/1.1" 200 90
192.168.10.96 - - [19/Jun/2017:12:58:09 -0300] "GET /cormun/servlet/hpexe_link HTTP/1.1" 200 983
192.168.10.96 - - [19/Jun/2017:12:58:09 -0300] "GET /cormun/servlet/trsolicitudnombre?16882955, HTTP/1.1" 200 8309
192.168.10.96 - - [19/Jun/2017:12:58:09 -0300] "GET /cormun/servlet/trsolicitudnombre?16882955, HTTP/1.1" 200 8311
192.168.10.96 - - [19/Jun/2017:12:58:12 -0300] "GET /cormun/servlet/vesolicitudnombre?2017,6279,, HTTP/1.1" 200 8604
192.168.10.96 - - [19/Jun/2017:12:58:12 -0300] "GET /cormun/pexe_scrolldiv.js HTTP/1.1" 404 1009
192.168.10.96 - - [19/Jun/2017:12:58:12 -0300] "GET /cormun/pexe_scrolldiv.js HTTP/1.1" 404 1009
192.168.10.96 - - [19/Jun/2017:12:58:13 -0300] "GET /cormun/servlet/vesolicitudnombre?2017,6279,, HTTP/1.1" 200 8597
192.168.10.96 - - [19/Jun/2017:12:58:14 -0300] "GET /cormun/servlet/vesolicitudnombre?2017,6279,,SolicitudOTAdjuntos HTTP/1.1" 200 7550
192.168.10.96 - - [19/Jun/2017:12:58:14 -0300] "GET /cormun/pexe_scrolldiv.js HTTP/1.1" 404 1009
192.168.10.96 - - [19/Jun/2017:12:58:14 -0300] "GET /cormun/pexe_scrolldiv.js HTTP/1.1" 404 1009
192.168.10.96 - - [19/Jun/2017:12:58:14 -0300] "GET /cormun/servlet/vesolicitudnombre?2017,6279,,SolicitudOTAdjuntos HTTP/1.1" 200 7550
192.168.10.96 - - [19/Jun/2017:12:58:15 -0300] "POST /cormun/servlet/acontrolpreferencessavestate?None,DZAMUDIO,true HTTP/1.1" 200 35
192.168.10.96 - - [19/Jun/2017:12:58:16 -0300] "POST /cormun/servlet/vesolicitudnombre?6a43430d6832d6530b4908e94946ab64,2017,6279,,SolicitudOTAdjuntos,gx-no-cache=1497887891492 HTTP/1.1" 200 90
192.168.10.96 - - [19/Jun/2017:12:58:16 -0300] "GET /cormun/servlet/hpexe_link HTTP/1.1" 200 983
192.168.10.96 - - [19/Jun/2017:12:58:16 -0300] "GET /cormun/servlet/trsolicitudnombre?16882955, HTTP/1.1" 200 8309
192.168.10.96 - - [19/Jun/2017:12:58:17 -0300] "GET /cormun/servlet/trsolicitudnombre?16882955, HTTP/1.1" 200 8311
192.168.10.96 - - [19/Jun/2017:12:58:19 -0300] "GET /cormun/servlet/vesolicitudnombre?2017,6375,, HTTP/1.1" 200 8635
192.168.10.96 - - [19/Jun/2017:12:58:19 -0300] "GET /cormun/pexe_scrolldiv.js HTTP/1.1" 404 1009
192.168.10.96 - - [19/Jun/2017:12:58:19 -0300] "GET /cormun/pexe_scrolldiv.js HTTP/1.1" 404 1009
192.168.10.96 - - [19/Jun/2017:12:58:20 -0300] "GET /cormun/servlet/vesolicitudnombre?2017,6375,, HTTP/1.1" 200 8628
186.79.34.188 - - [19/Jun/2017:12:58:40 -0300] "POST /cormun/servlet/trpermisosgoce?e635ad3eba21155e791ff407bef680ff,gx-no-cache=1497887971235 HTTP/1.1" 200 9662
186.79.34.188 - - [19/Jun/2017:12:58:40 -0300] "GET /cormun/static/Shared/jqueryui/images/ui-bg_highlight-soft_100_c6c2c8_1x100.png HTTP/1.1" 404 1117
186.79.34.188 - - [19/Jun/2017:12:58:40 -0300] "GET /cormun/static/Shared/jqueryui/images/ui-icons_82798d_256x240.png HTTP/1.1" 404 1089
186.79.34.188 - - [19/Jun/2017:12:58:40 -0300] "GET /cormun/static/Shared/jqueryui/images/ui-bg_flat_55_fafafa_40x100.png HTTP/1.1" 404 1097
186.79.34.188 - - [19/Jun/2017:12:58:40 -0300] "GET /cormun/static/Shared/jqueryui/images/ui-icons_8d78a5_256x240.png HTTP/1.1" 404 1089
186.103.159.230 - - [19/Jun/2017:12:58:55 -0300] "POST /cormun/servlet/solicitudot?gx-no-cache=1497887987723 HTTP/1.1" 200 3287
186.103.159.230 - - [19/Jun/2017:12:58:55 -0300] "GET /cormun/static/Shared/jqueryui/images/ui-bg_highlight-soft_100_c6c2c8_1x100.png HTTP/1.1" 404 1117
186.103.159.230 - - [19/Jun/2017:12:58:55 -0300] "GET /cormun/static/Shared/jqueryui/images/ui-icons_82798d_256x240.png HTTP/1.1" 404 1089
186.103.159.230 - - [19/Jun/2017:12:58:55 -0300] "GET /cormun/static/Shared/jqueryui/images/ui-bg_flat_55_994d53_40x100.png HTTP/1.1" 404 1097
186.103.159.230 - - [19/Jun/2017:12:58:55 -0300] "GET /cormun/static/Shared/jqueryui/images/ui-icons_ebccce_256x240.png HTTP/1.1" 404 1089
186.103.159.230 - - [19/Jun/2017:12:58:59 -0300] "GET /cormun/servlet/solicitudot?646be76b7754a5e6c0c7c14be036955fccd71ce1a4c3b4df4e873a1adfb9cd2c8b98fe207a383e0e1481369ea5f846a2,gx-no-cache=1497887992414 HTTP/1.1" 200 30
186.103.158.250 - - [19/Jun/2017:13:00:19 -0300] "POST /cormun/servlet/solicitudot?gx-no-cache=1497888289327 HTTP/1.1" 200 30
186.103.158.250 - - [19/Jun/2017:13:00:50 -0300] "POST /cormun/servlet/solicitudot?5c4ce79aa6083a2aed0b3c4974e24c0c,INS,0,0,,gx-no-cache=1497888320603 HTTP/1.1" 200 93
186.103.158.250 - - [19/Jun/2017:13:00:51 -0300] "GET /cormun/servlet/hpexe_return? HTTP/1.1" 200 1008
186.103.158.250 - - [19/Jun/2017:13:01:00 -0300] "GET /cormun/static/gxcfg.js?2016101716175148 HTTP/1.1" 200 953
186.103.158.250 - - [19/Jun/2017:13:01:00 -0300] "GET /cormun/static/hpexe_return.js?2016101716175153 HTTP/1.1" 200 1633
186.103.158.250 - - [19/Jun/2017:13:01:01 -0300] "GET /cormun/static/Resources/Spanish/PXTools.css?167811 HTTP/1.1" 200 89042
186.103.158.250 - - [19/Jun/2017:13:01:02 -0300] "GET /cormun/servlet/hhome HTTP/1.1" 200 3790
186.103.158.250 - - [19/Jun/2017:13:01:03 -0300] "GET /cormun/servlet/hhome HTTP/1.1" 200 3785
186.103.159.230 - - [19/Jun/2017:13:01:37 -0300] "GET /cormun/servlet/solicitudot?646be76b7754a5e6c0c7c14be036955f24dd730b1ce976ee16a96e539cc5c4abfa4f6068cce5264f691cf1efceefc2a740648ad589bfaadabc011afd059c4eee3e98233d5248d9a90b363587e2de0ac7b8868fc307697d99d4b090d00bd5c0e6b1a1a9e6b9d29284e96fadad66a7c93ac32491b25b8e6ce2f671e837860d72895f4bf13a64594bde095076db71bfc23ad8eb442796785bbc5b73c7fd18de557c1789a7c25854d271fd62de18b377197ff32fcdd8164c45d7ee8619fe50ea2e1b0d8336338dfc00edd1c7aec2a271e205c4e600ad272f2c7719792f6f457e31ec511f0219e7dd6bfa8daafcbf52a568d6b707419de53f08ee3e03a53c3f9896ebdfa3cfadd855c3e6342bb6846384adbb79c9413ea5186887591d48a600d735154be1a666ba77db1f8eda2ef5a5d9f1e238b11c02b1610051e5e1db18c9e4c94f0bdda6e60d06898eb4cedae847c9065d,gx-no-cache=1497888149465 HTTP/1.1" 200 297
186.103.159.230 - - [19/Jun/2017:13:01:41 -0300] "GET /cormun/servlet/solicitudot?646be76b7754a5e6c0c7c14be036955f3cfbdb7c47f1559747a2e9c2421056322b711af0c3eebbe42a37bb1be9bc5b68080e9bdf948e79fedb501c8e0065e80199be7f3c21475f58517204226ceb1b9b5ab1bd4cb69efc67bd77030d47d237e28e460af85ab697bc3e4c22e2b3cae750ef0297957b21ce98777a4f067cb9fe3a7616e8d8205971d96c28d487ab47d09298ca4be73041e700bdfeca66a83e6124b69db8a0818d206473487861ba39f887e536e06189efce33e8748a6208629c12cfc3bb98b08cb5240626242d51c76c09563690f77ccf668b7cc24418746f8c50854453ffe4d1ebe5d62f604833a1f0399541760dfc0b44cc6fae4d2accd673e8418950cf5b3059b89020ec334df7e247fafd1216c1cdc5983cf82f687c7dc4af1a37ed8579b341933ea9be0a60a9a8f597f7b71c16c8e2643440d43892a53de548027b5e3bceed07c4dfff59b0b1b8bcdf794eac0a2fdd44d3da6d6a67449bf91c6369031af702091bee47776f0ed2695c2cdad4f9e730ae1121e591ed94b2791cd8fcb586ac003ae422061f5aae6351,gx-no-cache=1497888154389 HTTP/1.1" 200 30
186.103.159.230 - - [19/Jun/2017:13:01:44 -0300] "POST /cormun/servlet/solicitudot?gx-no-cache=1497888156523 HTTP/1.1" 200 30
186.103.159.230 - - [19/Jun/2017:13:01:47 -0300] "POST /cormun/servlet/solicitudot?gx-no-cache=1497888159912 HTTP/1.1" 200 1296
186.103.159.230 - - [19/Jun/2017:13:01:47 -0300] "POST /cormun/servlet/solicitudot?gx-no-cache=1497888159997 HTTP/1.1" 200 38
186.103.157.235 - - [19/Jun/2017:13:01:53 -0300] "GET /cormun/servlet/apermisogoceprn?18104139,P,20170607185346,PU HTTP/1.1" 200 1656
186.103.158.250 - - [19/Jun/2017:13:01:53 -0300] "GET /cormun/servlet/trvisualizadoreventos? HTTP/1.1" 200 6531
186.103.158.250 - - [19/Jun/2017:13:01:53 -0300] "GET /cormun/static/gxcfg.js?20175251251426 HTTP/1.1" 200 953
186.103.158.250 - - [19/Jun/2017:13:01:56 -0300] "GET /cormun/static/Resources/PXToolsActionPrint.png HTTP/1.1" 200 3317
186.103.158.250 - - [19/Jun/2017:13:02:09 -0300] "GET /cormun/static/trvisualizadoreventos.js?20175251251768 HTTP/1.1" 200 19318
186.103.158.250 - - [19/Jun/2017:13:02:10 -0300] "GET /cormun/servlet/trvisualizadoreventos? HTTP/1.1" 200 6531
186.103.158.250 - - [19/Jun/2017:13:02:15 -0300] "GET /cormun/servlet/hhome HTTP/1.1" 200 3790
186.103.158.250 - - [19/Jun/2017:13:02:16 -0300] "GET /cormun/servlet/hhome HTTP/1.1" 200 3785
186.103.158.250 - - [19/Jun/2017:13:02:21 -0300] "GET /cormun/servlet/trsolicitudot? HTTP/1.1" 200 10116
186.103.158.250 - - [19/Jun/2017:13:02:23 -0300] "GET /cormun/servlet/trsolicitudot? HTTP/1.1" 200 10114
186.103.159.230 - - [19/Jun/2017:13:03:02 -0300] "GET /cormun/servlet/solicitudot?646be76b7754a5e6c0c7c14be036955fb4ee45aee77ed4b61d2559b0b22bee3ab707419de53f08ee3e03a53c3f9896ebdfa3cfadd855c3e6342bb6846384adbb8ef4f3098cd2b1016628c3f69a9735e6,gx-no-cache=1497888234969 HTTP/1.1" 200 29
186.103.159.230 - - [19/Jun/2017:13:03:02 -0300] "POST /cormun/servlet/solicitudot?gx-no-cache=1497888235054 HTTP/1.1" 200 1281
186.103.159.230 - - [19/Jun/2017:13:03:08 -0300] "GET /cormun/static/menuarrow.gif HTTP/1.1" 404 1015
186.103.159.230 - - [19/Jun/2017:13:03:25 -0300] "POST /cormun/servlet/solicitudot?gx-no-cache=1497888257891 HTTP/1.1" 200 30
186.103.157.235 - - [19/Jun/2017:13:03:25 -0300] "GET /cormun/servlet/apermisogoceprn?11277524,P,20170607185243,PU HTTP/1.1" 200 1654
179.210.173.123 - - [19/Jun/2017:13:03:27 -0300] "POST /command.php HTTP/1.1" 404 983
186.103.157.235 - - [19/Jun/2017:13:03:40 -0300] "GET /cormun/servlet/apermisogoceprn?9814667,P,20170607190006,PU HTTP/1.1" 200 1645
186.103.158.250 - - [19/Jun/2017:13:03:44 -0300] "POST /cormun/servlet/trsolicitudot?5c4ce79aa6083a2aed0b3c4974e24c0c,,gx-no-cache=1497888494241 HTTP/1.1" 200 107
186.103.158.250 - - [19/Jun/2017:13:03:44 -0300] "GET /cormun/servlet/trsolicitudadjuntos?2017,6848, HTTP/1.1" 200 5889
186.103.158.250 - - [19/Jun/2017:13:03:44 -0300] "GET /cormun/static/gxcfg.js?20175251232679 HTTP/1.1" 200 953
186.103.158.250 - - [19/Jun/2017:13:03:44 -0300] "GET /cormun/static/trsolicitudadjuntos.js?20175251233082 HTTP/1.1" 200 17922
186.103.158.250 - - [19/Jun/2017:13:03:46 -0300] "GET /cormun/servlet/trsolicitudadjuntos?2017,6848, HTTP/1.1" 200 5890
186.103.158.250 - - [19/Jun/2017:13:03:49 -0300] "GET /cormun/servlet/solicitudotadjuntos?INS,2017,6848,,1, HTTP/1.1" 200 5845
186.103.158.250 - - [19/Jun/2017:13:03:50 -0300] "GET /cormun/static/gxcfg.js?201752511522888 HTTP/1.1" 200 953
186.103.158.250 - - [19/Jun/2017:13:03:50 -0300] "GET /cormun/static/solicitudotadjuntos.js?20175251152299 HTTP/1.1" 200 11771
186.103.158.250 - - [19/Jun/2017:13:03:50 -0300] "GET /cormun/static/about:blank HTTP/1.1" 404 1011
186.103.158.250 - - [19/Jun/2017:13:03:51 -0300] "GET /cormun/servlet/solicitudotadjuntos?INS,2017,6848,,1, HTTP/1.1" 200 5839
186.103.158.250 - - [19/Jun/2017:13:03:51 -0300] "GET /cormun/servlet/solicitudotadjuntos?8bd964b00c8caa47df7f6922f59a38d10d03afb659c4073aae0e03b31ba660b31e278a58731f73e02032bea7a8102558,gx-no-cache=1497888501414 HTTP/1.1" 200 30
186.103.158.250 - - [19/Jun/2017:13:03:53 -0300] "POST /cormun/servlet/solicitudotadjuntos?5c4ce79aa6083a2aed0b3c4974e24c0c,INS,2017,6848,,1,,gx-no-cache=1497888501530 HTTP/1.1" 200 3674
186.103.157.235 - - [19/Jun/2017:13:03:56 -0300] "GET /cormun/servlet/apermisogoceprn?11671373,P,20170607190204,PU HTTP/1.1" 200 1650
186.103.158.250 - - [19/Jun/2017:13:04:01 -0300] "POST /cormun/servlet/solicitudotadjuntos?gx-no-cache=1497888511510 HTTP/1.1" 200 26
186.103.157.235 - - [19/Jun/2017:13:04:10 -0300] "GET /cormun/servlet/apermisogoceprn?11671373,P,20170607190204,PU HTTP/1.1" 200 1650
186.103.158.250 - - [19/Jun/2017:13:04:18 -0300] "GET /cormun/servlet/solicitudotadjuntos?8bd964b00c8caa47df7f6922f59a38d1be54f9f5e7d8fd90a770aee59a31637e,gx-no-cache=1497888528720 HTTP/1.1" 200 30
186.103.158.250 - - [19/Jun/2017:13:04:18 -0300] "GET /cormun/servlet/solicitudotadjuntos?8bd964b00c8caa47df7f6922f59a38d1be54f9f5e7d8fd90a770aee59a31637e,gx-no-cache=1497888528786 HTTP/1.1" 200 30
186.103.158.250 - - [19/Jun/2017:13:04:24 -0300] "POST /cormun/servlet/solicitudotadjuntos?5c4ce79aa6083a2aed0b3c4974e24c0c,INS,2017,6848,,1, HTTP/1.1" 200 116
186.103.158.250 - - [19/Jun/2017:13:04:24 -0300] "GET /cormun/servlet/hpexe_return? HTTP/1.1" 200 1027
186.103.158.250 - - [19/Jun/2017:13:04:24 -0300] "GET /cormun/servlet/trsolicitudadjuntos?2017,6848, HTTP/1.1" 200 8120
186.103.157.235 - - [19/Jun/2017:13:04:26 -0300] "GET /cormun/servlet/apermisogoceprn?9519282,P,20170607185725,PU HTTP/1.1" 200 1648
186.103.158.250 - - [19/Jun/2017:13:04:26 -0300] "GET /cormun/servlet/trsolicitudadjuntos?2017,6848, HTTP/1.1" 200 8118
186.103.158.250 - - [19/Jun/2017:13:04:29 -0300] "GET /cormun/servlet/solicitudotadjuntos?INS,2017,6848,,1, HTTP/1.1" 200 5845
186.103.158.250 - - [19/Jun/2017:13:04:29 -0300] "GET /cormun/static/about:blank HTTP/1.1" 404 1011
186.103.158.250 - - [19/Jun/2017:13:04:30 -0300] "GET /cormun/servlet/solicitudotadjuntos?INS,2017,6848,,1, HTTP/1.1" 200 5839
186.103.158.250 - - [19/Jun/2017:13:04:31 -0300] "GET /cormun/servlet/solicitudotadjuntos?8bd964b00c8caa47df7f6922f59a38d10d03afb659c4073aae0e03b31ba660b31e278a58731f73e02032bea7a8102558,gx-no-cache=1497888540950 HTTP/1.1" 200 30
186.103.158.250 - - [19/Jun/2017:13:04:31 -0300] "POST /cormun/servlet/solicitudotadjuntos?5c4ce79aa6083a2aed0b3c4974e24c0c,INS,2017,6848,,1,,gx-no-cache=1497888541044 HTTP/1.1" 200 3675
186.103.158.250 - - [19/Jun/2017:13:04:37 -0300] "POST /cormun/servlet/solicitudotadjuntos?gx-no-cache=1497888547357 HTTP/1.1" 200 26
186.103.157.235 - - [19/Jun/2017:13:04:44 -0300] "GET /cormun/servlet/apermisogoceprn?13503289,P,20170607185934,PU HTTP/1.1" 200 1657
186.103.158.250 - - [19/Jun/2017:13:04:51 -0300] "GET /cormun/servlet/solicitudotadjuntos?8bd964b00c8caa47df7f6922f59a38d1be54f9f5e7d8fd90a770aee59a31637e,gx-no-cache=1497888560325 HTTP/1.1" 200 30
186.103.158.250 - - [19/Jun/2017:13:04:51 -0300] "GET /cormun/servlet/solicitudotadjuntos?8bd964b00c8caa47df7f6922f59a38d1be54f9f5e7d8fd90a770aee59a31637e,gx-no-cache=1497888561406 HTTP/1.1" 200 30
186.103.157.235 - - [19/Jun/2017:13:04:56 -0300] "GET /cormun/servlet/apermisogoceprn?14204410,P,20170607185108,PU HTTP/1.1" 200 1654
186.103.157.235 - - [19/Jun/2017:13:05:09 -0300] "GET /cormun/servlet/apermisogoceprn?13720369,P,20170607185422,PU HTTP/1.1" 200 1646
186.103.158.250 - - [19/Jun/2017:13:05:23 -0300] "POST /cormun/servlet/solicitudotadjuntos?5c4ce79aa6083a2aed0b3c4974e24c0c,INS,2017,6848,,1, HTTP/1.1" 200 116
186.103.158.250 - - [19/Jun/2017:13:05:23 -0300] "GET /cormun/servlet/hpexe_return? HTTP/1.1" 200 1027
186.103.158.250 - - [19/Jun/2017:13:05:24 -0300] "GET /cormun/servlet/trsolicitudadjuntos?2017,6848, HTTP/1.1" 200 8349
186.103.157.235 - - [19/Jun/2017:13:05:24 -0300] "GET /cormun/servlet/apermisogoceprn?19017202,P,20170609112746,PU HTTP/1.1" 200 1655
186.103.158.250 - - [19/Jun/2017:13:05:27 -0300] "GET /cormun/servlet/trsolicitudadjuntos?2017,6848, HTTP/1.1" 200 8348
186.103.158.250 - - [19/Jun/2017:13:05:30 -0300] "GET /cormun/servlet/solicitudotadjuntos?INS,2017,6848,,1, HTTP/1.1" 200 5845
186.103.158.250 - - [19/Jun/2017:13:05:31 -0300] "GET /cormun/static/about:blank HTTP/1.1" 404 1011
186.103.158.250 - - [19/Jun/2017:13:05:31 -0300] "GET /cormun/servlet/solicitudotadjuntos?INS,2017,6848,,1, HTTP/1.1" 200 5839
186.103.158.250 - - [19/Jun/2017:13:05:32 -0300] "GET /cormun/servlet/solicitudotadjuntos?8bd964b00c8caa47df7f6922f59a38d10d03afb659c4073aae0e03b31ba660b31e278a58731f73e02032bea7a8102558,gx-no-cache=1497888602380 HTTP/1.1" 200 30
186.103.158.250 - - [19/Jun/2017:13:05:33 -0300] "POST /cormun/servlet/solicitudotadjuntos?5c4ce79aa6083a2aed0b3c4974e24c0c,INS,2017,6848,,1,,gx-no-cache=1497888602474 HTTP/1.1" 200 3675
186.103.158.250 - - [19/Jun/2017:13:05:39 -0300] "POST /cormun/servlet/solicitudotadjuntos?gx-no-cache=1497888609877 HTTP/1.1" 200 26
186.103.157.235 - - [19/Jun/2017:13:05:45 -0300] "GET /cormun/servlet/apermisogoceprn?11275627,P,20170619123924,PU HTTP/1.1" 200 1664
186.103.158.250 - - [19/Jun/2017:13:05:51 -0300] "GET /cormun/servlet/solicitudotadjuntos?8bd964b00c8caa47df7f6922f59a38d1be54f9f5e7d8fd90a770aee59a31637e,gx-no-cache=1497888621197 HTTP/1.1" 200 30
186.103.158.250 - - [19/Jun/2017:13:05:51 -0300] "GET /cormun/servlet/solicitudotadjuntos?8bd964b00c8caa47df7f6922f59a38d1be54f9f5e7d8fd90a770aee59a31637e,gx-no-cache=1497888621229 HTTP/1.1" 200 30
186.103.157.235 - - [19/Jun/2017:13:06:05 -0300] "GET /cormun/servlet/apermisogoceprn?8399185,P,20170619124227,PU HTTP/1.1" 200 1654
186.103.158.250 - - [19/Jun/2017:13:06:08 -0300] "POST /cormun/servlet/solicitudotadjuntos?5c4ce79aa6083a2aed0b3c4974e24c0c,INS,2017,6848,,1, HTTP/1.1" 200 116
186.103.158.250 - - [19/Jun/2017:13:06:08 -0300] "GET /cormun/servlet/hpexe_return? HTTP/1.1" 200 1027
186.103.158.250 - - [19/Jun/2017:13:06:14 -0300] "GET /cormun/servlet/trsolicitudadjuntos?2017,6848, HTTP/1.1" 200 8517
186.103.157.235 - - [19/Jun/2017:13:06:22 -0300] "GET /cormun/servlet/apermisogoceprn?12047180,P,20170619124325,PU HTTP/1.1" 200 1662
186.103.158.250 - - [19/Jun/2017:13:06:27 -0300] "GET /cormun/servlet/solicitudotadjuntos?INS,2017,6848,,1, HTTP/1.1" 200 5845
186.103.158.250 - - [19/Jun/2017:13:06:28 -0300] "GET /cormun/static/about:blank HTTP/1.1" 404 1011
186.103.158.250 - - [19/Jun/2017:13:06:29 -0300] "GET /cormun/servlet/solicitudotadjuntos?INS,2017,6848,,1, HTTP/1.1" 200 5839
186.103.158.250 - - [19/Jun/2017:13:06:29 -0300] "GET /cormun/servlet/solicitudotadjuntos?8bd964b00c8caa47df7f6922f59a38d10d03afb659c4073aae0e03b31ba660b31e278a58731f73e02032bea7a8102558,gx-no-cache=1497888659410 HTTP/1.1" 200 30
186.103.158.250 - - [19/Jun/2017:13:06:29 -0300] "POST /cormun/servlet/solicitudotadjuntos?5c4ce79aa6083a2aed0b3c4974e24c0c,INS,2017,6848,,1,,gx-no-cache=1497888659484 HTTP/1.1" 200 3675
186.103.157.235 - - [19/Jun/2017:13:06:36 -0300] "GET /cormun/servlet/apermisogoceprn?18834238,P,20170619123402,PU HTTP/1.1" 200 1654
186.103.158.250 - - [19/Jun/2017:13:06:39 -0300] "POST /cormun/servlet/solicitudotadjuntos?gx-no-cache=1497888669453 HTTP/1.1" 200 26
186.103.157.235 - - [19/Jun/2017:13:06:50 -0300] "GET /cormun/servlet/apermisogoceprn?16881106,P,20170619125035,PU HTTP/1.1" 200 1649
186.103.158.250 - - [19/Jun/2017:13:06:56 -0300] "GET /cormun/servlet/solicitudotadjuntos?8bd964b00c8caa47df7f6922f59a38d1be54f9f5e7d8fd90a770aee59a31637e,gx-no-cache=1497888686055 HTTP/1.1" 200 30
186.103.158.250 - - [19/Jun/2017:13:06:56 -0300] "GET /cormun/servlet/solicitudotadjuntos?8bd964b00c8caa47df7f6922f59a38d1be54f9f5e7d8fd90a770aee59a31637e,gx-no-cache=1497888686095 HTTP/1.1" 200 30
186.103.159.230 - - [19/Jun/2017:13:07:00 -0300] "POST /cormun/servlet/solicitudot?4a3c42836944dc7777508b687b56ca7e,INS,0,0,,gx-no-cache=1497888471957 HTTP/1.1" 200 11312
186.103.157.235 - - [19/Jun/2017:13:07:13 -0300] "GET /cormun/servlet/apermisogoceprn?19851901,P,20170619124010,PU HTTP/1.1" 200 1665
186.103.159.230 - - [19/Jun/2017:13:07:23 -0300] "GET /cormun/servlet/trsolicitudot? HTTP/1.1" 200 7190
186.103.159.230 - - [19/Jun/2017:13:07:23 -0300] "GET /cormun/servlet/trsolicitudot? HTTP/1.1" 200 7189
186.103.158.250 - - [19/Jun/2017:13:07:24 -0300] "POST /cormun/servlet/solicitudotadjuntos?5c4ce79aa6083a2aed0b3c4974e24c0c,INS,2017,6848,,1, HTTP/1.1" 200 6271
186.103.159.230 - - [19/Jun/2017:13:07:29 -0300] "GET /cormun/servlet/solicitudot?INS,0,0, HTTP/1.1" 200 12855
186.103.159.230 - - [19/Jun/2017:13:07:30 -0300] "GET /cormun/servlet/solicitudot?INS,0,0, HTTP/1.1" 200 12860
186.103.157.235 - - [19/Jun/2017:13:07:32 -0300] "GET /cormun/servlet/apermisogoceprn?14204410,P,20170619124107,PU HTTP/1.1" 200 1659
186.103.159.230 - - [19/Jun/2017:13:07:37 -0300] "GET /cormun/servlet/trautorizarsolicitud? HTTP/1.1" 200 6922
186.103.159.230 - - [19/Jun/2017:13:07:37 -0300] "GET /cormun/servlet/trautorizarsolicitud? HTTP/1.1" 200 6916
186.103.159.230 - - [19/Jun/2017:13:07:44 -0300] "GET /cormun/servlet/trsolicitudot? HTTP/1.1" 200 7190
186.103.159.230 - - [19/Jun/2017:13:07:44 -0300] "GET /cormun/servlet/trsolicitudot? HTTP/1.1" 200 7189
186.103.158.250 - - [19/Jun/2017:13:07:46 -0300] "POST /cormun/servlet/solicitudotadjuntos?gx-no-cache=1497888736682 HTTP/1.1" 200 26
186.103.159.230 - - [19/Jun/2017:13:07:48 -0300] "GET /cormun/servlet/trautorizarsolicitud? HTTP/1.1" 200 6922
186.103.159.230 - - [19/Jun/2017:13:07:48 -0300] "GET /cormun/servlet/trautorizarsolicitud? HTTP/1.1" 200 6916
186.103.159.230 - - [19/Jun/2017:13:07:52 -0300] "GET /cormun/servlet/solicitudot?INS,0,0, HTTP/1.1" 200 12867
186.103.159.230 - - [19/Jun/2017:13:07:52 -0300] "GET /cormun/servlet/solicitudot?INS,0,0, HTTP/1.1" 200 12872
186.103.159.230 - - [19/Jun/2017:13:07:54 -0300] "GET /cormun/servlet/trsolicitudot? HTTP/1.1" 200 7189
186.103.159.230 - - [19/Jun/2017:13:07:54 -0300] "GET /cormun/servlet/trsolicitudot? HTTP/1.1" 200 7189
186.103.159.230 - - [19/Jun/2017:13:07:56 -0300] "GET /cormun/servlet/trautorizarsolicitud? HTTP/1.1" 200 6916
186.103.159.230 - - [19/Jun/2017:13:07:56 -0300] "GET /cormun/servlet/trautorizarsolicitud? HTTP/1.1" 200 6916
186.103.159.230 - - [19/Jun/2017:13:07:58 -0300] "GET /cormun/servlet/trsolicitudot? HTTP/1.1" 200 7190
186.103.159.230 - - [19/Jun/2017:13:07:58 -0300] "GET /cormun/servlet/trsolicitudot? HTTP/1.1" 200 7189
186.103.158.250 - - [19/Jun/2017:13:07:59 -0300] "GET /cormun/servlet/solicitudotadjuntos?8bd964b00c8caa47df7f6922f59a38d1be54f9f5e7d8fd90a770aee59a31637e,gx-no-cache=1497888749780 HTTP/1.1" 200 30
186.103.158.250 - - [19/Jun/2017:13:08:00 -0300] "GET /cormun/servlet/solicitudotadjuntos?8bd964b00c8caa47df7f6922f59a38d1be54f9f5e7d8fd90a770aee59a31637e,gx-no-cache=1497888749852 HTTP/1.1" 200 30
186.103.158.250 - - [19/Jun/2017:13:08:01 -0300] "POST /cormun/servlet/solicitudotadjuntos?5c4ce79aa6083a2aed0b3c4974e24c0c,INS,2017,6848,,1, HTTP/1.1" 200 116
186.103.158.250 - - [19/Jun/2017:13:08:01 -0300] "GET /cormun/servlet/hpexe_return? HTTP/1.1" 200 1027
