186.103.157.235 - - [19/Jun/2017:12:35:34 -0300] "GET /cormun/servlet/apermisogoceprn?18834238,P,20170619123402,PU HTTP/1.1" 200 1649
186.103.159.230 - - [19/Jun/2017:12:36:07 -0300] "POST /cormun/servlet/solicitudotadjuntos?gx-no-cache=1497886620256 HTTP/1.1" 200 26
192.168.10.96 - - [19/Jun/2017:12:36:15 -0300] "GET /cormun/servlet/trlicencias? HTTP/1.1" 200 9521
192.168.10.96 - - [19/Jun/2017:12:36:15 -0300] "GET /cormun/static/gxcfg.js?201761114293151 HTTP/1.1" 200 953
192.168.10.96 - - [19/Jun/2017:12:36:15 -0300] "GET /cormun/static/trlicencias.js?201761114293683 HTTP/1.1" 200 41883
192.168.10.96 - - [19/Jun/2017:12:36:16 -0300] "GET /cormun//static/Resources/PXToolsGridDisplay.png HTTP/1.1" 200 362
192.168.10.96 - - [19/Jun/2017:12:36:16 -0300] "GET /cormun/servlet/trlicencias? HTTP/1.1" 200 9503
186.103.159.230 - - [19/Jun/2017:12:36:17 -0300] "GET /cormun/servlet/solicitudotadjuntos?646be76b7754a5e6c0c7c14be036955f8aa0af4a003da6c544f30f74cc261bf0,gx-no-cache=1497886630462 HTTP/1.1" 200 30
186.103.159.230 - - [19/Jun/2017:12:36:17 -0300] "GET /cormun/servlet/solicitudotadjuntos?646be76b7754a5e6c0c7c14be036955f8aa0af4a003da6c544f30f74cc261bf0,gx-no-cache=1497886630532 HTTP/1.1" 200 30
186.103.159.230 - - [19/Jun/2017:12:36:20 -0300] "POST /cormun/servlet/solicitudotadjuntos?4a3c42836944dc7777508b687b56ca7e,INS,2017,6847,,1, HTTP/1.1" 200 116
186.103.159.230 - - [19/Jun/2017:12:36:20 -0300] "GET /cormun/servlet/hpexe_return? HTTP/1.1" 200 1026
186.103.159.230 - - [19/Jun/2017:12:36:21 -0300] "GET /cormun/servlet/trsolicitudadjuntos?2017,6847, HTTP/1.1" 200 9312
186.103.159.230 - - [19/Jun/2017:12:36:22 -0300] "GET /cormun/servlet/trsolicitudadjuntos?2017,6847, HTTP/1.1" 200 9316
186.103.159.230 - - [19/Jun/2017:12:36:30 -0300] "GET /cormun/servlet/solicitudotadjuntos?INS,2017,6847,,2, HTTP/1.1" 200 6036
186.103.159.230 - - [19/Jun/2017:12:36:30 -0300] "GET /cormun/static/about:blank HTTP/1.1" 404 1011
186.103.159.230 - - [19/Jun/2017:12:36:30 -0300] "GET /cormun/servlet/solicitudotadjuntos?INS,2017,6847,,2, HTTP/1.1" 200 6029
186.103.159.230 - - [19/Jun/2017:12:36:31 -0300] "GET /cormun/servlet/solicitudotadjuntos?646be76b7754a5e6c0c7c14be036955f24344f36d07a6125343f88759c0c383ed33cc43c00da9884e57fb7cd6e7c08b1,gx-no-cache=1497886643990 HTTP/1.1" 200 30
186.103.159.230 - - [19/Jun/2017:12:36:31 -0300] "POST /cormun/servlet/solicitudotadjuntos?4a3c42836944dc7777508b687b56ca7e,INS,2017,6847,,2,,gx-no-cache=1497886644315 HTTP/1.1" 200 4041
186.103.159.230 - - [19/Jun/2017:12:36:56 -0300] "POST /cormun/servlet/solicitudotadjuntos?4a3c42836944dc7777508b687b56ca7e,INS,2017,6847,,2,,gx-no-cache=1497886669179 HTTP/1.1" 200 93
186.103.159.230 - - [19/Jun/2017:12:36:56 -0300] "GET /cormun/servlet/hpexe_return? HTTP/1.1" 200 1026
186.103.159.230 - - [19/Jun/2017:12:36:57 -0300] "GET /cormun/servlet/trsolicitudadjuntos?2017,6847, HTTP/1.1" 200 9312
186.103.159.230 - - [19/Jun/2017:12:36:58 -0300] "GET /cormun/servlet/trsolicitudadjuntos?2017,6847, HTTP/1.1" 200 9313
186.103.159.230 - - [19/Jun/2017:12:37:18 -0300] "GET /cormun/PublicTempStorage/carga_familiar7535137.pdf HTTP/1.1" 206 661582
186.103.159.230 - - [19/Jun/2017:12:37:32 -0300] "GET /cormun/servlet/trsolicitudadjuntos?2017,6847, HTTP/1.1" 200 9311
186.103.159.230 - - [19/Jun/2017:12:37:33 -0300] "GET /cormun/servlet/trsolicitudadjuntos?2017,6847, HTTP/1.1" 200 9311
186.103.159.230 - - [19/Jun/2017:12:37:38 -0300] "GET /cormun/servlet/solicitudotadjuntos?INS,2017,6847,,1, HTTP/1.1" 200 6036
186.103.159.230 - - [19/Jun/2017:12:37:38 -0300] "GET /cormun/static/about:blank HTTP/1.1" 404 1011
186.103.159.230 - - [19/Jun/2017:12:37:38 -0300] "GET /cormun/servlet/solicitudotadjuntos?INS,2017,6847,,1, HTTP/1.1" 200 6029
186.103.159.230 - - [19/Jun/2017:12:37:39 -0300] "GET /cormun/servlet/solicitudotadjuntos?646be76b7754a5e6c0c7c14be036955f24344f36d07a6125343f88759c0c383ed33cc43c00da9884e57fb7cd6e7c08b1,gx-no-cache=1497886711778 HTTP/1.1" 200 30
186.103.159.230 - - [19/Jun/2017:12:37:39 -0300] "POST /cormun/servlet/solicitudotadjuntos?4a3c42836944dc7777508b687b56ca7e,INS,2017,6847,,1,,gx-no-cache=1497886711843 HTTP/1.1" 200 3824
186.103.159.230 - - [19/Jun/2017:12:37:55 -0300] "POST /cormun/servlet/solicitudotadjuntos?gx-no-cache=1497886727972 HTTP/1.1" 200 26
186.103.159.230 - - [19/Jun/2017:12:38:24 -0300] "GET /cormun/servlet/solicitudotadjuntos?646be76b7754a5e6c0c7c14be036955f8aa0af4a003da6c544f30f74cc261bf0,gx-no-cache=1497886756909 HTTP/1.1" 200 30
186.103.159.230 - - [19/Jun/2017:12:38:24 -0300] "GET /cormun/servlet/solicitudotadjuntos?646be76b7754a5e6c0c7c14be036955f8aa0af4a003da6c544f30f74cc261bf0,gx-no-cache=1497886756947 HTTP/1.1" 200 30
186.103.159.230 - - [19/Jun/2017:12:38:24 -0300] "POST /cormun/servlet/solicitudotadjuntos?4a3c42836944dc7777508b687b56ca7e,INS,2017,6847,,1, HTTP/1.1" 200 6063
186.103.159.230 - - [19/Jun/2017:12:38:24 -0300] "GET /home/sistema/apache-tomcat-7.0.65/webapps/cormun/PrivateTempStorage/upload_00000880.pdf HTTP/1.1" 404 1135
186.103.159.230 - - [19/Jun/2017:12:38:24 -0300] "GET /home/sistema/apache-tomcat-7.0.65/webapps/cormun/PrivateTempStorage/upload_00000880.pdf HTTP/1.1" 404 1135
186.103.159.230 - - [19/Jun/2017:12:38:24 -0300] "GET /cormun/static/Shared/jqueryui/images/ui-bg_flat_55_994d53_40x100.png HTTP/1.1" 404 1097
186.103.159.230 - - [19/Jun/2017:12:38:24 -0300] "GET /cormun/static/Shared/jqueryui/images/ui-bg_highlight-soft_100_c6c2c8_1x100.png HTTP/1.1" 404 1117
186.103.159.230 - - [19/Jun/2017:12:38:24 -0300] "GET /cormun/static/Shared/jqueryui/images/ui-icons_82798d_256x240.png HTTP/1.1" 404 1089
186.103.159.230 - - [19/Jun/2017:12:38:24 -0300] "GET /cormun/static/Shared/jqueryui/images/ui-icons_ebccce_256x240.png HTTP/1.1" 404 1089
186.103.159.230 - - [19/Jun/2017:12:38:24 -0300] "GET /cormun/PrivateTempStorage/upload_00000880.pdf HTTP/1.1" 200 246250
186.103.159.230 - - [19/Jun/2017:12:38:24 -0300] "GET /cormun/PrivateTempStorage/upload_00000880.pdf HTTP/1.1" 304 -
186.103.159.230 - - [19/Jun/2017:12:39:12 -0300] "GET /cormun/servlet/solicitudotadjuntos?646be76b7754a5e6c0c7c14be036955f85e6b134b5c515c3ee5702ffe31c561d1cd8fcb586ac003ae422061f5aae6351,gx-no-cache=1497886805381 HTTP/1.1" 200 30
186.103.159.230 - - [19/Jun/2017:12:39:12 -0300] "GET /cormun/servlet/solicitudotadjuntos?646be76b7754a5e6c0c7c14be036955fdc4695f3c95a3bcc63693206d990d4871cd8fcb586ac003ae422061f5aae6351,gx-no-cache=1497886805443 HTTP/1.1" 200 30
186.103.159.230 - - [19/Jun/2017:12:39:12 -0300] "POST /cormun/servlet/solicitudotadjuntos?4a3c42836944dc7777508b687b56ca7e,INS,2017,6847,,1,,gx-no-cache=1497886805482 HTTP/1.1" 200 3677
186.103.159.230 - - [19/Jun/2017:12:39:15 -0300] "GET /cormun/servlet/solicitudotadjuntos?646be76b7754a5e6c0c7c14be036955fdc4695f3c95a3bcc63693206d990d4871cd8fcb586ac003ae422061f5aae6351,gx-no-cache=1497886808737 HTTP/1.1" 200 30
186.103.159.230 - - [19/Jun/2017:12:39:16 -0300] "POST /cormun/servlet/solicitudotadjuntos?4a3c42836944dc7777508b687b56ca7e,INS,2017,6847,,1,,gx-no-cache=1497886808814 HTTP/1.1" 200 3677
186.103.157.235 - - [19/Jun/2017:12:39:16 -0300] "POST /cormun/servlet/trpermisosgoce?8c5c458a9e0956634d60a27114bf6a96,gx-no-cache=1497886805455 HTTP/1.1" 200 8938
186.103.157.235 - - [19/Jun/2017:12:39:16 -0300] "GET /cormun/static/Shared/jqueryui/images/ui-bg_highlight-soft_100_c6c2c8_1x100.png HTTP/1.1" 404 1117
186.103.157.235 - - [19/Jun/2017:12:39:16 -0300] "GET /cormun/static/Shared/jqueryui/images/ui-icons_82798d_256x240.png HTTP/1.1" 404 1089
186.103.157.235 - - [19/Jun/2017:12:39:16 -0300] "GET /cormun/static/Shared/jqueryui/images/ui-bg_flat_55_fafafa_40x100.png HTTP/1.1" 404 1097
186.103.157.235 - - [19/Jun/2017:12:39:17 -0300] "GET /cormun/static/Shared/jqueryui/images/ui-icons_8d78a5_256x240.png HTTP/1.1" 404 1089
186.103.157.235 - - [19/Jun/2017:12:39:28 -0300] "GET /cormun/servlet/permisogoce?INS,0,,, HTTP/1.1" 200 6835
186.103.159.230 - - [19/Jun/2017:12:39:29 -0300] "GET /cormun/servlet/solicitudotadjuntos?646be76b7754a5e6c0c7c14be036955fdc4695f3c95a3bcc63693206d990d4871cd8fcb586ac003ae422061f5aae6351,gx-no-cache=1497886822386 HTTP/1.1" 200 30
186.103.159.230 - - [19/Jun/2017:12:39:29 -0300] "GET /cormun/servlet/solicitudotadjuntos?646be76b7754a5e6c0c7c14be036955fdc4695f3c95a3bcc63693206d990d4871cd8fcb586ac003ae422061f5aae6351,gx-no-cache=1497886822461 HTTP/1.1" 200 30
186.103.159.230 - - [19/Jun/2017:12:39:29 -0300] "POST /cormun/servlet/solicitudotadjuntos?4a3c42836944dc7777508b687b56ca7e,INS,2017,6847,,1,,gx-no-cache=1497886822526 HTTP/1.1" 200 3677
186.103.157.235 - - [19/Jun/2017:12:39:30 -0300] "GET /cormun/servlet/permisogoce?INS,0,,, HTTP/1.1" 200 6835
186.103.159.230 - - [19/Jun/2017:12:39:30 -0300] "GET /cormun/servlet/solicitudotadjuntos?646be76b7754a5e6c0c7c14be036955fdc4695f3c95a3bcc63693206d990d4871cd8fcb586ac003ae422061f5aae6351,gx-no-cache=1497886823624 HTTP/1.1" 200 30
186.103.159.230 - - [19/Jun/2017:12:39:31 -0300] "POST /cormun/servlet/solicitudotadjuntos?4a3c42836944dc7777508b687b56ca7e,INS,2017,6847,,1,,gx-no-cache=1497886823695 HTTP/1.1" 200 3677
186.103.157.235 - - [19/Jun/2017:12:39:34 -0300] "GET /cormun/servlet/prfichaempleado?,MD,,gxPopupLevel%3D0%3B HTTP/1.1" 200 9277
186.103.157.235 - - [19/Jun/2017:12:39:42 -0300] "POST /cormun/servlet/prfichaempleado?8c5c458a9e0956634d60a27114bf6a96,,MD,,gxPopupLevel%3D0%3B,gx-no-cache=1497886831558 HTTP/1.1" 200 4139
186.103.157.235 - - [19/Jun/2017:12:39:50 -0300] "GET /cormun/servlet/permisogoce?0b30da6da330f1bdacd3b1eb383e91c0b712943236821ba4b146a004c64f96e931772295773640a8aacb97063dec688c490a1aacc64c713c042dd0aca548a3cd,gx-no-cache=1497886840379 HTTP/1.1" 200 88
186.103.157.235 - - [19/Jun/2017:12:39:50 -0300] "GET /cormun/static/menuarrow.gif HTTP/1.1" 404 1015
186.103.159.230 - - [19/Jun/2017:12:39:51 -0300] "GET /cormun/servlet/solicitudotadjuntos?646be76b7754a5e6c0c7c14be036955fdc4695f3c95a3bcc63693206d990d4871cd8fcb586ac003ae422061f5aae6351,gx-no-cache=1497886844090 HTTP/1.1" 200 30
186.103.159.230 - - [19/Jun/2017:12:39:51 -0300] "GET /cormun/servlet/solicitudotadjuntos?646be76b7754a5e6c0c7c14be036955fdc4695f3c95a3bcc63693206d990d4871cd8fcb586ac003ae422061f5aae6351,gx-no-cache=1497886844159 HTTP/1.1" 200 30
186.103.159.230 - - [19/Jun/2017:12:39:55 -0300] "POST /cormun/servlet/solicitudotadjuntos?4a3c42836944dc7777508b687b56ca7e,INS,2017,6847,,1, HTTP/1.1" 200 6064
186.103.159.230 - - [19/Jun/2017:12:39:55 -0300] "GET /home/sistema/apache-tomcat-7.0.65/webapps/cormun/PrivateTempStorage/upload_00000892.pdf HTTP/1.1" 404 1135
186.103.159.230 - - [19/Jun/2017:12:39:56 -0300] "GET /cormun/PrivateTempStorage/upload_00000892.pdf HTTP/1.1" 200 246250
186.103.159.230 - - [19/Jun/2017:12:39:56 -0300] "GET /cormun/PrivateTempStorage/upload_00000892.pdf HTTP/1.1" 206 27688
186.103.157.235 - - [19/Jun/2017:12:40:03 -0300] "GET /cormun/servlet/permisogoce?0b30da6da330f1bdacd3b1eb383e91c0aa2243e5e512667ce0dba3d726fd2de02c8520e918a864f70c0331f85cc66c376def40e0d0a51a1ed801af84a16c22ba,gx-no-cache=1497886853729 HTTP/1.1" 200 48
186.103.157.235 - - [19/Jun/2017:12:40:05 -0300] "POST /cormun/servlet/permisogoce?8c5c458a9e0956634d60a27114bf6a96,INS,0,,,,gx-no-cache=1497886854233 HTTP/1.1" 200 93
186.103.157.235 - - [19/Jun/2017:12:40:05 -0300] "GET /cormun/servlet/hpexe_return? HTTP/1.1" 200 1031
186.103.157.235 - - [19/Jun/2017:12:40:06 -0300] "GET /cormun/servlet/trpermisosgoce?gx-no-cache=1497886805455 HTTP/1.1" 200 11970
186.103.157.235 - - [19/Jun/2017:12:40:07 -0300] "GET /cormun/servlet/trpermisosgoce?gx-no-cache=1497886805455 HTTP/1.1" 200 11977
186.103.157.235 - - [19/Jun/2017:12:40:14 -0300] "GET /cormun/servlet/permisogoce?INS,0,,, HTTP/1.1" 200 6857
186.103.157.235 - - [19/Jun/2017:12:40:16 -0300] "GET /cormun/servlet/permisogoce?INS,0,,, HTTP/1.1" 200 6834
186.103.157.235 - - [19/Jun/2017:12:40:19 -0300] "GET /cormun/servlet/prfichaempleado?,MD,,gxPopupLevel%3D0%3B HTTP/1.1" 200 9277
186.103.159.230 - - [19/Jun/2017:12:40:20 -0300] "POST /cormun/servlet/solicitudotadjuntos?gx-no-cache=1497886873578 HTTP/1.1" 200 26
186.103.159.230 - - [19/Jun/2017:12:40:23 -0300] "GET /cormun/servlet/solicitudotadjuntos?646be76b7754a5e6c0c7c14be036955fdc4695f3c95a3bcc63693206d990d4871cd8fcb586ac003ae422061f5aae6351,gx-no-cache=1497886875870 HTTP/1.1" 200 30
186.103.159.230 - - [19/Jun/2017:12:40:23 -0300] "GET /cormun/servlet/solicitudotadjuntos?646be76b7754a5e6c0c7c14be036955fdc4695f3c95a3bcc63693206d990d4871cd8fcb586ac003ae422061f5aae6351,gx-no-cache=1497886875955 HTTP/1.1" 200 30
186.103.159.230 - - [19/Jun/2017:12:40:24 -0300] "POST /cormun/servlet/solicitudotadjuntos?4a3c42836944dc7777508b687b56ca7e,INS,2017,6847,,1, HTTP/1.1" 200 6093
186.103.159.230 - - [19/Jun/2017:12:40:24 -0300] "GET /home/sistema/apache-tomcat-7.0.65/webapps/cormun/PrivateTempStorage/upload_00000904.pdf HTTP/1.1" 404 1135
186.103.159.230 - - [19/Jun/2017:12:40:24 -0300] "GET /cormun/PrivateTempStorage/upload_00000904.pdf HTTP/1.1" 200 40960
186.103.159.230 - - [19/Jun/2017:12:40:24 -0300] "GET /cormun/PrivateTempStorage/upload_00000904.pdf HTTP/1.1" 200 246250
186.103.159.230 - - [19/Jun/2017:12:40:27 -0300] "GET /cormun/servlet/solicitudotadjuntos?646be76b7754a5e6c0c7c14be036955fdc4695f3c95a3bcc63693206d990d4871cd8fcb586ac003ae422061f5aae6351,gx-no-cache=1497886879897 HTTP/1.1" 200 30
186.103.159.230 - - [19/Jun/2017:12:40:28 -0300] "POST /cormun/servlet/solicitudotadjuntos?4a3c42836944dc7777508b687b56ca7e,INS,2017,6847,,1, HTTP/1.1" 200 6094
186.103.159.230 - - [19/Jun/2017:12:40:28 -0300] "GET /home/sistema/apache-tomcat-7.0.65/webapps/cormun/PrivateTempStorage/upload_00000916.pdf HTTP/1.1" 404 1135
186.103.157.235 - - [19/Jun/2017:12:40:29 -0300] "POST /cormun/servlet/prfichaempleado?8c5c458a9e0956634d60a27114bf6a96,,MD,,gxPopupLevel%3D0%3B,gx-no-cache=1497886878813 HTTP/1.1" 200 3743
186.103.159.230 - - [19/Jun/2017:12:40:29 -0300] "GET /cormun/PrivateTempStorage/upload_00000916.pdf HTTP/1.1" 200 98304
186.103.159.230 - - [19/Jun/2017:12:40:29 -0300] "GET /cormun/PrivateTempStorage/upload_00000916.pdf HTTP/1.1" 206 179488
192.168.10.96 - - [19/Jun/2017:12:40:30 -0300] "GET /cormun/servlet/trcontratounov2? HTTP/1.1" 200 17141
192.168.10.96 - - [19/Jun/2017:12:40:30 -0300] "GET /cormun/static/gxcfg.js?201752512124396 HTTP/1.1" 200 953
192.168.10.96 - - [19/Jun/2017:12:40:30 -0300] "GET /cormun/static/trcontratounov2.js?201752512125146 HTTP/1.1" 200 38486
192.168.10.96 - - [19/Jun/2017:12:40:30 -0300] "GET /cormun/static/Resources/PXToolsAddSelectedAction.png HTTP/1.1" 200 3660
192.168.10.96 - - [19/Jun/2017:12:40:31 -0300] "GET /cormun/servlet/trcontratounov2? HTTP/1.1" 200 17115
192.168.10.96 - - [19/Jun/2017:12:40:35 -0300] "GET /cormun/servlet/hlogin HTTP/1.1" 200 1735
186.103.157.98 - - [19/Jun/2017:12:40:37 -0300] "GET /cormun/servlet/hpexe_return? HTTP/1.1" 200 976
186.103.157.98 - - [19/Jun/2017:12:40:37 -0300] "GET /cormun/static/Resources/Spanish/PXTools.css?167811 HTTP/1.1" 304 -
186.103.157.98 - - [19/Jun/2017:12:40:37 -0300] "GET /cormun/static/gxcfg.js?2016101716175148 HTTP/1.1" 304 -
186.103.157.98 - - [19/Jun/2017:12:40:37 -0300] "GET /cormun/static/messages.spa.js?85251 HTTP/1.1" 304 -
186.103.157.98 - - [19/Jun/2017:12:40:37 -0300] "GET /cormun/static/gxtimezone.js?85251 HTTP/1.1" 304 -
186.103.157.98 - - [19/Jun/2017:12:40:37 -0300] "GET /cormun/static/hpexe_return.js?2016101716175153 HTTP/1.1" 304 -
186.103.157.98 - - [19/Jun/2017:12:40:37 -0300] "GET /cormun/servlet/hhome HTTP/1.1" 200 3372
186.103.157.98 - - [19/Jun/2017:12:40:37 -0300] "GET /cormun/static/Resources/Spanish/PXTools.css?11423723 HTTP/1.1" 304 -
186.103.157.98 - - [19/Jun/2017:12:40:37 -0300] "GET /cormun/static/gxcfg.js?20175251212442 HTTP/1.1" 304 -
186.103.157.98 - - [19/Jun/2017:12:40:37 -0300] "GET /cormun/static/hwchdr01.js?201752511465785 HTTP/1.1" 304 -
186.103.157.98 - - [19/Jun/2017:12:40:37 -0300] "GET /cormun/static/hhome.js?20175251212450 HTTP/1.1" 304 -
186.103.157.98 - - [19/Jun/2017:12:40:37 -0300] "GET /cormun/static/hpexe_recentlink.js?201610171694390 HTTP/1.1" 304 -
186.103.157.235 - - [19/Jun/2017:12:40:37 -0300] "GET /cormun/servlet/permisogoce?0b30da6da330f1bdacd3b1eb383e91c0737d7acfb11635341042d3d3f27518c731772295773640a8aacb97063dec688c490a1aacc64c713c042dd0aca548a3cd,gx-no-cache=1497886888280 HTTP/1.1" 200 83
186.103.157.98 - - [19/Jun/2017:12:40:37 -0300] "GET /cormun/static/hpexe_scripts.js?201752511465715 HTTP/1.1" 304 -
186.103.157.98 - - [19/Jun/2017:12:40:37 -0300] "GET /cormun/static/hpexe_messagepopupcomponent.js?20161017169425 HTTP/1.1" 304 -
186.103.157.98 - - [19/Jun/2017:12:40:37 -0300] "GET /cormun/static/hpexe_messagegenexuscomponent.js?201752511465344 HTTP/1.1" 304 -
186.103.157.98 - - [19/Jun/2017:12:40:37 -0300] "GET /cormun/static/cmcontrolpreferences.js?201752511465670 HTTP/1.1" 304 -
186.103.157.98 - - [19/Jun/2017:12:40:38 -0300] "GET /cormun/static/hmpwkw03.js?2017525121347 HTTP/1.1" 304 -
186.103.157.235 - - [19/Jun/2017:12:40:38 -0300] "GET /cormun/static/menuarrow.gif HTTP/1.1" 404 1015
186.103.157.98 - - [19/Jun/2017:12:40:38 -0300] "GET /cormun/static/hpexe_messagecontroller.js?201610171694323 HTTP/1.1" 304 -
186.103.157.98 - - [19/Jun/2017:12:40:38 -0300] "GET /cormun/servlet/hlogin HTTP/1.1" 200 1723
186.103.157.98 - - [19/Jun/2017:12:40:38 -0300] "GET /cormun/static/gxcfg.js?20175251213516 HTTP/1.1" 304 -
186.103.157.98 - - [19/Jun/2017:12:40:38 -0300] "GET /cormun/servlet/hhome HTTP/1.1" 200 3368
186.103.157.98 - - [19/Jun/2017:12:40:38 -0300] "GET /cormun/static/hlogin.js?20175251213537 HTTP/1.1" 304 -
186.103.157.98 - - [19/Jun/2017:12:40:40 -0300] "POST /cormun/servlet/hlogin?44e5c16ab47fb74e0d86ab4eae453f22,gx-no-cache=1497886893923 HTTP/1.1" 200 90
186.103.157.98 - - [19/Jun/2017:12:40:40 -0300] "GET /cormun/servlet/hpexe_link HTTP/1.1" 200 944
186.103.157.98 - - [19/Jun/2017:12:40:40 -0300] "GET /cormun/static/gxcfg.js?20175251212395 HTTP/1.1" 304 -
186.103.157.98 - - [19/Jun/2017:12:40:40 -0300] "GET /cormun/static/hpexe_link.js?20175251212399 HTTP/1.1" 304 -
186.103.157.98 - - [19/Jun/2017:12:40:40 -0300] "GET /cormun/servlet/hhome HTTP/1.1" 200 4024
186.103.157.98 - - [19/Jun/2017:12:40:40 -0300] "GET /cormun/servlet/hhome HTTP/1.1" 200 4020
192.168.10.96 - - [19/Jun/2017:12:40:43 -0300] "POST /cormun/servlet/hlogin?6a43430d6832d6530b4908e94946ab64,gx-no-cache=1497886838692 HTTP/1.1" 200 449
186.103.157.98 - - [19/Jun/2017:12:40:43 -0300] "GET /cormun/servlet/trsolicitudot? HTTP/1.1" 200 13714
186.103.157.98 - - [19/Jun/2017:12:40:43 -0300] "GET /cormun/static/calendar-setup.js?85251 HTTP/1.1" 304 -
186.103.157.98 - - [19/Jun/2017:12:40:43 -0300] "GET /cormun/static/calendar-es.js?85251 HTTP/1.1" 304 -
186.103.157.98 - - [19/Jun/2017:12:40:43 -0300] "GET /cormun/static/gxcfg.js?20175251233261 HTTP/1.1" 304 -
186.103.157.98 - - [19/Jun/2017:12:40:43 -0300] "GET /cormun/static/calendar.js?85251 HTTP/1.1" 304 -
186.103.157.98 - - [19/Jun/2017:12:40:44 -0300] "GET /cormun/static/gxdec.js?85251 HTTP/1.1" 304 -
186.103.157.98 - - [19/Jun/2017:12:40:44 -0300] "GET /cormun/static/trsolicitudot.js?20175251234175 HTTP/1.1" 304 -
186.103.157.98 - - [19/Jun/2017:12:40:44 -0300] "GET /cormun/servlet/trsolicitudot? HTTP/1.1" 200 13712
186.103.159.230 - - [19/Jun/2017:12:40:47 -0300] "GET /cormun/servlet/solicitudotadjuntos?646be76b7754a5e6c0c7c14be036955fdc4695f3c95a3bcc63693206d990d4871cd8fcb586ac003ae422061f5aae6351,gx-no-cache=1497886900209 HTTP/1.1" 200 30
186.103.159.230 - - [19/Jun/2017:12:40:47 -0300] "GET /cormun/servlet/solicitudotadjuntos?646be76b7754a5e6c0c7c14be036955fdc4695f3c95a3bcc63693206d990d4871cd8fcb586ac003ae422061f5aae6351,gx-no-cache=1497886900245 HTTP/1.1" 200 30
186.103.159.230 - - [19/Jun/2017:12:40:48 -0300] "POST /cormun/servlet/solicitudotadjuntos?4a3c42836944dc7777508b687b56ca7e,INS,2017,6847,,1, HTTP/1.1" 200 6094
186.103.159.230 - - [19/Jun/2017:12:40:49 -0300] "GET /home/sistema/apache-tomcat-7.0.65/webapps/cormun/PrivateTempStorage/upload_00000928.pdf HTTP/1.1" 404 1135
186.103.159.230 - - [19/Jun/2017:12:40:49 -0300] "GET /cormun/PrivateTempStorage/upload_00000928.pdf HTTP/1.1" 200 246250
186.103.157.235 - - [19/Jun/2017:12:40:53 -0300] "GET /cormun/servlet/permisogoce?0b30da6da330f1bdacd3b1eb383e91c0182862c36784e3ee05bd356bfb447f5482770f7268899a4619a5f5ccc52160466def40e0d0a51a1ed801af84a16c22ba,gx-no-cache=1497886903426 HTTP/1.1" 200 47
186.103.159.230 - - [19/Jun/2017:12:40:54 -0300] "POST /cormun/servlet/solicitudotadjuntos?4a3c42836944dc7777508b687b56ca7e,INS,2017,6847,,1, HTTP/1.1" 200 116
186.103.159.230 - - [19/Jun/2017:12:40:54 -0300] "GET /cormun/servlet/hpexe_return? HTTP/1.1" 200 1026
186.103.159.230 - - [19/Jun/2017:12:40:55 -0300] "GET /cormun/servlet/trsolicitudadjuntos?2017,6847, HTTP/1.1" 200 9315
192.168.10.96 - - [19/Jun/2017:12:40:56 -0300] "POST /cormun/servlet/hlogin?6a43430d6832d6530b4908e94946ab64,gx-no-cache=1497886851156 HTTP/1.1" 200 90
186.103.159.230 - - [19/Jun/2017:12:40:56 -0300] "GET /cormun/servlet/trsolicitudadjuntos?2017,6847, HTTP/1.1" 200 9311
192.168.10.96 - - [19/Jun/2017:12:40:56 -0300] "GET /cormun/servlet/hpexe_link HTTP/1.1" 200 947
186.103.157.235 - - [19/Jun/2017:12:40:56 -0300] "POST /cormun/servlet/permisogoce?8c5c458a9e0956634d60a27114bf6a96,INS,0,,,,gx-no-cache=1497886905783 HTTP/1.1" 200 93
186.103.157.235 - - [19/Jun/2017:12:40:56 -0300] "GET /cormun/servlet/hpexe_return? HTTP/1.1" 200 1031
192.168.10.96 - - [19/Jun/2017:12:40:56 -0300] "GET /cormun/servlet/hhome HTTP/1.1" 200 4327
186.103.157.235 - - [19/Jun/2017:12:40:56 -0300] "GET /cormun/servlet/trpermisosgoce?gx-no-cache=1497886805455 HTTP/1.1" 200 12216
192.168.10.96 - - [19/Jun/2017:12:40:56 -0300] "GET /cormun/servlet/hhome HTTP/1.1" 200 4324
192.168.10.96 - - [19/Jun/2017:12:40:58 -0300] "GET /cormun/servlet/trsolicitudgral? HTTP/1.1" 200 10209
186.103.157.235 - - [19/Jun/2017:12:40:58 -0300] "GET /cormun/servlet/trpermisosgoce?gx-no-cache=1497886805455 HTTP/1.1" 200 12239
192.168.10.96 - - [19/Jun/2017:12:40:58 -0300] "GET /cormun/servlet/trsolicitudgral? HTTP/1.1" 200 10207
186.103.157.235 - - [19/Jun/2017:12:41:12 -0300] "GET /cormun/servlet/permisogoce?INS,0,,, HTTP/1.1" 200 6857
186.103.157.235 - - [19/Jun/2017:12:41:13 -0300] "GET /cormun/servlet/permisogoce?INS,0,,, HTTP/1.1" 200 6835
192.168.10.96 - - [19/Jun/2017:12:41:21 -0300] "POST /cormun/servlet/trsolicitudgral?6a43430d6832d6530b4908e94946ab64,,gx-no-cache=1497886876727 HTTP/1.1" 200 7961
186.103.157.235 - - [19/Jun/2017:12:41:24 -0300] "GET /cormun/servlet/prfichaempleado?,MD,,gxPopupLevel%3D0%3B HTTP/1.1" 200 9277
192.168.10.96 - - [19/Jun/2017:12:41:25 -0300] "POST /cormun/servlet/trsolicitudgral?6a43430d6832d6530b4908e94946ab64,,gx-no-cache=1497886880736 HTTP/1.1" 200 7063
186.103.157.235 - - [19/Jun/2017:12:41:35 -0300] "POST /cormun/servlet/prfichaempleado?8c5c458a9e0956634d60a27114bf6a96,,MD,,gxPopupLevel%3D0%3B,gx-no-cache=1497886944989 HTTP/1.1" 200 4392
200.86.184.230 - - [19/Jun/2017:12:41:41 -0300] "GET /cormun/servlet/trpermisosgoce? HTTP/1.1" 200 6069
200.86.184.230 - - [19/Jun/2017:12:41:41 -0300] "GET /cormun/servlet/trpermisosgoce? HTTP/1.1" 200 6063
200.86.184.230 - - [19/Jun/2017:12:41:42 -0300] "GET /cormun/servlet/hlogin HTTP/1.1" 200 1740
186.103.157.235 - - [19/Jun/2017:12:41:45 -0300] "GET /cormun/servlet/permisogoce?0b30da6da330f1bdacd3b1eb383e91c098d62bcc7f27857ee6a9ab8304bb506c31772295773640a8aacb97063dec688c490a1aacc64c713c042dd0aca548a3cd,gx-no-cache=1497886955587 HTTP/1.1" 200 83
186.103.157.235 - - [19/Jun/2017:12:41:45 -0300] "GET /cormun/static/menuarrow.gif HTTP/1.1" 404 1015
186.103.159.230 - - [19/Jun/2017:12:41:50 -0300] "GET /cormun/PublicTempStorage/a.f.p.9224062.pdf HTTP/1.1" 200 246250
200.86.184.230 - - [19/Jun/2017:12:41:54 -0300] "POST /cormun/servlet/hlogin?23cf4fe889398b078547bf50c678f235,gx-no-cache=1497887814725 HTTP/1.1" 200 90
200.86.184.230 - - [19/Jun/2017:12:41:54 -0300] "GET /cormun/servlet/hpexe_link HTTP/1.1" 200 956
200.86.184.230 - - [19/Jun/2017:12:41:54 -0300] "GET /cormun/servlet/trpermisosgoce HTTP/1.1" 200 10175
200.86.184.230 - - [19/Jun/2017:12:41:55 -0300] "GET /cormun/servlet/trpermisosgoce HTTP/1.1" 200 10174
200.86.184.230 - - [19/Jun/2017:12:41:59 -0300] "GET /cormun/servlet/trpermisosgoce? HTTP/1.1" 200 10174
200.86.184.230 - - [19/Jun/2017:12:42:00 -0300] "GET /cormun/servlet/trpermisosgoce? HTTP/1.1" 200 10179
186.103.159.230 - - [19/Jun/2017:12:42:05 -0300] "GET /cormun/servlet/trsolicitudadjuntos?2017,6847, HTTP/1.1" 200 9313
192.168.10.96 - - [19/Jun/2017:12:42:05 -0300] "GET /cormun/servlet/solicitudgral3?UPD,2017,6838, HTTP/1.1" 200 13011
192.168.10.96 - - [19/Jun/2017:12:42:06 -0300] "GET /cormun/static/gxcfg.js?2017525121379 HTTP/1.1" 200 953
186.103.159.230 - - [19/Jun/2017:12:42:06 -0300] "GET /cormun/servlet/trsolicitudadjuntos?2017,6847, HTTP/1.1" 200 9313
192.168.10.96 - - [19/Jun/2017:12:42:06 -0300] "GET /cormun/static/solicitudgral3.js?2017525121466 HTTP/1.1" 200 42677
192.168.10.96 - - [19/Jun/2017:12:42:06 -0300] "GET /cormun/servlet/solicitudgral3?UPD,2017,6838, HTTP/1.1" 200 13021
192.168.10.96 - - [19/Jun/2017:12:42:07 -0300] "POST /cormun/servlet/solicitudgral3?gx-no-cache=1497886922112 HTTP/1.1" 200 3352
192.168.10.96 - - [19/Jun/2017:12:42:07 -0300] "GET /cormun/servlet/solicitudgral3?acdefb03651164c122130fc04ba855b0c0a0d0af9b88895f48c17ee49799f440a5749b8fe0e9407c24d5e6d8ab19ec2b8305089c45c5199435ea82cb5efd643a564faaf75bdd1ad22305410df14bc7e417722a769e1a6419f072edffd08d2bb4e26db82a8bb92cfe93e7ffbfd01afba0f4983282b6b5522c846fc283709d32f6175cfaa8448811d264c268c1dc283dcddac2ebe88632f5cb9ff2a729904a1a277cd137870d31ff0ee2e58ba40b9243cf2c379535ba271a298471e501c348be5a619d5ab544ff744fe6c422fb5aab57b85f27d9e714a309f6e8ca6ffbd97b1c435c36a55406767284296fa81d5e3ecfd92ea892bed63d5a849784fe8b5ca97b22f65f76b097c9a032c40816993a26747487794e10b031e65ac3df0aba0a29aa75310ab37b01361ba71caa32c7249adb4a7d782e87881c9ee191fec226e3d22c489d2be68c9197d9e4069504035e1fc869,gx-no-cache=1497886922242 HTTP/1.1" 200 242
192.168.10.96 - - [19/Jun/2017:12:42:07 -0300] "POST /cormun/servlet/solicitudgral3?gx-no-cache=1497886922268 HTTP/1.1" 200 1361
192.168.10.96 - - [19/Jun/2017:12:42:07 -0300] "GET /cormun/servlet/solicitudgral3?acdefb03651164c122130fc04ba855b05a9d47ce6ba9cf155a298532b63c25ca839b958f2c4db00762a2a73705801f798305089c45c5199435ea82cb5efd643a0c320f38acd0e3c2b6ef6430936d05520f71c4cf03bc3a813ef9661902308af9c08c2078ce4d265c0e436bc32f808cfdbaaa184075a79d6f9c468a69c6a6e23a,gx-no-cache=1497886922377 HTTP/1.1" 200 41
192.168.10.96 - - [19/Jun/2017:12:42:08 -0300] "POST /cormun/servlet/solicitudgral3?6a43430d6832d6530b4908e94946ab64,UPD,2017,6838,,gx-no-cache=1497886923910 HTTP/1.1" 200 11138
192.168.10.96 - - [19/Jun/2017:12:42:08 -0300] "GET /cormun/servlet/solicitudgral3?acdefb03651164c122130fc04ba855b0a4f6007094a1954f910b5a5e029aaf47e91cc8a486ef541c1a52cfb5b05a20f00d3b17aaa0fcfd07452cf2e3125ad93d49911c117642d0f8f6cf3919773bd9e928c42004eee53c4ab9bdb7a5350e5337c3d6230da862c93fe29eba6060844f0198a112442d361e9cf40044bdea61d2873cacd34af5e874d29d9979e090344a9c276498ab851319597447065ffd4cad18,gx-no-cache=1497886924095 HTTP/1.1" 200 29
192.168.10.96 - - [19/Jun/2017:12:42:09 -0300] "POST /cormun/servlet/solicitudgral3?gx-no-cache=1497886924110 HTTP/1.1" 200 1254
192.168.10.96 - - [19/Jun/2017:12:42:09 -0300] "POST /cormun/servlet/solicitudgral3?gx-no-cache=1497886924157 HTTP/1.1" 200 1159
200.86.184.230 - - [19/Jun/2017:12:42:09 -0300] "GET /cormun/servlet/permisogoce?INS,0,,, HTTP/1.1" 200 6655
200.86.184.230 - - [19/Jun/2017:12:42:10 -0300] "GET /cormun/static/gxcfg.js?201752511545264 HTTP/1.1" 200 953
200.86.184.230 - - [19/Jun/2017:12:42:10 -0300] "GET /cormun/static/permisogoce.js?201752511545340 HTTP/1.1" 200 27885
200.86.184.230 - - [19/Jun/2017:12:42:10 -0300] "GET /cormun/servlet/permisogoce?INS,0,,, HTTP/1.1" 200 6655
186.103.159.230 - - [19/Jun/2017:12:42:11 -0300] "GET /cormun/PublicTempStorage/carga_familiar8727776.pdf HTTP/1.1" 206 830982
186.103.157.235 - - [19/Jun/2017:12:42:13 -0300] "GET /cormun/servlet/permisogoce?0b30da6da330f1bdacd3b1eb383e91c0b250e2d8d6c82b6fab8fddbac01d81f7987b27116ea45d05384972d91fede9466def40e0d0a51a1ed801af84a16c22ba,gx-no-cache=1497886984278 HTTP/1.1" 200 47
186.103.157.235 - - [19/Jun/2017:12:42:24 -0300] "POST /cormun/servlet/permisogoce?8c5c458a9e0956634d60a27114bf6a96,INS,0,,,,gx-no-cache=1497886993676 HTTP/1.1" 200 93
186.103.157.235 - - [19/Jun/2017:12:42:24 -0300] "GET /cormun/servlet/hpexe_return? HTTP/1.1" 200 1031
186.103.159.230 - - [19/Jun/2017:12:42:24 -0300] "GET /cormun/servlet/trsolicitudadjuntos?2017,6847, HTTP/1.1" 200 9311
186.103.157.235 - - [19/Jun/2017:12:42:24 -0300] "GET /cormun/servlet/trpermisosgoce?gx-no-cache=1497886805455 HTTP/1.1" 200 12416
186.103.159.230 - - [19/Jun/2017:12:42:25 -0300] "GET /cormun/servlet/trsolicitudadjuntos?2017,6847, HTTP/1.1" 200 9312
186.103.157.235 - - [19/Jun/2017:12:42:26 -0300] "GET /cormun/servlet/trpermisosgoce?gx-no-cache=1497886805455 HTTP/1.1" 200 12437
186.103.157.235 - - [19/Jun/2017:12:42:32 -0300] "GET /cormun/servlet/permisogoce?INS,0,,, HTTP/1.1" 200 6857
186.103.157.235 - - [19/Jun/2017:12:42:33 -0300] "GET /cormun/servlet/permisogoce?INS,0,,, HTTP/1.1" 200 6835
186.103.157.235 - - [19/Jun/2017:12:42:36 -0300] "GET /cormun/servlet/prfichaempleado?,MD,,gxPopupLevel%3D0%3B HTTP/1.1" 200 9277
186.103.157.235 - - [19/Jun/2017:12:42:45 -0300] "POST /cormun/servlet/prfichaempleado?8c5c458a9e0956634d60a27114bf6a96,,MD,,gxPopupLevel%3D0%3B,gx-no-cache=1497887015484 HTTP/1.1" 200 4760
192.168.10.96 - - [19/Jun/2017:12:42:56 -0300] "GET /cormun/servlet/solicitudgral3?acdefb03651164c122130fc04ba855b0355c6ca5ca688c5e4a0967442ae85ffba8b89a9dc8ec0e28b867f9b15eb587e0090d5330e3b1ac001f586e8d4c603ebb7d782e87881c9ee191fec226e3d22c481b0505611f98fdc2ce2795691cff686c7887d7850686ba05afb4fe1e822c7b0d768604e0f9fb715c6d9f4aeae80728187940fa6eb36ab718dba31fec4c609abf,gx-no-cache=1497886972014 HTTP/1.1" 200 30
192.168.10.96 - - [19/Jun/2017:12:42:57 -0300] "POST /cormun/servlet/solicitudgral3?6a43430d6832d6530b4908e94946ab64,UPD,2017,6838,,gx-no-cache=1497886972036 HTTP/1.1" 200 93
192.168.10.96 - - [19/Jun/2017:12:42:57 -0300] "GET /cormun/servlet/hpexe_return? HTTP/1.1" 200 1011
192.168.10.96 - - [19/Jun/2017:12:42:57 -0300] "GET /cormun/servlet/trsolicitudgral? HTTP/1.1" 200 10273
192.168.10.96 - - [19/Jun/2017:12:42:57 -0300] "GET /cormun/servlet/trsolicitudgral? HTTP/1.1" 200 10269
186.103.157.235 - - [19/Jun/2017:12:43:04 -0300] "GET /cormun/servlet/permisogoce?0b30da6da330f1bdacd3b1eb383e91c0cf79d1e47eed401cf1e9f9997f628f9f9a26ebeb2cd25e8ce53d20aef83f452f,gx-no-cache=1497887034620 HTTP/1.1" 200 86
186.103.157.235 - - [19/Jun/2017:12:43:04 -0300] "GET /cormun/static/menuarrow.gif HTTP/1.1" 404 1015
200.86.184.230 - - [19/Jun/2017:12:43:08 -0300] "GET /cormun/servlet/permisogoce?6bd2ae1155946a3551e27fcef1b3d2f75db8b5fd9473b34780546619260523ead3a7b503ab1e95e2f60bd1d92e98a3b5bc3addd7f144ee3536c0356e41709a10,gx-no-cache=1497887888670 HTTP/1.1" 200 80
186.103.157.235 - - [19/Jun/2017:12:43:15 -0300] "GET /cormun/servlet/permisogoce?0b30da6da330f1bdacd3b1eb383e91c040714108a24d09a3fc2d0c795c4b32531c6266999ae7b080277dcec20a24cb77f4b4dc3cec918b7dd7fc3d1dd69ac7fb,gx-no-cache=1497887045493 HTTP/1.1" 200 47
186.103.157.235 - - [19/Jun/2017:12:43:15 -0300] "POST /cormun/servlet/permisogoce?8c5c458a9e0956634d60a27114bf6a96,INS,0,,,,gx-no-cache=1497887045650 HTTP/1.1" 200 93
186.103.157.235 - - [19/Jun/2017:12:43:15 -0300] "GET /cormun/servlet/hpexe_return? HTTP/1.1" 200 1031
186.103.157.235 - - [19/Jun/2017:12:43:16 -0300] "GET /cormun/servlet/trpermisosgoce?gx-no-cache=1497886805455 HTTP/1.1" 200 12677
186.103.157.235 - - [19/Jun/2017:12:43:17 -0300] "GET /cormun/servlet/trpermisosgoce?gx-no-cache=1497886805455 HTTP/1.1" 200 12677
186.79.214.63 - - [19/Jun/2017:12:43:26 -0300] "GET /cormun/servlet/hlogin HTTP/1.1" 200 1723
186.79.214.63 - - [19/Jun/2017:12:43:26 -0300] "GET /cormun/static/gxtimezone.js?85251 HTTP/1.1" 200 5781
186.79.214.63 - - [19/Jun/2017:12:43:27 -0300] "GET /cormun/static/gxcfg.js?20175251213516 HTTP/1.1" 200 953
186.79.214.63 - - [19/Jun/2017:12:43:27 -0300] "GET /cormun/static/Resources/Spanish/PXTools.css?11423723 HTTP/1.1" 200 89042
186.79.214.63 - - [19/Jun/2017:12:43:28 -0300] "GET /cormun/static/gxgral.js?85251 HTTP/1.1" 200 384558
200.86.184.230 - - [19/Jun/2017:12:43:28 -0300] "GET /cormun/servlet/permisogoce?6bd2ae1155946a3551e27fcef1b3d2f70fe9840bf7d2b50dee4589dfca03684c1907397fb0a7af0b21da4eead82e30331c1a0af95caa1df4a61ad6a60864c09e,gx-no-cache=1497887908962 HTTP/1.1" 200 46
186.79.214.63 - - [19/Jun/2017:12:43:28 -0300] "GET /cormun/static/messages.spa.js?85251 HTTP/1.1" 200 30736
186.79.214.63 - - [19/Jun/2017:12:43:28 -0300] "GET /cormun/static/hlogin.js?20175251213537 HTTP/1.1" 200 2136
186.79.214.63 - - [19/Jun/2017:12:43:28 -0300] "GET /cormun/static/Resources/ComunLogin.png HTTP/1.1" 200 17326
186.79.214.63 - - [19/Jun/2017:12:43:28 -0300] "GET /cormun/static/Resources/PXToolsLoginTop.png HTTP/1.1" 200 1337
186.79.214.63 - - [19/Jun/2017:12:43:28 -0300] "GET /cormun/static/Resources/PXToolsLoginBackground.png HTTP/1.1" 200 1164
186.79.214.63 - - [19/Jun/2017:12:43:28 -0300] "GET /cormun/static/Resources/PXToolsButtonLeft21.png HTTP/1.1" 200 1287
186.79.214.63 - - [19/Jun/2017:12:43:28 -0300] "GET /cormun/static/Resources/PXToolsButtonBackground2.png HTTP/1.1" 200 1181
186.79.214.63 - - [19/Jun/2017:12:43:28 -0300] "GET /cormun/static/Resources/PXToolsButtonRight21.png HTTP/1.1" 200 1283
186.79.214.63 - - [19/Jun/2017:12:43:28 -0300] "GET /cormun/static/Resources/PXToolsLoginBottom.png HTTP/1.1" 200 1389
186.79.214.63 - - [19/Jun/2017:12:43:29 -0300] "GET /cormun/static/Resources/indicator.gif HTTP/1.1" 200 1553
186.79.214.63 - - [19/Jun/2017:12:43:29 -0300] "GET /cormun/servlet/hlogin HTTP/1.1" 200 1733
186.79.214.63 - - [19/Jun/2017:12:43:29 -0300] "GET /favicon.ico HTTP/1.1" 200 21630
186.103.157.235 - - [19/Jun/2017:12:43:29 -0300] "GET /cormun/servlet/permisogoce?INS,0,,, HTTP/1.1" 200 6857
192.168.10.96 - - [19/Jun/2017:12:43:29 -0300] "POST /cormun/servlet/trsolicitudgral?6a43430d6832d6530b4908e94946ab64,,gx-no-cache=1497887005019 HTTP/1.1" 200 5876
192.168.10.96 - - [19/Jun/2017:12:43:30 -0300] "GET /cormun/static/Shared/jqueryui/images/ui-bg_highlight-soft_100_c6c2c8_1x100.png HTTP/1.1" 404 1117
192.168.10.96 - - [19/Jun/2017:12:43:30 -0300] "GET /cormun/static/Shared/jqueryui/images/ui-icons_82798d_256x240.png HTTP/1.1" 404 1089
192.168.10.96 - - [19/Jun/2017:12:43:30 -0300] "GET /cormun/static/Shared/jqueryui/images/ui-bg_flat_55_fafafa_40x100.png HTTP/1.1" 404 1097
192.168.10.96 - - [19/Jun/2017:12:43:30 -0300] "GET /cormun/static/Shared/jqueryui/images/ui-icons_8d78a5_256x240.png HTTP/1.1" 404 1089
186.103.157.235 - - [19/Jun/2017:12:43:31 -0300] "GET /cormun/servlet/permisogoce?INS,0,,, HTTP/1.1" 200 6835
186.103.157.235 - - [19/Jun/2017:12:43:35 -0300] "GET /cormun/servlet/prfichaempleado?,MD,,gxPopupLevel%3D0%3B HTTP/1.1" 200 9277
186.79.214.63 - - [19/Jun/2017:12:43:41 -0300] "POST /cormun/servlet/hlogin?5076d2159469795ce96bf9b17465b66d,gx-no-cache=1497886795365 HTTP/1.1" 200 445
200.86.184.230 - - [19/Jun/2017:12:43:44 -0300] "POST /cormun/servlet/permisogoce?23cf4fe889398b078547bf50c678f235,INS,0,,,,gx-no-cache=1497887924460 HTTP/1.1" 200 93
200.86.184.230 - - [19/Jun/2017:12:43:44 -0300] "GET /cormun/servlet/hpexe_return? HTTP/1.1" 200 1010
200.86.184.230 - - [19/Jun/2017:12:43:44 -0300] "GET /cormun/static/gxcfg.js?2016101716175148 HTTP/1.1" 200 953
200.86.184.230 - - [19/Jun/2017:12:43:44 -0300] "GET /cormun/static/hpexe_return.js?2016101716175153 HTTP/1.1" 200 1633
200.86.184.230 - - [19/Jun/2017:12:43:44 -0300] "GET /cormun/static/Resources/Spanish/PXTools.css?167811 HTTP/1.1" 200 89042
200.86.184.230 - - [19/Jun/2017:12:43:44 -0300] "GET /cormun/servlet/trpermisosgoce HTTP/1.1" 200 10485
200.86.184.230 - - [19/Jun/2017:12:43:45 -0300] "GET /cormun/servlet/trpermisosgoce HTTP/1.1" 200 10480
186.103.157.235 - - [19/Jun/2017:12:43:47 -0300] "POST /cormun/servlet/prfichaempleado?8c5c458a9e0956634d60a27114bf6a96,,MD,,gxPopupLevel%3D0%3B,gx-no-cache=1497887077157 HTTP/1.1" 200 4589
186.79.214.63 - - [19/Jun/2017:12:43:48 -0300] "POST /cormun/servlet/hlogin?5076d2159469795ce96bf9b17465b66d,gx-no-cache=1497886801821 HTTP/1.1" 200 90
186.79.214.63 - - [19/Jun/2017:12:43:48 -0300] "GET /cormun/servlet/hpexe_link HTTP/1.1" 200 952
186.79.214.63 - - [19/Jun/2017:12:43:48 -0300] "GET /cormun/static/gxcfg.js?20175251212395 HTTP/1.1" 200 953
186.79.214.63 - - [19/Jun/2017:12:43:48 -0300] "GET /cormun/static/hpexe_link.js?20175251212399 HTTP/1.1" 200 625
186.79.214.63 - - [19/Jun/2017:12:43:48 -0300] "GET /cormun/servlet/hhome HTTP/1.1" 200 3802
186.79.214.63 - - [19/Jun/2017:12:43:49 -0300] "GET /cormun/static/SmoothNavMenu/resources/ddsmoothmenu.css?1012540 HTTP/1.1" 200 2223
186.79.214.63 - - [19/Jun/2017:12:43:49 -0300] "GET /cormun/static/SmoothNavMenu/resources/ddsmoothmenu-v.css?1012540 HTTP/1.1" 200 1188
186.79.214.63 - - [19/Jun/2017:12:43:49 -0300] "GET /cormun/static/gxcfg.js?20175251212442 HTTP/1.1" 200 953
186.79.214.63 - - [19/Jun/2017:12:43:49 -0300] "GET /cormun/static/Shared/jqueryui/jquery-ui.min.css?1245370 HTTP/1.1" 200 30288
186.79.214.63 - - [19/Jun/2017:12:43:49 -0300] "GET /cormun/static/PXToolsJavascripts/pexe_autoreload.js HTTP/1.1" 200 1762
186.79.214.63 - - [19/Jun/2017:12:43:49 -0300] "GET /cormun/static/scaMessage/css/jquery.pnotify.default.css?1716380 HTTP/1.1" 200 1707
186.79.214.63 - - [19/Jun/2017:12:43:49 -0300] "GET /cormun/static/PXToolsJavascripts/pexe_cookies.js HTTP/1.1" 200 792
186.79.214.63 - - [19/Jun/2017:12:43:49 -0300] "GET /cormun/static/PXToolsJavascripts/pexe_windows.js HTTP/1.1" 200 15207
186.79.214.63 - - [19/Jun/2017:12:43:49 -0300] "GET /cormun/static/PXToolsJavascripts/pexe_grid.js HTTP/1.1" 200 7559
186.79.214.63 - - [19/Jun/2017:12:43:49 -0300] "GET /cormun/static/PXToolsJavascripts/pexe_griddivfix.js HTTP/1.1" 200 6644
186.79.214.63 - - [19/Jun/2017:12:43:49 -0300] "GET /cormun/static/PXToolsJavascripts/pexe_link.js HTTP/1.1" 200 5671
186.79.214.63 - - [19/Jun/2017:12:43:49 -0300] "GET /cormun/static/PXToolsJavascripts/pexe_menudivfix.js HTTP/1.1" 200 333
186.79.214.63 - - [19/Jun/2017:12:43:49 -0300] "GET /cormun/static/PXToolsJavascripts/pexe_menus.js HTTP/1.1" 200 1286
186.79.214.63 - - [19/Jun/2017:12:43:49 -0300] "GET /cormun/static/PXToolsJavascripts/pexe_layers.js HTTP/1.1" 200 4114
186.79.214.63 - - [19/Jun/2017:12:43:49 -0300] "GET /cormun/static/PXToolsJavascripts/pexe_oav.js HTTP/1.1" 200 645
186.79.214.63 - - [19/Jun/2017:12:43:49 -0300] "GET /cormun/static/PXToolsJavascripts/pexe_oavdivfix.js HTTP/1.1" 200 639
186.79.214.63 - - [19/Jun/2017:12:43:49 -0300] "GET /cormun/static/PXToolsJavascripts/pexe_picture.js HTTP/1.1" 200 689
186.79.214.63 - - [19/Jun/2017:12:43:49 -0300] "GET /cormun/static/PXToolsJavascripts/pexe_popup.js HTTP/1.1" 200 13458
186.79.214.63 - - [19/Jun/2017:12:43:49 -0300] "GET /cormun/static/PXToolsJavascripts/pexe_tabdivfix.js HTTP/1.1" 200 876
186.79.214.63 - - [19/Jun/2017:12:43:49 -0300] "GET /cormun/static/PXToolsJavascripts/pexe_tabs.js HTTP/1.1" 200 3748
186.79.214.63 - - [19/Jun/2017:12:43:49 -0300] "GET /cormun/static/PXToolsJavascripts/PXToolsJavascriptsRender.js HTTP/1.1" 200 367
186.79.214.63 - - [19/Jun/2017:12:43:49 -0300] "GET /cormun/static/PXToolsJavascripts/pexe_upload.js HTTP/1.1" 200 1423
186.79.214.63 - - [19/Jun/2017:12:43:49 -0300] "GET /cormun/static/RunJS/RunJS.js HTTP/1.1" 200 288
186.79.214.63 - - [19/Jun/2017:12:43:49 -0300] "GET /cormun/static/PXToolsJavascripts/pexe_scrolldiv.js HTTP/1.1" 200 4138
186.79.214.63 - - [19/Jun/2017:12:43:50 -0300] "GET /cormun/static/hhome.js?20175251212450 HTTP/1.1" 200 777
186.79.214.63 - - [19/Jun/2017:12:43:50 -0300] "GET /cormun/static/Shared/ext/locale/ext-lang-en.js HTTP/1.1" 200 10940
186.79.214.63 - - [19/Jun/2017:12:43:50 -0300] "GET /cormun/static/hwchdr01.js?201752511465785 HTTP/1.1" 200 1183
186.79.214.63 - - [19/Jun/2017:12:43:50 -0300] "GET /cormun/static/hpexe_recentlink.js?201610171694390 HTTP/1.1" 200 2144
186.79.214.63 - - [19/Jun/2017:12:43:50 -0300] "GET /cormun/static/Resources/PXToolsHeaderBackground2.png HTTP/1.1" 200 1174
186.79.214.63 - - [19/Jun/2017:12:43:50 -0300] "GET /cormun/static/Resources/PXToolsFooterBackground2.png HTTP/1.1" 200 1172
186.79.214.63 - - [19/Jun/2017:12:43:50 -0300] "GET /cormun/static/Resources/PXToolsDataTitle.png HTTP/1.1" 200 1173
186.79.214.63 - - [19/Jun/2017:12:43:50 -0300] "GET /cormun/static/Resources/PXToolsHeaderActionsBackground.png HTTP/1.1" 200 484
186.79.214.63 - - [19/Jun/2017:12:43:50 -0300] "GET /cormun/static/Resources/PXToolsHeaderActionsLeft.png HTTP/1.1" 200 1118
186.79.214.63 - - [19/Jun/2017:12:43:50 -0300] "GET /cormun/static/Resources/logo4.png HTTP/1.1" 200 6582
186.79.214.63 - - [19/Jun/2017:12:43:50 -0300] "GET /cormun/static/Resources/PXToolsHeaderLogin.png HTTP/1.1" 200 4279
186.79.214.63 - - [19/Jun/2017:12:43:50 -0300] "GET /cormun/static/Resources/PXToolsHeaderHome.png HTTP/1.1" 200 4147
186.79.214.63 - - [19/Jun/2017:12:43:50 -0300] "GET /cormun/static/gxui/gxui-all.js HTTP/1.1" 200 107772
186.79.214.63 - - [19/Jun/2017:12:43:50 -0300] "GET /cormun/static/Resources/PXToolsHeaderSecurity.png HTTP/1.1" 200 4166
186.79.214.63 - - [19/Jun/2017:12:43:50 -0300] "GET /cormun/static/Resources/PXToolsHeaderActionsRight.png HTTP/1.1" 200 1201
186.79.214.63 - - [19/Jun/2017:12:43:50 -0300] "GET /cormun/static/Resources/PXToolsHeaderPreferences.png HTTP/1.1" 200 4189
186.79.214.63 - - [19/Jun/2017:12:43:50 -0300] "GET /cormun/static/hpexe_scripts.js?201752511465715 HTTP/1.1" 200 1544
186.79.214.63 - - [19/Jun/2017:12:43:50 -0300] "GET /cormun/static/hpexe_messagecontroller.js?201610171694323 HTTP/1.1" 200 870
186.79.214.63 - - [19/Jun/2017:12:43:50 -0300] "GET /cormun/static/hpexe_messagepopupcomponent.js?20161017169425 HTTP/1.1" 200 605
186.79.214.63 - - [19/Jun/2017:12:43:50 -0300] "GET /cormun/static/hpexe_messagegenexuscomponent.js?201752511465344 HTTP/1.1" 200 587
186.79.214.63 - - [19/Jun/2017:12:43:50 -0300] "GET /cormun/static/cmcontrolpreferences.js?201752511465670 HTTP/1.1" 200 1375
186.79.214.63 - - [19/Jun/2017:12:43:50 -0300] "GET /cormun/static/SmoothNavMenu/resources/ddsmoothmenu.js HTTP/1.1" 200 12712
186.79.214.63 - - [19/Jun/2017:12:43:50 -0300] "GET /cormun/static/SmoothNavMenu/resources/SmoothNavMenuRender.js HTTP/1.1" 200 5951
186.79.214.63 - - [19/Jun/2017:12:43:51 -0300] "GET /cormun/static/scaMessage/js/jquery.pnotify.min.js HTTP/1.1" 200 13038
186.79.214.63 - - [19/Jun/2017:12:43:51 -0300] "GET /cormun/static/scaMessage/scaMessageRender.js HTTP/1.1" 200 11977
186.79.214.63 - - [19/Jun/2017:12:43:51 -0300] "GET /cormun/static/Shared/jqueryui/jquery-ui.min.js HTTP/1.1" 200 240427
186.79.214.63 - - [19/Jun/2017:12:43:51 -0300] "GET /cormun/static/Shared/jquery/jquery-1.4.2.min.js HTTP/1.1" 200 72174
186.79.214.63 - - [19/Jun/2017:12:43:51 -0300] "GET /cormun/static/hmpwkw03.js?2017525121347 HTTP/1.1" 200 3965
186.79.214.63 - - [19/Jun/2017:12:43:52 -0300] "GET /cormun/static/Shared/jquery/jquery-1.10.2.min.js HTTP/1.1" 200 273199
200.86.184.230 - - [19/Jun/2017:12:43:52 -0300] "GET /cormun/servlet/apermisogoceprn?18649410,P,20170619124205,PU HTTP/1.1" 200 1655
186.79.214.63 - - [19/Jun/2017:12:43:55 -0300] "GET /cormun/static/Shared/ext/ext-all.js HTTP/1.1" 200 1289687
186.79.214.63 - - [19/Jun/2017:12:43:57 -0300] "GET /cormun/servlet/hhome HTTP/1.1" 200 3802
186.79.214.63 - - [19/Jun/2017:12:43:57 -0300] "GET /cormun/static/SmoothNavMenu/resources/images/down.gif HTTP/1.1" 200 854
186.103.157.235 - - [19/Jun/2017:12:44:04 -0300] "POST /cormun/servlet/prfichaempleado?8c5c458a9e0956634d60a27114bf6a96,,MD,,gxPopupLevel%3D0%3B,gx-no-cache=1497887094798 HTTP/1.1" 200 3419
186.103.159.230 - - [19/Jun/2017:12:44:12 -0300] "GET /cormun/PublicTempStorage/curriculum7639897.pdf HTTP/1.1" 200 499702
186.79.214.63 - - [19/Jun/2017:12:44:19 -0300] "GET /cormun/servlet/trpermisosgoce? HTTP/1.1" 200 12494
186.79.214.63 - - [19/Jun/2017:12:44:19 -0300] "GET /cormun/static/gxui/gxui-all.css?110300 HTTP/1.1" 200 2179
186.79.214.63 - - [19/Jun/2017:12:44:19 -0300] "GET /cormun/static/calendar-system.css?75620 HTTP/1.1" 200 5572
186.79.214.63 - - [19/Jun/2017:12:44:19 -0300] "GET /cormun/static/gxcfg.js?20175251265886 HTTP/1.1" 200 953
186.79.214.63 - - [19/Jun/2017:12:44:19 -0300] "GET /cormun/static/calendar-setup.js?85251 HTTP/1.1" 200 2588
186.79.214.63 - - [19/Jun/2017:12:44:19 -0300] "GET /cormun/static/calendar-es.js?85251 HTTP/1.1" 200 1901
186.79.214.63 - - [19/Jun/2017:12:44:19 -0300] "GET /cormun/static/calendar.js?85251 HTTP/1.1" 200 26246
186.79.214.63 - - [19/Jun/2017:12:44:20 -0300] "GET /cormun/static/gxdec.js?85251 HTTP/1.1" 200 19579
186.79.214.63 - - [19/Jun/2017:12:44:20 -0300] "GET /cormun/static/trpermisosgoce.js?2017525127453 HTTP/1.1" 200 35904
186.79.214.63 - - [19/Jun/2017:12:44:21 -0300] "GET /cormun/static/Shared/ext/resources/css/ext-all.css?205870 HTTP/1.1" 200 416045
186.79.214.63 - - [19/Jun/2017:12:44:21 -0300] "GET /cormun/static/Resources/PXTools/calendar.png HTTP/1.1" 200 1306
186.79.214.63 - - [19/Jun/2017:12:44:21 -0300] "GET /cormun/static/Resources/PXToolsDataSearch.png HTTP/1.1" 200 419
186.79.214.63 - - [19/Jun/2017:12:44:21 -0300] "GET /cormun/static/Resources/PXToolsGridFirstDisabled.gif HTTP/1.1" 200 100
186.79.214.63 - - [19/Jun/2017:12:44:21 -0300] "GET /cormun/static/Resources/PXToolsGridPreviousDisabled.gif HTTP/1.1" 200 90
186.79.214.63 - - [19/Jun/2017:12:44:21 -0300] "GET /cormun/static/Resources/PXToolsGridNextDisabled.gif HTTP/1.1" 200 90
186.79.214.63 - - [19/Jun/2017:12:44:22 -0300] "GET /cormun/static/Resources/PXToolsGridLastDisabled.gif HTTP/1.1" 200 98
186.79.214.63 - - [19/Jun/2017:12:44:22 -0300] "GET /cormun/static/Resources/PXToolsGridPage.gif HTTP/1.1" 200 725
186.79.214.63 - - [19/Jun/2017:12:44:22 -0300] "GET /cormun/static/Resources/PXToolsActionExcel.png HTTP/1.1" 200 3187
186.79.214.63 - - [19/Jun/2017:12:44:22 -0300] "GET /cormun/static/Resources/PXToolsGridNew.png HTTP/1.1" 200 2949
186.79.214.63 - - [19/Jun/2017:12:44:24 -0300] "GET /cormun/servlet/trpermisosgoce? HTTP/1.1" 200 12515
186.79.214.63 - - [19/Jun/2017:12:44:24 -0300] "GET /cormun/static/Resources/asc.gif HTTP/1.1" 200 67
186.79.214.63 - - [19/Jun/2017:12:44:24 -0300] "GET /cormun/static/Resources/desc.gif HTTP/1.1" 200 65
186.79.214.63 - - [19/Jun/2017:12:44:24 -0300] "GET /cormun//static/Resources/PXToolsGridUpdate.png HTTP/1.1" 200 2984
186.79.214.63 - - [19/Jun/2017:12:44:24 -0300] "GET /cormun//static/Resources/PXToolsGridDisplay.png HTTP/1.1" 200 362
186.79.214.63 - - [19/Jun/2017:12:44:24 -0300] "GET /cormun//static/Resources/PXTools/ActionInsert.png HTTP/1.1" 200 1482
186.79.214.63 - - [19/Jun/2017:12:44:24 -0300] "GET /cormun//static/Resources/PXToolsActionPrint.png HTTP/1.1" 200 3317
186.79.214.63 - - [19/Jun/2017:12:44:24 -0300] "GET /cormun//static/Resources/PXToolsHeaderHelp.png HTTP/1.1" 200 4055
186.79.214.63 - - [19/Jun/2017:12:44:24 -0300] "GET /cormun//static/Resources/PXToolsActionDisabled.gif HTTP/1.1" 200 53
186.79.214.63 - - [19/Jun/2017:12:44:24 -0300] "GET /cormun//static/Resources/PXToolsGridDelete.png HTTP/1.1" 200 357
186.79.214.63 - - [19/Jun/2017:12:44:24 -0300] "GET /cormun//static/Resources/PXToolsHeaderFavorites.png HTTP/1.1" 200 2744
186.79.214.63 - - [19/Jun/2017:12:44:24 -0300] "GET /cormun/static/Shared/ext/resources/themes/images/default/panel/bg-headersPanel.png HTTP/1.1" 200 255
186.79.214.63 - - [19/Jun/2017:12:44:24 -0300] "GET /cormun/static/Shared/ext/resources/themes/images/default/tools/tool-sprites.gif HTTP/1.1" 200 5434
186.79.214.63 - - [19/Jun/2017:12:44:28 -0300] "GET /cormun/servlet/trpermisosadjuntos?16884573,20170615173159,P, HTTP/1.1" 200 6122
186.103.159.230 - - [19/Jun/2017:12:44:28 -0300] "GET /cormun/servlet/trsolicitudadjuntos?2017,6847, HTTP/1.1" 200 9314
186.79.214.63 - - [19/Jun/2017:12:44:28 -0300] "GET /cormun/static/gxcfg.js?20175251271483 HTTP/1.1" 200 953
186.79.214.63 - - [19/Jun/2017:12:44:28 -0300] "GET /cormun/static/trpermisosadjuntos.js?20175251271844 HTTP/1.1" 200 20076
186.103.159.230 - - [19/Jun/2017:12:44:29 -0300] "GET /cormun/servlet/trsolicitudadjuntos?2017,6847, HTTP/1.1" 200 9311
186.79.214.63 - - [19/Jun/2017:12:44:29 -0300] "GET /cormun/servlet/trpermisosadjuntos?16884573,20170615173159,P, HTTP/1.1" 200 6123
186.79.214.63 - - [19/Jun/2017:12:44:31 -0300] "GET /cormun/servlet/permisosadjuntos?INS,16884573,P,20170615173159,, HTTP/1.1" 200 5443
186.79.214.63 - - [19/Jun/2017:12:44:31 -0300] "GET /cormun/static/gxcfg.js?201741111155774 HTTP/1.1" 200 953
186.79.214.63 - - [19/Jun/2017:12:44:32 -0300] "GET /cormun/static/permisosadjuntos.js?201741111155784 HTTP/1.1" 200 8724
186.79.214.63 - - [19/Jun/2017:12:44:32 -0300] "GET /cormun/static/Resources/Spanish/PXTools.css?11294912 HTTP/1.1" 200 89042
186.79.214.63 - - [19/Jun/2017:12:44:32 -0300] "GET /cormun/static/about:blank HTTP/1.1" 404 1011
186.79.214.63 - - [19/Jun/2017:12:44:33 -0300] "GET /cormun/servlet/permisosadjuntos?INS,16884573,P,20170615173159,, HTTP/1.1" 200 5433
186.79.214.63 - - [19/Jun/2017:12:44:57 -0300] "POST /cormun/servlet/permisosadjuntos?5076d2159469795ce96bf9b17465b66d,INS,16884573,P,20170615173159,, HTTP/1.1" 200 116
186.79.214.63 - - [19/Jun/2017:12:44:58 -0300] "GET /cormun/servlet/hpexe_return? HTTP/1.1" 200 1039
186.79.214.63 - - [19/Jun/2017:12:44:58 -0300] "GET /cormun/static/gxcfg.js?2016101716175148 HTTP/1.1" 200 953
186.79.214.63 - - [19/Jun/2017:12:44:58 -0300] "GET /cormun/static/hpexe_return.js?2016101716175153 HTTP/1.1" 200 1633
186.79.214.63 - - [19/Jun/2017:12:44:58 -0300] "GET /cormun/static/Resources/Spanish/PXTools.css?167811 HTTP/1.1" 200 89042
186.79.214.63 - - [19/Jun/2017:12:44:59 -0300] "GET /cormun/servlet/trpermisosadjuntos?16884573,20170615173159,P, HTTP/1.1" 200 6591
