186.103.248.213 - - [19/Jun/2017:18:18:02 -0300] "GET /cormun/static/Resources/desc.gif HTTP/1.1" 200 65
186.103.248.213 - - [19/Jun/2017:18:18:02 -0300] "GET /cormun//static/Resources/PXToolsActionView.png HTTP/1.1" 200 2995
186.103.248.213 - - [19/Jun/2017:18:18:03 -0300] "GET /cormun//static/Resources/PXToolsGridUpdate.png HTTP/1.1" 200 2984
186.103.248.213 - - [19/Jun/2017:18:18:03 -0300] "GET /cormun//static/Resources/PXToolsGridDelete.png HTTP/1.1" 200 357
186.103.248.213 - - [19/Jun/2017:18:18:03 -0300] "GET /cormun//static/Resources/PXTools/ActionInsert.png HTTP/1.1" 200 1482
186.103.248.213 - - [19/Jun/2017:18:18:03 -0300] "GET /cormun//static/Resources/PXToolsRemoveAllAction.png HTTP/1.1" 200 3558
186.103.248.213 - - [19/Jun/2017:18:18:03 -0300] "GET /cormun/static/Shared/ext/resources/themes/images/default/tools/tool-sprites.gif HTTP/1.1" 200 5434
186.103.248.213 - - [19/Jun/2017:18:18:03 -0300] "GET /cormun/servlet/trsolicitudot? HTTP/1.1" 200 10287
186.103.248.213 - - [19/Jun/2017:18:18:03 -0300] "GET /cormun/static/Shared/ext/resources/themes/images/default/panel/bg-headersPanel.png HTTP/1.1" 200 255
186.103.248.213 - - [19/Jun/2017:18:18:17 -0300] "POST /cormun/servlet/trsolicitudot?a5135f8c5dce735cfd3b7734add84396,,gx-no-cache=1497907150269 HTTP/1.1" 200 106
186.103.248.213 - - [19/Jun/2017:18:18:18 -0300] "GET /cormun/servlet/solicitudot?UPD,2017,6830, HTTP/1.1" 200 14336
186.103.248.213 - - [19/Jun/2017:18:18:18 -0300] "GET /cormun/static/gxcfg.js?201752522134570 HTTP/1.1" 200 953
186.103.248.213 - - [19/Jun/2017:18:18:18 -0300] "GET /cormun/static/Resources/prompt.gif HTTP/1.1" 200 902
186.103.248.213 - - [19/Jun/2017:18:18:18 -0300] "GET /cormun/static/solicitudot.js?201752522134767 HTTP/1.1" 200 64045
186.103.248.213 - - [19/Jun/2017:18:18:18 -0300] "GET /cormun/servlet/solicitudot?UPD,2017,6830, HTTP/1.1" 200 14345
186.103.248.213 - - [19/Jun/2017:18:18:19 -0300] "POST /cormun/servlet/solicitudot?gx-no-cache=1497907152098 HTTP/1.1" 200 3167
186.103.248.213 - - [19/Jun/2017:18:18:20 -0300] "POST /cormun/servlet/solicitudot?a5135f8c5dce735cfd3b7734add84396,UPD,2017,6830,,gx-no-cache=1497907152526 HTTP/1.1" 200 10911
186.103.248.213 - - [19/Jun/2017:18:18:20 -0300] "GET /cormun/servlet/solicitudot?8bd9e8bfaf3409b72792d428850c178a30f7dbcf717c9615130aec50971f3443450a1e016744045c1d07e78270836455,gx-no-cache=1497907153102 HTTP/1.1" 200 30
186.103.248.213 - - [19/Jun/2017:18:18:20 -0300] "POST /cormun/servlet/solicitudot?gx-no-cache=1497907153166 HTTP/1.1" 200 254
186.103.248.213 - - [19/Jun/2017:18:18:20 -0300] "GET /cormun/servlet/solicitudot?8bd9e8bfaf3409b72792d428850c178a9966825aa4bd82ce030eb11cd0de21f9b83febe0f2b14b4af3bc76989003af15d341c8012eb945f8387f70e685a0341a95ef90d09d1b67272e766f2378afd1700247b6e1d0c37b0aa60d6211a1c1e724ad89bc666dc6d0334ffb327bb37ef3ea5b5b4adcf75df04ebcc1607887347a6225b99fd51687761b7a35bf48c6641ea6cf2823a406e1f62042424f706b1cc0d4bd84634626b8d5477e5508ec598f63e1bc37e36edcbaad8c03130f01f4e6bb62ad2fcbe7eed5d9a6218a1b76f7846c0f8b78b1ead0d434c65ab93ac5654d6df2a9c7d63c82b23a95e6392f3c7a8f394c5b31354bb3d5290c5a1897b212fb1e0d7d26ff5da0ef06994adf2b26a70b5b50c0562ae746eb6827bd2e5462e17829919372e316ba142e1f8f284cd17e394cf8cf8c728c172701a16931b38f8e105a48ab99e7448bea6077ead0c8d803da118f953d5b9b234d7f988587b4011ec2fa0dc38b2a1ffb2a32f3de8e75aaaafbe7a5f1b8297909331914280f78d50ee9f6a4,gx-no-cache=1497907153273 HTTP/1.1" 200 30
186.103.248.213 - - [19/Jun/2017:18:18:20 -0300] "POST /cormun/servlet/solicitudot?gx-no-cache=1497907153643 HTTP/1.1" 200 30
186.103.248.213 - - [19/Jun/2017:18:18:21 -0300] "POST /cormun/servlet/solicitudot?gx-no-cache=1497907153749 HTTP/1.1" 200 1299
186.103.248.213 - - [19/Jun/2017:18:18:21 -0300] "POST /cormun/servlet/solicitudot?gx-no-cache=1497907153989 HTTP/1.1" 200 41
186.103.248.213 - - [19/Jun/2017:18:18:26 -0300] "GET /cormun/servlet/solicitudot?8bd9e8bfaf3409b72792d428850c178aec32a2e9df8ceb652796718fd70b5aa29af62e8b04c46237d77fb20a58cf5a17ec3633f6e2976facd3726f72f0f514f2baa5e1128ad680c4783576b20c1633e6e2e3e0d5f36fecc04380702ea6679126768e51ea36165bda7305d9d166d815b4b282b5749559ad058b57fc30942630763171b6ea48525969c2433323188e33207faf6ce20bd2aa06bbe92238eb8ccd71,gx-no-cache=1497907159747 HTTP/1.1" 200 29
186.103.248.213 - - [19/Jun/2017:18:18:27 -0300] "POST /cormun/servlet/solicitudot?gx-no-cache=1497907159827 HTTP/1.1" 200 1281
186.103.248.213 - - [19/Jun/2017:18:18:27 -0300] "GET /cormun/static/menuarrow.gif HTTP/1.1" 404 1015
186.103.248.213 - - [19/Jun/2017:18:18:29 -0300] "POST /cormun/servlet/solicitudot?gx-no-cache=1497907161810 HTTP/1.1" 200 1281
186.103.248.213 - - [19/Jun/2017:18:18:57 -0300] "POST /cormun/servlet/solicitudot?gx-no-cache=1497907189959 HTTP/1.1" 200 30
186.103.248.213 - - [19/Jun/2017:18:19:08 -0300] "POST /cormun/servlet/solicitudot?a5135f8c5dce735cfd3b7734add84396,UPD,2017,6830,,gx-no-cache=1497907200837 HTTP/1.1" 200 93
186.103.248.213 - - [19/Jun/2017:18:19:08 -0300] "GET /cormun/servlet/hpexe_return? HTTP/1.1" 200 1009
186.103.248.213 - - [19/Jun/2017:18:19:08 -0300] "GET /cormun/static/gxcfg.js?2016101716175148 HTTP/1.1" 200 953
186.103.248.213 - - [19/Jun/2017:18:19:08 -0300] "GET /cormun/static/hpexe_return.js?2016101716175153 HTTP/1.1" 200 1633
186.103.248.213 - - [19/Jun/2017:18:19:08 -0300] "GET /cormun/static/Resources/Spanish/PXTools.css?167811 HTTP/1.1" 200 89042
186.103.248.213 - - [19/Jun/2017:18:19:09 -0300] "GET /cormun/servlet/trsolicitudot HTTP/1.1" 200 10304
186.103.248.213 - - [19/Jun/2017:18:19:09 -0300] "GET /cormun/servlet/trsolicitudot HTTP/1.1" 200 10299
186.103.248.213 - - [19/Jun/2017:18:19:17 -0300] "POST /cormun/servlet/trsolicitudot?a5135f8c5dce735cfd3b7734add84396,gx-no-cache=1497907209545 HTTP/1.1" 200 106
186.103.248.213 - - [19/Jun/2017:18:19:17 -0300] "GET /cormun/servlet/solicitudot?UPD,2017,6830, HTTP/1.1" 200 14340
186.103.248.213 - - [19/Jun/2017:18:19:17 -0300] "GET /cormun/servlet/solicitudot?UPD,2017,6830, HTTP/1.1" 200 14349
186.103.248.213 - - [19/Jun/2017:18:19:18 -0300] "POST /cormun/servlet/solicitudot?gx-no-cache=1497907211067 HTTP/1.1" 200 3167
186.103.248.213 - - [19/Jun/2017:18:19:19 -0300] "POST /cormun/servlet/solicitudot?a5135f8c5dce735cfd3b7734add84396,UPD,2017,6830,,gx-no-cache=1497907211535 HTTP/1.1" 200 10912
186.103.248.213 - - [19/Jun/2017:18:19:19 -0300] "GET /cormun/servlet/solicitudot?8bd9e8bfaf3409b72792d428850c178a30f7dbcf717c9615130aec50971f3443450a1e016744045c1d07e78270836455,gx-no-cache=1497907212082 HTTP/1.1" 200 30
186.103.248.213 - - [19/Jun/2017:18:19:19 -0300] "POST /cormun/servlet/solicitudot?gx-no-cache=1497907212169 HTTP/1.1" 200 254
186.103.248.213 - - [19/Jun/2017:18:19:19 -0300] "GET /cormun/servlet/solicitudot?8bd9e8bfaf3409b72792d428850c178a9966825aa4bd82ce030eb11cd0de21f9b83febe0f2b14b4af3bc76989003af15d341c8012eb945f8387f70e685a0341a95ef90d09d1b67272e766f2378afd1700247b6e1d0c37b0aa60d6211a1c1e724ad89bc666dc6d0334ffb327bb37ef3ea5b5b4adcf75df04ebcc1607887347a6225b99fd51687761b7a35bf48c6641ea6cf2823a406e1f62042424f706b1cc0d4bd84634626b8d5477e5508ec598f63e1bc37e36edcbaad8c03130f01f4e6bb62ad2fcbe7eed5d9a6218a1b76f7846c0f8b78b1ead0d434c65ab93ac5654d6df2a9c7d63c82b23a95e6392f3c7a8f394c5b31354bb3d5290c5a1897b212fb1e0d7d26ff5da0ef06994adf2b26a70b5b50c0562ae746eb6827bd2e5462e17829919372e316ba142e1f8f284cd17e394cf8cf8c728c172701a16931b38f8e105a48ab99e7448bea6077ead0c8d803da118f953d5b9b234d7f988587b4011ec2fa0dc38b2a1ffb2a32f3de8e75aaaafbe7a5f1b8297909331914280f78d50ee9f6a4,gx-no-cache=1497907212276 HTTP/1.1" 200 30
186.103.248.213 - - [19/Jun/2017:18:19:19 -0300] "POST /cormun/servlet/solicitudot?gx-no-cache=1497907212722 HTTP/1.1" 200 30
186.103.248.213 - - [19/Jun/2017:18:19:20 -0300] "POST /cormun/servlet/solicitudot?gx-no-cache=1497907212834 HTTP/1.1" 200 1299
186.103.248.213 - - [19/Jun/2017:18:19:20 -0300] "POST /cormun/servlet/solicitudot?gx-no-cache=1497907213054 HTTP/1.1" 200 41
186.103.156.166 - - [19/Jun/2017:18:19:21 -0300] "GET /cormun/servlet/hlogin HTTP/1.1" 200 1724
186.103.248.213 - - [19/Jun/2017:18:19:24 -0300] "GET /cormun/servlet/solicitudot?8bd9e8bfaf3409b72792d428850c178aec32a2e9df8ceb652796718fd70b5aa29af62e8b04c46237d77fb20a58cf5a17ec3633f6e2976facd3726f72f0f514f2baa5e1128ad680c4783576b20c1633e6e2e3e0d5f36fecc04380702ea6679126768e51ea36165bda7305d9d166d815b4b282b5749559ad058b57fc30942630763171b6ea48525969c2433323188e33207faf6ce20bd2aa06bbe92238eb8ccd71,gx-no-cache=1497907217497 HTTP/1.1" 200 29
186.103.248.213 - - [19/Jun/2017:18:19:24 -0300] "POST /cormun/servlet/solicitudot?gx-no-cache=1497907217595 HTTP/1.1" 200 1281
186.103.248.213 - - [19/Jun/2017:18:19:24 -0300] "POST /cormun/servlet/solicitudot?gx-no-cache=1497907217797 HTTP/1.1" 200 30
186.103.248.213 - - [19/Jun/2017:18:19:25 -0300] "POST /cormun/servlet/solicitudot?a5135f8c5dce735cfd3b7734add84396,UPD,2017,6830,,gx-no-cache=1497907217888 HTTP/1.1" 200 93
186.103.248.213 - - [19/Jun/2017:18:19:25 -0300] "GET /cormun/servlet/hpexe_return? HTTP/1.1" 200 1009
186.103.248.213 - - [19/Jun/2017:18:19:25 -0300] "GET /cormun/servlet/trsolicitudot HTTP/1.1" 200 10302
186.103.248.213 - - [19/Jun/2017:18:19:26 -0300] "GET /cormun/servlet/trsolicitudot HTTP/1.1" 200 10297
186.103.156.166 - - [19/Jun/2017:18:19:36 -0300] "POST /cormun/servlet/hlogin?c8dbf1986963381efc4a9ee38dd88f2d,gx-no-cache=1497907228480 HTTP/1.1" 200 90
186.103.156.166 - - [19/Jun/2017:18:19:36 -0300] "GET /cormun/servlet/hpexe_link HTTP/1.1" 200 954
186.103.156.166 - - [19/Jun/2017:18:19:36 -0300] "GET /cormun/servlet/hhome HTTP/1.1" 200 3984
186.103.156.166 - - [19/Jun/2017:18:19:37 -0300] "GET /cormun/servlet/hhome HTTP/1.1" 200 3981
186.103.248.213 - - [19/Jun/2017:18:19:40 -0300] "POST /cormun/servlet/trsolicitudot?a5135f8c5dce735cfd3b7734add84396,gx-no-cache=1497907232974 HTTP/1.1" 200 105
186.103.156.166 - - [19/Jun/2017:18:19:41 -0300] "GET /cormun/servlet/trsolicitudot? HTTP/1.1" 200 9493
186.103.248.213 - - [19/Jun/2017:18:19:41 -0300] "GET /cormun/servlet/solicitudot?UPD,2017,6822, HTTP/1.1" 200 14354
186.103.156.166 - - [19/Jun/2017:18:19:41 -0300] "GET /cormun/servlet/trsolicitudot? HTTP/1.1" 200 9491
186.103.248.213 - - [19/Jun/2017:18:19:41 -0300] "GET /cormun/servlet/solicitudot?UPD,2017,6822, HTTP/1.1" 200 14363
186.103.156.166 - - [19/Jun/2017:18:20:04 -0300] "GET /cormun/servlet/solicitudot?INS,0,0, HTTP/1.1" 200 12850
186.103.248.213 - - [19/Jun/2017:18:20:04 -0300] "GET /cormun/servlet/solicitudot?8bd9e8bfaf3409b72792d428850c178af0f7499569cd6b789a9e7e9001df59ac450a1e016744045c1d07e78270836455,gx-no-cache=1497907257225 HTTP/1.1" 200 30
186.103.248.213 - - [19/Jun/2017:18:20:04 -0300] "POST /cormun/servlet/solicitudot?gx-no-cache=1497907257395 HTTP/1.1" 200 256
186.103.248.213 - - [19/Jun/2017:18:20:04 -0300] "GET /cormun/servlet/solicitudot?8bd9e8bfaf3409b72792d428850c178a9966825aa4bd82ce030eb11cd0de21f9b83febe0f2b14b4af3bc76989003af15d341c8012eb945f8387f70e685a0341a95ef90d09d1b67272e766f2378afd1700247b6e1d0c37b0aa60d6211a1c1e724ad89bc666dc6d0334ffb327bb37ef3ea5b5b4adcf75df04ebcc1607887347a6225b99fd51687761b7a35bf48c6641ea6cf2823a406e1f62042424f706b1cc0d4bd84634626b8d5477e5508ec598f63e1bc37e36edcbaad8c03130f01f4e6bb62ad2fcbe7eed5d9a6218a1b76f7846c0f8b78b1ead0d434c65ab93ac5654d6df2a9c7d63c82b23a95e6392f3c7a8f394c5b31354bb3d5290c5a1897b212fb1e0d7d26ff5da0ef06994adf2b26a70b5b50c0562ae746eb6827bd2e5462e17829919372e316ba142e1f8f284cd17e394cf8cf8c728c172701a16931b38f8e105a48ab99e7448bea6077ead0c8d803da118f953d5b9b234d7f988587b4011ec2fa0dc38b2a1ffb2a32f3de8e75aaaafbe7a5f1b8297909331914280f78d50ee9f6a4,gx-no-cache=1497907257530 HTTP/1.1" 200 30
186.103.248.213 - - [19/Jun/2017:18:20:04 -0300] "POST /cormun/servlet/solicitudot?gx-no-cache=1497907257663 HTTP/1.1" 200 30
186.103.248.213 - - [19/Jun/2017:18:20:05 -0300] "POST /cormun/servlet/solicitudot?gx-no-cache=1497907257804 HTTP/1.1" 200 1296
186.103.156.166 - - [19/Jun/2017:18:20:05 -0300] "GET /cormun/servlet/solicitudot?INS,0,0, HTTP/1.1" 200 12853
186.103.248.213 - - [19/Jun/2017:18:20:05 -0300] "POST /cormun/servlet/solicitudot?gx-no-cache=1497907258058 HTTP/1.1" 200 41
186.103.248.213 - - [19/Jun/2017:18:20:05 -0300] "GET /cormun/servlet/solicitudot?8bd9e8bfaf3409b72792d428850c178a3e8a0a91f4e001744030ca9beb4bb6929af62e8b04c46237d77fb20a58cf5a17385d7abf9ad9cf5b562ae97b21942e1a15c7cc88f9642a6591946b88d366b24c,gx-no-cache=1497907258236 HTTP/1.1" 200 29
186.103.248.213 - - [19/Jun/2017:18:20:05 -0300] "POST /cormun/servlet/solicitudot?gx-no-cache=1497907258325 HTTP/1.1" 200 1280
186.103.248.213 - - [19/Jun/2017:18:20:05 -0300] "POST /cormun/servlet/solicitudot?gx-no-cache=1497907258532 HTTP/1.1" 200 33
186.103.248.213 - - [19/Jun/2017:18:20:06 -0300] "GET /cormun/servlet/solicitudot?UPD,2017,6822, HTTP/1.1" 200 14363
186.103.248.213 - - [19/Jun/2017:18:20:06 -0300] "GET /cormun/servlet/solicitudot?UPD,2017,6822, HTTP/1.1" 200 14363
186.103.248.213 - - [19/Jun/2017:18:20:07 -0300] "POST /cormun/servlet/solicitudot?gx-no-cache=1497907259932 HTTP/1.1" 200 3218
186.103.248.213 - - [19/Jun/2017:18:20:08 -0300] "POST /cormun/servlet/solicitudot?a5135f8c5dce735cfd3b7734add84396,UPD,2017,6822,,gx-no-cache=1497907260474 HTTP/1.1" 200 10974
186.103.248.213 - - [19/Jun/2017:18:20:08 -0300] "GET /cormun/servlet/solicitudot?8bd9e8bfaf3409b72792d428850c178af0f7499569cd6b789a9e7e9001df59ac450a1e016744045c1d07e78270836455,gx-no-cache=1497907261119 HTTP/1.1" 200 30
186.103.248.213 - - [19/Jun/2017:18:20:08 -0300] "POST /cormun/servlet/solicitudot?gx-no-cache=1497907261226 HTTP/1.1" 200 256
186.103.248.213 - - [19/Jun/2017:18:20:08 -0300] "GET /cormun/servlet/solicitudot?8bd9e8bfaf3409b72792d428850c178a9966825aa4bd82ce030eb11cd0de21f9b83febe0f2b14b4af3bc76989003af15d341c8012eb945f8387f70e685a0341a95ef90d09d1b67272e766f2378afd1700247b6e1d0c37b0aa60d6211a1c1e724ad89bc666dc6d0334ffb327bb37ef3ea5b5b4adcf75df04ebcc1607887347a6225b99fd51687761b7a35bf48c6641ea6cf2823a406e1f62042424f706b1cc0d4bd84634626b8d5477e5508ec598f63e1bc37e36edcbaad8c03130f01f4e6bb62ad2fcbe7eed5d9a6218a1b76f7846c0f8b78b1ead0d434c65ab93ac5654d6df2a9c7d63c82b23a95e6392f3c7a8f394c5b31354bb3d5290c5a1897b212fb1e0d7d26ff5da0ef06994adf2b26a70b5b50c0562ae746eb6827bd2e5462e17829919372e316ba142e1f8f284cd17e394cf8cf8c728c172701a16931b38f8e105a48ab99e7448bea6077ead0c8d803da118f953d5b9b234d7f988587b4011ec2fa0dc38b2a1ffb2a32f3de8e75aaaafbe7a5f1b8297909331914280f78d50ee9f6a4,gx-no-cache=1497907261319 HTTP/1.1" 200 30
186.103.248.213 - - [19/Jun/2017:18:20:08 -0300] "POST /cormun/servlet/solicitudot?gx-no-cache=1497907261756 HTTP/1.1" 200 30
186.103.248.213 - - [19/Jun/2017:18:20:09 -0300] "POST /cormun/servlet/solicitudot?gx-no-cache=1497907261880 HTTP/1.1" 200 1301
186.103.248.213 - - [19/Jun/2017:18:20:09 -0300] "POST /cormun/servlet/solicitudot?gx-no-cache=1497907262097 HTTP/1.1" 200 41
186.103.248.213 - - [19/Jun/2017:18:20:09 -0300] "GET /cormun/servlet/solicitudot?8bd9e8bfaf3409b72792d428850c178a3e8a0a91f4e001744030ca9beb4bb6929af62e8b04c46237d77fb20a58cf5a17b595ef960334d191e7f1bb2e5e89e79ebaa5e1128ad680c4783576b20c1633e6e2e3e0d5f36fecc04380702ea6679126768e51ea36165bda7305d9d166d815b4b282b5749559ad058b57fc30942630763171b6ea48525969c2433323188e33207faf6ce20bd2aa06bbe92238eb8ccd71,gx-no-cache=1497907262226 HTTP/1.1" 200 29
186.103.248.213 - - [19/Jun/2017:18:20:09 -0300] "POST /cormun/servlet/solicitudot?gx-no-cache=1497907262300 HTTP/1.1" 200 1280
186.103.248.213 - - [19/Jun/2017:18:20:09 -0300] "POST /cormun/servlet/solicitudot?gx-no-cache=1497907262493 HTTP/1.1" 200 33
186.103.248.213 - - [19/Jun/2017:18:20:10 -0300] "GET /cormun/static/menuarrow.gif HTTP/1.1" 404 1015
186.103.156.166 - - [19/Jun/2017:18:20:13 -0300] "POST /cormun/servlet/solicitudot?gx-no-cache=1497907264704 HTTP/1.1" 200 3112
186.103.156.166 - - [19/Jun/2017:18:20:13 -0300] "POST /cormun/servlet/solicitudot?c8dbf1986963381efc4a9ee38dd88f2d,INS,0,0,,gx-no-cache=1497907264871 HTTP/1.1" 200 9920
186.103.156.166 - - [19/Jun/2017:18:20:14 -0300] "GET /cormun/servlet/solicitudot?62ea9ed03dcd51a7c5fe720eab08943953fdd90f9a9ce060ffb0c050929f905320e7fa9bfc2d2a31046c556e3f5a5a59,gx-no-cache=1497907266741 HTTP/1.1" 200 30
186.103.248.213 - - [19/Jun/2017:18:20:21 -0300] "POST /cormun/servlet/solicitudot?gx-no-cache=1497907274042 HTTP/1.1" 200 33
186.103.248.213 - - [19/Jun/2017:18:20:21 -0300] "POST /cormun/servlet/solicitudot?a5135f8c5dce735cfd3b7734add84396,UPD,2017,6822,,gx-no-cache=1497907274191 HTTP/1.1" 200 93
186.103.248.213 - - [19/Jun/2017:18:20:21 -0300] "GET /cormun/servlet/hpexe_return? HTTP/1.1" 200 1009
186.103.248.213 - - [19/Jun/2017:18:20:22 -0300] "GET /cormun/servlet/trsolicitudot HTTP/1.1" 200 10302
186.103.248.213 - - [19/Jun/2017:18:20:22 -0300] "GET /cormun/servlet/trsolicitudot HTTP/1.1" 200 10298
186.103.248.213 - - [19/Jun/2017:18:20:28 -0300] "POST /cormun/servlet/trsolicitudot?a5135f8c5dce735cfd3b7734add84396,gx-no-cache=1497907281286 HTTP/1.1" 200 105
186.103.248.213 - - [19/Jun/2017:18:20:29 -0300] "GET /cormun/servlet/solicitudot?UPD,2017,6821, HTTP/1.1" 200 14380
186.103.248.213 - - [19/Jun/2017:18:20:29 -0300] "GET /cormun/servlet/solicitudot?UPD,2017,6821, HTTP/1.1" 200 14388
186.103.248.213 - - [19/Jun/2017:18:20:30 -0300] "POST /cormun/servlet/solicitudot?gx-no-cache=1497907282981 HTTP/1.1" 200 3230
186.103.248.213 - - [19/Jun/2017:18:20:31 -0300] "POST /cormun/servlet/solicitudot?a5135f8c5dce735cfd3b7734add84396,UPD,2017,6821,,gx-no-cache=1497907283785 HTTP/1.1" 200 10987
186.103.248.213 - - [19/Jun/2017:18:20:31 -0300] "GET /cormun/servlet/solicitudot?8bd9e8bfaf3409b72792d428850c178ae18eaeff512bf54e32561e8b6f68de83450a1e016744045c1d07e78270836455,gx-no-cache=1497907284320 HTTP/1.1" 200 30
186.103.248.213 - - [19/Jun/2017:18:20:31 -0300] "POST /cormun/servlet/solicitudot?gx-no-cache=1497907284412 HTTP/1.1" 200 256
186.103.248.213 - - [19/Jun/2017:18:20:32 -0300] "GET /cormun/servlet/solicitudot?8bd9e8bfaf3409b72792d428850c178a9966825aa4bd82ce030eb11cd0de21f90c9b4255a2fb6376f2209fb5c21966ddd341c8012eb945f8387f70e685a0341a95ef90d09d1b67272e766f2378afd1700247b6e1d0c37b0aa60d6211a1c1e724ad89bc666dc6d0334ffb327bb37ef3ea5b5b4adcf75df04ebcc1607887347a6225b99fd51687761b7a35bf48c6641ea6cf2823a406e1f62042424f706b1cc0d4bd84634626b8d5477e5508ec598f63e1bc37e36edcbaad8c03130f01f4e6bb62ad2fcbe7eed5d9a6218a1b76f7846c0f8b78b1ead0d434c65ab93ac5654d6df2a9c7d63c82b23a95e6392f3c7a8f394c5b31354bb3d5290c5a1897b212fb1e0d7d26ff5da0ef06994adf2b26a70b5b5046e70831d54bcc11c5d944e2ff1214e9158f3c82f6326d4c7a557c2f6c1b8d9be4bffdeaadb6d5c2419842bc3c48127d74de91d3ae2ea764d46641529c28b20192d74d901f13dac266fbb90286b99effa48859fa75363942439d24451890787262f4a35656b89cbea1a176eead487753,gx-no-cache=1497907284521 HTTP/1.1" 200 30
186.103.248.213 - - [19/Jun/2017:18:20:32 -0300] "POST /cormun/servlet/solicitudot?gx-no-cache=1497907284934 HTTP/1.1" 200 30
186.103.248.213 - - [19/Jun/2017:18:20:32 -0300] "POST /cormun/servlet/solicitudot?gx-no-cache=1497907285028 HTTP/1.1" 200 1301
186.103.248.213 - - [19/Jun/2017:18:20:32 -0300] "POST /cormun/servlet/solicitudot?gx-no-cache=1497907285245 HTTP/1.1" 200 41
186.103.248.213 - - [19/Jun/2017:18:20:33 -0300] "GET /cormun/servlet/solicitudot?8bd9e8bfaf3409b72792d428850c178a3e8a0a91f4e001744030ca9beb4bb6929af62e8b04c46237d77fb20a58cf5a17b595ef960334d191e7f1bb2e5e89e79ebaa5e1128ad680c4783576b20c1633e6e2e3e0d5f36fecc04380702ea6679126768e51ea36165bda7305d9d166d815b4b282b5749559ad058b57fc30942630763171b6ea48525969c2433323188e33207faf6ce20bd2aa06bbe92238eb8ccd71,gx-no-cache=1497907286755 HTTP/1.1" 200 29
186.103.248.213 - - [19/Jun/2017:18:20:34 -0300] "POST /cormun/servlet/solicitudot?gx-no-cache=1497907286835 HTTP/1.1" 200 1281
186.103.248.213 - - [19/Jun/2017:18:20:34 -0300] "GET /cormun/static/menuarrow.gif HTTP/1.1" 404 1015
186.103.248.213 - - [19/Jun/2017:18:20:37 -0300] "POST /cormun/servlet/solicitudot?gx-no-cache=1497907289947 HTTP/1.1" 200 1281
186.103.248.213 - - [19/Jun/2017:18:20:41 -0300] "POST /cormun/servlet/solicitudot?gx-no-cache=1497907293921 HTTP/1.1" 200 33
186.103.248.213 - - [19/Jun/2017:18:20:41 -0300] "POST /cormun/servlet/solicitudot?a5135f8c5dce735cfd3b7734add84396,UPD,2017,6821,,gx-no-cache=1497907294045 HTTP/1.1" 200 93
186.103.248.213 - - [19/Jun/2017:18:20:41 -0300] "GET /cormun/servlet/hpexe_return? HTTP/1.1" 200 1009
186.103.248.213 - - [19/Jun/2017:18:20:42 -0300] "GET /cormun/servlet/trsolicitudot HTTP/1.1" 200 10303
186.103.248.213 - - [19/Jun/2017:18:20:42 -0300] "GET /cormun/servlet/trsolicitudot HTTP/1.1" 200 10298
186.103.248.213 - - [19/Jun/2017:18:20:48 -0300] "POST /cormun/servlet/trsolicitudot?a5135f8c5dce735cfd3b7734add84396,gx-no-cache=1497907300894 HTTP/1.1" 200 106
186.103.248.213 - - [19/Jun/2017:18:20:48 -0300] "GET /cormun/servlet/solicitudot?UPD,2017,6820, HTTP/1.1" 200 14374
186.103.248.213 - - [19/Jun/2017:18:20:49 -0300] "GET /cormun/servlet/solicitudot?UPD,2017,6820, HTTP/1.1" 200 14383
186.103.248.213 - - [19/Jun/2017:18:21:18 -0300] "POST /cormun/servlet/solicitudot?gx-no-cache=1497907331027 HTTP/1.1" 200 256
186.103.248.213 - - [19/Jun/2017:18:21:18 -0300] "GET /cormun/servlet/solicitudot?8bd9e8bfaf3409b72792d428850c178a9966825aa4bd82ce030eb11cd0de21f9b83febe0f2b14b4af3bc76989003af15d341c8012eb945f8387f70e685a0341a95ef90d09d1b67272e766f2378afd1700247b6e1d0c37b0aa60d6211a1c1e724ad89bc666dc6d0334ffb327bb37ef3ea5b5b4adcf75df04ebcc1607887347a6225b99fd51687761b7a35bf48c6641ea6cf2823a406e1f62042424f706b1cc0d4bd84634626b8d5477e5508ec598f63e1bc37e36edcbaad8c03130f01f4e6bb62ad2fcbe7eed5d9a6218a1b76f7846c0f8b78b1ead0d434c65ab93ac5654d6df2a9c7d63c82b23a95e6392f3c7a8f394c5b31354bb3d5290c5a1897b212fb1e0d7d26ff5da0ef06994adf2b26a70b5b50c0562ae746eb6827bd2e5462e17829919372e316ba142e1f8f284cd17e394cf8cf8c728c172701a16931b38f8e105a48ab99e7448bea6077ead0c8d803da118f953d5b9b234d7f988587b4011ec2fa0dc38b2a1ffb2a32f3de8e75aaaafbe7a5f1b8297909331914280f78d50ee9f6a4,gx-no-cache=1497907331151 HTTP/1.1" 200 30
186.103.248.213 - - [19/Jun/2017:18:21:18 -0300] "POST /cormun/servlet/solicitudot?gx-no-cache=1497907331240 HTTP/1.1" 200 30
186.103.248.213 - - [19/Jun/2017:18:21:18 -0300] "POST /cormun/servlet/solicitudot?gx-no-cache=1497907331359 HTTP/1.1" 200 1296
186.103.248.213 - - [19/Jun/2017:18:21:18 -0300] "POST /cormun/servlet/solicitudot?gx-no-cache=1497907331590 HTTP/1.1" 200 41
186.103.248.213 - - [19/Jun/2017:18:21:18 -0300] "GET /cormun/servlet/solicitudot?8bd9e8bfaf3409b72792d428850c178a3e8a0a91f4e001744030ca9beb4bb6929af62e8b04c46237d77fb20a58cf5a17385d7abf9ad9cf5b562ae97b21942e1a15c7cc88f9642a6591946b88d366b24c,gx-no-cache=1497907331752 HTTP/1.1" 200 29
186.103.248.213 - - [19/Jun/2017:18:21:19 -0300] "POST /cormun/servlet/solicitudot?gx-no-cache=1497907331863 HTTP/1.1" 200 1281
186.103.248.213 - - [19/Jun/2017:18:21:19 -0300] "POST /cormun/servlet/solicitudot?gx-no-cache=1497907332056 HTTP/1.1" 200 33
186.103.248.213 - - [19/Jun/2017:18:21:19 -0300] "GET /cormun/servlet/solicitudot?UPD,2017,6820, HTTP/1.1" 200 14383
186.103.248.213 - - [19/Jun/2017:18:21:20 -0300] "GET /cormun/servlet/solicitudot?UPD,2017,6820, HTTP/1.1" 200 14383
186.103.248.213 - - [19/Jun/2017:18:21:33 -0300] "POST /cormun/servlet/solicitudot?a5135f8c5dce735cfd3b7734add84396,UPD,2017,6820,,gx-no-cache=1497907346271 HTTP/1.1" 200 10962
186.103.248.213 - - [19/Jun/2017:18:21:33 -0300] "GET /cormun/servlet/solicitudot?8bd9e8bfaf3409b72792d428850c178aa6ba6f230d48ac0ec6a61dadf566761d450a1e016744045c1d07e78270836455,gx-no-cache=1497907346784 HTTP/1.1" 200 30
186.103.248.213 - - [19/Jun/2017:18:21:34 -0300] "POST /cormun/servlet/solicitudot?gx-no-cache=1497907346862 HTTP/1.1" 200 256
186.103.248.213 - - [19/Jun/2017:18:21:34 -0300] "GET /cormun/servlet/solicitudot?8bd9e8bfaf3409b72792d428850c178a9966825aa4bd82ce030eb11cd0de21f9b83febe0f2b14b4af3bc76989003af15d341c8012eb945f8387f70e685a0341a95ef90d09d1b67272e766f2378afd1700247b6e1d0c37b0aa60d6211a1c1e724ad89bc666dc6d0334ffb327bb37ef3ea5b5b4adcf75df04ebcc1607887347a6225b99fd51687761b7a35bf48c6641ea6cf2823a406e1f62042424f706b1cc0d4bd84634626b8d5477e5508ec598f63e1bc37e36edcbaad8c03130f01f4e6bb62ad2fcbe7eed5d9a6218a1b76f7846c0f8b78b1ead0d434c65ab93ac5654d6df2a9c7d63c82b23a95e6392f3c7a8f394c5b31354bb3d5290c5a1897b212fb1e0d7d26ff5da0ef06994adf2b26a70b5b50c0562ae746eb6827bd2e5462e17829919372e316ba142e1f8f284cd17e394cf8cf8c728c172701a16931b38f8e105a48ab99e7448bea6077ead0c8d803da118f953d5b9b234d7f988587b4011ec2fa0dc38b2a1ffb2a32f3de8e75aaaafbe7a5f1b8297909331914280f78d50ee9f6a4,gx-no-cache=1497907346956 HTTP/1.1" 200 30
186.103.248.213 - - [19/Jun/2017:18:21:34 -0300] "POST /cormun/servlet/solicitudot?gx-no-cache=1497907347036 HTTP/1.1" 200 30
186.103.248.213 - - [19/Jun/2017:18:21:34 -0300] "POST /cormun/servlet/solicitudot?gx-no-cache=1497907347124 HTTP/1.1" 200 1296
186.103.248.213 - - [19/Jun/2017:18:21:34 -0300] "POST /cormun/servlet/solicitudot?gx-no-cache=1497907347343 HTTP/1.1" 200 41
186.103.248.213 - - [19/Jun/2017:18:21:34 -0300] "GET /cormun/servlet/solicitudot?8bd9e8bfaf3409b72792d428850c178a3e8a0a91f4e001744030ca9beb4bb6929af62e8b04c46237d77fb20a58cf5a17b595ef960334d191e7f1bb2e5e89e79ebaa5e1128ad680c4783576b20c1633e6e2e3e0d5f36fecc04380702ea6679126768e51ea36165bda7305d9d166d815b4b282b5749559ad058b57fc30942630763171b6ea48525969c2433323188e33207faf6ce20bd2aa06bbe92238eb8ccd71,gx-no-cache=1497907347471 HTTP/1.1" 200 29
186.103.248.213 - - [19/Jun/2017:18:21:34 -0300] "POST /cormun/servlet/solicitudot?gx-no-cache=1497907347538 HTTP/1.1" 200 1281
186.103.248.213 - - [19/Jun/2017:18:21:34 -0300] "POST /cormun/servlet/solicitudot?gx-no-cache=1497907347727 HTTP/1.1" 200 33
186.103.248.213 - - [19/Jun/2017:18:21:35 -0300] "GET /cormun/servlet/solicitudot?UPD,2017,6820, HTTP/1.1" 200 14383
186.103.248.213 - - [19/Jun/2017:18:21:35 -0300] "GET /cormun/servlet/solicitudot?UPD,2017,6820, HTTP/1.1" 200 14383
186.103.248.213 - - [19/Jun/2017:18:21:35 -0300] "GET /favicon.ico HTTP/1.1" 200 21630
186.103.248.213 - - [19/Jun/2017:18:21:36 -0300] "POST /cormun/servlet/solicitudot?gx-no-cache=1497907349419 HTTP/1.1" 200 3221
186.103.248.213 - - [19/Jun/2017:18:21:37 -0300] "POST /cormun/servlet/solicitudot?a5135f8c5dce735cfd3b7734add84396,UPD,2017,6820,,gx-no-cache=1497907349945 HTTP/1.1" 200 10988
186.103.248.213 - - [19/Jun/2017:18:21:38 -0300] "GET /cormun/servlet/solicitudot?8bd9e8bfaf3409b72792d428850c178aa6ba6f230d48ac0ec6a61dadf566761d450a1e016744045c1d07e78270836455,gx-no-cache=1497907351542 HTTP/1.1" 200 30
186.103.248.213 - - [19/Jun/2017:18:21:39 -0300] "POST /cormun/servlet/solicitudot?gx-no-cache=1497907351649 HTTP/1.1" 200 256
186.103.248.213 - - [19/Jun/2017:18:21:39 -0300] "GET /cormun/servlet/solicitudot?8bd9e8bfaf3409b72792d428850c178a9966825aa4bd82ce030eb11cd0de21f9b83febe0f2b14b4af3bc76989003af15d341c8012eb945f8387f70e685a0341a95ef90d09d1b67272e766f2378afd1700247b6e1d0c37b0aa60d6211a1c1e724ad89bc666dc6d0334ffb327bb37ef3ea5b5b4adcf75df04ebcc1607887347a6225b99fd51687761b7a35bf48c6641ea6cf2823a406e1f62042424f706b1cc0d4bd84634626b8d5477e5508ec598f63e1bc37e36edcbaad8c03130f01f4e6bb62ad2fcbe7eed5d9a6218a1b76f7846c0f8b78b1ead0d434c65ab93ac5654d6df2a9c7d63c82b23a95e6392f3c7a8f394c5b31354bb3d5290c5a1897b212fb1e0d7d26ff5da0ef06994adf2b26a70b5b50c0562ae746eb6827bd2e5462e17829919372e316ba142e1f8f284cd17e394cf8cf8c728c172701a16931b38f8e105a48ab99e7448bea6077ead0c8d803da118f953d5b9b234d7f988587b4011ec2fa0dc38b2a1ffb2a32f3de8e75aaaafbe7a5f1b8297909331914280f78d50ee9f6a4,gx-no-cache=1497907352158 HTTP/1.1" 200 30
186.103.248.213 - - [19/Jun/2017:18:21:39 -0300] "POST /cormun/servlet/solicitudot?gx-no-cache=1497907352244 HTTP/1.1" 200 30
186.103.248.213 - - [19/Jun/2017:18:21:39 -0300] "POST /cormun/servlet/solicitudot?gx-no-cache=1497907352345 HTTP/1.1" 200 1301
186.103.248.213 - - [19/Jun/2017:18:21:39 -0300] "POST /cormun/servlet/solicitudot?gx-no-cache=1497907352559 HTTP/1.1" 200 41
186.103.248.213 - - [19/Jun/2017:18:21:39 -0300] "GET /cormun/servlet/solicitudot?8bd9e8bfaf3409b72792d428850c178a3e8a0a91f4e001744030ca9beb4bb6929af62e8b04c46237d77fb20a58cf5a17b595ef960334d191e7f1bb2e5e89e79ebaa5e1128ad680c4783576b20c1633e6e2e3e0d5f36fecc04380702ea6679126768e51ea36165bda7305d9d166d815b4b282b5749559ad058b57fc30942630763171b6ea48525969c2433323188e33207faf6ce20bd2aa06bbe92238eb8ccd71,gx-no-cache=1497907352706 HTTP/1.1" 200 29
186.103.248.213 - - [19/Jun/2017:18:21:40 -0300] "POST /cormun/servlet/solicitudot?gx-no-cache=1497907352848 HTTP/1.1" 200 1281
186.103.248.213 - - [19/Jun/2017:18:21:40 -0300] "GET /cormun/static/menuarrow.gif HTTP/1.1" 404 1015
186.103.248.213 - - [19/Jun/2017:18:21:40 -0300] "POST /cormun/servlet/solicitudot?gx-no-cache=1497907353106 HTTP/1.1" 200 3221
186.103.248.213 - - [19/Jun/2017:18:21:41 -0300] "POST /cormun/servlet/solicitudot?a5135f8c5dce735cfd3b7734add84396,UPD,2017,6820,,gx-no-cache=1497907353624 HTTP/1.1" 200 11039
186.103.248.213 - - [19/Jun/2017:18:21:42 -0300] "GET /cormun/servlet/solicitudot?8bd9e8bfaf3409b72792d428850c178aa6ba6f230d48ac0ec6a61dadf566761d450a1e016744045c1d07e78270836455,gx-no-cache=1497907354959 HTTP/1.1" 200 30
186.103.248.213 - - [19/Jun/2017:18:21:42 -0300] "POST /cormun/servlet/solicitudot?gx-no-cache=1497907355080 HTTP/1.1" 200 256
186.103.248.213 - - [19/Jun/2017:18:21:42 -0300] "GET /cormun/servlet/solicitudot?8bd9e8bfaf3409b72792d428850c178a9966825aa4bd82ce030eb11cd0de21f9b83febe0f2b14b4af3bc76989003af15d341c8012eb945f8387f70e685a0341a95ef90d09d1b67272e766f2378afd1700247b6e1d0c37b0aa60d6211a1c1e724ad89bc666dc6d0334ffb327bb37ef3ea5b5b4adcf75df04ebcc1607887347a6225b99fd51687761b7a35bf48c6641ea6cf2823a406e1f62042424f706b1cc0d4bd84634626b8d5477e5508ec598f63e1bc37e36edcbaad8c03130f01f4e6bb62ad2fcbe7eed5d9a6218a1b76f7846c0f8b78b1ead0d434c65ab93ac5654d6df2a9c7d63c82b23a95e6392f3c7a8f394c5b31354bb3d5290c5a1897b212fb1e0d7d26ff5da0ef06994adf2b26a70b5b50c0562ae746eb6827bd2e5462e17829919372e316ba142e1f8f284cd17e394cf8cf8c728c172701a16931b38f8e105a48ab99e7448bea6077ead0c8d803da118f953d5b9b234d7f988587b4011ec2fa0dc38b2a1ffb2a32f3de8e75aaaafbe7a5f1b8297909331914280f78d50ee9f6a4,gx-no-cache=1497907355193 HTTP/1.1" 200 30
186.103.248.213 - - [19/Jun/2017:18:21:42 -0300] "POST /cormun/servlet/solicitudot?gx-no-cache=1497907355638 HTTP/1.1" 200 30
186.103.248.213 - - [19/Jun/2017:18:21:43 -0300] "POST /cormun/servlet/solicitudot?gx-no-cache=1497907355768 HTTP/1.1" 200 1301
186.103.248.213 - - [19/Jun/2017:18:21:43 -0300] "POST /cormun/servlet/solicitudot?gx-no-cache=1497907356141 HTTP/1.1" 200 41
186.103.248.213 - - [19/Jun/2017:18:21:43 -0300] "POST /cormun/servlet/solicitudot?gx-no-cache=1497907356261 HTTP/1.1" 200 1281
186.103.248.213 - - [19/Jun/2017:18:21:49 -0300] "POST /cormun/servlet/solicitudot?a5135f8c5dce735cfd3b7734add84396,UPD,2017,6820,,gx-no-cache=1497907361265 HTTP/1.1" 200 93
186.103.248.213 - - [19/Jun/2017:18:21:49 -0300] "GET /cormun/servlet/hpexe_return? HTTP/1.1" 200 1009
186.103.248.213 - - [19/Jun/2017:18:21:49 -0300] "GET /cormun/servlet/trsolicitudot HTTP/1.1" 200 10292
186.103.248.213 - - [19/Jun/2017:18:21:49 -0300] "GET /cormun/servlet/trsolicitudot HTTP/1.1" 200 10287
186.103.156.166 - - [19/Jun/2017:18:21:50 -0300] "POST /cormun/servlet/solicitudot?gx-no-cache=1497907361791 HTTP/1.1" 200 256
186.103.156.166 - - [19/Jun/2017:18:21:53 -0300] "GET /cormun/servlet/solicitudot?62ea9ed03dcd51a7c5fe720eab08943967bb0abdf6123fe5eb4cba6badc9f5c19cd816b8838ccef379f4047fd9cd1d93a517ac2e78724998edfd5b8ea7a22418174719c25ee01f993de612ab7acf6a2f3f971103a9f4c06db08f91ff1ac487272d0fffbc756ad6650a285ee23dff8546fe9be2eade7e2cd8e06e5165fb4a174f3e932fc6456b8c435b748d9a0dc383509441f1addca17d6094063564331b9e85bd9244bf733a2849e7666936df30f932fcc015ad84651f117bc4226c8cc0f235d815faf879b1cdd284f4f6709ce5ca138bf9019a2d0140ae2f33a7390b9f3341e07993f643ba6828b7279821205178cdc7532584c32ac40dc065ce58f816c1dd5167dc3f0aad613da6b80d3b715704b669bde49181215bdbbdc69c392ac0b4e350afe33b81114af5eddc25772ecee264c53200ce4fd1f11ca5110549bd03936d95ece53f1e8727c77900dc2cdf7c7db4879bd371dfecf8a05da2bc5c46ad0bb8c061e563168d43bbaa0deda9ba9f1b5438fd1f4954917d0cfe7e891dea63a2ff,gx-no-cache=1497907364715 HTTP/1.1" 200 30
186.103.156.166 - - [19/Jun/2017:18:21:56 -0300] "POST /cormun/servlet/solicitudot?gx-no-cache=1497907368654 HTTP/1.1" 200 30
186.103.248.213 - - [19/Jun/2017:18:21:57 -0300] "GET /cormun/servlet/trsolicitudot? HTTP/1.1" 200 10287
186.103.156.166 - - [19/Jun/2017:18:21:58 -0300] "POST /cormun/servlet/solicitudot?gx-no-cache=1497907369999 HTTP/1.1" 200 1299
186.103.156.166 - - [19/Jun/2017:18:21:58 -0300] "POST /cormun/servlet/solicitudot?gx-no-cache=1497907370102 HTTP/1.1" 200 38
186.103.248.213 - - [19/Jun/2017:18:21:58 -0300] "GET /cormun/servlet/trsolicitudot? HTTP/1.1" 200 10288
186.103.156.166 - - [19/Jun/2017:18:22:12 -0300] "GET /cormun/servlet/solicitudot?62ea9ed03dcd51a7c5fe720eab089439e219500026dc986bc6372f9f343271f0607b2b0a2f1cd6e97484eaa59dbad3335f379bbf765d72151a649e3fe288d99bb6b7fbecb4a288aeef77eb5b8545445d019a7316ce50bf6eb1726a71c795976610e790ce488532f1d88e4265ce004dc2,gx-no-cache=1497907383884 HTTP/1.1" 200 29
186.103.156.166 - - [19/Jun/2017:18:22:12 -0300] "POST /cormun/servlet/solicitudot?gx-no-cache=1497907383945 HTTP/1.1" 200 1281
186.103.248.213 - - [19/Jun/2017:18:22:18 -0300] "GET /cormun/servlet/solicitudot?INS,0,0, HTTP/1.1" 200 12663
186.103.248.213 - - [19/Jun/2017:18:22:18 -0300] "GET /cormun/servlet/solicitudot?INS,0,0, HTTP/1.1" 200 12668
186.103.248.213 - - [19/Jun/2017:18:22:21 -0300] "GET /cormun/servlet/prfichaempleado?,MD,,gxPopupLevel%3D0%3B HTTP/1.1" 200 9237
186.103.248.213 - - [19/Jun/2017:18:22:21 -0300] "GET /cormun/static/Resources/resize.gif HTTP/1.1" 200 77
186.103.248.213 - - [19/Jun/2017:18:22:21 -0300] "GET /cormun/static/gxcfg.js?201761412513083 HTTP/1.1" 200 953
186.103.248.213 - - [19/Jun/2017:18:22:21 -0300] "GET /cormun/static/menusearch.js?201610171694467 HTTP/1.1" 200 1424
186.103.248.213 - - [19/Jun/2017:18:22:21 -0300] "GET /cormun/static/prfichaempleado.js?201761412513297 HTTP/1.1" 200 16006
186.103.248.213 - - [19/Jun/2017:18:22:21 -0300] "GET /cormun/static/hmpwkw011.js?20175251212473 HTTP/1.1" 200 1968
186.103.248.213 - - [19/Jun/2017:18:22:21 -0300] "GET /cormun/static/Resources/PXToolsMenuSearch.png HTTP/1.1" 200 2914
186.103.248.213 - - [19/Jun/2017:18:22:21 -0300] "GET /cormun/static/Resources/PXToolsMenuSearchCancel.png HTTP/1.1" 200 2972
186.103.156.166 - - [19/Jun/2017:18:22:31 -0300] "GET /cormun/static/menuarrow.gif HTTP/1.1" 404 1015
186.103.156.166 - - [19/Jun/2017:18:22:46 -0300] "POST /cormun/servlet/solicitudot?gx-no-cache=1497907418607 HTTP/1.1" 200 30
186.103.156.166 - - [19/Jun/2017:18:22:51 -0300] "POST /cormun/servlet/solicitudot?c8dbf1986963381efc4a9ee38dd88f2d,INS,0,0,,gx-no-cache=1497907422649 HTTP/1.1" 200 93
186.103.156.166 - - [19/Jun/2017:18:22:51 -0300] "GET /cormun/servlet/hpexe_return? HTTP/1.1" 200 1010
186.103.156.166 - - [19/Jun/2017:18:22:51 -0300] "GET /cormun/static/hpexe_return.js?2016101716175153 HTTP/1.1" 200 1633
186.103.156.166 - - [19/Jun/2017:18:22:51 -0300] "GET /cormun/static/gxcfg.js?2016101716175148 HTTP/1.1" 200 953
186.103.156.166 - - [19/Jun/2017:18:22:51 -0300] "GET /cormun/static/Resources/Spanish/PXTools.css?167811 HTTP/1.1" 200 89042
186.103.156.166 - - [19/Jun/2017:18:22:51 -0300] "GET /cormun/servlet/trsolicitudot HTTP/1.1" 200 9875
186.103.156.166 - - [19/Jun/2017:18:22:52 -0300] "GET /cormun/servlet/trsolicitudot HTTP/1.1" 200 9871
186.103.248.213 - - [19/Jun/2017:18:22:58 -0300] "POST /cormun/servlet/prfichaempleado?a5135f8c5dce735cfd3b7734add84396,,MD,,gxPopupLevel%3D0%3B,gx-no-cache=1497907430479 HTTP/1.1" 200 6323
186.103.248.213 - - [19/Jun/2017:18:22:58 -0300] "GET /cormun/static/Resources/PXToolsGridNext.gif HTTP/1.1" 200 369
186.103.248.213 - - [19/Jun/2017:18:22:58 -0300] "GET /cormun/static/Resources/PXToolsGridLast.gif HTTP/1.1" 200 370
186.103.156.166 - - [19/Jun/2017:18:23:01 -0300] "POST /cormun/servlet/trsolicitudot?c8dbf1986963381efc4a9ee38dd88f2d,gx-no-cache=1497907433635 HTTP/1.1" 200 107
186.103.156.166 - - [19/Jun/2017:18:23:02 -0300] "GET /cormun/servlet/trsolicitudadjuntos?2017,6789, HTTP/1.1" 200 9233
186.103.156.166 - - [19/Jun/2017:18:23:02 -0300] "GET /cormun/static/gxcfg.js?20175251232679 HTTP/1.1" 200 953
186.103.156.166 - - [19/Jun/2017:18:23:02 -0300] "GET /cormun/static/trsolicitudadjuntos.js?20175251233082 HTTP/1.1" 200 17922
186.103.156.166 - - [19/Jun/2017:18:23:03 -0300] "GET /cormun//static/Resources/PXToolsActionDisabled.gif HTTP/1.1" 200 53
186.103.156.166 - - [19/Jun/2017:18:23:03 -0300] "GET /cormun/servlet/trsolicitudadjuntos?2017,6789, HTTP/1.1" 200 9238
186.103.156.166 - - [19/Jun/2017:18:23:07 -0300] "POST /cormun/servlet/trsolicitudadjuntos?c8dbf1986963381efc4a9ee38dd88f2d,2017,6789,,gx-no-cache=1497907439439 HTTP/1.1" 200 90
186.103.156.166 - - [19/Jun/2017:18:23:07 -0300] "GET /cormun/servlet/hpexe_link HTTP/1.1" 200 970
186.103.156.166 - - [19/Jun/2017:18:23:08 -0300] "GET /cormun/servlet/trsolicitudot HTTP/1.1" 200 9872
186.103.156.166 - - [19/Jun/2017:18:23:08 -0300] "GET /cormun/servlet/trsolicitudot HTTP/1.1" 200 9871
186.103.156.166 - - [19/Jun/2017:18:23:11 -0300] "POST /cormun/servlet/trsolicitudot?c8dbf1986963381efc4a9ee38dd88f2d,gx-no-cache=1497907443370 HTTP/1.1" 200 107
186.103.156.166 - - [19/Jun/2017:18:23:11 -0300] "GET /cormun/servlet/trsolicitudadjuntos?2017,6851, HTTP/1.1" 200 6089
186.103.156.166 - - [19/Jun/2017:18:23:12 -0300] "GET /cormun/servlet/trsolicitudadjuntos?2017,6851, HTTP/1.1" 200 6089
186.103.156.166 - - [19/Jun/2017:18:23:14 -0300] "GET /cormun/servlet/solicitudotadjuntos?INS,2017,6851,,1, HTTP/1.1" 200 6044
186.103.156.166 - - [19/Jun/2017:18:23:14 -0300] "GET /cormun/static/gxcfg.js?201752511522888 HTTP/1.1" 200 953
186.103.156.166 - - [19/Jun/2017:18:23:14 -0300] "GET /cormun/static/solicitudotadjuntos.js?20175251152299 HTTP/1.1" 200 11771
186.103.156.166 - - [19/Jun/2017:18:23:14 -0300] "GET /cormun/static/about:blank HTTP/1.1" 404 1011
186.103.156.166 - - [19/Jun/2017:18:23:14 -0300] "GET /cormun/servlet/solicitudotadjuntos?INS,2017,6851,,1, HTTP/1.1" 200 6037
186.103.156.166 - - [19/Jun/2017:18:23:15 -0300] "GET /cormun/servlet/solicitudotadjuntos?62ea9ed03dcd51a7c5fe720eab0894391bfdda6544bd14610d509bb1cb116eed7b800581d5fa25d71ded2987b81f8051,gx-no-cache=1497907447280 HTTP/1.1" 200 30
186.103.156.166 - - [19/Jun/2017:18:23:15 -0300] "POST /cormun/servlet/solicitudotadjuntos?c8dbf1986963381efc4a9ee38dd88f2d,INS,2017,6851,,1,,gx-no-cache=1497907447332 HTTP/1.1" 200 3826
186.103.156.166 - - [19/Jun/2017:18:23:20 -0300] "POST /cormun/servlet/solicitudotadjuntos?gx-no-cache=1497907452316 HTTP/1.1" 200 26
186.103.248.213 - - [19/Jun/2017:18:23:37 -0300] "GET /cormun/servlet/prfichaempleado?,MD,,gxPopupLevel%3D0%3B HTTP/1.1" 200 9237
186.103.156.166 - - [19/Jun/2017:18:23:38 -0300] "GET /cormun/servlet/solicitudotadjuntos?62ea9ed03dcd51a7c5fe720eab089439baac22278b9679d0f5007ad3dd490561,gx-no-cache=1497907470157 HTTP/1.1" 200 30
186.103.156.166 - - [19/Jun/2017:18:23:38 -0300] "GET /cormun/servlet/solicitudotadjuntos?62ea9ed03dcd51a7c5fe720eab089439baac22278b9679d0f5007ad3dd490561,gx-no-cache=1497907470191 HTTP/1.1" 200 30
186.103.156.166 - - [19/Jun/2017:18:23:39 -0300] "POST /cormun/servlet/solicitudotadjuntos?c8dbf1986963381efc4a9ee38dd88f2d,INS,2017,6851,,1, HTTP/1.1" 200 116
186.103.156.166 - - [19/Jun/2017:18:23:39 -0300] "GET /cormun/servlet/hpexe_return? HTTP/1.1" 200 1028
186.103.156.166 - - [19/Jun/2017:18:23:39 -0300] "GET /cormun/servlet/trsolicitudadjuntos?2017,6851, HTTP/1.1" 200 8342
186.103.156.166 - - [19/Jun/2017:18:23:40 -0300] "GET /cormun/servlet/trsolicitudadjuntos?2017,6851, HTTP/1.1" 200 8339
186.103.248.213 - - [19/Jun/2017:18:23:48 -0300] "GET /cormun/servlet/prfichaempleado?,MD,,gxPopupLevel%3D0%3B HTTP/1.1" 200 9237
186.103.248.213 - - [19/Jun/2017:18:23:56 -0300] "GET /cormun/servlet/prfichaempleado?,MD,,gxPopupLevel%3D0%3B HTTP/1.1" 200 9237
186.103.156.166 - - [19/Jun/2017:18:24:22 -0300] "GET /cormun/servlet/solicitudotadjuntos?INS,2017,6851,,1, HTTP/1.1" 200 6043
186.103.156.166 - - [19/Jun/2017:18:24:23 -0300] "GET /cormun/static/about:blank HTTP/1.1" 404 1011
186.103.156.166 - - [19/Jun/2017:18:24:23 -0300] "GET /cormun/servlet/solicitudotadjuntos?INS,2017,6851,,1, HTTP/1.1" 200 6036
186.103.156.166 - - [19/Jun/2017:18:24:23 -0300] "GET /cormun/servlet/solicitudotadjuntos?62ea9ed03dcd51a7c5fe720eab0894391bfdda6544bd14610d509bb1cb116eed7b800581d5fa25d71ded2987b81f8051,gx-no-cache=1497907515519 HTTP/1.1" 200 30
186.103.156.166 - - [19/Jun/2017:18:24:23 -0300] "POST /cormun/servlet/solicitudotadjuntos?c8dbf1986963381efc4a9ee38dd88f2d,INS,2017,6851,,1,,gx-no-cache=1497907515549 HTTP/1.1" 200 3827
186.103.156.166 - - [19/Jun/2017:18:24:27 -0300] "POST /cormun/servlet/solicitudotadjuntos?gx-no-cache=1497907519274 HTTP/1.1" 200 26
186.103.248.213 - - [19/Jun/2017:18:24:32 -0300] "GET /cormun/servlet/trsolicitudot? HTTP/1.1" 200 10293
186.103.248.213 - - [19/Jun/2017:18:24:33 -0300] "GET /cormun/servlet/trsolicitudot? HTTP/1.1" 200 10288
186.103.156.166 - - [19/Jun/2017:18:24:38 -0300] "GET /cormun/servlet/solicitudotadjuntos?62ea9ed03dcd51a7c5fe720eab089439baac22278b9679d0f5007ad3dd490561,gx-no-cache=1497907530541 HTTP/1.1" 200 30
186.103.156.166 - - [19/Jun/2017:18:24:38 -0300] "GET /cormun/servlet/solicitudotadjuntos?62ea9ed03dcd51a7c5fe720eab089439baac22278b9679d0f5007ad3dd490561,gx-no-cache=1497907530612 HTTP/1.1" 200 30
186.103.248.213 - - [19/Jun/2017:18:24:39 -0300] "POST /cormun/servlet/trsolicitudot?a5135f8c5dce735cfd3b7734add84396,,gx-no-cache=1497907531641 HTTP/1.1" 200 7497
186.103.248.213 - - [19/Jun/2017:18:24:39 -0300] "GET /cormun/static/Shared/jqueryui/images/ui-bg_highlight-soft_100_c6c2c8_1x100.png HTTP/1.1" 404 1117
186.103.248.213 - - [19/Jun/2017:18:24:39 -0300] "GET /cormun/static/Shared/jqueryui/images/ui-icons_82798d_256x240.png HTTP/1.1" 404 1089
186.103.248.213 - - [19/Jun/2017:18:24:39 -0300] "GET /cormun/static/Shared/jqueryui/images/ui-bg_flat_55_fafafa_40x100.png HTTP/1.1" 404 1097
186.103.248.213 - - [19/Jun/2017:18:24:39 -0300] "GET /cormun/static/Shared/jqueryui/images/ui-icons_8d78a5_256x240.png HTTP/1.1" 404 1089
186.103.248.213 - - [19/Jun/2017:18:24:40 -0300] "POST /cormun/servlet/trsolicitudot?a5135f8c5dce735cfd3b7734add84396,,gx-no-cache=1497907532723 HTTP/1.1" 200 7439
186.103.156.166 - - [19/Jun/2017:18:24:40 -0300] "POST /cormun/servlet/solicitudotadjuntos?c8dbf1986963381efc4a9ee38dd88f2d,INS,2017,6851,,1, HTTP/1.1" 200 116
186.103.156.166 - - [19/Jun/2017:18:24:40 -0300] "GET /cormun/servlet/hpexe_return? HTTP/1.1" 200 1028
186.103.156.166 - - [19/Jun/2017:18:24:41 -0300] "GET /cormun/servlet/trsolicitudadjuntos?2017,6851, HTTP/1.1" 200 8536
186.103.156.166 - - [19/Jun/2017:18:24:41 -0300] "GET /cormun/servlet/trsolicitudadjuntos?2017,6851, HTTP/1.1" 200 8535
186.103.248.213 - - [19/Jun/2017:18:24:43 -0300] "POST /cormun/servlet/trsolicitudot?a5135f8c5dce735cfd3b7734add84396,,gx-no-cache=1497907535827 HTTP/1.1" 200 7496
186.103.156.166 - - [19/Jun/2017:18:24:44 -0300] "GET /cormun/servlet/solicitudotadjuntos?INS,2017,6851,,1, HTTP/1.1" 200 6043
186.103.248.213 - - [19/Jun/2017:18:24:44 -0300] "POST /cormun/servlet/trsolicitudot?a5135f8c5dce735cfd3b7734add84396,,gx-no-cache=1497907536616 HTTP/1.1" 200 7441
186.103.156.166 - - [19/Jun/2017:18:24:44 -0300] "GET /cormun/static/about:blank HTTP/1.1" 404 1011
186.103.156.166 - - [19/Jun/2017:18:24:44 -0300] "GET /cormun/servlet/solicitudotadjuntos?INS,2017,6851,,1, HTTP/1.1" 200 6036
186.103.156.166 - - [19/Jun/2017:18:24:45 -0300] "GET /cormun/servlet/solicitudotadjuntos?62ea9ed03dcd51a7c5fe720eab0894391bfdda6544bd14610d509bb1cb116eed7b800581d5fa25d71ded2987b81f8051,gx-no-cache=1497907536941 HTTP/1.1" 200 30
186.103.156.166 - - [19/Jun/2017:18:24:45 -0300] "POST /cormun/servlet/solicitudotadjuntos?c8dbf1986963381efc4a9ee38dd88f2d,INS,2017,6851,,1,,gx-no-cache=1497907537038 HTTP/1.1" 200 3827
186.103.248.213 - - [19/Jun/2017:18:24:46 -0300] "POST /cormun/servlet/trsolicitudot?a5135f8c5dce735cfd3b7734add84396,,gx-no-cache=1497907538794 HTTP/1.1" 200 7497
186.103.248.213 - - [19/Jun/2017:18:24:47 -0300] "POST /cormun/servlet/trsolicitudot?a5135f8c5dce735cfd3b7734add84396,,gx-no-cache=1497907539557 HTTP/1.1" 200 7440
186.103.156.166 - - [19/Jun/2017:18:24:47 -0300] "POST /cormun/servlet/solicitudotadjuntos?gx-no-cache=1497907539473 HTTP/1.1" 200 26
186.103.248.213 - - [19/Jun/2017:18:24:49 -0300] "POST /cormun/servlet/trsolicitudot?a5135f8c5dce735cfd3b7734add84396,,gx-no-cache=1497907541322 HTTP/1.1" 200 7493
186.103.248.213 - - [19/Jun/2017:18:24:49 -0300] "POST /cormun/servlet/trsolicitudot?a5135f8c5dce735cfd3b7734add84396,,gx-no-cache=1497907542101 HTTP/1.1" 200 7435
186.103.248.213 - - [19/Jun/2017:18:24:53 -0300] "GET /cormun/servlet/solicitudot?INS,0,0, HTTP/1.1" 200 12663
186.103.248.213 - - [19/Jun/2017:18:24:54 -0300] "GET /cormun/servlet/solicitudot?INS,0,0, HTTP/1.1" 200 12668
186.103.248.213 - - [19/Jun/2017:18:24:56 -0300] "GET /cormun/servlet/prfichaempleado?,MD,,gxPopupLevel%3D0%3B HTTP/1.1" 200 9237
186.103.156.166 - - [19/Jun/2017:18:24:58 -0300] "GET /cormun/servlet/solicitudotadjuntos?62ea9ed03dcd51a7c5fe720eab089439baac22278b9679d0f5007ad3dd490561,gx-no-cache=1497907550292 HTTP/1.1" 200 30
186.103.156.166 - - [19/Jun/2017:18:24:58 -0300] "GET /cormun/servlet/solicitudotadjuntos?62ea9ed03dcd51a7c5fe720eab089439baac22278b9679d0f5007ad3dd490561,gx-no-cache=1497907550326 HTTP/1.1" 200 30
186.103.156.166 - - [19/Jun/2017:18:24:59 -0300] "POST /cormun/servlet/solicitudotadjuntos?c8dbf1986963381efc4a9ee38dd88f2d,INS,2017,6851,,1, HTTP/1.1" 200 116
186.103.156.166 - - [19/Jun/2017:18:24:59 -0300] "GET /cormun/servlet/hpexe_return? HTTP/1.1" 200 1028
186.103.156.166 - - [19/Jun/2017:18:25:00 -0300] "GET /cormun/servlet/trsolicitudadjuntos?2017,6851, HTTP/1.1" 200 8686
186.103.156.166 - - [19/Jun/2017:18:25:00 -0300] "GET /cormun/servlet/trsolicitudadjuntos?2017,6851, HTTP/1.1" 200 8686
186.103.156.166 - - [19/Jun/2017:18:25:03 -0300] "GET /cormun/servlet/solicitudotadjuntos?INS,2017,6851,,1, HTTP/1.1" 200 6043
186.103.156.166 - - [19/Jun/2017:18:25:03 -0300] "GET /cormun/static/about:blank HTTP/1.1" 404 1011
186.103.156.166 - - [19/Jun/2017:18:25:03 -0300] "GET /cormun/servlet/solicitudotadjuntos?INS,2017,6851,,1, HTTP/1.1" 200 6036
186.103.156.166 - - [19/Jun/2017:18:25:04 -0300] "GET /cormun/servlet/solicitudotadjuntos?62ea9ed03dcd51a7c5fe720eab0894391bfdda6544bd14610d509bb1cb116eed7b800581d5fa25d71ded2987b81f8051,gx-no-cache=1497907556143 HTTP/1.1" 200 30
186.103.156.166 - - [19/Jun/2017:18:25:04 -0300] "POST /cormun/servlet/solicitudotadjuntos?c8dbf1986963381efc4a9ee38dd88f2d,INS,2017,6851,,1,,gx-no-cache=1497907556178 HTTP/1.1" 200 3827
186.103.156.166 - - [19/Jun/2017:18:25:07 -0300] "POST /cormun/servlet/solicitudotadjuntos?gx-no-cache=1497907559372 HTTP/1.1" 200 26
186.103.156.166 - - [19/Jun/2017:18:25:17 -0300] "GET /cormun/servlet/solicitudotadjuntos?62ea9ed03dcd51a7c5fe720eab089439baac22278b9679d0f5007ad3dd490561,gx-no-cache=1497907569188 HTTP/1.1" 200 30
186.103.156.166 - - [19/Jun/2017:18:25:17 -0300] "GET /cormun/servlet/solicitudotadjuntos?62ea9ed03dcd51a7c5fe720eab089439baac22278b9679d0f5007ad3dd490561,gx-no-cache=1497907569221 HTTP/1.1" 200 30
186.103.156.166 - - [19/Jun/2017:18:25:18 -0300] "POST /cormun/servlet/solicitudotadjuntos?c8dbf1986963381efc4a9ee38dd88f2d,INS,2017,6851,,1, HTTP/1.1" 200 116
186.103.156.166 - - [19/Jun/2017:18:25:18 -0300] "GET /cormun/servlet/hpexe_return? HTTP/1.1" 200 1028
186.103.156.166 - - [19/Jun/2017:18:25:19 -0300] "GET /cormun/servlet/trsolicitudadjuntos?2017,6851, HTTP/1.1" 200 8829
186.103.156.166 - - [19/Jun/2017:18:25:20 -0300] "GET /cormun/servlet/trsolicitudadjuntos?2017,6851, HTTP/1.1" 200 8829
186.103.156.166 - - [19/Jun/2017:18:25:21 -0300] "GET /cormun/servlet/solicitudotadjuntos?INS,2017,6851,,1, HTTP/1.1" 200 6043
186.103.156.166 - - [19/Jun/2017:18:25:22 -0300] "GET /cormun/static/about:blank HTTP/1.1" 404 1011
186.103.156.166 - - [19/Jun/2017:18:25:22 -0300] "GET /cormun/servlet/solicitudotadjuntos?INS,2017,6851,,1, HTTP/1.1" 200 6036
186.103.156.166 - - [19/Jun/2017:18:25:22 -0300] "GET /cormun/servlet/solicitudotadjuntos?62ea9ed03dcd51a7c5fe720eab0894391bfdda6544bd14610d509bb1cb116eed7b800581d5fa25d71ded2987b81f8051,gx-no-cache=1497907574543 HTTP/1.1" 200 30
186.103.156.166 - - [19/Jun/2017:18:25:22 -0300] "POST /cormun/servlet/solicitudotadjuntos?c8dbf1986963381efc4a9ee38dd88f2d,INS,2017,6851,,1,,gx-no-cache=1497907574591 HTTP/1.1" 200 3826
186.103.156.166 - - [19/Jun/2017:18:25:25 -0300] "POST /cormun/servlet/solicitudotadjuntos?gx-no-cache=1497907577392 HTTP/1.1" 200 26
186.103.248.213 - - [19/Jun/2017:18:25:33 -0300] "POST /cormun/servlet/prfichaempleado?a5135f8c5dce735cfd3b7734add84396,,MD,,gxPopupLevel%3D0%3B,gx-no-cache=1497907585526 HTTP/1.1" 200 6323
186.103.156.166 - - [19/Jun/2017:18:25:38 -0300] "GET /cormun/servlet/solicitudotadjuntos?62ea9ed03dcd51a7c5fe720eab089439baac22278b9679d0f5007ad3dd490561,gx-no-cache=1497907590367 HTTP/1.1" 200 30
186.103.156.166 - - [19/Jun/2017:18:25:38 -0300] "GET /cormun/servlet/solicitudotadjuntos?62ea9ed03dcd51a7c5fe720eab089439baac22278b9679d0f5007ad3dd490561,gx-no-cache=1497907590400 HTTP/1.1" 200 30
186.103.156.166 - - [19/Jun/2017:18:25:39 -0300] "POST /cormun/servlet/solicitudotadjuntos?c8dbf1986963381efc4a9ee38dd88f2d,INS,2017,6851,,1, HTTP/1.1" 200 116
186.103.156.166 - - [19/Jun/2017:18:25:39 -0300] "GET /cormun/servlet/hpexe_return? HTTP/1.1" 200 1028
186.103.156.166 - - [19/Jun/2017:18:25:40 -0300] "GET /cormun/servlet/trsolicitudadjuntos?2017,6851, HTTP/1.1" 200 9025
186.103.156.166 - - [19/Jun/2017:18:25:41 -0300] "GET /cormun/servlet/trsolicitudadjuntos?2017,6851, HTTP/1.1" 200 9023
186.103.156.166 - - [19/Jun/2017:18:25:43 -0300] "GET /cormun/servlet/solicitudotadjuntos?INS,2017,6851,,1, HTTP/1.1" 200 6043
186.103.156.166 - - [19/Jun/2017:18:25:43 -0300] "GET /cormun/static/about:blank HTTP/1.1" 404 1011
