190.45.55.254 - - [19/Jun/2017:11:39:44 -0300] "GET /cormun/servlet/licenciaspermisosadjuntos?INS,13946144,L,20170619000000,, HTTP/1.1" 200 5761
190.45.55.254 - - [19/Jun/2017:11:39:44 -0300] "GET /cormun/static/gxcfg.js?201752511544364 HTTP/1.1" 304 -
190.45.55.254 - - [19/Jun/2017:11:39:44 -0300] "GET /cormun/static/licenciaspermisosadjuntos.js?201752511544378 HTTP/1.1" 304 -
190.45.55.254 - - [19/Jun/2017:11:39:44 -0300] "GET /cormun/static/about:blank HTTP/1.1" 404 1011
190.45.55.254 - - [19/Jun/2017:11:39:44 -0300] "GET /cormun/servlet/licenciaspermisosadjuntos?INS,13946144,L,20170619000000,, HTTP/1.1" 200 5750
190.45.55.254 - - [19/Jun/2017:11:41:41 -0300] "POST /cormun/servlet/licenciaspermisosadjuntos?89508ead99e189eb5ce0c20fa40da4b6,INS,13946144,L,20170619000000,, HTTP/1.1" 200 116
190.45.55.254 - - [19/Jun/2017:11:41:41 -0300] "GET /cormun/servlet/hpexe_return? HTTP/1.1" 200 1048
190.45.55.254 - - [19/Jun/2017:11:41:42 -0300] "GET /cormun/servlet/trlicenciaspermisosadjuntos?13946144,20170619000000,L, HTTP/1.1" 200 6981
190.45.55.254 - - [19/Jun/2017:11:41:43 -0300] "GET /cormun/servlet/trlicenciaspermisosadjuntos?13946144,20170619000000,L, HTTP/1.1" 200 6979
190.45.55.254 - - [19/Jun/2017:11:41:47 -0300] "POST /cormun/servlet/trlicenciaspermisosadjuntos?89508ead99e189eb5ce0c20fa40da4b6,13946144,20170619000000,L,,gx-no-cache=1497883360803 HTTP/1.1" 200 90
190.45.55.254 - - [19/Jun/2017:11:41:47 -0300] "GET /cormun/servlet/hpexe_link HTTP/1.1" 200 989
190.45.55.254 - - [19/Jun/2017:11:41:48 -0300] "GET /cormun/servlet/trlicencias HTTP/1.1" 200 13627
190.45.55.254 - - [19/Jun/2017:11:41:48 -0300] "GET /cormun/servlet/trlicencias HTTP/1.1" 200 13602
190.45.55.254 - - [19/Jun/2017:11:41:53 -0300] "GET /cormun/servlet/licenciaspermisos?INS,0,,, HTTP/1.1" 200 7646
190.45.55.254 - - [19/Jun/2017:11:41:54 -0300] "GET /cormun/servlet/licenciaspermisos?INS,0,,, HTTP/1.1" 200 7654
190.45.55.254 - - [19/Jun/2017:11:42:06 -0300] "GET /cormun/servlet/licenciaspermisos?7dbd5b0c4e3398086de15543f13b5beec9135ae2d42572de1e7ec14c5ceda24d25f2fbeab84bae1a6b2b8350d3d506f1,gx-no-cache=1497883379306 HTTP/1.1" 200 97
190.45.55.254 - - [19/Jun/2017:11:42:06 -0300] "POST /cormun/servlet/licenciaspermisos?89508ead99e189eb5ce0c20fa40da4b6,INS,0,,,,gx-no-cache=1497883379458 HTTP/1.1" 200 4729
190.45.55.254 - - [19/Jun/2017:11:42:17 -0300] "GET /cormun/static/menuarrow.gif HTTP/1.1" 404 1015
190.45.55.254 - - [19/Jun/2017:11:44:41 -0300] "GET /cormun/servlet/licenciaspermisos?7dbd5b0c4e3398086de15543f13b5bee82ad169403904ac4cb296f68e35fb9e88ea68b7057f6850d66baaafc156c3e4b4b5bbca7150766905d00c101bec60ef447b9084974e30d37811f914b58e97eee36e5ed7295bc33127cc74132e273871696b30f73822165741b1ed50d7a58130a37dfb61c82021497ddef69e5b52ce139eaeab903fababf3799707bab29e902fa166364a96b44169b9e0065a0d37851a8637b7294e3bbc8f367da50e91482dae2,gx-no-cache=1497883534852 HTTP/1.1" 200 30
190.45.55.254 - - [19/Jun/2017:11:44:41 -0300] "GET /cormun/servlet/licenciaspermisos?7dbd5b0c4e3398086de15543f13b5beece8f77207a719fec9c038310924cc6ca52da898eb34dd6e0a1b614702e97a025d2e273e126957961987d885d5a76086e5a650bdef55324ba2c3b1eff8fce20b988055d6f39e26764b2af90584376ada2c5769a0c4517559868dcf8871a6870498b1a29a3cc99492446d5a130d42f7d8a09dd312123124e50fc89e3dc1babdffc4aee23850e2a2f9664b9c50bf580dfd90e471f369ac2055e849f953d479e4889,gx-no-cache=1497883535010 HTTP/1.1" 200 29
190.45.55.254 - - [19/Jun/2017:11:44:42 -0300] "POST /cormun/servlet/licenciaspermisos?89508ead99e189eb5ce0c20fa40da4b6,INS,0,,,,gx-no-cache=1497883535062 HTTP/1.1" 200 93
190.45.55.254 - - [19/Jun/2017:11:44:42 -0300] "GET /cormun/servlet/hpexe_return? HTTP/1.1" 200 1017
190.45.55.254 - - [19/Jun/2017:11:44:42 -0300] "GET /cormun/servlet/trlicencias HTTP/1.1" 200 13884
190.45.55.254 - - [19/Jun/2017:11:44:43 -0300] "GET /cormun/servlet/trlicencias HTTP/1.1" 200 13894
190.45.55.254 - - [19/Jun/2017:11:44:51 -0300] "GET /cormun/servlet/alicenciaprn?13946144,L,20170619000000,PU HTTP/1.1" 200 1549
190.45.55.254 - - [19/Jun/2017:11:45:22 -0300] "GET /cormun/servlet/trlicenciaspermisosadjuntos?16077078,20170619000000,L, HTTP/1.1" 200 6470
190.45.55.254 - - [19/Jun/2017:11:45:23 -0300] "GET /cormun/servlet/trlicenciaspermisosadjuntos?16077078,20170619000000,L, HTTP/1.1" 200 6470
190.45.55.254 - - [19/Jun/2017:11:45:25 -0300] "GET /cormun/servlet/licenciaspermisosadjuntos?INS,16077078,L,20170619000000,, HTTP/1.1" 200 5763
190.45.55.254 - - [19/Jun/2017:11:45:25 -0300] "GET /cormun/static/about:blank HTTP/1.1" 404 1011
190.45.55.254 - - [19/Jun/2017:11:45:25 -0300] "GET /cormun/servlet/licenciaspermisosadjuntos?INS,16077078,L,20170619000000,, HTTP/1.1" 200 5753
190.45.55.254 - - [19/Jun/2017:11:46:02 -0300] "POST /cormun/servlet/licenciaspermisosadjuntos?89508ead99e189eb5ce0c20fa40da4b6,INS,16077078,L,20170619000000,, HTTP/1.1" 200 116
190.45.55.254 - - [19/Jun/2017:11:46:03 -0300] "GET /cormun/servlet/hpexe_return? HTTP/1.1" 200 1046
190.45.55.254 - - [19/Jun/2017:11:46:03 -0300] "GET /cormun/servlet/trlicenciaspermisosadjuntos?16077078,20170619000000,L, HTTP/1.1" 200 6989
190.45.55.254 - - [19/Jun/2017:11:46:04 -0300] "GET /cormun/servlet/trlicenciaspermisosadjuntos?16077078,20170619000000,L, HTTP/1.1" 200 6986
190.45.55.254 - - [19/Jun/2017:11:46:52 -0300] "POST /cormun/servlet/trlicenciaspermisosadjuntos?89508ead99e189eb5ce0c20fa40da4b6,16077078,20170619000000,L,,gx-no-cache=1497883665551 HTTP/1.1" 200 90
190.45.55.254 - - [19/Jun/2017:11:46:52 -0300] "GET /cormun/servlet/hpexe_link HTTP/1.1" 200 988
190.45.55.254 - - [19/Jun/2017:11:46:53 -0300] "GET /cormun/servlet/trlicencias HTTP/1.1" 200 13897
190.45.55.254 - - [19/Jun/2017:11:46:53 -0300] "GET /cormun/servlet/trlicencias HTTP/1.1" 200 13894
190.45.55.254 - - [19/Jun/2017:11:46:57 -0300] "GET /cormun/servlet/alicenciaprn?16077078,L,20170619000000,PU HTTP/1.1" 200 1540
91.196.50.33 - - [19/Jun/2017:11:53:14 -0300] "GET /testproxy.php HTTP/1.1" 404 987
200.86.184.230 - - [19/Jun/2017:11:53:57 -0300] "GET /cormun/servlet/trpermisosingoceautorizar? HTTP/1.1" 200 6769
200.86.184.230 - - [19/Jun/2017:11:53:57 -0300] "GET /cormun/static/gxcfg.js?20175251281010 HTTP/1.1" 304 -
200.86.184.230 - - [19/Jun/2017:11:53:57 -0300] "GET /cormun/static/trpermisosingoceautorizar.js?20175251281518 HTTP/1.1" 304 -
200.86.184.230 - - [19/Jun/2017:11:53:57 -0300] "GET /cormun/servlet/trpermisosingoceautorizar? HTTP/1.1" 200 6769
200.86.184.230 - - [19/Jun/2017:11:54:12 -0300] "GET /cormun/servlet/trautorizarpermisogoce? HTTP/1.1" 200 6821
200.86.184.230 - - [19/Jun/2017:11:54:12 -0300] "GET /cormun/static/gxcfg.js?20175251272542 HTTP/1.1" 200 953
200.86.184.230 - - [19/Jun/2017:11:54:12 -0300] "GET /cormun/static/trautorizarpermisogoce.js?20175251273090 HTTP/1.1" 200 34948
200.86.184.230 - - [19/Jun/2017:11:54:13 -0300] "GET /cormun/servlet/trautorizarpermisogoce? HTTP/1.1" 200 6820
200.86.184.230 - - [19/Jun/2017:11:54:17 -0300] "GET /cormun/servlet/trlicencias? HTTP/1.1" 200 12485
200.86.184.230 - - [19/Jun/2017:11:54:17 -0300] "GET /cormun/servlet/trlicencias? HTTP/1.1" 200 12483
192.168.10.96 - - [19/Jun/2017:11:56:08 -0300] "GET /cormun/servlet/trsolicitudgral? HTTP/1.1" 200 6875
192.168.10.96 - - [19/Jun/2017:11:56:09 -0300] "GET /cormun/servlet/hlogin HTTP/1.1" 200 1735
192.168.10.96 - - [19/Jun/2017:11:56:09 -0300] "GET /cormun/servlet/trsolicitudgral? HTTP/1.1" 200 6875
192.168.10.96 - - [19/Jun/2017:11:56:17 -0300] "POST /cormun/servlet/hlogin?6a43430d6832d6530b4908e94946ab64,gx-no-cache=1497884172814 HTTP/1.1" 200 90
192.168.10.96 - - [19/Jun/2017:11:56:17 -0300] "GET /cormun/servlet/hpexe_link HTTP/1.1" 200 953
192.168.10.96 - - [19/Jun/2017:11:56:18 -0300] "GET /cormun/servlet/trsolicitudgral HTTP/1.1" 200 23161
192.168.10.96 - - [19/Jun/2017:11:56:19 -0300] "GET /cormun/servlet/trsolicitudgral HTTP/1.1" 200 23159
186.79.20.80 - - [19/Jun/2017:11:56:33 -0300] "GET /cormun/servlet/hhome HTTP/1.1" 200 3367
186.79.20.80 - - [19/Jun/2017:11:56:34 -0300] "GET /cormun/servlet/hlogin HTTP/1.1" 200 1732
186.79.20.80 - - [19/Jun/2017:11:56:34 -0300] "GET /cormun/servlet/hhome HTTP/1.1" 200 3377
186.79.20.80 - - [19/Jun/2017:11:56:36 -0300] "POST /cormun/servlet/hlogin?a70eed98770a5bc1ce5ce62b3c6953ea,gx-no-cache=1497884248496 HTTP/1.1" 200 90
186.79.20.80 - - [19/Jun/2017:11:56:37 -0300] "GET /cormun/servlet/hpexe_link HTTP/1.1" 200 952
186.79.20.80 - - [19/Jun/2017:11:56:37 -0300] "GET /cormun/servlet/hhome HTTP/1.1" 200 3746
186.79.20.80 - - [19/Jun/2017:11:56:37 -0300] "GET /cormun/servlet/hhome HTTP/1.1" 200 3746
192.168.10.96 - - [19/Jun/2017:11:56:38 -0300] "GET /cormun/servlet/hlogin HTTP/1.1" 200 1734
186.79.20.80 - - [19/Jun/2017:11:56:44 -0300] "GET /cormun/servlet/trpermisosgoce? HTTP/1.1" 200 12363
200.86.184.230 - - [19/Jun/2017:11:56:45 -0300] "GET /cormun/servlet/hlogin HTTP/1.1" 200 1718
186.79.20.80 - - [19/Jun/2017:11:56:45 -0300] "GET /cormun/servlet/trpermisosgoce? HTTP/1.1" 200 12358
186.79.20.80 - - [19/Jun/2017:11:56:48 -0300] "GET /cormun/servlet/permisogoce?INS,0,,, HTTP/1.1" 200 6599
186.79.20.80 - - [19/Jun/2017:11:56:49 -0300] "GET /cormun/servlet/permisogoce?INS,0,,, HTTP/1.1" 200 6599
192.168.10.96 - - [19/Jun/2017:11:56:49 -0300] "POST /cormun/servlet/hlogin?6a43430d6832d6530b4908e94946ab64,gx-no-cache=1497884204807 HTTP/1.1" 200 445
186.79.20.80 - - [19/Jun/2017:11:56:51 -0300] "GET /cormun/servlet/prfichaempleado?,MD,,gxPopupLevel%3D0%3B HTTP/1.1" 200 9207
192.168.10.96 - - [19/Jun/2017:11:56:53 -0300] "POST /cormun/servlet/hlogin?6a43430d6832d6530b4908e94946ab64,gx-no-cache=1497884208421 HTTP/1.1" 200 445
192.168.10.96 - - [19/Jun/2017:11:56:58 -0300] "POST /cormun/servlet/hlogin?6a43430d6832d6530b4908e94946ab64,gx-no-cache=1497884213153 HTTP/1.1" 200 90
192.168.10.96 - - [19/Jun/2017:11:56:58 -0300] "GET /cormun/servlet/hpexe_link HTTP/1.1" 200 947
192.168.10.96 - - [19/Jun/2017:11:56:58 -0300] "GET /cormun/servlet/hhome HTTP/1.1" 200 3811
192.168.10.96 - - [19/Jun/2017:11:56:58 -0300] "GET /cormun/servlet/hhome HTTP/1.1" 200 3808
200.86.184.230 - - [19/Jun/2017:11:56:59 -0300] "POST /cormun/servlet/hlogin?099aa45e43bf777b70d180e37ac003c2,gx-no-cache=1497885119738 HTTP/1.1" 200 90
200.86.184.230 - - [19/Jun/2017:11:56:59 -0300] "GET /cormun/servlet/hpexe_link HTTP/1.1" 200 950
200.86.184.230 - - [19/Jun/2017:11:56:59 -0300] "GET /cormun/servlet/hhome HTTP/1.1" 200 3816
200.86.184.230 - - [19/Jun/2017:11:57:00 -0300] "GET /cormun/servlet/hhome HTTP/1.1" 200 3813
192.168.10.96 - - [19/Jun/2017:11:57:01 -0300] "GET /cormun/servlet/trpermisosingoce? HTTP/1.1" 200 7989
192.168.10.96 - - [19/Jun/2017:11:57:01 -0300] "GET /cormun/static/gxcfg.js?201742714253516 HTTP/1.1" 200 953
192.168.10.96 - - [19/Jun/2017:11:57:01 -0300] "GET /cormun/static/trpermisosingoce.js?201742714253970 HTTP/1.1" 200 34472
186.79.20.80 - - [19/Jun/2017:11:57:01 -0300] "POST /cormun/servlet/prfichaempleado?a70eed98770a5bc1ce5ce62b3c6953ea,,MD,,gxPopupLevel%3D0%3B,gx-no-cache=1497884271712 HTTP/1.1" 200 3878
192.168.10.96 - - [19/Jun/2017:11:57:01 -0300] "GET /cormun//static/Resources/PXToolsActionDisabled.gif HTTP/1.1" 200 53
192.168.10.96 - - [19/Jun/2017:11:57:01 -0300] "GET /cormun/servlet/trpermisosingoce? HTTP/1.1" 200 7987
200.86.184.230 - - [19/Jun/2017:11:57:06 -0300] "GET /cormun/servlet/trpermisosingoce? HTTP/1.1" 200 7996
200.86.184.230 - - [19/Jun/2017:11:57:07 -0300] "GET /cormun/servlet/trpermisosingoce? HTTP/1.1" 200 7994
192.168.10.96 - - [19/Jun/2017:11:57:26 -0300] "POST /cormun/servlet/trpermisosingoce?6a43430d6832d6530b4908e94946ab64,,gx-no-cache=1497884241076 HTTP/1.1" 200 5899
192.168.10.96 - - [19/Jun/2017:11:57:49 -0300] "POST /cormun/servlet/trpermisosingoce?6a43430d6832d6530b4908e94946ab64,,gx-no-cache=1497884264740 HTTP/1.1" 200 5899
192.168.10.96 - - [19/Jun/2017:11:57:52 -0300] "POST /cormun/servlet/trpermisosingoce?6a43430d6832d6530b4908e94946ab64,,gx-no-cache=1497884267470 HTTP/1.1" 200 5899
192.168.10.96 - - [19/Jun/2017:11:57:56 -0300] "POST /cormun/servlet/trpermisosingoce?6a43430d6832d6530b4908e94946ab64,,gx-no-cache=1497884271123 HTTP/1.1" 200 5898
200.86.184.230 - - [19/Jun/2017:11:57:57 -0300] "POST /cormun/servlet/trpermisosingoce?099aa45e43bf777b70d180e37ac003c2,,gx-no-cache=1497885177548 HTTP/1.1" 200 5904
186.79.20.80 - - [19/Jun/2017:11:58:18 -0300] "GET /cormun/servlet/permisogoce?9fedfda33ce52f12e37e3026fe735609fa24ac3be9f2ff09fee4d87a75d323f35b32de7baadbd355f2a6554ea5fddacf559a9b31ad5060041bd66a7bb64a35c9,gx-no-cache=1497884350404 HTTP/1.1" 200 80
186.79.20.80 - - [19/Jun/2017:12:00:17 -0300] "GET /cormun/servlet/permisogoce?9fedfda33ce52f12e37e3026fe735609d92c493625f9b4dad802c37a8d1e26cd77a1d9d833a7e6835124e3dfcc44af074b1c849958906283aea4c694b106ecae,gx-no-cache=1497884469012 HTTP/1.1" 200 47
186.79.20.80 - - [19/Jun/2017:12:00:25 -0300] "GET /cormun/servlet/permisogoce?9fedfda33ce52f12e37e3026fe735609d92c493625f9b4dad802c37a8d1e26cdece757116692d2fa93e476e5762ea264a0528eca6ac9ae0a7d6caba262ce08c6,gx-no-cache=1497884477354 HTTP/1.1" 200 47
186.103.157.42 - - [19/Jun/2017:12:00:30 -0300] "GET /cormun/servlet/hlogin HTTP/1.1" 200 1723
186.103.157.42 - - [19/Jun/2017:12:00:30 -0300] "GET /cormun/static/Resources/Spanish/PXTools.css?11423723 HTTP/1.1" 304 -
186.103.157.42 - - [19/Jun/2017:12:00:30 -0300] "GET /cormun/static/gxcfg.js?20175251213516 HTTP/1.1" 200 953
186.103.157.42 - - [19/Jun/2017:12:00:30 -0300] "GET /cormun/static/gxtimezone.js?85251 HTTP/1.1" 304 -
186.103.157.42 - - [19/Jun/2017:12:00:30 -0300] "GET /cormun/static/messages.spa.js?85251 HTTP/1.1" 200 30736
186.103.157.42 - - [19/Jun/2017:12:00:30 -0300] "GET /cormun/static/hlogin.js?20175251213537 HTTP/1.1" 304 -
186.103.157.42 - - [19/Jun/2017:12:00:30 -0300] "GET /cormun/servlet/hlogin HTTP/1.1" 200 1732
186.103.157.42 - - [19/Jun/2017:12:00:30 -0300] "GET /favicon.ico HTTP/1.1" 200 21630
186.79.20.80 - - [19/Jun/2017:12:00:31 -0300] "POST /cormun/servlet/permisogoce?a70eed98770a5bc1ce5ce62b3c6953ea,INS,0,,,,gx-no-cache=1497884482663 HTTP/1.1" 200 93
186.79.20.80 - - [19/Jun/2017:12:00:31 -0300] "GET /cormun/servlet/hpexe_return? HTTP/1.1" 200 1011
186.103.157.42 - - [19/Jun/2017:12:00:31 -0300] "POST /cormun/servlet/hlogin?384e0b1c4e6b53ec655b4185b725376b,gx-no-cache=1497884484962 HTTP/1.1" 200 90
186.103.157.42 - - [19/Jun/2017:12:00:31 -0300] "GET /cormun/servlet/hpexe_link HTTP/1.1" 200 951
186.103.157.42 - - [19/Jun/2017:12:00:32 -0300] "GET /cormun/static/gxcfg.js?20175251212395 HTTP/1.1" 200 953
186.103.157.42 - - [19/Jun/2017:12:00:32 -0300] "GET /cormun/static/hpexe_link.js?20175251212399 HTTP/1.1" 304 -
186.79.20.80 - - [19/Jun/2017:12:00:32 -0300] "GET /cormun/servlet/trpermisosgoce HTTP/1.1" 200 12711
186.103.157.42 - - [19/Jun/2017:12:00:32 -0300] "GET /cormun/servlet/hhome HTTP/1.1" 200 4065
186.103.157.42 - - [19/Jun/2017:12:00:32 -0300] "GET /cormun/static/gxcfg.js?20175251212442 HTTP/1.1" 200 953
186.103.157.42 - - [19/Jun/2017:12:00:32 -0300] "GET /cormun/static/hhome.js?20175251212450 HTTP/1.1" 304 -
186.103.157.42 - - [19/Jun/2017:12:00:32 -0300] "GET /cormun/static/hwchdr01.js?201752511465785 HTTP/1.1" 304 -
186.103.157.42 - - [19/Jun/2017:12:00:32 -0300] "GET /cormun/static/hpexe_recentlink.js?201610171694390 HTTP/1.1" 304 -
186.103.157.42 - - [19/Jun/2017:12:00:32 -0300] "GET /cormun/static/hpexe_scripts.js?201752511465715 HTTP/1.1" 304 -
186.103.157.42 - - [19/Jun/2017:12:00:32 -0300] "GET /cormun/static/hpexe_messagecontroller.js?201610171694323 HTTP/1.1" 304 -
186.103.157.42 - - [19/Jun/2017:12:00:32 -0300] "GET /cormun/static/hpexe_messagepopupcomponent.js?20161017169425 HTTP/1.1" 304 -
186.103.157.42 - - [19/Jun/2017:12:00:32 -0300] "GET /cormun/static/hpexe_messagegenexuscomponent.js?201752511465344 HTTP/1.1" 304 -
186.103.157.42 - - [19/Jun/2017:12:00:32 -0300] "GET /cormun/static/cmcontrolpreferences.js?201752511465670 HTTP/1.1" 304 -
186.103.157.42 - - [19/Jun/2017:12:00:33 -0300] "GET /cormun/static/hmpwkw03.js?2017525121347 HTTP/1.1" 304 -
186.79.20.80 - - [19/Jun/2017:12:00:33 -0300] "GET /cormun/servlet/trpermisosgoce HTTP/1.1" 200 12659
186.103.157.42 - - [19/Jun/2017:12:00:33 -0300] "GET /cormun/servlet/hhome HTTP/1.1" 200 4061
186.103.157.42 - - [19/Jun/2017:12:00:36 -0300] "GET /cormun/servlet/trsolicitudot? HTTP/1.1" 200 12940
186.103.157.42 - - [19/Jun/2017:12:00:37 -0300] "GET /cormun/static/gxcfg.js?20175251233261 HTTP/1.1" 200 953
186.103.157.42 - - [19/Jun/2017:12:00:37 -0300] "GET /cormun/static/calendar.js?85251 HTTP/1.1" 304 -
186.103.157.42 - - [19/Jun/2017:12:00:37 -0300] "GET /cormun/static/calendar-setup.js?85251 HTTP/1.1" 304 -
186.103.157.42 - - [19/Jun/2017:12:00:37 -0300] "GET /cormun/static/calendar-es.js?85251 HTTP/1.1" 304 -
186.103.157.42 - - [19/Jun/2017:12:00:37 -0300] "GET /cormun/static/gxdec.js?85251 HTTP/1.1" 304 -
186.103.157.42 - - [19/Jun/2017:12:00:37 -0300] "GET /cormun/static/trsolicitudot.js?20175251234175 HTTP/1.1" 200 54041
186.103.157.42 - - [19/Jun/2017:12:00:37 -0300] "GET /cormun//static/Resources/PXToolsActionView.png HTTP/1.1" 200 2995
186.103.157.42 - - [19/Jun/2017:12:00:37 -0300] "GET /cormun//static/Resources/PXToolsRemoveAllAction.png HTTP/1.1" 200 3558
186.103.157.42 - - [19/Jun/2017:12:00:38 -0300] "GET /cormun/servlet/trsolicitudot? HTTP/1.1" 200 12938
186.103.157.42 - - [19/Jun/2017:12:00:40 -0300] "GET /cormun/static/menuarrow.gif HTTP/1.1" 404 1015
186.103.157.42 - - [19/Jun/2017:12:00:45 -0300] "POST /cormun/servlet/trsolicitudot?384e0b1c4e6b53ec655b4185b725376b,,gx-no-cache=1497884498210 HTTP/1.1" 200 23118
186.103.157.42 - - [19/Jun/2017:12:00:54 -0300] "POST /cormun/servlet/trsolicitudot?384e0b1c4e6b53ec655b4185b725376b,,gx-no-cache=1497884506671 HTTP/1.1" 200 18559
186.79.20.80 - - [19/Jun/2017:12:01:05 -0300] "GET /cormun/servlet/apermisogoceprn?11842464,P,20170619115643,PU HTTP/1.1" 200 1658
186.103.157.42 - - [19/Jun/2017:12:01:12 -0300] "POST /cormun/servlet/trsolicitudot?384e0b1c4e6b53ec655b4185b725376b,,gx-no-cache=1497884525513 HTTP/1.1" 200 18578
186.103.157.42 - - [19/Jun/2017:12:01:13 -0300] "GET /cormun/static/Shared/jqueryui/images/ui-bg_highlight-soft_100_c6c2c8_1x100.png HTTP/1.1" 404 1117
186.103.157.42 - - [19/Jun/2017:12:01:13 -0300] "GET /cormun/static/Shared/jqueryui/images/ui-bg_flat_55_fafafa_40x100.png HTTP/1.1" 404 1097
186.103.157.42 - - [19/Jun/2017:12:01:13 -0300] "GET /cormun/static/Shared/jqueryui/images/ui-icons_8d78a5_256x240.png HTTP/1.1" 404 1089
186.103.157.42 - - [19/Jun/2017:12:01:14 -0300] "GET /cormun/static/Shared/jqueryui/images/ui-icons_82798d_256x240.png HTTP/1.1" 404 1089
186.103.157.42 - - [19/Jun/2017:12:01:17 -0300] "POST /cormun/servlet/trsolicitudot?384e0b1c4e6b53ec655b4185b725376b,,gx-no-cache=1497884530201 HTTP/1.1" 200 18578
186.79.20.80 - - [19/Jun/2017:12:01:30 -0300] "GET /cormun/servlet/permisogoce?UPD,11842464,P,20170619115643, HTTP/1.1" 200 6668
186.79.20.80 - - [19/Jun/2017:12:01:31 -0300] "GET /cormun/servlet/permisogoce?UPD,11842464,P,20170619115643, HTTP/1.1" 200 6668
186.79.20.80 - - [19/Jun/2017:12:01:32 -0300] "GET /cormun/servlet/permisogoce?9fedfda33ce52f12e37e3026fe735609fa24ac3be9f2ff09fee4d87a75d323f39ac98c2a3e2d10ba9dfef5616899db6af069f7b6bddde7b48b1df61e1ef6f562,gx-no-cache=1497884543832 HTTP/1.1" 200 82
186.79.20.80 - - [19/Jun/2017:12:01:39 -0300] "GET /cormun/servlet/permisogoce?9fedfda33ce52f12e37e3026fe735609d92c493625f9b4dad802c37a8d1e26cd3cd6c42f20ff7b8724b10f44eadaa73c83d1209fa15e49bfb3c4b92ee7271ac53c0796195e48ef1ac61a05d80151b8b5,gx-no-cache=1497884551069 HTTP/1.1" 200 48
186.103.157.42 - - [19/Jun/2017:12:01:40 -0300] "GET /cormun/servlet/vesolicitudot?2017,5768,, HTTP/1.1" 200 8252
186.103.157.42 - - [19/Jun/2017:12:01:40 -0300] "GET /cormun/static/gxcfg.js?20175251244132 HTTP/1.1" 200 953
186.103.157.42 - - [19/Jun/2017:12:01:40 -0300] "GET /cormun/pexe_scrolldiv.js HTTP/1.1" 404 1009
186.103.157.42 - - [19/Jun/2017:12:01:40 -0300] "GET /cormun/static/vesolicitudot.js?2017525124424 HTTP/1.1" 200 6091
186.103.157.42 - - [19/Jun/2017:12:01:40 -0300] "GET /cormun/static/hwcviewtabs.js?201752511465446 HTTP/1.1" 200 1074
186.103.157.42 - - [19/Jun/2017:12:01:40 -0300] "GET /cormun/static/hpexe_tabsview.js?201610171694228 HTTP/1.1" 200 1661
186.103.157.42 - - [19/Jun/2017:12:01:40 -0300] "GET /cormun/static/Resources/PXToolsTabLastUnselected.png HTTP/1.1" 200 1291
186.103.157.42 - - [19/Jun/2017:12:01:40 -0300] "GET /cormun/static/Resources/PXToolsTabFirstSelected.png HTTP/1.1" 200 1259
186.103.157.42 - - [19/Jun/2017:12:01:40 -0300] "GET /cormun/pexe_scrolldiv.js HTTP/1.1" 404 1009
186.103.157.42 - - [19/Jun/2017:12:01:40 -0300] "GET /cormun/static/tbsolicitudot01.js?201752511462191 HTTP/1.1" 200 28466
186.103.157.42 - - [19/Jun/2017:12:01:40 -0300] "GET /cormun/static/Resources/PXToolsTabPrevious.gif HTTP/1.1" 200 172
186.103.157.42 - - [19/Jun/2017:12:01:40 -0300] "GET /cormun/static/Resources/PXToolsTabNext.gif HTTP/1.1" 200 168
186.103.157.42 - - [19/Jun/2017:12:01:41 -0300] "GET /cormun/static/calendar-system.css HTTP/1.1" 200 5572
186.103.157.42 - - [19/Jun/2017:12:01:41 -0300] "GET /cormun/static/Resources/PXToolsTabBackSelected.png HTTP/1.1" 200 1157
186.103.157.42 - - [19/Jun/2017:12:01:41 -0300] "GET /cormun/static/Resources/PXToolsTabBackUnselected.png HTTP/1.1" 200 1175
186.103.157.42 - - [19/Jun/2017:12:01:41 -0300] "GET /cormun/static/Resources/PXToolsTabUnselectedUnselected.png HTTP/1.1" 200 1459
186.103.157.42 - - [19/Jun/2017:12:01:41 -0300] "GET /cormun/static/Resources/PXToolsTabSelectedUnselected.png HTTP/1.1" 200 1428
186.103.157.42 - - [19/Jun/2017:12:01:41 -0300] "GET /cormun/servlet/vesolicitudot?2017,5768,, HTTP/1.1" 200 8252
186.103.157.42 - - [19/Jun/2017:12:01:43 -0300] "GET /cormun/servlet/vesolicitudot?2017,5768,,SolicitudOTAdjuntos HTTP/1.1" 200 7446
186.79.20.80 - - [19/Jun/2017:12:01:45 -0300] "POST /cormun/servlet/permisogoce?a70eed98770a5bc1ce5ce62b3c6953ea,UPD,11842464,P,20170619115643,,gx-no-cache=1497884556433 HTTP/1.1" 200 93
186.103.157.42 - - [19/Jun/2017:12:01:45 -0300] "GET /cormun/pexe_scrolldiv.js HTTP/1.1" 404 1009
186.103.157.42 - - [19/Jun/2017:12:01:45 -0300] "GET /cormun/static/tbsolicitudot02.js?201752511523978 HTTP/1.1" 200 15626
186.79.20.80 - - [19/Jun/2017:12:01:45 -0300] "GET /cormun/servlet/hpexe_return? HTTP/1.1" 200 1030
186.103.157.42 - - [19/Jun/2017:12:01:45 -0300] "GET /cormun/static/gxui/gxui-all.css HTTP/1.1" 200 2179
186.103.157.42 - - [19/Jun/2017:12:01:45 -0300] "GET /cormun/static/Resources/PXToolsTabFirstUnselected.png HTTP/1.1" 200 1264
186.103.157.42 - - [19/Jun/2017:12:01:45 -0300] "GET /cormun/static/Resources/PXToolsTabUnselectedSelected.png HTTP/1.1" 200 1444
186.79.20.80 - - [19/Jun/2017:12:01:45 -0300] "GET /cormun/servlet/trpermisosgoce HTTP/1.1" 200 12727
186.103.157.42 - - [19/Jun/2017:12:01:45 -0300] "GET /cormun/servlet/vesolicitudot?2017,5768,,SolicitudOTAdjuntos HTTP/1.1" 200 7446
186.79.20.80 - - [19/Jun/2017:12:01:46 -0300] "GET /cormun/servlet/trpermisosgoce HTTP/1.1" 200 12725
186.103.157.42 - - [19/Jun/2017:12:01:46 -0300] "POST /cormun/servlet/acontrolpreferencessavestate?None,RPEREZ,true HTTP/1.1" 200 35
186.103.157.42 - - [19/Jun/2017:12:01:47 -0300] "GET /cormun/static/Shared/ext/resources/css/ext-all.css HTTP/1.1" 200 416045
192.168.10.89 - - [19/Jun/2017:12:01:49 -0300] "GET /cormun/servlet/hlogin HTTP/1.1" 200 1741
186.79.20.80 - - [19/Jun/2017:12:01:51 -0300] "GET /cormun/servlet/apermisogoceprn?11842464,P,20170619115643,PU HTTP/1.1" 200 1658
186.103.157.42 - - [19/Jun/2017:12:01:54 -0300] "GET /cormun/servlet/solicitudotadjuntos?INS,2017,5768,,1, HTTP/1.1" 200 6134
186.103.157.42 - - [19/Jun/2017:12:01:54 -0300] "GET /cormun/static/gxcfg.js?201752511522888 HTTP/1.1" 200 953
186.103.157.42 - - [19/Jun/2017:12:01:54 -0300] "GET /cormun/static/solicitudotadjuntos.js?20175251152299 HTTP/1.1" 200 11771
186.103.157.42 - - [19/Jun/2017:12:01:54 -0300] "GET /cormun/static/about:blank HTTP/1.1" 404 1011
186.103.157.42 - - [19/Jun/2017:12:01:55 -0300] "GET /cormun/servlet/solicitudotadjuntos?INS,2017,5768,,1, HTTP/1.1" 200 6126
186.103.157.42 - - [19/Jun/2017:12:01:55 -0300] "GET /cormun/servlet/solicitudotadjuntos?27795f0f3a0b7748ae773ada02e5e55fe9e4605b791a603c5120a92278d29d3b6dda0d2c87967e45456417d0be31801c,gx-no-cache=1497884568815 HTTP/1.1" 200 30
186.103.157.42 - - [19/Jun/2017:12:01:55 -0300] "POST /cormun/servlet/solicitudotadjuntos?384e0b1c4e6b53ec655b4185b725376b,INS,2017,5768,,1,,gx-no-cache=1497884568900 HTTP/1.1" 200 3840
192.168.10.89 - - [19/Jun/2017:12:01:58 -0300] "POST /cormun/servlet/hlogin?2dac408c3cf5a23360789ff750d87d56,gx-no-cache=1497884514156 HTTP/1.1" 200 456
186.103.157.42 - - [19/Jun/2017:12:01:59 -0300] "POST /cormun/servlet/solicitudotadjuntos?384e0b1c4e6b53ec655b4185b725376b,INS,2017,5768,,1,,gx-no-cache=1497884572300 HTTP/1.1" 200 90
186.103.157.42 - - [19/Jun/2017:12:01:59 -0300] "GET /cormun/servlet/hpexe_link HTTP/1.1" 200 985
186.103.157.42 - - [19/Jun/2017:12:01:59 -0300] "GET /cormun/servlet/vesolicitudot?2017,5768,,SolicitudOTAdjuntos HTTP/1.1" 200 7447
186.103.157.42 - - [19/Jun/2017:12:01:59 -0300] "GET /cormun/pexe_scrolldiv.js HTTP/1.1" 404 1009
186.103.157.42 - - [19/Jun/2017:12:02:00 -0300] "GET /cormun/servlet/vesolicitudot?2017,5768,,SolicitudOTAdjuntos HTTP/1.1" 200 7446
186.103.157.42 - - [19/Jun/2017:12:02:00 -0300] "POST /cormun/servlet/acontrolpreferencessavestate?None,RPEREZ,true HTTP/1.1" 200 35
186.103.157.42 - - [19/Jun/2017:12:02:02 -0300] "GET /cormun/servlet/solicitudotadjuntos?INS,2017,5768,,1, HTTP/1.1" 200 6134
186.103.157.42 - - [19/Jun/2017:12:02:03 -0300] "GET /cormun/servlet/solicitudotadjuntos?INS,2017,5768,,1, HTTP/1.1" 200 6126
192.168.10.89 - - [19/Jun/2017:12:02:03 -0300] "POST /cormun/servlet/hlogin?2dac408c3cf5a23360789ff750d87d56,gx-no-cache=1497884518781 HTTP/1.1" 200 90
192.168.10.89 - - [19/Jun/2017:12:02:03 -0300] "GET /cormun/servlet/hpexe_link HTTP/1.1" 200 952
186.103.157.42 - - [19/Jun/2017:12:02:03 -0300] "GET /cormun/servlet/solicitudotadjuntos?27795f0f3a0b7748ae773ada02e5e55fe9e4605b791a603c5120a92278d29d3b6dda0d2c87967e45456417d0be31801c,gx-no-cache=1497884576854 HTTP/1.1" 200 30
186.103.157.42 - - [19/Jun/2017:12:02:03 -0300] "POST /cormun/servlet/solicitudotadjuntos?384e0b1c4e6b53ec655b4185b725376b,INS,2017,5768,,1,,gx-no-cache=1497884576888 HTTP/1.1" 200 3840
192.168.10.89 - - [19/Jun/2017:12:02:04 -0300] "GET /cormun/servlet/hhome HTTP/1.1" 200 4524
186.103.157.42 - - [19/Jun/2017:12:02:05 -0300] "GET /cormun/servlet/vesolicitudot?2017,5768,,SolicitudOTAdjuntos HTTP/1.1" 200 7446
186.103.157.42 - - [19/Jun/2017:12:02:05 -0300] "GET /cormun/pexe_scrolldiv.js HTTP/1.1" 404 1009
186.103.157.42 - - [19/Jun/2017:12:02:06 -0300] "GET /cormun/servlet/vesolicitudot?2017,5768,,SolicitudOTAdjuntos HTTP/1.1" 200 7446
192.168.10.89 - - [19/Jun/2017:12:02:07 -0300] "GET /cormun/servlet/trsolicitudgral? HTTP/1.1" 200 23506
186.103.157.42 - - [19/Jun/2017:12:02:07 -0300] "POST /cormun/servlet/acontrolpreferencessavestate?None,RPEREZ,true HTTP/1.1" 200 35
186.103.157.42 - - [19/Jun/2017:12:02:08 -0300] "GET /cormun/servlet/vesolicitudot?2017,5768,, HTTP/1.1" 200 8252
186.103.157.42 - - [19/Jun/2017:12:02:08 -0300] "GET /cormun/pexe_scrolldiv.js HTTP/1.1" 404 1009
186.103.157.42 - - [19/Jun/2017:12:02:08 -0300] "GET /cormun/servlet/vesolicitudot?2017,5768,, HTTP/1.1" 200 8252
186.103.159.44 - - [19/Jun/2017:12:02:10 -0300] "GET /cormun/servlet/hlogin HTTP/1.1" 200 1723
186.103.159.44 - - [19/Jun/2017:12:02:10 -0300] "GET /cormun/static/Resources/Spanish/PXTools.css?11423723 HTTP/1.1" 304 -
186.103.159.44 - - [19/Jun/2017:12:02:10 -0300] "GET /cormun/static/gxtimezone.js?85251 HTTP/1.1" 304 -
186.103.159.44 - - [19/Jun/2017:12:02:10 -0300] "GET /cormun/static/gxcfg.js?20175251213516 HTTP/1.1" 304 -
186.103.159.44 - - [19/Jun/2017:12:02:10 -0300] "GET /cormun/static/messages.spa.js?85251 HTTP/1.1" 304 -
186.103.157.42 - - [19/Jun/2017:12:02:10 -0300] "GET /cormun/servlet/trsolicitudot? HTTP/1.1" 200 21358
186.103.159.44 - - [19/Jun/2017:12:02:11 -0300] "GET /cormun/static/hlogin.js?20175251213537 HTTP/1.1" 304 -
186.103.159.44 - - [19/Jun/2017:12:02:11 -0300] "GET /cormun/servlet/hlogin HTTP/1.1" 200 1732
186.103.157.42 - - [19/Jun/2017:12:02:11 -0300] "GET /cormun/servlet/trsolicitudot? HTTP/1.1" 200 21356
192.168.10.89 - - [19/Jun/2017:12:02:12 -0300] "GET /cormun/static/menuarrow.gif HTTP/1.1" 404 1015
186.103.159.230 - - [19/Jun/2017:12:02:18 -0300] "GET /cormun/servlet/hlogin HTTP/1.1" 200 1721
192.168.10.89 - - [19/Jun/2017:12:02:18 -0300] "POST /cormun/servlet/trsolicitudgral?2dac408c3cf5a23360789ff750d87d56,,gx-no-cache=1497884534081 HTTP/1.1" 200 7037
186.103.157.42 - - [19/Jun/2017:12:02:19 -0300] "GET /cormun/servlet/vesolicitudot?2017,5768,, HTTP/1.1" 200 8252
186.103.157.42 - - [19/Jun/2017:12:02:22 -0300] "GET /cormun/pexe_scrolldiv.js HTTP/1.1" 404 1009
186.103.157.42 - - [19/Jun/2017:12:02:22 -0300] "GET /cormun/servlet/vesolicitudot?2017,5768,, HTTP/1.1" 200 8252
186.103.159.44 - - [19/Jun/2017:12:02:23 -0300] "POST /cormun/servlet/hlogin?c35ac447bc0e8632723b86aefc8ce55f,gx-no-cache=1497884595473 HTTP/1.1" 200 90
186.103.159.44 - - [19/Jun/2017:12:02:24 -0300] "GET /cormun/servlet/hpexe_link HTTP/1.1" 200 955
186.103.159.44 - - [19/Jun/2017:12:02:24 -0300] "GET /cormun/static/gxcfg.js?20175251212395 HTTP/1.1" 304 -
186.103.159.44 - - [19/Jun/2017:12:02:24 -0300] "GET /cormun/static/hpexe_link.js?20175251212399 HTTP/1.1" 304 -
186.103.159.44 - - [19/Jun/2017:12:02:24 -0300] "GET /cormun/servlet/hhome HTTP/1.1" 200 3788
186.103.159.44 - - [19/Jun/2017:12:02:24 -0300] "GET /cormun/static/gxcfg.js?20175251212442 HTTP/1.1" 304 -
186.103.159.44 - - [19/Jun/2017:12:02:25 -0300] "GET /cormun/static/Resources/PXToolsHeaderActionsLeft.png HTTP/1.1" 304 -
186.103.159.44 - - [19/Jun/2017:12:02:25 -0300] "GET /cormun/static/Resources/PXToolsHeaderHome.png HTTP/1.1" 304 -
186.103.159.44 - - [19/Jun/2017:12:02:25 -0300] "GET /cormun/static/Resources/PXToolsHeaderLogin.png HTTP/1.1" 304 -
186.103.159.44 - - [19/Jun/2017:12:02:25 -0300] "GET /cormun/static/Resources/PXToolsHeaderPreferences.png HTTP/1.1" 304 -
186.103.157.42 - - [19/Jun/2017:12:02:25 -0300] "GET /cormun/servlet/trsolicitudot? HTTP/1.1" 200 21358
186.103.159.44 - - [19/Jun/2017:12:02:25 -0300] "GET /cormun/static/Resources/PXToolsHeaderSecurity.png HTTP/1.1" 304 -
186.103.159.44 - - [19/Jun/2017:12:02:25 -0300] "GET /cormun/static/Resources/PXToolsHeaderActionsRight.png HTTP/1.1" 304 -
186.103.159.44 - - [19/Jun/2017:12:02:25 -0300] "GET /cormun/static/Resources/PXToolsHeaderActionsBackground.png HTTP/1.1" 304 -
186.103.159.44 - - [19/Jun/2017:12:02:25 -0300] "GET /cormun/static/hhome.js?20175251212450 HTTP/1.1" 304 -
186.103.159.44 - - [19/Jun/2017:12:02:25 -0300] "GET /cormun/static/hwchdr01.js?201752511465785 HTTP/1.1" 304 -
186.103.159.44 - - [19/Jun/2017:12:02:25 -0300] "GET /cormun/static/hpexe_recentlink.js?201610171694390 HTTP/1.1" 304 -
186.103.159.44 - - [19/Jun/2017:12:02:25 -0300] "GET /cormun/static/hpexe_scripts.js?201752511465715 HTTP/1.1" 304 -
186.103.159.44 - - [19/Jun/2017:12:02:25 -0300] "GET /cormun/static/hpexe_messagecontroller.js?201610171694323 HTTP/1.1" 304 -
186.103.159.44 - - [19/Jun/2017:12:02:25 -0300] "GET /cormun/static/hpexe_messagepopupcomponent.js?20161017169425 HTTP/1.1" 304 -
186.103.159.44 - - [19/Jun/2017:12:02:25 -0300] "GET /cormun/static/hpexe_messagegenexuscomponent.js?201752511465344 HTTP/1.1" 304 -
186.103.159.44 - - [19/Jun/2017:12:02:25 -0300] "GET /cormun/static/cmcontrolpreferences.js?201752511465670 HTTP/1.1" 304 -
186.103.159.44 - - [19/Jun/2017:12:02:25 -0300] "GET /cormun/static/Resources/PXToolsDataTitle.png HTTP/1.1" 304 -
186.103.159.44 - - [19/Jun/2017:12:02:26 -0300] "GET /cormun/static/scaMessage/scaMessageRender.js HTTP/1.1" 304 -
186.103.159.44 - - [19/Jun/2017:12:02:26 -0300] "GET /cormun/static/hmpwkw03.js?2017525121347 HTTP/1.1" 304 -
186.103.159.44 - - [19/Jun/2017:12:02:28 -0300] "GET /cormun/servlet/trpermisosgoce? HTTP/1.1" 200 9155
186.103.157.42 - - [19/Jun/2017:12:02:28 -0300] "GET /cormun/servlet/trsolicitudot? HTTP/1.1" 200 21356
186.103.159.44 - - [19/Jun/2017:12:02:29 -0300] "GET /cormun/static/gxcfg.js?20175251265886 HTTP/1.1" 200 953
186.103.159.44 - - [19/Jun/2017:12:02:29 -0300] "GET /cormun/static/calendar.js?85251 HTTP/1.1" 304 -
186.103.159.44 - - [19/Jun/2017:12:02:29 -0300] "GET /cormun/static/calendar-setup.js?85251 HTTP/1.1" 304 -
186.103.159.44 - - [19/Jun/2017:12:02:29 -0300] "GET /cormun/static/calendar-es.js?85251 HTTP/1.1" 304 -
186.103.159.44 - - [19/Jun/2017:12:02:29 -0300] "GET /cormun/static/Resources/PXToolsDataSearch.png HTTP/1.1" 304 -
186.103.159.44 - - [19/Jun/2017:12:02:29 -0300] "GET /cormun/static/Resources/PXToolsGridPage.gif HTTP/1.1" 304 -
186.103.159.44 - - [19/Jun/2017:12:02:29 -0300] "GET /cormun/static/Resources/PXToolsActionExcel.png HTTP/1.1" 304 -
186.103.159.44 - - [19/Jun/2017:12:02:29 -0300] "GET /cormun/static/Resources/PXToolsGridNew.png HTTP/1.1" 304 -
186.103.159.44 - - [19/Jun/2017:12:02:29 -0300] "GET /cormun/static/gxdec.js?85251 HTTP/1.1" 304 -
186.103.159.44 - - [19/Jun/2017:12:02:29 -0300] "GET /cormun/static/trpermisosgoce.js?2017525127453 HTTP/1.1" 304 -
186.103.159.44 - - [19/Jun/2017:12:02:30 -0300] "GET /cormun/static/Resources/asc.gif HTTP/1.1" 304 -
186.103.159.44 - - [19/Jun/2017:12:02:30 -0300] "GET /cormun/static/Resources/desc.gif HTTP/1.1" 304 -
186.103.159.44 - - [19/Jun/2017:12:02:30 -0300] "GET /cormun//static/Resources/PXToolsGridUpdate.png HTTP/1.1" 304 -
186.103.159.44 - - [19/Jun/2017:12:02:30 -0300] "GET /cormun//static/Resources/PXToolsGridDelete.png HTTP/1.1" 304 -
186.103.159.44 - - [19/Jun/2017:12:02:33 -0300] "GET /cormun/servlet/permisogoce?INS,0,,, HTTP/1.1" 200 6625
186.103.159.44 - - [19/Jun/2017:12:02:33 -0300] "GET /cormun/static/gxcfg.js?201752511545264 HTTP/1.1" 200 953
186.103.159.44 - - [19/Jun/2017:12:02:33 -0300] "GET /cormun/static/Resources/prompt.gif HTTP/1.1" 304 -
186.103.159.44 - - [19/Jun/2017:12:02:33 -0300] "GET /cormun/static/permisogoce.js?201752511545340 HTTP/1.1" 304 -
186.103.157.42 - - [19/Jun/2017:12:02:39 -0300] "GET /cormun/servlet/treventos?2017,5768, HTTP/1.1" 200 8137
186.103.157.42 - - [19/Jun/2017:12:02:39 -0300] "GET /cormun/static/gxui/gxui-all.css?120300 HTTP/1.1" 200 2179
186.103.157.42 - - [19/Jun/2017:12:02:39 -0300] "GET /cormun/static/calendar-system.css?85620 HTTP/1.1" 200 5572
186.103.157.42 - - [19/Jun/2017:12:02:39 -0300] "GET /cormun/static/gxcfg.js?2016101716195975 HTTP/1.1" 200 953
186.103.157.42 - - [19/Jun/2017:12:02:40 -0300] "GET /cormun/static/Resources/Spanish/PXTools.css?167811 HTTP/1.1" 304 -
186.103.157.42 - - [19/Jun/2017:12:02:41 -0300] "GET /cormun/static/treventos.js?201610171620222 HTTP/1.1" 200 16064
186.103.157.42 - - [19/Jun/2017:12:02:41 -0300] "GET /cormun/static/Shared/ext/resources/css/ext-all.css?215870 HTTP/1.1" 200 416045
186.103.157.42 - - [19/Jun/2017:12:02:42 -0300] "GET /cormun/servlet/treventos?2017,5768, HTTP/1.1" 200 8143
186.103.159.44 - - [19/Jun/2017:12:02:42 -0300] "GET /cormun/servlet/permisogoce?706583b7d7c9d66d79dc90235b07f81ef2b3885447f8b8a7e00838a51f4f3b29c7368956ebc7024c75c8d6806d8426ab5d42ab82024f540323456a2f57631c22,gx-no-cache=1497884614110 HTTP/1.1" 200 79
186.79.20.80 - - [19/Jun/2017:12:02:46 -0300] "GET /cormun/servlet/trpermisosadjuntos?11842464,20170619115643,P, HTTP/1.1" 200 6065
186.103.159.230 - - [19/Jun/2017:12:02:47 -0300] "POST /cormun/servlet/hlogin?d03ed70251cc9c3b7a0d1c9e2114a837,gx-no-cache=1497884620196 HTTP/1.1" 200 431
186.79.20.80 - - [19/Jun/2017:12:02:47 -0300] "GET /cormun/servlet/trpermisosadjuntos?11842464,20170619115643,P, HTTP/1.1" 200 6065
186.79.20.80 - - [19/Jun/2017:12:02:49 -0300] "GET /cormun/servlet/permisosadjuntos?INS,11842464,P,20170619115643,, HTTP/1.1" 200 5389
186.79.20.80 - - [19/Jun/2017:12:02:50 -0300] "GET /cormun/static/about:blank HTTP/1.1" 404 1011
186.79.20.80 - - [19/Jun/2017:12:02:50 -0300] "GET /cormun/servlet/permisosadjuntos?INS,11842464,P,20170619115643,, HTTP/1.1" 200 5379
186.103.159.44 - - [19/Jun/2017:12:02:52 -0300] "GET /cormun/servlet/permisogoce?706583b7d7c9d66d79dc90235b07f81e4b3e1793c8b7487ed3ed0afd1ecbcd6b2966b9b8ab2d222970448f877167d78d0454b48ae3141d32504107237a487dfb,gx-no-cache=1497884623883 HTTP/1.1" 200 47
186.103.159.230 - - [19/Jun/2017:12:02:57 -0300] "POST /cormun/servlet/hlogin?d03ed70251cc9c3b7a0d1c9e2114a837,gx-no-cache=1497884629977 HTTP/1.1" 200 431
192.168.10.89 - - [19/Jun/2017:12:03:01 -0300] "GET /cormun/servlet/solicitudgral2?UPD,2017,6825, HTTP/1.1" 200 12552
186.103.157.42 - - [19/Jun/2017:12:03:02 -0300] "GET /cormun/servlet/trsolicitudot? HTTP/1.1" 200 21358
192.168.10.89 - - [19/Jun/2017:12:03:03 -0300] "POST /cormun/servlet/solicitudgral2?gx-no-cache=1497884578549 HTTP/1.1" 200 3222
192.168.10.89 - - [19/Jun/2017:12:03:03 -0300] "GET /cormun/servlet/solicitudgral2?3e7bd32f2a55bc405f645c45e580f92f08b189b116b97d26744a268f9b87962ef79480b692188f0716572f6f843dbadaac766c374883881342b76e370ac8a0ab34edd9f1baee685411f2ff578bc3cee669fe78d417abd02c0c51ebfda03f17149a8e1266b0f76e435b2b94d9a68a47b5c9555fd85edca95ca5bdfde50aa5113dc4e868832d90177b2f2e044327bd7bcd3ae63176313010db656d8e8261785a152c306a6371a9d7df76fa0bdb8acf68ba1764d4c3d1b7b8909ef820e71707e91f9dab1fbeae21d0282bd9900a5f8b4bcf55447578bff62b608a4dc47cf6d80b6bc05f40261e174a32a9a03e9fffd27771ab51c12142ca6bb4c6ac2fc3d05b40463d2165f9ec3aa0d0b5e17b27ebf7cd063740c24f9c84dbb8b821e2718e67ce1d8514b9dcd0790fb9170279ce713f2bb916e9ce0da99b03e4155b596327d0d5f97050da704648faab5406c6a628e70440,gx-no-cache=1497884578797 HTTP/1.1" 200 298
192.168.10.89 - - [19/Jun/2017:12:03:03 -0300] "POST /cormun/servlet/solicitudgral2?gx-no-cache=1497884578845 HTTP/1.1" 200 1358
192.168.10.89 - - [19/Jun/2017:12:03:03 -0300] "GET /cormun/servlet/solicitudgral2?3e7bd32f2a55bc405f645c45e580f92f764530b194a99fbae73c03d2a219af2b68114ad23fbf11225aafc1b2d62b555bac766c374883881342b76e370ac8a0ab8a8d9764e67d365ead04fa40fc58fc1772dc5294c2f089c401993883774c9e935c001aec9a3a41a7278dc5af37b60f29,gx-no-cache=1497884578897 HTTP/1.1" 200 41
186.103.157.42 - - [19/Jun/2017:12:03:03 -0300] "GET /cormun/servlet/trsolicitudot? HTTP/1.1" 200 21356
186.103.159.44 - - [19/Jun/2017:12:03:06 -0300] "POST /cormun/servlet/permisogoce?c35ac447bc0e8632723b86aefc8ce55f,INS,0,,,,gx-no-cache=1497884637542 HTTP/1.1" 200 93
186.103.159.44 - - [19/Jun/2017:12:03:06 -0300] "GET /cormun/servlet/hpexe_return? HTTP/1.1" 200 1014
186.103.159.44 - - [19/Jun/2017:12:03:06 -0300] "GET /cormun/static/Resources/Spanish/PXTools.css?167811 HTTP/1.1" 304 -
186.103.159.44 - - [19/Jun/2017:12:03:06 -0300] "GET /cormun/static/gxcfg.js?2016101716175148 HTTP/1.1" 304 -
192.168.10.89 - - [19/Jun/2017:12:03:06 -0300] "POST /cormun/servlet/solicitudgral2?2dac408c3cf5a23360789ff750d87d56,UPD,2017,6825,,gx-no-cache=1497884581936 HTTP/1.1" 200 10779
186.103.159.44 - - [19/Jun/2017:12:03:06 -0300] "GET /cormun/static/hpexe_return.js?2016101716175153 HTTP/1.1" 304 -
192.168.10.89 - - [19/Jun/2017:12:03:07 -0300] "GET /cormun/servlet/solicitudgral2?3e7bd32f2a55bc405f645c45e580f92f08ddea690feea2936207f764892c137a753987b5878c8f643128aa82051bcdf3bc63be9cec33eff53931135a0a98e31cc5c97012d613d50804cbf4e06272c458cd1677e48b19acadb794dd63bcbf29854bfda7186a05ee7c5ab3c9766980d371,gx-no-cache=1497884582473 HTTP/1.1" 200 29
192.168.10.89 - - [19/Jun/2017:12:03:07 -0300] "POST /cormun/servlet/solicitudgral2?gx-no-cache=1497884582499 HTTP/1.1" 200 1255
192.168.10.89 - - [19/Jun/2017:12:03:07 -0300] "POST /cormun/servlet/solicitudgral2?gx-no-cache=1497884582551 HTTP/1.1" 200 1158
186.103.159.44 - - [19/Jun/2017:12:03:07 -0300] "GET /cormun/servlet/trpermisosgoce HTTP/1.1" 200 9398
186.79.20.80 - - [19/Jun/2017:12:03:07 -0300] "POST /cormun/servlet/permisosadjuntos?a70eed98770a5bc1ce5ce62b3c6953ea,INS,11842464,P,20170619115643,, HTTP/1.1" 200 116
186.79.20.80 - - [19/Jun/2017:12:03:07 -0300] "GET /cormun/servlet/hpexe_return? HTTP/1.1" 200 1040
192.168.10.89 - - [19/Jun/2017:12:03:08 -0300] "GET /cormun/servlet/solicitudgral2?3e7bd32f2a55bc405f645c45e580f92f74c8dd86e634edaad424d52442d681718560be9186d7569faa1d6147be056e412814763f1884586ffe695bf8673222a52e21a6ebcd87eb5ba0a930b9f136827b43ec70d406a257cfd6d8854eedffb4bfd193834b602b0fad5604aafcbd95bdaa7c66945e3ea4e30e635b9ef1bd1c10e1,gx-no-cache=1497884583684 HTTP/1.1" 200 30
186.79.20.80 - - [19/Jun/2017:12:03:08 -0300] "GET /cormun/servlet/trpermisosadjuntos?11842464,20170619115643,P, HTTP/1.1" 200 6539
186.79.20.80 - - [19/Jun/2017:12:03:09 -0300] "GET /cormun/servlet/trpermisosadjuntos?11842464,20170619115643,P, HTTP/1.1" 200 6536
192.168.10.89 - - [19/Jun/2017:12:03:11 -0300] "POST /cormun/servlet/solicitudgral2?2dac408c3cf5a23360789ff750d87d56,UPD,2017,6825,,gx-no-cache=1497884586956 HTTP/1.1" 200 93
192.168.10.89 - - [19/Jun/2017:12:03:11 -0300] "GET /cormun/servlet/hpexe_return? HTTP/1.1" 200 1018
192.168.10.89 - - [19/Jun/2017:12:03:12 -0300] "GET /cormun/servlet/trsolicitudgral? HTTP/1.1" 200 10440
186.103.159.44 - - [19/Jun/2017:12:03:14 -0300] "GET /cormun/servlet/apermisogoceprn?18044121,P,20170619120229,PU HTTP/1.1" 200 1657
186.79.20.80 - - [19/Jun/2017:12:03:16 -0300] "GET /cormun/servlet/trpermisosgoce? HTTP/1.1" 200 12726
186.79.20.80 - - [19/Jun/2017:12:03:19 -0300] "GET /cormun/servlet/trpermisosgoce? HTTP/1.1" 200 12652
192.168.10.89 - - [19/Jun/2017:12:03:25 -0300] "POST /cormun/servlet/trsolicitudgral?2dac408c3cf5a23360789ff750d87d56,,gx-no-cache=1497884600783 HTTP/1.1" 200 7015
192.168.10.89 - - [19/Jun/2017:12:03:28 -0300] "GET /cormun/servlet/solicitudgral?UPD,2017,6815, HTTP/1.1" 200 12395
192.168.10.89 - - [19/Jun/2017:12:03:28 -0300] "GET /cormun/static/gxcfg.js?20174261451213 HTTP/1.1" 200 953
192.168.10.89 - - [19/Jun/2017:12:03:28 -0300] "GET /cormun/static/solicitudgral.js?20174261451269 HTTP/1.1" 304 -
192.168.10.89 - - [19/Jun/2017:12:03:30 -0300] "POST /cormun/servlet/solicitudgral?gx-no-cache=1497884605447 HTTP/1.1" 200 3225
192.168.10.89 - - [19/Jun/2017:12:03:30 -0300] "GET /cormun/servlet/solicitudgral?3e7bd32f2a55bc405f645c45e580f92f08b189b116b97d26744a268f9b87962ef79480b692188f0716572f6f843dbadaac766c374883881342b76e370ac8a0ab34edd9f1baee685411f2ff578bc3cee62474e44ab71cd42bff0da648e3fb93739a8e1266b0f76e435b2b94d9a68a47b5c9555fd85edca95ca5bdfde50aa5113dc4e868832d90177b2f2e044327bd7bcd3ae63176313010db656d8e8261785a152c306a6371a9d7df76fa0bdb8acf68ba1764d4c3d1b7b8909ef820e71707e91f9dab1fbeae21d0282bd9900a5f8b4bcf55447578bff62b608a4dc47cf6d80b6bc05f40261e174a32a9a03e9fffd27771ab51c12142ca6bb4c6ac2fc3d05b40463d2165f9ec3aa0d0b5e17b27ebf7cd063740c24f9c84dbb8b821e2718e67ce1d8514b9dcd0790fb9170279ce713f2bb916e9ce0da99b03e4155b596327d0d5f97050da704648faab5406c6a628e70440,gx-no-cache=1497884605656 HTTP/1.1" 200 257
192.168.10.89 - - [19/Jun/2017:12:03:41 -0300] "GET /cormun/servlet/solicitudgral?3e7bd32f2a55bc405f645c45e580f92fe0f5a35b92dde3c1f40646d69bf74b3add0d71812138809a82a3f40a43aa255d2661aceb386699454887adf98fbd12299ff2bfc2019258c27e95c8b9ff47985fbc605265d883c2802b3fe80433bdc03f94e6fc9dd66bc0a21a275afb11b4e3a8e63b42f3460f0f3b72de5115dc6c9a5ef78d64effefdf8159a6b7d854f92383a75c0eda44df71954178c0843c71e65a7f1a4d4f49886f325da9fba3136a3e60b4d25b3551e0ee9c3f911fa5a5a43715e3e1dce28b3d8656b547925c2a7e8f7d58335113187711bf10fefca95a0c2502d62521693e5403f05656e51f1cde3646456d6d890d54318803032ee8f10b52e4f984dfed0875fe25dc254002c337b157c495c0498a1744421f214097788acad666d756f429b6168f81121b5772ad19023cc22cf1348d14181ac88cc32f2cac563f2836a8cf1e72020fc73b7a10eb771e3a4091193e97349c982f410fe461f6c60c7d9424380309012060d0798c48620062f85ac84fc24e347362dab592061046d45fe037e088406206112a0a4be884d2c368df091943f854bd815da7b413b50cf1da5b8c6aabc13282a0bc8eee51703abb634ebf838ec3d9a5e0910b3cec96f85c3cf0aaf931e6e7d811883b437aeef65957128dd245aa482c87186f63898dd85244e2189e778a213c8989071357f2bacdaeac78ea9cf15e08dea830f3d93961b53ce4ebfa753bab7b4705fc596c814a5cb01a1b1413d4f3f204a837c17cdb7f0374ca1e0454214c8640696410be52014,gx-no-cache=1497884616889 HTTP/1.1" 200 48
192.168.10.89 - - [19/Jun/2017:12:03:41 -0300] "POST /cormun/servlet/solicitudgral?2dac408c3cf5a23360789ff750d87d56,UPD,2017,6815,,gx-no-cache=1497884617161 HTTP/1.1" 200 10709
192.168.10.89 - - [19/Jun/2017:12:03:42 -0300] "GET /cormun/servlet/solicitudgral?3e7bd32f2a55bc405f645c45e580f92fb1fdb7a5cc7013f5a73c1109cb9da651753987b5878c8f643128aa82051bcdf3f3fb16532ae017a96a25aca41a3ca997df4737120da2b6f286fa651b469579ff862a1a4ab65b54a3841cf4c5b1bff3f1eeec43cff42fdd5b9120269cd627df44d46e28857544392a0b5b8212719b84724dabddad10de2e0568bcdd9e475ab32f181c2ff266b0680bcec2e959834614ff,gx-no-cache=1497884618062 HTTP/1.1" 200 29
192.168.10.89 - - [19/Jun/2017:12:03:42 -0300] "POST /cormun/servlet/solicitudgral?gx-no-cache=1497884618089 HTTP/1.1" 200 1255
192.168.10.89 - - [19/Jun/2017:12:03:42 -0300] "POST /cormun/servlet/solicitudgral?gx-no-cache=1497884618131 HTTP/1.1" 200 1159
192.168.10.89 - - [19/Jun/2017:12:03:45 -0300] "POST /cormun/servlet/solicitudgral?2dac408c3cf5a23360789ff750d87d56,UPD,2017,6815,,gx-no-cache=1497884620595 HTTP/1.1" 200 93
192.168.10.89 - - [19/Jun/2017:12:03:45 -0300] "GET /cormun/servlet/hpexe_return? HTTP/1.1" 200 1016
192.168.10.89 - - [19/Jun/2017:12:03:46 -0300] "GET /cormun/servlet/trsolicitudgral? HTTP/1.1" 200 10414
192.168.10.89 - - [19/Jun/2017:12:03:48 -0300] "POST /cormun/servlet/trsolicitudgral?2dac408c3cf5a23360789ff750d87d56,,gx-no-cache=1497884624177 HTTP/1.1" 200 5864
192.168.10.89 - - [19/Jun/2017:12:03:49 -0300] "GET /cormun/static/Shared/jqueryui/images/ui-bg_flat_55_fafafa_40x100.png HTTP/1.1" 404 1097
192.168.10.89 - - [19/Jun/2017:12:03:49 -0300] "GET /cormun/static/Shared/jqueryui/images/ui-icons_8d78a5_256x240.png HTTP/1.1" 404 1089
192.168.10.89 - - [19/Jun/2017:12:03:49 -0300] "GET /cormun/static/Shared/jqueryui/images/ui-bg_highlight-soft_100_c6c2c8_1x100.png HTTP/1.1" 404 1117
192.168.10.89 - - [19/Jun/2017:12:03:49 -0300] "GET /cormun/static/Shared/jqueryui/images/ui-icons_82798d_256x240.png HTTP/1.1" 404 1089
186.79.20.80 - - [19/Jun/2017:12:03:59 -0300] "POST /cormun/servlet/trpermisosgoce?a70eed98770a5bc1ce5ce62b3c6953ea,,gx-no-cache=1497884689518 HTTP/1.1" 200 9790
186.79.20.80 - - [19/Jun/2017:12:03:59 -0300] "GET /cormun/static/Shared/jqueryui/images/ui-bg_highlight-soft_100_c6c2c8_1x100.png HTTP/1.1" 404 1117
186.79.20.80 - - [19/Jun/2017:12:03:59 -0300] "GET /cormun/static/Shared/jqueryui/images/ui-icons_82798d_256x240.png HTTP/1.1" 404 1089
186.79.20.80 - - [19/Jun/2017:12:03:59 -0300] "GET /cormun/static/Shared/jqueryui/images/ui-bg_flat_55_fafafa_40x100.png HTTP/1.1" 404 1097
186.79.20.80 - - [19/Jun/2017:12:03:59 -0300] "GET /cormun/static/Shared/jqueryui/images/ui-icons_8d78a5_256x240.png HTTP/1.1" 404 1089
192.168.10.89 - - [19/Jun/2017:12:04:29 -0300] "POST /cormun/servlet/trsolicitudgral?2dac408c3cf5a23360789ff750d87d56,,gx-no-cache=1497884664408 HTTP/1.1" 200 7016
192.168.10.89 - - [19/Jun/2017:12:04:49 -0300] "GET /cormun/servlet/solicitudgral2?UPD,2017,6762, HTTP/1.1" 200 12527
192.168.10.89 - - [19/Jun/2017:12:04:51 -0300] "POST /cormun/servlet/solicitudgral2?gx-no-cache=1497884686371 HTTP/1.1" 200 3218
192.168.10.89 - - [19/Jun/2017:12:04:51 -0300] "GET /cormun/servlet/solicitudgral2?3e7bd32f2a55bc405f645c45e580f92f08b189b116b97d26744a268f9b87962ef79480b692188f0716572f6f843dbadaac766c374883881342b76e370ac8a0ab34edd9f1baee685411f2ff578bc3cee62474e44ab71cd42bff0da648e3fb93739a8e1266b0f76e435b2b94d9a68a47b5c9555fd85edca95ca5bdfde50aa5113dc4e868832d90177b2f2e044327bd7bcd3ae63176313010db656d8e8261785a152c306a6371a9d7df76fa0bdb8acf68ba1764d4c3d1b7b8909ef820e71707e91f9dab1fbeae21d0282bd9900a5f8b4bcf55447578bff62b608a4dc47cf6d80b6bc05f40261e174a32a9a03e9fffd27771ab51c12142ca6bb4c6ac2fc3d05b40463d2165f9ec3aa0d0b5e17b27ebf7cd063740c24f9c84dbb8b821e2718e67ce1d8514b9dcd0790fb9170279ce713f2bb916e9ce0da99b03e4155b596327d0d5f97050da704648faab5406c6a628e70440,gx-no-cache=1497884686589 HTTP/1.1" 200 257
192.168.10.89 - - [19/Jun/2017:12:04:51 -0300] "POST /cormun/servlet/solicitudgral2?gx-no-cache=1497884686619 HTTP/1.1" 200 1359
192.168.10.89 - - [19/Jun/2017:12:04:51 -0300] "GET /cormun/servlet/solicitudgral2?3e7bd32f2a55bc405f645c45e580f92f764530b194a99fbae73c03d2a219af2b68114ad23fbf11225aafc1b2d62b555bac766c374883881342b76e370ac8a0ab8a8d9764e67d365ead04fa40fc58fc1772dc5294c2f089c401993883774c9e935c001aec9a3a41a7278dc5af37b60f29,gx-no-cache=1497884686663 HTTP/1.1" 200 41
192.168.10.89 - - [19/Jun/2017:12:04:53 -0300] "POST /cormun/servlet/solicitudgral2?2dac408c3cf5a23360789ff750d87d56,UPD,2017,6762,,gx-no-cache=1497884688961 HTTP/1.1" 200 10754
192.168.10.89 - - [19/Jun/2017:12:04:53 -0300] "GET /cormun/servlet/solicitudgral2?3e7bd32f2a55bc405f645c45e580f92f789680118859b0b70ade05519b0f784e753987b5878c8f643128aa82051bcdf3b3ff5976bf5d01e6e9053fa5c78c505adf4737120da2b6f286fa651b469579ff862a1a4ab65b54a3841cf4c5b1bff3f1eeec43cff42fdd5b9120269cd627df44d46e28857544392a0b5b8212719b847263829ffee9b404f521b89b5ac80ac02ef846b5151d1b997f120c8e091c9de57ed9b5a9e479453485b36e4a87a0f46ff895ea43369189d1690d8dfa28f082b7fe0bd37d479466289a6e1538dcd23c7f97,gx-no-cache=1497884689219 HTTP/1.1" 200 29
192.168.10.89 - - [19/Jun/2017:12:04:54 -0300] "POST /cormun/servlet/solicitudgral2?gx-no-cache=1497884689242 HTTP/1.1" 200 1255
192.168.10.89 - - [19/Jun/2017:12:04:54 -0300] "POST /cormun/servlet/solicitudgral2?gx-no-cache=1497884689304 HTTP/1.1" 200 1159
192.168.10.89 - - [19/Jun/2017:12:04:55 -0300] "GET /cormun/servlet/solicitudgral2?3e7bd32f2a55bc405f645c45e580f92f3385d354f8136da20ebe39cbc8ebbd71ccccb6c06c8f1fae5e754b40fa93daf12814763f1884586ffe695bf8673222a52e21a6ebcd87eb5ba0a930b9f136827b43ec70d406a257cfd6d8854eedffb4bfd193834b602b0fad5604aafcbd95bdaa7c66945e3ea4e30e635b9ef1bd1c10e1,gx-no-cache=1497884690281 HTTP/1.1" 200 30
192.168.10.89 - - [19/Jun/2017:12:04:56 -0300] "POST /cormun/servlet/solicitudgral2?2dac408c3cf5a23360789ff750d87d56,UPD,2017,6762,,gx-no-cache=1497884691479 HTTP/1.1" 200 93
