186.103.159.230 - - [19/Jun/2017:13:08:01 -0300] "GET /cormun/servlet/trautorizarsolicitud? HTTP/1.1" 200 6916
186.103.159.230 - - [19/Jun/2017:13:08:01 -0300] "GET /cormun/servlet/trautorizarsolicitud? HTTP/1.1" 200 6916
186.103.158.250 - - [19/Jun/2017:13:08:01 -0300] "GET /cormun/servlet/trsolicitudadjuntos?2017,6848, HTTP/1.1" 200 8737
186.103.159.230 - - [19/Jun/2017:13:08:03 -0300] "GET /cormun/servlet/solicitudotadjuntos?INS,2017,6847,,1, HTTP/1.1" 200 6036
186.103.159.230 - - [19/Jun/2017:13:08:03 -0300] "GET /cormun/servlet/trsolicitudadjuntos?2017,6847, HTTP/1.1" 200 9134
186.103.158.250 - - [19/Jun/2017:13:08:03 -0300] "GET /cormun/servlet/trsolicitudadjuntos?2017,6848, HTTP/1.1" 200 8736
186.103.159.230 - - [19/Jun/2017:13:08:03 -0300] "GET /cormun/servlet/solicitudotadjuntos?INS,2017,6847,,1, HTTP/1.1" 200 6029
186.103.159.230 - - [19/Jun/2017:13:08:04 -0300] "GET /cormun/servlet/solicitudotadjuntos?646be76b7754a5e6c0c7c14be036955f24344f36d07a6125343f88759c0c383ed33cc43c00da9884e57fb7cd6e7c08b1,gx-no-cache=1497888536891 HTTP/1.1" 200 30
186.103.159.230 - - [19/Jun/2017:13:08:04 -0300] "POST /cormun/servlet/solicitudotadjuntos?4a3c42836944dc7777508b687b56ca7e,INS,2017,6847,,1,,gx-no-cache=1497888536977 HTTP/1.1" 200 3824
186.103.159.230 - - [19/Jun/2017:13:08:10 -0300] "GET /cormun/servlet/trautorizarsolicitud? HTTP/1.1" 200 6935
186.103.159.230 - - [19/Jun/2017:13:08:10 -0300] "GET /cormun/servlet/trautorizarsolicitud? HTTP/1.1" 200 6916
186.103.159.230 - - [19/Jun/2017:13:08:14 -0300] "GET /cormun/servlet/trsolicitudot? HTTP/1.1" 200 7190
186.103.159.230 - - [19/Jun/2017:13:08:14 -0300] "GET /cormun/servlet/trsolicitudot? HTTP/1.1" 200 7189
186.103.158.250 - - [19/Jun/2017:13:08:15 -0300] "GET /cormun/servlet/solicitudotadjuntos?INS,2017,6848,,1, HTTP/1.1" 200 5844
186.103.158.250 - - [19/Jun/2017:13:08:16 -0300] "GET /cormun/static/about:blank HTTP/1.1" 404 1011
186.103.158.250 - - [19/Jun/2017:13:08:16 -0300] "GET /cormun/servlet/solicitudotadjuntos?INS,2017,6848,,1, HTTP/1.1" 200 5838
186.103.158.250 - - [19/Jun/2017:13:08:17 -0300] "GET /cormun/servlet/solicitudotadjuntos?8bd964b00c8caa47df7f6922f59a38d10d03afb659c4073aae0e03b31ba660b31e278a58731f73e02032bea7a8102558,gx-no-cache=1497888767238 HTTP/1.1" 200 30
186.103.159.230 - - [19/Jun/2017:13:08:28 -0300] "GET /cormun/servlet/trautorizarsolicitud? HTTP/1.1" 200 6916
186.103.159.230 - - [19/Jun/2017:13:08:28 -0300] "GET /cormun/servlet/trautorizarsolicitud? HTTP/1.1" 200 6916
186.103.159.230 - - [19/Jun/2017:13:08:32 -0300] "GET /cormun/servlet/trvisualizadoreventos? HTTP/1.1" 200 6717
186.103.159.230 - - [19/Jun/2017:13:08:32 -0300] "GET /cormun/servlet/trvisualizadoreventos? HTTP/1.1" 200 6717
186.103.159.230 - - [19/Jun/2017:13:08:36 -0300] "GET /cormun/servlet/trsolicitudot? HTTP/1.1" 200 7190
186.103.159.230 - - [19/Jun/2017:13:08:36 -0300] "GET /cormun/servlet/trsolicitudot? HTTP/1.1" 200 7189
186.103.158.250 - - [19/Jun/2017:13:08:48 -0300] "POST /cormun/servlet/solicitudotadjuntos?5c4ce79aa6083a2aed0b3c4974e24c0c,INS,2017,6848,,1,,gx-no-cache=1497888767379 HTTP/1.1" 500 10
186.103.158.250 - - [19/Jun/2017:13:08:48 -0300] "GET /cormun/servlet/solicitudotadjuntos?85bbc7dbb573e7a76d059bc7c3184016aa78c3c0f6c2e6328bdb8ec46be080dd05e6e3558f8b0e824773091602a74eab45cf76026b220789d65d1b19a2e7c9503c2657300a51e5949b164dca2a63165f,gx-no-cache=1497888798061 HTTP/1.1" 200 123
186.103.158.250 - - [19/Jun/2017:13:08:48 -0300] "GET /cormun/static/Shared/jqueryui/images/ui-bg_highlight-soft_100_c6c2c8_1x100.png HTTP/1.1" 404 1117
186.103.158.250 - - [19/Jun/2017:13:08:48 -0300] "GET /cormun/static/Shared/jqueryui/images/ui-icons_82798d_256x240.png HTTP/1.1" 404 1089
186.103.158.250 - - [19/Jun/2017:13:08:48 -0300] "GET /cormun/static/Shared/jqueryui/images/ui-bg_flat_55_994d53_40x100.png HTTP/1.1" 404 1097
186.103.158.250 - - [19/Jun/2017:13:08:48 -0300] "GET /cormun/static/Shared/jqueryui/images/ui-icons_ebccce_256x240.png HTTP/1.1" 404 1089
186.103.158.250 - - [19/Jun/2017:13:08:48 -0300] "GET /cormun/servlet/trsolicitudadjuntos?2017,6848, HTTP/1.1" 200 8738
186.103.159.230 - - [19/Jun/2017:13:08:49 -0300] "GET /cormun/servlet/solicitudot?INS,0,0, HTTP/1.1" 200 12856
186.103.159.230 - - [19/Jun/2017:13:08:50 -0300] "GET /cormun/servlet/solicitudot?INS,0,0, HTTP/1.1" 200 12861
186.103.159.230 - - [19/Jun/2017:13:09:07 -0300] "POST /cormun/servlet/solicitudot?gx-no-cache=1497888600598 HTTP/1.1" 200 3287
186.103.159.230 - - [19/Jun/2017:13:09:07 -0300] "GET /cormun/static/Shared/jqueryui/images/ui-bg_highlight-soft_100_c6c2c8_1x100.png HTTP/1.1" 404 1117
186.103.159.230 - - [19/Jun/2017:13:09:07 -0300] "GET /cormun/static/Shared/jqueryui/images/ui-icons_82798d_256x240.png HTTP/1.1" 404 1089
186.103.159.230 - - [19/Jun/2017:13:09:07 -0300] "GET /cormun/static/Shared/jqueryui/images/ui-bg_flat_55_994d53_40x100.png HTTP/1.1" 404 1097
186.103.159.230 - - [19/Jun/2017:13:09:07 -0300] "GET /cormun/static/Shared/jqueryui/images/ui-icons_ebccce_256x240.png HTTP/1.1" 404 1089
186.103.159.230 - - [19/Jun/2017:13:09:11 -0300] "GET /cormun/servlet/solicitudot?646be76b7754a5e6c0c7c14be036955fccd71ce1a4c3b4df4e873a1adfb9cd2c8b98fe207a383e0e1481369ea5f846a2,gx-no-cache=1497888603932 HTTP/1.1" 200 30
186.103.158.250 - - [19/Jun/2017:13:10:17 -0300] "GET /cormun/servlet/hlogin HTTP/1.1" 200 1722
186.103.159.230 - - [19/Jun/2017:13:10:35 -0300] "GET /cormun/servlet/solicitudot?646be76b7754a5e6c0c7c14be036955f24dd730b1ce976ee16a96e539cc5c4abfa4f6068cce5264f691cf1efceefc2a740648ad589bfaadabc011afd059c4eee3e98233d5248d9a90b363587e2de0ac7b8868fc307697d99d4b090d00bd5c0e6b1a1a9e6b9d29284e96fadad66a7c93ac32491b25b8e6ce2f671e837860d72895f4bf13a64594bde095076db71bfc23ad8eb442796785bbc5b73c7fd18de557c1789a7c25854d271fd62de18b377197ff32fcdd8164c45d7ee8619fe50ea2e1b0d8336338dfc00edd1c7aec2a271e205c4e600ad272f2c7719792f6f457e31ec511f0219e7dd6bfa8daafcbf52a568d6b707419de53f08ee3e03a53c3f9896ebdfa3cfadd855c3e6342bb6846384adbb79c9413ea5186887591d48a600d735154be1a666ba77db1f8eda2ef5a5d9f1e238b11c02b1610051e5e1db18c9e4c94f0bdda6e60d06898eb4cedae847c9065d,gx-no-cache=1497888688576 HTTP/1.1" 200 297
186.103.158.250 - - [19/Jun/2017:13:10:36 -0300] "POST /cormun/servlet/hlogin?3b8fc774db4bba4877a0b0bbc448ba8f,gx-no-cache=1497888906263 HTTP/1.1" 200 90
186.103.158.250 - - [19/Jun/2017:13:10:36 -0300] "GET /cormun/servlet/hpexe_link HTTP/1.1" 200 953
186.103.158.250 - - [19/Jun/2017:13:10:37 -0300] "GET /cormun/servlet/hhome HTTP/1.1" 200 3788
186.103.159.230 - - [19/Jun/2017:13:10:38 -0300] "GET /cormun/servlet/solicitudot?646be76b7754a5e6c0c7c14be036955f3cfbdb7c47f1559747a2e9c2421056322b711af0c3eebbe42a37bb1be9bc5b68080e9bdf948e79fedb501c8e0065e80199be7f3c21475f58517204226ceb1b9b5ab1bd4cb69efc67bd77030d47d237e28e460af85ab697bc3e4c22e2b3cae750ef0297957b21ce98777a4f067cb9fe3a7616e8d8205971d96c28d487ab47d09298ca4be73041e700bdfeca66a83e6124b69db8a0818d206473487861ba39f887e536e06189efce33e8748a6208629c12cfc3bb98b08cb5240626242d51c76c09563690f77ccf668b7cc24418746f8c50854453ffe4d1ebe5d62f604833a1f0399541760dfc0b44cc6fae4d2accd673e8418950cf5b3059b89020ec334df7e247fafd1216c1cdc5983cf82f687c7dc4af1a37ed8579b341933ea9be0a60a9a8f597f7b71c16c8e2643440d43892a53de548027b5e3bceed07c4dfff59b0b1b8bcdf794eac0a2fdd44d3da6d6a67449bf91c6369031af702091bee47776f0ed2695c2cdad4f9e730ae1121e591ed94b2791cd8fcb586ac003ae422061f5aae6351,gx-no-cache=1497888691656 HTTP/1.1" 200 30
186.103.158.250 - - [19/Jun/2017:13:10:39 -0300] "GET /cormun/servlet/hhome HTTP/1.1" 200 3785
186.103.159.230 - - [19/Jun/2017:13:10:41 -0300] "POST /cormun/servlet/solicitudot?gx-no-cache=1497888694009 HTTP/1.1" 200 30
186.103.159.230 - - [19/Jun/2017:13:10:43 -0300] "POST /cormun/servlet/solicitudot?gx-no-cache=1497888695861 HTTP/1.1" 200 1296
186.103.159.230 - - [19/Jun/2017:13:10:43 -0300] "POST /cormun/servlet/solicitudot?gx-no-cache=1497888695974 HTTP/1.1" 200 38
186.103.158.250 - - [19/Jun/2017:13:10:48 -0300] "GET /cormun/servlet/trsolicitudot? HTTP/1.1" 200 10117
186.103.158.250 - - [19/Jun/2017:13:10:49 -0300] "GET /cormun/servlet/trsolicitudot? HTTP/1.1" 200 10115
186.103.158.250 - - [19/Jun/2017:13:10:55 -0300] "POST /cormun/servlet/trsolicitudot?3b8fc774db4bba4877a0b0bbc448ba8f,,gx-no-cache=1497888925519 HTTP/1.1" 200 107
186.103.158.250 - - [19/Jun/2017:13:10:56 -0300] "GET /cormun/servlet/trsolicitudadjuntos?2017,6848, HTTP/1.1" 200 8730
186.103.158.250 - - [19/Jun/2017:13:10:57 -0300] "GET /cormun/servlet/trsolicitudadjuntos?2017,6848, HTTP/1.1" 200 8734
186.103.158.250 - - [19/Jun/2017:13:11:05 -0300] "GET /cormun/servlet/solicitudotadjuntos?INS,2017,6848,,1, HTTP/1.1" 200 5845
186.103.158.250 - - [19/Jun/2017:13:11:06 -0300] "GET /cormun/static/about:blank HTTP/1.1" 404 1011
186.103.158.250 - - [19/Jun/2017:13:11:06 -0300] "GET /cormun/servlet/solicitudotadjuntos?INS,2017,6848,,1, HTTP/1.1" 200 5840
186.103.158.250 - - [19/Jun/2017:13:11:07 -0300] "GET /cormun/servlet/solicitudotadjuntos?5353761ba62309bf6b90ddaa4f1dd15cf1e40e0a6e7a1691b528d3b64e743f384b72623c8a765969bc0e2fdf751dc8fb,gx-no-cache=1497888937126 HTTP/1.1" 200 30
186.103.158.250 - - [19/Jun/2017:13:11:09 -0300] "POST /cormun/servlet/solicitudotadjuntos?3b8fc774db4bba4877a0b0bbc448ba8f,INS,2017,6848,,1,,gx-no-cache=1497888937791 HTTP/1.1" 200 3675
186.103.158.250 - - [19/Jun/2017:13:11:14 -0300] "GET /cormun/servlet/trsolicitudadjuntos?2017,6848, HTTP/1.1" 200 8730
186.103.158.250 - - [19/Jun/2017:13:11:16 -0300] "GET /cormun/servlet/trsolicitudadjuntos?2017,6848, HTTP/1.1" 200 8736
186.103.158.250 - - [19/Jun/2017:13:11:26 -0300] "GET /cormun/servlet/solicitudotadjuntos?INS,2017,6848,,1, HTTP/1.1" 200 5845
186.103.158.250 - - [19/Jun/2017:13:11:27 -0300] "GET /cormun/static/about:blank HTTP/1.1" 404 1011
186.103.158.250 - - [19/Jun/2017:13:11:27 -0300] "GET /cormun/servlet/solicitudotadjuntos?INS,2017,6848,,1, HTTP/1.1" 200 5840
186.103.158.250 - - [19/Jun/2017:13:11:28 -0300] "GET /cormun/servlet/solicitudotadjuntos?5353761ba62309bf6b90ddaa4f1dd15cf1e40e0a6e7a1691b528d3b64e743f384b72623c8a765969bc0e2fdf751dc8fb,gx-no-cache=1497888957858 HTTP/1.1" 200 30
186.103.158.250 - - [19/Jun/2017:13:11:28 -0300] "POST /cormun/servlet/solicitudotadjuntos?3b8fc774db4bba4877a0b0bbc448ba8f,INS,2017,6848,,1,,gx-no-cache=1497888958387 HTTP/1.1" 200 3675
186.103.158.250 - - [19/Jun/2017:13:11:39 -0300] "POST /cormun/servlet/solicitudotadjuntos?gx-no-cache=1497888969346 HTTP/1.1" 200 26
186.103.158.250 - - [19/Jun/2017:13:11:53 -0300] "GET /cormun/servlet/solicitudotadjuntos?5353761ba62309bf6b90ddaa4f1dd15c79710d24020063f7d0ac1e119454bf1a,gx-no-cache=1497888983516 HTTP/1.1" 200 30
186.103.158.250 - - [19/Jun/2017:13:11:53 -0300] "GET /cormun/servlet/solicitudotadjuntos?5353761ba62309bf6b90ddaa4f1dd15c79710d24020063f7d0ac1e119454bf1a,gx-no-cache=1497888983596 HTTP/1.1" 200 30
186.103.158.250 - - [19/Jun/2017:13:12:06 -0300] "POST /cormun/servlet/solicitudotadjuntos?3b8fc774db4bba4877a0b0bbc448ba8f,INS,2017,6848,,1, HTTP/1.1" 200 116
186.103.158.250 - - [19/Jun/2017:13:12:06 -0300] "GET /cormun/servlet/hpexe_return? HTTP/1.1" 200 1029
186.103.158.250 - - [19/Jun/2017:13:12:07 -0300] "GET /cormun/servlet/trsolicitudadjuntos?2017,6848, HTTP/1.1" 200 8932
186.103.158.250 - - [19/Jun/2017:13:12:08 -0300] "GET /cormun/servlet/trsolicitudadjuntos?2017,6848, HTTP/1.1" 200 8931
186.103.158.250 - - [19/Jun/2017:13:12:24 -0300] "GET /cormun/PublicTempStorage/c_u_r_r_i_c_u_l_u_m_____v_i_t_a_e__soledad_quintanilla3279903.pdf HTTP/1.1" 200 6307
186.103.158.250 - - [19/Jun/2017:13:12:24 -0300] "GET /cormun/PublicTempStorage/c_u_r_r_i_c_u_l_u_m_____v_i_t_a_e__soledad_quintanilla3279903.pdf HTTP/1.1" 200 6307
186.103.158.250 - - [19/Jun/2017:13:12:42 -0300] "GET /cormun/servlet/hlogin HTTP/1.1" 200 1722
186.103.159.230 - - [19/Jun/2017:13:12:48 -0300] "GET /cormun/servlet/solicitudot?646be76b7754a5e6c0c7c14be036955fb4ee45aee77ed4b61d2559b0b22bee3ab707419de53f08ee3e03a53c3f9896ebdfa3cfadd855c3e6342bb6846384adbb8ef4f3098cd2b1016628c3f69a9735e6,gx-no-cache=1497888820998 HTTP/1.1" 200 29
186.103.159.230 - - [19/Jun/2017:13:12:48 -0300] "POST /cormun/servlet/solicitudot?gx-no-cache=1497888821096 HTTP/1.1" 200 1281
186.103.159.230 - - [19/Jun/2017:13:12:54 -0300] "GET /cormun/static/menuarrow.gif HTTP/1.1" 404 1015
186.103.158.250 - - [19/Jun/2017:13:12:56 -0300] "POST /cormun/servlet/hlogin?3b8fc774db4bba4877a0b0bbc448ba8f,gx-no-cache=1497889046630 HTTP/1.1" 200 427
186.103.159.230 - - [19/Jun/2017:13:13:07 -0300] "POST /cormun/servlet/solicitudot?gx-no-cache=1497888840634 HTTP/1.1" 200 30
186.103.158.250 - - [19/Jun/2017:13:13:09 -0300] "POST /cormun/servlet/hlogin?3b8fc774db4bba4877a0b0bbc448ba8f,gx-no-cache=1497889059026 HTTP/1.1" 200 427
186.103.158.250 - - [19/Jun/2017:13:13:24 -0300] "POST /cormun/servlet/hlogin?3b8fc774db4bba4877a0b0bbc448ba8f,gx-no-cache=1497889074009 HTTP/1.1" 200 427
186.103.159.230 - - [19/Jun/2017:13:14:07 -0300] "POST /cormun/servlet/solicitudot?4a3c42836944dc7777508b687b56ca7e,INS,0,0,,gx-no-cache=1497888900406 HTTP/1.1" 200 11319
186.103.159.230 - - [19/Jun/2017:13:14:13 -0300] "GET /cormun/servlet/trautorizarsolicitud? HTTP/1.1" 200 6922
186.103.158.250 - - [19/Jun/2017:13:14:13 -0300] "GET /cormun/servlet/hlogin HTTP/1.1" 200 1718
186.103.159.230 - - [19/Jun/2017:13:14:13 -0300] "GET /cormun/servlet/trautorizarsolicitud? HTTP/1.1" 200 6916
186.103.159.230 - - [19/Jun/2017:13:14:19 -0300] "GET /cormun/servlet/solicitudot?INS,0,0, HTTP/1.1" 200 12856
186.103.159.230 - - [19/Jun/2017:13:14:19 -0300] "GET /cormun/servlet/solicitudot?INS,0,0, HTTP/1.1" 200 12861
186.103.159.230 - - [19/Jun/2017:13:14:28 -0300] "POST /cormun/servlet/solicitudot?4a3c42836944dc7777508b687b56ca7e,INS,0,0,,gx-no-cache=1497888920939 HTTP/1.1" 200 93
186.103.159.230 - - [19/Jun/2017:13:14:28 -0300] "GET /cormun/servlet/hpexe_return? HTTP/1.1" 200 1007
186.103.159.230 - - [19/Jun/2017:13:14:28 -0300] "GET /cormun/servlet/trsolicitudot HTTP/1.1" 200 7193
186.103.159.230 - - [19/Jun/2017:13:14:28 -0300] "GET /cormun/servlet/trsolicitudot HTTP/1.1" 200 7189
186.103.159.230 - - [19/Jun/2017:13:14:48 -0300] "GET /cormun/servlet/trsolicitudot? HTTP/1.1" 200 7189
186.103.159.230 - - [19/Jun/2017:13:14:49 -0300] "GET /cormun/servlet/trsolicitudot? HTTP/1.1" 200 7189
186.103.159.230 - - [19/Jun/2017:13:15:12 -0300] "GET /cormun/servlet/trautorizarsolicitud? HTTP/1.1" 200 6916
186.103.159.230 - - [19/Jun/2017:13:15:12 -0300] "GET /cormun/servlet/trautorizarsolicitud? HTTP/1.1" 200 6916
186.103.159.230 - - [19/Jun/2017:13:15:18 -0300] "GET /cormun/servlet/trsolicitudot? HTTP/1.1" 200 7189
186.103.159.230 - - [19/Jun/2017:13:15:18 -0300] "GET /cormun/servlet/trsolicitudot? HTTP/1.1" 200 7189
186.103.159.230 - - [19/Jun/2017:13:15:48 -0300] "GET /cormun/servlet/trsolicitudot? HTTP/1.1" 200 7189
186.103.159.230 - - [19/Jun/2017:13:15:48 -0300] "GET /cormun/servlet/trsolicitudot? HTTP/1.1" 200 7189
186.103.158.250 - - [19/Jun/2017:13:16:00 -0300] "POST /cormun/servlet/hlogin?d854f2f1d6ffba5a609774bbb87fc6c8,gx-no-cache=1497889230358 HTTP/1.1" 200 420
186.103.159.230 - - [19/Jun/2017:13:16:04 -0300] "GET /cormun/servlet/trsolicitudot? HTTP/1.1" 200 7189
186.103.159.230 - - [19/Jun/2017:13:16:04 -0300] "GET /cormun/servlet/trsolicitudot? HTTP/1.1" 200 7189
186.103.159.230 - - [19/Jun/2017:13:16:18 -0300] "GET /cormun/servlet/solicitudot?INS,0,0, HTTP/1.1" 200 12856
186.103.159.230 - - [19/Jun/2017:13:16:18 -0300] "GET /cormun/servlet/solicitudot?INS,0,0, HTTP/1.1" 200 12861
186.103.159.230 - - [19/Jun/2017:13:16:41 -0300] "POST /cormun/servlet/solicitudot?gx-no-cache=1497889054114 HTTP/1.1" 200 3287
186.103.159.230 - - [19/Jun/2017:13:16:51 -0300] "POST /cormun/servlet/solicitudot?gx-no-cache=1497889063920 HTTP/1.1" 200 3287
186.103.159.230 - - [19/Jun/2017:13:17:00 -0300] "GET /cormun/servlet/solicitudot?646be76b7754a5e6c0c7c14be036955fccd71ce1a4c3b4df4e873a1adfb9cd2c8b98fe207a383e0e1481369ea5f846a2,gx-no-cache=1497889073641 HTTP/1.1" 200 30
192.168.10.89 - - [19/Jun/2017:13:17:02 -0300] "GET /cormun/servlet/hlogin HTTP/1.1" 200 1761
186.103.159.230 - - [19/Jun/2017:13:17:03 -0300] "GET /cormun/static/Resources/resize.gif HTTP/1.1" 200 77
186.103.159.230 - - [19/Jun/2017:13:17:03 -0300] "GET /cormun/servlet/prfichaempleado?,MD,,gxPopupLevel%3D0%3B HTTP/1.1" 200 9258
186.103.159.230 - - [19/Jun/2017:13:17:03 -0300] "GET /cormun/static/gxcfg.js?201761412513083 HTTP/1.1" 200 953
186.103.159.230 - - [19/Jun/2017:13:17:03 -0300] "GET /cormun/static/Resources/PXToolsMenuSearch.png HTTP/1.1" 200 2914
186.103.159.230 - - [19/Jun/2017:13:17:03 -0300] "GET /cormun/static/Resources/PXToolsMenuSearchCancel.png HTTP/1.1" 200 2972
186.103.159.230 - - [19/Jun/2017:13:17:03 -0300] "GET /cormun/static/menusearch.js?201610171694467 HTTP/1.1" 200 1424
186.103.159.230 - - [19/Jun/2017:13:17:03 -0300] "GET /cormun/static/hmpwkw011.js?20175251212473 HTTP/1.1" 200 1968
186.103.159.230 - - [19/Jun/2017:13:17:03 -0300] "GET /cormun/static/prfichaempleado.js?201761412513297 HTTP/1.1" 200 16006
186.103.159.230 - - [19/Jun/2017:13:17:22 -0300] "POST /cormun/servlet/prfichaempleado?4a3c42836944dc7777508b687b56ca7e,,MD,,gxPopupLevel%3D0%3B,gx-no-cache=1497889095126 HTTP/1.1" 200 4462
186.103.159.230 - - [19/Jun/2017:13:17:40 -0300] "POST /cormun/servlet/solicitudot?gx-no-cache=1497889112912 HTTP/1.1" 200 3287
186.103.159.230 - - [19/Jun/2017:13:17:48 -0300] "GET /cormun/servlet/prfichaempleado?,MD,,gxPopupLevel%3D0%3B HTTP/1.1" 200 9258
186.103.158.250 - - [19/Jun/2017:13:18:11 -0300] "POST /cormun/servlet/hlogin?d854f2f1d6ffba5a609774bbb87fc6c8,gx-no-cache=1497889361178 HTTP/1.1" 200 90
186.103.158.250 - - [19/Jun/2017:13:18:11 -0300] "GET /cormun/servlet/hpexe_link HTTP/1.1" 200 947
186.103.158.250 - - [19/Jun/2017:13:18:11 -0300] "GET /cormun/servlet/hhome HTTP/1.1" 200 3782
186.103.159.230 - - [19/Jun/2017:13:18:12 -0300] "POST /cormun/servlet/prfichaempleado?4a3c42836944dc7777508b687b56ca7e,,MD,,gxPopupLevel%3D0%3B,gx-no-cache=1497889145557 HTTP/1.1" 200 3411
186.103.158.250 - - [19/Jun/2017:13:18:13 -0300] "GET /cormun/servlet/hhome HTTP/1.1" 200 3780
186.103.159.230 - - [19/Jun/2017:13:18:36 -0300] "POST /cormun/servlet/solicitudot?gx-no-cache=1497889169016 HTTP/1.1" 200 3287
186.103.158.250 - - [19/Jun/2017:13:18:58 -0300] "GET /cormun/servlet/trlicencias? HTTP/1.1" 200 8566
186.103.158.250 - - [19/Jun/2017:13:18:58 -0300] "GET /cormun/static/gxcfg.js?201761114293151 HTTP/1.1" 200 953
186.103.158.250 - - [19/Jun/2017:13:18:58 -0300] "GET /cormun/static/trlicencias.js?201761114293683 HTTP/1.1" 200 41883
186.103.158.250 - - [19/Jun/2017:13:19:00 -0300] "GET /cormun//static/Resources/PXToolsActionDisabled.gif HTTP/1.1" 200 53
186.103.158.250 - - [19/Jun/2017:13:19:00 -0300] "GET /cormun/servlet/trlicencias? HTTP/1.1" 200 8564
186.103.158.250 - - [19/Jun/2017:13:19:00 -0300] "GET /cormun//static/Resources/PXToolsHeaderHelp.png HTTP/1.1" 200 4055
186.103.158.250 - - [19/Jun/2017:13:19:00 -0300] "GET /cormun//static/Resources/PXToolsHeaderFavorites.png HTTP/1.1" 200 2744
186.103.158.250 - - [19/Jun/2017:13:19:00 -0300] "GET /cormun//static/Resources/PXToolsActionPrint.png HTTP/1.1" 200 3317
186.103.158.250 - - [19/Jun/2017:13:19:00 -0300] "GET /cormun//static/Resources/PXToolsGridDisplay.png HTTP/1.1" 200 362
186.103.158.250 - - [19/Jun/2017:13:20:13 -0300] "GET /cormun/servlet/licenciaspermisos?INS,0,,, HTTP/1.1" 200 7317
186.103.158.250 - - [19/Jun/2017:13:20:13 -0300] "GET /cormun/static/gxcfg.js?201761114292610 HTTP/1.1" 200 953
186.103.159.230 - - [19/Jun/2017:13:20:15 -0300] "GET /cormun/servlet/solicitudot?646be76b7754a5e6c0c7c14be036955f24dd730b1ce976ee16a96e539cc5c4abfa4f6068cce5264f691cf1efceefc2a740648ad589bfaadabc011afd059c4eee3e98233d5248d9a90b363587e2de0ac7b8868fc307697d99d4b090d00bd5c0e6b1a1a9e6b9d29284e96fadad66a7c93ac32491b25b8e6ce2f671e837860d72895f4bf13a64594bde095076db71bfc23ad8eb442796785bbc5b73c7fd18de557c1789a7c25854d271fd62de18b377197ff32fcdd8164c45d7ee8619fe50ea2e1b0d8336338dfc00edd1c7aec2a271e205c4e600ad272f2c7719792f6f457e31ec511f0219e7dd6bfa8daafcbf52a568d6b707419de53f08ee3e03a53c3f9896ebdfa3cfadd855c3e6342bb6846384adbb79c9413ea5186887591d48a600d735154be1a666ba77db1f8eda2ef5a5d9f1e238b11c02b1610051e5e1db18c9e4c94f0bdda6e60d06898eb4cedae847c9065d,gx-no-cache=1497889268737 HTTP/1.1" 200 297
186.103.158.250 - - [19/Jun/2017:13:20:17 -0300] "GET /cormun/static/licenciaspermisos.js?201761114292672 HTTP/1.1" 200 37623
186.103.158.250 - - [19/Jun/2017:13:20:18 -0300] "GET /cormun/servlet/licenciaspermisos?INS,0,,, HTTP/1.1" 200 7316
186.103.159.230 - - [19/Jun/2017:13:20:19 -0300] "GET /cormun/servlet/solicitudot?646be76b7754a5e6c0c7c14be036955f3cfbdb7c47f1559747a2e9c2421056322b711af0c3eebbe42a37bb1be9bc5b68080e9bdf948e79fedb501c8e0065e80199be7f3c21475f58517204226ceb1b9b5ab1bd4cb69efc67bd77030d47d237e28e460af85ab697bc3e4c22e2b3cae750ef0297957b21ce98777a4f067cb9fe3a7616e8d8205971d96c28d487ab47d09298ca4be73041e700bdfeca66a83e6124b69db8a0818d206473487861ba39f887e536e06189efce33e8748a6208629c12cfc3bb98b08cb5240626242d51c76c09563690f77ccf668b7cc24418746f8c50854453ffe4d1ebe5d62f604833a1f0399541760dfc0b44cc6fae4d2accd673e8418950cf5b3059b89020ec334df7e247fafd1216c1cdc5983cf82f687c7dc4af1a37ed8579b341933ea9be0a60a9a8f597f7b71c16c8e2643440d43892a53de548027b5e3bceed07c4dfff59b0b1b8bcdf794eac0a2fdd44d3da6d6a67449bf91c6369031af702091bee47776f0ed2695c2cdad4f9e730ae1121e591ed94b2791cd8fcb586ac003ae422061f5aae6351,gx-no-cache=1497889272153 HTTP/1.1" 200 30
186.103.159.230 - - [19/Jun/2017:13:20:21 -0300] "POST /cormun/servlet/solicitudot?gx-no-cache=1497889274065 HTTP/1.1" 200 30
186.103.159.230 - - [19/Jun/2017:13:20:24 -0300] "POST /cormun/servlet/solicitudot?gx-no-cache=1497889277146 HTTP/1.1" 200 1296
186.103.159.230 - - [19/Jun/2017:13:20:24 -0300] "POST /cormun/servlet/solicitudot?gx-no-cache=1497889277228 HTTP/1.1" 200 38
186.103.159.230 - - [19/Jun/2017:13:20:49 -0300] "GET /cormun/servlet/solicitudot?646be76b7754a5e6c0c7c14be036955fb4ee45aee77ed4b61d2559b0b22bee3ab707419de53f08ee3e03a53c3f9896ebdfa3cfadd855c3e6342bb6846384adbb8ef4f3098cd2b1016628c3f69a9735e6,gx-no-cache=1497889301829 HTTP/1.1" 200 29
186.103.159.230 - - [19/Jun/2017:13:20:49 -0300] "POST /cormun/servlet/solicitudot?gx-no-cache=1497889301881 HTTP/1.1" 200 1281
186.103.158.250 - - [19/Jun/2017:13:21:05 -0300] "GET /cormun/servlet/licenciaspermisos?01b2c7dc822bcf7e41189ceef86e7ee507d87d7ba4f879c0308267d3b91e719011bc3cd90f9299b503baef998c61bb0f,gx-no-cache=1497889535528 HTTP/1.1" 200 103
186.103.158.250 - - [19/Jun/2017:13:21:05 -0300] "POST /cormun/servlet/licenciaspermisos?d854f2f1d6ffba5a609774bbb87fc6c8,INS,0,,,,gx-no-cache=1497889535611 HTTP/1.1" 200 4533
186.103.159.230 - - [19/Jun/2017:13:21:08 -0300] "POST /cormun/servlet/solicitudot?gx-no-cache=1497889321291 HTTP/1.1" 200 30
186.103.158.250 - - [19/Jun/2017:13:21:46 -0300] "GET /cormun/static/menuarrow.gif HTTP/1.1" 404 1015
192.168.10.96 - - [19/Jun/2017:13:22:26 -0300] "GET /cormun/servlet/trsolicitudgral? HTTP/1.1" 200 12779
192.168.10.96 - - [19/Jun/2017:13:22:27 -0300] "GET /cormun/servlet/trsolicitudgral? HTTP/1.1" 200 12768
192.168.10.96 - - [19/Jun/2017:13:22:34 -0300] "POST /cormun/servlet/trsolicitudgral?6a43430d6832d6530b4908e94946ab64,,gx-no-cache=1497889349422 HTTP/1.1" 200 9621
186.103.157.39 - - [19/Jun/2017:13:22:45 -0300] "GET /cormun/servlet/hlogin HTTP/1.1" 200 1720
186.103.157.39 - - [19/Jun/2017:13:22:45 -0300] "GET /cormun/static/gxgral.js?85251 HTTP/1.1" 304 -
186.103.157.39 - - [19/Jun/2017:13:22:45 -0300] "GET /cormun/static/gxcfg.js?20175251213516 HTTP/1.1" 200 953
186.103.157.39 - - [19/Jun/2017:13:22:45 -0300] "GET /cormun/static/gxtimezone.js?85251 HTTP/1.1" 304 -
186.103.157.39 - - [19/Jun/2017:13:22:45 -0300] "GET /cormun/static/Resources/Spanish/PXTools.css?11423723 HTTP/1.1" 304 -
186.103.157.39 - - [19/Jun/2017:13:22:45 -0300] "GET /cormun/static/messages.spa.js?85251 HTTP/1.1" 200 30736
186.103.157.39 - - [19/Jun/2017:13:22:45 -0300] "GET /cormun/static/hlogin.js?20175251213537 HTTP/1.1" 304 -
186.103.157.39 - - [19/Jun/2017:13:22:46 -0300] "GET /cormun/servlet/hlogin HTTP/1.1" 200 1730
192.168.10.96 - - [19/Jun/2017:13:22:54 -0300] "POST /cormun/servlet/trsolicitudgral?6a43430d6832d6530b4908e94946ab64,,gx-no-cache=1497889369221 HTTP/1.1" 200 7022
192.168.10.96 - - [19/Jun/2017:13:23:03 -0300] "POST /cormun/servlet/trsolicitudgral?6a43430d6832d6530b4908e94946ab64,,gx-no-cache=1497889378946 HTTP/1.1" 200 5655
192.168.10.96 - - [19/Jun/2017:13:23:06 -0300] "POST /cormun/servlet/trsolicitudgral?6a43430d6832d6530b4908e94946ab64,,gx-no-cache=1497889381826 HTTP/1.1" 200 5656
192.168.10.96 - - [19/Jun/2017:13:23:07 -0300] "POST /cormun/servlet/trsolicitudgral?6a43430d6832d6530b4908e94946ab64,,gx-no-cache=1497889382787 HTTP/1.1" 200 5656
192.168.10.96 - - [19/Jun/2017:13:23:12 -0300] "POST /cormun/servlet/trsolicitudgral?6a43430d6832d6530b4908e94946ab64,,gx-no-cache=1497889387242 HTTP/1.1" 200 7983
186.103.157.39 - - [19/Jun/2017:13:23:13 -0300] "POST /cormun/servlet/hlogin?b8d8683b6be72ec3fdd946e0052e2cda,gx-no-cache=1497889445545 HTTP/1.1" 200 90
186.103.157.39 - - [19/Jun/2017:13:23:13 -0300] "GET /cormun/servlet/hpexe_link HTTP/1.1" 200 950
186.103.157.39 - - [19/Jun/2017:13:23:14 -0300] "GET /cormun/static/gxcfg.js?20175251212395 HTTP/1.1" 200 953
186.103.157.39 - - [19/Jun/2017:13:23:14 -0300] "GET /cormun/static/hpexe_link.js?20175251212399 HTTP/1.1" 304 -
186.103.157.39 - - [19/Jun/2017:13:23:14 -0300] "GET /cormun/servlet/hhome HTTP/1.1" 200 3756
186.103.157.39 - - [19/Jun/2017:13:23:14 -0300] "GET /cormun/static/scaMessage/css/jquery.pnotify.default.css?1716380 HTTP/1.1" 304 -
186.103.157.39 - - [19/Jun/2017:13:23:14 -0300] "GET /cormun/static/gxcfg.js?20175251212442 HTTP/1.1" 200 953
186.103.157.39 - - [19/Jun/2017:13:23:14 -0300] "GET /cormun/static/gxui/gxui-all.js HTTP/1.1" 304 -
186.103.157.39 - - [19/Jun/2017:13:23:14 -0300] "GET /cormun/static/hhome.js?20175251212450 HTTP/1.1" 304 -
186.103.157.39 - - [19/Jun/2017:13:23:14 -0300] "GET /cormun/static/hwchdr01.js?201752511465785 HTTP/1.1" 304 -
186.103.157.39 - - [19/Jun/2017:13:23:14 -0300] "GET /cormun/static/hpexe_recentlink.js?201610171694390 HTTP/1.1" 304 -
186.103.157.39 - - [19/Jun/2017:13:23:14 -0300] "GET /cormun/static/hpexe_scripts.js?201752511465715 HTTP/1.1" 304 -
186.103.157.39 - - [19/Jun/2017:13:23:14 -0300] "GET /cormun/static/hpexe_messagecontroller.js?201610171694323 HTTP/1.1" 304 -
186.103.157.39 - - [19/Jun/2017:13:23:14 -0300] "GET /cormun/static/hpexe_messagepopupcomponent.js?20161017169425 HTTP/1.1" 304 -
186.103.157.39 - - [19/Jun/2017:13:23:14 -0300] "GET /cormun/static/hpexe_messagegenexuscomponent.js?201752511465344 HTTP/1.1" 304 -
186.103.157.39 - - [19/Jun/2017:13:23:14 -0300] "GET /cormun/static/cmcontrolpreferences.js?201752511465670 HTTP/1.1" 304 -
186.103.157.39 - - [19/Jun/2017:13:23:14 -0300] "GET /cormun/static/hmpwkw03.js?2017525121347 HTTP/1.1" 304 -
186.103.157.39 - - [19/Jun/2017:13:23:15 -0300] "GET /cormun/servlet/hhome HTTP/1.1" 200 3753
186.103.157.39 - - [19/Jun/2017:13:23:21 -0300] "GET /cormun/servlet/trlicencias? HTTP/1.1" 200 7792
186.103.157.39 - - [19/Jun/2017:13:23:21 -0300] "GET /cormun/static/gxui/gxui-all.css?110300 HTTP/1.1" 304 -
186.103.157.39 - - [19/Jun/2017:13:23:21 -0300] "GET /cormun/static/gxcfg.js?201761114293151 HTTP/1.1" 200 953
186.103.157.39 - - [19/Jun/2017:13:23:21 -0300] "GET /cormun/static/calendar-setup.js?85251 HTTP/1.1" 304 -
186.103.157.39 - - [19/Jun/2017:13:23:21 -0300] "GET /cormun/static/calendar-es.js?85251 HTTP/1.1" 304 -
186.103.157.39 - - [19/Jun/2017:13:23:21 -0300] "GET /cormun/static/calendar.js?85251 HTTP/1.1" 304 -
186.103.157.39 - - [19/Jun/2017:13:23:21 -0300] "GET /cormun/static/gxdec.js?85251 HTTP/1.1" 304 -
186.103.157.39 - - [19/Jun/2017:13:23:21 -0300] "GET /cormun/static/trlicencias.js?201761114293683 HTTP/1.1" 200 41883
186.103.157.39 - - [19/Jun/2017:13:23:22 -0300] "GET /cormun/servlet/trlicencias? HTTP/1.1" 200 7790
186.103.157.39 - - [19/Jun/2017:13:23:36 -0300] "GET /cormun/servlet/licenciaspermisos?INS,0,,, HTTP/1.1" 200 7283
186.103.157.39 - - [19/Jun/2017:13:23:37 -0300] "GET /cormun/static/gxcfg.js?201761114292610 HTTP/1.1" 200 953
186.103.157.39 - - [19/Jun/2017:13:23:37 -0300] "GET /cormun/static/licenciaspermisos.js?201761114292672 HTTP/1.1" 200 37623
186.103.157.39 - - [19/Jun/2017:13:23:37 -0300] "GET /cormun/servlet/licenciaspermisos?INS,0,,, HTTP/1.1" 200 7282
186.103.157.39 - - [19/Jun/2017:13:23:53 -0300] "GET /cormun/servlet/licenciaspermisos?3ca0c5c987ca4c7128c4e8273b37c470c370ad62048b88d2eb3750f1e2f3829d4b6a3dd07723a57b86fe8cd5560671d0,gx-no-cache=1497889484961 HTTP/1.1" 200 98
186.103.157.39 - - [19/Jun/2017:13:23:53 -0300] "POST /cormun/servlet/licenciaspermisos?b8d8683b6be72ec3fdd946e0052e2cda,INS,0,,,,gx-no-cache=1497889485110 HTTP/1.1" 200 4517
186.103.159.230 - - [19/Jun/2017:13:24:02 -0300] "POST /cormun/servlet/solicitudot?4a3c42836944dc7777508b687b56ca7e,INS,0,0,,gx-no-cache=1497889493485 HTTP/1.1" 200 93
186.103.159.230 - - [19/Jun/2017:13:24:02 -0300] "GET /cormun/servlet/hpexe_return? HTTP/1.1" 200 1007
186.103.159.230 - - [19/Jun/2017:13:24:02 -0300] "GET /cormun/servlet/trsolicitudot HTTP/1.1" 200 8543
186.103.159.230 - - [19/Jun/2017:13:24:03 -0300] "GET /cormun/servlet/trsolicitudot HTTP/1.1" 200 8539
186.103.157.39 - - [19/Jun/2017:13:24:31 -0300] "GET /cormun/static/menuarrow.gif HTTP/1.1" 404 1015
186.103.159.230 - - [19/Jun/2017:13:24:38 -0300] "POST /cormun/servlet/trsolicitudot?4a3c42836944dc7777508b687b56ca7e,gx-no-cache=1497889531196 HTTP/1.1" 200 107
186.103.159.230 - - [19/Jun/2017:13:24:38 -0300] "GET /cormun/servlet/trsolicitudadjuntos?2017,6849, HTTP/1.1" 200 6081
186.103.159.230 - - [19/Jun/2017:13:24:39 -0300] "GET /cormun/servlet/trsolicitudadjuntos?2017,6849, HTTP/1.1" 200 6081
186.103.159.230 - - [19/Jun/2017:13:25:12 -0300] "GET /cormun/servlet/solicitudotadjuntos?INS,2017,6849,,1, HTTP/1.1" 200 6037
186.103.159.230 - - [19/Jun/2017:13:25:12 -0300] "GET /cormun/static/about:blank HTTP/1.1" 404 1011
186.103.159.230 - - [19/Jun/2017:13:25:12 -0300] "GET /cormun/servlet/solicitudotadjuntos?INS,2017,6849,,1, HTTP/1.1" 200 6030
186.103.159.230 - - [19/Jun/2017:13:25:13 -0300] "GET /cormun/servlet/solicitudotadjuntos?646be76b7754a5e6c0c7c14be036955f92051743db800a6d31ed553fee8ebe6ed33cc43c00da9884e57fb7cd6e7c08b1,gx-no-cache=1497889566268 HTTP/1.1" 200 30
186.103.159.230 - - [19/Jun/2017:13:25:13 -0300] "POST /cormun/servlet/solicitudotadjuntos?4a3c42836944dc7777508b687b56ca7e,INS,2017,6849,,1,,gx-no-cache=1497889566307 HTTP/1.1" 200 3826
186.103.159.230 - - [19/Jun/2017:13:25:18 -0300] "POST /cormun/servlet/solicitudotadjuntos?gx-no-cache=1497889571586 HTTP/1.1" 200 26
186.103.159.230 - - [19/Jun/2017:13:26:17 -0300] "GET /cormun/servlet/solicitudotadjuntos?646be76b7754a5e6c0c7c14be036955f8aa0af4a003da6c544f30f74cc261bf0,gx-no-cache=1497889630647 HTTP/1.1" 200 30
186.103.159.230 - - [19/Jun/2017:13:26:17 -0300] "GET /cormun/servlet/solicitudotadjuntos?646be76b7754a5e6c0c7c14be036955f8aa0af4a003da6c544f30f74cc261bf0,gx-no-cache=1497889630685 HTTP/1.1" 200 30
186.103.159.230 - - [19/Jun/2017:13:26:19 -0300] "POST /cormun/servlet/solicitudotadjuntos?4a3c42836944dc7777508b687b56ca7e,INS,2017,6849,,1, HTTP/1.1" 200 116
186.103.159.230 - - [19/Jun/2017:13:26:19 -0300] "GET /cormun/servlet/hpexe_return? HTTP/1.1" 200 1026
186.103.159.230 - - [19/Jun/2017:13:26:19 -0300] "GET /cormun/servlet/trsolicitudadjuntos?2017,6849, HTTP/1.1" 200 8341
186.103.159.230 - - [19/Jun/2017:13:26:20 -0300] "GET /cormun/servlet/trsolicitudadjuntos?2017,6849, HTTP/1.1" 200 8337
186.103.159.230 - - [19/Jun/2017:13:26:24 -0300] "GET /cormun/servlet/solicitudotadjuntos?INS,2017,6849,,1, HTTP/1.1" 200 6037
186.103.159.230 - - [19/Jun/2017:13:26:24 -0300] "GET /cormun/static/about:blank HTTP/1.1" 404 1011
186.103.159.230 - - [19/Jun/2017:13:26:24 -0300] "GET /cormun/servlet/solicitudotadjuntos?INS,2017,6849,,1, HTTP/1.1" 200 6030
186.103.159.230 - - [19/Jun/2017:13:26:25 -0300] "GET /cormun/servlet/solicitudotadjuntos?646be76b7754a5e6c0c7c14be036955f92051743db800a6d31ed553fee8ebe6ed33cc43c00da9884e57fb7cd6e7c08b1,gx-no-cache=1497889638066 HTTP/1.1" 200 30
186.103.159.230 - - [19/Jun/2017:13:26:25 -0300] "POST /cormun/servlet/solicitudotadjuntos?4a3c42836944dc7777508b687b56ca7e,INS,2017,6849,,1,,gx-no-cache=1497889638108 HTTP/1.1" 200 3825
186.103.159.230 - - [19/Jun/2017:13:26:29 -0300] "POST /cormun/servlet/solicitudotadjuntos?gx-no-cache=1497889642524 HTTP/1.1" 200 26
186.103.159.230 - - [19/Jun/2017:13:26:41 -0300] "GET /cormun/servlet/solicitudotadjuntos?646be76b7754a5e6c0c7c14be036955f8aa0af4a003da6c544f30f74cc261bf0,gx-no-cache=1497889653894 HTTP/1.1" 200 30
186.103.159.230 - - [19/Jun/2017:13:26:41 -0300] "GET /cormun/servlet/solicitudotadjuntos?646be76b7754a5e6c0c7c14be036955f8aa0af4a003da6c544f30f74cc261bf0,gx-no-cache=1497889653914 HTTP/1.1" 200 30
186.103.159.230 - - [19/Jun/2017:13:26:41 -0300] "POST /cormun/servlet/solicitudotadjuntos?4a3c42836944dc7777508b687b56ca7e,INS,2017,6849,,1, HTTP/1.1" 200 116
186.103.159.230 - - [19/Jun/2017:13:26:41 -0300] "GET /cormun/servlet/hpexe_return? HTTP/1.1" 200 1026
186.103.159.230 - - [19/Jun/2017:13:26:42 -0300] "GET /cormun/servlet/trsolicitudadjuntos?2017,6849, HTTP/1.1" 200 8538
186.103.159.230 - - [19/Jun/2017:13:26:42 -0300] "GET /cormun/servlet/trsolicitudadjuntos?2017,6849, HTTP/1.1" 200 8535
186.103.159.230 - - [19/Jun/2017:13:26:45 -0300] "GET /cormun/servlet/solicitudotadjuntos?INS,2017,6849,,1, HTTP/1.1" 200 6037
186.103.159.230 - - [19/Jun/2017:13:26:46 -0300] "GET /cormun/static/about:blank HTTP/1.1" 404 1011
186.103.159.230 - - [19/Jun/2017:13:26:46 -0300] "GET /cormun/servlet/solicitudotadjuntos?INS,2017,6849,,1, HTTP/1.1" 200 6030
186.103.159.230 - - [19/Jun/2017:13:26:46 -0300] "GET /cormun/servlet/solicitudotadjuntos?646be76b7754a5e6c0c7c14be036955f92051743db800a6d31ed553fee8ebe6ed33cc43c00da9884e57fb7cd6e7c08b1,gx-no-cache=1497889659456 HTTP/1.1" 200 30
186.103.159.230 - - [19/Jun/2017:13:26:46 -0300] "POST /cormun/servlet/solicitudotadjuntos?4a3c42836944dc7777508b687b56ca7e,INS,2017,6849,,1,,gx-no-cache=1497889659504 HTTP/1.1" 200 3825
186.103.159.230 - - [19/Jun/2017:13:26:52 -0300] "POST /cormun/servlet/solicitudotadjuntos?gx-no-cache=1497889665462 HTTP/1.1" 200 26
186.103.159.230 - - [19/Jun/2017:13:27:03 -0300] "GET /cormun/servlet/solicitudotadjuntos?646be76b7754a5e6c0c7c14be036955f8aa0af4a003da6c544f30f74cc261bf0,gx-no-cache=1497889676109 HTTP/1.1" 200 30
186.103.159.230 - - [19/Jun/2017:13:27:03 -0300] "GET /cormun/servlet/solicitudotadjuntos?646be76b7754a5e6c0c7c14be036955f8aa0af4a003da6c544f30f74cc261bf0,gx-no-cache=1497889676165 HTTP/1.1" 200 30
186.103.159.230 - - [19/Jun/2017:13:27:04 -0300] "POST /cormun/servlet/solicitudotadjuntos?4a3c42836944dc7777508b687b56ca7e,INS,2017,6849,,1, HTTP/1.1" 200 116
186.103.159.230 - - [19/Jun/2017:13:27:04 -0300] "GET /cormun/servlet/hpexe_return? HTTP/1.1" 200 1026
186.103.159.230 - - [19/Jun/2017:13:27:05 -0300] "GET /cormun/servlet/trsolicitudadjuntos?2017,6849, HTTP/1.1" 200 8710
186.103.159.230 - - [19/Jun/2017:13:27:05 -0300] "GET /cormun/servlet/trsolicitudadjuntos?2017,6849, HTTP/1.1" 200 8709
186.103.159.230 - - [19/Jun/2017:13:27:13 -0300] "GET /cormun/servlet/solicitudotadjuntos?INS,2017,6849,,1, HTTP/1.1" 200 6037
186.103.159.230 - - [19/Jun/2017:13:27:14 -0300] "GET /cormun/static/about:blank HTTP/1.1" 404 1011
186.103.159.230 - - [19/Jun/2017:13:27:14 -0300] "GET /cormun/servlet/solicitudotadjuntos?INS,2017,6849,,1, HTTP/1.1" 200 6030
186.103.159.230 - - [19/Jun/2017:13:27:14 -0300] "GET /cormun/servlet/solicitudotadjuntos?646be76b7754a5e6c0c7c14be036955f92051743db800a6d31ed553fee8ebe6ed33cc43c00da9884e57fb7cd6e7c08b1,gx-no-cache=1497889687452 HTTP/1.1" 200 30
186.103.159.230 - - [19/Jun/2017:13:27:14 -0300] "POST /cormun/servlet/solicitudotadjuntos?4a3c42836944dc7777508b687b56ca7e,INS,2017,6849,,1,,gx-no-cache=1497889687533 HTTP/1.1" 200 3825
186.103.159.230 - - [19/Jun/2017:13:27:19 -0300] "POST /cormun/servlet/solicitudotadjuntos?gx-no-cache=1497889692278 HTTP/1.1" 200 26
186.103.159.230 - - [19/Jun/2017:13:27:26 -0300] "GET /cormun/servlet/solicitudotadjuntos?646be76b7754a5e6c0c7c14be036955f8aa0af4a003da6c544f30f74cc261bf0,gx-no-cache=1497889699726 HTTP/1.1" 200 30
186.103.159.230 - - [19/Jun/2017:13:27:26 -0300] "GET /cormun/servlet/solicitudotadjuntos?646be76b7754a5e6c0c7c14be036955f8aa0af4a003da6c544f30f74cc261bf0,gx-no-cache=1497889699746 HTTP/1.1" 200 30
186.103.159.230 - - [19/Jun/2017:13:27:27 -0300] "POST /cormun/servlet/solicitudotadjuntos?4a3c42836944dc7777508b687b56ca7e,INS,2017,6849,,1, HTTP/1.1" 200 116
186.103.159.230 - - [19/Jun/2017:13:27:27 -0300] "GET /cormun/servlet/hpexe_return? HTTP/1.1" 200 1026
186.103.159.230 - - [19/Jun/2017:13:27:28 -0300] "GET /cormun/servlet/trsolicitudadjuntos?2017,6849, HTTP/1.1" 200 8846
186.103.159.230 - - [19/Jun/2017:13:27:28 -0300] "GET /cormun/servlet/trsolicitudadjuntos?2017,6849, HTTP/1.1" 200 8844
186.103.159.230 - - [19/Jun/2017:13:27:31 -0300] "GET /cormun/servlet/solicitudotadjuntos?INS,2017,6849,,1, HTTP/1.1" 200 6037
186.103.159.230 - - [19/Jun/2017:13:27:31 -0300] "GET /cormun/static/about:blank HTTP/1.1" 404 1011
186.103.159.230 - - [19/Jun/2017:13:27:31 -0300] "GET /cormun/servlet/solicitudotadjuntos?INS,2017,6849,,1, HTTP/1.1" 200 6030
186.103.159.230 - - [19/Jun/2017:13:27:32 -0300] "GET /cormun/servlet/solicitudotadjuntos?646be76b7754a5e6c0c7c14be036955f92051743db800a6d31ed553fee8ebe6ed33cc43c00da9884e57fb7cd6e7c08b1,gx-no-cache=1497889705094 HTTP/1.1" 200 30
186.103.158.250 - - [19/Jun/2017:13:27:32 -0300] "GET /cormun/servlet/licenciaspermisos?01b2c7dc822bcf7e41189ceef86e7ee515d6de629c5720bbd223f406907cce75cecd117d27c3372aa6246c8a79c2a7cf5c6ebd3138cdb1e2009819133daad4d4f1baff6216d41a45053cb41b1259d1b3d2143d10d11703327fbe65ec2c35b64794b2bef1b9c8d6bf5977b05bbb418039281fef6ce93d58f58d630d2e084c5aad1ba72ddbd7b3a6ee3ffc6646e5360395b1dda6db0c3ec855c13e68a515869b60c60231bb274b4c9770e162f4e0e3271e,gx-no-cache=1497889921736 HTTP/1.1" 200 30
186.103.159.230 - - [19/Jun/2017:13:27:32 -0300] "POST /cormun/servlet/solicitudotadjuntos?4a3c42836944dc7777508b687b56ca7e,INS,2017,6849,,1,,gx-no-cache=1497889705172 HTTP/1.1" 200 3825
186.103.157.39 - - [19/Jun/2017:13:27:32 -0300] "GET /cormun/servlet/licenciaspermisos?3ca0c5c987ca4c7128c4e8273b37c47032400b86d935c4877140a59372ab7316dedead5e0ac440bf5533aad11a2a12d9a85ac48935b7e88d3afa66b04050bc9f6ab9057592d9d1b28cedcd32e32d7a01a9de82e8a599997122187c75082dbda3584b5ff52078fe09c00a3913334e70da3aa748340cac536fe26c12c5a0c2c7a33f162aee390ac672f8c556cb7b5df3d0d9e06628c370ba6f450988c0d9992799499930b84e8d1cbf630c6f1d6e776547,gx-no-cache=1497889704793 HTTP/1.1" 200 30
186.103.157.39 - - [19/Jun/2017:13:27:33 -0300] "GET /cormun/servlet/licenciaspermisos?3ca0c5c987ca4c7128c4e8273b37c4709dd5c642e3d67d01838dc9f76e410d3dc2b0a8104e5b4cb5169c4cb7b122b66a910471a6f9c447dad2fcccd7d66ec07c8e84bb8fd64e12b8ff8c194968fedb80e190df6cf6e502cd74a643955c446505288f757792bd2c38a8b4ea1b4bb8f6a629ec826e977eac5e4654e2acf600c2ed57c2f69a6459bb93812bbf5985c02b96af31bdb9077de750059cd49005ffdc73b0e26bd2f092a776afa26b28e8f2ea92,gx-no-cache=1497889704919 HTTP/1.1" 200 29
186.103.157.39 - - [19/Jun/2017:13:27:33 -0300] "POST /cormun/servlet/licenciaspermisos?b8d8683b6be72ec3fdd946e0052e2cda,INS,0,,,,gx-no-cache=1497889705011 HTTP/1.1" 200 93
186.103.157.39 - - [19/Jun/2017:13:27:33 -0300] "GET /cormun/servlet/hpexe_return? HTTP/1.1" 200 1011
186.103.157.39 - - [19/Jun/2017:13:27:33 -0300] "GET /cormun/static/gxcfg.js?2016101716175148 HTTP/1.1" 200 953
186.103.157.39 - - [19/Jun/2017:13:27:33 -0300] "GET /cormun/static/Resources/Spanish/PXTools.css?167811 HTTP/1.1" 304 -
186.103.157.39 - - [19/Jun/2017:13:27:33 -0300] "GET /cormun/static/hpexe_return.js?2016101716175153 HTTP/1.1" 304 -
186.103.157.39 - - [19/Jun/2017:13:27:33 -0300] "GET /cormun/servlet/trlicencias HTTP/1.1" 200 8236
186.103.157.39 - - [19/Jun/2017:13:27:35 -0300] "GET /cormun/servlet/trlicencias HTTP/1.1" 200 8232
186.103.159.230 - - [19/Jun/2017:13:27:38 -0300] "POST /cormun/servlet/solicitudotadjuntos?gx-no-cache=1497889711666 HTTP/1.1" 200 26
186.103.157.39 - - [19/Jun/2017:13:27:42 -0300] "GET /cormun/servlet/trlicencias? HTTP/1.1" 200 8232
186.103.157.39 - - [19/Jun/2017:13:27:43 -0300] "GET /cormun/servlet/trlicencias? HTTP/1.1" 200 8232
186.103.157.39 - - [19/Jun/2017:13:27:46 -0300] "GET /cormun/servlet/licenciaspermisos?INS,0,,, HTTP/1.1" 200 7283
186.103.159.230 - - [19/Jun/2017:13:27:47 -0300] "GET /cormun/servlet/solicitudotadjuntos?646be76b7754a5e6c0c7c14be036955f8aa0af4a003da6c544f30f74cc261bf0,gx-no-cache=1497889720043 HTTP/1.1" 200 30
186.103.159.230 - - [19/Jun/2017:13:27:47 -0300] "GET /cormun/servlet/solicitudotadjuntos?646be76b7754a5e6c0c7c14be036955f8aa0af4a003da6c544f30f74cc261bf0,gx-no-cache=1497889720091 HTTP/1.1" 200 30
186.103.157.39 - - [19/Jun/2017:13:27:47 -0300] "GET /cormun/servlet/licenciaspermisos?INS,0,,, HTTP/1.1" 200 7282
186.103.159.230 - - [19/Jun/2017:13:27:50 -0300] "POST /cormun/servlet/solicitudotadjuntos?4a3c42836944dc7777508b687b56ca7e,INS,2017,6849,,1, HTTP/1.1" 200 116
186.103.159.230 - - [19/Jun/2017:13:27:50 -0300] "GET /cormun/servlet/hpexe_return? HTTP/1.1" 200 1026
186.103.159.230 - - [19/Jun/2017:13:27:51 -0300] "GET /cormun/servlet/trsolicitudadjuntos?2017,6849, HTTP/1.1" 200 9074
186.103.159.230 - - [19/Jun/2017:13:27:52 -0300] "GET /cormun/servlet/trsolicitudadjuntos?2017,6849, HTTP/1.1" 200 9071
186.103.159.230 - - [19/Jun/2017:13:27:54 -0300] "GET /cormun/servlet/solicitudotadjuntos?INS,2017,6849,,1, HTTP/1.1" 200 6037
186.103.159.230 - - [19/Jun/2017:13:27:55 -0300] "GET /cormun/static/about:blank HTTP/1.1" 404 1011
186.103.159.230 - - [19/Jun/2017:13:27:55 -0300] "GET /cormun/servlet/solicitudotadjuntos?INS,2017,6849,,1, HTTP/1.1" 200 6030
186.103.159.230 - - [19/Jun/2017:13:27:55 -0300] "GET /cormun/servlet/solicitudotadjuntos?646be76b7754a5e6c0c7c14be036955f92051743db800a6d31ed553fee8ebe6ed33cc43c00da9884e57fb7cd6e7c08b1,gx-no-cache=1497889728356 HTTP/1.1" 200 30
186.103.159.230 - - [19/Jun/2017:13:27:55 -0300] "POST /cormun/servlet/solicitudotadjuntos?4a3c42836944dc7777508b687b56ca7e,INS,2017,6849,,1,,gx-no-cache=1497889728413 HTTP/1.1" 200 3825
186.103.159.230 - - [19/Jun/2017:13:28:00 -0300] "POST /cormun/servlet/solicitudotadjuntos?gx-no-cache=1497889733565 HTTP/1.1" 200 26
186.103.159.230 - - [19/Jun/2017:13:28:07 -0300] "GET /cormun/servlet/solicitudotadjuntos?646be76b7754a5e6c0c7c14be036955f8aa0af4a003da6c544f30f74cc261bf0,gx-no-cache=1497889740286 HTTP/1.1" 200 30
186.103.159.230 - - [19/Jun/2017:13:28:07 -0300] "GET /cormun/servlet/solicitudotadjuntos?646be76b7754a5e6c0c7c14be036955f8aa0af4a003da6c544f30f74cc261bf0,gx-no-cache=1497889740312 HTTP/1.1" 200 30
186.103.159.230 - - [19/Jun/2017:13:28:08 -0300] "POST /cormun/servlet/solicitudotadjuntos?4a3c42836944dc7777508b687b56ca7e,INS,2017,6849,,1, HTTP/1.1" 200 116
186.103.159.230 - - [19/Jun/2017:13:28:08 -0300] "GET /cormun/servlet/hpexe_return? HTTP/1.1" 200 1026
186.103.159.230 - - [19/Jun/2017:13:28:08 -0300] "GET /cormun/servlet/trsolicitudadjuntos?2017,6849, HTTP/1.1" 200 9284
186.103.159.230 - - [19/Jun/2017:13:28:09 -0300] "GET /cormun/servlet/trsolicitudadjuntos?2017,6849, HTTP/1.1" 200 9281
186.103.157.39 - - [19/Jun/2017:13:28:12 -0300] "GET /cormun/servlet/licenciaspermisos?3ca0c5c987ca4c7128c4e8273b37c470a9d754711f56451e1140a234835947974b6a3dd07723a57b86fe8cd5560671d0,gx-no-cache=1497889744589 HTTP/1.1" 200 73
186.103.157.39 - - [19/Jun/2017:13:28:13 -0300] "POST /cormun/servlet/licenciaspermisos?b8d8683b6be72ec3fdd946e0052e2cda,INS,0,,,,gx-no-cache=1497889744824 HTTP/1.1" 200 4496
186.103.159.230 - - [19/Jun/2017:13:28:22 -0300] "GET /cormun/servlet/trautorizarsolicitud? HTTP/1.1" 200 6917
186.103.159.230 - - [19/Jun/2017:13:28:23 -0300] "GET /cormun/servlet/trautorizarsolicitud? HTTP/1.1" 200 6904
186.103.159.230 - - [19/Jun/2017:13:28:27 -0300] "GET /cormun/servlet/trsolicitudot? HTTP/1.1" 200 8540
186.103.159.230 - - [19/Jun/2017:13:28:28 -0300] "GET /cormun/servlet/trsolicitudot? HTTP/1.1" 200 8539
186.103.157.39 - - [19/Jun/2017:13:28:45 -0300] "GET /cormun/static/menuarrow.gif HTTP/1.1" 404 1015
186.103.159.230 - - [19/Jun/2017:13:28:58 -0300] "POST /cormun/servlet/trsolicitudot?4a3c42836944dc7777508b687b56ca7e,,gx-no-cache=1497889791566 HTTP/1.1" 200 4509
186.103.159.230 - - [19/Jun/2017:13:28:59 -0300] "GET /cormun/static/Shared/jqueryui/images/ui-bg_highlight-soft_100_c6c2c8_1x100.png HTTP/1.1" 404 1117
186.103.159.230 - - [19/Jun/2017:13:28:59 -0300] "GET /cormun/static/Shared/jqueryui/images/ui-icons_82798d_256x240.png HTTP/1.1" 404 1089
186.103.159.230 - - [19/Jun/2017:13:28:59 -0300] "GET /cormun/static/Shared/jqueryui/images/ui-bg_flat_55_fafafa_40x100.png HTTP/1.1" 404 1097
186.103.159.230 - - [19/Jun/2017:13:28:59 -0300] "GET /cormun/static/Shared/jqueryui/images/ui-icons_8d78a5_256x240.png HTTP/1.1" 404 1089
186.103.159.230 - - [19/Jun/2017:13:28:59 -0300] "POST /cormun/servlet/trsolicitudot?4a3c42836944dc7777508b687b56ca7e,,gx-no-cache=1497889791845 HTTP/1.1" 200 4298
186.103.159.230 - - [19/Jun/2017:13:29:21 -0300] "GET /cormun/servlet/trautorizarsolicitud? HTTP/1.1" 200 8145
186.103.159.230 - - [19/Jun/2017:13:29:22 -0300] "GET /cormun/servlet/trautorizarsolicitud? HTTP/1.1" 200 8144
186.103.159.230 - - [19/Jun/2017:13:29:43 -0300] "POST /cormun/servlet/trautorizarsolicitud?4a3c42836944dc7777508b687b56ca7e,,gx-no-cache=1497889836258 HTTP/1.1" 200 4316
186.103.159.230 - - [19/Jun/2017:13:29:43 -0300] "POST /cormun/servlet/trautorizarsolicitud?4a3c42836944dc7777508b687b56ca7e,,gx-no-cache=1497889836631 HTTP/1.1" 200 4109
186.103.157.39 - - [19/Jun/2017:13:33:51 -0300] "GET /cormun/servlet/licenciaspermisos?3ca0c5c987ca4c7128c4e8273b37c47032400b86d935c4877140a59372ab7316dedead5e0ac440bf5533aad11a2a12d9a85ac48935b7e88d3afa66b04050bc9f6ab9057592d9d1b28cedcd32e32d7a01a9de82e8a599997122187c75082dbda3584b5ff52078fe09c00a3913334e70da3aa748340cac536fe26c12c5a0c2c7a33f162aee390ac672f8c556cb7b5df3d0d9e06628c370ba6f450988c0d9992799499930b84e8d1cbf630c6f1d6e776547,gx-no-cache=1497890083179 HTTP/1.1" 200 30
186.103.157.39 - - [19/Jun/2017:13:33:51 -0300] "GET /cormun/servlet/licenciaspermisos?3ca0c5c987ca4c7128c4e8273b37c4709dd5c642e3d67d01838dc9f76e410d3dc2b0a8104e5b4cb5169c4cb7b122b66a910471a6f9c447dad2fcccd7d66ec07c8e84bb8fd64e12b8ff8c194968fedb80e190df6cf6e502cd74a643955c446505288f757792bd2c38a8b4ea1b4bb8f6a629ec826e977eac5e4654e2acf600c2ed57c2f69a6459bb93812bbf5985c02b96a4f5f49c864b1083a4c45ba421c70291228a7fe10b6d289d0ff2afdf1cb16592,gx-no-cache=1497890083275 HTTP/1.1" 200 29
186.103.157.39 - - [19/Jun/2017:13:33:51 -0300] "POST /cormun/servlet/licenciaspermisos?b8d8683b6be72ec3fdd946e0052e2cda,INS,0,,,,gx-no-cache=1497890083363 HTTP/1.1" 200 93
186.103.157.39 - - [19/Jun/2017:13:33:51 -0300] "GET /cormun/servlet/hpexe_return? HTTP/1.1" 200 1011
186.103.157.39 - - [19/Jun/2017:13:33:52 -0300] "GET /cormun/servlet/trlicencias HTTP/1.1" 200 8556
186.103.157.39 - - [19/Jun/2017:13:33:53 -0300] "GET /cormun/servlet/trlicencias HTTP/1.1" 200 8551
186.103.158.250 - - [19/Jun/2017:13:33:57 -0300] "GET /cormun/servlet/licenciaspermisos?01b2c7dc822bcf7e41189ceef86e7ee58e3b9ac28467ef07c0ef37f885d5b6efc2e07fa94346802afae7e4d3f682672dbc533ac66fbbdeae8b883f11a6053a6f51733d8f4155a6e27a482c9b4ddf9bbca659d013a6d1fd86737ce957743b92ddcced550839ec9a5212d2a8abd7d13071e7fa1d3ab5ed880bb92d60c6c053a975422a7d3250c4ff1d1a90c3ca87863b9d2a4a8e33dc1961ac3a7076bd8572362fd88ef849d0530a4b2daa5e63301c800d,gx-no-cache=1497890307546 HTTP/1.1" 200 29
186.103.158.250 - - [19/Jun/2017:13:33:58 -0300] "POST /cormun/servlet/licenciaspermisos?d854f2f1d6ffba5a609774bbb87fc6c8,INS,0,,,,gx-no-cache=1497890307954 HTTP/1.1" 200 4753
186.103.158.250 - - [19/Jun/2017:13:33:58 -0300] "GET /cormun/static/Shared/jqueryui/images/ui-icons_82798d_256x240.png HTTP/1.1" 404 1089
186.103.158.250 - - [19/Jun/2017:13:33:58 -0300] "GET /cormun/static/Shared/jqueryui/images/ui-bg_highlight-soft_100_c6c2c8_1x100.png HTTP/1.1" 404 1117
186.103.158.250 - - [19/Jun/2017:13:33:58 -0300] "GET /cormun/static/Shared/jqueryui/images/ui-bg_flat_55_994d53_40x100.png HTTP/1.1" 404 1097
186.103.158.250 - - [19/Jun/2017:13:33:58 -0300] "GET /cormun/static/Shared/jqueryui/images/ui-icons_ebccce_256x240.png HTTP/1.1" 404 1089
186.103.158.250 - - [19/Jun/2017:13:34:10 -0300] "GET /cormun/servlet/licenciaspermisos?01b2c7dc822bcf7e41189ceef86e7ee515d6de629c5720bbd223f406907cce75cecd117d27c3372aa6246c8a79c2a7cf5c6ebd3138cdb1e2009819133daad4d4f1baff6216d41a45053cb41b1259d1b3d2143d10d11703327fbe65ec2c35b6479ef02a79fd2c0cad755b7b61547a0524281fef6ce93d58f58d630d2e084c5aadad848c27409f7f62ffa78e2d2da0585a7ced09431cd967c134b9e5dbb700b17bedf6e4b5be6a68b33b9f916cd06d4bdb49b46a557f7d20ec32e8ad14c3d3f9b7a1420f0a2808ade5ba1303708bebda9d5a1e578c9b196b32075f54438615b42d,gx-no-cache=1497890320500 HTTP/1.1" 200 30
186.103.158.250 - - [19/Jun/2017:13:34:10 -0300] "GET /cormun/servlet/licenciaspermisos?01b2c7dc822bcf7e41189ceef86e7ee58e3b9ac28467ef07c0ef37f885d5b6efc2e07fa94346802afae7e4d3f682672dbc533ac66fbbdeae8b883f11a6053a6f51733d8f4155a6e27a482c9b4ddf9bbca659d013a6d1fd86737ce957743b92dd357fea489b0a0c573b14c6b68c12188be7fa1d3ab5ed880bb92d60c6c053a9755b0527a52b137f75bc88da94b0fc5d715ac3e46e168294fc115a1899d05869f4a46abc1aab40560883337d243f982d8168680dc625dc2ac8193dd983504c4c9eb178406e45e99cef67ed5e250710f1076f8d5bc4843e5d92cf5836c56d4cb6e7d3ed5d96de004de99abd5bf9b341cac0,gx-no-cache=1497890320536 HTTP/1.1" 200 29
186.103.158.250 - - [19/Jun/2017:13:34:11 -0300] "POST /cormun/servlet/licenciaspermisos?d854f2f1d6ffba5a609774bbb87fc6c8,INS,0,,,,gx-no-cache=1497890320884 HTTP/1.1" 200 93
186.103.158.250 - - [19/Jun/2017:13:34:11 -0300] "GET /cormun/servlet/hpexe_return? HTTP/1.1" 200 1009
186.103.158.250 - - [19/Jun/2017:13:34:12 -0300] "GET /cormun/servlet/trlicencias HTTP/1.1" 200 8959
