186.103.159.187 - - [13/Jun/2017:13:29:53 -0300] "GET /cormun/servlet/hlogin HTTP/1.1" 200 1736
186.103.159.187 - - [13/Jun/2017:13:30:02 -0300] "POST /cormun/servlet/hlogin?10a1708814ba457328c7d96ca1510730,gx-no-cache=1497371435255 HTTP/1.1" 200 90
186.103.159.187 - - [13/Jun/2017:13:30:02 -0300] "GET /cormun/servlet/hpexe_link HTTP/1.1" 200 955
186.103.159.187 - - [13/Jun/2017:13:30:02 -0300] "GET /cormun/static/gxcfg.js?20175251212395 HTTP/1.1" 304 -
186.103.159.187 - - [13/Jun/2017:13:30:02 -0300] "GET /cormun/static/hpexe_link.js?20175251212399 HTTP/1.1" 304 -
186.103.159.187 - - [13/Jun/2017:13:30:02 -0300] "GET /cormun/servlet/hhome HTTP/1.1" 200 3740
186.103.159.187 - - [13/Jun/2017:13:30:02 -0300] "GET /cormun/static/gxcfg.js?20175251212442 HTTP/1.1" 304 -
186.103.159.187 - - [13/Jun/2017:13:30:03 -0300] "GET /cormun/static/hhome.js?20175251212450 HTTP/1.1" 304 -
186.103.159.187 - - [13/Jun/2017:13:30:03 -0300] "GET /cormun/static/hwchdr01.js?201752511465785 HTTP/1.1" 304 -
186.103.159.187 - - [13/Jun/2017:13:30:03 -0300] "GET /cormun/static/hpexe_scripts.js?201752511465715 HTTP/1.1" 304 -
186.103.159.187 - - [13/Jun/2017:13:30:03 -0300] "GET /cormun/static/hpexe_messagecontroller.js?201610171694323 HTTP/1.1" 304 -
186.103.159.187 - - [13/Jun/2017:13:30:03 -0300] "GET /cormun/static/hpexe_messagepopupcomponent.js?20161017169425 HTTP/1.1" 304 -
186.103.159.187 - - [13/Jun/2017:13:30:03 -0300] "GET /cormun/static/hpexe_messagegenexuscomponent.js?201752511465344 HTTP/1.1" 304 -
186.103.159.187 - - [13/Jun/2017:13:30:03 -0300] "GET /cormun/static/hpexe_recentlink.js?201610171694390 HTTP/1.1" 304 -
186.103.159.187 - - [13/Jun/2017:13:30:03 -0300] "GET /cormun/static/cmcontrolpreferences.js?201752511465670 HTTP/1.1" 304 -
186.103.159.187 - - [13/Jun/2017:13:30:03 -0300] "GET /cormun/static/hmpwkw03.js?2017525121347 HTTP/1.1" 304 -
186.103.159.187 - - [13/Jun/2017:13:30:03 -0300] "GET /cormun/servlet/hhome HTTP/1.1" 200 3737
186.103.159.187 - - [13/Jun/2017:13:30:06 -0300] "GET /cormun/servlet/trsolicitudot? HTTP/1.1" 200 9125
186.103.159.187 - - [13/Jun/2017:13:30:06 -0300] "GET /cormun/static/gxcfg.js?20175251233261 HTTP/1.1" 304 -
186.103.159.187 - - [13/Jun/2017:13:30:06 -0300] "GET /cormun/static/calendar-setup.js?85251 HTTP/1.1" 200 2588
186.103.159.187 - - [13/Jun/2017:13:30:06 -0300] "GET /cormun/static/calendar-es.js?85251 HTTP/1.1" 200 1901
186.103.159.187 - - [13/Jun/2017:13:30:06 -0300] "GET /cormun/static/calendar.js?85251 HTTP/1.1" 200 26246
186.103.159.187 - - [13/Jun/2017:13:30:07 -0300] "GET /cormun/static/gxdec.js?85251 HTTP/1.1" 200 19579
186.103.159.187 - - [13/Jun/2017:13:30:07 -0300] "GET /cormun/static/trsolicitudot.js?20175251234175 HTTP/1.1" 304 -
186.103.159.187 - - [13/Jun/2017:13:30:07 -0300] "GET /cormun/servlet/trsolicitudot? HTTP/1.1" 200 9123
186.103.159.187 - - [13/Jun/2017:13:30:13 -0300] "GET /cormun/servlet/solicitudot?INS,0,0, HTTP/1.1" 200 12608
186.103.159.187 - - [13/Jun/2017:13:30:13 -0300] "GET /cormun/static/gxcfg.js?201752522134570 HTTP/1.1" 304 -
186.103.159.187 - - [13/Jun/2017:13:30:13 -0300] "GET /cormun/static/solicitudot.js?201752522134767 HTTP/1.1" 304 -
186.103.159.187 - - [13/Jun/2017:13:30:14 -0300] "GET /cormun/servlet/solicitudot?INS,0,0, HTTP/1.1" 200 12612
186.103.159.187 - - [13/Jun/2017:13:31:00 -0300] "GET /cormun/servlet/prfichaempleado?,MD,,gxPopupLevel%3D0%3B HTTP/1.1" 200 8752
186.103.159.187 - - [13/Jun/2017:13:31:00 -0300] "GET /cormun/static/Resources/Spanish/PXTools.css?11294912 HTTP/1.1" 304 -
186.103.159.187 - - [13/Jun/2017:13:31:01 -0300] "GET /cormun/static/gxcfg.js?2017319125415 HTTP/1.1" 304 -
186.103.159.187 - - [13/Jun/2017:13:31:01 -0300] "GET /cormun/static/menusearch.js?201610171694467 HTTP/1.1" 304 -
186.103.159.187 - - [13/Jun/2017:13:31:01 -0300] "GET /cormun/static/hmpwkw011.js?20175251212473 HTTP/1.1" 304 -
186.103.159.187 - - [13/Jun/2017:13:31:01 -0300] "GET /cormun/static/prfichaempleado.js?20173191254344 HTTP/1.1" 304 -
186.103.159.187 - - [13/Jun/2017:13:31:14 -0300] "POST /cormun/servlet/prfichaempleado?10a1708814ba457328c7d96ca1510730,,MD,,gxPopupLevel%3D0%3B,gx-no-cache=1497371506873 HTTP/1.1" 200 3189
186.103.159.187 - - [13/Jun/2017:13:31:19 -0300] "POST /cormun/servlet/solicitudot?gx-no-cache=1497371512900 HTTP/1.1" 200 3100
186.103.159.187 - - [13/Jun/2017:13:31:20 -0300] "POST /cormun/servlet/solicitudot?10a1708814ba457328c7d96ca1510730,INS,0,0,,gx-no-cache=1497371513050 HTTP/1.1" 200 9730
186.103.159.187 - - [13/Jun/2017:13:31:24 -0300] "GET /cormun/servlet/solicitudot?f73765586b0fc4ea5638bd46e28e9640d9ceac2db8280165872bf311fd2c51536c94b213abc81b6e630057c322982514,gx-no-cache=1497371517223 HTTP/1.1" 200 30
192.168.10.62 - - [13/Jun/2017:13:31:52 -0300] "POST /cormun/servlet/vesolicitudgral?89896580c689452bcec92817a01c2148,2017,6812,,,gx-no-cache=1497371509465 HTTP/1.1" 440 972
192.168.10.62 - - [13/Jun/2017:13:31:53 -0300] "GET /cormun/servlet/vesolicitudgral?2017,6812,, HTTP/1.1" 200 7662
192.168.10.62 - - [13/Jun/2017:13:31:53 -0300] "GET /cormun/pexe_scrolldiv.js HTTP/1.1" 404 1009
192.168.10.62 - - [13/Jun/2017:13:31:53 -0300] "GET /cormun/pexe_scrolldiv.js HTTP/1.1" 404 1009
192.168.10.62 - - [13/Jun/2017:13:31:53 -0300] "GET /cormun/servlet/hlogin HTTP/1.1" 200 1740
192.168.10.62 - - [13/Jun/2017:13:31:53 -0300] "GET /cormun/servlet/vesolicitudgral?2017,6812,, HTTP/1.1" 200 7662
186.79.60.156 - - [13/Jun/2017:13:32:06 -0300] "GET /cormun/servlet/hlogin HTTP/1.1" 200 1720
186.79.60.156 - - [13/Jun/2017:13:32:06 -0300] "GET /cormun/static/Resources/Spanish/PXTools.css?11423723 HTTP/1.1" 304 -
186.79.60.156 - - [13/Jun/2017:13:32:06 -0300] "GET /cormun/static/gxtimezone.js?85251 HTTP/1.1" 304 -
186.79.60.156 - - [13/Jun/2017:13:32:06 -0300] "GET /cormun/static/gxcfg.js?20175251213516 HTTP/1.1" 304 -
186.79.60.156 - - [13/Jun/2017:13:32:06 -0300] "GET /cormun/static/messages.spa.js?85251 HTTP/1.1" 304 -
186.79.60.156 - - [13/Jun/2017:13:32:06 -0300] "GET /cormun/static/hlogin.js?20175251213537 HTTP/1.1" 304 -
186.79.60.156 - - [13/Jun/2017:13:32:06 -0300] "GET /cormun/servlet/hlogin HTTP/1.1" 200 1730
186.79.60.156 - - [13/Jun/2017:13:32:08 -0300] "POST /cormun/servlet/hlogin?b9d9a1b51d028231f62a26ac3c2bfd49,gx-no-cache=1497371592602 HTTP/1.1" 200 90
186.79.60.156 - - [13/Jun/2017:13:32:09 -0300] "GET /cormun/servlet/hpexe_link HTTP/1.1" 200 950
186.79.60.156 - - [13/Jun/2017:13:32:09 -0300] "GET /cormun/static/gxcfg.js?20175251212395 HTTP/1.1" 304 -
186.79.60.156 - - [13/Jun/2017:13:32:09 -0300] "GET /cormun/static/hpexe_link.js?20175251212399 HTTP/1.1" 304 -
186.79.60.156 - - [13/Jun/2017:13:32:09 -0300] "GET /cormun/servlet/hhome HTTP/1.1" 200 3970
186.79.60.156 - - [13/Jun/2017:13:32:09 -0300] "GET /cormun/static/gxcfg.js?20175251212442 HTTP/1.1" 200 953
186.79.60.156 - - [13/Jun/2017:13:32:09 -0300] "GET /cormun/static/hhome.js?20175251212450 HTTP/1.1" 200 777
186.79.60.156 - - [13/Jun/2017:13:32:09 -0300] "GET /cormun/static/hwchdr01.js?201752511465785 HTTP/1.1" 304 -
186.79.60.156 - - [13/Jun/2017:13:32:09 -0300] "GET /cormun/static/hpexe_recentlink.js?201610171694390 HTTP/1.1" 304 -
186.79.60.156 - - [13/Jun/2017:13:32:10 -0300] "GET /cormun/static/hpexe_scripts.js?201752511465715 HTTP/1.1" 304 -
186.79.60.156 - - [13/Jun/2017:13:32:10 -0300] "GET /cormun/static/hpexe_messagecontroller.js?201610171694323 HTTP/1.1" 304 -
186.79.60.156 - - [13/Jun/2017:13:32:10 -0300] "GET /cormun/static/hpexe_messagepopupcomponent.js?20161017169425 HTTP/1.1" 304 -
186.79.60.156 - - [13/Jun/2017:13:32:10 -0300] "GET /cormun/static/hpexe_messagegenexuscomponent.js?201752511465344 HTTP/1.1" 304 -
186.79.60.156 - - [13/Jun/2017:13:32:10 -0300] "GET /cormun/static/cmcontrolpreferences.js?201752511465670 HTTP/1.1" 304 -
186.79.60.156 - - [13/Jun/2017:13:32:10 -0300] "GET /cormun/static/hmpwkw03.js?2017525121347 HTTP/1.1" 304 -
186.79.60.156 - - [13/Jun/2017:13:32:10 -0300] "GET /cormun/servlet/hhome HTTP/1.1" 200 3966
186.79.60.156 - - [13/Jun/2017:13:32:16 -0300] "GET /cormun/servlet/trautorizarsolicitud? HTTP/1.1" 200 6907
186.79.60.156 - - [13/Jun/2017:13:32:16 -0300] "GET /cormun/static/Resources/Spanish/PXTools.css?11294912 HTTP/1.1" 304 -
186.79.60.156 - - [13/Jun/2017:13:32:16 -0300] "GET /cormun/static/gxcfg.js?20174261241362 HTTP/1.1" 200 953
186.79.60.156 - - [13/Jun/2017:13:32:16 -0300] "GET /cormun/static/calendar.js?85251 HTTP/1.1" 304 -
186.79.60.156 - - [13/Jun/2017:13:32:16 -0300] "GET /cormun/static/calendar-setup.js?85251 HTTP/1.1" 304 -
186.79.60.156 - - [13/Jun/2017:13:32:16 -0300] "GET /cormun/static/calendar-es.js?85251 HTTP/1.1" 304 -
186.79.60.156 - - [13/Jun/2017:13:32:16 -0300] "GET /cormun/static/gxdec.js?85251 HTTP/1.1" 304 -
186.79.60.156 - - [13/Jun/2017:13:32:16 -0300] "GET /cormun/static/trautorizarsolicitud.js?201742612414370 HTTP/1.1" 304 -
186.79.60.156 - - [13/Jun/2017:13:32:16 -0300] "GET /cormun/servlet/trautorizarsolicitud? HTTP/1.1" 200 6906
186.79.60.156 - - [13/Jun/2017:13:32:16 -0300] "GET /cormun/static/Shared/ext/resources/themes/images/default/panel/bg-headersPanel.png HTTP/1.1" 200 255
186.79.60.156 - - [13/Jun/2017:13:32:16 -0300] "GET /cormun/static/Shared/ext/resources/themes/images/default/tools/tool-sprites.gif HTTP/1.1" 200 5434
192.168.10.62 - - [13/Jun/2017:13:32:34 -0300] "POST /cormun/servlet/hlogin?4507d4e1500995508bcadb87a3f49bda,gx-no-cache=1497371551442 HTTP/1.1" 200 90
192.168.10.62 - - [13/Jun/2017:13:32:34 -0300] "GET /cormun/servlet/hpexe_link HTTP/1.1" 200 960
186.79.60.156 - - [13/Jun/2017:13:32:34 -0300] "GET /cormun/servlet/trautorizarsolicitud? HTTP/1.1" 200 6907
192.168.10.62 - - [13/Jun/2017:13:32:34 -0300] "GET /cormun/servlet/vesolicitudgral?2017,6812,, HTTP/1.1" 200 8081
192.168.10.62 - - [13/Jun/2017:13:32:34 -0300] "GET /cormun/pexe_scrolldiv.js HTTP/1.1" 404 1009
192.168.10.62 - - [13/Jun/2017:13:32:34 -0300] "GET /cormun/pexe_scrolldiv.js HTTP/1.1" 404 1009
192.168.10.62 - - [13/Jun/2017:13:32:34 -0300] "GET /cormun/servlet/vesolicitudgral?2017,6812,, HTTP/1.1" 200 8080
186.79.60.156 - - [13/Jun/2017:13:32:35 -0300] "GET /cormun/servlet/trautorizarsolicitud? HTTP/1.1" 200 6906
186.79.60.156 - - [13/Jun/2017:13:32:35 -0300] "GET /favicon.ico HTTP/1.1" 200 21630
192.168.10.62 - - [13/Jun/2017:13:32:37 -0300] "GET /cormun/servlet/trsolicitudgral? HTTP/1.1" 200 18380
192.168.10.62 - - [13/Jun/2017:13:32:38 -0300] "GET /cormun/servlet/trsolicitudgral? HTTP/1.1" 200 18377
186.79.60.156 - - [13/Jun/2017:13:32:39 -0300] "GET /cormun/servlet/trautorizarsolicitud? HTTP/1.1" 200 6906
186.79.60.156 - - [13/Jun/2017:13:32:40 -0300] "GET /cormun/servlet/trautorizarsolicitud? HTTP/1.1" 200 6906
192.168.10.62 - - [13/Jun/2017:13:32:43 -0300] "POST /cormun/servlet/trsolicitudgral?4507d4e1500995508bcadb87a3f49bda,,gx-no-cache=1497371560883 HTTP/1.1" 200 11944
186.103.159.187 - - [13/Jun/2017:13:32:54 -0300] "POST /cormun/servlet/solicitudot?gx-no-cache=1497371607883 HTTP/1.1" 200 256
186.103.159.187 - - [13/Jun/2017:13:33:02 -0300] "GET /cormun/servlet/solicitudot?f73765586b0fc4ea5638bd46e28e9640c6db0e66871778d6c08df12b38e47695ff2f40647123f48d31dbf88557062048b71380228a63de073b501c34c70468c137215501ec99e78efe64627e647392d689f555879e0156db0dbcd9b0fd9033ac761eeafe42c3e86f2c3a1a077a39836a6c9310d418a2a3ba49d77f65c98dc0c5d4b00bcb8517c3f160b704b5a1262ecd1e44fc83162de942a74c9b42c4efe462f835efd2673c55d0b4aa6369a49c298ae439daa995e164d5fa1b3738a77db89f8e911d7e74a919a846a8dcdbdd451b56da3543c1bf24a240d3b4ca1bc2618ded7bd27b6e21b1f6a6d28707c682cb1c9de4c2d066a108dcd378291505bce9a30c1aa0aa1156d5d519bcabd532e8d6d698ab1ebb551901f246ff5034b6166a292622c000ad3f8e99c40e053e6e51d27a7a746630882ab705b99a8787632860327b3da1da5d5bcc65a70d7d0bf5287f97c5ebaa2677a7959cd24e4227bbbba633f428d9473adf5a1053607afcecc2b0024505eb269d8300e8175ab1ead4a0c6e4d4,gx-no-cache=1497371615039 HTTP/1.1" 200 30
186.103.159.187 - - [13/Jun/2017:13:33:07 -0300] "POST /cormun/servlet/solicitudot?gx-no-cache=1497371620071 HTTP/1.1" 200 30
186.103.159.187 - - [13/Jun/2017:13:33:09 -0300] "POST /cormun/servlet/solicitudot?gx-no-cache=1497371622686 HTTP/1.1" 200 1299
186.103.159.187 - - [13/Jun/2017:13:33:09 -0300] "POST /cormun/servlet/solicitudot?gx-no-cache=1497371622776 HTTP/1.1" 200 38
186.67.172.234 - - [13/Jun/2017:13:33:46 -0300] "GET /cormun/servlet/trlicencias HTTP/1.1" 200 6056
186.67.172.234 - - [13/Jun/2017:13:33:47 -0300] "GET /cormun/servlet/trlicencias HTTP/1.1" 200 6054
186.67.172.234 - - [13/Jun/2017:13:33:47 -0300] "GET /cormun/servlet/hlogin HTTP/1.1" 200 1733
186.103.159.187 - - [13/Jun/2017:13:34:11 -0300] "GET /cormun/servlet/solicitudot?f73765586b0fc4ea5638bd46e28e96403cf0195c4b0688f5982865be775aa2e89bf7d6a5a23f5726a7f7d9e3ccc764838fdf96533fedbd84b05ec63eb1014e531c4a3a00feb319c778bebd83be979a2d0d968cccdad257901fa46774228488e90e3f28770814e92bf9a8470400b733d6,gx-no-cache=1497371684532 HTTP/1.1" 200 29
186.103.159.187 - - [13/Jun/2017:13:34:11 -0300] "POST /cormun/servlet/solicitudot?gx-no-cache=1497371684660 HTTP/1.1" 200 1281
186.103.159.187 - - [13/Jun/2017:13:36:29 -0300] "POST /cormun/servlet/solicitudot?gx-no-cache=1497371822309 HTTP/1.1" 200 1281
186.103.159.187 - - [13/Jun/2017:13:39:02 -0300] "GET /cormun/static/menuarrow.gif HTTP/1.1" 404 1015
186.103.159.187 - - [13/Jun/2017:13:40:12 -0300] "POST /cormun/servlet/solicitudot?gx-no-cache=1497372044989 HTTP/1.1" 200 30
186.103.159.187 - - [13/Jun/2017:13:41:55 -0300] "POST /cormun/servlet/solicitudot?gx-no-cache=1497372148046 HTTP/1.1" 200 30
186.103.159.187 - - [13/Jun/2017:13:41:55 -0300] "POST /cormun/servlet/solicitudot?10a1708814ba457328c7d96ca1510730,INS,0,0,,gx-no-cache=1497372148206 HTTP/1.1" 200 93
186.103.159.187 - - [13/Jun/2017:13:41:55 -0300] "GET /cormun/servlet/hpexe_return? HTTP/1.1" 200 1011
186.103.159.187 - - [13/Jun/2017:13:41:55 -0300] "GET /cormun/static/Resources/Spanish/PXTools.css?167811 HTTP/1.1" 304 -
186.103.159.187 - - [13/Jun/2017:13:41:55 -0300] "GET /cormun/static/gxcfg.js?2016101716175148 HTTP/1.1" 304 -
186.103.159.187 - - [13/Jun/2017:13:41:55 -0300] "GET /cormun/static/hpexe_return.js?2016101716175153 HTTP/1.1" 304 -
186.103.159.187 - - [13/Jun/2017:13:41:56 -0300] "GET /cormun/servlet/trsolicitudot HTTP/1.1" 200 9542
186.103.159.187 - - [13/Jun/2017:13:41:57 -0300] "GET /cormun/servlet/trsolicitudot HTTP/1.1" 200 9537
201.246.238.121 - - [13/Jun/2017:13:42:12 -0300] "GET /cormun/servlet/trsolicitudot? HTTP/1.1" 200 7265
201.246.238.121 - - [13/Jun/2017:13:42:17 -0300] "GET /cormun/servlet/solicitudot?INS,0,0, HTTP/1.1" 200 12893
201.246.238.121 - - [13/Jun/2017:13:42:18 -0300] "GET /cormun/static/gxcfg.js?201752522134570 HTTP/1.1" 304 -
201.246.238.121 - - [13/Jun/2017:13:42:18 -0300] "GET /cormun/static/solicitudot.js?201752522134767 HTTP/1.1" 304 -
201.246.238.121 - - [13/Jun/2017:13:42:24 -0300] "GET /cormun/servlet/trcontratosolicitud? HTTP/1.1" 200 13640
186.103.159.187 - - [13/Jun/2017:13:42:32 -0300] "POST /cormun/servlet/trsolicitudot?10a1708814ba457328c7d96ca1510730,gx-no-cache=1497372185548 HTTP/1.1" 200 107
186.103.159.187 - - [13/Jun/2017:13:42:32 -0300] "GET /cormun/servlet/trsolicitudadjuntos?2017,6817, HTTP/1.1" 200 5839
186.103.159.187 - - [13/Jun/2017:13:42:32 -0300] "GET /cormun/static/gxcfg.js?20175251232679 HTTP/1.1" 200 953
186.103.159.187 - - [13/Jun/2017:13:42:32 -0300] "GET /cormun/static/trsolicitudadjuntos.js?20175251233082 HTTP/1.1" 200 17922
186.103.159.187 - - [13/Jun/2017:13:42:33 -0300] "GET /cormun/servlet/trsolicitudadjuntos?2017,6817, HTTP/1.1" 200 5839
186.103.159.187 - - [13/Jun/2017:13:42:35 -0300] "GET /cormun/servlet/solicitudotadjuntos?INS,2017,6817,,1, HTTP/1.1" 200 5791
186.103.159.187 - - [13/Jun/2017:13:42:35 -0300] "GET /cormun/static/gxcfg.js?201752511522888 HTTP/1.1" 200 953
186.103.159.187 - - [13/Jun/2017:13:42:35 -0300] "GET /cormun/static/solicitudotadjuntos.js?20175251152299 HTTP/1.1" 200 11771
186.103.159.187 - - [13/Jun/2017:13:42:36 -0300] "GET /cormun/static/about:blank HTTP/1.1" 404 1011
186.103.159.187 - - [13/Jun/2017:13:42:36 -0300] "GET /cormun/servlet/solicitudotadjuntos?INS,2017,6817,,1, HTTP/1.1" 200 5785
186.103.159.187 - - [13/Jun/2017:13:42:37 -0300] "GET /cormun/servlet/solicitudotadjuntos?f73765586b0fc4ea5638bd46e28e96406e1820e261758952a3b4ceedc541c9a68f401cb879025720ff0f708f8e789abc,gx-no-cache=1497372190110 HTTP/1.1" 200 30
186.103.159.187 - - [13/Jun/2017:13:42:37 -0300] "POST /cormun/servlet/solicitudotadjuntos?10a1708814ba457328c7d96ca1510730,INS,2017,6817,,1,,gx-no-cache=1497372190167 HTTP/1.1" 200 3645
201.246.238.121 - - [13/Jun/2017:13:42:46 -0300] "POST /cormun/servlet/trcontratosolicitud?374cac60db3aee3811cf625b83f9c717,,gx-no-cache=1497372210614 HTTP/1.1" 200 5047
201.246.238.121 - - [13/Jun/2017:13:43:04 -0300] "GET /cormun/servlet/trsolicitudot? HTTP/1.1" 200 7265
201.246.238.121 - - [13/Jun/2017:13:43:07 -0300] "GET /cormun/servlet/solicitudot?INS,0,0, HTTP/1.1" 200 12893
186.103.159.187 - - [13/Jun/2017:13:43:16 -0300] "POST /cormun/servlet/solicitudotadjuntos?gx-no-cache=1497372229721 HTTP/1.1" 200 26
201.246.238.121 - - [13/Jun/2017:13:43:20 -0300] "POST /cormun/servlet/solicitudot?gx-no-cache=1497372245752 HTTP/1.1" 200 3192
201.246.238.121 - - [13/Jun/2017:13:43:20 -0300] "POST /cormun/servlet/solicitudot?374cac60db3aee3811cf625b83f9c717,INS,0,0,,gx-no-cache=1497372246268 HTTP/1.1" 200 10014
186.103.159.187 - - [13/Jun/2017:13:43:23 -0300] "GET /cormun/servlet/solicitudotadjuntos?f73765586b0fc4ea5638bd46e28e9640b9178bb6fe5e9fd1dc6391fe593ef907,gx-no-cache=1497372236351 HTTP/1.1" 200 30
186.103.159.187 - - [13/Jun/2017:13:43:23 -0300] "GET /cormun/servlet/solicitudotadjuntos?f73765586b0fc4ea5638bd46e28e9640b9178bb6fe5e9fd1dc6391fe593ef907,gx-no-cache=1497372236391 HTTP/1.1" 200 30
186.103.159.187 - - [13/Jun/2017:13:43:24 -0300] "POST /cormun/servlet/solicitudotadjuntos?10a1708814ba457328c7d96ca1510730,INS,2017,6817,,1, HTTP/1.1" 200 116
186.103.159.187 - - [13/Jun/2017:13:43:24 -0300] "GET /cormun/servlet/hpexe_return? HTTP/1.1" 200 1029
186.103.159.187 - - [13/Jun/2017:13:43:25 -0300] "GET /cormun/servlet/trsolicitudadjuntos?2017,6817, HTTP/1.1" 200 8034
201.246.238.121 - - [13/Jun/2017:13:43:25 -0300] "GET /cormun/servlet/solicitudot?74eb995cb87dc6eb8c75309868f58a489d885d95bcf8176fc40930f4288a42d02d37649853ccfc3121e8eb2032257ff2,gx-no-cache=1497372250772 HTTP/1.1" 200 30
201.246.238.121 - - [13/Jun/2017:13:43:25 -0300] "POST /cormun/servlet/solicitudot?gx-no-cache=1497372250865 HTTP/1.1" 200 255
201.246.238.121 - - [13/Jun/2017:13:43:25 -0300] "GET /cormun/servlet/solicitudot?74eb995cb87dc6eb8c75309868f58a482a77bdef583c59e5ef94b322887fbe0169c1c53b55806fe43b8337fa958a2c5a7f11cdf908dbac0cfe93f81da2fc32ba5bd7f2f63b11ee18446fc64f6fd8be96d6b12ea2aa034b18cad23c317aacf922989a68a34801ee8d5e4dcd18ef5e612fd6835503c9fd0083775c0533613eeb16ed56f302ee76cbfe81c260064e5530e859cddee27a98d140a6457ff294555e7fc6ce43a31ed969cb9be6044a7ec95f55203609c14853eef4cb4d7dfc92a5a2747b385643fe36d5933539831c4d57ee5c3f3b2e0312c8ccadefcc27e80b7596e2b48cfb65c15593b43c4634e38503624fcda81e26f5f07f18cef0891777d9665ce7fba4c4f965522c0684062934711818d9fe749c0940013cca2ce56b2b040fbbc2ef0164f273002b0fdaa9244b2da2a8e5b468672681fbcf368d204ed76afa257445f1a7b94767f0ce11496e8dfca85ba2345c93809482ef468187888d971fd14ee7e9a4fee2b7ca666d148a5687cd4dfbe071f4576e255b32fb96d32a4ae2f1,gx-no-cache=1497372250974 HTTP/1.1" 200 30
186.103.159.187 - - [13/Jun/2017:13:43:26 -0300] "GET /cormun/servlet/trsolicitudadjuntos?2017,6817, HTTP/1.1" 200 8030
201.246.238.121 - - [13/Jun/2017:13:43:29 -0300] "POST /cormun/servlet/solicitudot?gx-no-cache=1497372254945 HTTP/1.1" 200 30
186.103.159.187 - - [13/Jun/2017:13:43:31 -0300] "GET /cormun/servlet/solicitudotadjuntos?INS,2017,6817,,1, HTTP/1.1" 200 5791
186.103.159.187 - - [13/Jun/2017:13:43:31 -0300] "GET /cormun/static/about:blank HTTP/1.1" 404 1011
186.103.159.187 - - [13/Jun/2017:13:43:31 -0300] "GET /cormun/servlet/solicitudotadjuntos?INS,2017,6817,,1, HTTP/1.1" 200 5785
186.103.159.187 - - [13/Jun/2017:13:43:32 -0300] "GET /cormun/servlet/solicitudotadjuntos?f73765586b0fc4ea5638bd46e28e96406e1820e261758952a3b4ceedc541c9a68f401cb879025720ff0f708f8e789abc,gx-no-cache=1497372245456 HTTP/1.1" 200 30
186.103.159.187 - - [13/Jun/2017:13:43:32 -0300] "POST /cormun/servlet/solicitudotadjuntos?10a1708814ba457328c7d96ca1510730,INS,2017,6817,,1,,gx-no-cache=1497372245498 HTTP/1.1" 200 3646
201.246.238.121 - - [13/Jun/2017:13:43:33 -0300] "POST /cormun/servlet/solicitudot?gx-no-cache=1497372259164 HTTP/1.1" 200 1301
201.246.238.121 - - [13/Jun/2017:13:43:33 -0300] "POST /cormun/servlet/solicitudot?gx-no-cache=1497372259371 HTTP/1.1" 200 38
186.103.159.187 - - [13/Jun/2017:13:43:36 -0300] "POST /cormun/servlet/solicitudotadjuntos?gx-no-cache=1497372249938 HTTP/1.1" 200 26
201.246.238.121 - - [13/Jun/2017:13:43:41 -0300] "GET /cormun/servlet/solicitudot?74eb995cb87dc6eb8c75309868f58a48d6dfe68e5bd1f4e3048af6833a3e5ab1a71d36836e8e88b8d116aaf54664d08735c7321c332be2f469f16fb40daa1b228145158107a63ea8ead2b701aaf56936e80cf712fcf1a875f9eefbfe30125c67b2060faeaecd9d8636876ae17a3ce5568926919bd898c54a9ad747e0ea573320db699a397755deaa247a0dc28e7a425aaed187fb7660f3fb128b71ba354f1118,gx-no-cache=1497372267137 HTTP/1.1" 200 29
201.246.238.121 - - [13/Jun/2017:13:43:41 -0300] "POST /cormun/servlet/solicitudot?gx-no-cache=1497372267234 HTTP/1.1" 200 1280
201.246.238.121 - - [13/Jun/2017:13:43:45 -0300] "GET /cormun/static/menuarrow.gif HTTP/1.1" 404 1015
190.45.55.254 - - [13/Jun/2017:13:43:55 -0300] "GET /cormun/servlet/hlogin HTTP/1.1" 200 1717
190.45.55.254 - - [13/Jun/2017:13:43:55 -0300] "GET /cormun/servlet/hlogin HTTP/1.1" 200 1728
201.246.238.121 - - [13/Jun/2017:13:43:57 -0300] "POST /cormun/servlet/solicitudot?gx-no-cache=1497372283508 HTTP/1.1" 200 30
190.45.55.254 - - [13/Jun/2017:13:44:02 -0300] "POST /cormun/servlet/hlogin?8a454985a420c7656a401f13891848c7,gx-no-cache=1497372295490 HTTP/1.1" 200 90
190.45.55.254 - - [13/Jun/2017:13:44:02 -0300] "GET /cormun/servlet/hpexe_link HTTP/1.1" 200 947
190.45.55.254 - - [13/Jun/2017:13:44:02 -0300] "GET /cormun/servlet/hhome HTTP/1.1" 200 4108
190.45.55.254 - - [13/Jun/2017:13:44:03 -0300] "GET /cormun/servlet/hhome HTTP/1.1" 200 4105
201.246.238.121 - - [13/Jun/2017:13:44:06 -0300] "POST /cormun/servlet/solicitudot?gx-no-cache=1497372292416 HTTP/1.1" 200 1281
201.246.238.121 - - [13/Jun/2017:13:44:06 -0300] "POST /cormun/servlet/solicitudot?gx-no-cache=1497372292614 HTTP/1.1" 200 30
190.45.55.254 - - [13/Jun/2017:13:44:09 -0300] "GET /cormun/servlet/trlicencias? HTTP/1.1" 200 11659
190.45.55.254 - - [13/Jun/2017:13:44:10 -0300] "GET /cormun/servlet/trlicencias? HTTP/1.1" 200 11656
190.45.55.254 - - [13/Jun/2017:13:44:20 -0300] "GET /cormun/servlet/licenciaspermisos?INS,0,,, HTTP/1.1" 200 7538
190.45.55.254 - - [13/Jun/2017:13:44:20 -0300] "GET /cormun/servlet/licenciaspermisos?INS,0,,, HTTP/1.1" 200 7546
190.45.55.254 - - [13/Jun/2017:13:44:28 -0300] "GET /cormun/servlet/licenciaspermisos?bf347cc4f1a85514fb60ff97d05a10a44cdbd7c87d7191294b4b3fb37038e2753b3eba2e61c62142d2452381da03c242,gx-no-cache=1497372321730 HTTP/1.1" 200 95
190.45.55.254 - - [13/Jun/2017:13:44:29 -0300] "POST /cormun/servlet/licenciaspermisos?8a454985a420c7656a401f13891848c7,INS,0,,,,gx-no-cache=1497372321907 HTTP/1.1" 200 4701
186.103.159.187 - - [13/Jun/2017:13:44:37 -0300] "GET /cormun/servlet/solicitudotadjuntos?f73765586b0fc4ea5638bd46e28e9640b9178bb6fe5e9fd1dc6391fe593ef907,gx-no-cache=1497372310854 HTTP/1.1" 200 30
186.103.159.187 - - [13/Jun/2017:13:44:37 -0300] "GET /cormun/servlet/solicitudotadjuntos?f73765586b0fc4ea5638bd46e28e9640b9178bb6fe5e9fd1dc6391fe593ef907,gx-no-cache=1497372310970 HTTP/1.1" 200 30
186.103.159.187 - - [13/Jun/2017:13:44:38 -0300] "POST /cormun/servlet/solicitudotadjuntos?10a1708814ba457328c7d96ca1510730,INS,2017,6817,,1, HTTP/1.1" 200 116
186.103.159.187 - - [13/Jun/2017:13:44:38 -0300] "GET /cormun/servlet/hpexe_return? HTTP/1.1" 200 1029
186.103.159.187 - - [13/Jun/2017:13:44:39 -0300] "GET /cormun/servlet/trsolicitudadjuntos?2017,6817, HTTP/1.1" 200 8283
186.103.159.187 - - [13/Jun/2017:13:44:40 -0300] "GET /cormun/servlet/trsolicitudadjuntos?2017,6817, HTTP/1.1" 200 8283
186.103.159.187 - - [13/Jun/2017:13:44:42 -0300] "GET /cormun/servlet/solicitudotadjuntos?INS,2017,6817,,1, HTTP/1.1" 200 5791
186.103.159.187 - - [13/Jun/2017:13:44:42 -0300] "GET /cormun/static/about:blank HTTP/1.1" 404 1011
186.103.159.187 - - [13/Jun/2017:13:44:42 -0300] "GET /cormun/servlet/solicitudotadjuntos?INS,2017,6817,,1, HTTP/1.1" 200 5785
186.103.159.187 - - [13/Jun/2017:13:44:43 -0300] "GET /cormun/servlet/solicitudotadjuntos?f73765586b0fc4ea5638bd46e28e96406e1820e261758952a3b4ceedc541c9a68f401cb879025720ff0f708f8e789abc,gx-no-cache=1497372316410 HTTP/1.1" 200 30
186.103.159.187 - - [13/Jun/2017:13:44:43 -0300] "POST /cormun/servlet/solicitudotadjuntos?10a1708814ba457328c7d96ca1510730,INS,2017,6817,,1,,gx-no-cache=1497372316446 HTTP/1.1" 200 3646
186.103.159.187 - - [13/Jun/2017:13:44:53 -0300] "POST /cormun/servlet/solicitudotadjuntos?gx-no-cache=1497372326236 HTTP/1.1" 200 26
186.103.159.187 - - [13/Jun/2017:13:45:21 -0300] "GET /cormun/servlet/solicitudotadjuntos?f73765586b0fc4ea5638bd46e28e9640b9178bb6fe5e9fd1dc6391fe593ef907,gx-no-cache=1497372354217 HTTP/1.1" 200 30
186.103.159.187 - - [13/Jun/2017:13:45:21 -0300] "GET /cormun/servlet/solicitudotadjuntos?f73765586b0fc4ea5638bd46e28e9640b9178bb6fe5e9fd1dc6391fe593ef907,gx-no-cache=1497372354291 HTTP/1.1" 200 30
186.103.159.187 - - [13/Jun/2017:13:45:25 -0300] "POST /cormun/servlet/solicitudotadjuntos?10a1708814ba457328c7d96ca1510730,INS,2017,6817,,1, HTTP/1.1" 200 116
186.103.159.187 - - [13/Jun/2017:13:45:25 -0300] "GET /cormun/servlet/hpexe_return? HTTP/1.1" 200 1029
186.103.159.187 - - [13/Jun/2017:13:45:26 -0300] "GET /cormun/servlet/trsolicitudadjuntos?2017,6817, HTTP/1.1" 200 8452
190.45.55.254 - - [13/Jun/2017:13:45:26 -0300] "GET /cormun/static/menuarrow.gif HTTP/1.1" 404 1015
186.103.159.187 - - [13/Jun/2017:13:45:27 -0300] "GET /cormun/servlet/trsolicitudadjuntos?2017,6817, HTTP/1.1" 200 8450
186.103.159.187 - - [13/Jun/2017:13:45:28 -0300] "GET /cormun/servlet/solicitudotadjuntos?INS,2017,6817,,1, HTTP/1.1" 200 5791
186.103.159.187 - - [13/Jun/2017:13:45:29 -0300] "GET /cormun/static/about:blank HTTP/1.1" 404 1011
186.103.159.187 - - [13/Jun/2017:13:45:29 -0300] "GET /cormun/servlet/solicitudotadjuntos?INS,2017,6817,,1, HTTP/1.1" 200 5785
186.103.159.187 - - [13/Jun/2017:13:45:30 -0300] "GET /cormun/servlet/solicitudotadjuntos?f73765586b0fc4ea5638bd46e28e96406e1820e261758952a3b4ceedc541c9a68f401cb879025720ff0f708f8e789abc,gx-no-cache=1497372363024 HTTP/1.1" 200 30
186.103.159.187 - - [13/Jun/2017:13:45:30 -0300] "POST /cormun/servlet/solicitudotadjuntos?10a1708814ba457328c7d96ca1510730,INS,2017,6817,,1,,gx-no-cache=1497372363093 HTTP/1.1" 200 3646
201.246.238.121 - - [13/Jun/2017:13:45:32 -0300] "POST /cormun/servlet/solicitudot?374cac60db3aee3811cf625b83f9c717,INS,0,0,,gx-no-cache=1497372377301 HTTP/1.1" 200 93
201.246.238.121 - - [13/Jun/2017:13:45:32 -0300] "GET /cormun/servlet/hpexe_return? HTTP/1.1" 200 1006
201.246.238.121 - - [13/Jun/2017:13:45:32 -0300] "GET /cormun/static/gxcfg.js?2016101716175148 HTTP/1.1" 304 -
201.246.238.121 - - [13/Jun/2017:13:45:32 -0300] "GET /cormun/static/hpexe_return.js?2016101716175153 HTTP/1.1" 304 -
201.246.238.121 - - [13/Jun/2017:13:45:32 -0300] "GET /cormun/servlet/trsolicitudot HTTP/1.1" 200 8637
186.103.159.187 - - [13/Jun/2017:13:45:34 -0300] "POST /cormun/servlet/solicitudotadjuntos?gx-no-cache=1497372367983 HTTP/1.1" 200 26
186.103.159.187 - - [13/Jun/2017:13:46:05 -0300] "GET /cormun/servlet/solicitudotadjuntos?f73765586b0fc4ea5638bd46e28e9640b9178bb6fe5e9fd1dc6391fe593ef907,gx-no-cache=1497372398784 HTTP/1.1" 200 30
186.103.159.187 - - [13/Jun/2017:13:46:05 -0300] "GET /cormun/servlet/solicitudotadjuntos?f73765586b0fc4ea5638bd46e28e9640b9178bb6fe5e9fd1dc6391fe593ef907,gx-no-cache=1497372398840 HTTP/1.1" 200 30
186.103.159.187 - - [13/Jun/2017:13:46:06 -0300] "POST /cormun/servlet/solicitudotadjuntos?10a1708814ba457328c7d96ca1510730,INS,2017,6817,,1, HTTP/1.1" 200 116
186.103.159.187 - - [13/Jun/2017:13:46:07 -0300] "GET /cormun/servlet/hpexe_return? HTTP/1.1" 200 1029
186.103.159.187 - - [13/Jun/2017:13:46:07 -0300] "GET /cormun/servlet/trsolicitudadjuntos?2017,6817, HTTP/1.1" 200 8585
186.103.159.187 - - [13/Jun/2017:13:46:08 -0300] "GET /cormun/servlet/trsolicitudadjuntos?2017,6817, HTTP/1.1" 200 8584
186.103.159.187 - - [13/Jun/2017:13:46:18 -0300] "GET /cormun/servlet/solicitudotadjuntos?INS,2017,6817,,1, HTTP/1.1" 200 5791
186.103.159.187 - - [13/Jun/2017:13:46:19 -0300] "GET /cormun/static/about:blank HTTP/1.1" 404 1011
186.103.159.187 - - [13/Jun/2017:13:46:19 -0300] "GET /cormun/servlet/solicitudotadjuntos?INS,2017,6817,,1, HTTP/1.1" 200 5785
186.103.159.187 - - [13/Jun/2017:13:46:20 -0300] "GET /cormun/servlet/solicitudotadjuntos?f73765586b0fc4ea5638bd46e28e96406e1820e261758952a3b4ceedc541c9a68f401cb879025720ff0f708f8e789abc,gx-no-cache=1497372413166 HTTP/1.1" 200 30
186.103.159.187 - - [13/Jun/2017:13:46:20 -0300] "POST /cormun/servlet/solicitudotadjuntos?10a1708814ba457328c7d96ca1510730,INS,2017,6817,,1,,gx-no-cache=1497372413195 HTTP/1.1" 200 3646
186.103.159.187 - - [13/Jun/2017:13:46:24 -0300] "POST /cormun/servlet/solicitudotadjuntos?gx-no-cache=1497372417579 HTTP/1.1" 200 26
186.103.159.187 - - [13/Jun/2017:13:46:33 -0300] "GET /cormun/servlet/solicitudotadjuntos?f73765586b0fc4ea5638bd46e28e9640b9178bb6fe5e9fd1dc6391fe593ef907,gx-no-cache=1497372426883 HTTP/1.1" 200 30
186.103.159.187 - - [13/Jun/2017:13:46:33 -0300] "GET /cormun/servlet/solicitudotadjuntos?f73765586b0fc4ea5638bd46e28e9640b9178bb6fe5e9fd1dc6391fe593ef907,gx-no-cache=1497372426922 HTTP/1.1" 200 30
186.103.159.187 - - [13/Jun/2017:13:46:34 -0300] "POST /cormun/servlet/solicitudotadjuntos?10a1708814ba457328c7d96ca1510730,INS,2017,6817,,1, HTTP/1.1" 200 116
186.103.159.187 - - [13/Jun/2017:13:46:35 -0300] "GET /cormun/servlet/hpexe_return? HTTP/1.1" 200 1029
186.103.159.187 - - [13/Jun/2017:13:46:35 -0300] "GET /cormun/servlet/trsolicitudadjuntos?2017,6817, HTTP/1.1" 200 8780
186.103.159.187 - - [13/Jun/2017:13:46:37 -0300] "GET /cormun/servlet/trsolicitudadjuntos?2017,6817, HTTP/1.1" 200 8776
186.103.159.187 - - [13/Jun/2017:13:46:41 -0300] "GET /cormun/servlet/solicitudotadjuntos?INS,2017,6817,,1, HTTP/1.1" 200 5791
186.103.159.187 - - [13/Jun/2017:13:46:41 -0300] "GET /cormun/static/about:blank HTTP/1.1" 404 1011
186.103.159.187 - - [13/Jun/2017:13:46:41 -0300] "GET /cormun/servlet/solicitudotadjuntos?INS,2017,6817,,1, HTTP/1.1" 200 5785
186.103.159.187 - - [13/Jun/2017:13:46:42 -0300] "GET /cormun/servlet/solicitudotadjuntos?f73765586b0fc4ea5638bd46e28e96406e1820e261758952a3b4ceedc541c9a68f401cb879025720ff0f708f8e789abc,gx-no-cache=1497372435409 HTTP/1.1" 200 30
186.103.159.187 - - [13/Jun/2017:13:46:42 -0300] "POST /cormun/servlet/solicitudotadjuntos?10a1708814ba457328c7d96ca1510730,INS,2017,6817,,1,,gx-no-cache=1497372435450 HTTP/1.1" 200 3646
186.103.159.187 - - [13/Jun/2017:13:46:46 -0300] "POST /cormun/servlet/solicitudotadjuntos?gx-no-cache=1497372439025 HTTP/1.1" 200 26
201.246.238.121 - - [13/Jun/2017:13:46:51 -0300] "POST /cormun/servlet/trsolicitudot?374cac60db3aee3811cf625b83f9c717,gx-no-cache=1497372456840 HTTP/1.1" 200 5731
201.246.238.121 - - [13/Jun/2017:13:46:52 -0300] "POST /cormun/servlet/trsolicitudot?374cac60db3aee3811cf625b83f9c717,gx-no-cache=1497372457488 HTTP/1.1" 200 5676
201.246.238.121 - - [13/Jun/2017:13:46:52 -0300] "GET /cormun/static/Shared/jqueryui/images/ui-bg_flat_55_fafafa_40x100.png HTTP/1.1" 404 1097
201.246.238.121 - - [13/Jun/2017:13:46:52 -0300] "GET /cormun/static/Shared/jqueryui/images/ui-icons_82798d_256x240.png HTTP/1.1" 404 1089
201.246.238.121 - - [13/Jun/2017:13:46:52 -0300] "GET /cormun/static/Shared/jqueryui/images/ui-bg_highlight-soft_100_c6c2c8_1x100.png HTTP/1.1" 404 1117
201.246.238.121 - - [13/Jun/2017:13:46:52 -0300] "GET /cormun/static/Shared/jqueryui/images/ui-icons_8d78a5_256x240.png HTTP/1.1" 404 1089
201.246.238.121 - - [13/Jun/2017:13:46:58 -0300] "GET /cormun/servlet/trautorizarsolicitud? HTTP/1.1" 200 8256
201.246.238.121 - - [13/Jun/2017:13:47:03 -0300] "POST /cormun/servlet/trautorizarsolicitud?374cac60db3aee3811cf625b83f9c717,,gx-no-cache=1497372468722 HTTP/1.1" 200 4325
201.246.238.121 - - [13/Jun/2017:13:47:03 -0300] "POST /cormun/servlet/trautorizarsolicitud?374cac60db3aee3811cf625b83f9c717,,gx-no-cache=1497372469278 HTTP/1.1" 200 4107
201.246.238.121 - - [13/Jun/2017:13:47:04 -0300] "GET /cormun/static/Shared/jqueryui/images/ui-icons_82798d_256x240.png HTTP/1.1" 404 1089
201.246.238.121 - - [13/Jun/2017:13:47:04 -0300] "GET /cormun/static/Shared/jqueryui/images/ui-bg_highlight-soft_100_c6c2c8_1x100.png HTTP/1.1" 404 1117
201.246.238.121 - - [13/Jun/2017:13:47:04 -0300] "GET /cormun/static/Shared/jqueryui/images/ui-icons_8d78a5_256x240.png HTTP/1.1" 404 1089
201.246.238.121 - - [13/Jun/2017:13:47:04 -0300] "GET /cormun/static/Shared/jqueryui/images/ui-bg_flat_55_fafafa_40x100.png HTTP/1.1" 404 1097
186.103.159.187 - - [13/Jun/2017:13:47:04 -0300] "GET /cormun/servlet/solicitudotadjuntos?f73765586b0fc4ea5638bd46e28e9640b9178bb6fe5e9fd1dc6391fe593ef907,gx-no-cache=1497372457856 HTTP/1.1" 200 30
186.103.159.187 - - [13/Jun/2017:13:47:04 -0300] "GET /cormun/servlet/solicitudotadjuntos?f73765586b0fc4ea5638bd46e28e9640b9178bb6fe5e9fd1dc6391fe593ef907,gx-no-cache=1497372457878 HTTP/1.1" 200 30
186.103.159.187 - - [13/Jun/2017:13:47:05 -0300] "POST /cormun/servlet/solicitudotadjuntos?10a1708814ba457328c7d96ca1510730,INS,2017,6817,,1, HTTP/1.1" 200 116
186.103.159.187 - - [13/Jun/2017:13:47:05 -0300] "GET /cormun/servlet/hpexe_return? HTTP/1.1" 200 1029
186.103.159.187 - - [13/Jun/2017:13:47:06 -0300] "GET /cormun/servlet/trsolicitudadjuntos?2017,6817, HTTP/1.1" 200 9036
186.103.159.187 - - [13/Jun/2017:13:47:07 -0300] "GET /cormun/servlet/trsolicitudadjuntos?2017,6817, HTTP/1.1" 200 9032
186.103.159.187 - - [13/Jun/2017:13:47:11 -0300] "POST /cormun/servlet/trsolicitudadjuntos?10a1708814ba457328c7d96ca1510730,2017,6817,,gx-no-cache=1497372463973 HTTP/1.1" 200 90
186.103.159.187 - - [13/Jun/2017:13:47:11 -0300] "GET /cormun/servlet/hpexe_link HTTP/1.1" 200 969
186.103.159.187 - - [13/Jun/2017:13:47:11 -0300] "GET /cormun/servlet/trsolicitudot HTTP/1.1" 200 9539
201.246.238.121 - - [13/Jun/2017:13:47:11 -0300] "GET /cormun/servlet/trsolicitudot? HTTP/1.1" 200 8634
186.103.159.187 - - [13/Jun/2017:13:47:12 -0300] "GET /cormun/servlet/trsolicitudot HTTP/1.1" 200 9537
201.246.238.121 - - [13/Jun/2017:13:47:17 -0300] "POST /cormun/servlet/trsolicitudot?374cac60db3aee3811cf625b83f9c717,,gx-no-cache=1497372482481 HTTP/1.1" 200 5678
201.246.238.121 - - [13/Jun/2017:13:47:21 -0300] "GET /cormun/servlet/trautorizarsolicitud? HTTP/1.1" 200 6972
186.103.159.187 - - [13/Jun/2017:13:47:24 -0300] "POST /cormun/servlet/trsolicitudot?10a1708814ba457328c7d96ca1510730,gx-no-cache=1497372477398 HTTP/1.1" 200 6782
186.103.159.187 - - [13/Jun/2017:13:47:24 -0300] "GET /cormun/static/Shared/jqueryui/images/ui-bg_highlight-soft_100_c6c2c8_1x100.png HTTP/1.1" 404 1117
186.103.159.187 - - [13/Jun/2017:13:47:24 -0300] "GET /cormun/static/Shared/jqueryui/images/ui-icons_82798d_256x240.png HTTP/1.1" 404 1089
186.103.159.187 - - [13/Jun/2017:13:47:24 -0300] "GET /cormun/static/Shared/jqueryui/images/ui-icons_8d78a5_256x240.png HTTP/1.1" 404 1089
186.103.159.187 - - [13/Jun/2017:13:47:24 -0300] "GET /cormun/static/Shared/jqueryui/images/ui-bg_flat_55_fafafa_40x100.png HTTP/1.1" 404 1097
186.103.159.187 - - [13/Jun/2017:13:47:24 -0300] "POST /cormun/servlet/trsolicitudot?10a1708814ba457328c7d96ca1510730,gx-no-cache=1497372477787 HTTP/1.1" 200 6726
201.246.238.121 - - [13/Jun/2017:13:47:27 -0300] "GET /cormun/servlet/trvisualizadoreventos? HTTP/1.1" 200 6796
201.246.238.121 - - [13/Jun/2017:13:47:30 -0300] "GET /cormun/servlet/trsolicitudot? HTTP/1.1" 200 8634
201.246.238.121 - - [13/Jun/2017:13:47:36 -0300] "POST /cormun/servlet/trsolicitudot?374cac60db3aee3811cf625b83f9c717,,gx-no-cache=1497372502235 HTTP/1.1" 200 5681
201.246.238.121 - - [13/Jun/2017:13:47:40 -0300] "GET /cormun/servlet/trautorizarsolicitud? HTTP/1.1" 200 6972
186.103.159.187 - - [13/Jun/2017:13:47:41 -0300] "POST /cormun/servlet/trsolicitudot?10a1708814ba457328c7d96ca1510730,gx-no-cache=1497372494847 HTTP/1.1" 200 6727
201.246.238.121 - - [13/Jun/2017:13:47:51 -0300] "GET /cormun/servlet/trsolicitudot? HTTP/1.1" 200 8634
186.103.159.187 - - [13/Jun/2017:13:47:51 -0300] "POST /cormun/servlet/trsolicitudot?10a1708814ba457328c7d96ca1510730,gx-no-cache=1497372504764 HTTP/1.1" 200 6727
201.246.238.121 - - [13/Jun/2017:13:47:56 -0300] "GET /cormun/servlet/trautorizarsolicitud? HTTP/1.1" 200 6972
201.246.238.121 - - [13/Jun/2017:13:48:00 -0300] "GET /cormun/servlet/trvisualizadoreventos? HTTP/1.1" 200 6796
201.246.238.121 - - [13/Jun/2017:13:48:04 -0300] "GET /cormun/servlet/trsolicitudot? HTTP/1.1" 200 8634
186.103.159.187 - - [13/Jun/2017:13:48:05 -0300] "POST /cormun/servlet/trsolicitudot?10a1708814ba457328c7d96ca1510730,gx-no-cache=1497372518052 HTTP/1.1" 200 6727
186.103.159.187 - - [13/Jun/2017:13:48:46 -0300] "POST /cormun/servlet/trsolicitudot?10a1708814ba457328c7d96ca1510730,gx-no-cache=1497372559004 HTTP/1.1" 200 6726
201.246.238.121 - - [13/Jun/2017:13:48:51 -0300] "GET /cormun/servlet/solicitudot?INS,0,0, HTTP/1.1" 200 12893
186.103.159.187 - - [13/Jun/2017:13:49:10 -0300] "POST /cormun/servlet/trsolicitudot?10a1708814ba457328c7d96ca1510730,gx-no-cache=1497372582863 HTTP/1.1" 200 90
186.103.159.187 - - [13/Jun/2017:13:49:10 -0300] "GET /cormun/servlet/hpexe_link HTTP/1.1" 200 959
186.103.159.187 - - [13/Jun/2017:13:49:10 -0300] "GET /cormun/servlet/hhome HTTP/1.1" 200 3740
186.103.159.187 - - [13/Jun/2017:13:49:11 -0300] "GET /cormun/servlet/hhome HTTP/1.1" 200 3737
186.103.159.187 - - [13/Jun/2017:13:49:31 -0300] "GET /cormun/servlet/hlogin HTTP/1.1" 200 1728
186.103.159.187 - - [13/Jun/2017:13:49:39 -0300] "POST /cormun/servlet/hlogin?10a1708814ba457328c7d96ca1510730,gx-no-cache=1497372612626 HTTP/1.1" 200 90
186.103.159.187 - - [13/Jun/2017:13:49:39 -0300] "GET /cormun/servlet/hpexe_link HTTP/1.1" 200 955
186.103.159.187 - - [13/Jun/2017:13:49:39 -0300] "GET /cormun/servlet/hhome HTTP/1.1" 200 3740
186.103.159.187 - - [13/Jun/2017:13:49:41 -0300] "GET /cormun/servlet/hhome HTTP/1.1" 200 3737
186.103.159.187 - - [13/Jun/2017:13:49:56 -0300] "GET /cormun/servlet/trsolicitudot? HTTP/1.1" 200 9539
186.103.159.187 - - [13/Jun/2017:13:49:57 -0300] "GET /cormun/servlet/trsolicitudot? HTTP/1.1" 200 9537
201.246.238.121 - - [13/Jun/2017:13:49:59 -0300] "POST /cormun/servlet/solicitudot?gx-no-cache=1497372644689 HTTP/1.1" 200 3100
201.246.238.121 - - [13/Jun/2017:13:50:00 -0300] "POST /cormun/servlet/solicitudot?374cac60db3aee3811cf625b83f9c717,INS,0,0,,gx-no-cache=1497372645312 HTTP/1.1" 200 9913
201.246.238.121 - - [13/Jun/2017:13:50:06 -0300] "GET /cormun/servlet/prfichaempleado?,MD,,gxPopupLevel%3D0%3B HTTP/1.1" 200 8882
201.246.238.121 - - [13/Jun/2017:13:50:06 -0300] "GET /cormun/static/gxcfg.js?2017319125415 HTTP/1.1" 304 -
186.103.159.187 - - [13/Jun/2017:13:50:06 -0300] "POST /cormun/servlet/trsolicitudot?10a1708814ba457328c7d96ca1510730,,gx-no-cache=1497372639212 HTTP/1.1" 200 6726
201.246.238.121 - - [13/Jun/2017:13:50:06 -0300] "GET /cormun/static/prfichaempleado.js?20173191254344 HTTP/1.1" 304 -
201.246.238.121 - - [13/Jun/2017:13:50:06 -0300] "GET /cormun/static/menusearch.js?201610171694467 HTTP/1.1" 304 -
201.246.238.121 - - [13/Jun/2017:13:50:06 -0300] "GET /cormun/static/hmpwkw011.js?20175251212473 HTTP/1.1" 304 -
186.103.159.187 - - [13/Jun/2017:13:50:20 -0300] "POST /cormun/servlet/trsolicitudot?10a1708814ba457328c7d96ca1510730,,gx-no-cache=1497372653220 HTTP/1.1" 200 4265
186.103.159.187 - - [13/Jun/2017:13:50:26 -0300] "GET /cormun/servlet/hlogin HTTP/1.1" 200 1743
186.103.159.187 - - [13/Jun/2017:13:50:38 -0300] "POST /cormun/servlet/hlogin?10a1708814ba457328c7d96ca1510730,gx-no-cache=1497372671727 HTTP/1.1" 200 90
186.103.159.187 - - [13/Jun/2017:13:50:38 -0300] "GET /cormun/servlet/hpexe_link HTTP/1.1" 200 955
186.103.159.187 - - [13/Jun/2017:13:50:39 -0300] "GET /cormun/servlet/hhome HTTP/1.1" 200 3953
186.103.159.187 - - [13/Jun/2017:13:50:40 -0300] "GET /cormun/servlet/hhome HTTP/1.1" 200 3949
186.103.159.187 - - [13/Jun/2017:13:50:40 -0300] "GET /cormun/static/SmoothNavMenu/resources/images/right.gif HTTP/1.1" 200 860
186.103.159.187 - - [13/Jun/2017:13:50:44 -0300] "GET /cormun/servlet/trautorizarsolicitud? HTTP/1.1" 200 8122
186.103.159.187 - - [13/Jun/2017:13:50:44 -0300] "GET /cormun/static/gxcfg.js?20174261241362 HTTP/1.1" 200 953
186.103.159.187 - - [13/Jun/2017:13:50:44 -0300] "GET /cormun/static/trautorizarsolicitud.js?201742612414370 HTTP/1.1" 200 53910
186.103.159.187 - - [13/Jun/2017:13:50:44 -0300] "GET /cormun/servlet/trautorizarsolicitud? HTTP/1.1" 200 8120
186.103.159.187 - - [13/Jun/2017:13:50:53 -0300] "POST /cormun/servlet/trautorizarsolicitud?10a1708814ba457328c7d96ca1510730,,gx-no-cache=1497372686711 HTTP/1.1" 200 4318
186.103.159.187 - - [13/Jun/2017:13:50:54 -0300] "GET /cormun/static/Shared/jqueryui/images/ui-bg_highlight-soft_100_c6c2c8_1x100.png HTTP/1.1" 404 1117
186.103.159.187 - - [13/Jun/2017:13:50:54 -0300] "GET /cormun/static/Shared/jqueryui/images/ui-icons_82798d_256x240.png HTTP/1.1" 404 1089
186.103.159.187 - - [13/Jun/2017:13:50:54 -0300] "GET /cormun/static/Shared/jqueryui/images/ui-bg_flat_55_fafafa_40x100.png HTTP/1.1" 404 1097
186.103.159.187 - - [13/Jun/2017:13:50:54 -0300] "GET /cormun/static/Shared/jqueryui/images/ui-icons_8d78a5_256x240.png HTTP/1.1" 404 1089
186.103.159.187 - - [13/Jun/2017:13:50:54 -0300] "POST /cormun/servlet/trautorizarsolicitud?10a1708814ba457328c7d96ca1510730,,gx-no-cache=1497372687106 HTTP/1.1" 200 4106
201.246.238.121 - - [13/Jun/2017:13:50:57 -0300] "GET /cormun/servlet/solicitudot?74eb995cb87dc6eb8c75309868f58a483c9424c8baeaf96f2b74d4475f9d3dfb2d37649853ccfc3121e8eb2032257ff2,gx-no-cache=1497372703484 HTTP/1.1" 200 30
201.246.238.121 - - [13/Jun/2017:13:53:44 -0300] "POST /cormun/servlet/solicitudot?gx-no-cache=1497372870315 HTTP/1.1" 200 255
201.246.238.121 - - [13/Jun/2017:13:53:54 -0300] "GET /cormun/servlet/solicitudot?74eb995cb87dc6eb8c75309868f58a482a77bdef583c59e5ef94b322887fbe0169c1c53b55806fe43b8337fa958a2c5a7f11cdf908dbac0cfe93f81da2fc32ba5bd7f2f63b11ee18446fc64f6fd8be96d6b12ea2aa034b18cad23c317aacf922989a68a34801ee8d5e4dcd18ef5e612fd6835503c9fd0083775c0533613eeb16ed56f302ee76cbfe81c260064e5530e859cddee27a98d140a6457ff294555e7fc6ce43a31ed969cb9be6044a7ec95f55203609c14853eef4cb4d7dfc92a5a2747b385643fe36d5933539831c4d57ee5c3f3b2e0312c8ccadefcc27e80b7596e2b48cfb65c15593b43c4634e38503624fcda81e26f5f07f18cef0891777d9665ce7fba4c4f965522c0684062934711818d9fe749c0940013cca2ce56b2b040fbbc2ef0164f273002b0fdaa9244b2da2a8e5b468672681fbcf368d204ed76afa257445f1a7b94767f0ce11496e8dfca85ba2345c93809482ef468187888d971fd14ee7e9a4fee2b7ca666d148a5687cd4dfbe071f4576e255b32fb96d32a4ae2f1,gx-no-cache=1497372879794 HTTP/1.1" 200 30
201.246.238.121 - - [13/Jun/2017:13:53:58 -0300] "POST /cormun/servlet/solicitudot?gx-no-cache=1497372884127 HTTP/1.1" 200 30
186.103.248.213 - - [13/Jun/2017:13:53:58 -0300] "GET /cormun/servlet/hlogin HTTP/1.1" 200 1714
186.103.248.213 - - [13/Jun/2017:13:53:58 -0300] "GET /cormun/static/gxcfg.js?20175251213516 HTTP/1.1" 200 953
186.103.248.213 - - [13/Jun/2017:13:53:59 -0300] "GET /cormun/static/Resources/ComunLogin.png HTTP/1.1" 200 17326
186.103.248.213 - - [13/Jun/2017:13:53:59 -0300] "GET /cormun/static/Resources/Spanish/PXTools.css?11423723 HTTP/1.1" 200 89042
186.103.248.213 - - [13/Jun/2017:13:53:59 -0300] "GET /cormun/static/Resources/PXToolsLoginTop.png HTTP/1.1" 200 1337
186.103.248.213 - - [13/Jun/2017:13:53:59 -0300] "GET /cormun/static/Resources/PXToolsLoginBackground.png HTTP/1.1" 200 1164
186.103.248.213 - - [13/Jun/2017:13:53:59 -0300] "GET /cormun/static/Resources/PXToolsButtonLeft21.png HTTP/1.1" 200 1287
186.103.248.213 - - [13/Jun/2017:13:53:59 -0300] "GET /cormun/static/Resources/indicator.gif HTTP/1.1" 200 1553
190.151.100.218 - - [13/Jun/2017:13:53:59 -0300] "GET /cormun/static/Resources/PXToolsButtonBackground2.png HTTP/1.1" 200 1181
200.72.197.82 - - [13/Jun/2017:13:53:59 -0300] "GET /cormun/static/Resources/PXToolsButtonRight21.png HTTP/1.1" 200 1283
190.151.100.218 - - [13/Jun/2017:13:53:59 -0300] "GET /cormun/static/Resources/PXToolsLoginBottom.png HTTP/1.1" 200 1389
201.246.238.121 - - [13/Jun/2017:13:54:01 -0300] "GET /cormun/servlet/prsolicitudot?13620190,,,,,MD,,gxPopupLevel%3D0%3B HTTP/1.1" 200 5991
200.72.197.82 - - [13/Jun/2017:13:54:01 -0300] "POST /cormun/servlet/hlogin?1552e971442f23bbe9712a1c361708b2,gx-no-cache=1497372895248 HTTP/1.1" 200 90
200.72.197.82 - - [13/Jun/2017:13:54:01 -0300] "GET /cormun/servlet/hpexe_link HTTP/1.1" 200 947
200.72.197.82 - - [13/Jun/2017:13:54:01 -0300] "GET /cormun/static/gxcfg.js?20175251212395 HTTP/1.1" 200 953
190.151.100.218 - - [13/Jun/2017:13:54:01 -0300] "GET /cormun/static/hpexe_link.js?20175251212399 HTTP/1.1" 200 625
201.246.238.121 - - [13/Jun/2017:13:54:01 -0300] "GET /cormun/static/gxcfg.js?201742612401733 HTTP/1.1" 200 953
201.246.238.121 - - [13/Jun/2017:13:54:01 -0300] "GET /cormun/static/prsolicitudot.js?20174261240196 HTTP/1.1" 200 13680
200.72.197.82 - - [13/Jun/2017:13:54:01 -0300] "GET /cormun/servlet/hhome HTTP/1.1" 200 3778
186.103.248.213 - - [13/Jun/2017:13:54:01 -0300] "GET /cormun/static/scaMessage/css/jquery.pnotify.default.css?1716380 HTTP/1.1" 200 1707
186.103.248.213 - - [13/Jun/2017:13:54:01 -0300] "GET /cormun/static/PXToolsJavascripts/pexe_autoreload.js HTTP/1.1" 200 1762
190.151.100.218 - - [13/Jun/2017:13:54:01 -0300] "GET /cormun/static/SmoothNavMenu/resources/ddsmoothmenu-v.css?1012540 HTTP/1.1" 200 1188
190.151.100.218 - - [13/Jun/2017:13:54:01 -0300] "GET /cormun/static/SmoothNavMenu/resources/ddsmoothmenu.css?1012540 HTTP/1.1" 200 2223
186.103.248.213 - - [13/Jun/2017:13:54:01 -0300] "GET /cormun/static/gxcfg.js?20175251212442 HTTP/1.1" 200 953
186.103.248.213 - - [13/Jun/2017:13:54:01 -0300] "GET /cormun/static/PXToolsJavascripts/pexe_cookies.js HTTP/1.1" 200 792
200.72.197.82 - - [13/Jun/2017:13:54:01 -0300] "GET /cormun/static/Shared/jqueryui/jquery-ui.min.css?1245370 HTTP/1.1" 200 30288
186.103.248.213 - - [13/Jun/2017:13:54:01 -0300] "GET /cormun/static/PXToolsJavascripts/pexe_windows.js HTTP/1.1" 200 15207
190.151.100.218 - - [13/Jun/2017:13:54:01 -0300] "GET /cormun/static/PXToolsJavascripts/pexe_griddivfix.js HTTP/1.1" 200 6644
190.151.100.218 - - [13/Jun/2017:13:54:01 -0300] "GET /cormun/static/PXToolsJavascripts/pexe_link.js HTTP/1.1" 200 5671
186.103.248.213 - - [13/Jun/2017:13:54:01 -0300] "GET /cormun/static/PXToolsJavascripts/pexe_grid.js HTTP/1.1" 200 7559
186.103.248.213 - - [13/Jun/2017:13:54:01 -0300] "GET /cormun/static/PXToolsJavascripts/pexe_menudivfix.js HTTP/1.1" 200 333
186.103.248.213 - - [13/Jun/2017:13:54:01 -0300] "GET /cormun/static/PXToolsJavascripts/pexe_oav.js HTTP/1.1" 200 645
190.151.100.218 - - [13/Jun/2017:13:54:01 -0300] "GET /cormun/static/PXToolsJavascripts/pexe_menus.js HTTP/1.1" 200 1286
190.151.100.218 - - [13/Jun/2017:13:54:01 -0300] "GET /cormun/static/PXToolsJavascripts/pexe_layers.js HTTP/1.1" 200 4114
200.72.197.82 - - [13/Jun/2017:13:54:01 -0300] "GET /cormun/static/PXToolsJavascripts/pexe_oavdivfix.js HTTP/1.1" 200 639
186.103.248.213 - - [13/Jun/2017:13:54:01 -0300] "GET /cormun/static/PXToolsJavascripts/pexe_picture.js HTTP/1.1" 200 689
190.151.100.218 - - [13/Jun/2017:13:54:01 -0300] "GET /cormun/static/PXToolsJavascripts/pexe_tabs.js HTTP/1.1" 200 3748
190.151.100.218 - - [13/Jun/2017:13:54:01 -0300] "GET /cormun/static/PXToolsJavascripts/pexe_scrolldiv.js HTTP/1.1" 200 4138
186.103.248.213 - - [13/Jun/2017:13:54:01 -0300] "GET /cormun/static/PXToolsJavascripts/pexe_popup.js HTTP/1.1" 200 13458
186.103.248.213 - - [13/Jun/2017:13:54:01 -0300] "GET /cormun/static/PXToolsJavascripts/pexe_tabdivfix.js HTTP/1.1" 200 876
186.103.248.213 - - [13/Jun/2017:13:54:01 -0300] "GET /cormun/static/PXToolsJavascripts/PXToolsJavascriptsRender.js HTTP/1.1" 200 367
200.72.197.82 - - [13/Jun/2017:13:54:02 -0300] "GET /cormun/static/PXToolsJavascripts/pexe_upload.js HTTP/1.1" 200 1423
186.103.248.213 - - [13/Jun/2017:13:54:02 -0300] "GET /cormun/static/RunJS/RunJS.js HTTP/1.1" 200 288
186.103.248.213 - - [13/Jun/2017:13:54:02 -0300] "GET /cormun/static/hhome.js?20175251212450 HTTP/1.1" 200 777
186.103.248.213 - - [13/Jun/2017:13:54:02 -0300] "GET /cormun/static/Resources/PXToolsHeaderBackground2.png HTTP/1.1" 200 1174
200.72.197.82 - - [13/Jun/2017:13:54:02 -0300] "GET /cormun/static/Shared/ext/locale/ext-lang-en.js HTTP/1.1" 200 10940
190.151.100.218 - - [13/Jun/2017:13:54:02 -0300] "GET /cormun/static/hwchdr01.js?201752511465785 HTTP/1.1" 200 1183
190.151.100.218 - - [13/Jun/2017:13:54:02 -0300] "GET /cormun/static/hpexe_recentlink.js?201610171694390 HTTP/1.1" 200 2144
190.151.100.218 - - [13/Jun/2017:13:54:02 -0300] "GET /cormun/static/Resources/PXToolsDataTitle.png HTTP/1.1" 200 1173
190.151.100.218 - - [13/Jun/2017:13:54:02 -0300] "GET /cormun/static/Resources/PXToolsHeaderActionsBackground.png HTTP/1.1" 200 484
200.72.197.82 - - [13/Jun/2017:13:54:02 -0300] "GET /cormun/static/Resources/PXToolsFooterBackground2.png HTTP/1.1" 200 1172
200.72.197.82 - - [13/Jun/2017:13:54:02 -0300] "GET /cormun/static/Resources/PXToolsHeaderActionsLeft.png HTTP/1.1" 200 1118
186.103.248.213 - - [13/Jun/2017:13:54:03 -0300] "GET /cormun/static/Resources/PXToolsHeaderHome.png HTTP/1.1" 200 4147
186.103.248.213 - - [13/Jun/2017:13:54:03 -0300] "GET /cormun/static/Resources/PXToolsHeaderActionsRight.png HTTP/1.1" 200 1201
186.103.248.213 - - [13/Jun/2017:13:54:03 -0300] "GET /cormun/static/Resources/PXToolsHeaderPreferences.png HTTP/1.1" 200 4189
