186.67.172.234 - - [13/Jun/2017:11:06:27 -0300] "GET /cormun/servlet/licenciaspermisos?0e0eef184b0ad7b0342b8d1379f75254cc3443e8d96f3254c4563e01dde38d91201e130a11a682a80a5cb44548c610ca57ab6f021f822ae2e7c442ef2244be4d49a1fbe5451bef9b31caeca439c5253fe00fb6286c87c60bd967963fa1c7a41c0996b2296c69d3d6b363f7d645589c46389c8eb18febf6c5245c45648a8ad513ceee9e123b51a991c4c90376cd5ab38dded34734d4933274113a7c9d25eb3a4c880de513a43d0fd8ec461c65b44f5765,gx-no-cache=1497362838968 HTTP/1.1" 200 30
186.67.172.234 - - [13/Jun/2017:11:06:27 -0300] "GET /cormun/servlet/licenciaspermisos?0e0eef184b0ad7b0342b8d1379f7525474a55f39aca470acfd880a12328afc174cd868fa78be73500f1052dbbdce1b72e6a843fbf8246d027f2b290db4d40d85985cc4c4dfde1177926e9ca3d7f4f4246262ee7ad61a9d577a9671490f034cb94254f2718ad744f9d15584c3052fc52ce0f8f80aacef8407ab5feceaa6ec5e7c5fc97e8a49bb056ac54787154c2fa8b3ecc486d09bc0efb5e6303bf08a0d16c4c2fb0b55872514b949bb92b950404b9c,gx-no-cache=1497362838991 HTTP/1.1" 200 29
186.67.172.234 - - [13/Jun/2017:11:06:27 -0300] "POST /cormun/servlet/licenciaspermisos?99b15cc49bd3d9df82c21a6cda75b982,INS,0,,,,gx-no-cache=1497362839006 HTTP/1.1" 200 93
186.67.172.234 - - [13/Jun/2017:11:06:27 -0300] "GET /cormun/servlet/hpexe_return? HTTP/1.1" 200 1012
186.67.172.234 - - [13/Jun/2017:11:06:27 -0300] "GET /cormun/static/hpexe_return.js?2016101716175153 HTTP/1.1" 200 1633
186.67.172.234 - - [13/Jun/2017:11:06:27 -0300] "GET /cormun/static/gxcfg.js?2016101716175148 HTTP/1.1" 200 953
186.67.172.234 - - [13/Jun/2017:11:06:27 -0300] "GET /cormun/static/Resources/Spanish/PXTools.css?167811 HTTP/1.1" 200 89042
186.67.172.234 - - [13/Jun/2017:11:06:27 -0300] "GET /cormun/servlet/trlicencias HTTP/1.1" 200 15067
186.67.172.234 - - [13/Jun/2017:11:06:28 -0300] "GET /cormun//static/Resources/PXToolsGridUpdate.png HTTP/1.1" 200 2984
186.67.172.234 - - [13/Jun/2017:11:06:28 -0300] "GET /cormun//static/Resources/PXToolsGridDelete.png HTTP/1.1" 200 357
186.67.172.234 - - [13/Jun/2017:11:06:28 -0300] "GET /cormun/servlet/trlicencias HTTP/1.1" 200 14936
186.67.172.234 - - [13/Jun/2017:11:06:32 -0300] "GET /cormun/servlet/trlicenciaspermisosadjuntos?7918129,20170613000000,L, HTTP/1.1" 200 6112
186.67.172.234 - - [13/Jun/2017:11:06:32 -0300] "GET /cormun/static/gxcfg.js?20175251265349 HTTP/1.1" 200 953
186.67.172.234 - - [13/Jun/2017:11:06:33 -0300] "GET /cormun/static/trlicenciaspermisosadjuntos.js?2017525126577 HTTP/1.1" 200 21036
186.67.172.234 - - [13/Jun/2017:11:06:33 -0300] "GET /cormun/servlet/trlicenciaspermisosadjuntos?7918129,20170613000000,L, HTTP/1.1" 200 6112
186.67.172.234 - - [13/Jun/2017:11:06:41 -0300] "GET /cormun/servlet/licenciaspermisosadjuntos?INS,7918129,L,20170613000000,, HTTP/1.1" 200 5410
186.67.172.234 - - [13/Jun/2017:11:06:41 -0300] "GET /cormun/static/gxcfg.js?201752511544364 HTTP/1.1" 200 953
186.67.172.234 - - [13/Jun/2017:11:06:41 -0300] "GET /cormun/static/licenciaspermisosadjuntos.js?201752511544378 HTTP/1.1" 200 8760
186.67.172.234 - - [13/Jun/2017:11:06:41 -0300] "GET /cormun/static/about:blank HTTP/1.1" 404 1011
186.67.172.234 - - [13/Jun/2017:11:06:41 -0300] "GET /cormun/servlet/licenciaspermisosadjuntos?INS,7918129,L,20170613000000,, HTTP/1.1" 200 5400
192.168.10.89 - - [13/Jun/2017:11:07:19 -0300] "POST /cormun/servlet/trsolicitudgral?328941ea2a21a9ba2320b30f97ce6c17,,gx-no-cache=1497362837337 HTTP/1.1" 200 5869
192.168.10.89 - - [13/Jun/2017:11:07:20 -0300] "GET /cormun/static/Shared/jqueryui/images/ui-icons_82798d_256x240.png HTTP/1.1" 404 1089
192.168.10.89 - - [13/Jun/2017:11:07:20 -0300] "GET /cormun/static/Shared/jqueryui/images/ui-icons_8d78a5_256x240.png HTTP/1.1" 404 1089
192.168.10.89 - - [13/Jun/2017:11:07:20 -0300] "GET /cormun/static/Shared/jqueryui/images/ui-bg_highlight-soft_100_c6c2c8_1x100.png HTTP/1.1" 404 1117
192.168.10.89 - - [13/Jun/2017:11:07:20 -0300] "GET /cormun/static/Shared/jqueryui/images/ui-bg_flat_55_fafafa_40x100.png HTTP/1.1" 404 1097
192.168.10.62 - - [13/Jun/2017:11:07:37 -0300] "POST /cormun/servlet/trsolicitudgral?2fa9778c61ee82ed2c8834eec383a4bf,,gx-no-cache=1497362854647 HTTP/1.1" 440 972
192.168.10.62 - - [13/Jun/2017:11:07:39 -0300] "GET /cormun/servlet/trsolicitudgral? HTTP/1.1" 200 24361
192.168.10.62 - - [13/Jun/2017:11:07:40 -0300] "GET /cormun/servlet/hlogin HTTP/1.1" 200 1735
192.168.10.62 - - [13/Jun/2017:11:07:40 -0300] "GET /cormun/servlet/trsolicitudgral? HTTP/1.1" 200 24361
192.168.10.62 - - [13/Jun/2017:11:07:52 -0300] "POST /cormun/servlet/hlogin?89896580c689452bcec92817a01c2148,gx-no-cache=1497362869761 HTTP/1.1" 200 90
192.168.10.62 - - [13/Jun/2017:11:07:52 -0300] "GET /cormun/servlet/hpexe_link HTTP/1.1" 200 956
192.168.10.62 - - [13/Jun/2017:11:07:52 -0300] "GET /cormun/servlet/trsolicitudgral HTTP/1.1" 200 18273
192.168.10.62 - - [13/Jun/2017:11:07:53 -0300] "GET /cormun/servlet/trsolicitudgral HTTP/1.1" 200 18271
192.168.10.62 - - [13/Jun/2017:11:07:58 -0300] "POST /cormun/servlet/trsolicitudgral?89896580c689452bcec92817a01c2148,gx-no-cache=1497362875521 HTTP/1.1" 200 11339
192.168.10.62 - - [13/Jun/2017:11:08:01 -0300] "POST /cormun/servlet/trsolicitudgral?89896580c689452bcec92817a01c2148,gx-no-cache=1497362878369 HTTP/1.1" 200 105
192.168.10.62 - - [13/Jun/2017:11:08:01 -0300] "GET /cormun/SolicitudGral-7678.xls HTTP/1.1" 200 12288
186.67.172.234 - - [13/Jun/2017:11:08:01 -0300] "POST /cormun/servlet/licenciaspermisosadjuntos?99b15cc49bd3d9df82c21a6cda75b982,INS,7918129,L,20170613000000,, HTTP/1.1" 200 116
186.67.172.234 - - [13/Jun/2017:11:08:01 -0300] "GET /cormun/servlet/hpexe_return? HTTP/1.1" 200 1042
186.67.172.234 - - [13/Jun/2017:11:08:01 -0300] "GET /cormun/servlet/trlicenciaspermisosadjuntos?7918129,20170613000000,L, HTTP/1.1" 200 6583
186.67.172.234 - - [13/Jun/2017:11:08:02 -0300] "GET /cormun/servlet/trlicenciaspermisosadjuntos?7918129,20170613000000,L, HTTP/1.1" 200 6580
186.67.172.234 - - [13/Jun/2017:11:08:06 -0300] "POST /cormun/servlet/trlicenciaspermisosadjuntos?99b15cc49bd3d9df82c21a6cda75b982,7918129,20170613000000,L,,gx-no-cache=1497362937987 HTTP/1.1" 200 90
186.67.172.234 - - [13/Jun/2017:11:08:06 -0300] "GET /cormun/servlet/hpexe_link HTTP/1.1" 200 982
186.67.172.234 - - [13/Jun/2017:11:08:06 -0300] "GET /cormun/servlet/trlicencias HTTP/1.1" 200 15062
186.67.172.234 - - [13/Jun/2017:11:08:06 -0300] "GET /cormun/servlet/trlicencias HTTP/1.1" 200 15061
192.168.10.89 - - [13/Jun/2017:11:08:31 -0300] "POST /cormun/servlet/trsolicitudgral?328941ea2a21a9ba2320b30f97ce6c17,,gx-no-cache=1497362908790 HTTP/1.1" 200 6992
192.168.10.89 - - [13/Jun/2017:11:08:35 -0300] "POST /cormun/servlet/trsolicitudgral?328941ea2a21a9ba2320b30f97ce6c17,,gx-no-cache=1497362912524 HTTP/1.1" 200 5882
201.236.60.204 - - [13/Jun/2017:11:08:41 -0300] "GET /cormun/servlet/licenciaspermisos?f1355990e3d690a960544bb36610b6ce38131d8ac42f94bb2a0698799416ecca30b55c1412d123d3243898eeefad66ef7e87b0e594147c39449e20cbfc6a6bd532afe377b1266136bc4142f62bebbf7352845ab99189369a8cf0c58219746026229ba8145554630aab43c3ceaec25cc94bbcda05a7fd468d7b604970956e1209cf59c4225f3459c08cef882ed9c4798169c99855e35ec27153c043ff1f146bdbae95fc3fb8b87c79d88064e1b1531b96,gx-no-cache=1497362972694 HTTP/1.1" 200 30
192.168.10.89 - - [13/Jun/2017:11:08:44 -0300] "POST /cormun/servlet/trsolicitudgral?328941ea2a21a9ba2320b30f97ce6c17,,gx-no-cache=1497362921733 HTTP/1.1" 200 6965
192.168.10.89 - - [13/Jun/2017:11:08:47 -0300] "POST /cormun/servlet/trsolicitudgral?328941ea2a21a9ba2320b30f97ce6c17,,gx-no-cache=1497362924722 HTTP/1.1" 200 5859
192.168.10.89 - - [13/Jun/2017:11:08:55 -0300] "POST /cormun/servlet/trsolicitudgral?328941ea2a21a9ba2320b30f97ce6c17,,gx-no-cache=1497362933086 HTTP/1.1" 200 6969
186.79.196.65 - - [13/Jun/2017:11:08:58 -0300] "GET /cormun/servlet/trlicenciaspermisosadjuntos?11364586,20170613000000,L, HTTP/1.1" 200 6076
186.79.196.65 - - [13/Jun/2017:11:08:58 -0300] "GET /cormun/static/gxcfg.js?20175251265349 HTTP/1.1" 304 -
186.79.196.65 - - [13/Jun/2017:11:08:58 -0300] "GET /cormun/static/trlicenciaspermisosadjuntos.js?2017525126577 HTTP/1.1" 304 -
186.79.196.65 - - [13/Jun/2017:11:08:59 -0300] "GET /cormun/servlet/trlicenciaspermisosadjuntos?11364586,20170613000000,L, HTTP/1.1" 200 6077
192.168.10.89 - - [13/Jun/2017:11:08:59 -0300] "POST /cormun/servlet/trsolicitudgral?328941ea2a21a9ba2320b30f97ce6c17,,gx-no-cache=1497362936796 HTTP/1.1" 200 5866
201.236.60.204 - - [13/Jun/2017:11:09:00 -0300] "GET /cormun/servlet/licenciaspermisos?f1355990e3d690a960544bb36610b6ce38131d8ac42f94bb2a0698799416eccac4f140583e846936ce003af37eed6d607e87b0e594147c39449e20cbfc6a6bd532afe377b1266136bc4142f62bebbf7352845ab99189369a8cf0c58219746026229ba8145554630aab43c3ceaec25cc94bbcda05a7fd468d7b604970956e1209cf59c4225f3459c08cef882ed9c4798169c99855e35ec27153c043ff1f146bdbae95fc3fb8b87c79d88064e1b1531b96,gx-no-cache=1497362991658 HTTP/1.1" 200 30
201.236.60.204 - - [13/Jun/2017:11:09:00 -0300] "POST /cormun/servlet/licenciaspermisos?531cebb91d1894b0a7f5210d5b0b7458,INS,0,,,,gx-no-cache=1497362991795 HTTP/1.1" 200 4808
201.236.60.204 - - [13/Jun/2017:11:09:04 -0300] "GET /cormun/servlet/licenciaspermisos?f1355990e3d690a960544bb36610b6ceaf90e2cec3713a3cf3fe605dba211c46167b419e3ec322fe92b241080fae152de1ed5d5fed11a3b19a7e0d491722022cd1b6e1c54175dd4ee45515451ffa9c9baab0d6aaa2896881e6e32f2c7ce6e22913bc539482f2a4247da74db44946544d463ed7a20cb4ebf4025fcd3333088984,gx-no-cache=1497362995732 HTTP/1.1" 200 101
201.236.60.204 - - [13/Jun/2017:11:09:04 -0300] "POST /cormun/servlet/licenciaspermisos?531cebb91d1894b0a7f5210d5b0b7458,INS,0,,,,gx-no-cache=1497362995868 HTTP/1.1" 200 4798
201.236.60.204 - - [13/Jun/2017:11:09:05 -0300] "GET /cormun/servlet/licenciaspermisos?f1355990e3d690a960544bb36610b6ce8d73ae1dcd223bc5432adea6029af4303a725825f048911bde21387770689454436a7b6981b289df5e81e822f9be60a18cfa8e3d550c4eff9394eaf298c13594f1edd4c25cf16daf656f04c8459aaf0db6dc4c3107a17bf8227f4c1fd405e3f72d5682ce0264d6508f320e62d413dab1d0a183040b2339491d7a79b64a65844aea7aa4003d93e969a8beb923170a7a1eb265586794054540a0bc7993cf23adea,gx-no-cache=1497362996421 HTTP/1.1" 200 65
186.79.196.65 - - [13/Jun/2017:11:09:05 -0300] "GET /cormun/servlet/trlicencias? HTTP/1.1" 200 10778
201.236.60.204 - - [13/Jun/2017:11:09:05 -0300] "POST /cormun/servlet/licenciaspermisos?531cebb91d1894b0a7f5210d5b0b7458,INS,0,,,,gx-no-cache=1497362996536 HTTP/1.1" 200 93
201.236.60.204 - - [13/Jun/2017:11:09:06 -0300] "GET /cormun/servlet/hpexe_return? HTTP/1.1" 200 1035
201.236.60.204 - - [13/Jun/2017:11:09:06 -0300] "GET /cormun/servlet/trlicencias?gx-no-cache=1497362206932 HTTP/1.1" 200 12874
186.79.196.65 - - [13/Jun/2017:11:09:06 -0300] "GET /cormun/servlet/trlicencias? HTTP/1.1" 200 10772
201.236.60.204 - - [13/Jun/2017:11:09:08 -0300] "GET /cormun/servlet/trlicencias?gx-no-cache=1497362206932 HTTP/1.1" 200 12870
192.168.10.89 - - [13/Jun/2017:11:09:09 -0300] "POST /cormun/servlet/trsolicitudgral?328941ea2a21a9ba2320b30f97ce6c17,,gx-no-cache=1497362946879 HTTP/1.1" 200 6986
192.168.10.89 - - [13/Jun/2017:11:09:12 -0300] "POST /cormun/servlet/trsolicitudgral?328941ea2a21a9ba2320b30f97ce6c17,,gx-no-cache=1497362949943 HTTP/1.1" 200 5878
192.168.10.89 - - [13/Jun/2017:11:09:21 -0300] "POST /cormun/servlet/trsolicitudgral?328941ea2a21a9ba2320b30f97ce6c17,,gx-no-cache=1497362958694 HTTP/1.1" 200 6977
192.168.10.89 - - [13/Jun/2017:11:09:26 -0300] "POST /cormun/servlet/trsolicitudgral?328941ea2a21a9ba2320b30f97ce6c17,,gx-no-cache=1497362964016 HTTP/1.1" 200 5868
201.236.60.204 - - [13/Jun/2017:11:09:44 -0300] "GET /cormun/servlet/licenciaspermisos?DSP,17235020,L,20170613000000, HTTP/1.1" 200 7087
201.236.60.204 - - [13/Jun/2017:11:09:46 -0300] "GET /cormun/servlet/licenciaspermisos?DSP,17235020,L,20170613000000, HTTP/1.1" 200 7065
201.236.60.204 - - [13/Jun/2017:11:09:53 -0300] "POST /cormun/servlet/licenciaspermisos?531cebb91d1894b0a7f5210d5b0b7458,DSP,17235020,L,20170613000000,,gx-no-cache=1497363044110 HTTP/1.1" 200 90
201.236.60.204 - - [13/Jun/2017:11:09:53 -0300] "GET /cormun/servlet/hpexe_link HTTP/1.1" 200 1004
201.236.60.204 - - [13/Jun/2017:11:09:53 -0300] "GET /cormun/servlet/trlicencias?gx-no-cache=1497362206932 HTTP/1.1" 200 12871
201.236.60.204 - - [13/Jun/2017:11:09:55 -0300] "GET /cormun/servlet/trlicencias?gx-no-cache=1497362206932 HTTP/1.1" 200 12890
192.168.10.89 - - [13/Jun/2017:11:09:55 -0300] "POST /cormun/servlet/trsolicitudgral?328941ea2a21a9ba2320b30f97ce6c17,,gx-no-cache=1497362993309 HTTP/1.1" 200 6986
201.236.60.204 - - [13/Jun/2017:11:10:00 -0300] "GET /cormun/servlet/trlicenciaspermisosadjuntos?17235020,20170613000000,L, HTTP/1.1" 200 6344
201.236.60.204 - - [13/Jun/2017:11:10:01 -0300] "GET /cormun/servlet/trlicenciaspermisosadjuntos?17235020,20170613000000,L, HTTP/1.1" 200 6322
201.236.60.204 - - [13/Jun/2017:11:10:05 -0300] "GET /cormun/servlet/licenciaspermisosadjuntos?INS,17235020,L,20170613000000,, HTTP/1.1" 200 5621
201.236.60.204 - - [13/Jun/2017:11:10:05 -0300] "GET /cormun/static/about:blank HTTP/1.1" 404 1011
201.236.60.204 - - [13/Jun/2017:11:10:06 -0300] "GET /cormun/servlet/licenciaspermisosadjuntos?INS,17235020,L,20170613000000,, HTTP/1.1" 200 5610
192.168.10.89 - - [13/Jun/2017:11:10:20 -0300] "POST /cormun/servlet/trsolicitudgral?328941ea2a21a9ba2320b30f97ce6c17,,gx-no-cache=1497363017616 HTTP/1.1" 200 5886
201.236.60.204 - - [13/Jun/2017:11:10:30 -0300] "POST /cormun/servlet/licenciaspermisosadjuntos?531cebb91d1894b0a7f5210d5b0b7458,INS,17235020,L,20170613000000,, HTTP/1.1" 200 116
201.236.60.204 - - [13/Jun/2017:11:10:30 -0300] "GET /cormun/servlet/hpexe_return? HTTP/1.1" 200 1043
201.236.60.204 - - [13/Jun/2017:11:10:30 -0300] "GET /cormun/servlet/trlicenciaspermisosadjuntos?17235020,20170613000000,L, HTTP/1.1" 200 6822
201.236.60.204 - - [13/Jun/2017:11:10:31 -0300] "GET /cormun/servlet/trlicenciaspermisosadjuntos?17235020,20170613000000,L, HTTP/1.1" 200 6816
201.236.60.204 - - [13/Jun/2017:11:10:38 -0300] "POST /cormun/servlet/trlicenciaspermisosadjuntos?531cebb91d1894b0a7f5210d5b0b7458,17235020,20170613000000,L,,gx-no-cache=1497363089185 HTTP/1.1" 200 90
201.236.60.204 - - [13/Jun/2017:11:10:38 -0300] "GET /cormun/servlet/hpexe_link HTTP/1.1" 200 1005
201.236.60.204 - - [13/Jun/2017:11:10:38 -0300] "GET /cormun/servlet/trlicencias?gx-no-cache=1497362206932 HTTP/1.1" 200 12850
201.236.60.204 - - [13/Jun/2017:11:10:39 -0300] "GET /cormun/servlet/trlicencias?gx-no-cache=1497362206932 HTTP/1.1" 200 12890
201.236.60.204 - - [13/Jun/2017:11:10:48 -0300] "POST /cormun/servlet/trlicencias?531cebb91d1894b0a7f5210d5b0b7458,gx-no-cache=1497362206932,gx-no-cache=1497363098810 HTTP/1.1" 200 10539
201.236.60.204 - - [13/Jun/2017:11:10:48 -0300] "GET /cormun/static/Shared/jqueryui/images/ui-bg_highlight-soft_100_c6c2c8_1x100.png HTTP/1.1" 404 1117
201.236.60.204 - - [13/Jun/2017:11:10:49 -0300] "GET /cormun/static/Shared/jqueryui/images/ui-icons_82798d_256x240.png HTTP/1.1" 404 1089
201.236.60.204 - - [13/Jun/2017:11:10:49 -0300] "GET /cormun/static/Shared/jqueryui/images/ui-bg_flat_55_fafafa_40x100.png HTTP/1.1" 404 1097
201.236.60.204 - - [13/Jun/2017:11:10:49 -0300] "GET /cormun/static/Shared/jqueryui/images/ui-icons_8d78a5_256x240.png HTTP/1.1" 404 1089
201.236.60.204 - - [13/Jun/2017:11:10:58 -0300] "GET /cormun/servlet/alicenciaprn?17235020,L,20170613000000,PU HTTP/1.1" 200 1585
186.67.172.234 - - [13/Jun/2017:11:11:07 -0300] "GET /cormun/servlet/alicenciaprn?7918129,L,20170613000000,PU HTTP/1.1" 200 1542
192.168.10.89 - - [13/Jun/2017:11:11:14 -0300] "POST /cormun/servlet/trsolicitudgral?328941ea2a21a9ba2320b30f97ce6c17,,gx-no-cache=1497363071792 HTTP/1.1" 200 6971
192.168.10.89 - - [13/Jun/2017:11:11:28 -0300] "POST /cormun/servlet/trsolicitudgral?328941ea2a21a9ba2320b30f97ce6c17,,gx-no-cache=1497363085480 HTTP/1.1" 200 5858
186.79.20.136 - - [13/Jun/2017:11:11:43 -0300] "GET /cormun/servlet/trlicencias? HTTP/1.1" 200 10762
186.79.20.136 - - [13/Jun/2017:11:11:44 -0300] "GET /cormun/servlet/trlicencias? HTTP/1.1" 200 10772
186.79.20.136 - - [13/Jun/2017:11:11:51 -0300] "GET /cormun/servlet/licenciaspermisos?INS,0,,, HTTP/1.1" 200 7169
186.79.20.136 - - [13/Jun/2017:11:11:51 -0300] "GET /cormun/static/gxcfg.js?201752220471843 HTTP/1.1" 304 -
186.79.20.136 - - [13/Jun/2017:11:11:51 -0300] "GET /cormun/static/licenciaspermisos.js?201752220471934 HTTP/1.1" 304 -
186.79.20.136 - - [13/Jun/2017:11:11:52 -0300] "GET /cormun/servlet/licenciaspermisos?INS,0,,, HTTP/1.1" 200 7169
186.79.20.136 - - [13/Jun/2017:11:12:01 -0300] "POST /cormun/servlet/licenciaspermisos?2656b245a7975273b9c2e9de044a6461,INS,0,,,,gx-no-cache=1497363175923 HTTP/1.1" 200 93
186.79.20.136 - - [13/Jun/2017:11:12:01 -0300] "GET /cormun/servlet/hpexe_return? HTTP/1.1" 200 1013
186.79.20.136 - - [13/Jun/2017:11:12:01 -0300] "GET /cormun/servlet/trlicencias HTTP/1.1" 200 10780
186.79.20.136 - - [13/Jun/2017:11:12:02 -0300] "GET /cormun/servlet/trlicencias HTTP/1.1" 200 10775
192.168.10.96 - - [13/Jun/2017:11:12:18 -0300] "GET /cormun/servlet/hlogin HTTP/1.1" 200 1738
186.67.172.234 - - [13/Jun/2017:11:12:33 -0300] "POST /cormun/servlet/trlicencias?99b15cc49bd3d9df82c21a6cda75b982,gx-no-cache=1497363204726 HTTP/1.1" 200 12854
186.67.172.234 - - [13/Jun/2017:11:12:33 -0300] "GET /cormun/static/Shared/jqueryui/images/ui-bg_highlight-soft_100_c6c2c8_1x100.png HTTP/1.1" 404 1117
186.67.172.234 - - [13/Jun/2017:11:12:33 -0300] "GET /cormun/static/Shared/jqueryui/images/ui-icons_82798d_256x240.png HTTP/1.1" 404 1089
186.67.172.234 - - [13/Jun/2017:11:12:33 -0300] "GET /cormun/static/Shared/jqueryui/images/ui-bg_flat_55_fafafa_40x100.png HTTP/1.1" 404 1097
186.67.172.234 - - [13/Jun/2017:11:12:33 -0300] "GET /cormun/static/Shared/jqueryui/images/ui-icons_8d78a5_256x240.png HTTP/1.1" 404 1089
186.79.20.136 - - [13/Jun/2017:11:12:42 -0300] "GET /cormun/servlet/alicenciaprn?11364586,L,20170613000000,PU HTTP/1.1" 200 1563
192.168.10.96 - - [13/Jun/2017:11:12:53 -0300] "POST /cormun/servlet/hlogin?3a79f5d9536df131fe6db6a1bb4498cf,gx-no-cache=1497363171111 HTTP/1.1" 200 456
192.168.10.96 - - [13/Jun/2017:11:13:05 -0300] "POST /cormun/servlet/hlogin?3a79f5d9536df131fe6db6a1bb4498cf,gx-no-cache=1497363182990 HTTP/1.1" 200 456
192.168.10.96 - - [13/Jun/2017:11:13:10 -0300] "POST /cormun/servlet/hlogin?3a79f5d9536df131fe6db6a1bb4498cf,gx-no-cache=1497363187588 HTTP/1.1" 200 456
186.103.159.46 - - [13/Jun/2017:11:13:13 -0300] "GET /cormun/servlet/hhome HTTP/1.1" 200 3366
186.103.159.46 - - [13/Jun/2017:11:13:16 -0300] "GET /cormun/servlet/hhome HTTP/1.1" 200 3376
186.103.159.46 - - [13/Jun/2017:11:13:16 -0300] "GET /cormun/servlet/hlogin HTTP/1.1" 200 1731
192.168.10.96 - - [13/Jun/2017:11:13:18 -0300] "POST /cormun/servlet/hlogin?3a79f5d9536df131fe6db6a1bb4498cf,gx-no-cache=1497363195920 HTTP/1.1" 200 456
192.168.10.96 - - [13/Jun/2017:11:13:31 -0300] "POST /cormun/servlet/hlogin?3a79f5d9536df131fe6db6a1bb4498cf,gx-no-cache=1497363209042 HTTP/1.1" 200 90
192.168.10.96 - - [13/Jun/2017:11:13:31 -0300] "GET /cormun/servlet/hpexe_link HTTP/1.1" 200 951
192.168.10.96 - - [13/Jun/2017:11:13:31 -0300] "GET /cormun/servlet/hhome HTTP/1.1" 200 4019
192.168.10.96 - - [13/Jun/2017:11:13:32 -0300] "GET /cormun/servlet/hhome HTTP/1.1" 200 4015
192.168.10.96 - - [13/Jun/2017:11:13:35 -0300] "GET /cormun/servlet/trlicencias? HTTP/1.1" 200 9251
192.168.10.96 - - [13/Jun/2017:11:13:36 -0300] "GET /cormun/servlet/trlicencias? HTTP/1.1" 200 9249
186.103.159.46 - - [13/Jun/2017:11:13:37 -0300] "POST /cormun/servlet/hlogin?7f095cd5d7866b7d793e3d239af0e8ee,gx-no-cache=1497363270169 HTTP/1.1" 200 90
186.103.159.46 - - [13/Jun/2017:11:13:37 -0300] "GET /cormun/servlet/hpexe_link HTTP/1.1" 200 950
186.103.159.46 - - [13/Jun/2017:11:13:37 -0300] "GET /cormun/servlet/hhome HTTP/1.1" 200 3782
192.168.10.96 - - [13/Jun/2017:11:13:38 -0300] "GET /cormun/servlet/licenciaspermisos?INS,0,,, HTTP/1.1" 200 7454
192.168.10.96 - - [13/Jun/2017:11:13:38 -0300] "GET /cormun/servlet/licenciaspermisos?INS,0,,, HTTP/1.1" 200 7452
186.103.159.46 - - [13/Jun/2017:11:13:39 -0300] "GET /cormun/servlet/hhome HTTP/1.1" 200 3779
192.168.10.96 - - [13/Jun/2017:11:13:40 -0300] "GET /cormun/servlet/prfichaempleado?,MD,,gxPopupLevel%3D0%3B HTTP/1.1" 200 8851
186.103.159.46 - - [13/Jun/2017:11:13:43 -0300] "GET /cormun/servlet/trpermisosgoce? HTTP/1.1" 200 12504
186.103.159.46 - - [13/Jun/2017:11:13:45 -0300] "GET /cormun/servlet/trpermisosgoce? HTTP/1.1" 200 12502
192.168.10.96 - - [13/Jun/2017:11:13:48 -0300] "POST /cormun/servlet/prfichaempleado?3a79f5d9536df131fe6db6a1bb4498cf,,MD,,gxPopupLevel%3D0%3B,gx-no-cache=1497363226273 HTTP/1.1" 200 3417
186.103.159.46 - - [13/Jun/2017:11:13:49 -0300] "GET /cormun/servlet/permisogoce?INS,0,,, HTTP/1.1" 200 6621
186.103.159.46 - - [13/Jun/2017:11:13:50 -0300] "GET /cormun/servlet/permisogoce?INS,0,,, HTTP/1.1" 200 6621
192.168.10.96 - - [13/Jun/2017:11:13:51 -0300] "GET /cormun/servlet/licenciaspermisos?5316437dda8423eb7e1324b93cc423aad98bbd97af53f1d45b85c9bbf43e47668e2459af8da8e1a22c8684ca32d42b7f,gx-no-cache=1497363229126 HTTP/1.1" 200 96
192.168.10.96 - - [13/Jun/2017:11:13:51 -0300] "POST /cormun/servlet/licenciaspermisos?3a79f5d9536df131fe6db6a1bb4498cf,INS,0,,,,gx-no-cache=1497363229183 HTTP/1.1" 200 4708
186.67.172.234 - - [13/Jun/2017:11:14:02 -0300] "POST /cormun/servlet/trlicencias?99b15cc49bd3d9df82c21a6cda75b982,gx-no-cache=1497363293274 HTTP/1.1" 200 12817
192.168.10.96 - - [13/Jun/2017:11:14:29 -0300] "POST /cormun/servlet/licenciaspermisos?3a79f5d9536df131fe6db6a1bb4498cf,INS,0,,,,gx-no-cache=1497363267364 HTTP/1.1" 200 4784
192.168.10.96 - - [13/Jun/2017:11:14:30 -0300] "GET /cormun/static/Shared/jqueryui/images/ui-bg_highlight-soft_100_c6c2c8_1x100.png HTTP/1.1" 404 1117
192.168.10.96 - - [13/Jun/2017:11:14:30 -0300] "GET /cormun/static/Shared/jqueryui/images/ui-icons_82798d_256x240.png HTTP/1.1" 404 1089
192.168.10.96 - - [13/Jun/2017:11:14:30 -0300] "GET /cormun/static/Shared/jqueryui/images/ui-bg_flat_55_994d53_40x100.png HTTP/1.1" 404 1097
192.168.10.96 - - [13/Jun/2017:11:14:30 -0300] "GET /cormun/static/Shared/jqueryui/images/ui-icons_ebccce_256x240.png HTTP/1.1" 404 1089
192.168.10.96 - - [13/Jun/2017:11:14:31 -0300] "GET /cormun/servlet/licenciaspermisos?5316437dda8423eb7e1324b93cc423aad98bbd97af53f1d45b85c9bbf43e476643828f6c6f44278c85301aac191cf075d09367d690c41684c401eb5f4fd67f13f80d8ad99a5dbfce49103e3ff7c554c3c236d01db29ff5878a4c88eb07111be31754d6f27fcdf3d6bbf06c73f168ed96,gx-no-cache=1497363269288 HTTP/1.1" 200 96
192.168.10.96 - - [13/Jun/2017:11:14:31 -0300] "POST /cormun/servlet/licenciaspermisos?3a79f5d9536df131fe6db6a1bb4498cf,INS,0,,,,gx-no-cache=1497363269333 HTTP/1.1" 200 4723
186.103.159.46 - - [13/Jun/2017:11:14:57 -0300] "GET /cormun/servlet/permisogoce?cab2280ddc3559d04530695af115c614d4868553bd4b93439909a919f49d8a1406ae8f6589cd67489a664ca4f0babcee,gx-no-cache=1497363350038 HTTP/1.1" 200 76
186.103.159.46 - - [13/Jun/2017:11:14:57 -0300] "GET /cormun/static/menuarrow.gif HTTP/1.1" 404 1015
186.103.159.46 - - [13/Jun/2017:11:15:08 -0300] "GET /cormun/servlet/permisogoce?cab2280ddc3559d04530695af115c6143d87897852592f517401cffc078df5cbb05b3aa771f94dd3e66287aa9f861213751f1d2c71e956dede312355c5bd3e45,gx-no-cache=1497363360848 HTTP/1.1" 200 47
186.79.20.136 - - [13/Jun/2017:11:15:11 -0300] "GET /cormun/servlet/trlicenciaspermisosadjuntos?11364586,20170613000000,L, HTTP/1.1" 200 6076
186.79.20.136 - - [13/Jun/2017:11:15:12 -0300] "GET /cormun/servlet/trlicenciaspermisosadjuntos?11364586,20170613000000,L, HTTP/1.1" 200 6077
192.168.10.96 - - [13/Jun/2017:11:16:10 -0300] "GET /cormun/servlet/licenciaspermisos?5316437dda8423eb7e1324b93cc423aa758a64139ceb1e628453115f91e7a5997eda8f79cdb87dc4a62576fb389364b886b492481f57b47656601e372e62b8ade9866dca4d90a87cfb16dbcb379aae1ff06b1bd7802788afb34e4dadb9974e7c007a6ce61537acfb1d0437b5887071491ebbdf883701c22137751df98a21dbc65d6ea8c1f928dbbc89988fc54343a4fb29cf555f95559e09733bb388a5ba518de102b4eb051b2f6464837be32628af8c,gx-no-cache=1497363368143 HTTP/1.1" 200 30
192.168.10.96 - - [13/Jun/2017:11:16:10 -0300] "GET /cormun/servlet/licenciaspermisos?5316437dda8423eb7e1324b93cc423aabec2a7cdf645275351698be398d8d72e4716fe8b512548a3577b95150479bf733447c6c7fb9d47e055f9e80b757f5b2b03fb162353889a9882f3f3d2c352bd0fa276732520ba538b49ac9633f5b18dfc0685f9a6f02998f749cd7e8b648f207750acab271ed63c92bad0490ea22cb77d056ddf2d9dffc4e3ede98d45f47fb7cc528f5f4b82c3130dd881406035430c1473eee2867a45cee76ed6288ee1bd99ec,gx-no-cache=1497363368172 HTTP/1.1" 200 29
192.168.10.96 - - [13/Jun/2017:11:16:10 -0300] "POST /cormun/servlet/licenciaspermisos?3a79f5d9536df131fe6db6a1bb4498cf,INS,0,,,,gx-no-cache=1497363368188 HTTP/1.1" 200 4837
186.103.159.46 - - [13/Jun/2017:11:16:15 -0300] "POST /cormun/servlet/permisogoce?7f095cd5d7866b7d793e3d239af0e8ee,INS,0,,,,gx-no-cache=1497363428214 HTTP/1.1" 200 93
186.103.159.46 - - [13/Jun/2017:11:16:15 -0300] "GET /cormun/servlet/hpexe_return? HTTP/1.1" 200 1010
186.103.159.46 - - [13/Jun/2017:11:16:16 -0300] "GET /cormun/servlet/trpermisosgoce HTTP/1.1" 200 12795
192.168.10.96 - - [13/Jun/2017:11:16:17 -0300] "GET /cormun/servlet/licenciaspermisos?5316437dda8423eb7e1324b93cc423aad98bbd97af53f1d45b85c9bbf43e476643828f6c6f44278c85301aac191cf075d09367d690c41684c401eb5f4fd67f13f80d8ad99a5dbfce49103e3ff7c554c3c236d01db29ff5878a4c88eb07111be31754d6f27fcdf3d6bbf06c73f168ed96,gx-no-cache=1497363375323 HTTP/1.1" 200 96
192.168.10.96 - - [13/Jun/2017:11:16:17 -0300] "POST /cormun/servlet/licenciaspermisos?3a79f5d9536df131fe6db6a1bb4498cf,INS,0,,,,gx-no-cache=1497363375363 HTTP/1.1" 200 4778
186.103.159.46 - - [13/Jun/2017:11:16:18 -0300] "GET /cormun/servlet/trpermisosgoce HTTP/1.1" 200 12790
186.103.159.46 - - [13/Jun/2017:11:16:22 -0300] "GET /cormun/servlet/trpermisosadjuntos?6895385,20170613111347,P, HTTP/1.1" 200 6091
186.103.159.46 - - [13/Jun/2017:11:16:22 -0300] "GET /cormun/static/gxcfg.js?20175251271483 HTTP/1.1" 304 -
186.103.159.46 - - [13/Jun/2017:11:16:22 -0300] "GET /cormun/static/trpermisosadjuntos.js?20175251271844 HTTP/1.1" 304 -
186.103.159.46 - - [13/Jun/2017:11:16:24 -0300] "GET /cormun/servlet/trpermisosadjuntos?6895385,20170613111347,P, HTTP/1.1" 200 6091
192.168.10.89 - - [13/Jun/2017:11:16:26 -0300] "POST /cormun/servlet/trsolicitudgral?328941ea2a21a9ba2320b30f97ce6c17,,gx-no-cache=1497363383638 HTTP/1.1" 200 6988
186.103.159.46 - - [13/Jun/2017:11:16:27 -0300] "GET /cormun/servlet/trpermisosgoce HTTP/1.1" 200 12795
186.103.159.46 - - [13/Jun/2017:11:16:29 -0300] "GET /cormun/servlet/trpermisosgoce HTTP/1.1" 200 12790
186.103.159.46 - - [13/Jun/2017:11:16:32 -0300] "GET /cormun/servlet/apermisogoceprn?6895385,P,20170613111347,PU HTTP/1.1" 200 1646
192.168.10.89 - - [13/Jun/2017:11:17:00 -0300] "POST /cormun/servlet/trsolicitudgral?328941ea2a21a9ba2320b30f97ce6c17,,gx-no-cache=1497363417667 HTTP/1.1" 200 5877
192.168.10.62 - - [13/Jun/2017:11:17:06 -0300] "POST /cormun/servlet/trsolicitudgral?89896580c689452bcec92817a01c2148,gx-no-cache=1497363423671 HTTP/1.1" 200 14783
192.168.10.62 - - [13/Jun/2017:11:17:10 -0300] "GET /cormun/servlet/vesolicitudgral?2017,6743,, HTTP/1.1" 200 8268
192.168.10.62 - - [13/Jun/2017:11:17:10 -0300] "GET /cormun/static/gxcfg.js?201742612403932 HTTP/1.1" 304 -
192.168.10.62 - - [13/Jun/2017:11:17:10 -0300] "GET /cormun/pexe_scrolldiv.js HTTP/1.1" 404 1009
192.168.10.62 - - [13/Jun/2017:11:17:10 -0300] "GET /cormun/static/vesolicitudgral.js?201742612403996 HTTP/1.1" 304 -
192.168.10.62 - - [13/Jun/2017:11:17:10 -0300] "GET /cormun/static/hwcviewtabs.js?201752511465446 HTTP/1.1" 304 -
192.168.10.62 - - [13/Jun/2017:11:17:10 -0300] "GET /cormun/static/hpexe_tabsview.js?201610171694228 HTTP/1.1" 304 -
192.168.10.62 - - [13/Jun/2017:11:17:10 -0300] "GET /cormun/pexe_scrolldiv.js HTTP/1.1" 404 1009
192.168.10.62 - - [13/Jun/2017:11:17:10 -0300] "GET /cormun/static/tbsolicitudgral01.js?201742612403697 HTTP/1.1" 304 -
192.168.10.62 - - [13/Jun/2017:11:17:11 -0300] "GET /cormun/servlet/vesolicitudgral?2017,6743,, HTTP/1.1" 200 8268
192.168.10.89 - - [13/Jun/2017:11:17:14 -0300] "POST /cormun/servlet/trsolicitudgral?328941ea2a21a9ba2320b30f97ce6c17,,gx-no-cache=1497363431754 HTTP/1.1" 200 6988
192.168.10.62 - - [13/Jun/2017:11:17:17 -0300] "GET /cormun/servlet/vesolicitudgral?2017,6743,,SolicitudOTLog HTTP/1.1" 200 8649
192.168.10.62 - - [13/Jun/2017:11:17:17 -0300] "GET /cormun/pexe_scrolldiv.js HTTP/1.1" 404 1009
192.168.10.62 - - [13/Jun/2017:11:17:17 -0300] "GET /cormun/static/tbsolicitudgral03.js?201752511454793 HTTP/1.1" 304 -
192.168.10.62 - - [13/Jun/2017:11:17:17 -0300] "GET /cormun/pexe_scrolldiv.js HTTP/1.1" 404 1009
192.168.10.62 - - [13/Jun/2017:11:17:18 -0300] "GET /cormun/servlet/vesolicitudgral?2017,6743,,SolicitudOTLog HTTP/1.1" 200 8650
192.168.10.62 - - [13/Jun/2017:11:17:19 -0300] "POST /cormun/servlet/acontrolpreferencessavestate?None,FGONZALEZG,true HTTP/1.1" 200 35
192.168.10.62 - - [13/Jun/2017:11:17:19 -0300] "GET /cormun/servlet/vesolicitudgral?2017,6743,,SolicitudOTAdjuntos HTTP/1.1" 200 7042
192.168.10.62 - - [13/Jun/2017:11:17:19 -0300] "GET /cormun/pexe_scrolldiv.js HTTP/1.1" 404 1009
192.168.10.62 - - [13/Jun/2017:11:17:19 -0300] "GET /cormun/static/tbsolicitudgral02.js?20174261239278 HTTP/1.1" 304 -
192.168.10.62 - - [13/Jun/2017:11:17:19 -0300] "GET /cormun/pexe_scrolldiv.js HTTP/1.1" 404 1009
192.168.10.62 - - [13/Jun/2017:11:17:19 -0300] "GET /cormun/servlet/vesolicitudgral?2017,6743,,SolicitudOTAdjuntos HTTP/1.1" 200 7043
192.168.10.62 - - [13/Jun/2017:11:17:20 -0300] "POST /cormun/servlet/acontrolpreferencessavestate?None,FGONZALEZG,true HTTP/1.1" 200 35
192.168.10.62 - - [13/Jun/2017:11:17:22 -0300] "GET /cormun/servlet/vesolicitudgral?2017,6743,,SolicitudOTLog HTTP/1.1" 200 8650
192.168.10.62 - - [13/Jun/2017:11:17:22 -0300] "GET /cormun/pexe_scrolldiv.js HTTP/1.1" 404 1009
192.168.10.62 - - [13/Jun/2017:11:17:22 -0300] "GET /cormun/pexe_scrolldiv.js HTTP/1.1" 404 1009
192.168.10.62 - - [13/Jun/2017:11:17:22 -0300] "GET /cormun/servlet/vesolicitudgral?2017,6743,,SolicitudOTLog HTTP/1.1" 200 8650
192.168.10.62 - - [13/Jun/2017:11:17:23 -0300] "POST /cormun/servlet/acontrolpreferencessavestate?None,FGONZALEZG,true HTTP/1.1" 200 35
192.168.10.62 - - [13/Jun/2017:11:17:27 -0300] "GET /cormun/servlet/vesolicitudgral?2017,6743,,SolicitudOTAdjuntos HTTP/1.1" 200 7042
192.168.10.62 - - [13/Jun/2017:11:17:27 -0300] "GET /cormun/pexe_scrolldiv.js HTTP/1.1" 404 1009
192.168.10.62 - - [13/Jun/2017:11:17:27 -0300] "GET /cormun/pexe_scrolldiv.js HTTP/1.1" 404 1009
192.168.10.62 - - [13/Jun/2017:11:17:27 -0300] "GET /cormun/servlet/vesolicitudgral?2017,6743,,SolicitudOTAdjuntos HTTP/1.1" 200 7043
192.168.10.62 - - [13/Jun/2017:11:17:28 -0300] "POST /cormun/servlet/acontrolpreferencessavestate?None,FGONZALEZG,true HTTP/1.1" 200 35
192.168.10.62 - - [13/Jun/2017:11:17:30 -0300] "GET /cormun/servlet/vesolicitudgral?2017,6743,,General HTTP/1.1" 200 8274
192.168.10.62 - - [13/Jun/2017:11:17:30 -0300] "GET /cormun/pexe_scrolldiv.js HTTP/1.1" 404 1009
192.168.10.62 - - [13/Jun/2017:11:17:30 -0300] "GET /cormun/pexe_scrolldiv.js HTTP/1.1" 404 1009
192.168.10.62 - - [13/Jun/2017:11:17:31 -0300] "GET /cormun/servlet/vesolicitudgral?2017,6743,,General HTTP/1.1" 200 8273
192.168.10.62 - - [13/Jun/2017:11:17:33 -0300] "POST /cormun/servlet/vesolicitudgral?89896580c689452bcec92817a01c2148,2017,6743,,General,gx-no-cache=1497363451112 HTTP/1.1" 200 10577
192.168.10.62 - - [13/Jun/2017:11:17:33 -0300] "GET /cormun/static/Shared/jqueryui/images/ui-bg_highlight-soft_100_c6c2c8_1x100.png HTTP/1.1" 404 1117
192.168.10.62 - - [13/Jun/2017:11:17:33 -0300] "GET /cormun/static/Shared/jqueryui/images/ui-icons_82798d_256x240.png HTTP/1.1" 404 1089
192.168.10.62 - - [13/Jun/2017:11:17:33 -0300] "GET /cormun/static/Shared/jqueryui/images/ui-bg_flat_55_fafafa_40x100.png HTTP/1.1" 404 1097
192.168.10.62 - - [13/Jun/2017:11:17:33 -0300] "GET /cormun/static/Shared/jqueryui/images/ui-icons_8d78a5_256x240.png HTTP/1.1" 404 1089
192.168.10.62 - - [13/Jun/2017:11:17:34 -0300] "POST /cormun/servlet/vesolicitudgral?89896580c689452bcec92817a01c2148,2017,6743,,General,gx-no-cache=1497363451365 HTTP/1.1" 200 10512
192.168.10.62 - - [13/Jun/2017:11:17:38 -0300] "POST /cormun/servlet/vesolicitudgral?89896580c689452bcec92817a01c2148,2017,6743,,General,gx-no-cache=1497363455422 HTTP/1.1" 200 90
192.168.10.62 - - [13/Jun/2017:11:17:38 -0300] "GET /cormun/servlet/hpexe_link HTTP/1.1" 200 989
192.168.10.62 - - [13/Jun/2017:11:17:38 -0300] "GET /cormun/servlet/trsolicitudgral?gx-no-cache=1497363423671 HTTP/1.1" 200 17577
192.168.10.62 - - [13/Jun/2017:11:17:39 -0300] "GET /cormun/servlet/trsolicitudgral?gx-no-cache=1497363423671 HTTP/1.1" 200 17597
192.168.10.62 - - [13/Jun/2017:11:17:45 -0300] "POST /cormun/servlet/trsolicitudgral?89896580c689452bcec92817a01c2148,gx-no-cache=1497363423671,gx-no-cache=1497363462932 HTTP/1.1" 200 11339
192.168.10.96 - - [13/Jun/2017:11:17:47 -0300] "GET /cormun/servlet/trsolicitudot? HTTP/1.1" 200 10846
192.168.10.96 - - [13/Jun/2017:11:17:47 -0300] "GET /cormun/servlet/trsolicitudot? HTTP/1.1" 200 10835
192.168.10.89 - - [13/Jun/2017:11:18:14 -0300] "POST /cormun/servlet/trsolicitudgral?328941ea2a21a9ba2320b30f97ce6c17,,gx-no-cache=1497363492300 HTTP/1.1" 200 5878
186.79.20.136 - - [13/Jun/2017:11:18:17 -0300] "POST /cormun/servlet/trlicenciaspermisosadjuntos?2656b245a7975273b9c2e9de044a6461,11364586,20170613000000,L,,gx-no-cache=1497363552147 HTTP/1.1" 200 3875
192.168.10.96 - - [13/Jun/2017:11:18:20 -0300] "POST /cormun/servlet/trsolicitudot?3a79f5d9536df131fe6db6a1bb4498cf,,gx-no-cache=1497363497415 HTTP/1.1" 200 6164
186.79.20.136 - - [13/Jun/2017:11:18:21 -0300] "POST /cormun/servlet/trlicenciaspermisosadjuntos?2656b245a7975273b9c2e9de044a6461,11364586,20170613000000,L,,gx-no-cache=1497363556210 HTTP/1.1" 200 3875
186.79.20.136 - - [13/Jun/2017:11:18:23 -0300] "POST /cormun/servlet/trlicenciaspermisosadjuntos?2656b245a7975273b9c2e9de044a6461,11364586,20170613000000,L,,gx-no-cache=1497363557712 HTTP/1.1" 200 3875
192.168.10.96 - - [13/Jun/2017:11:18:24 -0300] "POST /cormun/servlet/trsolicitudot?3a79f5d9536df131fe6db6a1bb4498cf,,gx-no-cache=1497363501800 HTTP/1.1" 200 4328
192.168.10.96 - - [13/Jun/2017:11:18:26 -0300] "POST /cormun/servlet/trsolicitudot?3a79f5d9536df131fe6db6a1bb4498cf,,gx-no-cache=1497363504173 HTTP/1.1" 200 6115
186.79.20.136 - - [13/Jun/2017:11:18:28 -0300] "POST /cormun/servlet/trlicenciaspermisosadjuntos?2656b245a7975273b9c2e9de044a6461,11364586,20170613000000,L,,gx-no-cache=1497363562657 HTTP/1.1" 200 3875
186.79.20.136 - - [13/Jun/2017:11:18:31 -0300] "GET /cormun/servlet/trlicencias HTTP/1.1" 200 10777
186.79.20.136 - - [13/Jun/2017:11:18:32 -0300] "GET /cormun/servlet/trlicencias HTTP/1.1" 200 10772
186.79.20.136 - - [13/Jun/2017:11:18:36 -0300] "GET /cormun/servlet/trlicenciaspermisosadjuntos?11364586,20170613000000,L, HTTP/1.1" 200 6076
186.79.20.136 - - [13/Jun/2017:11:18:36 -0300] "GET /cormun/servlet/trlicenciaspermisosadjuntos?11364586,20170613000000,L, HTTP/1.1" 200 6077
192.168.10.62 - - [13/Jun/2017:11:18:37 -0300] "GET /cormun/servlet/trconsultaempleado? HTTP/1.1" 200 9491
192.168.10.62 - - [13/Jun/2017:11:18:37 -0300] "GET /cormun/static/gxcfg.js?20175251255119 HTTP/1.1" 304 -
192.168.10.62 - - [13/Jun/2017:11:18:37 -0300] "GET /cormun/static/trconsultaempleado.js?20175251255418 HTTP/1.1" 304 -
186.79.20.136 - - [13/Jun/2017:11:18:38 -0300] "POST /cormun/servlet/trlicenciaspermisosadjuntos?2656b245a7975273b9c2e9de044a6461,11364586,20170613000000,L,,gx-no-cache=1497363572681 HTTP/1.1" 200 3875
192.168.10.96 - - [13/Jun/2017:11:18:38 -0300] "POST /cormun/servlet/trsolicitudot?3a79f5d9536df131fe6db6a1bb4498cf,,gx-no-cache=1497363515581 HTTP/1.1" 200 6165
192.168.10.62 - - [13/Jun/2017:11:18:38 -0300] "GET /cormun/servlet/trconsultaempleado? HTTP/1.1" 200 9469
186.79.20.136 - - [13/Jun/2017:11:18:39 -0300] "GET /cormun/servlet/trlicencias HTTP/1.1" 200 10780
186.79.20.136 - - [13/Jun/2017:11:18:40 -0300] "GET /cormun/servlet/trlicencias HTTP/1.1" 200 10772
186.79.20.136 - - [13/Jun/2017:11:18:43 -0300] "GET /cormun/servlet/alicenciaprn?11364586,L,20170613000000,PU HTTP/1.1" 200 1563
192.168.10.96 - - [13/Jun/2017:11:18:53 -0300] "GET /cormun/servlet/hlogin HTTP/1.1" 200 1737
192.168.10.62 - - [13/Jun/2017:11:18:53 -0300] "POST /cormun/servlet/trconsultaempleado?89896580c689452bcec92817a01c2148,,gx-no-cache=1497363531351 HTTP/1.1" 200 3772
192.168.10.62 - - [13/Jun/2017:11:18:57 -0300] "POST /cormun/servlet/trconsultaempleado?89896580c689452bcec92817a01c2148,,gx-no-cache=1497363534487 HTTP/1.1" 200 3772
192.168.10.96 - - [13/Jun/2017:11:19:01 -0300] "POST /cormun/servlet/hlogin?3a79f5d9536df131fe6db6a1bb4498cf,gx-no-cache=1497363539143 HTTP/1.1" 200 90
192.168.10.96 - - [13/Jun/2017:11:19:01 -0300] "GET /cormun/servlet/hpexe_link HTTP/1.1" 200 951
192.168.10.96 - - [13/Jun/2017:11:19:01 -0300] "GET /cormun/servlet/hhome HTTP/1.1" 200 4333
192.168.10.96 - - [13/Jun/2017:11:19:02 -0300] "GET /cormun/servlet/hhome HTTP/1.1" 200 4329
192.168.10.96 - - [13/Jun/2017:11:19:04 -0300] "GET /cormun/servlet/trsolicitudgral? HTTP/1.1" 200 25372
192.168.10.96 - - [13/Jun/2017:11:19:05 -0300] "GET /cormun/servlet/trsolicitudgral? HTTP/1.1" 200 25369
192.168.10.96 - - [13/Jun/2017:11:19:11 -0300] "POST /cormun/servlet/trsolicitudgral?3a79f5d9536df131fe6db6a1bb4498cf,,gx-no-cache=1497363549213 HTTP/1.1" 200 7320
186.103.158.250 - - [13/Jun/2017:11:19:12 -0300] "GET /cormun/servlet/hlogin HTTP/1.1" 200 1719
186.103.158.250 - - [13/Jun/2017:11:19:12 -0300] "GET /cormun/static/gxtimezone.js?85251 HTTP/1.1" 200 5781
186.103.158.250 - - [13/Jun/2017:11:19:12 -0300] "GET /cormun/static/gxcfg.js?20175251213516 HTTP/1.1" 200 953
186.103.158.250 - - [13/Jun/2017:11:19:12 -0300] "GET /cormun/static/Resources/Spanish/PXTools.css?11423723 HTTP/1.1" 200 89042
186.103.158.250 - - [13/Jun/2017:11:19:12 -0300] "GET /cormun/static/messages.spa.js?85251 HTTP/1.1" 304 -
186.103.158.250 - - [13/Jun/2017:11:19:12 -0300] "GET /cormun/static/hlogin.js?20175251213537 HTTP/1.1" 304 -
186.103.158.250 - - [13/Jun/2017:11:19:13 -0300] "GET /cormun/servlet/hlogin HTTP/1.1" 200 1730
186.103.158.250 - - [13/Jun/2017:11:19:13 -0300] "GET /favicon.ico HTTP/1.1" 200 21630
192.168.10.96 - - [13/Jun/2017:11:19:18 -0300] "POST /cormun/servlet/trsolicitudgral?3a79f5d9536df131fe6db6a1bb4498cf,,gx-no-cache=1497363555668 HTTP/1.1" 200 5629
192.168.10.89 - - [13/Jun/2017:11:19:19 -0300] "POST /cormun/servlet/trsolicitudgral?328941ea2a21a9ba2320b30f97ce6c17,,gx-no-cache=1497363556734 HTTP/1.1" 200 6999
192.168.10.96 - - [13/Jun/2017:11:19:26 -0300] "POST /cormun/servlet/trsolicitudgral?3a79f5d9536df131fe6db6a1bb4498cf,,gx-no-cache=1497363563394 HTTP/1.1" 200 5628
192.168.10.96 - - [13/Jun/2017:11:19:28 -0300] "POST /cormun/servlet/trsolicitudgral?3a79f5d9536df131fe6db6a1bb4498cf,,gx-no-cache=1497363566327 HTTP/1.1" 200 7286
186.103.158.250 - - [13/Jun/2017:11:19:31 -0300] "POST /cormun/servlet/hlogin?19da84de2db36b8838f29e20af6a9f5c,gx-no-cache=1497363623758 HTTP/1.1" 200 90
186.103.158.250 - - [13/Jun/2017:11:19:31 -0300] "GET /cormun/servlet/hpexe_link HTTP/1.1" 200 954
186.103.158.250 - - [13/Jun/2017:11:19:31 -0300] "GET /cormun/static/gxcfg.js?20175251212395 HTTP/1.1" 200 953
186.103.158.250 - - [13/Jun/2017:11:19:31 -0300] "GET /cormun/static/hpexe_link.js?20175251212399 HTTP/1.1" 200 625
186.103.158.250 - - [13/Jun/2017:11:19:31 -0300] "GET /cormun/servlet/hhome HTTP/1.1" 200 3972
186.103.158.250 - - [13/Jun/2017:11:19:31 -0300] "GET /cormun/static/gxcfg.js?20175251212442 HTTP/1.1" 304 -
186.103.158.250 - - [13/Jun/2017:11:19:31 -0300] "GET /cormun/static/PXToolsJavascripts/pexe_cookies.js HTTP/1.1" 200 792
186.103.158.250 - - [13/Jun/2017:11:19:31 -0300] "GET /cormun/static/PXToolsJavascripts/pexe_menudivfix.js HTTP/1.1" 200 333
186.103.158.250 - - [13/Jun/2017:11:19:31 -0300] "GET /cormun/static/PXToolsJavascripts/pexe_oav.js HTTP/1.1" 200 645
186.103.158.250 - - [13/Jun/2017:11:19:31 -0300] "GET /cormun/static/PXToolsJavascripts/pexe_oavdivfix.js HTTP/1.1" 200 639
186.103.158.250 - - [13/Jun/2017:11:19:31 -0300] "GET /cormun/static/PXToolsJavascripts/pexe_picture.js HTTP/1.1" 200 689
186.103.158.250 - - [13/Jun/2017:11:19:32 -0300] "GET /cormun/static/PXToolsJavascripts/pexe_tabdivfix.js HTTP/1.1" 200 876
186.103.158.250 - - [13/Jun/2017:11:19:32 -0300] "GET /cormun/static/PXToolsJavascripts/PXToolsJavascriptsRender.js HTTP/1.1" 200 367
186.103.158.250 - - [13/Jun/2017:11:19:32 -0300] "GET /cormun/static/RunJS/RunJS.js HTTP/1.1" 200 288
186.103.158.250 - - [13/Jun/2017:11:19:32 -0300] "GET /cormun/static/hwchdr01.js?201752511465785 HTTP/1.1" 304 -
186.103.158.250 - - [13/Jun/2017:11:19:32 -0300] "GET /cormun/static/hhome.js?20175251212450 HTTP/1.1" 304 -
186.103.158.250 - - [13/Jun/2017:11:19:33 -0300] "GET /cormun/static/Resources/PXToolsHeaderActionsLeft.png HTTP/1.1" 200 1118
186.103.158.250 - - [13/Jun/2017:11:19:33 -0300] "GET /cormun/static/Resources/PXToolsFooterBackground2.png HTTP/1.1" 200 1172
186.103.158.250 - - [13/Jun/2017:11:19:33 -0300] "GET /cormun/static/Resources/PXToolsDataTitle.png HTTP/1.1" 200 1173
186.103.158.250 - - [13/Jun/2017:11:19:33 -0300] "GET /cormun/static/Resources/PXToolsHeaderActionsBackground.png HTTP/1.1" 200 484
186.103.158.250 - - [13/Jun/2017:11:19:33 -0300] "GET /cormun/static/Resources/logo4.png HTTP/1.1" 200 6582
186.103.158.250 - - [13/Jun/2017:11:19:33 -0300] "GET /cormun/static/Resources/PXToolsHeaderLogin.png HTTP/1.1" 200 4279
186.103.158.250 - - [13/Jun/2017:11:19:33 -0300] "GET /cormun/static/Resources/PXToolsHeaderHome.png HTTP/1.1" 200 4147
186.103.158.250 - - [13/Jun/2017:11:19:33 -0300] "GET /cormun/static/Resources/PXToolsHeaderBackground2.png HTTP/1.1" 200 1174
186.103.158.250 - - [13/Jun/2017:11:19:33 -0300] "GET /cormun/static/Resources/PXToolsHeaderSecurity.png HTTP/1.1" 200 4166
186.103.158.250 - - [13/Jun/2017:11:19:33 -0300] "GET /cormun/static/Resources/PXToolsHeaderActionsRight.png HTTP/1.1" 200 1201
186.103.158.250 - - [13/Jun/2017:11:19:33 -0300] "GET /cormun/static/Resources/PXToolsHeaderPreferences.png HTTP/1.1" 200 4189
186.103.158.250 - - [13/Jun/2017:11:19:33 -0300] "GET /cormun/static/hpexe_recentlink.js?201610171694390 HTTP/1.1" 304 -
186.103.158.250 - - [13/Jun/2017:11:19:33 -0300] "GET /cormun/static/hpexe_scripts.js?201752511465715 HTTP/1.1" 304 -
186.103.158.250 - - [13/Jun/2017:11:19:33 -0300] "GET /cormun/static/hpexe_messagecontroller.js?201610171694323 HTTP/1.1" 200 870
186.103.158.250 - - [13/Jun/2017:11:19:33 -0300] "GET /cormun/static/hpexe_messagegenexuscomponent.js?201752511465344 HTTP/1.1" 200 587
186.103.158.250 - - [13/Jun/2017:11:19:33 -0300] "GET /cormun/static/hpexe_messagepopupcomponent.js?20161017169425 HTTP/1.1" 200 605
186.103.158.250 - - [13/Jun/2017:11:19:33 -0300] "GET /cormun/static/cmcontrolpreferences.js?201752511465670 HTTP/1.1" 304 -
186.103.158.250 - - [13/Jun/2017:11:19:34 -0300] "GET /cormun/static/hmpwkw03.js?2017525121347 HTTP/1.1" 304 -
186.103.158.250 - - [13/Jun/2017:11:19:35 -0300] "GET /cormun/servlet/hhome HTTP/1.1" 200 3968
186.103.158.250 - - [13/Jun/2017:11:19:35 -0300] "GET /cormun/static/SmoothNavMenu/resources/images/down.gif HTTP/1.1" 200 854
186.103.158.250 - - [13/Jun/2017:11:19:35 -0300] "GET /cormun/static/SmoothNavMenu/resources/images/right.gif HTTP/1.1" 200 860
186.103.158.250 - - [13/Jun/2017:11:19:39 -0300] "GET /cormun/servlet/trautorizarsolicitud? HTTP/1.1" 200 6905
186.103.158.250 - - [13/Jun/2017:11:19:39 -0300] "GET /cormun/static/gxcfg.js?20174261241362 HTTP/1.1" 304 -
186.103.158.250 - - [13/Jun/2017:11:19:39 -0300] "GET /cormun/static/calendar.js?85251 HTTP/1.1" 304 -
186.103.158.250 - - [13/Jun/2017:11:19:39 -0300] "GET /cormun/static/calendar-setup.js?85251 HTTP/1.1" 304 -
186.103.158.250 - - [13/Jun/2017:11:19:39 -0300] "GET /cormun/static/calendar-es.js?85251 HTTP/1.1" 304 -
186.103.158.250 - - [13/Jun/2017:11:19:39 -0300] "GET /cormun/static/Resources/Spanish/PXTools.css?11294912 HTTP/1.1" 200 89042
186.103.158.250 - - [13/Jun/2017:11:19:39 -0300] "GET /cormun/static/gxdec.js?85251 HTTP/1.1" 304 -
186.103.158.250 - - [13/Jun/2017:11:19:39 -0300] "GET /cormun/static/trautorizarsolicitud.js?201742612414370 HTTP/1.1" 304 -
192.168.10.96 - - [13/Jun/2017:11:19:39 -0300] "POST /cormun/servlet/trsolicitudgral?3a79f5d9536df131fe6db6a1bb4498cf,,gx-no-cache=1497363577123 HTTP/1.1" 200 5629
186.103.158.250 - - [13/Jun/2017:11:19:39 -0300] "GET /cormun/static/Resources/PXTools/calendar.png HTTP/1.1" 200 1306
186.103.158.250 - - [13/Jun/2017:11:19:40 -0300] "GET /cormun/servlet/trautorizarsolicitud? HTTP/1.1" 200 6904
186.103.158.250 - - [13/Jun/2017:11:19:42 -0300] "POST /cormun/servlet/trautorizarsolicitud?19da84de2db36b8838f29e20af6a9f5c,,gx-no-cache=1497363634966 HTTP/1.1" 200 4122
192.168.10.96 - - [13/Jun/2017:11:19:43 -0300] "POST /cormun/servlet/trsolicitudgral?3a79f5d9536df131fe6db6a1bb4498cf,,gx-no-cache=1497363581121 HTTP/1.1" 200 7690
186.103.158.250 - - [13/Jun/2017:11:19:48 -0300] "POST /cormun/servlet/trautorizarsolicitud?19da84de2db36b8838f29e20af6a9f5c,,gx-no-cache=1497363640238 HTTP/1.1" 200 4121
192.168.10.89 - - [13/Jun/2017:11:19:48 -0300] "POST /cormun/servlet/trsolicitudgral?328941ea2a21a9ba2320b30f97ce6c17,,gx-no-cache=1497363585973 HTTP/1.1" 200 5887
186.103.158.250 - - [13/Jun/2017:11:19:50 -0300] "GET /cormun/static/menuarrow.gif HTTP/1.1" 404 1015
186.103.158.250 - - [13/Jun/2017:11:19:55 -0300] "POST /cormun/servlet/trautorizarsolicitud?19da84de2db36b8838f29e20af6a9f5c,,gx-no-cache=1497363647673 HTTP/1.1" 200 4123
186.103.158.250 - - [13/Jun/2017:11:19:56 -0300] "POST /cormun/servlet/trautorizarsolicitud?19da84de2db36b8838f29e20af6a9f5c,,gx-no-cache=1497363648912 HTTP/1.1" 200 4123
186.103.158.250 - - [13/Jun/2017:11:19:57 -0300] "POST /cormun/servlet/trautorizarsolicitud?19da84de2db36b8838f29e20af6a9f5c,,gx-no-cache=1497363650176 HTTP/1.1" 200 4122
186.103.158.250 - - [13/Jun/2017:11:20:01 -0300] "GET /cormun/servlet/trsolicitudot? HTTP/1.1" 200 11356
186.103.158.250 - - [13/Jun/2017:11:20:01 -0300] "GET /cormun/static/gxcfg.js?20175251233261 HTTP/1.1" 304 -
186.103.158.250 - - [13/Jun/2017:11:20:01 -0300] "GET /cormun/static/trsolicitudot.js?20175251234175 HTTP/1.1" 304 -
192.168.10.96 - - [13/Jun/2017:11:20:02 -0300] "POST /cormun/servlet/trsolicitudgral?3a79f5d9536df131fe6db6a1bb4498cf,,gx-no-cache=1497363599573 HTTP/1.1" 200 7286
186.103.158.250 - - [13/Jun/2017:11:20:02 -0300] "GET /cormun/servlet/trsolicitudot? HTTP/1.1" 200 11355
192.168.10.96 - - [13/Jun/2017:11:20:06 -0300] "POST /cormun/servlet/trsolicitudgral?3a79f5d9536df131fe6db6a1bb4498cf,,gx-no-cache=1497363604242 HTTP/1.1" 200 7320
192.168.10.96 - - [13/Jun/2017:11:20:10 -0300] "POST /cormun/servlet/trsolicitudgral?3a79f5d9536df131fe6db6a1bb4498cf,,gx-no-cache=1497363607521 HTTP/1.1" 200 5628
192.168.10.89 - - [13/Jun/2017:11:20:19 -0300] "POST /cormun/servlet/trsolicitudgral?328941ea2a21a9ba2320b30f97ce6c17,,gx-no-cache=1497363616749 HTTP/1.1" 200 6926
186.103.158.250 - - [13/Jun/2017:11:20:24 -0300] "POST /cormun/servlet/trsolicitudot?19da84de2db36b8838f29e20af6a9f5c,,gx-no-cache=1497363676437 HTTP/1.1" 200 8463
192.168.10.89 - - [13/Jun/2017:11:20:28 -0300] "POST /cormun/servlet/trsolicitudgral?328941ea2a21a9ba2320b30f97ce6c17,,gx-no-cache=1497363625709 HTTP/1.1" 200 5851
186.103.158.250 - - [13/Jun/2017:11:20:29 -0300] "POST /cormun/servlet/trsolicitudot?19da84de2db36b8838f29e20af6a9f5c,,gx-no-cache=1497363681706 HTTP/1.1" 200 8464
186.103.158.250 - - [13/Jun/2017:11:20:33 -0300] "GET /cormun/servlet/trautorizarsolicitud? HTTP/1.1" 200 6904
186.103.158.250 - - [13/Jun/2017:11:20:35 -0300] "GET /cormun/servlet/trautorizarsolicitud? HTTP/1.1" 200 6904
186.103.158.250 - - [13/Jun/2017:11:20:39 -0300] "GET /cormun/static/menuarrow.gif HTTP/1.1" 404 1015
186.103.158.250 - - [13/Jun/2017:11:20:44 -0300] "POST /cormun/servlet/trautorizarsolicitud?19da84de2db36b8838f29e20af6a9f5c,,gx-no-cache=1497363695933 HTTP/1.1" 200 4125
186.103.158.250 - - [13/Jun/2017:11:20:45 -0300] "POST /cormun/servlet/trautorizarsolicitud?19da84de2db36b8838f29e20af6a9f5c,,gx-no-cache=1497363697535 HTTP/1.1" 200 4126
192.168.10.96 - - [13/Jun/2017:11:20:46 -0300] "GET /cormun/servlet/hlogin HTTP/1.1" 200 1739
192.168.10.89 - - [13/Jun/2017:11:20:47 -0300] "POST /cormun/servlet/trsolicitudgral?328941ea2a21a9ba2320b30f97ce6c17,,gx-no-cache=1497363644481 HTTP/1.1" 200 6940
192.168.10.96 - - [13/Jun/2017:11:20:58 -0300] "POST /cormun/servlet/hlogin?3a79f5d9536df131fe6db6a1bb4498cf,gx-no-cache=1497363655498 HTTP/1.1" 200 459
186.103.158.250 - - [13/Jun/2017:11:20:59 -0300] "POST /cormun/servlet/trautorizarsolicitud?19da84de2db36b8838f29e20af6a9f5c,,gx-no-cache=1497363711828 HTTP/1.1" 200 4125
192.168.10.96 - - [13/Jun/2017:11:21:02 -0300] "POST /cormun/servlet/hlogin?3a79f5d9536df131fe6db6a1bb4498cf,gx-no-cache=1497363659464 HTTP/1.1" 200 90
192.168.10.96 - - [13/Jun/2017:11:21:02 -0300] "GET /cormun/servlet/hpexe_link HTTP/1.1" 200 951
192.168.10.96 - - [13/Jun/2017:11:21:02 -0300] "GET /cormun/servlet/hhome HTTP/1.1" 200 4019
192.168.10.96 - - [13/Jun/2017:11:21:02 -0300] "GET /cormun/servlet/hhome HTTP/1.1" 200 4015
192.168.10.96 - - [13/Jun/2017:11:21:12 -0300] "GET /cormun/servlet/trsolicitudot? HTTP/1.1" 200 9062
192.168.10.96 - - [13/Jun/2017:11:21:12 -0300] "GET /cormun/servlet/trsolicitudot? HTTP/1.1" 200 9060
192.168.10.96 - - [13/Jun/2017:11:21:14 -0300] "GET /cormun/servlet/solicitudot?INS,0,0, HTTP/1.1" 200 12883
192.168.10.96 - - [13/Jun/2017:11:21:15 -0300] "GET /cormun/servlet/solicitudot?INS,0,0, HTTP/1.1" 200 12887
192.168.10.96 - - [13/Jun/2017:11:21:17 -0300] "GET /cormun/servlet/prfichaempleado?,MD,,gxPopupLevel%3D0%3B HTTP/1.1" 200 8847
192.168.10.96 - - [13/Jun/2017:11:21:35 -0300] "POST /cormun/servlet/prfichaempleado?3a79f5d9536df131fe6db6a1bb4498cf,,MD,,gxPopupLevel%3D0%3B,gx-no-cache=1497363693336 HTTP/1.1" 200 3434
192.168.10.96 - - [13/Jun/2017:11:21:44 -0300] "POST /cormun/servlet/solicitudot?gx-no-cache=1497363701387 HTTP/1.1" 200 3284
