190.45.55.254 - - [13/Jun/2017:11:48:28 -0300] "GET /cormun//static/Resources/PXToolsActionDisabled.gif HTTP/1.1" 200 53
190.45.55.254 - - [13/Jun/2017:11:48:29 -0300] "GET /cormun/servlet/trcontratosolicitud? HTTP/1.1" 200 13791
192.168.10.89 - - [13/Jun/2017:11:48:32 -0300] "POST /cormun/servlet/trsolicitudgral?328941ea2a21a9ba2320b30f97ce6c17,,gx-no-cache=1497365309522 HTTP/1.1" 200 6957
192.168.10.89 - - [13/Jun/2017:11:48:43 -0300] "GET /cormun/servlet/solicitudgral2?UPD,2017,6738, HTTP/1.1" 200 12484
192.168.10.89 - - [13/Jun/2017:11:48:43 -0300] "GET /cormun/static/gxcfg.js?20175251204383 HTTP/1.1" 200 953
192.168.10.89 - - [13/Jun/2017:11:48:43 -0300] "GET /cormun/static/solicitudgral2.js?20175251204467 HTTP/1.1" 200 40768
192.168.10.89 - - [13/Jun/2017:11:48:45 -0300] "POST /cormun/servlet/solicitudgral2?gx-no-cache=1497365322930 HTTP/1.1" 200 3189
192.168.10.89 - - [13/Jun/2017:11:48:45 -0300] "GET /cormun/servlet/solicitudgral2?c9452b07528c9de50d53e7cc9fc21e044e09d44eb5673e41d1f49ca9565d8c12e5febf17faf64f88a7a3fc1e6f34772bf3503e1ddf58c29b5fdd3d8ddc0d1947da75e5ef49e4db92994b607827e0cf84048947ec968c7f5cc59e528045f54d59f990ad25db246d4eecfc80c1f11855cbdb3afc95898dfd71cedfbb29fa29cd15510ac71680a6c29f801700f9d168f9108591896dbe1045a9cccaf725db550cf93c0949c58829affc410ecf1b77ffefcb7cd09dbd7cb3e57c89a6ffd5c7a9163ac43cd81f7d0be9817cabb20f25920133f052138677c346fefb1208f8ab8c1367d8c5066593384a7240e4649c311c4992458470bb4ef760c3926435cb5354edbe6901962f787a2bb21dc1e5b234a249b2f7afcf990231948b92e5e21c1b000bd605cc642f0ace1e44856b2ff38bdac32c3883a77b73e9e87a1d2439b153c428ddb4670c5dd82502051b2c8643c82b40c8,gx-no-cache=1497365323139 HTTP/1.1" 200 257
192.168.10.89 - - [13/Jun/2017:11:48:45 -0300] "POST /cormun/servlet/solicitudgral2?gx-no-cache=1497365323167 HTTP/1.1" 200 1359
192.168.10.89 - - [13/Jun/2017:11:48:45 -0300] "GET /cormun/servlet/solicitudgral2?c9452b07528c9de50d53e7cc9fc21e0417ababee275cbea996153381d90b9ce6b86d3ae34a72de8c94f29449e89503adf3503e1ddf58c29b5fdd3d8ddc0d194783c6e053a2dafcf3b8143ce9d3558f42ef43bb825e2f444f8b0f9a732fb691e328623db22a9d8b8309fecb94640fc7d7,gx-no-cache=1497365323211 HTTP/1.1" 200 41
192.168.10.89 - - [13/Jun/2017:11:48:47 -0300] "POST /cormun/servlet/solicitudgral2?328941ea2a21a9ba2320b30f97ce6c17,UPD,2017,6738,,gx-no-cache=1497365324987 HTTP/1.1" 200 10706
192.168.10.89 - - [13/Jun/2017:11:48:48 -0300] "GET /cormun/servlet/solicitudgral2?c9452b07528c9de50d53e7cc9fc21e04077803f8e7481bfed2073b1c69d7a990447d7645e1c7b7a3e126f1f31849a34357a56d0469d1dc44f4ab18d3d9cab5f6362d98fccac132bcc18e59aa64d9bac836506ca79f7dc4ff94c39b3a53cbf058c3a584c4aa2bc7c4e675aaf16d43886c82d2bfd21ba8fde50e57ea356a1d2f8ad95394dd2af2bfd9a56b02c1fb2f1dcfa8d718afe987c1c75c67ed9a73e790c9,gx-no-cache=1497365325674 HTTP/1.1" 200 29
192.168.10.89 - - [13/Jun/2017:11:48:48 -0300] "POST /cormun/servlet/solicitudgral2?gx-no-cache=1497365325700 HTTP/1.1" 200 1255
192.168.10.89 - - [13/Jun/2017:11:48:48 -0300] "POST /cormun/servlet/solicitudgral2?gx-no-cache=1497365325741 HTTP/1.1" 200 1159
192.168.10.89 - - [13/Jun/2017:11:48:49 -0300] "GET /cormun/servlet/solicitudgral2?c9452b07528c9de50d53e7cc9fc21e04dc422b000426886e3840fb6426a819085131a076e8771866be796b0ced227fe64553a56e9cbf999a1461c6f0392e8a2ffb486a0493a5ff6525b8dfdb1d23fc97fdfc2884f89295ab303e6673671399740c77518513e2cdb6ac9957eef67e2b71a9695c114cae09da36fa1303a7ad4590,gx-no-cache=1497365327359 HTTP/1.1" 200 30
192.168.10.89 - - [13/Jun/2017:11:48:52 -0300] "POST /cormun/servlet/solicitudgral2?328941ea2a21a9ba2320b30f97ce6c17,UPD,2017,6738,,gx-no-cache=1497365329684 HTTP/1.1" 200 93
192.168.10.89 - - [13/Jun/2017:11:48:52 -0300] "GET /cormun/servlet/hpexe_return? HTTP/1.1" 200 1012
192.168.10.89 - - [13/Jun/2017:11:48:53 -0300] "GET /cormun/servlet/trsolicitudgral? HTTP/1.1" 200 10361
190.45.55.254 - - [13/Jun/2017:11:48:53 -0300] "POST /cormun/servlet/trcontratosolicitud?a724eb102c5b87b895c3050a218bfa75,,gx-no-cache=1497365381845 HTTP/1.1" 200 4744
186.103.159.44 - - [13/Jun/2017:11:48:55 -0300] "GET /cormun/servlet/licenciaspermisos?e746c0119abb1180b5116a1ea6f4b7abd463a07b2f46aa45a5b09d2b6fe0826f4a8e34086b06628f4e66c47f9bf26664ee1641a250ae0207b0e60351bb8fd110c48f0de7f880352009c33ef2afec6ed349bb3bcacf57b9f6ead001fbebab74cfed371d3ce75a638d66e6cbd7d1779491e051778b31d61e686f11ead2673c0d26983509a9ea486bfb6fcec63ac0f554cd23f056a8f59679dc3dbc21c373e123c8e41680d0168109c021ec2dec354ac758f562868361a32275ea122dc3b94b6ad0bf38b017162bf35221d0f7c0c3ae92e2321e43c0e3d33684b1dad454413ed7c9,gx-no-cache=1497365385410 HTTP/1.1" 200 30
186.103.159.44 - - [13/Jun/2017:11:48:56 -0300] "POST /cormun/servlet/licenciaspermisos?33686ee5d4d50065226e8a5c02b9a71d,INS,0,,,,gx-no-cache=1497365385832 HTTP/1.1" 200 4586
186.103.159.44 - - [13/Jun/2017:11:49:03 -0300] "GET /cormun/servlet/licenciaspermisos?e746c0119abb1180b5116a1ea6f4b7abc0628006617694d64928672a324f8ae86cabd1929182a0be05c506fe4c29a32a0cd207f91d6f46b90b4b8796e8975f84853ccef765e1bc141e2639ab13847ebec2eb49198732a2891586cde81b626b0b67af2bc39f2ae162ec4451f2dcbf1551442c2b288143a593a9cd7444900a7abfeb213e3ed3a81af3e0dcb2032ac49cbd2fea00009030a2e48359b69534c3ed5bd56f9a7bb8dc5316fe003ccc9e48351a0d3b9f2794d95af9d08263e397ae6e1a41b89742c25543cf0aa28187dde5085c50d47cf26845e4efe3c804cf958084464b1c7f32cd6a43f152f262dc0ac8fee5,gx-no-cache=1497365392548 HTTP/1.1" 200 66
186.103.159.44 - - [13/Jun/2017:11:49:06 -0300] "POST /cormun/servlet/licenciaspermisos?33686ee5d4d50065226e8a5c02b9a71d,INS,0,,,,gx-no-cache=1497365395930 HTTP/1.1" 200 93
186.103.159.44 - - [13/Jun/2017:11:49:06 -0300] "GET /cormun/servlet/hpexe_return? HTTP/1.1" 200 1016
186.103.159.44 - - [13/Jun/2017:11:49:07 -0300] "GET /cormun/servlet/trlicencias HTTP/1.1" 200 11305
192.168.10.89 - - [13/Jun/2017:11:49:09 -0300] "POST /cormun/servlet/trsolicitudgral?328941ea2a21a9ba2320b30f97ce6c17,,gx-no-cache=1497365346624 HTTP/1.1" 200 5865
192.168.10.89 - - [13/Jun/2017:11:49:09 -0300] "GET /cormun/static/Shared/jqueryui/images/ui-bg_highlight-soft_100_c6c2c8_1x100.png HTTP/1.1" 404 1117
192.168.10.89 - - [13/Jun/2017:11:49:09 -0300] "GET /cormun/static/Shared/jqueryui/images/ui-icons_82798d_256x240.png HTTP/1.1" 404 1089
192.168.10.89 - - [13/Jun/2017:11:49:09 -0300] "GET /cormun/static/Shared/jqueryui/images/ui-icons_8d78a5_256x240.png HTTP/1.1" 404 1089
192.168.10.89 - - [13/Jun/2017:11:49:09 -0300] "GET /cormun/static/Shared/jqueryui/images/ui-bg_flat_55_fafafa_40x100.png HTTP/1.1" 404 1097
186.103.159.44 - - [13/Jun/2017:11:49:18 -0300] "GET /cormun/servlet/trlicenciaspermisosadjuntos?17135699,20170613000000,L, HTTP/1.1" 200 6138
186.103.159.44 - - [13/Jun/2017:11:49:22 -0300] "GET /cormun/servlet/licenciaspermisosadjuntos?INS,17135699,L,20170613000000,, HTTP/1.1" 200 5437
186.103.159.44 - - [13/Jun/2017:11:49:22 -0300] "HEAD /cormun/static/about:blank HTTP/1.1" 404 -
192.168.10.89 - - [13/Jun/2017:11:49:31 -0300] "OPTIONS / HTTP/1.1" 200 11217
192.168.10.89 - - [13/Jun/2017:11:49:31 -0300] "OPTIONS / HTTP/1.1" 200 11217
192.168.10.89 - - [13/Jun/2017:11:49:31 -0300] "PROPFIND / HTTP/1.1" 200 11217
192.168.10.89 - - [13/Jun/2017:11:49:31 -0300] "PROPFIND / HTTP/1.1" 200 11217
192.168.10.89 - - [13/Jun/2017:11:49:31 -0300] "PROPFIND /cormun HTTP/1.1" 302 -
192.168.10.89 - - [13/Jun/2017:11:49:31 -0300] "PROPFIND /cormun/ HTTP/1.1" 501 1141
192.168.10.89 - - [13/Jun/2017:11:49:44 -0300] "POST /cormun/servlet/trsolicitudgral?328941ea2a21a9ba2320b30f97ce6c17,,gx-no-cache=1497365382332 HTTP/1.1" 200 6922
186.103.159.44 - - [13/Jun/2017:11:49:48 -0300] "POST /cormun/servlet/licenciaspermisosadjuntos?33686ee5d4d50065226e8a5c02b9a71d,INS,17135699,L,20170613000000,, HTTP/1.1" 200 116
186.103.159.44 - - [13/Jun/2017:11:49:48 -0300] "GET /cormun/servlet/hpexe_return? HTTP/1.1" 200 1046
186.103.159.44 - - [13/Jun/2017:11:49:49 -0300] "GET /cormun/servlet/trlicenciaspermisosadjuntos?17135699,20170613000000,L, HTTP/1.1" 200 6628
186.103.159.44 - - [13/Jun/2017:11:49:50 -0300] "GET /cormun/PublicTempStorage/licencia_katherine_cueto6595317.pdf HTTP/1.1" 200 1610203
186.103.159.44 - - [13/Jun/2017:11:49:55 -0300] "GET /cormun/servlet/trlicencias? HTTP/1.1" 200 11301
192.168.10.89 - - [13/Jun/2017:11:50:05 -0300] "GET /cormun/servlet/solicitudgral?UPD,2017,6733, HTTP/1.1" 200 12348
192.168.10.89 - - [13/Jun/2017:11:50:06 -0300] "POST /cormun/servlet/solicitudgral?gx-no-cache=1497365404280 HTTP/1.1" 200 3199
192.168.10.89 - - [13/Jun/2017:11:50:07 -0300] "GET /cormun/servlet/solicitudgral?c9452b07528c9de50d53e7cc9fc21e044e09d44eb5673e41d1f49ca9565d8c12e5febf17faf64f88a7a3fc1e6f34772bf3503e1ddf58c29b5fdd3d8ddc0d1947da75e5ef49e4db92994b607827e0cf84f2e3485307eef88db89e7fc13394d93bf990ad25db246d4eecfc80c1f11855cbdb3afc95898dfd71cedfbb29fa29cd15510ac71680a6c29f801700f9d168f9108591896dbe1045a9cccaf725db550cf93c0949c58829affc410ecf1b77ffefcb7cd09dbd7cb3e57c89a6ffd5c7a9163ac43cd81f7d0be9817cabb20f25920133f052138677c346fefb1208f8ab8c1367d8c5066593384a7240e4649c311c4992458470bb4ef760c3926435cb5354edbe6901962f787a2bb21dc1e5b234a249b2f7afcf990231948b92e5e21c1b000bd605cc642f0ace1e44856b2ff38bdac32c3883a77b73e9e87a1d2439b153c428ddb4670c5dd82502051b2c8643c82b40c8,gx-no-cache=1497365404486 HTTP/1.1" 200 258
186.103.159.44 - - [13/Jun/2017:11:50:07 -0300] "GET /cormun/servlet/alicenciaprn?17135699,L,20170613000000,PU HTTP/1.1" 200 1619
192.168.10.89 - - [13/Jun/2017:11:50:10 -0300] "POST /cormun/servlet/solicitudgral?328941ea2a21a9ba2320b30f97ce6c17,UPD,2017,6733,,gx-no-cache=1497365407480 HTTP/1.1" 200 93
192.168.10.89 - - [13/Jun/2017:11:50:10 -0300] "GET /cormun/servlet/hpexe_return? HTTP/1.1" 200 1011
192.168.10.89 - - [13/Jun/2017:11:50:10 -0300] "GET /cormun/servlet/trsolicitudgral? HTTP/1.1" 200 10326
186.79.17.200 - - [13/Jun/2017:11:50:35 -0300] "GET /cormun/servlet/hlogin HTTP/1.1" 200 1714
186.79.17.200 - - [13/Jun/2017:11:50:37 -0300] "GET /cormun/servlet/hlogin HTTP/1.1" 200 1724
186.79.17.200 - - [13/Jun/2017:11:50:47 -0300] "POST /cormun/servlet/hlogin?9f05135036da811613eb1462ea0ef448,gx-no-cache=1497365501567 HTTP/1.1" 200 90
186.79.17.200 - - [13/Jun/2017:11:50:48 -0300] "GET /cormun/servlet/hpexe_link HTTP/1.1" 200 946
186.79.17.200 - - [13/Jun/2017:11:50:48 -0300] "GET /cormun/servlet/hhome HTTP/1.1" 200 4044
186.79.17.200 - - [13/Jun/2017:11:50:50 -0300] "GET /cormun/servlet/hhome HTTP/1.1" 200 4041
186.79.17.200 - - [13/Jun/2017:11:50:53 -0300] "GET /cormun/servlet/trlicencias? HTTP/1.1" 200 13704
186.79.17.200 - - [13/Jun/2017:11:50:55 -0300] "GET /cormun/servlet/trlicencias? HTTP/1.1" 200 13698
186.79.17.200 - - [13/Jun/2017:11:50:59 -0300] "POST /cormun/servlet/trlicencias?9f05135036da811613eb1462ea0ef448,,gx-no-cache=1497365512357 HTTP/1.1" 200 11396
186.79.17.200 - - [13/Jun/2017:11:51:00 -0300] "GET /cormun/static/Shared/jqueryui/images/ui-bg_highlight-soft_100_c6c2c8_1x100.png HTTP/1.1" 404 1117
186.79.17.200 - - [13/Jun/2017:11:51:00 -0300] "GET /cormun/static/Shared/jqueryui/images/ui-icons_82798d_256x240.png HTTP/1.1" 404 1089
186.79.17.200 - - [13/Jun/2017:11:51:00 -0300] "GET /cormun/static/Shared/jqueryui/images/ui-bg_flat_55_fafafa_40x100.png HTTP/1.1" 404 1097
186.79.17.200 - - [13/Jun/2017:11:51:00 -0300] "GET /cormun/static/Shared/jqueryui/images/ui-icons_8d78a5_256x240.png HTTP/1.1" 404 1089
186.79.17.200 - - [13/Jun/2017:11:51:05 -0300] "POST /cormun/servlet/trlicencias?9f05135036da811613eb1462ea0ef448,,gx-no-cache=1497365517618 HTTP/1.1" 200 11334
186.79.17.200 - - [13/Jun/2017:11:51:09 -0300] "GET /cormun/servlet/trautorizarpermisogoce? HTTP/1.1" 200 11328
186.79.17.200 - - [13/Jun/2017:11:51:10 -0300] "GET /cormun/static/gxcfg.js?20175251272542 HTTP/1.1" 200 953
186.79.17.200 - - [13/Jun/2017:11:51:10 -0300] "GET /cormun/static/trautorizarpermisogoce.js?20175251273090 HTTP/1.1" 200 34948
186.79.17.200 - - [13/Jun/2017:11:51:11 -0300] "GET /cormun/servlet/trautorizarpermisogoce? HTTP/1.1" 200 11328
186.79.17.200 - - [13/Jun/2017:11:51:19 -0300] "POST /cormun/servlet/trautorizarpermisogoce?9f05135036da811613eb1462ea0ef448,,gx-no-cache=1497365532948 HTTP/1.1" 200 8357
186.79.17.200 - - [13/Jun/2017:11:51:20 -0300] "GET /cormun/static/Shared/jqueryui/images/ui-bg_highlight-soft_100_c6c2c8_1x100.png HTTP/1.1" 404 1117
186.79.17.200 - - [13/Jun/2017:11:51:20 -0300] "GET /cormun/static/Shared/jqueryui/images/ui-icons_82798d_256x240.png HTTP/1.1" 404 1089
186.79.17.200 - - [13/Jun/2017:11:51:20 -0300] "GET /cormun/static/Shared/jqueryui/images/ui-bg_flat_55_fafafa_40x100.png HTTP/1.1" 404 1097
186.79.17.200 - - [13/Jun/2017:11:51:20 -0300] "GET /cormun/static/Shared/jqueryui/images/ui-icons_8d78a5_256x240.png HTTP/1.1" 404 1089
186.79.17.200 - - [13/Jun/2017:11:51:26 -0300] "POST /cormun/servlet/trautorizarpermisogoce?9f05135036da811613eb1462ea0ef448,,gx-no-cache=1497365539679 HTTP/1.1" 200 8147
186.79.17.200 - - [13/Jun/2017:11:51:28 -0300] "POST /cormun/servlet/trautorizarpermisogoce?9f05135036da811613eb1462ea0ef448,,gx-no-cache=1497365541746 HTTP/1.1" 200 7956
186.79.17.200 - - [13/Jun/2017:11:51:30 -0300] "POST /cormun/servlet/trautorizarpermisogoce?9f05135036da811613eb1462ea0ef448,,gx-no-cache=1497365543561 HTTP/1.1" 200 7713
186.79.17.200 - - [13/Jun/2017:11:51:32 -0300] "POST /cormun/servlet/trautorizarpermisogoce?9f05135036da811613eb1462ea0ef448,,gx-no-cache=1497365545672 HTTP/1.1" 200 7509
186.79.17.200 - - [13/Jun/2017:11:51:34 -0300] "POST /cormun/servlet/trautorizarpermisogoce?9f05135036da811613eb1462ea0ef448,,gx-no-cache=1497365547402 HTTP/1.1" 200 7262
186.79.17.200 - - [13/Jun/2017:11:51:35 -0300] "POST /cormun/servlet/trautorizarpermisogoce?9f05135036da811613eb1462ea0ef448,,gx-no-cache=1497365549163 HTTP/1.1" 200 7010
186.79.17.200 - - [13/Jun/2017:11:51:38 -0300] "POST /cormun/servlet/trautorizarpermisogoce?9f05135036da811613eb1462ea0ef448,,gx-no-cache=1497365551209 HTTP/1.1" 200 6770
186.79.17.200 - - [13/Jun/2017:11:51:39 -0300] "POST /cormun/servlet/trautorizarpermisogoce?9f05135036da811613eb1462ea0ef448,,gx-no-cache=1497365552896 HTTP/1.1" 200 6555
186.79.17.200 - - [13/Jun/2017:11:51:41 -0300] "POST /cormun/servlet/trautorizarpermisogoce?9f05135036da811613eb1462ea0ef448,,gx-no-cache=1497365554483 HTTP/1.1" 200 6343
186.79.17.200 - - [13/Jun/2017:11:51:42 -0300] "POST /cormun/servlet/trautorizarpermisogoce?9f05135036da811613eb1462ea0ef448,,gx-no-cache=1497365556045 HTTP/1.1" 200 6120
186.79.17.200 - - [13/Jun/2017:11:51:44 -0300] "POST /cormun/servlet/trautorizarpermisogoce?9f05135036da811613eb1462ea0ef448,,gx-no-cache=1497365557457 HTTP/1.1" 200 5873
186.79.17.200 - - [13/Jun/2017:11:51:45 -0300] "POST /cormun/servlet/trautorizarpermisogoce?9f05135036da811613eb1462ea0ef448,,gx-no-cache=1497365559000 HTTP/1.1" 200 5641
186.79.17.200 - - [13/Jun/2017:11:51:47 -0300] "POST /cormun/servlet/trautorizarpermisogoce?9f05135036da811613eb1462ea0ef448,,gx-no-cache=1497365560503 HTTP/1.1" 200 5423
186.79.17.200 - - [13/Jun/2017:11:51:48 -0300] "POST /cormun/servlet/trautorizarpermisogoce?9f05135036da811613eb1462ea0ef448,,gx-no-cache=1497365561855 HTTP/1.1" 200 5212
186.79.17.200 - - [13/Jun/2017:11:51:49 -0300] "POST /cormun/servlet/trautorizarpermisogoce?9f05135036da811613eb1462ea0ef448,,gx-no-cache=1497365563167 HTTP/1.1" 200 4956
186.79.17.200 - - [13/Jun/2017:11:51:51 -0300] "POST /cormun/servlet/trautorizarpermisogoce?9f05135036da811613eb1462ea0ef448,,gx-no-cache=1497365564483 HTTP/1.1" 200 4199
192.168.10.89 - - [13/Jun/2017:11:52:21 -0300] "POST /cormun/servlet/trsolicitudgral?328941ea2a21a9ba2320b30f97ce6c17,,gx-no-cache=1497365538889 HTTP/1.1" 200 6929
192.168.10.89 - - [13/Jun/2017:11:52:25 -0300] "GET /cormun/servlet/solicitudgral?UPD,2017,6729, HTTP/1.1" 200 12307
192.168.10.89 - - [13/Jun/2017:11:52:27 -0300] "POST /cormun/servlet/solicitudgral?gx-no-cache=1497365544882 HTTP/1.1" 200 3152
192.168.10.89 - - [13/Jun/2017:11:52:27 -0300] "GET /cormun/servlet/solicitudgral?c9452b07528c9de50d53e7cc9fc21e044e09d44eb5673e41d1f49ca9565d8c12e5febf17faf64f88a7a3fc1e6f34772bf3503e1ddf58c29b5fdd3d8ddc0d1947da75e5ef49e4db92994b607827e0cf84048947ec968c7f5cc59e528045f54d59f990ad25db246d4eecfc80c1f11855cbdb3afc95898dfd71cedfbb29fa29cd15510ac71680a6c29f801700f9d168f9108591896dbe1045a9cccaf725db550cf93c0949c58829affc410ecf1b77ffefcb7cd09dbd7cb3e57c89a6ffd5c7a9163ac43cd81f7d0be9817cabb20f25920133f052138677c346fefb1208f8ab8c1367d8c5066593384a7240e4649c311c4992458470bb4ef760c3926435cb5354edbe6901962f787a2bb21dc1e5b234a249b2f7afcf990231948b92e5e21c1b000bd605cc642f0ace1e44856b2ff38bdac32c3883a77b73e9e87a1d2439b153c428ddb4670c5dd82502051b2c8643c82b40c8,gx-no-cache=1497365545082 HTTP/1.1" 200 257
192.168.10.89 - - [13/Jun/2017:11:55:35 -0300] "POST /cormun/servlet/solicitudgral?328941ea2a21a9ba2320b30f97ce6c17,UPD,2017,6729,,gx-no-cache=1497365732393 HTTP/1.1" 200 93
192.168.10.89 - - [13/Jun/2017:11:55:35 -0300] "GET /cormun/servlet/hpexe_return? HTTP/1.1" 200 1011
192.168.10.89 - - [13/Jun/2017:11:55:35 -0300] "GET /cormun/servlet/trsolicitudgral? HTTP/1.1" 200 10329
192.168.10.89 - - [13/Jun/2017:11:55:38 -0300] "POST /cormun/servlet/trsolicitudgral?328941ea2a21a9ba2320b30f97ce6c17,,gx-no-cache=1497365735845 HTTP/1.1" 200 115
192.168.10.89 - - [13/Jun/2017:11:55:38 -0300] "GET /cormun/servlet/solicitudotlog?INS,2017,6729,0,REC, HTTP/1.1" 200 6317
192.168.10.89 - - [13/Jun/2017:11:55:38 -0300] "GET /cormun/static/gxcfg.js?201752511524564 HTTP/1.1" 304 -
192.168.10.89 - - [13/Jun/2017:11:55:38 -0300] "GET /cormun/static/solicitudotlog.js?201752511524577 HTTP/1.1" 304 -
192.168.10.89 - - [13/Jun/2017:11:55:40 -0300] "GET /cormun/servlet/solicitudotlog?c9452b07528c9de50d53e7cc9fc21e048460b30d745f7f0ce1f5e70df0c35e93a44a874cf5deb32941f36595a88498a4515cb8018fff57cb2aca2f0806e4866dcfb1b043440b752b85833e1984e0d0c7506f22673a849c3f31dde6315641c8b26d813f4709893d92e638c49b311c19cfab8a4b85324f179dffdb139b2a5d245e7a80128ecd58de697e621c67c690d5b2809bca8586bdcd4d9f9ce997bb2b4ae9,gx-no-cache=1497365737432 HTTP/1.1" 200 94
192.168.10.89 - - [13/Jun/2017:11:55:50 -0300] "POST /cormun/servlet/solicitudotlog?328941ea2a21a9ba2320b30f97ce6c17,INS,2017,6729,0,REC,,gx-no-cache=1497365747530 HTTP/1.1" 200 93
192.168.10.89 - - [13/Jun/2017:11:55:50 -0300] "GET /cormun/servlet/hpexe_return? HTTP/1.1" 200 1019
192.168.10.89 - - [13/Jun/2017:11:55:50 -0300] "GET /cormun/servlet/trsolicitudgral HTTP/1.1" 200 9046
186.103.159.44 - - [13/Jun/2017:11:59:14 -0300] "POST /cormun/servlet/trlicencias?33686ee5d4d50065226e8a5c02b9a71d,,gx-no-cache=1497366003645 HTTP/1.1" 200 8696
186.103.159.44 - - [13/Jun/2017:11:59:15 -0300] "GET /cormun/static/Shared/jqueryui/images/ui-bg_highlight-soft_100_c6c2c8_1x100.png HTTP/1.1" 404 1117
186.103.159.44 - - [13/Jun/2017:11:59:15 -0300] "GET /cormun/static/Shared/jqueryui/images/ui-icons_8d78a5_256x240.png HTTP/1.1" 404 1089
186.103.159.44 - - [13/Jun/2017:11:59:15 -0300] "GET /cormun/static/Shared/jqueryui/images/ui-bg_flat_55_fafafa_40x100.png HTTP/1.1" 404 1097
186.103.159.44 - - [13/Jun/2017:11:59:15 -0300] "GET /cormun/static/Shared/jqueryui/images/ui-icons_82798d_256x240.png HTTP/1.1" 404 1089
186.103.159.44 - - [13/Jun/2017:11:59:46 -0300] "GET /cormun/servlet/trsolicitudot? HTTP/1.1" 200 14525
186.103.159.44 - - [13/Jun/2017:11:59:47 -0300] "GET /cormun/static/gxcfg.js?20175251233261 HTTP/1.1" 304 -
186.103.159.44 - - [13/Jun/2017:11:59:47 -0300] "GET /cormun/static/trsolicitudot.js?20175251234175 HTTP/1.1" 304 -
186.103.159.44 - - [13/Jun/2017:12:00:34 -0300] "POST /cormun/servlet/trsolicitudot?33686ee5d4d50065226e8a5c02b9a71d,,gx-no-cache=1497366084250 HTTP/1.1" 200 106
186.103.159.44 - - [13/Jun/2017:12:00:34 -0300] "GET /cormun/servlet/solicitudot?UPD,2017,6729, HTTP/1.1" 200 14278
186.103.159.44 - - [13/Jun/2017:12:00:35 -0300] "GET /cormun/static/gxcfg.js?201752522134570 HTTP/1.1" 304 -
186.103.159.44 - - [13/Jun/2017:12:00:35 -0300] "GET /cormun/static/solicitudot.js?201752522134767 HTTP/1.1" 304 -
186.103.159.44 - - [13/Jun/2017:12:00:36 -0300] "POST /cormun/servlet/solicitudot?gx-no-cache=1497366086707 HTTP/1.1" 200 3151
186.103.159.44 - - [13/Jun/2017:12:00:37 -0300] "POST /cormun/servlet/solicitudot?33686ee5d4d50065226e8a5c02b9a71d,UPD,2017,6729,,gx-no-cache=1497366087047 HTTP/1.1" 200 10855
186.103.159.44 - - [13/Jun/2017:12:00:37 -0300] "GET /cormun/servlet/solicitudot?3cf5fe4f4a9bdd5d4370265eb2275979b77b1d7d4fe184645a1c6ee1e99caa271a543c36b273a280b3f72c41cdc4cb8a,gx-no-cache=1497366087447 HTTP/1.1" 200 30
186.103.159.44 - - [13/Jun/2017:12:00:37 -0300] "POST /cormun/servlet/solicitudot?gx-no-cache=1497366087595 HTTP/1.1" 200 254
186.103.159.44 - - [13/Jun/2017:12:00:37 -0300] "GET /cormun/servlet/solicitudot?3cf5fe4f4a9bdd5d4370265eb227597914b308e10680a1d94d3ed17c542c584c4b94a5cad01a44f1235cc2770ad45dd8449aa852c177768a8e29f63b5443e134b20e499df05d2ee9f2977db40df9db6f9a11113e7cb4ecd79f04ed71b3a2ec763e72611def0a24426bf56be5ef26ca364b4b1ef5d619e00d443b327ee5291f182daf556b0a242daf3c1635ceef15af06fc9326661c523c77f909b2fb1b5e1fed76664102cf7d3759c2c38b71de80bf4e502edef00d25f42af707c43fdbb268c8235bb5b496075e713537442593c99856bcaba44e117be9f49cd54cc36ee7fe1a14866c13b75dc7de671bad9cdf66d1aae6dee84f204bb3116bd91fc1bd1a5d1fee1641a250ae0207b0e60351bb8fd11058eb8105894ee36b325ed19611d36d673947c87efe4caee36550d5abc053eac320273f654fad31165fba488046fec615ed9a7b49a6223cba30a43babed25ec7b44d783844c0c200a3a634a3cd257b521aaa1d932efb0630e15c3c35c7722593792bc5cccb131c803c5b6df3516e841cb,gx-no-cache=1497366087665 HTTP/1.1" 200 30
186.103.159.44 - - [13/Jun/2017:12:00:37 -0300] "POST /cormun/servlet/solicitudot?gx-no-cache=1497366087717 HTTP/1.1" 200 30
186.103.159.44 - - [13/Jun/2017:12:00:38 -0300] "POST /cormun/servlet/solicitudot?gx-no-cache=1497366087858 HTTP/1.1" 200 1298
186.103.159.44 - - [13/Jun/2017:12:00:38 -0300] "POST /cormun/servlet/solicitudot?gx-no-cache=1497366087963 HTTP/1.1" 200 41
186.79.34.168 - - [13/Jun/2017:12:00:51 -0300] "POST /cormun/servlet/trsolicitudot?2656b245a7975273b9c2e9de044a6461,gx-no-cache=1497366105890 HTTP/1.1" 200 107
186.79.34.168 - - [13/Jun/2017:12:00:51 -0300] "GET /cormun/servlet/trsolicitudadjuntos?2017,6814, HTTP/1.1" 200 5848
186.79.34.168 - - [13/Jun/2017:12:00:52 -0300] "GET /cormun/static/gxcfg.js?20175251232679 HTTP/1.1" 304 -
186.79.34.168 - - [13/Jun/2017:12:00:52 -0300] "GET /cormun/static/trsolicitudadjuntos.js?20175251233082 HTTP/1.1" 304 -
186.79.34.168 - - [13/Jun/2017:12:00:52 -0300] "GET /cormun/servlet/trsolicitudadjuntos?2017,6814, HTTP/1.1" 200 5848
186.103.159.44 - - [13/Jun/2017:12:00:54 -0300] "GET /cormun/servlet/trsolicitudot? HTTP/1.1" 200 14525
186.79.34.168 - - [13/Jun/2017:12:00:56 -0300] "GET /cormun/servlet/solicitudotadjuntos?INS,2017,6814,,1, HTTP/1.1" 200 5802
186.79.34.168 - - [13/Jun/2017:12:00:56 -0300] "GET /cormun/static/gxcfg.js?201752511522888 HTTP/1.1" 304 -
186.79.34.168 - - [13/Jun/2017:12:00:56 -0300] "GET /cormun/static/solicitudotadjuntos.js?20175251152299 HTTP/1.1" 304 -
186.79.34.168 - - [13/Jun/2017:12:00:57 -0300] "GET /cormun/static/about:blank HTTP/1.1" 404 1011
186.79.34.168 - - [13/Jun/2017:12:00:57 -0300] "GET /cormun/servlet/solicitudotadjuntos?INS,2017,6814,,1, HTTP/1.1" 200 5796
186.79.34.168 - - [13/Jun/2017:12:00:57 -0300] "GET /cormun/servlet/solicitudotadjuntos?db46d0a52b611aaee6c842af49227b6d9639444edc9c415558b66ab872f3e6e8684761947248f8c22e1eb256776090be,gx-no-cache=1497366112692 HTTP/1.1" 200 30
186.79.34.168 - - [13/Jun/2017:12:00:58 -0300] "POST /cormun/servlet/solicitudotadjuntos?2656b245a7975273b9c2e9de044a6461,INS,2017,6814,,1,,gx-no-cache=1497366112786 HTTP/1.1" 200 3651
186.79.34.168 - - [13/Jun/2017:12:01:02 -0300] "POST /cormun/servlet/solicitudotadjuntos?gx-no-cache=1497366117241 HTTP/1.1" 200 26
186.79.34.168 - - [13/Jun/2017:12:01:09 -0300] "GET /cormun/servlet/solicitudotadjuntos?db46d0a52b611aaee6c842af49227b6d8fb3f49c5f96703c2d44a772cd1a179b,gx-no-cache=1497366124457 HTTP/1.1" 200 30
186.79.34.168 - - [13/Jun/2017:12:01:09 -0300] "GET /cormun/servlet/solicitudotadjuntos?db46d0a52b611aaee6c842af49227b6d8fb3f49c5f96703c2d44a772cd1a179b,gx-no-cache=1497366124521 HTTP/1.1" 200 30
186.79.34.168 - - [13/Jun/2017:12:01:20 -0300] "POST /cormun/servlet/solicitudotadjuntos?2656b245a7975273b9c2e9de044a6461,INS,2017,6814,,1, HTTP/1.1" 200 116
186.79.34.168 - - [13/Jun/2017:12:01:21 -0300] "GET /cormun/servlet/hpexe_return? HTTP/1.1" 200 1027
186.79.34.168 - - [13/Jun/2017:12:01:21 -0300] "GET /cormun/servlet/trsolicitudadjuntos?2017,6814, HTTP/1.1" 200 8032
186.79.34.168 - - [13/Jun/2017:12:01:22 -0300] "GET /cormun/servlet/trsolicitudadjuntos?2017,6814, HTTP/1.1" 200 8027
186.79.34.168 - - [13/Jun/2017:12:01:26 -0300] "GET /cormun/servlet/solicitudotadjuntos?INS,2017,6814,,1, HTTP/1.1" 200 5802
186.79.34.168 - - [13/Jun/2017:12:01:26 -0300] "GET /cormun/static/about:blank HTTP/1.1" 404 1011
186.79.34.168 - - [13/Jun/2017:12:01:27 -0300] "GET /cormun/servlet/solicitudotadjuntos?INS,2017,6814,,1, HTTP/1.1" 200 5796
186.79.34.168 - - [13/Jun/2017:12:01:27 -0300] "GET /cormun/servlet/solicitudotadjuntos?db46d0a52b611aaee6c842af49227b6d9639444edc9c415558b66ab872f3e6e8684761947248f8c22e1eb256776090be,gx-no-cache=1497366142174 HTTP/1.1" 200 30
186.79.34.168 - - [13/Jun/2017:12:01:27 -0300] "POST /cormun/servlet/solicitudotadjuntos?2656b245a7975273b9c2e9de044a6461,INS,2017,6814,,1,,gx-no-cache=1497366142276 HTTP/1.1" 200 3654
186.79.34.168 - - [13/Jun/2017:12:01:53 -0300] "POST /cormun/servlet/solicitudotadjuntos?gx-no-cache=1497366167915 HTTP/1.1" 200 26
186.103.159.44 - - [13/Jun/2017:12:01:54 -0300] "GET /cormun/servlet/trcontratoobservacion? HTTP/1.1" 200 5941
186.103.159.44 - - [13/Jun/2017:12:01:54 -0300] "GET /cormun/static/calendar-system.css?85620 HTTP/1.1" 200 5572
186.103.159.44 - - [13/Jun/2017:12:01:54 -0300] "GET /cormun/static/gxcfg.js?20161221855213 HTTP/1.1" 200 953
186.103.159.44 - - [13/Jun/2017:12:01:54 -0300] "GET /cormun/static/Resources/Spanish/PXTools.css?18365030 HTTP/1.1" 200 89042
186.103.159.44 - - [13/Jun/2017:12:01:54 -0300] "GET /cormun/static/trcontratoobservacion.js?20161221855487 HTTP/1.1" 200 25148
186.103.159.44 - - [13/Jun/2017:12:02:01 -0300] "GET /cormun/servlet/trsolicitudot? HTTP/1.1" 200 14527
186.79.34.168 - - [13/Jun/2017:12:02:07 -0300] "GET /cormun/servlet/solicitudotadjuntos?db46d0a52b611aaee6c842af49227b6d8fb3f49c5f96703c2d44a772cd1a179b,gx-no-cache=1497366182157 HTTP/1.1" 200 30
186.79.34.168 - - [13/Jun/2017:12:02:07 -0300] "GET /cormun/servlet/solicitudotadjuntos?db46d0a52b611aaee6c842af49227b6d8fb3f49c5f96703c2d44a772cd1a179b,gx-no-cache=1497366182287 HTTP/1.1" 200 30
186.79.34.168 - - [13/Jun/2017:12:02:15 -0300] "POST /cormun/servlet/solicitudotadjuntos?2656b245a7975273b9c2e9de044a6461,INS,2017,6814,,1, HTTP/1.1" 200 116
186.79.34.168 - - [13/Jun/2017:12:02:15 -0300] "GET /cormun/servlet/hpexe_return? HTTP/1.1" 200 1027
186.79.34.168 - - [13/Jun/2017:12:02:15 -0300] "GET /cormun/servlet/trsolicitudadjuntos?2017,6814, HTTP/1.1" 200 8321
186.79.34.168 - - [13/Jun/2017:12:02:16 -0300] "GET /cormun/servlet/trsolicitudadjuntos?2017,6814, HTTP/1.1" 200 8320
186.79.34.168 - - [13/Jun/2017:12:02:24 -0300] "GET /cormun/servlet/solicitudotadjuntos?INS,2017,6814,,1, HTTP/1.1" 200 5802
186.79.34.168 - - [13/Jun/2017:12:02:25 -0300] "GET /cormun/static/about:blank HTTP/1.1" 404 1011
186.79.34.168 - - [13/Jun/2017:12:02:25 -0300] "GET /cormun/servlet/solicitudotadjuntos?INS,2017,6814,,1, HTTP/1.1" 200 5796
186.79.34.168 - - [13/Jun/2017:12:02:25 -0300] "GET /cormun/servlet/solicitudotadjuntos?db46d0a52b611aaee6c842af49227b6d9639444edc9c415558b66ab872f3e6e8684761947248f8c22e1eb256776090be,gx-no-cache=1497366200269 HTTP/1.1" 200 30
186.79.34.168 - - [13/Jun/2017:12:02:25 -0300] "POST /cormun/servlet/solicitudotadjuntos?2656b245a7975273b9c2e9de044a6461,INS,2017,6814,,1,,gx-no-cache=1497366200365 HTTP/1.1" 200 3653
186.79.34.168 - - [13/Jun/2017:12:02:31 -0300] "POST /cormun/servlet/solicitudotadjuntos?gx-no-cache=1497366205875 HTTP/1.1" 200 26
186.79.34.168 - - [13/Jun/2017:12:02:42 -0300] "GET /cormun/servlet/solicitudotadjuntos?db46d0a52b611aaee6c842af49227b6d8fb3f49c5f96703c2d44a772cd1a179b,gx-no-cache=1497366217674 HTTP/1.1" 200 30
192.168.10.89 - - [13/Jun/2017:12:02:43 -0300] "POST /cormun/servlet/trsolicitudgral?328941ea2a21a9ba2320b30f97ce6c17,gx-no-cache=1497366160310 HTTP/1.1" 200 6954
186.79.34.168 - - [13/Jun/2017:12:02:43 -0300] "GET /cormun/servlet/solicitudotadjuntos?db46d0a52b611aaee6c842af49227b6d8fb3f49c5f96703c2d44a772cd1a179b,gx-no-cache=1497366217814 HTTP/1.1" 200 30
192.168.10.89 - - [13/Jun/2017:12:02:48 -0300] "POST /cormun/servlet/trsolicitudgral?328941ea2a21a9ba2320b30f97ce6c17,gx-no-cache=1497366166312 HTTP/1.1" 200 5855
192.168.10.89 - - [13/Jun/2017:12:02:49 -0300] "GET /cormun/static/Shared/jqueryui/images/ui-icons_82798d_256x240.png HTTP/1.1" 404 1089
192.168.10.89 - - [13/Jun/2017:12:02:49 -0300] "GET /cormun/static/Shared/jqueryui/images/ui-icons_8d78a5_256x240.png HTTP/1.1" 404 1089
192.168.10.89 - - [13/Jun/2017:12:02:49 -0300] "GET /cormun/static/Shared/jqueryui/images/ui-bg_highlight-soft_100_c6c2c8_1x100.png HTTP/1.1" 404 1117
192.168.10.89 - - [13/Jun/2017:12:02:49 -0300] "GET /cormun/static/Shared/jqueryui/images/ui-bg_flat_55_fafafa_40x100.png HTTP/1.1" 404 1097
186.79.34.168 - - [13/Jun/2017:12:02:56 -0300] "POST /cormun/servlet/solicitudotadjuntos?2656b245a7975273b9c2e9de044a6461,INS,2017,6814,,1, HTTP/1.1" 200 116
186.79.34.168 - - [13/Jun/2017:12:02:56 -0300] "GET /cormun/servlet/hpexe_return? HTTP/1.1" 200 1027
186.79.34.168 - - [13/Jun/2017:12:02:56 -0300] "GET /cormun/servlet/trsolicitudadjuntos?2017,6814, HTTP/1.1" 200 8483
186.79.34.168 - - [13/Jun/2017:12:02:57 -0300] "GET /cormun/servlet/trsolicitudadjuntos?2017,6814, HTTP/1.1" 200 8483
186.79.34.168 - - [13/Jun/2017:12:03:08 -0300] "GET /cormun/servlet/solicitudotadjuntos?INS,2017,6814,,1, HTTP/1.1" 200 5802
186.79.34.168 - - [13/Jun/2017:12:03:08 -0300] "GET /cormun/static/about:blank HTTP/1.1" 404 1011
186.79.34.168 - - [13/Jun/2017:12:03:08 -0300] "GET /cormun/servlet/solicitudotadjuntos?INS,2017,6814,,1, HTTP/1.1" 200 5796
186.79.34.168 - - [13/Jun/2017:12:03:09 -0300] "GET /cormun/servlet/solicitudotadjuntos?db46d0a52b611aaee6c842af49227b6d9639444edc9c415558b66ab872f3e6e8684761947248f8c22e1eb256776090be,gx-no-cache=1497366244139 HTTP/1.1" 200 30
186.79.34.168 - - [13/Jun/2017:12:03:09 -0300] "POST /cormun/servlet/solicitudotadjuntos?2656b245a7975273b9c2e9de044a6461,INS,2017,6814,,1,,gx-no-cache=1497366244214 HTTP/1.1" 200 3654
186.79.34.168 - - [13/Jun/2017:12:03:14 -0300] "POST /cormun/servlet/solicitudotadjuntos?gx-no-cache=1497366249529 HTTP/1.1" 200 26
200.86.95.220 - - [13/Jun/2017:12:03:20 -0300] "GET /cormun/servlet/hlogin HTTP/1.1" 200 1722
200.86.95.220 - - [13/Jun/2017:12:03:21 -0300] "GET /cormun/servlet/hlogin HTTP/1.1" 200 1733
192.168.10.89 - - [13/Jun/2017:12:03:21 -0300] "POST /cormun/servlet/trsolicitudgral?328941ea2a21a9ba2320b30f97ce6c17,gx-no-cache=1497366198791 HTTP/1.1" 200 6924
186.79.34.168 - - [13/Jun/2017:12:03:24 -0300] "GET /cormun/servlet/solicitudotadjuntos?db46d0a52b611aaee6c842af49227b6d8fb3f49c5f96703c2d44a772cd1a179b,gx-no-cache=1497366258975 HTTP/1.1" 200 30
186.79.34.168 - - [13/Jun/2017:12:03:24 -0300] "GET /cormun/servlet/solicitudotadjuntos?db46d0a52b611aaee6c842af49227b6d8fb3f49c5f96703c2d44a772cd1a179b,gx-no-cache=1497366259031 HTTP/1.1" 200 30
200.86.95.220 - - [13/Jun/2017:12:03:29 -0300] "POST /cormun/servlet/hlogin?98aebabbd56b68e08b32eb86f5932a83,gx-no-cache=1497366262270 HTTP/1.1" 200 90
200.86.95.220 - - [13/Jun/2017:12:03:29 -0300] "GET /cormun/servlet/hpexe_link HTTP/1.1" 200 952
200.86.95.220 - - [13/Jun/2017:12:03:29 -0300] "GET /cormun/servlet/hhome HTTP/1.1" 200 3781
200.86.95.220 - - [13/Jun/2017:12:03:30 -0300] "GET /cormun/servlet/hhome HTTP/1.1" 200 3780
200.86.95.220 - - [13/Jun/2017:12:03:34 -0300] "GET /cormun/servlet/trpermisosgoce? HTTP/1.1" 200 10681
186.79.34.168 - - [13/Jun/2017:12:03:34 -0300] "POST /cormun/servlet/solicitudotadjuntos?2656b245a7975273b9c2e9de044a6461,INS,2017,6814,,1, HTTP/1.1" 200 116
186.79.34.168 - - [13/Jun/2017:12:03:34 -0300] "GET /cormun/servlet/hpexe_return? HTTP/1.1" 200 1027
186.79.34.168 - - [13/Jun/2017:12:03:34 -0300] "GET /cormun/servlet/trsolicitudadjuntos?2017,6814, HTTP/1.1" 200 8640
200.86.95.220 - - [13/Jun/2017:12:03:35 -0300] "GET /cormun/servlet/trpermisosgoce? HTTP/1.1" 200 10680
186.79.34.168 - - [13/Jun/2017:12:03:35 -0300] "GET /cormun/servlet/trsolicitudadjuntos?2017,6814, HTTP/1.1" 200 8636
186.79.34.168 - - [13/Jun/2017:12:03:38 -0300] "GET /cormun/servlet/solicitudotadjuntos?INS,2017,6814,,1, HTTP/1.1" 200 5802
186.79.34.168 - - [13/Jun/2017:12:03:38 -0300] "GET /cormun/static/about:blank HTTP/1.1" 404 1011
186.79.34.168 - - [13/Jun/2017:12:03:38 -0300] "GET /cormun/servlet/solicitudotadjuntos?INS,2017,6814,,1, HTTP/1.1" 200 5796
186.79.34.168 - - [13/Jun/2017:12:03:39 -0300] "GET /cormun/servlet/solicitudotadjuntos?db46d0a52b611aaee6c842af49227b6d9639444edc9c415558b66ab872f3e6e8684761947248f8c22e1eb256776090be,gx-no-cache=1497366274097 HTTP/1.1" 200 30
186.79.34.168 - - [13/Jun/2017:12:03:39 -0300] "POST /cormun/servlet/solicitudotadjuntos?2656b245a7975273b9c2e9de044a6461,INS,2017,6814,,1,,gx-no-cache=1497366274177 HTTP/1.1" 200 3654
200.86.95.220 - - [13/Jun/2017:12:03:43 -0300] "POST /cormun/servlet/trpermisosgoce?98aebabbd56b68e08b32eb86f5932a83,,gx-no-cache=1497366275702 HTTP/1.1" 200 3962
186.79.34.168 - - [13/Jun/2017:12:03:43 -0300] "POST /cormun/servlet/solicitudotadjuntos?gx-no-cache=1497366277687 HTTP/1.1" 200 26
200.86.95.220 - - [13/Jun/2017:12:03:44 -0300] "GET /cormun/servlet/permisogoce?INS,0,,, HTTP/1.1" 200 6621
200.86.95.220 - - [13/Jun/2017:12:03:45 -0300] "GET /cormun/servlet/permisogoce?INS,0,,, HTTP/1.1" 200 6621
192.168.10.89 - - [13/Jun/2017:12:03:50 -0300] "POST /cormun/servlet/trsolicitudgral?328941ea2a21a9ba2320b30f97ce6c17,gx-no-cache=1497366228142 HTTP/1.1" 200 5832
186.79.34.168 - - [13/Jun/2017:12:03:53 -0300] "GET /cormun/servlet/solicitudotadjuntos?db46d0a52b611aaee6c842af49227b6d8fb3f49c5f96703c2d44a772cd1a179b,gx-no-cache=1497366288253 HTTP/1.1" 200 30
186.79.34.168 - - [13/Jun/2017:12:03:53 -0300] "GET /cormun/servlet/solicitudotadjuntos?db46d0a52b611aaee6c842af49227b6d8fb3f49c5f96703c2d44a772cd1a179b,gx-no-cache=1497366288311 HTTP/1.1" 200 30
200.86.95.220 - - [13/Jun/2017:12:03:55 -0300] "GET /cormun/servlet/permisogoce?062e4bd090004aec5a6eb602a408f77c9f847720b86813a3994eeb2e671d682cdbd3340b37c3fd83dd61d5d5428be19e,gx-no-cache=1497366288557 HTTP/1.1" 200 79
200.86.95.220 - - [13/Jun/2017:12:03:55 -0300] "GET /cormun/static/menuarrow.gif HTTP/1.1" 404 1015
186.103.159.44 - - [13/Jun/2017:12:04:03 -0300] "GET /cormun/servlet/trsolicitudot? HTTP/1.1" 200 14526
200.86.95.220 - - [13/Jun/2017:12:04:07 -0300] "GET /cormun/servlet/permisogoce?062e4bd090004aec5a6eb602a408f77c545fd70cf5a14d24edd8ef6ea8417df61db5995f2cd2ef40b45055d4f0e96fefdb742eb6096198d1e2a51ab01a59c97b,gx-no-cache=1497366300734 HTTP/1.1" 200 48
192.168.10.96 - - [13/Jun/2017:12:04:08 -0300] "POST /cormun/servlet/hlogin?3a79f5d9536df131fe6db6a1bb4498cf,gx-no-cache=1497366245569 HTTP/1.1" 440 972
186.79.34.168 - - [13/Jun/2017:12:04:09 -0300] "POST /cormun/servlet/solicitudotadjuntos?2656b245a7975273b9c2e9de044a6461,INS,2017,6814,,1, HTTP/1.1" 200 116
186.79.34.168 - - [13/Jun/2017:12:04:09 -0300] "GET /cormun/servlet/hpexe_return? HTTP/1.1" 200 1027
192.168.10.96 - - [13/Jun/2017:12:04:09 -0300] "GET /cormun/servlet/hlogin HTTP/1.1" 200 1734
186.79.34.168 - - [13/Jun/2017:12:04:09 -0300] "GET /cormun/servlet/trsolicitudadjuntos?2017,6814, HTTP/1.1" 200 8834
186.79.34.168 - - [13/Jun/2017:12:04:11 -0300] "GET /cormun/servlet/trsolicitudadjuntos?2017,6814, HTTP/1.1" 200 8835
200.86.95.220 - - [13/Jun/2017:12:04:15 -0300] "POST /cormun/servlet/permisogoce?98aebabbd56b68e08b32eb86f5932a83,INS,0,,,,gx-no-cache=1497366307661 HTTP/1.1" 200 93
200.86.95.220 - - [13/Jun/2017:12:04:15 -0300] "GET /cormun/servlet/hpexe_return? HTTP/1.1" 200 1010
200.86.95.220 - - [13/Jun/2017:12:04:15 -0300] "GET /cormun/servlet/trpermisosgoce? HTTP/1.1" 200 7558
200.86.95.220 - - [13/Jun/2017:12:04:16 -0300] "GET /cormun/servlet/trpermisosgoce? HTTP/1.1" 200 7554
192.168.10.89 - - [13/Jun/2017:12:04:19 -0300] "POST /cormun/servlet/trsolicitudgral?328941ea2a21a9ba2320b30f97ce6c17,gx-no-cache=1497366256618 HTTP/1.1" 200 6932
200.86.95.220 - - [13/Jun/2017:12:04:19 -0300] "GET /cormun/servlet/apermisogoceprn?7232365,P,20170613120342,PU HTTP/1.1" 200 1654
186.79.34.168 - - [13/Jun/2017:12:04:26 -0300] "GET /cormun/servlet/trsolicitudot? HTTP/1.1" 200 12383
186.79.34.168 - - [13/Jun/2017:12:04:27 -0300] "GET /cormun/servlet/trsolicitudot? HTTP/1.1" 200 12377
192.168.10.89 - - [13/Jun/2017:12:04:27 -0300] "POST /cormun/servlet/trsolicitudgral?328941ea2a21a9ba2320b30f97ce6c17,gx-no-cache=1497366264571 HTTP/1.1" 200 5852
186.103.159.44 - - [13/Jun/2017:12:04:49 -0300] "POST /cormun/servlet/trsolicitudot?33686ee5d4d50065226e8a5c02b9a71d,,gx-no-cache=1497366339451 HTTP/1.1" 200 5488
192.168.10.89 - - [13/Jun/2017:12:04:58 -0300] "POST /cormun/servlet/trsolicitudgral?328941ea2a21a9ba2320b30f97ce6c17,gx-no-cache=1497366295470 HTTP/1.1" 200 6950
192.168.10.96 - - [13/Jun/2017:12:05:06 -0300] "POST /cormun/servlet/hlogin?be354a8879ed768012498c2ab76e741a,gx-no-cache=1497366304114 HTTP/1.1" 200 90
192.168.10.96 - - [13/Jun/2017:12:05:06 -0300] "GET /cormun/servlet/hpexe_link HTTP/1.1" 200 954
192.168.10.96 - - [13/Jun/2017:12:05:06 -0300] "GET /cormun/servlet/hhome HTTP/1.1" 200 4336
192.168.10.96 - - [13/Jun/2017:12:05:07 -0300] "GET /cormun/servlet/hhome HTTP/1.1" 200 4332
186.103.159.44 - - [13/Jun/2017:12:05:11 -0300] "POST /cormun/servlet/trsolicitudot?33686ee5d4d50065226e8a5c02b9a71d,,gx-no-cache=1497366361437 HTTP/1.1" 200 106
186.103.159.44 - - [13/Jun/2017:12:05:11 -0300] "GET /cormun/servlet/solicitudot?UPD,2017,6729, HTTP/1.1" 200 14278
192.168.10.89 - - [13/Jun/2017:12:05:12 -0300] "POST /cormun/servlet/trsolicitudgral?328941ea2a21a9ba2320b30f97ce6c17,gx-no-cache=1497366309391 HTTP/1.1" 200 5862
192.168.10.96 - - [13/Jun/2017:12:05:12 -0300] "GET /cormun/servlet/trsolicitudgral? HTTP/1.1" 200 25072
192.168.10.96 - - [13/Jun/2017:12:05:13 -0300] "GET /cormun/servlet/trsolicitudgral? HTTP/1.1" 200 25070
186.103.159.44 - - [13/Jun/2017:12:05:14 -0300] "POST /cormun/servlet/solicitudot?gx-no-cache=1497366363751 HTTP/1.1" 200 3151
186.103.159.44 - - [13/Jun/2017:12:05:14 -0300] "POST /cormun/servlet/solicitudot?33686ee5d4d50065226e8a5c02b9a71d,UPD,2017,6729,,gx-no-cache=1497366364075 HTTP/1.1" 200 10855
186.103.159.44 - - [13/Jun/2017:12:05:14 -0300] "GET /cormun/servlet/solicitudot?3cf5fe4f4a9bdd5d4370265eb2275979b77b1d7d4fe184645a1c6ee1e99caa271a543c36b273a280b3f72c41cdc4cb8a,gx-no-cache=1497366364429 HTTP/1.1" 200 30
186.103.159.44 - - [13/Jun/2017:12:05:14 -0300] "POST /cormun/servlet/solicitudot?gx-no-cache=1497366364606 HTTP/1.1" 200 254
186.103.159.44 - - [13/Jun/2017:12:05:15 -0300] "GET /cormun/servlet/solicitudot?3cf5fe4f4a9bdd5d4370265eb227597914b308e10680a1d94d3ed17c542c584c4b94a5cad01a44f1235cc2770ad45dd8449aa852c177768a8e29f63b5443e134b20e499df05d2ee9f2977db40df9db6f9a11113e7cb4ecd79f04ed71b3a2ec763e72611def0a24426bf56be5ef26ca364b4b1ef5d619e00d443b327ee5291f182daf556b0a242daf3c1635ceef15af06fc9326661c523c77f909b2fb1b5e1fed76664102cf7d3759c2c38b71de80bf4e502edef00d25f42af707c43fdbb268c8235bb5b496075e713537442593c99856bcaba44e117be9f49cd54cc36ee7fe1a14866c13b75dc7de671bad9cdf66d1aae6dee84f204bb3116bd91fc1bd1a5d1fee1641a250ae0207b0e60351bb8fd11058eb8105894ee36b325ed19611d36d673947c87efe4caee36550d5abc053eac320273f654fad31165fba488046fec615ed9a7b49a6223cba30a43babed25ec7b44d783844c0c200a3a634a3cd257b521aaa1d932efb0630e15c3c35c7722593792bc5cccb131c803c5b6df3516e841cb,gx-no-cache=1497366364695 HTTP/1.1" 200 30
186.103.159.44 - - [13/Jun/2017:12:05:15 -0300] "POST /cormun/servlet/solicitudot?gx-no-cache=1497366365044 HTTP/1.1" 200 30
186.103.159.44 - - [13/Jun/2017:12:05:15 -0300] "POST /cormun/servlet/solicitudot?gx-no-cache=1497366365164 HTTP/1.1" 200 1298
186.103.159.44 - - [13/Jun/2017:12:05:15 -0300] "POST /cormun/servlet/solicitudot?gx-no-cache=1497366365259 HTTP/1.1" 200 41
192.168.10.96 - - [13/Jun/2017:12:05:24 -0300] "POST /cormun/servlet/trsolicitudgral?be354a8879ed768012498c2ab76e741a,,gx-no-cache=1497366321649 HTTP/1.1" 200 5628
192.168.10.96 - - [13/Jun/2017:12:05:30 -0300] "POST /cormun/servlet/trsolicitudgral?be354a8879ed768012498c2ab76e741a,,gx-no-cache=1497366328316 HTTP/1.1" 200 7327
192.168.10.89 - - [13/Jun/2017:12:05:44 -0300] "POST /cormun/servlet/trsolicitudgral?328941ea2a21a9ba2320b30f97ce6c17,gx-no-cache=1497366342060 HTTP/1.1" 200 7255
192.168.10.89 - - [13/Jun/2017:12:06:00 -0300] "POST /cormun/servlet/trsolicitudgral?328941ea2a21a9ba2320b30f97ce6c17,gx-no-cache=1497366358326 HTTP/1.1" 200 6975
186.79.34.168 - - [13/Jun/2017:12:06:02 -0300] "GET /cormun/servlet/trlicencias? HTTP/1.1" 200 10776
186.79.34.168 - - [13/Jun/2017:12:06:03 -0300] "GET /cormun/servlet/trlicencias? HTTP/1.1" 200 10775
186.103.159.44 - - [13/Jun/2017:12:06:15 -0300] "POST /cormun/servlet/solicitudot?gx-no-cache=1497366425069 HTTP/1.1" 200 238
186.103.159.44 - - [13/Jun/2017:12:06:17 -0300] "GET /cormun/servlet/solicitudot?3cf5fe4f4a9bdd5d4370265eb227597914b308e10680a1d94d3ed17c542c584c838c77f7f63cc05cbd5f9531a7887f2f449aa852c177768a8e29f63b5443e134b20e499df05d2ee9f2977db40df9db6f9a11113e7cb4ecd79f04ed71b3a2ec763e72611def0a24426bf56be5ef26ca364b4b1ef5d619e00d443b327ee5291f182daf556b0a242daf3c1635ceef15af06fc9326661c523c77f909b2fb1b5e1fed76664102cf7d3759c2c38b71de80bf4e502edef00d25f42af707c43fdbb268c8235bb5b496075e713537442593c99856bcaba44e117be9f49cd54cc36ee7fe1a14866c13b75dc7de671bad9cdf66d1aae6dee84f204bb3116bd91fc1bd1a5d1fee1641a250ae0207b0e60351bb8fd110c56b1ab152edbf86a4bb4e7ee4e655af5686063e2ade85150b19985a2f1d9cc3c5aeb2c208e9ab21473e996ee9f56c0bf1d462b08a3301769c98f540b801493e394adc6e0a464f0e71ebfd89e886f7454f5326d489b63085918c8c96e47ddca083f40ee5b35835663824941579dd93ef,gx-no-cache=1497366426648 HTTP/1.1" 200 30
186.103.159.44 - - [13/Jun/2017:12:06:19 -0300] "POST /cormun/servlet/solicitudot?gx-no-cache=1497366429120 HTTP/1.1" 200 30
186.79.17.200 - - [13/Jun/2017:12:07:02 -0300] "GET /cormun/servlet/hlogin HTTP/1.1" 200 1714
192.168.10.96 - - [13/Jun/2017:12:07:03 -0300] "GET /cormun/servlet/solicitudgral2?UPD,2017,6730, HTTP/1.1" 200 12295
192.168.10.96 - - [13/Jun/2017:12:07:03 -0300] "GET /cormun/static/gxcfg.js?20175251204383 HTTP/1.1" 304 -
192.168.10.96 - - [13/Jun/2017:12:07:03 -0300] "GET /cormun/static/solicitudgral2.js?20175251204467 HTTP/1.1" 304 -
192.168.10.96 - - [13/Jun/2017:12:07:04 -0300] "GET /cormun/servlet/solicitudgral2?UPD,2017,6730, HTTP/1.1" 200 12305
192.168.10.96 - - [13/Jun/2017:12:07:04 -0300] "POST /cormun/servlet/solicitudgral2?gx-no-cache=1497366422165 HTTP/1.1" 200 3152
192.168.10.96 - - [13/Jun/2017:12:07:04 -0300] "GET /cormun/servlet/solicitudgral2?424e147cc9d253c63a0fd51dd5820d7d1292c7f744b3854d81d0ff7a103c21d20a19ae1dbec7a3d97f5c9de218ec6113c58e6710e54f5d237a90db7c18d257118f89369278deeadaa08f197b38e8be04ac917e0fa46c530fcf59d4ebf32a0ad23be9975a508e898f7d919fd12c5e9fa36887f904fe15b877d80bb7ebbf483eb8a782aa78bee3c9b0ed7713bc9ab99c2ae123a36f36841d20fd067e661c5b793092afcaa5f5308fec0037fd839b6f117e169cb69cb13a5c19550fcd09bce7ff1d834dac476b5ca0078017cdaeff1234473412772966c3874b66ff157e045f9174b275e4ba28b450b49a822994c69f2355fc1e491c52472ef81ff29380fcbf6b4fa62100af45432de176e903f2565159f75a903373ea8c10a885c8a79bb5fc5938933e762a776495119ac1540b78cdb74563dcaf63266a74fc3845309da1f6453043a42abe30498159e824bad8c53ea4c8,gx-no-cache=1497366422298 HTTP/1.1" 200 257
192.168.10.96 - - [13/Jun/2017:12:07:04 -0300] "POST /cormun/servlet/solicitudgral2?gx-no-cache=1497366422334 HTTP/1.1" 200 1359
192.168.10.96 - - [13/Jun/2017:12:07:04 -0300] "GET /cormun/servlet/solicitudgral2?424e147cc9d253c63a0fd51dd5820d7d227aa611f5482a7eb13c7523b2deb5fb9e7c6b105784e934858f25b35d17cfd8c58e6710e54f5d237a90db7c18d25711be4d5131357bc588a1b2c08927105d13b1d36394b228efecf821c5fb4354ad89786234bc5b4936a131a178420f1bd377,gx-no-cache=1497366422372 HTTP/1.1" 200 41
192.168.10.89 - - [13/Jun/2017:12:07:08 -0300] "POST /cormun/servlet/trsolicitudgral?328941ea2a21a9ba2320b30f97ce6c17,gx-no-cache=1497366426122 HTTP/1.1" 200 7283
186.79.17.200 - - [13/Jun/2017:12:07:11 -0300] "POST /cormun/servlet/hlogin?9f05135036da811613eb1462ea0ef448,gx-no-cache=1497366485208 HTTP/1.1" 200 90
186.79.17.200 - - [13/Jun/2017:12:07:11 -0300] "GET /cormun/servlet/hpexe_link HTTP/1.1" 200 959
186.79.17.200 - - [13/Jun/2017:12:07:12 -0300] "GET /cormun/servlet/trautorizarpermisogoce? HTTP/1.1" 200 6860
186.103.159.44 - - [13/Jun/2017:12:07:13 -0300] "POST /cormun/servlet/solicitudot?gx-no-cache=1497366482866 HTTP/1.1" 200 1301
186.79.17.200 - - [13/Jun/2017:12:07:13 -0300] "GET /cormun/servlet/trautorizarpermisogoce? HTTP/1.1" 200 6859
186.79.17.200 - - [13/Jun/2017:12:07:17 -0300] "GET /cormun/servlet/trcontratounov2? HTTP/1.1" 200 17616
186.79.17.200 - - [13/Jun/2017:12:07:18 -0300] "GET /cormun/static/gxcfg.js?201752512124396 HTTP/1.1" 200 953
186.79.17.200 - - [13/Jun/2017:12:07:18 -0300] "GET /cormun/static/Resources/PXToolsAddSelectedAction.png HTTP/1.1" 200 3660
186.79.17.200 - - [13/Jun/2017:12:07:18 -0300] "GET /cormun/static/trcontratounov2.js?201752512125146 HTTP/1.1" 200 38486
186.79.17.200 - - [13/Jun/2017:12:07:20 -0300] "GET /cormun/servlet/trcontratounov2? HTTP/1.1" 200 17608
192.168.10.89 - - [13/Jun/2017:12:07:26 -0300] "POST /cormun/servlet/trsolicitudgral?328941ea2a21a9ba2320b30f97ce6c17,gx-no-cache=1497366443768 HTTP/1.1" 200 6988
186.103.159.44 - - [13/Jun/2017:12:07:37 -0300] "GET /cormun/static/menuarrow.gif HTTP/1.1" 404 1015
186.79.34.168 - - [13/Jun/2017:12:07:39 -0300] "GET /cormun/servlet/licenciaspermisos?INS,0,,, HTTP/1.1" 200 7169
186.79.34.168 - - [13/Jun/2017:12:07:40 -0300] "GET /cormun/servlet/licenciaspermisos?INS,0,,, HTTP/1.1" 200 7169
186.103.159.44 - - [13/Jun/2017:12:07:45 -0300] "POST /cormun/servlet/solicitudot?gx-no-cache=1497366514985 HTTP/1.1" 200 41
186.103.159.44 - - [13/Jun/2017:12:07:45 -0300] "GET /cormun/servlet/solicitudot?3cf5fe4f4a9bdd5d4370265eb227597923990164579f162ecae8ac922233fdc2c2731e719c33d82daffb619380bbf6c4e7c1e4e733a0e138dd491b3948e2056bba5053aeebfeacce786a45b5c1d6c7e739bd8c4bcc662a353c8874ec6198daac3f22498b7d66e4363c812cac09a62c69fe4c7b56864e1f62dace2636a7c52a48fdaf34be0013267ac1e6ab9b873ff2c0360f240285bfefa0097bb481589d6a22,gx-no-cache=1497366515286 HTTP/1.1" 200 29
186.103.159.44 - - [13/Jun/2017:12:07:45 -0300] "POST /cormun/servlet/solicitudot?gx-no-cache=1497366515659 HTTP/1.1" 200 1280
186.103.159.44 - - [13/Jun/2017:12:07:46 -0300] "POST /cormun/servlet/solicitudot?gx-no-cache=1497366516016 HTTP/1.1" 200 120
186.103.159.44 - - [13/Jun/2017:12:07:46 -0300] "GET /cormun/static/Shared/jqueryui/images/ui-icons_82798d_256x240.png HTTP/1.1" 404 1089
186.103.159.44 - - [13/Jun/2017:12:07:46 -0300] "GET /cormun/static/Shared/jqueryui/images/ui-icons_ebccce_256x240.png HTTP/1.1" 404 1089
186.103.159.44 - - [13/Jun/2017:12:07:46 -0300] "GET /cormun/static/Shared/jqueryui/images/ui-bg_flat_55_994d53_40x100.png HTTP/1.1" 404 1097
186.103.159.44 - - [13/Jun/2017:12:07:46 -0300] "GET /cormun/static/Shared/jqueryui/images/ui-bg_highlight-soft_100_c6c2c8_1x100.png HTTP/1.1" 404 1117
186.103.159.44 - - [13/Jun/2017:12:07:46 -0300] "POST /cormun/servlet/solicitudot?33686ee5d4d50065226e8a5c02b9a71d,UPD,2017,6729,,gx-no-cache=1497366516128 HTTP/1.1" 200 11132
186.79.34.168 - - [13/Jun/2017:12:07:49 -0300] "GET /cormun/servlet/licenciaspermisos?9ced7bbd5935ace7e5bcbf351c264ebc03e826d47cfaa3fce2d57f5c5ce322d191cfc8227b7fd38a8474e5b472ec039e,gx-no-cache=1497366524574 HTTP/1.1" 200 78
186.79.34.168 - - [13/Jun/2017:12:07:50 -0300] "POST /cormun/servlet/licenciaspermisos?2656b245a7975273b9c2e9de044a6461,INS,0,,,,gx-no-cache=1497366524667 HTTP/1.1" 200 4508
186.103.159.44 - - [13/Jun/2017:12:07:54 -0300] "POST /cormun/servlet/solicitudot?gx-no-cache=1497366524172 HTTP/1.1" 200 3155
186.103.159.44 - - [13/Jun/2017:12:07:54 -0300] "POST /cormun/servlet/solicitudot?33686ee5d4d50065226e8a5c02b9a71d,UPD,2017,6729,,gx-no-cache=1497366524463 HTTP/1.1" 200 10967
186.103.159.44 - - [13/Jun/2017:12:07:55 -0300] "GET /cormun/servlet/solicitudot?3cf5fe4f4a9bdd5d4370265eb2275979b77b1d7d4fe184645a1c6ee1e99caa271a543c36b273a280b3f72c41cdc4cb8a,gx-no-cache=1497366524866 HTTP/1.1" 200 30
186.103.159.44 - - [13/Jun/2017:12:07:55 -0300] "POST /cormun/servlet/solicitudot?gx-no-cache=1497366525089 HTTP/1.1" 200 240
186.103.159.44 - - [13/Jun/2017:12:07:56 -0300] "GET /cormun/servlet/solicitudot?3cf5fe4f4a9bdd5d4370265eb227597914b308e10680a1d94d3ed17c542c584c838c77f7f63cc05cbd5f9531a7887f2f449aa852c177768a8e29f63b5443e134b20e499df05d2ee9f2977db40df9db6f9a11113e7cb4ecd79f04ed71b3a2ec763e72611def0a24426bf56be5ef26ca364b4b1ef5d619e00d443b327ee5291f182daf556b0a242daf3c1635ceef15af06fc9326661c523c77f909b2fb1b5e1fed76664102cf7d3759c2c38b71de80bf4e502edef00d25f42af707c43fdbb268c8235bb5b496075e713537442593c99856bcaba44e117be9f49cd54cc36ee7fe1a14866c13b75dc7de671bad9cdf66d1aae6dee84f204bb3116bd91fc1bd1a5d1fee1641a250ae0207b0e60351bb8fd110c56b1ab152edbf86a4bb4e7ee4e655af5686063e2ade85150b19985a2f1d9cc3c5aeb2c208e9ab21473e996ee9f56c0bf1d462b08a3301769c98f540b801493e394adc6e0a464f0e71ebfd89e886f7454f5326d489b63085918c8c96e47ddca083f40ee5b35835663824941579dd93ef,gx-no-cache=1497366525198 HTTP/1.1" 200 30
186.103.159.44 - - [13/Jun/2017:12:07:56 -0300] "POST /cormun/servlet/solicitudot?gx-no-cache=1497366526185 HTTP/1.1" 200 30
186.103.159.44 - - [13/Jun/2017:12:07:56 -0300] "POST /cormun/servlet/solicitudot?gx-no-cache=1497366526303 HTTP/1.1" 200 1301
186.103.159.44 - - [13/Jun/2017:12:07:56 -0300] "GET /cormun/servlet/prlicenciaspermisos?17906276,L,,MD,,gxPopupLevel%3D0%3B HTTP/1.1" 200 5524
186.103.159.44 - - [13/Jun/2017:12:07:56 -0300] "GET /cormun/static/gxcfg.js?20175251244362 HTTP/1.1" 200 953
