186.103.156.24 - - [07/Jun/2017:11:22:27 -0300] "GET /cormun//static/Resources/PXTools/ActionInsert.png HTTP/1.1" 200 1482
186.103.156.24 - - [07/Jun/2017:11:22:27 -0300] "GET /cormun/static/SmoothNavMenu/resources/images/down.gif HTTP/1.1" 200 854
186.103.156.24 - - [07/Jun/2017:11:22:28 -0300] "GET /cormun/static/Shared/ext/resources/themes/images/default/panel/bg-headersPanel.png HTTP/1.1" 200 255
186.103.156.24 - - [07/Jun/2017:11:22:28 -0300] "GET /cormun/static/SmoothNavMenu/resources/images/right.gif HTTP/1.1" 200 860
186.103.156.24 - - [07/Jun/2017:11:22:28 -0300] "GET /cormun/static/Shared/ext/resources/themes/images/default/tools/tool-sprites.gif HTTP/1.1" 200 5434
186.103.156.24 - - [07/Jun/2017:11:22:28 -0300] "GET /cormun/servlet/trlicencias HTTP/1.1" 200 13987
186.103.156.24 - - [07/Jun/2017:11:22:28 -0300] "GET /cormun//static/Resources/PXToolsGridUpdate.png HTTP/1.1" 200 2984
200.86.10.241 - - [07/Jun/2017:11:26:13 -0300] "GET /cormun/servlet/trsolicitudot? HTTP/1.1" 200 12655
200.86.10.241 - - [07/Jun/2017:11:26:13 -0300] "GET /cormun/static/gxcfg.js?20175251233261 HTTP/1.1" 304 -
200.86.10.241 - - [07/Jun/2017:11:26:13 -0300] "GET /cormun/static/trsolicitudot.js?20175251234175 HTTP/1.1" 304 -
200.86.10.241 - - [07/Jun/2017:11:26:14 -0300] "GET /cormun/servlet/trsolicitudot? HTTP/1.1" 200 12644
200.86.10.241 - - [07/Jun/2017:11:26:30 -0300] "GET /cormun/servlet/solicitudot?INS,0,0, HTTP/1.1" 200 12642
200.86.10.241 - - [07/Jun/2017:11:26:30 -0300] "GET /cormun/static/gxcfg.js?201752522134570 HTTP/1.1" 304 -
200.86.10.241 - - [07/Jun/2017:11:26:30 -0300] "GET /cormun/static/solicitudot.js?201752522134767 HTTP/1.1" 304 -
200.86.10.241 - - [07/Jun/2017:11:26:30 -0300] "GET /cormun/servlet/solicitudot?INS,0,0, HTTP/1.1" 200 12646
200.86.10.241 - - [07/Jun/2017:11:26:41 -0300] "POST /cormun/servlet/solicitudot?gx-no-cache=1496845655173 HTTP/1.1" 200 3202
200.86.10.241 - - [07/Jun/2017:11:26:41 -0300] "POST /cormun/servlet/solicitudot?571f8ea9ecc77939d24a32ca0621142f,INS,0,0,,gx-no-cache=1496845655485 HTTP/1.1" 200 9816
200.86.10.241 - - [07/Jun/2017:11:26:57 -0300] "GET /cormun/servlet/solicitudot?c8933cd413b69edd97ea239a54a99de656c9e066357927aa59f2adf4eebd0c207e26aae6a89399f18ff7d3113f266d44,gx-no-cache=1496845671553 HTTP/1.1" 200 30
200.86.10.241 - - [07/Jun/2017:11:26:57 -0300] "POST /cormun/servlet/solicitudot?gx-no-cache=1496845671615 HTTP/1.1" 200 256
200.86.10.241 - - [07/Jun/2017:11:26:57 -0300] "GET /cormun/servlet/solicitudot?c8933cd413b69edd97ea239a54a99de62aafc3f5b33c53e33539986579957888461460f9a69aa7c2eeeb16e3ae2c4ba3647523f1539476046751e5f82408658f181acfa462a12a67c42f639a6298c3c105027e712d1b1dbfa21356a26e9f2ed5bca6a37303a9ed4ba026275f705e77747eaef89ed887cbfa6f15dafd692d6483e478c47ae611d1c386d732ef43ff8f1275d8a26e1c4eedfd4179fada584067e67bea85f9d2b4fe392ca00627647a3c8543b1afecac5978a24851f4740f80c70462337cd03c5d6272c600d33e58d0e940076088b9f8eb41374e771f1860504724cc8270a05cf1efc8f9e52bd56223c1fd432b639041bdae1754eec7689f385a5e1f6a76e8caaebe940df592fffea19e0559bf3f1ce99710309c3ea2ea3df159c67e9650daf97df1fda15582244d8408707f94fe112f22d761bb49c49948395e60dc986541dbdf45b6efefdb14e5b85528e9951222c2176727016b784225b1d7028c3987cfed5bfa492a3adee9b7cc4f1d2fe556ea30fef220822cd920d13fa265,gx-no-cache=1496845671662 HTTP/1.1" 200 30
200.86.10.241 - - [07/Jun/2017:11:26:57 -0300] "POST /cormun/servlet/solicitudot?gx-no-cache=1496845671709 HTTP/1.1" 200 30
200.86.10.241 - - [07/Jun/2017:11:26:57 -0300] "POST /cormun/servlet/solicitudot?gx-no-cache=1496845671756 HTTP/1.1" 200 1301
200.86.10.241 - - [07/Jun/2017:11:26:58 -0300] "POST /cormun/servlet/solicitudot?gx-no-cache=1496845671818 HTTP/1.1" 200 38
200.86.10.241 - - [07/Jun/2017:11:27:06 -0300] "POST /cormun/servlet/solicitudot?gx-no-cache=1496845680195 HTTP/1.1" 200 30
200.86.10.241 - - [07/Jun/2017:11:27:10 -0300] "GET /cormun/servlet/prcontratosol?16949210,,,,,MD,,gxPopupLevel%3D0%3B HTTP/1.1" 200 5927
200.86.10.241 - - [07/Jun/2017:11:27:10 -0300] "GET /cormun/static/gxcfg.js?201731711522183 HTTP/1.1" 200 953
186.103.159.188 - - [07/Jun/2017:11:27:11 -0300] "GET /cormun/static/Resources/PXToolsGridPrevious.gif HTTP/1.1" 200 369
186.103.159.188 - - [07/Jun/2017:11:27:11 -0300] "GET /cormun/static/Resources/PXToolsGridFirst.gif HTTP/1.1" 200 379
200.86.10.241 - - [07/Jun/2017:11:27:11 -0300] "GET /cormun/static/Resources/PXToolsGridNext.gif HTTP/1.1" 200 369
200.86.10.241 - - [07/Jun/2017:11:27:11 -0300] "GET /cormun/static/Resources/PXToolsGridLast.gif HTTP/1.1" 200 370
200.86.10.241 - - [07/Jun/2017:11:27:11 -0300] "GET /cormun/static/prcontratosol.js?201731711522419 HTTP/1.1" 200 14084
200.86.184.230 - - [07/Jun/2017:11:27:13 -0300] "GET /cormun/servlet/trpermisosgoce? HTTP/1.1" 200 6051
200.86.184.230 - - [07/Jun/2017:11:27:13 -0300] "GET /cormun/static/gxcfg.js?20175251265886 HTTP/1.1" 304 -
200.86.184.230 - - [07/Jun/2017:11:27:13 -0300] "GET /cormun/static/trpermisosgoce.js?2017525127453 HTTP/1.1" 304 -
200.86.184.230 - - [07/Jun/2017:11:27:14 -0300] "GET /cormun/servlet/hlogin HTTP/1.1" 200 1734
200.86.184.230 - - [07/Jun/2017:11:27:14 -0300] "GET /cormun/servlet/trpermisosgoce? HTTP/1.1" 200 6047
200.86.10.241 - - [07/Jun/2017:11:27:15 -0300] "POST /cormun/servlet/solicitudot?gx-no-cache=1496845689150 HTTP/1.1" 200 1381
200.86.10.241 - - [07/Jun/2017:11:27:15 -0300] "POST /cormun/servlet/solicitudot?gx-no-cache=1496845689415 HTTP/1.1" 200 117
186.103.159.188 - - [07/Jun/2017:11:27:15 -0300] "GET /cormun/static/Shared/jqueryui/images/ui-bg_flat_55_994d53_40x100.png HTTP/1.1" 404 1097
186.103.159.188 - - [07/Jun/2017:11:27:15 -0300] "GET /cormun/static/Shared/jqueryui/images/ui-icons_ebccce_256x240.png HTTP/1.1" 404 1089
200.86.10.241 - - [07/Jun/2017:11:27:15 -0300] "GET /cormun/static/Shared/jqueryui/images/ui-bg_highlight-soft_100_c6c2c8_1x100.png HTTP/1.1" 404 1117
200.86.10.241 - - [07/Jun/2017:11:27:15 -0300] "GET /cormun/static/Shared/jqueryui/images/ui-icons_82798d_256x240.png HTTP/1.1" 404 1089
186.103.159.188 - - [07/Jun/2017:11:27:15 -0300] "GET /cormun/servlet/solicitudot?c8933cd413b69edd97ea239a54a99de6368b54612b39b20429fac8c869f6073dde02e34f05316b3ba847a41d171eff3e9f49a444304eebf4f511c811e095dca1e7962c176757317b216a196926ba482d657d80f62ff8296850862a66a272bb1d5418b33831fe8a320836300f36142177,gx-no-cache=1496845689446 HTTP/1.1" 200 29
186.103.159.188 - - [07/Jun/2017:11:27:15 -0300] "POST /cormun/servlet/solicitudot?gx-no-cache=1496845689477 HTTP/1.1" 200 1280
186.79.19.27 - - [07/Jun/2017:11:27:36 -0300] "GET /cormun/servlet/hlogin HTTP/1.1" 200 1721
186.79.19.27 - - [07/Jun/2017:11:27:36 -0300] "GET /cormun/static/gxtimezone.js?85251 HTTP/1.1" 200 5781
186.103.159.188 - - [07/Jun/2017:11:28:10 -0300] "GET /cormun/servlet/prfichaempleado?,MD,,gxPopupLevel%3D0%3B HTTP/1.1" 200 8783
186.103.159.188 - - [07/Jun/2017:11:28:22 -0300] "POST /cormun/servlet/prfichaempleado?571f8ea9ecc77939d24a32ca0621142f,,MD,,gxPopupLevel%3D0%3B,gx-no-cache=1496845755823 HTTP/1.1" 200 3398
186.79.19.27 - - [07/Jun/2017:11:28:25 -0300] "POST /cormun/servlet/hlogin?1d878f20a14ceca600ed55aae4bf563e,gx-no-cache=1496845759231 HTTP/1.1" 200 90
186.79.19.27 - - [07/Jun/2017:11:28:25 -0300] "GET /cormun/servlet/hpexe_link HTTP/1.1" 200 952
186.79.19.27 - - [07/Jun/2017:11:28:25 -0300] "GET /cormun/servlet/hhome HTTP/1.1" 200 3742
186.79.19.27 - - [07/Jun/2017:11:28:27 -0300] "GET /cormun/servlet/hhome HTTP/1.1" 200 3738
186.79.19.27 - - [07/Jun/2017:11:28:31 -0300] "GET /cormun/servlet/trpermisosgoce? HTTP/1.1" 200 11097
186.79.19.27 - - [07/Jun/2017:11:28:32 -0300] "GET /cormun/static/calendar.js?85251 HTTP/1.1" 200 26246
186.79.19.27 - - [07/Jun/2017:11:28:32 -0300] "GET /cormun/static/calendar-setup.js?85251 HTTP/1.1" 200 2588
186.79.19.27 - - [07/Jun/2017:11:28:32 -0300] "GET /cormun/static/calendar-es.js?85251 HTTP/1.1" 200 1901
186.103.159.188 - - [07/Jun/2017:11:28:33 -0300] "POST /cormun/servlet/solicitudot?gx-no-cache=1496845766836 HTTP/1.1" 200 1300
186.79.19.27 - - [07/Jun/2017:11:28:33 -0300] "GET /cormun/servlet/trpermisosgoce? HTTP/1.1" 200 11095
186.103.159.188 - - [07/Jun/2017:11:28:48 -0300] "POST /cormun/servlet/solicitudot?gx-no-cache=1496845781875 HTTP/1.1" 200 122
186.79.19.27 - - [07/Jun/2017:11:28:48 -0300] "GET /cormun/servlet/trpermisosadjuntos?11671158,20170606093430,P, HTTP/1.1" 200 6056
186.79.19.27 - - [07/Jun/2017:11:28:49 -0300] "GET /cormun/servlet/trpermisosadjuntos?11671158,20170606093430,P, HTTP/1.1" 200 6057
186.79.19.27 - - [07/Jun/2017:11:28:51 -0300] "GET /cormun/servlet/permisosadjuntos?INS,11671158,P,20170606093430,, HTTP/1.1" 200 5385
186.79.19.27 - - [07/Jun/2017:11:28:51 -0300] "GET /cormun/static/about:blank HTTP/1.1" 404 1011
186.79.19.27 - - [07/Jun/2017:11:28:52 -0300] "GET /cormun/servlet/permisosadjuntos?INS,11671158,P,20170606093430,, HTTP/1.1" 200 5374
186.103.159.188 - - [07/Jun/2017:11:28:59 -0300] "GET /cormun/servlet/trlicencias? HTTP/1.1" 200 11241
186.103.159.188 - - [07/Jun/2017:11:29:00 -0300] "GET /cormun/servlet/trlicencias? HTTP/1.1" 200 11234
186.103.159.188 - - [07/Jun/2017:11:29:07 -0300] "GET /cormun/servlet/alicenciaprn?11401580,L,20170605000000,PU HTTP/1.1" 200 1554
186.103.159.188 - - [07/Jun/2017:11:29:19 -0300] "GET /cormun/servlet/trsolicitudot? HTTP/1.1" 200 12643
186.103.159.188 - - [07/Jun/2017:11:29:19 -0300] "GET /cormun/servlet/trsolicitudot? HTTP/1.1" 200 12644
186.103.159.188 - - [07/Jun/2017:11:29:27 -0300] "GET /cormun/servlet/trsolicitudot? HTTP/1.1" 200 12644
186.103.159.188 - - [07/Jun/2017:11:29:28 -0300] "GET /cormun/servlet/trsolicitudot? HTTP/1.1" 200 12644
186.103.159.188 - - [07/Jun/2017:11:29:46 -0300] "GET /cormun/servlet/solicitudot?INS,0,0, HTTP/1.1" 200 12642
186.103.159.188 - - [07/Jun/2017:11:29:46 -0300] "GET /cormun/servlet/solicitudot?INS,0,0, HTTP/1.1" 200 12646
186.79.19.27 - - [07/Jun/2017:11:29:49 -0300] "POST /cormun/servlet/permisosadjuntos?1d878f20a14ceca600ed55aae4bf563e,INS,11671158,P,20170606093430,, HTTP/1.1" 200 116
186.79.19.27 - - [07/Jun/2017:11:29:49 -0300] "GET /cormun/servlet/hpexe_return? HTTP/1.1" 200 1038
186.79.19.27 - - [07/Jun/2017:11:29:50 -0300] "GET /cormun/servlet/trpermisosadjuntos?11671158,20170606093430,P, HTTP/1.1" 200 6512
186.79.19.27 - - [07/Jun/2017:11:29:52 -0300] "GET /cormun/servlet/trpermisosadjuntos?11671158,20170606093430,P, HTTP/1.1" 200 6509
186.79.19.27 - - [07/Jun/2017:11:29:53 -0300] "GET /cormun/PublicTempStorage/ester_295865854.jpg HTTP/1.1" 200 1170153
200.111.191.210 - - [07/Jun/2017:11:29:55 -0300] "GET /cormun/servlet/trlicencias? HTTP/1.1" 200 6058
186.103.159.188 - - [07/Jun/2017:11:29:58 -0300] "POST /cormun/servlet/solicitudot?gx-no-cache=1496845852023 HTTP/1.1" 200 3202
186.103.159.188 - - [07/Jun/2017:11:29:58 -0300] "POST /cormun/servlet/solicitudot?571f8ea9ecc77939d24a32ca0621142f,INS,0,0,,gx-no-cache=1496845852164 HTTP/1.1" 200 9816
186.103.159.188 - - [07/Jun/2017:11:30:01 -0300] "GET /cormun/servlet/solicitudot?c8933cd413b69edd97ea239a54a99de656c9e066357927aa59f2adf4eebd0c207e26aae6a89399f18ff7d3113f266d44,gx-no-cache=1496845855065 HTTP/1.1" 200 30
186.103.159.188 - - [07/Jun/2017:11:30:01 -0300] "POST /cormun/servlet/solicitudot?gx-no-cache=1496845855097 HTTP/1.1" 200 256
186.103.159.188 - - [07/Jun/2017:11:30:01 -0300] "GET /cormun/servlet/solicitudot?c8933cd413b69edd97ea239a54a99de62aafc3f5b33c53e33539986579957888461460f9a69aa7c2eeeb16e3ae2c4ba3647523f1539476046751e5f82408658f181acfa462a12a67c42f639a6298c3c105027e712d1b1dbfa21356a26e9f2ed5bca6a37303a9ed4ba026275f705e77747eaef89ed887cbfa6f15dafd692d6483e478c47ae611d1c386d732ef43ff8f1275d8a26e1c4eedfd4179fada584067e67bea85f9d2b4fe392ca00627647a3c8543b1afecac5978a24851f4740f80c70462337cd03c5d6272c600d33e58d0e940076088b9f8eb41374e771f1860504724cc8270a05cf1efc8f9e52bd56223c1fd432b639041bdae1754eec7689f385a5e1f6a76e8caaebe940df592fffea19e0559bf3f1ce99710309c3ea2ea3df159c67e9650daf97df1fda15582244d8408707f94fe112f22d761bb49c49948395e60dc986541dbdf45b6efefdb14e5b85528e9951222c2176727016b784225b1d7028c3987cfed5bfa492a3adee9b7cc4f1d2fe556ea30fef220822cd920d13fa265,gx-no-cache=1496845855128 HTTP/1.1" 200 30
186.103.159.188 - - [07/Jun/2017:11:30:04 -0300] "POST /cormun/servlet/solicitudot?gx-no-cache=1496845858076 HTTP/1.1" 200 30
186.103.159.188 - - [07/Jun/2017:11:30:05 -0300] "GET /cormun/servlet/prcontratosol?16949210,,,,,MD,,gxPopupLevel%3D0%3B HTTP/1.1" 200 5927
200.111.191.210 - - [07/Jun/2017:11:30:06 -0300] "GET /cormun/servlet/trlicencias? HTTP/1.1" 200 6058
200.111.191.210 - - [07/Jun/2017:11:30:06 -0300] "GET /cormun/servlet/hlogin HTTP/1.1" 200 1742
200.111.191.210 - - [07/Jun/2017:11:30:06 -0300] "GET /cormun/servlet/trlicencias? HTTP/1.1" 200 6050
186.103.159.188 - - [07/Jun/2017:11:30:07 -0300] "POST /cormun/servlet/solicitudot?gx-no-cache=1496845861617 HTTP/1.1" 200 1381
186.103.159.188 - - [07/Jun/2017:11:30:07 -0300] "GET /cormun/static/Shared/jqueryui/images/ui-bg_highlight-soft_100_c6c2c8_1x100.png HTTP/1.1" 404 1117
186.103.159.188 - - [07/Jun/2017:11:30:07 -0300] "POST /cormun/servlet/solicitudot?gx-no-cache=1496845861680 HTTP/1.1" 200 117
186.103.159.188 - - [07/Jun/2017:11:30:07 -0300] "GET /cormun/static/Shared/jqueryui/images/ui-bg_flat_55_994d53_40x100.png HTTP/1.1" 404 1097
200.86.10.241 - - [07/Jun/2017:11:30:07 -0300] "GET /cormun/static/Shared/jqueryui/images/ui-icons_82798d_256x240.png HTTP/1.1" 404 1089
200.86.10.241 - - [07/Jun/2017:11:30:07 -0300] "GET /cormun/static/Shared/jqueryui/images/ui-icons_ebccce_256x240.png HTTP/1.1" 404 1089
200.86.10.241 - - [07/Jun/2017:11:30:07 -0300] "GET /cormun/servlet/solicitudot?c8933cd413b69edd97ea239a54a99de6368b54612b39b20429fac8c869f6073dde02e34f05316b3ba847a41d171eff3e9f49a444304eebf4f511c811e095dca1e7962c176757317b216a196926ba482d657d80f62ff8296850862a66a272bb1d5418b33831fe8a320836300f36142177,gx-no-cache=1496845861711 HTTP/1.1" 200 29
200.86.10.241 - - [07/Jun/2017:11:30:07 -0300] "GET /cormun/servlet/solicitudot?c8933cd413b69edd97ea239a54a99de65f4c4ce03aa4390f08b950d125a51d5d34f42098b62e7d6314f467bd09bee342c949a4e712e32d0ebac2ebe90bdb85f70f9336396442c6e57c3c48278fe7ccb83951aefb0e33ea8de5f5619cf1413148c5ce7e2fada87cf1f4aac67dcf49d72e837388ecabcb4d92cac84392d43ffcd30e07871a1628260795c6fb97bdce6312ef09cc01fe77805168b434ce738748a1163b9316db928479cb76a2ee2de53a566f206f7dfa1eaa297997c64e1972afc4,gx-no-cache=1496845861742 HTTP/1.1" 200 62
200.111.191.210 - - [07/Jun/2017:11:30:16 -0300] "POST /cormun/servlet/hlogin?efcb3b5a36a3f694ea821460a3a1bd6a,gx-no-cache=1496842266716 HTTP/1.1" 200 90
200.111.191.210 - - [07/Jun/2017:11:30:16 -0300] "GET /cormun/servlet/hpexe_link HTTP/1.1" 200 955
200.111.191.210 - - [07/Jun/2017:11:30:16 -0300] "GET /cormun/servlet/hhome HTTP/1.1" 200 3781
200.111.191.210 - - [07/Jun/2017:11:30:16 -0300] "GET /cormun/servlet/hhome HTTP/1.1" 200 3777
200.111.191.210 - - [07/Jun/2017:11:30:23 -0300] "GET /cormun/servlet/trlicencias? HTTP/1.1" 200 19074
200.111.191.210 - - [07/Jun/2017:11:30:23 -0300] "GET /cormun/servlet/trlicencias? HTTP/1.1" 200 19071
200.111.191.210 - - [07/Jun/2017:11:30:30 -0300] "GET /cormun/servlet/trlicenciaspermisosadjuntos?10180683,20170607000000,L, HTTP/1.1" 200 6130
200.111.191.210 - - [07/Jun/2017:11:30:30 -0300] "GET /cormun/static/gxcfg.js?20175251265349 HTTP/1.1" 304 -
200.111.191.210 - - [07/Jun/2017:11:30:31 -0300] "GET /cormun/servlet/trlicenciaspermisosadjuntos?10180683,20170607000000,L, HTTP/1.1" 200 6130
200.86.10.241 - - [07/Jun/2017:11:30:33 -0300] "GET /cormun/servlet/prlicenciaspermisos?11401580,L,,MD,,gxPopupLevel%3D0%3B HTTP/1.1" 200 5391
200.86.10.241 - - [07/Jun/2017:11:30:33 -0300] "GET /cormun/static/gxcfg.js?20175251244362 HTTP/1.1" 200 953
200.86.10.241 - - [07/Jun/2017:11:30:33 -0300] "GET /cormun/static/prlicenciaspermisos.js?20175251244590 HTTP/1.1" 200 13379
200.86.10.241 - - [07/Jun/2017:11:30:37 -0300] "POST /cormun/servlet/solicitudot?gx-no-cache=1496845891647 HTTP/1.1" 200 1300
200.86.10.241 - - [07/Jun/2017:11:30:52 -0300] "POST /cormun/servlet/solicitudot?gx-no-cache=1496845906529 HTTP/1.1" 200 41
200.86.10.241 - - [07/Jun/2017:11:30:52 -0300] "POST /cormun/servlet/solicitudot?gx-no-cache=1496845906576 HTTP/1.1" 200 1280
200.86.10.241 - - [07/Jun/2017:11:30:54 -0300] "GET /cormun/static/menuarrow.gif HTTP/1.1" 404 1015
200.86.10.241 - - [07/Jun/2017:11:30:56 -0300] "POST /cormun/servlet/solicitudot?gx-no-cache=1496845910398 HTTP/1.1" 200 1280
200.86.10.241 - - [07/Jun/2017:11:30:58 -0300] "POST /cormun/servlet/solicitudot?gx-no-cache=1496845912613 HTTP/1.1" 200 122
192.168.10.62 - - [07/Jun/2017:11:31:15 -0300] "GET /cormun/servlet/trconsultaempleado? HTTP/1.1" 200 5398
192.168.10.62 - - [07/Jun/2017:11:31:15 -0300] "GET /cormun/servlet/trconsultaempleado? HTTP/1.1" 200 5370
192.168.10.62 - - [07/Jun/2017:11:31:15 -0300] "GET /cormun/servlet/hlogin HTTP/1.1" 200 1740
192.168.10.62 - - [07/Jun/2017:11:31:38 -0300] "POST /cormun/servlet/hlogin?8566f955e6d97d5400b9c9cdf4f88060,gx-no-cache=1496845898081 HTTP/1.1" 200 90
192.168.10.62 - - [07/Jun/2017:11:31:38 -0300] "GET /cormun/servlet/hpexe_link HTTP/1.1" 200 958
192.168.10.62 - - [07/Jun/2017:11:31:39 -0300] "GET /cormun/servlet/trconsultaempleado HTTP/1.1" 200 9348
192.168.10.62 - - [07/Jun/2017:11:31:40 -0300] "GET /cormun/servlet/trconsultaempleado HTTP/1.1" 200 9346
186.103.159.188 - - [07/Jun/2017:11:31:46 -0300] "POST /cormun/servlet/solicitudot?gx-no-cache=1496845959906 HTTP/1.1" 200 32
192.168.10.62 - - [07/Jun/2017:11:31:50 -0300] "POST /cormun/servlet/trconsultaempleado?8566f955e6d97d5400b9c9cdf4f88060,gx-no-cache=1496845910152 HTTP/1.1" 200 3793
192.168.10.62 - - [07/Jun/2017:11:31:52 -0300] "GET /cormun/servlet/trsolicitudnombre?13567575, HTTP/1.1" 200 7242
192.168.10.62 - - [07/Jun/2017:11:31:52 -0300] "GET /cormun/static/gxcfg.js?20175251254239 HTTP/1.1" 200 953
192.168.10.62 - - [07/Jun/2017:11:31:52 -0300] "GET /cormun/static/trsolicitudnombre.js?20175251254755 HTTP/1.1" 200 43705
192.168.10.62 - - [07/Jun/2017:11:31:52 -0300] "GET /cormun/servlet/trsolicitudnombre?13567575, HTTP/1.1" 200 7242
192.168.10.62 - - [07/Jun/2017:11:31:56 -0300] "GET /cormun/servlet/vesolicitudnombre?2017,6340,, HTTP/1.1" 200 8040
192.168.10.62 - - [07/Jun/2017:11:31:56 -0300] "GET /cormun/static/gxcfg.js?20175251254114 HTTP/1.1" 200 953
192.168.10.62 - - [07/Jun/2017:11:31:56 -0300] "GET /cormun/pexe_scrolldiv.js HTTP/1.1" 404 1009
192.168.10.62 - - [07/Jun/2017:11:31:56 -0300] "GET /cormun/static/vesolicitudnombre.js?20175251254182 HTTP/1.1" 200 6119
192.168.10.62 - - [07/Jun/2017:11:31:56 -0300] "GET /cormun/static/tbsolicitudnombre01.js?2017110216261 HTTP/1.1" 200 29097
192.168.10.62 - - [07/Jun/2017:11:31:56 -0300] "GET /cormun/pexe_scrolldiv.js HTTP/1.1" 404 1009
192.168.10.62 - - [07/Jun/2017:11:31:56 -0300] "GET /cormun/servlet/vesolicitudnombre?2017,6340,, HTTP/1.1" 200 8035
186.79.19.27 - - [07/Jun/2017:11:31:59 -0300] "GET /cormun/servlet/permisosadjuntos?INS,11671158,P,20170606093430,, HTTP/1.1" 200 5385
186.79.19.27 - - [07/Jun/2017:11:32:00 -0300] "GET /cormun/static/about:blank HTTP/1.1" 404 1011
186.79.19.27 - - [07/Jun/2017:11:32:01 -0300] "GET /cormun/servlet/permisosadjuntos?INS,11671158,P,20170606093430,, HTTP/1.1" 200 5375
192.168.10.62 - - [07/Jun/2017:11:32:15 -0300] "POST /cormun/servlet/vesolicitudnombre?8566f955e6d97d5400b9c9cdf4f88060,2017,6340,,,gx-no-cache=1496845934980 HTTP/1.1" 200 90
192.168.10.62 - - [07/Jun/2017:11:32:15 -0300] "GET /cormun/servlet/hpexe_link HTTP/1.1" 200 974
192.168.10.62 - - [07/Jun/2017:11:32:15 -0300] "GET /cormun/servlet/trsolicitudnombre?13567575, HTTP/1.1" 200 7243
192.168.10.62 - - [07/Jun/2017:11:32:15 -0300] "GET /cormun/servlet/trsolicitudnombre?13567575, HTTP/1.1" 200 7242
192.168.10.62 - - [07/Jun/2017:11:32:17 -0300] "GET /cormun/servlet/trconsultaempleado? HTTP/1.1" 200 6133
192.168.10.62 - - [07/Jun/2017:11:32:17 -0300] "GET /cormun/servlet/trconsultaempleado? HTTP/1.1" 200 6133
200.86.10.241 - - [07/Jun/2017:11:32:22 -0300] "POST /cormun/servlet/solicitudot?gx-no-cache=1496845996473 HTTP/1.1" 200 1280
200.86.10.241 - - [07/Jun/2017:11:32:22 -0300] "POST /cormun/servlet/solicitudot?gx-no-cache=1496845996707 HTTP/1.1" 200 32
200.86.10.241 - - [07/Jun/2017:11:32:23 -0300] "POST /cormun/servlet/solicitudot?571f8ea9ecc77939d24a32ca0621142f,INS,0,0,,gx-no-cache=1496845996800 HTTP/1.1" 200 93
200.86.10.241 - - [07/Jun/2017:11:32:23 -0300] "GET /cormun/servlet/hpexe_return? HTTP/1.1" 200 1006
200.86.10.241 - - [07/Jun/2017:11:32:23 -0300] "GET /cormun/static/Resources/Spanish/PXTools.css?167811 HTTP/1.1" 304 -
200.86.10.241 - - [07/Jun/2017:11:32:23 -0300] "GET /cormun/static/gxcfg.js?2016101716175148 HTTP/1.1" 304 -
200.86.10.241 - - [07/Jun/2017:11:32:23 -0300] "GET /cormun/static/hpexe_return.js?2016101716175153 HTTP/1.1" 304 -
200.86.10.241 - - [07/Jun/2017:11:32:23 -0300] "GET /cormun/servlet/trsolicitudot HTTP/1.1" 200 13214
200.86.10.241 - - [07/Jun/2017:11:32:24 -0300] "GET /cormun/servlet/trsolicitudot HTTP/1.1" 200 13208
192.168.10.62 - - [07/Jun/2017:11:32:29 -0300] "POST /cormun/servlet/trconsultaempleado?8566f955e6d97d5400b9c9cdf4f88060,,gx-no-cache=1496845948760 HTTP/1.1" 200 3869
200.86.10.241 - - [07/Jun/2017:11:32:37 -0300] "POST /cormun/servlet/trsolicitudot?571f8ea9ecc77939d24a32ca0621142f,gx-no-cache=1496846010673 HTTP/1.1" 200 10358
200.86.10.241 - - [07/Jun/2017:11:32:37 -0300] "GET /cormun/static/Shared/jqueryui/images/ui-bg_highlight-soft_100_c6c2c8_1x100.png HTTP/1.1" 404 1117
200.86.10.241 - - [07/Jun/2017:11:32:37 -0300] "GET /cormun/static/Shared/jqueryui/images/ui-icons_82798d_256x240.png HTTP/1.1" 404 1089
200.86.10.241 - - [07/Jun/2017:11:32:37 -0300] "GET /cormun/static/Shared/jqueryui/images/ui-bg_flat_55_fafafa_40x100.png HTTP/1.1" 404 1097
200.86.10.241 - - [07/Jun/2017:11:32:37 -0300] "GET /cormun/static/Shared/jqueryui/images/ui-icons_8d78a5_256x240.png HTTP/1.1" 404 1089
200.86.10.241 - - [07/Jun/2017:11:32:37 -0300] "POST /cormun/servlet/trsolicitudot?571f8ea9ecc77939d24a32ca0621142f,gx-no-cache=1496846011188 HTTP/1.1" 200 10298
192.168.10.62 - - [07/Jun/2017:11:32:38 -0300] "GET /cormun/servlet/trsolicitudnombre?9174369, HTTP/1.1" 200 8163
192.168.10.62 - - [07/Jun/2017:11:32:39 -0300] "GET /cormun/servlet/trsolicitudnombre?9174369, HTTP/1.1" 200 8166
192.168.10.62 - - [07/Jun/2017:11:32:41 -0300] "GET /cormun/servlet/vesolicitudnombre?2017,4243,, HTTP/1.1" 200 8084
192.168.10.62 - - [07/Jun/2017:11:32:42 -0300] "GET /cormun/pexe_scrolldiv.js HTTP/1.1" 404 1009
192.168.10.62 - - [07/Jun/2017:11:32:42 -0300] "GET /cormun/pexe_scrolldiv.js HTTP/1.1" 404 1009
192.168.10.62 - - [07/Jun/2017:11:32:42 -0300] "GET /cormun/servlet/vesolicitudnombre?2017,4243,, HTTP/1.1" 200 8078
192.168.10.62 - - [07/Jun/2017:11:32:59 -0300] "POST /cormun/servlet/vesolicitudnombre?8566f955e6d97d5400b9c9cdf4f88060,2017,4243,,,gx-no-cache=1496845978600 HTTP/1.1" 200 90
192.168.10.62 - - [07/Jun/2017:11:32:59 -0300] "GET /cormun/servlet/hpexe_link HTTP/1.1" 200 975
192.168.10.62 - - [07/Jun/2017:11:32:59 -0300] "GET /cormun/servlet/trsolicitudnombre?9174369, HTTP/1.1" 200 8163
192.168.10.62 - - [07/Jun/2017:11:32:59 -0300] "GET /cormun/servlet/trsolicitudnombre?9174369, HTTP/1.1" 200 8165
192.168.10.62 - - [07/Jun/2017:11:33:01 -0300] "GET /cormun/servlet/vesolicitudnombre?2017,4237,, HTTP/1.1" 200 8073
192.168.10.62 - - [07/Jun/2017:11:33:01 -0300] "GET /cormun/pexe_scrolldiv.js HTTP/1.1" 404 1009
192.168.10.62 - - [07/Jun/2017:11:33:01 -0300] "GET /cormun/pexe_scrolldiv.js HTTP/1.1" 404 1009
192.168.10.62 - - [07/Jun/2017:11:33:01 -0300] "GET /cormun/servlet/vesolicitudnombre?2017,4237,, HTTP/1.1" 200 8067
192.168.10.62 - - [07/Jun/2017:11:33:03 -0300] "POST /cormun/servlet/vesolicitudnombre?8566f955e6d97d5400b9c9cdf4f88060,2017,4237,,,gx-no-cache=1496845983105 HTTP/1.1" 200 90
192.168.10.62 - - [07/Jun/2017:11:33:03 -0300] "GET /cormun/servlet/hpexe_link HTTP/1.1" 200 973
192.168.10.62 - - [07/Jun/2017:11:33:03 -0300] "GET /cormun/servlet/trsolicitudnombre?9174369, HTTP/1.1" 200 8163
192.168.10.62 - - [07/Jun/2017:11:33:04 -0300] "GET /cormun/servlet/trsolicitudnombre?9174369, HTTP/1.1" 200 8165
192.168.10.62 - - [07/Jun/2017:11:33:05 -0300] "GET /cormun/servlet/vesolicitudnombre?2017,4243,, HTTP/1.1" 200 8084
192.168.10.62 - - [07/Jun/2017:11:33:05 -0300] "GET /cormun/pexe_scrolldiv.js HTTP/1.1" 404 1009
192.168.10.62 - - [07/Jun/2017:11:33:05 -0300] "GET /cormun/pexe_scrolldiv.js HTTP/1.1" 404 1009
192.168.10.62 - - [07/Jun/2017:11:33:05 -0300] "GET /cormun/servlet/vesolicitudnombre?2017,4243,, HTTP/1.1" 200 8078
192.168.10.62 - - [07/Jun/2017:11:33:07 -0300] "POST /cormun/servlet/vesolicitudnombre?8566f955e6d97d5400b9c9cdf4f88060,2017,4243,,,gx-no-cache=1496845987004 HTTP/1.1" 200 90
192.168.10.62 - - [07/Jun/2017:11:33:07 -0300] "GET /cormun/servlet/hpexe_link HTTP/1.1" 200 975
192.168.10.62 - - [07/Jun/2017:11:33:07 -0300] "GET /cormun/servlet/trsolicitudnombre?9174369, HTTP/1.1" 200 8164
192.168.10.62 - - [07/Jun/2017:11:33:07 -0300] "GET /cormun/servlet/trsolicitudnombre?9174369, HTTP/1.1" 200 8166
192.168.10.62 - - [07/Jun/2017:11:33:09 -0300] "GET /cormun/servlet/vesolicitudnombre?2017,4130,, HTTP/1.1" 200 8062
192.168.10.62 - - [07/Jun/2017:11:33:09 -0300] "GET /cormun/pexe_scrolldiv.js HTTP/1.1" 404 1009
192.168.10.62 - - [07/Jun/2017:11:33:09 -0300] "GET /cormun/pexe_scrolldiv.js HTTP/1.1" 404 1009
192.168.10.62 - - [07/Jun/2017:11:33:09 -0300] "GET /cormun/servlet/vesolicitudnombre?2017,4130,, HTTP/1.1" 200 8055
192.168.10.62 - - [07/Jun/2017:11:33:12 -0300] "POST /cormun/servlet/vesolicitudnombre?8566f955e6d97d5400b9c9cdf4f88060,2017,4130,,,gx-no-cache=1496845992248 HTTP/1.1" 200 90
192.168.10.62 - - [07/Jun/2017:11:33:12 -0300] "GET /cormun/servlet/hpexe_link HTTP/1.1" 200 974
192.168.10.62 - - [07/Jun/2017:11:33:12 -0300] "GET /cormun/servlet/trsolicitudnombre?9174369, HTTP/1.1" 200 8164
192.168.10.62 - - [07/Jun/2017:11:33:13 -0300] "GET /cormun/servlet/trsolicitudnombre?9174369, HTTP/1.1" 200 8165
200.86.184.230 - - [07/Jun/2017:11:33:13 -0300] "POST /cormun/servlet/hlogin?1835567faa08d43e971df60796e6a3d4,gx-no-cache=1496846881715 HTTP/1.1" 200 90
200.86.184.230 - - [07/Jun/2017:11:33:13 -0300] "GET /cormun/servlet/hpexe_link HTTP/1.1" 200 953
200.86.184.230 - - [07/Jun/2017:11:33:14 -0300] "GET /cormun/servlet/trpermisosgoce HTTP/1.1" 200 10322
200.86.184.230 - - [07/Jun/2017:11:33:15 -0300] "GET /cormun/servlet/trpermisosgoce HTTP/1.1" 200 10320
192.168.10.62 - - [07/Jun/2017:11:33:15 -0300] "GET /cormun/servlet/vesolicitudnombre?2017,4125,, HTTP/1.1" 200 8050
192.168.10.62 - - [07/Jun/2017:11:33:15 -0300] "GET /cormun/pexe_scrolldiv.js HTTP/1.1" 404 1009
192.168.10.62 - - [07/Jun/2017:11:33:15 -0300] "GET /cormun/pexe_scrolldiv.js HTTP/1.1" 404 1009
192.168.10.62 - - [07/Jun/2017:11:33:15 -0300] "GET /cormun/servlet/vesolicitudnombre?2017,4125,, HTTP/1.1" 200 8044
200.86.184.230 - - [07/Jun/2017:11:33:18 -0300] "GET /cormun/servlet/trpermisosgoce? HTTP/1.1" 200 10320
200.86.184.230 - - [07/Jun/2017:11:33:18 -0300] "GET /cormun/servlet/trpermisosgoce? HTTP/1.1" 200 10320
186.103.159.188 - - [07/Jun/2017:11:33:20 -0300] "GET /cormun/servlet/trlicencias? HTTP/1.1" 200 11235
186.103.159.188 - - [07/Jun/2017:11:33:20 -0300] "GET /cormun/servlet/trlicencias? HTTP/1.1" 200 11234
200.86.184.230 - - [07/Jun/2017:11:33:25 -0300] "GET /cormun/servlet/permisogoce?INS,0,,, HTTP/1.1" 200 6647
200.86.184.230 - - [07/Jun/2017:11:33:25 -0300] "GET /cormun/static/gxcfg.js?201752511545264 HTTP/1.1" 304 -
200.86.184.230 - - [07/Jun/2017:11:33:25 -0300] "GET /cormun/static/permisogoce.js?201752511545340 HTTP/1.1" 304 -
200.86.184.230 - - [07/Jun/2017:11:33:25 -0300] "GET /cormun/servlet/permisogoce?INS,0,,, HTTP/1.1" 200 6647
186.79.19.27 - - [07/Jun/2017:11:33:56 -0300] "POST /cormun/servlet/permisosadjuntos?1d878f20a14ceca600ed55aae4bf563e,INS,11671158,P,20170606093430,, HTTP/1.1" 200 116
186.79.19.27 - - [07/Jun/2017:11:33:57 -0300] "GET /cormun/servlet/hpexe_return? HTTP/1.1" 200 1038
186.79.19.27 - - [07/Jun/2017:11:33:57 -0300] "GET /cormun/servlet/trpermisosadjuntos?11671158,20170606093430,P, HTTP/1.1" 200 6608
186.79.19.27 - - [07/Jun/2017:11:34:07 -0300] "GET /cormun/servlet/hlogin HTTP/1.1" 200 1721
200.86.184.230 - - [07/Jun/2017:11:34:13 -0300] "GET /cormun/servlet/permisogoce?2c10bb00f70f7bc2e19a47af1ba64f3b4870368e602e504345f14ad1142d9943686a490b7dbc547dc97cbfaf9b982de1d468678e664c94686b18ade6eb9fda01,gx-no-cache=1496846941754 HTTP/1.1" 200 79
186.79.19.27 - - [07/Jun/2017:11:34:17 -0300] "POST /cormun/servlet/hlogin?1d878f20a14ceca600ed55aae4bf563e,gx-no-cache=1496846111653 HTTP/1.1" 200 90
186.79.19.27 - - [07/Jun/2017:11:34:17 -0300] "GET /cormun/servlet/hpexe_link HTTP/1.1" 200 983
200.86.184.230 - - [07/Jun/2017:11:34:18 -0300] "GET /cormun/servlet/permisogoce?2c10bb00f70f7bc2e19a47af1ba64f3be2c0389821b712a7d5ce392b4a75ccf2f3fb44b46f727a2719d705f6980422ad,gx-no-cache=1496846946178 HTTP/1.1" 200 129
186.79.19.27 - - [07/Jun/2017:11:34:18 -0300] "GET /cormun/servlet/trpermisosadjuntos?11671158,20170606093430,P, HTTP/1.1" 200 6606
200.86.184.230 - - [07/Jun/2017:11:34:18 -0300] "GET /cormun/static/Shared/jqueryui/images/ui-bg_highlight-soft_100_c6c2c8_1x100.png HTTP/1.1" 404 1117
200.86.184.230 - - [07/Jun/2017:11:34:18 -0300] "GET /cormun/static/Shared/jqueryui/images/ui-icons_82798d_256x240.png HTTP/1.1" 404 1089
200.86.184.230 - - [07/Jun/2017:11:34:18 -0300] "GET /cormun/static/Shared/jqueryui/images/ui-bg_flat_55_994d53_40x100.png HTTP/1.1" 404 1097
200.86.184.230 - - [07/Jun/2017:11:34:18 -0300] "GET /cormun/static/Shared/jqueryui/images/ui-icons_ebccce_256x240.png HTTP/1.1" 404 1089
186.79.19.27 - - [07/Jun/2017:11:34:20 -0300] "GET /cormun/servlet/trpermisosadjuntos?11671158,20170606093430,P, HTTP/1.1" 200 6606
186.79.19.27 - - [07/Jun/2017:11:34:23 -0300] "GET /cormun/PublicTempStorage/ester_298974838.jpg HTTP/1.1" 200 1170153
186.79.19.27 - - [07/Jun/2017:11:34:23 -0300] "GET /cormun/PublicTempStorage/ester_298790915.jpg HTTP/1.1" 200 1170153
186.79.19.27 - - [07/Jun/2017:11:34:25 -0300] "GET /cormun/servlet/trpermisosgoce? HTTP/1.1" 200 11096
186.79.19.27 - - [07/Jun/2017:11:34:26 -0300] "GET /cormun/servlet/trpermisosgoce? HTTP/1.1" 200 11095
186.79.19.27 - - [07/Jun/2017:11:34:49 -0300] "POST /cormun/servlet/trpermisosgoce?1d878f20a14ceca600ed55aae4bf563e,,gx-no-cache=1496846142665 HTTP/1.1" 200 8348
186.79.19.27 - - [07/Jun/2017:11:34:49 -0300] "GET /cormun/static/Shared/jqueryui/images/ui-bg_highlight-soft_100_c6c2c8_1x100.png HTTP/1.1" 404 1117
186.79.19.27 - - [07/Jun/2017:11:34:49 -0300] "GET /cormun/static/Shared/jqueryui/images/ui-icons_82798d_256x240.png HTTP/1.1" 404 1089
186.79.19.27 - - [07/Jun/2017:11:34:49 -0300] "GET /cormun/static/Shared/jqueryui/images/ui-bg_flat_55_fafafa_40x100.png HTTP/1.1" 404 1097
186.79.19.27 - - [07/Jun/2017:11:34:49 -0300] "GET /cormun/static/Shared/jqueryui/images/ui-icons_8d78a5_256x240.png HTTP/1.1" 404 1089
186.79.19.27 - - [07/Jun/2017:11:35:11 -0300] "GET /cormun/servlet/hlogin HTTP/1.1" 200 1721
186.79.19.27 - - [07/Jun/2017:11:35:20 -0300] "POST /cormun/servlet/hlogin?1d878f20a14ceca600ed55aae4bf563e,gx-no-cache=1496846174476 HTTP/1.1" 200 425
192.168.10.96 - - [07/Jun/2017:11:35:20 -0300] "GET /cormun/servlet/trsolicitudgral? HTTP/1.1" 200 10441
192.168.10.96 - - [07/Jun/2017:11:35:21 -0300] "GET /cormun/servlet/trsolicitudgral? HTTP/1.1" 200 10441
200.86.184.230 - - [07/Jun/2017:11:35:24 -0300] "GET /cormun/servlet/permisogoce?2c10bb00f70f7bc2e19a47af1ba64f3be2c0389821b712a7d5ce392b4a75ccf23d10dcc35ebc15da8b1eda2f0463c2d5b7bd8114c50586b5735b005fd360acb1,gx-no-cache=1496847012737 HTTP/1.1" 200 44
186.79.19.27 - - [07/Jun/2017:11:35:25 -0300] "POST /cormun/servlet/hlogin?1d878f20a14ceca600ed55aae4bf563e,gx-no-cache=1496846179530 HTTP/1.1" 200 90
186.79.19.27 - - [07/Jun/2017:11:35:25 -0300] "GET /cormun/servlet/hpexe_link HTTP/1.1" 200 952
186.79.19.27 - - [07/Jun/2017:11:35:26 -0300] "GET /cormun/servlet/hhome HTTP/1.1" 200 3935
186.79.19.27 - - [07/Jun/2017:11:35:27 -0300] "GET /cormun/servlet/hhome HTTP/1.1" 200 3931
200.86.184.230 - - [07/Jun/2017:11:35:34 -0300] "POST /cormun/servlet/permisogoce?1835567faa08d43e971df60796e6a3d4,INS,0,,,,gx-no-cache=1496847022312 HTTP/1.1" 200 93
200.86.184.230 - - [07/Jun/2017:11:35:34 -0300] "GET /cormun/servlet/hpexe_return? HTTP/1.1" 200 1005
200.86.184.230 - - [07/Jun/2017:11:35:35 -0300] "GET /cormun/servlet/trpermisosgoce HTTP/1.1" 200 10598
186.79.19.27 - - [07/Jun/2017:11:35:35 -0300] "GET /cormun/servlet/trautorizarpermisogoce? HTTP/1.1" 200 8266
186.79.19.27 - - [07/Jun/2017:11:35:35 -0300] "GET /cormun/static/gxcfg.js?20175251272542 HTTP/1.1" 200 953
200.86.184.230 - - [07/Jun/2017:11:35:36 -0300] "GET /cormun/servlet/trpermisosgoce HTTP/1.1" 200 10594
186.79.19.27 - - [07/Jun/2017:11:35:36 -0300] "GET /cormun/static/trautorizarpermisogoce.js?20175251273090 HTTP/1.1" 200 34948
186.79.19.27 - - [07/Jun/2017:11:35:37 -0300] "GET /cormun/servlet/trautorizarpermisogoce? HTTP/1.1" 200 8264
200.86.184.230 - - [07/Jun/2017:11:35:40 -0300] "GET /cormun/servlet/apermisogoceprn?12572811,P,20170607113324,PU HTTP/1.1" 200 1657
192.168.10.96 - - [07/Jun/2017:11:35:41 -0300] "POST /cormun/servlet/trsolicitudgral?921d536c24307f43885dd3611c1fb9fe,,gx-no-cache=1496846141013 HTTP/1.1" 200 7710
200.111.191.210 - - [07/Jun/2017:11:35:45 -0300] "GET /cormun/servlet/licenciaspermisosadjuntos?INS,10180683,L,20170607000000,, HTTP/1.1" 200 5427
200.111.191.210 - - [07/Jun/2017:11:35:45 -0300] "GET /cormun/static/gxcfg.js?201752511544364 HTTP/1.1" 304 -
200.111.191.210 - - [07/Jun/2017:11:35:45 -0300] "GET /cormun/static/about:blank HTTP/1.1" 404 1011
200.111.191.210 - - [07/Jun/2017:11:35:45 -0300] "GET /cormun/servlet/licenciaspermisosadjuntos?INS,10180683,L,20170607000000,, HTTP/1.1" 200 5417
200.111.191.210 - - [07/Jun/2017:11:35:58 -0300] "POST /cormun/servlet/licenciaspermisosadjuntos?efcb3b5a36a3f694ea821460a3a1bd6a,INS,10180683,L,20170607000000,, HTTP/1.1" 200 116
200.111.191.210 - - [07/Jun/2017:11:35:58 -0300] "GET /cormun/servlet/hpexe_return? HTTP/1.1" 200 1047
200.111.191.210 - - [07/Jun/2017:11:35:59 -0300] "GET /cormun/servlet/trlicenciaspermisosadjuntos?10180683,20170607000000,L, HTTP/1.1" 200 6600
200.111.191.210 - - [07/Jun/2017:11:35:59 -0300] "GET /cormun/servlet/trlicenciaspermisosadjuntos?10180683,20170607000000,L, HTTP/1.1" 200 6596
186.79.19.27 - - [07/Jun/2017:11:35:59 -0300] "POST /cormun/servlet/trautorizarpermisogoce?1d878f20a14ceca600ed55aae4bf563e,,gx-no-cache=1496846213428 HTTP/1.1" 200 5222
186.79.19.27 - - [07/Jun/2017:11:36:00 -0300] "GET /cormun/static/Shared/jqueryui/images/ui-bg_highlight-soft_100_c6c2c8_1x100.png HTTP/1.1" 404 1117
186.79.19.27 - - [07/Jun/2017:11:36:00 -0300] "GET /cormun/static/Shared/jqueryui/images/ui-icons_82798d_256x240.png HTTP/1.1" 404 1089
186.79.19.27 - - [07/Jun/2017:11:36:00 -0300] "GET /cormun/static/Shared/jqueryui/images/ui-bg_flat_55_fafafa_40x100.png HTTP/1.1" 404 1097
186.79.19.27 - - [07/Jun/2017:11:36:00 -0300] "GET /cormun/static/Shared/jqueryui/images/ui-icons_8d78a5_256x240.png HTTP/1.1" 404 1089
200.111.191.210 - - [07/Jun/2017:11:36:02 -0300] "GET /cormun/servlet/trlicencias? HTTP/1.1" 200 19080
200.111.191.210 - - [07/Jun/2017:11:36:02 -0300] "GET /cormun/servlet/trlicencias? HTTP/1.1" 200 19071
200.111.191.210 - - [07/Jun/2017:11:36:05 -0300] "POST /cormun/servlet/trlicencias?efcb3b5a36a3f694ea821460a3a1bd6a,,gx-no-cache=1496842615985 HTTP/1.1" 200 17472
200.111.191.210 - - [07/Jun/2017:11:36:06 -0300] "GET /cormun/static/Shared/jqueryui/images/ui-bg_highlight-soft_100_c6c2c8_1x100.png HTTP/1.1" 404 1117
200.111.191.210 - - [07/Jun/2017:11:36:06 -0300] "GET /cormun/static/Shared/jqueryui/images/ui-icons_82798d_256x240.png HTTP/1.1" 404 1089
200.111.191.210 - - [07/Jun/2017:11:36:06 -0300] "GET /cormun/static/Shared/jqueryui/images/ui-bg_flat_55_fafafa_40x100.png HTTP/1.1" 404 1097
200.111.191.210 - - [07/Jun/2017:11:36:06 -0300] "GET /cormun/static/Shared/jqueryui/images/ui-icons_8d78a5_256x240.png HTTP/1.1" 404 1089
192.168.10.96 - - [07/Jun/2017:11:36:06 -0300] "POST /cormun/servlet/trsolicitudgral?921d536c24307f43885dd3611c1fb9fe,,gx-no-cache=1496846165736 HTTP/1.1" 200 5643
200.111.191.210 - - [07/Jun/2017:11:36:08 -0300] "GET /cormun/servlet/trlicenciaspermisosadjuntos?15106727,20170606000000,L, HTTP/1.1" 200 6133
192.168.10.96 - - [07/Jun/2017:11:36:08 -0300] "POST /cormun/servlet/trsolicitudgral?921d536c24307f43885dd3611c1fb9fe,,gx-no-cache=1496846168347 HTTP/1.1" 200 5642
200.111.191.210 - - [07/Jun/2017:11:36:09 -0300] "GET /cormun/servlet/trlicenciaspermisosadjuntos?15106727,20170606000000,L, HTTP/1.1" 200 6134
192.168.10.96 - - [07/Jun/2017:11:36:11 -0300] "POST /cormun/servlet/trsolicitudgral?921d536c24307f43885dd3611c1fb9fe,,gx-no-cache=1496846170596 HTTP/1.1" 200 5639
192.168.10.96 - - [07/Jun/2017:11:36:15 -0300] "POST /cormun/servlet/trsolicitudgral?921d536c24307f43885dd3611c1fb9fe,,gx-no-cache=1496846174890 HTTP/1.1" 200 6969
200.111.191.210 - - [07/Jun/2017:11:36:16 -0300] "GET /cormun/servlet/licenciaspermisosadjuntos?INS,15106727,L,20170606000000,, HTTP/1.1" 200 5429
200.111.191.210 - - [07/Jun/2017:11:36:16 -0300] "GET /cormun/static/about:blank HTTP/1.1" 404 1011
200.111.191.210 - - [07/Jun/2017:11:36:16 -0300] "GET /cormun/servlet/licenciaspermisosadjuntos?INS,15106727,L,20170606000000,, HTTP/1.1" 200 5419
186.79.19.27 - - [07/Jun/2017:11:36:18 -0300] "POST /cormun/servlet/trautorizarpermisogoce?1d878f20a14ceca600ed55aae4bf563e,,gx-no-cache=1496846232314 HTTP/1.1" 200 4943
200.111.191.210 - - [07/Jun/2017:11:36:22 -0300] "POST /cormun/servlet/licenciaspermisosadjuntos?efcb3b5a36a3f694ea821460a3a1bd6a,INS,15106727,L,20170606000000,, HTTP/1.1" 200 116
200.111.191.210 - - [07/Jun/2017:11:36:22 -0300] "GET /cormun/servlet/hpexe_return? HTTP/1.1" 200 1046
200.111.191.210 - - [07/Jun/2017:11:36:22 -0300] "GET /cormun/servlet/trlicenciaspermisosadjuntos?15106727,20170606000000,L, HTTP/1.1" 200 6607
200.111.191.210 - - [07/Jun/2017:11:36:23 -0300] "GET /cormun/servlet/trlicenciaspermisosadjuntos?15106727,20170606000000,L, HTTP/1.1" 200 6602
186.79.19.27 - - [07/Jun/2017:11:36:23 -0300] "POST /cormun/servlet/trautorizarpermisogoce?1d878f20a14ceca600ed55aae4bf563e,,gx-no-cache=1496846237599 HTTP/1.1" 200 4187
200.111.191.210 - - [07/Jun/2017:11:36:29 -0300] "GET /cormun/servlet/trlicencias? HTTP/1.1" 200 19074
200.111.191.210 - - [07/Jun/2017:11:36:30 -0300] "GET /cormun/servlet/trlicencias? HTTP/1.1" 200 19061
200.111.191.210 - - [07/Jun/2017:11:36:33 -0300] "POST /cormun/servlet/trlicencias?efcb3b5a36a3f694ea821460a3a1bd6a,,gx-no-cache=1496842643566 HTTP/1.1" 200 17421
200.111.191.210 - - [07/Jun/2017:11:36:33 -0300] "GET /cormun/static/Shared/jqueryui/images/ui-bg_highlight-soft_100_c6c2c8_1x100.png HTTP/1.1" 404 1117
200.111.191.210 - - [07/Jun/2017:11:36:33 -0300] "GET /cormun/static/Shared/jqueryui/images/ui-icons_82798d_256x240.png HTTP/1.1" 404 1089
200.111.191.210 - - [07/Jun/2017:11:36:33 -0300] "GET /cormun/static/Shared/jqueryui/images/ui-bg_flat_55_fafafa_40x100.png HTTP/1.1" 404 1097
200.111.191.210 - - [07/Jun/2017:11:36:33 -0300] "GET /cormun/static/Shared/jqueryui/images/ui-icons_8d78a5_256x240.png HTTP/1.1" 404 1089
200.111.191.210 - - [07/Jun/2017:11:36:37 -0300] "GET /cormun/servlet/trlicencias? HTTP/1.1" 200 18985
200.111.191.210 - - [07/Jun/2017:11:36:37 -0300] "GET /cormun/servlet/trlicencias? HTTP/1.1" 200 18985
200.111.191.210 - - [07/Jun/2017:11:36:39 -0300] "GET /cormun/servlet/hlogin HTTP/1.1" 200 1742
186.79.19.27 - - [07/Jun/2017:11:36:55 -0300] "GET /cormun/servlet/hlogin HTTP/1.1" 200 1721
186.79.19.27 - - [07/Jun/2017:11:37:20 -0300] "POST /cormun/servlet/hlogin?1d878f20a14ceca600ed55aae4bf563e,gx-no-cache=1496846294267 HTTP/1.1" 200 90
186.79.19.27 - - [07/Jun/2017:11:37:20 -0300] "GET /cormun/servlet/hpexe_link HTTP/1.1" 200 952
186.79.19.27 - - [07/Jun/2017:11:37:20 -0300] "GET /cormun/servlet/hhome HTTP/1.1" 200 3742
186.79.19.27 - - [07/Jun/2017:11:37:22 -0300] "GET /cormun/servlet/hhome HTTP/1.1" 200 3738
192.168.10.96 - - [07/Jun/2017:11:37:24 -0300] "POST /cormun/servlet/trsolicitudgral?921d536c24307f43885dd3611c1fb9fe,,gx-no-cache=1496846243574 HTTP/1.1" 200 6969
192.168.10.96 - - [07/Jun/2017:11:37:25 -0300] "POST /cormun/servlet/trsolicitudgral?921d536c24307f43885dd3611c1fb9fe,,gx-no-cache=1496846244998 HTTP/1.1" 200 6968
186.79.19.27 - - [07/Jun/2017:11:37:28 -0300] "GET /cormun/servlet/trpermisosgoce? HTTP/1.1" 200 11078
186.79.19.27 - - [07/Jun/2017:11:37:30 -0300] "GET /cormun/servlet/trpermisosgoce? HTTP/1.1" 200 11076
192.168.10.96 - - [07/Jun/2017:11:37:34 -0300] "POST /cormun/servlet/trsolicitudgral?921d536c24307f43885dd3611c1fb9fe,,gx-no-cache=1496846254493 HTTP/1.1" 200 5639
192.168.10.96 - - [07/Jun/2017:11:37:38 -0300] "POST /cormun/servlet/trsolicitudgral?921d536c24307f43885dd3611c1fb9fe,,gx-no-cache=1496846257847 HTTP/1.1" 200 6969
192.168.10.96 - - [07/Jun/2017:11:37:43 -0300] "POST /cormun/servlet/trsolicitudgral?921d536c24307f43885dd3611c1fb9fe,,gx-no-cache=1496846262605 HTTP/1.1" 200 7710
186.79.19.27 - - [07/Jun/2017:11:37:46 -0300] "GET /cormun/servlet/trpermisosadjuntos?12692670,20170606083758,P, HTTP/1.1" 200 6054
186.79.19.27 - - [07/Jun/2017:11:37:47 -0300] "GET /cormun/servlet/trpermisosadjuntos?12692670,20170606083758,P, HTTP/1.1" 200 6055
192.168.10.96 - - [07/Jun/2017:11:37:48 -0300] "POST /cormun/servlet/trsolicitudgral?921d536c24307f43885dd3611c1fb9fe,,gx-no-cache=1496846268158 HTTP/1.1" 200 5643
186.79.19.27 - - [07/Jun/2017:11:37:51 -0300] "GET /cormun/servlet/permisosadjuntos?INS,12692670,P,20170606083758,, HTTP/1.1" 200 5378
186.79.19.27 - - [07/Jun/2017:11:37:51 -0300] "GET /cormun/static/about:blank HTTP/1.1" 404 1011
192.168.10.96 - - [07/Jun/2017:11:37:51 -0300] "POST /cormun/servlet/trsolicitudgral?921d536c24307f43885dd3611c1fb9fe,,gx-no-cache=1496846271308 HTTP/1.1" 200 5642
186.79.19.27 - - [07/Jun/2017:11:37:52 -0300] "GET /cormun/servlet/permisosadjuntos?INS,12692670,P,20170606083758,, HTTP/1.1" 200 5368
192.168.10.96 - - [07/Jun/2017:11:37:55 -0300] "POST /cormun/servlet/trsolicitudgral?921d536c24307f43885dd3611c1fb9fe,,gx-no-cache=1496846274644 HTTP/1.1" 200 14068
192.168.10.96 - - [07/Jun/2017:11:38:08 -0300] "POST /cormun/servlet/trsolicitudgral?921d536c24307f43885dd3611c1fb9fe,,gx-no-cache=1496846288026 HTTP/1.1" 200 5640
186.79.19.27 - - [07/Jun/2017:11:38:25 -0300] "POST /cormun/servlet/permisosadjuntos?1d878f20a14ceca600ed55aae4bf563e,INS,12692670,P,20170606083758,, HTTP/1.1" 200 116
186.79.19.27 - - [07/Jun/2017:11:38:25 -0300] "GET /cormun/servlet/hpexe_return? HTTP/1.1" 200 1039
186.79.19.27 - - [07/Jun/2017:11:38:25 -0300] "GET /cormun/servlet/trpermisosadjuntos?12692670,20170606083758,P, HTTP/1.1" 200 6505
186.79.19.27 - - [07/Jun/2017:11:38:27 -0300] "GET /cormun/servlet/trpermisosadjuntos?12692670,20170606083758,P, HTTP/1.1" 200 6501
186.79.19.27 - - [07/Jun/2017:11:38:28 -0300] "GET /cormun/PublicTempStorage/sandra3183661.jpg HTTP/1.1" 200 1162385
186.79.19.27 - - [07/Jun/2017:11:38:34 -0300] "GET /cormun/servlet/permisosadjuntos?INS,12692670,P,20170606083758,, HTTP/1.1" 200 5382
186.79.19.27 - - [07/Jun/2017:11:38:34 -0300] "GET /cormun/static/about:blank HTTP/1.1" 404 1011
186.79.19.27 - - [07/Jun/2017:11:38:35 -0300] "GET /cormun/servlet/permisosadjuntos?INS,12692670,P,20170606083758,, HTTP/1.1" 200 5372
186.79.19.27 - - [07/Jun/2017:11:38:42 -0300] "POST /cormun/servlet/permisosadjuntos?1d878f20a14ceca600ed55aae4bf563e,INS,12692670,P,20170606083758,,,gx-no-cache=1496846376437 HTTP/1.1" 200 93
186.79.19.27 - - [07/Jun/2017:11:38:42 -0300] "GET /cormun/servlet/hpexe_return? HTTP/1.1" 200 1039
186.79.19.27 - - [07/Jun/2017:11:38:43 -0300] "GET /cormun/servlet/trpermisosadjuntos?12692670,20170606083758,P, HTTP/1.1" 200 6573
186.79.19.27 - - [07/Jun/2017:11:38:44 -0300] "GET /cormun/servlet/trpermisosadjuntos?12692670,20170606083758,P, HTTP/1.1" 200 6570
186.79.19.27 - - [07/Jun/2017:11:38:45 -0300] "GET /cormun/PublicTempStorage/sandra7716981.jpg HTTP/1.1" 200 1162385
186.79.19.27 - - [07/Jun/2017:11:38:47 -0300] "GET /cormun/servlet/trpermisosgoce? HTTP/1.1" 200 11077
186.79.19.27 - - [07/Jun/2017:11:38:49 -0300] "GET /cormun/servlet/trpermisosgoce? HTTP/1.1" 200 11076
186.103.157.98 - - [07/Jun/2017:11:38:54 -0300] "GET /cormun/servlet/alicenciaprn?10444427,L,20170607000000,PU HTTP/1.1" 200 1559
186.103.157.98 - - [07/Jun/2017:11:38:54 -0300] "GET /cormun/servlet/alicenciaprn?10444427,L,20170607000000,PU HTTP/1.1" 200 1559
186.79.19.27 - - [07/Jun/2017:11:38:55 -0300] "POST /cormun/servlet/trpermisosgoce?1d878f20a14ceca600ed55aae4bf563e,,gx-no-cache=1496846388613 HTTP/1.1" 200 8335
186.79.19.27 - - [07/Jun/2017:11:38:55 -0300] "GET /cormun/static/Shared/jqueryui/images/ui-bg_highlight-soft_100_c6c2c8_1x100.png HTTP/1.1" 404 1117
186.79.19.27 - - [07/Jun/2017:11:38:55 -0300] "GET /cormun/static/Shared/jqueryui/images/ui-icons_82798d_256x240.png HTTP/1.1" 404 1089
186.79.19.27 - - [07/Jun/2017:11:38:55 -0300] "GET /cormun/static/Shared/jqueryui/images/ui-bg_flat_55_fafafa_40x100.png HTTP/1.1" 404 1097
186.79.19.27 - - [07/Jun/2017:11:38:55 -0300] "GET /cormun/static/Shared/jqueryui/images/ui-icons_8d78a5_256x240.png HTTP/1.1" 404 1089
186.79.19.27 - - [07/Jun/2017:11:39:14 -0300] "GET /cormun/servlet/hlogin HTTP/1.1" 200 1721
186.79.19.27 - - [07/Jun/2017:11:39:24 -0300] "POST /cormun/servlet/hlogin?1d878f20a14ceca600ed55aae4bf563e,gx-no-cache=1496846418342 HTTP/1.1" 200 90
186.79.19.27 - - [07/Jun/2017:11:39:24 -0300] "GET /cormun/servlet/hpexe_link HTTP/1.1" 200 952
186.79.19.27 - - [07/Jun/2017:11:39:24 -0300] "GET /cormun/servlet/hhome HTTP/1.1" 200 3935
186.79.19.27 - - [07/Jun/2017:11:39:26 -0300] "GET /cormun/servlet/hhome HTTP/1.1" 200 3931
186.79.19.27 - - [07/Jun/2017:11:39:34 -0300] "GET /cormun/servlet/trautorizarpermisogoce? HTTP/1.1" 200 7585
186.79.19.27 - - [07/Jun/2017:11:39:35 -0300] "GET /cormun/servlet/trautorizarpermisogoce? HTTP/1.1" 200 7582
186.79.19.27 - - [07/Jun/2017:11:39:41 -0300] "POST /cormun/servlet/trautorizarpermisogoce?1d878f20a14ceca600ed55aae4bf563e,,gx-no-cache=1496846435611 HTTP/1.1" 200 4186
186.79.19.27 - - [07/Jun/2017:11:39:42 -0300] "GET /cormun/static/Shared/jqueryui/images/ui-bg_highlight-soft_100_c6c2c8_1x100.png HTTP/1.1" 404 1117
186.79.19.27 - - [07/Jun/2017:11:39:42 -0300] "GET /cormun/static/Shared/jqueryui/images/ui-icons_82798d_256x240.png HTTP/1.1" 404 1089
186.79.19.27 - - [07/Jun/2017:11:39:42 -0300] "GET /cormun/static/Shared/jqueryui/images/ui-bg_flat_55_fafafa_40x100.png HTTP/1.1" 404 1097
186.79.19.27 - - [07/Jun/2017:11:39:42 -0300] "GET /cormun/static/Shared/jqueryui/images/ui-icons_8d78a5_256x240.png HTTP/1.1" 404 1089
186.79.19.27 - - [07/Jun/2017:11:39:45 -0300] "GET /cormun/static/Shared/jqueryui/images/ui-bg_highlight-soft_100_eae6ea_1x100.png HTTP/1.1" 404 1117
192.168.10.89 - - [07/Jun/2017:11:45:49 -0300] "GET /cormun/servlet/hlogin HTTP/1.1" 200 1764
192.168.10.89 - - [07/Jun/2017:11:45:55 -0300] "POST /cormun/servlet/hlogin?68dfe33298d79c4c4cf1261de3a2001e,gx-no-cache=1496846755503 HTTP/1.1" 200 90
192.168.10.89 - - [07/Jun/2017:11:45:55 -0300] "GET /cormun/servlet/hpexe_link HTTP/1.1" 200 956
192.168.10.89 - - [07/Jun/2017:11:45:56 -0300] "GET /cormun/servlet/hhome HTTP/1.1" 200 4530
192.168.10.89 - - [07/Jun/2017:11:45:59 -0300] "GET /cormun/servlet/trsolicitudgral? HTTP/1.1" 200 25337
192.168.10.89 - - [07/Jun/2017:11:46:05 -0300] "GET /cormun/static/menuarrow.gif HTTP/1.1" 404 1015
192.168.10.89 - - [07/Jun/2017:11:46:11 -0300] "POST /cormun/servlet/trsolicitudgral?68dfe33298d79c4c4cf1261de3a2001e,,gx-no-cache=1496846770041 HTTP/1.1" 200 22710
192.168.10.89 - - [07/Jun/2017:11:46:17 -0300] "POST /cormun/servlet/trsolicitudgral?68dfe33298d79c4c4cf1261de3a2001e,,gx-no-cache=1496846777150 HTTP/1.1" 200 5630
192.168.10.89 - - [07/Jun/2017:11:46:23 -0300] "POST /cormun/servlet/trsolicitudgral?68dfe33298d79c4c4cf1261de3a2001e,,gx-no-cache=1496846783463 HTTP/1.1" 200 5632
200.86.184.230 - - [07/Jun/2017:11:46:26 -0300] "GET /cormun/servlet/trpermisosadjuntos?12572811,20170607113324,P, HTTP/1.1" 200 6131
200.86.184.230 - - [07/Jun/2017:11:46:26 -0300] "GET /cormun/static/gxcfg.js?20175251271483 HTTP/1.1" 304 -
200.86.184.230 - - [07/Jun/2017:11:46:26 -0300] "GET /cormun/static/trpermisosadjuntos.js?20175251271844 HTTP/1.1" 304 -
200.86.184.230 - - [07/Jun/2017:11:46:27 -0300] "GET /cormun/servlet/trpermisosadjuntos?12572811,20170607113324,P, HTTP/1.1" 200 6131
200.86.184.230 - - [07/Jun/2017:11:46:31 -0300] "GET /cormun/servlet/permisosadjuntos?INS,12572811,P,20170607113324,, HTTP/1.1" 200 5450
200.86.184.230 - - [07/Jun/2017:11:46:31 -0300] "GET /cormun/static/gxcfg.js?201741111155774 HTTP/1.1" 304 -
200.86.184.230 - - [07/Jun/2017:11:46:31 -0300] "GET /cormun/static/permisosadjuntos.js?201741111155784 HTTP/1.1" 304 -
200.86.184.230 - - [07/Jun/2017:11:46:31 -0300] "GET /cormun/static/about:blank HTTP/1.1" 404 1011
200.86.184.230 - - [07/Jun/2017:11:46:31 -0300] "GET /cormun/servlet/permisosadjuntos?INS,12572811,P,20170607113324,, HTTP/1.1" 200 5441
200.86.184.230 - - [07/Jun/2017:11:46:42 -0300] "POST /cormun/servlet/permisosadjuntos?1835567faa08d43e971df60796e6a3d4,INS,12572811,P,20170607113324,, HTTP/1.1" 200 116
200.86.184.230 - - [07/Jun/2017:11:46:42 -0300] "GET /cormun/servlet/hpexe_return? HTTP/1.1" 200 1032
200.86.184.230 - - [07/Jun/2017:11:46:42 -0300] "GET /cormun/servlet/trpermisosadjuntos?12572811,20170607113324,P, HTTP/1.1" 200 6597
200.86.184.230 - - [07/Jun/2017:11:46:43 -0300] "GET /cormun/servlet/trpermisosadjuntos?12572811,20170607113324,P, HTTP/1.1" 200 6592
200.86.184.230 - - [07/Jun/2017:11:46:45 -0300] "GET /cormun/PublicTempStorage/20170607_104418__evelyn_212399543.jpg HTTP/1.1" 200 808127
200.86.184.230 - - [07/Jun/2017:11:46:48 -0300] "GET /cormun/servlet/trpermisosgoce? HTTP/1.1" 200 10594
200.86.184.230 - - [07/Jun/2017:11:46:48 -0300] "GET /cormun/servlet/trpermisosgoce? HTTP/1.1" 200 10594
