186.67.172.234 - - [06/Jun/2017:11:42:04 -0300] "GET /cormun/servlet/solicitudotadjuntos?3a0e3279e2dfde572c750f0f2dbcec4ba39253e4d952896b25316743f22e640a,gx-no-cache=1496756560114 HTTP/1.1" 200 30
186.67.172.234 - - [06/Jun/2017:11:42:04 -0300] "GET /cormun/servlet/solicitudotadjuntos?3a0e3279e2dfde572c750f0f2dbcec4ba39253e4d952896b25316743f22e640a,gx-no-cache=1496756560157 HTTP/1.1" 200 30
186.67.172.234 - - [06/Jun/2017:11:42:04 -0300] "POST /cormun/servlet/solicitudotadjuntos?1c2c8fda3d2701271a9f37cd66137245,INS,2017,6741,,1, HTTP/1.1" 200 116
186.67.172.234 - - [06/Jun/2017:11:42:04 -0300] "GET /cormun/servlet/hpexe_return? HTTP/1.1" 200 1022
186.67.172.234 - - [06/Jun/2017:11:42:05 -0300] "GET /cormun/servlet/trsolicitudadjuntos?2017,6741, HTTP/1.1" 200 9276
186.67.172.234 - - [06/Jun/2017:11:42:05 -0300] "GET /cormun/servlet/trsolicitudadjuntos?2017,6741, HTTP/1.1" 200 9274
186.103.157.42 - - [06/Jun/2017:11:42:08 -0300] "GET /cormun/servlet/trpermisosingoceadjunto?137,13947965, HTTP/1.1" 200 6540
186.67.172.234 - - [06/Jun/2017:11:42:10 -0300] "POST /cormun/servlet/trsolicitudadjuntos?1c2c8fda3d2701271a9f37cd66137245,2017,6741,,gx-no-cache=1496756566740 HTTP/1.1" 200 90
186.67.172.234 - - [06/Jun/2017:11:42:10 -0300] "GET /cormun/servlet/hpexe_link HTTP/1.1" 200 965
186.67.172.234 - - [06/Jun/2017:11:42:11 -0300] "GET /cormun/servlet/trsolicitudot HTTP/1.1" 200 13054
186.67.172.234 - - [06/Jun/2017:11:42:11 -0300] "GET /cormun/servlet/trsolicitudot HTTP/1.1" 200 13053
186.103.157.42 - - [06/Jun/2017:11:42:14 -0300] "GET /cormun/servlet/trinasistenciaautorizar HTTP/1.1" 200 7956
186.103.157.42 - - [06/Jun/2017:11:42:17 -0300] "GET /cormun/servlet/trinasistenciaautorizar HTTP/1.1" 200 7956
186.103.157.42 - - [06/Jun/2017:11:42:17 -0300] "GET /favicon.ico HTTP/1.1" 200 21630
186.103.157.42 - - [06/Jun/2017:11:42:19 -0300] "GET /cormun/servlet/trpermisosingoceadjunto?137,13947965, HTTP/1.1" 200 6539
186.67.172.234 - - [06/Jun/2017:11:42:20 -0300] "POST /cormun/servlet/trsolicitudot?1c2c8fda3d2701271a9f37cd66137245,gx-no-cache=1496756576568 HTTP/1.1" 200 10088
186.67.172.234 - - [06/Jun/2017:11:42:21 -0300] "GET /cormun/static/Shared/jqueryui/images/ui-bg_highlight-soft_100_c6c2c8_1x100.png HTTP/1.1" 404 1117
186.67.172.234 - - [06/Jun/2017:11:42:21 -0300] "GET /cormun/static/Shared/jqueryui/images/ui-icons_82798d_256x240.png HTTP/1.1" 404 1089
186.67.172.234 - - [06/Jun/2017:11:42:21 -0300] "GET /cormun/static/Shared/jqueryui/images/ui-bg_flat_55_fafafa_40x100.png HTTP/1.1" 404 1097
186.67.172.234 - - [06/Jun/2017:11:42:21 -0300] "GET /cormun/static/Shared/jqueryui/images/ui-icons_8d78a5_256x240.png HTTP/1.1" 404 1089
186.67.172.234 - - [06/Jun/2017:11:42:21 -0300] "POST /cormun/servlet/trsolicitudot?1c2c8fda3d2701271a9f37cd66137245,gx-no-cache=1496756577009 HTTP/1.1" 200 10035
186.103.157.42 - - [06/Jun/2017:11:42:21 -0300] "GET /cormun/servlet/trinasistenciaautorizar HTTP/1.1" 200 7956
186.103.157.42 - - [06/Jun/2017:11:42:22 -0300] "GET /cormun/servlet/trpermisosingocelog?137,13947965, HTTP/1.1" 200 6060
186.103.157.42 - - [06/Jun/2017:11:42:23 -0300] "GET /cormun/servlet/trinasistenciaautorizar? HTTP/1.1" 200 7956
186.103.157.42 - - [06/Jun/2017:11:42:24 -0300] "GET /cormun/servlet/trinasistenciaautorizar? HTTP/1.1" 200 7955
186.67.172.234 - - [06/Jun/2017:11:42:26 -0300] "GET /cormun/servlet/trautorizarsolicitud? HTTP/1.1" 200 8271
186.67.172.234 - - [06/Jun/2017:11:42:26 -0300] "GET /cormun/static/gxcfg.js?20174261241362 HTTP/1.1" 200 953
186.67.172.234 - - [06/Jun/2017:11:42:26 -0300] "GET /cormun/static/trautorizarsolicitud.js?201742612414370 HTTP/1.1" 200 53910
186.67.172.234 - - [06/Jun/2017:11:42:27 -0300] "GET /cormun/servlet/trautorizarsolicitud? HTTP/1.1" 200 8270
186.103.157.42 - - [06/Jun/2017:11:42:29 -0300] "POST /cormun/servlet/trinasistenciaautorizar?25284d34538067a492775dfcda4bac4c,,gx-no-cache=1496760204254 HTTP/1.1" 200 5216
186.103.157.42 - - [06/Jun/2017:11:42:30 -0300] "GET /cormun/static/Shared/jqueryui/images/ui-bg_highlight-soft_100_c6c2c8_1x100.png HTTP/1.1" 404 1117
186.103.157.42 - - [06/Jun/2017:11:42:30 -0300] "GET /cormun/static/Shared/jqueryui/images/ui-icons_82798d_256x240.png HTTP/1.1" 404 1089
186.103.157.42 - - [06/Jun/2017:11:42:30 -0300] "GET /cormun/static/Shared/jqueryui/images/ui-bg_flat_55_fafafa_40x100.png HTTP/1.1" 404 1097
186.103.157.42 - - [06/Jun/2017:11:42:30 -0300] "GET /cormun/static/Shared/jqueryui/images/ui-icons_8d78a5_256x240.png HTTP/1.1" 404 1089
186.103.157.42 - - [06/Jun/2017:11:42:31 -0300] "POST /cormun/servlet/trinasistenciaautorizar?25284d34538067a492775dfcda4bac4c,,gx-no-cache=1496760206184 HTTP/1.1" 200 5216
186.67.172.234 - - [06/Jun/2017:11:42:32 -0300] "POST /cormun/servlet/trautorizarsolicitud?1c2c8fda3d2701271a9f37cd66137245,,gx-no-cache=1496756588016 HTTP/1.1" 200 4330
186.67.172.234 - - [06/Jun/2017:11:42:32 -0300] "GET /cormun/static/Shared/jqueryui/images/ui-bg_highlight-soft_100_c6c2c8_1x100.png HTTP/1.1" 404 1117
186.67.172.234 - - [06/Jun/2017:11:42:32 -0300] "GET /cormun/static/Shared/jqueryui/images/ui-icons_82798d_256x240.png HTTP/1.1" 404 1089
186.67.172.234 - - [06/Jun/2017:11:42:32 -0300] "GET /cormun/static/Shared/jqueryui/images/ui-bg_flat_55_fafafa_40x100.png HTTP/1.1" 404 1097
186.67.172.234 - - [06/Jun/2017:11:42:32 -0300] "GET /cormun/static/Shared/jqueryui/images/ui-icons_8d78a5_256x240.png HTTP/1.1" 404 1089
186.67.172.234 - - [06/Jun/2017:11:42:32 -0300] "POST /cormun/servlet/trautorizarsolicitud?1c2c8fda3d2701271a9f37cd66137245,,gx-no-cache=1496756588196 HTTP/1.1" 200 4111
186.103.157.42 - - [06/Jun/2017:11:42:34 -0300] "POST /cormun/servlet/trinasistenciaautorizar?25284d34538067a492775dfcda4bac4c,,gx-no-cache=1496760207485 HTTP/1.1" 200 5217
186.103.157.42 - - [06/Jun/2017:11:42:37 -0300] "POST /cormun/servlet/trinasistenciaautorizar?25284d34538067a492775dfcda4bac4c,,gx-no-cache=1496760211576 HTTP/1.1" 200 3999
186.103.157.42 - - [06/Jun/2017:11:42:41 -0300] "POST /cormun/servlet/trinasistenciaautorizar?25284d34538067a492775dfcda4bac4c,,gx-no-cache=1496760215281 HTTP/1.1" 200 5192
186.79.89.75 - - [06/Jun/2017:11:42:43 -0300] "GET /cormun/servlet/trautorizarsolicitud? HTTP/1.1" 200 8186
186.79.89.75 - - [06/Jun/2017:11:42:43 -0300] "GET /cormun/static/gxcfg.js?20174261241362 HTTP/1.1" 200 953
186.79.89.75 - - [06/Jun/2017:11:42:43 -0300] "GET /cormun/static/calendar.js?85251 HTTP/1.1" 304 -
186.79.89.75 - - [06/Jun/2017:11:42:43 -0300] "GET /cormun/static/calendar-es.js?85251 HTTP/1.1" 304 -
186.79.89.75 - - [06/Jun/2017:11:42:43 -0300] "GET /cormun/static/calendar-setup.js?85251 HTTP/1.1" 304 -
186.79.89.75 - - [06/Jun/2017:11:42:43 -0300] "GET /cormun/static/Resources/Spanish/PXTools.css?11294912 HTTP/1.1" 200 89042
186.79.89.75 - - [06/Jun/2017:11:42:44 -0300] "GET /cormun/static/trautorizarsolicitud.js?201742612414370 HTTP/1.1" 304 -
186.79.89.75 - - [06/Jun/2017:11:42:44 -0300] "GET /cormun/static/gxdec.js?85251 HTTP/1.1" 304 -
186.79.89.75 - - [06/Jun/2017:11:42:45 -0300] "GET /cormun//static/Resources/PXToolsActionView.png HTTP/1.1" 200 2995
186.79.89.75 - - [06/Jun/2017:11:42:45 -0300] "GET /cormun/servlet/trautorizarsolicitud? HTTP/1.1" 200 8184
186.79.89.75 - - [06/Jun/2017:11:42:45 -0300] "GET /cormun//static/Resources/PXToolsRemoveAllAction.png HTTP/1.1" 200 3558
186.103.157.42 - - [06/Jun/2017:11:42:47 -0300] "POST /cormun/servlet/trinasistenciaautorizar?25284d34538067a492775dfcda4bac4c,,gx-no-cache=1496760221208 HTTP/1.1" 200 5216
186.103.157.42 - - [06/Jun/2017:11:42:48 -0300] "POST /cormun/servlet/trinasistenciaautorizar?25284d34538067a492775dfcda4bac4c,,gx-no-cache=1496760222443 HTTP/1.1" 200 5216
186.79.89.75 - - [06/Jun/2017:11:42:53 -0300] "POST /cormun/servlet/trautorizarsolicitud?bb25fccd4290df6ea1c9e8cd91655237,,gx-no-cache=1496760226626 HTTP/1.1" 200 4343
186.79.89.75 - - [06/Jun/2017:11:42:53 -0300] "GET /cormun/static/Shared/jqueryui/images/ui-bg_highlight-soft_100_c6c2c8_1x100.png HTTP/1.1" 404 1117
186.79.89.75 - - [06/Jun/2017:11:42:53 -0300] "GET /cormun/static/Shared/jqueryui/images/ui-icons_82798d_256x240.png HTTP/1.1" 404 1089
186.79.89.75 - - [06/Jun/2017:11:42:53 -0300] "GET /cormun/static/Shared/jqueryui/images/ui-bg_flat_55_fafafa_40x100.png HTTP/1.1" 404 1097
186.79.89.75 - - [06/Jun/2017:11:42:53 -0300] "GET /cormun/static/Shared/jqueryui/images/ui-icons_8d78a5_256x240.png HTTP/1.1" 404 1089
186.79.89.75 - - [06/Jun/2017:11:42:53 -0300] "POST /cormun/servlet/trautorizarsolicitud?bb25fccd4290df6ea1c9e8cd91655237,,gx-no-cache=1496760227402 HTTP/1.1" 200 4100
186.79.89.75 - - [06/Jun/2017:11:43:52 -0300] "GET /cormun/servlet/trlicencias? HTTP/1.1" 200 10153
186.79.89.75 - - [06/Jun/2017:11:43:52 -0300] "GET /cormun/static/gxcfg.js?20175222047249 HTTP/1.1" 200 953
186.79.89.75 - - [06/Jun/2017:11:43:52 -0300] "GET /cormun/static/Resources/PXToolsGridNew.png HTTP/1.1" 200 2949
186.79.89.75 - - [06/Jun/2017:11:43:52 -0300] "GET /cormun/static/trlicencias.js?201752220473085 HTTP/1.1" 200 40838
186.79.89.75 - - [06/Jun/2017:11:43:53 -0300] "GET /cormun//static/Resources/PXToolsActionDisabled.gif HTTP/1.1" 200 53
186.79.89.75 - - [06/Jun/2017:11:43:53 -0300] "GET /cormun//static/Resources/PXToolsGridDisplay.png HTTP/1.1" 200 362
186.79.89.75 - - [06/Jun/2017:11:43:53 -0300] "GET /cormun/servlet/trlicencias? HTTP/1.1" 200 10152
200.112.4.111 - - [06/Jun/2017:11:43:59 -0300] "POST /cormun/servlet/solicitudot?gx-no-cache=1496760295140 HTTP/1.1" 200 297
200.112.4.111 - - [06/Jun/2017:11:44:09 -0300] "GET /cormun/servlet/solicitudot?a34b656acc42e5d69cfbfce638e981e5ae8680f672c72d3a8e1bf002721f93625c93c43e4855aee4dedd1721be75b6fdcc624a20432cc72830ff18805b012dfd07e8bdd96de1ad42c85d15c1e70bf87cc1bc5edd8bcc09521e75f09fdaedabcb7a377bbc09c17967f5a904cd5b627526c200aa2599f789931ba041b3d5207788e207862a794ed5c577afaf0000e68756d6c82b39b47c057de0fe27f3a4b5b8da68a7793a587358d4671977d9e683c68f4c5c7892052d874c3d3aa32f9c7ab37b8c848c1d86ea3ec7877507acf11a3f34aa43317911e71d6b38bc7e6fa2cbbcce34d68518dd34812bcc928d1d267fdf047dea10b863b8e5fc6860f49fb5845ee5811ab7a0f2ecebbe6cfa3d8532c95a154221b44582a8f8371d57ddd53db350026a909db98b6d3ef273a0042d004a71ab72da2ce94fa88fe525f4d560cc23ed2fc0a1860873b5bf03170ec508dd263ce3c2115261ca6a9da4d7dfcd5c9813fc6a5beac898c0323b1383fff44579f792876f43913679ad6ad4ec9e509621e784c620eb38abe553324e02d9a005e4e22428,gx-no-cache=1496760305176 HTTP/1.1" 200 30
200.112.4.111 - - [06/Jun/2017:11:44:14 -0300] "POST /cormun/servlet/solicitudot?gx-no-cache=1496760310734 HTTP/1.1" 200 30
200.112.4.111 - - [06/Jun/2017:11:44:26 -0300] "POST /cormun/servlet/solicitudot?gx-no-cache=1496760322336 HTTP/1.1" 200 1299
200.112.4.111 - - [06/Jun/2017:11:44:26 -0300] "POST /cormun/servlet/solicitudot?gx-no-cache=1496760322552 HTTP/1.1" 200 38
186.67.172.234 - - [06/Jun/2017:11:44:27 -0300] "POST /cormun/servlet/trcontratosolicitud?05e45764ed319804d47db83a38bd82e9,gx-no-cache=1496760320316 HTTP/1.1" 200 10946
186.79.89.75 - - [06/Jun/2017:11:44:29 -0300] "POST /cormun/servlet/trlicencias?bb25fccd4290df6ea1c9e8cd91655237,,gx-no-cache=1496760322472 HTTP/1.1" 200 7638
200.112.7.114 - - [06/Jun/2017:11:44:32 -0300] "POST /cormun/servlet/solicitudot?gx-no-cache=1496760325683 HTTP/1.1" 200 3194
186.103.157.42 - - [06/Jun/2017:11:44:33 -0300] "GET /cormun/servlet/trlicencias? HTTP/1.1" 200 10035
200.112.7.114 - - [06/Jun/2017:11:44:33 -0300] "POST /cormun/servlet/solicitudot?81dbd448f8912cdca6989ae462d44613,INS,0,0,,gx-no-cache=1496760326342 HTTP/1.1" 200 10016
186.103.157.42 - - [06/Jun/2017:11:44:33 -0300] "GET /cormun/static/gxcfg.js?20175222047249 HTTP/1.1" 200 953
186.103.157.42 - - [06/Jun/2017:11:44:34 -0300] "GET /cormun/static/trlicencias.js?201752220473085 HTTP/1.1" 200 40838
186.103.157.42 - - [06/Jun/2017:11:44:34 -0300] "GET /cormun//static/Resources/PXToolsGridDisplay.png HTTP/1.1" 200 362
186.103.157.42 - - [06/Jun/2017:11:44:34 -0300] "GET /cormun/servlet/trlicencias? HTTP/1.1" 200 10034
186.79.89.75 - - [06/Jun/2017:11:44:34 -0300] "POST /cormun/servlet/trlicencias?bb25fccd4290df6ea1c9e8cd91655237,,gx-no-cache=1496760328208 HTTP/1.1" 200 7638
200.112.7.114 - - [06/Jun/2017:11:44:39 -0300] "GET /cormun/servlet/solicitudot?fb6370015a4675ccfa3d812df36dd8aa0463ec63e1ff674fd41ad71a4f69fc8b6f6a7b057b5453c0ebcf24f4bf25ef25,gx-no-cache=1496760332199 HTTP/1.1" 200 30
200.112.7.114 - - [06/Jun/2017:11:44:39 -0300] "POST /cormun/servlet/solicitudot?gx-no-cache=1496760332313 HTTP/1.1" 200 255
200.112.7.114 - - [06/Jun/2017:11:44:39 -0300] "GET /cormun/servlet/solicitudot?fb6370015a4675ccfa3d812df36dd8aa971ae090375e38f198596be4c03c23d4eedae1af84cb50ac618e0522ed5755525f911f43e1eb253281553b88420d523317dfb486335612c8a788228fb877a3795e48c762dcae83d5e253192116daed1bbf610933c46c0579c594365c9dd4e0c720e18a4639c8ea36f7fe734c323afd2a553ecf9c5017bb234bb4ac13465a02192340a000c31f895cacb6d3075a915df65052e9a1499ad07d3e83f706eb39b3fee4fdc6fe532821d91daf6ba2deb045d60a54117c8f1fde356cc52bf5a2a2d12f47af901db66a578abe886b71e5cd2f2b30e16bf76753b4b245a34f0a269a6413626941a872f745da1f4ec7bf6c1f336c18c52b3b4e05d6cf55f95941678177773b35847e2f511d37de0b1cc93e462dae79ff4bd32f81b6c00fa18dbe3bafa6ec4fc426fd0baa7a7bcff5dbb180aa6d95f60365582ad937633899e1bf0b0e330a527c6679cafdd26ba8e1fa1f82ecd916dc628dfb0ef33abb3ba7f3bf637d9f57fa44db1b0f434683ee9eb614e7d99351,gx-no-cache=1496760332431 HTTP/1.1" 200 30
200.112.7.114 - - [06/Jun/2017:11:44:46 -0300] "POST /cormun/servlet/solicitudot?gx-no-cache=1496760339872 HTTP/1.1" 200 30
186.79.89.75 - - [06/Jun/2017:11:44:53 -0300] "POST /cormun/servlet/trlicencias?bb25fccd4290df6ea1c9e8cd91655237,,gx-no-cache=1496760346944 HTTP/1.1" 200 7639
200.112.4.111 - - [06/Jun/2017:11:45:06 -0300] "GET /cormun/servlet/solicitudot?a34b656acc42e5d69cfbfce638e981e5b5d3447851d2c165aeaad6174fc8681721ab4a8b9630ac407eab7923a9944ddc7a8c8d7d85f5ac6e09ae11c65df801c88bbca47d7402cb67122945dfff4252309dc9bcdc1ea537846c021429fefddc267dfa02a0ab50620eac93ee67070f4248,gx-no-cache=1496760362056 HTTP/1.1" 200 29
200.112.4.111 - - [06/Jun/2017:11:45:06 -0300] "POST /cormun/servlet/solicitudot?gx-no-cache=1496760362252 HTTP/1.1" 200 1281
186.103.157.42 - - [06/Jun/2017:11:45:27 -0300] "GET /cormun/servlet/trsolicitudot? HTTP/1.1" 200 11816
186.103.157.42 - - [06/Jun/2017:11:45:27 -0300] "GET /cormun/static/gxcfg.js?20175251233261 HTTP/1.1" 200 953
186.103.157.42 - - [06/Jun/2017:11:45:28 -0300] "GET /cormun/static/trsolicitudot.js?20175251234175 HTTP/1.1" 200 54041
186.103.157.42 - - [06/Jun/2017:11:45:28 -0300] "GET /cormun//static/Resources/PXToolsActionView.png HTTP/1.1" 200 2995
186.103.157.42 - - [06/Jun/2017:11:45:28 -0300] "GET /cormun//static/Resources/PXToolsRemoveAllAction.png HTTP/1.1" 200 3558
186.103.157.42 - - [06/Jun/2017:11:45:28 -0300] "GET /cormun/servlet/trsolicitudot? HTTP/1.1" 200 11816
186.79.89.75 - - [06/Jun/2017:11:45:31 -0300] "GET /cormun/static/menuarrow.gif HTTP/1.1" 404 1015
186.103.157.42 - - [06/Jun/2017:11:45:39 -0300] "POST /cormun/servlet/trsolicitudot?25284d34538067a492775dfcda4bac4c,,gx-no-cache=1496760393829 HTTP/1.1" 200 6270
200.112.7.114 - - [06/Jun/2017:11:45:55 -0300] "POST /cormun/servlet/solicitudot?gx-no-cache=1496760408117 HTTP/1.1" 200 1301
200.112.7.114 - - [06/Jun/2017:11:45:55 -0300] "POST /cormun/servlet/solicitudot?gx-no-cache=1496760408376 HTTP/1.1" 200 38
200.112.7.114 - - [06/Jun/2017:11:45:55 -0300] "GET /cormun/servlet/solicitudot?fb6370015a4675ccfa3d812df36dd8aad844fd1799be32d91e7e707a77e6c14ba1076bee3d7224cb91a220fa323a17a1a6a61cbbea6a105beb25a9170f29586a13cf761a3037c3091e7ef3a0d607e6b081f80cd366e86691fea22a55eafc1c88cd114edf4811e5bc86e9bc2a51077960653418b2dac269c0cc2d8ebae284e43dadde559a6c17ef25a0626cb91aac21031001a5f23143fe5698ca29e2cf498c63,gx-no-cache=1496760408473 HTTP/1.1" 200 29
186.103.158.250 - - [06/Jun/2017:11:45:55 -0300] "POST /cormun/servlet/trsolicitudot?adc0d2a78cb14c8340be269f4a293750,,gx-no-cache=1496760408777 HTTP/1.1" 200 12670
200.112.7.114 - - [06/Jun/2017:11:45:55 -0300] "POST /cormun/servlet/solicitudot?gx-no-cache=1496760408568 HTTP/1.1" 200 1280
200.112.7.114 - - [06/Jun/2017:11:45:55 -0300] "POST /cormun/servlet/solicitudot?gx-no-cache=1496760408770 HTTP/1.1" 200 30
200.112.7.114 - - [06/Jun/2017:11:45:56 -0300] "POST /cormun/servlet/solicitudot?81dbd448f8912cdca6989ae462d44613,INS,0,0,,gx-no-cache=1496760408859 HTTP/1.1" 200 11314
200.112.7.114 - - [06/Jun/2017:11:45:56 -0300] "GET /cormun/static/Shared/jqueryui/images/ui-icons_ebccce_256x240.png HTTP/1.1" 404 1089
200.112.7.114 - - [06/Jun/2017:11:45:56 -0300] "GET /cormun/static/Shared/jqueryui/images/ui-bg_flat_55_994d53_40x100.png HTTP/1.1" 404 1097
200.112.7.114 - - [06/Jun/2017:11:45:56 -0300] "GET /cormun/static/Shared/jqueryui/images/ui-icons_82798d_256x240.png HTTP/1.1" 404 1089
200.112.7.114 - - [06/Jun/2017:11:45:56 -0300] "GET /cormun/static/Shared/jqueryui/images/ui-bg_highlight-soft_100_c6c2c8_1x100.png HTTP/1.1" 404 1117
186.103.157.42 - - [06/Jun/2017:11:46:06 -0300] "POST /cormun/servlet/trsolicitudot?25284d34538067a492775dfcda4bac4c,,gx-no-cache=1496760421025 HTTP/1.1" 200 4307
186.79.89.75 - - [06/Jun/2017:11:46:08 -0300] "POST /cormun/servlet/trlicencias?bb25fccd4290df6ea1c9e8cd91655237,,gx-no-cache=1496760421388 HTTP/1.1" 200 5329
186.103.157.42 - - [06/Jun/2017:11:46:10 -0300] "POST /cormun/servlet/trsolicitudot?25284d34538067a492775dfcda4bac4c,,gx-no-cache=1496760424846 HTTP/1.1" 200 4307
200.112.7.114 - - [06/Jun/2017:11:46:12 -0300] "GET /cormun/static/Resources/resize.gif HTTP/1.1" 304 -
200.112.7.114 - - [06/Jun/2017:11:46:12 -0300] "GET /cormun/servlet/prfichaempleado?,MD,,gxPopupLevel%3D0%3B HTTP/1.1" 200 8873
200.112.7.114 - - [06/Jun/2017:11:46:13 -0300] "GET /cormun/static/gxcfg.js?2017319125415 HTTP/1.1" 200 953
200.112.7.114 - - [06/Jun/2017:11:46:13 -0300] "GET /cormun/static/Resources/PXToolsMenuSearch.png HTTP/1.1" 304 -
200.112.7.114 - - [06/Jun/2017:11:46:13 -0300] "GET /cormun/static/Resources/PXToolsMenuSearchCancel.png HTTP/1.1" 304 -
200.112.7.114 - - [06/Jun/2017:11:46:13 -0300] "GET /cormun/static/menusearch.js?201610171694467 HTTP/1.1" 200 1424
200.112.7.114 - - [06/Jun/2017:11:46:13 -0300] "GET /cormun/static/prfichaempleado.js?20173191254344 HTTP/1.1" 200 16006
200.112.7.114 - - [06/Jun/2017:11:46:13 -0300] "GET /cormun/static/hmpwkw011.js?20175251212473 HTTP/1.1" 200 1968
186.79.89.75 - - [06/Jun/2017:11:46:13 -0300] "POST /cormun/servlet/trlicencias?bb25fccd4290df6ea1c9e8cd91655237,,gx-no-cache=1496760426877 HTTP/1.1" 200 5328
186.103.157.42 - - [06/Jun/2017:11:46:16 -0300] "POST /cormun/servlet/trsolicitudot?25284d34538067a492775dfcda4bac4c,,gx-no-cache=1496760431161 HTTP/1.1" 200 4307
192.168.10.96 - - [06/Jun/2017:11:46:18 -0300] "GET /cormun/servlet/hlogin HTTP/1.1" 200 1718
192.168.10.96 - - [06/Jun/2017:11:46:18 -0300] "GET /cormun/static/gxcfg.js?20175251213516 HTTP/1.1" 304 -
186.103.157.42 - - [06/Jun/2017:11:46:20 -0300] "POST /cormun/servlet/trsolicitudot?25284d34538067a492775dfcda4bac4c,,gx-no-cache=1496760434385 HTTP/1.1" 200 8068
200.112.4.111 - - [06/Jun/2017:11:46:22 -0300] "POST /cormun/servlet/solicitudot?gx-no-cache=1496760438233 HTTP/1.1" 200 30
186.79.89.75 - - [06/Jun/2017:11:46:30 -0300] "POST /cormun/servlet/trlicencias?bb25fccd4290df6ea1c9e8cd91655237,,gx-no-cache=1496760443949 HTTP/1.1" 200 5330
192.168.10.96 - - [06/Jun/2017:11:46:33 -0300] "POST /cormun/servlet/hlogin?1818fe20af196d192da2dc973e992b1a,gx-no-cache=1496760393310 HTTP/1.1" 200 90
192.168.10.96 - - [06/Jun/2017:11:46:33 -0300] "GET /cormun/servlet/hpexe_link HTTP/1.1" 200 948
192.168.10.96 - - [06/Jun/2017:11:46:33 -0300] "GET /cormun/static/gxcfg.js?20175251212395 HTTP/1.1" 304 -
192.168.10.96 - - [06/Jun/2017:11:46:33 -0300] "GET /cormun/servlet/hhome HTTP/1.1" 200 4329
192.168.10.96 - - [06/Jun/2017:11:46:33 -0300] "GET /cormun/static/gxcfg.js?20175251212442 HTTP/1.1" 304 -
192.168.10.96 - - [06/Jun/2017:11:46:34 -0300] "GET /cormun/servlet/hhome HTTP/1.1" 200 4326
192.168.10.96 - - [06/Jun/2017:11:46:39 -0300] "GET /cormun/servlet/trsolicitudgral? HTTP/1.1" 200 25242
192.168.10.96 - - [06/Jun/2017:11:46:39 -0300] "GET /cormun/static/gxcfg.js?201742615501069 HTTP/1.1" 304 -
200.112.7.114 - - [06/Jun/2017:11:46:39 -0300] "POST /cormun/servlet/prfichaempleado?81dbd448f8912cdca6989ae462d44613,,MD,,gxPopupLevel%3D0%3B,gx-no-cache=1496760449629 HTTP/1.1" 200 3394
192.168.10.96 - - [06/Jun/2017:11:46:40 -0300] "GET /cormun/servlet/trsolicitudgral? HTTP/1.1" 200 25239
186.79.89.75 - - [06/Jun/2017:11:46:46 -0300] "GET /cormun/servlet/licenciaspermisos?DSP,7175713,L,20170606000000, HTTP/1.1" 200 7037
186.79.89.75 - - [06/Jun/2017:11:46:46 -0300] "GET /cormun/static/gxcfg.js?201752220471843 HTTP/1.1" 200 953
186.79.89.75 - - [06/Jun/2017:11:46:46 -0300] "GET /cormun/static/Resources/prompt.gif HTTP/1.1" 200 902
186.79.89.75 - - [06/Jun/2017:11:46:46 -0300] "GET /cormun/static/licenciaspermisos.js?201752220471934 HTTP/1.1" 200 35774
186.79.89.75 - - [06/Jun/2017:11:46:47 -0300] "GET /cormun/servlet/licenciaspermisos?DSP,7175713,L,20170606000000, HTTP/1.1" 200 7037
192.168.10.96 - - [06/Jun/2017:11:46:48 -0300] "POST /cormun/servlet/trsolicitudgral?1818fe20af196d192da2dc973e992b1a,,gx-no-cache=1496760408630 HTTP/1.1" 200 6894
186.79.89.75 - - [06/Jun/2017:11:46:55 -0300] "POST /cormun/servlet/licenciaspermisos?bb25fccd4290df6ea1c9e8cd91655237,DSP,7175713,L,20170606000000,,gx-no-cache=1496760468958 HTTP/1.1" 200 93
186.79.89.75 - - [06/Jun/2017:11:46:55 -0300] "GET /cormun/servlet/hpexe_return? HTTP/1.1" 200 1029
200.112.7.114 - - [06/Jun/2017:11:46:55 -0300] "POST /cormun/servlet/solicitudot?gx-no-cache=1496760468436 HTTP/1.1" 200 3194
186.79.89.75 - - [06/Jun/2017:11:46:55 -0300] "GET /cormun/static/gxcfg.js?2016101716175148 HTTP/1.1" 200 953
186.79.89.75 - - [06/Jun/2017:11:46:55 -0300] "GET /cormun/static/hpexe_return.js?2016101716175153 HTTP/1.1" 200 1633
186.79.89.75 - - [06/Jun/2017:11:46:55 -0300] "GET /cormun/static/Resources/Spanish/PXTools.css?167811 HTTP/1.1" 200 89042
186.79.89.75 - - [06/Jun/2017:11:46:56 -0300] "GET /cormun/servlet/trlicencias? HTTP/1.1" 200 10157
186.79.89.75 - - [06/Jun/2017:11:46:56 -0300] "GET /cormun/servlet/trlicencias? HTTP/1.1" 200 10152
200.112.7.114 - - [06/Jun/2017:11:46:56 -0300] "POST /cormun/servlet/solicitudot?81dbd448f8912cdca6989ae462d44613,INS,0,0,,gx-no-cache=1496760469508 HTTP/1.1" 200 11165
200.112.7.114 - - [06/Jun/2017:11:46:57 -0300] "GET /cormun/servlet/solicitudot?fb6370015a4675ccfa3d812df36dd8aa0463ec63e1ff674fd41ad71a4f69fc8bf9cb29f6b49626f8ab480c8a1d3e5671,gx-no-cache=1496760470783 HTTP/1.1" 200 30
200.112.7.114 - - [06/Jun/2017:11:46:58 -0300] "POST /cormun/servlet/solicitudot?gx-no-cache=1496760471857 HTTP/1.1" 200 257
192.168.10.96 - - [06/Jun/2017:11:46:58 -0300] "POST /cormun/servlet/trsolicitudgral?1818fe20af196d192da2dc973e992b1a,,gx-no-cache=1496760418673 HTTP/1.1" 200 5626
192.168.10.96 - - [06/Jun/2017:11:46:59 -0300] "POST /cormun/servlet/trsolicitudgral?1818fe20af196d192da2dc973e992b1a,,gx-no-cache=1496760419693 HTTP/1.1" 200 5625
200.112.7.114 - - [06/Jun/2017:11:47:02 -0300] "GET /cormun/servlet/solicitudot?fb6370015a4675ccfa3d812df36dd8aa971ae090375e38f198596be4c03c23d4eedae1af84cb50ac618e0522ed5755525f911f43e1eb253281553b88420d523317dfb486335612c8a788228fb877a3795e48c762dcae83d5e253192116daed1bbf610933c46c0579c594365c9dd4e0c720e18a4639c8ea36f7fe734c323afd2a553ecf9c5017bb234bb4ac13465a02192340a000c31f895cacb6d3075a915df65052e9a1499ad07d3e83f706eb39b3fee4fdc6fe532821d91daf6ba2deb045d60a54117c8f1fde356cc52bf5a2a2d12f47af901db66a578abe886b71e5cd2f2b30e16bf76753b4b245a34f0a269a6413626941a872f745da1f4ec7bf6c1f336c18c52b3b4e05d6cf55f95941678177773b35847e2f511d37de0b1cc93e462dae79ff4bd32f81b6c00fa18dbe3bafa6ec4fc426fd0baa7a7bcff5dbb180aa6d95f60365582ad937633899e1bf0b0e330a527c6679cafdd26ba8e1fa1f82ecd916dc628dfb0ef33abb3ba7f3bf637d9f57ed2484585ab66572819f3eeeeae72cc8,gx-no-cache=1496760475441 HTTP/1.1" 200 30
192.168.10.96 - - [06/Jun/2017:11:47:02 -0300] "POST /cormun/servlet/trsolicitudgral?1818fe20af196d192da2dc973e992b1a,,gx-no-cache=1496760422769 HTTP/1.1" 200 8466
200.112.7.114 - - [06/Jun/2017:11:47:03 -0300] "POST /cormun/servlet/solicitudot?gx-no-cache=1496760476457 HTTP/1.1" 200 30
186.79.89.75 - - [06/Jun/2017:11:47:03 -0300] "POST /cormun/servlet/trlicencias?bb25fccd4290df6ea1c9e8cd91655237,,gx-no-cache=1496760477120 HTTP/1.1" 200 7636
200.112.7.114 - - [06/Jun/2017:11:47:04 -0300] "POST /cormun/servlet/solicitudot?gx-no-cache=1496760477551 HTTP/1.1" 200 1301
200.112.7.114 - - [06/Jun/2017:11:47:05 -0300] "POST /cormun/servlet/solicitudot?gx-no-cache=1496760478705 HTTP/1.1" 200 38
192.168.10.96 - - [06/Jun/2017:11:47:14 -0300] "POST /cormun/servlet/trsolicitudgral?1818fe20af196d192da2dc973e992b1a,,gx-no-cache=1496760433990 HTTP/1.1" 200 6896
192.168.10.96 - - [06/Jun/2017:11:47:18 -0300] "POST /cormun/servlet/trsolicitudgral?1818fe20af196d192da2dc973e992b1a,,gx-no-cache=1496760437966 HTTP/1.1" 200 5625
192.168.10.96 - - [06/Jun/2017:11:47:21 -0300] "POST /cormun/servlet/trsolicitudgral?1818fe20af196d192da2dc973e992b1a,,gx-no-cache=1496760440958 HTTP/1.1" 200 8466
200.112.4.111 - - [06/Jun/2017:11:47:25 -0300] "GET /cormun/static/menuarrow.gif HTTP/1.1" 404 1015
200.112.7.114 - - [06/Jun/2017:11:47:38 -0300] "GET /cormun/servlet/prfichaempleado?,MD,,gxPopupLevel%3D0%3B HTTP/1.1" 200 8873
186.103.157.98 - - [06/Jun/2017:11:47:40 -0300] "GET /cormun/servlet/hpexe_return? HTTP/1.1" 200 980
186.103.157.98 - - [06/Jun/2017:11:47:40 -0300] "GET /cormun/static/Resources/Spanish/PXTools.css?167811 HTTP/1.1" 200 89042
186.103.157.98 - - [06/Jun/2017:11:47:40 -0300] "GET /cormun/static/hpexe_return.js?2016101716175153 HTTP/1.1" 200 1633
186.103.157.98 - - [06/Jun/2017:11:47:40 -0300] "GET /cormun/static/gxcfg.js?2016101716175148 HTTP/1.1" 304 -
186.103.157.98 - - [06/Jun/2017:11:47:40 -0300] "GET /cormun/servlet/hhome HTTP/1.1" 200 3369
186.103.157.98 - - [06/Jun/2017:11:47:40 -0300] "GET /cormun/static/gxcfg.js?20175251212442 HTTP/1.1" 304 -
186.103.157.98 - - [06/Jun/2017:11:47:40 -0300] "GET /cormun/static/hpexe_recentlink.js?201610171694390 HTTP/1.1" 200 2144
186.103.157.98 - - [06/Jun/2017:11:47:40 -0300] "GET /cormun/static/hpexe_messagecontroller.js?201610171694323 HTTP/1.1" 200 870
186.103.157.98 - - [06/Jun/2017:11:47:40 -0300] "GET /cormun/static/hpexe_messagepopupcomponent.js?20161017169425 HTTP/1.1" 200 605
186.103.157.98 - - [06/Jun/2017:11:47:41 -0300] "GET /cormun/servlet/hlogin HTTP/1.1" 200 1727
186.103.157.98 - - [06/Jun/2017:11:47:41 -0300] "GET /cormun/servlet/hhome HTTP/1.1" 200 3364
186.103.157.98 - - [06/Jun/2017:11:47:41 -0300] "GET /cormun/static/gxcfg.js?20175251213516 HTTP/1.1" 304 -
186.103.157.98 - - [06/Jun/2017:11:47:42 -0300] "POST /cormun/servlet/hlogin?5dfb139d789c097cd181de4d07425fe5,gx-no-cache=1496760517398 HTTP/1.1" 200 90
186.103.157.98 - - [06/Jun/2017:11:47:43 -0300] "GET /cormun/servlet/hpexe_link HTTP/1.1" 200 946
186.103.157.98 - - [06/Jun/2017:11:47:43 -0300] "GET /cormun/static/gxcfg.js?20175251212395 HTTP/1.1" 304 -
186.103.157.98 - - [06/Jun/2017:11:47:44 -0300] "GET /cormun/servlet/hhome HTTP/1.1" 200 4018
186.103.157.98 - - [06/Jun/2017:11:47:44 -0300] "GET /cormun/servlet/hhome HTTP/1.1" 200 4014
192.168.10.96 - - [06/Jun/2017:11:47:47 -0300] "GET /cormun/servlet/hlogin HTTP/1.1" 200 1737
186.103.157.98 - - [06/Jun/2017:11:47:48 -0300] "GET /cormun/servlet/trlicencias? HTTP/1.1" 200 10351
186.103.157.98 - - [06/Jun/2017:11:47:48 -0300] "GET /cormun/static/gxcfg.js?20175222047249 HTTP/1.1" 304 -
186.103.157.98 - - [06/Jun/2017:11:47:48 -0300] "GET /cormun/static/Resources/Spanish/PXTools.css?11294912 HTTP/1.1" 200 89042
186.103.157.98 - - [06/Jun/2017:11:47:49 -0300] "GET /cormun/static/trlicencias.js?201752220473085 HTTP/1.1" 304 -
186.103.157.98 - - [06/Jun/2017:11:47:49 -0300] "GET /cormun/servlet/trlicencias? HTTP/1.1" 200 10349
192.168.10.96 - - [06/Jun/2017:11:48:10 -0300] "POST /cormun/servlet/hlogin?1818fe20af196d192da2dc973e992b1a,gx-no-cache=1496760490126 HTTP/1.1" 200 449
192.168.10.96 - - [06/Jun/2017:11:48:12 -0300] "POST /cormun/servlet/hlogin?1818fe20af196d192da2dc973e992b1a,gx-no-cache=1496760492838 HTTP/1.1" 200 449
192.168.10.96 - - [06/Jun/2017:11:48:19 -0300] "POST /cormun/servlet/hlogin?1818fe20af196d192da2dc973e992b1a,gx-no-cache=1496760499215 HTTP/1.1" 200 449
200.112.4.111 - - [06/Jun/2017:11:48:20 -0300] "POST /cormun/servlet/solicitudot?gx-no-cache=1496760556393 HTTP/1.1" 200 30
200.112.4.111 - - [06/Jun/2017:11:48:21 -0300] "POST /cormun/servlet/solicitudot?bd395d8098897abba953e463216518ed,INS,0,0,,gx-no-cache=1496760556615 HTTP/1.1" 200 93
200.112.4.111 - - [06/Jun/2017:11:48:21 -0300] "GET /cormun/servlet/hpexe_return? HTTP/1.1" 200 1009
200.112.4.111 - - [06/Jun/2017:11:48:21 -0300] "GET /cormun/static/messages.spa.js?85251 HTTP/1.1" 304 -
200.112.4.111 - - [06/Jun/2017:11:48:21 -0300] "GET /cormun/servlet/trsolicitudot HTTP/1.1" 200 11436
200.112.4.111 - - [06/Jun/2017:11:48:22 -0300] "GET /cormun/static/Resources/Spanish/PXTools.css?11423723 HTTP/1.1" 304 -
200.112.4.111 - - [06/Jun/2017:11:48:22 -0300] "GET /cormun/static/hwchdr01.js?201752511465785 HTTP/1.1" 304 -
200.112.4.111 - - [06/Jun/2017:11:48:22 -0300] "GET /cormun/static/hpexe_scripts.js?201752511465715 HTTP/1.1" 304 -
200.112.4.111 - - [06/Jun/2017:11:48:22 -0300] "GET /cormun/static/hpexe_messagegenexuscomponent.js?201752511465344 HTTP/1.1" 304 -
200.112.4.111 - - [06/Jun/2017:11:48:22 -0300] "GET /cormun/static/cmcontrolpreferences.js?201752511465670 HTTP/1.1" 304 -
200.112.4.111 - - [06/Jun/2017:11:48:22 -0300] "GET /cormun/static/hmpwkw03.js?2017525121347 HTTP/1.1" 304 -
200.112.4.111 - - [06/Jun/2017:11:48:23 -0300] "GET /cormun/servlet/trsolicitudot HTTP/1.1" 200 11432
200.112.7.114 - - [06/Jun/2017:11:48:25 -0300] "POST /cormun/servlet/prfichaempleado?81dbd448f8912cdca6989ae462d44613,,MD,,gxPopupLevel%3D0%3B,gx-no-cache=1496760554634 HTTP/1.1" 200 3394
200.112.4.111 - - [06/Jun/2017:11:48:32 -0300] "POST /cormun/servlet/trsolicitudot?bd395d8098897abba953e463216518ed,gx-no-cache=1496760567655 HTTP/1.1" 200 106
200.112.4.111 - - [06/Jun/2017:11:48:32 -0300] "GET /cormun/servlet/trsolicitudadjuntos?2017,6742, HTTP/1.1" 200 6074
200.112.4.111 - - [06/Jun/2017:11:48:32 -0300] "GET /cormun/static/gxcfg.js?20175251232679 HTTP/1.1" 200 953
200.112.4.111 - - [06/Jun/2017:11:48:33 -0300] "GET /cormun/static/trsolicitudadjuntos.js?20175251233082 HTTP/1.1" 200 17922
200.112.4.111 - - [06/Jun/2017:11:48:33 -0300] "GET /cormun/servlet/trsolicitudadjuntos?2017,6742, HTTP/1.1" 200 6074
200.112.4.111 - - [06/Jun/2017:11:48:36 -0300] "GET /cormun/servlet/solicitudotadjuntos?INS,2017,6742,,1, HTTP/1.1" 200 6029
200.112.4.111 - - [06/Jun/2017:11:48:37 -0300] "GET /cormun/static/gxcfg.js?201752511522888 HTTP/1.1" 200 953
200.112.4.111 - - [06/Jun/2017:11:48:37 -0300] "GET /cormun/static/solicitudotadjuntos.js?20175251152299 HTTP/1.1" 200 11771
200.112.4.111 - - [06/Jun/2017:11:48:37 -0300] "GET /cormun/static/about:blank HTTP/1.1" 404 1011
200.112.4.111 - - [06/Jun/2017:11:48:38 -0300] "GET /cormun/servlet/solicitudotadjuntos?INS,2017,6742,,1, HTTP/1.1" 200 6023
200.112.4.111 - - [06/Jun/2017:11:48:38 -0300] "GET /cormun/servlet/solicitudotadjuntos?a34b656acc42e5d69cfbfce638e981e5d8350e98464a1ade6096378afc0effadb768991faf29a6d178e569f82e894ba9,gx-no-cache=1496760574541 HTTP/1.1" 200 30
200.112.4.111 - - [06/Jun/2017:11:48:38 -0300] "POST /cormun/servlet/solicitudotadjuntos?bd395d8098897abba953e463216518ed,INS,2017,6742,,1,,gx-no-cache=1496760574669 HTTP/1.1" 200 3834
192.168.10.96 - - [06/Jun/2017:11:48:43 -0300] "POST /cormun/servlet/hlogin?1818fe20af196d192da2dc973e992b1a,gx-no-cache=1496760523147 HTTP/1.1" 200 90
192.168.10.96 - - [06/Jun/2017:11:48:43 -0300] "GET /cormun/servlet/hpexe_link HTTP/1.1" 200 948
192.168.10.96 - - [06/Jun/2017:11:48:43 -0300] "GET /cormun/servlet/hhome HTTP/1.1" 200 3966
192.168.10.96 - - [06/Jun/2017:11:48:43 -0300] "GET /cormun/servlet/hhome HTTP/1.1" 200 3963
200.112.4.111 - - [06/Jun/2017:11:48:44 -0300] "POST /cormun/servlet/solicitudotadjuntos?gx-no-cache=1496760580390 HTTP/1.1" 200 26
192.168.10.96 - - [06/Jun/2017:11:48:45 -0300] "GET /cormun/servlet/trautorizarsolicitud? HTTP/1.1" 200 6901
192.168.10.96 - - [06/Jun/2017:11:48:45 -0300] "GET /cormun/static/gxcfg.js?20174261241362 HTTP/1.1" 200 953
192.168.10.96 - - [06/Jun/2017:11:48:45 -0300] "GET /cormun/static/trautorizarsolicitud.js?201742612414370 HTTP/1.1" 200 53910
192.168.10.96 - - [06/Jun/2017:11:48:46 -0300] "GET /cormun/servlet/trautorizarsolicitud? HTTP/1.1" 200 6900
192.168.10.96 - - [06/Jun/2017:11:48:49 -0300] "GET /cormun/servlet/trsolicitudot? HTTP/1.1" 200 15406
192.168.10.96 - - [06/Jun/2017:11:48:49 -0300] "GET /cormun/static/gxcfg.js?20175251233261 HTTP/1.1" 200 953
192.168.10.96 - - [06/Jun/2017:11:48:49 -0300] "GET /cormun/static/trsolicitudot.js?20175251234175 HTTP/1.1" 200 54041
192.168.10.96 - - [06/Jun/2017:11:48:50 -0300] "GET /cormun/servlet/trsolicitudot? HTTP/1.1" 200 15405
200.112.7.114 - - [06/Jun/2017:11:48:58 -0300] "POST /cormun/servlet/solicitudot?gx-no-cache=1496760588484 HTTP/1.1" 200 3194
200.112.7.114 - - [06/Jun/2017:11:49:00 -0300] "POST /cormun/servlet/solicitudot?81dbd448f8912cdca6989ae462d44613,INS,0,0,,gx-no-cache=1496760592638 HTTP/1.1" 200 11216
200.112.7.114 - - [06/Jun/2017:11:49:01 -0300] "GET /cormun/servlet/solicitudot?fb6370015a4675ccfa3d812df36dd8aa0463ec63e1ff674fd41ad71a4f69fc8bf9cb29f6b49626f8ab480c8a1d3e5671,gx-no-cache=1496760595029 HTTP/1.1" 200 30
192.168.10.96 - - [06/Jun/2017:11:49:02 -0300] "GET /cormun/servlet/trsolicitudot? HTTP/1.1" 200 15405
200.112.7.114 - - [06/Jun/2017:11:49:02 -0300] "POST /cormun/servlet/solicitudot?gx-no-cache=1496760596140 HTTP/1.1" 200 257
192.168.10.96 - - [06/Jun/2017:11:49:03 -0300] "GET /cormun/servlet/trsolicitudot? HTTP/1.1" 200 15405
200.112.7.114 - - [06/Jun/2017:11:49:03 -0300] "GET /cormun/servlet/solicitudot?fb6370015a4675ccfa3d812df36dd8aa971ae090375e38f198596be4c03c23d4eedae1af84cb50ac618e0522ed5755525f911f43e1eb253281553b88420d523317dfb486335612c8a788228fb877a3795e48c762dcae83d5e253192116daed1bbf610933c46c0579c594365c9dd4e0c720e18a4639c8ea36f7fe734c323afd2a553ecf9c5017bb234bb4ac13465a02192340a000c31f895cacb6d3075a915df65052e9a1499ad07d3e83f706eb39b3fee4fdc6fe532821d91daf6ba2deb045d60a54117c8f1fde356cc52bf5a2a2d12f47af901db66a578abe886b71e5cd2f2b30e16bf76753b4b245a34f0a269a6413626941a872f745da1f4ec7bf6c1f336c18c52b3b4e05d6cf55f95941678177773b35847e2f511d37de0b1cc93e462dae79ff4bd32f81b6c00fa18dbe3bafa6ec4fc426fd0baa7a7bcff5dbb180aa6d95f60365582ad937633899e1bf0b0e330a527c6679cafdd26ba8e1fa1f82ecd916dc628dfb0ef33abb3ba7f3bf637d9f57ed2484585ab66572819f3eeeeae72cc8,gx-no-cache=1496760596971 HTTP/1.1" 200 30
200.112.7.114 - - [06/Jun/2017:11:49:04 -0300] "POST /cormun/servlet/solicitudot?gx-no-cache=1496760597964 HTTP/1.1" 200 30
186.103.158.250 - - [06/Jun/2017:11:49:05 -0300] "GET /cormun/servlet/hhome HTTP/1.1" 200 3968
200.112.7.114 - - [06/Jun/2017:11:49:06 -0300] "POST /cormun/servlet/solicitudot?gx-no-cache=1496760600030 HTTP/1.1" 200 1299
186.103.158.250 - - [06/Jun/2017:11:49:07 -0300] "GET /cormun/servlet/hhome HTTP/1.1" 200 3964
200.112.7.114 - - [06/Jun/2017:11:49:08 -0300] "POST /cormun/servlet/solicitudot?gx-no-cache=1496760601205 HTTP/1.1" 200 38
200.112.7.114 - - [06/Jun/2017:11:49:09 -0300] "POST /cormun/servlet/solicitudot?gx-no-cache=1496760602130 HTTP/1.1" 200 1280
200.112.4.111 - - [06/Jun/2017:11:49:10 -0300] "GET /cormun/servlet/solicitudotadjuntos?a34b656acc42e5d69cfbfce638e981e567adcc207b66ee7ae3aed47af54c9fc7,gx-no-cache=1496760606521 HTTP/1.1" 200 30
186.103.158.250 - - [06/Jun/2017:11:49:10 -0300] "GET /cormun/servlet/trsolicitudot? HTTP/1.1" 200 15410
200.112.4.111 - - [06/Jun/2017:11:49:10 -0300] "GET /cormun/servlet/solicitudotadjuntos?a34b656acc42e5d69cfbfce638e981e567adcc207b66ee7ae3aed47af54c9fc7,gx-no-cache=1496760606639 HTTP/1.1" 200 30
186.103.158.250 - - [06/Jun/2017:11:49:12 -0300] "GET /cormun/servlet/trsolicitudot? HTTP/1.1" 200 15408
200.112.4.111 - - [06/Jun/2017:11:49:16 -0300] "POST /cormun/servlet/solicitudotadjuntos?bd395d8098897abba953e463216518ed,INS,2017,6742,,1, HTTP/1.1" 200 116
200.112.4.111 - - [06/Jun/2017:11:49:16 -0300] "GET /cormun/servlet/hpexe_return? HTTP/1.1" 200 1029
200.112.4.111 - - [06/Jun/2017:11:49:17 -0300] "GET /cormun/servlet/trsolicitudadjuntos?2017,6742, HTTP/1.1" 200 8309
186.103.157.98 - - [06/Jun/2017:11:49:17 -0300] "GET /cormun/servlet/trlicencias? HTTP/1.1" 200 10349
186.103.157.98 - - [06/Jun/2017:11:49:17 -0300] "GET /cormun/servlet/trlicencias? HTTP/1.1" 200 10349
200.112.4.111 - - [06/Jun/2017:11:49:18 -0300] "GET /cormun/servlet/trsolicitudadjuntos?2017,6742, HTTP/1.1" 200 8305
200.112.4.111 - - [06/Jun/2017:11:49:21 -0300] "GET /cormun/servlet/solicitudotadjuntos?INS,2017,6742,,1, HTTP/1.1" 200 6027
200.112.4.111 - - [06/Jun/2017:11:49:21 -0300] "GET /cormun/static/about:blank HTTP/1.1" 404 1011
200.112.4.111 - - [06/Jun/2017:11:49:22 -0300] "GET /cormun/servlet/solicitudotadjuntos?INS,2017,6742,,1, HTTP/1.1" 200 6020
200.112.4.111 - - [06/Jun/2017:11:49:23 -0300] "GET /cormun/servlet/solicitudotadjuntos?a34b656acc42e5d69cfbfce638e981e5d8350e98464a1ade6096378afc0effadb768991faf29a6d178e569f82e894ba9,gx-no-cache=1496760618953 HTTP/1.1" 200 30
200.112.4.111 - - [06/Jun/2017:11:49:23 -0300] "POST /cormun/servlet/solicitudotadjuntos?bd395d8098897abba953e463216518ed,INS,2017,6742,,1,,gx-no-cache=1496760619087 HTTP/1.1" 200 3833
200.112.4.111 - - [06/Jun/2017:11:49:29 -0300] "POST /cormun/servlet/solicitudotadjuntos?gx-no-cache=1496760625408 HTTP/1.1" 200 26
186.103.157.98 - - [06/Jun/2017:11:49:35 -0300] "POST /cormun/servlet/trlicencias?5dfb139d789c097cd181de4d07425fe5,,gx-no-cache=1496760629713 HTTP/1.1" 200 4113
200.112.4.111 - - [06/Jun/2017:11:49:39 -0300] "GET /cormun/servlet/solicitudotadjuntos?a34b656acc42e5d69cfbfce638e981e567adcc207b66ee7ae3aed47af54c9fc7,gx-no-cache=1496760635872 HTTP/1.1" 200 30
200.112.4.111 - - [06/Jun/2017:11:49:40 -0300] "GET /cormun/servlet/solicitudotadjuntos?a34b656acc42e5d69cfbfce638e981e567adcc207b66ee7ae3aed47af54c9fc7,gx-no-cache=1496760635947 HTTP/1.1" 200 30
186.103.157.98 - - [06/Jun/2017:11:49:44 -0300] "GET /cormun/servlet/licenciaspermisos?INS,0,,, HTTP/1.1" 200 7451
186.103.157.98 - - [06/Jun/2017:11:49:44 -0300] "GET /cormun/static/gxcfg.js?201752220471843 HTTP/1.1" 200 953
186.103.157.98 - - [06/Jun/2017:11:49:45 -0300] "GET /cormun/static/licenciaspermisos.js?201752220471934 HTTP/1.1" 304 -
186.103.157.98 - - [06/Jun/2017:11:49:45 -0300] "GET /cormun/servlet/licenciaspermisos?INS,0,,, HTTP/1.1" 200 7449
192.168.10.96 - - [06/Jun/2017:11:49:46 -0300] "GET /cormun/servlet/trsolicitudot? HTTP/1.1" 200 15405
192.168.10.96 - - [06/Jun/2017:11:49:47 -0300] "GET /cormun/servlet/trsolicitudot? HTTP/1.1" 200 15405
200.112.4.111 - - [06/Jun/2017:11:49:48 -0300] "POST /cormun/servlet/solicitudotadjuntos?bd395d8098897abba953e463216518ed,INS,2017,6742,,1, HTTP/1.1" 200 116
200.112.4.111 - - [06/Jun/2017:11:49:48 -0300] "GET /cormun/servlet/hpexe_return? HTTP/1.1" 200 1029
200.112.4.111 - - [06/Jun/2017:11:49:49 -0300] "GET /cormun/servlet/trsolicitudadjuntos?2017,6742, HTTP/1.1" 200 8492
200.112.4.111 - - [06/Jun/2017:11:49:50 -0300] "GET /cormun/servlet/trsolicitudadjuntos?2017,6742, HTTP/1.1" 200 8492
200.112.4.111 - - [06/Jun/2017:11:49:54 -0300] "GET /cormun/servlet/solicitudotadjuntos?INS,2017,6742,,1, HTTP/1.1" 200 6027
200.112.4.111 - - [06/Jun/2017:11:49:54 -0300] "GET /cormun/static/about:blank HTTP/1.1" 404 1011
200.112.4.111 - - [06/Jun/2017:11:49:55 -0300] "GET /cormun/servlet/solicitudotadjuntos?INS,2017,6742,,1, HTTP/1.1" 200 6020
200.112.4.111 - - [06/Jun/2017:11:49:56 -0300] "GET /cormun/servlet/solicitudotadjuntos?a34b656acc42e5d69cfbfce638e981e5d8350e98464a1ade6096378afc0effadb768991faf29a6d178e569f82e894ba9,gx-no-cache=1496760652236 HTTP/1.1" 200 30
200.112.4.111 - - [06/Jun/2017:11:49:56 -0300] "POST /cormun/servlet/solicitudotadjuntos?bd395d8098897abba953e463216518ed,INS,2017,6742,,1,,gx-no-cache=1496760652346 HTTP/1.1" 200 3833
200.112.7.114 - - [06/Jun/2017:11:49:57 -0300] "GET /cormun/servlet/trcontratosolicitud? HTTP/1.1" 200 13692
200.112.7.114 - - [06/Jun/2017:11:49:59 -0300] "GET /cormun/static/gxcfg.js?20171317451682 HTTP/1.1" 200 953
192.168.10.96 - - [06/Jun/2017:11:50:00 -0300] "GET /cormun/servlet/trsolicitudot? HTTP/1.1" 200 15405
200.112.7.114 - - [06/Jun/2017:11:50:00 -0300] "GET /cormun/static/Resources/Spanish/PXTools.css?18365030 HTTP/1.1" 200 89042
200.112.7.114 - - [06/Jun/2017:11:50:00 -0300] "GET /cormun/static/trcontratosolicitud.js?20171317452124 HTTP/1.1" 200 28237
192.168.10.96 - - [06/Jun/2017:11:50:00 -0300] "GET /cormun/servlet/trsolicitudot? HTTP/1.1" 200 15405
192.168.10.96 - - [06/Jun/2017:11:50:02 -0300] "GET /cormun/servlet/trautorizarsolicitud? HTTP/1.1" 200 6900
192.168.10.96 - - [06/Jun/2017:11:50:02 -0300] "GET /cormun/servlet/trautorizarsolicitud? HTTP/1.1" 200 6900
200.112.4.111 - - [06/Jun/2017:11:50:03 -0300] "POST /cormun/servlet/solicitudotadjuntos?gx-no-cache=1496760659155 HTTP/1.1" 200 26
186.103.157.98 - - [06/Jun/2017:11:50:05 -0300] "GET /cormun/servlet/prfichaempleado?,MD,,gxPopupLevel%3D0%3B HTTP/1.1" 200 8866
186.103.157.98 - - [06/Jun/2017:11:50:05 -0300] "GET /cormun/static/gxcfg.js?2017319125415 HTTP/1.1" 200 953
186.103.157.98 - - [06/Jun/2017:11:50:06 -0300] "GET /cormun/static/hmpwkw011.js?20175251212473 HTTP/1.1" 200 1968
200.112.7.114 - - [06/Jun/2017:11:50:09 -0300] "GET /cormun//static/Resources/PXToolsGridNew.png HTTP/1.1" 304 -
200.112.4.111 - - [06/Jun/2017:11:50:10 -0300] "GET /cormun/servlet/solicitudotadjuntos?a34b656acc42e5d69cfbfce638e981e567adcc207b66ee7ae3aed47af54c9fc7,gx-no-cache=1496760666432 HTTP/1.1" 200 30
200.112.4.111 - - [06/Jun/2017:11:50:10 -0300] "GET /cormun/servlet/solicitudotadjuntos?a34b656acc42e5d69cfbfce638e981e567adcc207b66ee7ae3aed47af54c9fc7,gx-no-cache=1496760666526 HTTP/1.1" 200 30
186.103.157.98 - - [06/Jun/2017:11:50:12 -0300] "GET /cormun/servlet/prfichaempleado?,MD,,gxPopupLevel%3D0%3B HTTP/1.1" 200 8866
186.103.158.250 - - [06/Jun/2017:11:50:16 -0300] "GET /cormun/servlet/trautorizarsolicitud? HTTP/1.1" 200 6907
200.112.4.111 - - [06/Jun/2017:11:50:16 -0300] "POST /cormun/servlet/solicitudotadjuntos?bd395d8098897abba953e463216518ed,INS,2017,6742,,1, HTTP/1.1" 200 116
192.168.10.96 - - [06/Jun/2017:11:50:16 -0300] "GET /cormun/servlet/trautorizarsolicitud? HTTP/1.1" 200 6900
186.103.158.250 - - [06/Jun/2017:11:50:16 -0300] "GET /cormun/static/gxcfg.js?20174261241362 HTTP/1.1" 200 953
200.112.4.111 - - [06/Jun/2017:11:50:16 -0300] "GET /cormun/servlet/hpexe_return? HTTP/1.1" 200 1029
186.103.158.250 - - [06/Jun/2017:11:50:16 -0300] "GET /cormun/static/trautorizarsolicitud.js?201742612414370 HTTP/1.1" 200 53910
192.168.10.96 - - [06/Jun/2017:11:50:16 -0300] "GET /cormun/servlet/trautorizarsolicitud? HTTP/1.1" 200 6900
200.112.4.111 - - [06/Jun/2017:11:50:16 -0300] "GET /cormun/servlet/trsolicitudadjuntos?2017,6742, HTTP/1.1" 200 8673
186.103.158.250 - - [06/Jun/2017:11:50:17 -0300] "GET /cormun/servlet/trautorizarsolicitud? HTTP/1.1" 200 6907
200.112.4.111 - - [06/Jun/2017:11:50:18 -0300] "GET /cormun/servlet/trsolicitudadjuntos?2017,6742, HTTP/1.1" 200 8673
186.103.157.98 - - [06/Jun/2017:11:50:19 -0300] "GET /cormun/servlet/licenciaspermisos?14972f4f69067ecd696b3c2dbec2085fe54765202430b3c0ff58b828cbd5158fbad17b8469fe0a5d829f1c7615eebb98,gx-no-cache=1496760673912 HTTP/1.1" 200 81
186.103.157.98 - - [06/Jun/2017:11:50:19 -0300] "POST /cormun/servlet/licenciaspermisos?5dfb139d789c097cd181de4d07425fe5,INS,0,,,,gx-no-cache=1496760674014 HTTP/1.1" 200 4676
200.112.4.111 - - [06/Jun/2017:11:50:21 -0300] "GET /cormun/servlet/solicitudotadjuntos?INS,2017,6742,,1, HTTP/1.1" 200 6029
200.112.4.111 - - [06/Jun/2017:11:50:22 -0300] "GET /cormun/static/about:blank HTTP/1.1" 404 1011
200.112.4.111 - - [06/Jun/2017:11:50:22 -0300] "GET /cormun/servlet/solicitudotadjuntos?INS,2017,6742,,1, HTTP/1.1" 200 6022
200.112.4.111 - - [06/Jun/2017:11:50:22 -0300] "GET /cormun/servlet/solicitudotadjuntos?a34b656acc42e5d69cfbfce638e981e5d8350e98464a1ade6096378afc0effadb768991faf29a6d178e569f82e894ba9,gx-no-cache=1496760678701 HTTP/1.1" 200 30
200.112.4.111 - - [06/Jun/2017:11:50:23 -0300] "POST /cormun/servlet/solicitudotadjuntos?bd395d8098897abba953e463216518ed,INS,2017,6742,,1,,gx-no-cache=1496760678817 HTTP/1.1" 200 3834
200.112.7.114 - - [06/Jun/2017:11:50:23 -0300] "POST /cormun/servlet/trcontratosolicitud?81dbd448f8912cdca6989ae462d44613,,gx-no-cache=1496760673800 HTTP/1.1" 200 4796
200.112.4.111 - - [06/Jun/2017:11:50:28 -0300] "POST /cormun/servlet/solicitudotadjuntos?gx-no-cache=1496760684403 HTTP/1.1" 200 26
200.112.4.111 - - [06/Jun/2017:11:50:37 -0300] "GET /cormun/servlet/solicitudotadjuntos?a34b656acc42e5d69cfbfce638e981e567adcc207b66ee7ae3aed47af54c9fc7,gx-no-cache=1496760693099 HTTP/1.1" 200 30
200.112.4.111 - - [06/Jun/2017:11:50:37 -0300] "GET /cormun/servlet/solicitudotadjuntos?a34b656acc42e5d69cfbfce638e981e567adcc207b66ee7ae3aed47af54c9fc7,gx-no-cache=1496760693178 HTTP/1.1" 200 30
200.112.7.114 - - [06/Jun/2017:11:50:40 -0300] "GET /cormun/servlet/solicitudotcontratos?INS,2017,0,17129317,0,2,2017,2624,INTEGRACION,201704,44,B, HTTP/1.1" 200 9659
200.112.7.114 - - [06/Jun/2017:11:50:41 -0300] "GET /cormun/static/gxcfg.js?2017525120133 HTTP/1.1" 200 953
200.112.4.111 - - [06/Jun/2017:11:50:42 -0300] "POST /cormun/servlet/solicitudotadjuntos?bd395d8098897abba953e463216518ed,INS,2017,6742,,1, HTTP/1.1" 200 116
200.112.4.111 - - [06/Jun/2017:11:50:42 -0300] "GET /cormun/servlet/hpexe_return? HTTP/1.1" 200 1029
200.112.7.114 - - [06/Jun/2017:11:50:43 -0300] "GET /cormun/static/solicitudotcontratos.js?2017525120264 HTTP/1.1" 200 42908
200.112.4.111 - - [06/Jun/2017:11:50:43 -0300] "GET /cormun/servlet/trsolicitudadjuntos?2017,6742, HTTP/1.1" 200 8817
200.112.7.114 - - [06/Jun/2017:11:50:44 -0300] "GET /cormun/servlet/solicitudotcontratos?fb6370015a4675ccfa3d812df36dd8aa0463ec63e1ff674fd41ad71a4f69fc8bf9cb29f6b49626f8ab480c8a1d3e5671,gx-no-cache=1496760697885 HTTP/1.1" 200 30
200.112.4.111 - - [06/Jun/2017:11:50:45 -0300] "GET /cormun/servlet/trsolicitudadjuntos?2017,6742, HTTP/1.1" 200 8815
200.112.7.114 - - [06/Jun/2017:11:50:45 -0300] "GET /cormun/servlet/solicitudotcontratos?fb6370015a4675ccfa3d812df36dd8aa9ec185ef200107d5604af1a63d604ba3677fd0cb550c9f244dcc9a8f6bd163ba05bafac9af16ac77654ae07cd1d9ff6d778c2b8cf0ab6b2dca057bc06d3d2ed1af5dd5cde6a72bddd0b6b09ddcee99f3ed212d3b66feb5bfd9c81b319ca56027dfc54ce14522a16bb24afdc167d37810,gx-no-cache=1496760698766 HTTP/1.1" 200 48
200.112.7.114 - - [06/Jun/2017:11:50:46 -0300] "GET /cormun/servlet/solicitudotcontratos?fb6370015a4675ccfa3d812df36dd8aa5934f60cdfe17dfbda48b7167856661ef81e4dffd5f5eab7c1d2f137ac53c602,gx-no-cache=1496760699786 HTTP/1.1" 200 30
200.112.7.114 - - [06/Jun/2017:11:50:47 -0300] "GET /cormun/servlet/solicitudotcontratos?fb6370015a4675ccfa3d812df36dd8aa70a589a27a6dfa3062503d843a7d819c0537041ba14ba3083de0e383dc111d99bd349adeeea3f2188bec1f2c4d8633847400d9df041cfdb203fc4903154cf35a23984e2772b36776e85ff0091a83024f6f6a7b057b5453c0ebcf24f4bf25ef25,gx-no-cache=1496760700457 HTTP/1.1" 200 30
200.112.4.111 - - [06/Jun/2017:11:50:48 -0300] "GET /cormun/servlet/solicitudotadjuntos?INS,2017,6742,,1, HTTP/1.1" 200 6029
200.112.7.114 - - [06/Jun/2017:11:50:48 -0300] "GET /cormun/servlet/solicitudotcontratos?fb6370015a4675ccfa3d812df36dd8aa0f522e9bf2151892682c1f64261ffca2d8665bd7aada96ab04f5d07994352960ef8ea0554c2e7e601f29544d24fef2733e3a053c0408253ad0a29ad7410b9be4d321cd3f0771fca80d9d4d5018bf4a0912fdb0b018b73a31d464c72be45a54753a5bc2dd4c1cde14e7a992888f2228a6bdbd1e6b3ea50ea2d6d8cb3ecc4923d01484dac3c25d3458f9607714795de1a52b7719db2e4871d7c202c236de690a76b8e7e98c66fc35cb4e2cc4664ca04776f0c1b6fc70815c1831ba988a37063e49704599c97396b0df6d12e7914e20b382e8bdd4ae35c62cbc66230b0a4160288bb9a7251b162a0a56dec4ae967b0259671bcac8eede326181f10f169f96256209b860ec51a143a4ef11aa03f8f38dd25343e188eae14475fe191a69b32eb11d695b3ed6e0e27ccedb4319bfa1c251aa60c4ede5f8239f720ae86e0414d1e4eb9d7070803a547978e6680704530e2caa3040b57dc32a8c5a813ce2253b2f070d48bec289bd42279ce6d7b1d40601d9f0ed16d401f2b2533fb24da8552237d950a058428561c5c4fd3285a701f280d871b1a132051bc39029587ba66307911db708014947bb84129ba8defdbf71740fbace91d48a7882e2d1f38bc114def2e79728a5103f71e21deaff33ac7a17663ee3a1c625a4a39db55f1030b4bcc63ac554bb6380bcaa55795f6eaf89a2702eeb004c024f190b7ae898007c8ee841f4bc99c5cbdf956a67be1d7017111a74bac38ced45e3873076b144bd52e96134bd9f360234460ecfff6c37f0f3749c6809cb510e,gx-no-cache=1496760701237 HTTP/1.1" 200 83
200.112.4.111 - - [06/Jun/2017:11:50:48 -0300] "GET /cormun/static/about:blank HTTP/1.1" 404 1011
200.112.4.111 - - [06/Jun/2017:11:50:49 -0300] "GET /cormun/servlet/solicitudotadjuntos?INS,2017,6742,,1, HTTP/1.1" 200 6022
200.112.4.111 - - [06/Jun/2017:11:50:49 -0300] "GET /cormun/servlet/solicitudotadjuntos?a34b656acc42e5d69cfbfce638e981e5d8350e98464a1ade6096378afc0effadb768991faf29a6d178e569f82e894ba9,gx-no-cache=1496760705598 HTTP/1.1" 200 30
200.112.4.111 - - [06/Jun/2017:11:50:50 -0300] "POST /cormun/servlet/solicitudotadjuntos?bd395d8098897abba953e463216518ed,INS,2017,6742,,1,,gx-no-cache=1496760705688 HTTP/1.1" 200 3834
186.103.158.250 - - [06/Jun/2017:11:50:51 -0300] "POST /cormun/servlet/trautorizarsolicitud?adc0d2a78cb14c8340be269f4a293750,,gx-no-cache=1496760705320 HTTP/1.1" 200 7019
192.168.10.96 - - [06/Jun/2017:11:50:51 -0300] "POST /cormun/servlet/trautorizarsolicitud?1818fe20af196d192da2dc973e992b1a,,gx-no-cache=1496760651727 HTTP/1.1" 200 7011
200.112.4.111 - - [06/Jun/2017:11:50:56 -0300] "POST /cormun/servlet/solicitudotadjuntos?gx-no-cache=1496760712707 HTTP/1.1" 200 26
200.112.4.111 - - [06/Jun/2017:11:51:05 -0300] "GET /cormun/servlet/solicitudotadjuntos?a34b656acc42e5d69cfbfce638e981e567adcc207b66ee7ae3aed47af54c9fc7,gx-no-cache=1496760721590 HTTP/1.1" 200 30
