200.112.4.111 - - [06/Jun/2017:11:51:06 -0300] "GET /cormun/servlet/solicitudotadjuntos?a34b656acc42e5d69cfbfce638e981e567adcc207b66ee7ae3aed47af54c9fc7,gx-no-cache=1496760721906 HTTP/1.1" 200 30
192.168.10.96 - - [06/Jun/2017:11:51:12 -0300] "POST /cormun/servlet/trautorizarsolicitud?1818fe20af196d192da2dc973e992b1a,,gx-no-cache=1496760672665 HTTP/1.1" 200 7026
192.168.10.96 - - [06/Jun/2017:11:51:12 -0300] "GET /cormun/static/Shared/jqueryui/images/ui-bg_highlight-soft_100_c6c2c8_1x100.png HTTP/1.1" 404 1117
192.168.10.96 - - [06/Jun/2017:11:51:12 -0300] "GET /cormun/static/Shared/jqueryui/images/ui-icons_82798d_256x240.png HTTP/1.1" 404 1089
192.168.10.96 - - [06/Jun/2017:11:51:12 -0300] "GET /cormun/static/Shared/jqueryui/images/ui-bg_flat_55_fafafa_40x100.png HTTP/1.1" 404 1097
192.168.10.96 - - [06/Jun/2017:11:51:12 -0300] "GET /cormun/static/Shared/jqueryui/images/ui-icons_8d78a5_256x240.png HTTP/1.1" 404 1089
200.112.4.111 - - [06/Jun/2017:11:51:13 -0300] "POST /cormun/servlet/solicitudotadjuntos?bd395d8098897abba953e463216518ed,INS,2017,6742,,1, HTTP/1.1" 200 116
200.112.4.111 - - [06/Jun/2017:11:51:14 -0300] "GET /cormun/servlet/hpexe_return? HTTP/1.1" 200 1029
200.112.4.111 - - [06/Jun/2017:11:51:14 -0300] "GET /cormun/servlet/trsolicitudadjuntos?2017,6742, HTTP/1.1" 200 9046
200.112.4.111 - - [06/Jun/2017:11:51:16 -0300] "GET /cormun/servlet/trsolicitudadjuntos?2017,6742, HTTP/1.1" 200 9046
200.112.4.111 - - [06/Jun/2017:11:51:19 -0300] "GET /cormun/servlet/solicitudotadjuntos?INS,2017,6742,,1, HTTP/1.1" 200 6028
200.112.4.111 - - [06/Jun/2017:11:51:20 -0300] "GET /cormun/static/about:blank HTTP/1.1" 404 1011
200.112.4.111 - - [06/Jun/2017:11:51:20 -0300] "GET /cormun/servlet/solicitudotadjuntos?INS,2017,6742,,1, HTTP/1.1" 200 6021
200.112.4.111 - - [06/Jun/2017:11:51:21 -0300] "GET /cormun/servlet/solicitudotadjuntos?a34b656acc42e5d69cfbfce638e981e5d8350e98464a1ade6096378afc0effadb768991faf29a6d178e569f82e894ba9,gx-no-cache=1496760737251 HTTP/1.1" 200 30
200.112.4.111 - - [06/Jun/2017:11:51:21 -0300] "POST /cormun/servlet/solicitudotadjuntos?bd395d8098897abba953e463216518ed,INS,2017,6742,,1,,gx-no-cache=1496760737380 HTTP/1.1" 200 3835
200.112.4.111 - - [06/Jun/2017:11:51:26 -0300] "POST /cormun/servlet/solicitudotadjuntos?gx-no-cache=1496760742812 HTTP/1.1" 200 26
200.112.4.111 - - [06/Jun/2017:11:51:34 -0300] "GET /cormun/servlet/solicitudotadjuntos?a34b656acc42e5d69cfbfce638e981e567adcc207b66ee7ae3aed47af54c9fc7,gx-no-cache=1496760750909 HTTP/1.1" 200 30
200.112.4.111 - - [06/Jun/2017:11:51:35 -0300] "GET /cormun/servlet/solicitudotadjuntos?a34b656acc42e5d69cfbfce638e981e567adcc207b66ee7ae3aed47af54c9fc7,gx-no-cache=1496760750999 HTTP/1.1" 200 30
192.168.10.96 - - [06/Jun/2017:11:51:42 -0300] "GET /cormun/servlet/trsolicitudot? HTTP/1.1" 200 15406
192.168.10.96 - - [06/Jun/2017:11:51:42 -0300] "GET /cormun/servlet/trsolicitudot? HTTP/1.1" 200 15405
192.168.10.96 - - [06/Jun/2017:11:51:46 -0300] "POST /cormun/servlet/trsolicitudot?1818fe20af196d192da2dc973e992b1a,,gx-no-cache=1496760706157 HTTP/1.1" 200 5636
200.112.4.111 - - [06/Jun/2017:11:51:46 -0300] "POST /cormun/servlet/solicitudotadjuntos?bd395d8098897abba953e463216518ed,INS,2017,6742,,1, HTTP/1.1" 200 116
200.112.4.111 - - [06/Jun/2017:11:51:46 -0300] "GET /cormun/servlet/hpexe_return? HTTP/1.1" 200 1029
200.112.4.111 - - [06/Jun/2017:11:51:48 -0300] "GET /cormun/servlet/trsolicitudadjuntos?2017,6742, HTTP/1.1" 200 9283
200.112.4.111 - - [06/Jun/2017:11:51:49 -0300] "GET /cormun/servlet/trsolicitudadjuntos?2017,6742, HTTP/1.1" 200 9281
200.112.4.111 - - [06/Jun/2017:11:51:56 -0300] "POST /cormun/servlet/trsolicitudadjuntos?bd395d8098897abba953e463216518ed,2017,6742,,gx-no-cache=1496760771614 HTTP/1.1" 200 90
200.112.4.111 - - [06/Jun/2017:11:51:56 -0300] "GET /cormun/servlet/hpexe_link HTTP/1.1" 200 970
200.112.4.111 - - [06/Jun/2017:11:51:56 -0300] "GET /cormun/static/hpexe_link.js?20175251212399 HTTP/1.1" 304 -
200.112.4.111 - - [06/Jun/2017:11:51:56 -0300] "GET /cormun/servlet/trsolicitudot HTTP/1.1" 200 11433
200.112.4.111 - - [06/Jun/2017:11:51:58 -0300] "GET /cormun/servlet/trsolicitudot HTTP/1.1" 200 11432
186.103.158.250 - - [06/Jun/2017:11:52:02 -0300] "GET /cormun/servlet/trsolicitudot? HTTP/1.1" 200 15409
186.103.158.250 - - [06/Jun/2017:11:52:04 -0300] "GET /cormun/servlet/trsolicitudot? HTTP/1.1" 200 15408
200.112.4.111 - - [06/Jun/2017:11:52:16 -0300] "POST /cormun/servlet/trsolicitudot?bd395d8098897abba953e463216518ed,gx-no-cache=1496760791322 HTTP/1.1" 200 8621
200.112.4.111 - - [06/Jun/2017:11:52:16 -0300] "GET /cormun/static/Shared/jqueryui/images/ui-bg_highlight-soft_100_c6c2c8_1x100.png HTTP/1.1" 404 1117
200.112.4.111 - - [06/Jun/2017:11:52:16 -0300] "GET /cormun/static/Shared/jqueryui/images/ui-icons_82798d_256x240.png HTTP/1.1" 404 1089
200.112.4.111 - - [06/Jun/2017:11:52:16 -0300] "GET /cormun/static/Shared/jqueryui/images/ui-bg_flat_55_fafafa_40x100.png HTTP/1.1" 404 1097
200.112.4.111 - - [06/Jun/2017:11:52:16 -0300] "GET /cormun/static/Shared/jqueryui/images/ui-icons_8d78a5_256x240.png HTTP/1.1" 404 1089
200.112.4.111 - - [06/Jun/2017:11:52:17 -0300] "POST /cormun/servlet/trsolicitudot?bd395d8098897abba953e463216518ed,gx-no-cache=1496760792515 HTTP/1.1" 200 8564
200.112.7.114 - - [06/Jun/2017:11:52:23 -0300] "GET /cormun/servlet/trsolicitudot? HTTP/1.1" 200 10453
200.112.4.111 - - [06/Jun/2017:11:52:27 -0300] "GET /cormun/servlet/trautorizarsolicitud? HTTP/1.1" 200 8178
200.112.4.111 - - [06/Jun/2017:11:52:27 -0300] "GET /cormun/static/gxcfg.js?20174261241362 HTTP/1.1" 304 -
200.112.4.111 - - [06/Jun/2017:11:52:29 -0300] "GET /cormun/servlet/trautorizarsolicitud? HTTP/1.1" 200 8178
192.168.10.96 - - [06/Jun/2017:11:52:31 -0300] "POST /cormun/servlet/trsolicitudot?1818fe20af196d192da2dc973e992b1a,,gx-no-cache=1496760751674 HTTP/1.1" 200 12670
200.112.4.111 - - [06/Jun/2017:11:52:46 -0300] "POST /cormun/servlet/trautorizarsolicitud?bd395d8098897abba953e463216518ed,,gx-no-cache=1496760822126 HTTP/1.1" 200 4359
200.112.4.111 - - [06/Jun/2017:11:52:46 -0300] "GET /cormun/static/Shared/jqueryui/images/ui-bg_highlight-soft_100_c6c2c8_1x100.png HTTP/1.1" 404 1117
200.112.4.111 - - [06/Jun/2017:11:52:46 -0300] "GET /cormun/static/Shared/jqueryui/images/ui-icons_82798d_256x240.png HTTP/1.1" 404 1089
200.112.4.111 - - [06/Jun/2017:11:52:46 -0300] "GET /cormun/static/Shared/jqueryui/images/ui-bg_flat_55_fafafa_40x100.png HTTP/1.1" 404 1097
200.112.4.111 - - [06/Jun/2017:11:52:46 -0300] "GET /cormun/static/Shared/jqueryui/images/ui-icons_8d78a5_256x240.png HTTP/1.1" 404 1089
200.112.4.111 - - [06/Jun/2017:11:52:47 -0300] "POST /cormun/servlet/trautorizarsolicitud?bd395d8098897abba953e463216518ed,,gx-no-cache=1496760822761 HTTP/1.1" 200 4120
192.168.10.96 - - [06/Jun/2017:11:52:52 -0300] "POST /cormun/servlet/trsolicitudot?1818fe20af196d192da2dc973e992b1a,,gx-no-cache=1496760772228 HTTP/1.1" 200 5635
200.112.4.111 - - [06/Jun/2017:11:52:53 -0300] "GET /cormun/static/menuarrow.gif HTTP/1.1" 404 1015
186.103.158.250 - - [06/Jun/2017:11:52:53 -0300] "POST /cormun/servlet/trsolicitudot?adc0d2a78cb14c8340be269f4a293750,,gx-no-cache=1496760827747 HTTP/1.1" 200 5640
200.112.4.111 - - [06/Jun/2017:11:52:59 -0300] "POST /cormun/servlet/trautorizarsolicitud?bd395d8098897abba953e463216518ed,,gx-no-cache=1496760835625 HTTP/1.1" 200 4140
200.112.4.111 - - [06/Jun/2017:11:53:06 -0300] "POST /cormun/servlet/trautorizarsolicitud?bd395d8098897abba953e463216518ed,,gx-no-cache=1496760842001 HTTP/1.1" 200 6617
200.112.4.111 - - [06/Jun/2017:11:53:11 -0300] "GET /cormun/servlet/veautorizarsolicitud?2017,6742,, HTTP/1.1" 200 8214
200.112.4.111 - - [06/Jun/2017:11:53:11 -0300] "GET /cormun/static/gxcfg.js?201742612414795 HTTP/1.1" 304 -
200.112.4.111 - - [06/Jun/2017:11:53:12 -0300] "GET /cormun/pexe_scrolldiv.js HTTP/1.1" 404 1009
200.112.4.111 - - [06/Jun/2017:11:53:12 -0300] "GET /cormun/pexe_scrolldiv.js HTTP/1.1" 404 1009
200.112.4.111 - - [06/Jun/2017:11:53:13 -0300] "GET /cormun/servlet/veautorizarsolicitud?2017,6742,, HTTP/1.1" 200 8213
186.103.158.250 - - [06/Jun/2017:11:53:47 -0300] "GET /cormun/servlet/treventos?2017,6359, HTTP/1.1" 200 7868
186.103.158.250 - - [06/Jun/2017:11:53:47 -0300] "GET /cormun/static/gxui/gxui-all.css?120300 HTTP/1.1" 200 2179
186.103.158.250 - - [06/Jun/2017:11:53:47 -0300] "GET /cormun/static/calendar-system.css?85620 HTTP/1.1" 200 5572
186.103.158.250 - - [06/Jun/2017:11:53:48 -0300] "GET /cormun/static/gxcfg.js?2016101716195975 HTTP/1.1" 200 953
186.103.158.250 - - [06/Jun/2017:11:53:48 -0300] "GET /cormun/static/Resources/Spanish/PXTools.css?167811 HTTP/1.1" 200 89042
186.103.158.250 - - [06/Jun/2017:11:53:48 -0300] "GET /cormun/static/Shared/ext/resources/css/ext-all.css?215870 HTTP/1.1" 200 416045
186.103.158.250 - - [06/Jun/2017:11:53:48 -0300] "GET /cormun/static/treventos.js?201610171620222 HTTP/1.1" 200 16064
186.103.158.250 - - [06/Jun/2017:11:53:49 -0300] "GET /cormun/servlet/treventos?2017,6359, HTTP/1.1" 200 7873
192.168.10.96 - - [06/Jun/2017:11:53:53 -0300] "GET /cormun/servlet/trautorizarsolicitud? HTTP/1.1" 200 9790
192.168.10.96 - - [06/Jun/2017:11:53:54 -0300] "GET /cormun/servlet/trautorizarsolicitud? HTTP/1.1" 200 9790
200.112.7.114 - - [06/Jun/2017:11:53:54 -0300] "GET /cormun/servlet/trsolicitudot? HTTP/1.1" 200 10408
192.168.10.96 - - [06/Jun/2017:11:54:00 -0300] "GET /cormun/servlet/trsolicitudot? HTTP/1.1" 200 8516
192.168.10.96 - - [06/Jun/2017:11:54:00 -0300] "GET /cormun/servlet/trsolicitudot? HTTP/1.1" 200 8515
186.103.157.98 - - [06/Jun/2017:11:54:04 -0300] "GET /cormun/static/menuarrow.gif HTTP/1.1" 404 1015
192.168.10.96 - - [06/Jun/2017:11:54:11 -0300] "GET /cormun/servlet/trsolicitudot? HTTP/1.1" 200 8515
192.168.10.96 - - [06/Jun/2017:11:54:12 -0300] "GET /cormun/servlet/trsolicitudot? HTTP/1.1" 200 8515
200.112.7.114 - - [06/Jun/2017:11:54:12 -0300] "POST /cormun/servlet/trsolicitudot?81dbd448f8912cdca6989ae462d44613,,gx-no-cache=1496760905026 HTTP/1.1" 200 4468
186.103.158.250 - - [06/Jun/2017:11:54:16 -0300] "GET /cormun/servlet/trsolicitudot? HTTP/1.1" 200 8524
186.103.158.250 - - [06/Jun/2017:11:54:18 -0300] "GET /cormun/servlet/trsolicitudot? HTTP/1.1" 200 8524
200.112.7.114 - - [06/Jun/2017:11:54:18 -0300] "GET /cormun/servlet/solicitudot?INS,0,0, HTTP/1.1" 200 12888
186.103.158.250 - - [06/Jun/2017:11:54:25 -0300] "POST /cormun/servlet/trsolicitudot?adc0d2a78cb14c8340be269f4a293750,,gx-no-cache=1496760919651 HTTP/1.1" 200 106
186.103.158.250 - - [06/Jun/2017:11:54:25 -0300] "GET /cormun/servlet/solicitudot?UPD,2017,6359, HTTP/1.1" 200 14549
186.103.158.250 - - [06/Jun/2017:11:54:25 -0300] "GET /cormun/static/gxcfg.js?201752522134570 HTTP/1.1" 200 953
186.103.158.250 - - [06/Jun/2017:11:54:26 -0300] "GET /cormun/static/Resources/prompt.gif HTTP/1.1" 200 902
186.103.158.250 - - [06/Jun/2017:11:54:26 -0300] "GET /cormun/static/solicitudot.js?201752522134767 HTTP/1.1" 200 64045
192.168.10.96 - - [06/Jun/2017:11:54:26 -0300] "POST /cormun/servlet/trsolicitudot?1818fe20af196d192da2dc973e992b1a,,gx-no-cache=1496760866465 HTTP/1.1" 200 106
192.168.10.96 - - [06/Jun/2017:11:54:26 -0300] "GET /cormun/servlet/solicitudot?UPD,2017,6359, HTTP/1.1" 200 14548
192.168.10.96 - - [06/Jun/2017:11:54:26 -0300] "GET /cormun/static/gxcfg.js?201752522134570 HTTP/1.1" 200 953
192.168.10.96 - - [06/Jun/2017:11:54:26 -0300] "GET /cormun/static/solicitudot.js?201752522134767 HTTP/1.1" 200 64045
192.168.10.96 - - [06/Jun/2017:11:54:27 -0300] "GET /cormun/servlet/solicitudot?UPD,2017,6359, HTTP/1.1" 200 14557
186.103.158.250 - - [06/Jun/2017:11:54:27 -0300] "GET /cormun/servlet/solicitudot?UPD,2017,6359, HTTP/1.1" 200 14558
192.168.10.96 - - [06/Jun/2017:11:54:27 -0300] "POST /cormun/servlet/solicitudot?gx-no-cache=1496760867555 HTTP/1.1" 200 3194
192.168.10.96 - - [06/Jun/2017:11:54:27 -0300] "POST /cormun/servlet/solicitudot?1818fe20af196d192da2dc973e992b1a,UPD,2017,6359,,gx-no-cache=1496760867712 HTTP/1.1" 200 11164
186.103.158.250 - - [06/Jun/2017:11:54:27 -0300] "POST /cormun/servlet/solicitudot?gx-no-cache=1496760921875 HTTP/1.1" 200 3194
192.168.10.96 - - [06/Jun/2017:11:54:27 -0300] "GET /cormun/servlet/solicitudot?044e3159a582af2d5ce378aee16e77a3b7835c257305874a0d9198324ad74cbdc905625a8486fb1ced11b94996787c66,gx-no-cache=1496760867909 HTTP/1.1" 200 30
192.168.10.96 - - [06/Jun/2017:11:54:27 -0300] "POST /cormun/servlet/solicitudot?gx-no-cache=1496760867939 HTTP/1.1" 200 257
192.168.10.96 - - [06/Jun/2017:11:54:27 -0300] "GET /cormun/servlet/solicitudot?044e3159a582af2d5ce378aee16e77a314a89435c9c2bda705cd0291aa7c056696dcd12235c20e2fcf3795aadcbdaa567da1632c95d3dc4e3ba27918fa7eb2dc407f3f4dce1813307598af8b009a98183e1def1739049f8fe219b0e0c93abb17f40b4278d163668914a2e1a800f5a5f15f07b425235b6f65e0c0317ffae166e90f8acddbae0af5a2bac7bfadf7727b4dd1d28d510015deb0aeefa16fe57c76f8122c2fcb83af7f7aaf374f1dd182bcebb2c45fa80bc51ab7ed82a8b73498d4cf3a5d06d562464d68e9f58c5496a8a4fb8461ffa56e3c2734ef0db5a80c0464329f3a982c2c0d78d6959f700cb8edd9be717e18b683e65b8875500043a24a4b90f13e3c676c5e95ac462b18a0c890527aaf9aa09087227052ed66834865ceb88a0ccf7aadba11540de5ff96ec9873245be941820399aad7bdd145a08e37b53e02bbf7b5c754cd89fc6624d1ee9b9da80f5e56c142a9445a03e4d0c7e05acf72a8d5fc8c6e3e2ea26f9dc0e12aaea40e02b878f197b190538cbe0ed19abe4fc7b1,gx-no-cache=1496760867964 HTTP/1.1" 200 30
192.168.10.96 - - [06/Jun/2017:11:54:27 -0300] "POST /cormun/servlet/solicitudot?gx-no-cache=1496760867983 HTTP/1.1" 200 30
192.168.10.96 - - [06/Jun/2017:11:54:28 -0300] "POST /cormun/servlet/solicitudot?gx-no-cache=1496760868007 HTTP/1.1" 200 1301
192.168.10.96 - - [06/Jun/2017:11:54:28 -0300] "POST /cormun/servlet/solicitudot?gx-no-cache=1496760868043 HTTP/1.1" 200 41
186.103.158.250 - - [06/Jun/2017:11:54:28 -0300] "POST /cormun/servlet/solicitudot?adc0d2a78cb14c8340be269f4a293750,UPD,2017,6359,,gx-no-cache=1496760922139 HTTP/1.1" 200 11165
186.103.158.250 - - [06/Jun/2017:11:54:28 -0300] "GET /cormun/servlet/solicitudot?f73722990bc8fc11793eff8c64fa3587520dafbeb1f9592d86870d51e2464187b165fe03fd17bf1aadaf2e9140d9b274,gx-no-cache=1496760922466 HTTP/1.1" 200 30
186.103.158.250 - - [06/Jun/2017:11:54:28 -0300] "POST /cormun/servlet/solicitudot?gx-no-cache=1496760922558 HTTP/1.1" 200 257
186.103.158.250 - - [06/Jun/2017:11:54:28 -0300] "GET /cormun/servlet/solicitudot?f73722990bc8fc11793eff8c64fa3587fb12be4df75189247b4592f3b4add3517903c99cdfe20e7e4d1e519d02c74c6c58ed72771dd15be31083029c6e02a2ce485504e0681765032662865cc10064438e4032401bdbfc0b92bddfe4743d3a8766324be895aeed3e57615c27ebccc71ee2e5c5e91a3827924c4b435f4ab76497a419f90a53d248218f9abca605575177b1a054e2103b9897ae58d1dcc7e3b186f60802343ed0044733c49c89b7803baf0e53169c3029c76f4009bdb75b97dd41b2744f9b3d8591c88ef5b708ef0ae8cfbd241a621786731ae32daa1d66ab8cb82784f198739c6521c204a56358ce451c3c2690989dad077ee2c9123127fe714989355857433f0b4d45984e54cd57e040746f17ef41ee368de19ab660c27075e6740803f307b1d50f0334d0440a0fe14e91def5cb63c2e30f8698211e2f0167b981419c542f1810383da61b71d1181414f974b6fb658ae3f74a9349cb16e1e7efe3d2f459d9b8182206e96b2b5ec7ac18c60d94945bb06a5f40699ca36c15dec4,gx-no-cache=1496760922644 HTTP/1.1" 200 30
186.103.158.250 - - [06/Jun/2017:11:54:28 -0300] "POST /cormun/servlet/solicitudot?gx-no-cache=1496760922684 HTTP/1.1" 200 30
186.103.158.250 - - [06/Jun/2017:11:54:28 -0300] "POST /cormun/servlet/solicitudot?gx-no-cache=1496760922763 HTTP/1.1" 200 1301
186.103.158.250 - - [06/Jun/2017:11:54:28 -0300] "POST /cormun/servlet/solicitudot?gx-no-cache=1496760922842 HTTP/1.1" 200 41
186.79.89.75 - - [06/Jun/2017:11:54:42 -0300] "GET /cormun/servlet/trlicenciaspermisosadjuntos?15805497,20170508000000,L, HTTP/1.1" 200 6743
186.79.89.75 - - [06/Jun/2017:11:54:42 -0300] "GET /cormun/static/gxcfg.js?20175251265349 HTTP/1.1" 200 953
186.79.89.75 - - [06/Jun/2017:11:54:42 -0300] "GET /cormun/static/trlicenciaspermisosadjuntos.js?2017525126577 HTTP/1.1" 200 21036
186.79.89.75 - - [06/Jun/2017:11:54:42 -0300] "GET /cormun/servlet/trlicenciaspermisosadjuntos?15805497,20170508000000,L, HTTP/1.1" 200 6744
186.103.158.250 - - [06/Jun/2017:11:54:48 -0300] "POST /cormun/servlet/solicitudot?gx-no-cache=1496760942073 HTTP/1.1" 200 30
186.79.89.75 - - [06/Jun/2017:11:54:55 -0300] "GET /cormun/servlet/trlicencias? HTTP/1.1" 200 10157
186.79.89.75 - - [06/Jun/2017:11:54:56 -0300] "GET /cormun/servlet/trlicencias? HTTP/1.1" 200 10152
200.112.7.114 - - [06/Jun/2017:11:54:58 -0300] "POST /cormun/servlet/solicitudot?gx-no-cache=1496760948216 HTTP/1.1" 200 3194
186.103.158.250 - - [06/Jun/2017:11:54:58 -0300] "GET /cormun/static/Resources/resize.gif HTTP/1.1" 200 77
186.103.158.250 - - [06/Jun/2017:11:54:58 -0300] "GET /cormun/servlet/prcontratosol?17796077,,,,,MD,,gxPopupLevel%3D0%3B HTTP/1.1" 200 5941
186.103.158.250 - - [06/Jun/2017:11:54:58 -0300] "GET /cormun/static/gxcfg.js?201731711522183 HTTP/1.1" 200 953
186.103.158.250 - - [06/Jun/2017:11:54:58 -0300] "GET /cormun/static/Resources/PXToolsMenuSearch.png HTTP/1.1" 200 2914
186.103.158.250 - - [06/Jun/2017:11:54:58 -0300] "GET /cormun/static/Resources/PXToolsMenuSearchCancel.png HTTP/1.1" 200 2972
186.103.158.250 - - [06/Jun/2017:11:54:58 -0300] "GET /cormun/static/prcontratosol.js?201731711522419 HTTP/1.1" 200 14084
186.103.158.250 - - [06/Jun/2017:11:54:58 -0300] "GET /cormun/static/Resources/PXToolsGridPrevious.gif HTTP/1.1" 200 369
186.103.158.250 - - [06/Jun/2017:11:54:58 -0300] "GET /cormun/static/Resources/PXToolsGridFirst.gif HTTP/1.1" 200 379
186.103.158.250 - - [06/Jun/2017:11:54:58 -0300] "GET /cormun/static/menusearch.js?201610171694467 HTTP/1.1" 200 1424
186.103.158.250 - - [06/Jun/2017:11:54:58 -0300] "GET /cormun/static/hmpwkw011.js?20175251212473 HTTP/1.1" 200 1968
186.103.158.250 - - [06/Jun/2017:11:54:58 -0300] "GET /cormun/static/Resources/PXToolsGridNext.gif HTTP/1.1" 200 369
186.103.158.250 - - [06/Jun/2017:11:54:58 -0300] "GET /cormun/static/Resources/PXToolsGridLast.gif HTTP/1.1" 200 370
200.112.7.114 - - [06/Jun/2017:11:55:00 -0300] "POST /cormun/servlet/solicitudot?81dbd448f8912cdca6989ae462d44613,INS,0,0,,gx-no-cache=1496760952512 HTTP/1.1" 200 10016
192.168.10.96 - - [06/Jun/2017:11:55:00 -0300] "POST /cormun/servlet/solicitudot?gx-no-cache=1496760900811 HTTP/1.1" 200 30
192.168.10.96 - - [06/Jun/2017:11:55:01 -0300] "GET /cormun/static/Resources/resize.gif HTTP/1.1" 304 -
192.168.10.96 - - [06/Jun/2017:11:55:01 -0300] "GET /cormun/servlet/prcontratosol?17796077,,,,,MD,,gxPopupLevel%3D0%3B HTTP/1.1" 200 5940
192.168.10.96 - - [06/Jun/2017:11:55:01 -0300] "GET /cormun/static/gxcfg.js?201731711522183 HTTP/1.1" 200 953
192.168.10.96 - - [06/Jun/2017:11:55:01 -0300] "GET /cormun/static/Resources/PXToolsMenuSearch.png HTTP/1.1" 304 -
192.168.10.96 - - [06/Jun/2017:11:55:01 -0300] "GET /cormun/static/Resources/PXToolsMenuSearchCancel.png HTTP/1.1" 304 -
192.168.10.96 - - [06/Jun/2017:11:55:01 -0300] "GET /cormun/static/prcontratosol.js?201731711522419 HTTP/1.1" 200 14084
192.168.10.96 - - [06/Jun/2017:11:55:01 -0300] "GET /cormun/static/hmpwkw011.js?20175251212473 HTTP/1.1" 200 1968
192.168.10.96 - - [06/Jun/2017:11:55:02 -0300] "GET /cormun/static/menusearch.js?201610171694467 HTTP/1.1" 200 1424
186.103.158.250 - - [06/Jun/2017:11:55:06 -0300] "POST /cormun/servlet/solicitudot?gx-no-cache=1496760960180 HTTP/1.1" 200 1301
186.103.158.250 - - [06/Jun/2017:11:55:06 -0300] "POST /cormun/servlet/solicitudot?gx-no-cache=1496760960380 HTTP/1.1" 200 41
186.103.158.250 - - [06/Jun/2017:11:55:06 -0300] "GET /cormun/servlet/solicitudot?f73722990bc8fc11793eff8c64fa3587e94eebd7597cb49636f5582e84a8eecc49d67ca52ab08cb07a9fcc2afb5bb899c6f9b28877c104665e128cc735f492a2b2164e89ca26b2a4b1b6452250a01be3329ae780d86c298f20dd6237fed38f57e3959afbcfacfb08ce95ebcbdf8f2f2a,gx-no-cache=1496760960450 HTTP/1.1" 200 29
186.103.158.250 - - [06/Jun/2017:11:55:06 -0300] "POST /cormun/servlet/solicitudot?gx-no-cache=1496760960500 HTTP/1.1" 200 1281
192.168.10.96 - - [06/Jun/2017:11:55:06 -0300] "POST /cormun/servlet/solicitudot?gx-no-cache=1496760906592 HTTP/1.1" 200 1301
192.168.10.96 - - [06/Jun/2017:11:55:06 -0300] "POST /cormun/servlet/solicitudot?gx-no-cache=1496760906631 HTTP/1.1" 200 41
192.168.10.96 - - [06/Jun/2017:11:55:06 -0300] "GET /cormun/servlet/solicitudot?044e3159a582af2d5ce378aee16e77a3cc6cdc5395582aff600cce0df0b60704b6e718df08c607842305fab187ee58b4123fbe953116961b39efb75e9956ae7042f1f7d2a17962cc0e382bf0b72096e793e3486a858f096dff1ceef75754345b80fe4f7c5ad6d8047f72103ed7d6f9d9,gx-no-cache=1496760906653 HTTP/1.1" 200 29
192.168.10.96 - - [06/Jun/2017:11:55:06 -0300] "POST /cormun/servlet/solicitudot?gx-no-cache=1496760906670 HTTP/1.1" 200 1281
186.79.89.75 - - [06/Jun/2017:11:55:13 -0300] "POST /cormun/servlet/trlicencias?bb25fccd4290df6ea1c9e8cd91655237,,gx-no-cache=1496760966693 HTTP/1.1" 200 7637
186.79.89.75 - - [06/Jun/2017:11:55:16 -0300] "POST /cormun/servlet/trlicencias?bb25fccd4290df6ea1c9e8cd91655237,,gx-no-cache=1496760969576 HTTP/1.1" 200 7637
186.103.158.250 - - [06/Jun/2017:11:55:20 -0300] "POST /cormun/servlet/solicitudot?gx-no-cache=1496760974605 HTTP/1.1" 200 1301
186.103.158.250 - - [06/Jun/2017:11:55:20 -0300] "POST /cormun/servlet/solicitudot?gx-no-cache=1496760974701 HTTP/1.1" 200 41
186.79.89.75 - - [06/Jun/2017:11:55:22 -0300] "GET /cormun/servlet/trlicencias? HTTP/1.1" 200 10152
186.79.89.75 - - [06/Jun/2017:11:55:23 -0300] "GET /cormun/servlet/trlicencias? HTTP/1.1" 200 10152
186.103.157.42 - - [06/Jun/2017:11:55:26 -0300] "GET /cormun/servlet/hlogin HTTP/1.1" 200 1729
200.112.7.114 - - [06/Jun/2017:11:55:29 -0300] "GET /cormun/servlet/solicitudot?fb6370015a4675ccfa3d812df36dd8aa0463ec63e1ff674fd41ad71a4f69fc8b6f6a7b057b5453c0ebcf24f4bf25ef25,gx-no-cache=1496760982793 HTTP/1.1" 200 30
186.103.157.42 - - [06/Jun/2017:11:55:29 -0300] "GET /cormun/servlet/hlogin HTTP/1.1" 200 1729
186.103.157.42 - - [06/Jun/2017:11:55:30 -0300] "GET /cormun/static/Resources/Spanish/PXTools.css?11423723 HTTP/1.1" 304 -
186.103.157.42 - - [06/Jun/2017:11:55:30 -0300] "GET /cormun/static/gxcfg.js?20175251213516 HTTP/1.1" 304 -
186.103.157.42 - - [06/Jun/2017:11:55:30 -0300] "GET /cormun/static/messages.spa.js?85251 HTTP/1.1" 304 -
186.103.157.42 - - [06/Jun/2017:11:55:30 -0300] "GET /cormun/static/hlogin.js?20175251213537 HTTP/1.1" 304 -
186.103.157.42 - - [06/Jun/2017:11:55:30 -0300] "GET /cormun/servlet/hlogin HTTP/1.1" 200 1735
200.112.7.114 - - [06/Jun/2017:11:55:30 -0300] "POST /cormun/servlet/solicitudot?gx-no-cache=1496760983593 HTTP/1.1" 200 255
186.103.157.42 - - [06/Jun/2017:11:55:30 -0300] "GET /favicon.ico HTTP/1.1" 200 21630
186.79.89.75 - - [06/Jun/2017:11:55:30 -0300] "POST /cormun/servlet/trlicencias?bb25fccd4290df6ea1c9e8cd91655237,,gx-no-cache=1496760984197 HTTP/1.1" 200 7632
200.112.7.114 - - [06/Jun/2017:11:55:30 -0300] "GET /cormun/servlet/solicitudot?fb6370015a4675ccfa3d812df36dd8aa971ae090375e38f198596be4c03c23d4eedae1af84cb50ac618e0522ed5755525f911f43e1eb253281553b88420d523317dfb486335612c8a788228fb877a3795e48c762dcae83d5e253192116daed1bbf610933c46c0579c594365c9dd4e0c720e18a4639c8ea36f7fe734c323afd2a553ecf9c5017bb234bb4ac13465a02192340a000c31f895cacb6d3075a915df65052e9a1499ad07d3e83f706eb39b3fee4fdc6fe532821d91daf6ba2deb045d60a54117c8f1fde356cc52bf5a2a2d12f47af901db66a578abe886b71e5cd2f2b30e16bf76753b4b245a34f0a269a6413626941a872f745da1f4ec7bf6c1f336c18c52b3b4e05d6cf55f95941678177773b35847e2f511d37de0b1cc93e462dae79ff4bd32f81b6c00fa18dbe3bafa6ec4fc426fd0baa7a7bcff5dbb180aa6d95f60365582ad937633899e1bf0b0e330a527c6679cafdd26ba8e1fa1f82ecd916dc628dfb0ef33abb3ba7f3bf637d9f57fa44db1b0f434683ee9eb614e7d99351,gx-no-cache=1496760984037 HTTP/1.1" 200 30
186.103.158.250 - - [06/Jun/2017:11:55:35 -0300] "POST /cormun/servlet/solicitudot?gx-no-cache=1496760989612 HTTP/1.1" 200 1281
200.112.7.114 - - [06/Jun/2017:11:55:37 -0300] "POST /cormun/servlet/solicitudot?gx-no-cache=1496760990724 HTTP/1.1" 200 30
186.103.157.42 - - [06/Jun/2017:11:55:38 -0300] "POST /cormun/servlet/hlogin?00fbae84e7553e40e5034ee44b32f324,gx-no-cache=1496760994172 HTTP/1.1" 200 90
186.103.157.42 - - [06/Jun/2017:11:55:38 -0300] "GET /cormun/servlet/hpexe_link HTTP/1.1" 200 954
186.103.157.42 - - [06/Jun/2017:11:55:38 -0300] "GET /cormun/static/gxcfg.js?20175251212395 HTTP/1.1" 304 -
186.103.157.42 - - [06/Jun/2017:11:55:38 -0300] "GET /cormun/static/hpexe_link.js?20175251212399 HTTP/1.1" 304 -
186.103.157.42 - - [06/Jun/2017:11:55:38 -0300] "GET /cormun/servlet/hhome HTTP/1.1" 200 4069
186.103.157.42 - - [06/Jun/2017:11:55:38 -0300] "GET /cormun/static/gxcfg.js?20175251212442 HTTP/1.1" 304 -
186.103.157.42 - - [06/Jun/2017:11:55:38 -0300] "GET /cormun/static/hhome.js?20175251212450 HTTP/1.1" 304 -
186.103.157.42 - - [06/Jun/2017:11:55:38 -0300] "GET /cormun/static/hpexe_messagecontroller.js?201610171694323 HTTP/1.1" 200 870
186.103.157.42 - - [06/Jun/2017:11:55:39 -0300] "GET /cormun/static/hwchdr01.js?201752511465785 HTTP/1.1" 304 -
186.103.157.42 - - [06/Jun/2017:11:55:39 -0300] "GET /cormun/static/hpexe_recentlink.js?201610171694390 HTTP/1.1" 200 2144
186.103.157.42 - - [06/Jun/2017:11:55:39 -0300] "GET /cormun/static/hpexe_scripts.js?201752511465715 HTTP/1.1" 304 -
186.103.157.42 - - [06/Jun/2017:11:55:39 -0300] "GET /cormun/static/hpexe_messagepopupcomponent.js?20161017169425 HTTP/1.1" 200 605
186.103.157.42 - - [06/Jun/2017:11:55:39 -0300] "GET /cormun/static/hpexe_messagegenexuscomponent.js?201752511465344 HTTP/1.1" 304 -
186.103.157.42 - - [06/Jun/2017:11:55:39 -0300] "GET /cormun/static/cmcontrolpreferences.js?201752511465670 HTTP/1.1" 304 -
186.103.157.42 - - [06/Jun/2017:11:55:39 -0300] "GET /cormun/static/hmpwkw03.js?2017525121347 HTTP/1.1" 304 -
186.103.157.42 - - [06/Jun/2017:11:55:39 -0300] "GET /cormun/servlet/hhome HTTP/1.1" 200 4065
186.103.158.250 - - [06/Jun/2017:11:55:40 -0300] "GET /cormun/static/menuarrow.gif HTTP/1.1" 404 1015
186.103.157.42 - - [06/Jun/2017:11:55:47 -0300] "GET /cormun/servlet/trlicencias? HTTP/1.1" 200 10048
186.103.157.42 - - [06/Jun/2017:11:55:47 -0300] "GET /cormun/static/gxcfg.js?20175222047249 HTTP/1.1" 304 -
186.103.157.42 - - [06/Jun/2017:11:55:48 -0300] "GET /cormun/static/Resources/Spanish/PXTools.css?11294912 HTTP/1.1" 200 89042
186.103.157.42 - - [06/Jun/2017:11:55:48 -0300] "GET /cormun/static/trlicencias.js?201752220473085 HTTP/1.1" 304 -
186.103.157.42 - - [06/Jun/2017:11:55:49 -0300] "GET /cormun/servlet/trlicencias? HTTP/1.1" 200 10045
186.103.157.42 - - [06/Jun/2017:11:56:00 -0300] "GET /cormun/servlet/alicenciaprn?13947965,L,20170601000000,PU HTTP/1.1" 200 1523
186.103.158.250 - - [06/Jun/2017:11:56:05 -0300] "POST /cormun/servlet/solicitudot?gx-no-cache=1496761019344 HTTP/1.1" 200 30
200.112.7.114 - - [06/Jun/2017:11:56:08 -0300] "POST /cormun/servlet/solicitudot?gx-no-cache=1496761021508 HTTP/1.1" 200 1301
200.112.7.114 - - [06/Jun/2017:11:56:09 -0300] "POST /cormun/servlet/solicitudot?gx-no-cache=1496761022217 HTTP/1.1" 200 38
192.168.10.96 - - [06/Jun/2017:11:56:09 -0300] "POST /cormun/servlet/solicitudot?1818fe20af196d192da2dc973e992b1a,UPD,2017,6359,,gx-no-cache=1496760969368 HTTP/1.1" 200 93
192.168.10.96 - - [06/Jun/2017:11:56:09 -0300] "GET /cormun/servlet/hpexe_return? HTTP/1.1" 200 1009
192.168.10.96 - - [06/Jun/2017:11:56:09 -0300] "GET /cormun/static/gxcfg.js?2016101716175148 HTTP/1.1" 200 953
192.168.10.96 - - [06/Jun/2017:11:56:09 -0300] "GET /cormun/servlet/trsolicitudot HTTP/1.1" 200 8519
192.168.10.96 - - [06/Jun/2017:11:56:10 -0300] "GET /cormun/servlet/trsolicitudot HTTP/1.1" 200 8515
200.112.7.114 - - [06/Jun/2017:11:56:13 -0300] "POST /cormun/servlet/solicitudot?gx-no-cache=1496761026871 HTTP/1.1" 200 1301
200.112.7.114 - - [06/Jun/2017:11:56:14 -0300] "POST /cormun/servlet/solicitudot?gx-no-cache=1496761027297 HTTP/1.1" 200 38
200.112.7.114 - - [06/Jun/2017:11:56:19 -0300] "GET /cormun/servlet/solicitudot?fb6370015a4675ccfa3d812df36dd8aad844fd1799be32d91e7e707a77e6c14ba1076bee3d7224cb91a220fa323a17a1a6a61cbbea6a105beb25a9170f29586a13cf761a3037c3091e7ef3a0d607e6b081f80cd366e86691fea22a55eafc1c88cd114edf4811e5bc86e9bc2a51077960653418b2dac269c0cc2d8ebae284e43dadde559a6c17ef25a0626cb91aac21031001a5f23143fe5698ca29e2cf498c63,gx-no-cache=1496761032389 HTTP/1.1" 200 29
200.112.7.114 - - [06/Jun/2017:11:56:19 -0300] "POST /cormun/servlet/solicitudot?gx-no-cache=1496761032529 HTTP/1.1" 200 1280
200.112.7.114 - - [06/Jun/2017:11:56:19 -0300] "GET /cormun/static/menuarrow.gif HTTP/1.1" 404 1015
200.112.7.114 - - [06/Jun/2017:11:56:21 -0300] "POST /cormun/servlet/solicitudot?gx-no-cache=1496761035104 HTTP/1.1" 200 1280
186.103.158.250 - - [06/Jun/2017:11:56:30 -0300] "POST /cormun/servlet/solicitudot?adc0d2a78cb14c8340be269f4a293750,UPD,2017,6359,,gx-no-cache=1496761044515 HTTP/1.1" 200 93
186.103.158.250 - - [06/Jun/2017:11:56:30 -0300] "GET /cormun/servlet/hpexe_return? HTTP/1.1" 200 1011
186.103.158.250 - - [06/Jun/2017:11:56:30 -0300] "GET /cormun/static/gxcfg.js?2016101716175148 HTTP/1.1" 200 953
186.103.158.250 - - [06/Jun/2017:11:56:30 -0300] "GET /cormun/static/hpexe_return.js?2016101716175153 HTTP/1.1" 200 1633
186.103.158.250 - - [06/Jun/2017:11:56:31 -0300] "GET /cormun/servlet/trsolicitudot HTTP/1.1" 200 8556
186.103.158.250 - - [06/Jun/2017:11:56:32 -0300] "GET /cormun/servlet/trsolicitudot HTTP/1.1" 200 8553
186.103.159.43 - - [06/Jun/2017:11:56:34 -0300] "GET /cormun/servlet/hlogin HTTP/1.1" 200 1718
192.168.10.96 - - [06/Jun/2017:11:56:35 -0300] "GET /cormun/servlet/trsolicitudot? HTTP/1.1" 200 8544
192.168.10.96 - - [06/Jun/2017:11:56:36 -0300] "GET /cormun/servlet/trsolicitudot? HTTP/1.1" 200 8544
186.103.159.43 - - [06/Jun/2017:11:56:37 -0300] "POST /cormun/servlet/hlogin?37695ab2beeb43ea8b7de76d7edeb2bf,gx-no-cache=1496761052157 HTTP/1.1" 200 90
186.103.159.43 - - [06/Jun/2017:11:56:37 -0300] "GET /cormun/servlet/hpexe_link HTTP/1.1" 200 946
186.103.159.43 - - [06/Jun/2017:11:56:37 -0300] "GET /cormun/servlet/hhome HTTP/1.1" 200 3759
186.103.159.43 - - [06/Jun/2017:11:56:38 -0300] "GET /cormun/servlet/hhome HTTP/1.1" 200 3756
186.103.159.43 - - [06/Jun/2017:11:56:40 -0300] "GET /cormun/servlet/trlicencias? HTTP/1.1" 200 11060
186.103.159.43 - - [06/Jun/2017:11:56:41 -0300] "GET /cormun/servlet/trlicencias? HTTP/1.1" 200 11056
200.112.7.114 - - [06/Jun/2017:11:56:42 -0300] "POST /cormun/servlet/solicitudot?gx-no-cache=1496761055452 HTTP/1.1" 200 30
200.112.7.114 - - [06/Jun/2017:11:56:43 -0300] "POST /cormun/servlet/solicitudot?81dbd448f8912cdca6989ae462d44613,INS,0,0,,gx-no-cache=1496761055734 HTTP/1.1" 200 11310
200.112.7.114 - - [06/Jun/2017:11:56:43 -0300] "GET /cormun/static/Shared/jqueryui/images/ui-bg_highlight-soft_100_c6c2c8_1x100.png HTTP/1.1" 404 1117
200.112.7.114 - - [06/Jun/2017:11:56:43 -0300] "GET /cormun/static/Shared/jqueryui/images/ui-bg_flat_55_994d53_40x100.png HTTP/1.1" 404 1097
200.112.7.114 - - [06/Jun/2017:11:56:43 -0300] "GET /cormun/static/Shared/jqueryui/images/ui-icons_82798d_256x240.png HTTP/1.1" 404 1089
200.112.7.114 - - [06/Jun/2017:11:56:43 -0300] "GET /cormun/static/Shared/jqueryui/images/ui-icons_ebccce_256x240.png HTTP/1.1" 404 1089
186.103.159.43 - - [06/Jun/2017:11:56:45 -0300] "GET /cormun/servlet/licenciaspermisos?INS,0,,, HTTP/1.1" 200 7173
186.103.159.43 - - [06/Jun/2017:11:56:45 -0300] "GET /cormun/servlet/licenciaspermisos?INS,0,,, HTTP/1.1" 200 7172
186.103.158.250 - - [06/Jun/2017:11:56:46 -0300] "POST /cormun/servlet/trsolicitudot?adc0d2a78cb14c8340be269f4a293750,gx-no-cache=1496761060781 HTTP/1.1" 200 4515
186.103.158.250 - - [06/Jun/2017:11:56:46 -0300] "GET /cormun/static/Shared/jqueryui/images/ui-icons_82798d_256x240.png HTTP/1.1" 404 1089
186.103.158.250 - - [06/Jun/2017:11:56:46 -0300] "GET /cormun/static/Shared/jqueryui/images/ui-bg_highlight-soft_100_c6c2c8_1x100.png HTTP/1.1" 404 1117
186.103.158.250 - - [06/Jun/2017:11:56:46 -0300] "GET /cormun/static/Shared/jqueryui/images/ui-bg_flat_55_fafafa_40x100.png HTTP/1.1" 404 1097
186.103.158.250 - - [06/Jun/2017:11:56:46 -0300] "GET /cormun/static/Shared/jqueryui/images/ui-icons_8d78a5_256x240.png HTTP/1.1" 404 1089
186.103.158.250 - - [06/Jun/2017:11:56:47 -0300] "POST /cormun/servlet/trsolicitudot?adc0d2a78cb14c8340be269f4a293750,gx-no-cache=1496761061324 HTTP/1.1" 200 4293
192.168.10.96 - - [06/Jun/2017:11:56:50 -0300] "GET /cormun/servlet/trautorizarsolicitud? HTTP/1.1" 200 9790
192.168.10.96 - - [06/Jun/2017:11:56:51 -0300] "GET /cormun/servlet/trautorizarsolicitud? HTTP/1.1" 200 9790
186.103.158.250 - - [06/Jun/2017:11:56:53 -0300] "GET /cormun/static/menuarrow.gif HTTP/1.1" 404 1015
192.168.10.96 - - [06/Jun/2017:11:56:55 -0300] "GET /cormun/servlet/trsolicitudot? HTTP/1.1" 200 7175
192.168.10.96 - - [06/Jun/2017:11:56:55 -0300] "GET /cormun/servlet/trsolicitudot? HTTP/1.1" 200 7174
186.103.158.250 - - [06/Jun/2017:11:56:57 -0300] "GET /cormun/servlet/trsolicitudot? HTTP/1.1" 200 7179
192.168.10.96 - - [06/Jun/2017:11:56:57 -0300] "GET /cormun/servlet/trautorizarsolicitud? HTTP/1.1" 200 9790
192.168.10.96 - - [06/Jun/2017:11:56:58 -0300] "GET /cormun/servlet/trautorizarsolicitud? HTTP/1.1" 200 9790
186.103.158.250 - - [06/Jun/2017:11:56:59 -0300] "GET /cormun/servlet/trsolicitudot? HTTP/1.1" 200 7179
200.112.7.114 - - [06/Jun/2017:11:57:06 -0300] "POST /cormun/servlet/solicitudot?gx-no-cache=1496761078668 HTTP/1.1" 200 30
186.103.158.250 - - [06/Jun/2017:11:57:06 -0300] "GET /cormun/servlet/trsolicitudot? HTTP/1.1" 200 7179
192.168.10.96 - - [06/Jun/2017:11:57:06 -0300] "GET /cormun/servlet/trsolicitudot? HTTP/1.1" 200 7175
192.168.10.96 - - [06/Jun/2017:11:57:07 -0300] "GET /cormun/servlet/trsolicitudot? HTTP/1.1" 200 7174
186.103.158.250 - - [06/Jun/2017:11:57:07 -0300] "GET /cormun/servlet/trsolicitudot? HTTP/1.1" 200 7179
192.168.10.96 - - [06/Jun/2017:11:57:09 -0300] "GET /cormun/servlet/trautorizarsolicitud? HTTP/1.1" 200 9790
192.168.10.96 - - [06/Jun/2017:11:57:10 -0300] "GET /cormun/servlet/trautorizarsolicitud? HTTP/1.1" 200 9790
186.103.158.250 - - [06/Jun/2017:11:57:11 -0300] "GET /cormun/servlet/trautorizarsolicitud? HTTP/1.1" 200 9797
200.112.7.114 - - [06/Jun/2017:11:57:11 -0300] "GET /cormun/servlet/prfichaempleado?,MD,,gxPopupLevel%3D0%3B HTTP/1.1" 200 8873
186.103.158.250 - - [06/Jun/2017:11:57:12 -0300] "GET /cormun/servlet/trautorizarsolicitud? HTTP/1.1" 200 9796
192.168.10.96 - - [06/Jun/2017:11:57:14 -0300] "GET /cormun/servlet/trvisualizadoreventos? HTTP/1.1" 200 6702
192.168.10.96 - - [06/Jun/2017:11:57:14 -0300] "GET /cormun/static/gxcfg.js?20175251251426 HTTP/1.1" 200 953
192.168.10.96 - - [06/Jun/2017:11:57:14 -0300] "GET /cormun/static/trvisualizadoreventos.js?20175251251768 HTTP/1.1" 200 19318
192.168.10.96 - - [06/Jun/2017:11:57:14 -0300] "GET /cormun/servlet/trvisualizadoreventos? HTTP/1.1" 200 6702
200.112.7.114 - - [06/Jun/2017:11:57:26 -0300] "POST /cormun/servlet/prfichaempleado?81dbd448f8912cdca6989ae462d44613,,MD,,gxPopupLevel%3D0%3B,gx-no-cache=1496761098777 HTTP/1.1" 200 3396
192.168.10.96 - - [06/Jun/2017:11:57:30 -0300] "GET /cormun/servlet/trsolicitudot? HTTP/1.1" 200 7177
192.168.10.96 - - [06/Jun/2017:11:57:30 -0300] "GET /cormun/servlet/trsolicitudot? HTTP/1.1" 200 7176
192.168.10.96 - - [06/Jun/2017:11:57:33 -0300] "GET /cormun/servlet/trautorizarsolicitud? HTTP/1.1" 200 9790
192.168.10.96 - - [06/Jun/2017:11:57:34 -0300] "GET /cormun/servlet/trautorizarsolicitud? HTTP/1.1" 200 9790
186.103.157.42 - - [06/Jun/2017:11:57:38 -0300] "GET /cormun/servlet/alicenciaprn?15804866,L,20170606000000,PU HTTP/1.1" 200 1522
200.112.7.114 - - [06/Jun/2017:11:57:43 -0300] "POST /cormun/servlet/solicitudot?gx-no-cache=1496761116739 HTTP/1.1" 200 3194
200.112.7.114 - - [06/Jun/2017:11:57:45 -0300] "POST /cormun/servlet/solicitudot?81dbd448f8912cdca6989ae462d44613,INS,0,0,,gx-no-cache=1496761117825 HTTP/1.1" 200 11171
200.112.7.114 - - [06/Jun/2017:11:57:45 -0300] "GET /cormun/servlet/solicitudot?fb6370015a4675ccfa3d812df36dd8aa0463ec63e1ff674fd41ad71a4f69fc8bf9cb29f6b49626f8ab480c8a1d3e5671,gx-no-cache=1496761118798 HTTP/1.1" 200 30
200.112.7.114 - - [06/Jun/2017:11:57:46 -0300] "POST /cormun/servlet/solicitudot?gx-no-cache=1496761119427 HTTP/1.1" 200 257
200.112.7.114 - - [06/Jun/2017:11:57:46 -0300] "GET /cormun/servlet/solicitudot?fb6370015a4675ccfa3d812df36dd8aa971ae090375e38f198596be4c03c23d4eedae1af84cb50ac618e0522ed5755525f911f43e1eb253281553b88420d523317dfb486335612c8a788228fb877a3795e48c762dcae83d5e253192116daed1bbf610933c46c0579c594365c9dd4e0c720e18a4639c8ea36f7fe734c323afd2a553ecf9c5017bb234bb4ac13465a02192340a000c31f895cacb6d3075a915df65052e9a1499ad07d3e83f706eb39b3fee4fdc6fe532821d91daf6ba2deb045d60a54117c8f1fde356cc52bf5a2a2d12f47af901db66a578abe886b71e5cd2f2b30e16bf76753b4b245a34f0a269a6413626941a872f745da1f4ec7bf6c1f336c18c52b3b4e05d6cf55f95941678177773b35847e2f511d37de0b1cc93e462dae79ff4bd32f81b6c00fa18dbe3bafa6ec4fc426fd0baa7a7bcff5dbb180aa6d95f60365582ad937633899e1bf0b0e330a527c6679cafdd26ba8e1fa1f82ecd916dc628dfb0ef33abb3ba7f3bf637d9f57ed2484585ab66572819f3eeeeae72cc8,gx-no-cache=1496761119977 HTTP/1.1" 200 30
192.168.10.96 - - [06/Jun/2017:11:57:48 -0300] "POST /cormun/servlet/trautorizarsolicitud?1818fe20af196d192da2dc973e992b1a,,gx-no-cache=1496761068493 HTTP/1.1" 200 5389
186.103.159.43 - - [06/Jun/2017:11:57:50 -0300] "GET /cormun/servlet/licenciaspermisos?3559824c4857e5e059ccd7bc570c367a43ca095c1b9415257b1bb98e1ec801cb81875e32b5658b79b674798a6bf82fc2,gx-no-cache=1496761125418 HTTP/1.1" 200 70
200.112.7.114 - - [06/Jun/2017:11:57:50 -0300] "POST /cormun/servlet/solicitudot?gx-no-cache=1496761124018 HTTP/1.1" 200 30
200.112.7.114 - - [06/Jun/2017:11:57:51 -0300] "POST /cormun/servlet/solicitudot?gx-no-cache=1496761124801 HTTP/1.1" 200 1301
200.112.7.114 - - [06/Jun/2017:11:57:52 -0300] "POST /cormun/servlet/solicitudot?gx-no-cache=1496761125625 HTTP/1.1" 200 41
200.112.7.114 - - [06/Jun/2017:11:57:53 -0300] "POST /cormun/servlet/solicitudot?gx-no-cache=1496761126360 HTTP/1.1" 200 1280
186.103.158.250 - - [06/Jun/2017:11:57:54 -0300] "GET /cormun/servlet/trautorizarsolicitud? HTTP/1.1" 200 9796
200.112.7.114 - - [06/Jun/2017:11:57:54 -0300] "POST /cormun/servlet/solicitudot?gx-no-cache=1496761127519 HTTP/1.1" 200 30
192.168.10.96 - - [06/Jun/2017:11:57:54 -0300] "GET /cormun/servlet/trautorizarsolicitud? HTTP/1.1" 200 8148
192.168.10.96 - - [06/Jun/2017:11:57:54 -0300] "GET /cormun/servlet/trautorizarsolicitud? HTTP/1.1" 200 8148
186.103.158.250 - - [06/Jun/2017:11:57:55 -0300] "GET /cormun/servlet/trautorizarsolicitud? HTTP/1.1" 200 9796
200.112.7.114 - - [06/Jun/2017:11:57:56 -0300] "POST /cormun/servlet/solicitudot?81dbd448f8912cdca6989ae462d44613,INS,0,0,,gx-no-cache=1496761128592 HTTP/1.1" 200 11406
192.168.10.96 - - [06/Jun/2017:11:58:07 -0300] "POST /cormun/servlet/trautorizarsolicitud?1818fe20af196d192da2dc973e992b1a,,gx-no-cache=1496761086971 HTTP/1.1" 200 5389
200.112.7.114 - - [06/Jun/2017:11:58:08 -0300] "POST /cormun/servlet/solicitudot?gx-no-cache=1496761141973 HTTP/1.1" 200 30
186.103.158.250 - - [06/Jun/2017:11:58:09 -0300] "POST /cormun/servlet/trautorizarsolicitud?adc0d2a78cb14c8340be269f4a293750,,gx-no-cache=1496761143518 HTTP/1.1" 200 5397
186.103.159.46 - - [06/Jun/2017:11:58:18 -0300] "GET /cormun/servlet/solicitudot?INS,0,0, HTTP/1.1" 200 12634
200.112.7.114 - - [06/Jun/2017:11:58:19 -0300] "POST /cormun/servlet/solicitudot?gx-no-cache=1496761152845 HTTP/1.1" 200 30
186.103.159.46 - - [06/Jun/2017:11:58:20 -0300] "GET /cormun/servlet/solicitudot?INS,0,0, HTTP/1.1" 200 12639
200.112.7.114 - - [06/Jun/2017:11:58:22 -0300] "POST /cormun/servlet/solicitudot?gx-no-cache=1496761156048 HTTP/1.1" 200 1301
200.112.7.114 - - [06/Jun/2017:11:58:23 -0300] "POST /cormun/servlet/solicitudot?gx-no-cache=1496761156248 HTTP/1.1" 200 41
200.112.7.114 - - [06/Jun/2017:11:58:23 -0300] "POST /cormun/servlet/solicitudot?gx-no-cache=1496761156342 HTTP/1.1" 200 1280
200.112.7.114 - - [06/Jun/2017:11:58:23 -0300] "POST /cormun/servlet/solicitudot?gx-no-cache=1496761156518 HTTP/1.1" 200 30
200.112.7.114 - - [06/Jun/2017:11:58:24 -0300] "POST /cormun/servlet/solicitudot?81dbd448f8912cdca6989ae462d44613,INS,0,0,,gx-no-cache=1496761156615 HTTP/1.1" 200 11445
186.103.158.250 - - [06/Jun/2017:11:58:24 -0300] "POST /cormun/servlet/trautorizarsolicitud?adc0d2a78cb14c8340be269f4a293750,,gx-no-cache=1496761158148 HTTP/1.1" 200 4327
186.103.158.250 - - [06/Jun/2017:11:58:24 -0300] "GET /cormun/static/Shared/jqueryui/images/ui-bg_highlight-soft_100_c6c2c8_1x100.png HTTP/1.1" 404 1117
186.103.158.250 - - [06/Jun/2017:11:58:24 -0300] "GET /cormun/static/Shared/jqueryui/images/ui-icons_82798d_256x240.png HTTP/1.1" 404 1089
186.103.158.250 - - [06/Jun/2017:11:58:24 -0300] "GET /cormun/static/Shared/jqueryui/images/ui-bg_flat_55_fafafa_40x100.png HTTP/1.1" 404 1097
186.103.158.250 - - [06/Jun/2017:11:58:24 -0300] "GET /cormun/static/Shared/jqueryui/images/ui-icons_8d78a5_256x240.png HTTP/1.1" 404 1089
186.103.158.250 - - [06/Jun/2017:11:58:24 -0300] "POST /cormun/servlet/trautorizarsolicitud?adc0d2a78cb14c8340be269f4a293750,,gx-no-cache=1496761158467 HTTP/1.1" 200 4111
186.103.159.43 - - [06/Jun/2017:11:58:26 -0300] "POST /cormun/servlet/licenciaspermisos?37695ab2beeb43ea8b7de76d7edeb2bf,INS,0,,,,gx-no-cache=1496761125525 HTTP/1.1" 500 10
186.103.158.250 - - [06/Jun/2017:11:58:29 -0300] "GET /cormun/static/menuarrow.gif HTTP/1.1" 404 1015
192.168.10.96 - - [06/Jun/2017:11:58:30 -0300] "GET /cormun/servlet/trautorizarsolicitud? HTTP/1.1" 200 6900
192.168.10.96 - - [06/Jun/2017:11:58:30 -0300] "GET /cormun/servlet/trautorizarsolicitud? HTTP/1.1" 200 6900
200.112.7.114 - - [06/Jun/2017:11:58:33 -0300] "GET /cormun/servlet/trcontratounov2? HTTP/1.1" 200 17222
186.103.159.43 - - [06/Jun/2017:11:58:34 -0300] "GET /cormun/servlet/hlogin HTTP/1.1" 200 1718
186.103.159.43 - - [06/Jun/2017:11:58:36 -0300] "POST /cormun/servlet/hlogin?37695ab2beeb43ea8b7de76d7edeb2bf,gx-no-cache=1496761171463 HTTP/1.1" 200 90
186.103.159.43 - - [06/Jun/2017:11:58:36 -0300] "GET /cormun/servlet/hpexe_link HTTP/1.1" 200 965
186.103.159.43 - - [06/Jun/2017:11:58:36 -0300] "GET /cormun/servlet/licenciaspermisos?INS,0,,, HTTP/1.1" 200 7174
186.103.159.43 - - [06/Jun/2017:11:58:37 -0300] "GET /cormun/servlet/licenciaspermisos?INS,0,,, HTTP/1.1" 200 7172
186.103.158.250 - - [06/Jun/2017:11:58:37 -0300] "GET /cormun/servlet/trsolicitudot? HTTP/1.1" 200 7180
192.168.10.96 - - [06/Jun/2017:11:58:38 -0300] "GET /cormun/servlet/trsolicitudot? HTTP/1.1" 200 7175
186.103.158.250 - - [06/Jun/2017:11:58:38 -0300] "GET /cormun/servlet/trsolicitudot? HTTP/1.1" 200 7179
192.168.10.96 - - [06/Jun/2017:11:58:38 -0300] "GET /cormun/servlet/trsolicitudot? HTTP/1.1" 200 7174
186.103.159.43 - - [06/Jun/2017:11:58:50 -0300] "GET /cormun/servlet/licenciaspermisos?3559824c4857e5e059ccd7bc570c367a43ca095c1b9415257b1bb98e1ec801cb81875e32b5658b79b674798a6bf82fc2,gx-no-cache=1496761185832 HTTP/1.1" 200 70
186.103.158.250 - - [06/Jun/2017:11:58:58 -0300] "POST /cormun/servlet/trsolicitudot?adc0d2a78cb14c8340be269f4a293750,,gx-no-cache=1496761192361 HTTP/1.1" 200 4314
186.103.158.250 - - [06/Jun/2017:11:59:01 -0300] "POST /cormun/servlet/trsolicitudot?adc0d2a78cb14c8340be269f4a293750,,gx-no-cache=1496761195683 HTTP/1.1" 200 4315
186.103.157.98 - - [06/Jun/2017:11:59:05 -0300] "GET /cormun/servlet/licenciaspermisos?14972f4f69067ecd696b3c2dbec2085fcdcee3446ae5fb3ecdf7ffacec01d0c08d61f90ae6eacf844cd6f4701550937e596e94c185752b2f15ded5c5b4d1cf7353c71dfcacce96edd504c3cb940df638869358150b46cc2fffda02f1af18bb26ed4da7d788c3dfeb8d14940da00b75c67224a858b13e2980d3fc17113310237d9f05eb30d95c762aff75d11a3e82028ff4fe7ffa35340282d812ed76fba617aac8b8f13230d09e05ab4b5cfd2edaf576,gx-no-cache=1496761197164 HTTP/1.1" 200 30
192.168.10.96 - - [06/Jun/2017:11:59:05 -0300] "GET /cormun/servlet/solicitudot?INS,0,0, HTTP/1.1" 200 12830
186.103.157.98 - - [06/Jun/2017:11:59:05 -0300] "GET /cormun/servlet/licenciaspermisos?14972f4f69067ecd696b3c2dbec2085f48912cad69dd1ce343fe122dc4331f97c453861eeb6cf804e7725de8a368d50d72d9ff6e8150f37805637d7b9acafc235e8c79aaa46d2d724c046ba305682de68313dcbcb55835cf1a148f41a19284840f4d65701c7ac96fda62be7763b0367eaeb0d9ed0b543ec61d4d4ac5ac684be1cb503544baf932be90e9c673436a35f81ed7c051ff3df9594601bf5b88a9ede48704520e6321a2047bb778e39a293a2f,gx-no-cache=1496761199793 HTTP/1.1" 200 29
192.168.10.96 - - [06/Jun/2017:11:59:05 -0300] "GET /cormun/servlet/solicitudot?INS,0,0, HTTP/1.1" 200 12835
186.103.157.98 - - [06/Jun/2017:11:59:05 -0300] "POST /cormun/servlet/licenciaspermisos?5dfb139d789c097cd181de4d07425fe5,INS,0,,,,gx-no-cache=1496761200099 HTTP/1.1" 200 93
192.168.10.96 - - [06/Jun/2017:11:59:05 -0300] "GET /cormun/servlet/solicitudot?INS,0,0, HTTP/1.1" 200 12835
186.103.157.98 - - [06/Jun/2017:11:59:05 -0300] "GET /cormun/servlet/hpexe_return? HTTP/1.1" 200 1009
186.103.157.98 - - [06/Jun/2017:11:59:06 -0300] "GET /cormun/servlet/trlicencias? HTTP/1.1" 200 6944
192.168.10.96 - - [06/Jun/2017:11:59:06 -0300] "GET /cormun/servlet/solicitudot?INS,0,0, HTTP/1.1" 200 12835
186.103.157.98 - - [06/Jun/2017:11:59:06 -0300] "GET /cormun/servlet/trlicencias? HTTP/1.1" 200 6940
200.112.7.114 - - [06/Jun/2017:11:59:06 -0300] "POST /cormun/servlet/trcontratounov2?81dbd448f8912cdca6989ae462d44613,,gx-no-cache=1496761198961 HTTP/1.1" 200 6948
186.103.158.250 - - [06/Jun/2017:11:59:07 -0300] "GET /cormun/servlet/solicitudot?INS,0,0, HTTP/1.1" 200 12830
186.103.158.250 - - [06/Jun/2017:11:59:08 -0300] "GET /cormun/servlet/solicitudot?INS,0,0, HTTP/1.1" 200 12835
186.103.159.182 - - [06/Jun/2017:11:59:09 -0300] "GET /cormun/servlet/hlogin HTTP/1.1" 200 1715
186.103.159.182 - - [06/Jun/2017:11:59:09 -0300] "GET /cormun/servlet/hlogin HTTP/1.1" 200 1723
186.103.159.182 - - [06/Jun/2017:11:59:09 -0300] "GET /cormun/static/Resources/Spanish/PXTools.css?11423723 HTTP/1.1" 304 -
186.103.159.182 - - [06/Jun/2017:11:59:09 -0300] "GET /cormun/static/gxtimezone.js?85251 HTTP/1.1" 304 -
186.103.159.182 - - [06/Jun/2017:11:59:09 -0300] "GET /cormun/static/gxcfg.js?20175251213516 HTTP/1.1" 200 953
186.103.159.182 - - [06/Jun/2017:11:59:09 -0300] "GET /cormun/static/messages.spa.js?85251 HTTP/1.1" 304 -
186.103.159.182 - - [06/Jun/2017:11:59:09 -0300] "GET /cormun/static/hlogin.js?20175251213537 HTTP/1.1" 304 -
186.103.159.182 - - [06/Jun/2017:11:59:09 -0300] "GET /cormun/static/Resources/ComunLogin.png HTTP/1.1" 200 17326
186.103.159.182 - - [06/Jun/2017:11:59:09 -0300] "GET /cormun/static/Resources/PXToolsLoginTop.png HTTP/1.1" 200 1337
186.103.159.182 - - [06/Jun/2017:11:59:09 -0300] "GET /cormun/static/Resources/PXToolsLoginBackground.png HTTP/1.1" 200 1164
186.103.159.182 - - [06/Jun/2017:11:59:09 -0300] "GET /cormun/static/Resources/PXToolsLoginBottom.png HTTP/1.1" 200 1389
186.103.159.182 - - [06/Jun/2017:11:59:09 -0300] "GET /cormun/static/Resources/indicator.gif HTTP/1.1" 200 1553
186.103.159.182 - - [06/Jun/2017:11:59:09 -0300] "GET /cormun/servlet/hlogin HTTP/1.1" 200 1725
186.103.159.43 - - [06/Jun/2017:11:59:09 -0300] "POST /cormun/servlet/licenciaspermisos?37695ab2beeb43ea8b7de76d7edeb2bf,INS,0,,,,gx-no-cache=1496761185964 HTTP/1.1" 200 4467
186.103.159.182 - - [06/Jun/2017:11:59:12 -0300] "POST /cormun/servlet/hlogin?e9ffc6577ea4931ff7c9b38a855a15d1,gx-no-cache=1496761206964 HTTP/1.1" 200 90
186.103.159.182 - - [06/Jun/2017:11:59:12 -0300] "GET /cormun/servlet/hpexe_link HTTP/1.1" 200 946
186.103.159.182 - - [06/Jun/2017:11:59:12 -0300] "GET /cormun/static/gxcfg.js?20175251212395 HTTP/1.1" 304 -
186.103.159.182 - - [06/Jun/2017:11:59:12 -0300] "GET /cormun/static/hpexe_link.js?20175251212399 HTTP/1.1" 304 -
186.103.159.182 - - [06/Jun/2017:11:59:12 -0300] "GET /cormun/servlet/hhome HTTP/1.1" 200 4059
186.103.159.182 - - [06/Jun/2017:11:59:12 -0300] "GET /cormun/static/PXToolsJavascripts/pexe_cookies.js HTTP/1.1" 200 792
186.103.159.182 - - [06/Jun/2017:11:59:12 -0300] "GET /cormun/static/PXToolsJavascripts/pexe_menudivfix.js HTTP/1.1" 200 333
186.103.159.182 - - [06/Jun/2017:11:59:12 -0300] "GET /cormun/static/gxcfg.js?20175251212442 HTTP/1.1" 200 953
186.103.159.182 - - [06/Jun/2017:11:59:12 -0300] "GET /cormun/static/PXToolsJavascripts/pexe_oavdivfix.js HTTP/1.1" 200 639
186.103.159.182 - - [06/Jun/2017:11:59:12 -0300] "GET /cormun/static/PXToolsJavascripts/pexe_oav.js HTTP/1.1" 200 645
186.103.159.182 - - [06/Jun/2017:11:59:12 -0300] "GET /cormun/static/PXToolsJavascripts/pexe_picture.js HTTP/1.1" 200 689
186.103.159.182 - - [06/Jun/2017:11:59:12 -0300] "GET /cormun/static/PXToolsJavascripts/pexe_tabdivfix.js HTTP/1.1" 200 876
186.103.159.182 - - [06/Jun/2017:11:59:12 -0300] "GET /cormun/static/PXToolsJavascripts/PXToolsJavascriptsRender.js HTTP/1.1" 200 367
186.103.159.182 - - [06/Jun/2017:11:59:12 -0300] "GET /cormun/static/RunJS/RunJS.js HTTP/1.1" 200 288
186.103.159.182 - - [06/Jun/2017:11:59:12 -0300] "GET /cormun/static/hhome.js?20175251212450 HTTP/1.1" 200 777
186.103.159.182 - - [06/Jun/2017:11:59:12 -0300] "GET /cormun/static/hwchdr01.js?201752511465785 HTTP/1.1" 304 -
186.103.159.182 - - [06/Jun/2017:11:59:12 -0300] "GET /cormun/static/hpexe_messagecontroller.js?201610171694323 HTTP/1.1" 200 870
186.103.159.182 - - [06/Jun/2017:11:59:12 -0300] "GET /cormun/static/hpexe_scripts.js?201752511465715 HTTP/1.1" 304 -
186.103.159.182 - - [06/Jun/2017:11:59:12 -0300] "GET /cormun/static/hpexe_recentlink.js?201610171694390 HTTP/1.1" 304 -
186.103.159.182 - - [06/Jun/2017:11:59:13 -0300] "GET /cormun/static/Resources/PXToolsHeaderBackground2.png HTTP/1.1" 200 1174
186.103.159.182 - - [06/Jun/2017:11:59:13 -0300] "GET /cormun/static/Resources/PXToolsFooterBackground2.png HTTP/1.1" 200 1172
186.103.159.182 - - [06/Jun/2017:11:59:13 -0300] "GET /cormun/static/Resources/PXToolsDataTitle.png HTTP/1.1" 200 1173
186.103.159.182 - - [06/Jun/2017:11:59:13 -0300] "GET /cormun/static/Resources/PXToolsHeaderActionsBackground.png HTTP/1.1" 200 484
186.103.159.182 - - [06/Jun/2017:11:59:13 -0300] "GET /cormun/static/Resources/PXToolsHeaderActionsLeft.png HTTP/1.1" 200 1118
186.103.159.182 - - [06/Jun/2017:11:59:13 -0300] "GET /cormun/static/hpexe_messagepopupcomponent.js?20161017169425 HTTP/1.1" 200 605
