200.86.184.230 - - [06/Jun/2017:10:21:15 -0300] "GET /cormun/static/gxcfg.js?20175251212442 HTTP/1.1" 304 -
186.79.182.66 - - [06/Jun/2017:10:21:15 -0300] "POST /cormun/servlet/solicitudot?3b45d6d4f2183f7d32bbb11fee8d1f3f,UPD,2017,6738,,gx-no-cache=1496755059612 HTTP/1.1" 200 10902
186.79.182.66 - - [06/Jun/2017:10:21:16 -0300] "GET /cormun/servlet/solicitudot?d39c73a1a06142af2fcd27de893d1efc1528d310f81377e6e07dac080bc7122c8c15ed797686a22b8923a74ca887bca3,gx-no-cache=1496755060362 HTTP/1.1" 200 30
186.79.182.66 - - [06/Jun/2017:10:21:16 -0300] "POST /cormun/servlet/solicitudot?gx-no-cache=1496755060544 HTTP/1.1" 200 257
200.86.184.230 - - [06/Jun/2017:10:21:16 -0300] "GET /cormun/servlet/hhome HTTP/1.1" 200 3818
186.79.182.66 - - [06/Jun/2017:10:21:16 -0300] "GET /cormun/servlet/solicitudot?d39c73a1a06142af2fcd27de893d1efcda8cc97762501f68e4bf6631a5208b32be4b8cb3be93dcd64a46697674962063eb6c74648b115cf1dfb1b2163ebe38e5419e4571234a2862d7b71ba4ff8e8daa3ba7c6ea5e2af341adbe28b7b8fddb531fd1aa274ca466909a5b93dbe95416b02ffd6684e9378ffbca20155579a059deee4ad5886bb21b041b47b6754963219c7ff0bb13c48873a05f67d950435e5f13cb8f3533daa5be9a6ccd7292a3b0f690bce7ae0242a5edb3a02929788189404d1693f3d22378157504fdc722cd4edc04fe427cedc76fe7a47a8e7b1eff386e9eea95084c37ed2779ae6bd74031bdbce047fea45d6f0945550420881a99beef2fdb7dc60357b2e1775d5abf2f58c3afcdf1fbc63699185197404bc06f1455bcaaa23e504acfdd47a6d9a5f34c749fa8dd892a80d0a73f190c34ff7035ac8dfcb5f2103b6c0ad61f5e8ee88e81791d1addb92c6d6d8d4a5bd634fa74c63d6127c5139578aaff954e2ead386b508f3ade1f8fd7188efb916252d2356c799d35c203,gx-no-cache=1496755060712 HTTP/1.1" 200 30
186.79.182.66 - - [06/Jun/2017:10:21:17 -0300] "POST /cormun/servlet/solicitudot?gx-no-cache=1496755060831 HTTP/1.1" 200 30
186.79.182.66 - - [06/Jun/2017:10:21:17 -0300] "POST /cormun/servlet/solicitudot?gx-no-cache=1496755061366 HTTP/1.1" 200 1301
186.79.182.66 - - [06/Jun/2017:10:21:17 -0300] "POST /cormun/servlet/solicitudot?gx-no-cache=1496755061675 HTTP/1.1" 200 41
200.86.184.230 - - [06/Jun/2017:10:21:20 -0300] "GET /cormun/servlet/trpermisosingoce? HTTP/1.1" 200 7530
200.86.184.230 - - [06/Jun/2017:10:21:20 -0300] "GET /cormun/static/gxcfg.js?201742714253516 HTTP/1.1" 200 953
200.86.184.230 - - [06/Jun/2017:10:21:20 -0300] "GET /cormun/static/trpermisosingoce.js?201742714253970 HTTP/1.1" 200 34472
200.86.184.230 - - [06/Jun/2017:10:21:21 -0300] "GET /cormun/servlet/trpermisosingoce? HTTP/1.1" 200 7530
200.86.184.230 - - [06/Jun/2017:10:21:27 -0300] "GET /cormun/servlet/permisosingoce?INS,0, HTTP/1.1" 200 6600
200.86.184.230 - - [06/Jun/2017:10:21:27 -0300] "GET /cormun/static/gxcfg.js?201752511551633 HTTP/1.1" 200 953
200.86.184.230 - - [06/Jun/2017:10:21:27 -0300] "GET /cormun/static/permisosingoce.js?20175251155177 HTTP/1.1" 200 25800
200.86.184.230 - - [06/Jun/2017:10:21:28 -0300] "GET /cormun/servlet/permisosingoce?INS,0, HTTP/1.1" 200 6601
186.79.182.66 - - [06/Jun/2017:10:21:28 -0300] "GET /cormun/servlet/solicitudot?d39c73a1a06142af2fcd27de893d1efc8a1b06ff45d96abb0f6ccc4660495d5d7d3cce9c4b2c52d3d41e2b67eda47cdf0a9098f82ab2148ff36c2e8a694153d8b3b0cf4360cd863915bb15b761027128f35af9b5fa4d667f5b877aa73f1266ae0d3ea14afc6b5ecd96986dadd85830c5db39e1ae8828f06ff8ee549f2f19dbcc690f04e816e99decfd1ea22a08d5245c091fab57ba6f98cd6ca6d16feaeda6ec,gx-no-cache=1496755072801 HTTP/1.1" 200 29
186.79.182.66 - - [06/Jun/2017:10:21:28 -0300] "POST /cormun/servlet/solicitudot?gx-no-cache=1496755072915 HTTP/1.1" 200 1280
186.79.182.66 - - [06/Jun/2017:10:21:29 -0300] "POST /cormun/servlet/solicitudot?gx-no-cache=1496755073147 HTTP/1.1" 200 30
186.79.182.66 - - [06/Jun/2017:10:21:29 -0300] "POST /cormun/servlet/solicitudot?3b45d6d4f2183f7d32bbb11fee8d1f3f,UPD,2017,6738,,gx-no-cache=1496755073313 HTTP/1.1" 200 93
186.79.182.66 - - [06/Jun/2017:10:21:29 -0300] "GET /cormun/servlet/hpexe_return? HTTP/1.1" 200 1010
186.79.182.66 - - [06/Jun/2017:10:21:30 -0300] "GET /cormun/servlet/trsolicitudot HTTP/1.1" 200 11265
186.79.182.66 - - [06/Jun/2017:10:21:31 -0300] "GET /cormun/servlet/trsolicitudot HTTP/1.1" 200 11260
200.86.184.230 - - [06/Jun/2017:10:22:19 -0300] "GET /cormun/servlet/permisosingoce?7386348459dc7d7fc0f99f1be2216d2274048f5c4e83a40ad4aa114d7b21a67983f209c1342eee8598ebfc305936129a,gx-no-cache=1496756224798 HTTP/1.1" 200 81
200.86.184.230 - - [06/Jun/2017:10:22:19 -0300] "GET /cormun/servlet/permisosingoce?7386348459dc7d7fc0f99f1be2216d222bcbec0f57c7a8b704643ad02e724c6acecc78fa19be1ab93f9b54fbe106c98a,gx-no-cache=1496756225709 HTTP/1.1" 200 107
200.86.184.230 - - [06/Jun/2017:10:22:19 -0300] "GET /cormun/static/Shared/jqueryui/images/ui-bg_highlight-soft_100_c6c2c8_1x100.png HTTP/1.1" 404 1117
200.86.184.230 - - [06/Jun/2017:10:22:19 -0300] "GET /cormun/static/Shared/jqueryui/images/ui-icons_82798d_256x240.png HTTP/1.1" 404 1089
200.86.184.230 - - [06/Jun/2017:10:22:19 -0300] "GET /cormun/static/Shared/jqueryui/images/ui-bg_flat_55_994d53_40x100.png HTTP/1.1" 404 1097
200.86.184.230 - - [06/Jun/2017:10:22:19 -0300] "GET /cormun/static/Shared/jqueryui/images/ui-icons_ebccce_256x240.png HTTP/1.1" 404 1089
200.86.184.230 - - [06/Jun/2017:10:22:21 -0300] "GET /cormun/servlet/permisosingoce?7386348459dc7d7fc0f99f1be2216d22469e0a601e823bba3d88fb09f9b79d2cfa52b4fc50baf1e9d28576d4cd110f172f6952d47d2439ed1b7c90e6a6f5cdb59ee1f246d37ae54af41a766a871d0652ee626bce9fea223bc903b97af1c19a7834b18cca5e76aaef5ae9f3b1255d395ecc8fbe166d6f3604f583cdea729b55715fd14e0bf487ca8c2ba45802d403ee61,gx-no-cache=1496756228183 HTTP/1.1" 200 117
186.79.182.66 - - [06/Jun/2017:10:22:32 -0300] "POST /cormun/servlet/trsolicitudot?3b45d6d4f2183f7d32bbb11fee8d1f3f,gx-no-cache=1496755135955 HTTP/1.1" 200 8431
186.79.182.66 - - [06/Jun/2017:10:22:33 -0300] "GET /cormun/static/Shared/jqueryui/images/ui-bg_highlight-soft_100_c6c2c8_1x100.png HTTP/1.1" 404 1117
186.79.182.66 - - [06/Jun/2017:10:22:33 -0300] "GET /cormun/static/Shared/jqueryui/images/ui-icons_82798d_256x240.png HTTP/1.1" 404 1089
186.79.182.66 - - [06/Jun/2017:10:22:33 -0300] "GET /cormun/static/Shared/jqueryui/images/ui-bg_flat_55_fafafa_40x100.png HTTP/1.1" 404 1097
186.79.182.66 - - [06/Jun/2017:10:22:33 -0300] "GET /cormun/static/Shared/jqueryui/images/ui-icons_8d78a5_256x240.png HTTP/1.1" 404 1089
186.79.182.66 - - [06/Jun/2017:10:22:34 -0300] "POST /cormun/servlet/trsolicitudot?3b45d6d4f2183f7d32bbb11fee8d1f3f,gx-no-cache=1496755137616 HTTP/1.1" 200 8373
200.86.184.230 - - [06/Jun/2017:10:22:39 -0300] "GET /cormun/servlet/permisosingoce?7386348459dc7d7fc0f99f1be2216d222bcbec0f57c7a8b704643ad02e724c6acecc78fa19be1ab93f9b54fbe106c98a,gx-no-cache=1496756246233 HTTP/1.1" 200 107
200.86.184.230 - - [06/Jun/2017:10:22:40 -0300] "GET /cormun/servlet/permisosingoce?7386348459dc7d7fc0f99f1be2216d22469e0a601e823bba3d88fb09f9b79d2cfa52b4fc50baf1e9d28576d4cd110f172f6952d47d2439ed1b7c90e6a6f5cdb59ee1f246d37ae54af41a766a871d0652ee626bce9fea223bc903b97af1c19a7834b18cca5e76aaef5ae9f3b1255d395ecc8fbe166d6f3604f583cdea729b55715fd14e0bf487ca8c2ba45802d403ee61,gx-no-cache=1496756246501 HTTP/1.1" 200 117
186.79.182.66 - - [06/Jun/2017:10:22:45 -0300] "POST /cormun/servlet/trsolicitudot?3b45d6d4f2183f7d32bbb11fee8d1f3f,gx-no-cache=1496755148707 HTTP/1.1" 200 8430
186.79.182.66 - - [06/Jun/2017:10:22:46 -0300] "POST /cormun/servlet/trsolicitudot?3b45d6d4f2183f7d32bbb11fee8d1f3f,gx-no-cache=1496755150513 HTTP/1.1" 200 8373
200.86.184.230 - - [06/Jun/2017:10:22:54 -0300] "GET /cormun/servlet/permisosingoce?7386348459dc7d7fc0f99f1be2216d22774d0034024e0513c9b2990deb44c2ddab44f159537c605bfe3d8f3542df97ec,gx-no-cache=1496756260782 HTTP/1.1" 200 33
186.79.182.66 - - [06/Jun/2017:10:22:58 -0300] "POST /cormun/servlet/trsolicitudot?3b45d6d4f2183f7d32bbb11fee8d1f3f,gx-no-cache=1496755161918 HTTP/1.1" 200 8428
200.86.184.230 - - [06/Jun/2017:10:22:58 -0300] "GET /cormun/servlet/permisosingoce?7386348459dc7d7fc0f99f1be2216d22469e0a601e823bba3d88fb09f9b79d2cfa52b4fc50baf1e9d28576d4cd110f172f6952d47d2439ed1b7c90e6a6f5cdb59ee1f246d37ae54af41a766a871d0652ee626bce9fea223bc903b97af1c19a7834b18cca5e76aaef5ae9f3b1255d395e8583741490fdf633e9dfb1de3947f477c50388a263139c364ba7312bcbe08523,gx-no-cache=1496756265318 HTTP/1.1" 200 41
186.79.182.66 - - [06/Jun/2017:10:22:59 -0300] "POST /cormun/servlet/trsolicitudot?3b45d6d4f2183f7d32bbb11fee8d1f3f,gx-no-cache=1496755163370 HTTP/1.1" 200 8370
186.79.182.66 - - [06/Jun/2017:10:23:11 -0300] "POST /cormun/servlet/trsolicitudot?3b45d6d4f2183f7d32bbb11fee8d1f3f,gx-no-cache=1496755175328 HTTP/1.1" 200 8421
186.79.182.66 - - [06/Jun/2017:10:23:13 -0300] "POST /cormun/servlet/trsolicitudot?3b45d6d4f2183f7d32bbb11fee8d1f3f,gx-no-cache=1496755176885 HTTP/1.1" 200 8365
200.86.184.230 - - [06/Jun/2017:10:23:19 -0300] "POST /cormun/servlet/permisosingoce?94b72a40afe76dfb184c51188af5c65c,INS,0,,gx-no-cache=1496756285798 HTTP/1.1" 200 93
200.86.184.230 - - [06/Jun/2017:10:23:19 -0300] "GET /cormun/servlet/hpexe_return? HTTP/1.1" 200 1012
200.86.184.230 - - [06/Jun/2017:10:23:20 -0300] "GET /cormun/static/gxcfg.js?2016101716175148 HTTP/1.1" 304 -
200.86.184.230 - - [06/Jun/2017:10:23:20 -0300] "GET /cormun/servlet/trpermisosingoce HTTP/1.1" 200 7808
200.86.184.230 - - [06/Jun/2017:10:23:20 -0300] "GET /cormun/servlet/trpermisosingoce HTTP/1.1" 200 7804
186.79.182.66 - - [06/Jun/2017:10:23:29 -0300] "GET /cormun/servlet/hlogin HTTP/1.1" 200 1717
200.86.184.230 - - [06/Jun/2017:10:23:37 -0300] "GET /cormun/servlet/apermisosingoceprn?139,PU HTTP/1.1" 200 1643
186.79.182.66 - - [06/Jun/2017:10:23:46 -0300] "POST /cormun/servlet/hlogin?3b45d6d4f2183f7d32bbb11fee8d1f3f,gx-no-cache=1496755210153 HTTP/1.1" 200 90
186.79.182.66 - - [06/Jun/2017:10:23:46 -0300] "GET /cormun/servlet/hpexe_link HTTP/1.1" 200 947
186.79.182.66 - - [06/Jun/2017:10:23:46 -0300] "GET /cormun/servlet/hhome HTTP/1.1" 200 3975
186.79.182.66 - - [06/Jun/2017:10:23:48 -0300] "GET /cormun/servlet/hhome HTTP/1.1" 200 3971
186.79.182.66 - - [06/Jun/2017:10:24:02 -0300] "GET /cormun/servlet/trautorizarsolicitud? HTTP/1.1" 200 9301
186.79.182.66 - - [06/Jun/2017:10:24:02 -0300] "GET /cormun/static/gxcfg.js?20174261241362 HTTP/1.1" 304 -
186.79.182.66 - - [06/Jun/2017:10:24:02 -0300] "GET /cormun/static/trautorizarsolicitud.js?201742612414370 HTTP/1.1" 304 -
186.79.182.66 - - [06/Jun/2017:10:24:04 -0300] "GET /cormun/servlet/trautorizarsolicitud? HTTP/1.1" 200 9299
186.103.159.43 - - [06/Jun/2017:10:24:08 -0300] "GET /cormun/servlet/licenciaspermisos?7cb73f72ea47d6e5c5b43f5adbf175cc0617d68571db10abbfea3f12e72e947e9c7e3fb9ac434892e8f7803cc8bd964592cc8ec001e88251b3beb3de3863a40995e6b566b28b89f1d1400036355e170d88f68c3f4159e1cdaab8b195aeff05ade342bd4745ee1f7c77c5d3844a175fb79b046446f7d0313f0ff2fa87f3d2ae9c0d83665e9ffa4ef900cb60600dfc354c409062238b676961f4d80ae26114568ac8882a48ff0d69efb93a5f6afd8d86a7,gx-no-cache=1496755503684 HTTP/1.1" 200 30
186.103.159.43 - - [06/Jun/2017:10:24:08 -0300] "GET /cormun/servlet/licenciaspermisos?7cb73f72ea47d6e5c5b43f5adbf175ccbcf4c0de5f964aaf33e61e595ffba1065eb03eaab73341ef5e2e33b2d81edc13bf53f44fd63e8bfd1ba9c4da9b8071566e07cccda057ed88f6710cdb531f5a3d73bd759fecaff3e31188df40a8d3589180c3dae3ca9dd61a26489cb9e381f32f01beb73243e73e8b8f73fe4402079dac35cef24cfa56acd25c3ec894e6549c45fa53b771a062878bb7560c720f4c9ad58a7f54635119a637f3dd97566409cbbe,gx-no-cache=1496755504017 HTTP/1.1" 200 29
186.103.159.43 - - [06/Jun/2017:10:24:09 -0300] "POST /cormun/servlet/licenciaspermisos?666e126d3ff1ef9d8c04bd98396d6802,INS,0,,,,gx-no-cache=1496755504108 HTTP/1.1" 200 93
186.103.159.43 - - [06/Jun/2017:10:24:09 -0300] "GET /cormun/servlet/hpexe_return? HTTP/1.1" 200 1013
186.103.159.43 - - [06/Jun/2017:10:24:09 -0300] "GET /cormun/servlet/trlicencias? HTTP/1.1" 200 11176
186.103.159.43 - - [06/Jun/2017:10:24:11 -0300] "GET /cormun/servlet/trlicencias? HTTP/1.1" 200 11171
186.79.182.66 - - [06/Jun/2017:10:24:16 -0300] "POST /cormun/servlet/trautorizarsolicitud?3b45d6d4f2183f7d32bbb11fee8d1f3f,,gx-no-cache=1496755239677 HTTP/1.1" 200 6232
186.79.182.66 - - [06/Jun/2017:10:24:16 -0300] "GET /cormun/static/Shared/jqueryui/images/ui-bg_highlight-soft_100_c6c2c8_1x100.png HTTP/1.1" 404 1117
186.79.182.66 - - [06/Jun/2017:10:24:16 -0300] "GET /cormun/static/Shared/jqueryui/images/ui-icons_82798d_256x240.png HTTP/1.1" 404 1089
186.79.182.66 - - [06/Jun/2017:10:24:16 -0300] "GET /cormun/static/Shared/jqueryui/images/ui-bg_flat_55_fafafa_40x100.png HTTP/1.1" 404 1097
186.79.182.66 - - [06/Jun/2017:10:24:16 -0300] "GET /cormun/static/Shared/jqueryui/images/ui-icons_8d78a5_256x240.png HTTP/1.1" 404 1089
186.79.182.66 - - [06/Jun/2017:10:24:17 -0300] "POST /cormun/servlet/trautorizarsolicitud?3b45d6d4f2183f7d32bbb11fee8d1f3f,,gx-no-cache=1496755241002 HTTP/1.1" 200 6177
186.79.182.66 - - [06/Jun/2017:10:24:21 -0300] "POST /cormun/servlet/trautorizarsolicitud?3b45d6d4f2183f7d32bbb11fee8d1f3f,,gx-no-cache=1496755244937 HTTP/1.1" 200 5880
186.79.182.66 - - [06/Jun/2017:10:24:22 -0300] "POST /cormun/servlet/trautorizarsolicitud?3b45d6d4f2183f7d32bbb11fee8d1f3f,,gx-no-cache=1496755245775 HTTP/1.1" 200 5825
186.79.182.66 - - [06/Jun/2017:10:24:24 -0300] "POST /cormun/servlet/trautorizarsolicitud?3b45d6d4f2183f7d32bbb11fee8d1f3f,,gx-no-cache=1496755248092 HTTP/1.1" 200 5466
186.79.182.66 - - [06/Jun/2017:10:24:25 -0300] "POST /cormun/servlet/trautorizarsolicitud?3b45d6d4f2183f7d32bbb11fee8d1f3f,,gx-no-cache=1496755249321 HTTP/1.1" 200 5412
186.79.182.66 - - [06/Jun/2017:10:24:27 -0300] "POST /cormun/servlet/trautorizarsolicitud?3b45d6d4f2183f7d32bbb11fee8d1f3f,,gx-no-cache=1496755251093 HTTP/1.1" 200 4334
186.79.182.66 - - [06/Jun/2017:10:24:27 -0300] "POST /cormun/servlet/trautorizarsolicitud?3b45d6d4f2183f7d32bbb11fee8d1f3f,,gx-no-cache=1496755251757 HTTP/1.1" 200 4098
186.79.182.66 - - [06/Jun/2017:10:24:36 -0300] "POST /cormun/servlet/trautorizarsolicitud?3b45d6d4f2183f7d32bbb11fee8d1f3f,,gx-no-cache=1496755260661 HTTP/1.1" 200 6935
186.79.182.66 - - [06/Jun/2017:10:24:56 -0300] "POST /cormun/servlet/trautorizarsolicitud?3b45d6d4f2183f7d32bbb11fee8d1f3f,,gx-no-cache=1496755280089 HTTP/1.1" 200 4120
186.79.182.66 - - [06/Jun/2017:10:25:09 -0300] "POST /cormun/servlet/trautorizarsolicitud?3b45d6d4f2183f7d32bbb11fee8d1f3f,,gx-no-cache=1496755292887 HTTP/1.1" 200 6935
186.79.182.66 - - [06/Jun/2017:10:25:15 -0300] "POST /cormun/servlet/trautorizarsolicitud?3b45d6d4f2183f7d32bbb11fee8d1f3f,,gx-no-cache=1496755298348 HTTP/1.1" 200 6947
186.79.182.66 - - [06/Jun/2017:10:25:31 -0300] "POST /cormun/servlet/trautorizarsolicitud?3b45d6d4f2183f7d32bbb11fee8d1f3f,,gx-no-cache=1496755315438 HTTP/1.1" 200 4118
186.79.182.66 - - [06/Jun/2017:10:25:38 -0300] "POST /cormun/servlet/trautorizarsolicitud?3b45d6d4f2183f7d32bbb11fee8d1f3f,,gx-no-cache=1496755322439 HTTP/1.1" 200 6208
186.79.182.66 - - [06/Jun/2017:10:25:52 -0300] "POST /cormun/servlet/trautorizarsolicitud?3b45d6d4f2183f7d32bbb11fee8d1f3f,,gx-no-cache=1496755336137 HTTP/1.1" 200 4118
186.79.182.66 - - [06/Jun/2017:10:25:58 -0300] "POST /cormun/servlet/trautorizarsolicitud?3b45d6d4f2183f7d32bbb11fee8d1f3f,,gx-no-cache=1496755341936 HTTP/1.1" 200 4118
186.79.182.66 - - [06/Jun/2017:10:26:02 -0300] "POST /cormun/servlet/trautorizarsolicitud?3b45d6d4f2183f7d32bbb11fee8d1f3f,,gx-no-cache=1496755346611 HTTP/1.1" 200 8052
186.103.159.43 - - [06/Jun/2017:10:27:39 -0300] "GET /cormun/servlet/hlogin HTTP/1.1" 200 1719
186.103.159.43 - - [06/Jun/2017:10:27:41 -0300] "POST /cormun/servlet/hlogin?6240ff46f7a554055c4fd6fc18cb1f70,gx-no-cache=1496755716966 HTTP/1.1" 200 90
186.103.159.43 - - [06/Jun/2017:10:27:41 -0300] "GET /cormun/servlet/hpexe_link HTTP/1.1" 200 951
186.103.159.43 - - [06/Jun/2017:10:27:42 -0300] "GET /cormun/servlet/hhome HTTP/1.1" 200 3762
186.103.159.43 - - [06/Jun/2017:10:27:42 -0300] "GET /cormun/servlet/hhome HTTP/1.1" 200 3759
186.103.159.43 - - [06/Jun/2017:10:27:46 -0300] "GET /cormun/servlet/trlicencias? HTTP/1.1" 200 11167
186.103.159.43 - - [06/Jun/2017:10:27:47 -0300] "GET /cormun/servlet/trlicencias? HTTP/1.1" 200 11167
186.103.159.43 - - [06/Jun/2017:10:27:52 -0300] "GET /cormun/servlet/trlicenciaspermisosadjuntos?18039387,20170606000000,L, HTTP/1.1" 200 6102
186.103.159.43 - - [06/Jun/2017:10:27:52 -0300] "GET /cormun/static/gxcfg.js?20175251265349 HTTP/1.1" 200 953
186.103.159.43 - - [06/Jun/2017:10:27:52 -0300] "GET /cormun/static/trlicenciaspermisosadjuntos.js?2017525126577 HTTP/1.1" 200 21036
186.103.159.43 - - [06/Jun/2017:10:27:53 -0300] "GET /cormun/servlet/trlicenciaspermisosadjuntos?18039387,20170606000000,L, HTTP/1.1" 200 6101
186.67.172.234 - - [06/Jun/2017:10:27:53 -0300] "GET /cormun/static/menuarrow.gif HTTP/1.1" 404 1015
186.103.159.43 - - [06/Jun/2017:10:27:57 -0300] "GET /cormun/servlet/licenciaspermisosadjuntos?INS,18039387,L,20170606000000,, HTTP/1.1" 200 5404
186.103.159.43 - - [06/Jun/2017:10:27:57 -0300] "GET /cormun/static/gxcfg.js?201752511544364 HTTP/1.1" 200 953
186.103.159.43 - - [06/Jun/2017:10:27:57 -0300] "GET /cormun/static/licenciaspermisosadjuntos.js?201752511544378 HTTP/1.1" 200 8760
186.103.159.43 - - [06/Jun/2017:10:27:57 -0300] "GET /cormun/static/about:blank HTTP/1.1" 404 1011
186.103.159.43 - - [06/Jun/2017:10:27:58 -0300] "GET /cormun/servlet/licenciaspermisosadjuntos?INS,18039387,L,20170606000000,, HTTP/1.1" 200 5394
200.112.4.111 - - [06/Jun/2017:10:28:32 -0300] "GET /cormun/servlet/hlogin HTTP/1.1" 200 1729
200.112.4.111 - - [06/Jun/2017:10:28:33 -0300] "GET /cormun/static/gxcfg.js?20175251213516 HTTP/1.1" 304 -
200.112.4.111 - - [06/Jun/2017:10:28:33 -0300] "GET /cormun/servlet/hlogin HTTP/1.1" 200 1733
200.112.4.111 - - [06/Jun/2017:10:28:45 -0300] "POST /cormun/servlet/hlogin?bd395d8098897abba953e463216518ed,gx-no-cache=1496755780878 HTTP/1.1" 200 90
200.112.4.111 - - [06/Jun/2017:10:28:45 -0300] "GET /cormun/servlet/hpexe_link HTTP/1.1" 200 955
200.112.4.111 - - [06/Jun/2017:10:28:45 -0300] "GET /cormun/static/gxcfg.js?20175251212395 HTTP/1.1" 304 -
200.112.4.111 - - [06/Jun/2017:10:28:45 -0300] "GET /cormun/servlet/hhome HTTP/1.1" 200 3973
200.112.4.111 - - [06/Jun/2017:10:28:46 -0300] "GET /cormun/static/gxcfg.js?20175251212442 HTTP/1.1" 304 -
200.112.4.111 - - [06/Jun/2017:10:28:46 -0300] "GET /cormun/static/hpexe_recentlink.js?201610171694390 HTTP/1.1" 200 2144
200.112.4.111 - - [06/Jun/2017:10:28:46 -0300] "GET /cormun/static/hpexe_messagecontroller.js?201610171694323 HTTP/1.1" 200 870
200.112.4.111 - - [06/Jun/2017:10:28:46 -0300] "GET /cormun/static/hpexe_messagepopupcomponent.js?20161017169425 HTTP/1.1" 200 605
200.112.4.111 - - [06/Jun/2017:10:28:46 -0300] "GET /cormun/static/gxui/gxui-all.js HTTP/1.1" 200 107772
200.112.4.111 - - [06/Jun/2017:10:28:47 -0300] "GET /cormun/servlet/hhome HTTP/1.1" 200 3969
200.112.4.111 - - [06/Jun/2017:10:28:53 -0300] "GET /cormun/servlet/trlicencias? HTTP/1.1" 200 12170
200.112.4.111 - - [06/Jun/2017:10:28:53 -0300] "GET /cormun/static/gxcfg.js?20175222047249 HTTP/1.1" 304 -
200.112.4.111 - - [06/Jun/2017:10:28:54 -0300] "GET /cormun/static/Resources/Spanish/PXTools.css?11294912 HTTP/1.1" 200 89042
186.103.159.43 - - [06/Jun/2017:10:28:54 -0300] "POST /cormun/servlet/licenciaspermisosadjuntos?6240ff46f7a554055c4fd6fc18cb1f70,INS,18039387,L,20170606000000,, HTTP/1.1" 200 116
186.103.159.43 - - [06/Jun/2017:10:28:54 -0300] "GET /cormun/servlet/hpexe_return? HTTP/1.1" 200 1041
186.103.159.43 - - [06/Jun/2017:10:28:55 -0300] "GET /cormun/servlet/trlicenciaspermisosadjuntos?18039387,20170606000000,L, HTTP/1.1" 200 6574
200.112.4.111 - - [06/Jun/2017:10:28:55 -0300] "GET /cormun/servlet/trlicencias? HTTP/1.1" 200 12146
186.103.159.43 - - [06/Jun/2017:10:28:56 -0300] "GET /cormun/servlet/trlicenciaspermisosadjuntos?18039387,20170606000000,L, HTTP/1.1" 200 6571
186.103.159.43 - - [06/Jun/2017:10:29:22 -0300] "GET /cormun/servlet/hlogin HTTP/1.1" 200 1717
200.112.4.111 - - [06/Jun/2017:10:29:24 -0300] "GET /cormun/servlet/licenciaspermisos?INS,0,,, HTTP/1.1" 200 7405
200.112.4.111 - - [06/Jun/2017:10:29:24 -0300] "GET /cormun/static/gxcfg.js?201752220471843 HTTP/1.1" 304 -
186.103.159.43 - - [06/Jun/2017:10:29:25 -0300] "POST /cormun/servlet/hlogin?3379ef2c3f983326bf985e2d5c67c025,gx-no-cache=1496755820211 HTTP/1.1" 200 90
186.103.159.43 - - [06/Jun/2017:10:29:25 -0300] "GET /cormun/servlet/hpexe_link HTTP/1.1" 200 946
186.103.159.43 - - [06/Jun/2017:10:29:25 -0300] "GET /cormun/servlet/hhome HTTP/1.1" 200 3760
186.103.159.43 - - [06/Jun/2017:10:29:26 -0300] "GET /cormun/servlet/hhome HTTP/1.1" 200 3756
200.112.4.111 - - [06/Jun/2017:10:29:26 -0300] "GET /cormun/servlet/licenciaspermisos?INS,0,,, HTTP/1.1" 200 7405
200.112.4.111 - - [06/Jun/2017:10:29:29 -0300] "GET /cormun/servlet/prfichaempleado?,MD,,gxPopupLevel%3D0%3B HTTP/1.1" 200 8799
200.112.4.111 - - [06/Jun/2017:10:29:30 -0300] "GET /cormun/static/gxcfg.js?2017319125415 HTTP/1.1" 304 -
200.112.4.111 - - [06/Jun/2017:10:29:30 -0300] "GET /cormun/static/menusearch.js?201610171694467 HTTP/1.1" 200 1424
200.112.4.111 - - [06/Jun/2017:10:29:30 -0300] "GET /cormun/static/prfichaempleado.js?20173191254344 HTTP/1.1" 200 16006
186.103.159.43 - - [06/Jun/2017:10:29:31 -0300] "GET /cormun/servlet/trlicencias? HTTP/1.1" 200 11167
200.86.95.220 - - [06/Jun/2017:10:29:31 -0300] "GET /cormun/servlet/hlogin HTTP/1.1" 200 1722
200.86.95.220 - - [06/Jun/2017:10:29:31 -0300] "GET /cormun/static/gxcfg.js?20175251213516 HTTP/1.1" 304 -
186.103.159.43 - - [06/Jun/2017:10:29:31 -0300] "GET /cormun/servlet/trlicencias? HTTP/1.1" 200 11164
186.103.159.43 - - [06/Jun/2017:10:29:38 -0300] "GET /cormun/servlet/trlicenciaspermisosadjuntos?18039387,20170606000000,L, HTTP/1.1" 200 6568
186.103.159.43 - - [06/Jun/2017:10:29:39 -0300] "GET /cormun/servlet/trlicenciaspermisosadjuntos?18039387,20170606000000,L, HTTP/1.1" 200 6568
200.86.95.220 - - [06/Jun/2017:10:29:41 -0300] "POST /cormun/servlet/hlogin?e4929c4432aff29a79848f3ebca65954,gx-no-cache=1496755837412 HTTP/1.1" 200 90
200.86.95.220 - - [06/Jun/2017:10:29:42 -0300] "GET /cormun/servlet/hpexe_link HTTP/1.1" 200 953
200.86.95.220 - - [06/Jun/2017:10:29:42 -0300] "GET /cormun/static/gxcfg.js?20175251212395 HTTP/1.1" 304 -
200.86.95.220 - - [06/Jun/2017:10:29:42 -0300] "GET /cormun/servlet/hhome HTTP/1.1" 200 3781
200.86.95.220 - - [06/Jun/2017:10:29:42 -0300] "GET /cormun/static/gxcfg.js?20175251212442 HTTP/1.1" 304 -
200.86.95.220 - - [06/Jun/2017:10:29:43 -0300] "GET /cormun/servlet/hhome HTTP/1.1" 200 3781
200.86.95.220 - - [06/Jun/2017:10:29:46 -0300] "GET /cormun/servlet/trlicencias? HTTP/1.1" 200 11290
200.86.95.220 - - [06/Jun/2017:10:29:46 -0300] "GET /cormun/static/gxcfg.js?20175222047249 HTTP/1.1" 304 -
200.86.95.220 - - [06/Jun/2017:10:29:47 -0300] "GET /cormun/servlet/trlicencias? HTTP/1.1" 200 11296
200.112.4.111 - - [06/Jun/2017:10:29:48 -0300] "POST /cormun/servlet/prfichaempleado?bd395d8098897abba953e463216518ed,,MD,,gxPopupLevel%3D0%3B,gx-no-cache=1496755839127 HTTP/1.1" 200 3419
186.103.159.43 - - [06/Jun/2017:10:29:52 -0300] "GET /cormun/servlet/hlogin HTTP/1.1" 200 1716
186.103.159.43 - - [06/Jun/2017:10:29:54 -0300] "POST /cormun/servlet/hlogin?9e89397b70a23b31e11d9a41e4e8e98e,gx-no-cache=1496755849818 HTTP/1.1" 200 90
186.103.159.43 - - [06/Jun/2017:10:29:54 -0300] "GET /cormun/servlet/hpexe_link HTTP/1.1" 200 948
186.103.159.43 - - [06/Jun/2017:10:29:55 -0300] "GET /cormun/servlet/hhome HTTP/1.1" 200 3762
200.86.95.220 - - [06/Jun/2017:10:29:55 -0300] "POST /cormun/servlet/trlicencias?e4929c4432aff29a79848f3ebca65954,,gx-no-cache=1496755850406 HTTP/1.1" 200 3923
186.103.159.43 - - [06/Jun/2017:10:29:55 -0300] "GET /cormun/servlet/hhome HTTP/1.1" 200 3759
200.86.95.220 - - [06/Jun/2017:10:29:57 -0300] "GET /cormun/servlet/licenciaspermisos?INS,0,,, HTTP/1.1" 200 7205
200.86.95.220 - - [06/Jun/2017:10:29:57 -0300] "GET /cormun/static/gxcfg.js?201752220471843 HTTP/1.1" 304 -
200.86.95.220 - - [06/Jun/2017:10:29:58 -0300] "GET /cormun/servlet/licenciaspermisos?INS,0,,, HTTP/1.1" 200 7204
186.103.159.43 - - [06/Jun/2017:10:30:01 -0300] "GET /cormun/servlet/trlicencias? HTTP/1.1" 200 11167
186.103.159.43 - - [06/Jun/2017:10:30:02 -0300] "GET /cormun/servlet/trlicencias? HTTP/1.1" 200 11168
186.103.159.43 - - [06/Jun/2017:10:30:05 -0300] "GET /cormun/servlet/alicenciaprn?18039387,L,20170606000000,PU HTTP/1.1" 200 1531
200.86.95.220 - - [06/Jun/2017:10:30:10 -0300] "GET /cormun/servlet/licenciaspermisos?992e17d524118e4d5b1c35f68cb92b1726a5601f125cbc1d0df039686b94a3a5b9f7a2a2c2a93fbcb108dfd115514b1d,gx-no-cache=1496755865624 HTTP/1.1" 200 79
200.86.95.220 - - [06/Jun/2017:10:30:10 -0300] "POST /cormun/servlet/licenciaspermisos?e4929c4432aff29a79848f3ebca65954,INS,0,,,,gx-no-cache=1496755865759 HTTP/1.1" 200 4478
186.67.172.234 - - [06/Jun/2017:10:30:11 -0300] "GET /cormun/servlet/licenciaspermisos?817c7c5390bfc97198279bc3d3df349c8aeb5f069121cb534228a5adcee6451effd5a099fd1bc6929bc4c5a503dd994eac9251794245459e48cf28be5c2f10c39029f2265dc5abd00f26f8afd950a7d51d0b7b9d20e361757e4c182c2998ebca6a551a80d5fea9f5abbf3692b6d3d8083d11aaf2bbbe9908dc21127d8f365fdf856e1f5637ac56e55ffd57a0a6bc254f6f9344aa4be08a6d7cd9d36866df1ccd6577192da1724d469e2707b5298b49b0,gx-no-cache=1496755864560 HTTP/1.1" 200 30
186.67.172.234 - - [06/Jun/2017:10:30:25 -0300] "GET /cormun/servlet/licenciaspermisos?817c7c5390bfc97198279bc3d3df349ca78401a15a988e798306980a8147b806517971090cdadedbc235431e8322aea845f974c78f7939de71a561f2f83aaae9f7c1b4f6cb65659f388ca0aaff173ddca4962346761639421e73751bc9504d8e5dd3a7d09115e4434a801c0d01bc53a4df9483d05f3efec53825932891f1c27c63931b06c786ca0ea15c6108f1ca38ee8e3ab4dd1f788dfb8858a2474eb8c3f07c4a844899597c26c0b687f27519dd08,gx-no-cache=1496755878624 HTTP/1.1" 200 65
186.67.172.234 - - [06/Jun/2017:10:30:25 -0300] "POST /cormun/servlet/licenciaspermisos?99e667c9a80ca7fe1316fda8d84d5e3a,INS,0,,,,gx-no-cache=1496755878663 HTTP/1.1" 200 93
186.67.172.234 - - [06/Jun/2017:10:30:25 -0300] "GET /cormun/servlet/hpexe_return? HTTP/1.1" 200 1008
186.67.172.234 - - [06/Jun/2017:10:30:25 -0300] "GET /cormun/static/gxcfg.js?2016101716175148 HTTP/1.1" 200 953
186.67.172.234 - - [06/Jun/2017:10:30:25 -0300] "GET /cormun/static/hpexe_return.js?2016101716175153 HTTP/1.1" 200 1633
186.67.172.234 - - [06/Jun/2017:10:30:25 -0300] "GET /cormun/static/Resources/Spanish/PXTools.css?167811 HTTP/1.1" 200 89042
186.67.172.234 - - [06/Jun/2017:10:30:26 -0300] "GET /cormun/servlet/trlicencias HTTP/1.1" 200 14110
186.67.172.234 - - [06/Jun/2017:10:30:26 -0300] "GET /cormun/servlet/trlicencias HTTP/1.1" 200 14120
200.112.4.111 - - [06/Jun/2017:10:31:18 -0300] "GET /cormun/servlet/licenciaspermisos?39e7fa9e1dd214d1a187ad471abe7381f3efdf064969d00e4783370388b19ef6d6880f7cf28b77467de85db7be1d968f,gx-no-cache=1496755933850 HTTP/1.1" 200 112
200.112.4.111 - - [06/Jun/2017:10:31:18 -0300] "POST /cormun/servlet/licenciaspermisos?bd395d8098897abba953e463216518ed,INS,0,,,,gx-no-cache=1496755934012 HTTP/1.1" 200 4715
200.112.4.111 - - [06/Jun/2017:10:31:45 -0300] "GET /cormun/static/menuarrow.gif HTTP/1.1" 404 1015
200.86.95.220 - - [06/Jun/2017:10:32:02 -0300] "GET /cormun/static/menuarrow.gif HTTP/1.1" 404 1015
186.67.172.234 - - [06/Jun/2017:10:32:51 -0300] "GET /cormun/servlet/trlicenciaspermisosadjuntos?13947301,20170606000000,L, HTTP/1.1" 200 6111
186.67.172.234 - - [06/Jun/2017:10:32:51 -0300] "GET /cormun/static/gxcfg.js?20175251265349 HTTP/1.1" 200 953
186.67.172.234 - - [06/Jun/2017:10:32:51 -0300] "GET /cormun/static/trlicenciaspermisosadjuntos.js?2017525126577 HTTP/1.1" 200 21036
186.67.172.234 - - [06/Jun/2017:10:32:51 -0300] "GET /cormun/servlet/trlicenciaspermisosadjuntos?13947301,20170606000000,L, HTTP/1.1" 200 6112
186.67.172.234 - - [06/Jun/2017:10:32:53 -0300] "GET /cormun/servlet/licenciaspermisosadjuntos?INS,13947301,L,20170606000000,, HTTP/1.1" 200 5411
186.67.172.234 - - [06/Jun/2017:10:32:53 -0300] "GET /cormun/static/gxcfg.js?201752511544364 HTTP/1.1" 200 953
186.67.172.234 - - [06/Jun/2017:10:32:53 -0300] "GET /cormun/static/licenciaspermisosadjuntos.js?201752511544378 HTTP/1.1" 200 8760
186.67.172.234 - - [06/Jun/2017:10:32:53 -0300] "GET /cormun/static/about:blank HTTP/1.1" 404 1011
186.67.172.234 - - [06/Jun/2017:10:32:54 -0300] "GET /cormun/servlet/licenciaspermisosadjuntos?INS,13947301,L,20170606000000,, HTTP/1.1" 200 5401
186.67.172.234 - - [06/Jun/2017:10:33:21 -0300] "POST /cormun/servlet/licenciaspermisosadjuntos?99e667c9a80ca7fe1316fda8d84d5e3a,INS,13947301,L,20170606000000,, HTTP/1.1" 200 116
186.67.172.234 - - [06/Jun/2017:10:33:21 -0300] "GET /cormun/servlet/hpexe_return? HTTP/1.1" 200 1037
186.67.172.234 - - [06/Jun/2017:10:33:21 -0300] "GET /cormun/servlet/trlicenciaspermisosadjuntos?13947301,20170606000000,L, HTTP/1.1" 200 6597
186.67.172.234 - - [06/Jun/2017:10:33:22 -0300] "GET /cormun/servlet/trlicenciaspermisosadjuntos?13947301,20170606000000,L, HTTP/1.1" 200 6595
186.67.172.234 - - [06/Jun/2017:10:33:26 -0300] "POST /cormun/servlet/trlicenciaspermisosadjuntos?99e667c9a80ca7fe1316fda8d84d5e3a,13947301,20170606000000,L,,gx-no-cache=1496756059676 HTTP/1.1" 200 90
186.67.172.234 - - [06/Jun/2017:10:33:26 -0300] "GET /cormun/servlet/hpexe_link HTTP/1.1" 200 979
186.67.172.234 - - [06/Jun/2017:10:33:26 -0300] "GET /cormun/servlet/trlicencias HTTP/1.1" 200 13921
186.67.172.234 - - [06/Jun/2017:10:33:26 -0300] "GET /cormun/servlet/trlicencias HTTP/1.1" 200 14122
186.67.172.234 - - [06/Jun/2017:10:33:35 -0300] "GET /cormun/servlet/alicenciaprn?13947301,L,20170606000000,PU HTTP/1.1" 200 1597
186.79.89.75 - - [06/Jun/2017:10:33:38 -0300] "GET /cormun/servlet/hlogin HTTP/1.1" 200 1721
186.79.89.75 - - [06/Jun/2017:10:33:38 -0300] "GET /cormun/static/Resources/Spanish/PXTools.css?11423723 HTTP/1.1" 304 -
186.79.89.75 - - [06/Jun/2017:10:33:38 -0300] "GET /cormun/static/gxcfg.js?20175251213516 HTTP/1.1" 304 -
186.79.89.75 - - [06/Jun/2017:10:33:38 -0300] "GET /cormun/static/gxtimezone.js?85251 HTTP/1.1" 304 -
200.86.95.220 - - [06/Jun/2017:10:33:38 -0300] "GET /cormun/servlet/licenciaspermisos?992e17d524118e4d5b1c35f68cb92b17163667ccce1fa1351074f6cd6ec75598af628baf485449f7b8bba179d4c2a526440dc60279bcc0e4b3f4c36854668eb1d88481bd9eee1664ecda82c65442b3277f6b511e65f87e1642f7eb4bf1ea30c736a2d28bbb5664a3961023f5f94530840ea9b4b25d9c34e1bf811cf600a6439c371dc3da752f06de319a2ae38dc1ab8876875c543fdbfac03049ff61f50d74775c4d46c7db098b8274a7e0bef67d6a5d,gx-no-cache=1496756074485 HTTP/1.1" 200 30
186.79.89.75 - - [06/Jun/2017:10:33:39 -0300] "GET /cormun/static/messages.spa.js?85251 HTTP/1.1" 304 -
200.86.95.220 - - [06/Jun/2017:10:33:39 -0300] "POST /cormun/servlet/licenciaspermisos?e4929c4432aff29a79848f3ebca65954,INS,0,,,,gx-no-cache=1496756074600 HTTP/1.1" 200 4556
186.79.89.75 - - [06/Jun/2017:10:33:42 -0300] "GET /cormun/static/hlogin.js?20175251213537 HTTP/1.1" 304 -
186.79.89.75 - - [06/Jun/2017:10:33:42 -0300] "GET /cormun/servlet/hlogin HTTP/1.1" 200 1732
200.86.95.220 - - [06/Jun/2017:10:33:43 -0300] "GET /cormun/servlet/prfichaempleado?,MD,,gxPopupLevel%3D0%3B HTTP/1.1" 200 8799
200.86.95.220 - - [06/Jun/2017:10:33:43 -0300] "GET /cormun/static/gxcfg.js?2017319125415 HTTP/1.1" 200 953
200.86.95.220 - - [06/Jun/2017:10:33:43 -0300] "GET /cormun/static/hmpwkw011.js?20175251212473 HTTP/1.1" 304 -
200.86.95.220 - - [06/Jun/2017:10:33:54 -0300] "POST /cormun/servlet/prfichaempleado?e4929c4432aff29a79848f3ebca65954,,MD,,gxPopupLevel%3D0%3B,gx-no-cache=1496756090321 HTTP/1.1" 200 3411
186.79.89.75 - - [06/Jun/2017:10:33:56 -0300] "POST /cormun/servlet/hlogin?f72fc4b0b20074a0852ddc4bc60843d3,gx-no-cache=1496752492196 HTTP/1.1" 200 90
186.79.89.75 - - [06/Jun/2017:10:33:56 -0300] "GET /cormun/servlet/hpexe_link HTTP/1.1" 200 953
186.79.89.75 - - [06/Jun/2017:10:33:56 -0300] "GET /cormun/static/gxcfg.js?20175251212395 HTTP/1.1" 304 -
186.79.89.75 - - [06/Jun/2017:10:33:56 -0300] "GET /cormun/static/hpexe_link.js?20175251212399 HTTP/1.1" 304 -
186.79.89.75 - - [06/Jun/2017:10:33:56 -0300] "GET /cormun/servlet/hhome HTTP/1.1" 200 3814
186.79.89.75 - - [06/Jun/2017:10:33:56 -0300] "GET /cormun/static/gxcfg.js?20175251212442 HTTP/1.1" 304 -
186.79.89.75 - - [06/Jun/2017:10:33:57 -0300] "GET /cormun/static/hhome.js?20175251212450 HTTP/1.1" 304 -
186.79.89.75 - - [06/Jun/2017:10:33:57 -0300] "GET /cormun/static/hwchdr01.js?201752511465785 HTTP/1.1" 304 -
186.79.89.75 - - [06/Jun/2017:10:33:57 -0300] "GET /cormun/static/hpexe_recentlink.js?201610171694390 HTTP/1.1" 304 -
186.79.89.75 - - [06/Jun/2017:10:33:57 -0300] "GET /cormun/static/hpexe_scripts.js?201752511465715 HTTP/1.1" 304 -
186.79.89.75 - - [06/Jun/2017:10:33:57 -0300] "GET /cormun/static/hpexe_messagecontroller.js?201610171694323 HTTP/1.1" 304 -
186.79.89.75 - - [06/Jun/2017:10:33:57 -0300] "GET /cormun/static/hpexe_messagepopupcomponent.js?20161017169425 HTTP/1.1" 304 -
186.79.89.75 - - [06/Jun/2017:10:33:57 -0300] "GET /cormun/static/hpexe_messagegenexuscomponent.js?201752511465344 HTTP/1.1" 304 -
186.79.89.75 - - [06/Jun/2017:10:33:57 -0300] "GET /cormun/static/cmcontrolpreferences.js?201752511465670 HTTP/1.1" 304 -
186.79.89.75 - - [06/Jun/2017:10:33:57 -0300] "GET /cormun/static/hmpwkw03.js?2017525121347 HTTP/1.1" 304 -
186.79.89.75 - - [06/Jun/2017:10:33:57 -0300] "GET /cormun/servlet/hhome HTTP/1.1" 200 3812
186.79.89.75 - - [06/Jun/2017:10:34:01 -0300] "GET /cormun/servlet/trlicencias? HTTP/1.1" 200 9671
186.79.89.75 - - [06/Jun/2017:10:34:01 -0300] "GET /cormun/static/Resources/Spanish/PXTools.css?11294912 HTTP/1.1" 304 -
186.79.89.75 - - [06/Jun/2017:10:34:01 -0300] "GET /cormun/static/gxcfg.js?20175222047249 HTTP/1.1" 304 -
186.79.89.75 - - [06/Jun/2017:10:34:01 -0300] "GET /cormun/static/calendar.js?85251 HTTP/1.1" 304 -
186.79.89.75 - - [06/Jun/2017:10:34:01 -0300] "GET /cormun/static/calendar-setup.js?85251 HTTP/1.1" 304 -
186.79.89.75 - - [06/Jun/2017:10:34:01 -0300] "GET /cormun/static/calendar-es.js?85251 HTTP/1.1" 304 -
186.79.89.75 - - [06/Jun/2017:10:34:01 -0300] "GET /cormun/static/gxdec.js?85251 HTTP/1.1" 304 -
186.79.89.75 - - [06/Jun/2017:10:34:01 -0300] "GET /cormun/static/trlicencias.js?201752220473085 HTTP/1.1" 304 -
186.79.89.75 - - [06/Jun/2017:10:34:01 -0300] "GET /cormun/servlet/trlicencias? HTTP/1.1" 200 9668
200.86.95.220 - - [06/Jun/2017:10:34:14 -0300] "GET /cormun/servlet/licenciaspermisos?992e17d524118e4d5b1c35f68cb92b1752b6684f860416f569693d1370dbba7ee2ece2fc2aa4d26dfecee17f53215de6ae03e4c15ba4e1d5379a9eaf55e4aa65362dbe72ae0d4abaa49d0dc174342b5785fc3573db2624ec8b6f27f4ace07983e495122563706db43fe6b9fb96451d820a5d5782d37376ad11d8100ee3e90e3af7f29427657bf627f4b51b917055811d7a27761d951876862ef04cfff0fd3acaec7b5a147b21ca121d77e73cd71d84a182b681fcd4603c4cb0901120675b684849ae126a2e70e896778dd3c6e542ba2123063b8724801e91d53d494ed09307de3dbd2c73589fbd1108f9727a0a13f271,gx-no-cache=1496756109671 HTTP/1.1" 200 62
200.86.95.220 - - [06/Jun/2017:10:34:14 -0300] "POST /cormun/servlet/licenciaspermisos?e4929c4432aff29a79848f3ebca65954,INS,0,,,,gx-no-cache=1496756109727 HTTP/1.1" 200 4713
200.86.95.220 - - [06/Jun/2017:10:34:14 -0300] "GET /cormun/static/Shared/jqueryui/images/ui-icons_82798d_256x240.png HTTP/1.1" 404 1089
200.86.95.220 - - [06/Jun/2017:10:34:14 -0300] "GET /cormun/static/Shared/jqueryui/images/ui-bg_highlight-soft_100_c6c2c8_1x100.png HTTP/1.1" 404 1117
200.86.95.220 - - [06/Jun/2017:10:34:14 -0300] "GET /cormun/static/Shared/jqueryui/images/ui-bg_flat_55_994d53_40x100.png HTTP/1.1" 404 1097
200.86.95.220 - - [06/Jun/2017:10:34:14 -0300] "GET /cormun/static/Shared/jqueryui/images/ui-icons_ebccce_256x240.png HTTP/1.1" 404 1089
200.112.4.111 - - [06/Jun/2017:10:34:17 -0300] "GET /cormun/servlet/licenciaspermisos?39e7fa9e1dd214d1a187ad471abe7381027d9a19d17357d1e0d448c2321cdf6b7dea10b863b8e5fc6860f49fb5845ee5811ab7a0f2ecebbe6cfa3d8532c95a15fc287a48f38a528d293dcaef9002395b5160555317c35bcccced92f5de073d682a3282afd89cad37e6d72c4c7c31c3f700e78bb9d3bb7fb55eccb1aae306b29cd447ce8c16843c3b5a11942ceda126cceac662b02c69ff4124557761994751f720eb38abe553324e02d9a005e4e22428,gx-no-cache=1496756112927 HTTP/1.1" 200 30
200.112.4.111 - - [06/Jun/2017:10:34:17 -0300] "POST /cormun/servlet/licenciaspermisos?bd395d8098897abba953e463216518ed,INS,0,,,,gx-no-cache=1496756113069 HTTP/1.1" 200 4816
200.112.4.111 - - [06/Jun/2017:10:34:19 -0300] "GET /cormun/servlet/licenciaspermisos?39e7fa9e1dd214d1a187ad471abe7381f3efdf064969d00e4783370388b19ef6bb2f4ce9eb1803c61d80dc42a00460e38f1b5ba4ab4d38afd3b7305176fca0813c4ec178c64de995e784dfb6aae32363de9b850f60044b0b55ca4955ee037a80c06f01340a89d013709d8ea49f06c210bab5e39215fc52feb60ba438a6029e296eb4f0bd533f3924f8b0d2b6966cdef4,gx-no-cache=1496756115341 HTTP/1.1" 200 112
200.112.4.111 - - [06/Jun/2017:10:34:20 -0300] "POST /cormun/servlet/licenciaspermisos?bd395d8098897abba953e463216518ed,INS,0,,,,gx-no-cache=1496756115435 HTTP/1.1" 200 4805
200.86.95.220 - - [06/Jun/2017:10:34:23 -0300] "GET /cormun/servlet/licenciaspermisos?992e17d524118e4d5b1c35f68cb92b17163667ccce1fa1351074f6cd6ec75598af628baf485449f7b8bba179d4c2a526440dc60279bcc0e4b3f4c36854668eb1d88481bd9eee1664ecda82c65442b3277f6b511e65f87e1642f7eb4bf1ea30c709877328fa92bb799dde86140430dd900ea9b4b25d9c34e1bf811cf600a6439c32b04a6f827c252fcbe53af7fdc1efc1a22cd9cd16fde2a16cf8eead367dc465161b76b78221fc2205f547820f127b2c5ebad3f4498394f8b3fbe865d8fda2b15ea6c48d4591980804776448c13aff0e6ea5bfdceb558e7f588580b12ef3ef56,gx-no-cache=1496756119031 HTTP/1.1" 200 30
200.86.95.220 - - [06/Jun/2017:10:34:23 -0300] "GET /cormun/servlet/licenciaspermisos?992e17d524118e4d5b1c35f68cb92b1752b6684f860416f569693d1370dbba7ee2ece2fc2aa4d26dfecee17f53215de6ae03e4c15ba4e1d5379a9eaf55e4aa65362dbe72ae0d4abaa49d0dc174342b5785fc3573db2624ec8b6f27f4ace07983e495122563706db43fe6b9fb96451d820a5d5782d37376ad11d8100ee3e90e3af7f29427657bf627f4b51b917055811d7a27761d951876862ef04cfff0fd3acaec7b5a147b21ca121d77e73cd71d84a182b681fcd4603c4cb0901120675b684849ae126a2e70e896778dd3c6e542ba2123063b8724801e91d53d494ed09307de5676d1379e5cbd6071fc2324725195911b764f8d7614bb74c0c9dd7b5e16de2d003e7b6766024b3457c4c49a6f5661b9,gx-no-cache=1496756119121 HTTP/1.1" 200 62
200.86.95.220 - - [06/Jun/2017:10:34:23 -0300] "POST /cormun/servlet/licenciaspermisos?e4929c4432aff29a79848f3ebca65954,INS,0,,,,gx-no-cache=1496756119247 HTTP/1.1" 200 93
200.86.95.220 - - [06/Jun/2017:10:34:23 -0300] "GET /cormun/servlet/hpexe_return? HTTP/1.1" 200 1016
200.86.95.220 - - [06/Jun/2017:10:34:24 -0300] "GET /cormun/static/gxcfg.js?2016101716175148 HTTP/1.1" 304 -
200.86.95.220 - - [06/Jun/2017:10:34:24 -0300] "GET /cormun/servlet/trlicencias? HTTP/1.1" 200 7883
200.86.95.220 - - [06/Jun/2017:10:34:25 -0300] "GET /cormun/servlet/trlicencias? HTTP/1.1" 200 7878
186.79.89.75 - - [06/Jun/2017:10:34:29 -0300] "GET /cormun/servlet/licenciaspermisos?INS,0,,, HTTP/1.1" 200 7242
186.79.89.75 - - [06/Jun/2017:10:34:30 -0300] "GET /cormun/static/gxcfg.js?201752220471843 HTTP/1.1" 304 -
186.79.89.75 - - [06/Jun/2017:10:34:30 -0300] "GET /cormun/static/licenciaspermisos.js?201752220471934 HTTP/1.1" 304 -
186.79.89.75 - - [06/Jun/2017:10:34:30 -0300] "GET /cormun/servlet/licenciaspermisos?INS,0,,, HTTP/1.1" 200 7241
186.79.89.75 - - [06/Jun/2017:10:34:33 -0300] "GET /cormun/servlet/prfichaempleado?,MD,,gxPopupLevel%3D0%3B HTTP/1.1" 200 8839
186.79.89.75 - - [06/Jun/2017:10:34:33 -0300] "GET /cormun/static/gxcfg.js?2017319125415 HTTP/1.1" 304 -
186.79.89.75 - - [06/Jun/2017:10:34:33 -0300] "GET /cormun/static/menusearch.js?201610171694467 HTTP/1.1" 304 -
186.79.89.75 - - [06/Jun/2017:10:34:33 -0300] "GET /cormun/static/hmpwkw011.js?20175251212473 HTTP/1.1" 304 -
186.79.89.75 - - [06/Jun/2017:10:34:34 -0300] "GET /cormun/static/prfichaempleado.js?20173191254344 HTTP/1.1" 304 -
200.86.95.220 - - [06/Jun/2017:10:34:34 -0300] "GET /cormun/servlet/alicenciaprn?15106697,L,20170606000000,PU HTTP/1.1" 200 1579
186.67.172.234 - - [06/Jun/2017:10:34:38 -0300] "POST /cormun/servlet/trlicencias?99e667c9a80ca7fe1316fda8d84d5e3a,gx-no-cache=1496756132036 HTTP/1.1" 200 11826
186.67.172.234 - - [06/Jun/2017:10:34:38 -0300] "GET /cormun/static/Shared/jqueryui/images/ui-icons_82798d_256x240.png HTTP/1.1" 404 1089
186.67.172.234 - - [06/Jun/2017:10:34:38 -0300] "GET /cormun/static/Shared/jqueryui/images/ui-bg_highlight-soft_100_c6c2c8_1x100.png HTTP/1.1" 404 1117
186.67.172.234 - - [06/Jun/2017:10:34:39 -0300] "GET /cormun/static/Shared/jqueryui/images/ui-icons_8d78a5_256x240.png HTTP/1.1" 404 1089
186.67.172.234 - - [06/Jun/2017:10:34:39 -0300] "GET /cormun/static/Shared/jqueryui/images/ui-bg_flat_55_fafafa_40x100.png HTTP/1.1" 404 1097
200.112.4.111 - - [06/Jun/2017:10:34:46 -0300] "GET /cormun/servlet/licenciaspermisos?39e7fa9e1dd214d1a187ad471abe738160220f11a87fc5fd9447fea4da925798c1a6eaf809ccaa17f1deabc40da5353b46ba4a173da778051b38a7039aa852fab1a4d2f1b4aab21daa40a9d16ff8a4e5b3efc8b8278a0e48fe7eb23282fa6d0ad99d0288e6e2c11c02cf2cd10d14c5d985c437bf2f8d9b66f68e906626da21c707d24f8aa10d36f05ce6457be6fde48348d05652ff9330e5b8ed98cd9aa2f91ee792c1de4bb908ed3979d1ef15462df7,gx-no-cache=1496756142044 HTTP/1.1" 200 57
200.112.4.111 - - [06/Jun/2017:10:34:47 -0300] "POST /cormun/servlet/licenciaspermisos?bd395d8098897abba953e463216518ed,INS,0,,,,gx-no-cache=1496756142216 HTTP/1.1" 200 93
200.112.4.111 - - [06/Jun/2017:10:34:47 -0300] "GET /cormun/servlet/hpexe_return? HTTP/1.1" 200 1015
200.112.4.111 - - [06/Jun/2017:10:34:47 -0300] "GET /cormun/static/gxcfg.js?2016101716175148 HTTP/1.1" 304 -
200.112.4.111 - - [06/Jun/2017:10:34:47 -0300] "GET /cormun/static/hpexe_return.js?2016101716175153 HTTP/1.1" 200 1633
200.112.4.111 - - [06/Jun/2017:10:34:47 -0300] "GET /cormun/static/Resources/Spanish/PXTools.css?167811 HTTP/1.1" 200 89042
200.112.4.111 - - [06/Jun/2017:10:34:47 -0300] "GET /cormun/servlet/trlicencias HTTP/1.1" 200 12563
200.112.4.111 - - [06/Jun/2017:10:34:49 -0300] "GET /cormun/servlet/trlicencias HTTP/1.1" 200 12558
200.112.4.111 - - [06/Jun/2017:10:36:08 -0300] "GET /cormun/servlet/trlicenciaspermisosadjuntos?13719734,20170606000000,L, HTTP/1.1" 200 6324
200.112.4.111 - - [06/Jun/2017:10:36:09 -0300] "GET /cormun/static/gxcfg.js?20175251265349 HTTP/1.1" 304 -
200.86.95.220 - - [06/Jun/2017:10:36:09 -0300] "GET /cormun/servlet/trlicenciaspermisosadjuntos?15106697,20170606000000,L, HTTP/1.1" 200 6122
200.86.95.220 - - [06/Jun/2017:10:36:09 -0300] "GET /cormun/static/gxcfg.js?20175251265349 HTTP/1.1" 304 -
200.86.95.220 - - [06/Jun/2017:10:36:10 -0300] "GET /cormun/servlet/trlicenciaspermisosadjuntos?15106697,20170606000000,L, HTTP/1.1" 200 6123
200.112.4.111 - - [06/Jun/2017:10:36:10 -0300] "GET /cormun/servlet/trlicenciaspermisosadjuntos?13719734,20170606000000,L, HTTP/1.1" 200 6325
200.86.95.220 - - [06/Jun/2017:10:36:13 -0300] "GET /cormun/servlet/licenciaspermisosadjuntos?INS,15106697,L,20170606000000,, HTTP/1.1" 200 5421
200.86.95.220 - - [06/Jun/2017:10:36:13 -0300] "GET /cormun/static/gxcfg.js?201752511544364 HTTP/1.1" 304 -
200.86.95.220 - - [06/Jun/2017:10:36:13 -0300] "GET /cormun/static/about:blank HTTP/1.1" 404 1011
200.86.95.220 - - [06/Jun/2017:10:36:14 -0300] "GET /cormun/servlet/licenciaspermisosadjuntos?INS,15106697,L,20170606000000,, HTTP/1.1" 200 5411
200.112.4.111 - - [06/Jun/2017:10:36:14 -0300] "GET /cormun/servlet/licenciaspermisosadjuntos?INS,13719734,L,20170606000000,, HTTP/1.1" 200 5622
200.112.4.111 - - [06/Jun/2017:10:36:14 -0300] "GET /cormun/static/gxcfg.js?201752511544364 HTTP/1.1" 304 -
200.112.4.111 - - [06/Jun/2017:10:36:15 -0300] "GET /cormun/static/about:blank HTTP/1.1" 404 1011
200.112.4.111 - - [06/Jun/2017:10:36:15 -0300] "GET /cormun/servlet/licenciaspermisosadjuntos?INS,13719734,L,20170606000000,, HTTP/1.1" 200 5611
200.86.95.220 - - [06/Jun/2017:10:36:27 -0300] "POST /cormun/servlet/licenciaspermisosadjuntos?e4929c4432aff29a79848f3ebca65954,INS,15106697,L,20170606000000,, HTTP/1.1" 200 116
200.86.95.220 - - [06/Jun/2017:10:36:27 -0300] "GET /cormun/servlet/hpexe_return? HTTP/1.1" 200 1044
200.86.95.220 - - [06/Jun/2017:10:36:28 -0300] "GET /cormun/servlet/trlicenciaspermisosadjuntos?15106697,20170606000000,L, HTTP/1.1" 200 6587
200.86.95.220 - - [06/Jun/2017:10:36:29 -0300] "GET /cormun/servlet/trlicenciaspermisosadjuntos?15106697,20170606000000,L, HTTP/1.1" 200 6584
200.86.95.220 - - [06/Jun/2017:10:36:30 -0300] "GET /cormun/PublicTempStorage/img4019077618.jpg HTTP/1.1" 200 1920386
200.86.95.220 - - [06/Jun/2017:10:36:32 -0300] "POST /cormun/servlet/trlicenciaspermisosadjuntos?e4929c4432aff29a79848f3ebca65954,15106697,20170606000000,L,,gx-no-cache=1496756247480 HTTP/1.1" 200 90
200.86.95.220 - - [06/Jun/2017:10:36:32 -0300] "GET /cormun/servlet/hpexe_link HTTP/1.1" 200 986
200.86.95.220 - - [06/Jun/2017:10:36:32 -0300] "GET /cormun/servlet/trlicencias HTTP/1.1" 200 7880
200.86.95.220 - - [06/Jun/2017:10:36:33 -0300] "GET /cormun/servlet/trlicencias HTTP/1.1" 200 7878
200.86.95.220 - - [06/Jun/2017:10:36:40 -0300] "POST /cormun/servlet/trlicencias?e4929c4432aff29a79848f3ebca65954,gx-no-cache=1496756256046 HTTP/1.1" 200 4087
200.86.95.220 - - [06/Jun/2017:10:36:40 -0300] "GET /cormun/static/Shared/jqueryui/images/ui-bg_highlight-soft_100_c6c2c8_1x100.png HTTP/1.1" 404 1117
200.86.95.220 - - [06/Jun/2017:10:36:40 -0300] "GET /cormun/static/Shared/jqueryui/images/ui-icons_82798d_256x240.png HTTP/1.1" 404 1089
200.86.95.220 - - [06/Jun/2017:10:36:40 -0300] "GET /cormun/static/Shared/jqueryui/images/ui-bg_flat_55_fafafa_40x100.png HTTP/1.1" 404 1097
200.86.95.220 - - [06/Jun/2017:10:36:40 -0300] "GET /cormun/static/Shared/jqueryui/images/ui-icons_8d78a5_256x240.png HTTP/1.1" 404 1089
186.79.89.75 - - [06/Jun/2017:10:36:48 -0300] "POST /cormun/servlet/prfichaempleado?f72fc4b0b20074a0852ddc4bc60843d3,,MD,,gxPopupLevel%3D0%3B,gx-no-cache=1496752661520 HTTP/1.1" 200 3476
200.112.4.111 - - [06/Jun/2017:10:36:52 -0300] "POST /cormun/servlet/licenciaspermisosadjuntos?bd395d8098897abba953e463216518ed,INS,13719734,L,20170606000000,, HTTP/1.1" 200 116
200.112.4.111 - - [06/Jun/2017:10:36:53 -0300] "GET /cormun/servlet/hpexe_return? HTTP/1.1" 200 1045
200.112.4.111 - - [06/Jun/2017:10:36:53 -0300] "GET /cormun/servlet/trlicenciaspermisosadjuntos?13719734,20170606000000,L, HTTP/1.1" 200 6825
200.112.4.111 - - [06/Jun/2017:10:36:55 -0300] "GET /cormun/servlet/trlicenciaspermisosadjuntos?13719734,20170606000000,L, HTTP/1.1" 200 6822
200.112.4.111 - - [06/Jun/2017:10:36:57 -0300] "GET /cormun/PublicTempStorage/l._medica_junio_%281%291798712.jpg HTTP/1.1" 200 462194
200.112.4.111 - - [06/Jun/2017:10:36:58 -0300] "POST /cormun/servlet/trlicenciaspermisosadjuntos?bd395d8098897abba953e463216518ed,13719734,20170606000000,L,,gx-no-cache=1496756274008 HTTP/1.1" 200 90
200.112.4.111 - - [06/Jun/2017:10:36:58 -0300] "GET /cormun/servlet/hpexe_link HTTP/1.1" 200 986
200.112.4.111 - - [06/Jun/2017:10:36:59 -0300] "GET /cormun/servlet/trlicencias HTTP/1.1" 200 12560
186.79.89.75 - - [06/Jun/2017:10:36:59 -0300] "GET /cormun/servlet/licenciaspermisos?56b5a14015eaa38cd011260def7894ebd921df2763064e752e998a96e64b50a248c116b23c756bd3f08d508bdbf333b2,gx-no-cache=1496752675258 HTTP/1.1" 200 91
200.112.4.111 - - [06/Jun/2017:10:37:00 -0300] "GET /cormun/servlet/trlicencias HTTP/1.1" 200 12558
186.79.89.75 - - [06/Jun/2017:10:37:01 -0300] "POST /cormun/servlet/licenciaspermisos?f72fc4b0b20074a0852ddc4bc60843d3,INS,0,,,,gx-no-cache=1496752676624 HTTP/1.1" 200 4505
200.112.4.111 - - [06/Jun/2017:10:37:21 -0300] "POST /cormun/servlet/trlicencias?bd395d8098897abba953e463216518ed,gx-no-cache=1496756295791 HTTP/1.1" 200 10077
200.112.4.111 - - [06/Jun/2017:10:37:21 -0300] "GET /cormun/static/Shared/jqueryui/images/ui-bg_highlight-soft_100_c6c2c8_1x100.png HTTP/1.1" 404 1117
200.112.4.111 - - [06/Jun/2017:10:37:21 -0300] "GET /cormun/static/Shared/jqueryui/images/ui-icons_82798d_256x240.png HTTP/1.1" 404 1089
200.112.4.111 - - [06/Jun/2017:10:37:21 -0300] "GET /cormun/static/Shared/jqueryui/images/ui-icons_8d78a5_256x240.png HTTP/1.1" 404 1089
200.112.4.111 - - [06/Jun/2017:10:37:21 -0300] "GET /cormun/static/Shared/jqueryui/images/ui-bg_flat_55_fafafa_40x100.png HTTP/1.1" 404 1097
200.112.4.111 - - [06/Jun/2017:10:37:29 -0300] "GET /cormun/servlet/alicenciaprn?13719734,L,20170606000000,PU HTTP/1.1" 200 1591
186.103.159.43 - - [06/Jun/2017:10:38:57 -0300] "POST /cormun/servlet/trlicencias?9e89397b70a23b31e11d9a41e4e8e98e,,gx-no-cache=1496756392821 HTTP/1.1" 200 8586
186.103.159.43 - - [06/Jun/2017:10:38:58 -0300] "GET /cormun/static/Shared/jqueryui/images/ui-bg_highlight-soft_100_c6c2c8_1x100.png HTTP/1.1" 404 1117
186.103.159.43 - - [06/Jun/2017:10:38:58 -0300] "GET /cormun/static/Shared/jqueryui/images/ui-icons_82798d_256x240.png HTTP/1.1" 404 1089
186.103.159.43 - - [06/Jun/2017:10:38:58 -0300] "GET /cormun/static/Shared/jqueryui/images/ui-bg_flat_55_fafafa_40x100.png HTTP/1.1" 404 1097
186.103.159.43 - - [06/Jun/2017:10:38:58 -0300] "GET /cormun/static/Shared/jqueryui/images/ui-icons_8d78a5_256x240.png HTTP/1.1" 404 1089
186.79.89.75 - - [06/Jun/2017:10:39:41 -0300] "GET /cormun/static/menuarrow.gif HTTP/1.1" 404 1015
66.249.65.93 - - [06/Jun/2017:10:40:37 -0300] "GET /robots.txt HTTP/1.1" 404 981
66.249.65.92 - - [06/Jun/2017:10:40:38 -0300] "GET /cormun/servlet/hlogin HTTP/1.1" 200 1711
66.249.65.93 - - [06/Jun/2017:10:40:38 -0300] "GET /cormun/servlet/hlogin?_escaped_fragment_= HTTP/1.1" 200 1722
186.79.89.75 - - [06/Jun/2017:10:40:56 -0300] "GET /cormun/servlet/prfichaempleado?,MD,,gxPopupLevel%3D0%3B HTTP/1.1" 200 8839
186.79.89.75 - - [06/Jun/2017:10:41:07 -0300] "GET /cormun/servlet/licenciaspermisos?56b5a14015eaa38cd011260def7894ebebbd2847bdef697ce1c8d219817df75138534055901f11696f01ad2e7cd9951aa6b62ee3c0cc5802c2fc18121185287ac3e7de220d4a3523f070ed71b7cb3ebf992745231afba05a95872366659bb2c3c105ee3d8f80a660c85ae8896cc6abe40d8fb92b55ed99d6e4e5f025166fb30845ce0dc807d30af383ff887c8db809dbe9cff8b4b2af4891228ea7a76fbae6679e755b4a905bd1baeb6b676ba770b68d392604b3864a44c5c2cf1484e648890d5cb91eba7c9eb8f6a7af588ef24abf7152adeeacd45018c0c9c68b6a5b620be1,gx-no-cache=1496752923215 HTTP/1.1" 200 30
