200.111.191.210 - - [06/Jun/2017:12:13:46 -0300] "GET /cormun/static/about:blank HTTP/1.1" 404 1011
200.111.191.210 - - [06/Jun/2017:12:13:47 -0300] "GET /cormun/servlet/licenciaspermisosadjuntos?INS,10264376,L,20170606000000,, HTTP/1.1" 200 5399
200.112.7.114 - - [06/Jun/2017:12:13:50 -0300] "GET /cormun/servlet/trautorizarsolicitud? HTTP/1.1" 200 8626
186.103.159.43 - - [06/Jun/2017:12:13:54 -0300] "GET /cormun/servlet/trlicencias? HTTP/1.1" 200 11469
186.103.159.43 - - [06/Jun/2017:12:13:55 -0300] "GET /cormun/servlet/trlicencias? HTTP/1.1" 200 11419
200.112.7.114 - - [06/Jun/2017:12:13:57 -0300] "POST /cormun/servlet/trautorizarsolicitud?81dbd448f8912cdca6989ae462d44613,,gx-no-cache=1496762090447 HTTP/1.1" 200 5468
200.112.7.114 - - [06/Jun/2017:12:13:58 -0300] "POST /cormun/servlet/trautorizarsolicitud?81dbd448f8912cdca6989ae462d44613,,gx-no-cache=1496762091144 HTTP/1.1" 200 5414
200.112.7.114 - - [06/Jun/2017:12:13:58 -0300] "GET /cormun/static/Shared/jqueryui/images/ui-icons_82798d_256x240.png HTTP/1.1" 404 1089
200.112.7.114 - - [06/Jun/2017:12:13:58 -0300] "GET /cormun/static/Shared/jqueryui/images/ui-icons_8d78a5_256x240.png HTTP/1.1" 404 1089
200.112.7.114 - - [06/Jun/2017:12:13:58 -0300] "GET /cormun/static/Shared/jqueryui/images/ui-bg_flat_55_fafafa_40x100.png HTTP/1.1" 404 1097
200.112.7.114 - - [06/Jun/2017:12:13:58 -0300] "GET /cormun/static/Shared/jqueryui/images/ui-bg_highlight-soft_100_c6c2c8_1x100.png HTTP/1.1" 404 1117
200.111.191.210 - - [06/Jun/2017:12:13:59 -0300] "POST /cormun/servlet/licenciaspermisosadjuntos?47a2342460e28d33a46380ba91ed9345,INS,10264376,L,20170606000000,, HTTP/1.1" 200 116
200.111.191.210 - - [06/Jun/2017:12:13:59 -0300] "GET /cormun/servlet/hpexe_return? HTTP/1.1" 200 1036
200.111.191.210 - - [06/Jun/2017:12:13:59 -0300] "GET /cormun/servlet/trlicenciaspermisosadjuntos?10264376,20170606000000,L, HTTP/1.1" 200 6582
200.111.191.210 - - [06/Jun/2017:12:13:59 -0300] "GET /cormun/servlet/trlicenciaspermisosadjuntos?10264376,20170606000000,L, HTTP/1.1" 200 6578
186.103.159.43 - - [06/Jun/2017:12:14:00 -0300] "GET /cormun/servlet/alicenciaprn?14202116,L,20170606000000,PU HTTP/1.1" 200 1535
200.112.7.114 - - [06/Jun/2017:12:14:03 -0300] "POST /cormun/servlet/trautorizarsolicitud?81dbd448f8912cdca6989ae462d44613,,gx-no-cache=1496762096832 HTTP/1.1" 200 115
200.112.7.114 - - [06/Jun/2017:12:14:04 -0300] "GET /cormun/servlet/solicitudotlog?INS,2017,6745,0,REC, HTTP/1.1" 200 5844
200.112.7.114 - - [06/Jun/2017:12:14:04 -0300] "GET /cormun/static/gxcfg.js?201752511524564 HTTP/1.1" 200 953
200.112.7.114 - - [06/Jun/2017:12:14:04 -0300] "GET /cormun/static/solicitudotlog.js?201752511524577 HTTP/1.1" 200 8934
200.111.191.210 - - [06/Jun/2017:12:14:04 -0300] "GET /cormun/servlet/trlicencias? HTTP/1.1" 200 18289
200.112.7.114 - - [06/Jun/2017:12:14:05 -0300] "GET /cormun/servlet/solicitudotlog?fb6370015a4675ccfa3d812df36dd8aacc44e1ce33d1f3906a150304ef3d7ee0a1076bee3d7224cb91a220fa323a17a132e59f6b0f9718becf16c266f433a62770c96ec4cb49776335ef0eed2d091285216d9620b11c4dd36bf1207312fd5e909fd5d7aedcf1ddfe34a436dad4d8fa27ec45c7fd8fd6521603849957db4bfd9130eda6855aaa4e59222fc44208cafb530c9058f11484add1aade5022f797a5aa,gx-no-cache=1496762098452 HTTP/1.1" 200 94
200.111.191.210 - - [06/Jun/2017:12:14:05 -0300] "GET /cormun/servlet/trlicencias? HTTP/1.1" 200 18283
200.111.191.210 - - [06/Jun/2017:12:14:08 -0300] "GET /cormun/servlet/trlicenciaspermisosadjuntos?23916560,20170606000000,L, HTTP/1.1" 200 6112
200.111.191.210 - - [06/Jun/2017:12:14:09 -0300] "GET /cormun/servlet/trlicenciaspermisosadjuntos?23916560,20170606000000,L, HTTP/1.1" 200 6113
200.111.191.210 - - [06/Jun/2017:12:14:10 -0300] "GET /cormun/servlet/licenciaspermisosadjuntos?INS,23916560,L,20170606000000,, HTTP/1.1" 200 5409
200.111.191.210 - - [06/Jun/2017:12:14:10 -0300] "GET /cormun/static/about:blank HTTP/1.1" 404 1011
200.111.191.210 - - [06/Jun/2017:12:14:11 -0300] "GET /cormun/servlet/licenciaspermisosadjuntos?INS,23916560,L,20170606000000,, HTTP/1.1" 200 5399
200.111.191.210 - - [06/Jun/2017:12:14:18 -0300] "POST /cormun/servlet/licenciaspermisosadjuntos?47a2342460e28d33a46380ba91ed9345,INS,23916560,L,20170606000000,, HTTP/1.1" 200 116
200.111.191.210 - - [06/Jun/2017:12:14:18 -0300] "GET /cormun/servlet/hpexe_return? HTTP/1.1" 200 1036
200.111.191.210 - - [06/Jun/2017:12:14:18 -0300] "GET /cormun/servlet/trlicenciaspermisosadjuntos?23916560,20170606000000,L, HTTP/1.1" 200 6578
200.111.191.210 - - [06/Jun/2017:12:14:19 -0300] "GET /cormun/servlet/trlicenciaspermisosadjuntos?23916560,20170606000000,L, HTTP/1.1" 200 6575
200.111.191.210 - - [06/Jun/2017:12:14:22 -0300] "GET /cormun/servlet/trlicencias? HTTP/1.1" 200 18297
200.111.191.210 - - [06/Jun/2017:12:14:23 -0300] "GET /cormun/servlet/trlicencias? HTTP/1.1" 200 18278
200.112.7.114 - - [06/Jun/2017:12:14:25 -0300] "POST /cormun/servlet/solicitudotlog?81dbd448f8912cdca6989ae462d44613,INS,2017,6745,0,REC,,gx-no-cache=1496762118339 HTTP/1.1" 200 93
200.112.7.114 - - [06/Jun/2017:12:14:25 -0300] "GET /cormun/servlet/hpexe_return? HTTP/1.1" 200 1028
200.112.7.114 - - [06/Jun/2017:12:14:25 -0300] "GET /cormun/servlet/trautorizarsolicitud? HTTP/1.1" 200 6972
200.111.191.210 - - [06/Jun/2017:12:14:27 -0300] "GET /cormun/servlet/trlicenciaspermisosadjuntos?10750927,20170606000000,L, HTTP/1.1" 200 6112
200.111.191.210 - - [06/Jun/2017:12:14:27 -0300] "GET /cormun/servlet/trlicenciaspermisosadjuntos?10750927,20170606000000,L, HTTP/1.1" 200 6112
200.111.191.210 - - [06/Jun/2017:12:14:28 -0300] "GET /cormun/servlet/licenciaspermisosadjuntos?INS,10750927,L,20170606000000,, HTTP/1.1" 200 5407
200.111.191.210 - - [06/Jun/2017:12:14:28 -0300] "GET /cormun/static/about:blank HTTP/1.1" 404 1011
200.111.191.210 - - [06/Jun/2017:12:14:28 -0300] "GET /cormun/servlet/licenciaspermisosadjuntos?INS,10750927,L,20170606000000,, HTTP/1.1" 200 5397
200.112.7.114 - - [06/Jun/2017:12:14:30 -0300] "GET /cormun/servlet/trsolicitudot? HTTP/1.1" 200 11555
200.111.191.210 - - [06/Jun/2017:12:14:35 -0300] "POST /cormun/servlet/licenciaspermisosadjuntos?47a2342460e28d33a46380ba91ed9345,INS,10750927,L,20170606000000,, HTTP/1.1" 200 116
200.111.191.210 - - [06/Jun/2017:12:14:35 -0300] "GET /cormun/servlet/hpexe_return? HTTP/1.1" 200 1036
200.111.191.210 - - [06/Jun/2017:12:14:36 -0300] "GET /cormun/servlet/trlicenciaspermisosadjuntos?10750927,20170606000000,L, HTTP/1.1" 200 6583
200.111.191.210 - - [06/Jun/2017:12:14:36 -0300] "GET /cormun/servlet/trlicenciaspermisosadjuntos?10750927,20170606000000,L, HTTP/1.1" 200 6579
200.111.191.210 - - [06/Jun/2017:12:14:39 -0300] "GET /cormun/servlet/trlicencias? HTTP/1.1" 200 18282
200.111.191.210 - - [06/Jun/2017:12:14:40 -0300] "GET /cormun/servlet/trlicencias? HTTP/1.1" 200 18294
200.111.191.210 - - [06/Jun/2017:12:14:43 -0300] "POST /cormun/servlet/trlicencias?47a2342460e28d33a46380ba91ed9345,,gx-no-cache=1496762136788 HTTP/1.1" 200 16461
200.111.191.210 - - [06/Jun/2017:12:14:43 -0300] "GET /cormun/static/Shared/jqueryui/images/ui-bg_highlight-soft_100_c6c2c8_1x100.png HTTP/1.1" 404 1117
200.111.191.210 - - [06/Jun/2017:12:14:43 -0300] "GET /cormun/static/Shared/jqueryui/images/ui-icons_82798d_256x240.png HTTP/1.1" 404 1089
200.111.191.210 - - [06/Jun/2017:12:14:43 -0300] "GET /cormun/static/Shared/jqueryui/images/ui-bg_flat_55_fafafa_40x100.png HTTP/1.1" 404 1097
200.111.191.210 - - [06/Jun/2017:12:14:43 -0300] "GET /cormun/static/Shared/jqueryui/images/ui-icons_8d78a5_256x240.png HTTP/1.1" 404 1089
200.111.191.210 - - [06/Jun/2017:12:14:44 -0300] "POST /cormun/servlet/trlicencias?47a2342460e28d33a46380ba91ed9345,,gx-no-cache=1496762138153 HTTP/1.1" 200 16405
200.112.7.114 - - [06/Jun/2017:12:14:47 -0300] "POST /cormun/servlet/trsolicitudot?81dbd448f8912cdca6989ae462d44613,,gx-no-cache=1496762139692 HTTP/1.1" 200 8319
200.112.7.114 - - [06/Jun/2017:12:14:48 -0300] "POST /cormun/servlet/trsolicitudot?81dbd448f8912cdca6989ae462d44613,,gx-no-cache=1496762140809 HTTP/1.1" 200 8300
200.111.191.210 - - [06/Jun/2017:12:14:49 -0300] "POST /cormun/servlet/trlicencias?47a2342460e28d33a46380ba91ed9345,,gx-no-cache=1496762142773 HTTP/1.1" 200 16439
200.111.191.210 - - [06/Jun/2017:12:14:50 -0300] "POST /cormun/servlet/trlicencias?47a2342460e28d33a46380ba91ed9345,,gx-no-cache=1496762144638 HTTP/1.1" 200 16366
200.111.191.210 - - [06/Jun/2017:12:14:54 -0300] "GET /cormun/servlet/trpermisosgoce? HTTP/1.1" 200 17394
200.111.191.210 - - [06/Jun/2017:12:14:55 -0300] "GET /cormun/servlet/trpermisosgoce? HTTP/1.1" 200 17386
200.111.191.210 - - [06/Jun/2017:12:14:56 -0300] "GET /cormun/servlet/hlogin HTTP/1.1" 200 1731
200.112.7.114 - - [06/Jun/2017:12:15:01 -0300] "POST /cormun/servlet/trsolicitudot?81dbd448f8912cdca6989ae462d44613,,gx-no-cache=1496762154291 HTTP/1.1" 200 8300
200.111.191.210 - - [06/Jun/2017:12:15:05 -0300] "POST /cormun/servlet/hlogin?47a2342460e28d33a46380ba91ed9345,gx-no-cache=1496762159169 HTTP/1.1" 200 90
200.111.191.210 - - [06/Jun/2017:12:15:05 -0300] "GET /cormun/servlet/hpexe_link HTTP/1.1" 200 944
200.111.191.210 - - [06/Jun/2017:12:15:05 -0300] "GET /cormun/servlet/hhome HTTP/1.1" 200 3955
200.111.191.210 - - [06/Jun/2017:12:15:05 -0300] "GET /cormun/servlet/hhome HTTP/1.1" 200 3952
200.111.191.210 - - [06/Jun/2017:12:15:05 -0300] "GET /cormun/static/SmoothNavMenu/resources/images/right.gif HTTP/1.1" 200 860
200.112.7.114 - - [06/Jun/2017:12:15:10 -0300] "POST /cormun/servlet/trsolicitudot?81dbd448f8912cdca6989ae462d44613,,gx-no-cache=1496762162844 HTTP/1.1" 200 8300
200.111.191.210 - - [06/Jun/2017:12:15:27 -0300] "GET /cormun/servlet/trautorizarpermisogoce? HTTP/1.1" 200 7642
200.111.191.210 - - [06/Jun/2017:12:15:28 -0300] "GET /cormun/static/gxcfg.js?20175251272542 HTTP/1.1" 200 953
200.111.191.210 - - [06/Jun/2017:12:15:28 -0300] "GET /cormun/static/trautorizarpermisogoce.js?20175251273090 HTTP/1.1" 200 34948
200.111.191.210 - - [06/Jun/2017:12:15:28 -0300] "GET /cormun/servlet/trautorizarpermisogoce? HTTP/1.1" 200 7640
200.111.191.210 - - [06/Jun/2017:12:15:30 -0300] "GET /cormun/servlet/trlicenciaspermisoslog?17521573,P,20170606113558, HTTP/1.1" 200 6499
200.111.191.210 - - [06/Jun/2017:12:15:30 -0300] "GET /cormun/static/gxcfg.js?20175251272018 HTTP/1.1" 200 953
200.111.191.210 - - [06/Jun/2017:12:15:30 -0300] "GET /cormun/static/trlicenciaspermisoslog.js?20175251272335 HTTP/1.1" 200 20074
200.111.191.210 - - [06/Jun/2017:12:15:30 -0300] "GET /cormun/servlet/trlicenciaspermisoslog?17521573,P,20170606113558, HTTP/1.1" 200 6499
200.111.191.210 - - [06/Jun/2017:12:15:34 -0300] "GET /cormun/servlet/trautorizarpermisogoce? HTTP/1.1" 200 7641
200.111.191.210 - - [06/Jun/2017:12:15:34 -0300] "GET /cormun/servlet/trautorizarpermisogoce? HTTP/1.1" 200 7640
200.111.191.210 - - [06/Jun/2017:12:15:36 -0300] "POST /cormun/servlet/trautorizarpermisogoce?47a2342460e28d33a46380ba91ed9345,,gx-no-cache=1496762190047 HTTP/1.1" 200 4239
200.111.191.210 - - [06/Jun/2017:12:15:36 -0300] "GET /cormun/static/Shared/jqueryui/images/ui-bg_highlight-soft_100_c6c2c8_1x100.png HTTP/1.1" 404 1117
200.111.191.210 - - [06/Jun/2017:12:15:36 -0300] "GET /cormun/static/Shared/jqueryui/images/ui-icons_82798d_256x240.png HTTP/1.1" 404 1089
200.111.191.210 - - [06/Jun/2017:12:15:36 -0300] "GET /cormun/static/Shared/jqueryui/images/ui-icons_8d78a5_256x240.png HTTP/1.1" 404 1089
200.111.191.210 - - [06/Jun/2017:12:15:36 -0300] "GET /cormun/static/Shared/jqueryui/images/ui-bg_flat_55_fafafa_40x100.png HTTP/1.1" 404 1097
200.111.191.210 - - [06/Jun/2017:12:15:38 -0300] "GET /cormun/servlet/trlicencias? HTTP/1.1" 200 18299
200.111.191.210 - - [06/Jun/2017:12:15:38 -0300] "GET /cormun/servlet/trlicencias? HTTP/1.1" 200 18313
200.112.7.114 - - [06/Jun/2017:12:16:08 -0300] "GET /cormun/servlet/solicitudot?INS,0,0, HTTP/1.1" 200 12888
200.112.7.114 - - [06/Jun/2017:12:16:19 -0300] "POST /cormun/servlet/solicitudot?gx-no-cache=1496762232510 HTTP/1.1" 200 3208
200.112.7.114 - - [06/Jun/2017:12:16:20 -0300] "POST /cormun/servlet/solicitudot?81dbd448f8912cdca6989ae462d44613,INS,0,0,,gx-no-cache=1496762233054 HTTP/1.1" 200 10031
200.112.7.114 - - [06/Jun/2017:12:16:22 -0300] "GET /cormun/servlet/solicitudot?fb6370015a4675ccfa3d812df36dd8aa11b89f15ecaba8fdc31ced9ac58e01d76f6a7b057b5453c0ebcf24f4bf25ef25,gx-no-cache=1496762235992 HTTP/1.1" 200 30
200.112.7.114 - - [06/Jun/2017:12:16:22 -0300] "POST /cormun/servlet/solicitudot?gx-no-cache=1496762236097 HTTP/1.1" 200 255
200.112.7.114 - - [06/Jun/2017:12:16:23 -0300] "GET /cormun/servlet/solicitudot?fb6370015a4675ccfa3d812df36dd8aa971ae090375e38f198596be4c03c23d4eedae1af84cb50ac618e0522ed5755525f911f43e1eb253281553b88420d523317dfb486335612c8a788228fb877a3795e48c762dcae83d5e253192116daed1bbf610933c46c0579c594365c9dd4e0c720e18a4639c8ea36f7fe734c323afd2a553ecf9c5017bb234bb4ac13465a02192340a000c31f895cacb6d3075a915df65052e9a1499ad07d3e83f706eb39b3fee4fdc6fe532821d91daf6ba2deb045d60a54117c8f1fde356cc52bf5a2a2d12f47af901db66a578abe886b71e5cd2f2b30e16bf76753b4b245a34f0a269a6413626941a872f745da1f4ec7bf6c1f336c18c52b3b4e05d6cf55f95941678177773b35847e2f511d37de0b1cc93e462dae79ff4bd32f81b6c00fa18dbe3bafa6ec4fc426fd0baa7a7bcff5dbb180aa6d95f60365582ad937633899e1bf0b0e330a527c6679cafdd26ba8e1fa1f82ecd916dc628dfb0ef33abb3ba7f3bf637d9f57fa44db1b0f434683ee9eb614e7d99351,gx-no-cache=1496762236232 HTTP/1.1" 200 30
200.112.7.114 - - [06/Jun/2017:12:16:24 -0300] "POST /cormun/servlet/solicitudot?gx-no-cache=1496762237731 HTTP/1.1" 200 30
186.79.48.193 - - [06/Jun/2017:12:16:27 -0300] "GET /cormun/servlet/permisogoce?INS,0,,, HTTP/1.1" 200 6914
186.79.48.193 - - [06/Jun/2017:12:16:28 -0300] "GET /cormun/static/gxcfg.js?201752511545264 HTTP/1.1" 200 953
186.79.48.193 - - [06/Jun/2017:12:16:28 -0300] "GET /cormun/static/Resources/prompt.gif HTTP/1.1" 200 902
186.79.48.193 - - [06/Jun/2017:12:16:28 -0300] "GET /cormun/static/permisogoce.js?201752511545340 HTTP/1.1" 200 27885
186.79.48.193 - - [06/Jun/2017:12:16:29 -0300] "GET /cormun/servlet/permisogoce?INS,0,,, HTTP/1.1" 200 6892
186.103.159.43 - - [06/Jun/2017:12:16:38 -0300] "POST /cormun/servlet/trlicencias?904307a4532837249050afc44a14b403,,gx-no-cache=1496762252858 HTTP/1.1" 200 8905
186.103.159.43 - - [06/Jun/2017:12:16:38 -0300] "GET /cormun/static/Shared/jqueryui/images/ui-bg_highlight-soft_100_c6c2c8_1x100.png HTTP/1.1" 404 1117
186.103.159.43 - - [06/Jun/2017:12:16:38 -0300] "GET /cormun/static/Shared/jqueryui/images/ui-icons_82798d_256x240.png HTTP/1.1" 404 1089
186.103.159.43 - - [06/Jun/2017:12:16:38 -0300] "GET /cormun/static/Shared/jqueryui/images/ui-bg_flat_55_fafafa_40x100.png HTTP/1.1" 404 1097
186.103.159.43 - - [06/Jun/2017:12:16:38 -0300] "GET /cormun/static/Shared/jqueryui/images/ui-icons_8d78a5_256x240.png HTTP/1.1" 404 1089
200.112.7.114 - - [06/Jun/2017:12:16:38 -0300] "POST /cormun/servlet/solicitudot?gx-no-cache=1496762251613 HTTP/1.1" 200 1301
186.79.48.193 - - [06/Jun/2017:12:16:39 -0300] "GET /cormun/servlet/permisogoce?4daa1c91aecc50a60261ce5a43686942290dd3d7cf6a83e43fb4d9870c8db2f2fde73c86afd1a43034b7eac85c3c74fb,gx-no-cache=1496762254037 HTTP/1.1" 200 81
186.79.48.193 - - [06/Jun/2017:12:16:39 -0300] "GET /cormun/static/menuarrow.gif HTTP/1.1" 404 1015
200.112.7.114 - - [06/Jun/2017:12:16:39 -0300] "POST /cormun/servlet/solicitudot?gx-no-cache=1496762252811 HTTP/1.1" 200 38
186.79.48.193 - - [06/Jun/2017:12:16:46 -0300] "GET /cormun/servlet/permisogoce?4daa1c91aecc50a60261ce5a43686942a6e846aa007569564f46949ddeab2f237db7909684572f25aee4290a9845879ebf68c0265e342acac4ea03176f3e447b,gx-no-cache=1496762261399 HTTP/1.1" 200 46
200.112.7.114 - - [06/Jun/2017:12:16:49 -0300] "GET /cormun/servlet/solicitudot?fb6370015a4675ccfa3d812df36dd8aad844fd1799be32d91e7e707a77e6c14ba1076bee3d7224cb91a220fa323a17a1a6a61cbbea6a105beb25a9170f29586a13cf761a3037c3091e7ef3a0d607e6b081f80cd366e86691fea22a55eafc1c88cd114edf4811e5bc86e9bc2a51077960653418b2dac269c0cc2d8ebae284e43dadde559a6c17ef25a0626cb91aac21031001a5f23143fe5698ca29e2cf498c63,gx-no-cache=1496762262308 HTTP/1.1" 200 29
200.112.7.114 - - [06/Jun/2017:12:16:50 -0300] "POST /cormun/servlet/solicitudot?gx-no-cache=1496762262423 HTTP/1.1" 200 1280
200.112.7.114 - - [06/Jun/2017:12:16:50 -0300] "GET /cormun/static/menuarrow.gif HTTP/1.1" 404 1015
186.79.48.193 - - [06/Jun/2017:12:16:51 -0300] "POST /cormun/servlet/permisogoce?b3e9774166d3e43eb417b3a1d1f6eda5,INS,0,,,,gx-no-cache=1496762266191 HTTP/1.1" 200 93
186.79.48.193 - - [06/Jun/2017:12:16:51 -0300] "GET /cormun/servlet/hpexe_return? HTTP/1.1" 200 1031
186.79.48.193 - - [06/Jun/2017:12:16:52 -0300] "GET /cormun/servlet/trpermisosgoce?gx-no-cache=1496761614839 HTTP/1.1" 200 15969
200.112.7.114 - - [06/Jun/2017:12:16:53 -0300] "POST /cormun/servlet/solicitudot?gx-no-cache=1496762265504 HTTP/1.1" 200 1280
186.79.48.193 - - [06/Jun/2017:12:16:53 -0300] "GET /cormun/servlet/trpermisosgoce?gx-no-cache=1496761614839 HTTP/1.1" 200 16013
200.112.7.114 - - [06/Jun/2017:12:17:05 -0300] "POST /cormun/servlet/solicitudot?gx-no-cache=1496762278338 HTTP/1.1" 200 30
200.112.7.114 - - [06/Jun/2017:12:17:06 -0300] "POST /cormun/servlet/solicitudot?81dbd448f8912cdca6989ae462d44613,INS,0,0,,gx-no-cache=1496762279086 HTTP/1.1" 200 93
200.112.7.114 - - [06/Jun/2017:12:17:07 -0300] "GET /cormun/servlet/hpexe_return? HTTP/1.1" 200 1005
200.112.7.114 - - [06/Jun/2017:12:17:07 -0300] "GET /cormun/servlet/trsolicitudot? HTTP/1.1" 200 11579
186.79.48.193 - - [06/Jun/2017:12:17:09 -0300] "GET /cormun/servlet/trpermisosadjuntos?9186216,20170606121628,P, HTTP/1.1" 200 6388
186.79.48.193 - - [06/Jun/2017:12:17:10 -0300] "GET /cormun/servlet/trpermisosadjuntos?9186216,20170606121628,P, HTTP/1.1" 200 6368
200.112.7.114 - - [06/Jun/2017:12:17:13 -0300] "GET /cormun/servlet/trautorizarsolicitud? HTTP/1.1" 200 6969
186.79.48.193 - - [06/Jun/2017:12:17:16 -0300] "GET /cormun/servlet/permisosadjuntos?INS,9186216,P,20170606121628,, HTTP/1.1" 200 5692
186.79.48.193 - - [06/Jun/2017:12:17:16 -0300] "GET /cormun/static/about:blank HTTP/1.1" 404 1011
186.79.48.193 - - [06/Jun/2017:12:17:17 -0300] "GET /cormun/servlet/permisosadjuntos?INS,9186216,P,20170606121628,, HTTP/1.1" 200 5681
200.112.7.114 - - [06/Jun/2017:12:17:19 -0300] "GET /cormun/servlet/trautorizarsolicitud? HTTP/1.1" 200 6968
200.112.7.114 - - [06/Jun/2017:12:17:24 -0300] "GET /cormun/servlet/trvisualizadoreventos? HTTP/1.1" 200 6792
200.112.7.114 - - [06/Jun/2017:12:17:24 -0300] "GET /cormun/static/gxcfg.js?20175251251426 HTTP/1.1" 200 953
200.112.7.114 - - [06/Jun/2017:12:17:24 -0300] "GET /cormun/static/Resources/PXToolsActionPrint.png HTTP/1.1" 304 -
200.112.7.114 - - [06/Jun/2017:12:17:24 -0300] "GET /cormun/static/trvisualizadoreventos.js?20175251251768 HTTP/1.1" 200 19318
200.112.7.114 - - [06/Jun/2017:12:17:28 -0300] "GET /cormun/servlet/trsolicitudot? HTTP/1.1" 200 11575
200.112.7.114 - - [06/Jun/2017:12:17:38 -0300] "GET /cormun/servlet/solicitudot?INS,0,0, HTTP/1.1" 200 12885
186.103.159.46 - - [06/Jun/2017:12:17:51 -0300] "GET /cormun/servlet/hhome HTTP/1.1" 200 3770
200.112.7.114 - - [06/Jun/2017:12:17:52 -0300] "POST /cormun/servlet/solicitudot?gx-no-cache=1496762325260 HTTP/1.1" 200 3188
200.112.7.114 - - [06/Jun/2017:12:17:53 -0300] "POST /cormun/servlet/solicitudot?81dbd448f8912cdca6989ae462d44613,INS,0,0,,gx-no-cache=1496762325765 HTTP/1.1" 200 10009
186.103.159.46 - - [06/Jun/2017:12:17:53 -0300] "GET /cormun/servlet/hhome HTTP/1.1" 200 3778
200.112.7.114 - - [06/Jun/2017:12:17:55 -0300] "GET /cormun/servlet/solicitudot?fb6370015a4675ccfa3d812df36dd8aa6cd149ab4ef8ce1747e319f76f62e1656f6a7b057b5453c0ebcf24f4bf25ef25,gx-no-cache=1496762328322 HTTP/1.1" 200 30
200.112.7.114 - - [06/Jun/2017:12:17:55 -0300] "POST /cormun/servlet/solicitudot?gx-no-cache=1496762328430 HTTP/1.1" 200 255
200.112.7.114 - - [06/Jun/2017:12:17:55 -0300] "GET /cormun/servlet/solicitudot?fb6370015a4675ccfa3d812df36dd8aa971ae090375e38f198596be4c03c23d4eedae1af84cb50ac618e0522ed5755525f911f43e1eb253281553b88420d523317dfb486335612c8a788228fb877a3795e48c762dcae83d5e253192116daed1bbf610933c46c0579c594365c9dd4e0c720e18a4639c8ea36f7fe734c323afd2a553ecf9c5017bb234bb4ac13465a02192340a000c31f895cacb6d3075a915df65052e9a1499ad07d3e83f706eb39b3fee4fdc6fe532821d91daf6ba2deb045d60a54117c8f1fde356cc52bf5a2a2d12f47af901db66a578abe886b71e5cd2f2b30e16bf76753b4b245a34f0a269a6413626941a872f745da1f4ec7bf6c1f336c18c52b3b4e05d6cf55f95941678177773b35847e2f511d37de0b1cc93e462dae79ff4bd32f81b6c00fa18dbe3bafa6ec4fc426fd0baa7a7bcff5dbb180aa6d95f60365582ad937633899e1bf0b0e330a527c6679cafdd26ba8e1fa1f82ecd916dc628dfb0ef33abb3ba7f3bf637d9f57fa44db1b0f434683ee9eb614e7d99351,gx-no-cache=1496762328568 HTTP/1.1" 200 30
200.112.7.114 - - [06/Jun/2017:12:17:57 -0300] "POST /cormun/servlet/solicitudot?gx-no-cache=1496762330838 HTTP/1.1" 200 30
200.112.7.114 - - [06/Jun/2017:12:18:11 -0300] "POST /cormun/servlet/solicitudot?gx-no-cache=1496762344224 HTTP/1.1" 200 1301
200.112.7.114 - - [06/Jun/2017:12:18:11 -0300] "POST /cormun/servlet/solicitudot?gx-no-cache=1496762344463 HTTP/1.1" 200 38
200.112.7.114 - - [06/Jun/2017:12:18:19 -0300] "GET /cormun/servlet/solicitudot?fb6370015a4675ccfa3d812df36dd8aad844fd1799be32d91e7e707a77e6c14ba1076bee3d7224cb91a220fa323a17a1a6a61cbbea6a105beb25a9170f29586a13cf761a3037c3091e7ef3a0d607e6b081f80cd366e86691fea22a55eafc1c88cd114edf4811e5bc86e9bc2a51077960653418b2dac269c0cc2d8ebae284e43dadde559a6c17ef25a0626cb91aac21031001a5f23143fe5698ca29e2cf498c63,gx-no-cache=1496762353090 HTTP/1.1" 200 29
200.112.7.114 - - [06/Jun/2017:12:18:20 -0300] "POST /cormun/servlet/solicitudot?gx-no-cache=1496762353207 HTTP/1.1" 200 1280
200.112.7.114 - - [06/Jun/2017:12:18:20 -0300] "GET /cormun/static/menuarrow.gif HTTP/1.1" 404 1015
200.112.7.114 - - [06/Jun/2017:12:18:22 -0300] "POST /cormun/servlet/solicitudot?gx-no-cache=1496762355285 HTTP/1.1" 200 1280
186.103.159.46 - - [06/Jun/2017:12:18:25 -0300] "GET /cormun/servlet/trpermisosgoce? HTTP/1.1" 200 13075
186.103.159.46 - - [06/Jun/2017:12:18:26 -0300] "GET /cormun/static/gxcfg.js?20175251265886 HTTP/1.1" 304 -
186.103.159.46 - - [06/Jun/2017:12:18:27 -0300] "GET /cormun/servlet/trpermisosgoce? HTTP/1.1" 200 13075
186.103.159.46 - - [06/Jun/2017:12:18:30 -0300] "GET /cormun/servlet/permisogoce?INS,0,,, HTTP/1.1" 200 6619
186.103.159.46 - - [06/Jun/2017:12:18:31 -0300] "GET /cormun/static/gxcfg.js?201752511545264 HTTP/1.1" 304 -
186.103.159.46 - - [06/Jun/2017:12:18:32 -0300] "GET /cormun/servlet/permisogoce?INS,0,,, HTTP/1.1" 200 6618
200.112.7.114 - - [06/Jun/2017:12:18:36 -0300] "POST /cormun/servlet/solicitudot?gx-no-cache=1496762369921 HTTP/1.1" 200 30
200.112.7.114 - - [06/Jun/2017:12:18:37 -0300] "POST /cormun/servlet/solicitudot?81dbd448f8912cdca6989ae462d44613,INS,0,0,,gx-no-cache=1496762370075 HTTP/1.1" 200 93
200.112.7.114 - - [06/Jun/2017:12:18:37 -0300] "GET /cormun/servlet/hpexe_return? HTTP/1.1" 200 1005
200.112.7.114 - - [06/Jun/2017:12:18:38 -0300] "GET /cormun/servlet/trsolicitudot HTTP/1.1" 200 11990
186.103.159.182 - - [06/Jun/2017:12:18:40 -0300] "GET /cormun/servlet/licenciaspermisos?DSP,15125556,L,20170605000000, HTTP/1.1" 200 7024
186.103.159.182 - - [06/Jun/2017:12:18:41 -0300] "GET /cormun/servlet/licenciaspermisos?DSP,15125556,L,20170605000000, HTTP/1.1" 200 7026
200.112.7.114 - - [06/Jun/2017:12:19:23 -0300] "GET /cormun/servlet/trautorizarsolicitud? HTTP/1.1" 200 6969
186.103.159.182 - - [06/Jun/2017:12:19:28 -0300] "GET /cormun/servlet/trlicencias? HTTP/1.1" 200 15849
186.103.159.182 - - [06/Jun/2017:12:19:30 -0300] "GET /cormun/servlet/trlicencias? HTTP/1.1" 200 15852
200.112.7.114 - - [06/Jun/2017:12:19:34 -0300] "GET /cormun/servlet/trsolicitudot? HTTP/1.1" 200 11986
200.112.7.114 - - [06/Jun/2017:12:19:38 -0300] "GET /cormun/servlet/solicitudot?INS,0,0, HTTP/1.1" 200 12888
186.79.48.193 - - [06/Jun/2017:12:19:46 -0300] "POST /cormun/servlet/permisosadjuntos?b3e9774166d3e43eb417b3a1d1f6eda5,INS,9186216,P,20170606121628,, HTTP/1.1" 200 116
186.79.48.193 - - [06/Jun/2017:12:19:46 -0300] "GET /cormun/servlet/hpexe_return? HTTP/1.1" 200 1035
186.79.48.193 - - [06/Jun/2017:12:19:46 -0300] "GET /cormun/servlet/trpermisosadjuntos?9186216,20170606121628,P, HTTP/1.1" 200 6821
186.79.48.193 - - [06/Jun/2017:12:19:48 -0300] "GET /cormun/servlet/trpermisosadjuntos?9186216,20170606121628,P, HTTP/1.1" 200 6836
200.112.7.114 - - [06/Jun/2017:12:19:51 -0300] "POST /cormun/servlet/solicitudot?gx-no-cache=1496762444415 HTTP/1.1" 200 3200
200.112.7.114 - - [06/Jun/2017:12:19:52 -0300] "POST /cormun/servlet/solicitudot?81dbd448f8912cdca6989ae462d44613,INS,0,0,,gx-no-cache=1496762444932 HTTP/1.1" 200 10021
186.103.159.46 - - [06/Jun/2017:12:19:53 -0300] "GET /cormun/servlet/permisogoce?ce117f51c6305c9426a1aadc9fd9afda8cb451744a89aef2b891ba6c572f2e7c7814063d4ee857bb09f77926d6e5b7ef3ce5e25865ffcf61ecaa427d796830fb,gx-no-cache=1496762448065 HTTP/1.1" 200 82
186.103.159.46 - - [06/Jun/2017:12:19:53 -0300] "GET /cormun/static/menuarrow.gif HTTP/1.1" 404 1015
200.112.7.114 - - [06/Jun/2017:12:19:54 -0300] "GET /cormun/servlet/solicitudot?fb6370015a4675ccfa3d812df36dd8aa7de76db2410fb874cc6d46b6b055993a6f6a7b057b5453c0ebcf24f4bf25ef25,gx-no-cache=1496762447749 HTTP/1.1" 200 30
200.112.7.114 - - [06/Jun/2017:12:19:54 -0300] "POST /cormun/servlet/solicitudot?gx-no-cache=1496762447851 HTTP/1.1" 200 255
200.112.7.114 - - [06/Jun/2017:12:19:54 -0300] "GET /cormun/servlet/solicitudot?fb6370015a4675ccfa3d812df36dd8aa971ae090375e38f198596be4c03c23d4eedae1af84cb50ac618e0522ed5755525f911f43e1eb253281553b88420d523317dfb486335612c8a788228fb877a3795e48c762dcae83d5e253192116daed1bbf610933c46c0579c594365c9dd4e0c720e18a4639c8ea36f7fe734c323afd2a553ecf9c5017bb234bb4ac13465a02192340a000c31f895cacb6d3075a915df65052e9a1499ad07d3e83f706eb39b3fee4fdc6fe532821d91daf6ba2deb045d60a54117c8f1fde356cc52bf5a2a2d12f47af901db66a578abe886b71e5cd2f2b30e16bf76753b4b245a34f0a269a6413626941a872f745da1f4ec7bf6c1f336c18c52b3b4e05d6cf55f95941678177773b35847e2f511d37de0b1cc93e462dae79ff4bd32f81b6c00fa18dbe3bafa6ec4fc426fd0baa7a7bcff5dbb180aa6d95f60365582ad937633899e1bf0b0e330a527c6679cafdd26ba8e1fa1f82ecd916dc628dfb0ef33abb3ba7f3bf637d9f57fa44db1b0f434683ee9eb614e7d99351,gx-no-cache=1496762447981 HTTP/1.1" 200 30
200.112.7.114 - - [06/Jun/2017:12:19:56 -0300] "POST /cormun/servlet/solicitudot?gx-no-cache=1496762449948 HTTP/1.1" 200 30
186.103.159.46 - - [06/Jun/2017:12:20:02 -0300] "GET /cormun/servlet/permisogoce?ce117f51c6305c9426a1aadc9fd9afdae025eb848c66b48ebf69a54308b195660f5a7d34f523cdb2692c06e3cddf135caa637571a9fa7c6ac65a649cee5abaae,gx-no-cache=1496762456832 HTTP/1.1" 200 47
200.112.7.114 - - [06/Jun/2017:12:20:11 -0300] "POST /cormun/servlet/solicitudot?gx-no-cache=1496762464808 HTTP/1.1" 200 1301
200.112.7.114 - - [06/Jun/2017:12:20:11 -0300] "POST /cormun/servlet/solicitudot?gx-no-cache=1496762465030 HTTP/1.1" 200 38
186.103.159.46 - - [06/Jun/2017:12:20:21 -0300] "POST /cormun/servlet/permisogoce?9f26d718a08f58818959f61d0707a984,INS,0,,,,gx-no-cache=1496762475448 HTTP/1.1" 200 93
186.103.159.46 - - [06/Jun/2017:12:20:21 -0300] "GET /cormun/servlet/hpexe_return? HTTP/1.1" 200 1009
186.103.159.46 - - [06/Jun/2017:12:20:22 -0300] "GET /cormun/servlet/trpermisosgoce HTTP/1.1" 200 13308
186.103.159.46 - - [06/Jun/2017:12:20:24 -0300] "GET /cormun/servlet/trpermisosgoce HTTP/1.1" 200 13309
200.112.7.114 - - [06/Jun/2017:12:20:24 -0300] "GET /cormun/servlet/solicitudot?fb6370015a4675ccfa3d812df36dd8aad844fd1799be32d91e7e707a77e6c14ba1076bee3d7224cb91a220fa323a17a1a6a61cbbea6a105beb25a9170f29586a13cf761a3037c3091e7ef3a0d607e6b081f80cd366e86691fea22a55eafc1c88cd114edf4811e5bc86e9bc2a51077960653418b2dac269c0cc2d8ebae284e43dadde559a6c17ef25a0626cb91aac21031001a5f23143fe5698ca29e2cf498c63,gx-no-cache=1496762477593 HTTP/1.1" 200 29
200.112.7.114 - - [06/Jun/2017:12:20:24 -0300] "POST /cormun/servlet/solicitudot?gx-no-cache=1496762477706 HTTP/1.1" 200 1280
200.112.7.114 - - [06/Jun/2017:12:20:24 -0300] "GET /cormun/static/menuarrow.gif HTTP/1.1" 404 1015
200.112.7.114 - - [06/Jun/2017:12:20:26 -0300] "POST /cormun/servlet/solicitudot?gx-no-cache=1496762479685 HTTP/1.1" 200 1280
186.103.159.46 - - [06/Jun/2017:12:20:29 -0300] "GET /cormun/servlet/apermisogoceprn?13782497,P,20170606121831,PU HTTP/1.1" 200 1651
200.112.7.114 - - [06/Jun/2017:12:20:36 -0300] "POST /cormun/servlet/solicitudot?gx-no-cache=1496762489192 HTTP/1.1" 200 30
200.112.7.114 - - [06/Jun/2017:12:20:37 -0300] "POST /cormun/servlet/solicitudot?81dbd448f8912cdca6989ae462d44613,INS,0,0,,gx-no-cache=1496762489747 HTTP/1.1" 200 93
200.112.7.114 - - [06/Jun/2017:12:20:37 -0300] "GET /cormun/servlet/hpexe_return? HTTP/1.1" 200 1005
200.112.7.114 - - [06/Jun/2017:12:20:37 -0300] "GET /cormun/servlet/trsolicitudot HTTP/1.1" 200 12433
200.112.7.114 - - [06/Jun/2017:12:20:43 -0300] "GET /cormun/servlet/trautorizarsolicitud? HTTP/1.1" 200 6969
200.112.7.114 - - [06/Jun/2017:12:20:51 -0300] "GET /cormun/servlet/trautorizarsolicitud? HTTP/1.1" 200 6968
186.103.159.182 - - [06/Jun/2017:12:21:14 -0300] "GET /cormun/servlet/trlicencias? HTTP/1.1" 200 15847
186.103.159.182 - - [06/Jun/2017:12:21:16 -0300] "GET /cormun/servlet/trlicencias? HTTP/1.1" 200 15853
200.112.7.114 - - [06/Jun/2017:12:21:16 -0300] "GET /cormun/servlet/trcontratosolicitud? HTTP/1.1" 200 7319
186.103.159.182 - - [06/Jun/2017:12:21:21 -0300] "GET /cormun/servlet/licenciaspermisos?INS,0,,, HTTP/1.1" 200 7498
186.103.159.182 - - [06/Jun/2017:12:21:22 -0300] "GET /cormun/servlet/licenciaspermisos?INS,0,,, HTTP/1.1" 200 7506
200.112.7.114 - - [06/Jun/2017:12:21:24 -0300] "GET /cormun/servlet/trcontratosolicitud? HTTP/1.1" 200 7318
200.112.7.114 - - [06/Jun/2017:12:21:39 -0300] "POST /cormun/servlet/trcontratosolicitud?81dbd448f8912cdca6989ae462d44613,,gx-no-cache=1496762551970 HTTP/1.1" 200 4795
200.112.7.114 - - [06/Jun/2017:12:21:54 -0300] "POST /cormun/servlet/trcontratosolicitud?81dbd448f8912cdca6989ae462d44613,,gx-no-cache=1496762567077 HTTP/1.1" 200 4795
200.112.7.114 - - [06/Jun/2017:12:21:58 -0300] "GET /cormun/servlet/trsolicitudot? HTTP/1.1" 200 12430
186.79.48.193 - - [06/Jun/2017:12:22:17 -0300] "POST /cormun/servlet/trpermisosadjuntos?b3e9774166d3e43eb417b3a1d1f6eda5,9186216,20170606121628,P,,gx-no-cache=1496762591929 HTTP/1.1" 200 90
186.79.48.193 - - [06/Jun/2017:12:22:17 -0300] "GET /cormun/servlet/hpexe_link HTTP/1.1" 200 1002
186.79.48.193 - - [06/Jun/2017:12:22:18 -0300] "GET /cormun/servlet/trpermisosgoce?gx-no-cache=1496761614839 HTTP/1.1" 200 15978
186.79.48.193 - - [06/Jun/2017:12:22:19 -0300] "GET /cormun/servlet/trpermisosgoce?gx-no-cache=1496761614839 HTTP/1.1" 200 15976
200.112.7.114 - - [06/Jun/2017:12:22:20 -0300] "POST /cormun/servlet/trsolicitudot?81dbd448f8912cdca6989ae462d44613,,gx-no-cache=1496762592761 HTTP/1.1" 200 9449
186.79.48.193 - - [06/Jun/2017:12:22:24 -0300] "POST /cormun/servlet/trpermisosgoce?b3e9774166d3e43eb417b3a1d1f6eda5,gx-no-cache=1496761614839,gx-no-cache=1496762598418 HTTP/1.1" 200 13107
186.79.48.193 - - [06/Jun/2017:12:22:25 -0300] "GET /cormun/static/Shared/jqueryui/images/ui-bg_highlight-soft_100_c6c2c8_1x100.png HTTP/1.1" 404 1117
186.79.48.193 - - [06/Jun/2017:12:22:25 -0300] "GET /cormun/static/Shared/jqueryui/images/ui-icons_82798d_256x240.png HTTP/1.1" 404 1089
186.79.48.193 - - [06/Jun/2017:12:22:25 -0300] "GET /cormun/static/Shared/jqueryui/images/ui-icons_8d78a5_256x240.png HTTP/1.1" 404 1089
186.79.48.193 - - [06/Jun/2017:12:22:25 -0300] "GET /cormun/static/Shared/jqueryui/images/ui-bg_flat_55_fafafa_40x100.png HTTP/1.1" 404 1097
200.112.7.114 - - [06/Jun/2017:12:22:28 -0300] "GET /cormun/servlet/solicitudot?INS,0,0, HTTP/1.1" 200 12888
204.44.65.4 - - [06/Jun/2017:12:22:31 -0300] "GET /vs.php?rands=_29354932848616932746492 HTTP/1.0" 404 973
204.44.65.4 - - [06/Jun/2017:12:22:32 -0300] "GET /?rands=_1392667932022738562135112 HTTP/1.0" 200 11197
186.79.48.193 - - [06/Jun/2017:12:22:32 -0300] "GET /cormun/servlet/permisogoce?INS,0,,, HTTP/1.1" 200 6914
204.44.65.4 - - [06/Jun/2017:12:22:32 -0300] "GET /?rands=_5046158012432136485705280 HTTP/1.0" 200 11197
186.79.48.193 - - [06/Jun/2017:12:22:33 -0300] "GET /cormun/servlet/permisogoce?INS,0,,, HTTP/1.1" 200 6892
192.168.10.96 - - [06/Jun/2017:12:22:35 -0300] "POST /cormun/servlet/hlogin?1818fe20af196d192da2dc973e992b1a,gx-no-cache=1496762555713 HTTP/1.1" 200 447
192.168.10.96 - - [06/Jun/2017:12:22:38 -0300] "POST /cormun/servlet/hlogin?1818fe20af196d192da2dc973e992b1a,gx-no-cache=1496762558150 HTTP/1.1" 200 447
192.168.10.96 - - [06/Jun/2017:12:22:40 -0300] "POST /cormun/servlet/hlogin?1818fe20af196d192da2dc973e992b1a,gx-no-cache=1496762560664 HTTP/1.1" 200 90
192.168.10.96 - - [06/Jun/2017:12:22:40 -0300] "GET /cormun/servlet/hpexe_link HTTP/1.1" 200 948
192.168.10.96 - - [06/Jun/2017:12:22:40 -0300] "GET /cormun/servlet/hhome HTTP/1.1" 200 3966
192.168.10.96 - - [06/Jun/2017:12:22:41 -0300] "GET /cormun/servlet/hhome HTTP/1.1" 200 3963
186.67.172.234 - - [06/Jun/2017:12:22:41 -0300] "GET /cormun/servlet/hlogin HTTP/1.1" 200 1731
186.67.172.234 - - [06/Jun/2017:12:22:41 -0300] "GET /cormun/static/Resources/PXToolsButtonRight21.png HTTP/1.1" 200 1283
186.67.172.234 - - [06/Jun/2017:12:22:41 -0300] "GET /cormun/static/Resources/PXToolsButtonBackground2.png HTTP/1.1" 200 1181
186.67.172.234 - - [06/Jun/2017:12:22:41 -0300] "GET /cormun/static/Resources/PXToolsLoginBottom.png HTTP/1.1" 200 1389
186.67.172.234 - - [06/Jun/2017:12:22:41 -0300] "GET /cormun/static/Resources/indicator.gif HTTP/1.1" 200 1553
192.168.10.96 - - [06/Jun/2017:12:22:44 -0300] "GET /cormun/servlet/trautorizarsolicitud? HTTP/1.1" 200 6901
192.168.10.96 - - [06/Jun/2017:12:22:45 -0300] "GET /cormun/servlet/trautorizarsolicitud? HTTP/1.1" 200 6900
186.79.48.193 - - [06/Jun/2017:12:22:49 -0300] "GET /cormun/servlet/permisogoce?4daa1c91aecc50a60261ce5a43686942cfeaa3ce99656f99c93ec8447a27665ade0f478c75edc8b89086322d6ef31866aa464af049fa7360c063cc653c3a5464,gx-no-cache=1496762624720 HTTP/1.1" 200 89
186.79.48.193 - - [06/Jun/2017:12:22:50 -0300] "GET /cormun/static/menuarrow.gif HTTP/1.1" 404 1015
192.168.10.96 - - [06/Jun/2017:12:22:51 -0300] "GET /cormun/servlet/trsolicitudot? HTTP/1.1" 200 9729
192.168.10.96 - - [06/Jun/2017:12:22:51 -0300] "GET /cormun/servlet/trsolicitudot? HTTP/1.1" 200 9728
186.67.172.234 - - [06/Jun/2017:12:22:55 -0300] "POST /cormun/servlet/hlogin?c6c0103d2c88588ade48fb458691123e,gx-no-cache=1496762651266 HTTP/1.1" 200 90
186.67.172.234 - - [06/Jun/2017:12:22:55 -0300] "GET /cormun/servlet/hpexe_link HTTP/1.1" 200 955
186.67.172.234 - - [06/Jun/2017:12:22:55 -0300] "GET /cormun/static/gxcfg.js?20175251212395 HTTP/1.1" 200 953
186.67.172.234 - - [06/Jun/2017:12:22:55 -0300] "GET /cormun/static/hpexe_link.js?20175251212399 HTTP/1.1" 200 625
186.67.172.234 - - [06/Jun/2017:12:22:55 -0300] "GET /cormun/servlet/hhome HTTP/1.1" 200 4048
186.67.172.234 - - [06/Jun/2017:12:22:55 -0300] "GET /cormun/static/gxcfg.js?20175251212442 HTTP/1.1" 200 953
186.67.172.234 - - [06/Jun/2017:12:22:55 -0300] "GET /cormun/static/hhome.js?20175251212450 HTTP/1.1" 200 777
186.67.172.234 - - [06/Jun/2017:12:22:56 -0300] "GET /cormun/static/SmoothNavMenu/resources/images/down.gif HTTP/1.1" 200 854
186.67.172.234 - - [06/Jun/2017:12:22:56 -0300] "GET /cormun/static/SmoothNavMenu/resources/images/right.gif HTTP/1.1" 200 860
186.67.172.234 - - [06/Jun/2017:12:22:56 -0300] "GET /cormun/servlet/hhome HTTP/1.1" 200 4045
200.112.7.114 - - [06/Jun/2017:12:22:59 -0300] "POST /cormun/servlet/solicitudot?gx-no-cache=1496762632624 HTTP/1.1" 200 3200
186.79.48.193 - - [06/Jun/2017:12:22:59 -0300] "GET /cormun/servlet/permisogoce?4daa1c91aecc50a60261ce5a436869424cc14ee19ee55df4cbaab0fc129f3018a0543941db8ae3ad8eb55e9932630a6e31a41d4f418146fb71ee3b1153bdeac9,gx-no-cache=1496762634775 HTTP/1.1" 200 46
200.112.7.114 - - [06/Jun/2017:12:23:00 -0300] "POST /cormun/servlet/solicitudot?81dbd448f8912cdca6989ae462d44613,INS,0,0,,gx-no-cache=1496762633218 HTTP/1.1" 200 10031
186.67.172.234 - - [06/Jun/2017:12:23:00 -0300] "GET /cormun/servlet/trcontratosolicitud? HTTP/1.1" 200 13636
186.67.172.234 - - [06/Jun/2017:12:23:01 -0300] "GET /cormun//static/Resources/PXToolsActionDisabled.gif HTTP/1.1" 200 53
186.67.172.234 - - [06/Jun/2017:12:23:01 -0300] "GET /cormun//static/Resources/PXToolsGridNew.png HTTP/1.1" 200 2949
186.67.172.234 - - [06/Jun/2017:12:23:01 -0300] "GET /cormun/servlet/trcontratosolicitud? HTTP/1.1" 200 13635
192.168.10.96 - - [06/Jun/2017:12:23:02 -0300] "POST /cormun/servlet/trsolicitudot?1818fe20af196d192da2dc973e992b1a,,gx-no-cache=1496762582418 HTTP/1.1" 200 6392
192.168.10.96 - - [06/Jun/2017:12:23:02 -0300] "POST /cormun/servlet/trsolicitudot?1818fe20af196d192da2dc973e992b1a,,gx-no-cache=1496762582652 HTTP/1.1" 200 6371
186.79.48.193 - - [06/Jun/2017:12:23:04 -0300] "POST /cormun/servlet/permisogoce?b3e9774166d3e43eb417b3a1d1f6eda5,INS,0,,,,gx-no-cache=1496762638670 HTTP/1.1" 200 93
186.79.48.193 - - [06/Jun/2017:12:23:04 -0300] "GET /cormun/servlet/hpexe_return? HTTP/1.1" 200 1031
186.79.48.193 - - [06/Jun/2017:12:23:05 -0300] "GET /cormun/servlet/trpermisosgoce?gx-no-cache=1496761614839 HTTP/1.1" 200 16234
192.168.10.96 - - [06/Jun/2017:12:23:05 -0300] "POST /cormun/servlet/trsolicitudot?1818fe20af196d192da2dc973e992b1a,,gx-no-cache=1496762585065 HTTP/1.1" 200 6104
192.168.10.96 - - [06/Jun/2017:12:23:05 -0300] "POST /cormun/servlet/trsolicitudot?1818fe20af196d192da2dc973e992b1a,,gx-no-cache=1496762585267 HTTP/1.1" 200 6083
186.79.48.193 - - [06/Jun/2017:12:23:06 -0300] "GET /cormun/servlet/trpermisosgoce?gx-no-cache=1496761614839 HTTP/1.1" 200 16222
192.168.10.96 - - [06/Jun/2017:12:23:07 -0300] "POST /cormun/servlet/trsolicitudot?1818fe20af196d192da2dc973e992b1a,,gx-no-cache=1496762587127 HTTP/1.1" 200 5665
192.168.10.96 - - [06/Jun/2017:12:23:07 -0300] "POST /cormun/servlet/trsolicitudot?1818fe20af196d192da2dc973e992b1a,,gx-no-cache=1496762587326 HTTP/1.1" 200 5646
186.67.172.234 - - [06/Jun/2017:12:23:08 -0300] "GET /cormun/servlet/trsolicitudot? HTTP/1.1" 200 13058
186.67.172.234 - - [06/Jun/2017:12:23:09 -0300] "GET /cormun/static/gxcfg.js?20175251233261 HTTP/1.1" 200 953
186.67.172.234 - - [06/Jun/2017:12:23:09 -0300] "GET /cormun/static/trsolicitudot.js?20175251234175 HTTP/1.1" 200 54041
186.67.172.234 - - [06/Jun/2017:12:23:09 -0300] "GET /cormun/static/Resources/PXToolsGridNew.png HTTP/1.1" 200 2949
186.67.172.234 - - [06/Jun/2017:12:23:09 -0300] "GET /cormun/static/Resources/PXToolsActionExcel.png HTTP/1.1" 200 3187
186.67.172.234 - - [06/Jun/2017:12:23:09 -0300] "GET /cormun//static/Resources/PXToolsActionView.png HTTP/1.1" 200 2995
186.67.172.234 - - [06/Jun/2017:12:23:09 -0300] "GET /cormun//static/Resources/PXToolsGridUpdate.png HTTP/1.1" 200 2984
186.67.172.234 - - [06/Jun/2017:12:23:09 -0300] "GET /cormun//static/Resources/PXToolsRemoveAllAction.png HTTP/1.1" 200 3558
186.67.172.234 - - [06/Jun/2017:12:23:09 -0300] "GET /cormun//static/Resources/PXToolsGridDelete.png HTTP/1.1" 200 357
186.67.172.234 - - [06/Jun/2017:12:23:09 -0300] "GET /cormun//static/Resources/PXTools/ActionInsert.png HTTP/1.1" 200 1482
186.67.172.234 - - [06/Jun/2017:12:23:09 -0300] "GET /cormun/servlet/trsolicitudot? HTTP/1.1" 200 13057
192.168.10.96 - - [06/Jun/2017:12:23:09 -0300] "POST /cormun/servlet/trsolicitudot?1818fe20af196d192da2dc973e992b1a,,gx-no-cache=1496762589647 HTTP/1.1" 200 4486
192.168.10.96 - - [06/Jun/2017:12:23:09 -0300] "POST /cormun/servlet/trsolicitudot?1818fe20af196d192da2dc973e992b1a,,gx-no-cache=1496762589818 HTTP/1.1" 200 4292
186.79.48.193 - - [06/Jun/2017:12:23:10 -0300] "GET /cormun/servlet/trpermisosadjuntos?17399914,20170606122232,P, HTTP/1.1" 200 6395
186.79.48.193 - - [06/Jun/2017:12:23:11 -0300] "GET /cormun/servlet/trpermisosadjuntos?17399914,20170606122232,P, HTTP/1.1" 200 6375
186.79.48.193 - - [06/Jun/2017:12:23:14 -0300] "GET /cormun/servlet/permisosadjuntos?INS,17399914,P,20170606122232,, HTTP/1.1" 200 5703
186.79.48.193 - - [06/Jun/2017:12:23:14 -0300] "GET /cormun/static/about:blank HTTP/1.1" 404 1011
186.79.48.193 - - [06/Jun/2017:12:23:15 -0300] "GET /cormun/servlet/permisosadjuntos?INS,17399914,P,20170606122232,, HTTP/1.1" 200 5693
192.168.10.96 - - [06/Jun/2017:12:23:21 -0300] "POST /cormun/servlet/trsolicitudot?1818fe20af196d192da2dc973e992b1a,,gx-no-cache=1496762601439 HTTP/1.1" 200 5667
192.168.10.96 - - [06/Jun/2017:12:23:28 -0300] "POST /cormun/servlet/trsolicitudot?1818fe20af196d192da2dc973e992b1a,,gx-no-cache=1496762608022 HTTP/1.1" 200 4481
192.168.10.96 - - [06/Jun/2017:12:23:28 -0300] "POST /cormun/servlet/trsolicitudot?1818fe20af196d192da2dc973e992b1a,,gx-no-cache=1496762608185 HTTP/1.1" 200 4292
192.168.10.96 - - [06/Jun/2017:12:23:30 -0300] "GET /cormun/servlet/trautorizarsolicitud? HTTP/1.1" 200 6900
192.168.10.96 - - [06/Jun/2017:12:23:30 -0300] "GET /cormun/servlet/trautorizarsolicitud? HTTP/1.1" 200 6900
186.79.48.193 - - [06/Jun/2017:12:23:31 -0300] "POST /cormun/servlet/permisosadjuntos?b3e9774166d3e43eb417b3a1d1f6eda5,INS,17399914,P,20170606122232,, HTTP/1.1" 200 116
186.79.48.193 - - [06/Jun/2017:12:23:31 -0300] "GET /cormun/servlet/hpexe_return? HTTP/1.1" 200 1038
186.79.48.193 - - [06/Jun/2017:12:23:31 -0300] "GET /cormun/servlet/trpermisosadjuntos?17399914,20170606122232,P, HTTP/1.1" 200 6847
186.79.48.193 - - [06/Jun/2017:12:23:32 -0300] "GET /cormun/servlet/trpermisosadjuntos?17399914,20170606122232,P, HTTP/1.1" 200 6844
192.168.10.96 - - [06/Jun/2017:12:23:35 -0300] "POST /cormun/servlet/trautorizarsolicitud?1818fe20af196d192da2dc973e992b1a,,gx-no-cache=1496762614969 HTTP/1.1" 200 4120
192.168.10.96 - - [06/Jun/2017:12:23:37 -0300] "GET /cormun/servlet/trsolicitudot? HTTP/1.1" 200 7175
192.168.10.96 - - [06/Jun/2017:12:23:37 -0300] "GET /cormun/servlet/trsolicitudot? HTTP/1.1" 200 7174
186.67.172.234 - - [06/Jun/2017:12:25:56 -0300] "GET /cormun/servlet/hlogin HTTP/1.1" 200 1727
186.103.159.182 - - [06/Jun/2017:12:26:03 -0300] "GET /cormun/servlet/trvisualizadoreventos? HTTP/1.1" 200 6832
186.103.159.182 - - [06/Jun/2017:12:26:03 -0300] "GET /cormun/static/gxcfg.js?20175251251426 HTTP/1.1" 200 953
186.103.159.182 - - [06/Jun/2017:12:26:03 -0300] "GET /cormun/static/trvisualizadoreventos.js?20175251251768 HTTP/1.1" 200 19318
186.103.159.182 - - [06/Jun/2017:12:26:03 -0300] "GET /cormun/static/Resources/PXToolsActionPrint.png HTTP/1.1" 200 3317
186.103.159.182 - - [06/Jun/2017:12:26:05 -0300] "GET /cormun/servlet/trvisualizadoreventos? HTTP/1.1" 200 6821
186.67.172.234 - - [06/Jun/2017:12:26:09 -0300] "POST /cormun/servlet/hlogin?36d08c5c01283f83a0449ae9418a4726,gx-no-cache=1496759205286 HTTP/1.1" 200 437
186.67.172.234 - - [06/Jun/2017:12:26:19 -0300] "POST /cormun/servlet/hlogin?36d08c5c01283f83a0449ae9418a4726,gx-no-cache=1496759215323 HTTP/1.1" 200 437
186.67.172.234 - - [06/Jun/2017:12:26:40 -0300] "POST /cormun/servlet/hlogin?36d08c5c01283f83a0449ae9418a4726,gx-no-cache=1496759236571 HTTP/1.1" 200 437
186.67.172.234 - - [06/Jun/2017:12:27:09 -0300] "POST /cormun/servlet/hlogin?36d08c5c01283f83a0449ae9418a4726,gx-no-cache=1496759265628 HTTP/1.1" 200 437
186.79.48.193 - - [06/Jun/2017:12:27:13 -0300] "POST /cormun/servlet/trpermisosadjuntos?b3e9774166d3e43eb417b3a1d1f6eda5,17399914,20170606122232,P,,gx-no-cache=1496762887649 HTTP/1.1" 200 90
186.79.48.193 - - [06/Jun/2017:12:27:13 -0300] "GET /cormun/servlet/hpexe_link HTTP/1.1" 200 1003
186.79.48.193 - - [06/Jun/2017:12:27:13 -0300] "GET /cormun/servlet/trpermisosgoce?gx-no-cache=1496761614839 HTTP/1.1" 200 16239
186.79.48.193 - - [06/Jun/2017:12:27:15 -0300] "GET /cormun/servlet/trpermisosgoce?gx-no-cache=1496761614839 HTTP/1.1" 200 16224
186.79.48.193 - - [06/Jun/2017:12:27:19 -0300] "POST /cormun/servlet/trpermisosgoce?b3e9774166d3e43eb417b3a1d1f6eda5,gx-no-cache=1496761614839,gx-no-cache=1496762893114 HTTP/1.1" 200 13344
186.79.48.193 - - [06/Jun/2017:12:27:19 -0300] "GET /cormun/static/Shared/jqueryui/images/ui-bg_highlight-soft_100_c6c2c8_1x100.png HTTP/1.1" 404 1117
186.79.48.193 - - [06/Jun/2017:12:27:20 -0300] "GET /cormun/static/Shared/jqueryui/images/ui-icons_82798d_256x240.png HTTP/1.1" 404 1089
186.79.48.193 - - [06/Jun/2017:12:27:20 -0300] "GET /cormun/static/Shared/jqueryui/images/ui-bg_flat_55_fafafa_40x100.png HTTP/1.1" 404 1097
186.79.48.193 - - [06/Jun/2017:12:27:20 -0300] "GET /cormun/static/Shared/jqueryui/images/ui-icons_8d78a5_256x240.png HTTP/1.1" 404 1089
186.79.86.245 - - [06/Jun/2017:12:27:21 -0300] "GET /cormun/servlet/hlogin HTTP/1.1" 200 1720
186.79.86.245 - - [06/Jun/2017:12:27:21 -0300] "GET /cormun/static/Resources/Spanish/PXTools.css?11423723 HTTP/1.1" 304 -
186.79.86.245 - - [06/Jun/2017:12:27:21 -0300] "GET /cormun/static/messages.spa.js?85251 HTTP/1.1" 304 -
186.79.86.245 - - [06/Jun/2017:12:27:21 -0300] "GET /cormun/static/hlogin.js?20175251213537 HTTP/1.1" 304 -
186.79.86.245 - - [06/Jun/2017:12:27:21 -0300] "GET /cormun/servlet/hlogin HTTP/1.1" 200 1730
186.79.86.245 - - [06/Jun/2017:12:27:42 -0300] "POST /cormun/servlet/hlogin?ca4980e569c66488c0880b8c179ac994,gx-no-cache=1496762914133 HTTP/1.1" 200 90
186.79.86.245 - - [06/Jun/2017:12:27:42 -0300] "GET /cormun/servlet/hpexe_link HTTP/1.1" 200 950
186.79.86.245 - - [06/Jun/2017:12:27:42 -0300] "GET /cormun/static/hpexe_link.js?20175251212399 HTTP/1.1" 304 -
186.79.86.245 - - [06/Jun/2017:12:27:42 -0300] "GET /cormun/servlet/hhome HTTP/1.1" 200 4012
186.79.86.245 - - [06/Jun/2017:12:27:42 -0300] "GET /cormun/static/hhome.js?20175251212450 HTTP/1.1" 304 -
186.79.86.245 - - [06/Jun/2017:12:27:42 -0300] "GET /cormun/static/hwchdr01.js?201752511465785 HTTP/1.1" 304 -
186.79.86.245 - - [06/Jun/2017:12:27:42 -0300] "GET /cormun/static/hpexe_scripts.js?201752511465715 HTTP/1.1" 304 -
186.79.86.245 - - [06/Jun/2017:12:27:42 -0300] "GET /cormun/static/hpexe_messagegenexuscomponent.js?201752511465344 HTTP/1.1" 304 -
186.79.86.245 - - [06/Jun/2017:12:27:42 -0300] "GET /cormun/static/cmcontrolpreferences.js?201752511465670 HTTP/1.1" 304 -
186.79.86.245 - - [06/Jun/2017:12:27:42 -0300] "GET /cormun/static/hmpwkw03.js?2017525121347 HTTP/1.1" 304 -
186.79.86.245 - - [06/Jun/2017:12:27:43 -0300] "GET /cormun/servlet/hhome HTTP/1.1" 200 4008
186.67.172.234 - - [06/Jun/2017:12:27:44 -0300] "GET /cormun/servlet/trsolicitudot? HTTP/1.1" 200 13057
186.67.172.234 - - [06/Jun/2017:12:27:45 -0300] "GET /cormun/servlet/trsolicitudot? HTTP/1.1" 200 13057
186.67.172.234 - - [06/Jun/2017:12:27:49 -0300] "GET /cormun/servlet/solicitudot?INS,0,0, HTTP/1.1" 200 12897
186.67.172.234 - - [06/Jun/2017:12:27:49 -0300] "GET /cormun/static/gxcfg.js?201752522134570 HTTP/1.1" 200 953
186.67.172.234 - - [06/Jun/2017:12:27:49 -0300] "GET /cormun/static/Resources/prompt.gif HTTP/1.1" 200 902
186.67.172.234 - - [06/Jun/2017:12:27:49 -0300] "GET /cormun/static/solicitudot.js?201752522134767 HTTP/1.1" 200 64045
186.67.172.234 - - [06/Jun/2017:12:27:49 -0300] "GET /cormun/servlet/solicitudot?INS,0,0, HTTP/1.1" 200 12902
186.79.86.245 - - [06/Jun/2017:12:27:50 -0300] "GET /cormun/servlet/trpermisosgoce? HTTP/1.1" 200 10251
186.79.86.245 - - [06/Jun/2017:12:27:50 -0300] "GET /cormun/static/trpermisosgoce.js?2017525127453 HTTP/1.1" 304 -
186.79.86.245 - - [06/Jun/2017:12:27:50 -0300] "GET /cormun/servlet/trpermisosgoce? HTTP/1.1" 200 10252
186.67.172.234 - - [06/Jun/2017:12:27:52 -0300] "POST /cormun/servlet/solicitudot?gx-no-cache=1496762948234 HTTP/1.1" 200 3158
186.67.172.234 - - [06/Jun/2017:12:27:52 -0300] "GET /cormun/static/Shared/jqueryui/images/ui-bg_highlight-soft_100_c6c2c8_1x100.png HTTP/1.1" 404 1117
186.67.172.234 - - [06/Jun/2017:12:27:52 -0300] "GET /cormun/static/Shared/jqueryui/images/ui-icons_82798d_256x240.png HTTP/1.1" 404 1089
186.67.172.234 - - [06/Jun/2017:12:27:52 -0300] "GET /cormun/static/Shared/jqueryui/images/ui-bg_flat_55_994d53_40x100.png HTTP/1.1" 404 1097
186.67.172.234 - - [06/Jun/2017:12:27:52 -0300] "GET /cormun/static/Shared/jqueryui/images/ui-icons_ebccce_256x240.png HTTP/1.1" 404 1089
186.67.172.234 - - [06/Jun/2017:12:27:52 -0300] "GET /cormun/servlet/solicitudot?07b11ba89cdc6b2e2d685c34fc6b1cad6ab2a54c06d2844613924b5357274bf7,gx-no-cache=1496762948347 HTTP/1.1" 200 111
186.79.86.245 - - [06/Jun/2017:12:27:56 -0300] "GET /cormun/servlet/trpermisosadjuntos?14011465,20170605100520,P, HTTP/1.1" 200 6330
186.79.86.245 - - [06/Jun/2017:12:27:56 -0300] "GET /cormun/static/gxcfg.js?20175251271483 HTTP/1.1" 200 953
186.79.86.245 - - [06/Jun/2017:12:27:56 -0300] "GET /cormun/static/trpermisosadjuntos.js?20175251271844 HTTP/1.1" 304 -
186.67.172.234 - - [06/Jun/2017:12:27:57 -0300] "GET /cormun/servlet/hlogin HTTP/1.1" 200 1723
186.79.86.245 - - [06/Jun/2017:12:27:57 -0300] "GET /cormun/servlet/trpermisosadjuntos?14011465,20170605100520,P, HTTP/1.1" 200 6330
186.79.86.245 - - [06/Jun/2017:12:27:59 -0300] "GET /cormun/servlet/permisosadjuntos?INS,14011465,P,20170605100520,, HTTP/1.1" 200 5657
186.79.86.245 - - [06/Jun/2017:12:27:59 -0300] "GET /cormun/static/gxcfg.js?201741111155774 HTTP/1.1" 200 953
186.79.86.245 - - [06/Jun/2017:12:27:59 -0300] "GET /cormun/static/permisosadjuntos.js?201741111155784 HTTP/1.1" 200 8724
186.79.86.245 - - [06/Jun/2017:12:27:59 -0300] "GET /cormun/static/about:blank HTTP/1.1" 404 1011
186.79.86.245 - - [06/Jun/2017:12:27:59 -0300] "GET /cormun/servlet/permisosadjuntos?INS,14011465,P,20170605100520,, HTTP/1.1" 200 5644
186.67.172.234 - - [06/Jun/2017:12:28:00 -0300] "GET /cormun/servlet/solicitudot?07b11ba89cdc6b2e2d685c34fc6b1cad24b282d3a17c194b383951664abc6a1978d9f79327dbbf31fb36cc0daba179430520aca0a415dda14dfb966123e3d8d2b0961955474f203852902fac4bca558ee596f5f11657d794bc00e0bac25ecddaee9d4aab0d3bb392b010b420ccc94073ff84ae58ab12cf370782fd164df8c278b857c29ad048036505ab9107034a5061aac656bb21c4a55518cfe0cae5f148dffd539804caa3617847dc3e0f43fa4ead2ea5f96a6d9e328f9ded5f8f933fa0927a7d5e968f4551ca28f443a04df1ca2c323ca986afa18a9392ced8c9ae7421594fa1f6194b6620b0f3ead6c22410bdfd8a08de3b0b5ca7c5722f6e56eb73f6bf0a3800f4e9dced673fadfa5db638b73065d0d5455bdfacddfdd0542c90a6a05c43226b909415b04b092ea77dc5c28d81fb5cfd1a35fd5357329661aa8c90334643049591a56025c33c6f83a8785cf8f6,gx-no-cache=1496762956211 HTTP/1.1" 200 240
