200.86.184.230 - - [06/Jun/2017:13:03:49 -0300] "POST /cormun/servlet/trvisualizadoreventos?88c7adfaf4da412513e6c49b3d74a16b,,gx-no-cache=1496765085404 HTTP/1.1" 200 4244
200.86.184.230 - - [06/Jun/2017:13:03:54 -0300] "GET /cormun/servlet/trsolicitudot? HTTP/1.1" 200 8872
200.86.184.230 - - [06/Jun/2017:13:03:55 -0300] "GET /cormun/servlet/trsolicitudot? HTTP/1.1" 200 8872
186.103.159.182 - - [06/Jun/2017:13:03:59 -0300] "GET /cormun/servlet/trlicenciaspermisosadjuntos?11067642,20170525000000,L, HTTP/1.1" 200 6385
186.103.159.182 - - [06/Jun/2017:13:04:00 -0300] "GET /cormun/servlet/trlicenciaspermisosadjuntos?11067642,20170525000000,L, HTTP/1.1" 200 6385
200.86.184.230 - - [06/Jun/2017:13:04:10 -0300] "GET /cormun/servlet/trsolicitudot? HTTP/1.1" 200 8872
200.86.184.230 - - [06/Jun/2017:13:04:10 -0300] "GET /cormun/servlet/trsolicitudot? HTTP/1.1" 200 8872
200.86.184.230 - - [06/Jun/2017:13:04:14 -0300] "GET /cormun/servlet/solicitudot?INS,0,0, HTTP/1.1" 200 12511
200.86.184.230 - - [06/Jun/2017:13:04:14 -0300] "GET /cormun/servlet/solicitudot?INS,0,0, HTTP/1.1" 200 12517
186.103.159.182 - - [06/Jun/2017:13:04:21 -0300] "POST /cormun/servlet/trlicenciaspermisosadjuntos?e9ffc6577ea4931ff7c9b38a855a15d1,11067642,20170525000000,L,,gx-no-cache=1496765116516 HTTP/1.1" 200 90
186.103.159.182 - - [06/Jun/2017:13:04:22 -0300] "GET /cormun/servlet/hpexe_link HTTP/1.1" 200 978
186.103.159.182 - - [06/Jun/2017:13:04:22 -0300] "GET /cormun/servlet/trlicencias HTTP/1.1" 200 8036
186.103.159.182 - - [06/Jun/2017:13:04:23 -0300] "GET /cormun/servlet/trlicencias HTTP/1.1" 200 8034
200.86.184.230 - - [06/Jun/2017:13:04:36 -0300] "POST /cormun/servlet/solicitudot?gx-no-cache=1496765132052 HTTP/1.1" 200 3191
200.86.184.230 - - [06/Jun/2017:13:04:36 -0300] "POST /cormun/servlet/solicitudot?88c7adfaf4da412513e6c49b3d74a16b,INS,0,0,,gx-no-cache=1496765132337 HTTP/1.1" 200 9560
200.86.184.230 - - [06/Jun/2017:13:04:39 -0300] "GET /cormun/servlet/solicitudot?4ab3c67df199d050fbc4d16abe632dbb80161e8e6e8a3e88a9e36d2570896eeec7023a569e5e25f92aabf53e8bd24a94,gx-no-cache=1496765135075 HTTP/1.1" 200 30
200.86.184.230 - - [06/Jun/2017:13:04:39 -0300] "POST /cormun/servlet/solicitudot?gx-no-cache=1496765135159 HTTP/1.1" 200 255
200.86.184.230 - - [06/Jun/2017:13:04:39 -0300] "GET /cormun/servlet/solicitudot?4ab3c67df199d050fbc4d16abe632dbb9a6baf91eb16c88811ddaf5531582680be2238fe96ce8a48d0c490ebe0b2dbe02db77a7c1a177001c34f71c4f23a94a76008e3a5ec9c7f74b3c3b137e82d7c320a05f3e31d372dd1850fec4db9762beb69eeda1facc449cd456a32de9c22313c478ce87c3063604a127732ac21cf31305567fe2d8b09d6d8855604e40791839a2b7a6d4a12dc3d7d6b8e3b59b129d5755f23d6a239edb1aa0c48628b82849829278bc71acb46c12e891e81c8c8f2c4a547088e08266adc132db9dce4a5ff37e353515e9ef451dfc1c2587e6a5277b2d64b08fa18061d692121e47cb23b76aaec5e4ebc27211383c550cfb736485996155d382f7c05ab87bfb3da47a4b1f1e33bef079936d6f9a6785459f37d9963e9d36f8ac51d602ea5b36d10fafb92f9950fed3cc3a73bf031d2f38817bd626e590606ffb4fb5840af97d59c1592e5501dc83a4d58a67f395ba5e8e55e0adaa7c537474b13bec3ffecc9cd5d642d901e9be52736cf54a534f42cbea1da321edaec35,gx-no-cache=1496765135227 HTTP/1.1" 200 30
200.86.184.230 - - [06/Jun/2017:13:04:42 -0300] "POST /cormun/servlet/solicitudot?gx-no-cache=1496765138235 HTTP/1.1" 200 30
200.111.191.210 - - [06/Jun/2017:13:04:43 -0300] "GET /cormun/servlet/trlicenciaspermisosadjuntos?8157691,20170606000000,L, HTTP/1.1" 200 6111
200.111.191.210 - - [06/Jun/2017:13:04:43 -0300] "GET /cormun/servlet/trlicenciaspermisosadjuntos?8157691,20170606000000,L, HTTP/1.1" 200 6111
200.111.191.210 - - [06/Jun/2017:13:04:45 -0300] "GET /cormun/servlet/licenciaspermisosadjuntos?INS,8157691,L,20170606000000,, HTTP/1.1" 200 5410
200.111.191.210 - - [06/Jun/2017:13:04:45 -0300] "GET /cormun/static/about:blank HTTP/1.1" 404 1011
200.111.191.210 - - [06/Jun/2017:13:04:46 -0300] "GET /cormun/servlet/licenciaspermisosadjuntos?INS,8157691,L,20170606000000,, HTTP/1.1" 200 5400
200.86.184.230 - - [06/Jun/2017:13:04:52 -0300] "POST /cormun/servlet/solicitudot?gx-no-cache=1496765148231 HTTP/1.1" 200 1302
200.86.184.230 - - [06/Jun/2017:13:04:52 -0300] "POST /cormun/servlet/solicitudot?gx-no-cache=1496765148322 HTTP/1.1" 200 38
186.103.159.182 - - [06/Jun/2017:13:05:03 -0300] "POST /cormun/servlet/trlicencias?e9ffc6577ea4931ff7c9b38a855a15d1,gx-no-cache=1496765158095 HTTP/1.1" 200 4120
200.111.191.210 - - [06/Jun/2017:13:05:04 -0300] "POST /cormun/servlet/licenciaspermisosadjuntos?c142c267c7b8b939c94b6b9b524acbbd,INS,8157691,L,20170606000000,, HTTP/1.1" 200 116
200.111.191.210 - - [06/Jun/2017:13:05:04 -0300] "GET /cormun/servlet/hpexe_return? HTTP/1.1" 200 1037
200.111.191.210 - - [06/Jun/2017:13:05:04 -0300] "GET /cormun/servlet/trlicenciaspermisosadjuntos?8157691,20170606000000,L, HTTP/1.1" 200 6579
200.111.191.210 - - [06/Jun/2017:13:05:05 -0300] "GET /cormun/servlet/trlicenciaspermisosadjuntos?8157691,20170606000000,L, HTTP/1.1" 200 6576
186.103.159.182 - - [06/Jun/2017:13:05:09 -0300] "POST /cormun/servlet/trlicencias?e9ffc6577ea4931ff7c9b38a855a15d1,gx-no-cache=1496765163723 HTTP/1.1" 200 4121
200.86.184.230 - - [06/Jun/2017:13:05:09 -0300] "GET /cormun/servlet/solicitudot?4ab3c67df199d050fbc4d16abe632dbba0161b800ffbaac7a005c5d5d04df22fd4aa176171a9dbf72833097bc80b9473636b34cd01565203eae0aba94a979daf4f2a3f586491ffe6bb6c577d300dd9cd4bc588017d5ef440b84d335135941719c6da98deac709dab349dcff30c68a571de053209be887cccf4a0163f0bc6dcddba9abc1dcdbfb3751a412ea05adeaebb089dac68ff7812a4f7c4c5ec3b499da3,gx-no-cache=1496765165908 HTTP/1.1" 200 29
200.86.184.230 - - [06/Jun/2017:13:05:10 -0300] "POST /cormun/servlet/solicitudot?gx-no-cache=1496765165999 HTTP/1.1" 200 1281
200.86.184.230 - - [06/Jun/2017:13:05:10 -0300] "GET /cormun/static/menuarrow.gif HTTP/1.1" 404 1015
200.86.184.230 - - [06/Jun/2017:13:05:12 -0300] "POST /cormun/servlet/solicitudot?gx-no-cache=1496765168482 HTTP/1.1" 200 1281
186.103.159.182 - - [06/Jun/2017:13:05:13 -0300] "POST /cormun/servlet/trlicencias?e9ffc6577ea4931ff7c9b38a855a15d1,gx-no-cache=1496765167761 HTTP/1.1" 200 4119
186.103.159.182 - - [06/Jun/2017:13:05:18 -0300] "POST /cormun/servlet/trlicencias?e9ffc6577ea4931ff7c9b38a855a15d1,gx-no-cache=1496765172698 HTTP/1.1" 200 5293
186.103.159.182 - - [06/Jun/2017:13:05:23 -0300] "POST /cormun/servlet/trlicencias?e9ffc6577ea4931ff7c9b38a855a15d1,gx-no-cache=1496765177816 HTTP/1.1" 200 4117
186.103.159.182 - - [06/Jun/2017:13:05:41 -0300] "POST /cormun/servlet/trlicencias?e9ffc6577ea4931ff7c9b38a855a15d1,gx-no-cache=1496765195841 HTTP/1.1" 200 4120
186.103.159.182 - - [06/Jun/2017:13:06:12 -0300] "POST /cormun/servlet/trlicencias?e9ffc6577ea4931ff7c9b38a855a15d1,gx-no-cache=1496765226618 HTTP/1.1" 200 5366
200.86.184.230 - - [06/Jun/2017:13:06:17 -0300] "POST /cormun/servlet/solicitudot?gx-no-cache=1496765233155 HTTP/1.1" 200 1302
200.86.184.230 - - [06/Jun/2017:13:06:17 -0300] "POST /cormun/servlet/solicitudot?gx-no-cache=1496765233296 HTTP/1.1" 200 41
200.86.184.230 - - [06/Jun/2017:13:06:17 -0300] "POST /cormun/servlet/solicitudot?gx-no-cache=1496765233357 HTTP/1.1" 200 1281
200.86.184.230 - - [06/Jun/2017:13:06:17 -0300] "POST /cormun/servlet/solicitudot?gx-no-cache=1496765233441 HTTP/1.1" 200 30
200.86.184.230 - - [06/Jun/2017:13:06:17 -0300] "POST /cormun/servlet/solicitudot?88c7adfaf4da412513e6c49b3d74a16b,INS,0,0,,gx-no-cache=1496765233526 HTTP/1.1" 200 93
200.86.184.230 - - [06/Jun/2017:13:06:17 -0300] "GET /cormun/servlet/hpexe_return? HTTP/1.1" 200 1004
200.86.184.230 - - [06/Jun/2017:13:06:17 -0300] "GET /cormun/static/gxcfg.js?2016101716175148 HTTP/1.1" 200 953
200.86.184.230 - - [06/Jun/2017:13:06:17 -0300] "GET /cormun/static/hpexe_return.js?2016101716175153 HTTP/1.1" 200 1633
200.86.184.230 - - [06/Jun/2017:13:06:18 -0300] "GET /cormun/static/Resources/Spanish/PXTools.css?167811 HTTP/1.1" 200 89042
200.86.184.230 - - [06/Jun/2017:13:06:18 -0300] "GET /cormun/servlet/hhome HTTP/1.1" 200 3814
200.86.184.230 - - [06/Jun/2017:13:06:18 -0300] "GET /cormun/static/gxcfg.js?20175251212442 HTTP/1.1" 200 953
200.86.184.230 - - [06/Jun/2017:13:06:18 -0300] "GET /cormun/static/hhome.js?20175251212450 HTTP/1.1" 200 777
200.86.184.230 - - [06/Jun/2017:13:06:18 -0300] "GET /cormun/servlet/hhome HTTP/1.1" 200 3809
200.111.191.210 - - [06/Jun/2017:13:06:37 -0300] "GET /cormun/servlet/trlicencias? HTTP/1.1" 200 18546
200.111.191.210 - - [06/Jun/2017:13:06:38 -0300] "GET /cormun/servlet/trlicencias? HTTP/1.1" 200 18546
200.111.191.210 - - [06/Jun/2017:13:06:40 -0300] "POST /cormun/servlet/trlicencias?c142c267c7b8b939c94b6b9b524acbbd,,gx-no-cache=1496761650840 HTTP/1.1" 200 16682
200.111.191.210 - - [06/Jun/2017:13:06:40 -0300] "GET /cormun/static/Shared/jqueryui/images/ui-bg_highlight-soft_100_c6c2c8_1x100.png HTTP/1.1" 404 1117
200.111.191.210 - - [06/Jun/2017:13:06:40 -0300] "GET /cormun/static/Shared/jqueryui/images/ui-icons_82798d_256x240.png HTTP/1.1" 404 1089
200.111.191.210 - - [06/Jun/2017:13:06:40 -0300] "GET /cormun/static/Shared/jqueryui/images/ui-bg_flat_55_fafafa_40x100.png HTTP/1.1" 404 1097
200.111.191.210 - - [06/Jun/2017:13:06:40 -0300] "GET /cormun/static/Shared/jqueryui/images/ui-icons_8d78a5_256x240.png HTTP/1.1" 404 1089
200.86.184.230 - - [06/Jun/2017:13:06:52 -0300] "GET /cormun/servlet/hhome HTTP/1.1" 200 3809
200.86.184.230 - - [06/Jun/2017:13:06:53 -0300] "GET /cormun/servlet/hhome HTTP/1.1" 200 3809
200.86.184.230 - - [06/Jun/2017:13:06:57 -0300] "GET /cormun/servlet/hlogin HTTP/1.1" 200 1731
200.86.184.230 - - [06/Jun/2017:13:07:09 -0300] "POST /cormun/servlet/hlogin?88c7adfaf4da412513e6c49b3d74a16b,gx-no-cache=1496765285528 HTTP/1.1" 200 443
186.103.159.182 - - [06/Jun/2017:13:07:15 -0300] "POST /cormun/servlet/trlicencias?e9ffc6577ea4931ff7c9b38a855a15d1,gx-no-cache=1496765290197 HTTP/1.1" 200 5416
186.103.159.182 - - [06/Jun/2017:13:07:19 -0300] "GET /cormun/servlet/alicenciaprn?13717343,L,20170531000000,PU HTTP/1.1" 200 1622
200.86.184.230 - - [06/Jun/2017:13:07:19 -0300] "POST /cormun/servlet/hlogin?88c7adfaf4da412513e6c49b3d74a16b,gx-no-cache=1496765295514 HTTP/1.1" 200 90
200.86.184.230 - - [06/Jun/2017:13:07:19 -0300] "GET /cormun/servlet/hpexe_link HTTP/1.1" 200 948
200.86.184.230 - - [06/Jun/2017:13:07:19 -0300] "GET /cormun/servlet/hhome HTTP/1.1" 200 3988
200.86.184.230 - - [06/Jun/2017:13:07:20 -0300] "GET /cormun/servlet/hhome HTTP/1.1" 200 3984
200.86.184.230 - - [06/Jun/2017:13:07:20 -0300] "GET /cormun/static/SmoothNavMenu/resources/images/right.gif HTTP/1.1" 200 860
200.86.184.230 - - [06/Jun/2017:13:07:26 -0300] "GET /cormun/servlet/hlogin HTTP/1.1" 200 1731
200.86.184.230 - - [06/Jun/2017:13:07:33 -0300] "POST /cormun/servlet/hlogin?88c7adfaf4da412513e6c49b3d74a16b,gx-no-cache=1496765309787 HTTP/1.1" 200 90
200.86.184.230 - - [06/Jun/2017:13:07:33 -0300] "GET /cormun/servlet/hpexe_link HTTP/1.1" 200 948
200.86.184.230 - - [06/Jun/2017:13:07:34 -0300] "GET /cormun/servlet/hhome HTTP/1.1" 200 3812
200.86.184.230 - - [06/Jun/2017:13:07:34 -0300] "GET /cormun/servlet/hhome HTTP/1.1" 200 3809
200.86.184.230 - - [06/Jun/2017:13:07:43 -0300] "GET /cormun/servlet/trvisualizadoreventos? HTTP/1.1" 200 7004
200.86.184.230 - - [06/Jun/2017:13:07:43 -0300] "GET /cormun/servlet/trvisualizadoreventos? HTTP/1.1" 200 7004
186.103.159.182 - - [06/Jun/2017:13:07:47 -0300] "POST /cormun/servlet/trlicencias?e9ffc6577ea4931ff7c9b38a855a15d1,gx-no-cache=1496765321805 HTTP/1.1" 200 5418
200.86.184.230 - - [06/Jun/2017:13:07:48 -0300] "GET /cormun/servlet/trsolicitudot? HTTP/1.1" 200 9259
200.86.184.230 - - [06/Jun/2017:13:07:48 -0300] "GET /cormun/servlet/trsolicitudot? HTTP/1.1" 200 9259
186.103.159.182 - - [06/Jun/2017:13:07:49 -0300] "GET /cormun/servlet/alicenciaprn?16254422,L,20170531000000,PU HTTP/1.1" 200 1585
200.86.184.230 - - [06/Jun/2017:13:07:55 -0300] "POST /cormun/servlet/trsolicitudot?88c7adfaf4da412513e6c49b3d74a16b,,gx-no-cache=1496765331478 HTTP/1.1" 200 6399
200.86.184.230 - - [06/Jun/2017:13:07:55 -0300] "GET /cormun/static/Shared/jqueryui/images/ui-bg_highlight-soft_100_c6c2c8_1x100.png HTTP/1.1" 404 1117
200.86.184.230 - - [06/Jun/2017:13:07:55 -0300] "GET /cormun/static/Shared/jqueryui/images/ui-icons_82798d_256x240.png HTTP/1.1" 404 1089
200.86.184.230 - - [06/Jun/2017:13:07:55 -0300] "GET /cormun/static/Shared/jqueryui/images/ui-bg_flat_55_fafafa_40x100.png HTTP/1.1" 404 1097
200.86.184.230 - - [06/Jun/2017:13:07:55 -0300] "GET /cormun/static/Shared/jqueryui/images/ui-icons_8d78a5_256x240.png HTTP/1.1" 404 1089
200.86.184.230 - - [06/Jun/2017:13:07:55 -0300] "POST /cormun/servlet/trsolicitudot?88c7adfaf4da412513e6c49b3d74a16b,,gx-no-cache=1496765331821 HTTP/1.1" 200 6343
200.86.184.230 - - [06/Jun/2017:13:07:58 -0300] "POST /cormun/servlet/trsolicitudot?88c7adfaf4da412513e6c49b3d74a16b,,gx-no-cache=1496765334545 HTTP/1.1" 200 6343
200.86.184.230 - - [06/Jun/2017:13:08:02 -0300] "POST /cormun/servlet/trsolicitudot?88c7adfaf4da412513e6c49b3d74a16b,,gx-no-cache=1496765338374 HTTP/1.1" 200 6343
186.103.159.182 - - [06/Jun/2017:13:08:03 -0300] "GET /cormun/servlet/trlicencias? HTTP/1.1" 200 8153
186.103.159.182 - - [06/Jun/2017:13:08:05 -0300] "GET /cormun/servlet/trlicencias? HTTP/1.1" 200 8153
200.86.184.230 - - [06/Jun/2017:13:08:06 -0300] "POST /cormun/servlet/trsolicitudot?88c7adfaf4da412513e6c49b3d74a16b,,gx-no-cache=1496765341997 HTTP/1.1" 200 6342
200.86.184.230 - - [06/Jun/2017:13:08:10 -0300] "GET /cormun/servlet/hlogin HTTP/1.1" 200 1737
186.103.159.182 - - [06/Jun/2017:13:08:10 -0300] "GET /cormun/servlet/licenciaspermisos?INS,0,,, HTTP/1.1" 200 7498
186.103.159.182 - - [06/Jun/2017:13:08:11 -0300] "GET /cormun/servlet/licenciaspermisos?INS,0,,, HTTP/1.1" 200 7506
200.86.184.230 - - [06/Jun/2017:13:08:19 -0300] "POST /cormun/servlet/hlogin?88c7adfaf4da412513e6c49b3d74a16b,gx-no-cache=1496765355431 HTTP/1.1" 200 90
200.86.184.230 - - [06/Jun/2017:13:08:19 -0300] "GET /cormun/servlet/hpexe_link HTTP/1.1" 200 948
200.86.184.230 - - [06/Jun/2017:13:08:19 -0300] "GET /cormun/servlet/hhome HTTP/1.1" 200 3988
200.86.184.230 - - [06/Jun/2017:13:08:20 -0300] "GET /cormun/servlet/hhome HTTP/1.1" 200 3984
200.86.184.230 - - [06/Jun/2017:13:08:26 -0300] "GET /cormun/servlet/trautorizarsolicitud? HTTP/1.1" 200 8216
200.86.184.230 - - [06/Jun/2017:13:08:26 -0300] "GET /cormun/static/gxcfg.js?20174261241362 HTTP/1.1" 200 953
200.86.184.230 - - [06/Jun/2017:13:08:26 -0300] "GET /cormun/static/trautorizarsolicitud.js?201742612414370 HTTP/1.1" 200 53910
200.86.184.230 - - [06/Jun/2017:13:08:27 -0300] "GET /cormun/servlet/trautorizarsolicitud? HTTP/1.1" 200 8215
200.86.184.230 - - [06/Jun/2017:13:08:33 -0300] "POST /cormun/servlet/trautorizarsolicitud?88c7adfaf4da412513e6c49b3d74a16b,,gx-no-cache=1496765369798 HTTP/1.1" 200 4335
200.86.184.230 - - [06/Jun/2017:13:08:34 -0300] "GET /cormun/static/Shared/jqueryui/images/ui-bg_highlight-soft_100_c6c2c8_1x100.png HTTP/1.1" 404 1117
200.86.184.230 - - [06/Jun/2017:13:08:34 -0300] "GET /cormun/static/Shared/jqueryui/images/ui-bg_flat_55_fafafa_40x100.png HTTP/1.1" 404 1097
200.86.184.230 - - [06/Jun/2017:13:08:34 -0300] "GET /cormun/static/Shared/jqueryui/images/ui-icons_8d78a5_256x240.png HTTP/1.1" 404 1089
200.86.184.230 - - [06/Jun/2017:13:08:34 -0300] "GET /cormun/static/Shared/jqueryui/images/ui-icons_82798d_256x240.png HTTP/1.1" 404 1089
200.86.184.230 - - [06/Jun/2017:13:08:34 -0300] "POST /cormun/servlet/trautorizarsolicitud?88c7adfaf4da412513e6c49b3d74a16b,,gx-no-cache=1496765370169 HTTP/1.1" 200 4102
186.103.159.182 - - [06/Jun/2017:13:11:51 -0300] "GET /cormun/servlet/trlicencias? HTTP/1.1" 200 8155
186.103.159.182 - - [06/Jun/2017:13:11:53 -0300] "GET /cormun/servlet/trlicencias? HTTP/1.1" 200 8153
186.103.159.182 - - [06/Jun/2017:13:12:10 -0300] "POST /cormun/servlet/trlicencias?e9ffc6577ea4931ff7c9b38a855a15d1,,gx-no-cache=1496765584240 HTTP/1.1" 200 5297
186.103.159.182 - - [06/Jun/2017:13:12:43 -0300] "GET /cormun/servlet/licenciaspermisos?DSP,15125556,L,20170605000000, HTTP/1.1" 200 7024
186.103.159.182 - - [06/Jun/2017:13:12:45 -0300] "GET /cormun/servlet/licenciaspermisos?DSP,15125556,L,20170605000000, HTTP/1.1" 200 7026
186.103.159.182 - - [06/Jun/2017:13:13:04 -0300] "POST /cormun/servlet/licenciaspermisos?e9ffc6577ea4931ff7c9b38a855a15d1,DSP,15125556,L,20170605000000,,gx-no-cache=1496765639225 HTTP/1.1" 200 93
186.103.159.182 - - [06/Jun/2017:13:13:04 -0300] "GET /cormun/servlet/hpexe_return? HTTP/1.1" 200 1024
186.103.159.182 - - [06/Jun/2017:13:13:04 -0300] "GET /cormun/servlet/trlicencias? HTTP/1.1" 200 8034
186.103.159.182 - - [06/Jun/2017:13:13:06 -0300] "GET /cormun/servlet/trlicencias? HTTP/1.1" 200 8029
186.103.159.182 - - [06/Jun/2017:13:13:15 -0300] "GET /cormun/servlet/trlicenciaspermisosadjuntos?15125556,20170605000000,L, HTTP/1.1" 200 6384
186.103.159.182 - - [06/Jun/2017:13:13:16 -0300] "GET /cormun/servlet/trlicenciaspermisosadjuntos?15125556,20170605000000,L, HTTP/1.1" 200 6384
186.103.159.182 - - [06/Jun/2017:13:13:32 -0300] "POST /cormun/servlet/trlicenciaspermisosadjuntos?e9ffc6577ea4931ff7c9b38a855a15d1,15125556,20170605000000,L,,gx-no-cache=1496765666478 HTTP/1.1" 200 90
186.103.159.182 - - [06/Jun/2017:13:13:32 -0300] "GET /cormun/servlet/hpexe_link HTTP/1.1" 200 977
186.103.159.182 - - [06/Jun/2017:13:13:32 -0300] "GET /cormun/servlet/trlicencias HTTP/1.1" 200 8031
186.103.159.182 - - [06/Jun/2017:13:13:33 -0300] "GET /cormun/servlet/trlicencias HTTP/1.1" 200 8029
186.103.159.182 - - [06/Jun/2017:13:13:44 -0300] "GET /cormun/servlet/licenciaspermisos?INS,0,,, HTTP/1.1" 200 7498
186.103.159.182 - - [06/Jun/2017:13:13:46 -0300] "GET /cormun/servlet/licenciaspermisos?INS,0,,, HTTP/1.1" 200 7506
186.103.159.182 - - [06/Jun/2017:13:13:56 -0300] "GET /cormun/servlet/licenciaspermisos?2aeeb1c9cf77c0232fa206af79c6e770f910d505effd67fcc83418dcbcb4a2cb1a15a30df299f4afe1ab01dc1077351e,gx-no-cache=1496765691434 HTTP/1.1" 200 80
186.103.159.182 - - [06/Jun/2017:13:13:56 -0300] "POST /cormun/servlet/licenciaspermisos?e9ffc6577ea4931ff7c9b38a855a15d1,INS,0,,,,gx-no-cache=1496765691492 HTTP/1.1" 200 4680
186.103.159.182 - - [06/Jun/2017:13:14:17 -0300] "GET /cormun/static/menuarrow.gif HTTP/1.1" 404 1015
100.43.85.9 - - [06/Jun/2017:13:15:34 -0300] "GET /docs/funcspecs/fs-memory-realm.html HTTP/1.1" 200 18196
100.43.85.9 - - [06/Jun/2017:13:15:38 -0300] "GET /examples/websocket-deprecated/ HTTP/1.1" 200 1395
200.86.95.220 - - [06/Jun/2017:13:16:39 -0300] "GET /cormun/servlet/hlogin HTTP/1.1" 200 1722
192.168.10.96 - - [06/Jun/2017:13:16:50 -0300] "GET /cormun/servlet/trsolicitudgral? HTTP/1.1" 200 11170
192.168.10.96 - - [06/Jun/2017:13:16:50 -0300] "GET /cormun/servlet/trsolicitudgral? HTTP/1.1" 200 11170
200.86.95.220 - - [06/Jun/2017:13:16:51 -0300] "POST /cormun/servlet/hlogin?b96fb591b62191b506a7f61a4eec46e3,gx-no-cache=1496765866817 HTTP/1.1" 200 90
200.86.95.220 - - [06/Jun/2017:13:16:51 -0300] "GET /cormun/servlet/hpexe_link HTTP/1.1" 200 954
200.86.95.220 - - [06/Jun/2017:13:16:51 -0300] "GET /cormun/servlet/hhome HTTP/1.1" 200 3782
200.86.95.220 - - [06/Jun/2017:13:16:52 -0300] "GET /cormun/servlet/hhome HTTP/1.1" 200 3781
192.168.10.96 - - [06/Jun/2017:13:16:57 -0300] "POST /cormun/servlet/trsolicitudgral?1818fe20af196d192da2dc973e992b1a,,gx-no-cache=1496765817506 HTTP/1.1" 200 8059
200.86.95.220 - - [06/Jun/2017:13:16:58 -0300] "GET /cormun/servlet/trpermisosgoce? HTTP/1.1" 200 10721
200.86.95.220 - - [06/Jun/2017:13:16:59 -0300] "GET /cormun/servlet/trpermisosgoce? HTTP/1.1" 200 10719
192.168.10.96 - - [06/Jun/2017:13:17:07 -0300] "POST /cormun/servlet/trsolicitudgral?1818fe20af196d192da2dc973e992b1a,,gx-no-cache=1496765827002 HTTP/1.1" 200 7727
200.86.95.220 - - [06/Jun/2017:13:17:08 -0300] "GET /cormun/servlet/permisogoce?INS,0,,, HTTP/1.1" 200 6621
200.86.95.220 - - [06/Jun/2017:13:17:09 -0300] "GET /cormun/servlet/permisogoce?INS,0,,, HTTP/1.1" 200 6621
200.86.95.220 - - [06/Jun/2017:13:17:18 -0300] "GET /cormun/servlet/permisogoce?d4b81eff41951c6a6ff8d69bc9cd0ef9538c2c07fc4090c03bb84d38f833cefaeba565eea2f6db763b1fadcc9e8abc8a75d050ce8abe32724724b386a5471930,gx-no-cache=1496765894244 HTTP/1.1" 200 79
200.86.95.220 - - [06/Jun/2017:13:17:18 -0300] "GET /cormun/static/menuarrow.gif HTTP/1.1" 404 1015
192.168.10.96 - - [06/Jun/2017:13:17:22 -0300] "POST /cormun/servlet/trsolicitudgral?1818fe20af196d192da2dc973e992b1a,,gx-no-cache=1496765842537 HTTP/1.1" 200 17592
192.168.10.96 - - [06/Jun/2017:13:17:31 -0300] "GET /cormun/servlet/vesolicitudgral?2017,6147,, HTTP/1.1" 200 8765
192.168.10.96 - - [06/Jun/2017:13:17:31 -0300] "GET /cormun/static/gxcfg.js?201742612403932 HTTP/1.1" 304 -
192.168.10.96 - - [06/Jun/2017:13:17:31 -0300] "GET /cormun/pexe_scrolldiv.js HTTP/1.1" 404 1009
192.168.10.96 - - [06/Jun/2017:13:17:31 -0300] "GET /cormun/pexe_scrolldiv.js HTTP/1.1" 404 1009
192.168.10.96 - - [06/Jun/2017:13:17:31 -0300] "GET /cormun/servlet/vesolicitudgral?2017,6147,, HTTP/1.1" 200 8763
192.168.10.96 - - [06/Jun/2017:13:17:34 -0300] "GET /cormun/servlet/vesolicitudgral?2017,6147,,SolicitudOTAdjuntos HTTP/1.1" 200 7589
192.168.10.96 - - [06/Jun/2017:13:17:34 -0300] "GET /cormun/pexe_scrolldiv.js HTTP/1.1" 404 1009
192.168.10.96 - - [06/Jun/2017:13:17:34 -0300] "GET /cormun/pexe_scrolldiv.js HTTP/1.1" 404 1009
192.168.10.96 - - [06/Jun/2017:13:17:34 -0300] "GET /cormun/servlet/vesolicitudgral?2017,6147,,SolicitudOTAdjuntos HTTP/1.1" 200 7589
192.168.10.96 - - [06/Jun/2017:13:17:35 -0300] "POST /cormun/servlet/acontrolpreferencessavestate?None,DZAMUDIO,true HTTP/1.1" 200 35
192.168.10.96 - - [06/Jun/2017:13:17:41 -0300] "POST /cormun/servlet/vesolicitudgral?1818fe20af196d192da2dc973e992b1a,2017,6147,,SolicitudOTAdjuntos,gx-no-cache=1496765861197 HTTP/1.1" 200 90
192.168.10.96 - - [06/Jun/2017:13:17:41 -0300] "GET /cormun/servlet/hpexe_link HTTP/1.1" 200 973
192.168.10.96 - - [06/Jun/2017:13:17:41 -0300] "GET /cormun/servlet/trsolicitudgral? HTTP/1.1" 200 20510
192.168.10.96 - - [06/Jun/2017:13:17:42 -0300] "GET /cormun/servlet/trsolicitudgral? HTTP/1.1" 200 20507
200.86.95.220 - - [06/Jun/2017:13:17:45 -0300] "GET /cormun/servlet/permisogoce?d4b81eff41951c6a6ff8d69bc9cd0ef92fd86ace4beaa81ed0b9e49caa60dc376b3e27aae4fa66facaf6d511cd264e6fbf90f3ede243c6bf3ac614e2a12af709,gx-no-cache=1496765921217 HTTP/1.1" 200 44
200.86.95.220 - - [06/Jun/2017:13:17:52 -0300] "POST /cormun/servlet/permisogoce?b96fb591b62191b506a7f61a4eec46e3,INS,0,,,,gx-no-cache=1496765928461 HTTP/1.1" 200 93
200.86.95.220 - - [06/Jun/2017:13:17:52 -0300] "GET /cormun/servlet/hpexe_return? HTTP/1.1" 200 1013
200.86.95.220 - - [06/Jun/2017:13:17:53 -0300] "GET /cormun/servlet/trpermisosgoce HTTP/1.1" 200 11042
200.86.95.220 - - [06/Jun/2017:13:17:54 -0300] "GET /cormun/servlet/trpermisosgoce HTTP/1.1" 200 11037
200.86.95.220 - - [06/Jun/2017:13:17:59 -0300] "GET /cormun/servlet/apermisogoceprn?11671928,P,20170606131708,PU HTTP/1.1" 200 1655
186.103.159.182 - - [06/Jun/2017:13:18:31 -0300] "GET /cormun/servlet/licenciaspermisos?2aeeb1c9cf77c0232fa206af79c6e770cfc73c90be400efcde0a2d081cc1378f1987114b5cf7da75ea923f5f82af7266c2408db2d72234cf780ff4ff446a05a55e7c4778bbdc06bfda2c487d41a372fb37951e7a2109ff8bb3f59b62790712756c99d3c2cca1aa073a7fb067daa637743a15cc0be83e03001f01942c37121c5f26c40204827b0d407565d64735a0cebde9d10baaff60aa74a1fa3cfe6c728b3912757da3b4bcc539b4a26d75be9f8ac7,gx-no-cache=1496765965879 HTTP/1.1" 200 30
186.103.159.182 - - [06/Jun/2017:13:18:31 -0300] "GET /cormun/servlet/licenciaspermisos?2aeeb1c9cf77c0232fa206af79c6e770d3b44a5d3065719825c34aa2d14031d28faf5a1a1f50752cc550bccc75c922e4b2dc197c322fb7ad1a02efa8ef623e84533315af167e1e1c5bfa2f7141b22c648422cdc9c26095dd3b7022f4d20f4891dcc67d79a393cce4eb42cf867d0962980f29e6418d03e30f77423b3bb69006ae1f6800ca1c55d4d9a2212aac9a9303cbbf2792b265449638c3f29340e538fa14d3a0766dce20049dd57f58d9c221b69d,gx-no-cache=1496765965946 HTTP/1.1" 200 29
186.103.159.182 - - [06/Jun/2017:13:18:31 -0300] "POST /cormun/servlet/licenciaspermisos?e9ffc6577ea4931ff7c9b38a855a15d1,INS,0,,,,gx-no-cache=1496765966005 HTTP/1.1" 200 93
186.103.159.182 - - [06/Jun/2017:13:18:31 -0300] "GET /cormun/servlet/hpexe_return? HTTP/1.1" 200 1008
186.103.159.182 - - [06/Jun/2017:13:18:31 -0300] "GET /cormun/servlet/trlicencias HTTP/1.1" 200 8448
186.103.159.182 - - [06/Jun/2017:13:18:33 -0300] "GET /cormun/servlet/trlicencias HTTP/1.1" 200 8444
186.103.159.182 - - [06/Jun/2017:13:18:40 -0300] "GET /cormun/servlet/trlicenciaspermisosadjuntos?15125556,20170606000000,L, HTTP/1.1" 200 6407
186.103.159.182 - - [06/Jun/2017:13:18:41 -0300] "GET /cormun/servlet/trlicenciaspermisosadjuntos?15125556,20170606000000,L, HTTP/1.1" 200 6408
186.103.159.182 - - [06/Jun/2017:13:18:47 -0300] "GET /cormun/servlet/licenciaspermisosadjuntos?INS,15125556,L,20170606000000,, HTTP/1.1" 200 5712
186.103.159.182 - - [06/Jun/2017:13:18:47 -0300] "GET /cormun/static/gxcfg.js?201752511544364 HTTP/1.1" 304 -
186.103.159.182 - - [06/Jun/2017:13:18:47 -0300] "GET /cormun/static/licenciaspermisosadjuntos.js?201752511544378 HTTP/1.1" 304 -
186.103.159.182 - - [06/Jun/2017:13:18:47 -0300] "GET /cormun/static/about:blank HTTP/1.1" 404 1011
186.103.159.182 - - [06/Jun/2017:13:18:48 -0300] "GET /cormun/servlet/licenciaspermisosadjuntos?INS,15125556,L,20170606000000,, HTTP/1.1" 200 5701
192.168.10.96 - - [06/Jun/2017:13:18:49 -0300] "GET /cormun/servlet/vesolicitudgral?2017,5799,, HTTP/1.1" 200 8726
192.168.10.96 - - [06/Jun/2017:13:18:49 -0300] "GET /cormun/pexe_scrolldiv.js HTTP/1.1" 404 1009
192.168.10.96 - - [06/Jun/2017:13:18:49 -0300] "GET /cormun/pexe_scrolldiv.js HTTP/1.1" 404 1009
192.168.10.96 - - [06/Jun/2017:13:18:49 -0300] "GET /cormun/servlet/vesolicitudgral?2017,5799,, HTTP/1.1" 200 8725
192.168.10.96 - - [06/Jun/2017:13:18:51 -0300] "GET /cormun/servlet/vesolicitudgral?2017,5799,,SolicitudOTAdjuntos HTTP/1.1" 200 10592
192.168.10.96 - - [06/Jun/2017:13:18:51 -0300] "GET /cormun/pexe_scrolldiv.js HTTP/1.1" 404 1009
192.168.10.96 - - [06/Jun/2017:13:18:51 -0300] "GET /cormun/pexe_scrolldiv.js HTTP/1.1" 404 1009
192.168.10.96 - - [06/Jun/2017:13:18:52 -0300] "GET /cormun/servlet/vesolicitudgral?2017,5799,,SolicitudOTAdjuntos HTTP/1.1" 200 10592
192.168.10.96 - - [06/Jun/2017:13:18:52 -0300] "POST /cormun/servlet/acontrolpreferencessavestate?None,DZAMUDIO,true HTTP/1.1" 200 35
192.168.10.96 - - [06/Jun/2017:13:18:53 -0300] "GET /cormun/PublicTempStorage/titulo4164501.pdf HTTP/1.1" 200 458214
192.168.10.89 - - [06/Jun/2017:13:19:17 -0300] "GET /cormun/servlet/hlogin HTTP/1.1" 200 1741
192.168.10.89 - - [06/Jun/2017:13:19:23 -0300] "POST /cormun/servlet/hlogin?b04958e7ac19a92c69e33353080e8d7c,gx-no-cache=1496765963672 HTTP/1.1" 200 90
192.168.10.89 - - [06/Jun/2017:13:19:23 -0300] "GET /cormun/servlet/hpexe_link HTTP/1.1" 200 959
192.168.10.89 - - [06/Jun/2017:13:19:23 -0300] "GET /cormun/servlet/trsolicitudgral? HTTP/1.1" 200 10310
192.168.10.89 - - [06/Jun/2017:13:19:31 -0300] "GET /cormun/static/menuarrow.gif HTTP/1.1" 404 1015
186.103.159.182 - - [06/Jun/2017:13:19:34 -0300] "POST /cormun/servlet/licenciaspermisosadjuntos?e9ffc6577ea4931ff7c9b38a855a15d1,INS,15125556,L,20170606000000,, HTTP/1.1" 200 116
186.103.159.182 - - [06/Jun/2017:13:19:34 -0300] "GET /cormun/servlet/hpexe_return? HTTP/1.1" 200 1036
186.103.159.182 - - [06/Jun/2017:13:19:35 -0300] "GET /cormun/servlet/trlicenciaspermisosadjuntos?15125556,20170606000000,L, HTTP/1.1" 200 6900
192.168.10.89 - - [06/Jun/2017:13:19:36 -0300] "POST /cormun/servlet/trsolicitudgral?b04958e7ac19a92c69e33353080e8d7c,,gx-no-cache=1496765976046 HTTP/1.1" 200 7245
186.103.159.182 - - [06/Jun/2017:13:19:36 -0300] "GET /cormun/servlet/trlicenciaspermisosadjuntos?15125556,20170606000000,L, HTTP/1.1" 200 6900
186.103.159.182 - - [06/Jun/2017:13:19:44 -0300] "POST /cormun/servlet/trlicenciaspermisosadjuntos?e9ffc6577ea4931ff7c9b38a855a15d1,15125556,20170606000000,L,,gx-no-cache=1496766038912 HTTP/1.1" 200 90
186.103.159.182 - - [06/Jun/2017:13:19:44 -0300] "GET /cormun/servlet/hpexe_link HTTP/1.1" 200 977
186.103.159.182 - - [06/Jun/2017:13:19:44 -0300] "GET /cormun/servlet/trlicencias HTTP/1.1" 200 8446
186.103.159.182 - - [06/Jun/2017:13:19:46 -0300] "GET /cormun/servlet/trlicencias HTTP/1.1" 200 8444
186.103.159.182 - - [06/Jun/2017:13:19:51 -0300] "GET /cormun/servlet/alicenciaprn?15125556,L,20170606000000,PU HTTP/1.1" 200 1527
192.168.10.89 - - [06/Jun/2017:13:21:12 -0300] "POST /cormun/servlet/trsolicitudgral?b04958e7ac19a92c69e33353080e8d7c,,gx-no-cache=1496766072437 HTTP/1.1" 200 6947
192.168.10.89 - - [06/Jun/2017:13:21:12 -0300] "GET /cormun/static/Shared/jqueryui/images/ui-icons_8d78a5_256x240.png HTTP/1.1" 404 1089
192.168.10.89 - - [06/Jun/2017:13:21:12 -0300] "GET /cormun/static/Shared/jqueryui/images/ui-bg_flat_55_fafafa_40x100.png HTTP/1.1" 404 1097
192.168.10.89 - - [06/Jun/2017:13:21:12 -0300] "GET /cormun/static/Shared/jqueryui/images/ui-icons_82798d_256x240.png HTTP/1.1" 404 1089
192.168.10.89 - - [06/Jun/2017:13:21:12 -0300] "GET /cormun/static/Shared/jqueryui/images/ui-bg_highlight-soft_100_c6c2c8_1x100.png HTTP/1.1" 404 1117
192.168.10.89 - - [06/Jun/2017:13:21:32 -0300] "POST /cormun/servlet/trsolicitudgral?b04958e7ac19a92c69e33353080e8d7c,,gx-no-cache=1496766092196 HTTP/1.1" 200 5832
192.168.10.89 - - [06/Jun/2017:13:21:53 -0300] "POST /cormun/servlet/trsolicitudgral?b04958e7ac19a92c69e33353080e8d7c,,gx-no-cache=1496766113214 HTTP/1.1" 200 5625
186.103.157.42 - - [06/Jun/2017:13:22:16 -0300] "GET /cormun/servlet/hlogin HTTP/1.1" 200 1721
186.103.157.42 - - [06/Jun/2017:13:22:24 -0300] "POST /cormun/servlet/hlogin?71ebf3aee14db287b9a2a241bc28787c,gx-no-cache=1496766201005 HTTP/1.1" 200 90
186.103.157.42 - - [06/Jun/2017:13:22:24 -0300] "GET /cormun/servlet/hpexe_link HTTP/1.1" 200 948
186.103.157.42 - - [06/Jun/2017:13:22:24 -0300] "GET /cormun/servlet/hhome HTTP/1.1" 200 4063
186.103.157.42 - - [06/Jun/2017:13:22:25 -0300] "GET /cormun/servlet/hhome HTTP/1.1" 200 4059
186.103.159.182 - - [06/Jun/2017:13:23:37 -0300] "GET /cormun/servlet/licenciaspermisos?INS,0,,, HTTP/1.1" 200 7498
186.103.159.182 - - [06/Jun/2017:13:23:39 -0300] "GET /cormun/servlet/licenciaspermisos?INS,0,,, HTTP/1.1" 200 7506
186.103.159.182 - - [06/Jun/2017:13:24:06 -0300] "GET /cormun/servlet/licenciaspermisos?2aeeb1c9cf77c0232fa206af79c6e770e367a86552fd9c546fe89509389ca1341a15a30df299f4afe1ab01dc1077351e,gx-no-cache=1496766301636 HTTP/1.1" 200 79
186.103.159.182 - - [06/Jun/2017:13:24:07 -0300] "POST /cormun/servlet/licenciaspermisos?e9ffc6577ea4931ff7c9b38a855a15d1,INS,0,,,,gx-no-cache=1496766301714 HTTP/1.1" 200 4688
186.103.159.182 - - [06/Jun/2017:13:24:26 -0300] "GET /cormun/static/menuarrow.gif HTTP/1.1" 404 1015
186.103.159.182 - - [06/Jun/2017:13:26:38 -0300] "GET /cormun/servlet/licenciaspermisos?2aeeb1c9cf77c0232fa206af79c6e770cfc73c90be400efcde0a2d081cc1378f1987114b5cf7da75ea923f5f82af7266c2408db2d72234cf780ff4ff446a05a55e7c4778bbdc06bfda2c487d41a372fb37951e7a2109ff8bb3f59b6279071275b530fa554ba060fe64ef0e467d36dac13a15cc0be83e03001f01942c37121c5f6773af5845b641be02bb94c7805831ddfe0d2fffc59438039552cfaae3178217886d5d9c3d3585f18e09b25edd724effd5af078e4b99bf9e7e5faf984f9797937296e177245513611bcfb45758767cf342349564d640ce4f4de146d1e9fc3017,gx-no-cache=1496766453007 HTTP/1.1" 200 30
186.103.159.182 - - [06/Jun/2017:13:26:38 -0300] "GET /cormun/servlet/licenciaspermisos?2aeeb1c9cf77c0232fa206af79c6e770d3b44a5d3065719825c34aa2d14031d28faf5a1a1f50752cc550bccc75c922e4b2dc197c322fb7ad1a02efa8ef623e84533315af167e1e1c5bfa2f7141b22c648422cdc9c26095dd3b7022f4d20f48917676c65de5b3b7c2a41be22c8bc6708e0f29e6418d03e30f77423b3bb69006aef861122bf8101748faeb0e221119204d2f1b294567b118a55c059dd71e6f7f6ab21b92cdf38adab894e12b5e745ae0d2485211425bd88509922404d98c9bf17db7cd27d226fb64f13d06851a9e48021df5313ca8d1cc4236dfb8bb2a0656302a,gx-no-cache=1496766453108 HTTP/1.1" 200 29
186.103.159.182 - - [06/Jun/2017:13:26:38 -0300] "POST /cormun/servlet/licenciaspermisos?e9ffc6577ea4931ff7c9b38a855a15d1,INS,0,,,,gx-no-cache=1496766453149 HTTP/1.1" 200 93
186.103.159.182 - - [06/Jun/2017:13:26:38 -0300] "GET /cormun/servlet/hpexe_return? HTTP/1.1" 200 1008
186.103.159.182 - - [06/Jun/2017:13:26:39 -0300] "GET /cormun/servlet/trlicencias HTTP/1.1" 200 8448
186.103.159.182 - - [06/Jun/2017:13:26:40 -0300] "GET /cormun/servlet/trlicencias HTTP/1.1" 200 8444
186.103.159.182 - - [06/Jun/2017:13:26:50 -0300] "POST /cormun/servlet/trlicencias?e9ffc6577ea4931ff7c9b38a855a15d1,gx-no-cache=1496766465345 HTTP/1.1" 200 5662
186.103.159.182 - - [06/Jun/2017:13:26:51 -0300] "GET /cormun/static/Shared/jqueryui/images/ui-bg_highlight-soft_100_c6c2c8_1x100.png HTTP/1.1" 404 1117
186.103.159.182 - - [06/Jun/2017:13:26:51 -0300] "GET /cormun/static/Shared/jqueryui/images/ui-icons_82798d_256x240.png HTTP/1.1" 404 1089
186.103.159.182 - - [06/Jun/2017:13:26:51 -0300] "GET /cormun/static/Shared/jqueryui/images/ui-bg_flat_55_fafafa_40x100.png HTTP/1.1" 404 1097
186.103.159.182 - - [06/Jun/2017:13:26:51 -0300] "GET /cormun/static/Shared/jqueryui/images/ui-icons_8d78a5_256x240.png HTTP/1.1" 404 1089
186.103.159.182 - - [06/Jun/2017:13:27:04 -0300] "GET /cormun/servlet/trlicenciaspermisosadjuntos?15125556,20170606000000,L, HTTP/1.1" 200 6839
186.103.159.182 - - [06/Jun/2017:13:27:06 -0300] "GET /cormun/servlet/trlicenciaspermisosadjuntos?15125556,20170606000000,L, HTTP/1.1" 200 6840
186.103.159.182 - - [06/Jun/2017:13:27:08 -0300] "POST /cormun/servlet/trlicenciaspermisosadjuntos?e9ffc6577ea4931ff7c9b38a855a15d1,15125556,20170606000000,L,,gx-no-cache=1496766483571 HTTP/1.1" 200 90
186.103.159.182 - - [06/Jun/2017:13:27:09 -0300] "GET /cormun/servlet/hpexe_link HTTP/1.1" 200 998
186.103.159.182 - - [06/Jun/2017:13:27:09 -0300] "GET /cormun/servlet/trlicencias?gx-no-cache=1496766465345 HTTP/1.1" 200 8379
186.103.159.182 - - [06/Jun/2017:13:27:10 -0300] "GET /cormun/servlet/trlicencias?gx-no-cache=1496766465345 HTTP/1.1" 200 8397
192.168.10.89 - - [06/Jun/2017:13:27:15 -0300] "POST /cormun/servlet/trsolicitudgral?b04958e7ac19a92c69e33353080e8d7c,,gx-no-cache=1496766435584 HTTP/1.1" 200 7647
186.79.187.178 - - [06/Jun/2017:13:27:23 -0300] "GET /cormun/servlet/hlogin HTTP/1.1" 200 1718
186.79.187.178 - - [06/Jun/2017:13:27:23 -0300] "GET /cormun/static/gxcfg.js?20175251213516 HTTP/1.1" 304 -
186.79.187.178 - - [06/Jun/2017:13:27:23 -0300] "GET /favicon.ico HTTP/1.1" 200 21630
186.79.187.178 - - [06/Jun/2017:13:27:28 -0300] "POST /cormun/servlet/hlogin?226075237575c519ff9a750613a099c2,gx-no-cache=1496762900180 HTTP/1.1" 200 90
186.79.187.178 - - [06/Jun/2017:13:27:28 -0300] "GET /cormun/servlet/hpexe_link HTTP/1.1" 200 949
186.79.187.178 - - [06/Jun/2017:13:27:28 -0300] "GET /cormun/static/gxcfg.js?20175251212395 HTTP/1.1" 304 -
186.79.187.178 - - [06/Jun/2017:13:27:28 -0300] "GET /cormun/servlet/hhome HTTP/1.1" 200 3808
186.79.187.178 - - [06/Jun/2017:13:27:28 -0300] "GET /cormun/static/gxcfg.js?20175251212442 HTTP/1.1" 304 -
186.79.187.178 - - [06/Jun/2017:13:27:29 -0300] "GET /cormun/servlet/hhome HTTP/1.1" 200 3805
186.79.187.178 - - [06/Jun/2017:13:27:33 -0300] "GET /cormun/servlet/trlicencias? HTTP/1.1" 200 13296
186.79.187.178 - - [06/Jun/2017:13:27:33 -0300] "GET /cormun/static/gxcfg.js?20175222047249 HTTP/1.1" 304 -
186.79.187.178 - - [06/Jun/2017:13:27:33 -0300] "GET /cormun/static/trlicencias.js?201752220473085 HTTP/1.1" 304 -
186.79.187.178 - - [06/Jun/2017:13:27:34 -0300] "GET /cormun/servlet/trlicencias? HTTP/1.1" 200 13293
186.79.187.178 - - [06/Jun/2017:13:27:36 -0300] "GET /cormun/servlet/licenciaspermisos?INS,0,,, HTTP/1.1" 200 7232
186.79.187.178 - - [06/Jun/2017:13:27:36 -0300] "GET /cormun/static/gxcfg.js?201752220471843 HTTP/1.1" 304 -
186.79.187.178 - - [06/Jun/2017:13:27:36 -0300] "GET /cormun/static/licenciaspermisos.js?201752220471934 HTTP/1.1" 304 -
186.79.187.178 - - [06/Jun/2017:13:27:36 -0300] "GET /cormun/servlet/licenciaspermisos?INS,0,,, HTTP/1.1" 200 7231
186.79.187.178 - - [06/Jun/2017:13:27:42 -0300] "GET /cormun/servlet/licenciaspermisos?8c52171ee2ca0ab2a9560db20cf1969d0e333ab7a339d8b688836b926d1ec22013e93850dc8db3be24cde28463cdff27,gx-no-cache=1496762915143 HTTP/1.1" 200 185
186.79.187.178 - - [06/Jun/2017:13:27:43 -0300] "GET /cormun/static/Shared/jqueryui/images/ui-bg_highlight-soft_100_c6c2c8_1x100.png HTTP/1.1" 404 1117
186.79.187.178 - - [06/Jun/2017:13:27:43 -0300] "GET /cormun/static/Shared/jqueryui/images/ui-icons_82798d_256x240.png HTTP/1.1" 404 1089
186.79.187.178 - - [06/Jun/2017:13:27:43 -0300] "GET /cormun/static/Shared/jqueryui/images/ui-bg_flat_55_994d53_40x100.png HTTP/1.1" 404 1097
186.79.187.178 - - [06/Jun/2017:13:27:43 -0300] "GET /cormun/static/Shared/jqueryui/images/ui-icons_ebccce_256x240.png HTTP/1.1" 404 1089
186.103.159.182 - - [06/Jun/2017:13:27:49 -0300] "GET /cormun/servlet/trlicencias? HTTP/1.1" 200 8397
186.79.187.178 - - [06/Jun/2017:13:27:50 -0300] "GET /cormun/servlet/licenciaspermisos?8c52171ee2ca0ab2a9560db20cf1969dc3f3d08b8496748b45d75824de23a30213e93850dc8db3be24cde28463cdff27,gx-no-cache=1496762923100 HTTP/1.1" 200 88
186.103.159.182 - - [06/Jun/2017:13:27:51 -0300] "GET /cormun/servlet/trlicencias? HTTP/1.1" 200 8377
186.79.187.178 - - [06/Jun/2017:13:27:51 -0300] "POST /cormun/servlet/licenciaspermisos?226075237575c519ff9a750613a099c2,INS,0,,,,gx-no-cache=1496762923253 HTTP/1.1" 200 4504
186.103.159.182 - - [06/Jun/2017:13:28:05 -0300] "GET /cormun/servlet/licenciaspermisos?INS,0,,, HTTP/1.1" 200 7498
186.103.159.182 - - [06/Jun/2017:13:28:06 -0300] "GET /cormun/servlet/licenciaspermisos?INS,0,,, HTTP/1.1" 200 7506
186.103.159.182 - - [06/Jun/2017:13:28:16 -0300] "GET /cormun/servlet/trlicencias? HTTP/1.1" 200 8379
186.79.187.178 - - [06/Jun/2017:13:28:17 -0300] "GET /cormun/static/menuarrow.gif HTTP/1.1" 404 1015
186.103.159.182 - - [06/Jun/2017:13:28:17 -0300] "GET /cormun/servlet/trlicencias? HTTP/1.1" 200 8377
186.103.159.182 - - [06/Jun/2017:13:28:33 -0300] "POST /cormun/servlet/trlicencias?e9ffc6577ea4931ff7c9b38a855a15d1,,gx-no-cache=1496766567594 HTTP/1.1" 200 5403
186.103.159.182 - - [06/Jun/2017:13:28:53 -0300] "GET /cormun/servlet/trlicenciaspermisosadjuntos?13098022,20170606000000,L, HTTP/1.1" 200 6410
186.103.159.182 - - [06/Jun/2017:13:28:55 -0300] "GET /cormun/servlet/trlicenciaspermisosadjuntos?13098022,20170606000000,L, HTTP/1.1" 200 6410
186.103.159.182 - - [06/Jun/2017:13:28:59 -0300] "GET /cormun/servlet/licenciaspermisosadjuntos?INS,13098022,L,20170606000000,, HTTP/1.1" 200 5713
186.103.159.182 - - [06/Jun/2017:13:28:59 -0300] "GET /cormun/static/about:blank HTTP/1.1" 404 1011
186.103.159.182 - - [06/Jun/2017:13:29:00 -0300] "GET /cormun/servlet/licenciaspermisosadjuntos?INS,13098022,L,20170606000000,, HTTP/1.1" 200 5699
186.103.159.182 - - [06/Jun/2017:13:29:18 -0300] "POST /cormun/servlet/licenciaspermisosadjuntos?e9ffc6577ea4931ff7c9b38a855a15d1,INS,13098022,L,20170606000000,, HTTP/1.1" 200 116
186.103.159.182 - - [06/Jun/2017:13:29:18 -0300] "GET /cormun/servlet/hpexe_return? HTTP/1.1" 200 1037
186.103.159.182 - - [06/Jun/2017:13:29:19 -0300] "GET /cormun/servlet/trlicenciaspermisosadjuntos?13098022,20170606000000,L, HTTP/1.1" 200 6906
186.103.159.182 - - [06/Jun/2017:13:29:20 -0300] "GET /cormun/servlet/trlicenciaspermisosadjuntos?13098022,20170606000000,L, HTTP/1.1" 200 6907
186.103.159.182 - - [06/Jun/2017:13:29:23 -0300] "POST /cormun/servlet/trlicenciaspermisosadjuntos?e9ffc6577ea4931ff7c9b38a855a15d1,13098022,20170606000000,L,,gx-no-cache=1496766617710 HTTP/1.1" 200 90
186.103.159.182 - - [06/Jun/2017:13:29:23 -0300] "GET /cormun/servlet/hpexe_link HTTP/1.1" 200 979
186.103.159.182 - - [06/Jun/2017:13:29:23 -0300] "GET /cormun/servlet/trlicencias? HTTP/1.1" 200 8138
186.103.159.182 - - [06/Jun/2017:13:29:25 -0300] "GET /cormun/servlet/trlicencias? HTTP/1.1" 200 8136
186.103.159.182 - - [06/Jun/2017:13:29:29 -0300] "GET /cormun/servlet/alicenciaprn?13098022,L,20170606000000,PU HTTP/1.1" 200 1554
186.103.159.187 - - [06/Jun/2017:13:29:31 -0300] "GET /cormun/servlet/hlogin HTTP/1.1" 200 1720
186.103.159.187 - - [06/Jun/2017:13:29:31 -0300] "GET /cormun/static/Resources/Spanish/PXTools.css?11423723 HTTP/1.1" 304 -
186.103.159.187 - - [06/Jun/2017:13:29:31 -0300] "GET /cormun/static/gxcfg.js?20175251213516 HTTP/1.1" 200 953
186.103.159.187 - - [06/Jun/2017:13:29:31 -0300] "GET /cormun/static/messages.spa.js?85251 HTTP/1.1" 200 30736
186.103.159.187 - - [06/Jun/2017:13:29:31 -0300] "GET /cormun/static/hlogin.js?20175251213537 HTTP/1.1" 304 -
186.103.159.187 - - [06/Jun/2017:13:29:32 -0300] "GET /cormun/servlet/hlogin HTTP/1.1" 200 1723
186.103.159.187 - - [06/Jun/2017:13:29:39 -0300] "POST /cormun/servlet/hlogin?f82635d070148bfabc549e6f5a23d559,gx-no-cache=1496766616391 HTTP/1.1" 200 439
186.103.159.187 - - [06/Jun/2017:13:29:44 -0300] "POST /cormun/servlet/hlogin?f82635d070148bfabc549e6f5a23d559,gx-no-cache=1496766621300 HTTP/1.1" 200 90
186.103.159.187 - - [06/Jun/2017:13:29:44 -0300] "GET /cormun/servlet/hpexe_link HTTP/1.1" 200 945
186.103.159.187 - - [06/Jun/2017:13:29:44 -0300] "GET /cormun/static/gxcfg.js?20175251212395 HTTP/1.1" 304 -
186.103.159.187 - - [06/Jun/2017:13:29:44 -0300] "GET /cormun/static/hpexe_link.js?20175251212399 HTTP/1.1" 304 -
186.103.159.187 - - [06/Jun/2017:13:29:45 -0300] "GET /cormun/servlet/hhome HTTP/1.1" 200 3732
186.103.159.187 - - [06/Jun/2017:13:29:45 -0300] "GET /cormun/static/gxcfg.js?20175251212442 HTTP/1.1" 304 -
186.103.159.187 - - [06/Jun/2017:13:29:45 -0300] "GET /cormun/static/hwchdr01.js?201752511465785 HTTP/1.1" 304 -
186.103.159.187 - - [06/Jun/2017:13:29:45 -0300] "GET /cormun/static/hhome.js?20175251212450 HTTP/1.1" 304 -
186.103.159.187 - - [06/Jun/2017:13:29:45 -0300] "GET /cormun/static/hpexe_recentlink.js?201610171694390 HTTP/1.1" 200 2144
186.103.159.187 - - [06/Jun/2017:13:29:45 -0300] "GET /cormun/static/hpexe_scripts.js?201752511465715 HTTP/1.1" 304 -
186.103.159.187 - - [06/Jun/2017:13:29:45 -0300] "GET /cormun/static/hpexe_messagecontroller.js?201610171694323 HTTP/1.1" 200 870
186.103.159.187 - - [06/Jun/2017:13:29:45 -0300] "GET /cormun/static/hpexe_messagepopupcomponent.js?20161017169425 HTTP/1.1" 200 605
186.103.159.187 - - [06/Jun/2017:13:29:45 -0300] "GET /cormun/static/hpexe_messagegenexuscomponent.js?201752511465344 HTTP/1.1" 304 -
186.103.159.187 - - [06/Jun/2017:13:29:45 -0300] "GET /cormun/static/cmcontrolpreferences.js?201752511465670 HTTP/1.1" 304 -
186.103.159.187 - - [06/Jun/2017:13:29:45 -0300] "GET /cormun/static/hmpwkw03.js?2017525121347 HTTP/1.1" 304 -
186.103.159.187 - - [06/Jun/2017:13:29:46 -0300] "GET /cormun/servlet/hhome HTTP/1.1" 200 3729
186.103.159.187 - - [06/Jun/2017:13:29:49 -0300] "GET /cormun/servlet/trsolicitudot? HTTP/1.1" 200 6923
186.103.159.187 - - [06/Jun/2017:13:29:50 -0300] "GET /cormun/static/gxcfg.js?20175251233261 HTTP/1.1" 200 953
186.103.159.187 - - [06/Jun/2017:13:29:50 -0300] "GET /cormun/static/trsolicitudot.js?20175251234175 HTTP/1.1" 200 54041
186.103.159.187 - - [06/Jun/2017:13:29:50 -0300] "GET /cormun/servlet/trsolicitudot? HTTP/1.1" 200 6924
186.103.159.187 - - [06/Jun/2017:13:29:57 -0300] "GET /cormun/servlet/solicitudot?INS,0,0, HTTP/1.1" 200 12595
186.103.159.187 - - [06/Jun/2017:13:29:58 -0300] "GET /cormun/static/gxcfg.js?201752522134570 HTTP/1.1" 200 953
186.103.159.187 - - [06/Jun/2017:13:29:58 -0300] "GET /cormun/static/solicitudot.js?201752522134767 HTTP/1.1" 200 64045
186.103.159.187 - - [06/Jun/2017:13:29:58 -0300] "GET /cormun/servlet/solicitudot?INS,0,0, HTTP/1.1" 200 12600
186.103.159.187 - - [06/Jun/2017:13:30:12 -0300] "GET /cormun/servlet/prfichaempleado?,MD,,gxPopupLevel%3D0%3B HTTP/1.1" 200 8740
186.103.159.187 - - [06/Jun/2017:13:30:12 -0300] "GET /cormun/static/gxcfg.js?2017319125415 HTTP/1.1" 200 953
186.103.159.187 - - [06/Jun/2017:13:30:12 -0300] "GET /cormun/static/Resources/Spanish/PXTools.css?11294912 HTTP/1.1" 200 89042
186.103.159.187 - - [06/Jun/2017:13:30:12 -0300] "GET /cormun/static/menusearch.js?201610171694467 HTTP/1.1" 200 1424
186.103.159.187 - - [06/Jun/2017:13:30:12 -0300] "GET /cormun/static/hmpwkw011.js?20175251212473 HTTP/1.1" 304 -
186.103.159.187 - - [06/Jun/2017:13:30:12 -0300] "GET /cormun/static/prfichaempleado.js?20173191254344 HTTP/1.1" 200 16006
186.103.159.182 - - [06/Jun/2017:13:30:16 -0300] "POST /cormun/servlet/trlicencias?e9ffc6577ea4931ff7c9b38a855a15d1,,gx-no-cache=1496766670989 HTTP/1.1" 200 5365
186.103.159.182 - - [06/Jun/2017:13:30:16 -0300] "GET /cormun/static/Shared/jqueryui/images/ui-bg_highlight-soft_100_c6c2c8_1x100.png HTTP/1.1" 404 1117
186.103.159.182 - - [06/Jun/2017:13:30:16 -0300] "GET /cormun/static/Shared/jqueryui/images/ui-icons_82798d_256x240.png HTTP/1.1" 404 1089
186.103.159.182 - - [06/Jun/2017:13:30:16 -0300] "GET /cormun/static/Shared/jqueryui/images/ui-bg_flat_55_fafafa_40x100.png HTTP/1.1" 404 1097
186.103.159.182 - - [06/Jun/2017:13:30:16 -0300] "GET /cormun/static/Shared/jqueryui/images/ui-icons_8d78a5_256x240.png HTTP/1.1" 404 1089
100.43.85.9 - - [06/Jun/2017:13:30:24 -0300] "GET /docs/funcspecs/fs-admin-opers.html HTTP/1.1" 200 21746
186.103.159.187 - - [06/Jun/2017:13:30:25 -0300] "POST /cormun/servlet/prfichaempleado?f82635d070148bfabc549e6f5a23d559,,MD,,gxPopupLevel%3D0%3B,gx-no-cache=1496766662256 HTTP/1.1" 200 3395
186.103.159.187 - - [06/Jun/2017:13:30:34 -0300] "GET /cormun/servlet/prfichaempleado?,MD,,gxPopupLevel%3D0%3B HTTP/1.1" 200 8740
186.103.159.187 - - [06/Jun/2017:13:30:43 -0300] "POST /cormun/servlet/solicitudot?gx-no-cache=1496766680272 HTTP/1.1" 200 3182
186.103.159.187 - - [06/Jun/2017:13:30:43 -0300] "POST /cormun/servlet/solicitudot?f82635d070148bfabc549e6f5a23d559,INS,0,0,,gx-no-cache=1496766680437 HTTP/1.1" 200 9804
186.103.159.187 - - [06/Jun/2017:13:30:48 -0300] "GET /cormun/servlet/solicitudot?28a1dc638a3525dd03ee86f86f6102c20871869b7e023b40d3fff05fdfc34b4e9621952dbea51de2358c077d99d5ae5e,gx-no-cache=1496766685171 HTTP/1.1" 200 30
186.79.187.178 - - [06/Jun/2017:13:31:03 -0300] "GET /cormun/servlet/licenciaspermisos?8c52171ee2ca0ab2a9560db20cf1969d84f95ca7e4a5300de9b9958504d5ba2ab4fc1979d5633f0a3e435ede2be06dd318db3c555a0b12e1ca2a287658aed5dc59be0618fba617eeaa11095d839323a687ad0d44ae3796ed757386b23c7f7b74b841dd6c313613b943f2e81239bca8a9833cf8e031e400d9714ebecc9b68456124a76f34602dafea6935c8fdffbb495c3a46952b2c52183a62ba7352c471e356148becdf56544f4a5c9240899ba4cb1f,gx-no-cache=1496763115682 HTTP/1.1" 200 30
186.79.187.178 - - [06/Jun/2017:13:31:03 -0300] "GET /cormun/servlet/licenciaspermisos?8c52171ee2ca0ab2a9560db20cf1969d2f6cccc7981e28e351f2680a835ef04c66147278e205f32e80ccd951f4d431765ef3b79a7fb77f2c22cc0251c9aa8d9ae8d902501963054ba31e8b093f07214e6ce60a62e6f63f3ab15b8aeae63d18bba5c188625c8252204bceec0b50befac4a7a8f9481f002babfc9db872f8fdda1daef5a0abfd7726f89e0e76207604dfeb7418b9acada79020827fdd5e34e341a584ef1db82b2b1dca01a4f2c1d4877182,gx-no-cache=1496763115780 HTTP/1.1" 200 29
186.79.187.178 - - [06/Jun/2017:13:31:04 -0300] "POST /cormun/servlet/licenciaspermisos?226075237575c519ff9a750613a099c2,INS,0,,,,gx-no-cache=1496763115839 HTTP/1.1" 200 93
186.79.187.178 - - [06/Jun/2017:13:31:04 -0300] "GET /cormun/servlet/hpexe_return? HTTP/1.1" 200 1010
186.79.187.178 - - [06/Jun/2017:13:31:04 -0300] "GET /cormun/static/gxcfg.js?2016101716175148 HTTP/1.1" 304 -
186.79.187.178 - - [06/Jun/2017:13:31:04 -0300] "GET /cormun/servlet/trlicencias HTTP/1.1" 200 13741
186.79.187.178 - - [06/Jun/2017:13:31:05 -0300] "GET /cormun/servlet/trlicencias HTTP/1.1" 200 13736
186.79.187.178 - - [06/Jun/2017:13:31:08 -0300] "GET /cormun/servlet/trlicenciaspermisosadjuntos?7229698,20170606000000,L, HTTP/1.1" 200 6155
186.79.187.178 - - [06/Jun/2017:13:31:08 -0300] "GET /cormun/static/gxcfg.js?20175251265349 HTTP/1.1" 304 -
186.79.187.178 - - [06/Jun/2017:13:31:08 -0300] "GET /cormun/static/trlicenciaspermisosadjuntos.js?2017525126577 HTTP/1.1" 304 -
186.79.187.178 - - [06/Jun/2017:13:31:08 -0300] "GET /cormun/servlet/trlicenciaspermisosadjuntos?7229698,20170606000000,L, HTTP/1.1" 200 6156
186.79.187.178 - - [06/Jun/2017:13:31:10 -0300] "GET /cormun/servlet/licenciaspermisosadjuntos?INS,7229698,L,20170606000000,, HTTP/1.1" 200 5453
186.79.187.178 - - [06/Jun/2017:13:31:10 -0300] "GET /cormun/static/gxcfg.js?201752511544364 HTTP/1.1" 304 -
186.79.187.178 - - [06/Jun/2017:13:31:10 -0300] "GET /cormun/static/licenciaspermisosadjuntos.js?201752511544378 HTTP/1.1" 304 -
186.79.187.178 - - [06/Jun/2017:13:31:10 -0300] "GET /cormun/static/about:blank HTTP/1.1" 404 1011
186.79.187.178 - - [06/Jun/2017:13:31:10 -0300] "GET /cormun/servlet/licenciaspermisosadjuntos?INS,7229698,L,20170606000000,, HTTP/1.1" 200 5443
186.103.159.187 - - [06/Jun/2017:13:31:15 -0300] "POST /cormun/servlet/solicitudot?gx-no-cache=1496766711999 HTTP/1.1" 200 255
186.103.159.187 - - [06/Jun/2017:13:31:15 -0300] "GET /cormun/servlet/solicitudot?28a1dc638a3525dd03ee86f86f6102c22e62ad2681c799e939a52c6cdc26ecb686492a6d3d314dd50306ba2faeb69fa5ac2e0d2cee9cc42a923dfc6f942c0497e546bff9de5f335f9edc3de3b6e63c49a19d692603f0b607b103f485661f3c26ba7e49b1f04a6df2a2846096def3547b1bbbd2089887693bd15b3ccd584f8a38c06009ccd789e711fa691fe03d2004749b1b52cbbb3b38628ecffe3a7684a009e3e89136ea57cd85090e3d623e71d46bff1519a151095d97ef88106a62882e52c5480a753d66f50bcc7627a46ad770d6899a609c7abcda3a11bc6d92843eb82c5d88c6d5c1dc5a49b2593982081f87646a7078376c6f76c258c8dd5e5724afd3a2179b82928d1067d6105f866d1e2dac85a04454f9e4581ecd9aeb86f8748a1bb4c3e469b5ad4f8a2fe77c740ce2f62031ae01398420b2dcf1d3f99e30dcf15a69aeeac9906859f716c7b9e72c55f4564bece0a908fd179565818683633dddf9438815d8fd97421771d49e9afff8d16aa084ee5e04acb059013279e69606aa45,gx-no-cache=1496766712066 HTTP/1.1" 200 30
186.103.159.187 - - [06/Jun/2017:13:31:15 -0300] "POST /cormun/servlet/solicitudot?gx-no-cache=1496766712423 HTTP/1.1" 200 30
186.103.159.187 - - [06/Jun/2017:13:31:15 -0300] "POST /cormun/servlet/solicitudot?gx-no-cache=1496766712480 HTTP/1.1" 200 1301
186.103.159.187 - - [06/Jun/2017:13:31:15 -0300] "POST /cormun/servlet/solicitudot?gx-no-cache=1496766712591 HTTP/1.1" 200 38
