200.86.184.230 - - [06/Jun/2017:11:36:53 -0300] "GET /cormun/static/Resources/PXToolsHeaderHome.png HTTP/1.1" 200 4147
200.86.184.230 - - [06/Jun/2017:11:36:53 -0300] "GET /cormun/static/Resources/PXToolsHeaderPreferences.png HTTP/1.1" 200 4189
200.86.184.230 - - [06/Jun/2017:11:36:53 -0300] "GET /cormun/static/Resources/PXToolsGridLastDisabled.gif HTTP/1.1" 200 98
200.86.184.230 - - [06/Jun/2017:11:36:53 -0300] "GET /cormun/static/Resources/PXToolsGridPreviousDisabled.gif HTTP/1.1" 200 90
200.86.184.230 - - [06/Jun/2017:11:36:53 -0300] "GET /cormun/static/Resources/PXToolsGridPage.gif HTTP/1.1" 200 725
200.86.184.230 - - [06/Jun/2017:11:36:53 -0300] "GET /cormun/static/Resources/PXToolsGridNew.png HTTP/1.1" 200 2949
200.86.184.230 - - [06/Jun/2017:11:36:53 -0300] "GET /cormun/static/Shared/jqueryui/jquery-ui.min.js HTTP/1.1" 200 240427
200.86.184.230 - - [06/Jun/2017:11:36:53 -0300] "GET /cormun/static/Resources/PXToolsGridFirstDisabled.gif HTTP/1.1" 200 100
200.86.184.230 - - [06/Jun/2017:11:36:53 -0300] "GET /cormun/static/Resources/PXToolsActionExcel.png HTTP/1.1" 200 3187
200.86.184.230 - - [06/Jun/2017:11:36:53 -0300] "GET /cormun/static/scaMessage/scaMessageRender.js HTTP/1.1" 200 11977
200.86.184.230 - - [06/Jun/2017:11:36:53 -0300] "GET /cormun/static/Resources/PXToolsGridNextDisabled.gif HTTP/1.1" 200 90
200.86.184.230 - - [06/Jun/2017:11:36:53 -0300] "GET /cormun/static/hmpwkw03.js?2017525121347 HTTP/1.1" 200 3965
200.86.184.230 - - [06/Jun/2017:11:36:53 -0300] "GET /cormun/static/Resources/PXTools/calendar.png HTTP/1.1" 200 1306
200.86.184.230 - - [06/Jun/2017:11:36:53 -0300] "GET /cormun/static/Resources/logo4.png HTTP/1.1" 200 6582
200.86.184.230 - - [06/Jun/2017:11:36:53 -0300] "GET /cormun/static/Resources/PXToolsDataSearch.png HTTP/1.1" 200 419
200.86.184.230 - - [06/Jun/2017:11:36:54 -0300] "GET /cormun/static/Resources/asc.gif HTTP/1.1" 200 67
200.86.184.230 - - [06/Jun/2017:11:36:54 -0300] "GET /cormun/static/Resources/indicator.gif HTTP/1.1" 200 1553
200.86.184.230 - - [06/Jun/2017:11:36:54 -0300] "GET /cormun/static/Resources/desc.gif HTTP/1.1" 200 65
200.86.184.230 - - [06/Jun/2017:11:36:54 -0300] "GET /cormun//static/Resources/PXToolsActionView.png HTTP/1.1" 200 2995
200.86.184.230 - - [06/Jun/2017:11:36:54 -0300] "GET /cormun//static/Resources/PXToolsGridUpdate.png HTTP/1.1" 200 2984
200.86.184.230 - - [06/Jun/2017:11:36:54 -0300] "GET /cormun/servlet/trsolicitudot HTTP/1.1" 200 7721
200.86.184.230 - - [06/Jun/2017:11:36:54 -0300] "GET /cormun//static/Resources/PXToolsGridDelete.png HTTP/1.1" 200 357
200.86.184.230 - - [06/Jun/2017:11:36:54 -0300] "GET /cormun//static/Resources/PXTools/ActionInsert.png HTTP/1.1" 200 1482
200.86.184.230 - - [06/Jun/2017:11:36:54 -0300] "GET /cormun/servlet/hlogin HTTP/1.1" 200 1739
200.86.184.230 - - [06/Jun/2017:11:36:54 -0300] "GET /cormun//static/Resources/PXToolsRemoveAllAction.png HTTP/1.1" 200 3558
200.86.184.230 - - [06/Jun/2017:11:36:54 -0300] "GET /cormun/static/Shared/ext/resources/themes/images/default/panel/bg-headersPanel.png HTTP/1.1" 200 255
200.86.184.230 - - [06/Jun/2017:11:36:54 -0300] "GET /cormun/static/Shared/ext/resources/themes/images/default/tools/tool-sprites.gif HTTP/1.1" 200 5434
200.86.10.241 - - [06/Jun/2017:11:36:54 -0300] "GET /cormun/servlet/trautorizarsolicitud? HTTP/1.1" 200 6870
200.86.184.230 - - [06/Jun/2017:11:36:54 -0300] "GET /cormun/static/Resources/ComunLogin.png HTTP/1.1" 200 17326
200.86.184.230 - - [06/Jun/2017:11:36:54 -0300] "GET /cormun/static/gxcfg.js?20175251213516 HTTP/1.1" 200 953
200.86.10.241 - - [06/Jun/2017:11:36:54 -0300] "GET /cormun/static/gxcfg.js?20174261241362 HTTP/1.1" 304 -
200.86.184.230 - - [06/Jun/2017:11:36:54 -0300] "GET /cormun/static/hlogin.js?20175251213537 HTTP/1.1" 200 2136
200.86.184.230 - - [06/Jun/2017:11:36:54 -0300] "GET /cormun/static/Resources/PXToolsLoginTop.png HTTP/1.1" 200 1337
200.86.184.230 - - [06/Jun/2017:11:36:54 -0300] "GET /cormun/static/Resources/PXToolsLoginBackground.png HTTP/1.1" 200 1164
200.86.184.230 - - [06/Jun/2017:11:36:54 -0300] "GET /cormun/static/Resources/PXToolsButtonLeft21.png HTTP/1.1" 200 1287
200.86.184.230 - - [06/Jun/2017:11:36:54 -0300] "GET /cormun/static/Resources/PXToolsButtonRight21.png HTTP/1.1" 200 1283
200.86.184.230 - - [06/Jun/2017:11:36:54 -0300] "GET /cormun/static/Resources/PXToolsButtonBackground2.png HTTP/1.1" 200 1181
200.86.184.230 - - [06/Jun/2017:11:36:54 -0300] "GET /cormun/static/Resources/PXToolsLoginBottom.png HTTP/1.1" 200 1389
200.86.184.230 - - [06/Jun/2017:11:36:54 -0300] "GET /favicon.ico HTTP/1.1" 200 21630
200.86.10.241 - - [06/Jun/2017:11:36:54 -0300] "GET /cormun/servlet/trautorizarsolicitud? HTTP/1.1" 200 6869
200.111.191.210 - - [06/Jun/2017:11:37:00 -0300] "GET /cormun/servlet/permisogoce?d1c23479c7311f0bb7d16ac2c2ea287acec1c1d9c51365d6a95e9e67f2fbcdc5fe58b9cd411b0f7f5b3cf837785fa6935f37ade904ad6a11b340d84e681893a7,gx-no-cache=1496759874522 HTTP/1.1" 200 45
200.86.184.230 - - [06/Jun/2017:11:37:09 -0300] "POST /cormun/servlet/hlogin?0c80b859d75302ed70247a4bdbefe76f,gx-no-cache=1496759885395 HTTP/1.1" 200 447
200.86.184.230 - - [06/Jun/2017:11:37:20 -0300] "POST /cormun/servlet/hlogin?0c80b859d75302ed70247a4bdbefe76f,gx-no-cache=1496759896311 HTTP/1.1" 200 90
200.86.184.230 - - [06/Jun/2017:11:37:20 -0300] "GET /cormun/servlet/hpexe_link HTTP/1.1" 200 956
200.86.184.230 - - [06/Jun/2017:11:37:20 -0300] "GET /cormun/static/gxcfg.js?20175251212395 HTTP/1.1" 200 953
200.86.184.230 - - [06/Jun/2017:11:37:20 -0300] "GET /cormun/static/hpexe_link.js?20175251212399 HTTP/1.1" 200 625
200.86.184.230 - - [06/Jun/2017:11:37:20 -0300] "GET /cormun/servlet/trsolicitudot HTTP/1.1" 200 8743
200.86.184.230 - - [06/Jun/2017:11:37:23 -0300] "GET /cormun/static/SmoothNavMenu/resources/images/down.gif HTTP/1.1" 200 854
200.86.184.230 - - [06/Jun/2017:11:37:23 -0300] "GET /cormun/servlet/trsolicitudot HTTP/1.1" 200 8742
186.67.172.234 - - [06/Jun/2017:11:37:35 -0300] "GET /cormun/servlet/trcontratosolicitud? HTTP/1.1" 200 5696
186.67.172.234 - - [06/Jun/2017:11:37:35 -0300] "GET /cormun/static/gxui/gxui-all.css?120300 HTTP/1.1" 200 2179
186.67.172.234 - - [06/Jun/2017:11:37:35 -0300] "GET /cormun/static/gxcfg.js?20171317451682 HTTP/1.1" 200 953
186.67.172.234 - - [06/Jun/2017:11:37:35 -0300] "GET /cormun/static/calendar-system.css?85620 HTTP/1.1" 200 5572
186.67.172.234 - - [06/Jun/2017:11:37:35 -0300] "GET /cormun/static/Resources/Spanish/PXTools.css?18365030 HTTP/1.1" 200 89042
186.67.172.234 - - [06/Jun/2017:11:37:35 -0300] "GET /cormun/static/trcontratosolicitud.js?20171317452124 HTTP/1.1" 200 28237
186.67.172.234 - - [06/Jun/2017:11:37:35 -0300] "GET /cormun/static/Shared/ext/resources/css/ext-all.css?215870 HTTP/1.1" 200 416045
186.67.172.234 - - [06/Jun/2017:11:37:35 -0300] "GET /cormun/servlet/hlogin HTTP/1.1" 200 1742
186.67.172.234 - - [06/Jun/2017:11:37:35 -0300] "GET /cormun/servlet/trcontratosolicitud? HTTP/1.1" 200 5691
186.67.172.234 - - [06/Jun/2017:11:37:42 -0300] "GET /cormun/servlet/solicitudot?3a0e3279e2dfde572c750f0f2dbcec4b1f7053e3fbb83acb31a0389f7d123360a9d72327a8d49a3a65ed4b9c2218772d94f82015a52c8a88d2ba091a4b1cf5e94326e66c53e0840724cb6dd2336f962ee1de0334e347e7067cac1d92efcc1ce17c3641605c875ba022a3d89af7e60cc3,gx-no-cache=1496756298294 HTTP/1.1" 200 29
186.67.172.234 - - [06/Jun/2017:11:37:42 -0300] "POST /cormun/servlet/solicitudot?gx-no-cache=1496756298359 HTTP/1.1" 200 1280
186.67.172.234 - - [06/Jun/2017:11:37:44 -0300] "POST /cormun/servlet/hlogin?05e45764ed319804d47db83a38bd82e9,gx-no-cache=1496759917427 HTTP/1.1" 200 90
186.67.172.234 - - [06/Jun/2017:11:37:44 -0300] "GET /cormun/servlet/hpexe_link HTTP/1.1" 200 961
186.67.172.234 - - [06/Jun/2017:11:37:44 -0300] "GET /cormun/servlet/trcontratosolicitud HTTP/1.1" 200 13503
186.67.172.234 - - [06/Jun/2017:11:37:44 -0300] "GET /cormun//static/Resources/PXToolsActionDisabled.gif HTTP/1.1" 200 53
186.67.172.234 - - [06/Jun/2017:11:37:44 -0300] "GET /cormun//static/Resources/PXToolsGridNew.png HTTP/1.1" 200 2949
186.67.172.234 - - [06/Jun/2017:11:37:44 -0300] "GET /cormun/servlet/trcontratosolicitud HTTP/1.1" 200 13499
200.86.184.230 - - [06/Jun/2017:11:37:53 -0300] "POST /cormun/servlet/trsolicitudot?0c80b859d75302ed70247a4bdbefe76f,gx-no-cache=1496759929640 HTTP/1.1" 200 3868
200.86.184.230 - - [06/Jun/2017:11:38:05 -0300] "GET /cormun/servlet/solicitudot?INS,0,0, HTTP/1.1" 200 12681
200.86.184.230 - - [06/Jun/2017:11:38:05 -0300] "GET /cormun/static/gxcfg.js?201752522134570 HTTP/1.1" 200 953
200.86.184.230 - - [06/Jun/2017:11:38:07 -0300] "GET /cormun/static/Resources/prompt.gif HTTP/1.1" 200 902
200.86.184.230 - - [06/Jun/2017:11:38:07 -0300] "GET /cormun/static/solicitudot.js?201752522134767 HTTP/1.1" 200 64045
200.86.184.230 - - [06/Jun/2017:11:38:08 -0300] "GET /cormun/servlet/solicitudot?INS,0,0, HTTP/1.1" 200 12686
200.86.184.230 - - [06/Jun/2017:11:38:10 -0300] "POST /cormun/servlet/solicitudot?gx-no-cache=1496759946761 HTTP/1.1" 200 3158
200.86.184.230 - - [06/Jun/2017:11:38:10 -0300] "GET /cormun/static/Shared/jqueryui/images/ui-bg_highlight-soft_100_c6c2c8_1x100.png HTTP/1.1" 404 1117
200.86.184.230 - - [06/Jun/2017:11:38:10 -0300] "GET /cormun/static/Shared/jqueryui/images/ui-icons_82798d_256x240.png HTTP/1.1" 404 1089
200.86.184.230 - - [06/Jun/2017:11:38:10 -0300] "GET /cormun/static/Shared/jqueryui/images/ui-bg_flat_55_994d53_40x100.png HTTP/1.1" 404 1097
200.86.184.230 - - [06/Jun/2017:11:38:10 -0300] "GET /cormun/static/Shared/jqueryui/images/ui-icons_ebccce_256x240.png HTTP/1.1" 404 1089
200.86.184.230 - - [06/Jun/2017:11:38:11 -0300] "GET /cormun/servlet/solicitudot?931d193a02c37648d441d44beedf92caeb95cb2d8e31a7df6e179bd20538cbba,gx-no-cache=1496759947345 HTTP/1.1" 200 111
200.86.184.230 - - [06/Jun/2017:11:38:14 -0300] "GET /cormun/static/Resources/resize.gif HTTP/1.1" 200 77
200.86.184.230 - - [06/Jun/2017:11:38:14 -0300] "GET /cormun/servlet/prfichaempleado?,MD,,gxPopupLevel%3D0%3B HTTP/1.1" 200 8836
200.86.184.230 - - [06/Jun/2017:11:38:14 -0300] "GET /cormun/static/gxcfg.js?2017319125415 HTTP/1.1" 200 953
200.86.184.230 - - [06/Jun/2017:11:38:14 -0300] "GET /cormun/static/menusearch.js?201610171694467 HTTP/1.1" 200 1424
200.86.184.230 - - [06/Jun/2017:11:38:14 -0300] "GET /cormun/static/hmpwkw011.js?20175251212473 HTTP/1.1" 200 1968
200.86.184.230 - - [06/Jun/2017:11:38:14 -0300] "GET /cormun/static/Resources/PXToolsMenuSearch.png HTTP/1.1" 200 2914
200.86.184.230 - - [06/Jun/2017:11:38:14 -0300] "GET /cormun/static/Resources/PXToolsMenuSearchCancel.png HTTP/1.1" 200 2972
200.86.184.230 - - [06/Jun/2017:11:38:14 -0300] "GET /cormun/static/Resources/Spanish/PXTools.css?11294912 HTTP/1.1" 200 89042
200.86.184.230 - - [06/Jun/2017:11:38:15 -0300] "GET /cormun/static/prfichaempleado.js?20173191254344 HTTP/1.1" 200 16006
200.111.191.210 - - [06/Jun/2017:11:38:15 -0300] "POST /cormun/servlet/permisogoce?dd82198138ad6525ece31e044db6611d,INS,0,,,,gx-no-cache=1496759949421 HTTP/1.1" 200 93
200.111.191.210 - - [06/Jun/2017:11:38:15 -0300] "GET /cormun/servlet/hpexe_return? HTTP/1.1" 200 1009
200.111.191.210 - - [06/Jun/2017:11:38:16 -0300] "GET /cormun/servlet/trpermisosgoce HTTP/1.1" 200 17497
200.111.191.210 - - [06/Jun/2017:11:38:16 -0300] "GET /cormun/servlet/trpermisosgoce HTTP/1.1" 200 17474
200.111.191.210 - - [06/Jun/2017:11:38:18 -0300] "GET /cormun/servlet/apermisogoceprn?17521573,P,20170606113558,PU HTTP/1.1" 200 1685
200.112.4.111 - - [06/Jun/2017:11:38:21 -0300] "POST /cormun/servlet/hlogin?bd395d8098897abba953e463216518ed,gx-no-cache=1496759957040 HTTP/1.1" 200 90
200.112.4.111 - - [06/Jun/2017:11:38:21 -0300] "GET /cormun/servlet/hpexe_link HTTP/1.1" 200 960
200.112.4.111 - - [06/Jun/2017:11:38:21 -0300] "GET /cormun/servlet/trsolicitudot HTTP/1.1" 200 10984
200.112.4.111 - - [06/Jun/2017:11:38:22 -0300] "GET /cormun/servlet/trsolicitudot HTTP/1.1" 200 10983
200.86.184.230 - - [06/Jun/2017:11:38:26 -0300] "POST /cormun/servlet/prfichaempleado?0c80b859d75302ed70247a4bdbefe76f,,MD,,gxPopupLevel%3D0%3B,gx-no-cache=1496759962992 HTTP/1.1" 200 3394
200.112.4.111 - - [06/Jun/2017:11:38:29 -0300] "GET /cormun/servlet/trsolicitudot? HTTP/1.1" 200 10983
200.112.4.111 - - [06/Jun/2017:11:38:30 -0300] "GET /cormun/servlet/trsolicitudot? HTTP/1.1" 200 10983
200.112.4.111 - - [06/Jun/2017:11:38:34 -0300] "GET /cormun/servlet/solicitudot?INS,0,0, HTTP/1.1" 200 12835
200.112.4.111 - - [06/Jun/2017:11:38:34 -0300] "GET /cormun/static/gxcfg.js?201752522134570 HTTP/1.1" 304 -
200.112.4.111 - - [06/Jun/2017:11:38:34 -0300] "GET /cormun/servlet/solicitudot?INS,0,0, HTTP/1.1" 200 12840
200.86.184.230 - - [06/Jun/2017:11:38:38 -0300] "GET /cormun/servlet/prfichaempleado?,MD,,gxPopupLevel%3D0%3B HTTP/1.1" 200 8836
186.67.172.234 - - [06/Jun/2017:11:38:44 -0300] "GET /cormun/servlet/solicitudot?3a0e3279e2dfde572c750f0f2dbcec4b632b4b36d41838e1d9df9ecd47bd9c4cf4bebf1eda1f5c65250a34e9173ffb9d5f77d60302f5198122af6e1b3c0708f5f0daec08b2cb09547c8c1d657e91e8f447c93952a587295060ed15b34b5143839f366d9cbf38aee4b03a06c69c29a8c69e7906a53a70257a94031454be57a306e5dedcdb8e5e105379a85a6704b9ab5e893ac89bec9c0dfdec5a10806387f9dcf527235f6b0a43e93ef835c3a6a2a5dc40548b03b21acc7c293b337d6b41611338a86b6dc3d203b1bceaadea6f09f3cd1f039f2761fe530138d3dc555f5ac6f4ae18fbaf2d4a4e43e37b1ea44e749f3e8a44a522b4174ad9c1d9c73a3ab37d51dcd8d73255eb1a95df4d7429de4d4640861ad8766ca30cc03e393a2f9dcac31dc596dab2dd2529a4eebea15959300e8eeee1585b62319784e8cc97475aa9fc9b89c97ad2bbe8c78948462b269ed862d942e32b699d370172b83e214eac6113944a4ba380158c56153a36e49cc5d05de2500198938b15eaaae97340bdd3aa06a9,gx-no-cache=1496756360046 HTTP/1.1" 200 30
186.103.158.250 - - [06/Jun/2017:11:38:49 -0300] "GET /cormun/servlet/trsolicitudot? HTTP/1.1" 200 15410
186.103.158.250 - - [06/Jun/2017:11:38:49 -0300] "GET /cormun/static/gxui/gxui-all.css?110300 HTTP/1.1" 200 2179
186.103.158.250 - - [06/Jun/2017:11:38:49 -0300] "GET /cormun/static/calendar-system.css?75620 HTTP/1.1" 200 5572
186.103.158.250 - - [06/Jun/2017:11:38:49 -0300] "GET /cormun/static/gxcfg.js?20175251233261 HTTP/1.1" 200 953
186.103.158.250 - - [06/Jun/2017:11:38:49 -0300] "GET /cormun/static/calendar-es.js?85251 HTTP/1.1" 200 1901
186.103.158.250 - - [06/Jun/2017:11:38:49 -0300] "GET /cormun/static/calendar-setup.js?85251 HTTP/1.1" 200 2588
186.103.158.250 - - [06/Jun/2017:11:38:49 -0300] "GET /cormun/static/calendar.js?85251 HTTP/1.1" 200 26246
186.103.158.250 - - [06/Jun/2017:11:38:49 -0300] "GET /cormun/static/gxdec.js?85251 HTTP/1.1" 200 19579
200.86.184.230 - - [06/Jun/2017:11:38:51 -0300] "POST /cormun/servlet/prfichaempleado?0c80b859d75302ed70247a4bdbefe76f,,MD,,gxPopupLevel%3D0%3B,gx-no-cache=1496759987566 HTTP/1.1" 200 3396
186.103.158.250 - - [06/Jun/2017:11:38:51 -0300] "GET /cormun/static/Shared/ext/resources/css/ext-all.css?205870 HTTP/1.1" 200 416045
186.103.158.250 - - [06/Jun/2017:11:38:51 -0300] "GET /cormun/static/trsolicitudot.js?20175251234175 HTTP/1.1" 200 54041
186.103.158.250 - - [06/Jun/2017:11:38:52 -0300] "GET /cormun/static/Resources/PXTools/calendar.png HTTP/1.1" 200 1306
186.103.158.250 - - [06/Jun/2017:11:38:52 -0300] "GET /cormun/static/Resources/PXToolsDataSearch.png HTTP/1.1" 200 419
186.103.158.250 - - [06/Jun/2017:11:38:52 -0300] "GET /cormun/static/Resources/PXToolsGridFirstDisabled.gif HTTP/1.1" 200 100
186.103.158.250 - - [06/Jun/2017:11:38:52 -0300] "GET /cormun/static/Resources/PXToolsGridPreviousDisabled.gif HTTP/1.1" 200 90
186.103.158.250 - - [06/Jun/2017:11:38:53 -0300] "GET /cormun/static/Resources/PXToolsGridNextDisabled.gif HTTP/1.1" 200 90
186.103.158.250 - - [06/Jun/2017:11:38:53 -0300] "GET /cormun/static/Resources/PXToolsGridLastDisabled.gif HTTP/1.1" 200 98
186.103.158.250 - - [06/Jun/2017:11:38:53 -0300] "GET /cormun/static/Resources/PXToolsGridPage.gif HTTP/1.1" 200 725
186.103.158.250 - - [06/Jun/2017:11:38:53 -0300] "GET /cormun/static/Resources/PXToolsActionExcel.png HTTP/1.1" 200 3187
186.103.158.250 - - [06/Jun/2017:11:38:53 -0300] "GET /cormun/static/Resources/PXToolsGridNew.png HTTP/1.1" 200 2949
200.112.4.111 - - [06/Jun/2017:11:38:53 -0300] "POST /cormun/servlet/solicitudot?gx-no-cache=1496759988801 HTTP/1.1" 200 3100
200.112.4.111 - - [06/Jun/2017:11:38:53 -0300] "POST /cormun/servlet/solicitudot?bd395d8098897abba953e463216518ed,INS,0,0,,gx-no-cache=1496759989310 HTTP/1.1" 200 9920
186.103.158.250 - - [06/Jun/2017:11:38:55 -0300] "GET /cormun/static/Resources/asc.gif HTTP/1.1" 200 67
186.103.158.250 - - [06/Jun/2017:11:38:55 -0300] "GET /cormun/static/Resources/desc.gif HTTP/1.1" 200 65
186.103.158.250 - - [06/Jun/2017:11:38:55 -0300] "GET /cormun//static/Resources/PXToolsActionView.png HTTP/1.1" 200 2995
186.103.158.250 - - [06/Jun/2017:11:38:55 -0300] "GET /cormun//static/Resources/PXToolsGridDelete.png HTTP/1.1" 200 357
186.103.158.250 - - [06/Jun/2017:11:38:55 -0300] "GET /cormun//static/Resources/PXToolsGridUpdate.png HTTP/1.1" 200 2984
186.103.158.250 - - [06/Jun/2017:11:38:55 -0300] "GET /cormun//static/Resources/PXTools/ActionInsert.png HTTP/1.1" 200 1482
186.103.158.250 - - [06/Jun/2017:11:38:55 -0300] "GET /cormun/servlet/trsolicitudot? HTTP/1.1" 200 15408
186.103.158.250 - - [06/Jun/2017:11:38:55 -0300] "GET /cormun//static/Resources/PXToolsRemoveAllAction.png HTTP/1.1" 200 3558
186.103.158.250 - - [06/Jun/2017:11:38:55 -0300] "GET /cormun/static/Shared/ext/resources/themes/images/default/panel/bg-headersPanel.png HTTP/1.1" 200 255
186.103.158.250 - - [06/Jun/2017:11:38:55 -0300] "GET /cormun/static/Shared/ext/resources/themes/images/default/tools/tool-sprites.gif HTTP/1.1" 200 5434
200.86.184.230 - - [06/Jun/2017:11:38:56 -0300] "POST /cormun/servlet/solicitudot?gx-no-cache=1496759992922 HTTP/1.1" 200 3191
200.86.184.230 - - [06/Jun/2017:11:38:57 -0300] "POST /cormun/servlet/solicitudot?0c80b859d75302ed70247a4bdbefe76f,INS,0,0,,gx-no-cache=1496759993137 HTTP/1.1" 200 9825
200.112.4.111 - - [06/Jun/2017:11:38:57 -0300] "GET /cormun/servlet/solicitudot?a34b656acc42e5d69cfbfce638e981e5590b6701412f3c175a47a58d5291a7ab8ed34bec60c6d662501ad0b0b232e1dd,gx-no-cache=1496759993777 HTTP/1.1" 200 30
186.67.172.234 - - [06/Jun/2017:11:39:00 -0300] "POST /cormun/servlet/solicitudot?gx-no-cache=1496756376547 HTTP/1.1" 200 30
186.67.172.234 - - [06/Jun/2017:11:39:00 -0300] "POST /cormun/servlet/solicitudot?gx-no-cache=1496756376589 HTTP/1.1" 200 1299
186.67.172.234 - - [06/Jun/2017:11:39:00 -0300] "POST /cormun/servlet/solicitudot?gx-no-cache=1496756376638 HTTP/1.1" 200 38
186.67.172.234 - - [06/Jun/2017:11:39:00 -0300] "POST /cormun/servlet/solicitudot?gx-no-cache=1496756376669 HTTP/1.1" 200 1281
186.67.172.234 - - [06/Jun/2017:11:39:00 -0300] "GET /cormun/static/menuarrow.gif HTTP/1.1" 404 1015
186.67.172.234 - - [06/Jun/2017:11:39:03 -0300] "POST /cormun/servlet/solicitudot?gx-no-cache=1496756378953 HTTP/1.1" 200 30
186.67.172.234 - - [06/Jun/2017:11:39:03 -0300] "POST /cormun/servlet/solicitudot?gx-no-cache=1496756379007 HTTP/1.1" 200 1299
186.67.172.234 - - [06/Jun/2017:11:39:03 -0300] "POST /cormun/servlet/solicitudot?gx-no-cache=1496756379066 HTTP/1.1" 200 38
186.67.172.234 - - [06/Jun/2017:11:39:03 -0300] "POST /cormun/servlet/solicitudot?gx-no-cache=1496756379116 HTTP/1.1" 200 1281
186.67.172.234 - - [06/Jun/2017:11:39:07 -0300] "POST /cormun/servlet/solicitudot?gx-no-cache=1496756383677 HTTP/1.1" 200 30
200.86.184.230 - - [06/Jun/2017:11:39:14 -0300] "GET /cormun/servlet/solicitudot?931d193a02c37648d441d44beedf92ca1b54c1b0bf3d81aa5ea87f2e30636abbb62c29da347544345114439444d947f8,gx-no-cache=1496760010464 HTTP/1.1" 200 30
200.86.184.230 - - [06/Jun/2017:11:39:14 -0300] "POST /cormun/servlet/solicitudot?gx-no-cache=1496760010555 HTTP/1.1" 200 255
200.86.184.230 - - [06/Jun/2017:11:39:14 -0300] "GET /cormun/servlet/solicitudot?931d193a02c37648d441d44beedf92ca9efa3a2937c7cb682b0676bf8b5a5a22c8593f89e4ee475d48e51ad7c50c2f565fe89df6f700ee6aa70eac7db084e799b1f4eed3c713b838595f3b5cea16a65d1525029fdf40ba8b50745381d7fab5d40cfe14611840f80efc3498b8cdff1d8095ad0a5ae760610fed6c520b0915ab3c032513e246df8d376a70d03d29ed41558ce5a63849667eca84f59a5ebdd55e292eed7a39055b7db8376747165574842e2b0693f09f02b0751167b55fae9c59e6c7e8207085a207e2fbfcf548d8fd02c8cdcf57e5e25c967b6eb33f9160a371ce818efeed4e9620847b22009894a51c85a603366c5eff488fd70b168a128b474ea3a9dab7c24d220531a60ec11913b237cb9f6572a2aeee1bf4d2e5e3202a21797f8a997950c46680b3d72bb6228d1804c572941f54ea77965adb2613b767b35b963ef9981b98d3076f622a5dbed43a999e86d5b7388a86e98bfff2430736ca10a404e84981324f543c8e08f249f1e9a8971564f29f8e91789d8cfa4c50f87ecf,gx-no-cache=1496760010641 HTTP/1.1" 200 30
200.86.184.230 - - [06/Jun/2017:11:39:14 -0300] "POST /cormun/servlet/solicitudot?gx-no-cache=1496760010695 HTTP/1.1" 200 30
200.86.184.230 - - [06/Jun/2017:11:39:14 -0300] "POST /cormun/servlet/solicitudot?gx-no-cache=1496760010789 HTTP/1.1" 200 1302
200.86.184.230 - - [06/Jun/2017:11:39:14 -0300] "POST /cormun/servlet/solicitudot?gx-no-cache=1496760010926 HTTP/1.1" 200 38
200.112.7.114 - - [06/Jun/2017:11:39:17 -0300] "GET /cormun/servlet/hlogin HTTP/1.1" 200 1721
200.112.7.114 - - [06/Jun/2017:11:39:17 -0300] "GET /cormun/static/Resources/Spanish/PXTools.css?11423723 HTTP/1.1" 304 -
200.112.7.114 - - [06/Jun/2017:11:39:17 -0300] "GET /cormun/static/gxtimezone.js?85251 HTTP/1.1" 304 -
200.112.7.114 - - [06/Jun/2017:11:39:17 -0300] "GET /cormun/static/gxgral.js?85251 HTTP/1.1" 304 -
200.112.7.114 - - [06/Jun/2017:11:39:17 -0300] "GET /cormun/static/gxcfg.js?20175251213516 HTTP/1.1" 304 -
200.112.7.114 - - [06/Jun/2017:11:39:17 -0300] "GET /cormun/static/Resources/ComunLogin.png HTTP/1.1" 304 -
200.112.7.114 - - [06/Jun/2017:11:39:17 -0300] "GET /cormun/static/messages.spa.js?85251 HTTP/1.1" 304 -
200.112.7.114 - - [06/Jun/2017:11:39:17 -0300] "GET /cormun/static/hlogin.js?20175251213537 HTTP/1.1" 304 -
200.112.7.114 - - [06/Jun/2017:11:39:17 -0300] "GET /cormun/static/Resources/indicator.gif HTTP/1.1" 304 -
200.112.7.114 - - [06/Jun/2017:11:39:27 -0300] "POST /cormun/servlet/hlogin?81dbd448f8912cdca6989ae462d44613,gx-no-cache=1496760020671 HTTP/1.1" 200 90
200.112.7.114 - - [06/Jun/2017:11:39:27 -0300] "GET /cormun/servlet/hpexe_link HTTP/1.1" 200 950
200.86.184.230 - - [06/Jun/2017:11:39:27 -0300] "POST /cormun/servlet/solicitudot?gx-no-cache=1496760023885 HTTP/1.1" 200 30
200.112.7.114 - - [06/Jun/2017:11:39:27 -0300] "GET /cormun/servlet/hhome HTTP/1.1" 200 4030
200.86.184.230 - - [06/Jun/2017:11:39:34 -0300] "POST /cormun/servlet/solicitudot?gx-no-cache=1496760030531 HTTP/1.1" 200 1302
200.86.184.230 - - [06/Jun/2017:11:39:34 -0300] "POST /cormun/servlet/solicitudot?gx-no-cache=1496760030633 HTTP/1.1" 200 38
200.112.7.114 - - [06/Jun/2017:11:39:48 -0300] "GET /cormun/servlet/trsolicitudot? HTTP/1.1" 200 10410
200.112.7.114 - - [06/Jun/2017:11:39:48 -0300] "GET /cormun/static/gxcfg.js?20175251233261 HTTP/1.1" 304 -
186.67.172.234 - - [06/Jun/2017:11:39:52 -0300] "POST /cormun/servlet/solicitudot?1c2c8fda3d2701271a9f37cd66137245,INS,0,0,,gx-no-cache=1496756428070 HTTP/1.1" 200 93
186.67.172.234 - - [06/Jun/2017:11:39:52 -0300] "GET /cormun/servlet/hpexe_return? HTTP/1.1" 200 1004
186.67.172.234 - - [06/Jun/2017:11:39:52 -0300] "GET /cormun/servlet/trsolicitudot HTTP/1.1" 200 13057
186.67.172.234 - - [06/Jun/2017:11:39:53 -0300] "GET /cormun/servlet/trsolicitudot HTTP/1.1" 200 13053
186.67.172.234 - - [06/Jun/2017:11:39:59 -0300] "POST /cormun/servlet/trsolicitudot?1c2c8fda3d2701271a9f37cd66137245,gx-no-cache=1496756435675 HTTP/1.1" 200 106
186.67.172.234 - - [06/Jun/2017:11:39:59 -0300] "GET /cormun/servlet/trsolicitudadjuntos?2017,6741, HTTP/1.1" 200 6143
186.67.172.234 - - [06/Jun/2017:11:39:59 -0300] "GET /cormun/static/gxcfg.js?20175251232679 HTTP/1.1" 200 953
186.67.172.234 - - [06/Jun/2017:11:39:59 -0300] "GET /cormun/static/trsolicitudadjuntos.js?20175251233082 HTTP/1.1" 200 17922
186.67.172.234 - - [06/Jun/2017:11:40:00 -0300] "GET /cormun/servlet/trsolicitudadjuntos?2017,6741, HTTP/1.1" 200 6143
186.67.172.234 - - [06/Jun/2017:11:40:02 -0300] "GET /cormun/servlet/solicitudotadjuntos?INS,2017,6741,,2, HTTP/1.1" 200 6092
186.67.172.234 - - [06/Jun/2017:11:40:02 -0300] "GET /cormun/static/gxcfg.js?201752511522888 HTTP/1.1" 200 953
186.67.172.234 - - [06/Jun/2017:11:40:02 -0300] "GET /cormun/static/solicitudotadjuntos.js?20175251152299 HTTP/1.1" 200 11771
186.67.172.234 - - [06/Jun/2017:11:40:02 -0300] "GET /cormun/static/about:blank HTTP/1.1" 404 1011
186.67.172.234 - - [06/Jun/2017:11:40:02 -0300] "GET /cormun/servlet/solicitudotadjuntos?INS,2017,6741,,2, HTTP/1.1" 200 6085
186.67.172.234 - - [06/Jun/2017:11:40:03 -0300] "GET /cormun/servlet/solicitudotadjuntos?3a0e3279e2dfde572c750f0f2dbcec4b99fd2e9a4e7dcc34c74c25e994ef783ab4032aafdad770bc29f965f963092521,gx-no-cache=1496756439347 HTTP/1.1" 200 30
186.67.172.234 - - [06/Jun/2017:11:40:03 -0300] "POST /cormun/servlet/solicitudotadjuntos?1c2c8fda3d2701271a9f37cd66137245,INS,2017,6741,,2,,gx-no-cache=1496756439412 HTTP/1.1" 200 4003
186.67.172.234 - - [06/Jun/2017:11:40:13 -0300] "POST /cormun/servlet/solicitudotadjuntos?1c2c8fda3d2701271a9f37cd66137245,INS,2017,6741,,2,,gx-no-cache=1496756449819 HTTP/1.1" 200 93
186.67.172.234 - - [06/Jun/2017:11:40:13 -0300] "GET /cormun/servlet/hpexe_return? HTTP/1.1" 200 1022
186.67.172.234 - - [06/Jun/2017:11:40:14 -0300] "GET /cormun/servlet/trsolicitudadjuntos?2017,6741, HTTP/1.1" 200 6146
186.67.172.234 - - [06/Jun/2017:11:40:14 -0300] "GET /cormun/servlet/trsolicitudadjuntos?2017,6741, HTTP/1.1" 200 6143
186.67.172.234 - - [06/Jun/2017:11:40:16 -0300] "GET /cormun/servlet/solicitudotadjuntos?INS,2017,6741,,1, HTTP/1.1" 200 6094
186.67.172.234 - - [06/Jun/2017:11:40:17 -0300] "GET /cormun/static/about:blank HTTP/1.1" 404 1011
186.67.172.234 - - [06/Jun/2017:11:40:17 -0300] "GET /cormun/servlet/solicitudotadjuntos?INS,2017,6741,,1, HTTP/1.1" 200 6088
186.67.172.234 - - [06/Jun/2017:11:40:17 -0300] "GET /cormun/servlet/solicitudotadjuntos?3a0e3279e2dfde572c750f0f2dbcec4b99fd2e9a4e7dcc34c74c25e994ef783ab4032aafdad770bc29f965f963092521,gx-no-cache=1496756453489 HTTP/1.1" 200 30
186.67.172.234 - - [06/Jun/2017:11:40:17 -0300] "POST /cormun/servlet/solicitudotadjuntos?1c2c8fda3d2701271a9f37cd66137245,INS,2017,6741,,1,,gx-no-cache=1496756453530 HTTP/1.1" 200 3859
186.67.172.234 - - [06/Jun/2017:11:40:20 -0300] "POST /cormun/servlet/solicitudotadjuntos?gx-no-cache=1496756455983 HTTP/1.1" 200 26
186.103.158.250 - - [06/Jun/2017:11:40:25 -0300] "POST /cormun/servlet/trsolicitudot?adc0d2a78cb14c8340be269f4a293750,,gx-no-cache=1496760079256 HTTP/1.1" 200 12646
186.103.157.42 - - [06/Jun/2017:11:40:29 -0300] "GET /cormun/servlet/hlogin HTTP/1.1" 200 1717
186.103.157.42 - - [06/Jun/2017:11:40:29 -0300] "GET /cormun/static/gxcfg.js?20175251213516 HTTP/1.1" 200 953
186.103.157.42 - - [06/Jun/2017:11:40:29 -0300] "GET /cormun/static/Resources/Spanish/PXTools.css?11423723 HTTP/1.1" 200 89042
186.103.157.42 - - [06/Jun/2017:11:40:30 -0300] "GET /cormun/static/messages.spa.js?85251 HTTP/1.1" 200 30736
186.103.157.42 - - [06/Jun/2017:11:40:30 -0300] "GET /cormun/static/hlogin.js?20175251213537 HTTP/1.1" 200 2136
186.103.157.42 - - [06/Jun/2017:11:40:30 -0300] "GET /cormun/static/Resources/PXToolsLoginTop.png HTTP/1.1" 200 1337
186.103.157.42 - - [06/Jun/2017:11:40:30 -0300] "GET /cormun/servlet/hlogin HTTP/1.1" 200 1725
186.103.157.42 - - [06/Jun/2017:11:40:30 -0300] "GET /favicon.ico HTTP/1.1" 200 21630
186.103.157.42 - - [06/Jun/2017:11:40:31 -0300] "POST /cormun/servlet/hlogin?25284d34538067a492775dfcda4bac4c,gx-no-cache=1496760085596 HTTP/1.1" 200 90
186.103.157.42 - - [06/Jun/2017:11:40:31 -0300] "GET /cormun/servlet/hpexe_link HTTP/1.1" 200 943
186.103.157.42 - - [06/Jun/2017:11:40:31 -0300] "GET /cormun/static/gxcfg.js?20175251212395 HTTP/1.1" 200 953
186.103.157.42 - - [06/Jun/2017:11:40:31 -0300] "GET /cormun/static/hpexe_link.js?20175251212399 HTTP/1.1" 200 625
186.103.157.42 - - [06/Jun/2017:11:40:31 -0300] "GET /cormun/servlet/hhome HTTP/1.1" 200 4052
186.103.157.42 - - [06/Jun/2017:11:40:31 -0300] "GET /cormun/static/PXToolsJavascripts/pexe_cookies.js HTTP/1.1" 200 792
186.103.157.42 - - [06/Jun/2017:11:40:31 -0300] "GET /cormun/static/PXToolsJavascripts/pexe_menudivfix.js HTTP/1.1" 200 333
186.103.157.42 - - [06/Jun/2017:11:40:31 -0300] "GET /cormun/static/gxcfg.js?20175251212442 HTTP/1.1" 200 953
186.103.157.42 - - [06/Jun/2017:11:40:31 -0300] "GET /cormun/static/PXToolsJavascripts/pexe_oavdivfix.js HTTP/1.1" 200 639
186.103.157.42 - - [06/Jun/2017:11:40:31 -0300] "GET /cormun/static/PXToolsJavascripts/pexe_picture.js HTTP/1.1" 200 689
186.103.157.42 - - [06/Jun/2017:11:40:31 -0300] "GET /cormun/static/PXToolsJavascripts/pexe_tabdivfix.js HTTP/1.1" 200 876
186.103.157.42 - - [06/Jun/2017:11:40:31 -0300] "GET /cormun/static/PXToolsJavascripts/PXToolsJavascriptsRender.js HTTP/1.1" 200 367
186.103.157.42 - - [06/Jun/2017:11:40:32 -0300] "GET /cormun/static/RunJS/RunJS.js HTTP/1.1" 200 288
186.103.157.42 - - [06/Jun/2017:11:40:32 -0300] "GET /cormun/static/hhome.js?20175251212450 HTTP/1.1" 200 777
186.103.157.42 - - [06/Jun/2017:11:40:32 -0300] "GET /cormun/static/hwchdr01.js?201752511465785 HTTP/1.1" 200 1183
186.103.157.42 - - [06/Jun/2017:11:40:32 -0300] "GET /cormun/static/hpexe_recentlink.js?201610171694390 HTTP/1.1" 200 2144
186.103.157.42 - - [06/Jun/2017:11:40:32 -0300] "GET /cormun/static/hpexe_scripts.js?201752511465715 HTTP/1.1" 200 1544
186.103.157.42 - - [06/Jun/2017:11:40:32 -0300] "GET /cormun/static/hpexe_messagecontroller.js?201610171694323 HTTP/1.1" 200 870
186.103.157.42 - - [06/Jun/2017:11:40:32 -0300] "GET /cormun/static/hpexe_messagepopupcomponent.js?20161017169425 HTTP/1.1" 200 605
186.103.157.42 - - [06/Jun/2017:11:40:32 -0300] "GET /cormun/static/hpexe_messagegenexuscomponent.js?201752511465344 HTTP/1.1" 200 587
186.103.157.42 - - [06/Jun/2017:11:40:32 -0300] "GET /cormun/static/cmcontrolpreferences.js?201752511465670 HTTP/1.1" 200 1375
186.103.157.42 - - [06/Jun/2017:11:40:32 -0300] "GET /cormun/static/hmpwkw03.js?2017525121347 HTTP/1.1" 200 3965
186.103.157.42 - - [06/Jun/2017:11:40:32 -0300] "GET /cormun/static/Resources/logo4.png HTTP/1.1" 200 6582
186.103.157.42 - - [06/Jun/2017:11:40:33 -0300] "GET /cormun/static/Resources/PXToolsHeaderActionsLeft.png HTTP/1.1" 200 1118
186.103.157.42 - - [06/Jun/2017:11:40:33 -0300] "GET /cormun/static/Resources/PXToolsHeaderHome.png HTTP/1.1" 200 4147
186.103.157.42 - - [06/Jun/2017:11:40:33 -0300] "GET /cormun/static/Resources/PXToolsHeaderLogin.png HTTP/1.1" 200 4279
186.103.157.42 - - [06/Jun/2017:11:40:33 -0300] "GET /cormun/static/PXToolsJavascripts/pexe_oav.js HTTP/1.1" 200 645
186.103.157.42 - - [06/Jun/2017:11:40:33 -0300] "GET /cormun/static/Resources/PXToolsHeaderPreferences.png HTTP/1.1" 200 4189
186.103.157.42 - - [06/Jun/2017:11:40:33 -0300] "GET /cormun/static/Resources/PXToolsHeaderSecurity.png HTTP/1.1" 200 4166
186.103.157.42 - - [06/Jun/2017:11:40:33 -0300] "GET /cormun/static/Resources/PXToolsHeaderActionsRight.png HTTP/1.1" 200 1201
186.103.157.42 - - [06/Jun/2017:11:40:33 -0300] "GET /cormun/static/Resources/PXToolsFooterBackground2.png HTTP/1.1" 200 1172
186.103.157.42 - - [06/Jun/2017:11:40:33 -0300] "GET /cormun/static/Resources/PXToolsHeaderBackground2.png HTTP/1.1" 200 1174
186.103.157.42 - - [06/Jun/2017:11:40:33 -0300] "GET /cormun/static/Resources/PXToolsDataTitle.png HTTP/1.1" 200 1173
186.103.157.42 - - [06/Jun/2017:11:40:33 -0300] "GET /cormun/static/Resources/PXToolsHeaderActionsBackground.png HTTP/1.1" 200 484
186.103.157.42 - - [06/Jun/2017:11:40:33 -0300] "GET /cormun/static/SmoothNavMenu/resources/images/right.gif HTTP/1.1" 200 860
186.103.157.42 - - [06/Jun/2017:11:40:33 -0300] "GET /cormun/static/SmoothNavMenu/resources/images/down.gif HTTP/1.1" 200 854
186.103.157.42 - - [06/Jun/2017:11:40:33 -0300] "GET /cormun/servlet/hhome HTTP/1.1" 200 4049
186.103.158.250 - - [06/Jun/2017:11:40:33 -0300] "POST /cormun/servlet/trsolicitudot?adc0d2a78cb14c8340be269f4a293750,,gx-no-cache=1496760087558 HTTP/1.1" 200 12646
186.67.172.234 - - [06/Jun/2017:11:40:36 -0300] "GET /cormun/servlet/solicitudotadjuntos?3a0e3279e2dfde572c750f0f2dbcec4ba39253e4d952896b25316743f22e640a,gx-no-cache=1496756472730 HTTP/1.1" 200 30
186.67.172.234 - - [06/Jun/2017:11:40:36 -0300] "GET /cormun/servlet/solicitudotadjuntos?3a0e3279e2dfde572c750f0f2dbcec4ba39253e4d952896b25316743f22e640a,gx-no-cache=1496756472743 HTTP/1.1" 200 30
186.67.172.234 - - [06/Jun/2017:11:40:37 -0300] "POST /cormun/servlet/solicitudotadjuntos?1c2c8fda3d2701271a9f37cd66137245,INS,2017,6741,,1, HTTP/1.1" 200 116
186.67.172.234 - - [06/Jun/2017:11:40:37 -0300] "GET /cormun/servlet/hpexe_return? HTTP/1.1" 200 1022
186.67.172.234 - - [06/Jun/2017:11:40:37 -0300] "GET /cormun/servlet/trsolicitudadjuntos?2017,6741, HTTP/1.1" 200 8364
186.67.172.234 - - [06/Jun/2017:11:40:38 -0300] "GET /cormun/servlet/trsolicitudadjuntos?2017,6741, HTTP/1.1" 200 8360
186.103.157.42 - - [06/Jun/2017:11:40:39 -0300] "GET /cormun/servlet/trinasistenciaautorizar? HTTP/1.1" 200 6794
186.103.157.42 - - [06/Jun/2017:11:40:40 -0300] "GET /cormun/static/calendar-setup.js?85251 HTTP/1.1" 200 2588
186.103.157.42 - - [06/Jun/2017:11:40:40 -0300] "GET /cormun/static/calendar.js?85251 HTTP/1.1" 200 26246
186.103.157.42 - - [06/Jun/2017:11:40:40 -0300] "GET /cormun/static/calendar-es.js?85251 HTTP/1.1" 200 1901
186.103.157.42 - - [06/Jun/2017:11:40:40 -0300] "GET /cormun/static/gxcfg.js?20175251292073 HTTP/1.1" 200 953
186.103.157.42 - - [06/Jun/2017:11:40:40 -0300] "GET /cormun/static/gxdec.js?85251 HTTP/1.1" 200 19579
186.103.157.42 - - [06/Jun/2017:11:40:40 -0300] "GET /cormun/static/trinasistenciaautorizar.js?2017525129261 HTTP/1.1" 200 32528
186.67.172.234 - - [06/Jun/2017:11:40:41 -0300] "GET /cormun/servlet/solicitudotadjuntos?INS,2017,6741,,1, HTTP/1.1" 200 6094
186.103.157.42 - - [06/Jun/2017:11:40:41 -0300] "GET /cormun/servlet/trinasistenciaautorizar? HTTP/1.1" 200 6793
186.67.172.234 - - [06/Jun/2017:11:40:41 -0300] "GET /cormun/static/about:blank HTTP/1.1" 404 1011
186.67.172.234 - - [06/Jun/2017:11:40:41 -0300] "GET /cormun/servlet/solicitudotadjuntos?INS,2017,6741,,1, HTTP/1.1" 200 6088
186.67.172.234 - - [06/Jun/2017:11:40:41 -0300] "GET /cormun/servlet/solicitudotadjuntos?3a0e3279e2dfde572c750f0f2dbcec4b99fd2e9a4e7dcc34c74c25e994ef783ab4032aafdad770bc29f965f963092521,gx-no-cache=1496756477782 HTTP/1.1" 200 30
186.67.172.234 - - [06/Jun/2017:11:40:41 -0300] "POST /cormun/servlet/solicitudotadjuntos?1c2c8fda3d2701271a9f37cd66137245,INS,2017,6741,,1,,gx-no-cache=1496756477815 HTTP/1.1" 200 3859
186.103.157.42 - - [06/Jun/2017:11:40:45 -0300] "GET /cormun/static/menuarrow.gif HTTP/1.1" 404 1015
200.112.7.114 - - [06/Jun/2017:11:40:46 -0300] "POST /cormun/servlet/trsolicitudot?81dbd448f8912cdca6989ae462d44613,,gx-no-cache=1496760098791 HTTP/1.1" 200 4468
186.67.172.234 - - [06/Jun/2017:11:40:46 -0300] "POST /cormun/servlet/solicitudotadjuntos?gx-no-cache=1496756482323 HTTP/1.1" 200 26
186.103.157.42 - - [06/Jun/2017:11:40:47 -0300] "POST /cormun/servlet/trinasistenciaautorizar?25284d34538067a492775dfcda4bac4c,,gx-no-cache=1496760101825 HTTP/1.1" 200 5191
186.103.157.42 - - [06/Jun/2017:11:40:47 -0300] "GET /cormun//static/Resources/PXToolsActionDisabled.gif HTTP/1.1" 200 53
186.67.172.234 - - [06/Jun/2017:11:40:53 -0300] "GET /cormun/servlet/solicitudotadjuntos?3a0e3279e2dfde572c750f0f2dbcec4ba39253e4d952896b25316743f22e640a,gx-no-cache=1496756488954 HTTP/1.1" 200 30
186.67.172.234 - - [06/Jun/2017:11:40:53 -0300] "GET /cormun/servlet/solicitudotadjuntos?3a0e3279e2dfde572c750f0f2dbcec4ba39253e4d952896b25316743f22e640a,gx-no-cache=1496756489016 HTTP/1.1" 200 30
186.103.157.42 - - [06/Jun/2017:11:40:53 -0300] "GET /cormun/servlet/trpermisosingoceadjunto?137,13947965, HTTP/1.1" 200 6157
186.67.172.234 - - [06/Jun/2017:11:40:53 -0300] "POST /cormun/servlet/solicitudotadjuntos?1c2c8fda3d2701271a9f37cd66137245,INS,2017,6741,,1, HTTP/1.1" 200 116
186.67.172.234 - - [06/Jun/2017:11:40:53 -0300] "GET /cormun/servlet/hpexe_return? HTTP/1.1" 200 1022
186.103.157.42 - - [06/Jun/2017:11:40:53 -0300] "GET /cormun/static/gxcfg.js?201731711545381 HTTP/1.1" 200 953
186.67.172.234 - - [06/Jun/2017:11:40:53 -0300] "GET /cormun/servlet/trsolicitudadjuntos?2017,6741, HTTP/1.1" 200 8545
186.103.157.42 - - [06/Jun/2017:11:40:54 -0300] "GET /cormun/static/trpermisosingoceadjunto.js?201731711545669 HTTP/1.1" 200 16843
200.112.7.114 - - [06/Jun/2017:11:40:54 -0300] "GET /cormun/servlet/solicitudot?INS,0,0, HTTP/1.1" 200 12887
200.112.7.114 - - [06/Jun/2017:11:40:54 -0300] "GET /cormun/static/gxcfg.js?201752522134570 HTTP/1.1" 304 -
186.67.172.234 - - [06/Jun/2017:11:40:54 -0300] "GET /cormun/servlet/trsolicitudadjuntos?2017,6741, HTTP/1.1" 200 8543
186.67.172.234 - - [06/Jun/2017:11:40:56 -0300] "GET /cormun/servlet/solicitudotadjuntos?INS,2017,6741,,1, HTTP/1.1" 200 6094
186.67.172.234 - - [06/Jun/2017:11:40:56 -0300] "GET /cormun/static/about:blank HTTP/1.1" 404 1011
186.67.172.234 - - [06/Jun/2017:11:40:57 -0300] "GET /cormun/servlet/solicitudotadjuntos?INS,2017,6741,,1, HTTP/1.1" 200 6088
186.103.157.42 - - [06/Jun/2017:11:40:57 -0300] "GET /cormun/static/Resources/Spanish/PXTools.css?11294912 HTTP/1.1" 200 89042
186.67.172.234 - - [06/Jun/2017:11:40:57 -0300] "GET /cormun/servlet/solicitudotadjuntos?3a0e3279e2dfde572c750f0f2dbcec4b99fd2e9a4e7dcc34c74c25e994ef783ab4032aafdad770bc29f965f963092521,gx-no-cache=1496756493483 HTTP/1.1" 200 30
186.67.172.234 - - [06/Jun/2017:11:40:57 -0300] "POST /cormun/servlet/solicitudotadjuntos?1c2c8fda3d2701271a9f37cd66137245,INS,2017,6741,,1,,gx-no-cache=1496756493519 HTTP/1.1" 200 3859
186.103.157.42 - - [06/Jun/2017:11:40:57 -0300] "GET /cormun/servlet/trpermisosingoceadjunto?137,13947965, HTTP/1.1" 200 6157
186.103.157.42 - - [06/Jun/2017:11:40:59 -0300] "GET /cormun/servlet/permisosingoceadjunto?INS,137,, HTTP/1.1" 200 5462
186.103.157.42 - - [06/Jun/2017:11:40:59 -0300] "GET /cormun/static/permisosingoceadjunto.js?201752511552188 HTTP/1.1" 200 6883
186.103.157.42 - - [06/Jun/2017:11:41:00 -0300] "GET /cormun/static/gxcfg.js?201752511552178 HTTP/1.1" 200 953
186.103.157.42 - - [06/Jun/2017:11:41:00 -0300] "GET /cormun/static/about:blank HTTP/1.1" 404 1011
186.103.157.42 - - [06/Jun/2017:11:41:00 -0300] "GET /cormun/servlet/permisosingoceadjunto?INS,137,, HTTP/1.1" 200 5448
186.103.157.42 - - [06/Jun/2017:11:41:01 -0300] "GET /cormun/servlet/permisosingoceadjunto?9d378d30bd64af5aedcc9a4d112b20a538497e528a0adaf4383f6979056e52cf,gx-no-cache=1496760115390 HTTP/1.1" 200 26
186.67.172.234 - - [06/Jun/2017:11:41:01 -0300] "POST /cormun/servlet/solicitudotadjuntos?gx-no-cache=1496756497714 HTTP/1.1" 200 26
186.67.172.234 - - [06/Jun/2017:11:41:07 -0300] "POST /cormun/servlet/trcontratosolicitud?05e45764ed319804d47db83a38bd82e9,gx-no-cache=1496760121072 HTTP/1.1" 200 10996
186.67.172.234 - - [06/Jun/2017:11:41:09 -0300] "POST /cormun/servlet/trcontratosolicitud?05e45764ed319804d47db83a38bd82e9,gx-no-cache=1496760122477 HTTP/1.1" 200 11306
186.103.158.250 - - [06/Jun/2017:11:41:09 -0300] "POST /cormun/servlet/trsolicitudot?adc0d2a78cb14c8340be269f4a293750,,gx-no-cache=1496760122237 HTTP/1.1" 200 12646
186.67.172.234 - - [06/Jun/2017:11:41:11 -0300] "GET /cormun/servlet/solicitudotadjuntos?3a0e3279e2dfde572c750f0f2dbcec4ba39253e4d952896b25316743f22e640a,gx-no-cache=1496756506962 HTTP/1.1" 200 30
186.67.172.234 - - [06/Jun/2017:11:41:11 -0300] "GET /cormun/servlet/solicitudotadjuntos?3a0e3279e2dfde572c750f0f2dbcec4ba39253e4d952896b25316743f22e640a,gx-no-cache=1496756506976 HTTP/1.1" 200 30
186.67.172.234 - - [06/Jun/2017:11:41:11 -0300] "POST /cormun/servlet/solicitudotadjuntos?1c2c8fda3d2701271a9f37cd66137245,INS,2017,6741,,1, HTTP/1.1" 200 116
186.67.172.234 - - [06/Jun/2017:11:41:11 -0300] "GET /cormun/servlet/hpexe_return? HTTP/1.1" 200 1022
186.103.157.42 - - [06/Jun/2017:11:41:12 -0300] "POST /cormun/servlet/permisosingoceadjunto?25284d34538067a492775dfcda4bac4c,INS,137,, HTTP/1.1" 200 116
186.67.172.234 - - [06/Jun/2017:11:41:12 -0300] "GET /cormun/servlet/trsolicitudadjuntos?2017,6741, HTTP/1.1" 200 8701
186.103.157.42 - - [06/Jun/2017:11:41:12 -0300] "GET /cormun/servlet/hpexe_return? HTTP/1.1" 200 1020
186.103.157.42 - - [06/Jun/2017:11:41:12 -0300] "GET /cormun/static/gxcfg.js?2016101716175148 HTTP/1.1" 200 953
186.103.157.42 - - [06/Jun/2017:11:41:12 -0300] "GET /cormun/static/hpexe_return.js?2016101716175153 HTTP/1.1" 200 1633
186.103.157.42 - - [06/Jun/2017:11:41:12 -0300] "GET /cormun/static/Resources/Spanish/PXTools.css?167811 HTTP/1.1" 200 89042
186.67.172.234 - - [06/Jun/2017:11:41:12 -0300] "POST /cormun/servlet/trcontratosolicitud?05e45764ed319804d47db83a38bd82e9,gx-no-cache=1496760125764 HTTP/1.1" 200 10972
186.67.172.234 - - [06/Jun/2017:11:41:12 -0300] "GET /cormun/servlet/trsolicitudadjuntos?2017,6741, HTTP/1.1" 200 8699
186.103.157.42 - - [06/Jun/2017:11:41:12 -0300] "GET /cormun/servlet/trpermisosingoceadjunto?137,13947965, HTTP/1.1" 200 6538
186.103.157.42 - - [06/Jun/2017:11:41:13 -0300] "GET /cormun/servlet/trpermisosingoceadjunto?137,13947965, HTTP/1.1" 200 6535
186.67.172.234 - - [06/Jun/2017:11:41:15 -0300] "GET /cormun/servlet/solicitudotadjuntos?INS,2017,6741,,1, HTTP/1.1" 200 6091
186.67.172.234 - - [06/Jun/2017:11:41:15 -0300] "GET /cormun/static/about:blank HTTP/1.1" 404 1011
186.67.172.234 - - [06/Jun/2017:11:41:15 -0300] "GET /cormun/servlet/solicitudotadjuntos?INS,2017,6741,,1, HTTP/1.1" 200 6085
186.67.172.234 - - [06/Jun/2017:11:41:15 -0300] "POST /cormun/servlet/trcontratosolicitud?05e45764ed319804d47db83a38bd82e9,gx-no-cache=1496760128948 HTTP/1.1" 200 11127
186.67.172.234 - - [06/Jun/2017:11:41:16 -0300] "GET /cormun/servlet/solicitudotadjuntos?3a0e3279e2dfde572c750f0f2dbcec4b99fd2e9a4e7dcc34c74c25e994ef783ab4032aafdad770bc29f965f963092521,gx-no-cache=1496756511980 HTTP/1.1" 200 30
186.67.172.234 - - [06/Jun/2017:11:41:16 -0300] "POST /cormun/servlet/solicitudotadjuntos?1c2c8fda3d2701271a9f37cd66137245,INS,2017,6741,,1,,gx-no-cache=1496756512017 HTTP/1.1" 200 3858
186.67.172.234 - - [06/Jun/2017:11:41:20 -0300] "POST /cormun/servlet/solicitudotadjuntos?gx-no-cache=1496756516153 HTTP/1.1" 200 26
186.103.157.42 - - [06/Jun/2017:11:41:20 -0300] "POST /cormun/servlet/trpermisosingoceadjunto?25284d34538067a492775dfcda4bac4c,137,13947965,,gx-no-cache=1496760134940 HTTP/1.1" 200 90
186.103.157.42 - - [06/Jun/2017:11:41:20 -0300] "GET /cormun/servlet/hpexe_link HTTP/1.1" 200 982
186.103.157.42 - - [06/Jun/2017:11:41:21 -0300] "GET /cormun/servlet/trinasistenciaautorizar? HTTP/1.1" 200 7951
186.103.157.42 - - [06/Jun/2017:11:41:21 -0300] "GET /cormun/servlet/trinasistenciaautorizar? HTTP/1.1" 200 7950
186.67.172.234 - - [06/Jun/2017:11:41:25 -0300] "GET /cormun/servlet/solicitudotadjuntos?3a0e3279e2dfde572c750f0f2dbcec4ba39253e4d952896b25316743f22e640a,gx-no-cache=1496756521690 HTTP/1.1" 200 30
186.67.172.234 - - [06/Jun/2017:11:41:25 -0300] "GET /cormun/servlet/solicitudotadjuntos?3a0e3279e2dfde572c750f0f2dbcec4ba39253e4d952896b25316743f22e640a,gx-no-cache=1496756521705 HTTP/1.1" 200 30
186.103.157.42 - - [06/Jun/2017:11:41:26 -0300] "POST /cormun/servlet/trinasistenciaautorizar?25284d34538067a492775dfcda4bac4c,,gx-no-cache=1496760141001 HTTP/1.1" 200 5215
186.67.172.234 - - [06/Jun/2017:11:41:26 -0300] "POST /cormun/servlet/solicitudotadjuntos?1c2c8fda3d2701271a9f37cd66137245,INS,2017,6741,,1, HTTP/1.1" 200 116
186.67.172.234 - - [06/Jun/2017:11:41:27 -0300] "GET /cormun/servlet/hpexe_return? HTTP/1.1" 200 1022
186.103.157.42 - - [06/Jun/2017:11:41:27 -0300] "GET /cormun/static/Shared/jqueryui/images/ui-bg_highlight-soft_100_c6c2c8_1x100.png HTTP/1.1" 404 1117
186.103.157.42 - - [06/Jun/2017:11:41:27 -0300] "GET /cormun/static/Shared/jqueryui/images/ui-icons_82798d_256x240.png HTTP/1.1" 404 1089
186.103.157.42 - - [06/Jun/2017:11:41:27 -0300] "GET /cormun/static/Shared/jqueryui/images/ui-bg_flat_55_fafafa_40x100.png HTTP/1.1" 404 1097
186.103.157.42 - - [06/Jun/2017:11:41:27 -0300] "GET /cormun/static/Shared/jqueryui/images/ui-icons_8d78a5_256x240.png HTTP/1.1" 404 1089
186.67.172.234 - - [06/Jun/2017:11:41:27 -0300] "GET /cormun/servlet/trsolicitudadjuntos?2017,6741, HTTP/1.1" 200 8851
186.67.172.234 - - [06/Jun/2017:11:41:27 -0300] "GET /cormun/servlet/trsolicitudadjuntos?2017,6741, HTTP/1.1" 200 8851
186.67.172.234 - - [06/Jun/2017:11:41:29 -0300] "GET /cormun/servlet/solicitudotadjuntos?INS,2017,6741,,1, HTTP/1.1" 200 6091
186.67.172.234 - - [06/Jun/2017:11:41:30 -0300] "GET /cormun/static/about:blank HTTP/1.1" 404 1011
186.67.172.234 - - [06/Jun/2017:11:41:30 -0300] "GET /cormun/servlet/solicitudotadjuntos?INS,2017,6741,,1, HTTP/1.1" 200 6085
186.67.172.234 - - [06/Jun/2017:11:41:30 -0300] "GET /cormun/servlet/solicitudotadjuntos?3a0e3279e2dfde572c750f0f2dbcec4b99fd2e9a4e7dcc34c74c25e994ef783ab4032aafdad770bc29f965f963092521,gx-no-cache=1496756526675 HTTP/1.1" 200 30
186.67.172.234 - - [06/Jun/2017:11:41:30 -0300] "POST /cormun/servlet/solicitudotadjuntos?1c2c8fda3d2701271a9f37cd66137245,INS,2017,6741,,1,,gx-no-cache=1496756526769 HTTP/1.1" 200 3858
186.103.157.42 - - [06/Jun/2017:11:41:31 -0300] "GET /cormun/servlet/trpermisosingoceadjunto?137,13947965, HTTP/1.1" 200 6535
186.103.157.42 - - [06/Jun/2017:11:41:32 -0300] "GET /cormun/servlet/trpermisosingoceadjunto?137,13947965, HTTP/1.1" 200 6534
186.67.172.234 - - [06/Jun/2017:11:41:34 -0300] "POST /cormun/servlet/solicitudotadjuntos?gx-no-cache=1496756530842 HTTP/1.1" 200 26
186.103.157.42 - - [06/Jun/2017:11:41:36 -0300] "POST /cormun/servlet/trpermisosingoceadjunto?25284d34538067a492775dfcda4bac4c,137,13947965,,gx-no-cache=1496760151158 HTTP/1.1" 200 90
186.103.157.42 - - [06/Jun/2017:11:41:36 -0300] "GET /cormun/servlet/hpexe_link HTTP/1.1" 200 982
186.103.157.42 - - [06/Jun/2017:11:41:37 -0300] "GET /cormun/servlet/trinasistenciaautorizar? HTTP/1.1" 200 7951
186.103.157.42 - - [06/Jun/2017:11:41:37 -0300] "GET /cormun/servlet/trinasistenciaautorizar? HTTP/1.1" 200 7950
186.103.158.250 - - [06/Jun/2017:11:41:37 -0300] "POST /cormun/servlet/trsolicitudot?adc0d2a78cb14c8340be269f4a293750,,gx-no-cache=1496760151464 HTTP/1.1" 200 12646
200.86.184.230 - - [06/Jun/2017:11:41:40 -0300] "GET /cormun/servlet/solicitudot?931d193a02c37648d441d44beedf92ca0f0a62360739c9b09fc51695715af424984bce714cf2fe925bb6656778f46e00ece78e7337b9515b4276bb0014377cbb65f628589f993d1f59271d19643ba81b8a05121705000cf1e29629f9c97b96c0a62017085c2963436de99dfe6887dd5b0083ce31bbac9081751c4c8b50589318cdb83071f6f3c6c81deba5387088b9107c21d700f07fe11c35a5f1113c220644,gx-no-cache=1496760156712 HTTP/1.1" 200 29
200.86.184.230 - - [06/Jun/2017:11:41:41 -0300] "POST /cormun/servlet/solicitudot?gx-no-cache=1496760157180 HTTP/1.1" 200 1281
200.86.184.230 - - [06/Jun/2017:11:41:41 -0300] "GET /cormun/static/menuarrow.gif HTTP/1.1" 404 1015
186.67.172.234 - - [06/Jun/2017:11:41:41 -0300] "GET /cormun/servlet/solicitudotadjuntos?3a0e3279e2dfde572c750f0f2dbcec4ba39253e4d952896b25316743f22e640a,gx-no-cache=1496756537778 HTTP/1.1" 200 30
186.67.172.234 - - [06/Jun/2017:11:41:41 -0300] "GET /cormun/servlet/solicitudotadjuntos?3a0e3279e2dfde572c750f0f2dbcec4ba39253e4d952896b25316743f22e640a,gx-no-cache=1496756537803 HTTP/1.1" 200 30
186.103.157.42 - - [06/Jun/2017:11:41:43 -0300] "GET /cormun/servlet/trpermisosingocelog?137,13947965, HTTP/1.1" 200 6055
186.103.157.42 - - [06/Jun/2017:11:41:43 -0300] "GET /cormun/static/gxcfg.js?20175251274854 HTTP/1.1" 200 953
186.103.157.42 - - [06/Jun/2017:11:41:43 -0300] "GET /cormun/static/trpermisosingocelog.js?20175251275151 HTTP/1.1" 200 16696
186.67.172.234 - - [06/Jun/2017:11:41:43 -0300] "POST /cormun/servlet/solicitudotadjuntos?1c2c8fda3d2701271a9f37cd66137245,INS,2017,6741,,1, HTTP/1.1" 200 116
186.67.172.234 - - [06/Jun/2017:11:41:43 -0300] "GET /cormun/servlet/hpexe_return? HTTP/1.1" 200 1022
186.67.172.234 - - [06/Jun/2017:11:41:44 -0300] "GET /cormun/servlet/trsolicitudadjuntos?2017,6741, HTTP/1.1" 200 9056
186.103.157.42 - - [06/Jun/2017:11:41:44 -0300] "GET /cormun/servlet/trpermisosingocelog?137,13947965, HTTP/1.1" 200 6055
186.67.172.234 - - [06/Jun/2017:11:41:44 -0300] "GET /cormun/servlet/trsolicitudadjuntos?2017,6741, HTTP/1.1" 200 9055
186.103.157.42 - - [06/Jun/2017:11:41:45 -0300] "POST /cormun/servlet/acontrolpreferencessavestate?None,RPEREZ,true HTTP/1.1" 200 35
186.67.172.234 - - [06/Jun/2017:11:41:47 -0300] "GET /cormun/servlet/solicitudotadjuntos?INS,2017,6741,,1, HTTP/1.1" 200 6091
186.103.157.42 - - [06/Jun/2017:11:41:48 -0300] "POST /cormun/servlet/trpermisosingocelog?25284d34538067a492775dfcda4bac4c,137,13947965,,gx-no-cache=1496760162965 HTTP/1.1" 200 90
186.103.157.42 - - [06/Jun/2017:11:41:48 -0300] "GET /cormun/servlet/hpexe_link HTTP/1.1" 200 978
186.103.157.42 - - [06/Jun/2017:11:41:48 -0300] "GET /cormun/servlet/trinasistenciaautorizar HTTP/1.1" 200 7956
186.103.157.42 - - [06/Jun/2017:11:41:49 -0300] "GET /cormun/servlet/trinasistenciaautorizar HTTP/1.1" 200 7955
186.67.172.234 - - [06/Jun/2017:11:41:51 -0300] "GET /cormun/static/about:blank HTTP/1.1" 404 1011
186.67.172.234 - - [06/Jun/2017:11:41:51 -0300] "GET /cormun/servlet/solicitudotadjuntos?INS,2017,6741,,1, HTTP/1.1" 200 6085
186.67.172.234 - - [06/Jun/2017:11:41:52 -0300] "GET /cormun/servlet/solicitudotadjuntos?3a0e3279e2dfde572c750f0f2dbcec4b99fd2e9a4e7dcc34c74c25e994ef783ab4032aafdad770bc29f965f963092521,gx-no-cache=1496756548144 HTTP/1.1" 200 30
186.67.172.234 - - [06/Jun/2017:11:41:52 -0300] "POST /cormun/servlet/solicitudotadjuntos?1c2c8fda3d2701271a9f37cd66137245,INS,2017,6741,,1,,gx-no-cache=1496756548183 HTTP/1.1" 200 3858
186.103.158.250 - - [06/Jun/2017:11:41:54 -0300] "POST /cormun/servlet/trsolicitudot?adc0d2a78cb14c8340be269f4a293750,,gx-no-cache=1496760168450 HTTP/1.1" 200 12646
186.67.172.234 - - [06/Jun/2017:11:41:56 -0300] "POST /cormun/servlet/solicitudotadjuntos?gx-no-cache=1496756552793 HTTP/1.1" 200 26
