186.103.248.213 - - [06/Jun/2017:14:40:36 -0300] "GET /cormun/servlet/hhome HTTP/1.1" 200 4004
186.103.248.213 - - [06/Jun/2017:14:40:36 -0300] "GET /cormun/static/gxcfg.js?20175251212442 HTTP/1.1" 304 -
186.103.248.213 - - [06/Jun/2017:14:40:36 -0300] "GET /cormun/static/hhome.js?20175251212450 HTTP/1.1" 304 -
186.103.248.213 - - [06/Jun/2017:14:40:36 -0300] "GET /cormun/static/hpexe_recentlink.js?201610171694390 HTTP/1.1" 304 -
186.103.248.213 - - [06/Jun/2017:14:40:36 -0300] "GET /cormun/static/hpexe_scripts.js?201752511465715 HTTP/1.1" 304 -
186.103.248.213 - - [06/Jun/2017:14:40:36 -0300] "GET /cormun/static/hwchdr01.js?201752511465785 HTTP/1.1" 304 -
186.103.248.213 - - [06/Jun/2017:14:40:36 -0300] "GET /cormun/static/hpexe_messagecontroller.js?201610171694323 HTTP/1.1" 304 -
186.103.248.213 - - [06/Jun/2017:14:40:36 -0300] "GET /cormun/static/hpexe_messagepopupcomponent.js?20161017169425 HTTP/1.1" 304 -
186.103.248.213 - - [06/Jun/2017:14:40:36 -0300] "GET /cormun/static/hpexe_messagegenexuscomponent.js?201752511465344 HTTP/1.1" 304 -
186.103.248.213 - - [06/Jun/2017:14:40:36 -0300] "GET /cormun/static/hmpwkw03.js?2017525121347 HTTP/1.1" 304 -
186.103.248.213 - - [06/Jun/2017:14:40:36 -0300] "GET /cormun/static/cmcontrolpreferences.js?201752511465670 HTTP/1.1" 304 -
186.103.248.213 - - [06/Jun/2017:14:40:37 -0300] "GET /cormun/servlet/hhome HTTP/1.1" 200 4000
192.168.10.96 - - [06/Jun/2017:14:40:38 -0300] "GET /cormun/servlet/prlicenciaspermisos?9076382,L,,MD,,gxPopupLevel%3D0%3B HTTP/1.1" 200 6721
186.103.248.213 - - [06/Jun/2017:14:40:41 -0300] "GET /cormun/servlet/trlicencias? HTTP/1.1" 200 10242
186.103.248.213 - - [06/Jun/2017:14:40:41 -0300] "GET /cormun/static/gxcfg.js?20175222047249 HTTP/1.1" 304 -
186.103.248.213 - - [06/Jun/2017:14:40:41 -0300] "GET /cormun/static/calendar.js?85251 HTTP/1.1" 200 26246
186.103.248.213 - - [06/Jun/2017:14:40:41 -0300] "GET /cormun/static/calendar-setup.js?85251 HTTP/1.1" 200 2588
186.103.248.213 - - [06/Jun/2017:14:40:41 -0300] "GET /cormun/static/calendar-es.js?85251 HTTP/1.1" 200 1901
186.103.248.213 - - [06/Jun/2017:14:40:41 -0300] "GET /cormun/static/gxdec.js?85251 HTTP/1.1" 200 19579
186.103.248.213 - - [06/Jun/2017:14:40:42 -0300] "GET /cormun/static/trlicencias.js?201752220473085 HTTP/1.1" 304 -
186.103.248.213 - - [06/Jun/2017:14:40:42 -0300] "GET /cormun/servlet/trlicencias? HTTP/1.1" 200 10239
186.103.248.213 - - [06/Jun/2017:14:40:48 -0300] "POST /cormun/servlet/trlicencias?ab9c545e6a3c33979531b1536cd91030,,gx-no-cache=1496770902949 HTTP/1.1" 200 7753
186.103.248.213 - - [06/Jun/2017:14:40:48 -0300] "GET /cormun/static/Shared/jqueryui/images/ui-icons_82798d_256x240.png HTTP/1.1" 404 1089
186.103.248.213 - - [06/Jun/2017:14:40:48 -0300] "GET /cormun/static/Shared/jqueryui/images/ui-bg_highlight-soft_100_c6c2c8_1x100.png HTTP/1.1" 404 1117
186.103.248.213 - - [06/Jun/2017:14:40:48 -0300] "GET /cormun/static/Shared/jqueryui/images/ui-bg_flat_55_fafafa_40x100.png HTTP/1.1" 404 1097
186.103.248.213 - - [06/Jun/2017:14:40:48 -0300] "GET /cormun/static/Shared/jqueryui/images/ui-icons_8d78a5_256x240.png HTTP/1.1" 404 1089
200.86.95.220 - - [06/Jun/2017:14:40:48 -0300] "GET /cormun/servlet/licenciaspermisos?1671df36971da907acbaff28b6a04e062d775da890c42408426dc14e7c7209e60f69d651a2459cdd744c138b1522ec96000a027a7ca9172178e6d55760dcb3e4924b02ba2ba443ee1f00c93d4878ca70c4cfe77af9b431e2dbff5ac6eb849456c481caf003db9ad37c6e98d5bc10359961b316afaa6771e156156922633dcd0ff84bba229bb7b6034611e8b1d01340b41be0cd2421c702dd0616e912da22ebab4c9840360d70527a94bf1bd6cfbb41f96c9267699522d0b9baa5cc3f14c62e21fd20e80dc744d51b8c370d7abffe6cd3134c1f2f42f80d5e2e075f57b170bb6f,gx-no-cache=1496770904638 HTTP/1.1" 200 30
200.86.95.220 - - [06/Jun/2017:14:40:48 -0300] "GET /cormun/servlet/licenciaspermisos?1671df36971da907acbaff28b6a04e06013ec98d75bbb7108dba4c3a498e99ecae6e102083bb3dbb75e35fc129dce7be545a2bb5644f2ade46c3558abfe79adf20f97db84057ef0b469a8c2b6da768ad1c96607a5e10808bcccbd1ffdc33d28fd412d5b7963ccfc439731af9f32c1ef283eaf41c6de669016848d739fc3804de5bc8efa9a1638723e6ab11a532a23baaf7787401328bef2d88805bf2ce31f3fa3b8658cbef5daefd5d0487b14f3b0b25cd89adf09a6e178467e2a2ea1e5e5ba69ef2d291b64b9c6523e9f91ec96465560f768ba289eb505fee18e25fbc7bbf2d,gx-no-cache=1496770904863 HTTP/1.1" 200 29
192.168.10.96 - - [06/Jun/2017:14:40:49 -0300] "POST /cormun/servlet/solicitudot?gx-no-cache=1496770849005 HTTP/1.1" 200 41
192.168.10.96 - - [06/Jun/2017:14:40:49 -0300] "POST /cormun/servlet/solicitudot?gx-no-cache=1496770849072 HTTP/1.1" 200 1281
200.86.95.220 - - [06/Jun/2017:14:40:49 -0300] "POST /cormun/servlet/licenciaspermisos?61e23b1ef5058ac1069c99db5d7ba85e,INS,0,,,,gx-no-cache=1496770904944 HTTP/1.1" 200 93
200.86.95.220 - - [06/Jun/2017:14:40:49 -0300] "GET /cormun/servlet/hpexe_return? HTTP/1.1" 200 1012
200.86.95.220 - - [06/Jun/2017:14:40:50 -0300] "GET /cormun/servlet/trlicencias HTTP/1.1" 200 11948
200.86.95.220 - - [06/Jun/2017:14:40:51 -0300] "GET /cormun/servlet/trlicencias HTTP/1.1" 200 11943
200.86.95.220 - - [06/Jun/2017:14:40:57 -0300] "GET /cormun/servlet/trlicenciaspermisosadjuntos?19592894,20170606000000,L, HTTP/1.1" 200 6126
200.86.95.220 - - [06/Jun/2017:14:40:58 -0300] "GET /cormun/servlet/trlicenciaspermisosadjuntos?19592894,20170606000000,L, HTTP/1.1" 200 6126
192.168.10.96 - - [06/Jun/2017:14:41:00 -0300] "POST /cormun/servlet/solicitudot?gx-no-cache=1496770860205 HTTP/1.1" 200 30
192.168.10.96 - - [06/Jun/2017:14:41:00 -0300] "POST /cormun/servlet/solicitudot?gx-no-cache=1496770860267 HTTP/1.1" 200 1301
192.168.10.96 - - [06/Jun/2017:14:41:00 -0300] "POST /cormun/servlet/solicitudot?gx-no-cache=1496770860375 HTTP/1.1" 200 41
192.168.10.96 - - [06/Jun/2017:14:41:00 -0300] "POST /cormun/servlet/solicitudot?gx-no-cache=1496770860398 HTTP/1.1" 200 1281
200.86.95.220 - - [06/Jun/2017:14:41:01 -0300] "GET /cormun/servlet/licenciaspermisosadjuntos?INS,19592894,L,20170606000000,, HTTP/1.1" 200 5423
200.86.95.220 - - [06/Jun/2017:14:41:01 -0300] "GET /cormun/static/about:blank HTTP/1.1" 404 1011
200.86.95.220 - - [06/Jun/2017:14:41:02 -0300] "GET /cormun/servlet/licenciaspermisosadjuntos?INS,19592894,L,20170606000000,, HTTP/1.1" 200 5412
186.103.248.213 - - [06/Jun/2017:14:41:08 -0300] "GET /cormun/servlet/licenciaspermisos?INS,0,,, HTTP/1.1" 200 7446
186.103.248.213 - - [06/Jun/2017:14:41:08 -0300] "GET /cormun/static/gxcfg.js?201752220471843 HTTP/1.1" 304 -
186.103.248.213 - - [06/Jun/2017:14:41:08 -0300] "GET /cormun/static/licenciaspermisos.js?201752220471934 HTTP/1.1" 304 -
186.103.248.213 - - [06/Jun/2017:14:41:09 -0300] "GET /cormun/servlet/licenciaspermisos?INS,0,,, HTTP/1.1" 200 7444
200.86.95.220 - - [06/Jun/2017:14:41:13 -0300] "POST /cormun/servlet/licenciaspermisosadjuntos?61e23b1ef5058ac1069c99db5d7ba85e,INS,19592894,L,20170606000000,, HTTP/1.1" 200 116
200.86.95.220 - - [06/Jun/2017:14:41:14 -0300] "GET /cormun/servlet/hpexe_return? HTTP/1.1" 200 1042
200.86.95.220 - - [06/Jun/2017:14:41:14 -0300] "GET /cormun/servlet/trlicenciaspermisosadjuntos?19592894,20170606000000,L, HTTP/1.1" 200 6591
200.86.95.220 - - [06/Jun/2017:14:41:15 -0300] "GET /cormun/servlet/trlicenciaspermisosadjuntos?19592894,20170606000000,L, HTTP/1.1" 200 6589
200.86.95.220 - - [06/Jun/2017:14:41:17 -0300] "POST /cormun/servlet/trlicenciaspermisosadjuntos?61e23b1ef5058ac1069c99db5d7ba85e,19592894,20170606000000,L,,gx-no-cache=1496770933583 HTTP/1.1" 200 90
200.86.95.220 - - [06/Jun/2017:14:41:17 -0300] "GET /cormun/servlet/hpexe_link HTTP/1.1" 200 982
200.86.95.220 - - [06/Jun/2017:14:41:18 -0300] "GET /cormun/servlet/trlicencias HTTP/1.1" 200 11945
200.86.95.220 - - [06/Jun/2017:14:41:19 -0300] "GET /cormun/servlet/trlicencias HTTP/1.1" 200 11943
200.86.95.220 - - [06/Jun/2017:14:41:24 -0300] "GET /cormun/servlet/alicenciaprn?19592894,L,20170606000000,PU HTTP/1.1" 200 1541
186.103.248.213 - - [06/Jun/2017:14:41:35 -0300] "GET /cormun/servlet/licenciaspermisos?b1f946d8b5b9cd047b8412349722cabdca1d55d262578850a34efa8d7148450b2fcefc895c0907a32302eef3c5353d14,gx-no-cache=1496770950942 HTTP/1.1" 200 96
186.103.248.213 - - [06/Jun/2017:14:41:36 -0300] "POST /cormun/servlet/licenciaspermisos?ab9c545e6a3c33979531b1536cd91030,INS,0,,,,gx-no-cache=1496770951427 HTTP/1.1" 200 4719
186.103.159.182 - - [06/Jun/2017:14:42:11 -0300] "POST /cormun/servlet/hlogin?712818b576293e60b6af5c6fb1630d26,gx-no-cache=1496770985929 HTTP/1.1" 200 90
186.103.159.182 - - [06/Jun/2017:14:42:11 -0300] "GET /cormun/servlet/hpexe_link HTTP/1.1" 200 959
186.103.159.182 - - [06/Jun/2017:14:42:12 -0300] "GET /cormun/servlet/trlicencias HTTP/1.1" 200 16229
186.103.159.182 - - [06/Jun/2017:14:42:14 -0300] "GET /cormun/servlet/trlicencias HTTP/1.1" 200 16227
186.103.157.246 - - [06/Jun/2017:14:42:23 -0300] "GET /cormun/servlet/licenciaspermisos?013f313caa0de095fb036c4541fb45bb60329bff77f4e287bfb95d31dc1a941c3f3336a9c7df30ffe4bf0c2bcf90d2b424a8d69fcd1aeb2477698642c66c9b952a5a93a873ff97bf91ec7575f13351fb0ef397279fd2eec49b8fcf1ff8e51ed3bae171151dc47a3d88d32235164df43726782b3f89d7c4e2fc045fb06d3a4661c76f9307aab4066037e20cc4b766d1914ffbf66c6a4f193a2bc5b70bf942d3498bc9e6ae570462b8fb8579dd17970930,gx-no-cache=1496770997556 HTTP/1.1" 200 30
186.103.157.246 - - [06/Jun/2017:14:42:23 -0300] "GET /cormun/servlet/licenciaspermisos?013f313caa0de095fb036c4541fb45bb82b7975fd1ceeed4b84c3869e82d7d1cae0b369844a446fee8e672f8900dbdcc5fa6e47800b3d5c54e893aff3a2c45ecb2d978b71c942d78163c2979e788fee8bca7430782c21f628490492f7746d8fd9fe230973b9eef806316982644f9e03f151b637a902477782b9c976ceb7e6cb5b462d3be3d94e76dcef0633190be10552829b6a136d592f2a6b6ec1cce99e98ef7171508e43f696f86201f2688d1fa04,gx-no-cache=1496770997805 HTTP/1.1" 200 29
186.103.157.246 - - [06/Jun/2017:14:42:23 -0300] "POST /cormun/servlet/licenciaspermisos?53a2cadc8e84882e23a8d0a32e1e4342,INS,0,,,,gx-no-cache=1496770997952 HTTP/1.1" 200 93
186.103.157.246 - - [06/Jun/2017:14:42:24 -0300] "GET /cormun/servlet/hpexe_return? HTTP/1.1" 200 1014
186.103.157.246 - - [06/Jun/2017:14:42:24 -0300] "GET /cormun/static/Resources/Spanish/PXTools.css?167811 HTTP/1.1" 304 -
186.103.157.246 - - [06/Jun/2017:14:42:24 -0300] "GET /cormun/static/gxcfg.js?2016101716175148 HTTP/1.1" 200 953
186.103.157.246 - - [06/Jun/2017:14:42:24 -0300] "GET /cormun/static/hpexe_return.js?2016101716175153 HTTP/1.1" 304 -
186.103.157.246 - - [06/Jun/2017:14:42:24 -0300] "GET /cormun/servlet/trlicencias HTTP/1.1" 200 12437
186.103.157.246 - - [06/Jun/2017:14:42:25 -0300] "GET /cormun/servlet/trlicencias HTTP/1.1" 200 12432
192.168.10.96 - - [06/Jun/2017:14:42:27 -0300] "POST /cormun/servlet/solicitudot?gx-no-cache=1496770947392 HTTP/1.1" 200 122
192.168.10.96 - - [06/Jun/2017:14:42:27 -0300] "POST /cormun/servlet/solicitudot?7988668afdf9171b5c79662c3f6a85ff,INS,0,0,,gx-no-cache=1496770947484 HTTP/1.1" 200 11345
192.168.10.96 - - [06/Jun/2017:14:42:31 -0300] "GET /cormun/servlet/prlicenciaspermisos?9076382,L,,MD,,gxPopupLevel%3D0%3B HTTP/1.1" 200 6721
186.103.157.246 - - [06/Jun/2017:14:42:38 -0300] "GET /cormun/servlet/trlicenciaspermisosadjuntos?15519128,20170606000000,L, HTTP/1.1" 200 6308
186.103.157.246 - - [06/Jun/2017:14:42:38 -0300] "GET /cormun/static/gxcfg.js?20175251265349 HTTP/1.1" 200 953
186.103.157.246 - - [06/Jun/2017:14:42:38 -0300] "GET /cormun/static/trlicenciaspermisosadjuntos.js?2017525126577 HTTP/1.1" 200 21036
186.103.157.246 - - [06/Jun/2017:14:42:39 -0300] "GET /cormun/servlet/trlicenciaspermisosadjuntos?15519128,20170606000000,L, HTTP/1.1" 200 6309
192.168.10.96 - - [06/Jun/2017:14:42:39 -0300] "GET /cormun/servlet/prlicenciaspermisos?9076382,L,,MD,,gxPopupLevel%3D0%3B HTTP/1.1" 200 6721
200.86.95.220 - - [06/Jun/2017:14:42:42 -0300] "POST /cormun/servlet/trlicencias?61e23b1ef5058ac1069c99db5d7ba85e,gx-no-cache=1496771017777 HTTP/1.1" 200 9351
200.86.95.220 - - [06/Jun/2017:14:42:42 -0300] "GET /cormun/static/Shared/jqueryui/images/ui-bg_highlight-soft_100_c6c2c8_1x100.png HTTP/1.1" 404 1117
200.86.95.220 - - [06/Jun/2017:14:42:42 -0300] "GET /cormun/static/Shared/jqueryui/images/ui-icons_82798d_256x240.png HTTP/1.1" 404 1089
200.86.95.220 - - [06/Jun/2017:14:42:42 -0300] "GET /cormun/static/Shared/jqueryui/images/ui-bg_flat_55_fafafa_40x100.png HTTP/1.1" 404 1097
200.86.95.220 - - [06/Jun/2017:14:42:42 -0300] "GET /cormun/static/Shared/jqueryui/images/ui-icons_8d78a5_256x240.png HTTP/1.1" 404 1089
186.103.157.246 - - [06/Jun/2017:14:42:44 -0300] "GET /cormun/servlet/licenciaspermisosadjuntos?INS,15519128,L,20170606000000,, HTTP/1.1" 200 5610
186.103.157.246 - - [06/Jun/2017:14:42:45 -0300] "GET /cormun/static/gxcfg.js?201752511544364 HTTP/1.1" 200 953
186.103.157.246 - - [06/Jun/2017:14:42:45 -0300] "GET /cormun/static/licenciaspermisosadjuntos.js?201752511544378 HTTP/1.1" 200 8760
186.103.157.246 - - [06/Jun/2017:14:42:45 -0300] "GET /cormun/static/about:blank HTTP/1.1" 404 1011
186.103.157.246 - - [06/Jun/2017:14:42:45 -0300] "GET /cormun/servlet/licenciaspermisosadjuntos?INS,15519128,L,20170606000000,, HTTP/1.1" 200 5598
192.168.10.96 - - [06/Jun/2017:14:42:49 -0300] "POST /cormun/servlet/solicitudot?gx-no-cache=1496770969203 HTTP/1.1" 200 41
192.168.10.96 - - [06/Jun/2017:14:42:49 -0300] "POST /cormun/servlet/solicitudot?gx-no-cache=1496770969261 HTTP/1.1" 200 1281
192.168.10.96 - - [06/Jun/2017:14:42:52 -0300] "POST /cormun/servlet/solicitudot?gx-no-cache=1496770972321 HTTP/1.1" 200 122
192.168.10.96 - - [06/Jun/2017:14:42:52 -0300] "POST /cormun/servlet/solicitudot?7988668afdf9171b5c79662c3f6a85ff,INS,0,0,,gx-no-cache=1496770972404 HTTP/1.1" 200 11396
192.168.10.96 - - [06/Jun/2017:14:42:59 -0300] "GET /cormun/servlet/prlicenciaspermisos?9076382,L,,MD,,gxPopupLevel%3D0%3B HTTP/1.1" 200 6721
192.168.10.96 - - [06/Jun/2017:14:43:08 -0300] "POST /cormun/servlet/solicitudot?gx-no-cache=1496770988270 HTTP/1.1" 200 41
192.168.10.96 - - [06/Jun/2017:14:43:08 -0300] "POST /cormun/servlet/solicitudot?gx-no-cache=1496770988340 HTTP/1.1" 200 1281
200.86.95.220 - - [06/Jun/2017:14:43:12 -0300] "GET /cormun/servlet/hlogin HTTP/1.1" 200 1717
200.86.95.220 - - [06/Jun/2017:14:43:12 -0300] "GET /cormun/servlet/hlogin HTTP/1.1" 200 1728
200.86.95.220 - - [06/Jun/2017:14:43:21 -0300] "POST /cormun/servlet/hlogin?61e23b1ef5058ac1069c99db5d7ba85e,gx-no-cache=1496771057728 HTTP/1.1" 200 90
200.86.95.220 - - [06/Jun/2017:14:43:21 -0300] "GET /cormun/servlet/hpexe_link HTTP/1.1" 200 974
200.86.95.220 - - [06/Jun/2017:14:43:22 -0300] "GET /cormun/servlet/trlicencias?gx-no-cache=1496771017777 HTTP/1.1" 200 11820
200.86.95.220 - - [06/Jun/2017:14:43:23 -0300] "GET /cormun/servlet/trlicencias?gx-no-cache=1496771017777 HTTP/1.1" 200 11838
200.86.95.220 - - [06/Jun/2017:14:43:27 -0300] "GET /cormun/servlet/trpermisosgoce? HTTP/1.1" 200 10945
200.86.95.220 - - [06/Jun/2017:14:43:28 -0300] "GET /cormun/servlet/trpermisosgoce? HTTP/1.1" 200 10926
200.86.95.220 - - [06/Jun/2017:14:43:31 -0300] "GET /cormun/servlet/permisogoce?INS,0,,, HTTP/1.1" 200 6615
200.86.95.220 - - [06/Jun/2017:14:43:32 -0300] "GET /cormun/servlet/permisogoce?INS,0,,, HTTP/1.1" 200 6615
186.103.157.246 - - [06/Jun/2017:14:43:44 -0300] "POST /cormun/servlet/licenciaspermisosadjuntos?53a2cadc8e84882e23a8d0a32e1e4342,INS,15519128,L,20170606000000,, HTTP/1.1" 200 116
186.103.157.246 - - [06/Jun/2017:14:43:44 -0300] "GET /cormun/servlet/hpexe_return? HTTP/1.1" 200 1043
186.103.157.246 - - [06/Jun/2017:14:43:44 -0300] "GET /cormun/servlet/trlicenciaspermisosadjuntos?15519128,20170606000000,L, HTTP/1.1" 200 6783
186.103.157.246 - - [06/Jun/2017:14:43:45 -0300] "GET /cormun/servlet/trlicenciaspermisosadjuntos?15519128,20170606000000,L, HTTP/1.1" 200 6779
192.168.10.96 - - [06/Jun/2017:14:43:48 -0300] "POST /cormun/servlet/solicitudot?gx-no-cache=1496771027918 HTTP/1.1" 200 107
192.168.10.96 - - [06/Jun/2017:14:43:48 -0300] "POST /cormun/servlet/solicitudot?7988668afdf9171b5c79662c3f6a85ff,INS,0,0,,gx-no-cache=1496771027999 HTTP/1.1" 200 11444
192.168.10.96 - - [06/Jun/2017:14:43:49 -0300] "POST /cormun/servlet/solicitudot?7988668afdf9171b5c79662c3f6a85ff,INS,0,0,,gx-no-cache=1496771029385 HTTP/1.1" 200 11487
192.168.10.96 - - [06/Jun/2017:14:43:51 -0300] "GET /cormun/servlet/prcontratosol?15125209,,,,,MD,,gxPopupLevel%3D0%3B HTTP/1.1" 200 5909
186.103.157.246 - - [06/Jun/2017:14:43:52 -0300] "POST /cormun/servlet/trlicenciaspermisosadjuntos?53a2cadc8e84882e23a8d0a32e1e4342,15519128,20170606000000,L,,gx-no-cache=1496771087308 HTTP/1.1" 200 90
186.103.157.246 - - [06/Jun/2017:14:43:52 -0300] "GET /cormun/servlet/hpexe_link HTTP/1.1" 200 984
186.103.157.246 - - [06/Jun/2017:14:43:53 -0300] "GET /cormun/servlet/trlicencias HTTP/1.1" 200 12434
192.168.10.96 - - [06/Jun/2017:14:43:53 -0300] "POST /cormun/servlet/solicitudot?gx-no-cache=1496771033802 HTTP/1.1" 200 1281
186.103.157.246 - - [06/Jun/2017:14:43:54 -0300] "GET /cormun/servlet/trlicencias HTTP/1.1" 200 12432
200.86.95.220 - - [06/Jun/2017:14:43:54 -0300] "GET /cormun/servlet/permisogoce?1671df36971da907acbaff28b6a04e06eb120984782f428cf0a0a4020e6c489529ea3ce061b2a6a99d511c6a714b8b86825b009a856cd5766caedf8831a9e081,gx-no-cache=1496771090286 HTTP/1.1" 200 78
200.86.95.220 - - [06/Jun/2017:14:43:54 -0300] "GET /cormun/static/menuarrow.gif HTTP/1.1" 404 1015
186.103.157.246 - - [06/Jun/2017:14:43:58 -0300] "POST /cormun/servlet/trlicencias?53a2cadc8e84882e23a8d0a32e1e4342,gx-no-cache=1496771092439 HTTP/1.1" 200 9850
186.103.157.246 - - [06/Jun/2017:14:43:58 -0300] "GET /cormun/static/Shared/jqueryui/images/ui-bg_highlight-soft_100_c6c2c8_1x100.png HTTP/1.1" 404 1117
186.103.157.246 - - [06/Jun/2017:14:43:58 -0300] "GET /cormun/static/Shared/jqueryui/images/ui-icons_82798d_256x240.png HTTP/1.1" 404 1089
186.103.157.246 - - [06/Jun/2017:14:43:58 -0300] "GET /cormun/static/Shared/jqueryui/images/ui-icons_8d78a5_256x240.png HTTP/1.1" 404 1089
186.103.157.246 - - [06/Jun/2017:14:43:58 -0300] "GET /cormun/static/Shared/jqueryui/images/ui-bg_flat_55_fafafa_40x100.png HTTP/1.1" 404 1097
192.168.10.96 - - [06/Jun/2017:14:44:00 -0300] "POST /cormun/servlet/solicitudot?gx-no-cache=1496771040168 HTTP/1.1" 200 122
192.168.10.96 - - [06/Jun/2017:14:44:00 -0300] "POST /cormun/servlet/solicitudot?7988668afdf9171b5c79662c3f6a85ff,INS,0,0,,gx-no-cache=1496771040238 HTTP/1.1" 200 93
192.168.10.96 - - [06/Jun/2017:14:44:00 -0300] "GET /cormun/servlet/hpexe_return? HTTP/1.1" 200 1003
192.168.10.96 - - [06/Jun/2017:14:44:00 -0300] "GET /cormun/servlet/trsolicitudot HTTP/1.1" 200 9427
192.168.10.96 - - [06/Jun/2017:14:44:01 -0300] "GET /cormun/servlet/trsolicitudot HTTP/1.1" 200 9423
200.86.95.220 - - [06/Jun/2017:14:44:02 -0300] "GET /cormun/servlet/permisogoce?1671df36971da907acbaff28b6a04e062d0860102603e47c0f03011eb8d1b35485c4f7ee8767ea34e7e47172f85a74fa2f5c8539d9842f72eafe63d5f578a3af,gx-no-cache=1496771098854 HTTP/1.1" 200 47
192.168.10.96 - - [06/Jun/2017:14:44:04 -0300] "POST /cormun/servlet/trsolicitudot?7988668afdf9171b5c79662c3f6a85ff,gx-no-cache=1496771044354 HTTP/1.1" 200 106
192.168.10.96 - - [06/Jun/2017:14:44:04 -0300] "GET /cormun/servlet/solicitudot?UPD,2017,6756, HTTP/1.1" 200 14458
192.168.10.96 - - [06/Jun/2017:14:44:05 -0300] "GET /cormun/servlet/solicitudot?UPD,2017,6756, HTTP/1.1" 200 14467
192.168.10.96 - - [06/Jun/2017:14:44:05 -0300] "POST /cormun/servlet/solicitudot?gx-no-cache=1496771045438 HTTP/1.1" 200 3197
192.168.10.96 - - [06/Jun/2017:14:44:05 -0300] "POST /cormun/servlet/solicitudot?7988668afdf9171b5c79662c3f6a85ff,UPD,2017,6756,,gx-no-cache=1496771045589 HTTP/1.1" 200 11073
192.168.10.96 - - [06/Jun/2017:14:44:05 -0300] "GET /cormun/servlet/solicitudot?5817c34c92371fe32744242512a947a1f433800dbe266149bfb6f5cb2b557065a402c93df9f788d41b5d180f97b52703,gx-no-cache=1496771045794 HTTP/1.1" 200 30
192.168.10.96 - - [06/Jun/2017:14:44:05 -0300] "POST /cormun/servlet/solicitudot?gx-no-cache=1496771045821 HTTP/1.1" 200 239
192.168.10.96 - - [06/Jun/2017:14:44:05 -0300] "GET /cormun/servlet/solicitudot?5817c34c92371fe32744242512a947a17d1034c32b81657b7439054b82e689ebab242744296421b0146091f032c071b80a12e957ba453d5afa0a5e41115ef54725f288e3351cc50993d6d77b01903d3f12a3058a923b3f73111043aaa44924ff3fa2e271d5388c5883f78c0687b79f41a9404d0b05ff3cc52a87c01e4ddf84fecfd522dc76776c32724a1633f15690088e18775056d272a981bfc508ea5379bf27695ec6b4b13e44e4aa678c6931ab4d04ab80948c1796d3bfea443593e36554d1045cbd93260a0de1bc237e649baf10a9645bcf04882d39f43344775b48534db330d17efc2ebf930b80cb9d7ec0d44cb2d3e396762896cb3c761757fa3ce8aa11b2a2e827b2ef6a3a969805f63f2fe0cc3ff07d79d26a5af7b0ac52e785f292b1870655ef58d2740404beac9e08f1d92dd14113aa67a6ac08954b9ccd890d3c307948045a0d66a5a513247ff5c33376ca82197feeed29d0aa9f148cfaaf8facd3cf69676dbdd05834e5de203d0900606999cea8d781d24c8bf0152ffc1d305c,gx-no-cache=1496771045848 HTTP/1.1" 200 30
192.168.10.96 - - [06/Jun/2017:14:44:05 -0300] "POST /cormun/servlet/solicitudot?gx-no-cache=1496771045868 HTTP/1.1" 200 30
192.168.10.96 - - [06/Jun/2017:14:44:06 -0300] "POST /cormun/servlet/solicitudot?gx-no-cache=1496771045892 HTTP/1.1" 200 1301
192.168.10.96 - - [06/Jun/2017:14:44:06 -0300] "POST /cormun/servlet/solicitudot?gx-no-cache=1496771046005 HTTP/1.1" 200 41
192.168.10.96 - - [06/Jun/2017:14:44:07 -0300] "GET /cormun/servlet/solicitudot?5817c34c92371fe32744242512a947a15ddd08ed857c3e0d1d7d92a0b969d014aad509ff051dbc7ff3f90e54c4a42bde771474200ada900d51208a1e49cccff1cefd325458d1f1ba66e99316aaec56f9d2bf3d785802cf59031c38635615d4f4573b980b2dc2cd49094f9cc1f047f5afe040ffc41c9e36e3d3000cf33cb05c79945ee3737c6f3d4832e7aea7d08c752c0a0e26bed99e1e6670e6a33b3e68d6c6,gx-no-cache=1496771047227 HTTP/1.1" 200 29
192.168.10.96 - - [06/Jun/2017:14:44:07 -0300] "POST /cormun/servlet/solicitudot?gx-no-cache=1496771047262 HTTP/1.1" 200 1281
192.168.10.96 - - [06/Jun/2017:14:44:10 -0300] "POST /cormun/servlet/solicitudot?gx-no-cache=1496771050837 HTTP/1.1" 200 107
192.168.10.96 - - [06/Jun/2017:14:44:10 -0300] "GET /cormun/static/Shared/jqueryui/images/ui-bg_highlight-soft_100_c6c2c8_1x100.png HTTP/1.1" 404 1117
192.168.10.96 - - [06/Jun/2017:14:44:10 -0300] "GET /cormun/static/Shared/jqueryui/images/ui-icons_82798d_256x240.png HTTP/1.1" 404 1089
192.168.10.96 - - [06/Jun/2017:14:44:10 -0300] "GET /cormun/static/Shared/jqueryui/images/ui-bg_flat_55_994d53_40x100.png HTTP/1.1" 404 1097
192.168.10.96 - - [06/Jun/2017:14:44:10 -0300] "GET /cormun/static/Shared/jqueryui/images/ui-icons_ebccce_256x240.png HTTP/1.1" 404 1089
192.168.10.96 - - [06/Jun/2017:14:44:11 -0300] "POST /cormun/servlet/solicitudot?7988668afdf9171b5c79662c3f6a85ff,UPD,2017,6756,,gx-no-cache=1496771050943 HTTP/1.1" 200 11366
192.168.10.96 - - [06/Jun/2017:14:44:14 -0300] "GET /cormun/servlet/prlicenciaspermisos?9076382,L,,MD,,gxPopupLevel%3D0%3B HTTP/1.1" 200 6727
192.168.10.96 - - [06/Jun/2017:14:44:16 -0300] "POST /cormun/servlet/solicitudot?gx-no-cache=1496771056668 HTTP/1.1" 200 3197
192.168.10.96 - - [06/Jun/2017:14:44:16 -0300] "POST /cormun/servlet/solicitudot?7988668afdf9171b5c79662c3f6a85ff,UPD,2017,6756,,gx-no-cache=1496771056791 HTTP/1.1" 200 11181
192.168.10.96 - - [06/Jun/2017:14:44:17 -0300] "GET /cormun/servlet/solicitudot?5817c34c92371fe32744242512a947a1f433800dbe266149bfb6f5cb2b557065a402c93df9f788d41b5d180f97b52703,gx-no-cache=1496771056992 HTTP/1.1" 200 30
192.168.10.96 - - [06/Jun/2017:14:44:17 -0300] "POST /cormun/servlet/solicitudot?gx-no-cache=1496771057016 HTTP/1.1" 200 239
192.168.10.96 - - [06/Jun/2017:14:44:17 -0300] "GET /cormun/servlet/solicitudot?5817c34c92371fe32744242512a947a17d1034c32b81657b7439054b82e689ebab242744296421b0146091f032c071b80a12e957ba453d5afa0a5e41115ef54725f288e3351cc50993d6d77b01903d3f12a3058a923b3f73111043aaa44924ff3fa2e271d5388c5883f78c0687b79f41a9404d0b05ff3cc52a87c01e4ddf84fecfd522dc76776c32724a1633f15690088e18775056d272a981bfc508ea5379bf27695ec6b4b13e44e4aa678c6931ab4d04ab80948c1796d3bfea443593e36554d1045cbd93260a0de1bc237e649baf10a9645bcf04882d39f43344775b48534db330d17efc2ebf930b80cb9d7ec0d44cb2d3e396762896cb3c761757fa3ce8aa11b2a2e827b2ef6a3a969805f63f2fe0cc3ff07d79d26a5af7b0ac52e785f292b1870655ef58d2740404beac9e08f1d92dd14113aa67a6ac08954b9ccd890d3c307948045a0d66a5a513247ff5c33376ca82197feeed29d0aa9f148cfaaf8facd3cf69676dbdd05834e5de203d0900606999cea8d781d24c8bf0152ffc1d305c,gx-no-cache=1496771057041 HTTP/1.1" 200 30
192.168.10.96 - - [06/Jun/2017:14:44:17 -0300] "POST /cormun/servlet/solicitudot?gx-no-cache=1496771057058 HTTP/1.1" 200 30
192.168.10.96 - - [06/Jun/2017:14:44:17 -0300] "POST /cormun/servlet/solicitudot?gx-no-cache=1496771057080 HTTP/1.1" 200 1301
186.103.248.213 - - [06/Jun/2017:14:44:20 -0300] "GET /cormun/servlet/licenciaspermisos?b1f946d8b5b9cd047b8412349722cabda6be46479ae1efc2694fbae452fa807118962f5bf0a27f82da580e5ef12697b01d9f732447916f2c76b879906227f8021d084335f54a290b3a64901e0ba64d6796fb25ca5bcd8ae3ad24ed9bed77ca3823f4f447ddb403c8f5f42f6900eabaf6306374732d34a0d8d6dfae3e8c50c787a9d90cb2f1a035b275b7e781cdcd5945e2eb84b87bb37c6393f2a12df90ea74766fb2da2302a805f26149d844a3043f89432f1a94931937384ebf68ec5f6386e43d892c1c2c7c250ceae7e00686e020462f9af5e90ebf10e19e7265bd429359c,gx-no-cache=1496771115723 HTTP/1.1" 200 30
192.168.10.96 - - [06/Jun/2017:14:44:21 -0300] "POST /cormun/servlet/solicitudot?gx-no-cache=1496771061167 HTTP/1.1" 200 30
186.103.248.213 - - [06/Jun/2017:14:44:21 -0300] "POST /cormun/servlet/licenciaspermisos?ab9c545e6a3c33979531b1536cd91030,INS,0,,,,gx-no-cache=1496771116174 HTTP/1.1" 200 4763
200.86.95.220 - - [06/Jun/2017:14:44:21 -0300] "POST /cormun/servlet/permisogoce?61e23b1ef5058ac1069c99db5d7ba85e,INS,0,,,,gx-no-cache=1496771117652 HTTP/1.1" 200 93
200.86.95.220 - - [06/Jun/2017:14:44:21 -0300] "GET /cormun/servlet/hpexe_return? HTTP/1.1" 200 1009
200.86.95.220 - - [06/Jun/2017:14:44:22 -0300] "GET /cormun/servlet/trpermisosgoce HTTP/1.1" 200 11223
200.86.95.220 - - [06/Jun/2017:14:44:23 -0300] "GET /cormun/servlet/trpermisosgoce HTTP/1.1" 200 11219
192.168.10.96 - - [06/Jun/2017:14:44:25 -0300] "POST /cormun/servlet/solicitudot?gx-no-cache=1496771065284 HTTP/1.1" 200 1301
192.168.10.96 - - [06/Jun/2017:14:44:25 -0300] "POST /cormun/servlet/solicitudot?gx-no-cache=1496771065379 HTTP/1.1" 200 41
192.168.10.96 - - [06/Jun/2017:14:44:25 -0300] "POST /cormun/servlet/solicitudot?gx-no-cache=1496771065404 HTTP/1.1" 200 1281
192.168.10.96 - - [06/Jun/2017:14:44:33 -0300] "POST /cormun/servlet/solicitudot?gx-no-cache=1496771073351 HTTP/1.1" 200 32
192.168.10.96 - - [06/Jun/2017:14:44:33 -0300] "POST /cormun/servlet/solicitudot?7988668afdf9171b5c79662c3f6a85ff,UPD,2017,6756,,gx-no-cache=1496771073406 HTTP/1.1" 200 11488
192.168.10.96 - - [06/Jun/2017:14:44:35 -0300] "POST /cormun/servlet/solicitudot?gx-no-cache=1496771075518 HTTP/1.1" 200 3197
192.168.10.96 - - [06/Jun/2017:14:44:35 -0300] "POST /cormun/servlet/solicitudot?7988668afdf9171b5c79662c3f6a85ff,UPD,2017,6756,,gx-no-cache=1496771075685 HTTP/1.1" 200 11292
192.168.10.96 - - [06/Jun/2017:14:44:35 -0300] "GET /cormun/servlet/solicitudot?5817c34c92371fe32744242512a947a1f433800dbe266149bfb6f5cb2b557065a402c93df9f788d41b5d180f97b52703,gx-no-cache=1496771075873 HTTP/1.1" 200 30
192.168.10.96 - - [06/Jun/2017:14:44:35 -0300] "POST /cormun/servlet/solicitudot?gx-no-cache=1496771075896 HTTP/1.1" 200 238
192.168.10.96 - - [06/Jun/2017:14:44:35 -0300] "GET /cormun/servlet/solicitudot?5817c34c92371fe32744242512a947a17d1034c32b81657b7439054b82e689ebab242744296421b0146091f032c071b80a12e957ba453d5afa0a5e41115ef54725f288e3351cc50993d6d77b01903d3f12a3058a923b3f73111043aaa44924ff3fa2e271d5388c5883f78c0687b79f41a9404d0b05ff3cc52a87c01e4ddf84fecfd522dc76776c32724a1633f15690088e18775056d272a981bfc508ea5379bf27695ec6b4b13e44e4aa678c6931ab4d04ab80948c1796d3bfea443593e36554d1045cbd93260a0de1bc237e649baf10a9645bcf04882d39f43344775b48534db330d17efc2ebf930b80cb9d7ec0d44cb2d3e396762896cb3c761757fa3ce8aa11b2a2e827b2ef6a3a969805f63f2fe0cc3ff07d79d26a5af7b0ac52e785f292b1870655ef58d2740404beac9e08f1d92dd14113aa67a6ac08954b9ccd890d3c307948045a0d66a5a513247ff5c33376ca82197feeed29d0aa9f148cfaaf8facd3cf69676dbdd05834e5de203d0900606999cea8d781d24c8bf0152ffc1d305c,gx-no-cache=1496771075920 HTTP/1.1" 200 30
192.168.10.96 - - [06/Jun/2017:14:44:35 -0300] "POST /cormun/servlet/solicitudot?gx-no-cache=1496771075936 HTTP/1.1" 200 30
192.168.10.96 - - [06/Jun/2017:14:44:36 -0300] "POST /cormun/servlet/solicitudot?gx-no-cache=1496771075959 HTTP/1.1" 200 1301
192.168.10.96 - - [06/Jun/2017:14:44:36 -0300] "POST /cormun/servlet/solicitudot?gx-no-cache=1496771076076 HTTP/1.1" 200 38
192.168.10.96 - - [06/Jun/2017:14:44:36 -0300] "POST /cormun/servlet/solicitudot?gx-no-cache=1496771076101 HTTP/1.1" 200 1281
192.168.10.96 - - [06/Jun/2017:14:44:41 -0300] "POST /cormun/servlet/solicitudot?gx-no-cache=1496771081183 HTTP/1.1" 200 32
192.168.10.96 - - [06/Jun/2017:14:44:41 -0300] "POST /cormun/servlet/solicitudot?7988668afdf9171b5c79662c3f6a85ff,UPD,2017,6756,,gx-no-cache=1496771081229 HTTP/1.1" 200 11601
186.103.248.213 - - [06/Jun/2017:14:44:42 -0300] "GET /cormun/servlet/licenciaspermisos?b1f946d8b5b9cd047b8412349722cabdb08e0ce23bd343c84b25fbabc066c5bd13b81a97f528c48d1fbd359dffa8d492d23462dad7acc45b6bd48d6159796b8df9878d4b32c6e206c4229abd49cfce7d2c8ccd64238c9fc8b4ae4e81df1d9b61030e3194ec6d226259d743c96b95f3111d3f3baa1d8dde2699b9215e6eec60b5362ef99b6f20913d4b8e5f8fe7c5cb677072e0c5896e4f7e503537d6964a2a4b3a803672da3336c9f8641d18b78ac6fbb0c18088949de14c3153bcb56515db82fc5da98147896a1f8359d15ec8881d8b48acbcfb14db1e9c7d78ec73562de15efd498c297016511a9a1894cc21150dc6,gx-no-cache=1496771137616 HTTP/1.1" 200 62
186.103.248.213 - - [06/Jun/2017:14:44:43 -0300] "POST /cormun/servlet/licenciaspermisos?ab9c545e6a3c33979531b1536cd91030,INS,0,,,,gx-no-cache=1496771138327 HTTP/1.1" 200 93
186.103.248.213 - - [06/Jun/2017:14:44:43 -0300] "GET /cormun/servlet/hpexe_return? HTTP/1.1" 200 1016
186.103.248.213 - - [06/Jun/2017:14:44:43 -0300] "GET /cormun/static/hpexe_return.js?2016101716175153 HTTP/1.1" 200 1633
186.103.248.213 - - [06/Jun/2017:14:44:43 -0300] "GET /cormun/static/Resources/Spanish/PXTools.css?167811 HTTP/1.1" 200 89042
186.103.248.213 - - [06/Jun/2017:14:44:43 -0300] "GET /cormun/static/gxcfg.js?2016101716175148 HTTP/1.1" 200 953
186.103.248.213 - - [06/Jun/2017:14:44:44 -0300] "GET /cormun/servlet/trlicencias? HTTP/1.1" 200 10791
186.103.248.213 - - [06/Jun/2017:14:44:44 -0300] "GET /cormun/servlet/trlicencias? HTTP/1.1" 200 10787
192.168.10.96 - - [06/Jun/2017:14:44:51 -0300] "POST /cormun/servlet/solicitudot?gx-no-cache=1496771090913 HTTP/1.1" 200 3197
192.168.10.96 - - [06/Jun/2017:14:44:51 -0300] "POST /cormun/servlet/solicitudot?7988668afdf9171b5c79662c3f6a85ff,UPD,2017,6756,,gx-no-cache=1496771091074 HTTP/1.1" 200 11407
192.168.10.96 - - [06/Jun/2017:14:44:51 -0300] "GET /cormun/servlet/solicitudot?5817c34c92371fe32744242512a947a1f433800dbe266149bfb6f5cb2b557065a402c93df9f788d41b5d180f97b52703,gx-no-cache=1496771091264 HTTP/1.1" 200 30
192.168.10.96 - - [06/Jun/2017:14:44:51 -0300] "POST /cormun/servlet/solicitudot?gx-no-cache=1496771091286 HTTP/1.1" 200 238
192.168.10.96 - - [06/Jun/2017:14:44:51 -0300] "GET /cormun/servlet/solicitudot?5817c34c92371fe32744242512a947a17d1034c32b81657b7439054b82e689ebab242744296421b0146091f032c071b80a12e957ba453d5afa0a5e41115ef54725f288e3351cc50993d6d77b01903d3f12a3058a923b3f73111043aaa44924ff3fa2e271d5388c5883f78c0687b79f41a9404d0b05ff3cc52a87c01e4ddf84fecfd522dc76776c32724a1633f15690088e18775056d272a981bfc508ea5379bf27695ec6b4b13e44e4aa678c6931ab4d04ab80948c1796d3bfea443593e36554d1045cbd93260a0de1bc237e649baf10a9645bcf04882d39f43344775b48534db330d17efc2ebf930b80cb9d7ec0d44cb2d3e396762896cb3c761757fa3ce8aa11b2a2e827b2ef6a3a969805f63f2fe0cc3ff07d79d26a5af7b0ac52e785f292b1870655ef58d2740404beac9e08f1d92dd14113aa67a6ac08954b9ccd890d3c307948045a0d66a5a513247ff5c33376ca82197feeed29d0aa9f148cfaaf8facd3cf69676dbdd05834e5de203d0900606999cea8d781d24c8bf0152ffc1d305c,gx-no-cache=1496771091309 HTTP/1.1" 200 30
192.168.10.96 - - [06/Jun/2017:14:44:51 -0300] "POST /cormun/servlet/solicitudot?gx-no-cache=1496771091327 HTTP/1.1" 200 30
192.168.10.96 - - [06/Jun/2017:14:44:51 -0300] "POST /cormun/servlet/solicitudot?gx-no-cache=1496771091349 HTTP/1.1" 200 1301
192.168.10.96 - - [06/Jun/2017:14:44:51 -0300] "POST /cormun/servlet/solicitudot?gx-no-cache=1496771091453 HTTP/1.1" 200 38
192.168.10.96 - - [06/Jun/2017:14:44:51 -0300] "POST /cormun/servlet/solicitudot?gx-no-cache=1496771091476 HTTP/1.1" 200 1281
192.168.10.96 - - [06/Jun/2017:14:45:02 -0300] "GET /cormun/static/menuarrow.gif HTTP/1.1" 404 1015
200.86.95.220 - - [06/Jun/2017:14:45:03 -0300] "GET /cormun/servlet/apermisogoceprn?16934789,P,20170606144331,PU HTTP/1.1" 200 1650
192.168.10.96 - - [06/Jun/2017:14:45:18 -0300] "POST /cormun/servlet/solicitudot?gx-no-cache=1496771118698 HTTP/1.1" 200 32
192.168.10.96 - - [06/Jun/2017:14:45:19 -0300] "POST /cormun/servlet/solicitudot?7988668afdf9171b5c79662c3f6a85ff,UPD,2017,6756,,gx-no-cache=1496771118753 HTTP/1.1" 200 11717
192.168.10.96 - - [06/Jun/2017:14:45:27 -0300] "POST /cormun/servlet/solicitudot?7988668afdf9171b5c79662c3f6a85ff,UPD,2017,6756,,gx-no-cache=1496771127048 HTTP/1.1" 200 93
192.168.10.96 - - [06/Jun/2017:14:45:27 -0300] "GET /cormun/servlet/hpexe_return? HTTP/1.1" 200 1010
192.168.10.96 - - [06/Jun/2017:14:45:27 -0300] "GET /cormun/servlet/trsolicitudot HTTP/1.1" 200 9427
192.168.10.96 - - [06/Jun/2017:14:45:27 -0300] "GET /cormun/servlet/trsolicitudot HTTP/1.1" 200 9423
192.168.10.96 - - [06/Jun/2017:14:45:31 -0300] "POST /cormun/servlet/trsolicitudot?7988668afdf9171b5c79662c3f6a85ff,gx-no-cache=1496771131035 HTTP/1.1" 200 6624
192.168.10.96 - - [06/Jun/2017:14:45:31 -0300] "GET /cormun/static/Shared/jqueryui/images/ui-bg_highlight-soft_100_c6c2c8_1x100.png HTTP/1.1" 404 1117
192.168.10.96 - - [06/Jun/2017:14:45:31 -0300] "GET /cormun/static/Shared/jqueryui/images/ui-icons_82798d_256x240.png HTTP/1.1" 404 1089
192.168.10.96 - - [06/Jun/2017:14:45:31 -0300] "GET /cormun/static/Shared/jqueryui/images/ui-bg_flat_55_fafafa_40x100.png HTTP/1.1" 404 1097
192.168.10.96 - - [06/Jun/2017:14:45:31 -0300] "GET /cormun/static/Shared/jqueryui/images/ui-icons_8d78a5_256x240.png HTTP/1.1" 404 1089
192.168.10.96 - - [06/Jun/2017:14:45:31 -0300] "POST /cormun/servlet/trsolicitudot?7988668afdf9171b5c79662c3f6a85ff,gx-no-cache=1496771131290 HTTP/1.1" 200 6567
192.168.10.96 - - [06/Jun/2017:14:45:34 -0300] "POST /cormun/servlet/trsolicitudot?7988668afdf9171b5c79662c3f6a85ff,gx-no-cache=1496771133864 HTTP/1.1" 200 6621
192.168.10.96 - - [06/Jun/2017:14:45:34 -0300] "POST /cormun/servlet/trsolicitudot?7988668afdf9171b5c79662c3f6a85ff,gx-no-cache=1496771134098 HTTP/1.1" 200 6564
192.168.10.96 - - [06/Jun/2017:14:45:39 -0300] "POST /cormun/servlet/trsolicitudot?7988668afdf9171b5c79662c3f6a85ff,gx-no-cache=1496771139608 HTTP/1.1" 200 5772
192.168.10.96 - - [06/Jun/2017:14:45:42 -0300] "POST /cormun/servlet/trsolicitudot?7988668afdf9171b5c79662c3f6a85ff,gx-no-cache=1496771142044 HTTP/1.1" 200 106
192.168.10.96 - - [06/Jun/2017:14:45:42 -0300] "GET /cormun/servlet/solicitudot?UPD,2017,6756, HTTP/1.1" 200 14458
192.168.10.96 - - [06/Jun/2017:14:45:42 -0300] "GET /cormun/servlet/solicitudot?UPD,2017,6756, HTTP/1.1" 200 14467
192.168.10.96 - - [06/Jun/2017:14:45:43 -0300] "POST /cormun/servlet/solicitudot?gx-no-cache=1496771143133 HTTP/1.1" 200 3197
192.168.10.96 - - [06/Jun/2017:14:45:43 -0300] "POST /cormun/servlet/solicitudot?7988668afdf9171b5c79662c3f6a85ff,UPD,2017,6756,,gx-no-cache=1496771143293 HTTP/1.1" 200 11073
192.168.10.96 - - [06/Jun/2017:14:45:43 -0300] "GET /cormun/servlet/solicitudot?5817c34c92371fe32744242512a947a1f433800dbe266149bfb6f5cb2b557065a402c93df9f788d41b5d180f97b52703,gx-no-cache=1496771143494 HTTP/1.1" 200 30
192.168.10.96 - - [06/Jun/2017:14:45:43 -0300] "POST /cormun/servlet/solicitudot?gx-no-cache=1496771143523 HTTP/1.1" 200 239
192.168.10.96 - - [06/Jun/2017:14:45:43 -0300] "GET /cormun/servlet/solicitudot?5817c34c92371fe32744242512a947a17d1034c32b81657b7439054b82e689ebab242744296421b0146091f032c071b80a12e957ba453d5afa0a5e41115ef54725f288e3351cc50993d6d77b01903d3f12a3058a923b3f73111043aaa44924ff3fa2e271d5388c5883f78c0687b79f41a9404d0b05ff3cc52a87c01e4ddf84fecfd522dc76776c32724a1633f15690088e18775056d272a981bfc508ea5379bf27695ec6b4b13e44e4aa678c6931ab4d04ab80948c1796d3bfea443593e36554d1045cbd93260a0de1bc237e649baf10a9645bcf04882d39f43344775b48534db330d17efc2ebf930b80cb9d7ec0d44cb2d3e396762896cb3c761757fa3ce8aa11b2a2e827b2ef6a3a969805f63f2fe0cc3ff07d79d26a5af7b0ac52e785f292b1870655ef58d2740404beac9e08f1d92dd14113aa67a6ac08954b9ccd890d3c307948045a0d66a5a513247ff5c33376ca82197feeed29d0aa9f148cfaaf8facd3cf69676dbdd05834e5de203d0900606999cea8d781d24c8bf0152ffc1d305c,gx-no-cache=1496771143551 HTTP/1.1" 200 30
192.168.10.96 - - [06/Jun/2017:14:45:43 -0300] "POST /cormun/servlet/solicitudot?gx-no-cache=1496771143571 HTTP/1.1" 200 30
192.168.10.96 - - [06/Jun/2017:14:45:43 -0300] "POST /cormun/servlet/solicitudot?gx-no-cache=1496771143626 HTTP/1.1" 200 1301
192.168.10.96 - - [06/Jun/2017:14:45:43 -0300] "POST /cormun/servlet/solicitudot?gx-no-cache=1496771143734 HTTP/1.1" 200 41
192.168.10.96 - - [06/Jun/2017:14:45:49 -0300] "POST /cormun/servlet/solicitudot?7988668afdf9171b5c79662c3f6a85ff,UPD,2017,6756,,gx-no-cache=1496771149001 HTTP/1.1" 200 93
192.168.10.96 - - [06/Jun/2017:14:45:49 -0300] "GET /cormun/servlet/hpexe_return? HTTP/1.1" 200 1030
192.168.10.96 - - [06/Jun/2017:14:45:49 -0300] "GET /cormun/servlet/trsolicitudot?gx-no-cache=1496771139608 HTTP/1.1" 200 8632
192.168.10.96 - - [06/Jun/2017:14:45:49 -0300] "GET /cormun/servlet/trsolicitudot?gx-no-cache=1496771139608 HTTP/1.1" 200 8651
192.168.10.96 - - [06/Jun/2017:14:45:53 -0300] "POST /cormun/servlet/trsolicitudot?7988668afdf9171b5c79662c3f6a85ff,gx-no-cache=1496771139608,gx-no-cache=1496771153813 HTTP/1.1" 200 4527
192.168.10.96 - - [06/Jun/2017:14:45:54 -0300] "POST /cormun/servlet/trsolicitudot?7988668afdf9171b5c79662c3f6a85ff,gx-no-cache=1496771139608,gx-no-cache=1496771153974 HTTP/1.1" 200 4290
192.168.10.96 - - [06/Jun/2017:14:45:56 -0300] "GET /cormun/servlet/solicitudot?INS,0,0, HTTP/1.1" 200 12825
192.168.10.96 - - [06/Jun/2017:14:45:56 -0300] "GET /cormun/servlet/solicitudot?INS,0,0, HTTP/1.1" 200 12808
192.168.10.96 - - [06/Jun/2017:14:46:07 -0300] "POST /cormun/servlet/solicitudot?gx-no-cache=1496771167320 HTTP/1.1" 200 3197
192.168.10.96 - - [06/Jun/2017:14:46:07 -0300] "POST /cormun/servlet/solicitudot?7988668afdf9171b5c79662c3f6a85ff,INS,0,0,,gx-no-cache=1496771167465 HTTP/1.1" 200 10006
192.168.10.96 - - [06/Jun/2017:14:46:09 -0300] "GET /cormun/servlet/solicitudot?5817c34c92371fe32744242512a947a1f433800dbe266149bfb6f5cb2b55706568bb2ef83a7ab79d8d95beb96369c7e9,gx-no-cache=1496771169749 HTTP/1.1" 200 30
192.168.10.96 - - [06/Jun/2017:14:46:09 -0300] "POST /cormun/servlet/solicitudot?gx-no-cache=1496771169805 HTTP/1.1" 200 240
192.168.10.96 - - [06/Jun/2017:14:46:09 -0300] "GET /cormun/servlet/solicitudot?5817c34c92371fe32744242512a947a17d1034c32b81657b7439054b82e689ebab242744296421b0146091f032c071b80a12e957ba453d5afa0a5e41115ef54725f288e3351cc50993d6d77b01903d3f12a3058a923b3f73111043aaa44924ff3fa2e271d5388c5883f78c0687b79f41a9404d0b05ff3cc52a87c01e4ddf84fecfd522dc76776c32724a1633f15690088e18775056d272a981bfc508ea5379bf27695ec6b4b13e44e4aa678c6931ab4d04ab80948c1796d3bfea443593e36554d1045cbd93260a0de1bc237e649baf10a9645bcf04882d39f43344775b48534db330d17efc2ebf930b80cb9d7ec0d44cb2d3e396762896cb3c761757fa3ce8aa11b2a2e827b2ef6a3a969805f63f2fe0cc3ff07d79d26a5af7b0ac52e785f292b1870655ef58d2740404beac9e08f1d92dd14113aa67a6ac08954b9ccd890d3c307948045a0d66a5a513247ff5c33376ca82197feeed29d0aa9f148cfaaf8facd3cf69676dbdd05834e5de203d0900601d036809ed217ed50204341efa1b0fe6,gx-no-cache=1496771169834 HTTP/1.1" 200 30
192.168.10.96 - - [06/Jun/2017:14:46:12 -0300] "POST /cormun/servlet/solicitudot?gx-no-cache=1496771172010 HTTP/1.1" 200 30
192.168.10.96 - - [06/Jun/2017:14:46:14 -0300] "POST /cormun/servlet/solicitudot?gx-no-cache=1496771174062 HTTP/1.1" 200 1301
192.168.10.96 - - [06/Jun/2017:14:46:14 -0300] "POST /cormun/servlet/solicitudot?gx-no-cache=1496771174110 HTTP/1.1" 200 38
192.168.10.96 - - [06/Jun/2017:14:46:20 -0300] "GET /cormun/servlet/solicitudot?5817c34c92371fe32744242512a947a14423ce8e5c03d75d0b03193e56bc87eb2478d39044fe399fb3057dfdad029434e1188a443d1ab1a86c0a2e9d9b27af0ecee9db96b0ab1b45e8d18a9c6f5255514f6881c60532b69e14ec3518aacdb32de03a17d4ac6819f589fdc4fbdcb46fb1b451b7e2e6ebbc5cffde8ba6206b5be3bb45f2cec6f90442d7afefac925488be0ccab83ff1950f26358831aca264e27a,gx-no-cache=1496771180810 HTTP/1.1" 200 29
192.168.10.96 - - [06/Jun/2017:14:46:20 -0300] "POST /cormun/servlet/solicitudot?gx-no-cache=1496771180841 HTTP/1.1" 200 1281
192.168.10.96 - - [06/Jun/2017:14:46:30 -0300] "POST /cormun/servlet/solicitudot?gx-no-cache=1496771190833 HTTP/1.1" 200 30
192.168.10.96 - - [06/Jun/2017:14:46:31 -0300] "POST /cormun/servlet/solicitudot?7988668afdf9171b5c79662c3f6a85ff,INS,0,0,,gx-no-cache=1496771190890 HTTP/1.1" 200 93
192.168.10.96 - - [06/Jun/2017:14:46:31 -0300] "GET /cormun/servlet/hpexe_return? HTTP/1.1" 200 1024
192.168.10.96 - - [06/Jun/2017:14:46:31 -0300] "GET /cormun/servlet/trsolicitudot?gx-no-cache=1496771139608 HTTP/1.1" 200 8554
192.168.10.96 - - [06/Jun/2017:14:46:31 -0300] "GET /cormun/servlet/trsolicitudot?gx-no-cache=1496771139608 HTTP/1.1" 200 8571
192.168.10.96 - - [06/Jun/2017:14:46:39 -0300] "POST /cormun/servlet/trsolicitudot?7988668afdf9171b5c79662c3f6a85ff,gx-no-cache=1496771139608,gx-no-cache=1496771199506 HTTP/1.1" 200 4531
192.168.10.96 - - [06/Jun/2017:14:46:39 -0300] "GET /cormun/static/Shared/jqueryui/images/ui-bg_highlight-soft_100_c6c2c8_1x100.png HTTP/1.1" 404 1117
192.168.10.96 - - [06/Jun/2017:14:46:39 -0300] "GET /cormun/static/Shared/jqueryui/images/ui-icons_82798d_256x240.png HTTP/1.1" 404 1089
192.168.10.96 - - [06/Jun/2017:14:46:39 -0300] "GET /cormun/static/Shared/jqueryui/images/ui-icons_8d78a5_256x240.png HTTP/1.1" 404 1089
192.168.10.96 - - [06/Jun/2017:14:46:39 -0300] "GET /cormun/static/Shared/jqueryui/images/ui-bg_flat_55_fafafa_40x100.png HTTP/1.1" 404 1097
192.168.10.96 - - [06/Jun/2017:14:46:39 -0300] "POST /cormun/servlet/trsolicitudot?7988668afdf9171b5c79662c3f6a85ff,gx-no-cache=1496771139608,gx-no-cache=1496771199689 HTTP/1.1" 200 4290
200.112.7.114 - - [06/Jun/2017:14:46:55 -0300] "GET /cormun/servlet/hlogin HTTP/1.1" 200 1718
200.112.7.114 - - [06/Jun/2017:14:46:55 -0300] "GET /cormun/static/Resources/Spanish/PXTools.css?11423723 HTTP/1.1" 304 -
200.112.7.114 - - [06/Jun/2017:14:46:55 -0300] "GET /cormun/static/gxtimezone.js?85251 HTTP/1.1" 304 -
200.112.7.114 - - [06/Jun/2017:14:46:55 -0300] "GET /cormun/static/gxgral.js?85251 HTTP/1.1" 304 -
200.112.7.114 - - [06/Jun/2017:14:46:55 -0300] "GET /cormun/static/gxcfg.js?20175251213516 HTTP/1.1" 304 -
200.112.7.114 - - [06/Jun/2017:14:46:55 -0300] "GET /cormun/static/Resources/ComunLogin.png HTTP/1.1" 304 -
200.112.7.114 - - [06/Jun/2017:14:46:55 -0300] "GET /cormun/static/messages.spa.js?85251 HTTP/1.1" 304 -
200.112.7.114 - - [06/Jun/2017:14:46:55 -0300] "GET /cormun/static/hlogin.js?20175251213537 HTTP/1.1" 304 -
200.112.7.114 - - [06/Jun/2017:14:46:55 -0300] "GET /cormun/static/Resources/PXToolsLoginBackground.png HTTP/1.1" 304 -
200.112.7.114 - - [06/Jun/2017:14:46:55 -0300] "GET /cormun/static/Resources/PXToolsLoginBottom.png HTTP/1.1" 304 -
200.112.7.114 - - [06/Jun/2017:14:46:55 -0300] "GET /cormun/static/Resources/PXToolsButtonBackground2.png HTTP/1.1" 304 -
200.112.7.114 - - [06/Jun/2017:14:46:55 -0300] "GET /cormun/static/Resources/PXToolsButtonRight21.png HTTP/1.1" 304 -
200.112.7.114 - - [06/Jun/2017:14:46:55 -0300] "GET /cormun/static/Resources/PXToolsButtonLeft21.png HTTP/1.1" 304 -
200.112.7.114 - - [06/Jun/2017:14:46:55 -0300] "GET /cormun/static/Resources/PXToolsLoginTop.png HTTP/1.1" 304 -
200.112.7.114 - - [06/Jun/2017:14:46:55 -0300] "GET /cormun/static/Resources/indicator.gif HTTP/1.1" 304 -
200.112.7.114 - - [06/Jun/2017:14:47:05 -0300] "POST /cormun/servlet/hlogin?a805dc4911e0bce9287a83442635accf,gx-no-cache=1496771278115 HTTP/1.1" 200 90
200.112.7.114 - - [06/Jun/2017:14:47:05 -0300] "GET /cormun/servlet/hpexe_link HTTP/1.1" 200 948
200.112.7.114 - - [06/Jun/2017:14:47:05 -0300] "GET /cormun/servlet/hhome HTTP/1.1" 200 4026
200.112.7.114 - - [06/Jun/2017:14:47:17 -0300] "GET /cormun/servlet/trsolicitudot? HTTP/1.1" 200 12425
200.112.7.114 - - [06/Jun/2017:14:47:21 -0300] "GET /cormun/servlet/solicitudot?INS,0,0, HTTP/1.1" 200 12881
192.168.10.96 - - [06/Jun/2017:14:47:21 -0300] "GET /cormun/servlet/trautorizarsolicitud? HTTP/1.1" 200 8935
192.168.10.96 - - [06/Jun/2017:14:47:22 -0300] "GET /cormun/servlet/trautorizarsolicitud? HTTP/1.1" 200 8914
192.168.10.96 - - [06/Jun/2017:14:47:24 -0300] "POST /cormun/servlet/trautorizarsolicitud?7988668afdf9171b5c79662c3f6a85ff,,gx-no-cache=1496771244088 HTTP/1.1" 200 5798
192.168.10.96 - - [06/Jun/2017:14:47:24 -0300] "GET /cormun/static/Shared/jqueryui/images/ui-bg_highlight-soft_100_c6c2c8_1x100.png HTTP/1.1" 404 1117
192.168.10.96 - - [06/Jun/2017:14:47:24 -0300] "GET /cormun/static/Shared/jqueryui/images/ui-icons_82798d_256x240.png HTTP/1.1" 404 1089
192.168.10.96 - - [06/Jun/2017:14:47:24 -0300] "GET /cormun/static/Shared/jqueryui/images/ui-icons_8d78a5_256x240.png HTTP/1.1" 404 1089
192.168.10.96 - - [06/Jun/2017:14:47:24 -0300] "GET /cormun/static/Shared/jqueryui/images/ui-bg_flat_55_fafafa_40x100.png HTTP/1.1" 404 1097
192.168.10.96 - - [06/Jun/2017:14:47:24 -0300] "POST /cormun/servlet/trautorizarsolicitud?7988668afdf9171b5c79662c3f6a85ff,,gx-no-cache=1496771244311 HTTP/1.1" 200 5743
192.168.10.96 - - [06/Jun/2017:14:47:25 -0300] "POST /cormun/servlet/trautorizarsolicitud?7988668afdf9171b5c79662c3f6a85ff,,gx-no-cache=1496771244924 HTTP/1.1" 200 5482
192.168.10.96 - - [06/Jun/2017:14:47:25 -0300] "POST /cormun/servlet/trautorizarsolicitud?7988668afdf9171b5c79662c3f6a85ff,,gx-no-cache=1496771245122 HTTP/1.1" 200 5427
192.168.10.96 - - [06/Jun/2017:14:47:25 -0300] "POST /cormun/servlet/trautorizarsolicitud?7988668afdf9171b5c79662c3f6a85ff,,gx-no-cache=1496771245754 HTTP/1.1" 200 4351
192.168.10.96 - - [06/Jun/2017:14:47:26 -0300] "POST /cormun/servlet/trautorizarsolicitud?7988668afdf9171b5c79662c3f6a85ff,,gx-no-cache=1496771245926 HTTP/1.1" 200 4114
186.103.248.213 - - [06/Jun/2017:14:47:27 -0300] "GET /cormun/servlet/trlicenciaspermisosadjuntos?15739045,20170606000000,L, HTTP/1.1" 200 6352
186.103.248.213 - - [06/Jun/2017:14:47:27 -0300] "GET /cormun/static/gxcfg.js?20175251265349 HTTP/1.1" 200 953
186.103.248.213 - - [06/Jun/2017:14:47:27 -0300] "GET /cormun/static/trlicenciaspermisosadjuntos.js?2017525126577 HTTP/1.1" 200 21036
186.103.248.213 - - [06/Jun/2017:14:47:28 -0300] "GET /cormun/servlet/trlicenciaspermisosadjuntos?15739045,20170606000000,L, HTTP/1.1" 200 6352
186.103.248.213 - - [06/Jun/2017:14:47:29 -0300] "POST /cormun/servlet/acontrolpreferencessavestate?None,CKARLABS,true HTTP/1.1" 200 35
186.103.248.213 - - [06/Jun/2017:14:47:35 -0300] "GET /cormun/servlet/licenciaspermisosadjuntos?INS,15739045,L,20170606000000,, HTTP/1.1" 200 5654
186.103.248.213 - - [06/Jun/2017:14:47:36 -0300] "GET /cormun/static/gxcfg.js?201752511544364 HTTP/1.1" 200 953
186.103.248.213 - - [06/Jun/2017:14:47:36 -0300] "GET /cormun/static/licenciaspermisosadjuntos.js?201752511544378 HTTP/1.1" 200 8760
186.103.248.213 - - [06/Jun/2017:14:47:36 -0300] "GET /cormun/static/about:blank HTTP/1.1" 404 1011
186.103.248.213 - - [06/Jun/2017:14:47:36 -0300] "GET /cormun/servlet/licenciaspermisosadjuntos?INS,15739045,L,20170606000000,, HTTP/1.1" 200 5643
192.168.10.96 - - [06/Jun/2017:14:47:50 -0300] "GET /cormun/servlet/hlogin HTTP/1.1" 200 1739
192.168.10.96 - - [06/Jun/2017:14:47:59 -0300] "POST /cormun/servlet/hlogin?7988668afdf9171b5c79662c3f6a85ff,gx-no-cache=1496771279785 HTTP/1.1" 200 90
192.168.10.96 - - [06/Jun/2017:14:47:59 -0300] "GET /cormun/servlet/hpexe_link HTTP/1.1" 200 949
192.168.10.96 - - [06/Jun/2017:14:48:00 -0300] "GET /cormun/servlet/hhome HTTP/1.1" 200 4328
192.168.10.96 - - [06/Jun/2017:14:48:00 -0300] "GET /cormun/servlet/hhome HTTP/1.1" 200 4324
200.112.7.114 - - [06/Jun/2017:14:48:24 -0300] "POST /cormun/servlet/solicitudot?gx-no-cache=1496771357643 HTTP/1.1" 200 3175
200.112.7.114 - - [06/Jun/2017:14:48:25 -0300] "POST /cormun/servlet/solicitudot?a805dc4911e0bce9287a83442635accf,INS,0,0,,gx-no-cache=1496771358221 HTTP/1.1" 200 9967
200.112.7.114 - - [06/Jun/2017:14:48:32 -0300] "GET /cormun/servlet/solicitudot?e2d277f0a3c9eadd13f5ca80f1282ddebb51fec7780e1a6f36d95128c7f8b4d35af71d2d2761f0bb4b7f81acde719638,gx-no-cache=1496771365847 HTTP/1.1" 200 30
200.112.7.114 - - [06/Jun/2017:14:48:32 -0300] "POST /cormun/servlet/solicitudot?gx-no-cache=1496771365934 HTTP/1.1" 200 240
200.112.7.114 - - [06/Jun/2017:14:48:32 -0300] "GET /cormun/servlet/solicitudot?e2d277f0a3c9eadd13f5ca80f1282dde490f14b63aab96593ae8cb2cafb0a551e744f8455a9306a938a9a522b53e3837bdcb22f9eb91754bb4b8b4ee302bfc3a74baa98f9e166b08fd6c3f2dd26d2000479311b46c381c723b5a5aedcd82e0a0ed6b37ad5be92072dc63b868610df33601a05432c2d7a1afc83ce64d6145b4f5fca08f30847d0868c57255d42f01dee2f1ddcdd4093056aa73547f8fa9c287022c311dac753890bbf1b39e92f1fd7348ad319d8d90019ac5da1eb7d6b079cb6f1439cd9c2ac537cc112e100e04387de72f1c4b62145344aaa6365052c546a8a7fcaaea049cafc97c6c30edddbfa6ff4e53fc67e87f83606cb0833271e3a24ae59b07332b307cce99625371d7700708984df7546fb19d98f09b1b5e8dc8035d18cd5a4b61cdd62e3d93b946c0c282b4b9d0bdd4be589e21040ecc9e6b23c5566413ff2e577271da03af562f9208e2a4d0a9ecf656fca946fc37001b3d1aec2726f65b5d49c0b176412cdc1c55932a3402fab8bb80606a0bd2df3d0133ff7f725f,gx-no-cache=1496771366023 HTTP/1.1" 200 30
200.112.7.114 - - [06/Jun/2017:14:48:34 -0300] "POST /cormun/servlet/solicitudot?gx-no-cache=1496771367683 HTTP/1.1" 200 30
200.112.7.114 - - [06/Jun/2017:14:48:54 -0300] "GET /cormun/servlet/prcontratosol?16881894,,,,,MD,,gxPopupLevel%3D0%3B HTTP/1.1" 200 6000
200.112.7.114 - - [06/Jun/2017:14:48:54 -0300] "GET /cormun/static/gxcfg.js?201731711522183 HTTP/1.1" 200 953
