186.103.248.213 - - [06/Jun/2017:17:39:12 -0300] "GET /cormun/servlet/permisosadjuntos?INS,12292074,P,20170606145211,, HTTP/1.1" 200 5408
192.168.10.96 - - [06/Jun/2017:17:39:18 -0300] "GET /cormun/servlet/trlicenciasgenerales? HTTP/1.1" 200 15672
192.168.10.96 - - [06/Jun/2017:17:39:19 -0300] "GET /cormun/servlet/trlicenciasgenerales? HTTP/1.1" 200 15666
200.112.4.111 - - [06/Jun/2017:17:39:25 -0300] "GET /cormun/servlet/hlogin HTTP/1.1" 200 1727
200.112.4.111 - - [06/Jun/2017:17:39:26 -0300] "GET /cormun/static/gxtimezone.js?85251 HTTP/1.1" 200 5781
200.112.4.111 - - [06/Jun/2017:17:39:26 -0300] "GET /cormun/static/gxcfg.js?20175251213516 HTTP/1.1" 200 953
200.112.4.111 - - [06/Jun/2017:17:39:28 -0300] "GET /cormun/static/Resources/Spanish/PXTools.css?11423723 HTTP/1.1" 200 89042
200.112.4.111 - - [06/Jun/2017:17:39:29 -0300] "GET /cormun/static/messages.spa.js?85251 HTTP/1.1" 200 30736
200.112.4.111 - - [06/Jun/2017:17:39:30 -0300] "GET /cormun/static/hlogin.js?20175251213537 HTTP/1.1" 200 2136
200.112.4.111 - - [06/Jun/2017:17:39:30 -0300] "GET /cormun/static/Resources/ComunLogin.png HTTP/1.1" 200 17326
186.103.248.213 - - [06/Jun/2017:17:39:33 -0300] "POST /cormun/servlet/permisosadjuntos?d9814b312e42c96c9db88412a4e3518e,INS,12292074,P,20170606145211,, HTTP/1.1" 200 116
186.103.248.213 - - [06/Jun/2017:17:39:33 -0300] "GET /cormun/servlet/hpexe_return? HTTP/1.1" 200 1037
186.103.248.213 - - [06/Jun/2017:17:39:33 -0300] "GET /cormun/static/gxcfg.js?2016101716175148 HTTP/1.1" 200 953
186.103.248.213 - - [06/Jun/2017:17:39:33 -0300] "GET /cormun/servlet/trpermisosadjuntos?12292074,20170606145211,P, HTTP/1.1" 200 6542
200.112.4.111 - - [06/Jun/2017:17:39:34 -0300] "GET /cormun/static/gxgral.js?85251 HTTP/1.1" 200 384558
186.103.248.213 - - [06/Jun/2017:17:39:34 -0300] "GET /cormun/servlet/trpermisosadjuntos?12292074,20170606145211,P, HTTP/1.1" 200 6539
200.112.4.111 - - [06/Jun/2017:17:39:35 -0300] "GET /cormun/static/Resources/PXToolsLoginTop.png HTTP/1.1" 200 1337
200.112.4.111 - - [06/Jun/2017:17:39:35 -0300] "GET /cormun/static/Resources/PXToolsLoginBackground.png HTTP/1.1" 200 1164
200.112.4.111 - - [06/Jun/2017:17:39:35 -0300] "GET /cormun/static/Resources/PXToolsButtonLeft21.png HTTP/1.1" 200 1287
200.112.4.111 - - [06/Jun/2017:17:39:35 -0300] "GET /cormun/static/Resources/PXToolsButtonRight21.png HTTP/1.1" 200 1283
200.112.4.111 - - [06/Jun/2017:17:39:35 -0300] "GET /cormun/servlet/hlogin HTTP/1.1" 200 1732
200.112.4.111 - - [06/Jun/2017:17:39:36 -0300] "GET /cormun/static/Resources/PXToolsButtonBackground2.png HTTP/1.1" 200 1181
200.112.4.111 - - [06/Jun/2017:17:39:36 -0300] "GET /cormun/static/Resources/PXToolsLoginBottom.png HTTP/1.1" 200 1389
200.112.4.111 - - [06/Jun/2017:17:39:36 -0300] "GET /cormun/static/Resources/indicator.gif HTTP/1.1" 200 1553
200.112.4.111 - - [06/Jun/2017:17:39:36 -0300] "GET /cormun/static/Resources/PXToolsButtonBackground2.png HTTP/1.1" 200 1181
200.112.4.111 - - [06/Jun/2017:17:39:36 -0300] "GET /cormun/static/Resources/PXToolsLoginBottom.png HTTP/1.1" 200 1389
200.112.4.111 - - [06/Jun/2017:17:39:36 -0300] "GET /cormun/static/Resources/indicator.gif HTTP/1.1" 200 1553
200.112.4.111 - - [06/Jun/2017:17:39:38 -0300] "GET /favicon.ico HTTP/1.1" 200 21630
186.103.248.213 - - [06/Jun/2017:17:39:43 -0300] "POST /cormun/servlet/trpermisosadjuntos?d9814b312e42c96c9db88412a4e3518e,12292074,20170606145211,P,,gx-no-cache=1496781639963 HTTP/1.1" 200 90
186.103.248.213 - - [06/Jun/2017:17:39:43 -0300] "GET /cormun/servlet/hpexe_link HTTP/1.1" 200 980
186.103.248.213 - - [06/Jun/2017:17:39:43 -0300] "GET /cormun/servlet/trpermisosgoce HTTP/1.1" 200 9953
186.103.248.213 - - [06/Jun/2017:17:39:44 -0300] "GET /cormun/servlet/trpermisosgoce HTTP/1.1" 200 9951
186.103.156.166 - - [06/Jun/2017:17:40:03 -0300] "GET /cormun/servlet/trpermisosadjuntos?7833769,20170606173733,P, HTTP/1.1" 200 6050
186.103.156.166 - - [06/Jun/2017:17:40:03 -0300] "GET /cormun/static/gxcfg.js?20175251271483 HTTP/1.1" 200 953
186.103.156.166 - - [06/Jun/2017:17:40:03 -0300] "GET /cormun/static/trpermisosadjuntos.js?20175251271844 HTTP/1.1" 304 -
186.103.156.166 - - [06/Jun/2017:17:40:04 -0300] "GET /cormun/servlet/trpermisosadjuntos?7833769,20170606173733,P, HTTP/1.1" 200 6050
186.103.156.166 - - [06/Jun/2017:17:40:09 -0300] "GET /cormun/servlet/permisosadjuntos?INS,7833769,P,20170606173733,, HTTP/1.1" 200 5374
186.103.156.166 - - [06/Jun/2017:17:40:09 -0300] "GET /cormun/static/gxcfg.js?201741111155774 HTTP/1.1" 200 953
186.103.156.166 - - [06/Jun/2017:17:40:09 -0300] "GET /cormun/static/permisosadjuntos.js?201741111155784 HTTP/1.1" 304 -
186.103.156.166 - - [06/Jun/2017:17:40:09 -0300] "GET /cormun/static/Resources/Spanish/PXTools.css?11294912 HTTP/1.1" 200 89042
186.103.156.166 - - [06/Jun/2017:17:40:10 -0300] "GET /cormun/static/about:blank HTTP/1.1" 404 1011
186.103.156.166 - - [06/Jun/2017:17:40:10 -0300] "GET /cormun/servlet/permisosadjuntos?INS,7833769,P,20170606173733,, HTTP/1.1" 200 5364
186.103.248.213 - - [06/Jun/2017:17:40:10 -0300] "GET /cormun/servlet/trpermisosgoce HTTP/1.1" 200 9951
192.168.10.96 - - [06/Jun/2017:17:40:17 -0300] "GET /cormun/servlet/trsolicitudgral? HTTP/1.1" 200 8656
192.168.10.96 - - [06/Jun/2017:17:40:17 -0300] "GET /cormun/servlet/trsolicitudgral? HTTP/1.1" 200 8656
186.103.248.213 - - [06/Jun/2017:17:40:22 -0300] "GET /cormun/servlet/trpermisosgoce HTTP/1.1" 200 9951
186.103.248.213 - - [06/Jun/2017:17:40:23 -0300] "GET /cormun/servlet/trpermisosgoce HTTP/1.1" 200 9951
186.103.248.213 - - [06/Jun/2017:17:40:23 -0300] "GET /favicon.ico HTTP/1.1" 200 21630
186.103.248.213 - - [06/Jun/2017:17:40:30 -0300] "POST /cormun/servlet/trpermisosgoce?d9814b312e42c96c9db88412a4e3518e,gx-no-cache=1496781686394 HTTP/1.1" 200 7154
186.103.248.213 - - [06/Jun/2017:17:40:30 -0300] "GET /cormun/static/Shared/jqueryui/images/ui-bg_highlight-soft_100_c6c2c8_1x100.png HTTP/1.1" 404 1117
186.103.248.213 - - [06/Jun/2017:17:40:30 -0300] "GET /cormun/static/Shared/jqueryui/images/ui-bg_flat_55_fafafa_40x100.png HTTP/1.1" 404 1097
186.103.248.213 - - [06/Jun/2017:17:40:30 -0300] "GET /cormun/static/Shared/jqueryui/images/ui-icons_82798d_256x240.png HTTP/1.1" 404 1089
186.103.248.213 - - [06/Jun/2017:17:40:30 -0300] "GET /cormun/static/Shared/jqueryui/images/ui-icons_8d78a5_256x240.png HTTP/1.1" 404 1089
186.103.159.43 - - [06/Jun/2017:17:40:33 -0300] "GET /cormun/servlet/hlogin HTTP/1.1" 200 1721
192.168.10.96 - - [06/Jun/2017:17:40:35 -0300] "POST /cormun/servlet/trsolicitudgral?f7fae5d492e9a4e7e2179e6359d0ca1c,,gx-no-cache=1496781635072 HTTP/1.1" 200 5359
186.103.159.43 - - [06/Jun/2017:17:40:35 -0300] "POST /cormun/servlet/hlogin?52d45c7febf5eadec03c009c625e85af,gx-no-cache=1496781691084 HTTP/1.1" 200 90
186.103.159.43 - - [06/Jun/2017:17:40:35 -0300] "GET /cormun/servlet/hpexe_link HTTP/1.1" 200 951
186.103.159.43 - - [06/Jun/2017:17:40:35 -0300] "GET /cormun/servlet/hhome HTTP/1.1" 200 3762
186.103.248.213 - - [06/Jun/2017:17:40:36 -0300] "GET /cormun/servlet/apermisogoceprn?12292074,P,20170606145211,PU HTTP/1.1" 200 1663
186.103.159.43 - - [06/Jun/2017:17:40:36 -0300] "GET /cormun/servlet/hhome HTTP/1.1" 200 3759
186.103.159.43 - - [06/Jun/2017:17:40:42 -0300] "GET /cormun/servlet/trlicencias? HTTP/1.1" 200 11366
186.103.159.43 - - [06/Jun/2017:17:40:42 -0300] "GET /cormun/servlet/trlicencias? HTTP/1.1" 200 11363
192.168.10.96 - - [06/Jun/2017:17:40:51 -0300] "POST /cormun/servlet/trsolicitudgral?f7fae5d492e9a4e7e2179e6359d0ca1c,,gx-no-cache=1496781651250 HTTP/1.1" 200 5358
186.103.159.43 - - [06/Jun/2017:17:40:53 -0300] "GET /cormun/servlet/licenciaspermisos?INS,0,,, HTTP/1.1" 200 7176
186.103.159.43 - - [06/Jun/2017:17:40:54 -0300] "GET /cormun/servlet/licenciaspermisos?INS,0,,, HTTP/1.1" 200 7175
186.103.159.43 - - [06/Jun/2017:17:41:24 -0300] "GET /cormun/servlet/licenciaspermisos?e5ccd7b59bb12192262418daeed6fa7101ade06548032d734916f16da6548006c7fbfd6569a8e2978f928c9507f763ff,gx-no-cache=1496781739780 HTTP/1.1" 200 98
186.103.159.43 - - [06/Jun/2017:17:41:24 -0300] "POST /cormun/servlet/licenciaspermisos?52d45c7febf5eadec03c009c625e85af,INS,0,,,,gx-no-cache=1496781739898 HTTP/1.1" 200 4505
186.103.156.166 - - [06/Jun/2017:17:43:47 -0300] "POST /cormun/servlet/permisosadjuntos?cffba3f34c21f7c9f9a1079cd9c49ae6,INS,7833769,P,20170606173733,, HTTP/1.1" 200 116
186.103.156.166 - - [06/Jun/2017:17:43:47 -0300] "GET /cormun/servlet/hpexe_return? HTTP/1.1" 200 1040
186.103.156.166 - - [06/Jun/2017:17:43:47 -0300] "GET /cormun/servlet/trpermisosadjuntos?7833769,20170606173733,P, HTTP/1.1" 200 6505
186.103.156.166 - - [06/Jun/2017:17:43:48 -0300] "GET /cormun/servlet/trpermisosadjuntos?7833769,20170606173733,P, HTTP/1.1" 200 6501
186.103.156.166 - - [06/Jun/2017:17:43:59 -0300] "POST /cormun/servlet/trpermisosadjuntos?cffba3f34c21f7c9f9a1079cd9c49ae6,7833769,20170606173733,P,,gx-no-cache=1496781890574 HTTP/1.1" 200 90
186.103.156.166 - - [06/Jun/2017:17:43:59 -0300] "GET /cormun/servlet/hpexe_link HTTP/1.1" 200 985
186.103.156.166 - - [06/Jun/2017:17:43:59 -0300] "GET /cormun/servlet/trpermisosgoce HTTP/1.1" 200 9814
186.103.156.166 - - [06/Jun/2017:17:43:59 -0300] "GET /cormun/servlet/trpermisosgoce HTTP/1.1" 200 9813
186.103.159.43 - - [06/Jun/2017:17:44:19 -0300] "GET /cormun/servlet/licenciaspermisos?e5ccd7b59bb12192262418daeed6fa7118eb54525789ee2a4f31267a7d2d0d5af0e31a5955bdb3037bba4a9075ee3d6e973660ba93e0c379e4cf69bf73a1cacda6eb88709460a8ffcb83e444f4dddae12860a94e1ae5e932c6faa6da8a719c03ddf0e2b9c7681cdbaaefeb3ae7b51d4c00e96a7ec331a508ecdd37d64176c2c3b32e0817f8b51ea0e7dd3b2e9807cc71a4decb0b31d99bcdd5ddabebf701e8fddb23dd4a21a4c80388a1f80785cf9407e5e6d99ba3a2d7d5baec5d45c40824d0ed287723b5549aea27eb8f227cbde3f3849c01a6505d113b7ba6ffc4337c45c7,gx-no-cache=1496781915326 HTTP/1.1" 200 30
186.103.159.43 - - [06/Jun/2017:17:44:20 -0300] "POST /cormun/servlet/licenciaspermisos?52d45c7febf5eadec03c009c625e85af,INS,0,,,,gx-no-cache=1496781915666 HTTP/1.1" 200 4579
186.103.156.166 - - [06/Jun/2017:17:44:42 -0300] "POST /cormun/servlet/trpermisosgoce?cffba3f34c21f7c9f9a1079cd9c49ae6,gx-no-cache=1496781934076 HTTP/1.1" 200 7080
186.103.156.166 - - [06/Jun/2017:17:44:42 -0300] "GET /cormun/static/Shared/jqueryui/images/ui-bg_highlight-soft_100_c6c2c8_1x100.png HTTP/1.1" 404 1117
186.103.156.166 - - [06/Jun/2017:17:44:42 -0300] "GET /cormun/static/Shared/jqueryui/images/ui-icons_82798d_256x240.png HTTP/1.1" 404 1089
186.103.156.166 - - [06/Jun/2017:17:44:42 -0300] "GET /cormun/static/Shared/jqueryui/images/ui-bg_flat_55_fafafa_40x100.png HTTP/1.1" 404 1097
186.103.156.166 - - [06/Jun/2017:17:44:42 -0300] "GET /cormun/static/Shared/jqueryui/images/ui-icons_8d78a5_256x240.png HTTP/1.1" 404 1089
186.103.159.43 - - [06/Jun/2017:17:45:20 -0300] "GET /cormun/servlet/licenciaspermisos?e5ccd7b59bb12192262418daeed6fa71e7b915b84817b6e5113875785f1074017a58f120aef26a7249de955c9642f9ba9b7a0061f9b31e137d8dbc4952b8b0155d919f70f5f162fc3fe800bd8cb066eeb59242a2c70dcffef5a5be2c4ba3cf89941fcc9c43d23a991c6060d3d0c945c920c5a4a32b61724732fa69066861960b0dce7819da3fcd6203fbf85c3883f24cfa5be38f1b61525e31ed0f6a00ecaf9ff37f71a69973ee2059fd542f6516bdc38de81d46d49c50d988c98c3e6da96fab136cd0c36efb7928602b05587f3c149e3262e971eab29da5f86349f55d651ca2787e02189edbef6bf8cb38e541c10ac2,gx-no-cache=1496781976561 HTTP/1.1" 200 62
186.103.159.43 - - [06/Jun/2017:17:45:21 -0300] "POST /cormun/servlet/licenciaspermisos?52d45c7febf5eadec03c009c625e85af,INS,0,,,,gx-no-cache=1496781976622 HTTP/1.1" 200 93
186.103.159.43 - - [06/Jun/2017:17:45:21 -0300] "GET /cormun/servlet/hpexe_return? HTTP/1.1" 200 1010
186.103.159.43 - - [06/Jun/2017:17:45:21 -0300] "GET /cormun/servlet/trlicencias HTTP/1.1" 200 11693
186.103.159.43 - - [06/Jun/2017:17:45:22 -0300] "GET /cormun/servlet/trlicencias HTTP/1.1" 200 11687
186.103.156.166 - - [06/Jun/2017:17:45:22 -0300] "GET /cormun/servlet/hhome HTTP/1.1" 200 3353
186.103.156.166 - - [06/Jun/2017:17:45:23 -0300] "GET /cormun/servlet/hhome HTTP/1.1" 200 3363
186.103.156.166 - - [06/Jun/2017:17:45:23 -0300] "GET /cormun/servlet/hlogin HTTP/1.1" 200 1729
186.103.159.43 - - [06/Jun/2017:17:45:45 -0300] "GET /cormun/servlet/hlogin HTTP/1.1" 200 1713
186.103.159.43 - - [06/Jun/2017:17:45:47 -0300] "POST /cormun/servlet/hlogin?1f1566574b46f8c554c3bfbbd37dbd5e,gx-no-cache=1496782002829 HTTP/1.1" 200 90
186.103.159.43 - - [06/Jun/2017:17:45:47 -0300] "GET /cormun/servlet/hpexe_link HTTP/1.1" 200 945
186.103.159.43 - - [06/Jun/2017:17:45:47 -0300] "GET /cormun/servlet/hhome HTTP/1.1" 200 3758
186.103.159.43 - - [06/Jun/2017:17:45:48 -0300] "GET /cormun/servlet/hhome HTTP/1.1" 200 3755
186.103.159.43 - - [06/Jun/2017:17:45:50 -0300] "GET /cormun/servlet/trlicencias? HTTP/1.1" 200 11687
186.103.159.43 - - [06/Jun/2017:17:45:51 -0300] "GET /cormun/servlet/trlicencias? HTTP/1.1" 200 11685
186.103.159.43 - - [06/Jun/2017:17:46:15 -0300] "GET /cormun/servlet/hlogin HTTP/1.1" 200 1718
186.103.159.43 - - [06/Jun/2017:17:46:18 -0300] "POST /cormun/servlet/hlogin?2906282630d2ca67a6ed42bce96c9e36,gx-no-cache=1496782033683 HTTP/1.1" 200 90
186.103.159.43 - - [06/Jun/2017:17:46:18 -0300] "GET /cormun/servlet/hpexe_link HTTP/1.1" 200 951
186.103.159.43 - - [06/Jun/2017:17:46:18 -0300] "GET /cormun/servlet/hhome HTTP/1.1" 200 3764
186.103.159.43 - - [06/Jun/2017:17:46:19 -0300] "GET /cormun/servlet/hhome HTTP/1.1" 200 3760
200.111.191.210 - - [06/Jun/2017:17:46:19 -0300] "GET /cormun/servlet/trpermisosgoce? HTTP/1.1" 200 6051
200.111.191.210 - - [06/Jun/2017:17:46:19 -0300] "GET /cormun/servlet/trpermisosgoce? HTTP/1.1" 200 6049
200.111.191.210 - - [06/Jun/2017:17:46:19 -0300] "GET /cormun/servlet/hlogin HTTP/1.1" 200 1737
186.103.156.166 - - [06/Jun/2017:17:46:22 -0300] "POST /cormun/servlet/hlogin?24f80736136d1878690fdea913f2684d,gx-no-cache=1496782034086 HTTP/1.1" 200 90
186.103.156.166 - - [06/Jun/2017:17:46:22 -0300] "GET /cormun/servlet/hpexe_link HTTP/1.1" 200 946
186.103.156.166 - - [06/Jun/2017:17:46:22 -0300] "GET /cormun/servlet/hhome HTTP/1.1" 200 3974
186.103.159.43 - - [06/Jun/2017:17:46:22 -0300] "GET /cormun/servlet/trsolicitudot? HTTP/1.1" 200 11065
186.103.156.166 - - [06/Jun/2017:17:46:23 -0300] "GET /cormun/static/SmoothNavMenu/resources/images/right.gif HTTP/1.1" 200 860
186.103.159.43 - - [06/Jun/2017:17:46:23 -0300] "GET /cormun/servlet/trsolicitudot? HTTP/1.1" 200 11063
186.103.156.166 - - [06/Jun/2017:17:46:23 -0300] "GET /cormun/servlet/hhome HTTP/1.1" 200 3971
200.111.191.210 - - [06/Jun/2017:17:46:27 -0300] "POST /cormun/servlet/hlogin?61135e1957eb28d7680690e83a006e41,gx-no-cache=1496778438725 HTTP/1.1" 200 90
200.111.191.210 - - [06/Jun/2017:17:46:27 -0300] "GET /cormun/servlet/hpexe_link HTTP/1.1" 200 956
200.111.191.210 - - [06/Jun/2017:17:46:27 -0300] "GET /cormun/servlet/trpermisosgoce HTTP/1.1" 200 17229
200.111.191.210 - - [06/Jun/2017:17:46:28 -0300] "GET /cormun/servlet/trpermisosgoce HTTP/1.1" 200 17228
186.103.156.166 - - [06/Jun/2017:17:46:28 -0300] "GET /cormun/servlet/trautorizarpermisogoce? HTTP/1.1" 200 7638
186.103.156.166 - - [06/Jun/2017:17:46:28 -0300] "GET /cormun/static/gxcfg.js?20175251272542 HTTP/1.1" 200 953
186.103.156.166 - - [06/Jun/2017:17:46:28 -0300] "GET /cormun/static/trautorizarpermisogoce.js?20175251273090 HTTP/1.1" 304 -
186.103.156.166 - - [06/Jun/2017:17:46:29 -0300] "GET /cormun/servlet/trautorizarpermisogoce? HTTP/1.1" 200 7636
200.111.191.210 - - [06/Jun/2017:17:46:30 -0300] "GET /cormun/servlet/trpermisosgoce? HTTP/1.1" 200 17228
200.111.191.210 - - [06/Jun/2017:17:46:30 -0300] "GET /cormun/servlet/trpermisosgoce? HTTP/1.1" 200 17228
200.111.191.210 - - [06/Jun/2017:17:46:37 -0300] "GET /cormun/servlet/trpermisosadjuntos?16364189,20170531092535,P, HTTP/1.1" 200 6547
200.111.191.210 - - [06/Jun/2017:17:46:38 -0300] "GET /cormun/servlet/trpermisosadjuntos?16364189,20170531092535,P, HTTP/1.1" 200 6548
200.111.191.210 - - [06/Jun/2017:17:46:40 -0300] "GET /cormun/PublicTempStorage/pi%F1a236596.PDF HTTP/1.1" 206 644023
186.103.156.166 - - [06/Jun/2017:17:46:46 -0300] "POST /cormun/servlet/trautorizarpermisogoce?24f80736136d1878690fdea913f2684d,,gx-no-cache=1496782058138 HTTP/1.1" 200 4188
186.103.156.166 - - [06/Jun/2017:17:46:46 -0300] "GET /cormun/static/Shared/jqueryui/images/ui-bg_highlight-soft_100_c6c2c8_1x100.png HTTP/1.1" 404 1117
186.103.156.166 - - [06/Jun/2017:17:46:46 -0300] "GET /cormun/static/Shared/jqueryui/images/ui-icons_82798d_256x240.png HTTP/1.1" 404 1089
186.103.156.166 - - [06/Jun/2017:17:46:46 -0300] "GET /cormun/static/Shared/jqueryui/images/ui-bg_flat_55_fafafa_40x100.png HTTP/1.1" 404 1097
186.103.156.166 - - [06/Jun/2017:17:46:46 -0300] "GET /cormun/static/Shared/jqueryui/images/ui-icons_8d78a5_256x240.png HTTP/1.1" 404 1089
200.111.191.210 - - [06/Jun/2017:17:46:47 -0300] "GET /cormun/servlet/trpermisosadjuntos?16364189,20170531092535,P, HTTP/1.1" 200 6545
200.111.191.210 - - [06/Jun/2017:17:46:48 -0300] "GET /cormun/servlet/trpermisosadjuntos?16364189,20170531092535,P, HTTP/1.1" 200 6548
186.103.156.166 - - [06/Jun/2017:17:46:57 -0300] "GET /cormun/servlet/hlogin HTTP/1.1" 200 1740
186.103.159.43 - - [06/Jun/2017:17:47:24 -0300] "GET /cormun/servlet/trsolicitudot? HTTP/1.1" 200 11065
186.103.159.43 - - [06/Jun/2017:17:47:26 -0300] "GET /cormun/servlet/trsolicitudot? HTTP/1.1" 200 11063
186.103.159.43 - - [06/Jun/2017:17:47:26 -0300] "GET /cormun/servlet/trsolicitudot? HTTP/1.1" 200 11063
186.103.159.43 - - [06/Jun/2017:17:47:26 -0300] "GET /cormun/servlet/trsolicitudot? HTTP/1.1" 200 11063
186.103.159.43 - - [06/Jun/2017:17:47:35 -0300] "GET /cormun/servlet/trlicencias? HTTP/1.1" 200 11701
186.103.159.43 - - [06/Jun/2017:17:47:36 -0300] "GET /cormun/servlet/trlicencias? HTTP/1.1" 200 11700
186.103.159.43 - - [06/Jun/2017:17:47:42 -0300] "GET /cormun/servlet/licenciaspermisos?INS,0,,, HTTP/1.1" 200 7176
186.103.159.43 - - [06/Jun/2017:17:47:42 -0300] "GET /cormun/servlet/licenciaspermisos?INS,0,,, HTTP/1.1" 200 7175
192.168.10.96 - - [06/Jun/2017:17:48:05 -0300] "GET /cormun/servlet/trsolicitudgral? HTTP/1.1" 200 8659
192.168.10.96 - - [06/Jun/2017:17:48:05 -0300] "GET /cormun/servlet/trsolicitudgral? HTTP/1.1" 200 8659
186.103.159.43 - - [06/Jun/2017:17:48:08 -0300] "GET /cormun/servlet/licenciaspermisos?14cecd518bf4680a03983b168ce8ecf5eb13fa459b933360e4a267624173e1efb6283f4478a00ef4c6830a333a19c77a,gx-no-cache=1496782144095 HTTP/1.1" 200 98
186.103.159.43 - - [06/Jun/2017:17:48:08 -0300] "POST /cormun/servlet/licenciaspermisos?2906282630d2ca67a6ed42bce96c9e36,INS,0,,,,gx-no-cache=1496782144179 HTTP/1.1" 200 4505
192.168.10.96 - - [06/Jun/2017:17:48:14 -0300] "POST /cormun/servlet/trsolicitudgral?f7fae5d492e9a4e7e2179e6359d0ca1c,,gx-no-cache=1496782093864 HTTP/1.1" 200 5355
192.168.10.96 - - [06/Jun/2017:17:48:15 -0300] "POST /cormun/servlet/trsolicitudgral?f7fae5d492e9a4e7e2179e6359d0ca1c,,gx-no-cache=1496782095264 HTTP/1.1" 200 5355
186.103.159.43 - - [06/Jun/2017:17:49:54 -0300] "GET /cormun/servlet/licenciaspermisos?14cecd518bf4680a03983b168ce8ecf5898de866b7218ff153d178d96234de523a5bae325c8a45f2e85fa2ca9a42e6fcaebf0dce52db5e3f714a8296f024f7cefe54c02225e33bfbe2e09568df22aabb2ff7137ab198983ba1c262a2a300c41577e1e7b44b2f72bb08ea641c8e57ba430419daecae86ab9a8b0f3105156489edfa9f371d312c20daa175ccf772a58d99ec395086a5da7514154b1fb922eee6d05d9b71f3ca35e033f8e9b59f95507db22fd3a4a08f81d9e7af6a2ce02a97a922bef3936b1f6bc9f113361298358ea28013928daf04b119ef3f70d97432599efb,gx-no-cache=1496782250373 HTTP/1.1" 200 30
186.103.159.43 - - [06/Jun/2017:17:49:55 -0300] "POST /cormun/servlet/licenciaspermisos?2906282630d2ca67a6ed42bce96c9e36,INS,0,,,,gx-no-cache=1496782250665 HTTP/1.1" 200 4584
186.103.159.43 - - [06/Jun/2017:17:50:15 -0300] "GET /cormun/servlet/licenciaspermisos?14cecd518bf4680a03983b168ce8ecf5ecc0118bda0e8d23b12ed0cafaafcf4da24c916b153ed7fabe3f875b763fd517707d2d28ac68bc1cae5ea1032bc74359f0f9673abddf460747d6060c4eea6a5218a31078d65a229dcbda247c5f4003cdbf2c36635108b92111ada01786921bdbb62a3922b562e7c1c4e98d93cb630f965660672eb7690fd525e86b651834b55509c1b13b7ec04dcf34722f5910501a8dc954eebf194120df72e589a177a9f14e422d52688b746c4ab787121767d3941239c9a4eabdca283384a7d4b676503f708a260e024237a116de66623559fb51efb7c5281842fdc7333a4e9b52537621ae,gx-no-cache=1496782271248 HTTP/1.1" 200 62
186.103.159.43 - - [06/Jun/2017:17:50:15 -0300] "POST /cormun/servlet/licenciaspermisos?2906282630d2ca67a6ed42bce96c9e36,INS,0,,,,gx-no-cache=1496782271301 HTTP/1.1" 200 4667
186.103.159.43 - - [06/Jun/2017:17:50:15 -0300] "GET /cormun/static/Shared/jqueryui/images/ui-bg_highlight-soft_100_c6c2c8_1x100.png HTTP/1.1" 404 1117
186.103.159.43 - - [06/Jun/2017:17:50:15 -0300] "GET /cormun/static/Shared/jqueryui/images/ui-icons_82798d_256x240.png HTTP/1.1" 404 1089
186.103.159.43 - - [06/Jun/2017:17:50:15 -0300] "GET /cormun/static/Shared/jqueryui/images/ui-bg_flat_55_994d53_40x100.png HTTP/1.1" 404 1097
186.103.159.43 - - [06/Jun/2017:17:50:15 -0300] "GET /cormun/static/Shared/jqueryui/images/ui-icons_ebccce_256x240.png HTTP/1.1" 404 1089
186.103.159.43 - - [06/Jun/2017:17:50:24 -0300] "GET /cormun/servlet/licenciaspermisos?14cecd518bf4680a03983b168ce8ecf5eb13fa459b933360e4a267624173e1efbf81ff265d710ca40eb8d8ae629505d6f0c133ee4c834c83f7068b9484f283c200775fbdf9579e84055e7a23f358f58752dce756858f65c8181a1c0e1dd522f115ef48412ed2d3852dfc3e959930bbec4796b7ba5f46a2ce921574d173959000,gx-no-cache=1496782280191 HTTP/1.1" 200 98
186.103.159.43 - - [06/Jun/2017:17:50:24 -0300] "POST /cormun/servlet/licenciaspermisos?2906282630d2ca67a6ed42bce96c9e36,INS,0,,,,gx-no-cache=1496782280402 HTTP/1.1" 200 4619
186.103.159.43 - - [06/Jun/2017:17:50:25 -0300] "GET /cormun/servlet/licenciaspermisos?14cecd518bf4680a03983b168ce8ecf5898de866b7218ff153d178d96234de523a5bae325c8a45f2e85fa2ca9a42e6fcaebf0dce52db5e3f714a8296f024f7cefe54c02225e33bfbe2e09568df22aabb2ff7137ab198983ba1c262a2a300c41577e1e7b44b2f72bb08ea641c8e57ba430419daecae86ab9a8b0f3105156489edfa9f371d312c20daa175ccf772a58d99ec395086a5da7514154b1fb922eee6d05d9b71f3ca35e033f8e9b59f95507db22fd3a4a08f81d9e7af6a2ce02a97a922bef3936b1f6bc9f113361298358ea28013928daf04b119ef3f70d97432599efb,gx-no-cache=1496782280655 HTTP/1.1" 200 30
186.103.159.43 - - [06/Jun/2017:17:50:25 -0300] "GET /cormun/servlet/licenciaspermisos?14cecd518bf4680a03983b168ce8ecf5ecc0118bda0e8d23b12ed0cafaafcf4da24c916b153ed7fabe3f875b763fd517707d2d28ac68bc1cae5ea1032bc74359f0f9673abddf460747d6060c4eea6a5218a31078d65a229dcbda247c5f4003cdbf2c36635108b92111ada01786921bdbb62a3922b562e7c1c4e98d93cb630f965660672eb7690fd525e86b651834b55509c1b13b7ec04dcf34722f5910501a8dc954eebf194120df72e589a177a9f14e422d52688b746c4ab787121767d3941239c9a4eabdca283384a7d4b676503f708a260e024237a116de66623559fb51ef99917310fd00c4033d15ce80dbf6b5ed9355b7549406cbdf9cc4e1c22a5621244ee778905e7ecfc529af66f879828a14,gx-no-cache=1496782280731 HTTP/1.1" 200 62
186.103.159.43 - - [06/Jun/2017:17:50:25 -0300] "POST /cormun/servlet/licenciaspermisos?2906282630d2ca67a6ed42bce96c9e36,INS,0,,,,gx-no-cache=1496782280799 HTTP/1.1" 200 4667
186.103.159.43 - - [06/Jun/2017:17:50:31 -0300] "POST /cormun/servlet/licenciaspermisos?2906282630d2ca67a6ed42bce96c9e36,INS,0,,,,gx-no-cache=1496782286532 HTTP/1.1" 200 93
186.103.159.43 - - [06/Jun/2017:17:50:31 -0300] "GET /cormun/servlet/hpexe_return? HTTP/1.1" 200 1012
186.103.159.43 - - [06/Jun/2017:17:50:31 -0300] "GET /cormun/servlet/trlicencias HTTP/1.1" 200 11706
186.103.159.43 - - [06/Jun/2017:17:50:32 -0300] "GET /cormun/servlet/trlicencias HTTP/1.1" 200 11700
186.103.159.43 - - [06/Jun/2017:17:50:46 -0300] "POST /cormun/servlet/trlicencias?2906282630d2ca67a6ed42bce96c9e36,gx-no-cache=1496782301544 HTTP/1.1" 200 100
186.103.159.43 - - [06/Jun/2017:17:50:46 -0300] "GET /cormun/Licencias-873.xls HTTP/1.1" 200 9216
186.103.159.43 - - [06/Jun/2017:17:51:30 -0300] "GET /cormun/servlet/licenciaspermisos?INS,0,,, HTTP/1.1" 200 7176
186.103.159.43 - - [06/Jun/2017:17:51:30 -0300] "GET /cormun/servlet/licenciaspermisos?INS,0,,, HTTP/1.1" 200 7175
186.103.159.43 - - [06/Jun/2017:17:51:37 -0300] "GET /cormun/servlet/licenciaspermisos?14cecd518bf4680a03983b168ce8ecf589e7ac7b815dc54061aa00fa793e4bc593e2592d26eff8bd8a4125ec7fa57b1d,gx-no-cache=1496782353039 HTTP/1.1" 200 180
186.103.159.43 - - [06/Jun/2017:17:51:37 -0300] "GET /cormun/servlet/licenciaspermisos?14cecd518bf4680a03983b168ce8ecf5898de866b7218ff153d178d96234de5290334d914043318c38744c4aa9400e3aaebf0dce52db5e3f714a8296f024f7cefe54c02225e33bfbe2e09568df22aabb2ff7137ab198983ba1c262a2a300c41577e1e7b44b2f72bb08ea641c8e57ba430419daecae86ab9a8b0f3105156489edfa9f371d312c20daa175ccf772a58d99ec395086a5da7514154b1fb922eee6d05d9b71f3ca35e033f8e9b59f95507db22fd3a4a08f81d9e7af6a2ce02a97a922bef3936b1f6bc9f113361298358ea280b4d3062150cab3ca2cd39247f48480f5,gx-no-cache=1496782353137 HTTP/1.1" 200 30
186.103.159.43 - - [06/Jun/2017:17:51:37 -0300] "GET /cormun/servlet/licenciaspermisos?14cecd518bf4680a03983b168ce8ecf5ecc0118bda0e8d23b12ed0cafaafcf4d6c30627e7e2d6cb48ab4cce08e854f26707d2d28ac68bc1cae5ea1032bc74359f0f9673abddf460747d6060c4eea6a5218a31078d65a229dcbda247c5f4003cdbf2c36635108b92111ada01786921bdbb62a3922b562e7c1c4e98d93cb630f965660672eb7690fd525e86b651834b55509c1b13b7ec04dcf34722f5910501a8dc954eebf194120df72e589a177a9f14e422d52688b746c4ab787121767d3941239c9a4eabdca283384a7d4b676503f7021a5e7e18fd066189bdf262e2b87798f,gx-no-cache=1496782353162 HTTP/1.1" 200 29
186.103.159.43 - - [06/Jun/2017:17:51:37 -0300] "POST /cormun/servlet/licenciaspermisos?2906282630d2ca67a6ed42bce96c9e36,INS,0,,,,gx-no-cache=1496782353192 HTTP/1.1" 200 4722
186.103.159.43 - - [06/Jun/2017:17:51:44 -0300] "POST /cormun/servlet/licenciaspermisos?2906282630d2ca67a6ed42bce96c9e36,INS,0,,,,gx-no-cache=1496782360377 HTTP/1.1" 200 93
186.103.159.43 - - [06/Jun/2017:17:51:44 -0300] "GET /cormun/servlet/hpexe_return? HTTP/1.1" 200 1012
186.103.159.43 - - [06/Jun/2017:17:51:45 -0300] "GET /cormun/servlet/trlicencias HTTP/1.1" 200 11706
186.103.159.43 - - [06/Jun/2017:17:51:46 -0300] "GET /cormun/servlet/trlicencias HTTP/1.1" 200 11700
200.111.191.210 - - [06/Jun/2017:17:53:23 -0300] "GET /cormun/servlet/hlogin HTTP/1.1" 200 1764
186.103.159.43 - - [06/Jun/2017:17:53:26 -0300] "GET /cormun/servlet/alicenciaprn?19854422,L,20170606000000,PU HTTP/1.1" 200 1617
186.103.159.43 - - [06/Jun/2017:17:53:33 -0300] "GET /cormun/servlet/alicenciaprn?19854422,L,20170606000000,PU HTTP/1.1" 200 1621
186.103.159.43 - - [06/Jun/2017:17:55:32 -0300] "GET /cormun/servlet/trlicenciaspermisosadjuntos?19854422,20170606000000,L, HTTP/1.1" 200 6112
186.103.159.43 - - [06/Jun/2017:17:55:34 -0300] "GET /cormun/servlet/trlicenciaspermisosadjuntos?19854422,20170606000000,L, HTTP/1.1" 200 6113
186.103.159.43 - - [06/Jun/2017:17:55:36 -0300] "GET /cormun/servlet/licenciaspermisosadjuntos?INS,19854422,L,20170606000000,, HTTP/1.1" 200 5409
186.103.159.43 - - [06/Jun/2017:17:55:36 -0300] "GET /cormun/static/about:blank HTTP/1.1" 404 1011
186.103.159.43 - - [06/Jun/2017:17:55:36 -0300] "GET /cormun/servlet/licenciaspermisosadjuntos?INS,19854422,L,20170606000000,, HTTP/1.1" 200 5398
186.103.159.43 - - [06/Jun/2017:17:56:31 -0300] "POST /cormun/servlet/licenciaspermisosadjuntos?2906282630d2ca67a6ed42bce96c9e36,INS,19854422,L,20170606000000,, HTTP/1.1" 200 116
186.103.159.43 - - [06/Jun/2017:17:56:31 -0300] "GET /cormun/servlet/hpexe_return? HTTP/1.1" 200 1042
186.103.159.43 - - [06/Jun/2017:17:56:32 -0300] "GET /cormun/servlet/trlicenciaspermisosadjuntos?19854422,20170606000000,L, HTTP/1.1" 200 6610
186.103.159.43 - - [06/Jun/2017:17:56:32 -0300] "GET /cormun/servlet/trlicenciaspermisosadjuntos?19854422,20170606000000,L, HTTP/1.1" 200 6606
186.103.159.43 - - [06/Jun/2017:17:56:56 -0300] "GET /cormun/servlet/hlogin HTTP/1.1" 200 1725
186.103.159.43 - - [06/Jun/2017:17:56:58 -0300] "POST /cormun/servlet/hlogin?6cddab3b08e3a8191dd14ff8f5f7b2d7,gx-no-cache=1496782674291 HTTP/1.1" 200 90
186.103.159.43 - - [06/Jun/2017:17:56:58 -0300] "GET /cormun/servlet/hpexe_link HTTP/1.1" 200 953
186.103.159.43 - - [06/Jun/2017:17:56:58 -0300] "GET /cormun/servlet/hhome HTTP/1.1" 200 3765
186.103.159.43 - - [06/Jun/2017:17:56:59 -0300] "GET /cormun/servlet/hhome HTTP/1.1" 200 3762
186.103.159.43 - - [06/Jun/2017:17:57:03 -0300] "GET /cormun/servlet/trlicencias? HTTP/1.1" 200 11692
186.103.159.43 - - [06/Jun/2017:17:57:03 -0300] "GET /cormun/servlet/trlicencias? HTTP/1.1" 200 11690
186.103.159.43 - - [06/Jun/2017:17:57:26 -0300] "POST /cormun/servlet/trlicencias?6cddab3b08e3a8191dd14ff8f5f7b2d7,,gx-no-cache=1496782701634 HTTP/1.1" 200 9193
186.103.159.43 - - [06/Jun/2017:17:57:26 -0300] "GET /cormun/static/Shared/jqueryui/images/ui-bg_highlight-soft_100_c6c2c8_1x100.png HTTP/1.1" 404 1117
186.103.159.43 - - [06/Jun/2017:17:57:26 -0300] "GET /cormun/static/Shared/jqueryui/images/ui-icons_82798d_256x240.png HTTP/1.1" 404 1089
186.103.159.43 - - [06/Jun/2017:17:57:26 -0300] "GET /cormun/static/Shared/jqueryui/images/ui-bg_flat_55_fafafa_40x100.png HTTP/1.1" 404 1097
186.103.159.43 - - [06/Jun/2017:17:57:26 -0300] "GET /cormun/static/Shared/jqueryui/images/ui-icons_8d78a5_256x240.png HTTP/1.1" 404 1089
5.188.10.104 - - [06/Jun/2017:17:59:09 -0300] "GET /index.action HTTP/1.1" 404 985
91.196.50.33 - - [06/Jun/2017:18:03:19 -0300] "GET /testproxy.php HTTP/1.1" 404 987
192.168.10.89 - - [06/Jun/2017:18:04:36 -0300] "GET /cormun/servlet/hlogin HTTP/1.1" 200 1738
192.168.10.89 - - [06/Jun/2017:18:04:48 -0300] "POST /cormun/servlet/hlogin?dc87e928c1ba32f63f1233933e02b2b6,gx-no-cache=1496783087926 HTTP/1.1" 200 90
192.168.10.89 - - [06/Jun/2017:18:04:48 -0300] "GET /cormun/servlet/hpexe_link HTTP/1.1" 200 953
192.168.10.89 - - [06/Jun/2017:18:04:48 -0300] "GET /cormun/servlet/hhome HTTP/1.1" 200 4527
46.174.191.30 - - [06/Jun/2017:18:05:18 -0300] "GET / HTTP/1.0" 200 11197
192.168.10.89 - - [06/Jun/2017:18:06:19 -0300] "GET /cormun/servlet/trrenunciasgenerales? HTTP/1.1" 200 11248
192.168.10.89 - - [06/Jun/2017:18:06:19 -0300] "GET /cormun/static/gxcfg.js?20175251210085 HTTP/1.1" 304 -
192.168.10.89 - - [06/Jun/2017:18:06:19 -0300] "GET /cormun/static/trrenunciasgenerales.js?20175251210596 HTTP/1.1" 304 -
186.103.159.43 - - [06/Jun/2017:18:07:13 -0300] "GET /cormun/servlet/hlogin HTTP/1.1" 200 1722
186.103.159.43 - - [06/Jun/2017:18:07:16 -0300] "POST /cormun/servlet/hlogin?a2544fbc9472059f10572407902f0b56,gx-no-cache=1496783292275 HTTP/1.1" 200 90
186.103.159.43 - - [06/Jun/2017:18:07:16 -0300] "GET /cormun/servlet/hpexe_link HTTP/1.1" 200 951
186.103.159.43 - - [06/Jun/2017:18:07:16 -0300] "GET /cormun/servlet/hhome HTTP/1.1" 200 3763
186.103.159.43 - - [06/Jun/2017:18:07:17 -0300] "GET /cormun/servlet/hhome HTTP/1.1" 200 3760
186.103.159.43 - - [06/Jun/2017:18:07:20 -0300] "GET /cormun/servlet/trsolicitudot? HTTP/1.1" 200 11068
186.103.159.43 - - [06/Jun/2017:18:07:21 -0300] "GET /cormun/servlet/trsolicitudot? HTTP/1.1" 200 11065
186.103.159.43 - - [06/Jun/2017:18:07:24 -0300] "GET /cormun/servlet/solicitudot?INS,0,0, HTTP/1.1" 200 12631
192.168.10.89 - - [06/Jun/2017:18:07:24 -0300] "POST /cormun/servlet/trrenunciasgenerales?dc87e928c1ba32f63f1233933e02b2b6,,gx-no-cache=1496783244674 HTTP/1.1" 200 5689
186.103.159.43 - - [06/Jun/2017:18:07:25 -0300] "GET /cormun/servlet/solicitudot?INS,0,0, HTTP/1.1" 200 12635
192.168.10.89 - - [06/Jun/2017:18:07:27 -0300] "POST /cormun/servlet/trrenunciasgenerales?dc87e928c1ba32f63f1233933e02b2b6,,gx-no-cache=1496783247516 HTTP/1.1" 200 6820
192.168.10.89 - - [06/Jun/2017:18:07:29 -0300] "GET /cormun/static/menuarrow.gif HTTP/1.1" 404 1015
192.168.10.89 - - [06/Jun/2017:18:07:38 -0300] "GET /cormun/servlet/trrenunciasadjuntos?45,19020890, HTTP/1.1" 200 6954
192.168.10.89 - - [06/Jun/2017:18:07:38 -0300] "GET /cormun/static/gxcfg.js?20175251294928 HTTP/1.1" 304 -
192.168.10.89 - - [06/Jun/2017:18:07:38 -0300] "GET /cormun/static/trrenunciasadjuntos.js?20175251295234 HTTP/1.1" 304 -
192.168.10.89 - - [06/Jun/2017:18:07:39 -0300] "GET /cormun/PublicTempStorage/renuncia_josefa1870009.pdf HTTP/1.1" 200 335077
192.168.10.89 - - [06/Jun/2017:18:07:40 -0300] "GET /cormun/PublicTempStorage/renuncia_josefa1870009.pdf HTTP/1.1" 304 -
192.168.10.89 - - [06/Jun/2017:18:07:42 -0300] "GET /cormun/PublicTempStorage/renuncia_josefa1870009.pdf HTTP/1.1" 304 -
186.103.159.43 - - [06/Jun/2017:18:07:58 -0300] "POST /cormun/servlet/solicitudot?gx-no-cache=1496783333646 HTTP/1.1" 200 3193
186.103.159.43 - - [06/Jun/2017:18:07:58 -0300] "POST /cormun/servlet/solicitudot?a2544fbc9472059f10572407902f0b56,INS,0,0,,gx-no-cache=1496783333890 HTTP/1.1" 200 9834
186.103.159.43 - - [06/Jun/2017:18:08:02 -0300] "GET /cormun/servlet/solicitudot?2661781d3f71827d456ec15881ccb818fd956c61816bd79ddaaff9a9698b82c971de489a90a98883515c7e05146276f4,gx-no-cache=1496783338380 HTTP/1.1" 200 30
186.103.159.43 - - [06/Jun/2017:18:08:02 -0300] "POST /cormun/servlet/solicitudot?gx-no-cache=1496783338452 HTTP/1.1" 200 255
186.103.159.43 - - [06/Jun/2017:18:08:02 -0300] "GET /cormun/servlet/solicitudot?2661781d3f71827d456ec15881ccb81806fc592a10d911427db982002654394d68620c55c174613bce36d4c5451f21e86e1335aa40fe6b8d36fe3010cf9cc6ec30fc510732d08e105190742e7a6df18cf8025beae59fb89d4b4fe89359ac282813ca4bd2bdd83c234a863ac783f65f45343904dd97a4cdc0f66bbfc11ca49218be0df023117a8520ea6448eb59fcbeb982095ef84e8eba778d4c2cb5aaefed6fd61fe11f30931cd95f0d0797233888082cee7875b6d6e836e684034ca8175e87de7ebfd3807aa9ebdce7823aa0d182ba48ac0f9ca59a4013a2611e905ea7a58ac928a70378da3fcc8500d9133cb439aedda8347357355b00f7a64fb5424c17366b993f605f3118dad625d7736a50dd404f2938c698098327bb78816f4c18dfece6594e7a24028a8fbe74c7269ddd56c5da1a2eb2b0d824c97e13e863661d5853f810d3238a1d415295ad93690352df109b9a42e9b0f7259d31bc0988f29d52c19155c8e0db78e0a50cb71f85d20542d1dc3168a38905aa252e2701b33808392d,gx-no-cache=1496783338505 HTTP/1.1" 200 30
192.168.10.89 - - [06/Jun/2017:18:08:04 -0300] "GET /cormun/servlet/trrenunciasadjuntos?45,19020890, HTTP/1.1" 200 6954
192.168.10.89 - - [06/Jun/2017:18:08:05 -0300] "GET /cormun/PublicTempStorage/renuncia_josefa2342153.pdf HTTP/1.1" 200 335077
192.168.10.89 - - [06/Jun/2017:18:08:07 -0300] "POST /cormun/servlet/trrenunciasadjuntos?dc87e928c1ba32f63f1233933e02b2b6,45,19020890,,gx-no-cache=1496783287862 HTTP/1.1" 200 90
192.168.10.89 - - [06/Jun/2017:18:08:07 -0300] "GET /cormun/servlet/hpexe_link HTTP/1.1" 200 977
186.103.159.43 - - [06/Jun/2017:18:08:08 -0300] "POST /cormun/servlet/solicitudot?gx-no-cache=1496783343553 HTTP/1.1" 200 30
186.103.159.43 - - [06/Jun/2017:18:08:08 -0300] "POST /cormun/servlet/solicitudot?gx-no-cache=1496783343840 HTTP/1.1" 200 1301
186.103.159.43 - - [06/Jun/2017:18:08:08 -0300] "POST /cormun/servlet/solicitudot?gx-no-cache=1496783343954 HTTP/1.1" 200 38
192.168.10.89 - - [06/Jun/2017:18:08:08 -0300] "GET /cormun/servlet/trrenunciasgenerales? HTTP/1.1" 200 10013
192.168.10.89 - - [06/Jun/2017:18:08:25 -0300] "GET /cormun/servlet/trrenunciasadjuntos?54,10386849, HTTP/1.1" 200 6938
192.168.10.89 - - [06/Jun/2017:18:08:26 -0300] "GET /cormun/PublicTempStorage/monica_silva1498376.pdf HTTP/1.1" 200 285155
192.168.10.89 - - [06/Jun/2017:18:08:27 -0300] "GET /cormun/PublicTempStorage/monica_silva1498376.pdf HTTP/1.1" 304 -
186.103.159.43 - - [06/Jun/2017:18:10:35 -0300] "GET /cormun/servlet/hlogin HTTP/1.1" 200 1722
186.103.159.43 - - [06/Jun/2017:18:10:38 -0300] "POST /cormun/servlet/hlogin?d1812e622a6a3022b6835385a9eddab5,gx-no-cache=1496783493731 HTTP/1.1" 200 90
186.103.159.43 - - [06/Jun/2017:18:10:38 -0300] "GET /cormun/servlet/hpexe_link HTTP/1.1" 200 954
186.103.159.43 - - [06/Jun/2017:18:10:38 -0300] "GET /cormun/servlet/hhome HTTP/1.1" 200 3767
186.103.159.43 - - [06/Jun/2017:18:10:39 -0300] "GET /cormun/servlet/hhome HTTP/1.1" 200 3763
186.103.159.43 - - [06/Jun/2017:18:10:41 -0300] "GET /cormun/servlet/trsolicitudot? HTTP/1.1" 200 11068
186.103.159.43 - - [06/Jun/2017:18:10:42 -0300] "GET /cormun/servlet/trsolicitudot? HTTP/1.1" 200 11066
186.103.159.43 - - [06/Jun/2017:18:10:45 -0300] "GET /cormun/servlet/solicitudot?INS,0,0, HTTP/1.1" 200 12632
186.103.159.43 - - [06/Jun/2017:18:10:46 -0300] "GET /cormun/servlet/solicitudot?INS,0,0, HTTP/1.1" 200 12637
186.103.159.43 - - [06/Jun/2017:18:11:04 -0300] "POST /cormun/servlet/solicitudot?gx-no-cache=1496783519709 HTTP/1.1" 200 3193
186.103.159.43 - - [06/Jun/2017:18:11:04 -0300] "POST /cormun/servlet/solicitudot?d1812e622a6a3022b6835385a9eddab5,INS,0,0,,gx-no-cache=1496783519938 HTTP/1.1" 200 9836
186.103.159.43 - - [06/Jun/2017:18:11:10 -0300] "GET /cormun/servlet/solicitudot?12c5fa58392c9b443f17d5760fc5e8876e798f11da8f1d14ba00000260aafd30c75aefe92eb163a255f1ea8724cb39f9,gx-no-cache=1496783526354 HTTP/1.1" 200 30
186.103.159.43 - - [06/Jun/2017:18:11:10 -0300] "POST /cormun/servlet/solicitudot?gx-no-cache=1496783526433 HTTP/1.1" 200 255
186.103.159.43 - - [06/Jun/2017:18:11:10 -0300] "GET /cormun/servlet/solicitudot?12c5fa58392c9b443f17d5760fc5e887d7dc2b342e3d695089de11d86e6ae53c550ba0492d2e74dee85bd1ad6a9b2890c1426557712b0277a4fe02b2fbd2d1b7f6b2cc43975082978776ab82b58f2c26359091bf30915f39f610a65c6af7fb4993855ac501d0a02a61f865ab071b3ed0100ed0455c000143a31928a401cd16da671cbcd2b56936aeadea4adc26a4fc33a87173905488d3c6e7ab200581eff867581741bac20b6cd2d6df1ec6068eabbb09d68da441a551c3de5d122e5d74233d27b27966bf8d7cf558a2d9cc6b7560e82cc66a407e96d885fbcba8ce9d458577658da7f28a5bfcbdcbdb6c5b4a79b2cf055f7f82ef32fdb39ca0b8d8b6c8e8ceebb92547e30a9bd9cdb2a8cbf42d0b9bdf9017907eed8b1bf81d2b422b421ad3b3aa3b5bf1b8f4ecd9c0d721af4efa261f889c7e5811ce3b59dfc0f49015710ceeb0c34905c7947ae4994816b220e679c717e251e361944235281085acd96b82f6e65ecd576e7b8342787466b0946dcedccc72ef6fcca562149721b1ac3fea30,gx-no-cache=1496783526493 HTTP/1.1" 200 30
186.103.159.43 - - [06/Jun/2017:18:11:14 -0300] "POST /cormun/servlet/solicitudot?gx-no-cache=1496783530007 HTTP/1.1" 200 30
186.103.159.43 - - [06/Jun/2017:18:11:14 -0300] "POST /cormun/servlet/solicitudot?gx-no-cache=1496783530060 HTTP/1.1" 200 1301
186.103.159.43 - - [06/Jun/2017:18:11:14 -0300] "POST /cormun/servlet/solicitudot?gx-no-cache=1496783530138 HTTP/1.1" 200 38
192.168.10.96 - - [06/Jun/2017:18:11:44 -0300] "GET /cormun/servlet/trsolicitudgral? HTTP/1.1" 200 8656
192.168.10.96 - - [06/Jun/2017:18:11:44 -0300] "GET /cormun/servlet/trsolicitudgral? HTTP/1.1" 200 8656
192.168.10.96 - - [06/Jun/2017:18:11:51 -0300] "POST /cormun/servlet/trsolicitudgral?f7fae5d492e9a4e7e2179e6359d0ca1c,,gx-no-cache=1496783511202 HTTP/1.1" 200 5355
186.103.159.43 - - [06/Jun/2017:18:12:08 -0300] "POST /cormun/servlet/solicitudot?gx-no-cache=1496783584412 HTTP/1.1" 200 30
186.103.159.43 - - [06/Jun/2017:18:12:52 -0300] "POST /cormun/servlet/solicitudot?gx-no-cache=1496783627655 HTTP/1.1" 200 1301
186.103.159.43 - - [06/Jun/2017:18:12:52 -0300] "POST /cormun/servlet/solicitudot?gx-no-cache=1496783627856 HTTP/1.1" 200 38
186.103.159.43 - - [06/Jun/2017:18:13:00 -0300] "GET /cormun/servlet/solicitudot?12c5fa58392c9b443f17d5760fc5e8871d4b52ec6bb41737b126d1951cc1de9df5d413f43df498d8ebf4334aebc2bda992cb8f47d6b57277e230000c80cdd7f57cec7177583302cbb25d602f887ba315584ad9fbf4073ef256943baff32283f54f9b41685e66bbc7502b6ae351d6da6f9892188fcb8b2e85d437406ab8a706d2f73ce5519d5f1a0641d33e598bc626c60d60fdcb84fa91a8d259b505f77fa154,gx-no-cache=1496783635744 HTTP/1.1" 200 29
186.103.159.43 - - [06/Jun/2017:18:13:00 -0300] "POST /cormun/servlet/solicitudot?gx-no-cache=1496783635809 HTTP/1.1" 200 1280
186.103.159.43 - - [06/Jun/2017:18:13:29 -0300] "POST /cormun/servlet/solicitudot?gx-no-cache=1496783665006 HTTP/1.1" 200 30
186.103.159.43 - - [06/Jun/2017:18:14:31 -0300] "POST /cormun/servlet/solicitudot?gx-no-cache=1496783726766 HTTP/1.1" 200 1280
186.103.159.43 - - [06/Jun/2017:18:14:31 -0300] "POST /cormun/servlet/solicitudot?gx-no-cache=1496783726884 HTTP/1.1" 200 30
186.79.187.178 - - [06/Jun/2017:18:15:48 -0300] "GET /cormun/servlet/hlogin HTTP/1.1" 200 1722
186.79.187.178 - - [06/Jun/2017:18:15:48 -0300] "GET /cormun/servlet/hlogin HTTP/1.1" 200 1732
186.79.187.178 - - [06/Jun/2017:18:15:54 -0300] "POST /cormun/servlet/hlogin?3df9f9561b50cc608b422ad151c34818,gx-no-cache=1496780206851 HTTP/1.1" 200 90
186.79.187.178 - - [06/Jun/2017:18:15:54 -0300] "GET /cormun/servlet/hpexe_link HTTP/1.1" 200 951
186.79.187.178 - - [06/Jun/2017:18:15:54 -0300] "GET /cormun/servlet/hhome HTTP/1.1" 200 3812
186.79.187.178 - - [06/Jun/2017:18:15:55 -0300] "GET /cormun/servlet/hhome HTTP/1.1" 200 3809
186.79.187.178 - - [06/Jun/2017:18:16:14 -0300] "GET /cormun/servlet/trsolicitudot? HTTP/1.1" 200 13299
186.79.187.178 - - [06/Jun/2017:18:16:14 -0300] "GET /cormun/static/gxcfg.js?20175251233261 HTTP/1.1" 304 -
186.79.187.178 - - [06/Jun/2017:18:16:14 -0300] "GET /cormun/servlet/trsolicitudot? HTTP/1.1" 200 13297
186.79.187.178 - - [06/Jun/2017:18:16:25 -0300] "GET /cormun/servlet/trsolicitudot? HTTP/1.1" 200 13297
186.79.187.178 - - [06/Jun/2017:18:16:25 -0300] "GET /cormun/servlet/trsolicitudot? HTTP/1.1" 200 13297
186.79.187.178 - - [06/Jun/2017:18:16:27 -0300] "GET /cormun/servlet/solicitudot?INS,0,0, HTTP/1.1" 200 12670
186.79.187.178 - - [06/Jun/2017:18:16:27 -0300] "GET /cormun/static/gxcfg.js?201752522134570 HTTP/1.1" 304 -
186.79.187.178 - - [06/Jun/2017:18:16:28 -0300] "GET /cormun/servlet/solicitudot?INS,0,0, HTTP/1.1" 200 12674
186.103.159.43 - - [06/Jun/2017:18:16:41 -0300] "POST /cormun/servlet/solicitudot?d1812e622a6a3022b6835385a9eddab5,INS,0,0,,gx-no-cache=1496783856597 HTTP/1.1" 200 93
186.103.159.43 - - [06/Jun/2017:18:16:41 -0300] "GET /cormun/servlet/hpexe_return? HTTP/1.1" 200 1009
186.103.159.43 - - [06/Jun/2017:18:16:42 -0300] "GET /cormun/servlet/trsolicitudot HTTP/1.1" 200 11548
186.103.159.43 - - [06/Jun/2017:18:16:43 -0300] "GET /cormun/servlet/trsolicitudot HTTP/1.1" 200 11543
186.103.159.43 - - [06/Jun/2017:18:17:24 -0300] "POST /cormun/servlet/trsolicitudot?d1812e622a6a3022b6835385a9eddab5,gx-no-cache=1496783900085 HTTP/1.1" 200 8709
186.103.159.43 - - [06/Jun/2017:18:17:24 -0300] "GET /cormun/static/Shared/jqueryui/images/ui-bg_highlight-soft_100_c6c2c8_1x100.png HTTP/1.1" 404 1117
186.103.159.43 - - [06/Jun/2017:18:17:25 -0300] "GET /cormun/static/Shared/jqueryui/images/ui-icons_82798d_256x240.png HTTP/1.1" 404 1089
186.103.159.43 - - [06/Jun/2017:18:17:25 -0300] "GET /cormun/static/Shared/jqueryui/images/ui-bg_flat_55_fafafa_40x100.png HTTP/1.1" 404 1097
186.103.159.43 - - [06/Jun/2017:18:17:25 -0300] "GET /cormun/static/Shared/jqueryui/images/ui-icons_8d78a5_256x240.png HTTP/1.1" 404 1089
186.103.159.43 - - [06/Jun/2017:18:17:25 -0300] "POST /cormun/servlet/trsolicitudot?d1812e622a6a3022b6835385a9eddab5,gx-no-cache=1496783900786 HTTP/1.1" 200 8652
186.103.159.43 - - [06/Jun/2017:18:17:34 -0300] "POST /cormun/servlet/trsolicitudot?d1812e622a6a3022b6835385a9eddab5,gx-no-cache=1496783909189 HTTP/1.1" 200 8652
192.168.10.96 - - [06/Jun/2017:18:17:34 -0300] "GET /cormun/servlet/trsolicitudgral? HTTP/1.1" 200 8659
192.168.10.96 - - [06/Jun/2017:18:17:35 -0300] "GET /cormun/servlet/trsolicitudgral? HTTP/1.1" 200 8659
192.168.10.96 - - [06/Jun/2017:18:17:41 -0300] "POST /cormun/servlet/trsolicitudgral?f7fae5d492e9a4e7e2179e6359d0ca1c,,gx-no-cache=1496783861317 HTTP/1.1" 200 6751
192.168.10.96 - - [06/Jun/2017:18:17:50 -0300] "POST /cormun/servlet/trsolicitudgral?f7fae5d492e9a4e7e2179e6359d0ca1c,,gx-no-cache=1496783869829 HTTP/1.1" 200 8424
186.103.159.43 - - [06/Jun/2017:18:17:52 -0300] "POST /cormun/servlet/trsolicitudot?d1812e622a6a3022b6835385a9eddab5,gx-no-cache=1496783928029 HTTP/1.1" 200 8695
186.103.159.43 - - [06/Jun/2017:18:19:06 -0300] "POST /cormun/servlet/trsolicitudot?d1812e622a6a3022b6835385a9eddab5,gx-no-cache=1496784000657 HTTP/1.1" 200 8652
186.103.159.43 - - [06/Jun/2017:18:19:17 -0300] "GET /cormun/servlet/solicitudot?INS,0,0, HTTP/1.1" 200 12633
186.103.159.43 - - [06/Jun/2017:18:19:18 -0300] "GET /cormun/servlet/solicitudot?INS,0,0, HTTP/1.1" 200 12638
186.103.159.43 - - [06/Jun/2017:18:19:30 -0300] "GET /cormun/servlet/trsolicitudot? HTTP/1.1" 200 11552
186.103.159.43 - - [06/Jun/2017:18:19:30 -0300] "GET /cormun/servlet/trsolicitudot? HTTP/1.1" 200 11546
186.103.159.43 - - [06/Jun/2017:18:19:34 -0300] "GET /cormun/servlet/solicitudot?INS,0,0, HTTP/1.1" 200 12633
186.103.159.43 - - [06/Jun/2017:18:19:35 -0300] "GET /cormun/servlet/solicitudot?INS,0,0, HTTP/1.1" 200 12638
186.103.159.43 - - [06/Jun/2017:18:20:50 -0300] "POST /cormun/servlet/solicitudot?gx-no-cache=1496784106028 HTTP/1.1" 200 3193
186.103.159.43 - - [06/Jun/2017:18:20:50 -0300] "POST /cormun/servlet/solicitudot?d1812e622a6a3022b6835385a9eddab5,INS,0,0,,gx-no-cache=1496784106286 HTTP/1.1" 200 9836
186.103.159.43 - - [06/Jun/2017:18:21:11 -0300] "GET /cormun/servlet/solicitudot?12c5fa58392c9b443f17d5760fc5e8876e798f11da8f1d14ba00000260aafd30c75aefe92eb163a255f1ea8724cb39f9,gx-no-cache=1496784127448 HTTP/1.1" 200 30
186.103.159.43 - - [06/Jun/2017:18:21:11 -0300] "POST /cormun/servlet/solicitudot?gx-no-cache=1496784127519 HTTP/1.1" 200 255
186.103.159.43 - - [06/Jun/2017:18:21:11 -0300] "GET /cormun/servlet/solicitudot?12c5fa58392c9b443f17d5760fc5e887d7dc2b342e3d695089de11d86e6ae53c550ba0492d2e74dee85bd1ad6a9b2890c1426557712b0277a4fe02b2fbd2d1b7f6b2cc43975082978776ab82b58f2c26359091bf30915f39f610a65c6af7fb4993855ac501d0a02a61f865ab071b3ed0100ed0455c000143a31928a401cd16da671cbcd2b56936aeadea4adc26a4fc33a87173905488d3c6e7ab200581eff867581741bac20b6cd2d6df1ec6068eabbb09d68da441a551c3de5d122e5d74233d27b27966bf8d7cf558a2d9cc6b7560e82cc66a407e96d885fbcba8ce9d458577658da7f28a5bfcbdcbdb6c5b4a79b2cf055f7f82ef32fdb39ca0b8d8b6c8e8ceebb92547e30a9bd9cdb2a8cbf42d0b9bdf9017907eed8b1bf81d2b422b421ad3b3aa3b5bf1b8f4ecd9c0d721af4efa261f889c7e5811ce3b59dfc0f49015710ceeb0c34905c7947ae4994816b220e679c717e251e361944235281085acd96b82f6e65ecd576e7b8342787466b0946dcedccc72ef6fcca562149721b1ac3fea30,gx-no-cache=1496784127617 HTTP/1.1" 200 30
186.103.159.43 - - [06/Jun/2017:18:21:40 -0300] "POST /cormun/servlet/solicitudot?gx-no-cache=1496784155960 HTTP/1.1" 200 30
186.103.159.43 - - [06/Jun/2017:18:21:44 -0300] "POST /cormun/servlet/solicitudot?gx-no-cache=1496784159818 HTTP/1.1" 200 1301
186.103.159.43 - - [06/Jun/2017:18:21:44 -0300] "POST /cormun/servlet/solicitudot?gx-no-cache=1496784159966 HTTP/1.1" 200 38
186.103.159.43 - - [06/Jun/2017:18:22:02 -0300] "POST /cormun/servlet/solicitudot?gx-no-cache=1496784177580 HTTP/1.1" 200 1301
186.103.159.43 - - [06/Jun/2017:18:22:02 -0300] "POST /cormun/servlet/solicitudot?gx-no-cache=1496784177787 HTTP/1.1" 200 38
186.103.159.43 - - [06/Jun/2017:18:22:11 -0300] "GET /cormun/servlet/solicitudot?12c5fa58392c9b443f17d5760fc5e8871d4b52ec6bb41737b126d1951cc1de9df5d413f43df498d8ebf4334aebc2bda992cb8f47d6b57277e230000c80cdd7f57cec7177583302cbb25d602f887ba315584ad9fbf4073ef256943baff32283f54f9b41685e66bbc7502b6ae351d6da6f9892188fcb8b2e85d437406ab8a706d2f73ce5519d5f1a0641d33e598bc626c60d60fdcb84fa91a8d259b505f77fa154,gx-no-cache=1496784187262 HTTP/1.1" 200 29
186.103.159.43 - - [06/Jun/2017:18:22:11 -0300] "POST /cormun/servlet/solicitudot?gx-no-cache=1496784187380 HTTP/1.1" 200 1280
186.103.159.43 - - [06/Jun/2017:18:22:35 -0300] "POST /cormun/servlet/solicitudot?gx-no-cache=1496784211031 HTTP/1.1" 200 30
192.168.10.89 - - [06/Jun/2017:18:23:31 -0300] "GET /cormun/servlet/trrenunciasadjuntos?54,10386849, HTTP/1.1" 200 6937
192.168.10.89 - - [06/Jun/2017:18:23:32 -0300] "GET /cormun/PublicTempStorage/monica_silva3181361.pdf HTTP/1.1" 200 285155
186.103.159.43 - - [06/Jun/2017:18:23:33 -0300] "POST /cormun/servlet/solicitudot?d1812e622a6a3022b6835385a9eddab5,INS,0,0,,gx-no-cache=1496784268736 HTTP/1.1" 200 93
186.103.159.43 - - [06/Jun/2017:18:23:33 -0300] "GET /cormun/servlet/hpexe_return? HTTP/1.1" 200 1009
186.103.159.43 - - [06/Jun/2017:18:23:33 -0300] "GET /cormun/servlet/trsolicitudot HTTP/1.1" 200 11864
186.103.159.43 - - [06/Jun/2017:18:23:34 -0300] "GET /cormun/servlet/trsolicitudot HTTP/1.1" 200 11859
192.168.10.89 - - [06/Jun/2017:18:23:37 -0300] "POST /cormun/servlet/trrenunciasadjuntos?dc87e928c1ba32f63f1233933e02b2b6,54,10386849,,gx-no-cache=1496784217206 HTTP/1.1" 200 90
192.168.10.89 - - [06/Jun/2017:18:23:37 -0300] "GET /cormun/servlet/hpexe_link HTTP/1.1" 200 978
192.168.10.89 - - [06/Jun/2017:18:23:38 -0300] "GET /cormun/servlet/trrenunciasgenerales HTTP/1.1" 200 10013
186.103.159.43 - - [06/Jun/2017:18:24:22 -0300] "POST /cormun/servlet/trsolicitudot?d1812e622a6a3022b6835385a9eddab5,gx-no-cache=1496784318215 HTTP/1.1" 200 9020
186.103.159.43 - - [06/Jun/2017:18:24:22 -0300] "GET /cormun/static/Shared/jqueryui/images/ui-bg_highlight-soft_100_c6c2c8_1x100.png HTTP/1.1" 404 1117
186.103.159.43 - - [06/Jun/2017:18:24:22 -0300] "GET /cormun/static/Shared/jqueryui/images/ui-icons_82798d_256x240.png HTTP/1.1" 404 1089
186.103.159.43 - - [06/Jun/2017:18:24:22 -0300] "GET /cormun/static/Shared/jqueryui/images/ui-icons_8d78a5_256x240.png HTTP/1.1" 404 1089
186.103.159.43 - - [06/Jun/2017:18:24:22 -0300] "GET /cormun/static/Shared/jqueryui/images/ui-bg_flat_55_fafafa_40x100.png HTTP/1.1" 404 1097
186.103.159.43 - - [06/Jun/2017:18:24:23 -0300] "POST /cormun/servlet/trsolicitudot?d1812e622a6a3022b6835385a9eddab5,gx-no-cache=1496784318743 HTTP/1.1" 200 8966
186.103.159.43 - - [06/Jun/2017:18:24:34 -0300] "POST /cormun/servlet/trsolicitudot?d1812e622a6a3022b6835385a9eddab5,gx-no-cache=1496784329887 HTTP/1.1" 200 8966
192.168.10.89 - - [06/Jun/2017:18:24:50 -0300] "GET /cormun/servlet/trrenunciasgenerales HTTP/1.1" 200 10013
192.168.10.89 - - [06/Jun/2017:18:24:54 -0300] "GET /cormun/Manuales/ManualContratos.pdf HTTP/1.1" 200 629147
192.168.10.89 - - [06/Jun/2017:18:25:02 -0300] "GET /cormun/servlet/trrenunciasgenerales HTTP/1.1" 200 10013
192.168.10.89 - - [06/Jun/2017:18:25:06 -0300] "GET /cormun/Manuales/InstructivoDirector.pdf HTTP/1.1" 200 352207
192.168.10.89 - - [06/Jun/2017:18:25:28 -0300] "GET /cormun/servlet/trrenunciasgenerales HTTP/1.1" 200 10013
186.79.187.178 - - [06/Jun/2017:18:27:05 -0300] "POST /cormun/servlet/solicitudot?gx-no-cache=1496780877328 HTTP/1.1" 200 3206
