200.112.7.114 - - [06/Jun/2017:12:09:19 -0300] "GET /cormun/static/Shared/jqueryui/images/ui-bg_flat_55_fafafa_40x100.png HTTP/1.1" 404 1097
200.112.7.114 - - [06/Jun/2017:12:09:24 -0300] "GET /cormun/servlet/trautorizarsolicitud? HTTP/1.1" 200 8722
200.112.7.114 - - [06/Jun/2017:12:09:24 -0300] "GET /cormun/static/gxcfg.js?20174261241362 HTTP/1.1" 304 -
200.112.7.114 - - [06/Jun/2017:12:09:30 -0300] "POST /cormun/servlet/trautorizarsolicitud?81dbd448f8912cdca6989ae462d44613,,gx-no-cache=1496761823487 HTTP/1.1" 200 5430
200.112.7.114 - - [06/Jun/2017:12:09:31 -0300] "POST /cormun/servlet/trautorizarsolicitud?81dbd448f8912cdca6989ae462d44613,,gx-no-cache=1496761824124 HTTP/1.1" 200 5374
200.112.7.114 - - [06/Jun/2017:12:09:31 -0300] "GET /cormun/static/Shared/jqueryui/images/ui-icons_8d78a5_256x240.png HTTP/1.1" 404 1089
200.112.7.114 - - [06/Jun/2017:12:09:31 -0300] "GET /cormun/static/Shared/jqueryui/images/ui-bg_flat_55_fafafa_40x100.png HTTP/1.1" 404 1097
200.112.7.114 - - [06/Jun/2017:12:09:31 -0300] "GET /cormun/static/Shared/jqueryui/images/ui-bg_highlight-soft_100_c6c2c8_1x100.png HTTP/1.1" 404 1117
200.112.7.114 - - [06/Jun/2017:12:09:31 -0300] "GET /cormun/static/Shared/jqueryui/images/ui-icons_82798d_256x240.png HTTP/1.1" 404 1089
200.112.7.114 - - [06/Jun/2017:12:09:33 -0300] "POST /cormun/servlet/trautorizarsolicitud?81dbd448f8912cdca6989ae462d44613,,gx-no-cache=1496761826559 HTTP/1.1" 200 4333
200.112.7.114 - - [06/Jun/2017:12:09:34 -0300] "POST /cormun/servlet/trautorizarsolicitud?81dbd448f8912cdca6989ae462d44613,,gx-no-cache=1496761827239 HTTP/1.1" 200 4108
200.112.7.114 - - [06/Jun/2017:12:09:47 -0300] "GET /cormun/servlet/trsolicitudot? HTTP/1.1" 200 10913
200.112.7.114 - - [06/Jun/2017:12:09:53 -0300] "GET /cormun/servlet/solicitudot?INS,0,0, HTTP/1.1" 200 12888
192.168.10.96 - - [06/Jun/2017:12:10:11 -0300] "GET /cormun/servlet/hlogin HTTP/1.1" 200 1740
200.112.7.114 - - [06/Jun/2017:12:10:13 -0300] "POST /cormun/servlet/solicitudot?gx-no-cache=1496761866214 HTTP/1.1" 200 3208
200.112.7.114 - - [06/Jun/2017:12:10:13 -0300] "POST /cormun/servlet/solicitudot?81dbd448f8912cdca6989ae462d44613,INS,0,0,,gx-no-cache=1496761866733 HTTP/1.1" 200 10031
186.103.159.43 - - [06/Jun/2017:12:10:15 -0300] "GET /cormun/static/Resources/resize.gif HTTP/1.1" 200 77
186.103.159.43 - - [06/Jun/2017:12:10:15 -0300] "GET /cormun/servlet/prfichaempleado?,MD,,gxPopupLevel%3D0%3B HTTP/1.1" 200 8777
186.103.159.43 - - [06/Jun/2017:12:10:15 -0300] "GET /cormun/static/gxcfg.js?2017319125415 HTTP/1.1" 200 953
186.103.159.43 - - [06/Jun/2017:12:10:15 -0300] "GET /cormun/static/menusearch.js?201610171694467 HTTP/1.1" 200 1424
186.103.159.43 - - [06/Jun/2017:12:10:15 -0300] "GET /cormun/static/hmpwkw011.js?20175251212473 HTTP/1.1" 200 1968
200.112.7.114 - - [06/Jun/2017:12:10:15 -0300] "GET /cormun/servlet/solicitudot?fb6370015a4675ccfa3d812df36dd8aa11b89f15ecaba8fdc31ced9ac58e01d76f6a7b057b5453c0ebcf24f4bf25ef25,gx-no-cache=1496761869182 HTTP/1.1" 200 30
200.112.7.114 - - [06/Jun/2017:12:10:16 -0300] "POST /cormun/servlet/solicitudot?gx-no-cache=1496761869328 HTTP/1.1" 200 255
200.112.7.114 - - [06/Jun/2017:12:10:16 -0300] "GET /cormun/servlet/solicitudot?fb6370015a4675ccfa3d812df36dd8aa971ae090375e38f198596be4c03c23d4eedae1af84cb50ac618e0522ed5755525f911f43e1eb253281553b88420d523317dfb486335612c8a788228fb877a3795e48c762dcae83d5e253192116daed1bbf610933c46c0579c594365c9dd4e0c720e18a4639c8ea36f7fe734c323afd2a553ecf9c5017bb234bb4ac13465a02192340a000c31f895cacb6d3075a915df65052e9a1499ad07d3e83f706eb39b3fee4fdc6fe532821d91daf6ba2deb045d60a54117c8f1fde356cc52bf5a2a2d12f47af901db66a578abe886b71e5cd2f2b30e16bf76753b4b245a34f0a269a6413626941a872f745da1f4ec7bf6c1f336c18c52b3b4e05d6cf55f95941678177773b35847e2f511d37de0b1cc93e462dae79ff4bd32f81b6c00fa18dbe3bafa6ec4fc426fd0baa7a7bcff5dbb180aa6d95f60365582ad937633899e1bf0b0e330a527c6679cafdd26ba8e1fa1f82ecd916dc628dfb0ef33abb3ba7f3bf637d9f57fa44db1b0f434683ee9eb614e7d99351,gx-no-cache=1496761869653 HTTP/1.1" 200 30
200.112.7.114 - - [06/Jun/2017:12:10:17 -0300] "POST /cormun/servlet/solicitudot?gx-no-cache=1496761871134 HTTP/1.1" 200 30
192.168.10.96 - - [06/Jun/2017:12:10:19 -0300] "POST /cormun/servlet/hlogin?1818fe20af196d192da2dc973e992b1a,gx-no-cache=1496761819050 HTTP/1.1" 200 90
192.168.10.96 - - [06/Jun/2017:12:10:19 -0300] "GET /cormun/servlet/hpexe_link HTTP/1.1" 200 948
192.168.10.96 - - [06/Jun/2017:12:10:19 -0300] "GET /cormun/servlet/hhome HTTP/1.1" 200 4329
192.168.10.96 - - [06/Jun/2017:12:10:19 -0300] "GET /cormun/servlet/hhome HTTP/1.1" 200 4326
186.103.159.43 - - [06/Jun/2017:12:10:19 -0300] "GET /cormun/static/prfichaempleado.js?20173191254344 HTTP/1.1" 200 16006
192.168.10.96 - - [06/Jun/2017:12:10:23 -0300] "GET /cormun/servlet/trsolicitudgral? HTTP/1.1" 200 12350
192.168.10.96 - - [06/Jun/2017:12:10:24 -0300] "GET /cormun/servlet/trsolicitudgral? HTTP/1.1" 200 12347
186.103.159.43 - - [06/Jun/2017:12:10:27 -0300] "GET /cormun/servlet/licenciaspermisos?1c3e4edd31d5847634c12e732e86c4c55418d7349ce9aee191dffee6297917567c82d5f75fa36bf7d93fc1ffcfe1392b,gx-no-cache=1496761883120 HTTP/1.1" 200 70
186.103.159.43 - - [06/Jun/2017:12:10:27 -0300] "POST /cormun/servlet/licenciaspermisos?904307a4532837249050afc44a14b403,INS,0,,,,gx-no-cache=1496761883182 HTTP/1.1" 200 4472
192.168.10.96 - - [06/Jun/2017:12:10:29 -0300] "POST /cormun/servlet/trsolicitudgral?1818fe20af196d192da2dc973e992b1a,,gx-no-cache=1496761829766 HTTP/1.1" 200 115
192.168.10.96 - - [06/Jun/2017:12:10:29 -0300] "GET /cormun/servlet/solicitudotlog?INS,2017,6683,0,REC, HTTP/1.1" 200 6132
192.168.10.96 - - [06/Jun/2017:12:10:29 -0300] "GET /cormun/static/gxcfg.js?201752511524564 HTTP/1.1" 200 953
192.168.10.96 - - [06/Jun/2017:12:10:29 -0300] "GET /cormun/static/solicitudotlog.js?201752511524577 HTTP/1.1" 200 8934
192.168.10.96 - - [06/Jun/2017:12:10:30 -0300] "GET /cormun/servlet/solicitudotlog?INS,2017,6683,0,REC, HTTP/1.1" 200 6133
192.168.10.96 - - [06/Jun/2017:12:10:30 -0300] "GET /cormun/servlet/solicitudotlog?044e3159a582af2d5ce378aee16e77a319aff4188a913fe6bf7677c677ffe84b9064f495a1b026b410ca10633f987b15f551aa564120d6766e47b1b78928e24fa7a4902a52b51b5e5b468422586a70b30376575c77c85c64b8d55b432b5cb7d6895c29da94502608f31aa7848ddcfcf0d6c09a9c957ef86f10e748372d7c87c0b4b4d0afcbce1ea9497ddd64cc10fdaaf41a2df47ccc79e24595bba3002cb5e1,gx-no-cache=1496761830712 HTTP/1.1" 200 94
192.168.10.96 - - [06/Jun/2017:12:10:34 -0300] "POST /cormun/servlet/solicitudotlog?1818fe20af196d192da2dc973e992b1a,INS,2017,6683,0,REC,,gx-no-cache=1496761834208 HTTP/1.1" 200 93
192.168.10.96 - - [06/Jun/2017:12:10:34 -0300] "GET /cormun/servlet/hpexe_return? HTTP/1.1" 200 1018
192.168.10.96 - - [06/Jun/2017:12:10:34 -0300] "GET /cormun/servlet/trsolicitudgral HTTP/1.1" 200 12064
192.168.10.96 - - [06/Jun/2017:12:10:34 -0300] "GET /cormun/servlet/trsolicitudgral HTTP/1.1" 200 12059
192.168.10.96 - - [06/Jun/2017:12:10:36 -0300] "POST /cormun/servlet/trsolicitudgral?1818fe20af196d192da2dc973e992b1a,gx-no-cache=1496761836893 HTTP/1.1" 200 115
192.168.10.96 - - [06/Jun/2017:12:10:37 -0300] "GET /cormun/servlet/solicitudotlog?INS,2017,6682,0,REC, HTTP/1.1" 200 6132
192.168.10.96 - - [06/Jun/2017:12:10:37 -0300] "GET /cormun/servlet/solicitudotlog?INS,2017,6682,0,REC, HTTP/1.1" 200 6133
192.168.10.96 - - [06/Jun/2017:12:10:37 -0300] "GET /cormun/servlet/solicitudotlog?044e3159a582af2d5ce378aee16e77a3bf725dd7c0548759788741bf90bc09609064f495a1b026b410ca10633f987b15f551aa564120d6766e47b1b78928e24fa7a4902a52b51b5e5b468422586a70b30376575c77c85c64b8d55b432b5cb7d6895c29da94502608f31aa7848ddcfcf0d6c09a9c957ef86f10e748372d7c87c0b4b4d0afcbce1ea9497ddd64cc10fdaaf41a2df47ccc79e24595bba3002cb5e1,gx-no-cache=1496761837799 HTTP/1.1" 200 94
192.168.10.96 - - [06/Jun/2017:12:10:41 -0300] "POST /cormun/servlet/solicitudotlog?1818fe20af196d192da2dc973e992b1a,INS,2017,6682,0,REC,,gx-no-cache=1496761840958 HTTP/1.1" 200 93
192.168.10.96 - - [06/Jun/2017:12:10:41 -0300] "GET /cormun/servlet/hpexe_return? HTTP/1.1" 200 1018
192.168.10.96 - - [06/Jun/2017:12:10:41 -0300] "GET /cormun/servlet/trsolicitudgral HTTP/1.1" 200 11737
200.112.7.114 - - [06/Jun/2017:12:10:41 -0300] "POST /cormun/servlet/solicitudot?gx-no-cache=1496761894632 HTTP/1.1" 200 1301
192.168.10.96 - - [06/Jun/2017:12:10:41 -0300] "GET /cormun/servlet/trsolicitudgral HTTP/1.1" 200 11733
200.112.7.114 - - [06/Jun/2017:12:10:41 -0300] "POST /cormun/servlet/solicitudot?gx-no-cache=1496761894941 HTTP/1.1" 200 38
186.103.157.42 - - [06/Jun/2017:12:10:43 -0300] "GET /cormun/servlet/licenciaspermisos?8438e123970eb4a46f6d06d4feeb863ec2fc4314fed420007170dd7a371b725ef0bbbbea413e3b0558803f00bbdc27c11cbb898b030054236388aa3c72fe81670d12b9198558a652c8899b1de8368ee4d90c1caea8324d8de114a2ab31666f5cc8da43ee78c918394fe18d462d5faaefdc6ee5284c6624e580b87adba559b0157523b2b33cd01c2e2a843ba9512f97c1793b6b8c984998426a5f420bc27072a49afe6f65c5ee24f99367e3f6731f2b08,gx-no-cache=1496761899100 HTTP/1.1" 200 30
186.103.157.42 - - [06/Jun/2017:12:10:43 -0300] "GET /cormun/servlet/licenciaspermisos?8438e123970eb4a46f6d06d4feeb863ec6b233ee150bb5334baf8c87e74bbf4da745b890cbde99793a723ebaac7c75b17826f1ce11797a17af80abf1215ba0de93f26c1db3ee467a49c0829fd39737d1da1a517041fda87d0f34f1fb68e49971ed31525bc15c50429af65cd96a6a2be3794ffcc979f67936c86e115c96484e67b29a6b9551362d5b24810b50ad370480f8b69b442a54c2bb5baced083b02048146eeff1964b5a17cfd9cd2983f994195,gx-no-cache=1496761899173 HTTP/1.1" 200 29
186.103.157.42 - - [06/Jun/2017:12:10:43 -0300] "POST /cormun/servlet/licenciaspermisos?00fbae84e7553e40e5034ee44b32f324,INS,0,,,,gx-no-cache=1496761899212 HTTP/1.1" 200 93
186.103.157.42 - - [06/Jun/2017:12:10:43 -0300] "GET /cormun/servlet/hpexe_return? HTTP/1.1" 200 1015
186.103.157.42 - - [06/Jun/2017:12:10:43 -0300] "GET /cormun/static/gxcfg.js?2016101716175148 HTTP/1.1" 304 -
186.103.157.42 - - [06/Jun/2017:12:10:43 -0300] "GET /cormun/static/hpexe_return.js?2016101716175153 HTTP/1.1" 304 -
186.103.157.42 - - [06/Jun/2017:12:10:43 -0300] "GET /cormun/static/Resources/Spanish/PXTools.css?167811 HTTP/1.1" 304 -
186.103.157.42 - - [06/Jun/2017:12:10:43 -0300] "GET /cormun/servlet/trlicencias HTTP/1.1" 200 10411
186.103.157.42 - - [06/Jun/2017:12:10:44 -0300] "GET /cormun/servlet/trlicencias HTTP/1.1" 200 10407
200.112.7.114 - - [06/Jun/2017:12:10:45 -0300] "GET /cormun/servlet/solicitudot?fb6370015a4675ccfa3d812df36dd8aad844fd1799be32d91e7e707a77e6c14ba1076bee3d7224cb91a220fa323a17a1a6a61cbbea6a105beb25a9170f29586a13cf761a3037c3091e7ef3a0d607e6b081f80cd366e86691fea22a55eafc1c88cd114edf4811e5bc86e9bc2a51077960653418b2dac269c0cc2d8ebae284e43dadde559a6c17ef25a0626cb91aac21031001a5f23143fe5698ca29e2cf498c63,gx-no-cache=1496761898791 HTTP/1.1" 200 29
200.112.7.114 - - [06/Jun/2017:12:10:46 -0300] "POST /cormun/servlet/solicitudot?gx-no-cache=1496761899016 HTTP/1.1" 200 1280
200.112.7.114 - - [06/Jun/2017:12:10:46 -0300] "GET /cormun/static/menuarrow.gif HTTP/1.1" 404 1015
192.168.10.96 - - [06/Jun/2017:12:10:46 -0300] "POST /cormun/servlet/trsolicitudgral?1818fe20af196d192da2dc973e992b1a,gx-no-cache=1496761846430 HTTP/1.1" 200 115
192.168.10.96 - - [06/Jun/2017:12:10:46 -0300] "GET /cormun/servlet/solicitudotlog?INS,2017,6536,0,REC, HTTP/1.1" 200 6132
192.168.10.96 - - [06/Jun/2017:12:10:46 -0300] "GET /cormun/servlet/solicitudotlog?INS,2017,6536,0,REC, HTTP/1.1" 200 6132
192.168.10.96 - - [06/Jun/2017:12:10:47 -0300] "GET /cormun/servlet/solicitudotlog?044e3159a582af2d5ce378aee16e77a36b11dc59c1de5dcf6b3a53d419f516ac9064f495a1b026b410ca10633f987b15f551aa564120d6766e47b1b78928e24fa7a4902a52b51b5e5b468422586a70b30376575c77c85c64b8d55b432b5cb7d6895c29da94502608f31aa7848ddcfcf0d6c09a9c957ef86f10e748372d7c87c0b4b4d0afcbce1ea9497ddd64cc10fdaaf41a2df47ccc79e24595bba3002cb5e1,gx-no-cache=1496761847304 HTTP/1.1" 200 94
186.103.157.42 - - [06/Jun/2017:12:10:49 -0300] "GET /cormun/servlet/alicenciaprn?15002348,L,20170606000000,PU HTTP/1.1" 200 1528
192.168.10.96 - - [06/Jun/2017:12:10:50 -0300] "POST /cormun/servlet/solicitudotlog?1818fe20af196d192da2dc973e992b1a,INS,2017,6536,0,REC,,gx-no-cache=1496761850446 HTTP/1.1" 200 93
192.168.10.96 - - [06/Jun/2017:12:10:50 -0300] "GET /cormun/servlet/hpexe_return? HTTP/1.1" 200 1018
192.168.10.96 - - [06/Jun/2017:12:10:50 -0300] "GET /cormun/servlet/trsolicitudgral HTTP/1.1" 200 11369
192.168.10.96 - - [06/Jun/2017:12:10:51 -0300] "GET /cormun/servlet/trsolicitudgral HTTP/1.1" 200 11365
200.112.7.114 - - [06/Jun/2017:12:10:52 -0300] "POST /cormun/servlet/solicitudot?gx-no-cache=1496761905194 HTTP/1.1" 200 1280
192.168.10.96 - - [06/Jun/2017:12:11:02 -0300] "POST /cormun/servlet/trsolicitudgral?1818fe20af196d192da2dc973e992b1a,gx-no-cache=1496761862286 HTTP/1.1" 200 115
192.168.10.96 - - [06/Jun/2017:12:11:02 -0300] "GET /cormun/servlet/solicitudotlog?INS,2017,6689,0,REC, HTTP/1.1" 200 6133
192.168.10.96 - - [06/Jun/2017:12:11:02 -0300] "GET /cormun/servlet/solicitudotlog?INS,2017,6689,0,REC, HTTP/1.1" 200 6133
192.168.10.96 - - [06/Jun/2017:12:11:03 -0300] "GET /cormun/servlet/solicitudotlog?044e3159a582af2d5ce378aee16e77a36f9c559eedb1462d84c15a0729cde3709064f495a1b026b410ca10633f987b15f551aa564120d6766e47b1b78928e24fa7a4902a52b51b5e5b468422586a70b30376575c77c85c64b8d55b432b5cb7d6895c29da94502608f31aa7848ddcfcf0d6c09a9c957ef86f10e748372d7c87c0b4b4d0afcbce1ea9497ddd64cc10fdaaf41a2df47ccc79e24595bba3002cb5e1,gx-no-cache=1496761863189 HTTP/1.1" 200 94
200.112.7.114 - - [06/Jun/2017:12:11:05 -0300] "POST /cormun/servlet/solicitudot?gx-no-cache=1496761918542 HTTP/1.1" 200 30
200.112.7.114 - - [06/Jun/2017:12:11:06 -0300] "POST /cormun/servlet/solicitudot?81dbd448f8912cdca6989ae462d44613,INS,0,0,,gx-no-cache=1496761918677 HTTP/1.1" 200 93
200.112.7.114 - - [06/Jun/2017:12:11:06 -0300] "GET /cormun/servlet/hpexe_return? HTTP/1.1" 200 1005
200.112.7.114 - - [06/Jun/2017:12:11:06 -0300] "GET /cormun/servlet/trsolicitudot HTTP/1.1" 200 11273
192.168.10.96 - - [06/Jun/2017:12:11:07 -0300] "POST /cormun/servlet/solicitudotlog?1818fe20af196d192da2dc973e992b1a,INS,2017,6689,0,REC,,gx-no-cache=1496761867454 HTTP/1.1" 200 93
192.168.10.96 - - [06/Jun/2017:12:11:07 -0300] "GET /cormun/servlet/hpexe_return? HTTP/1.1" 200 1018
192.168.10.96 - - [06/Jun/2017:12:11:07 -0300] "GET /cormun/servlet/trsolicitudgral HTTP/1.1" 200 11004
192.168.10.96 - - [06/Jun/2017:12:11:08 -0300] "GET /cormun/servlet/trsolicitudgral HTTP/1.1" 200 11001
200.112.7.114 - - [06/Jun/2017:12:11:18 -0300] "POST /cormun/servlet/trsolicitudot?81dbd448f8912cdca6989ae462d44613,gx-no-cache=1496761931377 HTTP/1.1" 200 8434
200.112.7.114 - - [06/Jun/2017:12:11:20 -0300] "POST /cormun/servlet/trsolicitudot?81dbd448f8912cdca6989ae462d44613,gx-no-cache=1496761932489 HTTP/1.1" 200 8379
200.112.7.114 - - [06/Jun/2017:12:11:20 -0300] "GET /cormun/static/Shared/jqueryui/images/ui-bg_highlight-soft_100_c6c2c8_1x100.png HTTP/1.1" 404 1117
200.112.7.114 - - [06/Jun/2017:12:11:20 -0300] "GET /cormun/static/Shared/jqueryui/images/ui-icons_8d78a5_256x240.png HTTP/1.1" 404 1089
200.112.7.114 - - [06/Jun/2017:12:11:20 -0300] "GET /cormun/static/Shared/jqueryui/images/ui-icons_82798d_256x240.png HTTP/1.1" 404 1089
192.168.10.96 - - [06/Jun/2017:12:11:21 -0300] "GET /cormun/servlet/hlogin HTTP/1.1" 200 1736
200.112.7.114 - - [06/Jun/2017:12:11:21 -0300] "GET /cormun/static/Shared/jqueryui/images/ui-bg_flat_55_fafafa_40x100.png HTTP/1.1" 404 1097
200.112.7.114 - - [06/Jun/2017:12:11:22 -0300] "POST /cormun/servlet/trsolicitudot?81dbd448f8912cdca6989ae462d44613,gx-no-cache=1496761935271 HTTP/1.1" 200 8379
200.112.7.114 - - [06/Jun/2017:12:11:27 -0300] "GET /cormun/servlet/trautorizarsolicitud? HTTP/1.1" 200 8262
186.103.159.182 - - [06/Jun/2017:12:11:40 -0300] "GET /cormun/static/Resources/resize.gif HTTP/1.1" 200 77
186.103.159.182 - - [06/Jun/2017:12:11:41 -0300] "GET /cormun/servlet/prfichaempleado?,MD,,gxPopupLevel%3D0%3B HTTP/1.1" 200 8915
186.103.159.182 - - [06/Jun/2017:12:11:41 -0300] "GET /cormun/static/gxcfg.js?2017319125415 HTTP/1.1" 200 953
186.103.159.182 - - [06/Jun/2017:12:11:41 -0300] "GET /cormun/static/Resources/PXToolsMenuSearch.png HTTP/1.1" 200 2914
186.103.159.182 - - [06/Jun/2017:12:11:41 -0300] "GET /cormun/static/menusearch.js?201610171694467 HTTP/1.1" 304 -
186.103.159.182 - - [06/Jun/2017:12:11:41 -0300] "GET /cormun/static/hmpwkw011.js?20175251212473 HTTP/1.1" 304 -
186.103.159.182 - - [06/Jun/2017:12:11:41 -0300] "GET /cormun/static/Resources/PXToolsMenuSearchCancel.png HTTP/1.1" 200 2972
186.103.159.182 - - [06/Jun/2017:12:11:42 -0300] "GET /cormun/static/prfichaempleado.js?20173191254344 HTTP/1.1" 304 -
200.112.7.114 - - [06/Jun/2017:12:11:47 -0300] "GET /cormun/servlet/trsolicitudot? HTTP/1.1" 200 11269
200.112.7.114 - - [06/Jun/2017:12:11:52 -0300] "POST /cormun/servlet/trsolicitudot?81dbd448f8912cdca6989ae462d44613,,gx-no-cache=1496761965075 HTTP/1.1" 200 8383
200.111.191.210 - - [06/Jun/2017:12:11:53 -0300] "GET /cormun/servlet/trpermisosadjuntos?17521573,20170606113558,P, HTTP/1.1" 200 5480
200.111.191.210 - - [06/Jun/2017:12:11:53 -0300] "GET /cormun/static/gxcfg.js?20175251271483 HTTP/1.1" 200 953
200.111.191.210 - - [06/Jun/2017:12:11:53 -0300] "GET /cormun/static/trpermisosadjuntos.js?20175251271844 HTTP/1.1" 200 20076
200.111.191.210 - - [06/Jun/2017:12:11:53 -0300] "GET /cormun/servlet/hlogin HTTP/1.1" 200 1755
200.111.191.210 - - [06/Jun/2017:12:11:53 -0300] "GET /cormun/servlet/trpermisosadjuntos?17521573,20170606113558,P, HTTP/1.1" 200 5477
200.112.7.114 - - [06/Jun/2017:12:12:00 -0300] "POST /cormun/servlet/trsolicitudot?81dbd448f8912cdca6989ae462d44613,,gx-no-cache=1496761972860 HTTP/1.1" 200 8382
200.112.7.114 - - [06/Jun/2017:12:12:05 -0300] "POST /cormun/servlet/trsolicitudot?81dbd448f8912cdca6989ae462d44613,,gx-no-cache=1496761977462 HTTP/1.1" 200 8382
186.103.159.182 - - [06/Jun/2017:12:12:08 -0300] "POST /cormun/servlet/prfichaempleado?e9ffc6577ea4931ff7c9b38a855a15d1,,MD,,gxPopupLevel%3D0%3B,gx-no-cache=1496761982412 HTTP/1.1" 200 3405
200.112.7.114 - - [06/Jun/2017:12:12:13 -0300] "POST /cormun/servlet/trsolicitudot?81dbd448f8912cdca6989ae462d44613,,gx-no-cache=1496761986309 HTTP/1.1" 200 8382
200.86.95.220 - - [06/Jun/2017:12:12:18 -0300] "GET /cormun/servlet/hlogin HTTP/1.1" 200 1712
186.103.159.182 - - [06/Jun/2017:12:12:19 -0300] "POST /cormun/servlet/prfichaempleado?e9ffc6577ea4931ff7c9b38a855a15d1,,MD,,gxPopupLevel%3D0%3B,gx-no-cache=1496761993959 HTTP/1.1" 200 3405
186.103.159.182 - - [06/Jun/2017:12:12:22 -0300] "POST /cormun/servlet/prfichaempleado?e9ffc6577ea4931ff7c9b38a855a15d1,,MD,,gxPopupLevel%3D0%3B,gx-no-cache=1496761996718 HTTP/1.1" 200 3405
200.112.7.114 - - [06/Jun/2017:12:12:23 -0300] "POST /cormun/servlet/trsolicitudot?81dbd448f8912cdca6989ae462d44613,,gx-no-cache=1496761995737 HTTP/1.1" 200 8382
200.112.7.114 - - [06/Jun/2017:12:12:26 -0300] "GET /cormun/servlet/solicitudot?INS,0,0, HTTP/1.1" 200 12888
200.86.95.220 - - [06/Jun/2017:12:12:27 -0300] "POST /cormun/servlet/hlogin?b478f63d29a063d26598641f450ec9cc,gx-no-cache=1496762003164 HTTP/1.1" 200 90
200.86.95.220 - - [06/Jun/2017:12:12:27 -0300] "GET /cormun/servlet/hpexe_link HTTP/1.1" 200 944
200.86.95.220 - - [06/Jun/2017:12:12:27 -0300] "GET /cormun/servlet/hhome HTTP/1.1" 200 3772
200.86.95.220 - - [06/Jun/2017:12:12:28 -0300] "GET /cormun/servlet/hhome HTTP/1.1" 200 3771
200.86.95.220 - - [06/Jun/2017:12:12:32 -0300] "GET /cormun/servlet/trpermisosgoce? HTTP/1.1" 200 10558
200.86.95.220 - - [06/Jun/2017:12:12:33 -0300] "GET /cormun/servlet/trpermisosgoce? HTTP/1.1" 200 10551
186.79.48.193 - - [06/Jun/2017:12:12:36 -0300] "GET /cormun/servlet/permisosadjuntos?INS,17199981,P,20170606120605,, HTTP/1.1" 200 5697
186.79.48.193 - - [06/Jun/2017:12:12:37 -0300] "GET /cormun/static/calendar-system.css?75620 HTTP/1.1" 200 5572
186.79.48.193 - - [06/Jun/2017:12:12:37 -0300] "GET /cormun/static/SmoothNavMenu/resources/ddsmoothmenu-v.css?1012540 HTTP/1.1" 200 1188
186.79.48.193 - - [06/Jun/2017:12:12:37 -0300] "GET /cormun/static/SmoothNavMenu/resources/ddsmoothmenu.css?1012540 HTTP/1.1" 200 2223
186.79.48.193 - - [06/Jun/2017:12:12:37 -0300] "GET /cormun/static/scaMessage/css/jquery.pnotify.default.css?1716380 HTTP/1.1" 200 1707
186.79.48.193 - - [06/Jun/2017:12:12:37 -0300] "GET /cormun/static/gxtimezone.js?85251 HTTP/1.1" 200 5781
186.79.48.193 - - [06/Jun/2017:12:12:37 -0300] "GET /cormun/static/Shared/jqueryui/jquery-ui.min.css?1245370 HTTP/1.1" 200 30288
186.79.48.193 - - [06/Jun/2017:12:12:37 -0300] "GET /cormun/static/gxcfg.js?201741111155774 HTTP/1.1" 200 953
186.79.48.193 - - [06/Jun/2017:12:12:37 -0300] "GET /cormun/static/calendar-setup.js?85251 HTTP/1.1" 200 2588
186.79.48.193 - - [06/Jun/2017:12:12:38 -0300] "GET /cormun/static/calendar.js?85251 HTTP/1.1" 200 26246
186.79.48.193 - - [06/Jun/2017:12:12:38 -0300] "GET /cormun/static/calendar-es.js?85251 HTTP/1.1" 200 1901
186.79.48.193 - - [06/Jun/2017:12:12:38 -0300] "GET /cormun/static/RunJS/RunJS.js HTTP/1.1" 200 288
186.79.48.193 - - [06/Jun/2017:12:12:38 -0300] "GET /cormun/static/Resources/Spanish/PXTools.css?11294912 HTTP/1.1" 200 89042
186.79.48.193 - - [06/Jun/2017:12:12:39 -0300] "GET /cormun/static/PXToolsJavascripts/pexe_autoreload.js HTTP/1.1" 200 1762
186.79.48.193 - - [06/Jun/2017:12:12:39 -0300] "GET /cormun/static/PXToolsJavascripts/pexe_cookies.js HTTP/1.1" 200 792
186.79.48.193 - - [06/Jun/2017:12:12:39 -0300] "GET /cormun/static/PXToolsJavascripts/pexe_windows.js HTTP/1.1" 200 15207
186.79.48.193 - - [06/Jun/2017:12:12:39 -0300] "GET /cormun/static/PXToolsJavascripts/pexe_grid.js HTTP/1.1" 200 7559
186.79.48.193 - - [06/Jun/2017:12:12:39 -0300] "GET /cormun/static/PXToolsJavascripts/pexe_griddivfix.js HTTP/1.1" 200 6644
186.79.48.193 - - [06/Jun/2017:12:12:39 -0300] "GET /cormun/static/PXToolsJavascripts/pexe_link.js HTTP/1.1" 200 5671
200.112.7.114 - - [06/Jun/2017:12:12:39 -0300] "GET /cormun/servlet/prfichaempleado?,MD,,gxPopupLevel%3D0%3B HTTP/1.1" 200 8873
186.79.48.193 - - [06/Jun/2017:12:12:39 -0300] "GET /cormun/static/PXToolsJavascripts/pexe_menudivfix.js HTTP/1.1" 200 333
186.79.48.193 - - [06/Jun/2017:12:12:39 -0300] "GET /cormun/static/PXToolsJavascripts/pexe_menus.js HTTP/1.1" 200 1286
186.79.48.193 - - [06/Jun/2017:12:12:39 -0300] "GET /cormun/static/PXToolsJavascripts/pexe_layers.js HTTP/1.1" 200 4114
186.79.48.193 - - [06/Jun/2017:12:12:39 -0300] "GET /cormun/static/PXToolsJavascripts/pexe_oav.js HTTP/1.1" 200 645
186.79.48.193 - - [06/Jun/2017:12:12:39 -0300] "GET /cormun/static/PXToolsJavascripts/pexe_oavdivfix.js HTTP/1.1" 200 639
186.79.48.193 - - [06/Jun/2017:12:12:39 -0300] "GET /cormun/static/PXToolsJavascripts/pexe_picture.js HTTP/1.1" 200 689
186.79.48.193 - - [06/Jun/2017:12:12:40 -0300] "GET /cormun/static/PXToolsJavascripts/pexe_popup.js HTTP/1.1" 200 13458
186.79.48.193 - - [06/Jun/2017:12:12:40 -0300] "GET /cormun/static/PXToolsJavascripts/pexe_scrolldiv.js HTTP/1.1" 200 4138
186.79.48.193 - - [06/Jun/2017:12:12:40 -0300] "GET /cormun/static/PXToolsJavascripts/pexe_tabs.js HTTP/1.1" 200 3748
186.79.48.193 - - [06/Jun/2017:12:12:40 -0300] "GET /cormun/static/PXToolsJavascripts/pexe_tabdivfix.js HTTP/1.1" 200 876
186.79.48.193 - - [06/Jun/2017:12:12:40 -0300] "GET /cormun/static/PXToolsJavascripts/pexe_upload.js HTTP/1.1" 200 1423
186.79.48.193 - - [06/Jun/2017:12:12:40 -0300] "GET /cormun/static/PXToolsJavascripts/PXToolsJavascriptsRender.js HTTP/1.1" 200 367
186.103.159.43 - - [06/Jun/2017:12:12:42 -0300] "GET /cormun/servlet/licenciaspermisos?1c3e4edd31d5847634c12e732e86c4c5355f7c1b7ec74e47716b9eef1a6434ae629c5f635e2541a94354adae73b9266bb729ffc822e776f85eed181cb3e99bb74b4f01c2ded3b8b26c55a88b7650d000217c8d74a03f44acb8164fc974a32a8653baa48e9cc03f4661d2f193348d9890e662cee9d4d8e3a38c0167e548222a27b076fca0a9645b5b709b3d8861aa20530a1871a295abe46daa9c177f73a35c2cb6aa4a4aea5142c84441c49eb07e721d,gx-no-cache=1496762017970 HTTP/1.1" 200 30
186.103.159.43 - - [06/Jun/2017:12:12:42 -0300] "GET /cormun/servlet/licenciaspermisos?1c3e4edd31d5847634c12e732e86c4c580d1f0bb49d631aaf6a30cd3bfa030f57befae00ec4dda33433e9ab39ad0f8169bd3cc70725a79fbd4d838a5731af384ad1503d4c1579e382dbab0b4c60291e3b94782c8eb00c54b7cf3236f835bfa853fc2c47baae4786ced5ec3d2ee9a87e67c6d2ea389ab7b066c649d484b242f4b6e66c6d3c126b0c70ecdc0117ba8d2fdae9014467a2a1fb38c4d04788e49a7fda9fc326448cc349c6afef6e9ac047787,gx-no-cache=1496762018084 HTTP/1.1" 200 29
186.103.159.43 - - [06/Jun/2017:12:12:42 -0300] "POST /cormun/servlet/licenciaspermisos?904307a4532837249050afc44a14b403,INS,0,,,,gx-no-cache=1496762018126 HTTP/1.1" 200 93
186.103.159.43 - - [06/Jun/2017:12:12:43 -0300] "GET /cormun/servlet/hpexe_return? HTTP/1.1" 200 1010
200.86.95.220 - - [06/Jun/2017:12:12:43 -0300] "GET /cormun/servlet/permisogoce?INS,0,,, HTTP/1.1" 200 6608
186.79.48.193 - - [06/Jun/2017:12:12:43 -0300] "GET /cormun/static/gxgral.js?85251 HTTP/1.1" 200 384558
186.103.159.43 - - [06/Jun/2017:12:12:43 -0300] "GET /cormun/servlet/trlicencias HTTP/1.1" 200 11473
186.79.48.193 - - [06/Jun/2017:12:12:44 -0300] "GET /cormun/static/Shared/ext/locale/ext-lang-en.js HTTP/1.1" 200 10940
186.79.48.193 - - [06/Jun/2017:12:12:44 -0300] "GET /cormun/static/permisosadjuntos.js?201741111155784 HTTP/1.1" 200 8724
186.79.48.193 - - [06/Jun/2017:12:12:44 -0300] "GET /cormun/static/hwchdr01.js?201752511465785 HTTP/1.1" 200 1183
200.86.95.220 - - [06/Jun/2017:12:12:44 -0300] "GET /cormun/servlet/permisogoce?INS,0,,, HTTP/1.1" 200 6608
186.79.48.193 - - [06/Jun/2017:12:12:44 -0300] "GET /cormun/static/hpexe_recentlink.js?201610171694390 HTTP/1.1" 200 2144
186.79.48.193 - - [06/Jun/2017:12:12:44 -0300] "GET /cormun/static/hpexe_scripts.js?201752511465715 HTTP/1.1" 200 1544
186.79.48.193 - - [06/Jun/2017:12:12:44 -0300] "GET /cormun/static/messages.spa.js?85251 HTTP/1.1" 200 30736
186.79.48.193 - - [06/Jun/2017:12:12:44 -0300] "GET /cormun/static/about:blank HTTP/1.1" 404 1011
186.103.159.43 - - [06/Jun/2017:12:12:44 -0300] "GET /cormun/servlet/trlicencias HTTP/1.1" 200 11467
186.79.48.193 - - [06/Jun/2017:12:12:44 -0300] "GET /cormun/static/Resources/PXToolsHeaderBackground2.png HTTP/1.1" 200 1174
200.112.7.114 - - [06/Jun/2017:12:12:44 -0300] "POST /cormun/servlet/solicitudot?gx-no-cache=1496762017348 HTTP/1.1" 200 3194
186.79.48.193 - - [06/Jun/2017:12:12:44 -0300] "GET /cormun/static/Resources/PXToolsFooterBackground2.png HTTP/1.1" 200 1172
186.79.48.193 - - [06/Jun/2017:12:12:44 -0300] "GET /cormun/static/Resources/PXToolsDataTitle.png HTTP/1.1" 200 1173
186.79.48.193 - - [06/Jun/2017:12:12:44 -0300] "GET /cormun/static/Resources/PXToolsHeaderActionsBackground.png HTTP/1.1" 200 484
186.79.48.193 - - [06/Jun/2017:12:12:44 -0300] "GET /cormun/static/Resources/PXToolsHeaderActionsLeft.png HTTP/1.1" 200 1118
186.79.48.193 - - [06/Jun/2017:12:12:44 -0300] "GET /cormun/static/Resources/logo4.png HTTP/1.1" 200 6582
186.79.48.193 - - [06/Jun/2017:12:12:44 -0300] "GET /cormun/static/gxui/gxui-all.js HTTP/1.1" 200 107772
186.79.48.193 - - [06/Jun/2017:12:12:44 -0300] "GET /cormun/static/Resources/PXToolsHeaderLogin.png HTTP/1.1" 200 4279
186.79.48.193 - - [06/Jun/2017:12:12:44 -0300] "GET /cormun/static/Resources/PXToolsHeaderSecurity.png HTTP/1.1" 200 4166
186.79.48.193 - - [06/Jun/2017:12:12:44 -0300] "GET /cormun/static/Resources/PXToolsHeaderActionsRight.png HTTP/1.1" 200 1201
186.79.48.193 - - [06/Jun/2017:12:12:44 -0300] "GET /cormun/static/Resources/PXToolsHeaderPreferences.png HTTP/1.1" 200 4189
186.79.48.193 - - [06/Jun/2017:12:12:44 -0300] "GET /cormun/static/Resources/PXToolsHeaderHome.png HTTP/1.1" 200 4147
186.79.48.193 - - [06/Jun/2017:12:12:45 -0300] "GET /cormun/static/Resources/PXToolsButtonRight21.png HTTP/1.1" 200 1283
186.79.48.193 - - [06/Jun/2017:12:12:45 -0300] "GET /cormun/static/Resources/PXToolsButtonLeft21.png HTTP/1.1" 200 1287
186.79.48.193 - - [06/Jun/2017:12:12:45 -0300] "GET /cormun/static/Resources/PXToolsButtonBackground2.png HTTP/1.1" 200 1181
200.112.7.114 - - [06/Jun/2017:12:12:45 -0300] "POST /cormun/servlet/solicitudot?81dbd448f8912cdca6989ae462d44613,INS,0,0,,gx-no-cache=1496762017889 HTTP/1.1" 200 10016
186.79.48.193 - - [06/Jun/2017:12:12:45 -0300] "GET /cormun/static/hpexe_messagecontroller.js?201610171694323 HTTP/1.1" 200 870
186.79.48.193 - - [06/Jun/2017:12:12:45 -0300] "GET /cormun/static/hpexe_messagepopupcomponent.js?20161017169425 HTTP/1.1" 200 605
186.79.48.193 - - [06/Jun/2017:12:12:45 -0300] "GET /cormun/static/hpexe_messagegenexuscomponent.js?201752511465344 HTTP/1.1" 200 587
186.79.48.193 - - [06/Jun/2017:12:12:45 -0300] "GET /cormun/static/cmcontrolpreferences.js?201752511465670 HTTP/1.1" 200 1375
186.79.48.193 - - [06/Jun/2017:12:12:45 -0300] "GET /cormun/static/SmoothNavMenu/resources/ddsmoothmenu.js HTTP/1.1" 200 12712
186.79.48.193 - - [06/Jun/2017:12:12:45 -0300] "GET /cormun/static/SmoothNavMenu/resources/SmoothNavMenuRender.js HTTP/1.1" 200 5951
186.79.48.193 - - [06/Jun/2017:12:12:45 -0300] "GET /cormun/static/scaMessage/js/jquery.pnotify.min.js HTTP/1.1" 200 13038
186.79.48.193 - - [06/Jun/2017:12:12:45 -0300] "GET /cormun/static/Shared/jquery/jquery-1.4.2.min.js HTTP/1.1" 200 72174
186.79.48.193 - - [06/Jun/2017:12:12:46 -0300] "GET /cormun/static/scaMessage/scaMessageRender.js HTTP/1.1" 200 11977
186.79.48.193 - - [06/Jun/2017:12:12:46 -0300] "GET /cormun/static/hmpwkw03.js?2017525121347 HTTP/1.1" 200 3965
186.103.157.42 - - [06/Jun/2017:12:12:46 -0300] "GET /cormun/servlet/trlicenciaspermisosadjuntos?15002348,20170606000000,L, HTTP/1.1" 200 6418
186.79.48.193 - - [06/Jun/2017:12:12:46 -0300] "GET /cormun/static/Resources/PXTools/calendar.png HTTP/1.1" 200 1306
186.103.157.42 - - [06/Jun/2017:12:12:46 -0300] "GET /cormun/static/gxcfg.js?20175251265349 HTTP/1.1" 200 953
186.103.157.42 - - [06/Jun/2017:12:12:46 -0300] "GET /cormun/static/trlicenciaspermisosadjuntos.js?2017525126577 HTTP/1.1" 200 21036
200.111.191.210 - - [06/Jun/2017:12:12:47 -0300] "POST /cormun/servlet/hlogin?47a2342460e28d33a46380ba91ed9345,gx-no-cache=1496762021147 HTTP/1.1" 200 90
200.111.191.210 - - [06/Jun/2017:12:12:47 -0300] "GET /cormun/servlet/hpexe_link HTTP/1.1" 200 976
200.112.7.114 - - [06/Jun/2017:12:12:47 -0300] "GET /cormun/servlet/solicitudot?fb6370015a4675ccfa3d812df36dd8aa0463ec63e1ff674fd41ad71a4f69fc8b6f6a7b057b5453c0ebcf24f4bf25ef25,gx-no-cache=1496762020357 HTTP/1.1" 200 30
200.111.191.210 - - [06/Jun/2017:12:12:47 -0300] "GET /cormun/servlet/trpermisosadjuntos?17521573,20170606113558,P, HTTP/1.1" 200 5911
200.112.7.114 - - [06/Jun/2017:12:12:47 -0300] "POST /cormun/servlet/solicitudot?gx-no-cache=1496762020472 HTTP/1.1" 200 255
186.79.48.193 - - [06/Jun/2017:12:12:47 -0300] "GET /cormun/static/Shared/jquery/jquery-1.10.2.min.js HTTP/1.1" 200 273199
186.103.157.42 - - [06/Jun/2017:12:12:47 -0300] "GET /cormun/servlet/trlicenciaspermisosadjuntos?15002348,20170606000000,L, HTTP/1.1" 200 6419
200.112.7.114 - - [06/Jun/2017:12:12:47 -0300] "GET /cormun/servlet/solicitudot?fb6370015a4675ccfa3d812df36dd8aa971ae090375e38f198596be4c03c23d4eedae1af84cb50ac618e0522ed5755525f911f43e1eb253281553b88420d523317dfb486335612c8a788228fb877a3795e48c762dcae83d5e253192116daed1bbf610933c46c0579c594365c9dd4e0c720e18a4639c8ea36f7fe734c323afd2a553ecf9c5017bb234bb4ac13465a02192340a000c31f895cacb6d3075a915df65052e9a1499ad07d3e83f706eb39b3fee4fdc6fe532821d91daf6ba2deb045d60a54117c8f1fde356cc52bf5a2a2d12f47af901db66a578abe886b71e5cd2f2b30e16bf76753b4b245a34f0a269a6413626941a872f745da1f4ec7bf6c1f336c18c52b3b4e05d6cf55f95941678177773b35847e2f511d37de0b1cc93e462dae79ff4bd32f81b6c00fa18dbe3bafa6ec4fc426fd0baa7a7bcff5dbb180aa6d95f60365582ad937633899e1bf0b0e330a527c6679cafdd26ba8e1fa1f82ecd916dc628dfb0ef33abb3ba7f3bf637d9f57fa44db1b0f434683ee9eb614e7d99351,gx-no-cache=1496762020682 HTTP/1.1" 200 30
200.111.191.210 - - [06/Jun/2017:12:12:47 -0300] "GET /cormun/servlet/trpermisosadjuntos?17521573,20170606113558,P, HTTP/1.1" 200 5909
186.79.48.193 - - [06/Jun/2017:12:12:48 -0300] "GET /cormun/static/Shared/jqueryui/jquery-ui.min.js HTTP/1.1" 200 240427
186.103.159.43 - - [06/Jun/2017:12:12:48 -0300] "GET /cormun/servlet/trlicenciaspermisosadjuntos?14202116,20170606000000,L, HTTP/1.1" 200 6101
186.79.48.193 - - [06/Jun/2017:12:12:48 -0300] "GET /cormun/static/Shared/ext/ext-all.js HTTP/1.1" 200 1289687
186.103.157.42 - - [06/Jun/2017:12:12:48 -0300] "GET /cormun/servlet/licenciaspermisosadjuntos?INS,15002348,L,20170606000000,, HTTP/1.1" 200 5720
186.103.157.42 - - [06/Jun/2017:12:12:48 -0300] "GET /cormun/static/licenciaspermisosadjuntos.js?201752511544378 HTTP/1.1" 200 8760
186.103.157.42 - - [06/Jun/2017:12:12:48 -0300] "GET /cormun/static/gxcfg.js?201752511544364 HTTP/1.1" 200 953
186.103.159.43 - - [06/Jun/2017:12:12:48 -0300] "GET /cormun/servlet/trlicenciaspermisosadjuntos?14202116,20170606000000,L, HTTP/1.1" 200 6102
186.103.157.42 - - [06/Jun/2017:12:12:48 -0300] "GET /cormun/static/about:blank HTTP/1.1" 404 1011
200.111.191.210 - - [06/Jun/2017:12:12:49 -0300] "GET /cormun/servlet/permisosadjuntos?INS,17521573,P,20170606113558,, HTTP/1.1" 200 5410
200.112.7.114 - - [06/Jun/2017:12:12:49 -0300] "POST /cormun/servlet/solicitudot?gx-no-cache=1496762022756 HTTP/1.1" 200 30
200.111.191.210 - - [06/Jun/2017:12:12:49 -0300] "GET /cormun/static/gxcfg.js?201741111155774 HTTP/1.1" 200 953
200.111.191.210 - - [06/Jun/2017:12:12:49 -0300] "GET /cormun/static/permisosadjuntos.js?201741111155784 HTTP/1.1" 200 8724
200.111.191.210 - - [06/Jun/2017:12:12:49 -0300] "GET /cormun/static/about:blank HTTP/1.1" 404 1011
186.103.157.42 - - [06/Jun/2017:12:12:49 -0300] "GET /cormun/servlet/licenciaspermisosadjuntos?INS,15002348,L,20170606000000,, HTTP/1.1" 200 5708
186.79.48.193 - - [06/Jun/2017:12:12:49 -0300] "GET /cormun/static/Resources/indicator.gif HTTP/1.1" 200 1553
200.111.191.210 - - [06/Jun/2017:12:12:49 -0300] "GET /cormun/servlet/permisosadjuntos?INS,17521573,P,20170606113558,, HTTP/1.1" 200 5399
186.79.48.193 - - [06/Jun/2017:12:12:49 -0300] "GET /cormun/servlet/permisosadjuntos?INS,17199981,P,20170606120605,, HTTP/1.1" 200 5686
186.79.48.193 - - [06/Jun/2017:12:12:49 -0300] "GET /cormun/static/SmoothNavMenu/resources/images/down.gif HTTP/1.1" 200 854
186.79.48.193 - - [06/Jun/2017:12:12:49 -0300] "GET /cormun/static/SmoothNavMenu/resources/images/right.gif HTTP/1.1" 200 860
186.103.159.43 - - [06/Jun/2017:12:12:50 -0300] "GET /cormun/servlet/licenciaspermisosadjuntos?INS,14202116,L,20170606000000,, HTTP/1.1" 200 5397
186.103.159.43 - - [06/Jun/2017:12:12:51 -0300] "GET /cormun/static/about:blank HTTP/1.1" 404 1011
186.103.159.43 - - [06/Jun/2017:12:12:51 -0300] "GET /cormun/servlet/licenciaspermisosadjuntos?INS,14202116,L,20170606000000,, HTTP/1.1" 200 5387
200.86.95.220 - - [06/Jun/2017:12:12:53 -0300] "GET /cormun/servlet/permisogoce?7f245d2c131053bc8eb0002b7b1113f84575229562355ae5098aacd44ab96758661ad7a1f882993dc726c92f2cf5caad,gx-no-cache=1496762029036 HTTP/1.1" 200 77
200.86.95.220 - - [06/Jun/2017:12:12:53 -0300] "GET /cormun/static/menuarrow.gif HTTP/1.1" 404 1015
186.103.157.42 - - [06/Jun/2017:12:12:59 -0300] "POST /cormun/servlet/licenciaspermisosadjuntos?00fbae84e7553e40e5034ee44b32f324,INS,15002348,L,20170606000000,, HTTP/1.1" 200 116
186.103.157.42 - - [06/Jun/2017:12:12:59 -0300] "GET /cormun/servlet/hpexe_return? HTTP/1.1" 200 1044
186.103.157.42 - - [06/Jun/2017:12:12:59 -0300] "GET /cormun/servlet/trlicenciaspermisosadjuntos?15002348,20170606000000,L, HTTP/1.1" 200 6915
186.103.157.42 - - [06/Jun/2017:12:13:00 -0300] "GET /cormun/servlet/trlicenciaspermisosadjuntos?15002348,20170606000000,L, HTTP/1.1" 200 6912
200.86.95.220 - - [06/Jun/2017:12:13:01 -0300] "GET /cormun/servlet/permisogoce?7f245d2c131053bc8eb0002b7b1113f81338c191f647507469baef275480de9a900551604d0afeab9e9fb8e2ec274ae42d92b46d6350018e9c1c8ed9f6c31dbb,gx-no-cache=1496762037225 HTTP/1.1" 200 46
186.103.157.42 - - [06/Jun/2017:12:13:05 -0300] "POST /cormun/servlet/trlicenciaspermisosadjuntos?00fbae84e7553e40e5034ee44b32f324,15002348,20170606000000,L,,gx-no-cache=1496762040982 HTTP/1.1" 200 90
186.103.157.42 - - [06/Jun/2017:12:13:05 -0300] "GET /cormun/servlet/hpexe_link HTTP/1.1" 200 985
186.103.157.42 - - [06/Jun/2017:12:13:05 -0300] "GET /cormun/servlet/trlicencias HTTP/1.1" 200 10408
200.86.95.220 - - [06/Jun/2017:12:13:05 -0300] "POST /cormun/servlet/permisogoce?b478f63d29a063d26598641f450ec9cc,INS,0,,,,gx-no-cache=1496762041273 HTTP/1.1" 200 93
200.86.95.220 - - [06/Jun/2017:12:13:05 -0300] "GET /cormun/servlet/hpexe_return? HTTP/1.1" 200 1003
200.86.95.220 - - [06/Jun/2017:12:13:06 -0300] "GET /cormun/servlet/trpermisosgoce HTTP/1.1" 200 10788
186.103.157.42 - - [06/Jun/2017:12:13:06 -0300] "GET /cormun/servlet/trlicencias HTTP/1.1" 200 10407
200.86.95.220 - - [06/Jun/2017:12:13:07 -0300] "GET /cormun/servlet/trpermisosgoce HTTP/1.1" 200 10783
200.112.7.114 - - [06/Jun/2017:12:13:08 -0300] "POST /cormun/servlet/solicitudot?gx-no-cache=1496762041234 HTTP/1.1" 200 1301
200.112.7.114 - - [06/Jun/2017:12:13:08 -0300] "POST /cormun/servlet/solicitudot?gx-no-cache=1496762041455 HTTP/1.1" 200 38
186.103.157.42 - - [06/Jun/2017:12:13:09 -0300] "POST /cormun/servlet/trlicencias?00fbae84e7553e40e5034ee44b32f324,gx-no-cache=1496762045433 HTTP/1.1" 200 7793
186.103.157.42 - - [06/Jun/2017:12:13:10 -0300] "GET /cormun/static/Shared/jqueryui/images/ui-bg_highlight-soft_100_c6c2c8_1x100.png HTTP/1.1" 404 1117
186.103.157.42 - - [06/Jun/2017:12:13:10 -0300] "GET /cormun/static/Shared/jqueryui/images/ui-icons_82798d_256x240.png HTTP/1.1" 404 1089
186.103.157.42 - - [06/Jun/2017:12:13:10 -0300] "GET /cormun/static/Shared/jqueryui/images/ui-icons_8d78a5_256x240.png HTTP/1.1" 404 1089
186.103.157.42 - - [06/Jun/2017:12:13:10 -0300] "GET /cormun/static/Shared/jqueryui/images/ui-bg_flat_55_fafafa_40x100.png HTTP/1.1" 404 1097
200.86.95.220 - - [06/Jun/2017:12:13:11 -0300] "GET /cormun/servlet/apermisogoceprn?9437348,P,20170606121243,PU HTTP/1.1" 200 1647
186.103.159.182 - - [06/Jun/2017:12:13:13 -0300] "GET /cormun/servlet/licenciaspermisos?2aeeb1c9cf77c0232fa206af79c6e770e367a86552fd9c546fe89509389ca134cf4f480e66aa0654088369964fcdc23730f86637e0a99e4880819c9beb62acc2e946918c051fa6b47865181bb9b600a4bfaa3aed556f8feb6a7d2d215755a8b5ab3e965fce51e08ded87080e49d0c2a16205b98a4c0ea0dddd642422ef31990412757da3b4bcc539b4a26d75be9f8ac7,gx-no-cache=1496762047830 HTTP/1.1" 200 101
200.111.191.210 - - [06/Jun/2017:12:13:13 -0300] "POST /cormun/servlet/permisosadjuntos?47a2342460e28d33a46380ba91ed9345,INS,17521573,P,20170606113558,, HTTP/1.1" 200 116
200.111.191.210 - - [06/Jun/2017:12:13:13 -0300] "GET /cormun/servlet/hpexe_return? HTTP/1.1" 200 1033
200.111.191.210 - - [06/Jun/2017:12:13:14 -0300] "GET /cormun/servlet/trpermisosadjuntos?17521573,20170606113558,P, HTTP/1.1" 200 6417
200.111.191.210 - - [06/Jun/2017:12:13:14 -0300] "GET /cormun/servlet/trpermisosadjuntos?17521573,20170606113558,P, HTTP/1.1" 200 6418
200.112.7.114 - - [06/Jun/2017:12:13:15 -0300] "GET /cormun/servlet/solicitudot?fb6370015a4675ccfa3d812df36dd8aad844fd1799be32d91e7e707a77e6c14ba1076bee3d7224cb91a220fa323a17a1a6a61cbbea6a105beb25a9170f29586a13cf761a3037c3091e7ef3a0d607e6b081f80cd366e86691fea22a55eafc1c88cd114edf4811e5bc86e9bc2a51077960653418b2dac269c0cc2d8ebae284e43dadde559a6c17ef25a0626cb91aac21031001a5f23143fe5698ca29e2cf498c63,gx-no-cache=1496762048622 HTTP/1.1" 200 29
200.112.7.114 - - [06/Jun/2017:12:13:15 -0300] "POST /cormun/servlet/solicitudot?gx-no-cache=1496762048701 HTTP/1.1" 200 1280
200.112.7.114 - - [06/Jun/2017:12:13:15 -0300] "GET /cormun/static/menuarrow.gif HTTP/1.1" 404 1015
200.111.191.210 - - [06/Jun/2017:12:13:17 -0300] "GET /cormun/PublicTempStorage/090230549008.PDF HTTP/1.1" 206 443308
200.112.7.114 - - [06/Jun/2017:12:13:17 -0300] "POST /cormun/servlet/solicitudot?gx-no-cache=1496762050353 HTTP/1.1" 200 1280
186.79.48.193 - - [06/Jun/2017:12:13:20 -0300] "POST /cormun/servlet/permisosadjuntos?b3e9774166d3e43eb417b3a1d1f6eda5,INS,17199981,P,20170606120605,, HTTP/1.1" 200 116
186.79.48.193 - - [06/Jun/2017:12:13:20 -0300] "GET /cormun/servlet/hpexe_return? HTTP/1.1" 200 1036
186.79.48.193 - - [06/Jun/2017:12:13:20 -0300] "GET /cormun/static/gxcfg.js?2016101716175148 HTTP/1.1" 200 953
186.79.48.193 - - [06/Jun/2017:12:13:20 -0300] "GET /cormun/static/hpexe_return.js?2016101716175153 HTTP/1.1" 200 1633
200.111.191.210 - - [06/Jun/2017:12:13:20 -0300] "GET /cormun/servlet/trpermisosadjuntos?17521573,20170606113558,P, HTTP/1.1" 200 6419
186.79.48.193 - - [06/Jun/2017:12:13:20 -0300] "GET /cormun/static/Resources/Spanish/PXTools.css?167811 HTTP/1.1" 200 89042
200.111.191.210 - - [06/Jun/2017:12:13:21 -0300] "GET /cormun/servlet/trpermisosadjuntos?17521573,20170606113558,P, HTTP/1.1" 200 6418
186.79.48.193 - - [06/Jun/2017:12:13:21 -0300] "GET /cormun/servlet/trpermisosadjuntos?17199981,20170606120605,P, HTTP/1.1" 200 6830
186.79.48.193 - - [06/Jun/2017:12:13:21 -0300] "GET /cormun/static/gxui/gxui-all.css?110300 HTTP/1.1" 200 2179
186.79.48.193 - - [06/Jun/2017:12:13:21 -0300] "GET /cormun/static/gxcfg.js?20175251271483 HTTP/1.1" 200 953
186.79.48.193 - - [06/Jun/2017:12:13:21 -0300] "GET /cormun/static/Resources/Spanish/PXTools.css?11423723 HTTP/1.1" 200 89042
186.79.48.193 - - [06/Jun/2017:12:13:21 -0300] "GET /cormun/static/gxdec.js?85251 HTTP/1.1" 200 19579
186.79.48.193 - - [06/Jun/2017:12:13:22 -0300] "GET /cormun/static/trpermisosadjuntos.js?20175251271844 HTTP/1.1" 200 20076
186.79.48.193 - - [06/Jun/2017:12:13:22 -0300] "GET /cormun/static/Resources/PXToolsGridFirstDisabled.gif HTTP/1.1" 200 100
186.79.48.193 - - [06/Jun/2017:12:13:22 -0300] "GET /cormun/static/Resources/PXToolsGridPreviousDisabled.gif HTTP/1.1" 200 90
186.79.48.193 - - [06/Jun/2017:12:13:22 -0300] "GET /cormun/static/Resources/PXToolsGridNextDisabled.gif HTTP/1.1" 200 90
186.79.48.193 - - [06/Jun/2017:12:13:22 -0300] "GET /cormun/static/Resources/PXToolsGridLastDisabled.gif HTTP/1.1" 200 98
186.79.48.193 - - [06/Jun/2017:12:13:22 -0300] "GET /cormun/static/Resources/PXToolsGridPage.gif HTTP/1.1" 200 725
186.79.48.193 - - [06/Jun/2017:12:13:22 -0300] "GET /cormun/static/Shared/ext/resources/css/ext-all.css?205870 HTTP/1.1" 200 416045
186.79.48.193 - - [06/Jun/2017:12:13:22 -0300] "GET /cormun/static/Resources/PXToolsGridNew.png HTTP/1.1" 200 2949
200.111.191.210 - - [06/Jun/2017:12:13:23 -0300] "GET /cormun/servlet/trpermisosgoce? HTTP/1.1" 200 17455
200.111.191.210 - - [06/Jun/2017:12:13:24 -0300] "GET /cormun/servlet/trpermisosgoce? HTTP/1.1" 200 17457
186.79.48.193 - - [06/Jun/2017:12:13:24 -0300] "GET /cormun/static/Resources/asc.gif HTTP/1.1" 200 67
186.79.48.193 - - [06/Jun/2017:12:13:24 -0300] "GET /cormun/static/Resources/desc.gif HTTP/1.1" 200 65
186.79.48.193 - - [06/Jun/2017:12:13:24 -0300] "GET /cormun//static/Resources/PXToolsGridDelete.png HTTP/1.1" 200 357
186.79.48.193 - - [06/Jun/2017:12:13:24 -0300] "GET /cormun/servlet/trpermisosadjuntos?17199981,20170606120605,P, HTTP/1.1" 200 6842
186.79.48.193 - - [06/Jun/2017:12:13:25 -0300] "GET /cormun/static/Shared/ext/resources/themes/images/default/panel/bg-headersPanel.png HTTP/1.1" 200 255
186.79.48.193 - - [06/Jun/2017:12:13:25 -0300] "GET /cormun/static/Shared/ext/resources/themes/images/default/tools/tool-sprites.gif HTTP/1.1" 200 5434
200.111.191.210 - - [06/Jun/2017:12:13:25 -0300] "POST /cormun/servlet/trpermisosgoce?47a2342460e28d33a46380ba91ed9345,,gx-no-cache=1496762059694 HTTP/1.1" 200 14622
200.111.191.210 - - [06/Jun/2017:12:13:25 -0300] "GET /cormun/static/Shared/jqueryui/images/ui-bg_highlight-soft_100_c6c2c8_1x100.png HTTP/1.1" 404 1117
200.111.191.210 - - [06/Jun/2017:12:13:25 -0300] "GET /cormun/static/Shared/jqueryui/images/ui-icons_82798d_256x240.png HTTP/1.1" 404 1089
200.111.191.210 - - [06/Jun/2017:12:13:25 -0300] "GET /cormun/static/Shared/jqueryui/images/ui-bg_flat_55_fafafa_40x100.png HTTP/1.1" 404 1097
200.111.191.210 - - [06/Jun/2017:12:13:25 -0300] "GET /cormun/static/Shared/jqueryui/images/ui-icons_8d78a5_256x240.png HTTP/1.1" 404 1089
186.103.159.182 - - [06/Jun/2017:12:13:27 -0300] "GET /cormun/servlet/trlicencias? HTTP/1.1" 200 15856
186.79.48.193 - - [06/Jun/2017:12:13:28 -0300] "POST /cormun/servlet/trpermisosadjuntos?b3e9774166d3e43eb417b3a1d1f6eda5,17199981,20170606120605,P,,gx-no-cache=1496762063373 HTTP/1.1" 200 90
186.79.48.193 - - [06/Jun/2017:12:13:28 -0300] "GET /cormun/servlet/hpexe_link HTTP/1.1" 200 1003
186.103.159.182 - - [06/Jun/2017:12:13:28 -0300] "GET /cormun/servlet/trlicencias? HTTP/1.1" 200 15852
186.79.48.193 - - [06/Jun/2017:12:13:28 -0300] "GET /cormun/static/gxcfg.js?20175251212395 HTTP/1.1" 200 953
186.79.48.193 - - [06/Jun/2017:12:13:28 -0300] "GET /cormun/static/hpexe_link.js?20175251212399 HTTP/1.1" 200 625
186.79.48.193 - - [06/Jun/2017:12:13:29 -0300] "GET /cormun/servlet/trpermisosgoce?gx-no-cache=1496761614839 HTTP/1.1" 200 15721
186.79.48.193 - - [06/Jun/2017:12:13:29 -0300] "GET /cormun/static/gxcfg.js?20175251265886 HTTP/1.1" 200 953
186.79.48.193 - - [06/Jun/2017:12:13:29 -0300] "GET /cormun/static/Resources/PXToolsDataSearch.png HTTP/1.1" 200 419
186.79.48.193 - - [06/Jun/2017:12:13:29 -0300] "GET /cormun/static/Resources/PXToolsActionExcel.png HTTP/1.1" 200 3187
186.79.48.193 - - [06/Jun/2017:12:13:30 -0300] "GET /cormun/static/trpermisosgoce.js?2017525127453 HTTP/1.1" 200 35904
186.79.48.193 - - [06/Jun/2017:12:13:30 -0300] "GET /cormun/servlet/trpermisosgoce?gx-no-cache=1496761614839 HTTP/1.1" 200 15725
186.79.48.193 - - [06/Jun/2017:12:13:30 -0300] "GET /cormun//static/Resources/PXToolsActionDisabled.gif HTTP/1.1" 200 53
186.79.48.193 - - [06/Jun/2017:12:13:30 -0300] "GET /cormun//static/Resources/PXToolsGridDisplay.png HTTP/1.1" 200 362
186.79.48.193 - - [06/Jun/2017:12:13:30 -0300] "GET /cormun//static/Resources/PXToolsGridUpdate.png HTTP/1.1" 200 2984
186.79.48.193 - - [06/Jun/2017:12:13:30 -0300] "GET /cormun//static/Resources/PXToolsActionPrint.png HTTP/1.1" 200 3317
186.79.48.193 - - [06/Jun/2017:12:13:30 -0300] "GET /cormun//static/Resources/PXToolsHeaderFavorites.png HTTP/1.1" 200 2744
186.79.48.193 - - [06/Jun/2017:12:13:30 -0300] "GET /cormun//static/Resources/PXToolsHeaderHelp.png HTTP/1.1" 200 4055
186.79.48.193 - - [06/Jun/2017:12:13:31 -0300] "GET /cormun//static/Resources/PXTools/ActionInsert.png HTTP/1.1" 200 1482
200.112.7.114 - - [06/Jun/2017:12:13:32 -0300] "POST /cormun/servlet/solicitudot?gx-no-cache=1496762065708 HTTP/1.1" 200 30
200.112.7.114 - - [06/Jun/2017:12:13:33 -0300] "POST /cormun/servlet/solicitudot?81dbd448f8912cdca6989ae462d44613,INS,0,0,,gx-no-cache=1496762065847 HTTP/1.1" 200 93
200.112.7.114 - - [06/Jun/2017:12:13:33 -0300] "GET /cormun/servlet/hpexe_return? HTTP/1.1" 200 1005
200.112.7.114 - - [06/Jun/2017:12:13:33 -0300] "GET /cormun/servlet/trsolicitudot? HTTP/1.1" 200 11562
186.79.48.193 - - [06/Jun/2017:12:13:37 -0300] "POST /cormun/servlet/trpermisosgoce?b3e9774166d3e43eb417b3a1d1f6eda5,gx-no-cache=1496761614839,gx-no-cache=1496762070493 HTTP/1.1" 200 12842
186.79.48.193 - - [06/Jun/2017:12:13:37 -0300] "GET /cormun/static/Shared/jqueryui/images/ui-bg_highlight-soft_100_c6c2c8_1x100.png HTTP/1.1" 404 1117
186.79.48.193 - - [06/Jun/2017:12:13:37 -0300] "GET /cormun/static/Shared/jqueryui/images/ui-icons_82798d_256x240.png HTTP/1.1" 404 1089
186.79.48.193 - - [06/Jun/2017:12:13:37 -0300] "GET /cormun/static/Shared/jqueryui/images/ui-bg_flat_55_fafafa_40x100.png HTTP/1.1" 404 1097
186.79.48.193 - - [06/Jun/2017:12:13:37 -0300] "GET /cormun/static/Shared/jqueryui/images/ui-icons_8d78a5_256x240.png HTTP/1.1" 404 1089
200.111.191.210 - - [06/Jun/2017:12:13:40 -0300] "GET /cormun/servlet/trlicencias? HTTP/1.1" 200 18279
200.111.191.210 - - [06/Jun/2017:12:13:40 -0300] "GET /cormun/servlet/trlicencias? HTTP/1.1" 200 18263
186.103.159.43 - - [06/Jun/2017:12:13:43 -0300] "POST /cormun/servlet/licenciaspermisosadjuntos?904307a4532837249050afc44a14b403,INS,14202116,L,20170606000000,, HTTP/1.1" 200 116
186.103.159.43 - - [06/Jun/2017:12:13:43 -0300] "GET /cormun/servlet/hpexe_return? HTTP/1.1" 200 1039
186.103.159.43 - - [06/Jun/2017:12:13:43 -0300] "GET /cormun/servlet/trlicenciaspermisosadjuntos?14202116,20170606000000,L, HTTP/1.1" 200 6583
200.112.7.114 - - [06/Jun/2017:12:13:44 -0300] "POST /cormun/servlet/trsolicitudot?81dbd448f8912cdca6989ae462d44613,,gx-no-cache=1496762076865 HTTP/1.1" 200 8713
186.103.159.43 - - [06/Jun/2017:12:13:44 -0300] "GET /cormun/servlet/trlicenciaspermisosadjuntos?14202116,20170606000000,L, HTTP/1.1" 200 6581
200.111.191.210 - - [06/Jun/2017:12:13:45 -0300] "GET /cormun/servlet/trlicenciaspermisosadjuntos?10264376,20170606000000,L, HTTP/1.1" 200 6113
200.111.191.210 - - [06/Jun/2017:12:13:45 -0300] "GET /cormun/static/gxcfg.js?20175251265349 HTTP/1.1" 200 953
200.111.191.210 - - [06/Jun/2017:12:13:45 -0300] "GET /cormun/static/trlicenciaspermisosadjuntos.js?2017525126577 HTTP/1.1" 200 21036
200.112.7.114 - - [06/Jun/2017:12:13:45 -0300] "POST /cormun/servlet/trsolicitudot?81dbd448f8912cdca6989ae462d44613,,gx-no-cache=1496762077946 HTTP/1.1" 200 8658
200.111.191.210 - - [06/Jun/2017:12:13:45 -0300] "GET /cormun/servlet/trlicenciaspermisosadjuntos?10264376,20170606000000,L, HTTP/1.1" 200 6113
200.112.7.114 - - [06/Jun/2017:12:13:45 -0300] "GET /cormun/static/Shared/jqueryui/images/ui-icons_8d78a5_256x240.png HTTP/1.1" 404 1089
200.112.7.114 - - [06/Jun/2017:12:13:45 -0300] "GET /cormun/static/Shared/jqueryui/images/ui-bg_flat_55_fafafa_40x100.png HTTP/1.1" 404 1097
200.112.7.114 - - [06/Jun/2017:12:13:45 -0300] "GET /cormun/static/Shared/jqueryui/images/ui-bg_highlight-soft_100_c6c2c8_1x100.png HTTP/1.1" 404 1117
200.112.7.114 - - [06/Jun/2017:12:13:45 -0300] "GET /cormun/static/Shared/jqueryui/images/ui-icons_82798d_256x240.png HTTP/1.1" 404 1089
200.111.191.210 - - [06/Jun/2017:12:13:46 -0300] "GET /cormun/servlet/licenciaspermisosadjuntos?INS,10264376,L,20170606000000,, HTTP/1.1" 200 5410
200.111.191.210 - - [06/Jun/2017:12:13:46 -0300] "GET /cormun/static/gxcfg.js?201752511544364 HTTP/1.1" 200 953
200.111.191.210 - - [06/Jun/2017:12:13:46 -0300] "GET /cormun/static/licenciaspermisosadjuntos.js?201752511544378 HTTP/1.1" 200 8760
