192.168.10.89 - - [05/Jun/2017:17:10:21 -0300] "POST /cormun/servlet/trsolicitudgral?747df3dec161410ebb7b33d846c5ef5f,gx-no-cache=1496693421381 HTTP/1.1" 200 7122
192.168.10.89 - - [05/Jun/2017:17:10:35 -0300] "POST /cormun/servlet/trsolicitudgral?747df3dec161410ebb7b33d846c5ef5f,gx-no-cache=1496693435983 HTTP/1.1" 200 6762
186.103.158.250 - - [05/Jun/2017:17:10:44 -0300] "GET /cormun/servlet/hlogin HTTP/1.1" 200 1721
186.103.158.250 - - [05/Jun/2017:17:10:44 -0300] "GET /cormun/servlet/hlogin HTTP/1.1" 200 1721
186.103.158.250 - - [05/Jun/2017:17:10:44 -0300] "GET /cormun/static/Resources/Spanish/PXTools.css?11423723 HTTP/1.1" 304 -
186.103.158.250 - - [05/Jun/2017:17:10:44 -0300] "GET /cormun/static/gxcfg.js?20175251213516 HTTP/1.1" 304 -
186.103.158.250 - - [05/Jun/2017:17:10:44 -0300] "GET /cormun/static/messages.spa.js?85251 HTTP/1.1" 200 30736
186.103.158.250 - - [05/Jun/2017:17:10:44 -0300] "GET /cormun/static/hlogin.js?20175251213537 HTTP/1.1" 304 -
186.103.158.250 - - [05/Jun/2017:17:10:45 -0300] "GET /cormun/servlet/hlogin HTTP/1.1" 200 1732
186.103.158.250 - - [05/Jun/2017:17:10:45 -0300] "GET /favicon.ico HTTP/1.1" 200 21630
192.168.10.89 - - [05/Jun/2017:17:11:25 -0300] "POST /cormun/servlet/trsolicitudgral?747df3dec161410ebb7b33d846c5ef5f,gx-no-cache=1496693485979 HTTP/1.1" 200 5580
192.168.10.89 - - [05/Jun/2017:17:12:07 -0300] "POST /cormun/servlet/trsolicitudgral?747df3dec161410ebb7b33d846c5ef5f,gx-no-cache=1496693527480 HTTP/1.1" 200 7817
192.168.10.96 - - [05/Jun/2017:17:12:23 -0300] "GET /cormun/servlet/vesolicitudnombre?2017,4968,,SolicitudOTAdjuntos HTTP/1.1" 200 10544
192.168.10.96 - - [05/Jun/2017:17:12:25 -0300] "POST /cormun/servlet/acontrolpreferencessavestate?None,DZAMUDIO,true HTTP/1.1" 200 35
192.168.10.96 - - [05/Jun/2017:17:12:25 -0300] "GET /cormun/servlet/vesolicitudnombre?2017,4968,,SolicitudOTAdjuntos HTTP/1.1" 200 10548
192.168.10.96 - - [05/Jun/2017:17:12:27 -0300] "GET /cormun/servlet/trsolicitudgral? HTTP/1.1" 200 24714
192.168.10.89 - - [05/Jun/2017:17:12:28 -0300] "POST /cormun/servlet/trsolicitudgral?747df3dec161410ebb7b33d846c5ef5f,gx-no-cache=1496693548279 HTTP/1.1" 200 7455
192.168.10.96 - - [05/Jun/2017:17:12:29 -0300] "GET /cormun/servlet/trsolicitudgral? HTTP/1.1" 200 24697
192.168.10.89 - - [05/Jun/2017:17:12:46 -0300] "POST /cormun/servlet/trsolicitudgral?747df3dec161410ebb7b33d846c5ef5f,gx-no-cache=1496693566408 HTTP/1.1" 200 7142
192.168.10.89 - - [05/Jun/2017:17:13:29 -0300] "POST /cormun/servlet/trsolicitudgral?747df3dec161410ebb7b33d846c5ef5f,gx-no-cache=1496693609257 HTTP/1.1" 200 6743
192.168.10.89 - - [05/Jun/2017:17:13:46 -0300] "POST /cormun/servlet/trsolicitudgral?747df3dec161410ebb7b33d846c5ef5f,gx-no-cache=1496693627077 HTTP/1.1" 200 5560
40.77.178.102 - - [05/Jun/2017:17:15:06 -0300] "GET /cormun/static/Resources/Spanish/PXTools.css?11423723 HTTP/1.1" 200 89042
40.77.178.102 - - [05/Jun/2017:17:15:15 -0300] "GET /cormun/static/hmpwkw03.js?2017525121347 HTTP/1.1" 200 3965
40.77.178.102 - - [05/Jun/2017:17:15:17 -0300] "GET /cormun//static/Resources/PXToolsActionView.png HTTP/1.1" 200 2995
40.77.178.102 - - [05/Jun/2017:17:15:17 -0300] "GET /cormun//static/Resources/PXToolsGridUpdate.png HTTP/1.1" 200 2984
40.77.178.102 - - [05/Jun/2017:17:15:17 -0300] "GET /cormun//static/Resources/PXToolsGridDelete.png HTTP/1.1" 200 357
40.77.178.102 - - [05/Jun/2017:17:15:17 -0300] "GET /cormun//static/Resources/PXToolsRemoveAllAction.png HTTP/1.1" 200 3558
40.77.178.102 - - [05/Jun/2017:17:15:18 -0300] "GET /cormun//static/Resources/PXTools/ActionInsert.png HTTP/1.1" 200 1482
192.168.10.89 - - [05/Jun/2017:17:16:30 -0300] "POST /cormun/servlet/trsolicitudgral?747df3dec161410ebb7b33d846c5ef5f,gx-no-cache=1496693790238 HTTP/1.1" 200 8906
192.168.10.89 - - [05/Jun/2017:17:19:15 -0300] "POST /cormun/servlet/trsolicitudgral?747df3dec161410ebb7b33d846c5ef5f,gx-no-cache=1496693955287 HTTP/1.1" 200 115
192.168.10.89 - - [05/Jun/2017:17:19:15 -0300] "GET /cormun/servlet/solicitudotlog?INS,2017,6570,0,REC, HTTP/1.1" 200 6315
192.168.10.89 - - [05/Jun/2017:17:19:15 -0300] "GET /cormun/static/gxcfg.js?201752511524564 HTTP/1.1" 304 -
192.168.10.89 - - [05/Jun/2017:17:19:15 -0300] "GET /cormun/static/solicitudotlog.js?201752511524577 HTTP/1.1" 304 -
192.168.10.89 - - [05/Jun/2017:17:19:15 -0300] "GET /cormun/static/hpexe_recentlink.js?201610171694390 HTTP/1.1" 200 2144
192.168.10.89 - - [05/Jun/2017:17:19:15 -0300] "GET /cormun/static/hpexe_messagecontroller.js?201610171694323 HTTP/1.1" 200 870
192.168.10.89 - - [05/Jun/2017:17:19:15 -0300] "GET /cormun/static/hpexe_messagepopupcomponent.js?20161017169425 HTTP/1.1" 200 605
192.168.10.89 - - [05/Jun/2017:17:19:16 -0300] "GET /cormun/servlet/solicitudotlog?7af76a8e9e570417a1bdf07e17fa38cb9f5fc30a272e53ccefd3cb52db0faad93a24d7c8471d72f34ffeca60d8324ef91ddf697dc5cfcf9b8a8b97fb7fe0a94c86f70ddbbb51a2fe4dae97c9af82d52681b06a557d8e30cb5f73278455e3bcc6d0f8b6cd87aa68dc4d52290d11e7b1c0453af76f74beb3067c0de693bc42043d5987c316d30edea5253388105425dbd5cc57b7221b5540b5bb0268ddc3283acd,gx-no-cache=1496693956809 HTTP/1.1" 200 94
192.168.10.89 - - [05/Jun/2017:17:19:19 -0300] "POST /cormun/servlet/solicitudotlog?747df3dec161410ebb7b33d846c5ef5f,INS,2017,6570,0,REC,,gx-no-cache=1496693960199 HTTP/1.1" 200 93
192.168.10.89 - - [05/Jun/2017:17:19:19 -0300] "GET /cormun/servlet/hpexe_return? HTTP/1.1" 200 1042
192.168.10.89 - - [05/Jun/2017:17:19:19 -0300] "GET /cormun/static/gxcfg.js?2016101716175148 HTTP/1.1" 304 -
192.168.10.89 - - [05/Jun/2017:17:19:20 -0300] "GET /cormun/servlet/trsolicitudgral?gx-no-cache=1496693790238 HTTP/1.1" 200 12102
192.168.10.89 - - [05/Jun/2017:17:19:29 -0300] "POST /cormun/servlet/trsolicitudgral?747df3dec161410ebb7b33d846c5ef5f,gx-no-cache=1496693790238,gx-no-cache=1496693969448 HTTP/1.1" 200 8301
192.168.10.89 - - [05/Jun/2017:17:19:29 -0300] "GET /cormun/static/Shared/jqueryui/images/ui-bg_highlight-soft_100_c6c2c8_1x100.png HTTP/1.1" 404 1117
192.168.10.89 - - [05/Jun/2017:17:19:29 -0300] "GET /cormun/static/Shared/jqueryui/images/ui-icons_82798d_256x240.png HTTP/1.1" 404 1089
192.168.10.89 - - [05/Jun/2017:17:19:29 -0300] "GET /cormun/static/Shared/jqueryui/images/ui-icons_8d78a5_256x240.png HTTP/1.1" 404 1089
192.168.10.89 - - [05/Jun/2017:17:19:29 -0300] "GET /cormun/static/Shared/jqueryui/images/ui-bg_flat_55_fafafa_40x100.png HTTP/1.1" 404 1097
91.196.50.33 - - [05/Jun/2017:17:20:49 -0300] "GET /testproxy.php HTTP/1.1" 404 987
192.168.10.89 - - [05/Jun/2017:17:21:36 -0300] "POST /cormun/servlet/trsolicitudgral?747df3dec161410ebb7b33d846c5ef5f,gx-no-cache=1496693790238,gx-no-cache=1496694096411 HTTP/1.1" 200 7924
192.168.10.89 - - [05/Jun/2017:17:22:03 -0300] "POST /cormun/servlet/trsolicitudgral?747df3dec161410ebb7b33d846c5ef5f,gx-no-cache=1496693790238,gx-no-cache=1496694124126 HTTP/1.1" 200 7538
186.103.158.250 - - [05/Jun/2017:17:22:30 -0300] "POST /cormun/servlet/hlogin?767c7680e45a5ae537764f721f5debd6,gx-no-cache=1496694434610 HTTP/1.1" 200 90
186.103.158.250 - - [05/Jun/2017:17:22:30 -0300] "GET /cormun/servlet/hpexe_link HTTP/1.1" 200 951
186.103.158.250 - - [05/Jun/2017:17:22:30 -0300] "GET /cormun/static/gxcfg.js?20175251212395 HTTP/1.1" 304 -
186.103.158.250 - - [05/Jun/2017:17:22:30 -0300] "GET /cormun/static/hpexe_link.js?20175251212399 HTTP/1.1" 304 -
186.103.158.250 - - [05/Jun/2017:17:22:30 -0300] "GET /cormun/servlet/hhome HTTP/1.1" 200 3786
186.103.158.250 - - [05/Jun/2017:17:22:30 -0300] "GET /cormun/static/gxcfg.js?20175251212442 HTTP/1.1" 304 -
186.103.158.250 - - [05/Jun/2017:17:22:30 -0300] "GET /cormun/static/hhome.js?20175251212450 HTTP/1.1" 304 -
186.103.158.250 - - [05/Jun/2017:17:22:30 -0300] "GET /cormun/static/hwchdr01.js?201752511465785 HTTP/1.1" 304 -
186.103.158.250 - - [05/Jun/2017:17:22:30 -0300] "GET /cormun/static/hpexe_recentlink.js?201610171694390 HTTP/1.1" 200 2144
186.103.158.250 - - [05/Jun/2017:17:22:30 -0300] "GET /cormun/static/hpexe_scripts.js?201752511465715 HTTP/1.1" 304 -
186.103.158.250 - - [05/Jun/2017:17:22:30 -0300] "GET /cormun/static/hpexe_messagecontroller.js?201610171694323 HTTP/1.1" 200 870
186.103.158.250 - - [05/Jun/2017:17:22:30 -0300] "GET /cormun/static/hpexe_messagepopupcomponent.js?20161017169425 HTTP/1.1" 200 605
186.103.158.250 - - [05/Jun/2017:17:22:30 -0300] "GET /cormun/static/hpexe_messagegenexuscomponent.js?201752511465344 HTTP/1.1" 304 -
186.103.158.250 - - [05/Jun/2017:17:22:30 -0300] "GET /cormun/static/cmcontrolpreferences.js?201752511465670 HTTP/1.1" 304 -
186.103.158.250 - - [05/Jun/2017:17:22:30 -0300] "GET /cormun/static/hmpwkw03.js?2017525121347 HTTP/1.1" 304 -
186.103.158.250 - - [05/Jun/2017:17:22:32 -0300] "GET /cormun/servlet/hhome HTTP/1.1" 200 3783
186.103.158.250 - - [05/Jun/2017:17:22:52 -0300] "GET /cormun/servlet/trpermisosgoce? HTTP/1.1" 200 8823
186.103.158.250 - - [05/Jun/2017:17:22:52 -0300] "GET /cormun/static/gxcfg.js?20175251265886 HTTP/1.1" 200 953
186.103.158.250 - - [05/Jun/2017:17:22:53 -0300] "GET /cormun/static/trpermisosgoce.js?2017525127453 HTTP/1.1" 200 35904
186.103.158.250 - - [05/Jun/2017:17:22:54 -0300] "GET /cormun/servlet/trpermisosgoce? HTTP/1.1" 200 8820
186.103.158.250 - - [05/Jun/2017:17:22:54 -0300] "GET /cormun//static/Resources/PXToolsActionDisabled.gif HTTP/1.1" 200 53
186.103.158.250 - - [05/Jun/2017:17:23:12 -0300] "POST /cormun/servlet/trpermisosgoce?767c7680e45a5ae537764f721f5debd6,,gx-no-cache=1496694476397 HTTP/1.1" 200 6060
186.103.158.250 - - [05/Jun/2017:17:23:12 -0300] "GET /cormun/static/Shared/jqueryui/images/ui-bg_highlight-soft_100_c6c2c8_1x100.png HTTP/1.1" 404 1117
186.103.158.250 - - [05/Jun/2017:17:23:12 -0300] "GET /cormun/static/Shared/jqueryui/images/ui-icons_82798d_256x240.png HTTP/1.1" 404 1089
186.103.158.250 - - [05/Jun/2017:17:23:12 -0300] "GET /cormun/static/Shared/jqueryui/images/ui-bg_flat_55_fafafa_40x100.png HTTP/1.1" 404 1097
186.103.158.250 - - [05/Jun/2017:17:23:12 -0300] "GET /cormun/static/Shared/jqueryui/images/ui-icons_8d78a5_256x240.png HTTP/1.1" 404 1089
192.168.10.89 - - [05/Jun/2017:17:23:18 -0300] "POST /cormun/servlet/trsolicitudgral?747df3dec161410ebb7b33d846c5ef5f,gx-no-cache=1496693790238,gx-no-cache=1496694198476 HTTP/1.1" 200 7082
186.103.158.250 - - [05/Jun/2017:17:23:24 -0300] "POST /cormun/servlet/trpermisosgoce?767c7680e45a5ae537764f721f5debd6,,gx-no-cache=1496694488711 HTTP/1.1" 200 6043
186.103.158.250 - - [05/Jun/2017:17:23:28 -0300] "GET /cormun/servlet/permisogoce?INS,0,,, HTTP/1.1" 200 6634
186.103.158.250 - - [05/Jun/2017:17:23:28 -0300] "GET /cormun/static/gxcfg.js?201752511545264 HTTP/1.1" 200 953
186.103.158.250 - - [05/Jun/2017:17:23:28 -0300] "GET /cormun/static/permisogoce.js?201752511545340 HTTP/1.1" 200 27885
186.103.158.250 - - [05/Jun/2017:17:23:29 -0300] "GET /cormun/servlet/permisogoce?INS,0,,, HTTP/1.1" 200 6633
192.168.10.96 - - [05/Jun/2017:17:24:01 -0300] "GET /cormun/servlet/trsolicitudgral? HTTP/1.1" 200 24697
192.168.10.96 - - [05/Jun/2017:17:24:02 -0300] "GET /cormun/servlet/trsolicitudgral? HTTP/1.1" 200 24697
186.103.158.250 - - [05/Jun/2017:17:24:04 -0300] "GET /cormun/servlet/permisogoce?203486503a712f95f2b1d048f4f4b19c703954a8742f4b8e69506e332a0cc04e6cae581e6abe3b2094e6374481acf007fadde384681334681cc3042e9a5d8b10,gx-no-cache=1496694529236 HTTP/1.1" 200 80
186.103.158.250 - - [05/Jun/2017:17:24:04 -0300] "GET /cormun/static/menuarrow.gif HTTP/1.1" 404 1015
186.103.158.250 - - [05/Jun/2017:17:24:19 -0300] "GET /cormun/servlet/permisogoce?203486503a712f95f2b1d048f4f4b19cb74fcf078ec5765a2da533b8bbc66bd53472f68264d0672df787661f74fa13ffe0a915369690b617f4857a9a2ff34120,gx-no-cache=1496694544457 HTTP/1.1" 200 44
192.168.10.96 - - [05/Jun/2017:17:24:29 -0300] "POST /cormun/servlet/trsolicitudgral?e5a8d1137cb2f76b17bd77a742f6319e,,gx-no-cache=1496694269224 HTTP/1.1" 200 19361
186.103.158.250 - - [05/Jun/2017:17:24:34 -0300] "POST /cormun/servlet/permisogoce?767c7680e45a5ae537764f721f5debd6,INS,0,,,,gx-no-cache=1496694558437 HTTP/1.1" 200 93
186.103.158.250 - - [05/Jun/2017:17:24:34 -0300] "GET /cormun/servlet/hpexe_return? HTTP/1.1" 200 1010
186.103.158.250 - - [05/Jun/2017:17:24:34 -0300] "GET /cormun/static/gxcfg.js?2016101716175148 HTTP/1.1" 200 953
186.103.158.250 - - [05/Jun/2017:17:24:34 -0300] "GET /cormun/static/hpexe_return.js?2016101716175153 HTTP/1.1" 200 1633
186.103.158.250 - - [05/Jun/2017:17:24:34 -0300] "GET /cormun/static/Resources/Spanish/PXTools.css?167811 HTTP/1.1" 200 89042
186.103.158.250 - - [05/Jun/2017:17:24:34 -0300] "GET /cormun/servlet/trpermisosgoce? HTTP/1.1" 200 9101
186.103.158.250 - - [05/Jun/2017:17:24:36 -0300] "GET /cormun/servlet/trpermisosgoce? HTTP/1.1" 200 9094
186.103.158.250 - - [05/Jun/2017:17:24:43 -0300] "GET /cormun/servlet/trpermisosadjuntos?12517598,20170605172328,P, HTTP/1.1" 200 6103
186.103.158.250 - - [05/Jun/2017:17:24:44 -0300] "GET /cormun/static/gxcfg.js?20175251271483 HTTP/1.1" 200 953
186.103.158.250 - - [05/Jun/2017:17:24:44 -0300] "GET /cormun/static/trpermisosadjuntos.js?20175251271844 HTTP/1.1" 200 20076
186.103.158.250 - - [05/Jun/2017:17:24:44 -0300] "GET /cormun/servlet/trpermisosadjuntos?12517598,20170605172328,P, HTTP/1.1" 200 6104
186.103.158.250 - - [05/Jun/2017:17:24:49 -0300] "GET /cormun/servlet/permisosadjuntos?INS,12517598,P,20170605172328,, HTTP/1.1" 200 5424
186.103.158.250 - - [05/Jun/2017:17:24:49 -0300] "GET /cormun/static/gxcfg.js?201741111155774 HTTP/1.1" 200 953
186.103.158.250 - - [05/Jun/2017:17:24:49 -0300] "GET /cormun/static/permisosadjuntos.js?201741111155784 HTTP/1.1" 200 8724
186.103.158.250 - - [05/Jun/2017:17:24:49 -0300] "GET /cormun/static/Resources/Spanish/PXTools.css?11294912 HTTP/1.1" 200 89042
186.103.158.250 - - [05/Jun/2017:17:24:49 -0300] "GET /cormun/static/about:blank HTTP/1.1" 404 1011
186.103.158.250 - - [05/Jun/2017:17:24:50 -0300] "GET /cormun/servlet/permisosadjuntos?INS,12517598,P,20170605172328,, HTTP/1.1" 200 5415
186.103.158.250 - - [05/Jun/2017:17:24:56 -0300] "GET /cormun/servlet/trpermisosadjuntos?12517598,20170605172328,P, HTTP/1.1" 200 6103
186.103.158.250 - - [05/Jun/2017:17:24:57 -0300] "GET /cormun/servlet/trpermisosadjuntos?12517598,20170605172328,P, HTTP/1.1" 200 6104
186.103.158.250 - - [05/Jun/2017:17:25:00 -0300] "GET /cormun/servlet/trpermisosgoce? HTTP/1.1" 200 9101
186.103.158.250 - - [05/Jun/2017:17:25:01 -0300] "GET /cormun/servlet/trpermisosgoce? HTTP/1.1" 200 9097
186.103.158.250 - - [05/Jun/2017:17:25:12 -0300] "POST /cormun/servlet/trpermisosgoce?767c7680e45a5ae537764f721f5debd6,,gx-no-cache=1496694596591 HTTP/1.1" 200 6353
186.103.158.250 - - [05/Jun/2017:17:25:12 -0300] "GET /cormun/static/Shared/jqueryui/images/ui-bg_highlight-soft_100_c6c2c8_1x100.png HTTP/1.1" 404 1117
186.103.158.250 - - [05/Jun/2017:17:25:12 -0300] "GET /cormun/static/Shared/jqueryui/images/ui-icons_82798d_256x240.png HTTP/1.1" 404 1089
186.103.158.250 - - [05/Jun/2017:17:25:12 -0300] "GET /cormun/static/Shared/jqueryui/images/ui-bg_flat_55_fafafa_40x100.png HTTP/1.1" 404 1097
186.103.158.250 - - [05/Jun/2017:17:25:12 -0300] "GET /cormun/static/Shared/jqueryui/images/ui-icons_8d78a5_256x240.png HTTP/1.1" 404 1089
186.103.158.250 - - [05/Jun/2017:17:25:20 -0300] "GET /cormun/servlet/apermisogoceprn?12517598,P,20170605172328,PU HTTP/1.1" 200 1661
192.168.10.96 - - [05/Jun/2017:17:25:28 -0300] "GET /cormun/servlet/vesolicitudgral?2017,6245,, HTTP/1.1" 200 8775
192.168.10.96 - - [05/Jun/2017:17:25:28 -0300] "GET /cormun/pexe_scrolldiv.js HTTP/1.1" 404 1009
192.168.10.96 - - [05/Jun/2017:17:25:28 -0300] "GET /cormun/pexe_scrolldiv.js HTTP/1.1" 404 1009
192.168.10.96 - - [05/Jun/2017:17:25:29 -0300] "GET /cormun/servlet/vesolicitudgral?2017,6245,, HTTP/1.1" 200 8774
192.168.10.96 - - [05/Jun/2017:17:25:30 -0300] "GET /cormun/servlet/vesolicitudgral?2017,6245,,SolicitudOTAdjuntos HTTP/1.1" 200 7589
192.168.10.96 - - [05/Jun/2017:17:25:30 -0300] "GET /cormun/pexe_scrolldiv.js HTTP/1.1" 404 1009
192.168.10.96 - - [05/Jun/2017:17:25:30 -0300] "GET /cormun/pexe_scrolldiv.js HTTP/1.1" 404 1009
192.168.10.96 - - [05/Jun/2017:17:25:30 -0300] "GET /cormun/servlet/vesolicitudgral?2017,6245,,SolicitudOTAdjuntos HTTP/1.1" 200 7590
192.168.10.96 - - [05/Jun/2017:17:25:31 -0300] "POST /cormun/servlet/acontrolpreferencessavestate?None,DZAMUDIO,true HTTP/1.1" 200 35
192.168.10.96 - - [05/Jun/2017:17:25:33 -0300] "POST /cormun/servlet/vesolicitudgral?e5a8d1137cb2f76b17bd77a742f6319e,2017,6245,,SolicitudOTAdjuntos,gx-no-cache=1496694333275 HTTP/1.1" 200 90
192.168.10.96 - - [05/Jun/2017:17:25:33 -0300] "GET /cormun/servlet/hpexe_link HTTP/1.1" 200 977
192.168.10.96 - - [05/Jun/2017:17:25:33 -0300] "GET /cormun/servlet/trsolicitudgral? HTTP/1.1" 200 22210
192.168.10.96 - - [05/Jun/2017:17:25:34 -0300] "GET /cormun/servlet/trsolicitudgral? HTTP/1.1" 200 22209
192.168.10.96 - - [05/Jun/2017:17:25:37 -0300] "GET /cormun/servlet/trconsultaempleado? HTTP/1.1" 200 6785
192.168.10.96 - - [05/Jun/2017:17:25:37 -0300] "GET /cormun/servlet/trconsultaempleado? HTTP/1.1" 200 6785
192.168.10.96 - - [05/Jun/2017:17:25:44 -0300] "POST /cormun/servlet/trconsultaempleado?e5a8d1137cb2f76b17bd77a742f6319e,,gx-no-cache=1496694344990 HTTP/1.1" 200 4205
192.168.10.89 - - [05/Jun/2017:17:25:49 -0300] "POST /cormun/servlet/trsolicitudgral?747df3dec161410ebb7b33d846c5ef5f,gx-no-cache=1496693790238,gx-no-cache=1496694349519 HTTP/1.1" 200 7923
192.168.10.96 - - [05/Jun/2017:17:25:52 -0300] "POST /cormun/servlet/trconsultaempleado?e5a8d1137cb2f76b17bd77a742f6319e,,gx-no-cache=1496694352920 HTTP/1.1" 200 4205
192.168.10.96 - - [05/Jun/2017:17:26:17 -0300] "GET /cormun/servlet/trconsultaempleado? HTTP/1.1" 200 6542
192.168.10.96 - - [05/Jun/2017:17:26:18 -0300] "GET /cormun/servlet/trconsultaempleado? HTTP/1.1" 200 6542
192.168.10.96 - - [05/Jun/2017:17:28:30 -0300] "GET /cormun/servlet/trsolicitudgral? HTTP/1.1" 200 22209
192.168.10.96 - - [05/Jun/2017:17:28:31 -0300] "GET /cormun/servlet/trsolicitudgral? HTTP/1.1" 200 22209
192.168.10.96 - - [05/Jun/2017:17:29:39 -0300] "GET /cormun/servlet/vesolicitudgral?2017,6245,, HTTP/1.1" 200 8775
192.168.10.96 - - [05/Jun/2017:17:29:39 -0300] "GET /cormun/pexe_scrolldiv.js HTTP/1.1" 404 1009
192.168.10.96 - - [05/Jun/2017:17:29:39 -0300] "GET /cormun/pexe_scrolldiv.js HTTP/1.1" 404 1009
192.168.10.96 - - [05/Jun/2017:17:29:40 -0300] "GET /cormun/servlet/vesolicitudgral?2017,6245,, HTTP/1.1" 200 8774
192.168.10.96 - - [05/Jun/2017:17:29:41 -0300] "GET /cormun/servlet/vesolicitudgral?2017,6245,,SolicitudOTAdjuntos HTTP/1.1" 200 7589
192.168.10.96 - - [05/Jun/2017:17:29:41 -0300] "GET /cormun/pexe_scrolldiv.js HTTP/1.1" 404 1009
192.168.10.96 - - [05/Jun/2017:17:29:41 -0300] "GET /cormun/pexe_scrolldiv.js HTTP/1.1" 404 1009
192.168.10.96 - - [05/Jun/2017:17:29:41 -0300] "GET /cormun/servlet/vesolicitudgral?2017,6245,,SolicitudOTAdjuntos HTTP/1.1" 200 7590
192.168.10.96 - - [05/Jun/2017:17:29:42 -0300] "POST /cormun/servlet/acontrolpreferencessavestate?None,DZAMUDIO,true HTTP/1.1" 200 35
192.168.10.96 - - [05/Jun/2017:17:29:45 -0300] "POST /cormun/servlet/vesolicitudgral?e5a8d1137cb2f76b17bd77a742f6319e,2017,6245,,SolicitudOTAdjuntos,gx-no-cache=1496694586102 HTTP/1.1" 200 90
192.168.10.96 - - [05/Jun/2017:17:29:45 -0300] "GET /cormun/servlet/hpexe_link HTTP/1.1" 200 977
192.168.10.96 - - [05/Jun/2017:17:29:46 -0300] "GET /cormun/servlet/trsolicitudgral HTTP/1.1" 200 22210
192.168.10.96 - - [05/Jun/2017:17:29:47 -0300] "GET /cormun/servlet/trsolicitudgral HTTP/1.1" 200 22209
200.86.95.220 - - [05/Jun/2017:17:30:35 -0300] "GET /cormun/servlet/hlogin HTTP/1.1" 200 1721
200.86.95.220 - - [05/Jun/2017:17:30:44 -0300] "POST /cormun/servlet/hlogin?63703a5bdfd7710cbc1a9fd59497ca84,gx-no-cache=1496694700147 HTTP/1.1" 200 90
200.86.95.220 - - [05/Jun/2017:17:30:44 -0300] "GET /cormun/servlet/hpexe_link HTTP/1.1" 200 954
200.86.95.220 - - [05/Jun/2017:17:30:44 -0300] "GET /cormun/servlet/hhome HTTP/1.1" 200 3783
200.86.95.220 - - [05/Jun/2017:17:30:45 -0300] "GET /cormun/servlet/hhome HTTP/1.1" 200 3783
200.86.95.220 - - [05/Jun/2017:17:30:48 -0300] "GET /cormun/servlet/trlicencias? HTTP/1.1" 200 10912
200.86.95.220 - - [05/Jun/2017:17:30:48 -0300] "GET /cormun/static/gxcfg.js?20175222047249 HTTP/1.1" 304 -
200.86.95.220 - - [05/Jun/2017:17:30:48 -0300] "GET /cormun/static/trlicencias.js?201752220473085 HTTP/1.1" 304 -
200.86.95.220 - - [05/Jun/2017:17:30:49 -0300] "GET /cormun/servlet/trlicencias? HTTP/1.1" 200 10909
200.86.95.220 - - [05/Jun/2017:17:31:02 -0300] "POST /cormun/servlet/trlicencias?63703a5bdfd7710cbc1a9fd59497ca84,,gx-no-cache=1496694718020 HTTP/1.1" 200 3927
200.86.95.220 - - [05/Jun/2017:17:31:05 -0300] "GET /cormun/servlet/licenciaspermisos?INS,0,,, HTTP/1.1" 200 7208
200.86.95.220 - - [05/Jun/2017:17:31:05 -0300] "GET /cormun/static/gxcfg.js?201752220471843 HTTP/1.1" 200 953
200.86.95.220 - - [05/Jun/2017:17:31:06 -0300] "GET /cormun/static/licenciaspermisos.js?201752220471934 HTTP/1.1" 200 35774
200.86.95.220 - - [05/Jun/2017:17:31:06 -0300] "GET /cormun/servlet/licenciaspermisos?INS,0,,, HTTP/1.1" 200 7208
192.168.10.89 - - [05/Jun/2017:17:31:21 -0300] "POST /cormun/servlet/trsolicitudgral?747df3dec161410ebb7b33d846c5ef5f,gx-no-cache=1496693790238,gx-no-cache=1496694681254 HTTP/1.1" 200 5362
192.168.10.89 - - [05/Jun/2017:17:31:25 -0300] "POST /cormun/servlet/trsolicitudgral?747df3dec161410ebb7b33d846c5ef5f,gx-no-cache=1496693790238,gx-no-cache=1496694685515 HTTP/1.1" 200 6721
200.86.95.220 - - [05/Jun/2017:17:31:28 -0300] "GET /cormun/servlet/licenciaspermisos?8bd0ed09d268a12429f6499dd011b48f960039cd9b414bb48cfedd65651452444619447aa5892e323807196522cac854,gx-no-cache=1496694744353 HTTP/1.1" 200 93
200.86.95.220 - - [05/Jun/2017:17:31:28 -0300] "POST /cormun/servlet/licenciaspermisos?63703a5bdfd7710cbc1a9fd59497ca84,INS,0,,,,gx-no-cache=1496694744501 HTTP/1.1" 200 4497
192.168.10.89 - - [05/Jun/2017:17:31:46 -0300] "POST /cormun/servlet/trsolicitudgral?747df3dec161410ebb7b33d846c5ef5f,gx-no-cache=1496693790238,gx-no-cache=1496694706833 HTTP/1.1" 200 5573
200.86.95.220 - - [05/Jun/2017:17:32:00 -0300] "GET /cormun/servlet/hlogin HTTP/1.1" 200 1721
200.86.95.220 - - [05/Jun/2017:17:32:08 -0300] "POST /cormun/servlet/hlogin?63703a5bdfd7710cbc1a9fd59497ca84,gx-no-cache=1496694784092 HTTP/1.1" 200 90
200.86.95.220 - - [05/Jun/2017:17:32:08 -0300] "GET /cormun/servlet/hpexe_link HTTP/1.1" 200 972
200.86.95.220 - - [05/Jun/2017:17:32:08 -0300] "GET /cormun/servlet/licenciaspermisos?INS,0,,, HTTP/1.1" 200 7209
200.86.95.220 - - [05/Jun/2017:17:32:09 -0300] "GET /cormun/servlet/licenciaspermisos?INS,0,,, HTTP/1.1" 200 7208
200.86.95.220 - - [05/Jun/2017:17:32:32 -0300] "GET /cormun/servlet/hlogin HTTP/1.1" 200 1721
192.168.10.89 - - [05/Jun/2017:17:32:36 -0300] "POST /cormun/servlet/trsolicitudgral?747df3dec161410ebb7b33d846c5ef5f,gx-no-cache=1496693790238,gx-no-cache=1496694756974 HTTP/1.1" 200 7726
200.86.95.220 - - [05/Jun/2017:17:32:41 -0300] "POST /cormun/servlet/hlogin?63703a5bdfd7710cbc1a9fd59497ca84,gx-no-cache=1496694816942 HTTP/1.1" 200 90
200.86.95.220 - - [05/Jun/2017:17:32:41 -0300] "GET /cormun/servlet/hpexe_link HTTP/1.1" 200 972
200.86.95.220 - - [05/Jun/2017:17:32:41 -0300] "GET /cormun/servlet/licenciaspermisos?INS,0,,, HTTP/1.1" 200 7209
200.86.95.220 - - [05/Jun/2017:17:32:42 -0300] "GET /cormun/servlet/licenciaspermisos?INS,0,,, HTTP/1.1" 200 7208
200.86.95.220 - - [05/Jun/2017:17:32:56 -0300] "GET /cormun/servlet/licenciaspermisos?8bd0ed09d268a12429f6499dd011b48f960039cd9b414bb48cfedd65651452444619447aa5892e323807196522cac854,gx-no-cache=1496694832754 HTTP/1.1" 200 93
200.86.95.220 - - [05/Jun/2017:17:32:57 -0300] "POST /cormun/servlet/licenciaspermisos?63703a5bdfd7710cbc1a9fd59497ca84,INS,0,,,,gx-no-cache=1496694832862 HTTP/1.1" 200 4495
200.86.95.220 - - [05/Jun/2017:17:33:34 -0300] "GET /cormun/static/menuarrow.gif HTTP/1.1" 404 1015
192.168.10.89 - - [05/Jun/2017:17:33:45 -0300] "POST /cormun/servlet/trsolicitudgral?747df3dec161410ebb7b33d846c5ef5f,gx-no-cache=1496693790238,gx-no-cache=1496694825997 HTTP/1.1" 200 7157
192.168.10.89 - - [05/Jun/2017:17:34:08 -0300] "POST /cormun/servlet/trsolicitudgral?747df3dec161410ebb7b33d846c5ef5f,gx-no-cache=1496693790238,gx-no-cache=1496694848575 HTTP/1.1" 200 6767
192.168.10.96 - - [05/Jun/2017:17:34:12 -0300] "POST /cormun/servlet/trsolicitudgral?e5a8d1137cb2f76b17bd77a742f6319e,gx-no-cache=1496694852194 HTTP/1.1" 200 22502
192.168.10.89 - - [05/Jun/2017:17:34:25 -0300] "POST /cormun/servlet/trsolicitudgral?747df3dec161410ebb7b33d846c5ef5f,gx-no-cache=1496693790238,gx-no-cache=1496694865645 HTTP/1.1" 200 5586
192.168.10.96 - - [05/Jun/2017:17:34:38 -0300] "POST /cormun/servlet/trsolicitudgral?e5a8d1137cb2f76b17bd77a742f6319e,gx-no-cache=1496694878502 HTTP/1.1" 200 10034
192.168.10.96 - - [05/Jun/2017:17:34:43 -0300] "POST /cormun/servlet/trsolicitudgral?e5a8d1137cb2f76b17bd77a742f6319e,gx-no-cache=1496694882993 HTTP/1.1" 200 22501
192.168.10.96 - - [05/Jun/2017:17:34:56 -0300] "GET /cormun/servlet/trconsultaempleado? HTTP/1.1" 200 6542
192.168.10.96 - - [05/Jun/2017:17:34:56 -0300] "GET /cormun/servlet/trconsultaempleado? HTTP/1.1" 200 6542
200.86.95.220 - - [05/Jun/2017:17:35:03 -0300] "GET /cormun/servlet/licenciaspermisos?8bd0ed09d268a12429f6499dd011b48f9788f4c708981aacadab9b73f2752d41893471bcc12133f69817282c5859a7a79d1053f77f658c6e2253f42128c7f05217d82fca53ba6dd2c29bbed77a4a85d2ffc56d898111866865b20eabfe1a1da9c0257b32e4b7565183f8a8063dc6c33a28e7338e5b1dfbe7afe55ce818ced5e39dcdd169ff9ab507843f479cd9d782b658df69d101d79f22bd06d3efe26eb77da0418cc218f1edcf7692e9db8a16e601,gx-no-cache=1496694958899 HTTP/1.1" 200 30
200.86.95.220 - - [05/Jun/2017:17:35:03 -0300] "GET /cormun/servlet/licenciaspermisos?8bd0ed09d268a12429f6499dd011b48f5e9617f20a16a8acf26daef5e681932b0781887d5a4a48575f71a591eedc12930ef771637b0befb2bdb35591ecff83b014f9afb2d65826413a76d5591c9b59937b9e04e7fc7820e89ad7e39e816110901ce51feaf489d4071bfcdc0cc7a2247c118c579b97f6ff16feb169a14840c0692b6f44c13d5f289264b2bd0fa24f843f5718d795fe1f13f6eaebaf9b69fa5c17ff09924f11de5b6eb8ee15b9872a515b,gx-no-cache=1496694958992 HTTP/1.1" 200 29
200.86.95.220 - - [05/Jun/2017:17:35:03 -0300] "POST /cormun/servlet/licenciaspermisos?63703a5bdfd7710cbc1a9fd59497ca84,INS,0,,,,gx-no-cache=1496694959041 HTTP/1.1" 200 93
200.86.95.220 - - [05/Jun/2017:17:35:03 -0300] "GET /cormun/servlet/hpexe_return? HTTP/1.1" 200 1016
200.86.95.220 - - [05/Jun/2017:17:35:03 -0300] "GET /cormun/servlet/trlicencias? HTTP/1.1" 200 7839
192.168.10.96 - - [05/Jun/2017:17:35:05 -0300] "POST /cormun/servlet/trconsultaempleado?e5a8d1137cb2f76b17bd77a742f6319e,,gx-no-cache=1496694905222 HTTP/1.1" 200 4448
200.86.95.220 - - [05/Jun/2017:17:35:05 -0300] "GET /cormun/servlet/trlicencias? HTTP/1.1" 200 7835
200.86.95.220 - - [05/Jun/2017:17:35:10 -0300] "GET /cormun/servlet/trlicenciaspermisosadjuntos?7021272,20170605000000,L, HTTP/1.1" 200 6135
200.86.95.220 - - [05/Jun/2017:17:35:10 -0300] "GET /cormun/static/gxcfg.js?20175251265349 HTTP/1.1" 200 953
200.86.95.220 - - [05/Jun/2017:17:35:10 -0300] "GET /cormun/static/trlicenciaspermisosadjuntos.js?2017525126577 HTTP/1.1" 200 21036
192.168.10.89 - - [05/Jun/2017:17:35:11 -0300] "POST /cormun/servlet/trsolicitudgral?747df3dec161410ebb7b33d846c5ef5f,gx-no-cache=1496693790238,gx-no-cache=1496694911557 HTTP/1.1" 200 5360
200.86.95.220 - - [05/Jun/2017:17:35:11 -0300] "GET /cormun/servlet/trlicenciaspermisosadjuntos?7021272,20170605000000,L, HTTP/1.1" 200 6135
200.86.95.220 - - [05/Jun/2017:17:35:13 -0300] "GET /cormun/servlet/licenciaspermisosadjuntos?INS,7021272,L,20170605000000,, HTTP/1.1" 200 5436
200.86.95.220 - - [05/Jun/2017:17:35:13 -0300] "GET /cormun/static/gxcfg.js?201752511544364 HTTP/1.1" 200 953
200.86.95.220 - - [05/Jun/2017:17:35:13 -0300] "GET /cormun/static/licenciaspermisosadjuntos.js?201752511544378 HTTP/1.1" 200 8760
200.86.95.220 - - [05/Jun/2017:17:35:13 -0300] "GET /cormun/static/about:blank HTTP/1.1" 404 1011
200.86.95.220 - - [05/Jun/2017:17:35:14 -0300] "GET /cormun/servlet/licenciaspermisosadjuntos?INS,7021272,L,20170605000000,, HTTP/1.1" 200 5426
192.168.10.96 - - [05/Jun/2017:17:35:23 -0300] "GET /cormun/servlet/trsolicitudnombre?18040304, HTTP/1.1" 200 8327
200.86.95.220 - - [05/Jun/2017:17:35:23 -0300] "POST /cormun/servlet/licenciaspermisosadjuntos?63703a5bdfd7710cbc1a9fd59497ca84,INS,7021272,L,20170605000000,, HTTP/1.1" 200 116
200.86.95.220 - - [05/Jun/2017:17:35:23 -0300] "GET /cormun/servlet/hpexe_return? HTTP/1.1" 200 1045
200.86.95.220 - - [05/Jun/2017:17:35:24 -0300] "GET /cormun/servlet/trlicenciaspermisosadjuntos?7021272,20170605000000,L, HTTP/1.1" 200 6600
192.168.10.96 - - [05/Jun/2017:17:35:24 -0300] "GET /cormun/servlet/trsolicitudnombre?18040304, HTTP/1.1" 200 8329
200.86.95.220 - - [05/Jun/2017:17:35:25 -0300] "GET /cormun/servlet/trlicenciaspermisosadjuntos?7021272,20170605000000,L, HTTP/1.1" 200 6597
200.86.95.220 - - [05/Jun/2017:17:35:25 -0300] "GET /cormun/PublicTempStorage/img4005090904.jpg HTTP/1.1" 200 1859738
200.86.95.220 - - [05/Jun/2017:17:35:27 -0300] "POST /cormun/servlet/trlicenciaspermisosadjuntos?63703a5bdfd7710cbc1a9fd59497ca84,7021272,20170605000000,L,,gx-no-cache=1496694983480 HTTP/1.1" 200 90
200.86.95.220 - - [05/Jun/2017:17:35:27 -0300] "GET /cormun/servlet/hpexe_link HTTP/1.1" 200 986
200.86.95.220 - - [05/Jun/2017:17:35:27 -0300] "GET /cormun/servlet/trlicencias HTTP/1.1" 200 7837
200.86.95.220 - - [05/Jun/2017:17:35:28 -0300] "GET /cormun/servlet/trlicencias HTTP/1.1" 200 7835
200.86.95.220 - - [05/Jun/2017:17:35:33 -0300] "GET /cormun/servlet/alicenciaprn?7021272,L,20170605000000,PU HTTP/1.1" 200 1544
192.168.10.96 - - [05/Jun/2017:17:35:40 -0300] "GET /cormun/servlet/vesolicitudnombre?2017,3164,, HTTP/1.1" 200 8622
192.168.10.96 - - [05/Jun/2017:17:35:40 -0300] "GET /cormun/pexe_scrolldiv.js HTTP/1.1" 404 1009
192.168.10.96 - - [05/Jun/2017:17:35:40 -0300] "GET /cormun/pexe_scrolldiv.js HTTP/1.1" 404 1009
192.168.10.96 - - [05/Jun/2017:17:35:40 -0300] "GET /cormun/servlet/vesolicitudnombre?2017,3164,, HTTP/1.1" 200 8618
192.168.10.96 - - [05/Jun/2017:17:35:42 -0300] "GET /cormun/servlet/vesolicitudnombre?2017,3164,,SolicitudOTAdjuntos HTTP/1.1" 200 7552
192.168.10.96 - - [05/Jun/2017:17:35:42 -0300] "GET /cormun/pexe_scrolldiv.js HTTP/1.1" 404 1009
192.168.10.96 - - [05/Jun/2017:17:35:43 -0300] "GET /cormun/pexe_scrolldiv.js HTTP/1.1" 404 1009
192.168.10.96 - - [05/Jun/2017:17:35:43 -0300] "GET /cormun/servlet/vesolicitudnombre?2017,3164,,SolicitudOTAdjuntos HTTP/1.1" 200 7552
192.168.10.96 - - [05/Jun/2017:17:35:44 -0300] "POST /cormun/servlet/acontrolpreferencessavestate?None,DZAMUDIO,true HTTP/1.1" 200 35
192.168.10.96 - - [05/Jun/2017:17:35:45 -0300] "POST /cormun/servlet/vesolicitudnombre?e5a8d1137cb2f76b17bd77a742f6319e,2017,3164,,SolicitudOTAdjuntos,gx-no-cache=1496694945607 HTTP/1.1" 200 90
192.168.10.96 - - [05/Jun/2017:17:35:45 -0300] "GET /cormun/servlet/hpexe_link HTTP/1.1" 200 987
192.168.10.96 - - [05/Jun/2017:17:35:45 -0300] "GET /cormun/servlet/trsolicitudnombre?18040304, HTTP/1.1" 200 8329
192.168.10.96 - - [05/Jun/2017:17:35:45 -0300] "GET /cormun/servlet/trsolicitudnombre?18040304, HTTP/1.1" 200 8331
192.168.10.96 - - [05/Jun/2017:17:35:48 -0300] "GET /cormun/servlet/vesolicitudnombre?2016,916,, HTTP/1.1" 200 8610
192.168.10.96 - - [05/Jun/2017:17:35:48 -0300] "GET /cormun/pexe_scrolldiv.js HTTP/1.1" 404 1009
192.168.10.96 - - [05/Jun/2017:17:35:48 -0300] "GET /cormun/pexe_scrolldiv.js HTTP/1.1" 404 1009
192.168.10.96 - - [05/Jun/2017:17:35:48 -0300] "GET /cormun/servlet/vesolicitudnombre?2016,916,, HTTP/1.1" 200 8604
192.168.10.96 - - [05/Jun/2017:17:35:50 -0300] "GET /cormun/servlet/vesolicitudnombre?2016,916,,SolicitudOTAdjuntos HTTP/1.1" 200 7548
192.168.10.96 - - [05/Jun/2017:17:35:50 -0300] "GET /cormun/pexe_scrolldiv.js HTTP/1.1" 404 1009
192.168.10.96 - - [05/Jun/2017:17:35:50 -0300] "GET /cormun/pexe_scrolldiv.js HTTP/1.1" 404 1009
192.168.10.96 - - [05/Jun/2017:17:35:50 -0300] "GET /cormun/servlet/vesolicitudnombre?2016,916,,SolicitudOTAdjuntos HTTP/1.1" 200 7548
192.168.10.96 - - [05/Jun/2017:17:35:51 -0300] "POST /cormun/servlet/acontrolpreferencessavestate?None,DZAMUDIO,true HTTP/1.1" 200 35
192.168.10.96 - - [05/Jun/2017:17:35:52 -0300] "POST /cormun/servlet/vesolicitudnombre?e5a8d1137cb2f76b17bd77a742f6319e,2016,916,,SolicitudOTAdjuntos,gx-no-cache=1496694952973 HTTP/1.1" 200 90
192.168.10.96 - - [05/Jun/2017:17:35:52 -0300] "GET /cormun/servlet/hpexe_link HTTP/1.1" 200 987
192.168.10.96 - - [05/Jun/2017:17:35:52 -0300] "GET /cormun/servlet/trsolicitudnombre?18040304, HTTP/1.1" 200 8328
192.168.10.96 - - [05/Jun/2017:17:35:53 -0300] "GET /cormun/servlet/trsolicitudnombre?18040304, HTTP/1.1" 200 8330
192.168.10.96 - - [05/Jun/2017:17:35:54 -0300] "GET /cormun/servlet/vesolicitudnombre?2016,917,, HTTP/1.1" 200 8619
192.168.10.96 - - [05/Jun/2017:17:35:54 -0300] "GET /cormun/pexe_scrolldiv.js HTTP/1.1" 404 1009
192.168.10.96 - - [05/Jun/2017:17:35:54 -0300] "GET /cormun/pexe_scrolldiv.js HTTP/1.1" 404 1009
192.168.10.96 - - [05/Jun/2017:17:35:55 -0300] "GET /cormun/servlet/vesolicitudnombre?2016,917,, HTTP/1.1" 200 8612
192.168.10.96 - - [05/Jun/2017:17:36:01 -0300] "GET /cormun/servlet/vesolicitudnombre?2016,917,,SolicitudOTAdjuntos HTTP/1.1" 200 7553
192.168.10.96 - - [05/Jun/2017:17:36:02 -0300] "GET /cormun/pexe_scrolldiv.js HTTP/1.1" 404 1009
192.168.10.96 - - [05/Jun/2017:17:36:02 -0300] "GET /cormun/pexe_scrolldiv.js HTTP/1.1" 404 1009
192.168.10.96 - - [05/Jun/2017:17:36:02 -0300] "GET /cormun/servlet/vesolicitudnombre?2016,917,,SolicitudOTAdjuntos HTTP/1.1" 200 7554
192.168.10.89 - - [05/Jun/2017:17:36:02 -0300] "POST /cormun/servlet/trsolicitudgral?747df3dec161410ebb7b33d846c5ef5f,gx-no-cache=1496693790238,gx-no-cache=1496694963161 HTTP/1.1" 200 5360
192.168.10.96 - - [05/Jun/2017:17:36:03 -0300] "POST /cormun/servlet/acontrolpreferencessavestate?None,DZAMUDIO,true HTTP/1.1" 200 35
192.168.10.96 - - [05/Jun/2017:17:36:04 -0300] "POST /cormun/servlet/vesolicitudnombre?e5a8d1137cb2f76b17bd77a742f6319e,2016,917,,SolicitudOTAdjuntos,gx-no-cache=1496694964956 HTTP/1.1" 200 90
192.168.10.96 - - [05/Jun/2017:17:36:04 -0300] "GET /cormun/servlet/hpexe_link HTTP/1.1" 200 988
192.168.10.96 - - [05/Jun/2017:17:36:04 -0300] "GET /cormun/servlet/trsolicitudnombre?18040304, HTTP/1.1" 200 8326
192.168.10.96 - - [05/Jun/2017:17:36:05 -0300] "GET /cormun/servlet/trsolicitudnombre?18040304, HTTP/1.1" 200 8330
200.86.95.220 - - [05/Jun/2017:17:36:05 -0300] "POST /cormun/servlet/trlicencias?63703a5bdfd7710cbc1a9fd59497ca84,gx-no-cache=1496695021244 HTTP/1.1" 200 4055
200.86.95.220 - - [05/Jun/2017:17:36:05 -0300] "GET /cormun/static/Shared/jqueryui/images/ui-bg_highlight-soft_100_c6c2c8_1x100.png HTTP/1.1" 404 1117
200.86.95.220 - - [05/Jun/2017:17:36:05 -0300] "GET /cormun/static/Shared/jqueryui/images/ui-icons_82798d_256x240.png HTTP/1.1" 404 1089
200.86.95.220 - - [05/Jun/2017:17:36:05 -0300] "GET /cormun/static/Shared/jqueryui/images/ui-icons_8d78a5_256x240.png HTTP/1.1" 404 1089
200.86.95.220 - - [05/Jun/2017:17:36:05 -0300] "GET /cormun/static/Shared/jqueryui/images/ui-bg_flat_55_fafafa_40x100.png HTTP/1.1" 404 1097
192.168.10.96 - - [05/Jun/2017:17:36:06 -0300] "GET /cormun/servlet/vesolicitudnombre?2017,3164,, HTTP/1.1" 200 8622
192.168.10.96 - - [05/Jun/2017:17:36:06 -0300] "GET /cormun/pexe_scrolldiv.js HTTP/1.1" 404 1009
192.168.10.96 - - [05/Jun/2017:17:36:06 -0300] "GET /cormun/pexe_scrolldiv.js HTTP/1.1" 404 1009
192.168.10.96 - - [05/Jun/2017:17:36:07 -0300] "GET /cormun/servlet/vesolicitudnombre?2017,3164,, HTTP/1.1" 200 8618
192.168.10.96 - - [05/Jun/2017:17:36:08 -0300] "GET /cormun/servlet/vesolicitudnombre?2017,3164,,SolicitudOTAdjuntos HTTP/1.1" 200 7552
192.168.10.96 - - [05/Jun/2017:17:36:08 -0300] "GET /cormun/pexe_scrolldiv.js HTTP/1.1" 404 1009
192.168.10.96 - - [05/Jun/2017:17:36:08 -0300] "GET /cormun/pexe_scrolldiv.js HTTP/1.1" 404 1009
192.168.10.96 - - [05/Jun/2017:17:36:08 -0300] "GET /cormun/servlet/vesolicitudnombre?2017,3164,,SolicitudOTAdjuntos HTTP/1.1" 200 7552
192.168.10.96 - - [05/Jun/2017:17:36:09 -0300] "POST /cormun/servlet/acontrolpreferencessavestate?None,DZAMUDIO,true HTTP/1.1" 200 35
192.168.10.96 - - [05/Jun/2017:17:36:13 -0300] "POST /cormun/servlet/vesolicitudnombre?e5a8d1137cb2f76b17bd77a742f6319e,2017,3164,,SolicitudOTAdjuntos,gx-no-cache=1496694973699 HTTP/1.1" 200 90
192.168.10.96 - - [05/Jun/2017:17:36:13 -0300] "GET /cormun/servlet/hpexe_link HTTP/1.1" 200 987
192.168.10.96 - - [05/Jun/2017:17:36:13 -0300] "GET /cormun/servlet/trsolicitudnombre?18040304, HTTP/1.1" 200 8328
192.168.10.96 - - [05/Jun/2017:17:36:14 -0300] "GET /cormun/servlet/trsolicitudnombre?18040304, HTTP/1.1" 200 8330
192.168.10.96 - - [05/Jun/2017:17:36:15 -0300] "GET /cormun/servlet/vesolicitudnombre?2017,3165,, HTTP/1.1" 200 8624
192.168.10.96 - - [05/Jun/2017:17:36:15 -0300] "GET /cormun/pexe_scrolldiv.js HTTP/1.1" 404 1009
192.168.10.96 - - [05/Jun/2017:17:36:15 -0300] "GET /cormun/pexe_scrolldiv.js HTTP/1.1" 404 1009
192.168.10.96 - - [05/Jun/2017:17:36:15 -0300] "GET /cormun/servlet/vesolicitudnombre?2017,3165,, HTTP/1.1" 200 8618
200.86.95.220 - - [05/Jun/2017:17:36:16 -0300] "POST /cormun/servlet/trlicencias?63703a5bdfd7710cbc1a9fd59497ca84,gx-no-cache=1496695032448 HTTP/1.1" 200 7873
192.168.10.96 - - [05/Jun/2017:17:36:16 -0300] "GET /cormun/servlet/vesolicitudnombre?2017,3165,,SolicitudOTAdjuntos HTTP/1.1" 200 7552
192.168.10.96 - - [05/Jun/2017:17:36:17 -0300] "GET /cormun/pexe_scrolldiv.js HTTP/1.1" 404 1009
192.168.10.96 - - [05/Jun/2017:17:36:17 -0300] "GET /cormun/pexe_scrolldiv.js HTTP/1.1" 404 1009
192.168.10.96 - - [05/Jun/2017:17:36:17 -0300] "GET /cormun/servlet/vesolicitudnombre?2017,3165,,SolicitudOTAdjuntos HTTP/1.1" 200 7552
192.168.10.96 - - [05/Jun/2017:17:36:18 -0300] "POST /cormun/servlet/acontrolpreferencessavestate?None,DZAMUDIO,true HTTP/1.1" 200 35
200.86.95.220 - - [05/Jun/2017:17:36:44 -0300] "POST /cormun/servlet/trlicencias?63703a5bdfd7710cbc1a9fd59497ca84,gx-no-cache=1496695059652 HTTP/1.1" 200 8826
192.168.10.89 - - [05/Jun/2017:17:37:58 -0300] "POST /cormun/servlet/trsolicitudgral?747df3dec161410ebb7b33d846c5ef5f,gx-no-cache=1496693790238,gx-no-cache=1496695078639 HTTP/1.1" 200 7934
192.168.10.89 - - [05/Jun/2017:17:41:42 -0300] "POST /cormun/servlet/trsolicitudgral?747df3dec161410ebb7b33d846c5ef5f,gx-no-cache=1496693790238,gx-no-cache=1496695303047 HTTP/1.1" 200 5360
192.168.10.89 - - [05/Jun/2017:17:44:56 -0300] "POST /cormun/servlet/trsolicitudgral?747df3dec161410ebb7b33d846c5ef5f,gx-no-cache=1496693790238,gx-no-cache=1496695496790 HTTP/1.1" 200 6719
186.103.159.43 - - [05/Jun/2017:17:47:24 -0300] "GET /cormun/servlet/hlogin HTTP/1.1" 200 1721
186.103.159.43 - - [05/Jun/2017:17:47:24 -0300] "GET /cormun/static/gxcfg.js?20175251213516 HTTP/1.1" 200 953
186.103.159.43 - - [05/Jun/2017:17:47:24 -0300] "GET /cormun/static/Resources/Spanish/PXTools.css?11423723 HTTP/1.1" 200 89042
186.103.159.43 - - [05/Jun/2017:17:47:25 -0300] "GET /cormun/static/messages.spa.js?85251 HTTP/1.1" 200 30736
186.103.159.43 - - [05/Jun/2017:17:47:25 -0300] "GET /cormun/static/hlogin.js?20175251213537 HTTP/1.1" 304 -
186.103.159.43 - - [05/Jun/2017:17:47:25 -0300] "GET /cormun/servlet/hlogin HTTP/1.1" 200 1731
186.103.159.43 - - [05/Jun/2017:17:47:25 -0300] "GET /favicon.ico HTTP/1.1" 200 21630
186.103.159.43 - - [05/Jun/2017:17:47:27 -0300] "POST /cormun/servlet/hlogin?68392ba7fe828b203c441d0e2b17a563,gx-no-cache=1496695702319 HTTP/1.1" 200 90
186.103.159.43 - - [05/Jun/2017:17:47:27 -0300] "GET /cormun/servlet/hpexe_link HTTP/1.1" 200 952
186.103.159.43 - - [05/Jun/2017:17:47:27 -0300] "GET /cormun/static/gxcfg.js?20175251212395 HTTP/1.1" 200 953
186.103.159.43 - - [05/Jun/2017:17:47:27 -0300] "GET /cormun/static/hpexe_link.js?20175251212399 HTTP/1.1" 200 625
186.103.159.43 - - [05/Jun/2017:17:47:27 -0300] "GET /cormun/servlet/hhome HTTP/1.1" 200 3765
186.103.159.43 - - [05/Jun/2017:17:47:27 -0300] "GET /cormun/static/gxcfg.js?20175251212442 HTTP/1.1" 200 953
186.103.159.43 - - [05/Jun/2017:17:47:28 -0300] "GET /cormun/static/hwchdr01.js?201752511465785 HTTP/1.1" 304 -
186.103.159.43 - - [05/Jun/2017:17:47:28 -0300] "GET /cormun/static/hhome.js?20175251212450 HTTP/1.1" 200 777
186.103.159.43 - - [05/Jun/2017:17:47:28 -0300] "GET /cormun/static/hpexe_scripts.js?201752511465715 HTTP/1.1" 304 -
186.103.159.43 - - [05/Jun/2017:17:47:28 -0300] "GET /cormun/static/hpexe_messagegenexuscomponent.js?201752511465344 HTTP/1.1" 200 587
186.103.159.43 - - [05/Jun/2017:17:47:28 -0300] "GET /cormun/static/cmcontrolpreferences.js?201752511465670 HTTP/1.1" 304 -
186.103.159.43 - - [05/Jun/2017:17:47:28 -0300] "GET /cormun/static/hmpwkw03.js?2017525121347 HTTP/1.1" 304 -
186.103.159.43 - - [05/Jun/2017:17:47:28 -0300] "GET /cormun/servlet/hhome HTTP/1.1" 200 3762
186.103.159.43 - - [05/Jun/2017:17:47:45 -0300] "GET /cormun/servlet/trsolicitudot? HTTP/1.1" 200 10634
186.103.159.43 - - [05/Jun/2017:17:47:45 -0300] "GET /cormun/static/gxcfg.js?20175251233261 HTTP/1.1" 200 953
186.103.159.43 - - [05/Jun/2017:17:47:45 -0300] "GET /cormun/static/trsolicitudot.js?20175251234175 HTTP/1.1" 200 54041
186.103.159.43 - - [05/Jun/2017:17:47:46 -0300] "GET /cormun/servlet/trsolicitudot? HTTP/1.1" 200 10632
186.103.159.43 - - [05/Jun/2017:17:48:02 -0300] "POST /cormun/servlet/trsolicitudot?68392ba7fe828b203c441d0e2b17a563,,gx-no-cache=1496695737027 HTTP/1.1" 200 7809
186.103.159.43 - - [05/Jun/2017:17:48:03 -0300] "POST /cormun/servlet/trsolicitudot?68392ba7fe828b203c441d0e2b17a563,,gx-no-cache=1496695737839 HTTP/1.1" 200 7810
186.103.159.43 - - [05/Jun/2017:17:48:04 -0300] "POST /cormun/servlet/trsolicitudot?68392ba7fe828b203c441d0e2b17a563,,gx-no-cache=1496695738922 HTTP/1.1" 200 7811
186.103.159.43 - - [05/Jun/2017:17:48:05 -0300] "POST /cormun/servlet/trsolicitudot?68392ba7fe828b203c441d0e2b17a563,,gx-no-cache=1496695739661 HTTP/1.1" 200 7810
186.103.159.43 - - [05/Jun/2017:17:48:05 -0300] "POST /cormun/servlet/trsolicitudot?68392ba7fe828b203c441d0e2b17a563,,gx-no-cache=1496695740628 HTTP/1.1" 200 7810
186.103.159.43 - - [05/Jun/2017:17:48:07 -0300] "POST /cormun/servlet/trsolicitudot?68392ba7fe828b203c441d0e2b17a563,,gx-no-cache=1496695741410 HTTP/1.1" 200 7810
186.103.159.43 - - [05/Jun/2017:17:48:07 -0300] "POST /cormun/servlet/trsolicitudot?68392ba7fe828b203c441d0e2b17a563,,gx-no-cache=1496695742286 HTTP/1.1" 200 7811
192.168.10.89 - - [05/Jun/2017:17:48:23 -0300] "POST /cormun/servlet/trsolicitudgral?747df3dec161410ebb7b33d846c5ef5f,gx-no-cache=1496693790238,gx-no-cache=1496695703402 HTTP/1.1" 200 7624
201.214.54.252 - - [05/Jun/2017:17:48:28 -0300] "GET /cormun/servlet/hlogin HTTP/1.1" 200 1723
201.214.54.252 - - [05/Jun/2017:17:48:28 -0300] "GET /cormun/static/gxtimezone.js?85251 HTTP/1.1" 200 5781
201.214.54.252 - - [05/Jun/2017:17:48:28 -0300] "GET /cormun/static/hlogin.js?20175251213537 HTTP/1.1" 200 2136
201.214.54.252 - - [05/Jun/2017:17:48:28 -0300] "GET /cormun/static/gxcfg.js?20175251213516 HTTP/1.1" 200 953
201.214.54.252 - - [05/Jun/2017:17:48:28 -0300] "GET /cormun/static/Resources/ComunLogin.png HTTP/1.1" 200 17326
201.214.54.252 - - [05/Jun/2017:17:48:28 -0300] "GET /cormun/static/messages.spa.js?85251 HTTP/1.1" 200 30736
201.214.54.252 - - [05/Jun/2017:17:48:28 -0300] "GET /cormun/static/gxgral.js?85251 HTTP/1.1" 200 40960
201.214.54.252 - - [05/Jun/2017:17:48:28 -0300] "GET /cormun/static/Resources/Spanish/PXTools.css?11423723 HTTP/1.1" 200 89042
201.214.54.252 - - [05/Jun/2017:17:48:29 -0300] "GET /cormun/servlet/hlogin HTTP/1.1" 200 1734
201.214.54.252 - - [05/Jun/2017:17:48:29 -0300] "GET /cormun/static/Resources/indicator.gif HTTP/1.1" 200 1553
201.214.54.252 - - [05/Jun/2017:17:48:29 -0300] "GET /cormun/static/Resources/PXToolsLoginBackground.png HTTP/1.1" 200 1164
201.214.54.252 - - [05/Jun/2017:17:48:29 -0300] "GET /favicon.ico HTTP/1.1" 200 21630
201.214.54.252 - - [05/Jun/2017:17:48:29 -0300] "GET /cormun/static/Resources/PXToolsButtonLeft21.png HTTP/1.1" 200 1287
201.214.54.252 - - [05/Jun/2017:17:48:29 -0300] "GET /cormun/static/Resources/PXToolsButtonBackground2.png HTTP/1.1" 200 1181
201.214.54.252 - - [05/Jun/2017:17:48:29 -0300] "GET /cormun/static/Resources/PXToolsLoginTop.png HTTP/1.1" 200 1337
201.214.54.252 - - [05/Jun/2017:17:48:29 -0300] "GET /cormun/static/Resources/PXToolsLoginBottom.png HTTP/1.1" 200 1389
201.214.54.252 - - [05/Jun/2017:17:48:29 -0300] "GET /cormun/static/Resources/PXToolsButtonRight21.png HTTP/1.1" 200 1283
186.103.159.43 - - [05/Jun/2017:17:48:32 -0300] "POST /cormun/servlet/trsolicitudot?68392ba7fe828b203c441d0e2b17a563,,gx-no-cache=1496695766870 HTTP/1.1" 200 7810
192.168.10.96 - - [05/Jun/2017:17:48:35 -0300] "GET /cormun/servlet/hlogin HTTP/1.1" 200 1720
186.103.159.43 - - [05/Jun/2017:17:48:35 -0300] "POST /cormun/servlet/trsolicitudot?68392ba7fe828b203c441d0e2b17a563,,gx-no-cache=1496695770439 HTTP/1.1" 200 7809
186.103.159.43 - - [05/Jun/2017:17:48:38 -0300] "POST /cormun/servlet/trsolicitudot?68392ba7fe828b203c441d0e2b17a563,,gx-no-cache=1496695772555 HTTP/1.1" 200 7810
186.103.159.43 - - [05/Jun/2017:17:48:42 -0300] "GET /cormun/servlet/treventos?2017,6514, HTTP/1.1" 200 7804
186.103.159.43 - - [05/Jun/2017:17:48:42 -0300] "GET /cormun/static/gxui/gxui-all.css?120300 HTTP/1.1" 200 2179
186.103.159.43 - - [05/Jun/2017:17:48:42 -0300] "GET /cormun/static/gxcfg.js?2016101716195975 HTTP/1.1" 200 953
186.103.159.43 - - [05/Jun/2017:17:48:42 -0300] "GET /cormun/static/Shared/ext/resources/css/ext-all.css?215870 HTTP/1.1" 200 416045
186.103.159.43 - - [05/Jun/2017:17:48:42 -0300] "GET /cormun/static/treventos.js?201610171620222 HTTP/1.1" 200 16064
186.103.159.43 - - [05/Jun/2017:17:48:43 -0300] "GET /cormun/servlet/treventos?2017,6514, HTTP/1.1" 200 7810
192.168.10.96 - - [05/Jun/2017:17:48:44 -0300] "POST /cormun/servlet/hlogin?e5a8d1137cb2f76b17bd77a742f6319e,gx-no-cache=1496695724767 HTTP/1.1" 200 90
192.168.10.96 - - [05/Jun/2017:17:48:44 -0300] "GET /cormun/servlet/hpexe_link HTTP/1.1" 200 979
192.168.10.96 - - [05/Jun/2017:17:48:44 -0300] "GET /cormun/servlet/vesolicitudnombre?2017,3165,,SolicitudOTAdjuntos HTTP/1.1" 200 7553
192.168.10.96 - - [05/Jun/2017:17:48:44 -0300] "GET /cormun/pexe_scrolldiv.js HTTP/1.1" 404 1009
192.168.10.96 - - [05/Jun/2017:17:48:44 -0300] "GET /cormun/pexe_scrolldiv.js HTTP/1.1" 404 1009
192.168.10.96 - - [05/Jun/2017:17:48:45 -0300] "GET /cormun/servlet/vesolicitudnombre?2017,3165,,SolicitudOTAdjuntos HTTP/1.1" 200 7552
192.168.10.96 - - [05/Jun/2017:17:48:46 -0300] "POST /cormun/servlet/acontrolpreferencessavestate?None,DZAMUDIO,true HTTP/1.1" 200 35
192.168.10.89 - - [05/Jun/2017:17:48:50 -0300] "POST /cormun/servlet/trsolicitudgral?747df3dec161410ebb7b33d846c5ef5f,gx-no-cache=1496693790238,gx-no-cache=1496695731059 HTTP/1.1" 200 7039
192.168.10.96 - - [05/Jun/2017:17:48:56 -0300] "GET /cormun/servlet/trsolicitudgral? HTTP/1.1" 200 25137
192.168.10.96 - - [05/Jun/2017:17:48:57 -0300] "GET /cormun/servlet/trsolicitudgral? HTTP/1.1" 200 25120
201.214.54.252 - - [05/Jun/2017:17:49:16 -0300] "POST /cormun/servlet/hlogin?713b7468bacd6bbbf4bea77a450c2c5b,gx-no-cache=1496695813746 HTTP/1.1" 200 90
201.214.54.252 - - [05/Jun/2017:17:49:16 -0300] "GET /cormun/servlet/hpexe_link HTTP/1.1" 200 952
201.214.54.252 - - [05/Jun/2017:17:49:16 -0300] "GET /cormun/static/gxcfg.js?20175251212395 HTTP/1.1" 200 953
201.214.54.252 - - [05/Jun/2017:17:49:16 -0300] "GET /cormun/static/hpexe_link.js?20175251212399 HTTP/1.1" 200 625
201.214.54.252 - - [05/Jun/2017:17:49:16 -0300] "GET /cormun/servlet/hhome HTTP/1.1" 200 3973
201.214.54.252 - - [05/Jun/2017:17:49:17 -0300] "GET /cormun/static/SmoothNavMenu/resources/ddsmoothmenu.css?1012540 HTTP/1.1" 200 2223
201.214.54.252 - - [05/Jun/2017:17:49:17 -0300] "GET /cormun/static/SmoothNavMenu/resources/ddsmoothmenu-v.css?1012540 HTTP/1.1" 200 1188
201.214.54.252 - - [05/Jun/2017:17:49:17 -0300] "GET /cormun/static/Shared/jqueryui/jquery-ui.min.css?1245370 HTTP/1.1" 200 30288
201.214.54.252 - - [05/Jun/2017:17:49:17 -0300] "GET /cormun/static/gxcfg.js?20175251212442 HTTP/1.1" 200 953
201.214.54.252 - - [05/Jun/2017:17:49:17 -0300] "GET /cormun/static/scaMessage/css/jquery.pnotify.default.css?1716380 HTTP/1.1" 200 1707
201.214.54.252 - - [05/Jun/2017:17:49:17 -0300] "GET /cormun/static/PXToolsJavascripts/pexe_autoreload.js HTTP/1.1" 200 1762
201.214.54.252 - - [05/Jun/2017:17:49:17 -0300] "GET /cormun/static/PXToolsJavascripts/pexe_cookies.js HTTP/1.1" 200 792
201.214.54.252 - - [05/Jun/2017:17:49:17 -0300] "GET /cormun/static/PXToolsJavascripts/pexe_windows.js HTTP/1.1" 200 15207
201.214.54.252 - - [05/Jun/2017:17:49:17 -0300] "GET /cormun/static/PXToolsJavascripts/pexe_grid.js HTTP/1.1" 200 7559
201.214.54.252 - - [05/Jun/2017:17:49:17 -0300] "GET /cormun/static/PXToolsJavascripts/pexe_griddivfix.js HTTP/1.1" 200 6644
201.214.54.252 - - [05/Jun/2017:17:49:17 -0300] "GET /cormun/static/PXToolsJavascripts/pexe_link.js HTTP/1.1" 200 5671
201.214.54.252 - - [05/Jun/2017:17:49:17 -0300] "GET /cormun/static/PXToolsJavascripts/pexe_menudivfix.js HTTP/1.1" 200 333
201.214.54.252 - - [05/Jun/2017:17:49:17 -0300] "GET /cormun/static/PXToolsJavascripts/pexe_menus.js HTTP/1.1" 200 1286
201.214.54.252 - - [05/Jun/2017:17:49:17 -0300] "GET /cormun/static/PXToolsJavascripts/pexe_layers.js HTTP/1.1" 200 4114
201.214.54.252 - - [05/Jun/2017:17:49:17 -0300] "GET /cormun/static/PXToolsJavascripts/pexe_oav.js HTTP/1.1" 200 645
201.214.54.252 - - [05/Jun/2017:17:49:17 -0300] "GET /cormun/static/PXToolsJavascripts/pexe_popup.js HTTP/1.1" 200 13458
201.214.54.252 - - [05/Jun/2017:17:49:17 -0300] "GET /cormun/static/PXToolsJavascripts/pexe_picture.js HTTP/1.1" 200 689
201.214.54.252 - - [05/Jun/2017:17:49:17 -0300] "GET /cormun/static/PXToolsJavascripts/pexe_oavdivfix.js HTTP/1.1" 200 639
201.214.54.252 - - [05/Jun/2017:17:49:17 -0300] "GET /cormun/static/PXToolsJavascripts/pexe_tabdivfix.js HTTP/1.1" 200 876
