200.86.10.241 - - [05/Jun/2017:18:49:20 -0300] "GET /cormun/static/Resources/Spanish/PXTools.css?11423723 HTTP/1.1" 200 89042
186.103.159.188 - - [05/Jun/2017:18:49:20 -0300] "GET /cormun/static/hlogin.js?20175251213537 HTTP/1.1" 200 2136
186.103.159.188 - - [05/Jun/2017:18:49:20 -0300] "GET /cormun/servlet/hlogin HTTP/1.1" 200 1734
186.103.158.250 - - [05/Jun/2017:18:49:26 -0300] "GET /cormun/servlet/hlogin HTTP/1.1" 200 1717
186.103.159.188 - - [05/Jun/2017:18:49:31 -0300] "POST /cormun/servlet/hlogin?81ecee80a4126e1f9b1c34b3307a44ec,gx-no-cache=1496699426679 HTTP/1.1" 200 90
186.103.159.188 - - [05/Jun/2017:18:49:31 -0300] "GET /cormun/servlet/hpexe_link HTTP/1.1" 200 953
186.103.159.188 - - [05/Jun/2017:18:49:31 -0300] "GET /cormun/static/gxcfg.js?20175251212395 HTTP/1.1" 200 953
200.86.10.241 - - [05/Jun/2017:18:49:31 -0300] "GET /cormun/static/hpexe_link.js?20175251212399 HTTP/1.1" 200 625
200.86.10.241 - - [05/Jun/2017:18:49:31 -0300] "GET /cormun/servlet/hhome HTTP/1.1" 200 3939
200.86.10.241 - - [05/Jun/2017:18:49:31 -0300] "GET /cormun/static/gxcfg.js?20175251212442 HTTP/1.1" 200 953
186.103.159.188 - - [05/Jun/2017:18:49:31 -0300] "GET /cormun/static/hwchdr01.js?201752511465785 HTTP/1.1" 200 1183
200.86.10.241 - - [05/Jun/2017:18:49:31 -0300] "GET /cormun/static/hhome.js?20175251212450 HTTP/1.1" 200 777
186.103.159.188 - - [05/Jun/2017:18:49:31 -0300] "GET /cormun/static/hpexe_recentlink.js?201610171694390 HTTP/1.1" 200 2144
186.103.159.188 - - [05/Jun/2017:18:49:31 -0300] "GET /cormun/static/hpexe_scripts.js?201752511465715 HTTP/1.1" 200 1544
186.103.159.188 - - [05/Jun/2017:18:49:32 -0300] "GET /cormun/static/hpexe_messagecontroller.js?201610171694323 HTTP/1.1" 200 870
186.103.159.188 - - [05/Jun/2017:18:49:32 -0300] "GET /cormun/static/hpexe_messagegenexuscomponent.js?201752511465344 HTTP/1.1" 200 587
200.86.10.241 - - [05/Jun/2017:18:49:32 -0300] "GET /cormun/static/hpexe_messagepopupcomponent.js?20161017169425 HTTP/1.1" 200 605
186.103.159.188 - - [05/Jun/2017:18:49:32 -0300] "GET /cormun/static/cmcontrolpreferences.js?201752511465670 HTTP/1.1" 200 1375
186.103.159.188 - - [05/Jun/2017:18:49:32 -0300] "GET /cormun/static/hmpwkw03.js?2017525121347 HTTP/1.1" 200 3965
186.103.159.188 - - [05/Jun/2017:18:49:32 -0300] "GET /cormun/servlet/hhome HTTP/1.1" 200 3935
186.103.159.188 - - [05/Jun/2017:18:49:35 -0300] "GET /cormun/servlet/trautorizarsolicitud? HTTP/1.1" 200 8661
186.103.159.188 - - [05/Jun/2017:18:49:35 -0300] "GET /cormun/static/gxcfg.js?20174261241362 HTTP/1.1" 200 953
186.103.159.188 - - [05/Jun/2017:18:49:35 -0300] "GET /cormun/static/Resources/Spanish/PXTools.css?11294912 HTTP/1.1" 200 89042
186.103.159.188 - - [05/Jun/2017:18:49:35 -0300] "GET /cormun/static/trautorizarsolicitud.js?201742612414370 HTTP/1.1" 200 53910
186.103.159.188 - - [05/Jun/2017:18:49:36 -0300] "GET /cormun//static/Resources/PXToolsActionView.png HTTP/1.1" 200 2995
186.103.159.188 - - [05/Jun/2017:18:49:36 -0300] "GET /cormun//static/Resources/PXToolsGridUpdate.png HTTP/1.1" 200 2984
200.86.10.241 - - [05/Jun/2017:18:49:36 -0300] "GET /cormun//static/Resources/PXToolsRemoveAllAction.png HTTP/1.1" 200 3558
186.103.159.188 - - [05/Jun/2017:18:49:36 -0300] "GET /cormun/servlet/trautorizarsolicitud? HTTP/1.1" 200 8660
186.103.158.250 - - [05/Jun/2017:18:49:40 -0300] "POST /cormun/servlet/hlogin?c008e4acbc0cc850e7dcd22e328e85b9,gx-no-cache=1496699665122 HTTP/1.1" 200 90
186.103.158.250 - - [05/Jun/2017:18:49:40 -0300] "GET /cormun/servlet/hpexe_link HTTP/1.1" 200 947
186.103.158.250 - - [05/Jun/2017:18:49:41 -0300] "GET /cormun/servlet/hhome HTTP/1.1" 200 3782
186.103.158.250 - - [05/Jun/2017:18:49:42 -0300] "GET /cormun/servlet/hhome HTTP/1.1" 200 3779
186.103.158.250 - - [05/Jun/2017:18:49:49 -0300] "GET /cormun/servlet/trpermisosgoce? HTTP/1.1" 200 9095
186.103.158.250 - - [05/Jun/2017:18:49:50 -0300] "GET /cormun/servlet/trpermisosgoce? HTTP/1.1" 200 9095
186.103.158.250 - - [05/Jun/2017:18:49:57 -0300] "POST /cormun/servlet/trpermisosgoce?c008e4acbc0cc850e7dcd22e328e85b9,,gx-no-cache=1496699681615 HTTP/1.1" 200 6350
186.103.158.250 - - [05/Jun/2017:18:49:57 -0300] "GET /cormun/static/Shared/jqueryui/images/ui-bg_highlight-soft_100_c6c2c8_1x100.png HTTP/1.1" 404 1117
186.103.158.250 - - [05/Jun/2017:18:49:57 -0300] "GET /cormun/static/Shared/jqueryui/images/ui-icons_82798d_256x240.png HTTP/1.1" 404 1089
186.103.158.250 - - [05/Jun/2017:18:49:57 -0300] "GET /cormun/static/Shared/jqueryui/images/ui-bg_flat_55_fafafa_40x100.png HTTP/1.1" 404 1097
186.103.158.250 - - [05/Jun/2017:18:49:57 -0300] "GET /cormun/static/Shared/jqueryui/images/ui-icons_8d78a5_256x240.png HTTP/1.1" 404 1089
190.45.55.254 - - [05/Jun/2017:18:51:31 -0300] "GET /cormun/servlet/trpermisosgoce HTTP/1.1" 200 8504
190.45.55.254 - - [05/Jun/2017:18:51:32 -0300] "GET /cormun/servlet/trpermisosgoce HTTP/1.1" 200 8500
190.45.55.254 - - [05/Jun/2017:18:51:44 -0300] "GET /cormun/servlet/hlogin HTTP/1.1" 200 1739
186.103.158.250 - - [05/Jun/2017:18:52:28 -0300] "GET /cormun/servlet/trpermisosadjuntos?12517598,20170605172328,P, HTTP/1.1" 200 6099
186.103.158.250 - - [05/Jun/2017:18:52:30 -0300] "GET /cormun/servlet/trpermisosadjuntos?12517598,20170605172328,P, HTTP/1.1" 200 6100
186.103.158.250 - - [05/Jun/2017:18:52:33 -0300] "GET /cormun/servlet/permisosadjuntos?INS,12517598,P,20170605172328,, HTTP/1.1" 200 5424
186.103.158.250 - - [05/Jun/2017:18:52:33 -0300] "GET /cormun/static/about:blank HTTP/1.1" 404 1011
186.103.158.250 - - [05/Jun/2017:18:52:34 -0300] "GET /cormun/servlet/permisosadjuntos?INS,12517598,P,20170605172328,, HTTP/1.1" 200 5414
186.103.158.250 - - [05/Jun/2017:18:53:02 -0300] "POST /cormun/servlet/permisosadjuntos?c008e4acbc0cc850e7dcd22e328e85b9,INS,12517598,P,20170605172328,, HTTP/1.1" 200 116
186.103.158.250 - - [05/Jun/2017:18:53:02 -0300] "GET /cormun/servlet/hpexe_return? HTTP/1.1" 200 1033
186.103.158.250 - - [05/Jun/2017:18:53:02 -0300] "GET /cormun/servlet/trpermisosadjuntos?12517598,20170605172328,P, HTTP/1.1" 200 6539
186.103.158.250 - - [05/Jun/2017:18:53:04 -0300] "GET /cormun/servlet/trpermisosadjuntos?12517598,20170605172328,P, HTTP/1.1" 200 6536
186.103.158.250 - - [05/Jun/2017:18:53:04 -0300] "GET /cormun/PublicTempStorage/131637932.jpg HTTP/1.1" 200 410988
186.103.158.250 - - [05/Jun/2017:18:53:09 -0300] "GET /cormun/servlet/permisosadjuntos?INS,12517598,P,20170605172328,, HTTP/1.1" 200 5423
186.103.158.250 - - [05/Jun/2017:18:53:10 -0300] "GET /cormun/servlet/permisosadjuntos?INS,12517598,P,20170605172328,, HTTP/1.1" 200 5413
186.103.158.250 - - [05/Jun/2017:18:53:12 -0300] "GET /cormun/servlet/trpermisosadjuntos?12517598,20170605172328,P, HTTP/1.1" 200 6535
186.103.158.250 - - [05/Jun/2017:18:53:13 -0300] "GET /cormun/servlet/trpermisosadjuntos?12517598,20170605172328,P, HTTP/1.1" 200 6535
186.103.158.250 - - [05/Jun/2017:18:53:13 -0300] "GET /cormun/PublicTempStorage/138374024.jpg HTTP/1.1" 200 410988
186.103.158.250 - - [05/Jun/2017:18:53:19 -0300] "GET /cormun/servlet/trpermisosgoce? HTTP/1.1" 200 9096
186.103.158.250 - - [05/Jun/2017:18:53:20 -0300] "GET /cormun/servlet/trpermisosgoce? HTTP/1.1" 200 9095
186.103.158.250 - - [05/Jun/2017:18:53:25 -0300] "POST /cormun/servlet/trpermisosgoce?c008e4acbc0cc850e7dcd22e328e85b9,,gx-no-cache=1496699889863 HTTP/1.1" 200 6304
186.103.158.250 - - [05/Jun/2017:18:53:25 -0300] "GET /cormun/static/Shared/jqueryui/images/ui-bg_highlight-soft_100_c6c2c8_1x100.png HTTP/1.1" 404 1117
186.103.158.250 - - [05/Jun/2017:18:53:25 -0300] "GET /cormun/static/Shared/jqueryui/images/ui-icons_82798d_256x240.png HTTP/1.1" 404 1089
186.103.158.250 - - [05/Jun/2017:18:53:25 -0300] "GET /cormun/static/Shared/jqueryui/images/ui-bg_flat_55_fafafa_40x100.png HTTP/1.1" 404 1097
186.103.158.250 - - [05/Jun/2017:18:53:25 -0300] "GET /cormun/static/Shared/jqueryui/images/ui-icons_8d78a5_256x240.png HTTP/1.1" 404 1089
186.103.158.250 - - [05/Jun/2017:18:53:45 -0300] "GET /cormun/servlet/hlogin HTTP/1.1" 200 1717
186.103.158.250 - - [05/Jun/2017:18:54:29 -0300] "POST /cormun/servlet/hlogin?c008e4acbc0cc850e7dcd22e328e85b9,gx-no-cache=1496699954121 HTTP/1.1" 200 423
186.103.158.250 - - [05/Jun/2017:18:54:45 -0300] "POST /cormun/servlet/hlogin?c008e4acbc0cc850e7dcd22e328e85b9,gx-no-cache=1496699969917 HTTP/1.1" 200 90
186.103.158.250 - - [05/Jun/2017:18:54:45 -0300] "GET /cormun/servlet/hpexe_link HTTP/1.1" 200 947
186.103.158.250 - - [05/Jun/2017:18:54:45 -0300] "GET /cormun/servlet/hhome HTTP/1.1" 200 3966
186.103.158.250 - - [05/Jun/2017:18:54:47 -0300] "GET /cormun/servlet/hhome HTTP/1.1" 200 3963
186.103.158.250 - - [05/Jun/2017:18:54:47 -0300] "GET /cormun/static/SmoothNavMenu/resources/images/right.gif HTTP/1.1" 200 860
186.103.158.250 - - [05/Jun/2017:18:54:58 -0300] "GET /cormun/servlet/trautorizarpermisogoce? HTTP/1.1" 200 9097
186.103.158.250 - - [05/Jun/2017:18:54:58 -0300] "GET /cormun/static/gxcfg.js?20175251272542 HTTP/1.1" 200 953
186.103.158.250 - - [05/Jun/2017:18:54:58 -0300] "GET /cormun/static/trautorizarpermisogoce.js?20175251273090 HTTP/1.1" 200 34948
186.103.158.250 - - [05/Jun/2017:18:54:59 -0300] "GET /cormun/servlet/trautorizarpermisogoce? HTTP/1.1" 200 9095
186.103.158.250 - - [05/Jun/2017:18:55:10 -0300] "POST /cormun/servlet/trautorizarpermisogoce?c008e4acbc0cc850e7dcd22e328e85b9,,gx-no-cache=1496699994904 HTTP/1.1" 200 6160
186.103.158.250 - - [05/Jun/2017:18:55:10 -0300] "GET /cormun/static/Shared/jqueryui/images/ui-bg_highlight-soft_100_c6c2c8_1x100.png HTTP/1.1" 404 1117
186.103.158.250 - - [05/Jun/2017:18:55:10 -0300] "GET /cormun/static/Shared/jqueryui/images/ui-icons_82798d_256x240.png HTTP/1.1" 404 1089
186.103.158.250 - - [05/Jun/2017:18:55:10 -0300] "GET /cormun/static/Shared/jqueryui/images/ui-bg_flat_55_fafafa_40x100.png HTTP/1.1" 404 1097
186.103.158.250 - - [05/Jun/2017:18:55:10 -0300] "GET /cormun/static/Shared/jqueryui/images/ui-icons_8d78a5_256x240.png HTTP/1.1" 404 1089
186.103.158.250 - - [05/Jun/2017:18:55:12 -0300] "POST /cormun/servlet/trautorizarpermisogoce?c008e4acbc0cc850e7dcd22e328e85b9,,gx-no-cache=1496699996995 HTTP/1.1" 200 5932
186.103.158.250 - - [05/Jun/2017:18:55:14 -0300] "POST /cormun/servlet/trautorizarpermisogoce?c008e4acbc0cc850e7dcd22e328e85b9,,gx-no-cache=1496699998744 HTTP/1.1" 200 5692
186.103.158.250 - - [05/Jun/2017:18:55:15 -0300] "POST /cormun/servlet/trautorizarpermisogoce?c008e4acbc0cc850e7dcd22e328e85b9,,gx-no-cache=1496700000329 HTTP/1.1" 200 5475
186.103.158.250 - - [05/Jun/2017:18:55:17 -0300] "POST /cormun/servlet/trautorizarpermisogoce?c008e4acbc0cc850e7dcd22e328e85b9,,gx-no-cache=1496700002136 HTTP/1.1" 200 5234
186.103.158.250 - - [05/Jun/2017:18:55:20 -0300] "POST /cormun/servlet/trautorizarpermisogoce?c008e4acbc0cc850e7dcd22e328e85b9,,gx-no-cache=1496700004834 HTTP/1.1" 200 4959
186.103.158.250 - - [05/Jun/2017:18:55:22 -0300] "POST /cormun/servlet/trautorizarpermisogoce?c008e4acbc0cc850e7dcd22e328e85b9,,gx-no-cache=1496700006993 HTTP/1.1" 200 4955
186.103.158.250 - - [05/Jun/2017:18:55:25 -0300] "POST /cormun/servlet/trautorizarpermisogoce?c008e4acbc0cc850e7dcd22e328e85b9,,gx-no-cache=1496700009491 HTTP/1.1" 200 4955
186.103.159.188 - - [05/Jun/2017:18:56:11 -0300] "GET /cormun/servlet/hlogin HTTP/1.1" 200 1717
186.103.158.250 - - [05/Jun/2017:18:56:16 -0300] "POST /cormun/servlet/trautorizarpermisogoce?c008e4acbc0cc850e7dcd22e328e85b9,,gx-no-cache=1496700060672 HTTP/1.1" 200 4955
186.103.158.250 - - [05/Jun/2017:18:56:58 -0300] "GET /cormun/servlet/trsolicitudot? HTTP/1.1" 200 14833
186.103.158.250 - - [05/Jun/2017:18:56:59 -0300] "GET /cormun/static/gxcfg.js?20175251233261 HTTP/1.1" 304 -
186.103.158.250 - - [05/Jun/2017:18:56:59 -0300] "GET /cormun/static/trsolicitudot.js?20175251234175 HTTP/1.1" 304 -
186.103.158.250 - - [05/Jun/2017:18:57:00 -0300] "GET /cormun/servlet/trsolicitudot? HTTP/1.1" 200 14832
186.103.159.188 - - [05/Jun/2017:18:57:25 -0300] "POST /cormun/servlet/hlogin?6b519d3f724b8f43e1518cac085254c1,gx-no-cache=1496699899468 HTTP/1.1" 200 90
186.103.159.188 - - [05/Jun/2017:18:57:25 -0300] "GET /cormun/servlet/hpexe_link HTTP/1.1" 200 946
186.103.159.188 - - [05/Jun/2017:18:57:25 -0300] "GET /cormun/static/hpexe_link.js?20175251212399 HTTP/1.1" 200 625
186.103.159.188 - - [05/Jun/2017:18:57:25 -0300] "GET /cormun/servlet/hhome HTTP/1.1" 200 3773
186.103.159.188 - - [05/Jun/2017:18:57:26 -0300] "GET /cormun/servlet/hhome HTTP/1.1" 200 3770
186.79.182.66 - - [05/Jun/2017:18:57:27 -0300] "GET /cormun/servlet/hlogin HTTP/1.1" 200 1722
186.103.159.188 - - [05/Jun/2017:18:57:29 -0300] "GET /cormun/servlet/trsolicitudot? HTTP/1.1" 200 12439
186.103.159.188 - - [05/Jun/2017:18:57:30 -0300] "GET /cormun/servlet/trsolicitudot? HTTP/1.1" 200 12437
186.79.182.66 - - [05/Jun/2017:18:57:36 -0300] "POST /cormun/servlet/hlogin?7d63f0948027233723fa9bc16c34dad6,gx-no-cache=1496699641138 HTTP/1.1" 200 90
186.79.182.66 - - [05/Jun/2017:18:57:36 -0300] "GET /cormun/servlet/hpexe_link HTTP/1.1" 200 950
186.79.182.66 - - [05/Jun/2017:18:57:36 -0300] "GET /cormun/servlet/hhome HTTP/1.1" 200 3803
186.79.182.66 - - [05/Jun/2017:18:57:38 -0300] "GET /cormun/servlet/hhome HTTP/1.1" 200 3801
186.103.159.188 - - [05/Jun/2017:18:57:44 -0300] "POST /cormun/servlet/trsolicitudot?6b519d3f724b8f43e1518cac085254c1,,gx-no-cache=1496699918126 HTTP/1.1" 200 5502
186.103.158.250 - - [05/Jun/2017:18:57:48 -0300] "GET /cormun/servlet/solicitudot?INS,0,0, HTTP/1.1" 200 12831
186.103.158.250 - - [05/Jun/2017:18:57:48 -0300] "GET /cormun/static/gxcfg.js?201752522134570 HTTP/1.1" 304 -
186.103.158.250 - - [05/Jun/2017:18:57:48 -0300] "GET /cormun/static/solicitudot.js?201752522134767 HTTP/1.1" 304 -
186.103.158.250 - - [05/Jun/2017:18:57:50 -0300] "GET /cormun/servlet/solicitudot?INS,0,0, HTTP/1.1" 200 12836
186.79.182.66 - - [05/Jun/2017:18:57:53 -0300] "GET /cormun/servlet/trsolicitudot? HTTP/1.1" 200 9675
186.79.182.66 - - [05/Jun/2017:18:57:54 -0300] "GET /cormun/servlet/trsolicitudot? HTTP/1.1" 200 9674
186.103.159.188 - - [05/Jun/2017:18:58:00 -0300] "POST /cormun/servlet/trsolicitudot?6b519d3f724b8f43e1518cac085254c1,,gx-no-cache=1496699934506 HTTP/1.1" 200 5479
186.103.159.188 - - [05/Jun/2017:18:58:06 -0300] "POST /cormun/servlet/trsolicitudot?6b519d3f724b8f43e1518cac085254c1,,gx-no-cache=1496699939607 HTTP/1.1" 200 5478
186.103.158.250 - - [05/Jun/2017:18:58:25 -0300] "POST /cormun/servlet/solicitudot?gx-no-cache=1496700189758 HTTP/1.1" 200 3202
186.103.158.250 - - [05/Jun/2017:18:58:25 -0300] "POST /cormun/servlet/solicitudot?c008e4acbc0cc850e7dcd22e328e85b9,INS,0,0,,gx-no-cache=1496700190111 HTTP/1.1" 200 9998
186.79.182.66 - - [05/Jun/2017:18:58:31 -0300] "GET /cormun/servlet/trcontratoobservacion? HTTP/1.1" 200 7687
186.79.182.66 - - [05/Jun/2017:18:58:31 -0300] "GET /cormun/static/gxcfg.js?20161221855213 HTTP/1.1" 200 953
186.79.182.66 - - [05/Jun/2017:18:58:31 -0300] "GET /cormun/static/Resources/Spanish/PXTools.css?18365030 HTTP/1.1" 200 89042
186.79.182.66 - - [05/Jun/2017:18:58:32 -0300] "GET /cormun/servlet/trcontratoobservacion? HTTP/1.1" 200 7686
200.86.10.241 - - [05/Jun/2017:18:58:42 -0300] "GET /cormun/servlet/solicitudot?INS,0,0, HTTP/1.1" 200 12637
200.86.10.241 - - [05/Jun/2017:18:58:43 -0300] "GET /cormun/servlet/solicitudot?INS,0,0, HTTP/1.1" 200 12642
200.86.10.241 - - [05/Jun/2017:18:58:53 -0300] "POST /cormun/servlet/solicitudot?gx-no-cache=1496699986938 HTTP/1.1" 200 3204
200.86.10.241 - - [05/Jun/2017:18:58:53 -0300] "POST /cormun/servlet/solicitudot?6b519d3f724b8f43e1518cac085254c1,INS,0,0,,gx-no-cache=1496699987141 HTTP/1.1" 200 9828
200.86.10.241 - - [05/Jun/2017:18:58:58 -0300] "GET /cormun/servlet/solicitudot?426e1354a1bd8e7140cc766a9b7b1dfa53016080361927692edbf79add5523d2d1738c544ca7a0808f88634ec9313bc3,gx-no-cache=1496699992460 HTTP/1.1" 200 30
200.86.10.241 - - [05/Jun/2017:18:58:58 -0300] "POST /cormun/servlet/solicitudot?gx-no-cache=1496699992491 HTTP/1.1" 200 255
200.86.10.241 - - [05/Jun/2017:18:58:58 -0300] "GET /cormun/servlet/solicitudot?426e1354a1bd8e7140cc766a9b7b1dfa8bafb2e568bd6c9bcece67785e924bad8f2806304c28984c8336dbd111897952b43e8a11bd631b01da64391e7e8439d648bdc5c2ae2dc3a5d9db221f1a7b63259fe90da175a98c0b69302e22cc90635dabcaed209a445ea70de00f987c23f5ee0b558fdecb7a73427ae9aaf1f015b4297a656c3a7a132f32933fe717b65b9be280d65d3f9363d610da2dae14f89c437c4a97994996b5534960788cc306c67b59243f8fc5e15f9911feb1fab9c72259a70d4162a53a8888d62d7f50069d622f0cebfcfc1929d71563a34b64e8c8ca87a43543d35f8647d73a19ae2f2f70ce0594726435101eec9dbe9df3c286f925d3e7f20ae776d1a7271bc94ed76942b4b20c15fbd4b0c16fc6b5e9cc921978829a9f6158f3c416992abdf7bdef7b98be548d7ab3354bbe74bb7c1e391a68ef6d7d1db78dccb86106274e6b2d40803d38e11b73e66046e4cf43d5ff41f0209cab6f39389b37e41f05f87f6da77b68271777ebbf937f1768ac8b0992f6fc2aed2122e4,gx-no-cache=1496699992569 HTTP/1.1" 200 30
200.86.10.241 - - [05/Jun/2017:18:59:08 -0300] "POST /cormun/servlet/solicitudot?gx-no-cache=1496700002163 HTTP/1.1" 200 30
200.86.10.241 - - [05/Jun/2017:18:59:12 -0300] "POST /cormun/servlet/trautorizarsolicitud?81ecee80a4126e1f9b1c34b3307a44ec,,gx-no-cache=1496700007435 HTTP/1.1" 200 5450
200.86.10.241 - - [05/Jun/2017:18:59:12 -0300] "GET /cormun/static/Shared/jqueryui/images/ui-bg_highlight-soft_100_c6c2c8_1x100.png HTTP/1.1" 404 1117
200.86.10.241 - - [05/Jun/2017:18:59:12 -0300] "GET /cormun/static/Shared/jqueryui/images/ui-icons_82798d_256x240.png HTTP/1.1" 404 1089
200.86.10.241 - - [05/Jun/2017:18:59:12 -0300] "GET /cormun/static/Shared/jqueryui/images/ui-bg_flat_55_fafafa_40x100.png HTTP/1.1" 404 1097
200.86.10.241 - - [05/Jun/2017:18:59:12 -0300] "GET /cormun/static/Shared/jqueryui/images/ui-icons_8d78a5_256x240.png HTTP/1.1" 404 1089
200.86.10.241 - - [05/Jun/2017:18:59:13 -0300] "POST /cormun/servlet/trautorizarsolicitud?81ecee80a4126e1f9b1c34b3307a44ec,,gx-no-cache=1496700007818 HTTP/1.1" 200 5394
200.86.10.241 - - [05/Jun/2017:18:59:13 -0300] "POST /cormun/servlet/trautorizarsolicitud?81ecee80a4126e1f9b1c34b3307a44ec,,gx-no-cache=1496700008462 HTTP/1.1" 200 4343
200.86.10.241 - - [05/Jun/2017:18:59:13 -0300] "POST /cormun/servlet/trautorizarsolicitud?81ecee80a4126e1f9b1c34b3307a44ec,,gx-no-cache=1496700008725 HTTP/1.1" 200 4109
200.86.10.241 - - [05/Jun/2017:18:59:14 -0300] "POST /cormun/servlet/solicitudot?gx-no-cache=1496700007686 HTTP/1.1" 200 1301
200.86.10.241 - - [05/Jun/2017:18:59:14 -0300] "POST /cormun/servlet/solicitudot?gx-no-cache=1496700007748 HTTP/1.1" 200 38
200.86.10.241 - - [05/Jun/2017:18:59:25 -0300] "GET /cormun/servlet/solicitudot?426e1354a1bd8e7140cc766a9b7b1dfa42eaedd4642bc6200584fa32b665dd0cd6007517efe6c9b137aaf50a2d4719e2d4717f4236221fddc5b72b8d14f1c20b2528a7ff22b1811471839d64b8efc6e249ec852171dcdc56e71671acb1ced5f10987a2987544e74890cc82a2a84d8813df6d723b4bebedad115247ab3d2024edcb65bd1596b3241bc12a42671ce96c24c1d44f527100019b05902beb9859188b,gx-no-cache=1496700018752 HTTP/1.1" 200 29
200.86.10.241 - - [05/Jun/2017:18:59:25 -0300] "POST /cormun/servlet/solicitudot?gx-no-cache=1496700018814 HTTP/1.1" 200 1280
200.86.10.241 - - [05/Jun/2017:18:59:25 -0300] "GET /cormun/static/menuarrow.gif HTTP/1.1" 404 1015
200.86.10.241 - - [05/Jun/2017:18:59:28 -0300] "POST /cormun/servlet/solicitudot?gx-no-cache=1496700021685 HTTP/1.1" 200 1280
186.103.159.44 - - [05/Jun/2017:19:00:23 -0300] "POST /cormun/servlet/solicitudot?gx-no-cache=1496700077236 HTTP/1.1" 440 972
186.103.159.44 - - [05/Jun/2017:19:00:24 -0300] "GET /cormun/servlet/solicitudot?INS,0,0, HTTP/1.1" 200 12038
186.103.159.44 - - [05/Jun/2017:19:00:30 -0300] "GET /cormun/static/hpexe_recentlink.js?201610171694390 HTTP/1.1" 200 2144
186.103.159.44 - - [05/Jun/2017:19:00:30 -0300] "GET /cormun/static/hpexe_messagepopupcomponent.js?20161017169425 HTTP/1.1" 200 605
186.103.159.44 - - [05/Jun/2017:19:00:30 -0300] "GET /cormun/static/hpexe_messagecontroller.js?201610171694323 HTTP/1.1" 200 870
200.86.10.241 - - [05/Jun/2017:19:00:50 -0300] "POST /cormun/servlet/solicitudot?gx-no-cache=1496700103666 HTTP/1.1" 200 30
200.86.10.241 - - [05/Jun/2017:19:00:50 -0300] "POST /cormun/servlet/solicitudot?6b519d3f724b8f43e1518cac085254c1,INS,0,0,,gx-no-cache=1496700103744 HTTP/1.1" 200 93
200.86.10.241 - - [05/Jun/2017:19:00:50 -0300] "GET /cormun/servlet/hpexe_return? HTTP/1.1" 200 1001
200.86.10.241 - - [05/Jun/2017:19:00:50 -0300] "GET /cormun/servlet/trsolicitudot? HTTP/1.1" 200 8706
200.86.10.241 - - [05/Jun/2017:19:00:50 -0300] "GET /cormun/servlet/trsolicitudot? HTTP/1.1" 200 8702
186.103.159.44 - - [05/Jun/2017:19:00:58 -0300] "GET /cormun/servlet/hlogin HTTP/1.1" 200 1719
186.103.159.44 - - [05/Jun/2017:19:01:09 -0300] "POST /cormun/servlet/hlogin?bc442a3a0db30812e438277671d3a99c,gx-no-cache=1496700123616 HTTP/1.1" 200 90
186.103.159.44 - - [05/Jun/2017:19:01:09 -0300] "GET /cormun/servlet/hpexe_link HTTP/1.1" 200 962
186.103.159.44 - - [05/Jun/2017:19:01:10 -0300] "GET /cormun/servlet/solicitudot?INS,0,0, HTTP/1.1" 200 12477
200.86.10.241 - - [05/Jun/2017:19:01:15 -0300] "GET /cormun/servlet/treventos?2017,6728, HTTP/1.1" 200 5837
200.86.10.241 - - [05/Jun/2017:19:01:15 -0300] "GET /cormun/static/gxui/gxui-all.css?120300 HTTP/1.1" 200 2179
200.86.10.241 - - [05/Jun/2017:19:01:15 -0300] "GET /cormun/static/calendar-system.css?85620 HTTP/1.1" 200 5572
200.86.10.241 - - [05/Jun/2017:19:01:15 -0300] "GET /cormun/static/gxcfg.js?2016101716195975 HTTP/1.1" 200 953
200.86.10.241 - - [05/Jun/2017:19:01:16 -0300] "GET /cormun/static/Shared/ext/resources/css/ext-all.css?215870 HTTP/1.1" 200 416045
200.86.10.241 - - [05/Jun/2017:19:01:16 -0300] "GET /cormun/static/treventos.js?201610171620222 HTTP/1.1" 200 16064
200.86.10.241 - - [05/Jun/2017:19:01:16 -0300] "GET /cormun/servlet/treventos?2017,6728, HTTP/1.1" 200 5837
186.103.159.44 - - [05/Jun/2017:19:01:20 -0300] "POST /cormun/servlet/solicitudot?gx-no-cache=1496700134135 HTTP/1.1" 200 3100
186.103.159.44 - - [05/Jun/2017:19:01:20 -0300] "POST /cormun/servlet/solicitudot?bc442a3a0db30812e438277671d3a99c,INS,0,0,,gx-no-cache=1496700134485 HTTP/1.1" 200 9459
200.86.10.241 - - [05/Jun/2017:19:01:21 -0300] "GET /cormun/servlet/trsolicitudot? HTTP/1.1" 200 8703
200.86.10.241 - - [05/Jun/2017:19:01:22 -0300] "GET /cormun/servlet/trsolicitudot? HTTP/1.1" 200 8702
186.103.159.44 - - [05/Jun/2017:19:01:23 -0300] "GET /cormun/servlet/solicitudot?4e9dad7d874f08663233015467c744402df212b32afd30784dbfb0d094c92fc2eccabf33b40d2cb620884c484ab37885,gx-no-cache=1496700137399 HTTP/1.1" 200 30
186.79.182.66 - - [05/Jun/2017:19:01:59 -0300] "GET /cormun/servlet/trcontratoobservacion? HTTP/1.1" 200 7686
186.79.182.66 - - [05/Jun/2017:19:02:01 -0300] "GET /cormun/servlet/trcontratoobservacion? HTTP/1.1" 200 7686
186.103.159.44 - - [05/Jun/2017:19:02:10 -0300] "POST /cormun/servlet/solicitudot?gx-no-cache=1496700184522 HTTP/1.1" 200 255
186.103.159.44 - - [05/Jun/2017:19:02:15 -0300] "GET /cormun/servlet/solicitudot?4e9dad7d874f08663233015467c7444098b0093f9a80b9438a544655e75d3fe6289642927b6fc66d7d96b00339c06ca217b6361e49a3c9416933aa6d071158ea994d3201972f8099e3294779400b3560b7ae865123088636cd6ccc3d13c77c8748ec0d4e22dc68605df42ec53a7560e68ac93ca75b304299de51ff1f261a2d27d542d525ab204df875b4c988722e23a58678ae6d892c853720672f16707c97cc3b67ee33e310a7e093169bcccca2ae93f9f707d11a2285ace909f2a8aa9afad7a07d1abfde3d2b6658a8b139955a78e1d153ea06cd10cf007ff5472a101006ec32130b7d8e00e9c972bf25af41dc3d6a241ac9eda4c5b7cd1a38cd776adca1cd82e32dc74d97d2526d9d49c798a68ddbde5cc6b757d30210da6d38470d792c67ebac94cb3a3416fc06f62f5341a7f739c889c2edc32d9f89b639a934dd8bca602f8bbb6e9fd97999542f8173aa4e8af48913b5a8e5db280d67dd642c42a5f39252af5232b3734588156673d9db2bc6f1052bfc140ac8c55624f2d3d2af4f192a,gx-no-cache=1496700189543 HTTP/1.1" 200 30
186.103.159.44 - - [05/Jun/2017:19:02:20 -0300] "POST /cormun/servlet/solicitudot?gx-no-cache=1496700194515 HTTP/1.1" 200 30
186.103.159.44 - - [05/Jun/2017:19:02:22 -0300] "POST /cormun/servlet/solicitudot?gx-no-cache=1496700196694 HTTP/1.1" 200 1299
186.103.159.44 - - [05/Jun/2017:19:02:23 -0300] "POST /cormun/servlet/solicitudot?gx-no-cache=1496700196965 HTTP/1.1" 200 38
192.168.10.89 - - [05/Jun/2017:19:02:28 -0300] "POST /cormun/servlet/trsolicitudgral?747df3dec161410ebb7b33d846c5ef5f,gx-no-cache=1496693790238,gx-no-cache=1496700148599 HTTP/1.1" 200 8864
186.103.159.44 - - [05/Jun/2017:19:03:16 -0300] "GET /cormun/servlet/solicitudot?4e9dad7d874f08663233015467c744408cbccfa5b36a46c12195c125b13c4148a17976882614b3ec460d5dd00cb9449d5812e6789a27b2645474a8ded538f4eade30c4f9d8a64591fe4fd7a863386fa7822b107e66a9796b029cd786975fb44806553b66c1e53d595035701d0b52aa78,gx-no-cache=1496700250326 HTTP/1.1" 200 29
186.103.159.44 - - [05/Jun/2017:19:03:17 -0300] "POST /cormun/servlet/solicitudot?gx-no-cache=1496700250786 HTTP/1.1" 200 1280
200.86.10.241 - - [05/Jun/2017:19:04:06 -0300] "POST /cormun/servlet/trsolicitudot?6b519d3f724b8f43e1518cac085254c1,,gx-no-cache=1496700300339 HTTP/1.1" 200 106
200.86.10.241 - - [05/Jun/2017:19:04:07 -0300] "GET /cormun/servlet/solicitudot?UPD,2017,6728, HTTP/1.1" 200 14285
200.86.10.241 - - [05/Jun/2017:19:04:07 -0300] "GET /cormun/servlet/solicitudot?UPD,2017,6728, HTTP/1.1" 200 14294
200.86.10.241 - - [05/Jun/2017:19:04:08 -0300] "POST /cormun/servlet/solicitudot?gx-no-cache=1496700301665 HTTP/1.1" 200 3204
200.86.10.241 - - [05/Jun/2017:19:04:08 -0300] "POST /cormun/servlet/solicitudot?6b519d3f724b8f43e1518cac085254c1,UPD,2017,6728,,gx-no-cache=1496700301852 HTTP/1.1" 200 10898
200.86.10.241 - - [05/Jun/2017:19:04:08 -0300] "GET /cormun/servlet/solicitudot?426e1354a1bd8e7140cc766a9b7b1dfa53016080361927692edbf79add5523d2b3e1e264a19ad26b9d4020cc2a9f88ba,gx-no-cache=1496700302055 HTTP/1.1" 200 30
200.86.10.241 - - [05/Jun/2017:19:04:08 -0300] "POST /cormun/servlet/solicitudot?gx-no-cache=1496700302133 HTTP/1.1" 200 254
200.86.10.241 - - [05/Jun/2017:19:04:08 -0300] "GET /cormun/servlet/solicitudot?426e1354a1bd8e7140cc766a9b7b1dfa8bafb2e568bd6c9bcece67785e924bad8f2806304c28984c8336dbd111897952b43e8a11bd631b01da64391e7e8439d648bdc5c2ae2dc3a5d9db221f1a7b63259fe90da175a98c0b69302e22cc90635dabcaed209a445ea70de00f987c23f5ee0b558fdecb7a73427ae9aaf1f015b4297a656c3a7a132f32933fe717b65b9be280d65d3f9363d610da2dae14f89c437c4a97994996b5534960788cc306c67b59243f8fc5e15f9911feb1fab9c72259a70d4162a53a8888d62d7f50069d622f0cebfcfc1929d71563a34b64e8c8ca87a43543d35f8647d73a19ae2f2f70ce0594726435101eec9dbe9df3c286f925d3e7f20ae776d1a7271bc94ed76942b4b20c15fbd4b0c16fc6b5e9cc921978829a9f6158f3c416992abdf7bdef7b98be548d7ab3354bbe74bb7c1e391a68ef6d7d1db78dccb86106274e6b2d40803d38e11b73e66046e4cf43d5ff41f0209cab6f39389b37e41f05f87f6da77b68271777ebdd68facb4745dcd3520242e92a1b2e24,gx-no-cache=1496700302211 HTTP/1.1" 200 30
200.86.10.241 - - [05/Jun/2017:19:04:08 -0300] "POST /cormun/servlet/solicitudot?gx-no-cache=1496700302289 HTTP/1.1" 200 30
200.86.10.241 - - [05/Jun/2017:19:04:08 -0300] "POST /cormun/servlet/solicitudot?gx-no-cache=1496700302367 HTTP/1.1" 200 1299
200.86.10.241 - - [05/Jun/2017:19:04:08 -0300] "POST /cormun/servlet/solicitudot?gx-no-cache=1496700302476 HTTP/1.1" 200 41
200.86.10.241 - - [05/Jun/2017:19:04:11 -0300] "GET /cormun/servlet/solicitudot?426e1354a1bd8e7140cc766a9b7b1dfaf0b034c97ca643bd3b3b898b8734429d90d717777543491a67cce5c14e7717f9c9cbeed8a284f408bca323060b1920e66e59c42a368ad0e82f12c7a94551f985acc710d2e0bd0e1a31f4d4dca6e19fb81362feec9f1614af10cff3512f32970967cd5acd6c21df96f04004d5f3cfc0607b039c46cca869594509d066c159dddedbf1368ade7097c254ca2da44986ba23,gx-no-cache=1496700304676 HTTP/1.1" 200 29
200.86.10.241 - - [05/Jun/2017:19:04:11 -0300] "POST /cormun/servlet/solicitudot?gx-no-cache=1496700304769 HTTP/1.1" 200 1280
200.86.10.241 - - [05/Jun/2017:19:04:12 -0300] "POST /cormun/servlet/solicitudot?gx-no-cache=1496700306314 HTTP/1.1" 200 1280
200.86.10.241 - - [05/Jun/2017:19:04:14 -0300] "POST /cormun/servlet/solicitudot?gx-no-cache=1496700308451 HTTP/1.1" 200 30
200.86.10.241 - - [05/Jun/2017:19:04:15 -0300] "POST /cormun/servlet/solicitudot?6b519d3f724b8f43e1518cac085254c1,UPD,2017,6728,,gx-no-cache=1496700308498 HTTP/1.1" 200 93
200.86.10.241 - - [05/Jun/2017:19:04:15 -0300] "GET /cormun/servlet/hpexe_return? HTTP/1.1" 200 1008
200.86.10.241 - - [05/Jun/2017:19:04:15 -0300] "GET /cormun/servlet/trsolicitudot HTTP/1.1" 200 8701
200.86.10.241 - - [05/Jun/2017:19:04:15 -0300] "GET /cormun/servlet/trsolicitudot HTTP/1.1" 200 8697
186.103.159.44 - - [05/Jun/2017:19:04:24 -0300] "GET /cormun/static/menuarrow.gif HTTP/1.1" 404 1015
186.103.159.44 - - [05/Jun/2017:19:04:35 -0300] "POST /cormun/servlet/solicitudot?gx-no-cache=1496700329358 HTTP/1.1" 200 30
186.103.159.188 - - [05/Jun/2017:19:04:57 -0300] "POST /cormun/servlet/trsolicitudot?6b519d3f724b8f43e1518cac085254c1,gx-no-cache=1496700350665 HTTP/1.1" 200 106
186.103.159.188 - - [05/Jun/2017:19:04:57 -0300] "GET /cormun/servlet/solicitudot?UPD,2017,6728, HTTP/1.1" 200 14285
186.103.159.188 - - [05/Jun/2017:19:04:57 -0300] "GET /cormun/servlet/solicitudot?UPD,2017,6728, HTTP/1.1" 200 14295
186.103.159.188 - - [05/Jun/2017:19:04:58 -0300] "POST /cormun/servlet/solicitudot?gx-no-cache=1496700351757 HTTP/1.1" 200 3204
186.103.159.188 - - [05/Jun/2017:19:04:58 -0300] "POST /cormun/servlet/solicitudot?6b519d3f724b8f43e1518cac085254c1,UPD,2017,6728,,gx-no-cache=1496700351913 HTTP/1.1" 200 10898
186.103.159.44 - - [05/Jun/2017:19:04:58 -0300] "POST /cormun/servlet/solicitudot?bc442a3a0db30812e438277671d3a99c,INS,0,0,,gx-no-cache=1496700352090 HTTP/1.1" 200 93
186.103.159.44 - - [05/Jun/2017:19:04:58 -0300] "GET /cormun/servlet/hpexe_return? HTTP/1.1" 200 1006
186.103.159.188 - - [05/Jun/2017:19:04:58 -0300] "GET /cormun/servlet/solicitudot?426e1354a1bd8e7140cc766a9b7b1dfa53016080361927692edbf79add5523d2b3e1e264a19ad26b9d4020cc2a9f88ba,gx-no-cache=1496700352131 HTTP/1.1" 200 30
186.103.159.188 - - [05/Jun/2017:19:04:58 -0300] "POST /cormun/servlet/solicitudot?gx-no-cache=1496700352162 HTTP/1.1" 200 254
186.103.159.188 - - [05/Jun/2017:19:04:58 -0300] "GET /cormun/servlet/solicitudot?426e1354a1bd8e7140cc766a9b7b1dfa8bafb2e568bd6c9bcece67785e924bad8f2806304c28984c8336dbd111897952b43e8a11bd631b01da64391e7e8439d648bdc5c2ae2dc3a5d9db221f1a7b63259fe90da175a98c0b69302e22cc90635dabcaed209a445ea70de00f987c23f5ee0b558fdecb7a73427ae9aaf1f015b4297a656c3a7a132f32933fe717b65b9be280d65d3f9363d610da2dae14f89c437c4a97994996b5534960788cc306c67b59243f8fc5e15f9911feb1fab9c72259a70d4162a53a8888d62d7f50069d622f0cebfcfc1929d71563a34b64e8c8ca87a43543d35f8647d73a19ae2f2f70ce0594726435101eec9dbe9df3c286f925d3e7f20ae776d1a7271bc94ed76942b4b20c15fbd4b0c16fc6b5e9cc921978829a9f6158f3c416992abdf7bdef7b98be548d7ab3354bbe74bb7c1e391a68ef6d7d1db78dccb86106274e6b2d40803d38e11b73e66046e4cf43d5ff41f0209cab6f39389b37e41f05f87f6da77b68271777ebdd68facb4745dcd3520242e92a1b2e24,gx-no-cache=1496700352209 HTTP/1.1" 200 30
186.103.159.188 - - [05/Jun/2017:19:04:58 -0300] "POST /cormun/servlet/solicitudot?gx-no-cache=1496700352537 HTTP/1.1" 200 30
186.103.159.188 - - [05/Jun/2017:19:04:58 -0300] "POST /cormun/servlet/solicitudot?gx-no-cache=1496700352568 HTTP/1.1" 200 1299
186.103.159.188 - - [05/Jun/2017:19:04:58 -0300] "POST /cormun/servlet/solicitudot?gx-no-cache=1496700352646 HTTP/1.1" 200 41
186.103.159.44 - - [05/Jun/2017:19:04:59 -0300] "GET /cormun/static/gxcfg.js?2016101716175148 HTTP/1.1" 200 953
186.103.159.44 - - [05/Jun/2017:19:04:59 -0300] "GET /cormun/servlet/hhome HTTP/1.1" 200 3787
186.79.182.66 - - [05/Jun/2017:19:05:02 -0300] "GET /cormun/servlet/trsolicitudot? HTTP/1.1" 200 9674
186.79.182.66 - - [05/Jun/2017:19:05:05 -0300] "GET /cormun/servlet/trsolicitudot? HTTP/1.1" 200 9674
186.103.159.44 - - [05/Jun/2017:19:05:05 -0300] "GET /cormun/servlet/trsolicitudot? HTTP/1.1" 200 15574
186.79.182.66 - - [05/Jun/2017:19:05:09 -0300] "GET /cormun/servlet/solicitudot?INS,0,0, HTTP/1.1" 200 12667
186.79.182.66 - - [05/Jun/2017:19:05:09 -0300] "GET /cormun/static/gxcfg.js?201752522134570 HTTP/1.1" 200 953
186.79.182.66 - - [05/Jun/2017:19:05:10 -0300] "GET /cormun/static/solicitudot.js?201752522134767 HTTP/1.1" 200 64045
186.79.182.66 - - [05/Jun/2017:19:05:11 -0300] "GET /cormun/servlet/solicitudot?INS,0,0, HTTP/1.1" 200 12672
186.79.182.66 - - [05/Jun/2017:19:05:14 -0300] "GET /cormun/servlet/prfichaempleado?,MD,,gxPopupLevel%3D0%3B HTTP/1.1" 200 8814
186.79.182.66 - - [05/Jun/2017:19:05:14 -0300] "GET /cormun/static/gxcfg.js?2017319125415 HTTP/1.1" 200 953
186.79.182.66 - - [05/Jun/2017:19:05:14 -0300] "GET /cormun/static/hmpwkw011.js?20175251212473 HTTP/1.1" 304 -
186.79.182.66 - - [05/Jun/2017:19:05:34 -0300] "POST /cormun/servlet/prfichaempleado?7d63f0948027233723fa9bc16c34dad6,,MD,,gxPopupLevel%3D0%3B,gx-no-cache=1496700119510 HTTP/1.1" 200 3405
186.103.159.188 - - [05/Jun/2017:19:05:39 -0300] "GET /cormun/servlet/solicitudot?426e1354a1bd8e7140cc766a9b7b1dfaf0b034c97ca643bd3b3b898b8734429d90d717777543491a67cce5c14e7717f9c9cbeed8a284f408bca323060b1920e66e59c42a368ad0e82f12c7a94551f985acc710d2e0bd0e1a31f4d4dca6e19fb81362feec9f1614af10cff3512f32970967cd5acd6c21df96f04004d5f3cfc0607b039c46cca869594509d066c159dddedbf1368ade7097c254ca2da44986ba23,gx-no-cache=1496700393381 HTTP/1.1" 200 29
186.103.159.188 - - [05/Jun/2017:19:05:39 -0300] "POST /cormun/servlet/solicitudot?gx-no-cache=1496700393412 HTTP/1.1" 200 1280
186.103.159.188 - - [05/Jun/2017:19:05:39 -0300] "POST /cormun/servlet/solicitudot?gx-no-cache=1496700393474 HTTP/1.1" 200 30
186.103.159.188 - - [05/Jun/2017:19:05:39 -0300] "POST /cormun/servlet/solicitudot?6b519d3f724b8f43e1518cac085254c1,UPD,2017,6728,,gx-no-cache=1496700393506 HTTP/1.1" 200 93
186.103.159.188 - - [05/Jun/2017:19:05:39 -0300] "GET /cormun/servlet/hpexe_return? HTTP/1.1" 200 1008
186.103.159.188 - - [05/Jun/2017:19:05:40 -0300] "GET /cormun/servlet/trsolicitudot HTTP/1.1" 200 8701
186.103.159.188 - - [05/Jun/2017:19:05:40 -0300] "GET /cormun/servlet/trsolicitudot HTTP/1.1" 200 8697
186.103.159.188 - - [05/Jun/2017:19:05:42 -0300] "GET /cormun/servlet/trautorizarsolicitud? HTTP/1.1" 200 6870
186.103.159.188 - - [05/Jun/2017:19:05:43 -0300] "GET /cormun/servlet/trautorizarsolicitud? HTTP/1.1" 200 6870
186.103.159.188 - - [05/Jun/2017:19:05:44 -0300] "POST /cormun/servlet/trsolicitudot?6b519d3f724b8f43e1518cac085254c1,gx-no-cache=1496700398420 HTTP/1.1" 200 5870
186.103.159.188 - - [05/Jun/2017:19:05:44 -0300] "GET /cormun/static/Shared/jqueryui/images/ui-bg_highlight-soft_100_c6c2c8_1x100.png HTTP/1.1" 404 1117
186.103.159.188 - - [05/Jun/2017:19:05:44 -0300] "GET /cormun/static/Shared/jqueryui/images/ui-icons_82798d_256x240.png HTTP/1.1" 404 1089
186.103.159.188 - - [05/Jun/2017:19:05:44 -0300] "GET /cormun/static/Shared/jqueryui/images/ui-bg_flat_55_fafafa_40x100.png HTTP/1.1" 404 1097
186.103.159.188 - - [05/Jun/2017:19:05:44 -0300] "GET /cormun/static/Shared/jqueryui/images/ui-icons_8d78a5_256x240.png HTTP/1.1" 404 1089
186.103.159.188 - - [05/Jun/2017:19:05:45 -0300] "POST /cormun/servlet/trsolicitudot?6b519d3f724b8f43e1518cac085254c1,gx-no-cache=1496700398622 HTTP/1.1" 200 5814
186.103.159.188 - - [05/Jun/2017:19:05:57 -0300] "GET /cormun/servlet/trlicencias? HTTP/1.1" 200 11012
186.103.159.188 - - [05/Jun/2017:19:05:58 -0300] "GET /cormun/servlet/trlicencias? HTTP/1.1" 200 11011
186.103.159.44 - - [05/Jun/2017:19:06:16 -0300] "POST /cormun/servlet/trsolicitudot?bc442a3a0db30812e438277671d3a99c,,gx-no-cache=1496700430755 HTTP/1.1" 200 106
186.103.159.44 - - [05/Jun/2017:19:06:17 -0300] "GET /cormun/servlet/trsolicitudadjuntos?2017,6729, HTTP/1.1" 200 5885
186.103.159.44 - - [05/Jun/2017:19:06:17 -0300] "GET /cormun/static/gxcfg.js?20175251232679 HTTP/1.1" 200 953
186.103.159.44 - - [05/Jun/2017:19:06:17 -0300] "GET /cormun/static/trsolicitudadjuntos.js?20175251233082 HTTP/1.1" 200 17922
186.103.159.44 - - [05/Jun/2017:19:06:20 -0300] "GET /cormun/servlet/solicitudotadjuntos?INS,2017,6729,,1, HTTP/1.1" 200 5837
186.103.159.44 - - [05/Jun/2017:19:06:21 -0300] "GET /cormun/static/gxcfg.js?201752511522888 HTTP/1.1" 200 953
186.103.159.44 - - [05/Jun/2017:19:06:21 -0300] "GET /cormun/static/solicitudotadjuntos.js?20175251152299 HTTP/1.1" 200 11771
186.103.159.44 - - [05/Jun/2017:19:06:21 -0300] "HEAD /cormun/static/about:blank HTTP/1.1" 404 -
186.103.159.44 - - [05/Jun/2017:19:06:22 -0300] "GET /cormun/servlet/solicitudotadjuntos?4e9dad7d874f08663233015467c744404d0dfd80ee9f901b6c02b808e0232738d23f27b71e2e8155f6754b6edc623700,gx-no-cache=1496700436787 HTTP/1.1" 200 30
186.103.159.44 - - [05/Jun/2017:19:06:23 -0300] "POST /cormun/servlet/solicitudotadjuntos?bc442a3a0db30812e438277671d3a99c,INS,2017,6729,,1,,gx-no-cache=1496700436928 HTTP/1.1" 200 3672
186.79.182.66 - - [05/Jun/2017:19:06:24 -0300] "POST /cormun/servlet/solicitudot?gx-no-cache=1496700169523 HTTP/1.1" 200 3208
186.79.182.66 - - [05/Jun/2017:19:06:25 -0300] "POST /cormun/servlet/solicitudot?7d63f0948027233723fa9bc16c34dad6,INS,0,0,,gx-no-cache=1496700170104 HTTP/1.1" 200 9840
186.79.187.178 - - [05/Jun/2017:19:06:27 -0300] "GET /cormun/servlet/hhome HTTP/1.1" 200 3356
186.79.187.178 - - [05/Jun/2017:19:06:27 -0300] "GET /cormun/servlet/hhome HTTP/1.1" 200 3350
186.79.187.178 - - [05/Jun/2017:19:06:27 -0300] "GET /cormun/servlet/hlogin HTTP/1.1" 200 1714
186.79.182.66 - - [05/Jun/2017:19:06:28 -0300] "GET /cormun/servlet/solicitudot?c060ded6d212c5a6862d3dea8f5d94e22638dddbe99ce19f31430e03810d49f2713a99c9c95772a2b9bad117d48e3d9b,gx-no-cache=1496700173843 HTTP/1.1" 200 30
186.79.182.66 - - [05/Jun/2017:19:06:29 -0300] "POST /cormun/servlet/solicitudot?gx-no-cache=1496700174024 HTTP/1.1" 200 255
186.79.182.66 - - [05/Jun/2017:19:06:29 -0300] "GET /cormun/servlet/solicitudot?c060ded6d212c5a6862d3dea8f5d94e2ccb6edfad9472f7ac4f38ab2a3f52ef7b6e3dc04d47591eb8b511fafbaffb11f2effef38d9fa89e80fe3b8aa687d0f08f007575ec28383744a6402abc6cf6c9b727322fb71d3acd968d08eab344c994683ed804c9676803cafd52de158de4a45a1aff8ac74e66eeac8d219de6252ddcdabd481be06c102172bf56a2d2baed268e150cd55021ce20620ec427fc0f6415c6938b3dc1647b5107469ff176285ae8c1229a386c8372c329df4f468b9b8caaee43dedbb99ae68e98ccc339dc0c4eb980452734803780a46c972d467dbfee2f743d918c0db07d1f26efaf79e268660703a4b5cb832a8cca3b755e13f43a0d298d5ebe0c6736c3dea5bff7991b5131bcd5742ce573ef0fb55fa446385d111dac039f1176fa20f78fb6c11db0376526bced07364b6960081dcabaaff5bc9fa0ad4598fe2cb218cc7e4b97ff317ac3b62acb390234d9738251d5cfd1997540f2dac69e7266b3f4948b43c22834ff4d7c67df29b6ea0f3fc6f0ee8341a05cf8395a1,gx-no-cache=1496700174155 HTTP/1.1" 200 30
186.103.159.44 - - [05/Jun/2017:19:06:30 -0300] "POST /cormun/servlet/solicitudotadjuntos?gx-no-cache=1496700444707 HTTP/1.1" 200 26
186.79.187.178 - - [05/Jun/2017:19:06:32 -0300] "POST /cormun/servlet/hlogin?bc0d203b7d544a68224b85d489d97a3d,gx-no-cache=1496700447633 HTTP/1.1" 200 90
186.79.187.178 - - [05/Jun/2017:19:06:32 -0300] "GET /cormun/servlet/hpexe_link HTTP/1.1" 200 937
186.79.187.178 - - [05/Jun/2017:19:06:33 -0300] "GET /cormun/servlet/hhome HTTP/1.1" 200 3793
186.79.187.178 - - [05/Jun/2017:19:06:33 -0300] "GET /cormun/servlet/hhome HTTP/1.1" 200 3790
186.79.187.178 - - [05/Jun/2017:19:06:36 -0300] "GET /cormun/servlet/trpermisosgoce? HTTP/1.1" 200 9536
186.79.187.178 - - [05/Jun/2017:19:06:36 -0300] "GET /cormun/servlet/trpermisosgoce? HTTP/1.1" 200 9548
200.86.10.241 - - [05/Jun/2017:19:06:37 -0300] "GET /cormun/servlet/trautorizarsolicitud? HTTP/1.1" 200 8146
200.86.10.241 - - [05/Jun/2017:19:06:38 -0300] "GET /cormun/servlet/trautorizarsolicitud? HTTP/1.1" 200 8146
186.79.187.178 - - [05/Jun/2017:19:06:43 -0300] "POST /cormun/servlet/trpermisosgoce?bc0d203b7d544a68224b85d489d97a3d,,gx-no-cache=1496700457769 HTTP/1.1" 200 6750
186.79.187.178 - - [05/Jun/2017:19:06:43 -0300] "GET /cormun/static/Shared/jqueryui/images/ui-bg_highlight-soft_100_c6c2c8_1x100.png HTTP/1.1" 404 1117
186.79.187.178 - - [05/Jun/2017:19:06:43 -0300] "GET /cormun/static/Shared/jqueryui/images/ui-bg_flat_55_fafafa_40x100.png HTTP/1.1" 404 1097
186.79.187.178 - - [05/Jun/2017:19:06:43 -0300] "GET /cormun/static/Shared/jqueryui/images/ui-icons_8d78a5_256x240.png HTTP/1.1" 404 1089
186.79.187.178 - - [05/Jun/2017:19:06:43 -0300] "GET /cormun/static/Shared/jqueryui/images/ui-icons_82798d_256x240.png HTTP/1.1" 404 1089
186.103.159.44 - - [05/Jun/2017:19:06:44 -0300] "GET /cormun/servlet/solicitudotadjuntos?4e9dad7d874f08663233015467c744407029527187bfb2d250d698591a4c6b55,gx-no-cache=1496700458387 HTTP/1.1" 200 30
186.103.159.44 - - [05/Jun/2017:19:06:44 -0300] "GET /cormun/servlet/solicitudotadjuntos?4e9dad7d874f08663233015467c744407029527187bfb2d250d698591a4c6b55,gx-no-cache=1496700458424 HTTP/1.1" 200 30
186.103.159.44 - - [05/Jun/2017:19:06:45 -0300] "POST /cormun/servlet/solicitudotadjuntos?bc442a3a0db30812e438277671d3a99c,INS,2017,6729,,1, HTTP/1.1" 200 116
186.103.159.44 - - [05/Jun/2017:19:06:45 -0300] "GET /cormun/servlet/hpexe_return? HTTP/1.1" 200 1024
186.103.159.44 - - [05/Jun/2017:19:06:45 -0300] "GET /cormun/static/hpexe_return.js?2016101716175153 HTTP/1.1" 200 1633
186.103.159.44 - - [05/Jun/2017:19:06:46 -0300] "GET /cormun/servlet/trsolicitudadjuntos?2017,6729, HTTP/1.1" 200 8115
200.86.10.241 - - [05/Jun/2017:19:06:47 -0300] "POST /cormun/servlet/trautorizarsolicitud?81ecee80a4126e1f9b1c34b3307a44ec,,gx-no-cache=1496700462130 HTTP/1.1" 200 4331
200.86.10.241 - - [05/Jun/2017:19:06:47 -0300] "GET /cormun/static/Shared/jqueryui/images/ui-bg_highlight-soft_100_c6c2c8_1x100.png HTTP/1.1" 404 1117
200.86.10.241 - - [05/Jun/2017:19:06:47 -0300] "GET /cormun/static/Shared/jqueryui/images/ui-icons_8d78a5_256x240.png HTTP/1.1" 404 1089
200.86.10.241 - - [05/Jun/2017:19:06:47 -0300] "GET /cormun/static/Shared/jqueryui/images/ui-icons_82798d_256x240.png HTTP/1.1" 404 1089
200.86.10.241 - - [05/Jun/2017:19:06:47 -0300] "GET /cormun/static/Shared/jqueryui/images/ui-bg_flat_55_fafafa_40x100.png HTTP/1.1" 404 1097
200.86.10.241 - - [05/Jun/2017:19:06:47 -0300] "POST /cormun/servlet/trautorizarsolicitud?81ecee80a4126e1f9b1c34b3307a44ec,,gx-no-cache=1496700462370 HTTP/1.1" 200 4110
186.103.159.44 - - [05/Jun/2017:19:06:50 -0300] "GET /cormun/servlet/solicitudotadjuntos?INS,2017,6729,,1, HTTP/1.1" 200 5837
186.103.159.44 - - [05/Jun/2017:19:06:51 -0300] "HEAD /cormun/static/about:blank HTTP/1.1" 404 -
186.103.159.44 - - [05/Jun/2017:19:06:52 -0300] "GET /cormun/servlet/solicitudotadjuntos?4e9dad7d874f08663233015467c744404d0dfd80ee9f901b6c02b808e0232738d23f27b71e2e8155f6754b6edc623700,gx-no-cache=1496700466425 HTTP/1.1" 200 30
186.103.159.44 - - [05/Jun/2017:19:06:52 -0300] "POST /cormun/servlet/solicitudotadjuntos?bc442a3a0db30812e438277671d3a99c,INS,2017,6729,,1,,gx-no-cache=1496700466490 HTTP/1.1" 200 3672
186.79.187.178 - - [05/Jun/2017:19:06:54 -0300] "GET /cormun/servlet/permisogoce?INS,0,,, HTTP/1.1" 200 6632
186.79.187.178 - - [05/Jun/2017:19:06:54 -0300] "GET /cormun/servlet/permisogoce?INS,0,,, HTTP/1.1" 200 6631
186.103.159.44 - - [05/Jun/2017:19:06:55 -0300] "POST /cormun/servlet/solicitudotadjuntos?gx-no-cache=1496700469257 HTTP/1.1" 200 26
200.86.10.241 - - [05/Jun/2017:19:06:56 -0300] "POST /cormun/servlet/trlicencias?6b519d3f724b8f43e1518cac085254c1,,gx-no-cache=1496700469598 HTTP/1.1" 200 8519
186.103.159.44 - - [05/Jun/2017:19:07:01 -0300] "GET /cormun/servlet/solicitudotadjuntos?4e9dad7d874f08663233015467c744407029527187bfb2d250d698591a4c6b55,gx-no-cache=1496700475321 HTTP/1.1" 200 30
186.103.159.44 - - [05/Jun/2017:19:07:01 -0300] "GET /cormun/servlet/solicitudotadjuntos?4e9dad7d874f08663233015467c744407029527187bfb2d250d698591a4c6b55,gx-no-cache=1496700475357 HTTP/1.1" 200 30
186.103.159.44 - - [05/Jun/2017:19:07:01 -0300] "POST /cormun/servlet/solicitudotadjuntos?bc442a3a0db30812e438277671d3a99c,INS,2017,6729,,1, HTTP/1.1" 200 116
186.103.159.44 - - [05/Jun/2017:19:07:02 -0300] "GET /cormun/servlet/hpexe_return? HTTP/1.1" 200 1024
186.103.159.44 - - [05/Jun/2017:19:07:02 -0300] "GET /cormun/servlet/trsolicitudadjuntos?2017,6729, HTTP/1.1" 200 8341
186.79.187.178 - - [05/Jun/2017:19:07:08 -0300] "GET /cormun/servlet/permisogoce?6728d11701ab33225d6dfd103ba9ba5edb42b90042ebecf98494402d9754b47d40043ff8c3996030a5ecd6ba724897a8be9f4288fbc49fc6bdd7a32a9966e700,gx-no-cache=1496700482765 HTTP/1.1" 200 78
186.103.159.44 - - [05/Jun/2017:19:07:08 -0300] "GET /cormun/servlet/solicitudotadjuntos?INS,2017,6729,,1, HTTP/1.1" 200 5837
186.103.159.44 - - [05/Jun/2017:19:07:09 -0300] "HEAD /cormun/static/about:blank HTTP/1.1" 404 -
186.103.159.44 - - [05/Jun/2017:19:07:10 -0300] "GET /cormun/servlet/solicitudotadjuntos?4e9dad7d874f08663233015467c744404d0dfd80ee9f901b6c02b808e0232738d23f27b71e2e8155f6754b6edc623700,gx-no-cache=1496700484241 HTTP/1.1" 200 30
186.79.187.178 - - [05/Jun/2017:19:07:10 -0300] "GET /cormun/static/menuarrow.gif HTTP/1.1" 404 1015
186.103.159.44 - - [05/Jun/2017:19:07:10 -0300] "POST /cormun/servlet/solicitudotadjuntos?bc442a3a0db30812e438277671d3a99c,INS,2017,6729,,1,,gx-no-cache=1496700484312 HTTP/1.1" 200 3671
186.103.159.44 - - [05/Jun/2017:19:07:13 -0300] "POST /cormun/servlet/solicitudotadjuntos?gx-no-cache=1496700487165 HTTP/1.1" 200 26
186.103.159.44 - - [05/Jun/2017:19:07:19 -0300] "GET /cormun/servlet/solicitudotadjuntos?4e9dad7d874f08663233015467c744407029527187bfb2d250d698591a4c6b55,gx-no-cache=1496700493637 HTTP/1.1" 200 30
186.103.159.44 - - [05/Jun/2017:19:07:19 -0300] "GET /cormun/servlet/solicitudotadjuntos?4e9dad7d874f08663233015467c744407029527187bfb2d250d698591a4c6b55,gx-no-cache=1496700493675 HTTP/1.1" 200 30
186.79.187.178 - - [05/Jun/2017:19:07:20 -0300] "GET /cormun/servlet/permisogoce?6728d11701ab33225d6dfd103ba9ba5e4cdcef53fd07d3a6462d6c2a53340065dd1b018fe79db5d1d1057b7862e8bfa89b5f45f47a6817f559d4b5d34fde4e6d,gx-no-cache=1496700495068 HTTP/1.1" 200 46
186.103.159.44 - - [05/Jun/2017:19:07:20 -0300] "POST /cormun/servlet/solicitudotadjuntos?bc442a3a0db30812e438277671d3a99c,INS,2017,6729,,1, HTTP/1.1" 200 116
186.103.159.44 - - [05/Jun/2017:19:07:20 -0300] "GET /cormun/servlet/hpexe_return? HTTP/1.1" 200 1024
186.103.159.44 - - [05/Jun/2017:19:07:21 -0300] "GET /cormun/servlet/trsolicitudadjuntos?2017,6729, HTTP/1.1" 200 8505
186.103.159.44 - - [05/Jun/2017:19:07:25 -0300] "GET /cormun/servlet/solicitudotadjuntos?INS,2017,6729,,1, HTTP/1.1" 200 5837
186.103.159.44 - - [05/Jun/2017:19:07:26 -0300] "HEAD /cormun/static/about:blank HTTP/1.1" 404 -
186.79.187.178 - - [05/Jun/2017:19:07:27 -0300] "POST /cormun/servlet/permisogoce?bc0d203b7d544a68224b85d489d97a3d,INS,0,,,,gx-no-cache=1496700501795 HTTP/1.1" 200 93
186.79.187.178 - - [05/Jun/2017:19:07:27 -0300] "GET /cormun/servlet/hpexe_return? HTTP/1.1" 200 996
186.79.187.178 - - [05/Jun/2017:19:07:27 -0300] "GET /cormun/servlet/trpermisosgoce? HTTP/1.1" 200 9793
186.103.159.44 - - [05/Jun/2017:19:07:27 -0300] "GET /cormun/servlet/solicitudotadjuntos?4e9dad7d874f08663233015467c744404d0dfd80ee9f901b6c02b808e0232738d23f27b71e2e8155f6754b6edc623700,gx-no-cache=1496700501762 HTTP/1.1" 200 30
186.79.187.178 - - [05/Jun/2017:19:07:28 -0300] "GET /cormun/servlet/trpermisosgoce? HTTP/1.1" 200 9812
186.103.159.44 - - [05/Jun/2017:19:07:28 -0300] "POST /cormun/servlet/solicitudotadjuntos?bc442a3a0db30812e438277671d3a99c,INS,2017,6729,,1,,gx-no-cache=1496700501826 HTTP/1.1" 200 3671
186.103.159.44 - - [05/Jun/2017:19:07:31 -0300] "POST /cormun/servlet/solicitudotadjuntos?gx-no-cache=1496700505842 HTTP/1.1" 200 26
186.79.187.178 - - [05/Jun/2017:19:07:32 -0300] "GET /cormun/servlet/trpermisosadjuntos?15792774,20170605190654,P, HTTP/1.1" 200 6114
186.79.187.178 - - [05/Jun/2017:19:07:32 -0300] "GET /cormun/servlet/trpermisosadjuntos?15792774,20170605190654,P, HTTP/1.1" 200 6115
186.79.187.178 - - [05/Jun/2017:19:07:34 -0300] "GET /cormun/servlet/permisosadjuntos?INS,15792774,P,20170605190654,, HTTP/1.1" 200 5433
186.79.187.178 - - [05/Jun/2017:19:07:34 -0300] "GET /cormun/static/about:blank HTTP/1.1" 404 1011
186.79.187.178 - - [05/Jun/2017:19:07:34 -0300] "GET /cormun/servlet/permisosadjuntos?INS,15792774,P,20170605190654,, HTTP/1.1" 200 5423
186.103.159.44 - - [05/Jun/2017:19:07:37 -0300] "GET /cormun/servlet/solicitudotadjuntos?4e9dad7d874f08663233015467c744407029527187bfb2d250d698591a4c6b55,gx-no-cache=1496700511742 HTTP/1.1" 200 30
186.103.159.44 - - [05/Jun/2017:19:07:37 -0300] "GET /cormun/servlet/solicitudotadjuntos?4e9dad7d874f08663233015467c744407029527187bfb2d250d698591a4c6b55,gx-no-cache=1496700511777 HTTP/1.1" 200 30
186.103.159.44 - - [05/Jun/2017:19:07:38 -0300] "POST /cormun/servlet/solicitudotadjuntos?bc442a3a0db30812e438277671d3a99c,INS,2017,6729,,1, HTTP/1.1" 200 116
186.103.159.44 - - [05/Jun/2017:19:07:38 -0300] "GET /cormun/servlet/hpexe_return? HTTP/1.1" 200 1024
186.103.159.44 - - [05/Jun/2017:19:07:39 -0300] "GET /cormun/servlet/trsolicitudadjuntos?2017,6729, HTTP/1.1" 200 8649
186.103.159.44 - - [05/Jun/2017:19:07:46 -0300] "GET /cormun/servlet/solicitudotadjuntos?INS,2017,6729,,1, HTTP/1.1" 200 5837
186.103.159.44 - - [05/Jun/2017:19:07:47 -0300] "HEAD /cormun/static/about:blank HTTP/1.1" 404 -
186.103.159.44 - - [05/Jun/2017:19:07:48 -0300] "GET /cormun/servlet/solicitudotadjuntos?4e9dad7d874f08663233015467c744404d0dfd80ee9f901b6c02b808e0232738d23f27b71e2e8155f6754b6edc623700,gx-no-cache=1496700522384 HTTP/1.1" 200 30
186.103.159.44 - - [05/Jun/2017:19:07:48 -0300] "POST /cormun/servlet/solicitudotadjuntos?bc442a3a0db30812e438277671d3a99c,INS,2017,6729,,1,,gx-no-cache=1496700522450 HTTP/1.1" 200 3671
186.103.159.44 - - [05/Jun/2017:19:07:51 -0300] "POST /cormun/servlet/solicitudotadjuntos?gx-no-cache=1496700525555 HTTP/1.1" 200 26
186.103.159.44 - - [05/Jun/2017:19:07:56 -0300] "GET /cormun/servlet/solicitudotadjuntos?4e9dad7d874f08663233015467c744407029527187bfb2d250d698591a4c6b55,gx-no-cache=1496700530844 HTTP/1.1" 200 30
186.103.159.44 - - [05/Jun/2017:19:07:56 -0300] "GET /cormun/servlet/solicitudotadjuntos?4e9dad7d874f08663233015467c744407029527187bfb2d250d698591a4c6b55,gx-no-cache=1496700530878 HTTP/1.1" 200 30
186.103.159.44 - - [05/Jun/2017:19:07:58 -0300] "POST /cormun/servlet/solicitudotadjuntos?bc442a3a0db30812e438277671d3a99c,INS,2017,6729,,1, HTTP/1.1" 200 116
186.103.159.44 - - [05/Jun/2017:19:07:58 -0300] "GET /cormun/servlet/hpexe_return? HTTP/1.1" 200 1024
