186.103.159.44 - - [05/Jun/2017:19:07:59 -0300] "GET /cormun/servlet/trsolicitudadjuntos?2017,6729, HTTP/1.1" 200 8832
186.79.187.178 - - [05/Jun/2017:19:08:00 -0300] "POST /cormun/servlet/permisosadjuntos?bc0d203b7d544a68224b85d489d97a3d,INS,15792774,P,20170605190654,, HTTP/1.1" 200 116
186.79.187.178 - - [05/Jun/2017:19:08:00 -0300] "GET /cormun/servlet/hpexe_return? HTTP/1.1" 200 1024
186.79.187.178 - - [05/Jun/2017:19:08:01 -0300] "GET /cormun/servlet/trpermisosadjuntos?15792774,20170605190654,P, HTTP/1.1" 200 6578
186.79.187.178 - - [05/Jun/2017:19:08:01 -0300] "GET /cormun/servlet/trpermisosadjuntos?15792774,20170605190654,P, HTTP/1.1" 200 6574
186.79.187.178 - - [05/Jun/2017:19:08:04 -0300] "POST /cormun/servlet/trpermisosadjuntos?bc0d203b7d544a68224b85d489d97a3d,15792774,20170605190654,P,,gx-no-cache=1496700538685 HTTP/1.1" 200 90
186.79.187.178 - - [05/Jun/2017:19:08:04 -0300] "GET /cormun/servlet/hpexe_link HTTP/1.1" 200 969
186.79.187.178 - - [05/Jun/2017:19:08:04 -0300] "GET /cormun/servlet/trpermisosgoce HTTP/1.1" 200 9790
186.79.187.178 - - [05/Jun/2017:19:08:04 -0300] "GET /cormun/servlet/trpermisosgoce HTTP/1.1" 200 9808
186.103.159.44 - - [05/Jun/2017:19:08:06 -0300] "GET /cormun/servlet/solicitudotadjuntos?INS,2017,6729,,1, HTTP/1.1" 200 5838
186.103.159.44 - - [05/Jun/2017:19:08:07 -0300] "HEAD /cormun/static/about:blank HTTP/1.1" 404 -
186.79.187.178 - - [05/Jun/2017:19:08:08 -0300] "GET /cormun/servlet/apermisogoceprn?15792774,P,20170605190654,PU HTTP/1.1" 200 1687
186.103.159.44 - - [05/Jun/2017:19:08:08 -0300] "GET /cormun/servlet/solicitudotadjuntos?4e9dad7d874f08663233015467c744404d0dfd80ee9f901b6c02b808e0232738d23f27b71e2e8155f6754b6edc623700,gx-no-cache=1496700542335 HTTP/1.1" 200 30
186.103.159.44 - - [05/Jun/2017:19:08:08 -0300] "POST /cormun/servlet/solicitudotadjuntos?bc442a3a0db30812e438277671d3a99c,INS,2017,6729,,1,,gx-no-cache=1496700542388 HTTP/1.1" 200 3672
186.103.159.44 - - [05/Jun/2017:19:08:11 -0300] "POST /cormun/servlet/solicitudotadjuntos?gx-no-cache=1496700545111 HTTP/1.1" 200 26
186.103.159.44 - - [05/Jun/2017:19:08:16 -0300] "GET /cormun/servlet/solicitudotadjuntos?4e9dad7d874f08663233015467c744407029527187bfb2d250d698591a4c6b55,gx-no-cache=1496700550262 HTTP/1.1" 200 30
186.103.159.44 - - [05/Jun/2017:19:08:16 -0300] "GET /cormun/servlet/solicitudotadjuntos?4e9dad7d874f08663233015467c744407029527187bfb2d250d698591a4c6b55,gx-no-cache=1496700550297 HTTP/1.1" 200 30
186.103.159.44 - - [05/Jun/2017:19:08:17 -0300] "POST /cormun/servlet/solicitudotadjuntos?bc442a3a0db30812e438277671d3a99c,INS,2017,6729,,1, HTTP/1.1" 200 116
186.103.159.44 - - [05/Jun/2017:19:08:17 -0300] "GET /cormun/servlet/hpexe_return? HTTP/1.1" 200 1024
186.79.182.66 - - [05/Jun/2017:19:08:18 -0300] "POST /cormun/servlet/solicitudot?gx-no-cache=1496700283382 HTTP/1.1" 200 30
186.103.159.44 - - [05/Jun/2017:19:08:18 -0300] "GET /cormun/servlet/trsolicitudadjuntos?2017,6729, HTTP/1.1" 200 9092
186.79.187.178 - - [05/Jun/2017:19:08:19 -0300] "GET /cormun/servlet/permisogoce?INS,0,,, HTTP/1.1" 200 6632
186.79.187.178 - - [05/Jun/2017:19:08:19 -0300] "GET /cormun/servlet/permisogoce?INS,0,,, HTTP/1.1" 200 6631
186.103.159.44 - - [05/Jun/2017:19:08:22 -0300] "GET /cormun/servlet/solicitudotadjuntos?INS,2017,6729,,2, HTTP/1.1" 200 5836
186.103.159.44 - - [05/Jun/2017:19:08:23 -0300] "HEAD /cormun/static/about:blank HTTP/1.1" 404 -
186.103.159.44 - - [05/Jun/2017:19:08:24 -0300] "GET /cormun/servlet/solicitudotadjuntos?4e9dad7d874f08663233015467c744404d0dfd80ee9f901b6c02b808e0232738d23f27b71e2e8155f6754b6edc623700,gx-no-cache=1496700558590 HTTP/1.1" 200 30
186.103.159.44 - - [05/Jun/2017:19:08:24 -0300] "POST /cormun/servlet/solicitudotadjuntos?bc442a3a0db30812e438277671d3a99c,INS,2017,6729,,2,,gx-no-cache=1496700558667 HTTP/1.1" 200 3814
186.79.182.66 - - [05/Jun/2017:19:08:24 -0300] "POST /cormun/servlet/solicitudot?gx-no-cache=1496700289754 HTTP/1.1" 200 1301
186.79.182.66 - - [05/Jun/2017:19:08:25 -0300] "POST /cormun/servlet/solicitudot?gx-no-cache=1496700289947 HTTP/1.1" 200 38
186.79.187.178 - - [05/Jun/2017:19:08:25 -0300] "GET /cormun/servlet/permisogoce?6728d11701ab33225d6dfd103ba9ba5e432579ca5748e148061b864824ff888f40043ff8c3996030a5ecd6ba724897a8be9f4288fbc49fc6bdd7a32a9966e700,gx-no-cache=1496700560093 HTTP/1.1" 200 82
186.103.159.44 - - [05/Jun/2017:19:08:28 -0300] "POST /cormun/servlet/solicitudotadjuntos?gx-no-cache=1496700561976 HTTP/1.1" 200 26
186.103.159.44 - - [05/Jun/2017:19:08:33 -0300] "GET /cormun/servlet/solicitudotadjuntos?4e9dad7d874f08663233015467c744407029527187bfb2d250d698591a4c6b55,gx-no-cache=1496700567063 HTTP/1.1" 200 30
186.103.159.44 - - [05/Jun/2017:19:08:33 -0300] "GET /cormun/servlet/solicitudotadjuntos?4e9dad7d874f08663233015467c744407029527187bfb2d250d698591a4c6b55,gx-no-cache=1496700567093 HTTP/1.1" 200 30
186.103.159.44 - - [05/Jun/2017:19:08:33 -0300] "POST /cormun/servlet/solicitudotadjuntos?bc442a3a0db30812e438277671d3a99c,INS,2017,6729,,2, HTTP/1.1" 200 116
186.103.159.44 - - [05/Jun/2017:19:08:33 -0300] "GET /cormun/servlet/hpexe_return? HTTP/1.1" 200 1024
186.103.159.44 - - [05/Jun/2017:19:08:34 -0300] "GET /cormun/servlet/trsolicitudadjuntos?2017,6729, HTTP/1.1" 200 9289
186.79.187.178 - - [05/Jun/2017:19:08:40 -0300] "GET /cormun/static/menuarrow.gif HTTP/1.1" 404 1015
186.103.159.44 - - [05/Jun/2017:19:08:41 -0300] "GET /cormun/servlet/trsolicitudot? HTTP/1.1" 200 15577
186.79.187.178 - - [05/Jun/2017:19:08:48 -0300] "GET /cormun/servlet/permisogoce?6728d11701ab33225d6dfd103ba9ba5eb687159fdb79f0eb4cbff6d31b9811236a033401a884e95133f9b59f8531e19a9b5f45f47a6817f559d4b5d34fde4e6d,gx-no-cache=1496700583481 HTTP/1.1" 200 46
186.79.182.66 - - [05/Jun/2017:19:08:50 -0300] "GET /cormun/servlet/solicitudot?c060ded6d212c5a6862d3dea8f5d94e24a61fa65f8665e2b18d17258be21e3f94c7f633f8cd3d3fe97c95665d2fea1f70477b99f4f11da279cbba2f0026a6d071003dd7a10ebee8568bbd151951fde8908c60313119e31d654e7b28b6b692febfadd0bd7c54fbdd902aca147a8f83ec7a4c0703e785461732b687fad606bca8e30972b9f8ec70341c1684a95bbd4ae64930570bffbcab1e73e41eb92283c223a,gx-no-cache=1496700315258 HTTP/1.1" 200 29
186.79.182.66 - - [05/Jun/2017:19:08:50 -0300] "POST /cormun/servlet/solicitudot?gx-no-cache=1496700315419 HTTP/1.1" 200 1280
186.79.182.66 - - [05/Jun/2017:19:08:50 -0300] "GET /cormun/static/menuarrow.gif HTTP/1.1" 404 1015
186.103.159.44 - - [05/Jun/2017:19:08:50 -0300] "POST /cormun/servlet/trsolicitudot?bc442a3a0db30812e438277671d3a99c,,gx-no-cache=1496700584564 HTTP/1.1" 200 12831
186.79.182.66 - - [05/Jun/2017:19:08:52 -0300] "POST /cormun/servlet/solicitudot?gx-no-cache=1496700317008 HTTP/1.1" 200 1280
186.103.159.44 - - [05/Jun/2017:19:08:53 -0300] "POST /cormun/servlet/trsolicitudot?bc442a3a0db30812e438277671d3a99c,,gx-no-cache=1496700586699 HTTP/1.1" 200 12771
186.79.187.178 - - [05/Jun/2017:19:08:53 -0300] "POST /cormun/servlet/permisogoce?bc0d203b7d544a68224b85d489d97a3d,INS,0,,,,gx-no-cache=1496700587557 HTTP/1.1" 200 93
186.79.187.178 - - [05/Jun/2017:19:08:53 -0300] "GET /cormun/servlet/hpexe_return? HTTP/1.1" 200 996
186.79.187.178 - - [05/Jun/2017:19:08:53 -0300] "GET /cormun/servlet/trpermisosgoce HTTP/1.1" 200 10040
186.79.187.178 - - [05/Jun/2017:19:08:53 -0300] "GET /cormun/servlet/trpermisosgoce HTTP/1.1" 200 10035
186.103.159.44 - - [05/Jun/2017:19:08:54 -0300] "GET /cormun/static/Shared/jqueryui/images/ui-icons_82798d_256x240.png HTTP/1.1" 404 1089
186.103.159.44 - - [05/Jun/2017:19:08:54 -0300] "GET /cormun/static/Shared/jqueryui/images/ui-bg_flat_55_fafafa_40x100.png HTTP/1.1" 404 1097
186.103.159.44 - - [05/Jun/2017:19:08:54 -0300] "GET /cormun/static/Shared/jqueryui/images/ui-bg_highlight-soft_100_c6c2c8_1x100.png HTTP/1.1" 404 1117
186.103.159.44 - - [05/Jun/2017:19:08:54 -0300] "GET /cormun/static/Shared/jqueryui/images/ui-icons_8d78a5_256x240.png HTTP/1.1" 404 1089
186.79.187.178 - - [05/Jun/2017:19:08:59 -0300] "GET /cormun/servlet/trpermisosadjuntos?18044023,20170605190820,P, HTTP/1.1" 200 6115
186.79.187.178 - - [05/Jun/2017:19:08:59 -0300] "GET /cormun/servlet/trpermisosadjuntos?18044023,20170605190820,P, HTTP/1.1" 200 6116
186.79.187.178 - - [05/Jun/2017:19:09:02 -0300] "GET /cormun/servlet/permisosadjuntos?INS,18044023,P,20170605190820,, HTTP/1.1" 200 5436
186.79.187.178 - - [05/Jun/2017:19:09:02 -0300] "GET /cormun/static/about:blank HTTP/1.1" 404 1011
186.79.187.178 - - [05/Jun/2017:19:09:02 -0300] "GET /cormun/servlet/permisosadjuntos?INS,18044023,P,20170605190820,, HTTP/1.1" 200 5426
186.79.182.66 - - [05/Jun/2017:19:09:02 -0300] "POST /cormun/servlet/solicitudot?gx-no-cache=1496700327672 HTTP/1.1" 200 30
186.103.159.44 - - [05/Jun/2017:19:09:05 -0300] "GET /cormun/servlet/trsolicitudot? HTTP/1.1" 200 15573
186.103.159.44 - - [05/Jun/2017:19:09:13 -0300] "GET /cormun/servlet/trsolicitudot? HTTP/1.1" 200 15573
186.79.187.178 - - [05/Jun/2017:19:09:19 -0300] "POST /cormun/servlet/permisosadjuntos?bc0d203b7d544a68224b85d489d97a3d,INS,18044023,P,20170605190820,, HTTP/1.1" 200 116
186.79.187.178 - - [05/Jun/2017:19:09:20 -0300] "GET /cormun/servlet/hpexe_return? HTTP/1.1" 200 1023
186.79.187.178 - - [05/Jun/2017:19:09:20 -0300] "GET /cormun/servlet/trpermisosadjuntos?18044023,20170605190820,P, HTTP/1.1" 200 6579
186.79.187.178 - - [05/Jun/2017:19:09:21 -0300] "GET /cormun/servlet/trpermisosadjuntos?18044023,20170605190820,P, HTTP/1.1" 200 6576
186.103.159.44 - - [05/Jun/2017:19:09:21 -0300] "GET /cormun/servlet/solicitudot?INS,0,0, HTTP/1.1" 200 12644
186.79.187.178 - - [05/Jun/2017:19:09:24 -0300] "POST /cormun/servlet/trpermisosadjuntos?bc0d203b7d544a68224b85d489d97a3d,18044023,20170605190820,P,,gx-no-cache=1496700618420 HTTP/1.1" 200 90
186.79.187.178 - - [05/Jun/2017:19:09:24 -0300] "GET /cormun/servlet/hpexe_link HTTP/1.1" 200 967
186.79.187.178 - - [05/Jun/2017:19:09:24 -0300] "GET /cormun/servlet/trpermisosgoce HTTP/1.1" 200 10036
186.79.187.178 - - [05/Jun/2017:19:09:24 -0300] "GET /cormun/servlet/trpermisosgoce HTTP/1.1" 200 10033
186.79.187.178 - - [05/Jun/2017:19:09:27 -0300] "GET /cormun/servlet/apermisogoceprn?18044023,P,20170605190820,PU HTTP/1.1" 200 1676
186.103.159.44 - - [05/Jun/2017:19:09:31 -0300] "POST /cormun/servlet/solicitudot?gx-no-cache=1496700625624 HTTP/1.1" 200 3100
186.103.159.44 - - [05/Jun/2017:19:09:32 -0300] "POST /cormun/servlet/solicitudot?bc442a3a0db30812e438277671d3a99c,INS,0,0,,gx-no-cache=1496700626036 HTTP/1.1" 200 9721
186.103.159.44 - - [05/Jun/2017:19:09:33 -0300] "GET /cormun/servlet/solicitudot?4e9dad7d874f08663233015467c744402df212b32afd30784dbfb0d094c92fc2eccabf33b40d2cb620884c484ab37885,gx-no-cache=1496700627128 HTTP/1.1" 200 30
186.79.187.178 - - [05/Jun/2017:19:09:37 -0300] "POST /cormun/servlet/trpermisosgoce?bc0d203b7d544a68224b85d489d97a3d,gx-no-cache=1496700631485 HTTP/1.1" 200 7260
186.79.187.178 - - [05/Jun/2017:19:09:37 -0300] "GET /cormun/static/Shared/jqueryui/images/ui-bg_highlight-soft_100_c6c2c8_1x100.png HTTP/1.1" 404 1117
186.79.187.178 - - [05/Jun/2017:19:09:37 -0300] "GET /cormun/static/Shared/jqueryui/images/ui-icons_82798d_256x240.png HTTP/1.1" 404 1089
186.79.187.178 - - [05/Jun/2017:19:09:37 -0300] "GET /cormun/static/Shared/jqueryui/images/ui-bg_flat_55_fafafa_40x100.png HTTP/1.1" 404 1097
186.79.187.178 - - [05/Jun/2017:19:09:37 -0300] "GET /cormun/static/Shared/jqueryui/images/ui-icons_8d78a5_256x240.png HTTP/1.1" 404 1089
186.79.187.178 - - [05/Jun/2017:19:09:40 -0300] "POST /cormun/servlet/trpermisosgoce?bc0d203b7d544a68224b85d489d97a3d,gx-no-cache=1496700634651 HTTP/1.1" 200 7235
186.79.182.66 - - [05/Jun/2017:19:10:45 -0300] "POST /cormun/servlet/solicitudot?gx-no-cache=1496700430117 HTTP/1.1" 200 30
186.103.159.44 - - [05/Jun/2017:19:10:45 -0300] "POST /cormun/servlet/solicitudot?gx-no-cache=1496700699461 HTTP/1.1" 200 255
186.103.159.44 - - [05/Jun/2017:19:10:47 -0300] "GET /cormun/servlet/solicitudot?4e9dad7d874f08663233015467c7444098b0093f9a80b9438a544655e75d3fe6289642927b6fc66d7d96b00339c06ca217b6361e49a3c9416933aa6d071158ea994d3201972f8099e3294779400b3560b7ae865123088636cd6ccc3d13c77c8748ec0d4e22dc68605df42ec53a7560e68ac93ca75b304299de51ff1f261a2d27d542d525ab204df875b4c988722e23a58678ae6d892c853720672f16707c97cc3b67ee33e310a7e093169bcccca2ae93f9f707d11a2285ace909f2a8aa9afad7a07d1abfde3d2b6658a8b139955a78e1d153ea06cd10cf007ff5472a101006ec32130b7d8e00e9c972bf25af41dc3d6a241ac9eda4c5b7cd1a38cd776adca1cd82e32dc74d97d2526d9d49c798a68ddbde5cc6b757d30210da6d38470d792c67ebac94cb3a3416fc06f62f5341a7f739c889c2edc32d9f89b639a934dd8bca602f8bbb6e9fd97999542f8173aa4e8af48913b5a8e5db280d67dd642c42a5f39252af5232b3734588156673d9db2bc6f1052bfc140ac8c55624f2d3d2af4f192a,gx-no-cache=1496700701360 HTTP/1.1" 200 30
186.103.159.44 - - [05/Jun/2017:19:10:50 -0300] "POST /cormun/servlet/solicitudot?gx-no-cache=1496700704531 HTTP/1.1" 200 30
186.103.159.44 - - [05/Jun/2017:19:10:53 -0300] "GET /cormun/servlet/prcontratosol?8239971,,,,,MD,,gxPopupLevel%3D0%3B HTTP/1.1" 200 5605
186.103.159.44 - - [05/Jun/2017:19:10:53 -0300] "GET /cormun/static/gxcfg.js?201731711522183 HTTP/1.1" 200 953
186.103.159.44 - - [05/Jun/2017:19:10:53 -0300] "GET /cormun/static/Resources/Spanish/PXTools.css?11294912 HTTP/1.1" 200 89042
186.103.159.44 - - [05/Jun/2017:19:10:53 -0300] "GET /cormun/static/Resources/PXToolsGridPrevious.gif HTTP/1.1" 200 369
186.103.159.44 - - [05/Jun/2017:19:10:53 -0300] "GET /cormun/static/Resources/PXToolsGridLast.gif HTTP/1.1" 200 370
186.103.159.44 - - [05/Jun/2017:19:10:53 -0300] "GET /cormun/static/Resources/PXToolsGridFirst.gif HTTP/1.1" 200 379
186.103.159.44 - - [05/Jun/2017:19:10:53 -0300] "GET /cormun/static/Resources/PXToolsGridNext.gif HTTP/1.1" 200 369
186.103.159.44 - - [05/Jun/2017:19:10:53 -0300] "GET /cormun/static/hmpwkw011.js?20175251212473 HTTP/1.1" 200 1968
186.103.159.44 - - [05/Jun/2017:19:11:01 -0300] "POST /cormun/servlet/solicitudot?gx-no-cache=1496700715021 HTTP/1.1" 200 1299
186.103.159.44 - - [05/Jun/2017:19:11:01 -0300] "POST /cormun/servlet/solicitudot?gx-no-cache=1496700715387 HTTP/1.1" 200 38
186.103.159.44 - - [05/Jun/2017:19:11:01 -0300] "GET /cormun/servlet/solicitudot?4e9dad7d874f08663233015467c744408cbccfa5b36a46c12195c125b13c4148a17976882614b3ec460d5dd00cb9449d5812e6789a27b2645474a8ded538f4eade30c4f9d8a64591fe4fd7a863386fa7822b107e66a9796b029cd786975fb44806553b66c1e53d595035701d0b52aa78,gx-no-cache=1496700715446 HTTP/1.1" 200 29
186.103.159.44 - - [05/Jun/2017:19:11:01 -0300] "POST /cormun/servlet/solicitudot?gx-no-cache=1496700715501 HTTP/1.1" 200 1280
186.103.159.44 - - [05/Jun/2017:19:11:07 -0300] "GET /cormun/servlet/trsolicitudot? HTTP/1.1" 200 15573
186.79.182.66 - - [05/Jun/2017:19:11:07 -0300] "POST /cormun/servlet/solicitudot?gx-no-cache=1496700452645 HTTP/1.1" 200 1299
186.79.182.66 - - [05/Jun/2017:19:11:08 -0300] "POST /cormun/servlet/solicitudot?gx-no-cache=1496700452948 HTTP/1.1" 200 41
186.79.182.66 - - [05/Jun/2017:19:11:08 -0300] "POST /cormun/servlet/solicitudot?gx-no-cache=1496700453077 HTTP/1.1" 200 1280
186.79.182.66 - - [05/Jun/2017:19:11:08 -0300] "POST /cormun/servlet/solicitudot?gx-no-cache=1496700453293 HTTP/1.1" 200 30
186.79.182.66 - - [05/Jun/2017:19:11:08 -0300] "POST /cormun/servlet/solicitudot?7d63f0948027233723fa9bc16c34dad6,INS,0,0,,gx-no-cache=1496700453427 HTTP/1.1" 200 11178
186.79.182.66 - - [05/Jun/2017:19:11:09 -0300] "GET /cormun/static/Shared/jqueryui/images/ui-bg_highlight-soft_100_c6c2c8_1x100.png HTTP/1.1" 404 1117
186.79.182.66 - - [05/Jun/2017:19:11:09 -0300] "GET /cormun/static/Shared/jqueryui/images/ui-icons_82798d_256x240.png HTTP/1.1" 404 1089
186.79.182.66 - - [05/Jun/2017:19:11:09 -0300] "GET /cormun/static/Shared/jqueryui/images/ui-bg_flat_55_994d53_40x100.png HTTP/1.1" 404 1097
186.79.182.66 - - [05/Jun/2017:19:11:09 -0300] "GET /cormun/static/Shared/jqueryui/images/ui-icons_ebccce_256x240.png HTTP/1.1" 404 1089
186.79.182.66 - - [05/Jun/2017:19:11:17 -0300] "POST /cormun/servlet/solicitudot?7d63f0948027233723fa9bc16c34dad6,INS,0,0,,gx-no-cache=1496700462455 HTTP/1.1" 200 93
186.79.182.66 - - [05/Jun/2017:19:11:18 -0300] "GET /cormun/servlet/hpexe_return? HTTP/1.1" 200 1007
186.79.182.66 - - [05/Jun/2017:19:11:18 -0300] "GET /cormun/servlet/trsolicitudot HTTP/1.1" 200 9678
186.103.159.44 - - [05/Jun/2017:19:11:19 -0300] "GET /cormun/servlet/trsolicitudot? HTTP/1.1" 200 15573
186.79.182.66 - - [05/Jun/2017:19:11:20 -0300] "GET /cormun/servlet/trsolicitudot HTTP/1.1" 200 9674
186.79.182.66 - - [05/Jun/2017:19:11:27 -0300] "GET /cormun/servlet/solicitudot?INS,0,0, HTTP/1.1" 200 12667
186.103.159.44 - - [05/Jun/2017:19:11:28 -0300] "GET /cormun/servlet/solicitudot?INS,0,0, HTTP/1.1" 200 12644
186.79.182.66 - - [05/Jun/2017:19:11:29 -0300] "GET /cormun/servlet/solicitudot?INS,0,0, HTTP/1.1" 200 12672
186.79.182.66 - - [05/Jun/2017:19:11:35 -0300] "GET /cormun/servlet/prfichaempleado?,MD,,gxPopupLevel%3D0%3B HTTP/1.1" 200 8814
186.103.159.44 - - [05/Jun/2017:19:11:39 -0300] "POST /cormun/servlet/solicitudot?gx-no-cache=1496700753161 HTTP/1.1" 200 3100
186.103.159.44 - - [05/Jun/2017:19:11:39 -0300] "POST /cormun/servlet/solicitudot?bc442a3a0db30812e438277671d3a99c,INS,0,0,,gx-no-cache=1496700753524 HTTP/1.1" 200 9719
186.103.159.44 - - [05/Jun/2017:19:11:40 -0300] "GET /cormun/servlet/solicitudot?4e9dad7d874f08663233015467c744402df212b32afd30784dbfb0d094c92fc2eccabf33b40d2cb620884c484ab37885,gx-no-cache=1496700754604 HTTP/1.1" 200 30
186.103.159.44 - - [05/Jun/2017:19:12:29 -0300] "POST /cormun/servlet/solicitudot?gx-no-cache=1496700803614 HTTP/1.1" 200 255
186.103.159.44 - - [05/Jun/2017:19:12:33 -0300] "GET /cormun/servlet/solicitudot?4e9dad7d874f08663233015467c7444098b0093f9a80b9438a544655e75d3fe6289642927b6fc66d7d96b00339c06ca217b6361e49a3c9416933aa6d071158ea994d3201972f8099e3294779400b3560b7ae865123088636cd6ccc3d13c77c8748ec0d4e22dc68605df42ec53a7560e68ac93ca75b304299de51ff1f261a2d27d542d525ab204df875b4c988722e23a58678ae6d892c853720672f16707c97cc3b67ee33e310a7e093169bcccca2ae93f9f707d11a2285ace909f2a8aa9afad7a07d1abfde3d2b6658a8b139955a78e1d153ea06cd10cf007ff5472a101006ec32130b7d8e00e9c972bf25af41dc3d6a241ac9eda4c5b7cd1a38cd776adca1cd82e32dc74d97d2526d9d49c798a68ddbde5cc6b757d30210da6d38470d792c67ebac94cb3a3416fc06f62f5341a7f739c889c2edc32d9f89b639a934dd8bca602f8bbb6e9fd97999542f8173aa4e8af48913b5a8e5db280d67dd642c42a5f39252af5232b3734588156673d9db2bc6f1052bfc140ac8c55624f2d3d2af4f192a,gx-no-cache=1496700807613 HTTP/1.1" 200 30
186.103.159.44 - - [05/Jun/2017:19:12:37 -0300] "POST /cormun/servlet/solicitudot?gx-no-cache=1496700811513 HTTP/1.1" 200 30
186.103.159.44 - - [05/Jun/2017:19:12:50 -0300] "POST /cormun/servlet/solicitudot?gx-no-cache=1496700824468 HTTP/1.1" 200 1299
186.103.159.44 - - [05/Jun/2017:19:12:50 -0300] "POST /cormun/servlet/solicitudot?gx-no-cache=1496700824790 HTTP/1.1" 200 38
186.79.187.178 - - [05/Jun/2017:19:13:01 -0300] "GET /cormun/servlet/trsolicitudot? HTTP/1.1" 200 12786
186.79.187.178 - - [05/Jun/2017:19:13:01 -0300] "GET /cormun/static/gxcfg.js?20175251233261 HTTP/1.1" 304 -
186.79.187.178 - - [05/Jun/2017:19:13:01 -0300] "GET /cormun/static/trsolicitudot.js?20175251234175 HTTP/1.1" 304 -
186.79.187.178 - - [05/Jun/2017:19:13:02 -0300] "GET /cormun/servlet/trsolicitudot? HTTP/1.1" 200 12786
186.79.187.178 - - [05/Jun/2017:19:13:08 -0300] "GET /cormun/servlet/trsolicitudot? HTTP/1.1" 200 12786
186.79.187.178 - - [05/Jun/2017:19:13:08 -0300] "GET /cormun/servlet/trsolicitudot? HTTP/1.1" 200 12786
186.79.187.178 - - [05/Jun/2017:19:13:10 -0300] "GET /cormun/servlet/solicitudot?INS,0,0, HTTP/1.1" 200 12653
186.79.187.178 - - [05/Jun/2017:19:13:10 -0300] "GET /cormun/static/gxcfg.js?201752522134570 HTTP/1.1" 304 -
186.79.187.178 - - [05/Jun/2017:19:13:10 -0300] "GET /cormun/static/solicitudot.js?201752522134767 HTTP/1.1" 304 -
186.79.187.178 - - [05/Jun/2017:19:13:11 -0300] "GET /cormun/servlet/solicitudot?INS,0,0, HTTP/1.1" 200 12658
186.103.159.44 - - [05/Jun/2017:19:13:16 -0300] "GET /cormun/servlet/solicitudot?4e9dad7d874f08663233015467c744408cbccfa5b36a46c12195c125b13c4148a17976882614b3ec460d5dd00cb9449d5812e6789a27b2645474a8ded538f4eade30c4f9d8a64591fe4fd7a863386fa7822b107e66a9796b029cd786975fb44806553b66c1e53d595035701d0b52aa78,gx-no-cache=1496700850117 HTTP/1.1" 200 29
186.103.159.44 - - [05/Jun/2017:19:13:16 -0300] "POST /cormun/servlet/solicitudot?gx-no-cache=1496700850185 HTTP/1.1" 200 1281
186.103.159.44 - - [05/Jun/2017:19:13:32 -0300] "GET /cormun/static/menuarrow.gif HTTP/1.1" 404 1015
186.103.159.44 - - [05/Jun/2017:19:13:41 -0300] "POST /cormun/servlet/solicitudot?gx-no-cache=1496700875565 HTTP/1.1" 200 33
186.79.187.178 - - [05/Jun/2017:19:13:45 -0300] "POST /cormun/servlet/solicitudot?gx-no-cache=1496700880270 HTTP/1.1" 200 3198
186.79.187.178 - - [05/Jun/2017:19:13:46 -0300] "POST /cormun/servlet/solicitudot?bc0d203b7d544a68224b85d489d97a3d,INS,0,0,,gx-no-cache=1496700880692 HTTP/1.1" 200 9820
186.79.187.178 - - [05/Jun/2017:19:13:50 -0300] "GET /cormun/servlet/solicitudot?a2631f494d5d1a5a626936bbdb8058af36d1a2d91d594eb76af7b2bc9c51e1a8fe0f87f66a845e5a5166207ca7973566,gx-no-cache=1496700884817 HTTP/1.1" 200 30
186.79.187.178 - - [05/Jun/2017:19:13:50 -0300] "POST /cormun/servlet/solicitudot?gx-no-cache=1496700884910 HTTP/1.1" 200 255
186.79.187.178 - - [05/Jun/2017:19:13:50 -0300] "GET /cormun/servlet/solicitudot?a2631f494d5d1a5a626936bbdb8058af854021f737208812c34db05c58b9b9177046b9e781a9b1ec4579ac2eea06fafd72b53d402c3358cef4d4fd822f26bf7cbe6b6bd935c99d5d092fa78a5e6e620ea6d955ec4fd6a789bdfcc6a59e4d0cf9291c14bd1a61a9c63282e3e39b19ed358007d464f925f308ce707b8c08a9b69929886526e36f5e583271b65d422ea6deedeade5e03d497fbfa0e66c4d670d0bc9f8e5af20abf52b6e58b85f162e61d24da177c995648f34f717ae058dd82ca772e324b7ab85578f1fe8fd98fac51ddd1138804257a6cf71e76b9b2f8f49cce8af47a80c2eadfd583ebc4bbfec5006b75ee27df89c08a6fe7a1cdc7fedc415f1101208bd78118ea010b95b2815cd606eda1dbfe5ee3d6037f54f7f554aa14772cf9c4720398df45209ee639e7213b9e5465fabdb1e390b09772db3e148a2523dbbfc1d5f07ff6b93e6a2cccbff560ee01f6d5a10d1faa4ed0cd8609cc8ddfe43288aaa4c071176c018519c8e7ecbc94b53bf33f47bd65233454ff15821cdf5f1e,gx-no-cache=1496700885002 HTTP/1.1" 200 30
186.79.187.178 - - [05/Jun/2017:19:13:55 -0300] "POST /cormun/servlet/solicitudot?gx-no-cache=1496700890767 HTTP/1.1" 200 30
186.79.187.178 - - [05/Jun/2017:19:13:57 -0300] "GET /cormun/servlet/prcontratosol?17138580,,,,,MD,,gxPopupLevel%3D0%3B HTTP/1.1" 200 5949
186.79.187.178 - - [05/Jun/2017:19:13:57 -0300] "GET /cormun/static/gxcfg.js?201731711522183 HTTP/1.1" 200 953
186.79.187.178 - - [05/Jun/2017:19:13:57 -0300] "GET /cormun/static/hmpwkw011.js?20175251212473 HTTP/1.1" 304 -
186.103.159.44 - - [05/Jun/2017:19:13:59 -0300] "POST /cormun/servlet/solicitudot?bc442a3a0db30812e438277671d3a99c,INS,0,0,,gx-no-cache=1496700892745 HTTP/1.1" 200 93
186.103.159.44 - - [05/Jun/2017:19:13:59 -0300] "GET /cormun/servlet/hpexe_return? HTTP/1.1" 200 1006
186.103.159.44 - - [05/Jun/2017:19:13:59 -0300] "GET /cormun/static/Resources/Spanish/PXTools.css?167811 HTTP/1.1" 200 89042
186.79.187.178 - - [05/Jun/2017:19:14:00 -0300] "POST /cormun/servlet/solicitudot?gx-no-cache=1496700895165 HTTP/1.1" 200 1301
186.103.159.44 - - [05/Jun/2017:19:14:00 -0300] "GET /cormun/servlet/trsolicitudot HTTP/1.1" 200 15917
186.79.187.178 - - [05/Jun/2017:19:14:00 -0300] "POST /cormun/servlet/solicitudot?gx-no-cache=1496700895437 HTTP/1.1" 200 38
186.79.187.178 - - [05/Jun/2017:19:14:00 -0300] "GET /cormun/servlet/solicitudot?a2631f494d5d1a5a626936bbdb8058af976a320676762547fe3cebfc767eaa06b3e3f95db3fcefa53d3b6b37a2ca135c362f93f28b515e6e76345a65b669e9c51dbeceb8deeef8687f4cabe51b36aed0447290168fe145be642a01b689ec7dd8f12277750fb659fb05bbc8c3ab945abf18fdb7b8e4945ec6a3e909db4d520abcf8af925ff3a06099b361f664fb7e196f2147abd7aad3461adeb6625b3591fb897261e5c77ba628e7eeddb3037e50949be6d1cb3d36bcfe8f5c00a2ce2987e992f511eec0fb648b48ff53b0eaa7a03c07,gx-no-cache=1496700895641 HTTP/1.1" 200 29
186.79.187.178 - - [05/Jun/2017:19:14:01 -0300] "POST /cormun/servlet/solicitudot?gx-no-cache=1496700895871 HTTP/1.1" 200 1280
186.103.159.44 - - [05/Jun/2017:19:14:22 -0300] "POST /cormun/servlet/trsolicitudot?bc442a3a0db30812e438277671d3a99c,gx-no-cache=1496700915775 HTTP/1.1" 200 13176
186.103.159.44 - - [05/Jun/2017:19:14:24 -0300] "POST /cormun/servlet/trsolicitudot?bc442a3a0db30812e438277671d3a99c,gx-no-cache=1496700918040 HTTP/1.1" 200 13117
186.103.159.44 - - [05/Jun/2017:19:14:26 -0300] "GET /cormun/static/Shared/jqueryui/images/ui-icons_82798d_256x240.png HTTP/1.1" 404 1089
186.103.159.44 - - [05/Jun/2017:19:14:26 -0300] "GET /cormun/static/Shared/jqueryui/images/ui-bg_highlight-soft_100_c6c2c8_1x100.png HTTP/1.1" 404 1117
186.103.159.44 - - [05/Jun/2017:19:14:26 -0300] "GET /cormun/static/Shared/jqueryui/images/ui-icons_8d78a5_256x240.png HTTP/1.1" 404 1089
186.103.159.44 - - [05/Jun/2017:19:14:26 -0300] "GET /cormun/static/Shared/jqueryui/images/ui-bg_flat_55_fafafa_40x100.png HTTP/1.1" 404 1097
192.168.10.89 - - [05/Jun/2017:19:14:36 -0300] "GET /cormun/servlet/hlogin HTTP/1.1" 200 1758
186.103.158.250 - - [05/Jun/2017:19:17:48 -0300] "GET /cormun/servlet/trlicencias? HTTP/1.1" 200 8771
186.103.158.250 - - [05/Jun/2017:19:17:49 -0300] "GET /cormun/static/gxcfg.js?20175222047249 HTTP/1.1" 200 953
186.103.158.250 - - [05/Jun/2017:19:17:49 -0300] "GET /cormun/static/trlicencias.js?201752220473085 HTTP/1.1" 200 40838
186.103.158.250 - - [05/Jun/2017:19:17:50 -0300] "GET /cormun/servlet/trlicencias? HTTP/1.1" 200 8765
186.79.187.178 - - [05/Jun/2017:19:17:59 -0300] "POST /cormun/servlet/solicitudot?bc0d203b7d544a68224b85d489d97a3d,INS,0,0,,gx-no-cache=1496701134124 HTTP/1.1" 200 93
186.79.187.178 - - [05/Jun/2017:19:17:59 -0300] "GET /cormun/servlet/hpexe_return? HTTP/1.1" 200 992
186.103.158.250 - - [05/Jun/2017:19:17:59 -0300] "POST /cormun/servlet/trlicencias?c008e4acbc0cc850e7dcd22e328e85b9,,gx-no-cache=1496701364137 HTTP/1.1" 200 6122
186.79.187.178 - - [05/Jun/2017:19:18:00 -0300] "GET /cormun/servlet/trsolicitudot HTTP/1.1" 200 12790
186.79.187.178 - - [05/Jun/2017:19:18:00 -0300] "GET /cormun/servlet/trsolicitudot HTTP/1.1" 200 12785
186.103.158.250 - - [05/Jun/2017:19:18:01 -0300] "POST /cormun/servlet/trlicencias?c008e4acbc0cc850e7dcd22e328e85b9,,gx-no-cache=1496701366181 HTTP/1.1" 200 6123
186.79.187.178 - - [05/Jun/2017:19:18:03 -0300] "GET /cormun/servlet/solicitudot?INS,0,0, HTTP/1.1" 200 12653
186.79.187.178 - - [05/Jun/2017:19:18:03 -0300] "GET /cormun/servlet/solicitudot?INS,0,0, HTTP/1.1" 200 12658
186.103.158.250 - - [05/Jun/2017:19:18:07 -0300] "POST /cormun/servlet/trlicencias?c008e4acbc0cc850e7dcd22e328e85b9,,gx-no-cache=1496701372241 HTTP/1.1" 200 6121
186.79.187.178 - - [05/Jun/2017:19:18:10 -0300] "POST /cormun/servlet/solicitudot?gx-no-cache=1496701144745 HTTP/1.1" 200 3197
186.79.187.178 - - [05/Jun/2017:19:18:10 -0300] "POST /cormun/servlet/solicitudot?bc0d203b7d544a68224b85d489d97a3d,INS,0,0,,gx-no-cache=1496701145170 HTTP/1.1" 200 9805
186.79.187.178 - - [05/Jun/2017:19:18:12 -0300] "GET /cormun/servlet/solicitudot?a2631f494d5d1a5a626936bbdb8058af1711bd168ddc205b523f9ebdd436e955fe0f87f66a845e5a5166207ca7973566,gx-no-cache=1496701147305 HTTP/1.1" 200 30
186.79.187.178 - - [05/Jun/2017:19:18:12 -0300] "POST /cormun/servlet/solicitudot?gx-no-cache=1496701147383 HTTP/1.1" 200 255
186.79.187.178 - - [05/Jun/2017:19:18:12 -0300] "GET /cormun/servlet/solicitudot?a2631f494d5d1a5a626936bbdb8058af854021f737208812c34db05c58b9b9177046b9e781a9b1ec4579ac2eea06fafd72b53d402c3358cef4d4fd822f26bf7cbe6b6bd935c99d5d092fa78a5e6e620ea6d955ec4fd6a789bdfcc6a59e4d0cf9291c14bd1a61a9c63282e3e39b19ed358007d464f925f308ce707b8c08a9b69929886526e36f5e583271b65d422ea6deedeade5e03d497fbfa0e66c4d670d0bc9f8e5af20abf52b6e58b85f162e61d24da177c995648f34f717ae058dd82ca772e324b7ab85578f1fe8fd98fac51ddd1138804257a6cf71e76b9b2f8f49cce8af47a80c2eadfd583ebc4bbfec5006b75ee27df89c08a6fe7a1cdc7fedc415f1101208bd78118ea010b95b2815cd606eda1dbfe5ee3d6037f54f7f554aa14772cf9c4720398df45209ee639e7213b9e5465fabdb1e390b09772db3e148a2523dbbfc1d5f07ff6b93e6a2cccbff560ee01f6d5a10d1faa4ed0cd8609cc8ddfe43288aaa4c071176c018519c8e7ecbc94b53bf33f47bd65233454ff15821cdf5f1e,gx-no-cache=1496701147476 HTTP/1.1" 200 30
186.79.187.178 - - [05/Jun/2017:19:18:14 -0300] "POST /cormun/servlet/solicitudot?gx-no-cache=1496701149218 HTTP/1.1" 200 30
186.103.158.250 - - [05/Jun/2017:19:18:14 -0300] "GET /cormun/servlet/trlicencias? HTTP/1.1" 200 8765
186.79.187.178 - - [05/Jun/2017:19:18:15 -0300] "GET /cormun/servlet/prcontratosol?18044023,,,,,MD,,gxPopupLevel%3D0%3B HTTP/1.1" 200 5951
186.103.158.250 - - [05/Jun/2017:19:18:16 -0300] "GET /cormun/servlet/trlicencias? HTTP/1.1" 200 8765
186.79.187.178 - - [05/Jun/2017:19:18:17 -0300] "POST /cormun/servlet/solicitudot?gx-no-cache=1496701152417 HTTP/1.1" 200 1301
186.79.187.178 - - [05/Jun/2017:19:18:17 -0300] "POST /cormun/servlet/solicitudot?gx-no-cache=1496701152537 HTTP/1.1" 200 38
186.79.187.178 - - [05/Jun/2017:19:18:17 -0300] "GET /cormun/servlet/solicitudot?a2631f494d5d1a5a626936bbdb8058af976a320676762547fe3cebfc767eaa06b3e3f95db3fcefa53d3b6b37a2ca135c362f93f28b515e6e76345a65b669e9c51dbeceb8deeef8687f4cabe51b36aed0447290168fe145be642a01b689ec7dd8f12277750fb659fb05bbc8c3ab945abf18fdb7b8e4945ec6a3e909db4d520abcf8af925ff3a06099b361f664fb7e196f2147abd7aad3461adeb6625b3591fb897261e5c77ba628e7eeddb3037e50949be6d1cb3d36bcfe8f5c00a2ce2987e992f511eec0fb648b48ff53b0eaa7a03c07,gx-no-cache=1496701152622 HTTP/1.1" 200 29
186.79.187.178 - - [05/Jun/2017:19:18:17 -0300] "POST /cormun/servlet/solicitudot?gx-no-cache=1496701152693 HTTP/1.1" 200 1280
186.103.158.250 - - [05/Jun/2017:19:18:32 -0300] "POST /cormun/servlet/trlicencias?c008e4acbc0cc850e7dcd22e328e85b9,,gx-no-cache=1496701396742 HTTP/1.1" 200 6117
186.79.187.178 - - [05/Jun/2017:19:18:34 -0300] "POST /cormun/servlet/solicitudot?gx-no-cache=1496701168877 HTTP/1.1" 200 1280
186.79.187.178 - - [05/Jun/2017:19:18:34 -0300] "GET /cormun/static/menuarrow.gif HTTP/1.1" 404 1015
186.79.187.178 - - [05/Jun/2017:19:18:35 -0300] "POST /cormun/servlet/solicitudot?gx-no-cache=1496701170550 HTTP/1.1" 200 1280
46.174.191.28 - - [05/Jun/2017:19:18:44 -0300] "GET / HTTP/1.0" 200 11197
186.79.187.178 - - [05/Jun/2017:19:18:52 -0300] "POST /cormun/servlet/solicitudot?gx-no-cache=1496701187783 HTTP/1.1" 200 30
186.103.158.250 - - [05/Jun/2017:19:18:53 -0300] "GET /cormun/servlet/licenciaspermisos?INS,0,,, HTTP/1.1" 200 7403
186.103.158.250 - - [05/Jun/2017:19:18:53 -0300] "GET /cormun/static/gxcfg.js?201752220471843 HTTP/1.1" 200 953
186.103.158.250 - - [05/Jun/2017:19:18:53 -0300] "GET /cormun/static/licenciaspermisos.js?201752220471934 HTTP/1.1" 200 35774
186.103.158.250 - - [05/Jun/2017:19:18:55 -0300] "GET /cormun/servlet/licenciaspermisos?INS,0,,, HTTP/1.1" 200 7403
186.79.187.178 - - [05/Jun/2017:19:19:08 -0300] "POST /cormun/servlet/solicitudot?bc0d203b7d544a68224b85d489d97a3d,INS,0,0,,gx-no-cache=1496701202716 HTTP/1.1" 200 93
186.79.187.178 - - [05/Jun/2017:19:19:08 -0300] "GET /cormun/servlet/hpexe_return? HTTP/1.1" 200 992
186.79.187.178 - - [05/Jun/2017:19:19:08 -0300] "GET /cormun/servlet/trsolicitudot HTTP/1.1" 200 13282
186.79.187.178 - - [05/Jun/2017:19:19:09 -0300] "GET /cormun/servlet/trsolicitudot HTTP/1.1" 200 13277
186.103.158.250 - - [05/Jun/2017:19:19:21 -0300] "GET /cormun/servlet/licenciaspermisos?1a8b62f22edd4cc6bf51ecc88157573866b83ace9b330472e747ac1d8944f2cb5b6acb0e986f123b19a8dc06c3355843,gx-no-cache=1496701446038 HTTP/1.1" 200 92
186.103.158.250 - - [05/Jun/2017:19:19:21 -0300] "POST /cormun/servlet/licenciaspermisos?c008e4acbc0cc850e7dcd22e328e85b9,INS,0,,,,gx-no-cache=1496701446127 HTTP/1.1" 200 4694
157.55.39.155 - - [05/Jun/2017:19:21:27 -0300] "GET /cormun/servlet/hpexe_return HTTP/1.1" 200 1030
186.103.158.250 - - [05/Jun/2017:19:22:16 -0300] "GET /cormun/static/menuarrow.gif HTTP/1.1" 404 1015
186.103.158.250 - - [05/Jun/2017:19:27:05 -0300] "GET /cormun/servlet/licenciaspermisos?1a8b62f22edd4cc6bf51ecc881575738905db7fcf68996b7aedb191ef81eaa4cd0a4bde8c21d20fbf660d7aac1d0f87f7559f965ebab3148c42f8e81efca3a591a433656e69bff931fc77be11c0aa2cc5d9ff8c3d486f1b7908f431d06cf3f689e7efc7492fe34a9d90f53dc69b624c8f95f004f1cebd02a3658f7fee3b41f7ae4e0a038be5daa83bd417e2f245f43b02e0c977c626e8820b845494d92e1b01b97bbddccae96faf44350403e40673992,gx-no-cache=1496701910399 HTTP/1.1" 200 30
186.103.158.250 - - [05/Jun/2017:19:27:06 -0300] "POST /cormun/servlet/licenciaspermisos?c008e4acbc0cc850e7dcd22e328e85b9,INS,0,,,,gx-no-cache=1496701910488 HTTP/1.1" 200 4780
186.103.158.250 - - [05/Jun/2017:19:28:41 -0300] "GET /cormun/servlet/licenciaspermisos?1a8b62f22edd4cc6bf51ecc881575738107e3fec0648438f378cca56d4fc96cc6c92db11a6c266af10364e418dd24bd96c788ff0458e4031c508606717f142386a0cdf4962c40f4d492e7f2152a90605322c9bd08cc3a2b1004cdc2951d123c69b02bfad32e9b4e377ff2c99cc8a7be89af33df3ebadc516f7684251c13c6f4f179ee6d684537b676ab3bf4585f6986eccdedde8145ab83a4c6b130a869af2375befd4ad4ec851abf28107bf73eef56f6f30d88aab774a12757b7841bc4049b7ab681264561d7b81da06e01fe8a2c86cbcd650f5fe0ccbe8e7ec53270a0ef9ff3447a5372540ad5d462c736c8e698d68,gx-no-cache=1496702005227 HTTP/1.1" 200 29
186.103.158.250 - - [05/Jun/2017:19:28:41 -0300] "POST /cormun/servlet/licenciaspermisos?c008e4acbc0cc850e7dcd22e328e85b9,INS,0,,,,gx-no-cache=1496702005597 HTTP/1.1" 200 93
186.103.158.250 - - [05/Jun/2017:19:28:41 -0300] "GET /cormun/servlet/hpexe_return? HTTP/1.1" 200 1009
186.103.158.250 - - [05/Jun/2017:19:28:42 -0300] "GET /cormun/servlet/trlicencias? HTTP/1.1" 200 9169
186.103.158.250 - - [05/Jun/2017:19:28:43 -0300] "GET /cormun/servlet/trlicencias? HTTP/1.1" 200 9164
186.103.158.250 - - [05/Jun/2017:19:34:09 -0300] "GET /cormun/servlet/trlicenciaspermisosadjuntos?16223503,20170605000000,L, HTTP/1.1" 200 6321
186.103.158.250 - - [05/Jun/2017:19:34:09 -0300] "GET /cormun/static/gxcfg.js?20175251265349 HTTP/1.1" 200 953
186.103.158.250 - - [05/Jun/2017:19:34:09 -0300] "GET /cormun/static/trlicenciaspermisosadjuntos.js?2017525126577 HTTP/1.1" 200 21036
186.103.158.250 - - [05/Jun/2017:19:34:10 -0300] "GET /cormun/servlet/trlicenciaspermisosadjuntos?16223503,20170605000000,L, HTTP/1.1" 200 6322
186.103.158.250 - - [05/Jun/2017:19:34:14 -0300] "GET /cormun/servlet/licenciaspermisosadjuntos?INS,16223503,L,20170605000000,, HTTP/1.1" 200 5621
186.103.158.250 - - [05/Jun/2017:19:34:14 -0300] "GET /cormun/static/gxcfg.js?201752511544364 HTTP/1.1" 200 953
186.103.158.250 - - [05/Jun/2017:19:34:14 -0300] "GET /cormun/static/licenciaspermisosadjuntos.js?201752511544378 HTTP/1.1" 200 8760
186.103.158.250 - - [05/Jun/2017:19:34:14 -0300] "GET /cormun/static/about:blank HTTP/1.1" 404 1011
186.103.158.250 - - [05/Jun/2017:19:34:15 -0300] "GET /cormun/servlet/licenciaspermisosadjuntos?INS,16223503,L,20170605000000,, HTTP/1.1" 200 5610
186.103.158.250 - - [05/Jun/2017:19:35:19 -0300] "POST /cormun/servlet/licenciaspermisosadjuntos?c008e4acbc0cc850e7dcd22e328e85b9,INS,16223503,L,20170605000000,, HTTP/1.1" 200 116
186.103.158.250 - - [05/Jun/2017:19:35:19 -0300] "GET /cormun/servlet/hpexe_return? HTTP/1.1" 200 1038
186.103.158.250 - - [05/Jun/2017:19:35:20 -0300] "GET /cormun/servlet/trlicenciaspermisosadjuntos?16223503,20170605000000,L, HTTP/1.1" 200 6790
186.103.158.250 - - [05/Jun/2017:19:35:22 -0300] "GET /cormun/servlet/trlicenciaspermisosadjuntos?16223503,20170605000000,L, HTTP/1.1" 200 6786
186.103.158.250 - - [05/Jun/2017:19:35:22 -0300] "GET /cormun/PublicTempStorage/licencia_213568505.jpg HTTP/1.1" 200 1094194
186.103.158.250 - - [05/Jun/2017:19:35:33 -0300] "GET /cormun/servlet/trlicencias? HTTP/1.1" 200 9165
186.103.158.250 - - [05/Jun/2017:19:35:35 -0300] "GET /cormun/servlet/trlicencias? HTTP/1.1" 200 9164
186.103.158.250 - - [05/Jun/2017:19:35:54 -0300] "POST /cormun/servlet/trlicencias?c008e4acbc0cc850e7dcd22e328e85b9,,gx-no-cache=1496702438572 HTTP/1.1" 200 6522
186.103.158.250 - - [05/Jun/2017:19:35:54 -0300] "GET /cormun/static/Shared/jqueryui/images/ui-bg_highlight-soft_100_c6c2c8_1x100.png HTTP/1.1" 404 1117
186.103.158.250 - - [05/Jun/2017:19:35:54 -0300] "GET /cormun/static/Shared/jqueryui/images/ui-icons_82798d_256x240.png HTTP/1.1" 404 1089
186.103.158.250 - - [05/Jun/2017:19:35:54 -0300] "GET /cormun/static/Shared/jqueryui/images/ui-bg_flat_55_fafafa_40x100.png HTTP/1.1" 404 1097
186.103.158.250 - - [05/Jun/2017:19:35:54 -0300] "GET /cormun/static/Shared/jqueryui/images/ui-icons_8d78a5_256x240.png HTTP/1.1" 404 1089
186.103.158.250 - - [05/Jun/2017:19:36:48 -0300] "GET /cormun/servlet/hlogin HTTP/1.1" 200 1717
186.103.158.250 - - [05/Jun/2017:19:37:26 -0300] "POST /cormun/servlet/hlogin?c008e4acbc0cc850e7dcd22e328e85b9,gx-no-cache=1496702530891 HTTP/1.1" 200 90
186.103.158.250 - - [05/Jun/2017:19:37:26 -0300] "GET /cormun/servlet/hpexe_link HTTP/1.1" 200 953
186.103.158.250 - - [05/Jun/2017:19:37:26 -0300] "GET /cormun/servlet/trlicencias? HTTP/1.1" 200 9094
186.103.158.250 - - [05/Jun/2017:19:37:28 -0300] "GET /cormun/servlet/trlicencias? HTTP/1.1" 200 9092
186.103.158.250 - - [05/Jun/2017:19:38:38 -0300] "POST /cormun/servlet/trlicencias?c008e4acbc0cc850e7dcd22e328e85b9,,gx-no-cache=1496702602600 HTTP/1.1" 200 6490
186.103.158.250 - - [05/Jun/2017:19:39:02 -0300] "GET /cormun/servlet/alicenciaprn?16223503,L,20170605000000,PU HTTP/1.1" 200 1569
157.55.39.155 - - [05/Jun/2017:19:40:40 -0300] "GET /cormun/static/Resources/Spanish/PXTools.css?167811 HTTP/1.1" 200 89042
157.55.39.155 - - [05/Jun/2017:19:40:41 -0300] "GET /cormun/static/hpexe_return.js?2016101716175153 HTTP/1.1" 200 1633
190.107.226.26 - - [05/Jun/2017:20:19:56 -0300] "GET /cormun/servlet/hlogin HTTP/1.1" 200 1724
190.107.226.26 - - [05/Jun/2017:20:19:56 -0300] "GET /cormun/static/gxcfg.js?20175251213516 HTTP/1.1" 200 953
190.107.226.26 - - [05/Jun/2017:20:19:56 -0300] "GET /cormun/static/gxtimezone.js?85251 HTTP/1.1" 200 5781
190.107.226.26 - - [05/Jun/2017:20:19:57 -0300] "GET /cormun/static/Resources/Spanish/PXTools.css?11423723 HTTP/1.1" 200 89042
190.107.226.26 - - [05/Jun/2017:20:19:57 -0300] "GET /cormun/static/messages.spa.js?85251 HTTP/1.1" 200 30736
190.107.226.26 - - [05/Jun/2017:20:19:57 -0300] "GET /cormun/static/hlogin.js?20175251213537 HTTP/1.1" 200 2136
190.107.226.26 - - [05/Jun/2017:20:19:58 -0300] "GET /cormun/static/Resources/ComunLogin.png HTTP/1.1" 200 17326
190.107.226.26 - - [05/Jun/2017:20:19:58 -0300] "GET /cormun/static/gxgral.js?85251 HTTP/1.1" 200 384558
190.107.226.26 - - [05/Jun/2017:20:19:59 -0300] "GET /cormun/static/Resources/PXToolsLoginTop.png HTTP/1.1" 200 1337
190.107.226.26 - - [05/Jun/2017:20:19:59 -0300] "GET /cormun/static/Resources/PXToolsLoginBackground.png HTTP/1.1" 200 1164
190.107.226.26 - - [05/Jun/2017:20:19:59 -0300] "GET /cormun/static/Resources/PXToolsButtonLeft21.png HTTP/1.1" 200 1287
190.107.226.26 - - [05/Jun/2017:20:19:59 -0300] "GET /cormun/static/Resources/PXToolsButtonRight21.png HTTP/1.1" 200 1283
190.107.226.26 - - [05/Jun/2017:20:19:59 -0300] "GET /cormun/static/Resources/PXToolsButtonBackground2.png HTTP/1.1" 200 1181
190.107.226.26 - - [05/Jun/2017:20:19:59 -0300] "GET /cormun/static/Resources/PXToolsLoginBottom.png HTTP/1.1" 200 1389
190.107.226.26 - - [05/Jun/2017:20:19:59 -0300] "GET /cormun/static/Resources/indicator.gif HTTP/1.1" 200 1553
190.107.226.26 - - [05/Jun/2017:20:19:59 -0300] "GET /cormun/servlet/hlogin HTTP/1.1" 200 1732
190.107.226.26 - - [05/Jun/2017:20:20:00 -0300] "GET /favicon.ico HTTP/1.1" 200 21630
200.83.56.139 - - [05/Jun/2017:21:12:59 -0300] "GET /cormun/servlet/hlogin HTTP/1.1" 200 1720
200.83.56.139 - - [05/Jun/2017:21:13:02 -0300] "POST /cormun/servlet/hlogin?c79870ec25da0041a30530d6ce0527d1,gx-no-cache=1496708037448 HTTP/1.1" 200 90
200.83.56.139 - - [05/Jun/2017:21:13:02 -0300] "GET /cormun/servlet/hpexe_link HTTP/1.1" 200 947
200.83.56.139 - - [05/Jun/2017:21:13:02 -0300] "GET /cormun/servlet/hhome HTTP/1.1" 200 3773
200.83.56.139 - - [05/Jun/2017:21:13:03 -0300] "GET /cormun/servlet/hhome HTTP/1.1" 200 3771
200.83.56.139 - - [05/Jun/2017:21:13:41 -0300] "GET /cormun/servlet/trsolicitudot? HTTP/1.1" 200 17335
200.83.56.139 - - [05/Jun/2017:21:13:42 -0300] "GET /cormun/servlet/trsolicitudot? HTTP/1.1" 200 17334
200.73.229.155 - - [05/Jun/2017:21:16:44 -0300] "GET /cormun/servlet/hlogin HTTP/1.1" 200 1721
200.73.229.155 - - [05/Jun/2017:21:16:44 -0300] "GET /cormun/static/gxtimezone.js?85251 HTTP/1.1" 200 5781
200.73.229.155 - - [05/Jun/2017:21:16:44 -0300] "GET /cormun/static/Resources/Spanish/PXTools.css?11423723 HTTP/1.1" 200 89042
200.73.229.155 - - [05/Jun/2017:21:16:44 -0300] "GET /cormun/static/gxgral.js?85251 HTTP/1.1" 304 -
200.73.229.155 - - [05/Jun/2017:21:16:44 -0300] "GET /cormun/static/gxcfg.js?20175251213516 HTTP/1.1" 200 953
200.73.229.155 - - [05/Jun/2017:21:16:44 -0300] "GET /cormun/static/Resources/ComunLogin.png HTTP/1.1" 304 -
200.73.229.155 - - [05/Jun/2017:21:16:44 -0300] "GET /cormun/static/hlogin.js?20175251213537 HTTP/1.1" 200 2136
200.73.229.155 - - [05/Jun/2017:21:16:44 -0300] "GET /cormun/static/messages.spa.js?85251 HTTP/1.1" 200 30736
200.73.229.155 - - [05/Jun/2017:21:16:44 -0300] "GET /cormun/static/Resources/PXToolsLoginTop.png HTTP/1.1" 304 -
200.73.229.155 - - [05/Jun/2017:21:16:44 -0300] "GET /cormun/static/Resources/PXToolsLoginBackground.png HTTP/1.1" 304 -
200.73.229.155 - - [05/Jun/2017:21:16:44 -0300] "GET /cormun/static/Resources/PXToolsButtonLeft21.png HTTP/1.1" 304 -
200.73.229.155 - - [05/Jun/2017:21:16:44 -0300] "GET /cormun/static/Resources/PXToolsButtonRight21.png HTTP/1.1" 304 -
200.73.229.155 - - [05/Jun/2017:21:16:44 -0300] "GET /cormun/static/Resources/PXToolsButtonBackground2.png HTTP/1.1" 304 -
200.73.229.155 - - [05/Jun/2017:21:16:44 -0300] "GET /cormun/static/Resources/PXToolsLoginBottom.png HTTP/1.1" 304 -
200.73.229.155 - - [05/Jun/2017:21:16:44 -0300] "GET /cormun/servlet/hlogin HTTP/1.1" 200 1732
200.73.229.155 - - [05/Jun/2017:21:16:44 -0300] "GET /cormun/static/Resources/indicator.gif HTTP/1.1" 304 -
200.73.229.155 - - [05/Jun/2017:21:17:17 -0300] "POST /cormun/servlet/hlogin?9a538babd055b8a4fc2043f7a40c8ca2,gx-no-cache=1496708291660 HTTP/1.1" 200 446
200.73.229.155 - - [05/Jun/2017:21:19:57 -0300] "POST /cormun/servlet/hlogin?9a538babd055b8a4fc2043f7a40c8ca2,gx-no-cache=1496708451902 HTTP/1.1" 200 90
200.73.229.155 - - [05/Jun/2017:21:19:57 -0300] "GET /cormun/servlet/hpexe_link HTTP/1.1" 200 954
200.73.229.155 - - [05/Jun/2017:21:19:57 -0300] "GET /cormun/static/gxcfg.js?20175251212395 HTTP/1.1" 200 953
200.73.229.155 - - [05/Jun/2017:21:19:57 -0300] "GET /cormun/static/hpexe_link.js?20175251212399 HTTP/1.1" 200 625
200.73.229.155 - - [05/Jun/2017:21:19:57 -0300] "GET /cormun/servlet/hhome HTTP/1.1" 200 3920
200.73.229.155 - - [05/Jun/2017:21:19:58 -0300] "GET /cormun/static/gxcfg.js?20175251212442 HTTP/1.1" 200 953
200.73.229.155 - - [05/Jun/2017:21:19:58 -0300] "GET /cormun/static/Shared/ext/locale/ext-lang-en.js HTTP/1.1" 200 10940
200.73.229.155 - - [05/Jun/2017:21:19:58 -0300] "GET /cormun/static/hhome.js?20175251212450 HTTP/1.1" 200 777
200.73.229.155 - - [05/Jun/2017:21:19:58 -0300] "GET /cormun/static/hwchdr01.js?201752511465785 HTTP/1.1" 200 1183
200.73.229.155 - - [05/Jun/2017:21:19:58 -0300] "GET /cormun/static/hpexe_recentlink.js?201610171694390 HTTP/1.1" 200 2144
200.73.229.155 - - [05/Jun/2017:21:19:58 -0300] "GET /cormun/static/hpexe_scripts.js?201752511465715 HTTP/1.1" 200 1544
200.73.229.155 - - [05/Jun/2017:21:19:58 -0300] "GET /cormun/static/hpexe_messagecontroller.js?201610171694323 HTTP/1.1" 200 870
200.73.229.155 - - [05/Jun/2017:21:19:59 -0300] "GET /cormun/static/cmcontrolpreferences.js?201752511465670 HTTP/1.1" 200 1375
200.73.229.155 - - [05/Jun/2017:21:19:59 -0300] "GET /cormun/static/hpexe_messagegenexuscomponent.js?201752511465344 HTTP/1.1" 200 587
200.73.229.155 - - [05/Jun/2017:21:19:59 -0300] "GET /cormun/static/hpexe_messagepopupcomponent.js?20161017169425 HTTP/1.1" 200 605
200.73.229.155 - - [05/Jun/2017:21:19:59 -0300] "GET /cormun/static/hmpwkw03.js?2017525121347 HTTP/1.1" 200 3965
200.73.229.155 - - [05/Jun/2017:21:20:05 -0300] "GET /cormun/servlet/trautorizarsolicitud? HTTP/1.1" 200 8472
200.73.229.155 - - [05/Jun/2017:21:20:05 -0300] "GET /cormun/static/gxcfg.js?20174261241362 HTTP/1.1" 200 953
200.73.229.155 - - [05/Jun/2017:21:20:05 -0300] "GET /cormun/static/calendar.js?85251 HTTP/1.1" 200 26246
200.73.229.155 - - [05/Jun/2017:21:20:05 -0300] "GET /cormun/static/calendar-setup.js?85251 HTTP/1.1" 200 2588
200.73.229.155 - - [05/Jun/2017:21:20:05 -0300] "GET /cormun/static/calendar-es.js?85251 HTTP/1.1" 200 1901
200.73.229.155 - - [05/Jun/2017:21:20:05 -0300] "GET /cormun/static/Resources/Spanish/PXTools.css?11294912 HTTP/1.1" 200 89042
200.73.229.155 - - [05/Jun/2017:21:20:06 -0300] "GET /cormun/static/gxdec.js?85251 HTTP/1.1" 200 19579
200.73.229.155 - - [05/Jun/2017:21:20:06 -0300] "GET /cormun/static/trautorizarsolicitud.js?201742612414370 HTTP/1.1" 200 53910
200.73.229.155 - - [05/Jun/2017:21:20:21 -0300] "POST /cormun/servlet/trautorizarsolicitud?9a538babd055b8a4fc2043f7a40c8ca2,,gx-no-cache=1496708475290 HTTP/1.1" 200 5449
200.73.229.155 - - [05/Jun/2017:21:20:21 -0300] "POST /cormun/servlet/trautorizarsolicitud?9a538babd055b8a4fc2043f7a40c8ca2,,gx-no-cache=1496708475930 HTTP/1.1" 200 5393
200.73.229.155 - - [05/Jun/2017:21:20:22 -0300] "GET /cormun/static/Shared/jqueryui/images/ui-icons_8d78a5_256x240.png HTTP/1.1" 404 1089
200.73.229.155 - - [05/Jun/2017:21:20:22 -0300] "GET /cormun/static/Shared/jqueryui/images/ui-bg_flat_55_fafafa_40x100.png HTTP/1.1" 404 1097
200.73.229.155 - - [05/Jun/2017:21:20:22 -0300] "GET /cormun/static/Shared/jqueryui/images/ui-bg_highlight-soft_100_c6c2c8_1x100.png HTTP/1.1" 404 1117
200.73.229.155 - - [05/Jun/2017:21:20:22 -0300] "GET /cormun/static/Shared/jqueryui/images/ui-icons_82798d_256x240.png HTTP/1.1" 404 1089
200.73.229.155 - - [05/Jun/2017:21:20:23 -0300] "POST /cormun/servlet/trautorizarsolicitud?9a538babd055b8a4fc2043f7a40c8ca2,,gx-no-cache=1496708477816 HTTP/1.1" 200 4323
200.73.229.155 - - [05/Jun/2017:21:20:24 -0300] "POST /cormun/servlet/trautorizarsolicitud?9a538babd055b8a4fc2043f7a40c8ca2,,gx-no-cache=1496708478428 HTTP/1.1" 200 4100
200.83.56.139 - - [05/Jun/2017:21:26:02 -0300] "GET /cormun/servlet/trsolicitudot? HTTP/1.1" 200 17334
200.83.56.139 - - [05/Jun/2017:21:26:04 -0300] "GET /cormun/servlet/trsolicitudot? HTTP/1.1" 200 17334
200.83.56.139 - - [05/Jun/2017:21:26:11 -0300] "GET /cormun/servlet/solicitudot?INS,0,0, HTTP/1.1" 200 12628
200.83.56.139 - - [05/Jun/2017:21:26:12 -0300] "GET /cormun/servlet/solicitudot?INS,0,0, HTTP/1.1" 200 12633
200.83.56.139 - - [05/Jun/2017:21:26:24 -0300] "POST /cormun/servlet/solicitudot?gx-no-cache=1496708839633 HTTP/1.1" 200 3158
200.83.56.139 - - [05/Jun/2017:21:26:24 -0300] "GET /cormun/static/Shared/jqueryui/images/ui-bg_highlight-soft_100_c6c2c8_1x100.png HTTP/1.1" 404 1117
200.83.56.139 - - [05/Jun/2017:21:26:24 -0300] "GET /cormun/static/Shared/jqueryui/images/ui-icons_82798d_256x240.png HTTP/1.1" 404 1089
200.83.56.139 - - [05/Jun/2017:21:26:24 -0300] "GET /cormun/static/Shared/jqueryui/images/ui-bg_flat_55_994d53_40x100.png HTTP/1.1" 404 1097
200.83.56.139 - - [05/Jun/2017:21:26:24 -0300] "GET /cormun/static/Shared/jqueryui/images/ui-icons_ebccce_256x240.png HTTP/1.1" 404 1089
200.83.56.139 - - [05/Jun/2017:21:26:24 -0300] "GET /cormun/servlet/solicitudot?760b2c943a9fcfd4039f31f40e7205443434b81c9c5ae5757ca0a4586a56a090,gx-no-cache=1496708839889 HTTP/1.1" 200 111
200.83.56.139 - - [05/Jun/2017:21:26:25 -0300] "GET /cormun/servlet/solicitudot?760b2c943a9fcfd4039f31f40e72054444ffe143800a2afb17aeba4a80cd42b7cac9b00d6bdb402a7d63f7aa00de7935cebda734d50c1010f656b35dd31df6ca163fea38a18e8204feb6136eb979c08396e94eb35525ff03563cf7108a309bde5f5e73230d2b7b55ee4ad3c7f5bf8273bbdcc37e784af57c8c5530d5eea4353d7ba3020aad88b807763b555a99d13cd8719a4fd474f5aa20fe9245a49f3b2fc359036767f8e17e689793a7d31c166f6de42f49b64f2c1ecfc9c75333b80e63fab6f89b21d4cbf1c03f45abf288df007734f15b41a1b32e51c5810089c1e70387ff096ae9e67bdc55f81946b42bb0e468507110ac838da7add3c901f51dd6a755bde7324c3fdd88de3c8d2a56f8244e4c6213f1ef8f9b00b92182461286bc25e1292fd1c9e99083817fb9eda7abb92b117821be32d0473b0012d2a687d0af712012eddd181307a810ae1c80d32d280713,gx-no-cache=1496708840689 HTTP/1.1" 200 297
200.83.56.139 - - [05/Jun/2017:21:26:26 -0300] "GET /cormun/servlet/solicitudot?760b2c943a9fcfd4039f31f40e720544e9dd518551a651ed3eb27e584270748adb810927a374a362e9971e673cdf10d6ab04760570e908bc7b85f8fa9e26106b8395226841f8db9e1ae509cb9d83664076227996c007991bc8dfa09bff86cd097b1f6e6ec3621e242cd02cf1b94c213156fef145da5ae8061949b4f915f66afd204690579b8d1fdcff347e6768fcfedef4d857b78f43e2435ea01f3b8363583a122c16d94b72ff7e76fc36198c8b70fe374c493b3025bc399124207e05c3d105afdb1a7cac9d3f4582b084cee016eebda63ec5fd2499b8b6a153a063b9f358be9615ffb513ad5b4375272c45fa38ee419125991cb50d24b39c55d067989734921de4cd9c8354a99deb812e9aa76bec82a72fc2c833b5c14613be1125bd7edb80216b484df0d087bf36ef9022e118d9ef1513ed1ea7f591cd71fa7d29acba3a14cba2c78d62e241033eeb38af81ccb0b81ee0f47989d01438c5e1b824b18f9bf12f66748f1fccac7abe7893b3badc4474f03425b5fffe99de2ae1c92cb94adc5f689c9f4ff552737893456cd09bbbc802,gx-no-cache=1496708841872 HTTP/1.1" 200 30
200.83.56.139 - - [05/Jun/2017:21:26:26 -0300] "POST /cormun/servlet/solicitudot?gx-no-cache=1496708841921 HTTP/1.1" 200 30
200.83.56.139 - - [05/Jun/2017:21:26:26 -0300] "POST /cormun/servlet/solicitudot?gx-no-cache=1496708841972 HTTP/1.1" 200 1296
200.83.56.139 - - [05/Jun/2017:21:26:26 -0300] "POST /cormun/servlet/solicitudot?gx-no-cache=1496708842043 HTTP/1.1" 200 38
200.83.56.139 - - [05/Jun/2017:21:27:23 -0300] "GET /cormun/servlet/trlicencias? HTTP/1.1" 200 17476
200.83.56.139 - - [05/Jun/2017:21:27:25 -0300] "GET /cormun/servlet/trlicencias? HTTP/1.1" 200 17465
200.83.56.139 - - [05/Jun/2017:21:28:02 -0300] "GET /cormun/servlet/licenciaspermisos?DSP,5607307,L,20170531000000, HTTP/1.1" 200 6796
200.83.56.139 - - [05/Jun/2017:21:28:03 -0300] "GET /cormun/servlet/licenciaspermisos?DSP,5607307,L,20170531000000, HTTP/1.1" 200 6796
