186.67.172.234 - - [01/Jun/2017:10:46:02 -0300] "GET /cormun/servlet/permisogoce?INS,0,,, HTTP/1.1" 200 6883
186.79.158.127 - - [01/Jun/2017:10:46:08 -0300] "GET /cormun/servlet/solicitudotadjuntos?f8da6b879cd2a47ee6996e4a95fc2bf72a5df7621de830a1a5dbfe8fa751b1b9,gx-no-cache=1496324827881 HTTP/1.1" 200 30
186.79.158.127 - - [01/Jun/2017:10:46:08 -0300] "GET /cormun/servlet/solicitudotadjuntos?f8da6b879cd2a47ee6996e4a95fc2bf72a5df7621de830a1a5dbfe8fa751b1b9,gx-no-cache=1496324827965 HTTP/1.1" 200 30
186.79.158.127 - - [01/Jun/2017:10:46:12 -0300] "POST /cormun/servlet/solicitudotadjuntos?695315c46fdca611e4bc7c249439eb35,INS,2017,6693,,1, HTTP/1.1" 200 116
186.79.158.127 - - [01/Jun/2017:10:46:12 -0300] "GET /cormun/servlet/hpexe_return? HTTP/1.1" 200 1022
186.79.158.127 - - [01/Jun/2017:10:46:13 -0300] "GET /cormun/servlet/trsolicitudadjuntos?2017,6693, HTTP/1.1" 200 9109
186.79.158.127 - - [01/Jun/2017:10:46:13 -0300] "GET /cormun/servlet/trsolicitudadjuntos?2017,6693, HTTP/1.1" 200 9108
201.236.59.211 - - [01/Jun/2017:10:46:13 -0300] "POST /cormun/servlet/prfichaempleado?89012e36ce84aa78c84252e6e8200474,,MD,,gxPopupLevel%3D0%3B,gx-no-cache=1496324830227 HTTP/1.1" 200 3416
186.67.172.234 - - [01/Jun/2017:10:46:14 -0300] "GET /cormun/servlet/permisogoce?b0caad826ac9a1ea25d433995e6edd149aab3e2392519d025b1040bb4ffc891b977b927b2321ae0a0b4b7f2818d78757c36560342ed46750bcf956b638d2a782,gx-no-cache=1496321213063 HTTP/1.1" 200 73
186.67.172.234 - - [01/Jun/2017:10:46:14 -0300] "GET /cormun/static/menuarrow.gif HTTP/1.1" 404 1015
201.236.59.211 - - [01/Jun/2017:10:46:19 -0300] "GET /cormun/servlet/licenciaspermisos?96bd2717cecce4cee998cfbeb809d974fec97ebfbe97d7f34f4fbc92b464bd389c32f4cb5d5e3895fc7e31fb6bc661d2,gx-no-cache=1496324836440 HTTP/1.1" 200 112
201.236.59.211 - - [01/Jun/2017:10:46:20 -0300] "POST /cormun/servlet/licenciaspermisos?89012e36ce84aa78c84252e6e8200474,INS,0,,,,gx-no-cache=1496324836808 HTTP/1.1" 200 4714
186.79.158.127 - - [01/Jun/2017:10:46:22 -0300] "GET /cormun/servlet/trsolicitudot? HTTP/1.1" 200 10931
186.79.158.127 - - [01/Jun/2017:10:46:22 -0300] "GET /cormun/servlet/trsolicitudot? HTTP/1.1" 200 10925
186.67.172.234 - - [01/Jun/2017:10:46:35 -0300] "GET /cormun/servlet/permisogoce?b0caad826ac9a1ea25d433995e6edd143652a1fc8c487271a851d363ab2660ff2a2981ffadcfa3d82b5d8469d4669be2c45e580d8e584034da2792e31abd8b2e,gx-no-cache=1496321234201 HTTP/1.1" 200 45
200.86.95.220 - - [01/Jun/2017:10:46:39 -0300] "GET /cormun/servlet/hlogin HTTP/1.1" 200 1721
186.67.172.234 - - [01/Jun/2017:10:46:40 -0300] "POST /cormun/servlet/permisogoce?12a9114cd6cd3123d72ae9eacbee2a3c,INS,0,,,,gx-no-cache=1496321239248 HTTP/1.1" 200 93
200.86.95.220 - - [01/Jun/2017:10:46:47 -0300] "POST /cormun/servlet/hlogin?d35f43c297c5ff5d0de91fde6ed38624,gx-no-cache=1496324863841 HTTP/1.1" 200 90
200.86.95.220 - - [01/Jun/2017:10:46:47 -0300] "GET /cormun/servlet/hpexe_link HTTP/1.1" 200 955
200.86.95.220 - - [01/Jun/2017:10:46:47 -0300] "GET /cormun/servlet/hhome HTTP/1.1" 200 3961
200.86.95.220 - - [01/Jun/2017:10:46:49 -0300] "GET /cormun/servlet/hhome HTTP/1.1" 200 3957
200.86.95.220 - - [01/Jun/2017:10:46:52 -0300] "GET /cormun/servlet/trautorizarpermisogoce? HTTP/1.1" 200 6777
200.86.95.220 - - [01/Jun/2017:10:46:52 -0300] "GET /cormun/static/gxcfg.js?20175251272542 HTTP/1.1" 200 953
200.86.95.220 - - [01/Jun/2017:10:46:52 -0300] "GET /cormun/static/trautorizarpermisogoce.js?20175251273090 HTTP/1.1" 200 34948
201.236.59.211 - - [01/Jun/2017:10:46:53 -0300] "GET /cormun/static/menuarrow.gif HTTP/1.1" 404 1015
200.86.95.220 - - [01/Jun/2017:10:46:53 -0300] "GET /cormun/servlet/trautorizarpermisogoce? HTTP/1.1" 200 6776
200.111.191.210 - - [01/Jun/2017:10:46:56 -0300] "GET /cormun/servlet/trlicenciaspermisosadjuntos?13501824,20170601000000,L, HTTP/1.1" 200 6129
200.111.191.210 - - [01/Jun/2017:10:46:56 -0300] "GET /cormun/servlet/trlicenciaspermisosadjuntos?13501824,20170601000000,L, HTTP/1.1" 200 6130
200.111.191.210 - - [01/Jun/2017:10:46:58 -0300] "GET /cormun/servlet/licenciaspermisosadjuntos?INS,13501824,L,20170601000000,, HTTP/1.1" 200 5425
200.111.191.210 - - [01/Jun/2017:10:46:58 -0300] "GET /cormun/static/about:blank HTTP/1.1" 404 1011
200.111.191.210 - - [01/Jun/2017:10:46:58 -0300] "GET /cormun/servlet/licenciaspermisosadjuntos?INS,13501824,L,20170601000000,, HTTP/1.1" 200 5414
200.86.95.220 - - [01/Jun/2017:10:47:01 -0300] "GET /cormun/servlet/hlogin HTTP/1.1" 200 1721
200.111.191.210 - - [01/Jun/2017:10:47:06 -0300] "POST /cormun/servlet/licenciaspermisosadjuntos?efad860a81185e1c599f05fbbfd9ecda,INS,13501824,L,20170601000000,, HTTP/1.1" 200 116
200.111.191.210 - - [01/Jun/2017:10:47:06 -0300] "GET /cormun/servlet/hpexe_return? HTTP/1.1" 200 1042
200.111.191.210 - - [01/Jun/2017:10:47:06 -0300] "GET /cormun/servlet/trlicenciaspermisosadjuntos?13501824,20170601000000,L, HTTP/1.1" 200 6602
200.111.191.210 - - [01/Jun/2017:10:47:07 -0300] "GET /cormun/servlet/trlicenciaspermisosadjuntos?13501824,20170601000000,L, HTTP/1.1" 200 6599
200.111.191.210 - - [01/Jun/2017:10:47:09 -0300] "GET /cormun/servlet/trlicencias? HTTP/1.1" 200 17646
200.111.191.210 - - [01/Jun/2017:10:47:10 -0300] "GET /cormun/servlet/trlicencias? HTTP/1.1" 200 17633
200.86.95.220 - - [01/Jun/2017:10:47:11 -0300] "POST /cormun/servlet/hlogin?d35f43c297c5ff5d0de91fde6ed38624,gx-no-cache=1496324887754 HTTP/1.1" 200 90
200.86.95.220 - - [01/Jun/2017:10:47:11 -0300] "GET /cormun/servlet/hpexe_link HTTP/1.1" 200 955
200.86.95.220 - - [01/Jun/2017:10:47:11 -0300] "GET /cormun/servlet/hhome HTTP/1.1" 200 3771
186.67.172.234 - - [01/Jun/2017:10:47:12 -0300] "GET /cormun/servlet/permisogoce?INS,0,,, HTTP/1.1" 200 6882
200.86.95.220 - - [01/Jun/2017:10:47:13 -0300] "GET /cormun/servlet/hhome HTTP/1.1" 200 3768
186.67.172.234 - - [01/Jun/2017:10:47:13 -0300] "GET /cormun/servlet/permisogoce?INS,0,,, HTTP/1.1" 200 6883
200.111.191.210 - - [01/Jun/2017:10:47:14 -0300] "POST /cormun/servlet/trlicencias?efad860a81185e1c599f05fbbfd9ecda,,gx-no-cache=1496324888117 HTTP/1.1" 200 15529
200.111.191.210 - - [01/Jun/2017:10:47:15 -0300] "GET /cormun/static/Shared/jqueryui/images/ui-bg_highlight-soft_100_c6c2c8_1x100.png HTTP/1.1" 404 1117
200.111.191.210 - - [01/Jun/2017:10:47:15 -0300] "GET /cormun/static/Shared/jqueryui/images/ui-icons_82798d_256x240.png HTTP/1.1" 404 1089
200.111.191.210 - - [01/Jun/2017:10:47:15 -0300] "GET /cormun/static/Shared/jqueryui/images/ui-bg_flat_55_fafafa_40x100.png HTTP/1.1" 404 1097
200.111.191.210 - - [01/Jun/2017:10:47:15 -0300] "GET /cormun/static/Shared/jqueryui/images/ui-icons_8d78a5_256x240.png HTTP/1.1" 404 1089
200.86.95.220 - - [01/Jun/2017:10:47:16 -0300] "GET /cormun/servlet/trpermisosgoce? HTTP/1.1" 200 9924
200.86.95.220 - - [01/Jun/2017:10:47:17 -0300] "GET /cormun/servlet/trpermisosgoce? HTTP/1.1" 200 9922
200.111.191.210 - - [01/Jun/2017:10:47:18 -0300] "GET /cormun/servlet/trrenuncias? HTTP/1.1" 200 7666
200.111.191.210 - - [01/Jun/2017:10:47:18 -0300] "GET /cormun/static/gxcfg.js?20175251282642 HTTP/1.1" 304 -
200.111.191.210 - - [01/Jun/2017:10:47:18 -0300] "GET /cormun/static/trrenuncias.js?20175251283179 HTTP/1.1" 304 -
200.111.191.210 - - [01/Jun/2017:10:47:18 -0300] "GET /cormun/servlet/trrenuncias? HTTP/1.1" 200 7666
200.111.191.210 - - [01/Jun/2017:10:47:22 -0300] "GET /cormun/servlet/trrenunciasadjuntos?59,13720790, HTTP/1.1" 200 5783
200.111.191.210 - - [01/Jun/2017:10:47:22 -0300] "GET /cormun/static/gxcfg.js?20175251294928 HTTP/1.1" 200 953
200.111.191.210 - - [01/Jun/2017:10:47:22 -0300] "GET /cormun/static/trrenunciasadjuntos.js?20175251295234 HTTP/1.1" 200 15168
200.111.191.210 - - [01/Jun/2017:10:47:22 -0300] "GET /cormun/servlet/trrenunciasadjuntos?59,13720790, HTTP/1.1" 200 5783
200.86.95.220 - - [01/Jun/2017:10:47:23 -0300] "GET /cormun/servlet/trpermisosadjuntos?15121375,20170530094947,P, HTTP/1.1" 200 6090
200.86.95.220 - - [01/Jun/2017:10:47:23 -0300] "GET /cormun/static/gxcfg.js?20175251271483 HTTP/1.1" 200 953
200.86.95.220 - - [01/Jun/2017:10:47:23 -0300] "GET /cormun/static/trpermisosadjuntos.js?20175251271844 HTTP/1.1" 200 20076
186.67.172.234 - - [01/Jun/2017:10:47:23 -0300] "GET /cormun/servlet/trpermisosgoce? HTTP/1.1" 200 16030
186.67.172.234 - - [01/Jun/2017:10:47:24 -0300] "GET /cormun/servlet/trpermisosgoce? HTTP/1.1" 200 16022
200.86.95.220 - - [01/Jun/2017:10:47:24 -0300] "GET /cormun/servlet/trpermisosadjuntos?15121375,20170530094947,P, HTTP/1.1" 200 6089
200.111.191.210 - - [01/Jun/2017:10:47:24 -0300] "GET /cormun/servlet/renunciasadjuntos?INS,59,, HTTP/1.1" 200 5116
200.111.191.210 - - [01/Jun/2017:10:47:24 -0300] "GET /cormun/static/gxcfg.js?201752511555661 HTTP/1.1" 200 953
200.111.191.210 - - [01/Jun/2017:10:47:24 -0300] "GET /cormun/static/about:blank HTTP/1.1" 404 1011
200.111.191.210 - - [01/Jun/2017:10:47:24 -0300] "GET /cormun/static/renunciasadjuntos.js?201752511555676 HTTP/1.1" 200 5937
200.111.191.210 - - [01/Jun/2017:10:47:25 -0300] "GET /cormun/servlet/renunciasadjuntos?INS,59,, HTTP/1.1" 200 5104
200.86.95.220 - - [01/Jun/2017:10:47:26 -0300] "GET /cormun/servlet/permisosadjuntos?INS,15121375,P,20170530094947,, HTTP/1.1" 200 5417
200.86.95.220 - - [01/Jun/2017:10:47:26 -0300] "GET /cormun/static/gxcfg.js?201741111155774 HTTP/1.1" 200 953
200.86.95.220 - - [01/Jun/2017:10:47:26 -0300] "GET /cormun/static/permisosadjuntos.js?201741111155784 HTTP/1.1" 200 8724
200.86.95.220 - - [01/Jun/2017:10:47:26 -0300] "GET /cormun/static/about:blank HTTP/1.1" 404 1011
200.86.95.220 - - [01/Jun/2017:10:47:26 -0300] "GET /cormun/servlet/permisosadjuntos?INS,15121375,P,20170530094947,, HTTP/1.1" 200 5407
200.111.191.210 - - [01/Jun/2017:10:47:32 -0300] "POST /cormun/servlet/renunciasadjuntos?efad860a81185e1c599f05fbbfd9ecda,INS,59,, HTTP/1.1" 200 116
200.111.191.210 - - [01/Jun/2017:10:47:32 -0300] "GET /cormun/servlet/hpexe_return? HTTP/1.1" 200 1021
200.111.191.210 - - [01/Jun/2017:10:47:32 -0300] "GET /cormun/servlet/trrenunciasadjuntos?59,13720790, HTTP/1.1" 200 6180
200.111.191.210 - - [01/Jun/2017:10:47:32 -0300] "GET /cormun/servlet/trrenunciasadjuntos?59,13720790, HTTP/1.1" 200 6176
200.111.191.210 - - [01/Jun/2017:10:47:36 -0300] "GET /cormun/servlet/trrenuncias? HTTP/1.1" 200 7666
200.111.191.210 - - [01/Jun/2017:10:47:36 -0300] "GET /cormun/servlet/trrenuncias? HTTP/1.1" 200 7666
200.86.95.220 - - [01/Jun/2017:10:47:38 -0300] "POST /cormun/servlet/permisosadjuntos?d35f43c297c5ff5d0de91fde6ed38624,INS,15121375,P,20170530094947,, HTTP/1.1" 200 116
200.86.95.220 - - [01/Jun/2017:10:47:38 -0300] "GET /cormun/servlet/hpexe_return? HTTP/1.1" 200 1040
200.86.95.220 - - [01/Jun/2017:10:47:38 -0300] "GET /cormun/servlet/trpermisosadjuntos?15121375,20170530094947,P, HTTP/1.1" 200 6543
186.67.172.234 - - [01/Jun/2017:10:47:39 -0300] "GET /cormun/servlet/trpermisosadjuntos?12292297,20170601104603,P, HTTP/1.1" 200 6348
200.86.95.220 - - [01/Jun/2017:10:47:39 -0300] "GET /cormun/servlet/trpermisosadjuntos?15121375,20170530094947,P, HTTP/1.1" 200 6538
186.67.172.234 - - [01/Jun/2017:10:47:39 -0300] "GET /cormun/servlet/trpermisosadjuntos?12292297,20170601104603,P, HTTP/1.1" 200 6348
200.86.95.220 - - [01/Jun/2017:10:47:39 -0300] "GET /cormun/PublicTempStorage/img3815161666.jpg HTTP/1.1" 200 534277
200.111.191.210 - - [01/Jun/2017:10:47:40 -0300] "POST /cormun/servlet/trrenuncias?efad860a81185e1c599f05fbbfd9ecda,,gx-no-cache=1496324914518 HTTP/1.1" 200 4878
200.111.191.210 - - [01/Jun/2017:10:47:40 -0300] "GET /cormun/static/Shared/jqueryui/images/ui-bg_highlight-soft_100_c6c2c8_1x100.png HTTP/1.1" 404 1117
200.111.191.210 - - [01/Jun/2017:10:47:40 -0300] "GET /cormun/static/Shared/jqueryui/images/ui-icons_82798d_256x240.png HTTP/1.1" 404 1089
200.111.191.210 - - [01/Jun/2017:10:47:40 -0300] "GET /cormun/static/Shared/jqueryui/images/ui-bg_flat_55_fafafa_40x100.png HTTP/1.1" 404 1097
200.111.191.210 - - [01/Jun/2017:10:47:40 -0300] "GET /cormun/static/Shared/jqueryui/images/ui-icons_8d78a5_256x240.png HTTP/1.1" 404 1089
186.67.172.234 - - [01/Jun/2017:10:47:41 -0300] "GET /cormun/servlet/permisosadjuntos?INS,12292297,P,20170601104603,, HTTP/1.1" 200 5672
186.67.172.234 - - [01/Jun/2017:10:47:41 -0300] "GET /cormun/static/about:blank HTTP/1.1" 404 1011
186.67.172.234 - - [01/Jun/2017:10:47:41 -0300] "GET /cormun/servlet/permisosadjuntos?INS,12292297,P,20170601104603,, HTTP/1.1" 200 5662
200.86.95.220 - - [01/Jun/2017:10:47:42 -0300] "POST /cormun/servlet/trpermisosadjuntos?d35f43c297c5ff5d0de91fde6ed38624,15121375,20170530094947,P,,gx-no-cache=1496324918544 HTTP/1.1" 200 90
200.86.95.220 - - [01/Jun/2017:10:47:42 -0300] "GET /cormun/servlet/hpexe_link HTTP/1.1" 200 984
200.86.95.220 - - [01/Jun/2017:10:47:42 -0300] "GET /cormun/servlet/trpermisosgoce HTTP/1.1" 200 9923
200.86.95.220 - - [01/Jun/2017:10:47:43 -0300] "GET /cormun/servlet/trpermisosgoce HTTP/1.1" 200 9922
200.111.191.210 - - [01/Jun/2017:10:47:45 -0300] "GET /cormun/servlet/trpermisosgoce? HTTP/1.1" 200 18331
200.111.191.210 - - [01/Jun/2017:10:47:46 -0300] "GET /cormun/servlet/trpermisosgoce? HTTP/1.1" 200 18315
186.67.172.234 - - [01/Jun/2017:10:47:47 -0300] "POST /cormun/servlet/permisosadjuntos?12a9114cd6cd3123d72ae9eacbee2a3c,INS,12292297,P,20170601104603,, HTTP/1.1" 200 116
190.45.55.254 - - [01/Jun/2017:10:47:49 -0300] "GET /cormun/servlet/trcontratosolicitud? HTTP/1.1" 200 13837
190.45.55.254 - - [01/Jun/2017:10:47:49 -0300] "GET /cormun/static/gxui/gxui-all.css?120300 HTTP/1.1" 200 2179
190.45.55.254 - - [01/Jun/2017:10:47:49 -0300] "GET /cormun/static/gxcfg.js?20171317451682 HTTP/1.1" 200 953
190.45.55.254 - - [01/Jun/2017:10:47:49 -0300] "GET /cormun/static/trcontratosolicitud.js?20171317452124 HTTP/1.1" 200 28237
190.45.55.254 - - [01/Jun/2017:10:47:49 -0300] "GET /cormun//static/Resources/PXToolsGridNew.png HTTP/1.1" 200 2949
190.45.55.254 - - [01/Jun/2017:10:47:49 -0300] "GET /cormun//static/Resources/PXToolsActionDisabled.gif HTTP/1.1" 200 53
190.45.55.254 - - [01/Jun/2017:10:47:49 -0300] "GET /cormun/servlet/trcontratosolicitud? HTTP/1.1" 200 13841
200.86.95.220 - - [01/Jun/2017:10:47:50 -0300] "POST /cormun/servlet/trpermisosgoce?d35f43c297c5ff5d0de91fde6ed38624,gx-no-cache=1496324926309 HTTP/1.1" 200 7155
200.86.95.220 - - [01/Jun/2017:10:47:50 -0300] "GET /cormun/static/Shared/jqueryui/images/ui-bg_highlight-soft_100_c6c2c8_1x100.png HTTP/1.1" 404 1117
200.86.95.220 - - [01/Jun/2017:10:47:50 -0300] "GET /cormun/static/Shared/jqueryui/images/ui-icons_82798d_256x240.png HTTP/1.1" 404 1089
200.86.95.220 - - [01/Jun/2017:10:47:50 -0300] "GET /cormun/static/Shared/jqueryui/images/ui-icons_8d78a5_256x240.png HTTP/1.1" 404 1089
200.86.95.220 - - [01/Jun/2017:10:47:50 -0300] "GET /cormun/static/Shared/jqueryui/images/ui-bg_flat_55_fafafa_40x100.png HTTP/1.1" 404 1097
186.67.172.234 - - [01/Jun/2017:10:47:57 -0300] "GET /cormun/servlet/hpexe_return? HTTP/1.1" 200 1031
186.67.172.234 - - [01/Jun/2017:10:47:57 -0300] "GET /cormun/servlet/trpermisosadjuntos?12292297,20170601104603,P, HTTP/1.1" 200 6819
200.111.191.210 - - [01/Jun/2017:10:48:03 -0300] "GET /cormun/servlet/hlogin HTTP/1.1" 200 1739
190.45.55.254 - - [01/Jun/2017:10:48:04 -0300] "POST /cormun/servlet/trcontratosolicitud?1bc232eb0e1c19eb219af3e6c914c884,,gx-no-cache=1496324939153 HTTP/1.1" 200 3986
200.111.191.210 - - [01/Jun/2017:10:48:12 -0300] "POST /cormun/servlet/hlogin?efad860a81185e1c599f05fbbfd9ecda,gx-no-cache=1496324945866 HTTP/1.1" 200 90
200.111.191.210 - - [01/Jun/2017:10:48:12 -0300] "GET /cormun/servlet/hpexe_link HTTP/1.1" 200 950
200.111.191.210 - - [01/Jun/2017:10:48:12 -0300] "GET /cormun/servlet/hhome HTTP/1.1" 200 3965
200.111.191.210 - - [01/Jun/2017:10:48:12 -0300] "GET /cormun/servlet/hhome HTTP/1.1" 200 3962
200.111.191.210 - - [01/Jun/2017:10:48:16 -0300] "GET /cormun/servlet/trautorizarenuncias? HTTP/1.1" 200 7351
200.111.191.210 - - [01/Jun/2017:10:48:16 -0300] "GET /cormun/static/gxcfg.js?20175251295383 HTTP/1.1" 304 -
200.111.191.210 - - [01/Jun/2017:10:48:16 -0300] "GET /cormun/static/trautorizarenuncias.js?20175251295838 HTTP/1.1" 304 -
200.111.191.210 - - [01/Jun/2017:10:48:16 -0300] "GET /cormun/servlet/trautorizarenuncias? HTTP/1.1" 200 7350
200.111.191.210 - - [01/Jun/2017:10:48:18 -0300] "POST /cormun/servlet/trautorizarenuncias?efad860a81185e1c599f05fbbfd9ecda,,gx-no-cache=1496324952643 HTTP/1.1" 200 4130
200.111.191.210 - - [01/Jun/2017:10:48:18 -0300] "GET /cormun/static/Shared/jqueryui/images/ui-bg_highlight-soft_100_c6c2c8_1x100.png HTTP/1.1" 404 1117
200.111.191.210 - - [01/Jun/2017:10:48:18 -0300] "GET /cormun/static/Shared/jqueryui/images/ui-icons_82798d_256x240.png HTTP/1.1" 404 1089
200.111.191.210 - - [01/Jun/2017:10:48:18 -0300] "GET /cormun/static/Shared/jqueryui/images/ui-bg_flat_55_fafafa_40x100.png HTTP/1.1" 404 1097
200.111.191.210 - - [01/Jun/2017:10:48:18 -0300] "GET /cormun/static/Shared/jqueryui/images/ui-icons_8d78a5_256x240.png HTTP/1.1" 404 1089
200.111.191.210 - - [01/Jun/2017:10:48:22 -0300] "GET /cormun/servlet/trautorizarpermisogoce? HTTP/1.1" 200 6775
200.111.191.210 - - [01/Jun/2017:10:48:22 -0300] "GET /cormun/static/gxcfg.js?20175251272542 HTTP/1.1" 200 953
200.111.191.210 - - [01/Jun/2017:10:48:22 -0300] "GET /cormun/static/trautorizarpermisogoce.js?20175251273090 HTTP/1.1" 200 34948
200.111.191.210 - - [01/Jun/2017:10:48:22 -0300] "GET /cormun/servlet/trautorizarpermisogoce? HTTP/1.1" 200 6775
200.111.191.210 - - [01/Jun/2017:10:48:24 -0300] "GET /cormun/servlet/trlicencias? HTTP/1.1" 200 17815
200.111.191.210 - - [01/Jun/2017:10:48:25 -0300] "GET /cormun/servlet/trlicencias? HTTP/1.1" 200 17808
200.111.191.210 - - [01/Jun/2017:10:48:39 -0300] "GET /cormun/servlet/hlogin HTTP/1.1" 200 1736
201.236.59.211 - - [01/Jun/2017:10:48:48 -0300] "GET /cormun/servlet/licenciaspermisos?96bd2717cecce4cee998cfbeb809d9744c153a4e95df460b0f4b5549426d80a68916c32b03ae2d0a39f3ed31b947414b16de01a00c99670f2673c6df13c62090e428b397f62fcac4215419b8db9b0dc9675ab8dce43366f20d8bf94f4ea7700e50448be2226240973ef535314a1db0873e8f66cb5d88372687002eb2d3bc5c37a66d52d837ab5728d02b972d2f20deaa325adcb9ef45ed245ff1ae09cbe06f17ed76e0dfce3109670217ec2e99d546f8,gx-no-cache=1496324984690 HTTP/1.1" 200 30
201.236.59.211 - - [01/Jun/2017:10:48:48 -0300] "POST /cormun/servlet/licenciaspermisos?89012e36ce84aa78c84252e6e8200474,INS,0,,,,gx-no-cache=1496324985208 HTTP/1.1" 200 4815
186.67.172.234 - - [01/Jun/2017:10:49:01 -0300] "GET /cormun/servlet/hpexe_return? HTTP/1.1" 200 1026
186.67.172.234 - - [01/Jun/2017:10:49:04 -0300] "GET /favicon.ico HTTP/1.1" 200 21630
186.67.172.234 - - [01/Jun/2017:10:49:04 -0300] "GET /cormun/servlet/trpermisosgoce HTTP/1.1" 200 16025
186.67.172.234 - - [01/Jun/2017:10:49:19 -0300] "GET /cormun/servlet/hpexe_return? HTTP/1.1" 200 1023
186.67.172.234 - - [01/Jun/2017:10:49:19 -0300] "GET /cormun/servlet/hhome HTTP/1.1" 200 4039
186.67.172.234 - - [01/Jun/2017:10:49:19 -0300] "GET /favicon.ico HTTP/1.1" 200 21630
186.67.172.234 - - [01/Jun/2017:10:49:19 -0300] "GET /cormun/servlet/hhome HTTP/1.1" 200 4033
192.168.10.89 - - [01/Jun/2017:10:49:22 -0300] "GET /cormun/servlet/trpermisosgeneralesgoce? HTTP/1.1" 200 17945
192.168.10.89 - - [01/Jun/2017:10:49:22 -0300] "GET /cormun/static/gxcfg.js?2017525127769 HTTP/1.1" 200 953
192.168.10.89 - - [01/Jun/2017:10:49:22 -0300] "GET /cormun/static/trpermisosgeneralesgoce.js?20175251271238 HTTP/1.1" 200 30422
186.67.172.234 - - [01/Jun/2017:10:49:24 -0300] "GET /cormun/servlet/trpermisosgoce? HTTP/1.1" 200 16024
186.67.172.234 - - [01/Jun/2017:10:49:25 -0300] "GET /cormun/servlet/trpermisosgoce? HTTP/1.1" 200 16028
201.236.59.211 - - [01/Jun/2017:10:49:26 -0300] "GET /cormun/servlet/licenciaspermisos?96bd2717cecce4cee998cfbeb809d974fec97ebfbe97d7f34f4fbc92b464bd38e9c92e7e84ec1e8d3781cd29cb5ab047525a2a07326bed2765261e30aca678d8c800616101fdb09f36fcb39ad9a0530153b1699a6ed7c488285f9f0a74767f83b6f1a4b4d5a9934b4d152646548d401f8b38aac3436ebf1074385bde042697f58cf51226061764413eed07243afee319,gx-no-cache=1496325022774 HTTP/1.1" 200 112
201.236.59.211 - - [01/Jun/2017:10:49:27 -0300] "POST /cormun/servlet/licenciaspermisos?89012e36ce84aa78c84252e6e8200474,INS,0,,,,gx-no-cache=1496325023727 HTTP/1.1" 200 4804
186.67.172.234 - - [01/Jun/2017:10:49:33 -0300] "GET /cormun/servlet/trpermisosadjuntos?12292297,20170601104603,P, HTTP/1.1" 200 6814
186.67.172.234 - - [01/Jun/2017:10:49:33 -0300] "GET /cormun/servlet/trpermisosadjuntos?12292297,20170601104603,P, HTTP/1.1" 200 6816
186.67.172.234 - - [01/Jun/2017:10:49:41 -0300] "POST /cormun/servlet/trpermisosadjuntos?12a9114cd6cd3123d72ae9eacbee2a3c,12292297,20170601104603,P,,gx-no-cache=1496321419910 HTTP/1.1" 200 90
186.67.172.234 - - [01/Jun/2017:10:49:41 -0300] "GET /cormun/servlet/hpexe_link HTTP/1.1" 200 975
201.236.59.211 - - [01/Jun/2017:10:49:41 -0300] "GET /cormun/servlet/licenciaspermisos?96bd2717cecce4cee998cfbeb809d9745cf694ee835435f19ab08c3095c782997998ae54845fbc2bf5491563dc86a738aafab0f86cb6e8dc7ce5cfa4d557b3be9143fb854660476da9a88f6d44e2295c7c3077853f2b83fb9bab11085262c19e3d05e8b6686062e5438b986595b9ea865a1732240b6af7be24184f8abaa998228a452c5944e38414430528b9e9ba9c82c23bf0399e569c7ff04f718e1a40e415014102faaf9d1f0687a8a9fc60f8379c,gx-no-cache=1496325038142 HTTP/1.1" 200 57
186.67.172.234 - - [01/Jun/2017:10:49:41 -0300] "GET /cormun/servlet/trpermisosgoce HTTP/1.1" 200 16015
186.67.172.234 - - [01/Jun/2017:10:49:42 -0300] "GET /cormun/servlet/trpermisosgoce HTTP/1.1" 200 16022
201.236.59.211 - - [01/Jun/2017:10:49:42 -0300] "POST /cormun/servlet/licenciaspermisos?89012e36ce84aa78c84252e6e8200474,INS,0,,,,gx-no-cache=1496325038599 HTTP/1.1" 200 93
201.236.59.211 - - [01/Jun/2017:10:49:42 -0300] "GET /cormun/servlet/hpexe_return? HTTP/1.1" 200 1012
201.236.59.211 - - [01/Jun/2017:10:49:43 -0300] "GET /cormun/servlet/trlicencias HTTP/1.1" 200 12074
201.236.59.211 - - [01/Jun/2017:10:49:45 -0300] "GET /cormun/servlet/trlicencias HTTP/1.1" 200 12069
186.67.172.234 - - [01/Jun/2017:10:49:50 -0300] "GET /cormun/servlet/trpermisosadjuntos?12292297,20170601104603,P, HTTP/1.1" 200 6815
186.67.172.234 - - [01/Jun/2017:10:49:51 -0300] "GET /cormun/servlet/trpermisosadjuntos?12292297,20170601104603,P, HTTP/1.1" 200 6816
186.67.172.234 - - [01/Jun/2017:10:49:58 -0300] "GET /cormun/servlet/permisosadjuntos?DLT,12292297,P,20170601104603,20170601104743, HTTP/1.1" 200 5721
186.67.172.234 - - [01/Jun/2017:10:49:58 -0300] "GET /cormun/static/Shared/jqueryui/images/ui-icons_82798d_256x240.png HTTP/1.1" 404 1089
186.67.172.234 - - [01/Jun/2017:10:49:58 -0300] "GET /cormun/static/Shared/jqueryui/images/ui-bg_highlight-soft_100_c6c2c8_1x100.png HTTP/1.1" 404 1117
186.67.172.234 - - [01/Jun/2017:10:49:58 -0300] "GET /cormun/PublicTempStorage/bravo_consuelo_%281%294185444.pdf HTTP/1.1" 200 432963
186.67.172.234 - - [01/Jun/2017:10:49:58 -0300] "GET /cormun/static/Shared/jqueryui/images/ui-bg_flat_55_fafafa_40x100.png HTTP/1.1" 404 1097
186.67.172.234 - - [01/Jun/2017:10:49:58 -0300] "GET /cormun/static/Shared/jqueryui/images/ui-icons_8d78a5_256x240.png HTTP/1.1" 404 1089
186.67.172.234 - - [01/Jun/2017:10:49:58 -0300] "GET /cormun/servlet/permisosadjuntos?DLT,12292297,P,20170601104603,20170601104743, HTTP/1.1" 200 5711
186.67.172.234 - - [01/Jun/2017:10:50:00 -0300] "POST /cormun/servlet/permisosadjuntos?12a9114cd6cd3123d72ae9eacbee2a3c,DLT,12292297,P,20170601104603,20170601104743,,gx-no-cache=1496321438931 HTTP/1.1" 200 93
186.67.172.234 - - [01/Jun/2017:10:50:01 -0300] "GET /cormun/servlet/hpexe_return? HTTP/1.1" 200 1036
186.67.172.234 - - [01/Jun/2017:10:50:01 -0300] "GET /cormun/servlet/trpermisosadjuntos?12292297,20170601104603,P, HTTP/1.1" 200 6351
186.67.172.234 - - [01/Jun/2017:10:50:01 -0300] "GET /cormun/servlet/trpermisosadjuntos?12292297,20170601104603,P, HTTP/1.1" 200 6348
186.67.172.234 - - [01/Jun/2017:10:50:03 -0300] "GET /cormun/servlet/permisosadjuntos?INS,12292297,P,20170601104603,, HTTP/1.1" 200 5671
186.67.172.234 - - [01/Jun/2017:10:50:05 -0300] "GET /cormun/static/about:blank HTTP/1.1" 404 1011
186.67.172.234 - - [01/Jun/2017:10:50:05 -0300] "GET /cormun/servlet/permisosadjuntos?INS,12292297,P,20170601104603,, HTTP/1.1" 200 5661
201.236.59.211 - - [01/Jun/2017:10:50:09 -0300] "POST /cormun/servlet/trlicencias?89012e36ce84aa78c84252e6e8200474,gx-no-cache=1496325065265 HTTP/1.1" 200 5473
186.67.172.234 - - [01/Jun/2017:10:50:11 -0300] "POST /cormun/servlet/permisosadjuntos?12a9114cd6cd3123d72ae9eacbee2a3c,INS,12292297,P,20170601104603,, HTTP/1.1" 200 116
186.67.172.234 - - [01/Jun/2017:10:50:11 -0300] "GET /cormun/servlet/hpexe_return? HTTP/1.1" 200 1031
186.67.172.234 - - [01/Jun/2017:10:50:12 -0300] "GET /cormun/servlet/trpermisosadjuntos?12292297,20170601104603,P, HTTP/1.1" 200 6820
192.168.10.89 - - [01/Jun/2017:10:50:12 -0300] "GET /cormun/servlet/hlogin HTTP/1.1" 200 1740
186.67.172.234 - - [01/Jun/2017:10:50:12 -0300] "GET /cormun/servlet/trpermisosadjuntos?12292297,20170601104603,P, HTTP/1.1" 200 6816
186.67.172.234 - - [01/Jun/2017:10:50:15 -0300] "POST /cormun/servlet/trpermisosadjuntos?12a9114cd6cd3123d72ae9eacbee2a3c,12292297,20170601104603,P,,gx-no-cache=1496321453819 HTTP/1.1" 200 90
186.67.172.234 - - [01/Jun/2017:10:50:15 -0300] "GET /cormun/servlet/hpexe_link HTTP/1.1" 200 975
186.67.172.234 - - [01/Jun/2017:10:50:15 -0300] "GET /cormun/servlet/trpermisosgoce HTTP/1.1" 200 16019
186.67.172.234 - - [01/Jun/2017:10:50:16 -0300] "GET /cormun/servlet/trpermisosgoce HTTP/1.1" 200 16018
201.236.59.211 - - [01/Jun/2017:10:50:20 -0300] "GET /cormun/servlet/trlicenciaspermisosadjuntos?13719734,20170601000000,L, HTTP/1.1" 200 6321
201.236.59.211 - - [01/Jun/2017:10:50:21 -0300] "GET /cormun/static/gxcfg.js?20175251265349 HTTP/1.1" 200 953
201.236.59.211 - - [01/Jun/2017:10:50:22 -0300] "GET /cormun/static/trlicenciaspermisosadjuntos.js?2017525126577 HTTP/1.1" 200 21036
192.168.10.89 - - [01/Jun/2017:10:50:22 -0300] "POST /cormun/servlet/hlogin?b2e3f9dd7914d6654280c837bc264070,gx-no-cache=1496325024267 HTTP/1.1" 200 451
201.236.59.211 - - [01/Jun/2017:10:50:23 -0300] "GET /cormun/servlet/trlicenciaspermisosadjuntos?13719734,20170601000000,L, HTTP/1.1" 200 6322
186.67.172.234 - - [01/Jun/2017:10:50:25 -0300] "POST /cormun/servlet/trpermisosgoce?12a9114cd6cd3123d72ae9eacbee2a3c,gx-no-cache=1496321463856 HTTP/1.1" 200 13124
186.67.172.234 - - [01/Jun/2017:10:50:25 -0300] "GET /cormun/static/Shared/jqueryui/images/ui-bg_highlight-soft_100_c6c2c8_1x100.png HTTP/1.1" 404 1117
186.67.172.234 - - [01/Jun/2017:10:50:25 -0300] "GET /cormun/static/Shared/jqueryui/images/ui-icons_82798d_256x240.png HTTP/1.1" 404 1089
186.67.172.234 - - [01/Jun/2017:10:50:25 -0300] "GET /cormun/static/Shared/jqueryui/images/ui-bg_flat_55_fafafa_40x100.png HTTP/1.1" 404 1097
186.67.172.234 - - [01/Jun/2017:10:50:25 -0300] "GET /cormun/static/Shared/jqueryui/images/ui-icons_8d78a5_256x240.png HTTP/1.1" 404 1089
201.236.59.211 - - [01/Jun/2017:10:50:27 -0300] "GET /cormun/servlet/licenciaspermisosadjuntos?INS,13719734,L,20170601000000,, HTTP/1.1" 200 5621
192.168.10.89 - - [01/Jun/2017:10:50:27 -0300] "POST /cormun/servlet/hlogin?b2e3f9dd7914d6654280c837bc264070,gx-no-cache=1496325029320 HTTP/1.1" 200 90
192.168.10.89 - - [01/Jun/2017:10:50:27 -0300] "GET /cormun/servlet/hpexe_link HTTP/1.1" 200 947
201.236.59.211 - - [01/Jun/2017:10:50:27 -0300] "GET /cormun/static/gxcfg.js?201752511544364 HTTP/1.1" 200 953
201.236.59.211 - - [01/Jun/2017:10:50:27 -0300] "GET /cormun/static/licenciaspermisosadjuntos.js?201752511544378 HTTP/1.1" 200 8760
201.236.59.211 - - [01/Jun/2017:10:50:28 -0300] "GET /cormun/static/about:blank HTTP/1.1" 404 1011
192.168.10.89 - - [01/Jun/2017:10:50:28 -0300] "GET /cormun/servlet/hhome HTTP/1.1" 200 3769
201.236.59.211 - - [01/Jun/2017:10:50:28 -0300] "GET /cormun/servlet/licenciaspermisosadjuntos?INS,13719734,L,20170601000000,, HTTP/1.1" 200 5609
186.67.172.234 - - [01/Jun/2017:10:50:31 -0300] "GET /cormun/servlet/permisogoce?INS,0,,, HTTP/1.1" 200 6882
192.168.10.89 - - [01/Jun/2017:10:50:31 -0300] "GET /cormun/servlet/trpermisosgoce? HTTP/1.1" 200 9871
192.168.10.89 - - [01/Jun/2017:10:50:31 -0300] "GET /cormun/static/gxcfg.js?20175251265886 HTTP/1.1" 200 953
192.168.10.89 - - [01/Jun/2017:10:50:31 -0300] "GET /cormun/static/trpermisosgoce.js?2017525127453 HTTP/1.1" 200 35904
186.67.172.234 - - [01/Jun/2017:10:50:31 -0300] "GET /cormun/servlet/permisogoce?INS,0,,, HTTP/1.1" 200 6882
186.67.172.234 - - [01/Jun/2017:10:50:42 -0300] "GET /cormun/servlet/permisogoce?b0caad826ac9a1ea25d433995e6edd147e2dedf6fc7be44a9aea8f49b93a4b0a977b927b2321ae0a0b4b7f2818d78757c36560342ed46750bcf956b638d2a782,gx-no-cache=1496321480851 HTTP/1.1" 200 76
186.67.172.234 - - [01/Jun/2017:10:50:42 -0300] "GET /cormun/static/menuarrow.gif HTTP/1.1" 404 1015
186.67.172.234 - - [01/Jun/2017:10:51:02 -0300] "GET /cormun/servlet/permisogoce?b0caad826ac9a1ea25d433995e6edd14540fbace7f462d1ca720d70d3d2124c01f2889750abd85526a34ceb1e56766a3536791ea1f77284322f45b67f1219d9a,gx-no-cache=1496321501376 HTTP/1.1" 200 47
201.236.59.211 - - [01/Jun/2017:10:51:06 -0300] "POST /cormun/servlet/licenciaspermisosadjuntos?89012e36ce84aa78c84252e6e8200474,INS,13719734,L,20170601000000,, HTTP/1.1" 200 116
201.236.59.211 - - [01/Jun/2017:10:51:06 -0300] "GET /cormun/servlet/hpexe_return? HTTP/1.1" 200 1044
186.67.172.234 - - [01/Jun/2017:10:51:06 -0300] "POST /cormun/servlet/permisogoce?12a9114cd6cd3123d72ae9eacbee2a3c,INS,0,,,,gx-no-cache=1496321505228 HTTP/1.1" 200 93
186.67.172.234 - - [01/Jun/2017:10:51:06 -0300] "GET /cormun/servlet/hpexe_return? HTTP/1.1" 200 1026
201.236.59.211 - - [01/Jun/2017:10:51:07 -0300] "GET /cormun/servlet/trlicenciaspermisosadjuntos?13719734,20170601000000,L, HTTP/1.1" 200 6809
186.67.172.234 - - [01/Jun/2017:10:51:07 -0300] "GET /cormun/servlet/trpermisosgoce?gx-no-cache=1496321463856 HTTP/1.1" 200 16285
186.67.172.234 - - [01/Jun/2017:10:51:07 -0300] "GET /cormun/servlet/trpermisosgoce?gx-no-cache=1496321463856 HTTP/1.1" 200 16267
201.236.59.211 - - [01/Jun/2017:10:51:08 -0300] "GET /cormun/servlet/trlicenciaspermisosadjuntos?13719734,20170601000000,L, HTTP/1.1" 200 6805
201.236.59.211 - - [01/Jun/2017:10:51:10 -0300] "GET /cormun/PublicTempStorage/l._medica_30_mayo1778625.jpg HTTP/1.1" 200 471126
201.236.59.211 - - [01/Jun/2017:10:51:14 -0300] "POST /cormun/servlet/trlicenciaspermisosadjuntos?89012e36ce84aa78c84252e6e8200474,13719734,20170601000000,L,,gx-no-cache=1496325130842 HTTP/1.1" 200 90
186.67.172.234 - - [01/Jun/2017:10:51:14 -0300] "GET /cormun/servlet/trpermisosadjuntos?16492824,20170601105033,P, HTTP/1.1" 200 6376
201.236.59.211 - - [01/Jun/2017:10:51:14 -0300] "GET /cormun/servlet/hpexe_link HTTP/1.1" 200 1006
201.236.59.211 - - [01/Jun/2017:10:51:15 -0300] "GET /cormun/servlet/trlicencias?gx-no-cache=1496325065265 HTTP/1.1" 200 8085
186.67.172.234 - - [01/Jun/2017:10:51:15 -0300] "GET /cormun/servlet/trpermisosadjuntos?16492824,20170601105033,P, HTTP/1.1" 200 6355
192.168.10.89 - - [01/Jun/2017:10:51:16 -0300] "POST /cormun/servlet/trpermisosgoce?b2e3f9dd7914d6654280c837bc264070,,gx-no-cache=1496325078248 HTTP/1.1" 200 3955
201.236.59.211 - - [01/Jun/2017:10:51:16 -0300] "GET /cormun/servlet/trlicencias?gx-no-cache=1496325065265 HTTP/1.1" 200 8104
186.67.172.234 - - [01/Jun/2017:10:51:18 -0300] "GET /cormun/servlet/permisosadjuntos?INS,16492824,P,20170601105033,, HTTP/1.1" 200 5673
186.67.172.234 - - [01/Jun/2017:10:51:18 -0300] "GET /cormun/static/about:blank HTTP/1.1" 404 1011
186.67.172.234 - - [01/Jun/2017:10:51:18 -0300] "GET /cormun/servlet/permisosadjuntos?INS,16492824,P,20170601105033,, HTTP/1.1" 200 5663
192.168.10.89 - - [01/Jun/2017:10:51:19 -0300] "POST /cormun/servlet/trpermisosgoce?b2e3f9dd7914d6654280c837bc264070,,gx-no-cache=1496325081369 HTTP/1.1" 200 4797
201.236.59.211 - - [01/Jun/2017:10:51:26 -0300] "POST /cormun/servlet/trlicencias?89012e36ce84aa78c84252e6e8200474,gx-no-cache=1496325065265,gx-no-cache=1496325142679 HTTP/1.1" 200 4302
201.236.59.211 - - [01/Jun/2017:10:51:27 -0300] "GET /cormun/static/Shared/jqueryui/images/ui-bg_highlight-soft_100_c6c2c8_1x100.png HTTP/1.1" 404 1117
201.236.59.211 - - [01/Jun/2017:10:51:27 -0300] "GET /cormun/static/Shared/jqueryui/images/ui-icons_82798d_256x240.png HTTP/1.1" 404 1089
201.236.59.211 - - [01/Jun/2017:10:51:27 -0300] "GET /cormun/static/Shared/jqueryui/images/ui-bg_flat_55_fafafa_40x100.png HTTP/1.1" 404 1097
201.236.59.211 - - [01/Jun/2017:10:51:27 -0300] "GET /cormun/static/Shared/jqueryui/images/ui-icons_8d78a5_256x240.png HTTP/1.1" 404 1089
186.67.172.234 - - [01/Jun/2017:10:51:28 -0300] "POST /cormun/servlet/permisosadjuntos?12a9114cd6cd3123d72ae9eacbee2a3c,INS,16492824,P,20170601105033,, HTTP/1.1" 200 116
186.67.172.234 - - [01/Jun/2017:10:51:28 -0300] "GET /cormun/servlet/hpexe_return? HTTP/1.1" 200 1032
186.67.172.234 - - [01/Jun/2017:10:51:28 -0300] "GET /cormun/servlet/trpermisosadjuntos?16492824,20170601105033,P, HTTP/1.1" 200 6807
186.67.172.234 - - [01/Jun/2017:10:51:35 -0300] "GET /cormun/servlet/trpermisosadjuntos?16492824,20170601105033,P, HTTP/1.1" 200 6803
186.67.172.234 - - [01/Jun/2017:10:51:39 -0300] "POST /cormun/servlet/trpermisosadjuntos?12a9114cd6cd3123d72ae9eacbee2a3c,16492824,20170601105033,P,,gx-no-cache=1496321537934 HTTP/1.1" 200 90
186.67.172.234 - - [01/Jun/2017:10:51:39 -0300] "GET /cormun/servlet/hpexe_link HTTP/1.1" 200 999
186.67.172.234 - - [01/Jun/2017:10:51:39 -0300] "GET /cormun/servlet/trpermisosgoce?gx-no-cache=1496321463856 HTTP/1.1" 200 16230
186.67.172.234 - - [01/Jun/2017:10:51:40 -0300] "GET /cormun/servlet/trpermisosgoce?gx-no-cache=1496321463856 HTTP/1.1" 200 16267
201.236.59.211 - - [01/Jun/2017:10:51:40 -0300] "POST /cormun/servlet/trlicencias?89012e36ce84aa78c84252e6e8200474,gx-no-cache=1496325065265,gx-no-cache=1496325156782 HTTP/1.1" 200 5423
201.236.59.211 - - [01/Jun/2017:10:51:44 -0300] "GET /cormun/servlet/alicenciaprn?13719734,L,20170601000000,PU HTTP/1.1" 200 1598
200.86.95.220 - - [01/Jun/2017:10:51:47 -0300] "GET /cormun/servlet/hlogin HTTP/1.1" 200 1721
186.67.172.234 - - [01/Jun/2017:10:51:48 -0300] "POST /cormun/servlet/trpermisosgoce?12a9114cd6cd3123d72ae9eacbee2a3c,gx-no-cache=1496321463856,gx-no-cache=1496321546382 HTTP/1.1" 200 13350
186.67.172.234 - - [01/Jun/2017:10:51:48 -0300] "GET /cormun/static/Shared/jqueryui/images/ui-bg_highlight-soft_100_c6c2c8_1x100.png HTTP/1.1" 404 1117
186.67.172.234 - - [01/Jun/2017:10:51:48 -0300] "GET /cormun/static/Shared/jqueryui/images/ui-icons_82798d_256x240.png HTTP/1.1" 404 1089
186.67.172.234 - - [01/Jun/2017:10:51:48 -0300] "GET /cormun/static/Shared/jqueryui/images/ui-icons_8d78a5_256x240.png HTTP/1.1" 404 1089
186.67.172.234 - - [01/Jun/2017:10:51:48 -0300] "GET /cormun/static/Shared/jqueryui/images/ui-bg_flat_55_fafafa_40x100.png HTTP/1.1" 404 1097
186.67.172.234 - - [01/Jun/2017:10:51:52 -0300] "GET /cormun/servlet/permisogoce?INS,0,,, HTTP/1.1" 200 6906
186.67.172.234 - - [01/Jun/2017:10:51:52 -0300] "GET /cormun/servlet/permisogoce?INS,0,,, HTTP/1.1" 200 6883
200.86.95.220 - - [01/Jun/2017:10:51:57 -0300] "POST /cormun/servlet/hlogin?d35f43c297c5ff5d0de91fde6ed38624,gx-no-cache=1496325173154 HTTP/1.1" 200 90
200.86.95.220 - - [01/Jun/2017:10:51:57 -0300] "GET /cormun/servlet/hpexe_link HTTP/1.1" 200 981
200.86.95.220 - - [01/Jun/2017:10:51:57 -0300] "GET /cormun/servlet/trpermisosgoce?gx-no-cache=1496324926309 HTTP/1.1" 200 9875
200.86.95.220 - - [01/Jun/2017:10:51:58 -0300] "GET /cormun/servlet/trpermisosgoce?gx-no-cache=1496324926309 HTTP/1.1" 200 9894
192.168.10.89 - - [01/Jun/2017:10:52:02 -0300] "POST /cormun/servlet/trpermisosgoce?b2e3f9dd7914d6654280c837bc264070,,gx-no-cache=1496325124827 HTTP/1.1" 200 3954
186.67.172.234 - - [01/Jun/2017:10:52:04 -0300] "GET /cormun/servlet/permisogoce?b0caad826ac9a1ea25d433995e6edd147e2dedf6fc7be44a9aea8f49b93a4b0a977b927b2321ae0a0b4b7f2818d78757c36560342ed46750bcf956b638d2a782,gx-no-cache=1496321563320 HTTP/1.1" 200 78
186.67.172.234 - - [01/Jun/2017:10:52:04 -0300] "GET /cormun/static/menuarrow.gif HTTP/1.1" 404 1015
186.67.172.234 - - [01/Jun/2017:10:52:15 -0300] "GET /cormun/servlet/permisogoce?b0caad826ac9a1ea25d433995e6edd14540fbace7f462d1ca720d70d3d2124c08a7eaa1b76ba5fa8d7adc280e19f27de536791ea1f77284322f45b67f1219d9a,gx-no-cache=1496321573592 HTTP/1.1" 200 48
186.67.172.234 - - [01/Jun/2017:10:52:29 -0300] "POST /cormun/servlet/permisogoce?12a9114cd6cd3123d72ae9eacbee2a3c,INS,0,,,,gx-no-cache=1496321587806 HTTP/1.1" 200 93
186.67.172.234 - - [01/Jun/2017:10:52:50 -0300] "GET /cormun/servlet/hpexe_return? HTTP/1.1" 200 1026
186.67.172.234 - - [01/Jun/2017:10:52:50 -0300] "GET /cormun/servlet/trpermisosgoce?gx-no-cache=1496321463856 HTTP/1.1" 200 16404
186.67.172.234 - - [01/Jun/2017:10:52:50 -0300] "GET /cormun/servlet/trpermisosgoce?gx-no-cache=1496321463856 HTTP/1.1" 200 16418
186.67.172.234 - - [01/Jun/2017:10:52:58 -0300] "GET /cormun/servlet/permisogoce?UPD,16492824,P,20170601105154, HTTP/1.1" 200 6985
186.67.172.234 - - [01/Jun/2017:10:52:58 -0300] "GET /cormun/servlet/permisogoce?UPD,16492824,P,20170601105154, HTTP/1.1" 200 6963
186.67.172.234 - - [01/Jun/2017:10:52:58 -0300] "GET /cormun/servlet/permisogoce?b0caad826ac9a1ea25d433995e6edd147e2dedf6fc7be44a9aea8f49b93a4b0a18a55bd6946f8aea7112ef6cfab4ebe09edb69acdd9be80831b755879741c2bf,gx-no-cache=1496321617351 HTTP/1.1" 200 79
186.67.172.234 - - [01/Jun/2017:10:53:01 -0300] "GET /cormun/static/menuarrow.gif HTTP/1.1" 404 1015
186.67.172.234 - - [01/Jun/2017:10:53:14 -0300] "GET /cormun/servlet/permisogoce?b0caad826ac9a1ea25d433995e6edd14540fbace7f462d1ca720d70d3d2124c06463fa9c76878361ae87950678b37435458baaa13c5736ca3fbdd4c49ab98798,gx-no-cache=1496321632965 HTTP/1.1" 200 47
192.168.10.89 - - [01/Jun/2017:10:53:16 -0300] "GET /cormun/servlet/hlogin HTTP/1.1" 200 1737
186.67.172.234 - - [01/Jun/2017:10:53:21 -0300] "POST /cormun/servlet/permisogoce?12a9114cd6cd3123d72ae9eacbee2a3c,UPD,16492824,P,20170601105154,,gx-no-cache=1496321640270 HTTP/1.1" 200 93
200.86.95.220 - - [01/Jun/2017:10:53:44 -0300] "GET /cormun/servlet/trpermisosgoce?gx-no-cache=1496324926309 HTTP/1.1" 200 6031
200.86.95.220 - - [01/Jun/2017:10:53:44 -0300] "GET /cormun/static/gxui/gxui-all.css?110300 HTTP/1.1" 200 2179
200.86.95.220 - - [01/Jun/2017:10:53:44 -0300] "GET /cormun/static/calendar-system.css?75620 HTTP/1.1" 200 5572
200.86.95.220 - - [01/Jun/2017:10:53:44 -0300] "GET /cormun/static/SmoothNavMenu/resources/ddsmoothmenu.css?1012540 HTTP/1.1" 200 2223
200.86.95.220 - - [01/Jun/2017:10:53:44 -0300] "GET /cormun/static/SmoothNavMenu/resources/ddsmoothmenu-v.css?1012540 HTTP/1.1" 200 1188
200.86.95.220 - - [01/Jun/2017:10:53:44 -0300] "GET /cormun/static/scaMessage/css/jquery.pnotify.default.css?1716380 HTTP/1.1" 200 1707
200.86.95.220 - - [01/Jun/2017:10:53:44 -0300] "GET /cormun/static/Shared/jqueryui/jquery-ui.min.css?1245370 HTTP/1.1" 200 30288
200.86.95.220 - - [01/Jun/2017:10:53:45 -0300] "GET /cormun/static/gxtimezone.js?85251 HTTP/1.1" 200 5781
200.86.95.220 - - [01/Jun/2017:10:53:45 -0300] "GET /cormun/static/gxcfg.js?20175251265886 HTTP/1.1" 200 953
200.86.95.220 - - [01/Jun/2017:10:53:45 -0300] "GET /cormun/static/Resources/Spanish/PXTools.css?11423723 HTTP/1.1" 200 89042
200.86.95.220 - - [01/Jun/2017:10:53:45 -0300] "GET /cormun/static/calendar.js?85251 HTTP/1.1" 200 26246
200.86.95.220 - - [01/Jun/2017:10:53:45 -0300] "GET /cormun/static/calendar-setup.js?85251 HTTP/1.1" 200 2588
200.86.95.220 - - [01/Jun/2017:10:53:45 -0300] "GET /cormun/static/calendar-es.js?85251 HTTP/1.1" 200 1901
200.86.95.220 - - [01/Jun/2017:10:53:45 -0300] "GET /cormun/static/RunJS/RunJS.js HTTP/1.1" 200 288
200.86.95.220 - - [01/Jun/2017:10:53:45 -0300] "GET /cormun/static/PXToolsJavascripts/pexe_autoreload.js HTTP/1.1" 200 1762
200.86.95.220 - - [01/Jun/2017:10:53:45 -0300] "GET /cormun/static/PXToolsJavascripts/pexe_cookies.js HTTP/1.1" 200 792
200.86.95.220 - - [01/Jun/2017:10:53:45 -0300] "GET /cormun/static/PXToolsJavascripts/pexe_windows.js HTTP/1.1" 200 15207
200.86.95.220 - - [01/Jun/2017:10:53:45 -0300] "GET /cormun/static/PXToolsJavascripts/pexe_grid.js HTTP/1.1" 200 7559
200.86.95.220 - - [01/Jun/2017:10:53:45 -0300] "GET /cormun/static/PXToolsJavascripts/pexe_griddivfix.js HTTP/1.1" 200 6644
200.86.95.220 - - [01/Jun/2017:10:53:45 -0300] "GET /cormun/static/Shared/ext/resources/css/ext-all.css?205870 HTTP/1.1" 200 416045
200.86.95.220 - - [01/Jun/2017:10:53:45 -0300] "GET /cormun/static/PXToolsJavascripts/pexe_link.js HTTP/1.1" 200 5671
200.86.95.220 - - [01/Jun/2017:10:53:45 -0300] "GET /cormun/static/gxui/gxui-all.js HTTP/1.1" 200 107772
200.86.95.220 - - [01/Jun/2017:10:53:45 -0300] "GET /cormun/static/PXToolsJavascripts/pexe_menudivfix.js HTTP/1.1" 200 333
200.86.95.220 - - [01/Jun/2017:10:53:45 -0300] "GET /cormun/static/PXToolsJavascripts/pexe_menus.js HTTP/1.1" 200 1286
200.86.95.220 - - [01/Jun/2017:10:53:45 -0300] "GET /cormun/static/gxgral.js?85251 HTTP/1.1" 200 384558
200.86.95.220 - - [01/Jun/2017:10:53:45 -0300] "GET /cormun/static/PXToolsJavascripts/pexe_oavdivfix.js HTTP/1.1" 200 639
200.86.95.220 - - [01/Jun/2017:10:53:45 -0300] "GET /cormun/static/PXToolsJavascripts/pexe_picture.js HTTP/1.1" 200 689
200.86.95.220 - - [01/Jun/2017:10:53:45 -0300] "GET /cormun/static/PXToolsJavascripts/pexe_popup.js HTTP/1.1" 200 13458
200.86.95.220 - - [01/Jun/2017:10:53:45 -0300] "GET /cormun/static/PXToolsJavascripts/pexe_scrolldiv.js HTTP/1.1" 200 4138
200.86.95.220 - - [01/Jun/2017:10:53:45 -0300] "GET /cormun/static/PXToolsJavascripts/pexe_layers.js HTTP/1.1" 200 4114
200.86.95.220 - - [01/Jun/2017:10:53:45 -0300] "GET /cormun/static/PXToolsJavascripts/pexe_oav.js HTTP/1.1" 200 645
200.86.95.220 - - [01/Jun/2017:10:53:45 -0300] "GET /cormun/static/PXToolsJavascripts/pexe_tabdivfix.js HTTP/1.1" 200 876
200.86.95.220 - - [01/Jun/2017:10:53:45 -0300] "GET /cormun/static/PXToolsJavascripts/pexe_upload.js HTTP/1.1" 200 1423
200.86.95.220 - - [01/Jun/2017:10:53:45 -0300] "GET /cormun/static/PXToolsJavascripts/pexe_tabs.js HTTP/1.1" 200 3748
200.86.95.220 - - [01/Jun/2017:10:53:45 -0300] "GET /cormun/static/PXToolsJavascripts/PXToolsJavascriptsRender.js HTTP/1.1" 200 367
200.86.95.220 - - [01/Jun/2017:10:53:45 -0300] "GET /cormun/static/Shared/ext/locale/ext-lang-en.js HTTP/1.1" 200 10940
200.86.95.220 - - [01/Jun/2017:10:53:45 -0300] "GET /cormun/static/gxdec.js?85251 HTTP/1.1" 200 19579
200.86.95.220 - - [01/Jun/2017:10:53:45 -0300] "GET /cormun/static/messages.spa.js?85251 HTTP/1.1" 200 30736
200.86.95.220 - - [01/Jun/2017:10:53:45 -0300] "GET /cormun/static/trpermisosgoce.js?2017525127453 HTTP/1.1" 200 35904
200.86.95.220 - - [01/Jun/2017:10:53:45 -0300] "GET /cormun/static/hwchdr01.js?201752511465785 HTTP/1.1" 200 1183
200.86.95.220 - - [01/Jun/2017:10:53:45 -0300] "GET /cormun/static/hpexe_recentlink.js?201610171694390 HTTP/1.1" 200 2144
200.86.95.220 - - [01/Jun/2017:10:53:45 -0300] "GET /cormun/static/hpexe_scripts.js?201752511465715 HTTP/1.1" 200 1544
200.86.95.220 - - [01/Jun/2017:10:53:45 -0300] "GET /cormun/static/hpexe_messagecontroller.js?201610171694323 HTTP/1.1" 200 870
200.86.95.220 - - [01/Jun/2017:10:53:45 -0300] "GET /cormun/static/hpexe_messagepopupcomponent.js?20161017169425 HTTP/1.1" 200 605
200.86.95.220 - - [01/Jun/2017:10:53:45 -0300] "GET /cormun/static/hpexe_messagegenexuscomponent.js?201752511465344 HTTP/1.1" 200 587
200.86.95.220 - - [01/Jun/2017:10:53:46 -0300] "GET /cormun/static/cmcontrolpreferences.js?201752511465670 HTTP/1.1" 200 1375
200.86.95.220 - - [01/Jun/2017:10:53:46 -0300] "GET /cormun/static/Shared/jquery/jquery-1.4.2.min.js HTTP/1.1" 200 72174
200.86.95.220 - - [01/Jun/2017:10:53:46 -0300] "GET /cormun/static/SmoothNavMenu/resources/ddsmoothmenu.js HTTP/1.1" 200 12712
200.86.95.220 - - [01/Jun/2017:10:53:46 -0300] "GET /cormun/static/SmoothNavMenu/resources/SmoothNavMenuRender.js HTTP/1.1" 200 5951
200.86.95.220 - - [01/Jun/2017:10:53:46 -0300] "GET /cormun/static/scaMessage/js/jquery.pnotify.min.js HTTP/1.1" 200 13038
200.86.95.220 - - [01/Jun/2017:10:53:46 -0300] "GET /cormun/static/scaMessage/scaMessageRender.js HTTP/1.1" 200 11977
200.86.95.220 - - [01/Jun/2017:10:53:46 -0300] "GET /cormun/static/hmpwkw03.js?2017525121347 HTTP/1.1" 200 3965
200.86.95.220 - - [01/Jun/2017:10:53:46 -0300] "GET /cormun/static/Resources/logo4.png HTTP/1.1" 200 6582
200.86.95.220 - - [01/Jun/2017:10:53:46 -0300] "GET /cormun/static/Resources/PXToolsHeaderActionsLeft.png HTTP/1.1" 200 1118
200.86.95.220 - - [01/Jun/2017:10:53:46 -0300] "GET /cormun/static/Shared/jqueryui/jquery-ui.min.js HTTP/1.1" 200 240427
200.86.95.220 - - [01/Jun/2017:10:53:46 -0300] "GET /cormun/static/Resources/PXToolsHeaderHome.png HTTP/1.1" 200 4147
200.86.95.220 - - [01/Jun/2017:10:53:46 -0300] "GET /cormun/static/Resources/PXToolsHeaderLogin.png HTTP/1.1" 200 4279
200.86.95.220 - - [01/Jun/2017:10:53:46 -0300] "GET /cormun/static/Resources/PXToolsHeaderSecurity.png HTTP/1.1" 200 4166
200.86.95.220 - - [01/Jun/2017:10:53:46 -0300] "GET /cormun/static/Resources/PXToolsHeaderPreferences.png HTTP/1.1" 200 4189
200.86.95.220 - - [01/Jun/2017:10:53:46 -0300] "GET /cormun/static/Resources/PXToolsHeaderActionsRight.png HTTP/1.1" 200 1201
200.86.95.220 - - [01/Jun/2017:10:53:46 -0300] "GET /cormun/static/Resources/PXTools/calendar.png HTTP/1.1" 200 1306
200.86.95.220 - - [01/Jun/2017:10:53:46 -0300] "GET /cormun/static/Resources/PXToolsDataSearch.png HTTP/1.1" 200 419
200.86.95.220 - - [01/Jun/2017:10:53:46 -0300] "GET /cormun/static/Resources/PXToolsGridFirstDisabled.gif HTTP/1.1" 200 100
200.86.95.220 - - [01/Jun/2017:10:53:46 -0300] "GET /cormun/static/Resources/PXToolsGridNextDisabled.gif HTTP/1.1" 200 90
200.86.95.220 - - [01/Jun/2017:10:53:46 -0300] "GET /cormun/static/Resources/PXToolsGridPreviousDisabled.gif HTTP/1.1" 200 90
200.86.95.220 - - [01/Jun/2017:10:53:46 -0300] "GET /cormun/static/Resources/PXToolsGridLastDisabled.gif HTTP/1.1" 200 98
200.86.95.220 - - [01/Jun/2017:10:53:46 -0300] "GET /cormun/static/Resources/PXToolsActionExcel.png HTTP/1.1" 200 3187
200.86.95.220 - - [01/Jun/2017:10:53:46 -0300] "GET /cormun/static/Resources/PXToolsGridPage.gif HTTP/1.1" 200 725
200.86.95.220 - - [01/Jun/2017:10:53:46 -0300] "GET /cormun/static/Resources/PXToolsGridNew.png HTTP/1.1" 200 2949
200.86.95.220 - - [01/Jun/2017:10:53:46 -0300] "GET /cormun/static/Shared/jquery/jquery-1.10.2.min.js HTTP/1.1" 200 273199
200.86.95.220 - - [01/Jun/2017:10:53:47 -0300] "GET /cormun/static/Shared/ext/ext-all.js HTTP/1.1" 200 1289687
200.86.95.220 - - [01/Jun/2017:10:53:48 -0300] "GET /cormun/static/Resources/PXToolsFooterBackground2.png HTTP/1.1" 200 1172
200.86.95.220 - - [01/Jun/2017:10:53:48 -0300] "GET /cormun/static/Resources/PXToolsHeaderActionsBackground.png HTTP/1.1" 200 484
200.86.95.220 - - [01/Jun/2017:10:53:48 -0300] "GET /cormun/static/Resources/PXToolsDataTitle.png HTTP/1.1" 200 1173
200.86.95.220 - - [01/Jun/2017:10:53:48 -0300] "GET /cormun/static/Resources/PXToolsHeaderBackground2.png HTTP/1.1" 200 1174
200.86.95.220 - - [01/Jun/2017:10:53:48 -0300] "GET /cormun/static/Resources/indicator.gif HTTP/1.1" 200 1553
200.86.95.220 - - [01/Jun/2017:10:53:48 -0300] "GET /favicon.ico HTTP/1.1" 200 21630
200.86.95.220 - - [01/Jun/2017:10:53:48 -0300] "GET /cormun/servlet/trpermisosgoce?gx-no-cache=1496324926309 HTTP/1.1" 200 6062
200.86.95.220 - - [01/Jun/2017:10:53:48 -0300] "GET /cormun/static/Resources/desc.gif HTTP/1.1" 200 65
200.86.95.220 - - [01/Jun/2017:10:53:48 -0300] "GET /cormun/static/Resources/asc.gif HTTP/1.1" 200 67
200.86.95.220 - - [01/Jun/2017:10:53:48 -0300] "GET /cormun/servlet/hlogin HTTP/1.1" 200 1750
200.86.95.220 - - [01/Jun/2017:10:53:48 -0300] "GET /cormun/static/gxcfg.js?20175251213516 HTTP/1.1" 200 953
200.86.95.220 - - [01/Jun/2017:10:53:48 -0300] "GET /cormun/static/hlogin.js?20175251213537 HTTP/1.1" 200 2136
200.86.95.220 - - [01/Jun/2017:10:53:48 -0300] "GET /cormun/static/Resources/ComunLogin.png HTTP/1.1" 200 17326
200.86.95.220 - - [01/Jun/2017:10:53:49 -0300] "GET /cormun/static/Resources/PXToolsLoginBackground.png HTTP/1.1" 200 1164
200.86.95.220 - - [01/Jun/2017:10:53:49 -0300] "GET /cormun/static/Resources/PXToolsLoginTop.png HTTP/1.1" 200 1337
200.86.95.220 - - [01/Jun/2017:10:53:49 -0300] "GET /cormun/static/Resources/PXToolsButtonRight21.png HTTP/1.1" 200 1283
200.86.95.220 - - [01/Jun/2017:10:53:49 -0300] "GET /cormun/static/Resources/PXToolsButtonLeft21.png HTTP/1.1" 200 1287
200.86.95.220 - - [01/Jun/2017:10:53:49 -0300] "GET /cormun/static/Resources/PXToolsButtonBackground2.png HTTP/1.1" 200 1181
200.86.95.220 - - [01/Jun/2017:10:53:49 -0300] "GET /cormun/static/Resources/PXToolsLoginBottom.png HTTP/1.1" 200 1389
200.86.95.220 - - [01/Jun/2017:10:53:58 -0300] "POST /cormun/servlet/hlogin?3815f8bd73c26024a76f733280eb4622,gx-no-cache=1496325294824 HTTP/1.1" 200 90
200.86.95.220 - - [01/Jun/2017:10:53:59 -0300] "GET /cormun/servlet/hpexe_link HTTP/1.1" 200 968
200.86.95.220 - - [01/Jun/2017:10:53:59 -0300] "GET /cormun/static/hpexe_link.js?20175251212399 HTTP/1.1" 200 625
200.86.95.220 - - [01/Jun/2017:10:53:59 -0300] "GET /cormun/static/gxcfg.js?20175251212395 HTTP/1.1" 200 953
200.86.95.220 - - [01/Jun/2017:10:53:59 -0300] "GET /cormun/servlet/trpermisosgoce?gx-no-cache=1496324926309 HTTP/1.1" 200 9735
200.86.95.220 - - [01/Jun/2017:10:54:01 -0300] "GET /cormun//static/Resources/PXToolsActionDisabled.gif HTTP/1.1" 200 53
200.86.95.220 - - [01/Jun/2017:10:54:01 -0300] "GET /cormun//static/Resources/PXTools/ActionInsert.png HTTP/1.1" 200 1482
200.86.95.220 - - [01/Jun/2017:10:54:01 -0300] "GET /cormun//static/Resources/PXToolsGridDelete.png HTTP/1.1" 200 357
200.86.95.220 - - [01/Jun/2017:10:54:01 -0300] "GET /cormun//static/Resources/PXToolsGridDisplay.png HTTP/1.1" 200 362
200.86.95.220 - - [01/Jun/2017:10:54:01 -0300] "GET /cormun//static/Resources/PXToolsHeaderFavorites.png HTTP/1.1" 200 2744
200.86.95.220 - - [01/Jun/2017:10:54:01 -0300] "GET /cormun//static/Resources/PXToolsActionPrint.png HTTP/1.1" 200 3317
200.86.95.220 - - [01/Jun/2017:10:54:01 -0300] "GET /cormun//static/Resources/PXToolsHeaderHelp.png HTTP/1.1" 200 4055
