192.168.10.96 - - [01/Jun/2017:11:44:37 -0300] "POST /cormun/servlet/trlicenciasgenerales?074149f65953674566436946809ab3c2,,gx-no-cache=1496328278973 HTTP/1.1" 200 11014
186.103.159.188 - - [01/Jun/2017:11:44:38 -0300] "POST /cormun/servlet/trlicencias?2e2855c1861ea5ca90f40152b9581933,,gx-no-cache=1496328332935 HTTP/1.1" 200 3925
192.168.10.96 - - [01/Jun/2017:11:44:41 -0300] "POST /cormun/servlet/trlicenciasgenerales?074149f65953674566436946809ab3c2,,gx-no-cache=1496328283285 HTTP/1.1" 200 5773
186.103.159.188 - - [01/Jun/2017:11:44:42 -0300] "GET /cormun/servlet/trlicencias? HTTP/1.1" 200 6648
186.103.159.188 - - [01/Jun/2017:11:44:43 -0300] "GET /cormun/servlet/trlicencias? HTTP/1.1" 200 6648
192.168.10.96 - - [01/Jun/2017:11:44:44 -0300] "POST /cormun/servlet/trlicenciasgenerales?074149f65953674566436946809ab3c2,,gx-no-cache=1496328285802 HTTP/1.1" 200 6953
190.45.55.254 - - [01/Jun/2017:11:44:54 -0300] "POST /cormun/servlet/trautorizarsolicitud?1bc232eb0e1c19eb219af3e6c914c884,,gx-no-cache=1496328351395 HTTP/1.1" 200 115
190.45.55.254 - - [01/Jun/2017:11:44:54 -0300] "GET /cormun/servlet/solicitudotlog?INS,2017,6700,0,ANU, HTTP/1.1" 200 5926
190.45.55.254 - - [01/Jun/2017:11:44:54 -0300] "GET /cormun/static/gxcfg.js?201752511524564 HTTP/1.1" 200 953
190.45.55.254 - - [01/Jun/2017:11:44:54 -0300] "GET /cormun/static/solicitudotlog.js?201752511524577 HTTP/1.1" 200 8934
190.45.55.254 - - [01/Jun/2017:11:44:54 -0300] "GET /cormun/servlet/solicitudotlog?INS,2017,6700,0,ANU, HTTP/1.1" 200 5925
190.45.55.254 - - [01/Jun/2017:11:44:55 -0300] "GET /cormun/servlet/solicitudotlog?2c895ea444f4e0111fcc84967a391c2ede0e7a564a71d2c84b9f91d8e6ade33cebb59d1362e13cacb9f2536366f99728ba73cb2d67939a72040871e423aa6d5c7264eef54ed08d4a641ee4909f8bc62292df9db9221005a9835226066aa6180a11139f227889de32c64d830579d093057f93684032bc1e24caf71d4467a1b154a2710ba7eac9acc0922c310853f66cffa7765a39ff4f3844c9bf742ba7dae99a,gx-no-cache=1496328352537 HTTP/1.1" 200 94
192.168.10.96 - - [01/Jun/2017:11:44:55 -0300] "POST /cormun/servlet/trlicenciasgenerales?074149f65953674566436946809ab3c2,,gx-no-cache=1496328297518 HTTP/1.1" 200 5777
192.168.10.96 - - [01/Jun/2017:11:44:59 -0300] "POST /cormun/servlet/trlicenciasgenerales?074149f65953674566436946809ab3c2,,gx-no-cache=1496328301466 HTTP/1.1" 200 11013
186.103.159.44 - - [01/Jun/2017:11:45:00 -0300] "GET /cormun/servlet/hlogin HTTP/1.1" 200 1708
190.45.55.254 - - [01/Jun/2017:11:45:01 -0300] "POST /cormun/servlet/solicitudotlog?1bc232eb0e1c19eb219af3e6c914c884,INS,2017,6700,0,ANU,,gx-no-cache=1496328358207 HTTP/1.1" 200 93
190.45.55.254 - - [01/Jun/2017:11:45:01 -0300] "GET /cormun/servlet/hpexe_return? HTTP/1.1" 200 1025
190.45.55.254 - - [01/Jun/2017:11:45:01 -0300] "GET /cormun/servlet/trautorizarsolicitud HTTP/1.1" 200 8402
190.45.55.254 - - [01/Jun/2017:11:45:01 -0300] "GET /cormun/servlet/trautorizarsolicitud HTTP/1.1" 200 8398
186.103.159.188 - - [01/Jun/2017:11:45:11 -0300] "POST /cormun/servlet/trlicencias?2e2855c1861ea5ca90f40152b9581933,,gx-no-cache=1496328365867 HTTP/1.1" 200 7147
190.45.55.254 - - [01/Jun/2017:11:45:15 -0300] "GET /cormun/servlet/trsolicitudot? HTTP/1.1" 200 15979
186.103.159.44 - - [01/Jun/2017:11:45:15 -0300] "POST /cormun/servlet/hlogin?aacdbafaadd5ce794d6ffb17cdbffaf1,gx-no-cache=1496328364383 HTTP/1.1" 200 90
186.103.159.44 - - [01/Jun/2017:11:45:15 -0300] "GET /cormun/servlet/hpexe_link HTTP/1.1" 200 939
190.45.55.254 - - [01/Jun/2017:11:45:15 -0300] "GET /cormun/servlet/trsolicitudot? HTTP/1.1" 200 15979
186.103.159.44 - - [01/Jun/2017:11:45:15 -0300] "GET /cormun/servlet/hhome HTTP/1.1" 200 3773
186.103.159.188 - - [01/Jun/2017:11:45:20 -0300] "POST /cormun/servlet/trlicencias?2e2855c1861ea5ca90f40152b9581933,,gx-no-cache=1496328375492 HTTP/1.1" 200 3924
190.45.55.254 - - [01/Jun/2017:11:45:21 -0300] "POST /cormun/servlet/trsolicitudot?1bc232eb0e1c19eb219af3e6c914c884,,gx-no-cache=1496328377989 HTTP/1.1" 200 13054
186.103.159.44 - - [01/Jun/2017:11:45:21 -0300] "GET /cormun/servlet/trlicencias? HTTP/1.1" 200 10345
190.45.55.254 - - [01/Jun/2017:11:45:25 -0300] "POST /cormun/servlet/trsolicitudot?1bc232eb0e1c19eb219af3e6c914c884,,gx-no-cache=1496328382445 HTTP/1.1" 200 13054
192.168.10.96 - - [01/Jun/2017:11:45:28 -0300] "POST /cormun/servlet/trlicenciasgenerales?074149f65953674566436946809ab3c2,,gx-no-cache=1496328330231 HTTP/1.1" 200 5776
186.103.159.44 - - [01/Jun/2017:11:45:29 -0300] "GET /cormun/servlet/trlicenciaspermisosadjuntos?11274563,20170601000000,L, HTTP/1.1" 200 6120
190.45.55.254 - - [01/Jun/2017:11:45:30 -0300] "GET /cormun/servlet/trsolicitudot? HTTP/1.1" 200 15979
192.168.10.96 - - [01/Jun/2017:11:45:31 -0300] "POST /cormun/servlet/trlicenciasgenerales?074149f65953674566436946809ab3c2,,gx-no-cache=1496328332897 HTTP/1.1" 200 6953
190.45.55.254 - - [01/Jun/2017:11:45:31 -0300] "GET /cormun/servlet/trsolicitudot? HTTP/1.1" 200 15979
186.103.159.44 - - [01/Jun/2017:11:45:32 -0300] "GET /cormun/servlet/licenciaspermisosadjuntos?INS,11274563,L,20170601000000,, HTTP/1.1" 200 5420
186.103.159.44 - - [01/Jun/2017:11:45:33 -0300] "HEAD /cormun/static/about:blank HTTP/1.1" 404 -
192.168.10.96 - - [01/Jun/2017:11:45:35 -0300] "POST /cormun/servlet/trlicenciasgenerales?074149f65953674566436946809ab3c2,,gx-no-cache=1496328337645 HTTP/1.1" 200 12409
186.103.159.44 - - [01/Jun/2017:11:45:52 -0300] "POST /cormun/servlet/licenciaspermisosadjuntos?aacdbafaadd5ce794d6ffb17cdbffaf1,INS,11274563,L,20170601000000,, HTTP/1.1" 200 116
186.103.159.44 - - [01/Jun/2017:11:45:52 -0300] "GET /cormun/servlet/hpexe_return? HTTP/1.1" 200 1031
186.103.159.188 - - [01/Jun/2017:11:45:52 -0300] "GET /cormun/servlet/trlicencias? HTTP/1.1" 200 6649
186.103.159.44 - - [01/Jun/2017:11:45:52 -0300] "GET /cormun/servlet/trlicenciaspermisosadjuntos?11274563,20170601000000,L, HTTP/1.1" 200 6636
186.103.159.188 - - [01/Jun/2017:11:45:52 -0300] "GET /cormun/servlet/trlicencias? HTTP/1.1" 200 6649
186.103.159.44 - - [01/Jun/2017:11:45:53 -0300] "GET /cormun/PublicTempStorage/licencia_medica_maria_cecilia8317991.pdf HTTP/1.1" 200 887509
186.103.159.44 - - [01/Jun/2017:11:45:57 -0300] "GET /cormun/servlet/trlicencias? HTTP/1.1" 200 10343
186.103.159.44 - - [01/Jun/2017:11:46:04 -0300] "POST /cormun/servlet/trlicencias?aacdbafaadd5ce794d6ffb17cdbffaf1,,gx-no-cache=1496328413346 HTTP/1.1" 200 7785
186.103.159.44 - - [01/Jun/2017:11:46:05 -0300] "GET /cormun/static/Shared/jqueryui/images/ui-bg_highlight-soft_100_c6c2c8_1x100.png HTTP/1.1" 404 1117
186.103.159.44 - - [01/Jun/2017:11:46:05 -0300] "GET /cormun/static/Shared/jqueryui/images/ui-icons_8d78a5_256x240.png HTTP/1.1" 404 1089
186.103.159.44 - - [01/Jun/2017:11:46:05 -0300] "GET /cormun/static/Shared/jqueryui/images/ui-bg_flat_55_fafafa_40x100.png HTTP/1.1" 404 1097
186.103.159.44 - - [01/Jun/2017:11:46:05 -0300] "GET /cormun/static/Shared/jqueryui/images/ui-icons_82798d_256x240.png HTTP/1.1" 404 1089
192.168.10.96 - - [01/Jun/2017:11:46:11 -0300] "POST /cormun/servlet/trlicenciasgenerales?074149f65953674566436946809ab3c2,,gx-no-cache=1496328373639 HTTP/1.1" 200 5774
192.168.10.96 - - [01/Jun/2017:11:46:15 -0300] "POST /cormun/servlet/trlicenciasgenerales?074149f65953674566436946809ab3c2,,gx-no-cache=1496328377233 HTTP/1.1" 200 5777
192.168.10.96 - - [01/Jun/2017:11:46:18 -0300] "POST /cormun/servlet/trlicenciasgenerales?074149f65953674566436946809ab3c2,,gx-no-cache=1496328379858 HTTP/1.1" 200 11014
192.168.10.96 - - [01/Jun/2017:11:46:26 -0300] "POST /cormun/servlet/trlicenciasgenerales?074149f65953674566436946809ab3c2,,gx-no-cache=1496328387913 HTTP/1.1" 200 12404
186.79.240.243 - - [01/Jun/2017:11:47:25 -0300] "POST /cormun/servlet/acontrolpreferencessavestate?None,CD-16,true HTTP/1.1" 200 35
40.77.167.84 - - [01/Jun/2017:11:48:39 -0300] "GET /cormunbeta/servlet/contratoobservaciongral?UPD,201609,449,13568602,ENOR,_escaped_fragment_%3D HTTP/1.1" 200 4993
192.168.10.89 - - [01/Jun/2017:11:50:19 -0300] "POST /cormun/servlet/hlogin?b2e3f9dd7914d6654280c837bc264070,gx-no-cache=1496328621031 HTTP/1.1" 440 972
192.168.10.89 - - [01/Jun/2017:11:50:20 -0300] "GET /cormun/servlet/hlogin HTTP/1.1" 200 1733
192.168.10.89 - - [01/Jun/2017:11:50:20 -0300] "GET /cormun/static/gxcfg.js?20175251213516 HTTP/1.1" 304 -
190.45.55.254 - - [01/Jun/2017:11:50:21 -0300] "GET /cormun/servlet/trsolicitudot? HTTP/1.1" 200 15985
190.45.55.254 - - [01/Jun/2017:11:50:21 -0300] "GET /cormun/servlet/trsolicitudot? HTTP/1.1" 200 15979
190.45.55.254 - - [01/Jun/2017:11:50:25 -0300] "GET /cormun/servlet/trautorizarsolicitud? HTTP/1.1" 200 8398
190.45.55.254 - - [01/Jun/2017:11:50:25 -0300] "GET /cormun/servlet/trautorizarsolicitud? HTTP/1.1" 200 8398
66.249.64.71 - - [01/Jun/2017:11:50:28 -0300] "GET /robots.txt HTTP/1.1" 404 981
66.249.64.66 - - [01/Jun/2017:11:50:28 -0300] "GET /cormun/static/Resources/ComunLogin.png HTTP/1.1" 304 -
190.45.55.254 - - [01/Jun/2017:11:50:33 -0300] "POST /cormun/servlet/trautorizarsolicitud?1bc232eb0e1c19eb219af3e6c914c884,,gx-no-cache=1496328689969 HTTP/1.1" 200 4363
190.45.55.254 - - [01/Jun/2017:11:50:33 -0300] "GET /cormun/static/Shared/jqueryui/images/ui-bg_highlight-soft_100_c6c2c8_1x100.png HTTP/1.1" 404 1117
190.45.55.254 - - [01/Jun/2017:11:50:33 -0300] "GET /cormun/static/Shared/jqueryui/images/ui-icons_82798d_256x240.png HTTP/1.1" 404 1089
190.45.55.254 - - [01/Jun/2017:11:50:33 -0300] "GET /cormun/static/Shared/jqueryui/images/ui-bg_flat_55_fafafa_40x100.png HTTP/1.1" 404 1097
190.45.55.254 - - [01/Jun/2017:11:50:33 -0300] "GET /cormun/static/Shared/jqueryui/images/ui-icons_8d78a5_256x240.png HTTP/1.1" 404 1089
190.45.55.254 - - [01/Jun/2017:11:50:33 -0300] "POST /cormun/servlet/trautorizarsolicitud?1bc232eb0e1c19eb219af3e6c914c884,,gx-no-cache=1496328690239 HTTP/1.1" 200 4117
192.168.10.89 - - [01/Jun/2017:11:50:34 -0300] "POST /cormun/servlet/hlogin?b719e4b9f8ccc64fb03d037ac624d284,gx-no-cache=1496328636153 HTTP/1.1" 200 90
192.168.10.89 - - [01/Jun/2017:11:50:34 -0300] "GET /cormun/servlet/hpexe_link HTTP/1.1" 200 954
192.168.10.89 - - [01/Jun/2017:11:50:34 -0300] "GET /cormun/static/gxcfg.js?20175251212395 HTTP/1.1" 304 -
192.168.10.89 - - [01/Jun/2017:11:50:34 -0300] "GET /cormun/servlet/hhome HTTP/1.1" 200 4528
192.168.10.89 - - [01/Jun/2017:11:50:34 -0300] "GET /cormun/static/gxcfg.js?20175251212442 HTTP/1.1" 304 -
192.168.10.89 - - [01/Jun/2017:11:50:37 -0300] "GET /cormun/servlet/trsolicitudgral? HTTP/1.1" 200 25494
192.168.10.89 - - [01/Jun/2017:11:50:37 -0300] "GET /cormun/static/gxcfg.js?201742615501069 HTTP/1.1" 304 -
192.168.10.89 - - [01/Jun/2017:11:50:45 -0300] "GET /cormun/servlet/solicitudgral3?UPD,2017,6700, HTTP/1.1" 200 13178
192.168.10.89 - - [01/Jun/2017:11:50:46 -0300] "POST /cormun/servlet/solicitudgral3?gx-no-cache=1496328648759 HTTP/1.1" 200 3344
192.168.10.89 - - [01/Jun/2017:11:50:47 -0300] "GET /cormun/servlet/solicitudgral3?ac546e4fcc1dd416757819d54f7edaa06fba55c1bc437e0572bf556f0091d9335ef0591372cd4fd2cf01a054d34ac8ee913d6a77d3c2158acd2836909fedd39e7bd4457d532b45f570d761766344c81173ec119b967c3bbc0f1be8ddf7d5537c4fc3a59254697a16c2a6d11a8af0f7f89fbe2f697871ed694ba0f3c0c7973e7a7cb1ee1af63f736deb3f4f8b6e4ef44bd6a74916c5f92c4843e5eef6e9d7b477343d3d2b28b2ef28fe83e6eeb83f8feaed76869a63b25e52538dd9cbf5a3caa0527b350272e914fcd2e7cfe4d7871e2c0d23ab78a3304e6f534572b65a1c2b214bafdb7bd0009dd32c81efc46d73a5bed7139408ca0af55d5a663062a926871b7112077de58b8549dadb6828504b7cf1e35908651dce48e11ac9b8c97ec914eb0b9b566ee2e6b3dbd065031a304d4ab76a0b8c6ee5c0198bb2ab6071aba4d70085845b03c145559658727517636ee7c1,gx-no-cache=1496328648976 HTTP/1.1" 200 242
192.168.10.89 - - [01/Jun/2017:11:50:47 -0300] "POST /cormun/servlet/solicitudgral3?gx-no-cache=1496328649006 HTTP/1.1" 200 1363
192.168.10.89 - - [01/Jun/2017:11:50:47 -0300] "GET /cormun/servlet/solicitudgral3?ac546e4fcc1dd416757819d54f7edaa01993698bb1cd643c75b5a285f10337bbbe3cb2ee5a759746016df895318e1d9b913d6a77d3c2158acd2836909fedd39ea3b09293b90a7d9698eacbd949691dfc55926b424639b179ba1c5599a2f23ae5c2cf7afa3a62526d05d1b59a75be4ecc14ee6ba7f7aa811f361046496a245d14,gx-no-cache=1496328649105 HTTP/1.1" 200 41
192.168.10.89 - - [01/Jun/2017:11:50:57 -0300] "POST /cormun/servlet/solicitudgral3?b719e4b9f8ccc64fb03d037ac624d284,UPD,2017,6700,,gx-no-cache=1496328659414 HTTP/1.1" 200 11137
192.168.10.89 - - [01/Jun/2017:11:50:58 -0300] "GET /cormun/servlet/solicitudgral3?ac546e4fcc1dd416757819d54f7edaa0ec9811e06ef70164a8e4a08337edbdb4c1d69a83a6b4c26c71a387c9847d06c2365da8bcde3df26743ecf040fbd2bd0ec5c79c8c5a70a4eb7730d9ce2ad259c1c7f2b6fad002ae1d86f7ec30326786f19705f5c6c874916524823ce2c044cb59ba3e25f2a294b27856874a0e6318d70a393f426cc2ea7b01580524cf307eedfcd8938123db282441c61bc0055cf95ead,gx-no-cache=1496328660071 HTTP/1.1" 200 29
192.168.10.89 - - [01/Jun/2017:11:50:58 -0300] "POST /cormun/servlet/solicitudgral3?gx-no-cache=1496328660097 HTTP/1.1" 200 1257
192.168.10.89 - - [01/Jun/2017:11:50:58 -0300] "POST /cormun/servlet/solicitudgral3?gx-no-cache=1496328660138 HTTP/1.1" 200 1160
192.168.10.89 - - [01/Jun/2017:11:51:01 -0300] "GET /cormun/servlet/solicitudgral3?ac546e4fcc1dd416757819d54f7edaa0ec9811e06ef70164a8e4a08337edbdb4c1d69a83a6b4c26c71a387c9847d06c20cc400608fe1f5dff3c5e7d1cd9f408dc5c79c8c5a70a4eb7730d9ce2ad259c1c7f2b6fad002ae1d86f7ec30326786f19705f5c6c874916524823ce2c044cb59ba3e25f2a294b27856874a0e6318d70a393f426cc2ea7b01580524cf307eedfcd8938123db282441c61bc0055cf95ead,gx-no-cache=1496328663036 HTTP/1.1" 200 30
192.168.10.89 - - [01/Jun/2017:11:51:02 -0300] "POST /cormun/servlet/solicitudgral3?gx-no-cache=1496328664208 HTTP/1.1" 200 1257
192.168.10.89 - - [01/Jun/2017:11:51:02 -0300] "POST /cormun/servlet/solicitudgral3?gx-no-cache=1496328664250 HTTP/1.1" 200 1160
192.168.10.89 - - [01/Jun/2017:11:51:12 -0300] "GET /cormun/servlet/solicitudgral3?ac546e4fcc1dd416757819d54f7edaa06f813d8c974b83540a20c6540501a4d99beb15a0c42e93ad3d7c11e514afbfd2f55a0b8732c1c2108aa64d10ff079fc46a0b8c6ee5c0198bb2ab6071aba4d700718b5742dbbb646602f70afa99438e66b8aa31e3f39049fd59dea9167ecef9f878eedc1e669b77628794df159aca42cc9e9483111273b283e8bf98ba7c85e58e,gx-no-cache=1496328674011 HTTP/1.1" 200 30
192.168.10.89 - - [01/Jun/2017:11:51:12 -0300] "POST /cormun/servlet/solicitudgral3?b719e4b9f8ccc64fb03d037ac624d284,UPD,2017,6700,,gx-no-cache=1496328674066 HTTP/1.1" 200 93
192.168.10.89 - - [01/Jun/2017:11:51:12 -0300] "GET /cormun/servlet/hpexe_return? HTTP/1.1" 200 1017
192.168.10.89 - - [01/Jun/2017:11:51:13 -0300] "GET /cormun/servlet/trsolicitudgral HTTP/1.1" 200 25497
192.168.10.89 - - [01/Jun/2017:11:51:22 -0300] "POST /cormun/servlet/trsolicitudgral?b719e4b9f8ccc64fb03d037ac624d284,gx-no-cache=1496328683537 HTTP/1.1" 200 22771
192.168.10.89 - - [01/Jun/2017:11:51:24 -0300] "GET /cormun/static/Shared/jqueryui/images/ui-icons_8d78a5_256x240.png HTTP/1.1" 404 1089
192.168.10.89 - - [01/Jun/2017:11:51:24 -0300] "GET /cormun/static/Shared/jqueryui/images/ui-bg_highlight-soft_100_c6c2c8_1x100.png HTTP/1.1" 404 1117
192.168.10.89 - - [01/Jun/2017:11:51:24 -0300] "GET /cormun/static/Shared/jqueryui/images/ui-bg_flat_55_fafafa_40x100.png HTTP/1.1" 404 1097
192.168.10.89 - - [01/Jun/2017:11:51:24 -0300] "GET /cormun/static/Shared/jqueryui/images/ui-icons_82798d_256x240.png HTTP/1.1" 404 1089
192.168.10.89 - - [01/Jun/2017:11:51:45 -0300] "POST /cormun/servlet/trsolicitudgral?b719e4b9f8ccc64fb03d037ac624d284,gx-no-cache=1496328707218 HTTP/1.1" 200 22768
186.103.156.24 - - [01/Jun/2017:11:57:25 -0300] "GET /cormun/servlet/licenciaspermisos?INS,0,,, HTTP/1.1" 200 7443
186.103.156.24 - - [01/Jun/2017:11:57:25 -0300] "GET /cormun/static/gxcfg.js?201752220471843 HTTP/1.1" 200 953
186.103.156.24 - - [01/Jun/2017:11:57:25 -0300] "GET /cormun/static/licenciaspermisos.js?201752220471934 HTTP/1.1" 200 35774
186.103.156.24 - - [01/Jun/2017:11:57:35 -0300] "GET /cormun/servlet/hlogin HTTP/1.1" 200 1722
186.103.156.24 - - [01/Jun/2017:11:57:50 -0300] "POST /cormun/servlet/hlogin?32077a917b7ae113ce4038fcd7ab7901,gx-no-cache=1496329127724 HTTP/1.1" 200 90
186.103.156.24 - - [01/Jun/2017:11:57:51 -0300] "GET /cormun/servlet/hpexe_link HTTP/1.1" 200 969
186.103.156.24 - - [01/Jun/2017:11:57:51 -0300] "GET /cormun/servlet/licenciaspermisos?INS,0,,, HTTP/1.1" 200 7445
186.103.156.24 - - [01/Jun/2017:11:57:51 -0300] "GET /cormun/servlet/licenciaspermisos?INS,0,,, HTTP/1.1" 200 7441
186.103.156.24 - - [01/Jun/2017:11:57:58 -0300] "GET /cormun/servlet/trlicencias? HTTP/1.1" 200 13243
186.103.156.24 - - [01/Jun/2017:11:57:58 -0300] "GET /cormun/servlet/trlicencias? HTTP/1.1" 200 13234
186.103.156.24 - - [01/Jun/2017:11:58:01 -0300] "GET /cormun/static/menuarrow.gif HTTP/1.1" 404 1015
186.103.156.24 - - [01/Jun/2017:11:58:58 -0300] "POST /cormun/servlet/trlicencias?32077a917b7ae113ce4038fcd7ab7901,,gx-no-cache=1496329194551 HTTP/1.1" 200 4145
186.103.156.24 - - [01/Jun/2017:11:59:15 -0300] "GET /cormun/servlet/licenciaspermisos?INS,0,,, HTTP/1.1" 200 7443
186.103.156.24 - - [01/Jun/2017:11:59:15 -0300] "GET /cormun/servlet/licenciaspermisos?INS,0,,, HTTP/1.1" 200 7441
186.103.156.24 - - [01/Jun/2017:11:59:18 -0300] "GET /cormun/servlet/prfichaempleado?,MD,,gxPopupLevel%3D0%3B HTTP/1.1" 200 8851
186.103.156.24 - - [01/Jun/2017:11:59:40 -0300] "POST /cormun/servlet/prfichaempleado?32077a917b7ae113ce4038fcd7ab7901,,MD,,gxPopupLevel%3D0%3B,gx-no-cache=1496329237366 HTTP/1.1" 200 3403
186.103.156.24 - - [01/Jun/2017:11:59:46 -0300] "GET /cormun/servlet/licenciaspermisos?d91e673350416d57a45120988a803ddbadeb5d475868391fb94722d1f8a6389c83acea090c97dc300b8c176d236524c3,gx-no-cache=1496329243336 HTTP/1.1" 200 79
186.103.156.24 - - [01/Jun/2017:11:59:46 -0300] "POST /cormun/servlet/licenciaspermisos?32077a917b7ae113ce4038fcd7ab7901,INS,0,,,,gx-no-cache=1496329243392 HTTP/1.1" 200 4692
186.103.156.24 - - [01/Jun/2017:12:00:31 -0300] "GET /cormun/static/menuarrow.gif HTTP/1.1" 404 1015
186.79.240.243 - - [01/Jun/2017:12:01:16 -0300] "GET /cormun/servlet/permisogoce?INS,0,,, HTTP/1.1" 200 6645
186.79.240.243 - - [01/Jun/2017:12:01:16 -0300] "GET /cormun/static/gxcfg.js?201752511545264 HTTP/1.1" 304 -
186.79.240.243 - - [01/Jun/2017:12:01:17 -0300] "GET /cormun/servlet/permisogoce?INS,0,,, HTTP/1.1" 200 6645
186.79.240.243 - - [01/Jun/2017:12:01:20 -0300] "GET /cormun/servlet/prfichaempleado?,MD,,gxPopupLevel%3D0%3B HTTP/1.1" 200 8816
186.79.240.243 - - [01/Jun/2017:12:01:21 -0300] "GET /cormun/static/gxcfg.js?2017319125415 HTTP/1.1" 304 -
186.79.240.243 - - [01/Jun/2017:12:02:43 -0300] "POST /cormun/servlet/prfichaempleado?533d362f4f3f548985e8cb5bf4ae3c65,,MD,,gxPopupLevel%3D0%3B,gx-no-cache=1496329423477 HTTP/1.1" 200 3183
186.79.240.243 - - [01/Jun/2017:12:03:07 -0300] "POST /cormun/servlet/prfichaempleado?533d362f4f3f548985e8cb5bf4ae3c65,,MD,,gxPopupLevel%3D0%3B,gx-no-cache=1496329447320 HTTP/1.1" 200 3183
186.103.156.24 - - [01/Jun/2017:12:05:01 -0300] "GET /cormun/servlet/licenciaspermisos?d91e673350416d57a45120988a803ddbf4149e2145a6d4cd4be5b237a740bd2a24a325b6ec2060c8032cd0fab859017d05d264d74f4b3e833fc0f8fa9043ca6af756de9f6733a32dcaa085556cc3494519d7cc5d7edc800d7ace7d4637fb5bc4453798b5772f42e06601117f8a78ee20181fdb947ae3939974afe02f914dd76e0aa4f880e73ba73d2f154f11c1c169c3f13cc217e766a0c623b225acead4179df4c09d233aa6eab21e09e17bd76f087f2a61dbf612ad3acc95dfb1c72b899fd4d79bdd8aa02f8b382dd6831753a3f24bd26dd9f3a8cfb39fbc4158854ead3082,gx-no-cache=1496329557998 HTTP/1.1" 200 30
186.103.156.24 - - [01/Jun/2017:12:05:01 -0300] "GET /cormun/servlet/licenciaspermisos?d91e673350416d57a45120988a803ddb75b8ac29191f75699f13edb44d59af9b622d05d05a935bb95da46cf247529b247b2c94cfb466e32c53d9a0c9dae40f908b5346fd6bbfd61e461195395976a1a2e3cba6f9954d7be0d1bc10f7064cb2494668cb2dde5685c939529560e00a13ff2d2705e9284766a9c320624652957f1d3d0174be263279df0ae921baa09f11421fdc30e588070cab8e430d2be7befe8731975f724a9ea9ed2c75c77977532f249949d386f8b97c7188e331f688d3f63b31326ec0359bd2471c8f4e87a774e56b750f8c8415f6a15401a7169cca15f8fb,gx-no-cache=1496329558075 HTTP/1.1" 200 29
186.103.156.24 - - [01/Jun/2017:12:05:01 -0300] "POST /cormun/servlet/licenciaspermisos?32077a917b7ae113ce4038fcd7ab7901,INS,0,,,,gx-no-cache=1496329558117 HTTP/1.1" 200 93
186.103.156.24 - - [01/Jun/2017:12:05:01 -0300] "GET /cormun/servlet/hpexe_return? HTTP/1.1" 200 1014
186.103.156.24 - - [01/Jun/2017:12:05:01 -0300] "GET /cormun/servlet/trlicencias? HTTP/1.1" 200 6973
186.103.156.24 - - [01/Jun/2017:12:05:02 -0300] "GET /cormun/servlet/trlicencias? HTTP/1.1" 200 6964
186.79.240.243 - - [01/Jun/2017:12:05:04 -0300] "GET /cormun/servlet/hlogin HTTP/1.1" 200 1742
186.79.240.243 - - [01/Jun/2017:12:05:04 -0300] "GET /cormun/static/gxcfg.js?20175251213516 HTTP/1.1" 304 -
186.79.240.243 - - [01/Jun/2017:12:05:08 -0300] "GET /cormun/servlet/hlogin HTTP/1.1" 200 1742
186.79.240.243 - - [01/Jun/2017:12:05:08 -0300] "GET /favicon.ico HTTP/1.1" 200 21630
186.79.240.243 - - [01/Jun/2017:12:05:57 -0300] "POST /cormun/servlet/hlogin?533d362f4f3f548985e8cb5bf4ae3c65,gx-no-cache=1496329617376 HTTP/1.1" 200 90
186.79.240.243 - - [01/Jun/2017:12:05:57 -0300] "GET /cormun/servlet/hpexe_link HTTP/1.1" 200 961
186.79.240.243 - - [01/Jun/2017:12:05:57 -0300] "GET /cormun/static/gxcfg.js?20175251212395 HTTP/1.1" 304 -
186.79.240.243 - - [01/Jun/2017:12:05:58 -0300] "GET /cormun/servlet/prfichaempleado?,MD, HTTP/1.1" 200 8809
186.103.156.24 - - [01/Jun/2017:12:06:12 -0300] "GET /cormun/servlet/licenciaspermisos?INS,0,,, HTTP/1.1" 200 7443
186.103.156.24 - - [01/Jun/2017:12:06:12 -0300] "GET /cormun/servlet/licenciaspermisos?INS,0,,, HTTP/1.1" 200 7441
186.79.240.243 - - [01/Jun/2017:12:06:18 -0300] "POST /cormun/servlet/prfichaempleado?533d362f4f3f548985e8cb5bf4ae3c65,,MD,,gx-no-cache=1496329638625 HTTP/1.1" 200 3381
186.103.156.24 - - [01/Jun/2017:12:06:21 -0300] "GET /cormun/servlet/prfichaempleado?,MD,,gxPopupLevel%3D0%3B HTTP/1.1" 200 8851
186.79.240.243 - - [01/Jun/2017:12:06:25 -0300] "GET /cormun/servlet/hlogin HTTP/1.1" 200 1742
186.103.156.24 - - [01/Jun/2017:12:06:34 -0300] "POST /cormun/servlet/prfichaempleado?32077a917b7ae113ce4038fcd7ab7901,,MD,,gxPopupLevel%3D0%3B,gx-no-cache=1496329651279 HTTP/1.1" 200 3403
186.103.156.24 - - [01/Jun/2017:12:06:38 -0300] "GET /cormun/servlet/licenciaspermisos?d91e673350416d57a45120988a803ddbadeb5d475868391fb94722d1f8a6389c83acea090c97dc300b8c176d236524c3,gx-no-cache=1496329655464 HTTP/1.1" 200 79
186.103.156.24 - - [01/Jun/2017:12:06:38 -0300] "POST /cormun/servlet/licenciaspermisos?32077a917b7ae113ce4038fcd7ab7901,INS,0,,,,gx-no-cache=1496329655495 HTTP/1.1" 200 4692
186.103.156.24 - - [01/Jun/2017:12:06:53 -0300] "GET /cormun/static/menuarrow.gif HTTP/1.1" 404 1015
186.103.156.24 - - [01/Jun/2017:12:08:39 -0300] "GET /cormun/servlet/licenciaspermisos?d91e673350416d57a45120988a803ddbf4149e2145a6d4cd4be5b237a740bd2a24a325b6ec2060c8032cd0fab859017d05d264d74f4b3e833fc0f8fa9043ca6af756de9f6733a32dcaa085556cc3494519d7cc5d7edc800d7ace7d4637fb5bc4453798b5772f42e06601117f8a78ee20181fdb947ae3939974afe02f914dd76e0aa4f880e73ba73d2f154f11c1c169c3f13cc217e766a0c623b225acead4179df4c09d233aa6eab21e09e17bd76f087f2a61dbf612ad3acc95dfb1c72b899fd4d79bdd8aa02f8b382dd6831753a3f24bd26dd9f3a8cfb39fbc4158854ead3082,gx-no-cache=1496329776523 HTTP/1.1" 200 30
186.103.156.24 - - [01/Jun/2017:12:08:39 -0300] "GET /cormun/servlet/licenciaspermisos?d91e673350416d57a45120988a803ddb75b8ac29191f75699f13edb44d59af9b622d05d05a935bb95da46cf247529b247b2c94cfb466e32c53d9a0c9dae40f908b5346fd6bbfd61e461195395976a1a2e3cba6f9954d7be0d1bc10f7064cb2494668cb2dde5685c939529560e00a13ff2d2705e9284766a9c320624652957f1d3d0174be263279df0ae921baa09f11421fdc30e588070cab8e430d2be7befe8731975f724a9ea9ed2c75c77977532f249949d386f8b97c7188e331f688d3f63b31326ec0359bd2471c8f4e87a774e56b750f8c8415f6a15401a7169cca15f8fb,gx-no-cache=1496329776553 HTTP/1.1" 200 29
186.103.156.24 - - [01/Jun/2017:12:08:39 -0300] "POST /cormun/servlet/licenciaspermisos?32077a917b7ae113ce4038fcd7ab7901,INS,0,,,,gx-no-cache=1496329776573 HTTP/1.1" 200 4823
186.103.156.24 - - [01/Jun/2017:12:08:39 -0300] "GET /cormun/static/Shared/jqueryui/images/ui-bg_highlight-soft_100_c6c2c8_1x100.png HTTP/1.1" 404 1117
186.103.156.24 - - [01/Jun/2017:12:08:39 -0300] "GET /cormun/static/Shared/jqueryui/images/ui-icons_82798d_256x240.png HTTP/1.1" 404 1089
186.103.156.24 - - [01/Jun/2017:12:08:39 -0300] "GET /cormun/static/Shared/jqueryui/images/ui-bg_flat_55_994d53_40x100.png HTTP/1.1" 404 1097
186.103.156.24 - - [01/Jun/2017:12:08:39 -0300] "GET /cormun/static/Shared/jqueryui/images/ui-icons_ebccce_256x240.png HTTP/1.1" 404 1089
186.103.156.24 - - [01/Jun/2017:12:08:44 -0300] "POST /cormun/servlet/licenciaspermisos?32077a917b7ae113ce4038fcd7ab7901,INS,0,,,,gx-no-cache=1496329780970 HTTP/1.1" 200 90
186.103.156.24 - - [01/Jun/2017:12:08:44 -0300] "GET /cormun/servlet/hpexe_link HTTP/1.1" 200 968
186.103.156.24 - - [01/Jun/2017:12:08:44 -0300] "GET /cormun/servlet/trlicencias HTTP/1.1" 200 6965
186.103.156.24 - - [01/Jun/2017:12:08:44 -0300] "GET /cormun/servlet/trlicencias HTTP/1.1" 200 6963
186.103.156.24 - - [01/Jun/2017:12:09:44 -0300] "GET /cormun/servlet/licenciaspermisos?INS,0,,, HTTP/1.1" 200 7443
186.103.156.24 - - [01/Jun/2017:12:09:45 -0300] "GET /cormun/servlet/licenciaspermisos?INS,0,,, HTTP/1.1" 200 7441
186.103.156.24 - - [01/Jun/2017:12:09:50 -0300] "GET /cormun/servlet/prfichaempleado?,MD,,gxPopupLevel%3D0%3B HTTP/1.1" 200 8851
186.103.156.24 - - [01/Jun/2017:12:10:03 -0300] "POST /cormun/servlet/prfichaempleado?32077a917b7ae113ce4038fcd7ab7901,,MD,,gxPopupLevel%3D0%3B,gx-no-cache=1496329859909 HTTP/1.1" 200 3405
186.103.156.24 - - [01/Jun/2017:12:10:05 -0300] "GET /cormun/servlet/licenciaspermisos?d91e673350416d57a45120988a803ddbadeb5d475868391fb94722d1f8a6389c83acea090c97dc300b8c176d236524c3,gx-no-cache=1496329862557 HTTP/1.1" 200 79
186.103.156.24 - - [01/Jun/2017:12:10:06 -0300] "POST /cormun/servlet/licenciaspermisos?32077a917b7ae113ce4038fcd7ab7901,INS,0,,,,gx-no-cache=1496329862634 HTTP/1.1" 200 4691
186.103.156.24 - - [01/Jun/2017:12:10:23 -0300] "GET /cormun/static/menuarrow.gif HTTP/1.1" 404 1015
186.79.158.127 - - [01/Jun/2017:12:11:55 -0300] "GET /cormun/servlet/hlogin HTTP/1.1" 200 1717
186.79.158.127 - - [01/Jun/2017:12:11:55 -0300] "GET /cormun/static/gxtimezone.js?85251 HTTP/1.1" 200 5781
186.79.158.127 - - [01/Jun/2017:12:11:55 -0300] "GET /cormun/static/gxcfg.js?20175251213516 HTTP/1.1" 200 953
186.79.158.127 - - [01/Jun/2017:12:11:55 -0300] "GET /cormun/static/Resources/Spanish/PXTools.css?11423723 HTTP/1.1" 200 89042
186.79.158.127 - - [01/Jun/2017:12:11:56 -0300] "GET /cormun/static/messages.spa.js?85251 HTTP/1.1" 200 30736
186.79.158.127 - - [01/Jun/2017:12:11:56 -0300] "GET /cormun/static/hlogin.js?20175251213537 HTTP/1.1" 200 2136
186.79.158.127 - - [01/Jun/2017:12:11:56 -0300] "GET /cormun/static/Resources/ComunLogin.png HTTP/1.1" 200 17326
186.79.158.127 - - [01/Jun/2017:12:11:56 -0300] "GET /cormun/static/gxgral.js?85251 HTTP/1.1" 200 384558
186.79.158.127 - - [01/Jun/2017:12:11:56 -0300] "GET /cormun/static/Resources/PXToolsLoginTop.png HTTP/1.1" 200 1337
186.79.158.127 - - [01/Jun/2017:12:11:56 -0300] "GET /cormun/static/Resources/PXToolsLoginBackground.png HTTP/1.1" 200 1164
186.79.158.127 - - [01/Jun/2017:12:11:56 -0300] "GET /cormun/static/Resources/PXToolsButtonLeft21.png HTTP/1.1" 200 1287
186.79.158.127 - - [01/Jun/2017:12:11:56 -0300] "GET /cormun/static/Resources/PXToolsButtonRight21.png HTTP/1.1" 200 1283
186.79.158.127 - - [01/Jun/2017:12:11:56 -0300] "GET /cormun/static/Resources/PXToolsButtonBackground2.png HTTP/1.1" 200 1181
186.79.158.127 - - [01/Jun/2017:12:11:56 -0300] "GET /cormun/static/Resources/PXToolsLoginBottom.png HTTP/1.1" 200 1389
186.79.158.127 - - [01/Jun/2017:12:11:57 -0300] "GET /cormun/static/Resources/indicator.gif HTTP/1.1" 200 1553
186.79.158.127 - - [01/Jun/2017:12:11:57 -0300] "GET /cormun/servlet/hlogin HTTP/1.1" 200 1727
186.79.158.127 - - [01/Jun/2017:12:11:57 -0300] "GET /favicon.ico HTTP/1.1" 200 21630
186.79.158.127 - - [01/Jun/2017:12:12:00 -0300] "POST /cormun/servlet/hlogin?88d307c26065f2856ca0483d18153cce,gx-no-cache=1496329985541 HTTP/1.1" 200 90
186.79.158.127 - - [01/Jun/2017:12:12:00 -0300] "GET /cormun/servlet/hpexe_link HTTP/1.1" 200 947
186.79.158.127 - - [01/Jun/2017:12:12:00 -0300] "GET /cormun/static/gxcfg.js?20175251212395 HTTP/1.1" 200 953
186.79.158.127 - - [01/Jun/2017:12:12:00 -0300] "GET /cormun/static/hpexe_link.js?20175251212399 HTTP/1.1" 200 625
186.79.158.127 - - [01/Jun/2017:12:12:00 -0300] "GET /cormun/servlet/hhome HTTP/1.1" 200 3964
186.79.158.127 - - [01/Jun/2017:12:12:01 -0300] "GET /cormun/static/gxcfg.js?20175251212442 HTTP/1.1" 200 953
186.79.158.127 - - [01/Jun/2017:12:12:01 -0300] "GET /cormun/static/PXToolsJavascripts/pexe_autoreload.js HTTP/1.1" 200 1762
186.79.158.127 - - [01/Jun/2017:12:12:01 -0300] "GET /cormun/static/PXToolsJavascripts/pexe_cookies.js HTTP/1.1" 200 792
186.79.158.127 - - [01/Jun/2017:12:12:01 -0300] "GET /cormun/static/PXToolsJavascripts/pexe_windows.js HTTP/1.1" 200 15207
186.79.158.127 - - [01/Jun/2017:12:12:01 -0300] "GET /cormun/static/PXToolsJavascripts/pexe_grid.js HTTP/1.1" 200 7559
186.79.158.127 - - [01/Jun/2017:12:12:01 -0300] "GET /cormun/static/PXToolsJavascripts/pexe_griddivfix.js HTTP/1.1" 200 6644
186.79.158.127 - - [01/Jun/2017:12:12:01 -0300] "GET /cormun/static/PXToolsJavascripts/pexe_link.js HTTP/1.1" 200 5671
186.79.158.127 - - [01/Jun/2017:12:12:01 -0300] "GET /cormun/static/PXToolsJavascripts/pexe_menudivfix.js HTTP/1.1" 200 333
186.79.158.127 - - [01/Jun/2017:12:12:01 -0300] "GET /cormun/static/PXToolsJavascripts/pexe_menus.js HTTP/1.1" 200 1286
186.79.158.127 - - [01/Jun/2017:12:12:01 -0300] "GET /cormun/static/PXToolsJavascripts/pexe_layers.js HTTP/1.1" 200 4114
186.79.158.127 - - [01/Jun/2017:12:12:01 -0300] "GET /cormun/static/PXToolsJavascripts/pexe_oav.js HTTP/1.1" 200 645
186.79.158.127 - - [01/Jun/2017:12:12:01 -0300] "GET /cormun/static/PXToolsJavascripts/pexe_oavdivfix.js HTTP/1.1" 200 639
186.79.158.127 - - [01/Jun/2017:12:12:01 -0300] "GET /cormun/static/PXToolsJavascripts/pexe_picture.js HTTP/1.1" 200 689
186.79.158.127 - - [01/Jun/2017:12:12:01 -0300] "GET /cormun/static/PXToolsJavascripts/pexe_popup.js HTTP/1.1" 200 13458
186.79.158.127 - - [01/Jun/2017:12:12:01 -0300] "GET /cormun/static/PXToolsJavascripts/pexe_scrolldiv.js HTTP/1.1" 200 4138
186.79.158.127 - - [01/Jun/2017:12:12:01 -0300] "GET /cormun/static/PXToolsJavascripts/pexe_tabdivfix.js HTTP/1.1" 200 876
186.79.158.127 - - [01/Jun/2017:12:12:01 -0300] "GET /cormun/static/PXToolsJavascripts/pexe_tabs.js HTTP/1.1" 200 3748
186.79.158.127 - - [01/Jun/2017:12:12:01 -0300] "GET /cormun/static/PXToolsJavascripts/pexe_upload.js HTTP/1.1" 200 1423
186.79.158.127 - - [01/Jun/2017:12:12:01 -0300] "GET /cormun/static/PXToolsJavascripts/PXToolsJavascriptsRender.js HTTP/1.1" 200 367
186.79.158.127 - - [01/Jun/2017:12:12:01 -0300] "GET /cormun/static/RunJS/RunJS.js HTTP/1.1" 200 288
186.79.158.127 - - [01/Jun/2017:12:12:01 -0300] "GET /cormun/static/hhome.js?20175251212450 HTTP/1.1" 200 777
186.79.158.127 - - [01/Jun/2017:12:12:01 -0300] "GET /cormun/static/Shared/ext/locale/ext-lang-en.js HTTP/1.1" 200 10940
186.79.158.127 - - [01/Jun/2017:12:12:01 -0300] "GET /cormun/static/hwchdr01.js?201752511465785 HTTP/1.1" 200 1183
186.79.158.127 - - [01/Jun/2017:12:12:01 -0300] "GET /cormun/static/Resources/PXToolsHeaderBackground2.png HTTP/1.1" 200 1174
186.79.158.127 - - [01/Jun/2017:12:12:01 -0300] "GET /cormun/static/Resources/PXToolsFooterBackground2.png HTTP/1.1" 200 1172
186.79.158.127 - - [01/Jun/2017:12:12:01 -0300] "GET /cormun/static/Resources/PXToolsDataTitle.png HTTP/1.1" 200 1173
186.79.158.127 - - [01/Jun/2017:12:12:01 -0300] "GET /cormun/static/Resources/PXToolsHeaderActionsBackground.png HTTP/1.1" 200 484
186.79.158.127 - - [01/Jun/2017:12:12:01 -0300] "GET /cormun/static/Resources/PXToolsHeaderActionsLeft.png HTTP/1.1" 200 1118
186.79.158.127 - - [01/Jun/2017:12:12:01 -0300] "GET /cormun/static/gxui/gxui-all.js HTTP/1.1" 200 107772
186.79.158.127 - - [01/Jun/2017:12:12:01 -0300] "GET /cormun/static/Resources/logo4.png HTTP/1.1" 200 6582
186.79.158.127 - - [01/Jun/2017:12:12:01 -0300] "GET /cormun/static/Resources/PXToolsHeaderLogin.png HTTP/1.1" 200 4279
186.79.158.127 - - [01/Jun/2017:12:12:01 -0300] "GET /cormun/static/Resources/PXToolsHeaderHome.png HTTP/1.1" 200 4147
186.79.158.127 - - [01/Jun/2017:12:12:01 -0300] "GET /cormun/static/Resources/PXToolsHeaderSecurity.png HTTP/1.1" 200 4166
186.79.158.127 - - [01/Jun/2017:12:12:01 -0300] "GET /cormun/static/Resources/PXToolsHeaderActionsRight.png HTTP/1.1" 200 1201
186.79.158.127 - - [01/Jun/2017:12:12:01 -0300] "GET /cormun/static/Resources/PXToolsHeaderPreferences.png HTTP/1.1" 200 4189
186.79.158.127 - - [01/Jun/2017:12:12:01 -0300] "GET /cormun/static/hpexe_recentlink.js?201610171694390 HTTP/1.1" 200 2144
186.79.158.127 - - [01/Jun/2017:12:12:01 -0300] "GET /cormun/static/hpexe_scripts.js?201752511465715 HTTP/1.1" 200 1544
186.79.158.127 - - [01/Jun/2017:12:12:01 -0300] "GET /cormun/static/hpexe_messagecontroller.js?201610171694323 HTTP/1.1" 200 870
186.79.158.127 - - [01/Jun/2017:12:12:01 -0300] "GET /cormun/static/hpexe_messagepopupcomponent.js?20161017169425 HTTP/1.1" 200 605
186.79.158.127 - - [01/Jun/2017:12:12:01 -0300] "GET /cormun/static/hpexe_messagegenexuscomponent.js?201752511465344 HTTP/1.1" 200 587
186.79.158.127 - - [01/Jun/2017:12:12:02 -0300] "GET /cormun/static/cmcontrolpreferences.js?201752511465670 HTTP/1.1" 200 1375
186.79.158.127 - - [01/Jun/2017:12:12:02 -0300] "GET /cormun/static/SmoothNavMenu/resources/ddsmoothmenu.js HTTP/1.1" 200 12712
186.79.158.127 - - [01/Jun/2017:12:12:02 -0300] "GET /cormun/static/SmoothNavMenu/resources/SmoothNavMenuRender.js HTTP/1.1" 200 5951
186.79.158.127 - - [01/Jun/2017:12:12:02 -0300] "GET /cormun/static/scaMessage/js/jquery.pnotify.min.js HTTP/1.1" 200 13038
186.79.158.127 - - [01/Jun/2017:12:12:02 -0300] "GET /cormun/static/scaMessage/scaMessageRender.js HTTP/1.1" 200 11977
186.79.158.127 - - [01/Jun/2017:12:12:03 -0300] "GET /cormun/static/Shared/jquery/jquery-1.10.2.min.js HTTP/1.1" 200 273199
186.79.158.127 - - [01/Jun/2017:12:12:03 -0300] "GET /cormun/static/Shared/jqueryui/jquery-ui.min.js HTTP/1.1" 200 240427
186.79.158.127 - - [01/Jun/2017:12:12:03 -0300] "GET /cormun/static/Shared/jquery/jquery-1.4.2.min.js HTTP/1.1" 200 72174
186.79.158.127 - - [01/Jun/2017:12:12:03 -0300] "GET /cormun/static/hmpwkw03.js?2017525121347 HTTP/1.1" 200 3965
186.79.158.127 - - [01/Jun/2017:12:12:05 -0300] "GET /cormun/static/Shared/ext/ext-all.js HTTP/1.1" 200 1289687
186.79.158.127 - - [01/Jun/2017:12:12:06 -0300] "GET /cormun/servlet/hhome HTTP/1.1" 200 3960
186.79.158.127 - - [01/Jun/2017:12:12:06 -0300] "GET /cormun/static/SmoothNavMenu/resources/images/down.gif HTTP/1.1" 200 854
186.79.158.127 - - [01/Jun/2017:12:12:06 -0300] "GET /cormun/static/SmoothNavMenu/resources/images/right.gif HTTP/1.1" 200 860
186.79.158.127 - - [01/Jun/2017:12:12:11 -0300] "GET /cormun/servlet/trautorizarsolicitud? HTTP/1.1" 200 8594
186.79.158.127 - - [01/Jun/2017:12:12:11 -0300] "GET /cormun/static/gxui/gxui-all.css?110300 HTTP/1.1" 200 2179
186.79.158.127 - - [01/Jun/2017:12:12:11 -0300] "GET /cormun/static/Resources/Spanish/PXTools.css?11294912 HTTP/1.1" 200 89042
186.79.158.127 - - [01/Jun/2017:12:12:11 -0300] "GET /cormun/static/gxcfg.js?20174261241362 HTTP/1.1" 200 953
186.79.158.127 - - [01/Jun/2017:12:12:11 -0300] "GET /cormun/static/calendar.js?85251 HTTP/1.1" 200 26246
186.79.158.127 - - [01/Jun/2017:12:12:11 -0300] "GET /cormun/static/calendar-setup.js?85251 HTTP/1.1" 200 2588
186.79.158.127 - - [01/Jun/2017:12:12:11 -0300] "GET /cormun/static/calendar-es.js?85251 HTTP/1.1" 200 1901
186.79.158.127 - - [01/Jun/2017:12:12:12 -0300] "GET /cormun/static/gxdec.js?85251 HTTP/1.1" 200 19579
186.79.158.127 - - [01/Jun/2017:12:12:12 -0300] "GET /cormun/static/trautorizarsolicitud.js?201742612414370 HTTP/1.1" 200 53910
186.79.158.127 - - [01/Jun/2017:12:12:12 -0300] "GET /cormun/static/Resources/PXTools/calendar.png HTTP/1.1" 200 1306
186.79.158.127 - - [01/Jun/2017:12:12:12 -0300] "GET /cormun/static/Resources/PXToolsDataSearch.png HTTP/1.1" 200 419
186.79.158.127 - - [01/Jun/2017:12:12:12 -0300] "GET /cormun/static/Resources/PXToolsGridFirstDisabled.gif HTTP/1.1" 200 100
186.79.158.127 - - [01/Jun/2017:12:12:12 -0300] "GET /cormun/static/Resources/PXToolsGridPreviousDisabled.gif HTTP/1.1" 200 90
186.79.158.127 - - [01/Jun/2017:12:12:12 -0300] "GET /cormun/static/Shared/ext/resources/css/ext-all.css?205870 HTTP/1.1" 200 416045
186.79.158.127 - - [01/Jun/2017:12:12:12 -0300] "GET /cormun/static/Resources/PXToolsGridNextDisabled.gif HTTP/1.1" 200 90
186.79.158.127 - - [01/Jun/2017:12:12:12 -0300] "GET /cormun/static/Resources/PXToolsGridLastDisabled.gif HTTP/1.1" 200 98
186.79.158.127 - - [01/Jun/2017:12:12:13 -0300] "GET /cormun/static/Resources/PXToolsGridPage.gif HTTP/1.1" 200 725
186.79.158.127 - - [01/Jun/2017:12:12:13 -0300] "GET /cormun/static/Resources/PXToolsActionExcel.png HTTP/1.1" 200 3187
186.79.158.127 - - [01/Jun/2017:12:12:13 -0300] "GET /cormun/static/Resources/asc.gif HTTP/1.1" 200 67
186.79.158.127 - - [01/Jun/2017:12:12:13 -0300] "GET /cormun/static/Resources/desc.gif HTTP/1.1" 200 65
186.79.158.127 - - [01/Jun/2017:12:12:13 -0300] "GET /cormun/servlet/trautorizarsolicitud? HTTP/1.1" 200 8593
186.79.158.127 - - [01/Jun/2017:12:12:13 -0300] "GET /cormun//static/Resources/PXToolsActionView.png HTTP/1.1" 200 2995
186.79.158.127 - - [01/Jun/2017:12:12:13 -0300] "GET /cormun//static/Resources/PXToolsRemoveAllAction.png HTTP/1.1" 200 3558
186.79.158.127 - - [01/Jun/2017:12:12:13 -0300] "GET /cormun//static/Resources/PXToolsGridDelete.png HTTP/1.1" 200 357
186.79.158.127 - - [01/Jun/2017:12:12:13 -0300] "GET /cormun//static/Resources/PXToolsGridUpdate.png HTTP/1.1" 200 2984
186.79.158.127 - - [01/Jun/2017:12:12:13 -0300] "GET /cormun//static/Resources/PXTools/ActionInsert.png HTTP/1.1" 200 1482
186.79.158.127 - - [01/Jun/2017:12:12:14 -0300] "GET /cormun/static/Shared/ext/resources/themes/images/default/tools/tool-sprites.gif HTTP/1.1" 200 5434
186.79.158.127 - - [01/Jun/2017:12:12:14 -0300] "GET /cormun/static/Shared/ext/resources/themes/images/default/panel/bg-headersPanel.png HTTP/1.1" 200 255
186.103.156.24 - - [01/Jun/2017:12:12:17 -0300] "GET /cormun/servlet/licenciaspermisos?d91e673350416d57a45120988a803ddbf4149e2145a6d4cd4be5b237a740bd2a24a325b6ec2060c8032cd0fab859017d05d264d74f4b3e833fc0f8fa9043ca6af756de9f6733a32dcaa085556cc3494519d7cc5d7edc800d7ace7d4637fb5bc4453798b5772f42e06601117f8a78ee20181fdb947ae3939974afe02f914dd76e0aa4f880e73ba73d2f154f11c1c169c3f13cc217e766a0c623b225acead4179df4c09d233aa6eab21e09e17bd76f087f2a61dbf612ad3acc95dfb1c72b899fd4d79bdd8aa02f8b382dd6831753a3f24bd26dd9f3a8cfb39fbc4158854ead3082,gx-no-cache=1496329994268 HTTP/1.1" 200 30
186.103.156.24 - - [01/Jun/2017:12:12:17 -0300] "GET /cormun/servlet/licenciaspermisos?d91e673350416d57a45120988a803ddb75b8ac29191f75699f13edb44d59af9b622d05d05a935bb95da46cf247529b247b2c94cfb466e32c53d9a0c9dae40f908b5346fd6bbfd61e461195395976a1a2e3cba6f9954d7be0d1bc10f7064cb2494668cb2dde5685c939529560e00a13ff2d2705e9284766a9c320624652957f1d3d0174be263279df0ae921baa09f11421fdc30e588070cab8e430d2be7befe8731975f724a9ea9ed2c75c77977532f249949d386f8b97c7188e331f688d3f63b31326ec0359bd2471c8f4e87a774e56b750f8c8415f6a15401a7169cca15f8fb,gx-no-cache=1496329994389 HTTP/1.1" 200 29
186.103.156.24 - - [01/Jun/2017:12:12:17 -0300] "POST /cormun/servlet/licenciaspermisos?32077a917b7ae113ce4038fcd7ab7901,INS,0,,,,gx-no-cache=1496329994451 HTTP/1.1" 200 4822
186.103.156.24 - - [01/Jun/2017:12:12:17 -0300] "GET /cormun/static/Shared/jqueryui/images/ui-bg_highlight-soft_100_c6c2c8_1x100.png HTTP/1.1" 404 1117
186.103.156.24 - - [01/Jun/2017:12:12:17 -0300] "GET /cormun/static/Shared/jqueryui/images/ui-icons_82798d_256x240.png HTTP/1.1" 404 1089
186.103.156.24 - - [01/Jun/2017:12:12:17 -0300] "GET /cormun/static/Shared/jqueryui/images/ui-icons_ebccce_256x240.png HTTP/1.1" 404 1089
186.103.156.24 - - [01/Jun/2017:12:12:17 -0300] "GET /cormun/static/Shared/jqueryui/images/ui-bg_flat_55_994d53_40x100.png HTTP/1.1" 404 1097
192.168.10.96 - - [01/Jun/2017:12:12:22 -0300] "GET /cormun/servlet/trsolicitudgral? HTTP/1.1" 200 25095
192.168.10.96 - - [01/Jun/2017:12:12:23 -0300] "GET /cormun/servlet/trsolicitudgral? HTTP/1.1" 200 25095
186.103.156.24 - - [01/Jun/2017:12:12:24 -0300] "POST /cormun/servlet/licenciaspermisos?32077a917b7ae113ce4038fcd7ab7901,INS,0,,,,gx-no-cache=1496330001506 HTTP/1.1" 200 90
186.103.156.24 - - [01/Jun/2017:12:12:24 -0300] "GET /cormun/servlet/hpexe_link HTTP/1.1" 200 968
186.103.156.24 - - [01/Jun/2017:12:12:25 -0300] "GET /cormun/servlet/trlicencias HTTP/1.1" 200 6965
186.103.156.24 - - [01/Jun/2017:12:12:25 -0300] "GET /cormun/servlet/trlicencias HTTP/1.1" 200 6963
186.103.156.24 - - [01/Jun/2017:12:12:48 -0300] "GET /cormun/servlet/hlogin HTTP/1.1" 200 1718
192.168.10.96 - - [01/Jun/2017:12:12:50 -0300] "POST /cormun/servlet/trsolicitudgral?074149f65953674566436946809ab3c2,,gx-no-cache=1496329972421 HTTP/1.1" 200 8037
186.79.158.127 - - [01/Jun/2017:12:13:04 -0300] "POST /cormun/servlet/trautorizarsolicitud?88d307c26065f2856ca0483d18153cce,,gx-no-cache=1496330048802 HTTP/1.1" 200 115
186.79.158.127 - - [01/Jun/2017:12:13:04 -0300] "GET /cormun/servlet/solicitudotlog?INS,2017,6695,0,REC, HTTP/1.1" 200 5778
186.79.158.127 - - [01/Jun/2017:12:13:04 -0300] "GET /cormun/static/gxcfg.js?201752511524564 HTTP/1.1" 200 953
186.79.158.127 - - [01/Jun/2017:12:13:04 -0300] "GET /cormun/static/solicitudotlog.js?201752511524577 HTTP/1.1" 200 8934
186.79.158.127 - - [01/Jun/2017:12:13:05 -0300] "GET /cormun/servlet/solicitudotlog?INS,2017,6695,0,REC, HTTP/1.1" 200 5779
186.103.156.24 - - [01/Jun/2017:12:13:05 -0300] "POST /cormun/servlet/hlogin?822fe9b126b845a63d027c3425cde1b6,gx-no-cache=1496330042044 HTTP/1.1" 200 90
186.103.156.24 - - [01/Jun/2017:12:13:05 -0300] "GET /cormun/servlet/hpexe_link HTTP/1.1" 200 951
186.79.158.127 - - [01/Jun/2017:12:13:05 -0300] "GET /cormun/servlet/solicitudotlog?1a2102795cc6153b960108081ef62d1d3b1ef6c0160df5205a256b239c9c01d1be493533d6f0c4a3522b6d39b2e2918baa41ec291b094e61a8aea3ab1923dcdbaa7bb821eafca1d6da49d77d2ac59bb96042bf1d732e6d8110ed4eb5c791ebfeb8c07edb10e27dfe1b05f6a89675178a8acdf6b52c11e66b34394c3573022e0d00d2b74754bf7052b2fe73f72093e6cb225ef176c9e3ff2a9ba2397dca133c4f,gx-no-cache=1496330050801 HTTP/1.1" 200 94
186.103.156.24 - - [01/Jun/2017:12:13:05 -0300] "GET /cormun/servlet/hhome HTTP/1.1" 200 4009
186.103.156.24 - - [01/Jun/2017:12:13:06 -0300] "GET /cormun/servlet/hhome HTTP/1.1" 200 4005
186.103.156.24 - - [01/Jun/2017:12:13:15 -0300] "GET /cormun/servlet/trlicencias? HTTP/1.1" 200 13561
186.103.156.24 - - [01/Jun/2017:12:13:16 -0300] "GET /cormun/servlet/trlicencias? HTTP/1.1" 200 13551
186.103.156.24 - - [01/Jun/2017:12:13:24 -0300] "GET /cormun/servlet/trlicenciaspermisosadjuntos?12517376,20170601000000,L, HTTP/1.1" 200 6349
186.103.156.24 - - [01/Jun/2017:12:13:24 -0300] "GET /cormun/static/gxcfg.js?20175251265349 HTTP/1.1" 200 953
186.103.156.24 - - [01/Jun/2017:12:13:24 -0300] "GET /cormun/static/trlicenciaspermisosadjuntos.js?2017525126577 HTTP/1.1" 200 21036
186.103.156.24 - - [01/Jun/2017:12:13:24 -0300] "GET /cormun/servlet/trlicenciaspermisosadjuntos?12517376,20170601000000,L, HTTP/1.1" 200 6350
186.79.158.127 - - [01/Jun/2017:12:13:25 -0300] "POST /cormun/servlet/solicitudotlog?88d307c26065f2856ca0483d18153cce,INS,2017,6695,0,REC,,gx-no-cache=1496330070215 HTTP/1.1" 200 93
186.79.158.127 - - [01/Jun/2017:12:13:25 -0300] "GET /cormun/servlet/hpexe_return? HTTP/1.1" 200 1023
186.79.158.127 - - [01/Jun/2017:12:13:25 -0300] "GET /cormun/static/gxcfg.js?2016101716175148 HTTP/1.1" 200 953
186.79.158.127 - - [01/Jun/2017:12:13:25 -0300] "GET /cormun/static/hpexe_return.js?2016101716175153 HTTP/1.1" 200 1633
186.79.158.127 - - [01/Jun/2017:12:13:25 -0300] "GET /cormun/static/Resources/Spanish/PXTools.css?167811 HTTP/1.1" 200 89042
186.79.158.127 - - [01/Jun/2017:12:13:26 -0300] "GET /cormun/servlet/trautorizarsolicitud HTTP/1.1" 200 8127
186.79.158.127 - - [01/Jun/2017:12:13:26 -0300] "GET /cormun/servlet/trautorizarsolicitud HTTP/1.1" 200 8123
186.103.156.24 - - [01/Jun/2017:12:13:28 -0300] "GET /cormun/servlet/licenciaspermisosadjuntos?INS,12517376,L,20170601000000,, HTTP/1.1" 200 5651
186.103.156.24 - - [01/Jun/2017:12:13:29 -0300] "GET /cormun/static/gxcfg.js?201752511544364 HTTP/1.1" 200 953
186.103.156.24 - - [01/Jun/2017:12:13:29 -0300] "GET /cormun/static/licenciaspermisosadjuntos.js?201752511544378 HTTP/1.1" 200 8760
186.103.156.24 - - [01/Jun/2017:12:13:29 -0300] "GET /cormun/static/about:blank HTTP/1.1" 404 1011
186.103.156.24 - - [01/Jun/2017:12:13:29 -0300] "GET /cormun/servlet/licenciaspermisosadjuntos?INS,12517376,L,20170601000000,, HTTP/1.1" 200 5640
186.79.158.127 - - [01/Jun/2017:12:13:30 -0300] "POST /cormun/servlet/trautorizarsolicitud?88d307c26065f2856ca0483d18153cce,gx-no-cache=1496330075030 HTTP/1.1" 200 115
186.79.158.127 - - [01/Jun/2017:12:13:30 -0300] "GET /cormun/servlet/solicitudotlog?INS,2017,6694,0,REC, HTTP/1.1" 200 5778
186.79.158.127 - - [01/Jun/2017:12:13:30 -0300] "GET /cormun/servlet/solicitudotlog?INS,2017,6694,0,REC, HTTP/1.1" 200 5778
186.79.158.127 - - [01/Jun/2017:12:13:31 -0300] "GET /cormun/servlet/solicitudotlog?1a2102795cc6153b960108081ef62d1d156140aaa1ac6580c7e87aa5b437b5c1be493533d6f0c4a3522b6d39b2e2918baa41ec291b094e61a8aea3ab1923dcdbaa7bb821eafca1d6da49d77d2ac59bb96042bf1d732e6d8110ed4eb5c791ebfeb8c07edb10e27dfe1b05f6a89675178a8acdf6b52c11e66b34394c3573022e0d00d2b74754bf7052b2fe73f72093e6cb225ef176c9e3ff2a9ba2397dca133c4f,gx-no-cache=1496330076490 HTTP/1.1" 200 94
192.168.10.96 - - [01/Jun/2017:12:13:44 -0300] "GET /cormun/servlet/solicitudgral2?UPD,2017,6583, HTTP/1.1" 200 12419
192.168.10.96 - - [01/Jun/2017:12:13:44 -0300] "GET /cormun/static/gxcfg.js?20175251204383 HTTP/1.1" 200 953
192.168.10.96 - - [01/Jun/2017:12:13:44 -0300] "GET /cormun/static/solicitudgral2.js?20175251204467 HTTP/1.1" 200 40768
192.168.10.96 - - [01/Jun/2017:12:13:45 -0300] "GET /cormun/servlet/solicitudgral2?UPD,2017,6583, HTTP/1.1" 200 12429
192.168.10.96 - - [01/Jun/2017:12:13:45 -0300] "POST /cormun/servlet/solicitudgral2?gx-no-cache=1496330027463 HTTP/1.1" 200 3206
186.79.158.127 - - [01/Jun/2017:12:13:45 -0300] "POST /cormun/servlet/solicitudotlog?88d307c26065f2856ca0483d18153cce,INS,2017,6694,0,REC,,gx-no-cache=1496330090484 HTTP/1.1" 200 93
192.168.10.96 - - [01/Jun/2017:12:13:45 -0300] "GET /cormun/servlet/solicitudgral2?2695988f904c135118c5b341090ef77e06880294bc78c94b71fa170a0b578597d26f2f03c2fc83b415e7b90f9dd6ea3264536b3b646f1975782dbab2486f8d2bbecbceb6e1090c82409a45055f7a037d288f1c18f8424e42e98acb7ce5f2da576ebbc4e5c8b0e5a3f7c65dc6b854f3190c824e59362477ced82bd0b75b53337b4b1bfebec9d1b6e65a64c49a22b867b5cc20916624c16a12350909bb0885c2db34b97b557c6841cce9d61a2d021f8946859ba1ef90c29d019e2d0c1c81caf02b16cb927e6cdc400e852a1c909aa50035d9d51f26eae4f1d677856432e4cf5c5fe354f87b6378b54e225218b568b9f0a34e62e269b5bcc4457e0beecfb41ed8f280e4e4f4608257fe551b030ce0316a5baae3a138fa43f8952f4f1b6d6525906f2aa7b111a6d95995eea6c2cb6c1c3a95aa31a25a43683b71f7c697d3593115d94cdb16b6534df8ce9df85dacaaaea074,gx-no-cache=1496330027600 HTTP/1.1" 200 257
192.168.10.96 - - [01/Jun/2017:12:13:45 -0300] "POST /cormun/servlet/solicitudgral2?gx-no-cache=1496330027623 HTTP/1.1" 200 1359
186.79.158.127 - - [01/Jun/2017:12:13:45 -0300] "GET /cormun/servlet/hpexe_return? HTTP/1.1" 200 1023
192.168.10.96 - - [01/Jun/2017:12:13:45 -0300] "GET /cormun/servlet/solicitudgral2?2695988f904c135118c5b341090ef77e27efea4a002df1dac4f5e1fbac9505ce90a37c946ec055b84c7a7b4568e69cf764536b3b646f1975782dbab2486f8d2b7f589749a11f72889ab39bb0d3fdac95ad7fe1236356a8a3f038cc21a74d865c6b0aee43cb07787bcdfc3f1a1ad8b800,gx-no-cache=1496330027659 HTTP/1.1" 200 41
186.79.158.127 - - [01/Jun/2017:12:13:46 -0300] "GET /cormun/servlet/trautorizarsolicitud HTTP/1.1" 200 6904
186.79.158.127 - - [01/Jun/2017:12:13:46 -0300] "GET /cormun/servlet/trautorizarsolicitud HTTP/1.1" 200 6900
192.168.10.96 - - [01/Jun/2017:12:13:49 -0300] "POST /cormun/servlet/solicitudgral2?074149f65953674566436946809ab3c2,UPD,2017,6583,,gx-no-cache=1496330031228 HTTP/1.1" 200 10829
192.168.10.96 - - [01/Jun/2017:12:13:49 -0300] "GET /cormun/servlet/solicitudgral2?2695988f904c135118c5b341090ef77e31804d961a3404e71f9446a4e62c7f742d18deb444608afd7e2611301ba4367c7e8469495c8220f366b903fff1341ffcd44b14542bf3b6759e9a12169c74f09b44cabd6b63806842634328054e12b3258aeaa8d544442b03d5ab9ff5d347482be321cb4977dcf574b41a9bca0096112af9f584dc86620754ac5bec360891408085da5afef210829c9d978c23c3ef10d8,gx-no-cache=1496330031432 HTTP/1.1" 200 29
192.168.10.96 - - [01/Jun/2017:12:13:49 -0300] "POST /cormun/servlet/solicitudgral2?gx-no-cache=1496330031447 HTTP/1.1" 200 1256
192.168.10.96 - - [01/Jun/2017:12:13:49 -0300] "POST /cormun/servlet/solicitudgral2?gx-no-cache=1496330031488 HTTP/1.1" 200 1159
192.168.10.96 - - [01/Jun/2017:12:13:54 -0300] "GET /cormun/servlet/solicitudgral2?2695988f904c135118c5b341090ef77e199447f63985b5fa5afdfedc26e014f1a3f1c17d1a535812e9f12d6fa4119976bc50a75fa78ea51d8578a97aedbddac487ba290550665eede1a2f64e777d5b234df79301b4d8a93137b025ddcadd362219987c2933872c6d13c653db35d667524699b8f23cbf62943ca8c261851b6fa3,gx-no-cache=1496330036196 HTTP/1.1" 200 30
192.168.10.96 - - [01/Jun/2017:12:13:54 -0300] "POST /cormun/servlet/solicitudgral2?074149f65953674566436946809ab3c2,UPD,2017,6583,,gx-no-cache=1496330036217 HTTP/1.1" 200 93
192.168.10.96 - - [01/Jun/2017:12:13:54 -0300] "GET /cormun/servlet/hpexe_return? HTTP/1.1" 200 1015
192.168.10.96 - - [01/Jun/2017:12:13:54 -0300] "GET /cormun/servlet/trsolicitudgral? HTTP/1.1" 200 11226
192.168.10.96 - - [01/Jun/2017:12:13:55 -0300] "GET /cormun/servlet/trsolicitudgral? HTTP/1.1" 200 11221
192.168.10.96 - - [01/Jun/2017:12:14:26 -0300] "POST /cormun/servlet/trsolicitudgral?074149f65953674566436946809ab3c2,,gx-no-cache=1496330067987 HTTP/1.1" 200 8042
