200.112.6.16 - - [01/Jun/2017:09:57:15 -0300] "POST /cormun/servlet/licenciaspermisos?a8614d94dbbda7b4e39f6afbab45b7d7,UPD,6994760,L,20170601000000,,gx-no-cache=1496321891320 HTTP/1.1" 200 93
200.112.6.16 - - [01/Jun/2017:09:57:15 -0300] "GET /cormun/servlet/hpexe_return? HTTP/1.1" 200 1023
200.112.6.16 - - [01/Jun/2017:09:57:16 -0300] "GET /cormun/servlet/trlicencias HTTP/1.1" 200 8101
200.112.6.16 - - [01/Jun/2017:09:57:16 -0300] "GET /cormun/servlet/trlicencias HTTP/1.1" 200 8097
200.112.6.16 - - [01/Jun/2017:09:57:19 -0300] "GET /cormun/servlet/alicenciaprn?6994760,L,20170601000000,PU HTTP/1.1" 200 1525
192.168.10.89 - - [01/Jun/2017:09:57:41 -0300] "POST /cormun/servlet/trsolicitudgral?b2e3f9dd7914d6654280c837bc264070,,gx-no-cache=1496321863207 HTTP/1.1" 200 7295
186.79.240.243 - - [01/Jun/2017:09:57:47 -0300] "POST /cormun/servlet/trpermisosgoce?9ce17f0ae8db2f10a06b5fd001a6d33e,,gx-no-cache=1496321927767 HTTP/1.1" 200 3963
186.103.248.213 - - [01/Jun/2017:09:57:54 -0300] "GET /cormun/servlet/licenciaspermisos?b04ba36324bfe8424194ecdc903765658eb50c6db6dce8f4c7f53e3fdc4a5c614fa733b237a67f8273a1ece45b518ea180ff0888669f9dcee9640c47494827539a4093fe0f0ee67533764e1f4463719049fc1c57ca9390bffa4d07c77ef0cb116799b055d7503a863c4a289193eca261c908fbc8bf5054164288a4a290b94fc8d752b36ce240b4ece8286743fdd05ac4f82d84bf00496a3e6e6adbd2f3aa82678ffcda9335dbf9041c952f851c80e7ec18b8756230677468993db1c121259a95539663670f6252c2f1451864cd624d18c99aace922f445cc947ae386bc881c43,gx-no-cache=1496321931031 HTTP/1.1" 200 30
186.103.248.213 - - [01/Jun/2017:09:57:54 -0300] "POST /cormun/servlet/licenciaspermisos?71bea2d7f46e2ae7d8e0a4ce1ee041b3,INS,0,,,,gx-no-cache=1496321931169 HTTP/1.1" 200 4578
186.103.248.213 - - [01/Jun/2017:09:57:57 -0300] "GET /cormun/servlet/prfichaempleado?,MD,,gxPopupLevel%3D0%3B HTTP/1.1" 200 8785
200.112.6.16 - - [01/Jun/2017:09:57:59 -0300] "POST /cormun/servlet/trlicencias?a8614d94dbbda7b4e39f6afbab45b7d7,gx-no-cache=1496321934736 HTTP/1.1" 200 4245
200.112.6.16 - - [01/Jun/2017:09:57:59 -0300] "GET /cormun/static/Shared/jqueryui/images/ui-bg_highlight-soft_100_c6c2c8_1x100.png HTTP/1.1" 404 1117
200.112.6.16 - - [01/Jun/2017:09:57:59 -0300] "GET /cormun/static/Shared/jqueryui/images/ui-icons_82798d_256x240.png HTTP/1.1" 404 1089
200.112.6.16 - - [01/Jun/2017:09:57:59 -0300] "GET /cormun/static/Shared/jqueryui/images/ui-bg_flat_55_fafafa_40x100.png HTTP/1.1" 404 1097
200.112.6.16 - - [01/Jun/2017:09:57:59 -0300] "GET /cormun/static/Shared/jqueryui/images/ui-icons_8d78a5_256x240.png HTTP/1.1" 404 1089
186.103.248.213 - - [01/Jun/2017:09:58:07 -0300] "POST /cormun/servlet/prfichaempleado?71bea2d7f46e2ae7d8e0a4ce1ee041b3,,MD,,gxPopupLevel%3D0%3B,gx-no-cache=1496321944156 HTTP/1.1" 200 3181
186.79.240.243 - - [01/Jun/2017:09:58:11 -0300] "POST /cormun/servlet/trpermisosgoce?9ce17f0ae8db2f10a06b5fd001a6d33e,,gx-no-cache=1496321951649 HTTP/1.1" 200 3979
186.79.240.243 - - [01/Jun/2017:09:58:24 -0300] "POST /cormun/servlet/trpermisosgoce?9ce17f0ae8db2f10a06b5fd001a6d33e,,gx-no-cache=1496321964481 HTTP/1.1" 200 3978
192.168.10.89 - - [01/Jun/2017:09:58:25 -0300] "GET /cormun/servlet/solicitudgral3?UPD,2017,6678, HTTP/1.1" 200 13190
192.168.10.89 - - [01/Jun/2017:09:58:25 -0300] "GET /cormun/static/gxcfg.js?2017525121379 HTTP/1.1" 200 953
192.168.10.89 - - [01/Jun/2017:09:58:25 -0300] "GET /cormun/static/solicitudgral3.js?2017525121466 HTTP/1.1" 200 42677
192.168.10.89 - - [01/Jun/2017:09:58:26 -0300] "POST /cormun/servlet/solicitudgral3?gx-no-cache=1496321908780 HTTP/1.1" 200 3369
192.168.10.89 - - [01/Jun/2017:09:58:27 -0300] "GET /cormun/servlet/solicitudgral3?5c547a41eaf602233d45bbc87e96e5bcb1fd08427770442938ac2a134802bdee211dca9c4d772f22df485ee8936ee30ebea6bcd498cbf6e332f2de7bac76102cca8fe138b5571045f344cf8f3d5a8cf4ab4e0a3ee02f93688d3f2b662f2061aa2826538912d47bb895d31a45c0acc6d0b27e307e52dd23ec6749fef89bb6008e76811a64d8537606563d1fd62e3bce830c43ef0876d6bf3d7105290ba2acc2dbae1ed32e6ed9879237a781a53d2e2f022e7f97e5566d2cb2dc1788b9438e919a729aadb6fa756287b4d7282e8032f98aa663eaf8ea55d916539dbc762999a5ee4bb81f888e6268c8a4cfe1b56038a835a5a8027ece1f5deab666c7ac4e9746dc168c14949e0ac7dc9603d587f26167783e45a3f8f97541752d748f8e6f579f43c95ddc4864127ad0d752a17977d3cf98e61c4745f18dffbf8f0463ac0357becb53c2720685ebd73a63b3bf31509662b9,gx-no-cache=1496321909002 HTTP/1.1" 200 258
192.168.10.89 - - [01/Jun/2017:09:58:27 -0300] "POST /cormun/servlet/solicitudgral3?gx-no-cache=1496321909031 HTTP/1.1" 200 1362
192.168.10.89 - - [01/Jun/2017:09:58:27 -0300] "GET /cormun/servlet/solicitudgral3?5c547a41eaf602233d45bbc87e96e5bcb5172b161ee7bce69086bf4679d59009d10c225f9f0650f0335f541fecd1257dbea6bcd498cbf6e332f2de7bac76102cb0a15588187e7a01308352905be958a4169d47a5bb44891d06dbf3178b663f1f835a705d248599fcfc1818ad9c4fc2ac27dbb1c939d83ed9abaa394f33ea8264,gx-no-cache=1496321909156 HTTP/1.1" 200 41
192.168.10.89 - - [01/Jun/2017:09:58:27 -0300] "GET /cormun/servlet/trsolicitudgral? HTTP/1.1" 200 10675
186.79.240.243 - - [01/Jun/2017:09:58:35 -0300] "GET /cormun/servlet/permisogoce?INS,0,,, HTTP/1.1" 200 6645
192.168.10.89 - - [01/Jun/2017:09:58:36 -0300] "GET /cormun/servlet/solicitudgral3?UPD,2017,6677, HTTP/1.1" 200 13206
186.79.240.243 - - [01/Jun/2017:09:58:37 -0300] "GET /cormun/servlet/permisogoce?INS,0,,, HTTP/1.1" 200 6644
192.168.10.89 - - [01/Jun/2017:09:58:38 -0300] "POST /cormun/servlet/solicitudgral3?gx-no-cache=1496321920013 HTTP/1.1" 200 3369
192.168.10.89 - - [01/Jun/2017:09:58:38 -0300] "GET /cormun/servlet/solicitudgral3?5c547a41eaf602233d45bbc87e96e5bcb1fd08427770442938ac2a134802bdee211dca9c4d772f22df485ee8936ee30ebea6bcd498cbf6e332f2de7bac76102cca8fe138b5571045f344cf8f3d5a8cf4ab4e0a3ee02f93688d3f2b662f2061aa2826538912d47bb895d31a45c0acc6d0b27e307e52dd23ec6749fef89bb6008e76811a64d8537606563d1fd62e3bce830c43ef0876d6bf3d7105290ba2acc2dbae1ed32e6ed9879237a781a53d2e2f022e7f97e5566d2cb2dc1788b9438e919a729aadb6fa756287b4d7282e8032f98aa663eaf8ea55d916539dbc762999a5ee4bb81f888e6268c8a4cfe1b56038a835a5a8027ece1f5deab666c7ac4e9746dc168c14949e0ac7dc9603d587f26167783e45a3f8f97541752d748f8e6f579f43c95ddc4864127ad0d752a17977d3cf98e61c4745f18dffbf8f0463ac0357becb53c2720685ebd73a63b3bf31509662b9,gx-no-cache=1496321920250 HTTP/1.1" 200 258
192.168.10.89 - - [01/Jun/2017:09:58:38 -0300] "POST /cormun/servlet/solicitudgral3?gx-no-cache=1496321920290 HTTP/1.1" 200 1363
192.168.10.89 - - [01/Jun/2017:09:58:38 -0300] "GET /cormun/servlet/solicitudgral3?5c547a41eaf602233d45bbc87e96e5bcb5172b161ee7bce69086bf4679d59009d10c225f9f0650f0335f541fecd1257dbea6bcd498cbf6e332f2de7bac76102cb0a15588187e7a01308352905be958a415082a7096cab2b7ca269878f7ef16d6085f37ac62607a43e92d88aab8a1240e1633e6fd25d778fd0676ed0a08092684,gx-no-cache=1496321920413 HTTP/1.1" 200 41
192.168.10.89 - - [01/Jun/2017:09:58:38 -0300] "GET /cormun/servlet/trsolicitudgral? HTTP/1.1" 200 10675
192.168.10.89 - - [01/Jun/2017:09:58:41 -0300] "POST /cormun/servlet/trsolicitudgral?b2e3f9dd7914d6654280c837bc264070,,gx-no-cache=1496321923761 HTTP/1.1" 200 5851
192.168.10.89 - - [01/Jun/2017:09:58:42 -0300] "GET /cormun/static/Shared/jqueryui/images/ui-bg_highlight-soft_100_c6c2c8_1x100.png HTTP/1.1" 404 1117
192.168.10.89 - - [01/Jun/2017:09:58:42 -0300] "GET /cormun/static/Shared/jqueryui/images/ui-icons_8d78a5_256x240.png HTTP/1.1" 404 1089
192.168.10.89 - - [01/Jun/2017:09:58:42 -0300] "GET /cormun/static/Shared/jqueryui/images/ui-bg_flat_55_fafafa_40x100.png HTTP/1.1" 404 1097
192.168.10.89 - - [01/Jun/2017:09:58:42 -0300] "GET /cormun/static/Shared/jqueryui/images/ui-icons_82798d_256x240.png HTTP/1.1" 404 1089
186.79.240.243 - - [01/Jun/2017:09:58:43 -0300] "GET /cormun/servlet/prfichaempleado?,MD,,gxPopupLevel%3D0%3B HTTP/1.1" 200 8814
186.103.248.213 - - [01/Jun/2017:09:58:47 -0300] "GET /cormun/servlet/licenciaspermisos?b04ba36324bfe8424194ecdc90376565f0e6bf6f9de3fe20c2ba3a5f4ea894aabafb536763a31ce05e8bdc1c1a06d913d7a05137ea4f9cd9ee77718d0924f98553210051b9e4257ab527b92f2b070ace67e545b83c43cd3c4c22fdb2585c6cce8510f39249eebdef88c10c54cbe7cceceb13009ee2c8ac44bd089fadb7583afd,gx-no-cache=1496321983889 HTTP/1.1" 200 102
186.103.248.213 - - [01/Jun/2017:09:58:47 -0300] "POST /cormun/servlet/licenciaspermisos?71bea2d7f46e2ae7d8e0a4ce1ee041b3,INS,0,,,,gx-no-cache=1496321984102 HTTP/1.1" 200 4577
186.79.240.243 - - [01/Jun/2017:09:59:01 -0300] "POST /cormun/servlet/prfichaempleado?9ce17f0ae8db2f10a06b5fd001a6d33e,,MD,,gxPopupLevel%3D0%3B,gx-no-cache=1496322001803 HTTP/1.1" 200 3400
186.103.248.213 - - [01/Jun/2017:09:59:06 -0300] "GET /cormun/servlet/licenciaspermisos?b04ba36324bfe8424194ecdc90376565313a7e26f88500b9bf466538fab130a819b59fbce10e144cc54f18f25a2da507638c60e7c167246c44139f1b4443b6304c4a0224ee1b5564710df91ba7b41c2c84c99c0d85e322b7935a3c6036e3d3da06b1f9cad7cabaf873aca6617b34465248e98bb74db7fe666bec80222cc2184b3dbed63686e603c0eee5a9a61fa78d2da27a87f1c8c8f5f318d09c42bf058033958b66aa74e91b5d420b17f400faa1d017b5ad69921eb8e13ba40d93f074a9dda571d42a167999c2972c6dc6edffd997659fb5e0d5a4584466d9e5b6ca216dba9ba333fa28cb586c23df84f8e85854a6,gx-no-cache=1496322003208 HTTP/1.1" 200 63
186.103.248.213 - - [01/Jun/2017:09:59:07 -0300] "POST /cormun/servlet/licenciaspermisos?71bea2d7f46e2ae7d8e0a4ce1ee041b3,INS,0,,,,gx-no-cache=1496322003567 HTTP/1.1" 200 93
186.103.248.213 - - [01/Jun/2017:09:59:07 -0300] "GET /cormun/servlet/hpexe_return? HTTP/1.1" 200 1010
186.103.248.213 - - [01/Jun/2017:09:59:07 -0300] "GET /cormun/servlet/trlicencias HTTP/1.1" 200 10479
192.168.10.89 - - [01/Jun/2017:09:59:08 -0300] "POST /cormun/servlet/trsolicitudgral?b2e3f9dd7914d6654280c837bc264070,,gx-no-cache=1496321950252 HTTP/1.1" 200 6964
186.103.248.213 - - [01/Jun/2017:09:59:08 -0300] "GET /cormun/servlet/trlicencias HTTP/1.1" 200 10473
186.79.240.243 - - [01/Jun/2017:09:59:08 -0300] "GET /cormun/servlet/permisogoce?714cfae442577a0899689862843bbfdf22717bd19fb1aa2f02a2574821d09e7387160f30b899e93b60d275407a1f1743a7b20b24f0ea738ac7a663f0bf0e2d74,gx-no-cache=1496322009306 HTTP/1.1" 200 86
186.79.240.243 - - [01/Jun/2017:09:59:08 -0300] "GET /cormun/static/menuarrow.gif HTTP/1.1" 404 1015
186.79.240.243 - - [01/Jun/2017:09:59:17 -0300] "GET /cormun/servlet/permisogoce?714cfae442577a0899689862843bbfdf0c0948f640c53612261317b9066c16cd601869df4fcd10c5604f3774fefb9468b13cfeffa4c402e03ca025babcfbb0b6,gx-no-cache=1496322017478 HTTP/1.1" 200 48
186.103.248.213 - - [01/Jun/2017:09:59:17 -0300] "GET /cormun/servlet/trlicenciaspermisosadjuntos?17477468,20170601000000,L, HTTP/1.1" 200 6118
186.103.248.213 - - [01/Jun/2017:09:59:17 -0300] "GET /cormun/static/gxcfg.js?20175251265349 HTTP/1.1" 200 953
186.103.248.213 - - [01/Jun/2017:09:59:18 -0300] "GET /cormun/static/trlicenciaspermisosadjuntos.js?2017525126577 HTTP/1.1" 200 21036
186.103.248.213 - - [01/Jun/2017:09:59:18 -0300] "GET /cormun/servlet/trlicenciaspermisosadjuntos?17477468,20170601000000,L, HTTP/1.1" 200 6119
186.103.248.213 - - [01/Jun/2017:09:59:20 -0300] "GET /cormun/servlet/licenciaspermisosadjuntos?INS,17477468,L,20170601000000,, HTTP/1.1" 200 5416
186.103.248.213 - - [01/Jun/2017:09:59:20 -0300] "GET /cormun/static/gxcfg.js?201752511544364 HTTP/1.1" 200 953
186.103.248.213 - - [01/Jun/2017:09:59:20 -0300] "GET /cormun/static/licenciaspermisosadjuntos.js?201752511544378 HTTP/1.1" 200 8760
186.103.248.213 - - [01/Jun/2017:09:59:20 -0300] "GET /cormun/static/about:blank HTTP/1.1" 404 1011
186.103.248.213 - - [01/Jun/2017:09:59:20 -0300] "GET /cormun/servlet/licenciaspermisosadjuntos?INS,17477468,L,20170601000000,, HTTP/1.1" 200 5405
192.168.10.89 - - [01/Jun/2017:09:59:30 -0300] "GET /cormun/servlet/solicitudgral3?UPD,2017,6680, HTTP/1.1" 200 13204
192.168.10.89 - - [01/Jun/2017:09:59:31 -0300] "POST /cormun/servlet/solicitudgral3?gx-no-cache=1496321973832 HTTP/1.1" 200 3352
192.168.10.89 - - [01/Jun/2017:09:59:32 -0300] "GET /cormun/servlet/solicitudgral3?5c547a41eaf602233d45bbc87e96e5bcb1fd08427770442938ac2a134802bdee211dca9c4d772f22df485ee8936ee30ebea6bcd498cbf6e332f2de7bac76102cca8fe138b5571045f344cf8f3d5a8cf40d4a5dc3d4fa439878f52f9f577fb39b2826538912d47bb895d31a45c0acc6d0b27e307e52dd23ec6749fef89bb6008e76811a64d8537606563d1fd62e3bce830c43ef0876d6bf3d7105290ba2acc2dbae1ed32e6ed9879237a781a53d2e2f022e7f97e5566d2cb2dc1788b9438e919a729aadb6fa756287b4d7282e8032f98aa663eaf8ea55d916539dbc762999a5ee4bb81f888e6268c8a4cfe1b56038a835a5a8027ece1f5deab666c7ac4e9746dc168c14949e0ac7dc9603d587f26167783e45a3f8f97541752d748f8e6f579f43c95ddc4864127ad0d752a17977d3cf98e61c4745f18dffbf8f0463ac0357becb53c2720685ebd73a63b3bf31509662b9,gx-no-cache=1496321974046 HTTP/1.1" 200 298
192.168.10.89 - - [01/Jun/2017:09:59:32 -0300] "POST /cormun/servlet/solicitudgral3?gx-no-cache=1496321974076 HTTP/1.1" 200 1362
192.168.10.89 - - [01/Jun/2017:09:59:32 -0300] "GET /cormun/servlet/solicitudgral3?5c547a41eaf602233d45bbc87e96e5bcb5172b161ee7bce69086bf4679d59009d10c225f9f0650f0335f541fecd1257dbea6bcd498cbf6e332f2de7bac76102cb0a15588187e7a01308352905be958a4af7456ac61d5a39a98c07bd895739598d60de12bea74052c3fb4c67ad3a640f4768b084e2fda30cfead2eb544a3276bb,gx-no-cache=1496321974167 HTTP/1.1" 200 40
192.168.10.89 - - [01/Jun/2017:09:59:35 -0300] "POST /cormun/servlet/solicitudgral3?b2e3f9dd7914d6654280c837bc264070,UPD,2017,6680,,gx-no-cache=1496321977420 HTTP/1.1" 200 11185
192.168.10.89 - - [01/Jun/2017:09:59:35 -0300] "GET /cormun/servlet/solicitudgral3?5c547a41eaf602233d45bbc87e96e5bcaaa869b129c9b43a023f90975c96798770c489b0a2bec0768666b3d768e4ebf43c541820a17276fc91bfb67c4d0b0396909590fc32a27f44adcca0c39945014df9a57ce45e94de02f467439d478566bf4d3b0be43f95953c52f41fb42a18904e,gx-no-cache=1496321977644 HTTP/1.1" 200 29
192.168.10.89 - - [01/Jun/2017:09:59:35 -0300] "POST /cormun/servlet/solicitudgral3?gx-no-cache=1496321977663 HTTP/1.1" 200 1256
192.168.10.89 - - [01/Jun/2017:09:59:35 -0300] "POST /cormun/servlet/solicitudgral3?gx-no-cache=1496321977699 HTTP/1.1" 200 1159
192.168.10.89 - - [01/Jun/2017:09:59:46 -0300] "GET /cormun/servlet/solicitudgral3?5c547a41eaf602233d45bbc87e96e5bc29a2c5191ef91e9dcd764a346b29ad6aae1fa4003f7fc83ad01ddb4759397089ed48c9bcb0216007071c6a712f19876fe61c4745f18dffbf8f0463ac0357becb224f42c87e15c34c1c0210c466515d644cb76587f79f0c0d69c7632cd487a97c4395f91cc0487f9a4e49e34ddec3bc05507266f3a3515332465c1db828cb35ef,gx-no-cache=1496321988207 HTTP/1.1" 200 30
192.168.10.89 - - [01/Jun/2017:09:59:49 -0300] "POST /cormun/servlet/solicitudgral3?b2e3f9dd7914d6654280c837bc264070,UPD,2017,6680,,gx-no-cache=1496321990892 HTTP/1.1" 200 93
192.168.10.89 - - [01/Jun/2017:09:59:49 -0300] "GET /cormun/servlet/hpexe_return? HTTP/1.1" 200 1012
192.168.10.89 - - [01/Jun/2017:09:59:49 -0300] "GET /cormun/static/gxcfg.js?2016101716175148 HTTP/1.1" 304 -
192.168.10.89 - - [01/Jun/2017:09:59:49 -0300] "GET /cormun/servlet/trsolicitudgral? HTTP/1.1" 200 10373
192.168.10.89 - - [01/Jun/2017:09:59:52 -0300] "POST /cormun/servlet/trsolicitudgral?b2e3f9dd7914d6654280c837bc264070,,gx-no-cache=1496321994252 HTTP/1.1" 200 5865
192.168.10.89 - - [01/Jun/2017:09:59:52 -0300] "GET /cormun/static/Shared/jqueryui/images/ui-icons_8d78a5_256x240.png HTTP/1.1" 404 1089
192.168.10.89 - - [01/Jun/2017:09:59:52 -0300] "GET /cormun/static/Shared/jqueryui/images/ui-icons_82798d_256x240.png HTTP/1.1" 404 1089
192.168.10.89 - - [01/Jun/2017:09:59:52 -0300] "GET /cormun/static/Shared/jqueryui/images/ui-bg_flat_55_fafafa_40x100.png HTTP/1.1" 404 1097
192.168.10.89 - - [01/Jun/2017:09:59:52 -0300] "GET /cormun/static/Shared/jqueryui/images/ui-bg_highlight-soft_100_c6c2c8_1x100.png HTTP/1.1" 404 1117
186.79.240.243 - - [01/Jun/2017:10:00:00 -0300] "POST /cormun/servlet/permisogoce?9ce17f0ae8db2f10a06b5fd001a6d33e,INS,0,,,,gx-no-cache=1496322060067 HTTP/1.1" 200 93
186.79.240.243 - - [01/Jun/2017:10:00:00 -0300] "GET /cormun/servlet/hpexe_return? HTTP/1.1" 200 1009
186.79.240.243 - - [01/Jun/2017:10:00:00 -0300] "GET /cormun/servlet/trpermisosgoce? HTTP/1.1" 200 6720
186.79.240.243 - - [01/Jun/2017:10:00:01 -0300] "GET /cormun/servlet/trpermisosgoce? HTTP/1.1" 200 6716
186.103.248.213 - - [01/Jun/2017:10:00:06 -0300] "POST /cormun/servlet/licenciaspermisosadjuntos?71bea2d7f46e2ae7d8e0a4ce1ee041b3,INS,17477468,L,20170601000000,, HTTP/1.1" 200 116
186.103.248.213 - - [01/Jun/2017:10:00:06 -0300] "GET /cormun/servlet/hpexe_return? HTTP/1.1" 200 1041
186.103.248.213 - - [01/Jun/2017:10:00:07 -0300] "GET /cormun/servlet/trlicenciaspermisosadjuntos?17477468,20170601000000,L, HTTP/1.1" 200 6614
186.103.248.213 - - [01/Jun/2017:10:00:07 -0300] "GET /cormun/servlet/trlicenciaspermisosadjuntos?17477468,20170601000000,L, HTTP/1.1" 200 6610
192.168.10.89 - - [01/Jun/2017:10:00:10 -0300] "POST /cormun/servlet/trsolicitudgral?b2e3f9dd7914d6654280c837bc264070,,gx-no-cache=1496322012586 HTTP/1.1" 200 6961
186.79.240.243 - - [01/Jun/2017:10:00:12 -0300] "GET /cormun/servlet/permisogoce?INS,0,,, HTTP/1.1" 200 6644
186.103.248.213 - - [01/Jun/2017:10:00:12 -0300] "GET /cormun/servlet/trlicencias? HTTP/1.1" 200 10475
186.103.248.213 - - [01/Jun/2017:10:00:13 -0300] "GET /cormun/servlet/trlicencias? HTTP/1.1" 200 10473
186.79.240.243 - - [01/Jun/2017:10:00:13 -0300] "GET /cormun/servlet/permisogoce?INS,0,,, HTTP/1.1" 200 6644
186.79.240.243 - - [01/Jun/2017:10:00:16 -0300] "GET /cormun/servlet/trpermisosgoce? HTTP/1.1" 200 6720
186.79.240.243 - - [01/Jun/2017:10:00:17 -0300] "GET /cormun/servlet/trpermisosgoce? HTTP/1.1" 200 6716
186.103.248.213 - - [01/Jun/2017:10:00:34 -0300] "GET /cormun/servlet/trlicenciaspermisosadjuntos?10352127,20170601000000,L, HTTP/1.1" 200 6112
186.79.240.243 - - [01/Jun/2017:10:00:34 -0300] "GET /cormun/servlet/trpermisosgoce? HTTP/1.1" 200 6716
186.103.248.213 - - [01/Jun/2017:10:00:35 -0300] "GET /cormun/servlet/trlicenciaspermisosadjuntos?10352127,20170601000000,L, HTTP/1.1" 200 6124
186.79.240.243 - - [01/Jun/2017:10:00:35 -0300] "GET /cormun/servlet/trpermisosgoce? HTTP/1.1" 200 6716
186.103.248.213 - - [01/Jun/2017:10:00:36 -0300] "GET /cormun/servlet/licenciaspermisosadjuntos?INS,10352127,L,20170601000000,, HTTP/1.1" 200 5417
186.103.248.213 - - [01/Jun/2017:10:00:36 -0300] "GET /cormun/static/about:blank HTTP/1.1" 404 1011
186.103.248.213 - - [01/Jun/2017:10:00:37 -0300] "GET /cormun/servlet/licenciaspermisosadjuntos?INS,10352127,L,20170601000000,, HTTP/1.1" 200 5406
186.79.240.243 - - [01/Jun/2017:10:00:48 -0300] "GET /cormun/servlet/trvisualizadoreventos? HTTP/1.1" 200 6542
186.79.240.243 - - [01/Jun/2017:10:00:48 -0300] "GET /cormun/static/gxcfg.js?20175251251426 HTTP/1.1" 200 953
186.79.240.243 - - [01/Jun/2017:10:00:48 -0300] "GET /cormun/static/Resources/PXToolsActionPrint.png HTTP/1.1" 200 3317
186.79.240.243 - - [01/Jun/2017:10:00:48 -0300] "GET /cormun/static/trvisualizadoreventos.js?20175251251768 HTTP/1.1" 200 19318
186.79.240.243 - - [01/Jun/2017:10:00:49 -0300] "GET /cormun/servlet/trvisualizadoreventos? HTTP/1.1" 200 6542
192.168.10.89 - - [01/Jun/2017:10:00:49 -0300] "POST /cormun/servlet/trsolicitudgral?b2e3f9dd7914d6654280c837bc264070,,gx-no-cache=1496322051295 HTTP/1.1" 200 5859
186.79.240.243 - - [01/Jun/2017:10:00:52 -0300] "GET /cormun/servlet/trsolicitudot? HTTP/1.1" 200 10021
186.79.240.243 - - [01/Jun/2017:10:00:52 -0300] "GET /cormun/static/gxcfg.js?20175251233261 HTTP/1.1" 200 953
186.79.240.243 - - [01/Jun/2017:10:00:52 -0300] "GET /cormun/static/trsolicitudot.js?20175251234175 HTTP/1.1" 200 54041
186.79.240.243 - - [01/Jun/2017:10:00:53 -0300] "GET /cormun//static/Resources/PXToolsActionView.png HTTP/1.1" 200 2995
186.79.240.243 - - [01/Jun/2017:10:00:53 -0300] "GET /cormun/servlet/trsolicitudot? HTTP/1.1" 200 10021
186.79.240.243 - - [01/Jun/2017:10:00:53 -0300] "GET /cormun//static/Resources/PXToolsRemoveAllAction.png HTTP/1.1" 200 3558
192.168.10.89 - - [01/Jun/2017:10:01:09 -0300] "POST /cormun/servlet/trsolicitudgral?b2e3f9dd7914d6654280c837bc264070,,gx-no-cache=1496322071557 HTTP/1.1" 200 6954
186.79.240.243 - - [01/Jun/2017:10:01:19 -0300] "GET /cormun/servlet/trpermisosgoce? HTTP/1.1" 200 6716
186.79.240.243 - - [01/Jun/2017:10:01:20 -0300] "GET /cormun/servlet/trpermisosgoce? HTTP/1.1" 200 6716
192.168.10.89 - - [01/Jun/2017:10:01:36 -0300] "GET /cormun/servlet/solicitudgral3?UPD,2017,6672, HTTP/1.1" 200 13164
192.168.10.89 - - [01/Jun/2017:10:01:38 -0300] "POST /cormun/servlet/solicitudgral3?gx-no-cache=1496322100107 HTTP/1.1" 200 3339
192.168.10.89 - - [01/Jun/2017:10:01:38 -0300] "GET /cormun/servlet/solicitudgral3?5c547a41eaf602233d45bbc87e96e5bcb1fd08427770442938ac2a134802bdee211dca9c4d772f22df485ee8936ee30ebea6bcd498cbf6e332f2de7bac76102cca8fe138b5571045f344cf8f3d5a8cf45dbfd7d4be8a1956ec9786a0d3b9faa92826538912d47bb895d31a45c0acc6d0b27e307e52dd23ec6749fef89bb6008e76811a64d8537606563d1fd62e3bce830c43ef0876d6bf3d7105290ba2acc2dbae1ed32e6ed9879237a781a53d2e2f022e7f97e5566d2cb2dc1788b9438e919a729aadb6fa756287b4d7282e8032f98aa663eaf8ea55d916539dbc762999a5ee4bb81f888e6268c8a4cfe1b56038a835a5a8027ece1f5deab666c7ac4e9746dc168c14949e0ac7dc9603d587f26167783e45a3f8f97541752d748f8e6f579f43c95ddc4864127ad0d752a17977d3cf98e61c4745f18dffbf8f0463ac0357becb53c2720685ebd73a63b3bf31509662b9,gx-no-cache=1496322100325 HTTP/1.1" 200 242
192.168.10.89 - - [01/Jun/2017:10:01:38 -0300] "POST /cormun/servlet/solicitudgral3?gx-no-cache=1496322100367 HTTP/1.1" 200 1363
192.168.10.89 - - [01/Jun/2017:10:01:38 -0300] "GET /cormun/servlet/solicitudgral3?5c547a41eaf602233d45bbc87e96e5bcb5172b161ee7bce69086bf4679d59009d10c225f9f0650f0335f541fecd1257dbea6bcd498cbf6e332f2de7bac76102cb0a15588187e7a01308352905be958a41015dcaa92a2943362f58ee7964d937bd5a4bcd18ce02831f3393a51e9f61f04178ca2938383c880977970bc9202541a,gx-no-cache=1496322100479 HTTP/1.1" 200 41
192.168.10.89 - - [01/Jun/2017:10:01:41 -0300] "POST /cormun/servlet/solicitudgral3?b2e3f9dd7914d6654280c837bc264070,UPD,2017,6672,,gx-no-cache=1496322103413 HTTP/1.1" 200 11108
192.168.10.89 - - [01/Jun/2017:10:01:42 -0300] "GET /cormun/servlet/solicitudgral3?5c547a41eaf602233d45bbc87e96e5bcaaa869b129c9b43a023f90975c96798770c489b0a2bec0768666b3d768e4ebf43c541820a17276fc91bfb67c4d0b0396909590fc32a27f44adcca0c39945014df9a57ce45e94de02f467439d478566bf4d3b0be43f95953c52f41fb42a18904e,gx-no-cache=1496322104078 HTTP/1.1" 200 29
192.168.10.89 - - [01/Jun/2017:10:01:42 -0300] "POST /cormun/servlet/solicitudgral3?gx-no-cache=1496322104105 HTTP/1.1" 200 1256
192.168.10.89 - - [01/Jun/2017:10:01:42 -0300] "POST /cormun/servlet/solicitudgral3?gx-no-cache=1496322104146 HTTP/1.1" 200 1158
192.168.10.89 - - [01/Jun/2017:10:01:43 -0300] "GET /cormun/servlet/solicitudgral3?5c547a41eaf602233d45bbc87e96e5bc35feb829bc7b18cd079b5e2abda3aad908081fe26c36f642321a1522943df1c9ed48c9bcb0216007071c6a712f19876fe61c4745f18dffbf8f0463ac0357becb224f42c87e15c34c1c0210c466515d6470092984d5a52c0dd4deeeb903434393df378bb47337def27dc4da64cfee2f7f507266f3a3515332465c1db828cb35ef,gx-no-cache=1496322105561 HTTP/1.1" 200 30
186.103.248.213 - - [01/Jun/2017:10:01:48 -0300] "POST /cormun/servlet/licenciaspermisosadjuntos?71bea2d7f46e2ae7d8e0a4ce1ee041b3,INS,10352127,L,20170601000000,, HTTP/1.1" 200 116
186.103.248.213 - - [01/Jun/2017:10:01:49 -0300] "GET /cormun/servlet/hpexe_return? HTTP/1.1" 200 1041
186.103.248.213 - - [01/Jun/2017:10:01:49 -0300] "GET /cormun/servlet/trlicenciaspermisosadjuntos?10352127,20170601000000,L, HTTP/1.1" 200 6613
186.103.248.213 - - [01/Jun/2017:10:01:50 -0300] "GET /cormun/servlet/trlicenciaspermisosadjuntos?10352127,20170601000000,L, HTTP/1.1" 200 6608
192.168.10.89 - - [01/Jun/2017:10:01:55 -0300] "POST /cormun/servlet/solicitudgral3?b2e3f9dd7914d6654280c837bc264070,UPD,2017,6672,,gx-no-cache=1496322117025 HTTP/1.1" 200 93
192.168.10.89 - - [01/Jun/2017:10:01:55 -0300] "GET /cormun/servlet/hpexe_return? HTTP/1.1" 200 1012
192.168.10.89 - - [01/Jun/2017:10:01:55 -0300] "GET /cormun/servlet/trsolicitudgral? HTTP/1.1" 200 10361
186.103.248.213 - - [01/Jun/2017:10:01:57 -0300] "GET /cormun/PublicTempStorage/licencia_marcela_gutierrez_27717761.jpg HTTP/1.1" 200 1420876
192.168.10.89 - - [01/Jun/2017:10:01:59 -0300] "POST /cormun/servlet/trsolicitudgral?b2e3f9dd7914d6654280c837bc264070,,gx-no-cache=1496322121358 HTTP/1.1" 200 5851
192.168.10.89 - - [01/Jun/2017:10:01:59 -0300] "GET /cormun/static/Shared/jqueryui/images/ui-bg_highlight-soft_100_c6c2c8_1x100.png HTTP/1.1" 404 1117
192.168.10.89 - - [01/Jun/2017:10:01:59 -0300] "GET /cormun/static/Shared/jqueryui/images/ui-icons_82798d_256x240.png HTTP/1.1" 404 1089
192.168.10.89 - - [01/Jun/2017:10:01:59 -0300] "GET /cormun/static/Shared/jqueryui/images/ui-bg_flat_55_fafafa_40x100.png HTTP/1.1" 404 1097
192.168.10.89 - - [01/Jun/2017:10:01:59 -0300] "GET /cormun/static/Shared/jqueryui/images/ui-icons_8d78a5_256x240.png HTTP/1.1" 404 1089
192.168.10.89 - - [01/Jun/2017:10:02:34 -0300] "POST /cormun/servlet/trsolicitudgral?b2e3f9dd7914d6654280c837bc264070,,gx-no-cache=1496322156237 HTTP/1.1" 200 6959
192.168.10.89 - - [01/Jun/2017:10:02:46 -0300] "POST /cormun/servlet/trsolicitudgral?b2e3f9dd7914d6654280c837bc264070,,gx-no-cache=1496322168425 HTTP/1.1" 200 5844
186.103.248.213 - - [01/Jun/2017:10:03:09 -0300] "GET /cormun/servlet/licenciaspermisosadjuntos?INS,10352127,L,20170601000000,, HTTP/1.1" 200 5418
186.103.248.213 - - [01/Jun/2017:10:03:10 -0300] "GET /cormun/static/about:blank HTTP/1.1" 404 1011
186.103.248.213 - - [01/Jun/2017:10:03:10 -0300] "GET /cormun/servlet/licenciaspermisosadjuntos?INS,10352127,L,20170601000000,, HTTP/1.1" 200 5408
186.103.248.213 - - [01/Jun/2017:10:03:57 -0300] "POST /cormun/servlet/licenciaspermisosadjuntos?71bea2d7f46e2ae7d8e0a4ce1ee041b3,INS,10352127,L,20170601000000,, HTTP/1.1" 200 116
186.103.248.213 - - [01/Jun/2017:10:03:58 -0300] "GET /cormun/servlet/hpexe_return? HTTP/1.1" 200 1041
186.103.248.213 - - [01/Jun/2017:10:03:59 -0300] "GET /cormun/servlet/trlicenciaspermisosadjuntos?10352127,20170601000000,L, HTTP/1.1" 200 6709
186.103.248.213 - - [01/Jun/2017:10:04:00 -0300] "GET /cormun/servlet/trlicenciaspermisosadjuntos?10352127,20170601000000,L, HTTP/1.1" 200 6706
186.103.248.213 - - [01/Jun/2017:10:04:04 -0300] "GET /cormun/PublicTempStorage/licencia_marcela_gutierrez_24042220.jpg HTTP/1.1" 200 1420876
186.103.248.213 - - [01/Jun/2017:10:04:06 -0300] "GET /cormun/PublicTempStorage/licencia_marcela_gutierrez_28874184.jpg HTTP/1.1" 200 1420876
186.79.240.243 - - [01/Jun/2017:10:04:44 -0300] "GET /cormun/servlet/hlogin HTTP/1.1" 200 1737
200.111.191.210 - - [01/Jun/2017:10:04:51 -0300] "GET /cormun/servlet/trsolicitudot? HTTP/1.1" 200 7726
200.111.191.210 - - [01/Jun/2017:10:04:51 -0300] "GET /cormun/static/gxcfg.js?20175251233261 HTTP/1.1" 304 -
200.111.191.210 - - [01/Jun/2017:10:04:51 -0300] "GET /cormun/static/trsolicitudot.js?20175251234175 HTTP/1.1" 304 -
200.111.191.210 - - [01/Jun/2017:10:04:51 -0300] "GET /cormun/servlet/hlogin HTTP/1.1" 200 1737
200.111.191.210 - - [01/Jun/2017:10:04:51 -0300] "GET /cormun/servlet/trsolicitudot? HTTP/1.1" 200 7720
200.111.191.210 - - [01/Jun/2017:10:05:10 -0300] "POST /cormun/servlet/hlogin?e7d0fb754fa6152c87ea20056c16157b,gx-no-cache=1496322363803 HTTP/1.1" 200 90
200.111.191.210 - - [01/Jun/2017:10:05:10 -0300] "GET /cormun/servlet/hpexe_link HTTP/1.1" 200 954
200.111.191.210 - - [01/Jun/2017:10:05:10 -0300] "GET /cormun/servlet/trsolicitudot HTTP/1.1" 200 17385
200.111.191.210 - - [01/Jun/2017:10:05:11 -0300] "GET /cormun/servlet/trsolicitudot HTTP/1.1" 200 17383
186.79.240.243 - - [01/Jun/2017:10:05:12 -0300] "POST /cormun/servlet/hlogin?9ce17f0ae8db2f10a06b5fd001a6d33e,gx-no-cache=1496322373218 HTTP/1.1" 200 90
186.79.240.243 - - [01/Jun/2017:10:05:12 -0300] "GET /cormun/servlet/hpexe_link HTTP/1.1" 200 956
186.79.240.243 - - [01/Jun/2017:10:05:13 -0300] "GET /cormun/servlet/trpermisosgoce HTTP/1.1" 200 6718
186.79.240.243 - - [01/Jun/2017:10:05:15 -0300] "GET /cormun/servlet/trpermisosgoce HTTP/1.1" 200 6716
200.111.191.210 - - [01/Jun/2017:10:05:17 -0300] "POST /cormun/servlet/trsolicitudot?e7d0fb754fa6152c87ea20056c16157b,gx-no-cache=1496322371483 HTTP/1.1" 200 5275
186.103.157.235 - - [01/Jun/2017:10:05:44 -0300] "GET /cormun/servlet/hlogin HTTP/1.1" 200 1714
186.103.157.235 - - [01/Jun/2017:10:05:44 -0300] "GET /cormun/static/gxtimezone.js?85251 HTTP/1.1" 200 5781
186.103.157.235 - - [01/Jun/2017:10:05:44 -0300] "GET /cormun/static/gxcfg.js?20175251213516 HTTP/1.1" 200 953
186.103.157.235 - - [01/Jun/2017:10:05:44 -0300] "GET /cormun/static/Resources/Spanish/PXTools.css?11423723 HTTP/1.1" 200 89042
186.103.157.235 - - [01/Jun/2017:10:05:44 -0300] "GET /cormun/static/messages.spa.js?85251 HTTP/1.1" 200 30736
186.103.157.235 - - [01/Jun/2017:10:05:45 -0300] "GET /cormun/static/hlogin.js?20175251213537 HTTP/1.1" 200 2136
186.103.157.235 - - [01/Jun/2017:10:05:45 -0300] "GET /cormun/static/Resources/ComunLogin.png HTTP/1.1" 200 17326
186.103.157.235 - - [01/Jun/2017:10:05:51 -0300] "GET /cormun/static/gxgral.js?85251 HTTP/1.1" 200 384558
186.103.157.235 - - [01/Jun/2017:10:05:51 -0300] "GET /cormun/static/Resources/PXToolsLoginTop.png HTTP/1.1" 200 1337
186.103.157.235 - - [01/Jun/2017:10:05:51 -0300] "GET /cormun/static/Resources/PXToolsLoginBackground.png HTTP/1.1" 200 1164
186.103.157.235 - - [01/Jun/2017:10:05:51 -0300] "GET /cormun/static/Resources/PXToolsButtonLeft21.png HTTP/1.1" 200 1287
186.103.157.235 - - [01/Jun/2017:10:05:51 -0300] "GET /cormun/static/Resources/PXToolsButtonRight21.png HTTP/1.1" 200 1283
186.103.157.235 - - [01/Jun/2017:10:05:51 -0300] "GET /cormun/static/Resources/PXToolsButtonBackground2.png HTTP/1.1" 200 1181
186.103.157.235 - - [01/Jun/2017:10:05:51 -0300] "GET /cormun/static/Resources/PXToolsLoginBottom.png HTTP/1.1" 200 1389
186.103.157.235 - - [01/Jun/2017:10:05:51 -0300] "GET /cormun/static/Resources/indicator.gif HTTP/1.1" 200 1553
186.103.157.235 - - [01/Jun/2017:10:05:51 -0300] "GET /cormun/servlet/hlogin HTTP/1.1" 200 1725
186.103.157.235 - - [01/Jun/2017:10:05:51 -0300] "GET /favicon.ico HTTP/1.1" 200 21630
192.168.10.89 - - [01/Jun/2017:10:05:55 -0300] "POST /cormun/servlet/trsolicitudgral?b2e3f9dd7914d6654280c837bc264070,,gx-no-cache=1496322357070 HTTP/1.1" 200 7514
186.103.157.235 - - [01/Jun/2017:10:06:02 -0300] "POST /cormun/servlet/hlogin?9da9dd29f92c7e2ea80366cf6110b1a7,gx-no-cache=1496322415756 HTTP/1.1" 200 90
186.103.157.235 - - [01/Jun/2017:10:06:02 -0300] "GET /cormun/servlet/hpexe_link HTTP/1.1" 200 944
186.103.157.235 - - [01/Jun/2017:10:06:02 -0300] "GET /cormun/static/gxcfg.js?20175251212395 HTTP/1.1" 200 953
186.103.157.235 - - [01/Jun/2017:10:06:02 -0300] "GET /cormun/static/hpexe_link.js?20175251212399 HTTP/1.1" 200 625
186.103.157.235 - - [01/Jun/2017:10:06:02 -0300] "GET /cormun/servlet/hhome HTTP/1.1" 200 3988
186.103.157.235 - - [01/Jun/2017:10:06:02 -0300] "GET /cormun/static/SmoothNavMenu/resources/ddsmoothmenu.css?1012540 HTTP/1.1" 200 2223
186.103.157.235 - - [01/Jun/2017:10:06:02 -0300] "GET /cormun/static/SmoothNavMenu/resources/ddsmoothmenu-v.css?1012540 HTTP/1.1" 200 1188
186.103.157.235 - - [01/Jun/2017:10:06:02 -0300] "GET /cormun/static/gxcfg.js?20175251212442 HTTP/1.1" 200 953
186.103.157.235 - - [01/Jun/2017:10:06:02 -0300] "GET /cormun/static/PXToolsJavascripts/pexe_autoreload.js HTTP/1.1" 200 1762
186.103.157.235 - - [01/Jun/2017:10:06:02 -0300] "GET /cormun/static/Shared/jqueryui/jquery-ui.min.css?1245370 HTTP/1.1" 200 30288
186.103.157.235 - - [01/Jun/2017:10:06:02 -0300] "GET /cormun/static/PXToolsJavascripts/pexe_cookies.js HTTP/1.1" 200 792
186.103.157.235 - - [01/Jun/2017:10:06:02 -0300] "GET /cormun/static/PXToolsJavascripts/pexe_grid.js HTTP/1.1" 200 7559
186.103.157.235 - - [01/Jun/2017:10:06:02 -0300] "GET /cormun/static/scaMessage/css/jquery.pnotify.default.css?1716380 HTTP/1.1" 200 1707
186.103.157.235 - - [01/Jun/2017:10:06:02 -0300] "GET /cormun/static/PXToolsJavascripts/pexe_windows.js HTTP/1.1" 200 15207
186.103.157.235 - - [01/Jun/2017:10:06:02 -0300] "GET /cormun/static/PXToolsJavascripts/pexe_link.js HTTP/1.1" 200 5671
186.103.157.235 - - [01/Jun/2017:10:06:02 -0300] "GET /cormun/static/PXToolsJavascripts/pexe_menudivfix.js HTTP/1.1" 200 333
186.103.157.235 - - [01/Jun/2017:10:06:02 -0300] "GET /cormun/static/PXToolsJavascripts/pexe_griddivfix.js HTTP/1.1" 200 6644
186.103.157.235 - - [01/Jun/2017:10:06:02 -0300] "GET /cormun/static/PXToolsJavascripts/pexe_menus.js HTTP/1.1" 200 1286
186.103.157.235 - - [01/Jun/2017:10:06:02 -0300] "GET /cormun/static/PXToolsJavascripts/pexe_layers.js HTTP/1.1" 200 4114
186.103.157.235 - - [01/Jun/2017:10:06:02 -0300] "GET /cormun/static/PXToolsJavascripts/pexe_oav.js HTTP/1.1" 200 645
186.103.157.235 - - [01/Jun/2017:10:06:02 -0300] "GET /cormun/static/PXToolsJavascripts/pexe_oavdivfix.js HTTP/1.1" 200 639
186.103.157.235 - - [01/Jun/2017:10:06:02 -0300] "GET /cormun/static/PXToolsJavascripts/pexe_scrolldiv.js HTTP/1.1" 200 4138
186.103.157.235 - - [01/Jun/2017:10:06:02 -0300] "GET /cormun/static/PXToolsJavascripts/pexe_popup.js HTTP/1.1" 200 13458
186.103.157.235 - - [01/Jun/2017:10:06:02 -0300] "GET /cormun/static/PXToolsJavascripts/pexe_picture.js HTTP/1.1" 200 689
186.103.157.235 - - [01/Jun/2017:10:06:02 -0300] "GET /cormun/static/PXToolsJavascripts/pexe_tabdivfix.js HTTP/1.1" 200 876
186.103.157.235 - - [01/Jun/2017:10:06:02 -0300] "GET /cormun/static/PXToolsJavascripts/pexe_tabs.js HTTP/1.1" 200 3748
186.103.157.235 - - [01/Jun/2017:10:06:02 -0300] "GET /cormun/static/PXToolsJavascripts/pexe_upload.js HTTP/1.1" 200 1423
186.103.157.235 - - [01/Jun/2017:10:06:02 -0300] "GET /cormun/static/PXToolsJavascripts/PXToolsJavascriptsRender.js HTTP/1.1" 200 367
186.103.157.235 - - [01/Jun/2017:10:06:02 -0300] "GET /cormun/static/RunJS/RunJS.js HTTP/1.1" 200 288
186.103.157.235 - - [01/Jun/2017:10:06:02 -0300] "GET /cormun/static/hhome.js?20175251212450 HTTP/1.1" 200 777
186.103.157.235 - - [01/Jun/2017:10:06:02 -0300] "GET /cormun/static/hwchdr01.js?201752511465785 HTTP/1.1" 200 1183
186.103.157.235 - - [01/Jun/2017:10:06:02 -0300] "GET /cormun/static/hpexe_recentlink.js?201610171694390 HTTP/1.1" 200 2144
186.103.157.235 - - [01/Jun/2017:10:06:02 -0300] "GET /cormun/static/Resources/PXToolsFooterBackground2.png HTTP/1.1" 200 1172
186.103.157.235 - - [01/Jun/2017:10:06:02 -0300] "GET /cormun/static/Resources/PXToolsHeaderActionsLeft.png HTTP/1.1" 200 1118
186.103.157.235 - - [01/Jun/2017:10:06:02 -0300] "GET /cormun/static/Resources/PXToolsHeaderBackground2.png HTTP/1.1" 200 1174
186.103.157.235 - - [01/Jun/2017:10:06:02 -0300] "GET /cormun/static/Resources/PXToolsDataTitle.png HTTP/1.1" 200 1173
186.103.157.235 - - [01/Jun/2017:10:06:02 -0300] "GET /cormun/static/Resources/PXToolsHeaderActionsBackground.png HTTP/1.1" 200 484
186.103.157.235 - - [01/Jun/2017:10:06:02 -0300] "GET /cormun/static/Shared/ext/locale/ext-lang-en.js HTTP/1.1" 200 10940
186.103.157.235 - - [01/Jun/2017:10:06:02 -0300] "GET /cormun/static/gxui/gxui-all.js HTTP/1.1" 200 107772
186.103.157.235 - - [01/Jun/2017:10:06:02 -0300] "GET /cormun/static/Resources/logo4.png HTTP/1.1" 200 6582
186.103.157.235 - - [01/Jun/2017:10:06:02 -0300] "GET /cormun/static/Resources/PXToolsHeaderLogin.png HTTP/1.1" 200 4279
186.103.157.235 - - [01/Jun/2017:10:06:02 -0300] "GET /cormun/static/Resources/PXToolsHeaderHome.png HTTP/1.1" 200 4147
186.103.157.235 - - [01/Jun/2017:10:06:02 -0300] "GET /cormun/static/Resources/PXToolsHeaderSecurity.png HTTP/1.1" 200 4166
186.103.157.235 - - [01/Jun/2017:10:06:02 -0300] "GET /cormun/static/Resources/PXToolsHeaderActionsRight.png HTTP/1.1" 200 1201
186.103.157.235 - - [01/Jun/2017:10:06:02 -0300] "GET /cormun/static/Resources/PXToolsHeaderPreferences.png HTTP/1.1" 200 4189
186.103.157.235 - - [01/Jun/2017:10:06:02 -0300] "GET /cormun/static/hpexe_scripts.js?201752511465715 HTTP/1.1" 200 1544
186.103.157.235 - - [01/Jun/2017:10:06:02 -0300] "GET /cormun/static/hpexe_messagecontroller.js?201610171694323 HTTP/1.1" 200 870
186.103.157.235 - - [01/Jun/2017:10:06:02 -0300] "GET /cormun/static/hpexe_messagepopupcomponent.js?20161017169425 HTTP/1.1" 200 605
186.103.157.235 - - [01/Jun/2017:10:06:02 -0300] "GET /cormun/static/hpexe_messagegenexuscomponent.js?201752511465344 HTTP/1.1" 200 587
186.103.157.235 - - [01/Jun/2017:10:06:02 -0300] "GET /cormun/static/cmcontrolpreferences.js?201752511465670 HTTP/1.1" 200 1375
186.103.157.235 - - [01/Jun/2017:10:06:02 -0300] "GET /cormun/static/SmoothNavMenu/resources/ddsmoothmenu.js HTTP/1.1" 200 12712
186.103.157.235 - - [01/Jun/2017:10:06:02 -0300] "GET /cormun/static/SmoothNavMenu/resources/SmoothNavMenuRender.js HTTP/1.1" 200 5951
186.103.157.235 - - [01/Jun/2017:10:06:02 -0300] "GET /cormun/static/Shared/jquery/jquery-1.4.2.min.js HTTP/1.1" 200 72174
186.103.157.235 - - [01/Jun/2017:10:06:03 -0300] "GET /cormun/static/Shared/jquery/jquery-1.10.2.min.js HTTP/1.1" 200 273199
186.103.157.235 - - [01/Jun/2017:10:06:03 -0300] "GET /cormun/static/Shared/jqueryui/jquery-ui.min.js HTTP/1.1" 200 240427
186.103.157.235 - - [01/Jun/2017:10:06:03 -0300] "GET /cormun/static/scaMessage/js/jquery.pnotify.min.js HTTP/1.1" 200 13038
186.103.157.235 - - [01/Jun/2017:10:06:03 -0300] "GET /cormun/static/scaMessage/scaMessageRender.js HTTP/1.1" 200 11977
186.103.157.235 - - [01/Jun/2017:10:06:03 -0300] "GET /cormun/static/hmpwkw03.js?2017525121347 HTTP/1.1" 200 3965
186.103.248.213 - - [01/Jun/2017:10:06:16 -0300] "GET /cormun/servlet/hlogin HTTP/1.1" 200 1722
186.103.248.213 - - [01/Jun/2017:10:06:19 -0300] "POST /cormun/servlet/hlogin?b3281ecc5a2002f443eac9db9342a04d,gx-no-cache=1496322435995 HTTP/1.1" 200 90
186.103.248.213 - - [01/Jun/2017:10:06:19 -0300] "GET /cormun/servlet/hpexe_link HTTP/1.1" 200 950
186.103.248.213 - - [01/Jun/2017:10:06:19 -0300] "GET /cormun/servlet/hhome HTTP/1.1" 200 3773
186.103.248.213 - - [01/Jun/2017:10:06:20 -0300] "GET /cormun/servlet/hhome HTTP/1.1" 200 3769
186.103.157.235 - - [01/Jun/2017:10:06:21 -0300] "GET /cormun/static/Shared/ext/ext-all.js HTTP/1.1" 200 1289687
192.168.10.89 - - [01/Jun/2017:10:06:22 -0300] "POST /cormun/servlet/trsolicitudgral?b2e3f9dd7914d6654280c837bc264070,,gx-no-cache=1496322383821 HTTP/1.1" 200 5870
186.103.248.213 - - [01/Jun/2017:10:06:27 -0300] "GET /cormun/servlet/trlicencias? HTTP/1.1" 200 10475
186.103.248.213 - - [01/Jun/2017:10:06:27 -0300] "GET /cormun/servlet/trlicencias? HTTP/1.1" 200 10472
186.103.248.213 - - [01/Jun/2017:10:06:38 -0300] "GET /cormun/servlet/trlicenciaspermisosadjuntos?10352127,20170601000000,L, HTTP/1.1" 200 6707
186.103.248.213 - - [01/Jun/2017:10:06:39 -0300] "GET /cormun/servlet/trlicenciaspermisosadjuntos?10352127,20170601000000,L, HTTP/1.1" 200 6707
186.103.248.213 - - [01/Jun/2017:10:06:40 -0300] "GET /cormun/PublicTempStorage/licencia_marcela_gutierrez_28192128.jpg HTTP/1.1" 200 1420876
186.103.248.213 - - [01/Jun/2017:10:06:40 -0300] "GET /cormun/servlet/licenciaspermisosadjuntos?INS,10352127,L,20170601000000,, HTTP/1.1" 200 5419
186.103.248.213 - - [01/Jun/2017:10:06:41 -0300] "GET /cormun/static/about:blank HTTP/1.1" 404 1011
186.103.248.213 - - [01/Jun/2017:10:06:41 -0300] "GET /cormun/servlet/licenciaspermisosadjuntos?INS,10352127,L,20170601000000,, HTTP/1.1" 200 5409
186.103.157.235 - - [01/Jun/2017:10:06:53 -0300] "GET /cormun/servlet/hhome HTTP/1.1" 200 3988
186.103.157.235 - - [01/Jun/2017:10:06:53 -0300] "GET /cormun/static/Shared/ext/ext-all.js HTTP/1.1" 206 1
186.103.157.235 - - [01/Jun/2017:10:06:53 -0300] "GET /cormun/static/Shared/ext/ext-all.js HTTP/1.1" 206 75062
186.103.157.235 - - [01/Jun/2017:10:06:54 -0300] "GET /cormun/servlet/hhome HTTP/1.1" 200 3984
186.103.157.235 - - [01/Jun/2017:10:06:54 -0300] "GET /cormun/static/SmoothNavMenu/resources/images/down.gif HTTP/1.1" 200 854
186.103.157.235 - - [01/Jun/2017:10:06:54 -0300] "GET /cormun/static/SmoothNavMenu/resources/images/right.gif HTTP/1.1" 200 860
192.168.10.89 - - [01/Jun/2017:10:07:00 -0300] "POST /cormun/servlet/trsolicitudgral?b2e3f9dd7914d6654280c837bc264070,,gx-no-cache=1496322422293 HTTP/1.1" 200 6903
192.168.10.89 - - [01/Jun/2017:10:07:12 -0300] "POST /cormun/servlet/trsolicitudgral?b2e3f9dd7914d6654280c837bc264070,,gx-no-cache=1496322434361 HTTP/1.1" 200 5823
186.103.157.235 - - [01/Jun/2017:10:07:12 -0300] "GET /cormun/servlet/trpermisosgoce? HTTP/1.1" 200 9908
186.103.157.235 - - [01/Jun/2017:10:07:13 -0300] "GET /cormun/static/gxui/gxui-all.css?110300 HTTP/1.1" 200 2179
186.103.157.235 - - [01/Jun/2017:10:07:13 -0300] "GET /cormun/static/calendar-setup.js?85251 HTTP/1.1" 200 2588
186.103.157.235 - - [01/Jun/2017:10:07:13 -0300] "GET /cormun/static/calendar.js?85251 HTTP/1.1" 200 26246
186.103.157.235 - - [01/Jun/2017:10:07:13 -0300] "GET /cormun/static/calendar-system.css?75620 HTTP/1.1" 200 5572
186.103.157.235 - - [01/Jun/2017:10:07:13 -0300] "GET /cormun/static/calendar-es.js?85251 HTTP/1.1" 200 1901
186.103.157.235 - - [01/Jun/2017:10:07:16 -0300] "GET /cormun/static/gxcfg.js?20175251265886 HTTP/1.1" 200 953
186.103.157.235 - - [01/Jun/2017:10:07:17 -0300] "GET /cormun/static/gxdec.js?85251 HTTP/1.1" 200 19579
186.103.157.235 - - [01/Jun/2017:10:07:21 -0300] "GET /cormun/static/trpermisosgoce.js?2017525127453 HTTP/1.1" 200 35904
186.103.157.235 - - [01/Jun/2017:10:07:21 -0300] "GET /cormun/static/Resources/PXTools/calendar.png HTTP/1.1" 200 1306
186.103.157.235 - - [01/Jun/2017:10:07:21 -0300] "GET /cormun/static/Resources/PXToolsDataSearch.png HTTP/1.1" 200 419
186.103.157.235 - - [01/Jun/2017:10:07:21 -0300] "GET /cormun/static/Resources/PXToolsGridFirstDisabled.gif HTTP/1.1" 200 100
186.103.157.235 - - [01/Jun/2017:10:07:21 -0300] "GET /cormun/static/Resources/PXToolsGridPreviousDisabled.gif HTTP/1.1" 200 90
186.103.157.235 - - [01/Jun/2017:10:07:21 -0300] "GET /cormun/static/Resources/PXToolsGridNextDisabled.gif HTTP/1.1" 200 90
186.103.157.235 - - [01/Jun/2017:10:07:21 -0300] "GET /cormun/static/Resources/PXToolsGridLastDisabled.gif HTTP/1.1" 200 98
186.103.157.235 - - [01/Jun/2017:10:07:21 -0300] "GET /cormun/static/Resources/PXToolsGridPage.gif HTTP/1.1" 200 725
186.103.157.235 - - [01/Jun/2017:10:07:21 -0300] "GET /cormun/static/Resources/PXToolsActionExcel.png HTTP/1.1" 200 3187
186.103.157.235 - - [01/Jun/2017:10:07:21 -0300] "GET /cormun/static/Resources/PXToolsGridNew.png HTTP/1.1" 200 2949
186.103.248.213 - - [01/Jun/2017:10:07:23 -0300] "POST /cormun/servlet/licenciaspermisosadjuntos?b3281ecc5a2002f443eac9db9342a04d,INS,10352127,L,20170601000000,, HTTP/1.1" 200 116
186.103.248.213 - - [01/Jun/2017:10:07:23 -0300] "GET /cormun/servlet/hpexe_return? HTTP/1.1" 200 1042
186.103.248.213 - - [01/Jun/2017:10:07:24 -0300] "GET /cormun/servlet/trlicenciaspermisosadjuntos?10352127,20170601000000,L, HTTP/1.1" 200 6787
186.103.248.213 - - [01/Jun/2017:10:07:25 -0300] "GET /cormun/servlet/trlicenciaspermisosadjuntos?10352127,20170601000000,L, HTTP/1.1" 200 6782
186.103.248.213 - - [01/Jun/2017:10:07:29 -0300] "GET /cormun/PublicTempStorage/licencia_marcela_gutierrez_26037044.jpg HTTP/1.1" 200 1420876
186.103.157.235 - - [01/Jun/2017:10:07:33 -0300] "GET /cormun/static/Shared/ext/resources/css/ext-all.css?205870 HTTP/1.1" 200 416045
186.103.157.235 - - [01/Jun/2017:10:07:33 -0300] "GET /cormun/static/Resources/asc.gif HTTP/1.1" 200 67
186.103.157.235 - - [01/Jun/2017:10:07:33 -0300] "GET /cormun//static/Resources/PXToolsActionDisabled.gif HTTP/1.1" 200 53
186.103.157.235 - - [01/Jun/2017:10:07:33 -0300] "GET /cormun//static/Resources/PXToolsHeaderHelp.png HTTP/1.1" 200 4055
186.103.157.235 - - [01/Jun/2017:10:07:33 -0300] "GET /cormun//static/Resources/PXToolsActionPrint.png HTTP/1.1" 200 3317
186.103.157.235 - - [01/Jun/2017:10:07:33 -0300] "GET /cormun//static/Resources/PXToolsGridDelete.png HTTP/1.1" 200 357
186.103.157.235 - - [01/Jun/2017:10:07:33 -0300] "GET /cormun//static/Resources/PXToolsHeaderFavorites.png HTTP/1.1" 200 2744
186.103.157.235 - - [01/Jun/2017:10:07:33 -0300] "GET /cormun/servlet/trpermisosgoce? HTTP/1.1" 200 9906
186.103.157.235 - - [01/Jun/2017:10:07:33 -0300] "GET /cormun//static/Resources/PXTools/ActionInsert.png HTTP/1.1" 200 1482
186.103.157.235 - - [01/Jun/2017:10:07:33 -0300] "GET /cormun/static/Shared/ext/resources/themes/images/default/tools/tool-sprites.gif HTTP/1.1" 200 5434
186.103.157.235 - - [01/Jun/2017:10:07:34 -0300] "GET /cormun/static/Shared/ext/resources/themes/images/default/panel/bg-headersPanel.png HTTP/1.1" 200 255
186.103.157.235 - - [01/Jun/2017:10:07:34 -0300] "GET /cormun//static/Resources/PXToolsGridDisplay.png HTTP/1.1" 200 362
186.103.157.235 - - [01/Jun/2017:10:07:34 -0300] "GET /cormun/static/Resources/desc.gif HTTP/1.1" 200 65
186.103.248.213 - - [01/Jun/2017:10:07:36 -0300] "GET /cormun/PublicTempStorage/licencia_marcela_gutierrez_28380422.jpg HTTP/1.1" 200 1420876
186.103.248.213 - - [01/Jun/2017:10:07:40 -0300] "GET /cormun/PublicTempStorage/licencia_marcela_gutierrez_23426811.jpg HTTP/1.1" 200 1420876
186.103.157.235 - - [01/Jun/2017:10:07:44 -0300] "GET /cormun/servlet/permisogoce?INS,0,,, HTTP/1.1" 200 6831
186.103.157.235 - - [01/Jun/2017:10:07:44 -0300] "GET /cormun/static/gxcfg.js?201752511545264 HTTP/1.1" 200 953
186.103.157.235 - - [01/Jun/2017:10:07:44 -0300] "GET /cormun/static/Resources/prompt.gif HTTP/1.1" 200 902
186.103.157.235 - - [01/Jun/2017:10:07:44 -0300] "GET /cormun/static/permisogoce.js?201752511545340 HTTP/1.1" 200 27885
186.103.157.235 - - [01/Jun/2017:10:07:45 -0300] "GET /cormun/servlet/permisogoce?INS,0,,, HTTP/1.1" 200 6831
186.103.157.235 - - [01/Jun/2017:10:07:53 -0300] "GET /cormun/static/Resources/resize.gif HTTP/1.1" 200 77
186.103.157.235 - - [01/Jun/2017:10:07:54 -0300] "GET /cormun/servlet/prfichaempleado?,MD,,gxPopupLevel%3D0%3B HTTP/1.1" 200 8835
186.103.157.235 - - [01/Jun/2017:10:07:56 -0300] "GET /cormun/static/Resources/PXToolsMenuSearch.png HTTP/1.1" 200 2914
186.103.157.235 - - [01/Jun/2017:10:07:56 -0300] "GET /cormun/static/Resources/PXToolsMenuSearchCancel.png HTTP/1.1" 200 2972
186.103.157.235 - - [01/Jun/2017:10:07:56 -0300] "GET /cormun/static/menusearch.js?201610171694467 HTTP/1.1" 200 1424
186.103.157.235 - - [01/Jun/2017:10:07:56 -0300] "GET /cormun/static/hmpwkw011.js?20175251212473 HTTP/1.1" 200 1968
186.103.157.235 - - [01/Jun/2017:10:07:56 -0300] "GET /cormun/static/prfichaempleado.js?20173191254344 HTTP/1.1" 200 16006
186.103.157.235 - - [01/Jun/2017:10:07:59 -0300] "GET /cormun/static/gxcfg.js?2017319125415 HTTP/1.1" 200 953
186.103.157.235 - - [01/Jun/2017:10:07:59 -0300] "GET /cormun/static/Resources/Spanish/PXTools.css?11294912 HTTP/1.1" 200 89042
186.103.157.235 - - [01/Jun/2017:10:08:42 -0300] "POST /cormun/servlet/prfichaempleado?9da9dd29f92c7e2ea80366cf6110b1a7,,MD,,gxPopupLevel%3D0%3B,gx-no-cache=1496322572561 HTTP/1.1" 200 5904
186.103.157.235 - - [01/Jun/2017:10:08:42 -0300] "GET /cormun/static/Resources/PXToolsGridNext.gif HTTP/1.1" 200 369
186.103.157.235 - - [01/Jun/2017:10:08:42 -0300] "GET /cormun/static/Resources/PXToolsGridLast.gif HTTP/1.1" 200 370
186.103.248.213 - - [01/Jun/2017:10:08:56 -0300] "GET /cormun/servlet/licenciaspermisosadjuntos?INS,10352127,L,20170601000000,, HTTP/1.1" 200 5419
186.103.248.213 - - [01/Jun/2017:10:08:56 -0300] "GET /cormun/static/about:blank HTTP/1.1" 404 1011
186.103.248.213 - - [01/Jun/2017:10:08:56 -0300] "GET /cormun/servlet/licenciaspermisosadjuntos?INS,10352127,L,20170601000000,, HTTP/1.1" 200 5409
207.46.13.178 - - [01/Jun/2017:10:09:06 -0300] "GET /cormunbeta/servlet/contratoobservaciongral?UPD,201603,2456,13570278,D-29,_escaped_fragment_%3D HTTP/1.1" 200 4977
186.103.248.213 - - [01/Jun/2017:10:09:32 -0300] "POST /cormun/servlet/licenciaspermisosadjuntos?b3281ecc5a2002f443eac9db9342a04d,INS,10352127,L,20170601000000,, HTTP/1.1" 200 116
186.103.248.213 - - [01/Jun/2017:10:09:32 -0300] "GET /cormun/servlet/hpexe_return? HTTP/1.1" 200 1042
186.103.248.213 - - [01/Jun/2017:10:09:33 -0300] "GET /cormun/servlet/trlicenciaspermisosadjuntos?10352127,20170601000000,L, HTTP/1.1" 200 6887
186.103.248.213 - - [01/Jun/2017:10:09:34 -0300] "GET /cormun/servlet/trlicenciaspermisosadjuntos?10352127,20170601000000,L, HTTP/1.1" 200 6881
186.103.248.213 - - [01/Jun/2017:10:09:37 -0300] "GET /cormun/PublicTempStorage/licencia_marcela_gutierrez_21902107.jpg HTTP/1.1" 200 1420876
186.103.248.213 - - [01/Jun/2017:10:09:37 -0300] "GET /cormun/PublicTempStorage/licencia_marcela_gutierrez_29981632.jpg HTTP/1.1" 200 1420876
186.103.248.213 - - [01/Jun/2017:10:09:42 -0300] "GET /cormun/PublicTempStorage/licencia_marcela_gutierrez_2335408.jpg HTTP/1.1" 200 1420876
186.103.248.213 - - [01/Jun/2017:10:09:43 -0300] "GET /cormun/PublicTempStorage/licencia_marcela_gutierrez_26237165.jpg HTTP/1.1" 200 1420876
192.168.10.89 - - [01/Jun/2017:10:10:18 -0300] "POST /cormun/servlet/trsolicitudgral?b2e3f9dd7914d6654280c837bc264070,,gx-no-cache=1496322620185 HTTP/1.1" 200 5629
192.168.10.89 - - [01/Jun/2017:10:10:27 -0300] "POST /cormun/servlet/trsolicitudgral?b2e3f9dd7914d6654280c837bc264070,,gx-no-cache=1496322629820 HTTP/1.1" 200 6916
192.168.10.89 - - [01/Jun/2017:10:10:36 -0300] "GET /cormun/servlet/solicitudgral?UPD,2017,6671, HTTP/1.1" 200 12340
192.168.10.89 - - [01/Jun/2017:10:10:36 -0300] "GET /cormun/static/gxcfg.js?20174261451213 HTTP/1.1" 304 -
192.168.10.89 - - [01/Jun/2017:10:10:36 -0300] "GET /cormun/static/solicitudgral.js?20174261451269 HTTP/1.1" 304 -
192.168.10.89 - - [01/Jun/2017:10:10:37 -0300] "POST /cormun/servlet/solicitudgral?gx-no-cache=1496322639816 HTTP/1.1" 200 3171
192.168.10.89 - - [01/Jun/2017:10:10:38 -0300] "GET /cormun/servlet/solicitudgral?5c547a41eaf602233d45bbc87e96e5bcb1fd08427770442938ac2a134802bdee211dca9c4d772f22df485ee8936ee30ebea6bcd498cbf6e332f2de7bac76102cca8fe138b5571045f344cf8f3d5a8cf40d4a5dc3d4fa439878f52f9f577fb39b2826538912d47bb895d31a45c0acc6d0b27e307e52dd23ec6749fef89bb6008e76811a64d8537606563d1fd62e3bce830c43ef0876d6bf3d7105290ba2acc2dbae1ed32e6ed9879237a781a53d2e2f022e7f97e5566d2cb2dc1788b9438e919a729aadb6fa756287b4d7282e8032f98aa663eaf8ea55d916539dbc762999a5ee4bb81f888e6268c8a4cfe1b56038a835a5a8027ece1f5deab666c7ac4e9746dc168c14949e0ac7dc9603d587f26167783e45a3f8f97541752d748f8e6f579f43c95ddc4864127ad0d752a17977d3cf98e61c4745f18dffbf8f0463ac0357becb53c2720685ebd73a63b3bf31509662b9,gx-no-cache=1496322640034 HTTP/1.1" 200 298
