192.168.10.89 - - [01/Jun/2017:10:33:20 -0300] "POST /cormun/servlet/trsolicitudgral?b2e3f9dd7914d6654280c837bc264070,,gx-no-cache=1496324002156 HTTP/1.1" 200 6902
186.79.154.99 - - [01/Jun/2017:10:33:21 -0300] "POST /cormun/servlet/solicitudotadjuntos?gx-no-cache=1496324061519 HTTP/1.1" 200 26
192.168.10.89 - - [01/Jun/2017:10:33:31 -0300] "GET /cormun/servlet/solicitudgral?UPD,2017,6696, HTTP/1.1" 200 12325
186.79.154.99 - - [01/Jun/2017:10:33:31 -0300] "GET /cormun/servlet/solicitudotadjuntos?f8da6b879cd2a47ee6996e4a95fc2bf72a5df7621de830a1a5dbfe8fa751b1b9,gx-no-cache=1496324071639 HTTP/1.1" 200 30
186.79.154.99 - - [01/Jun/2017:10:33:31 -0300] "GET /cormun/servlet/solicitudotadjuntos?f8da6b879cd2a47ee6996e4a95fc2bf72a5df7621de830a1a5dbfe8fa751b1b9,gx-no-cache=1496324071745 HTTP/1.1" 200 30
192.168.10.89 - - [01/Jun/2017:10:33:33 -0300] "POST /cormun/servlet/solicitudgral?gx-no-cache=1496324014935 HTTP/1.1" 200 3190
192.168.10.89 - - [01/Jun/2017:10:33:33 -0300] "GET /cormun/servlet/solicitudgral?5c547a41eaf602233d45bbc87e96e5bcb1fd08427770442938ac2a134802bdee211dca9c4d772f22df485ee8936ee30ebea6bcd498cbf6e332f2de7bac76102cca8fe138b5571045f344cf8f3d5a8cf4a17a0d3b9698ffceaf88602e0dba11f82826538912d47bb895d31a45c0acc6d0b27e307e52dd23ec6749fef89bb6008e76811a64d8537606563d1fd62e3bce830c43ef0876d6bf3d7105290ba2acc2dbae1ed32e6ed9879237a781a53d2e2f022e7f97e5566d2cb2dc1788b9438e919a729aadb6fa756287b4d7282e8032f98aa663eaf8ea55d916539dbc762999a5ee4bb81f888e6268c8a4cfe1b56038a835a5a8027ece1f5deab666c7ac4e9746dc168c14949e0ac7dc9603d587f26167783e45a3f8f97541752d748f8e6f579f43c95ddc4864127ad0d752a17977d3cf98e61c4745f18dffbf8f0463ac0357becb53c2720685ebd73a63b3bf31509662b9,gx-no-cache=1496324015156 HTTP/1.1" 200 257
186.79.154.99 - - [01/Jun/2017:10:33:33 -0300] "POST /cormun/servlet/solicitudotadjuntos?695315c46fdca611e4bc7c249439eb35,INS,2017,6694,,1, HTTP/1.1" 200 116
186.79.154.99 - - [01/Jun/2017:10:33:33 -0300] "GET /cormun/servlet/hpexe_return? HTTP/1.1" 200 1022
186.79.154.99 - - [01/Jun/2017:10:33:34 -0300] "GET /cormun/servlet/trsolicitudadjuntos?2017,6694, HTTP/1.1" 200 8500
186.79.154.99 - - [01/Jun/2017:10:33:34 -0300] "GET /cormun/servlet/trsolicitudadjuntos?2017,6694, HTTP/1.1" 200 8497
192.168.10.89 - - [01/Jun/2017:10:33:35 -0300] "GET /cormun/servlet/solicitudgral?5c547a41eaf602233d45bbc87e96e5bc541642a8b8c11d02bb972e371b2938c8f1b6aad8fa8d2ff4271d6c4e585e6dfb98a8c6e5f491f59e66f19acde173e2bbf406c2976f62106d803bb2ec6903b747e3e450a3646d7aea6cf9e2e5de34cb01502d5de5ff35856b6829ff38b9c865ec1de42214d85d6562822c49ac577d3ee62ae92026469879573262881eb90ac8138565469b68c8f1b6ff5a5cb67d25ac245341eb667a4fce8618d08afff0a88353d39c5bc25be751157a3bf14e122e9010b3fa6fb9cd88be08a4eb1ce51eb76ef409a46728b06730ce59042ff4151eca87e85439e673edc07cc26970a050cec0e28112d6a1db69883cc40921003cdeaefe73c6ed801d767be779c04f5573e8dfd9e04e6e3965ddc42448acf1428492826aa70482efcc05e5be3577430d04c862ef75cfc4780b64c48b30b699cfea353d677029f2d439ab982fbd67dc49d29d8fb4d8aa303cad1780bc89640bbcbb6d275e7a350ceb5c153a50b1beb6e0ecca1bcb093fab016751999b9864cac63b7e73e485fbff476da72be1d746ca54b531dcf4fa457741a03e0205507c53a20b57a9a5137a95cdd4009383d8234f751f4590f0d68f5765920dcf1879117b277c58b6c4e6533fc8f4936463e0bef085a4c0e183a1a0727e16dfc47efe2f8110cacee2d6094fe57b67660bb0f57e0db6380dc2c48a13469cdb28a79b5e48d09ae2f8fcc64c228456c2ede654b967f758b5127d1ebf479509a88c02db006e5a0928c25e14d3a519d04f87f1e39891911481f0de31,gx-no-cache=1496324017150 HTTP/1.1" 200 48
192.168.10.89 - - [01/Jun/2017:10:33:35 -0300] "POST /cormun/servlet/solicitudgral?b2e3f9dd7914d6654280c837bc264070,UPD,2017,6696,,gx-no-cache=1496324017512 HTTP/1.1" 200 10670
192.168.10.89 - - [01/Jun/2017:10:33:36 -0300] "GET /cormun/servlet/solicitudgral?5c547a41eaf602233d45bbc87e96e5bc67636af155157bfca9120d732c9bd64370c489b0a2bec0768666b3d768e4ebf40c1ed0c6e9a6be93fb3e9f290a54ec58a71deabb721e3fd832f6f9412165daba7684a009e598c4438b92f2e5acec70e762ae2cb092e462ec05031994ec432bb6d48bca8a5c702b55c59aeb3cc58f0c7ea55440359dc1252194d79ea3da193020b6c8a31fcfbeeddfd9809ea5f6060db7940c28fca34cd23715e47c0d5e92143ddbb801d338f842b226913588e7da3b92caafc1eb9ca162718b13111469d6e8a4,gx-no-cache=1496324018359 HTTP/1.1" 200 29
192.168.10.89 - - [01/Jun/2017:10:33:36 -0300] "POST /cormun/servlet/solicitudgral?gx-no-cache=1496324018407 HTTP/1.1" 200 1255
192.168.10.89 - - [01/Jun/2017:10:33:36 -0300] "POST /cormun/servlet/solicitudgral?gx-no-cache=1496324018450 HTTP/1.1" 200 1159
186.79.154.99 - - [01/Jun/2017:10:33:37 -0300] "GET /cormun/servlet/solicitudotadjuntos?INS,2017,6694,,1, HTTP/1.1" 200 5797
186.79.154.99 - - [01/Jun/2017:10:33:37 -0300] "GET /cormun/static/about:blank HTTP/1.1" 404 1011
186.79.154.99 - - [01/Jun/2017:10:33:38 -0300] "GET /cormun/servlet/solicitudotadjuntos?INS,2017,6694,,1, HTTP/1.1" 200 5791
186.79.154.99 - - [01/Jun/2017:10:33:38 -0300] "GET /cormun/servlet/solicitudotadjuntos?f8da6b879cd2a47ee6996e4a95fc2bf79aa5b619f9c9e23b678213e2e96a85674ab2f6e0d4451a7d6c8af9e391eaabf9,gx-no-cache=1496324078260 HTTP/1.1" 200 30
186.79.154.99 - - [01/Jun/2017:10:33:38 -0300] "POST /cormun/servlet/solicitudotadjuntos?695315c46fdca611e4bc7c249439eb35,INS,2017,6694,,1,,gx-no-cache=1496324078330 HTTP/1.1" 200 3648
186.79.154.99 - - [01/Jun/2017:10:33:43 -0300] "POST /cormun/servlet/solicitudotadjuntos?gx-no-cache=1496324083168 HTTP/1.1" 200 26
192.168.10.89 - - [01/Jun/2017:10:33:46 -0300] "POST /cormun/servlet/solicitudgral?b2e3f9dd7914d6654280c837bc264070,UPD,2017,6696,,gx-no-cache=1496324028238 HTTP/1.1" 200 93
192.168.10.89 - - [01/Jun/2017:10:33:46 -0300] "GET /cormun/servlet/hpexe_return? HTTP/1.1" 200 1010
192.168.10.89 - - [01/Jun/2017:10:33:46 -0300] "GET /cormun/servlet/trsolicitudgral? HTTP/1.1" 200 10300
192.168.10.89 - - [01/Jun/2017:10:33:49 -0300] "POST /cormun/servlet/trsolicitudgral?b2e3f9dd7914d6654280c837bc264070,,gx-no-cache=1496324031515 HTTP/1.1" 200 5822
192.168.10.89 - - [01/Jun/2017:10:33:49 -0300] "GET /cormun/static/Shared/jqueryui/images/ui-icons_82798d_256x240.png HTTP/1.1" 404 1089
192.168.10.89 - - [01/Jun/2017:10:33:49 -0300] "GET /cormun/static/Shared/jqueryui/images/ui-icons_8d78a5_256x240.png HTTP/1.1" 404 1089
192.168.10.89 - - [01/Jun/2017:10:33:49 -0300] "GET /cormun/static/Shared/jqueryui/images/ui-bg_flat_55_fafafa_40x100.png HTTP/1.1" 404 1097
192.168.10.89 - - [01/Jun/2017:10:33:49 -0300] "GET /cormun/static/Shared/jqueryui/images/ui-bg_highlight-soft_100_c6c2c8_1x100.png HTTP/1.1" 404 1117
186.79.154.99 - - [01/Jun/2017:10:34:05 -0300] "GET /cormun/servlet/solicitudotadjuntos?f8da6b879cd2a47ee6996e4a95fc2bf72a5df7621de830a1a5dbfe8fa751b1b9,gx-no-cache=1496324104847 HTTP/1.1" 200 30
186.79.154.99 - - [01/Jun/2017:10:34:05 -0300] "GET /cormun/servlet/solicitudotadjuntos?f8da6b879cd2a47ee6996e4a95fc2bf72a5df7621de830a1a5dbfe8fa751b1b9,gx-no-cache=1496324104952 HTTP/1.1" 200 30
186.79.154.99 - - [01/Jun/2017:10:34:06 -0300] "POST /cormun/servlet/solicitudotadjuntos?695315c46fdca611e4bc7c249439eb35,INS,2017,6694,,1, HTTP/1.1" 200 116
186.79.154.99 - - [01/Jun/2017:10:34:07 -0300] "GET /cormun/servlet/hpexe_return? HTTP/1.1" 200 1022
186.79.154.99 - - [01/Jun/2017:10:34:07 -0300] "GET /cormun/servlet/trsolicitudadjuntos?2017,6694, HTTP/1.1" 200 8659
186.79.154.99 - - [01/Jun/2017:10:34:08 -0300] "GET /cormun/servlet/trsolicitudadjuntos?2017,6694, HTTP/1.1" 200 8655
186.79.154.99 - - [01/Jun/2017:10:34:12 -0300] "GET /cormun/servlet/solicitudotadjuntos?INS,2017,6694,,1, HTTP/1.1" 200 5797
186.79.154.99 - - [01/Jun/2017:10:34:13 -0300] "GET /cormun/static/about:blank HTTP/1.1" 404 1011
186.79.154.99 - - [01/Jun/2017:10:34:13 -0300] "GET /cormun/servlet/solicitudotadjuntos?INS,2017,6694,,1, HTTP/1.1" 200 5791
186.79.154.99 - - [01/Jun/2017:10:34:13 -0300] "GET /cormun/servlet/solicitudotadjuntos?f8da6b879cd2a47ee6996e4a95fc2bf79aa5b619f9c9e23b678213e2e96a85674ab2f6e0d4451a7d6c8af9e391eaabf9,gx-no-cache=1496324113545 HTTP/1.1" 200 30
186.79.154.99 - - [01/Jun/2017:10:34:13 -0300] "POST /cormun/servlet/solicitudotadjuntos?695315c46fdca611e4bc7c249439eb35,INS,2017,6694,,1,,gx-no-cache=1496324113614 HTTP/1.1" 200 3647
186.79.154.99 - - [01/Jun/2017:10:34:17 -0300] "POST /cormun/servlet/solicitudotadjuntos?gx-no-cache=1496324117699 HTTP/1.1" 200 26
186.79.154.99 - - [01/Jun/2017:10:34:33 -0300] "GET /cormun/servlet/solicitudotadjuntos?f8da6b879cd2a47ee6996e4a95fc2bf72a5df7621de830a1a5dbfe8fa751b1b9,gx-no-cache=1496324132821 HTTP/1.1" 200 30
186.79.154.99 - - [01/Jun/2017:10:34:33 -0300] "GET /cormun/servlet/solicitudotadjuntos?f8da6b879cd2a47ee6996e4a95fc2bf72a5df7621de830a1a5dbfe8fa751b1b9,gx-no-cache=1496324132944 HTTP/1.1" 200 30
186.79.154.99 - - [01/Jun/2017:10:34:35 -0300] "POST /cormun/servlet/solicitudotadjuntos?695315c46fdca611e4bc7c249439eb35,INS,2017,6694,,1, HTTP/1.1" 200 116
186.79.154.99 - - [01/Jun/2017:10:34:35 -0300] "GET /cormun/servlet/hpexe_return? HTTP/1.1" 200 1022
186.79.154.99 - - [01/Jun/2017:10:34:36 -0300] "GET /cormun/servlet/trsolicitudadjuntos?2017,6694, HTTP/1.1" 200 8854
186.79.154.99 - - [01/Jun/2017:10:34:37 -0300] "GET /cormun/servlet/trsolicitudadjuntos?2017,6694, HTTP/1.1" 200 8854
186.79.154.99 - - [01/Jun/2017:10:34:42 -0300] "GET /cormun/servlet/solicitudotadjuntos?INS,2017,6694,,1, HTTP/1.1" 200 5797
186.79.154.99 - - [01/Jun/2017:10:34:43 -0300] "GET /cormun/static/about:blank HTTP/1.1" 404 1011
186.79.154.99 - - [01/Jun/2017:10:34:43 -0300] "GET /cormun/servlet/solicitudotadjuntos?INS,2017,6694,,1, HTTP/1.1" 200 5791
186.79.154.99 - - [01/Jun/2017:10:34:44 -0300] "GET /cormun/servlet/solicitudotadjuntos?f8da6b879cd2a47ee6996e4a95fc2bf79aa5b619f9c9e23b678213e2e96a85674ab2f6e0d4451a7d6c8af9e391eaabf9,gx-no-cache=1496324143831 HTTP/1.1" 200 30
186.79.154.99 - - [01/Jun/2017:10:34:44 -0300] "POST /cormun/servlet/solicitudotadjuntos?695315c46fdca611e4bc7c249439eb35,INS,2017,6694,,1,,gx-no-cache=1496324143936 HTTP/1.1" 200 3647
186.79.154.99 - - [01/Jun/2017:10:34:48 -0300] "POST /cormun/servlet/solicitudotadjuntos?gx-no-cache=1496324148016 HTTP/1.1" 200 26
186.79.154.99 - - [01/Jun/2017:10:34:58 -0300] "GET /cormun/servlet/solicitudotadjuntos?f8da6b879cd2a47ee6996e4a95fc2bf72a5df7621de830a1a5dbfe8fa751b1b9,gx-no-cache=1496324158198 HTTP/1.1" 200 30
186.79.154.99 - - [01/Jun/2017:10:34:58 -0300] "GET /cormun/servlet/solicitudotadjuntos?f8da6b879cd2a47ee6996e4a95fc2bf72a5df7621de830a1a5dbfe8fa751b1b9,gx-no-cache=1496324158303 HTTP/1.1" 200 30
186.79.154.99 - - [01/Jun/2017:10:35:03 -0300] "POST /cormun/servlet/solicitudotadjuntos?695315c46fdca611e4bc7c249439eb35,INS,2017,6694,,1, HTTP/1.1" 200 116
186.79.154.99 - - [01/Jun/2017:10:35:03 -0300] "GET /cormun/servlet/hpexe_return? HTTP/1.1" 200 1022
186.79.154.99 - - [01/Jun/2017:10:35:03 -0300] "GET /cormun/servlet/trsolicitudadjuntos?2017,6694, HTTP/1.1" 200 9116
186.79.154.99 - - [01/Jun/2017:10:35:04 -0300] "GET /cormun/servlet/trsolicitudadjuntos?2017,6694, HTTP/1.1" 200 9115
186.79.154.99 - - [01/Jun/2017:10:35:08 -0300] "GET /cormun/servlet/solicitudotadjuntos?INS,2017,6694,,2, HTTP/1.1" 200 5796
186.79.154.99 - - [01/Jun/2017:10:35:09 -0300] "GET /cormun/static/about:blank HTTP/1.1" 404 1011
186.79.154.99 - - [01/Jun/2017:10:35:09 -0300] "GET /cormun/servlet/solicitudotadjuntos?INS,2017,6694,,2, HTTP/1.1" 200 5790
186.79.154.99 - - [01/Jun/2017:10:35:09 -0300] "GET /cormun/servlet/solicitudotadjuntos?f8da6b879cd2a47ee6996e4a95fc2bf79aa5b619f9c9e23b678213e2e96a85674ab2f6e0d4451a7d6c8af9e391eaabf9,gx-no-cache=1496324169731 HTTP/1.1" 200 30
186.79.154.99 - - [01/Jun/2017:10:35:10 -0300] "POST /cormun/servlet/solicitudotadjuntos?695315c46fdca611e4bc7c249439eb35,INS,2017,6694,,2,,gx-no-cache=1496324169797 HTTP/1.1" 200 3860
186.79.154.99 - - [01/Jun/2017:10:35:11 -0300] "POST /cormun/servlet/solicitudotadjuntos?gx-no-cache=1496324171783 HTTP/1.1" 200 26
192.168.10.62 - - [01/Jun/2017:10:35:30 -0300] "GET /cormun/servlet/hlogin HTTP/1.1" 200 1715
192.168.10.62 - - [01/Jun/2017:10:35:30 -0300] "GET /cormun/static/Resources/Spanish/PXTools.css?11423723 HTTP/1.1" 200 89042
192.168.10.62 - - [01/Jun/2017:10:35:30 -0300] "GET /cormun/static/gxcfg.js?20175251213516 HTTP/1.1" 200 953
192.168.10.62 - - [01/Jun/2017:10:35:30 -0300] "GET /cormun/static/hlogin.js?20175251213537 HTTP/1.1" 200 2136
192.168.10.62 - - [01/Jun/2017:10:35:30 -0300] "GET /cormun/servlet/hlogin HTTP/1.1" 200 1726
186.79.154.99 - - [01/Jun/2017:10:35:34 -0300] "POST /cormun/servlet/solicitudotadjuntos?gx-no-cache=1496324194381 HTTP/1.1" 200 26
186.79.154.99 - - [01/Jun/2017:10:35:45 -0300] "GET /cormun/servlet/solicitudotadjuntos?f8da6b879cd2a47ee6996e4a95fc2bf72a5df7621de830a1a5dbfe8fa751b1b9,gx-no-cache=1496324205571 HTTP/1.1" 200 30
186.79.154.99 - - [01/Jun/2017:10:35:45 -0300] "GET /cormun/servlet/solicitudotadjuntos?f8da6b879cd2a47ee6996e4a95fc2bf72a5df7621de830a1a5dbfe8fa751b1b9,gx-no-cache=1496324205684 HTTP/1.1" 200 30
186.79.154.99 - - [01/Jun/2017:10:35:49 -0300] "POST /cormun/servlet/solicitudotadjuntos?695315c46fdca611e4bc7c249439eb35,INS,2017,6694,,2, HTTP/1.1" 200 116
186.79.154.99 - - [01/Jun/2017:10:35:49 -0300] "GET /cormun/servlet/hpexe_return? HTTP/1.1" 200 1022
186.79.154.99 - - [01/Jun/2017:10:35:49 -0300] "GET /cormun/servlet/trsolicitudadjuntos?2017,6694, HTTP/1.1" 200 9373
192.168.10.62 - - [01/Jun/2017:10:35:51 -0300] "POST /cormun/servlet/hlogin?9d4b8d9018659192bef7296ecd43739e,gx-no-cache=1496324153170 HTTP/1.1" 200 90
192.168.10.62 - - [01/Jun/2017:10:35:51 -0300] "GET /cormun/servlet/hpexe_link HTTP/1.1" 200 948
192.168.10.62 - - [01/Jun/2017:10:35:51 -0300] "GET /cormun/static/gxcfg.js?20175251212395 HTTP/1.1" 200 953
192.168.10.62 - - [01/Jun/2017:10:35:51 -0300] "GET /cormun/static/hpexe_link.js?20175251212399 HTTP/1.1" 200 625
192.168.10.62 - - [01/Jun/2017:10:35:51 -0300] "GET /cormun/servlet/hhome HTTP/1.1" 200 3793
186.79.154.99 - - [01/Jun/2017:10:35:51 -0300] "GET /cormun/servlet/trsolicitudadjuntos?2017,6694, HTTP/1.1" 200 9370
192.168.10.62 - - [01/Jun/2017:10:35:51 -0300] "GET /cormun/static/gxcfg.js?20175251212442 HTTP/1.1" 200 953
192.168.10.62 - - [01/Jun/2017:10:35:51 -0300] "GET /cormun/static/PXToolsJavascripts/pexe_layers.js HTTP/1.1" 304 -
192.168.10.62 - - [01/Jun/2017:10:35:51 -0300] "GET /cormun/static/hhome.js?20175251212450 HTTP/1.1" 200 777
192.168.10.62 - - [01/Jun/2017:10:35:51 -0300] "GET /cormun/static/hwchdr01.js?201752511465785 HTTP/1.1" 200 1183
192.168.10.62 - - [01/Jun/2017:10:35:51 -0300] "GET /cormun/static/hpexe_scripts.js?201752511465715 HTTP/1.1" 200 1544
192.168.10.62 - - [01/Jun/2017:10:35:51 -0300] "GET /cormun/static/hpexe_messagegenexuscomponent.js?201752511465344 HTTP/1.1" 200 587
192.168.10.62 - - [01/Jun/2017:10:35:51 -0300] "GET /cormun/static/cmcontrolpreferences.js?201752511465670 HTTP/1.1" 200 1375
192.168.10.62 - - [01/Jun/2017:10:35:51 -0300] "GET /cormun/static/hmpwkw03.js?2017525121347 HTTP/1.1" 200 3965
192.168.10.62 - - [01/Jun/2017:10:35:52 -0300] "GET /cormun/servlet/hhome HTTP/1.1" 200 3790
192.168.10.62 - - [01/Jun/2017:10:35:56 -0300] "GET /cormun/servlet/trsolicitudgral? HTTP/1.1" 200 13114
192.168.10.62 - - [01/Jun/2017:10:35:56 -0300] "GET /cormun/static/gxcfg.js?201742615501069 HTTP/1.1" 200 953
192.168.10.62 - - [01/Jun/2017:10:35:56 -0300] "GET /cormun/static/trsolicitudgral.js?201742615502148 HTTP/1.1" 200 55092
192.168.10.62 - - [01/Jun/2017:10:35:57 -0300] "GET /cormun/servlet/trsolicitudgral? HTTP/1.1" 200 13112
186.79.154.99 - - [01/Jun/2017:10:36:00 -0300] "GET /cormun/servlet/trsolicitudot? HTTP/1.1" 200 10931
186.79.154.99 - - [01/Jun/2017:10:36:01 -0300] "GET /cormun/servlet/trsolicitudot? HTTP/1.1" 200 10925
192.168.10.62 - - [01/Jun/2017:10:36:10 -0300] "POST /cormun/servlet/trsolicitudgral?9d4b8d9018659192bef7296ecd43739e,,gx-no-cache=1496324172392 HTTP/1.1" 200 5109
192.168.10.62 - - [01/Jun/2017:10:36:11 -0300] "POST /cormun/servlet/trsolicitudgral?9d4b8d9018659192bef7296ecd43739e,,gx-no-cache=1496324173689 HTTP/1.1" 200 5111
186.79.154.99 - - [01/Jun/2017:10:36:36 -0300] "POST /cormun/servlet/trsolicitudot?695315c46fdca611e4bc7c249439eb35,,gx-no-cache=1496324255558 HTTP/1.1" 200 107
186.79.154.99 - - [01/Jun/2017:10:36:36 -0300] "GET /cormun/servlet/trsolicitudadjuntos?2017,6693, HTTP/1.1" 200 5844
186.79.154.99 - - [01/Jun/2017:10:36:37 -0300] "GET /cormun/servlet/trsolicitudadjuntos?2017,6693, HTTP/1.1" 200 5844
186.79.154.99 - - [01/Jun/2017:10:36:39 -0300] "GET /cormun/servlet/solicitudotadjuntos?INS,2017,6693,,1, HTTP/1.1" 200 5796
186.79.154.99 - - [01/Jun/2017:10:36:39 -0300] "GET /cormun/static/about:blank HTTP/1.1" 404 1011
186.79.154.99 - - [01/Jun/2017:10:36:40 -0300] "GET /cormun/servlet/solicitudotadjuntos?INS,2017,6693,,1, HTTP/1.1" 200 5790
186.79.154.99 - - [01/Jun/2017:10:36:40 -0300] "GET /cormun/servlet/solicitudotadjuntos?f8da6b879cd2a47ee6996e4a95fc2bf747c46c508210b097c573ff2970d5a9174ab2f6e0d4451a7d6c8af9e391eaabf9,gx-no-cache=1496324260373 HTTP/1.1" 200 30
186.79.154.99 - - [01/Jun/2017:10:36:40 -0300] "POST /cormun/servlet/solicitudotadjuntos?695315c46fdca611e4bc7c249439eb35,INS,2017,6693,,1,,gx-no-cache=1496324260445 HTTP/1.1" 200 3646
186.79.154.99 - - [01/Jun/2017:10:36:43 -0300] "POST /cormun/servlet/solicitudotadjuntos?gx-no-cache=1496324263040 HTTP/1.1" 200 26
192.168.10.62 - - [01/Jun/2017:10:37:59 -0300] "POST /cormun/servlet/trsolicitudgral?9d4b8d9018659192bef7296ecd43739e,,gx-no-cache=1496324280969 HTTP/1.1" 200 5111
192.168.10.62 - - [01/Jun/2017:10:38:01 -0300] "POST /cormun/servlet/trsolicitudgral?9d4b8d9018659192bef7296ecd43739e,,gx-no-cache=1496324283843 HTTP/1.1" 200 5110
186.79.240.243 - - [01/Jun/2017:10:38:14 -0300] "POST /cormun/servlet/trautorizarsolicitud?0438549b047ebc3fab255461e6adf2e1,,gx-no-cache=1496324083832 HTTP/1.1" 440 972
186.79.240.243 - - [01/Jun/2017:10:38:17 -0300] "GET /cormun/servlet/trautorizarsolicitud? HTTP/1.1" 200 6069
186.79.240.243 - - [01/Jun/2017:10:38:19 -0300] "GET /cormun/servlet/trautorizarsolicitud? HTTP/1.1" 200 6069
186.79.240.243 - - [01/Jun/2017:10:38:20 -0300] "GET /cormun/servlet/hlogin HTTP/1.1" 200 1747
186.79.240.243 - - [01/Jun/2017:10:38:36 -0300] "POST /cormun/servlet/hlogin?e7b1c559272a33cb947dd9ada95fa417,gx-no-cache=1496324105315 HTTP/1.1" 200 458
186.79.240.243 - - [01/Jun/2017:10:38:47 -0300] "POST /cormun/servlet/hlogin?e7b1c559272a33cb947dd9ada95fa417,gx-no-cache=1496324116353 HTTP/1.1" 200 90
186.79.240.243 - - [01/Jun/2017:10:38:47 -0300] "GET /cormun/servlet/hpexe_link HTTP/1.1" 200 953
186.79.240.243 - - [01/Jun/2017:10:38:47 -0300] "GET /cormun/servlet/hhome HTTP/1.1" 200 3805
186.79.240.243 - - [01/Jun/2017:10:38:48 -0300] "GET /cormun/servlet/hhome HTTP/1.1" 200 3801
186.79.240.243 - - [01/Jun/2017:10:38:53 -0300] "GET /cormun/servlet/trsolicitudot? HTTP/1.1" 200 10025
186.79.240.243 - - [01/Jun/2017:10:38:53 -0300] "GET /cormun/static/gxcfg.js?20175251233261 HTTP/1.1" 200 953
186.79.240.243 - - [01/Jun/2017:10:38:54 -0300] "GET /cormun/static/trsolicitudot.js?20175251234175 HTTP/1.1" 200 54041
186.79.240.243 - - [01/Jun/2017:10:38:55 -0300] "GET /cormun/servlet/trsolicitudot? HTTP/1.1" 200 10023
186.79.240.243 - - [01/Jun/2017:10:39:06 -0300] "POST /cormun/servlet/trsolicitudot?e7b1c559272a33cb947dd9ada95fa417,,gx-no-cache=1496324134918 HTTP/1.1" 200 7202
192.168.10.62 - - [01/Jun/2017:10:39:06 -0300] "POST /cormun/servlet/trsolicitudgral?9d4b8d9018659192bef7296ecd43739e,,gx-no-cache=1496324348252 HTTP/1.1" 200 5110
186.79.240.243 - - [01/Jun/2017:10:39:06 -0300] "GET /cormun/static/Shared/jqueryui/images/ui-bg_highlight-soft_100_c6c2c8_1x100.png HTTP/1.1" 404 1117
186.79.240.243 - - [01/Jun/2017:10:39:06 -0300] "GET /cormun/static/Shared/jqueryui/images/ui-icons_82798d_256x240.png HTTP/1.1" 404 1089
186.79.240.243 - - [01/Jun/2017:10:39:06 -0300] "GET /cormun/static/Shared/jqueryui/images/ui-bg_flat_55_fafafa_40x100.png HTTP/1.1" 404 1097
186.79.240.243 - - [01/Jun/2017:10:39:06 -0300] "GET /cormun/static/Shared/jqueryui/images/ui-icons_8d78a5_256x240.png HTTP/1.1" 404 1089
186.79.240.243 - - [01/Jun/2017:10:39:07 -0300] "POST /cormun/servlet/trsolicitudot?e7b1c559272a33cb947dd9ada95fa417,,gx-no-cache=1496324135901 HTTP/1.1" 200 7144
192.168.10.62 - - [01/Jun/2017:10:39:21 -0300] "POST /cormun/servlet/trsolicitudgral?9d4b8d9018659192bef7296ecd43739e,,gx-no-cache=1496324363092 HTTP/1.1" 200 5107
192.168.10.62 - - [01/Jun/2017:10:39:35 -0300] "GET /cormun/servlet/trconsultaempleado? HTTP/1.1" 200 9470
192.168.10.62 - - [01/Jun/2017:10:39:35 -0300] "GET /cormun/static/gxcfg.js?20175251255119 HTTP/1.1" 200 953
192.168.10.62 - - [01/Jun/2017:10:39:35 -0300] "GET /cormun/static/trconsultaempleado.js?20175251255418 HTTP/1.1" 200 16782
192.168.10.62 - - [01/Jun/2017:10:39:36 -0300] "GET /cormun/servlet/trconsultaempleado? HTTP/1.1" 200 9470
192.168.10.62 - - [01/Jun/2017:10:39:49 -0300] "POST /cormun/servlet/trconsultaempleado?9d4b8d9018659192bef7296ecd43739e,,gx-no-cache=1496324391155 HTTP/1.1" 200 3763
186.79.240.243 - - [01/Jun/2017:10:39:50 -0300] "GET /cormun/servlet/hlogin HTTP/1.1" 200 1722
192.168.10.62 - - [01/Jun/2017:10:39:51 -0300] "POST /cormun/servlet/trconsultaempleado?9d4b8d9018659192bef7296ecd43739e,,gx-no-cache=1496324393828 HTTP/1.1" 200 3763
192.168.10.62 - - [01/Jun/2017:10:39:54 -0300] "GET /cormun/servlet/trsolicitudgral? HTTP/1.1" 200 8180
192.168.10.62 - - [01/Jun/2017:10:39:54 -0300] "GET /cormun/servlet/trsolicitudgral? HTTP/1.1" 200 8179
186.79.240.243 - - [01/Jun/2017:10:40:00 -0300] "POST /cormun/servlet/hlogin?e7b1c559272a33cb947dd9ada95fa417,gx-no-cache=1496324189971 HTTP/1.1" 200 90
186.79.240.243 - - [01/Jun/2017:10:40:01 -0300] "GET /cormun/servlet/hpexe_link HTTP/1.1" 200 961
186.79.240.243 - - [01/Jun/2017:10:40:01 -0300] "GET /cormun/servlet/trsolicitudot? HTTP/1.1" 200 10024
192.168.10.62 - - [01/Jun/2017:10:40:03 -0300] "POST /cormun/servlet/trsolicitudgral?9d4b8d9018659192bef7296ecd43739e,,gx-no-cache=1496324404967 HTTP/1.1" 200 5113
186.79.240.243 - - [01/Jun/2017:10:40:03 -0300] "GET /cormun/servlet/trsolicitudot? HTTP/1.1" 200 10022
186.79.240.243 - - [01/Jun/2017:10:40:15 -0300] "POST /cormun/servlet/trsolicitudot?e7b1c559272a33cb947dd9ada95fa417,,gx-no-cache=1496324204529 HTTP/1.1" 200 7146
192.168.10.62 - - [01/Jun/2017:10:40:19 -0300] "POST /cormun/servlet/trsolicitudgral?9d4b8d9018659192bef7296ecd43739e,,gx-no-cache=1496324421120 HTTP/1.1" 200 5113
186.79.240.243 - - [01/Jun/2017:10:40:20 -0300] "POST /cormun/servlet/trsolicitudot?e7b1c559272a33cb947dd9ada95fa417,,gx-no-cache=1496324209036 HTTP/1.1" 200 7146
192.168.10.62 - - [01/Jun/2017:10:40:38 -0300] "POST /cormun/servlet/trsolicitudgral?9d4b8d9018659192bef7296ecd43739e,,gx-no-cache=1496324440132 HTTP/1.1" 200 5118
192.168.10.62 - - [01/Jun/2017:10:40:51 -0300] "POST /cormun/servlet/trsolicitudgral?9d4b8d9018659192bef7296ecd43739e,,gx-no-cache=1496324453048 HTTP/1.1" 200 5117
192.168.10.62 - - [01/Jun/2017:10:40:51 -0300] "POST /cormun/servlet/trsolicitudgral?9d4b8d9018659192bef7296ecd43739e,,gx-no-cache=1496324453610 HTTP/1.1" 200 5117
192.168.10.62 - - [01/Jun/2017:10:40:52 -0300] "POST /cormun/servlet/trsolicitudgral?9d4b8d9018659192bef7296ecd43739e,,gx-no-cache=1496324454500 HTTP/1.1" 200 5118
192.168.10.62 - - [01/Jun/2017:10:40:53 -0300] "POST /cormun/servlet/trsolicitudgral?9d4b8d9018659192bef7296ecd43739e,,gx-no-cache=1496324455195 HTTP/1.1" 200 5117
186.79.240.243 - - [01/Jun/2017:10:40:55 -0300] "POST /cormun/servlet/trsolicitudot?e7b1c559272a33cb947dd9ada95fa417,,gx-no-cache=1496324241361 HTTP/1.1" 200 7146
192.168.10.62 - - [01/Jun/2017:10:41:42 -0300] "POST /cormun/servlet/trsolicitudgral?9d4b8d9018659192bef7296ecd43739e,,gx-no-cache=1496324503978 HTTP/1.1" 200 5119
192.168.10.62 - - [01/Jun/2017:10:42:01 -0300] "POST /cormun/servlet/trsolicitudgral?9d4b8d9018659192bef7296ecd43739e,,gx-no-cache=1496324523338 HTTP/1.1" 200 5114
192.168.10.89 - - [01/Jun/2017:10:42:08 -0300] "POST /cormun/servlet/trsolicitudgral?b2e3f9dd7914d6654280c837bc264070,,gx-no-cache=1496324529867 HTTP/1.1" 200 5618
192.168.10.89 - - [01/Jun/2017:10:42:42 -0300] "GET /cormun/servlet/wbconsulta? HTTP/1.1" 200 5414
192.168.10.89 - - [01/Jun/2017:10:42:49 -0300] "POST /cormun/servlet/wbconsulta?b2e3f9dd7914d6654280c837bc264070,,gx-no-cache=1496324571167 HTTP/1.1" 200 103
192.168.10.89 - - [01/Jun/2017:10:42:49 -0300] "GET /cormun/servlet/vevisualizador?2017,6681, HTTP/1.1" 200 8825
192.168.10.89 - - [01/Jun/2017:10:42:49 -0300] "GET /cormun/static/gxcfg.js?20174261241759 HTTP/1.1" 200 953
192.168.10.89 - - [01/Jun/2017:10:42:49 -0300] "GET /cormun/pexe_scrolldiv.js HTTP/1.1" 404 1009
192.168.10.89 - - [01/Jun/2017:10:42:49 -0300] "GET /cormun/static/hwcviewtabs.js?201752511465446 HTTP/1.1" 304 -
192.168.10.89 - - [01/Jun/2017:10:42:49 -0300] "GET /cormun/static/vevisualizador.js?20174261241824 HTTP/1.1" 304 -
192.168.10.89 - - [01/Jun/2017:10:42:49 -0300] "GET /cormun/static/tbvisualizador01.js?20174261239448 HTTP/1.1" 304 -
192.168.10.89 - - [01/Jun/2017:10:42:49 -0300] "GET /cormun/static/hpexe_tabsview.js?201610171694228 HTTP/1.1" 304 -
192.168.10.62 - - [01/Jun/2017:10:42:58 -0300] "POST /cormun/servlet/trsolicitudgral?9d4b8d9018659192bef7296ecd43739e,,gx-no-cache=1496324580136 HTTP/1.1" 200 6406
192.168.10.62 - - [01/Jun/2017:10:43:03 -0300] "POST /cormun/servlet/trsolicitudgral?9d4b8d9018659192bef7296ecd43739e,,gx-no-cache=1496324585184 HTTP/1.1" 200 5114
200.111.191.210 - - [01/Jun/2017:10:43:14 -0300] "GET /cormun/servlet/trlicencias? HTTP/1.1" 200 6050
200.111.191.210 - - [01/Jun/2017:10:43:14 -0300] "GET /cormun/servlet/hlogin HTTP/1.1" 200 1736
200.111.191.210 - - [01/Jun/2017:10:43:14 -0300] "GET /cormun/servlet/trlicencias? HTTP/1.1" 200 6045
192.168.10.89 - - [01/Jun/2017:10:43:21 -0300] "POST /cormun/servlet/vevisualizador?b2e3f9dd7914d6654280c837bc264070,2017,6681,,gx-no-cache=1496324603426 HTTP/1.1" 200 90
192.168.10.89 - - [01/Jun/2017:10:43:21 -0300] "GET /cormun/servlet/hpexe_link HTTP/1.1" 200 965
192.168.10.89 - - [01/Jun/2017:10:43:22 -0300] "GET /cormun/servlet/wbconsulta HTTP/1.1" 200 5416
200.111.191.210 - - [01/Jun/2017:10:43:24 -0300] "POST /cormun/servlet/hlogin?efad860a81185e1c599f05fbbfd9ecda,gx-no-cache=1496324658355 HTTP/1.1" 200 90
200.111.191.210 - - [01/Jun/2017:10:43:24 -0300] "GET /cormun/servlet/hpexe_link HTTP/1.1" 200 954
200.111.191.210 - - [01/Jun/2017:10:43:24 -0300] "GET /cormun/servlet/trlicencias HTTP/1.1" 200 17641
200.111.191.210 - - [01/Jun/2017:10:43:25 -0300] "GET /cormun/servlet/trlicencias HTTP/1.1" 200 17633
186.79.158.127 - - [01/Jun/2017:10:43:51 -0300] "POST /cormun/servlet/solicitudotadjuntos?695315c46fdca611e4bc7c249439eb35,INS,2017,6693,,1,,gx-no-cache=1496324691024 HTTP/1.1" 200 93
186.79.158.127 - - [01/Jun/2017:10:43:51 -0300] "GET /cormun/servlet/hpexe_return? HTTP/1.1" 200 1022
186.79.158.127 - - [01/Jun/2017:10:43:51 -0300] "GET /cormun/servlet/trsolicitudadjuntos?2017,6693, HTTP/1.1" 200 5847
186.79.158.127 - - [01/Jun/2017:10:43:52 -0300] "GET /cormun/servlet/trsolicitudadjuntos?2017,6693, HTTP/1.1" 200 5844
186.79.158.127 - - [01/Jun/2017:10:43:54 -0300] "GET /cormun/servlet/solicitudotadjuntos?INS,2017,6693,,1, HTTP/1.1" 200 5795
186.79.158.127 - - [01/Jun/2017:10:43:55 -0300] "GET /cormun/static/about:blank HTTP/1.1" 404 1011
186.79.158.127 - - [01/Jun/2017:10:43:55 -0300] "GET /cormun/servlet/solicitudotadjuntos?INS,2017,6693,,1, HTTP/1.1" 200 5789
186.79.158.127 - - [01/Jun/2017:10:43:55 -0300] "GET /cormun/servlet/solicitudotadjuntos?f8da6b879cd2a47ee6996e4a95fc2bf747c46c508210b097c573ff2970d5a9174ab2f6e0d4451a7d6c8af9e391eaabf9,gx-no-cache=1496324695489 HTTP/1.1" 200 30
186.79.158.127 - - [01/Jun/2017:10:43:55 -0300] "POST /cormun/servlet/solicitudotadjuntos?695315c46fdca611e4bc7c249439eb35,INS,2017,6693,,1,,gx-no-cache=1496324695556 HTTP/1.1" 200 3645
186.79.158.127 - - [01/Jun/2017:10:43:57 -0300] "POST /cormun/servlet/solicitudotadjuntos?gx-no-cache=1496324697696 HTTP/1.1" 200 26
186.79.158.127 - - [01/Jun/2017:10:44:04 -0300] "GET /cormun/servlet/solicitudotadjuntos?f8da6b879cd2a47ee6996e4a95fc2bf72a5df7621de830a1a5dbfe8fa751b1b9,gx-no-cache=1496324704504 HTTP/1.1" 200 30
186.79.158.127 - - [01/Jun/2017:10:44:04 -0300] "GET /cormun/servlet/solicitudotadjuntos?f8da6b879cd2a47ee6996e4a95fc2bf72a5df7621de830a1a5dbfe8fa751b1b9,gx-no-cache=1496324704580 HTTP/1.1" 200 30
186.79.158.127 - - [01/Jun/2017:10:44:07 -0300] "POST /cormun/servlet/solicitudotadjuntos?695315c46fdca611e4bc7c249439eb35,INS,2017,6693,,1, HTTP/1.1" 200 116
186.79.158.127 - - [01/Jun/2017:10:44:07 -0300] "GET /cormun/servlet/hpexe_return? HTTP/1.1" 200 1022
186.79.158.127 - - [01/Jun/2017:10:44:07 -0300] "GET /cormun/servlet/trsolicitudadjuntos?2017,6693, HTTP/1.1" 200 8052
186.79.158.127 - - [01/Jun/2017:10:44:08 -0300] "GET /cormun/servlet/trsolicitudadjuntos?2017,6693, HTTP/1.1" 200 8049
186.79.158.127 - - [01/Jun/2017:10:44:10 -0300] "GET /cormun/servlet/solicitudotadjuntos?INS,2017,6693,,1, HTTP/1.1" 200 5796
186.79.158.127 - - [01/Jun/2017:10:44:10 -0300] "GET /cormun/static/about:blank HTTP/1.1" 404 1011
186.79.158.127 - - [01/Jun/2017:10:44:10 -0300] "GET /cormun/servlet/solicitudotadjuntos?INS,2017,6693,,1, HTTP/1.1" 200 5790
186.79.158.127 - - [01/Jun/2017:10:44:11 -0300] "GET /cormun/servlet/solicitudotadjuntos?f8da6b879cd2a47ee6996e4a95fc2bf747c46c508210b097c573ff2970d5a9174ab2f6e0d4451a7d6c8af9e391eaabf9,gx-no-cache=1496324711161 HTTP/1.1" 200 30
186.79.158.127 - - [01/Jun/2017:10:44:11 -0300] "POST /cormun/servlet/solicitudotadjuntos?695315c46fdca611e4bc7c249439eb35,INS,2017,6693,,1,,gx-no-cache=1496324711228 HTTP/1.1" 200 3646
186.67.172.234 - - [01/Jun/2017:10:44:17 -0300] "GET /cormun/servlet/hlogin HTTP/1.1" 200 1721
186.67.172.234 - - [01/Jun/2017:10:44:17 -0300] "GET /cormun/static/Resources/Spanish/PXTools.css?11423723 HTTP/1.1" 304 -
186.67.172.234 - - [01/Jun/2017:10:44:17 -0300] "GET /cormun/static/gxcfg.js?20175251213516 HTTP/1.1" 304 -
186.67.172.234 - - [01/Jun/2017:10:44:17 -0300] "GET /cormun/static/messages.spa.js?85251 HTTP/1.1" 304 -
186.67.172.234 - - [01/Jun/2017:10:44:17 -0300] "GET /cormun/static/hlogin.js?20175251213537 HTTP/1.1" 304 -
186.79.158.127 - - [01/Jun/2017:10:44:18 -0300] "POST /cormun/servlet/solicitudotadjuntos?gx-no-cache=1496324718349 HTTP/1.1" 200 26
186.79.158.127 - - [01/Jun/2017:10:44:27 -0300] "GET /cormun/servlet/solicitudotadjuntos?f8da6b879cd2a47ee6996e4a95fc2bf72a5df7621de830a1a5dbfe8fa751b1b9,gx-no-cache=1496324727456 HTTP/1.1" 200 30
186.79.158.127 - - [01/Jun/2017:10:44:27 -0300] "GET /cormun/servlet/solicitudotadjuntos?f8da6b879cd2a47ee6996e4a95fc2bf72a5df7621de830a1a5dbfe8fa751b1b9,gx-no-cache=1496324727548 HTTP/1.1" 200 30
201.236.59.211 - - [01/Jun/2017:10:44:29 -0300] "GET /cormun/servlet/hlogin HTTP/1.1" 200 1724
201.236.59.211 - - [01/Jun/2017:10:44:30 -0300] "GET /cormun/static/gxcfg.js?20175251213516 HTTP/1.1" 200 953
186.79.158.127 - - [01/Jun/2017:10:44:30 -0300] "POST /cormun/servlet/solicitudotadjuntos?695315c46fdca611e4bc7c249439eb35,INS,2017,6693,,1, HTTP/1.1" 200 116
186.79.158.127 - - [01/Jun/2017:10:44:30 -0300] "GET /cormun/servlet/hpexe_return? HTTP/1.1" 200 1022
201.236.59.211 - - [01/Jun/2017:10:44:30 -0300] "GET /cormun/static/hlogin.js?20175251213537 HTTP/1.1" 200 2136
186.79.158.127 - - [01/Jun/2017:10:44:30 -0300] "GET /cormun/servlet/trsolicitudadjuntos?2017,6693, HTTP/1.1" 200 8309
201.236.59.211 - - [01/Jun/2017:10:44:31 -0300] "GET /cormun/static/Resources/Spanish/PXTools.css?11423723 HTTP/1.1" 200 89042
186.79.158.127 - - [01/Jun/2017:10:44:31 -0300] "GET /cormun/servlet/trsolicitudadjuntos?2017,6693, HTTP/1.1" 200 8308
186.67.172.234 - - [01/Jun/2017:10:44:32 -0300] "POST /cormun/servlet/hlogin?12a9114cd6cd3123d72ae9eacbee2a3c,gx-no-cache=1496321111030 HTTP/1.1" 200 90
186.67.172.234 - - [01/Jun/2017:10:44:32 -0300] "GET /cormun/servlet/hpexe_link HTTP/1.1" 200 946
186.67.172.234 - - [01/Jun/2017:10:44:32 -0300] "GET /cormun/static/gxcfg.js?20175251212395 HTTP/1.1" 304 -
186.67.172.234 - - [01/Jun/2017:10:44:32 -0300] "GET /cormun/static/hpexe_link.js?20175251212399 HTTP/1.1" 304 -
186.67.172.234 - - [01/Jun/2017:10:44:32 -0300] "GET /cormun/servlet/hhome HTTP/1.1" 200 4036
186.67.172.234 - - [01/Jun/2017:10:44:32 -0300] "GET /cormun/static/gxcfg.js?20175251212442 HTTP/1.1" 304 -
186.67.172.234 - - [01/Jun/2017:10:44:32 -0300] "GET /cormun/static/hhome.js?20175251212450 HTTP/1.1" 304 -
186.67.172.234 - - [01/Jun/2017:10:44:32 -0300] "GET /cormun/static/hwchdr01.js?201752511465785 HTTP/1.1" 304 -
186.67.172.234 - - [01/Jun/2017:10:44:32 -0300] "GET /cormun/static/hpexe_recentlink.js?201610171694390 HTTP/1.1" 304 -
186.67.172.234 - - [01/Jun/2017:10:44:32 -0300] "GET /cormun/static/hpexe_scripts.js?201752511465715 HTTP/1.1" 304 -
186.67.172.234 - - [01/Jun/2017:10:44:32 -0300] "GET /cormun/static/hpexe_messagepopupcomponent.js?20161017169425 HTTP/1.1" 304 -
186.67.172.234 - - [01/Jun/2017:10:44:32 -0300] "GET /cormun/static/hpexe_messagecontroller.js?201610171694323 HTTP/1.1" 304 -
186.67.172.234 - - [01/Jun/2017:10:44:32 -0300] "GET /cormun/static/hpexe_messagegenexuscomponent.js?201752511465344 HTTP/1.1" 304 -
186.67.172.234 - - [01/Jun/2017:10:44:32 -0300] "GET /cormun/static/cmcontrolpreferences.js?201752511465670 HTTP/1.1" 304 -
186.67.172.234 - - [01/Jun/2017:10:44:33 -0300] "GET /cormun/static/hmpwkw03.js?2017525121347 HTTP/1.1" 304 -
186.67.172.234 - - [01/Jun/2017:10:44:33 -0300] "GET /cormun/servlet/hhome HTTP/1.1" 200 4033
201.236.59.211 - - [01/Jun/2017:10:44:34 -0300] "GET /cormun/servlet/hlogin HTTP/1.1" 200 1730
186.79.158.127 - - [01/Jun/2017:10:44:34 -0300] "GET /cormun/servlet/solicitudotadjuntos?INS,2017,6693,,1, HTTP/1.1" 200 5796
186.79.158.127 - - [01/Jun/2017:10:44:35 -0300] "GET /cormun/static/about:blank HTTP/1.1" 404 1011
186.79.158.127 - - [01/Jun/2017:10:44:35 -0300] "GET /cormun/servlet/solicitudotadjuntos?INS,2017,6693,,1, HTTP/1.1" 200 5790
186.79.158.127 - - [01/Jun/2017:10:44:35 -0300] "GET /cormun/servlet/solicitudotadjuntos?f8da6b879cd2a47ee6996e4a95fc2bf747c46c508210b097c573ff2970d5a9174ab2f6e0d4451a7d6c8af9e391eaabf9,gx-no-cache=1496324735710 HTTP/1.1" 200 30
186.79.158.127 - - [01/Jun/2017:10:44:36 -0300] "POST /cormun/servlet/solicitudotadjuntos?695315c46fdca611e4bc7c249439eb35,INS,2017,6693,,1,,gx-no-cache=1496324735771 HTTP/1.1" 200 3646
186.67.172.234 - - [01/Jun/2017:10:44:38 -0300] "GET /cormun/servlet/trpermisosgoce? HTTP/1.1" 200 15543
186.67.172.234 - - [01/Jun/2017:10:44:38 -0300] "GET /cormun/static/gxcfg.js?20175251265886 HTTP/1.1" 304 -
186.67.172.234 - - [01/Jun/2017:10:44:39 -0300] "GET /cormun/static/trpermisosgoce.js?2017525127453 HTTP/1.1" 304 -
186.67.172.234 - - [01/Jun/2017:10:44:39 -0300] "GET /cormun/servlet/trpermisosgoce? HTTP/1.1" 200 15540
186.79.158.127 - - [01/Jun/2017:10:44:40 -0300] "POST /cormun/servlet/solicitudotadjuntos?gx-no-cache=1496324740175 HTTP/1.1" 200 26
186.67.172.234 - - [01/Jun/2017:10:44:43 -0300] "GET /cormun/servlet/permisogoce?INS,0,,, HTTP/1.1" 200 6882
186.67.172.234 - - [01/Jun/2017:10:44:43 -0300] "GET /cormun/static/gxcfg.js?201752511545264 HTTP/1.1" 304 -
186.67.172.234 - - [01/Jun/2017:10:44:43 -0300] "GET /cormun/static/permisogoce.js?201752511545340 HTTP/1.1" 304 -
186.67.172.234 - - [01/Jun/2017:10:44:44 -0300] "GET /cormun/servlet/permisogoce?INS,0,,, HTTP/1.1" 200 6882
201.236.59.211 - - [01/Jun/2017:10:44:45 -0300] "POST /cormun/servlet/hlogin?89012e36ce84aa78c84252e6e8200474,gx-no-cache=1496324741658 HTTP/1.1" 200 90
201.236.59.211 - - [01/Jun/2017:10:44:46 -0300] "GET /cormun/servlet/hpexe_link HTTP/1.1" 200 951
186.79.158.127 - - [01/Jun/2017:10:44:48 -0300] "GET /cormun/servlet/solicitudotadjuntos?f8da6b879cd2a47ee6996e4a95fc2bf72a5df7621de830a1a5dbfe8fa751b1b9,gx-no-cache=1496324748803 HTTP/1.1" 200 30
186.79.158.127 - - [01/Jun/2017:10:44:49 -0300] "GET /cormun/servlet/solicitudotadjuntos?f8da6b879cd2a47ee6996e4a95fc2bf72a5df7621de830a1a5dbfe8fa751b1b9,gx-no-cache=1496324748902 HTTP/1.1" 200 30
201.236.59.211 - - [01/Jun/2017:10:44:50 -0300] "GET /cormun/static/gxcfg.js?20175251212395 HTTP/1.1" 200 953
201.236.59.211 - - [01/Jun/2017:10:44:50 -0300] "GET /cormun/static/hpexe_link.js?20175251212399 HTTP/1.1" 200 625
201.236.59.211 - - [01/Jun/2017:10:44:50 -0300] "GET /cormun/servlet/hhome HTTP/1.1" 200 3969
186.79.158.127 - - [01/Jun/2017:10:44:50 -0300] "POST /cormun/servlet/solicitudotadjuntos?695315c46fdca611e4bc7c249439eb35,INS,2017,6693,,1, HTTP/1.1" 200 116
186.79.158.127 - - [01/Jun/2017:10:44:50 -0300] "GET /cormun/servlet/hpexe_return? HTTP/1.1" 200 1022
186.79.158.127 - - [01/Jun/2017:10:44:51 -0300] "GET /cormun/servlet/trsolicitudadjuntos?2017,6693, HTTP/1.1" 200 8489
201.236.59.211 - - [01/Jun/2017:10:44:51 -0300] "GET /cormun/static/gxcfg.js?20175251212442 HTTP/1.1" 200 953
201.236.59.211 - - [01/Jun/2017:10:44:51 -0300] "GET /cormun/static/hhome.js?20175251212450 HTTP/1.1" 200 777
201.236.59.211 - - [01/Jun/2017:10:44:51 -0300] "GET /cormun/static/hwchdr01.js?201752511465785 HTTP/1.1" 200 1183
201.236.59.211 - - [01/Jun/2017:10:44:51 -0300] "GET /cormun/static/hpexe_scripts.js?201752511465715 HTTP/1.1" 200 1544
186.79.158.127 - - [01/Jun/2017:10:44:51 -0300] "GET /cormun/servlet/trsolicitudadjuntos?2017,6693, HTTP/1.1" 200 8491
201.236.59.211 - - [01/Jun/2017:10:44:51 -0300] "GET /cormun/static/hpexe_messagegenexuscomponent.js?201752511465344 HTTP/1.1" 200 587
201.236.59.211 - - [01/Jun/2017:10:44:52 -0300] "GET /cormun/static/cmcontrolpreferences.js?201752511465670 HTTP/1.1" 200 1375
201.236.59.211 - - [01/Jun/2017:10:44:52 -0300] "GET /cormun/static/hmpwkw03.js?2017525121347 HTTP/1.1" 200 3965
201.236.59.211 - - [01/Jun/2017:10:44:53 -0300] "GET /cormun/servlet/hhome HTTP/1.1" 200 3965
186.67.172.234 - - [01/Jun/2017:10:44:56 -0300] "GET /cormun/servlet/permisogoce?b0caad826ac9a1ea25d433995e6edd149aab3e2392519d025b1040bb4ffc891b977b927b2321ae0a0b4b7f2818d78757c36560342ed46750bcf956b638d2a782,gx-no-cache=1496321135169 HTTP/1.1" 200 71
186.67.172.234 - - [01/Jun/2017:10:44:56 -0300] "GET /cormun/static/menuarrow.gif HTTP/1.1" 404 1015
186.79.158.127 - - [01/Jun/2017:10:44:57 -0300] "GET /cormun/servlet/solicitudotadjuntos?INS,2017,6693,,1, HTTP/1.1" 200 5796
186.79.158.127 - - [01/Jun/2017:10:44:58 -0300] "GET /cormun/static/about:blank HTTP/1.1" 404 1011
186.79.158.127 - - [01/Jun/2017:10:44:58 -0300] "GET /cormun/servlet/solicitudotadjuntos?INS,2017,6693,,1, HTTP/1.1" 200 5790
186.79.158.127 - - [01/Jun/2017:10:44:58 -0300] "GET /cormun/servlet/solicitudotadjuntos?f8da6b879cd2a47ee6996e4a95fc2bf747c46c508210b097c573ff2970d5a9174ab2f6e0d4451a7d6c8af9e391eaabf9,gx-no-cache=1496324758841 HTTP/1.1" 200 30
186.79.158.127 - - [01/Jun/2017:10:44:59 -0300] "POST /cormun/servlet/solicitudotadjuntos?695315c46fdca611e4bc7c249439eb35,INS,2017,6693,,1,,gx-no-cache=1496324758902 HTTP/1.1" 200 3646
201.236.59.211 - - [01/Jun/2017:10:45:01 -0300] "GET /cormun/servlet/trlicencias? HTTP/1.1" 200 11642
201.236.59.211 - - [01/Jun/2017:10:45:02 -0300] "GET /cormun/static/gxcfg.js?20175222047249 HTTP/1.1" 200 953
201.236.59.211 - - [01/Jun/2017:10:45:02 -0300] "GET /cormun/static/trlicencias.js?201752220473085 HTTP/1.1" 200 40838
186.79.158.127 - - [01/Jun/2017:10:45:06 -0300] "POST /cormun/servlet/solicitudotadjuntos?gx-no-cache=1496324766772 HTTP/1.1" 200 26
186.67.172.234 - - [01/Jun/2017:10:45:13 -0300] "GET /cormun/servlet/permisogoce?b0caad826ac9a1ea25d433995e6edd143652a1fc8c487271a851d363ab2660ff352c6a64bf00fe51a1214173f8e6914b536791ea1f77284322f45b67f1219d9a,gx-no-cache=1496321152308 HTTP/1.1" 200 47
201.236.59.211 - - [01/Jun/2017:10:45:16 -0300] "GET /cormun/servlet/trlicencias? HTTP/1.1" 200 11643
186.67.172.234 - - [01/Jun/2017:10:45:18 -0300] "POST /cormun/servlet/permisogoce?12a9114cd6cd3123d72ae9eacbee2a3c,INS,0,,,,gx-no-cache=1496321156278 HTTP/1.1" 200 93
186.67.172.234 - - [01/Jun/2017:10:45:18 -0300] "GET /cormun/servlet/hpexe_return? HTTP/1.1" 200 1005
186.67.172.234 - - [01/Jun/2017:10:45:18 -0300] "GET /cormun/servlet/trpermisosgoce HTTP/1.1" 200 15867
186.67.172.234 - - [01/Jun/2017:10:45:19 -0300] "GET /cormun/servlet/trpermisosgoce HTTP/1.1" 200 15866
186.79.158.127 - - [01/Jun/2017:10:45:20 -0300] "GET /cormun/servlet/solicitudotadjuntos?f8da6b879cd2a47ee6996e4a95fc2bf72a5df7621de830a1a5dbfe8fa751b1b9,gx-no-cache=1496324780364 HTTP/1.1" 200 30
186.79.158.127 - - [01/Jun/2017:10:45:20 -0300] "GET /cormun/servlet/solicitudotadjuntos?f8da6b879cd2a47ee6996e4a95fc2bf72a5df7621de830a1a5dbfe8fa751b1b9,gx-no-cache=1496324780462 HTTP/1.1" 200 30
186.79.158.127 - - [01/Jun/2017:10:45:22 -0300] "POST /cormun/servlet/solicitudotadjuntos?695315c46fdca611e4bc7c249439eb35,INS,2017,6693,,1, HTTP/1.1" 200 116
186.79.158.127 - - [01/Jun/2017:10:45:22 -0300] "GET /cormun/servlet/hpexe_return? HTTP/1.1" 200 1022
186.79.158.127 - - [01/Jun/2017:10:45:22 -0300] "GET /cormun/servlet/trsolicitudadjuntos?2017,6693, HTTP/1.1" 200 8649
186.79.158.127 - - [01/Jun/2017:10:45:23 -0300] "GET /cormun/servlet/trsolicitudadjuntos?2017,6693, HTTP/1.1" 200 8647
201.236.59.211 - - [01/Jun/2017:10:45:24 -0300] "GET /cormun/servlet/licenciaspermisos?INS,0,,, HTTP/1.1" 200 7404
201.236.59.211 - - [01/Jun/2017:10:45:25 -0300] "GET /cormun/static/gxcfg.js?201752220471843 HTTP/1.1" 200 953
201.236.59.211 - - [01/Jun/2017:10:45:26 -0300] "GET /cormun/static/licenciaspermisos.js?201752220471934 HTTP/1.1" 200 35774
186.79.158.127 - - [01/Jun/2017:10:45:26 -0300] "GET /cormun/servlet/solicitudotadjuntos?INS,2017,6693,,1, HTTP/1.1" 200 5796
186.67.172.234 - - [01/Jun/2017:10:45:26 -0300] "GET /cormun/servlet/trpermisosadjuntos?12292297,20170601104445,P, HTTP/1.1" 200 6348
186.67.172.234 - - [01/Jun/2017:10:45:26 -0300] "GET /cormun/static/gxcfg.js?20175251271483 HTTP/1.1" 304 -
186.67.172.234 - - [01/Jun/2017:10:45:26 -0300] "GET /cormun/static/trpermisosadjuntos.js?20175251271844 HTTP/1.1" 304 -
186.79.158.127 - - [01/Jun/2017:10:45:27 -0300] "GET /cormun/static/about:blank HTTP/1.1" 404 1011
186.79.158.127 - - [01/Jun/2017:10:45:27 -0300] "GET /cormun/servlet/solicitudotadjuntos?INS,2017,6693,,1, HTTP/1.1" 200 5790
186.67.172.234 - - [01/Jun/2017:10:45:27 -0300] "GET /cormun/servlet/trpermisosadjuntos?12292297,20170601104445,P, HTTP/1.1" 200 6348
186.79.158.127 - - [01/Jun/2017:10:45:27 -0300] "GET /cormun/servlet/solicitudotadjuntos?f8da6b879cd2a47ee6996e4a95fc2bf747c46c508210b097c573ff2970d5a9174ab2f6e0d4451a7d6c8af9e391eaabf9,gx-no-cache=1496324787452 HTTP/1.1" 200 30
201.236.59.211 - - [01/Jun/2017:10:45:27 -0300] "GET /cormun/servlet/licenciaspermisos?INS,0,,, HTTP/1.1" 200 7403
186.79.158.127 - - [01/Jun/2017:10:45:27 -0300] "POST /cormun/servlet/solicitudotadjuntos?695315c46fdca611e4bc7c249439eb35,INS,2017,6693,,1,,gx-no-cache=1496324787527 HTTP/1.1" 200 3646
186.67.172.234 - - [01/Jun/2017:10:45:28 -0300] "GET /cormun/servlet/permisosadjuntos?INS,12292297,P,20170601104445,, HTTP/1.1" 200 5671
186.67.172.234 - - [01/Jun/2017:10:45:28 -0300] "GET /cormun/static/gxcfg.js?201741111155774 HTTP/1.1" 304 -
186.67.172.234 - - [01/Jun/2017:10:45:28 -0300] "GET /cormun/static/permisosadjuntos.js?201741111155784 HTTP/1.1" 304 -
186.67.172.234 - - [01/Jun/2017:10:45:28 -0300] "GET /cormun/static/about:blank HTTP/1.1" 404 1011
186.67.172.234 - - [01/Jun/2017:10:45:28 -0300] "GET /cormun/servlet/permisosadjuntos?INS,12292297,P,20170601104445,, HTTP/1.1" 200 5661
186.79.158.127 - - [01/Jun/2017:10:45:31 -0300] "POST /cormun/servlet/solicitudotadjuntos?gx-no-cache=1496324791457 HTTP/1.1" 200 26
186.67.172.234 - - [01/Jun/2017:10:45:40 -0300] "POST /cormun/servlet/permisosadjuntos?12a9114cd6cd3123d72ae9eacbee2a3c,INS,12292297,P,20170601104445,, HTTP/1.1" 200 116
186.67.172.234 - - [01/Jun/2017:10:45:40 -0300] "GET /cormun/servlet/hpexe_return? HTTP/1.1" 200 1033
186.67.172.234 - - [01/Jun/2017:10:45:40 -0300] "GET /cormun/servlet/trpermisosadjuntos?12292297,20170601104445,P, HTTP/1.1" 200 6800
186.67.172.234 - - [01/Jun/2017:10:45:41 -0300] "GET /cormun/servlet/trpermisosadjuntos?12292297,20170601104445,P, HTTP/1.1" 200 6797
200.86.95.220 - - [01/Jun/2017:10:45:42 -0300] "GET /cormun/servlet/hlogin HTTP/1.1" 200 1721
200.86.95.220 - - [01/Jun/2017:10:45:42 -0300] "GET /cormun/static/gxcfg.js?20175251213516 HTTP/1.1" 200 953
200.86.95.220 - - [01/Jun/2017:10:45:42 -0300] "GET /cormun/static/Resources/Spanish/PXTools.css?11423723 HTTP/1.1" 200 89042
200.86.95.220 - - [01/Jun/2017:10:45:42 -0300] "GET /cormun/static/hlogin.js?20175251213537 HTTP/1.1" 200 2136
200.86.95.220 - - [01/Jun/2017:10:45:42 -0300] "GET /cormun/servlet/hlogin HTTP/1.1" 200 1732
186.79.158.127 - - [01/Jun/2017:10:45:42 -0300] "GET /cormun/servlet/solicitudotadjuntos?f8da6b879cd2a47ee6996e4a95fc2bf72a5df7621de830a1a5dbfe8fa751b1b9,gx-no-cache=1496324802672 HTTP/1.1" 200 30
186.79.158.127 - - [01/Jun/2017:10:45:42 -0300] "GET /cormun/servlet/solicitudotadjuntos?f8da6b879cd2a47ee6996e4a95fc2bf72a5df7621de830a1a5dbfe8fa751b1b9,gx-no-cache=1496324802771 HTTP/1.1" 200 30
186.67.172.234 - - [01/Jun/2017:10:45:44 -0300] "POST /cormun/servlet/trpermisosadjuntos?12a9114cd6cd3123d72ae9eacbee2a3c,12292297,20170601104445,P,,gx-no-cache=1496321183014 HTTP/1.1" 200 90
186.67.172.234 - - [01/Jun/2017:10:45:44 -0300] "GET /cormun/servlet/hpexe_link HTTP/1.1" 200 976
186.67.172.234 - - [01/Jun/2017:10:45:44 -0300] "GET /cormun/servlet/trpermisosgoce HTTP/1.1" 200 15860
186.67.172.234 - - [01/Jun/2017:10:45:45 -0300] "GET /cormun/servlet/trpermisosgoce HTTP/1.1" 200 15859
186.79.158.127 - - [01/Jun/2017:10:45:45 -0300] "POST /cormun/servlet/solicitudotadjuntos?695315c46fdca611e4bc7c249439eb35,INS,2017,6693,,1, HTTP/1.1" 200 116
186.79.158.127 - - [01/Jun/2017:10:45:45 -0300] "GET /cormun/servlet/hpexe_return? HTTP/1.1" 200 1022
186.79.158.127 - - [01/Jun/2017:10:45:47 -0300] "GET /cormun/servlet/trsolicitudadjuntos?2017,6693, HTTP/1.1" 200 8844
186.79.158.127 - - [01/Jun/2017:10:45:48 -0300] "GET /cormun/servlet/trsolicitudadjuntos?2017,6693, HTTP/1.1" 200 8846
200.86.95.220 - - [01/Jun/2017:10:45:50 -0300] "POST /cormun/servlet/hlogin?d35f43c297c5ff5d0de91fde6ed38624,gx-no-cache=1496324806859 HTTP/1.1" 200 90
200.86.95.220 - - [01/Jun/2017:10:45:50 -0300] "GET /cormun/servlet/hpexe_link HTTP/1.1" 200 955
200.86.95.220 - - [01/Jun/2017:10:45:50 -0300] "GET /cormun/static/gxcfg.js?20175251212395 HTTP/1.1" 200 953
200.86.95.220 - - [01/Jun/2017:10:45:50 -0300] "GET /cormun/static/hpexe_link.js?20175251212399 HTTP/1.1" 200 625
200.86.95.220 - - [01/Jun/2017:10:45:50 -0300] "GET /cormun/servlet/hhome HTTP/1.1" 200 3771
200.86.95.220 - - [01/Jun/2017:10:45:51 -0300] "GET /cormun/static/gxcfg.js?20175251212442 HTTP/1.1" 200 953
200.86.95.220 - - [01/Jun/2017:10:45:51 -0300] "GET /cormun/static/hhome.js?20175251212450 HTTP/1.1" 200 777
200.86.95.220 - - [01/Jun/2017:10:45:51 -0300] "GET /cormun/static/hwchdr01.js?201752511465785 HTTP/1.1" 200 1183
200.86.95.220 - - [01/Jun/2017:10:45:51 -0300] "GET /cormun/static/hpexe_scripts.js?201752511465715 HTTP/1.1" 200 1544
200.86.95.220 - - [01/Jun/2017:10:45:51 -0300] "GET /cormun/static/hpexe_messagegenexuscomponent.js?201752511465344 HTTP/1.1" 200 587
200.86.95.220 - - [01/Jun/2017:10:45:51 -0300] "GET /cormun/static/cmcontrolpreferences.js?201752511465670 HTTP/1.1" 200 1375
200.86.95.220 - - [01/Jun/2017:10:45:51 -0300] "GET /cormun/static/hmpwkw03.js?2017525121347 HTTP/1.1" 200 3965
200.86.95.220 - - [01/Jun/2017:10:45:52 -0300] "GET /cormun/servlet/hhome HTTP/1.1" 200 3768
186.79.158.127 - - [01/Jun/2017:10:45:53 -0300] "GET /cormun/servlet/solicitudotadjuntos?INS,2017,6693,,1, HTTP/1.1" 200 5796
186.79.158.127 - - [01/Jun/2017:10:45:54 -0300] "GET /cormun/static/about:blank HTTP/1.1" 404 1011
186.79.158.127 - - [01/Jun/2017:10:45:54 -0300] "GET /cormun/servlet/solicitudotadjuntos?INS,2017,6693,,1, HTTP/1.1" 200 5790
186.79.158.127 - - [01/Jun/2017:10:45:54 -0300] "GET /cormun/servlet/solicitudotadjuntos?f8da6b879cd2a47ee6996e4a95fc2bf747c46c508210b097c573ff2970d5a9174ab2f6e0d4451a7d6c8af9e391eaabf9,gx-no-cache=1496324814388 HTTP/1.1" 200 30
186.79.158.127 - - [01/Jun/2017:10:45:54 -0300] "POST /cormun/servlet/solicitudotadjuntos?695315c46fdca611e4bc7c249439eb35,INS,2017,6693,,1,,gx-no-cache=1496324814459 HTTP/1.1" 200 3646
200.86.95.220 - - [01/Jun/2017:10:45:55 -0300] "GET /cormun/servlet/trpermisosgoce? HTTP/1.1" 200 9924
200.86.95.220 - - [01/Jun/2017:10:45:55 -0300] "GET /cormun/static/gxcfg.js?20175251265886 HTTP/1.1" 200 953
200.86.95.220 - - [01/Jun/2017:10:45:55 -0300] "GET /cormun/static/trpermisosgoce.js?2017525127453 HTTP/1.1" 200 35904
186.67.172.234 - - [01/Jun/2017:10:45:55 -0300] "POST /cormun/servlet/trpermisosgoce?12a9114cd6cd3123d72ae9eacbee2a3c,gx-no-cache=1496321193996 HTTP/1.1" 200 12986
186.67.172.234 - - [01/Jun/2017:10:45:55 -0300] "GET /cormun/static/Shared/jqueryui/images/ui-bg_highlight-soft_100_c6c2c8_1x100.png HTTP/1.1" 404 1117
186.67.172.234 - - [01/Jun/2017:10:45:55 -0300] "GET /cormun/static/Shared/jqueryui/images/ui-icons_82798d_256x240.png HTTP/1.1" 404 1089
186.67.172.234 - - [01/Jun/2017:10:45:55 -0300] "GET /cormun/static/Shared/jqueryui/images/ui-icons_8d78a5_256x240.png HTTP/1.1" 404 1089
186.67.172.234 - - [01/Jun/2017:10:45:55 -0300] "GET /cormun/static/Shared/jqueryui/images/ui-bg_flat_55_fafafa_40x100.png HTTP/1.1" 404 1097
201.236.59.211 - - [01/Jun/2017:10:45:56 -0300] "GET /cormun/servlet/prfichaempleado?,MD,,gxPopupLevel%3D0%3B HTTP/1.1" 200 8794
200.86.95.220 - - [01/Jun/2017:10:45:56 -0300] "GET /cormun//static/Resources/PXToolsActionDisabled.gif HTTP/1.1" 200 53
200.86.95.220 - - [01/Jun/2017:10:45:56 -0300] "GET /cormun/servlet/trpermisosgoce? HTTP/1.1" 200 9922
201.236.59.211 - - [01/Jun/2017:10:45:57 -0300] "GET /cormun/static/hmpwkw011.js?20175251212473 HTTP/1.1" 200 1968
186.79.158.127 - - [01/Jun/2017:10:45:57 -0300] "POST /cormun/servlet/solicitudotadjuntos?gx-no-cache=1496324817722 HTTP/1.1" 200 26
186.67.172.234 - - [01/Jun/2017:10:46:01 -0300] "GET /cormun/servlet/permisogoce?INS,0,,, HTTP/1.1" 200 6882
