40.77.167.84 - - [01/Jun/2017:13:28:37 -0300] "GET /cormun/static/trcontratounov2.js?201752512125146 HTTP/1.1" 200 38486
207.46.13.139 - - [01/Jun/2017:13:28:42 -0300] "GET /cormun/static/PXToolsJavascripts/pexe_tabdivfix.js HTTP/1.1" 200 876
207.46.13.139 - - [01/Jun/2017:13:28:42 -0300] "GET /cormun/static/Resources/logo4.png HTTP/1.1" 200 6582
207.46.13.139 - - [01/Jun/2017:13:28:43 -0300] "GET /cormun/static/gxdec.js?85251 HTTP/1.1" 200 19579
186.103.248.213 - - [01/Jun/2017:13:28:47 -0300] "POST /cormun/servlet/hlogin?19f45626c27364efbc59180c3c85825f,gx-no-cache=1496334590470 HTTP/1.1" 440 972
186.103.248.213 - - [01/Jun/2017:13:28:48 -0300] "GET /cormun/servlet/hlogin HTTP/1.1" 200 1731
186.103.248.213 - - [01/Jun/2017:13:28:56 -0300] "POST /cormun/servlet/hlogin?c5191057d102968773711674ca4053fe,gx-no-cache=1496334599880 HTTP/1.1" 200 90
186.103.248.213 - - [01/Jun/2017:13:28:56 -0300] "GET /cormun/servlet/hpexe_link HTTP/1.1" 200 952
186.103.248.213 - - [01/Jun/2017:13:28:56 -0300] "GET /cormun/servlet/hhome HTTP/1.1" 200 4002
186.103.248.213 - - [01/Jun/2017:13:28:57 -0300] "GET /cormun/servlet/hhome HTTP/1.1" 200 3998
186.103.248.213 - - [01/Jun/2017:13:29:44 -0300] "GET /cormun/servlet/trautorizarsolicitud? HTTP/1.1" 200 6934
186.103.248.213 - - [01/Jun/2017:13:29:45 -0300] "GET /cormun/servlet/trautorizarsolicitud? HTTP/1.1" 200 6933
186.103.248.213 - - [01/Jun/2017:13:30:18 -0300] "GET /cormun/servlet/trlicencias? HTTP/1.1" 200 10609
186.103.248.213 - - [01/Jun/2017:13:30:19 -0300] "GET /cormun/servlet/trlicencias? HTTP/1.1" 200 10619
186.79.54.169 - - [01/Jun/2017:13:32:24 -0300] "GET /cormun/servlet/hlogin HTTP/1.1" 200 1724
192.168.10.89 - - [01/Jun/2017:13:32:29 -0300] "GET /cormun/servlet/trsolicitudgral? HTTP/1.1" 200 24098
192.168.10.89 - - [01/Jun/2017:13:32:30 -0300] "GET /cormun/servlet/hlogin HTTP/1.1" 200 1740
186.79.54.169 - - [01/Jun/2017:13:32:33 -0300] "POST /cormun/servlet/hlogin?055960fef3fb84bc7474e59b2c421529,gx-no-cache=1496334809023 HTTP/1.1" 200 90
186.79.54.169 - - [01/Jun/2017:13:32:33 -0300] "GET /cormun/servlet/hpexe_link HTTP/1.1" 200 954
186.79.54.169 - - [01/Jun/2017:13:32:33 -0300] "GET /cormun/servlet/hhome HTTP/1.1" 200 4053
186.79.54.169 - - [01/Jun/2017:13:32:33 -0300] "GET /cormun/static/gxcfg.js?20175251212442 HTTP/1.1" 200 953
186.79.54.169 - - [01/Jun/2017:13:32:33 -0300] "GET /cormun/static/hhome.js?20175251212450 HTTP/1.1" 200 777
186.79.54.169 - - [01/Jun/2017:13:32:35 -0300] "GET /cormun/servlet/hhome HTTP/1.1" 200 4049
186.79.240.243 - - [01/Jun/2017:13:32:35 -0300] "GET /cormun/servlet/permisogoce?INS,0,,, HTTP/1.1" 200 6030
186.79.240.243 - - [01/Jun/2017:13:32:37 -0300] "GET /cormun/servlet/permisogoce?INS,0,,, HTTP/1.1" 200 6024
186.79.240.243 - - [01/Jun/2017:13:32:37 -0300] "GET /cormun/servlet/hlogin HTTP/1.1" 200 1738
192.168.10.89 - - [01/Jun/2017:13:32:38 -0300] "POST /cormun/servlet/hlogin?4011f62c7f3745ad27c7dbd9a8129fae,gx-no-cache=1496334760058 HTTP/1.1" 200 458
186.79.54.169 - - [01/Jun/2017:13:32:38 -0300] "GET /cormun/servlet/trpermisosgoce? HTTP/1.1" 200 16443
186.79.54.169 - - [01/Jun/2017:13:32:38 -0300] "GET /cormun/static/gxcfg.js?20175251265886 HTTP/1.1" 200 953
186.79.54.169 - - [01/Jun/2017:13:32:38 -0300] "GET /cormun/static/trpermisosgoce.js?2017525127453 HTTP/1.1" 200 35904
186.79.54.169 - - [01/Jun/2017:13:32:40 -0300] "GET /cormun/servlet/trpermisosgoce? HTTP/1.1" 200 16435
192.168.10.89 - - [01/Jun/2017:13:32:42 -0300] "POST /cormun/servlet/hlogin?4011f62c7f3745ad27c7dbd9a8129fae,gx-no-cache=1496334764004 HTTP/1.1" 200 90
192.168.10.89 - - [01/Jun/2017:13:32:42 -0300] "GET /cormun/servlet/hpexe_link HTTP/1.1" 200 960
192.168.10.89 - - [01/Jun/2017:13:32:43 -0300] "GET /cormun/servlet/trsolicitudgral HTTP/1.1" 200 25316
186.79.54.169 - - [01/Jun/2017:13:32:48 -0300] "GET /cormun/servlet/permisogoce?INS,0,,, HTTP/1.1" 200 6897
186.79.54.169 - - [01/Jun/2017:13:32:48 -0300] "GET /cormun/static/gxcfg.js?201752511545264 HTTP/1.1" 200 953
186.79.54.169 - - [01/Jun/2017:13:32:48 -0300] "GET /cormun/static/permisogoce.js?201752511545340 HTTP/1.1" 200 27885
186.79.240.243 - - [01/Jun/2017:13:32:48 -0300] "POST /cormun/servlet/hlogin?89ee79a0d17f3db0fbcf37125774e978,gx-no-cache=1496334829284 HTTP/1.1" 200 90
186.79.240.243 - - [01/Jun/2017:13:32:48 -0300] "GET /cormun/servlet/hpexe_link HTTP/1.1" 200 959
186.79.240.243 - - [01/Jun/2017:13:32:49 -0300] "GET /cormun/servlet/permisogoce?INS,0,,, HTTP/1.1" 200 6477
186.79.54.169 - - [01/Jun/2017:13:32:49 -0300] "GET /cormun/servlet/permisogoce?INS,0,,, HTTP/1.1" 200 6897
186.79.240.243 - - [01/Jun/2017:13:32:50 -0300] "GET /cormun/servlet/permisogoce?INS,0,,, HTTP/1.1" 200 6475
186.79.240.243 - - [01/Jun/2017:13:32:53 -0300] "GET /cormun/servlet/prfichaempleado?,MD,,gxPopupLevel%3D0%3B HTTP/1.1" 200 8811
186.79.54.169 - - [01/Jun/2017:13:32:58 -0300] "GET /cormun/servlet/permisogoce?381789d3445a9625a4efce6d13b0e7a819c970f22f58eef4047c38eba01e5836cba2102d03432f998b87991a896d14b71dbf9fa7bfd1adf298b3737d8a2adc67,gx-no-cache=1496334834622 HTTP/1.1" 200 79
186.79.54.169 - - [01/Jun/2017:13:32:59 -0300] "GET /cormun/static/menuarrow.gif HTTP/1.1" 404 1015
192.168.10.89 - - [01/Jun/2017:13:33:00 -0300] "GET /cormun/servlet/trconsultaempleado? HTTP/1.1" 200 10229
192.168.10.89 - - [01/Jun/2017:13:33:00 -0300] "GET /cormun/static/gxcfg.js?20175251255119 HTTP/1.1" 304 -
192.168.10.89 - - [01/Jun/2017:13:33:00 -0300] "GET /cormun/static/trconsultaempleado.js?20175251255418 HTTP/1.1" 304 -
186.79.54.169 - - [01/Jun/2017:13:33:10 -0300] "GET /cormun/servlet/permisogoce?381789d3445a9625a4efce6d13b0e7a84d91b82d0db12ea27236778005983a093505e431577c809a5ab83cf9a9244318e57c9fd2ee6b29e45c7e3747e85b5168,gx-no-cache=1496334846087 HTTP/1.1" 200 47
186.79.54.169 - - [01/Jun/2017:13:33:16 -0300] "POST /cormun/servlet/permisogoce?055960fef3fb84bc7474e59b2c421529,INS,0,,,,gx-no-cache=1496334851592 HTTP/1.1" 200 93
186.79.54.169 - - [01/Jun/2017:13:33:16 -0300] "GET /cormun/servlet/hpexe_return? HTTP/1.1" 200 1013
186.79.54.169 - - [01/Jun/2017:13:33:16 -0300] "GET /cormun/servlet/trpermisosgoce HTTP/1.1" 200 16732
186.79.54.169 - - [01/Jun/2017:13:33:18 -0300] "GET /cormun/servlet/trpermisosgoce HTTP/1.1" 200 16727
186.79.240.243 - - [01/Jun/2017:13:33:21 -0300] "POST /cormun/servlet/prfichaempleado?89ee79a0d17f3db0fbcf37125774e978,,MD,,gxPopupLevel%3D0%3B,gx-no-cache=1496334861772 HTTP/1.1" 200 3391
186.79.240.243 - - [01/Jun/2017:13:33:29 -0300] "GET /cormun/servlet/permisogoce?dc8440df81766f1276d6afa8a1c990545416db8f9ef9df81e017c8b04f9eb9ecf8f6c035b35a24919fdf29033226e3c6de019da0b9c874b30ae9d6dcc2880a7b,gx-no-cache=1496334869629 HTTP/1.1" 200 78
186.79.240.243 - - [01/Jun/2017:13:33:29 -0300] "GET /cormun/static/menuarrow.gif HTTP/1.1" 404 1015
192.168.10.89 - - [01/Jun/2017:13:33:29 -0300] "POST /cormun/servlet/trconsultaempleado?4011f62c7f3745ad27c7dbd9a8129fae,,gx-no-cache=1496334811302 HTTP/1.1" 200 4449
192.168.10.89 - - [01/Jun/2017:13:33:31 -0300] "GET /cormun/servlet/trsolicitudnombre?19131588, HTTP/1.1" 200 8342
192.168.10.89 - - [01/Jun/2017:13:33:31 -0300] "GET /cormun/static/gxcfg.js?20175251254239 HTTP/1.1" 200 953
192.168.10.89 - - [01/Jun/2017:13:33:31 -0300] "GET /cormun/static/trsolicitudnombre.js?20175251254755 HTTP/1.1" 200 43705
186.79.240.243 - - [01/Jun/2017:13:33:35 -0300] "GET /cormun/servlet/permisogoce?dc8440df81766f1276d6afa8a1c9905472001726029d2ddf809bd5bc58ac44f8c82f9b7574e78280ef2bddf73f955e481cafb02f0722005c1ae1bbf1e6107f8f,gx-no-cache=1496334876270 HTTP/1.1" 200 47
186.79.54.169 - - [01/Jun/2017:13:33:38 -0300] "GET /cormun/servlet/permisogoce?INS,0,,, HTTP/1.1" 200 6897
186.79.54.169 - - [01/Jun/2017:13:33:40 -0300] "GET /cormun/servlet/permisogoce?INS,0,,, HTTP/1.1" 200 6897
186.79.240.243 - - [01/Jun/2017:13:33:40 -0300] "POST /cormun/servlet/permisogoce?89ee79a0d17f3db0fbcf37125774e978,INS,0,,,,gx-no-cache=1496334880358 HTTP/1.1" 200 93
186.79.240.243 - - [01/Jun/2017:13:33:40 -0300] "GET /cormun/servlet/hpexe_return? HTTP/1.1" 200 1004
186.79.240.243 - - [01/Jun/2017:13:33:41 -0300] "GET /cormun/servlet/hhome HTTP/1.1" 200 3798
186.79.240.243 - - [01/Jun/2017:13:33:42 -0300] "GET /cormun/servlet/hhome HTTP/1.1" 200 3796
186.79.240.243 - - [01/Jun/2017:13:33:47 -0300] "GET /cormun/servlet/hlogin HTTP/1.1" 200 1728
186.79.54.169 - - [01/Jun/2017:13:33:49 -0300] "GET /cormun/servlet/permisogoce?381789d3445a9625a4efce6d13b0e7a8fb324c14c8ec2c0724060421cb0fa27fcba2102d03432f998b87991a896d14b71dbf9fa7bfd1adf298b3737d8a2adc67,gx-no-cache=1496334885555 HTTP/1.1" 200 75
186.79.54.169 - - [01/Jun/2017:13:33:49 -0300] "GET /cormun/static/menuarrow.gif HTTP/1.1" 404 1015
186.79.54.169 - - [01/Jun/2017:13:33:59 -0300] "GET /cormun/servlet/permisogoce?381789d3445a9625a4efce6d13b0e7a8d0cee5c41416551d86ec2dfdf96409086efa1c96e53084b2f69b80ddffbd6436fdfb71329770487e83ee06a0388ef052,gx-no-cache=1496334895286 HTTP/1.1" 200 48
186.79.54.169 - - [01/Jun/2017:13:34:06 -0300] "POST /cormun/servlet/permisogoce?055960fef3fb84bc7474e59b2c421529,INS,0,,,,gx-no-cache=1496334902214 HTTP/1.1" 200 93
186.79.54.169 - - [01/Jun/2017:13:34:07 -0300] "GET /cormun/servlet/hpexe_return? HTTP/1.1" 200 1013
186.79.54.169 - - [01/Jun/2017:13:34:07 -0300] "GET /cormun/servlet/trpermisosgoce HTTP/1.1" 200 16913
186.79.54.169 - - [01/Jun/2017:13:34:09 -0300] "GET /cormun/servlet/trpermisosgoce HTTP/1.1" 200 16902
186.79.54.169 - - [01/Jun/2017:13:34:14 -0300] "GET /cormun/servlet/permisogoce?INS,0,,, HTTP/1.1" 200 6897
186.79.240.243 - - [01/Jun/2017:13:34:15 -0300] "GET /cormun/servlet/hlogin HTTP/1.1" 200 1716
186.79.54.169 - - [01/Jun/2017:13:34:15 -0300] "GET /cormun/servlet/permisogoce?INS,0,,, HTTP/1.1" 200 6897
192.168.10.89 - - [01/Jun/2017:13:34:18 -0300] "POST /cormun/servlet/trsolicitudnombre?4011f62c7f3745ad27c7dbd9a8129fae,19131588,,gx-no-cache=1496334859965 HTTP/1.1" 200 90
192.168.10.89 - - [01/Jun/2017:13:34:18 -0300] "GET /cormun/servlet/hpexe_link HTTP/1.1" 200 978
192.168.10.89 - - [01/Jun/2017:13:34:18 -0300] "GET /cormun/servlet/trconsultaempleado? HTTP/1.1" 200 7009
192.168.10.89 - - [01/Jun/2017:13:34:21 -0300] "POST /cormun/servlet/trconsultaempleado?4011f62c7f3745ad27c7dbd9a8129fae,,gx-no-cache=1496334863503 HTTP/1.1" 200 90
192.168.10.89 - - [01/Jun/2017:13:34:21 -0300] "GET /cormun/servlet/hpexe_link HTTP/1.1" 200 967
192.168.10.89 - - [01/Jun/2017:13:34:22 -0300] "GET /cormun/servlet/trsolicitudgral HTTP/1.1" 200 25316
186.79.54.169 - - [01/Jun/2017:13:34:24 -0300] "GET /cormun/servlet/permisogoce?381789d3445a9625a4efce6d13b0e7a861668cdb4633f4b5ecc05722314d7b4dcba2102d03432f998b87991a896d14b71dbf9fa7bfd1adf298b3737d8a2adc67,gx-no-cache=1496334919746 HTTP/1.1" 200 81
186.79.54.169 - - [01/Jun/2017:13:34:24 -0300] "GET /cormun/static/menuarrow.gif HTTP/1.1" 404 1015
186.79.240.243 - - [01/Jun/2017:13:34:29 -0300] "POST /cormun/servlet/hlogin?89ee79a0d17f3db0fbcf37125774e978,gx-no-cache=1496334929756 HTTP/1.1" 200 90
186.79.240.243 - - [01/Jun/2017:13:34:29 -0300] "GET /cormun/servlet/hpexe_link HTTP/1.1" 200 945
186.79.240.243 - - [01/Jun/2017:13:34:29 -0300] "GET /cormun/servlet/hhome HTTP/1.1" 200 3796
186.79.240.243 - - [01/Jun/2017:13:34:31 -0300] "GET /cormun/servlet/hhome HTTP/1.1" 200 3796
186.79.54.169 - - [01/Jun/2017:13:34:33 -0300] "GET /cormun/servlet/permisogoce?381789d3445a9625a4efce6d13b0e7a855f0a4c9d6ae68ad5b5ebd588e68bce3d9ab208d1debc2b7df2ca217278e0683fdfb71329770487e83ee06a0388ef052,gx-no-cache=1496334929309 HTTP/1.1" 200 47
186.79.54.169 - - [01/Jun/2017:13:34:38 -0300] "POST /cormun/servlet/permisogoce?055960fef3fb84bc7474e59b2c421529,INS,0,,,,gx-no-cache=1496334933305 HTTP/1.1" 200 93
186.79.54.169 - - [01/Jun/2017:13:34:38 -0300] "GET /cormun/servlet/hpexe_return? HTTP/1.1" 200 1013
186.79.54.169 - - [01/Jun/2017:13:34:38 -0300] "GET /cormun/servlet/trpermisosgoce HTTP/1.1" 200 17117
186.79.54.169 - - [01/Jun/2017:13:34:40 -0300] "GET /cormun/servlet/trpermisosgoce HTTP/1.1" 200 17134
186.79.54.169 - - [01/Jun/2017:13:34:43 -0300] "GET /cormun/servlet/permisogoce?INS,0,,, HTTP/1.1" 200 6898
186.79.54.169 - - [01/Jun/2017:13:34:44 -0300] "GET /cormun/servlet/permisogoce?INS,0,,, HTTP/1.1" 200 6898
186.79.54.169 - - [01/Jun/2017:13:34:52 -0300] "GET /cormun/servlet/permisogoce?381789d3445a9625a4efce6d13b0e7a8d85679d98255bab5b9a4881407e50c27cba2102d03432f998b87991a896d14b71dbf9fa7bfd1adf298b3737d8a2adc67,gx-no-cache=1496334948625 HTTP/1.1" 200 79
186.79.54.169 - - [01/Jun/2017:13:34:52 -0300] "GET /cormun/static/menuarrow.gif HTTP/1.1" 404 1015
186.79.54.169 - - [01/Jun/2017:13:35:05 -0300] "GET /cormun/servlet/permisogoce?381789d3445a9625a4efce6d13b0e7a8aaf99ea0dd57f1513b0be571bc8154024d4634b19d770a92f201f18c7f3a39f5fdfb71329770487e83ee06a0388ef052,gx-no-cache=1496334961525 HTTP/1.1" 200 47
186.79.54.169 - - [01/Jun/2017:13:35:11 -0300] "POST /cormun/servlet/permisogoce?055960fef3fb84bc7474e59b2c421529,INS,0,,,,gx-no-cache=1496334966385 HTTP/1.1" 200 93
186.79.54.169 - - [01/Jun/2017:13:35:11 -0300] "GET /cormun/servlet/hpexe_return? HTTP/1.1" 200 1013
186.79.54.169 - - [01/Jun/2017:13:35:11 -0300] "GET /cormun/servlet/trpermisosgoce HTTP/1.1" 200 17293
186.79.54.169 - - [01/Jun/2017:13:35:13 -0300] "GET /cormun/servlet/trpermisosgoce HTTP/1.1" 200 17309
186.79.54.169 - - [01/Jun/2017:13:35:18 -0300] "GET /cormun/servlet/permisogoce?INS,0,,, HTTP/1.1" 200 6897
200.86.95.220 - - [01/Jun/2017:13:35:20 -0300] "GET /cormun/servlet/hlogin HTTP/1.1" 200 1724
186.79.54.169 - - [01/Jun/2017:13:35:20 -0300] "GET /cormun/servlet/permisogoce?INS,0,,, HTTP/1.1" 200 6897
200.86.95.220 - - [01/Jun/2017:13:35:28 -0300] "POST /cormun/servlet/hlogin?30ae4eb7cf8c0cd9c80f4c165dd2daa4,gx-no-cache=1496334985353 HTTP/1.1" 200 90
200.86.95.220 - - [01/Jun/2017:13:35:29 -0300] "GET /cormun/servlet/hpexe_link HTTP/1.1" 200 955
200.86.95.220 - - [01/Jun/2017:13:35:29 -0300] "GET /cormun/servlet/hhome HTTP/1.1" 200 3785
200.86.95.220 - - [01/Jun/2017:13:35:30 -0300] "GET /cormun/servlet/hhome HTTP/1.1" 200 3784
186.79.54.169 - - [01/Jun/2017:13:35:36 -0300] "GET /cormun/servlet/permisogoce?381789d3445a9625a4efce6d13b0e7a87dca253a6c0c21621acc83835aa8862dcba2102d03432f998b87991a896d14b71dbf9fa7bfd1adf298b3737d8a2adc67,gx-no-cache=1496334991737 HTTP/1.1" 200 82
186.79.54.169 - - [01/Jun/2017:13:35:36 -0300] "GET /cormun/static/menuarrow.gif HTTP/1.1" 404 1015
200.86.95.220 - - [01/Jun/2017:13:35:39 -0300] "GET /cormun/servlet/trsolicitudot? HTTP/1.1" 200 13861
200.86.95.220 - - [01/Jun/2017:13:35:40 -0300] "GET /cormun/static/gxcfg.js?20175251233261 HTTP/1.1" 200 953
200.86.95.220 - - [01/Jun/2017:13:35:40 -0300] "GET /cormun/static/trsolicitudot.js?20175251234175 HTTP/1.1" 200 54041
200.86.95.220 - - [01/Jun/2017:13:35:41 -0300] "GET /cormun/servlet/trsolicitudot? HTTP/1.1" 200 13859
186.79.54.169 - - [01/Jun/2017:13:35:44 -0300] "GET /cormun/servlet/permisogoce?381789d3445a9625a4efce6d13b0e7a80d1f83a44ef369b8a23b86af2e8511b6814f236800c17ff18d08086ad6b87352e57c9fd2ee6b29e45c7e3747e85b5168,gx-no-cache=1496335000172 HTTP/1.1" 200 47
186.79.54.169 - - [01/Jun/2017:13:35:49 -0300] "POST /cormun/servlet/permisogoce?055960fef3fb84bc7474e59b2c421529,INS,0,,,,gx-no-cache=1496335004636 HTTP/1.1" 200 93
186.79.54.169 - - [01/Jun/2017:13:35:49 -0300] "GET /cormun/servlet/hpexe_return? HTTP/1.1" 200 1013
186.79.54.169 - - [01/Jun/2017:13:35:51 -0300] "GET /cormun/servlet/trpermisosgoce HTTP/1.1" 200 17531
186.79.54.169 - - [01/Jun/2017:13:35:53 -0300] "GET /cormun/servlet/trpermisosgoce HTTP/1.1" 200 17504
200.86.95.220 - - [01/Jun/2017:13:35:59 -0300] "GET /cormun/servlet/solicitudot?INS,0,0, HTTP/1.1" 200 12639
200.86.95.220 - - [01/Jun/2017:13:35:59 -0300] "GET /cormun/static/gxcfg.js?201752522134570 HTTP/1.1" 200 953
200.86.95.220 - - [01/Jun/2017:13:35:59 -0300] "GET /cormun/static/solicitudot.js?201752522134767 HTTP/1.1" 200 64045
200.86.95.220 - - [01/Jun/2017:13:36:00 -0300] "GET /cormun/servlet/solicitudot?INS,0,0, HTTP/1.1" 200 12644
186.79.54.169 - - [01/Jun/2017:13:36:16 -0300] "GET /cormun/servlet/trpermisosadjuntos?17107585,20170601133445,P, HTTP/1.1" 200 6366
186.79.54.169 - - [01/Jun/2017:13:36:17 -0300] "GET /cormun/static/gxcfg.js?20175251271483 HTTP/1.1" 200 953
186.79.54.169 - - [01/Jun/2017:13:36:17 -0300] "GET /cormun/static/trpermisosadjuntos.js?20175251271844 HTTP/1.1" 200 20076
186.79.54.169 - - [01/Jun/2017:13:36:18 -0300] "GET /cormun/servlet/trpermisosadjuntos?17107585,20170601133445,P, HTTP/1.1" 200 6366
186.79.54.169 - - [01/Jun/2017:13:36:20 -0300] "GET /cormun/servlet/permisosadjuntos?INS,17107585,P,20170601133445,, HTTP/1.1" 200 5694
186.79.54.169 - - [01/Jun/2017:13:36:20 -0300] "GET /cormun/static/gxcfg.js?201741111155774 HTTP/1.1" 200 953
186.79.54.169 - - [01/Jun/2017:13:36:20 -0300] "GET /cormun/static/permisosadjuntos.js?201741111155784 HTTP/1.1" 200 8724
186.79.54.169 - - [01/Jun/2017:13:36:20 -0300] "GET /cormun/static/about:blank HTTP/1.1" 404 1011
186.79.54.169 - - [01/Jun/2017:13:36:21 -0300] "GET /cormun/servlet/permisosadjuntos?INS,17107585,P,20170601133445,, HTTP/1.1" 200 5684
186.79.54.169 - - [01/Jun/2017:13:36:45 -0300] "POST /cormun/servlet/permisosadjuntos?055960fef3fb84bc7474e59b2c421529,INS,17107585,P,20170601133445,, HTTP/1.1" 200 116
186.79.54.169 - - [01/Jun/2017:13:36:45 -0300] "GET /cormun/servlet/hpexe_return? HTTP/1.1" 200 1039
186.79.54.169 - - [01/Jun/2017:13:36:46 -0300] "GET /cormun/servlet/trpermisosadjuntos?17107585,20170601133445,P, HTTP/1.1" 200 6822
186.79.54.169 - - [01/Jun/2017:13:36:47 -0300] "GET /cormun/servlet/trpermisosadjuntos?17107585,20170601133445,P, HTTP/1.1" 200 6820
186.79.54.169 - - [01/Jun/2017:13:36:50 -0300] "POST /cormun/servlet/trpermisosadjuntos?055960fef3fb84bc7474e59b2c421529,17107585,20170601133445,P,,gx-no-cache=1496335065845 HTTP/1.1" 200 90
186.79.54.169 - - [01/Jun/2017:13:36:50 -0300] "GET /cormun/servlet/hpexe_link HTTP/1.1" 200 985
186.79.54.169 - - [01/Jun/2017:13:36:51 -0300] "GET /cormun/servlet/trpermisosgoce HTTP/1.1" 200 17528
186.79.54.169 - - [01/Jun/2017:13:36:52 -0300] "GET /cormun/servlet/trpermisosgoce HTTP/1.1" 200 17502
186.79.54.169 - - [01/Jun/2017:13:36:59 -0300] "POST /cormun/servlet/trpermisosgoce?055960fef3fb84bc7474e59b2c421529,gx-no-cache=1496335073822 HTTP/1.1" 200 14716
186.79.54.169 - - [01/Jun/2017:13:37:00 -0300] "GET /cormun/static/Shared/jqueryui/images/ui-bg_highlight-soft_100_c6c2c8_1x100.png HTTP/1.1" 404 1117
186.79.54.169 - - [01/Jun/2017:13:37:00 -0300] "GET /cormun/static/Shared/jqueryui/images/ui-icons_82798d_256x240.png HTTP/1.1" 404 1089
186.79.54.169 - - [01/Jun/2017:13:37:00 -0300] "GET /cormun/static/Shared/jqueryui/images/ui-bg_flat_55_fafafa_40x100.png HTTP/1.1" 404 1097
186.79.54.169 - - [01/Jun/2017:13:37:00 -0300] "GET /cormun/static/Shared/jqueryui/images/ui-icons_8d78a5_256x240.png HTTP/1.1" 404 1089
186.79.54.169 - - [01/Jun/2017:13:37:05 -0300] "GET /cormun/servlet/trpermisosadjuntos?13344089,20170601133520,P, HTTP/1.1" 200 6373
186.79.54.169 - - [01/Jun/2017:13:37:06 -0300] "GET /cormun/servlet/trpermisosadjuntos?13344089,20170601133520,P, HTTP/1.1" 200 6373
186.103.248.213 - - [01/Jun/2017:13:37:06 -0300] "GET /cormun/servlet/hlogin HTTP/1.1" 200 1725
186.103.248.213 - - [01/Jun/2017:13:37:06 -0300] "GET /cormun/static/gxcfg.js?20175251213516 HTTP/1.1" 304 -
186.103.248.213 - - [01/Jun/2017:13:37:07 -0300] "POST /cormun/servlet/hlogin?c78c8005a49f31d4eabbcc14dd4e512b,gx-no-cache=1496335084243 HTTP/1.1" 200 90
186.103.248.213 - - [01/Jun/2017:13:37:07 -0300] "GET /cormun/servlet/hpexe_link HTTP/1.1" 200 953
186.103.248.213 - - [01/Jun/2017:13:37:07 -0300] "GET /cormun/static/gxcfg.js?20175251212395 HTTP/1.1" 304 -
186.103.248.213 - - [01/Jun/2017:13:37:08 -0300] "GET /cormun/servlet/hhome HTTP/1.1" 200 3786
186.103.248.213 - - [01/Jun/2017:13:37:08 -0300] "GET /cormun/static/gxcfg.js?20175251212442 HTTP/1.1" 304 -
186.79.54.169 - - [01/Jun/2017:13:37:08 -0300] "GET /cormun/servlet/permisosadjuntos?INS,13344089,P,20170601133520,, HTTP/1.1" 200 5699
186.103.248.213 - - [01/Jun/2017:13:37:08 -0300] "GET /cormun/servlet/hhome HTTP/1.1" 200 3782
186.79.54.169 - - [01/Jun/2017:13:37:09 -0300] "GET /cormun/static/about:blank HTTP/1.1" 404 1011
186.79.54.169 - - [01/Jun/2017:13:37:09 -0300] "GET /cormun/servlet/permisosadjuntos?INS,13344089,P,20170601133520,, HTTP/1.1" 200 5690
186.103.248.213 - - [01/Jun/2017:13:37:13 -0300] "GET /cormun/servlet/trsolicitudot? HTTP/1.1" 200 10776
200.86.95.220 - - [01/Jun/2017:13:37:13 -0300] "POST /cormun/servlet/solicitudot?gx-no-cache=1496335090138 HTTP/1.1" 200 3209
200.86.95.220 - - [01/Jun/2017:13:37:14 -0300] "POST /cormun/servlet/solicitudot?30ae4eb7cf8c0cd9c80f4c165dd2daa4,INS,0,0,,gx-no-cache=1496335090480 HTTP/1.1" 200 9807
186.103.248.213 - - [01/Jun/2017:13:37:14 -0300] "GET /cormun/servlet/trsolicitudot? HTTP/1.1" 200 10774
200.86.95.220 - - [01/Jun/2017:13:37:17 -0300] "GET /cormun/servlet/solicitudot?ca66d304c81417f0de540762b473483451482249c35e728575f3a31b303e38d00a6de6a2104b36d0ca1ad21d0f87d452,gx-no-cache=1496335093593 HTTP/1.1" 200 30
200.86.95.220 - - [01/Jun/2017:13:37:17 -0300] "POST /cormun/servlet/solicitudot?gx-no-cache=1496335093762 HTTP/1.1" 200 240
200.86.95.220 - - [01/Jun/2017:13:37:17 -0300] "GET /cormun/servlet/solicitudot?ca66d304c81417f0de540762b4734834fa17e62095afc6520a460e253a4504284750d5dd2d1f78e296e62565b4c9707ad45778a84040ea1898fe267ee6ce3001e9f1d8f29fbe0d76d1b5c3c283d82394e906bb4fd59ff189c1b4c7dc4420f1e6a89f04b5ef7775cd97fe5e72f5b026730850ee6c958fa2df8dc1ffa82c4d5d9181745eddd1aa7a4514a7c80bcbca28ead8cf1eee068d31572ef098886e0c642b4a303a5ada087616ace2eccc5a8ce4aaeb6fd1d754b917451e1162ca2056e82fbaf8b11c5614ec3bfee586ac16ccb58ff531ecfcac68edcf0907336e5505d41a2c5f5f85a49099f9bef0fedb0bcc0696bfb99f99c5e04ec6988de670fa4871375f437d2cef39b7d4f497cdc7f2778577f63ed2614c8e5bd233871c54a29c3bad8942e5b44d5cd1f782131ed5e95972c3c802041e3033674c7cb68b3aabfebffcd1d79592f3323b1a6f7e5b10a9f476f8063a0040b4553bdc9cffe129366f9d4e5b6b45567d6e6cbf266d5e5b0c4a370e5e10fb049a26a77063dde9f74ad80bf7,gx-no-cache=1496335093847 HTTP/1.1" 200 30
200.86.95.220 - - [01/Jun/2017:13:37:19 -0300] "POST /cormun/servlet/solicitudot?gx-no-cache=1496335096469 HTTP/1.1" 200 30
200.86.95.220 - - [01/Jun/2017:13:37:22 -0300] "GET /cormun/servlet/prcontratosol?19131588,,,,,MD,,gxPopupLevel%3D0%3B HTTP/1.1" 200 5937
200.86.95.220 - - [01/Jun/2017:13:37:22 -0300] "GET /cormun/static/hmpwkw011.js?20175251212473 HTTP/1.1" 200 1968
200.86.95.220 - - [01/Jun/2017:13:37:26 -0300] "POST /cormun/servlet/solicitudot?gx-no-cache=1496335102633 HTTP/1.1" 200 1381
200.86.95.220 - - [01/Jun/2017:13:37:26 -0300] "GET /cormun/static/Shared/jqueryui/images/ui-bg_highlight-soft_100_c6c2c8_1x100.png HTTP/1.1" 404 1117
200.86.95.220 - - [01/Jun/2017:13:37:26 -0300] "GET /cormun/static/Shared/jqueryui/images/ui-bg_flat_55_994d53_40x100.png HTTP/1.1" 404 1097
200.86.95.220 - - [01/Jun/2017:13:37:26 -0300] "GET /cormun/static/Shared/jqueryui/images/ui-icons_82798d_256x240.png HTTP/1.1" 404 1089
200.86.95.220 - - [01/Jun/2017:13:37:26 -0300] "GET /cormun/static/Shared/jqueryui/images/ui-icons_ebccce_256x240.png HTTP/1.1" 404 1089
200.86.95.220 - - [01/Jun/2017:13:37:26 -0300] "POST /cormun/servlet/solicitudot?gx-no-cache=1496335102836 HTTP/1.1" 200 117
200.86.95.220 - - [01/Jun/2017:13:37:26 -0300] "GET /cormun/servlet/solicitudot?ca66d304c81417f0de540762b4734834fdd0b26f76085a8e1746c1caa6f7ea7231794a8b74b28dafb8cc5f8448d95135149c5d680ef61d9fc3e595f3ae217c523df195fd99960232c1e2ccbaa08b5a3b48c1a925ad2774b79ef1ecf00fb242dfbe1609247ce9b84a4d699062894ddf4d,gx-no-cache=1496335102897 HTTP/1.1" 200 29
200.86.95.220 - - [01/Jun/2017:13:37:26 -0300] "GET /cormun/servlet/solicitudot?ca66d304c81417f0de540762b4734834629e5368268d16a9fd402042a9123e827432e57b185fcf2ef7c34ed34a0f3843d3ef191d09fdea292a1f677a7a0383ccfeade4a827dc6397ed100d9fb135f01088c672b5a292eac8ac85ab530647c4025fbb1b79cacb42c1253b24757bf0e1bf7472eb725cd82fd48f62ecad426cabd32680f99ae2376e5dd15b4636324c7f23a33687664dd43ace35147b9c9c044727dc0d20ecaae64c2829d9828e1628eb7936a32183a8c8356c3c91670aae5e9d9e,gx-no-cache=1496335102981 HTTP/1.1" 200 62
186.79.54.169 - - [01/Jun/2017:13:37:29 -0300] "POST /cormun/servlet/permisosadjuntos?055960fef3fb84bc7474e59b2c421529,INS,13344089,P,20170601133520,, HTTP/1.1" 200 116
186.79.54.169 - - [01/Jun/2017:13:37:29 -0300] "GET /cormun/servlet/hpexe_return? HTTP/1.1" 200 1040
186.79.54.169 - - [01/Jun/2017:13:37:30 -0300] "GET /cormun/servlet/trpermisosadjuntos?13344089,20170601133520,P, HTTP/1.1" 200 6851
200.86.95.220 - - [01/Jun/2017:13:37:31 -0300] "GET /cormun/servlet/prfichaempleado?,MD,,gxPopupLevel%3D0%3B HTTP/1.1" 200 8796
186.79.54.169 - - [01/Jun/2017:13:37:31 -0300] "GET /cormun/servlet/trpermisosadjuntos?13344089,20170601133520,P, HTTP/1.1" 200 6849
186.79.240.243 - - [01/Jun/2017:13:37:34 -0300] "GET /cormun/servlet/trpermisosgoce? HTTP/1.1" 200 12533
186.79.240.243 - - [01/Jun/2017:13:37:35 -0300] "GET /cormun/servlet/trpermisosgoce? HTTP/1.1" 200 12519
186.79.54.169 - - [01/Jun/2017:13:37:36 -0300] "POST /cormun/servlet/trpermisosadjuntos?055960fef3fb84bc7474e59b2c421529,13344089,20170601133520,P,,gx-no-cache=1496335111681 HTTP/1.1" 200 90
186.79.54.169 - - [01/Jun/2017:13:37:36 -0300] "GET /cormun/servlet/hpexe_link HTTP/1.1" 200 1005
186.79.54.169 - - [01/Jun/2017:13:37:36 -0300] "GET /cormun/servlet/trpermisosgoce?gx-no-cache=1496335073822 HTTP/1.1" 200 17516
186.79.54.169 - - [01/Jun/2017:13:37:38 -0300] "GET /cormun/servlet/trpermisosgoce?gx-no-cache=1496335073822 HTTP/1.1" 200 17518
200.86.95.220 - - [01/Jun/2017:13:37:44 -0300] "POST /cormun/servlet/prfichaempleado?30ae4eb7cf8c0cd9c80f4c165dd2daa4,,MD,,gxPopupLevel%3D0%3B,gx-no-cache=1496335120433 HTTP/1.1" 200 3404
186.79.54.169 - - [01/Jun/2017:13:37:44 -0300] "POST /cormun/servlet/trpermisosgoce?055960fef3fb84bc7474e59b2c421529,gx-no-cache=1496335073822,gx-no-cache=1496335118384 HTTP/1.1" 200 14715
186.79.54.169 - - [01/Jun/2017:13:37:44 -0300] "GET /cormun/static/Shared/jqueryui/images/ui-bg_highlight-soft_100_c6c2c8_1x100.png HTTP/1.1" 404 1117
186.79.54.169 - - [01/Jun/2017:13:37:44 -0300] "GET /cormun/static/Shared/jqueryui/images/ui-icons_82798d_256x240.png HTTP/1.1" 404 1089
186.79.54.169 - - [01/Jun/2017:13:37:45 -0300] "GET /cormun/static/Shared/jqueryui/images/ui-bg_flat_55_fafafa_40x100.png HTTP/1.1" 404 1097
186.79.54.169 - - [01/Jun/2017:13:37:45 -0300] "GET /cormun/static/Shared/jqueryui/images/ui-icons_8d78a5_256x240.png HTTP/1.1" 404 1089
200.86.95.220 - - [01/Jun/2017:13:37:50 -0300] "GET /cormun/servlet/prlicenciaspermisos?17136583,L,,MD,,gxPopupLevel%3D0%3B HTTP/1.1" 200 5521
200.86.95.220 - - [01/Jun/2017:13:37:50 -0300] "GET /cormun/static/gxcfg.js?20175251244362 HTTP/1.1" 200 953
200.86.95.220 - - [01/Jun/2017:13:37:50 -0300] "GET /cormun/static/prlicenciaspermisos.js?20175251244590 HTTP/1.1" 200 13379
186.79.54.169 - - [01/Jun/2017:13:37:51 -0300] "GET /cormun/servlet/trpermisosadjuntos?15108514,20170601133340,P, HTTP/1.1" 200 6386
186.79.240.243 - - [01/Jun/2017:13:37:52 -0300] "GET /cormun/servlet/apermisogoceprn?17134198,P,20170601133251,PU HTTP/1.1" 200 1655
186.79.54.169 - - [01/Jun/2017:13:37:52 -0300] "GET /cormun/servlet/trpermisosadjuntos?15108514,20170601133340,P, HTTP/1.1" 200 6366
186.79.54.169 - - [01/Jun/2017:13:37:55 -0300] "GET /cormun/servlet/permisosadjuntos?INS,15108514,P,20170601133340,, HTTP/1.1" 200 5693
186.79.54.169 - - [01/Jun/2017:13:37:55 -0300] "GET /cormun/static/about:blank HTTP/1.1" 404 1011
186.79.54.169 - - [01/Jun/2017:13:37:56 -0300] "GET /cormun/servlet/permisosadjuntos?INS,15108514,P,20170601133340,, HTTP/1.1" 200 5683
200.86.95.220 - - [01/Jun/2017:13:37:59 -0300] "POST /cormun/servlet/solicitudot?gx-no-cache=1496335135458 HTTP/1.1" 200 1300
186.79.54.169 - - [01/Jun/2017:13:38:14 -0300] "POST /cormun/servlet/permisosadjuntos?055960fef3fb84bc7474e59b2c421529,INS,15108514,P,20170601133340,, HTTP/1.1" 200 116
186.79.54.169 - - [01/Jun/2017:13:38:14 -0300] "GET /cormun/servlet/hpexe_return? HTTP/1.1" 200 1039
186.79.54.169 - - [01/Jun/2017:13:38:15 -0300] "GET /cormun/servlet/trpermisosadjuntos?15108514,20170601133340,P, HTTP/1.1" 200 6822
186.79.54.169 - - [01/Jun/2017:13:38:16 -0300] "GET /cormun/servlet/trpermisosadjuntos?15108514,20170601133340,P, HTTP/1.1" 200 6835
200.86.95.220 - - [01/Jun/2017:13:38:16 -0300] "POST /cormun/servlet/solicitudot?gx-no-cache=1496335153451 HTTP/1.1" 200 41
186.79.54.169 - - [01/Jun/2017:13:38:18 -0300] "POST /cormun/servlet/trpermisosadjuntos?055960fef3fb84bc7474e59b2c421529,15108514,20170601133340,P,,gx-no-cache=1496335154344 HTTP/1.1" 200 90
186.79.54.169 - - [01/Jun/2017:13:38:18 -0300] "GET /cormun/servlet/hpexe_link HTTP/1.1" 200 1005
186.79.54.169 - - [01/Jun/2017:13:38:19 -0300] "GET /cormun/servlet/trpermisosgoce?gx-no-cache=1496335073822 HTTP/1.1" 200 17516
186.79.54.169 - - [01/Jun/2017:13:38:20 -0300] "GET /cormun/servlet/trpermisosgoce?gx-no-cache=1496335073822 HTTP/1.1" 200 17524
200.86.95.220 - - [01/Jun/2017:13:38:26 -0300] "POST /cormun/servlet/solicitudot?gx-no-cache=1496335162566 HTTP/1.1" 200 1280
200.86.95.220 - - [01/Jun/2017:13:38:26 -0300] "GET /cormun/static/menuarrow.gif HTTP/1.1" 404 1015
200.86.95.220 - - [01/Jun/2017:13:38:28 -0300] "POST /cormun/servlet/solicitudot?gx-no-cache=1496335165448 HTTP/1.1" 200 1280
186.79.54.169 - - [01/Jun/2017:13:38:29 -0300] "POST /cormun/servlet/trpermisosgoce?055960fef3fb84bc7474e59b2c421529,gx-no-cache=1496335073822,gx-no-cache=1496335163678 HTTP/1.1" 200 14680
186.79.54.169 - - [01/Jun/2017:13:38:29 -0300] "GET /cormun/static/Shared/jqueryui/images/ui-bg_highlight-soft_100_c6c2c8_1x100.png HTTP/1.1" 404 1117
186.79.54.169 - - [01/Jun/2017:13:38:29 -0300] "GET /cormun/static/Shared/jqueryui/images/ui-icons_82798d_256x240.png HTTP/1.1" 404 1089
186.79.54.169 - - [01/Jun/2017:13:38:30 -0300] "GET /cormun/static/Shared/jqueryui/images/ui-bg_flat_55_fafafa_40x100.png HTTP/1.1" 404 1097
186.79.54.169 - - [01/Jun/2017:13:38:30 -0300] "GET /cormun/static/Shared/jqueryui/images/ui-icons_8d78a5_256x240.png HTTP/1.1" 404 1089
186.79.54.169 - - [01/Jun/2017:13:38:38 -0300] "GET /cormun/servlet/trpermisosadjuntos?17138656,20170601133416,P, HTTP/1.1" 200 6391
186.79.54.169 - - [01/Jun/2017:13:38:39 -0300] "GET /cormun/servlet/trpermisosadjuntos?17138656,20170601133416,P, HTTP/1.1" 200 6371
200.86.95.220 - - [01/Jun/2017:13:39:16 -0300] "POST /cormun/servlet/solicitudot?gx-no-cache=1496335213129 HTTP/1.1" 200 146
200.86.95.220 - - [01/Jun/2017:13:39:54 -0300] "POST /cormun/servlet/solicitudot?30ae4eb7cf8c0cd9c80f4c165dd2daa4,INS,0,0,,gx-no-cache=1496335250307 HTTP/1.1" 200 93
200.86.95.220 - - [01/Jun/2017:13:39:54 -0300] "GET /cormun/servlet/hpexe_return? HTTP/1.1" 200 1012
200.86.95.220 - - [01/Jun/2017:13:39:54 -0300] "GET /cormun/servlet/trsolicitudot HTTP/1.1" 200 14363
200.86.95.220 - - [01/Jun/2017:13:39:56 -0300] "GET /cormun/servlet/trsolicitudot HTTP/1.1" 200 14358
186.79.54.169 - - [01/Jun/2017:13:39:57 -0300] "POST /cormun/servlet/trpermisosadjuntos?055960fef3fb84bc7474e59b2c421529,17138656,20170601133416,P,,gx-no-cache=1496335252287 HTTP/1.1" 200 90
186.79.54.169 - - [01/Jun/2017:13:39:57 -0300] "GET /cormun/servlet/hpexe_link HTTP/1.1" 200 1006
186.79.54.169 - - [01/Jun/2017:13:39:57 -0300] "GET /cormun/servlet/trpermisosgoce?gx-no-cache=1496335073822 HTTP/1.1" 200 17496
186.79.54.169 - - [01/Jun/2017:13:39:59 -0300] "GET /cormun/servlet/trpermisosgoce?gx-no-cache=1496335073822 HTTP/1.1" 200 17560
186.79.54.169 - - [01/Jun/2017:13:40:06 -0300] "GET /cormun/servlet/trpermisosadjuntos?17138656,20170601133416,P, HTTP/1.1" 200 6391
186.79.54.169 - - [01/Jun/2017:13:40:07 -0300] "GET /cormun/servlet/trpermisosadjuntos?17138656,20170601133416,P, HTTP/1.1" 200 6371
186.79.54.169 - - [01/Jun/2017:13:40:11 -0300] "GET /cormun/servlet/permisosadjuntos?INS,17138656,P,20170601133416,, HTTP/1.1" 200 5700
186.79.54.169 - - [01/Jun/2017:13:40:11 -0300] "GET /cormun/static/about:blank HTTP/1.1" 404 1011
186.79.54.169 - - [01/Jun/2017:13:40:12 -0300] "GET /cormun/servlet/permisosadjuntos?INS,17138656,P,20170601133416,, HTTP/1.1" 200 5690
200.86.95.220 - - [01/Jun/2017:13:40:19 -0300] "POST /cormun/servlet/trsolicitudot?30ae4eb7cf8c0cd9c80f4c165dd2daa4,gx-no-cache=1496335275931 HTTP/1.1" 200 11631
200.86.95.220 - - [01/Jun/2017:13:40:20 -0300] "GET /cormun/static/Shared/jqueryui/images/ui-bg_highlight-soft_100_c6c2c8_1x100.png HTTP/1.1" 404 1117
200.86.95.220 - - [01/Jun/2017:13:40:20 -0300] "GET /cormun/static/Shared/jqueryui/images/ui-icons_82798d_256x240.png HTTP/1.1" 404 1089
200.86.95.220 - - [01/Jun/2017:13:40:20 -0300] "GET /cormun/static/Shared/jqueryui/images/ui-bg_flat_55_fafafa_40x100.png HTTP/1.1" 404 1097
200.86.95.220 - - [01/Jun/2017:13:40:20 -0300] "GET /cormun/static/Shared/jqueryui/images/ui-icons_8d78a5_256x240.png HTTP/1.1" 404 1089
200.86.95.220 - - [01/Jun/2017:13:40:20 -0300] "POST /cormun/servlet/trsolicitudot?30ae4eb7cf8c0cd9c80f4c165dd2daa4,gx-no-cache=1496335277084 HTTP/1.1" 200 11572
200.86.95.220 - - [01/Jun/2017:13:40:27 -0300] "GET /cormun/servlet/hlogin HTTP/1.1" 200 1724
200.86.95.220 - - [01/Jun/2017:13:40:35 -0300] "POST /cormun/servlet/hlogin?30ae4eb7cf8c0cd9c80f4c165dd2daa4,gx-no-cache=1496335292386 HTTP/1.1" 200 90
200.86.95.220 - - [01/Jun/2017:13:40:36 -0300] "GET /cormun/servlet/hpexe_link HTTP/1.1" 200 955
200.86.95.220 - - [01/Jun/2017:13:40:36 -0300] "GET /cormun/servlet/hhome HTTP/1.1" 200 3966
200.86.95.220 - - [01/Jun/2017:13:40:37 -0300] "GET /cormun/servlet/hhome HTTP/1.1" 200 3962
186.103.159.204 - - [01/Jun/2017:13:40:37 -0300] "GET /cormun/servlet/hlogin HTTP/1.1" 200 1724
186.103.159.204 - - [01/Jun/2017:13:40:37 -0300] "GET /cormun/static/Resources/Spanish/PXTools.css?11423723 HTTP/1.1" 304 -
186.103.159.204 - - [01/Jun/2017:13:40:37 -0300] "GET /cormun/static/gxcfg.js?20175251213516 HTTP/1.1" 304 -
186.103.159.204 - - [01/Jun/2017:13:40:37 -0300] "GET /cormun/static/hlogin.js?20175251213537 HTTP/1.1" 304 -
200.86.95.220 - - [01/Jun/2017:13:40:40 -0300] "GET /cormun/servlet/trautorizarsolicitud? HTTP/1.1" 200 8211
200.86.95.220 - - [01/Jun/2017:13:40:40 -0300] "GET /cormun/static/gxcfg.js?20174261241362 HTTP/1.1" 200 953
200.86.95.220 - - [01/Jun/2017:13:40:40 -0300] "GET /cormun/static/trautorizarsolicitud.js?201742612414370 HTTP/1.1" 200 53910
200.86.95.220 - - [01/Jun/2017:13:40:41 -0300] "GET /cormun/servlet/trautorizarsolicitud? HTTP/1.1" 200 8192
186.79.54.169 - - [01/Jun/2017:13:40:41 -0300] "POST /cormun/servlet/permisosadjuntos?055960fef3fb84bc7474e59b2c421529,INS,17138656,P,20170601133416,, HTTP/1.1" 200 116
186.79.54.169 - - [01/Jun/2017:13:40:41 -0300] "GET /cormun/servlet/hpexe_return? HTTP/1.1" 200 1040
186.79.54.169 - - [01/Jun/2017:13:40:42 -0300] "GET /cormun/servlet/trpermisosadjuntos?17138656,20170601133416,P, HTTP/1.1" 200 6850
186.79.54.169 - - [01/Jun/2017:13:40:43 -0300] "GET /cormun/servlet/trpermisosadjuntos?17138656,20170601133416,P, HTTP/1.1" 200 6847
186.103.159.204 - - [01/Jun/2017:13:40:46 -0300] "POST /cormun/servlet/hlogin?fe83ef3815b21c6a80469453065a7bd4,gx-no-cache=1496335300643 HTTP/1.1" 200 431
186.79.54.169 - - [01/Jun/2017:13:40:49 -0300] "POST /cormun/servlet/trpermisosadjuntos?055960fef3fb84bc7474e59b2c421529,17138656,20170601133416,P,,gx-no-cache=1496335304873 HTTP/1.1" 200 90
186.79.54.169 - - [01/Jun/2017:13:40:49 -0300] "GET /cormun/servlet/hpexe_link HTTP/1.1" 200 1006
186.79.54.169 - - [01/Jun/2017:13:40:49 -0300] "GET /cormun/servlet/trpermisosgoce?gx-no-cache=1496335073822 HTTP/1.1" 200 17519
186.103.159.204 - - [01/Jun/2017:13:40:50 -0300] "POST /cormun/servlet/hlogin?fe83ef3815b21c6a80469453065a7bd4,gx-no-cache=1496335304174 HTTP/1.1" 200 90
186.103.159.204 - - [01/Jun/2017:13:40:50 -0300] "GET /cormun/servlet/hpexe_link HTTP/1.1" 200 955
186.103.159.204 - - [01/Jun/2017:13:40:50 -0300] "GET /cormun/static/gxcfg.js?20175251212395 HTTP/1.1" 304 -
186.103.159.204 - - [01/Jun/2017:13:40:50 -0300] "GET /cormun/servlet/hhome HTTP/1.1" 200 4010
186.103.159.204 - - [01/Jun/2017:13:40:50 -0300] "GET /cormun/static/gxcfg.js?20175251212442 HTTP/1.1" 304 -
186.103.159.204 - - [01/Jun/2017:13:40:50 -0300] "GET /cormun/static/hhome.js?20175251212450 HTTP/1.1" 304 -
186.103.159.204 - - [01/Jun/2017:13:40:50 -0300] "GET /cormun/static/hwchdr01.js?201752511465785 HTTP/1.1" 304 -
186.103.159.204 - - [01/Jun/2017:13:40:50 -0300] "GET /cormun/static/hpexe_recentlink.js?201610171694390 HTTP/1.1" 304 -
186.103.159.204 - - [01/Jun/2017:13:40:50 -0300] "GET /cormun/static/hpexe_messagecontroller.js?201610171694323 HTTP/1.1" 304 -
186.103.159.204 - - [01/Jun/2017:13:40:50 -0300] "GET /cormun/static/hpexe_messagepopupcomponent.js?20161017169425 HTTP/1.1" 304 -
186.103.159.204 - - [01/Jun/2017:13:40:50 -0300] "GET /cormun/static/hpexe_scripts.js?201752511465715 HTTP/1.1" 304 -
186.103.159.204 - - [01/Jun/2017:13:40:50 -0300] "GET /cormun/static/cmcontrolpreferences.js?201752511465670 HTTP/1.1" 304 -
186.103.159.204 - - [01/Jun/2017:13:40:50 -0300] "GET /cormun/static/hpexe_messagegenexuscomponent.js?201752511465344 HTTP/1.1" 304 -
186.103.159.204 - - [01/Jun/2017:13:40:51 -0300] "GET /cormun/static/hmpwkw03.js?2017525121347 HTTP/1.1" 304 -
186.79.54.169 - - [01/Jun/2017:13:40:51 -0300] "GET /cormun/servlet/trpermisosgoce?gx-no-cache=1496335073822 HTTP/1.1" 200 17514
186.103.159.204 - - [01/Jun/2017:13:40:51 -0300] "GET /cormun/servlet/hhome HTTP/1.1" 200 4006
200.86.95.220 - - [01/Jun/2017:13:40:56 -0300] "POST /cormun/servlet/trautorizarsolicitud?30ae4eb7cf8c0cd9c80f4c165dd2daa4,,gx-no-cache=1496335312722 HTTP/1.1" 200 4359
200.86.95.220 - - [01/Jun/2017:13:40:56 -0300] "GET /cormun/static/Shared/jqueryui/images/ui-bg_highlight-soft_100_c6c2c8_1x100.png HTTP/1.1" 404 1117
200.86.95.220 - - [01/Jun/2017:13:40:56 -0300] "GET /cormun/static/Shared/jqueryui/images/ui-icons_82798d_256x240.png HTTP/1.1" 404 1089
200.86.95.220 - - [01/Jun/2017:13:40:56 -0300] "GET /cormun/static/Shared/jqueryui/images/ui-bg_flat_55_fafafa_40x100.png HTTP/1.1" 404 1097
200.86.95.220 - - [01/Jun/2017:13:40:56 -0300] "GET /cormun/static/Shared/jqueryui/images/ui-icons_8d78a5_256x240.png HTTP/1.1" 404 1089
200.86.95.220 - - [01/Jun/2017:13:40:56 -0300] "POST /cormun/servlet/trautorizarsolicitud?30ae4eb7cf8c0cd9c80f4c165dd2daa4,,gx-no-cache=1496335313093 HTTP/1.1" 200 4109
186.79.54.169 - - [01/Jun/2017:13:40:58 -0300] "POST /cormun/servlet/trpermisosgoce?055960fef3fb84bc7474e59b2c421529,gx-no-cache=1496335073822,gx-no-cache=1496335312621 HTTP/1.1" 200 14667
186.79.54.169 - - [01/Jun/2017:13:40:58 -0300] "GET /cormun/static/Shared/jqueryui/images/ui-bg_highlight-soft_100_c6c2c8_1x100.png HTTP/1.1" 404 1117
186.79.54.169 - - [01/Jun/2017:13:40:59 -0300] "GET /cormun/static/Shared/jqueryui/images/ui-icons_82798d_256x240.png HTTP/1.1" 404 1089
186.79.54.169 - - [01/Jun/2017:13:40:59 -0300] "GET /cormun/static/Shared/jqueryui/images/ui-bg_flat_55_fafafa_40x100.png HTTP/1.1" 404 1097
186.79.54.169 - - [01/Jun/2017:13:40:59 -0300] "GET /cormun/static/Shared/jqueryui/images/ui-icons_8d78a5_256x240.png HTTP/1.1" 404 1089
186.103.159.204 - - [01/Jun/2017:13:40:59 -0300] "GET /cormun/servlet/trsolicitudot? HTTP/1.1" 200 12080
186.103.159.204 - - [01/Jun/2017:13:40:59 -0300] "GET /cormun/static/gxcfg.js?20175251233261 HTTP/1.1" 304 -
186.103.159.204 - - [01/Jun/2017:13:40:59 -0300] "GET /cormun/static/trsolicitudot.js?20175251234175 HTTP/1.1" 304 -
186.103.159.204 - - [01/Jun/2017:13:41:00 -0300] "GET /cormun/static/Resources/desc.gif HTTP/1.1" 200 65
186.103.159.204 - - [01/Jun/2017:13:41:00 -0300] "GET /cormun/static/Resources/asc.gif HTTP/1.1" 200 67
186.103.159.204 - - [01/Jun/2017:13:41:00 -0300] "GET /cormun/static/Resources/desc.gif HTTP/1.1" 200 65
186.103.159.204 - - [01/Jun/2017:13:41:00 -0300] "GET /cormun/static/Resources/asc.gif HTTP/1.1" 200 67
186.103.159.204 - - [01/Jun/2017:13:41:00 -0300] "GET /cormun/static/Resources/asc.gif HTTP/1.1" 200 67
186.103.159.204 - - [01/Jun/2017:13:41:00 -0300] "GET /cormun/static/Resources/desc.gif HTTP/1.1" 200 65
186.103.159.204 - - [01/Jun/2017:13:41:00 -0300] "GET /cormun/static/Resources/desc.gif HTTP/1.1" 200 65
186.103.159.204 - - [01/Jun/2017:13:41:00 -0300] "GET /cormun//static/Resources/PXToolsGridDelete.png HTTP/1.1" 304 -
186.103.159.204 - - [01/Jun/2017:13:41:00 -0300] "GET /cormun//static/Resources/PXToolsGridUpdate.png HTTP/1.1" 304 -
186.103.159.204 - - [01/Jun/2017:13:41:00 -0300] "GET /cormun/static/Resources/asc.gif HTTP/1.1" 200 67
186.103.159.204 - - [01/Jun/2017:13:41:00 -0300] "GET /cormun//static/Resources/PXToolsRemoveAllAction.png HTTP/1.1" 304 -
186.103.159.204 - - [01/Jun/2017:13:41:00 -0300] "GET /cormun//static/Resources/PXTools/ActionInsert.png HTTP/1.1" 304 -
186.103.159.204 - - [01/Jun/2017:13:41:00 -0300] "GET /cormun//static/Resources/PXToolsActionView.png HTTP/1.1" 304 -
186.103.159.204 - - [01/Jun/2017:13:41:00 -0300] "GET /cormun/servlet/trsolicitudot? HTTP/1.1" 200 12078
186.103.159.204 - - [01/Jun/2017:13:41:03 -0300] "GET /cormun/servlet/hpexe_link HTTP/1.1" 200 936
186.103.159.204 - - [01/Jun/2017:13:41:04 -0300] "GET /cormun/static/gxtimezone.js?85251 HTTP/1.1" 200 5781
186.103.159.204 - - [01/Jun/2017:13:41:04 -0300] "GET /cormun/static/gxcfg.js?20175251212395 HTTP/1.1" 200 953
186.103.159.204 - - [01/Jun/2017:13:41:04 -0300] "GET /cormun/static/Resources/Spanish/PXTools.css?11423723 HTTP/1.1" 200 89042
186.103.159.204 - - [01/Jun/2017:13:41:04 -0300] "GET /cormun/static/messages.spa.js?85251 HTTP/1.1" 200 30736
186.103.159.204 - - [01/Jun/2017:13:41:04 -0300] "GET /cormun/static/hpexe_link.js?20175251212399 HTTP/1.1" 200 625
186.103.159.204 - - [01/Jun/2017:13:41:04 -0300] "GET /cormun/static/gxgral.js?85251 HTTP/1.1" 200 384558
186.103.159.204 - - [01/Jun/2017:13:41:04 -0300] "GET /cormun/static/Resources/indicator.gif HTTP/1.1" 200 1553
186.103.159.204 - - [01/Jun/2017:13:41:04 -0300] "GET /cormun/servlet/hpexe_link HTTP/1.1" 200 945
186.103.159.204 - - [01/Jun/2017:13:41:21 -0300] "POST /cormun/servlet/trsolicitudot?fe83ef3815b21c6a80469453065a7bd4,,gx-no-cache=1496335334797 HTTP/1.1" 200 9102
186.79.54.169 - - [01/Jun/2017:13:41:32 -0300] "GET /cormun/servlet/trpermisosadjuntos?17088324,20170601133250,P, HTTP/1.1" 200 6396
186.79.54.169 - - [01/Jun/2017:13:41:34 -0300] "GET /cormun/servlet/trpermisosadjuntos?17088324,20170601133250,P, HTTP/1.1" 200 6376
186.79.54.169 - - [01/Jun/2017:13:41:36 -0300] "GET /cormun/servlet/permisosadjuntos?INS,17088324,P,20170601133250,, HTTP/1.1" 200 5702
186.79.54.169 - - [01/Jun/2017:13:41:37 -0300] "GET /cormun/static/about:blank HTTP/1.1" 404 1011
186.79.54.169 - - [01/Jun/2017:13:41:38 -0300] "GET /cormun/servlet/permisosadjuntos?INS,17088324,P,20170601133250,, HTTP/1.1" 200 5691
192.168.10.89 - - [01/Jun/2017:13:42:00 -0300] "POST /cormun/servlet/trsolicitudgral?4011f62c7f3745ad27c7dbd9a8129fae,gx-no-cache=1496335322219 HTTP/1.1" 200 22821
186.79.54.169 - - [01/Jun/2017:13:42:02 -0300] "POST /cormun/servlet/permisosadjuntos?055960fef3fb84bc7474e59b2c421529,INS,17088324,P,20170601133250,, HTTP/1.1" 200 116
186.79.54.169 - - [01/Jun/2017:13:42:02 -0300] "GET /cormun/servlet/hpexe_return? HTTP/1.1" 200 1040
186.79.54.169 - - [01/Jun/2017:13:42:02 -0300] "GET /cormun/servlet/trpermisosadjuntos?17088324,20170601133250,P, HTTP/1.1" 200 6856
186.79.54.169 - - [01/Jun/2017:13:42:03 -0300] "GET /cormun/servlet/trpermisosadjuntos?17088324,20170601133250,P, HTTP/1.1" 200 6854
186.79.54.169 - - [01/Jun/2017:13:42:06 -0300] "POST /cormun/servlet/trpermisosadjuntos?055960fef3fb84bc7474e59b2c421529,17088324,20170601133250,P,,gx-no-cache=1496335382040 HTTP/1.1" 200 90
186.79.54.169 - - [01/Jun/2017:13:42:06 -0300] "GET /cormun/servlet/hpexe_link HTTP/1.1" 200 1005
186.79.54.169 - - [01/Jun/2017:13:42:07 -0300] "GET /cormun/servlet/trpermisosgoce?gx-no-cache=1496335073822 HTTP/1.1" 200 17509
192.168.10.89 - - [01/Jun/2017:13:42:08 -0300] "POST /cormun/servlet/trsolicitudgral?4011f62c7f3745ad27c7dbd9a8129fae,gx-no-cache=1496335329980 HTTP/1.1" 200 7181
186.79.54.169 - - [01/Jun/2017:13:42:08 -0300] "GET /cormun/servlet/trpermisosgoce?gx-no-cache=1496335073822 HTTP/1.1" 200 17529
186.79.54.169 - - [01/Jun/2017:13:42:15 -0300] "POST /cormun/servlet/trpermisosgoce?055960fef3fb84bc7474e59b2c421529,gx-no-cache=1496335073822,gx-no-cache=1496335387749 HTTP/1.1" 200 14622
186.79.54.169 - - [01/Jun/2017:13:42:15 -0300] "GET /cormun/static/Shared/jqueryui/images/ui-bg_highlight-soft_100_c6c2c8_1x100.png HTTP/1.1" 404 1117
186.79.54.169 - - [01/Jun/2017:13:42:15 -0300] "GET /cormun/static/Shared/jqueryui/images/ui-icons_82798d_256x240.png HTTP/1.1" 404 1089
186.79.54.169 - - [01/Jun/2017:13:42:16 -0300] "GET /cormun/static/Shared/jqueryui/images/ui-bg_flat_55_fafafa_40x100.png HTTP/1.1" 404 1097
186.79.54.169 - - [01/Jun/2017:13:42:16 -0300] "GET /cormun/static/Shared/jqueryui/images/ui-icons_8d78a5_256x240.png HTTP/1.1" 404 1089
192.168.10.89 - - [01/Jun/2017:13:42:20 -0300] "POST /cormun/servlet/trsolicitudgral?4011f62c7f3745ad27c7dbd9a8129fae,gx-no-cache=1496335342658 HTTP/1.1" 200 6737
192.168.10.89 - - [01/Jun/2017:13:42:21 -0300] "GET /cormun/static/Shared/jqueryui/images/ui-bg_highlight-soft_100_c6c2c8_1x100.png HTTP/1.1" 404 1117
192.168.10.89 - - [01/Jun/2017:13:42:21 -0300] "GET /cormun/static/Shared/jqueryui/images/ui-icons_8d78a5_256x240.png HTTP/1.1" 404 1089
192.168.10.89 - - [01/Jun/2017:13:42:21 -0300] "GET /cormun/static/Shared/jqueryui/images/ui-bg_flat_55_fafafa_40x100.png HTTP/1.1" 404 1097
192.168.10.89 - - [01/Jun/2017:13:42:21 -0300] "GET /cormun/static/Shared/jqueryui/images/ui-icons_82798d_256x240.png HTTP/1.1" 404 1089
186.79.54.169 - - [01/Jun/2017:13:42:34 -0300] "GET /cormun/servlet/hlogin HTTP/1.1" 200 1761
201.214.54.252 - - [01/Jun/2017:13:44:06 -0300] "GET /cormun/servlet/hlogin HTTP/1.1" 200 1723
201.214.54.252 - - [01/Jun/2017:13:44:06 -0300] "GET /cormun/static/gxtimezone.js?85251 HTTP/1.1" 200 5781
201.214.54.252 - - [01/Jun/2017:13:44:06 -0300] "GET /cormun/static/gxcfg.js?20175251213516 HTTP/1.1" 200 953
201.214.54.252 - - [01/Jun/2017:13:44:06 -0300] "GET /cormun/static/hlogin.js?20175251213537 HTTP/1.1" 200 2136
201.214.54.252 - - [01/Jun/2017:13:44:06 -0300] "GET /cormun/static/messages.spa.js?85251 HTTP/1.1" 200 30736
201.214.54.252 - - [01/Jun/2017:13:44:06 -0300] "GET /cormun/static/Resources/ComunLogin.png HTTP/1.1" 200 17326
201.214.54.252 - - [01/Jun/2017:13:44:07 -0300] "GET /cormun/static/gxgral.js?85251 HTTP/1.1" 200 40960
201.214.54.252 - - [01/Jun/2017:13:44:07 -0300] "GET /cormun/static/Resources/Spanish/PXTools.css?11423723 HTTP/1.1" 200 89042
201.214.54.252 - - [01/Jun/2017:13:44:07 -0300] "GET /cormun/servlet/hlogin HTTP/1.1" 200 1734
201.214.54.252 - - [01/Jun/2017:13:44:07 -0300] "GET /cormun/static/Resources/PXToolsLoginBackground.png HTTP/1.1" 200 1164
201.214.54.252 - - [01/Jun/2017:13:44:07 -0300] "GET /cormun/static/Resources/PXToolsButtonLeft21.png HTTP/1.1" 200 1287
201.214.54.252 - - [01/Jun/2017:13:44:07 -0300] "GET /cormun/static/Resources/PXToolsButtonRight21.png HTTP/1.1" 200 1283
201.214.54.252 - - [01/Jun/2017:13:44:07 -0300] "GET /cormun/static/Resources/PXToolsButtonBackground2.png HTTP/1.1" 200 1181
201.214.54.252 - - [01/Jun/2017:13:44:07 -0300] "GET /favicon.ico HTTP/1.1" 200 21630
201.214.54.252 - - [01/Jun/2017:13:44:07 -0300] "GET /cormun/static/Resources/PXToolsLoginTop.png HTTP/1.1" 200 1337
201.214.54.252 - - [01/Jun/2017:13:44:07 -0300] "GET /cormun/static/Resources/PXToolsLoginBottom.png HTTP/1.1" 200 1389
201.214.54.252 - - [01/Jun/2017:13:44:07 -0300] "GET /cormun/static/Resources/indicator.gif HTTP/1.1" 200 1553
201.214.54.252 - - [01/Jun/2017:13:44:08 -0300] "GET /cormun/static/Resources/PXToolsLoginTop.png HTTP/1.1" 200 1337
201.214.54.252 - - [01/Jun/2017:13:44:08 -0300] "GET /cormun/static/Resources/PXToolsLoginBottom.png HTTP/1.1" 200 1389
201.214.54.252 - - [01/Jun/2017:13:44:20 -0300] "POST /cormun/servlet/hlogin?2c41c90510b5fa5d5deb00de65411666,gx-no-cache=1496335517181 HTTP/1.1" 200 90
201.214.54.252 - - [01/Jun/2017:13:44:20 -0300] "GET /cormun/servlet/hpexe_link HTTP/1.1" 200 953
201.214.54.252 - - [01/Jun/2017:13:44:20 -0300] "GET /cormun/static/gxcfg.js?20175251212395 HTTP/1.1" 200 953
201.214.54.252 - - [01/Jun/2017:13:44:20 -0300] "GET /cormun/static/hpexe_link.js?20175251212399 HTTP/1.1" 200 625
201.214.54.252 - - [01/Jun/2017:13:44:20 -0300] "GET /cormun/servlet/hhome HTTP/1.1" 200 3973
201.214.54.252 - - [01/Jun/2017:13:44:20 -0300] "GET /cormun/static/Shared/jqueryui/jquery-ui.min.css?1245370 HTTP/1.1" 200 30288
201.214.54.252 - - [01/Jun/2017:13:44:20 -0300] "GET /cormun/static/SmoothNavMenu/resources/ddsmoothmenu.css?1012540 HTTP/1.1" 200 2223
201.214.54.252 - - [01/Jun/2017:13:44:20 -0300] "GET /cormun/static/SmoothNavMenu/resources/ddsmoothmenu-v.css?1012540 HTTP/1.1" 200 1188
201.214.54.252 - - [01/Jun/2017:13:44:20 -0300] "GET /cormun/static/PXToolsJavascripts/pexe_autoreload.js HTTP/1.1" 200 1762
201.214.54.252 - - [01/Jun/2017:13:44:20 -0300] "GET /cormun/static/gxcfg.js?20175251212442 HTTP/1.1" 200 953
201.214.54.252 - - [01/Jun/2017:13:44:20 -0300] "GET /cormun/static/PXToolsJavascripts/pexe_cookies.js HTTP/1.1" 200 792
201.214.54.252 - - [01/Jun/2017:13:44:20 -0300] "GET /cormun/static/scaMessage/css/jquery.pnotify.default.css?1716380 HTTP/1.1" 200 1707
201.214.54.252 - - [01/Jun/2017:13:44:20 -0300] "GET /cormun/static/PXToolsJavascripts/pexe_grid.js HTTP/1.1" 200 7559
201.214.54.252 - - [01/Jun/2017:13:44:20 -0300] "GET /cormun/static/PXToolsJavascripts/pexe_windows.js HTTP/1.1" 200 15207
201.214.54.252 - - [01/Jun/2017:13:44:20 -0300] "GET /cormun/static/PXToolsJavascripts/pexe_griddivfix.js HTTP/1.1" 200 6644
201.214.54.252 - - [01/Jun/2017:13:44:20 -0300] "GET /cormun/static/PXToolsJavascripts/pexe_link.js HTTP/1.1" 200 5671
201.214.54.252 - - [01/Jun/2017:13:44:20 -0300] "GET /cormun/static/PXToolsJavascripts/pexe_menudivfix.js HTTP/1.1" 200 333
