200.86.95.220 - - [01/Jun/2017:10:54:01 -0300] "GET /cormun/static/SmoothNavMenu/resources/images/down.gif HTTP/1.1" 200 854
200.86.95.220 - - [01/Jun/2017:10:54:02 -0300] "GET /cormun/static/Shared/ext/resources/themes/images/default/panel/bg-headersPanel.png HTTP/1.1" 200 255
200.86.95.220 - - [01/Jun/2017:10:54:02 -0300] "GET /cormun/static/Shared/ext/resources/themes/images/default/tools/tool-sprites.gif HTTP/1.1" 200 5434
186.67.172.234 - - [01/Jun/2017:10:54:11 -0300] "GET /cormun/servlet/permisogoce?UPD,16492824,P,20170601105154, HTTP/1.1" 200 6983
186.67.172.234 - - [01/Jun/2017:10:54:11 -0300] "GET /cormun/servlet/permisogoce?UPD,16492824,P,20170601105154, HTTP/1.1" 200 6961
186.67.172.234 - - [01/Jun/2017:10:54:11 -0300] "GET /favicon.ico HTTP/1.1" 200 21630
186.67.172.234 - - [01/Jun/2017:10:54:12 -0300] "GET /cormun/servlet/permisogoce?b0caad826ac9a1ea25d433995e6edd147e2dedf6fc7be44a9aea8f49b93a4b0a18a55bd6946f8aea7112ef6cfab4ebe09edb69acdd9be80831b755879741c2bf,gx-no-cache=1496321690673 HTTP/1.1" 200 79
186.67.172.234 - - [01/Jun/2017:10:54:20 -0300] "GET /cormun/servlet/permisogoce?b0caad826ac9a1ea25d433995e6edd14540fbace7f462d1ca720d70d3d2124c06463fa9c76878361ae87950678b37435d42ae930c483a7a5e176dcf76316c929,gx-no-cache=1496321698852 HTTP/1.1" 200 47
186.67.172.234 - - [01/Jun/2017:10:54:20 -0300] "POST /cormun/servlet/permisogoce?12a9114cd6cd3123d72ae9eacbee2a3c,UPD,16492824,P,20170601105154,,gx-no-cache=1496321698899 HTTP/1.1" 200 93
186.67.172.234 - - [01/Jun/2017:10:54:20 -0300] "GET /cormun/servlet/hpexe_return? HTTP/1.1" 200 1045
186.67.172.234 - - [01/Jun/2017:10:54:20 -0300] "GET /cormun/servlet/trpermisosgoce?gx-no-cache=1496321463856 HTTP/1.1" 200 16403
186.67.172.234 - - [01/Jun/2017:10:54:21 -0300] "GET /cormun/servlet/trpermisosgoce?gx-no-cache=1496321463856 HTTP/1.1" 200 16421
186.67.172.234 - - [01/Jun/2017:10:54:31 -0300] "GET /cormun/servlet/trpermisosadjuntos?16492824,20170601105154,P, HTTP/1.1" 200 6375
186.67.172.234 - - [01/Jun/2017:10:54:31 -0300] "GET /cormun/servlet/trpermisosadjuntos?16492824,20170601105154,P, HTTP/1.1" 200 6355
186.67.172.234 - - [01/Jun/2017:10:54:34 -0300] "GET /cormun/servlet/permisosadjuntos?INS,16492824,P,20170601105154,, HTTP/1.1" 200 5674
186.67.172.234 - - [01/Jun/2017:10:54:34 -0300] "GET /cormun/static/about:blank HTTP/1.1" 404 1011
186.67.172.234 - - [01/Jun/2017:10:54:34 -0300] "GET /cormun/servlet/permisosadjuntos?INS,16492824,P,20170601105154,, HTTP/1.1" 200 5664
186.67.172.234 - - [01/Jun/2017:10:54:44 -0300] "POST /cormun/servlet/permisosadjuntos?12a9114cd6cd3123d72ae9eacbee2a3c,INS,16492824,P,20170601105154,, HTTP/1.1" 200 116
186.67.172.234 - - [01/Jun/2017:10:54:44 -0300] "GET /cormun/servlet/hpexe_return? HTTP/1.1" 200 1033
186.67.172.234 - - [01/Jun/2017:10:54:44 -0300] "GET /cormun/servlet/trpermisosadjuntos?16492824,20170601105154,P, HTTP/1.1" 200 6827
186.67.172.234 - - [01/Jun/2017:10:54:44 -0300] "GET /cormun/servlet/trpermisosadjuntos?16492824,20170601105154,P, HTTP/1.1" 200 6821
186.67.172.234 - - [01/Jun/2017:10:54:47 -0300] "POST /cormun/servlet/trpermisosadjuntos?12a9114cd6cd3123d72ae9eacbee2a3c,16492824,20170601105154,P,,gx-no-cache=1496321725907 HTTP/1.1" 200 90
186.67.172.234 - - [01/Jun/2017:10:54:47 -0300] "GET /cormun/servlet/hpexe_link HTTP/1.1" 200 999
186.67.172.234 - - [01/Jun/2017:10:54:47 -0300] "GET /cormun/servlet/trpermisosgoce?gx-no-cache=1496321463856 HTTP/1.1" 200 16384
186.67.172.234 - - [01/Jun/2017:10:54:48 -0300] "GET /cormun/servlet/trpermisosgoce?gx-no-cache=1496321463856 HTTP/1.1" 200 16438
186.67.172.234 - - [01/Jun/2017:10:54:54 -0300] "POST /cormun/servlet/trpermisosgoce?12a9114cd6cd3123d72ae9eacbee2a3c,gx-no-cache=1496321463856,gx-no-cache=1496321732447 HTTP/1.1" 200 13533
186.67.172.234 - - [01/Jun/2017:10:54:54 -0300] "GET /cormun/static/Shared/jqueryui/images/ui-bg_highlight-soft_100_c6c2c8_1x100.png HTTP/1.1" 404 1117
186.67.172.234 - - [01/Jun/2017:10:54:54 -0300] "GET /cormun/static/Shared/jqueryui/images/ui-icons_82798d_256x240.png HTTP/1.1" 404 1089
186.67.172.234 - - [01/Jun/2017:10:54:54 -0300] "GET /cormun/static/Shared/jqueryui/images/ui-icons_8d78a5_256x240.png HTTP/1.1" 404 1089
186.67.172.234 - - [01/Jun/2017:10:54:54 -0300] "GET /cormun/static/Shared/jqueryui/images/ui-bg_flat_55_fafafa_40x100.png HTTP/1.1" 404 1097
186.67.172.234 - - [01/Jun/2017:10:55:00 -0300] "GET /cormun/servlet/permisogoce?INS,0,,, HTTP/1.1" 200 6906
186.67.172.234 - - [01/Jun/2017:10:55:01 -0300] "GET /cormun/servlet/permisogoce?INS,0,,, HTTP/1.1" 200 6882
186.67.172.234 - - [01/Jun/2017:10:55:09 -0300] "GET /cormun/servlet/permisogoce?b0caad826ac9a1ea25d433995e6edd148a66a406aac84a0d9587c757cdcc208de8d144f86a79dafe71a26c1fb4db99b0,gx-no-cache=1496321747786 HTTP/1.1" 200 79
186.67.172.234 - - [01/Jun/2017:10:55:09 -0300] "GET /cormun/static/menuarrow.gif HTTP/1.1" 404 1015
186.67.172.234 - - [01/Jun/2017:10:55:20 -0300] "GET /cormun/servlet/permisogoce?b0caad826ac9a1ea25d433995e6edd1424680d636ed8ead1ce1e2d8c62997e809b1e20ec6776f9fdad619f80771ee08237953ac6e2f5eef466ca86dc36280489,gx-no-cache=1496321758777 HTTP/1.1" 200 47
186.67.172.234 - - [01/Jun/2017:10:55:24 -0300] "POST /cormun/servlet/permisogoce?12a9114cd6cd3123d72ae9eacbee2a3c,INS,0,,,,gx-no-cache=1496321762276 HTTP/1.1" 200 93
186.67.172.234 - - [01/Jun/2017:10:55:24 -0300] "GET /cormun/servlet/hpexe_return? HTTP/1.1" 200 1026
186.67.172.234 - - [01/Jun/2017:10:55:24 -0300] "GET /cormun/servlet/trpermisosgoce?gx-no-cache=1496321463856 HTTP/1.1" 200 16634
190.45.55.254 - - [01/Jun/2017:10:55:24 -0300] "GET /cormun/servlet/trsolicitudot? HTTP/1.1" 200 15435
186.67.172.234 - - [01/Jun/2017:10:55:25 -0300] "GET /cormun/servlet/trpermisosgoce?gx-no-cache=1496321463856 HTTP/1.1" 200 16675
190.45.55.254 - - [01/Jun/2017:10:55:25 -0300] "GET /cormun/servlet/trsolicitudot? HTTP/1.1" 200 15434
190.45.55.254 - - [01/Jun/2017:10:55:29 -0300] "GET /cormun/servlet/solicitudot?INS,0,0, HTTP/1.1" 200 12980
190.45.55.254 - - [01/Jun/2017:10:55:30 -0300] "GET /cormun/servlet/solicitudot?INS,0,0, HTTP/1.1" 200 12985
186.67.172.234 - - [01/Jun/2017:10:55:31 -0300] "GET /cormun/servlet/trpermisosadjuntos?6862513,20170601105502,P, HTTP/1.1" 200 6375
186.67.172.234 - - [01/Jun/2017:10:55:32 -0300] "GET /cormun/servlet/trpermisosadjuntos?6862513,20170601105502,P, HTTP/1.1" 200 6355
186.67.172.234 - - [01/Jun/2017:10:55:33 -0300] "GET /cormun/servlet/permisosadjuntos?INS,6862513,P,20170601105502,, HTTP/1.1" 200 5675
186.67.172.234 - - [01/Jun/2017:10:55:33 -0300] "GET /cormun/static/about:blank HTTP/1.1" 404 1011
186.67.172.234 - - [01/Jun/2017:10:55:33 -0300] "GET /cormun/servlet/permisosadjuntos?INS,6862513,P,20170601105502,, HTTP/1.1" 200 5665
190.45.55.254 - - [01/Jun/2017:10:55:37 -0300] "GET /cormun/servlet/trcontratosolicitud? HTTP/1.1" 200 6655
190.45.55.254 - - [01/Jun/2017:10:55:37 -0300] "GET /cormun/servlet/trcontratosolicitud? HTTP/1.1" 200 6649
190.45.55.254 - - [01/Jun/2017:10:55:39 -0300] "POST /cormun/servlet/trcontratosolicitud?1bc232eb0e1c19eb219af3e6c914c884,,gx-no-cache=1496325396709 HTTP/1.1" 200 3996
186.67.172.234 - - [01/Jun/2017:10:55:41 -0300] "POST /cormun/servlet/permisosadjuntos?12a9114cd6cd3123d72ae9eacbee2a3c,INS,6862513,P,20170601105502,, HTTP/1.1" 200 116
186.67.172.234 - - [01/Jun/2017:10:55:41 -0300] "GET /cormun/servlet/hpexe_return? HTTP/1.1" 200 1031
186.67.172.234 - - [01/Jun/2017:10:55:41 -0300] "GET /cormun/servlet/trpermisosadjuntos?6862513,20170601105502,P, HTTP/1.1" 200 6804
186.103.248.213 - - [01/Jun/2017:10:55:41 -0300] "GET /cormun/servlet/hlogin HTTP/1.1" 200 1723
186.67.172.234 - - [01/Jun/2017:10:55:41 -0300] "GET /cormun/servlet/trpermisosadjuntos?6862513,20170601105502,P, HTTP/1.1" 200 6802
186.79.158.127 - - [01/Jun/2017:10:55:42 -0300] "POST /cormun/servlet/trsolicitudot?695315c46fdca611e4bc7c249439eb35,,gx-no-cache=1496325401963 HTTP/1.1" 200 8039
186.79.158.127 - - [01/Jun/2017:10:55:42 -0300] "GET /cormun/static/Shared/jqueryui/images/ui-bg_highlight-soft_100_c6c2c8_1x100.png HTTP/1.1" 404 1117
186.79.158.127 - - [01/Jun/2017:10:55:42 -0300] "GET /cormun/static/Shared/jqueryui/images/ui-icons_82798d_256x240.png HTTP/1.1" 404 1089
186.79.158.127 - - [01/Jun/2017:10:55:42 -0300] "GET /cormun/static/Shared/jqueryui/images/ui-bg_flat_55_fafafa_40x100.png HTTP/1.1" 404 1097
186.79.158.127 - - [01/Jun/2017:10:55:42 -0300] "GET /cormun/static/Shared/jqueryui/images/ui-icons_8d78a5_256x240.png HTTP/1.1" 404 1089
186.103.248.213 - - [01/Jun/2017:10:55:43 -0300] "POST /cormun/servlet/hlogin?a53794e2bea07765d9d641472bf0830a,gx-no-cache=1496325399649 HTTP/1.1" 200 90
186.103.248.213 - - [01/Jun/2017:10:55:43 -0300] "GET /cormun/servlet/hpexe_link HTTP/1.1" 200 954
186.103.248.213 - - [01/Jun/2017:10:55:43 -0300] "GET /cormun/servlet/hhome HTTP/1.1" 200 3778
186.79.158.127 - - [01/Jun/2017:10:55:43 -0300] "POST /cormun/servlet/trsolicitudot?695315c46fdca611e4bc7c249439eb35,,gx-no-cache=1496325402923 HTTP/1.1" 200 7983
186.103.248.213 - - [01/Jun/2017:10:55:43 -0300] "GET /cormun/servlet/hhome HTTP/1.1" 200 3774
186.67.172.234 - - [01/Jun/2017:10:55:43 -0300] "POST /cormun/servlet/trpermisosadjuntos?12a9114cd6cd3123d72ae9eacbee2a3c,6862513,20170601105502,P,,gx-no-cache=1496321782405 HTTP/1.1" 200 90
186.67.172.234 - - [01/Jun/2017:10:55:43 -0300] "GET /cormun/servlet/hpexe_link HTTP/1.1" 200 998
186.67.172.234 - - [01/Jun/2017:10:55:44 -0300] "GET /cormun/servlet/trpermisosgoce?gx-no-cache=1496321463856 HTTP/1.1" 200 16651
186.67.172.234 - - [01/Jun/2017:10:55:44 -0300] "GET /cormun/servlet/trpermisosgoce?gx-no-cache=1496321463856 HTTP/1.1" 200 16675
186.103.248.213 - - [01/Jun/2017:10:55:45 -0300] "GET /cormun/servlet/trlicencias? HTTP/1.1" 200 10485
190.45.55.254 - - [01/Jun/2017:10:55:46 -0300] "POST /cormun/servlet/trcontratosolicitud?1bc232eb0e1c19eb219af3e6c914c884,,gx-no-cache=1496325403015 HTTP/1.1" 200 3997
186.103.248.213 - - [01/Jun/2017:10:55:46 -0300] "GET /cormun/servlet/trlicencias? HTTP/1.1" 200 10477
186.67.172.234 - - [01/Jun/2017:10:55:49 -0300] "POST /cormun/servlet/trpermisosgoce?12a9114cd6cd3123d72ae9eacbee2a3c,gx-no-cache=1496321463856,gx-no-cache=1496321787326 HTTP/1.1" 200 13768
186.67.172.234 - - [01/Jun/2017:10:55:49 -0300] "GET /cormun/static/Shared/jqueryui/images/ui-bg_highlight-soft_100_c6c2c8_1x100.png HTTP/1.1" 404 1117
186.67.172.234 - - [01/Jun/2017:10:55:49 -0300] "GET /cormun/static/Shared/jqueryui/images/ui-icons_82798d_256x240.png HTTP/1.1" 404 1089
186.67.172.234 - - [01/Jun/2017:10:55:49 -0300] "GET /cormun/static/Shared/jqueryui/images/ui-bg_flat_55_fafafa_40x100.png HTTP/1.1" 404 1097
186.67.172.234 - - [01/Jun/2017:10:55:49 -0300] "GET /cormun/static/Shared/jqueryui/images/ui-icons_8d78a5_256x240.png HTTP/1.1" 404 1089
190.45.55.254 - - [01/Jun/2017:10:55:55 -0300] "GET /cormun/servlet/trcontratosolicitud? HTTP/1.1" 200 6649
190.45.55.254 - - [01/Jun/2017:10:55:56 -0300] "GET /cormun/servlet/trcontratosolicitud? HTTP/1.1" 200 6649
186.67.172.234 - - [01/Jun/2017:10:55:58 -0300] "GET /cormun/servlet/trautorizarpermisogoce? HTTP/1.1" 200 8563
186.67.172.234 - - [01/Jun/2017:10:55:58 -0300] "GET /cormun/static/gxcfg.js?20175251272542 HTTP/1.1" 304 -
186.67.172.234 - - [01/Jun/2017:10:55:58 -0300] "GET /cormun/static/trautorizarpermisogoce.js?20175251273090 HTTP/1.1" 304 -
190.45.55.254 - - [01/Jun/2017:10:55:58 -0300] "POST /cormun/servlet/trcontratosolicitud?1bc232eb0e1c19eb219af3e6c914c884,,gx-no-cache=1496325415591 HTTP/1.1" 200 3992
186.67.172.234 - - [01/Jun/2017:10:55:58 -0300] "GET /cormun/servlet/trautorizarpermisogoce? HTTP/1.1" 200 8541
186.79.158.127 - - [01/Jun/2017:10:56:00 -0300] "POST /cormun/servlet/trsolicitudot?695315c46fdca611e4bc7c249439eb35,,gx-no-cache=1496325420036 HTTP/1.1" 200 8042
186.79.158.127 - - [01/Jun/2017:10:56:01 -0300] "POST /cormun/servlet/trsolicitudot?695315c46fdca611e4bc7c249439eb35,,gx-no-cache=1496325420947 HTTP/1.1" 200 7985
186.67.172.234 - - [01/Jun/2017:10:56:04 -0300] "POST /cormun/servlet/trautorizarpermisogoce?12a9114cd6cd3123d72ae9eacbee2a3c,,gx-no-cache=1496321802934 HTTP/1.1" 200 5560
186.67.172.234 - - [01/Jun/2017:10:56:04 -0300] "GET /cormun/static/Shared/jqueryui/images/ui-bg_highlight-soft_100_c6c2c8_1x100.png HTTP/1.1" 404 1117
186.67.172.234 - - [01/Jun/2017:10:56:04 -0300] "GET /cormun/static/Shared/jqueryui/images/ui-icons_82798d_256x240.png HTTP/1.1" 404 1089
186.67.172.234 - - [01/Jun/2017:10:56:04 -0300] "GET /cormun/static/Shared/jqueryui/images/ui-bg_flat_55_fafafa_40x100.png HTTP/1.1" 404 1097
186.67.172.234 - - [01/Jun/2017:10:56:04 -0300] "GET /cormun/static/Shared/jqueryui/images/ui-icons_8d78a5_256x240.png HTTP/1.1" 404 1089
186.67.172.234 - - [01/Jun/2017:10:56:06 -0300] "POST /cormun/servlet/trautorizarpermisogoce?12a9114cd6cd3123d72ae9eacbee2a3c,,gx-no-cache=1496321805154 HTTP/1.1" 200 5176
190.45.55.254 - - [01/Jun/2017:10:56:06 -0300] "GET /cormun/servlet/trcontratoobservaciondir? HTTP/1.1" 200 9928
190.45.55.254 - - [01/Jun/2017:10:56:07 -0300] "GET /cormun/static/gxcfg.js?20175251262281 HTTP/1.1" 200 953
190.45.55.254 - - [01/Jun/2017:10:56:07 -0300] "GET /cormun/static/trcontratoobservaciondir.js?20175251262715 HTTP/1.1" 200 27185
190.45.55.254 - - [01/Jun/2017:10:56:07 -0300] "GET /cormun/servlet/trcontratoobservaciondir? HTTP/1.1" 200 9928
186.79.158.127 - - [01/Jun/2017:10:56:08 -0300] "GET /cormun/servlet/trsolicitudot? HTTP/1.1" 200 10930
186.67.172.234 - - [01/Jun/2017:10:56:08 -0300] "POST /cormun/servlet/trautorizarpermisogoce?12a9114cd6cd3123d72ae9eacbee2a3c,,gx-no-cache=1496321807337 HTTP/1.1" 200 4203
186.79.158.127 - - [01/Jun/2017:10:56:09 -0300] "GET /cormun/servlet/trsolicitudot? HTTP/1.1" 200 10930
200.86.95.220 - - [01/Jun/2017:10:56:17 -0300] "GET /cormun/servlet/hlogin HTTP/1.1" 200 1721
190.45.55.254 - - [01/Jun/2017:10:56:21 -0300] "POST /cormun/servlet/trcontratoobservaciondir?1bc232eb0e1c19eb219af3e6c914c884,,gx-no-cache=1496325438065 HTTP/1.1" 200 3806
190.45.55.254 - - [01/Jun/2017:10:56:26 -0300] "GET /cormun/servlet/trcontratosolicitud? HTTP/1.1" 200 6650
200.86.95.220 - - [01/Jun/2017:10:56:26 -0300] "POST /cormun/servlet/hlogin?d35f43c297c5ff5d0de91fde6ed38624,gx-no-cache=1496325442629 HTTP/1.1" 200 90
200.86.95.220 - - [01/Jun/2017:10:56:26 -0300] "GET /cormun/servlet/hpexe_link HTTP/1.1" 200 955
190.45.55.254 - - [01/Jun/2017:10:56:26 -0300] "GET /cormun/servlet/trcontratosolicitud? HTTP/1.1" 200 6649
200.86.95.220 - - [01/Jun/2017:10:56:26 -0300] "GET /cormun/servlet/hhome HTTP/1.1" 200 3961
186.79.240.243 - - [01/Jun/2017:10:56:27 -0300] "GET /cormun/servlet/hlogin HTTP/1.1" 200 1719
200.86.95.220 - - [01/Jun/2017:10:56:27 -0300] "GET /cormun/servlet/hhome HTTP/1.1" 200 3957
200.86.95.220 - - [01/Jun/2017:10:56:31 -0300] "GET /cormun/servlet/trautorizarpermisogoce? HTTP/1.1" 200 7620
200.86.95.220 - - [01/Jun/2017:10:56:32 -0300] "GET /cormun/servlet/trautorizarpermisogoce? HTTP/1.1" 200 7618
186.79.158.127 - - [01/Jun/2017:10:56:37 -0300] "POST /cormun/servlet/trsolicitudot?695315c46fdca611e4bc7c249439eb35,,gx-no-cache=1496325456892 HTTP/1.1" 200 7973
190.45.55.254 - - [01/Jun/2017:10:56:40 -0300] "POST /cormun/servlet/trcontratosolicitud?1bc232eb0e1c19eb219af3e6c914c884,,gx-no-cache=1496325456333 HTTP/1.1" 200 3994
186.79.158.127 - - [01/Jun/2017:10:56:42 -0300] "POST /cormun/servlet/trsolicitudot?695315c46fdca611e4bc7c249439eb35,,gx-no-cache=1496325461414 HTTP/1.1" 200 106
186.79.158.127 - - [01/Jun/2017:10:56:42 -0300] "GET /cormun/servlet/solicitudot?UPD,2017,6693, HTTP/1.1" 200 14218
190.45.55.254 - - [01/Jun/2017:10:56:42 -0300] "POST /cormun/servlet/trcontratosolicitud?1bc232eb0e1c19eb219af3e6c914c884,,gx-no-cache=1496325459385 HTTP/1.1" 200 3993
186.79.158.127 - - [01/Jun/2017:10:56:43 -0300] "GET /cormun/servlet/solicitudot?UPD,2017,6693, HTTP/1.1" 200 14227
186.79.158.127 - - [01/Jun/2017:10:56:43 -0300] "POST /cormun/servlet/solicitudot?gx-no-cache=1496325463431 HTTP/1.1" 200 3205
186.79.240.243 - - [01/Jun/2017:10:56:44 -0300] "POST /cormun/servlet/hlogin?f1f4ec0e5a5cafc22c2611e112952ad7,gx-no-cache=1496325464701 HTTP/1.1" 200 90
186.79.158.127 - - [01/Jun/2017:10:56:44 -0300] "POST /cormun/servlet/solicitudot?695315c46fdca611e4bc7c249439eb35,UPD,2017,6693,,gx-no-cache=1496325463837 HTTP/1.1" 200 10874
186.79.240.243 - - [01/Jun/2017:10:56:44 -0300] "GET /cormun/servlet/hpexe_link HTTP/1.1" 200 949
186.79.158.127 - - [01/Jun/2017:10:56:44 -0300] "GET /cormun/servlet/solicitudot?f8da6b879cd2a47ee6996e4a95fc2bf769e311c05e077f1b42e3f4e75666b608a1ec8bed503cfb91981fe1f9631bc130,gx-no-cache=1496325464363 HTTP/1.1" 200 30
186.79.158.127 - - [01/Jun/2017:10:56:44 -0300] "POST /cormun/servlet/solicitudot?gx-no-cache=1496325464449 HTTP/1.1" 200 241
186.79.158.127 - - [01/Jun/2017:10:56:44 -0300] "GET /cormun/servlet/solicitudot?f8da6b879cd2a47ee6996e4a95fc2bf79059f7cc593d96caa545beb4e0edbcbfc33ff4ec1a18d58bc6e3145ebea2f9f16faaf93637c5ed58063b5ff4ec0f936247b1aa550d0d78e80bd348dccf84a94243e87f888b4c6311614be3068ab3274619ffdbb897fad926f936594d6fd99c07cb7ea8cf6cfb95ae84f6119a2eb2c98fdad012157ec5badedb754ff48736e562d23141864977dfce9a08c0355a8c84ceb4ce32a189170d5da487a18f02489440551b6092bbfa6f2502dc32eacefb6ebf093d64193d600628eb3ecbfee16f95e663df438c3e988a898976d7e140d4ffc15c2db16b1ad2226286b9fcaa0f21defc0a735823fd4001ddc7c39ca76b6f7cbce24a5dfc85c736c3e30c26636ef9c8b755521e63af0be3c52bd392508a00d5d5e49bdc5be5f05ad7e2f88bddb8db304126ccd3e33d0597bbaad745b388ebc7ce752e36750b0faf8ca91d43c8d41b989c1df9ef35f0cc7af09645705685bd03455ebd25ee5b0c40515d91fcf775e8ea9e1d1c612fb9820736ab3c9ebec68d8676,gx-no-cache=1496325464543 HTTP/1.1" 200 30
186.79.158.127 - - [01/Jun/2017:10:56:44 -0300] "POST /cormun/servlet/solicitudot?gx-no-cache=1496325464620 HTTP/1.1" 200 30
186.79.240.243 - - [01/Jun/2017:10:56:44 -0300] "GET /cormun/servlet/hhome HTTP/1.1" 200 3800
186.79.158.127 - - [01/Jun/2017:10:56:44 -0300] "POST /cormun/servlet/solicitudot?gx-no-cache=1496325464708 HTTP/1.1" 200 1302
186.79.158.127 - - [01/Jun/2017:10:56:45 -0300] "POST /cormun/servlet/solicitudot?gx-no-cache=1496325464908 HTTP/1.1" 200 41
186.79.240.243 - - [01/Jun/2017:10:56:46 -0300] "GET /cormun/servlet/hhome HTTP/1.1" 200 3796
186.79.240.243 - - [01/Jun/2017:10:56:49 -0300] "GET /cormun/servlet/trpermisosgoce? HTTP/1.1" 200 11562
200.86.95.220 - - [01/Jun/2017:10:56:50 -0300] "POST /cormun/servlet/trautorizarpermisogoce?d35f43c297c5ff5d0de91fde6ed38624,,gx-no-cache=1496325466496 HTTP/1.1" 200 4191
200.86.95.220 - - [01/Jun/2017:10:56:50 -0300] "GET /cormun/static/Shared/jqueryui/images/ui-bg_highlight-soft_100_c6c2c8_1x100.png HTTP/1.1" 404 1117
200.86.95.220 - - [01/Jun/2017:10:56:50 -0300] "GET /cormun/static/Shared/jqueryui/images/ui-icons_82798d_256x240.png HTTP/1.1" 404 1089
200.86.95.220 - - [01/Jun/2017:10:56:50 -0300] "GET /cormun/static/Shared/jqueryui/images/ui-bg_flat_55_fafafa_40x100.png HTTP/1.1" 404 1097
200.86.95.220 - - [01/Jun/2017:10:56:50 -0300] "GET /cormun/static/Shared/jqueryui/images/ui-icons_8d78a5_256x240.png HTTP/1.1" 404 1089
186.79.240.243 - - [01/Jun/2017:10:56:50 -0300] "GET /cormun/servlet/trpermisosgoce? HTTP/1.1" 200 11570
201.236.59.211 - - [01/Jun/2017:10:56:51 -0300] "GET /cormun/servlet/licenciaspermisos?INS,0,,, HTTP/1.1" 200 7425
201.236.59.211 - - [01/Jun/2017:10:56:52 -0300] "GET /cormun/servlet/licenciaspermisos?INS,0,,, HTTP/1.1" 200 7403
201.236.59.211 - - [01/Jun/2017:10:56:56 -0300] "GET /cormun/servlet/prfichaempleado?,MD,,gxPopupLevel%3D0%3B HTTP/1.1" 200 8794
200.86.95.220 - - [01/Jun/2017:10:57:04 -0300] "GET /cormun/servlet/hlogin HTTP/1.1" 200 1721
201.236.59.211 - - [01/Jun/2017:10:57:12 -0300] "POST /cormun/servlet/prfichaempleado?89012e36ce84aa78c84252e6e8200474,,MD,,gxPopupLevel%3D0%3B,gx-no-cache=1496325489900 HTTP/1.1" 200 3407
201.236.59.211 - - [01/Jun/2017:10:57:31 -0300] "GET /cormun/servlet/licenciaspermisos?96bd2717cecce4cee998cfbeb809d974caf8da44988d5b7945c2720622973db00dc1a268117c1575ce46dd0655011698,gx-no-cache=1496325508110 HTTP/1.1" 200 87
201.236.59.211 - - [01/Jun/2017:10:57:31 -0300] "POST /cormun/servlet/licenciaspermisos?89012e36ce84aa78c84252e6e8200474,INS,0,,,,gx-no-cache=1496325508720 HTTP/1.1" 200 4717
186.79.158.127 - - [01/Jun/2017:10:58:12 -0300] "POST /cormun/servlet/solicitudot?695315c46fdca611e4bc7c249439eb35,UPD,2017,6693,,gx-no-cache=1496325552240 HTTP/1.1" 200 93
186.79.158.127 - - [01/Jun/2017:10:58:12 -0300] "GET /cormun/servlet/hpexe_return? HTTP/1.1" 200 1009
186.79.158.127 - - [01/Jun/2017:10:58:13 -0300] "GET /cormun/servlet/trsolicitudot? HTTP/1.1" 200 10935
186.79.158.127 - - [01/Jun/2017:10:58:13 -0300] "GET /cormun/static/gxcfg.js?20175251233261 HTTP/1.1" 304 -
186.79.158.127 - - [01/Jun/2017:10:58:14 -0300] "GET /cormun/servlet/trsolicitudot? HTTP/1.1" 200 10930
186.79.158.127 - - [01/Jun/2017:10:58:27 -0300] "POST /cormun/servlet/trsolicitudot?695315c46fdca611e4bc7c249439eb35,,gx-no-cache=1496325566349 HTTP/1.1" 200 7977
186.79.158.127 - - [01/Jun/2017:10:58:33 -0300] "POST /cormun/servlet/trsolicitudot?695315c46fdca611e4bc7c249439eb35,,gx-no-cache=1496325572437 HTTP/1.1" 200 7977
186.79.158.127 - - [01/Jun/2017:10:58:35 -0300] "POST /cormun/servlet/trsolicitudot?695315c46fdca611e4bc7c249439eb35,,gx-no-cache=1496325574525 HTTP/1.1" 200 106
186.79.158.127 - - [01/Jun/2017:10:58:35 -0300] "GET /cormun/servlet/solicitudot?UPD,2017,6693, HTTP/1.1" 200 14218
186.79.158.127 - - [01/Jun/2017:10:58:35 -0300] "GET /cormun/static/gxcfg.js?201752522134570 HTTP/1.1" 304 -
186.79.158.127 - - [01/Jun/2017:10:58:36 -0300] "GET /cormun/servlet/solicitudot?UPD,2017,6693, HTTP/1.1" 200 14227
186.79.158.127 - - [01/Jun/2017:10:58:37 -0300] "POST /cormun/servlet/solicitudot?gx-no-cache=1496325576561 HTTP/1.1" 200 3205
186.79.158.127 - - [01/Jun/2017:10:58:37 -0300] "POST /cormun/servlet/solicitudot?695315c46fdca611e4bc7c249439eb35,UPD,2017,6693,,gx-no-cache=1496325577002 HTTP/1.1" 200 10874
186.79.158.127 - - [01/Jun/2017:10:58:37 -0300] "GET /cormun/servlet/solicitudot?f8da6b879cd2a47ee6996e4a95fc2bf769e311c05e077f1b42e3f4e75666b608a1ec8bed503cfb91981fe1f9631bc130,gx-no-cache=1496325577513 HTTP/1.1" 200 30
186.79.158.127 - - [01/Jun/2017:10:58:37 -0300] "POST /cormun/servlet/solicitudot?gx-no-cache=1496325577610 HTTP/1.1" 200 241
186.79.158.127 - - [01/Jun/2017:10:58:37 -0300] "GET /cormun/servlet/solicitudot?f8da6b879cd2a47ee6996e4a95fc2bf79059f7cc593d96caa545beb4e0edbcbfc33ff4ec1a18d58bc6e3145ebea2f9f16faaf93637c5ed58063b5ff4ec0f936247b1aa550d0d78e80bd348dccf84a94243e87f888b4c6311614be3068ab3274619ffdbb897fad926f936594d6fd99c07cb7ea8cf6cfb95ae84f6119a2eb2c98fdad012157ec5badedb754ff48736e562d23141864977dfce9a08c0355a8c84ceb4ce32a189170d5da487a18f02489440551b6092bbfa6f2502dc32eacefb6ebf093d64193d600628eb3ecbfee16f95e663df438c3e988a898976d7e140d4ffc15c2db16b1ad2226286b9fcaa0f21defc0a735823fd4001ddc7c39ca76b6f7cbce24a5dfc85c736c3e30c26636ef9c8b755521e63af0be3c52bd392508a00d5d5e49bdc5be5f05ad7e2f88bddb8db304126ccd3e33d0597bbaad745b388ebc7ce752e36750b0faf8ca91d43c8d41b989c1df9ef35f0cc7af09645705685bd03455ebd25ee5b0c40515d91fcf775e8ea9e1d1c612fb9820736ab3c9ebec68d8676,gx-no-cache=1496325577723 HTTP/1.1" 200 30
186.79.158.127 - - [01/Jun/2017:10:58:38 -0300] "POST /cormun/servlet/solicitudot?gx-no-cache=1496325577836 HTTP/1.1" 200 30
186.79.158.127 - - [01/Jun/2017:10:58:38 -0300] "POST /cormun/servlet/solicitudot?gx-no-cache=1496325577964 HTTP/1.1" 200 1302
186.79.158.127 - - [01/Jun/2017:10:58:38 -0300] "POST /cormun/servlet/solicitudot?gx-no-cache=1496325578194 HTTP/1.1" 200 41
201.236.59.211 - - [01/Jun/2017:10:58:38 -0300] "GET /cormun/static/menuarrow.gif HTTP/1.1" 404 1015
186.79.158.127 - - [01/Jun/2017:10:59:31 -0300] "GET /cormun/servlet/trsolicitudot? HTTP/1.1" 200 10937
186.79.158.127 - - [01/Jun/2017:10:59:32 -0300] "GET /cormun/servlet/trsolicitudot? HTTP/1.1" 200 10930
186.79.158.127 - - [01/Jun/2017:10:59:41 -0300] "GET /cormun/servlet/solicitudot?INS,0,0, HTTP/1.1" 200 12613
186.79.158.127 - - [01/Jun/2017:10:59:42 -0300] "GET /cormun/servlet/solicitudot?INS,0,0, HTTP/1.1" 200 12618
186.79.158.127 - - [01/Jun/2017:10:59:51 -0300] "POST /cormun/servlet/solicitudot?gx-no-cache=1496325650841 HTTP/1.1" 200 3207
186.79.158.127 - - [01/Jun/2017:10:59:51 -0300] "POST /cormun/servlet/solicitudot?695315c46fdca611e4bc7c249439eb35,INS,0,0,,gx-no-cache=1496325651283 HTTP/1.1" 200 9813
200.86.95.220 - - [01/Jun/2017:11:00:09 -0300] "GET /cormun/servlet/hlogin HTTP/1.1" 200 1719
186.79.158.127 - - [01/Jun/2017:11:00:15 -0300] "GET /cormun/servlet/solicitudot?f8da6b879cd2a47ee6996e4a95fc2bf7eee71ef97b04eb6c2753190731ceed56aa79e55ebf98a5e5b2bd67d3f85d31b2,gx-no-cache=1496325674878 HTTP/1.1" 200 30
186.79.158.127 - - [01/Jun/2017:11:00:15 -0300] "POST /cormun/servlet/solicitudot?gx-no-cache=1496325675031 HTTP/1.1" 200 256
186.79.158.127 - - [01/Jun/2017:11:00:15 -0300] "GET /cormun/servlet/solicitudot?f8da6b879cd2a47ee6996e4a95fc2bf79059f7cc593d96caa545beb4e0edbcbfeba3c1278ccf849c0595c3cff334e6b66faaf93637c5ed58063b5ff4ec0f936247b1aa550d0d78e80bd348dccf84a94243e87f888b4c6311614be3068ab3274619ffdbb897fad926f936594d6fd99c07cb7ea8cf6cfb95ae84f6119a2eb2c98fdad012157ec5badedb754ff48736e562d23141864977dfce9a08c0355a8c84ceb4ce32a189170d5da487a18f02489440551b6092bbfa6f2502dc32eacefb6ebf093d64193d600628eb3ecbfee16f95e663df438c3e988a898976d7e140d4ffc15c2db16b1ad2226286b9fcaa0f21defc0a735823fd4001ddc7c39ca76b6f7cbce24a5dfc85c736c3e30c26636ef9c8b755521e63af0be3c52bd392508a00d5d5e49bdc5be5f05ad7e2f88bddb8db304126ccd3e33d0597bbaad745b388ebc7ce752e36750b0faf8ca91d43c8d41b989c1df9ef35f0cc7af09645705685bd03455ebd25ee5b0c40515d91fcf775e8ea9ee4269d256fe5980fe2e4085aa72d4022,gx-no-cache=1496325675154 HTTP/1.1" 200 30
200.86.95.220 - - [01/Jun/2017:11:00:21 -0300] "POST /cormun/servlet/hlogin?b6fa7ecc64f966945981785c3bb499cb,gx-no-cache=1496325678121 HTTP/1.1" 200 90
200.86.95.220 - - [01/Jun/2017:11:00:22 -0300] "GET /cormun/servlet/hpexe_link HTTP/1.1" 200 950
200.86.95.220 - - [01/Jun/2017:11:00:22 -0300] "GET /cormun/servlet/hhome HTTP/1.1" 200 3773
200.86.95.220 - - [01/Jun/2017:11:00:22 -0300] "GET /cormun/static/gxcfg.js?20175251212442 HTTP/1.1" 200 953
200.86.95.220 - - [01/Jun/2017:11:00:23 -0300] "GET /cormun/static/hhome.js?20175251212450 HTTP/1.1" 200 777
200.86.95.220 - - [01/Jun/2017:11:00:28 -0300] "GET /cormun/servlet/trpermisosgoce? HTTP/1.1" 200 9872
201.236.59.211 - - [01/Jun/2017:11:00:39 -0300] "GET /cormun/servlet/licenciaspermisos?96bd2717cecce4cee998cfbeb809d9744c153a4e95df460b0f4b5549426d80a65e3552e39ff64237dc3fa47b7a40628216de01a00c99670f2673c6df13c62090e428b397f62fcac4215419b8db9b0dc9675ab8dce43366f20d8bf94f4ea7700e50448be2226240973ef535314a1db0873e8f66cb5d88372687002eb2d3bc5c37a66d52d837ab5728d02b972d2f20deaa325adcb9ef45ed245ff1ae09cbe06f17ed76e0dfce3109670217ec2e99d546f8,gx-no-cache=1496325696908 HTTP/1.1" 200 30
201.236.59.211 - - [01/Jun/2017:11:00:39 -0300] "GET /cormun/servlet/licenciaspermisos?96bd2717cecce4cee998cfbeb809d9745cf694ee835435f19ab08c3095c78299082b3f82e003b5a8e766b00faea70825aafab0f86cb6e8dc7ce5cfa4d557b3be9143fb854660476da9a88f6d44e2295c7c3077853f2b83fb9bab11085262c19e3d05e8b6686062e5438b986595b9ea865a1732240b6af7be24184f8abaa998228a452c5944e38414430528b9e9ba9c82d1c461cdde6750cadc1ae9d6367b68c642bda6e4bec7da8b59ae24a210f9520f,gx-no-cache=1496325697367 HTTP/1.1" 200 29
201.236.59.211 - - [01/Jun/2017:11:00:40 -0300] "POST /cormun/servlet/licenciaspermisos?89012e36ce84aa78c84252e6e8200474,INS,0,,,,gx-no-cache=1496325697615 HTTP/1.1" 200 93
201.236.59.211 - - [01/Jun/2017:11:00:40 -0300] "GET /cormun/servlet/hpexe_return? HTTP/1.1" 200 1035
201.236.59.211 - - [01/Jun/2017:11:00:41 -0300] "GET /cormun/servlet/trlicencias?gx-no-cache=1496325065265 HTTP/1.1" 200 8036
201.236.59.211 - - [01/Jun/2017:11:00:43 -0300] "GET /cormun/servlet/trlicencias?gx-no-cache=1496325065265 HTTP/1.1" 200 8054
201.236.59.211 - - [01/Jun/2017:11:00:50 -0300] "POST /cormun/servlet/trlicencias?89012e36ce84aa78c84252e6e8200474,gx-no-cache=1496325065265,gx-no-cache=1496325707902 HTTP/1.1" 200 5421
201.236.59.211 - - [01/Jun/2017:11:01:02 -0300] "GET /cormun/servlet/trlicenciaspermisosadjuntos?7398710,20170601000000,L, HTTP/1.1" 200 6326
201.236.59.211 - - [01/Jun/2017:11:01:04 -0300] "GET /cormun/servlet/trlicenciaspermisosadjuntos?7398710,20170601000000,L, HTTP/1.1" 200 6305
201.236.59.211 - - [01/Jun/2017:11:01:08 -0300] "GET /cormun/servlet/licenciaspermisosadjuntos?INS,7398710,L,20170601000000,, HTTP/1.1" 200 5604
201.236.59.211 - - [01/Jun/2017:11:01:09 -0300] "GET /cormun/static/about:blank HTTP/1.1" 404 1011
201.236.59.211 - - [01/Jun/2017:11:01:10 -0300] "GET /cormun/servlet/licenciaspermisosadjuntos?INS,7398710,L,20170601000000,, HTTP/1.1" 200 5594
200.111.191.210 - - [01/Jun/2017:11:01:21 -0300] "POST /cormun/servlet/hlogin?efad860a81185e1c599f05fbbfd9ecda,gx-no-cache=1496325734762 HTTP/1.1" 200 90
200.111.191.210 - - [01/Jun/2017:11:01:21 -0300] "GET /cormun/servlet/hpexe_link HTTP/1.1" 200 950
200.111.191.210 - - [01/Jun/2017:11:01:21 -0300] "GET /cormun/servlet/hhome HTTP/1.1" 200 3778
200.111.191.210 - - [01/Jun/2017:11:01:21 -0300] "GET /cormun/servlet/hhome HTTP/1.1" 200 3774
186.79.230.29 - - [01/Jun/2017:11:01:29 -0300] "GET /cormun/servlet/hlogin HTTP/1.1" 200 1725
186.79.230.29 - - [01/Jun/2017:11:01:29 -0300] "GET /cormun/static/gxcfg.js?20175251213516 HTTP/1.1" 200 953
186.79.230.29 - - [01/Jun/2017:11:01:29 -0300] "GET /cormun/static/hlogin.js?20175251213537 HTTP/1.1" 200 2136
186.79.230.29 - - [01/Jun/2017:11:01:29 -0300] "GET /cormun/static/Resources/Spanish/PXTools.css?11423723 HTTP/1.1" 200 89042
186.79.230.29 - - [01/Jun/2017:11:01:30 -0300] "GET /cormun/servlet/hlogin HTTP/1.1" 200 1735
201.236.59.211 - - [01/Jun/2017:11:01:32 -0300] "POST /cormun/servlet/licenciaspermisosadjuntos?89012e36ce84aa78c84252e6e8200474,INS,7398710,L,20170601000000,, HTTP/1.1" 200 116
201.236.59.211 - - [01/Jun/2017:11:01:32 -0300] "GET /cormun/servlet/hpexe_return? HTTP/1.1" 200 1043
201.236.59.211 - - [01/Jun/2017:11:01:33 -0300] "GET /cormun/servlet/trlicenciaspermisosadjuntos?7398710,20170601000000,L, HTTP/1.1" 200 6790
201.236.59.211 - - [01/Jun/2017:11:01:34 -0300] "GET /cormun/servlet/trlicenciaspermisosadjuntos?7398710,20170601000000,L, HTTP/1.1" 200 6785
201.236.59.211 - - [01/Jun/2017:11:01:37 -0300] "GET /cormun/PublicTempStorage/l._medica_31_mayo6992340.jpg HTTP/1.1" 200 478267
201.236.59.211 - - [01/Jun/2017:11:01:39 -0300] "POST /cormun/servlet/trlicenciaspermisosadjuntos?89012e36ce84aa78c84252e6e8200474,7398710,20170601000000,L,,gx-no-cache=1496325755809 HTTP/1.1" 200 90
201.236.59.211 - - [01/Jun/2017:11:01:40 -0300] "GET /cormun/servlet/hpexe_link HTTP/1.1" 200 1005
201.236.59.211 - - [01/Jun/2017:11:01:40 -0300] "GET /cormun/servlet/trlicencias?gx-no-cache=1496325065265 HTTP/1.1" 200 8039
201.236.59.211 - - [01/Jun/2017:11:01:41 -0300] "GET /cormun/servlet/trlicencias?gx-no-cache=1496325065265 HTTP/1.1" 200 8059
186.79.230.29 - - [01/Jun/2017:11:01:43 -0300] "POST /cormun/servlet/hlogin?98bfa4de6af2477566bcc461694dd6ae,gx-no-cache=1496325755976 HTTP/1.1" 200 448
200.86.95.220 - - [01/Jun/2017:11:01:47 -0300] "GET /cormun/static/SmoothNavMenu/resources/ddsmoothmenu.css?1012540 HTTP/1.1" 200 2223
200.86.95.220 - - [01/Jun/2017:11:01:48 -0300] "GET /cormun/static/gxui/gxui-all.css?110300 HTTP/1.1" 200 2179
200.86.95.220 - - [01/Jun/2017:11:01:48 -0300] "GET /cormun/static/Shared/jqueryui/jquery-ui.min.css?1245370 HTTP/1.1" 200 30288
200.86.95.220 - - [01/Jun/2017:11:01:48 -0300] "GET /cormun/static/calendar-system.css?75620 HTTP/1.1" 200 5572
186.79.230.29 - - [01/Jun/2017:11:01:48 -0300] "POST /cormun/servlet/hlogin?98bfa4de6af2477566bcc461694dd6ae,gx-no-cache=1496325761026 HTTP/1.1" 200 448
200.86.95.220 - - [01/Jun/2017:11:01:48 -0300] "GET /cormun/static/Shared/ext/resources/css/ext-all.css?205870 HTTP/1.1" 200 416045
200.86.95.220 - - [01/Jun/2017:11:01:48 -0300] "GET /cormun/static/Resources/Spanish/PXTools.css?11423723 HTTP/1.1" 200 89042
200.86.95.220 - - [01/Jun/2017:11:01:48 -0300] "GET /cormun/static/SmoothNavMenu/resources/ddsmoothmenu-v.css?1012540 HTTP/1.1" 200 1188
200.86.95.220 - - [01/Jun/2017:11:01:48 -0300] "GET /cormun/static/scaMessage/css/jquery.pnotify.default.css?1716380 HTTP/1.1" 200 1707
186.103.159.46 - - [01/Jun/2017:11:01:49 -0300] "GET /cormun/servlet/trlicenciaspermisosadjuntos?9638570,20170601000000,L, HTTP/1.1" 200 6010
186.103.159.46 - - [01/Jun/2017:11:01:51 -0300] "GET /cormun/servlet/trlicenciaspermisosadjuntos?9638570,20170601000000,L, HTTP/1.1" 200 6010
186.79.230.29 - - [01/Jun/2017:11:01:58 -0300] "POST /cormun/servlet/hlogin?98bfa4de6af2477566bcc461694dd6ae,gx-no-cache=1496325771832 HTTP/1.1" 200 90
186.79.230.29 - - [01/Jun/2017:11:01:59 -0300] "GET /cormun/servlet/hpexe_link HTTP/1.1" 200 955
186.79.230.29 - - [01/Jun/2017:11:01:59 -0300] "GET /cormun/static/gxcfg.js?20175251212395 HTTP/1.1" 200 953
186.79.230.29 - - [01/Jun/2017:11:01:59 -0300] "GET /cormun/static/hpexe_link.js?20175251212399 HTTP/1.1" 200 625
186.79.230.29 - - [01/Jun/2017:11:01:59 -0300] "GET /cormun/servlet/hhome HTTP/1.1" 200 4017
186.79.230.29 - - [01/Jun/2017:11:01:59 -0300] "GET /cormun/static/gxcfg.js?20175251212442 HTTP/1.1" 200 953
186.79.230.29 - - [01/Jun/2017:11:01:59 -0300] "GET /cormun/static/hhome.js?20175251212450 HTTP/1.1" 200 777
186.79.230.29 - - [01/Jun/2017:11:01:59 -0300] "GET /cormun/static/hwchdr01.js?201752511465785 HTTP/1.1" 200 1183
186.79.230.29 - - [01/Jun/2017:11:01:59 -0300] "GET /cormun/static/hpexe_scripts.js?201752511465715 HTTP/1.1" 200 1544
186.79.230.29 - - [01/Jun/2017:11:01:59 -0300] "GET /cormun/static/hpexe_messagegenexuscomponent.js?201752511465344 HTTP/1.1" 200 587
186.79.230.29 - - [01/Jun/2017:11:01:59 -0300] "GET /cormun/static/cmcontrolpreferences.js?201752511465670 HTTP/1.1" 200 1375
186.79.230.29 - - [01/Jun/2017:11:01:59 -0300] "GET /cormun/static/hmpwkw03.js?2017525121347 HTTP/1.1" 200 3965
186.79.230.29 - - [01/Jun/2017:11:02:00 -0300] "GET /cormun/servlet/hhome HTTP/1.1" 200 4014
186.79.230.29 - - [01/Jun/2017:11:02:03 -0300] "GET /cormun/servlet/trpermisosgoce? HTTP/1.1" 200 9791
186.79.230.29 - - [01/Jun/2017:11:02:03 -0300] "GET /cormun/static/gxcfg.js?20175251265886 HTTP/1.1" 200 953
186.79.230.29 - - [01/Jun/2017:11:02:03 -0300] "GET /cormun/static/trpermisosgoce.js?2017525127453 HTTP/1.1" 200 35904
186.79.230.29 - - [01/Jun/2017:11:02:04 -0300] "GET /cormun/servlet/trpermisosgoce? HTTP/1.1" 200 9787
186.79.230.29 - - [01/Jun/2017:11:02:04 -0300] "GET /cormun//static/Resources/PXToolsActionDisabled.gif HTTP/1.1" 200 53
201.236.59.211 - - [01/Jun/2017:11:02:07 -0300] "POST /cormun/servlet/trlicencias?89012e36ce84aa78c84252e6e8200474,gx-no-cache=1496325065265,gx-no-cache=1496325783898 HTTP/1.1" 200 4257
201.236.59.211 - - [01/Jun/2017:11:02:07 -0300] "GET /cormun/static/Shared/jqueryui/images/ui-bg_highlight-soft_100_c6c2c8_1x100.png HTTP/1.1" 404 1117
201.236.59.211 - - [01/Jun/2017:11:02:07 -0300] "GET /cormun/static/Shared/jqueryui/images/ui-icons_82798d_256x240.png HTTP/1.1" 404 1089
201.236.59.211 - - [01/Jun/2017:11:02:07 -0300] "GET /cormun/static/Shared/jqueryui/images/ui-bg_flat_55_fafafa_40x100.png HTTP/1.1" 404 1097
201.236.59.211 - - [01/Jun/2017:11:02:07 -0300] "GET /cormun/static/Shared/jqueryui/images/ui-icons_8d78a5_256x240.png HTTP/1.1" 404 1089
186.79.230.29 - - [01/Jun/2017:11:02:18 -0300] "GET /cormun/servlet/trpermisosadjuntos?14011465,20170531094325,P, HTTP/1.1" 200 6335
186.79.230.29 - - [01/Jun/2017:11:02:18 -0300] "GET /cormun/static/gxcfg.js?20175251271483 HTTP/1.1" 200 953
186.79.230.29 - - [01/Jun/2017:11:02:18 -0300] "GET /cormun/static/trpermisosadjuntos.js?20175251271844 HTTP/1.1" 200 20076
186.79.230.29 - - [01/Jun/2017:11:02:19 -0300] "GET /cormun/servlet/trpermisosadjuntos?14011465,20170531094325,P, HTTP/1.1" 200 6335
186.79.230.29 - - [01/Jun/2017:11:02:21 -0300] "GET /cormun/servlet/permisosadjuntos?INS,14011465,P,20170531094325,, HTTP/1.1" 200 5665
201.236.59.211 - - [01/Jun/2017:11:02:21 -0300] "POST /cormun/servlet/trlicencias?89012e36ce84aa78c84252e6e8200474,gx-no-cache=1496325065265,gx-no-cache=1496325798258 HTTP/1.1" 200 5770
186.79.230.29 - - [01/Jun/2017:11:02:21 -0300] "GET /cormun/static/about:blank HTTP/1.1" 404 1011
186.79.230.29 - - [01/Jun/2017:11:02:21 -0300] "GET /cormun/servlet/permisosadjuntos?INS,14011465,P,20170531094325,, HTTP/1.1" 200 5655
201.236.59.211 - - [01/Jun/2017:11:02:27 -0300] "GET /cormun/servlet/alicenciaprn?7398710,L,20170601000000,PU HTTP/1.1" 200 1524
186.79.230.29 - - [01/Jun/2017:11:02:36 -0300] "POST /cormun/servlet/permisosadjuntos?98bfa4de6af2477566bcc461694dd6ae,INS,14011465,P,20170531094325,, HTTP/1.1" 200 116
186.79.230.29 - - [01/Jun/2017:11:02:36 -0300] "GET /cormun/servlet/hpexe_return? HTTP/1.1" 200 1041
186.79.230.29 - - [01/Jun/2017:11:02:37 -0300] "GET /cormun/servlet/trpermisosadjuntos?14011465,20170531094325,P, HTTP/1.1" 200 6794
186.79.230.29 - - [01/Jun/2017:11:02:37 -0300] "GET /cormun/servlet/trpermisosadjuntos?14011465,20170531094325,P, HTTP/1.1" 200 6791
186.79.230.29 - - [01/Jun/2017:11:02:42 -0300] "POST /cormun/servlet/trpermisosadjuntos?98bfa4de6af2477566bcc461694dd6ae,14011465,20170531094325,P,,gx-no-cache=1496325815385 HTTP/1.1" 200 90
186.79.230.29 - - [01/Jun/2017:11:02:42 -0300] "GET /cormun/servlet/hpexe_link HTTP/1.1" 200 985
186.79.230.29 - - [01/Jun/2017:11:02:42 -0300] "GET /cormun/servlet/trpermisosgoce HTTP/1.1" 200 9791
186.79.230.29 - - [01/Jun/2017:11:02:43 -0300] "GET /cormun/servlet/trpermisosgoce HTTP/1.1" 200 9787
186.79.230.29 - - [01/Jun/2017:11:02:51 -0300] "POST /cormun/servlet/trpermisosgoce?98bfa4de6af2477566bcc461694dd6ae,gx-no-cache=1496325823479 HTTP/1.1" 200 6973
186.79.230.29 - - [01/Jun/2017:11:02:51 -0300] "GET /cormun/static/Shared/jqueryui/images/ui-bg_highlight-soft_100_c6c2c8_1x100.png HTTP/1.1" 404 1117
186.79.230.29 - - [01/Jun/2017:11:02:51 -0300] "GET /cormun/static/Shared/jqueryui/images/ui-icons_82798d_256x240.png HTTP/1.1" 404 1089
186.79.230.29 - - [01/Jun/2017:11:02:51 -0300] "GET /cormun/static/Shared/jqueryui/images/ui-bg_flat_55_fafafa_40x100.png HTTP/1.1" 404 1097
186.79.230.29 - - [01/Jun/2017:11:02:51 -0300] "GET /cormun/static/Shared/jqueryui/images/ui-icons_8d78a5_256x240.png HTTP/1.1" 404 1089
186.79.230.29 - - [01/Jun/2017:11:03:05 -0300] "GET /cormun/servlet/trautorizarpermisogoce? HTTP/1.1" 200 7682
186.79.230.29 - - [01/Jun/2017:11:03:05 -0300] "GET /cormun/static/gxcfg.js?20175251272542 HTTP/1.1" 200 953
186.79.230.29 - - [01/Jun/2017:11:03:05 -0300] "GET /cormun/static/trautorizarpermisogoce.js?20175251273090 HTTP/1.1" 200 34948
186.79.230.29 - - [01/Jun/2017:11:03:06 -0300] "GET /cormun/servlet/trautorizarpermisogoce? HTTP/1.1" 200 7681
186.79.230.29 - - [01/Jun/2017:11:03:12 -0300] "POST /cormun/servlet/trautorizarpermisogoce?98bfa4de6af2477566bcc461694dd6ae,,gx-no-cache=1496325844814 HTTP/1.1" 200 4192
186.79.230.29 - - [01/Jun/2017:11:03:12 -0300] "GET /cormun/static/Shared/jqueryui/images/ui-bg_highlight-soft_100_c6c2c8_1x100.png HTTP/1.1" 404 1117
186.79.230.29 - - [01/Jun/2017:11:03:12 -0300] "GET /cormun/static/Shared/jqueryui/images/ui-icons_82798d_256x240.png HTTP/1.1" 404 1089
186.79.230.29 - - [01/Jun/2017:11:03:12 -0300] "GET /cormun/static/Shared/jqueryui/images/ui-bg_flat_55_fafafa_40x100.png HTTP/1.1" 404 1097
186.79.230.29 - - [01/Jun/2017:11:03:12 -0300] "GET /cormun/static/Shared/jqueryui/images/ui-icons_8d78a5_256x240.png HTTP/1.1" 404 1089
186.79.230.29 - - [01/Jun/2017:11:03:18 -0300] "GET /cormun/servlet/trpermisosgoce? HTTP/1.1" 200 9734
186.79.230.29 - - [01/Jun/2017:11:03:19 -0300] "GET /cormun/servlet/trpermisosgoce? HTTP/1.1" 200 9734
200.86.95.220 - - [01/Jun/2017:11:03:20 -0300] "GET /cormun/servlet/trpermisosingoce? HTTP/1.1" 200 6656
200.86.95.220 - - [01/Jun/2017:11:03:20 -0300] "GET /cormun/static/gxcfg.js?201742714253516 HTTP/1.1" 200 953
200.86.95.220 - - [01/Jun/2017:11:03:20 -0300] "GET /cormun/static/Resources/Spanish/PXTools.css?11294912 HTTP/1.1" 200 89042
200.86.95.220 - - [01/Jun/2017:11:03:20 -0300] "GET /cormun/static/trpermisosingoce.js?201742714253970 HTTP/1.1" 200 34472
186.79.230.29 - - [01/Jun/2017:11:03:24 -0300] "GET /cormun/servlet/hlogin HTTP/1.1" 200 1744
186.79.158.127 - - [01/Jun/2017:11:03:52 -0300] "POST /cormun/servlet/solicitudot?gx-no-cache=1496325891827 HTTP/1.1" 200 30
186.79.158.127 - - [01/Jun/2017:11:03:54 -0300] "GET /cormun/servlet/prcontratosol?18105193,,,,,MD,,gxPopupLevel%3D0%3B HTTP/1.1" 200 5893
186.79.158.127 - - [01/Jun/2017:11:03:54 -0300] "GET /cormun/static/gxcfg.js?201731711522183 HTTP/1.1" 200 953
186.79.158.127 - - [01/Jun/2017:11:03:54 -0300] "GET /cormun/static/Resources/PXToolsGridFirst.gif HTTP/1.1" 200 379
186.79.158.127 - - [01/Jun/2017:11:03:54 -0300] "GET /cormun/static/menusearch.js?201610171694467 HTTP/1.1" 200 1424
186.79.158.127 - - [01/Jun/2017:11:03:54 -0300] "GET /cormun/static/hmpwkw011.js?20175251212473 HTTP/1.1" 200 1968
186.79.158.127 - - [01/Jun/2017:11:03:54 -0300] "GET /cormun/static/prcontratosol.js?201731711522419 HTTP/1.1" 200 14084
186.79.158.127 - - [01/Jun/2017:11:03:54 -0300] "GET /cormun/static/Resources/PXToolsGridPrevious.gif HTTP/1.1" 200 369
186.79.158.127 - - [01/Jun/2017:11:03:54 -0300] "GET /cormun/static/Resources/PXToolsGridNext.gif HTTP/1.1" 200 369
186.79.158.127 - - [01/Jun/2017:11:03:54 -0300] "GET /cormun/static/Resources/PXToolsGridLast.gif HTTP/1.1" 200 370
186.79.158.127 - - [01/Jun/2017:11:04:00 -0300] "POST /cormun/servlet/solicitudot?gx-no-cache=1496325900672 HTTP/1.1" 200 1301
186.79.158.127 - - [01/Jun/2017:11:04:00 -0300] "POST /cormun/servlet/solicitudot?gx-no-cache=1496325900815 HTTP/1.1" 200 38
186.79.158.127 - - [01/Jun/2017:11:04:01 -0300] "GET /cormun/servlet/solicitudot?f8da6b879cd2a47ee6996e4a95fc2bf73a486ca2ddd139e53ca4f1b0ef678f2cb0fa8da35fa96880e9288827243b08d14e77c7f3d69a940238c7ca52d4a1690aacda8549f8c7ca0e865071b754708109ed18a0590215ea5dee4b13f97a05a2f1fb2a10a8ec6cf619fe8459a607ab1c30,gx-no-cache=1496325900900 HTTP/1.1" 200 29
186.79.158.127 - - [01/Jun/2017:11:04:01 -0300] "POST /cormun/servlet/solicitudot?gx-no-cache=1496325900969 HTTP/1.1" 200 1280
186.79.158.127 - - [01/Jun/2017:11:04:25 -0300] "POST /cormun/servlet/solicitudot?gx-no-cache=1496325924644 HTTP/1.1" 200 1280
186.79.158.127 - - [01/Jun/2017:11:04:25 -0300] "POST /cormun/servlet/solicitudot?gx-no-cache=1496325924929 HTTP/1.1" 200 33
186.79.158.127 - - [01/Jun/2017:11:04:25 -0300] "POST /cormun/servlet/solicitudot?695315c46fdca611e4bc7c249439eb35,INS,0,0,,gx-no-cache=1496325925038 HTTP/1.1" 200 93
186.79.158.127 - - [01/Jun/2017:11:04:25 -0300] "GET /cormun/servlet/hpexe_return? HTTP/1.1" 200 1002
186.79.158.127 - - [01/Jun/2017:11:04:26 -0300] "GET /cormun/servlet/trsolicitudot HTTP/1.1" 200 11422
186.79.158.127 - - [01/Jun/2017:11:04:27 -0300] "GET /cormun/servlet/trsolicitudot HTTP/1.1" 200 11418
201.236.59.211 - - [01/Jun/2017:11:05:09 -0300] "GET /cormun/servlet/hlogin HTTP/1.1" 200 1758
186.79.158.127 - - [01/Jun/2017:11:07:09 -0300] "GET /cormun/servlet/solicitudot?INS,0,0, HTTP/1.1" 200 12612
186.79.158.127 - - [01/Jun/2017:11:07:10 -0300] "GET /cormun/servlet/solicitudot?INS,0,0, HTTP/1.1" 200 12617
200.112.6.16 - - [01/Jun/2017:11:07:13 -0300] "GET /cormun/servlet/trlicencias? HTTP/1.1" 200 6046
200.112.6.16 - - [01/Jun/2017:11:07:14 -0300] "GET /cormun/servlet/trlicencias? HTTP/1.1" 200 6046
200.112.6.16 - - [01/Jun/2017:11:07:14 -0300] "GET /cormun/servlet/hlogin HTTP/1.1" 200 1736
200.112.6.16 - - [01/Jun/2017:11:07:20 -0300] "POST /cormun/servlet/hlogin?2e62a89a164a3130f7d363214c975798,gx-no-cache=1496326096221 HTTP/1.1" 200 90
200.112.6.16 - - [01/Jun/2017:11:07:20 -0300] "GET /cormun/servlet/hpexe_link HTTP/1.1" 200 954
200.112.6.16 - - [01/Jun/2017:11:07:21 -0300] "GET /cormun/servlet/trlicencias HTTP/1.1" 200 13852
200.112.6.16 - - [01/Jun/2017:11:07:21 -0300] "GET /cormun/servlet/trlicencias HTTP/1.1" 200 13854
186.79.158.127 - - [01/Jun/2017:11:07:27 -0300] "POST /cormun/servlet/solicitudot?gx-no-cache=1496326106455 HTTP/1.1" 200 3217
186.79.158.127 - - [01/Jun/2017:11:07:27 -0300] "POST /cormun/servlet/solicitudot?695315c46fdca611e4bc7c249439eb35,INS,0,0,,gx-no-cache=1496326107045 HTTP/1.1" 200 9825
200.112.6.16 - - [01/Jun/2017:11:07:30 -0300] "POST /cormun/servlet/trlicencias?2e62a89a164a3130f7d363214c975798,gx-no-cache=1496326104541 HTTP/1.1" 200 3843
200.112.6.16 - - [01/Jun/2017:11:07:32 -0300] "GET /cormun/servlet/licenciaspermisos?INS,0,,, HTTP/1.1" 200 7464
200.112.6.16 - - [01/Jun/2017:11:07:33 -0300] "GET /cormun/servlet/licenciaspermisos?INS,0,,, HTTP/1.1" 200 7462
200.112.6.16 - - [01/Jun/2017:11:07:36 -0300] "GET /cormun/servlet/trpermisosgoce? HTTP/1.1" 200 15608
200.112.6.16 - - [01/Jun/2017:11:07:37 -0300] "GET /cormun/static/gxcfg.js?20175251265886 HTTP/1.1" 200 953
200.112.6.16 - - [01/Jun/2017:11:07:37 -0300] "GET /cormun/static/trpermisosgoce.js?2017525127453 HTTP/1.1" 200 35904
200.112.6.16 - - [01/Jun/2017:11:07:37 -0300] "GET /cormun/servlet/trpermisosgoce? HTTP/1.1" 200 15598
186.79.158.127 - - [01/Jun/2017:11:07:38 -0300] "GET /cormun/servlet/solicitudot?f8da6b879cd2a47ee6996e4a95fc2bf77f963cc5baa3183d5568e0534d7f00cdaa79e55ebf98a5e5b2bd67d3f85d31b2,gx-no-cache=1496326118185 HTTP/1.1" 200 30
186.79.158.127 - - [01/Jun/2017:11:07:38 -0300] "POST /cormun/servlet/solicitudot?gx-no-cache=1496326118305 HTTP/1.1" 200 256
186.79.158.127 - - [01/Jun/2017:11:07:38 -0300] "GET /cormun/servlet/solicitudot?f8da6b879cd2a47ee6996e4a95fc2bf79059f7cc593d96caa545beb4e0edbcbfeba3c1278ccf849c0595c3cff334e6b66faaf93637c5ed58063b5ff4ec0f936247b1aa550d0d78e80bd348dccf84a94243e87f888b4c6311614be3068ab3274619ffdbb897fad926f936594d6fd99c07cb7ea8cf6cfb95ae84f6119a2eb2c98fdad012157ec5badedb754ff48736e562d23141864977dfce9a08c0355a8c84ceb4ce32a189170d5da487a18f02489440551b6092bbfa6f2502dc32eacefb6ebf093d64193d600628eb3ecbfee16f95e663df438c3e988a898976d7e140d4ffc15c2db16b1ad2226286b9fcaa0f21defc0a735823fd4001ddc7c39ca76b6f7cbce24a5dfc85c736c3e30c26636ef9c8b755521e63af0be3c52bd392508a00d5d5e49bdc5be5f05ad7e2f88bddb8db304126ccd3e33d0597bbaad745b388ebc7ce752e36750b0faf8ca91d43c8d41b989c1df9ef35f0cc7af09645705685bd03455ebd25ee5b0c40515d91fcf775e8ea9ee4269d256fe5980fe2e4085aa72d4022,gx-no-cache=1496326118397 HTTP/1.1" 200 30
200.112.6.16 - - [01/Jun/2017:11:07:43 -0300] "POST /cormun/servlet/trpermisosgoce?2e62a89a164a3130f7d363214c975798,,gx-no-cache=1496326118014 HTTP/1.1" 200 5016
200.112.6.16 - - [01/Jun/2017:11:07:45 -0300] "GET /cormun/servlet/permisogoce?INS,0,,, HTTP/1.1" 200 6872
200.112.6.16 - - [01/Jun/2017:11:07:46 -0300] "GET /cormun/static/gxcfg.js?201752511545264 HTTP/1.1" 200 953
200.112.6.16 - - [01/Jun/2017:11:07:46 -0300] "GET /cormun/static/permisogoce.js?201752511545340 HTTP/1.1" 200 27885
200.112.6.16 - - [01/Jun/2017:11:07:46 -0300] "GET /cormun/servlet/permisogoce?INS,0,,, HTTP/1.1" 200 6872
200.112.6.16 - - [01/Jun/2017:11:07:50 -0300] "GET /cormun/servlet/prfichaempleado?,MD,,gxPopupLevel%3D0%3B HTTP/1.1" 200 8878
200.112.6.16 - - [01/Jun/2017:11:07:56 -0300] "POST /cormun/servlet/prfichaempleado?2e62a89a164a3130f7d363214c975798,,MD,,gxPopupLevel%3D0%3B,gx-no-cache=1496326131387 HTTP/1.1" 200 4613
200.112.6.16 - - [01/Jun/2017:11:08:05 -0300] "GET /cormun/servlet/permisogoce?8f6cfa5636b940d0a44f812332731758f7fc6efb1aea6b6f4a2a0df98e8683ed0adde33699e383c699c1b4935d9c6f323bf30105014b9e386c1d9e569a2637ad,gx-no-cache=1496326141395 HTTP/1.1" 200 74
186.79.158.127 - - [01/Jun/2017:11:08:06 -0300] "POST /cormun/servlet/solicitudot?gx-no-cache=1496326146592 HTTP/1.1" 200 30
186.79.158.127 - - [01/Jun/2017:11:08:08 -0300] "GET /cormun/servlet/prcontratosol?14197061,,,,,MD,,gxPopupLevel%3D0%3B HTTP/1.1" 200 5893
186.79.158.127 - - [01/Jun/2017:11:08:11 -0300] "POST /cormun/servlet/solicitudot?gx-no-cache=1496326151087 HTTP/1.1" 200 1301
186.79.158.127 - - [01/Jun/2017:11:08:11 -0300] "POST /cormun/servlet/solicitudot?gx-no-cache=1496326151197 HTTP/1.1" 200 38
186.79.158.127 - - [01/Jun/2017:11:08:11 -0300] "GET /cormun/servlet/solicitudot?f8da6b879cd2a47ee6996e4a95fc2bf73a486ca2ddd139e53ca4f1b0ef678f2cb0fa8da35fa96880e9288827243b08d14e77c7f3d69a940238c7ca52d4a1690aacda8549f8c7ca0e865071b754708109ed18a0590215ea5dee4b13f97a05a2f1fb2a10a8ec6cf619fe8459a607ab1c30,gx-no-cache=1496326151306 HTTP/1.1" 200 29
186.79.158.127 - - [01/Jun/2017:11:08:11 -0300] "POST /cormun/servlet/solicitudot?gx-no-cache=1496326151405 HTTP/1.1" 200 1280
200.112.6.16 - - [01/Jun/2017:11:08:13 -0300] "GET /cormun/servlet/permisogoce?8f6cfa5636b940d0a44f8123327317581ef73ef3efb32e4ca1e4bb9fa6632c4b2f42e8a6f5dd8592e47ad598814e8be608b0949af053932a7ec3285649fca0f8,gx-no-cache=1496326149145 HTTP/1.1" 200 47
200.111.191.210 - - [01/Jun/2017:11:08:15 -0300] "GET /cormun/servlet/trsolicitudot? HTTP/1.1" 200 17532
200.111.191.210 - - [01/Jun/2017:11:08:16 -0300] "GET /cormun/servlet/trsolicitudot? HTTP/1.1" 200 17529
200.111.191.210 - - [01/Jun/2017:11:08:16 -0300] "GET /cormun/servlet/trsolicitudot? HTTP/1.1" 200 17529
200.112.6.16 - - [01/Jun/2017:11:08:17 -0300] "POST /cormun/servlet/permisogoce?2e62a89a164a3130f7d363214c975798,INS,0,,,,gx-no-cache=1496326152126 HTTP/1.1" 200 93
200.111.191.210 - - [01/Jun/2017:11:08:17 -0300] "GET /cormun/servlet/trsolicitudot? HTTP/1.1" 200 17529
200.112.6.16 - - [01/Jun/2017:11:08:17 -0300] "GET /cormun/servlet/hpexe_return? HTTP/1.1" 200 1009
200.112.6.16 - - [01/Jun/2017:11:08:17 -0300] "GET /cormun/servlet/trpermisosgoce? HTTP/1.1" 200 8113
200.112.6.16 - - [01/Jun/2017:11:08:18 -0300] "GET /cormun/servlet/trpermisosgoce? HTTP/1.1" 200 8109
200.112.6.16 - - [01/Jun/2017:11:08:21 -0300] "GET /cormun/servlet/trpermisosadjuntos?15526652,20170601110747,P, HTTP/1.1" 200 6343
200.112.6.16 - - [01/Jun/2017:11:08:21 -0300] "GET /cormun/static/gxcfg.js?20175251271483 HTTP/1.1" 200 953
200.112.6.16 - - [01/Jun/2017:11:08:22 -0300] "GET /cormun/static/trpermisosadjuntos.js?20175251271844 HTTP/1.1" 200 20076
