200.112.6.16 - - [01/Jun/2017:09:44:03 -0300] "GET /cormun/servlet/trlicencias? HTTP/1.1" 200 8097
200.112.6.16 - - [01/Jun/2017:09:44:06 -0300] "GET /cormun/servlet/trlicenciaspermisosadjuntos?6994760,20170601000000,L, HTTP/1.1" 200 6366
200.112.6.16 - - [01/Jun/2017:09:44:06 -0300] "GET /cormun/static/gxcfg.js?20175251265349 HTTP/1.1" 200 953
200.112.6.16 - - [01/Jun/2017:09:44:06 -0300] "GET /cormun/static/trlicenciaspermisosadjuntos.js?2017525126577 HTTP/1.1" 200 21036
200.112.6.16 - - [01/Jun/2017:09:44:06 -0300] "GET /cormun/servlet/trlicenciaspermisosadjuntos?6994760,20170601000000,L, HTTP/1.1" 200 6367
192.168.10.89 - - [01/Jun/2017:09:44:07 -0300] "GET /cormunbeta/servlet/hlogin HTTP/1.1" 200 1723
192.168.10.89 - - [01/Jun/2017:09:44:07 -0300] "GET /cormunbeta/static/Resources/Spanish/PXTools.css?11423723 HTTP/1.1" 304 -
192.168.10.89 - - [01/Jun/2017:09:44:07 -0300] "GET /cormunbeta/static/gxcfg.js?20175251213516 HTTP/1.1" 304 -
192.168.10.89 - - [01/Jun/2017:09:44:07 -0300] "GET /cormunbeta/static/messages.spa.js?85251 HTTP/1.1" 304 -
192.168.10.89 - - [01/Jun/2017:09:44:07 -0300] "GET /cormunbeta/static/hlogin.js?20175251213537 HTTP/1.1" 304 -
192.168.10.89 - - [01/Jun/2017:09:44:07 -0300] "GET /cormunbeta/servlet/hlogin HTTP/1.1" 200 1737
200.112.6.16 - - [01/Jun/2017:09:44:09 -0300] "GET /cormun/servlet/licenciaspermisosadjuntos?INS,6994760,L,20170601000000,, HTTP/1.1" 200 5665
200.112.6.16 - - [01/Jun/2017:09:44:09 -0300] "GET /cormun/static/gxcfg.js?201752511544364 HTTP/1.1" 200 953
200.112.6.16 - - [01/Jun/2017:09:44:09 -0300] "GET /cormun/static/licenciaspermisosadjuntos.js?201752511544378 HTTP/1.1" 200 8760
200.112.6.16 - - [01/Jun/2017:09:44:09 -0300] "GET /cormun/static/about:blank HTTP/1.1" 404 1011
200.112.6.16 - - [01/Jun/2017:09:44:09 -0300] "GET /cormun/servlet/licenciaspermisosadjuntos?INS,6994760,L,20170601000000,, HTTP/1.1" 200 5654
186.79.176.28 - - [01/Jun/2017:09:44:09 -0300] "POST /cormun/servlet/solicitudotadjuntos?gx-no-cache=1496321109524 HTTP/1.1" 200 26
192.168.10.89 - - [01/Jun/2017:09:44:10 -0300] "GET /cormun/servlet/hlogin HTTP/1.1" 200 1718
192.168.10.89 - - [01/Jun/2017:09:44:10 -0300] "GET /cormun/static/Resources/Spanish/PXTools.css?11423723 HTTP/1.1" 304 -
192.168.10.89 - - [01/Jun/2017:09:44:10 -0300] "GET /cormun/static/gxcfg.js?20175251213516 HTTP/1.1" 200 953
192.168.10.89 - - [01/Jun/2017:09:44:10 -0300] "GET /cormun/static/hlogin.js?20175251213537 HTTP/1.1" 304 -
192.168.10.89 - - [01/Jun/2017:09:44:16 -0300] "POST /cormun/servlet/hlogin?b2e3f9dd7914d6654280c837bc264070,gx-no-cache=1496321058399 HTTP/1.1" 200 90
192.168.10.89 - - [01/Jun/2017:09:44:16 -0300] "GET /cormun/servlet/hpexe_link HTTP/1.1" 200 947
192.168.10.89 - - [01/Jun/2017:09:44:16 -0300] "GET /cormun/static/gxcfg.js?20175251212395 HTTP/1.1" 200 953
192.168.10.89 - - [01/Jun/2017:09:44:16 -0300] "GET /cormun/static/hpexe_link.js?20175251212399 HTTP/1.1" 304 -
192.168.10.89 - - [01/Jun/2017:09:44:16 -0300] "GET /cormun/servlet/hhome HTTP/1.1" 200 4519
192.168.10.89 - - [01/Jun/2017:09:44:16 -0300] "GET /cormun/static/gxcfg.js?20175251212442 HTTP/1.1" 200 953
200.112.6.16 - - [01/Jun/2017:09:44:16 -0300] "POST /cormun/servlet/licenciaspermisosadjuntos?a8614d94dbbda7b4e39f6afbab45b7d7,INS,6994760,L,20170601000000,,,gx-no-cache=1496321112593 HTTP/1.1" 200 90
192.168.10.89 - - [01/Jun/2017:09:44:16 -0300] "GET /cormun/static/hhome.js?20175251212450 HTTP/1.1" 304 -
192.168.10.89 - - [01/Jun/2017:09:44:16 -0300] "GET /cormun/static/hwchdr01.js?201752511465785 HTTP/1.1" 304 -
192.168.10.89 - - [01/Jun/2017:09:44:16 -0300] "GET /cormun/static/hpexe_scripts.js?201752511465715 HTTP/1.1" 304 -
192.168.10.89 - - [01/Jun/2017:09:44:16 -0300] "GET /cormun/static/hpexe_messagegenexuscomponent.js?201752511465344 HTTP/1.1" 304 -
192.168.10.89 - - [01/Jun/2017:09:44:16 -0300] "GET /cormun/static/cmcontrolpreferences.js?201752511465670 HTTP/1.1" 304 -
200.112.6.16 - - [01/Jun/2017:09:44:17 -0300] "GET /cormun/servlet/hpexe_link HTTP/1.1" 200 989
192.168.10.89 - - [01/Jun/2017:09:44:17 -0300] "GET /cormun/static/hmpwkw03.js?2017525121347 HTTP/1.1" 304 -
200.112.6.16 - - [01/Jun/2017:09:44:17 -0300] "GET /cormun/servlet/trlicenciaspermisosadjuntos?6994760,20170601000000,L, HTTP/1.1" 200 6367
200.112.6.16 - - [01/Jun/2017:09:44:17 -0300] "GET /cormun/servlet/trlicenciaspermisosadjuntos?6994760,20170601000000,L, HTTP/1.1" 200 6367
186.79.176.28 - - [01/Jun/2017:09:44:19 -0300] "GET /cormun/servlet/solicitudotadjuntos?2e31d65d223b9f339fcfd9267f6bbd9143982a36d6829c5546457f4cea82ba76,gx-no-cache=1496321119735 HTTP/1.1" 200 30
192.168.10.89 - - [01/Jun/2017:09:44:19 -0300] "GET /cormun/servlet/trsolicitudgral? HTTP/1.1" 200 25393
186.79.176.28 - - [01/Jun/2017:09:44:20 -0300] "GET /cormun/servlet/solicitudotadjuntos?2e31d65d223b9f339fcfd9267f6bbd9143982a36d6829c5546457f4cea82ba76,gx-no-cache=1496321119857 HTTP/1.1" 200 30
192.168.10.89 - - [01/Jun/2017:09:44:20 -0300] "GET /cormun/static/gxcfg.js?201742615501069 HTTP/1.1" 200 953
192.168.10.89 - - [01/Jun/2017:09:44:20 -0300] "GET /cormun/static/trsolicitudgral.js?201742615502148 HTTP/1.1" 304 -
200.112.6.16 - - [01/Jun/2017:09:44:20 -0300] "POST /cormun/servlet/trlicenciaspermisosadjuntos?a8614d94dbbda7b4e39f6afbab45b7d7,6994760,20170601000000,L,,gx-no-cache=1496321116613 HTTP/1.1" 200 90
200.112.6.16 - - [01/Jun/2017:09:44:21 -0300] "GET /cormun/servlet/hpexe_link HTTP/1.1" 200 978
200.112.6.16 - - [01/Jun/2017:09:44:21 -0300] "GET /cormun/servlet/trlicencias HTTP/1.1" 200 8099
200.112.6.16 - - [01/Jun/2017:09:44:21 -0300] "GET /cormun/servlet/trlicencias HTTP/1.1" 200 8097
186.79.176.28 - - [01/Jun/2017:09:44:22 -0300] "POST /cormun/servlet/solicitudotadjuntos?13325c3dc2284c6488bc61ac4a277f35,INS,2017,6695,,1, HTTP/1.1" 200 116
186.79.176.28 - - [01/Jun/2017:09:44:23 -0300] "GET /cormun/servlet/hpexe_return? HTTP/1.1" 200 1028
186.79.176.28 - - [01/Jun/2017:09:44:23 -0300] "GET /cormun/servlet/trsolicitudadjuntos?2017,6695, HTTP/1.1" 200 8657
200.112.6.16 - - [01/Jun/2017:09:44:23 -0300] "GET /cormun/servlet/trlicenciaspermisosadjuntos?6994760,20170601000000,L, HTTP/1.1" 200 6366
200.112.6.16 - - [01/Jun/2017:09:44:24 -0300] "GET /cormun/servlet/trlicenciaspermisosadjuntos?6994760,20170601000000,L, HTTP/1.1" 200 6367
186.79.176.28 - - [01/Jun/2017:09:44:24 -0300] "GET /cormun/servlet/trsolicitudadjuntos?2017,6695, HTTP/1.1" 200 8660
200.112.6.16 - - [01/Jun/2017:09:44:25 -0300] "GET /cormun/servlet/licenciaspermisosadjuntos?INS,6994760,L,20170601000000,, HTTP/1.1" 200 5665
192.168.10.89 - - [01/Jun/2017:09:44:25 -0300] "GET /cormun/static/menuarrow.gif HTTP/1.1" 404 1015
200.112.6.16 - - [01/Jun/2017:09:44:25 -0300] "GET /cormun/static/about:blank HTTP/1.1" 404 1011
200.112.6.16 - - [01/Jun/2017:09:44:25 -0300] "GET /cormun/servlet/licenciaspermisosadjuntos?INS,6994760,L,20170601000000,, HTTP/1.1" 200 5654
35.187.149.211 - - [01/Jun/2017:09:44:36 -0300] "GET /rom-0 HTTP/1.1" 404 971
192.168.10.89 - - [01/Jun/2017:09:44:37 -0300] "POST /cormun/servlet/trsolicitudgral?b2e3f9dd7914d6654280c837bc264070,,gx-no-cache=1496321079481 HTTP/1.1" 200 5619
186.79.176.28 - - [01/Jun/2017:09:44:47 -0300] "GET /cormun/servlet/solicitudotadjuntos?INS,2017,6695,,1, HTTP/1.1" 200 5801
186.79.176.28 - - [01/Jun/2017:09:44:47 -0300] "GET /cormun/static/about:blank HTTP/1.1" 404 1011
186.79.176.28 - - [01/Jun/2017:09:44:48 -0300] "GET /cormun/servlet/solicitudotadjuntos?INS,2017,6695,,1, HTTP/1.1" 200 5795
186.79.176.28 - - [01/Jun/2017:09:44:48 -0300] "GET /cormun/servlet/solicitudotadjuntos?2e31d65d223b9f339fcfd9267f6bbd910920acd72ff21569c6b04d1d71f0d0ba937eb0cb76c57e06b73611bea97b49a0,gx-no-cache=1496321148259 HTTP/1.1" 200 30
186.79.176.28 - - [01/Jun/2017:09:44:48 -0300] "POST /cormun/servlet/solicitudotadjuntos?13325c3dc2284c6488bc61ac4a277f35,INS,2017,6695,,1,,gx-no-cache=1496321148444 HTTP/1.1" 200 3684
192.168.10.89 - - [01/Jun/2017:09:44:53 -0300] "POST /cormun/servlet/trsolicitudgral?b2e3f9dd7914d6654280c837bc264070,,gx-no-cache=1496321094928 HTTP/1.1" 200 5621
186.103.248.213 - - [01/Jun/2017:09:44:54 -0300] "GET /cormun/servlet/trlicencias? HTTP/1.1" 200 9737
186.103.248.213 - - [01/Jun/2017:09:44:55 -0300] "GET /cormun/servlet/trlicencias? HTTP/1.1" 200 9737
192.168.10.89 - - [01/Jun/2017:09:44:56 -0300] "POST /cormun/servlet/trsolicitudgral?b2e3f9dd7914d6654280c837bc264070,,gx-no-cache=1496321098768 HTTP/1.1" 200 5616
192.168.10.89 - - [01/Jun/2017:09:45:03 -0300] "POST /cormun/servlet/trsolicitudgral?b2e3f9dd7914d6654280c837bc264070,,gx-no-cache=1496321104989 HTTP/1.1" 200 8744
186.103.248.213 - - [01/Jun/2017:09:45:19 -0300] "GET /cormun/servlet/licenciaspermisos?INS,0,,, HTTP/1.1" 200 7189
186.103.248.213 - - [01/Jun/2017:09:45:20 -0300] "GET /cormun/static/gxcfg.js?201752220471843 HTTP/1.1" 200 953
186.103.248.213 - - [01/Jun/2017:09:45:20 -0300] "GET /cormun/static/licenciaspermisos.js?201752220471934 HTTP/1.1" 200 35774
186.103.248.213 - - [01/Jun/2017:09:45:20 -0300] "GET /cormun/servlet/licenciaspermisos?INS,0,,, HTTP/1.1" 200 7200
186.79.240.243 - - [01/Jun/2017:09:45:51 -0300] "GET /cormun/servlet/hlogin HTTP/1.1" 200 1718
186.79.240.243 - - [01/Jun/2017:09:45:52 -0300] "GET /cormun/static/gxcfg.js?20175251213516 HTTP/1.1" 200 953
186.79.240.243 - - [01/Jun/2017:09:45:53 -0300] "GET /cormun/static/messages.spa.js?85251 HTTP/1.1" 200 30736
186.79.240.243 - - [01/Jun/2017:09:45:54 -0300] "GET /cormun/static/Resources/Spanish/PXTools.css?11423723 HTTP/1.1" 200 89042
186.79.240.243 - - [01/Jun/2017:09:45:54 -0300] "GET /cormun/static/hlogin.js?20175251213537 HTTP/1.1" 200 2136
186.79.240.243 - - [01/Jun/2017:09:45:55 -0300] "GET /cormun/servlet/hlogin HTTP/1.1" 200 1728
186.103.248.213 - - [01/Jun/2017:09:46:21 -0300] "GET /cormun/servlet/licenciaspermisos?INS,0,,, HTTP/1.1" 200 7189
186.103.248.213 - - [01/Jun/2017:09:46:22 -0300] "GET /cormun/servlet/licenciaspermisos?INS,0,,, HTTP/1.1" 200 7200
186.103.248.213 - - [01/Jun/2017:09:46:22 -0300] "GET /favicon.ico HTTP/1.1" 200 21630
186.103.248.213 - - [01/Jun/2017:09:46:24 -0300] "GET /cormun/servlet/prfichaempleado?,MD,,gxPopupLevel%3D0%3B HTTP/1.1" 200 8785
186.103.248.213 - - [01/Jun/2017:09:46:24 -0300] "GET /cormun/static/hmpwkw011.js?20175251212473 HTTP/1.1" 200 1968
192.168.10.89 - - [01/Jun/2017:09:46:33 -0300] "GET /cormun/servlet/trconsultaempleado? HTTP/1.1" 200 10222
192.168.10.89 - - [01/Jun/2017:09:46:34 -0300] "GET /cormun/static/gxcfg.js?20175251255119 HTTP/1.1" 304 -
192.168.10.89 - - [01/Jun/2017:09:46:40 -0300] "POST /cormun/servlet/trconsultaempleado?b2e3f9dd7914d6654280c837bc264070,,gx-no-cache=1496321202156 HTTP/1.1" 200 4195
186.103.248.213 - - [01/Jun/2017:09:46:40 -0300] "POST /cormun/servlet/prfichaempleado?71bea2d7f46e2ae7d8e0a4ce1ee041b3,,MD,,gxPopupLevel%3D0%3B,gx-no-cache=1496321256155 HTTP/1.1" 200 3466
192.168.10.89 - - [01/Jun/2017:09:46:47 -0300] "GET /cormun/servlet/trsolicitudgral? HTTP/1.1" 200 12141
186.103.248.213 - - [01/Jun/2017:09:46:53 -0300] "GET /cormun/servlet/licenciaspermisos?b04ba36324bfe8424194ecdc90376565f3ed017b859ca806041509fc1fd2da41a9a3d9a11b534d4524e477ad0d4cfb14,gx-no-cache=1496321270054 HTTP/1.1" 200 85
186.103.248.213 - - [01/Jun/2017:09:46:54 -0300] "POST /cormun/servlet/licenciaspermisos?71bea2d7f46e2ae7d8e0a4ce1ee041b3,INS,0,,,,gx-no-cache=1496321270159 HTTP/1.1" 200 4489
192.168.10.89 - - [01/Jun/2017:09:47:05 -0300] "POST /cormun/servlet/trsolicitudgral?b2e3f9dd7914d6654280c837bc264070,,gx-no-cache=1496321226869 HTTP/1.1" 200 5634
192.168.10.89 - - [01/Jun/2017:09:47:09 -0300] "POST /cormun/servlet/trsolicitudgral?b2e3f9dd7914d6654280c837bc264070,,gx-no-cache=1496321230946 HTTP/1.1" 200 5635
192.168.10.89 - - [01/Jun/2017:09:47:12 -0300] "POST /cormun/servlet/trsolicitudgral?b2e3f9dd7914d6654280c837bc264070,,gx-no-cache=1496321234060 HTTP/1.1" 200 5634
192.168.10.89 - - [01/Jun/2017:09:47:15 -0300] "POST /cormun/servlet/trsolicitudgral?b2e3f9dd7914d6654280c837bc264070,,gx-no-cache=1496321237186 HTTP/1.1" 200 5636
192.168.10.89 - - [01/Jun/2017:09:47:18 -0300] "POST /cormun/servlet/trsolicitudgral?b2e3f9dd7914d6654280c837bc264070,,gx-no-cache=1496321240186 HTTP/1.1" 200 5635
192.168.10.89 - - [01/Jun/2017:09:47:21 -0300] "POST /cormun/servlet/trsolicitudgral?b2e3f9dd7914d6654280c837bc264070,,gx-no-cache=1496321243486 HTTP/1.1" 200 5637
192.168.10.89 - - [01/Jun/2017:09:47:24 -0300] "POST /cormun/servlet/trsolicitudgral?b2e3f9dd7914d6654280c837bc264070,,gx-no-cache=1496321246545 HTTP/1.1" 200 5635
192.168.10.89 - - [01/Jun/2017:09:47:28 -0300] "POST /cormun/servlet/trsolicitudgral?b2e3f9dd7914d6654280c837bc264070,,gx-no-cache=1496321250275 HTTP/1.1" 200 6920
200.112.6.16 - - [01/Jun/2017:09:47:28 -0300] "POST /cormun/servlet/licenciaspermisosadjuntos?a8614d94dbbda7b4e39f6afbab45b7d7,INS,6994760,L,20170601000000,, HTTP/1.1" 200 116
200.112.6.16 - - [01/Jun/2017:09:47:28 -0300] "GET /cormun/servlet/hpexe_return? HTTP/1.1" 200 1037
200.112.6.16 - - [01/Jun/2017:09:47:30 -0300] "GET /cormun/servlet/trlicenciaspermisosadjuntos?6994760,20170601000000,L, HTTP/1.1" 200 6843
200.112.6.16 - - [01/Jun/2017:09:47:32 -0300] "GET /cormun/servlet/trlicenciaspermisosadjuntos?6994760,20170601000000,L, HTTP/1.1" 200 6839
192.168.10.96 - - [01/Jun/2017:09:47:36 -0300] "GET /cormun/servlet/hlogin HTTP/1.1" 200 1717
192.168.10.96 - - [01/Jun/2017:09:47:36 -0300] "GET /cormun/static/Resources/Spanish/PXTools.css?11423723 HTTP/1.1" 200 89042
192.168.10.96 - - [01/Jun/2017:09:47:36 -0300] "GET /cormun/static/gxcfg.js?20175251213516 HTTP/1.1" 200 953
192.168.10.96 - - [01/Jun/2017:09:47:36 -0300] "GET /cormun/static/hlogin.js?20175251213537 HTTP/1.1" 200 2136
192.168.10.96 - - [01/Jun/2017:09:47:36 -0300] "GET /cormun/servlet/hlogin HTTP/1.1" 200 1728
192.168.10.89 - - [01/Jun/2017:09:47:38 -0300] "POST /cormun/servlet/trsolicitudgral?b2e3f9dd7914d6654280c837bc264070,,gx-no-cache=1496321260768 HTTP/1.1" 200 5636
192.168.10.89 - - [01/Jun/2017:09:47:42 -0300] "POST /cormun/servlet/trsolicitudgral?b2e3f9dd7914d6654280c837bc264070,,gx-no-cache=1496321264354 HTTP/1.1" 200 5636
192.168.10.89 - - [01/Jun/2017:09:47:45 -0300] "POST /cormun/servlet/trsolicitudgral?b2e3f9dd7914d6654280c837bc264070,,gx-no-cache=1496321267479 HTTP/1.1" 200 6924
192.168.10.96 - - [01/Jun/2017:09:47:46 -0300] "POST /cormun/servlet/hlogin?cd7171a36078e6d81d061ca0d7aa3958,gx-no-cache=1496321268063 HTTP/1.1" 200 90
192.168.10.96 - - [01/Jun/2017:09:47:46 -0300] "GET /cormun/servlet/hpexe_link HTTP/1.1" 200 949
192.168.10.96 - - [01/Jun/2017:09:47:46 -0300] "GET /cormun/static/gxcfg.js?20175251212395 HTTP/1.1" 200 953
192.168.10.96 - - [01/Jun/2017:09:47:46 -0300] "GET /cormun/static/hpexe_link.js?20175251212399 HTTP/1.1" 200 625
192.168.10.96 - - [01/Jun/2017:09:47:46 -0300] "GET /cormun/servlet/hhome HTTP/1.1" 200 4328
192.168.10.96 - - [01/Jun/2017:09:47:46 -0300] "GET /cormun/static/gxcfg.js?20175251212442 HTTP/1.1" 200 953
192.168.10.96 - - [01/Jun/2017:09:47:46 -0300] "GET /cormun/static/hwchdr01.js?201752511465785 HTTP/1.1" 200 1183
192.168.10.96 - - [01/Jun/2017:09:47:46 -0300] "GET /cormun/static/hhome.js?20175251212450 HTTP/1.1" 200 777
192.168.10.96 - - [01/Jun/2017:09:47:46 -0300] "GET /cormun/static/hpexe_scripts.js?201752511465715 HTTP/1.1" 200 1544
192.168.10.96 - - [01/Jun/2017:09:47:46 -0300] "GET /cormun/static/hpexe_messagegenexuscomponent.js?201752511465344 HTTP/1.1" 200 587
192.168.10.96 - - [01/Jun/2017:09:47:46 -0300] "GET /cormun/static/cmcontrolpreferences.js?201752511465670 HTTP/1.1" 200 1375
192.168.10.96 - - [01/Jun/2017:09:47:46 -0300] "GET /cormun/static/hmpwkw03.js?2017525121347 HTTP/1.1" 200 3965
192.168.10.96 - - [01/Jun/2017:09:47:47 -0300] "GET /cormun/servlet/hhome HTTP/1.1" 200 4324
186.79.176.28 - - [01/Jun/2017:09:47:59 -0300] "POST /cormun/servlet/solicitudotadjuntos?gx-no-cache=1496321339364 HTTP/1.1" 200 26
192.168.10.96 - - [01/Jun/2017:09:48:00 -0300] "GET /cormun/servlet/trconsultaempleado? HTTP/1.1" 200 10037
192.168.10.96 - - [01/Jun/2017:09:48:00 -0300] "GET /cormun/static/gxcfg.js?20175251255119 HTTP/1.1" 200 953
192.168.10.96 - - [01/Jun/2017:09:48:00 -0300] "GET /cormun/static/trconsultaempleado.js?20175251255418 HTTP/1.1" 200 16782
192.168.10.96 - - [01/Jun/2017:09:48:01 -0300] "GET /cormun/servlet/trconsultaempleado? HTTP/1.1" 200 10035
192.168.10.96 - - [01/Jun/2017:09:48:07 -0300] "POST /cormun/servlet/trconsultaempleado?cd7171a36078e6d81d061ca0d7aa3958,,gx-no-cache=1496321288854 HTTP/1.1" 200 4447
192.168.10.96 - - [01/Jun/2017:09:48:08 -0300] "GET /cormun/servlet/trsolicitudnombre?15109517, HTTP/1.1" 200 8243
192.168.10.96 - - [01/Jun/2017:09:48:08 -0300] "GET /cormun/static/gxcfg.js?20175251254239 HTTP/1.1" 200 953
192.168.10.96 - - [01/Jun/2017:09:48:08 -0300] "GET /cormun/static/trsolicitudnombre.js?20175251254755 HTTP/1.1" 200 43705
192.168.10.96 - - [01/Jun/2017:09:48:08 -0300] "GET /cormun/servlet/trsolicitudnombre?15109517, HTTP/1.1" 200 8246
186.79.240.243 - - [01/Jun/2017:09:48:10 -0300] "POST /cormun/servlet/hlogin?9ce17f0ae8db2f10a06b5fd001a6d33e,gx-no-cache=1496321350866 HTTP/1.1" 200 90
186.79.240.243 - - [01/Jun/2017:09:48:10 -0300] "GET /cormun/servlet/hpexe_link HTTP/1.1" 200 951
186.79.240.243 - - [01/Jun/2017:09:48:11 -0300] "GET /cormun/static/gxcfg.js?20175251212395 HTTP/1.1" 200 953
186.79.240.243 - - [01/Jun/2017:09:48:11 -0300] "GET /cormun/static/hpexe_link.js?20175251212399 HTTP/1.1" 200 625
192.168.10.96 - - [01/Jun/2017:09:48:11 -0300] "GET /cormun/servlet/vesolicitudnombre?2017,4712,, HTTP/1.1" 200 8601
192.168.10.96 - - [01/Jun/2017:09:48:11 -0300] "GET /cormun/static/gxcfg.js?20175251254114 HTTP/1.1" 200 953
192.168.10.96 - - [01/Jun/2017:09:48:11 -0300] "GET /cormun/pexe_scrolldiv.js HTTP/1.1" 404 1009
192.168.10.96 - - [01/Jun/2017:09:48:11 -0300] "GET /cormun/static/vesolicitudnombre.js?20175251254182 HTTP/1.1" 200 6119
192.168.10.96 - - [01/Jun/2017:09:48:11 -0300] "GET /cormun/static/hwcviewtabs.js?201752511465446 HTTP/1.1" 200 1074
192.168.10.96 - - [01/Jun/2017:09:48:11 -0300] "GET /cormun/pexe_scrolldiv.js HTTP/1.1" 404 1009
192.168.10.96 - - [01/Jun/2017:09:48:11 -0300] "GET /cormun/static/tbsolicitudnombre01.js?2017110216261 HTTP/1.1" 200 29097
186.79.240.243 - - [01/Jun/2017:09:48:11 -0300] "GET /cormun/servlet/hhome HTTP/1.1" 200 3801
192.168.10.96 - - [01/Jun/2017:09:48:12 -0300] "GET /cormun/servlet/vesolicitudnombre?2017,4712,, HTTP/1.1" 200 8592
186.79.240.243 - - [01/Jun/2017:09:48:12 -0300] "GET /cormun/static/gxcfg.js?20175251212442 HTTP/1.1" 200 953
186.79.240.243 - - [01/Jun/2017:09:48:12 -0300] "GET /cormun/static/hhome.js?20175251212450 HTTP/1.1" 200 777
186.79.240.243 - - [01/Jun/2017:09:48:12 -0300] "GET /cormun/static/hwchdr01.js?201752511465785 HTTP/1.1" 200 1183
186.79.240.243 - - [01/Jun/2017:09:48:12 -0300] "GET /cormun/static/hpexe_recentlink.js?201610171694390 HTTP/1.1" 200 2144
186.79.240.243 - - [01/Jun/2017:09:48:12 -0300] "GET /cormun/static/hpexe_scripts.js?201752511465715 HTTP/1.1" 200 1544
186.79.240.243 - - [01/Jun/2017:09:48:12 -0300] "GET /cormun/static/hpexe_messagecontroller.js?201610171694323 HTTP/1.1" 200 870
186.79.240.243 - - [01/Jun/2017:09:48:12 -0300] "GET /cormun/static/hpexe_messagepopupcomponent.js?20161017169425 HTTP/1.1" 200 605
186.79.240.243 - - [01/Jun/2017:09:48:12 -0300] "GET /cormun/static/hpexe_messagegenexuscomponent.js?201752511465344 HTTP/1.1" 200 587
186.79.240.243 - - [01/Jun/2017:09:48:12 -0300] "GET /cormun/static/cmcontrolpreferences.js?201752511465670 HTTP/1.1" 200 1375
192.168.10.96 - - [01/Jun/2017:09:48:13 -0300] "GET /cormun/servlet/vesolicitudnombre?2017,4712,,SolicitudOTAdjuntos HTTP/1.1" 200 7549
186.79.240.243 - - [01/Jun/2017:09:48:13 -0300] "GET /cormun/static/hmpwkw03.js?2017525121347 HTTP/1.1" 200 3965
192.168.10.96 - - [01/Jun/2017:09:48:13 -0300] "GET /cormun/pexe_scrolldiv.js HTTP/1.1" 404 1009
192.168.10.96 - - [01/Jun/2017:09:48:13 -0300] "GET /cormun/static/tbsolicitudnombre02.js?201612218422876 HTTP/1.1" 200 14732
186.79.176.28 - - [01/Jun/2017:09:48:13 -0300] "GET /cormun/servlet/solicitudotadjuntos?2e31d65d223b9f339fcfd9267f6bbd9143982a36d6829c5546457f4cea82ba76,gx-no-cache=1496321353017 HTTP/1.1" 200 30
192.168.10.96 - - [01/Jun/2017:09:48:13 -0300] "GET /cormun/pexe_scrolldiv.js HTTP/1.1" 404 1009
186.79.176.28 - - [01/Jun/2017:09:48:13 -0300] "GET /cormun/servlet/solicitudotadjuntos?2e31d65d223b9f339fcfd9267f6bbd9143982a36d6829c5546457f4cea82ba76,gx-no-cache=1496321353115 HTTP/1.1" 200 30
192.168.10.96 - - [01/Jun/2017:09:48:13 -0300] "GET /cormun/servlet/vesolicitudnombre?2017,4712,,SolicitudOTAdjuntos HTTP/1.1" 200 7549
186.79.240.243 - - [01/Jun/2017:09:48:13 -0300] "GET /cormun/servlet/hhome HTTP/1.1" 200 3797
192.168.10.96 - - [01/Jun/2017:09:48:14 -0300] "POST /cormun/servlet/acontrolpreferencessavestate?None,DZAMUDIO,true HTTP/1.1" 200 35
192.168.10.96 - - [01/Jun/2017:09:48:15 -0300] "POST /cormun/servlet/vesolicitudnombre?cd7171a36078e6d81d061ca0d7aa3958,2017,4712,,SolicitudOTAdjuntos,gx-no-cache=1496321297175 HTTP/1.1" 200 90
192.168.10.96 - - [01/Jun/2017:09:48:15 -0300] "GET /cormun/servlet/hpexe_link HTTP/1.1" 200 985
192.168.10.96 - - [01/Jun/2017:09:48:15 -0300] "GET /cormun/servlet/trsolicitudnombre?15109517, HTTP/1.1" 200 8243
192.168.10.96 - - [01/Jun/2017:09:48:15 -0300] "GET /cormun/servlet/trsolicitudnombre?15109517, HTTP/1.1" 200 8246
186.79.240.243 - - [01/Jun/2017:09:48:17 -0300] "GET /cormun/servlet/trpermisosgoce? HTTP/1.1" 200 11000
186.79.240.243 - - [01/Jun/2017:09:48:17 -0300] "GET /cormun/static/gxcfg.js?20175251265886 HTTP/1.1" 200 953
186.79.240.243 - - [01/Jun/2017:09:48:17 -0300] "GET /cormun/static/trpermisosgoce.js?2017525127453 HTTP/1.1" 200 35904
186.103.159.46 - - [01/Jun/2017:09:48:17 -0300] "GET /cormun/servlet/trlicenciaspermisosadjuntos?9638570,20170601000000,L, HTTP/1.1" 200 6129
192.168.10.96 - - [01/Jun/2017:09:48:17 -0300] "GET /cormun/servlet/vesolicitudnombre?2017,4713,, HTTP/1.1" 200 8612
192.168.10.96 - - [01/Jun/2017:09:48:17 -0300] "GET /cormun/pexe_scrolldiv.js HTTP/1.1" 404 1009
192.168.10.96 - - [01/Jun/2017:09:48:17 -0300] "GET /cormun/pexe_scrolldiv.js HTTP/1.1" 404 1009
186.103.159.46 - - [01/Jun/2017:09:48:18 -0300] "GET /cormun/static/gxcfg.js?20175251265349 HTTP/1.1" 200 953
186.103.159.46 - - [01/Jun/2017:09:48:18 -0300] "GET /cormun/static/trlicenciaspermisosadjuntos.js?2017525126577 HTTP/1.1" 200 21036
192.168.10.96 - - [01/Jun/2017:09:48:18 -0300] "GET /cormun/servlet/vesolicitudnombre?2017,4713,, HTTP/1.1" 200 8605
186.79.240.243 - - [01/Jun/2017:09:48:18 -0300] "GET /cormun/servlet/trpermisosgoce? HTTP/1.1" 200 10999
186.79.240.243 - - [01/Jun/2017:09:48:18 -0300] "GET /cormun//static/Resources/PXToolsActionDisabled.gif HTTP/1.1" 200 53
186.79.176.28 - - [01/Jun/2017:09:48:19 -0300] "POST /cormun/servlet/solicitudotadjuntos?13325c3dc2284c6488bc61ac4a277f35,INS,2017,6695,,1, HTTP/1.1" 200 116
186.79.176.28 - - [01/Jun/2017:09:48:19 -0300] "GET /cormun/servlet/hpexe_return? HTTP/1.1" 200 1028
186.79.176.28 - - [01/Jun/2017:09:48:19 -0300] "GET /cormun/servlet/trsolicitudadjuntos?2017,6695, HTTP/1.1" 200 8860
186.103.159.46 - - [01/Jun/2017:09:48:19 -0300] "GET /cormun/servlet/trlicenciaspermisosadjuntos?9638570,20170601000000,L, HTTP/1.1" 200 6129
192.168.10.96 - - [01/Jun/2017:09:48:20 -0300] "GET /cormun/servlet/vesolicitudnombre?2017,4713,,SolicitudOTAdjuntos HTTP/1.1" 200 7549
192.168.10.96 - - [01/Jun/2017:09:48:20 -0300] "GET /cormun/pexe_scrolldiv.js HTTP/1.1" 404 1009
192.168.10.96 - - [01/Jun/2017:09:48:20 -0300] "GET /cormun/pexe_scrolldiv.js HTTP/1.1" 404 1009
186.79.176.28 - - [01/Jun/2017:09:48:20 -0300] "GET /cormun/servlet/trsolicitudadjuntos?2017,6695, HTTP/1.1" 200 8858
192.168.10.96 - - [01/Jun/2017:09:48:20 -0300] "GET /cormun/servlet/vesolicitudnombre?2017,4713,,SolicitudOTAdjuntos HTTP/1.1" 200 7549
192.168.10.96 - - [01/Jun/2017:09:48:21 -0300] "POST /cormun/servlet/acontrolpreferencessavestate?None,DZAMUDIO,true HTTP/1.1" 200 35
186.103.159.46 - - [01/Jun/2017:09:48:22 -0300] "GET /cormun/servlet/licenciaspermisosadjuntos?INS,9638570,L,20170601000000,, HTTP/1.1" 200 5428
186.103.159.46 - - [01/Jun/2017:09:48:22 -0300] "GET /cormun/static/gxcfg.js?201752511544364 HTTP/1.1" 200 953
192.168.10.96 - - [01/Jun/2017:09:48:22 -0300] "POST /cormun/servlet/vesolicitudnombre?cd7171a36078e6d81d061ca0d7aa3958,2017,4713,,SolicitudOTAdjuntos,gx-no-cache=1496321304535 HTTP/1.1" 200 90
186.103.159.46 - - [01/Jun/2017:09:48:22 -0300] "GET /cormun/static/licenciaspermisosadjuntos.js?201752511544378 HTTP/1.1" 200 8760
192.168.10.96 - - [01/Jun/2017:09:48:22 -0300] "GET /cormun/servlet/hpexe_link HTTP/1.1" 200 985
192.168.10.96 - - [01/Jun/2017:09:48:22 -0300] "GET /cormun/servlet/trsolicitudnombre?15109517, HTTP/1.1" 200 8242
186.103.159.46 - - [01/Jun/2017:09:48:22 -0300] "GET /cormun/static/about:blank HTTP/1.1" 404 1011
192.168.10.96 - - [01/Jun/2017:09:48:23 -0300] "GET /cormun/servlet/trsolicitudnombre?15109517, HTTP/1.1" 200 8246
186.103.159.46 - - [01/Jun/2017:09:48:23 -0300] "GET /cormun/servlet/licenciaspermisosadjuntos?INS,9638570,L,20170601000000,, HTTP/1.1" 200 5419
186.79.176.28 - - [01/Jun/2017:09:48:25 -0300] "GET /cormun/servlet/solicitudotadjuntos?INS,2017,6695,,1, HTTP/1.1" 200 5801
186.79.176.28 - - [01/Jun/2017:09:48:25 -0300] "GET /cormun/static/about:blank HTTP/1.1" 404 1011
186.79.176.28 - - [01/Jun/2017:09:48:25 -0300] "GET /cormun/servlet/solicitudotadjuntos?INS,2017,6695,,1, HTTP/1.1" 200 5795
186.79.176.28 - - [01/Jun/2017:09:48:26 -0300] "GET /cormun/servlet/solicitudotadjuntos?2e31d65d223b9f339fcfd9267f6bbd910920acd72ff21569c6b04d1d71f0d0ba937eb0cb76c57e06b73611bea97b49a0,gx-no-cache=1496321365897 HTTP/1.1" 200 30
186.79.176.28 - - [01/Jun/2017:09:48:26 -0300] "POST /cormun/servlet/solicitudotadjuntos?13325c3dc2284c6488bc61ac4a277f35,INS,2017,6695,,1,,gx-no-cache=1496321365964 HTTP/1.1" 200 3684
192.168.10.96 - - [01/Jun/2017:09:48:26 -0300] "GET /cormun/servlet/vesolicitudnombre?2017,4714,, HTTP/1.1" 200 8620
192.168.10.96 - - [01/Jun/2017:09:48:27 -0300] "GET /cormun/pexe_scrolldiv.js HTTP/1.1" 404 1009
192.168.10.96 - - [01/Jun/2017:09:48:27 -0300] "GET /cormun/pexe_scrolldiv.js HTTP/1.1" 404 1009
192.168.10.96 - - [01/Jun/2017:09:48:27 -0300] "GET /cormun/servlet/vesolicitudnombre?2017,4714,, HTTP/1.1" 200 8610
192.168.10.96 - - [01/Jun/2017:09:48:28 -0300] "GET /cormun/servlet/vesolicitudnombre?2017,4714,,SolicitudOTAdjuntos HTTP/1.1" 200 7549
192.168.10.96 - - [01/Jun/2017:09:48:28 -0300] "GET /cormun/pexe_scrolldiv.js HTTP/1.1" 404 1009
192.168.10.96 - - [01/Jun/2017:09:48:29 -0300] "GET /cormun/pexe_scrolldiv.js HTTP/1.1" 404 1009
192.168.10.96 - - [01/Jun/2017:09:48:29 -0300] "GET /cormun/servlet/vesolicitudnombre?2017,4714,,SolicitudOTAdjuntos HTTP/1.1" 200 7549
192.168.10.96 - - [01/Jun/2017:09:48:30 -0300] "POST /cormun/servlet/acontrolpreferencessavestate?None,DZAMUDIO,true HTTP/1.1" 200 35
192.168.10.96 - - [01/Jun/2017:09:48:31 -0300] "POST /cormun/servlet/vesolicitudnombre?cd7171a36078e6d81d061ca0d7aa3958,2017,4714,,SolicitudOTAdjuntos,gx-no-cache=1496321313366 HTTP/1.1" 200 90
192.168.10.96 - - [01/Jun/2017:09:48:31 -0300] "GET /cormun/servlet/hpexe_link HTTP/1.1" 200 985
192.168.10.96 - - [01/Jun/2017:09:48:31 -0300] "GET /cormun/servlet/trsolicitudnombre?15109517, HTTP/1.1" 200 8243
192.168.10.96 - - [01/Jun/2017:09:48:32 -0300] "GET /cormun/servlet/trsolicitudnombre?15109517, HTTP/1.1" 200 8246
192.168.10.96 - - [01/Jun/2017:09:48:40 -0300] "GET /cormun/servlet/vesolicitudnombre?2017,6283,, HTTP/1.1" 200 8572
192.168.10.96 - - [01/Jun/2017:09:48:40 -0300] "GET /cormun/pexe_scrolldiv.js HTTP/1.1" 404 1009
192.168.10.96 - - [01/Jun/2017:09:48:40 -0300] "GET /cormun/pexe_scrolldiv.js HTTP/1.1" 404 1009
192.168.10.96 - - [01/Jun/2017:09:48:41 -0300] "GET /cormun/servlet/vesolicitudnombre?2017,6283,, HTTP/1.1" 200 8565
192.168.10.96 - - [01/Jun/2017:09:48:42 -0300] "GET /cormun/servlet/vesolicitudnombre?2017,6283,,SolicitudOTAdjuntos HTTP/1.1" 200 7549
192.168.10.96 - - [01/Jun/2017:09:48:42 -0300] "GET /cormun/pexe_scrolldiv.js HTTP/1.1" 404 1009
192.168.10.96 - - [01/Jun/2017:09:48:42 -0300] "GET /cormun/pexe_scrolldiv.js HTTP/1.1" 404 1009
192.168.10.96 - - [01/Jun/2017:09:48:42 -0300] "GET /cormun/servlet/vesolicitudnombre?2017,6283,,SolicitudOTAdjuntos HTTP/1.1" 200 7550
192.168.10.96 - - [01/Jun/2017:09:48:43 -0300] "POST /cormun/servlet/acontrolpreferencessavestate?None,DZAMUDIO,true HTTP/1.1" 200 35
192.168.10.96 - - [01/Jun/2017:09:48:45 -0300] "POST /cormun/servlet/vesolicitudnombre?cd7171a36078e6d81d061ca0d7aa3958,2017,6283,,SolicitudOTAdjuntos,gx-no-cache=1496321327346 HTTP/1.1" 200 90
192.168.10.96 - - [01/Jun/2017:09:48:45 -0300] "GET /cormun/servlet/hpexe_link HTTP/1.1" 200 985
192.168.10.96 - - [01/Jun/2017:09:48:45 -0300] "GET /cormun/servlet/trsolicitudnombre?15109517, HTTP/1.1" 200 8243
186.103.159.46 - - [01/Jun/2017:09:48:45 -0300] "POST /cormun/servlet/licenciaspermisosadjuntos?855238a8ea7b5824713289824b881393,INS,9638570,L,20170601000000,, HTTP/1.1" 200 116
186.103.159.46 - - [01/Jun/2017:09:48:46 -0300] "GET /cormun/servlet/hpexe_return? HTTP/1.1" 200 1040
192.168.10.96 - - [01/Jun/2017:09:48:46 -0300] "GET /cormun/servlet/trsolicitudnombre?15109517, HTTP/1.1" 200 8247
186.103.159.46 - - [01/Jun/2017:09:48:46 -0300] "GET /cormun/servlet/trlicenciaspermisosadjuntos?9638570,20170601000000,L, HTTP/1.1" 200 6613
192.168.10.96 - - [01/Jun/2017:09:48:47 -0300] "GET /cormun/servlet/vesolicitudnombre?2017,4712,, HTTP/1.1" 200 8601
192.168.10.96 - - [01/Jun/2017:09:48:47 -0300] "GET /cormun/pexe_scrolldiv.js HTTP/1.1" 404 1009
192.168.10.96 - - [01/Jun/2017:09:48:47 -0300] "GET /cormun/pexe_scrolldiv.js HTTP/1.1" 404 1009
186.103.159.46 - - [01/Jun/2017:09:48:47 -0300] "GET /cormun/servlet/trlicenciaspermisosadjuntos?9638570,20170601000000,L, HTTP/1.1" 200 6611
192.168.10.96 - - [01/Jun/2017:09:48:47 -0300] "GET /cormun/servlet/vesolicitudnombre?2017,4712,, HTTP/1.1" 200 8592
192.168.10.96 - - [01/Jun/2017:09:48:49 -0300] "GET /cormun/servlet/vesolicitudnombre?2017,4712,,SolicitudOTAdjuntos HTTP/1.1" 200 7549
192.168.10.96 - - [01/Jun/2017:09:48:49 -0300] "GET /cormun/pexe_scrolldiv.js HTTP/1.1" 404 1009
192.168.10.96 - - [01/Jun/2017:09:48:49 -0300] "GET /cormun/pexe_scrolldiv.js HTTP/1.1" 404 1009
192.168.10.96 - - [01/Jun/2017:09:48:49 -0300] "GET /cormun/servlet/vesolicitudnombre?2017,4712,,SolicitudOTAdjuntos HTTP/1.1" 200 7549
192.168.10.96 - - [01/Jun/2017:09:48:50 -0300] "POST /cormun/servlet/acontrolpreferencessavestate?None,DZAMUDIO,true HTTP/1.1" 200 35
192.168.10.96 - - [01/Jun/2017:09:48:51 -0300] "POST /cormun/servlet/vesolicitudnombre?cd7171a36078e6d81d061ca0d7aa3958,2017,4712,,SolicitudOTAdjuntos,gx-no-cache=1496321333547 HTTP/1.1" 200 90
192.168.10.96 - - [01/Jun/2017:09:48:51 -0300] "GET /cormun/servlet/hpexe_link HTTP/1.1" 200 985
192.168.10.96 - - [01/Jun/2017:09:48:51 -0300] "GET /cormun/servlet/trsolicitudnombre?15109517, HTTP/1.1" 200 8243
192.168.10.96 - - [01/Jun/2017:09:48:52 -0300] "GET /cormun/servlet/trsolicitudnombre?15109517, HTTP/1.1" 200 8246
186.103.159.46 - - [01/Jun/2017:09:48:52 -0300] "POST /cormun/servlet/trlicenciaspermisosadjuntos?855238a8ea7b5824713289824b881393,9638570,20170601000000,L,,gx-no-cache=1496321387494 HTTP/1.1" 200 90
186.103.159.46 - - [01/Jun/2017:09:48:52 -0300] "GET /cormun/servlet/hpexe_link HTTP/1.1" 200 981
186.103.159.46 - - [01/Jun/2017:09:48:52 -0300] "GET /cormun/servlet/trlicencias HTTP/1.1" 200 12698
190.45.55.254 - - [01/Jun/2017:09:48:53 -0300] "GET /cormun/servlet/hlogin HTTP/1.1" 200 1717
190.45.55.254 - - [01/Jun/2017:09:48:53 -0300] "GET /cormun/static/Resources/Spanish/PXTools.css?11423723 HTTP/1.1" 304 -
190.45.55.254 - - [01/Jun/2017:09:48:53 -0300] "GET /cormun/static/gxcfg.js?20175251213516 HTTP/1.1" 304 -
190.45.55.254 - - [01/Jun/2017:09:48:53 -0300] "GET /cormun/static/hlogin.js?20175251213537 HTTP/1.1" 304 -
192.168.10.96 - - [01/Jun/2017:09:48:53 -0300] "GET /cormun/servlet/vesolicitudnombre?2017,4713,, HTTP/1.1" 200 8612
192.168.10.96 - - [01/Jun/2017:09:48:53 -0300] "GET /cormun/pexe_scrolldiv.js HTTP/1.1" 404 1009
192.168.10.96 - - [01/Jun/2017:09:48:53 -0300] "GET /cormun/pexe_scrolldiv.js HTTP/1.1" 404 1009
192.168.10.96 - - [01/Jun/2017:09:48:54 -0300] "GET /cormun/servlet/vesolicitudnombre?2017,4713,, HTTP/1.1" 200 8605
186.103.159.46 - - [01/Jun/2017:09:48:54 -0300] "GET /cormun/servlet/trlicencias HTTP/1.1" 200 12696
190.45.55.254 - - [01/Jun/2017:09:48:54 -0300] "POST /cormun/servlet/hlogin?bbed3ff3f2fd9448c7fddeabbb8c528c,gx-no-cache=1496321391286 HTTP/1.1" 200 90
190.45.55.254 - - [01/Jun/2017:09:48:54 -0300] "GET /cormun/servlet/hpexe_link HTTP/1.1" 200 948
190.45.55.254 - - [01/Jun/2017:09:48:54 -0300] "GET /cormun/static/gxcfg.js?20175251212395 HTTP/1.1" 304 -
190.45.55.254 - - [01/Jun/2017:09:48:54 -0300] "GET /cormun/static/hpexe_link.js?20175251212399 HTTP/1.1" 304 -
190.45.55.254 - - [01/Jun/2017:09:48:54 -0300] "GET /cormun/servlet/hhome HTTP/1.1" 200 4109
190.45.55.254 - - [01/Jun/2017:09:48:54 -0300] "GET /cormun/static/gxcfg.js?20175251212442 HTTP/1.1" 200 953
190.45.55.254 - - [01/Jun/2017:09:48:55 -0300] "GET /cormun/static/hhome.js?20175251212450 HTTP/1.1" 200 777
190.45.55.254 - - [01/Jun/2017:09:48:55 -0300] "GET /cormun/static/hwchdr01.js?201752511465785 HTTP/1.1" 304 -
190.45.55.254 - - [01/Jun/2017:09:48:55 -0300] "GET /cormun/static/hpexe_scripts.js?201752511465715 HTTP/1.1" 304 -
190.45.55.254 - - [01/Jun/2017:09:48:55 -0300] "GET /cormun/static/hpexe_messagegenexuscomponent.js?201752511465344 HTTP/1.1" 304 -
190.45.55.254 - - [01/Jun/2017:09:48:55 -0300] "GET /cormun/static/cmcontrolpreferences.js?201752511465670 HTTP/1.1" 304 -
190.45.55.254 - - [01/Jun/2017:09:48:55 -0300] "GET /cormun/static/hmpwkw03.js?2017525121347 HTTP/1.1" 304 -
190.45.55.254 - - [01/Jun/2017:09:48:55 -0300] "GET /cormun/servlet/hhome HTTP/1.1" 200 4105
192.168.10.96 - - [01/Jun/2017:09:48:56 -0300] "GET /cormun/servlet/vesolicitudnombre?2017,4713,,SolicitudOTAdjuntos HTTP/1.1" 200 7549
192.168.10.96 - - [01/Jun/2017:09:48:56 -0300] "GET /cormun/pexe_scrolldiv.js HTTP/1.1" 404 1009
192.168.10.96 - - [01/Jun/2017:09:48:56 -0300] "GET /cormun/pexe_scrolldiv.js HTTP/1.1" 404 1009
192.168.10.96 - - [01/Jun/2017:09:48:56 -0300] "GET /cormun/servlet/vesolicitudnombre?2017,4713,,SolicitudOTAdjuntos HTTP/1.1" 200 7549
192.168.10.96 - - [01/Jun/2017:09:48:57 -0300] "POST /cormun/servlet/acontrolpreferencessavestate?None,DZAMUDIO,true HTTP/1.1" 200 35
190.45.55.254 - - [01/Jun/2017:09:48:58 -0300] "GET /cormun/servlet/trcontratounov2? HTTP/1.1" 200 17379
190.45.55.254 - - [01/Jun/2017:09:48:58 -0300] "GET /cormun/static/gxcfg.js?201752512124396 HTTP/1.1" 200 953
190.45.55.254 - - [01/Jun/2017:09:48:58 -0300] "GET /cormun/static/trcontratounov2.js?201752512125146 HTTP/1.1" 200 38486
192.168.10.96 - - [01/Jun/2017:09:48:58 -0300] "POST /cormun/servlet/vesolicitudnombre?cd7171a36078e6d81d061ca0d7aa3958,2017,4713,,SolicitudOTAdjuntos,gx-no-cache=1496321340171 HTTP/1.1" 200 90
192.168.10.96 - - [01/Jun/2017:09:48:58 -0300] "GET /cormun/servlet/hpexe_link HTTP/1.1" 200 985
192.168.10.96 - - [01/Jun/2017:09:48:58 -0300] "GET /cormun/servlet/trsolicitudnombre?15109517, HTTP/1.1" 200 8244
190.45.55.254 - - [01/Jun/2017:09:48:58 -0300] "GET /cormun/servlet/trcontratounov2? HTTP/1.1" 200 17373
192.168.10.96 - - [01/Jun/2017:09:48:58 -0300] "GET /cormun/servlet/trsolicitudnombre?15109517, HTTP/1.1" 200 8246
192.168.10.96 - - [01/Jun/2017:09:49:00 -0300] "GET /cormun/servlet/vesolicitudnombre?2017,4714,, HTTP/1.1" 200 8620
192.168.10.96 - - [01/Jun/2017:09:49:00 -0300] "GET /cormun/pexe_scrolldiv.js HTTP/1.1" 404 1009
192.168.10.96 - - [01/Jun/2017:09:49:00 -0300] "GET /cormun/pexe_scrolldiv.js HTTP/1.1" 404 1009
192.168.10.96 - - [01/Jun/2017:09:49:00 -0300] "GET /cormun/servlet/vesolicitudnombre?2017,4714,, HTTP/1.1" 200 8610
192.168.10.96 - - [01/Jun/2017:09:49:02 -0300] "GET /cormun/servlet/vesolicitudnombre?2017,4714,,SolicitudOTAdjuntos HTTP/1.1" 200 7549
192.168.10.96 - - [01/Jun/2017:09:49:02 -0300] "GET /cormun/pexe_scrolldiv.js HTTP/1.1" 404 1009
192.168.10.96 - - [01/Jun/2017:09:49:02 -0300] "GET /cormun/pexe_scrolldiv.js HTTP/1.1" 404 1009
186.103.159.46 - - [01/Jun/2017:09:49:02 -0300] "POST /cormun/servlet/trlicencias?855238a8ea7b5824713289824b881393,gx-no-cache=1496321397283 HTTP/1.1" 200 10308
192.168.10.96 - - [01/Jun/2017:09:49:02 -0300] "GET /cormun/servlet/vesolicitudnombre?2017,4714,,SolicitudOTAdjuntos HTTP/1.1" 200 7549
186.103.159.46 - - [01/Jun/2017:09:49:03 -0300] "GET /cormun/static/Shared/jqueryui/images/ui-bg_highlight-soft_100_c6c2c8_1x100.png HTTP/1.1" 404 1117
186.103.159.46 - - [01/Jun/2017:09:49:03 -0300] "GET /cormun/static/Shared/jqueryui/images/ui-icons_82798d_256x240.png HTTP/1.1" 404 1089
186.103.159.46 - - [01/Jun/2017:09:49:03 -0300] "GET /cormun/static/Shared/jqueryui/images/ui-icons_8d78a5_256x240.png HTTP/1.1" 404 1089
186.103.159.46 - - [01/Jun/2017:09:49:03 -0300] "GET /cormun/static/Shared/jqueryui/images/ui-bg_flat_55_fafafa_40x100.png HTTP/1.1" 404 1097
192.168.10.96 - - [01/Jun/2017:09:49:03 -0300] "POST /cormun/servlet/acontrolpreferencessavestate?None,DZAMUDIO,true HTTP/1.1" 200 35
190.45.55.254 - - [01/Jun/2017:09:49:04 -0300] "POST /cormun/servlet/trcontratounov2?bbed3ff3f2fd9448c7fddeabbb8c528c,,gx-no-cache=1496321400440 HTTP/1.1" 200 6948
186.79.176.28 - - [01/Jun/2017:09:51:15 -0300] "POST /cormun/servlet/solicitudotadjuntos?gx-no-cache=1496321535641 HTTP/1.1" 200 26
186.103.248.213 - - [01/Jun/2017:09:51:21 -0300] "GET /cormun/static/menuarrow.gif HTTP/1.1" 404 1015
186.79.176.28 - - [01/Jun/2017:09:51:25 -0300] "GET /cormun/servlet/solicitudotadjuntos?2e31d65d223b9f339fcfd9267f6bbd9143982a36d6829c5546457f4cea82ba76,gx-no-cache=1496321545471 HTTP/1.1" 200 30
186.79.176.28 - - [01/Jun/2017:09:51:25 -0300] "GET /cormun/servlet/solicitudotadjuntos?2e31d65d223b9f339fcfd9267f6bbd9143982a36d6829c5546457f4cea82ba76,gx-no-cache=1496321545573 HTTP/1.1" 200 30
186.79.176.28 - - [01/Jun/2017:09:51:28 -0300] "POST /cormun/servlet/solicitudotadjuntos?13325c3dc2284c6488bc61ac4a277f35,INS,2017,6695,,1, HTTP/1.1" 200 116
186.79.176.28 - - [01/Jun/2017:09:51:28 -0300] "GET /cormun/servlet/hpexe_return? HTTP/1.1" 200 1028
186.79.176.28 - - [01/Jun/2017:09:51:28 -0300] "GET /cormun/servlet/trsolicitudadjuntos?2017,6695, HTTP/1.1" 200 9116
186.79.176.28 - - [01/Jun/2017:09:51:29 -0300] "GET /cormun/servlet/trsolicitudadjuntos?2017,6695, HTTP/1.1" 200 9116
186.79.176.28 - - [01/Jun/2017:09:51:39 -0300] "GET /cormun/servlet/trsolicitudot? HTTP/1.1" 200 11084
186.79.176.28 - - [01/Jun/2017:09:51:40 -0300] "GET /cormun/servlet/trsolicitudot? HTTP/1.1" 200 11078
186.79.240.243 - - [01/Jun/2017:09:52:40 -0300] "POST /cormun/servlet/trpermisosgoce?9ce17f0ae8db2f10a06b5fd001a6d33e,,gx-no-cache=1496321619765 HTTP/1.1" 200 4810
186.79.240.243 - - [01/Jun/2017:09:53:10 -0300] "GET /cormun/servlet/permisogoce?INS,0,,, HTTP/1.1" 200 6645
186.79.240.243 - - [01/Jun/2017:09:53:10 -0300] "GET /cormun/static/gxcfg.js?201752511545264 HTTP/1.1" 200 953
186.79.240.243 - - [01/Jun/2017:09:53:10 -0300] "GET /cormun/static/permisogoce.js?201752511545340 HTTP/1.1" 200 27885
186.79.240.243 - - [01/Jun/2017:09:53:11 -0300] "GET /cormun/servlet/permisogoce?INS,0,,, HTTP/1.1" 200 6645
186.79.240.243 - - [01/Jun/2017:09:53:14 -0300] "GET /cormun/servlet/prfichaempleado?,MD,,gxPopupLevel%3D0%3B HTTP/1.1" 200 8814
186.79.240.243 - - [01/Jun/2017:09:53:14 -0300] "GET /cormun/static/gxcfg.js?2017319125415 HTTP/1.1" 200 953
186.79.240.243 - - [01/Jun/2017:09:53:14 -0300] "GET /cormun/static/menusearch.js?201610171694467 HTTP/1.1" 200 1424
186.79.240.243 - - [01/Jun/2017:09:53:14 -0300] "GET /cormun/static/hmpwkw011.js?20175251212473 HTTP/1.1" 200 1968
186.79.240.243 - - [01/Jun/2017:09:53:14 -0300] "GET /cormun/static/Resources/Spanish/PXTools.css?11294912 HTTP/1.1" 200 89042
186.79.240.243 - - [01/Jun/2017:09:53:15 -0300] "GET /cormun/static/prfichaempleado.js?20173191254344 HTTP/1.1" 200 16006
186.79.240.243 - - [01/Jun/2017:09:53:34 -0300] "POST /cormun/servlet/prfichaempleado?9ce17f0ae8db2f10a06b5fd001a6d33e,,MD,,gxPopupLevel%3D0%3B,gx-no-cache=1496321674887 HTTP/1.1" 200 3399
192.168.10.89 - - [01/Jun/2017:09:53:43 -0300] "POST /cormun/servlet/trsolicitudgral?b2e3f9dd7914d6654280c837bc264070,,gx-no-cache=1496321624336 HTTP/1.1" 200 22852
186.79.240.243 - - [01/Jun/2017:09:53:47 -0300] "GET /cormun/servlet/prfichaempleado?,MD,,gxPopupLevel%3D0%3B HTTP/1.1" 200 8814
186.103.248.213 - - [01/Jun/2017:09:53:51 -0300] "GET /cormun/servlet/licenciaspermisos?b04ba36324bfe8424194ecdc903765658eb50c6db6dce8f4c7f53e3fdc4a5c615032f09cff3c72beddd4bf8d3ed8b88880ff0888669f9dcee9640c47494827539a4093fe0f0ee67533764e1f4463719049fc1c57ca9390bffa4d07c77ef0cb116799b055d7503a863c4a289193eca261c908fbc8bf5054164288a4a290b94fc8d752b36ce240b4ece8286743fdd05ac4f82d84bf00496a3e6e6adbd2f3aa82678ffcda9335dbf9041c952f851c80e7ec18b8756230677468993db1c121259a95539663670f6252c2f1451864cd624d18c99aace922f445cc947ae386bc881c43,gx-no-cache=1496321687611 HTTP/1.1" 200 30
186.103.248.213 - - [01/Jun/2017:09:53:51 -0300] "GET /cormun/servlet/licenciaspermisos?b04ba36324bfe8424194ecdc90376565313a7e26f88500b9bf466538fab130a8da468c27b9e69c30e43d9e1bd81a38f9638c60e7c167246c44139f1b4443b6304c4a0224ee1b5564710df91ba7b41c2c84c99c0d85e322b7935a3c6036e3d3da06b1f9cad7cabaf873aca6617b34465248e98bb74db7fe666bec80222cc2184b3dbed63686e603c0eee5a9a61fa78d2da27a87f1c8c8f5f318d09c42bf058033958b66aa74e91b5d420b17f400faa1d017b5ad69921eb8e13ba40d93f074a9dda571d42a167999c2972c6dc6edffd99761fb3428369a2d25ca9736e2167b2ae1,gx-no-cache=1496321687731 HTTP/1.1" 200 29
186.103.248.213 - - [01/Jun/2017:09:53:51 -0300] "POST /cormun/servlet/licenciaspermisos?71bea2d7f46e2ae7d8e0a4ce1ee041b3,INS,0,,,,gx-no-cache=1496321687841 HTTP/1.1" 200 93
186.103.248.213 - - [01/Jun/2017:09:53:51 -0300] "GET /cormun/servlet/hpexe_return? HTTP/1.1" 200 1010
186.103.248.213 - - [01/Jun/2017:09:53:52 -0300] "GET /cormun/servlet/trlicencias HTTP/1.1" 200 10147
186.103.248.213 - - [01/Jun/2017:09:53:52 -0300] "GET /cormun/servlet/trlicencias HTTP/1.1" 200 10142
186.103.248.213 - - [01/Jun/2017:09:53:57 -0300] "GET /cormun/servlet/alicenciaprn?10352127,L,20170601000000,PU HTTP/1.1" 200 1547
192.168.10.89 - - [01/Jun/2017:09:53:58 -0300] "POST /cormun/servlet/trsolicitudgral?b2e3f9dd7914d6654280c837bc264070,,gx-no-cache=1496321639512 HTTP/1.1" 200 105
192.168.10.89 - - [01/Jun/2017:09:53:58 -0300] "GET /cormun/SolicitudGral-8298.xls HTTP/1.1" 200 43008
186.79.240.243 - - [01/Jun/2017:09:54:02 -0300] "POST /cormun/servlet/prfichaempleado?9ce17f0ae8db2f10a06b5fd001a6d33e,,MD,,gxPopupLevel%3D0%3B,gx-no-cache=1496321702857 HTTP/1.1" 200 3399
192.168.10.89 - - [01/Jun/2017:09:54:05 -0300] "OPTIONS /cormun/ HTTP/1.1" 200 -
192.168.10.89 - - [01/Jun/2017:09:54:05 -0300] "HEAD /cormun/SolicitudGral-8298.xls HTTP/1.1" 200 -
186.79.240.243 - - [01/Jun/2017:09:54:09 -0300] "GET /cormun/servlet/permisogoce?714cfae442577a0899689862843bbfdf1b0d0b6065de96776754ba746bf3de7187160f30b899e93b60d275407a1f1743a7b20b24f0ea738ac7a663f0bf0e2d74,gx-no-cache=1496321710427 HTTP/1.1" 200 81
186.79.240.243 - - [01/Jun/2017:09:54:10 -0300] "GET /cormun/static/menuarrow.gif HTTP/1.1" 404 1015
192.168.10.89 - - [01/Jun/2017:09:54:20 -0300] "OPTIONS / HTTP/1.1" 200 11217
192.168.10.89 - - [01/Jun/2017:09:54:35 -0300] "OPTIONS / HTTP/1.1" 200 11217
192.168.10.89 - - [01/Jun/2017:09:54:50 -0300] "OPTIONS /cormun HTTP/1.1" 302 -
192.168.10.89 - - [01/Jun/2017:09:54:50 -0300] "OPTIONS /cormun/ HTTP/1.1" 200 -
192.168.10.89 - - [01/Jun/2017:09:54:50 -0300] "PROPFIND /cormun HTTP/1.1" 302 -
192.168.10.89 - - [01/Jun/2017:09:54:50 -0300] "PROPFIND /cormun/ HTTP/1.1" 501 1141
192.168.10.89 - - [01/Jun/2017:09:54:50 -0300] "HEAD /cormun/SolicitudGral-8298.xls HTTP/1.1" 200 -
192.168.10.89 - - [01/Jun/2017:09:54:51 -0300] "PROPFIND / HTTP/1.1" 200 11217
192.168.10.89 - - [01/Jun/2017:09:54:51 -0300] "PROPFIND / HTTP/1.1" 200 11217
192.168.10.89 - - [01/Jun/2017:09:54:56 -0300] "PROPFIND /cormun HTTP/1.1" 302 -
192.168.10.89 - - [01/Jun/2017:09:54:56 -0300] "PROPFIND /cormun/ HTTP/1.1" 501 1141
192.168.10.89 - - [01/Jun/2017:09:54:56 -0300] "PROPFIND /cormun HTTP/1.1" 302 -
192.168.10.89 - - [01/Jun/2017:09:54:56 -0300] "PROPFIND /cormun/ HTTP/1.1" 501 1141
192.168.10.89 - - [01/Jun/2017:09:54:56 -0300] "GET /cormun/SolicitudGral-8298.xls HTTP/1.1" 200 43008
192.168.10.89 - - [01/Jun/2017:09:54:56 -0300] "HEAD /cormun/SolicitudGral-8298.xls HTTP/1.1" 200 -
186.79.240.243 - - [01/Jun/2017:09:55:08 -0300] "GET /cormun/servlet/permisogoce?714cfae442577a0899689862843bbfdfe9a953b6d8cb47e3368b701d53bced56d2e371e9f09d4fcf72e1db14273fbc53b13cfeffa4c402e03ca025babcfbb0b6,gx-no-cache=1496321769149 HTTP/1.1" 200 48
186.103.248.213 - - [01/Jun/2017:09:55:15 -0300] "GET /cormun/servlet/trlicencias? HTTP/1.1" 200 10142
186.103.248.213 - - [01/Jun/2017:09:55:15 -0300] "GET /cormun/servlet/trlicencias? HTTP/1.1" 200 10142
186.103.248.213 - - [01/Jun/2017:09:55:24 -0300] "GET /cormun/servlet/trlicencias? HTTP/1.1" 200 10142
186.103.248.213 - - [01/Jun/2017:09:55:24 -0300] "GET /cormun/servlet/trlicencias? HTTP/1.1" 200 10142
186.103.248.213 - - [01/Jun/2017:09:55:27 -0300] "GET /cormun/servlet/licenciaspermisos?INS,0,,, HTTP/1.1" 200 7200
186.103.248.213 - - [01/Jun/2017:09:55:28 -0300] "GET /cormun/servlet/licenciaspermisos?INS,0,,, HTTP/1.1" 200 7200
186.79.240.243 - - [01/Jun/2017:09:55:31 -0300] "POST /cormun/servlet/permisogoce?9ce17f0ae8db2f10a06b5fd001a6d33e,INS,0,,,,gx-no-cache=1496321791110 HTTP/1.1" 200 93
186.79.240.243 - - [01/Jun/2017:09:55:31 -0300] "GET /cormun/servlet/hpexe_return? HTTP/1.1" 200 1009
186.79.240.243 - - [01/Jun/2017:09:55:31 -0300] "GET /cormun/static/gxcfg.js?2016101716175148 HTTP/1.1" 200 953
186.79.240.243 - - [01/Jun/2017:09:55:31 -0300] "GET /cormun/static/hpexe_return.js?2016101716175153 HTTP/1.1" 200 1633
186.79.240.243 - - [01/Jun/2017:09:55:31 -0300] "GET /cormun/static/Resources/Spanish/PXTools.css?167811 HTTP/1.1" 200 89042
186.79.240.243 - - [01/Jun/2017:09:55:32 -0300] "GET /cormun/servlet/trpermisosgoce? HTTP/1.1" 200 7857
186.79.240.243 - - [01/Jun/2017:09:55:33 -0300] "GET /cormun/servlet/trpermisosgoce? HTTP/1.1" 200 7854
186.103.248.213 - - [01/Jun/2017:09:55:42 -0300] "GET /cormun/servlet/prfichaempleado?,MD,,gxPopupLevel%3D0%3B HTTP/1.1" 200 8785
200.112.6.16 - - [01/Jun/2017:09:55:43 -0300] "POST /cormun/servlet/trlicenciaspermisosadjuntos?a8614d94dbbda7b4e39f6afbab45b7d7,6994760,20170601000000,L,,gx-no-cache=1496321798557 HTTP/1.1" 200 90
200.112.6.16 - - [01/Jun/2017:09:55:43 -0300] "GET /cormun/servlet/hpexe_link HTTP/1.1" 200 978
200.112.6.16 - - [01/Jun/2017:09:55:43 -0300] "GET /cormun/servlet/trlicencias HTTP/1.1" 200 8099
186.79.240.243 - - [01/Jun/2017:09:55:43 -0300] "GET /cormun/servlet/apermisogoceprn?13500887,P,20170601095312,PU HTTP/1.1" 200 1656
200.112.6.16 - - [01/Jun/2017:09:55:44 -0300] "GET /cormun/servlet/trlicencias HTTP/1.1" 200 8097
200.112.6.16 - - [01/Jun/2017:09:55:48 -0300] "GET /cormun/servlet/alicenciaprn?6994760,L,20170601000000,PU HTTP/1.1" 200 1534
186.103.248.213 - - [01/Jun/2017:09:55:55 -0300] "POST /cormun/servlet/prfichaempleado?71bea2d7f46e2ae7d8e0a4ce1ee041b3,,MD,,gxPopupLevel%3D0%3B,gx-no-cache=1496321811452 HTTP/1.1" 200 3403
186.103.248.213 - - [01/Jun/2017:09:55:59 -0300] "GET /cormun/servlet/licenciaspermisos?b04ba36324bfe8424194ecdc90376565f0e6bf6f9de3fe20c2ba3a5f4ea894aaa9a3d9a11b534d4524e477ad0d4cfb14,gx-no-cache=1496321815641 HTTP/1.1" 200 72
186.103.248.213 - - [01/Jun/2017:09:55:59 -0300] "POST /cormun/servlet/licenciaspermisos?71bea2d7f46e2ae7d8e0a4ce1ee041b3,INS,0,,,,gx-no-cache=1496321815733 HTTP/1.1" 200 4495
200.112.6.16 - - [01/Jun/2017:09:56:03 -0300] "GET /cormun/servlet/licenciaspermisos?UPD,6994760,L,20170601000000, HTTP/1.1" 200 7664
186.103.248.213 - - [01/Jun/2017:09:56:18 -0300] "GET /cormun/static/menuarrow.gif HTTP/1.1" 404 1015
200.112.6.16 - - [01/Jun/2017:09:56:39 -0300] "GET /cormun/servlet/trlicencias HTTP/1.1" 200 8099
200.112.6.16 - - [01/Jun/2017:09:56:40 -0300] "GET /cormun/servlet/trlicencias HTTP/1.1" 200 8097
200.112.6.16 - - [01/Jun/2017:09:56:49 -0300] "GET /cormun/servlet/licenciaspermisos?UPD,6994760,L,20170601000000, HTTP/1.1" 200 7664
200.112.6.16 - - [01/Jun/2017:09:56:50 -0300] "GET /cormun/servlet/licenciaspermisos?UPD,6994760,L,20170601000000, HTTP/1.1" 200 7683
200.112.6.16 - - [01/Jun/2017:09:56:50 -0300] "GET /cormun/servlet/licenciaspermisos?f04be540ebdac3f063d05b480d9a98b4cb747f497607ca8c6eb9ab4089b300416c44e58d907b56c7f1a3fe179e4cbe7a1873b32b154987299e2d5a6e4e3dfd8bfcea7d2d3e3ddd8a3b99c96e2e6e2fba,gx-no-cache=1496321866409 HTTP/1.1" 200 95
200.112.6.16 - - [01/Jun/2017:09:57:15 -0300] "GET /cormun/servlet/licenciaspermisos?f04be540ebdac3f063d05b480d9a98b4cd6afc625187cbfb8ff7b301d1027c59f54b93c8324517a29d854fe5119a4000bb97e3091dbe8ff3accf76f34ab71f56ca87d2a06b2d7d64a49ca51d6b40e340fcbf18ae9215d184cd13521c81a74b25415537d1b8dd9dceec80bc92cdf9224d31a9fb1be8d48bd9eb140f7e09b84f3d57eb040a3ce9ba6ea7198d124faec80807918ff1c798773f7394a000e08a5ef43e63e7a5004e691aea5fddb3a11610d01247a0231a22ffabd5b97b794a8c7e20098f18a40d1b4966df6781acb16f4425eb7484aa33438bcb04a5a42f303e20e4,gx-no-cache=1496321891110 HTTP/1.1" 200 30
200.112.6.16 - - [01/Jun/2017:09:57:15 -0300] "GET /cormun/servlet/licenciaspermisos?f04be540ebdac3f063d05b480d9a98b42c91757c35588d1bc6ae3e6664b2f6cbcaef33912139693804e3d7e1b5554ad6980a63814a8e22ad302a4e8c9e4aa9ce6bdd2442afb3397473f6231124b9861ce106185e1364999fba83d2362bae502d30f8109df891efe3b5b237edd10fff90016b8a1e3ebc4414075574bbf819f545564529ba35f49b68e06b8d2afe1b390f5a5a196224f888d269b79b75f3f1772a629793ce199ad2a4a8a4770ec307b7a50766cff51d1606cf9261719701f3f6deeb69a2c8131488c7ba7e8307cac286e894020d95c324596aa385ffd3361b3f27,gx-no-cache=1496321891233 HTTP/1.1" 200 29
