186.103.159.44 - - [01/Jun/2017:11:30:34 -0300] "GET /cormun/static/Resources/Spanish/PXTools.css?11423723 HTTP/1.1" 304 -
186.103.159.44 - - [01/Jun/2017:11:30:34 -0300] "GET /cormun/static/gxcfg.js?20175251213516 HTTP/1.1" 304 -
186.103.159.44 - - [01/Jun/2017:11:30:34 -0300] "GET /cormun/static/hlogin.js?20175251213537 HTTP/1.1" 304 -
192.168.10.96 - - [01/Jun/2017:11:31:00 -0300] "GET /cormun/servlet/trlicenciasgenerales? HTTP/1.1" 200 18126
192.168.10.96 - - [01/Jun/2017:11:31:00 -0300] "GET /cormun/static/gxcfg.js?20175251264391 HTTP/1.1" 200 953
192.168.10.96 - - [01/Jun/2017:11:31:00 -0300] "GET /cormun/static/trlicenciasgenerales.js?20175251264985 HTTP/1.1" 200 37698
192.168.10.96 - - [01/Jun/2017:11:31:01 -0300] "GET /cormun/servlet/trlicenciasgenerales? HTTP/1.1" 200 18165
186.79.155.64 - - [01/Jun/2017:11:31:03 -0300] "POST /cormun/servlet/trlicenciaspermisosadjuntos?0e17ce8b4162cdee513dcb4b9f18e2a9,21903497,20170601000000,L,,gx-no-cache=1496327518076 HTTP/1.1" 200 90
186.79.155.64 - - [01/Jun/2017:11:31:03 -0300] "GET /cormun/servlet/hpexe_link HTTP/1.1" 200 977
186.79.155.64 - - [01/Jun/2017:11:31:03 -0300] "GET /cormun/servlet/trlicencias HTTP/1.1" 200 14261
186.79.155.64 - - [01/Jun/2017:11:31:04 -0300] "GET /cormun/servlet/trlicencias HTTP/1.1" 200 14259
186.79.155.64 - - [01/Jun/2017:11:31:06 -0300] "GET /cormun/servlet/alicenciaprn?21903497,L,20170601000000,PU HTTP/1.1" 200 1552
192.168.10.96 - - [01/Jun/2017:11:31:07 -0300] "GET /cormun/servlet/trlicenciaspermisosadjuntos?17477468,20170601000000,L, HTTP/1.1" 200 7150
192.168.10.96 - - [01/Jun/2017:11:31:07 -0300] "GET /cormun/static/gxcfg.js?20175251265349 HTTP/1.1" 200 953
192.168.10.96 - - [01/Jun/2017:11:31:07 -0300] "GET /cormun/static/trlicenciaspermisosadjuntos.js?2017525126577 HTTP/1.1" 200 21036
190.45.55.254 - - [01/Jun/2017:11:31:08 -0300] "GET /cormun/servlet/solicitudot?2c895ea444f4e0111fcc84967a391c2eddb277401d4c948d0a0edbc353abec73ebb59d1362e13cacb9f2536366f9972825bd08d58a8d5d373e2fe02f3bcd63c57b9345ec5295ba9360c9fe7fe268ddb87ff1c23e67471db0654f20d226098b17480c83972de34e2418693178ce6b7ad8,gx-no-cache=1496327525058 HTTP/1.1" 200 29
192.168.10.96 - - [01/Jun/2017:11:31:08 -0300] "GET /cormun/servlet/trlicenciaspermisosadjuntos?17477468,20170601000000,L, HTTP/1.1" 200 7150
190.45.55.254 - - [01/Jun/2017:11:31:08 -0300] "POST /cormun/servlet/solicitudot?gx-no-cache=1496327525236 HTTP/1.1" 200 1281
192.168.10.96 - - [01/Jun/2017:11:31:09 -0300] "GET /cormun/PublicTempStorage/licencia_medica_daniel_vergara2116304.pdf HTTP/1.1" 200 684977
192.168.10.96 - - [01/Jun/2017:11:31:16 -0300] "GET /cormun/servlet/trlicenciaspermisosadjuntos?17477468,20170601000000,L, HTTP/1.1" 200 7150
192.168.10.96 - - [01/Jun/2017:11:31:16 -0300] "GET /cormun/servlet/trlicenciaspermisosadjuntos?17477468,20170601000000,L, HTTP/1.1" 200 7150
192.168.10.96 - - [01/Jun/2017:11:31:25 -0300] "GET /cormun/servlet/trlicenciasgenerales? HTTP/1.1" 200 18158
192.168.10.96 - - [01/Jun/2017:11:31:26 -0300] "GET /cormun/servlet/trlicenciasgenerales? HTTP/1.1" 200 18127
186.103.159.44 - - [01/Jun/2017:11:31:39 -0300] "POST /cormun/servlet/hlogin?02d83639264db4312ad5643eaa405087,gx-no-cache=1496327548476 HTTP/1.1" 200 90
186.103.159.44 - - [01/Jun/2017:11:31:39 -0300] "GET /cormun/servlet/hpexe_link HTTP/1.1" 200 950
186.103.159.44 - - [01/Jun/2017:11:31:39 -0300] "GET /cormun/static/gxcfg.js?20175251212395 HTTP/1.1" 304 -
186.103.159.44 - - [01/Jun/2017:11:31:40 -0300] "GET /cormun/static/hpexe_link.js?20175251212399 HTTP/1.1" 304 -
186.103.159.44 - - [01/Jun/2017:11:31:40 -0300] "GET /cormun/servlet/hhome HTTP/1.1" 200 3784
186.103.159.44 - - [01/Jun/2017:11:31:40 -0300] "GET /cormun/static/gxcfg.js?20175251212442 HTTP/1.1" 304 -
186.103.159.44 - - [01/Jun/2017:11:31:41 -0300] "GET /cormun/static/hhome.js?20175251212450 HTTP/1.1" 304 -
186.103.159.44 - - [01/Jun/2017:11:31:41 -0300] "GET /cormun/static/hwchdr01.js?201752511465785 HTTP/1.1" 304 -
186.103.159.44 - - [01/Jun/2017:11:31:41 -0300] "GET /cormun/static/hpexe_scripts.js?201752511465715 HTTP/1.1" 304 -
186.103.159.44 - - [01/Jun/2017:11:31:41 -0300] "GET /cormun/static/hpexe_messagegenexuscomponent.js?201752511465344 HTTP/1.1" 304 -
186.103.159.44 - - [01/Jun/2017:11:31:41 -0300] "GET /cormun/static/cmcontrolpreferences.js?201752511465670 HTTP/1.1" 304 -
186.103.159.44 - - [01/Jun/2017:11:31:41 -0300] "GET /cormun/static/hmpwkw03.js?2017525121347 HTTP/1.1" 304 -
186.103.248.213 - - [01/Jun/2017:11:32:15 -0300] "GET /cormun/servlet/trlicencias? HTTP/1.1" 200 10375
186.103.159.44 - - [01/Jun/2017:11:32:15 -0300] "GET /cormun/servlet/trlicencias? HTTP/1.1" 200 9604
186.103.159.44 - - [01/Jun/2017:11:32:15 -0300] "GET /cormun/static/gxcfg.js?20175222047249 HTTP/1.1" 200 953
186.103.248.213 - - [01/Jun/2017:11:32:15 -0300] "GET /cormun/servlet/trlicencias? HTTP/1.1" 200 10374
186.103.159.44 - - [01/Jun/2017:11:32:15 -0300] "GET /cormun/static/trlicencias.js?201752220473085 HTTP/1.1" 200 40838
200.86.184.230 - - [01/Jun/2017:11:32:20 -0300] "GET /cormun/servlet/trlicenciaspermisosadjuntos?18645662,20170601000000,L, HTTP/1.1" 200 6165
200.86.184.230 - - [01/Jun/2017:11:32:20 -0300] "GET /cormun/static/gxcfg.js?20175251265349 HTTP/1.1" 304 -
200.86.184.230 - - [01/Jun/2017:11:32:20 -0300] "GET /cormun/static/trlicenciaspermisosadjuntos.js?2017525126577 HTTP/1.1" 304 -
200.86.184.230 - - [01/Jun/2017:11:32:21 -0300] "GET /cormun/servlet/trlicenciaspermisosadjuntos?18645662,20170601000000,L, HTTP/1.1" 200 6165
200.86.184.230 - - [01/Jun/2017:11:32:24 -0300] "GET /cormun/servlet/licenciaspermisosadjuntos?INS,18645662,L,20170601000000,, HTTP/1.1" 200 5461
200.86.184.230 - - [01/Jun/2017:11:32:24 -0300] "GET /cormun/static/gxcfg.js?201752511544364 HTTP/1.1" 304 -
200.86.184.230 - - [01/Jun/2017:11:32:24 -0300] "GET /cormun/static/licenciaspermisosadjuntos.js?201752511544378 HTTP/1.1" 304 -
200.86.184.230 - - [01/Jun/2017:11:32:24 -0300] "GET /cormun/static/about:blank HTTP/1.1" 404 1011
200.86.184.230 - - [01/Jun/2017:11:32:24 -0300] "GET /cormun/servlet/licenciaspermisosadjuntos?INS,18645662,L,20170601000000,, HTTP/1.1" 200 5450
190.45.55.254 - - [01/Jun/2017:11:32:33 -0300] "GET /cormun/servlet/hlogin HTTP/1.1" 200 1721
186.79.155.64 - - [01/Jun/2017:11:32:35 -0300] "POST /cormun/servlet/trlicencias?0e17ce8b4162cdee513dcb4b9f18e2a9,gx-no-cache=1496327609105 HTTP/1.1" 200 11944
190.45.55.254 - - [01/Jun/2017:11:32:35 -0300] "POST /cormun/servlet/hlogin?dac542955e4b21ccbe0be44832cf6836,gx-no-cache=1496327611840 HTTP/1.1" 200 90
190.45.55.254 - - [01/Jun/2017:11:32:35 -0300] "GET /cormun/servlet/hpexe_link HTTP/1.1" 200 950
186.79.155.64 - - [01/Jun/2017:11:32:35 -0300] "GET /cormun/static/Shared/jqueryui/images/ui-bg_highlight-soft_100_c6c2c8_1x100.png HTTP/1.1" 404 1117
186.79.155.64 - - [01/Jun/2017:11:32:35 -0300] "GET /cormun/static/Shared/jqueryui/images/ui-icons_82798d_256x240.png HTTP/1.1" 404 1089
186.79.155.64 - - [01/Jun/2017:11:32:35 -0300] "GET /cormun/static/Shared/jqueryui/images/ui-bg_flat_55_fafafa_40x100.png HTTP/1.1" 404 1097
186.79.155.64 - - [01/Jun/2017:11:32:35 -0300] "GET /cormun/static/Shared/jqueryui/images/ui-icons_8d78a5_256x240.png HTTP/1.1" 404 1089
190.45.55.254 - - [01/Jun/2017:11:32:35 -0300] "GET /cormun/servlet/hhome HTTP/1.1" 200 4114
190.45.55.254 - - [01/Jun/2017:11:32:36 -0300] "GET /cormun/servlet/hhome HTTP/1.1" 200 4110
200.86.184.230 - - [01/Jun/2017:11:32:37 -0300] "POST /cormun/servlet/licenciaspermisosadjuntos?6b24117d1a96e0567cd1ca970c89505c,INS,18645662,L,20170601000000,, HTTP/1.1" 200 116
200.86.184.230 - - [01/Jun/2017:11:32:37 -0300] "GET /cormun/servlet/hpexe_return? HTTP/1.1" 200 1036
200.86.184.230 - - [01/Jun/2017:11:32:37 -0300] "GET /cormun/servlet/trlicenciaspermisosadjuntos?18645662,20170601000000,L, HTTP/1.1" 200 6646
200.86.184.230 - - [01/Jun/2017:11:32:38 -0300] "GET /cormun/servlet/trlicenciaspermisosadjuntos?18645662,20170601000000,L, HTTP/1.1" 200 6643
186.79.240.243 - - [01/Jun/2017:11:32:39 -0300] "POST /cormun/servlet/prfichaempleado?533d362f4f3f548985e8cb5bf4ae3c65,,MD,,gxPopupLevel%3D0%3B,gx-no-cache=1496327619260 HTTP/1.1" 200 3392
200.86.184.230 - - [01/Jun/2017:11:32:39 -0300] "GET /cormun/PublicTempStorage/20170601_102827_daniela_279143037.jpg HTTP/1.1" 200 1042718
190.45.55.254 - - [01/Jun/2017:11:32:39 -0300] "GET /cormun/servlet/trcontratounov2? HTTP/1.1" 200 17389
190.45.55.254 - - [01/Jun/2017:11:32:40 -0300] "GET /cormun/servlet/trcontratounov2? HTTP/1.1" 200 17383
186.79.240.243 - - [01/Jun/2017:11:32:44 -0300] "GET /cormun/servlet/permisogoce?61d28dae536287fb4711edf1da64ba387b5e02e6fadadb6f8cc4322c39e6ee6bafefb92cd67da1a9f50231aa27eccb83c350190c2ccc36185a72629a9f67006b,gx-no-cache=1496327624415 HTTP/1.1" 200 77
186.79.240.243 - - [01/Jun/2017:11:32:44 -0300] "GET /cormun/static/menuarrow.gif HTTP/1.1" 404 1015
186.79.155.64 - - [01/Jun/2017:11:32:44 -0300] "GET /cormun/servlet/trpermisosgoce? HTTP/1.1" 200 8804
186.79.155.64 - - [01/Jun/2017:11:32:44 -0300] "GET /cormun/static/gxcfg.js?20175251265886 HTTP/1.1" 200 953
186.79.155.64 - - [01/Jun/2017:11:32:44 -0300] "GET /cormun/static/trpermisosgoce.js?2017525127453 HTTP/1.1" 200 35904
186.79.155.64 - - [01/Jun/2017:11:32:45 -0300] "GET /cormun/servlet/trpermisosgoce? HTTP/1.1" 200 8801
200.86.184.230 - - [01/Jun/2017:11:32:48 -0300] "GET /cormun/servlet/trlicencias? HTTP/1.1" 200 10372
186.79.155.64 - - [01/Jun/2017:11:32:48 -0300] "GET /cormun/servlet/permisogoce?INS,0,,, HTTP/1.1" 200 6641
186.79.155.64 - - [01/Jun/2017:11:32:48 -0300] "GET /cormun/static/gxcfg.js?201752511545264 HTTP/1.1" 200 953
186.79.155.64 - - [01/Jun/2017:11:32:48 -0300] "GET /cormun/static/permisogoce.js?201752511545340 HTTP/1.1" 200 27885
200.86.184.230 - - [01/Jun/2017:11:32:48 -0300] "GET /cormun/servlet/trlicencias? HTTP/1.1" 200 10371
186.79.155.64 - - [01/Jun/2017:11:32:49 -0300] "GET /cormun/servlet/permisogoce?INS,0,,, HTTP/1.1" 200 6640
186.103.159.44 - - [01/Jun/2017:11:32:51 -0300] "POST /cormun/servlet/trlicencias?02d83639264db4312ad5643eaa405087,,gx-no-cache=1496327620447 HTTP/1.1" 200 7076
186.103.159.44 - - [01/Jun/2017:11:32:52 -0300] "GET /cormun/static/Shared/jqueryui/images/ui-icons_8d78a5_256x240.png HTTP/1.1" 404 1089
186.103.159.44 - - [01/Jun/2017:11:32:52 -0300] "GET /cormun/static/Shared/jqueryui/images/ui-bg_flat_55_fafafa_40x100.png HTTP/1.1" 404 1097
186.103.159.44 - - [01/Jun/2017:11:32:52 -0300] "GET /cormun/static/Shared/jqueryui/images/ui-icons_82798d_256x240.png HTTP/1.1" 404 1089
186.103.159.44 - - [01/Jun/2017:11:32:52 -0300] "GET /cormun/static/Shared/jqueryui/images/ui-bg_highlight-soft_100_c6c2c8_1x100.png HTTP/1.1" 404 1117
186.79.240.243 - - [01/Jun/2017:11:32:52 -0300] "GET /cormun/servlet/permisogoce?61d28dae536287fb4711edf1da64ba3870ac76736821aedde6539820ea7d3cf95ce77b927cd983931d0d5c2c989ae0f32648ac9059733a7a61171d50a3a584c6,gx-no-cache=1496327632913 HTTP/1.1" 200 47
186.103.159.44 - - [01/Jun/2017:11:32:53 -0300] "POST /cormun/servlet/trlicencias?02d83639264db4312ad5643eaa405087,,gx-no-cache=1496327622400 HTTP/1.1" 200 7076
186.79.155.64 - - [01/Jun/2017:11:32:55 -0300] "GET /cormun/servlet/permisogoce?cc7680307cf5b8d9a22a5d308ab73a884d0f721926a7f6a34dc426c39cffeecacfa307f1a4341afd908d90be3a2d8ae5,gx-no-cache=1496327630158 HTTP/1.1" 200 81
186.103.159.44 - - [01/Jun/2017:11:32:55 -0300] "POST /cormun/servlet/trlicencias?02d83639264db4312ad5643eaa405087,,gx-no-cache=1496327624586 HTTP/1.1" 200 7076
186.79.155.64 - - [01/Jun/2017:11:32:57 -0300] "GET /cormun/static/menuarrow.gif HTTP/1.1" 404 1015
186.79.155.64 - - [01/Jun/2017:11:33:03 -0300] "GET /cormun/servlet/permisogoce?cc7680307cf5b8d9a22a5d308ab73a881c63a4ac4a674ff3119e1760b9bb468e4a2bba1b8163c0716951789d4e06e9f6cc0338b223331bff6c936d95e55faa20,gx-no-cache=1496327638829 HTTP/1.1" 200 47
186.79.240.243 - - [01/Jun/2017:11:33:06 -0300] "POST /cormun/servlet/permisogoce?533d362f4f3f548985e8cb5bf4ae3c65,INS,0,,,,gx-no-cache=1496327646667 HTTP/1.1" 200 93
186.79.240.243 - - [01/Jun/2017:11:33:06 -0300] "GET /cormun/servlet/hpexe_return? HTTP/1.1" 200 1005
186.79.240.243 - - [01/Jun/2017:11:33:07 -0300] "GET /cormun/servlet/hhome HTTP/1.1" 200 3800
186.79.155.64 - - [01/Jun/2017:11:33:07 -0300] "POST /cormun/servlet/permisogoce?0e17ce8b4162cdee513dcb4b9f18e2a9,INS,0,,,,gx-no-cache=1496327642217 HTTP/1.1" 200 93
186.79.155.64 - - [01/Jun/2017:11:33:07 -0300] "GET /cormun/servlet/hpexe_return? HTTP/1.1" 200 1004
186.79.155.64 - - [01/Jun/2017:11:33:07 -0300] "GET /cormun/servlet/trpermisosgoce HTTP/1.1" 200 9066
186.79.155.64 - - [01/Jun/2017:11:33:08 -0300] "GET /cormun/servlet/trpermisosgoce HTTP/1.1" 200 9066
186.79.240.243 - - [01/Jun/2017:11:33:08 -0300] "GET /cormun/servlet/hhome HTTP/1.1" 200 3795
200.86.184.230 - - [01/Jun/2017:11:33:10 -0300] "POST /cormun/servlet/trlicencias?6b24117d1a96e0567cd1ca970c89505c,,gx-no-cache=1496328472116 HTTP/1.1" 200 5542
186.103.159.44 - - [01/Jun/2017:11:33:10 -0300] "GET /cormun/servlet/licenciaspermisos?INS,0,,, HTTP/1.1" 200 7205
200.86.184.230 - - [01/Jun/2017:11:33:10 -0300] "GET /cormun/static/Shared/jqueryui/images/ui-bg_highlight-soft_100_c6c2c8_1x100.png HTTP/1.1" 404 1117
186.103.159.44 - - [01/Jun/2017:11:33:10 -0300] "GET /cormun/static/gxcfg.js?201752220471843 HTTP/1.1" 200 953
200.86.184.230 - - [01/Jun/2017:11:33:11 -0300] "GET /cormun/static/Shared/jqueryui/images/ui-icons_8d78a5_256x240.png HTTP/1.1" 404 1089
200.86.184.230 - - [01/Jun/2017:11:33:11 -0300] "GET /cormun/static/Shared/jqueryui/images/ui-icons_82798d_256x240.png HTTP/1.1" 404 1089
200.86.184.230 - - [01/Jun/2017:11:33:11 -0300] "GET /cormun/static/Shared/jqueryui/images/ui-bg_flat_55_fafafa_40x100.png HTTP/1.1" 404 1097
186.103.159.44 - - [01/Jun/2017:11:33:11 -0300] "GET /cormun/static/licenciaspermisos.js?201752220471934 HTTP/1.1" 200 35774
186.79.240.243 - - [01/Jun/2017:11:33:12 -0300] "GET /cormun/servlet/trpermisosgoce? HTTP/1.1" 200 11813
186.79.240.243 - - [01/Jun/2017:11:33:13 -0300] "GET /cormun/servlet/trpermisosgoce? HTTP/1.1" 200 11811
186.79.155.64 - - [01/Jun/2017:11:33:15 -0300] "GET /cormun/servlet/trpermisosadjuntos?7229698,20170601113250,P, HTTP/1.1" 200 6122
186.79.155.64 - - [01/Jun/2017:11:33:15 -0300] "GET /cormun/static/gxcfg.js?20175251271483 HTTP/1.1" 200 953
186.79.155.64 - - [01/Jun/2017:11:33:15 -0300] "GET /cormun/static/trpermisosadjuntos.js?20175251271844 HTTP/1.1" 200 20076
186.79.155.64 - - [01/Jun/2017:11:33:15 -0300] "GET /cormun/servlet/trpermisosadjuntos?7229698,20170601113250,P, HTTP/1.1" 200 6123
186.79.155.64 - - [01/Jun/2017:11:33:17 -0300] "GET /cormun/servlet/permisosadjuntos?INS,7229698,P,20170601113250,, HTTP/1.1" 200 5448
186.79.155.64 - - [01/Jun/2017:11:33:17 -0300] "GET /cormun/static/gxcfg.js?201741111155774 HTTP/1.1" 200 953
186.79.155.64 - - [01/Jun/2017:11:33:17 -0300] "GET /cormun/static/permisosadjuntos.js?201741111155784 HTTP/1.1" 200 8724
186.79.155.64 - - [01/Jun/2017:11:33:17 -0300] "GET /cormun/static/about:blank HTTP/1.1" 404 1011
186.79.155.64 - - [01/Jun/2017:11:33:17 -0300] "GET /cormun/servlet/permisosadjuntos?INS,7229698,P,20170601113250,, HTTP/1.1" 200 5438
190.45.55.254 - - [01/Jun/2017:11:33:19 -0300] "POST /cormun/servlet/trcontratounov2?dac542955e4b21ccbe0be44832cf6836,,gx-no-cache=1496327655978 HTTP/1.1" 200 7487
186.79.240.243 - - [01/Jun/2017:11:33:20 -0300] "GET /cormun/servlet/apermisogoceprn?17134198,P,20170601112938,PU HTTP/1.1" 200 1652
186.103.159.44 - - [01/Jun/2017:11:33:30 -0300] "GET /cormun/servlet/licenciaspermisos?f410920583e10f6b78b8970018a34d9c59566690d8580d4c90307285df6ac5ca6040f0f4a4eb507389824835b4b2d887,gx-no-cache=1496327659093 HTTP/1.1" 200 100
186.103.159.44 - - [01/Jun/2017:11:33:30 -0300] "POST /cormun/servlet/licenciaspermisos?02d83639264db4312ad5643eaa405087,INS,0,,,,gx-no-cache=1496327659176 HTTP/1.1" 200 4499
200.111.191.210 - - [01/Jun/2017:11:33:36 -0300] "GET /cormun/servlet/hlogin HTTP/1.1" 200 1744
200.111.191.210 - - [01/Jun/2017:11:33:36 -0300] "GET /cormun/static/gxcfg.js?20175251213516 HTTP/1.1" 304 -
186.79.155.64 - - [01/Jun/2017:11:33:40 -0300] "POST /cormun/servlet/permisosadjuntos?0e17ce8b4162cdee513dcb4b9f18e2a9,INS,7229698,P,20170601113250,, HTTP/1.1" 200 116
186.79.155.64 - - [01/Jun/2017:11:33:40 -0300] "GET /cormun/servlet/hpexe_return? HTTP/1.1" 200 1032
186.79.155.64 - - [01/Jun/2017:11:33:41 -0300] "GET /cormun/servlet/trpermisosadjuntos?7229698,20170601113250,P, HTTP/1.1" 200 6578
186.79.155.64 - - [01/Jun/2017:11:33:41 -0300] "GET /cormun/servlet/trpermisosadjuntos?7229698,20170601113250,P, HTTP/1.1" 200 6575
186.79.155.64 - - [01/Jun/2017:11:33:44 -0300] "POST /cormun/servlet/trpermisosadjuntos?0e17ce8b4162cdee513dcb4b9f18e2a9,7229698,20170601113250,P,,gx-no-cache=1496327679295 HTTP/1.1" 200 90
186.79.155.64 - - [01/Jun/2017:11:33:44 -0300] "GET /cormun/servlet/hpexe_link HTTP/1.1" 200 975
186.79.155.64 - - [01/Jun/2017:11:33:44 -0300] "GET /cormun/servlet/trpermisosgoce HTTP/1.1" 200 9063
186.79.155.64 - - [01/Jun/2017:11:33:45 -0300] "GET /cormun/servlet/trpermisosgoce HTTP/1.1" 200 9066
186.79.155.64 - - [01/Jun/2017:11:33:47 -0300] "GET /cormun/servlet/apermisogoceprn?7229698,P,20170601113250,PU HTTP/1.1" 200 1679
192.168.10.96 - - [01/Jun/2017:11:33:55 -0300] "GET /cormun/servlet/trsolicitudgral? HTTP/1.1" 200 25127
192.168.10.96 - - [01/Jun/2017:11:33:57 -0300] "GET /cormun/servlet/trsolicitudgral? HTTP/1.1" 200 25127
190.45.55.254 - - [01/Jun/2017:11:34:06 -0300] "POST /cormun/servlet/solicitudot?gx-no-cache=1496327703508 HTTP/1.1" 200 1281
190.45.55.254 - - [01/Jun/2017:11:34:08 -0300] "POST /cormun/servlet/solicitudot?gx-no-cache=1496327705911 HTTP/1.1" 200 1281
190.45.55.254 - - [01/Jun/2017:11:34:11 -0300] "POST /cormun/servlet/solicitudot?gx-no-cache=1496327708740 HTTP/1.1" 200 34
186.103.248.213 - - [01/Jun/2017:11:34:26 -0300] "GET /cormun/servlet/trsolicitudot? HTTP/1.1" 200 10764
186.103.248.213 - - [01/Jun/2017:11:34:26 -0300] "GET /cormun/static/gxcfg.js?20175251233261 HTTP/1.1" 200 953
186.103.248.213 - - [01/Jun/2017:11:34:26 -0300] "GET /cormun/static/trsolicitudot.js?20175251234175 HTTP/1.1" 200 54041
186.103.248.213 - - [01/Jun/2017:11:34:26 -0300] "GET /cormun/servlet/trsolicitudot? HTTP/1.1" 200 10764
186.103.248.213 - - [01/Jun/2017:11:34:30 -0300] "GET /cormun/servlet/solicitudot?INS,0,0, HTTP/1.1" 200 12646
186.103.248.213 - - [01/Jun/2017:11:34:30 -0300] "GET /cormun/static/gxcfg.js?201752522134570 HTTP/1.1" 200 953
186.103.248.213 - - [01/Jun/2017:11:34:30 -0300] "GET /cormun/static/solicitudot.js?201752522134767 HTTP/1.1" 200 64045
186.103.248.213 - - [01/Jun/2017:11:34:30 -0300] "GET /cormun/servlet/solicitudot?INS,0,0, HTTP/1.1" 200 12651
201.236.59.211 - - [01/Jun/2017:11:34:32 -0300] "GET /cormun/servlet/hlogin HTTP/1.1" 200 1724
201.236.59.211 - - [01/Jun/2017:11:34:43 -0300] "POST /cormun/servlet/hlogin?89012e36ce84aa78c84252e6e8200474,gx-no-cache=1496327740705 HTTP/1.1" 200 90
201.236.59.211 - - [01/Jun/2017:11:34:43 -0300] "GET /cormun/servlet/hpexe_link HTTP/1.1" 200 977
201.236.59.211 - - [01/Jun/2017:11:34:44 -0300] "GET /cormun/servlet/trlicencias?gx-no-cache=1496325065265 HTTP/1.1" 200 8390
201.236.59.211 - - [01/Jun/2017:11:34:45 -0300] "GET /cormun/servlet/trlicencias?gx-no-cache=1496325065265 HTTP/1.1" 200 8409
190.45.55.254 - - [01/Jun/2017:11:34:50 -0300] "POST /cormun/servlet/solicitudot?1bc232eb0e1c19eb219af3e6c914c884,INS,0,0,,gx-no-cache=1496327746978 HTTP/1.1" 200 93
190.45.55.254 - - [01/Jun/2017:11:34:50 -0300] "GET /cormun/servlet/hpexe_return? HTTP/1.1" 200 1005
190.45.55.254 - - [01/Jun/2017:11:34:50 -0300] "GET /cormun/servlet/trsolicitudot HTTP/1.1" 200 15983
190.45.55.254 - - [01/Jun/2017:11:34:50 -0300] "GET /cormun/static/gxcfg.js?20175251233261 HTTP/1.1" 304 -
201.236.59.211 - - [01/Jun/2017:11:34:50 -0300] "GET /cormun/servlet/trpermisosgoce? HTTP/1.1" 200 11835
201.236.59.211 - - [01/Jun/2017:11:34:51 -0300] "GET /cormun/static/gxcfg.js?20175251265886 HTTP/1.1" 200 953
201.236.59.211 - - [01/Jun/2017:11:34:51 -0300] "GET /cormun/static/trpermisosgoce.js?2017525127453 HTTP/1.1" 200 35904
190.45.55.254 - - [01/Jun/2017:11:34:51 -0300] "GET /cormun/servlet/trsolicitudot HTTP/1.1" 200 15978
201.236.59.211 - - [01/Jun/2017:11:34:51 -0300] "GET /cormun/servlet/trpermisosgoce? HTTP/1.1" 200 11813
186.103.159.44 - - [01/Jun/2017:11:35:20 -0300] "GET /cormun/static/menuarrow.gif HTTP/1.1" 404 1015
200.86.10.241 - - [01/Jun/2017:11:35:34 -0300] "GET /cormun/servlet/hlogin HTTP/1.1" 200 1728
186.103.159.188 - - [01/Jun/2017:11:35:35 -0300] "GET /cormun/static/gxcfg.js?20175251213516 HTTP/1.1" 200 953
200.86.10.241 - - [01/Jun/2017:11:35:35 -0300] "GET /cormun/static/hlogin.js?20175251213537 HTTP/1.1" 200 2136
200.86.10.241 - - [01/Jun/2017:11:35:35 -0300] "GET /cormun/static/Resources/Spanish/PXTools.css?11423723 HTTP/1.1" 200 89042
200.86.10.241 - - [01/Jun/2017:11:35:35 -0300] "GET /cormun/servlet/hlogin HTTP/1.1" 200 1734
200.86.10.241 - - [01/Jun/2017:11:35:35 -0300] "GET /cormun/static/Resources/PXToolsLoginBottom.png HTTP/1.1" 200 1389
186.103.248.213 - - [01/Jun/2017:11:35:38 -0300] "GET /cormun/servlet/trlicencias? HTTP/1.1" 200 10380
186.103.248.213 - - [01/Jun/2017:11:35:39 -0300] "GET /cormun/static/gxcfg.js?20175222047249 HTTP/1.1" 304 -
186.103.248.213 - - [01/Jun/2017:11:35:39 -0300] "GET /cormun/servlet/trlicencias? HTTP/1.1" 200 10374
200.86.10.241 - - [01/Jun/2017:11:35:49 -0300] "POST /cormun/servlet/hlogin?53c8369020233589a21f5d7ac1a7dbcb,gx-no-cache=1496327804929 HTTP/1.1" 200 90
200.86.10.241 - - [01/Jun/2017:11:35:49 -0300] "GET /cormun/servlet/hpexe_link HTTP/1.1" 200 955
200.86.10.241 - - [01/Jun/2017:11:35:50 -0300] "GET /cormun/static/gxcfg.js?20175251212395 HTTP/1.1" 200 953
200.86.10.241 - - [01/Jun/2017:11:35:50 -0300] "GET /cormun/static/hpexe_link.js?20175251212399 HTTP/1.1" 200 625
200.86.10.241 - - [01/Jun/2017:11:35:50 -0300] "GET /cormun/servlet/hhome HTTP/1.1" 200 3783
200.86.10.241 - - [01/Jun/2017:11:35:50 -0300] "GET /cormun/static/gxcfg.js?20175251212442 HTTP/1.1" 200 953
186.103.159.188 - - [01/Jun/2017:11:35:50 -0300] "GET /cormun/static/hpexe_recentlink.js?201610171694390 HTTP/1.1" 200 2144
200.86.10.241 - - [01/Jun/2017:11:35:50 -0300] "GET /cormun/static/hhome.js?20175251212450 HTTP/1.1" 200 777
200.86.10.241 - - [01/Jun/2017:11:35:50 -0300] "GET /cormun/static/hwchdr01.js?201752511465785 HTTP/1.1" 200 1183
200.86.10.241 - - [01/Jun/2017:11:35:50 -0300] "GET /cormun/static/hpexe_messagecontroller.js?201610171694323 HTTP/1.1" 200 870
200.86.10.241 - - [01/Jun/2017:11:35:50 -0300] "GET /cormun/static/hpexe_scripts.js?201752511465715 HTTP/1.1" 200 1544
200.86.10.241 - - [01/Jun/2017:11:35:50 -0300] "GET /cormun/static/hpexe_messagegenexuscomponent.js?201752511465344 HTTP/1.1" 200 587
200.86.10.241 - - [01/Jun/2017:11:35:50 -0300] "GET /cormun/static/hpexe_messagepopupcomponent.js?20161017169425 HTTP/1.1" 200 605
200.86.10.241 - - [01/Jun/2017:11:35:50 -0300] "GET /cormun/static/cmcontrolpreferences.js?201752511465670 HTTP/1.1" 200 1375
200.86.10.241 - - [01/Jun/2017:11:35:50 -0300] "GET /cormun/static/hmpwkw03.js?2017525121347 HTTP/1.1" 200 3965
200.86.10.241 - - [01/Jun/2017:11:35:50 -0300] "GET /cormun/servlet/hhome HTTP/1.1" 200 3780
186.103.248.213 - - [01/Jun/2017:11:35:50 -0300] "GET /cormun/servlet/trlicenciaspermisoslog?17477468,L,20170601000000, HTTP/1.1" 200 6308
186.103.248.213 - - [01/Jun/2017:11:35:51 -0300] "GET /cormun/static/gxcfg.js?20175251272018 HTTP/1.1" 200 953
186.103.248.213 - - [01/Jun/2017:11:35:51 -0300] "GET /cormun/static/trlicenciaspermisoslog.js?20175251272335 HTTP/1.1" 200 20074
186.103.248.213 - - [01/Jun/2017:11:35:51 -0300] "GET /cormun/servlet/trlicenciaspermisoslog?17477468,L,20170601000000, HTTP/1.1" 200 6309
186.103.248.213 - - [01/Jun/2017:11:35:52 -0300] "POST /cormun/servlet/acontrolpreferencessavestate?None,CG-22,true HTTP/1.1" 200 35
201.236.59.211 - - [01/Jun/2017:11:35:54 -0300] "GET /cormun/servlet/permisogoce?INS,0,,, HTTP/1.1" 200 6815
201.236.59.211 - - [01/Jun/2017:11:35:54 -0300] "GET /cormun/static/gxcfg.js?201752511545264 HTTP/1.1" 200 953
201.236.59.211 - - [01/Jun/2017:11:35:54 -0300] "GET /cormun/static/permisogoce.js?201752511545340 HTTP/1.1" 200 27885
186.103.248.213 - - [01/Jun/2017:11:35:58 -0300] "GET /cormun/servlet/trlicencias? HTTP/1.1" 200 10382
186.103.248.213 - - [01/Jun/2017:11:35:58 -0300] "GET /cormun/servlet/trlicencias? HTTP/1.1" 200 10381
200.86.10.241 - - [01/Jun/2017:11:35:59 -0300] "GET /cormun/servlet/trlicencias? HTTP/1.1" 200 9899
200.86.10.241 - - [01/Jun/2017:11:35:59 -0300] "GET /cormun/static/gxcfg.js?20175222047249 HTTP/1.1" 200 953
200.86.10.241 - - [01/Jun/2017:11:35:59 -0300] "GET /cormun/static/Resources/Spanish/PXTools.css?11294912 HTTP/1.1" 200 89042
200.86.10.241 - - [01/Jun/2017:11:35:59 -0300] "GET /cormun/static/trlicencias.js?201752220473085 HTTP/1.1" 200 40838
200.86.10.241 - - [01/Jun/2017:11:35:59 -0300] "GET /cormun//static/Resources/PXToolsActionDisabled.gif HTTP/1.1" 200 53
200.86.10.241 - - [01/Jun/2017:11:35:59 -0300] "GET /cormun/servlet/trlicencias? HTTP/1.1" 200 9897
186.103.248.213 - - [01/Jun/2017:11:36:09 -0300] "GET /cormun/servlet/licenciaspermisos?DSP,10352127,L,20170601000000, HTTP/1.1" 200 6814
186.103.248.213 - - [01/Jun/2017:11:36:10 -0300] "GET /cormun/servlet/licenciaspermisos?DSP,10352127,L,20170601000000, HTTP/1.1" 200 6814
186.103.248.213 - - [01/Jun/2017:11:36:16 -0300] "GET /cormun/servlet/trsolicitudot? HTTP/1.1" 200 10797
186.103.248.213 - - [01/Jun/2017:11:36:16 -0300] "GET /cormun/servlet/trsolicitudot? HTTP/1.1" 200 10771
200.86.10.241 - - [01/Jun/2017:11:36:19 -0300] "GET /cormun/servlet/trlicencias? HTTP/1.1" 200 9897
200.86.10.241 - - [01/Jun/2017:11:36:19 -0300] "GET /cormun/servlet/trlicencias? HTTP/1.1" 200 9897
200.86.10.241 - - [01/Jun/2017:11:36:41 -0300] "GET /cormun/servlet/alicenciaprn?10146569,L,20170531000000,PU HTTP/1.1" 200 1534
186.103.159.44 - - [01/Jun/2017:11:36:50 -0300] "GET /cormun/servlet/licenciaspermisos?f410920583e10f6b78b8970018a34d9cd9c01b4af5304240fbf601ec0005933b34bfe539c58e0e57b0307fc93a7e08b6b8b767bf5e35cd3b1e88a6bbdfa8950b1836037376348a297d82a9a0d4a39d9dee03888367e0a08a9db123c53ffe0b7a9d424c302866fdba2260b2f007a589ba830d438e5da8add915942f508e26f93f753cf2751187cf7eff6c3dcf6f2d400d44ca80464f1ebddf9933f671818d9693f78eb0cac636db199eed7bf3292d9c1f,gx-no-cache=1496327858946 HTTP/1.1" 200 30
186.103.159.44 - - [01/Jun/2017:11:36:50 -0300] "GET /cormun/servlet/licenciaspermisos?f410920583e10f6b78b8970018a34d9cf084203f6e3a5022ffbf3ac3e98df1d23acef13aa981d7705fc91e28e9505ea4cd214b7979957e302e5a7dabe5cc73baf7ac791a7dd41846cef0eded67314e37fa8ce33a1ffa3de61f27036762251406c6c7300208ae53581cf230d97c63b898062c0a163f9bba8c9e1f57dc91e17c5a306ad0bfd4bf5f298903457898f837ddb3270108eb25966ab9d8713c7976f8f7e93e90f04faa7ec079bb0f20607d0c35,gx-no-cache=1496327859378 HTTP/1.1" 200 29
186.103.159.44 - - [01/Jun/2017:11:36:51 -0300] "POST /cormun/servlet/licenciaspermisos?02d83639264db4312ad5643eaa405087,INS,0,,,,gx-no-cache=1496327859787 HTTP/1.1" 200 93
186.103.159.44 - - [01/Jun/2017:11:36:51 -0300] "GET /cormun/servlet/hpexe_return? HTTP/1.1" 200 1013
186.103.159.44 - - [01/Jun/2017:11:36:52 -0300] "GET /cormun/servlet/trlicencias? HTTP/1.1" 200 10054
200.86.10.241 - - [01/Jun/2017:11:36:56 -0300] "GET /cormun/servlet/alicenciaprn?10146569,L,20170531000000,PU HTTP/1.1" 200 1536
186.103.159.44 - - [01/Jun/2017:11:37:00 -0300] "GET /cormun/servlet/trlicenciaspermisosadjuntos?15804934,20170601000000,L, HTTP/1.1" 200 6136
186.103.159.44 - - [01/Jun/2017:11:37:01 -0300] "GET /cormun/static/gxcfg.js?20175251265349 HTTP/1.1" 200 953
186.103.159.44 - - [01/Jun/2017:11:37:01 -0300] "GET /cormun/static/trlicenciaspermisosadjuntos.js?2017525126577 HTTP/1.1" 200 21036
186.103.159.44 - - [01/Jun/2017:11:37:04 -0300] "GET /cormun/servlet/licenciaspermisosadjuntos?INS,15804934,L,20170601000000,, HTTP/1.1" 200 5430
186.103.159.44 - - [01/Jun/2017:11:37:04 -0300] "GET /cormun/static/gxcfg.js?201752511544364 HTTP/1.1" 200 953
186.103.159.44 - - [01/Jun/2017:11:37:04 -0300] "GET /cormun/static/licenciaspermisosadjuntos.js?201752511544378 HTTP/1.1" 200 8760
186.103.159.44 - - [01/Jun/2017:11:37:04 -0300] "HEAD /cormun/static/about:blank HTTP/1.1" 404 -
186.103.156.24 - - [01/Jun/2017:11:37:14 -0300] "GET /cormun/servlet/trlicencias? HTTP/1.1" 200 13237
186.103.156.24 - - [01/Jun/2017:11:37:14 -0300] "GET /cormun/static/gxcfg.js?20175222047249 HTTP/1.1" 200 953
186.103.156.24 - - [01/Jun/2017:11:37:14 -0300] "GET /cormun/static/trlicencias.js?201752220473085 HTTP/1.1" 200 40838
186.103.156.24 - - [01/Jun/2017:11:37:15 -0300] "GET /cormun//static/Resources/PXToolsActionPrint.png HTTP/1.1" 200 3317
186.103.156.24 - - [01/Jun/2017:11:37:15 -0300] "GET /cormun//static/Resources/PXToolsHeaderHelp.png HTTP/1.1" 200 4055
186.103.156.24 - - [01/Jun/2017:11:37:15 -0300] "GET /cormun//static/Resources/PXToolsHeaderFavorites.png HTTP/1.1" 200 2744
186.103.156.24 - - [01/Jun/2017:11:37:15 -0300] "GET /cormun//static/Resources/PXToolsGridDisplay.png HTTP/1.1" 200 362
186.103.156.24 - - [01/Jun/2017:11:37:15 -0300] "GET /cormun/servlet/trlicencias? HTTP/1.1" 200 13234
190.45.55.254 - - [01/Jun/2017:11:37:19 -0300] "POST /cormun/servlet/trsolicitudot?1bc232eb0e1c19eb219af3e6c914c884,gx-no-cache=1496327896316 HTTP/1.1" 200 106
190.45.55.254 - - [01/Jun/2017:11:37:19 -0300] "GET /cormun/servlet/trsolicitudadjuntos?2017,6700, HTTP/1.1" 200 6211
190.45.55.254 - - [01/Jun/2017:11:37:19 -0300] "GET /cormun/static/gxcfg.js?20175251232679 HTTP/1.1" 200 953
190.45.55.254 - - [01/Jun/2017:11:37:19 -0300] "GET /cormun/static/trsolicitudadjuntos.js?20175251233082 HTTP/1.1" 200 17922
190.45.55.254 - - [01/Jun/2017:11:37:19 -0300] "GET /cormun/servlet/trsolicitudadjuntos?2017,6700, HTTP/1.1" 200 6211
186.103.159.44 - - [01/Jun/2017:11:37:25 -0300] "POST /cormun/servlet/licenciaspermisosadjuntos?02d83639264db4312ad5643eaa405087,INS,15804934,L,20170601000000,, HTTP/1.1" 200 116
186.103.159.44 - - [01/Jun/2017:11:37:25 -0300] "GET /cormun/servlet/hpexe_return? HTTP/1.1" 200 1042
186.103.159.44 - - [01/Jun/2017:11:37:25 -0300] "GET /cormun/servlet/trlicenciaspermisosadjuntos?15804934,20170601000000,L, HTTP/1.1" 200 6627
190.45.55.254 - - [01/Jun/2017:11:37:26 -0300] "GET /cormun/servlet/solicitudotadjuntos?INS,2017,6700,,1, HTTP/1.1" 200 6157
190.45.55.254 - - [01/Jun/2017:11:37:26 -0300] "GET /cormun/static/gxcfg.js?201752511522888 HTTP/1.1" 200 953
190.45.55.254 - - [01/Jun/2017:11:37:26 -0300] "GET /cormun/static/solicitudotadjuntos.js?20175251152299 HTTP/1.1" 200 11771
190.45.55.254 - - [01/Jun/2017:11:37:26 -0300] "GET /cormun/static/about:blank HTTP/1.1" 404 1011
190.45.55.254 - - [01/Jun/2017:11:37:26 -0300] "GET /cormun/servlet/solicitudotadjuntos?INS,2017,6700,,1, HTTP/1.1" 200 6151
190.45.55.254 - - [01/Jun/2017:11:37:26 -0300] "GET /cormun/servlet/solicitudotadjuntos?2c895ea444f4e0111fcc84967a391c2ede0e7a564a71d2c84b9f91d8e6ade33cdd21656f001e6e41dc49509ff7396833,gx-no-cache=1496327904037 HTTP/1.1" 200 30
190.45.55.254 - - [01/Jun/2017:11:37:27 -0300] "POST /cormun/servlet/solicitudotadjuntos?1bc232eb0e1c19eb219af3e6c914c884,INS,2017,6700,,1,,gx-no-cache=1496327904094 HTTP/1.1" 200 3863
186.103.159.44 - - [01/Jun/2017:11:37:27 -0300] "GET /cormun/PublicTempStorage/licencia_maurico_contreras7553169.pdf HTTP/1.1" 200 957766
186.103.159.44 - - [01/Jun/2017:11:37:32 -0300] "GET /cormun/servlet/trlicencias? HTTP/1.1" 200 10049
190.45.55.254 - - [01/Jun/2017:11:37:36 -0300] "POST /cormun/servlet/solicitudotadjuntos?gx-no-cache=1496327913582 HTTP/1.1" 200 26
186.103.159.44 - - [01/Jun/2017:11:37:39 -0300] "GET /cormun/servlet/alicenciaprn?15804934,L,20170601000000,PU HTTP/1.1" 200 1528
190.45.55.254 - - [01/Jun/2017:11:37:47 -0300] "GET /cormun/servlet/solicitudotadjuntos?2c895ea444f4e0111fcc84967a391c2e9f7c52d05a6e098b38b35e08b20433d9,gx-no-cache=1496327925008 HTTP/1.1" 200 30
190.45.55.254 - - [01/Jun/2017:11:37:48 -0300] "GET /cormun/servlet/solicitudotadjuntos?2c895ea444f4e0111fcc84967a391c2e9f7c52d05a6e098b38b35e08b20433d9,gx-no-cache=1496327925066 HTTP/1.1" 200 30
190.45.55.254 - - [01/Jun/2017:11:37:53 -0300] "POST /cormun/servlet/solicitudotadjuntos?1bc232eb0e1c19eb219af3e6c914c884,INS,2017,6700,,1, HTTP/1.1" 200 116
190.45.55.254 - - [01/Jun/2017:11:37:53 -0300] "GET /cormun/servlet/hpexe_return? HTTP/1.1" 200 1023
190.45.55.254 - - [01/Jun/2017:11:37:53 -0300] "GET /cormun/servlet/trsolicitudadjuntos?2017,6700, HTTP/1.1" 200 8445
190.45.55.254 - - [01/Jun/2017:11:37:53 -0300] "GET /cormun/servlet/trsolicitudadjuntos?2017,6700, HTTP/1.1" 200 8441
190.45.55.254 - - [01/Jun/2017:11:37:57 -0300] "GET /cormun/servlet/solicitudotadjuntos?INS,2017,6700,,1, HTTP/1.1" 200 6157
190.45.55.254 - - [01/Jun/2017:11:37:57 -0300] "GET /cormun/static/about:blank HTTP/1.1" 404 1011
190.45.55.254 - - [01/Jun/2017:11:37:57 -0300] "GET /cormun/servlet/solicitudotadjuntos?INS,2017,6700,,1, HTTP/1.1" 200 6151
190.45.55.254 - - [01/Jun/2017:11:37:57 -0300] "GET /cormun/servlet/solicitudotadjuntos?2c895ea444f4e0111fcc84967a391c2ede0e7a564a71d2c84b9f91d8e6ade33cdd21656f001e6e41dc49509ff7396833,gx-no-cache=1496327934925 HTTP/1.1" 200 30
190.45.55.254 - - [01/Jun/2017:11:37:57 -0300] "POST /cormun/servlet/solicitudotadjuntos?1bc232eb0e1c19eb219af3e6c914c884,INS,2017,6700,,1,,gx-no-cache=1496327934985 HTTP/1.1" 200 3863
190.45.55.254 - - [01/Jun/2017:11:38:01 -0300] "POST /cormun/servlet/solicitudotadjuntos?gx-no-cache=1496327938381 HTTP/1.1" 200 26
190.45.55.254 - - [01/Jun/2017:11:38:07 -0300] "POST /cormun/servlet/solicitudotadjuntos?gx-no-cache=1496327944126 HTTP/1.1" 200 26
190.45.55.254 - - [01/Jun/2017:11:38:14 -0300] "GET /cormun/servlet/solicitudotadjuntos?2c895ea444f4e0111fcc84967a391c2e9f7c52d05a6e098b38b35e08b20433d9,gx-no-cache=1496327951199 HTTP/1.1" 200 30
190.45.55.254 - - [01/Jun/2017:11:38:14 -0300] "GET /cormun/servlet/solicitudotadjuntos?2c895ea444f4e0111fcc84967a391c2e9f7c52d05a6e098b38b35e08b20433d9,gx-no-cache=1496327951252 HTTP/1.1" 200 30
190.45.55.254 - - [01/Jun/2017:11:38:28 -0300] "POST /cormun/servlet/solicitudotadjuntos?1bc232eb0e1c19eb219af3e6c914c884,INS,2017,6700,,1, HTTP/1.1" 200 116
190.45.55.254 - - [01/Jun/2017:11:38:28 -0300] "GET /cormun/servlet/hpexe_return? HTTP/1.1" 200 1023
190.45.55.254 - - [01/Jun/2017:11:38:29 -0300] "GET /cormun/servlet/trsolicitudadjuntos?2017,6700, HTTP/1.1" 200 8635
190.45.55.254 - - [01/Jun/2017:11:38:29 -0300] "GET /cormun/servlet/trsolicitudadjuntos?2017,6700, HTTP/1.1" 200 8634
190.45.55.254 - - [01/Jun/2017:11:38:33 -0300] "GET /cormun/servlet/solicitudotadjuntos?INS,2017,6700,,1, HTTP/1.1" 200 6157
190.45.55.254 - - [01/Jun/2017:11:38:33 -0300] "GET /cormun/static/about:blank HTTP/1.1" 404 1011
190.45.55.254 - - [01/Jun/2017:11:38:33 -0300] "GET /cormun/servlet/solicitudotadjuntos?INS,2017,6700,,1, HTTP/1.1" 200 6151
190.45.55.254 - - [01/Jun/2017:11:38:33 -0300] "GET /cormun/servlet/solicitudotadjuntos?2c895ea444f4e0111fcc84967a391c2ede0e7a564a71d2c84b9f91d8e6ade33cdd21656f001e6e41dc49509ff7396833,gx-no-cache=1496327970880 HTTP/1.1" 200 30
190.45.55.254 - - [01/Jun/2017:11:38:33 -0300] "POST /cormun/servlet/solicitudotadjuntos?1bc232eb0e1c19eb219af3e6c914c884,INS,2017,6700,,1,,gx-no-cache=1496327970963 HTTP/1.1" 200 3864
190.45.55.254 - - [01/Jun/2017:11:38:37 -0300] "POST /cormun/servlet/solicitudotadjuntos?gx-no-cache=1496327974576 HTTP/1.1" 200 26
190.45.55.254 - - [01/Jun/2017:11:38:45 -0300] "GET /cormun/servlet/solicitudotadjuntos?2c895ea444f4e0111fcc84967a391c2e9f7c52d05a6e098b38b35e08b20433d9,gx-no-cache=1496327982741 HTTP/1.1" 200 30
190.45.55.254 - - [01/Jun/2017:11:38:45 -0300] "GET /cormun/servlet/solicitudotadjuntos?2c895ea444f4e0111fcc84967a391c2e9f7c52d05a6e098b38b35e08b20433d9,gx-no-cache=1496327982789 HTTP/1.1" 200 30
190.45.55.254 - - [01/Jun/2017:11:38:48 -0300] "POST /cormun/servlet/solicitudotadjuntos?1bc232eb0e1c19eb219af3e6c914c884,INS,2017,6700,,1, HTTP/1.1" 200 116
190.45.55.254 - - [01/Jun/2017:11:38:49 -0300] "GET /cormun/servlet/hpexe_return? HTTP/1.1" 200 1023
190.45.55.254 - - [01/Jun/2017:11:38:49 -0300] "GET /cormun/servlet/trsolicitudadjuntos?2017,6700, HTTP/1.1" 200 8801
190.45.55.254 - - [01/Jun/2017:11:38:50 -0300] "GET /cormun/servlet/trsolicitudadjuntos?2017,6700, HTTP/1.1" 200 8801
200.86.10.241 - - [01/Jun/2017:11:38:51 -0300] "GET /cormun/servlet/alicenciaprn?10146569,L,20170531000000,PU HTTP/1.1" 200 1534
190.45.55.254 - - [01/Jun/2017:11:38:52 -0300] "GET /cormun/servlet/solicitudotadjuntos?INS,2017,6700,,1, HTTP/1.1" 200 6157
190.45.55.254 - - [01/Jun/2017:11:38:52 -0300] "GET /cormun/static/about:blank HTTP/1.1" 404 1011
190.45.55.254 - - [01/Jun/2017:11:38:52 -0300] "GET /cormun/servlet/solicitudotadjuntos?INS,2017,6700,,1, HTTP/1.1" 200 6151
190.45.55.254 - - [01/Jun/2017:11:38:53 -0300] "GET /cormun/servlet/solicitudotadjuntos?2c895ea444f4e0111fcc84967a391c2ede0e7a564a71d2c84b9f91d8e6ade33cdd21656f001e6e41dc49509ff7396833,gx-no-cache=1496327990420 HTTP/1.1" 200 30
190.45.55.254 - - [01/Jun/2017:11:38:53 -0300] "POST /cormun/servlet/solicitudotadjuntos?1bc232eb0e1c19eb219af3e6c914c884,INS,2017,6700,,1,,gx-no-cache=1496327990539 HTTP/1.1" 200 3864
190.45.55.254 - - [01/Jun/2017:11:38:56 -0300] "POST /cormun/servlet/solicitudotadjuntos?gx-no-cache=1496327993790 HTTP/1.1" 200 26
190.45.55.254 - - [01/Jun/2017:11:39:02 -0300] "GET /cormun/servlet/solicitudotadjuntos?2c895ea444f4e0111fcc84967a391c2e9f7c52d05a6e098b38b35e08b20433d9,gx-no-cache=1496327999654 HTTP/1.1" 200 30
190.45.55.254 - - [01/Jun/2017:11:39:02 -0300] "GET /cormun/servlet/solicitudotadjuntos?2c895ea444f4e0111fcc84967a391c2e9f7c52d05a6e098b38b35e08b20433d9,gx-no-cache=1496327999715 HTTP/1.1" 200 30
190.45.55.254 - - [01/Jun/2017:11:39:07 -0300] "POST /cormun/servlet/solicitudotadjuntos?1bc232eb0e1c19eb219af3e6c914c884,INS,2017,6700,,1, HTTP/1.1" 200 116
190.45.55.254 - - [01/Jun/2017:11:39:07 -0300] "GET /cormun/servlet/hpexe_return? HTTP/1.1" 200 1023
190.45.55.254 - - [01/Jun/2017:11:39:07 -0300] "GET /cormun/servlet/trsolicitudadjuntos?2017,6700, HTTP/1.1" 200 8971
190.45.55.254 - - [01/Jun/2017:11:39:08 -0300] "GET /cormun/servlet/trsolicitudadjuntos?2017,6700, HTTP/1.1" 200 8971
190.45.55.254 - - [01/Jun/2017:11:39:10 -0300] "GET /cormun/servlet/solicitudotadjuntos?INS,2017,6700,,1, HTTP/1.1" 200 6157
190.45.55.254 - - [01/Jun/2017:11:39:10 -0300] "GET /cormun/static/about:blank HTTP/1.1" 404 1011
190.45.55.254 - - [01/Jun/2017:11:39:10 -0300] "GET /cormun/servlet/solicitudotadjuntos?INS,2017,6700,,1, HTTP/1.1" 200 6151
190.45.55.254 - - [01/Jun/2017:11:39:11 -0300] "GET /cormun/servlet/solicitudotadjuntos?2c895ea444f4e0111fcc84967a391c2ede0e7a564a71d2c84b9f91d8e6ade33cdd21656f001e6e41dc49509ff7396833,gx-no-cache=1496328008206 HTTP/1.1" 200 30
190.45.55.254 - - [01/Jun/2017:11:39:11 -0300] "POST /cormun/servlet/solicitudotadjuntos?1bc232eb0e1c19eb219af3e6c914c884,INS,2017,6700,,1,,gx-no-cache=1496328008270 HTTP/1.1" 200 3864
190.45.55.254 - - [01/Jun/2017:11:39:14 -0300] "POST /cormun/servlet/solicitudotadjuntos?gx-no-cache=1496328011192 HTTP/1.1" 200 26
190.45.55.254 - - [01/Jun/2017:11:39:19 -0300] "GET /cormun/servlet/solicitudotadjuntos?2c895ea444f4e0111fcc84967a391c2e9f7c52d05a6e098b38b35e08b20433d9,gx-no-cache=1496328016376 HTTP/1.1" 200 30
190.45.55.254 - - [01/Jun/2017:11:39:19 -0300] "GET /cormun/servlet/solicitudotadjuntos?2c895ea444f4e0111fcc84967a391c2e9f7c52d05a6e098b38b35e08b20433d9,gx-no-cache=1496328016429 HTTP/1.1" 200 30
186.103.156.24 - - [01/Jun/2017:11:39:46 -0300] "POST /cormun/servlet/trlicencias?32077a917b7ae113ce4038fcd7ab7901,,gx-no-cache=1496328042717 HTTP/1.1" 200 10904
192.168.10.96 - - [01/Jun/2017:11:39:51 -0300] "GET /cormun/servlet/trlicenciasgenerales? HTTP/1.1" 200 18713
192.168.10.96 - - [01/Jun/2017:11:39:52 -0300] "GET /cormun/servlet/trlicenciasgenerales? HTTP/1.1" 200 18682
186.103.156.24 - - [01/Jun/2017:11:39:52 -0300] "POST /cormun/servlet/trlicencias?32077a917b7ae113ce4038fcd7ab7901,,gx-no-cache=1496328048992 HTTP/1.1" 200 10909
190.45.55.254 - - [01/Jun/2017:11:39:54 -0300] "POST /cormun/servlet/solicitudotadjuntos?1bc232eb0e1c19eb219af3e6c914c884,INS,2017,6700,,1, HTTP/1.1" 200 116
190.45.55.254 - - [01/Jun/2017:11:39:54 -0300] "GET /cormun/servlet/hpexe_return? HTTP/1.1" 200 1023
190.45.55.254 - - [01/Jun/2017:11:39:55 -0300] "GET /cormun/servlet/trsolicitudadjuntos?2017,6700, HTTP/1.1" 200 9152
190.45.55.254 - - [01/Jun/2017:11:39:56 -0300] "GET /cormun/servlet/trsolicitudadjuntos?2017,6700, HTTP/1.1" 200 9148
190.45.55.254 - - [01/Jun/2017:11:39:59 -0300] "GET /cormun/servlet/solicitudotadjuntos?INS,2017,6700,,1, HTTP/1.1" 200 6156
190.45.55.254 - - [01/Jun/2017:11:40:00 -0300] "GET /cormun/static/about:blank HTTP/1.1" 404 1011
190.45.55.254 - - [01/Jun/2017:11:40:00 -0300] "GET /cormun/servlet/solicitudotadjuntos?INS,2017,6700,,1, HTTP/1.1" 200 6150
190.45.55.254 - - [01/Jun/2017:11:40:00 -0300] "GET /cormun/servlet/solicitudotadjuntos?2c895ea444f4e0111fcc84967a391c2ede0e7a564a71d2c84b9f91d8e6ade33cdd21656f001e6e41dc49509ff7396833,gx-no-cache=1496328057749 HTTP/1.1" 200 30
190.45.55.254 - - [01/Jun/2017:11:40:00 -0300] "POST /cormun/servlet/solicitudotadjuntos?1bc232eb0e1c19eb219af3e6c914c884,INS,2017,6700,,1,,gx-no-cache=1496328057817 HTTP/1.1" 200 3863
186.103.156.24 - - [01/Jun/2017:11:40:03 -0300] "POST /cormun/servlet/trlicencias?32077a917b7ae113ce4038fcd7ab7901,,gx-no-cache=1496328060057 HTTP/1.1" 200 10905
190.45.55.254 - - [01/Jun/2017:11:40:03 -0300] "POST /cormun/servlet/solicitudotadjuntos?gx-no-cache=1496328060865 HTTP/1.1" 200 26
186.103.156.24 - - [01/Jun/2017:11:40:07 -0300] "GET /cormun/static/menuarrow.gif HTTP/1.1" 404 1015
190.45.55.254 - - [01/Jun/2017:11:40:12 -0300] "GET /cormun/servlet/solicitudotadjuntos?2c895ea444f4e0111fcc84967a391c2e9f7c52d05a6e098b38b35e08b20433d9,gx-no-cache=1496328069407 HTTP/1.1" 200 30
190.45.55.254 - - [01/Jun/2017:11:40:12 -0300] "GET /cormun/servlet/solicitudotadjuntos?2c895ea444f4e0111fcc84967a391c2e9f7c52d05a6e098b38b35e08b20433d9,gx-no-cache=1496328069488 HTTP/1.1" 200 30
186.103.159.44 - - [01/Jun/2017:11:40:12 -0300] "POST /cormun/servlet/trlicencias?02d83639264db4312ad5643eaa405087,,gx-no-cache=1496328061330 HTTP/1.1" 200 7463
186.103.159.44 - - [01/Jun/2017:11:40:13 -0300] "GET /cormun/static/Shared/jqueryui/images/ui-bg_highlight-soft_100_c6c2c8_1x100.png HTTP/1.1" 404 1117
186.103.159.44 - - [01/Jun/2017:11:40:13 -0300] "GET /cormun/static/Shared/jqueryui/images/ui-icons_8d78a5_256x240.png HTTP/1.1" 404 1089
186.103.159.44 - - [01/Jun/2017:11:40:13 -0300] "GET /cormun/static/Shared/jqueryui/images/ui-icons_82798d_256x240.png HTTP/1.1" 404 1089
186.103.159.44 - - [01/Jun/2017:11:40:13 -0300] "GET /cormun/static/Shared/jqueryui/images/ui-bg_flat_55_fafafa_40x100.png HTTP/1.1" 404 1097
186.103.159.44 - - [01/Jun/2017:11:40:15 -0300] "GET /cormun/servlet/licenciaspermisos?INS,0,,, HTTP/1.1" 200 7205
190.45.55.254 - - [01/Jun/2017:11:40:20 -0300] "POST /cormun/servlet/solicitudotadjuntos?1bc232eb0e1c19eb219af3e6c914c884,INS,2017,6700,,1, HTTP/1.1" 200 116
190.45.55.254 - - [01/Jun/2017:11:40:20 -0300] "GET /cormun/servlet/hpexe_return? HTTP/1.1" 200 1023
190.45.55.254 - - [01/Jun/2017:11:40:21 -0300] "GET /cormun/servlet/trsolicitudadjuntos?2017,6700, HTTP/1.1" 200 9391
190.45.55.254 - - [01/Jun/2017:11:40:22 -0300] "GET /cormun/servlet/trsolicitudadjuntos?2017,6700, HTTP/1.1" 200 9387
190.45.55.254 - - [01/Jun/2017:11:40:44 -0300] "GET /cormun/servlet/trautorizarsolicitud? HTTP/1.1" 200 7047
190.45.55.254 - - [01/Jun/2017:11:40:45 -0300] "GET /cormun/servlet/trautorizarsolicitud? HTTP/1.1" 200 7035
190.45.55.254 - - [01/Jun/2017:11:40:50 -0300] "GET /cormun/servlet/trautorizarsolicitud? HTTP/1.1" 200 7035
190.45.55.254 - - [01/Jun/2017:11:40:51 -0300] "GET /cormun/servlet/trautorizarsolicitud? HTTP/1.1" 200 7035
192.168.10.96 - - [01/Jun/2017:11:40:53 -0300] "GET /cormun/servlet/trsolicitudgral? HTTP/1.1" 200 25127
192.168.10.96 - - [01/Jun/2017:11:40:54 -0300] "GET /cormun/servlet/trsolicitudgral? HTTP/1.1" 200 25127
190.45.55.254 - - [01/Jun/2017:11:40:57 -0300] "GET /cormun/servlet/trsolicitudot? HTTP/1.1" 200 15979
190.45.55.254 - - [01/Jun/2017:11:40:57 -0300] "GET /cormun/servlet/trsolicitudot? HTTP/1.1" 200 15978
190.45.55.254 - - [01/Jun/2017:11:41:06 -0300] "POST /cormun/servlet/trsolicitudot?1bc232eb0e1c19eb219af3e6c914c884,,gx-no-cache=1496328123315 HTTP/1.1" 200 13115
190.45.55.254 - - [01/Jun/2017:11:41:06 -0300] "GET /cormun/static/Shared/jqueryui/images/ui-bg_highlight-soft_100_c6c2c8_1x100.png HTTP/1.1" 404 1117
190.45.55.254 - - [01/Jun/2017:11:41:06 -0300] "GET /cormun/static/Shared/jqueryui/images/ui-icons_82798d_256x240.png HTTP/1.1" 404 1089
190.45.55.254 - - [01/Jun/2017:11:41:06 -0300] "GET /cormun/static/Shared/jqueryui/images/ui-bg_flat_55_fafafa_40x100.png HTTP/1.1" 404 1097
190.45.55.254 - - [01/Jun/2017:11:41:06 -0300] "GET /cormun/static/Shared/jqueryui/images/ui-icons_8d78a5_256x240.png HTTP/1.1" 404 1089
190.45.55.254 - - [01/Jun/2017:11:41:07 -0300] "POST /cormun/servlet/trsolicitudot?1bc232eb0e1c19eb219af3e6c914c884,,gx-no-cache=1496328124082 HTTP/1.1" 200 13055
190.45.55.254 - - [01/Jun/2017:11:41:10 -0300] "GET /cormun/servlet/trautorizarsolicitud? HTTP/1.1" 200 8398
190.45.55.254 - - [01/Jun/2017:11:41:11 -0300] "GET /cormun/servlet/trautorizarsolicitud? HTTP/1.1" 200 8398
186.103.159.44 - - [01/Jun/2017:11:41:14 -0300] "GET /cormun/servlet/licenciaspermisos?f410920583e10f6b78b8970018a34d9cb5aa2d877017aeef5ac86fd706769ebd6040f0f4a4eb507389824835b4b2d887,gx-no-cache=1496328123270 HTTP/1.1" 200 108
186.103.159.44 - - [01/Jun/2017:11:41:14 -0300] "POST /cormun/servlet/licenciaspermisos?02d83639264db4312ad5643eaa405087,INS,0,,,,gx-no-cache=1496328123404 HTTP/1.1" 200 4514
200.86.10.241 - - [01/Jun/2017:11:41:19 -0300] "GET /cormun/servlet/hlogin HTTP/1.1" 200 1723
186.103.159.44 - - [01/Jun/2017:11:41:33 -0300] "GET /cormun/static/menuarrow.gif HTTP/1.1" 404 1015
186.79.240.243 - - [01/Jun/2017:11:41:37 -0300] "GET /cormun/servlet/apermisogoceprn?15105259,P,20170601095837,PU HTTP/1.1" 200 1659
186.103.156.24 - - [01/Jun/2017:11:41:55 -0300] "GET /cormun/servlet/trlicencias? HTTP/1.1" 200 13234
186.103.156.24 - - [01/Jun/2017:11:41:56 -0300] "GET /cormun/servlet/trlicencias? HTTP/1.1" 200 13237
200.86.10.241 - - [01/Jun/2017:11:42:00 -0300] "POST /cormun/servlet/hlogin?2e2855c1861ea5ca90f40152b9581933,gx-no-cache=1496328175736 HTTP/1.1" 200 90
200.86.10.241 - - [01/Jun/2017:11:42:00 -0300] "GET /cormun/servlet/hpexe_link HTTP/1.1" 200 949
200.86.10.241 - - [01/Jun/2017:11:42:00 -0300] "GET /cormun/servlet/hhome HTTP/1.1" 200 3777
200.86.10.241 - - [01/Jun/2017:11:42:01 -0300] "GET /cormun/servlet/hhome HTTP/1.1" 200 3773
186.103.156.24 - - [01/Jun/2017:11:42:06 -0300] "GET /cormun/static/menuarrow.gif HTTP/1.1" 404 1015
186.103.159.188 - - [01/Jun/2017:11:42:33 -0300] "GET /cormun/servlet/trlicencias? HTTP/1.1" 200 9896
186.103.159.188 - - [01/Jun/2017:11:42:34 -0300] "GET /cormun/servlet/trlicencias? HTTP/1.1" 200 9893
186.103.159.44 - - [01/Jun/2017:11:42:46 -0300] "GET /cormun/servlet/licenciaspermisos?f410920583e10f6b78b8970018a34d9cd9c01b4af5304240fbf601ec0005933b34bfe539c58e0e57b0307fc93a7e08b6b8b767bf5e35cd3b1e88a6bbdfa8950b1836037376348a297d82a9a0d4a39d9dee03888367e0a08a9db123c53ffe0b7a4ff701f7f95a62bf02629833e71e1372830d438e5da8add915942f508e26f93f2d9537cdbddb2636c3071f1502f333468cc6c07ad64711bd5146e0d836b3f1871afa0d9027aae2341d8dd8bccf83336159b3d71c81954f26a68c04a31f50db9f4efdb0447e0039f72ad78dea410781c9037b04f9b5f29388b5829cde162c864f,gx-no-cache=1496328216024 HTTP/1.1" 200 30
186.103.159.44 - - [01/Jun/2017:11:42:47 -0300] "GET /cormun/servlet/licenciaspermisos?f410920583e10f6b78b8970018a34d9cf084203f6e3a5022ffbf3ac3e98df1d23acef13aa981d7705fc91e28e9505ea4cd214b7979957e302e5a7dabe5cc73baf7ac791a7dd41846cef0eded67314e37fa8ce33a1ffa3de61f27036762251406e2018790b57eccba5764c4f3a237429f062c0a163f9bba8c9e1f57dc91e17c5a4bc66c8a550fac44f4ff4b62fdf178832401029fd3f883c8004007c0bf56901864fda7f82b8ca20969924b18f25e3400311feebffefa65d37ab119fc9cd89fa3f97b4525a954998cdf2af0a8e66fc7e8300a0a2fccaf54361878fe6ef36094a5,gx-no-cache=1496328216087 HTTP/1.1" 200 29
186.103.159.44 - - [01/Jun/2017:11:42:47 -0300] "POST /cormun/servlet/licenciaspermisos?02d83639264db4312ad5643eaa405087,INS,0,,,,gx-no-cache=1496328216169 HTTP/1.1" 200 93
186.103.159.44 - - [01/Jun/2017:11:42:47 -0300] "GET /cormun/servlet/hpexe_return? HTTP/1.1" 200 1013
186.103.159.44 - - [01/Jun/2017:11:42:48 -0300] "GET /cormun/servlet/trlicencias? HTTP/1.1" 200 10360
186.103.159.44 - - [01/Jun/2017:11:42:53 -0300] "GET /cormun/servlet/alicenciaprn?11274563,L,20170601000000,PU HTTP/1.1" 200 1552
186.103.159.44 - - [01/Jun/2017:11:43:21 -0300] "GET /cormun/servlet/trlicenciaspermisosadjuntos?11274563,20170601000000,L, HTTP/1.1" 200 6133
186.103.159.44 - - [01/Jun/2017:11:43:24 -0300] "GET /cormun/servlet/licenciaspermisosadjuntos?INS,11274563,L,20170601000000,, HTTP/1.1" 200 5433
186.103.159.44 - - [01/Jun/2017:11:43:25 -0300] "HEAD /cormun/static/about:blank HTTP/1.1" 404 -
192.168.10.96 - - [01/Jun/2017:11:43:38 -0300] "GET /cormun/servlet/trlicenciasgenerales? HTTP/1.1" 200 19024
192.168.10.96 - - [01/Jun/2017:11:43:39 -0300] "GET /cormun/servlet/trlicenciasgenerales? HTTP/1.1" 200 19004
192.168.10.96 - - [01/Jun/2017:11:44:03 -0300] "POST /cormun/servlet/trlicenciasgenerales?074149f65953674566436946809ab3c2,,gx-no-cache=1496328245054 HTTP/1.1" 200 5780
192.168.10.96 - - [01/Jun/2017:11:44:10 -0300] "POST /cormun/servlet/trlicenciasgenerales?074149f65953674566436946809ab3c2,,gx-no-cache=1496328252006 HTTP/1.1" 200 6954
192.168.10.96 - - [01/Jun/2017:11:44:21 -0300] "POST /cormun/servlet/trlicenciasgenerales?074149f65953674566436946809ab3c2,,gx-no-cache=1496328263275 HTTP/1.1" 200 11013
