192.168.10.4 - - [31/May/2017:14:28:30 -0300] "GET /cormunbeta/servlet/systemparameterspreferences?SMTPUserName,non, HTTP/1.1" 200 6741
186.103.157.246 - - [31/May/2017:14:28:30 -0300] "POST /cormun/servlet/solicitudot?gx-no-cache=1496251765404 HTTP/1.1" 200 1281
192.168.10.4 - - [31/May/2017:14:28:30 -0300] "GET /cormunbeta/servlet/systemparameterspreferences?SMTPUserName,non, HTTP/1.1" 200 6742
192.168.10.4 - - [31/May/2017:14:28:31 -0300] "POST /cormunbeta/servlet/systemparameterspreferences?gx-no-cache=1496251765151 HTTP/1.1" 200 26
192.168.10.4 - - [31/May/2017:14:28:31 -0300] "POST /cormunbeta/servlet/systemparameterspreferences?gx-no-cache=1496251765176 HTTP/1.1" 200 121
192.168.10.4 - - [31/May/2017:14:28:33 -0300] "POST /cormunbeta/servlet/systemparameterspreferences?51d7177d271c01839593af67bcb35268,SMTPUserName,non,,gx-no-cache=1496251767308 HTTP/1.1" 200 93
192.168.10.4 - - [31/May/2017:14:28:33 -0300] "GET /cormunbeta/servlet/hpexe_return? HTTP/1.1" 200 1023
192.168.10.4 - - [31/May/2017:14:28:33 -0300] "GET /cormunbeta/servlet/trsystemparameterspreferences HTTP/1.1" 200 8182
192.168.10.4 - - [31/May/2017:14:28:33 -0300] "GET /cormunbeta/servlet/trsystemparameterspreferences HTTP/1.1" 200 8178
192.168.10.4 - - [31/May/2017:14:28:38 -0300] "GET /cormun/servlet/systemparameterspreferences?SMTPSenderAddress,non, HTTP/1.1" 200 6759
192.168.10.4 - - [31/May/2017:14:28:38 -0300] "GET /cormun/servlet/systemparameterspreferences?SMTPSenderAddress,non, HTTP/1.1" 200 6760
192.168.10.4 - - [31/May/2017:14:28:39 -0300] "POST /cormun/servlet/systemparameterspreferences?gx-no-cache=1496251773277 HTTP/1.1" 200 26
192.168.10.4 - - [31/May/2017:14:28:39 -0300] "POST /cormun/servlet/systemparameterspreferences?gx-no-cache=1496251773298 HTTP/1.1" 200 134
192.168.10.4 - - [31/May/2017:14:28:41 -0300] "POST /cormun/servlet/systemparameterspreferences?1d16acd0a8a0f567c435ea16642a3ac9,SMTPSenderAddress,non,,gx-no-cache=1496251775251 HTTP/1.1" 200 93
192.168.10.4 - - [31/May/2017:14:28:41 -0300] "GET /cormun/servlet/hpexe_return? HTTP/1.1" 200 1024
192.168.10.4 - - [31/May/2017:14:28:41 -0300] "GET /cormun/servlet/trsystemparameterspreferences HTTP/1.1" 200 8087
186.103.157.246 - - [31/May/2017:14:28:41 -0300] "POST /cormun/servlet/solicitudot?gx-no-cache=1496251776735 HTTP/1.1" 200 33
192.168.10.4 - - [31/May/2017:14:28:41 -0300] "GET /cormun/servlet/trsystemparameterspreferences HTTP/1.1" 200 8083
192.168.10.4 - - [31/May/2017:14:28:46 -0300] "GET /cormun/servlet/systemparameterspreferences?SMTPSenderName,non, HTTP/1.1" 200 6761
192.168.10.4 - - [31/May/2017:14:28:46 -0300] "GET /cormun/servlet/systemparameterspreferences?SMTPSenderName,non, HTTP/1.1" 200 6762
192.168.10.4 - - [31/May/2017:14:28:47 -0300] "POST /cormun/servlet/systemparameterspreferences?gx-no-cache=1496251781539 HTTP/1.1" 200 26
192.168.10.4 - - [31/May/2017:14:28:47 -0300] "POST /cormun/servlet/systemparameterspreferences?gx-no-cache=1496251781553 HTTP/1.1" 200 131
192.168.10.4 - - [31/May/2017:14:28:49 -0300] "POST /cormun/servlet/systemparameterspreferences?1d16acd0a8a0f567c435ea16642a3ac9,SMTPSenderName,non,,gx-no-cache=1496251783214 HTTP/1.1" 200 93
192.168.10.4 - - [31/May/2017:14:28:49 -0300] "GET /cormun/servlet/hpexe_return? HTTP/1.1" 200 1022
192.168.10.4 - - [31/May/2017:14:28:49 -0300] "GET /cormun/servlet/trsystemparameterspreferences HTTP/1.1" 200 8086
192.168.10.4 - - [31/May/2017:14:28:49 -0300] "GET /cormun/servlet/trsystemparameterspreferences HTTP/1.1" 200 8082
192.168.10.4 - - [31/May/2017:14:28:52 -0300] "GET /cormun/servlet/systemparameterspreferences?SMTPUserName,non, HTTP/1.1" 200 6761
192.168.10.4 - - [31/May/2017:14:28:52 -0300] "GET /cormun/servlet/systemparameterspreferences?SMTPUserName,non, HTTP/1.1" 200 6762
192.168.10.4 - - [31/May/2017:14:28:52 -0300] "POST /cormun/servlet/systemparameterspreferences?gx-no-cache=1496251787070 HTTP/1.1" 200 26
192.168.10.4 - - [31/May/2017:14:28:52 -0300] "POST /cormun/servlet/systemparameterspreferences?gx-no-cache=1496251787098 HTTP/1.1" 200 129
192.168.10.4 - - [31/May/2017:14:28:54 -0300] "POST /cormun/servlet/systemparameterspreferences?1d16acd0a8a0f567c435ea16642a3ac9,SMTPUserName,non,,gx-no-cache=1496251788766 HTTP/1.1" 200 93
192.168.10.4 - - [31/May/2017:14:28:54 -0300] "GET /cormun/servlet/hpexe_return? HTTP/1.1" 200 1022
192.168.10.4 - - [31/May/2017:14:28:54 -0300] "GET /cormun/servlet/trsystemparameterspreferences HTTP/1.1" 200 8069
192.168.10.4 - - [31/May/2017:14:28:55 -0300] "GET /cormun/servlet/trsystemparameterspreferences HTTP/1.1" 200 8064
192.168.10.4 - - [31/May/2017:14:29:04 -0300] "GET /cormun/servlet/systemparameterspreferences?SMTPGenerateLog,non, HTTP/1.1" 200 6740
192.168.10.4 - - [31/May/2017:14:29:04 -0300] "GET /cormun/servlet/systemparameterspreferences?SMTPGenerateLog,non, HTTP/1.1" 200 6741
192.168.10.4 - - [31/May/2017:14:29:05 -0300] "POST /cormun/servlet/systemparameterspreferences?gx-no-cache=1496251799163 HTTP/1.1" 200 26
192.168.10.4 - - [31/May/2017:14:29:05 -0300] "POST /cormun/servlet/systemparameterspreferences?gx-no-cache=1496251799193 HTTP/1.1" 200 111
192.168.10.4 - - [31/May/2017:14:29:06 -0300] "POST /cormun/servlet/systemparameterspreferences?1d16acd0a8a0f567c435ea16642a3ac9,SMTPGenerateLog,non,,gx-no-cache=1496251800861 HTTP/1.1" 200 93
192.168.10.4 - - [31/May/2017:14:29:06 -0300] "GET /cormun/servlet/hpexe_return? HTTP/1.1" 200 1024
192.168.10.4 - - [31/May/2017:14:29:07 -0300] "GET /cormun/servlet/trsystemparameterspreferences HTTP/1.1" 200 8065
192.168.10.4 - - [31/May/2017:14:29:07 -0300] "GET /cormun/servlet/trsystemparameterspreferences HTTP/1.1" 200 8060
192.168.10.4 - - [31/May/2017:14:29:21 -0300] "GET /cormunbeta/servlet/trlicenciasaviso? HTTP/1.1" 200 11900
192.168.10.4 - - [31/May/2017:14:29:21 -0300] "GET /cormunbeta/servlet/trlicenciasaviso? HTTP/1.1" 200 11899
186.103.157.246 - - [31/May/2017:14:29:23 -0300] "POST /cormun/servlet/solicitudot?99f0cfe76c41aceea748abcffa9733b7,INS,0,0,,gx-no-cache=1496251818454 HTTP/1.1" 200 93
186.103.157.246 - - [31/May/2017:14:29:24 -0300] "GET /cormun/servlet/hpexe_return? HTTP/1.1" 200 995
186.103.157.246 - - [31/May/2017:14:29:24 -0300] "GET /cormun/servlet/hhome HTTP/1.1" 200 3707
186.103.157.246 - - [31/May/2017:14:29:33 -0300] "GET /cormun/servlet/trsolicitudot? HTTP/1.1" 200 9565
192.168.10.4 - - [31/May/2017:14:29:39 -0300] "POST /cormunbeta/servlet/trlicenciasaviso?51d7177d271c01839593af67bcb35268,,gx-no-cache=1496251830674 HTTP/1.1" 200 8796
186.103.157.246 - - [31/May/2017:14:29:41 -0300] "POST /cormun/servlet/trsolicitudot?99f0cfe76c41aceea748abcffa9733b7,,gx-no-cache=1496251835828 HTTP/1.1" 200 6815
186.103.157.246 - - [31/May/2017:14:29:41 -0300] "GET /cormun/static/Shared/jqueryui/images/ui-bg_highlight-soft_100_c6c2c8_1x100.png HTTP/1.1" 404 1117
186.103.157.246 - - [31/May/2017:14:29:41 -0300] "GET /cormun/static/Shared/jqueryui/images/ui-icons_82798d_256x240.png HTTP/1.1" 404 1089
186.103.157.246 - - [31/May/2017:14:29:41 -0300] "GET /cormun/static/Shared/jqueryui/images/ui-icons_8d78a5_256x240.png HTTP/1.1" 404 1089
186.103.157.246 - - [31/May/2017:14:29:41 -0300] "GET /cormun/static/Shared/jqueryui/images/ui-bg_flat_55_fafafa_40x100.png HTTP/1.1" 404 1097
186.103.157.246 - - [31/May/2017:14:29:41 -0300] "POST /cormun/servlet/trsolicitudot?99f0cfe76c41aceea748abcffa9733b7,,gx-no-cache=1496251836589 HTTP/1.1" 200 6758
192.168.10.4 - - [31/May/2017:14:29:43 -0300] "GET /cormun/servlet/trlicenciasaviso? HTTP/1.1" 200 16903
192.168.10.4 - - [31/May/2017:14:29:44 -0300] "GET /cormun/servlet/trlicenciasaviso? HTTP/1.1" 200 16901
186.103.157.246 - - [31/May/2017:14:29:50 -0300] "GET /cormun/servlet/trsolicitudot? HTTP/1.1" 200 9560
186.103.157.246 - - [31/May/2017:14:29:56 -0300] "GET /cormun/servlet/solicitudot?INS,0,0, HTTP/1.1" 200 12576
192.168.10.4 - - [31/May/2017:14:29:58 -0300] "POST /cormun/servlet/trlicenciasaviso?1d16acd0a8a0f567c435ea16642a3ac9,,gx-no-cache=1496251851137 HTTP/1.1" 200 13946
186.103.157.246 - - [31/May/2017:14:30:03 -0300] "GET /cormun/servlet/prfichaempleado?,MD,,gxPopupLevel%3D0%3B HTTP/1.1" 200 8696
186.103.157.246 - - [31/May/2017:14:30:13 -0300] "POST /cormun/servlet/prfichaempleado?99f0cfe76c41aceea748abcffa9733b7,,MD,,gxPopupLevel%3D0%3B,gx-no-cache=1496251868759 HTTP/1.1" 200 3465
192.168.10.4 - - [31/May/2017:14:30:15 -0300] "GET /cormunbeta/servlet/trsendmailoutbox? HTTP/1.1" 200 8061
192.168.10.4 - - [31/May/2017:14:30:16 -0300] "GET /cormunbeta/servlet/trsendmailoutbox? HTTP/1.1" 200 8061
186.103.157.246 - - [31/May/2017:14:30:29 -0300] "GET /cormun/servlet/solicitudot?ee20594a77d309adc0e91cfadb4d018fd4adc23bd22f4b32ca1cd21785cb2bcb,gx-no-cache=1496251884670 HTTP/1.1" 200 20
192.168.10.4 - - [31/May/2017:14:30:30 -0300] "GET /cormun/servlet/trsendmailoutbox? HTTP/1.1" 200 7327
192.168.10.4 - - [31/May/2017:14:30:31 -0300] "GET /cormun/servlet/trsendmailoutbox? HTTP/1.1" 200 7327
186.103.157.246 - - [31/May/2017:14:30:31 -0300] "POST /cormun/servlet/solicitudot?gx-no-cache=1496251886678 HTTP/1.1" 200 3193
186.103.157.246 - - [31/May/2017:14:30:32 -0300] "POST /cormun/servlet/solicitudot?99f0cfe76c41aceea748abcffa9733b7,INS,0,0,,gx-no-cache=1496251887189 HTTP/1.1" 200 9821
186.103.157.246 - - [31/May/2017:14:30:33 -0300] "GET /cormun/servlet/solicitudot?67f1c167b19db3c7ec31c6145c378797c305bdb8fdc8cf36a9a3b4e6104e43ef6a35d0d5dc374d2aa761355caab81bca,gx-no-cache=1496251888644 HTTP/1.1" 200 30
192.168.10.4 - - [31/May/2017:14:30:36 -0300] "GET /cormun/servlet/trsystemparameterspreferences? HTTP/1.1" 200 8061
192.168.10.4 - - [31/May/2017:14:30:36 -0300] "GET /cormun/servlet/trsystemparameterspreferences? HTTP/1.1" 200 8061
186.103.157.246 - - [31/May/2017:14:30:48 -0300] "POST /cormun/servlet/solicitudot?gx-no-cache=1496251903273 HTTP/1.1" 200 256
186.103.157.246 - - [31/May/2017:14:30:48 -0300] "GET /cormun/servlet/solicitudot?67f1c167b19db3c7ec31c6145c378797b436d821e07dabcb4faac732842f70195ba79232f0d9e929eee85bbd2c3be6c9aa3d7c171ed7b92e3fe0cc0279f38e0ca37e89842d8140c6d26cd534a1f54f23b7d4157b3c7798f9a4cbdc19f4f62600906662b992999dc6bca480d82bc911db47bc39e8b02c708835d6ca9d53c6217312eb3380541218a2b82be62b71398ec26347a751477042e176f77298e7d8ee185726073b8f6fc4c15bade65732a4c32a7a2245e7e3380431124dd53ff198733c1d2e158675f14511a2adca47593ab48d67f484904756a45c469ce836fd57d8a7b19f2e055f147a1cb2d5dd6ee8d74dbf08f3b564d91d0017152af86effcf102ed06c8701ad475b2ee08339bc90bc2714249d80ae0b45a7ebf9fa6d181015b5642cfa4935137753074222a7d72b12d265c3b04548ed7dc50cb12d1abac0aacbf9fa549902d5008f00228b96cb0a39e06628a3970f633ed3656eebe62aceefcdd96cff2ee383fef44c023c80bd4cb46ddce2668599b30f650cbf3ac6f1840331b1,gx-no-cache=1496251903456 HTTP/1.1" 200 30
192.168.10.4 - - [31/May/2017:14:30:51 -0300] "GET /cormunbeta/servlet/trsystemparameterspreferences? HTTP/1.1" 200 8178
192.168.10.4 - - [31/May/2017:14:30:52 -0300] "GET /cormunbeta/servlet/trsystemparameterspreferences? HTTP/1.1" 200 8178
186.103.157.246 - - [31/May/2017:14:30:52 -0300] "POST /cormun/servlet/solicitudot?gx-no-cache=1496251907100 HTTP/1.1" 200 30
186.103.157.246 - - [31/May/2017:14:31:12 -0300] "POST /cormun/servlet/solicitudot?gx-no-cache=1496251927932 HTTP/1.1" 200 1300
186.103.157.246 - - [31/May/2017:14:31:13 -0300] "POST /cormun/servlet/solicitudot?gx-no-cache=1496251928132 HTTP/1.1" 200 38
186.79.24.242 - - [31/May/2017:14:31:31 -0300] "GET /cormun/servlet/trsolicitudot? HTTP/1.1" 200 7722
186.79.24.242 - - [31/May/2017:14:31:31 -0300] "GET /cormun/static/gxcfg.js?20175251233261 HTTP/1.1" 200 953
186.79.24.242 - - [31/May/2017:14:31:32 -0300] "GET /cormun/static/trsolicitudot.js?20175251234175 HTTP/1.1" 200 54041
186.79.24.242 - - [31/May/2017:14:31:32 -0300] "GET /cormun/static/hwchdr01.js?201752511465785 HTTP/1.1" 200 1183
186.79.24.242 - - [31/May/2017:14:31:32 -0300] "GET /cormun/static/Resources/Spanish/PXTools.css?11423723 HTTP/1.1" 200 89042
186.79.24.242 - - [31/May/2017:14:31:32 -0300] "GET /cormun/static/hpexe_scripts.js?201752511465715 HTTP/1.1" 200 1544
186.79.24.242 - - [31/May/2017:14:31:32 -0300] "GET /cormun/static/hpexe_messagegenexuscomponent.js?201752511465344 HTTP/1.1" 200 587
186.79.24.242 - - [31/May/2017:14:31:32 -0300] "GET /cormun/static/cmcontrolpreferences.js?201752511465670 HTTP/1.1" 200 1375
186.79.24.242 - - [31/May/2017:14:31:32 -0300] "GET /cormun/static/hmpwkw03.js?2017525121347 HTTP/1.1" 200 3965
186.79.24.242 - - [31/May/2017:14:31:32 -0300] "GET /cormun/servlet/hlogin HTTP/1.1" 200 1742
186.79.24.242 - - [31/May/2017:14:31:32 -0300] "GET /cormun/servlet/trsolicitudot? HTTP/1.1" 200 7720
186.79.24.242 - - [31/May/2017:14:31:33 -0300] "GET /cormun/static/gxcfg.js?20175251213516 HTTP/1.1" 200 953
186.79.24.242 - - [31/May/2017:14:31:33 -0300] "GET /cormun/static/hlogin.js?20175251213537 HTTP/1.1" 200 2136
186.79.24.242 - - [31/May/2017:14:31:38 -0300] "POST /cormun/servlet/hlogin?9cddef7af005867654c882e83ba2ed40,gx-no-cache=1496251953038 HTTP/1.1" 200 90
186.79.24.242 - - [31/May/2017:14:31:38 -0300] "GET /cormun/servlet/hpexe_link HTTP/1.1" 200 959
186.79.24.242 - - [31/May/2017:14:31:38 -0300] "GET /cormun/static/hpexe_link.js?20175251212399 HTTP/1.1" 200 625
186.79.24.242 - - [31/May/2017:14:31:38 -0300] "GET /cormun/static/gxcfg.js?20175251212395 HTTP/1.1" 200 953
186.79.24.242 - - [31/May/2017:14:31:38 -0300] "GET /cormun/servlet/trsolicitudot HTTP/1.1" 200 13004
186.79.24.242 - - [31/May/2017:14:31:39 -0300] "GET /cormun/servlet/trsolicitudot HTTP/1.1" 200 13002
186.79.24.242 - - [31/May/2017:14:31:49 -0300] "GET /cormun/servlet/trsolicitudot? HTTP/1.1" 200 13002
186.79.24.242 - - [31/May/2017:14:31:50 -0300] "GET /cormun/servlet/trsolicitudot? HTTP/1.1" 200 13003
186.79.24.242 - - [31/May/2017:14:32:06 -0300] "GET /cormun/servlet/trsolicitudot? HTTP/1.1" 200 13003
186.79.24.242 - - [31/May/2017:14:32:07 -0300] "GET /cormun/servlet/trsolicitudot? HTTP/1.1" 200 13003
186.103.157.246 - - [31/May/2017:14:32:07 -0300] "GET /cormun/servlet/solicitudot?67f1c167b19db3c7ec31c6145c37879736c152a6c76984e1d495983092c8f87a0faa34bb7cd5ad38d6ee09d2a7f138c937fd47b14ba71dbbdb1cef637f0a7d236fb46864f7a401686c42db2288acfcf1d89f8a1c963ef67ee9f2803e8a3f2c2097b25ccd8dde8f84328ee740bc4d7a8131bc9d7f6c7f407ef88b02e34e2d4a1bced6f5e5ef50203cc1aa865b3edb61832c6e587055d6df6fc20572bc5a2a83b2,gx-no-cache=1496251982174 HTTP/1.1" 200 29
186.103.157.246 - - [31/May/2017:14:32:07 -0300] "POST /cormun/servlet/solicitudot?gx-no-cache=1496251982599 HTTP/1.1" 200 1280
186.79.24.242 - - [31/May/2017:14:32:09 -0300] "GET /cormun/servlet/solicitudot?INS,0,0, HTTP/1.1" 200 12673
186.79.24.242 - - [31/May/2017:14:32:09 -0300] "GET /cormun/static/gxcfg.js?201752522134570 HTTP/1.1" 200 953
186.79.24.242 - - [31/May/2017:14:32:10 -0300] "GET /cormun/static/solicitudot.js?201752522134767 HTTP/1.1" 200 64045
186.79.24.242 - - [31/May/2017:14:32:10 -0300] "GET /cormun/servlet/solicitudot?INS,0,0, HTTP/1.1" 200 12678
186.103.157.246 - - [31/May/2017:14:32:14 -0300] "GET /cormun/static/menuarrow.gif HTTP/1.1" 404 1015
186.79.24.242 - - [31/May/2017:14:32:18 -0300] "POST /cormun/servlet/solicitudot?gx-no-cache=1496251992844 HTTP/1.1" 200 3218
186.79.24.242 - - [31/May/2017:14:32:18 -0300] "POST /cormun/servlet/solicitudot?9cddef7af005867654c882e83ba2ed40,INS,0,0,,gx-no-cache=1496251993305 HTTP/1.1" 200 9810
186.79.24.242 - - [31/May/2017:14:32:22 -0300] "GET /cormun/servlet/solicitudot?c2c3fe5c2a3821eddd81daa6123530ef1317c314af13eeace492f8f35fe6d9402be4400e6aa3d84dc6849bff275db161,gx-no-cache=1496251997625 HTTP/1.1" 200 30
186.79.24.242 - - [31/May/2017:14:32:22 -0300] "POST /cormun/servlet/solicitudot?gx-no-cache=1496251997721 HTTP/1.1" 200 240
186.79.24.242 - - [31/May/2017:14:32:22 -0300] "GET /cormun/servlet/solicitudot?c2c3fe5c2a3821eddd81daa6123530effaa271ca61df7c7417706723799506096b04c2ff5c6cea24764960d3b0a0a72bd710d447bb4aabc68d05287e093bf26c536baca3ec14e97f7302e9b78c06932abcd35cdd11512ef74c6a0f8ea4cf9e4da43eb70d779ba6558847a4ec98eb88707979b6f8cdc99be6ca1e42819a191abbb11a325945cc5d397b983c68f198138ae1b98af4a685b46e8d8420fddfe5c04631573d514249b6acc59899afb4c065d9079ec544f0b5d05d60336b98299012c86d66b5e4743f71ba5a97a7d5bbcea9dd5dbebf3310efdbb03fa28aaae536b869e388542ae59571096aa6da64d6e03b767b2cff1ff8b448828f3e202c0b614ecca6d0d7749e7fcceae6c5dd3b14a7921aedce790105196ef681dc24712a9c9603b9497796e9d95ab623ddef5c0118d01436af2dd3914ee77fb373cd378e1d98426e005f66a53b1477b5b3a975229a5aae4956e9fc08709101d246a3af70048cc80d77a9b7d0309d4f7d9aa830b4146c7ad1dccb8d9cc0517fc099634c40e5f9e0,gx-no-cache=1496251997839 HTTP/1.1" 200 30
186.79.24.242 - - [31/May/2017:14:32:28 -0300] "POST /cormun/servlet/solicitudot?gx-no-cache=1496252003771 HTTP/1.1" 200 30
186.103.157.246 - - [31/May/2017:14:32:29 -0300] "POST /cormun/servlet/solicitudot?gx-no-cache=1496252004290 HTTP/1.1" 200 30
186.79.24.242 - - [31/May/2017:14:32:31 -0300] "GET /cormun/servlet/prcontratosol?18374661,,,,,MD,,gxPopupLevel%3D0%3B HTTP/1.1" 200 5972
186.79.24.242 - - [31/May/2017:14:32:31 -0300] "GET /cormun/static/hmpwkw011.js?20175251212473 HTTP/1.1" 200 1968
186.79.24.242 - - [31/May/2017:14:32:33 -0300] "POST /cormun/servlet/solicitudot?gx-no-cache=1496252008766 HTTP/1.1" 200 1381
186.79.24.242 - - [31/May/2017:14:32:34 -0300] "GET /cormun/static/Shared/jqueryui/images/ui-bg_highlight-soft_100_c6c2c8_1x100.png HTTP/1.1" 404 1117
186.79.24.242 - - [31/May/2017:14:32:34 -0300] "GET /cormun/static/Shared/jqueryui/images/ui-icons_82798d_256x240.png HTTP/1.1" 404 1089
186.79.24.242 - - [31/May/2017:14:32:34 -0300] "POST /cormun/servlet/solicitudot?gx-no-cache=1496252009119 HTTP/1.1" 200 117
186.79.24.242 - - [31/May/2017:14:32:34 -0300] "GET /cormun/static/Shared/jqueryui/images/ui-bg_flat_55_994d53_40x100.png HTTP/1.1" 404 1097
186.79.24.242 - - [31/May/2017:14:32:34 -0300] "GET /cormun/static/Shared/jqueryui/images/ui-icons_ebccce_256x240.png HTTP/1.1" 404 1089
186.79.24.242 - - [31/May/2017:14:32:34 -0300] "GET /cormun/servlet/solicitudot?c2c3fe5c2a3821eddd81daa6123530eff9157d87e40c68be7ac7b910b080ca7426965b95979540cece2d377148a8726783f339871c75aef3e0b012c38d3e236d4e5e9b2ebd6cc9ea71a70728353872f8498e3a0dddc47202f84d74797ecad33f4ac29a8dd58e28ca409c152f29c211bd,gx-no-cache=1496252009668 HTTP/1.1" 200 29
186.79.24.242 - - [31/May/2017:14:32:35 -0300] "GET /cormun/servlet/solicitudot?c2c3fe5c2a3821eddd81daa6123530efd133c68416831dade7027865c8f7ba4f744a4443e15cf735c307bad1219cbf8022c6e5600b31114b9f50e79905ead1c02f0c4c210f9acc4a38fcfc7d663299cd1e85ffc6eba1a5d1189ca0ffda79fd29c48b859a04b42ae01db4633389320b03f4458a9883b774ef65faabf345a857c91c3a2c5aaac43b15712ba96dbb03159f7d572a224e5047e4ef5532a1dd9940e551b91c7d00d3fc6fe1f28fd22e51b3d6db345ce8c70cc0f2568b3a6c6843d55a,gx-no-cache=1496252009985 HTTP/1.1" 200 62
192.168.10.4 - - [31/May/2017:14:32:51 -0300] "GET /cormun/servlet/systemparameterspreferences?SMTPPassword,non, HTTP/1.1" 200 6743
192.168.10.4 - - [31/May/2017:14:32:52 -0300] "GET /cormun/servlet/systemparameterspreferences?SMTPPassword,non, HTTP/1.1" 200 6745
192.168.10.4 - - [31/May/2017:14:32:52 -0300] "POST /cormun/servlet/systemparameterspreferences?gx-no-cache=1496252027112 HTTP/1.1" 200 26
192.168.10.4 - - [31/May/2017:14:32:53 -0300] "POST /cormun/servlet/systemparameterspreferences?gx-no-cache=1496252027135 HTTP/1.1" 200 131
192.168.10.4 - - [31/May/2017:14:32:57 -0300] "POST /cormun/servlet/systemparameterspreferences?1d16acd0a8a0f567c435ea16642a3ac9,SMTPPassword,non,,gx-no-cache=1496252031304 HTTP/1.1" 200 93
192.168.10.4 - - [31/May/2017:14:32:57 -0300] "GET /cormun/servlet/hpexe_return? HTTP/1.1" 200 1023
192.168.10.4 - - [31/May/2017:14:32:57 -0300] "GET /cormun/servlet/trsystemparameterspreferences HTTP/1.1" 200 8065
192.168.10.4 - - [31/May/2017:14:32:57 -0300] "GET /cormun/servlet/trsystemparameterspreferences HTTP/1.1" 200 8060
186.79.24.242 - - [31/May/2017:14:33:00 -0300] "GET /cormun/servlet/prlicenciaspermisos?17520562,L,,MD,,gxPopupLevel%3D0%3B HTTP/1.1" 200 5602
186.79.24.242 - - [31/May/2017:14:33:00 -0300] "GET /cormun/static/gxcfg.js?20175251244362 HTTP/1.1" 200 953
186.79.24.242 - - [31/May/2017:14:33:00 -0300] "GET /cormun/static/prlicenciaspermisos.js?20175251244590 HTTP/1.1" 200 13379
192.168.10.4 - - [31/May/2017:14:33:04 -0300] "GET /cormun/servlet/systemparameterspreferences?SMTPHost,non, HTTP/1.1" 200 6752
192.168.10.4 - - [31/May/2017:14:33:04 -0300] "GET /cormun/servlet/systemparameterspreferences?SMTPHost,non, HTTP/1.1" 200 6753
186.79.24.242 - - [31/May/2017:14:33:04 -0300] "POST /cormun/servlet/solicitudot?gx-no-cache=1496252039748 HTTP/1.1" 200 1300
192.168.10.4 - - [31/May/2017:14:33:05 -0300] "POST /cormun/servlet/systemparameterspreferences?gx-no-cache=1496252039169 HTTP/1.1" 200 26
192.168.10.4 - - [31/May/2017:14:33:05 -0300] "POST /cormun/servlet/systemparameterspreferences?gx-no-cache=1496252039199 HTTP/1.1" 200 117
186.103.157.246 - - [31/May/2017:14:33:11 -0300] "POST /cormun/servlet/solicitudot?99f0cfe76c41aceea748abcffa9733b7,INS,0,0,,gx-no-cache=1496252046065 HTTP/1.1" 200 93
186.103.157.246 - - [31/May/2017:14:33:11 -0300] "GET /cormun/servlet/hpexe_return? HTTP/1.1" 200 995
186.103.157.246 - - [31/May/2017:14:33:11 -0300] "GET /cormun/servlet/trsolicitudot HTTP/1.1" 200 9943
186.79.24.242 - - [31/May/2017:14:33:14 -0300] "POST /cormun/servlet/solicitudot?gx-no-cache=1496252049657 HTTP/1.1" 200 41
186.79.24.242 - - [31/May/2017:14:33:14 -0300] "POST /cormun/servlet/solicitudot?gx-no-cache=1496252049810 HTTP/1.1" 200 1280
192.168.10.4 - - [31/May/2017:14:33:16 -0300] "POST /cormun/servlet/systemparameterspreferences?1d16acd0a8a0f567c435ea16642a3ac9,SMTPHost,non,,gx-no-cache=1496252049848 HTTP/1.1" 200 93
192.168.10.4 - - [31/May/2017:14:33:16 -0300] "GET /cormun/servlet/hpexe_return? HTTP/1.1" 200 1019
192.168.10.4 - - [31/May/2017:14:33:16 -0300] "GET /cormun/servlet/trsystemparameterspreferences HTTP/1.1" 200 8070
192.168.10.4 - - [31/May/2017:14:33:16 -0300] "GET /cormun/servlet/trsystemparameterspreferences HTTP/1.1" 200 8065
186.103.157.246 - - [31/May/2017:14:33:17 -0300] "POST /cormun/servlet/trsolicitudot?99f0cfe76c41aceea748abcffa9733b7,gx-no-cache=1496252052783 HTTP/1.1" 200 7196
186.103.157.246 - - [31/May/2017:14:33:18 -0300] "GET /cormun/static/Shared/jqueryui/images/ui-bg_highlight-soft_100_c6c2c8_1x100.png HTTP/1.1" 404 1117
186.103.157.246 - - [31/May/2017:14:33:18 -0300] "GET /cormun/static/Shared/jqueryui/images/ui-icons_82798d_256x240.png HTTP/1.1" 404 1089
186.103.157.246 - - [31/May/2017:14:33:18 -0300] "GET /cormun/static/Shared/jqueryui/images/ui-icons_8d78a5_256x240.png HTTP/1.1" 404 1089
186.103.157.246 - - [31/May/2017:14:33:18 -0300] "GET /cormun/static/Shared/jqueryui/images/ui-bg_flat_55_fafafa_40x100.png HTTP/1.1" 404 1097
186.103.157.246 - - [31/May/2017:14:33:18 -0300] "POST /cormun/servlet/trsolicitudot?99f0cfe76c41aceea748abcffa9733b7,gx-no-cache=1496252053363 HTTP/1.1" 200 7140
186.79.24.242 - - [31/May/2017:14:33:19 -0300] "GET /cormun/static/menuarrow.gif HTTP/1.1" 404 1015
186.79.24.242 - - [31/May/2017:14:33:20 -0300] "POST /cormun/servlet/solicitudot?gx-no-cache=1496252055713 HTTP/1.1" 200 1280
186.103.157.246 - - [31/May/2017:14:33:23 -0300] "GET /cormun/servlet/trsolicitudot? HTTP/1.1" 200 9936
186.103.157.246 - - [31/May/2017:14:33:27 -0300] "GET /cormun/servlet/solicitudot?INS,0,0, HTTP/1.1" 200 12577
186.103.157.246 - - [31/May/2017:14:33:34 -0300] "GET /cormun/servlet/prfichaempleado?,MD,,gxPopupLevel%3D0%3B HTTP/1.1" 200 8696
186.103.157.246 - - [31/May/2017:14:33:45 -0300] "POST /cormun/servlet/prfichaempleado?99f0cfe76c41aceea748abcffa9733b7,,MD,,gxPopupLevel%3D0%3B,gx-no-cache=1496252080090 HTTP/1.1" 200 4498
186.103.157.246 - - [31/May/2017:14:33:49 -0300] "GET /cormun/servlet/solicitudot?ee20594a77d309adc0e91cfadb4d018fd4adc23bd22f4b32ca1cd21785cb2bcb,gx-no-cache=1496252084998 HTTP/1.1" 200 20
192.168.10.4 - - [31/May/2017:14:33:51 -0300] "GET /cormun/servlet/systemparameterspreferences?SMTPHost,non, HTTP/1.1" 200 6757
192.168.10.4 - - [31/May/2017:14:33:51 -0300] "GET /cormun/servlet/systemparameterspreferences?SMTPHost,non, HTTP/1.1" 200 6758
192.168.10.4 - - [31/May/2017:14:33:52 -0300] "POST /cormun/servlet/systemparameterspreferences?gx-no-cache=1496252086369 HTTP/1.1" 200 26
192.168.10.4 - - [31/May/2017:14:33:52 -0300] "POST /cormun/servlet/systemparameterspreferences?gx-no-cache=1496252086394 HTTP/1.1" 200 123
186.103.157.246 - - [31/May/2017:14:33:52 -0300] "POST /cormun/servlet/solicitudot?gx-no-cache=1496252087190 HTTP/1.1" 200 3156
186.103.157.246 - - [31/May/2017:14:33:53 -0300] "POST /cormun/servlet/solicitudot?99f0cfe76c41aceea748abcffa9733b7,INS,0,0,,gx-no-cache=1496252087933 HTTP/1.1" 200 9775
186.103.157.246 - - [31/May/2017:14:33:53 -0300] "GET /cormun/servlet/solicitudot?67f1c167b19db3c7ec31c6145c3787973ee7f7b505061b273e372c7e9865a01d5c8b82863eedf242ddf4e40f9da601c2,gx-no-cache=1496252088577 HTTP/1.1" 200 30
192.168.10.4 - - [31/May/2017:14:33:54 -0300] "POST /cormun/servlet/systemparameterspreferences?1d16acd0a8a0f567c435ea16642a3ac9,SMTPHost,non,,gx-no-cache=1496252088398 HTTP/1.1" 200 93
192.168.10.4 - - [31/May/2017:14:33:54 -0300] "GET /cormun/servlet/hpexe_return? HTTP/1.1" 200 1019
192.168.10.4 - - [31/May/2017:14:33:54 -0300] "GET /cormun/servlet/trsystemparameterspreferences HTTP/1.1" 200 8070
192.168.10.4 - - [31/May/2017:14:33:54 -0300] "GET /cormun/servlet/trsystemparameterspreferences HTTP/1.1" 200 8065
192.168.10.4 - - [31/May/2017:14:33:58 -0300] "GET /cormun/servlet/trlicenciasaviso? HTTP/1.1" 200 16890
192.168.10.4 - - [31/May/2017:14:33:58 -0300] "GET /cormun/servlet/trlicenciasaviso? HTTP/1.1" 200 16909
186.103.157.246 - - [31/May/2017:14:34:02 -0300] "POST /cormun/servlet/solicitudot?gx-no-cache=1496252098036 HTTP/1.1" 200 255
192.168.10.4 - - [31/May/2017:14:34:13 -0300] "POST /cormun/servlet/trlicenciasaviso?1d16acd0a8a0f567c435ea16642a3ac9,,gx-no-cache=1496252105410 HTTP/1.1" 200 14004
186.103.157.246 - - [31/May/2017:14:34:14 -0300] "GET /cormun/servlet/solicitudot?67f1c167b19db3c7ec31c6145c378797b436d821e07dabcb4faac732842f70197a61d98fa4d4f597b4b94620b39f778aaa3d7c171ed7b92e3fe0cc0279f38e0ca37e89842d8140c6d26cd534a1f54f23b7d4157b3c7798f9a4cbdc19f4f62600906662b992999dc6bca480d82bc911db47bc39e8b02c708835d6ca9d53c6217312eb3380541218a2b82be62b71398ec26347a751477042e176f77298e7d8ee185726073b8f6fc4c15bade65732a4c32a7a2245e7e3380431124dd53ff198733c1d2e158675f14511a2adca47593ab48d67f484904756a45c469ce836fd57d8a7b19f2e055f147a1cb2d5dd6ee8d74dbf08f3b564d91d0017152af86effcf102ed06c8701ad475b2ee08339bc90bc2714b191bea3049015e32c75f5dd7d3bbbdd04c3ae9a3ba8f5970f39c3f289b441ec4298d8ea6229a531d1b337f6072459019f398357cd9739dc2f7c779291a594b5fa74a1d6d1ee9688c34868bfe5140de56ea0fffe85878c374493b4f07a0dc05044b5e9779fe965ae2007ca03646d7b27,gx-no-cache=1496252098187 HTTP/1.1" 200 30
192.168.10.4 - - [31/May/2017:14:34:17 -0300] "GET /cormun/servlet/trsendmailoutbox? HTTP/1.1" 200 7477
192.168.10.4 - - [31/May/2017:14:34:17 -0300] "GET /cormun/servlet/trsendmailoutbox? HTTP/1.1" 200 7477
192.168.10.4 - - [31/May/2017:14:34:25 -0300] "GET /cormun/servlet/trsystemparameterspreferences? HTTP/1.1" 200 8066
192.168.10.4 - - [31/May/2017:14:34:25 -0300] "GET /cormun/servlet/trsystemparameterspreferences? HTTP/1.1" 200 8066
186.103.157.246 - - [31/May/2017:14:34:29 -0300] "POST /cormun/servlet/solicitudot?gx-no-cache=1496252124526 HTTP/1.1" 200 30
186.103.157.246 - - [31/May/2017:14:34:52 -0300] "POST /cormun/servlet/solicitudot?gx-no-cache=1496252147106 HTTP/1.1" 200 1301
186.103.157.246 - - [31/May/2017:14:34:52 -0300] "POST /cormun/servlet/solicitudot?gx-no-cache=1496252147323 HTTP/1.1" 200 38
186.79.24.242 - - [31/May/2017:14:34:54 -0300] "POST /cormun/servlet/solicitudot?gx-no-cache=1496252149651 HTTP/1.1" 200 1280
186.79.24.242 - - [31/May/2017:14:34:55 -0300] "POST /cormun/servlet/solicitudot?gx-no-cache=1496252149932 HTTP/1.1" 200 135
186.103.157.246 - - [31/May/2017:14:35:02 -0300] "GET /cormun/servlet/solicitudot?67f1c167b19db3c7ec31c6145c37879736c152a6c76984e1d495983092c8f87a0faa34bb7cd5ad38d6ee09d2a7f138c937fd47b14ba71dbbdb1cef637f0a7d236fb46864f7a401686c42db2288acfcf1d89f8a1c963ef67ee9f2803e8a3f2c2097b25ccd8dde8f84328ee740bc4d7a8131bc9d7f6c7f407ef88b02e34e2d4a1bced6f5e5ef50203cc1aa865b3edb61832c6e587055d6df6fc20572bc5a2a83b2,gx-no-cache=1496252157447 HTTP/1.1" 200 29
186.103.157.246 - - [31/May/2017:14:35:02 -0300] "POST /cormun/servlet/solicitudot?gx-no-cache=1496252157858 HTTP/1.1" 200 1281
186.103.157.246 - - [31/May/2017:14:35:02 -0300] "GET /cormun/static/menuarrow.gif HTTP/1.1" 404 1015
186.103.157.246 - - [31/May/2017:14:35:05 -0300] "POST /cormun/servlet/solicitudot?gx-no-cache=1496252160693 HTTP/1.1" 200 1281
192.168.10.4 - - [31/May/2017:14:35:12 -0300] "GET /cormun/servlet/trsendmailoutbox? HTTP/1.1" 200 7475
192.168.10.4 - - [31/May/2017:14:35:13 -0300] "GET /cormun/servlet/trsendmailoutbox? HTTP/1.1" 200 7474
186.103.157.246 - - [31/May/2017:14:35:18 -0300] "POST /cormun/servlet/solicitudot?gx-no-cache=1496252173997 HTTP/1.1" 200 33
186.103.157.246 - - [31/May/2017:14:35:56 -0300] "POST /cormun/servlet/solicitudot?99f0cfe76c41aceea748abcffa9733b7,INS,0,0,,gx-no-cache=1496252211412 HTTP/1.1" 200 93
186.103.157.246 - - [31/May/2017:14:35:56 -0300] "GET /cormun/servlet/hpexe_return? HTTP/1.1" 200 995
186.103.157.246 - - [31/May/2017:14:35:57 -0300] "GET /cormun/servlet/trsolicitudot HTTP/1.1" 200 10276
186.103.157.246 - - [31/May/2017:14:36:01 -0300] "POST /cormun/servlet/trsolicitudot?99f0cfe76c41aceea748abcffa9733b7,gx-no-cache=1496252216787 HTTP/1.1" 200 7530
186.103.157.246 - - [31/May/2017:14:36:02 -0300] "GET /cormun/static/Shared/jqueryui/images/ui-bg_highlight-soft_100_c6c2c8_1x100.png HTTP/1.1" 404 1117
186.103.157.246 - - [31/May/2017:14:36:02 -0300] "GET /cormun/static/Shared/jqueryui/images/ui-icons_82798d_256x240.png HTTP/1.1" 404 1089
186.103.157.246 - - [31/May/2017:14:36:02 -0300] "GET /cormun/static/Shared/jqueryui/images/ui-bg_flat_55_fafafa_40x100.png HTTP/1.1" 404 1097
186.103.157.246 - - [31/May/2017:14:36:02 -0300] "GET /cormun/static/Shared/jqueryui/images/ui-icons_8d78a5_256x240.png HTTP/1.1" 404 1089
186.103.157.246 - - [31/May/2017:14:36:02 -0300] "POST /cormun/servlet/trsolicitudot?99f0cfe76c41aceea748abcffa9733b7,gx-no-cache=1496252217327 HTTP/1.1" 200 7472
192.168.10.4 - - [31/May/2017:14:36:05 -0300] "GET /cormun/servlet/trlicenciasaviso? HTTP/1.1" 200 16873
192.168.10.4 - - [31/May/2017:14:36:05 -0300] "GET /cormun/servlet/trlicenciasaviso? HTTP/1.1" 200 16893
186.103.157.246 - - [31/May/2017:14:36:09 -0300] "GET /cormun/servlet/solicitudot?INS,0,0, HTTP/1.1" 200 12577
186.103.157.246 - - [31/May/2017:14:36:13 -0300] "GET /cormun/servlet/prfichaempleado?,MD,,gxPopupLevel%3D0%3B HTTP/1.1" 200 8696
192.168.10.4 - - [31/May/2017:14:36:20 -0300] "POST /cormun/servlet/trlicenciasaviso?1d16acd0a8a0f567c435ea16642a3ac9,,gx-no-cache=1496252231175 HTTP/1.1" 200 13979
192.168.10.4 - - [31/May/2017:14:36:22 -0300] "GET /cormun/servlet/trsendmailoutbox? HTTP/1.1" 200 7589
192.168.10.4 - - [31/May/2017:14:36:22 -0300] "GET /cormun/servlet/trsendmailoutbox? HTTP/1.1" 200 7589
186.103.157.246 - - [31/May/2017:14:36:22 -0300] "POST /cormun/servlet/prfichaempleado?99f0cfe76c41aceea748abcffa9733b7,,MD,,gxPopupLevel%3D0%3B,gx-no-cache=1496252237839 HTTP/1.1" 200 3866
186.103.157.246 - - [31/May/2017:14:36:27 -0300] "GET /cormun/servlet/solicitudot?ee20594a77d309adc0e91cfadb4d018fd4adc23bd22f4b32ca1cd21785cb2bcb,gx-no-cache=1496252242414 HTTP/1.1" 200 20
200.86.184.230 - - [31/May/2017:14:36:27 -0300] "GET /cormun/servlet/hlogin HTTP/1.1" 200 1714
200.86.184.230 - - [31/May/2017:14:36:27 -0300] "GET /cormun/static/gxtimezone.js?85251 HTTP/1.1" 200 5781
200.86.184.230 - - [31/May/2017:14:36:27 -0300] "GET /cormun/static/gxcfg.js?20175251213516 HTTP/1.1" 200 953
200.86.184.230 - - [31/May/2017:14:36:27 -0300] "GET /cormun/static/Resources/Spanish/PXTools.css?11423723 HTTP/1.1" 200 89042
200.86.184.230 - - [31/May/2017:14:36:27 -0300] "GET /cormun/static/gxgral.js?85251 HTTP/1.1" 200 40960
200.86.184.230 - - [31/May/2017:14:36:27 -0300] "GET /cormun/static/messages.spa.js?85251 HTTP/1.1" 200 30736
200.86.184.230 - - [31/May/2017:14:36:27 -0300] "GET /cormun/static/hlogin.js?20175251213537 HTTP/1.1" 200 2136
200.86.184.230 - - [31/May/2017:14:36:27 -0300] "GET /cormun/static/Resources/ComunLogin.png HTTP/1.1" 200 17326
200.86.184.230 - - [31/May/2017:14:36:28 -0300] "GET /cormun/static/Resources/PXToolsLoginTop.png HTTP/1.1" 200 1337
200.86.184.230 - - [31/May/2017:14:36:28 -0300] "GET /cormun/static/Resources/PXToolsLoginBackground.png HTTP/1.1" 200 1164
200.86.184.230 - - [31/May/2017:14:36:28 -0300] "GET /cormun/static/Resources/PXToolsButtonLeft21.png HTTP/1.1" 200 1287
200.86.184.230 - - [31/May/2017:14:36:28 -0300] "GET /cormun/static/Resources/PXToolsButtonRight21.png HTTP/1.1" 200 1283
200.86.184.230 - - [31/May/2017:14:36:28 -0300] "GET /cormun/static/Resources/PXToolsButtonBackground2.png HTTP/1.1" 200 1181
200.86.184.230 - - [31/May/2017:14:36:28 -0300] "GET /cormun/static/Resources/PXToolsLoginBottom.png HTTP/1.1" 200 1389
200.86.184.230 - - [31/May/2017:14:36:28 -0300] "GET /cormun/static/Resources/indicator.gif HTTP/1.1" 200 1553
200.86.184.230 - - [31/May/2017:14:36:28 -0300] "GET /cormun/servlet/hlogin HTTP/1.1" 200 1724
200.86.184.230 - - [31/May/2017:14:36:28 -0300] "GET /cormun/static/gxcfg.js?20175251213516 HTTP/1.1" 304 -
200.86.184.230 - - [31/May/2017:14:36:28 -0300] "GET /favicon.ico HTTP/1.1" 200 21630
186.103.157.246 - - [31/May/2017:14:36:29 -0300] "POST /cormun/servlet/solicitudot?gx-no-cache=1496252244194 HTTP/1.1" 200 3204
186.103.157.246 - - [31/May/2017:14:36:29 -0300] "POST /cormun/servlet/solicitudot?99f0cfe76c41aceea748abcffa9733b7,INS,0,0,,gx-no-cache=1496252244606 HTTP/1.1" 200 9827
186.103.157.246 - - [31/May/2017:14:36:37 -0300] "GET /cormun/servlet/solicitudot?67f1c167b19db3c7ec31c6145c37879706a3de3ed50cb40438df9910fa9c9a486a35d0d5dc374d2aa761355caab81bca,gx-no-cache=1496252252110 HTTP/1.1" 200 30
186.103.157.246 - - [31/May/2017:14:36:37 -0300] "POST /cormun/servlet/solicitudot?gx-no-cache=1496252252542 HTTP/1.1" 200 255
186.103.157.246 - - [31/May/2017:14:36:38 -0300] "GET /cormun/servlet/solicitudot?67f1c167b19db3c7ec31c6145c378797b436d821e07dabcb4faac732842f70197a61d98fa4d4f597b4b94620b39f778aaa3d7c171ed7b92e3fe0cc0279f38e0ca37e89842d8140c6d26cd534a1f54f23b7d4157b3c7798f9a4cbdc19f4f62600906662b992999dc6bca480d82bc911db47bc39e8b02c708835d6ca9d53c6217312eb3380541218a2b82be62b71398ec26347a751477042e176f77298e7d8ee185726073b8f6fc4c15bade65732a4c32a7a2245e7e3380431124dd53ff198733c1d2e158675f14511a2adca47593ab48d67f484904756a45c469ce836fd57d8a7b19f2e055f147a1cb2d5dd6ee8d74dbf08f3b564d91d0017152af86effcf102ed06c8701ad475b2ee08339bc90bc2714b191bea3049015e32c75f5dd7d3bbbdd04c3ae9a3ba8f5970f39c3f289b441ec4298d8ea6229a531d1b337f6072459019f398357cd9739dc2f7c779291a594b5fa74a1d6d1ee9688c34868bfe5140de56ea0fffe85878c374493b4f07a0dc05044b5e9779fe965ae2007ca03646d7b27,gx-no-cache=1496252252659 HTTP/1.1" 200 30
186.103.157.246 - - [31/May/2017:14:36:40 -0300] "POST /cormun/servlet/solicitudot?gx-no-cache=1496252255579 HTTP/1.1" 200 30
200.86.184.230 - - [31/May/2017:14:36:43 -0300] "POST /cormun/servlet/hlogin?474e9caa2a6d41197c96c52da6476288,gx-no-cache=1496253083261 HTTP/1.1" 200 90
200.86.184.230 - - [31/May/2017:14:36:43 -0300] "GET /cormun/servlet/hpexe_link HTTP/1.1" 200 947
200.86.184.230 - - [31/May/2017:14:36:43 -0300] "GET /cormun/static/gxcfg.js?20175251212395 HTTP/1.1" 200 953
200.86.184.230 - - [31/May/2017:14:36:43 -0300] "GET /cormun/static/hpexe_link.js?20175251212399 HTTP/1.1" 200 625
200.86.184.230 - - [31/May/2017:14:36:43 -0300] "GET /cormun/servlet/hhome HTTP/1.1" 200 3813
200.86.184.230 - - [31/May/2017:14:36:43 -0300] "GET /cormun/static/SmoothNavMenu/resources/ddsmoothmenu.css?1012540 HTTP/1.1" 200 2223
200.86.184.230 - - [31/May/2017:14:36:43 -0300] "GET /cormun/static/SmoothNavMenu/resources/ddsmoothmenu-v.css?1012540 HTTP/1.1" 200 1188
200.86.184.230 - - [31/May/2017:14:36:43 -0300] "GET /cormun/static/gxcfg.js?20175251212442 HTTP/1.1" 200 953
200.86.184.230 - - [31/May/2017:14:36:43 -0300] "GET /cormun/static/scaMessage/css/jquery.pnotify.default.css?1716380 HTTP/1.1" 200 1707
200.86.184.230 - - [31/May/2017:14:36:43 -0300] "GET /cormun/static/Shared/jqueryui/jquery-ui.min.css?1245370 HTTP/1.1" 200 30288
200.86.184.230 - - [31/May/2017:14:36:43 -0300] "GET /cormun/static/PXToolsJavascripts/pexe_cookies.js HTTP/1.1" 200 792
200.86.184.230 - - [31/May/2017:14:36:43 -0300] "GET /cormun/static/PXToolsJavascripts/pexe_grid.js HTTP/1.1" 200 7559
200.86.184.230 - - [31/May/2017:14:36:43 -0300] "GET /cormun/static/PXToolsJavascripts/pexe_autoreload.js HTTP/1.1" 200 1762
200.86.184.230 - - [31/May/2017:14:36:43 -0300] "GET /cormun/static/PXToolsJavascripts/pexe_windows.js HTTP/1.1" 200 15207
200.86.184.230 - - [31/May/2017:14:36:43 -0300] "GET /cormun/static/PXToolsJavascripts/pexe_griddivfix.js HTTP/1.1" 200 6644
200.86.184.230 - - [31/May/2017:14:36:43 -0300] "GET /cormun/static/PXToolsJavascripts/pexe_link.js HTTP/1.1" 200 5671
200.86.184.230 - - [31/May/2017:14:36:43 -0300] "GET /cormun/static/PXToolsJavascripts/pexe_menudivfix.js HTTP/1.1" 200 333
200.86.184.230 - - [31/May/2017:14:36:43 -0300] "GET /cormun/static/PXToolsJavascripts/pexe_layers.js HTTP/1.1" 200 4114
200.86.184.230 - - [31/May/2017:14:36:43 -0300] "GET /cormun/static/PXToolsJavascripts/pexe_menus.js HTTP/1.1" 200 1286
200.86.184.230 - - [31/May/2017:14:36:43 -0300] "GET /cormun/static/PXToolsJavascripts/pexe_oav.js HTTP/1.1" 200 645
200.86.184.230 - - [31/May/2017:14:36:43 -0300] "GET /cormun/static/PXToolsJavascripts/pexe_oavdivfix.js HTTP/1.1" 200 639
200.86.184.230 - - [31/May/2017:14:36:43 -0300] "GET /cormun/static/PXToolsJavascripts/pexe_popup.js HTTP/1.1" 200 13458
200.86.184.230 - - [31/May/2017:14:36:43 -0300] "GET /cormun/static/PXToolsJavascripts/pexe_picture.js HTTP/1.1" 200 689
200.86.184.230 - - [31/May/2017:14:36:43 -0300] "GET /cormun/static/PXToolsJavascripts/pexe_tabdivfix.js HTTP/1.1" 200 876
200.86.184.230 - - [31/May/2017:14:36:43 -0300] "GET /cormun/static/PXToolsJavascripts/pexe_tabs.js HTTP/1.1" 200 3748
200.86.184.230 - - [31/May/2017:14:36:43 -0300] "GET /cormun/static/PXToolsJavascripts/pexe_upload.js HTTP/1.1" 200 1423
200.86.184.230 - - [31/May/2017:14:36:43 -0300] "GET /cormun/static/PXToolsJavascripts/PXToolsJavascriptsRender.js HTTP/1.1" 200 367
200.86.184.230 - - [31/May/2017:14:36:43 -0300] "GET /cormun/static/RunJS/RunJS.js HTTP/1.1" 200 288
200.86.184.230 - - [31/May/2017:14:36:44 -0300] "GET /cormun/static/PXToolsJavascripts/pexe_scrolldiv.js HTTP/1.1" 200 4138
200.86.184.230 - - [31/May/2017:14:36:44 -0300] "GET /cormun/static/hpexe_recentlink.js?201610171694390 HTTP/1.1" 200 2144
200.86.184.230 - - [31/May/2017:14:36:44 -0300] "GET /cormun/static/hwchdr01.js?201752511465785 HTTP/1.1" 200 1183
200.86.184.230 - - [31/May/2017:14:36:44 -0300] "GET /cormun/static/hhome.js?20175251212450 HTTP/1.1" 200 777
200.86.184.230 - - [31/May/2017:14:36:44 -0300] "GET /cormun/static/Shared/ext/locale/ext-lang-en.js HTTP/1.1" 200 10940
200.86.184.230 - - [31/May/2017:14:36:44 -0300] "GET /cormun/static/Resources/PXToolsDataTitle.png HTTP/1.1" 200 1173
200.86.184.230 - - [31/May/2017:14:36:44 -0300] "GET /cormun/static/Resources/PXToolsFooterBackground2.png HTTP/1.1" 200 1172
200.86.184.230 - - [31/May/2017:14:36:44 -0300] "GET /cormun/static/Resources/PXToolsHeaderActionsLeft.png HTTP/1.1" 200 1118
200.86.184.230 - - [31/May/2017:14:36:44 -0300] "GET /cormun/static/Resources/PXToolsHeaderActionsBackground.png HTTP/1.1" 200 484
200.86.184.230 - - [31/May/2017:14:36:44 -0300] "GET /cormun/static/Resources/PXToolsHeaderLogin.png HTTP/1.1" 200 4279
200.86.184.230 - - [31/May/2017:14:36:44 -0300] "GET /cormun/static/Resources/PXToolsHeaderBackground2.png HTTP/1.1" 200 1174
200.86.184.230 - - [31/May/2017:14:36:44 -0300] "GET /cormun/static/Resources/logo4.png HTTP/1.1" 200 6582
200.86.184.230 - - [31/May/2017:14:36:44 -0300] "GET /cormun/static/Resources/PXToolsHeaderHome.png HTTP/1.1" 200 4147
200.86.184.230 - - [31/May/2017:14:36:44 -0300] "GET /cormun/static/Resources/PXToolsHeaderSecurity.png HTTP/1.1" 200 4166
200.86.184.230 - - [31/May/2017:14:36:44 -0300] "GET /cormun/static/Resources/PXToolsHeaderActionsRight.png HTTP/1.1" 200 1201
200.86.184.230 - - [31/May/2017:14:36:44 -0300] "GET /cormun/static/Resources/PXToolsHeaderPreferences.png HTTP/1.1" 200 4189
200.86.184.230 - - [31/May/2017:14:36:44 -0300] "GET /cormun/static/hpexe_scripts.js?201752511465715 HTTP/1.1" 200 1544
200.86.184.230 - - [31/May/2017:14:36:44 -0300] "GET /cormun/static/hpexe_messagecontroller.js?201610171694323 HTTP/1.1" 200 870
200.86.184.230 - - [31/May/2017:14:36:44 -0300] "GET /cormun/static/hpexe_messagegenexuscomponent.js?201752511465344 HTTP/1.1" 200 587
200.86.184.230 - - [31/May/2017:14:36:44 -0300] "GET /cormun/static/hpexe_messagepopupcomponent.js?20161017169425 HTTP/1.1" 200 605
200.86.184.230 - - [31/May/2017:14:36:44 -0300] "GET /cormun/static/cmcontrolpreferences.js?201752511465670 HTTP/1.1" 200 1375
200.86.184.230 - - [31/May/2017:14:36:44 -0300] "GET /cormun/static/SmoothNavMenu/resources/ddsmoothmenu.js HTTP/1.1" 200 12712
200.86.184.230 - - [31/May/2017:14:36:44 -0300] "GET /cormun/static/SmoothNavMenu/resources/SmoothNavMenuRender.js HTTP/1.1" 200 5951
200.86.184.230 - - [31/May/2017:14:36:44 -0300] "GET /cormun/static/Shared/jquery/jquery-1.4.2.min.js HTTP/1.1" 200 72174
200.86.184.230 - - [31/May/2017:14:36:44 -0300] "GET /cormun/static/scaMessage/js/jquery.pnotify.min.js HTTP/1.1" 200 13038
200.86.184.230 - - [31/May/2017:14:36:44 -0300] "GET /cormun/static/gxui/gxui-all.js HTTP/1.1" 200 107772
200.86.184.230 - - [31/May/2017:14:36:44 -0300] "GET /cormun/static/scaMessage/scaMessageRender.js HTTP/1.1" 200 11977
200.86.184.230 - - [31/May/2017:14:36:44 -0300] "GET /cormun/static/hmpwkw03.js?2017525121347 HTTP/1.1" 200 3965
200.86.184.230 - - [31/May/2017:14:36:44 -0300] "GET /cormun/static/Shared/jqueryui/jquery-ui.min.js HTTP/1.1" 200 240427
200.86.184.230 - - [31/May/2017:14:36:44 -0300] "GET /cormun/static/Shared/jquery/jquery-1.10.2.min.js HTTP/1.1" 200 273199
200.86.184.230 - - [31/May/2017:14:36:46 -0300] "GET /cormun/static/Shared/ext/ext-all.js HTTP/1.1" 200 1289687
200.86.184.230 - - [31/May/2017:14:36:46 -0300] "GET /cormun/static/SmoothNavMenu/resources/images/down.gif HTTP/1.1" 200 854
200.86.184.230 - - [31/May/2017:14:36:46 -0300] "GET /cormun/servlet/hhome HTTP/1.1" 200 3809
200.86.184.230 - - [31/May/2017:14:36:51 -0300] "GET /cormun/servlet/trlicencias? HTTP/1.1" 200 9657
200.86.184.230 - - [31/May/2017:14:36:51 -0300] "GET /cormun/static/gxcfg.js?20175222047249 HTTP/1.1" 200 953
200.86.184.230 - - [31/May/2017:14:36:51 -0300] "GET /cormun/static/Resources/Spanish/PXTools.css?11294912 HTTP/1.1" 200 89042
200.86.184.230 - - [31/May/2017:14:36:51 -0300] "GET /cormun/static/calendar-system.css?75620 HTTP/1.1" 200 5572
200.86.184.230 - - [31/May/2017:14:36:51 -0300] "GET /cormun/static/gxui/gxui-all.css?110300 HTTP/1.1" 200 2179
200.86.184.230 - - [31/May/2017:14:36:51 -0300] "GET /cormun/static/calendar.js?85251 HTTP/1.1" 200 26246
200.86.184.230 - - [31/May/2017:14:36:51 -0300] "GET /cormun/static/calendar-setup.js?85251 HTTP/1.1" 200 2588
200.86.184.230 - - [31/May/2017:14:36:51 -0300] "GET /cormun/static/calendar-es.js?85251 HTTP/1.1" 200 1901
200.86.184.230 - - [31/May/2017:14:36:51 -0300] "GET /cormun/static/gxdec.js?85251 HTTP/1.1" 200 19579
200.86.184.230 - - [31/May/2017:14:36:51 -0300] "GET /cormun/static/trlicencias.js?201752220473085 HTTP/1.1" 200 40838
200.86.184.230 - - [31/May/2017:14:36:51 -0300] "GET /cormun/static/Resources/PXTools/calendar.png HTTP/1.1" 200 1306
200.86.184.230 - - [31/May/2017:14:36:51 -0300] "GET /cormun/static/Resources/PXToolsDataSearch.png HTTP/1.1" 200 419
200.86.184.230 - - [31/May/2017:14:36:51 -0300] "GET /cormun/static/Resources/PXToolsGridFirstDisabled.gif HTTP/1.1" 200 100
200.86.184.230 - - [31/May/2017:14:36:52 -0300] "GET /cormun/static/Resources/PXToolsGridPreviousDisabled.gif HTTP/1.1" 200 90
200.86.184.230 - - [31/May/2017:14:36:52 -0300] "GET /cormun/static/Resources/PXToolsGridNextDisabled.gif HTTP/1.1" 200 90
200.86.184.230 - - [31/May/2017:14:36:52 -0300] "GET /cormun/static/Resources/PXToolsGridLastDisabled.gif HTTP/1.1" 200 98
200.86.184.230 - - [31/May/2017:14:36:52 -0300] "GET /cormun/static/Shared/ext/resources/css/ext-all.css?205870 HTTP/1.1" 200 416045
200.86.184.230 - - [31/May/2017:14:36:52 -0300] "GET /cormun/static/Resources/PXToolsGridPage.gif HTTP/1.1" 200 725
200.86.184.230 - - [31/May/2017:14:36:52 -0300] "GET /cormun/static/Resources/PXToolsActionExcel.png HTTP/1.1" 200 3187
200.86.184.230 - - [31/May/2017:14:36:52 -0300] "GET /cormun/static/Resources/PXToolsGridNew.png HTTP/1.1" 200 2949
200.86.184.230 - - [31/May/2017:14:36:53 -0300] "GET /cormun/static/Resources/desc.gif HTTP/1.1" 200 65
200.86.184.230 - - [31/May/2017:14:36:53 -0300] "GET /cormun/static/Resources/asc.gif HTTP/1.1" 200 67
200.86.184.230 - - [31/May/2017:14:36:53 -0300] "GET /cormun//static/Resources/PXTools/ActionInsert.png HTTP/1.1" 200 1482
200.86.184.230 - - [31/May/2017:14:36:53 -0300] "GET /cormun//static/Resources/PXToolsActionDisabled.gif HTTP/1.1" 200 53
200.86.184.230 - - [31/May/2017:14:36:53 -0300] "GET /cormun//static/Resources/PXToolsGridDisplay.png HTTP/1.1" 200 362
200.86.184.230 - - [31/May/2017:14:36:53 -0300] "GET /cormun//static/Resources/PXToolsActionPrint.png HTTP/1.1" 200 3317
200.86.184.230 - - [31/May/2017:14:36:53 -0300] "GET /cormun//static/Resources/PXToolsHeaderHelp.png HTTP/1.1" 200 4055
200.86.184.230 - - [31/May/2017:14:36:53 -0300] "GET /cormun//static/Resources/PXToolsHeaderFavorites.png HTTP/1.1" 200 2744
200.86.184.230 - - [31/May/2017:14:36:53 -0300] "GET /cormun/servlet/trlicencias? HTTP/1.1" 200 9655
200.86.184.230 - - [31/May/2017:14:36:53 -0300] "GET /cormun/static/Shared/ext/resources/themes/images/default/panel/bg-headersPanel.png HTTP/1.1" 200 255
200.86.184.230 - - [31/May/2017:14:36:53 -0300] "GET /cormun/static/Shared/ext/resources/themes/images/default/tools/tool-sprites.gif HTTP/1.1" 200 5434
200.86.184.230 - - [31/May/2017:14:36:57 -0300] "GET /cormun/servlet/licenciaspermisos?INS,0,,, HTTP/1.1" 200 7236
200.86.184.230 - - [31/May/2017:14:36:57 -0300] "GET /cormun/static/gxcfg.js?201752220471843 HTTP/1.1" 200 953
200.86.184.230 - - [31/May/2017:14:36:57 -0300] "GET /cormun/static/Resources/prompt.gif HTTP/1.1" 200 902
200.86.184.230 - - [31/May/2017:14:36:57 -0300] "GET /cormun/static/licenciaspermisos.js?201752220471934 HTTP/1.1" 200 35774
200.86.184.230 - - [31/May/2017:14:36:58 -0300] "GET /cormun/servlet/licenciaspermisos?INS,0,,, HTTP/1.1" 200 7235
186.103.157.246 - - [31/May/2017:14:37:07 -0300] "POST /cormun/servlet/solicitudot?gx-no-cache=1496252282770 HTTP/1.1" 200 1301
186.103.157.246 - - [31/May/2017:14:37:07 -0300] "POST /cormun/servlet/solicitudot?gx-no-cache=1496252283001 HTTP/1.1" 200 38
200.86.184.230 - - [31/May/2017:14:37:16 -0300] "GET /cormun/servlet/licenciaspermisos?a9ee40862033548d00d7e0d75fa51d85ef861efd59627a22d409561192dc4e8a640d41a9f7ed58d99233d2f63644d8ed,gx-no-cache=1496253116707 HTTP/1.1" 200 73
200.86.184.230 - - [31/May/2017:14:37:16 -0300] "POST /cormun/servlet/licenciaspermisos?474e9caa2a6d41197c96c52da6476288,INS,0,,,,gx-no-cache=1496253116811 HTTP/1.1" 200 4476
192.168.10.4 - - [31/May/2017:14:37:19 -0300] "GET /cormun/servlet/trlicenciasaviso? HTTP/1.1" 200 16576
192.168.10.4 - - [31/May/2017:14:37:19 -0300] "GET /cormun/servlet/trlicenciasaviso? HTTP/1.1" 200 16567
186.103.157.246 - - [31/May/2017:14:37:20 -0300] "GET /cormun/servlet/solicitudot?67f1c167b19db3c7ec31c6145c37879736c152a6c76984e1d495983092c8f87a0faa34bb7cd5ad38d6ee09d2a7f138c937fd47b14ba71dbbdb1cef637f0a7d236fb46864f7a401686c42db2288acfcf1d89f8a1c963ef67ee9f2803e8a3f2c2097b25ccd8dde8f84328ee740bc4d7a8131bc9d7f6c7f407ef88b02e34e2d4a1bced6f5e5ef50203cc1aa865b3edb61832c6e587055d6df6fc20572bc5a2a83b2,gx-no-cache=1496252295332 HTTP/1.1" 200 29
186.103.157.246 - - [31/May/2017:14:37:20 -0300] "POST /cormun/servlet/solicitudot?gx-no-cache=1496252295785 HTTP/1.1" 200 1281
186.103.157.246 - - [31/May/2017:14:37:20 -0300] "GET /cormun/static/menuarrow.gif HTTP/1.1" 404 1015
186.103.157.246 - - [31/May/2017:14:37:23 -0300] "POST /cormun/servlet/solicitudot?gx-no-cache=1496252298305 HTTP/1.1" 200 1281
186.103.157.246 - - [31/May/2017:14:37:35 -0300] "POST /cormun/servlet/solicitudot?gx-no-cache=1496252310718 HTTP/1.1" 200 33
186.103.157.246 - - [31/May/2017:14:38:12 -0300] "POST /cormun/servlet/solicitudot?99f0cfe76c41aceea748abcffa9733b7,INS,0,0,,gx-no-cache=1496252347200 HTTP/1.1" 200 93
186.103.157.246 - - [31/May/2017:14:38:12 -0300] "GET /cormun/servlet/hpexe_return? HTTP/1.1" 200 1014
186.103.157.246 - - [31/May/2017:14:38:13 -0300] "GET /cormun/servlet/trsolicitudot?gx-no-cache=1496252217327 HTTP/1.1" 200 10638
186.103.157.246 - - [31/May/2017:14:38:19 -0300] "POST /cormun/servlet/trsolicitudot?99f0cfe76c41aceea748abcffa9733b7,gx-no-cache=1496252217327,gx-no-cache=1496252353893 HTTP/1.1" 200 7913
186.103.157.246 - - [31/May/2017:14:38:19 -0300] "GET /cormun/static/Shared/jqueryui/images/ui-bg_highlight-soft_100_c6c2c8_1x100.png HTTP/1.1" 404 1117
186.103.157.246 - - [31/May/2017:14:38:19 -0300] "GET /cormun/static/Shared/jqueryui/images/ui-bg_flat_55_fafafa_40x100.png HTTP/1.1" 404 1097
186.103.157.246 - - [31/May/2017:14:38:19 -0300] "GET /cormun/static/Shared/jqueryui/images/ui-icons_8d78a5_256x240.png HTTP/1.1" 404 1089
186.103.157.246 - - [31/May/2017:14:38:19 -0300] "GET /cormun/static/Shared/jqueryui/images/ui-icons_82798d_256x240.png HTTP/1.1" 404 1089
186.103.157.246 - - [31/May/2017:14:38:19 -0300] "POST /cormun/servlet/trsolicitudot?99f0cfe76c41aceea748abcffa9733b7,gx-no-cache=1496252217327,gx-no-cache=1496252354637 HTTP/1.1" 200 7854
