186.79.164.5 - - [30/May/2017:10:15:57 -0300] "GET /cormun/servlet/hpexe_return? HTTP/1.1" 200 1038
186.79.164.5 - - [30/May/2017:10:15:57 -0300] "GET /cormun/servlet/trpermisosadjuntos?9214477,20170529091153,P, HTTP/1.1" 200 6520
186.79.164.5 - - [30/May/2017:10:15:59 -0300] "GET /cormun/servlet/trpermisosadjuntos?9214477,20170529091153,P, HTTP/1.1" 200 6517
186.79.164.5 - - [30/May/2017:10:16:00 -0300] "GET /cormun/PublicTempStorage/meza_2770688.jpg HTTP/1.1" 200 982888
186.79.164.5 - - [30/May/2017:10:16:04 -0300] "GET /cormun/servlet/trpermisosgoce? HTTP/1.1" 200 7979
186.79.164.5 - - [30/May/2017:10:16:05 -0300] "GET /cormun/servlet/trpermisosgoce? HTTP/1.1" 200 7979
186.79.164.5 - - [30/May/2017:10:16:11 -0300] "POST /cormun/servlet/trpermisosgoce?059f450c0a9274360002acd5d90a5853,,gx-no-cache=1496150224976 HTTP/1.1" 200 5001
186.79.164.5 - - [30/May/2017:10:16:11 -0300] "GET /cormun/static/Shared/jqueryui/images/ui-bg_highlight-soft_100_c6c2c8_1x100.png HTTP/1.1" 404 1117
186.79.164.5 - - [30/May/2017:10:16:12 -0300] "GET /cormun/static/Shared/jqueryui/images/ui-bg_flat_55_fafafa_40x100.png HTTP/1.1" 404 1097
186.79.164.5 - - [30/May/2017:10:16:12 -0300] "GET /cormun/static/Shared/jqueryui/images/ui-icons_8d78a5_256x240.png HTTP/1.1" 404 1089
186.79.164.5 - - [30/May/2017:10:16:12 -0300] "GET /cormun/static/Shared/jqueryui/images/ui-icons_82798d_256x240.png HTTP/1.1" 404 1089
190.45.55.254 - - [30/May/2017:10:16:24 -0300] "GET /cormun/static/menuarrow.gif HTTP/1.1" 404 1015
91.196.50.33 - - [30/May/2017:10:16:28 -0300] "GET /testproxy.php HTTP/1.1" 404 987
186.79.164.5 - - [30/May/2017:10:16:30 -0300] "POST /cormun/servlet/trpermisosgoce?059f450c0a9274360002acd5d90a5853,,gx-no-cache=1496150243113 HTTP/1.1" 200 4738
186.79.164.5 - - [30/May/2017:10:16:33 -0300] "GET /cormun/static/Shared/jqueryui/images/ui-bg_highlight-soft_100_eae6ea_1x100.png HTTP/1.1" 404 1117
186.79.164.5 - - [30/May/2017:10:16:44 -0300] "GET /cormun/servlet/hlogin HTTP/1.1" 200 1724
186.79.38.159 - - [30/May/2017:10:16:57 -0300] "POST /cormun/servlet/solicitudot?454bad78668951fe2c34cdda650149e9,INS,0,0,,gx-no-cache=1496150272591 HTTP/1.1" 200 93
186.79.38.159 - - [30/May/2017:10:16:57 -0300] "GET /cormun/servlet/hpexe_return? HTTP/1.1" 200 1000
186.79.38.159 - - [30/May/2017:10:16:58 -0300] "GET /cormun/servlet/trsolicitudot HTTP/1.1" 200 8750
186.79.164.5 - - [30/May/2017:10:16:59 -0300] "POST /cormun/servlet/hlogin?059f450c0a9274360002acd5d90a5853,gx-no-cache=1496150273047 HTTP/1.1" 200 424
186.79.38.159 - - [30/May/2017:10:16:59 -0300] "GET /cormun/servlet/trsolicitudot HTTP/1.1" 200 8746
186.79.164.5 - - [30/May/2017:10:17:05 -0300] "POST /cormun/servlet/hlogin?059f450c0a9274360002acd5d90a5853,gx-no-cache=1496150278781 HTTP/1.1" 200 90
186.79.164.5 - - [30/May/2017:10:17:05 -0300] "GET /cormun/servlet/hpexe_link HTTP/1.1" 200 953
186.79.164.5 - - [30/May/2017:10:17:05 -0300] "GET /cormun/servlet/hhome HTTP/1.1" 200 3940
186.79.164.5 - - [30/May/2017:10:17:07 -0300] "GET /cormun/servlet/hhome HTTP/1.1" 200 3936
186.79.38.159 - - [30/May/2017:10:17:10 -0300] "GET /cormun/servlet/vesolicitudot?2017,6671,, HTTP/1.1" 200 8280
186.79.38.159 - - [30/May/2017:10:17:11 -0300] "GET /cormun/pexe_scrolldiv.js HTTP/1.1" 404 1009
186.79.164.5 - - [30/May/2017:10:17:12 -0300] "GET /cormun/servlet/trautorizarpermisogoce? HTTP/1.1" 200 7873
186.79.38.159 - - [30/May/2017:10:17:12 -0300] "GET /cormun/servlet/vesolicitudot?2017,6671,, HTTP/1.1" 200 8280
186.79.164.5 - - [30/May/2017:10:17:12 -0300] "GET /cormun/static/gxcfg.js?20174111145711 HTTP/1.1" 200 953
186.79.164.5 - - [30/May/2017:10:17:13 -0300] "GET /cormun/servlet/trautorizarpermisogoce? HTTP/1.1" 200 7871
186.79.38.159 - - [30/May/2017:10:17:15 -0300] "POST /cormun/servlet/vesolicitudot?454bad78668951fe2c34cdda650149e9,2017,6671,,,gx-no-cache=1496150291653 HTTP/1.1" 200 90
186.79.38.159 - - [30/May/2017:10:17:15 -0300] "GET /cormun/servlet/hpexe_link HTTP/1.1" 200 960
186.79.38.159 - - [30/May/2017:10:17:15 -0300] "GET /cormun/servlet/trsolicitudot HTTP/1.1" 200 8747
186.79.38.159 - - [30/May/2017:10:17:17 -0300] "GET /cormun/servlet/trsolicitudot HTTP/1.1" 200 8746
186.79.38.159 - - [30/May/2017:10:17:19 -0300] "POST /cormun/servlet/trsolicitudot?454bad78668951fe2c34cdda650149e9,gx-no-cache=1496150296615 HTTP/1.1" 200 106
186.79.38.159 - - [30/May/2017:10:17:19 -0300] "GET /cormun/servlet/trsolicitudadjuntos?2017,6671, HTTP/1.1" 200 6147
186.79.38.159 - - [30/May/2017:10:17:20 -0300] "GET /cormun/servlet/trsolicitudadjuntos?2017,6671, HTTP/1.1" 200 6146
186.79.164.5 - - [30/May/2017:10:17:21 -0300] "POST /cormun/servlet/trautorizarpermisogoce?059f450c0a9274360002acd5d90a5853,,gx-no-cache=1496150294722 HTTP/1.1" 200 5269
186.79.164.5 - - [30/May/2017:10:17:21 -0300] "GET /cormun/static/Shared/jqueryui/images/ui-bg_highlight-soft_100_c6c2c8_1x100.png HTTP/1.1" 404 1117
186.79.164.5 - - [30/May/2017:10:17:21 -0300] "GET /cormun/static/Shared/jqueryui/images/ui-icons_82798d_256x240.png HTTP/1.1" 404 1089
186.79.164.5 - - [30/May/2017:10:17:21 -0300] "GET /cormun/static/Shared/jqueryui/images/ui-bg_flat_55_fafafa_40x100.png HTTP/1.1" 404 1097
186.79.164.5 - - [30/May/2017:10:17:21 -0300] "GET /cormun/static/Shared/jqueryui/images/ui-icons_8d78a5_256x240.png HTTP/1.1" 404 1089
186.79.38.159 - - [30/May/2017:10:17:23 -0300] "GET /cormun/servlet/solicitudotadjuntos?INS,2017,6671,,1, HTTP/1.1" 200 6085
186.79.38.159 - - [30/May/2017:10:17:23 -0300] "GET /cormun/static/about:blank HTTP/1.1" 404 1011
186.79.38.159 - - [30/May/2017:10:17:24 -0300] "GET /cormun/servlet/solicitudotadjuntos?INS,2017,6671,,1, HTTP/1.1" 200 6078
186.79.38.159 - - [30/May/2017:10:17:24 -0300] "GET /cormun/servlet/solicitudotadjuntos?85f0179f6c98a332ba8e54411f164b0aaf3a71c4cbb3c7058e33592b280d82705752b7456eb0304bd35b15ae12c78a53,gx-no-cache=1496150302013 HTTP/1.1" 200 30
186.79.38.159 - - [30/May/2017:10:17:25 -0300] "POST /cormun/servlet/solicitudotadjuntos?454bad78668951fe2c34cdda650149e9,INS,2017,6671,,1,,gx-no-cache=1496150302152 HTTP/1.1" 200 3822
186.79.38.159 - - [30/May/2017:10:17:26 -0300] "POST /cormun/servlet/solicitudotadjuntos?gx-no-cache=1496150304360 HTTP/1.1" 200 26
186.79.164.5 - - [30/May/2017:10:17:27 -0300] "POST /cormun/servlet/trautorizarpermisogoce?059f450c0a9274360002acd5d90a5853,,gx-no-cache=1496150300526 HTTP/1.1" 200 4882
186.79.38.159 - - [30/May/2017:10:17:37 -0300] "GET /cormun/servlet/solicitudotadjuntos?85f0179f6c98a332ba8e54411f164b0ae3302174cdd4115f9c5249ef93795d8a,gx-no-cache=1496150314923 HTTP/1.1" 200 30
186.79.38.159 - - [30/May/2017:10:17:37 -0300] "GET /cormun/servlet/solicitudotadjuntos?85f0179f6c98a332ba8e54411f164b0ae3302174cdd4115f9c5249ef93795d8a,gx-no-cache=1496150315071 HTTP/1.1" 200 30
186.79.38.159 - - [30/May/2017:10:17:44 -0300] "POST /cormun/servlet/solicitudotadjuntos?454bad78668951fe2c34cdda650149e9,INS,2017,6671,,1, HTTP/1.1" 200 116
186.79.38.159 - - [30/May/2017:10:17:45 -0300] "GET /cormun/servlet/hpexe_return? HTTP/1.1" 200 1019
186.79.38.159 - - [30/May/2017:10:17:45 -0300] "GET /cormun/servlet/trsolicitudadjuntos?2017,6671, HTTP/1.1" 200 8349
186.79.38.159 - - [30/May/2017:10:17:46 -0300] "GET /cormun/servlet/trsolicitudadjuntos?2017,6671, HTTP/1.1" 200 8346
192.168.10.89 - - [30/May/2017:10:17:48 -0300] "GET /cormun/servlet/trsolicitudgral? HTTP/1.1" 200 8791
192.168.10.89 - - [30/May/2017:10:17:48 -0300] "GET /cormun/servlet/trsolicitudgral? HTTP/1.1" 200 8791
186.79.38.159 - - [30/May/2017:10:17:49 -0300] "GET /cormun/servlet/solicitudotadjuntos?INS,2017,6671,,1, HTTP/1.1" 200 6085
186.79.38.159 - - [30/May/2017:10:17:49 -0300] "GET /cormun/static/about:blank HTTP/1.1" 404 1011
186.79.38.159 - - [30/May/2017:10:17:50 -0300] "GET /cormun/servlet/solicitudotadjuntos?INS,2017,6671,,1, HTTP/1.1" 200 6078
186.79.38.159 - - [30/May/2017:10:17:51 -0300] "GET /cormun/servlet/solicitudotadjuntos?85f0179f6c98a332ba8e54411f164b0aaf3a71c4cbb3c7058e33592b280d82705752b7456eb0304bd35b15ae12c78a53,gx-no-cache=1496150328564 HTTP/1.1" 200 30
186.79.38.159 - - [30/May/2017:10:17:51 -0300] "POST /cormun/servlet/solicitudotadjuntos?454bad78668951fe2c34cdda650149e9,INS,2017,6671,,1,,gx-no-cache=1496150328682 HTTP/1.1" 200 3822
186.79.38.159 - - [30/May/2017:10:17:54 -0300] "POST /cormun/servlet/solicitudotadjuntos?gx-no-cache=1496150332295 HTTP/1.1" 200 26
192.168.10.89 - - [30/May/2017:10:17:55 -0300] "POST /cormun/servlet/trsolicitudgral?a88ad8ff0a9dbaa6fc2ea0ac6ce1fbcd,,gx-no-cache=1496150277546 HTTP/1.1" 200 22407
186.79.38.159 - - [30/May/2017:10:18:02 -0300] "GET /cormun/servlet/solicitudotadjuntos?85f0179f6c98a332ba8e54411f164b0ae3302174cdd4115f9c5249ef93795d8a,gx-no-cache=1496150340128 HTTP/1.1" 200 30
186.79.38.159 - - [30/May/2017:10:18:02 -0300] "GET /cormun/servlet/solicitudotadjuntos?85f0179f6c98a332ba8e54411f164b0ae3302174cdd4115f9c5249ef93795d8a,gx-no-cache=1496150340253 HTTP/1.1" 200 30
186.79.38.159 - - [30/May/2017:10:18:11 -0300] "POST /cormun/servlet/solicitudotadjuntos?454bad78668951fe2c34cdda650149e9,INS,2017,6671,,1, HTTP/1.1" 200 116
186.79.38.159 - - [30/May/2017:10:18:12 -0300] "GET /cormun/servlet/hpexe_return? HTTP/1.1" 200 1019
186.79.38.159 - - [30/May/2017:10:18:12 -0300] "GET /cormun/servlet/trsolicitudadjuntos?2017,6671, HTTP/1.1" 200 8540
186.79.38.159 - - [30/May/2017:10:18:14 -0300] "GET /cormun/servlet/trsolicitudadjuntos?2017,6671, HTTP/1.1" 200 8538
186.79.38.159 - - [30/May/2017:10:18:16 -0300] "GET /cormun/servlet/solicitudotadjuntos?INS,2017,6671,,1, HTTP/1.1" 200 6086
186.79.38.159 - - [30/May/2017:10:18:16 -0300] "GET /cormun/static/about:blank HTTP/1.1" 404 1011
186.79.38.159 - - [30/May/2017:10:18:17 -0300] "GET /cormun/servlet/solicitudotadjuntos?INS,2017,6671,,1, HTTP/1.1" 200 6079
186.79.38.159 - - [30/May/2017:10:18:18 -0300] "GET /cormun/servlet/solicitudotadjuntos?85f0179f6c98a332ba8e54411f164b0aaf3a71c4cbb3c7058e33592b280d82705752b7456eb0304bd35b15ae12c78a53,gx-no-cache=1496150355652 HTTP/1.1" 200 30
186.79.38.159 - - [30/May/2017:10:18:18 -0300] "POST /cormun/servlet/solicitudotadjuntos?454bad78668951fe2c34cdda650149e9,INS,2017,6671,,1,,gx-no-cache=1496150355870 HTTP/1.1" 200 3823
46.174.191.32 - - [30/May/2017:10:18:21 -0300] "GET / HTTP/1.0" 200 11197
186.103.156.24 - - [30/May/2017:10:18:22 -0300] "GET /cormun/servlet/hlogin HTTP/1.1" 200 1726
186.79.38.159 - - [30/May/2017:10:18:22 -0300] "POST /cormun/servlet/solicitudotadjuntos?gx-no-cache=1496150360367 HTTP/1.1" 200 26
186.79.38.159 - - [30/May/2017:10:18:28 -0300] "GET /cormun/servlet/solicitudotadjuntos?85f0179f6c98a332ba8e54411f164b0ae3302174cdd4115f9c5249ef93795d8a,gx-no-cache=1496150365690 HTTP/1.1" 200 30
186.79.38.159 - - [30/May/2017:10:18:28 -0300] "GET /cormun/servlet/solicitudotadjuntos?85f0179f6c98a332ba8e54411f164b0ae3302174cdd4115f9c5249ef93795d8a,gx-no-cache=1496150365819 HTTP/1.1" 200 30
186.103.156.24 - - [30/May/2017:10:18:30 -0300] "POST /cormun/servlet/hlogin?4e09b7278cccdb03d2da04440d8cf6eb,gx-no-cache=1496150366859 HTTP/1.1" 200 426
186.103.159.188 - - [30/May/2017:10:18:31 -0300] "GET /cormun/servlet/hlogin HTTP/1.1" 200 1728
186.103.159.188 - - [30/May/2017:10:18:32 -0300] "GET /cormun/servlet/hlogin HTTP/1.1" 200 1734
190.45.55.254 - - [30/May/2017:10:18:34 -0300] "GET /cormun/servlet/licenciaspermisos?fddb065f5eb5d774c2ae6802cfeaafd69611960698f5c9e84003fab7077694976f35d8e681a964957edea71b93313a4bcee3aa97a1dc4d4950878c1f77a329e21a4ac2f26ba2860c7f268c2083d454b417e4e3fba6d4f881554a626c184156658ec0109dd08ee54730c424e923bb5bafa4eea1b6ab05d305715e26716401965ebe26c72e1e19fb195b71878b34a7a3e06a0e69b0ed9c40ee6b90ef30ac79e4143000fe0c498b856302d7f5db43b183a9,gx-no-cache=1496150370933 HTTP/1.1" 200 30
190.45.55.254 - - [30/May/2017:10:18:34 -0300] "GET /cormun/servlet/licenciaspermisos?fddb065f5eb5d774c2ae6802cfeaafd63cc041b7aa46ffb47f6e92712ba7c22772ef52bdf1b3904006adb3365781a6c49e5b1f7eeb84e79cc13fdd85e16459809312ae24db3d4d9ddad646e0b36633953daffb82d186f57536a4be8eae8a8983f82dcd755673a119afc8cf4646db94d26b3b5d4aa6ae0ac365cee810c247bd328ca0d70e94039bb785b2162fcd76ca58dc007e90887d7c0771fdcac3cfc2855583299ab01b60a019f2809fc855439d6e,gx-no-cache=1496150371345 HTTP/1.1" 200 29
186.79.38.159 - - [30/May/2017:10:18:34 -0300] "POST /cormun/servlet/solicitudotadjuntos?454bad78668951fe2c34cdda650149e9,INS,2017,6671,,1, HTTP/1.1" 200 116
186.103.156.24 - - [30/May/2017:10:18:35 -0300] "POST /cormun/servlet/hlogin?4e09b7278cccdb03d2da04440d8cf6eb,gx-no-cache=1496150371600 HTTP/1.1" 200 90
186.79.38.159 - - [30/May/2017:10:18:35 -0300] "GET /cormun/servlet/hpexe_return? HTTP/1.1" 200 1019
190.45.55.254 - - [30/May/2017:10:18:35 -0300] "POST /cormun/servlet/licenciaspermisos?8792e8a4d37c26e56b2bb5e779609870,INS,0,,,,gx-no-cache=1496150371436 HTTP/1.1" 200 93
186.103.156.24 - - [30/May/2017:10:18:35 -0300] "GET /cormun/servlet/hpexe_link HTTP/1.1" 200 954
190.45.55.254 - - [30/May/2017:10:18:35 -0300] "GET /cormun/servlet/hpexe_return? HTTP/1.1" 200 1011
186.103.156.24 - - [30/May/2017:10:18:35 -0300] "GET /cormun/servlet/hhome HTTP/1.1" 200 4015
190.45.55.254 - - [30/May/2017:10:18:35 -0300] "GET /cormun/static/Resources/Spanish/PXTools.css?167811 HTTP/1.1" 304 -
186.79.38.159 - - [30/May/2017:10:18:35 -0300] "GET /cormun/servlet/trsolicitudadjuntos?2017,6671, HTTP/1.1" 200 8692
190.45.55.254 - - [30/May/2017:10:18:35 -0300] "GET /cormun/static/hpexe_return.js?2016101716175153 HTTP/1.1" 304 -
190.45.55.254 - - [30/May/2017:10:18:35 -0300] "GET /cormun/static/gxcfg.js?2016101716175148 HTTP/1.1" 304 -
186.103.156.24 - - [30/May/2017:10:18:36 -0300] "GET /cormun/servlet/hhome HTTP/1.1" 200 4011
190.45.55.254 - - [30/May/2017:10:18:36 -0300] "GET /cormun/servlet/trlicencias HTTP/1.1" 200 8146
190.45.55.254 - - [30/May/2017:10:18:36 -0300] "GET /cormun/servlet/trlicencias HTTP/1.1" 200 8141
186.79.38.159 - - [30/May/2017:10:18:37 -0300] "GET /cormun/servlet/trsolicitudadjuntos?2017,6671, HTTP/1.1" 200 8691
186.79.38.159 - - [30/May/2017:10:18:38 -0300] "GET /cormun/servlet/solicitudotadjuntos?INS,2017,6671,,1, HTTP/1.1" 200 6086
186.79.38.159 - - [30/May/2017:10:18:39 -0300] "GET /cormun/static/about:blank HTTP/1.1" 404 1011
190.45.55.254 - - [30/May/2017:10:18:39 -0300] "GET /cormun/servlet/alicenciaprn?10812480,L,20170530000000,PU HTTP/1.1" 200 1544
186.79.38.159 - - [30/May/2017:10:18:39 -0300] "GET /cormun/servlet/solicitudotadjuntos?INS,2017,6671,,1, HTTP/1.1" 200 6079
186.79.38.159 - - [30/May/2017:10:18:40 -0300] "GET /cormun/servlet/solicitudotadjuntos?85f0179f6c98a332ba8e54411f164b0aaf3a71c4cbb3c7058e33592b280d82705752b7456eb0304bd35b15ae12c78a53,gx-no-cache=1496150377863 HTTP/1.1" 200 30
186.79.38.159 - - [30/May/2017:10:18:41 -0300] "POST /cormun/servlet/solicitudotadjuntos?454bad78668951fe2c34cdda650149e9,INS,2017,6671,,1,,gx-no-cache=1496150377979 HTTP/1.1" 200 3823
186.79.38.159 - - [30/May/2017:10:18:45 -0300] "POST /cormun/servlet/solicitudotadjuntos?gx-no-cache=1496150382711 HTTP/1.1" 200 26
186.79.38.159 - - [30/May/2017:10:18:51 -0300] "GET /cormun/servlet/solicitudotadjuntos?85f0179f6c98a332ba8e54411f164b0ae3302174cdd4115f9c5249ef93795d8a,gx-no-cache=1496150388866 HTTP/1.1" 200 30
186.79.38.159 - - [30/May/2017:10:18:51 -0300] "GET /cormun/servlet/solicitudotadjuntos?85f0179f6c98a332ba8e54411f164b0ae3302174cdd4115f9c5249ef93795d8a,gx-no-cache=1496150388992 HTTP/1.1" 200 30
186.79.38.159 - - [30/May/2017:10:18:56 -0300] "POST /cormun/servlet/solicitudotadjuntos?454bad78668951fe2c34cdda650149e9,INS,2017,6671,,1, HTTP/1.1" 200 116
186.79.38.159 - - [30/May/2017:10:18:56 -0300] "GET /cormun/servlet/hpexe_return? HTTP/1.1" 200 1019
186.79.38.159 - - [30/May/2017:10:18:56 -0300] "GET /cormun/servlet/trsolicitudadjuntos?2017,6671, HTTP/1.1" 200 8824
186.79.38.159 - - [30/May/2017:10:18:58 -0300] "GET /cormun/servlet/trsolicitudadjuntos?2017,6671, HTTP/1.1" 200 8821
186.79.38.159 - - [30/May/2017:10:19:07 -0300] "GET /cormun/servlet/solicitudotadjuntos?INS,2017,6671,,1, HTTP/1.1" 200 6085
186.79.38.159 - - [30/May/2017:10:19:08 -0300] "GET /cormun/static/about:blank HTTP/1.1" 404 1011
186.79.38.159 - - [30/May/2017:10:19:09 -0300] "GET /cormun/servlet/solicitudotadjuntos?INS,2017,6671,,1, HTTP/1.1" 200 6079
186.79.38.159 - - [30/May/2017:10:19:09 -0300] "GET /cormun/servlet/solicitudotadjuntos?85f0179f6c98a332ba8e54411f164b0aaf3a71c4cbb3c7058e33592b280d82705752b7456eb0304bd35b15ae12c78a53,gx-no-cache=1496150407331 HTTP/1.1" 200 30
186.79.38.159 - - [30/May/2017:10:19:11 -0300] "POST /cormun/servlet/solicitudotadjuntos?454bad78668951fe2c34cdda650149e9,INS,2017,6671,,1,,gx-no-cache=1496150407547 HTTP/1.1" 200 3823
186.79.38.159 - - [30/May/2017:10:19:15 -0300] "POST /cormun/servlet/solicitudotadjuntos?gx-no-cache=1496150412577 HTTP/1.1" 200 26
186.79.38.159 - - [30/May/2017:10:19:20 -0300] "GET /cormun/servlet/solicitudotadjuntos?85f0179f6c98a332ba8e54411f164b0ae3302174cdd4115f9c5249ef93795d8a,gx-no-cache=1496150417921 HTTP/1.1" 200 30
186.79.38.159 - - [30/May/2017:10:19:20 -0300] "GET /cormun/servlet/solicitudotadjuntos?85f0179f6c98a332ba8e54411f164b0ae3302174cdd4115f9c5249ef93795d8a,gx-no-cache=1496150418144 HTTP/1.1" 200 30
186.79.38.159 - - [30/May/2017:10:19:32 -0300] "POST /cormun/servlet/solicitudotadjuntos?454bad78668951fe2c34cdda650149e9,INS,2017,6671,,1, HTTP/1.1" 200 116
186.79.38.159 - - [30/May/2017:10:19:33 -0300] "GET /cormun/servlet/hpexe_return? HTTP/1.1" 200 1019
186.79.38.159 - - [30/May/2017:10:19:33 -0300] "GET /cormun/servlet/trsolicitudadjuntos?2017,6671, HTTP/1.1" 200 9029
200.112.48.20 - - [30/May/2017:10:19:34 -0300] "GET /cormun HTTP/1.1" 302 -
200.112.48.20 - - [30/May/2017:10:19:34 -0300] "GET /cormun/ HTTP/1.1" 404 975
200.112.48.20 - - [30/May/2017:10:19:35 -0300] "GET /favicon.ico HTTP/1.1" 200 21630
186.79.38.159 - - [30/May/2017:10:19:35 -0300] "GET /cormun/servlet/trsolicitudadjuntos?2017,6671, HTTP/1.1" 200 9025
186.79.38.159 - - [30/May/2017:10:19:38 -0300] "GET /cormun/servlet/solicitudotadjuntos?INS,2017,6671,,1, HTTP/1.1" 200 6085
186.79.38.159 - - [30/May/2017:10:19:39 -0300] "GET /cormun/static/about:blank HTTP/1.1" 404 1011
186.79.38.159 - - [30/May/2017:10:19:39 -0300] "GET /cormun/servlet/solicitudotadjuntos?INS,2017,6671,,1, HTTP/1.1" 200 6079
186.79.38.159 - - [30/May/2017:10:19:40 -0300] "GET /cormun/servlet/solicitudotadjuntos?85f0179f6c98a332ba8e54411f164b0aaf3a71c4cbb3c7058e33592b280d82705752b7456eb0304bd35b15ae12c78a53,gx-no-cache=1496150437864 HTTP/1.1" 200 30
186.79.38.159 - - [30/May/2017:10:19:40 -0300] "POST /cormun/servlet/solicitudotadjuntos?454bad78668951fe2c34cdda650149e9,INS,2017,6671,,1,,gx-no-cache=1496150438036 HTTP/1.1" 200 3823
186.79.38.159 - - [30/May/2017:10:19:43 -0300] "POST /cormun/servlet/solicitudotadjuntos?gx-no-cache=1496150440989 HTTP/1.1" 200 26
186.79.38.159 - - [30/May/2017:10:19:49 -0300] "GET /cormun/servlet/solicitudotadjuntos?85f0179f6c98a332ba8e54411f164b0ae3302174cdd4115f9c5249ef93795d8a,gx-no-cache=1496150447289 HTTP/1.1" 200 30
186.79.38.159 - - [30/May/2017:10:19:49 -0300] "GET /cormun/servlet/solicitudotadjuntos?85f0179f6c98a332ba8e54411f164b0ae3302174cdd4115f9c5249ef93795d8a,gx-no-cache=1496150447398 HTTP/1.1" 200 30
186.79.38.159 - - [30/May/2017:10:19:56 -0300] "POST /cormun/servlet/solicitudotadjuntos?454bad78668951fe2c34cdda650149e9,INS,2017,6671,,1, HTTP/1.1" 200 116
186.79.38.159 - - [30/May/2017:10:19:56 -0300] "GET /cormun/servlet/hpexe_return? HTTP/1.1" 200 1019
186.79.38.159 - - [30/May/2017:10:19:56 -0300] "GET /cormun/servlet/trsolicitudadjuntos?2017,6671, HTTP/1.1" 200 9232
186.79.38.159 - - [30/May/2017:10:19:58 -0300] "GET /cormun/servlet/trsolicitudadjuntos?2017,6671, HTTP/1.1" 200 9229
186.79.38.159 - - [30/May/2017:10:20:03 -0300] "POST /cormun/servlet/trsolicitudadjuntos?454bad78668951fe2c34cdda650149e9,2017,6671,,gx-no-cache=1496150459702 HTTP/1.1" 200 90
186.79.38.159 - - [30/May/2017:10:20:04 -0300] "GET /cormun/servlet/hpexe_link HTTP/1.1" 200 962
186.79.38.159 - - [30/May/2017:10:20:04 -0300] "GET /cormun/servlet/trsolicitudot HTTP/1.1" 200 8747
186.79.38.159 - - [30/May/2017:10:20:05 -0300] "GET /cormun/servlet/trsolicitudot HTTP/1.1" 200 8746
186.79.38.159 - - [30/May/2017:10:20:09 -0300] "GET /cormun/servlet/vesolicitudot?2017,6671,, HTTP/1.1" 200 8280
186.79.38.159 - - [30/May/2017:10:20:09 -0300] "GET /cormun/pexe_scrolldiv.js HTTP/1.1" 404 1009
186.79.164.5 - - [30/May/2017:10:20:10 -0300] "GET /cormun/servlet/trpermisosadjuntos?10512872,20170529091519,P, HTTP/1.1" 200 6255
186.79.38.159 - - [30/May/2017:10:20:10 -0300] "GET /cormun/servlet/vesolicitudot?2017,6671,, HTTP/1.1" 200 8280
186.79.164.5 - - [30/May/2017:10:20:12 -0300] "GET /cormun/servlet/trpermisosadjuntos?10512872,20170529091519,P, HTTP/1.1" 200 6255
186.79.164.5 - - [30/May/2017:10:20:15 -0300] "GET /cormun/servlet/permisosadjuntos?INS,10512872,P,20170529091519,, HTTP/1.1" 200 5586
186.79.164.5 - - [30/May/2017:10:20:16 -0300] "GET /cormun/static/about:blank HTTP/1.1" 404 1011
200.112.48.20 - - [30/May/2017:10:20:16 -0300] "GET /cormun/servlet/hlogin HTTP/1.1" 200 1731
186.79.164.5 - - [30/May/2017:10:20:17 -0300] "GET /cormun/servlet/permisosadjuntos?INS,10512872,P,20170529091519,, HTTP/1.1" 200 5575
200.112.48.20 - - [30/May/2017:10:20:17 -0300] "GET /cormun/static/gxtimezone.js?85251 HTTP/1.1" 200 5781
200.112.48.20 - - [30/May/2017:10:20:17 -0300] "GET /cormun/static/gxcfg.js?201741110203197 HTTP/1.1" 200 953
200.112.48.20 - - [30/May/2017:10:20:17 -0300] "GET /cormun/static/Resources/Spanish/PXTools.css?11294912 HTTP/1.1" 200 89042
200.112.48.20 - - [30/May/2017:10:20:19 -0300] "GET /cormun/static/messages.spa.js?85251 HTTP/1.1" 200 30736
200.112.48.20 - - [30/May/2017:10:20:19 -0300] "GET /cormun/static/gxgral.js?85251 HTTP/1.1" 200 384558
200.112.48.20 - - [30/May/2017:10:20:19 -0300] "GET /cormun/static/hlogin.js?201741110203211 HTTP/1.1" 200 2136
200.112.48.20 - - [30/May/2017:10:20:19 -0300] "GET /cormun/static/Resources/ComunLogin.png HTTP/1.1" 200 17326
200.112.48.20 - - [30/May/2017:10:20:19 -0300] "GET /cormun/static/Resources/PXToolsLoginTop.png HTTP/1.1" 200 1337
200.112.48.20 - - [30/May/2017:10:20:19 -0300] "GET /cormun/static/Resources/PXToolsLoginBackground.png HTTP/1.1" 200 1164
200.112.48.20 - - [30/May/2017:10:20:19 -0300] "GET /cormun/static/Resources/PXToolsButtonRight21.png HTTP/1.1" 200 1283
200.112.48.20 - - [30/May/2017:10:20:19 -0300] "GET /cormun/static/Resources/PXToolsButtonBackground2.png HTTP/1.1" 200 1181
200.112.48.20 - - [30/May/2017:10:20:19 -0300] "GET /cormun/static/Resources/PXToolsButtonLeft21.png HTTP/1.1" 200 1287
200.112.48.20 - - [30/May/2017:10:20:19 -0300] "GET /cormun/servlet/hlogin HTTP/1.1" 200 1737
200.112.48.20 - - [30/May/2017:10:20:19 -0300] "GET /cormun/static/Resources/PXToolsLoginBottom.png HTTP/1.1" 200 1389
200.112.48.20 - - [30/May/2017:10:20:19 -0300] "GET /cormun/static/Resources/indicator.gif HTTP/1.1" 200 1553
200.112.48.20 - - [30/May/2017:10:20:20 -0300] "GET /cormun/static/Resources/PXToolsLoginBottom.png HTTP/1.1" 200 1389
200.112.48.20 - - [30/May/2017:10:20:21 -0300] "GET /cormun/static/Resources/indicator.gif HTTP/1.1" 200 1553
200.112.48.20 - - [30/May/2017:10:20:26 -0300] "POST /cormun/servlet/hlogin?9609aa86a79d236fc58c258c45d9c41a,gx-no-cache=1496150482640 HTTP/1.1" 200 90
200.112.48.20 - - [30/May/2017:10:20:26 -0300] "GET /cormun/servlet/hpexe_link HTTP/1.1" 200 957
200.112.48.20 - - [30/May/2017:10:20:27 -0300] "GET /cormun/static/gxcfg.js?201731711483381 HTTP/1.1" 200 953
200.112.48.20 - - [30/May/2017:10:20:27 -0300] "GET /cormun/static/hpexe_link.js?201731711483384 HTTP/1.1" 200 625
200.112.48.20 - - [30/May/2017:10:20:27 -0300] "GET /cormun/servlet/hhome HTTP/1.1" 200 4038
200.112.48.20 - - [30/May/2017:10:20:27 -0300] "GET /cormun/static/SmoothNavMenu/resources/ddsmoothmenu.css?1012540 HTTP/1.1" 200 2223
200.112.48.20 - - [30/May/2017:10:20:27 -0300] "GET /cormun/static/Shared/jqueryui/jquery-ui.min.css?1245370 HTTP/1.1" 200 30288
200.112.48.20 - - [30/May/2017:10:20:27 -0300] "GET /cormun/static/SmoothNavMenu/resources/ddsmoothmenu-v.css?1012540 HTTP/1.1" 200 1188
200.112.48.20 - - [30/May/2017:10:20:27 -0300] "GET /cormun/static/gxcfg.js?201731711483497 HTTP/1.1" 200 953
200.112.48.20 - - [30/May/2017:10:20:27 -0300] "GET /cormun/static/scaMessage/css/jquery.pnotify.default.css?1716380 HTTP/1.1" 200 1707
200.112.48.20 - - [30/May/2017:10:20:27 -0300] "GET /cormun/static/PXToolsJavascripts/pexe_autoreload.js HTTP/1.1" 200 1762
200.112.48.20 - - [30/May/2017:10:20:27 -0300] "GET /cormun/static/PXToolsJavascripts/pexe_cookies.js HTTP/1.1" 200 792
200.112.48.20 - - [30/May/2017:10:20:27 -0300] "GET /cormun/static/PXToolsJavascripts/pexe_windows.js HTTP/1.1" 200 15207
200.112.48.20 - - [30/May/2017:10:20:27 -0300] "GET /cormun/static/PXToolsJavascripts/pexe_grid.js HTTP/1.1" 200 7559
200.112.48.20 - - [30/May/2017:10:20:27 -0300] "GET /cormun/static/PXToolsJavascripts/pexe_griddivfix.js HTTP/1.1" 200 6644
200.112.48.20 - - [30/May/2017:10:20:27 -0300] "GET /cormun/static/PXToolsJavascripts/pexe_link.js HTTP/1.1" 200 5671
200.112.48.20 - - [30/May/2017:10:20:27 -0300] "GET /cormun/static/PXToolsJavascripts/pexe_menudivfix.js HTTP/1.1" 200 333
200.112.48.20 - - [30/May/2017:10:20:27 -0300] "GET /cormun/static/PXToolsJavascripts/pexe_menus.js HTTP/1.1" 200 1286
200.112.48.20 - - [30/May/2017:10:20:27 -0300] "GET /cormun/static/PXToolsJavascripts/pexe_layers.js HTTP/1.1" 200 4114
200.112.48.20 - - [30/May/2017:10:20:27 -0300] "GET /cormun/static/PXToolsJavascripts/pexe_oav.js HTTP/1.1" 200 645
200.112.48.20 - - [30/May/2017:10:20:27 -0300] "GET /cormun/static/PXToolsJavascripts/pexe_oavdivfix.js HTTP/1.1" 200 639
200.112.48.20 - - [30/May/2017:10:20:27 -0300] "GET /cormun/static/PXToolsJavascripts/pexe_picture.js HTTP/1.1" 200 689
200.112.48.20 - - [30/May/2017:10:20:27 -0300] "GET /cormun/static/PXToolsJavascripts/pexe_popup.js HTTP/1.1" 200 13458
200.112.48.20 - - [30/May/2017:10:20:28 -0300] "GET /cormun/static/PXToolsJavascripts/pexe_scrolldiv.js HTTP/1.1" 200 4138
200.112.48.20 - - [30/May/2017:10:20:28 -0300] "GET /cormun/static/PXToolsJavascripts/pexe_tabdivfix.js HTTP/1.1" 200 876
200.112.48.20 - - [30/May/2017:10:20:28 -0300] "GET /cormun/static/PXToolsJavascripts/pexe_tabs.js HTTP/1.1" 200 3748
200.112.48.20 - - [30/May/2017:10:20:28 -0300] "GET /cormun/static/PXToolsJavascripts/pexe_upload.js HTTP/1.1" 200 1423
200.112.48.20 - - [30/May/2017:10:20:28 -0300] "GET /cormun/static/PXToolsJavascripts/PXToolsJavascriptsRender.js HTTP/1.1" 200 367
200.112.48.20 - - [30/May/2017:10:20:28 -0300] "GET /cormun/static/RunJS/RunJS.js HTTP/1.1" 200 288
200.112.48.20 - - [30/May/2017:10:20:28 -0300] "GET /cormun/static/hhome.js?20173171148352 HTTP/1.1" 200 777
200.112.48.20 - - [30/May/2017:10:20:28 -0300] "GET /cormun/static/hwchdr01.js?201731711335950 HTTP/1.1" 200 1183
200.112.48.20 - - [30/May/2017:10:20:28 -0300] "GET /cormun/static/Resources/PXToolsHeaderBackground2.png HTTP/1.1" 200 1174
200.112.48.20 - - [30/May/2017:10:20:28 -0300] "GET /cormun/static/Resources/PXToolsFooterBackground2.png HTTP/1.1" 200 1172
200.112.48.20 - - [30/May/2017:10:20:28 -0300] "GET /cormun/static/Shared/ext/locale/ext-lang-en.js HTTP/1.1" 200 10940
200.112.48.20 - - [30/May/2017:10:20:28 -0300] "GET /cormun/static/Resources/PXToolsDataTitle.png HTTP/1.1" 200 1173
200.112.48.20 - - [30/May/2017:10:20:28 -0300] "GET /cormun/static/Resources/PXToolsHeaderActionsBackground.png HTTP/1.1" 200 484
200.112.48.20 - - [30/May/2017:10:20:28 -0300] "GET /cormun/static/Resources/PXToolsHeaderActionsLeft.png HTTP/1.1" 200 1118
200.112.48.20 - - [30/May/2017:10:20:28 -0300] "GET /cormun/static/Resources/logo4.png HTTP/1.1" 200 6582
200.112.48.20 - - [30/May/2017:10:20:28 -0300] "GET /cormun/static/Resources/PXToolsHeaderLogin.png HTTP/1.1" 200 4279
200.112.48.20 - - [30/May/2017:10:20:28 -0300] "GET /cormun/static/gxui/gxui-all.js HTTP/1.1" 200 107772
200.112.48.20 - - [30/May/2017:10:20:29 -0300] "GET /cormun/static/Resources/PXToolsHeaderActionsRight.png HTTP/1.1" 200 1201
200.112.48.20 - - [30/May/2017:10:20:29 -0300] "GET /cormun/static/Resources/PXToolsHeaderPreferences.png HTTP/1.1" 200 4189
200.112.48.20 - - [30/May/2017:10:20:29 -0300] "GET /cormun/static/Resources/PXToolsHeaderHome.png HTTP/1.1" 200 4147
200.112.48.20 - - [30/May/2017:10:20:29 -0300] "GET /cormun/static/hpexe_recentlink.js?201610171694390 HTTP/1.1" 200 2144
200.112.48.20 - - [30/May/2017:10:20:29 -0300] "GET /cormun/static/Resources/PXToolsHeaderSecurity.png HTTP/1.1" 200 4166
200.112.48.20 - - [30/May/2017:10:20:29 -0300] "GET /cormun/static/hpexe_scripts.js?201731711335890 HTTP/1.1" 200 1544
200.112.48.20 - - [30/May/2017:10:20:29 -0300] "GET /cormun/static/hpexe_messagecontroller.js?201610171694323 HTTP/1.1" 200 870
200.112.48.20 - - [30/May/2017:10:20:29 -0300] "GET /cormun/static/hpexe_messagepopupcomponent.js?20161017169425 HTTP/1.1" 200 605
200.112.48.20 - - [30/May/2017:10:20:29 -0300] "GET /cormun/static/hpexe_messagegenexuscomponent.js?201731711335537 HTTP/1.1" 200 587
200.112.48.20 - - [30/May/2017:10:20:29 -0300] "GET /cormun/static/cmcontrolpreferences.js?201731711335852 HTTP/1.1" 200 1375
200.112.48.20 - - [30/May/2017:10:20:29 -0300] "GET /cormun/static/SmoothNavMenu/resources/ddsmoothmenu.js HTTP/1.1" 200 12712
200.112.48.20 - - [30/May/2017:10:20:30 -0300] "GET /cormun/static/SmoothNavMenu/resources/SmoothNavMenuRender.js HTTP/1.1" 200 5951
200.112.48.20 - - [30/May/2017:10:20:30 -0300] "GET /cormun/static/scaMessage/js/jquery.pnotify.min.js HTTP/1.1" 200 13038
200.112.48.20 - - [30/May/2017:10:20:30 -0300] "GET /cormun/static/scaMessage/scaMessageRender.js HTTP/1.1" 200 11977
200.112.48.20 - - [30/May/2017:10:20:30 -0300] "GET /cormun/static/hmpwkw03.js?201731711485354 HTTP/1.1" 200 3965
200.112.48.20 - - [30/May/2017:10:20:31 -0300] "GET /cormun/static/Shared/jquery/jquery-1.4.2.min.js HTTP/1.1" 200 72174
200.112.48.20 - - [30/May/2017:10:20:31 -0300] "GET /cormun/static/Shared/jqueryui/jquery-ui.min.js HTTP/1.1" 200 240427
200.112.48.20 - - [30/May/2017:10:20:35 -0300] "GET /cormun/static/Shared/ext/ext-all.js HTTP/1.1" 200 1289687
200.112.48.20 - - [30/May/2017:10:20:36 -0300] "GET /cormun/static/Shared/jquery/jquery-1.10.2.min.js HTTP/1.1" 200 273199
200.112.48.20 - - [30/May/2017:10:20:37 -0300] "GET /cormun/servlet/hhome HTTP/1.1" 200 4034
200.112.48.20 - - [30/May/2017:10:20:37 -0300] "GET /cormun/static/SmoothNavMenu/resources/images/down.gif HTTP/1.1" 200 854
200.112.48.20 - - [30/May/2017:10:20:37 -0300] "GET /cormun/static/SmoothNavMenu/resources/images/right.gif HTTP/1.1" 200 860
186.103.156.24 - - [30/May/2017:10:20:44 -0300] "GET /cormun/servlet/trlicencias? HTTP/1.1" 200 6874
186.103.156.24 - - [30/May/2017:10:20:45 -0300] "GET /cormun/servlet/trlicencias? HTTP/1.1" 200 6873
186.103.159.188 - - [30/May/2017:10:20:48 -0300] "GET /cormun/servlet/hlogin HTTP/1.1" 200 1734
186.79.164.5 - - [30/May/2017:10:20:49 -0300] "POST /cormun/servlet/permisosadjuntos?059f450c0a9274360002acd5d90a5853,INS,10512872,P,20170529091519,, HTTP/1.1" 200 116
186.79.164.5 - - [30/May/2017:10:20:50 -0300] "GET /cormun/servlet/hpexe_return? HTTP/1.1" 200 1038
186.79.164.5 - - [30/May/2017:10:20:50 -0300] "GET /cormun/servlet/trpermisosadjuntos?10512872,20170529091519,P, HTTP/1.1" 200 6713
186.79.164.5 - - [30/May/2017:10:20:51 -0300] "GET /cormun/servlet/trpermisosadjuntos?10512872,20170529091519,P, HTTP/1.1" 200 6709
186.79.164.5 - - [30/May/2017:10:20:53 -0300] "GET /cormun/PublicTempStorage/alex9894882.jpg HTTP/1.1" 200 984899
186.103.159.188 - - [30/May/2017:10:20:59 -0300] "POST /cormun/servlet/hlogin?b389790a784559ca972cb9d6eb7f6961,gx-no-cache=1496150514504 HTTP/1.1" 200 90
186.103.159.188 - - [30/May/2017:10:20:59 -0300] "GET /cormun/servlet/hpexe_link HTTP/1.1" 200 956
186.103.159.188 - - [30/May/2017:10:20:59 -0300] "GET /cormun/servlet/hhome HTTP/1.1" 200 3785
186.103.159.188 - - [30/May/2017:10:20:59 -0300] "GET /cormun/servlet/hhome HTTP/1.1" 200 3781
186.79.164.5 - - [30/May/2017:10:21:03 -0300] "GET /cormun/servlet/trautorizarpermisogoce? HTTP/1.1" 200 7480
186.103.159.188 - - [30/May/2017:10:21:04 -0300] "GET /cormun/servlet/trsolicitudot? HTTP/1.1" 200 6737
186.103.159.188 - - [30/May/2017:10:21:04 -0300] "GET /cormun/static/gxcfg.js?201731711505139 HTTP/1.1" 304 -
186.103.159.188 - - [30/May/2017:10:21:04 -0300] "GET /cormun/static/trsolicitudot.js?20173171151116 HTTP/1.1" 304 -
186.103.159.188 - - [30/May/2017:10:21:04 -0300] "GET /cormun/servlet/trsolicitudot? HTTP/1.1" 200 6736
186.79.164.5 - - [30/May/2017:10:21:05 -0300] "GET /cormun/servlet/trautorizarpermisogoce? HTTP/1.1" 200 7479
186.79.164.5 - - [30/May/2017:10:21:09 -0300] "POST /cormun/servlet/trautorizarpermisogoce?059f450c0a9274360002acd5d90a5853,,gx-no-cache=1496150522686 HTTP/1.1" 200 4185
186.79.164.5 - - [30/May/2017:10:21:09 -0300] "GET /cormun/static/Shared/jqueryui/images/ui-bg_highlight-soft_100_c6c2c8_1x100.png HTTP/1.1" 404 1117
186.79.164.5 - - [30/May/2017:10:21:09 -0300] "GET /cormun/static/Shared/jqueryui/images/ui-icons_82798d_256x240.png HTTP/1.1" 404 1089
186.79.164.5 - - [30/May/2017:10:21:09 -0300] "GET /cormun/static/Shared/jqueryui/images/ui-bg_flat_55_fafafa_40x100.png HTTP/1.1" 404 1097
186.79.164.5 - - [30/May/2017:10:21:09 -0300] "GET /cormun/static/Shared/jqueryui/images/ui-icons_8d78a5_256x240.png HTTP/1.1" 404 1089
186.103.156.24 - - [30/May/2017:10:21:13 -0300] "GET /cormun/static/menuarrow.gif HTTP/1.1" 404 1015
200.112.48.20 - - [30/May/2017:10:21:17 -0300] "GET /cormun/servlet/trsolicitudot? HTTP/1.1" 200 7005
200.112.48.20 - - [30/May/2017:10:21:17 -0300] "GET /cormun/static/gxui/gxui-all.css?110300 HTTP/1.1" 200 2179
200.112.48.20 - - [30/May/2017:10:21:17 -0300] "GET /cormun/static/calendar-system.css?75620 HTTP/1.1" 200 5572
200.112.48.20 - - [30/May/2017:10:21:17 -0300] "GET /cormun/static/gxcfg.js?201731711505139 HTTP/1.1" 200 953
200.112.48.20 - - [30/May/2017:10:21:17 -0300] "GET /cormun/static/calendar-setup.js?85251 HTTP/1.1" 200 2588
200.112.48.20 - - [30/May/2017:10:21:17 -0300] "GET /cormun/static/calendar-es.js?85251 HTTP/1.1" 200 1901
200.112.48.20 - - [30/May/2017:10:21:17 -0300] "GET /cormun/static/calendar.js?85251 HTTP/1.1" 200 26246
200.112.48.20 - - [30/May/2017:10:21:17 -0300] "GET /cormun/static/gxdec.js?85251 HTTP/1.1" 200 19579
200.112.48.20 - - [30/May/2017:10:21:18 -0300] "GET /cormun/static/trsolicitudot.js?20173171151116 HTTP/1.1" 200 53117
200.112.48.20 - - [30/May/2017:10:21:18 -0300] "GET /cormun/static/Resources/PXTools/calendar.png HTTP/1.1" 200 1306
200.112.48.20 - - [30/May/2017:10:21:18 -0300] "GET /cormun/static/Resources/PXToolsDataSearch.png HTTP/1.1" 200 419
200.112.48.20 - - [30/May/2017:10:21:19 -0300] "GET /cormun/static/Resources/PXToolsGridFirstDisabled.gif HTTP/1.1" 200 100
200.112.48.20 - - [30/May/2017:10:21:19 -0300] "GET /cormun/static/Shared/ext/resources/css/ext-all.css?205870 HTTP/1.1" 200 416045
200.112.48.20 - - [30/May/2017:10:21:19 -0300] "GET /cormun/static/Resources/PXToolsGridPreviousDisabled.gif HTTP/1.1" 200 90
200.112.48.20 - - [30/May/2017:10:21:19 -0300] "GET /cormun/static/Resources/PXToolsGridNextDisabled.gif HTTP/1.1" 200 90
200.112.48.20 - - [30/May/2017:10:21:20 -0300] "GET /cormun/static/Resources/PXToolsGridLastDisabled.gif HTTP/1.1" 200 98
200.112.48.20 - - [30/May/2017:10:21:20 -0300] "GET /cormun/static/Resources/PXToolsGridPage.gif HTTP/1.1" 200 725
200.112.48.20 - - [30/May/2017:10:21:20 -0300] "GET /cormun/static/Resources/PXToolsActionExcel.png HTTP/1.1" 200 3187
200.112.48.20 - - [30/May/2017:10:21:20 -0300] "GET /cormun/static/Resources/PXToolsGridNew.png HTTP/1.1" 200 2949
200.112.48.20 - - [30/May/2017:10:21:20 -0300] "GET /cormun/static/Resources/desc.gif HTTP/1.1" 200 65
200.112.48.20 - - [30/May/2017:10:21:20 -0300] "GET /cormun/static/Resources/asc.gif HTTP/1.1" 200 67
200.112.48.20 - - [30/May/2017:10:21:20 -0300] "GET /cormun/static/Shared/ext/resources/themes/images/default/panel/bg-headersPanel.png HTTP/1.1" 200 255
200.112.48.20 - - [30/May/2017:10:21:20 -0300] "GET /cormun/static/Shared/ext/resources/themes/images/default/tools/tool-sprites.gif HTTP/1.1" 200 5434
200.112.48.20 - - [30/May/2017:10:21:20 -0300] "GET /cormun/servlet/trsolicitudot? HTTP/1.1" 200 7005
186.79.38.159 - - [30/May/2017:10:21:25 -0300] "POST /cormun/servlet/vesolicitudot?454bad78668951fe2c34cdda650149e9,2017,6671,,,gx-no-cache=1496150541995 HTTP/1.1" 200 90
186.79.38.159 - - [30/May/2017:10:21:25 -0300] "GET /cormun/servlet/hpexe_link HTTP/1.1" 200 960
186.79.38.159 - - [30/May/2017:10:21:25 -0300] "GET /cormun/servlet/trsolicitudot HTTP/1.1" 200 8747
186.79.38.159 - - [30/May/2017:10:21:26 -0300] "GET /cormun/servlet/trsolicitudot HTTP/1.1" 200 8746
186.79.38.159 - - [30/May/2017:10:21:47 -0300] "POST /cormun/servlet/trsolicitudot?454bad78668951fe2c34cdda650149e9,gx-no-cache=1496150563475 HTTP/1.1" 200 5459
186.79.38.159 - - [30/May/2017:10:21:47 -0300] "GET /cormun/static/Shared/jqueryui/images/ui-bg_highlight-soft_100_c6c2c8_1x100.png HTTP/1.1" 404 1117
186.79.38.159 - - [30/May/2017:10:21:47 -0300] "GET /cormun/static/Shared/jqueryui/images/ui-icons_82798d_256x240.png HTTP/1.1" 404 1089
186.79.38.159 - - [30/May/2017:10:21:47 -0300] "GET /cormun/static/Shared/jqueryui/images/ui-bg_flat_55_fafafa_40x100.png HTTP/1.1" 404 1097
186.79.38.159 - - [30/May/2017:10:21:47 -0300] "GET /cormun/static/Shared/jqueryui/images/ui-icons_8d78a5_256x240.png HTTP/1.1" 404 1089
186.79.38.159 - - [30/May/2017:10:21:47 -0300] "POST /cormun/servlet/trsolicitudot?454bad78668951fe2c34cdda650149e9,gx-no-cache=1496150564925 HTTP/1.1" 200 5401
157.55.39.93 - - [30/May/2017:10:21:55 -0300] "GET /cormun/servlet/solicitudotadjuntos?INS,2017,5270,,1,&_escaped_fragment_= HTTP/1.1" 200 5074
186.103.156.24 - - [30/May/2017:10:22:19 -0300] "GET /cormun/servlet/licenciaspermisos?INS,0,,, HTTP/1.1" 200 7415
186.103.156.24 - - [30/May/2017:10:22:19 -0300] "GET /cormun/servlet/licenciaspermisos?INS,0,,, HTTP/1.1" 200 7413
186.79.38.159 - - [30/May/2017:10:22:21 -0300] "GET /cormun/servlet/hlogin HTTP/1.1" 200 1734
200.86.10.241 - - [30/May/2017:10:22:57 -0300] "GET /cormun/servlet/solicitudot?INS,0,0, HTTP/1.1" 200 12609
200.86.10.241 - - [30/May/2017:10:22:57 -0300] "GET /cormun/static/Resources/Spanish/PXTools.css?18365030 HTTP/1.1" 304 -
186.103.159.188 - - [30/May/2017:10:22:58 -0300] "GET /cormun/static/gxcfg.js?20171191042720 HTTP/1.1" 304 -
186.103.159.188 - - [30/May/2017:10:22:58 -0300] "GET /cormun/static/solicitudot.js?2017119104297 HTTP/1.1" 304 -
186.103.159.188 - - [30/May/2017:10:22:58 -0300] "GET /cormun/servlet/solicitudot?INS,0,0, HTTP/1.1" 200 12614
200.112.48.20 - - [30/May/2017:10:22:59 -0300] "GET /cormun/servlet/solicitudot?INS,0,0, HTTP/1.1" 200 12856
200.112.48.20 - - [30/May/2017:10:22:59 -0300] "GET /cormun/static/calendar-system.css?85620 HTTP/1.1" 200 5572
200.112.48.20 - - [30/May/2017:10:22:59 -0300] "GET /cormun/static/gxcfg.js?20171191042720 HTTP/1.1" 200 953
200.112.48.20 - - [30/May/2017:10:22:59 -0300] "GET /cormun/static/Resources/Spanish/PXTools.css?18365030 HTTP/1.1" 200 89042
200.112.48.20 - - [30/May/2017:10:22:59 -0300] "GET /cormun/static/solicitudot.js?2017119104297 HTTP/1.1" 200 63948
200.112.48.20 - - [30/May/2017:10:23:00 -0300] "GET /cormun/static/Resources/prompt.gif HTTP/1.1" 200 902
200.112.48.20 - - [30/May/2017:10:23:01 -0300] "GET /cormun/servlet/solicitudot?INS,0,0, HTTP/1.1" 200 12861
186.103.156.24 - - [30/May/2017:10:23:06 -0300] "GET /cormun/servlet/prfichaempleado?,MD,,gxPopupLevel%3D0%3B HTTP/1.1" 200 8853
186.103.156.24 - - [30/May/2017:10:23:22 -0300] "POST /cormun/servlet/prfichaempleado?4e09b7278cccdb03d2da04440d8cf6eb,,MD,,gxPopupLevel%3D0%3B,gx-no-cache=1496150659333 HTTP/1.1" 200 3412
200.112.48.20 - - [30/May/2017:10:23:29 -0300] "POST /cormun/servlet/solicitudot?gx-no-cache=1496150665818 HTTP/1.1" 200 3099
200.112.48.20 - - [30/May/2017:10:23:30 -0300] "POST /cormun/servlet/solicitudot?9609aa86a79d236fc58c258c45d9c41a,INS,0,0,,gx-no-cache=1496150666429 HTTP/1.1" 200 9892
186.103.156.24 - - [30/May/2017:10:23:32 -0300] "GET /cormun/servlet/licenciaspermisos?7a265a6de18b13c4b883e8bae514018ca641c15349cc7ec2f50877cd64d7bfa2d0084c5809b6d47b5849b7fc52486cbb,gx-no-cache=1496150669566 HTTP/1.1" 200 65
186.103.156.24 - - [30/May/2017:10:23:33 -0300] "POST /cormun/servlet/licenciaspermisos?4e09b7278cccdb03d2da04440d8cf6eb,INS,0,,,,gx-no-cache=1496150669618 HTTP/1.1" 200 4619
200.112.48.20 - - [30/May/2017:10:23:42 -0300] "GET /cormun/servlet/solicitudot?cd1d8ad6edb8364040e2cf43903d5db3fbb60a3ba9a5d541fa88b2109f00c8247442076fd4479000afc730ac840bde5c,gx-no-cache=1496150679086 HTTP/1.1" 200 30
186.103.156.24 - - [30/May/2017:10:24:19 -0300] "GET /cormun/static/menuarrow.gif HTTP/1.1" 404 1015
200.112.48.20 - - [30/May/2017:10:26:44 -0300] "POST /cormun/servlet/solicitudot?gx-no-cache=1496150860611 HTTP/1.1" 200 3101
200.112.48.20 - - [30/May/2017:10:26:45 -0300] "POST /cormun/servlet/solicitudot?9609aa86a79d236fc58c258c45d9c41a,INS,0,0,,gx-no-cache=1496150861495 HTTP/1.1" 200 9944
200.112.48.20 - - [30/May/2017:10:26:45 -0300] "GET /cormun/servlet/solicitudot?cd1d8ad6edb8364040e2cf43903d5db3fbb60a3ba9a5d541fa88b2109f00c8249dadc5cdbbe038fe41eb5e602ae9b2ab,gx-no-cache=1496150862243 HTTP/1.1" 200 30
186.103.156.24 - - [30/May/2017:10:28:19 -0300] "GET /cormun/servlet/licenciaspermisos?7a265a6de18b13c4b883e8bae514018c4d72658b72ae3beec14244539d8d2d829149163cdd5f27e33f697c5612a47eda1bdc23ac270d6390190ad9a322fda89824cd133402dd449c355b7530bbeb4280f9c3e77b3e4eb7c87060f838dd87437cb34ed4aec7acfc50c85388121829f2bdc7454a4f21c56c980996e76ff91845aa0e86bb388e06d98fab6fe2c0c145bdaf9e34aebbc4e780307aae3973d2009b6e051fe4878c7d0cae631d411d8c855b17,gx-no-cache=1496150956585 HTTP/1.1" 200 30
186.103.156.24 - - [30/May/2017:10:28:20 -0300] "POST /cormun/servlet/licenciaspermisos?4e09b7278cccdb03d2da04440d8cf6eb,INS,0,,,,gx-no-cache=1496150956644 HTTP/1.1" 200 4722
186.103.156.24 - - [30/May/2017:10:28:28 -0300] "GET /cormun/servlet/prfichaempleado?,MD,,gxPopupLevel%3D0%3B HTTP/1.1" 200 8853
186.103.156.24 - - [30/May/2017:10:28:46 -0300] "POST /cormun/servlet/prfichaempleado?4e09b7278cccdb03d2da04440d8cf6eb,,MD,,gxPopupLevel%3D0%3B,gx-no-cache=1496150982684 HTTP/1.1" 200 3180
186.103.156.24 - - [30/May/2017:10:29:24 -0300] "POST /cormun/servlet/prfichaempleado?4e09b7278cccdb03d2da04440d8cf6eb,,MD,,gxPopupLevel%3D0%3B,gx-no-cache=1496151019689 HTTP/1.1" 200 3184
186.103.156.24 - - [30/May/2017:10:29:35 -0300] "POST /cormun/servlet/prfichaempleado?4e09b7278cccdb03d2da04440d8cf6eb,,MD,,gxPopupLevel%3D0%3B,gx-no-cache=1496151032225 HTTP/1.1" 200 3185
186.103.156.24 - - [30/May/2017:10:29:37 -0300] "POST /cormun/servlet/prfichaempleado?4e09b7278cccdb03d2da04440d8cf6eb,,MD,,gxPopupLevel%3D0%3B,gx-no-cache=1496151034264 HTTP/1.1" 200 3185
200.112.48.20 - - [30/May/2017:10:30:16 -0300] "POST /cormun/servlet/solicitudot?gx-no-cache=1496151073330 HTTP/1.1" 200 256
200.112.48.20 - - [30/May/2017:10:30:20 -0300] "GET /cormun/servlet/solicitudot?cd1d8ad6edb8364040e2cf43903d5db3ebe6f085fe654a666757781c074899c54039d8d696065419a1ff7db6b8912376f3f5835c8e9c3b19aef10e8cda01aadfae49f85290b62a7f7fd791b4dce7a257140044a60907bcd4eaefa76c60ddacdfcd7c81826dd13c2aac5edeef9032f2da5cfc71a9f0da1a331e08b2d851f32f5fa0d16aa628d34736f6646bc932d8a08d38d7bcbecef16ac4c419bb3838aab27cf89088539a84d7ffd48144ceca3cb13120d053c0a53e9e8a88ec115074956a51e2f97ef5d56fe0ee15376878ae89f64b46e7bc5da6d07fb52050efc6f65a936e5ffadaf149ff7950f030e2894ba77b83143322edb05dd1829e1e1779bcae1832fb2055dd1461c499f77a03e923914caa23631a5ab1c11731525536ad0ac9ebf2994f2a7a725ed1a61f873377647260f623f1e8d5b40446fb8eb6187f6480c450a0f897d1f3d57a52dce911859a63f876012ff49c929a1a808a38859b3ebbb587461df1bc8a1a78ed8d2d486f06f781f0b527f75971ae26d96bb2a6c52d22bf9d,gx-no-cache=1496151076848 HTTP/1.1" 200 30
200.112.48.20 - - [30/May/2017:10:30:34 -0300] "POST /cormun/servlet/solicitudot?gx-no-cache=1496151090946 HTTP/1.1" 200 30
200.112.48.20 - - [30/May/2017:10:30:46 -0300] "POST /cormun/servlet/solicitudot?gx-no-cache=1496151102818 HTTP/1.1" 200 296
200.112.48.20 - - [30/May/2017:10:30:46 -0300] "GET /cormun/static/Shared/jqueryui/images/ui-bg_highlight-soft_100_c6c2c8_1x100.png HTTP/1.1" 404 1117
200.112.48.20 - - [30/May/2017:10:30:46 -0300] "POST /cormun/servlet/solicitudot?gx-no-cache=1496151103086 HTTP/1.1" 200 117
200.112.48.20 - - [30/May/2017:10:30:46 -0300] "GET /cormun/static/Shared/jqueryui/images/ui-icons_82798d_256x240.png HTTP/1.1" 404 1089
200.112.48.20 - - [30/May/2017:10:30:46 -0300] "GET /cormun/static/Shared/jqueryui/images/ui-bg_flat_55_994d53_40x100.png HTTP/1.1" 404 1097
200.112.48.20 - - [30/May/2017:10:30:46 -0300] "GET /cormun/static/Shared/jqueryui/images/ui-icons_ebccce_256x240.png HTTP/1.1" 404 1089
200.112.48.20 - - [30/May/2017:10:30:46 -0300] "GET /cormun/servlet/solicitudot?cd1d8ad6edb8364040e2cf43903d5db349d7ef02642a35b76438fe87cec79db8324bdba3d77df9bc67b7df435c0a6f724256d5886bd1a3d24c8463d7afb2880dd7bc391576c5aeb78ba249b605060a0bab43dfd3c0062a93fb41eb061e9cacab5b17a85b782251af3ad952e059fc7a57,gx-no-cache=1496151103240 HTTP/1.1" 200 29
200.112.48.20 - - [30/May/2017:10:30:47 -0300] "GET /cormun/servlet/solicitudot?cd1d8ad6edb8364040e2cf43903d5db355e0c849bff29126cbfdad6cebf2f2e8dc364cb92693646fc7bf0a4683152ddf3c59554c1dd80511f78b7036c6c199bfee9efa55b01902b9a9e354f90434fa14f6b8591f81ab3dad2f273f9c1f4b81fc06ed367033bf23c353dfea12ca9d8841e637063cf6482e07e5aaca87294fcf0ebcaed345fdfd951fbfcb36c741c3d276439c80d86edbc9bde2e4ea2050d8e62f,gx-no-cache=1496151103634 HTTP/1.1" 200 57
200.112.48.20 - - [30/May/2017:10:30:47 -0300] "GET /cormun/servlet/solicitudot?cd1d8ad6edb8364040e2cf43903d5db38288af788a4f9cdf9b6f21f62979ebf5dc364cb92693646fc7bf0a4683152ddf3c59554c1dd80511f78b7036c6c199bfc9fc703b7772d0ea2e3d56e2a0a21fb27386d53f98c15ae265eaa35c90c46c616f1f3e986596da0e58c5e4773691479200baed752e6d9aff3b99d05b2adfeb64,gx-no-cache=1496151103745 HTTP/1.1" 200 57
200.112.48.20 - - [30/May/2017:10:30:47 -0300] "GET /cormun/servlet/solicitudot?cd1d8ad6edb8364040e2cf43903d5db3c1dea665c9d27c68e42b23ece57b0367d134403e72e9230ca0971f515532f4ac94221f8a540875d7836a50f6d38b66195aca88735f434673e43f3150d9094c8234deee6e890f96bcc74d86cad72b7d4b7ed964c4a35ab990e3b7057e670549963048f5df57b09ae3f521e99d00fa1cfde338ebe340342285a1d769d81bb69400f7f8d34fada110b840f45062c260f58f,gx-no-cache=1496151103855 HTTP/1.1" 200 30
190.45.55.254 - - [30/May/2017:10:31:13 -0300] "GET /cormun/servlet/hlogin HTTP/1.1" 200 1723
190.45.55.254 - - [30/May/2017:10:31:17 -0300] "POST /cormun/servlet/hlogin?8792e8a4d37c26e56b2bb5e779609870,gx-no-cache=1496151133738 HTTP/1.1" 200 90
190.45.55.254 - - [30/May/2017:10:31:17 -0300] "GET /cormun/servlet/hpexe_link HTTP/1.1" 200 957
190.45.55.254 - - [30/May/2017:10:31:17 -0300] "GET /cormun/servlet/trlicencias HTTP/1.1" 200 8143
190.45.55.254 - - [30/May/2017:10:31:18 -0300] "GET /cormun/servlet/trlicencias HTTP/1.1" 200 8141
190.45.55.254 - - [30/May/2017:10:31:21 -0300] "GET /cormun/servlet/licenciaspermisos?UPD,10812480,L,20170530000000, HTTP/1.1" 200 7713
190.45.55.254 - - [30/May/2017:10:31:22 -0300] "GET /cormun/servlet/licenciaspermisos?UPD,10812480,L,20170530000000, HTTP/1.1" 200 7730
190.45.55.254 - - [30/May/2017:10:31:22 -0300] "GET /cormun/servlet/licenciaspermisos?fddb065f5eb5d774c2ae6802cfeaafd6d67c2c28f85264ff0493e84801d6fe3395e532a4fdf82b931f206cae5a14201b,gx-no-cache=1496151139203 HTTP/1.1" 200 66
190.45.55.254 - - [30/May/2017:10:31:26 -0300] "GET /cormun/servlet/licenciaspermisos?fddb065f5eb5d774c2ae6802cfeaafd6c5627a7f2004a50c8bd49c1d5a26b30c6f35d8e681a964957edea71b93313a4bcee3aa97a1dc4d4950878c1f77a329e21a4ac2f26ba2860c7f268c2083d454b417e4e3fba6d4f881554a626c184156650cf44727ad4ff929ea27f6095e072020a4eea1b6ab05d305715e26716401965e3a553b0765649529d37311f1ee8ad9306d0c96d7c2d53d07daff1e513c1e85036c3bd838bd1af06830d10a2347ccc4ae6d03f35b555cd72c62b80e93b3ba25899fa3b420f018836b365c0809db1372da32a9c9a7bf51fd753a59d70fd2ab20da,gx-no-cache=1496151143095 HTTP/1.1" 200 30
190.45.55.254 - - [30/May/2017:10:31:26 -0300] "GET /cormun/servlet/licenciaspermisos?fddb065f5eb5d774c2ae6802cfeaafd63cc041b7aa46ffb47f6e92712ba7c22772ef52bdf1b3904006adb3365781a6c49e5b1f7eeb84e79cc13fdd85e16459809312ae24db3d4d9ddad646e0b36633953daffb82d186f57536a4be8eae8a898303303b2ae3ad7afc23d0c9af5a7953e26b3b5d4aa6ae0ac365cee810c247bd32b6d2b70c5737dc421888609a401168329da3d2e14bf16c6872b4b54dc3fbbd83bf6a99017ab9f122ad8af6bbad5f747caa460b0391ff5e8115e842f72d84fb338b3f1f4f9811f28f5285485f545f55a6e4b43747f3f0a59658b3bd5d36a2be61,gx-no-cache=1496151143143 HTTP/1.1" 200 29
190.45.55.254 - - [30/May/2017:10:31:26 -0300] "POST /cormun/servlet/licenciaspermisos?8792e8a4d37c26e56b2bb5e779609870,UPD,10812480,L,20170530000000,,gx-no-cache=1496151143189 HTTP/1.1" 200 93
190.45.55.254 - - [30/May/2017:10:31:26 -0300] "GET /cormun/servlet/hpexe_return? HTTP/1.1" 200 1027
190.45.55.254 - - [30/May/2017:10:31:26 -0300] "GET /cormun/servlet/trlicencias HTTP/1.1" 200 8146
190.45.55.254 - - [30/May/2017:10:31:27 -0300] "GET /cormun/servlet/trlicencias HTTP/1.1" 200 8141
190.45.55.254 - - [30/May/2017:10:31:31 -0300] "GET /cormun/servlet/alicenciaprn?10812480,L,20170530000000,PU HTTP/1.1" 200 1546
5.188.10.104 - - [30/May/2017:10:31:31 -0300] "GET /index.action HTTP/1.1" 404 985
186.103.156.24 - - [30/May/2017:10:31:41 -0300] "POST /cormun/servlet/prfichaempleado?4e09b7278cccdb03d2da04440d8cf6eb,,MD,,gxPopupLevel%3D0%3B,gx-no-cache=1496151158257 HTTP/1.1" 200 3185
186.103.156.24 - - [30/May/2017:10:31:57 -0300] "POST /cormun/servlet/prfichaempleado?4e09b7278cccdb03d2da04440d8cf6eb,,MD,,gxPopupLevel%3D0%3B,gx-no-cache=1496151173745 HTTP/1.1" 200 3185
200.112.48.20 - - [30/May/2017:10:32:17 -0300] "POST /cormun/servlet/trlicenciaspermisosadjuntos?282455208556e8d67f3f1ac79046fb91,17117969,20170530000000,L,,gx-no-cache=1496151193480 HTTP/1.1" 440 972
200.112.48.20 - - [30/May/2017:10:32:20 -0300] "GET /cormun/servlet/trlicenciaspermisosadjuntos?17117969,20170530000000,L, HTTP/1.1" 200 6074
