186.103.248.213 - - [30/May/2017:09:43:56 -0300] "GET /cormun/servlet/licenciaspermisos?bf10269b9ed51d913cb5f2ffb30f84ed41d9f6d03a25dc75c95562086610e1220b8fe61264fab69f593f436f3546d6e576cb6117d19bc7dc607013c4d58d79b933f944fa966012265e04ce38403eb2aeea45cabaacbb30fbd7ae8615d3fcf8cc2caa43475bc9789e980326b388bd681962a83482e53e2b591ecf3fa1eac5e2f5b3d4debe68aeee1ac38d5b3ac65e045d45e7e3924896d225da75e430d177b508a92740533592f34c1ec3d4b134fffb7f,gx-no-cache=1496148293476 HTTP/1.1" 200 30
186.103.248.213 - - [30/May/2017:09:43:56 -0300] "GET /cormun/servlet/licenciaspermisos?bf10269b9ed51d913cb5f2ffb30f84edea3eb139ab9a618b31d8ea0927f0d3c9b9881af88132c57d3241597129d0f54a3c09255ee7b65d5ceef54d7219c060fb09c15a757936faf946992033987f78e530b9d97b6bffc3a80b4510813f744c95fec0cac1ec280fa55c5066bbb7d2f9b5e7a8e55ea4d919918c6d4bee939d69773a5225878e2b0274d17d45c58f4f4a529c1f952892149778a84ce5ae9520cdc900218b4956fc1e95b8628d7678ab5089,gx-no-cache=1496148293675 HTTP/1.1" 200 29
186.103.248.213 - - [30/May/2017:09:43:57 -0300] "POST /cormun/servlet/licenciaspermisos?af8838a94fad7a5cf50d3163b683467a,INS,0,,,,gx-no-cache=1496148293806 HTTP/1.1" 200 93
186.103.248.213 - - [30/May/2017:09:43:57 -0300] "GET /cormun/servlet/hpexe_return? HTTP/1.1" 200 1012
186.103.248.213 - - [30/May/2017:09:43:57 -0300] "GET /cormun/static/Resources/Spanish/PXTools.css?167811 HTTP/1.1" 304 -
186.103.248.213 - - [30/May/2017:09:43:57 -0300] "GET /cormun/static/hpexe_return.js?2016101716175153 HTTP/1.1" 304 -
186.103.248.213 - - [30/May/2017:09:43:58 -0300] "GET /cormun/servlet/trlicencias HTTP/1.1" 200 7788
186.103.248.213 - - [30/May/2017:09:43:58 -0300] "GET /cormun/servlet/trlicencias HTTP/1.1" 200 7784
200.112.48.20 - - [30/May/2017:09:45:02 -0300] "GET /cormun/servlet/hlogin HTTP/1.1" 200 1729
200.112.48.20 - - [30/May/2017:09:45:03 -0300] "GET /cormun/servlet/hlogin HTTP/1.1" 200 1735
200.112.48.20 - - [30/May/2017:09:45:13 -0300] "POST /cormun/servlet/hlogin?282455208556e8d67f3f1ac79046fb91,gx-no-cache=1496148369839 HTTP/1.1" 200 90
200.112.48.20 - - [30/May/2017:09:45:14 -0300] "GET /cormun/servlet/hpexe_link HTTP/1.1" 200 953
200.112.48.20 - - [30/May/2017:09:45:14 -0300] "GET /cormun/servlet/hhome HTTP/1.1" 200 4032
200.112.48.20 - - [30/May/2017:09:45:14 -0300] "GET /cormun/servlet/hhome HTTP/1.1" 200 4028
200.112.48.20 - - [30/May/2017:09:45:46 -0300] "GET /cormun/servlet/trlicencias? HTTP/1.1" 200 6893
200.112.48.20 - - [30/May/2017:09:45:47 -0300] "GET /cormun/servlet/trlicencias? HTTP/1.1" 200 6892
200.112.48.20 - - [30/May/2017:09:45:49 -0300] "GET /cormun/servlet/licenciaspermisos?INS,0,,, HTTP/1.1" 200 7434
200.112.48.20 - - [30/May/2017:09:45:49 -0300] "GET /cormun/static/gxcfg.js?201741111445322 HTTP/1.1" 200 953
200.112.48.20 - - [30/May/2017:09:45:50 -0300] "GET /cormun/servlet/licenciaspermisos?INS,0,,, HTTP/1.1" 200 7432
200.112.48.20 - - [30/May/2017:09:45:53 -0300] "GET /cormun/servlet/prfichaempleado?,MD,,gxPopupLevel%3D0%3B HTTP/1.1" 200 8877
200.112.48.20 - - [30/May/2017:09:46:02 -0300] "POST /cormun/servlet/prfichaempleado?282455208556e8d67f3f1ac79046fb91,,MD,,gxPopupLevel%3D0%3B,gx-no-cache=1496148418313 HTTP/1.1" 200 3413
200.112.48.20 - - [30/May/2017:09:46:05 -0300] "GET /cormun/servlet/licenciaspermisos?f23daace6b5d607de6afea17eabeec3f0bd6887328fc476d7268d206f8fbba77659e387bc691fd9e24367d77fac5eb8f,gx-no-cache=1496148421483 HTTP/1.1" 200 72
200.112.48.20 - - [30/May/2017:09:46:05 -0300] "POST /cormun/servlet/licenciaspermisos?282455208556e8d67f3f1ac79046fb91,INS,0,,,,gx-no-cache=1496148421607 HTTP/1.1" 200 4621
186.103.248.213 - - [30/May/2017:09:46:53 -0300] "GET /cormun/servlet/trlicenciaspermisosadjuntos?9751800,20170530000000,L, HTTP/1.1" 200 6123
186.103.248.213 - - [30/May/2017:09:46:53 -0300] "GET /cormun/static/gxcfg.js?20173171154619 HTTP/1.1" 200 953
186.103.248.213 - - [30/May/2017:09:46:54 -0300] "GET /cormun/servlet/trlicenciaspermisosadjuntos?9751800,20170530000000,L, HTTP/1.1" 200 6124
186.103.248.213 - - [30/May/2017:09:46:56 -0300] "GET /cormun/servlet/licenciaspermisosadjuntos?INS,9751800,L,20170530000000,, HTTP/1.1" 200 5416
186.103.248.213 - - [30/May/2017:09:46:56 -0300] "GET /cormun/static/about:blank HTTP/1.1" 404 1011
186.103.248.213 - - [30/May/2017:09:46:57 -0300] "GET /cormun/servlet/licenciaspermisosadjuntos?INS,9751800,L,20170530000000,, HTTP/1.1" 200 5403
200.112.48.20 - - [30/May/2017:09:47:49 -0300] "GET /cormun/servlet/licenciaspermisos?f23daace6b5d607de6afea17eabeec3fd9231f6b437510209239f4c6048bb5342a91c5aa1a52e065590f5dbc87ad51f4c6f7c80219ab8eecf85e0dc24696c92e32419e7ba9fc90315d146705c0e9161b471fcb460202bc79b77d17e4ef2a3c38bc9bbbc3c6313cde07ca254826f03d99261a91a9b382eacf6fe7c84adf0eed69e0f3b8cc120c0967b196e765ec67ffaa00f02b85dcea75ad5113fe5b54a6462d92433ac4146093e54ca27e10a1b2d480,gx-no-cache=1496148525254 HTTP/1.1" 200 30
200.112.48.20 - - [30/May/2017:09:47:49 -0300] "GET /cormun/servlet/licenciaspermisos?f23daace6b5d607de6afea17eabeec3f89bdf0ec134c504335061ac99e4d05609e0991146dd7e788b20688eabefe3bd804dd02007f8fb72f2dc32c894d4a10a3ff977ceec8ae8811823a3f7f06c66f292312a537b88e71eb2bb3c6447ad08b4083a7bc5cd0e054b2da7ffa494ded53364152478146c9e455641c21f54ba419c7df616a0926826316ca9e45ee5a417aa172eae0c3c91a5182e7af1c7f73234cfddb0e88e8ceb39b435e0e5b53562778b5,gx-no-cache=1496148525421 HTTP/1.1" 200 29
200.112.48.20 - - [30/May/2017:09:47:50 -0300] "POST /cormun/servlet/licenciaspermisos?282455208556e8d67f3f1ac79046fb91,INS,0,,,,gx-no-cache=1496148525498 HTTP/1.1" 200 93
200.112.48.20 - - [30/May/2017:09:47:50 -0300] "GET /cormun/servlet/hpexe_return? HTTP/1.1" 200 1013
200.112.48.20 - - [30/May/2017:09:47:50 -0300] "GET /cormun/servlet/trlicencias HTTP/1.1" 200 8049
200.112.48.20 - - [30/May/2017:09:47:51 -0300] "GET /cormun/servlet/trlicencias HTTP/1.1" 200 8045
200.112.48.20 - - [30/May/2017:09:48:02 -0300] "GET /cormun/servlet/trlicenciaspermisosadjuntos?17117969,20170530000000,L, HTTP/1.1" 200 6385
200.112.48.20 - - [30/May/2017:09:48:02 -0300] "GET /cormun/servlet/trlicenciaspermisosadjuntos?17117969,20170530000000,L, HTTP/1.1" 200 6386
200.112.48.20 - - [30/May/2017:09:48:05 -0300] "GET /cormun/servlet/licenciaspermisosadjuntos?INS,17117969,L,20170530000000,, HTTP/1.1" 200 5683
200.112.48.20 - - [30/May/2017:09:48:05 -0300] "GET /cormun/static/gxcfg.js?201731711421170 HTTP/1.1" 200 953
200.112.48.20 - - [30/May/2017:09:48:05 -0300] "GET /cormun/static/about:blank HTTP/1.1" 404 1011
200.112.48.20 - - [30/May/2017:09:48:05 -0300] "GET /cormun/servlet/licenciaspermisosadjuntos?INS,17117969,L,20170530000000,, HTTP/1.1" 200 5672
200.86.95.220 - - [30/May/2017:09:48:22 -0300] "GET /cormun/servlet/hlogin HTTP/1.1" 200 1721
200.86.95.220 - - [30/May/2017:09:48:32 -0300] "POST /cormun/servlet/hlogin?4a55f95c7325a6f94d57d3b26477ae53,gx-no-cache=1496148568522 HTTP/1.1" 200 90
200.86.95.220 - - [30/May/2017:09:48:32 -0300] "GET /cormun/servlet/hpexe_link HTTP/1.1" 200 949
200.86.95.220 - - [30/May/2017:09:48:33 -0300] "GET /cormun/servlet/hhome HTTP/1.1" 200 3771
200.86.95.220 - - [30/May/2017:09:48:34 -0300] "GET /cormun/servlet/hhome HTTP/1.1" 200 3768
200.86.95.220 - - [30/May/2017:09:48:41 -0300] "GET /cormun/servlet/trpermisosgoce? HTTP/1.1" 200 6531
200.86.95.220 - - [30/May/2017:09:48:41 -0300] "GET /cormun/static/gxcfg.js?20174111153177 HTTP/1.1" 200 953
200.86.95.220 - - [30/May/2017:09:48:41 -0300] "GET /cormun/static/trpermisosgoce.js?20174111153217 HTTP/1.1" 200 32899
200.86.95.220 - - [30/May/2017:09:48:42 -0300] "GET /cormun/servlet/trpermisosgoce? HTTP/1.1" 200 6530
200.86.95.220 - - [30/May/2017:09:48:44 -0300] "GET /cormun/servlet/permisogoce?INS,0,,, HTTP/1.1" 200 6542
200.86.95.220 - - [30/May/2017:09:48:44 -0300] "GET /cormun/static/gxcfg.js?201741111325459 HTTP/1.1" 200 953
200.86.95.220 - - [30/May/2017:09:48:44 -0300] "GET /cormun/static/permisogoce.js?20174111132557 HTTP/1.1" 200 26619
200.86.95.220 - - [30/May/2017:09:48:45 -0300] "GET /cormun/servlet/permisogoce?INS,0,,, HTTP/1.1" 200 6542
200.86.95.220 - - [30/May/2017:09:48:48 -0300] "GET /cormun/servlet/prfichaempleado?,MD,,gxPopupLevel%3D0%3B HTTP/1.1" 200 8784
200.86.95.220 - - [30/May/2017:09:48:48 -0300] "GET /cormun/static/gxcfg.js?2017319125415 HTTP/1.1" 200 953
200.86.95.220 - - [30/May/2017:09:48:48 -0300] "GET /cormun/static/prfichaempleado.js?20173191254344 HTTP/1.1" 200 15951
200.86.95.220 - - [30/May/2017:09:49:06 -0300] "POST /cormun/servlet/prfichaempleado?4a55f95c7325a6f94d57d3b26477ae53,,MD,,gxPopupLevel%3D0%3B,gx-no-cache=1496148602335 HTTP/1.1" 200 3453
200.86.95.220 - - [30/May/2017:09:49:12 -0300] "GET /cormun/servlet/permisogoce?f96d42fb74f0d42177de40c36f0c387120f77f230b565fc1cfde31781606f1fa7606b0cfef445f47c78fce33c62aceeb,gx-no-cache=1496148608688 HTTP/1.1" 200 67
200.86.95.220 - - [30/May/2017:09:49:13 -0300] "GET /cormun/static/menuarrow.gif HTTP/1.1" 404 1015
200.86.95.220 - - [30/May/2017:09:49:19 -0300] "GET /cormun/servlet/permisogoce?f96d42fb74f0d42177de40c36f0c3871efac31c172385b8fc0b8ac81c0253a94f8494308953570742dcee2ca3888e91fa1baef7453ccd539c3d42a7242b640e5,gx-no-cache=1496148615069 HTTP/1.1" 200 47
200.86.95.220 - - [30/May/2017:09:49:43 -0300] "POST /cormun/servlet/permisogoce?4a55f95c7325a6f94d57d3b26477ae53,INS,0,,,,gx-no-cache=1496148639416 HTTP/1.1" 200 93
200.86.95.220 - - [30/May/2017:09:49:44 -0300] "GET /cormun/servlet/hpexe_return? HTTP/1.1" 200 1007
200.86.95.220 - - [30/May/2017:09:49:44 -0300] "GET /cormun/servlet/trpermisosgoce HTTP/1.1" 200 7379
200.86.95.220 - - [30/May/2017:09:49:45 -0300] "GET /cormun/servlet/trpermisosgoce HTTP/1.1" 200 7375
200.86.95.220 - - [30/May/2017:09:49:45 -0300] "GET /cormun//static/Resources/PXToolsGridDisplay.png HTTP/1.1" 200 362
200.86.95.220 - - [30/May/2017:09:49:45 -0300] "GET /cormun//static/Resources/PXToolsActionPrint.png HTTP/1.1" 200 3317
200.86.95.220 - - [30/May/2017:09:49:45 -0300] "GET /cormun//static/Resources/PXToolsHeaderHelp.png HTTP/1.1" 200 4055
200.86.95.220 - - [30/May/2017:09:49:45 -0300] "GET /cormun//static/Resources/PXToolsHeaderFavorites.png HTTP/1.1" 200 2744
200.86.95.220 - - [30/May/2017:09:49:54 -0300] "GET /cormun/servlet/apermisogoceprn?15121375,P,20170530094947,PU HTTP/1.1" 200 1654
200.86.95.220 - - [30/May/2017:09:50:41 -0300] "GET /cormun/servlet/trlicencias? HTTP/1.1" 200 6606
200.86.95.220 - - [30/May/2017:09:50:42 -0300] "GET /cormun/static/gxcfg.js?201741111445981 HTTP/1.1" 200 953
200.86.95.220 - - [30/May/2017:09:50:42 -0300] "GET /cormun/static/trlicencias.js?20174111145440 HTTP/1.1" 200 37913
200.86.95.220 - - [30/May/2017:09:50:43 -0300] "GET /cormun/servlet/trlicencias? HTTP/1.1" 200 6605
200.86.95.220 - - [30/May/2017:09:50:45 -0300] "GET /cormun/servlet/licenciaspermisos?INS,0,,, HTTP/1.1" 200 7162
200.86.95.220 - - [30/May/2017:09:50:45 -0300] "GET /cormun/static/gxcfg.js?201741111445322 HTTP/1.1" 200 953
200.86.95.220 - - [30/May/2017:09:50:45 -0300] "GET /cormun/static/licenciaspermisos.js?201741111445392 HTTP/1.1" 200 34444
200.86.95.220 - - [30/May/2017:09:50:46 -0300] "GET /cormun/servlet/licenciaspermisos?INS,0,,, HTTP/1.1" 200 7161
200.86.95.220 - - [30/May/2017:09:51:00 -0300] "GET /cormun/servlet/licenciaspermisos?f96d42fb74f0d42177de40c36f0c387195e96bce3a63297bf301da493e6f2ca785e71ff69ddb1965e4699b9ccfba3b47,gx-no-cache=1496148715945 HTTP/1.1" 200 67
200.86.95.220 - - [30/May/2017:09:51:00 -0300] "POST /cormun/servlet/licenciaspermisos?4a55f95c7325a6f94d57d3b26477ae53,INS,0,,,,gx-no-cache=1496148716099 HTTP/1.1" 200 4429
157.55.39.93 - - [30/May/2017:09:51:10 -0300] "GET /cormun/servlet/trsolicitudadjuntos?2017,5675, HTTP/1.1" 200 8387
207.46.13.44 - - [30/May/2017:09:51:31 -0300] "GET /cormun/static/trsolicitudadjuntos.js?201731711504951 HTTP/1.1" 200 17913
207.46.13.139 - - [30/May/2017:09:51:35 -0300] "GET /cormun/static/Resources/PXToolsGridLastDisabled.gif HTTP/1.1" 200 98
207.46.13.139 - - [30/May/2017:09:51:35 -0300] "GET /cormun/static/Resources/PXToolsHeaderBackground2.png HTTP/1.1" 200 1174
207.46.13.139 - - [30/May/2017:09:51:36 -0300] "GET /cormun/static/Resources/logo4.png HTTP/1.1" 200 6582
200.112.48.20 - - [30/May/2017:09:52:09 -0300] "POST /cormun/servlet/licenciaspermisosadjuntos?282455208556e8d67f3f1ac79046fb91,INS,17117969,L,20170530000000,, HTTP/1.1" 200 116
200.112.48.20 - - [30/May/2017:09:52:09 -0300] "GET /cormun/servlet/hpexe_return? HTTP/1.1" 200 1043
200.112.48.20 - - [30/May/2017:09:52:10 -0300] "GET /cormun/servlet/trlicenciaspermisosadjuntos?17117969,20170530000000,L, HTTP/1.1" 200 6875
200.112.48.20 - - [30/May/2017:09:52:13 -0300] "GET /cormun/servlet/trlicenciaspermisosadjuntos?17117969,20170530000000,L, HTTP/1.1" 200 6886
200.86.95.220 - - [30/May/2017:09:52:57 -0300] "GET /cormun/static/menuarrow.gif HTTP/1.1" 404 1015
186.103.248.213 - - [30/May/2017:09:54:02 -0300] "GET /cormun/servlet/licenciaspermisosadjuntos?INS,9751800,L,20170530000000,, HTTP/1.1" 200 5416
186.103.248.213 - - [30/May/2017:09:54:03 -0300] "GET /cormun/static/about:blank HTTP/1.1" 404 1011
186.103.248.213 - - [30/May/2017:09:54:03 -0300] "GET /cormun/servlet/licenciaspermisosadjuntos?INS,9751800,L,20170530000000,, HTTP/1.1" 200 5405
186.103.248.213 - - [30/May/2017:09:54:03 -0300] "GET /favicon.ico HTTP/1.1" 200 21630
186.103.248.213 - - [30/May/2017:09:54:42 -0300] "POST /cormun/servlet/licenciaspermisosadjuntos?af8838a94fad7a5cf50d3163b683467a,INS,9751800,L,20170530000000,, HTTP/1.1" 200 116
186.103.248.213 - - [30/May/2017:09:54:42 -0300] "GET /cormun/servlet/hpexe_return? HTTP/1.1" 200 1040
186.103.248.213 - - [30/May/2017:09:54:42 -0300] "GET /cormun/servlet/trlicenciaspermisosadjuntos?9751800,20170530000000,L, HTTP/1.1" 200 6612
186.103.248.213 - - [30/May/2017:09:54:43 -0300] "GET /cormun/servlet/trlicenciaspermisosadjuntos?9751800,20170530000000,L, HTTP/1.1" 200 6608
200.86.95.220 - - [30/May/2017:09:55:57 -0300] "GET /cormun/servlet/licenciaspermisos?f96d42fb74f0d42177de40c36f0c3871704de7d1f36948ced6f87d0e7582efb1b73a601a95fbe20f1bb85eeb0d21f53a8dae95b4882d5578e4207ae94a79dcc35c43a0702033032b3197011bb95db2379d558a5d2d2944403585866bf796958f859d2f19e5f0a54d290bcac2dbaf3f5d1f5ceb757d8f7dc527a8c1803fdd2d92bf054f057f59e8fa7dfd630c900847a683b37e1d27263d7c87bb9754e976c9931a6b66aee2ee105112d21979729fa913062ae99c38bc44d5fb88f294b1e8554a100d9e882f7c7173ea19eeccd4824421a54991f2156c11efd9d0d855ebb91847,gx-no-cache=1496149012895 HTTP/1.1" 200 30
200.86.95.220 - - [30/May/2017:09:55:57 -0300] "GET /cormun/servlet/licenciaspermisos?f96d42fb74f0d42177de40c36f0c38712c3e3dcc78d514f4b9878bcedf838824d4996ecf745d725356fc8c141e99e44484f98fd77cbffc911d5533a2997a4edfdb6cc2496f0e82377926e8d59ec58261878d02c509fe7a5a7ad21cf4680c53d333829df85a4b2d0a4b6b695784c703820ac3cf9403cc5653412be48340823bb68c12cb28f11c398920702dd99832b89a38a41af8623151afb17f12859fdd5abad5a88db6a83037f5ff21f68b72a9b4d4b0297cc0303d85b69ee340b7b9b0880e4a0b5219bccd1e043db91ed45c190e020049f0e26b89486c2f4bcebf9e5b3e06,gx-no-cache=1496149013073 HTTP/1.1" 200 29
200.86.95.220 - - [30/May/2017:09:55:57 -0300] "POST /cormun/servlet/licenciaspermisos?4a55f95c7325a6f94d57d3b26477ae53,INS,0,,,,gx-no-cache=1496149013135 HTTP/1.1" 200 93
200.86.95.220 - - [30/May/2017:09:55:57 -0300] "GET /cormun/servlet/hpexe_return? HTTP/1.1" 200 1009
200.86.95.220 - - [30/May/2017:09:55:57 -0300] "GET /cormun/servlet/trlicencias HTTP/1.1" 200 7772
200.86.95.220 - - [30/May/2017:09:55:59 -0300] "GET /cormun/servlet/trlicencias HTTP/1.1" 200 7768
186.103.248.213 - - [30/May/2017:09:56:30 -0300] "GET /cormun/servlet/trlicencias? HTTP/1.1" 200 7785
186.103.248.213 - - [30/May/2017:09:56:31 -0300] "GET /cormun/servlet/trlicencias? HTTP/1.1" 200 7784
186.79.38.159 - - [30/May/2017:09:56:32 -0300] "GET /cormun/servlet/hlogin HTTP/1.1" 200 1717
186.79.38.159 - - [30/May/2017:09:56:33 -0300] "GET /cormun/servlet/hlogin HTTP/1.1" 200 1726
186.103.248.213 - - [30/May/2017:09:56:37 -0300] "GET /cormun/servlet/alicenciaprn?9751800,L,20170530000000,PU HTTP/1.1" 200 1549
200.86.95.220 - - [30/May/2017:09:56:41 -0300] "GET /cormun/servlet/alicenciaprn?17502760,L,20170530000000,PU HTTP/1.1" 200 1564
186.79.38.159 - - [30/May/2017:09:56:41 -0300] "POST /cormun/servlet/hlogin?454bad78668951fe2c34cdda650149e9,gx-no-cache=1496149059051 HTTP/1.1" 200 90
186.79.38.159 - - [30/May/2017:09:56:41 -0300] "GET /cormun/servlet/hpexe_link HTTP/1.1" 200 946
186.79.38.159 - - [30/May/2017:09:56:42 -0300] "GET /cormun/servlet/hhome HTTP/1.1" 200 4046
186.79.38.159 - - [30/May/2017:09:56:44 -0300] "GET /cormun/servlet/hhome HTTP/1.1" 200 4042
186.79.38.159 - - [30/May/2017:09:56:47 -0300] "GET /cormun/servlet/trlicencias? HTTP/1.1" 200 8063
186.79.38.159 - - [30/May/2017:09:56:48 -0300] "GET /cormun/servlet/trlicencias? HTTP/1.1" 200 8060
186.79.38.159 - - [30/May/2017:09:56:55 -0300] "GET /cormun/servlet/licenciaspermisos?INS,0,,, HTTP/1.1" 200 7447
186.79.38.159 - - [30/May/2017:09:56:56 -0300] "GET /cormun/servlet/licenciaspermisos?INS,0,,, HTTP/1.1" 200 7454
186.79.38.159 - - [30/May/2017:09:57:09 -0300] "GET /cormun/servlet/licenciaspermisos?d0ed3229d61dad65c5e29f3ad67428566519c3c9cd6b621460a77fb0d02eb76d427b82458e6c9fd51f6ea72424d90741,gx-no-cache=1496149086294 HTTP/1.1" 200 63
186.79.38.159 - - [30/May/2017:09:57:09 -0300] "POST /cormun/servlet/licenciaspermisos?454bad78668951fe2c34cdda650149e9,INS,0,,,,gx-no-cache=1496149086656 HTTP/1.1" 200 4610
186.103.248.213 - - [30/May/2017:09:57:10 -0300] "POST /cormun/servlet/trlicencias?af8838a94fad7a5cf50d3163b683467a,,gx-no-cache=1496149087231 HTTP/1.1" 200 4060
186.103.248.213 - - [30/May/2017:09:57:11 -0300] "GET /cormun/static/Shared/jqueryui/images/ui-bg_highlight-soft_100_c6c2c8_1x100.png HTTP/1.1" 404 1117
186.103.248.213 - - [30/May/2017:09:57:11 -0300] "GET /cormun/static/Shared/jqueryui/images/ui-icons_82798d_256x240.png HTTP/1.1" 404 1089
186.103.248.213 - - [30/May/2017:09:57:11 -0300] "GET /cormun/static/Shared/jqueryui/images/ui-bg_flat_55_fafafa_40x100.png HTTP/1.1" 404 1097
186.103.248.213 - - [30/May/2017:09:57:11 -0300] "GET /cormun/static/Shared/jqueryui/images/ui-icons_8d78a5_256x240.png HTTP/1.1" 404 1089
186.79.38.159 - - [30/May/2017:09:57:34 -0300] "GET /cormun/static/menuarrow.gif HTTP/1.1" 404 1015
200.86.95.220 - - [30/May/2017:09:58:41 -0300] "GET /cormun/servlet/trlicenciaspermisosadjuntos?17502760,20170530000000,L, HTTP/1.1" 200 6123
200.86.95.220 - - [30/May/2017:09:58:41 -0300] "GET /cormun/static/gxcfg.js?20173171154619 HTTP/1.1" 200 953
200.86.95.220 - - [30/May/2017:09:58:42 -0300] "GET /cormun/static/trlicenciaspermisosadjuntos.js?20173171154971 HTTP/1.1" 200 21005
200.86.95.220 - - [30/May/2017:09:58:43 -0300] "GET /cormun/servlet/trlicenciaspermisosadjuntos?17502760,20170530000000,L, HTTP/1.1" 200 6124
200.86.95.220 - - [30/May/2017:09:58:45 -0300] "GET /cormun/servlet/licenciaspermisosadjuntos?INS,17502760,L,20170530000000,, HTTP/1.1" 200 5419
200.86.95.220 - - [30/May/2017:09:58:45 -0300] "GET /cormun/static/gxcfg.js?201731711421170 HTTP/1.1" 200 953
200.86.95.220 - - [30/May/2017:09:58:45 -0300] "GET /cormun/static/licenciaspermisosadjuntos.js?201731711421181 HTTP/1.1" 200 8757
200.86.95.220 - - [30/May/2017:09:58:45 -0300] "GET /cormun/static/about:blank HTTP/1.1" 404 1011
200.86.95.220 - - [30/May/2017:09:58:46 -0300] "GET /cormun/servlet/licenciaspermisosadjuntos?INS,17502760,L,20170530000000,, HTTP/1.1" 200 5407
186.79.38.159 - - [30/May/2017:09:58:47 -0300] "GET /cormun/servlet/licenciaspermisos?d0ed3229d61dad65c5e29f3ad6742856e2c81f876a47da05661716659a6a902a09fbe1c6647a208e4b066269681a755574c159d423dc66c730bb41fd9fb04c89640117a6d94343635c2d4783539abb01ebc90fa5fc43868a585f96b9ac216608d47e80394edee60cd4e7bb75659ef81280d34917623fe6bd5e37a009546228889adfb4ab50a137239b81bf62d2ff0ebc86713f7171df4fa1ca7a693495733dd00579174c21edfd0c51d78856e2451005,gx-no-cache=1496149184513 HTTP/1.1" 200 30
186.79.38.159 - - [30/May/2017:09:58:47 -0300] "GET /cormun/servlet/licenciaspermisos?d0ed3229d61dad65c5e29f3ad674285620a95117bce9962984e39c08367e2d2c8ed2cc78fac8c815bfb20175864c9cb1cd74a7ecc6a6d037baa3026848653a6fb73cc445eade6b4a558874c0ba9902259df20c6d65b259b0f4ccd146510c032de5b8e2b4643a5df2d82a95c3586fb5a52b4f7be787d7591f6f34e02bae9a43e6c60404ee231f5cb4e36208b8b6f7ec83cff7ef6039540762ebc35f01a0a6a01a0b74701d81ed91c36dedd2cf38f2676e,gx-no-cache=1496149184739 HTTP/1.1" 200 29
186.79.38.159 - - [30/May/2017:09:58:48 -0300] "POST /cormun/servlet/licenciaspermisos?454bad78668951fe2c34cdda650149e9,INS,0,,,,gx-no-cache=1496149184881 HTTP/1.1" 200 93
186.79.38.159 - - [30/May/2017:09:58:48 -0300] "GET /cormun/servlet/hpexe_return? HTTP/1.1" 200 1004
186.79.38.159 - - [30/May/2017:09:58:49 -0300] "GET /cormun/servlet/trlicencias HTTP/1.1" 200 8405
186.79.38.159 - - [30/May/2017:09:58:50 -0300] "GET /cormun/servlet/trlicencias HTTP/1.1" 200 8400
186.79.38.159 - - [30/May/2017:09:58:54 -0300] "GET /cormun/servlet/alicenciaprn?8494476,L,20170530000000,PU HTTP/1.1" 200 1542
200.86.95.220 - - [30/May/2017:09:59:18 -0300] "POST /cormun/servlet/licenciaspermisosadjuntos?4a55f95c7325a6f94d57d3b26477ae53,INS,17502760,L,20170530000000,, HTTP/1.1" 200 116
200.86.95.220 - - [30/May/2017:09:59:18 -0300] "GET /cormun/servlet/hpexe_return? HTTP/1.1" 200 1038
200.86.95.220 - - [30/May/2017:09:59:19 -0300] "GET /cormun/servlet/trlicenciaspermisosadjuntos?17502760,20170530000000,L, HTTP/1.1" 200 6591
200.86.95.220 - - [30/May/2017:09:59:20 -0300] "GET /cormun/servlet/trlicenciaspermisosadjuntos?17502760,20170530000000,L, HTTP/1.1" 200 6587
200.86.95.220 - - [30/May/2017:09:59:21 -0300] "GET /cormun/PublicTempStorage/img330678994.jpg HTTP/1.1" 200 1939499
200.86.95.220 - - [30/May/2017:09:59:23 -0300] "POST /cormun/servlet/trlicenciaspermisosadjuntos?4a55f95c7325a6f94d57d3b26477ae53,17502760,20170530000000,L,,gx-no-cache=1496149219294 HTTP/1.1" 200 90
200.86.95.220 - - [30/May/2017:09:59:23 -0300] "GET /cormun/servlet/hpexe_link HTTP/1.1" 200 981
200.86.95.220 - - [30/May/2017:09:59:23 -0300] "GET /cormun/servlet/trlicencias HTTP/1.1" 200 7770
200.86.95.220 - - [30/May/2017:09:59:24 -0300] "GET /cormun/servlet/trlicencias HTTP/1.1" 200 7768
200.86.95.220 - - [30/May/2017:10:00:13 -0300] "POST /cormun/servlet/trlicencias?4a55f95c7325a6f94d57d3b26477ae53,gx-no-cache=1496149269121 HTTP/1.1" 200 4019
200.86.95.220 - - [30/May/2017:10:00:13 -0300] "GET /cormun/static/Shared/jqueryui/images/ui-bg_highlight-soft_100_c6c2c8_1x100.png HTTP/1.1" 404 1117
200.86.95.220 - - [30/May/2017:10:00:13 -0300] "GET /cormun/static/Shared/jqueryui/images/ui-icons_82798d_256x240.png HTTP/1.1" 404 1089
200.86.95.220 - - [30/May/2017:10:00:13 -0300] "GET /cormun/static/Shared/jqueryui/images/ui-bg_flat_55_fafafa_40x100.png HTTP/1.1" 404 1097
200.86.95.220 - - [30/May/2017:10:00:14 -0300] "GET /cormun/static/Shared/jqueryui/images/ui-icons_8d78a5_256x240.png HTTP/1.1" 404 1089
186.79.38.159 - - [30/May/2017:10:00:20 -0300] "GET /cormun/servlet/trlicenciaspermisosadjuntos?8494476,20170530000000,L, HTTP/1.1" 200 6393
192.168.10.96 - - [30/May/2017:10:00:21 -0300] "GET /cormun/servlet/hlogin HTTP/1.1" 200 1725
192.168.10.96 - - [30/May/2017:10:00:21 -0300] "GET /cormun/servlet/hlogin HTTP/1.1" 200 1738
186.79.38.159 - - [30/May/2017:10:00:21 -0300] "GET /cormun/servlet/trlicenciaspermisosadjuntos?8494476,20170530000000,L, HTTP/1.1" 200 6393
186.79.38.159 - - [30/May/2017:10:00:24 -0300] "GET /cormun/servlet/licenciaspermisosadjuntos?INS,8494476,L,20170530000000,, HTTP/1.1" 200 5690
186.79.38.159 - - [30/May/2017:10:00:24 -0300] "GET /cormun/static/about:blank HTTP/1.1" 404 1011
186.79.38.159 - - [30/May/2017:10:00:25 -0300] "GET /cormun/servlet/licenciaspermisosadjuntos?INS,8494476,L,20170530000000,, HTTP/1.1" 200 5679
186.79.38.159 - - [30/May/2017:10:00:56 -0300] "POST /cormun/servlet/licenciaspermisosadjuntos?454bad78668951fe2c34cdda650149e9,INS,8494476,L,20170530000000,, HTTP/1.1" 200 116
186.79.38.159 - - [30/May/2017:10:00:56 -0300] "GET /cormun/servlet/hpexe_return? HTTP/1.1" 200 1035
186.79.38.159 - - [30/May/2017:10:00:57 -0300] "GET /cormun/servlet/trlicenciaspermisosadjuntos?8494476,20170530000000,L, HTTP/1.1" 200 6888
186.79.38.159 - - [30/May/2017:10:00:59 -0300] "GET /cormun/servlet/trlicenciaspermisosadjuntos?8494476,20170530000000,L, HTTP/1.1" 200 6884
186.79.38.159 - - [30/May/2017:10:02:07 -0300] "POST /cormun/servlet/trlicenciaspermisosadjuntos?454bad78668951fe2c34cdda650149e9,8494476,20170530000000,L,,gx-no-cache=1496149384346 HTTP/1.1" 200 90
186.79.38.159 - - [30/May/2017:10:02:07 -0300] "GET /cormun/servlet/hpexe_link HTTP/1.1" 200 978
186.79.38.159 - - [30/May/2017:10:02:08 -0300] "GET /cormun/servlet/trlicencias HTTP/1.1" 200 8402
186.79.38.159 - - [30/May/2017:10:02:10 -0300] "GET /cormun/servlet/trlicencias HTTP/1.1" 200 8400
186.79.38.159 - - [30/May/2017:10:02:19 -0300] "GET /cormun/servlet/trpermisosgoce? HTTP/1.1" 200 7655
186.79.38.159 - - [30/May/2017:10:02:19 -0300] "GET /cormun/static/gxcfg.js?20174111153177 HTTP/1.1" 304 -
186.79.38.159 - - [30/May/2017:10:02:19 -0300] "GET /cormun/static/trpermisosgoce.js?20174111153217 HTTP/1.1" 304 -
186.79.38.159 - - [30/May/2017:10:02:20 -0300] "GET /cormun/servlet/trpermisosgoce? HTTP/1.1" 200 7654
200.86.95.220 - - [30/May/2017:10:02:22 -0300] "GET /cormun/servlet/licenciaspermisos?INS,0,,, HTTP/1.1" 200 7162
200.86.95.220 - - [30/May/2017:10:02:23 -0300] "GET /cormun/servlet/licenciaspermisos?INS,0,,, HTTP/1.1" 200 7161
200.86.95.220 - - [30/May/2017:10:02:38 -0300] "GET /cormun/servlet/licenciaspermisos?f96d42fb74f0d42177de40c36f0c387167f54ec45ccfa692a3635e80e633d8f085e71ff69ddb1965e4699b9ccfba3b47,gx-no-cache=1496149413933 HTTP/1.1" 200 61
200.86.95.220 - - [30/May/2017:10:02:38 -0300] "POST /cormun/servlet/licenciaspermisos?4a55f95c7325a6f94d57d3b26477ae53,INS,0,,,,gx-no-cache=1496149414050 HTTP/1.1" 200 4412
186.79.38.159 - - [30/May/2017:10:02:40 -0300] "GET /cormun/servlet/permisogoce?INS,0,,, HTTP/1.1" 200 6820
186.79.38.159 - - [30/May/2017:10:02:41 -0300] "GET /cormun/static/gxcfg.js?201741111325459 HTTP/1.1" 304 -
186.79.38.159 - - [30/May/2017:10:02:41 -0300] "GET /cormun/static/permisogoce.js?20174111132557 HTTP/1.1" 304 -
186.79.38.159 - - [30/May/2017:10:02:42 -0300] "GET /cormun/servlet/permisogoce?INS,0,,, HTTP/1.1" 200 6821
200.86.95.220 - - [30/May/2017:10:03:21 -0300] "GET /cormun/static/menuarrow.gif HTTP/1.1" 404 1015
186.79.38.159 - - [30/May/2017:10:03:43 -0300] "GET /cormun/servlet/permisogoce?d0ed3229d61dad65c5e29f3ad67428569310cda90b9f5cd6f1eea7ecadbba89fcc9e8123867a7f4853a3a45249b9073f,gx-no-cache=1496149480767 HTTP/1.1" 200 68
186.79.38.159 - - [30/May/2017:10:03:43 -0300] "GET /cormun/static/menuarrow.gif HTTP/1.1" 404 1015
186.79.38.159 - - [30/May/2017:10:03:51 -0300] "GET /cormun/servlet/permisogoce?d0ed3229d61dad65c5e29f3ad6742856f69c219f94ef707886f099448cf6bae9ec1eb33703519b6952a5b9d6dd6a968628dabad47a7f5dfdf3eca37b0d9f7a84,gx-no-cache=1496149488927 HTTP/1.1" 200 47
186.79.38.159 - - [30/May/2017:10:04:07 -0300] "POST /cormun/servlet/permisogoce?454bad78668951fe2c34cdda650149e9,INS,0,,,,gx-no-cache=1496149502646 HTTP/1.1" 200 93
186.79.38.159 - - [30/May/2017:10:04:07 -0300] "GET /cormun/servlet/hpexe_return? HTTP/1.1" 200 1003
186.79.38.159 - - [30/May/2017:10:04:07 -0300] "GET /cormun/servlet/trpermisosgoce HTTP/1.1" 200 7948
186.79.38.159 - - [30/May/2017:10:04:09 -0300] "GET /cormun/servlet/trpermisosgoce HTTP/1.1" 200 7945
186.79.38.159 - - [30/May/2017:10:04:14 -0300] "GET /cormun/servlet/trpermisosadjuntos?19603917,20170530100410,P, HTTP/1.1" 200 6360
186.79.38.159 - - [30/May/2017:10:04:14 -0300] "GET /cormun/static/gxcfg.js?201731711542659 HTTP/1.1" 304 -
186.79.38.159 - - [30/May/2017:10:04:15 -0300] "GET /cormun/servlet/trpermisosadjuntos?19603917,20170530100410,P, HTTP/1.1" 200 6360
186.79.38.159 - - [30/May/2017:10:04:17 -0300] "GET /cormun/servlet/permisosadjuntos?INS,19603917,P,20170530100410,, HTTP/1.1" 200 5686
186.79.38.159 - - [30/May/2017:10:04:17 -0300] "GET /cormun/static/gxcfg.js?201741111155774 HTTP/1.1" 304 -
186.79.38.159 - - [30/May/2017:10:04:18 -0300] "GET /cormun/static/permisosadjuntos.js?201741111155784 HTTP/1.1" 304 -
186.79.38.159 - - [30/May/2017:10:04:18 -0300] "GET /cormun/static/about:blank HTTP/1.1" 404 1011
186.79.38.159 - - [30/May/2017:10:04:18 -0300] "GET /cormun/servlet/permisosadjuntos?INS,19603917,P,20170530100410,, HTTP/1.1" 200 5677
207.46.13.139 - - [30/May/2017:10:04:26 -0300] "GET /cormun/servlet/hhome?_escaped_fragment_= HTTP/1.1" 200 3239
200.86.95.220 - - [30/May/2017:10:04:27 -0300] "GET /cormun/servlet/licenciaspermisos?f96d42fb74f0d42177de40c36f0c3871704de7d1f36948ced6f87d0e7582efb1a68b92b696ad577c9d5fd8effeaf41df8dae95b4882d5578e4207ae94a79dcc35c43a0702033032b3197011bb95db2379d558a5d2d2944403585866bf796958f66092ece9758eec884cf4b5b00ab42c61f5ceb757d8f7dc527a8c1803fdd2d92351d6cdba178362c3ed56bb52703a3e0caeb769e38889ca3848be90d868c3ecd07d0a273e8920ae425805da636b90ea2,gx-no-cache=1496149523302 HTTP/1.1" 200 30
200.86.95.220 - - [30/May/2017:10:04:27 -0300] "POST /cormun/servlet/licenciaspermisos?4a55f95c7325a6f94d57d3b26477ae53,INS,0,,,,gx-no-cache=1496149523448 HTTP/1.1" 200 4504
200.86.95.220 - - [30/May/2017:10:04:29 -0300] "GET /cormun/servlet/prfichaempleado?,MD,,gxPopupLevel%3D0%3B HTTP/1.1" 200 8783
200.86.95.220 - - [30/May/2017:10:04:41 -0300] "POST /cormun/servlet/prfichaempleado?4a55f95c7325a6f94d57d3b26477ae53,,MD,,gxPopupLevel%3D0%3B,gx-no-cache=1496149537427 HTTP/1.1" 200 3404
207.46.13.139 - - [30/May/2017:10:04:44 -0300] "GET /cormun/servlet/hhome?_escaped_fragment_= HTTP/1.1" 200 3232
207.46.13.139 - - [30/May/2017:10:04:45 -0300] "GET /cormun/static/hhome.js?20173171148352 HTTP/1.1" 200 777
200.86.95.220 - - [30/May/2017:10:04:46 -0300] "GET /cormun/servlet/licenciaspermisos?f96d42fb74f0d42177de40c36f0c38712c3e3dcc78d514f4b9878bcedf83882450e9741cd0471a98aec46aab24496fe584f98fd77cbffc911d5533a2997a4edfdb6cc2496f0e82377926e8d59ec58261878d02c509fe7a5a7ad21cf4680c53d333829df85a4b2d0a4b6b695784c703820ac3cf9403cc5653412be48340823bb68c12cb28f11c398920702dd99832b89a38a41af8623151afb17f12859fdd5abad5a88db6a83037f5ff21f68b72a9b4d4b0297cc0303d85b69ee340b7b9b0880e4a0b5219bccd1e043db91ed45c190e020e57b9b8fe742972b039baa59e6fa4d8d0d54d0b3f00b3541e8796a1274d9876,gx-no-cache=1496149542497 HTTP/1.1" 200 62
200.86.95.220 - - [30/May/2017:10:04:46 -0300] "POST /cormun/servlet/licenciaspermisos?4a55f95c7325a6f94d57d3b26477ae53,INS,0,,,,gx-no-cache=1496149542602 HTTP/1.1" 200 93
200.86.95.220 - - [30/May/2017:10:04:47 -0300] "GET /cormun/servlet/hpexe_return? HTTP/1.1" 200 1030
200.86.95.220 - - [30/May/2017:10:04:47 -0300] "GET /cormun/servlet/trlicencias?gx-no-cache=1496149269121 HTTP/1.1" 200 7806
200.86.95.220 - - [30/May/2017:10:04:48 -0300] "GET /cormun/servlet/trlicencias?gx-no-cache=1496149269121 HTTP/1.1" 200 7823
186.79.38.159 - - [30/May/2017:10:04:51 -0300] "POST /cormun/servlet/permisosadjuntos?454bad78668951fe2c34cdda650149e9,INS,19603917,P,20170530100410,, HTTP/1.1" 200 116
186.79.38.159 - - [30/May/2017:10:04:51 -0300] "GET /cormun/servlet/hpexe_return? HTTP/1.1" 200 1032
186.79.38.159 - - [30/May/2017:10:04:52 -0300] "GET /cormun/servlet/trpermisosadjuntos?19603917,20170530100410,P, HTTP/1.1" 200 6809
186.79.38.159 - - [30/May/2017:10:04:54 -0300] "GET /cormun/servlet/trpermisosadjuntos?19603917,20170530100410,P, HTTP/1.1" 200 6811
200.86.95.220 - - [30/May/2017:10:04:54 -0300] "GET /cormun/servlet/trlicenciaspermisosadjuntos?15106697,20170530000000,L, HTTP/1.1" 200 6136
200.86.95.220 - - [30/May/2017:10:04:55 -0300] "GET /cormun/servlet/trlicenciaspermisosadjuntos?15106697,20170530000000,L, HTTP/1.1" 200 6116
200.86.95.220 - - [30/May/2017:10:04:57 -0300] "GET /cormun/servlet/licenciaspermisosadjuntos?INS,15106697,L,20170530000000,, HTTP/1.1" 200 5410
200.86.95.220 - - [30/May/2017:10:04:57 -0300] "GET /cormun/static/about:blank HTTP/1.1" 404 1011
200.86.95.220 - - [30/May/2017:10:04:58 -0300] "GET /cormun/servlet/licenciaspermisosadjuntos?INS,15106697,L,20170530000000,, HTTP/1.1" 200 5403
186.79.38.159 - - [30/May/2017:10:05:11 -0300] "POST /cormun/servlet/trpermisosadjuntos?454bad78668951fe2c34cdda650149e9,19603917,20170530100410,P,,gx-no-cache=1496149568527 HTTP/1.1" 200 90
186.79.38.159 - - [30/May/2017:10:05:12 -0300] "GET /cormun/servlet/hpexe_link HTTP/1.1" 200 978
186.79.38.159 - - [30/May/2017:10:05:12 -0300] "GET /cormun/servlet/trpermisosgoce HTTP/1.1" 200 7946
186.79.38.159 - - [30/May/2017:10:05:13 -0300] "GET /cormun/servlet/trpermisosgoce HTTP/1.1" 200 7945
200.86.95.220 - - [30/May/2017:10:05:18 -0300] "POST /cormun/servlet/licenciaspermisosadjuntos?4a55f95c7325a6f94d57d3b26477ae53,INS,15106697,L,20170530000000,, HTTP/1.1" 200 116
200.86.95.220 - - [30/May/2017:10:05:18 -0300] "GET /cormun/servlet/hpexe_return? HTTP/1.1" 200 1038
200.86.95.220 - - [30/May/2017:10:05:18 -0300] "GET /cormun/servlet/trlicenciaspermisosadjuntos?15106697,20170530000000,L, HTTP/1.1" 200 6583
200.86.95.220 - - [30/May/2017:10:05:20 -0300] "GET /cormun/servlet/trlicenciaspermisosadjuntos?15106697,20170530000000,L, HTTP/1.1" 200 6581
200.86.95.220 - - [30/May/2017:10:05:21 -0300] "GET /cormun/PublicTempStorage/img3313423859.jpg HTTP/1.1" 200 1950942
186.79.38.159 - - [30/May/2017:10:05:22 -0300] "POST /cormun/servlet/trpermisosgoce?454bad78668951fe2c34cdda650149e9,gx-no-cache=1496149579239 HTTP/1.1" 200 4905
186.79.38.159 - - [30/May/2017:10:05:22 -0300] "GET /cormun/static/Shared/jqueryui/images/ui-bg_highlight-soft_100_c6c2c8_1x100.png HTTP/1.1" 404 1117
200.86.95.220 - - [30/May/2017:10:05:22 -0300] "POST /cormun/servlet/trlicenciaspermisosadjuntos?4a55f95c7325a6f94d57d3b26477ae53,15106697,20170530000000,L,,gx-no-cache=1496149578593 HTTP/1.1" 200 90
186.79.38.159 - - [30/May/2017:10:05:22 -0300] "GET /cormun/static/Shared/jqueryui/images/ui-icons_82798d_256x240.png HTTP/1.1" 404 1089
186.79.38.159 - - [30/May/2017:10:05:22 -0300] "GET /cormun/static/Shared/jqueryui/images/ui-icons_8d78a5_256x240.png HTTP/1.1" 404 1089
186.79.38.159 - - [30/May/2017:10:05:22 -0300] "GET /cormun/static/Shared/jqueryui/images/ui-bg_flat_55_fafafa_40x100.png HTTP/1.1" 404 1097
200.86.95.220 - - [30/May/2017:10:05:22 -0300] "GET /cormun/servlet/hpexe_link HTTP/1.1" 200 1001
200.86.95.220 - - [30/May/2017:10:05:23 -0300] "GET /cormun/servlet/trlicencias?gx-no-cache=1496149269121 HTTP/1.1" 200 7803
200.86.95.220 - - [30/May/2017:10:05:24 -0300] "GET /cormun/servlet/trlicencias?gx-no-cache=1496149269121 HTTP/1.1" 200 7823
186.79.38.159 - - [30/May/2017:10:05:26 -0300] "GET /cormun/servlet/permisogoce?DLT,12516844,P,20170524155144, HTTP/1.1" 200 6785
186.79.38.159 - - [30/May/2017:10:05:27 -0300] "GET /cormun/static/Shared/jqueryui/images/ui-bg_highlight-soft_100_c6c2c8_1x100.png HTTP/1.1" 404 1117
186.79.38.159 - - [30/May/2017:10:05:27 -0300] "GET /cormun/static/Shared/jqueryui/images/ui-icons_82798d_256x240.png HTTP/1.1" 404 1089
186.79.38.159 - - [30/May/2017:10:05:27 -0300] "GET /cormun/static/Shared/jqueryui/images/ui-icons_8d78a5_256x240.png HTTP/1.1" 404 1089
186.79.38.159 - - [30/May/2017:10:05:27 -0300] "GET /cormun/static/Shared/jqueryui/images/ui-bg_flat_55_fafafa_40x100.png HTTP/1.1" 404 1097
200.86.95.220 - - [30/May/2017:10:05:27 -0300] "GET /cormun/servlet/alicenciaprn?15106697,L,20170530000000,PU HTTP/1.1" 200 1593
186.79.38.159 - - [30/May/2017:10:05:27 -0300] "GET /cormun/servlet/permisogoce?DLT,12516844,P,20170524155144, HTTP/1.1" 200 6788
186.79.38.159 - - [30/May/2017:10:05:34 -0300] "POST /cormun/servlet/permisogoce?454bad78668951fe2c34cdda650149e9,DLT,12516844,P,20170524155144,,gx-no-cache=1496149591130 HTTP/1.1" 200 4416
186.79.38.159 - - [30/May/2017:10:05:34 -0300] "GET /cormun/static/Shared/jqueryui/images/ui-bg_flat_55_994d53_40x100.png HTTP/1.1" 404 1097
186.79.38.159 - - [30/May/2017:10:05:34 -0300] "GET /cormun/static/Shared/jqueryui/images/ui-icons_ebccce_256x240.png HTTP/1.1" 404 1089
186.79.38.159 - - [30/May/2017:10:05:39 -0300] "POST /cormun/servlet/permisogoce?454bad78668951fe2c34cdda650149e9,DLT,12516844,P,20170524155144,,gx-no-cache=1496149596491 HTTP/1.1" 200 90
186.79.38.159 - - [30/May/2017:10:05:40 -0300] "GET /cormun/servlet/hpexe_link HTTP/1.1" 200 996
186.79.38.159 - - [30/May/2017:10:05:40 -0300] "GET /cormun/servlet/trpermisosgoce?gx-no-cache=1496149579239 HTTP/1.1" 200 7656
186.79.38.159 - - [30/May/2017:10:05:42 -0300] "GET /cormun/servlet/trpermisosgoce?gx-no-cache=1496149579239 HTTP/1.1" 200 7676
186.79.38.159 - - [30/May/2017:10:05:53 -0300] "GET /cormun/servlet/hlogin HTTP/1.1" 200 1756
200.86.95.220 - - [30/May/2017:10:06:31 -0300] "POST /cormun/servlet/trlicencias?4a55f95c7325a6f94d57d3b26477ae53,gx-no-cache=1496149269121,gx-no-cache=1496149647441 HTTP/1.1" 200 4054
200.86.95.220 - - [30/May/2017:10:06:32 -0300] "GET /cormun/static/Shared/jqueryui/images/ui-bg_flat_55_fafafa_40x100.png HTTP/1.1" 404 1097
200.86.95.220 - - [30/May/2017:10:06:32 -0300] "GET /cormun/static/Shared/jqueryui/images/ui-icons_82798d_256x240.png HTTP/1.1" 404 1089
200.86.95.220 - - [30/May/2017:10:06:32 -0300] "GET /cormun/static/Shared/jqueryui/images/ui-icons_8d78a5_256x240.png HTTP/1.1" 404 1089
200.86.95.220 - - [30/May/2017:10:06:32 -0300] "GET /cormun/static/Shared/jqueryui/images/ui-bg_highlight-soft_100_c6c2c8_1x100.png HTTP/1.1" 404 1117
192.168.10.89 - - [30/May/2017:10:10:52 -0300] "GET /cormunbeta/servlet/hlogin HTTP/1.1" 200 1721
192.168.10.89 - - [30/May/2017:10:10:52 -0300] "GET /cormunbeta/static/gxcfg.js?20175251213516 HTTP/1.1" 304 -
192.168.10.89 - - [30/May/2017:10:10:52 -0300] "GET /cormunbeta/static/messages.spa.js?85251 HTTP/1.1" 304 -
192.168.10.89 - - [30/May/2017:10:10:52 -0300] "GET /cormunbeta/static/hlogin.js?20175251213537 HTTP/1.1" 304 -
192.168.10.89 - - [30/May/2017:10:10:52 -0300] "GET /cormunbeta/static/Resources/Spanish/PXTools.css?11423723 HTTP/1.1" 304 -
192.168.10.89 - - [30/May/2017:10:10:56 -0300] "GET /cormun/servlet/hlogin HTTP/1.1" 200 1724
192.168.10.89 - - [30/May/2017:10:11:03 -0300] "POST /cormun/servlet/hlogin?a88ad8ff0a9dbaa6fc2ea0ac6ce1fbcd,gx-no-cache=1496149866204 HTTP/1.1" 200 90
192.168.10.89 - - [30/May/2017:10:11:03 -0300] "GET /cormun/servlet/hpexe_link HTTP/1.1" 200 953
192.168.10.89 - - [30/May/2017:10:11:03 -0300] "GET /cormun/servlet/hhome HTTP/1.1" 200 4461
192.168.10.89 - - [30/May/2017:10:11:07 -0300] "GET /cormun/servlet/trsolicitudgral? HTTP/1.1" 200 25020
192.168.10.89 - - [30/May/2017:10:11:17 -0300] "POST /cormun/servlet/trsolicitudgral?a88ad8ff0a9dbaa6fc2ea0ac6ce1fbcd,,gx-no-cache=1496149879594 HTTP/1.1" 200 5464
192.168.10.89 - - [30/May/2017:10:11:18 -0300] "GET /cormun/static/menuarrow.gif HTTP/1.1" 404 1015
192.168.10.89 - - [30/May/2017:10:11:21 -0300] "POST /cormun/servlet/trsolicitudgral?a88ad8ff0a9dbaa6fc2ea0ac6ce1fbcd,,gx-no-cache=1496149884433 HTTP/1.1" 200 5467
192.168.10.89 - - [30/May/2017:10:11:25 -0300] "GET /cormun/servlet/trconsultaempleado? HTTP/1.1" 200 9709
192.168.10.89 - - [30/May/2017:10:11:30 -0300] "POST /cormun/servlet/trconsultaempleado?a88ad8ff0a9dbaa6fc2ea0ac6ce1fbcd,,gx-no-cache=1496149893443 HTTP/1.1" 200 4518
192.168.10.89 - - [30/May/2017:10:11:32 -0300] "GET /cormun/servlet/trsolicitudnombre?16883414, HTTP/1.1" 200 7530
192.168.10.89 - - [30/May/2017:10:11:32 -0300] "GET /cormun/static/trsolicitudnombre.js?2017317115367 HTTP/1.1" 304 -
186.79.38.159 - - [30/May/2017:10:11:55 -0300] "POST /cormun/servlet/hlogin?454bad78668951fe2c34cdda650149e9,gx-no-cache=1496149972630 HTTP/1.1" 200 469
186.79.38.159 - - [30/May/2017:10:12:00 -0300] "POST /cormun/servlet/hlogin?454bad78668951fe2c34cdda650149e9,gx-no-cache=1496149978000 HTTP/1.1" 200 90
186.79.38.159 - - [30/May/2017:10:12:00 -0300] "GET /cormun/servlet/hpexe_link HTTP/1.1" 200 973
186.79.38.159 - - [30/May/2017:10:12:01 -0300] "GET /cormun/servlet/trpermisosgoce?gx-no-cache=1496149579239 HTTP/1.1" 200 7656
186.79.38.159 - - [30/May/2017:10:12:03 -0300] "GET /cormun/servlet/trpermisosgoce?gx-no-cache=1496149579239 HTTP/1.1" 200 7676
186.79.38.159 - - [30/May/2017:10:12:05 -0300] "GET /cormun/servlet/trsolicitudot? HTTP/1.1" 200 8326
186.79.38.159 - - [30/May/2017:10:12:07 -0300] "GET /cormun/servlet/trsolicitudot? HTTP/1.1" 200 8303
186.79.38.159 - - [30/May/2017:10:12:09 -0300] "GET /cormun/servlet/solicitudot?INS,0,0, HTTP/1.1" 200 12856
186.79.38.159 - - [30/May/2017:10:12:11 -0300] "GET /cormun/servlet/solicitudot?INS,0,0, HTTP/1.1" 200 12861
192.168.10.89 - - [30/May/2017:10:12:20 -0300] "GET /cormun/servlet/trvisualizadoreventos? HTTP/1.1" 200 7230
192.168.10.89 - - [30/May/2017:10:12:20 -0300] "GET /cormun/static/gxcfg.js?201731711523419 HTTP/1.1" 304 -
192.168.10.89 - - [30/May/2017:10:12:28 -0300] "POST /cormun/servlet/trvisualizadoreventos?a88ad8ff0a9dbaa6fc2ea0ac6ce1fbcd,,gx-no-cache=1496149950975 HTTP/1.1" 200 4261
192.168.10.89 - - [30/May/2017:10:12:34 -0300] "POST /cormun/servlet/trvisualizadoreventos?a88ad8ff0a9dbaa6fc2ea0ac6ce1fbcd,,gx-no-cache=1496149957428 HTTP/1.1" 200 4264
186.79.38.159 - - [30/May/2017:10:12:56 -0300] "POST /cormun/servlet/solicitudot?gx-no-cache=1496150023943 HTTP/1.1" 200 3099
186.79.38.159 - - [30/May/2017:10:12:57 -0300] "POST /cormun/servlet/solicitudot?454bad78668951fe2c34cdda650149e9,INS,0,0,,gx-no-cache=1496150033736 HTTP/1.1" 200 9876
186.79.38.159 - - [30/May/2017:10:13:02 -0300] "GET /cormun/servlet/solicitudot?85f0179f6c98a332ba8e54411f164b0afcdf9a765038c8d011327e07a110db1352f932c0f3995ee2d4c19217c3690609,gx-no-cache=1496150040371 HTTP/1.1" 200 30
186.79.164.5 - - [30/May/2017:10:13:42 -0300] "GET /cormun/servlet/hlogin HTTP/1.1" 200 1724
186.79.164.5 - - [30/May/2017:10:13:43 -0300] "GET /cormun/servlet/hlogin HTTP/1.1" 200 1733
186.79.164.5 - - [30/May/2017:10:13:43 -0300] "GET /favicon.ico HTTP/1.1" 200 21630
186.79.164.5 - - [30/May/2017:10:13:52 -0300] "POST /cormun/servlet/hlogin?059f450c0a9274360002acd5d90a5853,gx-no-cache=1496150086271 HTTP/1.1" 200 90
186.79.164.5 - - [30/May/2017:10:13:52 -0300] "GET /cormun/servlet/hpexe_link HTTP/1.1" 200 953
186.79.164.5 - - [30/May/2017:10:13:53 -0300] "GET /cormun/servlet/hhome HTTP/1.1" 200 3745
186.79.164.5 - - [30/May/2017:10:13:53 -0300] "GET /cormun/static/PXToolsJavascripts/pexe_popup.js HTTP/1.1" 304 -
186.79.164.5 - - [30/May/2017:10:13:53 -0300] "GET /cormun/static/PXToolsJavascripts/pexe_tabs.js HTTP/1.1" 304 -
186.79.164.5 - - [30/May/2017:10:13:55 -0300] "GET /cormun/servlet/hhome HTTP/1.1" 200 3741
186.79.164.5 - - [30/May/2017:10:14:02 -0300] "GET /cormun/servlet/trpermisosgoce? HTTP/1.1" 200 7982
186.79.164.5 - - [30/May/2017:10:14:02 -0300] "GET /cormun/static/trpermisosgoce.js?20174111153217 HTTP/1.1" 304 -
186.79.164.5 - - [30/May/2017:10:14:03 -0300] "GET /cormun/static/gxcfg.js?20174111153177 HTTP/1.1" 304 -
186.79.164.5 - - [30/May/2017:10:14:04 -0300] "GET /cormun/servlet/trpermisosgoce? HTTP/1.1" 200 7979
186.79.164.5 - - [30/May/2017:10:14:21 -0300] "GET /cormun/servlet/trpermisosadjuntos?9214477,20170529091055,P, HTTP/1.1" 200 6058
186.79.164.5 - - [30/May/2017:10:14:21 -0300] "GET /cormun/static/gxcfg.js?201731711542659 HTTP/1.1" 200 953
186.79.164.5 - - [30/May/2017:10:14:22 -0300] "GET /cormun/servlet/trpermisosadjuntos?9214477,20170529091055,P, HTTP/1.1" 200 6059
186.79.164.5 - - [30/May/2017:10:14:24 -0300] "GET /cormun/servlet/permisosadjuntos?INS,9214477,P,20170529091055,, HTTP/1.1" 200 5387
186.79.164.5 - - [30/May/2017:10:14:25 -0300] "GET /cormun/static/gxcfg.js?201741111155774 HTTP/1.1" 200 953
186.79.164.5 - - [30/May/2017:10:14:25 -0300] "GET /cormun/static/about:blank HTTP/1.1" 404 1011
186.79.164.5 - - [30/May/2017:10:14:26 -0300] "GET /cormun/servlet/permisosadjuntos?INS,9214477,P,20170529091055,, HTTP/1.1" 200 5377
186.79.38.159 - - [30/May/2017:10:14:43 -0300] "POST /cormun/servlet/solicitudot?gx-no-cache=1496150140800 HTTP/1.1" 200 297
186.79.38.159 - - [30/May/2017:10:14:49 -0300] "GET /cormun/servlet/solicitudot?85f0179f6c98a332ba8e54411f164b0acda82832703df057086921c66559ff5f66bc6fa363be55b929027abb026600d560ae92de271f9da1a3e45728364ad27477f1f26bfe0c627badf3f51430fbb58f4248e3e31599672f13b47ae9d8d4f819c87d959638774517696132cdb551bc499aa48c1a41d59d885317f4325b4d88846eca20ed607bac3d3d8a75718f43001f9654df13dfe874baa0114cfec1a0d3f10d8122e697a03f18814f9971f20969b34b3555d50991d4650d027b9240112c46766e0f7d61df52f9b405af2e7013eab489584844a403d8e479ff80470af430f2c448994a23f5e08ac564a7ed6e2cef211c17124e9f1333b32c0422a97428bf5674c159d423dc66c730bb41fd9fb04c89ce88b5c4f3750a6004ead159976c6df503220c233430e29f63f906237d9cdb02888df529267190656d9d627f4b15ddce0ccd4166c14370f110613899f687020f63e5c59591f44578d2ca2d135376dcf7ff0aed7d049eeff7a73f54a2d9b095c4c2e20becb2fe061c31e408400d22c3cb0579174c21edfd0c51d78856e2451005,gx-no-cache=1496150147425 HTTP/1.1" 200 30
186.79.38.159 - - [30/May/2017:10:14:53 -0300] "POST /cormun/servlet/solicitudot?gx-no-cache=1496150151010 HTTP/1.1" 200 30
186.79.38.159 - - [30/May/2017:10:14:56 -0300] "POST /cormun/servlet/solicitudot?gx-no-cache=1496150153539 HTTP/1.1" 200 235
186.79.38.159 - - [30/May/2017:10:14:56 -0300] "POST /cormun/servlet/solicitudot?gx-no-cache=1496150153840 HTTP/1.1" 200 38
186.79.164.5 - - [30/May/2017:10:15:03 -0300] "POST /cormun/servlet/permisosadjuntos?059f450c0a9274360002acd5d90a5853,INS,9214477,P,20170529091055,, HTTP/1.1" 200 116
186.79.164.5 - - [30/May/2017:10:15:03 -0300] "GET /cormun/servlet/hpexe_return? HTTP/1.1" 200 1039
186.79.164.5 - - [30/May/2017:10:15:04 -0300] "GET /cormun/servlet/trpermisosadjuntos?9214477,20170529091055,P, HTTP/1.1" 200 6521
186.79.164.5 - - [30/May/2017:10:15:05 -0300] "GET /cormun/servlet/trpermisosadjuntos?9214477,20170529091055,P, HTTP/1.1" 200 6517
186.79.164.5 - - [30/May/2017:10:15:06 -0300] "GET /cormun/PublicTempStorage/meza_18448385.jpg HTTP/1.1" 200 988924
186.79.164.5 - - [30/May/2017:10:15:10 -0300] "GET /cormun/servlet/trpermisosgoce? HTTP/1.1" 200 7980
190.45.55.254 - - [30/May/2017:10:15:12 -0300] "GET /cormun/servlet/hlogin HTTP/1.1" 200 1723
190.45.55.254 - - [30/May/2017:10:15:12 -0300] "GET /cormun/servlet/hlogin HTTP/1.1" 200 1731
186.79.164.5 - - [30/May/2017:10:15:12 -0300] "GET /cormun/servlet/trpermisosgoce? HTTP/1.1" 200 7979
190.45.55.254 - - [30/May/2017:10:15:15 -0300] "POST /cormun/servlet/hlogin?8792e8a4d37c26e56b2bb5e779609870,gx-no-cache=1496150171714 HTTP/1.1" 200 90
190.45.55.254 - - [30/May/2017:10:15:15 -0300] "GET /cormun/servlet/hpexe_link HTTP/1.1" 200 952
190.45.55.254 - - [30/May/2017:10:15:15 -0300] "GET /cormun/static/gxcfg.js?201731711483381 HTTP/1.1" 304 -
190.45.55.254 - - [30/May/2017:10:15:15 -0300] "GET /cormun/static/hpexe_link.js?201731711483384 HTTP/1.1" 304 -
190.45.55.254 - - [30/May/2017:10:15:15 -0300] "GET /cormun/servlet/hhome HTTP/1.1" 200 4113
190.45.55.254 - - [30/May/2017:10:15:15 -0300] "GET /cormun/static/gxcfg.js?201731711483497 HTTP/1.1" 304 -
190.45.55.254 - - [30/May/2017:10:15:15 -0300] "GET /cormun/static/hhome.js?20173171148352 HTTP/1.1" 304 -
190.45.55.254 - - [30/May/2017:10:15:16 -0300] "GET /cormun/servlet/hhome HTTP/1.1" 200 4111
190.45.55.254 - - [30/May/2017:10:15:18 -0300] "GET /cormun/servlet/trlicencias? HTTP/1.1" 200 6985
186.79.164.5 - - [30/May/2017:10:15:19 -0300] "GET /cormun/servlet/trpermisosadjuntos?9214477,20170529091153,P, HTTP/1.1" 200 6059
190.45.55.254 - - [30/May/2017:10:15:19 -0300] "GET /cormun/servlet/trlicencias? HTTP/1.1" 200 6984
186.79.164.5 - - [30/May/2017:10:15:20 -0300] "GET /cormun/servlet/trpermisosadjuntos?9214477,20170529091153,P, HTTP/1.1" 200 6060
190.45.55.254 - - [30/May/2017:10:15:22 -0300] "GET /cormun/servlet/licenciaspermisos?INS,0,,, HTTP/1.1" 200 7513
186.79.164.5 - - [30/May/2017:10:15:22 -0300] "GET /cormun/servlet/permisosadjuntos?INS,9214477,P,20170529091153,, HTTP/1.1" 200 5387
190.45.55.254 - - [30/May/2017:10:15:22 -0300] "GET /cormun/static/gxcfg.js?201741111445322 HTTP/1.1" 304 -
190.45.55.254 - - [30/May/2017:10:15:22 -0300] "GET /cormun/static/licenciaspermisos.js?201741111445392 HTTP/1.1" 304 -
186.79.164.5 - - [30/May/2017:10:15:22 -0300] "GET /cormun/static/about:blank HTTP/1.1" 404 1011
190.45.55.254 - - [30/May/2017:10:15:22 -0300] "GET /cormun/servlet/licenciaspermisos?INS,0,,, HTTP/1.1" 200 7521
186.79.38.159 - - [30/May/2017:10:15:23 -0300] "GET /cormun/servlet/solicitudot?85f0179f6c98a332ba8e54411f164b0aacf3d0b68a592e1f2d3dd862fcef61cdead89cf80b804c7a01b1f0e2baf1605970afc0ae347af7a9dcb92bff3698d476175e5bc3365d324afb2fa8558eea71168284464136341aa8f6fc1dd105b409d10035a401f1874b794d0dd8222eb824dc,gx-no-cache=1496150180208 HTTP/1.1" 200 29
186.79.164.5 - - [30/May/2017:10:15:23 -0300] "GET /cormun/servlet/permisosadjuntos?INS,9214477,P,20170529091153,, HTTP/1.1" 200 5377
186.79.38.159 - - [30/May/2017:10:15:23 -0300] "POST /cormun/servlet/solicitudot?gx-no-cache=1496150181069 HTTP/1.1" 200 709
186.79.38.159 - - [30/May/2017:10:15:27 -0300] "POST /cormun/servlet/solicitudot?gx-no-cache=1496150182657 HTTP/1.1" 200 1162
190.45.55.254 - - [30/May/2017:10:15:28 -0300] "GET /cormun/servlet/licenciaspermisos?fddb065f5eb5d774c2ae6802cfeaafd6d67c2c28f85264ff0493e84801d6fe33978067883b3826c9e82d3e393924af8d,gx-no-cache=1496150185660 HTTP/1.1" 200 66
190.45.55.254 - - [30/May/2017:10:15:29 -0300] "POST /cormun/servlet/licenciaspermisos?8792e8a4d37c26e56b2bb5e779609870,INS,0,,,,gx-no-cache=1496150185721 HTTP/1.1" 200 4615
186.79.38.159 - - [30/May/2017:10:15:41 -0300] "GET /cormun/static/menuarrow.gif HTTP/1.1" 404 1015
186.79.38.159 - - [30/May/2017:10:15:54 -0300] "GET /cormun/servlet/solicitudot?85f0179f6c98a332ba8e54411f164b0a59a0266ea8f81670d8f83de3fe3db2d2e40268fbf43029ce7ad0f5915e52f8ca0f57a1462a41be7db360834aa8b72710c25e21f5e287df991d3f7603962e1a9c7b7348ad06714d39ffb0b6f1a365e89c89ec2bab14f272e42cf502e2763a6defbf956f5c111cef821ad3e4f8114e974e358a175a96692852dabea80a8e4740e7a9e728d690d29b73faae46cee7d3aed06b4798b4ff020b76317e04d358758013,gx-no-cache=1496150211105 HTTP/1.1" 200 30
186.79.164.5 - - [30/May/2017:10:15:57 -0300] "POST /cormun/servlet/permisosadjuntos?059f450c0a9274360002acd5d90a5853,INS,9214477,P,20170529091153,, HTTP/1.1" 200 116
