186.103.156.24 - - [30/May/2017:14:26:27 -0300] "GET /cormun/static/calendar-system.css?85620 HTTP/1.1" 200 5572
186.103.156.24 - - [30/May/2017:14:26:27 -0300] "GET /cormun/static/gxcfg.js?20171317451682 HTTP/1.1" 200 953
186.103.156.24 - - [30/May/2017:14:26:27 -0300] "GET /cormun/static/Resources/Spanish/PXTools.css?18365030 HTTP/1.1" 200 89042
186.103.156.24 - - [30/May/2017:14:26:27 -0300] "GET /cormun/static/trcontratosolicitud.js?20171317452124 HTTP/1.1" 200 28173
186.103.156.24 - - [30/May/2017:14:26:27 -0300] "GET /cormun/static/Shared/ext/resources/css/ext-all.css?215870 HTTP/1.1" 200 416045
186.103.156.24 - - [30/May/2017:14:26:27 -0300] "GET /cormun//static/Resources/PXToolsGridNew.png HTTP/1.1" 200 2949
186.103.156.24 - - [30/May/2017:14:26:27 -0300] "GET /cormun/servlet/trcontratosolicitud? HTTP/1.1" 200 13793
200.112.48.20 - - [30/May/2017:14:28:16 -0300] "GET /cormun/servlet/trpermisosgoce? HTTP/1.1" 200 5933
200.112.48.20 - - [30/May/2017:14:28:17 -0300] "GET /cormun/servlet/trpermisosgoce? HTTP/1.1" 200 5929
200.112.48.20 - - [30/May/2017:14:28:17 -0300] "GET /cormun/servlet/hlogin HTTP/1.1" 200 1743
200.112.48.20 - - [30/May/2017:14:28:24 -0300] "POST /cormun/servlet/hlogin?16aed1c3e8238ffd19e9e1223eeea989,gx-no-cache=1496165360353 HTTP/1.1" 200 90
200.112.48.20 - - [30/May/2017:14:28:24 -0300] "GET /cormun/servlet/hpexe_link HTTP/1.1" 200 959
200.112.48.20 - - [30/May/2017:14:28:24 -0300] "GET /cormun/servlet/trpermisosgoce HTTP/1.1" 200 6635
200.112.48.20 - - [30/May/2017:14:28:25 -0300] "GET /cormun/servlet/trpermisosgoce HTTP/1.1" 200 6633
200.112.48.20 - - [30/May/2017:14:28:33 -0300] "GET /cormun/servlet/trpermisosgoce? HTTP/1.1" 200 6633
200.112.48.20 - - [30/May/2017:14:28:34 -0300] "GET /cormun/servlet/trpermisosgoce? HTTP/1.1" 200 6633
200.112.48.20 - - [30/May/2017:14:28:35 -0300] "GET /cormun/servlet/permisogoce?INS,0,,, HTTP/1.1" 200 6801
200.112.48.20 - - [30/May/2017:14:28:36 -0300] "GET /cormun/servlet/permisogoce?INS,0,,, HTTP/1.1" 200 6801
200.112.48.20 - - [30/May/2017:14:28:38 -0300] "GET /cormun/servlet/prfichaempleado?,MD,,gxPopupLevel%3D0%3B HTTP/1.1" 200 8876
200.112.48.20 - - [30/May/2017:14:28:47 -0300] "POST /cormun/servlet/prfichaempleado?16aed1c3e8238ffd19e9e1223eeea989,,MD,,gxPopupLevel%3D0%3B,gx-no-cache=1496165382738 HTTP/1.1" 200 3175
200.112.48.20 - - [30/May/2017:14:29:07 -0300] "POST /cormun/servlet/prfichaempleado?16aed1c3e8238ffd19e9e1223eeea989,,MD,,gxPopupLevel%3D0%3B,gx-no-cache=1496165402903 HTTP/1.1" 200 3398
200.112.48.20 - - [30/May/2017:14:29:10 -0300] "GET /cormun/servlet/permisogoce?7143f68d324d643adcf42169c719fe50c5a5cff1e7d4f734f3fbbad04e388e33394063dc17692719fa3d1a576f722039,gx-no-cache=1496165406568 HTTP/1.1" 200 75
200.112.48.20 - - [30/May/2017:14:29:16 -0300] "GET /cormun/servlet/permisogoce?7143f68d324d643adcf42169c719fe50935307b143a1d201ee8aad463260067faaa2f79d595e2eaf28c05a5e35e5cb01f42e3277a29a2746664758cc7eefea38,gx-no-cache=1496165412109 HTTP/1.1" 200 48
200.112.48.20 - - [30/May/2017:14:29:19 -0300] "POST /cormun/servlet/permisogoce?16aed1c3e8238ffd19e9e1223eeea989,INS,0,,,,gx-no-cache=1496165414402 HTTP/1.1" 200 93
200.112.48.20 - - [30/May/2017:14:29:19 -0300] "GET /cormun/servlet/hpexe_return? HTTP/1.1" 200 1011
200.112.48.20 - - [30/May/2017:14:29:19 -0300] "GET /cormun/servlet/trpermisosgoce HTTP/1.1" 200 7517
200.112.48.20 - - [30/May/2017:14:29:20 -0300] "GET /cormun/servlet/trpermisosgoce HTTP/1.1" 200 7513
200.112.48.20 - - [30/May/2017:14:29:25 -0300] "GET /cormun/servlet/trpermisosadjuntos?15430732,20170530142921,P, HTTP/1.1" 200 6345
200.112.48.20 - - [30/May/2017:14:29:26 -0300] "GET /cormun/servlet/trpermisosadjuntos?15430732,20170530142921,P, HTTP/1.1" 200 6346
200.112.48.20 - - [30/May/2017:14:29:28 -0300] "GET /cormun/servlet/permisosadjuntos?INS,15430732,P,20170530142921,, HTTP/1.1" 200 5673
200.112.48.20 - - [30/May/2017:14:29:28 -0300] "GET /cormun/static/about:blank HTTP/1.1" 404 1011
200.112.48.20 - - [30/May/2017:14:29:28 -0300] "GET /cormun/servlet/permisosadjuntos?INS,15430732,P,20170530142921,, HTTP/1.1" 200 5663
200.112.48.20 - - [30/May/2017:14:29:50 -0300] "POST /cormun/servlet/permisosadjuntos?16aed1c3e8238ffd19e9e1223eeea989,INS,15430732,P,20170530142921,,,gx-no-cache=1496165445819 HTTP/1.1" 200 93
200.112.48.20 - - [30/May/2017:14:29:50 -0300] "GET /cormun/servlet/hpexe_return? HTTP/1.1" 200 1039
200.112.48.20 - - [30/May/2017:14:29:50 -0300] "GET /cormun/servlet/trpermisosadjuntos?15430732,20170530142921,P, HTTP/1.1" 200 6670
200.112.48.20 - - [30/May/2017:14:29:51 -0300] "GET /cormun/servlet/trpermisosadjuntos?15430732,20170530142921,P, HTTP/1.1" 200 6667
200.112.48.20 - - [30/May/2017:14:29:53 -0300] "GET /cormun/servlet/permisosadjuntos?DLT,15430732,P,20170530142921,20170530142931, HTTP/1.1" 200 5624
200.112.48.20 - - [30/May/2017:14:29:54 -0300] "GET /cormun/static/about:blank HTTP/1.1" 404 1011
200.112.48.20 - - [30/May/2017:14:29:54 -0300] "GET /cormun/static/Shared/jqueryui/images/ui-bg_highlight-soft_100_c6c2c8_1x100.png HTTP/1.1" 404 1117
200.112.48.20 - - [30/May/2017:14:29:54 -0300] "GET /cormun/static/Shared/jqueryui/images/ui-icons_82798d_256x240.png HTTP/1.1" 404 1089
200.112.48.20 - - [30/May/2017:14:29:54 -0300] "GET /cormun/static/Shared/jqueryui/images/ui-bg_flat_55_fafafa_40x100.png HTTP/1.1" 404 1097
200.112.48.20 - - [30/May/2017:14:29:54 -0300] "GET /cormun/static/Shared/jqueryui/images/ui-icons_8d78a5_256x240.png HTTP/1.1" 404 1089
200.112.48.20 - - [30/May/2017:14:29:54 -0300] "GET /cormun/servlet/permisosadjuntos?DLT,15430732,P,20170530142921,20170530142931, HTTP/1.1" 200 5613
200.112.48.20 - - [30/May/2017:14:29:57 -0300] "POST /cormun/servlet/permisosadjuntos?16aed1c3e8238ffd19e9e1223eeea989,DLT,15430732,P,20170530142921,20170530142931,,gx-no-cache=1496165451481 HTTP/1.1" 200 93
200.112.48.20 - - [30/May/2017:14:29:57 -0300] "GET /cormun/servlet/hpexe_return? HTTP/1.1" 200 1043
200.112.48.20 - - [30/May/2017:14:29:57 -0300] "GET /cormun/servlet/trpermisosadjuntos?15430732,20170530142921,P, HTTP/1.1" 200 6349
200.112.48.20 - - [30/May/2017:14:29:58 -0300] "GET /cormun/servlet/trpermisosadjuntos?15430732,20170530142921,P, HTTP/1.1" 200 6346
200.112.48.20 - - [30/May/2017:14:30:04 -0300] "GET /cormun/servlet/permisosadjuntos?INS,15430732,P,20170530142921,, HTTP/1.1" 200 5674
200.112.48.20 - - [30/May/2017:14:30:04 -0300] "GET /cormun/static/about:blank HTTP/1.1" 404 1011
200.112.48.20 - - [30/May/2017:14:30:04 -0300] "GET /cormun/servlet/permisosadjuntos?INS,15430732,P,20170530142921,, HTTP/1.1" 200 5664
200.112.48.20 - - [30/May/2017:14:32:20 -0300] "POST /cormun/servlet/permisosadjuntos?16aed1c3e8238ffd19e9e1223eeea989,INS,15430732,P,20170530142921,, HTTP/1.1" 200 116
200.112.48.20 - - [30/May/2017:14:32:20 -0300] "GET /cormun/servlet/hpexe_return? HTTP/1.1" 200 1039
200.112.48.20 - - [30/May/2017:14:32:21 -0300] "GET /cormun/servlet/trpermisosadjuntos?15430732,20170530142921,P, HTTP/1.1" 200 6813
200.112.48.20 - - [30/May/2017:14:32:23 -0300] "GET /cormun/servlet/trpermisosadjuntos?15430732,20170530142921,P, HTTP/1.1" 200 6811
157.55.39.93 - - [30/May/2017:14:32:47 -0300] "GET /cormun/static/PXToolsJavascripts/pexe_layers.js HTTP/1.1" 200 4114
95.213.177.125 - - [30/May/2017:14:39:39 -0300] "CONNECT check.proxyradar.com:80 HTTP/1.1" 400 -
200.112.48.20 - - [30/May/2017:14:44:05 -0300] "GET /cormun/servlet/hlogin HTTP/1.1" 200 1720
200.112.48.20 - - [30/May/2017:14:44:20 -0300] "GET /cormun/servlet/hlogin HTTP/1.1" 200 1720
200.112.48.20 - - [30/May/2017:14:44:26 -0300] "POST /cormun/servlet/hlogin?d244ec57f23e49bf70f7f2b476d7ab61,gx-no-cache=1496166321798 HTTP/1.1" 200 90
200.112.48.20 - - [30/May/2017:14:44:26 -0300] "GET /cormun/servlet/hpexe_link HTTP/1.1" 200 947
200.112.48.20 - - [30/May/2017:14:44:26 -0300] "GET /cormun/servlet/hhome HTTP/1.1" 200 4026
200.112.48.20 - - [30/May/2017:14:44:27 -0300] "GET /cormun/servlet/hhome HTTP/1.1" 200 4022
200.112.48.20 - - [30/May/2017:14:44:30 -0300] "GET /cormun/servlet/trsolicitudot? HTTP/1.1" 200 6993
200.112.48.20 - - [30/May/2017:14:44:31 -0300] "GET /cormun/servlet/trsolicitudot? HTTP/1.1" 200 6994
200.112.48.20 - - [30/May/2017:14:45:01 -0300] "GET /cormun/servlet/solicitudot?INS,0,0, HTTP/1.1" 200 12846
200.112.48.20 - - [30/May/2017:14:45:01 -0300] "GET /cormun/servlet/solicitudot?INS,0,0, HTTP/1.1" 200 12851
200.112.48.20 - - [30/May/2017:14:45:09 -0300] "POST /cormun/servlet/solicitudot?gx-no-cache=1496166364146 HTTP/1.1" 200 3158
200.112.48.20 - - [30/May/2017:14:45:09 -0300] "GET /cormun/static/Shared/jqueryui/images/ui-bg_highlight-soft_100_c6c2c8_1x100.png HTTP/1.1" 404 1117
200.112.48.20 - - [30/May/2017:14:45:09 -0300] "GET /cormun/static/Shared/jqueryui/images/ui-bg_flat_55_994d53_40x100.png HTTP/1.1" 404 1097
200.112.48.20 - - [30/May/2017:14:45:09 -0300] "GET /cormun/static/Shared/jqueryui/images/ui-icons_ebccce_256x240.png HTTP/1.1" 404 1089
200.112.48.20 - - [30/May/2017:14:45:09 -0300] "GET /cormun/static/Shared/jqueryui/images/ui-icons_82798d_256x240.png HTTP/1.1" 404 1089
200.112.48.20 - - [30/May/2017:14:45:09 -0300] "GET /cormun/servlet/solicitudot?ef7e2309273d10696b73d3a97e1257dc67ae6cf28fd25547be3063cd73066eb1,gx-no-cache=1496166364578 HTTP/1.1" 200 111
200.112.48.20 - - [30/May/2017:14:45:11 -0300] "GET /cormun/servlet/solicitudot?ef7e2309273d10696b73d3a97e1257dcb5d8a64322e86eb191aad66f43adf664f4b060078e70994b79df0f0826b812a97c092a9f8a87c5c263942667767d315f6f7046e98d838b07ad8dea2202a7bafc7d29fece18e1603d5909a169a83c2080810e005dc6d6d59328bfbc81f529ef7039010ff16fcd74d31b3f65df2c5511226babe3dda04557a27d4120d96853b86ffb20b085ec12a8f904a5ae071c8b8925e479cef770a16cc69cb442f86a24939a24a9abf7790a35b914ee455987050e7c68627c99b4fbf18e9a6ba620ae909546d48f1241094f5e147763b2fce7b8b7e633d6d13571a44aaa6a22dbd956b07af272a6869e95a8dd00b4b0dd81bf18fc804e24836b69fe33dcc22e9fa358cbae2abbad40baa0320abf83c2d6bdf0ab34040692a9a34ea33b6174c2e958ab728fd3b8bc71ac1a687ea30b36ae152b9c42efef0e7fad7157194fa0152b4edcaea66d,gx-no-cache=1496166366610 HTTP/1.1" 200 255
200.112.48.20 - - [30/May/2017:14:45:16 -0300] "GET /cormun/servlet/solicitudot?ef7e2309273d10696b73d3a97e1257dc0708b82b03e1de430303473b005cfbc8fc935975978a67c165717567565bb74c6f180af2229d2e69c61f3cff69e8e705952025f503dbf756ede8c726d8e6636b25f5e5bc5dbe25bd6a413455d5f63c100aba6b33dff5684ca9e214788f5bc5fed4c4cdd45b915d10d155eef31bb27e73db85c0d0d4eb808296af6498ab0d989cd4f92a35d9c7bb19cd959e38e4f149416c02431c154f0f2e5c80c4ad584cd1d7e1778fcd94ed93fe4786139799916b361adf656adb2cfa00d7cf9e0bd10f8fa665fa29d62fa2bb8e81ee929eebc6d626a38ffbf1df6e6c2a492705bfda095f4b7a44df30cf40144729b151a96a684741c6ba0877991b14a39a3e297f5c2110ca5baa4f366e9226464526c6944dee5414ffd2850da2c791e9f95f5378fa83db5c2577bc8a2bf09a18744fb4e621b505fd4bddfbd9e331584f24ad99af133de0fe769e8c5ea8b7d2a94a4666a8e80807fe0dade439616f41f49c922934991d5b2887cd3ed1d15474e6d6fabe5178486097,gx-no-cache=1496166371561 HTTP/1.1" 200 30
192.168.10.96 - - [30/May/2017:14:45:39 -0300] "GET /cormun/servlet/trsolicitudgral? HTTP/1.1" 200 23880
192.168.10.96 - - [30/May/2017:14:45:40 -0300] "GET /cormun/servlet/hlogin HTTP/1.1" 200 1738
192.168.10.96 - - [30/May/2017:14:45:41 -0300] "GET /cormun/servlet/trsolicitudgral? HTTP/1.1" 200 23865
200.112.48.20 - - [30/May/2017:14:45:42 -0300] "POST /cormun/servlet/solicitudot?gx-no-cache=1496166397221 HTTP/1.1" 200 3247
200.112.48.20 - - [30/May/2017:14:45:43 -0300] "GET /cormun/servlet/solicitudot?ef7e2309273d10696b73d3a97e1257dcef6014772f0ea5fab348c7cdbfb1f61fd292f489d4b8c3e4d8a1b1e108316f8b,gx-no-cache=1496166398476 HTTP/1.1" 200 30
200.112.48.20 - - [30/May/2017:14:45:47 -0300] "POST /cormun/servlet/solicitudot?gx-no-cache=1496166402460 HTTP/1.1" 200 3247
192.168.10.96 - - [30/May/2017:14:45:49 -0300] "POST /cormun/servlet/hlogin?4c1cd9b697713a8804d54831b79b7793,gx-no-cache=1496166352201 HTTP/1.1" 200 451
192.168.10.96 - - [30/May/2017:14:45:54 -0300] "POST /cormun/servlet/hlogin?4c1cd9b697713a8804d54831b79b7793,gx-no-cache=1496166356806 HTTP/1.1" 200 90
192.168.10.96 - - [30/May/2017:14:45:54 -0300] "GET /cormun/servlet/hpexe_link HTTP/1.1" 200 956
192.168.10.96 - - [30/May/2017:14:45:55 -0300] "GET /cormun/servlet/trsolicitudgral HTTP/1.1" 200 24858
200.112.48.20 - - [30/May/2017:14:45:55 -0300] "GET /cormun/servlet/prfichaempleado?,MD,,gxPopupLevel%3D0%3B HTTP/1.1" 200 8867
192.168.10.96 - - [30/May/2017:14:45:56 -0300] "GET /cormun/servlet/trsolicitudgral HTTP/1.1" 200 24857
200.112.48.20 - - [30/May/2017:14:46:03 -0300] "POST /cormun/servlet/prfichaempleado?d244ec57f23e49bf70f7f2b476d7ab61,,MD,,gxPopupLevel%3D0%3B,gx-no-cache=1496166418200 HTTP/1.1" 200 5916
200.112.48.20 - - [30/May/2017:14:46:03 -0300] "GET /cormun/static/Resources/PXToolsGridNext.gif HTTP/1.1" 200 369
200.112.48.20 - - [30/May/2017:14:46:03 -0300] "GET /cormun/static/Resources/PXToolsGridLast.gif HTTP/1.1" 200 370
200.112.48.20 - - [30/May/2017:14:46:06 -0300] "POST /cormun/servlet/prfichaempleado?d244ec57f23e49bf70f7f2b476d7ab61,,MD,,gxPopupLevel%3D0%3B,gx-no-cache=1496166421428 HTTP/1.1" 200 3453
192.168.10.96 - - [30/May/2017:14:46:17 -0300] "POST /cormun/servlet/trsolicitudgral?4c1cd9b697713a8804d54831b79b7793,gx-no-cache=1496166380247 HTTP/1.1" 200 12215
200.112.48.20 - - [30/May/2017:14:46:18 -0300] "POST /cormun/servlet/solicitudot?gx-no-cache=1496166432792 HTTP/1.1" 200 3247
200.112.48.20 - - [30/May/2017:14:46:23 -0300] "GET /cormun/servlet/prfichaempleado?,MD,,gxPopupLevel%3D0%3B HTTP/1.1" 200 8867
192.168.10.96 - - [30/May/2017:14:46:24 -0300] "POST /cormun/servlet/trsolicitudgral?4c1cd9b697713a8804d54831b79b7793,gx-no-cache=1496166386607 HTTP/1.1" 200 5193
200.112.48.20 - - [30/May/2017:14:46:28 -0300] "POST /cormun/servlet/prfichaempleado?d244ec57f23e49bf70f7f2b476d7ab61,,MD,,gxPopupLevel%3D0%3B,gx-no-cache=1496166442673 HTTP/1.1" 200 5916
192.168.10.96 - - [30/May/2017:14:46:31 -0300] "POST /cormun/servlet/trsolicitudgral?4c1cd9b697713a8804d54831b79b7793,gx-no-cache=1496166393601 HTTP/1.1" 200 5197
200.112.48.20 - - [30/May/2017:14:46:33 -0300] "POST /cormun/servlet/prfichaempleado?d244ec57f23e49bf70f7f2b476d7ab61,,MD,,gxPopupLevel%3D0%3B,gx-no-cache=1496166447908 HTTP/1.1" 200 3453
192.168.10.96 - - [30/May/2017:14:46:34 -0300] "POST /cormun/servlet/trsolicitudgral?4c1cd9b697713a8804d54831b79b7793,gx-no-cache=1496166396923 HTTP/1.1" 200 5199
192.168.10.96 - - [30/May/2017:14:46:37 -0300] "POST /cormun/servlet/trsolicitudgral?4c1cd9b697713a8804d54831b79b7793,gx-no-cache=1496166400091 HTTP/1.1" 200 8181
200.112.48.20 - - [30/May/2017:14:46:40 -0300] "POST /cormun/servlet/solicitudot?gx-no-cache=1496166455611 HTTP/1.1" 200 3247
192.168.10.96 - - [30/May/2017:14:46:43 -0300] "POST /cormun/servlet/trsolicitudgral?4c1cd9b697713a8804d54831b79b7793,gx-no-cache=1496166406427 HTTP/1.1" 200 5201
192.168.10.96 - - [30/May/2017:14:46:47 -0300] "POST /cormun/servlet/trsolicitudgral?4c1cd9b697713a8804d54831b79b7793,gx-no-cache=1496166409836 HTTP/1.1" 200 7864
192.168.10.96 - - [30/May/2017:14:46:52 -0300] "POST /cormun/servlet/trsolicitudgral?4c1cd9b697713a8804d54831b79b7793,gx-no-cache=1496166414461 HTTP/1.1" 200 21888
192.168.10.96 - - [30/May/2017:14:47:15 -0300] "POST /cormun/servlet/trsolicitudgral?4c1cd9b697713a8804d54831b79b7793,gx-no-cache=1496166437691 HTTP/1.1" 200 7863
192.168.10.96 - - [30/May/2017:14:47:40 -0300] "POST /cormun/servlet/trsolicitudgral?4c1cd9b697713a8804d54831b79b7793,gx-no-cache=1496166462695 HTTP/1.1" 200 8182
200.112.48.20 - - [30/May/2017:14:49:42 -0300] "POST /cormun/servlet/solicitudot?gx-no-cache=1496166637633 HTTP/1.1" 200 30
200.112.48.20 - - [30/May/2017:14:49:43 -0300] "POST /cormun/servlet/solicitudot?gx-no-cache=1496166638114 HTTP/1.1" 200 235
200.112.48.20 - - [30/May/2017:14:49:43 -0300] "POST /cormun/servlet/solicitudot?gx-no-cache=1496166638529 HTTP/1.1" 200 38
200.112.48.20 - - [30/May/2017:14:49:54 -0300] "POST /cormun/servlet/solicitudot?gx-no-cache=1496166649275 HTTP/1.1" 200 240
200.112.48.20 - - [30/May/2017:14:49:57 -0300] "GET /cormun/servlet/solicitudot?ef7e2309273d10696b73d3a97e1257dc0708b82b03e1de430303473b005cfbc87fb06c7334020d38e106219c101180186f180af2229d2e69c61f3cff69e8e705952025f503dbf756ede8c726d8e6636b25f5e5bc5dbe25bd6a413455d5f63c100aba6b33dff5684ca9e214788f5bc5fed4c4cdd45b915d10d155eef31bb27e73db85c0d0d4eb808296af6498ab0d989cd4f92a35d9c7bb19cd959e38e4f149416c02431c154f0f2e5c80c4ad584cd1d7e1778fcd94ed93fe4786139799916b361adf656adb2cfa00d7cf9e0bd10f8fa665fa29d62fa2bb8e81ee929eebc6d626a38ffbf1df6e6c2a492705bfda095f4b7a44df30cf40144729b151a96a684741c6ba0877991b14a39a3e297f5c2110cab61ff0fb307d2b7a2e9bfcd47ecaa4f7c33d19e84c4e29993dac0fb12d865d9045f24c51f5152add5d9bbbb80e9cad89e60111cc01f2b4ab676677ddbcfe8a7fe73f11cf9789a0b3e2397367b88ee9600b62e46a5960acaf08e469f8e01037b7334990ac56b2c8573d95aae3b379ceca,gx-no-cache=1496166651926 HTTP/1.1" 200 30
200.112.48.20 - - [30/May/2017:14:50:00 -0300] "POST /cormun/servlet/solicitudot?gx-no-cache=1496166655867 HTTP/1.1" 200 30
207.46.13.139 - - [30/May/2017:14:50:27 -0300] "GET /cormun/servlet/trpermisosgoce HTTP/1.1" 200 5967
207.46.13.139 - - [30/May/2017:14:51:23 -0300] "GET /cormun/static/Resources/asc.gif HTTP/1.1" 200 67
186.103.248.213 - - [30/May/2017:14:52:37 -0300] "GET /cormun/servlet/hlogin HTTP/1.1" 200 1726
186.103.248.213 - - [30/May/2017:14:52:54 -0300] "POST /cormun/servlet/hlogin?05868e84d4a18011054361019e841da9,gx-no-cache=1496166830809 HTTP/1.1" 200 90
186.103.248.213 - - [30/May/2017:14:52:54 -0300] "GET /cormun/servlet/hpexe_link HTTP/1.1" 200 951
186.103.248.213 - - [30/May/2017:14:52:54 -0300] "GET /cormun/servlet/hhome HTTP/1.1" 200 3775
186.103.248.213 - - [30/May/2017:14:52:55 -0300] "GET /cormun/servlet/hhome HTTP/1.1" 200 3771
200.112.48.20 - - [30/May/2017:14:53:11 -0300] "GET /cormun/servlet/trlicencias? HTTP/1.1" 200 6913
200.112.48.20 - - [30/May/2017:14:53:11 -0300] "GET /cormun/servlet/trlicencias? HTTP/1.1" 200 6887
200.112.48.20 - - [30/May/2017:14:53:16 -0300] "POST /cormun/servlet/trlicencias?16aed1c3e8238ffd19e9e1223eeea989,,gx-no-cache=1496166851216 HTTP/1.1" 200 10151
200.112.48.20 - - [30/May/2017:14:54:05 -0300] "GET /cormun/servlet/prfichaempleado?,MD,,gxPopupLevel%3D0%3B HTTP/1.1" 200 8867
200.112.48.20 - - [30/May/2017:14:54:11 -0300] "POST /cormun/servlet/prfichaempleado?d244ec57f23e49bf70f7f2b476d7ab61,,MD,,gxPopupLevel%3D0%3B,gx-no-cache=1496166905378 HTTP/1.1" 200 4211
200.112.48.20 - - [30/May/2017:14:54:21 -0300] "POST /cormun/servlet/solicitudot?gx-no-cache=1496166916821 HTTP/1.1" 200 1297
200.112.48.20 - - [30/May/2017:14:54:22 -0300] "GET /cormun/static/menuarrow.gif HTTP/1.1" 404 1015
200.112.48.20 - - [30/May/2017:14:54:27 -0300] "GET /cormun/servlet/prlicenciaspermisos?17117969,L,,MD,,gxPopupLevel%3D0%3B HTTP/1.1" 200 5584
200.112.48.20 - - [30/May/2017:14:54:27 -0300] "GET /cormun/static/gxcfg.js?201741111445743 HTTP/1.1" 200 953
200.112.48.20 - - [30/May/2017:14:54:27 -0300] "GET /cormun/static/prlicenciaspermisos.js?201741111445890 HTTP/1.1" 200 13360
186.103.248.213 - - [30/May/2017:14:54:35 -0300] "GET /cormun/servlet/trsolicitudot? HTTP/1.1" 200 6730
186.103.248.213 - - [30/May/2017:14:54:35 -0300] "GET /cormun/servlet/trsolicitudot? HTTP/1.1" 200 6729
200.112.48.20 - - [30/May/2017:14:54:36 -0300] "POST /cormun/servlet/solicitudot?gx-no-cache=1496166932106 HTTP/1.1" 200 41
186.103.248.213 - - [30/May/2017:14:54:38 -0300] "GET /cormun/servlet/solicitudot?INS,0,0, HTTP/1.1" 200 12605
186.103.248.213 - - [30/May/2017:14:54:38 -0300] "GET /cormun/servlet/solicitudot?INS,0,0, HTTP/1.1" 200 12610
186.103.248.213 - - [30/May/2017:14:54:56 -0300] "POST /cormun/servlet/solicitudot?gx-no-cache=1496166952676 HTTP/1.1" 200 3099
186.103.248.213 - - [30/May/2017:14:54:57 -0300] "POST /cormun/servlet/solicitudot?05868e84d4a18011054361019e841da9,INS,0,0,,gx-no-cache=1496166953154 HTTP/1.1" 200 9701
186.103.248.213 - - [30/May/2017:14:54:57 -0300] "GET /cormun/servlet/solicitudot?f62af5c44d3c830896feedacd3818e7cb14227b659baba398def36f812d6f3586fd02baf33b55729a4e5097b633618aa,gx-no-cache=1496166954058 HTTP/1.1" 200 111
186.103.248.213 - - [30/May/2017:14:54:57 -0300] "GET /cormun/static/Shared/jqueryui/images/ui-bg_highlight-soft_100_c6c2c8_1x100.png HTTP/1.1" 404 1117
186.103.248.213 - - [30/May/2017:14:54:57 -0300] "GET /cormun/static/Shared/jqueryui/images/ui-bg_flat_55_994d53_40x100.png HTTP/1.1" 404 1097
186.103.248.213 - - [30/May/2017:14:54:57 -0300] "GET /cormun/static/Shared/jqueryui/images/ui-icons_ebccce_256x240.png HTTP/1.1" 404 1089
186.103.248.213 - - [30/May/2017:14:54:57 -0300] "GET /cormun/static/Shared/jqueryui/images/ui-icons_82798d_256x240.png HTTP/1.1" 404 1089
186.103.248.213 - - [30/May/2017:14:55:12 -0300] "GET /cormun/servlet/solicitudot?f62af5c44d3c830896feedacd3818e7c8ac6575681e780cb0bcc9ac03d5feb74f739bbabd2f77a31edc76a660ae6e34b,gx-no-cache=1496166968282 HTTP/1.1" 200 30
200.112.48.20 - - [30/May/2017:14:55:45 -0300] "GET /cormun/servlet/solicitudot?ef7e2309273d10696b73d3a97e1257dce6179b52bb2baeaf92e5d4c757dc943172a6869e95a8dd00b4b0dd81bf18fc804e24836b69fe33dcc22e9fa358cbae2a1832d346251d6f01170edd73e4751a2b,gx-no-cache=1496167000634 HTTP/1.1" 200 29
200.112.48.20 - - [30/May/2017:14:55:46 -0300] "POST /cormun/servlet/solicitudot?gx-no-cache=1496167001061 HTTP/1.1" 200 1280
200.112.48.20 - - [30/May/2017:14:55:46 -0300] "POST /cormun/servlet/solicitudot?gx-no-cache=1496167001394 HTTP/1.1" 200 1162
200.112.48.20 - - [30/May/2017:14:55:51 -0300] "GET /cormun/servlet/solicitudot?ef7e2309273d10696b73d3a97e1257dc127390845c14b217ae6e0f6f63e3539d717fdff6a16a0e2d5d92b0234f4558e3f0be8048f6943fa94d8e4e860686a4843a82b34616d957a89acea257ead97f30caad8372b3e98f412f47b675f2c2be4617656d7daefdc028868b060184a81b534ae9268e4eae935907fd6eda562868e66175257febb305e03899ffaa6adbd2745c65e97cb76b0f3ffe8c1f387953b1d03488d4a99f898ed93e6b68197284c450394bdc70e619b2e61ac976c21a985c67,gx-no-cache=1496167006531 HTTP/1.1" 200 30
186.103.248.213 - - [30/May/2017:14:56:52 -0300] "POST /cormun/servlet/solicitudot?gx-no-cache=1496167068891 HTTP/1.1" 200 297
200.112.48.20 - - [30/May/2017:14:56:54 -0300] "GET /cormun/servlet/solicitudot?ef7e2309273d10696b73d3a97e1257dc0708b82b03e1de430303473b005cfbc87fb06c7334020d38e106219c101180186f180af2229d2e69c61f3cff69e8e705952025f503dbf756ede8c726d8e6636b25f5e5bc5dbe25bd6a413455d5f63c100aba6b33dff5684ca9e214788f5bc5fed4c4cdd45b915d10d155eef31bb27e73db85c0d0d4eb808296af6498ab0d989cd4f92a35d9c7bb19cd959e38e4f149416c02431c154f0f2e5c80c4ad584cd1d7e1778fcd94ed93fe4786139799916b361adf656adb2cfa00d7cf9e0bd10f8fa665fa29d62fa2bb8e81ee929eebc6d626a38ffbf1df6e6c2a492705bfda095f4b7a44df30cf40144729b151a96a684741c6ba0877991b14a39a3e297f5c2110cab61ff0fb307d2b7a2e9bfcd47ecaa4f7c33d19e84c4e29993dac0fb12d865d9045f24c51f5152add5d9bbbb80e9cad89e60111cc01f2b4ab676677ddbcfe8a7fe73f11cf9789a0b3e2397367b88ee9600b62e46a5960acaf08e469f8e01037b7334990ac56b2c8573d95aae3b379ceca,gx-no-cache=1496167069267 HTTP/1.1" 200 30
200.112.48.20 - - [30/May/2017:14:56:54 -0300] "POST /cormun/servlet/solicitudot?gx-no-cache=1496167069410 HTTP/1.1" 200 30
200.112.48.20 - - [30/May/2017:14:56:54 -0300] "POST /cormun/servlet/solicitudot?gx-no-cache=1496167069505 HTTP/1.1" 200 1297
200.112.48.20 - - [30/May/2017:14:56:54 -0300] "POST /cormun/servlet/solicitudot?gx-no-cache=1496167069722 HTTP/1.1" 200 41
200.112.48.20 - - [30/May/2017:14:56:55 -0300] "POST /cormun/servlet/solicitudot?gx-no-cache=1496167070113 HTTP/1.1" 200 1280
200.112.48.20 - - [30/May/2017:14:56:55 -0300] "POST /cormun/servlet/solicitudot?gx-no-cache=1496167070353 HTTP/1.1" 200 1162
200.112.48.20 - - [30/May/2017:14:56:55 -0300] "GET /cormun/servlet/solicitudot?ef7e2309273d10696b73d3a97e1257dc127390845c14b217ae6e0f6f63e3539d717fdff6a16a0e2d5d92b0234f4558e3f0be8048f6943fa94d8e4e860686a4843a82b34616d957a89acea257ead97f30caad8372b3e98f412f47b675f2c2be4617656d7daefdc028868b060184a81b534ae9268e4eae935907fd6eda562868e66175257febb305e03899ffaa6adbd2745c65e97cb76b0f3ffe8c1f387953b1d03488d4a99f898ed93e6b68197284c450394bdc70e619b2e61ac976c21a985c67,gx-no-cache=1496167070542 HTTP/1.1" 200 30
186.103.248.213 - - [30/May/2017:14:56:55 -0300] "GET /cormun/servlet/solicitudot?f62af5c44d3c830896feedacd3818e7c4d0ffb9af5ce11ab2fb092ec665a44a8d25f42b1b24c7b1974bb8530c90c752601bf06f7a6aec3d7af857179ebaffd5701f4a59f088d3330cd50ea4cfaac360710237a901023a32149f70d4282ae614fa55741161d70d68c169b386b51c6ace12ea7c35abb38a506f6f20f8a6152be247bb2784c69f53650d52444bc23cbd668299601227fb30153da34cb2843bd584b3747ebccdfdeaa20b33eadcb32764ed4286652c6c546ad50d77bec121ce62d49aa926619fcebcc50e0cf351322d320e6255bec0e5cb8dc3f7b9f8ff46fb1d398daed13bda2fa7e09d7d1a2714ce06219fc6a6fea4e073e81e973a4bdce36ad2a25a187da674eab2bdd2d2644052c7ed1e809a740c318d786c3e74031d8a34ea978c5a28b4cd73e8935f0a44a26e672057cb2f3b11510b56d6372c1df9f0677b144cca2b617c5a5a8464ca6e78d4e24e6324c1f3be30c1330d84ed5ccbebef3140c8c77f969d5ef5022af216fea25e8a819014c5958522ebc10cc3a29d054b2035369d98c847ea0566c065e177d1f0569,gx-no-cache=1496167071690 HTTP/1.1" 200 30
200.112.48.20 - - [30/May/2017:14:56:55 -0300] "POST /cormun/servlet/solicitudot?d244ec57f23e49bf70f7f2b476d7ab61,INS,0,0,,gx-no-cache=1496167070662 HTTP/1.1" 200 11273
186.103.248.213 - - [30/May/2017:14:57:01 -0300] "POST /cormun/servlet/solicitudot?gx-no-cache=1496167077645 HTTP/1.1" 200 30
186.103.248.213 - - [30/May/2017:14:57:02 -0300] "POST /cormun/servlet/solicitudot?gx-no-cache=1496167079459 HTTP/1.1" 200 235
186.103.248.213 - - [30/May/2017:14:57:02 -0300] "POST /cormun/servlet/solicitudot?gx-no-cache=1496167079641 HTTP/1.1" 200 38
200.112.48.20 - - [30/May/2017:14:57:08 -0300] "POST /cormun/servlet/solicitudot?gx-no-cache=1496167083008 HTTP/1.1" 200 3269
192.168.10.62 - - [30/May/2017:14:57:11 -0300] "POST /cormun/servlet/trsolicitudgral?2ea48b9ea149fc6d1ba94a040869430d,,gx-no-cache=1496167034223 HTTP/1.1" 440 972
192.168.10.62 - - [30/May/2017:14:57:13 -0300] "GET /cormun/servlet/trsolicitudgral? HTTP/1.1" 200 23866
192.168.10.62 - - [30/May/2017:14:57:14 -0300] "GET /cormun/servlet/hlogin HTTP/1.1" 200 1740
192.168.10.62 - - [30/May/2017:14:57:14 -0300] "GET /cormun/servlet/trsolicitudgral? HTTP/1.1" 200 23866
192.168.10.62 - - [30/May/2017:14:57:27 -0300] "POST /cormun/servlet/hlogin?0be8760e04923e44c9ee5e2b76eedddf,gx-no-cache=1496167050338 HTTP/1.1" 200 90
192.168.10.62 - - [30/May/2017:14:57:27 -0300] "GET /cormun/servlet/hpexe_link HTTP/1.1" 200 957
192.168.10.62 - - [30/May/2017:14:57:28 -0300] "GET /cormun/servlet/trsolicitudgral HTTP/1.1" 200 11027
192.168.10.62 - - [30/May/2017:14:57:28 -0300] "GET /cormun/servlet/trsolicitudgral HTTP/1.1" 200 11026
200.112.48.20 - - [30/May/2017:14:57:28 -0300] "GET /cormun/servlet/solicitudot?ef7e2309273d10696b73d3a97e1257dc0708b82b03e1de430303473b005cfbc8fc935975978a67c165717567565bb74c6f180af2229d2e69c61f3cff69e8e705952025f503dbf756ede8c726d8e6636b25f5e5bc5dbe25bd6a413455d5f63c100aba6b33dff5684ca9e214788f5bc5fed4c4cdd45b915d10d155eef31bb27e73db85c0d0d4eb808296af6498ab0d989cd4f92a35d9c7bb19cd959e38e4f149416c02431c154f0f2e5c80c4ad584cd1d7e1778fcd94ed93fe4786139799916b361adf656adb2cfa00d7cf9e0bd10f8fa665fa29d62fa2bb8e81ee929eebc6d626a38ffbf1df6e6c2a492705bfda095f4bd78e7a847f412f64ef1bffea8ab43f34c6ba0877991b14a39a3e297f5c2110ca5baa4f366e9226464526c6944dee5414ffd2850da2c791e9f95f5378fa83db5c2577bc8a2bf09a18744fb4e621b505fd4bddfbd9e331584f24ad99af133de0fe769e8c5ea8b7d2a94a4666a8e80807fe0dade439616f41f49c922934991d5b288d26e01851080c4905b191a03540f565,gx-no-cache=1496167103535 HTTP/1.1" 200 30
200.112.48.20 - - [30/May/2017:14:57:28 -0300] "POST /cormun/servlet/solicitudot?gx-no-cache=1496167103744 HTTP/1.1" 200 30
200.112.48.20 - - [30/May/2017:14:57:29 -0300] "POST /cormun/servlet/solicitudot?gx-no-cache=1496167103856 HTTP/1.1" 200 1297
200.112.48.20 - - [30/May/2017:14:57:29 -0300] "POST /cormun/servlet/solicitudot?gx-no-cache=1496167104487 HTTP/1.1" 200 41
200.112.48.20 - - [30/May/2017:14:57:29 -0300] "POST /cormun/servlet/solicitudot?gx-no-cache=1496167104599 HTTP/1.1" 200 1280
200.112.48.20 - - [30/May/2017:14:57:30 -0300] "POST /cormun/servlet/solicitudot?gx-no-cache=1496167104850 HTTP/1.1" 200 1162
200.112.48.20 - - [30/May/2017:14:57:30 -0300] "GET /cormun/servlet/solicitudot?ef7e2309273d10696b73d3a97e1257dc127390845c14b217ae6e0f6f63e3539d717fdff6a16a0e2d5d92b0234f4558e3f0be8048f6943fa94d8e4e860686a4843a82b34616d957a89acea257ead97f30caad8372b3e98f412f47b675f2c2be4617656d7daefdc028868b060184a81b534ae9268e4eae935907fd6eda562868e66175257febb305e03899ffaa6adbd2745c65e97cb76b0f3ffe8c1f387953b1d03488d4a99f898ed93e6b68197284c45062d2dd45cfce9f2ce1fc941533ad7dad,gx-no-cache=1496167105602 HTTP/1.1" 200 32
200.112.48.20 - - [30/May/2017:14:57:31 -0300] "POST /cormun/servlet/solicitudot?d244ec57f23e49bf70f7f2b476d7ab61,INS,0,0,,gx-no-cache=1496167105695 HTTP/1.1" 200 11347
186.103.248.213 - - [30/May/2017:14:57:41 -0300] "GET /cormun/servlet/solicitudot?f62af5c44d3c830896feedacd3818e7c6efeb1dc4c343ffe904bbf5b96321ca8c178f341abbb2ea6f6a11c6ed583f5edc57eb58a19cf85ada73411c5e98f26ada7ec111fc5c7f8438a3102893fb0cb6e5f2ae1cbd8c1cdd3b0416d8f65aeb095f3403a3ce14992d85bf13f86e9d85e18,gx-no-cache=1496167118432 HTTP/1.1" 200 29
186.103.248.213 - - [30/May/2017:14:57:41 -0300] "POST /cormun/servlet/solicitudot?gx-no-cache=1496167118596 HTTP/1.1" 200 709
186.103.248.213 - - [30/May/2017:14:57:43 -0300] "POST /cormun/servlet/solicitudot?gx-no-cache=1496167119982 HTTP/1.1" 200 1162
192.168.10.62 - - [30/May/2017:14:57:44 -0300] "POST /cormun/servlet/trsolicitudgral?0be8760e04923e44c9ee5e2b76eedddf,gx-no-cache=1496167066534 HTTP/1.1" 200 6063
186.103.248.213 - - [30/May/2017:14:57:49 -0300] "GET /cormun/servlet/solicitudot?f62af5c44d3c830896feedacd3818e7c20ff1aaac65a625eec6c1d61f24d01bc9be8444f9cd45482ac7d603b7568b12a1160c54a4b5d5ca5b720b1b545c97c89877e83fa6588363282a3350703bfb6ec827788f0556a14c34990de81b610acb931e2602892eaf59b603a43ca12f7d766ed178fdbfebe5cc953239f5ca319751b563588bfc17ff8dc7d93376f2c82d8397e5833daf096aa88eb6f612003d8695c,gx-no-cache=1496167126328 HTTP/1.1" 200 30
186.103.248.213 - - [30/May/2017:14:57:51 -0300] "GET /cormun/static/menuarrow.gif HTTP/1.1" 404 1015
192.168.10.62 - - [30/May/2017:14:58:02 -0300] "POST /cormun/servlet/trsolicitudgral?0be8760e04923e44c9ee5e2b76eedddf,gx-no-cache=1496167085094 HTTP/1.1" 200 6475
186.103.248.213 - - [30/May/2017:14:58:07 -0300] "GET /cormun/servlet/solicitudot?f62af5c44d3c830896feedacd3818e7c20ff1aaac65a625eec6c1d61f24d01bc766cccda91ab753668765d92be4b6b08ec2363a5ddf2c6bec5a7b88001f8e430fdc9adcccb1f13f164358b0e3767b13529acd01da64753c12383d6f0f109f7e23883f4d858db2e78f1297c071928f60d5828e713de71e8931091954b72dfe3c5cb9cf7bdedf177d732f9534a1ec2f21128326c022df01c9d561fa3f578fc56348c849fb478160dcb3b0312d16017e42b,gx-no-cache=1496167144123 HTTP/1.1" 200 30
200.112.48.20 - - [30/May/2017:14:58:24 -0300] "GET /cormun/servlet/prfichaempleado?,MD,,gxPopupLevel%3D0%3B HTTP/1.1" 200 8867
200.112.48.20 - - [30/May/2017:14:58:42 -0300] "POST /cormun/servlet/prfichaempleado?d244ec57f23e49bf70f7f2b476d7ab61,,MD,,gxPopupLevel%3D0%3B,gx-no-cache=1496167177270 HTTP/1.1" 200 3446
186.103.248.213 - - [30/May/2017:14:58:54 -0300] "POST /cormun/servlet/solicitudot?gx-no-cache=1496167190136 HTTP/1.1" 200 1280
186.103.248.213 - - [30/May/2017:14:58:54 -0300] "POST /cormun/servlet/solicitudot?gx-no-cache=1496167190808 HTTP/1.1" 200 1162
186.103.248.213 - - [30/May/2017:14:58:54 -0300] "GET /cormun/servlet/solicitudot?f62af5c44d3c830896feedacd3818e7c20ff1aaac65a625eec6c1d61f24d01bc766cccda91ab753668765d92be4b6b08ec2363a5ddf2c6bec5a7b88001f8e430fdc9adcccb1f13f164358b0e3767b13529acd01da64753c12383d6f0f109f7e23883f4d858db2e78f1297c071928f60d5828e713de71e8931091954b72dfe3c5cb9cf7bdedf177d732f9534a1ec2f21128326c022df01c9d561fa3f578fc56348c849fb478160dcb3b0312d16017e42b,gx-no-cache=1496167191139 HTTP/1.1" 200 30
186.103.248.213 - - [30/May/2017:14:58:55 -0300] "POST /cormun/servlet/solicitudot?05868e84d4a18011054361019e841da9,INS,0,0,,gx-no-cache=1496167191234 HTTP/1.1" 200 93
186.103.248.213 - - [30/May/2017:14:58:55 -0300] "GET /cormun/servlet/hpexe_return? HTTP/1.1" 200 1006
186.103.248.213 - - [30/May/2017:14:58:55 -0300] "GET /cormun/servlet/trsolicitudot HTTP/1.1" 200 7989
186.103.248.213 - - [30/May/2017:14:58:56 -0300] "GET /cormun/servlet/trsolicitudot HTTP/1.1" 200 7986
186.103.248.213 - - [30/May/2017:14:58:56 -0300] "GET /cormun//static/Resources/PXToolsActionView.png HTTP/1.1" 200 2995
186.103.248.213 - - [30/May/2017:14:58:56 -0300] "GET /cormun//static/Resources/PXToolsRemoveAllAction.png HTTP/1.1" 200 3558
200.112.48.20 - - [30/May/2017:14:58:57 -0300] "POST /cormun/servlet/solicitudot?gx-no-cache=1496167192510 HTTP/1.1" 200 3269
186.103.248.213 - - [30/May/2017:14:58:59 -0300] "POST /cormun/servlet/trsolicitudot?05868e84d4a18011054361019e841da9,gx-no-cache=1496167195847 HTTP/1.1" 200 5436
186.103.248.213 - - [30/May/2017:14:58:59 -0300] "GET /cormun/static/Shared/jqueryui/images/ui-bg_highlight-soft_100_c6c2c8_1x100.png HTTP/1.1" 404 1117
186.103.248.213 - - [30/May/2017:14:58:59 -0300] "GET /cormun/static/Shared/jqueryui/images/ui-icons_82798d_256x240.png HTTP/1.1" 404 1089
186.103.248.213 - - [30/May/2017:14:58:59 -0300] "GET /cormun/static/Shared/jqueryui/images/ui-bg_flat_55_fafafa_40x100.png HTTP/1.1" 404 1097
186.103.248.213 - - [30/May/2017:14:58:59 -0300] "GET /cormun/static/Shared/jqueryui/images/ui-icons_8d78a5_256x240.png HTTP/1.1" 404 1089
186.103.248.213 - - [30/May/2017:14:59:07 -0300] "POST /cormun/servlet/trsolicitudot?05868e84d4a18011054361019e841da9,gx-no-cache=1496167204073 HTTP/1.1" 200 106
186.103.248.213 - - [30/May/2017:14:59:07 -0300] "GET /cormun/servlet/trsolicitudadjuntos?2017,6674, HTTP/1.1" 200 5877
186.103.248.213 - - [30/May/2017:14:59:07 -0300] "GET /cormun/static/gxcfg.js?201731711504543 HTTP/1.1" 200 953
186.103.248.213 - - [30/May/2017:14:59:08 -0300] "GET /cormun/static/trsolicitudadjuntos.js?201731711504951 HTTP/1.1" 200 17913
186.103.248.213 - - [30/May/2017:14:59:08 -0300] "GET /cormun/servlet/trsolicitudadjuntos?2017,6674, HTTP/1.1" 200 5877
186.103.248.213 - - [30/May/2017:14:59:09 -0300] "GET /cormun/servlet/solicitudotadjuntos?INS,2017,6674,,1, HTTP/1.1" 200 5816
186.103.248.213 - - [30/May/2017:14:59:10 -0300] "GET /cormun/static/gxcfg.js?201612218465951 HTTP/1.1" 200 953
186.103.248.213 - - [30/May/2017:14:59:10 -0300] "GET /cormun/static/solicitudotadjuntos.js?201612218465969 HTTP/1.1" 200 11762
200.112.48.20 - - [30/May/2017:14:59:10 -0300] "POST /cormun/servlet/solicitudot?d244ec57f23e49bf70f7f2b476d7ab61,INS,0,0,,gx-no-cache=1496167204369 HTTP/1.1" 200 93
200.112.48.20 - - [30/May/2017:14:59:10 -0300] "GET /cormun/servlet/hpexe_return? HTTP/1.1" 200 1000
186.103.248.213 - - [30/May/2017:14:59:10 -0300] "GET /cormun/static/about:blank HTTP/1.1" 404 1011
186.103.248.213 - - [30/May/2017:14:59:10 -0300] "GET /cormun/servlet/solicitudotadjuntos?INS,2017,6674,,1, HTTP/1.1" 200 5810
200.112.48.20 - - [30/May/2017:14:59:10 -0300] "GET /cormun/servlet/trsolicitudot HTTP/1.1" 200 6998
200.112.48.20 - - [30/May/2017:14:59:11 -0300] "GET /cormun/servlet/trsolicitudot HTTP/1.1" 200 6993
186.103.248.213 - - [30/May/2017:14:59:11 -0300] "GET /cormun/servlet/solicitudotadjuntos?f62af5c44d3c830896feedacd3818e7c2079c63a925eeb22e9d9ca108fd19d2dde7b01dda62fc20aa21fe41768e09fb1,gx-no-cache=1496167207590 HTTP/1.1" 200 30
186.103.248.213 - - [30/May/2017:14:59:11 -0300] "POST /cormun/servlet/solicitudotadjuntos?05868e84d4a18011054361019e841da9,INS,2017,6674,,1,,gx-no-cache=1496167207983 HTTP/1.1" 200 3644
200.112.48.20 - - [30/May/2017:14:59:13 -0300] "POST /cormun/servlet/trsolicitudot?d244ec57f23e49bf70f7f2b476d7ab61,gx-no-cache=1496167208205 HTTP/1.1" 200 4131
186.103.248.213 - - [30/May/2017:14:59:14 -0300] "POST /cormun/servlet/solicitudotadjuntos?gx-no-cache=1496167210684 HTTP/1.1" 200 26
200.112.48.20 - - [30/May/2017:14:59:17 -0300] "POST /cormun/servlet/trsolicitudot?d244ec57f23e49bf70f7f2b476d7ab61,gx-no-cache=1496167212191 HTTP/1.1" 200 4130
200.112.48.20 - - [30/May/2017:14:59:21 -0300] "POST /cormun/servlet/trsolicitudot?d244ec57f23e49bf70f7f2b476d7ab61,gx-no-cache=1496167216275 HTTP/1.1" 200 4131
200.112.48.20 - - [30/May/2017:14:59:23 -0300] "GET /cormun/servlet/solicitudot?INS,0,0, HTTP/1.1" 200 12846
200.112.48.20 - - [30/May/2017:14:59:24 -0300] "GET /cormun/servlet/solicitudot?INS,0,0, HTTP/1.1" 200 12851
200.112.48.20 - - [30/May/2017:14:59:29 -0300] "GET /cormun/servlet/prfichaempleado?,MD,,gxPopupLevel%3D0%3B HTTP/1.1" 200 8867
200.112.48.20 - - [30/May/2017:14:59:34 -0300] "POST /cormun/servlet/prfichaempleado?d244ec57f23e49bf70f7f2b476d7ab61,,MD,,gxPopupLevel%3D0%3B,gx-no-cache=1496167228342 HTTP/1.1" 200 5912
186.103.248.213 - - [30/May/2017:14:59:36 -0300] "GET /cormun/servlet/solicitudotadjuntos?f62af5c44d3c830896feedacd3818e7cb1e2d1a66bf8377eb598f8c4df2b47d6,gx-no-cache=1496167233206 HTTP/1.1" 200 30
186.103.248.213 - - [30/May/2017:14:59:36 -0300] "GET /cormun/servlet/solicitudotadjuntos?f62af5c44d3c830896feedacd3818e7cb1e2d1a66bf8377eb598f8c4df2b47d6,gx-no-cache=1496167233617 HTTP/1.1" 200 30
200.112.48.20 - - [30/May/2017:14:59:37 -0300] "POST /cormun/servlet/prfichaempleado?d244ec57f23e49bf70f7f2b476d7ab61,,MD,,gxPopupLevel%3D0%3B,gx-no-cache=1496167231770 HTTP/1.1" 200 3446
186.103.248.213 - - [30/May/2017:14:59:52 -0300] "POST /cormun/servlet/solicitudotadjuntos?05868e84d4a18011054361019e841da9,INS,2017,6674,,1, HTTP/1.1" 200 116
186.103.248.213 - - [30/May/2017:14:59:52 -0300] "GET /cormun/servlet/hpexe_return? HTTP/1.1" 200 1025
186.103.248.213 - - [30/May/2017:14:59:53 -0300] "GET /cormun/servlet/trsolicitudadjuntos?2017,6674, HTTP/1.1" 200 8056
200.112.48.20 - - [30/May/2017:14:59:53 -0300] "POST /cormun/servlet/solicitudot?gx-no-cache=1496167247709 HTTP/1.1" 200 3247
200.112.48.20 - - [30/May/2017:14:59:53 -0300] "GET /cormun/servlet/solicitudot?ef7e2309273d10696b73d3a97e1257dcbd002da8cfbe4dd4a1d96edacfe2d264364d58a7f4dd409d685440e54bf0168c,gx-no-cache=1496167248461 HTTP/1.1" 200 111
200.112.48.20 - - [30/May/2017:14:59:53 -0300] "GET /cormun/static/Shared/jqueryui/images/ui-bg_flat_55_994d53_40x100.png HTTP/1.1" 404 1097
200.112.48.20 - - [30/May/2017:14:59:53 -0300] "GET /cormun/static/Shared/jqueryui/images/ui-icons_ebccce_256x240.png HTTP/1.1" 404 1089
186.103.248.213 - - [30/May/2017:14:59:53 -0300] "GET /cormun/servlet/trsolicitudadjuntos?2017,6674, HTTP/1.1" 200 8053
200.112.48.20 - - [30/May/2017:14:59:53 -0300] "GET /cormun/static/Shared/jqueryui/images/ui-icons_82798d_256x240.png HTTP/1.1" 404 1089
200.112.48.20 - - [30/May/2017:14:59:54 -0300] "GET /cormun/static/Shared/jqueryui/images/ui-bg_highlight-soft_100_c6c2c8_1x100.png HTTP/1.1" 404 1117
186.103.248.213 - - [30/May/2017:14:59:56 -0300] "GET /cormun/servlet/solicitudotadjuntos?INS,2017,6674,,1, HTTP/1.1" 200 5816
200.112.48.20 - - [30/May/2017:14:59:56 -0300] "GET /cormun/servlet/solicitudot?ef7e2309273d10696b73d3a97e1257dcef6014772f0ea5fab348c7cdbfb1f61fd292f489d4b8c3e4d8a1b1e108316f8b,gx-no-cache=1496167252063 HTTP/1.1" 200 30
186.103.248.213 - - [30/May/2017:14:59:56 -0300] "GET /cormun/static/about:blank HTTP/1.1" 404 1011
186.103.248.213 - - [30/May/2017:14:59:57 -0300] "GET /cormun/servlet/solicitudotadjuntos?INS,2017,6674,,1, HTTP/1.1" 200 5809
186.103.248.213 - - [30/May/2017:14:59:57 -0300] "GET /cormun/servlet/solicitudotadjuntos?f62af5c44d3c830896feedacd3818e7c2079c63a925eeb22e9d9ca108fd19d2dde7b01dda62fc20aa21fe41768e09fb1,gx-no-cache=1496167254398 HTTP/1.1" 200 30
186.103.248.213 - - [30/May/2017:14:59:58 -0300] "POST /cormun/servlet/solicitudotadjuntos?05868e84d4a18011054361019e841da9,INS,2017,6674,,1,,gx-no-cache=1496167254759 HTTP/1.1" 200 3644
200.112.48.20 - - [30/May/2017:15:00:03 -0300] "GET /cormun/servlet/solicitudot?ef7e2309273d10696b73d3a97e1257dcb5d8a64322e86eb191aad66f43adf6647aee8de79fcd5d1816f5e70ec7f377c07c092a9f8a87c5c263942667767d315f6f7046e98d838b07ad8dea2202a7bafc7d29fece18e1603d5909a169a83c2080810e005dc6d6d59328bfbc81f529ef7039010ff16fcd74d31b3f65df2c5511226babe3dda04557a27d4120d96853b86ffb20b085ec12a8f904a5ae071c8b8925e479cef770a16cc69cb442f86a24939a24a9abf7790a35b914ee455987050e7c68627c99b4fbf18e9a6ba620ae909546d48f1241094f5e147763b2fce7b8b7e633d6d13571a44aaa6a22dbd956b07af272a6869e95a8dd00b4b0dd81bf18fc804e24836b69fe33dcc22e9fa358cbae2abbad40baa0320abf83c2d6bdf0ab34040692a9a34ea33b6174c2e958ab728fd3b8bc71ac1a687ea30b36ae152b9c42efef0e7fad7157194fa0152b4edcaea66d,gx-no-cache=1496167258541 HTTP/1.1" 200 297
200.112.48.20 - - [30/May/2017:15:00:03 -0300] "GET /cormun/servlet/solicitudot?ef7e2309273d10696b73d3a97e1257dc0708b82b03e1de430303473b005cfbc82a86df1c08d1e78bbd58423aa71a09a26f180af2229d2e69c61f3cff69e8e705952025f503dbf756ede8c726d8e6636b25f5e5bc5dbe25bd6a413455d5f63c100aba6b33dff5684ca9e214788f5bc5fed4c4cdd45b915d10d155eef31bb27e73db85c0d0d4eb808296af6498ab0d989cd4f92a35d9c7bb19cd959e38e4f149416c02431c154f0f2e5c80c4ad584cd1d7e1778fcd94ed93fe4786139799916b361adf656adb2cfa00d7cf9e0bd10f8fa665fa29d62fa2bb8e81ee929eebc6d626a38ffbf1df6e6c2a492705bfda095f4bd229746b5fe8ff315ce40befefc5276ec6ba0877991b14a39a3e297f5c2110cab61ff0fb307d2b7a2e9bfcd47ecaa4f7c33d19e84c4e29993dac0fb12d865d9045f24c51f5152add5d9bbbb80e9cad89d0d9db702b78df941733a6512bd24211701debf016a8efb17f16b8a63503a963935fb26ebb314a8c18aa9165bfabb71428c5d908c41bc4f781729746093e9e3f96fcce2f758b0f1139d37f0f4b53d5b9,gx-no-cache=1496167258638 HTTP/1.1" 200 30
186.103.248.213 - - [30/May/2017:15:00:03 -0300] "POST /cormun/servlet/solicitudotadjuntos?gx-no-cache=1496167260310 HTTP/1.1" 200 26
200.112.48.20 - - [30/May/2017:15:00:04 -0300] "POST /cormun/servlet/solicitudot?gx-no-cache=1496167258762 HTTP/1.1" 200 30
200.112.48.20 - - [30/May/2017:15:00:04 -0300] "POST /cormun/servlet/solicitudot?gx-no-cache=1496167259891 HTTP/1.1" 200 235
200.112.48.20 - - [30/May/2017:15:00:04 -0300] "POST /cormun/servlet/solicitudot?gx-no-cache=1496167259984 HTTP/1.1" 200 38
200.112.48.20 - - [30/May/2017:15:00:04 -0300] "GET /cormun/servlet/solicitudot?ef7e2309273d10696b73d3a97e1257dce6179b52bb2baeaf92e5d4c757dc943172a6869e95a8dd00b4b0dd81bf18fc804e24836b69fe33dcc22e9fa358cbae2a1832d346251d6f01170edd73e4751a2b,gx-no-cache=1496167260103 HTTP/1.1" 200 29
200.112.48.20 - - [30/May/2017:15:00:04 -0300] "POST /cormun/servlet/solicitudot?gx-no-cache=1496167260180 HTTP/1.1" 200 709
200.112.48.20 - - [30/May/2017:15:00:05 -0300] "POST /cormun/servlet/solicitudot?gx-no-cache=1496167260276 HTTP/1.1" 200 585
200.112.48.20 - - [30/May/2017:15:00:05 -0300] "GET /cormun/servlet/solicitudot?ef7e2309273d10696b73d3a97e1257dc127390845c14b217ae6e0f6f63e3539d27dae0768a5766f447ecee6afa8b55e43a82b34616d957a89acea257ead97f30caad8372b3e98f412f47b675f2c2be4617656d7daefdc028868b060184a81b534ae9268e4eae935907fd6eda562868e66175257febb305e03899ffaa6adbd2745c65e97cb76b0f3ffe8c1f387953b1d0fac06b623163a67f5f72dc2b69c84e90,gx-no-cache=1496167260425 HTTP/1.1" 200 30
200.112.48.20 - - [30/May/2017:15:00:06 -0300] "POST /cormun/servlet/solicitudot?d244ec57f23e49bf70f7f2b476d7ab61,INS,0,0,,gx-no-cache=1496167260502 HTTP/1.1" 200 10753
186.103.248.213 - - [30/May/2017:15:00:08 -0300] "GET /cormun/servlet/solicitudotadjuntos?f62af5c44d3c830896feedacd3818e7cb1e2d1a66bf8377eb598f8c4df2b47d6,gx-no-cache=1496167265255 HTTP/1.1" 200 30
186.103.248.213 - - [30/May/2017:15:00:08 -0300] "GET /cormun/servlet/solicitudotadjuntos?f62af5c44d3c830896feedacd3818e7cb1e2d1a66bf8377eb598f8c4df2b47d6,gx-no-cache=1496167265358 HTTP/1.1" 200 30
200.112.48.20 - - [30/May/2017:15:00:19 -0300] "GET /cormun/servlet/prfichaempleado?,MD,,gxPopupLevel%3D0%3B HTTP/1.1" 200 8867
186.103.248.213 - - [30/May/2017:15:00:21 -0300] "POST /cormun/servlet/solicitudotadjuntos?05868e84d4a18011054361019e841da9,INS,2017,6674,,1, HTTP/1.1" 200 116
186.103.248.213 - - [30/May/2017:15:00:22 -0300] "GET /cormun/servlet/hpexe_return? HTTP/1.1" 200 1025
186.103.248.213 - - [30/May/2017:15:00:22 -0300] "GET /cormun/servlet/trsolicitudadjuntos?2017,6674, HTTP/1.1" 200 8289
186.103.248.213 - - [30/May/2017:15:00:23 -0300] "GET /cormun/servlet/trsolicitudadjuntos?2017,6674, HTTP/1.1" 200 8289
186.103.248.213 - - [30/May/2017:15:00:28 -0300] "GET /cormun/servlet/solicitudotadjuntos?INS,2017,6674,,1, HTTP/1.1" 200 5815
186.103.248.213 - - [30/May/2017:15:00:29 -0300] "GET /cormun/static/about:blank HTTP/1.1" 404 1011
186.103.248.213 - - [30/May/2017:15:00:29 -0300] "GET /cormun/servlet/solicitudotadjuntos?INS,2017,6674,,1, HTTP/1.1" 200 5809
186.103.248.213 - - [30/May/2017:15:00:29 -0300] "GET /cormun/servlet/solicitudotadjuntos?f62af5c44d3c830896feedacd3818e7c2079c63a925eeb22e9d9ca108fd19d2dde7b01dda62fc20aa21fe41768e09fb1,gx-no-cache=1496167286281 HTTP/1.1" 200 30
186.103.248.213 - - [30/May/2017:15:00:30 -0300] "POST /cormun/servlet/solicitudotadjuntos?05868e84d4a18011054361019e841da9,INS,2017,6674,,1,,gx-no-cache=1496167286469 HTTP/1.1" 200 3643
200.112.48.20 - - [30/May/2017:15:00:32 -0300] "POST /cormun/servlet/solicitudot?gx-no-cache=1496167286772 HTTP/1.1" 200 3247
186.103.248.213 - - [30/May/2017:15:00:33 -0300] "POST /cormun/servlet/solicitudotadjuntos?gx-no-cache=1496167289391 HTTP/1.1" 200 26
186.103.248.213 - - [30/May/2017:15:00:38 -0300] "GET /cormun/servlet/solicitudotadjuntos?f62af5c44d3c830896feedacd3818e7cb1e2d1a66bf8377eb598f8c4df2b47d6,gx-no-cache=1496167295591 HTTP/1.1" 200 30
186.103.248.213 - - [30/May/2017:15:00:38 -0300] "GET /cormun/servlet/solicitudotadjuntos?f62af5c44d3c830896feedacd3818e7cb1e2d1a66bf8377eb598f8c4df2b47d6,gx-no-cache=1496167295679 HTTP/1.1" 200 30
186.103.248.213 - - [30/May/2017:15:00:40 -0300] "POST /cormun/servlet/solicitudotadjuntos?05868e84d4a18011054361019e841da9,INS,2017,6674,,1, HTTP/1.1" 200 116
186.103.248.213 - - [30/May/2017:15:00:40 -0300] "GET /cormun/servlet/hpexe_return? HTTP/1.1" 200 1025
186.103.248.213 - - [30/May/2017:15:00:40 -0300] "GET /cormun/servlet/trsolicitudadjuntos?2017,6674, HTTP/1.1" 200 8449
200.112.48.20 - - [30/May/2017:15:00:40 -0300] "POST /cormun/servlet/solicitudot?d244ec57f23e49bf70f7f2b476d7ab61,INS,0,0,,gx-no-cache=1496167295520 HTTP/1.1" 200 90
200.112.48.20 - - [30/May/2017:15:00:40 -0300] "GET /cormun/servlet/hpexe_link HTTP/1.1" 200 978
186.103.248.213 - - [30/May/2017:15:00:41 -0300] "GET /cormun/servlet/trsolicitudadjuntos?2017,6674, HTTP/1.1" 200 8446
200.112.48.20 - - [30/May/2017:15:00:41 -0300] "GET /cormun/servlet/trsolicitudot?gx-no-cache=1496167216275 HTTP/1.1" 200 6996
200.112.48.20 - - [30/May/2017:15:00:41 -0300] "GET /cormun/servlet/trsolicitudot?gx-no-cache=1496167216275 HTTP/1.1" 200 7016
200.112.48.20 - - [30/May/2017:15:00:43 -0300] "GET /cormun/servlet/solicitudot?INS,0,0, HTTP/1.1" 200 12867
200.112.48.20 - - [30/May/2017:15:00:44 -0300] "GET /cormun/servlet/solicitudot?INS,0,0, HTTP/1.1" 200 12850
200.112.48.20 - - [30/May/2017:15:00:54 -0300] "GET /cormun/servlet/prfichaempleado?,MD,,gxPopupLevel%3D0%3B HTTP/1.1" 200 8867
200.112.48.20 - - [30/May/2017:15:01:00 -0300] "POST /cormun/servlet/prfichaempleado?d244ec57f23e49bf70f7f2b476d7ab61,,MD,,gxPopupLevel%3D0%3B,gx-no-cache=1496167315755 HTTP/1.1" 200 3446
200.112.48.20 - - [30/May/2017:15:01:07 -0300] "POST /cormun/servlet/solicitudot?gx-no-cache=1496167322551 HTTP/1.1" 200 3247
200.112.48.20 - - [30/May/2017:15:01:07 -0300] "GET /cormun/static/Shared/jqueryui/images/ui-bg_highlight-soft_100_c6c2c8_1x100.png HTTP/1.1" 404 1117
200.112.48.20 - - [30/May/2017:15:01:07 -0300] "GET /cormun/static/Shared/jqueryui/images/ui-icons_82798d_256x240.png HTTP/1.1" 404 1089
200.112.48.20 - - [30/May/2017:15:01:07 -0300] "GET /cormun/static/Shared/jqueryui/images/ui-bg_flat_55_994d53_40x100.png HTTP/1.1" 404 1097
200.112.48.20 - - [30/May/2017:15:01:07 -0300] "GET /cormun/static/Shared/jqueryui/images/ui-icons_ebccce_256x240.png HTTP/1.1" 404 1089
200.112.48.20 - - [30/May/2017:15:01:10 -0300] "GET /cormun/servlet/solicitudot?ef7e2309273d10696b73d3a97e1257dcef6014772f0ea5fab348c7cdbfb1f61fd292f489d4b8c3e4d8a1b1e108316f8b,gx-no-cache=1496167325525 HTTP/1.1" 200 30
186.103.248.213 - - [30/May/2017:15:01:17 -0300] "GET /cormun/servlet/solicitudotadjuntos?INS,2017,6674,,1, HTTP/1.1" 200 5815
186.103.248.213 - - [30/May/2017:15:01:17 -0300] "GET /cormun/servlet/solicitudotadjuntos?INS,2017,6674,,1, HTTP/1.1" 200 5809
186.103.248.213 - - [30/May/2017:15:01:18 -0300] "GET /cormun/static/about:blank HTTP/1.1" 404 1011
186.103.248.213 - - [30/May/2017:15:01:18 -0300] "GET /cormun/servlet/solicitudotadjuntos?f62af5c44d3c830896feedacd3818e7c2079c63a925eeb22e9d9ca108fd19d2dde7b01dda62fc20aa21fe41768e09fb1,gx-no-cache=1496167334985 HTTP/1.1" 200 30
186.103.248.213 - - [30/May/2017:15:01:18 -0300] "POST /cormun/servlet/solicitudotadjuntos?05868e84d4a18011054361019e841da9,INS,2017,6674,,1,,gx-no-cache=1496167335166 HTTP/1.1" 200 3644
186.103.248.213 - - [30/May/2017:15:01:22 -0300] "POST /cormun/servlet/solicitudotadjuntos?gx-no-cache=1496167338734 HTTP/1.1" 200 26
186.103.248.213 - - [30/May/2017:15:01:27 -0300] "GET /cormun/servlet/solicitudotadjuntos?f62af5c44d3c830896feedacd3818e7cb1e2d1a66bf8377eb598f8c4df2b47d6,gx-no-cache=1496167344647 HTTP/1.1" 200 30
186.103.248.213 - - [30/May/2017:15:01:28 -0300] "GET /cormun/servlet/solicitudotadjuntos?f62af5c44d3c830896feedacd3818e7cb1e2d1a66bf8377eb598f8c4df2b47d6,gx-no-cache=1496167344765 HTTP/1.1" 200 30
186.103.248.213 - - [30/May/2017:15:01:31 -0300] "POST /cormun/servlet/solicitudotadjuntos?05868e84d4a18011054361019e841da9,INS,2017,6674,,1, HTTP/1.1" 200 116
186.103.248.213 - - [30/May/2017:15:01:31 -0300] "GET /cormun/servlet/hpexe_return? HTTP/1.1" 200 1025
186.103.248.213 - - [30/May/2017:15:01:31 -0300] "GET /cormun/servlet/trsolicitudadjuntos?2017,6674, HTTP/1.1" 200 8608
186.103.248.213 - - [30/May/2017:15:01:32 -0300] "GET /cormun/servlet/trsolicitudadjuntos?2017,6674, HTTP/1.1" 200 8607
186.103.248.213 - - [30/May/2017:15:02:01 -0300] "GET /cormun/servlet/solicitudotadjuntos?INS,2017,6674,,1, HTTP/1.1" 200 5798
186.103.248.213 - - [30/May/2017:15:02:01 -0300] "GET /cormun/static/about:blank HTTP/1.1" 404 1011
