186.103.157.42 - - [29/May/2017:09:39:29 -0300] "POST /cormun/servlet/licenciaspermisos?cedd77e4da7d2ac1a81c7d8a0484661c,INS,0,,,,gx-no-cache=1496061638355 HTTP/1.1" 200 4616
186.103.248.213 - - [29/May/2017:09:39:32 -0300] "GET /cormun/servlet/licenciaspermisos?6e001d4a1504f9212265f399b308ad83d51a5f44e2e1b89542b0c86eec891d390bb9c9e1a0fe558f7be2513cc73ba0f2,gx-no-cache=1496061628699 HTTP/1.1" 200 71
200.54.247.69 - - [29/May/2017:09:39:35 -0300] "GET /cormun/servlet/permisogoce?d224cea044796da075dfa34ba82ad59f0be08bbdeafaa1d2886debabbaeb130823d4e0750c461cca4ea8872a67156c86,gx-no-cache=1496061630731 HTTP/1.1" 200 70
186.103.248.213 - - [29/May/2017:09:39:35 -0300] "POST /cormun/servlet/licenciaspermisos?5b5b46bb0281c2a724e34bbd5282ccbe,INS,0,,,,gx-no-cache=1496061630197 HTTP/1.1" 200 4428
200.54.247.69 - - [29/May/2017:09:39:43 -0300] "GET /cormun/servlet/permisogoce?d224cea044796da075dfa34ba82ad59f8617c8981fc508f91802f4e0f199183407a779cf6ee41a9306a7dfcc08ee3d9cfb7ca0e68b2553eebac84635967455e2,gx-no-cache=1496061639457 HTTP/1.1" 200 47
186.103.157.42 - - [29/May/2017:09:39:46 -0300] "GET /cormun/static/menuarrow.gif HTTP/1.1" 404 1015
200.54.247.69 - - [29/May/2017:09:39:47 -0300] "POST /cormun/servlet/permisogoce?f4774e9fa8c964dc7a7fe84095f92184,INS,0,,,,gx-no-cache=1496061642646 HTTP/1.1" 200 93
200.54.247.69 - - [29/May/2017:09:39:47 -0300] "GET /cormun/servlet/hpexe_return? HTTP/1.1" 200 1008
200.54.247.69 - - [29/May/2017:09:39:47 -0300] "GET /cormun/static/gxcfg.js?2016101716175148 HTTP/1.1" 200 953
200.54.247.69 - - [29/May/2017:09:39:47 -0300] "GET /cormun/static/hpexe_return.js?2016101716175153 HTTP/1.1" 200 1633
200.54.247.69 - - [29/May/2017:09:39:47 -0300] "GET /cormun/static/Resources/Spanish/PXTools.css?167811 HTTP/1.1" 200 89042
200.54.247.69 - - [29/May/2017:09:39:48 -0300] "GET /cormun/servlet/trpermisosgoce HTTP/1.1" 200 7896
200.54.247.69 - - [29/May/2017:09:39:48 -0300] "GET /cormun/servlet/trpermisosgoce HTTP/1.1" 200 7893
200.54.247.69 - - [29/May/2017:09:40:00 -0300] "GET /cormun/servlet/trpermisosadjuntos?16254622,20170529093950,P, HTTP/1.1" 200 6343
200.54.247.69 - - [29/May/2017:09:40:00 -0300] "GET /cormun/static/gxcfg.js?201731711542659 HTTP/1.1" 200 953
200.54.247.69 - - [29/May/2017:09:40:00 -0300] "GET /cormun/static/trpermisosadjuntos.js?201731711542990 HTTP/1.1" 200 20045
200.54.247.69 - - [29/May/2017:09:40:00 -0300] "GET /cormun/servlet/trpermisosadjuntos?16254622,20170529093950,P, HTTP/1.1" 200 6343
200.54.247.69 - - [29/May/2017:09:40:02 -0300] "GET /cormun/servlet/permisosadjuntos?INS,16254622,P,20170529093950,, HTTP/1.1" 200 5671
200.54.247.69 - - [29/May/2017:09:40:02 -0300] "GET /cormun/static/gxcfg.js?201741111155774 HTTP/1.1" 200 953
200.54.247.69 - - [29/May/2017:09:40:02 -0300] "GET /cormun/static/permisosadjuntos.js?201741111155784 HTTP/1.1" 200 8724
200.54.247.69 - - [29/May/2017:09:40:02 -0300] "GET /cormun/static/about:blank HTTP/1.1" 404 1011
200.54.247.69 - - [29/May/2017:09:40:02 -0300] "GET /cormun/servlet/permisosadjuntos?INS,16254622,P,20170529093950,, HTTP/1.1" 200 5662
200.54.247.69 - - [29/May/2017:09:40:33 -0300] "POST /cormun/servlet/permisosadjuntos?f4774e9fa8c964dc7a7fe84095f92184,INS,16254622,P,20170529093950,, HTTP/1.1" 200 116
200.54.247.69 - - [29/May/2017:09:40:33 -0300] "GET /cormun/servlet/hpexe_return? HTTP/1.1" 200 1035
200.54.247.69 - - [29/May/2017:09:40:34 -0300] "GET /cormun/servlet/trpermisosadjuntos?16254622,20170529093950,P, HTTP/1.1" 200 6803
200.54.247.69 - - [29/May/2017:09:40:36 -0300] "GET /cormun/servlet/trpermisosadjuntos?16254622,20170529093950,P, HTTP/1.1" 200 6800
200.54.247.69 - - [29/May/2017:09:40:37 -0300] "POST /cormun/servlet/trpermisosadjuntos?f4774e9fa8c964dc7a7fe84095f92184,16254622,20170529093950,P,,gx-no-cache=1496061693560 HTTP/1.1" 200 90
200.54.247.69 - - [29/May/2017:09:40:38 -0300] "GET /cormun/servlet/hpexe_link HTTP/1.1" 200 982
200.54.247.69 - - [29/May/2017:09:40:38 -0300] "GET /cormun/servlet/trpermisosgoce HTTP/1.1" 200 7894
200.54.247.69 - - [29/May/2017:09:40:38 -0300] "GET /cormun/servlet/trpermisosgoce HTTP/1.1" 200 7893
200.54.247.69 - - [29/May/2017:09:40:44 -0300] "POST /cormun/servlet/trpermisosgoce?f4774e9fa8c964dc7a7fe84095f92184,gx-no-cache=1496061700343 HTTP/1.1" 200 4902
200.54.247.69 - - [29/May/2017:09:40:44 -0300] "GET /cormun/static/Shared/jqueryui/images/ui-bg_highlight-soft_100_c6c2c8_1x100.png HTTP/1.1" 404 1117
200.54.247.69 - - [29/May/2017:09:40:44 -0300] "GET /cormun/static/Shared/jqueryui/images/ui-icons_82798d_256x240.png HTTP/1.1" 404 1089
200.54.247.69 - - [29/May/2017:09:40:44 -0300] "GET /cormun/static/Shared/jqueryui/images/ui-bg_flat_55_fafafa_40x100.png HTTP/1.1" 404 1097
200.54.247.69 - - [29/May/2017:09:40:45 -0300] "GET /cormun/static/Shared/jqueryui/images/ui-icons_8d78a5_256x240.png HTTP/1.1" 404 1089
186.103.248.213 - - [29/May/2017:09:40:45 -0300] "GET /cormun/static/menuarrow.gif HTTP/1.1" 404 1015
200.86.10.241 - - [29/May/2017:09:40:52 -0300] "GET /cormun/servlet/hlogin HTTP/1.1" 200 1731
200.86.10.241 - - [29/May/2017:09:41:00 -0300] "POST /cormun/servlet/hlogin?1d873ea4afda92890d60478abac89213,gx-no-cache=1496061716150 HTTP/1.1" 200 90
200.86.10.241 - - [29/May/2017:09:41:00 -0300] "GET /cormun/servlet/hpexe_link HTTP/1.1" 200 956
200.86.10.241 - - [29/May/2017:09:41:00 -0300] "GET /cormun/servlet/hhome HTTP/1.1" 200 3785
200.86.10.241 - - [29/May/2017:09:41:01 -0300] "GET /cormun/servlet/hhome HTTP/1.1" 200 3781
200.86.10.241 - - [29/May/2017:09:41:04 -0300] "GET /cormun/servlet/trpermisosgoce? HTTP/1.1" 200 7623
200.86.10.241 - - [29/May/2017:09:41:04 -0300] "GET /cormun/servlet/trpermisosgoce? HTTP/1.1" 200 7623
200.86.10.241 - - [29/May/2017:09:41:08 -0300] "GET /cormun/servlet/trpermisosadjuntos?16884126,20170525145734,P, HTTP/1.1" 200 6108
200.86.10.241 - - [29/May/2017:09:41:08 -0300] "GET /cormun/servlet/trpermisosadjuntos?16884126,20170525145734,P, HTTP/1.1" 200 6108
186.103.157.42 - - [29/May/2017:09:41:08 -0300] "GET /cormun/servlet/licenciaspermisos?7b80bd846416873707e62f9523b3d4154b704391d30251bf62d11bd3382001dd394b557d91126581c7ed6937517322bca22878ae3a015776a83965d6141c1144d1f968da887ef86af1491709dc37c897d29a884b40051f114767cabcf63fe9528c7bcacc9d503bcfb31615cc7cde616237571da3e16601e2b4462a17cbe244f5ade09d8f5c562f6cf9a1fb6b002968573ad9fc57c5f0795beb07d515b62d208e9b9d7627fbd3e32827e287e6c28d18bd,gx-no-cache=1496061724423 HTTP/1.1" 200 30
186.103.157.42 - - [29/May/2017:09:41:09 -0300] "POST /cormun/servlet/licenciaspermisos?cedd77e4da7d2ac1a81c7d8a0484661c,INS,0,,,,gx-no-cache=1496061724707 HTTP/1.1" 200 4719
200.86.10.241 - - [29/May/2017:09:41:10 -0300] "GET /cormun/servlet/permisosadjuntos?INS,16884126,P,20170525145734,, HTTP/1.1" 200 5435
200.86.10.241 - - [29/May/2017:09:41:10 -0300] "GET /cormun/static/about:blank HTTP/1.1" 404 1011
200.86.10.241 - - [29/May/2017:09:41:10 -0300] "GET /cormun/servlet/permisosadjuntos?INS,16884126,P,20170525145734,, HTTP/1.1" 200 5425
186.103.157.42 - - [29/May/2017:09:41:10 -0300] "GET /cormun/servlet/prfichaempleado?,MD,,gxPopupLevel%3D0%3B HTTP/1.1" 200 8924
186.103.157.42 - - [29/May/2017:09:41:18 -0300] "POST /cormun/servlet/prfichaempleado?cedd77e4da7d2ac1a81c7d8a0484661c,,MD,,gxPopupLevel%3D0%3B,gx-no-cache=1496061733219 HTTP/1.1" 200 3475
186.103.157.42 - - [29/May/2017:09:41:20 -0300] "GET /cormun/servlet/licenciaspermisos?7b80bd846416873707e62f9523b3d415a056910dbbf8a4d984c00c4e7f82a2a99b560a4e78b555ed9891d5f1ad0bac506c586441caf4cc002de14935bcda2efdeb25160d8bf2fd2faf0a1f8d0797d779,gx-no-cache=1496061736456 HTTP/1.1" 200 58
186.103.157.42 - - [29/May/2017:09:41:20 -0300] "POST /cormun/servlet/licenciaspermisos?cedd77e4da7d2ac1a81c7d8a0484661c,INS,0,,,,gx-no-cache=1496061736505 HTTP/1.1" 200 4711
186.103.157.42 - - [29/May/2017:09:41:24 -0300] "GET /cormun/servlet/licenciaspermisos?7b80bd846416873707e62f9523b3d4152fe38c285cfed4405dac3757553ef3de2f50de7b382861d8bb38bd1ce15b60af76694c92236db4a2bce2248b853adbbc115fdbf51502c158de4f2c662cac876abe52f4a5533b965cac59d0ae4d36baabcf8dd5f176e6e8bbd8e62e6a4a105d0f12d9d88cff83b66506514515960b077ae39597d65a5925dbe1a29245920c7251e3ab3f2e81be7f2a39f3e776e0c5ba7575c4d751faedd52e40f585acfb19ffcc,gx-no-cache=1496061740369 HTTP/1.1" 200 64
186.103.157.42 - - [29/May/2017:09:41:25 -0300] "POST /cormun/servlet/licenciaspermisos?cedd77e4da7d2ac1a81c7d8a0484661c,INS,0,,,,gx-no-cache=1496061740441 HTTP/1.1" 200 93
186.103.157.42 - - [29/May/2017:09:41:25 -0300] "GET /cormun/servlet/hpexe_return? HTTP/1.1" 200 1015
186.103.157.42 - - [29/May/2017:09:41:25 -0300] "GET /cormun/static/gxcfg.js?2016101716175148 HTTP/1.1" 200 953
186.103.157.42 - - [29/May/2017:09:41:25 -0300] "GET /cormun/static/hpexe_return.js?2016101716175153 HTTP/1.1" 200 1633
186.103.157.42 - - [29/May/2017:09:41:25 -0300] "GET /cormun/static/Resources/Spanish/PXTools.css?167811 HTTP/1.1" 200 89042
186.103.157.42 - - [29/May/2017:09:41:25 -0300] "GET /cormun/servlet/trlicencias HTTP/1.1" 200 8121
186.103.157.42 - - [29/May/2017:09:41:26 -0300] "GET /cormun//static/Resources/PXToolsGridDisplay.png HTTP/1.1" 200 362
186.103.157.42 - - [29/May/2017:09:41:26 -0300] "GET /cormun//static/Resources/PXToolsActionPrint.png HTTP/1.1" 200 3317
186.103.157.42 - - [29/May/2017:09:41:26 -0300] "GET /cormun//static/Resources/PXToolsHeaderFavorites.png HTTP/1.1" 200 2744
186.103.157.42 - - [29/May/2017:09:41:26 -0300] "GET /cormun//static/Resources/PXToolsHeaderHelp.png HTTP/1.1" 200 4055
186.103.157.42 - - [29/May/2017:09:41:26 -0300] "GET /cormun/servlet/trlicencias HTTP/1.1" 200 8117
186.103.157.42 - - [29/May/2017:09:41:30 -0300] "GET /cormun/servlet/alicenciaprn?15804866,L,20170529000000,PU HTTP/1.1" 200 1590
186.103.157.42 - - [29/May/2017:09:41:30 -0300] "GET /cormun/servlet/alicenciaprn?15804866,L,20170529000000,PU HTTP/1.1" 200 1589
186.103.159.188 - - [29/May/2017:09:41:44 -0300] "POST /cormun/servlet/permisosadjuntos?1d873ea4afda92890d60478abac89213,INS,16884126,P,20170525145734,, HTTP/1.1" 200 116
186.103.159.188 - - [29/May/2017:09:41:45 -0300] "GET /cormun/servlet/hpexe_return? HTTP/1.1" 200 1039
186.103.159.188 - - [29/May/2017:09:41:45 -0300] "GET /cormun/servlet/trpermisosadjuntos?16884126,20170525145734,P, HTTP/1.1" 200 6565
186.103.159.188 - - [29/May/2017:09:41:45 -0300] "GET /cormun/servlet/trpermisosadjuntos?16884126,20170525145734,P, HTTP/1.1" 200 6562
186.103.159.188 - - [29/May/2017:09:41:47 -0300] "GET /cormun/servlet/hhome HTTP/1.1" 200 3810
186.103.159.188 - - [29/May/2017:09:41:47 -0300] "GET /cormun/servlet/hhome HTTP/1.1" 200 3781
186.103.159.188 - - [29/May/2017:09:41:50 -0300] "GET /cormun/servlet/hhome HTTP/1.1" 200 3781
186.103.159.188 - - [29/May/2017:09:41:50 -0300] "GET /cormun/servlet/hhome HTTP/1.1" 200 3781
186.103.159.188 - - [29/May/2017:09:41:51 -0300] "GET /cormun/servlet/hhome HTTP/1.1" 200 3781
186.103.159.188 - - [29/May/2017:09:41:52 -0300] "GET /cormun/servlet/hhome HTTP/1.1" 200 3781
186.79.118.166 - - [29/May/2017:09:41:55 -0300] "GET /cormun/servlet/licenciaspermisos?a4d7d3fb5b3fdd87b485c02f1c1906b24171917b84c4ac4ee180ece92f53f49885330076339f811428fbec1c57711bccdcb2baafaccefc0f1beff21055616256c4712b6f03fc7a0165d4c2b673ab9040abc8139693e7cb0e30e5debc2b02ff1de6d3b7191bf8ce3af325803f8d3c2edd2b2c1277ebfba55819894bf4ff89e11f4234515793a54010bf0d20cad62c622d65b131c34f6c279bb08fa16134bdd776510c07806fc918dd2f98a31fa79e49e6f4346cdad722806b9c6408b675b55322e4718e8670ae0faab07f6d13602e1d064cc98987d2d4dc955eb697e9c6e2016f,gx-no-cache=1496061772448 HTTP/1.1" 200 30
186.103.159.188 - - [29/May/2017:09:41:55 -0300] "GET /cormun/servlet/trpermisosgoce? HTTP/1.1" 200 7623
186.79.118.166 - - [29/May/2017:09:41:55 -0300] "GET /cormun/servlet/licenciaspermisos?a4d7d3fb5b3fdd87b485c02f1c1906b2e6a8c8c4a6d4efd5dc53ac11f9bb602c186e2eac4ae1d4a286ae6b4be5df158ad2a3e783009466bef488917966f4cd0cc34eb00a410578e18195fc461c1a73ff83f645b4091491b15262d13250fe2840420ca797a080af04d74829c06f2141cd1b9ee599d639a0b48fdf249f31cfecf1c1feace20f61148cb68083c9510d47f6f2c6bd0e592c31811b9db839694ec487eafe963c2d3311831b8b339588419604f70cb4786bec56a3209487420fca93cab65505a23ea4c2ec2c03520dd0c91e645f00a9493ea54fe300f98b0600ff6fef,gx-no-cache=1496061772756 HTTP/1.1" 200 29
186.103.159.188 - - [29/May/2017:09:41:55 -0300] "GET /cormun/servlet/trpermisosgoce? HTTP/1.1" 200 7624
186.79.118.166 - - [29/May/2017:09:41:55 -0300] "POST /cormun/servlet/licenciaspermisos?ae2098ca671d079b6b43569e19de765d,INS,0,,,,gx-no-cache=1496061772919 HTTP/1.1" 200 93
186.79.118.166 - - [29/May/2017:09:41:56 -0300] "GET /cormun/servlet/hpexe_return? HTTP/1.1" 200 1012
186.79.118.166 - - [29/May/2017:09:41:57 -0300] "GET /cormun/static/gxcfg.js?2016101716175148 HTTP/1.1" 304 -
186.79.118.166 - - [29/May/2017:09:41:58 -0300] "GET /cormun/servlet/trlicencias HTTP/1.1" 200 8074
186.79.118.166 - - [29/May/2017:09:41:59 -0300] "GET /cormun/servlet/trlicencias HTTP/1.1" 200 8070
186.103.159.188 - - [29/May/2017:09:42:00 -0300] "GET /cormun/servlet/trpermisosadjuntos?15541956,20170525143325,P, HTTP/1.1" 200 6099
186.103.159.188 - - [29/May/2017:09:42:01 -0300] "GET /cormun/servlet/trpermisosadjuntos?15541956,20170525143325,P, HTTP/1.1" 200 6098
186.103.159.188 - - [29/May/2017:09:42:02 -0300] "GET /cormun/servlet/permisosadjuntos?INS,15541956,P,20170525143325,, HTTP/1.1" 200 5425
186.103.159.188 - - [29/May/2017:09:42:02 -0300] "GET /cormun/static/about:blank HTTP/1.1" 404 1011
186.103.159.188 - - [29/May/2017:09:42:02 -0300] "GET /cormun/servlet/permisosadjuntos?INS,15541956,P,20170525143325,, HTTP/1.1" 200 5415
186.79.118.166 - - [29/May/2017:09:42:03 -0300] "GET /cormun/servlet/alicenciaprn?11364480,L,20170529000000,PU HTTP/1.1" 200 1550
186.103.159.188 - - [29/May/2017:09:42:11 -0300] "POST /cormun/servlet/permisosadjuntos?1d873ea4afda92890d60478abac89213,INS,15541956,P,20170525143325,, HTTP/1.1" 200 116
186.103.159.188 - - [29/May/2017:09:42:11 -0300] "GET /cormun/servlet/hpexe_return? HTTP/1.1" 200 1040
186.103.159.188 - - [29/May/2017:09:42:11 -0300] "GET /cormun/servlet/trpermisosadjuntos?15541956,20170525143325,P, HTTP/1.1" 200 6574
186.103.159.188 - - [29/May/2017:09:42:11 -0300] "GET /cormun/servlet/trpermisosadjuntos?15541956,20170525143325,P, HTTP/1.1" 200 6571
186.103.159.188 - - [29/May/2017:09:42:14 -0300] "GET /cormun/servlet/hhome HTTP/1.1" 200 3809
186.103.159.188 - - [29/May/2017:09:42:14 -0300] "GET /cormun/servlet/hhome HTTP/1.1" 200 3781
186.103.159.188 - - [29/May/2017:09:42:16 -0300] "GET /cormun/servlet/trpermisosgoce? HTTP/1.1" 200 7625
186.103.159.188 - - [29/May/2017:09:42:17 -0300] "GET /cormun/servlet/trpermisosgoce? HTTP/1.1" 200 7624
192.168.10.96 - - [29/May/2017:09:42:24 -0300] "GET /cormun/servlet/vevisualizador?2017,6273,,SolicitudOTAdjuntos HTTP/1.1" 200 10494
192.168.10.96 - - [29/May/2017:09:42:26 -0300] "GET /cormun/servlet/vevisualizador?2017,6273,,SolicitudOTAdjuntos HTTP/1.1" 200 10494
192.168.10.96 - - [29/May/2017:09:42:26 -0300] "POST /cormun/servlet/acontrolpreferencessavestate?None,DZAMUDIO,true HTTP/1.1" 200 35
186.103.157.42 - - [29/May/2017:09:42:37 -0300] "GET /cormun/servlet/trlicenciaspermisosadjuntos?15804866,20170529000000,L, HTTP/1.1" 200 6411
186.103.157.42 - - [29/May/2017:09:42:37 -0300] "GET /cormun/static/gxcfg.js?20173171154619 HTTP/1.1" 200 953
186.103.157.42 - - [29/May/2017:09:42:37 -0300] "GET /cormun/static/trlicenciaspermisosadjuntos.js?20173171154971 HTTP/1.1" 200 21005
186.103.157.42 - - [29/May/2017:09:42:38 -0300] "GET /cormun/servlet/trlicenciaspermisosadjuntos?15804866,20170529000000,L, HTTP/1.1" 200 6411
186.103.248.213 - - [29/May/2017:09:42:39 -0300] "GET /cormun/servlet/licenciaspermisos?6e001d4a1504f9212265f399b308ad834e89082f7150b51c2250c8abcc04c823cf56b8b3cd2240ddbf64cf11e9c5eec184d977cceeeb755f1d69103ff5b4431072cfa3ffdeffb8eabd6bd9c810da5cb033ba8b9071e09472739c5c542046467dec54028a6c54924fe4896c3b8ebcbe3fd85cb3dd4973f4646b5e918757d0e47d31473db536b598e6f6c375de714fccf011153f31a3feda02e51f7a34dbcc6f9499fdfd83ea1bfba06e90a31eb45b3c2f,gx-no-cache=1496061813714 HTTP/1.1" 200 30
186.103.157.42 - - [29/May/2017:09:42:40 -0300] "GET /cormun/servlet/licenciaspermisosadjuntos?INS,15804866,L,20170529000000,, HTTP/1.1" 200 5709
186.103.157.42 - - [29/May/2017:09:42:40 -0300] "GET /cormun/static/gxcfg.js?201731711421170 HTTP/1.1" 200 953
186.103.248.213 - - [29/May/2017:09:42:40 -0300] "POST /cormun/servlet/licenciaspermisos?5b5b46bb0281c2a724e34bbd5282ccbe,INS,0,,,,gx-no-cache=1496061816970 HTTP/1.1" 200 4501
186.103.157.42 - - [29/May/2017:09:42:40 -0300] "GET /cormun/static/about:blank HTTP/1.1" 404 1011
186.103.157.42 - - [29/May/2017:09:42:40 -0300] "GET /cormun/static/licenciaspermisosadjuntos.js?201731711421181 HTTP/1.1" 200 8757
186.103.157.42 - - [29/May/2017:09:42:41 -0300] "GET /cormun/servlet/licenciaspermisosadjuntos?INS,15804866,L,20170529000000,, HTTP/1.1" 200 5698
186.103.248.213 - - [29/May/2017:09:42:43 -0300] "GET /cormun/servlet/prfichaempleado?,MD,,gxPopupLevel%3D0%3B HTTP/1.1" 200 8782
186.79.118.166 - - [29/May/2017:09:42:49 -0300] "GET /cormun/servlet/trlicenciaspermisosadjuntos?11364480,20170529000000,L, HTTP/1.1" 200 6403
186.79.118.166 - - [29/May/2017:09:42:49 -0300] "GET /cormun/static/gxcfg.js?20173171154619 HTTP/1.1" 304 -
186.79.118.166 - - [29/May/2017:09:42:51 -0300] "GET /cormun/servlet/trlicenciaspermisosadjuntos?11364480,20170529000000,L, HTTP/1.1" 200 6403
186.103.248.213 - - [29/May/2017:09:42:52 -0300] "POST /cormun/servlet/prfichaempleado?5b5b46bb0281c2a724e34bbd5282ccbe,,MD,,gxPopupLevel%3D0%3B,gx-no-cache=1496061829725 HTTP/1.1" 200 3480
186.79.118.166 - - [29/May/2017:09:42:53 -0300] "GET /cormun/servlet/licenciaspermisosadjuntos?INS,11364480,L,20170529000000,, HTTP/1.1" 200 5701
186.103.157.42 - - [29/May/2017:09:42:53 -0300] "POST /cormun/servlet/licenciaspermisosadjuntos?cedd77e4da7d2ac1a81c7d8a0484661c,INS,15804866,L,20170529000000,, HTTP/1.1" 200 116
186.103.157.42 - - [29/May/2017:09:42:53 -0300] "GET /cormun/servlet/hpexe_return? HTTP/1.1" 200 1046
186.79.118.166 - - [29/May/2017:09:42:53 -0300] "GET /cormun/static/gxcfg.js?201731711421170 HTTP/1.1" 200 953
186.79.118.166 - - [29/May/2017:09:42:53 -0300] "GET /cormun/static/about:blank HTTP/1.1" 404 1011
186.103.157.42 - - [29/May/2017:09:42:54 -0300] "GET /cormun/servlet/trlicenciaspermisosadjuntos?15804866,20170529000000,L, HTTP/1.1" 200 6926
186.79.118.166 - - [29/May/2017:09:42:54 -0300] "GET /cormun/servlet/licenciaspermisosadjuntos?INS,11364480,L,20170529000000,, HTTP/1.1" 200 5691
186.103.248.213 - - [29/May/2017:09:42:54 -0300] "GET /cormun/servlet/licenciaspermisos?6e001d4a1504f9212265f399b308ad83d51a5f44e2e1b89542b0c86eec891d395fe77431d7d84b3b7c51651c6b31120577efd8b3b78cbb3470ae980694a0046d0583d66ff5d3174a4970dd63e8bd889cb5d443345be7a6ac0f2a576996237d14,gx-no-cache=1496061832286 HTTP/1.1" 200 71
186.103.157.42 - - [29/May/2017:09:42:55 -0300] "GET /cormun/servlet/trlicenciaspermisosadjuntos?15804866,20170529000000,L, HTTP/1.1" 200 6921
186.103.248.213 - - [29/May/2017:09:42:55 -0300] "POST /cormun/servlet/licenciaspermisos?5b5b46bb0281c2a724e34bbd5282ccbe,INS,0,,,,gx-no-cache=1496061832403 HTTP/1.1" 200 4490
192.168.10.96 - - [29/May/2017:09:43:34 -0300] "GET /cormun/servlet/trsolicitudgral? HTTP/1.1" 200 10449
192.168.10.96 - - [29/May/2017:09:43:35 -0300] "GET /cormun/servlet/trsolicitudgral? HTTP/1.1" 200 10435
186.79.118.166 - - [29/May/2017:09:43:40 -0300] "POST /cormun/servlet/licenciaspermisosadjuntos?ae2098ca671d079b6b43569e19de765d,INS,11364480,L,20170529000000,, HTTP/1.1" 200 116
186.79.118.166 - - [29/May/2017:09:43:40 -0300] "GET /cormun/servlet/hpexe_return? HTTP/1.1" 200 1042
186.79.118.166 - - [29/May/2017:09:43:41 -0300] "GET /cormun/servlet/trlicenciaspermisosadjuntos?11364480,20170529000000,L, HTTP/1.1" 200 6900
192.168.10.96 - - [29/May/2017:09:43:42 -0300] "POST /cormun/servlet/trsolicitudgral?570f8afa81662ce1fac4d92d8fbe78bb,,gx-no-cache=1496061823712 HTTP/1.1" 200 23105
186.79.118.166 - - [29/May/2017:09:43:42 -0300] "GET /cormun/servlet/trlicenciaspermisosadjuntos?11364480,20170529000000,L, HTTP/1.1" 200 6897
186.103.157.42 - - [29/May/2017:09:43:43 -0300] "POST /cormun/servlet/trlicenciaspermisosadjuntos?cedd77e4da7d2ac1a81c7d8a0484661c,15804866,20170529000000,L,,gx-no-cache=1496061878492 HTTP/1.1" 200 90
186.103.157.42 - - [29/May/2017:09:43:43 -0300] "GET /cormun/servlet/hpexe_link HTTP/1.1" 200 988
186.103.157.42 - - [29/May/2017:09:43:43 -0300] "GET /cormun/servlet/trlicencias HTTP/1.1" 200 8119
186.103.157.42 - - [29/May/2017:09:43:44 -0300] "GET /cormun/servlet/trlicencias HTTP/1.1" 200 8117
186.79.118.166 - - [29/May/2017:09:43:45 -0300] "POST /cormun/servlet/trlicenciaspermisosadjuntos?ae2098ca671d079b6b43569e19de765d,11364480,20170529000000,L,,gx-no-cache=1496061882884 HTTP/1.1" 200 90
186.79.118.166 - - [29/May/2017:09:43:45 -0300] "GET /cormun/servlet/hpexe_link HTTP/1.1" 200 985
186.79.118.166 - - [29/May/2017:09:43:46 -0300] "GET /cormun/servlet/trlicencias HTTP/1.1" 200 8072
186.79.118.166 - - [29/May/2017:09:43:47 -0300] "GET /cormun/servlet/trlicencias HTTP/1.1" 200 8070
186.79.118.166 - - [29/May/2017:09:43:49 -0300] "GET /cormun/servlet/alicenciaprn?11364480,L,20170529000000,PU HTTP/1.1" 200 1548
186.103.157.42 - - [29/May/2017:09:43:50 -0300] "POST /cormun/servlet/trlicencias?cedd77e4da7d2ac1a81c7d8a0484661c,gx-no-cache=1496061886048 HTTP/1.1" 200 4261
186.103.157.42 - - [29/May/2017:09:43:50 -0300] "GET /cormun/static/Shared/jqueryui/images/ui-bg_highlight-soft_100_c6c2c8_1x100.png HTTP/1.1" 404 1117
186.103.157.42 - - [29/May/2017:09:43:50 -0300] "GET /cormun/static/Shared/jqueryui/images/ui-icons_82798d_256x240.png HTTP/1.1" 404 1089
186.103.157.42 - - [29/May/2017:09:43:50 -0300] "GET /cormun/static/Shared/jqueryui/images/ui-bg_flat_55_fafafa_40x100.png HTTP/1.1" 404 1097
186.103.157.42 - - [29/May/2017:09:43:50 -0300] "GET /cormun/static/Shared/jqueryui/images/ui-icons_8d78a5_256x240.png HTTP/1.1" 404 1089
186.103.159.188 - - [29/May/2017:09:44:13 -0300] "POST /cormun/servlet/trpermisosgoce?1d873ea4afda92890d60478abac89213,,gx-no-cache=1496061908735 HTTP/1.1" 200 4731
186.103.159.188 - - [29/May/2017:09:44:13 -0300] "GET /cormun/static/Shared/jqueryui/images/ui-bg_highlight-soft_100_c6c2c8_1x100.png HTTP/1.1" 404 1117
186.103.159.188 - - [29/May/2017:09:44:13 -0300] "GET /cormun/static/Shared/jqueryui/images/ui-icons_82798d_256x240.png HTTP/1.1" 404 1089
186.103.159.188 - - [29/May/2017:09:44:13 -0300] "GET /cormun/static/Shared/jqueryui/images/ui-bg_flat_55_fafafa_40x100.png HTTP/1.1" 404 1097
200.86.10.241 - - [29/May/2017:09:44:13 -0300] "GET /cormun/static/Shared/jqueryui/images/ui-icons_8d78a5_256x240.png HTTP/1.1" 404 1089
200.86.10.241 - - [29/May/2017:09:44:16 -0300] "POST /cormun/servlet/trpermisosgoce?1d873ea4afda92890d60478abac89213,,gx-no-cache=1496061912229 HTTP/1.1" 200 3992
186.103.248.213 - - [29/May/2017:09:44:48 -0300] "GET /cormun/servlet/licenciaspermisos?INS,0,,, HTTP/1.1" 200 7165
186.103.248.213 - - [29/May/2017:09:44:50 -0300] "POST /cormun/servlet/licenciaspermisos?5b5b46bb0281c2a724e34bbd5282ccbe,INS,0,,,,gx-no-cache=1496061945449 HTTP/1.1" 200 93
186.79.118.166 - - [29/May/2017:09:45:25 -0300] "GET /cormun/servlet/trrenuncias? HTTP/1.1" 200 6802
186.79.118.166 - - [29/May/2017:09:45:25 -0300] "GET /cormun/static/gxcfg.js?201731711553383 HTTP/1.1" 200 953
186.79.118.166 - - [29/May/2017:09:45:26 -0300] "GET /cormun/static/trrenuncias.js?201731711553833 HTTP/1.1" 200 28329
186.79.118.166 - - [29/May/2017:09:45:27 -0300] "GET /cormun/servlet/trrenuncias? HTTP/1.1" 200 6802
186.79.118.166 - - [29/May/2017:09:45:32 -0300] "GET /cormun/servlet/renuncias?INS,0, HTTP/1.1" 200 6173
186.79.118.166 - - [29/May/2017:09:45:32 -0300] "GET /cormun/static/gxcfg.js?20173291217350 HTTP/1.1" 200 953
186.79.118.166 - - [29/May/2017:09:45:32 -0300] "GET /cormun/static/renuncias.js?20173291217362 HTTP/1.1" 200 14101
186.79.118.166 - - [29/May/2017:09:45:33 -0300] "GET /cormun/servlet/renuncias?INS,0, HTTP/1.1" 200 6174
186.79.118.166 - - [29/May/2017:09:45:37 -0300] "GET /cormun/servlet/renuncias?101715a5901174c7a060eab8cce8d0b15d6ef35ec6fb9845a23622331b74398a002c695be9bb2b9e72b7429f8c0620db,gx-no-cache=1496061995211 HTTP/1.1" 200 33
186.79.118.166 - - [29/May/2017:09:46:15 -0300] "GET /cormun/servlet/renuncias?101715a5901174c7a060eab8cce8d0b14679900c9aed873a5bcea93fef9efbdf6c955498f04e1774e50e517639432dfc,gx-no-cache=1496062032533 HTTP/1.1" 200 59
186.79.118.166 - - [29/May/2017:09:46:20 -0300] "GET /cormun/static/Resources/resize.gif HTTP/1.1" 200 77
186.79.118.166 - - [29/May/2017:09:46:20 -0300] "GET /cormun/servlet/prcontrato?10386849,,,MD,,gxPopupLevel%3D0%3B HTTP/1.1" 200 5981
186.79.118.166 - - [29/May/2017:09:46:20 -0300] "GET /cormun/static/gxcfg.js?201731711504186 HTTP/1.1" 200 953
186.79.118.166 - - [29/May/2017:09:46:20 -0300] "GET /cormun/static/Resources/PXToolsMenuSearch.png HTTP/1.1" 200 2914
186.79.118.166 - - [29/May/2017:09:46:20 -0300] "GET /cormun/static/Resources/PXToolsMenuSearchCancel.png HTTP/1.1" 200 2972
186.79.118.166 - - [29/May/2017:09:46:21 -0300] "GET /cormun/static/menusearch.js?201610171694467 HTTP/1.1" 200 1424
186.79.118.166 - - [29/May/2017:09:46:21 -0300] "GET /cormun/static/hmpwkw011.js?201731711483558 HTTP/1.1" 200 1968
186.79.118.166 - - [29/May/2017:09:46:21 -0300] "GET /cormun/static/prcontrato.js?20173171150446 HTTP/1.1" 200 13820
186.103.157.42 - - [29/May/2017:09:46:36 -0300] "POST /cormun/servlet/trlicencias?cedd77e4da7d2ac1a81c7d8a0484661c,gx-no-cache=1496062051430 HTTP/1.1" 200 5366
186.103.157.42 - - [29/May/2017:09:46:36 -0300] "GET /cormun//static/Resources/PXToolsActionDisabled.gif HTTP/1.1" 200 53
66.249.64.66 - - [29/May/2017:09:46:37 -0300] "GET /robots.txt HTTP/1.1" 404 981
66.249.64.66 - - [29/May/2017:09:46:38 -0300] "GET /cormun/servlet/hlogin HTTP/1.1" 200 1712
66.249.64.69 - - [29/May/2017:09:46:38 -0300] "GET /cormun/servlet/hlogin?_escaped_fragment_= HTTP/1.1" 200 1722
186.103.157.42 - - [29/May/2017:09:46:40 -0300] "POST /cormun/servlet/trlicencias?cedd77e4da7d2ac1a81c7d8a0484661c,gx-no-cache=1496062056297 HTTP/1.1" 200 5343
186.79.118.166 - - [29/May/2017:09:46:42 -0300] "POST /cormun/servlet/renuncias?ae2098ca671d079b6b43569e19de765d,INS,0,,gx-no-cache=1496062059373 HTTP/1.1" 200 93
186.79.118.166 - - [29/May/2017:09:46:42 -0300] "GET /cormun/servlet/hpexe_return? HTTP/1.1" 200 1004
186.79.118.166 - - [29/May/2017:09:46:42 -0300] "GET /cormun/servlet/trrenuncias HTTP/1.1" 200 7481
186.103.157.42 - - [29/May/2017:09:46:44 -0300] "POST /cormun/servlet/trlicencias?cedd77e4da7d2ac1a81c7d8a0484661c,gx-no-cache=1496062059680 HTTP/1.1" 200 5343
186.79.118.166 - - [29/May/2017:09:46:44 -0300] "GET /cormun/servlet/trrenuncias HTTP/1.1" 200 7477
186.79.118.166 - - [29/May/2017:09:46:48 -0300] "GET /cormun/servlet/arenunciaprn?54,PU HTTP/1.1" 200 1544
186.103.157.42 - - [29/May/2017:09:46:48 -0300] "POST /cormun/servlet/trlicencias?cedd77e4da7d2ac1a81c7d8a0484661c,gx-no-cache=1496062064381 HTTP/1.1" 200 5343
186.103.157.42 - - [29/May/2017:09:46:49 -0300] "POST /cormun/servlet/trlicencias?cedd77e4da7d2ac1a81c7d8a0484661c,gx-no-cache=1496062065456 HTTP/1.1" 200 5343
186.103.157.42 - - [29/May/2017:09:46:50 -0300] "POST /cormun/servlet/trlicencias?cedd77e4da7d2ac1a81c7d8a0484661c,gx-no-cache=1496062066348 HTTP/1.1" 200 5344
186.103.157.42 - - [29/May/2017:09:46:59 -0300] "POST /cormun/servlet/trlicencias?cedd77e4da7d2ac1a81c7d8a0484661c,gx-no-cache=1496062074802 HTTP/1.1" 200 4095
186.103.157.42 - - [29/May/2017:09:47:01 -0300] "POST /cormun/servlet/trlicencias?cedd77e4da7d2ac1a81c7d8a0484661c,gx-no-cache=1496062077454 HTTP/1.1" 200 6595
186.79.118.166 - - [29/May/2017:09:47:19 -0300] "GET /cormun/servlet/trrenunciasadjuntos?54,10386849, HTTP/1.1" 200 6056
186.79.118.166 - - [29/May/2017:09:47:19 -0300] "GET /cormun/static/gxcfg.js?201731711565375 HTTP/1.1" 200 953
186.79.118.166 - - [29/May/2017:09:47:19 -0300] "GET /cormun/static/trrenunciasadjuntos.js?201731711565661 HTTP/1.1" 200 15159
186.79.118.166 - - [29/May/2017:09:47:21 -0300] "GET /cormun/servlet/trrenunciasadjuntos?54,10386849, HTTP/1.1" 200 6056
186.79.118.166 - - [29/May/2017:09:47:23 -0300] "GET /cormun/servlet/renunciasadjuntos?INS,54,, HTTP/1.1" 200 5390
186.79.118.166 - - [29/May/2017:09:47:23 -0300] "GET /cormun/static/gxcfg.js?201731711431598 HTTP/1.1" 200 953
186.79.118.166 - - [29/May/2017:09:47:23 -0300] "GET /cormun/static/renunciasadjuntos.js?20173171143167 HTTP/1.1" 200 5937
186.79.118.166 - - [29/May/2017:09:47:24 -0300] "GET /cormun/static/about:blank HTTP/1.1" 404 1011
186.79.118.166 - - [29/May/2017:09:47:25 -0300] "GET /cormun/servlet/renunciasadjuntos?INS,54,, HTTP/1.1" 200 5376
186.103.248.213 - - [29/May/2017:09:48:01 -0300] "GET /cormun/servlet/trlicencias? HTTP/1.1" 200 7825
186.79.118.166 - - [29/May/2017:09:48:11 -0300] "POST /cormun/servlet/renunciasadjuntos?ae2098ca671d079b6b43569e19de765d,INS,54,, HTTP/1.1" 200 116
186.79.118.166 - - [29/May/2017:09:48:11 -0300] "GET /cormun/servlet/hpexe_return? HTTP/1.1" 200 1022
186.79.118.166 - - [29/May/2017:09:48:12 -0300] "GET /cormun/servlet/trrenunciasadjuntos?54,10386849, HTTP/1.1" 200 6452
186.79.118.166 - - [29/May/2017:09:48:14 -0300] "GET /cormun/servlet/trrenunciasadjuntos?54,10386849, HTTP/1.1" 200 6449
186.103.248.213 - - [29/May/2017:09:48:21 -0300] "GET /cormun/servlet/trlicencias? HTTP/1.1" 200 7825
186.103.248.213 - - [29/May/2017:09:48:22 -0300] "GET /cormun/servlet/trlicencias? HTTP/1.1" 200 7823
186.103.248.213 - - [29/May/2017:09:48:23 -0300] "GET /favicon.ico HTTP/1.1" 200 21630
186.103.248.213 - - [29/May/2017:09:48:33 -0300] "GET /cormun/servlet/trlicenciaspermisosadjuntos?15806107,20170529000000,L, HTTP/1.1" 200 6125
186.103.248.213 - - [29/May/2017:09:48:33 -0300] "GET /cormun/static/gxcfg.js?20173171154619 HTTP/1.1" 200 953
186.103.248.213 - - [29/May/2017:09:48:34 -0300] "GET /cormun/static/trlicenciaspermisosadjuntos.js?20173171154971 HTTP/1.1" 304 -
186.103.248.213 - - [29/May/2017:09:48:34 -0300] "GET /cormun/servlet/trlicenciaspermisosadjuntos?15806107,20170529000000,L, HTTP/1.1" 200 6125
186.79.118.166 - - [29/May/2017:09:48:35 -0300] "POST /cormun/servlet/trrenunciasadjuntos?ae2098ca671d079b6b43569e19de765d,54,10386849,,gx-no-cache=1496062172551 HTTP/1.1" 200 90
186.79.118.166 - - [29/May/2017:09:48:35 -0300] "GET /cormun/servlet/hpexe_link HTTP/1.1" 200 971
186.79.118.166 - - [29/May/2017:09:48:36 -0300] "GET /cormun/servlet/trrenuncias HTTP/1.1" 200 7479
186.79.118.166 - - [29/May/2017:09:48:38 -0300] "GET /cormun/servlet/trrenuncias HTTP/1.1" 200 7477
186.79.118.166 - - [29/May/2017:09:48:44 -0300] "POST /cormun/servlet/trrenuncias?ae2098ca671d079b6b43569e19de765d,gx-no-cache=1496062181640 HTTP/1.1" 200 4112
186.79.118.166 - - [29/May/2017:09:48:44 -0300] "GET /cormun/static/Shared/jqueryui/images/ui-bg_highlight-soft_100_c6c2c8_1x100.png HTTP/1.1" 404 1117
186.79.118.166 - - [29/May/2017:09:48:44 -0300] "GET /cormun/static/Shared/jqueryui/images/ui-icons_82798d_256x240.png HTTP/1.1" 404 1089
186.79.118.166 - - [29/May/2017:09:48:45 -0300] "GET /cormun/static/Shared/jqueryui/images/ui-bg_flat_55_fafafa_40x100.png HTTP/1.1" 404 1097
186.79.118.166 - - [29/May/2017:09:48:45 -0300] "GET /cormun/static/Shared/jqueryui/images/ui-icons_8d78a5_256x240.png HTTP/1.1" 404 1089
186.103.248.213 - - [29/May/2017:09:48:46 -0300] "GET /cormun/servlet/licenciaspermisosadjuntos?INS,15806107,L,20170529000000,, HTTP/1.1" 200 5399
186.103.248.213 - - [29/May/2017:09:48:46 -0300] "GET /cormun/static/gxcfg.js?201731711421170 HTTP/1.1" 304 -
186.103.248.213 - - [29/May/2017:09:48:46 -0300] "GET /cormun/static/licenciaspermisosadjuntos.js?201731711421181 HTTP/1.1" 304 -
186.103.248.213 - - [29/May/2017:09:48:47 -0300] "GET /cormun/static/about:blank HTTP/1.1" 404 1011
186.103.248.213 - - [29/May/2017:09:48:49 -0300] "GET /cormun/servlet/licenciaspermisosadjuntos?INS,15806107,L,20170529000000,, HTTP/1.1" 200 5409
186.79.118.166 - - [29/May/2017:09:48:55 -0300] "GET /cormun/servlet/hlogin HTTP/1.1" 200 1737
186.79.197.182 - - [29/May/2017:09:50:48 -0300] "GET /cormun/servlet/permisogoce?INS,0,,, HTTP/1.1" 200 5969
186.79.197.182 - - [29/May/2017:09:50:50 -0300] "GET /cormun/servlet/permisogoce?INS,0,,, HTTP/1.1" 200 5963
186.79.197.182 - - [29/May/2017:09:50:50 -0300] "GET /cormun/servlet/hlogin HTTP/1.1" 200 1745
186.103.248.213 - - [29/May/2017:09:50:59 -0300] "POST /cormun/servlet/licenciaspermisosadjuntos?5b5b46bb0281c2a724e34bbd5282ccbe,INS,15806107,L,20170529000000,, HTTP/1.1" 200 116
186.103.248.213 - - [29/May/2017:09:51:01 -0300] "GET /cormun/servlet/hpexe_return? HTTP/1.1" 200 1037
186.79.197.182 - - [29/May/2017:09:51:01 -0300] "POST /cormun/servlet/hlogin?3d2e21e15214d8801578188350fcd99e,gx-no-cache=1496065720835 HTTP/1.1" 200 453
186.79.197.182 - - [29/May/2017:09:51:04 -0300] "POST /cormun/servlet/hlogin?3d2e21e15214d8801578188350fcd99e,gx-no-cache=1496065723881 HTTP/1.1" 200 451
186.79.197.182 - - [29/May/2017:09:51:06 -0300] "POST /cormun/servlet/hlogin?3d2e21e15214d8801578188350fcd99e,gx-no-cache=1496065725161 HTTP/1.1" 200 451
186.79.197.182 - - [29/May/2017:09:51:06 -0300] "POST /cormun/servlet/hlogin?3d2e21e15214d8801578188350fcd99e,gx-no-cache=1496065725346 HTTP/1.1" 200 451
186.103.248.213 - - [29/May/2017:09:51:06 -0300] "GET /cormun/static/gxcfg.js?2016101716175148 HTTP/1.1" 304 -
186.103.248.213 - - [29/May/2017:09:51:07 -0300] "GET /cormun/servlet/trlicenciaspermisosadjuntos?15806107,20170529000000,L, HTTP/1.1" 200 6623
186.103.248.213 - - [29/May/2017:09:51:08 -0300] "GET /cormun/servlet/trlicenciaspermisosadjuntos?15806107,20170529000000,L, HTTP/1.1" 200 6620
186.79.197.182 - - [29/May/2017:09:51:10 -0300] "POST /cormun/servlet/hlogin?3d2e21e15214d8801578188350fcd99e,gx-no-cache=1496065729397 HTTP/1.1" 200 90
186.79.197.182 - - [29/May/2017:09:51:10 -0300] "GET /cormun/servlet/hpexe_link HTTP/1.1" 200 963
186.79.197.182 - - [29/May/2017:09:51:10 -0300] "GET /cormun/servlet/permisogoce?INS,0,,, HTTP/1.1" 200 6412
186.79.197.182 - - [29/May/2017:09:51:12 -0300] "GET /cormun/servlet/permisogoce?INS,0,,, HTTP/1.1" 200 6411
186.79.197.182 - - [29/May/2017:09:51:15 -0300] "GET /cormun/servlet/prfichaempleado?,MD,,gxPopupLevel%3D0%3B HTTP/1.1" 200 8813
186.79.197.182 - - [29/May/2017:09:51:25 -0300] "POST /cormun/servlet/prfichaempleado?3d2e21e15214d8801578188350fcd99e,,MD,,gxPopupLevel%3D0%3B,gx-no-cache=1496065744490 HTTP/1.1" 200 3176
186.79.197.182 - - [29/May/2017:09:51:34 -0300] "POST /cormun/servlet/prfichaempleado?3d2e21e15214d8801578188350fcd99e,,MD,,gxPopupLevel%3D0%3B,gx-no-cache=1496065753693 HTTP/1.1" 200 3398
186.79.197.182 - - [29/May/2017:09:51:41 -0300] "GET /cormun/servlet/permisogoce?531436ee7660e05b91510cdf044e8e57ceced6231ee7db21ffa132c7b8863e48e38b5f825bbcd754dd9f89f8e5783aca,gx-no-cache=1496065760602 HTTP/1.1" 200 77
186.79.197.182 - - [29/May/2017:09:51:44 -0300] "GET /cormun/static/menuarrow.gif HTTP/1.1" 404 1015
186.79.197.182 - - [29/May/2017:09:51:58 -0300] "GET /cormun/servlet/permisogoce?531436ee7660e05b91510cdf044e8e579ff5f005871f4fe6215c8401d92e970cafc3b25fd93b64979af6c758e7d163e359a1171651b26c006a87bdd69c609571,gx-no-cache=1496065777165 HTTP/1.1" 200 46
186.79.197.182 - - [29/May/2017:09:52:01 -0300] "POST /cormun/servlet/permisogoce?3d2e21e15214d8801578188350fcd99e,INS,0,,,,gx-no-cache=1496065780501 HTTP/1.1" 200 93
186.79.197.182 - - [29/May/2017:09:52:01 -0300] "GET /cormun/servlet/hpexe_return? HTTP/1.1" 200 1006
186.79.197.182 - - [29/May/2017:09:52:02 -0300] "GET /cormun/servlet/hhome HTTP/1.1" 200 3799
186.79.197.182 - - [29/May/2017:09:52:03 -0300] "GET /cormun/servlet/hhome HTTP/1.1" 200 3798
186.79.197.182 - - [29/May/2017:09:52:31 -0300] "GET /cormun/servlet/trpermisosgoce? HTTP/1.1" 200 7671
186.79.197.182 - - [29/May/2017:09:52:33 -0300] "GET /cormun/servlet/trpermisosgoce? HTTP/1.1" 200 7671
186.79.197.182 - - [29/May/2017:09:52:36 -0300] "GET /cormun/servlet/apermisogoceprn?13095880,P,20170529095204,PU HTTP/1.1" 200 1650
186.103.157.42 - - [29/May/2017:09:53:45 -0300] "GET /cormun/servlet/trsolicitudot? HTTP/1.1" 200 7034
186.103.157.42 - - [29/May/2017:09:53:46 -0300] "GET /cormun/servlet/trsolicitudot? HTTP/1.1" 200 7034
186.79.197.182 - - [29/May/2017:09:54:52 -0300] "GET /cormun/servlet/trlicencias? HTTP/1.1" 200 6636
186.79.197.182 - - [29/May/2017:09:54:53 -0300] "GET /cormun/static/gxcfg.js?201741111445981 HTTP/1.1" 304 -
186.79.197.182 - - [29/May/2017:09:54:53 -0300] "GET /cormun/static/trlicencias.js?20174111145440 HTTP/1.1" 304 -
186.79.197.182 - - [29/May/2017:09:54:54 -0300] "GET /cormun/servlet/trlicencias? HTTP/1.1" 200 6635
186.79.197.182 - - [29/May/2017:09:54:57 -0300] "GET /cormun/servlet/licenciaspermisos?INS,0,,, HTTP/1.1" 200 7195
186.79.197.182 - - [29/May/2017:09:54:58 -0300] "GET /cormun/static/gxcfg.js?201741111445322 HTTP/1.1" 304 -
186.79.197.182 - - [29/May/2017:09:54:58 -0300] "GET /cormun/static/licenciaspermisos.js?201741111445392 HTTP/1.1" 304 -
186.79.197.182 - - [29/May/2017:09:54:59 -0300] "GET /cormun/servlet/licenciaspermisos?INS,0,,, HTTP/1.1" 200 7193
157.55.39.93 - - [29/May/2017:09:55:38 -0300] "GET /cormun/servlet/trlicenciaspermisosadjuntos?7468895,20170417000000,L, HTTP/1.1" 200 5985
186.79.197.182 - - [29/May/2017:09:55:55 -0300] "GET /cormun/servlet/prfichaempleado?,MD,,gxPopupLevel%3D0%3B HTTP/1.1" 200 8813
186.79.197.182 - - [29/May/2017:09:56:08 -0300] "POST /cormun/servlet/prfichaempleado?3d2e21e15214d8801578188350fcd99e,,MD,,gxPopupLevel%3D0%3B,gx-no-cache=1496066027212 HTTP/1.1" 200 3393
186.79.197.182 - - [29/May/2017:09:56:17 -0300] "GET /cormun/servlet/licenciaspermisos?531436ee7660e05b91510cdf044e8e5703a5e0fdc0b20cec2b0c1e40b7b248797b7fbedbf228ed3fec452fe7420f5146,gx-no-cache=1496066036779 HTTP/1.1" 200 67
186.79.197.182 - - [29/May/2017:09:56:18 -0300] "POST /cormun/servlet/licenciaspermisos?3d2e21e15214d8801578188350fcd99e,INS,0,,,,gx-no-cache=1496066036932 HTTP/1.1" 200 4434
186.79.197.182 - - [29/May/2017:09:56:33 -0300] "GET /cormun/static/menuarrow.gif HTTP/1.1" 404 1015
186.79.197.182 - - [29/May/2017:09:58:49 -0300] "GET /cormun/servlet/licenciaspermisos?531436ee7660e05b91510cdf044e8e57dace9aa860d24102698c48a446b0b1e16fabac9ef361dcd1779e55551d1957d25b9f8436b44831ea7a4945f107afcba32937416567184e6ce6cc7e72e847b9c51ade3f663b2c7f0cf9846b53b8197da9eefcb7b28f4928908d6eab5dd525520fb9e2132ad3e617f8b1f129419fac72fed91a64f28e4b5db833763e718c54b6234f630fac17b294d038b3e8abc766310c8d2111c93f53f3aeb0bb6054739b4331635bfda0b75f589f03ce311fd330f175d84812048802e1386da357dde55ecc7588ca931305a452a0f28211b497a43826,gx-no-cache=1496066188554 HTTP/1.1" 200 30
186.79.197.182 - - [29/May/2017:09:58:49 -0300] "GET /cormun/servlet/licenciaspermisos?531436ee7660e05b91510cdf044e8e57a15ac29b8351bc9cc785f82f3226231e9f1218485a028b2c403a94595c77f8b6853db0fbabfdc49696e03bdbb2ad7e6a96b1d3a6d04460001cfba060969a243fc0d205b2207cc376738df8cd5062855004a8d5b0ac34a570e9e30a6e17f8beaf4c0c9e934e47735756db212af515fd3d5a8cb9a8f2471331c2a74ffeb430761d9d43dc2c14b6feb6ec288dad50b0f7b04d364c9600ff9e9c9acee973e3aca78ade0d55517b21eee733c4acfbb62683ea6b7d02b66bafa5f5c75fa7bf3d1501b31b11ab266aa4d27b813291dd7df3f3de,gx-no-cache=1496066188701 HTTP/1.1" 200 29
186.79.197.182 - - [29/May/2017:09:58:50 -0300] "POST /cormun/servlet/licenciaspermisos?3d2e21e15214d8801578188350fcd99e,INS,0,,,,gx-no-cache=1496066188798 HTTP/1.1" 200 93
186.79.197.182 - - [29/May/2017:09:58:50 -0300] "GET /cormun/servlet/hpexe_return? HTTP/1.1" 200 1009
186.79.197.182 - - [29/May/2017:09:58:50 -0300] "GET /cormun/servlet/trlicencias HTTP/1.1" 200 7820
186.79.197.182 - - [29/May/2017:09:58:52 -0300] "GET /cormun/servlet/trlicencias HTTP/1.1" 200 7815
31.186.250.113 - - [29/May/2017:09:59:14 -0300] "GET /cgi-bin/ HTTP/1.0" 404 977
186.103.159.204 - - [29/May/2017:09:59:40 -0300] "GET /cormun/servlet/hlogin HTTP/1.1" 200 1720
186.103.159.204 - - [29/May/2017:09:59:40 -0300] "GET /cormun/static/gxcfg.js?201741110203197 HTTP/1.1" 304 -
186.103.159.204 - - [29/May/2017:09:59:40 -0300] "GET /cormun/static/messages.spa.js?85251 HTTP/1.1" 304 -
186.103.159.204 - - [29/May/2017:09:59:40 -0300] "GET /cormun/static/hlogin.js?201741110203211 HTTP/1.1" 304 -
186.103.159.204 - - [29/May/2017:09:59:40 -0300] "GET /cormun/servlet/hlogin HTTP/1.1" 200 1733
186.103.159.204 - - [29/May/2017:09:59:54 -0300] "POST /cormun/servlet/hlogin?ac0588d4a647256b8668f4a54c7ce005,gx-no-cache=1496062850261 HTTP/1.1" 200 90
186.103.159.204 - - [29/May/2017:09:59:54 -0300] "GET /cormun/servlet/hpexe_link HTTP/1.1" 200 953
186.103.159.204 - - [29/May/2017:09:59:55 -0300] "GET /cormun/static/gxcfg.js?201731711483381 HTTP/1.1" 304 -
186.103.159.204 - - [29/May/2017:09:59:55 -0300] "GET /cormun/servlet/hhome HTTP/1.1" 200 4006
186.103.159.204 - - [29/May/2017:09:59:55 -0300] "GET /cormun/static/gxcfg.js?201731711483497 HTTP/1.1" 304 -
186.103.159.204 - - [29/May/2017:09:59:57 -0300] "GET /cormun/servlet/hhome HTTP/1.1" 200 4002
186.103.159.204 - - [29/May/2017:10:00:12 -0300] "GET /cormun/servlet/hpexe_return? HTTP/1.1" 200 982
186.103.159.204 - - [29/May/2017:10:00:12 -0300] "GET /cormun/static/gxtimezone.js?85251 HTTP/1.1" 200 5781
186.103.159.204 - - [29/May/2017:10:00:12 -0300] "GET /cormun/static/messages.spa.js?85251 HTTP/1.1" 200 30736
186.103.159.204 - - [29/May/2017:10:00:12 -0300] "GET /cormun/static/Resources/Spanish/PXTools.css?167811 HTTP/1.1" 200 89042
186.103.159.204 - - [29/May/2017:10:00:12 -0300] "GET /cormun/static/gxcfg.js?2016101716175148 HTTP/1.1" 200 953
186.103.159.204 - - [29/May/2017:10:00:12 -0300] "GET /cormun/static/hpexe_return.js?2016101716175153 HTTP/1.1" 200 1633
186.103.159.204 - - [29/May/2017:10:00:12 -0300] "GET /cormun/static/RunJS/RunJS.js HTTP/1.1" 200 288
186.103.159.204 - - [29/May/2017:10:00:12 -0300] "GET /cormun/static/gxgral.js?85251 HTTP/1.1" 200 384558
186.103.159.204 - - [29/May/2017:10:00:12 -0300] "GET /cormun/static/Resources/indicator.gif HTTP/1.1" 200 1553
186.103.159.204 - - [29/May/2017:10:00:12 -0300] "GET /cormun/servlet/hhome HTTP/1.1" 200 3379
186.103.159.204 - - [29/May/2017:10:00:19 -0300] "GET /cormun/servlet/trpermisosgoce? HTTP/1.1" 200 6786
186.103.159.204 - - [29/May/2017:10:00:20 -0300] "GET /cormun/static/Resources/asc.gif HTTP/1.1" 200 67
186.103.159.204 - - [29/May/2017:10:00:20 -0300] "GET /cormun/static/Resources/asc.gif HTTP/1.1" 200 67
186.103.159.204 - - [29/May/2017:10:00:20 -0300] "GET /cormun/static/Resources/asc.gif HTTP/1.1" 200 67
186.103.159.204 - - [29/May/2017:10:00:20 -0300] "GET /cormun/static/Resources/asc.gif HTTP/1.1" 200 67
186.103.159.204 - - [29/May/2017:10:00:20 -0300] "GET /cormun/static/Resources/desc.gif HTTP/1.1" 200 65
186.103.159.204 - - [29/May/2017:10:00:20 -0300] "GET /cormun/servlet/trpermisosgoce? HTTP/1.1" 200 6785
186.103.159.204 - - [29/May/2017:10:00:24 -0300] "GET /cormun/servlet/permisogoce?INS,0,,, HTTP/1.1" 200 6778
186.103.159.204 - - [29/May/2017:10:00:25 -0300] "GET /cormun/servlet/permisogoce?INS,0,,, HTTP/1.1" 200 6778
186.103.159.204 - - [29/May/2017:10:00:46 -0300] "GET /cormun/servlet/permisogoce?b49ed50515df780e39c7fd6cff37ee9d80a02f7d357b9e0e6adfb502d1a8f14b2755f4754dca450664c234acc69c2d81,gx-no-cache=1496062902034 HTTP/1.1" 200 66
186.103.159.204 - - [29/May/2017:10:00:46 -0300] "GET /cormun/servlet/permisogoce?b49ed50515df780e39c7fd6cff37ee9de9f0a075028d40cb6d4faa2e3846e6a010a419fb443e6300fa484e74edfd77d5bf0760350c40db836de032a1e01638e3,gx-no-cache=1496062902150 HTTP/1.1" 200 129
186.103.159.204 - - [29/May/2017:10:00:46 -0300] "GET /cormun/static/Shared/jqueryui/images/ui-bg_highlight-soft_100_c6c2c8_1x100.png HTTP/1.1" 404 1117
186.103.159.204 - - [29/May/2017:10:00:46 -0300] "GET /cormun/static/Shared/jqueryui/images/ui-icons_82798d_256x240.png HTTP/1.1" 404 1089
186.103.159.204 - - [29/May/2017:10:00:46 -0300] "GET /cormun/static/Shared/jqueryui/images/ui-bg_flat_55_994d53_40x100.png HTTP/1.1" 404 1097
186.103.159.204 - - [29/May/2017:10:00:46 -0300] "GET /cormun/static/Shared/jqueryui/images/ui-icons_ebccce_256x240.png HTTP/1.1" 404 1089
186.103.159.204 - - [29/May/2017:10:00:50 -0300] "GET /cormun/static/menuarrow.gif HTTP/1.1" 404 1015
200.111.191.210 - - [29/May/2017:10:01:10 -0300] "GET /cormun/servlet/trsolicitudot? HTTP/1.1" 200 7403
200.111.191.210 - - [29/May/2017:10:01:11 -0300] "GET /cormun/static/gxcfg.js?201731711505139 HTTP/1.1" 304 -
200.111.191.210 - - [29/May/2017:10:01:11 -0300] "GET /cormun/static/trsolicitudot.js?20173171151116 HTTP/1.1" 304 -
200.111.191.210 - - [29/May/2017:10:01:11 -0300] "GET /cormun/servlet/trsolicitudot? HTTP/1.1" 200 7394
200.111.191.210 - - [29/May/2017:10:01:11 -0300] "GET /cormun/servlet/hlogin HTTP/1.1" 200 1742
200.86.10.241 - - [29/May/2017:10:01:18 -0300] "GET /cormun/servlet/hlogin HTTP/1.1" 200 1730
200.86.10.241 - - [29/May/2017:10:01:19 -0300] "GET /cormun/servlet/hlogin HTTP/1.1" 200 1736
200.111.191.210 - - [29/May/2017:10:01:23 -0300] "POST /cormun/servlet/hlogin?fd5bb941212ec05cec3f382270d4e56b,gx-no-cache=1496062939398 HTTP/1.1" 200 90
200.111.191.210 - - [29/May/2017:10:01:23 -0300] "GET /cormun/servlet/hpexe_link HTTP/1.1" 200 957
200.111.191.210 - - [29/May/2017:10:01:23 -0300] "GET /cormun/servlet/trsolicitudot HTTP/1.1" 200 6559
200.111.191.210 - - [29/May/2017:10:01:24 -0300] "GET /cormun/servlet/trsolicitudot HTTP/1.1" 200 6557
200.111.191.210 - - [29/May/2017:10:01:27 -0300] "GET /cormun/servlet/solicitudot?INS,0,0, HTTP/1.1" 200 12592
200.111.191.210 - - [29/May/2017:10:01:27 -0300] "GET /cormun/static/Resources/Spanish/PXTools.css?18365030 HTTP/1.1" 304 -
200.111.191.210 - - [29/May/2017:10:01:27 -0300] "GET /cormun/static/gxcfg.js?20171191042720 HTTP/1.1" 304 -
200.111.191.210 - - [29/May/2017:10:01:27 -0300] "GET /cormun/static/solicitudot.js?2017119104297 HTTP/1.1" 304 -
200.111.191.210 - - [29/May/2017:10:01:27 -0300] "GET /cormun/servlet/solicitudot?INS,0,0, HTTP/1.1" 200 12597
200.86.10.241 - - [29/May/2017:10:01:29 -0300] "POST /cormun/servlet/hlogin?42d28900c7e31150ff609abe6e77e709,gx-no-cache=1496062945137 HTTP/1.1" 200 90
200.86.10.241 - - [29/May/2017:10:01:29 -0300] "GET /cormun/servlet/hpexe_link HTTP/1.1" 200 955
200.86.10.241 - - [29/May/2017:10:01:29 -0300] "GET /cormun/servlet/hhome HTTP/1.1" 200 3945
200.111.191.210 - - [29/May/2017:10:01:30 -0300] "GET /cormun/servlet/prfichaempleado?,MD,,gxPopupLevel%3D0%3B HTTP/1.1" 200 8795
200.111.191.210 - - [29/May/2017:10:01:30 -0300] "GET /cormun/static/gxcfg.js?2017319125415 HTTP/1.1" 304 -
200.111.191.210 - - [29/May/2017:10:01:30 -0300] "GET /cormun/static/menusearch.js?201610171694467 HTTP/1.1" 304 -
200.111.191.210 - - [29/May/2017:10:01:30 -0300] "GET /cormun/static/hmpwkw011.js?201731711483558 HTTP/1.1" 304 -
200.86.10.241 - - [29/May/2017:10:01:30 -0300] "GET /cormun/servlet/hhome HTTP/1.1" 200 3941
200.111.191.210 - - [29/May/2017:10:01:30 -0300] "GET /cormun/static/prfichaempleado.js?20173191254344 HTTP/1.1" 304 -
200.86.10.241 - - [29/May/2017:10:01:33 -0300] "GET /cormun/servlet/trautorizarsolicitud? HTTP/1.1" 200 6862
200.86.10.241 - - [29/May/2017:10:01:33 -0300] "GET /cormun/servlet/trautorizarsolicitud? HTTP/1.1" 200 6862
186.103.159.204 - - [29/May/2017:10:01:34 -0300] "GET /cormun/servlet/permisogoce?b49ed50515df780e39c7fd6cff37ee9de9f0a075028d40cb6d4faa2e3846e6a07b17e1f12f83f42beb476cd60d2127aa55d73dacf04209096f57ed713801de8d,gx-no-cache=1496062950381 HTTP/1.1" 200 46
200.111.191.210 - - [29/May/2017:10:01:38 -0300] "POST /cormun/servlet/prfichaempleado?fd5bb941212ec05cec3f382270d4e56b,,MD,,gxPopupLevel%3D0%3B,gx-no-cache=1496062954292 HTTP/1.1" 200 3540
200.86.10.241 - - [29/May/2017:10:01:42 -0300] "GET /cormun/servlet/trautorizarpermisogoce? HTTP/1.1" 200 8111
186.103.159.188 - - [29/May/2017:10:01:42 -0300] "GET /cormun//static/Resources/PXToolsHeaderFavorites.png HTTP/1.1" 200 2744
186.103.159.188 - - [29/May/2017:10:01:42 -0300] "GET /cormun//static/Resources/PXToolsHeaderHelp.png HTTP/1.1" 200 4055
186.103.159.188 - - [29/May/2017:10:01:42 -0300] "GET /cormun//static/Resources/PXToolsGridDelete.png HTTP/1.1" 200 357
200.111.191.210 - - [29/May/2017:10:01:42 -0300] "POST /cormun/servlet/solicitudot?gx-no-cache=1496062958106 HTTP/1.1" 200 3216
200.86.10.241 - - [29/May/2017:10:01:42 -0300] "GET /cormun//static/Resources/PXToolsGridDisplay.png HTTP/1.1" 200 362
200.86.10.241 - - [29/May/2017:10:01:42 -0300] "GET /cormun//static/Resources/PXTools/ActionInsert.png HTTP/1.1" 200 1482
186.103.159.188 - - [29/May/2017:10:01:42 -0300] "GET /cormun//static/Resources/PXToolsActionPrint.png HTTP/1.1" 200 3317
200.86.10.241 - - [29/May/2017:10:01:42 -0300] "GET /cormun/servlet/trautorizarpermisogoce? HTTP/1.1" 200 8110
200.111.191.210 - - [29/May/2017:10:01:42 -0300] "POST /cormun/servlet/solicitudot?fd5bb941212ec05cec3f382270d4e56b,INS,0,0,,gx-no-cache=1496062958260 HTTP/1.1" 200 9821
200.111.191.210 - - [29/May/2017:10:01:42 -0300] "GET /cormun/servlet/solicitudot?62c81a48a87421c36a8b89c3b2ab43748fae228490361fdd3ee96925b49cbe159b0487b9f959ce9f3ba91103b387357c,gx-no-cache=1496062958418 HTTP/1.1" 200 30
200.111.191.210 - - [29/May/2017:10:01:45 -0300] "POST /cormun/servlet/solicitudot?gx-no-cache=1496062960716 HTTP/1.1" 200 297
