186.103.159.230 - - [29/May/2017:10:38:46 -0300] "GET /cormun/static/Resources/PXToolsActionExcel.png HTTP/1.1" 200 3187
186.103.159.230 - - [29/May/2017:10:38:46 -0300] "GET /cormun/static/Resources/PXToolsGridNew.png HTTP/1.1" 200 2949
186.103.159.230 - - [29/May/2017:10:38:47 -0300] "GET /cormun/static/Resources/asc.gif HTTP/1.1" 200 67
186.103.159.230 - - [29/May/2017:10:38:47 -0300] "GET /cormun/static/Resources/desc.gif HTTP/1.1" 200 65
186.103.159.230 - - [29/May/2017:10:38:47 -0300] "GET /cormun/static/Shared/ext/resources/themes/images/default/panel/bg-headersPanel.png HTTP/1.1" 200 255
186.103.159.230 - - [29/May/2017:10:38:47 -0300] "GET /cormun/static/Shared/ext/resources/themes/images/default/tools/tool-sprites.gif HTTP/1.1" 200 5434
186.103.159.230 - - [29/May/2017:10:38:47 -0300] "GET /cormun/servlet/trlicencias? HTTP/1.1" 200 6843
186.103.159.230 - - [29/May/2017:10:38:50 -0300] "GET /cormun/servlet/licenciaspermisos?INS,0,,, HTTP/1.1" 200 7384
186.103.159.230 - - [29/May/2017:10:38:50 -0300] "GET /cormun/static/gxcfg.js?201741111445322 HTTP/1.1" 200 953
186.103.159.230 - - [29/May/2017:10:38:50 -0300] "GET /cormun/static/Resources/prompt.gif HTTP/1.1" 200 902
186.103.159.230 - - [29/May/2017:10:38:50 -0300] "GET /cormun/static/licenciaspermisos.js?201741111445392 HTTP/1.1" 200 34444
186.103.159.230 - - [29/May/2017:10:38:50 -0300] "GET /cormun/servlet/licenciaspermisos?INS,0,,, HTTP/1.1" 200 7384
186.103.159.230 - - [29/May/2017:10:38:52 -0300] "GET /cormun/static/Resources/resize.gif HTTP/1.1" 200 77
186.103.159.230 - - [29/May/2017:10:38:52 -0300] "GET /cormun/servlet/prfichaempleado?,MD,,gxPopupLevel%3D0%3B HTTP/1.1" 200 8816
186.103.159.230 - - [29/May/2017:10:38:52 -0300] "GET /cormun/static/gxcfg.js?2017319125415 HTTP/1.1" 200 953
186.103.159.230 - - [29/May/2017:10:38:52 -0300] "GET /cormun/static/Resources/PXToolsMenuSearch.png HTTP/1.1" 200 2914
186.103.159.230 - - [29/May/2017:10:38:52 -0300] "GET /cormun/static/Resources/PXToolsMenuSearchCancel.png HTTP/1.1" 200 2972
186.103.159.230 - - [29/May/2017:10:38:52 -0300] "GET /cormun/static/menusearch.js?201610171694467 HTTP/1.1" 200 1424
186.103.159.230 - - [29/May/2017:10:38:52 -0300] "GET /cormun/static/hmpwkw011.js?201731711483558 HTTP/1.1" 200 1968
186.103.159.230 - - [29/May/2017:10:38:53 -0300] "GET /cormun/static/prfichaempleado.js?20173191254344 HTTP/1.1" 200 15951
186.103.159.230 - - [29/May/2017:10:39:09 -0300] "POST /cormun/servlet/prfichaempleado?f390f8810081d61f637b64e7d9c31f38,,MD,,gxPopupLevel%3D0%3B,gx-no-cache=1496065205075 HTTP/1.1" 200 3399
186.103.159.230 - - [29/May/2017:10:39:14 -0300] "GET /cormun/servlet/licenciaspermisos?d7f4fb04947baf3bef844f5f1bcb47ef4c38575960bbab192c91c90a432b10cd286d46f9390abd7e404e94c6c6bafbf5,gx-no-cache=1496065210348 HTTP/1.1" 200 65
186.103.159.230 - - [29/May/2017:10:39:14 -0300] "POST /cormun/servlet/licenciaspermisos?f390f8810081d61f637b64e7d9c31f38,INS,0,,,,gx-no-cache=1496065210386 HTTP/1.1" 200 4628
186.79.118.166 - - [29/May/2017:10:39:44 -0300] "POST /cormun/servlet/solicitudot?gx-no-cache=1496065241548 HTTP/1.1" 200 235
186.79.118.166 - - [29/May/2017:10:39:44 -0300] "POST /cormun/servlet/solicitudot?gx-no-cache=1496065241911 HTTP/1.1" 200 38
186.103.159.46 - - [29/May/2017:10:39:54 -0300] "GET /cormun/servlet/licenciaspermisos?314faf103434db178a7de08c2060eafc7c064deaa7b8da6efa469d8fb139b0a3137aca9953094a4e4e74fed117d0237719befd8d84bd550c5069a64e017fba258dfbc40ee0d53b0ac4bc58481d81a767daad7c4f7836b9277f47171e3204e6f945303410be36801a69ee0c13fbed8df02162c5842aafead707359578116139b35531a02dd0248427b64f4294d52304d0fc4413d7028b8e897a4b22ea29699d80b1040185ebf3c95de7c85bab5af37e1a,gx-no-cache=1496061646789 HTTP/1.1" 200 30
186.103.159.46 - - [29/May/2017:10:39:54 -0300] "GET /cormun/servlet/licenciaspermisos?314faf103434db178a7de08c2060eafcfce5ecab60801612358566dec6772caec48023bb738101feaf3c922754dff1008686898239330535f94557d7b195d7b4124092777f59cae3438ce438231d15c6089760a85ed1c50d9e4c2c57c1d6e713316f7d711ca382805ce570109111dca637f8c0ec607bdc142618fca527f792decb490f9b30b0d7664dbb64a4d4f9e87c5a097b0fd09edcfa91782ec16bb3fd15d1350fe04743ea613dd0174bd01ea748,gx-no-cache=1496061646881 HTTP/1.1" 200 29
186.103.159.46 - - [29/May/2017:10:39:54 -0300] "POST /cormun/servlet/licenciaspermisos?c26c476c6c5ccb580706368c109a6385,INS,0,,,,gx-no-cache=1496061647239 HTTP/1.1" 200 93
186.103.159.46 - - [29/May/2017:10:39:54 -0300] "GET /cormun/servlet/hpexe_return? HTTP/1.1" 200 1015
186.103.159.46 - - [29/May/2017:10:39:55 -0300] "GET /cormun/static/gxcfg.js?2016101716175148 HTTP/1.1" 200 953
186.103.159.46 - - [29/May/2017:10:39:55 -0300] "GET /cormun/static/Resources/Spanish/PXTools.css?167811 HTTP/1.1" 200 89042
186.103.159.46 - - [29/May/2017:10:39:55 -0300] "GET /cormun/static/hpexe_return.js?2016101716175153 HTTP/1.1" 200 1633
186.103.159.46 - - [29/May/2017:10:39:55 -0300] "GET /cormun/servlet/trlicencias HTTP/1.1" 200 7779
186.103.159.46 - - [29/May/2017:10:39:57 -0300] "GET /cormun//static/Resources/PXToolsGridUpdate.png HTTP/1.1" 200 2984
186.103.159.46 - - [29/May/2017:10:39:57 -0300] "GET /cormun//static/Resources/PXToolsGridDelete.png HTTP/1.1" 200 357
186.103.159.46 - - [29/May/2017:10:39:57 -0300] "GET /cormun//static/Resources/PXToolsGridDisplay.png HTTP/1.1" 200 362
186.103.159.46 - - [29/May/2017:10:39:57 -0300] "GET /cormun//static/Resources/PXToolsActionPrint.png HTTP/1.1" 200 3317
186.103.159.46 - - [29/May/2017:10:39:57 -0300] "GET /cormun//static/Resources/PXToolsHeaderHelp.png HTTP/1.1" 200 4055
186.103.159.46 - - [29/May/2017:10:39:57 -0300] "GET /cormun//static/Resources/PXToolsHeaderFavorites.png HTTP/1.1" 200 2744
186.103.159.46 - - [29/May/2017:10:39:57 -0300] "GET /cormun//static/Resources/PXTools/ActionInsert.png HTTP/1.1" 200 1482
186.103.159.46 - - [29/May/2017:10:39:58 -0300] "GET /cormun/servlet/trlicencias HTTP/1.1" 200 7775
186.79.118.166 - - [29/May/2017:10:40:00 -0300] "GET /cormun/servlet/solicitudot?3d563dec74a615185c45548f55ebbb4101cb8dcbcdc1bcb44754d01ff3b2e8447330dea1f8ccc4fcb80c1a943f3bce13a66f147f34e5adfe130794c137c17edbeaeaec14bb1f28f0d9c4a44ba1dbee7fdf0524f80a7c13d574166e9dd241fd9d7ec0164d14f2be2ae24be8fdb8b217a2,gx-no-cache=1496065257842 HTTP/1.1" 200 29
186.79.118.166 - - [29/May/2017:10:40:00 -0300] "POST /cormun/servlet/solicitudot?gx-no-cache=1496065258066 HTTP/1.1" 200 709
186.79.118.166 - - [29/May/2017:10:40:02 -0300] "POST /cormun/servlet/solicitudot?gx-no-cache=1496065259812 HTTP/1.1" 200 1162
186.103.159.46 - - [29/May/2017:10:40:05 -0300] "GET /cormun/servlet/alicenciaprn?9072136,L,20170529000000,PU HTTP/1.1" 200 1534
186.79.118.166 - - [29/May/2017:10:40:42 -0300] "POST /cormun/servlet/solicitudot?gx-no-cache=1496065300036 HTTP/1.1" 200 30
186.79.118.166 - - [29/May/2017:10:40:51 -0300] "POST /cormun/servlet/solicitudot?gx-no-cache=1496065308878 HTTP/1.1" 200 30
186.79.118.166 - - [29/May/2017:10:40:57 -0300] "POST /cormun/servlet/solicitudot?gx-no-cache=1496065315046 HTTP/1.1" 200 30
186.79.118.166 - - [29/May/2017:10:41:06 -0300] "POST /cormun/servlet/solicitudot?gx-no-cache=1496065324294 HTTP/1.1" 200 30
186.79.118.166 - - [29/May/2017:10:41:21 -0300] "POST /cormun/servlet/solicitudot?gx-no-cache=1496065339126 HTTP/1.1" 200 30
186.79.118.166 - - [29/May/2017:10:41:27 -0300] "POST /cormun/servlet/solicitudot?gx-no-cache=1496065345183 HTTP/1.1" 200 1292
186.79.118.166 - - [29/May/2017:10:41:28 -0300] "POST /cormun/servlet/solicitudot?gx-no-cache=1496065345448 HTTP/1.1" 200 38
186.79.118.166 - - [29/May/2017:10:41:28 -0300] "POST /cormun/servlet/solicitudot?gx-no-cache=1496065345689 HTTP/1.1" 200 1280
186.79.118.166 - - [29/May/2017:10:41:28 -0300] "POST /cormun/servlet/solicitudot?gx-no-cache=1496065345975 HTTP/1.1" 200 1161
186.79.118.166 - - [29/May/2017:10:41:28 -0300] "GET /cormun/static/menuarrow.gif HTTP/1.1" 404 1015
186.79.118.166 - - [29/May/2017:10:41:30 -0300] "POST /cormun/servlet/solicitudot?gx-no-cache=1496065347710 HTTP/1.1" 200 30
186.79.118.166 - - [29/May/2017:10:41:31 -0300] "POST /cormun/servlet/solicitudot?gx-no-cache=1496065348468 HTTP/1.1" 200 1292
186.79.118.166 - - [29/May/2017:10:41:31 -0300] "POST /cormun/servlet/solicitudot?gx-no-cache=1496065348835 HTTP/1.1" 200 38
186.79.118.166 - - [29/May/2017:10:41:31 -0300] "POST /cormun/servlet/solicitudot?gx-no-cache=1496065349071 HTTP/1.1" 200 1280
186.79.118.166 - - [29/May/2017:10:41:32 -0300] "POST /cormun/servlet/solicitudot?gx-no-cache=1496065349356 HTTP/1.1" 200 1161
186.103.159.46 - - [29/May/2017:10:42:06 -0300] "GET /cormun/servlet/hhome HTTP/1.1" 200 3775
186.103.159.46 - - [29/May/2017:10:42:09 -0300] "GET /cormun/servlet/hhome HTTP/1.1" 200 3784
186.79.118.166 - - [29/May/2017:10:42:18 -0300] "POST /cormun/servlet/solicitudot?gx-no-cache=1496065395615 HTTP/1.1" 200 30
186.103.159.46 - - [29/May/2017:10:42:18 -0300] "GET /cormun/servlet/trpermisosgoce? HTTP/1.1" 200 8334
186.103.159.46 - - [29/May/2017:10:42:18 -0300] "GET /cormun/static/gxcfg.js?20174111153177 HTTP/1.1" 200 953
186.103.159.46 - - [29/May/2017:10:42:22 -0300] "GET /cormun/static/trpermisosgoce.js?20174111153217 HTTP/1.1" 200 32899
186.103.159.46 - - [29/May/2017:10:42:22 -0300] "GET /cormun/servlet/trpermisosgoce? HTTP/1.1" 200 8332
186.103.159.46 - - [29/May/2017:10:42:27 -0300] "GET /cormun/servlet/permisogoce?INS,0,,, HTTP/1.1" 200 6558
186.103.159.46 - - [29/May/2017:10:42:27 -0300] "GET /cormun/static/permisogoce.js?20174111132557 HTTP/1.1" 200 26619
186.103.159.46 - - [29/May/2017:10:42:27 -0300] "GET /cormun/static/gxcfg.js?201741111325459 HTTP/1.1" 200 953
186.79.118.166 - - [29/May/2017:10:42:28 -0300] "POST /cormun/servlet/solicitudot?gx-no-cache=1496065406078 HTTP/1.1" 200 30
186.103.159.46 - - [29/May/2017:10:42:29 -0300] "GET /cormun/servlet/permisogoce?INS,0,,, HTTP/1.1" 200 6558
186.79.118.166 - - [29/May/2017:10:42:30 -0300] "GET /cormun/servlet/prcontratosol?17107952,,,,,MD,,gxPopupLevel%3D0%3B HTTP/1.1" 200 5698
186.79.118.166 - - [29/May/2017:10:42:31 -0300] "GET /cormun/static/prcontratosol.js?201731711522419 HTTP/1.1" 200 14084
186.79.118.166 - - [29/May/2017:10:42:31 -0300] "GET /cormun/static/Resources/PXToolsGridFirst.gif HTTP/1.1" 200 379
186.79.118.166 - - [29/May/2017:10:42:31 -0300] "GET /cormun/static/Resources/PXToolsGridPrevious.gif HTTP/1.1" 200 369
186.79.118.166 - - [29/May/2017:10:42:31 -0300] "GET /cormun/static/Resources/PXToolsGridNext.gif HTTP/1.1" 200 369
186.79.118.166 - - [29/May/2017:10:42:31 -0300] "GET /cormun/static/Resources/PXToolsGridLast.gif HTTP/1.1" 200 370
186.79.118.166 - - [29/May/2017:10:42:31 -0300] "GET /cormun/static/gxcfg.js?201731711522183 HTTP/1.1" 200 953
186.79.118.166 - - [29/May/2017:10:42:35 -0300] "POST /cormun/servlet/solicitudot?gx-no-cache=1496065412541 HTTP/1.1" 200 1373
186.79.118.166 - - [29/May/2017:10:42:35 -0300] "GET /cormun/static/Shared/jqueryui/images/ui-bg_highlight-soft_100_c6c2c8_1x100.png HTTP/1.1" 404 1117
186.79.118.166 - - [29/May/2017:10:42:35 -0300] "GET /cormun/static/Shared/jqueryui/images/ui-icons_82798d_256x240.png HTTP/1.1" 404 1089
186.79.118.166 - - [29/May/2017:10:42:35 -0300] "GET /cormun/static/Shared/jqueryui/images/ui-bg_flat_55_994d53_40x100.png HTTP/1.1" 404 1097
186.79.118.166 - - [29/May/2017:10:42:35 -0300] "GET /cormun/static/Shared/jqueryui/images/ui-icons_ebccce_256x240.png HTTP/1.1" 404 1089
186.79.118.166 - - [29/May/2017:10:42:35 -0300] "POST /cormun/servlet/solicitudot?gx-no-cache=1496065413044 HTTP/1.1" 200 117
186.79.118.166 - - [29/May/2017:10:42:36 -0300] "POST /cormun/servlet/solicitudot?gx-no-cache=1496065413428 HTTP/1.1" 200 1280
186.79.118.166 - - [29/May/2017:10:42:36 -0300] "POST /cormun/servlet/solicitudot?gx-no-cache=1496065413866 HTTP/1.1" 200 1161
186.79.118.166 - - [29/May/2017:10:42:41 -0300] "POST /cormun/servlet/solicitudot?gx-no-cache=1496065419101 HTTP/1.1" 200 30
186.103.159.46 - - [29/May/2017:10:43:42 -0300] "GET /cormun/servlet/permisogoce?314faf103434db178a7de08c2060eafc47ce8660f0ca2935d83a981e43222817cf5fd9b359571c317f5bba70168a9918,gx-no-cache=1496061874781 HTTP/1.1" 200 195
186.103.159.46 - - [29/May/2017:10:43:42 -0300] "GET /cormun/static/Shared/jqueryui/images/ui-bg_highlight-soft_100_c6c2c8_1x100.png HTTP/1.1" 404 1117
186.103.159.46 - - [29/May/2017:10:43:42 -0300] "GET /cormun/static/Shared/jqueryui/images/ui-icons_82798d_256x240.png HTTP/1.1" 404 1089
186.103.159.46 - - [29/May/2017:10:43:42 -0300] "GET /cormun/static/Shared/jqueryui/images/ui-bg_flat_55_994d53_40x100.png HTTP/1.1" 404 1097
186.103.159.46 - - [29/May/2017:10:43:42 -0300] "GET /cormun/static/Shared/jqueryui/images/ui-icons_ebccce_256x240.png HTTP/1.1" 404 1089
186.79.118.166 - - [29/May/2017:10:43:57 -0300] "POST /cormun/servlet/solicitudot?gx-no-cache=1496065493954 HTTP/1.1" 200 1292
186.79.118.166 - - [29/May/2017:10:43:57 -0300] "POST /cormun/servlet/solicitudot?gx-no-cache=1496065494637 HTTP/1.1" 200 38
186.79.118.166 - - [29/May/2017:10:43:57 -0300] "POST /cormun/servlet/solicitudot?gx-no-cache=1496065494874 HTTP/1.1" 200 1280
186.79.118.166 - - [29/May/2017:10:43:58 -0300] "POST /cormun/servlet/solicitudot?gx-no-cache=1496065495127 HTTP/1.1" 200 1161
186.79.118.166 - - [29/May/2017:10:44:00 -0300] "POST /cormun/servlet/solicitudot?gx-no-cache=1496065498121 HTTP/1.1" 200 30
186.79.118.166 - - [29/May/2017:10:44:02 -0300] "POST /cormun/servlet/solicitudot?gx-no-cache=1496065498367 HTTP/1.1" 200 1292
186.79.118.166 - - [29/May/2017:10:44:02 -0300] "POST /cormun/servlet/solicitudot?gx-no-cache=1496065499715 HTTP/1.1" 200 38
186.79.118.166 - - [29/May/2017:10:44:02 -0300] "POST /cormun/servlet/solicitudot?gx-no-cache=1496065499921 HTTP/1.1" 200 1280
186.79.118.166 - - [29/May/2017:10:44:03 -0300] "POST /cormun/servlet/solicitudot?gx-no-cache=1496065500361 HTTP/1.1" 200 1161
186.79.118.166 - - [29/May/2017:10:44:09 -0300] "GET /cormun/servlet/solicitudot?3d563dec74a615185c45548f55ebbb41a19be6054d6f3ae00108250c00204080bb3312004d8afb26f1fa7cded27c954a80988296351ca14bffece262df19c6bc2d9a24f044583fa2ddafa0b6b7af409869e5743e6648b7370928bdda36441c7d60eb0b3be593a5bcc42fafbb0767df8546ba6c825ad73d5607f54c50403324e90de9ce4841b0a01fb0f54b3b2409b2db0f9a31c721926f0d726acbdd9a9a29bb5d64d4e42082a12e4ee901f7039f1b94,gx-no-cache=1496065506685 HTTP/1.1" 200 30
186.103.159.46 - - [29/May/2017:10:45:19 -0300] "GET /cormun/servlet/permisogoce?314faf103434db178a7de08c2060eafc4bf48c91d841122c3768fbf1c5ecf655cf5fd9b359571c317f5bba70168a9918,gx-no-cache=1496061971848 HTTP/1.1" 200 71
186.103.159.46 - - [29/May/2017:10:45:19 -0300] "GET /cormun/static/menuarrow.gif HTTP/1.1" 404 1015
186.103.159.46 - - [29/May/2017:10:46:01 -0300] "GET /cormun/servlet/permisogoce?314faf103434db178a7de08c2060eafc860b362254c3bbe6993de33bbc10e457fccfbd5a6e0f4691a86825eb148be99d8fe52c9c3d1998ff98d0ae73b2bcd8ed,gx-no-cache=1496062014150 HTTP/1.1" 200 47
186.103.159.46 - - [29/May/2017:10:46:24 -0300] "POST /cormun/servlet/permisogoce?c26c476c6c5ccb580706368c109a6385,INS,0,,,,gx-no-cache=1496062036337 HTTP/1.1" 200 93
186.103.159.46 - - [29/May/2017:10:46:24 -0300] "GET /cormun/servlet/hpexe_return? HTTP/1.1" 200 1013
186.103.159.46 - - [29/May/2017:10:46:25 -0300] "GET /cormun/servlet/trpermisosgoce HTTP/1.1" 200 8555
186.103.159.230 - - [29/May/2017:10:46:26 -0300] "GET /cormun/servlet/licenciaspermisos?d7f4fb04947baf3bef844f5f1bcb47eff9a47b81ea6a461542e4b3ded46218779ed8e1b0b57a9e74b35da71390eb73d018a2bde9ebdb8a3d562e802cac1282edd2633c9a3101c0107cd2307e067af40b23735053d70922b08a39d879e98b6a2b3c8a1db595543d54517a5499d2a2b08eeaaa3d5c61ef973ab93957a44300de58611478663c22a705eae4dee7560e88eac9ed00122c1196eb8b34de268c1a5d83c70045a202db169d5c1b63f64b8fd4a2278ea9af6d332b288bc4fa736114d9bb675818885618e79017de7a1ff9462d2d6988db628519c5437eaf6ed1c05a5c89,gx-no-cache=1496065641845 HTTP/1.1" 200 30
186.103.159.230 - - [29/May/2017:10:46:26 -0300] "POST /cormun/servlet/licenciaspermisos?f390f8810081d61f637b64e7d9c31f38,INS,0,,,,gx-no-cache=1496065642194 HTTP/1.1" 200 4715
186.103.159.46 - - [29/May/2017:10:46:27 -0300] "GET /cormun/servlet/trpermisosgoce HTTP/1.1" 200 8550
186.103.159.230 - - [29/May/2017:10:46:27 -0300] "GET /cormun/servlet/licenciaspermisos?d7f4fb04947baf3bef844f5f1bcb47ef4c38575960bbab192c91c90a432b10cd94c6bd65baf951a4dce020aff2293e58beae27b1176b80d2a196a5e67fb17b04bf57cdfc30536bdcd866d948f28c8331,gx-no-cache=1496065643445 HTTP/1.1" 200 65
186.103.159.230 - - [29/May/2017:10:46:27 -0300] "POST /cormun/servlet/licenciaspermisos?f390f8810081d61f637b64e7d9c31f38,INS,0,,,,gx-no-cache=1496065643502 HTTP/1.1" 200 4715
186.103.159.46 - - [29/May/2017:10:46:37 -0300] "GET /cormun/servlet/apermisogoceprn?9999971,P,20170529104626,PU HTTP/1.1" 200 1651
186.103.159.230 - - [29/May/2017:10:46:43 -0300] "GET /cormun/servlet/licenciaspermisos?d7f4fb04947baf3bef844f5f1bcb47ef909f5480b4079362db175a6af3f04371803e929f92830f66954e000e55cbda93dd1d01baae950df367b6d25c24261416c7678b783aac331699a5a5517395a26a6ab1bb6683441e10a123b93c2815fba13471a5e8a903e93e35455d3de003ce82fc13f2c516b48573f73c86479d9099d09329551bd70596703e47c5b692441f426cbaa13dfbc3f0fa83c266e552ad74d2105ae4760f70ee73991a25e47cf863ca8ea03f0b1a565f536d25acba56a1dc17efa6a0dcbf08e5321874887aa3572d5720e13205f0392426477f812785860c0e885295b9b4fc40c415fc420a7e546931,gx-no-cache=1496065659173 HTTP/1.1" 200 60
186.103.159.230 - - [29/May/2017:10:46:43 -0300] "POST /cormun/servlet/licenciaspermisos?f390f8810081d61f637b64e7d9c31f38,INS,0,,,,gx-no-cache=1496065659214 HTTP/1.1" 200 93
186.103.159.230 - - [29/May/2017:10:46:43 -0300] "GET /cormun/servlet/hpexe_return? HTTP/1.1" 200 1015
186.103.159.230 - - [29/May/2017:10:46:43 -0300] "GET /cormun/static/gxcfg.js?2016101716175148 HTTP/1.1" 200 953
186.103.159.230 - - [29/May/2017:10:46:43 -0300] "GET /cormun/static/hpexe_return.js?2016101716175153 HTTP/1.1" 200 1633
186.103.159.230 - - [29/May/2017:10:46:43 -0300] "GET /cormun/static/Resources/Spanish/PXTools.css?167811 HTTP/1.1" 200 89042
186.103.159.230 - - [29/May/2017:10:46:44 -0300] "GET /cormun/servlet/trlicencias HTTP/1.1" 200 8035
186.103.159.230 - - [29/May/2017:10:46:44 -0300] "GET /cormun//static/Resources/PXToolsGridDelete.png HTTP/1.1" 200 357
186.103.159.230 - - [29/May/2017:10:46:44 -0300] "GET /cormun//static/Resources/PXToolsGridUpdate.png HTTP/1.1" 200 2984
186.103.159.230 - - [29/May/2017:10:46:44 -0300] "GET /cormun//static/Resources/PXToolsHeaderHelp.png HTTP/1.1" 200 4055
186.103.159.230 - - [29/May/2017:10:46:44 -0300] "GET /cormun//static/Resources/PXToolsGridDisplay.png HTTP/1.1" 200 362
186.103.159.230 - - [29/May/2017:10:46:44 -0300] "GET /cormun//static/Resources/PXToolsHeaderFavorites.png HTTP/1.1" 200 2744
186.103.159.230 - - [29/May/2017:10:46:44 -0300] "GET /cormun//static/Resources/PXTools/ActionInsert.png HTTP/1.1" 200 1482
186.103.159.230 - - [29/May/2017:10:46:44 -0300] "GET /cormun//static/Resources/PXToolsActionPrint.png HTTP/1.1" 200 3317
186.103.159.230 - - [29/May/2017:10:46:44 -0300] "GET /cormun/servlet/trlicencias HTTP/1.1" 200 8031
186.103.159.230 - - [29/May/2017:10:46:50 -0300] "GET /cormun/servlet/trlicenciaspermisosadjuntos?13947428,20170529000000,L, HTTP/1.1" 200 6329
186.103.159.230 - - [29/May/2017:10:46:50 -0300] "GET /cormun/static/gxcfg.js?20173171154619 HTTP/1.1" 200 953
186.103.159.230 - - [29/May/2017:10:46:50 -0300] "GET /cormun/static/trlicenciaspermisosadjuntos.js?20173171154971 HTTP/1.1" 200 21005
186.103.159.230 - - [29/May/2017:10:46:51 -0300] "GET /cormun/servlet/trlicenciaspermisosadjuntos?13947428,20170529000000,L, HTTP/1.1" 200 6329
186.103.159.230 - - [29/May/2017:10:46:53 -0300] "GET /cormun/servlet/licenciaspermisosadjuntos?INS,13947428,L,20170529000000,, HTTP/1.1" 200 5629
186.103.159.230 - - [29/May/2017:10:46:53 -0300] "GET /cormun/static/gxcfg.js?201731711421170 HTTP/1.1" 200 953
186.103.159.230 - - [29/May/2017:10:46:53 -0300] "GET /cormun/static/licenciaspermisosadjuntos.js?201731711421181 HTTP/1.1" 200 8757
186.103.159.230 - - [29/May/2017:10:46:54 -0300] "GET /cormun/static/about:blank HTTP/1.1" 404 1011
186.103.159.230 - - [29/May/2017:10:46:54 -0300] "GET /cormun/servlet/licenciaspermisosadjuntos?INS,13947428,L,20170529000000,, HTTP/1.1" 200 5618
186.79.118.166 - - [29/May/2017:10:46:57 -0300] "POST /cormun/servlet/solicitudot?ae2098ca671d079b6b43569e19de765d,INS,0,0,,gx-no-cache=1496065674620 HTTP/1.1" 200 93
186.79.118.166 - - [29/May/2017:10:46:58 -0300] "GET /cormun/servlet/hpexe_return? HTTP/1.1" 200 1006
186.79.118.166 - - [29/May/2017:10:46:58 -0300] "GET /cormun/servlet/trsolicitudot? HTTP/1.1" 200 8302
186.79.118.166 - - [29/May/2017:10:47:00 -0300] "GET /cormun/servlet/trsolicitudot? HTTP/1.1" 200 8297
186.103.159.230 - - [29/May/2017:10:47:15 -0300] "POST /cormun/servlet/licenciaspermisosadjuntos?f390f8810081d61f637b64e7d9c31f38,INS,13947428,L,20170529000000,, HTTP/1.1" 200 116
186.103.159.230 - - [29/May/2017:10:47:15 -0300] "GET /cormun/servlet/hpexe_return? HTTP/1.1" 200 1046
186.103.159.230 - - [29/May/2017:10:47:16 -0300] "GET /cormun/servlet/trlicenciaspermisosadjuntos?13947428,20170529000000,L, HTTP/1.1" 200 6820
186.103.159.230 - - [29/May/2017:10:47:16 -0300] "GET /cormun/servlet/trlicenciaspermisosadjuntos?13947428,20170529000000,L, HTTP/1.1" 200 6817
186.103.159.46 - - [29/May/2017:10:47:22 -0300] "GET /cormun/servlet/permisogoce?INS,0,,, HTTP/1.1" 200 6558
186.103.159.46 - - [29/May/2017:10:47:24 -0300] "GET /cormun/servlet/permisogoce?INS,0,,, HTTP/1.1" 200 6558
186.103.159.230 - - [29/May/2017:10:47:27 -0300] "GET /cormun/servlet/trlicencias? HTTP/1.1" 200 8032
186.103.159.230 - - [29/May/2017:10:47:27 -0300] "GET /cormun/servlet/trlicencias? HTTP/1.1" 200 8031
186.103.159.230 - - [29/May/2017:10:47:33 -0300] "POST /cormun/servlet/trlicencias?f390f8810081d61f637b64e7d9c31f38,,gx-no-cache=1496065708567 HTTP/1.1" 200 4272
186.103.159.230 - - [29/May/2017:10:47:33 -0300] "GET /cormun/static/Shared/jqueryui/images/ui-bg_highlight-soft_100_c6c2c8_1x100.png HTTP/1.1" 404 1117
186.103.159.230 - - [29/May/2017:10:47:33 -0300] "GET /cormun/static/Shared/jqueryui/images/ui-icons_82798d_256x240.png HTTP/1.1" 404 1089
186.103.159.230 - - [29/May/2017:10:47:33 -0300] "GET /cormun/static/Shared/jqueryui/images/ui-bg_flat_55_fafafa_40x100.png HTTP/1.1" 404 1097
186.103.159.230 - - [29/May/2017:10:47:33 -0300] "GET /cormun/static/Shared/jqueryui/images/ui-icons_8d78a5_256x240.png HTTP/1.1" 404 1089
186.79.118.166 - - [29/May/2017:10:48:09 -0300] "POST /cormun/servlet/trsolicitudot?ae2098ca671d079b6b43569e19de765d,,gx-no-cache=1496065746166 HTTP/1.1" 200 107
186.79.118.166 - - [29/May/2017:10:48:09 -0300] "GET /cormun/servlet/trsolicitudadjuntos?2017,6659, HTTP/1.1" 200 6153
186.79.118.166 - - [29/May/2017:10:48:09 -0300] "GET /cormun/static/gxcfg.js?201731711504543 HTTP/1.1" 200 953
186.79.118.166 - - [29/May/2017:10:48:09 -0300] "GET /cormun/static/trsolicitudadjuntos.js?201731711504951 HTTP/1.1" 200 17913
186.79.118.166 - - [29/May/2017:10:48:11 -0300] "GET /cormun/servlet/trsolicitudadjuntos?2017,6659, HTTP/1.1" 200 6153
186.103.159.46 - - [29/May/2017:10:48:17 -0300] "GET /cormun/servlet/permisogoce?314faf103434db178a7de08c2060eafc2a26cab308048149dc917da2a12733d51cb1db96634e77dfff8e6d3819625394,gx-no-cache=1496062150243 HTTP/1.1" 200 70
186.103.159.46 - - [29/May/2017:10:48:17 -0300] "GET /cormun/static/menuarrow.gif HTTP/1.1" 404 1015
186.103.159.230 - - [29/May/2017:10:48:21 -0300] "GET /cormun/servlet/trlicencias? HTTP/1.1" 200 6843
186.103.159.230 - - [29/May/2017:10:48:22 -0300] "GET /cormun/servlet/trlicencias? HTTP/1.1" 200 6843
186.103.159.230 - - [29/May/2017:10:48:25 -0300] "GET /cormun/servlet/licenciaspermisos?INS,0,,, HTTP/1.1" 200 7384
186.103.159.230 - - [29/May/2017:10:48:25 -0300] "GET /cormun/servlet/licenciaspermisos?INS,0,,, HTTP/1.1" 200 7384
186.103.159.230 - - [29/May/2017:10:48:28 -0300] "GET /cormun/servlet/prfichaempleado?,MD,,gxPopupLevel%3D0%3B HTTP/1.1" 200 8816
186.103.159.230 - - [29/May/2017:10:48:41 -0300] "POST /cormun/servlet/prfichaempleado?f390f8810081d61f637b64e7d9c31f38,,MD,,gxPopupLevel%3D0%3B,gx-no-cache=1496065777176 HTTP/1.1" 200 3408
186.79.21.116 - - [29/May/2017:10:48:48 -0300] "GET /cormun/servlet/permisogoce?INS,0,,, HTTP/1.1" 200 5974
186.79.21.116 - - [29/May/2017:10:48:48 -0300] "GET /cormun/servlet/hlogin HTTP/1.1" 200 1750
186.79.21.116 - - [29/May/2017:10:48:48 -0300] "GET /cormun/servlet/permisogoce?INS,0,,, HTTP/1.1" 200 5969
186.103.159.46 - - [29/May/2017:10:48:49 -0300] "GET /cormun/servlet/permisogoce?314faf103434db178a7de08c2060eafc2068ffd241ce62fc22748a313600a07dd0858ec6684b8342476228488e722dbeb9adfc9f9cff82e1b7280b46d5de95b7,gx-no-cache=1496062181663 HTTP/1.1" 200 49
186.79.21.116 - - [29/May/2017:10:48:57 -0300] "POST /cormun/servlet/hlogin?c2df39e1ef7aa0f518e57db754741d2f,gx-no-cache=1496065791501 HTTP/1.1" 200 90
186.79.21.116 - - [29/May/2017:10:48:57 -0300] "GET /cormun/servlet/hpexe_link HTTP/1.1" 200 969
186.79.21.116 - - [29/May/2017:10:48:57 -0300] "GET /cormun/servlet/permisogoce?INS,0,,, HTTP/1.1" 200 6623
186.79.21.116 - - [29/May/2017:10:48:57 -0300] "GET /cormun/servlet/permisogoce?INS,0,,, HTTP/1.1" 200 6622
186.103.159.46 - - [29/May/2017:10:48:59 -0300] "POST /cormun/servlet/permisogoce?c26c476c6c5ccb580706368c109a6385,INS,0,,,,gx-no-cache=1496062191713 HTTP/1.1" 200 93
186.103.159.46 - - [29/May/2017:10:48:59 -0300] "GET /cormun/servlet/hpexe_return? HTTP/1.1" 200 1013
186.79.118.166 - - [29/May/2017:10:48:59 -0300] "GET /cormun/servlet/solicitudotadjuntos?INS,2017,6659,,1, HTTP/1.1" 200 6090
186.79.118.166 - - [29/May/2017:10:49:00 -0300] "GET /cormun/static/gxcfg.js?201612218465951 HTTP/1.1" 200 953
186.79.118.166 - - [29/May/2017:10:49:00 -0300] "GET /cormun/static/solicitudotadjuntos.js?201612218465969 HTTP/1.1" 200 11762
186.103.159.46 - - [29/May/2017:10:49:00 -0300] "GET /cormun/servlet/trpermisosgoce HTTP/1.1" 200 8755
186.79.118.166 - - [29/May/2017:10:49:00 -0300] "GET /cormun/static/about:blank HTTP/1.1" 404 1011
186.103.159.46 - - [29/May/2017:10:49:02 -0300] "GET /cormun/servlet/trpermisosgoce HTTP/1.1" 200 8750
186.103.159.46 - - [29/May/2017:10:49:08 -0300] "GET /cormun/servlet/apermisogoceprn?17458217,P,20170529104902,PU HTTP/1.1" 200 1653
186.79.118.166 - - [29/May/2017:10:49:17 -0300] "GET /cormun/servlet/hlogin HTTP/1.1" 200 1722
186.79.21.116 - - [29/May/2017:10:49:21 -0300] "GET /cormun/servlet/permisogoce?74d7f8cd2d7f304d17ebe6eeb4b51ebb77097ef8377dd16c46cfd911db10c9f0852d45017a5b39c6d91bbc1dcee5774d,gx-no-cache=1496065815808 HTTP/1.1" 200 77
186.103.159.230 - - [29/May/2017:10:49:25 -0300] "GET /cormun/servlet/licenciaspermisos?d7f4fb04947baf3bef844f5f1bcb47ef41e3c39587757223e6f9fa89eb54ddd2f0b063f4766f41c5677d67767559c9e8,gx-no-cache=1496065820735 HTTP/1.1" 200 68
186.103.159.230 - - [29/May/2017:10:49:25 -0300] "POST /cormun/servlet/licenciaspermisos?f390f8810081d61f637b64e7d9c31f38,INS,0,,,,gx-no-cache=1496065820810 HTTP/1.1" 200 4631
186.79.118.166 - - [29/May/2017:10:49:26 -0300] "POST /cormun/servlet/hlogin?ae2098ca671d079b6b43569e19de765d,gx-no-cache=1496065823557 HTTP/1.1" 200 90
186.79.118.166 - - [29/May/2017:10:49:26 -0300] "GET /cormun/servlet/hpexe_link HTTP/1.1" 200 977
186.79.118.166 - - [29/May/2017:10:49:26 -0300] "GET /cormun/servlet/solicitudotadjuntos?INS,2017,6659,,1, HTTP/1.1" 200 6085
186.79.118.166 - - [29/May/2017:10:49:27 -0300] "GET /cormun/static/about:blank HTTP/1.1" 404 1011
186.79.118.166 - - [29/May/2017:10:49:28 -0300] "GET /cormun/servlet/solicitudotadjuntos?INS,2017,6659,,1, HTTP/1.1" 200 6083
186.79.118.166 - - [29/May/2017:10:49:29 -0300] "GET /cormun/servlet/solicitudotadjuntos?3d563dec74a615185c45548f55ebbb41407a32edf4d551e6bf262e7f3608d5e9ff7e8a3d42d50eb696a9936e620d337a,gx-no-cache=1496065826745 HTTP/1.1" 200 30
186.79.118.166 - - [29/May/2017:10:49:29 -0300] "POST /cormun/servlet/solicitudotadjuntos?ae2098ca671d079b6b43569e19de765d,INS,2017,6659,,1,,gx-no-cache=1496065826892 HTTP/1.1" 200 3855
186.79.21.116 - - [29/May/2017:10:49:31 -0300] "GET /cormun/servlet/permisogoce?74d7f8cd2d7f304d17ebe6eeb4b51ebb749a4fe96aefe60aa4e7a06a89d34589eb3b0ac5763880803e03a505948c985f3be6b508e6e0635b427f47449c1fb734,gx-no-cache=1496065825798 HTTP/1.1" 200 48
186.79.21.116 - - [29/May/2017:10:49:34 -0300] "POST /cormun/servlet/permisogoce?c2df39e1ef7aa0f518e57db754741d2f,INS,0,,,,gx-no-cache=1496065828514 HTTP/1.1" 200 93
186.79.21.116 - - [29/May/2017:10:49:34 -0300] "GET /cormun/servlet/hpexe_return? HTTP/1.1" 200 1011
186.79.21.116 - - [29/May/2017:10:49:34 -0300] "GET /cormun/servlet/hhome HTTP/1.1" 200 4021
186.79.21.116 - - [29/May/2017:10:49:35 -0300] "GET /cormun/servlet/hhome HTTP/1.1" 200 4015
186.79.118.166 - - [29/May/2017:10:49:37 -0300] "POST /cormun/servlet/solicitudotadjuntos?gx-no-cache=1496065834925 HTTP/1.1" 200 26
186.103.159.46 - - [29/May/2017:10:49:39 -0300] "GET /cormun/servlet/permisogoce?INS,0,,, HTTP/1.1" 200 6558
186.103.159.46 - - [29/May/2017:10:49:41 -0300] "GET /cormun/servlet/permisogoce?INS,0,,, HTTP/1.1" 200 6558
186.79.21.116 - - [29/May/2017:10:49:43 -0300] "GET /cormun/servlet/trpermisosgoce? HTTP/1.1" 200 8300
186.79.21.116 - - [29/May/2017:10:49:43 -0300] "GET /cormun/servlet/trpermisosgoce? HTTP/1.1" 200 8298
186.79.21.116 - - [29/May/2017:10:49:48 -0300] "GET /cormun/servlet/apermisogoceprn?13719416,P,20170529104937,PU HTTP/1.1" 200 1668
186.79.118.166 - - [29/May/2017:10:49:52 -0300] "GET /cormun/servlet/solicitudotadjuntos?3d563dec74a615185c45548f55ebbb41d2d79dc67df4a1ba3bc143b5b91b652c,gx-no-cache=1496065850230 HTTP/1.1" 200 30
186.79.118.166 - - [29/May/2017:10:49:52 -0300] "GET /cormun/servlet/solicitudotadjuntos?3d563dec74a615185c45548f55ebbb41d2d79dc67df4a1ba3bc143b5b91b652c,gx-no-cache=1496065850425 HTTP/1.1" 200 30
186.79.118.166 - - [29/May/2017:10:50:06 -0300] "POST /cormun/servlet/solicitudotadjuntos?ae2098ca671d079b6b43569e19de765d,INS,2017,6659,,1, HTTP/1.1" 200 116
186.79.118.166 - - [29/May/2017:10:50:06 -0300] "GET /cormun/servlet/hpexe_return? HTTP/1.1" 200 1025
186.79.118.166 - - [29/May/2017:10:50:07 -0300] "GET /cormun/servlet/trsolicitudadjuntos?2017,6659, HTTP/1.1" 200 8355
186.79.118.166 - - [29/May/2017:10:50:08 -0300] "GET /cormun/servlet/trsolicitudadjuntos?2017,6659, HTTP/1.1" 200 8351
186.103.159.46 - - [29/May/2017:10:50:09 -0300] "GET /cormun/servlet/permisogoce?314faf103434db178a7de08c2060eafcfa1cf9440250847517bf0e36cdf0efcfcf5fd9b359571c317f5bba70168a9918,gx-no-cache=1496062261807 HTTP/1.1" 200 81
186.103.159.46 - - [29/May/2017:10:50:09 -0300] "GET /cormun/static/menuarrow.gif HTTP/1.1" 404 1015
186.79.118.166 - - [29/May/2017:10:50:11 -0300] "GET /cormun/servlet/solicitudotadjuntos?INS,2017,6659,,1, HTTP/1.1" 200 6091
186.79.118.166 - - [29/May/2017:10:50:11 -0300] "GET /cormun/static/about:blank HTTP/1.1" 404 1011
186.79.118.166 - - [29/May/2017:10:50:12 -0300] "GET /cormun/servlet/solicitudotadjuntos?INS,2017,6659,,1, HTTP/1.1" 200 6085
186.79.118.166 - - [29/May/2017:10:50:12 -0300] "GET /cormun/servlet/solicitudotadjuntos?3d563dec74a615185c45548f55ebbb41407a32edf4d551e6bf262e7f3608d5e9ff7e8a3d42d50eb696a9936e620d337a,gx-no-cache=1496065870326 HTTP/1.1" 200 30
186.79.118.166 - - [29/May/2017:10:50:13 -0300] "POST /cormun/servlet/solicitudotadjuntos?ae2098ca671d079b6b43569e19de765d,INS,2017,6659,,1,,gx-no-cache=1496065870558 HTTP/1.1" 200 3864
186.79.118.166 - - [29/May/2017:10:50:16 -0300] "POST /cormun/servlet/solicitudotadjuntos?gx-no-cache=1496065874277 HTTP/1.1" 200 26
186.79.118.166 - - [29/May/2017:10:50:23 -0300] "GET /cormun/servlet/solicitudotadjuntos?3d563dec74a615185c45548f55ebbb41d2d79dc67df4a1ba3bc143b5b91b652c,gx-no-cache=1496065881190 HTTP/1.1" 200 30
186.79.118.166 - - [29/May/2017:10:50:24 -0300] "GET /cormun/servlet/solicitudotadjuntos?3d563dec74a615185c45548f55ebbb41d2d79dc67df4a1ba3bc143b5b91b652c,gx-no-cache=1496065881541 HTTP/1.1" 200 30
186.103.159.46 - - [29/May/2017:10:50:27 -0300] "GET /cormun/servlet/permisogoce?314faf103434db178a7de08c2060eafc9f2c46b5dac107d0089f4222e863b49ba429581ad57e7ffea6e2be3f0a1d89aa761d601e983b15fe4f37d2ef8490287e,gx-no-cache=1496062279885 HTTP/1.1" 200 48
186.79.118.166 - - [29/May/2017:10:50:30 -0300] "POST /cormun/servlet/solicitudotadjuntos?ae2098ca671d079b6b43569e19de765d,INS,2017,6659,,1, HTTP/1.1" 200 116
186.79.118.166 - - [29/May/2017:10:50:30 -0300] "GET /cormun/servlet/hpexe_return? HTTP/1.1" 200 1025
186.79.118.166 - - [29/May/2017:10:50:31 -0300] "GET /cormun/servlet/trsolicitudadjuntos?2017,6659, HTTP/1.1" 200 8524
186.79.118.166 - - [29/May/2017:10:50:32 -0300] "GET /cormun/servlet/trsolicitudadjuntos?2017,6659, HTTP/1.1" 200 8522
186.79.118.166 - - [29/May/2017:10:50:35 -0300] "GET /cormun/servlet/solicitudotadjuntos?INS,2017,6659,,1, HTTP/1.1" 200 6091
186.79.118.166 - - [29/May/2017:10:50:35 -0300] "GET /cormun/static/about:blank HTTP/1.1" 404 1011
186.79.118.166 - - [29/May/2017:10:50:36 -0300] "GET /cormun/servlet/solicitudotadjuntos?INS,2017,6659,,1, HTTP/1.1" 200 6085
186.79.118.166 - - [29/May/2017:10:50:36 -0300] "GET /cormun/servlet/solicitudotadjuntos?3d563dec74a615185c45548f55ebbb41407a32edf4d551e6bf262e7f3608d5e9ff7e8a3d42d50eb696a9936e620d337a,gx-no-cache=1496065894171 HTTP/1.1" 200 30
186.79.118.166 - - [29/May/2017:10:50:37 -0300] "POST /cormun/servlet/solicitudotadjuntos?ae2098ca671d079b6b43569e19de765d,INS,2017,6659,,1,,gx-no-cache=1496065894369 HTTP/1.1" 200 3864
186.79.118.166 - - [29/May/2017:10:50:40 -0300] "POST /cormun/servlet/solicitudotadjuntos?gx-no-cache=1496065897931 HTTP/1.1" 200 26
186.103.159.46 - - [29/May/2017:10:50:42 -0300] "POST /cormun/servlet/permisogoce?c26c476c6c5ccb580706368c109a6385,INS,0,,,,gx-no-cache=1496062294336 HTTP/1.1" 200 93
186.103.159.46 - - [29/May/2017:10:50:42 -0300] "GET /cormun/servlet/hpexe_return? HTTP/1.1" 200 1013
186.103.159.46 - - [29/May/2017:10:50:43 -0300] "GET /cormun/servlet/trpermisosgoce HTTP/1.1" 200 8940
186.103.159.46 - - [29/May/2017:10:50:45 -0300] "GET /cormun/servlet/trpermisosgoce HTTP/1.1" 200 8935
186.79.118.166 - - [29/May/2017:10:50:46 -0300] "GET /cormun/servlet/solicitudotadjuntos?3d563dec74a615185c45548f55ebbb41d2d79dc67df4a1ba3bc143b5b91b652c,gx-no-cache=1496065904108 HTTP/1.1" 200 30
186.79.118.166 - - [29/May/2017:10:50:47 -0300] "GET /cormun/servlet/solicitudotadjuntos?3d563dec74a615185c45548f55ebbb41d2d79dc67df4a1ba3bc143b5b91b652c,gx-no-cache=1496065904447 HTTP/1.1" 200 30
186.103.159.46 - - [29/May/2017:10:50:57 -0300] "GET /cormun/servlet/apermisogoceprn?9517647,P,20170529105045,PU HTTP/1.1" 200 1659
186.79.118.166 - - [29/May/2017:10:50:58 -0300] "POST /cormun/servlet/solicitudotadjuntos?ae2098ca671d079b6b43569e19de765d,INS,2017,6659,,1, HTTP/1.1" 200 116
186.79.118.166 - - [29/May/2017:10:50:59 -0300] "GET /cormun/servlet/hpexe_return? HTTP/1.1" 200 1025
186.79.118.166 - - [29/May/2017:10:50:59 -0300] "GET /cormun/servlet/trsolicitudadjuntos?2017,6659, HTTP/1.1" 200 8689
186.79.118.166 - - [29/May/2017:10:51:01 -0300] "GET /cormun/servlet/trsolicitudadjuntos?2017,6659, HTTP/1.1" 200 8687
186.79.118.166 - - [29/May/2017:10:51:04 -0300] "GET /cormun/servlet/solicitudotadjuntos?INS,2017,6659,,1, HTTP/1.1" 200 6091
186.79.118.166 - - [29/May/2017:10:51:06 -0300] "GET /cormun/static/about:blank HTTP/1.1" 404 1011
186.79.118.166 - - [29/May/2017:10:51:06 -0300] "GET /cormun/servlet/solicitudotadjuntos?INS,2017,6659,,1, HTTP/1.1" 200 6085
186.79.118.166 - - [29/May/2017:10:51:07 -0300] "GET /cormun/servlet/solicitudotadjuntos?3d563dec74a615185c45548f55ebbb41407a32edf4d551e6bf262e7f3608d5e9ff7e8a3d42d50eb696a9936e620d337a,gx-no-cache=1496065924530 HTTP/1.1" 200 30
186.79.118.166 - - [29/May/2017:10:51:07 -0300] "POST /cormun/servlet/solicitudotadjuntos?ae2098ca671d079b6b43569e19de765d,INS,2017,6659,,1,,gx-no-cache=1496065924689 HTTP/1.1" 200 3864
186.79.118.166 - - [29/May/2017:10:51:11 -0300] "POST /cormun/servlet/solicitudotadjuntos?gx-no-cache=1496065929266 HTTP/1.1" 200 26
186.79.118.166 - - [29/May/2017:10:51:17 -0300] "GET /cormun/servlet/solicitudotadjuntos?3d563dec74a615185c45548f55ebbb41d2d79dc67df4a1ba3bc143b5b91b652c,gx-no-cache=1496065935310 HTTP/1.1" 200 30
186.79.118.166 - - [29/May/2017:10:51:18 -0300] "GET /cormun/servlet/solicitudotadjuntos?3d563dec74a615185c45548f55ebbb41d2d79dc67df4a1ba3bc143b5b91b652c,gx-no-cache=1496065935613 HTTP/1.1" 200 30
186.79.118.166 - - [29/May/2017:10:51:34 -0300] "POST /cormun/servlet/solicitudotadjuntos?ae2098ca671d079b6b43569e19de765d,INS,2017,6659,,1, HTTP/1.1" 200 116
186.79.118.166 - - [29/May/2017:10:51:34 -0300] "GET /cormun/servlet/hpexe_return? HTTP/1.1" 200 1025
186.79.118.166 - - [29/May/2017:10:51:35 -0300] "GET /cormun/servlet/trsolicitudadjuntos?2017,6659, HTTP/1.1" 200 8819
186.79.118.166 - - [29/May/2017:10:51:36 -0300] "GET /cormun/servlet/trsolicitudadjuntos?2017,6659, HTTP/1.1" 200 8817
186.79.118.166 - - [29/May/2017:10:51:39 -0300] "GET /cormun/servlet/solicitudotadjuntos?INS,2017,6659,,1, HTTP/1.1" 200 6091
186.79.118.166 - - [29/May/2017:10:51:39 -0300] "GET /cormun/static/about:blank HTTP/1.1" 404 1011
186.79.118.166 - - [29/May/2017:10:51:40 -0300] "GET /cormun/servlet/solicitudotadjuntos?INS,2017,6659,,1, HTTP/1.1" 200 6085
186.79.118.166 - - [29/May/2017:10:51:41 -0300] "GET /cormun/servlet/solicitudotadjuntos?3d563dec74a615185c45548f55ebbb41407a32edf4d551e6bf262e7f3608d5e9ff7e8a3d42d50eb696a9936e620d337a,gx-no-cache=1496065958490 HTTP/1.1" 200 30
186.79.118.166 - - [29/May/2017:10:51:41 -0300] "POST /cormun/servlet/solicitudotadjuntos?ae2098ca671d079b6b43569e19de765d,INS,2017,6659,,1,,gx-no-cache=1496065958663 HTTP/1.1" 200 3864
186.79.118.166 - - [29/May/2017:10:51:45 -0300] "POST /cormun/servlet/solicitudotadjuntos?gx-no-cache=1496065962526 HTTP/1.1" 200 26
186.79.118.166 - - [29/May/2017:10:51:50 -0300] "GET /cormun/servlet/solicitudotadjuntos?3d563dec74a615185c45548f55ebbb41d2d79dc67df4a1ba3bc143b5b91b652c,gx-no-cache=1496065968391 HTTP/1.1" 200 30
186.79.118.166 - - [29/May/2017:10:51:51 -0300] "GET /cormun/servlet/solicitudotadjuntos?3d563dec74a615185c45548f55ebbb41d2d79dc67df4a1ba3bc143b5b91b652c,gx-no-cache=1496065968618 HTTP/1.1" 200 30
186.79.118.166 - - [29/May/2017:10:52:00 -0300] "POST /cormun/servlet/solicitudotadjuntos?ae2098ca671d079b6b43569e19de765d,INS,2017,6659,,1, HTTP/1.1" 200 116
186.79.118.166 - - [29/May/2017:10:52:00 -0300] "GET /cormun/servlet/hpexe_return? HTTP/1.1" 200 1025
186.79.118.166 - - [29/May/2017:10:52:01 -0300] "GET /cormun/servlet/trsolicitudadjuntos?2017,6659, HTTP/1.1" 200 9027
186.79.118.166 - - [29/May/2017:10:52:03 -0300] "GET /cormun/servlet/trsolicitudadjuntos?2017,6659, HTTP/1.1" 200 9025
186.79.118.166 - - [29/May/2017:10:52:09 -0300] "GET /cormun/servlet/solicitudotadjuntos?INS,2017,6659,,1, HTTP/1.1" 200 6090
186.79.118.166 - - [29/May/2017:10:52:13 -0300] "GET /cormun/static/about:blank HTTP/1.1" 404 1011
186.79.118.166 - - [29/May/2017:10:52:14 -0300] "GET /cormun/servlet/solicitudotadjuntos?INS,2017,6659,,1, HTTP/1.1" 200 6084
186.79.118.166 - - [29/May/2017:10:52:14 -0300] "GET /cormun/servlet/solicitudotadjuntos?3d563dec74a615185c45548f55ebbb41407a32edf4d551e6bf262e7f3608d5e9ff7e8a3d42d50eb696a9936e620d337a,gx-no-cache=1496065992043 HTTP/1.1" 200 30
186.79.118.166 - - [29/May/2017:10:52:15 -0300] "POST /cormun/servlet/solicitudotadjuntos?ae2098ca671d079b6b43569e19de765d,INS,2017,6659,,1,,gx-no-cache=1496065992268 HTTP/1.1" 200 3864
186.79.118.166 - - [29/May/2017:10:52:17 -0300] "POST /cormun/servlet/solicitudotadjuntos?gx-no-cache=1496065995306 HTTP/1.1" 200 26
186.79.118.166 - - [29/May/2017:10:52:23 -0300] "GET /cormun/servlet/solicitudotadjuntos?3d563dec74a615185c45548f55ebbb41d2d79dc67df4a1ba3bc143b5b91b652c,gx-no-cache=1496066001125 HTTP/1.1" 200 30
186.79.118.166 - - [29/May/2017:10:52:23 -0300] "GET /cormun/servlet/solicitudotadjuntos?3d563dec74a615185c45548f55ebbb41d2d79dc67df4a1ba3bc143b5b91b652c,gx-no-cache=1496066001280 HTTP/1.1" 200 30
186.79.118.166 - - [29/May/2017:10:52:51 -0300] "POST /cormun/servlet/solicitudotadjuntos?ae2098ca671d079b6b43569e19de765d,INS,2017,6659,,1, HTTP/1.1" 200 116
186.79.118.166 - - [29/May/2017:10:52:51 -0300] "GET /cormun/servlet/hpexe_return? HTTP/1.1" 200 1025
186.79.118.166 - - [29/May/2017:10:52:52 -0300] "GET /cormun/servlet/trsolicitudadjuntos?2017,6659, HTTP/1.1" 200 9229
186.79.118.166 - - [29/May/2017:10:52:54 -0300] "GET /cormun/servlet/trsolicitudadjuntos?2017,6659, HTTP/1.1" 200 9227
186.79.118.166 - - [29/May/2017:10:53:05 -0300] "POST /cormun/servlet/trsolicitudadjuntos?ae2098ca671d079b6b43569e19de765d,2017,6659,,gx-no-cache=1496066042430 HTTP/1.1" 200 90
186.79.118.166 - - [29/May/2017:10:53:05 -0300] "GET /cormun/servlet/hpexe_link HTTP/1.1" 200 969
186.79.118.166 - - [29/May/2017:10:53:06 -0300] "GET /cormun/servlet/trsolicitudot HTTP/1.1" 200 8299
186.79.118.166 - - [29/May/2017:10:53:07 -0300] "GET /cormun/servlet/trsolicitudot HTTP/1.1" 200 8298
186.79.118.166 - - [29/May/2017:10:53:16 -0300] "GET /cormun/servlet/vesolicitudot?2017,6659,, HTTP/1.1" 200 8297
186.79.118.166 - - [29/May/2017:10:53:16 -0300] "GET /cormun/static/gxcfg.js?201731711515882 HTTP/1.1" 200 953
186.79.118.166 - - [29/May/2017:10:53:16 -0300] "GET /cormun/pexe_scrolldiv.js HTTP/1.1" 404 1009
186.79.118.166 - - [29/May/2017:10:53:17 -0300] "GET /cormun/static/vesolicitudot.js?201731711515955 HTTP/1.1" 200 6091
186.79.118.166 - - [29/May/2017:10:53:17 -0300] "GET /cormun/static/hwcviewtabs.js?20173171133571 HTTP/1.1" 200 1074
186.79.118.166 - - [29/May/2017:10:53:17 -0300] "GET /cormun/static/hpexe_tabsview.js?201610171694228 HTTP/1.1" 200 1661
186.79.118.166 - - [29/May/2017:10:53:17 -0300] "GET /cormun/static/Resources/PXToolsTabFirstSelected.png HTTP/1.1" 200 1259
186.79.118.166 - - [29/May/2017:10:53:17 -0300] "GET /cormun/static/Resources/PXToolsTabLastUnselected.png HTTP/1.1" 200 1291
186.79.118.166 - - [29/May/2017:10:53:17 -0300] "GET /cormun/static/Resources/PXToolsTabPrevious.gif HTTP/1.1" 200 172
186.79.118.166 - - [29/May/2017:10:53:17 -0300] "GET /cormun/static/Resources/PXToolsTabNext.gif HTTP/1.1" 200 168
186.79.118.166 - - [29/May/2017:10:53:17 -0300] "GET /cormun/static/tbsolicitudot01.js?201731711332949 HTTP/1.1" 200 28340
186.79.118.166 - - [29/May/2017:10:53:18 -0300] "GET /cormun/static/calendar-system.css HTTP/1.1" 200 5572
186.79.118.166 - - [29/May/2017:10:53:18 -0300] "GET /cormun/static/Resources/PXToolsTabBackSelected.png HTTP/1.1" 200 1157
186.79.118.166 - - [29/May/2017:10:53:18 -0300] "GET /cormun/static/Resources/PXToolsTabBackUnselected.png HTTP/1.1" 200 1175
186.79.118.166 - - [29/May/2017:10:53:18 -0300] "GET /cormun/static/Resources/PXToolsTabSelectedUnselected.png HTTP/1.1" 200 1428
186.79.118.166 - - [29/May/2017:10:53:18 -0300] "GET /cormun/static/Resources/PXToolsTabUnselectedUnselected.png HTTP/1.1" 200 1459
186.79.118.166 - - [29/May/2017:10:53:18 -0300] "GET /cormun/servlet/vesolicitudot?2017,6659,, HTTP/1.1" 200 8296
186.103.159.230 - - [29/May/2017:10:53:20 -0300] "GET /cormun/servlet/licenciaspermisos?d7f4fb04947baf3bef844f5f1bcb47eff9a47b81ea6a461542e4b3ded46218779ed8e1b0b57a9e74b35da71390eb73d018a2bde9ebdb8a3d562e802cac1282edd2633c9a3101c0107cd2307e067af40b23735053d70922b08a39d879e98b6a2b3c8a1db595543d54517a5499d2a2b08eeaaa3d5c61ef973ab93957a44300de58611478663c22a705eae4dee7560e88eac9ed00122c1196eb8b34de268c1a5d83c70045a202db169d5c1b63f64b8fd4a2278ea9af6d332b288bc4fa736114d9bb675818885618e79017de7a1ff9462d2d6988db628519c5437eaf6ed1c05a5c89,gx-no-cache=1496066055633 HTTP/1.1" 200 30
186.103.159.230 - - [29/May/2017:10:53:20 -0300] "POST /cormun/servlet/licenciaspermisos?f390f8810081d61f637b64e7d9c31f38,INS,0,,,,gx-no-cache=1496066056005 HTTP/1.1" 200 4726
186.103.159.230 - - [29/May/2017:10:53:28 -0300] "GET /cormun/servlet/licenciaspermisos?d7f4fb04947baf3bef844f5f1bcb47ef41e3c39587757223e6f9fa89eb54ddd25884b1b2f94adcc67c839e93a2d14aa37c40b793cbdea9ae3012242aaf5786015c6ab4fdfbd10630ae2f55632ef7e7de,gx-no-cache=1496066062918 HTTP/1.1" 200 68
186.103.159.230 - - [29/May/2017:10:53:28 -0300] "POST /cormun/servlet/licenciaspermisos?f390f8810081d61f637b64e7d9c31f38,INS,0,,,,gx-no-cache=1496066063873 HTTP/1.1" 200 4726
186.103.159.230 - - [29/May/2017:10:54:02 -0300] "GET /cormun/servlet/prfichaempleado?,MD,,gxPopupLevel%3D0%3B HTTP/1.1" 200 8816
186.103.159.230 - - [29/May/2017:10:54:34 -0300] "POST /cormun/servlet/prfichaempleado?f390f8810081d61f637b64e7d9c31f38,,MD,,gxPopupLevel%3D0%3B,gx-no-cache=1496066129837 HTTP/1.1" 200 3384
186.103.159.230 - - [29/May/2017:10:54:39 -0300] "GET /cormun/servlet/licenciaspermisos?d7f4fb04947baf3bef844f5f1bcb47ef909f5480b4079362db175a6af3f04371803e929f92830f66954e000e55cbda93dd1d01baae950df367b6d25c24261416c7678b783aac331699a5a5517395a26a6ab1bb6683441e10a123b93c2815fba13471a5e8a903e93e35455d3de003ce82fc13f2c516b48573f73c86479d9099d09329551bd70596703e47c5b692441f426cbaa13dfbc3f0fa83c266e552ad74d2105ae4760f70ee73991a25e47cf863ca8ea03f0b1a565f536d25acba56a1dc17efa6a0dcbf08e5321874887aa3572d57450ffacbd546961d7ef824b057515b4e280349bea0f7a3e4d02acb0ca5cd45b2,gx-no-cache=1496066134723 HTTP/1.1" 200 52
186.103.159.230 - - [29/May/2017:10:54:39 -0300] "POST /cormun/servlet/licenciaspermisos?f390f8810081d61f637b64e7d9c31f38,INS,0,,,,gx-no-cache=1496066135074 HTTP/1.1" 200 93
186.103.159.230 - - [29/May/2017:10:54:39 -0300] "GET /cormun/servlet/hpexe_return? HTTP/1.1" 200 1015
186.103.159.230 - - [29/May/2017:10:54:39 -0300] "GET /cormun/servlet/trlicencias HTTP/1.1" 200 8033
186.103.159.230 - - [29/May/2017:10:54:40 -0300] "GET /cormun/servlet/trlicencias HTTP/1.1" 200 8028
186.103.159.230 - - [29/May/2017:10:54:42 -0300] "GET /cormun/servlet/trlicenciaspermisosadjuntos?7122287,20170529000000,L, HTTP/1.1" 200 6337
186.103.159.230 - - [29/May/2017:10:54:42 -0300] "GET /cormun/servlet/trlicenciaspermisosadjuntos?7122287,20170529000000,L, HTTP/1.1" 200 6337
186.103.159.230 - - [29/May/2017:10:54:45 -0300] "GET /cormun/servlet/licenciaspermisosadjuntos?INS,7122287,L,20170529000000,, HTTP/1.1" 200 5632
186.103.159.230 - - [29/May/2017:10:54:45 -0300] "GET /cormun/static/about:blank HTTP/1.1" 404 1011
186.103.159.230 - - [29/May/2017:10:54:45 -0300] "GET /cormun/servlet/licenciaspermisosadjuntos?INS,7122287,L,20170529000000,, HTTP/1.1" 200 5622
186.79.118.166 - - [29/May/2017:10:54:49 -0300] "POST /cormun/servlet/vesolicitudot?ae2098ca671d079b6b43569e19de765d,2017,6659,,,gx-no-cache=1496066146018 HTTP/1.1" 200 90
186.79.118.166 - - [29/May/2017:10:54:49 -0300] "GET /cormun/servlet/hpexe_link HTTP/1.1" 200 966
186.79.118.166 - - [29/May/2017:10:54:49 -0300] "GET /cormun/servlet/trsolicitudot HTTP/1.1" 200 8299
186.79.118.166 - - [29/May/2017:10:54:51 -0300] "GET /cormun/servlet/trsolicitudot HTTP/1.1" 200 8298
186.103.159.230 - - [29/May/2017:10:55:08 -0300] "POST /cormun/servlet/licenciaspermisosadjuntos?f390f8810081d61f637b64e7d9c31f38,INS,7122287,L,20170529000000,, HTTP/1.1" 200 116
186.103.159.230 - - [29/May/2017:10:55:08 -0300] "GET /cormun/servlet/hpexe_return? HTTP/1.1" 200 1046
186.103.159.230 - - [29/May/2017:10:55:08 -0300] "GET /cormun/servlet/trlicenciaspermisosadjuntos?7122287,20170529000000,L, HTTP/1.1" 200 6826
186.103.159.230 - - [29/May/2017:10:55:09 -0300] "GET /cormun/servlet/trlicenciaspermisosadjuntos?7122287,20170529000000,L, HTTP/1.1" 200 6823
186.103.159.230 - - [29/May/2017:10:55:14 -0300] "GET /cormun/servlet/trlicencias? HTTP/1.1" 200 8029
186.103.159.230 - - [29/May/2017:10:55:14 -0300] "GET /cormun/servlet/trlicencias? HTTP/1.1" 200 8028
186.103.159.230 - - [29/May/2017:10:55:20 -0300] "POST /cormun/servlet/trlicencias?f390f8810081d61f637b64e7d9c31f38,,gx-no-cache=1496066172873 HTTP/1.1" 200 4268
186.103.159.230 - - [29/May/2017:10:55:20 -0300] "GET /cormun/static/Shared/jqueryui/images/ui-bg_highlight-soft_100_c6c2c8_1x100.png HTTP/1.1" 404 1117
186.103.159.230 - - [29/May/2017:10:55:20 -0300] "GET /cormun/static/Shared/jqueryui/images/ui-icons_82798d_256x240.png HTTP/1.1" 404 1089
186.103.159.230 - - [29/May/2017:10:55:20 -0300] "GET /cormun/static/Shared/jqueryui/images/ui-bg_flat_55_fafafa_40x100.png HTTP/1.1" 404 1097
186.103.159.230 - - [29/May/2017:10:55:20 -0300] "GET /cormun/static/Shared/jqueryui/images/ui-icons_8d78a5_256x240.png HTTP/1.1" 404 1089
186.79.118.166 - - [29/May/2017:10:55:21 -0300] "POST /cormun/servlet/trsolicitudot?ae2098ca671d079b6b43569e19de765d,gx-no-cache=1496066178603 HTTP/1.1" 200 4332
186.79.118.166 - - [29/May/2017:10:55:22 -0300] "GET /cormun/static/Shared/jqueryui/images/ui-bg_highlight-soft_100_c6c2c8_1x100.png HTTP/1.1" 404 1117
186.79.118.166 - - [29/May/2017:10:55:22 -0300] "GET /cormun/static/Shared/jqueryui/images/ui-icons_82798d_256x240.png HTTP/1.1" 404 1089
186.79.118.166 - - [29/May/2017:10:55:22 -0300] "GET /cormun/static/Shared/jqueryui/images/ui-bg_flat_55_fafafa_40x100.png HTTP/1.1" 404 1097
186.79.118.166 - - [29/May/2017:10:55:22 -0300] "GET /cormun/static/Shared/jqueryui/images/ui-icons_8d78a5_256x240.png HTTP/1.1" 404 1089
186.79.118.166 - - [29/May/2017:10:55:22 -0300] "POST /cormun/servlet/trsolicitudot?ae2098ca671d079b6b43569e19de765d,gx-no-cache=1496066179773 HTTP/1.1" 200 4111
186.79.118.166 - - [29/May/2017:10:55:36 -0300] "GET /cormun/servlet/hlogin HTTP/1.1" 200 1740
186.103.159.46 - - [29/May/2017:10:57:59 -0300] "GET /cormun/servlet/apermisogoceprn?12912142,P,20170525150617,PU HTTP/1.1" 200 1662
186.79.118.166 - - [29/May/2017:11:03:32 -0300] "GET /cormun/servlet/trautorizarsolicitud? HTTP/1.1" 200 6063
186.79.118.166 - - [29/May/2017:11:03:33 -0300] "GET /cormun/servlet/hlogin HTTP/1.1" 200 1749
186.79.118.166 - - [29/May/2017:11:03:33 -0300] "GET /cormun/servlet/trautorizarsolicitud? HTTP/1.1" 200 6063
186.79.118.166 - - [29/May/2017:11:03:48 -0300] "POST /cormun/servlet/hlogin?958dc4b5bcb7c586091addd7eb2dbcf5,gx-no-cache=1496066683482 HTTP/1.1" 200 90
186.79.118.166 - - [29/May/2017:11:03:48 -0300] "GET /cormun/servlet/hpexe_link HTTP/1.1" 200 966
186.79.118.166 - - [29/May/2017:11:03:49 -0300] "GET /cormun/servlet/trautorizarsolicitud HTTP/1.1" 200 8096
