186.103.159.182 - - [29/May/2017:13:57:40 -0300] "GET /cormun/servlet/trlicenciaspermisosadjuntos?11067642,20170529000000,L, HTTP/1.1" 200 6913
186.103.159.182 - - [29/May/2017:13:57:43 -0300] "POST /cormun/servlet/trlicenciaspermisosadjuntos?b4c7da8919ec0063987361d91a6830e8,11067642,20170529000000,L,,gx-no-cache=1496077118083 HTTP/1.1" 200 90
186.103.159.182 - - [29/May/2017:13:57:43 -0300] "GET /cormun/servlet/hpexe_link HTTP/1.1" 200 985
186.103.159.182 - - [29/May/2017:13:57:44 -0300] "GET /cormun/servlet/trlicencias HTTP/1.1" 200 8077
186.103.159.182 - - [29/May/2017:13:57:45 -0300] "GET /cormun/servlet/trlicencias HTTP/1.1" 200 8075
186.103.159.182 - - [29/May/2017:13:57:55 -0300] "GET /cormun/servlet/alicenciaprn?11067642,L,20170529000000,PU HTTP/1.1" 200 1537
157.55.39.93 - - [29/May/2017:13:58:41 -0300] "GET /cormun/servlet/alicenciaprn?15105485,L,20170303000000,PU HTTP/1.1" 200 1583
186.103.157.246 - - [29/May/2017:13:59:04 -0300] "GET /cormun/servlet/hlogin HTTP/1.1" 200 1727
186.103.159.182 - - [29/May/2017:13:59:15 -0300] "POST /cormun/servlet/trlicencias?b4c7da8919ec0063987361d91a6830e8,gx-no-cache=1496077210228 HTTP/1.1" 200 4223
186.103.159.182 - - [29/May/2017:13:59:16 -0300] "GET /cormun/static/Shared/jqueryui/images/ui-bg_highlight-soft_100_c6c2c8_1x100.png HTTP/1.1" 404 1117
186.103.159.182 - - [29/May/2017:13:59:16 -0300] "GET /cormun/static/Shared/jqueryui/images/ui-icons_82798d_256x240.png HTTP/1.1" 404 1089
186.103.159.182 - - [29/May/2017:13:59:16 -0300] "GET /cormun/static/Shared/jqueryui/images/ui-bg_flat_55_fafafa_40x100.png HTTP/1.1" 404 1097
186.103.159.182 - - [29/May/2017:13:59:16 -0300] "GET /cormun/static/Shared/jqueryui/images/ui-icons_8d78a5_256x240.png HTTP/1.1" 404 1089
186.103.157.246 - - [29/May/2017:13:59:22 -0300] "POST /cormun/servlet/hlogin?f21947a999ad623ee4cb4668022f18a1,gx-no-cache=1496077218559 HTTP/1.1" 200 90
186.103.157.246 - - [29/May/2017:13:59:23 -0300] "GET /cormun/servlet/hpexe_link HTTP/1.1" 200 953
186.103.157.246 - - [29/May/2017:13:59:24 -0300] "GET /cormun/servlet/hhome HTTP/1.1" 200 3957
186.103.157.246 - - [29/May/2017:13:59:25 -0300] "GET /cormun/servlet/hhome HTTP/1.1" 200 3953
186.103.157.246 - - [29/May/2017:13:59:30 -0300] "GET /cormun/servlet/trlicencias? HTTP/1.1" 200 7992
186.103.157.246 - - [29/May/2017:13:59:31 -0300] "GET /cormun/servlet/trlicencias? HTTP/1.1" 200 7989
186.103.157.246 - - [29/May/2017:13:59:35 -0300] "GET /cormun/servlet/trlicenciaspermisosadjuntos?15753834,20170529000000,L, HTTP/1.1" 200 6309
186.103.157.246 - - [29/May/2017:13:59:36 -0300] "GET /cormun/static/gxcfg.js?20173171154619 HTTP/1.1" 304 -
186.103.157.246 - - [29/May/2017:13:59:37 -0300] "GET /cormun/servlet/trlicenciaspermisosadjuntos?15753834,20170529000000,L, HTTP/1.1" 200 6309
186.103.157.246 - - [29/May/2017:13:59:45 -0300] "GET /cormun/servlet/licenciaspermisosadjuntos?INS,15753834,L,20170529000000,, HTTP/1.1" 200 5608
186.103.157.246 - - [29/May/2017:13:59:46 -0300] "GET /cormun/static/gxcfg.js?201731711421170 HTTP/1.1" 304 -
186.103.157.246 - - [29/May/2017:13:59:46 -0300] "GET /cormun/static/about:blank HTTP/1.1" 404 1011
186.103.157.246 - - [29/May/2017:13:59:46 -0300] "GET /cormun/servlet/licenciaspermisosadjuntos?INS,15753834,L,20170529000000,, HTTP/1.1" 200 5597
186.103.157.246 - - [29/May/2017:14:01:17 -0300] "POST /cormun/servlet/licenciaspermisosadjuntos?f21947a999ad623ee4cb4668022f18a1,INS,15753834,L,20170529000000,, HTTP/1.1" 200 6471
186.103.157.246 - - [29/May/2017:14:01:39 -0300] "POST /cormun/servlet/licenciaspermisosadjuntos?f21947a999ad623ee4cb4668022f18a1,INS,15753834,L,20170529000000,,,gx-no-cache=1496077355151 HTTP/1.1" 200 90
186.103.157.246 - - [29/May/2017:14:01:40 -0300] "GET /cormun/servlet/hpexe_link HTTP/1.1" 200 999
186.103.157.246 - - [29/May/2017:14:01:40 -0300] "GET /cormun/servlet/trlicenciaspermisosadjuntos?15753834,20170529000000,L, HTTP/1.1" 200 6310
186.103.157.246 - - [29/May/2017:14:01:42 -0300] "GET /cormun/servlet/trlicenciaspermisosadjuntos?15753834,20170529000000,L, HTTP/1.1" 200 6309
186.103.157.246 - - [29/May/2017:14:01:47 -0300] "POST /cormun/servlet/trlicenciaspermisosadjuntos?f21947a999ad623ee4cb4668022f18a1,15753834,20170529000000,L,,gx-no-cache=1496077363095 HTTP/1.1" 200 90
186.103.157.246 - - [29/May/2017:14:01:48 -0300] "GET /cormun/servlet/hpexe_link HTTP/1.1" 200 987
186.103.157.246 - - [29/May/2017:14:01:48 -0300] "GET /cormun/servlet/trlicencias HTTP/1.1" 200 7991
186.103.157.246 - - [29/May/2017:14:01:49 -0300] "GET /cormun/servlet/trlicencias HTTP/1.1" 200 7989
186.103.157.246 - - [29/May/2017:14:01:59 -0300] "POST /cormun/servlet/trlicencias?f21947a999ad623ee4cb4668022f18a1,gx-no-cache=1496077374760 HTTP/1.1" 200 5410
186.103.157.246 - - [29/May/2017:14:02:00 -0300] "GET /cormun/static/Shared/jqueryui/images/ui-bg_highlight-soft_100_c6c2c8_1x100.png HTTP/1.1" 404 1117
186.103.157.246 - - [29/May/2017:14:02:00 -0300] "GET /cormun/static/Shared/jqueryui/images/ui-icons_82798d_256x240.png HTTP/1.1" 404 1089
186.103.157.246 - - [29/May/2017:14:02:00 -0300] "GET /cormun/static/Shared/jqueryui/images/ui-bg_flat_55_fafafa_40x100.png HTTP/1.1" 404 1097
186.103.157.246 - - [29/May/2017:14:02:00 -0300] "GET /cormun/static/Shared/jqueryui/images/ui-icons_8d78a5_256x240.png HTTP/1.1" 404 1089
186.103.157.246 - - [29/May/2017:14:02:16 -0300] "GET /cormun/servlet/trlicenciaspermisosadjuntos?15753834,20170529000000,L, HTTP/1.1" 200 6309
186.103.157.246 - - [29/May/2017:14:02:24 -0300] "GET /cormun/servlet/trlicenciaspermisosadjuntos?15753834,20170529000000,L, HTTP/1.1" 200 6309
186.103.159.182 - - [29/May/2017:14:02:27 -0300] "GET /cormun/servlet/licenciaspermisos?INS,0,,, HTTP/1.1" 200 7472
186.103.159.182 - - [29/May/2017:14:02:28 -0300] "GET /cormun/servlet/licenciaspermisos?INS,0,,, HTTP/1.1" 200 7480
186.103.157.246 - - [29/May/2017:14:02:35 -0300] "GET /cormun/servlet/licenciaspermisosadjuntos?INS,15753834,L,20170529000000,, HTTP/1.1" 200 5608
186.103.157.246 - - [29/May/2017:14:02:36 -0300] "GET /cormun/static/about:blank HTTP/1.1" 404 1011
186.103.157.246 - - [29/May/2017:14:02:38 -0300] "GET /cormun/servlet/licenciaspermisosadjuntos?INS,15753834,L,20170529000000,, HTTP/1.1" 200 5597
186.79.118.166 - - [29/May/2017:14:02:52 -0300] "GET /cormun/servlet/hlogin HTTP/1.1" 200 1724
186.79.118.166 - - [29/May/2017:14:02:59 -0300] "POST /cormun/servlet/hlogin?50cf8d4128673f3a381a2099d7a045de,gx-no-cache=1496077437181 HTTP/1.1" 200 90
186.79.118.166 - - [29/May/2017:14:02:59 -0300] "GET /cormun/servlet/hpexe_link HTTP/1.1" 200 982
186.79.118.166 - - [29/May/2017:14:03:00 -0300] "GET /cormun/servlet/trsolicitudot?gx-no-cache=1496076150805 HTTP/1.1" 200 8315
186.79.118.166 - - [29/May/2017:14:03:02 -0300] "GET /cormun/servlet/trsolicitudot?gx-no-cache=1496076150805 HTTP/1.1" 200 8335
186.103.157.246 - - [29/May/2017:14:03:14 -0300] "POST /cormun/servlet/licenciaspermisosadjuntos?f21947a999ad623ee4cb4668022f18a1,INS,15753834,L,20170529000000,, HTTP/1.1" 200 116
186.103.157.246 - - [29/May/2017:14:03:14 -0300] "GET /cormun/servlet/hpexe_return? HTTP/1.1" 200 1045
186.103.157.246 - - [29/May/2017:14:03:15 -0300] "GET /cormun/servlet/trlicenciaspermisosadjuntos?15753834,20170529000000,L, HTTP/1.1" 200 6786
186.103.157.246 - - [29/May/2017:14:03:16 -0300] "GET /cormun/servlet/trlicenciaspermisosadjuntos?15753834,20170529000000,L, HTTP/1.1" 200 6783
186.103.157.246 - - [29/May/2017:14:03:28 -0300] "POST /cormun/servlet/trlicenciaspermisosadjuntos?f21947a999ad623ee4cb4668022f18a1,15753834,20170529000000,L,,gx-no-cache=1496077459813 HTTP/1.1" 200 90
186.103.157.246 - - [29/May/2017:14:03:28 -0300] "GET /cormun/servlet/hpexe_link HTTP/1.1" 200 1008
186.103.157.246 - - [29/May/2017:14:03:29 -0300] "GET /cormun/servlet/trlicencias?gx-no-cache=1496077374760 HTTP/1.1" 200 7991
186.103.157.246 - - [29/May/2017:14:03:30 -0300] "GET /cormun/servlet/trlicencias?gx-no-cache=1496077374760 HTTP/1.1" 200 8011
186.103.157.246 - - [29/May/2017:14:03:35 -0300] "POST /cormun/servlet/trlicencias?f21947a999ad623ee4cb4668022f18a1,gx-no-cache=1496077374760,gx-no-cache=1496077471243 HTTP/1.1" 200 4251
186.103.157.246 - - [29/May/2017:14:03:35 -0300] "GET /cormun/static/Shared/jqueryui/images/ui-bg_highlight-soft_100_c6c2c8_1x100.png HTTP/1.1" 404 1117
186.103.157.246 - - [29/May/2017:14:03:35 -0300] "GET /cormun/static/Shared/jqueryui/images/ui-icons_82798d_256x240.png HTTP/1.1" 404 1089
186.103.157.246 - - [29/May/2017:14:03:35 -0300] "GET /cormun/static/Shared/jqueryui/images/ui-bg_flat_55_fafafa_40x100.png HTTP/1.1" 404 1097
186.103.157.246 - - [29/May/2017:14:03:35 -0300] "GET /cormun/static/Shared/jqueryui/images/ui-icons_8d78a5_256x240.png HTTP/1.1" 404 1089
186.79.118.166 - - [29/May/2017:14:03:36 -0300] "GET /cormun/servlet/trlicencias? HTTP/1.1" 200 6949
186.79.118.166 - - [29/May/2017:14:03:38 -0300] "GET /cormun/servlet/trlicencias? HTTP/1.1" 200 6926
186.79.118.166 - - [29/May/2017:14:03:40 -0300] "GET /cormun/servlet/licenciaspermisos?INS,0,,, HTTP/1.1" 200 7454
186.79.118.166 - - [29/May/2017:14:03:41 -0300] "GET /cormun/servlet/licenciaspermisos?INS,0,,, HTTP/1.1" 200 7462
186.79.118.166 - - [29/May/2017:14:03:51 -0300] "GET /cormun/servlet/licenciaspermisos?ec833f5fb8d4325984f22633673e273cd0bb19f8ca7f5c7c9a516ac7f386017c4bbfa9867ee659b992aef4be73f8fdb1,gx-no-cache=1496077488796 HTTP/1.1" 200 59
186.79.118.166 - - [29/May/2017:14:03:52 -0300] "POST /cormun/servlet/licenciaspermisos?50cf8d4128673f3a381a2099d7a045de,INS,0,,,,gx-no-cache=1496077489059 HTTP/1.1" 200 4616
186.79.118.166 - - [29/May/2017:14:04:04 -0300] "GET /cormun/static/menuarrow.gif HTTP/1.1" 404 1015
186.103.159.182 - - [29/May/2017:14:05:10 -0300] "GET /cormun/servlet/licenciaspermisos?361535bfe4113f5d85a18fe9149ce9332b7cb104f92bca0ab5b82b6c67b9f10fdb56572258b34899a20bb113a85f3516,gx-no-cache=1496077565070 HTTP/1.1" 200 65
186.103.159.182 - - [29/May/2017:14:05:10 -0300] "POST /cormun/servlet/licenciaspermisos?b4c7da8919ec0063987361d91a6830e8,INS,0,,,,gx-no-cache=1496077565201 HTTP/1.1" 200 4620
186.103.159.182 - - [29/May/2017:14:05:32 -0300] "GET /cormun/static/menuarrow.gif HTTP/1.1" 404 1015
186.79.118.166 - - [29/May/2017:14:06:13 -0300] "GET /cormun/servlet/licenciaspermisos?ec833f5fb8d4325984f22633673e273c483d5c7fee8cd697721820d8a9e066c93277cf6d77fa931fc0f9dd758398c1c08c6b8d66569a26e06cd2cc0c60a2c39de915bd7fb139970e9088cc96a4251c876e532c4c3f483d314faea07dd40bc79bc12d069194c033306ab1f6c504fbea855589b56f4acbfd86ebb00c798e5f80432763ac4ae5d7ddd621e826d06b2bc09e28882f8d2b8c2899ebc1fe5f2b4d083fe17ed865dfbb5f175d5b35b5f7a92d61,gx-no-cache=1496077630290 HTTP/1.1" 200 30
186.79.118.166 - - [29/May/2017:14:06:13 -0300] "GET /cormun/servlet/licenciaspermisos?ec833f5fb8d4325984f22633673e273c7d4da730e3f45a95669a32fc97da3c195b183a8676ddca340a44d121a5ae1c24ddcae0ad7dad3755565413747a791775b5e83c1660b7e012073712b68a509637f63d48a9e1a589df9ffbf4a96171b3deb110d6f1f2c16e12cf374b288e175d8fd4d4e60708f5a2a7e18027c6ec9def77789e92c6b44f78a2f1d595553abe5042cda112ffe8a3b3b0bd241749fe04645fedfe817c5e8aa1ea3ebf8eee4417fe7d,gx-no-cache=1496077630656 HTTP/1.1" 200 29
186.79.118.166 - - [29/May/2017:14:06:13 -0300] "POST /cormun/servlet/licenciaspermisos?50cf8d4128673f3a381a2099d7a045de,INS,0,,,,gx-no-cache=1496077630825 HTTP/1.1" 200 93
186.79.118.166 - - [29/May/2017:14:06:13 -0300] "GET /cormun/servlet/hpexe_return? HTTP/1.1" 200 1015
186.79.118.166 - - [29/May/2017:14:06:14 -0300] "GET /cormun/servlet/trlicencias HTTP/1.1" 200 8080
186.79.118.166 - - [29/May/2017:14:06:16 -0300] "GET /cormun/servlet/trlicencias HTTP/1.1" 200 8076
186.79.118.166 - - [29/May/2017:14:06:19 -0300] "GET /cormun/servlet/alicenciaprn?24698895,L,20170529000000,PU HTTP/1.1" 200 1532
186.79.118.166 - - [29/May/2017:14:06:44 -0300] "GET /cormun/servlet/trlicenciaspermisosadjuntos?24698895,20170529000000,L, HTTP/1.1" 200 6403
186.79.118.166 - - [29/May/2017:14:06:51 -0300] "GET /cormun/servlet/hlogin HTTP/1.1" 200 1724
186.79.118.166 - - [29/May/2017:14:07:03 -0300] "POST /cormun/servlet/hlogin?50cf8d4128673f3a381a2099d7a045de,gx-no-cache=1496077680515 HTTP/1.1" 200 90
186.79.118.166 - - [29/May/2017:14:07:03 -0300] "GET /cormun/servlet/hpexe_link HTTP/1.1" 200 991
186.79.118.166 - - [29/May/2017:14:07:04 -0300] "GET /cormun/servlet/trlicenciaspermisosadjuntos?24698895,20170529000000,L, HTTP/1.1" 200 6404
186.79.118.166 - - [29/May/2017:14:07:06 -0300] "GET /cormun/servlet/trlicenciaspermisosadjuntos?24698895,20170529000000,L, HTTP/1.1" 200 6403
186.79.118.166 - - [29/May/2017:14:07:09 -0300] "GET /cormun/servlet/licenciaspermisosadjuntos?INS,24698895,L,20170529000000,, HTTP/1.1" 200 5699
186.79.118.166 - - [29/May/2017:14:07:10 -0300] "GET /cormun/static/gxcfg.js?201731711421170 HTTP/1.1" 200 953
186.79.118.166 - - [29/May/2017:14:07:12 -0300] "GET /cormun/static/about:blank HTTP/1.1" 404 1011
186.79.118.166 - - [29/May/2017:14:07:12 -0300] "GET /cormun/servlet/licenciaspermisosadjuntos?INS,24698895,L,20170529000000,, HTTP/1.1" 200 5688
186.79.118.166 - - [29/May/2017:14:07:52 -0300] "POST /cormun/servlet/licenciaspermisosadjuntos?50cf8d4128673f3a381a2099d7a045de,INS,24698895,L,20170529000000,, HTTP/1.1" 200 116
186.79.118.166 - - [29/May/2017:14:07:53 -0300] "GET /cormun/servlet/hpexe_return? HTTP/1.1" 200 1046
186.103.159.182 - - [29/May/2017:14:07:53 -0300] "GET /cormun/servlet/licenciaspermisos?361535bfe4113f5d85a18fe9149ce9336dcac3c964e9e717d2ac33a528d57ec7917d5478d5bd1004fcf223d78d59a1099d67407f90e409a92e2558cb19752169390afd97e2bf9d84c65a806d62f5d7a4d76692f7d47840bbd011b9a9cdb67e294df2041c5cd1722e11f9ba8b7b71e83d330c8b729fa6182d9ae14345a6882b47f4f17cdd4d3c36ed9986451c2945cca95ff5b7df624b8fabe8ce33253cbe5663324038d1bfd718c70a7e25742ad91706,gx-no-cache=1496077728399 HTTP/1.1" 200 30
186.103.159.182 - - [29/May/2017:14:07:53 -0300] "GET /cormun/servlet/licenciaspermisos?361535bfe4113f5d85a18fe9149ce9339a7868b54ec85ce91744773a0fb0134233407affc677e1509514cf8c1616a987beb6f1c9de8b11b59f205a0c443a4936ea14ae174f7b8718ab5c9dbfa72d25c82f05e2bc6f1d038ef21329c2cc0e02ff10e48c23b211a929d1adc55acedad95abefe674b7e55c0a5a14f66afc97131fff1fcf502997095bbabb3af9e6a3e7e169abf062b6b1ce0b5b24fb2cd4f5f70e1b78864bf4865cfb638660fc3cf7448a7,gx-no-cache=1496077728536 HTTP/1.1" 200 29
186.103.159.182 - - [29/May/2017:14:07:54 -0300] "POST /cormun/servlet/licenciaspermisos?b4c7da8919ec0063987361d91a6830e8,INS,0,,,,gx-no-cache=1496077728578 HTTP/1.1" 200 93
186.103.159.182 - - [29/May/2017:14:07:54 -0300] "GET /cormun/servlet/hpexe_return? HTTP/1.1" 200 1034
186.79.118.166 - - [29/May/2017:14:07:54 -0300] "GET /cormun/servlet/trlicenciaspermisosadjuntos?24698895,20170529000000,L, HTTP/1.1" 200 6901
186.103.159.182 - - [29/May/2017:14:07:54 -0300] "GET /cormun/servlet/trlicencias?gx-no-cache=1496077210228 HTTP/1.1" 200 8083
186.103.159.182 - - [29/May/2017:14:07:56 -0300] "GET /cormun/servlet/trlicencias?gx-no-cache=1496077210228 HTTP/1.1" 200 8099
186.79.118.166 - - [29/May/2017:14:07:56 -0300] "GET /cormun/servlet/trlicenciaspermisosadjuntos?24698895,20170529000000,L, HTTP/1.1" 200 6897
186.103.159.182 - - [29/May/2017:14:07:59 -0300] "GET /cormun/servlet/trlicenciaspermisosadjuntos?9178798,20170529000000,L, HTTP/1.1" 200 6437
186.103.159.182 - - [29/May/2017:14:08:00 -0300] "GET /cormun/servlet/trlicenciaspermisosadjuntos?9178798,20170529000000,L, HTTP/1.1" 200 6417
186.103.159.182 - - [29/May/2017:14:08:02 -0300] "GET /cormun/servlet/licenciaspermisosadjuntos?INS,9178798,L,20170529000000,, HTTP/1.1" 200 5713
186.103.159.182 - - [29/May/2017:14:08:02 -0300] "GET /cormun/static/about:blank HTTP/1.1" 404 1011
186.103.159.182 - - [29/May/2017:14:08:03 -0300] "GET /cormun/servlet/licenciaspermisosadjuntos?INS,9178798,L,20170529000000,, HTTP/1.1" 200 5702
186.79.118.166 - - [29/May/2017:14:08:03 -0300] "POST /cormun/servlet/trlicenciaspermisosadjuntos?50cf8d4128673f3a381a2099d7a045de,24698895,20170529000000,L,,gx-no-cache=1496077740435 HTTP/1.1" 200 90
186.79.118.166 - - [29/May/2017:14:08:03 -0300] "GET /cormun/servlet/hpexe_link HTTP/1.1" 200 987
186.79.118.166 - - [29/May/2017:14:08:04 -0300] "GET /cormun/servlet/trlicencias HTTP/1.1" 200 8078
186.79.118.166 - - [29/May/2017:14:08:05 -0300] "GET /cormun/servlet/trlicencias HTTP/1.1" 200 8076
186.79.118.166 - - [29/May/2017:14:08:29 -0300] "GET /cormun/servlet/licenciaspermisos?UPD,24698895,L,20170529000000, HTTP/1.1" 200 7644
186.79.118.166 - - [29/May/2017:14:08:30 -0300] "GET /cormun/servlet/licenciaspermisos?UPD,24698895,L,20170529000000, HTTP/1.1" 200 7662
186.79.118.166 - - [29/May/2017:14:08:31 -0300] "GET /cormun/servlet/licenciaspermisos?ec833f5fb8d4325984f22633673e273cd0bb19f8ca7f5c7c9a516ac7f386017c8f3cbfb91d74c6b72d9411512c833ef3,gx-no-cache=1496077768602 HTTP/1.1" 200 59
186.103.159.182 - - [29/May/2017:14:08:32 -0300] "POST /cormun/servlet/licenciaspermisosadjuntos?b4c7da8919ec0063987361d91a6830e8,INS,9178798,L,20170529000000,, HTTP/1.1" 200 116
186.103.159.182 - - [29/May/2017:14:08:32 -0300] "GET /cormun/servlet/hpexe_return? HTTP/1.1" 200 1042
186.103.159.182 - - [29/May/2017:14:08:33 -0300] "GET /cormun/servlet/trlicenciaspermisosadjuntos?9178798,20170529000000,L, HTTP/1.1" 200 6905
186.103.159.182 - - [29/May/2017:14:08:34 -0300] "GET /cormun/servlet/trlicenciaspermisosadjuntos?9178798,20170529000000,L, HTTP/1.1" 200 6900
186.103.159.182 - - [29/May/2017:14:08:40 -0300] "POST /cormun/servlet/trlicenciaspermisosadjuntos?b4c7da8919ec0063987361d91a6830e8,9178798,20170529000000,L,,gx-no-cache=1496077775018 HTTP/1.1" 200 90
186.103.159.182 - - [29/May/2017:14:08:40 -0300] "GET /cormun/servlet/hpexe_link HTTP/1.1" 200 1007
186.103.159.182 - - [29/May/2017:14:08:41 -0300] "GET /cormun/servlet/trlicencias?gx-no-cache=1496077210228 HTTP/1.1" 200 8081
186.103.159.182 - - [29/May/2017:14:08:42 -0300] "GET /cormun/servlet/trlicencias?gx-no-cache=1496077210228 HTTP/1.1" 200 8099
186.103.159.182 - - [29/May/2017:14:08:45 -0300] "GET /cormun/servlet/alicenciaprn?9178798,L,20170529000000,PU HTTP/1.1" 200 1530
186.79.118.166 - - [29/May/2017:14:08:48 -0300] "GET /cormun/servlet/licenciaspermisos?ec833f5fb8d4325984f22633673e273c1358e9ac160237e617b4498e6704999d3277cf6d77fa931fc0f9dd758398c1c08c6b8d66569a26e06cd2cc0c60a2c39de915bd7fb139970e9088cc96a4251c876e532c4c3f483d314faea07dd40bc79b3136b47ae1cbab9b0db000bfa14c7a285589b56f4acbfd86ebb00c798e5f8043a47c5361282d28d91d6af238dcd6af0b55ff28aecc2268fc865366bebdcf6f57b1a5698572ce23f74a81ebf71dd0bcddbc9562838fe6e55e03c4f8850fe728f9db1499c5054438ce1b7b18dc21da1437d8bbf09ab7bdaf45a4c85957e087a398,gx-no-cache=1496077785422 HTTP/1.1" 200 30
186.79.118.166 - - [29/May/2017:14:08:48 -0300] "GET /cormun/servlet/licenciaspermisos?ec833f5fb8d4325984f22633673e273c7d4da730e3f45a95669a32fc97da3c195b183a8676ddca340a44d121a5ae1c24ddcae0ad7dad3755565413747a791775b5e83c1660b7e012073712b68a509637f63d48a9e1a589df9ffbf4a96171b3de88b8b2339c2569ff06d31f433bc3f5f4d4d4e60708f5a2a7e18027c6ec9def776f21d9d47d922fd5e97e92199658e300bbd4d83206f445433f7366c50793cd9559b9c73119a6e01197c4c7f00b358f1875685dbfcd4e1a3be48c120f4d306b403c4e9dd1fa3d88d5a20d7e27e2d29db37bbff77ae0e62906a6ce8706ecfb97bd,gx-no-cache=1496077785607 HTTP/1.1" 200 29
186.79.118.166 - - [29/May/2017:14:08:48 -0300] "POST /cormun/servlet/licenciaspermisos?50cf8d4128673f3a381a2099d7a045de,UPD,24698895,L,20170529000000,,gx-no-cache=1496077785838 HTTP/1.1" 200 93
186.79.118.166 - - [29/May/2017:14:08:48 -0300] "GET /cormun/servlet/hpexe_return? HTTP/1.1" 200 1033
186.79.118.166 - - [29/May/2017:14:08:49 -0300] "GET /cormun/servlet/trlicencias HTTP/1.1" 200 8079
186.79.118.166 - - [29/May/2017:14:08:50 -0300] "GET /cormun/servlet/trlicencias HTTP/1.1" 200 8075
186.79.118.166 - - [29/May/2017:14:09:07 -0300] "GET /cormun/servlet/hlogin HTTP/1.1" 200 1740
186.103.159.182 - - [29/May/2017:14:09:54 -0300] "POST /cormun/servlet/trlicencias?b4c7da8919ec0063987361d91a6830e8,gx-no-cache=1496077210228,gx-no-cache=1496077849078 HTTP/1.1" 200 4228
186.103.159.182 - - [29/May/2017:14:09:54 -0300] "GET /cormun/static/Shared/jqueryui/images/ui-bg_highlight-soft_100_c6c2c8_1x100.png HTTP/1.1" 404 1117
186.103.159.182 - - [29/May/2017:14:09:54 -0300] "GET /cormun/static/Shared/jqueryui/images/ui-icons_82798d_256x240.png HTTP/1.1" 404 1089
186.103.159.182 - - [29/May/2017:14:09:54 -0300] "GET /cormun/static/Shared/jqueryui/images/ui-bg_flat_55_fafafa_40x100.png HTTP/1.1" 404 1097
186.103.159.182 - - [29/May/2017:14:09:54 -0300] "GET /cormun/static/Shared/jqueryui/images/ui-icons_8d78a5_256x240.png HTTP/1.1" 404 1089
186.103.159.182 - - [29/May/2017:14:09:59 -0300] "GET /cormun/servlet/licenciaspermisos?INS,0,,, HTTP/1.1" 200 7493
186.103.159.182 - - [29/May/2017:14:10:00 -0300] "GET /cormun/servlet/licenciaspermisos?INS,0,,, HTTP/1.1" 200 7480
186.103.159.182 - - [29/May/2017:14:10:36 -0300] "GET /cormun/servlet/licenciaspermisos?361535bfe4113f5d85a18fe9149ce933600181b308a4692c611fdb9ec761ceefdb56572258b34899a20bb113a85f3516,gx-no-cache=1496077890916 HTTP/1.1" 200 65
186.103.159.182 - - [29/May/2017:14:10:36 -0300] "POST /cormun/servlet/licenciaspermisos?b4c7da8919ec0063987361d91a6830e8,INS,0,,,,gx-no-cache=1496077891075 HTTP/1.1" 200 4643
186.103.159.182 - - [29/May/2017:14:10:57 -0300] "GET /cormun/static/menuarrow.gif HTTP/1.1" 404 1015
186.103.159.182 - - [29/May/2017:14:12:48 -0300] "GET /cormun/servlet/licenciaspermisos?361535bfe4113f5d85a18fe9149ce9336dcac3c964e9e717d2ac33a528d57ec7917d5478d5bd1004fcf223d78d59a1099d67407f90e409a92e2558cb19752169390afd97e2bf9d84c65a806d62f5d7a4d76692f7d47840bbd011b9a9cdb67e294df2041c5cd1722e11f9ba8b7b71e83d330c8b729fa6182d9ae14345a6882b47f4f17cdd4d3c36ed9986451c2945cca95ff5b7df624b8fabe8ce33253cbe5663324038d1bfd718c70a7e25742ad91706,gx-no-cache=1496078023059 HTTP/1.1" 200 30
186.103.159.182 - - [29/May/2017:14:12:48 -0300] "GET /cormun/servlet/licenciaspermisos?361535bfe4113f5d85a18fe9149ce9339a7868b54ec85ce91744773a0fb0134233407affc677e1509514cf8c1616a987beb6f1c9de8b11b59f205a0c443a4936ea14ae174f7b8718ab5c9dbfa72d25c82f05e2bc6f1d038ef21329c2cc0e02ff10e48c23b211a929d1adc55acedad95abefe674b7e55c0a5a14f66afc97131fff1fcf502997095bbabb3af9e6a3e7e1607ea8aa762e0f2684bfdc82e4af62378f418353425ebfd6beb9f689c29ab1b96,gx-no-cache=1496078023168 HTTP/1.1" 200 29
186.103.159.182 - - [29/May/2017:14:12:49 -0300] "POST /cormun/servlet/licenciaspermisos?b4c7da8919ec0063987361d91a6830e8,INS,0,,,,gx-no-cache=1496078023247 HTTP/1.1" 200 93
186.103.159.182 - - [29/May/2017:14:12:49 -0300] "GET /cormun/servlet/hpexe_return? HTTP/1.1" 200 1034
186.103.159.182 - - [29/May/2017:14:12:49 -0300] "GET /cormun/servlet/trlicencias?gx-no-cache=1496077210228 HTTP/1.1" 200 8083
186.103.159.182 - - [29/May/2017:14:12:51 -0300] "GET /cormun/servlet/trlicencias?gx-no-cache=1496077210228 HTTP/1.1" 200 8099
186.103.159.182 - - [29/May/2017:14:12:57 -0300] "GET /cormun/servlet/alicenciaprn?9521772,L,20170529000000,PU HTTP/1.1" 200 1535
186.103.159.182 - - [29/May/2017:14:13:20 -0300] "GET /cormun/servlet/trlicenciaspermisosadjuntos?9521772,20170529000000,L, HTTP/1.1" 200 6440
186.103.159.182 - - [29/May/2017:14:13:22 -0300] "GET /cormun/servlet/trlicenciaspermisosadjuntos?9521772,20170529000000,L, HTTP/1.1" 200 6420
200.86.184.230 - - [29/May/2017:14:13:23 -0300] "GET /cormun/servlet/hlogin HTTP/1.1" 200 1716
200.86.184.230 - - [29/May/2017:14:13:23 -0300] "GET /cormun/static/Resources/Spanish/PXTools.css?11294912 HTTP/1.1" 304 -
200.86.184.230 - - [29/May/2017:14:13:23 -0300] "GET /cormun/static/gxcfg.js?201741110203197 HTTP/1.1" 304 -
200.86.184.230 - - [29/May/2017:14:13:23 -0300] "GET /cormun/static/messages.spa.js?85251 HTTP/1.1" 304 -
200.86.184.230 - - [29/May/2017:14:13:23 -0300] "GET /cormun/static/hlogin.js?201741110203211 HTTP/1.1" 304 -
200.86.184.230 - - [29/May/2017:14:13:23 -0300] "GET /cormun/servlet/hlogin HTTP/1.1" 200 1727
186.103.159.182 - - [29/May/2017:14:13:24 -0300] "GET /cormun/servlet/licenciaspermisosadjuntos?INS,9521772,L,20170529000000,, HTTP/1.1" 200 5715
186.103.159.182 - - [29/May/2017:14:13:24 -0300] "GET /cormun/static/about:blank HTTP/1.1" 404 1011
186.103.159.182 - - [29/May/2017:14:13:25 -0300] "GET /cormun/servlet/licenciaspermisosadjuntos?INS,9521772,L,20170529000000,, HTTP/1.1" 200 5703
186.79.118.166 - - [29/May/2017:14:13:33 -0300] "POST /cormun/servlet/hlogin?2adb1320b30d9446dc7e502afb41a2b6,gx-no-cache=1496078068666 HTTP/1.1" 200 90
186.79.118.166 - - [29/May/2017:14:13:34 -0300] "GET /cormun/servlet/hpexe_link HTTP/1.1" 200 962
186.79.118.166 - - [29/May/2017:14:13:35 -0300] "GET /cormun/servlet/trautorizarsolicitud HTTP/1.1" 200 8077
200.86.184.230 - - [29/May/2017:14:13:35 -0300] "POST /cormun/servlet/hlogin?ce95acf6a251e8751bd53e3e8f05790a,gx-no-cache=1496078893076 HTTP/1.1" 200 90
200.86.184.230 - - [29/May/2017:14:13:35 -0300] "GET /cormun/servlet/hpexe_link HTTP/1.1" 200 949
200.86.184.230 - - [29/May/2017:14:13:35 -0300] "GET /cormun/static/gxcfg.js?201731711483381 HTTP/1.1" 304 -
200.86.184.230 - - [29/May/2017:14:13:35 -0300] "GET /cormun/static/hpexe_link.js?201731711483384 HTTP/1.1" 304 -
200.86.184.230 - - [29/May/2017:14:13:35 -0300] "GET /cormun/servlet/hhome HTTP/1.1" 200 3813
200.86.184.230 - - [29/May/2017:14:13:36 -0300] "GET /cormun/static/gxcfg.js?201731711483497 HTTP/1.1" 304 -
200.86.184.230 - - [29/May/2017:14:13:36 -0300] "GET /cormun/static/hhome.js?20173171148352 HTTP/1.1" 304 -
200.86.184.230 - - [29/May/2017:14:13:36 -0300] "GET /cormun/static/hwchdr01.js?201731711335950 HTTP/1.1" 304 -
200.86.184.230 - - [29/May/2017:14:13:36 -0300] "GET /cormun/static/hpexe_recentlink.js?201610171694390 HTTP/1.1" 304 -
200.86.184.230 - - [29/May/2017:14:13:36 -0300] "GET /cormun/static/hpexe_scripts.js?201731711335890 HTTP/1.1" 304 -
200.86.184.230 - - [29/May/2017:14:13:36 -0300] "GET /cormun/static/hpexe_messagecontroller.js?201610171694323 HTTP/1.1" 304 -
200.86.184.230 - - [29/May/2017:14:13:36 -0300] "GET /cormun/static/hpexe_messagepopupcomponent.js?20161017169425 HTTP/1.1" 304 -
200.86.184.230 - - [29/May/2017:14:13:36 -0300] "GET /cormun/static/hpexe_messagegenexuscomponent.js?201731711335537 HTTP/1.1" 304 -
200.86.184.230 - - [29/May/2017:14:13:36 -0300] "GET /cormun/static/cmcontrolpreferences.js?201731711335852 HTTP/1.1" 304 -
200.86.184.230 - - [29/May/2017:14:13:36 -0300] "GET /cormun/static/hmpwkw03.js?201731711485354 HTTP/1.1" 304 -
200.86.184.230 - - [29/May/2017:14:13:36 -0300] "GET /cormun/servlet/hhome HTTP/1.1" 200 3810
186.79.118.166 - - [29/May/2017:14:13:38 -0300] "GET /cormun/servlet/trautorizarsolicitud HTTP/1.1" 200 8076
186.103.159.182 - - [29/May/2017:14:13:39 -0300] "POST /cormun/servlet/licenciaspermisosadjuntos?b4c7da8919ec0063987361d91a6830e8,INS,9521772,L,20170529000000,, HTTP/1.1" 200 116
186.103.159.182 - - [29/May/2017:14:13:39 -0300] "GET /cormun/servlet/hpexe_return? HTTP/1.1" 200 1042
186.103.159.182 - - [29/May/2017:14:13:40 -0300] "GET /cormun/servlet/trlicenciaspermisosadjuntos?9521772,20170529000000,L, HTTP/1.1" 200 6909
200.86.184.230 - - [29/May/2017:14:13:41 -0300] "GET /cormun/servlet/trpermisosgoce? HTTP/1.1" 200 6571
186.103.159.182 - - [29/May/2017:14:13:41 -0300] "GET /cormun/servlet/trlicenciaspermisosadjuntos?9521772,20170529000000,L, HTTP/1.1" 200 6906
200.86.184.230 - - [29/May/2017:14:13:41 -0300] "GET /cormun/servlet/trpermisosgoce? HTTP/1.1" 200 6570
186.103.159.182 - - [29/May/2017:14:13:43 -0300] "POST /cormun/servlet/trlicenciaspermisosadjuntos?b4c7da8919ec0063987361d91a6830e8,9521772,20170529000000,L,,gx-no-cache=1496078078063 HTTP/1.1" 200 90
186.103.159.182 - - [29/May/2017:14:13:43 -0300] "GET /cormun/servlet/hpexe_link HTTP/1.1" 200 1006
186.103.159.182 - - [29/May/2017:14:13:43 -0300] "GET /cormun/servlet/trlicencias?gx-no-cache=1496077210228 HTTP/1.1" 200 8080
200.86.184.230 - - [29/May/2017:14:13:43 -0300] "GET /cormun/servlet/permisogoce?INS,0,,, HTTP/1.1" 200 6581
200.86.184.230 - - [29/May/2017:14:13:44 -0300] "GET /cormun/static/gxcfg.js?201741111325459 HTTP/1.1" 304 -
200.86.184.230 - - [29/May/2017:14:13:44 -0300] "GET /cormun/static/permisogoce.js?20174111132557 HTTP/1.1" 304 -
200.86.184.230 - - [29/May/2017:14:13:44 -0300] "GET /cormun/servlet/permisogoce?INS,0,,, HTTP/1.1" 200 6580
186.103.159.182 - - [29/May/2017:14:13:45 -0300] "GET /cormun/servlet/trlicencias?gx-no-cache=1496077210228 HTTP/1.1" 200 8099
186.103.159.182 - - [29/May/2017:14:13:49 -0300] "POST /cormun/servlet/trlicencias?b4c7da8919ec0063987361d91a6830e8,gx-no-cache=1496077210228,gx-no-cache=1496078083382 HTTP/1.1" 200 4217
186.103.159.182 - - [29/May/2017:14:13:49 -0300] "GET /cormun/static/Shared/jqueryui/images/ui-bg_highlight-soft_100_c6c2c8_1x100.png HTTP/1.1" 404 1117
186.103.159.182 - - [29/May/2017:14:13:49 -0300] "GET /cormun/static/Shared/jqueryui/images/ui-icons_82798d_256x240.png HTTP/1.1" 404 1089
186.103.159.182 - - [29/May/2017:14:13:49 -0300] "GET /cormun/static/Shared/jqueryui/images/ui-icons_8d78a5_256x240.png HTTP/1.1" 404 1089
186.103.159.182 - - [29/May/2017:14:13:49 -0300] "GET /cormun/static/Shared/jqueryui/images/ui-bg_flat_55_fafafa_40x100.png HTTP/1.1" 404 1097
186.103.159.182 - - [29/May/2017:14:13:51 -0300] "GET /cormun/servlet/licenciaspermisos?INS,0,,, HTTP/1.1" 200 7493
186.79.118.166 - - [29/May/2017:14:13:51 -0300] "GET /cormun/servlet/trautorizarsolicitud? HTTP/1.1" 200 8076
186.103.159.182 - - [29/May/2017:14:13:52 -0300] "GET /cormun/servlet/licenciaspermisos?INS,0,,, HTTP/1.1" 200 7480
186.79.118.166 - - [29/May/2017:14:13:52 -0300] "GET /cormun/servlet/trautorizarsolicitud? HTTP/1.1" 200 8076
186.79.118.166 - - [29/May/2017:14:14:13 -0300] "POST /cormun/servlet/trautorizarsolicitud?2adb1320b30d9446dc7e502afb41a2b6,,gx-no-cache=1496078108559 HTTP/1.1" 200 4039
186.79.118.166 - - [29/May/2017:14:14:13 -0300] "GET /cormun/static/Shared/jqueryui/images/ui-bg_highlight-soft_100_c6c2c8_1x100.png HTTP/1.1" 404 1117
186.79.118.166 - - [29/May/2017:14:14:13 -0300] "GET /cormun/static/Shared/jqueryui/images/ui-icons_82798d_256x240.png HTTP/1.1" 404 1089
186.79.118.166 - - [29/May/2017:14:14:13 -0300] "GET /cormun/static/Shared/jqueryui/images/ui-bg_flat_55_fafafa_40x100.png HTTP/1.1" 404 1097
186.79.118.166 - - [29/May/2017:14:14:13 -0300] "GET /cormun/static/Shared/jqueryui/images/ui-icons_8d78a5_256x240.png HTTP/1.1" 404 1089
186.79.118.166 - - [29/May/2017:14:14:14 -0300] "POST /cormun/servlet/trautorizarsolicitud?2adb1320b30d9446dc7e502afb41a2b6,,gx-no-cache=1496078109522 HTTP/1.1" 200 3825
200.86.184.230 - - [29/May/2017:14:14:14 -0300] "GET /cormun/servlet/permisogoce?bbe3c477bd5d425f098d658d8abdfb9a769a8505dffc6c7dc2b5e57947f931b16617a0d6f2d81850d2b4b5930d9715a4,gx-no-cache=1496078931829 HTTP/1.1" 200 73
200.86.184.230 - - [29/May/2017:14:14:18 -0300] "GET /cormun/servlet/permisogoce?bbe3c477bd5d425f098d658d8abdfb9acac7689c4009a5758547c2fd80b0c7331602e0ff267f39d71273fd3ffa4582848a0206e986bf01ea4c95cef7358a5d89,gx-no-cache=1496078935405 HTTP/1.1" 200 129
200.86.184.230 - - [29/May/2017:14:14:18 -0300] "GET /cormun/static/Shared/jqueryui/images/ui-bg_highlight-soft_100_c6c2c8_1x100.png HTTP/1.1" 404 1117
200.86.184.230 - - [29/May/2017:14:14:18 -0300] "GET /cormun/static/Shared/jqueryui/images/ui-icons_82798d_256x240.png HTTP/1.1" 404 1089
200.86.184.230 - - [29/May/2017:14:14:18 -0300] "GET /cormun/static/Shared/jqueryui/images/ui-bg_flat_55_994d53_40x100.png HTTP/1.1" 404 1097
200.86.184.230 - - [29/May/2017:14:14:18 -0300] "GET /cormun/static/Shared/jqueryui/images/ui-icons_ebccce_256x240.png HTTP/1.1" 404 1089
186.103.159.182 - - [29/May/2017:14:14:19 -0300] "GET /cormun/servlet/licenciaspermisos?361535bfe4113f5d85a18fe9149ce933237505d34ffcce03ed2fb2e6efb1caa1c630a59fb3a4a9b2e58018cf4bf394d8,gx-no-cache=1496078113745 HTTP/1.1" 200 67
186.103.159.182 - - [29/May/2017:14:14:19 -0300] "POST /cormun/servlet/licenciaspermisos?b4c7da8919ec0063987361d91a6830e8,INS,0,,,,gx-no-cache=1496078113881 HTTP/1.1" 200 4644
200.86.184.230 - - [29/May/2017:14:14:51 -0300] "GET /cormun/servlet/permisogoce?bbe3c477bd5d425f098d658d8abdfb9acac7689c4009a5758547c2fd80b0c7331602e0ff267f39d71273fd3ffa4582848a0206e986bf01ea4c95cef7358a5d89,gx-no-cache=1496078968733 HTTP/1.1" 200 129
200.86.184.230 - - [29/May/2017:14:15:24 -0300] "GET /cormun/servlet/permisogoce?bbe3c477bd5d425f098d658d8abdfb9acac7689c4009a5758547c2fd80b0c733ea8174b19f930328baea7054b1422577235206bae725ab89b9ac9c253cca1182,gx-no-cache=1496079001804 HTTP/1.1" 200 47
186.103.159.182 - - [29/May/2017:14:15:29 -0300] "GET /cormun/static/menuarrow.gif HTTP/1.1" 404 1015
200.86.184.230 - - [29/May/2017:14:15:31 -0300] "POST /cormun/servlet/permisogoce?ce95acf6a251e8751bd53e3e8f05790a,INS,0,,,,gx-no-cache=1496079008255 HTTP/1.1" 200 93
200.86.184.230 - - [29/May/2017:14:15:31 -0300] "GET /cormun/servlet/hpexe_return? HTTP/1.1" 200 1007
200.86.184.230 - - [29/May/2017:14:15:31 -0300] "GET /cormun/static/Resources/Spanish/PXTools.css?167811 HTTP/1.1" 304 -
200.86.184.230 - - [29/May/2017:14:15:31 -0300] "GET /cormun/static/hpexe_return.js?2016101716175153 HTTP/1.1" 304 -
200.86.184.230 - - [29/May/2017:14:15:31 -0300] "GET /cormun/static/gxcfg.js?2016101716175148 HTTP/1.1" 304 -
200.86.184.230 - - [29/May/2017:14:15:31 -0300] "GET /cormun/servlet/trpermisosgoce HTTP/1.1" 200 7421
200.86.184.230 - - [29/May/2017:14:15:32 -0300] "GET /cormun/servlet/trpermisosgoce HTTP/1.1" 200 7417
200.86.184.230 - - [29/May/2017:14:15:37 -0300] "GET /cormun/servlet/apermisogoceprn?9299830,P,20170529141534,PU HTTP/1.1" 200 1652
186.103.156.24 - - [29/May/2017:14:17:16 -0300] "GET /cormun/servlet/hlogin HTTP/1.1" 200 1721
157.55.39.93 - - [29/May/2017:14:17:59 -0300] "GET /cormun/servlet/trrenuncias?_escaped_fragment_= HTTP/1.1" 200 5728
186.103.156.24 - - [29/May/2017:14:18:06 -0300] "POST /cormun/servlet/hlogin?d8882f147bb927b6ad7f29825aa30c05,gx-no-cache=1496078342629 HTTP/1.1" 200 90
186.103.156.24 - - [29/May/2017:14:18:06 -0300] "GET /cormun/servlet/hpexe_link HTTP/1.1" 200 953
186.103.156.24 - - [29/May/2017:14:18:06 -0300] "GET /cormun/servlet/hhome HTTP/1.1" 200 4011
186.103.156.24 - - [29/May/2017:14:18:07 -0300] "GET /cormun/servlet/hhome HTTP/1.1" 200 4008
157.55.39.29 - - [29/May/2017:14:18:12 -0300] "GET /robots.txt HTTP/1.1" 404 981
157.55.39.29 - - [29/May/2017:14:18:12 -0300] "GET /robots.txt HTTP/1.1" 404 981
207.46.13.44 - - [29/May/2017:14:18:14 -0300] "GET /cormun/static/PXToolsJavascripts/PXToolsJavascriptsRender.js HTTP/1.1" 200 367
207.46.13.44 - - [29/May/2017:14:18:14 -0300] "GET /cormun/static/hpexe_messagegenexuscomponent.js?201731711335537 HTTP/1.1" 200 587
157.55.39.93 - - [29/May/2017:14:18:18 -0300] "GET /cormun/servlet/trrenuncias?_escaped_fragment_= HTTP/1.1" 200 5727
157.55.39.93 - - [29/May/2017:14:18:18 -0300] "GET /cormun/static/PXToolsJavascripts/pexe_cookies.js HTTP/1.1" 200 792
207.46.13.139 - - [29/May/2017:14:18:24 -0300] "GET /cormun/static/PXToolsJavascripts/pexe_tabdivfix.js HTTP/1.1" 200 876
207.46.13.139 - - [29/May/2017:14:18:25 -0300] "GET /cormun/static/gxcfg.js?201731711553383 HTTP/1.1" 200 953
186.103.156.24 - - [29/May/2017:14:18:39 -0300] "GET /cormun/servlet/trlicencias? HTTP/1.1" 200 6874
186.103.156.24 - - [29/May/2017:14:18:39 -0300] "GET /cormun/static/gxcfg.js?201741111445981 HTTP/1.1" 200 953
186.103.156.24 - - [29/May/2017:14:18:39 -0300] "GET /cormun/static/trlicencias.js?20174111145440 HTTP/1.1" 200 37913
186.103.156.24 - - [29/May/2017:14:18:40 -0300] "GET /cormun/servlet/trlicencias? HTTP/1.1" 200 6873
186.103.156.24 - - [29/May/2017:14:18:40 -0300] "GET /cormun/static/Resources/PXTools/calendar.png HTTP/1.1" 200 1306
186.103.156.24 - - [29/May/2017:14:19:52 -0300] "GET /cormun/static/menuarrow.gif HTTP/1.1" 404 1015
186.103.156.24 - - [29/May/2017:14:20:19 -0300] "GET /cormun/servlet/licenciaspermisos?INS,0,,, HTTP/1.1" 200 7414
186.103.156.24 - - [29/May/2017:14:20:19 -0300] "GET /cormun/static/gxcfg.js?201741111445322 HTTP/1.1" 200 953
186.103.156.24 - - [29/May/2017:14:20:19 -0300] "GET /cormun/static/licenciaspermisos.js?201741111445392 HTTP/1.1" 200 34444
186.103.156.24 - - [29/May/2017:14:20:19 -0300] "GET /cormun/static/Resources/prompt.gif HTTP/1.1" 200 902
186.103.156.24 - - [29/May/2017:14:20:20 -0300] "GET /cormun/servlet/licenciaspermisos?INS,0,,, HTTP/1.1" 200 7412
186.103.156.24 - - [29/May/2017:14:20:22 -0300] "GET /cormun/static/Resources/resize.gif HTTP/1.1" 200 77
186.103.156.24 - - [29/May/2017:14:20:22 -0300] "GET /cormun/servlet/prfichaempleado?,MD,,gxPopupLevel%3D0%3B HTTP/1.1" 200 8851
186.103.156.24 - - [29/May/2017:14:20:22 -0300] "GET /cormun/static/gxcfg.js?2017319125415 HTTP/1.1" 200 953
186.103.156.24 - - [29/May/2017:14:20:22 -0300] "GET /cormun/static/Resources/PXToolsMenuSearch.png HTTP/1.1" 200 2914
186.103.156.24 - - [29/May/2017:14:20:22 -0300] "GET /cormun/static/Resources/PXToolsMenuSearchCancel.png HTTP/1.1" 200 2972
186.103.156.24 - - [29/May/2017:14:20:22 -0300] "GET /cormun/static/menusearch.js?201610171694467 HTTP/1.1" 200 1424
186.103.156.24 - - [29/May/2017:14:20:22 -0300] "GET /cormun/static/hmpwkw011.js?201731711483558 HTTP/1.1" 200 1968
186.103.156.24 - - [29/May/2017:14:20:23 -0300] "GET /cormun/static/prfichaempleado.js?20173191254344 HTTP/1.1" 200 15951
186.103.156.24 - - [29/May/2017:14:20:35 -0300] "POST /cormun/servlet/prfichaempleado?d8882f147bb927b6ad7f29825aa30c05,,MD,,gxPopupLevel%3D0%3B,gx-no-cache=1496078491471 HTTP/1.1" 200 3592
186.103.159.182 - - [29/May/2017:14:20:40 -0300] "GET /cormun/servlet/licenciaspermisos?361535bfe4113f5d85a18fe9149ce9336dcac3c964e9e717d2ac33a528d57ec7f15f6875e36c78df8603f990b896b8d99d67407f90e409a92e2558cb19752169390afd97e2bf9d84c65a806d62f5d7a4d76692f7d47840bbd011b9a9cdb67e294df2041c5cd1722e11f9ba8b7b71e83d330c8b729fa6182d9ae14345a6882b47f4f17cdd4d3c36ed9986451c2945cca95ff5b7df624b8fabe8ce33253cbe5663324038d1bfd718c70a7e25742ad91706,gx-no-cache=1496078494834 HTTP/1.1" 200 30
186.103.159.182 - - [29/May/2017:14:20:40 -0300] "POST /cormun/servlet/licenciaspermisos?b4c7da8919ec0063987361d91a6830e8,INS,0,,,,gx-no-cache=1496078494985 HTTP/1.1" 200 4754
186.103.159.182 - - [29/May/2017:14:20:42 -0300] "GET /cormun/servlet/prfichaempleado?,MD,,gxPopupLevel%3D0%3B HTTP/1.1" 200 8922
186.103.156.24 - - [29/May/2017:14:20:44 -0300] "GET /cormun/servlet/licenciaspermisos?9a9ef4a322ffd5f7b8ab79e554f10d0ba4e34ab540ef1d7d342a20a6551d8deafec8ec8253b6b52c346ef7115c6877dc,gx-no-cache=1496078500806 HTTP/1.1" 200 59
186.103.156.24 - - [29/May/2017:14:20:44 -0300] "POST /cormun/servlet/licenciaspermisos?d8882f147bb927b6ad7f29825aa30c05,INS,0,,,,gx-no-cache=1496078500885 HTTP/1.1" 200 4615
186.103.159.182 - - [29/May/2017:14:21:03 -0300] "POST /cormun/servlet/prfichaempleado?b4c7da8919ec0063987361d91a6830e8,,MD,,gxPopupLevel%3D0%3B,gx-no-cache=1496078517222 HTTP/1.1" 200 5202
186.103.159.182 - - [29/May/2017:14:21:56 -0300] "POST /cormun/servlet/prfichaempleado?b4c7da8919ec0063987361d91a6830e8,,MD,,gxPopupLevel%3D0%3B,gx-no-cache=1496078571000 HTTP/1.1" 200 3184
186.103.159.182 - - [29/May/2017:14:22:36 -0300] "GET /cormun/servlet/licenciaspermisos?361535bfe4113f5d85a18fe9149ce9339a7868b54ec85ce91744773a0fb01342d52c43664b1d216694be4a911a9f2b1abeb6f1c9de8b11b59f205a0c443a4936ea14ae174f7b8718ab5c9dbfa72d25c82f05e2bc6f1d038ef21329c2cc0e02ff341a5fa0591d8932b7cb8d0a412844e6befe674b7e55c0a5a14f66afc97131ffeb42c7ba656522a6ce58e61aabcd197a0414d137dd03663ca9e772620ba5a7f52e52dfd230d2be4ffc633aa68e95f7fb038a9a1a3aad3b459470d86ced6dfb0b4293213eebe91a4ba115b00dd26b07fc071c694d4ac9f5f10739416b593e0f5da52b172b967367ed9c73ad1bcf2d8b01,gx-no-cache=1496078611011 HTTP/1.1" 200 62
186.103.159.182 - - [29/May/2017:14:22:36 -0300] "POST /cormun/servlet/licenciaspermisos?b4c7da8919ec0063987361d91a6830e8,INS,0,,,,gx-no-cache=1496078611163 HTTP/1.1" 200 93
186.103.159.182 - - [29/May/2017:14:22:37 -0300] "GET /cormun/servlet/hpexe_return? HTTP/1.1" 200 1034
186.103.159.182 - - [29/May/2017:14:22:37 -0300] "GET /cormun/servlet/trlicencias?gx-no-cache=1496077210228 HTTP/1.1" 200 8129
186.103.159.182 - - [29/May/2017:14:22:38 -0300] "GET /cormun/servlet/trlicencias?gx-no-cache=1496077210228 HTTP/1.1" 200 8146
186.103.159.182 - - [29/May/2017:14:22:41 -0300] "GET /cormun/servlet/alicenciaprn?10633133,L,20170529000000,PU HTTP/1.1" 200 1581
186.103.159.182 - - [29/May/2017:14:23:09 -0300] "GET /cormun/servlet/trlicenciaspermisosadjuntos?10633133,20170529000000,L, HTTP/1.1" 200 6438
186.103.159.182 - - [29/May/2017:14:23:11 -0300] "GET /cormun/servlet/trlicenciaspermisosadjuntos?10633133,20170529000000,L, HTTP/1.1" 200 6417
207.46.13.44 - - [29/May/2017:14:23:12 -0300] "GET /cormun/servlet/trpermisosadjuntos?11130975,20170321124038,P, HTTP/1.1" 200 6025
186.103.159.182 - - [29/May/2017:14:23:13 -0300] "GET /cormun/servlet/licenciaspermisosadjuntos?INS,10633133,L,20170529000000,, HTTP/1.1" 200 5716
186.103.159.182 - - [29/May/2017:14:23:13 -0300] "GET /cormun/static/about:blank HTTP/1.1" 404 1011
186.103.159.182 - - [29/May/2017:14:23:14 -0300] "GET /cormun/servlet/licenciaspermisosadjuntos?INS,10633133,L,20170529000000,, HTTP/1.1" 200 5705
186.103.156.24 - - [29/May/2017:14:23:15 -0300] "GET /cormun/static/menuarrow.gif HTTP/1.1" 404 1015
186.103.159.182 - - [29/May/2017:14:23:33 -0300] "POST /cormun/servlet/licenciaspermisosadjuntos?b4c7da8919ec0063987361d91a6830e8,INS,10633133,L,20170529000000,, HTTP/1.1" 200 116
186.103.159.182 - - [29/May/2017:14:23:33 -0300] "GET /cormun/servlet/hpexe_return? HTTP/1.1" 200 1042
186.103.159.182 - - [29/May/2017:14:23:33 -0300] "GET /cormun/servlet/trlicenciaspermisosadjuntos?10633133,20170529000000,L, HTTP/1.1" 200 6909
186.103.159.182 - - [29/May/2017:14:23:34 -0300] "GET /cormun/servlet/trlicenciaspermisosadjuntos?10633133,20170529000000,L, HTTP/1.1" 200 6904
186.103.159.182 - - [29/May/2017:14:23:41 -0300] "POST /cormun/servlet/trlicenciaspermisosadjuntos?b4c7da8919ec0063987361d91a6830e8,10633133,20170529000000,L,,gx-no-cache=1496078675109 HTTP/1.1" 200 90
186.103.159.182 - - [29/May/2017:14:23:41 -0300] "GET /cormun/servlet/hpexe_link HTTP/1.1" 200 1007
186.103.159.182 - - [29/May/2017:14:23:41 -0300] "GET /cormun/servlet/trlicencias?gx-no-cache=1496077210228 HTTP/1.1" 200 8126
186.103.159.182 - - [29/May/2017:14:23:42 -0300] "GET /cormun/servlet/trlicencias?gx-no-cache=1496077210228 HTTP/1.1" 200 8146
207.46.13.44 - - [29/May/2017:14:23:44 -0300] "GET /cormun/servlet/trpermisosadjuntos?11130975,20170321124038,P, HTTP/1.1" 200 6032
186.103.159.182 - - [29/May/2017:14:23:48 -0300] "POST /cormun/servlet/trlicencias?b4c7da8919ec0063987361d91a6830e8,gx-no-cache=1496077210228,gx-no-cache=1496078682708 HTTP/1.1" 200 4262
186.103.159.182 - - [29/May/2017:14:23:48 -0300] "GET /cormun/static/Shared/jqueryui/images/ui-bg_highlight-soft_100_c6c2c8_1x100.png HTTP/1.1" 404 1117
186.103.159.182 - - [29/May/2017:14:23:48 -0300] "GET /cormun/static/Shared/jqueryui/images/ui-icons_82798d_256x240.png HTTP/1.1" 404 1089
186.103.159.182 - - [29/May/2017:14:23:48 -0300] "GET /cormun/static/Shared/jqueryui/images/ui-bg_flat_55_fafafa_40x100.png HTTP/1.1" 404 1097
186.103.159.182 - - [29/May/2017:14:23:48 -0300] "GET /cormun/static/Shared/jqueryui/images/ui-icons_8d78a5_256x240.png HTTP/1.1" 404 1089
186.79.148.38 - - [29/May/2017:14:25:43 -0300] "GET /cormun/servlet/hhome HTTP/1.1" 200 3358
186.79.148.38 - - [29/May/2017:14:25:44 -0300] "GET /cormun/servlet/hhome HTTP/1.1" 200 3367
186.79.148.38 - - [29/May/2017:14:25:44 -0300] "GET /cormun/servlet/hlogin HTTP/1.1" 200 1733
186.79.148.38 - - [29/May/2017:14:25:46 -0300] "POST /cormun/servlet/hlogin?38fc2490cfd22f5a8a69b38afca2c308,gx-no-cache=1496078801817 HTTP/1.1" 200 90
186.79.148.38 - - [29/May/2017:14:25:46 -0300] "GET /cormun/servlet/hpexe_link HTTP/1.1" 200 949
186.79.148.38 - - [29/May/2017:14:25:46 -0300] "GET /cormun/servlet/hhome HTTP/1.1" 200 3744
186.103.156.24 - - [29/May/2017:14:25:46 -0300] "GET /cormun/servlet/licenciaspermisos?9a9ef4a322ffd5f7b8ab79e554f10d0b8f8639ef6d4ede222dc5168bbdd41fe8374029da141905ab4415a1049c93db0c962be86e679146a1d86a99f2045cf67de173c78eca9c22707d4a295eba34957ea4260fba03a9ac76de9b51c2d6a9de9857f04c095dcc16a62ffd78a8c4577c9f5f14aa30500a463c99a3b6d418e3f7985e009a943f395a943f3ba61d113f7bdff9d2b52f8d57fbb0552479daa2f798f8c1432f7724ea89b440190efcd612f891,gx-no-cache=1496078803044 HTTP/1.1" 200 30
186.103.156.24 - - [29/May/2017:14:25:47 -0300] "GET /cormun/servlet/licenciaspermisos?9a9ef4a322ffd5f7b8ab79e554f10d0bf3ddee98067c576372fb27427adb47413353ce2112432a1d11461c251104436e9cecf49d72b30295a7152ba0b99251cdb515934c4f56e8a6552ff9a6722c16158018337957e0043fda96c1c37db840534b5cfb94ce355f2323251d0a5db774a8a518618e049d8cfc7a922cdc1f3174c64afdff604abd2707e0222a53b2258483b286c5796219ad8088b45d38744b2cbb498e6e7bc75f1a1207dfb7d246002af6,gx-no-cache=1496078803524 HTTP/1.1" 200 29
186.79.148.38 - - [29/May/2017:14:25:47 -0300] "GET /cormun/servlet/hhome HTTP/1.1" 200 3740
186.103.156.24 - - [29/May/2017:14:25:47 -0300] "POST /cormun/servlet/licenciaspermisos?d8882f147bb927b6ad7f29825aa30c05,INS,0,,,,gx-no-cache=1496078803585 HTTP/1.1" 200 93
186.103.156.24 - - [29/May/2017:14:25:47 -0300] "GET /cormun/servlet/hpexe_return? HTTP/1.1" 200 1012
186.103.156.24 - - [29/May/2017:14:25:47 -0300] "GET /cormun/static/gxcfg.js?2016101716175148 HTTP/1.1" 200 953
186.103.156.24 - - [29/May/2017:14:25:47 -0300] "GET /cormun/static/hpexe_return.js?2016101716175153 HTTP/1.1" 200 1633
186.103.156.24 - - [29/May/2017:14:25:47 -0300] "GET /cormun/static/Resources/Spanish/PXTools.css?167811 HTTP/1.1" 200 89042
186.103.156.24 - - [29/May/2017:14:25:48 -0300] "GET /cormun/servlet/trlicencias HTTP/1.1" 200 8005
186.103.156.24 - - [29/May/2017:14:25:48 -0300] "GET /cormun//static/Resources/PXToolsGridUpdate.png HTTP/1.1" 200 2984
186.103.156.24 - - [29/May/2017:14:25:48 -0300] "GET /cormun//static/Resources/PXToolsGridDelete.png HTTP/1.1" 200 357
186.103.156.24 - - [29/May/2017:14:25:48 -0300] "GET /cormun//static/Resources/PXTools/ActionInsert.png HTTP/1.1" 200 1482
186.103.156.24 - - [29/May/2017:14:25:48 -0300] "GET /cormun//static/Resources/PXToolsGridDisplay.png HTTP/1.1" 200 362
186.103.156.24 - - [29/May/2017:14:25:48 -0300] "GET /cormun//static/Resources/PXToolsHeaderHelp.png HTTP/1.1" 200 4055
186.103.156.24 - - [29/May/2017:14:25:48 -0300] "GET /cormun//static/Resources/PXToolsActionPrint.png HTTP/1.1" 200 3317
186.103.156.24 - - [29/May/2017:14:25:48 -0300] "GET /cormun//static/Resources/PXToolsHeaderFavorites.png HTTP/1.1" 200 2744
186.103.156.24 - - [29/May/2017:14:25:48 -0300] "GET /cormun/servlet/trlicencias HTTP/1.1" 200 8000
186.79.148.38 - - [29/May/2017:14:25:52 -0300] "GET /cormun/servlet/trpermisosgoce? HTTP/1.1" 200 6508
186.79.148.38 - - [29/May/2017:14:25:52 -0300] "GET /cormun/servlet/trpermisosgoce? HTTP/1.1" 200 6507
186.79.148.38 - - [29/May/2017:14:25:54 -0300] "GET /cormun/servlet/permisogoce?INS,0,,, HTTP/1.1" 200 6531
186.79.148.38 - - [29/May/2017:14:25:55 -0300] "GET /cormun/servlet/permisogoce?INS,0,,, HTTP/1.1" 200 6530
186.79.148.38 - - [29/May/2017:14:26:00 -0300] "GET /cormun/servlet/trlicencias? HTTP/1.1" 200 7761
186.79.148.38 - - [29/May/2017:14:26:01 -0300] "GET /cormun/static/gxcfg.js?201741111445981 HTTP/1.1" 304 -
186.79.148.38 - - [29/May/2017:14:26:01 -0300] "GET /cormun/static/trlicencias.js?20174111145440 HTTP/1.1" 304 -
186.79.148.38 - - [29/May/2017:14:26:01 -0300] "GET /cormun/servlet/trlicencias? HTTP/1.1" 200 7755
186.103.156.24 - - [29/May/2017:14:26:01 -0300] "GET /cormun/servlet/trlicenciaspermisosadjuntos?8909451,20170529000000,L, HTTP/1.1" 200 6359
186.103.156.24 - - [29/May/2017:14:26:01 -0300] "GET /cormun/static/gxcfg.js?20173171154619 HTTP/1.1" 200 953
186.103.156.24 - - [29/May/2017:14:26:01 -0300] "GET /cormun/static/trlicenciaspermisosadjuntos.js?20173171154971 HTTP/1.1" 200 21005
186.103.156.24 - - [29/May/2017:14:26:02 -0300] "GET /cormun/servlet/trlicenciaspermisosadjuntos?8909451,20170529000000,L, HTTP/1.1" 200 6359
186.103.156.24 - - [29/May/2017:14:26:06 -0300] "GET /cormun/servlet/licenciaspermisosadjuntos?INS,8909451,L,20170529000000,, HTTP/1.1" 200 5654
186.103.156.24 - - [29/May/2017:14:26:06 -0300] "GET /cormun/static/gxcfg.js?201731711421170 HTTP/1.1" 200 953
186.103.156.24 - - [29/May/2017:14:26:06 -0300] "GET /cormun/static/licenciaspermisosadjuntos.js?201731711421181 HTTP/1.1" 200 8757
186.103.156.24 - - [29/May/2017:14:26:06 -0300] "GET /cormun/static/about:blank HTTP/1.1" 404 1011
186.103.156.24 - - [29/May/2017:14:26:06 -0300] "GET /cormun/servlet/licenciaspermisosadjuntos?INS,8909451,L,20170529000000,, HTTP/1.1" 200 5643
186.79.148.38 - - [29/May/2017:14:26:10 -0300] "GET /cormun/servlet/trlicenciaspermisosadjuntos?16497984,20170525000000,L, HTTP/1.1" 200 6593
186.79.148.38 - - [29/May/2017:14:26:10 -0300] "GET /cormun/static/gxcfg.js?20173171154619 HTTP/1.1" 304 -
186.79.148.38 - - [29/May/2017:14:26:10 -0300] "GET /cormun/static/trlicenciaspermisosadjuntos.js?20173171154971 HTTP/1.1" 304 -
186.79.148.38 - - [29/May/2017:14:26:10 -0300] "GET /cormun/servlet/trlicenciaspermisosadjuntos?16497984,20170525000000,L, HTTP/1.1" 200 6595
186.79.148.38 - - [29/May/2017:14:26:16 -0300] "GET /cormun/servlet/trlicencias? HTTP/1.1" 200 7755
186.79.148.38 - - [29/May/2017:14:26:17 -0300] "GET /cormun/servlet/trlicencias? HTTP/1.1" 200 7755
186.79.148.38 - - [29/May/2017:14:26:20 -0300] "POST /cormun/servlet/trlicencias?38fc2490cfd22f5a8a69b38afca2c308,,gx-no-cache=1496078835672 HTTP/1.1" 200 4067
186.79.148.38 - - [29/May/2017:14:26:21 -0300] "GET /cormun/static/Shared/jqueryui/images/ui-bg_highlight-soft_100_c6c2c8_1x100.png HTTP/1.1" 404 1117
186.79.148.38 - - [29/May/2017:14:26:21 -0300] "GET /cormun/static/Shared/jqueryui/images/ui-icons_82798d_256x240.png HTTP/1.1" 404 1089
186.79.148.38 - - [29/May/2017:14:26:21 -0300] "GET /cormun/static/Shared/jqueryui/images/ui-bg_flat_55_fafafa_40x100.png HTTP/1.1" 404 1097
186.79.148.38 - - [29/May/2017:14:26:21 -0300] "GET /cormun/static/Shared/jqueryui/images/ui-icons_8d78a5_256x240.png HTTP/1.1" 404 1089
