186.79.141.15 - - [25/May/2017:14:18:36 -0300] "GET /cormun/static/gxcfg.js?2016101716175148 HTTP/1.1" 200 953
186.79.141.15 - - [25/May/2017:14:18:36 -0300] "GET /cormun/static/hpexe_return.js?2016101716175153 HTTP/1.1" 200 1633
186.79.141.15 - - [25/May/2017:14:18:36 -0300] "GET /cormun/static/Resources/Spanish/PXTools.css?167811 HTTP/1.1" 200 89042
186.79.141.15 - - [25/May/2017:14:18:36 -0300] "GET /cormun/servlet/vesolicitudgral?2017,6561,, HTTP/1.1" 200 8229
186.79.141.15 - - [25/May/2017:14:18:36 -0300] "GET /cormun/pexe_scrolldiv.js HTTP/1.1" 404 1009
186.79.141.15 - - [25/May/2017:14:18:37 -0300] "GET /cormun/servlet/vesolicitudgral?2017,6561,, HTTP/1.1" 200 8224
186.79.141.15 - - [25/May/2017:14:18:44 -0300] "POST /cormun/servlet/vesolicitudgral?ce3dfb98c79fac23fe59b2069dde3694,2017,6561,,,gx-no-cache=1495732779459 HTTP/1.1" 200 90
186.79.141.15 - - [25/May/2017:14:18:44 -0300] "GET /cormun/servlet/hpexe_link HTTP/1.1" 200 986
186.79.141.15 - - [25/May/2017:14:18:44 -0300] "GET /cormun/servlet/trsolicitudgral?gx-no-cache=1495732744952 HTTP/1.1" 200 10306
186.79.141.15 - - [25/May/2017:14:18:45 -0300] "GET /cormun/servlet/trsolicitudgral?gx-no-cache=1495732744952 HTTP/1.1" 200 10327
192.168.10.96 - - [25/May/2017:14:19:23 -0300] "GET /cormun/servlet/trsecurityuser01? HTTP/1.1" 200 6566
192.168.10.96 - - [25/May/2017:14:19:24 -0300] "GET /cormun/servlet/trsecurityuser01? HTTP/1.1" 200 6566
192.168.10.96 - - [25/May/2017:14:19:29 -0300] "POST /cormun/servlet/trsecurityuser01?1c0acd5ca4c657ceb64420541e10bce0,,gx-no-cache=1495732773428 HTTP/1.1" 200 4132
192.168.10.96 - - [25/May/2017:14:19:35 -0300] "GET /cormun/servlet/trsecurityrole? HTTP/1.1" 200 10086
192.168.10.96 - - [25/May/2017:14:19:35 -0300] "GET /cormun/servlet/trsecurityrole? HTTP/1.1" 200 10086
192.168.10.96 - - [25/May/2017:14:21:29 -0300] "GET /cormun/servlet/securityroles?DSP,3200, HTTP/1.1" 200 5775
192.168.10.96 - - [25/May/2017:14:21:29 -0300] "GET /cormun/static/gxcfg.js?2016101716124142 HTTP/1.1" 200 953
192.168.10.96 - - [25/May/2017:14:21:29 -0300] "GET /cormun/static/securityroles.js?2016101716124163 HTTP/1.1" 200 11674
192.168.10.96 - - [25/May/2017:14:21:30 -0300] "GET /cormun/servlet/securityroles?DSP,3200, HTTP/1.1" 200 5775
40.77.167.133 - - [25/May/2017:14:21:47 -0300] "GET /cormun/servlet/solicitudotadjuntos?INS,2017,5531,,1, HTTP/1.1" 200 5271
192.168.10.96 - - [25/May/2017:14:21:52 -0300] "POST /cormun/servlet/securityroles?1c0acd5ca4c657ceb64420541e10bce0,DSP,3200,,gx-no-cache=1495732917169 HTTP/1.1" 200 90
192.168.10.96 - - [25/May/2017:14:21:52 -0300] "GET /cormun/servlet/hpexe_link HTTP/1.1" 200 969
192.168.10.96 - - [25/May/2017:14:21:52 -0300] "GET /cormun/servlet/trsecurityrole HTTP/1.1" 200 10087
192.168.10.96 - - [25/May/2017:14:21:53 -0300] "GET /cormun/servlet/trsecurityrole HTTP/1.1" 200 10086
192.168.10.96 - - [25/May/2017:14:22:00 -0300] "GET /cormun/servlet/trsecurityuserroles?3200, HTTP/1.1" 200 6366
192.168.10.96 - - [25/May/2017:14:22:01 -0300] "GET /cormun/servlet/trsecurityuserroles?3200, HTTP/1.1" 200 6366
186.103.159.182 - - [25/May/2017:14:22:05 -0300] "POST /cormun/servlet/solicitudot?gx-no-cache=1495732981157 HTTP/1.1" 200 255
192.168.10.96 - - [25/May/2017:14:22:07 -0300] "GET /cormun/servlet/trsecurityuserroles?50cb1ace03fd7ea9af4866c6aa544cc639197aa898d03fbf4b4ef41b70325864e6b207d18dae17fe367d2a89576883fb,gx-no-cache=1495732931682 HTTP/1.1" 200 31
192.168.10.96 - - [25/May/2017:14:22:07 -0300] "POST /cormun/servlet/trsecurityuserroles?1c0acd5ca4c657ceb64420541e10bce0,3200,,gx-no-cache=1495732931713 HTTP/1.1" 200 4066
186.103.159.182 - - [25/May/2017:14:22:07 -0300] "GET /cormun/servlet/solicitudot?2656eaab62b8c7b8b11ee0b2a7915181fa0f35fa235b77a0cbb14402938a84cc66134d2b40802a2b6e94bf3b72c210fb260c765788bb9be37157586595b8734574f4b5c8a7d2ce727d5f4050aa6d8dc915368dadd32698adccc1549b5db829ffe093c80f63daa92389774dd88d42eeefc419fb96fb2267fb093c69eccd1dccb815776285f18f8887802fb566bfa3886c8a0e52b792fd220381eeea19311be4651484f8eb9281200bd04cf76ce2682ff6a67e36adad90a0a7c008ede7609bf671215d5bd025929b6a8cb3f18b458754138370ca82ace01a53355667841d640e434a8a97c8aa8883aebc069c981411146c53a18e3f2fecb3069bdf1c136c81dfbbafb203301f2145daefeb5ee756d6bb23e90520a962e1cd9738c8463cf4b22e0f980ae56f8261e34298043857cd52e5d2e4db052909dd814d97db9beefb6caaf30753d4f72cb93bfca7ddf65f671be3184bda9abae5aa3f47b97391ca5a86262e8e0f984d103cdb5f0cccbe7d741369bd429c8fffbd62282cdd5635b67f25f384,gx-no-cache=1495732983740 HTTP/1.1" 200 30
40.77.167.133 - - [25/May/2017:14:22:07 -0300] "GET /cormun/servlet/solicitudotadjuntos?INS,2017,5531,,1, HTTP/1.1" 200 5262
192.168.10.96 - - [25/May/2017:14:22:08 -0300] "POST /cormun/servlet/trsecurityuserroles?1c0acd5ca4c657ceb64420541e10bce0,3200,,gx-no-cache=1495732933294 HTTP/1.1" 200 4101
192.168.10.96 - - [25/May/2017:14:22:08 -0300] "GET /cormun/static/Shared/jqueryui/images/ui-bg_highlight-soft_100_c6c2c8_1x100.png HTTP/1.1" 404 1117
192.168.10.96 - - [25/May/2017:14:22:08 -0300] "GET /cormun/static/Shared/jqueryui/images/ui-icons_82798d_256x240.png HTTP/1.1" 404 1089
192.168.10.96 - - [25/May/2017:14:22:08 -0300] "GET /cormun/static/Shared/jqueryui/images/ui-icons_8d78a5_256x240.png HTTP/1.1" 404 1089
192.168.10.96 - - [25/May/2017:14:22:08 -0300] "GET /cormun/static/Shared/jqueryui/images/ui-bg_flat_55_fafafa_40x100.png HTTP/1.1" 404 1097
186.79.141.15 - - [25/May/2017:14:22:11 -0300] "POST /cormun/servlet/trsolicitudgral?ce3dfb98c79fac23fe59b2069dde3694,gx-no-cache=1495732744952,gx-no-cache=1495732986419 HTTP/1.1" 200 6032
192.168.10.96 - - [25/May/2017:14:22:15 -0300] "POST /cormun/servlet/trsecurityuserroles?1c0acd5ca4c657ceb64420541e10bce0,3200,,gx-no-cache=1495732940400 HTTP/1.1" 200 4101
186.79.141.15 - - [25/May/2017:14:22:16 -0300] "POST /cormun/servlet/trsolicitudgral?ce3dfb98c79fac23fe59b2069dde3694,gx-no-cache=1495732744952,gx-no-cache=1495732991864 HTTP/1.1" 200 4909
186.79.141.15 - - [25/May/2017:14:22:16 -0300] "GET /cormun/static/Shared/jqueryui/images/ui-icons_82798d_256x240.png HTTP/1.1" 404 1089
186.79.141.15 - - [25/May/2017:14:22:16 -0300] "GET /cormun/static/Shared/jqueryui/images/ui-bg_highlight-soft_100_c6c2c8_1x100.png HTTP/1.1" 404 1117
186.79.141.15 - - [25/May/2017:14:22:16 -0300] "GET /cormun/static/Shared/jqueryui/images/ui-bg_flat_55_fafafa_40x100.png HTTP/1.1" 404 1097
186.79.141.15 - - [25/May/2017:14:22:16 -0300] "GET /cormun/static/Shared/jqueryui/images/ui-icons_8d78a5_256x240.png HTTP/1.1" 404 1089
192.168.10.96 - - [25/May/2017:14:22:18 -0300] "POST /cormun/servlet/trsecurityuserroles?1c0acd5ca4c657ceb64420541e10bce0,3200,,gx-no-cache=1495732943337 HTTP/1.1" 200 90
192.168.10.96 - - [25/May/2017:14:22:18 -0300] "GET /cormun/servlet/hpexe_link HTTP/1.1" 200 969
192.168.10.96 - - [25/May/2017:14:22:19 -0300] "GET /cormun/servlet/trsecurityrole HTTP/1.1" 200 10087
192.168.10.96 - - [25/May/2017:14:22:19 -0300] "GET /cormun/servlet/trsecurityrole HTTP/1.1" 200 10086
192.168.10.96 - - [25/May/2017:14:22:31 -0300] "GET /cormun/servlet/securityroles?UPD,3200, HTTP/1.1" 200 5913
192.168.10.96 - - [25/May/2017:14:22:31 -0300] "GET /cormun/servlet/securityroles?UPD,3200, HTTP/1.1" 200 5913
192.168.10.96 - - [25/May/2017:14:22:35 -0300] "GET /cormun/servlet/securityroles?bd15da803e61e7cc02e9927410da869778b2a6cfac105a8db168bc836fa6956274d2d966ef8b61e9698560269773a074c6cdd007837eaf9bcd50361d839a52929f9689a68f2d4c17a55128e2b83c8585,gx-no-cache=1495732960386 HTTP/1.1" 200 55
186.103.159.46 - - [25/May/2017:14:22:40 -0300] "POST /cormun/servlet/solicitudotadjuntos?gx-no-cache=1495733016996 HTTP/1.1" 200 26
192.168.10.96 - - [25/May/2017:14:22:43 -0300] "POST /cormun/servlet/securityroles?1c0acd5ca4c657ceb64420541e10bce0,UPD,3200,,gx-no-cache=1495732968444 HTTP/1.1" 200 90
192.168.10.96 - - [25/May/2017:14:22:43 -0300] "GET /cormun/servlet/hpexe_link HTTP/1.1" 200 969
192.168.10.96 - - [25/May/2017:14:22:44 -0300] "GET /cormun/servlet/trsecurityrole HTTP/1.1" 200 10087
192.168.10.96 - - [25/May/2017:14:22:44 -0300] "GET /cormun/servlet/trsecurityrole HTTP/1.1" 200 10086
192.168.10.96 - - [25/May/2017:14:22:49 -0300] "GET /cormun/servlet/hlogin HTTP/1.1" 200 1743
186.103.159.182 - - [25/May/2017:14:22:54 -0300] "POST /cormun/servlet/solicitudot?gx-no-cache=1495733030352 HTTP/1.1" 200 298
186.103.159.182 - - [25/May/2017:14:22:59 -0300] "POST /cormun/servlet/solicitudot?gx-no-cache=1495733036212 HTTP/1.1" 200 240
186.103.159.182 - - [25/May/2017:14:23:05 -0300] "GET /cormun/servlet/solicitudot?2656eaab62b8c7b8b11ee0b2a7915181fa0f35fa235b77a0cbb14402938a84cceca0ff98bae382e46ab14ae69e69a3ec260c765788bb9be37157586595b8734574f4b5c8a7d2ce727d5f4050aa6d8dc915368dadd32698adccc1549b5db829ffe093c80f63daa92389774dd88d42eeefc419fb96fb2267fb093c69eccd1dccb815776285f18f8887802fb566bfa3886c8a0e52b792fd220381eeea19311be4651484f8eb9281200bd04cf76ce2682ff6a67e36adad90a0a7c008ede7609bf671215d5bd025929b6a8cb3f18b458754138370ca82ace01a53355667841d640e434a8a97c8aa8883aebc069c981411146c66595f7416bbfe5b0571442976634617afb203301f2145daefeb5ee756d6bb23c906ba2f91a71b70c42dbf370ccae83e750a8da6dd4228d4d8b517cdc5abc6fde13e773680ab56175b9955b203997005a6a3aa4df6fab229fbfbb68e08afc670ac0fd06ba378db691a777050bc1ef094995d880d7b8945ca2d5698eebbefc6abdd381349e635e353a71a664c78d1bda4,gx-no-cache=1495733041987 HTTP/1.1" 200 30
186.103.159.46 - - [25/May/2017:14:23:09 -0300] "GET /cormun/servlet/solicitudotadjuntos?a819b08bf7a79b87e298bc118b05ce46b0248ffeed4bdc2688703a8317bb99cd,gx-no-cache=1495733045491 HTTP/1.1" 200 30
186.103.159.46 - - [25/May/2017:14:23:09 -0300] "GET /cormun/servlet/solicitudotadjuntos?a819b08bf7a79b87e298bc118b05ce46b0248ffeed4bdc2688703a8317bb99cd,gx-no-cache=1495733045599 HTTP/1.1" 200 30
186.103.159.46 - - [25/May/2017:14:23:10 -0300] "POST /cormun/servlet/solicitudotadjuntos?35db0a2a51f5f9b17f17a0bbc2e549b6,INS,2017,6633,,1, HTTP/1.1" 200 116
186.103.159.46 - - [25/May/2017:14:23:10 -0300] "GET /cormun/servlet/hpexe_return? HTTP/1.1" 200 1028
186.103.159.46 - - [25/May/2017:14:23:11 -0300] "GET /cormun/servlet/trsolicitudadjuntos?2017,6633, HTTP/1.1" 200 8071
186.103.159.46 - - [25/May/2017:14:23:13 -0300] "GET /cormun/servlet/trsolicitudadjuntos?2017,6633, HTTP/1.1" 200 8068
186.103.159.182 - - [25/May/2017:14:23:15 -0300] "POST /cormun/servlet/solicitudot?gx-no-cache=1495733051804 HTTP/1.1" 200 30
186.103.159.46 - - [25/May/2017:14:23:15 -0300] "GET /cormun/servlet/solicitudotadjuntos?INS,2017,6633,,1, HTTP/1.1" 200 5821
186.103.159.46 - - [25/May/2017:14:23:16 -0300] "GET /cormun/static/about:blank HTTP/1.1" 404 1011
186.103.159.46 - - [25/May/2017:14:23:16 -0300] "GET /cormun/servlet/solicitudotadjuntos?INS,2017,6633,,1, HTTP/1.1" 200 5815
186.103.159.46 - - [25/May/2017:14:23:17 -0300] "GET /cormun/servlet/solicitudotadjuntos?a819b08bf7a79b87e298bc118b05ce46c962d4b10998d521579674b4ea1b7ea496f6e0c8f6bf487b6fcb141ab7911f05,gx-no-cache=1495733053769 HTTP/1.1" 200 30
186.103.159.46 - - [25/May/2017:14:23:17 -0300] "POST /cormun/servlet/solicitudotadjuntos?35db0a2a51f5f9b17f17a0bbc2e549b6,INS,2017,6633,,1,,gx-no-cache=1495733053855 HTTP/1.1" 200 3640
186.103.159.182 - - [25/May/2017:14:23:18 -0300] "POST /cormun/servlet/solicitudot?gx-no-cache=1495733054212 HTTP/1.1" 200 235
186.103.159.182 - - [25/May/2017:14:23:18 -0300] "POST /cormun/servlet/solicitudot?gx-no-cache=1495733054305 HTTP/1.1" 200 38
186.103.159.182 - - [25/May/2017:14:23:37 -0300] "GET /cormun/servlet/solicitudot?2656eaab62b8c7b8b11ee0b2a79151812c7f1f47bc4f4063bd4d1f903468e5bb167f85d85f06d11493e07d5809b25579fae2ca4a8be83c06ac8e09573c70c1da5de2ad4f4f8312fc8c52aaf308f6079fb640818911f6e8d526764146cecd72e3630c4f142b9a4581af5cb70cd646f771,gx-no-cache=1495733073559 HTTP/1.1" 200 29
186.103.159.182 - - [25/May/2017:14:23:37 -0300] "POST /cormun/servlet/solicitudot?gx-no-cache=1495733073620 HTTP/1.1" 200 708
186.103.159.182 - - [25/May/2017:14:23:39 -0300] "POST /cormun/servlet/solicitudot?gx-no-cache=1495733075685 HTTP/1.1" 200 1162
186.103.159.46 - - [25/May/2017:14:23:42 -0300] "POST /cormun/servlet/solicitudotadjuntos?gx-no-cache=1495733078311 HTTP/1.1" 200 26
186.103.159.182 - - [25/May/2017:14:23:47 -0300] "GET /cormun/static/menuarrow.gif HTTP/1.1" 404 1015
192.168.10.96 - - [25/May/2017:14:23:58 -0300] "POST /cormun/servlet/hlogin?1c0acd5ca4c657ceb64420541e10bce0,gx-no-cache=1495733042946 HTTP/1.1" 200 454
186.103.159.182 - - [25/May/2017:14:24:00 -0300] "GET /cormun/servlet/solicitudot?2656eaab62b8c7b8b11ee0b2a791518131b53f5cc00dc795397d6718c2ddf581f8e8f04ce390b865514773b98d99e61002be37d5207d25a7137b209c11102d0eaaadbe4b08ea5f65a9ab986e1713d694510d8d0a25976105603b9b54e332a0b2322e81179f4c5ed5cdf3a5d460a7831aa0e6ebe3f12ca6a0f5a6e6c8dcd9682c435c447a690b7ac907a14a71ddad8974067b82ed509c7ac0ba4da7d7a57f012c0ef5278dc328dab4ae25ebd0e1a21372,gx-no-cache=1495733097032 HTTP/1.1" 200 30
192.168.10.96 - - [25/May/2017:14:24:03 -0300] "POST /cormun/servlet/hlogin?1c0acd5ca4c657ceb64420541e10bce0,gx-no-cache=1495733047912 HTTP/1.1" 200 90
192.168.10.96 - - [25/May/2017:14:24:03 -0300] "GET /cormun/servlet/hpexe_link HTTP/1.1" 200 954
192.168.10.96 - - [25/May/2017:14:24:03 -0300] "GET /cormun/servlet/hhome HTTP/1.1" 200 3374
192.168.10.96 - - [25/May/2017:14:24:04 -0300] "GET /cormun/servlet/hhome HTTP/1.1" 200 3370
186.103.159.46 - - [25/May/2017:14:24:22 -0300] "POST /cormun/servlet/solicitudotadjuntos?gx-no-cache=1495733119125 HTTP/1.1" 200 26
192.168.10.96 - - [25/May/2017:14:24:34 -0300] "GET /cormun/servlet/hlogin HTTP/1.1" 200 1736
192.168.10.96 - - [25/May/2017:14:24:41 -0300] "POST /cormun/servlet/hlogin?1c0acd5ca4c657ceb64420541e10bce0,gx-no-cache=1495733086072 HTTP/1.1" 200 90
192.168.10.96 - - [25/May/2017:14:24:41 -0300] "GET /cormun/servlet/hpexe_link HTTP/1.1" 200 954
192.168.10.96 - - [25/May/2017:14:24:41 -0300] "GET /cormun/servlet/hhome HTTP/1.1" 200 4460
192.168.10.96 - - [25/May/2017:14:24:42 -0300] "GET /cormun/servlet/hhome HTTP/1.1" 200 4458
192.168.10.96 - - [25/May/2017:14:24:48 -0300] "GET /cormun/servlet/trsecurityrole? HTTP/1.1" 200 10284
192.168.10.96 - - [25/May/2017:14:24:49 -0300] "GET /cormun/servlet/trsecurityrole? HTTP/1.1" 200 10281
186.103.159.182 - - [25/May/2017:14:24:52 -0300] "POST /cormun/servlet/solicitudot?a58e04449a3fd9c682c29fdec0ffada9,INS,0,0,,gx-no-cache=1495733148350 HTTP/1.1" 200 93
186.103.159.182 - - [25/May/2017:14:24:52 -0300] "GET /cormun/servlet/hpexe_return? HTTP/1.1" 200 1001
186.103.159.182 - - [25/May/2017:14:24:52 -0300] "GET /cormun/static/gxcfg.js?2016101716175148 HTTP/1.1" 200 953
186.103.159.182 - - [25/May/2017:14:24:52 -0300] "GET /cormun/static/hpexe_return.js?2016101716175153 HTTP/1.1" 200 1633
186.103.159.182 - - [25/May/2017:14:24:52 -0300] "GET /cormun/static/Resources/Spanish/PXTools.css?167811 HTTP/1.1" 200 89042
186.103.159.182 - - [25/May/2017:14:24:53 -0300] "GET /cormun/servlet/trsolicitudot HTTP/1.1" 200 8295
186.103.159.46 - - [25/May/2017:14:24:54 -0300] "GET /cormun/servlet/solicitudotadjuntos?a819b08bf7a79b87e298bc118b05ce46b0248ffeed4bdc2688703a8317bb99cd,gx-no-cache=1495733150470 HTTP/1.1" 200 30
186.103.159.46 - - [25/May/2017:14:24:54 -0300] "GET /cormun/servlet/solicitudotadjuntos?a819b08bf7a79b87e298bc118b05ce46b0248ffeed4bdc2688703a8317bb99cd,gx-no-cache=1495733150588 HTTP/1.1" 200 30
186.103.159.46 - - [25/May/2017:14:24:54 -0300] "POST /cormun/servlet/solicitudotadjuntos?35db0a2a51f5f9b17f17a0bbc2e549b6,INS,2017,6633,,1, HTTP/1.1" 200 116
186.103.159.46 - - [25/May/2017:14:24:54 -0300] "GET /cormun/servlet/hpexe_return? HTTP/1.1" 200 1028
186.103.159.46 - - [25/May/2017:14:24:55 -0300] "GET /cormun/servlet/trsolicitudadjuntos?2017,6633, HTTP/1.1" 200 8311
186.103.159.182 - - [25/May/2017:14:24:55 -0300] "GET /cormun//static/Resources/PXToolsGridUpdate.png HTTP/1.1" 200 2984
186.103.159.182 - - [25/May/2017:14:24:55 -0300] "GET /cormun//static/Resources/PXToolsGridDelete.png HTTP/1.1" 200 357
186.103.159.182 - - [25/May/2017:14:24:55 -0300] "GET /cormun//static/Resources/PXToolsRemoveAllAction.png HTTP/1.1" 200 3558
186.103.159.182 - - [25/May/2017:14:24:55 -0300] "GET /cormun//static/Resources/PXTools/ActionInsert.png HTTP/1.1" 200 1482
186.103.159.182 - - [25/May/2017:14:24:55 -0300] "GET /cormun//static/Resources/PXToolsActionView.png HTTP/1.1" 200 2995
192.168.10.96 - - [25/May/2017:14:24:55 -0300] "POST /cormun/servlet/trsecurityrole?1c0acd5ca4c657ceb64420541e10bce0,,gx-no-cache=1495733099731 HTTP/1.1" 200 4092
186.103.159.182 - - [25/May/2017:14:24:55 -0300] "GET /cormun/servlet/trsolicitudot HTTP/1.1" 200 8291
186.103.159.46 - - [25/May/2017:14:24:56 -0300] "GET /cormun/servlet/trsolicitudadjuntos?2017,6633, HTTP/1.1" 200 8309
192.168.10.96 - - [25/May/2017:14:24:58 -0300] "GET /cormun/servlet/securityroles?INS,0, HTTP/1.1" 200 5987
192.168.10.96 - - [25/May/2017:14:24:59 -0300] "GET /cormun/servlet/securityroles?INS,0, HTTP/1.1" 200 5987
186.103.159.46 - - [25/May/2017:14:25:03 -0300] "GET /cormun/servlet/solicitudotadjuntos?INS,2017,6633,,1, HTTP/1.1" 200 5822
186.103.159.46 - - [25/May/2017:14:25:04 -0300] "GET /cormun/static/about:blank HTTP/1.1" 404 1011
186.103.159.46 - - [25/May/2017:14:25:04 -0300] "GET /cormun/servlet/solicitudotadjuntos?INS,2017,6633,,1, HTTP/1.1" 200 5816
186.103.159.46 - - [25/May/2017:14:25:05 -0300] "GET /cormun/servlet/solicitudotadjuntos?a819b08bf7a79b87e298bc118b05ce46c962d4b10998d521579674b4ea1b7ea496f6e0c8f6bf487b6fcb141ab7911f05,gx-no-cache=1495733161730 HTTP/1.1" 200 30
186.103.159.46 - - [25/May/2017:14:25:05 -0300] "POST /cormun/servlet/solicitudotadjuntos?35db0a2a51f5f9b17f17a0bbc2e549b6,INS,2017,6633,,1,,gx-no-cache=1495733161803 HTTP/1.1" 200 3641
186.103.159.46 - - [25/May/2017:14:25:10 -0300] "POST /cormun/servlet/solicitudotadjuntos?gx-no-cache=1495733166826 HTTP/1.1" 200 26
192.168.10.96 - - [25/May/2017:14:25:19 -0300] "GET /cormun/servlet/securityroles?bd15da803e61e7cc02e9927410da869732e4b6ea05ae47522c78935361fd229d5cfb7e5fcbfab35929eaf66bda5cbead,gx-no-cache=1495733124320 HTTP/1.1" 200 39
186.103.159.46 - - [25/May/2017:14:25:23 -0300] "GET /cormun/servlet/solicitudotadjuntos?a819b08bf7a79b87e298bc118b05ce46b0248ffeed4bdc2688703a8317bb99cd,gx-no-cache=1495733179905 HTTP/1.1" 200 30
186.103.159.46 - - [25/May/2017:14:25:23 -0300] "GET /cormun/servlet/solicitudotadjuntos?a819b08bf7a79b87e298bc118b05ce46b0248ffeed4bdc2688703a8317bb99cd,gx-no-cache=1495733179995 HTTP/1.1" 200 30
186.103.159.46 - - [25/May/2017:14:25:25 -0300] "POST /cormun/servlet/solicitudotadjuntos?35db0a2a51f5f9b17f17a0bbc2e549b6,INS,2017,6633,,1, HTTP/1.1" 200 116
186.103.159.46 - - [25/May/2017:14:25:25 -0300] "GET /cormun/servlet/hpexe_return? HTTP/1.1" 200 1028
186.103.159.46 - - [25/May/2017:14:25:25 -0300] "GET /cormun/servlet/trsolicitudadjuntos?2017,6633, HTTP/1.1" 200 8489
186.103.159.46 - - [25/May/2017:14:25:27 -0300] "GET /cormun/servlet/trsolicitudadjuntos?2017,6633, HTTP/1.1" 200 8487
192.168.10.96 - - [25/May/2017:14:25:27 -0300] "GET /cormun/servlet/trsecurityuser01? HTTP/1.1" 200 6723
192.168.10.96 - - [25/May/2017:14:25:28 -0300] "GET /cormun/servlet/trsecurityuser01? HTTP/1.1" 200 6720
192.168.10.96 - - [25/May/2017:14:25:30 -0300] "POST /cormun/servlet/trsecurityuser01?1c0acd5ca4c657ceb64420541e10bce0,,gx-no-cache=1495733135052 HTTP/1.1" 200 4128
192.168.10.96 - - [25/May/2017:14:25:37 -0300] "POST /cormun/servlet/trsecurityuser01?1c0acd5ca4c657ceb64420541e10bce0,,gx-no-cache=1495733142038 HTTP/1.1" 200 9270
192.168.10.96 - - [25/May/2017:14:25:54 -0300] "POST /cormun/servlet/trsecurityuser01?1c0acd5ca4c657ceb64420541e10bce0,,gx-no-cache=1495733159078 HTTP/1.1" 200 9761
192.168.10.96 - - [25/May/2017:14:26:05 -0300] "GET /cormun/servlet/trsecurityuserroles2?37, HTTP/1.1" 200 7382
192.168.10.96 - - [25/May/2017:14:26:05 -0300] "GET /cormun/static/gxcfg.js?201610171620670 HTTP/1.1" 304 -
192.168.10.96 - - [25/May/2017:14:26:05 -0300] "GET /cormun/static/trsecurityuserroles2.js?201610171620897 HTTP/1.1" 304 -
192.168.10.96 - - [25/May/2017:14:26:05 -0300] "GET /cormun/servlet/trsecurityuserroles2?37, HTTP/1.1" 200 7381
186.79.141.15 - - [25/May/2017:14:26:07 -0300] "POST /cormun/servlet/trsolicitudgral?ce3dfb98c79fac23fe59b2069dde3694,gx-no-cache=1495732744952,gx-no-cache=1495733222875 HTTP/1.1" 200 6391
192.168.10.96 - - [25/May/2017:14:26:18 -0300] "POST /cormun/servlet/trsecurityuserroles2?1c0acd5ca4c657ceb64420541e10bce0,37,,gx-no-cache=1495733183116 HTTP/1.1" 200 5168
192.168.10.96 - - [25/May/2017:14:26:33 -0300] "POST /cormun/servlet/trsecurityuserroles2?1c0acd5ca4c657ceb64420541e10bce0,37,,gx-no-cache=1495733197828 HTTP/1.1" 200 5204
192.168.10.96 - - [25/May/2017:14:26:33 -0300] "GET /cormun/static/Shared/jqueryui/images/ui-bg_highlight-soft_100_c6c2c8_1x100.png HTTP/1.1" 404 1117
192.168.10.96 - - [25/May/2017:14:26:33 -0300] "GET /cormun/static/Shared/jqueryui/images/ui-icons_82798d_256x240.png HTTP/1.1" 404 1089
192.168.10.96 - - [25/May/2017:14:26:33 -0300] "GET /cormun/static/Shared/jqueryui/images/ui-bg_flat_55_fafafa_40x100.png HTTP/1.1" 404 1097
192.168.10.96 - - [25/May/2017:14:26:33 -0300] "GET /cormun/static/Shared/jqueryui/images/ui-icons_8d78a5_256x240.png HTTP/1.1" 404 1089
192.168.10.96 - - [25/May/2017:14:26:44 -0300] "GET /cormun/servlet/trsecurityrole? HTTP/1.1" 200 6505
192.168.10.96 - - [25/May/2017:14:26:44 -0300] "GET /cormun/servlet/trsecurityrole? HTTP/1.1" 200 6496
192.168.10.96 - - [25/May/2017:14:26:46 -0300] "POST /cormun/servlet/trsecurityrole?1c0acd5ca4c657ceb64420541e10bce0,,gx-no-cache=1495733211447 HTTP/1.1" 200 4102
192.168.10.96 - - [25/May/2017:14:26:50 -0300] "POST /cormun/servlet/trsecurityrole?1c0acd5ca4c657ceb64420541e10bce0,,gx-no-cache=1495733214476 HTTP/1.1" 200 7723
192.168.10.96 - - [25/May/2017:14:26:57 -0300] "GET /cormun/servlet/trsecurityuserroles?3200, HTTP/1.1" 200 6793
192.168.10.96 - - [25/May/2017:14:26:57 -0300] "GET /cormun/servlet/trsecurityuserroles?3200, HTTP/1.1" 200 6793
192.168.10.96 - - [25/May/2017:14:27:01 -0300] "GET /cormun/servlet/hlogin HTTP/1.1" 200 1751
192.168.10.96 - - [25/May/2017:14:27:10 -0300] "POST /cormun/servlet/hlogin?1c0acd5ca4c657ceb64420541e10bce0,gx-no-cache=1495733234700 HTTP/1.1" 200 90
192.168.10.96 - - [25/May/2017:14:27:10 -0300] "GET /cormun/servlet/hpexe_link HTTP/1.1" 200 954
192.168.10.96 - - [25/May/2017:14:27:10 -0300] "GET /cormun/servlet/hhome HTTP/1.1" 200 3991
192.168.10.96 - - [25/May/2017:14:27:10 -0300] "GET /cormun/servlet/hhome HTTP/1.1" 200 3987
192.168.10.96 - - [25/May/2017:14:27:39 -0300] "GET /cormun/servlet/trsolicitudot? HTTP/1.1" 200 8252
192.168.10.96 - - [25/May/2017:14:27:40 -0300] "GET /cormun/servlet/trsolicitudot? HTTP/1.1" 200 8250
192.168.10.96 - - [25/May/2017:14:28:09 -0300] "GET /cormun/servlet/solicitudot?INS,0,0, HTTP/1.1" 200 12818
192.168.10.96 - - [25/May/2017:14:28:09 -0300] "GET /cormun/servlet/solicitudot?INS,0,0, HTTP/1.1" 200 12823
192.168.10.96 - - [25/May/2017:14:28:19 -0300] "POST /cormun/servlet/solicitudot?gx-no-cache=1495733304045 HTTP/1.1" 200 3190
192.168.10.96 - - [25/May/2017:14:28:19 -0300] "POST /cormun/servlet/solicitudot?1c0acd5ca4c657ceb64420541e10bce0,INS,0,0,,gx-no-cache=1495733304207 HTTP/1.1" 200 9989
192.168.10.96 - - [25/May/2017:14:28:23 -0300] "GET /cormun/servlet/solicitudot?6002fd1b979ee645876c0c084a65546c07c171bd91f80e9385a0dafa026d143bb49a04da35eb09d111ad2494e0b0be1e,gx-no-cache=1495733307926 HTTP/1.1" 200 30
192.168.10.96 - - [25/May/2017:14:28:23 -0300] "POST /cormun/servlet/solicitudot?gx-no-cache=1495733307983 HTTP/1.1" 200 297
192.168.10.96 - - [25/May/2017:14:28:23 -0300] "GET /cormun/servlet/solicitudot?6002fd1b979ee645876c0c084a65546c266e721d94940d7a0f2821aaad602cc0dc82bd6bb1ecfac8bea2e8d66bbfc9849771eefe39c7b12f315fcf8fb73cf801c531ebcf22d0e9797217d1e2304ede917f6f0f204328016735e1d73698043bd757884a12baa062a94998c13dab4fc687858b98648254c6b9af0427a6a2a82819311a160a4ace8c72146f8c434d1aa3d3936e2955b45fc1e9123c6277391291892e195cea8a4506960a76b49ef36042d43f59a9fc09ac112b4ad0e0bf7976efabdbf8eb00f7e6b24ce131b84c6ff4b4c34b3501661c5bf234ba897c3bd650ba63f2499863f2e43c72834a26692b47ee8ed16531826c82e0276449cfc154ba88ae7434fbc80eb3db69914519ae583aa864c91659ca9436ae893d21c55bbeea0f4c96f370f1c1cd70ba505e99faf33f560685c4ad1fb987e791c6ec2ac527e6d8d5b1c1000d172b3ce69844d83d7e1a6283c812940d725c02af6d8527941a5a928c1ba3ef96e851ad2e2808a6ed03a0c37ca83e3d8387c08d4e2207e44e2d8d9454e6b207d18dae17fe367d2a89576883fb,gx-no-cache=1495733308011 HTTP/1.1" 200 30
192.168.10.96 - - [25/May/2017:14:28:23 -0300] "POST /cormun/servlet/solicitudot?gx-no-cache=1495733308031 HTTP/1.1" 200 30
192.168.10.96 - - [25/May/2017:14:28:23 -0300] "POST /cormun/servlet/solicitudot?gx-no-cache=1495733308060 HTTP/1.1" 200 235
192.168.10.96 - - [25/May/2017:14:28:23 -0300] "POST /cormun/servlet/solicitudot?gx-no-cache=1495733308092 HTTP/1.1" 200 38
192.168.10.96 - - [25/May/2017:14:28:27 -0300] "GET /cormun/servlet/solicitudot?6002fd1b979ee645876c0c084a65546cfc9d7d77d99ab19243e012008f4bde23c4a17243faffc51ab6c98535530005fe158635a8765f8161cb6ef96169bd9c5d636be6776f39effadfa5f54ed4c83322b5b262de4ab98ae2039ef4b0c3c8ac8d3c62fffb7f273843532460202e084318,gx-no-cache=1495733311917 HTTP/1.1" 200 29
192.168.10.96 - - [25/May/2017:14:28:27 -0300] "POST /cormun/servlet/solicitudot?gx-no-cache=1495733311964 HTTP/1.1" 200 709
192.168.10.96 - - [25/May/2017:14:28:30 -0300] "POST /cormun/servlet/solicitudot?gx-no-cache=1495733314694 HTTP/1.1" 200 1162
192.168.10.96 - - [25/May/2017:14:28:53 -0300] "GET /cormun/servlet/solicitudot?6002fd1b979ee645876c0c084a65546c9a356785ebc92337a43c33311dc1f331351a63c9d1c6c9ff7ad2504b0d3fac160c225f3e4d185c53b0ef64384c361bfbae539017c909534fc7232ca68860c3c12ebce3a935e31350c34da704592ee503f6236e8e1eac07a293304595bf1cf7b91f103893228f7d0d005d85305b5511eca746ec83bbdb6a8b44b88a29cd0b4487ec51ccb4661c61d68ae1b8ec5a9a2b7d1f38236fef0a36052f885d5db8621658,gx-no-cache=1495733338332 HTTP/1.1" 200 30
192.168.10.96 - - [25/May/2017:14:29:06 -0300] "POST /cormun/servlet/solicitudot?1c0acd5ca4c657ceb64420541e10bce0,INS,0,0,,gx-no-cache=1495733350968 HTTP/1.1" 200 93
192.168.10.96 - - [25/May/2017:14:29:06 -0300] "GET /cormun/servlet/hpexe_return? HTTP/1.1" 200 1010
192.168.10.96 - - [25/May/2017:14:29:06 -0300] "GET /cormun/servlet/trsolicitudot HTTP/1.1" 200 8724
192.168.10.96 - - [25/May/2017:14:29:07 -0300] "GET /cormun/servlet/trsolicitudot HTTP/1.1" 200 8720
186.79.141.15 - - [25/May/2017:14:29:16 -0300] "POST /cormun/servlet/trsolicitudgral?ce3dfb98c79fac23fe59b2069dde3694,gx-no-cache=1495732744952,gx-no-cache=1495733412033 HTTP/1.1" 200 6041
192.168.10.96 - - [25/May/2017:14:29:18 -0300] "POST /cormun/servlet/trsolicitudot?1c0acd5ca4c657ceb64420541e10bce0,gx-no-cache=1495733363446 HTTP/1.1" 200 106
192.168.10.96 - - [25/May/2017:14:29:19 -0300] "GET /cormun/servlet/solicitudot?UPD,2017,6635, HTTP/1.1" 200 14517
192.168.10.96 - - [25/May/2017:14:29:19 -0300] "GET /cormun/servlet/solicitudot?UPD,2017,6635, HTTP/1.1" 200 14526
192.168.10.96 - - [25/May/2017:14:29:20 -0300] "POST /cormun/servlet/solicitudot?gx-no-cache=1495733364628 HTTP/1.1" 200 3190
192.168.10.96 - - [25/May/2017:14:29:20 -0300] "POST /cormun/servlet/solicitudot?1c0acd5ca4c657ceb64420541e10bce0,UPD,2017,6635,,gx-no-cache=1495733364776 HTTP/1.1" 200 11092
192.168.10.96 - - [25/May/2017:14:29:20 -0300] "GET /cormun/servlet/solicitudot?6002fd1b979ee645876c0c084a65546c07c171bd91f80e9385a0dafa026d143b29dea6d87ed16aa1cdc226df57a8ffc0,gx-no-cache=1495733364983 HTTP/1.1" 200 30
192.168.10.96 - - [25/May/2017:14:29:20 -0300] "POST /cormun/servlet/solicitudot?gx-no-cache=1495733365007 HTTP/1.1" 200 297
192.168.10.96 - - [25/May/2017:14:29:20 -0300] "GET /cormun/servlet/solicitudot?6002fd1b979ee645876c0c084a65546c266e721d94940d7a0f2821aaad602cc0dc82bd6bb1ecfac8bea2e8d66bbfc9849771eefe39c7b12f315fcf8fb73cf801c531ebcf22d0e9797217d1e2304ede917f6f0f204328016735e1d73698043bd757884a12baa062a94998c13dab4fc687858b98648254c6b9af0427a6a2a82819311a160a4ace8c72146f8c434d1aa3d3936e2955b45fc1e9123c6277391291892e195cea8a4506960a76b49ef36042d43f59a9fc09ac112b4ad0e0bf7976efabdbf8eb00f7e6b24ce131b84c6ff4b4c34b3501661c5bf234ba897c3bd650ba63f2499863f2e43c72834a26692b47ee8ed16531826c82e0276449cfc154ba88ae7434fbc80eb3db69914519ae583aa864c91659ca9436ae893d21c55bbeea0f4c96f370f1c1cd70ba505e99faf33f560685c4ad1fb987e791c6ec2ac527e6d8d5b1c1000d172b3ce69844d83d7e1a6283c812940d725c02af6d8527941a5a928c1ba3ef96e851ad2e2808a6ed03a0c37c7626df217794cb55b43b499008b91a44e6b207d18dae17fe367d2a89576883fb,gx-no-cache=1495733365032 HTTP/1.1" 200 30
192.168.10.96 - - [25/May/2017:14:29:20 -0300] "POST /cormun/servlet/solicitudot?gx-no-cache=1495733365050 HTTP/1.1" 200 30
192.168.10.96 - - [25/May/2017:14:29:20 -0300] "POST /cormun/servlet/solicitudot?gx-no-cache=1495733365072 HTTP/1.1" 200 1292
192.168.10.96 - - [25/May/2017:14:29:20 -0300] "POST /cormun/servlet/solicitudot?gx-no-cache=1495733365104 HTTP/1.1" 200 41
186.79.141.15 - - [25/May/2017:14:29:21 -0300] "POST /cormun/servlet/trsolicitudgral?ce3dfb98c79fac23fe59b2069dde3694,gx-no-cache=1495732744952,gx-no-cache=1495733416969 HTTP/1.1" 200 4923
192.168.10.96 - - [25/May/2017:14:29:25 -0300] "POST /cormun/servlet/solicitudot?gx-no-cache=1495733369799 HTTP/1.1" 200 30
186.79.141.15 - - [25/May/2017:14:29:28 -0300] "POST /cormun/servlet/trsolicitudgral?ce3dfb98c79fac23fe59b2069dde3694,gx-no-cache=1495732744952,gx-no-cache=1495733423639 HTTP/1.1" 200 7175
192.168.10.96 - - [25/May/2017:14:29:30 -0300] "POST /cormun/servlet/solicitudot?gx-no-cache=1495733375229 HTTP/1.1" 200 1292
192.168.10.96 - - [25/May/2017:14:29:30 -0300] "POST /cormun/servlet/solicitudot?gx-no-cache=1495733375269 HTTP/1.1" 200 41
192.168.10.96 - - [25/May/2017:14:29:30 -0300] "GET /cormun/servlet/solicitudot?6002fd1b979ee645876c0c084a65546cefb0e219add038aa9676d552f743d2dfcaa40c93d9d1f25e6c979af75b9927de13168c103484e44d5f9703ba110af01f1fd9776566ba0e3a10a99d1d32d7e1b9773a989ed2493a7868795f1fceb4ff6b47325f3799e6ecb4e3e102b8c6b022d3,gx-no-cache=1495733375291 HTTP/1.1" 200 29
192.168.10.96 - - [25/May/2017:14:29:30 -0300] "POST /cormun/servlet/solicitudot?gx-no-cache=1495733375310 HTTP/1.1" 200 1280
192.168.10.96 - - [25/May/2017:14:29:30 -0300] "POST /cormun/servlet/solicitudot?gx-no-cache=1495733375343 HTTP/1.1" 200 1162
192.168.10.96 - - [25/May/2017:14:29:30 -0300] "GET /cormun/servlet/solicitudot?6002fd1b979ee645876c0c084a65546c9a356785ebc92337a43c33311dc1f331351a63c9d1c6c9ff7ad2504b0d3fac160c225f3e4d185c53b0ef64384c361bfbae539017c909534fc7232ca68860c3c12ebce3a935e31350c34da704592ee503f6236e8e1eac07a293304595bf1cf7b91f103893228f7d0d005d85305b5511eca746ec83bbdb6a8b44b88a29cd0b4487ec51ccb4661c61d68ae1b8ec5a9a2b7d1f38236fef0a36052f885d5db8621658,gx-no-cache=1495733375378 HTTP/1.1" 200 30
186.79.141.15 - - [25/May/2017:14:29:34 -0300] "POST /cormun/servlet/trsolicitudgral?ce3dfb98c79fac23fe59b2069dde3694,gx-no-cache=1495732744952,gx-no-cache=1495733429550 HTTP/1.1" 200 4927
192.168.10.96 - - [25/May/2017:14:29:39 -0300] "POST /cormun/servlet/solicitudot?1c0acd5ca4c657ceb64420541e10bce0,UPD,2017,6635,,gx-no-cache=1495733383363 HTTP/1.1" 200 93
192.168.10.96 - - [25/May/2017:14:29:39 -0300] "GET /cormun/servlet/hpexe_return? HTTP/1.1" 200 1016
192.168.10.96 - - [25/May/2017:14:29:39 -0300] "GET /cormun/servlet/trsolicitudot HTTP/1.1" 200 8707
192.168.10.96 - - [25/May/2017:14:29:39 -0300] "GET /cormun/servlet/trsolicitudot HTTP/1.1" 200 8704
186.79.141.15 - - [25/May/2017:14:29:40 -0300] "POST /cormun/servlet/trsolicitudgral?ce3dfb98c79fac23fe59b2069dde3694,gx-no-cache=1495732744952,gx-no-cache=1495733436134 HTTP/1.1" 200 4723
186.79.141.15 - - [25/May/2017:14:29:44 -0300] "POST /cormun/servlet/trsolicitudgral?ce3dfb98c79fac23fe59b2069dde3694,gx-no-cache=1495732744952,gx-no-cache=1495733439927 HTTP/1.1" 200 4724
192.168.10.96 - - [25/May/2017:14:29:45 -0300] "POST /cormun/servlet/trsolicitudot?1c0acd5ca4c657ceb64420541e10bce0,gx-no-cache=1495733390180 HTTP/1.1" 200 5482
192.168.10.96 - - [25/May/2017:14:29:45 -0300] "GET /cormun/static/Shared/jqueryui/images/ui-bg_highlight-soft_100_c6c2c8_1x100.png HTTP/1.1" 404 1117
192.168.10.96 - - [25/May/2017:14:29:45 -0300] "GET /cormun/static/Shared/jqueryui/images/ui-icons_82798d_256x240.png HTTP/1.1" 404 1089
192.168.10.96 - - [25/May/2017:14:29:45 -0300] "GET /cormun/static/Shared/jqueryui/images/ui-icons_8d78a5_256x240.png HTTP/1.1" 404 1089
192.168.10.96 - - [25/May/2017:14:29:45 -0300] "GET /cormun/static/Shared/jqueryui/images/ui-bg_flat_55_fafafa_40x100.png HTTP/1.1" 404 1097
192.168.10.96 - - [25/May/2017:14:29:45 -0300] "POST /cormun/servlet/trsolicitudot?1c0acd5ca4c657ceb64420541e10bce0,gx-no-cache=1495733390392 HTTP/1.1" 200 5423
192.168.10.96 - - [25/May/2017:14:29:48 -0300] "GET /cormun/servlet/trautorizarsolicitud? HTTP/1.1" 200 8156
192.168.10.96 - - [25/May/2017:14:29:48 -0300] "GET /cormun/static/gxcfg.js?2017259112829 HTTP/1.1" 304 -
192.168.10.96 - - [25/May/2017:14:29:48 -0300] "GET /cormun/static/trautorizarsolicitud.js?2017259113483 HTTP/1.1" 304 -
192.168.10.96 - - [25/May/2017:14:29:48 -0300] "GET /cormun/servlet/trautorizarsolicitud? HTTP/1.1" 200 8156
186.79.141.15 - - [25/May/2017:14:29:48 -0300] "POST /cormun/servlet/trsolicitudgral?ce3dfb98c79fac23fe59b2069dde3694,gx-no-cache=1495732744952,gx-no-cache=1495733444075 HTTP/1.1" 200 6391
192.168.10.96 - - [25/May/2017:14:29:53 -0300] "POST /cormun/servlet/trautorizarsolicitud?1c0acd5ca4c657ceb64420541e10bce0,,gx-no-cache=1495733397866 HTTP/1.1" 200 4325
192.168.10.96 - - [25/May/2017:14:29:53 -0300] "GET /cormun/static/Shared/jqueryui/images/ui-icons_82798d_256x240.png HTTP/1.1" 404 1089
192.168.10.96 - - [25/May/2017:14:29:53 -0300] "GET /cormun/static/Shared/jqueryui/images/ui-bg_highlight-soft_100_c6c2c8_1x100.png HTTP/1.1" 404 1117
192.168.10.96 - - [25/May/2017:14:29:53 -0300] "GET /cormun/static/Shared/jqueryui/images/ui-bg_flat_55_fafafa_40x100.png HTTP/1.1" 404 1097
192.168.10.96 - - [25/May/2017:14:29:53 -0300] "GET /cormun/static/Shared/jqueryui/images/ui-icons_8d78a5_256x240.png HTTP/1.1" 404 1089
192.168.10.96 - - [25/May/2017:14:29:53 -0300] "POST /cormun/servlet/trautorizarsolicitud?1c0acd5ca4c657ceb64420541e10bce0,,gx-no-cache=1495733398012 HTTP/1.1" 200 4104
186.79.141.15 - - [25/May/2017:14:29:58 -0300] "GET /cormun/servlet/vesolicitudgral?2017,6434,, HTTP/1.1" 200 8267
186.79.141.15 - - [25/May/2017:14:29:58 -0300] "GET /cormun/pexe_scrolldiv.js HTTP/1.1" 404 1009
186.79.141.15 - - [25/May/2017:14:29:59 -0300] "GET /cormun/servlet/vesolicitudgral?2017,6434,, HTTP/1.1" 200 8245
192.168.10.96 - - [25/May/2017:14:30:03 -0300] "GET /cormun/servlet/hlogin HTTP/1.1" 200 1749
186.79.141.15 - - [25/May/2017:14:30:08 -0300] "POST /cormun/servlet/vesolicitudgral?ce3dfb98c79fac23fe59b2069dde3694,2017,6434,,,gx-no-cache=1495733463151 HTTP/1.1" 200 107
186.79.141.15 - - [25/May/2017:14:30:08 -0300] "GET /cormun/servlet/solicitudgral?UPD,2017,6434, HTTP/1.1" 200 11662
186.79.141.15 - - [25/May/2017:14:30:08 -0300] "GET /cormun/static/gxcfg.js?2017261155185 HTTP/1.1" 200 953
186.79.141.15 - - [25/May/2017:14:30:08 -0300] "GET /cormun/static/solicitudgral.js?2017261155246 HTTP/1.1" 200 38261
186.79.141.15 - - [25/May/2017:14:30:09 -0300] "GET /cormun/servlet/solicitudgral?UPD,2017,6434, HTTP/1.1" 200 11662
186.79.141.15 - - [25/May/2017:14:30:10 -0300] "POST /cormun/servlet/solicitudgral?gx-no-cache=1495733465352 HTTP/1.1" 200 3185
186.79.141.15 - - [25/May/2017:14:30:10 -0300] "GET /cormun/servlet/solicitudgral?08326e3fc6e42eb4f2a1082f7d95876ebc17b7b98d1817678d48fb660c6b2ca718b82bf5315bcb086286c06d58c28713466fe3b90272fe5caf420400d9dc1f445d5afffe4a50937eab5778a09d6314a62c533dfd386e00265d9178ac641dc8a1ff123e45b66d49a68c209c444fe719f9abb2fefbfabdd8a0dd578961b4bec4ca815947be31c7274eca9ece74cb63f5d16dc1271c04d44fcd4b5cd67cfb7cdf4663b9456b14b2d59f9248fe17c54d0ed2e265c78d1b9e509cb755c622f43cd4e7d553602d35830f4bba2636e6b3a9c8836d0d1e76cd0760bd7512172ee8d3d469509193b192a6c74014531e790530e3f3216c128b0cedfb33805657d3d05e68050d527647040b27a920db22cc1c040a1258a71d444d6a12f4ef57cd19f5be203d7fb55f68673023d9597e728435ed06b4c359256118dbada50157ad785d950e10a8c931d9206e14de5ba38c340558d7e0,gx-no-cache=1495733465526 HTTP/1.1" 200 257
186.103.159.46 - - [25/May/2017:14:30:13 -0300] "GET /cormun/servlet/solicitudotadjuntos?INS,2017,6633,,1, HTTP/1.1" 200 5823
186.103.159.46 - - [25/May/2017:14:30:15 -0300] "GET /cormun/static/about:blank HTTP/1.1" 404 1011
186.103.159.46 - - [25/May/2017:14:30:15 -0300] "GET /cormun/servlet/solicitudotadjuntos?INS,2017,6633,,1, HTTP/1.1" 200 5817
186.103.159.46 - - [25/May/2017:14:30:15 -0300] "GET /cormun/servlet/solicitudotadjuntos?a819b08bf7a79b87e298bc118b05ce46c962d4b10998d521579674b4ea1b7ea496f6e0c8f6bf487b6fcb141ab7911f05,gx-no-cache=1495733472165 HTTP/1.1" 200 30
186.103.159.46 - - [25/May/2017:14:30:15 -0300] "POST /cormun/servlet/solicitudotadjuntos?35db0a2a51f5f9b17f17a0bbc2e549b6,INS,2017,6633,,1,,gx-no-cache=1495733472250 HTTP/1.1" 200 3641
186.79.141.15 - - [25/May/2017:14:30:18 -0300] "GET /cormun/servlet/solicitudgral?08326e3fc6e42eb4f2a1082f7d95876e65801cfee8203d171c54aae6de3a3945d4b08aa0aac5cfb6727e65c8a92b399093f5ad32c0055d59787ed4a6d79a2aa324cacf4a988f9823e99eed2b6f838a1e5b1df6ec5ac259b553dda92db3974bb0ab6e7186bb8750c1bca3eef2ef6a36507c6e83da49868690e4ad2d9de063e88163b42e5e9757bac796beb87a2721acaa1e1cdcb944a53a16ede164a8197d12e73173a12941e81e1666a0618a9896e3d5b0fef583bfb64ba33ef033d0adff76223b53cea1231631b320bb7113cb2a94ae89b4a38a6e4d403ff358ccc46831f55ce081c2575f95b78e874d13a5a1f61f9763a21297aa4355c1b7d09d151a93da4c9b7f4d10e94f64d8ac2bb936e4a2aea1e90d99cb1d96775705272bdbf7e5edbb23ed1bb1bb49bf5243229d9fbb8d70bd718acaaf9426d25a06ebf5ef0c031a005890329a50bbd81697f342c53b974753dcc82a128fe2b4b1cea04385915c4a1880e457bbcdf30ba04f2478fa0addebcc7ccfca46f1837264f7682855bd224a8f6451d98d0a53e0d9893d4a485956b7791dcb5b1a4fffda48420db9f0cb5c67509cfaffde2b6cef1d759ec7116e5a54909cdecd855f561531f0d9733ebbf3b2c5ef0ae9c9ecb37ee1759b9e650813f65073354bedf570ef7bf44da6fe01282d880cbae9517f02a47c204999c9c32d01241dcb5b1a4fffda48420db9f0cb5c67504a289228a51d21e76f48a350b92973d3f17dcd02b0643e1a44ea174ec649077ac0c0b7ddf06e14a3a3ce2f1476021c94941e900230ef5c71f82eda50d9ec20dd,gx-no-cache=1495733473593 HTTP/1.1" 200 48
192.168.10.96 - - [25/May/2017:14:30:18 -0300] "POST /cormun/servlet/hlogin?1c0acd5ca4c657ceb64420541e10bce0,gx-no-cache=1495733422855 HTTP/1.1" 200 90
192.168.10.96 - - [25/May/2017:14:30:18 -0300] "GET /cormun/servlet/hpexe_link HTTP/1.1" 200 954
192.168.10.96 - - [25/May/2017:14:30:18 -0300] "GET /cormun/servlet/hhome HTTP/1.1" 200 4303
192.168.10.96 - - [25/May/2017:14:30:18 -0300] "GET /cormun/servlet/hhome HTTP/1.1" 200 4300
186.103.159.46 - - [25/May/2017:14:30:20 -0300] "POST /cormun/servlet/solicitudotadjuntos?gx-no-cache=1495733477103 HTTP/1.1" 200 26
192.168.10.96 - - [25/May/2017:14:30:21 -0300] "GET /cormun/servlet/trsolicitudgral? HTTP/1.1" 200 11194
186.79.141.15 - - [25/May/2017:14:30:21 -0300] "POST /cormun/servlet/solicitudgral?ce3dfb98c79fac23fe59b2069dde3694,UPD,2017,6434,,gx-no-cache=1495733476636 HTTP/1.1" 200 10282
186.79.141.15 - - [25/May/2017:14:30:21 -0300] "GET /cormun/servlet/solicitudgral?08326e3fc6e42eb4f2a1082f7d95876ef3b0caebdbffc51881c0b76287427ecccaa93e5d1f533eb38504891ccd09ec85ed92984df4a73bd162ca9e17775a77b72e600d68beda3c29c312607accb17e287cd8e124d77d65f9198ae3947ec59c22265fc17f9ebe1b7901fbefe9768e67ff1bed54e4cf958ca211d9210f58ee2e8e12af3d3d67334b5efe337fd8b87ad0adef5993a5df44e533ae80aeec7985026f,gx-no-cache=1495733476931 HTTP/1.1" 200 29
186.79.141.15 - - [25/May/2017:14:30:21 -0300] "POST /cormun/servlet/solicitudgral?gx-no-cache=1495733477008 HTTP/1.1" 200 1255
192.168.10.96 - - [25/May/2017:14:30:21 -0300] "GET /cormun/servlet/trsolicitudgral? HTTP/1.1" 200 11192
186.79.141.15 - - [25/May/2017:14:30:21 -0300] "POST /cormun/servlet/solicitudgral?gx-no-cache=1495733477092 HTTP/1.1" 200 1159
186.79.141.15 - - [25/May/2017:14:30:21 -0300] "POST /cormun/servlet/solicitudgral?ce3dfb98c79fac23fe59b2069dde3694,UPD,2017,6434,,gx-no-cache=1495733477174 HTTP/1.1" 200 93
186.79.141.15 - - [25/May/2017:14:30:22 -0300] "GET /cormun/servlet/hpexe_return? HTTP/1.1" 200 1015
186.79.141.15 - - [25/May/2017:14:30:22 -0300] "GET /cormun/servlet/vesolicitudgral?2017,6434,, HTTP/1.1" 200 8251
186.79.141.15 - - [25/May/2017:14:30:22 -0300] "GET /cormun/pexe_scrolldiv.js HTTP/1.1" 404 1009
186.79.141.15 - - [25/May/2017:14:30:23 -0300] "GET /cormun/servlet/vesolicitudgral?2017,6434,, HTTP/1.1" 200 8247
186.103.159.46 - - [25/May/2017:14:30:34 -0300] "GET /cormun/servlet/solicitudotadjuntos?a819b08bf7a79b87e298bc118b05ce46b0248ffeed4bdc2688703a8317bb99cd,gx-no-cache=1495733490808 HTTP/1.1" 200 30
186.103.159.46 - - [25/May/2017:14:30:34 -0300] "GET /cormun/servlet/solicitudotadjuntos?a819b08bf7a79b87e298bc118b05ce46b0248ffeed4bdc2688703a8317bb99cd,gx-no-cache=1495733490889 HTTP/1.1" 200 30
186.103.159.46 - - [25/May/2017:14:30:35 -0300] "POST /cormun/servlet/solicitudotadjuntos?35db0a2a51f5f9b17f17a0bbc2e549b6,INS,2017,6633,,1, HTTP/1.1" 200 116
186.103.159.46 - - [25/May/2017:14:30:35 -0300] "GET /cormun/servlet/hpexe_return? HTTP/1.1" 200 1028
186.103.159.46 - - [25/May/2017:14:30:35 -0300] "GET /cormun/servlet/trsolicitudadjuntos?2017,6633, HTTP/1.1" 200 8626
186.103.159.46 - - [25/May/2017:14:30:37 -0300] "GET /cormun/servlet/trsolicitudadjuntos?2017,6633, HTTP/1.1" 200 8624
186.103.159.46 - - [25/May/2017:14:30:40 -0300] "GET /cormun/servlet/solicitudotadjuntos?INS,2017,6633,,1, HTTP/1.1" 200 5823
186.103.159.46 - - [25/May/2017:14:30:40 -0300] "GET /cormun/static/about:blank HTTP/1.1" 404 1011
186.103.159.46 - - [25/May/2017:14:30:41 -0300] "GET /cormun/servlet/solicitudotadjuntos?INS,2017,6633,,1, HTTP/1.1" 200 5817
186.103.159.46 - - [25/May/2017:14:30:42 -0300] "GET /cormun/servlet/solicitudotadjuntos?a819b08bf7a79b87e298bc118b05ce46c962d4b10998d521579674b4ea1b7ea496f6e0c8f6bf487b6fcb141ab7911f05,gx-no-cache=1495733498544 HTTP/1.1" 200 30
186.103.159.46 - - [25/May/2017:14:30:42 -0300] "POST /cormun/servlet/solicitudotadjuntos?35db0a2a51f5f9b17f17a0bbc2e549b6,INS,2017,6633,,1,,gx-no-cache=1495733498602 HTTP/1.1" 200 3641
192.168.10.96 - - [25/May/2017:14:30:47 -0300] "POST /cormun/servlet/trsolicitudgral?1c0acd5ca4c657ceb64420541e10bce0,,gx-no-cache=1495733451779 HTTP/1.1" 200 6756
192.168.10.96 - - [25/May/2017:14:30:51 -0300] "POST /cormun/servlet/trsolicitudgral?1c0acd5ca4c657ceb64420541e10bce0,,gx-no-cache=1495733456163 HTTP/1.1" 200 6758
186.103.159.46 - - [25/May/2017:14:30:52 -0300] "POST /cormun/servlet/solicitudotadjuntos?gx-no-cache=1495733509241 HTTP/1.1" 200 26
192.168.10.96 - - [25/May/2017:14:31:03 -0300] "POST /cormun/servlet/trsolicitudgral?1c0acd5ca4c657ceb64420541e10bce0,,gx-no-cache=1495733467610 HTTP/1.1" 200 7504
186.103.159.46 - - [25/May/2017:14:31:08 -0300] "GET /cormun/servlet/solicitudotadjuntos?a819b08bf7a79b87e298bc118b05ce46b0248ffeed4bdc2688703a8317bb99cd,gx-no-cache=1495733524573 HTTP/1.1" 200 30
186.103.159.46 - - [25/May/2017:14:31:08 -0300] "GET /cormun/servlet/solicitudotadjuntos?a819b08bf7a79b87e298bc118b05ce46b0248ffeed4bdc2688703a8317bb99cd,gx-no-cache=1495733524657 HTTP/1.1" 200 30
186.103.159.46 - - [25/May/2017:14:31:09 -0300] "POST /cormun/servlet/solicitudotadjuntos?35db0a2a51f5f9b17f17a0bbc2e549b6,INS,2017,6633,,1, HTTP/1.1" 200 116
186.103.159.46 - - [25/May/2017:14:31:10 -0300] "GET /cormun/servlet/hpexe_return? HTTP/1.1" 200 1028
186.103.159.46 - - [25/May/2017:14:31:10 -0300] "GET /cormun/servlet/trsolicitudadjuntos?2017,6633, HTTP/1.1" 200 8816
192.168.10.96 - - [25/May/2017:14:31:11 -0300] "POST /cormun/servlet/trsolicitudgral?1c0acd5ca4c657ceb64420541e10bce0,,gx-no-cache=1495733475444 HTTP/1.1" 200 7175
192.168.10.96 - - [25/May/2017:14:31:11 -0300] "GET /cormun/static/Shared/jqueryui/images/ui-bg_highlight-soft_100_c6c2c8_1x100.png HTTP/1.1" 404 1117
192.168.10.96 - - [25/May/2017:14:31:11 -0300] "GET /cormun/static/Shared/jqueryui/images/ui-icons_82798d_256x240.png HTTP/1.1" 404 1089
192.168.10.96 - - [25/May/2017:14:31:11 -0300] "GET /cormun/static/Shared/jqueryui/images/ui-bg_flat_55_fafafa_40x100.png HTTP/1.1" 404 1097
192.168.10.96 - - [25/May/2017:14:31:11 -0300] "GET /cormun/static/Shared/jqueryui/images/ui-icons_8d78a5_256x240.png HTTP/1.1" 404 1089
186.103.159.46 - - [25/May/2017:14:31:11 -0300] "GET /cormun/servlet/trsolicitudadjuntos?2017,6633, HTTP/1.1" 200 8814
186.103.159.46 - - [25/May/2017:14:31:17 -0300] "GET /cormun/servlet/solicitudotadjuntos?INS,2017,6633,,1, HTTP/1.1" 200 5822
186.103.159.46 - - [25/May/2017:14:31:18 -0300] "GET /cormun/static/about:blank HTTP/1.1" 404 1011
186.103.159.46 - - [25/May/2017:14:31:19 -0300] "GET /cormun/servlet/solicitudotadjuntos?INS,2017,6633,,1, HTTP/1.1" 200 5816
186.103.159.46 - - [25/May/2017:14:31:19 -0300] "GET /cormun/servlet/solicitudotadjuntos?a819b08bf7a79b87e298bc118b05ce46c962d4b10998d521579674b4ea1b7ea496f6e0c8f6bf487b6fcb141ab7911f05,gx-no-cache=1495733536087 HTTP/1.1" 200 30
186.103.159.46 - - [25/May/2017:14:31:19 -0300] "POST /cormun/servlet/solicitudotadjuntos?35db0a2a51f5f9b17f17a0bbc2e549b6,INS,2017,6633,,1,,gx-no-cache=1495733536147 HTTP/1.1" 200 3641
186.103.159.46 - - [25/May/2017:14:31:31 -0300] "POST /cormun/servlet/solicitudotadjuntos?gx-no-cache=1495733547810 HTTP/1.1" 200 26
186.103.159.46 - - [25/May/2017:14:32:03 -0300] "GET /cormun/servlet/solicitudotadjuntos?a819b08bf7a79b87e298bc118b05ce46b0248ffeed4bdc2688703a8317bb99cd,gx-no-cache=1495733580158 HTTP/1.1" 200 30
186.103.159.46 - - [25/May/2017:14:32:03 -0300] "GET /cormun/servlet/solicitudotadjuntos?a819b08bf7a79b87e298bc118b05ce46b0248ffeed4bdc2688703a8317bb99cd,gx-no-cache=1495733580290 HTTP/1.1" 200 30
186.103.159.46 - - [25/May/2017:14:32:04 -0300] "POST /cormun/servlet/solicitudotadjuntos?35db0a2a51f5f9b17f17a0bbc2e549b6,INS,2017,6633,,1, HTTP/1.1" 200 116
186.103.159.46 - - [25/May/2017:14:32:04 -0300] "GET /cormun/servlet/hpexe_return? HTTP/1.1" 200 1028
186.103.159.46 - - [25/May/2017:14:32:05 -0300] "GET /cormun/servlet/trsolicitudadjuntos?2017,6633, HTTP/1.1" 200 9077
186.103.159.46 - - [25/May/2017:14:32:06 -0300] "GET /cormun/servlet/trsolicitudadjuntos?2017,6633, HTTP/1.1" 200 9075
200.86.10.241 - - [25/May/2017:14:32:17 -0300] "GET /cormun/servlet/hlogin HTTP/1.1" 200 1729
200.86.10.241 - - [25/May/2017:14:32:26 -0300] "POST /cormun/servlet/hlogin?3013d9e4c1ceac6d53a9a8ac94d98f00,gx-no-cache=1495733602519 HTTP/1.1" 200 90
200.86.10.241 - - [25/May/2017:14:32:26 -0300] "GET /cormun/servlet/hpexe_link HTTP/1.1" 200 955
200.86.10.241 - - [25/May/2017:14:32:26 -0300] "GET /cormun/static/hpexe_link.js?201731711483384 HTTP/1.1" 200 625
186.103.159.188 - - [25/May/2017:14:32:26 -0300] "GET /cormun/servlet/hhome HTTP/1.1" 200 3784
186.103.159.188 - - [25/May/2017:14:32:26 -0300] "GET /cormun/servlet/hhome HTTP/1.1" 200 3781
186.103.159.188 - - [25/May/2017:14:32:29 -0300] "GET /cormun/servlet/trpermisosgoce? HTTP/1.1" 200 7643
186.103.159.188 - - [25/May/2017:14:32:30 -0300] "GET /cormun/servlet/trpermisosgoce? HTTP/1.1" 200 7642
186.103.159.188 - - [25/May/2017:14:32:44 -0300] "GET /cormun/servlet/permisogoce?INS,0,,, HTTP/1.1" 200 6553
186.103.159.188 - - [25/May/2017:14:32:45 -0300] "GET /cormun/servlet/permisogoce?INS,0,,, HTTP/1.1" 200 6552
186.103.159.188 - - [25/May/2017:14:32:53 -0300] "GET /cormun/servlet/prfichaempleado?,MD,,gxPopupLevel%3D0%3B HTTP/1.1" 200 8795
186.103.159.188 - - [25/May/2017:14:33:03 -0300] "POST /cormun/servlet/prfichaempleado?3013d9e4c1ceac6d53a9a8ac94d98f00,,MD,,gxPopupLevel%3D0%3B,gx-no-cache=1495733639257 HTTP/1.1" 200 3406
186.103.159.188 - - [25/May/2017:14:33:06 -0300] "GET /cormun/servlet/permisogoce?8f03539d4790780abe26418699ab11f6d9d2e63416f5d29e978a2a6c8a2f861e4683cd1cb00a5c67d8f96044d9e1569e,gx-no-cache=1495733642876 HTTP/1.1" 200 65
186.103.159.188 - - [25/May/2017:14:33:06 -0300] "GET /cormun/static/menuarrow.gif HTTP/1.1" 404 1015
186.103.159.188 - - [25/May/2017:14:33:15 -0300] "GET /cormun/servlet/permisogoce?8f03539d4790780abe26418699ab11f6ce33e4261c54644a843fe777e5a3beac4c6f7392cfe88f816e4924cec59e4c28d5e108f75dbac5afa683dc90c2e57443,gx-no-cache=1495733652068 HTTP/1.1" 200 47
186.103.159.188 - - [25/May/2017:14:33:21 -0300] "POST /cormun/servlet/permisogoce?3013d9e4c1ceac6d53a9a8ac94d98f00,INS,0,,,,gx-no-cache=1495733657481 HTTP/1.1" 200 93
186.103.159.188 - - [25/May/2017:14:33:21 -0300] "GET /cormun/servlet/hpexe_return? HTTP/1.1" 200 1012
186.103.159.188 - - [25/May/2017:14:33:21 -0300] "GET /cormun/servlet/trpermisosgoce HTTP/1.1" 200 7846
186.103.159.188 - - [25/May/2017:14:33:22 -0300] "GET /cormun/servlet/trpermisosgoce HTTP/1.1" 200 7842
186.103.159.188 - - [25/May/2017:14:33:26 -0300] "GET /cormun/servlet/apermisogoceprn?15541956,P,20170525143325,PU HTTP/1.1" 200 1642
186.103.159.46 - - [25/May/2017:14:35:57 -0300] "GET /cormun/servlet/solicitudotadjuntos?INS,2017,6633,,2, HTTP/1.1" 200 5821
186.103.159.46 - - [25/May/2017:14:35:58 -0300] "GET /cormun/static/about:blank HTTP/1.1" 404 1011
186.103.159.46 - - [25/May/2017:14:35:59 -0300] "GET /cormun/servlet/solicitudotadjuntos?INS,2017,6633,,2, HTTP/1.1" 200 5815
186.103.159.46 - - [25/May/2017:14:36:00 -0300] "GET /cormun/servlet/solicitudotadjuntos?a819b08bf7a79b87e298bc118b05ce46c962d4b10998d521579674b4ea1b7ea496f6e0c8f6bf487b6fcb141ab7911f05,gx-no-cache=1495733816443 HTTP/1.1" 200 30
186.103.159.46 - - [25/May/2017:14:36:00 -0300] "POST /cormun/servlet/solicitudotadjuntos?35db0a2a51f5f9b17f17a0bbc2e549b6,INS,2017,6633,,2,,gx-no-cache=1495733816512 HTTP/1.1" 200 3854
186.103.159.46 - - [25/May/2017:14:36:54 -0300] "POST /cormun/servlet/solicitudotadjuntos?35db0a2a51f5f9b17f17a0bbc2e549b6,INS,2017,6633,,2,,gx-no-cache=1495733870346 HTTP/1.1" 200 93
186.103.159.46 - - [25/May/2017:14:36:54 -0300] "GET /cormun/servlet/hpexe_return? HTTP/1.1" 200 1028
186.103.159.46 - - [25/May/2017:14:36:54 -0300] "GET /cormun/servlet/trsolicitudadjuntos?2017,6633, HTTP/1.1" 200 9075
186.103.159.46 - - [25/May/2017:14:36:56 -0300] "GET /cormun/servlet/trsolicitudadjuntos?2017,6633, HTTP/1.1" 200 9074
