186.79.94.154 - - [25/May/2017:09:57:08 -0300] "POST /cormun/servlet/permisogoce?ddff4f46c112a1ef336e093cb8041657,DLT,12516844,P,20170524155144,,gx-no-cache=1495717085971 HTTP/1.1" 200 4386
186.103.159.204 - - [25/May/2017:09:57:08 -0300] "GET /cormun/servlet/trsolicitudot? HTTP/1.1" 200 6970
186.103.159.204 - - [25/May/2017:09:57:09 -0300] "GET /cormun/servlet/trsolicitudot? HTTP/1.1" 200 6969
186.79.94.154 - - [25/May/2017:09:57:18 -0300] "POST /cormun/servlet/permisogoce?ddff4f46c112a1ef336e093cb8041657,DLT,12516844,P,20170524155144,,gx-no-cache=1495717096587 HTTP/1.1" 200 93
186.79.94.154 - - [25/May/2017:09:57:19 -0300] "GET /cormun/servlet/hpexe_return? HTTP/1.1" 200 1027
192.168.10.89 - - [25/May/2017:09:57:19 -0300] "GET /cormun/servlet/trrenunciasadjuntos?53,13302239, HTTP/1.1" 200 6872
186.79.94.154 - - [25/May/2017:09:57:19 -0300] "GET /cormun/servlet/trpermisosgoce HTTP/1.1" 200 7666
192.168.10.89 - - [25/May/2017:09:57:19 -0300] "GET /cormun/PublicTempStorage/renuncia_betzabeth_duarte2637012.pdf HTTP/1.1" 200 324291
186.79.94.154 - - [25/May/2017:09:57:20 -0300] "GET /cormun/servlet/trpermisosgoce HTTP/1.1" 200 7662
192.168.10.89 - - [25/May/2017:09:57:22 -0300] "POST /cormun/servlet/trrenunciasadjuntos?f254191f422318dde6819bccac7ea1b9,53,13302239,,gx-no-cache=1495717046599 HTTP/1.1" 200 90
192.168.10.89 - - [25/May/2017:09:57:22 -0300] "GET /cormun/servlet/hpexe_link HTTP/1.1" 200 978
192.168.10.89 - - [25/May/2017:09:57:22 -0300] "GET /cormun/servlet/trrenunciasgenerales? HTTP/1.1" 200 11229
186.103.159.204 - - [25/May/2017:09:57:23 -0300] "GET /cormun/servlet/trpermisosgoce? HTTP/1.1" 200 6760
186.103.159.204 - - [25/May/2017:09:57:23 -0300] "GET /cormun/servlet/trpermisosgoce? HTTP/1.1" 200 6760
186.103.159.204 - - [25/May/2017:09:57:25 -0300] "GET /cormun/static/menuarrow.gif HTTP/1.1" 404 1015
186.103.159.204 - - [25/May/2017:09:57:32 -0300] "POST /cormun/servlet/trpermisosgoce?3354c4d4bbe1eda29e096ec4750918a1,,gx-no-cache=1495717107290 HTTP/1.1" 200 4920
186.79.94.154 - - [25/May/2017:09:57:41 -0300] "GET /cormun/servlet/permisogoce?UPD,12516844,P,20170524155144, HTTP/1.1" 200 6885
186.79.94.154 - - [25/May/2017:09:57:42 -0300] "GET /cormun/servlet/permisogoce?UPD,12516844,P,20170524155144, HTTP/1.1" 200 6887
186.79.94.154 - - [25/May/2017:09:57:43 -0300] "GET /cormun/servlet/permisogoce?3ec9861271428e56e16cb040798c107659b5830067688b0cbe2de6bf64cd8f41a68429a26cde9dff03a6412c1e3fa926,gx-no-cache=1495717121055 HTTP/1.1" 200 72
186.103.157.42 - - [25/May/2017:09:57:43 -0300] "GET /cormun/servlet/trlicencias? HTTP/1.1" 200 6932
186.103.157.42 - - [25/May/2017:09:57:44 -0300] "GET /cormun/servlet/trlicencias? HTTP/1.1" 200 6931
186.103.157.42 - - [25/May/2017:09:57:48 -0300] "GET /cormun/servlet/licenciaspermisos?INS,0,,, HTTP/1.1" 200 7459
186.103.157.42 - - [25/May/2017:09:57:48 -0300] "GET /cormun/static/gxcfg.js?201741111445322 HTTP/1.1" 200 953
186.103.157.42 - - [25/May/2017:09:57:49 -0300] "GET /cormun/servlet/licenciaspermisos?INS,0,,, HTTP/1.1" 200 7467
192.168.10.96 - - [25/May/2017:09:57:57 -0300] "GET /cormun/servlet/wbconsulta? HTTP/1.1" 200 5212
186.79.94.154 - - [25/May/2017:09:57:57 -0300] "GET /cormun/static/menuarrow.gif HTTP/1.1" 404 1015
192.168.10.96 - - [25/May/2017:09:57:57 -0300] "GET /cormun/servlet/wbconsulta? HTTP/1.1" 200 5193
186.103.159.204 - - [25/May/2017:09:58:02 -0300] "GET /cormun/servlet/apermisogoceprn?17235035,P,20170410124617,PU HTTP/1.1" 200 1668
192.168.10.89 - - [25/May/2017:09:58:03 -0300] "POST /cormun/servlet/trrenunciasgenerales?f254191f422318dde6819bccac7ea1b9,,gx-no-cache=1495717087568 HTTP/1.1" 200 6285
192.168.10.96 - - [25/May/2017:09:58:03 -0300] "POST /cormun/servlet/wbconsulta?715eb4127b41642549705f05123fc27a,,gx-no-cache=1495717088154 HTTP/1.1" 200 104
192.168.10.96 - - [25/May/2017:09:58:03 -0300] "GET /cormun/servlet/vevisualizador?2017,6334, HTTP/1.1" 200 8605
192.168.10.96 - - [25/May/2017:09:58:03 -0300] "GET /cormun/pexe_scrolldiv.js HTTP/1.1" 404 1009
192.168.10.96 - - [25/May/2017:09:58:03 -0300] "GET /cormun/pexe_scrolldiv.js HTTP/1.1" 404 1009
192.168.10.96 - - [25/May/2017:09:58:04 -0300] "GET /cormun/servlet/vevisualizador?2017,6334, HTTP/1.1" 200 8605
186.79.94.154 - - [25/May/2017:09:58:04 -0300] "GET /cormun/servlet/permisogoce?3ec9861271428e56e16cb040798c1076d2870a04722b6fe038e1adccbc2228049159b5c3ba4ec6c31dc1fdffe3063ffe26295fe8aa3409be31d83a5b8f14f42f7711076cb36b1ab6101959147ed019fe,gx-no-cache=1495717141805 HTTP/1.1" 200 48
192.168.10.96 - - [25/May/2017:09:58:05 -0300] "GET /cormun/servlet/vevisualizador?2017,6334,,SolicitudOTAdjuntos HTTP/1.1" 200 10472
192.168.10.96 - - [25/May/2017:09:58:05 -0300] "GET /cormun/pexe_scrolldiv.js HTTP/1.1" 404 1009
192.168.10.96 - - [25/May/2017:09:58:05 -0300] "GET /cormun/pexe_scrolldiv.js HTTP/1.1" 404 1009
192.168.10.96 - - [25/May/2017:09:58:05 -0300] "GET /cormun/servlet/vevisualizador?2017,6334,,SolicitudOTAdjuntos HTTP/1.1" 200 10476
192.168.10.96 - - [25/May/2017:09:58:06 -0300] "POST /cormun/servlet/acontrolpreferencessavestate?None,DZAMUDIO,true HTTP/1.1" 200 35
192.168.10.89 - - [25/May/2017:09:58:07 -0300] "POST /cormun/servlet/trrenunciasgenerales?f254191f422318dde6819bccac7ea1b9,,gx-no-cache=1495717092405 HTTP/1.1" 200 8996
186.79.94.154 - - [25/May/2017:09:58:10 -0300] "POST /cormun/servlet/permisogoce?ddff4f46c112a1ef336e093cb8041657,UPD,12516844,P,20170524155144,,gx-no-cache=1495717147603 HTTP/1.1" 200 4393
186.79.94.154 - - [25/May/2017:09:58:10 -0300] "GET /cormun/static/Shared/jqueryui/images/ui-bg_highlight-soft_100_c6c2c8_1x100.png HTTP/1.1" 404 1117
186.79.94.154 - - [25/May/2017:09:58:10 -0300] "GET /cormun/static/Shared/jqueryui/images/ui-icons_82798d_256x240.png HTTP/1.1" 404 1089
186.79.94.154 - - [25/May/2017:09:58:10 -0300] "GET /cormun/static/Shared/jqueryui/images/ui-bg_flat_55_994d53_40x100.png HTTP/1.1" 404 1097
186.79.94.154 - - [25/May/2017:09:58:10 -0300] "GET /cormun/static/Shared/jqueryui/images/ui-icons_ebccce_256x240.png HTTP/1.1" 404 1089
186.79.94.154 - - [25/May/2017:09:58:16 -0300] "POST /cormun/servlet/permisogoce?ddff4f46c112a1ef336e093cb8041657,UPD,12516844,P,20170524155144,,gx-no-cache=1495717153690 HTTP/1.1" 200 93
186.79.94.154 - - [25/May/2017:09:58:17 -0300] "GET /cormun/servlet/hpexe_return? HTTP/1.1" 200 1027
186.79.94.154 - - [25/May/2017:09:58:18 -0300] "GET /cormun/servlet/trpermisosgoce HTTP/1.1" 200 7666
186.79.94.154 - - [25/May/2017:09:58:20 -0300] "GET /cormun/servlet/trpermisosgoce HTTP/1.1" 200 7662
192.168.10.96 - - [25/May/2017:09:58:26 -0300] "GET /cormun/PublicTempStorage/ca.3802782.pdf HTTP/1.1" 200 68086
186.79.94.154 - - [25/May/2017:09:58:30 -0300] "GET /cormun/servlet/trpermisosgoce? HTTP/1.1" 200 7662
186.79.94.154 - - [25/May/2017:09:58:31 -0300] "GET /cormun/servlet/trpermisosgoce? HTTP/1.1" 200 7662
192.168.10.96 - - [25/May/2017:09:58:32 -0300] "GET /cormun/servlet/vevisualizador?2017,6334,,SolicitudOTAdjuntos HTTP/1.1" 200 10475
186.79.94.154 - - [25/May/2017:09:58:32 -0300] "GET /cormun/servlet/permisogoce?INS,0,,, HTTP/1.1" 200 6825
192.168.10.96 - - [25/May/2017:09:58:33 -0300] "GET /cormun/servlet/vevisualizador?2017,6334,,SolicitudOTAdjuntos HTTP/1.1" 200 10479
186.79.94.154 - - [25/May/2017:09:58:34 -0300] "GET /cormun/servlet/permisogoce?INS,0,,, HTTP/1.1" 200 6825
192.168.10.96 - - [25/May/2017:09:58:34 -0300] "POST /cormun/servlet/acontrolpreferencessavestate?None,DZAMUDIO,true HTTP/1.1" 200 35
192.168.10.96 - - [25/May/2017:09:58:37 -0300] "GET /cormun/PublicTempStorage/certificadoafphabitat_historico_%283%299009827.pdf HTTP/1.1" 200 61444
192.168.10.89 - - [25/May/2017:09:58:41 -0300] "POST /cormun/servlet/trrenunciasgenerales?f254191f422318dde6819bccac7ea1b9,,gx-no-cache=1495717125530 HTTP/1.1" 200 5632
192.168.10.96 - - [25/May/2017:09:58:43 -0300] "GET /cormun/servlet/vevisualizador?2017,6334,,SolicitudOTAdjuntos HTTP/1.1" 200 10476
192.168.10.89 - - [25/May/2017:09:58:43 -0300] "POST /cormun/servlet/trrenunciasgenerales?f254191f422318dde6819bccac7ea1b9,,gx-no-cache=1495717127775 HTTP/1.1" 200 5633
192.168.10.96 - - [25/May/2017:09:58:43 -0300] "GET /cormun/servlet/vevisualizador?2017,6334,,SolicitudOTAdjuntos HTTP/1.1" 200 10476
192.168.10.96 - - [25/May/2017:09:58:44 -0300] "POST /cormun/servlet/acontrolpreferencessavestate?None,DZAMUDIO,true HTTP/1.1" 200 35
192.168.10.96 - - [25/May/2017:09:58:46 -0300] "GET /cormun/PublicTempStorage/fonasa4669447.jpg HTTP/1.1" 200 390589
186.103.157.42 - - [25/May/2017:09:58:51 -0300] "GET /cormun/servlet/licenciaspermisos?c6d21214045075802ee3f1e73fb28dd0316e71fa07342bf3274eb482f7f6a503b6aecd49b65f446677bc8922040c65a6,gx-no-cache=1495717188408 HTTP/1.1" 200 65
186.103.157.42 - - [25/May/2017:09:58:51 -0300] "POST /cormun/servlet/licenciaspermisos?d15692ee10386aa89623cce3f742f28e,INS,0,,,,gx-no-cache=1495717188506 HTTP/1.1" 200 4628
192.168.10.96 - - [25/May/2017:09:58:51 -0300] "GET /cormun/servlet/vevisualizador?2017,6334,,SolicitudOTAdjuntos HTTP/1.1" 200 10472
192.168.10.96 - - [25/May/2017:09:58:52 -0300] "GET /cormun/servlet/vevisualizador?2017,6334,,SolicitudOTAdjuntos HTTP/1.1" 200 10475
192.168.10.96 - - [25/May/2017:09:58:52 -0300] "POST /cormun/servlet/acontrolpreferencessavestate?None,DZAMUDIO,true HTTP/1.1" 200 35
192.168.10.96 - - [25/May/2017:09:58:54 -0300] "GET /cormun/PublicTempStorage/ca.721113.pdf HTTP/1.1" 200 68086
192.168.10.96 - - [25/May/2017:09:59:01 -0300] "GET /cormun/servlet/vevisualizador?2017,6334,,SolicitudOTAdjuntos HTTP/1.1" 200 10475
192.168.10.96 - - [25/May/2017:09:59:01 -0300] "GET /cormun/servlet/vevisualizador?2017,6334,,SolicitudOTAdjuntos HTTP/1.1" 200 10475
192.168.10.96 - - [25/May/2017:09:59:02 -0300] "POST /cormun/servlet/acontrolpreferencessavestate?None,DZAMUDIO,true HTTP/1.1" 200 35
192.168.10.96 - - [25/May/2017:09:59:03 -0300] "GET /cormun/PublicTempStorage/curric.7111511.pdf HTTP/1.1" 200 97351
192.168.10.96 - - [25/May/2017:09:59:15 -0300] "GET /cormun/servlet/vevisualizador?2017,6334,,SolicitudOTAdjuntos HTTP/1.1" 200 10475
192.168.10.96 - - [25/May/2017:09:59:16 -0300] "GET /cormun/servlet/vevisualizador?2017,6334,,SolicitudOTAdjuntos HTTP/1.1" 200 10476
192.168.10.96 - - [25/May/2017:09:59:17 -0300] "POST /cormun/servlet/acontrolpreferencessavestate?None,DZAMUDIO,true HTTP/1.1" 200 35
192.168.10.89 - - [25/May/2017:09:59:36 -0300] "GET /cormun/servlet/trpermisosingocecormun? HTTP/1.1" 200 8730
192.168.10.89 - - [25/May/2017:09:59:37 -0300] "GET /cormun/static/gxcfg.js?201731711552690 HTTP/1.1" 304 -
192.168.10.89 - - [25/May/2017:09:59:37 -0300] "GET /cormun/static/trpermisosingocecormun.js?201731711553126 HTTP/1.1" 304 -
192.168.10.89 - - [25/May/2017:09:59:37 -0300] "GET /cormun/servlet/trpermisosingocecormun? HTTP/1.1" 200 8730
192.168.10.89 - - [25/May/2017:09:59:40 -0300] "GET /cormun/static/menuarrow.gif HTTP/1.1" 404 1015
192.168.10.89 - - [25/May/2017:09:59:43 -0300] "POST /cormun/servlet/trpermisosingocecormun?f254191f422318dde6819bccac7ea1b9,,gx-no-cache=1495717187809 HTTP/1.1" 200 6759
192.168.10.89 - - [25/May/2017:09:59:49 -0300] "POST /cormun/servlet/trpermisosingocecormun?f254191f422318dde6819bccac7ea1b9,,gx-no-cache=1495717193866 HTTP/1.1" 200 7136
192.168.10.89 - - [25/May/2017:09:59:55 -0300] "GET /cormun/servlet/trpermisosingoceadjunto?100,16252974, HTTP/1.1" 200 6979
192.168.10.89 - - [25/May/2017:09:59:55 -0300] "GET /cormun/static/trpermisosingoceadjunto.js?2016101716221846 HTTP/1.1" 304 -
192.168.10.89 - - [25/May/2017:09:59:55 -0300] "GET /cormun/PublicTempStorage/20170503_111232_macarena_5_s_goce7825374.jpg HTTP/1.1" 200 842495
192.168.10.89 - - [25/May/2017:09:59:57 -0300] "GET /cormun/PublicTempStorage/20170503_111232_macarena_5_s_goce7825374.jpg HTTP/1.1" 304 -
186.79.94.154 - - [25/May/2017:10:00:01 -0300] "GET /cormun/servlet/permisogoce?3ec9861271428e56e16cb040798c10760692c7e6e84914e5ee22038d801fb4adf6c3fa3e1f5b8782b53b111fc1a6e885,gx-no-cache=1495717258935 HTTP/1.1" 200 67
186.79.94.154 - - [25/May/2017:10:00:01 -0300] "GET /cormun/static/menuarrow.gif HTTP/1.1" 404 1015
186.79.94.154 - - [25/May/2017:10:00:12 -0300] "GET /cormun/servlet/permisogoce?3ec9861271428e56e16cb040798c1076f0383b3c60c2339c51a038a7d3162f476e598970a9c65edcc95e2717f39791d580f35be1123a457c2fffa37232cea806,gx-no-cache=1495717270864 HTTP/1.1" 200 48
186.79.94.154 - - [25/May/2017:10:00:20 -0300] "POST /cormun/servlet/permisogoce?ddff4f46c112a1ef336e093cb8041657,INS,0,,,,gx-no-cache=1495717278329 HTTP/1.1" 200 93
186.79.94.154 - - [25/May/2017:10:00:20 -0300] "GET /cormun/servlet/hpexe_return? HTTP/1.1" 200 1008
186.79.94.154 - - [25/May/2017:10:00:21 -0300] "GET /cormun/servlet/trpermisosgoce HTTP/1.1" 200 7920
186.79.94.154 - - [25/May/2017:10:00:22 -0300] "GET /cormun/servlet/trpermisosgoce HTTP/1.1" 200 7916
186.79.94.154 - - [25/May/2017:10:00:27 -0300] "GET /cormun/servlet/trpermisosadjuntos?10698611,20170525100025,P, HTTP/1.1" 200 6353
186.79.94.154 - - [25/May/2017:10:00:28 -0300] "GET /cormun/servlet/trpermisosadjuntos?10698611,20170525100025,P, HTTP/1.1" 200 6354
186.79.94.154 - - [25/May/2017:10:00:31 -0300] "GET /cormun/servlet/permisosadjuntos?INS,10698611,P,20170525100025,, HTTP/1.1" 200 5687
186.79.94.154 - - [25/May/2017:10:00:31 -0300] "GET /cormun/static/about:blank HTTP/1.1" 404 1011
186.79.94.154 - - [25/May/2017:10:00:32 -0300] "GET /cormun/servlet/permisosadjuntos?INS,10698611,P,20170525100025,, HTTP/1.1" 200 5677
186.79.94.154 - - [25/May/2017:10:00:53 -0300] "POST /cormun/servlet/permisosadjuntos?ddff4f46c112a1ef336e093cb8041657,INS,10698611,P,20170525100025,, HTTP/1.1" 200 116
186.79.94.154 - - [25/May/2017:10:00:53 -0300] "GET /cormun/servlet/hpexe_return? HTTP/1.1" 200 1034
186.79.94.154 - - [25/May/2017:10:00:54 -0300] "GET /cormun/servlet/trpermisosadjuntos?10698611,20170525100025,P, HTTP/1.1" 200 6800
186.79.94.154 - - [25/May/2017:10:00:55 -0300] "GET /cormun/servlet/trpermisosadjuntos?10698611,20170525100025,P, HTTP/1.1" 200 6798
186.79.94.154 - - [25/May/2017:10:00:58 -0300] "POST /cormun/servlet/trpermisosadjuntos?ddff4f46c112a1ef336e093cb8041657,10698611,20170525100025,P,,gx-no-cache=1495717315776 HTTP/1.1" 200 90
186.79.94.154 - - [25/May/2017:10:00:58 -0300] "GET /cormun/servlet/hpexe_link HTTP/1.1" 200 980
186.79.94.154 - - [25/May/2017:10:00:58 -0300] "GET /cormun/servlet/trpermisosgoce HTTP/1.1" 200 7918
186.79.246.29 - - [25/May/2017:10:00:58 -0300] "GET /cormun/servlet/hlogin HTTP/1.1" 200 1719
186.79.94.154 - - [25/May/2017:10:00:59 -0300] "GET /cormun/servlet/trpermisosgoce HTTP/1.1" 200 7916
186.79.94.154 - - [25/May/2017:10:01:16 -0300] "GET /cormun/servlet/permisogoce?DSP,10698611,P,20170525100025, HTTP/1.1" 200 6697
186.79.94.154 - - [25/May/2017:10:01:17 -0300] "GET /cormun/servlet/permisogoce?DSP,10698611,P,20170525100025, HTTP/1.1" 200 6699
192.168.10.89 - - [25/May/2017:10:01:17 -0300] "GET /cormun/servlet/trpermisosingoceadjunto?100,16252974, HTTP/1.1" 200 6979
192.168.10.89 - - [25/May/2017:10:01:18 -0300] "GET /cormun/PublicTempStorage/20170503_111232_macarena_5_s_goce9241307.jpg HTTP/1.1" 200 842495
186.79.246.29 - - [25/May/2017:10:01:19 -0300] "POST /cormun/servlet/hlogin?17d1bbee7688fa65d7619d6e382b08d9,gx-no-cache=1495717341530 HTTP/1.1" 200 90
186.79.246.29 - - [25/May/2017:10:01:19 -0300] "GET /cormun/servlet/hpexe_link HTTP/1.1" 200 951
186.79.246.29 - - [25/May/2017:10:01:20 -0300] "GET /cormun/servlet/hhome HTTP/1.1" 200 3799
192.168.10.89 - - [25/May/2017:10:01:20 -0300] "POST /cormun/servlet/trpermisosingoceadjunto?f254191f422318dde6819bccac7ea1b9,100,16252974,,gx-no-cache=1495717284828 HTTP/1.1" 200 90
192.168.10.89 - - [25/May/2017:10:01:20 -0300] "GET /cormun/servlet/hpexe_link HTTP/1.1" 200 980
186.79.94.154 - - [25/May/2017:10:01:20 -0300] "POST /cormun/servlet/permisogoce?ddff4f46c112a1ef336e093cb8041657,DSP,10698611,P,20170525100025,,gx-no-cache=1495717338301 HTTP/1.1" 200 90
192.168.10.89 - - [25/May/2017:10:01:20 -0300] "GET /cormun/servlet/trpermisosingocecormun? HTTP/1.1" 200 10095
186.79.94.154 - - [25/May/2017:10:01:20 -0300] "GET /cormun/servlet/hpexe_link HTTP/1.1" 200 980
186.79.94.154 - - [25/May/2017:10:01:20 -0300] "GET /cormun/servlet/trpermisosgoce HTTP/1.1" 200 7918
186.79.246.29 - - [25/May/2017:10:01:21 -0300] "GET /cormun/servlet/hhome HTTP/1.1" 200 3799
186.79.94.154 - - [25/May/2017:10:01:22 -0300] "GET /cormun/servlet/trpermisosgoce HTTP/1.1" 200 7916
186.79.246.29 - - [25/May/2017:10:01:24 -0300] "GET /cormun/servlet/trpermisosgoce? HTTP/1.1" 200 8011
186.79.246.29 - - [25/May/2017:10:01:25 -0300] "GET /cormun/servlet/trpermisosgoce? HTTP/1.1" 200 8007
192.168.10.89 - - [25/May/2017:10:01:31 -0300] "GET /cormun/servlet/trpermisosingoceadjunto?100,16252974, HTTP/1.1" 200 6979
192.168.10.89 - - [25/May/2017:10:01:31 -0300] "GET /cormun/PublicTempStorage/20170503_111232_macarena_5_s_goce7428698.jpg HTTP/1.1" 200 842495
186.79.94.154 - - [25/May/2017:10:01:33 -0300] "GET /cormun/servlet/trpermisosadjuntos?10698611,20170525100025,P, HTTP/1.1" 200 6797
192.168.10.89 - - [25/May/2017:10:01:33 -0300] "GET /cormun/PublicTempStorage/20170503_111232_macarena_5_s_goce7428698.jpg HTTP/1.1" 304 -
186.79.94.154 - - [25/May/2017:10:01:34 -0300] "GET /cormun/servlet/trpermisosadjuntos?10698611,20170525100025,P, HTTP/1.1" 200 6799
186.79.94.154 - - [25/May/2017:10:01:36 -0300] "GET /cormun/PublicTempStorage/joanna_moya3720102.pdf HTTP/1.1" 200 309465
192.168.10.89 - - [25/May/2017:10:01:40 -0300] "GET /cormun/servlet/trpermisosingoceadjunto?100,16252974, HTTP/1.1" 200 6979
192.168.10.89 - - [25/May/2017:10:01:40 -0300] "GET /cormun/PublicTempStorage/20170503_111232_macarena_5_s_goce1901952.jpg HTTP/1.1" 200 842495
192.168.10.89 - - [25/May/2017:10:01:42 -0300] "GET /cormun/PublicTempStorage/20170503_111232_macarena_5_s_goce1901952.jpg HTTP/1.1" 304 -
186.79.94.154 - - [25/May/2017:10:01:45 -0300] "GET /cormun/servlet/hlogin HTTP/1.1" 200 1719
186.79.246.29 - - [25/May/2017:10:01:48 -0300] "GET /cormun/servlet/permisogoce?DLT,16884573,P,20170523135633, HTTP/1.1" 200 6547
186.79.246.29 - - [25/May/2017:10:01:49 -0300] "GET /cormun/static/Shared/jqueryui/images/ui-icons_82798d_256x240.png HTTP/1.1" 404 1089
186.79.246.29 - - [25/May/2017:10:01:49 -0300] "GET /cormun/static/Shared/jqueryui/images/ui-bg_highlight-soft_100_c6c2c8_1x100.png HTTP/1.1" 404 1117
186.79.246.29 - - [25/May/2017:10:01:49 -0300] "GET /cormun/static/Shared/jqueryui/images/ui-icons_8d78a5_256x240.png HTTP/1.1" 404 1089
186.79.246.29 - - [25/May/2017:10:01:49 -0300] "GET /cormun/static/Shared/jqueryui/images/ui-bg_flat_55_fafafa_40x100.png HTTP/1.1" 404 1097
186.79.246.29 - - [25/May/2017:10:01:49 -0300] "GET /cormun/servlet/permisogoce?DLT,16884573,P,20170523135633, HTTP/1.1" 200 6548
186.79.94.154 - - [25/May/2017:10:01:55 -0300] "POST /cormun/servlet/hlogin?ddff4f46c112a1ef336e093cb8041657,gx-no-cache=1495717373150 HTTP/1.1" 200 90
186.79.94.154 - - [25/May/2017:10:01:55 -0300] "GET /cormun/servlet/hpexe_link HTTP/1.1" 200 980
186.79.94.154 - - [25/May/2017:10:01:55 -0300] "GET /cormun/servlet/trpermisosadjuntos?10698611,20170525100025,P, HTTP/1.1" 200 6798
186.79.94.154 - - [25/May/2017:10:01:57 -0300] "GET /cormun/servlet/trpermisosadjuntos?10698611,20170525100025,P, HTTP/1.1" 200 6799
186.79.94.154 - - [25/May/2017:10:02:01 -0300] "POST /cormun/servlet/trpermisosadjuntos?ddff4f46c112a1ef336e093cb8041657,10698611,20170525100025,P,,gx-no-cache=1495717379068 HTTP/1.1" 200 90
186.79.94.154 - - [25/May/2017:10:02:01 -0300] "GET /cormun/servlet/hpexe_link HTTP/1.1" 200 980
186.79.94.154 - - [25/May/2017:10:02:01 -0300] "GET /cormun/servlet/trpermisosgoce HTTP/1.1" 200 7918
186.79.94.154 - - [25/May/2017:10:02:02 -0300] "GET /cormun/servlet/trpermisosgoce HTTP/1.1" 200 7916
186.79.246.29 - - [25/May/2017:10:02:05 -0300] "GET /cormun/servlet/trpermisosgoce? HTTP/1.1" 200 8011
186.79.94.154 - - [25/May/2017:10:02:05 -0300] "GET /cormun/servlet/permisogoce?INS,0,,, HTTP/1.1" 200 6826
186.79.246.29 - - [25/May/2017:10:02:06 -0300] "GET /cormun/servlet/trpermisosgoce? HTTP/1.1" 200 8009
186.79.94.154 - - [25/May/2017:10:02:06 -0300] "GET /cormun/servlet/permisogoce?INS,0,,, HTTP/1.1" 200 6826
192.168.10.89 - - [25/May/2017:10:02:08 -0300] "GET /cormun/servlet/trpermisosingoceadjunto?100,16252974, HTTP/1.1" 200 6979
192.168.10.89 - - [25/May/2017:10:02:09 -0300] "GET /cormun/PublicTempStorage/20170503_111232_macarena_5_s_goce8160745.jpg HTTP/1.1" 200 842495
186.79.94.154 - - [25/May/2017:10:02:12 -0300] "GET /cormun/servlet/permisogoce?3ec9861271428e56e16cb040798c107659b5830067688b0cbe2de6bf64cd8f41f6c3fa3e1f5b8782b53b111fc1a6e885,gx-no-cache=1495717390381 HTTP/1.1" 200 72
186.79.94.154 - - [25/May/2017:10:02:13 -0300] "GET /cormun/static/menuarrow.gif HTTP/1.1" 404 1015
192.168.10.89 - - [25/May/2017:10:02:14 -0300] "GET /cormun/servlet/trpermisosingoceadjunto?100,16252974, HTTP/1.1" 200 6979
192.168.10.89 - - [25/May/2017:10:02:14 -0300] "GET /cormun/PublicTempStorage/20170503_111232_macarena_5_s_goce3244865.jpg HTTP/1.1" 200 842495
192.168.10.89 - - [25/May/2017:10:02:16 -0300] "POST /cormun/servlet/trpermisosingoceadjunto?f254191f422318dde6819bccac7ea1b9,100,16252974,,gx-no-cache=1495717341356 HTTP/1.1" 200 90
192.168.10.89 - - [25/May/2017:10:02:16 -0300] "GET /cormun/servlet/hpexe_link HTTP/1.1" 200 980
192.168.10.89 - - [25/May/2017:10:02:17 -0300] "GET /cormun/servlet/trpermisosingocecormun HTTP/1.1" 200 10095
186.79.94.154 - - [25/May/2017:10:02:23 -0300] "GET /cormun/servlet/permisogoce?3ec9861271428e56e16cb040798c1076d2870a04722b6fe038e1adccbc22280413222fac78d739a7a30078691924f9b980f35be1123a457c2fffa37232cea806,gx-no-cache=1495717401198 HTTP/1.1" 200 48
192.168.10.89 - - [25/May/2017:10:02:26 -0300] "GET /cormun/servlet/trpermisosingoceadjunto?97,11150723, HTTP/1.1" 200 6964
192.168.10.89 - - [25/May/2017:10:02:27 -0300] "GET /cormun/PublicTempStorage/20170502_120115_ema_1_sgoce7276909.jpg HTTP/1.1" 200 860707
192.168.10.89 - - [25/May/2017:10:02:29 -0300] "GET /cormun/PublicTempStorage/20170502_120115_ema_1_sgoce7276909.jpg HTTP/1.1" 304 -
186.79.94.154 - - [25/May/2017:10:02:34 -0300] "POST /cormun/servlet/permisogoce?ddff4f46c112a1ef336e093cb8041657,INS,0,,,,gx-no-cache=1495717412070 HTTP/1.1" 200 93
186.79.94.154 - - [25/May/2017:10:02:35 -0300] "GET /cormun/servlet/hpexe_return? HTTP/1.1" 200 1008
186.79.94.154 - - [25/May/2017:10:02:35 -0300] "GET /cormun/servlet/trpermisosgoce HTTP/1.1" 200 8100
186.79.94.154 - - [25/May/2017:10:02:36 -0300] "GET /cormun/servlet/trpermisosgoce HTTP/1.1" 200 8096
186.103.157.42 - - [25/May/2017:10:02:40 -0300] "GET /cormun/static/menuarrow.gif HTTP/1.1" 404 1015
186.79.94.154 - - [25/May/2017:10:02:40 -0300] "GET /cormun/servlet/permisogoce?DSP,12516844,P,20170525100239, HTTP/1.1" 200 6694
186.79.94.154 - - [25/May/2017:10:02:42 -0300] "GET /cormun/servlet/permisogoce?DSP,12516844,P,20170525100239, HTTP/1.1" 200 6697
186.79.94.154 - - [25/May/2017:10:02:47 -0300] "POST /cormun/servlet/permisogoce?ddff4f46c112a1ef336e093cb8041657,DSP,12516844,P,20170525100239,,gx-no-cache=1495717425299 HTTP/1.1" 200 90
186.79.94.154 - - [25/May/2017:10:02:47 -0300] "GET /cormun/servlet/hpexe_link HTTP/1.1" 200 980
186.79.94.154 - - [25/May/2017:10:02:48 -0300] "GET /cormun/servlet/trpermisosgoce HTTP/1.1" 200 8098
186.79.94.154 - - [25/May/2017:10:02:49 -0300] "GET /cormun/servlet/trpermisosgoce HTTP/1.1" 200 8096
192.168.10.89 - - [25/May/2017:10:02:53 -0300] "GET /cormun/servlet/trpermisosingoceadjunto?97,11150723, HTTP/1.1" 200 6964
192.168.10.89 - - [25/May/2017:10:02:54 -0300] "GET /cormun/PublicTempStorage/20170502_120115_ema_1_sgoce5605162.jpg HTTP/1.1" 200 860707
192.168.10.89 - - [25/May/2017:10:02:55 -0300] "POST /cormun/servlet/trpermisosingoceadjunto?f254191f422318dde6819bccac7ea1b9,97,11150723,,gx-no-cache=1495717380420 HTTP/1.1" 200 90
192.168.10.89 - - [25/May/2017:10:02:55 -0300] "GET /cormun/servlet/hpexe_link HTTP/1.1" 200 979
192.168.10.89 - - [25/May/2017:10:02:56 -0300] "GET /cormun/servlet/trpermisosingocecormun HTTP/1.1" 200 10095
192.168.10.89 - - [25/May/2017:10:03:03 -0300] "POST /cormun/servlet/trpermisosingocecormun?f254191f422318dde6819bccac7ea1b9,gx-no-cache=1495717388000 HTTP/1.1" 200 6393
186.79.94.154 - - [25/May/2017:10:03:07 -0300] "GET /cormun/servlet/trpermisosadjuntos?12516844,20170525100239,P, HTTP/1.1" 200 6361
186.79.94.154 - - [25/May/2017:10:03:08 -0300] "GET /cormun/servlet/trpermisosadjuntos?12516844,20170525100239,P, HTTP/1.1" 200 6361
186.79.94.154 - - [25/May/2017:10:03:11 -0300] "GET /cormun/servlet/permisosadjuntos?INS,12516844,P,20170525100239,, HTTP/1.1" 200 5690
192.168.10.89 - - [25/May/2017:10:03:11 -0300] "POST /cormun/servlet/trpermisosingocecormun?f254191f422318dde6819bccac7ea1b9,gx-no-cache=1495717395817 HTTP/1.1" 200 5683
186.79.94.154 - - [25/May/2017:10:03:11 -0300] "GET /cormun/static/about:blank HTTP/1.1" 404 1011
186.79.94.154 - - [25/May/2017:10:03:12 -0300] "GET /cormun/servlet/permisosadjuntos?INS,12516844,P,20170525100239,, HTTP/1.1" 200 5680
192.168.10.89 - - [25/May/2017:10:03:14 -0300] "POST /cormun/servlet/trpermisosingocecormun?f254191f422318dde6819bccac7ea1b9,gx-no-cache=1495717398769 HTTP/1.1" 200 7558
186.79.94.154 - - [25/May/2017:10:03:39 -0300] "POST /cormun/servlet/permisosadjuntos?ddff4f46c112a1ef336e093cb8041657,INS,12516844,P,20170525100239,, HTTP/1.1" 200 116
186.79.94.154 - - [25/May/2017:10:03:39 -0300] "GET /cormun/servlet/hpexe_return? HTTP/1.1" 200 1035
186.79.94.154 - - [25/May/2017:10:03:40 -0300] "GET /cormun/servlet/trpermisosadjuntos?12516844,20170525100239,P, HTTP/1.1" 200 6822
192.168.10.89 - - [25/May/2017:10:03:40 -0300] "POST /cormun/servlet/trpermisosingocecormun?f254191f422318dde6819bccac7ea1b9,gx-no-cache=1495717425304 HTTP/1.1" 200 5682
186.79.94.154 - - [25/May/2017:10:03:41 -0300] "GET /cormun/servlet/trpermisosadjuntos?12516844,20170525100239,P, HTTP/1.1" 200 6820
186.103.157.42 - - [25/May/2017:10:03:43 -0300] "GET /cormun/static/Resources/resize.gif HTTP/1.1" 200 77
186.103.157.42 - - [25/May/2017:10:03:43 -0300] "GET /cormun/servlet/prfichaempleado?,MD,,gxPopupLevel%3D0%3B HTTP/1.1" 200 8921
186.103.157.42 - - [25/May/2017:10:03:43 -0300] "GET /cormun/static/gxcfg.js?2017319125415 HTTP/1.1" 200 953
186.103.157.42 - - [25/May/2017:10:03:43 -0300] "GET /cormun/static/Resources/PXToolsMenuSearch.png HTTP/1.1" 200 2914
192.168.10.89 - - [25/May/2017:10:03:46 -0300] "GET /cormun/servlet/trinasistenciacormun? HTTP/1.1" 200 9378
192.168.10.89 - - [25/May/2017:10:03:46 -0300] "GET /cormun/static/gxcfg.js?201731711564076 HTTP/1.1" 304 -
192.168.10.89 - - [25/May/2017:10:03:46 -0300] "GET /cormun/static/trinasistenciacormun.js?201731711564619 HTTP/1.1" 304 -
186.103.157.42 - - [25/May/2017:10:03:46 -0300] "GET /cormun/static/Resources/PXToolsMenuSearchCancel.png HTTP/1.1" 200 2972
186.103.157.42 - - [25/May/2017:10:03:48 -0300] "GET /cormun/servlet/licenciaspermisos?c6d21214045075802ee3f1e73fb28dd0d43126dd288310915761051c801a3ca907ba27256c40406ebf7e24e857b69699fc33795ef7a1206dafe1656ddd48b667360b06e8178917c36b7828cd8d6b4dd6f2a3edd49416c60b7b5f2a7f7b0402d75941d462a31024eeddc0eeeb1e7da2fdd153374f00c31c241ddcf0f40693e71a0e00b9c188fd799a1d9075a7de44bea55aad3f851b7e23c0ad3424bd74cecd2d1bbf6f5c9f753159a398e024037c3cc7c2bfbdc4d5d896af46afbc5afd4eb1bfac65757b9fdec52fe9645609b073407bd64b3e364a4d082282b4155e34eebc36,gx-no-cache=1495717485598 HTTP/1.1" 200 30
186.79.94.154 - - [25/May/2017:10:03:49 -0300] "POST /cormun/servlet/trpermisosadjuntos?ddff4f46c112a1ef336e093cb8041657,12516844,20170525100239,P,,gx-no-cache=1495717487203 HTTP/1.1" 200 90
186.79.94.154 - - [25/May/2017:10:03:49 -0300] "GET /cormun/servlet/hpexe_link HTTP/1.1" 200 980
186.79.94.154 - - [25/May/2017:10:03:50 -0300] "GET /cormun/servlet/trpermisosgoce HTTP/1.1" 200 8098
186.103.157.42 - - [25/May/2017:10:03:50 -0300] "GET /cormun/servlet/licenciaspermisos?c6d21214045075802ee3f1e73fb28dd0d43126dd288310915761051c801a3ca959df7144f2e8f4e4dc5e76785be5b042fc33795ef7a1206dafe1656ddd48b667360b06e8178917c36b7828cd8d6b4dd6f2a3edd49416c60b7b5f2a7f7b0402d75941d462a31024eeddc0eeeb1e7da2fdd153374f00c31c241ddcf0f40693e71a0e00b9c188fd799a1d9075a7de44bea55aad3f851b7e23c0ad3424bd74cecd2d1bbf6f5c9f753159a398e024037c3cc7c2bfbdc4d5d896af46afbc5afd4eb1bfac65757b9fdec52fe9645609b073407bd64b3e364a4d082282b4155e34eebc36,gx-no-cache=1495717487701 HTTP/1.1" 200 30
186.103.157.42 - - [25/May/2017:10:03:50 -0300] "POST /cormun/servlet/licenciaspermisos?d15692ee10386aa89623cce3f742f28e,INS,0,,,,gx-no-cache=1495717487779 HTTP/1.1" 200 4693
186.79.94.154 - - [25/May/2017:10:03:51 -0300] "GET /cormun/servlet/trpermisosgoce HTTP/1.1" 200 8096
186.79.94.154 - - [25/May/2017:10:04:00 -0300] "POST /cormun/servlet/trpermisosgoce?ddff4f46c112a1ef336e093cb8041657,gx-no-cache=1495717497591 HTTP/1.1" 200 5172
186.79.94.154 - - [25/May/2017:10:04:00 -0300] "GET /cormun/static/Shared/jqueryui/images/ui-bg_highlight-soft_100_c6c2c8_1x100.png HTTP/1.1" 404 1117
186.79.94.154 - - [25/May/2017:10:04:00 -0300] "GET /cormun/static/Shared/jqueryui/images/ui-icons_82798d_256x240.png HTTP/1.1" 404 1089
186.79.94.154 - - [25/May/2017:10:04:00 -0300] "GET /cormun/static/Shared/jqueryui/images/ui-bg_flat_55_fafafa_40x100.png HTTP/1.1" 404 1097
186.79.94.154 - - [25/May/2017:10:04:00 -0300] "GET /cormun/static/Shared/jqueryui/images/ui-icons_8d78a5_256x240.png HTTP/1.1" 404 1089
192.168.10.89 - - [25/May/2017:10:04:01 -0300] "GET /cormun/static/menuarrow.gif HTTP/1.1" 404 1015
192.168.10.89 - - [25/May/2017:10:04:04 -0300] "POST /cormun/servlet/trinasistenciacormun?f254191f422318dde6819bccac7ea1b9,,gx-no-cache=1495717448963 HTTP/1.1" 200 6814
186.79.94.154 - - [25/May/2017:10:04:04 -0300] "POST /cormun/servlet/trpermisosgoce?ddff4f46c112a1ef336e093cb8041657,gx-no-cache=1495717502127 HTTP/1.1" 200 4914
186.79.94.154 - - [25/May/2017:10:04:07 -0300] "GET /cormun/servlet/permisogoce?INS,0,,, HTTP/1.1" 200 6826
186.79.94.154 - - [25/May/2017:10:04:08 -0300] "GET /cormun/servlet/permisogoce?INS,0,,, HTTP/1.1" 200 6827
186.79.246.29 - - [25/May/2017:10:04:09 -0300] "GET /cormun/servlet/hlogin HTTP/1.1" 200 1728
186.79.246.29 - - [25/May/2017:10:04:10 -0300] "GET /cormun/servlet/hlogin HTTP/1.1" 200 1737
192.168.10.89 - - [25/May/2017:10:04:10 -0300] "POST /cormun/servlet/trinasistenciacormun?f254191f422318dde6819bccac7ea1b9,,gx-no-cache=1495717455274 HTTP/1.1" 200 8028
186.79.94.154 - - [25/May/2017:10:04:18 -0300] "GET /cormun/servlet/permisogoce?3ec9861271428e56e16cb040798c10766e25759be3fb7b8bf9287577b94e14feaece2cadda01a311a0c492e9bf301fdb,gx-no-cache=1495717516062 HTTP/1.1" 200 79
186.79.94.154 - - [25/May/2017:10:04:18 -0300] "GET /cormun/static/menuarrow.gif HTTP/1.1" 404 1015
186.79.246.29 - - [25/May/2017:10:04:18 -0300] "POST /cormun/servlet/hlogin?e9f6f394e8444faae2589c2c73a2bca5,gx-no-cache=1495720921857 HTTP/1.1" 200 90
186.79.246.29 - - [25/May/2017:10:04:18 -0300] "GET /cormun/servlet/hpexe_link HTTP/1.1" 200 956
186.79.246.29 - - [25/May/2017:10:04:18 -0300] "GET /cormun/servlet/hhome HTTP/1.1" 200 3807
186.79.246.29 - - [25/May/2017:10:04:20 -0300] "GET /cormun/servlet/hhome HTTP/1.1" 200 3804
186.79.94.154 - - [25/May/2017:10:04:26 -0300] "GET /cormun/servlet/permisogoce?3ec9861271428e56e16cb040798c10769d752792fd06a08ed478a99d9bb383ba920a2b3c88b1106a372a2dd09d6ad4a6cb19f8ae862e7859c4eb5e8055396772,gx-no-cache=1495717524046 HTTP/1.1" 200 47
186.79.94.154 - - [25/May/2017:10:04:31 -0300] "POST /cormun/servlet/permisogoce?ddff4f46c112a1ef336e093cb8041657,INS,0,,,,gx-no-cache=1495717528579 HTTP/1.1" 200 93
186.79.94.154 - - [25/May/2017:10:04:31 -0300] "GET /cormun/servlet/hpexe_return? HTTP/1.1" 200 1029
186.79.94.154 - - [25/May/2017:10:04:31 -0300] "GET /cormun/servlet/trpermisosgoce?gx-no-cache=1495717502127 HTTP/1.1" 200 7936
131.253.27.69 - - [25/May/2017:10:04:31 -0300] "GET /cormun/static/licenciaspermisosadjuntos.js?201731711421181 HTTP/1.1" 200 8757
131.253.27.69 - - [25/May/2017:10:04:32 -0300] "GET /cormun/static/scaMessage/scaMessageRender.js HTTP/1.1" 200 11977
131.253.27.69 - - [25/May/2017:10:04:33 -0300] "GET /cormun/static/Resources/indicator.gif HTTP/1.1" 200 1553
186.79.94.154 - - [25/May/2017:10:04:33 -0300] "GET /cormun/servlet/trpermisosgoce?gx-no-cache=1495717502127 HTTP/1.1" 200 7952
131.253.27.69 - - [25/May/2017:10:04:34 -0300] "GET /cormun/static/Resources/indicator.gif HTTP/1.1" 200 1553
131.253.27.69 - - [25/May/2017:10:04:34 -0300] "GET /cormun/static/Resources/ComunLogin.png HTTP/1.1" 200 17326
186.79.94.154 - - [25/May/2017:10:04:36 -0300] "GET /cormun/servlet/trpermisosadjuntos?7123798,20170525100435,P, HTTP/1.1" 200 6392
186.79.94.154 - - [25/May/2017:10:04:37 -0300] "GET /cormun/servlet/trpermisosadjuntos?7123798,20170525100435,P, HTTP/1.1" 200 6372
186.79.94.154 - - [25/May/2017:10:04:38 -0300] "GET /cormun/servlet/permisosadjuntos?INS,7123798,P,20170525100435,, HTTP/1.1" 200 5696
186.79.94.154 - - [25/May/2017:10:04:39 -0300] "GET /cormun/static/about:blank HTTP/1.1" 404 1011
186.79.94.154 - - [25/May/2017:10:04:39 -0300] "GET /cormun/servlet/permisosadjuntos?INS,7123798,P,20170525100435,, HTTP/1.1" 200 5687
186.79.94.154 - - [25/May/2017:10:04:56 -0300] "POST /cormun/servlet/permisosadjuntos?ddff4f46c112a1ef336e093cb8041657,INS,7123798,P,20170525100435,, HTTP/1.1" 200 116
186.79.94.154 - - [25/May/2017:10:04:56 -0300] "GET /cormun/servlet/hpexe_return? HTTP/1.1" 200 1034
186.79.94.154 - - [25/May/2017:10:04:57 -0300] "GET /cormun/servlet/trpermisosadjuntos?7123798,20170525100435,P, HTTP/1.1" 200 6819
186.79.94.154 - - [25/May/2017:10:04:58 -0300] "GET /cormun/servlet/trpermisosadjuntos?7123798,20170525100435,P, HTTP/1.1" 200 6821
186.79.94.154 - - [25/May/2017:10:05:00 -0300] "POST /cormun/servlet/trpermisosadjuntos?ddff4f46c112a1ef336e093cb8041657,7123798,20170525100435,P,,gx-no-cache=1495717558215 HTTP/1.1" 200 90
186.79.94.154 - - [25/May/2017:10:05:00 -0300] "GET /cormun/servlet/hpexe_link HTTP/1.1" 200 1002
186.79.94.154 - - [25/May/2017:10:05:01 -0300] "GET /cormun/servlet/trpermisosgoce?gx-no-cache=1495717502127 HTTP/1.1" 200 7934
186.79.94.154 - - [25/May/2017:10:05:02 -0300] "GET /cormun/servlet/trpermisosgoce?gx-no-cache=1495717502127 HTTP/1.1" 200 7952
186.79.94.154 - - [25/May/2017:10:05:05 -0300] "POST /cormun/servlet/trpermisosgoce?ddff4f46c112a1ef336e093cb8041657,gx-no-cache=1495717502127,gx-no-cache=1495717563218 HTTP/1.1" 200 4914
186.79.94.154 - - [25/May/2017:10:05:05 -0300] "GET /cormun/static/Shared/jqueryui/images/ui-bg_highlight-soft_100_c6c2c8_1x100.png HTTP/1.1" 404 1117
186.79.94.154 - - [25/May/2017:10:05:05 -0300] "GET /cormun/static/Shared/jqueryui/images/ui-icons_82798d_256x240.png HTTP/1.1" 404 1089
186.79.94.154 - - [25/May/2017:10:05:05 -0300] "GET /cormun/static/Shared/jqueryui/images/ui-bg_flat_55_fafafa_40x100.png HTTP/1.1" 404 1097
186.79.94.154 - - [25/May/2017:10:05:05 -0300] "GET /cormun/static/Shared/jqueryui/images/ui-icons_8d78a5_256x240.png HTTP/1.1" 404 1089
157.55.39.246 - - [25/May/2017:10:05:08 -0300] "GET /cormun/servlet/trsolicitudot HTTP/1.1" 200 7428
186.79.94.154 - - [25/May/2017:10:05:10 -0300] "GET /cormun/servlet/permisogoce?DLT,12516844,P,20170524155144, HTTP/1.1" 200 6814
186.79.94.154 - - [25/May/2017:10:05:12 -0300] "GET /cormun/servlet/permisogoce?DLT,12516844,P,20170524155144, HTTP/1.1" 200 6793
186.79.94.154 - - [25/May/2017:10:05:19 -0300] "POST /cormun/servlet/permisogoce?ddff4f46c112a1ef336e093cb8041657,DLT,12516844,P,20170524155144,,gx-no-cache=1495717577217 HTTP/1.1" 200 90
186.79.94.154 - - [25/May/2017:10:05:19 -0300] "GET /cormun/servlet/hpexe_link HTTP/1.1" 200 1002
186.79.94.154 - - [25/May/2017:10:05:19 -0300] "GET /cormun/servlet/trpermisosgoce?gx-no-cache=1495717502127 HTTP/1.1" 200 7664
186.79.94.154 - - [25/May/2017:10:05:21 -0300] "GET /cormun/servlet/trpermisosgoce?gx-no-cache=1495717502127 HTTP/1.1" 200 7683
186.79.94.154 - - [25/May/2017:10:05:26 -0300] "GET /cormun/servlet/permisogoce?DSP,12516844,P,20170524155144, HTTP/1.1" 200 6715
186.79.94.154 - - [25/May/2017:10:05:27 -0300] "GET /cormun/servlet/permisogoce?DSP,12516844,P,20170524155144, HTTP/1.1" 200 6694
186.79.94.154 - - [25/May/2017:10:05:31 -0300] "POST /cormun/servlet/permisogoce?ddff4f46c112a1ef336e093cb8041657,DSP,12516844,P,20170524155144,,gx-no-cache=1495717589333 HTTP/1.1" 200 90
186.79.94.154 - - [25/May/2017:10:05:32 -0300] "GET /cormun/servlet/hpexe_link HTTP/1.1" 200 1001
186.79.94.154 - - [25/May/2017:10:05:32 -0300] "GET /cormun/servlet/trpermisosgoce?gx-no-cache=1495717502127 HTTP/1.1" 200 7664
186.79.94.154 - - [25/May/2017:10:05:33 -0300] "GET /cormun/servlet/trpermisosgoce?gx-no-cache=1495717502127 HTTP/1.1" 200 7683
186.79.94.154 - - [25/May/2017:10:05:35 -0300] "GET /cormun/servlet/permisogoce?DLT,12516844,P,20170524155144, HTTP/1.1" 200 6814
186.79.94.154 - - [25/May/2017:10:05:37 -0300] "GET /cormun/servlet/permisogoce?DLT,12516844,P,20170524155144, HTTP/1.1" 200 6793
186.79.94.154 - - [25/May/2017:10:05:38 -0300] "POST /cormun/servlet/permisogoce?ddff4f46c112a1ef336e093cb8041657,DLT,12516844,P,20170524155144,,gx-no-cache=1495717596526 HTTP/1.1" 200 4444
186.79.94.154 - - [25/May/2017:10:05:39 -0300] "GET /cormun/static/Shared/jqueryui/images/ui-bg_flat_55_994d53_40x100.png HTTP/1.1" 404 1097
186.79.94.154 - - [25/May/2017:10:05:39 -0300] "GET /cormun/static/Shared/jqueryui/images/ui-icons_ebccce_256x240.png HTTP/1.1" 404 1089
186.79.246.29 - - [25/May/2017:10:05:40 -0300] "GET /cormun/servlet/trpermisosgoce? HTTP/1.1" 200 8016
186.79.246.29 - - [25/May/2017:10:05:42 -0300] "GET /cormun/servlet/trpermisosgoce? HTTP/1.1" 200 8014
186.79.246.29 - - [25/May/2017:10:05:49 -0300] "GET /cormun/servlet/permisogoce?UPD,16884573,P,20170523135924, HTTP/1.1" 200 6645
186.79.246.29 - - [25/May/2017:10:05:50 -0300] "GET /cormun/servlet/permisogoce?UPD,16884573,P,20170523135924, HTTP/1.1" 200 6645
186.79.246.29 - - [25/May/2017:10:05:51 -0300] "GET /cormun/servlet/permisogoce?af371529e4bc79c6dac1a92d725833aabb08fe87b17ade5a0791392b2cc5bc4fc2b4954ca780f22de78aeecbe26b5fc4,gx-no-cache=1495721014816 HTTP/1.1" 200 71
186.79.94.154 - - [25/May/2017:10:05:51 -0300] "POST /cormun/servlet/permisogoce?ddff4f46c112a1ef336e093cb8041657,DLT,12516844,P,20170524155144,,gx-no-cache=1495717609146 HTTP/1.1" 200 93
186.79.94.154 - - [25/May/2017:10:05:51 -0300] "GET /cormun/servlet/hpexe_return? HTTP/1.1" 200 1047
186.79.94.154 - - [25/May/2017:10:05:52 -0300] "GET /cormun/servlet/trpermisosgoce?gx-no-cache=1495717502127 HTTP/1.1" 200 7666
186.79.94.154 - - [25/May/2017:10:05:53 -0300] "GET /cormun/servlet/trpermisosgoce?gx-no-cache=1495717502127 HTTP/1.1" 200 7683
186.79.246.29 - - [25/May/2017:10:05:55 -0300] "GET /cormun/servlet/permisogoce?af371529e4bc79c6dac1a92d725833aa4641af8da3d520a42afea7c292dd8130e962be2e2190fb4fb7ed03cc95e001605ef7031ca9629deed7d37b3c6528b415aad4b945331a59546039d13428e4d4fb,gx-no-cache=1495721018623 HTTP/1.1" 200 47
186.79.246.29 - - [25/May/2017:10:05:55 -0300] "POST /cormun/servlet/permisogoce?e9f6f394e8444faae2589c2c73a2bca5,UPD,16884573,P,20170523135924,,gx-no-cache=1495721018740 HTTP/1.1" 200 4209
186.79.246.29 - - [25/May/2017:10:05:55 -0300] "GET /cormun/static/Shared/jqueryui/images/ui-bg_highlight-soft_100_c6c2c8_1x100.png HTTP/1.1" 404 1117
186.79.246.29 - - [25/May/2017:10:05:55 -0300] "GET /cormun/static/Shared/jqueryui/images/ui-icons_82798d_256x240.png HTTP/1.1" 404 1089
186.79.246.29 - - [25/May/2017:10:05:55 -0300] "GET /cormun/static/Shared/jqueryui/images/ui-bg_flat_55_994d53_40x100.png HTTP/1.1" 404 1097
186.79.246.29 - - [25/May/2017:10:05:55 -0300] "GET /cormun/static/Shared/jqueryui/images/ui-icons_ebccce_256x240.png HTTP/1.1" 404 1089
186.79.246.29 - - [25/May/2017:10:06:00 -0300] "POST /cormun/servlet/permisogoce?e9f6f394e8444faae2589c2c73a2bca5,UPD,16884573,P,20170523135924,,gx-no-cache=1495721023262 HTTP/1.1" 200 93
186.79.246.29 - - [25/May/2017:10:06:00 -0300] "GET /cormun/servlet/hpexe_return? HTTP/1.1" 200 1034
186.79.246.29 - - [25/May/2017:10:06:00 -0300] "GET /cormun/servlet/trpermisosgoce HTTP/1.1" 200 8018
186.79.246.29 - - [25/May/2017:10:06:02 -0300] "GET /cormun/servlet/trpermisosgoce HTTP/1.1" 200 8014
186.79.246.29 - - [25/May/2017:10:06:17 -0300] "GET /cormun/servlet/permisogoce?UPD,16884573,P,20170523135633, HTTP/1.1" 200 6643
186.79.246.29 - - [25/May/2017:10:06:19 -0300] "GET /cormun/servlet/permisogoce?UPD,16884573,P,20170523135633, HTTP/1.1" 200 6643
186.79.246.29 - - [25/May/2017:10:06:19 -0300] "GET /cormun/servlet/permisogoce?af371529e4bc79c6dac1a92d725833aabb08fe87b17ade5a0791392b2cc5bc4fc2b4954ca780f22de78aeecbe26b5fc4,gx-no-cache=1495721043367 HTTP/1.1" 200 71
186.79.246.29 - - [25/May/2017:10:06:22 -0300] "POST /cormun/servlet/permisogoce?e9f6f394e8444faae2589c2c73a2bca5,UPD,16884573,P,20170523135633,,gx-no-cache=1495721045749 HTTP/1.1" 200 93
186.79.246.29 - - [25/May/2017:10:06:22 -0300] "GET /cormun/servlet/hpexe_return? HTTP/1.1" 200 1034
186.79.246.29 - - [25/May/2017:10:06:22 -0300] "GET /cormun/servlet/trpermisosgoce HTTP/1.1" 200 8018
186.79.246.29 - - [25/May/2017:10:06:24 -0300] "GET /cormun/servlet/trpermisosgoce HTTP/1.1" 200 8014
186.79.94.154 - - [25/May/2017:10:06:24 -0300] "GET /cormun/servlet/hlogin HTTP/1.1" 200 1759
186.103.157.42 - - [25/May/2017:10:06:33 -0300] "GET /cormun/servlet/licenciaspermisos?c6d21214045075802ee3f1e73fb28dd01bc14b3542595fb07ea6cf3410df9b67fc6edbf0ea18a4ec58ae788aba5bd563247228baf25c996b30c1502af259283bad3a44870c1aaf7479e612600386609ef568c90e199c8a58f167e4a112dcc19372222f38f0d67bf40161c15511225f508932067056b36b80168562d3e5a426ff99962c2a628ba7d85595243f8b3c6786729f5567a66f2d9a91daa9438cf83cd259a5221494ea432a9f7c6e91b2570b8164ae7ff2d4a6a0bc5a05cb9aafb420f2f18a00f6adf31b48b17afa7691135c5b28997cee0cc92fc8d34b756ca9f74c329ae2a0e013adf893b7096b44c0c5d29a,gx-no-cache=1495717650566 HTTP/1.1" 200 58
186.103.157.42 - - [25/May/2017:10:06:33 -0300] "POST /cormun/servlet/licenciaspermisos?d15692ee10386aa89623cce3f742f28e,INS,0,,,,gx-no-cache=1495717650955 HTTP/1.1" 200 93
186.103.157.42 - - [25/May/2017:10:06:33 -0300] "GET /cormun/servlet/hpexe_return? HTTP/1.1" 200 1011
186.103.157.42 - - [25/May/2017:10:06:34 -0300] "GET /cormun/servlet/trlicencias HTTP/1.1" 200 8099
186.103.157.42 - - [25/May/2017:10:06:34 -0300] "GET /cormun/servlet/trlicencias HTTP/1.1" 200 8095
186.103.157.42 - - [25/May/2017:10:06:37 -0300] "GET /cormun/servlet/trlicenciaspermisosadjuntos?13719838,20170525000000,L, HTTP/1.1" 200 6413
186.103.157.42 - - [25/May/2017:10:06:37 -0300] "GET /cormun/static/gxcfg.js?20173171154619 HTTP/1.1" 200 953
186.103.157.42 - - [25/May/2017:10:06:37 -0300] "GET /cormun/servlet/trlicenciaspermisosadjuntos?13719838,20170525000000,L, HTTP/1.1" 200 6414
186.79.94.154 - - [25/May/2017:10:06:37 -0300] "POST /cormun/servlet/hlogin?ddff4f46c112a1ef336e093cb8041657,gx-no-cache=1495717655869 HTTP/1.1" 200 468
186.103.157.42 - - [25/May/2017:10:06:39 -0300] "GET /cormun/servlet/licenciaspermisosadjuntos?INS,13719838,L,20170525000000,, HTTP/1.1" 200 5709
186.103.157.42 - - [25/May/2017:10:06:39 -0300] "GET /cormun/static/gxcfg.js?201731711421170 HTTP/1.1" 200 953
186.103.157.42 - - [25/May/2017:10:06:39 -0300] "GET /cormun/static/about:blank HTTP/1.1" 404 1011
186.103.157.42 - - [25/May/2017:10:06:39 -0300] "GET /cormun/servlet/licenciaspermisosadjuntos?INS,13719838,L,20170525000000,, HTTP/1.1" 200 5699
186.79.94.154 - - [25/May/2017:10:06:45 -0300] "POST /cormun/servlet/hlogin?ddff4f46c112a1ef336e093cb8041657,gx-no-cache=1495717663083 HTTP/1.1" 200 468
186.103.157.42 - - [25/May/2017:10:06:53 -0300] "POST /cormun/servlet/licenciaspermisosadjuntos?d15692ee10386aa89623cce3f742f28e,INS,13719838,L,20170525000000,, HTTP/1.1" 200 116
186.103.157.42 - - [25/May/2017:10:06:53 -0300] "GET /cormun/servlet/hpexe_return? HTTP/1.1" 200 1042
186.103.157.42 - - [25/May/2017:10:06:53 -0300] "GET /cormun/servlet/trlicenciaspermisosadjuntos?13719838,20170525000000,L, HTTP/1.1" 200 6917
186.103.157.42 - - [25/May/2017:10:06:53 -0300] "GET /cormun/servlet/trlicenciaspermisosadjuntos?13719838,20170525000000,L, HTTP/1.1" 200 6917
186.79.94.154 - - [25/May/2017:10:07:09 -0300] "POST /cormun/servlet/hlogin?ddff4f46c112a1ef336e093cb8041657,gx-no-cache=1495717687018 HTTP/1.1" 200 468
186.103.157.42 - - [25/May/2017:10:07:15 -0300] "POST /cormun/servlet/trlicenciaspermisosadjuntos?d15692ee10386aa89623cce3f742f28e,13719838,20170525000000,L,,gx-no-cache=1495717693127 HTTP/1.1" 200 90
186.103.157.42 - - [25/May/2017:10:07:15 -0300] "GET /cormun/servlet/hpexe_link HTTP/1.1" 200 984
186.103.157.42 - - [25/May/2017:10:07:16 -0300] "GET /cormun/servlet/trlicencias HTTP/1.1" 200 8097
186.103.157.42 - - [25/May/2017:10:07:16 -0300] "GET /cormun/servlet/trlicencias HTTP/1.1" 200 8095
186.79.94.154 - - [25/May/2017:10:07:19 -0300] "POST /cormun/servlet/hlogin?ddff4f46c112a1ef336e093cb8041657,gx-no-cache=1495717697924 HTTP/1.1" 200 468
186.103.157.42 - - [25/May/2017:10:07:40 -0300] "POST /cormun/servlet/trlicencias?d15692ee10386aa89623cce3f742f28e,gx-no-cache=1495717717331 HTTP/1.1" 200 4236
186.103.157.42 - - [25/May/2017:10:07:40 -0300] "GET /cormun/static/Shared/jqueryui/images/ui-bg_highlight-soft_100_c6c2c8_1x100.png HTTP/1.1" 404 1117
186.103.157.42 - - [25/May/2017:10:07:40 -0300] "GET /cormun/static/Shared/jqueryui/images/ui-icons_82798d_256x240.png HTTP/1.1" 404 1089
186.103.157.42 - - [25/May/2017:10:07:40 -0300] "GET /cormun/static/Shared/jqueryui/images/ui-bg_flat_55_fafafa_40x100.png HTTP/1.1" 404 1097
186.103.157.42 - - [25/May/2017:10:07:40 -0300] "GET /cormun/static/Shared/jqueryui/images/ui-icons_8d78a5_256x240.png HTTP/1.1" 404 1089
186.103.157.42 - - [25/May/2017:10:07:49 -0300] "POST /cormun/servlet/trlicencias?d15692ee10386aa89623cce3f742f28e,gx-no-cache=1495717726401 HTTP/1.1" 200 5341
186.103.157.42 - - [25/May/2017:10:07:49 -0300] "GET /cormun//static/Resources/PXToolsActionDisabled.gif HTTP/1.1" 200 53
186.103.157.42 - - [25/May/2017:10:07:51 -0300] "GET /cormun/servlet/alicenciaprn?13719838,L,20170525000000,PU HTTP/1.1" 200 1585
186.103.157.42 - - [25/May/2017:10:08:05 -0300] "GET /cormun/static/menuarrow.gif HTTP/1.1" 404 1015
186.103.157.42 - - [25/May/2017:10:08:07 -0300] "POST /cormun/servlet/trlicencias?d15692ee10386aa89623cce3f742f28e,gx-no-cache=1495717744906 HTTP/1.1" 200 5344
186.103.157.42 - - [25/May/2017:10:08:09 -0300] "POST /cormun/servlet/trlicencias?d15692ee10386aa89623cce3f742f28e,gx-no-cache=1495717746227 HTTP/1.1" 200 5344
186.103.157.42 - - [25/May/2017:10:08:11 -0300] "POST /cormun/servlet/trlicencias?d15692ee10386aa89623cce3f742f28e,gx-no-cache=1495717749212 HTTP/1.1" 200 4095
186.103.157.42 - - [25/May/2017:10:08:15 -0300] "POST /cormun/servlet/trlicencias?d15692ee10386aa89623cce3f742f28e,gx-no-cache=1495717753127 HTTP/1.1" 200 6841
192.168.10.89 - - [25/May/2017:10:08:23 -0300] "GET /cormun/servlet/trsecurityuser01? HTTP/1.1" 200 11595
192.168.10.89 - - [25/May/2017:10:08:37 -0300] "POST /cormun/servlet/trsecurityuser01?f254191f422318dde6819bccac7ea1b9,,gx-no-cache=1495717721773 HTTP/1.1" 200 5091
192.168.10.89 - - [25/May/2017:10:08:43 -0300] "POST /cormun/servlet/trsecurityuser01?f254191f422318dde6819bccac7ea1b9,,gx-no-cache=1495717727682 HTTP/1.1" 200 9761
186.79.246.29 - - [25/May/2017:10:08:43 -0300] "GET /cormun/servlet/trpermisosadjuntos?7178861,20170524183835,P, HTTP/1.1" 200 6121
186.103.157.42 - - [25/May/2017:10:08:45 -0300] "GET /cormun/servlet/hlogin HTTP/1.1" 200 1728
186.79.246.29 - - [25/May/2017:10:08:45 -0300] "GET /cormun/servlet/trpermisosadjuntos?7178861,20170524183835,P, HTTP/1.1" 200 6122
186.103.157.42 - - [25/May/2017:10:08:49 -0300] "POST /cormun/servlet/hlogin?d15692ee10386aa89623cce3f742f28e,gx-no-cache=1495717786491 HTTP/1.1" 200 90
186.103.157.42 - - [25/May/2017:10:08:49 -0300] "GET /cormun/servlet/hpexe_link HTTP/1.1" 200 976
186.103.157.42 - - [25/May/2017:10:08:49 -0300] "GET /cormun/servlet/trlicencias?gx-no-cache=1495717753127 HTTP/1.1" 200 9486
186.103.157.42 - - [25/May/2017:10:08:49 -0300] "GET /cormun/servlet/trlicencias?gx-no-cache=1495717753127 HTTP/1.1" 200 9505
40.77.177.241 - - [25/May/2017:10:08:59 -0300] "GET /cormun/static/gxui/gxui-all.css?110300 HTTP/1.1" 200 2179
186.103.157.42 - - [25/May/2017:10:09:31 -0300] "GET /cormun/servlet/trpermisosgoce? HTTP/1.1" 200 6861
186.103.157.42 - - [25/May/2017:10:09:32 -0300] "GET /cormun/servlet/trpermisosgoce? HTTP/1.1" 200 6839
192.168.10.89 - - [25/May/2017:10:09:40 -0300] "GET /cormun/servlet/securityusers?UPD,3835, HTTP/1.1" 200 7410
192.168.10.89 - - [25/May/2017:10:09:59 -0300] "POST /cormun/servlet/securityusers?f254191f422318dde6819bccac7ea1b9,UPD,3835,,gx-no-cache=1495717803942 HTTP/1.1" 200 93
192.168.10.89 - - [25/May/2017:10:09:59 -0300] "GET /cormun/servlet/hpexe_return? HTTP/1.1" 200 1012
192.168.10.89 - - [25/May/2017:10:09:59 -0300] "GET /cormun/servlet/trsecurityuser01? HTTP/1.1" 200 12047
192.168.10.89 - - [25/May/2017:10:10:03 -0300] "GET /cormun/servlet/securityusers?INS,0, HTTP/1.1" 200 7275
192.168.10.89 - - [25/May/2017:10:10:33 -0300] "POST /cormun/servlet/securityusers?f254191f422318dde6819bccac7ea1b9,INS,0,,gx-no-cache=1495717838236 HTTP/1.1" 200 93
192.168.10.89 - - [25/May/2017:10:10:33 -0300] "GET /cormun/servlet/hpexe_return? HTTP/1.1" 200 1008
192.168.10.89 - - [25/May/2017:10:10:34 -0300] "GET /cormun/servlet/trsecurityuser01 HTTP/1.1" 200 12047
192.168.10.89 - - [25/May/2017:10:10:49 -0300] "POST /cormun/servlet/trsecurityuser01?f254191f422318dde6819bccac7ea1b9,gx-no-cache=1495717853734 HTTP/1.1" 200 9758
192.168.10.89 - - [25/May/2017:10:11:41 -0300] "GET /cormun/servlet/securityusers?UPD,3835, HTTP/1.1" 200 7410
192.168.10.89 - - [25/May/2017:10:11:53 -0300] "POST /cormun/servlet/securityusers?f254191f422318dde6819bccac7ea1b9,UPD,3835,,gx-no-cache=1495717917572 HTTP/1.1" 200 93
192.168.10.89 - - [25/May/2017:10:11:53 -0300] "GET /cormun/servlet/hpexe_return? HTTP/1.1" 200 1034
192.168.10.89 - - [25/May/2017:10:11:53 -0300] "GET /cormun/servlet/trsecurityuser01?gx-no-cache=1495717853734 HTTP/1.1" 200 12047
