200.111.191.210 - - [25/May/2017:17:40:15 -0300] "GET /cormun/servlet/licenciaspermisos?0480b0247218ff04e54fb0bd8f4c64688fe85ca50464249b28f1c0fee018ae9f5e852bb717d381198a95ae0c04ed5913,gx-no-cache=1495744869635 HTTP/1.1" 200 64
200.111.191.210 - - [25/May/2017:17:40:24 -0300] "GET /cormun/servlet/licenciaspermisos?0480b0247218ff04e54fb0bd8f4c64686c6f47064fa074b0b2c981d289ac379c89937c769e49eff675dd5424cdf9c9a7ad6dca5caa1702e35cdab41f81096c0f76e50049c733c0d415444ee86ae453d1bc1f05feee728171ca7dcf8a6a848f167a58104049e9766b81cb771fa3bdcedd055b16117f2c11e15d9fe534a94ee0c06670c4393069dd53e400560fc34d134fcd456f29f388b957ec6ea1abeec478401d2defb9550f88b5dbebc2839eee5494a9ea4915e1b65b8827749da47f0226c3ba135bcda7b3a5079f45f701377dbefe5eb15a3f7229eb37b132a5485f669854,gx-no-cache=1495744878530 HTTP/1.1" 200 157
200.111.191.210 - - [25/May/2017:17:40:24 -0300] "GET /cormun/static/Shared/jqueryui/images/ui-bg_highlight-soft_100_c6c2c8_1x100.png HTTP/1.1" 404 1117
200.111.191.210 - - [25/May/2017:17:40:24 -0300] "GET /cormun/static/Shared/jqueryui/images/ui-icons_82798d_256x240.png HTTP/1.1" 404 1089
200.111.191.210 - - [25/May/2017:17:40:24 -0300] "GET /cormun/static/Shared/jqueryui/images/ui-bg_flat_55_994d53_40x100.png HTTP/1.1" 404 1097
200.111.191.210 - - [25/May/2017:17:40:24 -0300] "GET /cormun/static/Shared/jqueryui/images/ui-icons_ebccce_256x240.png HTTP/1.1" 404 1089
200.111.191.210 - - [25/May/2017:17:40:24 -0300] "POST /cormun/servlet/licenciaspermisos?2591df8f5c7602eefd2a9b7ce0037118,UPD,13098412,L,20170525000000,,gx-no-cache=1495744878611 HTTP/1.1" 200 4245
200.111.191.210 - - [25/May/2017:17:40:27 -0300] "GET /cormun/servlet/licenciaspermisos?0480b0247218ff04e54fb0bd8f4c64686c6f47064fa074b0b2c981d289ac379c2f71b1a0a312ebb696784bd6c9c97accad6dca5caa1702e35cdab41f81096c0f76e50049c733c0d415444ee86ae453d1bc1f05feee728171ca7dcf8a6a848f167a58104049e9766b81cb771fa3bdcedd055b16117f2c11e15d9fe534a94ee0c06670c4393069dd53e400560fc34d134fcd456f29f388b957ec6ea1abeec478401d2defb9550f88b5dbebc2839eee5494a9ea4915e1b65b8827749da47f0226c3ba135bcda7b3a5079f45f701377dbefe5eb15a3f7229eb37b132a5485f669854,gx-no-cache=1495744881032 HTTP/1.1" 200 30
200.111.191.210 - - [25/May/2017:17:40:27 -0300] "POST /cormun/servlet/licenciaspermisos?2591df8f5c7602eefd2a9b7ce0037118,UPD,13098412,L,20170525000000,,gx-no-cache=1495744881055 HTTP/1.1" 200 4244
5.188.10.104 - - [25/May/2017:17:40:37 -0300] "GET / HTTP/1.1" 200 11217
200.111.191.210 - - [25/May/2017:17:40:45 -0300] "GET /cormun/servlet/licenciaspermisos?0480b0247218ff04e54fb0bd8f4c6468b4a56409dff7bde30b0a4a1d9eb73cec0868f59c7798ac18bdbd9bff867fc04287c05ca6af66ffee54792fbcbb4b112e6f9b8430b82ebde93b9e0f703997a6ad662885dff49620bbbd73d9aad37441a064a1ee9aae9a68f9673a55745a6c52c24d352096fc371ad355bca6dcf0d810b48a7864a725bd1576eb90ca4e15111efa2911e6f95fb2e417cd47e033acb5c117a21d12d90a058b2c7d8b65a04d4a377b4818a839d45b18fba3b93167d5f420b9e6d0cf654745455b313d554913a00671a74b75be9c1f144b6578de9e983f1ac00168b923298d7b73c6331015d36251ab,gx-no-cache=1495744899957 HTTP/1.1" 200 57
200.111.191.210 - - [25/May/2017:17:40:46 -0300] "POST /cormun/servlet/licenciaspermisos?2591df8f5c7602eefd2a9b7ce0037118,UPD,13098412,L,20170525000000,,gx-no-cache=1495744899977 HTTP/1.1" 200 93
200.111.191.210 - - [25/May/2017:17:40:46 -0300] "GET /cormun/servlet/hpexe_return? HTTP/1.1" 200 1032
200.111.191.210 - - [25/May/2017:17:40:46 -0300] "GET /cormun/servlet/hhome HTTP/1.1" 200 3783
200.111.191.210 - - [25/May/2017:17:40:46 -0300] "GET /cormun/servlet/hhome HTTP/1.1" 200 3778
200.111.191.210 - - [25/May/2017:17:40:56 -0300] "GET /cormun/servlet/trsolicitudot? HTTP/1.1" 200 6734
200.111.191.210 - - [25/May/2017:17:40:57 -0300] "GET /cormun/servlet/trsolicitudot? HTTP/1.1" 200 6733
200.111.191.210 - - [25/May/2017:17:41:01 -0300] "GET /cormun/servlet/trlicencias? HTTP/1.1" 200 7811
200.111.191.210 - - [25/May/2017:17:41:01 -0300] "GET /cormun/servlet/trlicencias? HTTP/1.1" 200 7810
200.111.191.210 - - [25/May/2017:17:41:03 -0300] "POST /cormun/servlet/trlicencias?2591df8f5c7602eefd2a9b7ce0037118,,gx-no-cache=1495744917075 HTTP/1.1" 200 5217
200.111.191.210 - - [25/May/2017:17:41:03 -0300] "GET /cormun/static/Shared/jqueryui/images/ui-bg_highlight-soft_100_c6c2c8_1x100.png HTTP/1.1" 404 1117
200.111.191.210 - - [25/May/2017:17:41:03 -0300] "GET /cormun/static/Shared/jqueryui/images/ui-icons_82798d_256x240.png HTTP/1.1" 404 1089
200.111.191.210 - - [25/May/2017:17:41:03 -0300] "GET /cormun/static/Shared/jqueryui/images/ui-bg_flat_55_fafafa_40x100.png HTTP/1.1" 404 1097
200.111.191.210 - - [25/May/2017:17:41:03 -0300] "GET /cormun/static/Shared/jqueryui/images/ui-icons_8d78a5_256x240.png HTTP/1.1" 404 1089
200.111.191.210 - - [25/May/2017:17:41:07 -0300] "GET /cormun/servlet/alicenciaprn?13098412,L,20170525000000,PU HTTP/1.1" 200 1590
186.103.159.182 - - [25/May/2017:17:41:13 -0300] "GET /cormun/servlet/trlicencias? HTTP/1.1" 200 6939
186.103.159.182 - - [25/May/2017:17:41:13 -0300] "GET /cormun/static/gxcfg.js?201741111445981 HTTP/1.1" 200 953
186.103.159.182 - - [25/May/2017:17:41:14 -0300] "GET /cormun/static/trlicencias.js?20174111145440 HTTP/1.1" 200 37913
186.103.159.182 - - [25/May/2017:17:41:15 -0300] "GET /cormun/servlet/trlicencias? HTTP/1.1" 200 6939
186.103.159.182 - - [25/May/2017:17:41:18 -0300] "GET /cormun/servlet/licenciaspermisos?INS,0,,, HTTP/1.1" 200 7473
186.103.159.182 - - [25/May/2017:17:41:19 -0300] "GET /cormun/servlet/licenciaspermisos?INS,0,,, HTTP/1.1" 200 7481
186.103.159.182 - - [25/May/2017:17:41:31 -0300] "GET /cormun/servlet/licenciaspermisos?3ee8472888ab347e051b6e06a83d6c8a40465f847e6863c183727b70a2782201d8dc8274028d271e11cb1a3fe4ed036f,gx-no-cache=1495744948104 HTTP/1.1" 200 63
186.103.159.182 - - [25/May/2017:17:41:32 -0300] "POST /cormun/servlet/licenciaspermisos?ab2320834e740ef13f6c285acc23c67e,INS,0,,,,gx-no-cache=1495744948179 HTTP/1.1" 200 4625
186.103.159.182 - - [25/May/2017:17:41:46 -0300] "GET /cormun/static/menuarrow.gif HTTP/1.1" 404 1015
192.168.10.89 - - [25/May/2017:17:43:10 -0300] "GET /cormun/servlet/hlogin HTTP/1.1" 200 1746
192.168.10.89 - - [25/May/2017:17:43:14 -0300] "GET /cormunbeta/servlet/hlogin HTTP/1.1" 200 1721
192.168.10.89 - - [25/May/2017:17:43:14 -0300] "GET /cormunbeta/static/Resources/Spanish/PXTools.css?11423723 HTTP/1.1" 200 89042
192.168.10.89 - - [25/May/2017:17:43:14 -0300] "GET /cormunbeta/static/gxcfg.js?20175251213516 HTTP/1.1" 200 953
192.168.10.89 - - [25/May/2017:17:43:14 -0300] "GET /cormunbeta/static/hlogin.js?20175251213537 HTTP/1.1" 200 2136
192.168.10.89 - - [25/May/2017:17:43:14 -0300] "GET /cormunbeta/static/messages.spa.js?85251 HTTP/1.1" 200 30736
192.168.10.89 - - [25/May/2017:17:43:14 -0300] "GET /cormunbeta/servlet/hlogin HTTP/1.1" 200 1731
192.168.10.89 - - [25/May/2017:17:43:23 -0300] "POST /cormunbeta/servlet/hlogin?77c05b629c7beae217abe4b4bef4bf40,gx-no-cache=1495745007852 HTTP/1.1" 200 90
192.168.10.89 - - [25/May/2017:17:43:23 -0300] "GET /cormunbeta/servlet/hpexe_link HTTP/1.1" 200 951
192.168.10.89 - - [25/May/2017:17:43:23 -0300] "GET /cormunbeta/static/gxcfg.js?20175251212395 HTTP/1.1" 200 953
192.168.10.89 - - [25/May/2017:17:43:23 -0300] "GET /cormunbeta/static/hpexe_link.js?20175251212399 HTTP/1.1" 200 625
192.168.10.89 - - [25/May/2017:17:43:24 -0300] "GET /cormunbeta/servlet/hhome HTTP/1.1" 200 4501
192.168.10.89 - - [25/May/2017:17:43:24 -0300] "GET /cormunbeta/static/gxcfg.js?20175251212442 HTTP/1.1" 200 953
192.168.10.89 - - [25/May/2017:17:43:24 -0300] "GET /cormunbeta/static/hwchdr01.js?201752511465785 HTTP/1.1" 200 1183
192.168.10.89 - - [25/May/2017:17:43:24 -0300] "GET /cormunbeta/static/hhome.js?20175251212450 HTTP/1.1" 200 777
192.168.10.89 - - [25/May/2017:17:43:24 -0300] "GET /cormunbeta/static/hpexe_scripts.js?201752511465715 HTTP/1.1" 200 1544
192.168.10.89 - - [25/May/2017:17:43:24 -0300] "GET /cormunbeta/static/hpexe_messagegenexuscomponent.js?201752511465344 HTTP/1.1" 200 587
192.168.10.89 - - [25/May/2017:17:43:24 -0300] "GET /cormunbeta/static/cmcontrolpreferences.js?201752511465670 HTTP/1.1" 200 1375
192.168.10.89 - - [25/May/2017:17:43:25 -0300] "GET /cormunbeta/static/hmpwkw03.js?2017525121347 HTTP/1.1" 200 3965
192.168.10.89 - - [25/May/2017:17:43:29 -0300] "GET /cormunbeta/servlet/hlogin HTTP/1.1" 200 1733
192.168.10.89 - - [25/May/2017:17:43:36 -0300] "POST /cormunbeta/servlet/hlogin?77c05b629c7beae217abe4b4bef4bf40,gx-no-cache=1495745021057 HTTP/1.1" 200 90
192.168.10.89 - - [25/May/2017:17:43:36 -0300] "GET /cormunbeta/servlet/hpexe_link HTTP/1.1" 200 951
192.168.10.89 - - [25/May/2017:17:43:37 -0300] "GET /cormunbeta/servlet/hhome HTTP/1.1" 200 4333
192.168.10.89 - - [25/May/2017:17:43:48 -0300] "GET /cormunbeta/servlet/trpermisosgoce? HTTP/1.1" 200 11572
192.168.10.89 - - [25/May/2017:17:43:48 -0300] "GET /cormunbeta/static/gxcfg.js?20175251265886 HTTP/1.1" 200 953
192.168.10.89 - - [25/May/2017:17:43:48 -0300] "GET /cormunbeta/static/calendar.js?85251 HTTP/1.1" 304 -
192.168.10.89 - - [25/May/2017:17:43:48 -0300] "GET /cormunbeta/static/calendar-setup.js?85251 HTTP/1.1" 304 -
192.168.10.89 - - [25/May/2017:17:43:48 -0300] "GET /cormunbeta/static/calendar-es.js?85251 HTTP/1.1" 304 -
192.168.10.89 - - [25/May/2017:17:43:48 -0300] "GET /cormunbeta/static/trpermisosgoce.js?2017525127453 HTTP/1.1" 200 35904
192.168.10.89 - - [25/May/2017:17:43:48 -0300] "GET /cormunbeta/static/gxdec.js?85251 HTTP/1.1" 304 -
186.103.159.182 - - [25/May/2017:17:44:03 -0300] "GET /cormun/servlet/licenciaspermisos?3ee8472888ab347e051b6e06a83d6c8afbb796f3260fb56b813b98d47fab36de7329b7c323183ec34300ee3c71f9a0960c65c3040c479f61aaec1384e42fbfdc198e32fb143db739c4c01ba2c6649b490c112770f0703a0d05c3986350075b25dfc1ac7f013a683b5afb21faf166049805571048dd90e8c4efd98261852bb8a440a44e78524997b5f42e7679c6335278d12289875c2dd697bd21e1c9f696693c334d9df5efc2d411ceb92e0db63fb842,gx-no-cache=1495745099630 HTTP/1.1" 200 30
186.103.159.182 - - [25/May/2017:17:44:03 -0300] "GET /cormun/servlet/licenciaspermisos?3ee8472888ab347e051b6e06a83d6c8ab8fed8a2961add74557515f8cd9211351f1f3b7338e299442b99d9bfb67ee014e7459583f6922632c6978d86bff08b320a1f8edb6d60f8e4b99887364085730f9403961002d60fcc261f6b3c60899f9e7a6ea2c73ea2ca595d15bc7d7efbfbe5eb19dc1d66b9b19b36d0b61ccd247c8ebb01a8fd63dcb63e0bbfbca879d53bcd4895a1941dddcd7c8aa875f47fbad585b4efb7d421e12dd2e26b0983316928fe,gx-no-cache=1495745099697 HTTP/1.1" 200 29
186.103.159.182 - - [25/May/2017:17:44:04 -0300] "POST /cormun/servlet/licenciaspermisos?ab2320834e740ef13f6c285acc23c67e,INS,0,,,,gx-no-cache=1495745099743 HTTP/1.1" 200 93
186.103.159.182 - - [25/May/2017:17:44:04 -0300] "GET /cormun/servlet/hpexe_return? HTTP/1.1" 200 1013
186.103.159.182 - - [25/May/2017:17:44:04 -0300] "GET /cormun/servlet/trlicencias HTTP/1.1" 200 8095
186.103.159.182 - - [25/May/2017:17:44:06 -0300] "GET /cormun//static/Resources/PXToolsActionPrint.png HTTP/1.1" 200 3317
186.103.159.182 - - [25/May/2017:17:44:06 -0300] "GET /cormun//static/Resources/PXToolsHeaderHelp.png HTTP/1.1" 200 4055
186.103.159.182 - - [25/May/2017:17:44:06 -0300] "GET /cormun//static/Resources/PXToolsHeaderFavorites.png HTTP/1.1" 200 2744
186.103.159.182 - - [25/May/2017:17:44:06 -0300] "GET /cormun//static/Resources/PXToolsGridDisplay.png HTTP/1.1" 200 362
186.103.159.182 - - [25/May/2017:17:44:06 -0300] "GET /cormun/servlet/trlicencias HTTP/1.1" 200 8090
186.103.159.182 - - [25/May/2017:17:44:10 -0300] "GET /cormun/servlet/licenciaspermisos?UPD,16254422,L,20170525000000, HTTP/1.1" 200 7664
186.103.159.182 - - [25/May/2017:17:44:11 -0300] "GET /cormun/servlet/licenciaspermisos?UPD,16254422,L,20170525000000, HTTP/1.1" 200 7682
186.103.159.182 - - [25/May/2017:17:44:12 -0300] "GET /cormun/servlet/licenciaspermisos?3ee8472888ab347e051b6e06a83d6c8a40465f847e6863c183727b70a278220124cd32760b0112bfe14bb056f40e30bd,gx-no-cache=1495745108298 HTTP/1.1" 200 63
192.168.10.89 - - [25/May/2017:17:44:13 -0300] "GET /cormunbeta/static/menuarrow.gif HTTP/1.1" 404 1023
186.103.159.182 - - [25/May/2017:17:44:15 -0300] "POST /cormun/servlet/licenciaspermisos?ab2320834e740ef13f6c285acc23c67e,UPD,16254422,L,20170525000000,,gx-no-cache=1495745111987 HTTP/1.1" 200 93
186.103.159.182 - - [25/May/2017:17:44:16 -0300] "GET /cormun/servlet/hpexe_return? HTTP/1.1" 200 1029
186.103.159.182 - - [25/May/2017:17:44:16 -0300] "GET /cormun/servlet/trlicencias HTTP/1.1" 200 8095
192.168.10.89 - - [25/May/2017:17:44:16 -0300] "POST /cormunbeta/servlet/trpermisosgoce?77c05b629c7beae217abe4b4bef4bf40,,gx-no-cache=1495745060786 HTTP/1.1" 200 4152
186.103.159.182 - - [25/May/2017:17:44:17 -0300] "GET /cormun/servlet/trlicencias HTTP/1.1" 200 8090
192.168.10.89 - - [25/May/2017:17:44:21 -0300] "POST /cormunbeta/servlet/trpermisosgoce?77c05b629c7beae217abe4b4bef4bf40,,gx-no-cache=1495745066053 HTTP/1.1" 200 5351
186.103.159.182 - - [25/May/2017:17:44:24 -0300] "GET /cormun/servlet/trlicenciaspermisosadjuntos?16254422,20170525000000,L, HTTP/1.1" 200 6414
186.103.159.182 - - [25/May/2017:17:44:24 -0300] "GET /cormun/static/gxcfg.js?20173171154619 HTTP/1.1" 200 953
186.103.159.182 - - [25/May/2017:17:44:25 -0300] "GET /cormun/static/trlicenciaspermisosadjuntos.js?20173171154971 HTTP/1.1" 200 21005
192.168.10.89 - - [25/May/2017:17:44:25 -0300] "GET /cormunbeta/servlet/permisogoce?UPD,7763660,P,20170106135307, HTTP/1.1" 200 7292
192.168.10.89 - - [25/May/2017:17:44:25 -0300] "GET /cormunbeta/static/gxcfg.js?201752511545264 HTTP/1.1" 200 953
192.168.10.89 - - [25/May/2017:17:44:25 -0300] "GET /cormunbeta/static/permisogoce.js?201752511545340 HTTP/1.1" 200 27885
186.103.159.182 - - [25/May/2017:17:44:25 -0300] "GET /cormun/servlet/trlicenciaspermisosadjuntos?16254422,20170525000000,L, HTTP/1.1" 200 6414
192.168.10.89 - - [25/May/2017:17:44:27 -0300] "GET /cormunbeta/servlet/permisogoce?c53f0dfe88c0244e4a8684a3434206c12d60937a1019904eefe6bd710318e8b064135eec4ff0a50e74d9eaf01c04ef0010c2cd76c3941363434cddb53fadf9b4,gx-no-cache=1495745071481 HTTP/1.1" 200 76
192.168.10.89 - - [25/May/2017:17:44:28 -0300] "GET /cormunbeta/servlet/permisogoce?c53f0dfe88c0244e4a8684a3434206c1a7dba12369232f0ceea31ea99eb3e80d1d94104a226c053956e84fcb2fc7a99695866575e5a9647fda45fcdd8ace8f96,gx-no-cache=1495745072559 HTTP/1.1" 200 48
186.103.159.182 - - [25/May/2017:17:44:31 -0300] "GET /cormun/servlet/licenciaspermisosadjuntos?INS,16254422,L,20170525000000,, HTTP/1.1" 200 5713
186.103.159.182 - - [25/May/2017:17:44:31 -0300] "GET /cormun/static/gxcfg.js?201731711421170 HTTP/1.1" 200 953
186.103.159.182 - - [25/May/2017:17:44:31 -0300] "GET /cormun/static/licenciaspermisosadjuntos.js?201731711421181 HTTP/1.1" 200 8757
186.103.159.182 - - [25/May/2017:17:44:31 -0300] "GET /cormun/static/about:blank HTTP/1.1" 404 1011
186.103.159.182 - - [25/May/2017:17:44:32 -0300] "GET /cormun/servlet/licenciaspermisosadjuntos?INS,16254422,L,20170525000000,, HTTP/1.1" 200 5700
192.168.10.89 - - [25/May/2017:17:44:43 -0300] "GET /cormunbeta/servlet/trcontratounov2? HTTP/1.1" 200 17933
192.168.10.89 - - [25/May/2017:17:44:43 -0300] "GET /cormunbeta/static/gxcfg.js?201752512124396 HTTP/1.1" 200 953
192.168.10.89 - - [25/May/2017:17:44:43 -0300] "GET /cormunbeta/static/trcontratounov2.js?201752512125146 HTTP/1.1" 200 38486
192.168.10.89 - - [25/May/2017:17:44:43 -0300] "GET /cormunbeta/static/Resources/PXToolsAddSelectedAction.png HTTP/1.1" 200 3660
186.103.159.182 - - [25/May/2017:17:44:48 -0300] "POST /cormun/servlet/licenciaspermisosadjuntos?ab2320834e740ef13f6c285acc23c67e,INS,16254422,L,20170525000000,, HTTP/1.1" 200 116
186.103.159.182 - - [25/May/2017:17:44:48 -0300] "GET /cormun/servlet/hpexe_return? HTTP/1.1" 200 1043
186.103.159.182 - - [25/May/2017:17:44:49 -0300] "GET /cormun/servlet/trlicenciaspermisosadjuntos?16254422,20170525000000,L, HTTP/1.1" 200 6902
192.168.10.89 - - [25/May/2017:17:44:50 -0300] "GET /cormunbeta/servlet/trpermisosgoce? HTTP/1.1" 200 8489
186.103.159.182 - - [25/May/2017:17:44:50 -0300] "GET /cormun/servlet/trlicenciaspermisosadjuntos?16254422,20170525000000,L, HTTP/1.1" 200 6898
186.103.159.182 - - [25/May/2017:17:44:52 -0300] "POST /cormun/servlet/trlicenciaspermisosadjuntos?ab2320834e740ef13f6c285acc23c67e,16254422,20170525000000,L,,gx-no-cache=1495745148539 HTTP/1.1" 200 90
186.103.159.182 - - [25/May/2017:17:44:52 -0300] "GET /cormun/servlet/hpexe_link HTTP/1.1" 200 986
186.103.159.182 - - [25/May/2017:17:44:52 -0300] "GET /cormun/servlet/trlicencias HTTP/1.1" 200 8092
192.168.10.89 - - [25/May/2017:17:44:53 -0300] "GET /cormunbeta/servlet/permisogoce?UPD,7763660,P,20170106135307, HTTP/1.1" 200 7292
186.103.159.182 - - [25/May/2017:17:44:54 -0300] "GET /cormun/servlet/trlicencias HTTP/1.1" 200 8090
192.168.10.89 - - [25/May/2017:17:44:55 -0300] "GET /cormunbeta/servlet/permisogoce?c53f0dfe88c0244e4a8684a3434206c12d60937a1019904eefe6bd710318e8b064135eec4ff0a50e74d9eaf01c04ef0010c2cd76c3941363434cddb53fadf9b4,gx-no-cache=1495745099848 HTTP/1.1" 200 76
192.168.10.89 - - [25/May/2017:17:44:56 -0300] "GET /cormunbeta/servlet/permisogoce?c53f0dfe88c0244e4a8684a3434206c1a7dba12369232f0ceea31ea99eb3e80d9af72c8dbb0f6904f714fd583f1cb7e095866575e5a9647fda45fcdd8ace8f96,gx-no-cache=1495745100703 HTTP/1.1" 200 48
186.103.159.182 - - [25/May/2017:17:44:58 -0300] "GET /cormun/servlet/licenciaspermisos?INS,0,,, HTTP/1.1" 200 7473
186.103.159.182 - - [25/May/2017:17:44:59 -0300] "GET /cormun/servlet/licenciaspermisos?INS,0,,, HTTP/1.1" 200 7481
192.168.10.89 - - [25/May/2017:17:45:00 -0300] "POST /cormunbeta/servlet/permisogoce?77c05b629c7beae217abe4b4bef4bf40,UPD,7763660,P,20170106135307,,gx-no-cache=1495745104263 HTTP/1.1" 200 93
192.168.10.89 - - [25/May/2017:17:45:00 -0300] "GET /cormunbeta/servlet/hpexe_return? HTTP/1.1" 200 1030
192.168.10.89 - - [25/May/2017:17:45:00 -0300] "GET /cormunbeta/static/Resources/Spanish/PXTools.css?167811 HTTP/1.1" 200 89042
192.168.10.89 - - [25/May/2017:17:45:00 -0300] "GET /cormunbeta/static/gxcfg.js?2016101716175148 HTTP/1.1" 200 953
192.168.10.89 - - [25/May/2017:17:45:00 -0300] "GET /cormunbeta/static/hpexe_return.js?2016101716175153 HTTP/1.1" 200 1633
192.168.10.89 - - [25/May/2017:17:45:00 -0300] "GET /cormunbeta/servlet/trpermisosgoce HTTP/1.1" 200 8487
192.168.10.89 - - [25/May/2017:17:45:11 -0300] "GET /cormunbeta/servlet/apermisogoceprn?7763660,P,20170106135307,PU HTTP/1.1" 200 1662
186.103.159.182 - - [25/May/2017:17:45:14 -0300] "GET /cormun/servlet/licenciaspermisos?3ee8472888ab347e051b6e06a83d6c8a9566e1fe52105f22ea80844e6ef29eb27052ce42f5ae3582ae815df200bbea59,gx-no-cache=1495745170483 HTTP/1.1" 200 66
186.103.159.182 - - [25/May/2017:17:45:14 -0300] "POST /cormun/servlet/licenciaspermisos?ab2320834e740ef13f6c285acc23c67e,INS,0,,,,gx-no-cache=1495745170548 HTTP/1.1" 200 4633
186.103.159.182 - - [25/May/2017:17:45:30 -0300] "GET /cormun/static/menuarrow.gif HTTP/1.1" 404 1015
186.103.159.182 - - [25/May/2017:17:47:42 -0300] "GET /cormun/servlet/licenciaspermisos?3ee8472888ab347e051b6e06a83d6c8afbb796f3260fb56b813b98d47fab36de7329b7c323183ec34300ee3c71f9a0960c65c3040c479f61aaec1384e42fbfdc198e32fb143db739c4c01ba2c6649b490c112770f0703a0d05c3986350075b25b4c58577789a764d2e99c051f8d90e0305571048dd90e8c4efd98261852bb8a4d298ddf503c5d5ba861e3e1c1a2bbc7fdbbd70700bbdfccc71f7f3b1eef59b3b05d59ea31a46c964946e89942b3f55958bd894b002900b6cedd4996214bceb518fcd44d030d79b8af203dda38f31e981b26f4c4a104803a75ae721de74f7ffd0,gx-no-cache=1495745318943 HTTP/1.1" 200 30
186.103.159.182 - - [25/May/2017:17:47:42 -0300] "GET /cormun/servlet/licenciaspermisos?3ee8472888ab347e051b6e06a83d6c8ab8fed8a2961add74557515f8cd9211351f1f3b7338e299442b99d9bfb67ee014e7459583f6922632c6978d86bff08b320a1f8edb6d60f8e4b99887364085730f9403961002d60fcc261f6b3c60899f9e4eea4ba8fe12ba8d54b8ee8fd24e46cfeb19dc1d66b9b19b36d0b61ccd247c8e0d50603644cdff57c63719c1263d9ae3e8e44e25a075c92926f41d21aad074eacb0041ce60bce4f0d0b0fa7b1d700154f7ea8fcce73b29493f9e57051fdfc5a37b73f20abb5fafef330ef55fab22419abac4c49cd8c2b5d361d42611fb7f4fe5,gx-no-cache=1495745319038 HTTP/1.1" 200 29
186.103.159.182 - - [25/May/2017:17:47:43 -0300] "POST /cormun/servlet/licenciaspermisos?ab2320834e740ef13f6c285acc23c67e,INS,0,,,,gx-no-cache=1495745319086 HTTP/1.1" 200 93
186.103.159.182 - - [25/May/2017:17:47:43 -0300] "GET /cormun/servlet/hpexe_return? HTTP/1.1" 200 1013
186.103.159.182 - - [25/May/2017:17:47:43 -0300] "GET /cormun/servlet/trlicencias HTTP/1.1" 200 8443
186.103.159.182 - - [25/May/2017:17:47:45 -0300] "GET /cormun/servlet/trlicencias HTTP/1.1" 200 8438
186.103.159.182 - - [25/May/2017:17:47:49 -0300] "GET /cormun/servlet/trlicenciaspermisosadjuntos?5779897,20170525000000,L, HTTP/1.1" 200 6419
186.103.159.182 - - [25/May/2017:17:47:51 -0300] "GET /cormun/servlet/trlicenciaspermisosadjuntos?5779897,20170525000000,L, HTTP/1.1" 200 6420
186.103.159.182 - - [25/May/2017:17:47:57 -0300] "GET /cormun/servlet/licenciaspermisosadjuntos?INS,5779897,L,20170525000000,, HTTP/1.1" 200 5716
186.103.159.182 - - [25/May/2017:17:47:57 -0300] "GET /cormun/static/about:blank HTTP/1.1" 404 1011
186.103.159.182 - - [25/May/2017:17:47:58 -0300] "GET /cormun/servlet/licenciaspermisosadjuntos?INS,5779897,L,20170525000000,, HTTP/1.1" 200 5705
186.103.159.182 - - [25/May/2017:17:48:11 -0300] "POST /cormun/servlet/licenciaspermisosadjuntos?ab2320834e740ef13f6c285acc23c67e,INS,5779897,L,20170525000000,, HTTP/1.1" 200 116
186.103.159.182 - - [25/May/2017:17:48:11 -0300] "GET /cormun/servlet/hpexe_return? HTTP/1.1" 200 1042
186.103.159.182 - - [25/May/2017:17:48:11 -0300] "GET /cormun/servlet/trlicenciaspermisosadjuntos?5779897,20170525000000,L, HTTP/1.1" 200 6907
186.103.159.182 - - [25/May/2017:17:48:13 -0300] "GET /cormun/servlet/trlicenciaspermisosadjuntos?5779897,20170525000000,L, HTTP/1.1" 200 6904
186.103.159.182 - - [25/May/2017:17:48:15 -0300] "POST /cormun/servlet/trlicenciaspermisosadjuntos?ab2320834e740ef13f6c285acc23c67e,5779897,20170525000000,L,,gx-no-cache=1495745351991 HTTP/1.1" 200 90
186.103.159.182 - - [25/May/2017:17:48:15 -0300] "GET /cormun/servlet/hpexe_link HTTP/1.1" 200 986
186.103.159.182 - - [25/May/2017:17:48:16 -0300] "GET /cormun/servlet/trlicencias HTTP/1.1" 200 8440
186.103.159.182 - - [25/May/2017:17:48:17 -0300] "GET /cormun/servlet/trlicencias HTTP/1.1" 200 8438
186.103.159.182 - - [25/May/2017:17:48:41 -0300] "GET /cormun/servlet/alicenciaprn?5779897,L,20170525000000,PU HTTP/1.1" 200 1544
192.168.10.89 - - [25/May/2017:17:48:49 -0300] "GET /cormunbeta/servlet/trsolicitudot? HTTP/1.1" 200 7548
192.168.10.89 - - [25/May/2017:17:48:49 -0300] "GET /cormunbeta/static/gxcfg.js?20175251233261 HTTP/1.1" 200 953
192.168.10.89 - - [25/May/2017:17:48:49 -0300] "GET /cormunbeta/static/trsolicitudot.js?20175251234175 HTTP/1.1" 200 54041
192.168.10.89 - - [25/May/2017:17:48:53 -0300] "GET /cormunbeta/servlet/solicitudot?INS,0,0, HTTP/1.1" 200 13186
192.168.10.89 - - [25/May/2017:17:48:53 -0300] "GET /cormunbeta/static/gxcfg.js?201752515192861 HTTP/1.1" 200 953
192.168.10.89 - - [25/May/2017:17:48:53 -0300] "GET /cormunbeta/static/solicitudot.js?201752515193047 HTTP/1.1" 200 64231
192.168.10.89 - - [25/May/2017:17:48:59 -0300] "GET /cormunbeta/servlet/prfichaempleado?,MD,,gxPopupLevel%3D0%3B HTTP/1.1" 200 9192
192.168.10.89 - - [25/May/2017:17:48:59 -0300] "GET /cormunbeta/static/gxcfg.js?2017319125415 HTTP/1.1" 200 953
192.168.10.89 - - [25/May/2017:17:48:59 -0300] "GET /cormunbeta/static/prfichaempleado.js?20173191254344 HTTP/1.1" 200 16006
192.168.10.89 - - [25/May/2017:17:48:59 -0300] "GET /cormunbeta/static/menusearch.js?201610171694467 HTTP/1.1" 200 1424
192.168.10.89 - - [25/May/2017:17:48:59 -0300] "GET /cormunbeta/static/hmpwkw011.js?20175251212473 HTTP/1.1" 200 1968
192.168.10.89 - - [25/May/2017:17:49:07 -0300] "POST /cormunbeta/servlet/prfichaempleado?77c05b629c7beae217abe4b4bef4bf40,,MD,,gxPopupLevel%3D0%3B,gx-no-cache=1495745351307 HTTP/1.1" 200 3405
192.168.10.89 - - [25/May/2017:17:49:46 -0300] "POST /cormunbeta/servlet/solicitudot?gx-no-cache=1495745353409 HTTP/1.1" 200 3164
192.168.10.89 - - [25/May/2017:17:49:46 -0300] "GET /cormunbeta/servlet/solicitudot?INS,0,0, HTTP/1.1" 200 13175
192.168.10.89 - - [25/May/2017:17:50:06 -0300] "POST /cormunbeta/servlet/solicitudot?gx-no-cache=1495745410698 HTTP/1.1" 200 3164
192.168.10.89 - - [25/May/2017:17:50:06 -0300] "POST /cormunbeta/servlet/solicitudot?77c05b629c7beae217abe4b4bef4bf40,INS,0,0,,gx-no-cache=1495745410987 HTTP/1.1" 200 9975
192.168.10.89 - - [25/May/2017:17:50:07 -0300] "GET /cormunbeta/servlet/solicitudot?a34d663f44bff4432864fb8a04369109a8aabe2dedbf7a62a8766ca86199000a83ca9a0e8385f6afcb39d59ce818fe2a,gx-no-cache=1495745412324 HTTP/1.1" 200 30
192.168.10.89 - - [25/May/2017:17:50:17 -0300] "POST /cormunbeta/servlet/solicitudot?gx-no-cache=1495745422018 HTTP/1.1" 200 297
192.168.10.89 - - [25/May/2017:17:50:17 -0300] "GET /cormunbeta/servlet/solicitudot?a34d663f44bff4432864fb8a043691091da43efa9861d3940519115e3484d3de66a88078cb4d01c9575fcc6358cc5b0ee481b3da6537695a6e767935e6aee1917ce9adb93ef7cc5c356b76b72be9abbc5ab1554de1ce4a3f2e61bf25aaa843b16d1bbd767fc409860e57a5ef6f62b48ddd6d33b4f8b295ecfb00c09f7317cd2077d84b02d16a4f77a86413debdf45b942bafa6f521115b29988ae6cbedc8a25f3ccea0e8e1c58f09dd0a4390165c87f839d05f78f1c759d81141d55a7aa068fed122addff4d86fb35b0fdd5a569778011a7b2a0c6d4b61e8d4f8e7645d192fb1d50b48825b5b15f593eff56b7a9cbb28157bfe7bf0e6217a3a5aee3a2e302545882dc64f53fb6b69ed97a911b1dae4bd80a1f4d8d3e566b5fff938437d7de21a84136c52152c5af0d0f98b906c3e0f88b4584d433c19fd6110b3d1662aca23e15e80e38f2166c7a08d4703fa0d00330221a80560c46dfb67b479bc0fa23a2ab601135f4a2d449cc3ee7f3b12dc4a1bc2b37be833502210bc9c5d8a0ebb754330486e5da75363dd2c63ae783da1027a5c,gx-no-cache=1495745422061 HTTP/1.1" 200 30
192.168.10.89 - - [25/May/2017:17:50:20 -0300] "POST /cormunbeta/servlet/solicitudot?gx-no-cache=1495745424706 HTTP/1.1" 200 30
192.168.10.89 - - [25/May/2017:17:50:21 -0300] "POST /cormunbeta/servlet/solicitudot?gx-no-cache=1495745425770 HTTP/1.1" 200 1301
192.168.10.89 - - [25/May/2017:17:50:21 -0300] "POST /cormunbeta/servlet/solicitudot?gx-no-cache=1495745426013 HTTP/1.1" 200 38
192.168.10.89 - - [25/May/2017:17:50:25 -0300] "GET /cormunbeta/servlet/solicitudot?a34d663f44bff4432864fb8a04369109e884a3f127e80316255e47f465a52ee621242a8f62ef2d34e44de4534e302c2c5caca8e194fcf8d2d9b5c70ac3b69fd76284f86a7b9c2dfd286a0cc420a68e88a7b3f79b44e3fe2a2a4fe6b1708bf69c0c4c9b564311ec88430e4e1dc216353b,gx-no-cache=1495745430342 HTTP/1.1" 200 29
192.168.10.89 - - [25/May/2017:17:50:25 -0300] "POST /cormunbeta/servlet/solicitudot?gx-no-cache=1495745430401 HTTP/1.1" 200 1280
192.168.10.89 - - [25/May/2017:17:50:28 -0300] "POST /cormunbeta/servlet/solicitudot?gx-no-cache=1495745432753 HTTP/1.1" 200 585
192.168.10.89 - - [25/May/2017:17:50:31 -0300] "POST /cormunbeta/servlet/solicitudot?gx-no-cache=1495745435470 HTTP/1.1" 200 1162
186.103.159.182 - - [25/May/2017:17:50:41 -0300] "POST /cormun/servlet/trlicencias?ab2320834e740ef13f6c285acc23c67e,gx-no-cache=1495745497208 HTTP/1.1" 200 5398
186.103.159.182 - - [25/May/2017:17:50:41 -0300] "GET /cormun/static/Shared/jqueryui/images/ui-bg_highlight-soft_100_c6c2c8_1x100.png HTTP/1.1" 404 1117
186.103.159.182 - - [25/May/2017:17:50:41 -0300] "GET /cormun/static/Shared/jqueryui/images/ui-icons_82798d_256x240.png HTTP/1.1" 404 1089
186.103.159.182 - - [25/May/2017:17:50:41 -0300] "GET /cormun/static/Shared/jqueryui/images/ui-icons_8d78a5_256x240.png HTTP/1.1" 404 1089
186.103.159.182 - - [25/May/2017:17:50:41 -0300] "GET /cormun/static/Shared/jqueryui/images/ui-bg_flat_55_fafafa_40x100.png HTTP/1.1" 404 1097
186.103.159.182 - - [25/May/2017:17:51:32 -0300] "GET /cormun/servlet/trsolicitudot? HTTP/1.1" 200 6861
186.103.159.182 - - [25/May/2017:17:51:33 -0300] "GET /cormun/servlet/trsolicitudot? HTTP/1.1" 200 6861
186.103.159.182 - - [25/May/2017:17:51:35 -0300] "GET /cormun/servlet/solicitudot?INS,0,0, HTTP/1.1" 200 12882
186.103.159.182 - - [25/May/2017:17:51:36 -0300] "GET /cormun/static/gxcfg.js?20171191042720 HTTP/1.1" 200 953
186.103.159.182 - - [25/May/2017:17:51:37 -0300] "GET /cormun/servlet/solicitudot?INS,0,0, HTTP/1.1" 200 12887
186.103.159.182 - - [25/May/2017:17:52:18 -0300] "POST /cormun/servlet/solicitudot?gx-no-cache=1495745594401 HTTP/1.1" 200 3099
192.168.10.89 - - [25/May/2017:17:52:18 -0300] "POST /cormunbeta/servlet/solicitudot?77c05b629c7beae217abe4b4bef4bf40,INS,0,0,,gx-no-cache=1495745543045 HTTP/1.1" 200 93
192.168.10.89 - - [25/May/2017:17:52:18 -0300] "GET /cormunbeta/servlet/hpexe_return? HTTP/1.1" 200 1009
186.103.159.182 - - [25/May/2017:17:52:18 -0300] "POST /cormun/servlet/solicitudot?ab2320834e740ef13f6c285acc23c67e,INS,0,0,,gx-no-cache=1495745594917 HTTP/1.1" 200 9887
192.168.10.89 - - [25/May/2017:17:52:18 -0300] "GET /cormunbeta/servlet/trsolicitudot HTTP/1.1" 200 7552
186.103.159.182 - - [25/May/2017:17:52:19 -0300] "GET /cormun/servlet/solicitudot?bc44bce0a11bfef31c49bc0b6dcb1f2da9715d1e29a20b16a1541d2a222aac1f60bd83b45bb59991a8a657ad94d70df6,gx-no-cache=1495745596038 HTTP/1.1" 200 30
192.168.10.89 - - [25/May/2017:17:52:22 -0300] "GET /cormunbeta/servlet/solicitudot?INS,0,0, HTTP/1.1" 200 13186
192.168.10.89 - - [25/May/2017:17:52:40 -0300] "POST /cormunbeta/servlet/solicitudot?gx-no-cache=1495745565268 HTTP/1.1" 200 3092
192.168.10.89 - - [25/May/2017:17:52:41 -0300] "POST /cormunbeta/servlet/solicitudot?77c05b629c7beae217abe4b4bef4bf40,INS,0,0,,gx-no-cache=1495745565494 HTTP/1.1" 200 9908
192.168.10.89 - - [25/May/2017:17:52:43 -0300] "GET /cormunbeta/servlet/solicitudot?a34d663f44bff4432864fb8a04369109aa09597443924ada8a4c4f2006b6f50f5c9ca5df2b186210208a9a3aa09ebd3b,gx-no-cache=1495745568047 HTTP/1.1" 200 30
186.103.159.182 - - [25/May/2017:17:52:52 -0300] "GET /cormun/servlet/trlicencias? HTTP/1.1" 200 8096
186.103.159.182 - - [25/May/2017:17:52:54 -0300] "GET /cormun/servlet/trlicencias? HTTP/1.1" 200 8090
186.103.159.182 - - [25/May/2017:17:53:01 -0300] "GET /cormun/servlet/licenciaspermisos?UPD,16254422,L,20170525000000, HTTP/1.1" 200 7664
186.103.159.182 - - [25/May/2017:17:53:02 -0300] "GET /cormun/servlet/licenciaspermisos?UPD,16254422,L,20170525000000, HTTP/1.1" 200 7682
186.103.159.182 - - [25/May/2017:17:53:02 -0300] "GET /cormun/servlet/licenciaspermisos?3ee8472888ab347e051b6e06a83d6c8a40465f847e6863c183727b70a278220124cd32760b0112bfe14bb056f40e30bd,gx-no-cache=1495745639031 HTTP/1.1" 200 63
186.103.159.182 - - [25/May/2017:17:53:08 -0300] "GET /cormun/servlet/licenciaspermisos?3ee8472888ab347e051b6e06a83d6c8a1df61e95a21ec692b848eecaebc5716e591dbe8af84204ceb6c6c6d8fab7f70d0c65c3040c479f61aaec1384e42fbfdc198e32fb143db739c4c01ba2c6649b490c112770f0703a0d05c3986350075b25b4c58577789a764d2e99c051f8d90e0305571048dd90e8c4efd98261852bb8a4d298ddf503c5d5ba861e3e1c1a2bbc7fdbbd70700bbdfccc71f7f3b1eef59b3b05d59ea31a46c964946e89942b3f55958bd894b002900b6cedd4996214bceb518fcd44d030d79b8af203dda38f31e981f4c26767534e45a0f846a03074a2b623,gx-no-cache=1495745644501 HTTP/1.1" 200 30
186.103.159.182 - - [25/May/2017:17:53:08 -0300] "POST /cormun/servlet/licenciaspermisos?ab2320834e740ef13f6c285acc23c67e,UPD,16254422,L,20170525000000,,gx-no-cache=1495745644568 HTTP/1.1" 200 4734
186.103.159.182 - - [25/May/2017:17:53:12 -0300] "GET /cormun/static/Resources/resize.gif HTTP/1.1" 200 77
186.103.159.182 - - [25/May/2017:17:53:12 -0300] "GET /cormun/servlet/prfichaempleado?,MD,,gxPopupLevel%3D0%3B HTTP/1.1" 200 8935
186.103.159.182 - - [25/May/2017:17:53:12 -0300] "GET /cormun/static/gxcfg.js?2017319125415 HTTP/1.1" 200 953
186.103.159.182 - - [25/May/2017:17:53:12 -0300] "GET /cormun/static/Resources/PXToolsMenuSearch.png HTTP/1.1" 200 2914
186.103.159.182 - - [25/May/2017:17:53:12 -0300] "GET /cormun/static/menusearch.js?201610171694467 HTTP/1.1" 200 1424
186.103.159.182 - - [25/May/2017:17:53:12 -0300] "GET /cormun/static/Resources/PXToolsMenuSearchCancel.png HTTP/1.1" 200 2972
186.103.159.182 - - [25/May/2017:17:53:12 -0300] "GET /cormun/static/hmpwkw011.js?201731711483558 HTTP/1.1" 200 1968
186.103.159.182 - - [25/May/2017:17:53:12 -0300] "GET /cormun/static/prfichaempleado.js?20173191254344 HTTP/1.1" 200 15951
186.103.159.182 - - [25/May/2017:17:53:21 -0300] "POST /cormun/servlet/prfichaempleado?ab2320834e740ef13f6c285acc23c67e,,MD,,gxPopupLevel%3D0%3B,gx-no-cache=1495745657079 HTTP/1.1" 200 4140
186.103.159.182 - - [25/May/2017:17:53:30 -0300] "GET /cormun/servlet/licenciaspermisos?3ee8472888ab347e051b6e06a83d6c8ab8fed8a2961add74557515f8cd921135b525252a855b35b1860c12052ce39f91e7459583f6922632c6978d86bff08b320a1f8edb6d60f8e4b99887364085730f9403961002d60fcc261f6b3c60899f9e4eea4ba8fe12ba8d54b8ee8fd24e46cfeb19dc1d66b9b19b36d0b61ccd247c8e0d50603644cdff57c63719c1263d9ae3e8e44e25a075c92926f41d21aad074eacb0041ce60bce4f0d0b0fa7b1d700154f7ea8fcce73b29493f9e57051fdfc5a37b73f20abb5fafef330ef55fab22419ab42354630efdbb38b580b26bfff05f66b4efb7d421e12dd2e26b0983316928fe,gx-no-cache=1495745666945 HTTP/1.1" 200 62
186.103.159.182 - - [25/May/2017:17:53:31 -0300] "POST /cormun/servlet/licenciaspermisos?ab2320834e740ef13f6c285acc23c67e,UPD,16254422,L,20170525000000,,gx-no-cache=1495745667180 HTTP/1.1" 200 93
186.103.159.182 - - [25/May/2017:17:53:31 -0300] "GET /cormun/servlet/hpexe_return? HTTP/1.1" 200 1029
186.103.159.182 - - [25/May/2017:17:53:31 -0300] "GET /cormun/servlet/trlicencias HTTP/1.1" 200 8133
186.103.159.182 - - [25/May/2017:17:53:32 -0300] "GET /cormun/servlet/trlicencias HTTP/1.1" 200 8128
186.103.159.182 - - [25/May/2017:17:53:45 -0300] "GET /cormun/servlet/alicenciaprn?16254422,L,20170525000000,PU HTTP/1.1" 200 1580
192.168.10.89 - - [25/May/2017:17:54:18 -0300] "POST /cormunbeta/servlet/solicitudot?77c05b629c7beae217abe4b4bef4bf40,INS,0,0,,gx-no-cache=1495745662636 HTTP/1.1" 200 93
192.168.10.89 - - [25/May/2017:17:54:18 -0300] "GET /cormunbeta/servlet/hpexe_return? HTTP/1.1" 200 1009
192.168.10.89 - - [25/May/2017:17:54:18 -0300] "GET /cormunbeta/servlet/trsolicitudot HTTP/1.1" 200 7552
186.103.159.182 - - [25/May/2017:17:54:20 -0300] "POST /cormun/servlet/trlicencias?ab2320834e740ef13f6c285acc23c67e,gx-no-cache=1495745716418 HTTP/1.1" 200 4277
186.103.159.182 - - [25/May/2017:17:54:20 -0300] "GET /cormun/static/Shared/jqueryui/images/ui-bg_highlight-soft_100_c6c2c8_1x100.png HTTP/1.1" 404 1117
186.103.159.182 - - [25/May/2017:17:54:20 -0300] "GET /cormun/static/Shared/jqueryui/images/ui-icons_82798d_256x240.png HTTP/1.1" 404 1089
186.103.159.182 - - [25/May/2017:17:54:20 -0300] "GET /cormun/static/Shared/jqueryui/images/ui-bg_flat_55_fafafa_40x100.png HTTP/1.1" 404 1097
186.103.159.182 - - [25/May/2017:17:54:20 -0300] "GET /cormun/static/Shared/jqueryui/images/ui-icons_8d78a5_256x240.png HTTP/1.1" 404 1089
192.168.10.89 - - [25/May/2017:17:54:21 -0300] "GET /cormunbeta/servlet/solicitudot?INS,0,0, HTTP/1.1" 200 13186
186.103.159.182 - - [25/May/2017:17:54:23 -0300] "GET /cormun/servlet/trsolicitudot? HTTP/1.1" 200 6861
186.103.159.182 - - [25/May/2017:17:54:24 -0300] "GET /cormun/servlet/trsolicitudot? HTTP/1.1" 200 6861
192.168.10.89 - - [25/May/2017:17:54:26 -0300] "GET /cormunbeta/servlet/prfichaempleado?,MD,,gxPopupLevel%3D0%3B HTTP/1.1" 200 9192
192.168.10.89 - - [25/May/2017:17:54:31 -0300] "POST /cormunbeta/servlet/prfichaempleado?77c05b629c7beae217abe4b4bef4bf40,,MD,,gxPopupLevel%3D0%3B,gx-no-cache=1495745676197 HTTP/1.1" 200 3404
192.168.10.89 - - [25/May/2017:17:54:33 -0300] "POST /cormunbeta/servlet/solicitudot?gx-no-cache=1495745678142 HTTP/1.1" 200 3175
192.168.10.89 - - [25/May/2017:17:54:34 -0300] "POST /cormunbeta/servlet/solicitudot?77c05b629c7beae217abe4b4bef4bf40,INS,0,0,,gx-no-cache=1495745678402 HTTP/1.1" 200 10000
192.168.10.89 - - [25/May/2017:17:54:36 -0300] "GET /cormunbeta/servlet/solicitudot?a34d663f44bff4432864fb8a04369109931e9993b125104cbe685cd8167d85835c9ca5df2b186210208a9a3aa09ebd3b,gx-no-cache=1495745680691 HTTP/1.1" 200 30
192.168.10.89 - - [25/May/2017:17:54:39 -0300] "POST /cormunbeta/servlet/solicitudot?gx-no-cache=1495745683619 HTTP/1.1" 200 255
192.168.10.89 - - [25/May/2017:17:54:39 -0300] "GET /cormunbeta/servlet/solicitudot?a34d663f44bff4432864fb8a043691091da43efa9861d3940519115e3484d3ded7d07f275a7e0e375567822ee0cc24abe481b3da6537695a6e767935e6aee1917ce9adb93ef7cc5c356b76b72be9abbc5ab1554de1ce4a3f2e61bf25aaa843b16d1bbd767fc409860e57a5ef6f62b48ddd6d33b4f8b295ecfb00c09f7317cd2077d84b02d16a4f77a86413debdf45b942bafa6f521115b29988ae6cbedc8a25f3ccea0e8e1c58f09dd0a4390165c87f839d05f78f1c759d81141d55a7aa068fed122addff4d86fb35b0fdd5a569778011a7b2a0c6d4b61e8d4f8e7645d192fb1d50b48825b5b15f593eff56b7a9cbb281ff1070209880f78d64503563bad57c7882dc64f53fb6b69ed97a911b1dae4bd974a7618b106741e27c6d92864a26638995fc415f9a36be8ab13dd8845edecfcfd89e3fcb238d5f6e901a0cceb6a8dedfd1e72458a5b15319405792097abf1cc6c2816da5afc9509c0c3329ad93ee7ad1fa64825b5ffe6b3ea5b30dfd50e50ab08e27b1274496e118b5c77e3f8bba7c4,gx-no-cache=1495745683659 HTTP/1.1" 200 30
192.168.10.89 - - [25/May/2017:17:54:40 -0300] "POST /cormunbeta/servlet/solicitudot?gx-no-cache=1495745685198 HTTP/1.1" 200 30
192.168.10.89 - - [25/May/2017:17:54:42 -0300] "GET /cormunbeta/servlet/prcontratosol?16494338,,,,,MD,,gxPopupLevel%3D0%3B HTTP/1.1" 200 6313
192.168.10.89 - - [25/May/2017:17:54:43 -0300] "GET /cormunbeta/static/gxcfg.js?201731711522183 HTTP/1.1" 200 953
192.168.10.89 - - [25/May/2017:17:54:43 -0300] "GET /cormunbeta/static/Resources/PXToolsGridPrevious.gif HTTP/1.1" 200 369
192.168.10.89 - - [25/May/2017:17:54:43 -0300] "GET /cormunbeta/static/Resources/PXToolsGridFirst.gif HTTP/1.1" 200 379
192.168.10.89 - - [25/May/2017:17:54:43 -0300] "GET /cormunbeta/static/prcontratosol.js?201731711522419 HTTP/1.1" 200 14084
192.168.10.89 - - [25/May/2017:17:54:45 -0300] "POST /cormunbeta/servlet/solicitudot?gx-no-cache=1495745689525 HTTP/1.1" 200 1301
192.168.10.89 - - [25/May/2017:17:54:45 -0300] "POST /cormunbeta/servlet/solicitudot?gx-no-cache=1495745689702 HTTP/1.1" 200 38
192.168.10.89 - - [25/May/2017:17:54:45 -0300] "GET /cormunbeta/servlet/solicitudot?a34d663f44bff4432864fb8a04369109e884a3f127e80316255e47f465a52ee621242a8f62ef2d34e44de4534e302c2cd14fb16288ee22b893626f2e9bb46295ac832a2919c54ac149646ba7d2f57f8891bdbee61450c6e402cc0f99ced18b4aaab7aaf636914b249bd2d383b8173dd1d102f1756a1e41667cd7fbf9a4715e42b4d21d6c9f56326f0e10aeb03b43f3f253f1d36f142062bc982044666db11d01,gx-no-cache=1495745689732 HTTP/1.1" 200 29
192.168.10.89 - - [25/May/2017:17:54:45 -0300] "POST /cormunbeta/servlet/solicitudot?gx-no-cache=1495745689758 HTTP/1.1" 200 1280
192.168.10.89 - - [25/May/2017:17:54:45 -0300] "POST /cormunbeta/servlet/solicitudot?gx-no-cache=1495745689805 HTTP/1.1" 200 1162
186.103.159.182 - - [25/May/2017:17:54:57 -0300] "GET /cormun/servlet/solicitudot?INS,0,0, HTTP/1.1" 200 12883
186.103.159.182 - - [25/May/2017:17:54:58 -0300] "GET /cormun/servlet/solicitudot?INS,0,0, HTTP/1.1" 200 12888
192.168.10.89 - - [25/May/2017:17:55:00 -0300] "GET /cormunbeta/servlet/solicitudot?a34d663f44bff4432864fb8a04369109e884a3f127e80316255e47f465a52ee621242a8f62ef2d34e44de4534e302c2cd14fb16288ee22b893626f2e9bb46295ac832a2919c54ac149646ba7d2f57f8891bdbee61450c6e402cc0f99ced18b4aaab7aaf636914b249bd2d383b8173dd1d102f1756a1e41667cd7fbf9a4715e42b4d21d6c9f56326f0e10aeb03b43f3f253f1d36f142062bc982044666db11d01,gx-no-cache=1495745704800 HTTP/1.1" 200 29
192.168.10.89 - - [25/May/2017:17:55:00 -0300] "POST /cormunbeta/servlet/solicitudot?gx-no-cache=1495745704867 HTTP/1.1" 200 1280
192.168.10.89 - - [25/May/2017:17:55:01 -0300] "POST /cormunbeta/servlet/solicitudot?gx-no-cache=1495745705646 HTTP/1.1" 200 1162
192.168.10.89 - - [25/May/2017:17:55:09 -0300] "POST /cormunbeta/servlet/solicitudot?gx-no-cache=1495745713277 HTTP/1.1" 200 151
192.168.10.89 - - [25/May/2017:17:55:09 -0300] "GET /cormunbeta/static/Shared/jqueryui/images/ui-icons_ebccce_256x240.png HTTP/1.1" 404 1097
192.168.10.89 - - [25/May/2017:17:55:09 -0300] "GET /cormunbeta/static/Shared/jqueryui/images/ui-bg_flat_55_994d53_40x100.png HTTP/1.1" 404 1105
192.168.10.89 - - [25/May/2017:17:55:09 -0300] "GET /cormunbeta/static/Shared/jqueryui/images/ui-icons_82798d_256x240.png HTTP/1.1" 404 1097
192.168.10.89 - - [25/May/2017:17:55:09 -0300] "GET /cormunbeta/static/Shared/jqueryui/images/ui-bg_highlight-soft_100_c6c2c8_1x100.png HTTP/1.1" 404 1125
186.103.159.182 - - [25/May/2017:17:55:21 -0300] "POST /cormun/servlet/solicitudot?gx-no-cache=1495745778037 HTTP/1.1" 200 3099
186.103.159.182 - - [25/May/2017:17:55:22 -0300] "POST /cormun/servlet/solicitudot?ab2320834e740ef13f6c285acc23c67e,INS,0,0,,gx-no-cache=1495745778273 HTTP/1.1" 200 9888
192.168.10.89 - - [25/May/2017:17:55:23 -0300] "POST /cormunbeta/servlet/solicitudot?gx-no-cache=1495745727774 HTTP/1.1" 200 131
186.103.159.182 - - [25/May/2017:17:55:23 -0300] "GET /cormun/servlet/solicitudot?bc44bce0a11bfef31c49bc0b6dcb1f2da9715d1e29a20b16a1541d2a222aac1f60bd83b45bb59991a8a657ad94d70df6,gx-no-cache=1495745779660 HTTP/1.1" 200 30
192.168.10.89 - - [25/May/2017:17:55:31 -0300] "POST /cormunbeta/servlet/solicitudot?gx-no-cache=1495745735889 HTTP/1.1" 200 131
192.168.10.89 - - [25/May/2017:17:55:35 -0300] "POST /cormunbeta/servlet/solicitudot?77c05b629c7beae217abe4b4bef4bf40,INS,0,0,,gx-no-cache=1495745739656 HTTP/1.1" 200 11328
192.168.10.89 - - [25/May/2017:17:55:41 -0300] "GET /cormunbeta/servlet/prcontratosol?16494338,,,,,MD,,gxPopupLevel%3D0%3B HTTP/1.1" 200 6313
192.168.10.89 - - [25/May/2017:17:55:49 -0300] "POST /cormunbeta/servlet/solicitudot?gx-no-cache=1495745753671 HTTP/1.1" 200 1296
192.168.10.89 - - [25/May/2017:17:55:49 -0300] "POST /cormunbeta/servlet/solicitudot?gx-no-cache=1495745753753 HTTP/1.1" 200 41
192.168.10.89 - - [25/May/2017:17:55:49 -0300] "POST /cormunbeta/servlet/solicitudot?gx-no-cache=1495745753788 HTTP/1.1" 200 1280
192.168.10.89 - - [25/May/2017:17:55:49 -0300] "POST /cormunbeta/servlet/solicitudot?gx-no-cache=1495745753857 HTTP/1.1" 200 1162
192.168.10.89 - - [25/May/2017:17:55:51 -0300] "POST /cormunbeta/servlet/solicitudot?gx-no-cache=1495745756176 HTTP/1.1" 200 33
192.168.10.89 - - [25/May/2017:17:55:57 -0300] "POST /cormunbeta/servlet/solicitudot?gx-no-cache=1495745761778 HTTP/1.1" 200 131
192.168.10.89 - - [25/May/2017:17:55:57 -0300] "POST /cormunbeta/servlet/solicitudot?77c05b629c7beae217abe4b4bef4bf40,INS,0,0,,gx-no-cache=1495745761841 HTTP/1.1" 200 11375
192.168.10.89 - - [25/May/2017:17:57:27 -0300] "POST /cormunbeta/servlet/solicitudot?77c05b629c7beae217abe4b4bef4bf40,INS,0,0,,gx-no-cache=1495745852137 HTTP/1.1" 200 11424
186.103.159.182 - - [25/May/2017:17:57:29 -0300] "POST /cormun/servlet/solicitudot?gx-no-cache=1495745905647 HTTP/1.1" 200 255
186.103.159.182 - - [25/May/2017:17:57:32 -0300] "GET /cormun/servlet/solicitudot?bc44bce0a11bfef31c49bc0b6dcb1f2d0854735303f1fd0c15035e6711b41cfda0db939805816d9c3c86a1fea3a33053858a8143741ba4d86ce8bb37c026e6efa6b859073819bb5964b5572e9cb915f64846e25d6e92a679c0ec889200e6df09f8ea0e7196a2803d729572b5895d75940df464514c1b6f8d233074829febc0550eb24370109e35e55d5393304c1dc111f79c4ae2364840281df2ce2486ade5c2e3fa18051b729d4a3512f391c045380c3a12e862fe82bf558da1d050cc9b547e45ad2f88c2894f36cdbae043fcac8bd99406eae4cdedabb06327c539764c1f29604409bb5b36f8fc477d863c5f442f2e3b99b65bff8b46e9fcd39561a9dd52290c65c3040c479f61aaec1384e42fbfdcf5818bdb1d1f6a76a246266dd3b65f569e3a5151840774b8446bb6d948a8aa9478066749d7e65a8db109dd6d6bdac4ef8ec0d7c94c766554805e4a3b06324807df47cd62cd88c81ded1cac89a631725bea7aae756482d7c2a80fd2dc5bc73a507293a52f86b6dbe47f6991ae54702e2d,gx-no-cache=1495745907841 HTTP/1.1" 200 30
186.103.159.182 - - [25/May/2017:17:57:42 -0300] "POST /cormun/servlet/solicitudot?gx-no-cache=1495745918097 HTTP/1.1" 200 30
186.103.159.182 - - [25/May/2017:17:57:42 -0300] "POST /cormun/servlet/solicitudot?gx-no-cache=1495745918228 HTTP/1.1" 200 235
186.103.159.182 - - [25/May/2017:17:57:42 -0300] "POST /cormun/servlet/solicitudot?gx-no-cache=1495745918320 HTTP/1.1" 200 38
157.55.39.246 - - [25/May/2017:17:58:14 -0300] "GET /cormun/servlet/trsolicitudadjuntos?2017,5627, HTTP/1.1" 200 8333
192.168.10.89 - - [25/May/2017:17:58:32 -0300] "POST /cormunbeta/servlet/solicitudot?77c05b629c7beae217abe4b4bef4bf40,INS,0,0,,gx-no-cache=1495745916513 HTTP/1.1" 200 93
192.168.10.89 - - [25/May/2017:17:58:32 -0300] "GET /cormunbeta/servlet/hpexe_return? HTTP/1.1" 200 1009
192.168.10.89 - - [25/May/2017:17:58:32 -0300] "GET /cormunbeta/static/gxcfg.js?2016101716175148 HTTP/1.1" 304 -
192.168.10.89 - - [25/May/2017:17:58:32 -0300] "GET /cormunbeta/servlet/trsolicitudot HTTP/1.1" 200 7552
192.168.10.89 - - [25/May/2017:17:58:34 -0300] "GET /cormunbeta/servlet/hlogin HTTP/1.1" 200 1737
192.168.10.89 - - [25/May/2017:17:58:34 -0300] "GET /cormunbeta/static/gxcfg.js?20175251213516 HTTP/1.1" 304 -
186.103.159.182 - - [25/May/2017:18:02:10 -0300] "POST /cormun/servlet/solicitudot?gx-no-cache=1495746186724 HTTP/1.1" 200 30
186.103.159.182 - - [25/May/2017:18:03:09 -0300] "POST /cormun/servlet/solicitudot?gx-no-cache=1495746245839 HTTP/1.1" 200 238
186.103.159.182 - - [25/May/2017:18:03:12 -0300] "GET /cormun/servlet/solicitudot?bc44bce0a11bfef31c49bc0b6dcb1f2d0854735303f1fd0c15035e6711b41cfd8a47bf4cab8806f66a4da28a5e0746a1858a8143741ba4d86ce8bb37c026e6efa6b859073819bb5964b5572e9cb915f64846e25d6e92a679c0ec889200e6df09f8ea0e7196a2803d729572b5895d75940df464514c1b6f8d233074829febc0550eb24370109e35e55d5393304c1dc111f79c4ae2364840281df2ce2486ade5c2e3fa18051b729d4a3512f391c045380c3a12e862fe82bf558da1d050cc9b547e45ad2f88c2894f36cdbae043fcac8bd99406eae4cdedabb06327c539764c1f29604409bb5b36f8fc477d863c5f442f2e3b99b65bff8b46e9fcd39561a9dd52290c65c3040c479f61aaec1384e42fbfdcf9c21385673afc7232408a137f5b8af0a9c19d598fbf8ec8dc2168d76cbd05301c0a94da364f5e01ede3c298166d35684c6d6eaa39162910532c05233195402a7067d8faba48dede49b5cc33ac3a42c6141e2317227d1696e58a04387b05f0d92153f881756987cf285c7bec3a18d109,gx-no-cache=1495746248380 HTTP/1.1" 200 30
186.103.159.182 - - [25/May/2017:18:03:15 -0300] "POST /cormun/servlet/solicitudot?gx-no-cache=1495746252004 HTTP/1.1" 200 30
186.103.159.182 - - [25/May/2017:18:03:26 -0300] "GET /cormun/servlet/prfichaempleado?,MD,,gxPopupLevel%3D0%3B HTTP/1.1" 200 8918
186.103.159.182 - - [25/May/2017:18:03:36 -0300] "POST /cormun/servlet/prfichaempleado?ab2320834e740ef13f6c285acc23c67e,,MD,,gxPopupLevel%3D0%3B,gx-no-cache=1495746272322 HTTP/1.1" 200 5952
186.103.159.182 - - [25/May/2017:18:03:36 -0300] "GET /cormun/static/Resources/PXToolsGridNext.gif HTTP/1.1" 200 369
186.103.159.182 - - [25/May/2017:18:03:36 -0300] "GET /cormun/static/Resources/PXToolsGridLast.gif HTTP/1.1" 200 370
186.103.159.182 - - [25/May/2017:18:04:39 -0300] "POST /cormun/servlet/prfichaempleado?ab2320834e740ef13f6c285acc23c67e,,MD,,gxPopupLevel%3D0%3B,gx-no-cache=1495746335180 HTTP/1.1" 200 3397
186.103.159.182 - - [25/May/2017:18:05:07 -0300] "POST /cormun/servlet/solicitudot?gx-no-cache=1495746363297 HTTP/1.1" 200 1297
186.103.159.182 - - [25/May/2017:18:05:07 -0300] "GET /cormun/static/menuarrow.gif HTTP/1.1" 404 1015
186.103.159.182 - - [25/May/2017:18:05:14 -0300] "GET /cormun/servlet/prlicenciaspermisos?8266126,L,,MD,,gxPopupLevel%3D0%3B HTTP/1.1" 200 6567
186.103.159.182 - - [25/May/2017:18:05:14 -0300] "GET /cormun/static/gxcfg.js?201741111445743 HTTP/1.1" 200 953
186.103.159.182 - - [25/May/2017:18:05:14 -0300] "GET /cormun/static/prlicenciaspermisos.js?201741111445890 HTTP/1.1" 200 13360
186.103.159.182 - - [25/May/2017:18:05:39 -0300] "POST /cormun/servlet/solicitudot?gx-no-cache=1495746395176 HTTP/1.1" 200 41
186.103.159.182 - - [25/May/2017:18:06:31 -0300] "GET /cormun/servlet/solicitudot?bc44bce0a11bfef31c49bc0b6dcb1f2d513d6b978a8ca3295524a76ae35253a07bf7b2afdc86fd037b8da22ebf990ecafc90cad7e38f49192e285e936fbefd20b6efa9d6113dfb23e872129ff442f902005ee38f3b51df18df90b554bf206983ea9d14ba48c9291dbd327b991c5ffe98,gx-no-cache=1495746447968 HTTP/1.1" 200 29
186.103.159.182 - - [25/May/2017:18:06:32 -0300] "POST /cormun/servlet/solicitudot?gx-no-cache=1495746448039 HTTP/1.1" 200 1280
186.103.159.182 - - [25/May/2017:18:06:32 -0300] "POST /cormun/servlet/solicitudot?gx-no-cache=1495746448477 HTTP/1.1" 200 1162
186.103.159.182 - - [25/May/2017:18:06:35 -0300] "POST /cormun/servlet/solicitudot?gx-no-cache=1495746450914 HTTP/1.1" 200 1280
186.103.159.182 - - [25/May/2017:18:06:35 -0300] "POST /cormun/servlet/solicitudot?gx-no-cache=1495746451381 HTTP/1.1" 200 1162
186.103.159.182 - - [25/May/2017:18:06:37 -0300] "GET /cormun/servlet/solicitudot?bc44bce0a11bfef31c49bc0b6dcb1f2d149e9ff3fac85deb74ef7ea231d3553d3aec200b3a82536373a2d7c8397bd35843c2963b5ef6fe550b3717337ec3702010d86da01ec5bbbd9c8d18736bef9e78b4867018f0dc30c37e416bf1ca59b5e79ae48064da224571f7ffc3f5097e6f2a85ff46dfd40df1611c2f3b096805fcf38924ce1d5f943f0f84cef834d93ae83b0b8f465c770703feb6d2cf9c3b20f0eab951a5e077861c08bc68db490d19ed97c42e1aec4664e672eda128341f70fc5f,gx-no-cache=1495746453170 HTTP/1.1" 200 30
186.103.159.182 - - [25/May/2017:18:07:16 -0300] "POST /cormun/servlet/solicitudot?ab2320834e740ef13f6c285acc23c67e,INS,0,0,,gx-no-cache=1495746492616 HTTP/1.1" 200 93
186.103.159.182 - - [25/May/2017:18:07:16 -0300] "GET /cormun/servlet/hpexe_return? HTTP/1.1" 200 1008
186.103.159.182 - - [25/May/2017:18:07:17 -0300] "GET /cormun/servlet/trsolicitudot HTTP/1.1" 200 8216
186.103.159.182 - - [25/May/2017:18:07:18 -0300] "GET /cormun/servlet/trsolicitudot HTTP/1.1" 200 8212
186.103.159.182 - - [25/May/2017:18:07:31 -0300] "POST /cormun/servlet/trsolicitudot?ab2320834e740ef13f6c285acc23c67e,gx-no-cache=1495746507219 HTTP/1.1" 200 106
186.103.159.182 - - [25/May/2017:18:07:31 -0300] "GET /cormun/servlet/trsolicitudadjuntos?2017,6641, HTTP/1.1" 200 6169
186.103.159.182 - - [25/May/2017:18:07:32 -0300] "GET /cormun/servlet/trsolicitudadjuntos?2017,6641, HTTP/1.1" 200 6169
186.103.159.182 - - [25/May/2017:18:07:34 -0300] "GET /cormun/servlet/solicitudotadjuntos?INS,2017,6641,,1, HTTP/1.1" 200 6105
186.103.159.182 - - [25/May/2017:18:07:34 -0300] "GET /cormun/static/about:blank HTTP/1.1" 404 1011
186.103.159.182 - - [25/May/2017:18:07:35 -0300] "GET /cormun/servlet/solicitudotadjuntos?INS,2017,6641,,1, HTTP/1.1" 200 6098
