186.103.156.166 - - [25/May/2017:13:57:47 -0300] "GET /cormun/servlet/licenciaspermisos?c2fc4a5925174038057ed787a94d03d8aaade0e5094d2cd92b0c95f747fc4e97039d56080b73e88b6d03932a148ba1cb97663122fdd6a6cf532bd5e8668052b3f9d4cf04b73fdef241303cbad559650c9f33f6a04031aafa61594e6e6b27a0b8581acd81ad24ff6bb3c01eb613a9d30f35cebd7637ea8b0b051599e3bd68f54023449f2a022263cd18e1a232b624b48e8171f0445d93504a5d576e8599c509224454334b978552342c5e0d3df09b2452508f0e4d7b7797ad93147b937374fcad497c8fab8983670ce62729df41f700d88b5f6e5db0c365982fea2892c3db168a,gx-no-cache=1495731517232 HTTP/1.1" 200 30
186.103.156.166 - - [25/May/2017:13:57:47 -0300] "POST /cormun/servlet/licenciaspermisos?f6e6b4e0d6a0e8e2a94cb0352ad3a4cf,INS,0,,,,gx-no-cache=1495731517280 HTTP/1.1" 200 4524
46.174.191.29 - - [25/May/2017:13:58:10 -0300] "GET / HTTP/1.0" 200 11197
207.46.13.34 - - [25/May/2017:13:58:50 -0300] "GET /cormun/static/Shared/ext/ext-all.js HTTP/1.1" 200 1289687
186.103.156.166 - - [25/May/2017:13:59:08 -0300] "GET /cormun/servlet/licenciaspermisos?c2fc4a5925174038057ed787a94d03d84bcd61d2fef5f759ec47cb3027c2e8a0fa82bd4130851f997831c1844e5c5b3b4995366f86343845692ccaca7cc82c7e31046eb4d18e4f5ac99875886cc24a2ecf70715201ec0f835fcc2ace5d44e57508def7dd30854500f56e136a340c3ef8606be0330b6218d587321b5ea6cfb51dbb113ee725f45a8e270c8653e63c619ccf9a28702d60f08cd399be93c50043d6f6abe3ec908c7b7f6c22771363a631cf52449775fbb8f4027eda10a82a6094b8a99a6bf1233576d87695b550ae715f69dc21adda50d7294fe327eef450a9a71f,gx-no-cache=1495731598572 HTTP/1.1" 200 29
186.103.156.166 - - [25/May/2017:13:59:08 -0300] "POST /cormun/servlet/licenciaspermisos?f6e6b4e0d6a0e8e2a94cb0352ad3a4cf,INS,0,,,,gx-no-cache=1495731598618 HTTP/1.1" 200 93
186.103.156.166 - - [25/May/2017:13:59:08 -0300] "GET /cormun/servlet/hpexe_return? HTTP/1.1" 200 1011
186.103.156.166 - - [25/May/2017:13:59:08 -0300] "GET /cormun/static/Resources/Spanish/PXTools.css?167811 HTTP/1.1" 304 -
186.103.156.166 - - [25/May/2017:13:59:08 -0300] "GET /cormun/static/hpexe_return.js?2016101716175153 HTTP/1.1" 304 -
186.103.156.166 - - [25/May/2017:13:59:08 -0300] "GET /cormun/servlet/trlicencias HTTP/1.1" 200 7737
186.103.156.166 - - [25/May/2017:13:59:09 -0300] "GET /cormun/servlet/trlicencias HTTP/1.1" 200 7733
186.103.248.213 - - [25/May/2017:13:59:31 -0300] "POST /cormun/servlet/hlogin?19fbb7b00469d88bc9cc1cb4c004c5ac,gx-no-cache=1495731632288 HTTP/1.1" 200 90
186.103.248.213 - - [25/May/2017:13:59:31 -0300] "GET /cormun/servlet/hpexe_link HTTP/1.1" 200 946
186.103.156.166 - - [25/May/2017:13:59:31 -0300] "GET /cormun/servlet/alicenciaprn?13500483,L,20170525000000,PU HTTP/1.1" 200 1552
186.103.248.213 - - [25/May/2017:13:59:31 -0300] "GET /cormun/servlet/hhome HTTP/1.1" 200 3978
186.103.248.213 - - [25/May/2017:13:59:32 -0300] "GET /cormun/static/cmcontrolpreferences.js?201731711335852 HTTP/1.1" 200 1375
186.103.248.213 - - [25/May/2017:13:59:32 -0300] "GET /cormun/servlet/hhome HTTP/1.1" 200 3975
186.103.248.213 - - [25/May/2017:13:59:59 -0300] "GET /cormun/servlet/trinasistenciaautorizar? HTTP/1.1" 200 7756
186.103.248.213 - - [25/May/2017:14:00:00 -0300] "GET /cormun/static/gxcfg.js?201731711562389 HTTP/1.1" 200 953
186.103.248.213 - - [25/May/2017:14:00:00 -0300] "GET /cormun/static/calendar.js?85251 HTTP/1.1" 304 -
186.103.248.213 - - [25/May/2017:14:00:00 -0300] "GET /cormun/static/calendar-setup.js?85251 HTTP/1.1" 304 -
186.103.248.213 - - [25/May/2017:14:00:00 -0300] "GET /cormun/static/calendar-es.js?85251 HTTP/1.1" 304 -
186.103.248.213 - - [25/May/2017:14:00:00 -0300] "GET /cormun/static/gxdec.js?85251 HTTP/1.1" 304 -
186.103.248.213 - - [25/May/2017:14:00:00 -0300] "GET /cormun/static/trinasistenciaautorizar.js?201731711562919 HTTP/1.1" 200 29703
186.103.248.213 - - [25/May/2017:14:00:00 -0300] "GET /cormun/servlet/trinasistenciaautorizar? HTTP/1.1" 200 7754
186.103.248.213 - - [25/May/2017:14:00:01 -0300] "POST /cormun/servlet/acontrolpreferencessavestate?None,CKARLABS,true HTTP/1.1" 200 35
186.103.159.182 - - [25/May/2017:14:00:17 -0300] "GET /cormun/servlet/hlogin HTTP/1.1" 200 1716
186.103.159.182 - - [25/May/2017:14:00:17 -0300] "GET /cormun/static/gxcfg.js?201741110203197 HTTP/1.1" 200 953
186.103.159.182 - - [25/May/2017:14:00:17 -0300] "GET /cormun/static/Resources/Spanish/PXTools.css?11294912 HTTP/1.1" 200 89042
186.103.159.182 - - [25/May/2017:14:00:17 -0300] "GET /cormun/static/Resources/ComunLogin.png HTTP/1.1" 200 17326
186.103.159.182 - - [25/May/2017:14:00:18 -0300] "GET /cormun/static/Resources/PXToolsLoginTop.png HTTP/1.1" 200 1337
186.103.159.182 - - [25/May/2017:14:00:18 -0300] "GET /cormun/static/Resources/PXToolsLoginBackground.png HTTP/1.1" 200 1164
186.103.159.182 - - [25/May/2017:14:00:18 -0300] "GET /cormun/static/Resources/PXToolsButtonLeft21.png HTTP/1.1" 200 1287
186.103.159.182 - - [25/May/2017:14:00:18 -0300] "GET /cormun/static/Resources/PXToolsButtonRight21.png HTTP/1.1" 200 1283
186.103.159.182 - - [25/May/2017:14:00:18 -0300] "GET /cormun/static/Resources/PXToolsButtonBackground2.png HTTP/1.1" 200 1181
186.103.159.182 - - [25/May/2017:14:00:18 -0300] "GET /cormun/static/Resources/PXToolsLoginBottom.png HTTP/1.1" 200 1389
186.103.159.182 - - [25/May/2017:14:00:18 -0300] "GET /cormun/static/Resources/indicator.gif HTTP/1.1" 200 1553
186.103.159.182 - - [25/May/2017:14:00:18 -0300] "GET /cormun/servlet/hlogin HTTP/1.1" 200 1726
186.103.248.213 - - [25/May/2017:14:00:26 -0300] "POST /cormun/servlet/trinasistenciaautorizar?19fbb7b00469d88bc9cc1cb4c004c5ac,,gx-no-cache=1495731686127 HTTP/1.1" 200 111
186.103.248.213 - - [25/May/2017:14:00:26 -0300] "GET /cormun/servlet/permisosingocelog?INS,118,0,NU, HTTP/1.1" 200 5697
186.103.248.213 - - [25/May/2017:14:00:26 -0300] "GET /cormun/static/gxcfg.js?201731711424774 HTTP/1.1" 200 953
186.103.248.213 - - [25/May/2017:14:00:27 -0300] "GET /cormun/static/permisosingocelog.js?201731711424785 HTTP/1.1" 200 8159
186.103.248.213 - - [25/May/2017:14:00:27 -0300] "GET /cormun/servlet/permisosingocelog?INS,118,0,NU, HTTP/1.1" 200 5697
186.103.248.213 - - [25/May/2017:14:00:28 -0300] "GET /cormun/servlet/permisosingocelog?79042ecc06246660858bf49fc95d9489fdf53e25dd4ddcba81d692d06b34c81fd54cf51fb160be7ebfe25a3158298460,gx-no-cache=1495731688684 HTTP/1.1" 200 30
186.103.156.166 - - [25/May/2017:14:00:29 -0300] "GET /cormun/servlet/trlicenciaspermisosadjuntos?13500483,20170525000000,L, HTTP/1.1" 200 6081
186.103.156.166 - - [25/May/2017:14:00:30 -0300] "GET /cormun/static/gxcfg.js?20173171154619 HTTP/1.1" 304 -
186.103.156.166 - - [25/May/2017:14:00:30 -0300] "GET /cormun/static/trlicenciaspermisosadjuntos.js?20173171154971 HTTP/1.1" 304 -
186.103.156.166 - - [25/May/2017:14:00:30 -0300] "GET /cormun/servlet/trlicenciaspermisosadjuntos?13500483,20170525000000,L, HTTP/1.1" 200 6081
186.103.156.166 - - [25/May/2017:14:00:34 -0300] "GET /cormun/servlet/licenciaspermisosadjuntos?INS,13500483,L,20170525000000,, HTTP/1.1" 200 5376
186.103.156.166 - - [25/May/2017:14:00:34 -0300] "GET /cormun/static/licenciaspermisosadjuntos.js?201731711421181 HTTP/1.1" 304 -
186.103.156.166 - - [25/May/2017:14:00:35 -0300] "GET /cormun/static/gxcfg.js?201731711421170 HTTP/1.1" 304 -
186.103.156.166 - - [25/May/2017:14:00:35 -0300] "GET /cormun/static/about:blank HTTP/1.1" 404 1011
186.103.156.166 - - [25/May/2017:14:00:35 -0300] "GET /cormun/servlet/licenciaspermisosadjuntos?INS,13500483,L,20170525000000,, HTTP/1.1" 200 5367
186.103.248.213 - - [25/May/2017:14:00:44 -0300] "POST /cormun/servlet/permisosingocelog?19fbb7b00469d88bc9cc1cb4c004c5ac,INS,118,0,NU,,gx-no-cache=1495731704629 HTTP/1.1" 200 93
186.103.248.213 - - [25/May/2017:14:00:44 -0300] "GET /cormun/servlet/hpexe_return? HTTP/1.1" 200 1023
186.103.248.213 - - [25/May/2017:14:00:44 -0300] "GET /cormun/static/Resources/Spanish/PXTools.css?167811 HTTP/1.1" 304 -
186.103.248.213 - - [25/May/2017:14:00:44 -0300] "GET /cormun/static/gxcfg.js?2016101716175148 HTTP/1.1" 304 -
186.103.248.213 - - [25/May/2017:14:00:44 -0300] "GET /cormun/static/hpexe_return.js?2016101716175153 HTTP/1.1" 304 -
186.103.248.213 - - [25/May/2017:14:00:44 -0300] "GET /cormun/servlet/trinasistenciaautorizar HTTP/1.1" 200 7593
186.103.248.213 - - [25/May/2017:14:00:45 -0300] "GET /cormun/servlet/trinasistenciaautorizar HTTP/1.1" 200 7590
186.103.248.213 - - [25/May/2017:14:00:48 -0300] "POST /cormun/servlet/trinasistenciaautorizar?19fbb7b00469d88bc9cc1cb4c004c5ac,gx-no-cache=1495731708909 HTTP/1.1" 200 111
186.103.248.213 - - [25/May/2017:14:00:48 -0300] "GET /cormun/servlet/permisosingocelog?INS,117,0,NU, HTTP/1.1" 200 5696
186.103.248.213 - - [25/May/2017:14:00:49 -0300] "GET /cormun/servlet/permisosingocelog?INS,117,0,NU, HTTP/1.1" 200 5696
186.103.248.213 - - [25/May/2017:14:00:49 -0300] "GET /cormun/servlet/permisosingocelog?79042ecc06246660858bf49fc95d94897f8ecc3c1ec7470da23a7e4132ac5a08d54cf51fb160be7ebfe25a3158298460,gx-no-cache=1495731710264 HTTP/1.1" 200 30
192.168.10.96 - - [25/May/2017:14:00:50 -0300] "GET /cormun/servlet/wbconsulta? HTTP/1.1" 200 4131
192.168.10.96 - - [25/May/2017:14:00:51 -0300] "GET /cormun/servlet/hlogin HTTP/1.1" 200 1743
192.168.10.96 - - [25/May/2017:14:00:51 -0300] "GET /cormun/servlet/wbconsulta? HTTP/1.1" 200 4125
192.168.10.96 - - [25/May/2017:14:01:03 -0300] "POST /cormun/servlet/hlogin?1c0acd5ca4c657ceb64420541e10bce0,gx-no-cache=1495731668486 HTTP/1.1" 200 452
186.103.159.182 - - [25/May/2017:14:01:04 -0300] "POST /cormun/servlet/hlogin?a58e04449a3fd9c682c29fdec0ffada9,gx-no-cache=1495731720517 HTTP/1.1" 200 90
186.103.159.182 - - [25/May/2017:14:01:04 -0300] "GET /cormun/servlet/hpexe_link HTTP/1.1" 200 948
186.103.159.182 - - [25/May/2017:14:01:04 -0300] "GET /cormun/static/gxcfg.js?201731711483381 HTTP/1.1" 200 953
186.103.159.182 - - [25/May/2017:14:01:04 -0300] "GET /cormun/static/hpexe_link.js?201731711483384 HTTP/1.1" 200 625
186.103.159.182 - - [25/May/2017:14:01:04 -0300] "GET /cormun/servlet/hhome HTTP/1.1" 200 4061
186.103.159.182 - - [25/May/2017:14:01:04 -0300] "GET /cormun/static/gxcfg.js?201731711483497 HTTP/1.1" 200 953
186.103.159.182 - - [25/May/2017:14:01:05 -0300] "GET /cormun/static/Resources/PXToolsHeaderBackground2.png HTTP/1.1" 200 1174
186.103.159.182 - - [25/May/2017:14:01:05 -0300] "GET /cormun/static/Resources/PXToolsDataTitle.png HTTP/1.1" 200 1173
186.103.159.182 - - [25/May/2017:14:01:05 -0300] "GET /cormun/static/hhome.js?20173171148352 HTTP/1.1" 200 777
186.103.159.182 - - [25/May/2017:14:01:06 -0300] "GET /cormun/servlet/hhome HTTP/1.1" 200 4058
186.103.159.182 - - [25/May/2017:14:01:06 -0300] "GET /cormun/static/SmoothNavMenu/resources/images/down.gif HTTP/1.1" 200 854
186.103.159.182 - - [25/May/2017:14:01:06 -0300] "GET /cormun/static/SmoothNavMenu/resources/images/right.gif HTTP/1.1" 200 860
192.168.10.96 - - [25/May/2017:14:01:07 -0300] "POST /cormun/servlet/hlogin?1c0acd5ca4c657ceb64420541e10bce0,gx-no-cache=1495731672254 HTTP/1.1" 200 90
192.168.10.96 - - [25/May/2017:14:01:07 -0300] "GET /cormun/servlet/hpexe_link HTTP/1.1" 200 958
192.168.10.96 - - [25/May/2017:14:01:07 -0300] "GET /cormun/servlet/wbconsulta HTTP/1.1" 200 5026
192.168.10.96 - - [25/May/2017:14:01:08 -0300] "GET /cormun/servlet/wbconsulta HTTP/1.1" 200 5024
186.103.248.213 - - [25/May/2017:14:01:12 -0300] "POST /cormun/servlet/permisosingocelog?19fbb7b00469d88bc9cc1cb4c004c5ac,INS,117,0,NU,,gx-no-cache=1495731732576 HTTP/1.1" 200 93
186.103.248.213 - - [25/May/2017:14:01:12 -0300] "GET /cormun/servlet/hpexe_return? HTTP/1.1" 200 1023
186.103.248.213 - - [25/May/2017:14:01:12 -0300] "GET /cormun/servlet/trinasistenciaautorizar HTTP/1.1" 200 7388
186.103.159.182 - - [25/May/2017:14:01:13 -0300] "GET /cormun/servlet/trsolicitudot? HTTP/1.1" 200 7031
186.103.248.213 - - [25/May/2017:14:01:13 -0300] "GET /cormun/servlet/trinasistenciaautorizar HTTP/1.1" 200 7384
186.103.159.182 - - [25/May/2017:14:01:13 -0300] "GET /cormun/static/gxcfg.js?201731711505139 HTTP/1.1" 200 953
186.103.159.182 - - [25/May/2017:14:01:13 -0300] "GET /cormun/static/gxui/gxui-all.css?110300 HTTP/1.1" 200 2179
186.103.159.182 - - [25/May/2017:14:01:13 -0300] "GET /cormun/static/trsolicitudot.js?20173171151116 HTTP/1.1" 200 53117
186.103.159.182 - - [25/May/2017:14:01:13 -0300] "GET /cormun/static/Resources/PXToolsDataSearch.png HTTP/1.1" 200 419
186.103.159.182 - - [25/May/2017:14:01:13 -0300] "GET /cormun/static/Resources/PXToolsGridFirstDisabled.gif HTTP/1.1" 200 100
186.103.159.182 - - [25/May/2017:14:01:13 -0300] "GET /cormun/static/Shared/ext/resources/css/ext-all.css?205870 HTTP/1.1" 200 416045
186.103.159.182 - - [25/May/2017:14:01:13 -0300] "GET /cormun/static/Resources/PXToolsGridPreviousDisabled.gif HTTP/1.1" 200 90
186.103.159.182 - - [25/May/2017:14:01:13 -0300] "GET /cormun/static/Resources/PXToolsGridNextDisabled.gif HTTP/1.1" 200 90
186.103.159.182 - - [25/May/2017:14:01:13 -0300] "GET /cormun/static/Resources/PXToolsGridLastDisabled.gif HTTP/1.1" 200 98
186.103.159.182 - - [25/May/2017:14:01:13 -0300] "GET /cormun/static/Resources/PXToolsGridPage.gif HTTP/1.1" 200 725
186.103.159.182 - - [25/May/2017:14:01:13 -0300] "GET /cormun/static/Resources/PXToolsActionExcel.png HTTP/1.1" 200 3187
186.103.159.182 - - [25/May/2017:14:01:13 -0300] "GET /cormun/static/Resources/PXToolsGridNew.png HTTP/1.1" 200 2949
186.103.159.182 - - [25/May/2017:14:01:14 -0300] "GET /cormun/static/Resources/asc.gif HTTP/1.1" 200 67
186.103.159.182 - - [25/May/2017:14:01:14 -0300] "GET /cormun/static/Resources/desc.gif HTTP/1.1" 200 65
186.103.159.182 - - [25/May/2017:14:01:14 -0300] "GET /cormun/servlet/trsolicitudot? HTTP/1.1" 200 7030
186.103.159.182 - - [25/May/2017:14:01:15 -0300] "GET /cormun/static/Shared/ext/resources/themes/images/default/panel/bg-headersPanel.png HTTP/1.1" 200 255
186.103.159.182 - - [25/May/2017:14:01:15 -0300] "GET /cormun/static/Shared/ext/resources/themes/images/default/tools/tool-sprites.gif HTTP/1.1" 200 5434
192.168.10.96 - - [25/May/2017:14:01:22 -0300] "POST /cormun/servlet/wbconsulta?1c0acd5ca4c657ceb64420541e10bce0,gx-no-cache=1495731686901 HTTP/1.1" 200 103
192.168.10.96 - - [25/May/2017:14:01:22 -0300] "GET /cormun/servlet/vevisualizador?2017,6440, HTTP/1.1" 200 8568
192.168.10.96 - - [25/May/2017:14:01:22 -0300] "GET /cormun/pexe_scrolldiv.js HTTP/1.1" 404 1009
192.168.10.96 - - [25/May/2017:14:01:22 -0300] "GET /cormun/pexe_scrolldiv.js HTTP/1.1" 404 1009
192.168.10.96 - - [25/May/2017:14:01:23 -0300] "GET /cormun/servlet/vevisualizador?2017,6440, HTTP/1.1" 200 8568
192.168.10.96 - - [25/May/2017:14:01:24 -0300] "GET /cormun/servlet/vevisualizador?2017,6440,,SolicitudOTAdjuntos HTTP/1.1" 200 10454
192.168.10.96 - - [25/May/2017:14:01:24 -0300] "GET /cormun/pexe_scrolldiv.js HTTP/1.1" 404 1009
192.168.10.96 - - [25/May/2017:14:01:24 -0300] "GET /cormun/pexe_scrolldiv.js HTTP/1.1" 404 1009
192.168.10.96 - - [25/May/2017:14:01:25 -0300] "GET /cormun/servlet/vevisualizador?2017,6440,,SolicitudOTAdjuntos HTTP/1.1" 200 10457
192.168.10.96 - - [25/May/2017:14:01:25 -0300] "POST /cormun/servlet/acontrolpreferencessavestate?None,DZAMUDIO,true HTTP/1.1" 200 35
192.168.10.96 - - [25/May/2017:14:01:27 -0300] "GET /cormun/PublicTempStorage/cedula_danilo1051231.pdf HTTP/1.1" 200 111669
192.168.10.96 - - [25/May/2017:14:01:31 -0300] "GET /cormun/servlet/vevisualizador?2017,6440,,SolicitudOTAdjuntos HTTP/1.1" 200 10457
192.168.10.96 - - [25/May/2017:14:01:31 -0300] "GET /cormun/servlet/vevisualizador?2017,6440,,SolicitudOTAdjuntos HTTP/1.1" 200 10459
192.168.10.96 - - [25/May/2017:14:01:32 -0300] "POST /cormun/servlet/acontrolpreferencessavestate?None,DZAMUDIO,true HTTP/1.1" 200 35
192.168.10.96 - - [25/May/2017:14:01:33 -0300] "GET /cormun/PublicTempStorage/media_danilo4269923.pdf HTTP/1.1" 200 212021
192.168.10.96 - - [25/May/2017:14:01:36 -0300] "GET /cormun/servlet/vevisualizador?2017,6440,,SolicitudOTAdjuntos HTTP/1.1" 200 10457
192.168.10.96 - - [25/May/2017:14:01:37 -0300] "GET /cormun/servlet/vevisualizador?2017,6440,,SolicitudOTAdjuntos HTTP/1.1" 200 10455
192.168.10.96 - - [25/May/2017:14:01:38 -0300] "POST /cormun/servlet/acontrolpreferencessavestate?None,DZAMUDIO,true HTTP/1.1" 200 35
192.168.10.96 - - [25/May/2017:14:01:38 -0300] "GET /cormun/PublicTempStorage/afp_danilo7890110.pdf HTTP/1.1" 200 161565
192.168.10.96 - - [25/May/2017:14:01:43 -0300] "GET /cormun/servlet/vevisualizador?2017,6440,,SolicitudOTAdjuntos HTTP/1.1" 200 10456
192.168.10.96 - - [25/May/2017:14:01:43 -0300] "GET /cormun/servlet/vevisualizador?2017,6440,,SolicitudOTAdjuntos HTTP/1.1" 200 10459
186.103.248.213 - - [25/May/2017:14:01:43 -0300] "POST /cormun/servlet/trinasistenciaautorizar?19fbb7b00469d88bc9cc1cb4c004c5ac,gx-no-cache=1495731759927 HTTP/1.1" 200 111
186.103.248.213 - - [25/May/2017:14:01:44 -0300] "GET /cormun/servlet/permisosingocelog?INS,116,0,NU, HTTP/1.1" 200 5696
192.168.10.96 - - [25/May/2017:14:01:44 -0300] "POST /cormun/servlet/acontrolpreferencessavestate?None,DZAMUDIO,true HTTP/1.1" 200 35
186.103.248.213 - - [25/May/2017:14:01:45 -0300] "GET /cormun/servlet/permisosingocelog?INS,116,0,NU, HTTP/1.1" 200 5696
186.103.248.213 - - [25/May/2017:14:01:45 -0300] "GET /cormun/servlet/permisosingocelog?79042ecc06246660858bf49fc95d9489509343813268e47f8a0ba137c4595dcdd54cf51fb160be7ebfe25a3158298460,gx-no-cache=1495731766092 HTTP/1.1" 200 30
192.168.10.96 - - [25/May/2017:14:01:45 -0300] "GET /cormun/PublicTempStorage/fonasa_danilo5587745.pdf HTTP/1.1" 200 172243
192.168.10.96 - - [25/May/2017:14:01:50 -0300] "GET /cormun/servlet/vevisualizador?2017,6440,,SolicitudOTAdjuntos HTTP/1.1" 200 10454
192.168.10.96 - - [25/May/2017:14:01:50 -0300] "GET /cormun/servlet/vevisualizador?2017,6440,,SolicitudOTAdjuntos HTTP/1.1" 200 10458
192.168.10.96 - - [25/May/2017:14:01:51 -0300] "POST /cormun/servlet/acontrolpreferencessavestate?None,DZAMUDIO,true HTTP/1.1" 200 35
192.168.10.96 - - [25/May/2017:14:01:52 -0300] "GET /cormun/PublicTempStorage/antecedentes_danilo3551243.pdf HTTP/1.1" 200 241443
186.103.156.166 - - [25/May/2017:14:01:54 -0300] "GET /cormun/servlet/trlicenciaspermisosadjuntos?13500483,20170525000000,L, HTTP/1.1" 200 6081
186.103.156.166 - - [25/May/2017:14:01:55 -0300] "GET /cormun/servlet/trlicenciaspermisosadjuntos?13500483,20170525000000,L, HTTP/1.1" 200 6081
192.168.10.96 - - [25/May/2017:14:01:56 -0300] "GET /cormun/servlet/vevisualizador?2017,6440,,SolicitudOTAdjuntos HTTP/1.1" 200 10455
192.168.10.96 - - [25/May/2017:14:01:57 -0300] "GET /cormun/servlet/vevisualizador?2017,6440,,SolicitudOTAdjuntos HTTP/1.1" 200 10456
192.168.10.96 - - [25/May/2017:14:01:57 -0300] "POST /cormun/servlet/acontrolpreferencessavestate?None,DZAMUDIO,true HTTP/1.1" 200 35
192.168.10.96 - - [25/May/2017:14:01:58 -0300] "GET /cormun/PublicTempStorage/curri_danilo4768750.pdf HTTP/1.1" 200 128754
186.103.159.46 - - [25/May/2017:14:02:01 -0300] "GET /cormun/servlet/hhome HTTP/1.1" 200 3361
186.103.248.213 - - [25/May/2017:14:02:02 -0300] "POST /cormun/servlet/permisosingocelog?19fbb7b00469d88bc9cc1cb4c004c5ac,INS,116,0,NU,,gx-no-cache=1495731782500 HTTP/1.1" 200 93
186.103.248.213 - - [25/May/2017:14:02:02 -0300] "GET /cormun/servlet/hpexe_return? HTTP/1.1" 200 1023
186.103.248.213 - - [25/May/2017:14:02:02 -0300] "GET /cormun/servlet/trinasistenciaautorizar HTTP/1.1" 200 6638
186.103.248.213 - - [25/May/2017:14:02:02 -0300] "GET /cormun/servlet/trinasistenciaautorizar HTTP/1.1" 200 6634
186.103.156.166 - - [25/May/2017:14:02:07 -0300] "GET /cormun/servlet/licenciaspermisosadjuntos?INS,13500483,L,20170525000000,, HTTP/1.1" 200 5379
186.103.156.166 - - [25/May/2017:14:02:07 -0300] "GET /cormun/static/about:blank HTTP/1.1" 404 1011
186.103.156.166 - - [25/May/2017:14:02:08 -0300] "GET /cormun/servlet/licenciaspermisosadjuntos?INS,13500483,L,20170525000000,, HTTP/1.1" 200 5368
186.103.248.213 - - [25/May/2017:14:02:09 -0300] "GET /cormun/servlet/trautorizarsolicitud? HTTP/1.1" 200 6905
186.103.248.213 - - [25/May/2017:14:02:09 -0300] "GET /cormun/static/Resources/Spanish/PXTools.css?18365030 HTTP/1.1" 304 -
186.103.159.46 - - [25/May/2017:14:02:09 -0300] "GET /cormun/servlet/hhome HTTP/1.1" 200 3371
186.103.159.46 - - [25/May/2017:14:02:10 -0300] "GET /cormun/servlet/hlogin HTTP/1.1" 200 1735
186.103.248.213 - - [25/May/2017:14:02:10 -0300] "GET /cormun/static/gxcfg.js?2017259112829 HTTP/1.1" 304 -
186.103.248.213 - - [25/May/2017:14:02:10 -0300] "GET /cormun/static/trautorizarsolicitud.js?2017259113483 HTTP/1.1" 304 -
186.103.248.213 - - [25/May/2017:14:02:10 -0300] "GET /cormun/servlet/trautorizarsolicitud? HTTP/1.1" 200 6904
186.79.169.57 - - [25/May/2017:14:03:11 -0300] "GET /cormun/servlet/trlicencias? HTTP/1.1" 200 6014
186.79.169.57 - - [25/May/2017:14:03:12 -0300] "GET /cormun/servlet/hlogin HTTP/1.1" 200 1738
186.79.169.57 - - [25/May/2017:14:03:12 -0300] "GET /cormun/servlet/trlicencias? HTTP/1.1" 200 6009
186.103.156.166 - - [25/May/2017:14:03:13 -0300] "POST /cormun/servlet/licenciaspermisosadjuntos?f6e6b4e0d6a0e8e2a94cb0352ad3a4cf,INS,13500483,L,20170525000000,, HTTP/1.1" 200 116
186.103.156.166 - - [25/May/2017:14:03:13 -0300] "GET /cormun/servlet/hpexe_return? HTTP/1.1" 200 1041
186.103.156.166 - - [25/May/2017:14:03:13 -0300] "GET /cormun/servlet/trlicenciaspermisosadjuntos?13500483,20170525000000,L, HTTP/1.1" 200 6552
186.103.156.166 - - [25/May/2017:14:03:14 -0300] "GET /cormun/servlet/trlicenciaspermisosadjuntos?13500483,20170525000000,L, HTTP/1.1" 200 6549
186.79.169.57 - - [25/May/2017:14:03:17 -0300] "POST /cormun/servlet/hlogin?4702640691c5d9cdc798e4cf3bc25c1a,gx-no-cache=1495731853788 HTTP/1.1" 200 90
186.79.169.57 - - [25/May/2017:14:03:18 -0300] "GET /cormun/servlet/hpexe_link HTTP/1.1" 200 953
186.79.169.57 - - [25/May/2017:14:03:18 -0300] "GET /cormun/servlet/trlicencias HTTP/1.1" 200 6471
186.79.169.57 - - [25/May/2017:14:03:18 -0300] "GET /cormun/servlet/trlicencias HTTP/1.1" 200 6468
186.79.169.57 - - [25/May/2017:14:03:22 -0300] "GET /cormun/servlet/licenciaspermisos?INS,0,,, HTTP/1.1" 200 7197
186.79.169.57 - - [25/May/2017:14:03:23 -0300] "GET /cormun/servlet/licenciaspermisos?INS,0,,, HTTP/1.1" 200 7196
186.103.156.166 - - [25/May/2017:14:03:29 -0300] "POST /cormun/servlet/trlicenciaspermisosadjuntos?f6e6b4e0d6a0e8e2a94cb0352ad3a4cf,13500483,20170525000000,L,,gx-no-cache=1495731859961 HTTP/1.1" 200 90
186.103.156.166 - - [25/May/2017:14:03:29 -0300] "GET /cormun/servlet/hpexe_link HTTP/1.1" 200 984
186.103.156.166 - - [25/May/2017:14:03:30 -0300] "GET /cormun/servlet/trlicencias HTTP/1.1" 200 7735
186.103.156.166 - - [25/May/2017:14:03:30 -0300] "GET /cormun/servlet/trlicencias HTTP/1.1" 200 7733
186.79.169.57 - - [25/May/2017:14:03:32 -0300] "GET /cormun/servlet/licenciaspermisos?57830682614bd5468c0e261757b33c91b3b4144ae979a27d90d73effbfb5e82185587c68c55fb15f4e4a6f258c0e8923,gx-no-cache=1495731868199 HTTP/1.1" 200 61
186.79.169.57 - - [25/May/2017:14:03:32 -0300] "POST /cormun/servlet/licenciaspermisos?4702640691c5d9cdc798e4cf3bc25c1a,INS,0,,,,gx-no-cache=1495731868320 HTTP/1.1" 200 4431
186.103.156.166 - - [25/May/2017:14:03:47 -0300] "POST /cormun/servlet/trlicencias?f6e6b4e0d6a0e8e2a94cb0352ad3a4cf,gx-no-cache=1495731877240 HTTP/1.1" 200 4028
186.103.156.166 - - [25/May/2017:14:03:47 -0300] "GET /cormun/static/Shared/jqueryui/images/ui-bg_highlight-soft_100_c6c2c8_1x100.png HTTP/1.1" 404 1117
186.103.156.166 - - [25/May/2017:14:03:47 -0300] "GET /cormun/static/Shared/jqueryui/images/ui-icons_82798d_256x240.png HTTP/1.1" 404 1089
186.103.156.166 - - [25/May/2017:14:03:47 -0300] "GET /cormun/static/Shared/jqueryui/images/ui-bg_flat_55_fafafa_40x100.png HTTP/1.1" 404 1097
186.103.156.166 - - [25/May/2017:14:03:47 -0300] "GET /cormun/static/Shared/jqueryui/images/ui-icons_8d78a5_256x240.png HTTP/1.1" 404 1089
186.79.169.57 - - [25/May/2017:14:03:50 -0300] "GET /cormun/static/menuarrow.gif HTTP/1.1" 404 1015
186.103.156.166 - - [25/May/2017:14:04:02 -0300] "GET /cormun/servlet/hlogin HTTP/1.1" 200 1740
186.79.169.57 - - [25/May/2017:14:07:20 -0300] "GET /cormun/servlet/licenciaspermisos?57830682614bd5468c0e261757b33c91e2d05df2a678776b1eef9d3dba56b837a45733e8a693b8d5b09066e097d631b1f80e3049a938e98f68502b1a50dec5d57f0285bf445d54b120b4024fddebccd5b79f843f1aa3ec45434377ef72500c714ed3c7a69662fdabc8a02f8c9fcb57aef8063f3bb65dfd8cc5d577b32c1316cd26efcb3e4f28bee8eee7a4b3e9b7166673c66d9e8e1990ec56115f58da879aa25e8ddba593f696563b83e9154c1c894a,gx-no-cache=1495732096197 HTTP/1.1" 200 30
186.79.169.57 - - [25/May/2017:14:07:20 -0300] "GET /cormun/servlet/licenciaspermisos?57830682614bd5468c0e261757b33c91995e44069d63737113783d8ff187fe4595ce0506fdad4614fa506719b0e70bd221974f853ffd69b0720bd695c07d487162a533e839ea1646721c6a2c85dd30fd546197192f8c3cdb9f27baa60a2657285e4b0dec235eaad5234fbfb169d4e2d08e00f239561d650073980a8c029225d78df1082d6116454ab3dd686285c099728cd65273f038b768eb2414d17f612603d0aca1f5ec3bd270b3b5b5af9cb9032a,gx-no-cache=1495732096715 HTTP/1.1" 200 29
186.79.169.57 - - [25/May/2017:14:07:21 -0300] "POST /cormun/servlet/licenciaspermisos?4702640691c5d9cdc798e4cf3bc25c1a,INS,0,,,,gx-no-cache=1495732096784 HTTP/1.1" 200 93
186.79.169.57 - - [25/May/2017:14:07:21 -0300] "GET /cormun/servlet/hpexe_return? HTTP/1.1" 200 1007
186.79.169.57 - - [25/May/2017:14:07:21 -0300] "GET /cormun/servlet/trlicencias HTTP/1.1" 200 7700
186.79.169.57 - - [25/May/2017:14:07:22 -0300] "GET /cormun/servlet/trlicencias HTTP/1.1" 200 7696
186.79.169.57 - - [25/May/2017:14:07:25 -0300] "GET /cormun/servlet/trlicenciaspermisosadjuntos?17503006,20170525000000,L, HTTP/1.1" 200 6155
186.79.169.57 - - [25/May/2017:14:07:25 -0300] "GET /cormun/static/trlicenciaspermisosadjuntos.js?20173171154971 HTTP/1.1" 304 -
186.79.169.57 - - [25/May/2017:14:07:25 -0300] "GET /cormun/servlet/trlicenciaspermisosadjuntos?17503006,20170525000000,L, HTTP/1.1" 200 6155
186.79.169.57 - - [25/May/2017:14:07:27 -0300] "GET /cormun/servlet/licenciaspermisosadjuntos?INS,17503006,L,20170525000000,, HTTP/1.1" 200 5450
186.79.169.57 - - [25/May/2017:14:07:28 -0300] "GET /cormun/static/licenciaspermisosadjuntos.js?201731711421181 HTTP/1.1" 304 -
186.79.169.57 - - [25/May/2017:14:07:28 -0300] "GET /cormun/static/about:blank HTTP/1.1" 404 1011
186.79.169.57 - - [25/May/2017:14:07:28 -0300] "GET /cormun/servlet/licenciaspermisosadjuntos?INS,17503006,L,20170525000000,, HTTP/1.1" 200 5439
207.46.13.34 - - [25/May/2017:14:08:05 -0300] "GET /cormun/servlet/trsolicitudadjuntos?2017,5675, HTTP/1.1" 200 8349
186.79.169.57 - - [25/May/2017:14:08:14 -0300] "POST /cormun/servlet/licenciaspermisosadjuntos?4702640691c5d9cdc798e4cf3bc25c1a,INS,17503006,L,20170525000000,, HTTP/1.1" 200 116
186.79.169.57 - - [25/May/2017:14:08:14 -0300] "GET /cormun/servlet/hpexe_return? HTTP/1.1" 200 1038
186.79.169.57 - - [25/May/2017:14:08:15 -0300] "GET /cormun/servlet/trlicenciaspermisosadjuntos?17503006,20170525000000,L, HTTP/1.1" 200 6641
186.79.169.57 - - [25/May/2017:14:08:15 -0300] "GET /cormun/servlet/trlicenciaspermisosadjuntos?17503006,20170525000000,L, HTTP/1.1" 200 6639
192.168.10.96 - - [25/May/2017:14:08:23 -0300] "GET /cormun/servlet/vevisualizador?2017,6440,,SolicitudOTAdjuntos HTTP/1.1" 200 10455
192.168.10.96 - - [25/May/2017:14:08:24 -0300] "GET /cormun/servlet/vevisualizador?2017,6440,,SolicitudOTAdjuntos HTTP/1.1" 200 10454
192.168.10.96 - - [25/May/2017:14:08:24 -0300] "POST /cormun/servlet/acontrolpreferencessavestate?None,DZAMUDIO,true HTTP/1.1" 200 35
192.168.10.96 - - [25/May/2017:14:08:27 -0300] "GET /cormun/servlet/trsolicitudgral? HTTP/1.1" 200 23964
192.168.10.96 - - [25/May/2017:14:08:29 -0300] "GET /cormun/servlet/trsolicitudgral? HTTP/1.1" 200 23949
192.168.10.96 - - [25/May/2017:14:08:36 -0300] "POST /cormun/servlet/trsolicitudgral?1c0acd5ca4c657ceb64420541e10bce0,,gx-no-cache=1495732120862 HTTP/1.1" 200 7195
192.168.10.96 - - [25/May/2017:14:08:42 -0300] "POST /cormun/servlet/trsolicitudgral?1c0acd5ca4c657ceb64420541e10bce0,,gx-no-cache=1495732126713 HTTP/1.1" 200 7176
186.79.169.57 - - [25/May/2017:14:08:44 -0300] "POST /cormun/servlet/trlicenciaspermisosadjuntos?4702640691c5d9cdc798e4cf3bc25c1a,17503006,20170525000000,L,,gx-no-cache=1495732179862 HTTP/1.1" 200 90
186.79.169.57 - - [25/May/2017:14:08:44 -0300] "GET /cormun/servlet/hpexe_link HTTP/1.1" 200 981
186.79.169.57 - - [25/May/2017:14:08:44 -0300] "GET /cormun/servlet/trlicencias HTTP/1.1" 200 7698
186.79.169.57 - - [25/May/2017:14:08:45 -0300] "GET /cormun/servlet/trlicencias HTTP/1.1" 200 7696
192.168.10.96 - - [25/May/2017:14:08:49 -0300] "POST /cormun/servlet/trsolicitudgral?1c0acd5ca4c657ceb64420541e10bce0,,gx-no-cache=1495732133953 HTTP/1.1" 200 7195
192.168.10.96 - - [25/May/2017:14:08:58 -0300] "POST /cormun/servlet/trsolicitudgral?1c0acd5ca4c657ceb64420541e10bce0,,gx-no-cache=1495732142889 HTTP/1.1" 200 5503
192.168.10.96 - - [25/May/2017:14:09:01 -0300] "POST /cormun/servlet/trsolicitudgral?1c0acd5ca4c657ceb64420541e10bce0,,gx-no-cache=1495732145791 HTTP/1.1" 200 8074
186.79.169.57 - - [25/May/2017:14:10:27 -0300] "GET /cormun/servlet/alicenciaprn?17503006,L,20170525000000,PU HTTP/1.1" 200 1563
186.79.169.57 - - [25/May/2017:14:11:57 -0300] "GET /cormun/servlet/hlogin HTTP/1.1" 200 1722
186.79.169.57 - - [25/May/2017:14:11:57 -0300] "GET /cormun/static/gxcfg.js?201741110203197 HTTP/1.1" 304 -
186.79.169.57 - - [25/May/2017:14:11:57 -0300] "GET /cormun/static/messages.spa.js?85251 HTTP/1.1" 304 -
186.79.169.57 - - [25/May/2017:14:11:57 -0300] "GET /cormun/static/hlogin.js?201741110203211 HTTP/1.1" 304 -
186.79.169.57 - - [25/May/2017:14:11:57 -0300] "GET /cormun/static/Resources/ComunLogin.png HTTP/1.1" 304 -
186.79.169.57 - - [25/May/2017:14:11:57 -0300] "GET /cormun/static/Resources/PXToolsLoginTop.png HTTP/1.1" 304 -
186.79.169.57 - - [25/May/2017:14:11:57 -0300] "GET /cormun/static/Resources/PXToolsLoginBackground.png HTTP/1.1" 304 -
186.79.169.57 - - [25/May/2017:14:11:57 -0300] "GET /cormun/static/Resources/PXToolsLoginBottom.png HTTP/1.1" 304 -
186.79.169.57 - - [25/May/2017:14:11:57 -0300] "GET /cormun/static/Resources/indicator.gif HTTP/1.1" 304 -
186.79.169.57 - - [25/May/2017:14:11:57 -0300] "GET /cormun/servlet/hlogin HTTP/1.1" 200 1733
186.79.169.57 - - [25/May/2017:14:11:59 -0300] "POST /cormun/servlet/hlogin?f15809f20d32d03c1a69703a7b74c53c,gx-no-cache=1495732376133 HTTP/1.1" 200 90
186.79.169.57 - - [25/May/2017:14:12:00 -0300] "GET /cormun/servlet/hpexe_link HTTP/1.1" 200 951
186.79.169.57 - - [25/May/2017:14:12:00 -0300] "GET /cormun/static/gxcfg.js?201731711483381 HTTP/1.1" 304 -
186.79.169.57 - - [25/May/2017:14:12:00 -0300] "GET /cormun/servlet/hhome HTTP/1.1" 200 3992
186.79.169.57 - - [25/May/2017:14:12:00 -0300] "GET /cormun/static/gxcfg.js?201731711483497 HTTP/1.1" 304 -
186.79.169.57 - - [25/May/2017:14:12:00 -0300] "GET /cormun/static/gxui/gxui-all.js HTTP/1.1" 200 107772
186.79.169.57 - - [25/May/2017:14:12:01 -0300] "GET /cormun/servlet/hhome HTTP/1.1" 200 3987
186.79.169.57 - - [25/May/2017:14:12:05 -0300] "GET /cormun/servlet/trautorizarsolicitud? HTTP/1.1" 200 8167
186.79.169.57 - - [25/May/2017:14:12:05 -0300] "GET /cormun/static/gxui/gxui-all.css?120300 HTTP/1.1" 200 2179
186.79.169.57 - - [25/May/2017:14:12:06 -0300] "GET /cormun/static/gxcfg.js?2017259112829 HTTP/1.1" 304 -
186.79.169.57 - - [25/May/2017:14:12:06 -0300] "GET /cormun/servlet/trautorizarsolicitud? HTTP/1.1" 200 8165
186.79.169.57 - - [25/May/2017:14:12:12 -0300] "POST /cormun/servlet/trautorizarsolicitud?f15809f20d32d03c1a69703a7b74c53c,,gx-no-cache=1495732388586 HTTP/1.1" 200 4333
186.79.169.57 - - [25/May/2017:14:12:12 -0300] "GET /cormun/static/Shared/jqueryui/images/ui-bg_highlight-soft_100_c6c2c8_1x100.png HTTP/1.1" 404 1117
186.79.169.57 - - [25/May/2017:14:12:12 -0300] "GET /cormun/static/Shared/jqueryui/images/ui-icons_82798d_256x240.png HTTP/1.1" 404 1089
186.79.169.57 - - [25/May/2017:14:12:13 -0300] "GET /cormun/static/Shared/jqueryui/images/ui-bg_flat_55_fafafa_40x100.png HTTP/1.1" 404 1097
186.79.169.57 - - [25/May/2017:14:12:13 -0300] "GET /cormun/static/Shared/jqueryui/images/ui-icons_8d78a5_256x240.png HTTP/1.1" 404 1089
186.79.169.57 - - [25/May/2017:14:12:13 -0300] "POST /cormun/servlet/trautorizarsolicitud?f15809f20d32d03c1a69703a7b74c53c,,gx-no-cache=1495732389262 HTTP/1.1" 200 4105
192.168.10.96 - - [25/May/2017:14:12:50 -0300] "GET /cormun/servlet/trsecurityuser01? HTTP/1.1" 200 11451
192.168.10.96 - - [25/May/2017:14:12:50 -0300] "GET /cormun/static/gxcfg.js?20173171150263 HTTP/1.1" 304 -
192.168.10.96 - - [25/May/2017:14:12:50 -0300] "GET /cormun/static/trsecurityuser01.js?20173171150617 HTTP/1.1" 304 -
192.168.10.96 - - [25/May/2017:14:12:50 -0300] "GET /cormun//static/Resources/PXToolsHeaderPreferences.png HTTP/1.1" 304 -
192.168.10.96 - - [25/May/2017:14:12:50 -0300] "GET /cormun/servlet/trsecurityuser01? HTTP/1.1" 200 11451
186.103.159.46 - - [25/May/2017:14:12:57 -0300] "POST /cormun/servlet/hlogin?35db0a2a51f5f9b17f17a0bbc2e549b6,gx-no-cache=1495732434039 HTTP/1.1" 200 90
186.103.159.46 - - [25/May/2017:14:12:57 -0300] "GET /cormun/servlet/hpexe_link HTTP/1.1" 200 955
186.103.159.46 - - [25/May/2017:14:12:58 -0300] "GET /cormun/servlet/hhome HTTP/1.1" 200 3783
186.103.159.46 - - [25/May/2017:14:13:00 -0300] "GET /cormun/servlet/hhome HTTP/1.1" 200 3782
186.103.159.46 - - [25/May/2017:14:13:05 -0300] "GET /cormun/servlet/trsolicitudot? HTTP/1.1" 200 6739
186.103.159.46 - - [25/May/2017:14:13:06 -0300] "GET /cormun/servlet/trsolicitudot? HTTP/1.1" 200 6738
186.103.159.46 - - [25/May/2017:14:13:09 -0300] "GET /cormun/servlet/solicitudot?INS,0,0, HTTP/1.1" 200 12602
186.103.159.46 - - [25/May/2017:14:13:10 -0300] "GET /cormun/servlet/solicitudot?INS,0,0, HTTP/1.1" 200 12607
192.168.10.96 - - [25/May/2017:14:13:21 -0300] "POST /cormun/servlet/trsecurityuser01?1c0acd5ca4c657ceb64420541e10bce0,,gx-no-cache=1495732405913 HTTP/1.1" 200 9766
186.103.159.46 - - [25/May/2017:14:13:22 -0300] "POST /cormun/servlet/solicitudot?gx-no-cache=1495732458440 HTTP/1.1" 200 3188
186.103.159.46 - - [25/May/2017:14:13:22 -0300] "POST /cormun/servlet/solicitudot?35db0a2a51f5f9b17f17a0bbc2e549b6,INS,0,0,,gx-no-cache=1495732458713 HTTP/1.1" 200 9789
186.103.159.46 - - [25/May/2017:14:13:25 -0300] "GET /cormun/servlet/solicitudot?a819b08bf7a79b87e298bc118b05ce46187186cbe22260f218fb120b9c9d168281b60e901f1c6e6eb4cef86895234431,gx-no-cache=1495732461680 HTTP/1.1" 200 30
186.103.159.46 - - [25/May/2017:14:13:25 -0300] "POST /cormun/servlet/solicitudot?gx-no-cache=1495732461799 HTTP/1.1" 200 297
186.103.159.46 - - [25/May/2017:14:13:25 -0300] "GET /cormun/servlet/solicitudot?a819b08bf7a79b87e298bc118b05ce4683e2b526dca1da629acc587af4f91c671d4203938bcbc832e84b5a65cb025b856ae72c3f84568e3d48cfa2a0432434b8d728102dacb52a42c3ba5cba1a8bad4dde2998186f694d23ce4b82bf4c76a3f85ccbe30baf23658b8ea3e5a2077cecda5d3509bb47d35f5be826f5f11895f9a32303ea7e95e235d04b8fde6100a5957ef0def4f00150b7e6eb4f9bae9c5cab57122d0d81058798652abab7ecd07a4407fda224acce64d46ffb2385143df77f899f9fbcc3bdf6fa3bd834a59d8962d09e0634426554c7f1675e6513a94dd249c362ad53404f3f06b048908042108aad2111f0eabe11a554beb1e17bfab7ecd5bfa19d6c3cd30b1ba487839c948510af8954c401b1c7f5dd8a483dc1d40885eb9040ccf9fb7bfaf17fec6f3dc817bcd0709eff708744385153d7d82c910cc50b4e25199b7ad1a74e7042c218d2175bb89e7152e7ec01f4dc269378df53173c500500325f873d93e429caf198be75984a534a95616382ff45e33932dfb8c32656cd6ebe9c6bc8cb130ed36dbc4917537dba,gx-no-cache=1495732461911 HTTP/1.1" 200 30
186.103.159.46 - - [25/May/2017:14:13:25 -0300] "POST /cormun/servlet/solicitudot?gx-no-cache=1495732462309 HTTP/1.1" 200 30
186.103.159.46 - - [25/May/2017:14:13:26 -0300] "POST /cormun/servlet/solicitudot?gx-no-cache=1495732462403 HTTP/1.1" 200 235
186.103.159.46 - - [25/May/2017:14:13:26 -0300] "POST /cormun/servlet/solicitudot?gx-no-cache=1495732462873 HTTP/1.1" 200 38
186.103.159.46 - - [25/May/2017:14:13:39 -0300] "POST /cormun/servlet/solicitudot?gx-no-cache=1495732475948 HTTP/1.1" 200 30
186.103.159.46 - - [25/May/2017:14:13:42 -0300] "POST /cormun/servlet/solicitudot?gx-no-cache=1495732478786 HTTP/1.1" 200 723
186.103.159.46 - - [25/May/2017:14:13:42 -0300] "POST /cormun/servlet/solicitudot?gx-no-cache=1495732478911 HTTP/1.1" 200 38
186.103.159.46 - - [25/May/2017:14:13:46 -0300] "GET /cormun/servlet/solicitudot?a819b08bf7a79b87e298bc118b05ce467f36b39b8d0388b7052195838245a5fd79ab35ec1ed26b4c64d23888c8191ba75f3d3b08fa37527347c80cb24151ddbf4889aea7fd098982e1c23c5324501f4a5065d0adca95b904954034e2ce113c6e5ee448cb0801217b0e0f494255056ca1,gx-no-cache=1495732482988 HTTP/1.1" 200 29
186.103.159.46 - - [25/May/2017:14:13:46 -0300] "POST /cormun/servlet/solicitudot?gx-no-cache=1495732483098 HTTP/1.1" 200 709
186.103.159.46 - - [25/May/2017:14:13:46 -0300] "POST /cormun/servlet/solicitudot?gx-no-cache=1495732483200 HTTP/1.1" 200 585
192.168.10.96 - - [25/May/2017:14:14:38 -0300] "POST /cormun/servlet/trsecurityuser01?1c0acd5ca4c657ceb64420541e10bce0,,gx-no-cache=1495732483165 HTTP/1.1" 200 9768
192.168.10.96 - - [25/May/2017:14:14:40 -0300] "POST /cormun/servlet/trsecurityuser01?1c0acd5ca4c657ceb64420541e10bce0,,gx-no-cache=1495732485312 HTTP/1.1" 200 9767
192.168.10.96 - - [25/May/2017:14:14:44 -0300] "POST /cormun/servlet/trsecurityuser01?1c0acd5ca4c657ceb64420541e10bce0,,gx-no-cache=1495732489117 HTTP/1.1" 200 9283
186.103.159.46 - - [25/May/2017:14:14:48 -0300] "POST /cormun/servlet/solicitudot?gx-no-cache=1495732544419 HTTP/1.1" 200 1159
186.103.159.46 - - [25/May/2017:14:15:47 -0300] "GET /cormun/static/menuarrow.gif HTTP/1.1" 404 1015
192.168.10.96 - - [25/May/2017:14:15:50 -0300] "GET /cormun/servlet/trsecurityrole? HTTP/1.1" 200 10081
192.168.10.96 - - [25/May/2017:14:15:50 -0300] "GET /cormun/static/gxcfg.js?20173171150830 HTTP/1.1" 304 -
192.168.10.96 - - [25/May/2017:14:15:50 -0300] "GET /cormun/static/trsecurityrole.js?201731711501145 HTTP/1.1" 304 -
192.168.10.96 - - [25/May/2017:14:15:50 -0300] "GET /cormun//static/Resources/PXToolsGridDisplay.png HTTP/1.1" 304 -
192.168.10.96 - - [25/May/2017:14:15:50 -0300] "GET /cormun/servlet/trsecurityrole? HTTP/1.1" 200 10080
199.30.25.74 - - [25/May/2017:14:15:54 -0300] "GET /cormun/static/PXToolsJavascripts/pexe_layers.js HTTP/1.1" 200 4114
192.168.10.96 - - [25/May/2017:14:16:44 -0300] "GET /cormun/servlet/trsecurityuserroles?3200, HTTP/1.1" 200 6705
192.168.10.96 - - [25/May/2017:14:16:44 -0300] "GET /cormun/static/gxcfg.js?20173171151503 HTTP/1.1" 200 953
192.168.10.96 - - [25/May/2017:14:16:44 -0300] "GET /cormun/static/trsecurityuserroles.js?20173171151530 HTTP/1.1" 200 16289
192.168.10.96 - - [25/May/2017:14:16:44 -0300] "GET /cormun/servlet/trsecurityuserroles?3200, HTTP/1.1" 200 6705
192.168.10.96 - - [25/May/2017:14:16:45 -0300] "POST /cormun/servlet/acontrolpreferencessavestate?None,DZAMUDIO,true HTTP/1.1" 200 35
192.168.10.96 - - [25/May/2017:14:16:49 -0300] "GET /cormun/servlet/trsecurityuserroles?50cb1ace03fd7ea9af4866c6aa544cc639197aa898d03fbf4b4ef41b70325864e6b207d18dae17fe367d2a89576883fb,gx-no-cache=1495732614209 HTTP/1.1" 200 31
192.168.10.96 - - [25/May/2017:14:16:49 -0300] "POST /cormun/servlet/trsecurityuserroles?1c0acd5ca4c657ceb64420541e10bce0,3200,,gx-no-cache=1495732614224 HTTP/1.1" 200 4374
186.103.159.182 - - [25/May/2017:14:17:02 -0300] "GET /cormun/servlet/solicitudot?INS,0,0, HTTP/1.1" 200 12872
186.103.159.182 - - [25/May/2017:14:17:03 -0300] "GET /cormun/static/calendar-system.css?85620 HTTP/1.1" 200 5572
186.103.159.182 - - [25/May/2017:14:17:03 -0300] "GET /cormun/static/gxcfg.js?20171191042720 HTTP/1.1" 200 953
186.103.159.182 - - [25/May/2017:14:17:03 -0300] "GET /cormun/static/Resources/Spanish/PXTools.css?18365030 HTTP/1.1" 200 89042
186.103.159.182 - - [25/May/2017:14:17:03 -0300] "GET /cormun/static/solicitudot.js?2017119104297 HTTP/1.1" 200 63948
186.103.159.182 - - [25/May/2017:14:17:04 -0300] "GET /cormun/servlet/solicitudot?INS,0,0, HTTP/1.1" 200 12877
192.168.10.96 - - [25/May/2017:14:17:05 -0300] "POST /cormun/servlet/trsecurityuserroles?1c0acd5ca4c657ceb64420541e10bce0,3200,,gx-no-cache=1495732630313 HTTP/1.1" 200 4059
192.168.10.96 - - [25/May/2017:14:17:12 -0300] "GET /cormun/servlet/trsecurityuserroles?3200, HTTP/1.1" 200 6366
192.168.10.96 - - [25/May/2017:14:17:13 -0300] "GET /cormun/servlet/trsecurityuserroles?3200, HTTP/1.1" 200 6366
192.168.10.96 - - [25/May/2017:14:17:17 -0300] "GET /cormun/servlet/trsecurityrole? HTTP/1.1" 200 10086
192.168.10.96 - - [25/May/2017:14:17:18 -0300] "GET /cormun/servlet/trsecurityrole? HTTP/1.1" 200 10086
192.168.10.96 - - [25/May/2017:14:17:22 -0300] "GET /cormun/servlet/trsolicitudgral? HTTP/1.1" 200 11193
192.168.10.96 - - [25/May/2017:14:17:23 -0300] "GET /cormun/servlet/trsolicitudgral? HTTP/1.1" 200 11193
186.103.159.46 - - [25/May/2017:14:17:28 -0300] "GET /cormun/servlet/solicitudot?a819b08bf7a79b87e298bc118b05ce46f440c63fb12d00733e7592aeda5c328c07ce61d70d50e799b43b019cbdc4581b7a29d258936568a4289efd30f7649005abcb1ac7b26ca0a39dd945f0eab93122bada4658939bd4245d85a1374e7ccdffa49ec4df09cb00100da7437d523803fb911356cc121d8c0449a0f4f3f2319234877aa4eff81811b0420382464ced1a9a87468fb0dca1a145c24f2a14141f0a79da930b11ddf9f2a67ec296c75283e6fa,gx-no-cache=1495732704927 HTTP/1.1" 200 30
186.79.141.15 - - [25/May/2017:14:17:28 -0300] "POST /cormun/servlet/trsolicitudgral?a36dc886121a40c32714fe45700c1074,,gx-no-cache=1495732704016 HTTP/1.1" 440 972
186.79.141.15 - - [25/May/2017:14:17:32 -0300] "GET /cormun/servlet/trsolicitudgral? HTTP/1.1" 200 22805
192.168.10.96 - - [25/May/2017:14:17:33 -0300] "GET /cormun/servlet/trsecurityuser01? HTTP/1.1" 200 11454
186.79.141.15 - - [25/May/2017:14:17:34 -0300] "GET /cormun/servlet/hlogin HTTP/1.1" 200 1740
192.168.10.96 - - [25/May/2017:14:17:34 -0300] "GET /cormun/servlet/trsecurityuser01? HTTP/1.1" 200 11454
186.79.141.15 - - [25/May/2017:14:17:34 -0300] "GET /cormun/servlet/trsolicitudgral? HTTP/1.1" 200 22805
186.79.141.15 - - [25/May/2017:14:17:39 -0300] "POST /cormun/servlet/hlogin?ce3dfb98c79fac23fe59b2069dde3694,gx-no-cache=1495732714651 HTTP/1.1" 200 90
186.79.141.15 - - [25/May/2017:14:17:39 -0300] "GET /cormun/servlet/hpexe_link HTTP/1.1" 200 959
186.79.141.15 - - [25/May/2017:14:17:40 -0300] "GET /cormun/servlet/trsolicitudgral HTTP/1.1" 200 23721
186.79.141.15 - - [25/May/2017:14:17:41 -0300] "GET /cormun/servlet/trsolicitudgral HTTP/1.1" 200 23719
192.168.10.96 - - [25/May/2017:14:17:47 -0300] "POST /cormun/servlet/trsecurityuser01?1c0acd5ca4c657ceb64420541e10bce0,,gx-no-cache=1495732671714 HTTP/1.1" 200 4132
192.168.10.96 - - [25/May/2017:14:17:49 -0300] "POST /cormun/servlet/trsecurityuser01?1c0acd5ca4c657ceb64420541e10bce0,,gx-no-cache=1495732674332 HTTP/1.1" 200 4134
192.168.10.96 - - [25/May/2017:14:17:50 -0300] "POST /cormun/servlet/trsecurityuser01?1c0acd5ca4c657ceb64420541e10bce0,,gx-no-cache=1495732674953 HTTP/1.1" 200 4133
192.168.10.96 - - [25/May/2017:14:17:50 -0300] "POST /cormun/servlet/trsecurityuser01?1c0acd5ca4c657ceb64420541e10bce0,,gx-no-cache=1495732675173 HTTP/1.1" 200 4134
192.168.10.96 - - [25/May/2017:14:17:50 -0300] "POST /cormun/servlet/trsecurityuser01?1c0acd5ca4c657ceb64420541e10bce0,,gx-no-cache=1495732675381 HTTP/1.1" 200 4134
192.168.10.96 - - [25/May/2017:14:17:51 -0300] "POST /cormun/servlet/trsecurityuser01?1c0acd5ca4c657ceb64420541e10bce0,,gx-no-cache=1495732675604 HTTP/1.1" 200 4134
192.168.10.96 - - [25/May/2017:14:17:57 -0300] "POST /cormun/servlet/trsecurityuser01?1c0acd5ca4c657ceb64420541e10bce0,,gx-no-cache=1495732681620 HTTP/1.1" 200 90
192.168.10.96 - - [25/May/2017:14:17:57 -0300] "GET /cormun/servlet/hpexe_link HTTP/1.1" 200 968
192.168.10.96 - - [25/May/2017:14:17:57 -0300] "GET /cormun/servlet/trsolicitudgral HTTP/1.1" 200 11194
192.168.10.96 - - [25/May/2017:14:17:57 -0300] "GET /cormun/servlet/trsolicitudgral HTTP/1.1" 200 11193
186.79.141.15 - - [25/May/2017:14:18:10 -0300] "POST /cormun/servlet/trsolicitudgral?ce3dfb98c79fac23fe59b2069dde3694,gx-no-cache=1495732744952 HTTP/1.1" 200 7445
186.103.159.46 - - [25/May/2017:14:18:13 -0300] "POST /cormun/servlet/solicitudot?35db0a2a51f5f9b17f17a0bbc2e549b6,INS,0,0,,gx-no-cache=1495732749661 HTTP/1.1" 200 93
186.103.159.46 - - [25/May/2017:14:18:13 -0300] "GET /cormun/servlet/hpexe_return? HTTP/1.1" 200 1009
186.103.159.46 - - [25/May/2017:14:18:14 -0300] "GET /cormun/servlet/trsolicitudot HTTP/1.1" 200 7989
186.103.159.182 - - [25/May/2017:14:18:15 -0300] "POST /cormun/servlet/solicitudot?gx-no-cache=1495732751762 HTTP/1.1" 200 3099
186.103.159.46 - - [25/May/2017:14:18:15 -0300] "GET /cormun/servlet/trsolicitudot HTTP/1.1" 200 7985
186.103.159.182 - - [25/May/2017:14:18:16 -0300] "POST /cormun/servlet/solicitudot?a58e04449a3fd9c682c29fdec0ffada9,INS,0,0,,gx-no-cache=1495732752034 HTTP/1.1" 200 9878
186.103.159.182 - - [25/May/2017:14:18:17 -0300] "GET /cormun/servlet/solicitudot?2656eaab62b8c7b8b11ee0b2a7915181486474c42c79c2caed20da99c5d726ce74c14dce91724fa1cf9307d4bf4a7a6c,gx-no-cache=1495732753608 HTTP/1.1" 200 30
186.79.141.15 - - [25/May/2017:14:18:18 -0300] "GET /cormun/servlet/vesolicitudgral?2017,6561,, HTTP/1.1" 200 8214
186.79.141.15 - - [25/May/2017:14:18:18 -0300] "GET /cormun/static/gxcfg.js?201612218543032 HTTP/1.1" 200 953
186.79.141.15 - - [25/May/2017:14:18:18 -0300] "GET /cormun/pexe_scrolldiv.js HTTP/1.1" 404 1009
186.79.141.15 - - [25/May/2017:14:18:18 -0300] "GET /cormun/static/vesolicitudgral.js?201612218543091 HTTP/1.1" 200 6721
186.79.141.15 - - [25/May/2017:14:18:18 -0300] "GET /cormun/static/hpexe_tabsview.js?201610171694228 HTTP/1.1" 200 1661
186.79.141.15 - - [25/May/2017:14:18:18 -0300] "GET /cormun/static/hwcviewtabs.js?20173171133571 HTTP/1.1" 200 1074
186.79.141.15 - - [25/May/2017:14:18:18 -0300] "GET /cormun/static/Resources/PXToolsTabLastUnselected.png HTTP/1.1" 200 1291
186.79.141.15 - - [25/May/2017:14:18:18 -0300] "GET /cormun/static/Resources/PXToolsTabFirstSelected.png HTTP/1.1" 200 1259
186.79.141.15 - - [25/May/2017:14:18:18 -0300] "GET /cormun/static/Resources/PXToolsTabNext.gif HTTP/1.1" 200 168
186.79.141.15 - - [25/May/2017:14:18:18 -0300] "GET /cormun/static/Resources/PXToolsTabPrevious.gif HTTP/1.1" 200 172
186.79.141.15 - - [25/May/2017:14:18:18 -0300] "GET /cormun/static/tbsolicitudgral01.js?201731711414126 HTTP/1.1" 200 29094
186.79.141.15 - - [25/May/2017:14:18:19 -0300] "GET /cormun/static/calendar-system.css HTTP/1.1" 200 5572
186.79.141.15 - - [25/May/2017:14:18:19 -0300] "GET /cormun/static/Resources/PXToolsTabBackSelected.png HTTP/1.1" 200 1157
186.79.141.15 - - [25/May/2017:14:18:19 -0300] "GET /cormun/static/Resources/PXToolsTabBackUnselected.png HTTP/1.1" 200 1175
186.79.141.15 - - [25/May/2017:14:18:19 -0300] "GET /cormun/static/Resources/PXToolsTabSelectedUnselected.png HTTP/1.1" 200 1428
186.79.141.15 - - [25/May/2017:14:18:19 -0300] "GET /cormun/static/Resources/PXToolsTabUnselectedUnselected.png HTTP/1.1" 200 1459
186.79.141.15 - - [25/May/2017:14:18:19 -0300] "GET /cormun/servlet/vesolicitudgral?2017,6561,, HTTP/1.1" 200 8213
186.103.159.46 - - [25/May/2017:14:18:22 -0300] "POST /cormun/servlet/trsolicitudot?35db0a2a51f5f9b17f17a0bbc2e549b6,gx-no-cache=1495732758441 HTTP/1.1" 200 106
186.103.159.46 - - [25/May/2017:14:18:22 -0300] "GET /cormun/servlet/trsolicitudadjuntos?2017,6633, HTTP/1.1" 200 5886
186.103.159.46 - - [25/May/2017:14:18:22 -0300] "GET /cormun/static/gxcfg.js?201731711504543 HTTP/1.1" 304 -
186.103.159.46 - - [25/May/2017:14:18:22 -0300] "GET /cormun/static/trsolicitudadjuntos.js?201731711504951 HTTP/1.1" 304 -
186.103.159.46 - - [25/May/2017:14:18:23 -0300] "GET /cormun/servlet/trsolicitudadjuntos?2017,6633, HTTP/1.1" 200 5886
186.79.141.15 - - [25/May/2017:14:18:25 -0300] "POST /cormun/servlet/vesolicitudgral?ce3dfb98c79fac23fe59b2069dde3694,2017,6561,,,gx-no-cache=1495732760611 HTTP/1.1" 200 115
186.79.141.15 - - [25/May/2017:14:18:25 -0300] "GET /cormun/servlet/solicitudotlog?INS,2017,6561,0,REC, HTTP/1.1" 200 5597
186.79.141.15 - - [25/May/2017:14:18:25 -0300] "GET /cormun/static/calendar-system.css?75620 HTTP/1.1" 200 5572
186.79.141.15 - - [25/May/2017:14:18:25 -0300] "GET /cormun/static/gxcfg.js?201731711401563 HTTP/1.1" 200 953
186.79.141.15 - - [25/May/2017:14:18:25 -0300] "GET /cormun/static/solicitudotlog.js?201731711401579 HTTP/1.1" 200 8925
186.103.159.46 - - [25/May/2017:14:18:25 -0300] "GET /cormun/servlet/solicitudotadjuntos?INS,2017,6633,,1, HTTP/1.1" 200 5822
186.103.159.46 - - [25/May/2017:14:18:25 -0300] "GET /cormun/static/gxcfg.js?201612218465951 HTTP/1.1" 304 -
186.103.159.46 - - [25/May/2017:14:18:25 -0300] "GET /cormun/static/solicitudotadjuntos.js?201612218465969 HTTP/1.1" 304 -
186.103.159.46 - - [25/May/2017:14:18:26 -0300] "GET /cormun/static/about:blank HTTP/1.1" 404 1011
186.79.141.15 - - [25/May/2017:14:18:26 -0300] "GET /cormun/servlet/solicitudotlog?INS,2017,6561,0,REC, HTTP/1.1" 200 5591
186.79.141.15 - - [25/May/2017:14:18:26 -0300] "GET /cormun/servlet/solicitudotlog?08326e3fc6e42eb4f2a1082f7d95876e47fdceff74dd39cc71e52f7069bc217bda660714edb1f4cd0c4d09b3754a39857c7cca8d17e8dfd31584910f7403a6d43a4ebe0c0fee25662cf852b7a37e075690b65526e9534d86262b2dec614bcaf84dbd28de2792544d2a93c866e46c08991573a2ad4b3aefb162b1f73ca0e0e4cc4043629284923d2042b4e3d356a807a20f999e01b2429eb97a31c8758d7bd3df,gx-no-cache=1495732762213 HTTP/1.1" 200 94
186.103.159.46 - - [25/May/2017:14:18:26 -0300] "GET /cormun/servlet/solicitudotadjuntos?INS,2017,6633,,1, HTTP/1.1" 200 5816
186.103.159.46 - - [25/May/2017:14:18:27 -0300] "GET /cormun/servlet/solicitudotadjuntos?a819b08bf7a79b87e298bc118b05ce46c962d4b10998d521579674b4ea1b7ea496f6e0c8f6bf487b6fcb141ab7911f05,gx-no-cache=1495732763774 HTTP/1.1" 200 30
186.103.159.46 - - [25/May/2017:14:18:27 -0300] "POST /cormun/servlet/solicitudotadjuntos?35db0a2a51f5f9b17f17a0bbc2e549b6,INS,2017,6633,,1,,gx-no-cache=1495732763839 HTTP/1.1" 200 3641
186.79.141.15 - - [25/May/2017:14:18:36 -0300] "POST /cormun/servlet/solicitudotlog?ce3dfb98c79fac23fe59b2069dde3694,INS,2017,6561,0,REC,,gx-no-cache=1495732771584 HTTP/1.1" 200 93
186.79.141.15 - - [25/May/2017:14:18:36 -0300] "GET /cormun/servlet/hpexe_return? HTTP/1.1" 200 1026
