186.103.156.24 - - [24/May/2017:11:37:45 -0300] "GET /cormun/static/gxdec.js?85251 HTTP/1.1" 200 19579
186.103.156.24 - - [24/May/2017:11:37:45 -0300] "GET /cormun/static/trlicencias.js?20174111145440 HTTP/1.1" 200 37913
186.103.156.24 - - [24/May/2017:11:37:45 -0300] "GET /cormun/static/Resources/PXTools/calendar.png HTTP/1.1" 200 1306
186.103.156.24 - - [24/May/2017:11:37:45 -0300] "GET /cormun/static/Resources/PXToolsDataSearch.png HTTP/1.1" 200 419
186.103.156.24 - - [24/May/2017:11:37:45 -0300] "GET /cormun/static/Resources/PXToolsGridFirstDisabled.gif HTTP/1.1" 200 100
186.103.156.24 - - [24/May/2017:11:37:45 -0300] "GET /cormun/static/Resources/PXToolsGridPreviousDisabled.gif HTTP/1.1" 200 90
186.103.156.24 - - [24/May/2017:11:37:45 -0300] "GET /cormun/static/Resources/PXToolsGridNextDisabled.gif HTTP/1.1" 200 90
186.103.156.24 - - [24/May/2017:11:37:45 -0300] "GET /cormun/static/Resources/PXToolsGridLastDisabled.gif HTTP/1.1" 200 98
186.103.156.24 - - [24/May/2017:11:37:45 -0300] "GET /cormun/static/Resources/PXToolsGridPage.gif HTTP/1.1" 200 725
186.103.156.24 - - [24/May/2017:11:37:45 -0300] "GET /cormun/static/Resources/PXToolsActionExcel.png HTTP/1.1" 200 3187
186.103.156.24 - - [24/May/2017:11:37:45 -0300] "GET /cormun/static/Resources/PXToolsGridNew.png HTTP/1.1" 200 2949
186.103.159.182 - - [24/May/2017:11:37:45 -0300] "GET /cormun/servlet/licenciaspermisos?2b72d6805c6ef9eec83a286756d6f7ba7cff773e71bbe91d0b7379bfd555b8403e8ac25c2a53ff7d44e845d178ddd5acc4f3bbb94d948f6376c1f444d7bdf40145a5eeb150896522e26a9adccf610011f5ca1804446658f178be450ff901f5a8f1d5047d22a2f2686e8312c4409d3399d8f546d50fcf82c6a1f4286f8ce1f7e27d97d776f37484548b4f00b0d9e7141315a03bcfda11d25fc4ffd557a96f55e5fc8515b7e3c2c81d2957caced05d6eabb4c4e937eb27b854bcd80035051012ff91eb3fc5277dbb7eea21d1c2b23b0d8884c0cfa18a6bf639b0aa846b0ff6a5d4,gx-no-cache=1495636721129 HTTP/1.1" 200 30
186.103.159.182 - - [24/May/2017:11:37:45 -0300] "GET /cormun/servlet/licenciaspermisos?2b72d6805c6ef9eec83a286756d6f7bae5fc80ef8f2dffdfc0c0726cbf69f2144ace95c740710eb06d712a8d2226c28d58a117d4fef9f9ee033bd3f2843869708143032f7b6e560605617eee8fc8bcef20815fc5442a9f10227c358f2b73fae01bc2244a95cd9a4f7bb77fd51e7fcbcd3adf7ef1af38f302ed1cfb0c2574c16ca88bf6d3a60e9d09be911ec9862aa1b28a50865bed460f35934f445b8df65dbdb3129e4f77660195f973f13077c5bffaefa2f494053c38e5af94198deef987538840239ee19183219d50a64b620be16195ec5a04fb796d0fb0593feb83bfae98,gx-no-cache=1495636721211 HTTP/1.1" 200 29
186.103.156.24 - - [24/May/2017:11:37:45 -0300] "GET /cormun/static/Resources/asc.gif HTTP/1.1" 200 67
186.103.156.24 - - [24/May/2017:11:37:45 -0300] "GET /cormun/static/Resources/desc.gif HTTP/1.1" 200 65
186.103.156.24 - - [24/May/2017:11:37:45 -0300] "GET /cormun/static/Shared/ext/resources/themes/images/default/tools/tool-sprites.gif HTTP/1.1" 200 5434
186.103.156.24 - - [24/May/2017:11:37:45 -0300] "GET /cormun/static/Shared/ext/resources/themes/images/default/panel/bg-headersPanel.png HTTP/1.1" 200 255
186.103.156.24 - - [24/May/2017:11:37:45 -0300] "GET /cormun/servlet/trlicencias? HTTP/1.1" 200 6859
186.103.159.182 - - [24/May/2017:11:37:45 -0300] "POST /cormun/servlet/licenciaspermisos?daeffe85ac78de33075b7a988b3edb02,INS,0,,,,gx-no-cache=1495636721259 HTTP/1.1" 200 93
186.103.159.182 - - [24/May/2017:11:37:45 -0300] "GET /cormun/servlet/hpexe_return? HTTP/1.1" 200 1012
186.103.159.182 - - [24/May/2017:11:37:45 -0300] "GET /cormun/static/gxcfg.js?2016101716175148 HTTP/1.1" 304 -
186.103.159.182 - - [24/May/2017:11:37:46 -0300] "GET /cormun/servlet/trlicencias HTTP/1.1" 200 8081
186.103.159.182 - - [24/May/2017:11:37:47 -0300] "GET /cormun/servlet/trlicencias HTTP/1.1" 200 8077
186.103.156.24 - - [24/May/2017:11:37:49 -0300] "GET /cormun/servlet/licenciaspermisos?INS,0,,, HTTP/1.1" 200 7401
186.103.156.24 - - [24/May/2017:11:37:49 -0300] "GET /cormun/static/gxcfg.js?201741111445322 HTTP/1.1" 200 953
186.103.156.24 - - [24/May/2017:11:37:49 -0300] "GET /cormun/static/licenciaspermisos.js?201741111445392 HTTP/1.1" 200 34444
186.103.156.24 - - [24/May/2017:11:37:49 -0300] "GET /cormun/static/Resources/prompt.gif HTTP/1.1" 200 902
186.103.156.24 - - [24/May/2017:11:37:49 -0300] "GET /cormun/servlet/licenciaspermisos?INS,0,,, HTTP/1.1" 200 7399
186.103.159.182 - - [24/May/2017:11:37:58 -0300] "GET /cormun/servlet/licenciaspermisos?INS,0,,, HTTP/1.1" 200 7471
186.103.159.182 - - [24/May/2017:11:37:59 -0300] "GET /cormun/servlet/licenciaspermisos?INS,0,,, HTTP/1.1" 200 7479
192.168.10.89 - - [24/May/2017:11:38:10 -0300] "OPTIONS /cormun HTTP/1.1" 302 -
192.168.10.89 - - [24/May/2017:11:38:10 -0300] "OPTIONS /cormun/ HTTP/1.1" 200 -
192.168.10.89 - - [24/May/2017:11:38:10 -0300] "PROPFIND /cormun HTTP/1.1" 302 -
192.168.10.89 - - [24/May/2017:11:38:10 -0300] "PROPFIND /cormun/ HTTP/1.1" 501 1141
192.168.10.89 - - [24/May/2017:11:38:10 -0300] "PROPFIND /cormun HTTP/1.1" 302 -
192.168.10.89 - - [24/May/2017:11:38:10 -0300] "PROPFIND /cormun/ HTTP/1.1" 501 1141
192.168.10.89 - - [24/May/2017:11:38:10 -0300] "GET /cormun/SolicitudGral-5134.xls HTTP/1.1" 200 34816
192.168.10.89 - - [24/May/2017:11:38:10 -0300] "HEAD /cormun/SolicitudGral-5134.xls HTTP/1.1" 200 -
186.103.156.24 - - [24/May/2017:11:38:20 -0300] "GET /cormun/servlet/licenciaspermisos?405e7d1f14391f5b00ba6bfd1147040e2e277db959b00184b39fa4a073e49aeb3f6ab48956c7ab7302e198e5961f2286,gx-no-cache=1495636758126 HTTP/1.1" 200 61
186.103.156.24 - - [24/May/2017:11:38:20 -0300] "POST /cormun/servlet/licenciaspermisos?e2241d6a09f0e132b72d26e13fa5bb77,INS,0,,,,gx-no-cache=1495636758165 HTTP/1.1" 200 4596
186.103.159.182 - - [24/May/2017:11:38:51 -0300] "GET /cormun/servlet/licenciaspermisos?2b72d6805c6ef9eec83a286756d6f7ba55f9764d36168903ef37e182504c42f5837f4fb7d3827acc777d8a6da04293c3,gx-no-cache=1495636787332 HTTP/1.1" 200 62
201.246.236.226 - - [24/May/2017:11:39:09 -0300] "GET /cormun/servlet/hlogin HTTP/1.1" 200 1730
186.103.159.182 - - [24/May/2017:11:39:14 -0300] "GET /cormun/static/menuarrow.gif HTTP/1.1" 404 1015
201.246.236.226 - - [24/May/2017:11:39:24 -0300] "POST /cormun/servlet/hlogin?fd5fac2b11ed86fc3a06ed52167591d9,gx-no-cache=1495636820946 HTTP/1.1" 200 90
201.246.236.226 - - [24/May/2017:11:39:24 -0300] "GET /cormun/servlet/hpexe_link HTTP/1.1" 200 953
201.246.236.226 - - [24/May/2017:11:39:25 -0300] "GET /cormun/servlet/hhome HTTP/1.1" 200 3974
201.246.236.226 - - [24/May/2017:11:39:26 -0300] "GET /cormun/servlet/hhome HTTP/1.1" 200 3970
201.246.236.226 - - [24/May/2017:11:39:29 -0300] "GET /cormun/servlet/trlicencias? HTTP/1.1" 200 6834
201.246.236.226 - - [24/May/2017:11:39:30 -0300] "GET /cormun/servlet/trlicencias? HTTP/1.1" 200 6833
201.246.236.226 - - [24/May/2017:11:39:33 -0300] "GET /cormun/servlet/licenciaspermisos?INS,0,,, HTTP/1.1" 200 7376
201.246.236.226 - - [24/May/2017:11:39:34 -0300] "GET /cormun/servlet/licenciaspermisos?INS,0,,, HTTP/1.1" 200 7376
192.168.10.89 - - [24/May/2017:11:39:37 -0300] "POST /cormun/servlet/trsolicitudgral?fe22b1a2e1ef74b162771528a7691c8d,,gx-no-cache=1495636781524 HTTP/1.1" 200 22972
201.246.236.226 - - [24/May/2017:11:39:42 -0300] "GET /cormun/servlet/prfichaempleado?,MD,,gxPopupLevel%3D0%3B HTTP/1.1" 200 8798
192.168.10.89 - - [24/May/2017:11:39:43 -0300] "POST /cormun/servlet/trsolicitudgral?fe22b1a2e1ef74b162771528a7691c8d,,gx-no-cache=1495636788040 HTTP/1.1" 200 104
192.168.10.89 - - [24/May/2017:11:39:43 -0300] "GET /cormun/SolicitudGral-851.xls HTTP/1.1" 200 36864
192.168.10.89 - - [24/May/2017:11:39:45 -0300] "HEAD /cormun/SolicitudGral-851.xls HTTP/1.1" 200 -
192.168.10.89 - - [24/May/2017:11:39:45 -0300] "OPTIONS /cormun HTTP/1.1" 302 -
192.168.10.89 - - [24/May/2017:11:39:45 -0300] "OPTIONS /cormun/ HTTP/1.1" 200 -
192.168.10.89 - - [24/May/2017:11:39:45 -0300] "PROPFIND /cormun HTTP/1.1" 302 -
192.168.10.89 - - [24/May/2017:11:39:45 -0300] "PROPFIND /cormun/ HTTP/1.1" 501 1141
192.168.10.89 - - [24/May/2017:11:39:45 -0300] "PROPFIND /cormun HTTP/1.1" 302 -
192.168.10.89 - - [24/May/2017:11:39:45 -0300] "PROPFIND /cormun/ HTTP/1.1" 501 1141
192.168.10.89 - - [24/May/2017:11:39:45 -0300] "HEAD /cormun/SolicitudGral-851.xls HTTP/1.1" 200 -
192.168.10.89 - - [24/May/2017:11:39:45 -0300] "PROPFIND / HTTP/1.1" 200 11217
192.168.10.89 - - [24/May/2017:11:39:45 -0300] "PROPFIND / HTTP/1.1" 200 11217
192.168.10.89 - - [24/May/2017:11:39:47 -0300] "PROPFIND /cormun HTTP/1.1" 302 -
192.168.10.89 - - [24/May/2017:11:39:47 -0300] "PROPFIND /cormun/ HTTP/1.1" 501 1141
192.168.10.89 - - [24/May/2017:11:39:47 -0300] "PROPFIND /cormun HTTP/1.1" 302 -
192.168.10.89 - - [24/May/2017:11:39:47 -0300] "PROPFIND /cormun/ HTTP/1.1" 501 1141
192.168.10.89 - - [24/May/2017:11:39:47 -0300] "GET /cormun/SolicitudGral-851.xls HTTP/1.1" 200 36864
192.168.10.89 - - [24/May/2017:11:39:47 -0300] "HEAD /cormun/SolicitudGral-851.xls HTTP/1.1" 200 -
201.246.236.226 - - [24/May/2017:11:40:01 -0300] "POST /cormun/servlet/prfichaempleado?fd5fac2b11ed86fc3a06ed52167591d9,,MD,,gxPopupLevel%3D0%3B,gx-no-cache=1495636857205 HTTP/1.1" 200 3412
201.246.236.226 - - [24/May/2017:11:40:06 -0300] "GET /cormun/servlet/licenciaspermisos?8d0d5e22b99258468aa32be7afc8b6d298e3c17c7466ed2c57f003bcbbf3e7def1e65fe10a3be9d2d0618b78708af88e,gx-no-cache=1495636863282 HTTP/1.1" 200 65
201.246.236.226 - - [24/May/2017:11:40:08 -0300] "POST /cormun/servlet/licenciaspermisos?fd5fac2b11ed86fc3a06ed52167591d9,INS,0,,,,gx-no-cache=1495636863406 HTTP/1.1" 200 4637
201.246.236.226 - - [24/May/2017:11:40:45 -0300] "GET /cormun/static/menuarrow.gif HTTP/1.1" 404 1015
186.103.156.24 - - [24/May/2017:11:40:46 -0300] "GET /cormun/servlet/licenciaspermisos?405e7d1f14391f5b00ba6bfd1147040e49e8e6d690e1d98a3be7641103831e8bbe6afd94cbf601eda279ba24b9728013a7499989539fa90a04d0156bf7fd0164b51dfc9ad27ea944e0583e0acc62c762f3ebe58c107f5309a4e8c20caec3a9acec42040f28606ce3ea81b4b19a6c47ac35ff7f586b3e6c5e2fe4d00439b415d7e4c008277a0ec2adfb418aa497d7b7a3fffda69add7832ffb5e9852589d21564c7c42ca596e0534d91f5a8fa19f93b02,gx-no-cache=1495636904397 HTTP/1.1" 200 30
186.103.156.24 - - [24/May/2017:11:40:46 -0300] "GET /cormun/servlet/licenciaspermisos?405e7d1f14391f5b00ba6bfd1147040e2d6ee6957944e8d3b8c490d0244efc03c95df2fc627e73c4658b2f96b189b4ecaddc0473aed0ed3a517474abb21cdb495efa5d7dcb96222c1999c9bbd31bc3a0019202b869a71e224f7bd29a28291777909437d66d67a41eede15a0ae3c2f23c4a8204ff3a6824ec78c81f676de6404dfd587ed78df62ef2b37748328f1ef468d9af395de12492febba847637f729b7766ce348ef549cd6d3f4165deb921a754,gx-no-cache=1495636904480 HTTP/1.1" 200 29
186.103.156.24 - - [24/May/2017:11:40:47 -0300] "POST /cormun/servlet/licenciaspermisos?e2241d6a09f0e132b72d26e13fa5bb77,INS,0,,,,gx-no-cache=1495636904514 HTTP/1.1" 200 93
186.103.156.24 - - [24/May/2017:11:40:47 -0300] "GET /cormun/servlet/hpexe_return? HTTP/1.1" 200 1001
186.103.156.24 - - [24/May/2017:11:40:47 -0300] "GET /cormun/static/hpexe_return.js?2016101716175153 HTTP/1.1" 200 1633
186.103.156.24 - - [24/May/2017:11:40:47 -0300] "GET /cormun/static/gxcfg.js?2016101716175148 HTTP/1.1" 200 953
186.103.156.24 - - [24/May/2017:11:40:47 -0300] "GET /cormun/static/Resources/Spanish/PXTools.css?167811 HTTP/1.1" 200 89042
186.103.156.24 - - [24/May/2017:11:40:47 -0300] "GET /cormun/servlet/trlicencias HTTP/1.1" 200 7998
186.103.156.24 - - [24/May/2017:11:40:48 -0300] "GET /cormun//static/Resources/PXToolsGridDelete.png HTTP/1.1" 200 357
186.103.156.24 - - [24/May/2017:11:40:48 -0300] "GET /cormun//static/Resources/PXToolsGridUpdate.png HTTP/1.1" 200 2984
186.103.156.24 - - [24/May/2017:11:40:48 -0300] "GET /cormun//static/Resources/PXToolsHeaderHelp.png HTTP/1.1" 200 4055
186.103.156.24 - - [24/May/2017:11:40:48 -0300] "GET /cormun//static/Resources/PXToolsHeaderFavorites.png HTTP/1.1" 200 2744
186.103.156.24 - - [24/May/2017:11:40:48 -0300] "GET /cormun//static/Resources/PXToolsActionPrint.png HTTP/1.1" 200 3317
186.103.156.24 - - [24/May/2017:11:40:48 -0300] "GET /cormun//static/Resources/PXToolsGridDisplay.png HTTP/1.1" 200 362
186.103.156.24 - - [24/May/2017:11:40:48 -0300] "GET /cormun//static/Resources/PXTools/ActionInsert.png HTTP/1.1" 200 1482
186.103.156.24 - - [24/May/2017:11:40:48 -0300] "GET /cormun/servlet/trlicencias HTTP/1.1" 200 7994
186.103.156.24 - - [24/May/2017:11:41:58 -0300] "GET /cormun HTTP/1.1" 302 -
186.103.156.24 - - [24/May/2017:11:41:58 -0300] "GET /cormun/ HTTP/1.1" 404 975
201.246.236.226 - - [24/May/2017:11:42:31 -0300] "GET /cormun/servlet/licenciaspermisos?8d0d5e22b99258468aa32be7afc8b6d2c5bf785868615c0d97b484ed8acf66cd962330fb45a1399f5191102bf1a8d866ffd6996a64d8d129bc14191f44452ba0f8960f99be5895e192b74ac884a16862fb4b85a6145c607c4c9788994c4b99b4ba4befd94d82d1e63f70b420398385ad6085f78048eef2552e357829c95ecef0076fe0144a83e306fc826ef86c864a0ac3add0cc9f6f8e44242e0e864302e805f3f75d15c4e29fe8c7ceb537aa95125d1896b3cad28adaee67f7ef60d843881036ba4d31fabfc730f84a1be5d076b153700b770c5585cf988b2d04603325deca,gx-no-cache=1495637007618 HTTP/1.1" 200 30
201.246.236.226 - - [24/May/2017:11:42:31 -0300] "GET /cormun/servlet/licenciaspermisos?8d0d5e22b99258468aa32be7afc8b6d2f371b9319b7c619bb90bf8e7ba9080c11ef5068fb60be378b7794cb1473213690e0e3db410a1986eb4b8eac3f341773d96e8631058d54327aafddb9cbe22bbd0324c1d57f64d83910ed063a634e4bc2ee0f91c92840fc7d6cc525b4780467d593a2a03c1ffc1f673ad2531a3033b994f42f4fa0053a9d2803486a29900b249eed9904027746706b3cf0a7c37da7a03791525467904143ac74fd82ce8a38606ab69372d62668d770a9955d77f5b8dbc2a7192850ba50d654d62fdcea9148e3094f16309442046f08c7787461b0233ee42,gx-no-cache=1495637007830 HTTP/1.1" 200 29
201.246.236.226 - - [24/May/2017:11:42:32 -0300] "POST /cormun/servlet/licenciaspermisos?fd5fac2b11ed86fc3a06ed52167591d9,INS,0,,,,gx-no-cache=1495637007957 HTTP/1.1" 200 93
201.246.236.226 - - [24/May/2017:11:42:32 -0300] "GET /cormun/servlet/hpexe_return? HTTP/1.1" 200 1013
201.246.236.226 - - [24/May/2017:11:42:32 -0300] "GET /cormun/servlet/trlicencias HTTP/1.1" 200 7984
201.246.236.226 - - [24/May/2017:11:42:34 -0300] "GET /cormun/servlet/trlicencias HTTP/1.1" 200 7980
201.246.236.226 - - [24/May/2017:11:42:47 -0300] "GET /cormun/servlet/trlicenciaspermisosadjuntos?15738079,20170524000000,L, HTTP/1.1" 200 6322
201.246.236.226 - - [24/May/2017:11:42:48 -0300] "GET /cormun/servlet/trlicenciaspermisosadjuntos?15738079,20170524000000,L, HTTP/1.1" 200 6323
201.246.236.226 - - [24/May/2017:11:42:51 -0300] "GET /cormun/servlet/licenciaspermisosadjuntos?INS,15738079,L,20170524000000,, HTTP/1.1" 200 5618
201.246.236.226 - - [24/May/2017:11:42:51 -0300] "GET /cormun/static/about:blank HTTP/1.1" 404 1011
201.246.236.226 - - [24/May/2017:11:42:52 -0300] "GET /cormun/servlet/licenciaspermisosadjuntos?INS,15738079,L,20170524000000,, HTTP/1.1" 200 5607
186.103.156.24 - - [24/May/2017:11:42:58 -0300] "GET /cormun HTTP/1.1" 302 -
186.103.156.24 - - [24/May/2017:11:42:58 -0300] "GET /cormun/ HTTP/1.1" 404 975
186.103.159.182 - - [24/May/2017:11:43:03 -0300] "GET /cormun/servlet/licenciaspermisos?2b72d6805c6ef9eec83a286756d6f7ba7cff773e71bbe91d0b7379bfd555b8403e8ac25c2a53ff7d44e845d178ddd5acc4f3bbb94d948f6376c1f444d7bdf40145a5eeb150896522e26a9adccf610011f5ca1804446658f178be450ff901f5a8f1d5047d22a2f2686e8312c4409d3399d8f546d50fcf82c6a1f4286f8ce1f7e27d97d776f37484548b4f00b0d9e7141315a03bcfda11d25fc4ffd557a96f55e5fc8515b7e3c2c81d2957caced05d6eabb4c4e937eb27b854bcd80035051012ff91eb3fc5277dbb7eea21d1c2b23b0d8884c0cfa18a6bf639b0aa846b0ff6a5d4,gx-no-cache=1495637039693 HTTP/1.1" 200 30
186.103.159.182 - - [24/May/2017:11:43:04 -0300] "GET /cormun/servlet/licenciaspermisos?2b72d6805c6ef9eec83a286756d6f7bae5fc80ef8f2dffdfc0c0726cbf69f2144ace95c740710eb06d712a8d2226c28d58a117d4fef9f9ee033bd3f2843869708143032f7b6e560605617eee8fc8bcef20815fc5442a9f10227c358f2b73fae01bc2244a95cd9a4f7bb77fd51e7fcbcd3adf7ef1af38f302ed1cfb0c2574c16ca88bf6d3a60e9d09be911ec9862aa1b28a50865bed460f35934f445b8df65dbdb3129e4f77660195f973f13077c5bffaefa2f494053c38e5af94198deef987538840239ee19183219d50a64b620be16180019b49d62ebb11eeac4d891f121573,gx-no-cache=1495637039839 HTTP/1.1" 200 29
186.103.159.182 - - [24/May/2017:11:43:04 -0300] "POST /cormun/servlet/licenciaspermisos?daeffe85ac78de33075b7a988b3edb02,INS,0,,,,gx-no-cache=1495637039924 HTTP/1.1" 200 4801
186.103.159.182 - - [24/May/2017:11:43:04 -0300] "GET /cormun/static/Shared/jqueryui/images/ui-bg_highlight-soft_100_c6c2c8_1x100.png HTTP/1.1" 404 1117
186.103.159.182 - - [24/May/2017:11:43:04 -0300] "GET /cormun/static/Shared/jqueryui/images/ui-icons_82798d_256x240.png HTTP/1.1" 404 1089
186.103.159.182 - - [24/May/2017:11:43:04 -0300] "GET /cormun/static/Shared/jqueryui/images/ui-bg_flat_55_994d53_40x100.png HTTP/1.1" 404 1097
186.103.159.182 - - [24/May/2017:11:43:04 -0300] "GET /cormun/static/Shared/jqueryui/images/ui-icons_ebccce_256x240.png HTTP/1.1" 404 1089
186.103.156.24 - - [24/May/2017:11:43:17 -0300] "GET /cormun/servlet/hlogin HTTP/1.1" 200 1710
201.246.236.226 - - [24/May/2017:11:43:25 -0300] "POST /cormun/servlet/licenciaspermisosadjuntos?fd5fac2b11ed86fc3a06ed52167591d9,INS,15738079,L,20170524000000,, HTTP/1.1" 200 116
201.246.236.226 - - [24/May/2017:11:43:26 -0300] "GET /cormun/servlet/hpexe_return? HTTP/1.1" 200 1045
201.246.236.226 - - [24/May/2017:11:43:26 -0300] "GET /cormun/servlet/trlicenciaspermisosadjuntos?15738079,20170524000000,L, HTTP/1.1" 200 6823
201.246.236.226 - - [24/May/2017:11:43:27 -0300] "GET /cormun/servlet/trlicenciaspermisosadjuntos?15738079,20170524000000,L, HTTP/1.1" 200 6820
201.246.236.226 - - [24/May/2017:11:43:29 -0300] "GET /cormun/PublicTempStorage/l.medica_mayo_%281%292326717.jpg HTTP/1.1" 200 361755
186.103.156.24 - - [24/May/2017:11:43:33 -0300] "POST /cormun/servlet/hlogin?e2241d6a09f0e132b72d26e13fa5bb77,gx-no-cache=1495637070918 HTTP/1.1" 200 90
186.103.156.24 - - [24/May/2017:11:43:33 -0300] "GET /cormun/servlet/hpexe_link HTTP/1.1" 200 946
186.103.156.24 - - [24/May/2017:11:43:33 -0300] "GET /cormun/servlet/trlicencias HTTP/1.1" 200 7996
186.103.156.24 - - [24/May/2017:11:43:34 -0300] "GET /cormun/servlet/trlicencias HTTP/1.1" 200 7994
186.103.156.24 - - [24/May/2017:11:43:45 -0300] "GET /cormun/servlet/licenciaspermisos?INS,0,,, HTTP/1.1" 200 7401
186.103.156.24 - - [24/May/2017:11:43:45 -0300] "GET /cormun/servlet/licenciaspermisos?INS,0,,, HTTP/1.1" 200 7399
201.246.236.226 - - [24/May/2017:11:43:48 -0300] "POST /cormun/servlet/trlicenciaspermisosadjuntos?fd5fac2b11ed86fc3a06ed52167591d9,15738079,20170524000000,L,,gx-no-cache=1495637084191 HTTP/1.1" 200 90
201.246.236.226 - - [24/May/2017:11:43:48 -0300] "GET /cormun/servlet/hpexe_link HTTP/1.1" 200 986
186.103.159.182 - - [24/May/2017:11:43:48 -0300] "GET /cormun/servlet/licenciaspermisos?2b72d6805c6ef9eec83a286756d6f7ba7cff773e71bbe91d0b7379bfd555b8403e8ac25c2a53ff7d44e845d178ddd5acc4f3bbb94d948f6376c1f444d7bdf40145a5eeb150896522e26a9adccf610011f5ca1804446658f178be450ff901f5a8f1d5047d22a2f2686e8312c4409d3399d8f546d50fcf82c6a1f4286f8ce1f7e27d97d776f37484548b4f00b0d9e7141315a03bcfda11d25fc4ffd557a96f55e5fc8515b7e3c2c81d2957caced05d6eabb4c4e937eb27b854bcd80035051012ff91eb3fc5277dbb7eea21d1c2b23b0d8884c0cfa18a6bf639b0aa846b0ff6a5d4,gx-no-cache=1495637084015 HTTP/1.1" 200 30
186.103.159.182 - - [24/May/2017:11:43:48 -0300] "GET /cormun/servlet/licenciaspermisos?2b72d6805c6ef9eec83a286756d6f7bae5fc80ef8f2dffdfc0c0726cbf69f2144ace95c740710eb06d712a8d2226c28d58a117d4fef9f9ee033bd3f2843869708143032f7b6e560605617eee8fc8bcef20815fc5442a9f10227c358f2b73fae01bc2244a95cd9a4f7bb77fd51e7fcbcd3adf7ef1af38f302ed1cfb0c2574c16ca88bf6d3a60e9d09be911ec9862aa1b28a50865bed460f35934f445b8df65dbdb3129e4f77660195f973f13077c5bffaefa2f494053c38e5af94198deef987538840239ee19183219d50a64b620be16180019b49d62ebb11eeac4d891f121573,gx-no-cache=1495637084133 HTTP/1.1" 200 29
186.79.55.119 - - [24/May/2017:11:43:48 -0300] "GET /cormun/servlet/licenciaspermisos?INS,0,,, HTTP/1.1" 200 7197
201.246.236.226 - - [24/May/2017:11:43:48 -0300] "GET /cormun/servlet/trlicencias HTTP/1.1" 200 7982
186.103.159.182 - - [24/May/2017:11:43:48 -0300] "POST /cormun/servlet/licenciaspermisos?daeffe85ac78de33075b7a988b3edb02,INS,0,,,,gx-no-cache=1495637084206 HTTP/1.1" 200 93
186.103.159.182 - - [24/May/2017:11:43:48 -0300] "GET /cormun/servlet/hpexe_return? HTTP/1.1" 200 1012
186.103.159.182 - - [24/May/2017:11:43:49 -0300] "GET /cormun/servlet/trlicencias HTTP/1.1" 200 8401
186.79.55.119 - - [24/May/2017:11:43:49 -0300] "GET /cormun/servlet/licenciaspermisos?INS,0,,, HTTP/1.1" 200 7196
201.246.236.226 - - [24/May/2017:11:43:49 -0300] "GET /cormun/servlet/trlicencias HTTP/1.1" 200 7980
186.103.159.182 - - [24/May/2017:11:43:50 -0300] "GET /cormun/servlet/trlicencias HTTP/1.1" 200 8398
186.103.156.24 - - [24/May/2017:11:43:57 -0300] "GET /cormun/servlet/licenciaspermisos?405e7d1f14391f5b00ba6bfd1147040e532a220c2404a7eab220db5ee68492a6da373f846eeca137e760ea5f0767ec08,gx-no-cache=1495637094707 HTTP/1.1" 200 67
186.103.156.24 - - [24/May/2017:11:43:57 -0300] "POST /cormun/servlet/licenciaspermisos?e2241d6a09f0e132b72d26e13fa5bb77,INS,0,,,,gx-no-cache=1495637094829 HTTP/1.1" 200 4616
186.103.159.182 - - [24/May/2017:11:44:02 -0300] "GET /cormun/servlet/licenciaspermisos?INS,0,,, HTTP/1.1" 200 7471
186.79.55.119 - - [24/May/2017:11:44:02 -0300] "GET /cormun/servlet/licenciaspermisos?a01d18a1a5a94a4bbe449e8ef5e9fb88a52c11a18ff4f879dbbafdabe57ef30c383a18464ebf3a7499ad8603626a9bf7,gx-no-cache=1495637091985 HTTP/1.1" 200 84
201.246.236.226 - - [24/May/2017:11:44:02 -0300] "POST /cormun/servlet/trlicencias?fd5fac2b11ed86fc3a06ed52167591d9,gx-no-cache=1495637098119 HTTP/1.1" 200 4237
201.246.236.226 - - [24/May/2017:11:44:02 -0300] "GET /cormun/static/Shared/jqueryui/images/ui-bg_highlight-soft_100_c6c2c8_1x100.png HTTP/1.1" 404 1117
201.246.236.226 - - [24/May/2017:11:44:02 -0300] "GET /cormun/static/Shared/jqueryui/images/ui-icons_82798d_256x240.png HTTP/1.1" 404 1089
201.246.236.226 - - [24/May/2017:11:44:02 -0300] "GET /cormun/static/Shared/jqueryui/images/ui-bg_flat_55_fafafa_40x100.png HTTP/1.1" 404 1097
201.246.236.226 - - [24/May/2017:11:44:02 -0300] "GET /cormun/static/Shared/jqueryui/images/ui-icons_8d78a5_256x240.png HTTP/1.1" 404 1089
186.103.159.182 - - [24/May/2017:11:44:03 -0300] "GET /cormun/servlet/licenciaspermisos?INS,0,,, HTTP/1.1" 200 7479
186.79.55.119 - - [24/May/2017:11:44:06 -0300] "POST /cormun/servlet/licenciaspermisos?13dad69c1b20f6c10d78f65b2be7dfa5,INS,0,,,,gx-no-cache=1495637098940 HTTP/1.1" 200 4454
201.246.236.226 - - [24/May/2017:11:44:10 -0300] "POST /cormun/servlet/trlicencias?fd5fac2b11ed86fc3a06ed52167591d9,gx-no-cache=1495637106154 HTTP/1.1" 200 6039
201.246.236.226 - - [24/May/2017:11:44:14 -0300] "GET /cormun/servlet/alicenciaprn?15738079,L,20170524000000,PU HTTP/1.1" 200 1563
186.103.159.182 - - [24/May/2017:11:44:48 -0300] "GET /cormun/servlet/licenciaspermisos?2b72d6805c6ef9eec83a286756d6f7ba35d9ebf679803ed2733058c88da432a6527c87b923e4881496231cba055f4133,gx-no-cache=1495637144290 HTTP/1.1" 200 68
186.103.159.182 - - [24/May/2017:11:44:48 -0300] "POST /cormun/servlet/licenciaspermisos?daeffe85ac78de33075b7a988b3edb02,INS,0,,,,gx-no-cache=1495637144407 HTTP/1.1" 200 4633
186.79.55.119 - - [24/May/2017:11:44:49 -0300] "GET /cormun/static/menuarrow.gif HTTP/1.1" 404 1015
186.103.159.182 - - [24/May/2017:11:45:25 -0300] "GET /cormun/static/menuarrow.gif HTTP/1.1" 404 1015
186.79.55.119 - - [24/May/2017:11:46:31 -0300] "GET /cormun/servlet/licenciaspermisos?a01d18a1a5a94a4bbe449e8ef5e9fb8834bcf5a025526932dd03cef56f758c2fc88559c0078e57f80959a0e552fba8173822cfae57773c490a3caaec34ca5a0954ace43dcf7982885fe7b6b7c1eaa43f059f306799dbeff85af90b47b066ba6c116c269a43aa24da85ef733bb05de6e8f0dbd9a5578fdb908b176c282c9e2279932a24d92d3dd13b21460ad925d4b6f7e0597e455771cea0dc2ec79507e5e5306bba516301d7825196cc995ede44f2bd,gx-no-cache=1495637246717 HTTP/1.1" 200 30
186.79.55.119 - - [24/May/2017:11:46:32 -0300] "GET /cormun/servlet/licenciaspermisos?a01d18a1a5a94a4bbe449e8ef5e9fb88602fa1cd307c61a6eccc42ace6ae891fea73abaf72ea8fba9d125bcf27aa2d611f8bc1106634637567b4e8f7963db15339faa4b32ba9e62385e3e7b6dc967aa8a762b0344902204beea171f26f5db63f00992ad48547f363125cc0faf6342234d30c91df6bd5ea2a70b9b2243bc0880632a0564c82ee27bb526695441620ff8da0f6d3bf5ecf766cf19929cb7ffd476e26923c721f868d18ac249e20cc2e153e,gx-no-cache=1495637248251 HTTP/1.1" 200 29
186.79.55.119 - - [24/May/2017:11:46:36 -0300] "POST /cormun/servlet/licenciaspermisos?13dad69c1b20f6c10d78f65b2be7dfa5,INS,0,,,,gx-no-cache=1495637249316 HTTP/1.1" 200 93
186.79.55.119 - - [24/May/2017:11:46:37 -0300] "GET /cormun/servlet/hpexe_return? HTTP/1.1" 200 1012
186.79.55.119 - - [24/May/2017:11:46:39 -0300] "GET /cormun/static/Resources/Spanish/PXTools.css?167811 HTTP/1.1" 304 -
186.79.55.119 - - [24/May/2017:11:46:39 -0300] "GET /cormun/static/hpexe_return.js?2016101716175153 HTTP/1.1" 304 -
186.79.55.119 - - [24/May/2017:11:46:40 -0300] "GET /cormun/servlet/trlicencias HTTP/1.1" 200 7830
186.79.55.119 - - [24/May/2017:11:46:41 -0300] "GET /cormun/servlet/trlicencias HTTP/1.1" 200 7825
190.151.100.218 - - [24/May/2017:11:46:52 -0300] "GET /cormun/servlet/hhome HTTP/1.1" 200 3353
190.151.100.218 - - [24/May/2017:11:46:52 -0300] "GET /cormun/static/gxcfg.js?201731711483497 HTTP/1.1" 200 953
190.151.100.218 - - [24/May/2017:11:46:52 -0300] "GET /cormun/static/hhome.js?20173171148352 HTTP/1.1" 200 777
190.151.100.218 - - [24/May/2017:11:46:53 -0300] "GET /cormun/servlet/hhome HTTP/1.1" 200 3362
190.151.100.218 - - [24/May/2017:11:46:54 -0300] "GET /cormun/servlet/hlogin HTTP/1.1" 200 1735
186.103.132.155 - - [24/May/2017:11:47:21 -0300] "POST /cormun/servlet/hlogin?75bdc958be7f575b34583346e22fa693,gx-no-cache=1495637297239 HTTP/1.1" 200 90
186.103.132.155 - - [24/May/2017:11:47:21 -0300] "GET /cormun/servlet/hpexe_link HTTP/1.1" 200 952
186.103.132.155 - - [24/May/2017:11:47:21 -0300] "GET /cormun/servlet/hhome HTTP/1.1" 200 4003
186.103.132.155 - - [24/May/2017:11:47:22 -0300] "GET /cormun/servlet/hhome HTTP/1.1" 200 3999
186.103.132.155 - - [24/May/2017:11:47:28 -0300] "GET /cormun/servlet/trsolicitudot? HTTP/1.1" 200 6973
186.103.132.155 - - [24/May/2017:11:47:28 -0300] "GET /cormun/servlet/trsolicitudot? HTTP/1.1" 200 6973
186.103.132.155 - - [24/May/2017:11:47:30 -0300] "GET /cormun/servlet/solicitudot?INS,0,0, HTTP/1.1" 200 12827
186.103.132.155 - - [24/May/2017:11:47:31 -0300] "GET /cormun/servlet/solicitudot?INS,0,0, HTTP/1.1" 200 12832
186.79.55.119 - - [24/May/2017:11:47:34 -0300] "GET /cormun/servlet/trlicenciaspermisosadjuntos?8788527,20170524000000,L, HTTP/1.1" 200 6184
186.79.55.119 - - [24/May/2017:11:47:34 -0300] "GET /cormun/servlet/trlicenciaspermisosadjuntos?8788527,20170524000000,L, HTTP/1.1" 200 6184
186.79.55.119 - - [24/May/2017:11:47:36 -0300] "GET /cormun/servlet/licenciaspermisosadjuntos?INS,8788527,L,20170524000000,, HTTP/1.1" 200 5474
186.79.55.119 - - [24/May/2017:11:47:36 -0300] "GET /cormun/static/about:blank HTTP/1.1" 404 1011
186.79.55.119 - - [24/May/2017:11:47:37 -0300] "GET /cormun/servlet/licenciaspermisosadjuntos?INS,8788527,L,20170524000000,, HTTP/1.1" 200 5464
186.103.156.24 - - [24/May/2017:11:47:37 -0300] "GET /cormun/servlet/licenciaspermisos?405e7d1f14391f5b00ba6bfd1147040e49e8e6d690e1d98a3be7641103831e8bbe6afd94cbf601eda279ba24b9728013a7499989539fa90a04d0156bf7fd0164b51dfc9ad27ea944e0583e0acc62c762f3ebe58c107f5309a4e8c20caec3a9ac2a14c1c11c6bb14f074f09f4fbe7dd8835ff7f586b3e6c5e2fe4d00439b415d731a83e801e5b2ff6ad5e8e54c4337014db531ca77d0a47dca82780cae5354b2f0b04c334c4595396fe55918959fb59324a48d514ca1afc549f247cb9cb8725afb91b37deca22e8fb570c0970fe945dc69bb2e70af81275b3fa0c25ad0019aec8,gx-no-cache=1495637315565 HTTP/1.1" 200 30
186.103.156.24 - - [24/May/2017:11:47:37 -0300] "GET /cormun/servlet/licenciaspermisos?405e7d1f14391f5b00ba6bfd1147040e2d6ee6957944e8d3b8c490d0244efc03c95df2fc627e73c4658b2f96b189b4ecaddc0473aed0ed3a517474abb21cdb495efa5d7dcb96222c1999c9bbd31bc3a0019202b869a71e224f7bd29a2829177740df35359a7e4cc4950d131be43e86c54a8204ff3a6824ec78c81f676de6404dc8443d101366f5a6117390fafb2237c7d5f17b7540b32be4402ed923ed2b0e26f33af2423ff06d992e2eeab460c18db52f53d29af98f3bb79b2bde9637468bfcc12db8ffa21a6967e258a8b2f30536b85c5ec07f8ccb2b7ff1cc8a35261039df,gx-no-cache=1495637315676 HTTP/1.1" 200 29
186.103.156.24 - - [24/May/2017:11:47:38 -0300] "POST /cormun/servlet/licenciaspermisos?e2241d6a09f0e132b72d26e13fa5bb77,INS,0,,,,gx-no-cache=1495637315750 HTTP/1.1" 200 93
186.103.156.24 - - [24/May/2017:11:47:38 -0300] "GET /cormun/servlet/hpexe_return? HTTP/1.1" 200 1001
186.103.156.24 - - [24/May/2017:11:47:39 -0300] "GET /cormun/servlet/trlicencias HTTP/1.1" 200 8368
186.103.156.24 - - [24/May/2017:11:47:39 -0300] "GET /cormun/servlet/trlicencias HTTP/1.1" 200 8364
186.103.161.206 - - [24/May/2017:11:47:44 -0300] "POST /cormun/servlet/solicitudot?gx-no-cache=1495637319862 HTTP/1.1" 200 3204
186.103.161.206 - - [24/May/2017:11:47:44 -0300] "POST /cormun/servlet/solicitudot?75bdc958be7f575b34583346e22fa693,INS,0,0,,gx-no-cache=1495637320548 HTTP/1.1" 200 9994
186.103.161.206 - - [24/May/2017:11:47:52 -0300] "GET /cormun/servlet/solicitudot?bddcf2eda49e15fa37d2792f6f3f1e89291f6e224a3c118cd8e7ff26817f8c1ab8daf1715aaf63113fff8625b093b330,gx-no-cache=1495637328193 HTTP/1.1" 200 30
186.103.161.206 - - [24/May/2017:11:47:52 -0300] "POST /cormun/servlet/solicitudot?gx-no-cache=1495637328264 HTTP/1.1" 200 255
186.103.161.206 - - [24/May/2017:11:47:52 -0300] "GET /cormun/servlet/solicitudot?bddcf2eda49e15fa37d2792f6f3f1e892b287d29508c9cda115f27293af1725a5dbf319a9919271d8cbd3af1b2a01bbb149d561af784aa9da3cf218065155d8699f11b1eccea258b25e4c57e0e93150a30b499c3f97da9522688dd896301b3623186731a8aebdc9328ea20ed97095734b1e5060a37adba2d65e4663d5ce46cc83ccfee5fb26d0ab499d5b685bae892dc5b869cb29834e6672845ffe2586dc1e7c7e5d46adff8035a4dae491e02dc2b0c9c026c27138d935628f94e67f34e8d1ee21a7b64fd76a6c8e2bbf3ca41ff46ce8e87ee14c40ad2df83d170cae57959dddab6b73f9ab85d2f11dc890daabf56ae555e5e99ead1e8fd3f606adf931472acbdccd63f128026a5174a66006bc4b781c628a66eabf588b5fa8697282835de8dfd981f9a90f4197abdb61e9ff106ae7f36ae130a2e56e09ae72d134d3fe5df5f34fcc5b50b5b21b5fac6a3961f1bfd5a4d4e9c7db4acf61cf1ee82e1e20739d68234a36cbe4d4dfe74c544b60b452fc223c114bc36b95892a9c02d5d652c06f1,gx-no-cache=1495637328363 HTTP/1.1" 200 30
186.103.156.24 - - [24/May/2017:11:47:52 -0300] "GET /cormun/servlet/trlicenciaspermisosadjuntos?6359233,20170524000000,L, HTTP/1.1" 200 6343
186.103.156.24 - - [24/May/2017:11:47:52 -0300] "GET /cormun/static/gxcfg.js?20173171154619 HTTP/1.1" 200 953
186.103.156.24 - - [24/May/2017:11:47:52 -0300] "GET /cormun/static/trlicenciaspermisosadjuntos.js?20173171154971 HTTP/1.1" 200 21005
186.103.156.24 - - [24/May/2017:11:47:53 -0300] "GET /cormun/servlet/trlicenciaspermisosadjuntos?6359233,20170524000000,L, HTTP/1.1" 200 6343
186.103.156.24 - - [24/May/2017:11:47:54 -0300] "GET /cormun/servlet/licenciaspermisosadjuntos?INS,6359233,L,20170524000000,, HTTP/1.1" 200 5636
186.103.156.24 - - [24/May/2017:11:47:54 -0300] "GET /cormun/static/gxcfg.js?201731711421170 HTTP/1.1" 200 953
186.103.156.24 - - [24/May/2017:11:47:55 -0300] "GET /cormun/static/licenciaspermisosadjuntos.js?201731711421181 HTTP/1.1" 200 8757
186.103.156.24 - - [24/May/2017:11:47:55 -0300] "GET /cormun/servlet/licenciaspermisosadjuntos?INS,6359233,L,20170524000000,, HTTP/1.1" 200 5623
186.103.156.24 - - [24/May/2017:11:47:55 -0300] "GET /cormun/static/about:blank HTTP/1.1" 404 1011
186.103.161.206 - - [24/May/2017:11:47:56 -0300] "POST /cormun/servlet/solicitudot?gx-no-cache=1495637332361 HTTP/1.1" 200 30
186.103.161.206 - - [24/May/2017:11:48:02 -0300] "GET /cormun/servlet/prcontratosol?12692787,,,,,MD,,gxPopupLevel%3D0%3B HTTP/1.1" 200 5967
186.103.161.206 - - [24/May/2017:11:48:02 -0300] "GET /cormun/static/gxcfg.js?201731711522183 HTTP/1.1" 200 953
186.103.161.206 - - [24/May/2017:11:48:02 -0300] "GET /cormun/static/Resources/PXToolsGridFirst.gif HTTP/1.1" 200 379
186.103.132.155 - - [24/May/2017:11:48:02 -0300] "GET /cormun/static/Resources/PXToolsMenuSearchCancel.png HTTP/1.1" 200 2972
190.151.100.218 - - [24/May/2017:11:48:02 -0300] "GET /cormun/static/Resources/PXToolsMenuSearch.png HTTP/1.1" 200 2914
186.103.132.155 - - [24/May/2017:11:48:02 -0300] "GET /cormun/static/Resources/PXToolsGridPrevious.gif HTTP/1.1" 200 369
186.103.161.206 - - [24/May/2017:11:48:02 -0300] "GET /cormun/static/prcontratosol.js?201731711522419 HTTP/1.1" 200 14084
186.103.161.206 - - [24/May/2017:11:48:02 -0300] "GET /cormun/static/menusearch.js?201610171694467 HTTP/1.1" 200 1424
186.103.132.155 - - [24/May/2017:11:48:02 -0300] "GET /cormun/static/hmpwkw011.js?201731711483558 HTTP/1.1" 200 1968
186.103.132.155 - - [24/May/2017:11:48:02 -0300] "GET /cormun/static/Resources/PXToolsGridNext.gif HTTP/1.1" 200 369
186.103.132.155 - - [24/May/2017:11:48:02 -0300] "GET /cormun/static/Resources/resize.gif HTTP/1.1" 200 77
190.151.100.218 - - [24/May/2017:11:48:02 -0300] "GET /cormun/static/Resources/PXToolsGridLast.gif HTTP/1.1" 200 370
186.103.132.155 - - [24/May/2017:11:48:08 -0300] "POST /cormun/servlet/solicitudot?gx-no-cache=1495637344284 HTTP/1.1" 200 1297
186.103.132.155 - - [24/May/2017:11:48:08 -0300] "POST /cormun/servlet/solicitudot?gx-no-cache=1495637344465 HTTP/1.1" 200 38
186.103.132.155 - - [24/May/2017:11:48:08 -0300] "GET /cormun/servlet/solicitudot?bddcf2eda49e15fa37d2792f6f3f1e895b27a4b44c112b0cb252e5779a9e2649a610a93ba1ec0865f5c4d408617d568de730e4de62130d536b2885ee43c740bdcda08066aada0b7c51735d623138ca818726beb33ccd2808496c22a2738d06c4126e5005e309b5a6c7f450b06c23e8bf1df32ffe2975a76b1c5bb45b56c581d5649f76a4536f47a89971b8f0f3d49769442fd61ec2729e7dbbd9baccd3d95ab9,gx-no-cache=1495637344556 HTTP/1.1" 200 29
186.103.132.155 - - [24/May/2017:11:48:09 -0300] "POST /cormun/servlet/solicitudot?gx-no-cache=1495637344660 HTTP/1.1" 200 1280
186.103.132.155 - - [24/May/2017:11:48:09 -0300] "POST /cormun/servlet/solicitudot?gx-no-cache=1495637345765 HTTP/1.1" 200 1162
186.103.156.24 - - [24/May/2017:11:48:14 -0300] "POST /cormun/servlet/licenciaspermisosadjuntos?e2241d6a09f0e132b72d26e13fa5bb77,INS,6359233,L,20170524000000,, HTTP/1.1" 200 116
186.103.156.24 - - [24/May/2017:11:48:14 -0300] "GET /cormun/servlet/hpexe_return? HTTP/1.1" 200 1030
186.103.156.24 - - [24/May/2017:11:48:14 -0300] "GET /cormun/servlet/trlicenciaspermisosadjuntos?6359233,20170524000000,L, HTTP/1.1" 200 6817
186.103.156.24 - - [24/May/2017:11:48:15 -0300] "GET /cormun/servlet/trlicenciaspermisosadjuntos?6359233,20170524000000,L, HTTP/1.1" 200 6819
186.103.156.24 - - [24/May/2017:11:48:15 -0300] "GET /cormun/PublicTempStorage/tia_gloria6859489.jpeg HTTP/1.1" 200 1692746
186.103.156.24 - - [24/May/2017:11:48:18 -0300] "GET /cormun/servlet/trlicencias? HTTP/1.1" 200 8364
186.103.156.24 - - [24/May/2017:11:48:18 -0300] "GET /cormun/servlet/trlicencias? HTTP/1.1" 200 8364
186.103.156.24 - - [24/May/2017:11:48:22 -0300] "GET /cormun/servlet/trlicenciaspermisosadjuntos?11889720,20170524000000,L, HTTP/1.1" 200 6350
186.103.156.24 - - [24/May/2017:11:48:23 -0300] "GET /cormun/servlet/trlicenciaspermisosadjuntos?11889720,20170524000000,L, HTTP/1.1" 200 6350
186.103.156.24 - - [24/May/2017:11:48:24 -0300] "GET /cormun/servlet/licenciaspermisosadjuntos?INS,11889720,L,20170524000000,, HTTP/1.1" 200 5646
186.103.156.24 - - [24/May/2017:11:48:24 -0300] "GET /cormun/static/about:blank HTTP/1.1" 404 1011
186.103.156.24 - - [24/May/2017:11:48:25 -0300] "GET /cormun/servlet/licenciaspermisosadjuntos?INS,11889720,L,20170524000000,, HTTP/1.1" 200 5635
186.103.132.155 - - [24/May/2017:11:48:31 -0300] "POST /cormun/servlet/solicitudot?gx-no-cache=1495637367132 HTTP/1.1" 200 1297
186.103.132.155 - - [24/May/2017:11:48:31 -0300] "POST /cormun/servlet/solicitudot?gx-no-cache=1495637367425 HTTP/1.1" 200 38
186.103.156.24 - - [24/May/2017:11:48:39 -0300] "POST /cormun/servlet/licenciaspermisosadjuntos?e2241d6a09f0e132b72d26e13fa5bb77,INS,11889720,L,20170524000000,, HTTP/1.1" 200 116
186.103.156.24 - - [24/May/2017:11:48:39 -0300] "GET /cormun/servlet/hpexe_return? HTTP/1.1" 200 1031
186.103.156.24 - - [24/May/2017:11:48:40 -0300] "GET /cormun/servlet/trlicenciaspermisosadjuntos?11889720,20170524000000,L, HTTP/1.1" 200 6817
186.103.156.24 - - [24/May/2017:11:48:40 -0300] "GET /cormun/servlet/trlicenciaspermisosadjuntos?11889720,20170524000000,L, HTTP/1.1" 200 6819
186.103.156.24 - - [24/May/2017:11:48:41 -0300] "GET /cormun/PublicTempStorage/paulina3061208.jpeg HTTP/1.1" 200 1724808
186.103.156.24 - - [24/May/2017:11:48:43 -0300] "GET /cormun/servlet/trlicencias? HTTP/1.1" 200 8365
186.103.156.24 - - [24/May/2017:11:48:44 -0300] "GET /cormun/servlet/trlicencias? HTTP/1.1" 200 8364
199.30.24.216 - - [24/May/2017:11:48:46 -0300] "GET /cormun/static/Resources/PXToolsGridPage.gif HTTP/1.1" 200 725
199.30.24.216 - - [24/May/2017:11:48:47 -0300] "GET /cormun/static/Resources/asc.gif HTTP/1.1" 200 67
199.30.24.216 - - [24/May/2017:11:48:48 -0300] "GET /cormun//static/Resources/PXToolsActionDisabled.gif HTTP/1.1" 200 53
186.103.132.155 - - [24/May/2017:11:48:48 -0300] "POST /cormun/servlet/solicitudot?gx-no-cache=1495637384154 HTTP/1.1" 200 1280
186.103.132.155 - - [24/May/2017:11:48:48 -0300] "POST /cormun/servlet/solicitudot?gx-no-cache=1495637384335 HTTP/1.1" 200 1162
186.103.132.155 - - [24/May/2017:11:48:48 -0300] "GET /cormun/static/menuarrow.gif HTTP/1.1" 404 1015
199.30.24.216 - - [24/May/2017:11:48:49 -0300] "GET /cormun/static/Resources/PXToolsButtonLeft21.png HTTP/1.1" 200 1287
186.103.156.24 - - [24/May/2017:11:48:55 -0300] "GET /cormun/servlet/alicenciaprn?6359233,L,20170524000000,PU HTTP/1.1" 200 1523
200.111.191.210 - - [24/May/2017:11:49:00 -0300] "GET /cormun/servlet/trlicencias? HTTP/1.1" 200 6437
200.111.191.210 - - [24/May/2017:11:49:01 -0300] "GET /cormun/servlet/trlicencias? HTTP/1.1" 200 6437
186.103.132.155 - - [24/May/2017:11:49:03 -0300] "POST /cormun/servlet/solicitudot?gx-no-cache=1495637399042 HTTP/1.1" 200 1280
186.103.132.155 - - [24/May/2017:11:49:03 -0300] "POST /cormun/servlet/solicitudot?gx-no-cache=1495637399226 HTTP/1.1" 200 1162
186.103.156.24 - - [24/May/2017:11:49:13 -0300] "GET /cormun/servlet/alicenciaprn?11889720,L,20170524000000,PU HTTP/1.1" 200 1562
200.111.191.210 - - [24/May/2017:11:49:19 -0300] "GET /cormun/servlet/trlicencias? HTTP/1.1" 200 6437
200.111.191.210 - - [24/May/2017:11:49:20 -0300] "GET /cormun/servlet/trlicencias? HTTP/1.1" 200 6437
200.111.191.210 - - [24/May/2017:11:49:22 -0300] "GET /cormun/servlet/licenciaspermisos?INS,0,,, HTTP/1.1" 200 7171
200.111.191.210 - - [24/May/2017:11:49:24 -0300] "GET /cormun/servlet/licenciaspermisos?INS,0,,, HTTP/1.1" 200 7171
186.103.161.206 - - [24/May/2017:11:49:28 -0300] "GET /cormun/servlet/solicitudot?bddcf2eda49e15fa37d2792f6f3f1e892585977c5b5961e6402dfe06378c2a8a05d27681b4484e553b84800893276becf0dee84de8f00cfc39ee6fe46f6fc5f7d30ec7a5481d372ff30d2c3b0e9a0186b76e4fd2c45ccda4f34549e4b584953bf41156a86c3a1727d855a6f5cd255fd62d2b55c0ad722eb411e387a51c1e1f188bdf3bd1378ca549c4fccb76a3aa9db42cece1048d5c14655337a189f0aaee14aa0eff8958ca4444ccc711e5c1abbc11,gx-no-cache=1495637424186 HTTP/1.1" 200 30
200.111.191.210 - - [24/May/2017:11:49:28 -0300] "GET /cormun/servlet/licenciaspermisos?82b6fcd3142dd9456aaa8218f6cc3349acecb59847b57814365b53d705dd1d25acb368f7b3c50bfbb0bfcd320d5c1380,gx-no-cache=1495637424028 HTTP/1.1" 200 65
200.111.191.210 - - [24/May/2017:11:49:28 -0300] "POST /cormun/servlet/licenciaspermisos?aa383b4267a2a8714a45c3661097e6fb,INS,0,,,,gx-no-cache=1495637424146 HTTP/1.1" 200 4424
186.103.159.182 - - [24/May/2017:11:50:35 -0300] "GET /cormun/servlet/licenciaspermisos?2b72d6805c6ef9eec83a286756d6f7ba7cff773e71bbe91d0b7379bfd555b8403e8ac25c2a53ff7d44e845d178ddd5acc4f3bbb94d948f6376c1f444d7bdf40145a5eeb150896522e26a9adccf610011f5ca1804446658f178be450ff901f5a8f1d5047d22a2f2686e8312c4409d3399d8f546d50fcf82c6a1f4286f8ce1f7e27d97d776f37484548b4f00b0d9e7141315a03bcfda11d25fc4ffd557a96f55e5fc8515b7e3c2c81d2957caced05d6eabb4c4e937eb27b854bcd80035051012ff91eb3fc5277dbb7eea21d1c2b23b0d88c8a48874250ac60e18ca3ffb8b704460,gx-no-cache=1495637491054 HTTP/1.1" 200 30
186.103.159.182 - - [24/May/2017:11:50:35 -0300] "GET /cormun/servlet/licenciaspermisos?2b72d6805c6ef9eec83a286756d6f7bae5fc80ef8f2dffdfc0c0726cbf69f2144ace95c740710eb06d712a8d2226c28d58a117d4fef9f9ee033bd3f2843869708143032f7b6e560605617eee8fc8bcef20815fc5442a9f10227c358f2b73fae01bc2244a95cd9a4f7bb77fd51e7fcbcd3adf7ef1af38f302ed1cfb0c2574c16ca88bf6d3a60e9d09be911ec9862aa1b28a50865bed460f35934f445b8df65dbdb3129e4f77660195f973f13077c5bffaefa2f494053c38e5af94198deef987538840239ee19183219d50a64b620be16100d2a29f3a66b7a11e7546de20fa842f,gx-no-cache=1495637491139 HTTP/1.1" 200 29
186.103.159.182 - - [24/May/2017:11:50:35 -0300] "POST /cormun/servlet/licenciaspermisos?daeffe85ac78de33075b7a988b3edb02,INS,0,,,,gx-no-cache=1495637491181 HTTP/1.1" 200 93
186.103.159.182 - - [24/May/2017:11:50:35 -0300] "GET /cormun/servlet/hpexe_return? HTTP/1.1" 200 1012
186.103.159.182 - - [24/May/2017:11:50:36 -0300] "GET /cormun/servlet/trlicencias HTTP/1.1" 200 8690
186.103.159.182 - - [24/May/2017:11:50:37 -0300] "GET /cormun/servlet/trlicencias HTTP/1.1" 200 8685
186.79.55.119 - - [24/May/2017:11:50:38 -0300] "POST /cormun/servlet/licenciaspermisosadjuntos?13dad69c1b20f6c10d78f65b2be7dfa5,INS,8788527,L,20170524000000,, HTTP/1.1" 200 116
186.79.55.119 - - [24/May/2017:11:50:38 -0300] "GET /cormun/servlet/hpexe_return? HTTP/1.1" 200 1040
186.79.55.119 - - [24/May/2017:11:50:38 -0300] "GET /cormun/servlet/trlicenciaspermisosadjuntos?8788527,20170524000000,L, HTTP/1.1" 200 6681
186.103.161.206 - - [24/May/2017:11:50:39 -0300] "POST /cormun/servlet/solicitudot?75bdc958be7f575b34583346e22fa693,INS,0,0,,gx-no-cache=1495637492966 HTTP/1.1" 200 11388
186.103.161.206 - - [24/May/2017:11:50:39 -0300] "GET /cormun/static/Shared/jqueryui/images/ui-bg_highlight-soft_100_c6c2c8_1x100.png HTTP/1.1" 404 1117
190.151.100.218 - - [24/May/2017:11:50:39 -0300] "GET /cormun/static/Shared/jqueryui/images/ui-bg_flat_55_994d53_40x100.png HTTP/1.1" 404 1097
190.151.100.218 - - [24/May/2017:11:50:39 -0300] "GET /cormun/static/Shared/jqueryui/images/ui-icons_82798d_256x240.png HTTP/1.1" 404 1089
186.103.161.206 - - [24/May/2017:11:50:39 -0300] "GET /cormun/static/Shared/jqueryui/images/ui-icons_ebccce_256x240.png HTTP/1.1" 404 1089
186.79.55.119 - - [24/May/2017:11:50:40 -0300] "GET /cormun/servlet/trlicenciaspermisosadjuntos?8788527,20170524000000,L, HTTP/1.1" 200 6678
186.103.159.182 - - [24/May/2017:11:50:41 -0300] "GET /cormun/servlet/licenciaspermisos?INS,0,,, HTTP/1.1" 200 7471
186.103.159.182 - - [24/May/2017:11:50:42 -0300] "GET /cormun/servlet/licenciaspermisos?INS,0,,, HTTP/1.1" 200 7479
201.246.236.226 - - [24/May/2017:11:50:42 -0300] "GET /cormun/servlet/trpermisosgoce? HTTP/1.1" 200 9536
201.246.236.226 - - [24/May/2017:11:50:44 -0300] "GET /cormun/servlet/trpermisosgoce? HTTP/1.1" 200 9528
186.79.55.119 - - [24/May/2017:11:50:44 -0300] "POST /cormun/servlet/trlicenciaspermisosadjuntos?13dad69c1b20f6c10d78f65b2be7dfa5,8788527,20170524000000,L,,gx-no-cache=1495637498973 HTTP/1.1" 200 90
186.79.55.119 - - [24/May/2017:11:50:45 -0300] "GET /cormun/servlet/hpexe_link HTTP/1.1" 200 984
186.79.55.119 - - [24/May/2017:11:50:45 -0300] "GET /cormun/servlet/trlicencias HTTP/1.1" 200 7827
186.79.55.119 - - [24/May/2017:11:50:46 -0300] "GET /cormun/servlet/trlicencias HTTP/1.1" 200 7825
186.79.55.119 - - [24/May/2017:11:51:06 -0300] "GET /cormun/servlet/alicenciaprn?8788527,L,20170524000000,PU HTTP/1.1" 200 1575
201.246.236.226 - - [24/May/2017:11:51:10 -0300] "GET /cormun/servlet/permisogoce?INS,0,,, HTTP/1.1" 200 6750
201.246.236.226 - - [24/May/2017:11:51:12 -0300] "GET /cormun/servlet/permisogoce?INS,0,,, HTTP/1.1" 200 6750
201.246.236.226 - - [24/May/2017:11:51:17 -0300] "GET /cormun/servlet/prfichaempleado?,MD,,gxPopupLevel%3D0%3B HTTP/1.1" 200 8798
201.246.236.226 - - [24/May/2017:11:51:30 -0300] "POST /cormun/servlet/prfichaempleado?fd5fac2b11ed86fc3a06ed52167591d9,,MD,,gxPopupLevel%3D0%3B,gx-no-cache=1495637546828 HTTP/1.1" 200 3404
201.246.236.226 - - [24/May/2017:11:51:55 -0300] "GET /cormun/servlet/prfichaempleado?,MD,,gxPopupLevel%3D0%3B HTTP/1.1" 200 8798
201.246.236.226 - - [24/May/2017:11:52:10 -0300] "GET /cormun/servlet/prfichaempleado?,MD,,gxPopupLevel%3D0%3B HTTP/1.1" 200 8798
201.246.236.226 - - [24/May/2017:11:52:25 -0300] "POST /cormun/servlet/prfichaempleado?fd5fac2b11ed86fc3a06ed52167591d9,,MD,,gxPopupLevel%3D0%3B,gx-no-cache=1495637600804 HTTP/1.1" 200 3404
186.103.159.182 - - [24/May/2017:11:52:26 -0300] "GET /cormun/servlet/licenciaspermisos?2b72d6805c6ef9eec83a286756d6f7babb647699ec40b5999bf56ae059943795527c87b923e4881496231cba055f4133,gx-no-cache=1495637602587 HTTP/1.1" 200 71
201.246.236.226 - - [24/May/2017:11:52:32 -0300] "GET /cormun/servlet/permisogoce?8d0d5e22b99258468aa32be7afc8b6d2cb20264b68bc6d8a1a472d4fa7c2d10c6cf482b5e688ea2a6f9097a0c5d40ce4,gx-no-cache=1495637609235 HTTP/1.1" 200 71
201.246.236.226 - - [24/May/2017:11:52:33 -0300] "GET /cormun/static/menuarrow.gif HTTP/1.1" 404 1015
200.111.191.210 - - [24/May/2017:11:52:35 -0300] "GET /cormun/servlet/licenciaspermisos?82b6fcd3142dd9456aaa8218f6cc33490f1ed7ac32b1eb51591e6b8d2cbb409885ddcb5d2c1ec8357138e05d764de0b12df2b1a8c649466f1480aaef0c20da88eecda9e222b32233e4cda0224eed5853781e34fa46df99a99314f76f9d8e7587fde0f6007c7cd8df17b2b3ffa345eb61290b5876c7a1b1e784f7fa8b82d22226a64e102b21337c8e7c637a9498f0e1720b7909709dadc0c517808e01d317f981ee20206a8eed07c78c67eb952f450c62b5a1f19535c0d7dd08d6da87ae31793060f37efd016965ecc93248ecf367f3756ad6fced50a4181443641d4987c030a9,gx-no-cache=1495637610546 HTTP/1.1" 200 30
200.111.191.210 - - [24/May/2017:11:52:35 -0300] "GET /cormun/servlet/licenciaspermisos?82b6fcd3142dd9456aaa8218f6cc3349230c1d8fb0bc708b3144d56e1b00e03c03d410dd334738fc1ed96b191ca68c57aa32d47e3db701c1cba96557aa3bd6fa6d90ab2974c299602200d9f4fabdf7d559d176fb29b3e1916aa2aab74416c3751bd37b1d57e15e2610ba33a7b88153484a4f941ad825dbdf3ba714d3e697d7bf903b81b62ac64ad3067a7ad9c530fb6cc388f48494387128fb7313ef40eaf3e7e988cf1e1c32fbf1412ab43cebb0abe99b58f139413956c828aa73e3d1be193fb0118a0d10c4ecf6304388dd5e29f30e532b53b3a4b391cb76a32a2f82ede549,gx-no-cache=1495637610620 HTTP/1.1" 200 29
200.111.191.210 - - [24/May/2017:11:52:35 -0300] "POST /cormun/servlet/licenciaspermisos?aa383b4267a2a8714a45c3661097e6fb,INS,0,,,,gx-no-cache=1495637610664 HTTP/1.1" 200 93
200.111.191.210 - - [24/May/2017:11:52:35 -0300] "GET /cormun/servlet/hpexe_return? HTTP/1.1" 200 1015
200.111.191.210 - - [24/May/2017:11:52:35 -0300] "GET /cormun/servlet/trlicencias HTTP/1.1" 200 7653
200.111.191.210 - - [24/May/2017:11:52:36 -0300] "GET /cormun/servlet/trlicencias HTTP/1.1" 200 7650
201.246.236.226 - - [24/May/2017:11:52:45 -0300] "GET /cormun/servlet/permisogoce?8d0d5e22b99258468aa32be7afc8b6d2fa447919ab2a42a7aebd7dcebf4236cc7b2fa40d7dc63d20e18ddfabd204a0766ab081c9c6a4ac18480357d436e1b40c,gx-no-cache=1495637621530 HTTP/1.1" 200 48
186.103.159.182 - - [24/May/2017:11:52:49 -0300] "GET /cormun/static/menuarrow.gif HTTP/1.1" 404 1015
200.111.191.210 - - [24/May/2017:11:52:55 -0300] "GET /cormun/servlet/alicenciaprn?8157691,L,20170524000000,PU HTTP/1.1" 200 1551
192.168.10.96 - - [24/May/2017:11:53:19 -0300] "GET /cormun/servlet/vevisualizador?2017,6293,,SolicitudOTAdjuntos HTTP/1.1" 200 10464
192.168.10.96 - - [24/May/2017:11:53:20 -0300] "GET /cormun/servlet/vevisualizador?2017,6293,,SolicitudOTAdjuntos HTTP/1.1" 200 10466
192.168.10.96 - - [24/May/2017:11:53:21 -0300] "POST /cormun/servlet/acontrolpreferencessavestate?None,DZAMUDIO,true HTTP/1.1" 200 35
186.103.156.24 - - [24/May/2017:11:53:22 -0300] "POST /cormun/servlet/trlicencias?e2241d6a09f0e132b72d26e13fa5bb77,,gx-no-cache=1495637660450 HTTP/1.1" 200 5386
186.103.156.24 - - [24/May/2017:11:53:24 -0300] "POST /cormun/servlet/trlicencias?e2241d6a09f0e132b72d26e13fa5bb77,,gx-no-cache=1495637662091 HTTP/1.1" 200 4243
186.79.55.119 - - [24/May/2017:11:54:00 -0300] "GET /cormun/servlet/licenciaspermisos?INS,0,,, HTTP/1.1" 200 7197
186.79.55.119 - - [24/May/2017:11:54:01 -0300] "GET /cormun/servlet/licenciaspermisos?INS,0,,, HTTP/1.1" 200 7196
186.79.55.119 - - [24/May/2017:11:54:07 -0300] "GET /cormun/servlet/licenciaspermisos?a01d18a1a5a94a4bbe449e8ef5e9fb88187635478e6d49919f84c158cb145f990cfd672e6ffea8b4f30e1aa2e9734298,gx-no-cache=1495637704252 HTTP/1.1" 200 60
186.79.55.119 - - [24/May/2017:11:54:08 -0300] "POST /cormun/servlet/licenciaspermisos?13dad69c1b20f6c10d78f65b2be7dfa5,INS,0,,,,gx-no-cache=1495637704489 HTTP/1.1" 200 4433
186.79.55.119 - - [24/May/2017:11:54:28 -0300] "GET /cormun/static/menuarrow.gif HTTP/1.1" 404 1015
201.246.236.226 - - [24/May/2017:11:54:52 -0300] "POST /cormun/servlet/permisogoce?fd5fac2b11ed86fc3a06ed52167591d9,INS,0,,,,gx-no-cache=1495637748149 HTTP/1.1" 200 93
201.246.236.226 - - [24/May/2017:11:54:52 -0300] "GET /cormun/servlet/hpexe_return? HTTP/1.1" 200 1011
201.246.236.226 - - [24/May/2017:11:54:52 -0300] "GET /cormun/servlet/trpermisosgoce HTTP/1.1" 200 9761
201.246.236.226 - - [24/May/2017:11:54:54 -0300] "GET /cormun/servlet/trpermisosgoce HTTP/1.1" 200 9759
201.246.236.226 - - [24/May/2017:11:55:18 -0300] "GET /cormun/servlet/apermisogoceprn?17505728,P,20170524115457,PU HTTP/1.1" 200 1685
186.79.55.119 - - [24/May/2017:11:55:34 -0300] "GET /cormun/servlet/licenciaspermisos?a01d18a1a5a94a4bbe449e8ef5e9fb8834bcf5a025526932dd03cef56f758c2fc88559c0078e57f80959a0e552fba8173822cfae57773c490a3caaec34ca5a0954ace43dcf7982885fe7b6b7c1eaa43f059f306799dbeff85af90b47b066ba6c116c269a43aa24da85ef733bb05de6e8f0dbd9a5578fdb908b176c282c9e2279932a24d92d3dd13b21460ad925d4b6f7e0597e455771cea0dc2ec79507e5e5306bba516301d7825196cc995ede44f2bd,gx-no-cache=1495637791215 HTTP/1.1" 200 30
