192.168.10.89 - - [24/May/2017:15:58:52 -0300] "GET /cormun/servlet/solicitudgral?c9e5d44d3eb54bd99de65b53616fb1ad5759f54c434f7a7d41c5539891ae51055143f62dc31c075041180c239339977ce0c3c9ba771331845e31e4049b8c13547b39ccf485220f0d84c2cd20db20f66d214b9dead10bdc14720be17926adcb422fa8d30f8478a6ce3e5f2a025960485e,gx-no-cache=1495652337701 HTTP/1.1" 200 29
192.168.10.89 - - [24/May/2017:15:58:52 -0300] "POST /cormun/servlet/solicitudgral?gx-no-cache=1495652337727 HTTP/1.1" 200 1256
192.168.10.89 - - [24/May/2017:15:58:52 -0300] "POST /cormun/servlet/solicitudgral?gx-no-cache=1495652337768 HTTP/1.1" 200 1159
186.103.157.39 - - [24/May/2017:15:58:54 -0300] "POST /cormun/servlet/solicitudot?gx-no-cache=1495652391369 HTTP/1.1" 200 1279
186.103.157.39 - - [24/May/2017:15:58:54 -0300] "POST /cormun/servlet/solicitudot?gx-no-cache=1495652391469 HTTP/1.1" 200 1162
186.103.157.39 - - [24/May/2017:15:59:09 -0300] "GET /cormun/servlet/solicitudot?357c9392e12035d0b9b63fcda581c6e94ff9bc426914eb6a6df9eb5892b2983f76c4d6c5d8a0be6498ffc9217dff2cc76cd3f5fbb901ae4478fe70f6971a0f79b56668310c47346e25308d5b40803f819a5e834a9cd31bdd4d98160f633e66c1d2fe1d1954624909829abff0bd28ea23b7ae46911d74327526b0ad1b57b50372dc9b94013f2d1c97d6a218c06414f56bf6fb8350380a111e4540968eb80e15cfc90e7cc13a96b6131eb0ee2a5b056387,gx-no-cache=1495652405976 HTTP/1.1" 200 30
186.103.157.39 - - [24/May/2017:15:59:18 -0300] "GET /cormun/servlet/solicitudot?357c9392e12035d0b9b63fcda581c6e9e6af4d5b158b3639751981227fe4288f97ee6d5c7afa0f596dbd455126f3b16253eb6b3d2608f2c0f7b8c1826550f4e9fd05d5fe85db0424f2b72bdf27ab7575b6054623cc773155793fc6d7a7bd77a45f2d38285ab4a17dc6f592335f3fedba8440dc39fac7d92168961c749be9a57d1b00d5d11b99168d3e629f6292ef2f9c7ff01f6784a83435c0728f0880fa360f0db4fd6f07943ae77ef77fa24387f04d59698809b999377736a1caf47f15c2e119bbad824afa8d5585f82c1e162c448f,gx-no-cache=1495652415652 HTTP/1.1" 200 29
186.103.157.39 - - [24/May/2017:15:59:26 -0300] "GET /cormun/servlet/solicitudot?357c9392e12035d0b9b63fcda581c6e9e6af4d5b158b3639751981227fe4288f97ee6d5c7afa0f596dbd455126f3b16200756a426d84df151c985eade1758e14fd05d5fe85db0424f2b72bdf27ab7575b6054623cc773155793fc6d7a7bd77a45f2d38285ab4a17dc6f592335f3fedba8440dc39fac7d92168961c749be9a57d1b00d5d11b99168d3e629f6292ef2f9c7ff01f6784a83435c0728f0880fa360f0db4fd6f07943ae77ef77fa24387f04d59698809b999377736a1caf47f15c2e119bbad824afa8d5585f82c1e162c448f,gx-no-cache=1495652423140 HTTP/1.1" 200 29
186.103.157.39 - - [24/May/2017:15:59:28 -0300] "POST /cormun/servlet/solicitudot?gx-no-cache=1495652425200 HTTP/1.1" 200 1279
186.103.157.39 - - [24/May/2017:15:59:28 -0300] "POST /cormun/servlet/solicitudot?gx-no-cache=1495652425292 HTTP/1.1" 200 1162
186.103.157.39 - - [24/May/2017:15:59:28 -0300] "GET /cormun/servlet/solicitudot?357c9392e12035d0b9b63fcda581c6e94ff9bc426914eb6a6df9eb5892b2983f76c4d6c5d8a0be6498ffc9217dff2cc76cd3f5fbb901ae4478fe70f6971a0f79b56668310c47346e25308d5b40803f819a5e834a9cd31bdd4d98160f633e66c1d2fe1d1954624909829abff0bd28ea23b7ae46911d74327526b0ad1b57b50372dc9b94013f2d1c97d6a218c06414f56bf6fb8350380a111e4540968eb80e15cfc90e7cc13a96b6131eb0ee2a5b056387,gx-no-cache=1495652425393 HTTP/1.1" 200 30
186.103.157.39 - - [24/May/2017:15:59:50 -0300] "POST /cormun/servlet/solicitudot?52bdb16c9ac95ba88ce8f32b6541c6eb,INS,0,0,,gx-no-cache=1495652446817 HTTP/1.1" 200 93
186.103.157.39 - - [24/May/2017:15:59:50 -0300] "GET /cormun/servlet/hpexe_return? HTTP/1.1" 200 1001
186.103.157.39 - - [24/May/2017:15:59:51 -0300] "GET /cormun/servlet/trsolicitudot HTTP/1.1" 200 11988
192.168.10.89 - - [24/May/2017:16:00:20 -0300] "POST /cormun/servlet/solicitudgral?ce29a7d9db1d769f757a56184967223f,UPD,2017,6369,,gx-no-cache=1495652424814 HTTP/1.1" 200 93
192.168.10.89 - - [24/May/2017:16:00:20 -0300] "GET /cormun/servlet/hpexe_return? HTTP/1.1" 200 1011
192.168.10.89 - - [24/May/2017:16:00:20 -0300] "GET /cormun/servlet/trsolicitudgral? HTTP/1.1" 200 13313
186.103.157.39 - - [24/May/2017:16:00:34 -0300] "GET /cormun/servlet/solicitudot?INS,0,0, HTTP/1.1" 200 12570
186.103.157.39 - - [24/May/2017:16:00:40 -0300] "GET /cormun/servlet/trsolicitudot HTTP/1.1" 200 11988
186.103.157.39 - - [24/May/2017:16:00:44 -0300] "GET /cormun/servlet/solicitudot?INS,0,0, HTTP/1.1" 200 12570
186.103.157.39 - - [24/May/2017:16:00:45 -0300] "GET /cormun/servlet/solicitudot?INS,0,0, HTTP/1.1" 200 12575
192.168.10.89 - - [24/May/2017:16:00:50 -0300] "GET /cormun/servlet/hlogin HTTP/1.1" 200 1737
192.168.10.89 - - [24/May/2017:16:01:02 -0300] "POST /cormun/servlet/hlogin?ce29a7d9db1d769f757a56184967223f,gx-no-cache=1495652466987 HTTP/1.1" 200 90
192.168.10.89 - - [24/May/2017:16:01:02 -0300] "GET /cormun/servlet/hpexe_link HTTP/1.1" 200 949
186.103.157.39 - - [24/May/2017:16:01:02 -0300] "POST /cormun/servlet/solicitudot?gx-no-cache=1495652518411 HTTP/1.1" 200 3197
186.103.157.39 - - [24/May/2017:16:01:02 -0300] "POST /cormun/servlet/solicitudot?52bdb16c9ac95ba88ce8f32b6541c6eb,INS,0,0,,gx-no-cache=1495652519168 HTTP/1.1" 200 9809
192.168.10.89 - - [24/May/2017:16:01:02 -0300] "GET /cormun/servlet/hhome HTTP/1.1" 200 4041
186.103.157.39 - - [24/May/2017:16:01:05 -0300] "GET /cormun/servlet/solicitudot?357c9392e12035d0b9b63fcda581c6e9704fb8a9eb6b588f06d43b13a0eb134f1b88f504cfa207efb91af7e75cf61eb5,gx-no-cache=1495652521729 HTTP/1.1" 200 30
186.103.157.39 - - [24/May/2017:16:01:05 -0300] "POST /cormun/servlet/solicitudot?gx-no-cache=1495652521908 HTTP/1.1" 200 255
186.103.157.39 - - [24/May/2017:16:01:05 -0300] "GET /cormun/servlet/solicitudot?357c9392e12035d0b9b63fcda581c6e97cf0543ce488cad4e03426287375687bb659e1c70affa8e9acf23e208cac978a05b957e3646156c98ece4ee1f83b767474eb47e544022e8f9dbdffed501197791d51b845b98ecdb26373b73fa8b7abc0e735d61e026b6dec4d8fa72bc7bf3fa02e7b7c87ea81e3eb3525ca5e77acaa60057f1d6c3366982829535453355f130f139b9b3d4f1096f9f3d05fd41469e2ae5d12889c23c64644a3b5a0b8e8e049900cad17c9d6ea14b00c5bee3001ce08c5e20d88c09c445978761d69f167c5d46b1af586cd85e580cc952d4524aed528fc2b813cd10b67a975e99fd97a4434c30fb6d246b562250f0ac9d2363a61de856adb3c912f4f62411ed64ecb0f922c92cec8ea962e4cfb54ddc2c3a82420bb4278f6f73e8ce1a8dce34a14fef040ecf84e2f6e84d1b9d8867309f1b53b2262edd4ba6d0313e35c36291bb67594b303658b5568289fdc4997a028745e814fac2ddb05ac87ef56fff86768e8fe7f1fec3036295c5bcfc46201b57d97f78720cf0fe8,gx-no-cache=1495652522016 HTTP/1.1" 200 30
186.103.157.39 - - [24/May/2017:16:01:07 -0300] "POST /cormun/servlet/solicitudot?gx-no-cache=1495652524125 HTTP/1.1" 200 30
192.168.10.89 - - [24/May/2017:16:01:08 -0300] "GET /cormun/servlet/trinasistencia? HTTP/1.1" 200 7863
192.168.10.89 - - [24/May/2017:16:01:08 -0300] "GET /cormun/static/gxcfg.js?201731711555068 HTTP/1.1" 200 953
192.168.10.89 - - [24/May/2017:16:01:08 -0300] "GET /cormun/static/trinasistencia.js?201731711555548 HTTP/1.1" 200 31481
221.194.44.142 - - [24/May/2017:16:01:18 -0300] "GET /manager/html HTTP/1.1" 401 2474
221.194.44.142 - - [24/May/2017:16:01:18 -0300] "GET /manager/html HTTP/1.1" 401 2474
221.194.44.142 - tomcat [24/May/2017:16:01:19 -0300] "GET /manager/html HTTP/1.1" 403 3196
221.194.44.142 - - [24/May/2017:16:01:19 -0300] "GET /manager/html HTTP/1.1" 401 2474
221.194.44.142 - - [24/May/2017:16:01:20 -0300] "GET /manager/html HTTP/1.1" 401 2474
221.194.44.142 - - [24/May/2017:16:01:20 -0300] "GET /manager/html HTTP/1.1" 401 2474
221.194.44.142 - - [24/May/2017:16:01:21 -0300] "GET /manager/html HTTP/1.1" 401 2474
221.194.44.142 - - [24/May/2017:16:01:21 -0300] "GET /manager/html HTTP/1.1" 401 2474
221.194.44.142 - - [24/May/2017:16:01:22 -0300] "GET /manager/html HTTP/1.1" 401 2474
186.103.157.39 - - [24/May/2017:16:01:22 -0300] "POST /cormun/servlet/solicitudot?gx-no-cache=1495652539205 HTTP/1.1" 200 1297
221.194.44.142 - - [24/May/2017:16:01:22 -0300] "GET /manager/html HTTP/1.1" 401 2474
186.103.157.39 - - [24/May/2017:16:01:22 -0300] "POST /cormun/servlet/solicitudot?gx-no-cache=1495652539358 HTTP/1.1" 200 38
221.194.44.142 - - [24/May/2017:16:01:23 -0300] "GET /manager/html HTTP/1.1" 401 2474
221.194.44.142 - - [24/May/2017:16:01:23 -0300] "GET /manager/html HTTP/1.1" 401 2474
221.194.44.142 - - [24/May/2017:16:01:23 -0300] "GET /manager/html HTTP/1.1" 401 2474
221.194.44.142 - - [24/May/2017:16:01:24 -0300] "GET /manager/html HTTP/1.1" 401 2474
221.194.44.142 - - [24/May/2017:16:01:24 -0300] "GET /manager/html HTTP/1.1" 401 2474
221.194.44.142 - - [24/May/2017:16:01:25 -0300] "GET /manager/html HTTP/1.1" 401 2474
192.168.10.89 - - [24/May/2017:16:01:26 -0300] "GET /cormun/servlet/trpermisosingoceadjunto?107,16662041, HTTP/1.1" 200 6140
221.194.44.142 - - [24/May/2017:16:01:26 -0300] "GET /manager/html HTTP/1.1" 401 2474
192.168.10.89 - - [24/May/2017:16:01:26 -0300] "GET /cormun/static/gxcfg.js?2016101716221623 HTTP/1.1" 304 -
221.194.44.142 - - [24/May/2017:16:01:26 -0300] "GET /manager/html HTTP/1.1" 401 2474
221.194.44.142 - - [24/May/2017:16:01:26 -0300] "GET /manager/html HTTP/1.1" 401 2474
221.194.44.142 - - [24/May/2017:16:01:27 -0300] "GET /manager/html HTTP/1.1" 401 2474
221.194.44.142 - - [24/May/2017:16:01:27 -0300] "GET /manager/html HTTP/1.1" 401 2474
221.194.44.142 - - [24/May/2017:16:01:28 -0300] "GET /manager/html HTTP/1.1" 401 2474
221.194.44.142 - - [24/May/2017:16:01:28 -0300] "GET /manager/html HTTP/1.1" 401 2474
221.194.44.142 - - [24/May/2017:16:01:29 -0300] "GET /manager/html HTTP/1.1" 401 2474
221.194.44.142 - - [24/May/2017:16:01:29 -0300] "GET /manager/html HTTP/1.1" 401 2474
221.194.44.142 - - [24/May/2017:16:01:30 -0300] "GET /manager/html HTTP/1.1" 401 2474
221.194.44.142 - - [24/May/2017:16:01:30 -0300] "GET /manager/html HTTP/1.1" 401 2474
221.194.44.142 - - [24/May/2017:16:01:31 -0300] "GET /manager/html HTTP/1.1" 401 2474
221.194.44.142 - - [24/May/2017:16:01:31 -0300] "GET /manager/html HTTP/1.1" 401 2474
192.168.10.89 - - [24/May/2017:16:01:32 -0300] "POST /cormun/servlet/trpermisosingoceadjunto?ce29a7d9db1d769f757a56184967223f,107,16662041,,gx-no-cache=1495652496961 HTTP/1.1" 200 90
192.168.10.89 - - [24/May/2017:16:01:32 -0300] "GET /cormun/servlet/hpexe_link HTTP/1.1" 200 978
221.194.44.142 - - [24/May/2017:16:01:32 -0300] "GET /manager/html HTTP/1.1" 401 2474
221.194.44.142 - - [24/May/2017:16:01:32 -0300] "GET /manager/html HTTP/1.1" 401 2474
192.168.10.89 - - [24/May/2017:16:01:32 -0300] "GET /cormun/servlet/trinasistencia HTTP/1.1" 200 7864
221.194.44.142 - - [24/May/2017:16:01:33 -0300] "GET /manager/html HTTP/1.1" 401 2474
221.194.44.142 - - [24/May/2017:16:01:33 -0300] "GET /manager/html HTTP/1.1" 401 2474
186.103.157.39 - - [24/May/2017:16:01:33 -0300] "GET /cormun/servlet/solicitudot?357c9392e12035d0b9b63fcda581c6e9e6af4d5b158b3639751981227fe4288f97ee6d5c7afa0f596dbd455126f3b16200756a426d84df151c985eade1758e14fd05d5fe85db0424f2b72bdf27ab7575b6054623cc773155793fc6d7a7bd77a45f2d38285ab4a17dc6f592335f3fedba8440dc39fac7d92168961c749be9a57d1b00d5d11b99168d3e629f6292ef2f9c7ff01f6784a83435c0728f0880fa360f0db4fd6f07943ae77ef77fa24387f04d59698809b999377736a1caf47f15c2e119bbad824afa8d5585f82c1e162c448f,gx-no-cache=1495652550543 HTTP/1.1" 200 29
186.103.157.39 - - [24/May/2017:16:01:33 -0300] "POST /cormun/servlet/solicitudot?gx-no-cache=1495652550681 HTTP/1.1" 200 1279
186.103.157.39 - - [24/May/2017:16:01:34 -0300] "POST /cormun/servlet/solicitudot?gx-no-cache=1495652550811 HTTP/1.1" 200 1162
186.103.157.39 - - [24/May/2017:16:01:34 -0300] "GET /cormun/static/menuarrow.gif HTTP/1.1" 404 1015
221.194.44.142 - - [24/May/2017:16:01:34 -0300] "GET /manager/html HTTP/1.1" 401 2474
221.194.44.142 - - [24/May/2017:16:01:34 -0300] "GET /manager/html HTTP/1.1" 401 2474
221.194.44.142 - - [24/May/2017:16:01:35 -0300] "GET /manager/html HTTP/1.1" 401 2474
186.103.157.39 - - [24/May/2017:16:01:35 -0300] "POST /cormun/servlet/solicitudot?gx-no-cache=1495652552122 HTTP/1.1" 200 1279
186.103.157.39 - - [24/May/2017:16:01:35 -0300] "POST /cormun/servlet/solicitudot?gx-no-cache=1495652552232 HTTP/1.1" 200 1162
221.194.44.142 - - [24/May/2017:16:01:35 -0300] "GET /manager/html HTTP/1.1" 401 2474
221.194.44.142 - - [24/May/2017:16:01:36 -0300] "GET /manager/html HTTP/1.1" 401 2474
221.194.44.142 - - [24/May/2017:16:01:36 -0300] "GET /manager/html HTTP/1.1" 401 2474
221.194.44.142 - - [24/May/2017:16:01:36 -0300] "GET /manager/html HTTP/1.1" 401 2474
221.194.44.142 - - [24/May/2017:16:01:37 -0300] "GET /manager/html HTTP/1.1" 401 2474
221.194.44.142 - - [24/May/2017:16:01:37 -0300] "GET /manager/html HTTP/1.1" 401 2474
221.194.44.142 - - [24/May/2017:16:01:38 -0300] "GET /manager/html HTTP/1.1" 401 2474
221.194.44.142 - - [24/May/2017:16:01:38 -0300] "GET /manager/html HTTP/1.1" 401 2474
221.194.44.142 - - [24/May/2017:16:01:39 -0300] "GET /manager/html HTTP/1.1" 401 2474
221.194.44.142 - - [24/May/2017:16:01:39 -0300] "GET /manager/html HTTP/1.1" 401 2474
221.194.44.142 - - [24/May/2017:16:01:40 -0300] "GET /manager/html HTTP/1.1" 401 2474
221.194.44.142 - - [24/May/2017:16:01:40 -0300] "GET /manager/html HTTP/1.1" 401 2474
221.194.44.142 - - [24/May/2017:16:01:41 -0300] "GET /manager/html HTTP/1.1" 401 2474
221.194.44.142 - - [24/May/2017:16:01:41 -0300] "GET /manager/html HTTP/1.1" 401 2474
221.194.44.142 - - [24/May/2017:16:01:42 -0300] "GET /manager/html HTTP/1.1" 401 2474
221.194.44.142 - - [24/May/2017:16:01:42 -0300] "GET /manager/html HTTP/1.1" 401 2474
221.194.44.142 - - [24/May/2017:16:01:43 -0300] "GET /manager/html HTTP/1.1" 401 2474
221.194.44.142 - - [24/May/2017:16:01:43 -0300] "GET /manager/html HTTP/1.1" 401 2474
221.194.44.142 - - [24/May/2017:16:01:44 -0300] "GET /manager/html HTTP/1.1" 401 2474
221.194.44.142 - - [24/May/2017:16:01:44 -0300] "GET /manager/html HTTP/1.1" 401 2474
221.194.44.142 - - [24/May/2017:16:01:45 -0300] "GET /manager/html HTTP/1.1" 401 2474
221.194.44.142 - - [24/May/2017:16:01:45 -0300] "GET /manager/html HTTP/1.1" 401 2474
221.194.44.142 - - [24/May/2017:16:01:46 -0300] "GET /manager/html HTTP/1.1" 401 2474
221.194.44.142 - - [24/May/2017:16:01:46 -0300] "GET /manager/html HTTP/1.1" 401 2474
221.194.44.142 - - [24/May/2017:16:01:46 -0300] "GET /manager/html HTTP/1.1" 401 2474
221.194.44.142 - - [24/May/2017:16:01:47 -0300] "GET /manager/html HTTP/1.1" 401 2474
221.194.44.142 - - [24/May/2017:16:01:47 -0300] "GET /manager/html HTTP/1.1" 401 2474
221.194.44.142 - - [24/May/2017:16:01:48 -0300] "GET /manager/html HTTP/1.1" 401 2474
221.194.44.142 - - [24/May/2017:16:01:48 -0300] "GET /manager/html HTTP/1.1" 401 2474
221.194.44.142 - - [24/May/2017:16:01:49 -0300] "GET /manager/html HTTP/1.1" 401 2474
221.194.44.142 - - [24/May/2017:16:01:49 -0300] "GET /manager/html HTTP/1.1" 401 2474
221.194.44.142 - - [24/May/2017:16:01:50 -0300] "GET /manager/html HTTP/1.1" 401 2474
221.194.44.142 - - [24/May/2017:16:01:50 -0300] "GET /manager/html HTTP/1.1" 401 2474
221.194.44.142 - - [24/May/2017:16:01:51 -0300] "GET /manager/html HTTP/1.1" 401 2474
186.103.157.39 - - [24/May/2017:16:01:51 -0300] "GET /cormun/servlet/solicitudot?357c9392e12035d0b9b63fcda581c6e94ff9bc426914eb6a6df9eb5892b2983f76c4d6c5d8a0be6498ffc9217dff2cc76cd3f5fbb901ae4478fe70f6971a0f79b56668310c47346e25308d5b40803f819a5e834a9cd31bdd4d98160f633e66c1d2fe1d1954624909829abff0bd28ea23b7ae46911d74327526b0ad1b57b50372dc9b94013f2d1c97d6a218c06414f56bf6fb8350380a111e4540968eb80e15cfc90e7cc13a96b6131eb0ee2a5b056387,gx-no-cache=1495652568047 HTTP/1.1" 200 30
221.194.44.142 - - [24/May/2017:16:01:51 -0300] "GET /manager/html HTTP/1.1" 401 2474
221.194.44.142 - - [24/May/2017:16:01:52 -0300] "GET /manager/html HTTP/1.1" 401 2474
221.194.44.142 - - [24/May/2017:16:01:52 -0300] "GET /manager/html HTTP/1.1" 401 2474
221.194.44.142 - - [24/May/2017:16:01:53 -0300] "GET /manager/html HTTP/1.1" 401 2474
221.194.44.142 - - [24/May/2017:16:01:53 -0300] "GET /manager/html HTTP/1.1" 401 2474
221.194.44.142 - - [24/May/2017:16:01:54 -0300] "GET /manager/html HTTP/1.1" 401 2474
221.194.44.142 - - [24/May/2017:16:01:54 -0300] "GET /manager/html HTTP/1.1" 401 2474
221.194.44.142 - - [24/May/2017:16:01:55 -0300] "GET /manager/html HTTP/1.1" 401 2474
221.194.44.142 - - [24/May/2017:16:01:55 -0300] "GET /manager/html HTTP/1.1" 401 2474
221.194.44.142 - - [24/May/2017:16:01:56 -0300] "GET /manager/html HTTP/1.1" 401 2474
221.194.44.142 - - [24/May/2017:16:01:56 -0300] "GET /manager/html HTTP/1.1" 401 2474
221.194.44.142 - - [24/May/2017:16:01:57 -0300] "GET /manager/html HTTP/1.1" 401 2474
221.194.44.142 - - [24/May/2017:16:01:57 -0300] "GET /manager/html HTTP/1.1" 401 2474
221.194.44.142 - - [24/May/2017:16:01:58 -0300] "GET /manager/html HTTP/1.1" 401 2474
221.194.44.142 - - [24/May/2017:16:01:58 -0300] "GET /manager/html HTTP/1.1" 401 2474
221.194.44.142 - - [24/May/2017:16:01:58 -0300] "GET /manager/html HTTP/1.1" 401 2474
221.194.44.142 - - [24/May/2017:16:01:59 -0300] "GET /manager/html HTTP/1.1" 401 2474
221.194.44.142 - - [24/May/2017:16:01:59 -0300] "GET /manager/html HTTP/1.1" 401 2474
221.194.44.142 - - [24/May/2017:16:02:00 -0300] "GET /manager/html HTTP/1.1" 401 2474
221.194.44.142 - - [24/May/2017:16:02:00 -0300] "GET /manager/html HTTP/1.1" 401 2474
221.194.44.142 - - [24/May/2017:16:02:01 -0300] "GET /manager/html HTTP/1.1" 401 2474
221.194.44.142 - - [24/May/2017:16:02:01 -0300] "GET /manager/html HTTP/1.1" 401 2474
221.194.44.142 - - [24/May/2017:16:02:02 -0300] "GET /manager/html HTTP/1.1" 401 2474
221.194.44.142 - - [24/May/2017:16:02:02 -0300] "GET /manager/html HTTP/1.1" 401 2474
221.194.44.142 - - [24/May/2017:16:02:03 -0300] "GET /manager/html HTTP/1.1" 401 2474
221.194.44.142 - - [24/May/2017:16:02:03 -0300] "GET /manager/html HTTP/1.1" 401 2474
221.194.44.142 - - [24/May/2017:16:02:04 -0300] "GET /manager/html HTTP/1.1" 401 2474
186.103.157.39 - - [24/May/2017:16:02:07 -0300] "POST /cormun/servlet/solicitudot?52bdb16c9ac95ba88ce8f32b6541c6eb,INS,0,0,,gx-no-cache=1495652584396 HTTP/1.1" 200 93
186.103.157.39 - - [24/May/2017:16:02:07 -0300] "GET /cormun/servlet/hpexe_return? HTTP/1.1" 200 1001
186.103.157.39 - - [24/May/2017:16:02:08 -0300] "GET /cormun/servlet/trsolicitudot HTTP/1.1" 200 12221
186.103.157.39 - - [24/May/2017:16:02:09 -0300] "GET /cormun/servlet/trsolicitudot HTTP/1.1" 200 12216
192.168.10.89 - - [24/May/2017:16:02:36 -0300] "GET /cormun/servlet/trrenuncias? HTTP/1.1" 200 6786
192.168.10.89 - - [24/May/2017:16:02:36 -0300] "GET /cormun/static/gxcfg.js?201731711553383 HTTP/1.1" 200 953
192.168.10.89 - - [24/May/2017:16:02:36 -0300] "GET /cormun/static/trrenuncias.js?201731711553833 HTTP/1.1" 200 28329
192.168.10.89 - - [24/May/2017:16:02:41 -0300] "GET /cormun/static/menuarrow.gif HTTP/1.1" 404 1015
192.168.10.89 - - [24/May/2017:16:02:44 -0300] "POST /cormun/servlet/trrenuncias?ce29a7d9db1d769f757a56184967223f,,gx-no-cache=1495652569540 HTTP/1.1" 200 4026
192.168.10.89 - - [24/May/2017:16:02:47 -0300] "POST /cormun/servlet/trrenuncias?ce29a7d9db1d769f757a56184967223f,,gx-no-cache=1495652571904 HTTP/1.1" 200 4650
186.103.157.39 - - [24/May/2017:16:02:52 -0300] "GET /cormun/servlet/solicitudot?INS,0,0, HTTP/1.1" 200 12573
186.103.157.39 - - [24/May/2017:16:02:54 -0300] "GET /cormun/servlet/solicitudot?INS,0,0, HTTP/1.1" 200 12578
186.103.157.39 - - [24/May/2017:16:03:10 -0300] "POST /cormun/servlet/solicitudot?gx-no-cache=1495652646913 HTTP/1.1" 200 3206
186.103.157.39 - - [24/May/2017:16:03:10 -0300] "POST /cormun/servlet/solicitudot?52bdb16c9ac95ba88ce8f32b6541c6eb,INS,0,0,,gx-no-cache=1495652647157 HTTP/1.1" 200 9820
186.103.157.39 - - [24/May/2017:16:03:13 -0300] "GET /cormun/servlet/solicitudot?357c9392e12035d0b9b63fcda581c6e9e959f8245fc7076f4548ed5a895495f01b88f504cfa207efb91af7e75cf61eb5,gx-no-cache=1495652650624 HTTP/1.1" 200 30
186.103.157.39 - - [24/May/2017:16:03:13 -0300] "POST /cormun/servlet/solicitudot?gx-no-cache=1495652650728 HTTP/1.1" 200 297
186.103.157.39 - - [24/May/2017:16:03:14 -0300] "GET /cormun/servlet/solicitudot?357c9392e12035d0b9b63fcda581c6e97cf0543ce488cad4e03426287375687b453668324ab18cabf7a4d723ca93ee2405b957e3646156c98ece4ee1f83b767474eb47e544022e8f9dbdffed501197791d51b845b98ecdb26373b73fa8b7abc0e735d61e026b6dec4d8fa72bc7bf3fa02e7b7c87ea81e3eb3525ca5e77acaa60057f1d6c3366982829535453355f130f139b9b3d4f1096f9f3d05fd41469e2ae5d12889c23c64644a3b5a0b8e8e049900cad17c9d6ea14b00c5bee3001ce08c5e20d88c09c445978761d69f167c5d46b1af586cd85e580cc952d4524aed528fc2b813cd10b67a975e99fd97a4434c30ff3e0a7b02d94a576ba43bf4c3facdd87db3c912f4f62411ed64ecb0f922c92ce86fbf3c71b47111a1ef374d976472234f148618b846c18efe0b088e84bd03f6a03d1385cd3f7bf62a014fdb46d1994ccd37d3b045b43eea613be41eaaef2a75341b352c7715b8f8b37543bb0ba827bfdbc802cd5716d590687f96395880a5a1995125a6772b7c9e8a1a4788c69b032237d8ab79bf3234978d62d8cfd17b09045,gx-no-cache=1495652650826 HTTP/1.1" 200 30
192.168.10.89 - - [24/May/2017:16:03:15 -0300] "POST /cormun/servlet/trrenuncias?ce29a7d9db1d769f757a56184967223f,,gx-no-cache=1495652600005 HTTP/1.1" 200 4634
186.103.157.39 - - [24/May/2017:16:03:18 -0300] "POST /cormun/servlet/solicitudot?gx-no-cache=1495652655698 HTTP/1.1" 200 30
192.168.10.89 - - [24/May/2017:16:03:22 -0300] "POST /cormun/servlet/trrenuncias?ce29a7d9db1d769f757a56184967223f,,gx-no-cache=1495652607673 HTTP/1.1" 200 4030
192.168.10.89 - - [24/May/2017:16:03:28 -0300] "GET /cormun/servlet/renuncias?INS,0, HTTP/1.1" 200 6161
192.168.10.89 - - [24/May/2017:16:03:28 -0300] "GET /cormun/static/gxcfg.js?20173291217350 HTTP/1.1" 200 953
192.168.10.89 - - [24/May/2017:16:03:28 -0300] "GET /cormun/static/renuncias.js?20173291217362 HTTP/1.1" 200 14101
192.168.10.89 - - [24/May/2017:16:03:33 -0300] "GET /cormun/servlet/renuncias?047a0b949d80b0bb5d5772dc99f83f683c9cb0cce045d881202e723e30d517f4a4b1dd0da21d676e21afc93e73d1f04e,gx-no-cache=1495652618315 HTTP/1.1" 200 33
192.168.10.89 - - [24/May/2017:16:03:37 -0300] "GET /cormun/servlet/prfichaempleado?,MD,,gxPopupLevel%3D0%3B HTTP/1.1" 200 8891
192.168.10.89 - - [24/May/2017:16:03:46 -0300] "GET /cormun/servlet/renuncias?047a0b949d80b0bb5d5772dc99f83f68a310cac46615a5f47ccbaba75a5e57a1966c273dd765defb77127f479955f9c2,gx-no-cache=1495652631800 HTTP/1.1" 200 61
192.168.10.89 - - [24/May/2017:16:03:52 -0300] "GET /cormun/servlet/prcontrato?12516844,,,MD,,gxPopupLevel%3D0%3B HTTP/1.1" 200 5969
192.168.10.89 - - [24/May/2017:16:03:52 -0300] "GET /cormun/static/gxcfg.js?201731711504186 HTTP/1.1" 200 953
192.168.10.89 - - [24/May/2017:16:03:52 -0300] "GET /cormun/static/prcontrato.js?20173171150446 HTTP/1.1" 200 13820
186.103.157.39 - - [24/May/2017:16:04:00 -0300] "GET /cormun/servlet/trsolicitudot HTTP/1.1" 200 12221
186.103.157.39 - - [24/May/2017:16:04:02 -0300] "GET /cormun/servlet/trsolicitudot HTTP/1.1" 200 12216
192.168.10.89 - - [24/May/2017:16:04:04 -0300] "GET /cormun/static/menuarrow.gif HTTP/1.1" 404 1015
186.103.157.39 - - [24/May/2017:16:04:10 -0300] "GET /cormun/servlet/solicitudot?INS,0,0, HTTP/1.1" 200 12573
186.103.157.39 - - [24/May/2017:16:04:10 -0300] "GET /cormun/servlet/solicitudot?INS,0,0, HTTP/1.1" 200 12578
192.168.10.89 - - [24/May/2017:16:04:13 -0300] "GET /cormun/servlet/renuncias?047a0b949d80b0bb5d5772dc99f83f685f6a1aa0f2c226d278fa72e375090c02a4b1dd0da21d676e21afc93e73d1f04e,gx-no-cache=1495652657837 HTTP/1.1" 200 33
192.168.10.89 - - [24/May/2017:16:04:25 -0300] "POST /cormun/servlet/renuncias?ce29a7d9db1d769f757a56184967223f,INS,0,,gx-no-cache=1495652670528 HTTP/1.1" 200 93
192.168.10.89 - - [24/May/2017:16:04:25 -0300] "GET /cormun/servlet/hpexe_return? HTTP/1.1" 200 1001
192.168.10.89 - - [24/May/2017:16:04:26 -0300] "GET /cormun/servlet/trrenuncias? HTTP/1.1" 200 6790
186.103.157.39 - - [24/May/2017:16:04:26 -0300] "POST /cormun/servlet/solicitudot?gx-no-cache=1495652723293 HTTP/1.1" 200 3202
186.103.157.39 - - [24/May/2017:16:04:27 -0300] "POST /cormun/servlet/solicitudot?52bdb16c9ac95ba88ce8f32b6541c6eb,INS,0,0,,gx-no-cache=1495652723630 HTTP/1.1" 200 9814
186.103.157.39 - - [24/May/2017:16:04:30 -0300] "GET /cormun/servlet/solicitudot?357c9392e12035d0b9b63fcda581c6e9262e9ec558717668923db5b1c8f92bb21b88f504cfa207efb91af7e75cf61eb5,gx-no-cache=1495652726949 HTTP/1.1" 200 30
186.103.157.39 - - [24/May/2017:16:04:30 -0300] "POST /cormun/servlet/solicitudot?gx-no-cache=1495652727079 HTTP/1.1" 200 255
186.103.157.39 - - [24/May/2017:16:04:30 -0300] "GET /cormun/servlet/solicitudot?357c9392e12035d0b9b63fcda581c6e97cf0543ce488cad4e03426287375687bb659e1c70affa8e9acf23e208cac978a05b957e3646156c98ece4ee1f83b767474eb47e544022e8f9dbdffed501197791d51b845b98ecdb26373b73fa8b7abc0e735d61e026b6dec4d8fa72bc7bf3fa02e7b7c87ea81e3eb3525ca5e77acaa60057f1d6c3366982829535453355f130f139b9b3d4f1096f9f3d05fd41469e2ae5d12889c23c64644a3b5a0b8e8e049900cad17c9d6ea14b00c5bee3001ce08c5e20d88c09c445978761d69f167c5d46b1af586cd85e580cc952d4524aed528fc2b813cd10b67a975e99fd97a4434c30fb6d246b562250f0ac9d2363a61de856adb3c912f4f62411ed64ecb0f922c92cec8ea962e4cfb54ddc2c3a82420bb4278f6f73e8ce1a8dce34a14fef040ecf84e2f6e84d1b9d8867309f1b53b2262edd4ba6d0313e35c36291bb67594b303658b5568289fdc4997a028745e814fac2ddb05ac87ef56fff86768e8fe7f1fec3036295c5bcfc46201b57d97f78720cf0fe8,gx-no-cache=1495652727197 HTTP/1.1" 200 30
192.168.10.89 - - [24/May/2017:16:04:31 -0300] "GET /cormun/servlet/trautorizarenuncias? HTTP/1.1" 200 6686
192.168.10.89 - - [24/May/2017:16:04:31 -0300] "GET /cormun/static/gxcfg.js?201731711565856 HTTP/1.1" 200 953
192.168.10.89 - - [24/May/2017:16:04:31 -0300] "GET /cormun/static/trautorizarenuncias.js?20173171157315 HTTP/1.1" 200 26451
186.103.157.39 - - [24/May/2017:16:04:33 -0300] "POST /cormun/servlet/solicitudot?gx-no-cache=1495652730588 HTTP/1.1" 200 30
192.168.10.89 - - [24/May/2017:16:04:35 -0300] "GET /cormun/static/menuarrow.gif HTTP/1.1" 404 1015
192.168.10.89 - - [24/May/2017:16:04:38 -0300] "POST /cormun/servlet/trautorizarenuncias?ce29a7d9db1d769f757a56184967223f,,gx-no-cache=1495652683723 HTTP/1.1" 200 4532
192.168.10.89 - - [24/May/2017:16:04:42 -0300] "GET /cormun/servlet/trrenunciasadjuntos?28,11888629, HTTP/1.1" 200 6467
192.168.10.89 - - [24/May/2017:16:04:43 -0300] "GET /cormun/static/gxcfg.js?201731711565375 HTTP/1.1" 304 -
192.168.10.89 - - [24/May/2017:16:04:43 -0300] "GET /cormun/static/trrenunciasadjuntos.js?201731711565661 HTTP/1.1" 304 -
192.168.10.89 - - [24/May/2017:16:04:44 -0300] "GET /cormun/PublicTempStorage/roberto_carre%F1o9367369.pdf HTTP/1.1" 200 342006
186.103.157.39 - - [24/May/2017:16:04:46 -0300] "POST /cormun/servlet/solicitudot?gx-no-cache=1495652743102 HTTP/1.1" 200 1297
186.103.157.39 - - [24/May/2017:16:04:46 -0300] "POST /cormun/servlet/solicitudot?gx-no-cache=1495652743254 HTTP/1.1" 200 38
192.168.10.89 - - [24/May/2017:16:04:46 -0300] "GET /cormun/PublicTempStorage/roberto_carre%F1o9367369.pdf HTTP/1.1" 304 -
192.168.10.89 - - [24/May/2017:16:04:55 -0300] "GET /cormun/servlet/trrenunciasadjuntos?28,11888629, HTTP/1.1" 200 6467
186.103.157.39 - - [24/May/2017:16:04:55 -0300] "GET /cormun/servlet/solicitudot?357c9392e12035d0b9b63fcda581c6e9e6af4d5b158b3639751981227fe4288f97ee6d5c7afa0f596dbd455126f3b16200756a426d84df151c985eade1758e14fd05d5fe85db0424f2b72bdf27ab7575b6054623cc773155793fc6d7a7bd77a45f2d38285ab4a17dc6f592335f3fedba8440dc39fac7d92168961c749be9a57d1b00d5d11b99168d3e629f6292ef2f9c7ff01f6784a83435c0728f0880fa360f0db4fd6f07943ae77ef77fa24387f04d59698809b999377736a1caf47f15c2e119bbad824afa8d5585f82c1e162c448f,gx-no-cache=1495652752702 HTTP/1.1" 200 29
192.168.10.89 - - [24/May/2017:16:04:55 -0300] "GET /cormun/PublicTempStorage/roberto_carre%F1o6684144.pdf HTTP/1.1" 200 342006
186.103.157.39 - - [24/May/2017:16:04:56 -0300] "POST /cormun/servlet/solicitudot?gx-no-cache=1495652752785 HTTP/1.1" 200 1280
186.103.157.39 - - [24/May/2017:16:04:56 -0300] "POST /cormun/servlet/solicitudot?gx-no-cache=1495652752928 HTTP/1.1" 200 1162
186.103.157.39 - - [24/May/2017:16:04:56 -0300] "GET /cormun/static/menuarrow.gif HTTP/1.1" 404 1015
192.168.10.89 - - [24/May/2017:16:04:58 -0300] "GET /cormun/PublicTempStorage/roberto_carre%F1o6684144.pdf HTTP/1.1" 304 -
186.103.157.39 - - [24/May/2017:16:04:59 -0300] "POST /cormun/servlet/solicitudot?gx-no-cache=1495652755859 HTTP/1.1" 200 1280
186.103.157.39 - - [24/May/2017:16:04:59 -0300] "POST /cormun/servlet/solicitudot?gx-no-cache=1495652755914 HTTP/1.1" 200 1162
192.168.10.89 - - [24/May/2017:16:05:04 -0300] "GET /cormun/servlet/trrenunciasadjuntos?28,11888629, HTTP/1.1" 200 6467
192.168.10.89 - - [24/May/2017:16:05:05 -0300] "GET /cormun/PublicTempStorage/roberto_carre%F1o8762232.pdf HTTP/1.1" 200 342006
192.168.10.89 - - [24/May/2017:16:05:07 -0300] "POST /cormun/servlet/trrenunciasadjuntos?ce29a7d9db1d769f757a56184967223f,28,11888629,,gx-no-cache=1495652712805 HTTP/1.1" 200 90
192.168.10.89 - - [24/May/2017:16:05:07 -0300] "GET /cormun/servlet/hpexe_link HTTP/1.1" 200 976
192.168.10.89 - - [24/May/2017:16:05:08 -0300] "GET /cormun/servlet/trautorizarenuncias? HTTP/1.1" 200 7283
186.103.157.39 - - [24/May/2017:16:05:10 -0300] "GET /cormun/servlet/solicitudot?357c9392e12035d0b9b63fcda581c6e95264164630df0d8bc61f48cb2ee80bf5cc01331f09eec25dfdb7bf89b160af1f6cd3f5fbb901ae4478fe70f6971a0f79b56668310c47346e25308d5b40803f819a5e834a9cd31bdd4d98160f633e66c1d2fe1d1954624909829abff0bd28ea23b7ae46911d74327526b0ad1b57b50372dc9b94013f2d1c97d6a218c06414f56bf6fb8350380a111e4540968eb80e15cfc90e7cc13a96b6131eb0ee2a5b056387,gx-no-cache=1495652767578 HTTP/1.1" 200 30
192.168.10.89 - - [24/May/2017:16:05:15 -0300] "POST /cormun/servlet/trautorizarenuncias?ce29a7d9db1d769f757a56184967223f,,gx-no-cache=1495652720103 HTTP/1.1" 200 4064
192.168.10.89 - - [24/May/2017:16:05:15 -0300] "GET /cormun/static/Shared/jqueryui/images/ui-bg_flat_55_fafafa_40x100.png HTTP/1.1" 404 1097
192.168.10.89 - - [24/May/2017:16:05:15 -0300] "GET /cormun/static/Shared/jqueryui/images/ui-bg_highlight-soft_100_c6c2c8_1x100.png HTTP/1.1" 404 1117
192.168.10.89 - - [24/May/2017:16:05:15 -0300] "GET /cormun/static/Shared/jqueryui/images/ui-icons_8d78a5_256x240.png HTTP/1.1" 404 1089
192.168.10.89 - - [24/May/2017:16:05:15 -0300] "GET /cormun/static/Shared/jqueryui/images/ui-icons_82798d_256x240.png HTTP/1.1" 404 1089
192.168.10.89 - - [24/May/2017:16:05:26 -0300] "POST /cormun/servlet/trautorizarenuncias?ce29a7d9db1d769f757a56184967223f,,gx-no-cache=1495652731522 HTTP/1.1" 200 4704
186.103.157.39 - - [24/May/2017:16:05:30 -0300] "POST /cormun/servlet/solicitudot?52bdb16c9ac95ba88ce8f32b6541c6eb,INS,0,0,,gx-no-cache=1495652787181 HTTP/1.1" 200 93
186.103.157.39 - - [24/May/2017:16:05:30 -0300] "GET /cormun/servlet/hpexe_return? HTTP/1.1" 200 1001
186.103.157.39 - - [24/May/2017:16:05:31 -0300] "GET /cormun/servlet/trsolicitudot HTTP/1.1" 200 12554
186.103.157.39 - - [24/May/2017:16:05:32 -0300] "GET /cormun/servlet/trsolicitudot HTTP/1.1" 200 12549
186.103.157.39 - - [24/May/2017:16:05:36 -0300] "GET /cormun/servlet/solicitudot?INS,0,0, HTTP/1.1" 200 12572
186.103.157.39 - - [24/May/2017:16:05:37 -0300] "GET /cormun/servlet/solicitudot?INS,0,0, HTTP/1.1" 200 12577
192.168.10.89 - - [24/May/2017:16:05:44 -0300] "GET /cormun/servlet/trautorizarpermisogoce? HTTP/1.1" 200 8021
192.168.10.89 - - [24/May/2017:16:05:44 -0300] "GET /cormun/static/gxcfg.js?20174111145711 HTTP/1.1" 200 953
192.168.10.89 - - [24/May/2017:16:05:44 -0300] "GET /cormun/static/trautorizarpermisogoce.js?201741111451072 HTTP/1.1" 200 32073
192.168.10.89 - - [24/May/2017:16:05:49 -0300] "GET /cormun/static/menuarrow.gif HTTP/1.1" 404 1015
186.103.157.39 - - [24/May/2017:16:05:50 -0300] "POST /cormun/servlet/solicitudot?gx-no-cache=1495652807363 HTTP/1.1" 200 3202
186.103.157.39 - - [24/May/2017:16:05:50 -0300] "POST /cormun/servlet/solicitudot?52bdb16c9ac95ba88ce8f32b6541c6eb,INS,0,0,,gx-no-cache=1495652807617 HTTP/1.1" 200 9813
186.103.157.39 - - [24/May/2017:16:05:53 -0300] "GET /cormun/servlet/solicitudot?357c9392e12035d0b9b63fcda581c6e9262e9ec558717668923db5b1c8f92bb21b88f504cfa207efb91af7e75cf61eb5,gx-no-cache=1495652809833 HTTP/1.1" 200 30
186.103.157.39 - - [24/May/2017:16:05:53 -0300] "POST /cormun/servlet/solicitudot?gx-no-cache=1495652809967 HTTP/1.1" 200 255
186.103.157.39 - - [24/May/2017:16:05:53 -0300] "GET /cormun/servlet/solicitudot?357c9392e12035d0b9b63fcda581c6e97cf0543ce488cad4e03426287375687bb659e1c70affa8e9acf23e208cac978a05b957e3646156c98ece4ee1f83b767474eb47e544022e8f9dbdffed501197791d51b845b98ecdb26373b73fa8b7abc0e735d61e026b6dec4d8fa72bc7bf3fa02e7b7c87ea81e3eb3525ca5e77acaa60057f1d6c3366982829535453355f130f139b9b3d4f1096f9f3d05fd41469e2ae5d12889c23c64644a3b5a0b8e8e049900cad17c9d6ea14b00c5bee3001ce08c5e20d88c09c445978761d69f167c5d46b1af586cd85e580cc952d4524aed528fc2b813cd10b67a975e99fd97a4434c30fb6d246b562250f0ac9d2363a61de856adb3c912f4f62411ed64ecb0f922c92cec8ea962e4cfb54ddc2c3a82420bb4278f6f73e8ce1a8dce34a14fef040ecf84e2f6e84d1b9d8867309f1b53b2262edd4ba6d0313e35c36291bb67594b303658b5568289fdc4997a028745e814fac2ddb05ac87ef56fff86768e8fe7f1fec3036295c5bcfc46201b57d97f78720cf0fe8,gx-no-cache=1495652810062 HTTP/1.1" 200 30
192.168.10.89 - - [24/May/2017:16:05:54 -0300] "POST /cormun/servlet/trautorizarpermisogoce?ce29a7d9db1d769f757a56184967223f,,gx-no-cache=1495652758789 HTTP/1.1" 200 5293
186.103.157.39 - - [24/May/2017:16:05:56 -0300] "POST /cormun/servlet/solicitudot?gx-no-cache=1495652813160 HTTP/1.1" 200 30
192.168.10.89 - - [24/May/2017:16:06:01 -0300] "GET /cormun/servlet/trpermisosadjuntos?17199981,20170524125546,P, HTTP/1.1" 200 6816
192.168.10.89 - - [24/May/2017:16:06:02 -0300] "GET /cormun/PublicTempStorage/camilo_guarda7068902.pdf HTTP/1.1" 200 321515
192.168.10.89 - - [24/May/2017:16:06:04 -0300] "GET /cormun/PublicTempStorage/camilo_guarda7068902.pdf HTTP/1.1" 304 -
192.168.10.89 - - [24/May/2017:16:06:12 -0300] "GET /cormun/servlet/trpermisosadjuntos?17199981,20170524125546,P, HTTP/1.1" 200 6817
192.168.10.89 - - [24/May/2017:16:06:12 -0300] "GET /cormun/PublicTempStorage/camilo_guarda4780774.pdf HTTP/1.1" 200 321515
192.168.10.89 - - [24/May/2017:16:06:22 -0300] "POST /cormun/servlet/trpermisosadjuntos?ce29a7d9db1d769f757a56184967223f,17199981,20170524125546,P,,gx-no-cache=1495652787379 HTTP/1.1" 200 90
192.168.10.89 - - [24/May/2017:16:06:22 -0300] "GET /cormun/servlet/hpexe_link HTTP/1.1" 200 989
192.168.10.89 - - [24/May/2017:16:06:23 -0300] "GET /cormun/servlet/trautorizarpermisogoce? HTTP/1.1" 200 8024
186.103.157.39 - - [24/May/2017:16:06:27 -0300] "POST /cormun/servlet/solicitudot?gx-no-cache=1495652843454 HTTP/1.1" 200 1297
186.103.157.39 - - [24/May/2017:16:06:27 -0300] "POST /cormun/servlet/solicitudot?gx-no-cache=1495652843904 HTTP/1.1" 200 38
192.168.10.89 - - [24/May/2017:16:06:27 -0300] "POST /cormun/servlet/trautorizarpermisogoce?ce29a7d9db1d769f757a56184967223f,,gx-no-cache=1495652792221 HTTP/1.1" 200 14159
192.168.10.89 - - [24/May/2017:16:06:30 -0300] "GET /cormun/servlet/trpermisosadjuntos?10698611,20170522103210,P, HTTP/1.1" 200 6802
192.168.10.89 - - [24/May/2017:16:06:32 -0300] "GET /cormun/PublicTempStorage/joanna_moya356124.pdf HTTP/1.1" 200 287304
192.168.10.89 - - [24/May/2017:16:06:34 -0300] "GET /cormun/PublicTempStorage/joanna_moya356124.pdf HTTP/1.1" 304 -
186.103.157.39 - - [24/May/2017:16:06:34 -0300] "GET /cormun/servlet/solicitudot?357c9392e12035d0b9b63fcda581c6e9e6af4d5b158b3639751981227fe4288f97ee6d5c7afa0f596dbd455126f3b16200756a426d84df151c985eade1758e14fd05d5fe85db0424f2b72bdf27ab7575b6054623cc773155793fc6d7a7bd77a45f2d38285ab4a17dc6f592335f3fedba8440dc39fac7d92168961c749be9a57d1b00d5d11b99168d3e629f6292ef2f9c7ff01f6784a83435c0728f0880fa360f0db4fd6f07943ae77ef77fa24387f04d59698809b999377736a1caf47f15c2e119bbad824afa8d5585f82c1e162c448f,gx-no-cache=1495652851595 HTTP/1.1" 200 29
186.103.157.39 - - [24/May/2017:16:06:35 -0300] "POST /cormun/servlet/solicitudot?gx-no-cache=1495652851703 HTTP/1.1" 200 1281
186.103.157.39 - - [24/May/2017:16:06:35 -0300] "POST /cormun/servlet/solicitudot?gx-no-cache=1495652852372 HTTP/1.1" 200 1162
186.103.157.39 - - [24/May/2017:16:06:35 -0300] "GET /cormun/static/menuarrow.gif HTTP/1.1" 404 1015
186.103.157.39 - - [24/May/2017:16:06:38 -0300] "POST /cormun/servlet/solicitudot?gx-no-cache=1495652854787 HTTP/1.1" 200 1281
186.103.157.39 - - [24/May/2017:16:06:38 -0300] "POST /cormun/servlet/solicitudot?gx-no-cache=1495652855330 HTTP/1.1" 200 1162
192.168.10.89 - - [24/May/2017:16:06:39 -0300] "GET /cormun/servlet/trpermisosadjuntos?10698611,20170522103210,P, HTTP/1.1" 200 6803
192.168.10.89 - - [24/May/2017:16:06:40 -0300] "GET /cormun/PublicTempStorage/joanna_moya3887403.pdf HTTP/1.1" 200 287304
192.168.10.89 - - [24/May/2017:16:06:42 -0300] "GET /cormun/servlet/hlogin HTTP/1.1" 200 1763
186.103.157.39 - - [24/May/2017:16:06:50 -0300] "GET /cormun/servlet/solicitudot?357c9392e12035d0b9b63fcda581c6e95264164630df0d8bc61f48cb2ee80bf51b79e747dda72033652c033f875901196cd3f5fbb901ae4478fe70f6971a0f79b56668310c47346e25308d5b40803f819a5e834a9cd31bdd4d98160f633e66c1d2fe1d1954624909829abff0bd28ea23b7ae46911d74327526b0ad1b57b50372dc9b94013f2d1c97d6a218c06414f56bf6fb8350380a111e4540968eb80e15cfc90e7cc13a96b6131eb0ee2a5b056387,gx-no-cache=1495652867466 HTTP/1.1" 200 30
192.168.10.89 - - [24/May/2017:16:07:02 -0300] "POST /cormun/servlet/hlogin?ce29a7d9db1d769f757a56184967223f,gx-no-cache=1495652827090 HTTP/1.1" 200 90
192.168.10.89 - - [24/May/2017:16:07:02 -0300] "GET /cormun/servlet/hpexe_link HTTP/1.1" 200 980
192.168.10.89 - - [24/May/2017:16:07:03 -0300] "GET /cormun/servlet/trpermisosadjuntos?10698611,20170522103210,P, HTTP/1.1" 200 6804
192.168.10.89 - - [24/May/2017:16:07:04 -0300] "GET /cormun/PublicTempStorage/joanna_moya7906644.pdf HTTP/1.1" 200 287304
192.168.10.89 - - [24/May/2017:16:07:07 -0300] "GET /cormun/PublicTempStorage/joanna_moya7906644.pdf HTTP/1.1" 304 -
192.168.10.89 - - [24/May/2017:16:07:11 -0300] "GET /cormun/servlet/trpermisosadjuntos?10698611,20170522103210,P, HTTP/1.1" 200 6804
192.168.10.89 - - [24/May/2017:16:07:11 -0300] "GET /cormun/PublicTempStorage/joanna_moya9708109.pdf HTTP/1.1" 200 287304
192.168.10.89 - - [24/May/2017:16:07:12 -0300] "GET /cormun/servlet/hlogin HTTP/1.1" 200 1763
192.168.10.89 - - [24/May/2017:16:07:21 -0300] "POST /cormun/servlet/hlogin?ce29a7d9db1d769f757a56184967223f,gx-no-cache=1495652845878 HTTP/1.1" 200 472
192.168.10.89 - - [24/May/2017:16:07:24 -0300] "POST /cormun/servlet/hlogin?ce29a7d9db1d769f757a56184967223f,gx-no-cache=1495652849573 HTTP/1.1" 200 90
192.168.10.89 - - [24/May/2017:16:07:24 -0300] "GET /cormun/servlet/hpexe_link HTTP/1.1" 200 949
192.168.10.89 - - [24/May/2017:16:07:26 -0300] "GET /cormun/servlet/hhome HTTP/1.1" 200 4028
186.103.157.39 - - [24/May/2017:16:07:29 -0300] "POST /cormun/servlet/solicitudot?52bdb16c9ac95ba88ce8f32b6541c6eb,INS,0,0,,gx-no-cache=1495652906434 HTTP/1.1" 200 93
186.103.157.39 - - [24/May/2017:16:07:29 -0300] "GET /cormun/servlet/hpexe_return? HTTP/1.1" 200 1001
186.103.157.39 - - [24/May/2017:16:07:30 -0300] "GET /cormun/servlet/trsolicitudot HTTP/1.1" 200 12783
192.168.10.89 - - [24/May/2017:16:07:30 -0300] "GET /cormun/servlet/trpermisosgoce? HTTP/1.1" 200 9799
186.103.157.39 - - [24/May/2017:16:07:31 -0300] "GET /cormun/servlet/trsolicitudot HTTP/1.1" 200 12778
192.168.10.89 - - [24/May/2017:16:07:35 -0300] "GET /cormun/servlet/trpermisosadjuntos?14332418,20170523152138,P, HTTP/1.1" 200 6340
192.168.10.89 - - [24/May/2017:16:07:38 -0300] "GET /cormun/servlet/trpermisosgoce? HTTP/1.1" 200 9803
186.103.157.39 - - [24/May/2017:16:07:40 -0300] "GET /cormun/servlet/solicitudot?INS,0,0, HTTP/1.1" 200 12571
186.103.157.39 - - [24/May/2017:16:07:41 -0300] "GET /cormun/servlet/solicitudot?INS,0,0, HTTP/1.1" 200 12575
192.168.10.89 - - [24/May/2017:16:07:43 -0300] "POST /cormun/servlet/trpermisosgoce?ce29a7d9db1d769f757a56184967223f,,gx-no-cache=1495652868538 HTTP/1.1" 200 6666
192.168.10.89 - - [24/May/2017:16:07:45 -0300] "GET /cormun/servlet/trpermisosadjuntos?8229225,20170428132334,P, HTTP/1.1" 200 6825
192.168.10.89 - - [24/May/2017:16:07:47 -0300] "GET /cormun/PublicTempStorage/permiso_elizabeth_nu%F1ez1925487.pdf HTTP/1.1" 200 252635
192.168.10.89 - - [24/May/2017:16:07:49 -0300] "GET /cormun/PublicTempStorage/permiso_elizabeth_nu%F1ez1925487.pdf HTTP/1.1" 304 -
192.168.10.89 - - [24/May/2017:16:07:55 -0300] "GET /cormun/servlet/trpermisosadjuntos?8229225,20170428132334,P, HTTP/1.1" 200 6826
192.168.10.89 - - [24/May/2017:16:07:56 -0300] "GET /cormun/PublicTempStorage/permiso_elizabeth_nu%F1ez5009126.pdf HTTP/1.1" 200 252635
192.168.10.89 - - [24/May/2017:16:07:59 -0300] "POST /cormun/servlet/trpermisosadjuntos?ce29a7d9db1d769f757a56184967223f,8229225,20170428132334,P,,gx-no-cache=1495652883847 HTTP/1.1" 200 90
192.168.10.89 - - [24/May/2017:16:07:59 -0300] "GET /cormun/servlet/hpexe_link HTTP/1.1" 200 981
192.168.10.89 - - [24/May/2017:16:08:00 -0300] "GET /cormun/servlet/trpermisosgoce? HTTP/1.1" 200 9431
186.103.157.39 - - [24/May/2017:16:08:02 -0300] "POST /cormun/servlet/solicitudot?gx-no-cache=1495652939631 HTTP/1.1" 200 3213
186.103.157.39 - - [24/May/2017:16:08:03 -0300] "POST /cormun/servlet/solicitudot?52bdb16c9ac95ba88ce8f32b6541c6eb,INS,0,0,,gx-no-cache=1495652939901 HTTP/1.1" 200 9824
192.168.10.89 - - [24/May/2017:16:08:05 -0300] "GET /cormun/servlet/trpermisosadjuntos?12694303,20170412103145,P, HTTP/1.1" 200 6804
186.103.157.39 - - [24/May/2017:16:08:07 -0300] "GET /cormun/servlet/solicitudot?357c9392e12035d0b9b63fcda581c6e92e62371ad8558f8258f00552eda0c8d71b88f504cfa207efb91af7e75cf61eb5,gx-no-cache=1495652943716 HTTP/1.1" 200 30
186.103.157.39 - - [24/May/2017:16:08:07 -0300] "POST /cormun/servlet/solicitudot?gx-no-cache=1495652943895 HTTP/1.1" 200 255
192.168.10.89 - - [24/May/2017:16:08:07 -0300] "GET /cormun/PublicTempStorage/alaejandra_gallardo_1_0011488303.pdf HTTP/1.1" 200 8809249
186.103.157.39 - - [24/May/2017:16:08:07 -0300] "GET /cormun/servlet/solicitudot?357c9392e12035d0b9b63fcda581c6e97cf0543ce488cad4e03426287375687bb659e1c70affa8e9acf23e208cac978a05b957e3646156c98ece4ee1f83b767474eb47e544022e8f9dbdffed501197791d51b845b98ecdb26373b73fa8b7abc0e735d61e026b6dec4d8fa72bc7bf3fa02e7b7c87ea81e3eb3525ca5e77acaa60057f1d6c3366982829535453355f130f139b9b3d4f1096f9f3d05fd41469e2ae5d12889c23c64644a3b5a0b8e8e049900cad17c9d6ea14b00c5bee3001ce08c5e20d88c09c445978761d69f167c5d46b1af586cd85e580cc952d4524aed528fc2b813cd10b67a975e99fd97a4434c30fb6d246b562250f0ac9d2363a61de856adb3c912f4f62411ed64ecb0f922c92cec8ea962e4cfb54ddc2c3a82420bb4278f6f73e8ce1a8dce34a14fef040ecf84e2f6e84d1b9d8867309f1b53b2262edd4ba6d0313e35c36291bb67594b303658b5568289fdc4997a028745e814fac2ddb05ac87ef56fff86768e8fe7f1fec3036295c5bcfc46201b57d97f78720cf0fe8,gx-no-cache=1495652944118 HTTP/1.1" 200 30
186.103.157.39 - - [24/May/2017:16:08:07 -0300] "POST /cormun/servlet/solicitudot?gx-no-cache=1495652944573 HTTP/1.1" 200 30
186.103.157.39 - - [24/May/2017:16:08:07 -0300] "POST /cormun/servlet/solicitudot?gx-no-cache=1495652944696 HTTP/1.1" 200 1297
186.103.157.39 - - [24/May/2017:16:08:08 -0300] "POST /cormun/servlet/solicitudot?gx-no-cache=1495652944830 HTTP/1.1" 200 38
192.168.10.89 - - [24/May/2017:16:08:08 -0300] "GET /cormun/PublicTempStorage/alaejandra_gallardo_1_0011488303.pdf HTTP/1.1" 304 -
192.168.10.89 - - [24/May/2017:16:08:14 -0300] "GET /cormun/servlet/trpermisosadjuntos?12694303,20170412103145,P, HTTP/1.1" 200 6805
192.168.10.89 - - [24/May/2017:16:08:15 -0300] "GET /cormun/PublicTempStorage/alaejandra_gallardo_1_0013605848.pdf HTTP/1.1" 200 8809249
192.168.10.89 - - [24/May/2017:16:08:33 -0300] "GET /cormun/servlet/hlogin HTTP/1.1" 200 1764
186.103.157.39 - - [24/May/2017:16:08:35 -0300] "GET /cormun/servlet/hlogin HTTP/1.1" 200 1724
192.168.10.89 - - [24/May/2017:16:08:42 -0300] "POST /cormun/servlet/hlogin?ce29a7d9db1d769f757a56184967223f,gx-no-cache=1495652927811 HTTP/1.1" 200 90
192.168.10.89 - - [24/May/2017:16:08:43 -0300] "GET /cormun/servlet/hpexe_link HTTP/1.1" 200 949
192.168.10.89 - - [24/May/2017:16:08:43 -0300] "GET /cormun/servlet/hhome HTTP/1.1" 200 4041
186.103.157.39 - - [24/May/2017:16:08:47 -0300] "POST /cormun/servlet/hlogin?c055b3ce993b33c171df2429e8d17cb4,gx-no-cache=1495652983829 HTTP/1.1" 200 90
186.103.157.39 - - [24/May/2017:16:08:47 -0300] "GET /cormun/servlet/hpexe_link HTTP/1.1" 200 954
186.103.157.39 - - [24/May/2017:16:08:47 -0300] "GET /cormun/servlet/hhome HTTP/1.1" 200 3763
186.103.157.39 - - [24/May/2017:16:08:48 -0300] "GET /cormun/servlet/hhome HTTP/1.1" 200 3760
192.168.10.89 - - [24/May/2017:16:08:48 -0300] "GET /cormun/servlet/trautorizarpermisogoce? HTTP/1.1" 200 16771
186.103.157.39 - - [24/May/2017:16:08:53 -0300] "GET /cormun/servlet/trsolicitudot? HTTP/1.1" 200 12787
186.103.157.39 - - [24/May/2017:16:08:54 -0300] "GET /cormun/servlet/trsolicitudot? HTTP/1.1" 200 12785
192.168.10.89 - - [24/May/2017:16:08:58 -0300] "POST /cormun/servlet/trautorizarpermisogoce?ce29a7d9db1d769f757a56184967223f,,gx-no-cache=1495652943759 HTTP/1.1" 200 5290
186.103.157.39 - - [24/May/2017:16:08:59 -0300] "GET /cormun/servlet/solicitudot?INS,0,0, HTTP/1.1" 200 12579
186.103.157.39 - - [24/May/2017:16:09:00 -0300] "GET /cormun/servlet/solicitudot?INS,0,0, HTTP/1.1" 200 12584
186.103.157.39 - - [24/May/2017:16:09:16 -0300] "POST /cormun/servlet/solicitudot?gx-no-cache=1495653012880 HTTP/1.1" 200 3213
186.103.157.39 - - [24/May/2017:16:09:16 -0300] "POST /cormun/servlet/solicitudot?c055b3ce993b33c171df2429e8d17cb4,INS,0,0,,gx-no-cache=1495653013157 HTTP/1.1" 200 9831
192.168.10.89 - - [24/May/2017:16:09:16 -0300] "POST /cormun/servlet/trautorizarpermisogoce?ce29a7d9db1d769f757a56184967223f,,gx-no-cache=1495652961329 HTTP/1.1" 200 5102
192.168.10.89 - - [24/May/2017:16:09:16 -0300] "GET /cormun/static/Shared/jqueryui/images/ui-bg_highlight-soft_100_c6c2c8_1x100.png HTTP/1.1" 404 1117
192.168.10.89 - - [24/May/2017:16:09:16 -0300] "GET /cormun/static/Shared/jqueryui/images/ui-icons_82798d_256x240.png HTTP/1.1" 404 1089
192.168.10.89 - - [24/May/2017:16:09:16 -0300] "GET /cormun/static/Shared/jqueryui/images/ui-bg_flat_55_fafafa_40x100.png HTTP/1.1" 404 1097
192.168.10.89 - - [24/May/2017:16:09:16 -0300] "GET /cormun/static/Shared/jqueryui/images/ui-icons_8d78a5_256x240.png HTTP/1.1" 404 1089
192.168.10.89 - - [24/May/2017:16:09:18 -0300] "POST /cormun/servlet/trautorizarpermisogoce?ce29a7d9db1d769f757a56184967223f,,gx-no-cache=1495652963072 HTTP/1.1" 200 4876
186.103.157.39 - - [24/May/2017:16:09:22 -0300] "GET /cormun/servlet/solicitudot?e276fe43f63c56d456cc609b613483a774ae470a5d8254145501b77a011f47c4f803215edd39ae8c72b35fe0a5663a34,gx-no-cache=1495653019097 HTTP/1.1" 200 30
186.103.157.39 - - [24/May/2017:16:09:22 -0300] "POST /cormun/servlet/solicitudot?gx-no-cache=1495653019248 HTTP/1.1" 200 255
192.168.10.89 - - [24/May/2017:16:09:22 -0300] "POST /cormun/servlet/trautorizarpermisogoce?ce29a7d9db1d769f757a56184967223f,,gx-no-cache=1495652967450 HTTP/1.1" 200 4160
186.103.157.39 - - [24/May/2017:16:09:22 -0300] "GET /cormun/servlet/solicitudot?e276fe43f63c56d456cc609b613483a720dc151fa41134fd84c30aa9b5443c41071f3decd407e5cc291be01acff6836850d4a6278c8e1eac60077adfa3b6389a43b6eeeb2bfd25cfce743572c6065b0d3e9b3f039d42c50dde19574e64809e9f0e2ce664204fef3bf91ac3f18ca1e88be5a4c87a6f6254c3eecd5d323357984e1eab36e49dce36d0fa2672e6f9998aad268c8a8733ce2ea3a33cdb13adca2357bf62963f458ed7fc413f78f95513ef0ce1a43df67c111a4063320e93fd50dec80cbd791f4b4cccb5b70d9718c4383e8bb75857ee0f33332b4631525baed65516118c4ac5d9aadf0b31a4fe51058e14c108d2bbf2055b4ab563c4b201c1f043e30ab7b602cd864ec6a998e1a9faad939833a3df7b2140d61262a2783b7d81c718b388d4bb3910a94effc6d55646de537b0ee5d15f800da2b928eeb2150c46d9da8a51e6b327b4c9edcacd14a33ab96727469a82229d686ae2bf54af1d4e7d4ea584b5a8a45bd5f9f69efddb05ad3252df333a58d78ab43f8bd06720baf77ead50,gx-no-cache=1495653019364 HTTP/1.1" 200 30
192.168.10.89 - - [24/May/2017:16:09:27 -0300] "POST /cormun/servlet/trautorizarpermisogoce?ce29a7d9db1d769f757a56184967223f,,gx-no-cache=1495652971817 HTTP/1.1" 200 14157
186.103.157.39 - - [24/May/2017:16:09:30 -0300] "POST /cormun/servlet/solicitudot?gx-no-cache=1495653027630 HTTP/1.1" 200 30
186.103.157.39 - - [24/May/2017:16:09:32 -0300] "GET /cormun/servlet/prcontratosol?17525608,,,,,MD,,gxPopupLevel%3D0%3B HTTP/1.1" 200 5905
186.103.157.39 - - [24/May/2017:16:09:33 -0300] "GET /cormun/static/gxcfg.js?201731711522183 HTTP/1.1" 304 -
186.103.157.39 - - [24/May/2017:16:09:33 -0300] "GET /cormun/static/prcontratosol.js?201731711522419 HTTP/1.1" 304 -
186.103.157.39 - - [24/May/2017:16:09:33 -0300] "GET /cormun/static/hmpwkw011.js?201731711483558 HTTP/1.1" 304 -
186.103.157.39 - - [24/May/2017:16:09:33 -0300] "GET /cormun/static/menusearch.js?201610171694467 HTTP/1.1" 304 -
186.103.157.39 - - [24/May/2017:16:09:35 -0300] "POST /cormun/servlet/solicitudot?gx-no-cache=1495653032621 HTTP/1.1" 200 1297
186.103.157.39 - - [24/May/2017:16:09:36 -0300] "POST /cormun/servlet/solicitudot?gx-no-cache=1495653032759 HTTP/1.1" 200 38
186.103.157.39 - - [24/May/2017:16:09:36 -0300] "GET /cormun/servlet/solicitudot?e276fe43f63c56d456cc609b613483a71fbaea07450e28655de376782360292af2837a1b86cad0e4d2cb3b6f72732b6a143416c3ab9425a67704fb39423dbc282e8f53587d052aa9b4a6ed107d7728da886801a729b06ecc566a078b5149f3ca4e111e8a9e4b302eea01e7ac6ce038e3134315a7db30e2ebb5bdaa7f27f11d303221ff7cb5e2d9c955871b0271fbbfbe46ddb11cb3132816a4a55b0c74fe63ad8df6fb8c75e2891e7bfa9b01c334e9905c655f7341743ef057a4ccd3a27f4179c96689f2c949685454fcdc97f8c3ae09,gx-no-cache=1495653032910 HTTP/1.1" 200 29
186.103.157.39 - - [24/May/2017:16:09:36 -0300] "POST /cormun/servlet/solicitudot?gx-no-cache=1495653033008 HTTP/1.1" 200 1280
186.103.157.39 - - [24/May/2017:16:09:36 -0300] "POST /cormun/servlet/solicitudot?gx-no-cache=1495653033129 HTTP/1.1" 200 1161
192.168.10.89 - - [24/May/2017:16:09:40 -0300] "GET /cormun/servlet/trpermisosingoce? HTTP/1.1" 200 6850
192.168.10.89 - - [24/May/2017:16:09:40 -0300] "GET /cormun/static/gxcfg.js?2016111619312653 HTTP/1.1" 304 -
192.168.10.89 - - [24/May/2017:16:09:47 -0300] "GET /cormun/static/menuarrow.gif HTTP/1.1" 404 1015
192.168.10.89 - - [24/May/2017:16:09:50 -0300] "POST /cormun/servlet/trpermisosingoce?ce29a7d9db1d769f757a56184967223f,,gx-no-cache=1495652995553 HTTP/1.1" 200 4085
186.103.157.39 - - [24/May/2017:16:09:52 -0300] "POST /cormun/servlet/solicitudot?gx-no-cache=1495653049611 HTTP/1.1" 200 1280
