186.103.157.39 - - [24/May/2017:15:38:37 -0300] "GET /cormun/servlet/solicitudot?357c9392e12035d0b9b63fcda581c6e9b1ba250020a017b0cedc38ca058df30af003dfcca3a6d83e6148f6ea06d4df926cd3f5fbb901ae4478fe70f6971a0f79b56668310c47346e25308d5b40803f819a5e834a9cd31bdd4d98160f633e66c1d2fe1d1954624909829abff0bd28ea23b7ae46911d74327526b0ad1b57b50372dc9b94013f2d1c97d6a218c06414f56bf6fb8350380a111e4540968eb80e15cfc90e7cc13a96b6131eb0ee2a5b056387,gx-no-cache=1495651173901 HTTP/1.1" 200 30
186.103.157.39 - - [24/May/2017:15:38:55 -0300] "POST /cormun/servlet/solicitudot?52bdb16c9ac95ba88ce8f32b6541c6eb,INS,0,0,,gx-no-cache=1495651192053 HTTP/1.1" 200 93
186.103.157.39 - - [24/May/2017:15:38:55 -0300] "GET /cormun/servlet/hpexe_return? HTTP/1.1" 200 1001
186.103.157.39 - - [24/May/2017:15:38:55 -0300] "GET /cormun/servlet/trsolicitudot HTTP/1.1" 200 9646
186.103.157.39 - - [24/May/2017:15:38:57 -0300] "GET /cormun/servlet/trsolicitudot HTTP/1.1" 200 9640
186.103.157.39 - - [24/May/2017:15:39:11 -0300] "GET /cormun/servlet/solicitudot?INS,0,0, HTTP/1.1" 200 12572
186.103.157.39 - - [24/May/2017:15:39:12 -0300] "GET /cormun/servlet/solicitudot?INS,0,0, HTTP/1.1" 200 12577
186.103.157.39 - - [24/May/2017:15:39:29 -0300] "POST /cormun/servlet/solicitudot?gx-no-cache=1495651225714 HTTP/1.1" 200 3213
186.103.157.39 - - [24/May/2017:15:39:29 -0300] "POST /cormun/servlet/solicitudot?52bdb16c9ac95ba88ce8f32b6541c6eb,INS,0,0,,gx-no-cache=1495651225988 HTTP/1.1" 200 9825
186.103.157.39 - - [24/May/2017:15:39:34 -0300] "GET /cormun/servlet/solicitudot?357c9392e12035d0b9b63fcda581c6e92e62371ad8558f8258f00552eda0c8d71b88f504cfa207efb91af7e75cf61eb5,gx-no-cache=1495651230863 HTTP/1.1" 200 30
186.103.157.39 - - [24/May/2017:15:39:34 -0300] "POST /cormun/servlet/solicitudot?gx-no-cache=1495651231017 HTTP/1.1" 200 255
186.103.157.39 - - [24/May/2017:15:39:34 -0300] "GET /cormun/servlet/solicitudot?357c9392e12035d0b9b63fcda581c6e97cf0543ce488cad4e03426287375687bb659e1c70affa8e9acf23e208cac978a05b957e3646156c98ece4ee1f83b767474eb47e544022e8f9dbdffed501197791d51b845b98ecdb26373b73fa8b7abc0e735d61e026b6dec4d8fa72bc7bf3fa02e7b7c87ea81e3eb3525ca5e77acaa60057f1d6c3366982829535453355f130f139b9b3d4f1096f9f3d05fd41469e2ae5d12889c23c64644a3b5a0b8e8e049900cad17c9d6ea14b00c5bee3001ce08c5e20d88c09c445978761d69f167c5d46b1af586cd85e580cc952d4524aed528fc2b813cd10b67a975e99fd97a4434c30fb6d246b562250f0ac9d2363a61de856adb3c912f4f62411ed64ecb0f922c92cec8ea962e4cfb54ddc2c3a82420bb4278f6f73e8ce1a8dce34a14fef040ecf84e2f6e84d1b9d8867309f1b53b2262edd4ba6d0313e35c36291bb67594b303658b5568289fdc4997a028745e814fac2ddb05ac87ef56fff86768e8fe7f1fec3036295c5bcfc46201b57d97f78720cf0fe8,gx-no-cache=1495651231087 HTTP/1.1" 200 30
186.103.157.39 - - [24/May/2017:15:39:38 -0300] "POST /cormun/servlet/solicitudot?gx-no-cache=1495651234690 HTTP/1.1" 200 30
186.103.157.39 - - [24/May/2017:15:39:58 -0300] "POST /cormun/servlet/solicitudot?gx-no-cache=1495651254942 HTTP/1.1" 200 1297
186.103.157.39 - - [24/May/2017:15:39:58 -0300] "POST /cormun/servlet/solicitudot?gx-no-cache=1495651255084 HTTP/1.1" 200 38
186.103.157.39 - - [24/May/2017:15:40:07 -0300] "GET /cormun/servlet/solicitudot?357c9392e12035d0b9b63fcda581c6e9e6af4d5b158b3639751981227fe4288f97ee6d5c7afa0f596dbd455126f3b16200756a426d84df151c985eade1758e14fd05d5fe85db0424f2b72bdf27ab7575b6054623cc773155793fc6d7a7bd77a45f2d38285ab4a17dc6f592335f3fedba8440dc39fac7d92168961c749be9a57d1b00d5d11b99168d3e629f6292ef2f9c7ff01f6784a83435c0728f0880fa360f0db4fd6f07943ae77ef77fa24387f04d59698809b999377736a1caf47f15c2e119bbad824afa8d5585f82c1e162c448f,gx-no-cache=1495651264394 HTTP/1.1" 200 29
186.103.157.39 - - [24/May/2017:15:40:07 -0300] "POST /cormun/servlet/solicitudot?gx-no-cache=1495651264505 HTTP/1.1" 200 1280
186.103.157.39 - - [24/May/2017:15:40:07 -0300] "POST /cormun/servlet/solicitudot?gx-no-cache=1495651264629 HTTP/1.1" 200 1161
186.103.157.39 - - [24/May/2017:15:40:08 -0300] "GET /cormun/static/menuarrow.gif HTTP/1.1" 404 1015
186.103.157.39 - - [24/May/2017:15:40:12 -0300] "POST /cormun/servlet/solicitudot?gx-no-cache=1495651268825 HTTP/1.1" 200 1280
186.103.157.39 - - [24/May/2017:15:40:12 -0300] "POST /cormun/servlet/solicitudot?gx-no-cache=1495651268971 HTTP/1.1" 200 1161
186.103.157.39 - - [24/May/2017:15:40:30 -0300] "GET /cormun/servlet/solicitudot?357c9392e12035d0b9b63fcda581c6e9b1ba250020a017b0cedc38ca058df30a12f1e08716e30c069a2b7ae06bc2b6dc6cd3f5fbb901ae4478fe70f6971a0f79b56668310c47346e25308d5b40803f819a5e834a9cd31bdd4d98160f633e66c1d2fe1d1954624909829abff0bd28ea23b7ae46911d74327526b0ad1b57b50372dc9b94013f2d1c97d6a218c06414f56bf6fb8350380a111e4540968eb80e15cfc90e7cc13a96b6131eb0ee2a5b056387,gx-no-cache=1495651287513 HTTP/1.1" 200 30
186.103.157.39 - - [24/May/2017:15:40:57 -0300] "POST /cormun/servlet/solicitudot?52bdb16c9ac95ba88ce8f32b6541c6eb,INS,0,0,,gx-no-cache=1495651314162 HTTP/1.1" 200 93
186.103.157.39 - - [24/May/2017:15:40:57 -0300] "GET /cormun/servlet/hpexe_return? HTTP/1.1" 200 1001
186.103.157.39 - - [24/May/2017:15:40:58 -0300] "GET /cormun/servlet/trsolicitudot HTTP/1.1" 200 9891
186.103.157.39 - - [24/May/2017:15:40:59 -0300] "GET /cormun/servlet/trsolicitudot HTTP/1.1" 200 9887
186.103.157.39 - - [24/May/2017:15:43:06 -0300] "GET /cormun/servlet/solicitudot?INS,0,0, HTTP/1.1" 200 12572
186.103.157.39 - - [24/May/2017:15:43:07 -0300] "GET /cormun/servlet/solicitudot?INS,0,0, HTTP/1.1" 200 12577
186.103.157.39 - - [24/May/2017:15:43:20 -0300] "POST /cormun/servlet/solicitudot?gx-no-cache=1495651456824 HTTP/1.1" 200 3221
186.103.157.39 - - [24/May/2017:15:43:20 -0300] "POST /cormun/servlet/solicitudot?52bdb16c9ac95ba88ce8f32b6541c6eb,INS,0,0,,gx-no-cache=1495651457109 HTTP/1.1" 200 9828
186.103.157.39 - - [24/May/2017:15:43:25 -0300] "GET /cormun/servlet/solicitudot?357c9392e12035d0b9b63fcda581c6e91136490fe43f710ab49da02dc1843e6f1b88f504cfa207efb91af7e75cf61eb5,gx-no-cache=1495651462617 HTTP/1.1" 200 30
186.103.157.39 - - [24/May/2017:15:43:26 -0300] "POST /cormun/servlet/solicitudot?gx-no-cache=1495651462756 HTTP/1.1" 200 255
186.103.157.39 - - [24/May/2017:15:43:26 -0300] "GET /cormun/servlet/solicitudot?357c9392e12035d0b9b63fcda581c6e97cf0543ce488cad4e03426287375687bb659e1c70affa8e9acf23e208cac978a05b957e3646156c98ece4ee1f83b767474eb47e544022e8f9dbdffed501197791d51b845b98ecdb26373b73fa8b7abc0e735d61e026b6dec4d8fa72bc7bf3fa02e7b7c87ea81e3eb3525ca5e77acaa60057f1d6c3366982829535453355f130f139b9b3d4f1096f9f3d05fd41469e2ae5d12889c23c64644a3b5a0b8e8e049900cad17c9d6ea14b00c5bee3001ce08c5e20d88c09c445978761d69f167c5d46b1af586cd85e580cc952d4524aed528fc2b813cd10b67a975e99fd97a4434c30fb6d246b562250f0ac9d2363a61de856adb3c912f4f62411ed64ecb0f922c92cec8ea962e4cfb54ddc2c3a82420bb4278f6f73e8ce1a8dce34a14fef040ecf84e2f6e84d1b9d8867309f1b53b2262edd4ba6d0313e35c36291bb67594b303658b5568289fdc4997a028745e814fac2ddb05ac87ef56fff86768e8fe7f1fec3036295c5bcfc46201b57d97f78720cf0fe8,gx-no-cache=1495651462863 HTTP/1.1" 200 30
186.103.157.39 - - [24/May/2017:15:43:29 -0300] "POST /cormun/servlet/solicitudot?gx-no-cache=1495651466697 HTTP/1.1" 200 30
192.168.10.89 - - [24/May/2017:15:43:36 -0300] "GET /cormun/servlet/hlogin HTTP/1.1" 200 1737
186.103.157.39 - - [24/May/2017:15:44:01 -0300] "POST /cormun/servlet/solicitudot?gx-no-cache=1495651497646 HTTP/1.1" 200 1296
186.103.157.39 - - [24/May/2017:15:44:01 -0300] "POST /cormun/servlet/solicitudot?gx-no-cache=1495651497844 HTTP/1.1" 200 38
186.103.157.39 - - [24/May/2017:15:44:12 -0300] "GET /cormun/servlet/solicitudot?357c9392e12035d0b9b63fcda581c6e9e6af4d5b158b3639751981227fe4288f97ee6d5c7afa0f596dbd455126f3b16200756a426d84df151c985eade1758e14fd05d5fe85db0424f2b72bdf27ab7575b6054623cc773155793fc6d7a7bd77a45f2d38285ab4a17dc6f592335f3fedba8440dc39fac7d92168961c749be9a57d1b00d5d11b99168d3e629f6292ef2f9c7ff01f6784a83435c0728f0880fa360f0db4fd6f07943ae77ef77fa24387f04d59698809b999377736a1caf47f15c2e119bbad824afa8d5585f82c1e162c448f,gx-no-cache=1495651508707 HTTP/1.1" 200 29
186.103.157.39 - - [24/May/2017:15:44:12 -0300] "POST /cormun/servlet/solicitudot?gx-no-cache=1495651508791 HTTP/1.1" 200 1280
186.103.157.39 - - [24/May/2017:15:44:17 -0300] "POST /cormun/servlet/solicitudot?gx-no-cache=1495651514343 HTTP/1.1" 200 1162
186.103.157.39 - - [24/May/2017:15:44:17 -0300] "GET /cormun/static/menuarrow.gif HTTP/1.1" 404 1015
186.103.157.39 - - [24/May/2017:15:44:42 -0300] "GET /cormun/servlet/solicitudot?357c9392e12035d0b9b63fcda581c6e96f142e6b2a01d2e5f8e8908df2ea76375c35a92db20917afef326cd30622d3a56cd3f5fbb901ae4478fe70f6971a0f79b56668310c47346e25308d5b40803f819a5e834a9cd31bdd4d98160f633e66c1d2fe1d1954624909829abff0bd28ea23b7ae46911d74327526b0ad1b57b50372dc9b94013f2d1c97d6a218c06414f56bf6fb8350380a111e4540968eb80e15cfc90e7cc13a96b6131eb0ee2a5b056387,gx-no-cache=1495651539055 HTTP/1.1" 200 30
186.103.157.39 - - [24/May/2017:15:45:05 -0300] "POST /cormun/servlet/solicitudot?52bdb16c9ac95ba88ce8f32b6541c6eb,INS,0,0,,gx-no-cache=1495651562016 HTTP/1.1" 200 93
186.103.157.39 - - [24/May/2017:15:45:05 -0300] "GET /cormun/servlet/hpexe_return? HTTP/1.1" 200 1001
186.103.157.39 - - [24/May/2017:15:45:06 -0300] "GET /cormun/servlet/trsolicitudot HTTP/1.1" 200 10319
186.103.157.39 - - [24/May/2017:15:45:07 -0300] "GET /cormun/servlet/trsolicitudot HTTP/1.1" 200 10314
186.103.157.39 - - [24/May/2017:15:45:11 -0300] "GET /cormun/servlet/solicitudot?INS,0,0, HTTP/1.1" 200 12572
186.103.157.39 - - [24/May/2017:15:45:12 -0300] "GET /cormun/servlet/solicitudot?INS,0,0, HTTP/1.1" 200 12577
186.103.157.39 - - [24/May/2017:15:45:26 -0300] "POST /cormun/servlet/solicitudot?gx-no-cache=1495651582680 HTTP/1.1" 200 3221
186.103.157.39 - - [24/May/2017:15:45:26 -0300] "POST /cormun/servlet/solicitudot?52bdb16c9ac95ba88ce8f32b6541c6eb,INS,0,0,,gx-no-cache=1495651583468 HTTP/1.1" 200 9828
186.103.157.39 - - [24/May/2017:15:45:30 -0300] "GET /cormun/servlet/solicitudot?357c9392e12035d0b9b63fcda581c6e91136490fe43f710ab49da02dc1843e6f1b88f504cfa207efb91af7e75cf61eb5,gx-no-cache=1495651586951 HTTP/1.1" 200 30
186.103.157.39 - - [24/May/2017:15:45:30 -0300] "POST /cormun/servlet/solicitudot?gx-no-cache=1495651587111 HTTP/1.1" 200 255
186.103.157.39 - - [24/May/2017:15:45:30 -0300] "GET /cormun/servlet/solicitudot?357c9392e12035d0b9b63fcda581c6e97cf0543ce488cad4e03426287375687bb659e1c70affa8e9acf23e208cac978a05b957e3646156c98ece4ee1f83b767474eb47e544022e8f9dbdffed501197791d51b845b98ecdb26373b73fa8b7abc0e735d61e026b6dec4d8fa72bc7bf3fa02e7b7c87ea81e3eb3525ca5e77acaa60057f1d6c3366982829535453355f130f139b9b3d4f1096f9f3d05fd41469e2ae5d12889c23c64644a3b5a0b8e8e049900cad17c9d6ea14b00c5bee3001ce08c5e20d88c09c445978761d69f167c5d46b1af586cd85e580cc952d4524aed528fc2b813cd10b67a975e99fd97a4434c30fb6d246b562250f0ac9d2363a61de856adb3c912f4f62411ed64ecb0f922c92cec8ea962e4cfb54ddc2c3a82420bb4278f6f73e8ce1a8dce34a14fef040ecf84e2f6e84d1b9d8867309f1b53b2262edd4ba6d0313e35c36291bb67594b303658b5568289fdc4997a028745e814fac2ddb05ac87ef56fff86768e8fe7f1fec3036295c5bcfc46201b57d97f78720cf0fe8,gx-no-cache=1495651587221 HTTP/1.1" 200 30
186.103.157.39 - - [24/May/2017:15:45:30 -0300] "POST /cormun/servlet/solicitudot?gx-no-cache=1495651587330 HTTP/1.1" 200 30
186.103.157.39 - - [24/May/2017:15:45:30 -0300] "POST /cormun/servlet/solicitudot?gx-no-cache=1495651587468 HTTP/1.1" 200 1296
186.103.157.39 - - [24/May/2017:15:45:30 -0300] "POST /cormun/servlet/solicitudot?gx-no-cache=1495651587635 HTTP/1.1" 200 38
186.103.157.39 - - [24/May/2017:15:45:52 -0300] "POST /cormun/servlet/solicitudot?gx-no-cache=1495651608032 HTTP/1.1" 200 1296
186.103.157.39 - - [24/May/2017:15:45:52 -0300] "POST /cormun/servlet/solicitudot?gx-no-cache=1495651608996 HTTP/1.1" 200 38
186.103.157.39 - - [24/May/2017:15:46:00 -0300] "GET /cormun/servlet/solicitudot?357c9392e12035d0b9b63fcda581c6e9e6af4d5b158b3639751981227fe4288f97ee6d5c7afa0f596dbd455126f3b16200756a426d84df151c985eade1758e14fd05d5fe85db0424f2b72bdf27ab7575b6054623cc773155793fc6d7a7bd77a45f2d38285ab4a17dc6f592335f3fedba8440dc39fac7d92168961c749be9a57d1b00d5d11b99168d3e629f6292ef2f9c7ff01f6784a83435c0728f0880fa360f0db4fd6f07943ae77ef77fa24387f04d59698809b999377736a1caf47f15c2e119bbad824afa8d5585f82c1e162c448f,gx-no-cache=1495651616743 HTTP/1.1" 200 29
186.103.157.39 - - [24/May/2017:15:46:00 -0300] "POST /cormun/servlet/solicitudot?gx-no-cache=1495651616848 HTTP/1.1" 200 1280
186.103.157.39 - - [24/May/2017:15:46:00 -0300] "POST /cormun/servlet/solicitudot?gx-no-cache=1495651617209 HTTP/1.1" 200 1162
186.103.157.39 - - [24/May/2017:15:46:00 -0300] "GET /cormun/static/menuarrow.gif HTTP/1.1" 404 1015
186.103.157.39 - - [24/May/2017:15:46:04 -0300] "POST /cormun/servlet/solicitudot?gx-no-cache=1495651620906 HTTP/1.1" 200 1280
186.103.157.39 - - [24/May/2017:15:46:04 -0300] "POST /cormun/servlet/solicitudot?gx-no-cache=1495651621031 HTTP/1.1" 200 1162
186.103.157.39 - - [24/May/2017:15:46:18 -0300] "GET /cormun/servlet/solicitudot?357c9392e12035d0b9b63fcda581c6e96f142e6b2a01d2e5f8e8908df2ea76377e96fbbf9e0e43a17ba96aa9b175141c6cd3f5fbb901ae4478fe70f6971a0f79b56668310c47346e25308d5b40803f819a5e834a9cd31bdd4d98160f633e66c1d2fe1d1954624909829abff0bd28ea23b7ae46911d74327526b0ad1b57b50372dc9b94013f2d1c97d6a218c06414f56bf6fb8350380a111e4540968eb80e15cfc90e7cc13a96b6131eb0ee2a5b056387,gx-no-cache=1495651635505 HTTP/1.1" 200 30
192.168.10.89 - - [24/May/2017:15:46:19 -0300] "GET /cormunbeta/servlet/hlogin HTTP/1.1" 200 1720
192.168.10.89 - - [24/May/2017:15:46:19 -0300] "GET /cormunbeta/static/gxcfg.js?201751815463321 HTTP/1.1" 304 -
192.168.10.89 - - [24/May/2017:15:46:19 -0300] "GET /cormunbeta/static/messages.spa.js?85251 HTTP/1.1" 304 -
192.168.10.89 - - [24/May/2017:15:46:19 -0300] "GET /cormunbeta/servlet/hlogin HTTP/1.1" 200 1730
192.168.10.89 - - [24/May/2017:15:46:27 -0300] "POST /cormunbeta/servlet/hlogin?b7f00e204f8bf20c12b75a9dd0595ece,gx-no-cache=1495651592026 HTTP/1.1" 200 90
192.168.10.89 - - [24/May/2017:15:46:27 -0300] "GET /cormunbeta/servlet/hpexe_link HTTP/1.1" 200 956
192.168.10.89 - - [24/May/2017:15:46:27 -0300] "GET /cormunbeta/static/gxcfg.js?201731711483381 HTTP/1.1" 200 953
192.168.10.89 - - [24/May/2017:15:46:27 -0300] "GET /cormunbeta/servlet/hhome HTTP/1.1" 200 4331
192.168.10.89 - - [24/May/2017:15:46:27 -0300] "GET /cormunbeta/static/gxcfg.js?201731711483497 HTTP/1.1" 200 953
192.168.10.89 - - [24/May/2017:15:46:28 -0300] "GET /cormunbeta/static/gxui/gxui-all.js HTTP/1.1" 200 107772
186.103.157.39 - - [24/May/2017:15:46:48 -0300] "POST /cormun/servlet/solicitudot?52bdb16c9ac95ba88ce8f32b6541c6eb,INS,0,0,,gx-no-cache=1495651664869 HTTP/1.1" 200 93
186.103.157.39 - - [24/May/2017:15:46:48 -0300] "GET /cormun/servlet/hpexe_return? HTTP/1.1" 200 1001
186.103.157.39 - - [24/May/2017:15:46:48 -0300] "GET /cormun/servlet/trsolicitudot HTTP/1.1" 200 10699
186.103.157.39 - - [24/May/2017:15:46:50 -0300] "GET /cormun/servlet/trsolicitudot HTTP/1.1" 200 10694
192.168.10.89 - - [24/May/2017:15:47:10 -0300] "GET /cormunbeta/servlet/trsolicitudot? HTTP/1.1" 200 7540
192.168.10.89 - - [24/May/2017:15:47:10 -0300] "GET /cormunbeta/static/gxcfg.js?201742714202570 HTTP/1.1" 200 953
192.168.10.89 - - [24/May/2017:15:47:10 -0300] "GET /cormunbeta/static/calendar.js?85251 HTTP/1.1" 200 26246
192.168.10.89 - - [24/May/2017:15:47:10 -0300] "GET /cormunbeta/static/calendar-setup.js?85251 HTTP/1.1" 200 2588
192.168.10.89 - - [24/May/2017:15:47:10 -0300] "GET /cormunbeta/static/calendar-es.js?85251 HTTP/1.1" 200 1901
192.168.10.89 - - [24/May/2017:15:47:11 -0300] "GET /cormunbeta/static/gxdec.js?85251 HTTP/1.1" 200 19579
192.168.10.89 - - [24/May/2017:15:47:11 -0300] "GET /cormunbeta/static/trsolicitudot.js?20174271420357 HTTP/1.1" 200 53896
192.168.10.89 - - [24/May/2017:15:47:26 -0300] "GET /cormunbeta/servlet/hlogin HTTP/1.1" 200 1737
186.103.157.39 - - [24/May/2017:15:47:37 -0300] "GET /cormun/servlet/solicitudot?INS,0,0, HTTP/1.1" 200 12571
192.168.10.89 - - [24/May/2017:15:47:39 -0300] "POST /cormunbeta/servlet/hlogin?b7f00e204f8bf20c12b75a9dd0595ece,gx-no-cache=1495651664032 HTTP/1.1" 200 454
192.168.10.89 - - [24/May/2017:15:47:44 -0300] "POST /cormunbeta/servlet/hlogin?b7f00e204f8bf20c12b75a9dd0595ece,gx-no-cache=1495651669004 HTTP/1.1" 200 454
192.168.10.89 - - [24/May/2017:15:47:50 -0300] "POST /cormunbeta/servlet/hlogin?b7f00e204f8bf20c12b75a9dd0595ece,gx-no-cache=1495651674880 HTTP/1.1" 200 454
192.168.10.89 - - [24/May/2017:15:47:54 -0300] "POST /cormunbeta/servlet/hlogin?b7f00e204f8bf20c12b75a9dd0595ece,gx-no-cache=1495651679536 HTTP/1.1" 200 454
192.168.10.89 - - [24/May/2017:15:48:02 -0300] "POST /cormunbeta/servlet/hlogin?b7f00e204f8bf20c12b75a9dd0595ece,gx-no-cache=1495651686870 HTTP/1.1" 200 454
192.168.10.89 - - [24/May/2017:15:48:09 -0300] "GET /cormun/servlet/hlogin HTTP/1.1" 200 1720
192.168.10.89 - - [24/May/2017:15:48:16 -0300] "POST /cormun/servlet/hlogin?ce29a7d9db1d769f757a56184967223f,gx-no-cache=1495651701250 HTTP/1.1" 200 90
192.168.10.89 - - [24/May/2017:15:48:16 -0300] "GET /cormun/servlet/hpexe_link HTTP/1.1" 200 949
192.168.10.89 - - [24/May/2017:15:48:16 -0300] "GET /cormun/servlet/hhome HTTP/1.1" 200 4041
192.168.10.89 - - [24/May/2017:15:48:24 -0300] "GET /cormun/servlet/trlicencias? HTTP/1.1" 200 6906
192.168.10.89 - - [24/May/2017:15:48:24 -0300] "GET /cormun/static/gxcfg.js?201741111445981 HTTP/1.1" 304 -
192.168.10.89 - - [24/May/2017:15:48:25 -0300] "GET /cormun/static/trlicencias.js?20174111145440 HTTP/1.1" 304 -
192.168.10.89 - - [24/May/2017:15:48:31 -0300] "GET /cormun/servlet/trlicencias? HTTP/1.1" 200 6905
186.103.157.39 - - [24/May/2017:15:48:45 -0300] "GET /cormun/servlet/trsolicitudot HTTP/1.1" 200 10699
186.103.157.39 - - [24/May/2017:15:48:46 -0300] "GET /cormun/servlet/trsolicitudot HTTP/1.1" 200 10694
192.168.10.89 - - [24/May/2017:15:48:47 -0300] "GET /cormun/static/menuarrow.gif HTTP/1.1" 404 1015
186.103.157.39 - - [24/May/2017:15:48:50 -0300] "GET /cormun/servlet/solicitudot?INS,0,0, HTTP/1.1" 200 12572
186.103.157.39 - - [24/May/2017:15:48:51 -0300] "GET /cormun/servlet/solicitudot?INS,0,0, HTTP/1.1" 200 12577
192.168.10.89 - - [24/May/2017:15:48:54 -0300] "POST /cormun/servlet/trlicencias?ce29a7d9db1d769f757a56184967223f,,gx-no-cache=1495651739540 HTTP/1.1" 200 4087
192.168.10.89 - - [24/May/2017:15:48:59 -0300] "POST /cormun/servlet/trlicencias?ce29a7d9db1d769f757a56184967223f,,gx-no-cache=1495651743875 HTTP/1.1" 200 4089
186.103.157.39 - - [24/May/2017:15:49:03 -0300] "POST /cormun/servlet/solicitudot?gx-no-cache=1495651799648 HTTP/1.1" 200 3212
186.103.157.39 - - [24/May/2017:15:49:04 -0300] "POST /cormun/servlet/solicitudot?52bdb16c9ac95ba88ce8f32b6541c6eb,INS,0,0,,gx-no-cache=1495651800410 HTTP/1.1" 200 9827
192.168.10.89 - - [24/May/2017:15:49:06 -0300] "POST /cormun/servlet/trlicencias?ce29a7d9db1d769f757a56184967223f,,gx-no-cache=1495651751208 HTTP/1.1" 200 4089
186.103.157.39 - - [24/May/2017:15:49:08 -0300] "GET /cormun/servlet/solicitudot?357c9392e12035d0b9b63fcda581c6e991a46b0047d2c0d69993dc6f8a00d9b11b88f504cfa207efb91af7e75cf61eb5,gx-no-cache=1495651804951 HTTP/1.1" 200 30
186.103.157.39 - - [24/May/2017:15:49:08 -0300] "POST /cormun/servlet/solicitudot?gx-no-cache=1495651805060 HTTP/1.1" 200 255
186.103.157.39 - - [24/May/2017:15:49:08 -0300] "GET /cormun/servlet/solicitudot?357c9392e12035d0b9b63fcda581c6e97cf0543ce488cad4e03426287375687bb659e1c70affa8e9acf23e208cac978a05b957e3646156c98ece4ee1f83b767474eb47e544022e8f9dbdffed501197791d51b845b98ecdb26373b73fa8b7abc0e735d61e026b6dec4d8fa72bc7bf3fa02e7b7c87ea81e3eb3525ca5e77acaa60057f1d6c3366982829535453355f130f139b9b3d4f1096f9f3d05fd41469e2ae5d12889c23c64644a3b5a0b8e8e049900cad17c9d6ea14b00c5bee3001ce08c5e20d88c09c445978761d69f167c5d46b1af586cd85e580cc952d4524aed528fc2b813cd10b67a975e99fd97a4434c30fb6d246b562250f0ac9d2363a61de856adb3c912f4f62411ed64ecb0f922c92cec8ea962e4cfb54ddc2c3a82420bb4278f6f73e8ce1a8dce34a14fef040ecf84e2f6e84d1b9d8867309f1b53b2262edd4ba6d0313e35c36291bb67594b303658b5568289fdc4997a028745e814fac2ddb05ac87ef56fff86768e8fe7f1fec3036295c5bcfc46201b57d97f78720cf0fe8,gx-no-cache=1495651805173 HTTP/1.1" 200 30
192.168.10.89 - - [24/May/2017:15:49:09 -0300] "POST /cormun/servlet/trlicencias?ce29a7d9db1d769f757a56184967223f,,gx-no-cache=1495651754183 HTTP/1.1" 200 10459
186.103.157.39 - - [24/May/2017:15:49:10 -0300] "POST /cormun/servlet/solicitudot?gx-no-cache=1495651807437 HTTP/1.1" 200 30
186.103.157.39 - - [24/May/2017:15:49:39 -0300] "POST /cormun/servlet/solicitudot?gx-no-cache=1495651835951 HTTP/1.1" 200 1297
186.103.157.39 - - [24/May/2017:15:49:39 -0300] "POST /cormun/servlet/solicitudot?gx-no-cache=1495651836160 HTTP/1.1" 200 38
192.168.10.89 - - [24/May/2017:15:49:44 -0300] "GET /cormun/servlet/licenciaspermisos?DSP,23711264,L,20170524000000, HTTP/1.1" 200 7065
192.168.10.89 - - [24/May/2017:15:49:44 -0300] "GET /cormun/static/gxcfg.js?201741111445322 HTTP/1.1" 304 -
192.168.10.89 - - [24/May/2017:15:49:44 -0300] "GET /cormun/static/licenciaspermisos.js?201741111445392 HTTP/1.1" 304 -
186.103.157.39 - - [24/May/2017:15:49:47 -0300] "GET /cormun/servlet/solicitudot?357c9392e12035d0b9b63fcda581c6e9e6af4d5b158b3639751981227fe4288f97ee6d5c7afa0f596dbd455126f3b16200756a426d84df151c985eade1758e14fd05d5fe85db0424f2b72bdf27ab7575b6054623cc773155793fc6d7a7bd77a45f2d38285ab4a17dc6f592335f3fedba8440dc39fac7d92168961c749be9a57d1b00d5d11b99168d3e629f6292ef2f9c7ff01f6784a83435c0728f0880fa360f0db4fd6f07943ae77ef77fa24387f04d59698809b999377736a1caf47f15c2e119bbad824afa8d5585f82c1e162c448f,gx-no-cache=1495651843893 HTTP/1.1" 200 29
186.103.157.39 - - [24/May/2017:15:49:47 -0300] "POST /cormun/servlet/solicitudot?gx-no-cache=1495651844002 HTTP/1.1" 200 1280
186.103.157.39 - - [24/May/2017:15:49:47 -0300] "POST /cormun/servlet/solicitudot?gx-no-cache=1495651844120 HTTP/1.1" 200 1162
186.103.157.39 - - [24/May/2017:15:49:47 -0300] "GET /cormun/static/menuarrow.gif HTTP/1.1" 404 1015
186.103.157.39 - - [24/May/2017:15:49:50 -0300] "POST /cormun/servlet/solicitudot?gx-no-cache=1495651846767 HTTP/1.1" 200 1280
186.103.157.39 - - [24/May/2017:15:49:50 -0300] "POST /cormun/servlet/solicitudot?gx-no-cache=1495651846880 HTTP/1.1" 200 1162
192.168.10.89 - - [24/May/2017:15:49:58 -0300] "POST /cormun/servlet/licenciaspermisos?ce29a7d9db1d769f757a56184967223f,DSP,23711264,L,20170524000000,,gx-no-cache=1495651803770 HTTP/1.1" 200 90
192.168.10.89 - - [24/May/2017:15:49:58 -0300] "GET /cormun/servlet/hpexe_link HTTP/1.1" 200 981
192.168.10.89 - - [24/May/2017:15:49:59 -0300] "GET /cormun/servlet/trlicencias? HTTP/1.1" 200 12816
192.168.10.89 - - [24/May/2017:15:50:10 -0300] "GET /cormun/servlet/licenciaspermisos?DSP,13273625,L,20170524000000, HTTP/1.1" 200 7048
186.103.157.39 - - [24/May/2017:15:50:12 -0300] "GET /cormun/servlet/solicitudot?357c9392e12035d0b9b63fcda581c6e9faa90a2c111729672e42c8c9f82af1fb98d6e6aefaa047cc52d51f7138c0997b6cd3f5fbb901ae4478fe70f6971a0f79b56668310c47346e25308d5b40803f819a5e834a9cd31bdd4d98160f633e66c1d2fe1d1954624909829abff0bd28ea23b7ae46911d74327526b0ad1b57b50372dc9b94013f2d1c97d6a218c06414f56bf6fb8350380a111e4540968eb80e15cfc90e7cc13a96b6131eb0ee2a5b056387,gx-no-cache=1495651869524 HTTP/1.1" 200 30
192.168.10.89 - - [24/May/2017:15:50:17 -0300] "POST /cormun/servlet/licenciaspermisos?ce29a7d9db1d769f757a56184967223f,DSP,13273625,L,20170524000000,,gx-no-cache=1495651822140 HTTP/1.1" 200 90
192.168.10.89 - - [24/May/2017:15:50:17 -0300] "GET /cormun/servlet/hpexe_link HTTP/1.1" 200 980
192.168.10.89 - - [24/May/2017:15:50:17 -0300] "GET /cormun/servlet/trlicencias HTTP/1.1" 200 12816
186.79.149.56 - - [24/May/2017:15:50:19 -0300] "GET /cormun/servlet/hlogin HTTP/1.1" 200 1723
192.168.10.89 - - [24/May/2017:15:50:25 -0300] "GET /cormun/servlet/licenciaspermisos?DSP,17502887,L,20170524000000, HTTP/1.1" 200 7040
186.79.149.56 - - [24/May/2017:15:50:38 -0300] "POST /cormun/servlet/hlogin?dc778e8f3cd53a7884bbce2d26723a87,gx-no-cache=1495648294459 HTTP/1.1" 200 90
186.79.149.56 - - [24/May/2017:15:50:38 -0300] "GET /cormun/servlet/hpexe_link HTTP/1.1" 200 952
186.79.149.56 - - [24/May/2017:15:50:38 -0300] "GET /cormun/servlet/hhome HTTP/1.1" 200 3814
186.79.149.56 - - [24/May/2017:15:50:38 -0300] "GET /cormun/servlet/hhome HTTP/1.1" 200 3811
186.79.149.56 - - [24/May/2017:15:50:42 -0300] "GET /cormun/servlet/trsolicitudot? HTTP/1.1" 200 8488
186.79.149.56 - - [24/May/2017:15:50:42 -0300] "GET /cormun/servlet/trsolicitudot? HTTP/1.1" 200 8487
192.168.10.89 - - [24/May/2017:15:50:44 -0300] "POST /cormun/servlet/licenciaspermisos?ce29a7d9db1d769f757a56184967223f,DSP,17502887,L,20170524000000,,gx-no-cache=1495651849666 HTTP/1.1" 200 93
192.168.10.89 - - [24/May/2017:15:50:44 -0300] "GET /cormun/servlet/hpexe_return? HTTP/1.1" 200 1024
186.79.149.56 - - [24/May/2017:15:50:45 -0300] "GET /cormun/servlet/solicitudot?INS,0,0, HTTP/1.1" 200 12624
186.103.157.39 - - [24/May/2017:15:50:45 -0300] "POST /cormun/servlet/solicitudot?52bdb16c9ac95ba88ce8f32b6541c6eb,INS,0,0,,gx-no-cache=1495651901738 HTTP/1.1" 200 93
186.103.157.39 - - [24/May/2017:15:50:45 -0300] "GET /cormun/servlet/hpexe_return? HTTP/1.1" 200 1001
192.168.10.89 - - [24/May/2017:15:50:45 -0300] "GET /cormun/servlet/trlicencias HTTP/1.1" 200 12817
186.79.149.56 - - [24/May/2017:15:50:45 -0300] "GET /cormun/servlet/solicitudot?INS,0,0, HTTP/1.1" 200 12629
186.103.157.39 - - [24/May/2017:15:50:45 -0300] "GET /cormun/servlet/trsolicitudot HTTP/1.1" 200 11053
186.103.157.39 - - [24/May/2017:15:50:46 -0300] "GET /cormun/servlet/trsolicitudot HTTP/1.1" 200 11048
186.103.157.39 - - [24/May/2017:15:50:50 -0300] "GET /cormun/servlet/solicitudot?INS,0,0, HTTP/1.1" 200 12571
192.168.10.89 - - [24/May/2017:15:50:50 -0300] "GET /cormun/servlet/trpermisosgoce? HTTP/1.1" 200 6819
192.168.10.89 - - [24/May/2017:15:50:50 -0300] "GET /cormun/static/gxcfg.js?20174111153177 HTTP/1.1" 304 -
192.168.10.89 - - [24/May/2017:15:50:50 -0300] "GET /cormun/static/trpermisosgoce.js?20174111153217 HTTP/1.1" 304 -
186.103.157.39 - - [24/May/2017:15:50:51 -0300] "GET /cormun/servlet/solicitudot?INS,0,0, HTTP/1.1" 200 12576
192.168.10.89 - - [24/May/2017:15:50:54 -0300] "GET /cormun/static/menuarrow.gif HTTP/1.1" 404 1015
192.168.10.89 - - [24/May/2017:15:50:58 -0300] "POST /cormun/servlet/trpermisosgoce?ce29a7d9db1d769f757a56184967223f,,gx-no-cache=1495651863196 HTTP/1.1" 200 4877
192.168.10.89 - - [24/May/2017:15:51:03 -0300] "GET /cormun/servlet/permisogoce?INS,0,,, HTTP/1.1" 200 6817
192.168.10.89 - - [24/May/2017:15:51:03 -0300] "GET /cormun/static/gxcfg.js?201741111325459 HTTP/1.1" 304 -
192.168.10.89 - - [24/May/2017:15:51:03 -0300] "GET /cormun/static/permisogoce.js?20174111132557 HTTP/1.1" 304 -
192.168.10.89 - - [24/May/2017:15:51:07 -0300] "GET /cormun/servlet/prfichaempleado?,MD,,gxPopupLevel%3D0%3B HTTP/1.1" 200 8896
192.168.10.89 - - [24/May/2017:15:51:07 -0300] "GET /cormun/static/gxcfg.js?2017319125415 HTTP/1.1" 304 -
192.168.10.89 - - [24/May/2017:15:51:07 -0300] "GET /cormun/static/prfichaempleado.js?20173191254344 HTTP/1.1" 304 -
192.168.10.89 - - [24/May/2017:15:51:07 -0300] "GET /cormun/static/menusearch.js?201610171694467 HTTP/1.1" 304 -
192.168.10.89 - - [24/May/2017:15:51:07 -0300] "GET /cormun/static/hmpwkw011.js?201731711483558 HTTP/1.1" 304 -
186.79.149.56 - - [24/May/2017:15:51:08 -0300] "POST /cormun/servlet/solicitudot?gx-no-cache=1495648324392 HTTP/1.1" 200 3099
186.79.149.56 - - [24/May/2017:15:51:08 -0300] "POST /cormun/servlet/solicitudot?dc778e8f3cd53a7884bbce2d26723a87,INS,0,0,,gx-no-cache=1495648324842 HTTP/1.1" 200 9697
186.103.157.39 - - [24/May/2017:15:51:08 -0300] "POST /cormun/servlet/solicitudot?gx-no-cache=1495651925585 HTTP/1.1" 200 3212
186.103.157.39 - - [24/May/2017:15:51:09 -0300] "POST /cormun/servlet/solicitudot?52bdb16c9ac95ba88ce8f32b6541c6eb,INS,0,0,,gx-no-cache=1495651925805 HTTP/1.1" 200 9826
186.103.157.39 - - [24/May/2017:15:51:13 -0300] "GET /cormun/servlet/solicitudot?357c9392e12035d0b9b63fcda581c6e991a46b0047d2c0d69993dc6f8a00d9b11b88f504cfa207efb91af7e75cf61eb5,gx-no-cache=1495651929706 HTTP/1.1" 200 30
186.103.157.39 - - [24/May/2017:15:51:13 -0300] "POST /cormun/servlet/solicitudot?gx-no-cache=1495651929841 HTTP/1.1" 200 255
186.103.157.39 - - [24/May/2017:15:51:13 -0300] "GET /cormun/servlet/solicitudot?357c9392e12035d0b9b63fcda581c6e97cf0543ce488cad4e03426287375687bb659e1c70affa8e9acf23e208cac978a05b957e3646156c98ece4ee1f83b767474eb47e544022e8f9dbdffed501197791d51b845b98ecdb26373b73fa8b7abc0e735d61e026b6dec4d8fa72bc7bf3fa02e7b7c87ea81e3eb3525ca5e77acaa60057f1d6c3366982829535453355f130f139b9b3d4f1096f9f3d05fd41469e2ae5d12889c23c64644a3b5a0b8e8e049900cad17c9d6ea14b00c5bee3001ce08c5e20d88c09c445978761d69f167c5d46b1af586cd85e580cc952d4524aed528fc2b813cd10b67a975e99fd97a4434c30fb6d246b562250f0ac9d2363a61de856adb3c912f4f62411ed64ecb0f922c92cec8ea962e4cfb54ddc2c3a82420bb4278f6f73e8ce1a8dce34a14fef040ecf84e2f6e84d1b9d8867309f1b53b2262edd4ba6d0313e35c36291bb67594b303658b5568289fdc4997a028745e814fac2ddb05ac87ef56fff86768e8fe7f1fec3036295c5bcfc46201b57d97f78720cf0fe8,gx-no-cache=1495651929930 HTTP/1.1" 200 30
186.79.149.56 - - [24/May/2017:15:51:16 -0300] "GET /cormun/servlet/solicitudot?0ebbaa54d0449433277ca0289fd83348be0b3f80f370c0446f5d8f68d7f7f49ed42852ffbf15dde4f09369c2a168233e,gx-no-cache=1495648333031 HTTP/1.1" 200 30
186.103.157.39 - - [24/May/2017:15:51:16 -0300] "POST /cormun/servlet/solicitudot?gx-no-cache=1495651933344 HTTP/1.1" 200 30
192.168.10.89 - - [24/May/2017:15:51:21 -0300] "POST /cormun/servlet/prfichaempleado?ce29a7d9db1d769f757a56184967223f,,MD,,gxPopupLevel%3D0%3B,gx-no-cache=1495651886031 HTTP/1.1" 200 3499
192.168.10.89 - - [24/May/2017:15:51:26 -0300] "GET /cormun/servlet/permisogoce?6d4f73b75770bb249c36a3cec88f93776ba273bd5f1b65f01a01a2d1c2340b14caaff8105f1602407d09dcf1b0c93fc3,gx-no-cache=1495651890805 HTTP/1.1" 200 70
192.168.10.89 - - [24/May/2017:15:51:33 -0300] "GET /cormun/servlet/permisogoce?6d4f73b75770bb249c36a3cec88f9377ccbc83e5b86451025079da5f9672ac8fb6c224c8e5722c267ff930e1e71084d0ae5b32ba014adf658c8c467698798132,gx-no-cache=1495651898794 HTTP/1.1" 200 47
186.103.157.39 - - [24/May/2017:15:51:37 -0300] "POST /cormun/servlet/solicitudot?gx-no-cache=1495651953790 HTTP/1.1" 200 1297
186.103.157.39 - - [24/May/2017:15:51:37 -0300] "POST /cormun/servlet/solicitudot?gx-no-cache=1495651953934 HTTP/1.1" 200 38
192.168.10.89 - - [24/May/2017:15:51:39 -0300] "POST /cormun/servlet/permisogoce?ce29a7d9db1d769f757a56184967223f,INS,0,,,,gx-no-cache=1495651904029 HTTP/1.1" 200 93
192.168.10.89 - - [24/May/2017:15:51:39 -0300] "GET /cormun/servlet/hpexe_return? HTTP/1.1" 200 1007
192.168.10.89 - - [24/May/2017:15:51:39 -0300] "GET /cormun/servlet/trpermisosgoce? HTTP/1.1" 200 7935
186.103.157.39 - - [24/May/2017:15:51:45 -0300] "GET /cormun/servlet/solicitudot?357c9392e12035d0b9b63fcda581c6e9e6af4d5b158b3639751981227fe4288f97ee6d5c7afa0f596dbd455126f3b16200756a426d84df151c985eade1758e14fd05d5fe85db0424f2b72bdf27ab7575b6054623cc773155793fc6d7a7bd77a45f2d38285ab4a17dc6f592335f3fedba8440dc39fac7d92168961c749be9a57d1b00d5d11b99168d3e629f6292ef2f9c7ff01f6784a83435c0728f0880fa360f0db4fd6f07943ae77ef77fa24387f04d59698809b999377736a1caf47f15c2e119bbad824afa8d5585f82c1e162c448f,gx-no-cache=1495651962137 HTTP/1.1" 200 29
186.103.157.39 - - [24/May/2017:15:51:45 -0300] "POST /cormun/servlet/solicitudot?gx-no-cache=1495651962194 HTTP/1.1" 200 1281
186.103.157.39 - - [24/May/2017:15:51:45 -0300] "POST /cormun/servlet/solicitudot?gx-no-cache=1495651962286 HTTP/1.1" 200 1162
186.103.157.39 - - [24/May/2017:15:51:45 -0300] "GET /cormun/static/menuarrow.gif HTTP/1.1" 404 1015
186.103.157.39 - - [24/May/2017:15:51:48 -0300] "POST /cormun/servlet/solicitudot?gx-no-cache=1495651965544 HTTP/1.1" 200 1281
186.103.157.39 - - [24/May/2017:15:51:48 -0300] "POST /cormun/servlet/solicitudot?gx-no-cache=1495651965692 HTTP/1.1" 200 1162
192.168.10.89 - - [24/May/2017:15:51:57 -0300] "GET /cormun/servlet/tratrazos? HTTP/1.1" 200 6834
192.168.10.89 - - [24/May/2017:15:51:57 -0300] "GET /cormun/static/gxcfg.js?2016111619465317 HTTP/1.1" 200 953
192.168.10.89 - - [24/May/2017:15:51:57 -0300] "GET /cormun/static/tratrazos.js?2016111619465747 HTTP/1.1" 200 30414
186.103.157.39 - - [24/May/2017:15:52:00 -0300] "GET /cormun/servlet/solicitudot?357c9392e12035d0b9b63fcda581c6e9faa90a2c111729672e42c8c9f82af1fb0db2c6eceba2291ee5310412dd7e8d336cd3f5fbb901ae4478fe70f6971a0f79b56668310c47346e25308d5b40803f819a5e834a9cd31bdd4d98160f633e66c1d2fe1d1954624909829abff0bd28ea23b7ae46911d74327526b0ad1b57b50372dc9b94013f2d1c97d6a218c06414f56bf6fb8350380a111e4540968eb80e15cfc90e7cc13a96b6131eb0ee2a5b056387,gx-no-cache=1495651977535 HTTP/1.1" 200 30
186.103.157.39 - - [24/May/2017:15:52:21 -0300] "POST /cormun/servlet/solicitudot?52bdb16c9ac95ba88ce8f32b6541c6eb,INS,0,0,,gx-no-cache=1495651997956 HTTP/1.1" 200 93
186.103.157.39 - - [24/May/2017:15:52:21 -0300] "GET /cormun/servlet/hpexe_return? HTTP/1.1" 200 1001
186.103.157.39 - - [24/May/2017:15:52:21 -0300] "GET /cormun/servlet/trsolicitudot HTTP/1.1" 200 11351
192.168.10.89 - - [24/May/2017:15:52:22 -0300] "GET /cormun/servlet/trpermisosgoce? HTTP/1.1" 200 7932
186.103.157.39 - - [24/May/2017:15:52:23 -0300] "GET /cormun/servlet/trsolicitudot HTTP/1.1" 200 11346
186.79.149.56 - - [24/May/2017:15:52:40 -0300] "POST /cormun/servlet/solicitudot?gx-no-cache=1495648417280 HTTP/1.1" 200 297
186.79.149.56 - - [24/May/2017:15:52:43 -0300] "GET /cormun/servlet/solicitudot?0ebbaa54d0449433277ca0289fd83348ae973c5fdb85b8d93424c08e2392db59a39b340ae80edb039146f0840b57a2e06758519fd5695d9d45f842c0c569d59a4bf38eb623eb35ffb20c495ad74f5bcd12efe72095216daac51506257de50eafde1ac397700138496e36e4bae5f7ead78a7b8accd7d4a248109c7b89541a9c713c65ced61feed65167781bbc6311ec7216738947b022918dbf0231969247d2757aa0ed5a9be3507397465088393e968fbbd65239e121a085d773a49187e8d6dd082fd637a8807cb730900bfa62f18576b2972f2c65fe9672f35a9e333cfc136f7bd9479ac83d90731ef17e6a260de1625f925728ec2f8047b99e4171b126c47dca6c517533a60d1f6eabad19bd627b08bf8d2a8cbec2a5e9726ee69ddd67ee571ce7ded2eb6ed6bd2899b56d0c73a109ba469605db592ce425623f956aa1342f00581c4428be5a29225d71a79fa654937232f175b8a1c5f006a934e8079fb825a365c31b443c663dd9e55a33d986af69f64f6c7ab93f965f4c46487854a070d6660e3a71e78e109ef315ab269cda4ed9,gx-no-cache=1495648420007 HTTP/1.1" 200 30
186.79.149.56 - - [24/May/2017:15:52:44 -0300] "POST /cormun/servlet/solicitudot?gx-no-cache=1495648421417 HTTP/1.1" 200 30
186.79.149.56 - - [24/May/2017:15:52:45 -0300] "POST /cormun/servlet/solicitudot?gx-no-cache=1495648422341 HTTP/1.1" 200 235
186.79.149.56 - - [24/May/2017:15:52:46 -0300] "POST /cormun/servlet/solicitudot?gx-no-cache=1495648422456 HTTP/1.1" 200 38
192.168.10.89 - - [24/May/2017:15:53:03 -0300] "GET /cormun/servlet/tratrazos? HTTP/1.1" 200 6834
192.168.10.89 - - [24/May/2017:15:53:06 -0300] "GET /cormun/servlet/atrazos?INS,0, HTTP/1.1" 200 6775
192.168.10.89 - - [24/May/2017:15:53:06 -0300] "GET /cormun/static/gxcfg.js?201732912141335 HTTP/1.1" 200 953
192.168.10.89 - - [24/May/2017:15:53:06 -0300] "GET /cormun/static/atrazos.js?201732912141379 HTTP/1.1" 200 24012
186.79.149.56 - - [24/May/2017:15:53:11 -0300] "GET /cormun/servlet/solicitudot?0ebbaa54d0449433277ca0289fd8334831c43441b8e9bfa7f18e81cb798f9deda0d707f9c0c8d43e47153f9e3857aaeb76aac6d478baa08c90115270db28d44fc8821401b7e5d6e7e719dae36b5b8151920be0e3719d07731f887319d3357c4886a31b71265ca8daaf47ff9107609aab,gx-no-cache=1495648447978 HTTP/1.1" 200 29
186.79.149.56 - - [24/May/2017:15:53:11 -0300] "POST /cormun/servlet/solicitudot?gx-no-cache=1495648448164 HTTP/1.1" 200 708
186.79.149.56 - - [24/May/2017:15:53:13 -0300] "POST /cormun/servlet/solicitudot?gx-no-cache=1495648449600 HTTP/1.1" 200 1162
186.79.149.56 - - [24/May/2017:15:53:22 -0300] "GET /cormun/static/menuarrow.gif HTTP/1.1" 404 1015
192.168.10.89 - - [24/May/2017:15:53:27 -0300] "POST /cormun/servlet/atrazos?ce29a7d9db1d769f757a56184967223f,INS,0,,gx-no-cache=1495652012819 HTTP/1.1" 200 93
192.168.10.89 - - [24/May/2017:15:53:28 -0300] "GET /cormun/servlet/hpexe_return? HTTP/1.1" 200 999
192.168.10.89 - - [24/May/2017:15:53:28 -0300] "GET /cormun/servlet/tratrazos HTTP/1.1" 200 6838
186.79.149.56 - - [24/May/2017:15:53:48 -0300] "GET /cormun/servlet/solicitudot?0ebbaa54d0449433277ca0289fd833484d365103483ba86ddbe1650b9261779ceea2214bc00a94a38edf34a09a875fb808939e0570c9b56a57ef299994d2902a6f04cd53233c78556d8f7ada51be0ccd301a5dee36ef6a2b76e5259eb3ed20adaf0b2ce5cb246fc8ac2d67daf24dfe2429de588e23c578029d15fa8cfce940a73f78d46016ac4f8513a00a5dc2d41859aa96898bdb85c3be98fe557b5830e203c16070579a671e37bd94fb606eb84fd7,gx-no-cache=1495648484792 HTTP/1.1" 200 30
186.79.149.56 - - [24/May/2017:15:53:58 -0300] "POST /cormun/servlet/solicitudot?dc778e8f3cd53a7884bbce2d26723a87,INS,0,0,,gx-no-cache=1495648494574 HTTP/1.1" 200 93
186.79.149.56 - - [24/May/2017:15:53:58 -0300] "GET /cormun/servlet/hpexe_return? HTTP/1.1" 200 1007
186.79.149.56 - - [24/May/2017:15:53:59 -0300] "GET /cormun/servlet/trsolicitudot HTTP/1.1" 200 8900
186.79.149.56 - - [24/May/2017:15:53:59 -0300] "GET /cormun/servlet/trsolicitudot HTTP/1.1" 200 8896
192.168.10.89 - - [24/May/2017:15:54:04 -0300] "GET /cormun/servlet/trcontratounov2? HTTP/1.1" 200 16818
192.168.10.89 - - [24/May/2017:15:54:04 -0300] "GET /cormun/static/gxcfg.js?201731711595461 HTTP/1.1" 200 953
192.168.10.89 - - [24/May/2017:15:54:04 -0300] "GET /cormun/static/Resources/PXToolsAddSelectedAction.png HTTP/1.1" 200 3660
192.168.10.89 - - [24/May/2017:15:54:04 -0300] "GET /cormun/static/trcontratounov2.js?2017317120150 HTTP/1.1" 304 -
186.79.149.56 - - [24/May/2017:15:54:10 -0300] "GET /cormun/servlet/hlogin HTTP/1.1" 200 1739
192.168.10.89 - - [24/May/2017:15:54:15 -0300] "POST /cormun/servlet/trcontratounov2?ce29a7d9db1d769f757a56184967223f,,gx-no-cache=1495652059733 HTTP/1.1" 200 104
192.168.10.89 - - [24/May/2017:15:54:15 -0300] "GET /cormun/ContratoUnoV3-893.xls HTTP/1.1" 200 32768
192.168.10.89 - - [24/May/2017:15:54:17 -0300] "HEAD /cormun/ContratoUnoV3-893.xls HTTP/1.1" 200 -
192.168.10.89 - - [24/May/2017:15:54:17 -0300] "OPTIONS /cormun HTTP/1.1" 302 -
192.168.10.89 - - [24/May/2017:15:54:17 -0300] "OPTIONS /cormun/ HTTP/1.1" 200 -
192.168.10.89 - - [24/May/2017:15:54:17 -0300] "PROPFIND /cormun HTTP/1.1" 302 -
192.168.10.89 - - [24/May/2017:15:54:17 -0300] "PROPFIND /cormun/ HTTP/1.1" 501 1141
192.168.10.89 - - [24/May/2017:15:54:17 -0300] "PROPFIND /cormun HTTP/1.1" 302 -
192.168.10.89 - - [24/May/2017:15:54:17 -0300] "PROPFIND /cormun/ HTTP/1.1" 501 1141
192.168.10.89 - - [24/May/2017:15:54:17 -0300] "HEAD /cormun/ContratoUnoV3-893.xls HTTP/1.1" 200 -
192.168.10.89 - - [24/May/2017:15:54:18 -0300] "PROPFIND / HTTP/1.1" 200 11217
192.168.10.89 - - [24/May/2017:15:54:18 -0300] "PROPFIND / HTTP/1.1" 200 11217
192.168.10.89 - - [24/May/2017:15:54:23 -0300] "PROPFIND /cormun HTTP/1.1" 302 -
192.168.10.89 - - [24/May/2017:15:54:23 -0300] "PROPFIND /cormun/ HTTP/1.1" 501 1141
192.168.10.89 - - [24/May/2017:15:54:23 -0300] "PROPFIND /cormun HTTP/1.1" 302 -
192.168.10.89 - - [24/May/2017:15:54:23 -0300] "PROPFIND /cormun/ HTTP/1.1" 501 1141
192.168.10.89 - - [24/May/2017:15:54:23 -0300] "GET /cormun/ContratoUnoV3-893.xls HTTP/1.1" 200 32768
192.168.10.89 - - [24/May/2017:15:54:23 -0300] "HEAD /cormun/ContratoUnoV3-893.xls HTTP/1.1" 200 -
186.103.157.39 - - [24/May/2017:15:55:46 -0300] "GET /cormun/servlet/solicitudot?INS,0,0, HTTP/1.1" 200 12572
186.103.157.39 - - [24/May/2017:15:55:47 -0300] "GET /cormun/servlet/solicitudot?INS,0,0, HTTP/1.1" 200 12577
186.103.157.39 - - [24/May/2017:15:56:16 -0300] "POST /cormun/servlet/solicitudot?gx-no-cache=1495652233587 HTTP/1.1" 200 3197
186.103.157.39 - - [24/May/2017:15:56:17 -0300] "POST /cormun/servlet/solicitudot?52bdb16c9ac95ba88ce8f32b6541c6eb,INS,0,0,,gx-no-cache=1495652233889 HTTP/1.1" 200 9810
186.103.157.39 - - [24/May/2017:15:56:19 -0300] "GET /cormun/servlet/solicitudot?357c9392e12035d0b9b63fcda581c6e9704fb8a9eb6b588f06d43b13a0eb134f1b88f504cfa207efb91af7e75cf61eb5,gx-no-cache=1495652236457 HTTP/1.1" 200 30
186.103.157.39 - - [24/May/2017:15:56:19 -0300] "POST /cormun/servlet/solicitudot?gx-no-cache=1495652236583 HTTP/1.1" 200 255
186.103.157.39 - - [24/May/2017:15:56:20 -0300] "GET /cormun/servlet/solicitudot?357c9392e12035d0b9b63fcda581c6e97cf0543ce488cad4e03426287375687bb659e1c70affa8e9acf23e208cac978a05b957e3646156c98ece4ee1f83b767474eb47e544022e8f9dbdffed501197791d51b845b98ecdb26373b73fa8b7abc0e735d61e026b6dec4d8fa72bc7bf3fa02e7b7c87ea81e3eb3525ca5e77acaa60057f1d6c3366982829535453355f130f139b9b3d4f1096f9f3d05fd41469e2ae5d12889c23c64644a3b5a0b8e8e049900cad17c9d6ea14b00c5bee3001ce08c5e20d88c09c445978761d69f167c5d46b1af586cd85e580cc952d4524aed528fc2b813cd10b67a975e99fd97a4434c30fb6d246b562250f0ac9d2363a61de856adb3c912f4f62411ed64ecb0f922c92cec8ea962e4cfb54ddc2c3a82420bb4278f6f73e8ce1a8dce34a14fef040ecf84e2f6e84d1b9d8867309f1b53b2262edd4ba6d0313e35c36291bb67594b303658b5568289fdc4997a028745e814fac2ddb05ac87ef56fff86768e8fe7f1fec3036295c5bcfc46201b57d97f78720cf0fe8,gx-no-cache=1495652236708 HTTP/1.1" 200 30
186.103.157.39 - - [24/May/2017:15:56:23 -0300] "POST /cormun/servlet/solicitudot?gx-no-cache=1495652239812 HTTP/1.1" 200 30
186.103.157.39 - - [24/May/2017:15:56:37 -0300] "POST /cormun/servlet/solicitudot?gx-no-cache=1495652253851 HTTP/1.1" 200 1297
186.103.157.39 - - [24/May/2017:15:56:37 -0300] "POST /cormun/servlet/solicitudot?gx-no-cache=1495652253964 HTTP/1.1" 200 38
186.103.157.39 - - [24/May/2017:15:56:47 -0300] "GET /cormun/servlet/solicitudot?357c9392e12035d0b9b63fcda581c6e9e6af4d5b158b3639751981227fe4288f97ee6d5c7afa0f596dbd455126f3b16200756a426d84df151c985eade1758e14fd05d5fe85db0424f2b72bdf27ab7575b6054623cc773155793fc6d7a7bd77a45f2d38285ab4a17dc6f592335f3fedba8440dc39fac7d92168961c749be9a57d1b00d5d11b99168d3e629f6292ef2f9c7ff01f6784a83435c0728f0880fa360f0db4fd6f07943ae77ef77fa24387f04d59698809b999377736a1caf47f15c2e119bbad824afa8d5585f82c1e162c448f,gx-no-cache=1495652264597 HTTP/1.1" 200 29
186.103.157.39 - - [24/May/2017:15:56:48 -0300] "POST /cormun/servlet/solicitudot?gx-no-cache=1495652264696 HTTP/1.1" 200 1279
186.103.157.39 - - [24/May/2017:15:56:48 -0300] "POST /cormun/servlet/solicitudot?gx-no-cache=1495652264839 HTTP/1.1" 200 1162
186.103.157.39 - - [24/May/2017:15:56:48 -0300] "GET /cormun/static/menuarrow.gif HTTP/1.1" 404 1015
186.103.157.39 - - [24/May/2017:15:57:01 -0300] "POST /cormun/servlet/solicitudot?gx-no-cache=1495652277739 HTTP/1.1" 200 1279
186.103.157.39 - - [24/May/2017:15:57:01 -0300] "POST /cormun/servlet/solicitudot?gx-no-cache=1495652277844 HTTP/1.1" 200 1162
186.103.157.39 - - [24/May/2017:15:57:15 -0300] "GET /cormun/servlet/solicitudot?357c9392e12035d0b9b63fcda581c6e94ff9bc426914eb6a6df9eb5892b2983f4f49eb7a620c3f4914abe537858b3bb16cd3f5fbb901ae4478fe70f6971a0f79b56668310c47346e25308d5b40803f819a5e834a9cd31bdd4d98160f633e66c1d2fe1d1954624909829abff0bd28ea23b7ae46911d74327526b0ad1b57b50372dc9b94013f2d1c97d6a218c06414f56bf6fb8350380a111e4540968eb80e15cfc90e7cc13a96b6131eb0ee2a5b056387,gx-no-cache=1495652292637 HTTP/1.1" 200 30
186.103.157.39 - - [24/May/2017:15:57:35 -0300] "POST /cormun/servlet/solicitudot?52bdb16c9ac95ba88ce8f32b6541c6eb,INS,0,0,,gx-no-cache=1495652312081 HTTP/1.1" 200 93
186.103.157.39 - - [24/May/2017:15:57:35 -0300] "GET /cormun/servlet/hpexe_return? HTTP/1.1" 200 1001
186.103.157.39 - - [24/May/2017:15:57:36 -0300] "GET /cormun/servlet/trsolicitudot HTTP/1.1" 200 11724
186.103.157.39 - - [24/May/2017:15:57:37 -0300] "GET /cormun/servlet/trsolicitudot HTTP/1.1" 200 11719
186.103.157.39 - - [24/May/2017:15:57:42 -0300] "GET /cormun/servlet/solicitudot?INS,0,0, HTTP/1.1" 200 12571
186.103.157.39 - - [24/May/2017:15:57:43 -0300] "GET /cormun/servlet/solicitudot?INS,0,0, HTTP/1.1" 200 12576
192.168.10.89 - - [24/May/2017:15:57:47 -0300] "GET /cormun/servlet/hlogin HTTP/1.1" 200 1736
192.168.10.89 - - [24/May/2017:15:57:53 -0300] "POST /cormun/servlet/hlogin?ce29a7d9db1d769f757a56184967223f,gx-no-cache=1495652278543 HTTP/1.1" 200 450
192.168.10.89 - - [24/May/2017:15:57:58 -0300] "POST /cormun/servlet/hlogin?ce29a7d9db1d769f757a56184967223f,gx-no-cache=1495652283789 HTTP/1.1" 200 90
192.168.10.89 - - [24/May/2017:15:57:59 -0300] "GET /cormun/servlet/hpexe_link HTTP/1.1" 200 949
192.168.10.89 - - [24/May/2017:15:57:59 -0300] "GET /cormun/servlet/hhome HTTP/1.1" 200 4453
186.103.157.39 - - [24/May/2017:15:58:00 -0300] "POST /cormun/servlet/solicitudot?gx-no-cache=1495652337112 HTTP/1.1" 200 3197
186.103.157.39 - - [24/May/2017:15:58:00 -0300] "POST /cormun/servlet/solicitudot?52bdb16c9ac95ba88ce8f32b6541c6eb,INS,0,0,,gx-no-cache=1495652337383 HTTP/1.1" 200 9810
186.103.157.39 - - [24/May/2017:15:58:04 -0300] "GET /cormun/servlet/solicitudot?357c9392e12035d0b9b63fcda581c6e9704fb8a9eb6b588f06d43b13a0eb134f1b88f504cfa207efb91af7e75cf61eb5,gx-no-cache=1495652341201 HTTP/1.1" 200 30
186.103.157.39 - - [24/May/2017:15:58:04 -0300] "POST /cormun/servlet/solicitudot?gx-no-cache=1495652341306 HTTP/1.1" 200 255
186.103.157.39 - - [24/May/2017:15:58:04 -0300] "GET /cormun/servlet/solicitudot?357c9392e12035d0b9b63fcda581c6e97cf0543ce488cad4e03426287375687bb659e1c70affa8e9acf23e208cac978a05b957e3646156c98ece4ee1f83b767474eb47e544022e8f9dbdffed501197791d51b845b98ecdb26373b73fa8b7abc0e735d61e026b6dec4d8fa72bc7bf3fa02e7b7c87ea81e3eb3525ca5e77acaa60057f1d6c3366982829535453355f130f139b9b3d4f1096f9f3d05fd41469e2ae5d12889c23c64644a3b5a0b8e8e049900cad17c9d6ea14b00c5bee3001ce08c5e20d88c09c445978761d69f167c5d46b1af586cd85e580cc952d4524aed528fc2b813cd10b67a975e99fd97a4434c30fb6d246b562250f0ac9d2363a61de856adb3c912f4f62411ed64ecb0f922c92cec8ea962e4cfb54ddc2c3a82420bb4278f6f73e8ce1a8dce34a14fef040ecf84e2f6e84d1b9d8867309f1b53b2262edd4ba6d0313e35c36291bb67594b303658b5568289fdc4997a028745e814fac2ddb05ac87ef56fff86768e8fe7f1fec3036295c5bcfc46201b57d97f78720cf0fe8,gx-no-cache=1495652341400 HTTP/1.1" 200 30
192.168.10.89 - - [24/May/2017:15:58:05 -0300] "GET /cormun/servlet/trsolicitudgral? HTTP/1.1" 200 23907
186.103.157.39 - - [24/May/2017:15:58:07 -0300] "POST /cormun/servlet/solicitudot?gx-no-cache=1495652344232 HTTP/1.1" 200 30
192.168.10.89 - - [24/May/2017:15:58:11 -0300] "GET /cormun/static/menuarrow.gif HTTP/1.1" 404 1015
192.168.10.89 - - [24/May/2017:15:58:18 -0300] "POST /cormun/servlet/trsolicitudgral?ce29a7d9db1d769f757a56184967223f,,gx-no-cache=1495652303305 HTTP/1.1" 200 10007
186.103.157.39 - - [24/May/2017:15:58:38 -0300] "POST /cormun/servlet/solicitudot?gx-no-cache=1495652375385 HTTP/1.1" 200 1297
186.103.157.39 - - [24/May/2017:15:58:38 -0300] "POST /cormun/servlet/solicitudot?gx-no-cache=1495652375602 HTTP/1.1" 200 38
192.168.10.89 - - [24/May/2017:15:58:43 -0300] "GET /cormun/servlet/solicitudgral?UPD,2017,6369, HTTP/1.1" 200 12276
192.168.10.89 - - [24/May/2017:15:58:45 -0300] "POST /cormun/servlet/solicitudgral?gx-no-cache=1495652329901 HTTP/1.1" 200 3176
192.168.10.89 - - [24/May/2017:15:58:45 -0300] "GET /cormun/servlet/solicitudgral?c9e5d44d3eb54bd99de65b53616fb1addbfb9b427e976af3cd7aa1d8ba9f24b2d55b17676479997c61c8a1f88d169bc24cf2679514927b95ac6775b2846e315171b49a3f3f9f317d8e82f0126ed4d067c1a6c01e41b8d639d6f8bcedb22423fb94f2e2bc9f2b28f6d00dda1800a35ffbc7afc667b3c566d085a4a710ce993b4a5b90be580b2ad78a77f44958617e131571942c29b838fcf4d3e48c7429c5e2b14df7a79d0e58b3c24ae30ec44ef6560df2839e57ffff26fff4464128b475e318d6aa7a94a36b263be75643a481864999d2772051ff4f30e0c9b2eaf920541471505c57d922a8ffe394c5bfb7a291a460801fbb68bc3ed940cb8f770f0f9796eb209fc8cf9540b2c264cdf265f02406b8fc578f13e24504e35997670e7f30f56cacc1eeffc0ce9e027b5db41cda9ec4d080d89f4ee52b2d3166df1c51f69f9e1dccb0d28c4822b2851d8900a58970307e,gx-no-cache=1495652330106 HTTP/1.1" 200 298
186.103.157.39 - - [24/May/2017:15:58:48 -0300] "GET /cormun/servlet/solicitudot?357c9392e12035d0b9b63fcda581c6e9e6af4d5b158b3639751981227fe4288f97ee6d5c7afa0f596dbd455126f3b16200756a426d84df151c985eade1758e14fd05d5fe85db0424f2b72bdf27ab7575b6054623cc773155793fc6d7a7bd77a45f2d38285ab4a17dc6f592335f3fedba8440dc39fac7d92168961c749be9a57d1b00d5d11b99168d3e629f6292ef2f9c7ff01f6784a83435c0728f0880fa360f0db4fd6f07943ae77ef77fa24387f04d59698809b999377736a1caf47f15c2e119bbad824afa8d5585f82c1e162c448f,gx-no-cache=1495652385442 HTTP/1.1" 200 29
186.103.157.39 - - [24/May/2017:15:58:48 -0300] "POST /cormun/servlet/solicitudot?gx-no-cache=1495652385544 HTTP/1.1" 200 1279
186.103.157.39 - - [24/May/2017:15:58:48 -0300] "POST /cormun/servlet/solicitudot?gx-no-cache=1495652385671 HTTP/1.1" 200 1162
186.103.157.39 - - [24/May/2017:15:58:49 -0300] "GET /cormun/static/menuarrow.gif HTTP/1.1" 404 1015
192.168.10.89 - - [24/May/2017:15:58:49 -0300] "GET /cormun/servlet/solicitudgral?c9e5d44d3eb54bd99de65b53616fb1ad413e8a6d9b444817caade1c84ab9fc57c048446670a178d5262b6de66c46d4938924a210bd8de0eb32f2c4883e2cffe4296f7530d5d8989c54e8cc9840eff24a2fb223b5d9d5d2fd8e43080edc82726e888179c0383c3f209931842d3904a40118790ce1c16df3c75f8a518c02e67558292e5028442b351ea328ed0308af183b8613a35f76eccc5282fca077ce35ea13510937869933838229d0f4965aff64d1d6aa7a94a36b263be75643a481864999b424ff885e8421e51410c1b98200dc0f0802226b369bd447ba3d63dcb520a945d1b228c30224a79d8db4438bf5d6b51ff722cbffe95386ef145748a0a069fef5ba00ee01b413b944690a0b768b9df1883b52a4f461757ef8d81e3f38729aefbc35807aff4459d50918cbacdf552c6a557f2017440550400bd8620128cc63136a0922abf5c0ebc4534880da95bd574a92e100ddd73bbf4271e0f53a454f342c91296b109080f0e005966101d05f64f754f3a33a5fdad2395c663579a2756d3da6f6c44a9cdce235d8664da36db6c48063c893066c6a891247848c051ef4ca37c3ed605c2e5f530bb2f3996741b7e116e469ac2ee60001370aaf53f8dc68c63627cd9078c7c1c401d06bb762db269eebfd84f7708718e42e2f1e4d102eb69fccba307678dbdf2b54b73ea9e9a5b5f58646c893066c6a891247848c051ef4ca37c3a2534b9983c622ca5943a8e5ab4d7b65234b5a5578905d80f1b34958f1c0982b43c5d06a9410705f2c532f66b0b7b661,gx-no-cache=1495652334138 HTTP/1.1" 200 48
192.168.10.89 - - [24/May/2017:15:58:52 -0300] "POST /cormun/servlet/solicitudgral?ce29a7d9db1d769f757a56184967223f,UPD,2017,6369,,gx-no-cache=1495652337171 HTTP/1.1" 200 10678
