192.168.10.93 - - [23/May/2017:13:00:13 -0300] "POST /cormunbeta/servlet/solicitudsaludot?gx-no-cache=1495555218492 HTTP/1.1" 200 320
192.168.10.93 - - [23/May/2017:13:00:17 -0300] "POST /cormunbeta/servlet/solicitudsaludot?gx-no-cache=1495555222987 HTTP/1.1" 200 705
192.168.10.93 - - [23/May/2017:13:00:44 -0300] "GET /cormunbeta/servlet/solicitudsaludot?015ce8ccf12b6c3788273688181f193959d5cc3dbc760071625ae8229764e5c3e081a986d6b7d0f68b1c0a641d1fc39d52ae4c842170ddd83b13beb5d26052a9c0ea76596135e25d740fa8618075a9f65f3eb58c48f1534a40b27fb49e786d9c3bc3384c5cb016f828c94d5a86736febc534ab7d592f684a3cc8fe65eb85ac8bfec05be6a71578b491f9bc16449d69a9a4673bf2b76da8edba596e0a074d9a3e0091aa119c16a85b2d23f63cebf1170f,gx-no-cache=1495555249782 HTTP/1.1" 200 30
192.168.10.93 - - [23/May/2017:13:00:54 -0300] "POST /cormunbeta/servlet/solicitudsaludot?5fade77e9b3032c5725db1ad03752e0b,INS,0,0,,gx-no-cache=1495555259023 HTTP/1.1" 200 93
192.168.10.93 - - [23/May/2017:13:00:54 -0300] "GET /cormunbeta/servlet/hpexe_return? HTTP/1.1" 200 1018
192.168.10.93 - - [23/May/2017:13:00:55 -0300] "GET /cormunbeta/servlet/trsolicitudsaludot HTTP/1.1" 200 7986
192.168.10.93 - - [23/May/2017:13:00:55 -0300] "GET /cormunbeta/servlet/trsolicitudsaludot HTTP/1.1" 200 7982
186.103.157.235 - - [23/May/2017:13:01:05 -0300] "POST /cormun/servlet/solicitudot?gx-no-cache=1495555322635 HTTP/1.1" 200 297
186.103.157.235 - - [23/May/2017:13:01:07 -0300] "GET /cormun/servlet/solicitudot?de0e033385d9649bd68f2e3f2a102fca5b79b4db4f4026ed11ba10917687579ed3be073e5875ab6ac4ff312837705c2102091065030401c241852cfaa14bfa2ada22691f0dc605591fafb5155ef6a7f0392473ec340ca6b5126e4b1c58ee64e15749fa4ca820ea3cba959e25b8d504b6cc0e55492f5b2e381469c75011135e42d8d6dfc618ccd4bac8e13b43e3a21120f6b8c8fecbaa4f9c353bf3cc2e07b5d1296b127635b9ac47dde78ef246c045685d43af0c6d016421de7505d78061a986404da12b0649d3c2a69415dc27d7c82886bc181740f6946b77cb9a4c9184a6ac0953d310ee54784eb763dcbf4a7600240928f527ad2db814927938e72e70ae0e4dd3940da0ef03a989de7bab3e930e36239c62300abf859a929df4c122daa835859e341c7df5f5626ad858f0bde7f902080bcbc96097d403bc1b9d2268af67ab98d9ef48b2be2ccc484e74ae5a18583f99f50c9b8062e4a45fbf9f86851cbc4d6c1acc2e2b051a6b8057fe995113fb5abaf4eb2dc10c010f772564046fb16d514826cf3a0b0b27b1f5af90acdccb9d31,gx-no-cache=1495555324350 HTTP/1.1" 200 30
186.103.157.235 - - [23/May/2017:13:01:10 -0300] "POST /cormun/servlet/solicitudot?gx-no-cache=1495555327022 HTTP/1.1" 200 30
186.103.157.235 - - [23/May/2017:13:01:11 -0300] "POST /cormun/servlet/solicitudot?gx-no-cache=1495555328243 HTTP/1.1" 200 235
186.103.157.235 - - [23/May/2017:13:01:11 -0300] "POST /cormun/servlet/solicitudot?gx-no-cache=1495555328303 HTTP/1.1" 200 38
186.103.157.235 - - [23/May/2017:13:01:26 -0300] "GET /cormun/servlet/solicitudot?de0e033385d9649bd68f2e3f2a102fca588bf18a2aee0ee8432d45d96c1fbf2f708a86ad97f4fdc7efecdb2f05fea2a20918faf760a12f637a1157a1e5090aad3f140161db7032831e865cd34b14d62874be7939becbfacba93c6ea4e4b645752fb56319030ca48f7eb442db682d4f24,gx-no-cache=1495555343719 HTTP/1.1" 200 29
186.103.157.235 - - [23/May/2017:13:01:26 -0300] "POST /cormun/servlet/solicitudot?gx-no-cache=1495555343747 HTTP/1.1" 200 709
186.103.157.235 - - [23/May/2017:13:01:28 -0300] "POST /cormun/servlet/solicitudot?gx-no-cache=1495555345022 HTTP/1.1" 200 1162
186.103.157.235 - - [23/May/2017:13:01:36 -0300] "GET /cormun/static/menuarrow.gif HTTP/1.1" 404 1015
186.103.248.213 - - [23/May/2017:13:01:46 -0300] "GET /cormun/servlet/hlogin HTTP/1.1" 200 1724
200.112.14.87 - - [23/May/2017:13:01:47 -0300] "GET /cormun/servlet/trpermisosgoce? HTTP/1.1" 200 7635
200.112.14.87 - - [23/May/2017:13:01:48 -0300] "GET /cormun/servlet/trpermisosgoce? HTTP/1.1" 200 7634
186.103.157.235 - - [23/May/2017:13:02:01 -0300] "GET /cormun/servlet/solicitudot?de0e033385d9649bd68f2e3f2a102fcaf76fd1dd83e86538c0e68923a6f3be74acd06f586f52f35f0395ff31531d60103bd7581e6401084590c21e5fd5adc51a7d37a6d940ee9dbbfe2a9cf04f412e18d5696a4173aafb81e9966bd73c894e647d208466d2b416a32895c8c63455a071d8d70cf49fae6ec795c883734844f943c080584c016459a72b93fb9abe056ba59895e7ab7eb7c5ddc0e35897fae7f7cd2ce12137a4e9cb69e7f424e6c710504a,gx-no-cache=1495555378231 HTTP/1.1" 200 30
186.103.157.235 - - [23/May/2017:13:02:02 -0300] "POST /cormun/servlet/solicitudot?7ed20c4fca3fc822fd7777b84db5dccd,INS,0,0,,gx-no-cache=1495555378344 HTTP/1.1" 200 93
186.103.157.235 - - [23/May/2017:13:02:02 -0300] "GET /cormun/servlet/hpexe_return? HTTP/1.1" 200 998
186.103.157.235 - - [23/May/2017:13:02:02 -0300] "GET /cormun/servlet/trsolicitudot HTTP/1.1" 200 8159
186.103.157.235 - - [23/May/2017:13:02:02 -0300] "GET /cormun//static/Resources/PXToolsRemoveAllAction.png HTTP/1.1" 200 3558
186.103.157.235 - - [23/May/2017:13:02:02 -0300] "GET /cormun//static/Resources/PXToolsActionView.png HTTP/1.1" 200 2995
186.103.157.235 - - [23/May/2017:13:02:02 -0300] "GET /cormun/servlet/trsolicitudot HTTP/1.1" 200 8155
186.103.248.213 - - [23/May/2017:13:02:09 -0300] "GET /cormun/servlet/hlogin HTTP/1.1" 200 1729
186.103.157.235 - - [23/May/2017:13:02:10 -0300] "POST /cormun/servlet/trsolicitudot?7ed20c4fca3fc822fd7777b84db5dccd,gx-no-cache=1495555386726 HTTP/1.1" 200 107
186.103.157.235 - - [23/May/2017:13:02:10 -0300] "GET /cormun/servlet/trsolicitudadjuntos?2017,6579, HTTP/1.1" 200 6082
186.103.157.235 - - [23/May/2017:13:02:10 -0300] "GET /cormun/static/gxcfg.js?201731711504543 HTTP/1.1" 200 953
186.103.157.235 - - [23/May/2017:13:02:10 -0300] "GET /cormun/static/trsolicitudadjuntos.js?201731711504951 HTTP/1.1" 200 17913
186.103.157.235 - - [23/May/2017:13:02:10 -0300] "GET /cormun/servlet/trsolicitudadjuntos?2017,6579, HTTP/1.1" 200 6081
186.103.248.213 - - [23/May/2017:13:02:10 -0300] "POST /cormun/servlet/hlogin?95e12e9526e69b8dae66bb29da9d66bb,gx-no-cache=1495555387378 HTTP/1.1" 200 90
186.103.248.213 - - [23/May/2017:13:02:11 -0300] "GET /cormun/servlet/hpexe_link HTTP/1.1" 200 960
186.103.248.213 - - [23/May/2017:13:02:11 -0300] "GET /cormun/servlet/inasistencia?INS,0, HTTP/1.1" 200 6507
186.103.248.213 - - [23/May/2017:13:02:11 -0300] "GET /cormun/servlet/inasistencia?INS,0, HTTP/1.1" 200 6506
186.103.157.235 - - [23/May/2017:13:02:12 -0300] "GET /cormun/servlet/solicitudotadjuntos?INS,2017,6579,,1, HTTP/1.1" 200 6020
186.103.157.235 - - [23/May/2017:13:02:12 -0300] "GET /cormun/static/gxcfg.js?201612218465951 HTTP/1.1" 200 953
186.103.157.235 - - [23/May/2017:13:02:12 -0300] "GET /cormun/static/solicitudotadjuntos.js?201612218465969 HTTP/1.1" 200 11762
186.103.157.235 - - [23/May/2017:13:02:12 -0300] "GET /cormun/static/about:blank HTTP/1.1" 404 1011
186.103.157.235 - - [23/May/2017:13:02:13 -0300] "GET /cormun/servlet/solicitudotadjuntos?INS,2017,6579,,1, HTTP/1.1" 200 6013
186.103.157.235 - - [23/May/2017:13:02:13 -0300] "GET /cormun/servlet/solicitudotadjuntos?de0e033385d9649bd68f2e3f2a102fca3a0f4eea7defe91807940055296df8da5bcdc86257dc5c02f9671705d394da09,gx-no-cache=1495555390283 HTTP/1.1" 200 30
186.103.157.235 - - [23/May/2017:13:02:14 -0300] "POST /cormun/servlet/solicitudotadjuntos?7ed20c4fca3fc822fd7777b84db5dccd,INS,2017,6579,,1,,gx-no-cache=1495555390354 HTTP/1.1" 200 3819
186.103.248.213 - - [23/May/2017:13:02:14 -0300] "GET /cormun/servlet/trinasistencia? HTTP/1.1" 200 6545
186.103.248.213 - - [23/May/2017:13:02:14 -0300] "GET /cormun/servlet/trinasistencia? HTTP/1.1" 200 6544
186.103.157.235 - - [23/May/2017:13:02:16 -0300] "POST /cormun/servlet/solicitudotadjuntos?gx-no-cache=1495555393113 HTTP/1.1" 200 26
186.103.248.213 - - [23/May/2017:13:02:19 -0300] "GET /cormun/servlet/inasistencia?INS,0, HTTP/1.1" 200 6505
186.103.248.213 - - [23/May/2017:13:02:19 -0300] "GET /cormun/servlet/inasistencia?INS,0, HTTP/1.1" 200 6506
200.112.14.87 - - [23/May/2017:13:02:19 -0300] "GET /cormun/servlet/trpermisosadjuntos?16338666,20170517184658,P, HTTP/1.1" 200 6335
186.103.248.213 - - [23/May/2017:13:02:21 -0300] "GET /cormun/servlet/prfichaempleado?,MD,,gxPopupLevel%3D0%3B HTTP/1.1" 200 8774
186.103.157.235 - - [23/May/2017:13:02:28 -0300] "GET /cormun/servlet/solicitudotadjuntos?de0e033385d9649bd68f2e3f2a102fca3c2a8181b597dcbc82d743bfff9f9a5a,gx-no-cache=1495555404921 HTTP/1.1" 200 30
186.103.157.235 - - [23/May/2017:13:02:28 -0300] "GET /cormun/servlet/solicitudotadjuntos?de0e033385d9649bd68f2e3f2a102fca3c2a8181b597dcbc82d743bfff9f9a5a,gx-no-cache=1495555404986 HTTP/1.1" 200 30
186.103.157.235 - - [23/May/2017:13:02:28 -0300] "POST /cormun/servlet/solicitudotadjuntos?7ed20c4fca3fc822fd7777b84db5dccd,INS,2017,6579,,1, HTTP/1.1" 200 116
186.103.157.235 - - [23/May/2017:13:02:28 -0300] "GET /cormun/servlet/hpexe_return? HTTP/1.1" 200 1016
186.103.157.235 - - [23/May/2017:13:02:29 -0300] "GET /cormun/servlet/trsolicitudadjuntos?2017,6579, HTTP/1.1" 200 8262
186.103.157.235 - - [23/May/2017:13:02:29 -0300] "GET /cormun/servlet/trsolicitudadjuntos?2017,6579, HTTP/1.1" 200 8258
186.103.157.235 - - [23/May/2017:13:02:31 -0300] "GET /cormun/servlet/solicitudotadjuntos?INS,2017,6579,,1, HTTP/1.1" 200 6020
186.103.157.235 - - [23/May/2017:13:02:31 -0300] "GET /cormun/static/about:blank HTTP/1.1" 404 1011
186.103.157.235 - - [23/May/2017:13:02:31 -0300] "GET /cormun/servlet/solicitudotadjuntos?INS,2017,6579,,1, HTTP/1.1" 200 6013
186.103.157.235 - - [23/May/2017:13:02:32 -0300] "GET /cormun/servlet/solicitudotadjuntos?de0e033385d9649bd68f2e3f2a102fca3a0f4eea7defe91807940055296df8da5bcdc86257dc5c02f9671705d394da09,gx-no-cache=1495555408794 HTTP/1.1" 200 30
186.103.157.235 - - [23/May/2017:13:02:32 -0300] "POST /cormun/servlet/solicitudotadjuntos?7ed20c4fca3fc822fd7777b84db5dccd,INS,2017,6579,,1,,gx-no-cache=1495555408861 HTTP/1.1" 200 3819
186.103.248.213 - - [23/May/2017:13:02:32 -0300] "POST /cormun/servlet/prfichaempleado?95e12e9526e69b8dae66bb29da9d66bb,,MD,,gxPopupLevel%3D0%3B,gx-no-cache=1495555409042 HTTP/1.1" 200 3405
186.103.157.235 - - [23/May/2017:13:02:34 -0300] "POST /cormun/servlet/solicitudotadjuntos?gx-no-cache=1495555411104 HTTP/1.1" 200 26
200.86.184.230 - - [23/May/2017:13:02:36 -0300] "GET /cormun/servlet/hlogin HTTP/1.1" 200 1730
200.86.184.230 - - [23/May/2017:13:02:36 -0300] "GET /cormun/static/gxtimezone.js?85251 HTTP/1.1" 304 -
200.86.184.230 - - [23/May/2017:13:02:36 -0300] "GET /cormun/static/gxcfg.js?201741110203197 HTTP/1.1" 304 -
200.86.184.230 - - [23/May/2017:13:02:36 -0300] "GET /cormun/static/messages.spa.js?85251 HTTP/1.1" 304 -
200.86.184.230 - - [23/May/2017:13:02:36 -0300] "GET /cormun/static/hlogin.js?201741110203211 HTTP/1.1" 304 -
200.86.184.230 - - [23/May/2017:13:02:37 -0300] "GET /cormun/servlet/hlogin HTTP/1.1" 200 1737
186.103.248.213 - - [23/May/2017:13:02:46 -0300] "GET /cormun/servlet/inasistencia?INS,0, HTTP/1.1" 200 6506
186.103.248.213 - - [23/May/2017:13:02:47 -0300] "GET /cormun/static/menuarrow.gif HTTP/1.1" 404 1015
186.103.157.235 - - [23/May/2017:13:02:47 -0300] "GET /cormun/servlet/solicitudotadjuntos?de0e033385d9649bd68f2e3f2a102fca3c2a8181b597dcbc82d743bfff9f9a5a,gx-no-cache=1495555423869 HTTP/1.1" 200 30
186.103.157.235 - - [23/May/2017:13:02:47 -0300] "GET /cormun/servlet/solicitudotadjuntos?de0e033385d9649bd68f2e3f2a102fca3c2a8181b597dcbc82d743bfff9f9a5a,gx-no-cache=1495555423913 HTTP/1.1" 200 30
186.103.248.213 - - [23/May/2017:13:02:47 -0300] "GET /cormun/servlet/inasistencia?INS,0, HTTP/1.1" 200 6506
200.86.184.230 - - [23/May/2017:13:02:48 -0300] "POST /cormun/servlet/hlogin?82f82036c6efb372e845f9596fddb590,gx-no-cache=1495556238199 HTTP/1.1" 200 90
200.86.184.230 - - [23/May/2017:13:02:48 -0300] "GET /cormun/servlet/hpexe_link HTTP/1.1" 200 958
200.86.184.230 - - [23/May/2017:13:02:48 -0300] "GET /cormun/static/gxcfg.js?201731711483381 HTTP/1.1" 304 -
200.86.184.230 - - [23/May/2017:13:02:48 -0300] "GET /cormun/servlet/hhome HTTP/1.1" 200 3824
200.86.184.230 - - [23/May/2017:13:02:48 -0300] "GET /cormun/static/gxcfg.js?201731711483497 HTTP/1.1" 304 -
200.86.184.230 - - [23/May/2017:13:02:49 -0300] "GET /cormun/servlet/hhome HTTP/1.1" 200 3821
200.86.184.230 - - [23/May/2017:13:02:53 -0300] "GET /cormun/servlet/trpermisosgoce? HTTP/1.1" 200 7448
200.86.184.230 - - [23/May/2017:13:02:53 -0300] "GET /cormun/static/calendar-setup.js?85251 HTTP/1.1" 304 -
200.86.184.230 - - [23/May/2017:13:02:53 -0300] "GET /cormun/static/calendar-es.js?85251 HTTP/1.1" 304 -
200.86.184.230 - - [23/May/2017:13:02:54 -0300] "GET /cormun/static/calendar.js?85251 HTTP/1.1" 304 -
200.86.184.230 - - [23/May/2017:13:02:54 -0300] "GET /cormun/servlet/trpermisosgoce? HTTP/1.1" 200 7447
186.103.248.213 - - [23/May/2017:13:02:54 -0300] "GET /cormun/servlet/inasistencia?579fb366443744e52aa92514056c1302031bf82f34d8f32e8243f79151f5f882ca40630575e2fc9145972fe0ababdf0389eeb8a1b296a60d76c4bfdebd96339183198f95b1f083cfd1efb5faffc58ffbc2ebc033d9e30eb2ce16380e8c0745b9b0e61797abefd8b6f427506e248e2338608dfd3c6d1c88068344cf19f71f3536f2ed122d6fa9b4228df79e77c76bc0fd,gx-no-cache=1495555425728 HTTP/1.1" 200 237
186.103.248.213 - - [23/May/2017:13:02:54 -0300] "GET /cormun/static/Shared/jqueryui/images/ui-bg_highlight-soft_100_c6c2c8_1x100.png HTTP/1.1" 404 1117
186.103.248.213 - - [23/May/2017:13:02:54 -0300] "GET /cormun/static/Shared/jqueryui/images/ui-icons_82798d_256x240.png HTTP/1.1" 404 1089
186.103.248.213 - - [23/May/2017:13:02:54 -0300] "GET /cormun/servlet/inasistencia?INS,0, HTTP/1.1" 200 6577
186.103.248.213 - - [23/May/2017:13:02:55 -0300] "GET /cormun/static/Shared/jqueryui/images/ui-bg_flat_55_994d53_40x100.png HTTP/1.1" 404 1097
186.103.248.213 - - [23/May/2017:13:02:55 -0300] "GET /cormun/servlet/prfichaempleado?,MD,,gxPopupLevel%3D0%3B HTTP/1.1" 200 8774
186.103.157.235 - - [23/May/2017:13:02:55 -0300] "POST /cormun/servlet/solicitudotadjuntos?7ed20c4fca3fc822fd7777b84db5dccd,INS,2017,6579,,1, HTTP/1.1" 200 116
186.103.157.235 - - [23/May/2017:13:02:55 -0300] "GET /cormun/servlet/hpexe_return? HTTP/1.1" 200 1016
186.103.157.235 - - [23/May/2017:13:02:56 -0300] "GET /cormun/servlet/trsolicitudadjuntos?2017,6579, HTTP/1.1" 200 8444
186.103.157.235 - - [23/May/2017:13:02:56 -0300] "GET /cormun/servlet/trsolicitudadjuntos?2017,6579, HTTP/1.1" 200 8443
186.103.248.213 - - [23/May/2017:13:02:56 -0300] "GET /favicon.ico HTTP/1.1" 200 21630
186.103.248.213 - - [23/May/2017:13:02:57 -0300] "GET /cormun/servlet/prfichaempleado?,MD,,gxPopupLevel%3D0%3B HTTP/1.1" 200 8774
186.103.157.235 - - [23/May/2017:13:02:59 -0300] "GET /cormun/servlet/solicitudotadjuntos?INS,2017,6579,,1, HTTP/1.1" 200 6020
186.103.157.235 - - [23/May/2017:13:02:59 -0300] "GET /cormun/static/about:blank HTTP/1.1" 404 1011
186.103.157.235 - - [23/May/2017:13:02:59 -0300] "GET /cormun/servlet/solicitudotadjuntos?INS,2017,6579,,1, HTTP/1.1" 200 6013
186.103.157.235 - - [23/May/2017:13:02:59 -0300] "GET /cormun/servlet/solicitudotadjuntos?de0e033385d9649bd68f2e3f2a102fca3a0f4eea7defe91807940055296df8da5bcdc86257dc5c02f9671705d394da09,gx-no-cache=1495555436741 HTTP/1.1" 200 30
186.103.157.235 - - [23/May/2017:13:03:00 -0300] "POST /cormun/servlet/solicitudotadjuntos?7ed20c4fca3fc822fd7777b84db5dccd,INS,2017,6579,,1,,gx-no-cache=1495555436799 HTTP/1.1" 200 3820
200.86.184.230 - - [23/May/2017:13:03:01 -0300] "GET /cormun/servlet/permisogoce?INS,0,,, HTTP/1.1" 200 6594
200.86.184.230 - - [23/May/2017:13:03:01 -0300] "GET /cormun/static/gxdec.js?85251 HTTP/1.1" 304 -
200.86.184.230 - - [23/May/2017:13:03:02 -0300] "GET /cormun/servlet/permisogoce?INS,0,,, HTTP/1.1" 200 6594
186.103.157.235 - - [23/May/2017:13:03:02 -0300] "POST /cormun/servlet/solicitudotadjuntos?gx-no-cache=1495555439670 HTTP/1.1" 200 26
186.103.248.213 - - [23/May/2017:13:03:06 -0300] "POST /cormun/servlet/prfichaempleado?95e12e9526e69b8dae66bb29da9d66bb,,MD,,gxPopupLevel%3D0%3B,gx-no-cache=1495555442595 HTTP/1.1" 200 3405
186.103.157.235 - - [23/May/2017:13:03:08 -0300] "GET /cormun/servlet/solicitudotadjuntos?de0e033385d9649bd68f2e3f2a102fca3c2a8181b597dcbc82d743bfff9f9a5a,gx-no-cache=1495555445688 HTTP/1.1" 200 30
186.103.157.235 - - [23/May/2017:13:03:08 -0300] "GET /cormun/servlet/solicitudotadjuntos?de0e033385d9649bd68f2e3f2a102fca3c2a8181b597dcbc82d743bfff9f9a5a,gx-no-cache=1495555445741 HTTP/1.1" 200 30
186.103.248.213 - - [23/May/2017:13:03:09 -0300] "GET /cormun/servlet/inasistencia?579fb366443744e52aa92514056c13028692083a498035d4e3361459ffa1d20589cc4936ef9871e41b8142c5dad2ea563ecebff9c0c637fad4a82686994b81d616bc5c9e1239cf310304d97fa1a92f06e5e317db541891f9c273d318a6c63cc5900fcee22133ce1b44df63f6856f84d50fad6272fbdc52ecb0796bce4d633b35d0aee609419517c6ab67e10e72ac2b000a81ceb3a60fa87c40a84eb8d511153c,gx-no-cache=1495555445649 HTTP/1.1" 200 124
186.103.248.213 - - [23/May/2017:13:03:09 -0300] "GET /cormun/static/menuarrow.gif HTTP/1.1" 404 1015
186.103.157.235 - - [23/May/2017:13:03:09 -0300] "POST /cormun/servlet/solicitudotadjuntos?7ed20c4fca3fc822fd7777b84db5dccd,INS,2017,6579,,1, HTTP/1.1" 200 116
186.103.157.235 - - [23/May/2017:13:03:09 -0300] "GET /cormun/servlet/hpexe_return? HTTP/1.1" 200 1016
186.103.157.235 - - [23/May/2017:13:03:09 -0300] "GET /cormun/servlet/trsolicitudadjuntos?2017,6579, HTTP/1.1" 200 8596
186.103.157.235 - - [23/May/2017:13:03:10 -0300] "GET /cormun/servlet/trsolicitudadjuntos?2017,6579, HTTP/1.1" 200 8592
186.103.248.213 - - [23/May/2017:13:03:11 -0300] "GET /cormun/servlet/inasistencia?579fb366443744e52aa92514056c1302cd52cc31bd8d6ccbd85e4e1c0357a441f09e37389909854b6cf2538718c55c4b,gx-no-cache=1495555447961 HTTP/1.1" 200 33
186.103.157.235 - - [23/May/2017:13:03:12 -0300] "GET /cormun/servlet/solicitudotadjuntos?INS,2017,6579,,1, HTTP/1.1" 200 6020
186.103.157.235 - - [23/May/2017:13:03:12 -0300] "GET /cormun/static/about:blank HTTP/1.1" 404 1011
186.103.157.235 - - [23/May/2017:13:03:12 -0300] "GET /cormun/servlet/solicitudotadjuntos?INS,2017,6579,,1, HTTP/1.1" 200 6013
186.103.157.235 - - [23/May/2017:13:03:13 -0300] "GET /cormun/servlet/solicitudotadjuntos?de0e033385d9649bd68f2e3f2a102fca3a0f4eea7defe91807940055296df8da5bcdc86257dc5c02f9671705d394da09,gx-no-cache=1495555450009 HTTP/1.1" 200 30
186.103.157.235 - - [23/May/2017:13:03:13 -0300] "POST /cormun/servlet/solicitudotadjuntos?7ed20c4fca3fc822fd7777b84db5dccd,INS,2017,6579,,1,,gx-no-cache=1495555450074 HTTP/1.1" 200 3820
186.103.248.213 - - [23/May/2017:13:03:13 -0300] "GET /cormun/servlet/inasistencia?579fb366443744e52aa92514056c1302c33fee0c16e412ca7d7ecf28cca3090905b86ee69b7fef2125a7ebb70dcb39f1077b0f091f567a794e266b9d86945e659625e3705feb432568b9fc0b6db811e710b2b7663aa183e7e4a26a36244a7e14978801f34efbd10635d6274016a44114254211cf5b918de93ea6eb57b256c1e4132cdfee8cc62873b1a277b82da607507c0cdbd4d4999ded954cf05bfee90cc8,gx-no-cache=1495555450151 HTTP/1.1" 200 46
186.103.157.235 - - [23/May/2017:13:03:15 -0300] "POST /cormun/servlet/solicitudotadjuntos?gx-no-cache=1495555452537 HTTP/1.1" 200 26
186.103.157.235 - - [23/May/2017:13:03:26 -0300] "GET /cormun/servlet/solicitudotadjuntos?de0e033385d9649bd68f2e3f2a102fca3c2a8181b597dcbc82d743bfff9f9a5a,gx-no-cache=1495555463035 HTTP/1.1" 200 30
186.103.157.235 - - [23/May/2017:13:03:26 -0300] "GET /cormun/servlet/solicitudotadjuntos?de0e033385d9649bd68f2e3f2a102fca3c2a8181b597dcbc82d743bfff9f9a5a,gx-no-cache=1495555463104 HTTP/1.1" 200 30
186.103.157.235 - - [23/May/2017:13:03:27 -0300] "POST /cormun/servlet/solicitudotadjuntos?7ed20c4fca3fc822fd7777b84db5dccd,INS,2017,6579,,1, HTTP/1.1" 200 116
186.103.157.235 - - [23/May/2017:13:03:28 -0300] "GET /cormun/servlet/hpexe_return? HTTP/1.1" 200 1016
186.103.157.235 - - [23/May/2017:13:03:28 -0300] "GET /cormun/servlet/trsolicitudadjuntos?2017,6579, HTTP/1.1" 200 8724
186.103.157.235 - - [23/May/2017:13:03:28 -0300] "GET /cormun/servlet/trsolicitudadjuntos?2017,6579, HTTP/1.1" 200 8724
186.103.157.235 - - [23/May/2017:13:03:31 -0300] "GET /cormun/servlet/solicitudotadjuntos?INS,2017,6579,,1, HTTP/1.1" 200 6020
186.103.248.213 - - [23/May/2017:13:03:31 -0300] "POST /cormun/servlet/inasistencia?95e12e9526e69b8dae66bb29da9d66bb,INS,0,,gx-no-cache=1495555467297 HTTP/1.1" 200 93
186.103.248.213 - - [23/May/2017:13:03:31 -0300] "GET /cormun/servlet/hpexe_return? HTTP/1.1" 200 1002
186.103.157.235 - - [23/May/2017:13:03:31 -0300] "GET /cormun/static/about:blank HTTP/1.1" 404 1011
186.103.157.235 - - [23/May/2017:13:03:31 -0300] "GET /cormun/servlet/solicitudotadjuntos?INS,2017,6579,,1, HTTP/1.1" 200 6013
186.103.248.213 - - [23/May/2017:13:03:31 -0300] "GET /cormun/servlet/trinasistencia HTTP/1.1" 200 7361
186.103.157.235 - - [23/May/2017:13:03:31 -0300] "GET /cormun/servlet/solicitudotadjuntos?de0e033385d9649bd68f2e3f2a102fca3a0f4eea7defe91807940055296df8da5bcdc86257dc5c02f9671705d394da09,gx-no-cache=1495555468636 HTTP/1.1" 200 30
186.103.248.213 - - [23/May/2017:13:03:31 -0300] "GET /cormun/servlet/trinasistencia HTTP/1.1" 200 7357
186.103.157.235 - - [23/May/2017:13:03:32 -0300] "POST /cormun/servlet/solicitudotadjuntos?7ed20c4fca3fc822fd7777b84db5dccd,INS,2017,6579,,1,,gx-no-cache=1495555468687 HTTP/1.1" 200 3820
186.103.248.213 - - [23/May/2017:13:03:35 -0300] "POST /cormun/servlet/trinasistencia?95e12e9526e69b8dae66bb29da9d66bb,gx-no-cache=1495555471385 HTTP/1.1" 200 3977
186.103.248.213 - - [23/May/2017:13:03:35 -0300] "GET /cormun/static/Shared/jqueryui/images/ui-bg_highlight-soft_100_c6c2c8_1x100.png HTTP/1.1" 404 1117
186.103.248.213 - - [23/May/2017:13:03:35 -0300] "GET /cormun/static/Shared/jqueryui/images/ui-bg_flat_55_fafafa_40x100.png HTTP/1.1" 404 1097
186.103.248.213 - - [23/May/2017:13:03:35 -0300] "GET /cormun/static/Shared/jqueryui/images/ui-icons_82798d_256x240.png HTTP/1.1" 404 1089
186.103.248.213 - - [23/May/2017:13:03:35 -0300] "GET /cormun/static/Shared/jqueryui/images/ui-icons_8d78a5_256x240.png HTTP/1.1" 404 1089
186.103.157.235 - - [23/May/2017:13:03:35 -0300] "POST /cormun/servlet/solicitudotadjuntos?gx-no-cache=1495555472328 HTTP/1.1" 200 26
186.103.157.235 - - [23/May/2017:13:03:44 -0300] "GET /cormun/servlet/solicitudotadjuntos?de0e033385d9649bd68f2e3f2a102fca3c2a8181b597dcbc82d743bfff9f9a5a,gx-no-cache=1495555481003 HTTP/1.1" 200 30
186.103.157.235 - - [23/May/2017:13:03:44 -0300] "GET /cormun/servlet/solicitudotadjuntos?de0e033385d9649bd68f2e3f2a102fca3c2a8181b597dcbc82d743bfff9f9a5a,gx-no-cache=1495555481059 HTTP/1.1" 200 30
200.86.184.230 - - [23/May/2017:13:03:45 -0300] "GET /cormun/servlet/permisogoce?0ea360880e729e12d40e8dff22d0513653ea740c0296c2dc564a77bdeb39a75111122404081794fcb761347bf485486b,gx-no-cache=1495556294943 HTTP/1.1" 200 70
186.103.157.235 - - [23/May/2017:13:03:46 -0300] "POST /cormun/servlet/solicitudotadjuntos?7ed20c4fca3fc822fd7777b84db5dccd,INS,2017,6579,,1, HTTP/1.1" 200 116
186.103.157.235 - - [23/May/2017:13:03:46 -0300] "GET /cormun/servlet/hpexe_return? HTTP/1.1" 200 1016
186.103.157.235 - - [23/May/2017:13:03:46 -0300] "GET /cormun/servlet/trsolicitudadjuntos?2017,6579, HTTP/1.1" 200 8926
200.86.184.230 - - [23/May/2017:13:03:47 -0300] "GET /cormun/servlet/permisogoce?0ea360880e729e12d40e8dff22d051361f4cae1fdc088ff108bc4d7b591deab546eca2986b9aa7c3933a8da3b50730cbd67e6db611590d5f2f57801ba638c5cf,gx-no-cache=1495556297464 HTTP/1.1" 200 129
186.103.157.235 - - [23/May/2017:13:03:47 -0300] "GET /cormun/servlet/trsolicitudadjuntos?2017,6579, HTTP/1.1" 200 8924
200.86.184.230 - - [23/May/2017:13:03:47 -0300] "GET /cormun/static/Shared/jqueryui/images/ui-bg_highlight-soft_100_c6c2c8_1x100.png HTTP/1.1" 404 1117
200.86.184.230 - - [23/May/2017:13:03:47 -0300] "GET /cormun/static/Shared/jqueryui/images/ui-bg_flat_55_994d53_40x100.png HTTP/1.1" 404 1097
200.86.184.230 - - [23/May/2017:13:03:47 -0300] "GET /cormun/static/Shared/jqueryui/images/ui-icons_ebccce_256x240.png HTTP/1.1" 404 1089
200.86.184.230 - - [23/May/2017:13:03:47 -0300] "GET /cormun/static/Shared/jqueryui/images/ui-icons_82798d_256x240.png HTTP/1.1" 404 1089
200.86.184.230 - - [23/May/2017:13:03:50 -0300] "GET /cormun/servlet/permisogoce?0ea360880e729e12d40e8dff22d051361f4cae1fdc088ff108bc4d7b591deab546eca2986b9aa7c3933a8da3b50730cbd67e6db611590d5f2f57801ba638c5cf,gx-no-cache=1495556300754 HTTP/1.1" 200 129
186.103.157.235 - - [23/May/2017:13:03:50 -0300] "GET /cormun/servlet/solicitudotadjuntos?INS,2017,6579,,1, HTTP/1.1" 200 6020
186.103.157.235 - - [23/May/2017:13:03:50 -0300] "GET /cormun/static/about:blank HTTP/1.1" 404 1011
186.103.157.235 - - [23/May/2017:13:03:51 -0300] "GET /cormun/servlet/solicitudotadjuntos?INS,2017,6579,,1, HTTP/1.1" 200 6013
186.103.157.235 - - [23/May/2017:13:03:51 -0300] "GET /cormun/servlet/solicitudotadjuntos?de0e033385d9649bd68f2e3f2a102fca3a0f4eea7defe91807940055296df8da5bcdc86257dc5c02f9671705d394da09,gx-no-cache=1495555488458 HTTP/1.1" 200 30
186.103.157.235 - - [23/May/2017:13:03:51 -0300] "POST /cormun/servlet/solicitudotadjuntos?7ed20c4fca3fc822fd7777b84db5dccd,INS,2017,6579,,1,,gx-no-cache=1495555488545 HTTP/1.1" 200 3820
186.103.157.235 - - [23/May/2017:13:03:54 -0300] "POST /cormun/servlet/solicitudotadjuntos?gx-no-cache=1495555491352 HTTP/1.1" 200 26
192.168.10.93 - - [23/May/2017:13:03:58 -0300] "POST /cormunbeta/servlet/trsolicitudsaludot?5fade77e9b3032c5725db1ad03752e0b,gx-no-cache=1495555443453 HTTP/1.1" 200 5560
192.168.10.93 - - [23/May/2017:13:03:58 -0300] "GET /cormunbeta/static/Shared/jqueryui/images/ui-bg_highlight-soft_100_c6c2c8_1x100.png HTTP/1.1" 404 1125
192.168.10.93 - - [23/May/2017:13:03:58 -0300] "GET /cormunbeta/static/Shared/jqueryui/images/ui-icons_82798d_256x240.png HTTP/1.1" 404 1097
192.168.10.93 - - [23/May/2017:13:03:58 -0300] "GET /cormunbeta/static/Shared/jqueryui/images/ui-bg_flat_55_fafafa_40x100.png HTTP/1.1" 404 1105
192.168.10.93 - - [23/May/2017:13:03:58 -0300] "GET /cormunbeta/static/Shared/jqueryui/images/ui-icons_8d78a5_256x240.png HTTP/1.1" 404 1097
200.86.184.230 - - [23/May/2017:13:04:00 -0300] "GET /cormun/servlet/permisogoce?0ea360880e729e12d40e8dff22d051361f4cae1fdc088ff108bc4d7b591deab546eca2986b9aa7c3933a8da3b50730cbd67e6db611590d5f2f57801ba638c5cf,gx-no-cache=1495556310785 HTTP/1.1" 200 129
192.168.10.93 - - [23/May/2017:13:04:01 -0300] "POST /cormunbeta/servlet/trsolicitudsaludot?5fade77e9b3032c5725db1ad03752e0b,gx-no-cache=1495555447185 HTTP/1.1" 200 106
192.168.10.93 - - [23/May/2017:13:04:02 -0300] "GET /cormunbeta/servlet/trsolicitudadjuntos?2017,2944, HTTP/1.1" 200 5861
192.168.10.93 - - [23/May/2017:13:04:02 -0300] "GET /cormunbeta/static/gxcfg.js?201731711504543 HTTP/1.1" 200 953
192.168.10.93 - - [23/May/2017:13:04:02 -0300] "GET /cormunbeta/servlet/trsolicitudadjuntos?2017,2944, HTTP/1.1" 200 5861
192.168.10.93 - - [23/May/2017:13:04:03 -0300] "POST /cormunbeta/servlet/acontrolpreferencessavestate?None,ADMSALUD,true HTTP/1.1" 200 35
192.168.10.93 - - [23/May/2017:13:04:05 -0300] "GET /cormunbeta/servlet/solicitudotadjuntos?INS,2017,2944,,2, HTTP/1.1" 200 5801
192.168.10.93 - - [23/May/2017:13:04:05 -0300] "GET /cormunbeta/static/gxcfg.js?201731711395656 HTTP/1.1" 200 953
192.168.10.93 - - [23/May/2017:13:04:05 -0300] "GET /cormunbeta/static/solicitudotadjuntos.js?201731711395680 HTTP/1.1" 304 -
192.168.10.93 - - [23/May/2017:13:04:05 -0300] "GET /cormunbeta/static/about:blank HTTP/1.1" 404 1019
192.168.10.93 - - [23/May/2017:13:04:05 -0300] "GET /cormunbeta/servlet/solicitudotadjuntos?INS,2017,2944,,2, HTTP/1.1" 200 5795
192.168.10.93 - - [23/May/2017:13:04:06 -0300] "GET /cormunbeta/servlet/solicitudotadjuntos?015ce8ccf12b6c3788273688181f193907ff31982556eb8da9ccd26b3a4a363ef4bad1d5b79d9e11b7885f5acae5a3b2,gx-no-cache=1495555451382 HTTP/1.1" 200 30
192.168.10.93 - - [23/May/2017:13:04:06 -0300] "POST /cormunbeta/servlet/solicitudotadjuntos?5fade77e9b3032c5725db1ad03752e0b,INS,2017,2944,,2,,gx-no-cache=1495555451412 HTTP/1.1" 200 4118
186.103.157.235 - - [23/May/2017:13:04:08 -0300] "GET /cormun/servlet/solicitudotadjuntos?de0e033385d9649bd68f2e3f2a102fca3c2a8181b597dcbc82d743bfff9f9a5a,gx-no-cache=1495555505258 HTTP/1.1" 200 30
186.103.157.235 - - [23/May/2017:13:04:08 -0300] "GET /cormun/servlet/solicitudotadjuntos?de0e033385d9649bd68f2e3f2a102fca3c2a8181b597dcbc82d743bfff9f9a5a,gx-no-cache=1495555505316 HTTP/1.1" 200 30
192.168.10.93 - - [23/May/2017:13:04:08 -0300] "POST /cormunbeta/servlet/solicitudotadjuntos?5fade77e9b3032c5725db1ad03752e0b,INS,2017,2944,,2,,gx-no-cache=1495555453808 HTTP/1.1" 200 93
192.168.10.93 - - [23/May/2017:13:04:08 -0300] "GET /cormunbeta/servlet/hpexe_return? HTTP/1.1" 200 1031
192.168.10.93 - - [23/May/2017:13:04:08 -0300] "GET /cormunbeta/servlet/trsolicitudadjuntos?2017,2944, HTTP/1.1" 200 5868
192.168.10.93 - - [23/May/2017:13:04:09 -0300] "GET /cormunbeta/servlet/trsolicitudadjuntos?2017,2944, HTTP/1.1" 200 5865
200.86.184.230 - - [23/May/2017:13:04:10 -0300] "GET /cormun/servlet/permisogoce?0ea360880e729e12d40e8dff22d051361f4cae1fdc088ff108bc4d7b591deab546eca2986b9aa7c3933a8da3b50730cbd67e6db611590d5f2f57801ba638c5cf,gx-no-cache=1495556320704 HTTP/1.1" 200 129
192.168.10.93 - - [23/May/2017:13:04:11 -0300] "GET /cormunbeta/servlet/solicitudotadjuntos?INS,2017,2944,,1, HTTP/1.1" 200 5802
192.168.10.93 - - [23/May/2017:13:04:11 -0300] "GET /cormunbeta/static/about:blank HTTP/1.1" 404 1019
192.168.10.93 - - [23/May/2017:13:04:11 -0300] "GET /cormunbeta/servlet/solicitudotadjuntos?INS,2017,2944,,1, HTTP/1.1" 200 5796
192.168.10.93 - - [23/May/2017:13:04:11 -0300] "GET /cormunbeta/servlet/solicitudotadjuntos?015ce8ccf12b6c3788273688181f193907ff31982556eb8da9ccd26b3a4a363ef4bad1d5b79d9e11b7885f5acae5a3b2,gx-no-cache=1495555457078 HTTP/1.1" 200 30
192.168.10.93 - - [23/May/2017:13:04:11 -0300] "POST /cormunbeta/servlet/solicitudotadjuntos?5fade77e9b3032c5725db1ad03752e0b,INS,2017,2944,,1,,gx-no-cache=1495555457104 HTTP/1.1" 200 3676
186.103.157.235 - - [23/May/2017:13:04:13 -0300] "POST /cormun/servlet/solicitudotadjuntos?7ed20c4fca3fc822fd7777b84db5dccd,INS,2017,6579,,1, HTTP/1.1" 200 116
186.103.157.235 - - [23/May/2017:13:04:13 -0300] "GET /cormun/servlet/hpexe_return? HTTP/1.1" 200 1016
186.103.157.235 - - [23/May/2017:13:04:13 -0300] "GET /cormun/servlet/trsolicitudadjuntos?2017,6579, HTTP/1.1" 200 9132
192.168.10.93 - - [23/May/2017:13:04:14 -0300] "POST /cormunbeta/servlet/solicitudotadjuntos?gx-no-cache=1495555459765 HTTP/1.1" 200 26
186.103.157.235 - - [23/May/2017:13:04:14 -0300] "GET /cormun/servlet/trsolicitudadjuntos?2017,6579, HTTP/1.1" 200 9128
186.103.157.235 - - [23/May/2017:13:04:19 -0300] "POST /cormun/servlet/trsolicitudadjuntos?7ed20c4fca3fc822fd7777b84db5dccd,2017,6579,,gx-no-cache=1495555515792 HTTP/1.1" 200 90
186.103.157.235 - - [23/May/2017:13:04:19 -0300] "GET /cormun/servlet/hpexe_link HTTP/1.1" 200 961
186.103.157.235 - - [23/May/2017:13:04:19 -0300] "GET /cormun/servlet/trsolicitudot HTTP/1.1" 200 8157
186.103.157.235 - - [23/May/2017:13:04:20 -0300] "GET /cormun/servlet/trsolicitudot HTTP/1.1" 200 8155
200.86.184.230 - - [23/May/2017:13:04:22 -0300] "GET /cormun/servlet/permisogoce?0ea360880e729e12d40e8dff22d051361f4cae1fdc088ff108bc4d7b591deab546eca2986b9aa7c3933a8da3b50730cbd67e6db611590d5f2f57801ba638c5cf,gx-no-cache=1495556332269 HTTP/1.1" 200 129
186.103.157.235 - - [23/May/2017:13:04:24 -0300] "POST /cormun/servlet/trsolicitudot?7ed20c4fca3fc822fd7777b84db5dccd,gx-no-cache=1495555521405 HTTP/1.1" 200 4303
186.103.157.235 - - [23/May/2017:13:04:24 -0300] "GET /cormun/static/Shared/jqueryui/images/ui-bg_highlight-soft_100_c6c2c8_1x100.png HTTP/1.1" 404 1117
186.103.157.235 - - [23/May/2017:13:04:24 -0300] "GET /cormun/static/Shared/jqueryui/images/ui-icons_82798d_256x240.png HTTP/1.1" 404 1089
186.103.157.235 - - [23/May/2017:13:04:24 -0300] "GET /cormun/static/Shared/jqueryui/images/ui-bg_flat_55_fafafa_40x100.png HTTP/1.1" 404 1097
186.103.157.235 - - [23/May/2017:13:04:24 -0300] "GET /cormun/static/Shared/jqueryui/images/ui-icons_8d78a5_256x240.png HTTP/1.1" 404 1089
186.103.157.235 - - [23/May/2017:13:04:24 -0300] "POST /cormun/servlet/trsolicitudot?7ed20c4fca3fc822fd7777b84db5dccd,gx-no-cache=1495555521654 HTTP/1.1" 200 4106
186.103.157.235 - - [23/May/2017:13:04:28 -0300] "GET /cormun/servlet/trautorizarsolicitud? HTTP/1.1" 200 8106
186.103.157.235 - - [23/May/2017:13:04:28 -0300] "GET /cormun/static/gxui/gxui-all.css?120300 HTTP/1.1" 200 2179
186.103.157.235 - - [23/May/2017:13:04:28 -0300] "GET /cormun/static/gxcfg.js?2017259112829 HTTP/1.1" 200 953
186.103.157.235 - - [23/May/2017:13:04:28 -0300] "GET /cormun/static/trautorizarsolicitud.js?2017259113483 HTTP/1.1" 200 53096
186.103.157.235 - - [23/May/2017:13:04:30 -0300] "GET /cormun/static/Shared/ext/resources/css/ext-all.css?215870 HTTP/1.1" 200 416045
186.103.157.235 - - [23/May/2017:13:04:31 -0300] "GET /cormun/servlet/trautorizarsolicitud? HTTP/1.1" 200 8105
192.168.10.93 - - [23/May/2017:13:04:32 -0300] "GET /cormunbeta/servlet/solicitudotadjuntos?015ce8ccf12b6c3788273688181f1939ef198666c3082b773b9298da72577c4a,gx-no-cache=1495555478086 HTTP/1.1" 200 30
192.168.10.93 - - [23/May/2017:13:04:32 -0300] "GET /cormunbeta/servlet/solicitudotadjuntos?015ce8ccf12b6c3788273688181f1939ef198666c3082b773b9298da72577c4a,gx-no-cache=1495555478099 HTTP/1.1" 200 30
192.168.10.93 - - [23/May/2017:13:04:33 -0300] "POST /cormunbeta/servlet/solicitudotadjuntos?5fade77e9b3032c5725db1ad03752e0b,INS,2017,2944,,1, HTTP/1.1" 200 116
192.168.10.93 - - [23/May/2017:13:04:33 -0300] "GET /cormunbeta/servlet/hpexe_return? HTTP/1.1" 200 1031
192.168.10.93 - - [23/May/2017:13:04:33 -0300] "GET /cormunbeta/servlet/trsolicitudadjuntos?2017,2944, HTTP/1.1" 200 8235
192.168.10.93 - - [23/May/2017:13:04:33 -0300] "GET /cormunbeta/servlet/trsolicitudadjuntos?2017,2944, HTTP/1.1" 200 8232
192.168.10.93 - - [23/May/2017:13:04:36 -0300] "GET /cormunbeta/servlet/solicitudotadjuntos?INS,2017,2944,,1, HTTP/1.1" 200 5802
192.168.10.93 - - [23/May/2017:13:04:37 -0300] "GET /cormunbeta/static/about:blank HTTP/1.1" 404 1019
192.168.10.93 - - [23/May/2017:13:04:37 -0300] "GET /cormunbeta/servlet/solicitudotadjuntos?INS,2017,2944,,1, HTTP/1.1" 200 5796
192.168.10.93 - - [23/May/2017:13:04:37 -0300] "GET /cormunbeta/servlet/solicitudotadjuntos?015ce8ccf12b6c3788273688181f193907ff31982556eb8da9ccd26b3a4a363ef4bad1d5b79d9e11b7885f5acae5a3b2,gx-no-cache=1495555483034 HTTP/1.1" 200 30
192.168.10.93 - - [23/May/2017:13:04:37 -0300] "POST /cormunbeta/servlet/solicitudotadjuntos?5fade77e9b3032c5725db1ad03752e0b,INS,2017,2944,,1,,gx-no-cache=1495555483059 HTTP/1.1" 200 3676
186.103.157.235 - - [23/May/2017:13:04:38 -0300] "POST /cormun/servlet/trautorizarsolicitud?7ed20c4fca3fc822fd7777b84db5dccd,,gx-no-cache=1495555535301 HTTP/1.1" 200 4278
186.103.157.235 - - [23/May/2017:13:04:38 -0300] "GET /cormun/static/Shared/jqueryui/images/ui-bg_highlight-soft_100_c6c2c8_1x100.png HTTP/1.1" 404 1117
186.103.157.235 - - [23/May/2017:13:04:38 -0300] "GET /cormun/static/Shared/jqueryui/images/ui-icons_82798d_256x240.png HTTP/1.1" 404 1089
186.103.157.235 - - [23/May/2017:13:04:38 -0300] "GET /cormun/static/Shared/jqueryui/images/ui-bg_flat_55_fafafa_40x100.png HTTP/1.1" 404 1097
186.103.157.235 - - [23/May/2017:13:04:38 -0300] "GET /cormun/static/Shared/jqueryui/images/ui-icons_8d78a5_256x240.png HTTP/1.1" 404 1089
186.103.157.235 - - [23/May/2017:13:04:38 -0300] "POST /cormun/servlet/trautorizarsolicitud?7ed20c4fca3fc822fd7777b84db5dccd,,gx-no-cache=1495555535560 HTTP/1.1" 200 4086
192.168.10.93 - - [23/May/2017:13:04:39 -0300] "POST /cormunbeta/servlet/solicitudotadjuntos?gx-no-cache=1495555485073 HTTP/1.1" 200 26
192.168.10.93 - - [23/May/2017:13:04:44 -0300] "GET /cormunbeta/servlet/solicitudotadjuntos?015ce8ccf12b6c3788273688181f1939ef198666c3082b773b9298da72577c4a,gx-no-cache=1495555490234 HTTP/1.1" 200 30
192.168.10.93 - - [23/May/2017:13:04:44 -0300] "GET /cormunbeta/servlet/solicitudotadjuntos?015ce8ccf12b6c3788273688181f1939ef198666c3082b773b9298da72577c4a,gx-no-cache=1495555490248 HTTP/1.1" 200 30
192.168.10.93 - - [23/May/2017:13:04:45 -0300] "POST /cormunbeta/servlet/solicitudotadjuntos?5fade77e9b3032c5725db1ad03752e0b,INS,2017,2944,,1, HTTP/1.1" 200 116
192.168.10.93 - - [23/May/2017:13:04:45 -0300] "GET /cormunbeta/servlet/hpexe_return? HTTP/1.1" 200 1031
192.168.10.93 - - [23/May/2017:13:04:45 -0300] "GET /cormunbeta/servlet/trsolicitudadjuntos?2017,2944, HTTP/1.1" 200 8445
192.168.10.93 - - [23/May/2017:13:04:45 -0300] "GET /cormunbeta/servlet/trsolicitudadjuntos?2017,2944, HTTP/1.1" 200 8443
192.168.10.93 - - [23/May/2017:13:04:48 -0300] "GET /cormunbeta/servlet/solicitudotadjuntos?INS,2017,2944,,1, HTTP/1.1" 200 5802
192.168.10.93 - - [23/May/2017:13:04:48 -0300] "GET /cormunbeta/static/about:blank HTTP/1.1" 404 1019
192.168.10.93 - - [23/May/2017:13:04:48 -0300] "GET /cormunbeta/servlet/solicitudotadjuntos?INS,2017,2944,,1, HTTP/1.1" 200 5796
192.168.10.93 - - [23/May/2017:13:04:49 -0300] "GET /cormunbeta/servlet/solicitudotadjuntos?015ce8ccf12b6c3788273688181f193907ff31982556eb8da9ccd26b3a4a363ef4bad1d5b79d9e11b7885f5acae5a3b2,gx-no-cache=1495555494343 HTTP/1.1" 200 30
192.168.10.93 - - [23/May/2017:13:04:49 -0300] "POST /cormunbeta/servlet/solicitudotadjuntos?5fade77e9b3032c5725db1ad03752e0b,INS,2017,2944,,1,,gx-no-cache=1495555494374 HTTP/1.1" 200 3676
192.168.10.93 - - [23/May/2017:13:04:51 -0300] "POST /cormunbeta/servlet/solicitudotadjuntos?gx-no-cache=1495555496548 HTTP/1.1" 200 26
192.168.10.93 - - [23/May/2017:13:04:56 -0300] "GET /cormunbeta/servlet/solicitudotadjuntos?015ce8ccf12b6c3788273688181f1939ef198666c3082b773b9298da72577c4a,gx-no-cache=1495555501930 HTTP/1.1" 200 30
192.168.10.93 - - [23/May/2017:13:04:56 -0300] "GET /cormunbeta/servlet/solicitudotadjuntos?015ce8ccf12b6c3788273688181f1939ef198666c3082b773b9298da72577c4a,gx-no-cache=1495555501942 HTTP/1.1" 200 30
192.168.10.93 - - [23/May/2017:13:04:57 -0300] "POST /cormunbeta/servlet/solicitudotadjuntos?5fade77e9b3032c5725db1ad03752e0b,INS,2017,2944,,1, HTTP/1.1" 200 116
192.168.10.93 - - [23/May/2017:13:04:57 -0300] "GET /cormunbeta/servlet/hpexe_return? HTTP/1.1" 200 1031
192.168.10.93 - - [23/May/2017:13:04:57 -0300] "GET /cormunbeta/servlet/trsolicitudadjuntos?2017,2944, HTTP/1.1" 200 8661
192.168.10.93 - - [23/May/2017:13:04:58 -0300] "GET /cormunbeta/servlet/trsolicitudadjuntos?2017,2944, HTTP/1.1" 200 8659
192.168.10.93 - - [23/May/2017:13:04:59 -0300] "GET /cormunbeta/servlet/solicitudotadjuntos?INS,2017,2944,,1, HTTP/1.1" 200 5802
192.168.10.93 - - [23/May/2017:13:04:59 -0300] "GET /cormunbeta/static/about:blank HTTP/1.1" 404 1019
192.168.10.93 - - [23/May/2017:13:05:00 -0300] "GET /cormunbeta/servlet/solicitudotadjuntos?INS,2017,2944,,1, HTTP/1.1" 200 5796
192.168.10.93 - - [23/May/2017:13:05:00 -0300] "GET /cormunbeta/servlet/solicitudotadjuntos?015ce8ccf12b6c3788273688181f193907ff31982556eb8da9ccd26b3a4a363ef4bad1d5b79d9e11b7885f5acae5a3b2,gx-no-cache=1495555505822 HTTP/1.1" 200 30
192.168.10.93 - - [23/May/2017:13:05:00 -0300] "POST /cormunbeta/servlet/solicitudotadjuntos?5fade77e9b3032c5725db1ad03752e0b,INS,2017,2944,,1,,gx-no-cache=1495555505846 HTTP/1.1" 200 3676
192.168.10.93 - - [23/May/2017:13:05:04 -0300] "POST /cormunbeta/servlet/solicitudotadjuntos?gx-no-cache=1495555509956 HTTP/1.1" 200 26
192.168.10.93 - - [23/May/2017:13:05:09 -0300] "GET /cormunbeta/servlet/solicitudotadjuntos?015ce8ccf12b6c3788273688181f1939ef198666c3082b773b9298da72577c4a,gx-no-cache=1495555514601 HTTP/1.1" 200 30
192.168.10.93 - - [23/May/2017:13:05:09 -0300] "GET /cormunbeta/servlet/solicitudotadjuntos?015ce8ccf12b6c3788273688181f1939ef198666c3082b773b9298da72577c4a,gx-no-cache=1495555514622 HTTP/1.1" 200 30
192.168.10.93 - - [23/May/2017:13:05:09 -0300] "POST /cormunbeta/servlet/solicitudotadjuntos?5fade77e9b3032c5725db1ad03752e0b,INS,2017,2944,,1, HTTP/1.1" 200 116
192.168.10.93 - - [23/May/2017:13:05:09 -0300] "GET /cormunbeta/servlet/hpexe_return? HTTP/1.1" 200 1031
192.168.10.93 - - [23/May/2017:13:05:09 -0300] "GET /cormunbeta/servlet/trsolicitudadjuntos?2017,2944, HTTP/1.1" 200 8841
192.168.10.93 - - [23/May/2017:13:05:10 -0300] "GET /cormunbeta/servlet/trsolicitudadjuntos?2017,2944, HTTP/1.1" 200 8839
192.168.10.93 - - [23/May/2017:13:05:18 -0300] "GET /cormunbeta/servlet/solicitudotadjuntos?INS,2017,2944,,1, HTTP/1.1" 200 5802
192.168.10.93 - - [23/May/2017:13:05:18 -0300] "GET /cormunbeta/static/about:blank HTTP/1.1" 404 1019
192.168.10.93 - - [23/May/2017:13:05:18 -0300] "GET /cormunbeta/servlet/solicitudotadjuntos?INS,2017,2944,,1, HTTP/1.1" 200 5796
192.168.10.93 - - [23/May/2017:13:05:19 -0300] "GET /cormunbeta/servlet/solicitudotadjuntos?015ce8ccf12b6c3788273688181f193907ff31982556eb8da9ccd26b3a4a363ef4bad1d5b79d9e11b7885f5acae5a3b2,gx-no-cache=1495555524307 HTTP/1.1" 200 30
192.168.10.93 - - [23/May/2017:13:05:19 -0300] "POST /cormunbeta/servlet/solicitudotadjuntos?5fade77e9b3032c5725db1ad03752e0b,INS,2017,2944,,1,,gx-no-cache=1495555524329 HTTP/1.1" 200 3676
192.168.10.93 - - [23/May/2017:13:05:23 -0300] "POST /cormunbeta/servlet/solicitudotadjuntos?gx-no-cache=1495555528391 HTTP/1.1" 200 26
192.168.10.93 - - [23/May/2017:13:05:29 -0300] "GET /cormunbeta/servlet/solicitudotadjuntos?015ce8ccf12b6c3788273688181f1939ef198666c3082b773b9298da72577c4a,gx-no-cache=1495555534817 HTTP/1.1" 200 30
192.168.10.93 - - [23/May/2017:13:05:29 -0300] "GET /cormunbeta/servlet/solicitudotadjuntos?015ce8ccf12b6c3788273688181f1939ef198666c3082b773b9298da72577c4a,gx-no-cache=1495555534826 HTTP/1.1" 200 30
192.168.10.93 - - [23/May/2017:13:05:29 -0300] "POST /cormunbeta/servlet/solicitudotadjuntos?5fade77e9b3032c5725db1ad03752e0b,INS,2017,2944,,1, HTTP/1.1" 200 116
192.168.10.93 - - [23/May/2017:13:05:29 -0300] "GET /cormunbeta/servlet/hpexe_return? HTTP/1.1" 200 1031
192.168.10.93 - - [23/May/2017:13:05:30 -0300] "GET /cormunbeta/servlet/trsolicitudadjuntos?2017,2944, HTTP/1.1" 200 9128
192.168.10.93 - - [23/May/2017:13:05:30 -0300] "GET /cormunbeta/servlet/trsolicitudadjuntos?2017,2944, HTTP/1.1" 200 9125
192.168.10.93 - - [23/May/2017:13:05:36 -0300] "GET /cormunbeta/servlet/solicitudotadjuntos?INS,2017,2944,,1, HTTP/1.1" 200 5802
192.168.10.93 - - [23/May/2017:13:05:36 -0300] "GET /cormunbeta/static/about:blank HTTP/1.1" 404 1019
192.168.10.93 - - [23/May/2017:13:05:37 -0300] "GET /cormunbeta/servlet/solicitudotadjuntos?INS,2017,2944,,1, HTTP/1.1" 200 5796
192.168.10.93 - - [23/May/2017:13:05:37 -0300] "GET /cormunbeta/servlet/solicitudotadjuntos?015ce8ccf12b6c3788273688181f193907ff31982556eb8da9ccd26b3a4a363ef4bad1d5b79d9e11b7885f5acae5a3b2,gx-no-cache=1495555542836 HTTP/1.1" 200 30
192.168.10.93 - - [23/May/2017:13:05:37 -0300] "POST /cormunbeta/servlet/solicitudotadjuntos?5fade77e9b3032c5725db1ad03752e0b,INS,2017,2944,,1,,gx-no-cache=1495555542882 HTTP/1.1" 200 3676
192.168.10.93 - - [23/May/2017:13:05:40 -0300] "POST /cormunbeta/servlet/solicitudotadjuntos?gx-no-cache=1495555545997 HTTP/1.1" 200 26
192.168.10.93 - - [23/May/2017:13:05:42 -0300] "POST /cormunbeta/servlet/solicitudotadjuntos?gx-no-cache=1495555547836 HTTP/1.1" 200 26
200.86.184.230 - - [23/May/2017:13:05:43 -0300] "GET /cormun/servlet/permisogoce?0ea360880e729e12d40e8dff22d051361f4cae1fdc088ff108bc4d7b591deab521e4bbac7ea36a3d1b2999cb0f2f3c4da6994cb907ab82fa898849f110a10496,gx-no-cache=1495556413234 HTTP/1.1" 200 47
192.168.10.93 - - [23/May/2017:13:05:48 -0300] "GET /cormunbeta/servlet/solicitudotadjuntos?015ce8ccf12b6c3788273688181f1939ef198666c3082b773b9298da72577c4a,gx-no-cache=1495555553921 HTTP/1.1" 200 30
192.168.10.93 - - [23/May/2017:13:05:48 -0300] "GET /cormunbeta/servlet/solicitudotadjuntos?015ce8ccf12b6c3788273688181f1939ef198666c3082b773b9298da72577c4a,gx-no-cache=1495555553934 HTTP/1.1" 200 30
192.168.10.93 - - [23/May/2017:13:05:48 -0300] "POST /cormunbeta/servlet/solicitudotadjuntos?5fade77e9b3032c5725db1ad03752e0b,INS,2017,2944,,1, HTTP/1.1" 200 116
192.168.10.93 - - [23/May/2017:13:05:49 -0300] "GET /cormunbeta/servlet/hpexe_return? HTTP/1.1" 200 1031
192.168.10.93 - - [23/May/2017:13:05:49 -0300] "GET /cormunbeta/servlet/trsolicitudadjuntos?2017,2944, HTTP/1.1" 200 9355
192.168.10.93 - - [23/May/2017:13:05:50 -0300] "GET /cormunbeta/servlet/trsolicitudadjuntos?2017,2944, HTTP/1.1" 200 9358
192.168.10.93 - - [23/May/2017:13:05:54 -0300] "GET /cormunbeta/servlet/solicitudotadjuntos?INS,2017,2944,,1, HTTP/1.1" 200 5802
192.168.10.93 - - [23/May/2017:13:05:54 -0300] "GET /cormunbeta/static/about:blank HTTP/1.1" 404 1019
192.168.10.93 - - [23/May/2017:13:05:54 -0300] "GET /cormunbeta/servlet/solicitudotadjuntos?INS,2017,2944,,1, HTTP/1.1" 200 5797
192.168.10.93 - - [23/May/2017:13:05:54 -0300] "GET /cormunbeta/servlet/solicitudotadjuntos?015ce8ccf12b6c3788273688181f193907ff31982556eb8da9ccd26b3a4a363ef4bad1d5b79d9e11b7885f5acae5a3b2,gx-no-cache=1495555560255 HTTP/1.1" 200 30
192.168.10.93 - - [23/May/2017:13:05:55 -0300] "POST /cormunbeta/servlet/solicitudotadjuntos?5fade77e9b3032c5725db1ad03752e0b,INS,2017,2944,,1,,gx-no-cache=1495555560288 HTTP/1.1" 200 3676
192.168.10.93 - - [23/May/2017:13:05:58 -0300] "POST /cormunbeta/servlet/solicitudotadjuntos?gx-no-cache=1495555563689 HTTP/1.1" 200 26
192.168.10.93 - - [23/May/2017:13:06:12 -0300] "GET /cormunbeta/servlet/solicitudotadjuntos?015ce8ccf12b6c3788273688181f1939ef198666c3082b773b9298da72577c4a,gx-no-cache=1495555577639 HTTP/1.1" 200 30
192.168.10.93 - - [23/May/2017:13:06:12 -0300] "GET /cormunbeta/servlet/solicitudotadjuntos?015ce8ccf12b6c3788273688181f1939ef198666c3082b773b9298da72577c4a,gx-no-cache=1495555577656 HTTP/1.1" 200 30
192.168.10.93 - - [23/May/2017:13:06:12 -0300] "POST /cormunbeta/servlet/solicitudotadjuntos?5fade77e9b3032c5725db1ad03752e0b,INS,2017,2944,,1, HTTP/1.1" 200 116
192.168.10.93 - - [23/May/2017:13:06:12 -0300] "GET /cormunbeta/servlet/hpexe_return? HTTP/1.1" 200 1031
192.168.10.93 - - [23/May/2017:13:06:13 -0300] "GET /cormunbeta/servlet/trsolicitudadjuntos?2017,2944, HTTP/1.1" 200 9517
192.168.10.93 - - [23/May/2017:13:06:13 -0300] "GET /cormunbeta/servlet/trsolicitudadjuntos?2017,2944, HTTP/1.1" 200 9512
192.168.10.93 - - [23/May/2017:13:07:25 -0300] "POST /cormunbeta/servlet/trsolicitudadjuntos?5fade77e9b3032c5725db1ad03752e0b,2017,2944,,gx-no-cache=1495555650480 HTTP/1.1" 200 90
192.168.10.93 - - [23/May/2017:13:07:25 -0300] "GET /cormunbeta/servlet/hpexe_link HTTP/1.1" 200 999
192.168.10.93 - - [23/May/2017:13:07:25 -0300] "GET /cormunbeta/servlet/trsolicitudsaludot?gx-no-cache=1495555443453 HTTP/1.1" 200 7988
192.168.10.93 - - [23/May/2017:13:07:25 -0300] "GET /cormunbeta/servlet/trsolicitudsaludot?gx-no-cache=1495555443453 HTTP/1.1" 200 8009
192.168.10.93 - - [23/May/2017:13:07:29 -0300] "POST /cormunbeta/servlet/trsolicitudsaludot?5fade77e9b3032c5725db1ad03752e0b,gx-no-cache=1495555443453,gx-no-cache=1495555654724 HTTP/1.1" 200 106
192.168.10.93 - - [23/May/2017:13:07:29 -0300] "GET /cormunbeta/servlet/trsolicitudadjuntos?2017,2944, HTTP/1.1" 200 9532
192.168.10.93 - - [23/May/2017:13:07:30 -0300] "GET /cormunbeta/servlet/trsolicitudadjuntos?2017,2944, HTTP/1.1" 200 9512
192.168.10.93 - - [23/May/2017:13:07:33 -0300] "POST /cormunbeta/servlet/trsolicitudadjuntos?5fade77e9b3032c5725db1ad03752e0b,2017,2944,,gx-no-cache=1495555658342 HTTP/1.1" 200 90
192.168.10.93 - - [23/May/2017:13:07:33 -0300] "GET /cormunbeta/servlet/hpexe_link HTTP/1.1" 200 999
192.168.10.93 - - [23/May/2017:13:07:33 -0300] "GET /cormunbeta/servlet/trsolicitudsaludot?gx-no-cache=1495555443453 HTTP/1.1" 200 7988
192.168.10.93 - - [23/May/2017:13:07:33 -0300] "GET /cormunbeta/servlet/trsolicitudsaludot?gx-no-cache=1495555443453 HTTP/1.1" 200 8009
192.168.10.93 - - [23/May/2017:13:07:36 -0300] "GET /cormunbeta/servlet/solicitudsaludot?INS,0,0, HTTP/1.1" 200 12537
192.168.10.93 - - [23/May/2017:13:07:37 -0300] "GET /cormunbeta/servlet/solicitudsaludot?INS,0,0, HTTP/1.1" 200 12521
192.168.10.93 - - [23/May/2017:13:07:48 -0300] "POST /cormunbeta/servlet/solicitudsaludot?gx-no-cache=1495555673914 HTTP/1.1" 200 3080
192.168.10.93 - - [23/May/2017:13:08:00 -0300] "GET /cormunbeta/servlet/solicitudsaludot?015ce8ccf12b6c3788273688181f1939defa815db7b803bacc316dbc68e5d46b57a6d3d64dc4e2ed318441e7a1dda184,gx-no-cache=1495555686277 HTTP/1.1" 200 30
207.46.13.34 - - [23/May/2017:13:10:17 -0300] "GET /cormun/static/Resources/PXTools/calendar.png HTTP/1.1" 200 1306
186.103.157.246 - - [23/May/2017:13:12:17 -0300] "GET /cormun/servlet/trlicenciaspermisosadjuntos?18044187,20170523000000,L, HTTP/1.1" 200 5995
186.103.157.246 - - [23/May/2017:13:12:18 -0300] "GET /cormun//static/Resources/PXToolsActionDisabled.gif HTTP/1.1" 200 53
186.103.157.246 - - [23/May/2017:13:12:18 -0300] "GET /cormun/servlet/hlogin HTTP/1.1" 200 1762
186.103.157.246 - - [23/May/2017:13:12:18 -0300] "GET /cormun/servlet/trlicenciaspermisosadjuntos?18044187,20170523000000,L, HTTP/1.1" 200 5992
186.103.157.246 - - [23/May/2017:13:12:32 -0300] "POST /cormun/servlet/hlogin?c9be6e8e43c2ffdd2f1ef073ee992901,gx-no-cache=1495556009070 HTTP/1.1" 200 90
186.103.157.246 - - [23/May/2017:13:12:32 -0300] "GET /cormun/servlet/hpexe_link HTTP/1.1" 200 981
186.103.157.246 - - [23/May/2017:13:12:32 -0300] "GET /cormun/servlet/trlicenciaspermisosadjuntos?18044187,20170523000000,L, HTTP/1.1" 200 6594
186.103.157.246 - - [23/May/2017:13:12:33 -0300] "GET /cormun/servlet/trlicenciaspermisosadjuntos?18044187,20170523000000,L, HTTP/1.1" 200 6593
186.103.157.246 - - [23/May/2017:13:13:12 -0300] "POST /cormun/servlet/acontrolpreferencessavestate?None,CANGELEV,true HTTP/1.1" 200 35
186.103.157.246 - - [23/May/2017:13:13:15 -0300] "POST /cormun/servlet/acontrolpreferencessavestate?None,CANGELEV,true HTTP/1.1" 200 35
186.103.157.246 - - [23/May/2017:13:13:35 -0300] "GET /cormun/servlet/hlogin HTTP/1.1" 200 1762
186.103.157.246 - - [23/May/2017:13:13:43 -0300] "POST /cormun/servlet/hlogin?c9be6e8e43c2ffdd2f1ef073ee992901,gx-no-cache=1495556080072 HTTP/1.1" 200 90
186.103.157.246 - - [23/May/2017:13:13:43 -0300] "GET /cormun/servlet/hpexe_link HTTP/1.1" 200 981
186.103.157.246 - - [23/May/2017:13:13:43 -0300] "GET /cormun/servlet/trlicenciaspermisosadjuntos?18044187,20170523000000,L, HTTP/1.1" 200 6595
186.103.157.246 - - [23/May/2017:13:13:44 -0300] "GET /cormun/servlet/trlicenciaspermisosadjuntos?18044187,20170523000000,L, HTTP/1.1" 200 6594
186.103.157.246 - - [23/May/2017:13:14:05 -0300] "GET /cormun/servlet/hlogin HTTP/1.1" 200 1727
