186.67.172.234 - - [23/May/2017:12:39:49 -0300] "GET /cormun/static/gxcfg.js?2016101716175148 HTTP/1.1" 200 953
186.67.172.234 - - [23/May/2017:12:39:49 -0300] "GET /cormun/static/hpexe_return.js?2016101716175153 HTTP/1.1" 200 1633
186.67.172.234 - - [23/May/2017:12:39:49 -0300] "GET /cormun/static/Resources/Spanish/PXTools.css?167811 HTTP/1.1" 200 89042
186.67.172.234 - - [23/May/2017:12:39:49 -0300] "GET /cormun/servlet/trpermisosgoce HTTP/1.1" 200 7672
186.67.172.234 - - [23/May/2017:12:39:49 -0300] "GET /cormun//static/Resources/PXToolsGridUpdate.png HTTP/1.1" 200 2984
186.67.172.234 - - [23/May/2017:12:39:49 -0300] "GET /cormun//static/Resources/PXToolsGridDelete.png HTTP/1.1" 200 357
186.67.172.234 - - [23/May/2017:12:39:49 -0300] "GET /cormun//static/Resources/PXTools/ActionInsert.png HTTP/1.1" 200 1482
186.67.172.234 - - [23/May/2017:12:39:49 -0300] "GET /cormun//static/Resources/PXToolsActionPrint.png HTTP/1.1" 200 3317
186.67.172.234 - - [23/May/2017:12:39:49 -0300] "GET /cormun//static/Resources/PXToolsHeaderHelp.png HTTP/1.1" 200 4055
186.67.172.234 - - [23/May/2017:12:39:49 -0300] "GET /cormun//static/Resources/PXToolsHeaderFavorites.png HTTP/1.1" 200 2744
186.67.172.234 - - [23/May/2017:12:39:49 -0300] "GET /cormun//static/Resources/PXToolsGridDisplay.png HTTP/1.1" 200 362
186.67.172.234 - - [23/May/2017:12:39:50 -0300] "GET /cormun/servlet/trpermisosgoce HTTP/1.1" 200 7668
186.67.172.234 - - [23/May/2017:12:39:53 -0300] "GET /cormun/servlet/trpermisosadjuntos?14204216,20170523123954,P, HTTP/1.1" 200 6364
186.67.172.234 - - [23/May/2017:12:39:53 -0300] "GET /cormun/static/gxcfg.js?201731711542659 HTTP/1.1" 200 953
186.67.172.234 - - [23/May/2017:12:39:53 -0300] "GET /cormun/static/trpermisosadjuntos.js?201731711542990 HTTP/1.1" 200 20045
186.67.172.234 - - [23/May/2017:12:39:53 -0300] "GET /cormun/servlet/trpermisosadjuntos?14204216,20170523123954,P, HTTP/1.1" 200 6364
186.67.172.234 - - [23/May/2017:12:39:55 -0300] "GET /cormun/servlet/permisosadjuntos?INS,14204216,P,20170523123954,, HTTP/1.1" 200 5687
186.67.172.234 - - [23/May/2017:12:39:55 -0300] "GET /cormun/static/gxcfg.js?201741111155774 HTTP/1.1" 200 953
186.67.172.234 - - [23/May/2017:12:39:55 -0300] "GET /cormun/static/permisosadjuntos.js?201741111155784 HTTP/1.1" 200 8724
186.67.172.234 - - [23/May/2017:12:39:55 -0300] "GET /cormun/static/about:blank HTTP/1.1" 404 1011
186.67.172.234 - - [23/May/2017:12:39:55 -0300] "GET /cormun/servlet/permisosadjuntos?INS,14204216,P,20170523123954,, HTTP/1.1" 200 5677
186.67.172.234 - - [23/May/2017:12:40:01 -0300] "POST /cormun/servlet/permisosadjuntos?56e310a2640d5b484315947b54917614,INS,14204216,P,20170523123954,, HTTP/1.1" 200 116
186.67.172.234 - - [23/May/2017:12:40:01 -0300] "GET /cormun/servlet/hpexe_return? HTTP/1.1" 200 1040
186.67.172.234 - - [23/May/2017:12:40:01 -0300] "GET /cormun/servlet/trpermisosadjuntos?14204216,20170523123954,P, HTTP/1.1" 200 6821
186.67.172.234 - - [23/May/2017:12:40:02 -0300] "GET /cormun/servlet/trpermisosadjuntos?14204216,20170523123954,P, HTTP/1.1" 200 6818
186.67.172.234 - - [23/May/2017:12:40:04 -0300] "POST /cormun/servlet/trpermisosadjuntos?56e310a2640d5b484315947b54917614,14204216,20170523123954,P,,gx-no-cache=1495550447982 HTTP/1.1" 200 90
186.67.172.234 - - [23/May/2017:12:40:04 -0300] "GET /cormun/servlet/hpexe_link HTTP/1.1" 200 987
186.67.172.234 - - [23/May/2017:12:40:04 -0300] "GET /cormun/servlet/trpermisosgoce HTTP/1.1" 200 7670
186.67.172.234 - - [23/May/2017:12:40:05 -0300] "GET /cormun/servlet/trpermisosgoce HTTP/1.1" 200 7668
186.67.172.234 - - [23/May/2017:12:40:08 -0300] "POST /cormun/servlet/trpermisosgoce?56e310a2640d5b484315947b54917614,gx-no-cache=1495550451979 HTTP/1.1" 200 4178
186.67.172.234 - - [23/May/2017:12:40:08 -0300] "GET /cormun/static/Shared/jqueryui/images/ui-icons_82798d_256x240.png HTTP/1.1" 404 1089
186.67.172.234 - - [23/May/2017:12:40:08 -0300] "GET /cormun/static/Shared/jqueryui/images/ui-bg_highlight-soft_100_c6c2c8_1x100.png HTTP/1.1" 404 1117
186.67.172.234 - - [23/May/2017:12:40:08 -0300] "GET /cormun/static/Shared/jqueryui/images/ui-icons_8d78a5_256x240.png HTTP/1.1" 404 1089
186.67.172.234 - - [23/May/2017:12:40:08 -0300] "GET /cormun/static/Shared/jqueryui/images/ui-bg_flat_55_fafafa_40x100.png HTTP/1.1" 404 1097
186.67.172.234 - - [23/May/2017:12:40:12 -0300] "GET /cormun/servlet/trautorizarpermisogoce? HTTP/1.1" 200 7596
186.67.172.234 - - [23/May/2017:12:40:12 -0300] "GET /cormun/static/gxcfg.js?20174111145711 HTTP/1.1" 200 953
186.67.172.234 - - [23/May/2017:12:40:12 -0300] "GET /cormun/static/trautorizarpermisogoce.js?201741111451072 HTTP/1.1" 200 32073
186.67.172.234 - - [23/May/2017:12:40:13 -0300] "GET /cormun/servlet/trautorizarpermisogoce? HTTP/1.1" 200 7596
186.67.172.234 - - [23/May/2017:12:40:16 -0300] "POST /cormun/servlet/trautorizarpermisogoce?56e310a2640d5b484315947b54917614,,gx-no-cache=1495550459283 HTTP/1.1" 200 4171
186.67.172.234 - - [23/May/2017:12:40:16 -0300] "GET /cormun/static/Shared/jqueryui/images/ui-bg_highlight-soft_100_c6c2c8_1x100.png HTTP/1.1" 404 1117
186.67.172.234 - - [23/May/2017:12:40:16 -0300] "GET /cormun/static/Shared/jqueryui/images/ui-icons_82798d_256x240.png HTTP/1.1" 404 1089
186.67.172.234 - - [23/May/2017:12:40:16 -0300] "GET /cormun/static/Shared/jqueryui/images/ui-bg_flat_55_fafafa_40x100.png HTTP/1.1" 404 1097
186.67.172.234 - - [23/May/2017:12:40:16 -0300] "GET /cormun/static/Shared/jqueryui/images/ui-icons_8d78a5_256x240.png HTTP/1.1" 404 1089
186.103.157.246 - - [23/May/2017:12:40:27 -0300] "POST /cormun/servlet/licenciaspermisosadjuntos?431ec82a14a8c261ab688681f5deffd8,INS,18044187,L,20170523000000,, HTTP/1.1" 200 116
186.103.157.246 - - [23/May/2017:12:40:27 -0300] "GET /cormun/servlet/hpexe_return? HTTP/1.1" 200 1042
186.103.157.246 - - [23/May/2017:12:40:27 -0300] "GET /cormun/servlet/trlicenciaspermisosadjuntos?18044187,20170523000000,L, HTTP/1.1" 200 6776
186.103.157.246 - - [23/May/2017:12:40:28 -0300] "GET /cormun/servlet/trlicenciaspermisosadjuntos?18044187,20170523000000,L, HTTP/1.1" 200 6771
186.103.157.246 - - [23/May/2017:12:40:37 -0300] "POST /cormun/servlet/trlicenciaspermisosadjuntos?431ec82a14a8c261ab688681f5deffd8,18044187,20170523000000,L,,gx-no-cache=1495554093754 HTTP/1.1" 200 90
186.103.157.246 - - [23/May/2017:12:40:37 -0300] "GET /cormun/servlet/hpexe_link HTTP/1.1" 200 985
186.103.157.246 - - [23/May/2017:12:40:37 -0300] "GET /cormun/servlet/trlicencias HTTP/1.1" 200 8017
186.103.157.246 - - [23/May/2017:12:40:38 -0300] "GET /cormun/servlet/trlicencias HTTP/1.1" 200 8015
200.112.14.87 - - [23/May/2017:12:40:42 -0300] "POST /cormun/servlet/permisosadjuntos?9d4f89cc6dbc470dd08b4f0c8b47255d,INS,8459773,P,20170523123720,, HTTP/1.1" 200 116
200.112.14.87 - - [23/May/2017:12:40:43 -0300] "GET /cormun/servlet/hpexe_return? HTTP/1.1" 200 1039
200.112.14.87 - - [23/May/2017:12:40:45 -0300] "GET /cormun/servlet/trpermisosadjuntos?8459773,20170523123720,P, HTTP/1.1" 200 6799
186.103.157.246 - - [23/May/2017:12:40:46 -0300] "POST /cormun/servlet/trlicencias?431ec82a14a8c261ab688681f5deffd8,gx-no-cache=1495554102757 HTTP/1.1" 200 4264
186.103.157.246 - - [23/May/2017:12:40:46 -0300] "GET /cormun/static/Shared/jqueryui/images/ui-bg_highlight-soft_100_c6c2c8_1x100.png HTTP/1.1" 404 1117
186.103.157.246 - - [23/May/2017:12:40:46 -0300] "GET /cormun/static/Shared/jqueryui/images/ui-icons_82798d_256x240.png HTTP/1.1" 404 1089
186.103.157.246 - - [23/May/2017:12:40:46 -0300] "GET /cormun/static/Shared/jqueryui/images/ui-bg_flat_55_fafafa_40x100.png HTTP/1.1" 404 1097
186.103.157.246 - - [23/May/2017:12:40:46 -0300] "GET /cormun/static/Shared/jqueryui/images/ui-icons_8d78a5_256x240.png HTTP/1.1" 404 1089
200.112.14.87 - - [23/May/2017:12:40:47 -0300] "GET /cormun/servlet/trpermisosadjuntos?8459773,20170523123720,P, HTTP/1.1" 200 6795
200.112.14.87 - - [23/May/2017:12:41:17 -0300] "POST /cormun/servlet/trpermisosadjuntos?9d4f89cc6dbc470dd08b4f0c8b47255d,8459773,20170523123720,P,,gx-no-cache=1495554133125 HTTP/1.1" 200 90
200.112.14.87 - - [23/May/2017:12:41:17 -0300] "GET /cormun/servlet/hpexe_link HTTP/1.1" 200 984
200.112.14.87 - - [23/May/2017:12:41:18 -0300] "GET /cormun/servlet/trpermisosgoce HTTP/1.1" 200 7932
200.112.14.87 - - [23/May/2017:12:41:19 -0300] "GET /cormun/servlet/trpermisosgoce HTTP/1.1" 200 7930
200.112.14.87 - - [23/May/2017:12:41:25 -0300] "POST /cormun/servlet/trpermisosgoce?9d4f89cc6dbc470dd08b4f0c8b47255d,gx-no-cache=1495554140771 HTTP/1.1" 200 4902
200.112.14.87 - - [23/May/2017:12:41:26 -0300] "GET /cormun/static/Shared/jqueryui/images/ui-bg_highlight-soft_100_c6c2c8_1x100.png HTTP/1.1" 404 1117
200.112.14.87 - - [23/May/2017:12:41:26 -0300] "GET /cormun/static/Shared/jqueryui/images/ui-icons_82798d_256x240.png HTTP/1.1" 404 1089
200.112.14.87 - - [23/May/2017:12:41:27 -0300] "GET /cormun/static/Shared/jqueryui/images/ui-bg_flat_55_fafafa_40x100.png HTTP/1.1" 404 1097
200.112.14.87 - - [23/May/2017:12:41:27 -0300] "GET /cormun/static/Shared/jqueryui/images/ui-icons_8d78a5_256x240.png HTTP/1.1" 404 1089
186.79.90.56 - - [23/May/2017:12:42:47 -0300] "GET /cormun/servlet/trpermisosadjuntos?13500887,20170503161138,P, HTTP/1.1" 200 6290
186.79.90.56 - - [23/May/2017:12:42:49 -0300] "GET /cormun/servlet/trpermisosadjuntos?13500887,20170503161138,P, HTTP/1.1" 200 6291
186.79.90.56 - - [23/May/2017:12:42:52 -0300] "GET /cormun/servlet/permisosadjuntos?INS,13500887,P,20170503161138,, HTTP/1.1" 200 5621
186.79.90.56 - - [23/May/2017:12:42:52 -0300] "GET /cormun/static/about:blank HTTP/1.1" 404 1011
186.79.90.56 - - [23/May/2017:12:42:53 -0300] "GET /cormun/servlet/permisosadjuntos?INS,13500887,P,20170503161138,, HTTP/1.1" 200 5610
186.79.90.56 - - [23/May/2017:12:43:09 -0300] "POST /cormun/servlet/permisosadjuntos?7c1537bc11bf027cebbddee3d8af377f,INS,13500887,P,20170503161138,, HTTP/1.1" 200 116
186.79.90.56 - - [23/May/2017:12:43:09 -0300] "GET /cormun/servlet/hpexe_return? HTTP/1.1" 200 1032
186.79.90.56 - - [23/May/2017:12:43:10 -0300] "GET /cormun/servlet/trpermisosadjuntos?13500887,20170503161138,P, HTTP/1.1" 200 6780
186.79.90.56 - - [23/May/2017:12:43:11 -0300] "GET /cormun/servlet/trpermisosadjuntos?13500887,20170503161138,P, HTTP/1.1" 200 6776
186.79.90.56 - - [23/May/2017:12:43:15 -0300] "POST /cormun/servlet/trpermisosadjuntos?7c1537bc11bf027cebbddee3d8af377f,13500887,20170503161138,P,,gx-no-cache=1495557660246 HTTP/1.1" 200 90
186.79.90.56 - - [23/May/2017:12:43:15 -0300] "GET /cormun/servlet/hpexe_link HTTP/1.1" 200 984
186.79.90.56 - - [23/May/2017:12:43:15 -0300] "GET /cormun/servlet/trautorizarpermisogoce HTTP/1.1" 200 7949
186.79.90.56 - - [23/May/2017:12:43:17 -0300] "GET /cormun/servlet/trautorizarpermisogoce HTTP/1.1" 200 7948
186.79.90.56 - - [23/May/2017:12:43:22 -0300] "GET /cormun/servlet/trpermisosadjuntos?7178861,20170503160939,P, HTTP/1.1" 200 6290
186.79.90.56 - - [23/May/2017:12:43:24 -0300] "GET /cormun/servlet/trpermisosadjuntos?7178861,20170503160939,P, HTTP/1.1" 200 6291
186.79.90.56 - - [23/May/2017:12:43:27 -0300] "GET /cormun/servlet/permisosadjuntos?INS,7178861,P,20170503160939,, HTTP/1.1" 200 5620
186.79.90.56 - - [23/May/2017:12:43:27 -0300] "GET /cormun/static/about:blank HTTP/1.1" 404 1011
186.79.90.56 - - [23/May/2017:12:43:28 -0300] "GET /cormun/servlet/permisosadjuntos?INS,7178861,P,20170503160939,, HTTP/1.1" 200 5610
186.103.248.213 - - [23/May/2017:12:43:33 -0300] "GET /cormun/servlet/apermisogoceprn?17477468,P,20170523123801,PU HTTP/1.1" 200 1672
186.79.90.56 - - [23/May/2017:12:43:46 -0300] "POST /cormun/servlet/permisosadjuntos?7c1537bc11bf027cebbddee3d8af377f,INS,7178861,P,20170503160939,, HTTP/1.1" 200 116
186.79.90.56 - - [23/May/2017:12:43:46 -0300] "GET /cormun/servlet/hpexe_return? HTTP/1.1" 200 1032
186.79.90.56 - - [23/May/2017:12:43:46 -0300] "GET /cormun/servlet/trpermisosadjuntos?7178861,20170503160939,P, HTTP/1.1" 200 6771
186.79.90.56 - - [23/May/2017:12:43:47 -0300] "GET /cormun/servlet/trpermisosadjuntos?7178861,20170503160939,P, HTTP/1.1" 200 6771
200.112.14.87 - - [23/May/2017:12:44:25 -0300] "GET /cormun/servlet/permisogoce?DLT,16338666,P,20170517184658, HTTP/1.1" 200 6772
200.112.14.87 - - [23/May/2017:12:44:26 -0300] "GET /cormun/static/Shared/jqueryui/images/ui-bg_highlight-soft_100_c6c2c8_1x100.png HTTP/1.1" 404 1117
200.112.14.87 - - [23/May/2017:12:44:26 -0300] "GET /cormun/static/Shared/jqueryui/images/ui-icons_82798d_256x240.png HTTP/1.1" 404 1089
200.112.14.87 - - [23/May/2017:12:44:27 -0300] "GET /cormun/static/Shared/jqueryui/images/ui-bg_flat_55_fafafa_40x100.png HTTP/1.1" 404 1097
200.112.14.87 - - [23/May/2017:12:44:27 -0300] "GET /cormun/static/Shared/jqueryui/images/ui-icons_8d78a5_256x240.png HTTP/1.1" 404 1089
200.112.14.87 - - [23/May/2017:12:44:27 -0300] "GET /cormun/servlet/permisogoce?DLT,16338666,P,20170517184658, HTTP/1.1" 200 6775
200.112.14.87 - - [23/May/2017:12:44:30 -0300] "POST /cormun/servlet/permisogoce?9d4f89cc6dbc470dd08b4f0c8b47255d,DLT,16338666,P,20170517184658,,gx-no-cache=1495554326090 HTTP/1.1" 200 4414
200.112.14.87 - - [23/May/2017:12:44:31 -0300] "GET /cormun/static/Shared/jqueryui/images/ui-bg_flat_55_994d53_40x100.png HTTP/1.1" 404 1097
200.112.14.87 - - [23/May/2017:12:44:32 -0300] "GET /cormun/static/Shared/jqueryui/images/ui-icons_ebccce_256x240.png HTTP/1.1" 404 1089
200.112.14.87 - - [23/May/2017:12:44:37 -0300] "POST /cormun/servlet/permisogoce?9d4f89cc6dbc470dd08b4f0c8b47255d,DLT,16338666,P,20170517184658,,gx-no-cache=1495554332788 HTTP/1.1" 200 93
200.112.14.87 - - [23/May/2017:12:44:37 -0300] "GET /cormun/servlet/hpexe_return? HTTP/1.1" 200 1051
200.112.14.87 - - [23/May/2017:12:44:38 -0300] "GET /cormun/servlet/trpermisosgoce?gx-no-cache=1495554140771 HTTP/1.1" 200 7638
200.112.14.87 - - [23/May/2017:12:44:40 -0300] "GET /cormun/servlet/trpermisosgoce?gx-no-cache=1495554140771 HTTP/1.1" 200 7655
200.112.14.87 - - [23/May/2017:12:44:59 -0300] "GET /cormun/servlet/trpermisosadjuntos?16338666,20170517184658,P, HTTP/1.1" 200 6823
200.112.14.87 - - [23/May/2017:12:45:01 -0300] "GET /cormun/servlet/trpermisosadjuntos?16338666,20170517184658,P, HTTP/1.1" 200 6802
186.79.90.56 - - [23/May/2017:12:45:58 -0300] "POST /cormun/servlet/trpermisosadjuntos?7c1537bc11bf027cebbddee3d8af377f,7178861,20170503160939,P,,gx-no-cache=1495557822982 HTTP/1.1" 200 90
186.79.90.56 - - [23/May/2017:12:45:58 -0300] "GET /cormun/servlet/hpexe_link HTTP/1.1" 200 985
186.79.90.56 - - [23/May/2017:12:45:58 -0300] "GET /cormun/servlet/trautorizarpermisogoce HTTP/1.1" 200 7949
186.79.90.56 - - [23/May/2017:12:46:00 -0300] "GET /cormun/servlet/trautorizarpermisogoce HTTP/1.1" 200 7948
186.79.90.56 - - [23/May/2017:12:46:06 -0300] "POST /cormun/servlet/trautorizarpermisogoce?7c1537bc11bf027cebbddee3d8af377f,gx-no-cache=1495557831586 HTTP/1.1" 200 5126
186.79.90.56 - - [23/May/2017:12:46:06 -0300] "GET /cormun/static/Shared/jqueryui/images/ui-icons_82798d_256x240.png HTTP/1.1" 404 1089
186.79.90.56 - - [23/May/2017:12:46:06 -0300] "GET /cormun/static/Shared/jqueryui/images/ui-bg_flat_55_fafafa_40x100.png HTTP/1.1" 404 1097
186.79.90.56 - - [23/May/2017:12:46:07 -0300] "GET /cormun/static/Shared/jqueryui/images/ui-icons_8d78a5_256x240.png HTTP/1.1" 404 1089
186.79.90.56 - - [23/May/2017:12:46:07 -0300] "GET /cormun/static/Shared/jqueryui/images/ui-bg_highlight-soft_100_c6c2c8_1x100.png HTTP/1.1" 404 1117
186.79.90.56 - - [23/May/2017:12:46:09 -0300] "POST /cormun/servlet/trautorizarpermisogoce?7c1537bc11bf027cebbddee3d8af377f,gx-no-cache=1495557834090 HTTP/1.1" 200 4871
192.168.10.89 - - [23/May/2017:12:47:28 -0300] "GET /cormunbeta/servlet/hlogin HTTP/1.1" 200 1720
192.168.10.89 - - [23/May/2017:12:47:28 -0300] "GET /cormunbeta/static/gxcfg.js?201751815463321 HTTP/1.1" 200 953
192.168.10.89 - - [23/May/2017:12:47:28 -0300] "GET /cormunbeta/static/hlogin.js?201751815463337 HTTP/1.1" 200 2136
192.168.10.89 - - [23/May/2017:12:47:32 -0300] "GET /cormun/servlet/hlogin HTTP/1.1" 200 1722
192.168.10.89 - - [23/May/2017:12:47:39 -0300] "POST /cormun/servlet/hlogin?9ce709427680359c2cf1d01cd3d402ad,gx-no-cache=1495554464919 HTTP/1.1" 200 90
192.168.10.89 - - [23/May/2017:12:47:39 -0300] "GET /cormun/servlet/hpexe_link HTTP/1.1" 200 952
192.168.10.89 - - [23/May/2017:12:47:39 -0300] "GET /cormun/servlet/hhome HTTP/1.1" 200 4459
192.168.10.89 - - [23/May/2017:12:47:42 -0300] "GET /cormun/servlet/trsolicitudgral? HTTP/1.1" 200 24460
192.168.10.89 - - [23/May/2017:12:47:48 -0300] "GET /cormun/static/menuarrow.gif HTTP/1.1" 404 1015
192.168.10.89 - - [23/May/2017:12:47:57 -0300] "POST /cormun/servlet/trsolicitudgral?9ce709427680359c2cf1d01cd3d402ad,,gx-no-cache=1495554482262 HTTP/1.1" 200 5467
199.30.24.230 - - [23/May/2017:12:48:00 -0300] "GET /cormun//static/Resources/PXToolsActionDisabled.gif HTTP/1.1" 200 53
200.112.14.87 - - [23/May/2017:12:48:00 -0300] "GET /cormun/servlet/trpermisosadjuntos?16338666,20170517184658,P, HTTP/1.1" 200 6822
200.112.14.87 - - [23/May/2017:12:48:15 -0300] "GET /cormun/servlet/hlogin HTTP/1.1" 200 1729
200.112.14.87 - - [23/May/2017:12:48:30 -0300] "POST /cormun/servlet/hlogin?9d4f89cc6dbc470dd08b4f0c8b47255d,gx-no-cache=1495554566780 HTTP/1.1" 200 90
200.112.14.87 - - [23/May/2017:12:48:30 -0300] "GET /cormun/servlet/hpexe_link HTTP/1.1" 200 984
200.112.14.87 - - [23/May/2017:12:48:31 -0300] "GET /cormun/servlet/trpermisosadjuntos?16338666,20170517184658,P, HTTP/1.1" 200 6802
192.168.10.89 - - [23/May/2017:12:48:44 -0300] "POST /cormun/servlet/trsolicitudgral?9ce709427680359c2cf1d01cd3d402ad,,gx-no-cache=1495554529420 HTTP/1.1" 200 5477
200.112.14.87 - - [23/May/2017:12:48:48 -0300] "GET /cormun/servlet/trpermisosadjuntos?16338666,20170517184658,P, HTTP/1.1" 200 6802
192.168.10.89 - - [23/May/2017:12:48:48 -0300] "GET /cormun/servlet/trconsultaempleado? HTTP/1.1" 200 9709
192.168.10.89 - - [23/May/2017:12:49:01 -0300] "POST /cormun/servlet/trconsultaempleado?9ce709427680359c2cf1d01cd3d402ad,,gx-no-cache=1495554546250 HTTP/1.1" 200 4408
192.168.10.89 - - [23/May/2017:12:49:02 -0300] "GET /cormun/servlet/trsolicitudnombre?16880991, HTTP/1.1" 200 7810
192.168.10.89 - - [23/May/2017:12:49:02 -0300] "GET /cormun/static/gxcfg.js?20173171153130 HTTP/1.1" 304 -
192.168.10.89 - - [23/May/2017:12:49:02 -0300] "GET /cormun/static/trsolicitudnombre.js?2017317115367 HTTP/1.1" 304 -
200.112.14.87 - - [23/May/2017:12:49:15 -0300] "POST /cormun/servlet/trpermisosadjuntos?9d4f89cc6dbc470dd08b4f0c8b47255d,16338666,20170517184658,P,,gx-no-cache=1495554610794 HTTP/1.1" 200 90
200.112.14.87 - - [23/May/2017:12:49:16 -0300] "GET /cormun/servlet/hpexe_link HTTP/1.1" 200 1006
200.112.14.87 - - [23/May/2017:12:49:17 -0300] "GET /cormun/servlet/trpermisosgoce?gx-no-cache=1495554140771 HTTP/1.1" 200 7636
200.112.14.87 - - [23/May/2017:12:49:18 -0300] "GET /cormun/servlet/trpermisosgoce?gx-no-cache=1495554140771 HTTP/1.1" 200 7655
192.168.10.89 - - [23/May/2017:12:49:27 -0300] "GET /cormun/servlet/hlogin HTTP/1.1" 200 1750
192.168.10.89 - - [23/May/2017:12:49:36 -0300] "POST /cormun/servlet/hlogin?9ce709427680359c2cf1d01cd3d402ad,gx-no-cache=1495554581968 HTTP/1.1" 200 461
192.168.10.89 - - [23/May/2017:12:49:41 -0300] "POST /cormun/servlet/hlogin?9ce709427680359c2cf1d01cd3d402ad,gx-no-cache=1495554586333 HTTP/1.1" 200 90
192.168.10.89 - - [23/May/2017:12:49:41 -0300] "GET /cormun/servlet/hpexe_link HTTP/1.1" 200 952
192.168.10.89 - - [23/May/2017:12:49:41 -0300] "GET /cormun/servlet/hhome HTTP/1.1" 200 4030
192.168.10.89 - - [23/May/2017:12:49:45 -0300] "GET /cormun/servlet/trautorizarsolicitud? HTTP/1.1" 200 8216
192.168.10.89 - - [23/May/2017:12:49:45 -0300] "GET /cormun/static/gxcfg.js?2017259112829 HTTP/1.1" 304 -
192.168.10.89 - - [23/May/2017:12:49:45 -0300] "GET /cormun/static/trautorizarsolicitud.js?2017259113483 HTTP/1.1" 304 -
200.112.14.87 - - [23/May/2017:12:49:48 -0300] "GET /cormun/servlet/permisogoce?UPD,16338666,P,20170517184658, HTTP/1.1" 200 6885
192.168.10.89 - - [23/May/2017:12:49:49 -0300] "POST /cormun/servlet/trautorizarsolicitud?9ce709427680359c2cf1d01cd3d402ad,,gx-no-cache=1495554594601 HTTP/1.1" 200 115
192.168.10.89 - - [23/May/2017:12:49:49 -0300] "GET /cormun/servlet/solicitudotlog?INS,2017,6393,0,ANU, HTTP/1.1" 200 5818
192.168.10.89 - - [23/May/2017:12:49:50 -0300] "GET /cormun/servlet/solicitudotlog?9490f8193c259e42bac40a35044ac0ee144635504094c20e957250e2ee3e513a7b41657e2f190058da90dd4aa8d616a0b09ed305ff39e68182494ce59715142696dd3ba796992ae766e907060d703916b5c8eabc34d0f5564a954580fb242b95e8404b133dd26eeec4ac9bab45a1cd8fe551e69ed8dbaddee324398452e5af4003808822483dfc7e87772463b318a6d590fcb27ad8f9549b293d349c9e2b7be4,gx-no-cache=1495554595757 HTTP/1.1" 200 94
200.112.14.87 - - [23/May/2017:12:49:50 -0300] "GET /cormun/servlet/permisogoce?UPD,16338666,P,20170517184658, HTTP/1.1" 200 6865
200.112.14.87 - - [23/May/2017:12:49:51 -0300] "GET /cormun/servlet/permisogoce?dd97d984c3db292fa8663494023e931ff0c09baaa784338a4308330d145b374b88ee031f0ec4c24d2594a0ba32638e75,gx-no-cache=1495554647993 HTTP/1.1" 200 72
200.112.14.87 - - [23/May/2017:12:50:07 -0300] "POST /cormun/servlet/permisogoce?9d4f89cc6dbc470dd08b4f0c8b47255d,UPD,16338666,P,20170517184658,,gx-no-cache=1495554662493 HTTP/1.1" 200 93
200.112.14.87 - - [23/May/2017:12:50:08 -0300] "GET /cormun/servlet/hpexe_return? HTTP/1.1" 200 1051
200.112.14.87 - - [23/May/2017:12:50:09 -0300] "GET /cormun/servlet/trpermisosgoce?gx-no-cache=1495554140771 HTTP/1.1" 200 7638
200.112.14.87 - - [23/May/2017:12:50:13 -0300] "GET /cormun/servlet/trpermisosgoce?gx-no-cache=1495554140771 HTTP/1.1" 200 7655
192.168.10.89 - - [23/May/2017:12:50:14 -0300] "POST /cormun/servlet/solicitudotlog?9ce709427680359c2cf1d01cd3d402ad,INS,2017,6393,0,ANU,,gx-no-cache=1495554620249 HTTP/1.1" 200 93
192.168.10.89 - - [23/May/2017:12:50:14 -0300] "GET /cormun/servlet/hpexe_return? HTTP/1.1" 200 1025
192.168.10.89 - - [23/May/2017:12:50:15 -0300] "GET /cormun/servlet/trautorizarsolicitud HTTP/1.1" 200 8219
200.112.14.87 - - [23/May/2017:12:50:27 -0300] "GET /cormun/servlet/permisogoce?DLT,16338666,P,20170517184658, HTTP/1.1" 200 6796
200.112.14.87 - - [23/May/2017:12:50:28 -0300] "GET /cormun/static/Shared/jqueryui/images/ui-bg_highlight-soft_100_c6c2c8_1x100.png HTTP/1.1" 404 1117
200.112.14.87 - - [23/May/2017:12:50:28 -0300] "GET /cormun/static/Shared/jqueryui/images/ui-icons_82798d_256x240.png HTTP/1.1" 404 1089
200.112.14.87 - - [23/May/2017:12:50:29 -0300] "GET /cormun/static/Shared/jqueryui/images/ui-bg_flat_55_fafafa_40x100.png HTTP/1.1" 404 1097
200.112.14.87 - - [23/May/2017:12:50:29 -0300] "GET /cormun/static/Shared/jqueryui/images/ui-icons_8d78a5_256x240.png HTTP/1.1" 404 1089
200.112.14.87 - - [23/May/2017:12:50:29 -0300] "GET /cormun/servlet/permisogoce?DLT,16338666,P,20170517184658, HTTP/1.1" 200 6775
192.168.10.89 - - [23/May/2017:12:50:30 -0300] "POST /cormun/servlet/trautorizarsolicitud?9ce709427680359c2cf1d01cd3d402ad,gx-no-cache=1495554635369 HTTP/1.1" 200 4303
192.168.10.89 - - [23/May/2017:12:50:30 -0300] "POST /cormun/servlet/trautorizarsolicitud?9ce709427680359c2cf1d01cd3d402ad,gx-no-cache=1495554635632 HTTP/1.1" 200 4090
192.168.10.89 - - [23/May/2017:12:50:30 -0300] "GET /cormun/static/Shared/jqueryui/images/ui-icons_82798d_256x240.png HTTP/1.1" 404 1089
192.168.10.89 - - [23/May/2017:12:50:30 -0300] "GET /cormun/static/Shared/jqueryui/images/ui-icons_8d78a5_256x240.png HTTP/1.1" 404 1089
192.168.10.89 - - [23/May/2017:12:50:30 -0300] "GET /cormun/static/Shared/jqueryui/images/ui-bg_highlight-soft_100_c6c2c8_1x100.png HTTP/1.1" 404 1117
192.168.10.89 - - [23/May/2017:12:50:30 -0300] "GET /cormun/static/Shared/jqueryui/images/ui-bg_flat_55_fafafa_40x100.png HTTP/1.1" 404 1097
200.112.14.87 - - [23/May/2017:12:50:32 -0300] "POST /cormun/servlet/permisogoce?9d4f89cc6dbc470dd08b4f0c8b47255d,DLT,16338666,P,20170517184658,,gx-no-cache=1495554687446 HTTP/1.1" 200 4436
200.112.14.87 - - [23/May/2017:12:50:33 -0300] "GET /cormun/static/Shared/jqueryui/images/ui-bg_flat_55_994d53_40x100.png HTTP/1.1" 404 1097
200.112.14.87 - - [23/May/2017:12:50:33 -0300] "GET /cormun/static/Shared/jqueryui/images/ui-icons_ebccce_256x240.png HTTP/1.1" 404 1089
200.112.14.87 - - [23/May/2017:12:50:39 -0300] "POST /cormun/servlet/permisogoce?9d4f89cc6dbc470dd08b4f0c8b47255d,DLT,16338666,P,20170517184658,,gx-no-cache=1495554695330 HTTP/1.1" 200 93
200.112.14.87 - - [23/May/2017:12:50:39 -0300] "GET /cormun/servlet/hpexe_return? HTTP/1.1" 200 1051
200.112.14.87 - - [23/May/2017:12:50:40 -0300] "GET /cormun/servlet/trpermisosgoce?gx-no-cache=1495554140771 HTTP/1.1" 200 7638
200.112.14.87 - - [23/May/2017:12:50:41 -0300] "GET /cormun/servlet/trpermisosgoce?gx-no-cache=1495554140771 HTTP/1.1" 200 7655
192.168.10.89 - - [23/May/2017:12:50:45 -0300] "GET /cormun/servlet/hlogin HTTP/1.1" 200 1744
200.112.14.87 - - [23/May/2017:12:50:51 -0300] "POST /cormun/servlet/trpermisosgoce?9d4f89cc6dbc470dd08b4f0c8b47255d,gx-no-cache=1495554140771,gx-no-cache=1495554707796 HTTP/1.1" 200 4884
200.112.14.87 - - [23/May/2017:12:50:56 -0300] "POST /cormun/servlet/trpermisosgoce?9d4f89cc6dbc470dd08b4f0c8b47255d,gx-no-cache=1495554140771,gx-no-cache=1495554712536 HTTP/1.1" 200 4884
200.112.14.87 - - [23/May/2017:12:51:04 -0300] "GET /cormun/servlet/trpermisosadjuntos?16338666,20170517184658,P, HTTP/1.1" 200 6823
200.112.14.87 - - [23/May/2017:12:51:06 -0300] "GET /cormun/servlet/trpermisosadjuntos?16338666,20170517184658,P, HTTP/1.1" 200 6803
200.112.14.87 - - [23/May/2017:12:51:14 -0300] "GET /cormun/servlet/permisosadjuntos?DLT,16338666,P,20170517184658,20170518123145, HTTP/1.1" 200 5711
200.112.14.87 - - [23/May/2017:12:51:15 -0300] "GET /cormun/static/Shared/jqueryui/images/ui-bg_highlight-soft_100_c6c2c8_1x100.png HTTP/1.1" 404 1117
200.112.14.87 - - [23/May/2017:12:51:16 -0300] "GET /cormun/static/Shared/jqueryui/images/ui-icons_82798d_256x240.png HTTP/1.1" 404 1089
200.112.14.87 - - [23/May/2017:12:51:16 -0300] "GET /cormun/static/Shared/jqueryui/images/ui-icons_8d78a5_256x240.png HTTP/1.1" 404 1089
200.112.14.87 - - [23/May/2017:12:51:16 -0300] "GET /cormun/static/Shared/jqueryui/images/ui-bg_flat_55_fafafa_40x100.png HTTP/1.1" 404 1097
200.112.14.87 - - [23/May/2017:12:51:17 -0300] "GET /cormun/servlet/permisosadjuntos?DLT,16338666,P,20170517184658,20170518123145, HTTP/1.1" 200 5701
200.112.14.87 - - [23/May/2017:12:51:22 -0300] "POST /cormun/servlet/permisosadjuntos?9d4f89cc6dbc470dd08b4f0c8b47255d,DLT,16338666,P,20170517184658,20170518123145,,gx-no-cache=1495554737638 HTTP/1.1" 200 93
200.112.14.87 - - [23/May/2017:12:51:23 -0300] "GET /cormun/servlet/hpexe_return? HTTP/1.1" 200 1046
200.112.14.87 - - [23/May/2017:12:51:24 -0300] "GET /cormun/servlet/trpermisosadjuntos?16338666,20170517184658,P, HTTP/1.1" 200 6338
200.112.14.87 - - [23/May/2017:12:51:25 -0300] "GET /cormun/servlet/trpermisosadjuntos?16338666,20170517184658,P, HTTP/1.1" 200 6335
200.112.14.87 - - [23/May/2017:12:51:59 -0300] "GET /cormun/servlet/trpermisosgoce? HTTP/1.1" 200 7635
200.112.14.87 - - [23/May/2017:12:52:00 -0300] "GET /cormun/servlet/trpermisosgoce? HTTP/1.1" 200 7634
192.168.10.93 - - [23/May/2017:12:52:21 -0300] "GET /cormunbeta/servlet/trsolicitudsaludot? HTTP/1.1" 200 6758
192.168.10.93 - - [23/May/2017:12:52:22 -0300] "GET /cormunbeta/servlet/trsolicitudsaludot? HTTP/1.1" 200 6757
200.112.14.87 - - [23/May/2017:12:52:24 -0300] "GET /cormun/servlet/permisogoce?UPD,16338666,P,20170517184658, HTTP/1.1" 200 6864
200.112.14.87 - - [23/May/2017:12:52:25 -0300] "GET /cormun/servlet/permisogoce?UPD,16338666,P,20170517184658, HTTP/1.1" 200 6865
200.112.14.87 - - [23/May/2017:12:52:26 -0300] "GET /cormun/servlet/permisogoce?dd97d984c3db292fa8663494023e931ff0c09baaa784338a4308330d145b374b88ee031f0ec4c24d2594a0ba32638e75,gx-no-cache=1495554802896 HTTP/1.1" 200 72
192.168.10.93 - - [23/May/2017:12:52:30 -0300] "GET /cormunbeta/servlet/trlicencias? HTTP/1.1" 200 14234
192.168.10.93 - - [23/May/2017:12:52:31 -0300] "GET /cormunbeta/servlet/trlicencias? HTTP/1.1" 200 14233
200.112.14.87 - - [23/May/2017:12:52:35 -0300] "POST /cormun/servlet/permisogoce?9d4f89cc6dbc470dd08b4f0c8b47255d,UPD,16338666,P,20170517184658,,gx-no-cache=1495554811700 HTTP/1.1" 200 93
200.112.14.87 - - [23/May/2017:12:52:36 -0300] "GET /cormun/servlet/hpexe_return? HTTP/1.1" 200 1030
200.112.14.87 - - [23/May/2017:12:52:37 -0300] "GET /cormun/servlet/trpermisosgoce HTTP/1.1" 200 7638
200.112.14.87 - - [23/May/2017:12:52:38 -0300] "GET /cormun/servlet/trpermisosgoce HTTP/1.1" 200 7634
192.168.10.93 - - [23/May/2017:12:52:46 -0300] "POST /cormunbeta/servlet/trlicencias?5fade77e9b3032c5725db1ad03752e0b,,gx-no-cache=1495554771069 HTTP/1.1" 200 12140
192.168.10.93 - - [23/May/2017:12:52:46 -0300] "GET /cormunbeta/static/Shared/jqueryui/images/ui-bg_highlight-soft_100_c6c2c8_1x100.png HTTP/1.1" 404 1125
192.168.10.93 - - [23/May/2017:12:52:46 -0300] "GET /cormunbeta/static/Shared/jqueryui/images/ui-icons_82798d_256x240.png HTTP/1.1" 404 1097
192.168.10.93 - - [23/May/2017:12:52:46 -0300] "GET /cormunbeta/static/Shared/jqueryui/images/ui-icons_8d78a5_256x240.png HTTP/1.1" 404 1097
192.168.10.93 - - [23/May/2017:12:52:46 -0300] "GET /cormunbeta/static/Shared/jqueryui/images/ui-bg_flat_55_fafafa_40x100.png HTTP/1.1" 404 1105
192.168.10.93 - - [23/May/2017:12:52:52 -0300] "GET /cormunbeta/servlet/trsolicitudsaludot? HTTP/1.1" 200 6755
192.168.10.93 - - [23/May/2017:12:52:53 -0300] "GET /cormunbeta/servlet/trsolicitudsaludot? HTTP/1.1" 200 6755
192.168.10.93 - - [23/May/2017:12:53:05 -0300] "GET /cormunbeta/servlet/solicitudsaludot?INS,0,0, HTTP/1.1" 200 12512
192.168.10.93 - - [23/May/2017:12:53:05 -0300] "GET /cormunbeta/static/gxcfg.js?201751412214868 HTTP/1.1" 200 953
192.168.10.93 - - [23/May/2017:12:53:05 -0300] "GET /cormunbeta/static/solicitudsaludot.js?201751412215041 HTTP/1.1" 304 -
192.168.10.93 - - [23/May/2017:12:53:05 -0300] "GET /cormunbeta/servlet/solicitudsaludot?INS,0,0, HTTP/1.1" 200 12517
192.168.10.93 - - [23/May/2017:12:53:11 -0300] "POST /cormunbeta/servlet/solicitudsaludot?gx-no-cache=1495554796714 HTTP/1.1" 200 3080
200.112.14.87 - - [23/May/2017:12:53:11 -0300] "GET /cormun/servlet/permisogoce?INS,0,,, HTTP/1.1" 200 6807
200.112.14.87 - - [23/May/2017:12:53:13 -0300] "GET /cormun/servlet/permisogoce?INS,0,,, HTTP/1.1" 200 6807
200.112.14.87 - - [23/May/2017:12:53:15 -0300] "GET /cormun/servlet/prfichaempleado?,MD,,gxPopupLevel%3D0%3B HTTP/1.1" 200 8880
192.168.10.93 - - [23/May/2017:12:53:22 -0300] "GET /cormunbeta/servlet/solicitudsaludot?015ce8ccf12b6c3788273688181f1939e2030918d488cea1ddc5ea93203f2fdb57a6d3d64dc4e2ed318441e7a1dda184,gx-no-cache=1495554807356 HTTP/1.1" 200 30
200.112.14.87 - - [23/May/2017:12:53:32 -0300] "POST /cormun/servlet/prfichaempleado?9d4f89cc6dbc470dd08b4f0c8b47255d,,MD,,gxPopupLevel%3D0%3B,gx-no-cache=1495554867330 HTTP/1.1" 200 3463
200.112.14.87 - - [23/May/2017:12:53:36 -0300] "GET /cormun/servlet/permisogoce?dd97d984c3db292fa8663494023e931f957a518ef4f65fbf2a2f6434557c2b7a392e7c09520d5575c029011eea090da7,gx-no-cache=1495554873189 HTTP/1.1" 200 69
192.168.10.89 - - [23/May/2017:12:53:41 -0300] "POST /cormun/servlet/hlogin?9ce709427680359c2cf1d01cd3d402ad,gx-no-cache=1495554826753 HTTP/1.1" 200 456
192.168.10.89 - - [23/May/2017:12:53:46 -0300] "POST /cormun/servlet/hlogin?9ce709427680359c2cf1d01cd3d402ad,gx-no-cache=1495554831889 HTTP/1.1" 200 90
192.168.10.89 - - [23/May/2017:12:53:46 -0300] "GET /cormun/servlet/hpexe_link HTTP/1.1" 200 952
192.168.10.89 - - [23/May/2017:12:53:46 -0300] "GET /cormun/servlet/hhome HTTP/1.1" 200 4459
192.168.10.89 - - [23/May/2017:12:53:50 -0300] "GET /cormun/servlet/trpermisosgeneralesgoce? HTTP/1.1" 200 16296
192.168.10.89 - - [23/May/2017:12:53:55 -0300] "GET /cormun/static/menuarrow.gif HTTP/1.1" 404 1015
192.168.10.89 - - [23/May/2017:12:54:06 -0300] "POST /cormun/servlet/trpermisosgeneralesgoce?9ce709427680359c2cf1d01cd3d402ad,,gx-no-cache=1495554851501 HTTP/1.1" 200 7533
192.168.10.89 - - [23/May/2017:12:54:14 -0300] "POST /cormun/servlet/trpermisosgeneralesgoce?9ce709427680359c2cf1d01cd3d402ad,,gx-no-cache=1495554860216 HTTP/1.1" 200 7697
192.168.10.89 - - [23/May/2017:12:54:27 -0300] "GET /cormun/servlet/trpermisosadjuntos?16338666,20170517184658,P, HTTP/1.1" 200 6763
192.168.10.89 - - [23/May/2017:12:54:27 -0300] "GET /cormun/static/gxcfg.js?201731711542659 HTTP/1.1" 304 -
192.168.10.89 - - [23/May/2017:12:54:30 -0300] "GET /cormun/servlet/trpermisosgeneralesgoce? HTTP/1.1" 200 10681
192.168.10.89 - - [23/May/2017:12:54:37 -0300] "GET /cormun/servlet/trpermisosadjuntos?16338666,20170517184658,P, HTTP/1.1" 200 6763
186.79.90.56 - - [23/May/2017:12:54:44 -0300] "POST /cormun/servlet/trautorizarpermisogoce?7c1537bc11bf027cebbddee3d8af377f,gx-no-cache=1495558349368 HTTP/1.1" 200 4867
192.168.10.89 - - [23/May/2017:12:54:44 -0300] "GET /cormun/servlet/trpermisosgeneralesgoce? HTTP/1.1" 200 10681
192.168.10.89 - - [23/May/2017:12:54:52 -0300] "GET /cormun/servlet/trpermisosadjuntos?16338666,20170517184658,P, HTTP/1.1" 200 6763
192.168.10.89 - - [23/May/2017:12:54:56 -0300] "GET /cormun/servlet/trpermisosgeneralesgoce? HTTP/1.1" 200 10681
192.168.10.89 - - [23/May/2017:12:55:07 -0300] "GET /cormun/servlet/trpermisosadjuntos?9742364,20170328140326,P, HTTP/1.1" 200 7255
192.168.10.89 - - [23/May/2017:12:55:09 -0300] "GET /cormun/PublicTempStorage/claudia_rojas_0017366274.pdf HTTP/1.1" 200 7763794
192.168.10.89 - - [23/May/2017:12:55:10 -0300] "GET /cormun/servlet/trpermisosgeneralesgoce? HTTP/1.1" 200 10681
192.168.10.89 - - [23/May/2017:12:55:15 -0300] "GET /cormun/servlet/trpermisosadjuntos?10607785,20170328124628,P, HTTP/1.1" 200 7256
192.168.10.89 - - [23/May/2017:12:55:16 -0300] "GET /cormun/PublicTempStorage/ximena_0013552917.pdf HTTP/1.1" 200 5972463
192.168.10.89 - - [23/May/2017:12:55:18 -0300] "GET /cormun/servlet/trpermisosgeneralesgoce? HTTP/1.1" 200 10681
192.168.10.89 - - [23/May/2017:12:55:21 -0300] "GET /cormun/servlet/trpermisosadjuntos?15137407,20170324123618,P, HTTP/1.1" 200 7264
192.168.10.89 - - [23/May/2017:12:55:23 -0300] "GET /cormun/PublicTempStorage/maria_alejandra_0013363398.pdf HTTP/1.1" 200 8715766
192.168.10.89 - - [23/May/2017:12:55:25 -0300] "GET /cormun/servlet/trpermisosgeneralesgoce? HTTP/1.1" 200 10681
192.168.10.89 - - [23/May/2017:12:55:28 -0300] "GET /cormun/servlet/trpermisosadjuntos?16338666,20170517184658,P, HTTP/1.1" 200 6763
192.168.10.89 - - [23/May/2017:12:55:32 -0300] "GET /cormun/servlet/trpermisosgeneralesgoce? HTTP/1.1" 200 10681
192.168.10.89 - - [23/May/2017:12:55:34 -0300] "GET /cormun/servlet/hhome HTTP/1.1" 200 4459
186.79.90.56 - - [23/May/2017:12:55:46 -0300] "GET /cormun/servlet/trpermisosadjuntos?8686170,20170509100501,P, HTTP/1.1" 200 6283
186.79.90.56 - - [23/May/2017:12:55:48 -0300] "GET /cormun/servlet/trpermisosadjuntos?8686170,20170509100501,P, HTTP/1.1" 200 6283
186.79.90.56 - - [23/May/2017:12:55:50 -0300] "GET /cormun/servlet/permisosadjuntos?INS,8686170,P,20170509100501,, HTTP/1.1" 200 5613
186.79.90.56 - - [23/May/2017:12:55:50 -0300] "GET /cormun/static/about:blank HTTP/1.1" 404 1011
186.79.90.56 - - [23/May/2017:12:55:51 -0300] "GET /cormun/servlet/permisosadjuntos?INS,8686170,P,20170509100501,, HTTP/1.1" 200 5603
186.79.90.56 - - [23/May/2017:12:56:31 -0300] "POST /cormun/servlet/permisosadjuntos?7c1537bc11bf027cebbddee3d8af377f,INS,8686170,P,20170509100501,, HTTP/1.1" 200 116
186.79.90.56 - - [23/May/2017:12:56:31 -0300] "GET /cormun/servlet/hpexe_return? HTTP/1.1" 200 1031
186.79.90.56 - - [23/May/2017:12:56:32 -0300] "GET /cormun/servlet/trpermisosadjuntos?8686170,20170509100501,P, HTTP/1.1" 200 6761
186.79.90.56 - - [23/May/2017:12:56:33 -0300] "GET /cormun/servlet/trpermisosadjuntos?8686170,20170509100501,P, HTTP/1.1" 200 6758
186.79.90.56 - - [23/May/2017:12:56:39 -0300] "POST /cormun/servlet/trpermisosadjuntos?7c1537bc11bf027cebbddee3d8af377f,8686170,20170509100501,P,,gx-no-cache=1495558462630 HTTP/1.1" 200 90
186.79.90.56 - - [23/May/2017:12:56:39 -0300] "GET /cormun/servlet/hpexe_link HTTP/1.1" 200 1005
186.79.90.56 - - [23/May/2017:12:56:39 -0300] "GET /cormun/servlet/trautorizarpermisogoce?gx-no-cache=1495558349368 HTTP/1.1" 200 7515
186.79.90.56 - - [23/May/2017:12:56:41 -0300] "GET /cormun/servlet/trautorizarpermisogoce?gx-no-cache=1495558349368 HTTP/1.1" 200 7536
186.79.90.56 - - [23/May/2017:12:57:05 -0300] "POST /cormun/servlet/trautorizarpermisogoce?7c1537bc11bf027cebbddee3d8af377f,gx-no-cache=1495558349368,gx-no-cache=1495558489584 HTTP/1.1" 200 4157
186.79.90.56 - - [23/May/2017:12:57:05 -0300] "GET /cormun/static/Shared/jqueryui/images/ui-bg_highlight-soft_100_c6c2c8_1x100.png HTTP/1.1" 404 1117
186.79.90.56 - - [23/May/2017:12:57:05 -0300] "GET /cormun/static/Shared/jqueryui/images/ui-icons_82798d_256x240.png HTTP/1.1" 404 1089
186.79.90.56 - - [23/May/2017:12:57:06 -0300] "GET /cormun/static/Shared/jqueryui/images/ui-bg_flat_55_fafafa_40x100.png HTTP/1.1" 404 1097
186.79.90.56 - - [23/May/2017:12:57:06 -0300] "GET /cormun/static/Shared/jqueryui/images/ui-icons_8d78a5_256x240.png HTTP/1.1" 404 1089
186.103.248.213 - - [23/May/2017:12:57:08 -0300] "GET /cormun/servlet/trinasistencia? HTTP/1.1" 200 6539
186.103.248.213 - - [23/May/2017:12:57:08 -0300] "GET /cormun/static/gxcfg.js?201731711555068 HTTP/1.1" 200 953
186.103.248.213 - - [23/May/2017:12:57:08 -0300] "GET /cormun/static/trinasistencia.js?201731711555548 HTTP/1.1" 200 31481
186.103.248.213 - - [23/May/2017:12:57:08 -0300] "GET /cormun/servlet/trinasistencia? HTTP/1.1" 200 6539
186.103.248.213 - - [23/May/2017:12:57:08 -0300] "GET /cormun/servlet/trinasistencia? HTTP/1.1" 200 6539
186.103.248.213 - - [23/May/2017:12:57:09 -0300] "GET /cormun/servlet/trinasistencia? HTTP/1.1" 200 6539
186.103.248.213 - - [23/May/2017:12:57:10 -0300] "POST /cormun/servlet/acontrolpreferencessavestate?None,CG-22,true HTTP/1.1" 200 35
186.103.248.213 - - [23/May/2017:12:57:11 -0300] "GET /cormun/servlet/inasistencia?INS,0, HTTP/1.1" 200 6505
186.103.248.213 - - [23/May/2017:12:57:11 -0300] "GET /cormun/static/gxcfg.js?20173291215298 HTTP/1.1" 200 953
186.103.248.213 - - [23/May/2017:12:57:11 -0300] "GET /cormun/static/inasistencia.js?201732912152952 HTTP/1.1" 200 25534
186.103.248.213 - - [23/May/2017:12:57:12 -0300] "GET /cormun/servlet/inasistencia?INS,0, HTTP/1.1" 200 6505
186.103.248.213 - - [23/May/2017:12:57:14 -0300] "GET /cormun/servlet/prfichaempleado?,MD,,gxPopupLevel%3D0%3B HTTP/1.1" 200 8774
186.103.248.213 - - [23/May/2017:12:57:56 -0300] "POST /cormun/servlet/prfichaempleado?95e12e9526e69b8dae66bb29da9d66bb,,MD,,gxPopupLevel%3D0%3B,gx-no-cache=1495555132149 HTTP/1.1" 200 3402
186.103.248.213 - - [23/May/2017:12:58:00 -0300] "GET /cormun/servlet/inasistencia?579fb366443744e52aa92514056c13028ea4f846f21f8ec941419dede6e43c7f7545e4fcae67a39c54cd43c80b21350b1291e3eef60d0a94b70a3d6b0cbbefa147594e0f475fa1a03bae4077ee9a60d7da22591618ba217da6a2696af90a9e494dc3870c59c41ed5f022f5bfc136094a8666e6e3bf57e5c7e6de683365557fe5cd897ce3c97623b4a7dc3c92cecaf7219603f3a63cffef596c28b65ff51515c1,gx-no-cache=1495555137339 HTTP/1.1" 200 128
186.103.248.213 - - [23/May/2017:12:58:01 -0300] "GET /cormun/static/menuarrow.gif HTTP/1.1" 404 1015
186.103.248.213 - - [23/May/2017:12:58:03 -0300] "GET /cormun/servlet/inasistencia?579fb366443744e52aa92514056c1302cd52cc31bd8d6ccbd85e4e1c0357a441f09e37389909854b6cf2538718c55c4b,gx-no-cache=1495555139917 HTTP/1.1" 200 33
186.103.248.213 - - [23/May/2017:12:58:05 -0300] "GET /cormun/servlet/inasistencia?579fb366443744e52aa92514056c1302c33fee0c16e412ca7d7ecf28cca3090905b86ee69b7fef2125a7ebb70dcb39f1077b0f091f567a794e266b9d86945e659625e3705feb432568b9fc0b6db811e710b2b7663aa183e7e4a26a36244a7e14978801f34efbd10635d6274016a44114254211cf5b918de93ea6eb57b256c1e4132cdfee8cc62873b1a277b82da607507c0cdbd4d4999ded954cf05bfee90cc8,gx-no-cache=1495555141831 HTTP/1.1" 200 46
192.168.10.93 - - [23/May/2017:12:58:20 -0300] "GET /cormunbeta/servlet/solicitudsaludot?015ce8ccf12b6c3788273688181f1939271911155a5c56e578aada5c0a7f9e7ff1265783ff895ad4e0081b90f3ace83495c5e6fbf649ad24a553cb72157e55b541bd3ec1c4699c30661e30ce2da064a9e9cf615fb96f09dc4932c53d1b48b1a38aa3f0d17ef1da899a46c91f474ee5037f6ab3888e2408a91c69b987cf59c70f305a2a8c943afeb0e341c80d789512a3c7f0eb80a24d4cb07dcbb04d9891c937049b051b230baec636a7671208bfde1b2fddd5006344396f34abe41ded8d7911471ef8095e62b1e36f68f2cf58f5a0cd22a7f6e023ae30a967c74ef3ddd7c7e01e60f84bc7c17cb700171443aab6ce2685166dab91a3eb637174aa2a896d413940957b4572a2d2a17a875eabd71e7543,gx-no-cache=1495555106072 HTTP/1.1" 200 256
186.103.248.213 - - [23/May/2017:12:58:22 -0300] "POST /cormun/servlet/inasistencia?95e12e9526e69b8dae66bb29da9d66bb,INS,0,,gx-no-cache=1495555159050 HTTP/1.1" 200 93
186.103.248.213 - - [23/May/2017:12:58:22 -0300] "GET /cormun/servlet/hpexe_return? HTTP/1.1" 200 1002
186.103.248.213 - - [23/May/2017:12:58:23 -0300] "GET /cormun/servlet/trinasistencia HTTP/1.1" 200 7362
192.168.10.93 - - [23/May/2017:12:58:23 -0300] "GET /cormunbeta/servlet/solicitudsaludot?015ce8ccf12b6c3788273688181f19398df6ab456a482e4103c898671b47958b57c7d59869ff6c77e9c09341dbf5ca3ae753baa7072c526cc956fdef3e7c66faedfaf14c91613cf3ea00a96d910050de52becf0e7438a869ae9816b5cb9ac19ce4f2d7122948295f84c8915ced698206719acd0df0eba84cf35556e477802480db8b988ceb32b97a42fdf1dae832f1767bc9156f9877825e1aef0f7ff430dd1bcf1a99eb45026b8117fdf9e98c858407bc54de455a756849c7a440291a9ef3260a9801076ea3e00d6807e0d4f08434415a81408e98f11ac88d0a686b34f770c244fe1cc7bb8a5a0c504a6faca5c38249,gx-no-cache=1495555108487 HTTP/1.1" 200 30
186.103.248.213 - - [23/May/2017:12:58:23 -0300] "GET /cormun/servlet/trinasistencia HTTP/1.1" 200 7358
192.168.10.93 - - [23/May/2017:12:58:25 -0300] "POST /cormunbeta/servlet/solicitudsaludot?gx-no-cache=1495555110683 HTTP/1.1" 200 30
192.168.10.93 - - [23/May/2017:12:58:28 -0300] "POST /cormunbeta/servlet/solicitudsaludot?gx-no-cache=1495555113479 HTTP/1.1" 200 770
192.168.10.93 - - [23/May/2017:12:58:28 -0300] "POST /cormunbeta/servlet/solicitudsaludot?gx-no-cache=1495555113578 HTTP/1.1" 200 38
186.103.248.213 - - [23/May/2017:12:58:34 -0300] "POST /cormun/servlet/trinasistencia?95e12e9526e69b8dae66bb29da9d66bb,gx-no-cache=1495555170264 HTTP/1.1" 200 3979
186.103.248.213 - - [23/May/2017:12:58:34 -0300] "GET /cormun/static/Shared/jqueryui/images/ui-bg_highlight-soft_100_c6c2c8_1x100.png HTTP/1.1" 404 1117
186.103.248.213 - - [23/May/2017:12:58:34 -0300] "GET /cormun/static/Shared/jqueryui/images/ui-icons_82798d_256x240.png HTTP/1.1" 404 1089
186.103.248.213 - - [23/May/2017:12:58:34 -0300] "GET /cormun/static/Shared/jqueryui/images/ui-bg_flat_55_fafafa_40x100.png HTTP/1.1" 404 1097
186.103.248.213 - - [23/May/2017:12:58:34 -0300] "GET /cormun/static/Shared/jqueryui/images/ui-icons_8d78a5_256x240.png HTTP/1.1" 404 1089
186.103.248.213 - - [23/May/2017:12:58:36 -0300] "GET /cormun/servlet/inasistencia?INS,0, HTTP/1.1" 200 6504
186.103.248.213 - - [23/May/2017:12:58:36 -0300] "GET /cormun/servlet/inasistencia?INS,0, HTTP/1.1" 200 6505
186.103.248.213 - - [23/May/2017:12:58:38 -0300] "GET /cormun/servlet/prfichaempleado?,MD,,gxPopupLevel%3D0%3B HTTP/1.1" 200 8774
186.103.157.235 - - [23/May/2017:12:58:50 -0300] "GET /cormun/servlet/hlogin HTTP/1.1" 200 1713
186.103.157.235 - - [23/May/2017:12:58:50 -0300] "GET /cormun/static/gxcfg.js?201741110203197 HTTP/1.1" 200 953
186.103.157.235 - - [23/May/2017:12:58:51 -0300] "GET /cormun/static/Resources/ComunLogin.png HTTP/1.1" 200 17326
186.103.157.235 - - [23/May/2017:12:58:51 -0300] "GET /cormun/static/Resources/PXToolsLoginTop.png HTTP/1.1" 200 1337
186.103.157.235 - - [23/May/2017:12:58:51 -0300] "GET /cormun/static/Resources/PXToolsLoginBackground.png HTTP/1.1" 200 1164
186.103.157.235 - - [23/May/2017:12:58:51 -0300] "GET /cormun/servlet/hlogin HTTP/1.1" 200 1723
186.103.157.235 - - [23/May/2017:12:58:51 -0300] "GET /cormun/static/Resources/PXToolsLoginBottom.png HTTP/1.1" 200 1389
186.103.157.235 - - [23/May/2017:12:58:51 -0300] "GET /cormun/static/Resources/PXToolsLoginBottom.png HTTP/1.1" 200 1389
186.103.248.213 - - [23/May/2017:12:58:55 -0300] "POST /cormun/servlet/prfichaempleado?95e12e9526e69b8dae66bb29da9d66bb,,MD,,gxPopupLevel%3D0%3B,gx-no-cache=1495555191337 HTTP/1.1" 200 3401
186.103.248.213 - - [23/May/2017:12:58:59 -0300] "GET /cormun/servlet/inasistencia?579fb366443744e52aa92514056c1302a39788e2b510d35e2bde7b4aed02789689cc4936ef9871e41b8142c5dad2ea563ecebff9c0c637fad4a82686994b81d616bc5c9e1239cf310304d97fa1a92f06e5e317db541891f9c273d318a6c63cc5900fcee22133ce1b44df63f6856f84d50fad6272fbdc52ecb0796bce4d633b35d0aee609419517c6ab67e10e72ac2b000a81ceb3a60fa87c40a84eb8d511153c,gx-no-cache=1495555196043 HTTP/1.1" 200 126
186.103.248.213 - - [23/May/2017:12:58:59 -0300] "GET /cormun/static/menuarrow.gif HTTP/1.1" 404 1015
186.103.157.235 - - [23/May/2017:12:59:00 -0300] "POST /cormun/servlet/hlogin?7ed20c4fca3fc822fd7777b84db5dccd,gx-no-cache=1495555197642 HTTP/1.1" 200 90
186.103.157.235 - - [23/May/2017:12:59:00 -0300] "GET /cormun/servlet/hpexe_link HTTP/1.1" 200 944
186.103.157.235 - - [23/May/2017:12:59:01 -0300] "GET /cormun/servlet/hhome HTTP/1.1" 200 3977
186.103.157.235 - - [23/May/2017:12:59:01 -0300] "GET /cormun/static/gxcfg.js?201731711483497 HTTP/1.1" 200 953
186.103.157.235 - - [23/May/2017:12:59:01 -0300] "GET /cormun/static/hhome.js?20173171148352 HTTP/1.1" 200 777
186.103.157.235 - - [23/May/2017:12:59:01 -0300] "GET /cormun/servlet/hhome HTTP/1.1" 200 3974
186.103.248.213 - - [23/May/2017:12:59:02 -0300] "GET /cormun/servlet/inasistencia?579fb366443744e52aa92514056c1302cd52cc31bd8d6ccbd85e4e1c0357a441f09e37389909854b6cf2538718c55c4b,gx-no-cache=1495555198573 HTTP/1.1" 200 33
186.103.248.213 - - [23/May/2017:12:59:04 -0300] "GET /cormun/servlet/inasistencia?579fb366443744e52aa92514056c1302c33fee0c16e412ca7d7ecf28cca309099f887d93f0a616417b1004b2af6e760a077b0f091f567a794e266b9d86945e659625e3705feb432568b9fc0b6db811e710b2b7663aa183e7e4a26a36244a7e14978801f34efbd10635d6274016a44114254211cf5b918de93ea6eb57b256c1e4132cdfee8cc62873b1a277b82da607507c0cdbd4d4999ded954cf05bfee90cc8,gx-no-cache=1495555200931 HTTP/1.1" 200 46
186.103.157.235 - - [23/May/2017:12:59:04 -0300] "GET /cormun/servlet/trsolicitudot? HTTP/1.1" 200 6947
186.103.157.235 - - [23/May/2017:12:59:04 -0300] "GET /cormun/static/gxcfg.js?201731711505139 HTTP/1.1" 200 953
186.103.157.235 - - [23/May/2017:12:59:05 -0300] "GET /cormun/static/trsolicitudot.js?20173171151116 HTTP/1.1" 200 53117
186.103.157.235 - - [23/May/2017:12:59:05 -0300] "GET /cormun/servlet/trsolicitudot? HTTP/1.1" 200 6946
186.103.157.235 - - [23/May/2017:12:59:12 -0300] "GET /cormun/servlet/solicitudot?INS,0,0, HTTP/1.1" 200 12799
186.103.157.235 - - [23/May/2017:12:59:12 -0300] "GET /cormun/static/calendar-system.css?85620 HTTP/1.1" 200 5572
186.103.157.235 - - [23/May/2017:12:59:13 -0300] "GET /cormun/static/Resources/Spanish/PXTools.css?18365030 HTTP/1.1" 200 89042
186.103.157.235 - - [23/May/2017:12:59:13 -0300] "GET /cormun/static/gxcfg.js?20171191042720 HTTP/1.1" 200 953
186.103.157.235 - - [23/May/2017:12:59:13 -0300] "GET /cormun/static/solicitudot.js?2017119104297 HTTP/1.1" 200 63948
186.103.157.235 - - [23/May/2017:12:59:14 -0300] "GET /cormun/servlet/solicitudot?INS,0,0, HTTP/1.1" 200 12804
186.103.248.213 - - [23/May/2017:12:59:15 -0300] "POST /cormun/servlet/inasistencia?95e12e9526e69b8dae66bb29da9d66bb,INS,0,,gx-no-cache=1495555211314 HTTP/1.1" 200 93
186.103.248.213 - - [23/May/2017:12:59:15 -0300] "GET /cormun/servlet/hpexe_return? HTTP/1.1" 200 1022
186.103.248.213 - - [23/May/2017:12:59:15 -0300] "GET /cormun/servlet/trinasistencia?gx-no-cache=1495555170264 HTTP/1.1" 200 7370
186.103.248.213 - - [23/May/2017:12:59:16 -0300] "GET /cormun/servlet/trinasistencia?gx-no-cache=1495555170264 HTTP/1.1" 200 7386
186.103.157.235 - - [23/May/2017:12:59:30 -0300] "POST /cormun/servlet/solicitudot?gx-no-cache=1495555226758 HTTP/1.1" 200 3099
186.103.157.235 - - [23/May/2017:12:59:30 -0300] "POST /cormun/servlet/solicitudot?7ed20c4fca3fc822fd7777b84db5dccd,INS,0,0,,gx-no-cache=1495555227058 HTTP/1.1" 200 9877
186.103.157.235 - - [23/May/2017:12:59:33 -0300] "GET /cormun/servlet/solicitudot?de0e033385d9649bd68f2e3f2a102fcac5d029edf38183110bbe9a4bca8249365afca0066bd49e5d8663023bff4e691e,gx-no-cache=1495555230605 HTTP/1.1" 200 30
186.103.248.213 - - [23/May/2017:12:59:44 -0300] "GET /cormun/servlet/trinasistencia?gx-no-cache=1495555170264 HTTP/1.1" 200 7386
186.103.248.213 - - [23/May/2017:12:59:45 -0300] "GET /cormun/servlet/trinasistencia?gx-no-cache=1495555170264 HTTP/1.1" 200 7386
186.103.248.213 - - [23/May/2017:12:59:56 -0300] "POST /cormun/servlet/trinasistencia?95e12e9526e69b8dae66bb29da9d66bb,gx-no-cache=1495555170264,gx-no-cache=1495555252596 HTTP/1.1" 200 3982
186.103.248.213 - - [23/May/2017:12:59:56 -0300] "GET /cormun/static/Shared/jqueryui/images/ui-bg_highlight-soft_100_c6c2c8_1x100.png HTTP/1.1" 404 1117
186.103.248.213 - - [23/May/2017:12:59:56 -0300] "GET /cormun/static/Shared/jqueryui/images/ui-icons_82798d_256x240.png HTTP/1.1" 404 1089
186.103.248.213 - - [23/May/2017:12:59:56 -0300] "GET /cormun/static/Shared/jqueryui/images/ui-bg_flat_55_fafafa_40x100.png HTTP/1.1" 404 1097
186.103.248.213 - - [23/May/2017:12:59:56 -0300] "GET /cormun/static/Shared/jqueryui/images/ui-icons_8d78a5_256x240.png HTTP/1.1" 404 1089
186.103.248.213 - - [23/May/2017:13:00:01 -0300] "GET /cormun/servlet/trinasistencia? HTTP/1.1" 200 6565
186.103.248.213 - - [23/May/2017:13:00:01 -0300] "GET /cormun/servlet/trinasistencia? HTTP/1.1" 200 6544
186.103.248.213 - - [23/May/2017:13:00:03 -0300] "GET /cormun/servlet/inasistencia?INS,0, HTTP/1.1" 200 6504
192.168.10.93 - - [23/May/2017:13:00:03 -0300] "POST /cormunbeta/servlet/solicitudsaludot?gx-no-cache=1495555208950 HTTP/1.1" 200 990
186.103.248.213 - - [23/May/2017:13:00:03 -0300] "GET /cormun/servlet/inasistencia?INS,0, HTTP/1.1" 200 6504
192.168.10.93 - - [23/May/2017:13:00:12 -0300] "POST /cormunbeta/servlet/solicitudsaludot?gx-no-cache=1495555217551 HTTP/1.1" 200 705
