186.103.159.230 - - [23/May/2017:12:08:59 -0300] "GET /cormun/static/Resources/PXToolsMenuSearchCancel.png HTTP/1.1" 200 2972
186.103.159.230 - - [23/May/2017:12:08:59 -0300] "GET /cormun/static/Resources/PXToolsMenuSearch.png HTTP/1.1" 200 2914
186.103.159.230 - - [23/May/2017:12:08:59 -0300] "GET /cormun/static/menusearch.js?201610171694467 HTTP/1.1" 200 1424
186.103.159.230 - - [23/May/2017:12:08:59 -0300] "GET /cormun/static/hmpwkw011.js?201731711483558 HTTP/1.1" 200 1968
186.103.159.230 - - [23/May/2017:12:09:00 -0300] "GET /cormun/static/prfichaempleado.js?20173191254344 HTTP/1.1" 200 15951
186.79.194.165 - - [23/May/2017:12:09:06 -0300] "GET /cormun/servlet/hlogin HTTP/1.1" 200 1715
186.79.194.165 - - [23/May/2017:12:09:07 -0300] "GET /cormun/servlet/hlogin HTTP/1.1" 200 1725
186.103.159.230 - - [23/May/2017:12:09:20 -0300] "POST /cormun/servlet/prfichaempleado?8ddf221da51fff8d2d4f6a4d3c73d95e,,MD,,gxPopupLevel%3D0%3B,gx-no-cache=1495552218881 HTTP/1.1" 200 3397
186.79.194.165 - - [23/May/2017:12:09:23 -0300] "POST /cormun/servlet/hlogin?25e87be3a0c13119f0fd51399cc1cac0,gx-no-cache=1495552220618 HTTP/1.1" 200 90
186.79.194.165 - - [23/May/2017:12:09:23 -0300] "GET /cormun/servlet/hpexe_link HTTP/1.1" 200 946
186.79.194.165 - - [23/May/2017:12:09:24 -0300] "GET /cormun/servlet/hhome HTTP/1.1" 200 4037
186.103.159.230 - - [23/May/2017:12:09:24 -0300] "GET /cormun/servlet/licenciaspermisos?0c016137c33e10e3887bd113e54818b6b5e2789309289c1ad07c0eed888e1a227cde42a5ee0c434077abdb9e8600894b,gx-no-cache=1495552223284 HTTP/1.1" 200 67
186.103.159.230 - - [23/May/2017:12:09:24 -0300] "POST /cormun/servlet/licenciaspermisos?8ddf221da51fff8d2d4f6a4d3c73d95e,INS,0,,,,gx-no-cache=1495552223333 HTTP/1.1" 200 4612
186.79.194.165 - - [23/May/2017:12:09:25 -0300] "GET /cormun/servlet/hhome HTTP/1.1" 200 4035
186.79.194.165 - - [23/May/2017:12:09:29 -0300] "GET /cormun/servlet/trlicencias? HTTP/1.1" 200 6904
192.168.10.93 - - [23/May/2017:12:09:30 -0300] "GET /cormunbeta/servlet/trvacaciones? HTTP/1.1" 200 5960
192.168.10.93 - - [23/May/2017:12:09:30 -0300] "GET /cormunbeta/servlet/hlogin HTTP/1.1" 200 1746
192.168.10.93 - - [23/May/2017:12:09:30 -0300] "GET /cormunbeta/servlet/trvacaciones? HTTP/1.1" 200 5950
186.79.194.165 - - [23/May/2017:12:09:31 -0300] "GET /cormun/servlet/trlicencias? HTTP/1.1" 200 6902
186.79.194.165 - - [23/May/2017:12:09:33 -0300] "GET /cormun/servlet/licenciaspermisos?INS,0,,, HTTP/1.1" 200 7440
186.79.194.165 - - [23/May/2017:12:09:34 -0300] "GET /cormun/servlet/licenciaspermisos?INS,0,,, HTTP/1.1" 200 7448
192.168.10.93 - - [23/May/2017:12:09:41 -0300] "POST /cormunbeta/servlet/hlogin?5fade77e9b3032c5725db1ad03752e0b,gx-no-cache=1495552187122 HTTP/1.1" 200 90
192.168.10.93 - - [23/May/2017:12:09:41 -0300] "GET /cormunbeta/servlet/hpexe_link HTTP/1.1" 200 959
192.168.10.93 - - [23/May/2017:12:09:42 -0300] "GET /cormunbeta/servlet/hhome HTTP/1.1" 200 3756
192.168.10.93 - - [23/May/2017:12:09:42 -0300] "GET /cormunbeta/servlet/hhome HTTP/1.1" 200 3752
186.79.194.165 - - [23/May/2017:12:09:44 -0300] "GET /cormun/servlet/licenciaspermisos?cc597c8dc7407644ffc4471e058f896a6ad37ef685e750c8999c5a9a71906d52a6e912a31866b668eefd9ef8ce8ca58f,gx-no-cache=1495552241414 HTTP/1.1" 200 59
192.168.10.93 - - [23/May/2017:12:09:44 -0300] "GET /cormunbeta/servlet/trvacaciones? HTTP/1.1" 200 7812
186.79.194.165 - - [23/May/2017:12:09:44 -0300] "POST /cormun/servlet/licenciaspermisos?25e87be3a0c13119f0fd51399cc1cac0,INS,0,,,,gx-no-cache=1495552241501 HTTP/1.1" 200 4609
192.168.10.93 - - [23/May/2017:12:09:44 -0300] "GET /cormunbeta/servlet/trvacaciones? HTTP/1.1" 200 7810
192.168.10.93 - - [23/May/2017:12:09:46 -0300] "GET /cormunbeta/servlet/vacaciones?INS,0, HTTP/1.1" 200 6293
192.168.10.93 - - [23/May/2017:12:09:47 -0300] "GET /cormunbeta/servlet/vacaciones?INS,0, HTTP/1.1" 200 6294
186.79.194.165 - - [23/May/2017:12:10:02 -0300] "GET /cormun/static/menuarrow.gif HTTP/1.1" 404 1015
200.111.191.210 - - [23/May/2017:12:10:25 -0300] "GET /cormun/servlet/licenciaspermisos?d2b66abbe5c386d2c4a505005d6be84322bd650fe1f243a698b94f7e382ee5477cc5579c17156704b1f84003a659960989ff807a17c5a9ecaa36c4a71a6cb1602314d414ebb172284809d84ccc7b9a013c53bcbc777599a336dc89222b4b88b7d06aecd02ffd7ee153555771e2fef0bb693b6bf230682c79a40ebbb9f85818e757ee3067b5451e61964404118fd448dd2f9d61c2e0afdbc0b8399c5ad41d080b2caa8e9315e38104cefdae8562d533aa,gx-no-cache=1495552281859 HTTP/1.1" 200 30
200.111.191.210 - - [23/May/2017:12:10:25 -0300] "GET /cormun/servlet/licenciaspermisos?d2b66abbe5c386d2c4a505005d6be8436eb454461d98163fab806bfe53a7e3a5adaa7c440aeee1f9f7cd42dd5fa0d4cee5e94a82bf5b3a22444db87ca52b959b93e69343eed699560d3993943d8052f02d47f035deb82e730d2d05e10977aab4660ddf91e995409d6bed581d8e80c65ca838056f3cf267069e3f30d87c491c3db2b6d785ecb108480f4630681bf1e7dc5a83f5fca3c74b68c0171608dd22370251b2a04ff2bc74f7ad20097407d868fd,gx-no-cache=1495552282018 HTTP/1.1" 200 29
200.111.191.210 - - [23/May/2017:12:10:25 -0300] "POST /cormun/servlet/licenciaspermisos?a9b029abba78614ad212c3aab6b40d7e,INS,0,,,,gx-no-cache=1495552282098 HTTP/1.1" 200 93
200.111.191.210 - - [23/May/2017:12:10:26 -0300] "GET /cormun/servlet/hpexe_return? HTTP/1.1" 200 1012
200.111.191.210 - - [23/May/2017:12:10:26 -0300] "GET /cormun/servlet/trlicencias HTTP/1.1" 200 7656
200.111.191.210 - - [23/May/2017:12:10:26 -0300] "GET /cormun/servlet/trlicencias HTTP/1.1" 200 7652
200.111.191.210 - - [23/May/2017:12:10:29 -0300] "GET /cormun/servlet/alicenciaprn?18143626,L,20170523000000,PU HTTP/1.1" 200 1530
186.79.90.56 - - [23/May/2017:12:11:04 -0300] "GET /cormun/servlet/trpermisosadjuntos?15125673,20170522173436,P, HTTP/1.1" 200 6111
186.79.90.56 - - [23/May/2017:12:11:07 -0300] "GET /cormun/servlet/trpermisosadjuntos?15125673,20170522173436,P, HTTP/1.1" 200 6111
186.79.90.56 - - [23/May/2017:12:11:10 -0300] "GET /cormun/servlet/permisosadjuntos?INS,15125673,P,20170522173436,, HTTP/1.1" 200 5437
186.79.90.56 - - [23/May/2017:12:11:10 -0300] "GET /cormun/static/about:blank HTTP/1.1" 404 1011
186.79.90.56 - - [23/May/2017:12:11:11 -0300] "GET /cormun/servlet/permisosadjuntos?INS,15125673,P,20170522173436,, HTTP/1.1" 200 5427
200.86.10.241 - - [23/May/2017:12:11:25 -0300] "GET /cormun/servlet/hlogin HTTP/1.1" 200 1731
186.79.90.56 - - [23/May/2017:12:11:29 -0300] "POST /cormun/servlet/permisosadjuntos?7c1537bc11bf027cebbddee3d8af377f,INS,15125673,P,20170522173436,, HTTP/1.1" 200 116
186.79.90.56 - - [23/May/2017:12:11:29 -0300] "GET /cormun/servlet/hpexe_return? HTTP/1.1" 200 1032
186.79.90.56 - - [23/May/2017:12:11:30 -0300] "GET /cormun/servlet/trpermisosadjuntos?15125673,20170522173436,P, HTTP/1.1" 200 6598
186.79.90.56 - - [23/May/2017:12:11:32 -0300] "GET /cormun/servlet/trpermisosadjuntos?15125673,20170522173436,P, HTTP/1.1" 200 6596
186.79.194.165 - - [23/May/2017:12:11:34 -0300] "GET /cormun/servlet/licenciaspermisos?cc597c8dc7407644ffc4471e058f896aa46b19ced7c2e4c67ccfa133bb33453d9db0b6fa29315bc63c91691fc496700ac63cc033ea4e08c016ec647de28f6f95c603496adf6381e7d6d43c711819ca88ed71c418792eedb7c96f5d427d21eb2cbc0a698dab9df5b6b5a02ff3ba8c5055149992dbae53ccf763679eb5c6eee6396a7ad3ba601eeeecfb49fcbffb883037334d8e1be945b4f040226f17dc1eb5cc0f54ffdcb536c4e4f41b9b264010406b,gx-no-cache=1495552351113 HTTP/1.1" 200 30
192.168.10.93 - - [23/May/2017:12:11:34 -0300] "GET /cormunbeta/servlet/trvacaciones? HTTP/1.1" 200 7811
186.79.194.165 - - [23/May/2017:12:11:34 -0300] "GET /cormun/servlet/licenciaspermisos?cc597c8dc7407644ffc4471e058f896a156b40216e7d891907ad0635454807990e96a68871a5f1d469a109090c5958764bca51b4305f3837bcfda4a43f1c34d07642c2d3a44a63431e19cb761a744327aac7695f66d90eac8f7a7fed6581ee3764a6f1da9ba4c645ec06a0aa22aa5cc2673d0c222403dafc694c04c35ae5ae2fea74cd34205ae5d1883097d67c59e63ff5edbad533eb9acfcce97957fd236c819d99a7522fdf414f12595488746eefc7,gx-no-cache=1495552351253 HTTP/1.1" 200 29
192.168.10.93 - - [23/May/2017:12:11:34 -0300] "GET /cormunbeta/servlet/trvacaciones? HTTP/1.1" 200 7810
186.79.194.165 - - [23/May/2017:12:11:34 -0300] "POST /cormun/servlet/licenciaspermisos?25e87be3a0c13119f0fd51399cc1cac0,INS,0,,,,gx-no-cache=1495552351373 HTTP/1.1" 200 93
186.79.194.165 - - [23/May/2017:12:11:34 -0300] "GET /cormun/servlet/hpexe_return? HTTP/1.1" 200 1004
186.79.90.56 - - [23/May/2017:12:11:34 -0300] "POST /cormun/servlet/trpermisosadjuntos?7c1537bc11bf027cebbddee3d8af377f,15125673,20170522173436,P,,gx-no-cache=1495555759911 HTTP/1.1" 200 90
186.79.90.56 - - [23/May/2017:12:11:35 -0300] "GET /cormun/servlet/hpexe_link HTTP/1.1" 200 998
186.79.194.165 - - [23/May/2017:12:11:35 -0300] "GET /cormun/servlet/trlicencias HTTP/1.1" 200 8043
186.79.90.56 - - [23/May/2017:12:11:35 -0300] "GET /cormun/servlet/trpermisosgoce?gx-no-cache=1495555146123 HTTP/1.1" 200 7659
200.86.10.241 - - [23/May/2017:12:11:36 -0300] "POST /cormun/servlet/hlogin?7f0f28c1b1f3261680bb08c67c69e3d6,gx-no-cache=1495552353305 HTTP/1.1" 200 90
200.86.10.241 - - [23/May/2017:12:11:36 -0300] "GET /cormun/servlet/hpexe_link HTTP/1.1" 200 956
186.79.194.165 - - [23/May/2017:12:11:36 -0300] "GET /cormun/servlet/trlicencias HTTP/1.1" 200 8039
200.86.10.241 - - [23/May/2017:12:11:36 -0300] "GET /cormun/static/hpexe_link.js?201731711483384 HTTP/1.1" 200 625
200.86.10.241 - - [23/May/2017:12:11:36 -0300] "GET /cormun/servlet/hhome HTTP/1.1" 200 3783
186.79.90.56 - - [23/May/2017:12:11:37 -0300] "GET /cormun/servlet/trpermisosgoce?gx-no-cache=1495555146123 HTTP/1.1" 200 7678
200.86.10.241 - - [23/May/2017:12:11:37 -0300] "GET /cormun/servlet/hhome HTTP/1.1" 200 3779
200.86.10.241 - - [23/May/2017:12:11:43 -0300] "GET /cormun/servlet/trlicencias? HTTP/1.1" 200 6620
186.79.90.56 - - [23/May/2017:12:11:43 -0300] "POST /cormun/servlet/trpermisosgoce?7c1537bc11bf027cebbddee3d8af377f,gx-no-cache=1495555146123,gx-no-cache=1495555768083 HTTP/1.1" 200 4704
200.86.10.241 - - [23/May/2017:12:11:43 -0300] "GET /cormun/static/gxcfg.js?201741111445981 HTTP/1.1" 304 -
192.168.10.93 - - [23/May/2017:12:11:43 -0300] "GET /cormunbeta/servlet/avacacionesprn?8,PU HTTP/1.1" 200 1708
200.86.10.241 - - [23/May/2017:12:11:43 -0300] "GET /cormun/static/calendar.js?85251 HTTP/1.1" 304 -
200.86.10.241 - - [23/May/2017:12:11:43 -0300] "GET /cormun/static/calendar-setup.js?85251 HTTP/1.1" 304 -
200.86.10.241 - - [23/May/2017:12:11:43 -0300] "GET /cormun/static/calendar-es.js?85251 HTTP/1.1" 304 -
186.79.90.56 - - [23/May/2017:12:11:43 -0300] "GET /cormun/static/Shared/jqueryui/images/ui-bg_highlight-soft_100_c6c2c8_1x100.png HTTP/1.1" 404 1117
200.86.10.241 - - [23/May/2017:12:11:43 -0300] "GET /cormun/static/gxdec.js?85251 HTTP/1.1" 304 -
200.86.10.241 - - [23/May/2017:12:11:43 -0300] "GET /cormun/static/trlicencias.js?20174111145440 HTTP/1.1" 304 -
186.79.90.56 - - [23/May/2017:12:11:43 -0300] "GET /cormun/static/Shared/jqueryui/images/ui-icons_82798d_256x240.png HTTP/1.1" 404 1089
186.79.90.56 - - [23/May/2017:12:11:43 -0300] "GET /cormun/static/Shared/jqueryui/images/ui-bg_flat_55_fafafa_40x100.png HTTP/1.1" 404 1097
186.79.90.56 - - [23/May/2017:12:11:43 -0300] "GET /cormun/static/Shared/jqueryui/images/ui-icons_8d78a5_256x240.png HTTP/1.1" 404 1089
200.86.10.241 - - [23/May/2017:12:11:43 -0300] "GET /cormun/servlet/trlicencias? HTTP/1.1" 200 6619
192.168.10.93 - - [23/May/2017:12:11:55 -0300] "GET /cormunbeta/servlet/trpermisosgoce? HTTP/1.1" 200 7780
192.168.10.93 - - [23/May/2017:12:11:55 -0300] "GET /cormunbeta/static/gxcfg.js?201752220511245 HTTP/1.1" 200 953
192.168.10.93 - - [23/May/2017:12:11:55 -0300] "GET /cormunbeta/static/trpermisosgoce.js?20175222051187 HTTP/1.1" 200 35859
192.168.10.93 - - [23/May/2017:12:11:56 -0300] "GET /cormunbeta/servlet/trpermisosgoce? HTTP/1.1" 200 7779
192.168.10.93 - - [23/May/2017:12:12:00 -0300] "GET /cormunbeta/servlet/permisogoce?INS,0,,, HTTP/1.1" 200 6590
192.168.10.93 - - [23/May/2017:12:12:00 -0300] "GET /cormunbeta/static/gxcfg.js?20175222051787 HTTP/1.1" 200 953
192.168.10.93 - - [23/May/2017:12:12:00 -0300] "GET /cormunbeta/static/permisogoce.js?20175222051852 HTTP/1.1" 200 27898
192.168.10.93 - - [23/May/2017:12:12:00 -0300] "GET /cormunbeta/servlet/permisogoce?INS,0,,, HTTP/1.1" 200 6587
192.168.10.93 - - [23/May/2017:12:12:02 -0300] "GET /cormunbeta/servlet/prfichaempleado?,MD,,gxPopupLevel%3D0%3B HTTP/1.1" 200 8788
186.79.194.165 - - [23/May/2017:12:12:04 -0300] "GET /cormun/servlet/alicenciaprn?12693676,L,20170523000000,PU HTTP/1.1" 200 1537
186.79.90.56 - - [23/May/2017:12:12:10 -0300] "GET /cormun/servlet/trpermisosadjuntos?13302239,20170518094021,P, HTTP/1.1" 200 6131
200.86.10.241 - - [23/May/2017:12:12:10 -0300] "GET /cormun/servlet/licenciaspermisos?INS,0,,, HTTP/1.1" 200 7170
200.86.10.241 - - [23/May/2017:12:12:10 -0300] "GET /cormun/static/gxcfg.js?201741111445322 HTTP/1.1" 304 -
200.86.10.241 - - [23/May/2017:12:12:10 -0300] "GET /cormun/static/licenciaspermisos.js?201741111445392 HTTP/1.1" 304 -
200.86.10.241 - - [23/May/2017:12:12:10 -0300] "GET /cormun/servlet/licenciaspermisos?INS,0,,, HTTP/1.1" 200 7170
192.168.10.93 - - [23/May/2017:12:12:11 -0300] "POST /cormunbeta/servlet/prfichaempleado?5fade77e9b3032c5725db1ad03752e0b,,MD,,gxPopupLevel%3D0%3B,gx-no-cache=1495552336434 HTTP/1.1" 200 3679
186.79.90.56 - - [23/May/2017:12:12:12 -0300] "GET /cormun/servlet/trpermisosadjuntos?13302239,20170518094021,P, HTTP/1.1" 200 6112
186.79.90.56 - - [23/May/2017:12:12:14 -0300] "GET /cormun/servlet/permisosadjuntos?INS,13302239,P,20170518094021,, HTTP/1.1" 200 5439
192.168.10.93 - - [23/May/2017:12:12:14 -0300] "GET /cormunbeta/servlet/permisogoce?158c52ad1635710b0565d72614dc561d36ca170a552112149d8172514ff137656499f374afabfa8fd4ec000d03161d5c5627a99d88c4058a017e3d3df25cecd2,gx-no-cache=1495552339963 HTTP/1.1" 200 180
192.168.10.93 - - [23/May/2017:12:12:14 -0300] "GET /cormunbeta/static/Shared/jqueryui/images/ui-icons_82798d_256x240.png HTTP/1.1" 404 1097
192.168.10.93 - - [23/May/2017:12:12:14 -0300] "GET /cormunbeta/static/Shared/jqueryui/images/ui-bg_highlight-soft_100_c6c2c8_1x100.png HTTP/1.1" 404 1125
192.168.10.93 - - [23/May/2017:12:12:14 -0300] "GET /cormunbeta/static/Shared/jqueryui/images/ui-icons_ebccce_256x240.png HTTP/1.1" 404 1097
192.168.10.93 - - [23/May/2017:12:12:14 -0300] "GET /cormunbeta/static/Shared/jqueryui/images/ui-bg_flat_55_994d53_40x100.png HTTP/1.1" 404 1105
186.79.90.56 - - [23/May/2017:12:12:14 -0300] "GET /cormun/static/about:blank HTTP/1.1" 404 1011
186.79.90.56 - - [23/May/2017:12:12:16 -0300] "GET /cormun/servlet/permisosadjuntos?INS,13302239,P,20170518094021,, HTTP/1.1" 200 5431
192.168.10.93 - - [23/May/2017:12:12:19 -0300] "GET /cormunbeta/servlet/prfichaempleado?,MD,,gxPopupLevel%3D0%3B HTTP/1.1" 200 8788
200.86.10.241 - - [23/May/2017:12:12:20 -0300] "GET /cormun/servlet/prfichaempleado?,MD,,gxPopupLevel%3D0%3B HTTP/1.1" 200 8793
200.86.10.241 - - [23/May/2017:12:12:20 -0300] "GET /cormun/static/gxcfg.js?2017319125415 HTTP/1.1" 304 -
192.168.10.93 - - [23/May/2017:12:12:33 -0300] "POST /cormunbeta/servlet/prfichaempleado?5fade77e9b3032c5725db1ad03752e0b,,MD,,gxPopupLevel%3D0%3B,gx-no-cache=1495552358653 HTTP/1.1" 200 3408
200.86.10.241 - - [23/May/2017:12:12:33 -0300] "POST /cormun/servlet/prfichaempleado?7f0f28c1b1f3261680bb08c67c69e3d6,,MD,,gxPopupLevel%3D0%3B,gx-no-cache=1495552410015 HTTP/1.1" 200 3412
192.168.10.93 - - [23/May/2017:12:12:36 -0300] "GET /cormunbeta/servlet/permisogoce?158c52ad1635710b0565d72614dc561d9920c420f0ef244d6ceb3a8199ee64e66499f374afabfa8fd4ec000d03161d5c5627a99d88c4058a017e3d3df25cecd2,gx-no-cache=1495552361858 HTTP/1.1" 200 179
200.86.10.241 - - [23/May/2017:12:12:37 -0300] "GET /cormun/servlet/licenciaspermisos?1e3c03423b6aaef45a0b0e0ab2bcfcdad913d0e86f6352d8dda44760a06978bd423d27fe37c01e818281159a4549102e,gx-no-cache=1495552414305 HTTP/1.1" 200 67
200.86.10.241 - - [23/May/2017:12:12:37 -0300] "POST /cormun/servlet/licenciaspermisos?7f0f28c1b1f3261680bb08c67c69e3d6,INS,0,,,,gx-no-cache=1495552414399 HTTP/1.1" 200 4429
192.168.10.93 - - [23/May/2017:12:12:41 -0300] "GET /cormunbeta/servlet/prfichaempleado?,MD,,gxPopupLevel%3D0%3B HTTP/1.1" 200 8788
186.79.194.165 - - [23/May/2017:12:12:41 -0300] "GET /cormun/servlet/trlicenciaspermisosadjuntos?12693676,20170523000000,L, HTTP/1.1" 200 6389
186.79.194.165 - - [23/May/2017:12:12:42 -0300] "GET /cormun/static/gxcfg.js?20173171154619 HTTP/1.1" 200 953
186.79.194.165 - - [23/May/2017:12:12:43 -0300] "GET /cormun/servlet/trlicenciaspermisosadjuntos?12693676,20170523000000,L, HTTP/1.1" 200 6389
186.79.194.165 - - [23/May/2017:12:12:46 -0300] "GET /cormun/servlet/licenciaspermisosadjuntos?INS,12693676,L,20170523000000,, HTTP/1.1" 200 5681
186.79.194.165 - - [23/May/2017:12:12:46 -0300] "GET /cormun/static/gxcfg.js?201731711421170 HTTP/1.1" 200 953
186.79.194.165 - - [23/May/2017:12:12:46 -0300] "GET /cormun/static/about:blank HTTP/1.1" 404 1011
186.79.194.165 - - [23/May/2017:12:12:47 -0300] "GET /cormun/servlet/licenciaspermisosadjuntos?INS,12693676,L,20170523000000,, HTTP/1.1" 200 5671
192.168.10.93 - - [23/May/2017:12:12:51 -0300] "POST /cormunbeta/servlet/prfichaempleado?5fade77e9b3032c5725db1ad03752e0b,,MD,,gxPopupLevel%3D0%3B,gx-no-cache=1495552377034 HTTP/1.1" 200 3404
192.168.10.93 - - [23/May/2017:12:12:54 -0300] "GET /cormunbeta/servlet/permisogoce?158c52ad1635710b0565d72614dc561d0d62dd00d0b18b3b5de8328e017ec5c86499f374afabfa8fd4ec000d03161d5c5627a99d88c4058a017e3d3df25cecd2,gx-no-cache=1495552379920 HTTP/1.1" 200 175
186.103.159.188 - - [23/May/2017:12:13:00 -0300] "GET /cormun/static/menuarrow.gif HTTP/1.1" 404 1015
186.79.194.165 - - [23/May/2017:12:13:05 -0300] "POST /cormun/servlet/licenciaspermisosadjuntos?25e87be3a0c13119f0fd51399cc1cac0,INS,12693676,L,20170523000000,, HTTP/1.1" 200 116
186.79.194.165 - - [23/May/2017:12:13:06 -0300] "GET /cormun/servlet/hpexe_return? HTTP/1.1" 200 1035
186.79.194.165 - - [23/May/2017:12:13:07 -0300] "GET /cormun/servlet/trlicenciaspermisosadjuntos?12693676,20170523000000,L, HTTP/1.1" 200 6889
186.79.194.165 - - [23/May/2017:12:13:08 -0300] "GET /cormun/servlet/trlicenciaspermisosadjuntos?12693676,20170523000000,L, HTTP/1.1" 200 6886
186.103.159.230 - - [23/May/2017:12:13:09 -0300] "GET /cormun/servlet/licenciaspermisos?0c016137c33e10e3887bd113e54818b63300835b5c441284414c321c308a22cf7b923bed09d949e6d3d90ef442bc6be6487f9e1c04b65c230b89f81e8f2f35139d5cfb3589252cfafe850e0479ec96e51bb43be9f6ce93c774ac1195737700bcf701ce5f2640df7a5991138b2c426d0cbd5473d466e64f7e5ce5887342c7df59aaac96bf06a3df1bb1d021d7abe98300c92b315515c861ff1bfb5fcd520b3cc44ea89e4d7ae2584747434f00bda04424,gx-no-cache=1495552448155 HTTP/1.1" 200 30
186.103.159.230 - - [23/May/2017:12:13:09 -0300] "GET /cormun/servlet/licenciaspermisos?0c016137c33e10e3887bd113e54818b67e80dc7664f2af934b2c4c30e5cfd2f283bf8e9a43c57f19a8fe984a9e0fdb12dbcc8d90cdde932ae706e752dbf8a410a167ff2300cd6c4268e408f737fd574842f0bbe6c27119afe768f297393405f2184430c100d66bd18ee3eadb2f694aa334ab99d64641b6b6388f20366a1c17fc0ac0d2f429986a3b30bd710c7f67f5745e7a9374e103cd21daade98db22bd001baec5ddbd571767450682317b98a6606,gx-no-cache=1495552448517 HTTP/1.1" 200 29
186.103.159.230 - - [23/May/2017:12:13:10 -0300] "POST /cormun/servlet/licenciaspermisos?8ddf221da51fff8d2d4f6a4d3c73d95e,INS,0,,,,gx-no-cache=1495552448578 HTTP/1.1" 200 93
186.103.159.230 - - [23/May/2017:12:13:10 -0300] "GET /cormun/servlet/hpexe_return? HTTP/1.1" 200 1007
186.103.159.230 - - [23/May/2017:12:13:10 -0300] "GET /cormun/static/gxcfg.js?2016101716175148 HTTP/1.1" 200 953
186.103.159.230 - - [23/May/2017:12:13:10 -0300] "GET /cormun/static/hpexe_return.js?2016101716175153 HTTP/1.1" 200 1633
186.103.159.230 - - [23/May/2017:12:13:10 -0300] "GET /cormun/static/Resources/Spanish/PXTools.css?167811 HTTP/1.1" 200 89042
186.103.159.230 - - [23/May/2017:12:13:10 -0300] "GET /cormun/servlet/trlicencias HTTP/1.1" 200 7965
186.103.159.230 - - [23/May/2017:12:13:11 -0300] "GET /cormun//static/Resources/PXToolsGridUpdate.png HTTP/1.1" 200 2984
186.103.159.230 - - [23/May/2017:12:13:11 -0300] "GET /cormun//static/Resources/PXToolsGridDelete.png HTTP/1.1" 200 357
186.103.159.230 - - [23/May/2017:12:13:11 -0300] "GET /cormun//static/Resources/PXToolsHeaderHelp.png HTTP/1.1" 200 4055
186.103.159.230 - - [23/May/2017:12:13:11 -0300] "GET /cormun//static/Resources/PXToolsHeaderFavorites.png HTTP/1.1" 200 2744
186.103.159.230 - - [23/May/2017:12:13:11 -0300] "GET /cormun//static/Resources/PXToolsGridDisplay.png HTTP/1.1" 200 362
186.103.159.230 - - [23/May/2017:12:13:11 -0300] "GET /cormun//static/Resources/PXToolsActionPrint.png HTTP/1.1" 200 3317
186.103.159.230 - - [23/May/2017:12:13:11 -0300] "GET /cormun//static/Resources/PXTools/ActionInsert.png HTTP/1.1" 200 1482
186.103.159.230 - - [23/May/2017:12:13:11 -0300] "GET /cormun/servlet/trlicencias HTTP/1.1" 200 7961
186.79.194.165 - - [23/May/2017:12:13:13 -0300] "POST /cormun/servlet/trlicenciaspermisosadjuntos?25e87be3a0c13119f0fd51399cc1cac0,12693676,20170523000000,L,,gx-no-cache=1495552448947 HTTP/1.1" 200 90
186.79.194.165 - - [23/May/2017:12:13:13 -0300] "GET /cormun/servlet/hpexe_link HTTP/1.1" 200 979
186.79.194.165 - - [23/May/2017:12:13:13 -0300] "GET /cormun/servlet/trlicencias HTTP/1.1" 200 8041
186.79.194.165 - - [23/May/2017:12:13:14 -0300] "GET /cormun/servlet/trlicencias HTTP/1.1" 200 8039
186.103.159.230 - - [23/May/2017:12:13:17 -0300] "GET /cormun/servlet/trlicenciaspermisosadjuntos?9195811,20170523000000,L, HTTP/1.1" 200 6330
186.103.159.230 - - [23/May/2017:12:13:17 -0300] "GET /cormun/static/gxcfg.js?20173171154619 HTTP/1.1" 200 953
186.103.159.230 - - [23/May/2017:12:13:17 -0300] "GET /cormun/static/trlicenciaspermisosadjuntos.js?20173171154971 HTTP/1.1" 200 21005
186.103.159.230 - - [23/May/2017:12:13:17 -0300] "GET /cormun/servlet/trlicenciaspermisosadjuntos?9195811,20170523000000,L, HTTP/1.1" 200 6330
186.79.194.165 - - [23/May/2017:12:13:18 -0300] "POST /cormun/servlet/trlicencias?25e87be3a0c13119f0fd51399cc1cac0,gx-no-cache=1495552455406 HTTP/1.1" 200 4207
186.79.194.165 - - [23/May/2017:12:13:19 -0300] "GET /cormun/static/Shared/jqueryui/images/ui-bg_highlight-soft_100_c6c2c8_1x100.png HTTP/1.1" 404 1117
186.79.194.165 - - [23/May/2017:12:13:19 -0300] "GET /cormun/static/Shared/jqueryui/images/ui-icons_82798d_256x240.png HTTP/1.1" 404 1089
186.79.194.165 - - [23/May/2017:12:13:19 -0300] "GET /cormun/static/Shared/jqueryui/images/ui-bg_flat_55_fafafa_40x100.png HTTP/1.1" 404 1097
186.79.194.165 - - [23/May/2017:12:13:19 -0300] "GET /cormun/static/Shared/jqueryui/images/ui-icons_8d78a5_256x240.png HTTP/1.1" 404 1089
186.103.159.230 - - [23/May/2017:12:13:22 -0300] "GET /cormun/servlet/licenciaspermisosadjuntos?INS,9195811,L,20170523000000,, HTTP/1.1" 200 5621
186.103.159.230 - - [23/May/2017:12:13:22 -0300] "GET /cormun/static/gxcfg.js?201731711421170 HTTP/1.1" 200 953
186.103.159.230 - - [23/May/2017:12:13:22 -0300] "GET /cormun/static/licenciaspermisosadjuntos.js?201731711421181 HTTP/1.1" 200 8757
186.103.159.230 - - [23/May/2017:12:13:22 -0300] "GET /cormun/static/about:blank HTTP/1.1" 404 1011
186.103.159.230 - - [23/May/2017:12:13:22 -0300] "GET /cormun/servlet/licenciaspermisosadjuntos?INS,9195811,L,20170523000000,, HTTP/1.1" 200 5610
192.168.10.93 - - [23/May/2017:12:13:23 -0300] "GET /cormunbeta/servlet/trpermisosingoce? HTTP/1.1" 200 7513
192.168.10.93 - - [23/May/2017:12:13:23 -0300] "GET /cormunbeta/static/gxcfg.js?201742714253516 HTTP/1.1" 200 953
192.168.10.93 - - [23/May/2017:12:13:23 -0300] "GET /cormunbeta/static/trpermisosingoce.js?201742714253970 HTTP/1.1" 304 -
192.168.10.93 - - [23/May/2017:12:13:23 -0300] "GET /cormunbeta/servlet/trpermisosingoce? HTTP/1.1" 200 7508
192.168.10.93 - - [23/May/2017:12:13:25 -0300] "GET /cormunbeta/servlet/permisosingoce?INS,0, HTTP/1.1" 200 6536
192.168.10.93 - - [23/May/2017:12:13:25 -0300] "GET /cormunbeta/static/gxcfg.js?20174271130447 HTTP/1.1" 200 953
192.168.10.93 - - [23/May/2017:12:13:25 -0300] "GET /cormunbeta/static/permisosingoce.js?201742711304458 HTTP/1.1" 304 -
192.168.10.93 - - [23/May/2017:12:13:26 -0300] "GET /cormunbeta/servlet/permisosingoce?INS,0, HTTP/1.1" 200 6537
192.168.10.93 - - [23/May/2017:12:13:27 -0300] "GET /cormunbeta/servlet/prfichaempleado?,MD,,gxPopupLevel%3D0%3B HTTP/1.1" 200 8788
186.79.194.165 - - [23/May/2017:12:13:29 -0300] "GET /cormun/servlet/hlogin HTTP/1.1" 200 1730
192.168.10.93 - - [23/May/2017:12:13:36 -0300] "POST /cormunbeta/servlet/prfichaempleado?5fade77e9b3032c5725db1ad03752e0b,,MD,,gxPopupLevel%3D0%3B,gx-no-cache=1495552421568 HTTP/1.1" 200 3406
192.168.10.93 - - [23/May/2017:12:13:39 -0300] "GET /cormunbeta/servlet/permisosingoce?52eb29fbb2aeb2e573a789491ea536aa5438f12c2b121bf4038f358a720ce2bd9e2f2f0bcbcf40a9f34182d8f0eb602d,gx-no-cache=1495552424746 HTTP/1.1" 200 181
192.168.10.93 - - [23/May/2017:12:13:39 -0300] "GET /cormunbeta/static/Shared/jqueryui/images/ui-icons_82798d_256x240.png HTTP/1.1" 404 1097
192.168.10.93 - - [23/May/2017:12:13:39 -0300] "GET /cormunbeta/static/Shared/jqueryui/images/ui-bg_highlight-soft_100_c6c2c8_1x100.png HTTP/1.1" 404 1125
192.168.10.93 - - [23/May/2017:12:13:39 -0300] "GET /cormunbeta/static/Shared/jqueryui/images/ui-bg_flat_55_994d53_40x100.png HTTP/1.1" 404 1105
192.168.10.93 - - [23/May/2017:12:13:39 -0300] "GET /cormunbeta/static/Shared/jqueryui/images/ui-icons_ebccce_256x240.png HTTP/1.1" 404 1097
192.168.10.93 - - [23/May/2017:12:13:48 -0300] "GET /cormunbeta/servlet/prfichaempleado?,MD,,gxPopupLevel%3D0%3B HTTP/1.1" 200 8788
186.103.159.230 - - [23/May/2017:12:13:53 -0300] "POST /cormun/servlet/licenciaspermisosadjuntos?8ddf221da51fff8d2d4f6a4d3c73d95e,INS,9195811,L,20170523000000,, HTTP/1.1" 200 116
186.103.159.230 - - [23/May/2017:12:13:53 -0300] "GET /cormun/servlet/hpexe_return? HTTP/1.1" 200 1037
186.103.159.230 - - [23/May/2017:12:13:54 -0300] "GET /cormun/servlet/trlicenciaspermisosadjuntos?9195811,20170523000000,L, HTTP/1.1" 200 6799
186.103.159.230 - - [23/May/2017:12:13:54 -0300] "GET /cormun/servlet/trlicenciaspermisosadjuntos?9195811,20170523000000,L, HTTP/1.1" 200 6796
186.103.159.230 - - [23/May/2017:12:13:59 -0300] "GET /cormun/servlet/trlicencias? HTTP/1.1" 200 7962
186.103.159.230 - - [23/May/2017:12:13:59 -0300] "GET /cormun/servlet/trlicencias? HTTP/1.1" 200 7961
186.103.159.230 - - [23/May/2017:12:14:04 -0300] "POST /cormun/servlet/trlicencias?8ddf221da51fff8d2d4f6a4d3c73d95e,,gx-no-cache=1495552502650 HTTP/1.1" 200 4221
186.103.159.230 - - [23/May/2017:12:14:04 -0300] "GET /cormun/static/Shared/jqueryui/images/ui-bg_highlight-soft_100_c6c2c8_1x100.png HTTP/1.1" 404 1117
186.103.159.230 - - [23/May/2017:12:14:04 -0300] "GET /cormun/static/Shared/jqueryui/images/ui-icons_82798d_256x240.png HTTP/1.1" 404 1089
186.103.159.230 - - [23/May/2017:12:14:04 -0300] "GET /cormun/static/Shared/jqueryui/images/ui-icons_8d78a5_256x240.png HTTP/1.1" 404 1089
186.103.159.230 - - [23/May/2017:12:14:05 -0300] "GET /cormun/static/Shared/jqueryui/images/ui-bg_flat_55_fafafa_40x100.png HTTP/1.1" 404 1097
192.168.10.93 - - [23/May/2017:12:14:14 -0300] "POST /cormunbeta/servlet/prfichaempleado?5fade77e9b3032c5725db1ad03752e0b,,MD,,gxPopupLevel%3D0%3B,gx-no-cache=1495552459279 HTTP/1.1" 200 3410
192.168.10.93 - - [23/May/2017:12:14:18 -0300] "GET /cormunbeta/servlet/permisosingoce?52eb29fbb2aeb2e573a789491ea536aa38cfdbd0ed349048757bc2c46804c4129e2f2f0bcbcf40a9f34182d8f0eb602d,gx-no-cache=1495552463465 HTTP/1.1" 200 182
192.168.10.93 - - [23/May/2017:12:14:36 -0300] "GET /cormunbeta/servlet/trrenuncias? HTTP/1.1" 200 6599
192.168.10.93 - - [23/May/2017:12:14:36 -0300] "GET /cormunbeta/static/gxcfg.js?20174271433361 HTTP/1.1" 200 953
192.168.10.93 - - [23/May/2017:12:14:36 -0300] "GET /cormunbeta/static/trrenuncias.js?20174271433794 HTTP/1.1" 200 31120
192.168.10.93 - - [23/May/2017:12:14:37 -0300] "GET /cormunbeta/servlet/trrenuncias? HTTP/1.1" 200 6596
192.168.10.93 - - [23/May/2017:12:14:38 -0300] "POST /cormunbeta/servlet/acontrolpreferencessavestate?None,ADMSALUD,true HTTP/1.1" 200 35
192.168.10.93 - - [23/May/2017:12:14:40 -0300] "GET /cormunbeta/servlet/renuncias?INS,0, HTTP/1.1" 200 5915
192.168.10.93 - - [23/May/2017:12:14:40 -0300] "GET /cormunbeta/static/gxcfg.js?2017426922787 HTTP/1.1" 200 953
192.168.10.93 - - [23/May/2017:12:14:40 -0300] "GET /cormunbeta/static/renuncias.js?201742692287 HTTP/1.1" 200 14744
192.168.10.93 - - [23/May/2017:12:14:40 -0300] "GET /cormunbeta/servlet/renuncias?INS,0, HTTP/1.1" 200 5916
186.79.90.56 - - [23/May/2017:12:14:42 -0300] "POST /cormun/servlet/permisosadjuntos?7c1537bc11bf027cebbddee3d8af377f,INS,13302239,P,20170518094021,, HTTP/1.1" 200 116
186.79.90.56 - - [23/May/2017:12:14:42 -0300] "GET /cormun/servlet/hpexe_return? HTTP/1.1" 200 1034
186.79.90.56 - - [23/May/2017:12:14:43 -0300] "GET /cormun/servlet/trpermisosadjuntos?13302239,20170518094021,P, HTTP/1.1" 200 6589
186.79.90.56 - - [23/May/2017:12:14:45 -0300] "GET /cormun/servlet/trpermisosadjuntos?13302239,20170518094021,P, HTTP/1.1" 200 6586
186.79.90.56 - - [23/May/2017:12:14:50 -0300] "POST /cormun/servlet/trpermisosadjuntos?7c1537bc11bf027cebbddee3d8af377f,13302239,20170518094021,P,,gx-no-cache=1495555954652 HTTP/1.1" 200 90
186.79.90.56 - - [23/May/2017:12:14:50 -0300] "GET /cormun/servlet/hpexe_link HTTP/1.1" 200 1000
186.79.90.56 - - [23/May/2017:12:14:51 -0300] "GET /cormun/servlet/trpermisosgoce?gx-no-cache=1495555146123 HTTP/1.1" 200 7404
200.86.10.241 - - [23/May/2017:12:14:51 -0300] "GET /cormun/servlet/licenciaspermisos?1e3c03423b6aaef45a0b0e0ab2bcfcdade82c01109ae9004bb7535a9ed7d1d15ad13c8346a2d93127568b553d1481c0f687acb045fd5e4c939a2d799c78966842b1f25c2d266f1b19c19e1ae676449771600f7f54d9d9dcf95d9126b58c8fc7d3520a9dd71028c4140b25a4525ad2fec223c5652ed0b5408d202cdd6de1590d0a3e4eeec234a2d67607892a23b724ec7094abc95d917534f48bff9089dbbd55a22774bae3e4d35d8fbc43f2e97676f03,gx-no-cache=1495552547747 HTTP/1.1" 200 30
200.86.10.241 - - [23/May/2017:12:14:51 -0300] "GET /cormun/servlet/licenciaspermisos?1e3c03423b6aaef45a0b0e0ab2bcfcdafccf0d107c34318344a859f5079753bea0b6de1c1754096e23cc2fe8e527277660f54585d0d08f5c312f35dfdcee1a6f2485372ac2b54d8b412ba615e672e917cce186fea896017b9f93890b2ee2cad07c84a720f832a1c0924e15f9a54ec403458a9dba206cb7f88c30e7f335e963a7bff81c1371ab2d56df9ed7602f4fcd0dfbbc687cc373d230de7638869e417bc939d513b182db8df37421be509fd10dc9,gx-no-cache=1495552547856 HTTP/1.1" 200 29
186.79.90.56 - - [23/May/2017:12:14:53 -0300] "GET /cormun/servlet/trpermisosgoce?gx-no-cache=1495555146123 HTTP/1.1" 200 7423
200.86.10.241 - - [23/May/2017:12:14:58 -0300] "POST /cormun/servlet/licenciaspermisos?7f0f28c1b1f3261680bb08c67c69e3d6,INS,0,,,,gx-no-cache=1495552547903 HTTP/1.1" 200 93
200.86.10.241 - - [23/May/2017:12:14:58 -0300] "GET /cormun/servlet/hpexe_return? HTTP/1.1" 200 1015
200.86.10.241 - - [23/May/2017:12:14:58 -0300] "GET /cormun/servlet/trlicencias HTTP/1.1" 200 7783
200.86.10.241 - - [23/May/2017:12:14:59 -0300] "GET /cormun/servlet/trlicencias HTTP/1.1" 200 7779
192.168.10.93 - - [23/May/2017:12:15:00 -0300] "GET /cormunbeta/servlet/trrenuncias? HTTP/1.1" 200 6605
192.168.10.93 - - [23/May/2017:12:15:00 -0300] "GET /cormunbeta/servlet/trrenuncias? HTTP/1.1" 200 6601
200.86.10.241 - - [23/May/2017:12:15:01 -0300] "GET /cormun/servlet/alicenciaprn?11364373,L,20170523000000,PU HTTP/1.1" 200 1527
192.168.10.93 - - [23/May/2017:12:15:02 -0300] "GET /cormunbeta/servlet/renuncias?INS,0, HTTP/1.1" 200 5915
192.168.10.93 - - [23/May/2017:12:15:02 -0300] "GET /cormunbeta/servlet/renuncias?INS,0, HTTP/1.1" 200 5916
186.67.172.234 - - [23/May/2017:12:15:03 -0300] "GET /cormun/servlet/hlogin HTTP/1.1" 200 1721
186.67.172.234 - - [23/May/2017:12:15:03 -0300] "GET /cormun/static/gxcfg.js?201741110203197 HTTP/1.1" 304 -
186.67.172.234 - - [23/May/2017:12:15:04 -0300] "GET /cormun/static/hlogin.js?201741110203211 HTTP/1.1" 304 -
186.67.172.234 - - [23/May/2017:12:15:04 -0300] "GET /cormun/static/messages.spa.js?85251 HTTP/1.1" 304 -
192.168.10.93 - - [23/May/2017:12:15:05 -0300] "GET /cormunbeta/servlet/renuncias?e019904ae8ed4f83c220255c3840387d55c2f6a5521339f4c440d5c3a1622110595bacb8a32e74da9393c76eff3ea247,gx-no-cache=1495552510608 HTTP/1.1" 200 33
192.168.10.93 - - [23/May/2017:12:15:07 -0300] "GET /cormunbeta/servlet/prfichaempleado?,MD,,gxPopupLevel%3D0%3B HTTP/1.1" 200 8788
186.67.172.234 - - [23/May/2017:12:15:12 -0300] "POST /cormun/servlet/hlogin?93338b1ef5a41baaef03aaa904935b16,gx-no-cache=1495552568942 HTTP/1.1" 200 90
186.67.172.234 - - [23/May/2017:12:15:12 -0300] "GET /cormun/servlet/hpexe_link HTTP/1.1" 200 950
186.67.172.234 - - [23/May/2017:12:15:12 -0300] "GET /cormun/static/gxcfg.js?201731711483381 HTTP/1.1" 304 -
186.67.172.234 - - [23/May/2017:12:15:12 -0300] "GET /cormun/servlet/hhome HTTP/1.1" 200 4045
186.67.172.234 - - [23/May/2017:12:15:13 -0300] "GET /cormun/static/gxcfg.js?201731711483497 HTTP/1.1" 304 -
186.67.172.234 - - [23/May/2017:12:15:13 -0300] "GET /cormun/servlet/hhome HTTP/1.1" 200 4042
192.168.10.93 - - [23/May/2017:12:15:14 -0300] "POST /cormunbeta/servlet/prfichaempleado?5fade77e9b3032c5725db1ad03752e0b,,MD,,gxPopupLevel%3D0%3B,gx-no-cache=1495552519943 HTTP/1.1" 200 3402
192.168.10.93 - - [23/May/2017:12:15:17 -0300] "GET /cormunbeta/servlet/renuncias?e019904ae8ed4f83c220255c3840387dfc533a0862af83dbb0d55a562dea3ee2f6958dacfb8bd0c1f314fd1f034f64d7,gx-no-cache=1495552523071 HTTP/1.1" 200 165
192.168.10.93 - - [23/May/2017:12:15:17 -0300] "GET /cormunbeta/static/Shared/jqueryui/images/ui-bg_highlight-soft_100_c6c2c8_1x100.png HTTP/1.1" 404 1125
192.168.10.93 - - [23/May/2017:12:15:17 -0300] "GET /cormunbeta/static/Shared/jqueryui/images/ui-icons_82798d_256x240.png HTTP/1.1" 404 1097
192.168.10.93 - - [23/May/2017:12:15:17 -0300] "GET /cormunbeta/static/Shared/jqueryui/images/ui-icons_ebccce_256x240.png HTTP/1.1" 404 1097
192.168.10.93 - - [23/May/2017:12:15:17 -0300] "GET /cormunbeta/static/Shared/jqueryui/images/ui-bg_flat_55_994d53_40x100.png HTTP/1.1" 404 1105
192.168.10.93 - - [23/May/2017:12:15:23 -0300] "GET /cormunbeta/servlet/prcontrato?0,,,MD,,gxPopupLevel%3D0%3B HTTP/1.1" 200 5527
186.79.90.56 - - [23/May/2017:12:15:23 -0300] "POST /cormun/servlet/trpermisosgoce?7c1537bc11bf027cebbddee3d8af377f,gx-no-cache=1495555146123,gx-no-cache=1495555977326 HTTP/1.1" 200 3970
186.79.90.56 - - [23/May/2017:12:15:23 -0300] "GET /cormun/static/Shared/jqueryui/images/ui-bg_highlight-soft_100_c6c2c8_1x100.png HTTP/1.1" 404 1117
186.79.90.56 - - [23/May/2017:12:15:23 -0300] "GET /cormun/static/Shared/jqueryui/images/ui-icons_82798d_256x240.png HTTP/1.1" 404 1089
186.79.90.56 - - [23/May/2017:12:15:23 -0300] "GET /cormun/static/Shared/jqueryui/images/ui-bg_flat_55_fafafa_40x100.png HTTP/1.1" 404 1097
186.79.90.56 - - [23/May/2017:12:15:23 -0300] "GET /cormun/static/Shared/jqueryui/images/ui-icons_8d78a5_256x240.png HTTP/1.1" 404 1089
192.168.10.93 - - [23/May/2017:12:15:23 -0300] "GET /cormunbeta/servlet/trvacaciones? HTTP/1.1" 200 7820
192.168.10.93 - - [23/May/2017:12:15:24 -0300] "GET /cormunbeta/servlet/trvacaciones? HTTP/1.1" 200 7817
186.67.172.234 - - [23/May/2017:12:15:24 -0300] "GET /cormun/servlet/trsolicitudot? HTTP/1.1" 200 8257
186.67.172.234 - - [23/May/2017:12:15:24 -0300] "GET /cormun/static/gxcfg.js?201731711505139 HTTP/1.1" 304 -
186.67.172.234 - - [23/May/2017:12:15:24 -0300] "GET /cormun/servlet/trsolicitudot? HTTP/1.1" 200 8255
192.168.10.93 - - [23/May/2017:12:15:26 -0300] "GET /cormunbeta/servlet/vacaciones?INS,0, HTTP/1.1" 200 6300
192.168.10.93 - - [23/May/2017:12:15:26 -0300] "GET /cormunbeta/servlet/vacaciones?INS,0, HTTP/1.1" 200 6301
186.67.172.234 - - [23/May/2017:12:15:27 -0300] "GET /cormun/servlet/solicitudot?INS,0,0, HTTP/1.1" 200 12854
186.67.172.234 - - [23/May/2017:12:15:27 -0300] "GET /cormun/static/gxcfg.js?20171191042720 HTTP/1.1" 304 -
186.67.172.234 - - [23/May/2017:12:15:27 -0300] "GET /cormun/servlet/solicitudot?INS,0,0, HTTP/1.1" 200 12859
192.168.10.93 - - [23/May/2017:12:15:32 -0300] "GET /cormunbeta/servlet/prfichaempleado?,MD,,gxPopupLevel%3D0%3B HTTP/1.1" 200 8789
186.67.172.234 - - [23/May/2017:12:15:33 -0300] "POST /cormun/servlet/solicitudot?gx-no-cache=1495552589951 HTTP/1.1" 200 3158
186.67.172.234 - - [23/May/2017:12:15:33 -0300] "GET /cormun/static/Shared/jqueryui/images/ui-bg_highlight-soft_100_c6c2c8_1x100.png HTTP/1.1" 404 1117
186.67.172.234 - - [23/May/2017:12:15:33 -0300] "GET /cormun/static/Shared/jqueryui/images/ui-icons_82798d_256x240.png HTTP/1.1" 404 1089
186.67.172.234 - - [23/May/2017:12:15:33 -0300] "GET /cormun/static/Shared/jqueryui/images/ui-bg_flat_55_994d53_40x100.png HTTP/1.1" 404 1097
186.67.172.234 - - [23/May/2017:12:15:33 -0300] "GET /cormun/static/Shared/jqueryui/images/ui-icons_ebccce_256x240.png HTTP/1.1" 404 1089
186.67.172.234 - - [23/May/2017:12:15:33 -0300] "GET /cormun/servlet/solicitudot?ab637e8647382dae29c3480ff1e0d1fc446ce35ec01bec6a29b35f0879e86fe6,gx-no-cache=1495552590159 HTTP/1.1" 200 111
186.67.172.234 - - [23/May/2017:12:15:36 -0300] "GET /cormun/servlet/solicitudot?ab637e8647382dae29c3480ff1e0d1fc1b7523959e91bf49b5c0127ecfa4ef4c8fd91eaa49767c4aee5edbf6b01c82d4ff6853647dd5b259e615f266b0d473a1be9eda23227fb10c072b86cbe72d81ab8e99d24147a78a1eae1c97e6a11d2c57f54cb1fd3db4a11ec0569b375db6958c21fd5cdb13039883c79a947e59d0ef73746b238b7c5b8984eaf7788199de6b45eeb54f54ff2d99a7d157ec2f43ba025f1f4327f09e1771052b58024b927cf9e3262dd57cff1904dc2525a76a9c8780e7a9bbca357c03fc4cc518ded61da19ffb5c0f7dbdc3167b89833c801b5e4be0c0575caf4a938859aeb38078121913820e514f017784312bcbb84ca6669ffe8b13d379d1a62b64a51ed42e15af778cb0664beed575e5be9b4e1f3e87337a853d35bb503df3af5dbd1920d5e3a4403bd1b50ed8c82b152a13b889443618d013df27212271f0889d92dd8a4167f0b0b50027,gx-no-cache=1495552593108 HTTP/1.1" 200 240
192.168.10.93 - - [23/May/2017:12:15:41 -0300] "POST /cormunbeta/servlet/prfichaempleado?5fade77e9b3032c5725db1ad03752e0b,,MD,,gxPopupLevel%3D0%3B,gx-no-cache=1495552546320 HTTP/1.1" 200 3402
192.168.10.93 - - [23/May/2017:12:15:43 -0300] "GET /cormunbeta/servlet/vacaciones?fb7ab8c9a0b72b22de482fc047c9ff5a1243cfa1bf6e15a041e275f465ca439060f714e4b89c11a840fcc50c0a7e3ad3,gx-no-cache=1495552548525 HTTP/1.1" 200 76
192.168.10.93 - - [23/May/2017:12:15:58 -0300] "GET /cormunbeta/servlet/vacaciones?fb7ab8c9a0b72b22de482fc047c9ff5a5ebc61d1662f81db095faeac8a51ba9b37600e585b803330124342a4bfa7c8bb8d3371112c6f7c6da7e5f3f118d8f4af,gx-no-cache=1495552563435 HTTP/1.1" 200 41
192.168.10.93 - - [23/May/2017:12:15:58 -0300] "POST /cormunbeta/servlet/vacaciones?5fade77e9b3032c5725db1ad03752e0b,INS,0,,gx-no-cache=1495552563480 HTTP/1.1" 200 93
192.168.10.93 - - [23/May/2017:12:15:58 -0300] "GET /cormunbeta/servlet/hpexe_return? HTTP/1.1" 200 1012
192.168.10.93 - - [23/May/2017:12:15:58 -0300] "GET /cormunbeta/servlet/trvacaciones HTTP/1.1" 200 8024
192.168.10.93 - - [23/May/2017:12:15:58 -0300] "GET /cormunbeta/servlet/trvacaciones HTTP/1.1" 200 8021
192.168.10.93 - - [23/May/2017:12:16:01 -0300] "GET /cormunbeta/servlet/avacacionesprn?9,PU HTTP/1.1" 200 1709
186.103.159.188 - - [23/May/2017:12:16:11 -0300] "GET /cormun/servlet/licenciaspermisos?INS,0,,, HTTP/1.1" 200 7170
186.103.159.188 - - [23/May/2017:12:16:11 -0300] "GET /cormun/servlet/licenciaspermisos?INS,0,,, HTTP/1.1" 200 7170
192.168.10.93 - - [23/May/2017:12:16:13 -0300] "GET /cormunbeta/servlet/trpermisosgoce? HTTP/1.1" 200 7785
192.168.10.93 - - [23/May/2017:12:16:13 -0300] "GET /cormunbeta/servlet/trpermisosgoce? HTTP/1.1" 200 7785
192.168.10.93 - - [23/May/2017:12:16:17 -0300] "GET /cormunbeta/servlet/apermisogoceprn?11670699,P,20170518175313,PU HTTP/1.1" 200 1657
186.103.159.188 - - [23/May/2017:12:16:20 -0300] "GET /cormun/servlet/prfichaempleado?,MD,,gxPopupLevel%3D0%3B HTTP/1.1" 200 8793
192.168.10.93 - - [23/May/2017:12:16:29 -0300] "GET /cormunbeta/servlet/trlicencias? HTTP/1.1" 200 14247
192.168.10.93 - - [23/May/2017:12:16:30 -0300] "GET /cormunbeta/servlet/trlicencias? HTTP/1.1" 200 14240
192.168.10.93 - - [23/May/2017:12:16:32 -0300] "GET /cormunbeta/servlet/licenciaspermisos?INS,0,,, HTTP/1.1" 200 7193
192.168.10.93 - - [23/May/2017:12:16:32 -0300] "GET /cormunbeta/servlet/licenciaspermisos?INS,0,,, HTTP/1.1" 200 7195
186.103.159.188 - - [23/May/2017:12:16:35 -0300] "POST /cormun/servlet/prfichaempleado?7f0f28c1b1f3261680bb08c67c69e3d6,,MD,,gxPopupLevel%3D0%3B,gx-no-cache=1495552652101 HTTP/1.1" 200 3415
192.168.10.93 - - [23/May/2017:12:16:36 -0300] "POST /cormunbeta/servlet/licenciaspermisos?5fade77e9b3032c5725db1ad03752e0b,INS,0,,,,gx-no-cache=1495552602174 HTTP/1.1" 200 90
192.168.10.93 - - [23/May/2017:12:16:36 -0300] "GET /cormunbeta/servlet/hpexe_link HTTP/1.1" 200 975
192.168.10.93 - - [23/May/2017:12:16:37 -0300] "GET /cormunbeta/servlet/trlicencias HTTP/1.1" 200 14242
192.168.10.93 - - [23/May/2017:12:16:37 -0300] "GET /cormunbeta/servlet/trlicencias HTTP/1.1" 200 14234
192.168.10.93 - - [23/May/2017:12:16:39 -0300] "GET /cormunbeta/servlet/alicenciaprn?17057914,L,20170523000000,PU HTTP/1.1" 200 1561
186.67.172.234 - - [23/May/2017:12:16:43 -0300] "POST /cormun/servlet/solicitudot?gx-no-cache=1495552659420 HTTP/1.1" 200 3191
186.67.172.234 - - [23/May/2017:12:16:43 -0300] "POST /cormun/servlet/solicitudot?93338b1ef5a41baaef03aaa904935b16,INS,0,0,,gx-no-cache=1495552659703 HTTP/1.1" 200 9960
186.103.159.188 - - [23/May/2017:12:16:48 -0300] "GET /cormun/servlet/licenciaspermisos?1e3c03423b6aaef45a0b0e0ab2bcfcda6d6bffb45716aa7de3c3f48db4ba007d423d27fe37c01e818281159a4549102e,gx-no-cache=1495552664790 HTTP/1.1" 200 70
186.103.159.188 - - [23/May/2017:12:16:48 -0300] "POST /cormun/servlet/licenciaspermisos?7f0f28c1b1f3261680bb08c67c69e3d6,INS,0,,,,gx-no-cache=1495552664853 HTTP/1.1" 200 4431
186.67.172.234 - - [23/May/2017:12:16:54 -0300] "GET /cormun/servlet/solicitudot?ab637e8647382dae29c3480ff1e0d1fcc1d61332f2f35dfe6b97bb6b477db926e01553427228069c8fe417a0b72ad513,gx-no-cache=1495552670703 HTTP/1.1" 200 30
186.67.172.234 - - [23/May/2017:12:16:54 -0300] "POST /cormun/servlet/solicitudot?gx-no-cache=1495552670793 HTTP/1.1" 200 240
186.67.172.234 - - [23/May/2017:12:16:54 -0300] "GET /cormun/servlet/solicitudot?ab637e8647382dae29c3480ff1e0d1fce3fd978613d7be8b84eb2994a50c9bc0039d5b79ffd706a100b9b7fc99cbb430e12c1615754da17b182d16596f7693ce3c472a4fde8ca4128364f9d6389a52548053796449640257a2f5162fbcaf15c06a34da132e6cd4a90e36b65d6e3c8f8959433746aabdaff581b686fafedbd8d3c19be5061f2587f9977d343dca344570040c3d5948c4e6cc7acd3692e90482f90f1af00bf76167cba0db5e04555612fe855dcb440108b2eef78c1d6745a40b02ce64cf09630825806e164b7a5b344ab366e1fb5faca0c0bbbffe2214645682ba129143dfc853c89df7a46fee3a2f65b30f56c51b226b278d71cfb5b824a506390717a7746b7cb3d7742777e11b44686f35776ea83fd23188dace525adcf6750ef871db0efb4049c275b3767ba350f9ee0aa7c4580b1daf503ce0ee39d7ddf3bc341cd149ccb554683ae3a5188f61dfba798d8f51e3248072528779d446702bdc690e1f214997335e3381cfa871d00d8a5e6078fb01c9fc7bae80c2f42fe3a154,gx-no-cache=1495552670873 HTTP/1.1" 200 30
186.67.172.234 - - [23/May/2017:12:17:09 -0300] "POST /cormun/servlet/solicitudot?93338b1ef5a41baaef03aaa904935b16,INS,0,0,,gx-no-cache=1495552685348 HTTP/1.1" 200 93
186.67.172.234 - - [23/May/2017:12:17:09 -0300] "GET /cormun/servlet/hpexe_return? HTTP/1.1" 200 1003
186.67.172.234 - - [23/May/2017:12:17:09 -0300] "GET /cormun/static/gxcfg.js?2016101716175148 HTTP/1.1" 304 -
186.67.172.234 - - [23/May/2017:12:17:09 -0300] "GET /cormun/servlet/trsolicitudot HTTP/1.1" 200 8259
186.67.172.234 - - [23/May/2017:12:17:10 -0300] "GET /cormun/servlet/trsolicitudot HTTP/1.1" 200 8255
200.111.191.210 - - [23/May/2017:12:17:39 -0300] "GET /cormun/servlet/trpermisosgoce? HTTP/1.1" 200 7380
200.111.191.210 - - [23/May/2017:12:17:40 -0300] "GET /cormun/servlet/trpermisosgoce? HTTP/1.1" 200 7380
200.111.191.210 - - [23/May/2017:12:17:43 -0300] "GET /cormun/servlet/permisogoce?INS,0,,, HTTP/1.1" 200 6551
200.111.191.210 - - [23/May/2017:12:17:44 -0300] "GET /cormun/servlet/permisogoce?INS,0,,, HTTP/1.1" 200 6551
200.111.191.210 - - [23/May/2017:12:17:49 -0300] "GET /cormun/servlet/permisogoce?d2b66abbe5c386d2c4a505005d6be8439499610165a3b44ce7568198e8f7ee9f1e554c302f40175d267c9971198b4464,gx-no-cache=1495552726096 HTTP/1.1" 200 74
200.111.191.210 - - [23/May/2017:12:17:54 -0300] "GET /cormun/servlet/permisogoce?d2b66abbe5c386d2c4a505005d6be84317567b3ccf76bc3e41621d149a4f1e8573fe0e71afd513b5ec6e445f6220187d6ec282ad84f0d0f95ff759847c5b3471,gx-no-cache=1495552730571 HTTP/1.1" 200 47
200.111.191.210 - - [23/May/2017:12:18:06 -0300] "POST /cormun/servlet/permisogoce?a9b029abba78614ad212c3aab6b40d7e,INS,0,,,,gx-no-cache=1495552742200 HTTP/1.1" 200 93
200.111.191.210 - - [23/May/2017:12:18:06 -0300] "GET /cormun/servlet/hpexe_return? HTTP/1.1" 200 1009
200.111.191.210 - - [23/May/2017:12:18:06 -0300] "GET /cormun/servlet/trpermisosgoce HTTP/1.1" 200 7659
200.111.191.210 - - [23/May/2017:12:18:06 -0300] "GET /cormun/servlet/trpermisosgoce HTTP/1.1" 200 7655
200.111.191.210 - - [23/May/2017:12:18:10 -0300] "GET /cormun/servlet/apermisogoceprn?15523885,P,20170523121811,PU HTTP/1.1" 200 1665
200.112.14.87 - - [23/May/2017:12:20:11 -0300] "GET /cormun/servlet/hlogin HTTP/1.1" 200 1729
200.112.14.87 - - [23/May/2017:12:20:12 -0300] "GET /cormun/static/gxtimezone.js?85251 HTTP/1.1" 304 -
200.112.14.87 - - [23/May/2017:12:20:12 -0300] "GET /cormun/servlet/hlogin HTTP/1.1" 200 1735
200.112.14.87 - - [23/May/2017:12:20:34 -0300] "POST /cormun/servlet/hlogin?9d4f89cc6dbc470dd08b4f0c8b47255d,gx-no-cache=1495552890935 HTTP/1.1" 200 446
200.112.14.87 - - [23/May/2017:12:20:48 -0300] "POST /cormun/servlet/hlogin?9d4f89cc6dbc470dd08b4f0c8b47255d,gx-no-cache=1495552905084 HTTP/1.1" 200 90
200.112.14.87 - - [23/May/2017:12:20:49 -0300] "GET /cormun/servlet/hpexe_link HTTP/1.1" 200 955
200.112.14.87 - - [23/May/2017:12:20:49 -0300] "GET /cormun/servlet/hhome HTTP/1.1" 200 4034
200.112.14.87 - - [23/May/2017:12:20:54 -0300] "GET /cormun/servlet/hhome HTTP/1.1" 200 4030
200.112.14.87 - - [23/May/2017:12:21:14 -0300] "GET /cormun/servlet/trpermisosgoce? HTTP/1.1" 200 7636
200.112.14.87 - - [23/May/2017:12:21:14 -0300] "GET /cormun/static/gxcfg.js?20174111153177 HTTP/1.1" 304 -
200.112.14.87 - - [23/May/2017:12:21:14 -0300] "GET /cormun/static/calendar.js?85251 HTTP/1.1" 304 -
200.112.14.87 - - [23/May/2017:12:21:14 -0300] "GET /cormun/static/calendar-setup.js?85251 HTTP/1.1" 304 -
200.112.14.87 - - [23/May/2017:12:21:14 -0300] "GET /cormun/static/calendar-es.js?85251 HTTP/1.1" 304 -
200.112.14.87 - - [23/May/2017:12:21:15 -0300] "GET /cormun/static/trpermisosgoce.js?20174111153217 HTTP/1.1" 304 -
200.112.14.87 - - [23/May/2017:12:21:15 -0300] "GET /cormun/servlet/trpermisosgoce? HTTP/1.1" 200 7634
200.112.14.87 - - [23/May/2017:12:21:26 -0300] "POST /cormun/servlet/trpermisosgoce?9d4f89cc6dbc470dd08b4f0c8b47255d,,gx-no-cache=1495552941884 HTTP/1.1" 200 4851
186.103.159.188 - - [23/May/2017:12:21:29 -0300] "GET /cormun/servlet/licenciaspermisos?1e3c03423b6aaef45a0b0e0ab2bcfcdade82c01109ae9004bb7535a9ed7d1d15793e4922c40e32821d6492a640b72041687acb045fd5e4c939a2d799c78966842b1f25c2d266f1b19c19e1ae676449771600f7f54d9d9dcf95d9126b58c8fc7d3520a9dd71028c4140b25a4525ad2fec223c5652ed0b5408d202cdd6de1590d0a3e4eeec234a2d67607892a23b724ec7094abc95d917534f48bff9089dbbd55a22774bae3e4d35d8fbc43f2e97676f03,gx-no-cache=1495552946211 HTTP/1.1" 200 30
186.103.159.188 - - [23/May/2017:12:21:29 -0300] "POST /cormun/servlet/licenciaspermisos?7f0f28c1b1f3261680bb08c67c69e3d6,INS,0,,,,gx-no-cache=1495552946336 HTTP/1.1" 200 4533
200.112.14.87 - - [23/May/2017:12:21:34 -0300] "POST /cormun/servlet/trpermisosgoce?9d4f89cc6dbc470dd08b4f0c8b47255d,,gx-no-cache=1495552950712 HTTP/1.1" 200 7294
200.86.10.241 - - [23/May/2017:12:22:22 -0300] "GET /cormun/servlet/prfichaempleado?,MD,,gxPopupLevel%3D0%3B HTTP/1.1" 200 8793
200.86.10.241 - - [23/May/2017:12:22:38 -0300] "POST /cormun/servlet/prfichaempleado?7f0f28c1b1f3261680bb08c67c69e3d6,,MD,,gxPopupLevel%3D0%3B,gx-no-cache=1495553015368 HTTP/1.1" 200 3467
200.86.10.241 - - [23/May/2017:12:22:48 -0300] "GET /cormun/servlet/licenciaspermisos?1e3c03423b6aaef45a0b0e0ab2bcfcdafccf0d107c34318344a859f5079753be2169507e17ab6b0477a09b2f9431b7ea60f54585d0d08f5c312f35dfdcee1a6f2485372ac2b54d8b412ba615e672e917cce186fea896017b9f93890b2ee2cad0ec057199d7b029fd6bbe75f91aa75c0b458a9dba206cb7f88c30e7f335e963a72d0e7960f4e1908d41b941b91c8a299f5d626f160a94e4dd6a0fa4c7091fca315fe5b203f5e542865826b9e331f0609cf5367948cb71583163ef1b7a803fe9c9c35f28b5ea6fa778d0b89e0dc8050e2c0beb2a9d9d132265f2fce2f5b9e25453bbb6cbd50ee29d7158c39b5c8cf47a01,gx-no-cache=1495553024853 HTTP/1.1" 200 60
200.86.10.241 - - [23/May/2017:12:22:48 -0300] "POST /cormun/servlet/licenciaspermisos?7f0f28c1b1f3261680bb08c67c69e3d6,INS,0,,,,gx-no-cache=1495553024947 HTTP/1.1" 200 93
200.86.10.241 - - [23/May/2017:12:22:48 -0300] "GET /cormun/servlet/hpexe_return? HTTP/1.1" 200 1015
200.86.10.241 - - [23/May/2017:12:22:48 -0300] "GET /cormun/servlet/trlicencias HTTP/1.1" 200 8149
200.86.10.241 - - [23/May/2017:12:22:49 -0300] "GET /cormun/servlet/trlicencias HTTP/1.1" 200 8145
200.86.10.241 - - [23/May/2017:12:23:31 -0300] "GET /cormun/servlet/alicenciaprn?16464861,L,20170523000000,PU HTTP/1.1" 200 1580
200.112.14.87 - - [23/May/2017:12:24:53 -0300] "POST /cormun/servlet/trpermisosgoce?9d4f89cc6dbc470dd08b4f0c8b47255d,,gx-no-cache=1495553148295 HTTP/1.1" 200 4883
192.168.10.93 - - [23/May/2017:12:25:20 -0300] "GET /cormunbeta/servlet/licenciaspermisos?INS,0,,, HTTP/1.1" 200 7193
192.168.10.93 - - [23/May/2017:12:25:21 -0300] "GET /cormunbeta/servlet/licenciaspermisos?INS,0,,, HTTP/1.1" 200 7195
200.112.14.87 - - [23/May/2017:12:26:10 -0300] "GET /cormun/servlet/permisogoce?UPD,16338666,P,20170517184658, HTTP/1.1" 200 6864
200.112.14.87 - - [23/May/2017:12:26:11 -0300] "GET /cormun/static/gxcfg.js?201741111325459 HTTP/1.1" 304 -
200.112.14.87 - - [23/May/2017:12:26:23 -0300] "GET /cormun/static/gxdec.js?85251 HTTP/1.1" 304 -
200.112.14.87 - - [23/May/2017:12:26:24 -0300] "GET /cormun/static/permisogoce.js?20174111132557 HTTP/1.1" 304 -
200.112.14.87 - - [23/May/2017:12:26:25 -0300] "GET /cormun/servlet/permisogoce?UPD,16338666,P,20170517184658, HTTP/1.1" 200 6865
