186.103.159.183 - - [22/May/2017:17:01:42 -0300] "POST /cormun/servlet/trsolicitudot?080e5c9b3d09e9433b559f150c274b52,gx-no-cache=1495482699441,gx-no-cache=1495483360173 HTTP/1.1" 200 4124
200.111.191.210 - - [22/May/2017:17:01:46 -0300] "POST /cormun/servlet/solicitudot?gx-no-cache=1495483362960 HTTP/1.1" 200 1279
200.111.191.210 - - [22/May/2017:17:01:47 -0300] "POST /cormun/servlet/solicitudot?gx-no-cache=1495483363023 HTTP/1.1" 200 1161
200.111.191.210 - - [22/May/2017:17:01:47 -0300] "GET /cormun/servlet/solicitudot?04626e01ae067e637bd3b5f559024257e72d79d458d97f60294fb7db3ad755de5f70331a61c400f75a852ea36aac79d85dbec16c02882e5f86f9bcc0428a524ecaba132f304be119bdd5012c865cd4baa4f2a0b335c568f2967668c93badd91c1dd7b1ce909e952102f1ff5bca1f8b017c54a6d911fcdac0d3590677c56bcc1b0fd9d170b83a01e7f436d59644462b855c1b3737b88c2435ae0592cbfc42d7a6bc57207a1fcafcfb09f7d215a3bb0706,gx-no-cache=1495483363397 HTTP/1.1" 200 32
200.111.191.210 - - [22/May/2017:17:01:47 -0300] "POST /cormun/servlet/solicitudot?4e639e09f8568e26f0c3335d123f50b6,INS,0,0,,gx-no-cache=1495483363424 HTTP/1.1" 200 93
200.111.191.210 - - [22/May/2017:17:01:47 -0300] "GET /cormun/servlet/hpexe_return? HTTP/1.1" 200 1005
200.111.191.210 - - [22/May/2017:17:01:47 -0300] "GET /cormun/servlet/trsolicitudot HTTP/1.1" 200 8486
200.111.191.210 - - [22/May/2017:17:01:48 -0300] "GET /cormun/servlet/trsolicitudot HTTP/1.1" 200 8482
200.111.191.210 - - [22/May/2017:17:01:51 -0300] "GET /cormun/servlet/solicitudot?INS,0,0, HTTP/1.1" 200 12586
200.111.191.210 - - [22/May/2017:17:01:51 -0300] "GET /cormun/servlet/solicitudot?INS,0,0, HTTP/1.1" 200 12591
200.111.191.210 - - [22/May/2017:17:01:54 -0300] "GET /cormun/servlet/prfichaempleado?,MD,,gxPopupLevel%3D0%3B HTTP/1.1" 200 8795
200.111.191.210 - - [22/May/2017:17:02:00 -0300] "POST /cormun/servlet/prfichaempleado?4e639e09f8568e26f0c3335d123f50b6,,MD,,gxPopupLevel%3D0%3B,gx-no-cache=1495483376190 HTTP/1.1" 200 3500
200.111.191.210 - - [22/May/2017:17:02:03 -0300] "POST /cormun/servlet/solicitudot?gx-no-cache=1495483379350 HTTP/1.1" 200 3166
200.111.191.210 - - [22/May/2017:17:02:03 -0300] "POST /cormun/servlet/solicitudot?4e639e09f8568e26f0c3335d123f50b6,INS,0,0,,gx-no-cache=1495483379477 HTTP/1.1" 200 9765
200.111.191.210 - - [22/May/2017:17:02:03 -0300] "GET /cormun/servlet/solicitudot?04626e01ae067e637bd3b5f55902425768766b0f561f7ae32f52747c4b26404648e969f2e2c68c6962090c1a2eb5b722,gx-no-cache=1495483379681 HTTP/1.1" 200 30
186.103.159.183 - - [22/May/2017:17:02:05 -0300] "GET /cormun/servlet/solicitudot?INS,0,0, HTTP/1.1" 200 12833
200.111.191.210 - - [22/May/2017:17:02:05 -0300] "POST /cormun/servlet/solicitudot?gx-no-cache=1495483381409 HTTP/1.1" 200 255
200.111.191.210 - - [22/May/2017:17:02:05 -0300] "GET /cormun/servlet/solicitudot?04626e01ae067e637bd3b5f5590242575f8e2895ce80bc1214d3965d4fa6434481f2caade679885276a4e314af3732da81eb2d3e5de482b34498dfe97fbaa4b386f58420edb1d919fbcf6573377c4430a7692cc61d7fa4df60655ecb2605b8e682d3acafee28e1152610f79bfae9f17f32ce529b91bef3bf70eafc7eee0549273b70ac7671e788f80d877ac3460993d9d9da5791d83ad16401856d43fa21e8d780eb8fb18af4d011840d5d632612354f3e294d0f8584afeab30d30a0191257e6ad5e4db05ef08240968cd0e3c2db652b30307259a5166ab6cdad7db9630ba98de16d88948372f5d1680a659d117dd58b955e0b05b4d111b6ff20b783caf302ad6313afa5acd1fdcf98f4d330d3e6d567b38e1219cef55bbbc540d085709b9b2753100e9ff2581691c35628a8cc195fae7c7283707fd5093d27f3b4f1587d73667215c872649a86725704176c2aa59505d598699263c64a4093e9631a89b5e6b6bd4599bb0d8daf4025a643d0133f7a7f40ecda90a23b8ccbd16052c910850f82,gx-no-cache=1495483381446 HTTP/1.1" 200 30
201.246.237.194 - - [22/May/2017:17:02:06 -0300] "GET /cormun/servlet/solicitudot?60c66d3d2bdbcc6397b28ed3eb2a5f953b50f64f081785846593c764997ffc68cbd9204a20b31f02852670975b6df7f4ad5163ba395029594fee447c0b270b0957a27e5e13f7e2d84c42351fa9c44f6e61a6369b75f73fb237a017dbda948b507e52145cb1157fc03a950b14543bedbb945b951d423d2bcb4ce7c731c0981b1df55679f7566abca6597b34df803c8311525f0cfb3e81288486a07858c4aa15ba5e277bd3e35c2001d13a5427453416a9,gx-no-cache=1495483387189 HTTP/1.1" 200 30
186.103.159.183 - - [22/May/2017:17:02:06 -0300] "GET /cormun/servlet/solicitudot?INS,0,0, HTTP/1.1" 200 12817
201.246.237.194 - - [22/May/2017:17:02:06 -0300] "POST /cormun/servlet/solicitudot?e37e6f9e5d9a47be0d36806056f2e63c,INS,0,0,,gx-no-cache=1495483387963 HTTP/1.1" 200 93
201.246.237.194 - - [22/May/2017:17:02:07 -0300] "GET /cormun/servlet/hpexe_return? HTTP/1.1" 200 1008
200.111.191.210 - - [22/May/2017:17:02:07 -0300] "POST /cormun/servlet/solicitudot?gx-no-cache=1495483383118 HTTP/1.1" 200 30
201.246.237.194 - - [22/May/2017:17:02:07 -0300] "GET /cormun/servlet/trsolicitudot HTTP/1.1" 200 8247
200.111.191.210 - - [22/May/2017:17:02:08 -0300] "GET /cormun/servlet/prcontratosol?11890846,,,,,MD,,gxPopupLevel%3D0%3B HTTP/1.1" 200 5934
201.246.237.194 - - [22/May/2017:17:02:09 -0300] "GET /cormun/servlet/trsolicitudot HTTP/1.1" 200 8243
200.111.191.210 - - [22/May/2017:17:02:11 -0300] "POST /cormun/servlet/solicitudot?gx-no-cache=1495483387586 HTTP/1.1" 200 1296
200.111.191.210 - - [22/May/2017:17:02:11 -0300] "POST /cormun/servlet/solicitudot?gx-no-cache=1495483387674 HTTP/1.1" 200 38
200.111.191.210 - - [22/May/2017:17:02:11 -0300] "GET /cormun/servlet/solicitudot?04626e01ae067e637bd3b5f559024257e650d05604b194aaef0dbc4337146bfd0a2ef55fd130089c18839584424ecce0012ffa810f1a8dfdb6ca7369dc115c32b7f912fdf16d84768350f2f1478fdd97962ea8737809d219ff07f018d8c02836b18bee6d0d1b14df76afa0920733d066d475ca4e451bda933fc77b9141f5c4dccaccbea75017f3dbb60db6c9f97a2e61995e17ea7f66b27f4edfca1c5a1c647b,gx-no-cache=1495483387701 HTTP/1.1" 200 29
200.111.191.210 - - [22/May/2017:17:02:11 -0300] "POST /cormun/servlet/solicitudot?gx-no-cache=1495483387740 HTTP/1.1" 200 1280
200.111.191.210 - - [22/May/2017:17:02:11 -0300] "POST /cormun/servlet/solicitudot?gx-no-cache=1495483387802 HTTP/1.1" 200 1161
186.103.159.183 - - [22/May/2017:17:02:13 -0300] "POST /cormun/servlet/solicitudot?gx-no-cache=1495483391216 HTTP/1.1" 200 3194
186.103.159.183 - - [22/May/2017:17:02:13 -0300] "POST /cormun/servlet/solicitudot?080e5c9b3d09e9433b559f150c274b52,INS,0,0,,gx-no-cache=1495483391515 HTTP/1.1" 200 10005
186.103.159.183 - - [22/May/2017:17:02:18 -0300] "GET /cormun/servlet/solicitudot?8832ed864a9dd5550b868be56d2e23af8c0df38809841f72234cfcb86f90d47d543c7b03bbb2c56f92f34d5b0aa05179,gx-no-cache=1495483396128 HTTP/1.1" 200 30
186.103.159.183 - - [22/May/2017:17:02:18 -0300] "POST /cormun/servlet/solicitudot?gx-no-cache=1495483396229 HTTP/1.1" 200 255
186.103.159.183 - - [22/May/2017:17:02:18 -0300] "GET /cormun/servlet/solicitudot?8832ed864a9dd5550b868be56d2e23af7b89a8ef13eda94c6dfbb28c559332f3744320233195942ebf0ad77081b566c8f9ab0f1d6b44da3a007f06ba55555a639a270ac03b620dfec2757f327234e2f7b9f14cc99227195976bbf498ae4a284416e1c8e12ac50062d14d8ff818b0d6897c332696181edd425914e981a1f769ed8ca77336441c549d1d6a9fc31137900d4cd6623e093ad63864ccaf86553b59fdc462b1b340d19264450469a541978c8129d1bcdf1ee39d5df66474eb1b65248b331cdf6a6c73d307bb4490dc7ab27eead8545d831962e05120ff6d856a6416ec2947556c1633507099b674bb7af385cbd29f89f8bbee5835dd1bc58badd756d578b406da71bd5ff77f90660acaac4193afef4de51f46548299bd152fe7aa88dd86534279ab495cd5ac507c97d9c82d0dba7d5efa19f740417c35a6264fe4cc28408a637fcc8c31cfcc68193e7265ecdf14cf4b6688ae8ae724faee6d40ddf531efda389bff8bb522c54c5a793edd1642d57a9e42949a48e73e7d78c397fa3b05,gx-no-cache=1495483396308 HTTP/1.1" 200 30
186.103.159.183 - - [22/May/2017:17:02:20 -0300] "POST /cormun/servlet/solicitudot?gx-no-cache=1495483397935 HTTP/1.1" 200 30
200.111.191.210 - - [22/May/2017:17:02:28 -0300] "POST /cormun/servlet/solicitudot?gx-no-cache=1495483404408 HTTP/1.1" 200 1280
200.111.191.210 - - [22/May/2017:17:02:28 -0300] "POST /cormun/servlet/solicitudot?gx-no-cache=1495483404453 HTTP/1.1" 200 1161
200.111.191.210 - - [22/May/2017:17:02:28 -0300] "GET /cormun/static/menuarrow.gif HTTP/1.1" 404 1015
200.111.191.210 - - [22/May/2017:17:02:30 -0300] "POST /cormun/servlet/solicitudot?gx-no-cache=1495483406355 HTTP/1.1" 200 1280
200.111.191.210 - - [22/May/2017:17:02:30 -0300] "POST /cormun/servlet/solicitudot?gx-no-cache=1495483406398 HTTP/1.1" 200 1161
186.103.159.183 - - [22/May/2017:17:02:33 -0300] "POST /cormun/servlet/solicitudot?gx-no-cache=1495483411489 HTTP/1.1" 200 1297
186.103.159.183 - - [22/May/2017:17:02:33 -0300] "POST /cormun/servlet/solicitudot?gx-no-cache=1495483411736 HTTP/1.1" 200 38
200.111.191.210 - - [22/May/2017:17:02:35 -0300] "GET /cormun/servlet/solicitudot?04626e01ae067e637bd3b5f559024257268f888f85e8c3065b17f4fb130dbdba48994aa29052102bdb059b5a04b371863ca981b6eb90df4d930b00bf937e11631927a0bc3c5d7c47aa354504550064533facd1f7f9fe42017566b30917de8a9cea83ae41f9145c4c4fb07e56b35d519055d05341b9889e954abf40f038543667627a6e7378cf65fd310968b9abe9fb0c08c2249adb8074b2f95894f004760091c09827ab9ce0643ba4c2442956c0a664,gx-no-cache=1495483411080 HTTP/1.1" 200 30
201.246.237.194 - - [22/May/2017:17:02:38 -0300] "POST /cormun/servlet/trsolicitudot?e37e6f9e5d9a47be0d36806056f2e63c,gx-no-cache=1495483419705 HTTP/1.1" 200 4363
201.246.237.194 - - [22/May/2017:17:02:38 -0300] "GET /cormun/static/Shared/jqueryui/images/ui-bg_highlight-soft_100_c6c2c8_1x100.png HTTP/1.1" 404 1117
201.246.237.194 - - [22/May/2017:17:02:38 -0300] "GET /cormun/static/Shared/jqueryui/images/ui-icons_82798d_256x240.png HTTP/1.1" 404 1089
201.246.237.194 - - [22/May/2017:17:02:38 -0300] "GET /cormun/static/Shared/jqueryui/images/ui-bg_flat_55_fafafa_40x100.png HTTP/1.1" 404 1097
201.246.237.194 - - [22/May/2017:17:02:38 -0300] "GET /cormun/static/Shared/jqueryui/images/ui-icons_8d78a5_256x240.png HTTP/1.1" 404 1089
201.246.237.194 - - [22/May/2017:17:02:39 -0300] "POST /cormun/servlet/trsolicitudot?e37e6f9e5d9a47be0d36806056f2e63c,gx-no-cache=1495483420533 HTTP/1.1" 200 4126
186.103.159.183 - - [22/May/2017:17:02:43 -0300] "GET /cormun/servlet/solicitudot?8832ed864a9dd5550b868be56d2e23afcab6bc4065fb2deece802d95960faed842da93c8a4816a8c670b4858eb0346e58e90ffc0f3ae5eba59b5b40929276c184ee1ffdb178d5cf611ad29adcd48d9f0198f38c1f70818f4d812452881e5a7b6e56863d290baeec66666af0cad3b423cfb120c1c1d77eaa887f932aa82337e6109130df9895b0f0cd77b785845ea290c834a0a8e029f80f333da8be3d82d7f04,gx-no-cache=1495483421032 HTTP/1.1" 200 29
186.103.159.183 - - [22/May/2017:17:02:43 -0300] "POST /cormun/servlet/solicitudot?gx-no-cache=1495483421150 HTTP/1.1" 200 1279
186.103.159.183 - - [22/May/2017:17:02:43 -0300] "POST /cormun/servlet/solicitudot?gx-no-cache=1495483421284 HTTP/1.1" 200 1162
200.111.191.210 - - [22/May/2017:17:02:46 -0300] "POST /cormun/servlet/solicitudot?4e639e09f8568e26f0c3335d123f50b6,INS,0,0,,gx-no-cache=1495483421910 HTTP/1.1" 200 93
200.111.191.210 - - [22/May/2017:17:02:46 -0300] "GET /cormun/servlet/hpexe_return? HTTP/1.1" 200 1005
200.111.191.210 - - [22/May/2017:17:02:46 -0300] "GET /cormun/servlet/trsolicitudot HTTP/1.1" 200 8886
200.111.191.210 - - [22/May/2017:17:02:46 -0300] "GET /cormun/servlet/trsolicitudot HTTP/1.1" 200 8882
186.103.159.183 - - [22/May/2017:17:02:50 -0300] "POST /cormun/servlet/solicitudot?gx-no-cache=1495483428085 HTTP/1.1" 200 1279
186.103.159.183 - - [22/May/2017:17:02:50 -0300] "POST /cormun/servlet/solicitudot?gx-no-cache=1495483428199 HTTP/1.1" 200 1162
186.103.159.183 - - [22/May/2017:17:02:50 -0300] "GET /cormun/static/menuarrow.gif HTTP/1.1" 404 1015
201.246.237.194 - - [22/May/2017:17:02:50 -0300] "GET /cormun/servlet/trautorizarsolicitud? HTTP/1.1" 200 6898
186.103.159.183 - - [22/May/2017:17:02:51 -0300] "POST /cormun/servlet/solicitudot?gx-no-cache=1495483429563 HTTP/1.1" 200 1279
186.103.159.183 - - [22/May/2017:17:02:51 -0300] "POST /cormun/servlet/solicitudot?gx-no-cache=1495483429714 HTTP/1.1" 200 1162
200.111.191.210 - - [22/May/2017:17:02:52 -0300] "POST /cormun/servlet/trsolicitudot?4e639e09f8568e26f0c3335d123f50b6,gx-no-cache=1495483428320 HTTP/1.1" 200 5721
200.111.191.210 - - [22/May/2017:17:02:52 -0300] "GET /cormun/static/Shared/jqueryui/images/ui-bg_highlight-soft_100_c6c2c8_1x100.png HTTP/1.1" 404 1117
200.111.191.210 - - [22/May/2017:17:02:52 -0300] "GET /cormun/static/Shared/jqueryui/images/ui-icons_82798d_256x240.png HTTP/1.1" 404 1089
200.111.191.210 - - [22/May/2017:17:02:52 -0300] "POST /cormun/servlet/trsolicitudot?4e639e09f8568e26f0c3335d123f50b6,gx-no-cache=1495483428541 HTTP/1.1" 200 5662
200.111.191.210 - - [22/May/2017:17:02:52 -0300] "GET /cormun/static/Shared/jqueryui/images/ui-bg_flat_55_fafafa_40x100.png HTTP/1.1" 404 1097
200.111.191.210 - - [22/May/2017:17:02:52 -0300] "GET /cormun/static/Shared/jqueryui/images/ui-icons_8d78a5_256x240.png HTTP/1.1" 404 1089
201.246.237.194 - - [22/May/2017:17:02:52 -0300] "GET /cormun/servlet/trautorizarsolicitud? HTTP/1.1" 200 6898
200.111.191.210 - - [22/May/2017:17:02:53 -0300] "POST /cormun/servlet/trsolicitudot?4e639e09f8568e26f0c3335d123f50b6,gx-no-cache=1495483429266 HTTP/1.1" 200 5283
200.111.191.210 - - [22/May/2017:17:02:53 -0300] "POST /cormun/servlet/trsolicitudot?4e639e09f8568e26f0c3335d123f50b6,gx-no-cache=1495483429427 HTTP/1.1" 200 5224
200.111.191.210 - - [22/May/2017:17:02:54 -0300] "POST /cormun/servlet/trsolicitudot?4e639e09f8568e26f0c3335d123f50b6,gx-no-cache=1495483430145 HTTP/1.1" 200 4151
200.111.191.210 - - [22/May/2017:17:02:54 -0300] "POST /cormun/servlet/trsolicitudot?4e639e09f8568e26f0c3335d123f50b6,gx-no-cache=1495483430285 HTTP/1.1" 200 3921
200.111.191.210 - - [22/May/2017:17:02:56 -0300] "GET /cormun/servlet/trpermisosgoce? HTTP/1.1" 200 7418
200.111.191.210 - - [22/May/2017:17:02:56 -0300] "GET /cormun/servlet/trpermisosgoce? HTTP/1.1" 200 7417
200.111.191.210 - - [22/May/2017:17:02:58 -0300] "GET /cormun/servlet/hlogin HTTP/1.1" 200 1741
186.103.159.183 - - [22/May/2017:17:02:59 -0300] "GET /cormun/servlet/solicitudot?8832ed864a9dd5550b868be56d2e23afc50fb70dbb8cfc81362847dc6d6870d2628118c7db885162452ee1358a8c44ba63fa98f0b313609887aa04458218d312509eb62773e2e14b882dde548c4dae1ea12a300fab7eb19d90be26e445c96355e3aa3229e4f12686795406515418790cd76b438422435c43a479e93b8553dc30e70a43958aefa771a5778e5ba6d01a63368d659c07aa7bcc2036f390971837512982c63db4cc2067091150dc6adb2f7b,gx-no-cache=1495483437747 HTTP/1.1" 200 30
201.246.237.194 - - [22/May/2017:17:03:03 -0300] "POST /cormun/servlet/trautorizarsolicitud?e37e6f9e5d9a47be0d36806056f2e63c,,gx-no-cache=1495483445218 HTTP/1.1" 200 4120
200.111.191.210 - - [22/May/2017:17:03:05 -0300] "POST /cormun/servlet/hlogin?4e639e09f8568e26f0c3335d123f50b6,gx-no-cache=1495483441527 HTTP/1.1" 200 90
200.111.191.210 - - [22/May/2017:17:03:05 -0300] "GET /cormun/servlet/hpexe_link HTTP/1.1" 200 952
200.111.191.210 - - [22/May/2017:17:03:05 -0300] "GET /cormun/servlet/hhome HTTP/1.1" 200 3965
200.111.191.210 - - [22/May/2017:17:03:05 -0300] "GET /cormun/servlet/hhome HTTP/1.1" 200 3962
201.246.237.194 - - [22/May/2017:17:03:13 -0300] "GET /cormun/static/menuarrow.gif HTTP/1.1" 404 1015
200.111.191.210 - - [22/May/2017:17:03:14 -0300] "GET /cormun/servlet/trautorizarsolicitud? HTTP/1.1" 200 9012
200.111.191.210 - - [22/May/2017:17:03:14 -0300] "GET /cormun/static/gxcfg.js?2017259112829 HTTP/1.1" 304 -
200.111.191.210 - - [22/May/2017:17:03:14 -0300] "GET /cormun/static/trautorizarsolicitud.js?2017259113483 HTTP/1.1" 304 -
200.111.191.210 - - [22/May/2017:17:03:15 -0300] "GET /cormun/servlet/trautorizarsolicitud? HTTP/1.1" 200 9012
201.246.237.194 - - [22/May/2017:17:03:18 -0300] "POST /cormun/servlet/trautorizarsolicitud?e37e6f9e5d9a47be0d36806056f2e63c,,gx-no-cache=1495483460104 HTTP/1.1" 200 4123
200.111.191.210 - - [22/May/2017:17:03:26 -0300] "POST /cormun/servlet/trautorizarsolicitud?4e639e09f8568e26f0c3335d123f50b6,,gx-no-cache=1495483462108 HTTP/1.1" 200 5878
200.111.191.210 - - [22/May/2017:17:03:26 -0300] "GET /cormun/static/Shared/jqueryui/images/ui-bg_highlight-soft_100_c6c2c8_1x100.png HTTP/1.1" 404 1117
200.111.191.210 - - [22/May/2017:17:03:26 -0300] "GET /cormun/static/Shared/jqueryui/images/ui-icons_82798d_256x240.png HTTP/1.1" 404 1089
200.111.191.210 - - [22/May/2017:17:03:26 -0300] "GET /cormun/static/Shared/jqueryui/images/ui-bg_flat_55_fafafa_40x100.png HTTP/1.1" 404 1097
200.111.191.210 - - [22/May/2017:17:03:26 -0300] "GET /cormun/static/Shared/jqueryui/images/ui-icons_8d78a5_256x240.png HTTP/1.1" 404 1089
200.111.191.210 - - [22/May/2017:17:03:26 -0300] "POST /cormun/servlet/trautorizarsolicitud?4e639e09f8568e26f0c3335d123f50b6,,gx-no-cache=1495483462316 HTTP/1.1" 200 5824
201.246.238.251 - - [22/May/2017:17:03:26 -0300] "GET /cormun/servlet/hlogin HTTP/1.1" 200 1726
201.246.238.251 - - [22/May/2017:17:03:26 -0300] "GET /cormun/static/Resources/Spanish/PXTools.css?11294912 HTTP/1.1" 304 -
201.246.238.251 - - [22/May/2017:17:03:26 -0300] "GET /cormun/static/gxtimezone.js?85251 HTTP/1.1" 304 -
201.246.238.251 - - [22/May/2017:17:03:26 -0300] "GET /cormun/static/gxgral.js?85251 HTTP/1.1" 304 -
201.246.238.251 - - [22/May/2017:17:03:26 -0300] "GET /cormun/static/gxcfg.js?201741110203197 HTTP/1.1" 304 -
201.246.238.251 - - [22/May/2017:17:03:26 -0300] "GET /cormun/static/Resources/ComunLogin.png HTTP/1.1" 304 -
201.246.238.251 - - [22/May/2017:17:03:26 -0300] "GET /cormun/static/hlogin.js?201741110203211 HTTP/1.1" 304 -
201.246.238.251 - - [22/May/2017:17:03:27 -0300] "GET /cormun/static/Resources/PXToolsLoginBackground.png HTTP/1.1" 304 -
201.246.238.251 - - [22/May/2017:17:03:27 -0300] "GET /cormun/static/Resources/PXToolsButtonLeft21.png HTTP/1.1" 304 -
201.246.238.251 - - [22/May/2017:17:03:27 -0300] "GET /cormun/static/Resources/PXToolsButtonRight21.png HTTP/1.1" 304 -
201.246.238.251 - - [22/May/2017:17:03:27 -0300] "GET /cormun/static/Resources/PXToolsButtonBackground2.png HTTP/1.1" 304 -
201.246.238.251 - - [22/May/2017:17:03:27 -0300] "GET /cormun/static/Resources/PXToolsLoginBottom.png HTTP/1.1" 304 -
201.246.238.251 - - [22/May/2017:17:03:27 -0300] "GET /cormun/static/Resources/PXToolsLoginTop.png HTTP/1.1" 304 -
200.111.191.210 - - [22/May/2017:17:03:27 -0300] "POST /cormun/servlet/trautorizarsolicitud?4e639e09f8568e26f0c3335d123f50b6,,gx-no-cache=1495483463039 HTTP/1.1" 200 5441
201.246.237.194 - - [22/May/2017:17:03:27 -0300] "GET /cormun/servlet/trautorizarsolicitud? HTTP/1.1" 200 6900
201.246.238.251 - - [22/May/2017:17:03:27 -0300] "GET /cormun/static/messages.spa.js?85251 HTTP/1.1" 304 -
201.246.238.251 - - [22/May/2017:17:03:27 -0300] "GET /cormun/static/Resources/indicator.gif HTTP/1.1" 304 -
201.246.238.251 - - [22/May/2017:17:03:27 -0300] "GET /cormun/servlet/hlogin HTTP/1.1" 200 1739
200.111.191.210 - - [22/May/2017:17:03:27 -0300] "POST /cormun/servlet/trautorizarsolicitud?4e639e09f8568e26f0c3335d123f50b6,,gx-no-cache=1495483463252 HTTP/1.1" 200 5386
200.111.191.210 - - [22/May/2017:17:03:28 -0300] "POST /cormun/servlet/trautorizarsolicitud?4e639e09f8568e26f0c3335d123f50b6,,gx-no-cache=1495483463978 HTTP/1.1" 200 4314
200.111.191.210 - - [22/May/2017:17:03:28 -0300] "POST /cormun/servlet/trautorizarsolicitud?4e639e09f8568e26f0c3335d123f50b6,,gx-no-cache=1495483464574 HTTP/1.1" 200 4085
201.246.237.194 - - [22/May/2017:17:03:29 -0300] "GET /cormun/servlet/trautorizarsolicitud? HTTP/1.1" 200 6900
200.111.191.210 - - [22/May/2017:17:03:31 -0300] "GET /cormun/servlet/trsolicitudot? HTTP/1.1" 200 6925
200.111.191.210 - - [22/May/2017:17:03:32 -0300] "GET /cormun/servlet/trsolicitudot? HTTP/1.1" 200 6925
200.111.191.210 - - [22/May/2017:17:03:33 -0300] "GET /cormun/servlet/hlogin HTTP/1.1" 200 1740
201.246.238.251 - - [22/May/2017:17:03:36 -0300] "POST /cormun/servlet/hlogin?4d270e910296f68149a29d06f04a61a6,gx-no-cache=1495483467603 HTTP/1.1" 200 90
201.246.238.251 - - [22/May/2017:17:03:36 -0300] "GET /cormun/servlet/hpexe_link HTTP/1.1" 200 956
201.246.238.251 - - [22/May/2017:17:03:36 -0300] "GET /cormun/static/gxcfg.js?201731711483381 HTTP/1.1" 304 -
201.246.238.251 - - [22/May/2017:17:03:36 -0300] "GET /cormun/static/hpexe_link.js?201731711483384 HTTP/1.1" 304 -
201.246.238.251 - - [22/May/2017:17:03:36 -0300] "GET /cormun/servlet/hhome HTTP/1.1" 200 4037
201.246.238.251 - - [22/May/2017:17:03:36 -0300] "GET /cormun/static/gxcfg.js?201731711483497 HTTP/1.1" 304 -
201.246.238.251 - - [22/May/2017:17:03:36 -0300] "GET /cormun/static/hhome.js?20173171148352 HTTP/1.1" 304 -
201.246.238.251 - - [22/May/2017:17:03:36 -0300] "GET /cormun/static/hwchdr01.js?201731711335950 HTTP/1.1" 304 -
201.246.238.251 - - [22/May/2017:17:03:36 -0300] "GET /cormun/static/hpexe_recentlink.js?201610171694390 HTTP/1.1" 304 -
201.246.238.251 - - [22/May/2017:17:03:36 -0300] "GET /cormun/static/hpexe_scripts.js?201731711335890 HTTP/1.1" 304 -
201.246.238.251 - - [22/May/2017:17:03:36 -0300] "GET /cormun/static/hpexe_messagecontroller.js?201610171694323 HTTP/1.1" 304 -
201.246.238.251 - - [22/May/2017:17:03:36 -0300] "GET /cormun/static/hpexe_messagepopupcomponent.js?20161017169425 HTTP/1.1" 304 -
201.246.238.251 - - [22/May/2017:17:03:36 -0300] "GET /cormun/static/hpexe_messagegenexuscomponent.js?201731711335537 HTTP/1.1" 304 -
201.246.238.251 - - [22/May/2017:17:03:36 -0300] "GET /cormun/static/cmcontrolpreferences.js?201731711335852 HTTP/1.1" 304 -
201.246.238.251 - - [22/May/2017:17:03:36 -0300] "GET /cormun/static/hmpwkw03.js?201731711485354 HTTP/1.1" 304 -
201.246.238.251 - - [22/May/2017:17:03:37 -0300] "GET /cormun/static/Shared/jquery/jquery-1.4.2.min.js HTTP/1.1" 200 72174
201.246.237.194 - - [22/May/2017:17:03:38 -0300] "POST /cormun/servlet/trautorizarsolicitud?e37e6f9e5d9a47be0d36806056f2e63c,,gx-no-cache=1495483479614 HTTP/1.1" 200 5439
186.103.159.183 - - [22/May/2017:17:03:38 -0300] "POST /cormun/servlet/solicitudot?080e5c9b3d09e9433b559f150c274b52,INS,0,0,,gx-no-cache=1495483475698 HTTP/1.1" 200 93
186.103.159.183 - - [22/May/2017:17:03:38 -0300] "GET /cormun/servlet/hpexe_return? HTTP/1.1" 200 1030
186.103.159.183 - - [22/May/2017:17:03:38 -0300] "GET /cormun/servlet/trsolicitudot?gx-no-cache=1495482699441 HTTP/1.1" 200 8267
186.103.159.183 - - [22/May/2017:17:03:40 -0300] "GET /cormun/servlet/trsolicitudot?gx-no-cache=1495482699441 HTTP/1.1" 200 8284
186.103.159.183 - - [22/May/2017:17:03:45 -0300] "POST /cormun/servlet/trsolicitudot?080e5c9b3d09e9433b559f150c274b52,gx-no-cache=1495482699441,gx-no-cache=1495483483393 HTTP/1.1" 200 4354
186.103.159.183 - - [22/May/2017:17:03:45 -0300] "GET /cormun/static/Shared/jqueryui/images/ui-bg_highlight-soft_100_c6c2c8_1x100.png HTTP/1.1" 404 1117
186.103.159.183 - - [22/May/2017:17:03:45 -0300] "GET /cormun/static/Shared/jqueryui/images/ui-icons_82798d_256x240.png HTTP/1.1" 404 1089
186.103.159.183 - - [22/May/2017:17:03:45 -0300] "GET /cormun/static/Shared/jqueryui/images/ui-bg_flat_55_fafafa_40x100.png HTTP/1.1" 404 1097
186.103.159.183 - - [22/May/2017:17:03:45 -0300] "GET /cormun/static/Shared/jqueryui/images/ui-icons_8d78a5_256x240.png HTTP/1.1" 404 1089
186.103.159.183 - - [22/May/2017:17:03:45 -0300] "POST /cormun/servlet/trsolicitudot?080e5c9b3d09e9433b559f150c274b52,gx-no-cache=1495482699441,gx-no-cache=1495483483727 HTTP/1.1" 200 4124
201.246.237.194 - - [22/May/2017:17:04:02 -0300] "POST /cormun/servlet/trautorizarsolicitud?e37e6f9e5d9a47be0d36806056f2e63c,,gx-no-cache=1495483503581 HTTP/1.1" 200 4343
201.246.237.194 - - [22/May/2017:17:04:02 -0300] "GET /cormun/static/Shared/jqueryui/images/ui-bg_highlight-soft_100_c6c2c8_1x100.png HTTP/1.1" 404 1117
201.246.237.194 - - [22/May/2017:17:04:02 -0300] "GET /cormun/static/Shared/jqueryui/images/ui-icons_82798d_256x240.png HTTP/1.1" 404 1089
201.246.237.194 - - [22/May/2017:17:04:02 -0300] "GET /cormun/static/Shared/jqueryui/images/ui-bg_flat_55_fafafa_40x100.png HTTP/1.1" 404 1097
201.246.237.194 - - [22/May/2017:17:04:02 -0300] "GET /cormun/static/Shared/jqueryui/images/ui-icons_8d78a5_256x240.png HTTP/1.1" 404 1089
201.246.237.194 - - [22/May/2017:17:04:03 -0300] "POST /cormun/servlet/trautorizarsolicitud?e37e6f9e5d9a47be0d36806056f2e63c,,gx-no-cache=1495483504414 HTTP/1.1" 200 4107
186.103.159.183 - - [22/May/2017:17:04:09 -0300] "GET /cormun/servlet/solicitudot?INS,0,0, HTTP/1.1" 200 12834
186.103.159.183 - - [22/May/2017:17:04:11 -0300] "GET /cormun/servlet/solicitudot?INS,0,0, HTTP/1.1" 200 12817
201.246.237.194 - - [22/May/2017:17:04:17 -0300] "POST /cormun/servlet/trautorizarsolicitud?e37e6f9e5d9a47be0d36806056f2e63c,,gx-no-cache=1495483518675 HTTP/1.1" 200 6545
186.103.159.183 - - [22/May/2017:17:04:23 -0300] "POST /cormun/servlet/solicitudot?gx-no-cache=1495483521014 HTTP/1.1" 200 3183
186.103.159.183 - - [22/May/2017:17:04:24 -0300] "POST /cormun/servlet/solicitudot?080e5c9b3d09e9433b559f150c274b52,INS,0,0,,gx-no-cache=1495483521381 HTTP/1.1" 200 9997
186.103.159.183 - - [22/May/2017:17:04:26 -0300] "GET /cormun/servlet/solicitudot?8832ed864a9dd5550b868be56d2e23af0a8d44d6c20a7f887e2f95b3cd02c23b543c7b03bbb2c56f92f34d5b0aa05179,gx-no-cache=1495483524167 HTTP/1.1" 200 30
186.103.159.183 - - [22/May/2017:17:04:26 -0300] "POST /cormun/servlet/solicitudot?gx-no-cache=1495483524253 HTTP/1.1" 200 255
186.103.159.183 - - [22/May/2017:17:04:26 -0300] "GET /cormun/servlet/solicitudot?8832ed864a9dd5550b868be56d2e23af7b89a8ef13eda94c6dfbb28c559332f3744320233195942ebf0ad77081b566c8f9ab0f1d6b44da3a007f06ba55555a639a270ac03b620dfec2757f327234e2f7b9f14cc99227195976bbf498ae4a284416e1c8e12ac50062d14d8ff818b0d6897c332696181edd425914e981a1f769ed8ca77336441c549d1d6a9fc31137900d4cd6623e093ad63864ccaf86553b59fdc462b1b340d19264450469a541978c8129d1bcdf1ee39d5df66474eb1b65248b331cdf6a6c73d307bb4490dc7ab27eead8545d831962e05120ff6d856a6416ec2947556c1633507099b674bb7af385cbd29f89f8bbee5835dd1bc58badd756d578b406da71bd5ff77f90660acaac4193afef4de51f46548299bd152fe7aa88dd86534279ab495cd5ac507c97d9c82d0dba7d5efa19f740417c35a6264fe4cc28408a637fcc8c31cfcc68193e7265ecdf14cf4b6688ae8ae724faee6d40ddf531efda389bff8bb522c54c5a793edd1642d57a9e42949a48e73e7d78c397fa3b05,gx-no-cache=1495483524327 HTTP/1.1" 200 30
201.246.238.251 - - [22/May/2017:17:04:30 -0300] "GET /cormun/servlet/trcontratosolicitud? HTTP/1.1" 200 13645
201.246.238.251 - - [22/May/2017:17:04:30 -0300] "GET /cormun/static/Resources/Spanish/PXTools.css?18365030 HTTP/1.1" 304 -
201.246.238.251 - - [22/May/2017:17:04:30 -0300] "GET /cormun/static/gxcfg.js?20171317451682 HTTP/1.1" 304 -
201.246.238.251 - - [22/May/2017:17:04:30 -0300] "GET /cormun/static/calendar.js?85251 HTTP/1.1" 304 -
201.246.238.251 - - [22/May/2017:17:04:30 -0300] "GET /cormun/static/calendar-setup.js?85251 HTTP/1.1" 304 -
201.246.238.251 - - [22/May/2017:17:04:30 -0300] "GET /cormun/static/calendar-es.js?85251 HTTP/1.1" 304 -
201.246.238.251 - - [22/May/2017:17:04:30 -0300] "GET /cormun/static/gxdec.js?85251 HTTP/1.1" 304 -
201.246.238.251 - - [22/May/2017:17:04:30 -0300] "GET /cormun/static/trcontratosolicitud.js?20171317452124 HTTP/1.1" 304 -
186.103.159.183 - - [22/May/2017:17:04:31 -0300] "POST /cormun/servlet/solicitudot?gx-no-cache=1495483529452 HTTP/1.1" 200 30
186.103.159.183 - - [22/May/2017:17:04:36 -0300] "POST /cormun/servlet/solicitudot?gx-no-cache=1495483534161 HTTP/1.1" 200 1297
186.103.159.183 - - [22/May/2017:17:04:36 -0300] "POST /cormun/servlet/solicitudot?gx-no-cache=1495483534353 HTTP/1.1" 200 38
201.246.237.194 - - [22/May/2017:17:04:46 -0300] "GET /cormun/servlet/veautorizarsolicitud?2017,6565,, HTTP/1.1" 200 8170
201.246.237.194 - - [22/May/2017:17:04:46 -0300] "GET /cormun/pexe_scrolldiv.js HTTP/1.1" 404 1009
201.246.237.194 - - [22/May/2017:17:04:47 -0300] "GET /cormun/pexe_scrolldiv.js HTTP/1.1" 404 1009
201.246.238.251 - - [22/May/2017:17:04:47 -0300] "POST /cormun/servlet/trcontratosolicitud?4d270e910296f68149a29d06f04a61a6,,gx-no-cache=1495483538348 HTTP/1.1" 200 3989
201.246.237.194 - - [22/May/2017:17:04:48 -0300] "GET /cormun/servlet/veautorizarsolicitud?2017,6565,, HTTP/1.1" 200 8169
186.103.159.183 - - [22/May/2017:17:05:03 -0300] "GET /cormun/servlet/solicitudot?8832ed864a9dd5550b868be56d2e23afcab6bc4065fb2deece802d95960faed842da93c8a4816a8c670b4858eb0346e58e90ffc0f3ae5eba59b5b40929276c184ee1ffdb178d5cf611ad29adcd48d9f0198f38c1f70818f4d812452881e5a7b6e56863d290baeec66666af0cad3b423cfb120c1c1d77eaa887f932aa82337e6109130df9895b0f0cd77b785845ea290c834a0a8e029f80f333da8be3d82d7f04,gx-no-cache=1495483560960 HTTP/1.1" 200 29
186.103.159.183 - - [22/May/2017:17:05:03 -0300] "POST /cormun/servlet/solicitudot?gx-no-cache=1495483561107 HTTP/1.1" 200 1279
186.103.159.183 - - [22/May/2017:17:05:03 -0300] "POST /cormun/servlet/solicitudot?gx-no-cache=1495483561314 HTTP/1.1" 200 1162
186.103.159.183 - - [22/May/2017:17:05:03 -0300] "GET /cormun/static/menuarrow.gif HTTP/1.1" 404 1015
186.103.159.183 - - [22/May/2017:17:05:05 -0300] "POST /cormun/servlet/solicitudot?gx-no-cache=1495483563003 HTTP/1.1" 200 1279
186.103.159.183 - - [22/May/2017:17:05:05 -0300] "POST /cormun/servlet/solicitudot?gx-no-cache=1495483563118 HTTP/1.1" 200 1162
201.246.237.194 - - [22/May/2017:17:05:21 -0300] "POST /cormun/servlet/veautorizarsolicitud?e37e6f9e5d9a47be0d36806056f2e63c,2017,6565,,,gx-no-cache=1495483583022 HTTP/1.1" 200 90
201.246.237.194 - - [22/May/2017:17:05:21 -0300] "GET /cormun/servlet/hpexe_link HTTP/1.1" 200 974
201.246.237.194 - - [22/May/2017:17:05:22 -0300] "GET /cormun/servlet/trautorizarsolicitud? HTTP/1.1" 200 9305
186.103.159.183 - - [22/May/2017:17:05:22 -0300] "GET /cormun/servlet/solicitudot?8832ed864a9dd5550b868be56d2e23af962ca87f5b7ef4d2849111c6161d8353736a40a9bead17570f67f6d8ae6d925182ce2a8dc5bf79cbd9bd09d2113944e03e897599acb3e797d8a306791906e4b6893c61f3c7d4dad5fa0db3262b4d4a4f8a4499b661c51c67cdf28b2261e923b205e1c5093e4739530c1db0ec64f0dd190fd0a16096d5e142fb38ef2809ab1d38a80f2592a359eb0c3bc55d0545095938a255c346ea1c7d3412f4b7c918907453,gx-no-cache=1495483580740 HTTP/1.1" 200 30
201.246.237.194 - - [22/May/2017:17:05:24 -0300] "GET /cormun/servlet/trautorizarsolicitud? HTTP/1.1" 200 9304
200.111.191.210 - - [22/May/2017:17:05:53 -0300] "POST /cormun/servlet/hlogin?4e639e09f8568e26f0c3335d123f50b6,gx-no-cache=1495483609553 HTTP/1.1" 200 90
200.111.191.210 - - [22/May/2017:17:05:53 -0300] "GET /cormun/servlet/hpexe_link HTTP/1.1" 200 952
200.111.191.210 - - [22/May/2017:17:05:53 -0300] "GET /cormun/servlet/hhome HTTP/1.1" 200 3778
200.111.191.210 - - [22/May/2017:17:05:54 -0300] "GET /cormun/servlet/hhome HTTP/1.1" 200 3774
200.111.191.210 - - [22/May/2017:17:05:57 -0300] "GET /cormun/servlet/trsolicitudot? HTTP/1.1" 200 6731
200.111.191.210 - - [22/May/2017:17:05:58 -0300] "GET /cormun/servlet/trsolicitudot? HTTP/1.1" 200 6730
200.111.191.210 - - [22/May/2017:17:05:59 -0300] "GET /cormun/servlet/solicitudot?INS,0,0, HTTP/1.1" 200 12587
200.111.191.210 - - [22/May/2017:17:06:00 -0300] "GET /cormun/servlet/solicitudot?INS,0,0, HTTP/1.1" 200 12592
186.103.159.183 - - [22/May/2017:17:06:03 -0300] "POST /cormun/servlet/solicitudot?080e5c9b3d09e9433b559f150c274b52,INS,0,0,,gx-no-cache=1495483620694 HTTP/1.1" 200 93
186.103.159.183 - - [22/May/2017:17:06:03 -0300] "GET /cormun/servlet/hpexe_return? HTTP/1.1" 200 1030
186.103.159.183 - - [22/May/2017:17:06:03 -0300] "GET /cormun/servlet/trsolicitudot?gx-no-cache=1495482699441 HTTP/1.1" 200 8249
186.103.159.183 - - [22/May/2017:17:06:05 -0300] "GET /cormun/servlet/trsolicitudot?gx-no-cache=1495482699441 HTTP/1.1" 200 8267
200.111.191.210 - - [22/May/2017:17:06:07 -0300] "POST /cormun/servlet/solicitudot?gx-no-cache=1495483623789 HTTP/1.1" 200 3193
200.111.191.210 - - [22/May/2017:17:06:07 -0300] "POST /cormun/servlet/solicitudot?4e639e09f8568e26f0c3335d123f50b6,INS,0,0,,gx-no-cache=1495483623960 HTTP/1.1" 200 9780
186.103.159.183 - - [22/May/2017:17:06:16 -0300] "POST /cormun/servlet/trsolicitudot?080e5c9b3d09e9433b559f150c274b52,gx-no-cache=1495482699441,gx-no-cache=1495483634613 HTTP/1.1" 200 4350
186.103.159.183 - - [22/May/2017:17:06:17 -0300] "GET /cormun/static/Shared/jqueryui/images/ui-bg_highlight-soft_100_c6c2c8_1x100.png HTTP/1.1" 404 1117
186.103.159.183 - - [22/May/2017:17:06:17 -0300] "GET /cormun/static/Shared/jqueryui/images/ui-icons_82798d_256x240.png HTTP/1.1" 404 1089
186.103.159.183 - - [22/May/2017:17:06:17 -0300] "GET /cormun/static/Shared/jqueryui/images/ui-bg_flat_55_fafafa_40x100.png HTTP/1.1" 404 1097
186.103.159.183 - - [22/May/2017:17:06:17 -0300] "GET /cormun/static/Shared/jqueryui/images/ui-icons_8d78a5_256x240.png HTTP/1.1" 404 1089
186.103.159.183 - - [22/May/2017:17:06:17 -0300] "POST /cormun/servlet/trsolicitudot?080e5c9b3d09e9433b559f150c274b52,gx-no-cache=1495482699441,gx-no-cache=1495483634969 HTTP/1.1" 200 4124
65.55.210.115 - - [22/May/2017:17:06:17 -0300] "GET /cormun/static/Resources/asc.gif HTTP/1.1" 200 67
65.55.210.115 - - [22/May/2017:17:06:17 -0300] "GET /cormun//static/Resources/PXToolsGridDelete.png HTTP/1.1" 200 357
200.111.191.210 - - [22/May/2017:17:06:18 -0300] "GET /cormun/servlet/solicitudot?04626e01ae067e637bd3b5f55902425723ff648b270f3c5d89646bde8d3525b448e969f2e2c68c6962090c1a2eb5b722,gx-no-cache=1495483634677 HTTP/1.1" 200 30
200.111.191.210 - - [22/May/2017:17:06:18 -0300] "POST /cormun/servlet/solicitudot?gx-no-cache=1495483634705 HTTP/1.1" 200 255
200.111.191.210 - - [22/May/2017:17:06:18 -0300] "GET /cormun/servlet/solicitudot?04626e01ae067e637bd3b5f5590242575f8e2895ce80bc1214d3965d4fa6434481f2caade679885276a4e314af3732da81eb2d3e5de482b34498dfe97fbaa4b386f58420edb1d919fbcf6573377c4430a7692cc61d7fa4df60655ecb2605b8e682d3acafee28e1152610f79bfae9f17f32ce529b91bef3bf70eafc7eee0549273b70ac7671e788f80d877ac3460993d9d9da5791d83ad16401856d43fa21e8d780eb8fb18af4d011840d5d632612354f3e294d0f8584afeab30d30a0191257e6ad5e4db05ef08240968cd0e3c2db652b30307259a5166ab6cdad7db9630ba98de16d88948372f5d1680a659d117dd58b955e0b05b4d111b6ff20b783caf302ad6313afa5acd1fdcf98f4d330d3e6d567b38e1219cef55bbbc540d085709b9b2753100e9ff2581691c35628a8cc195fae7c7283707fd5093d27f3b4f1587d73667215c872649a86725704176c2aa59505d598699263c64a4093e9631a89b5e6b6bd4599bb0d8daf4025a643d0133f7a7f40ecda90a23b8ccbd16052c910850f82,gx-no-cache=1495483634751 HTTP/1.1" 200 30
186.103.159.182 - - [22/May/2017:17:06:28 -0300] "GET /cormun/servlet/solicitudot?INS,0,0, HTTP/1.1" 200 12868
186.103.159.182 - - [22/May/2017:17:06:30 -0300] "GET /cormun/servlet/solicitudot?INS,0,0, HTTP/1.1" 200 12873
186.103.159.182 - - [22/May/2017:17:06:34 -0300] "GET /cormun/servlet/trsolicitudot? HTTP/1.1" 200 7031
186.103.159.183 - - [22/May/2017:17:06:35 -0300] "GET /cormun/servlet/solicitudot?INS,0,0, HTTP/1.1" 200 12832
186.103.159.182 - - [22/May/2017:17:06:35 -0300] "GET /cormun/servlet/trsolicitudot? HTTP/1.1" 200 7030
186.103.159.183 - - [22/May/2017:17:06:36 -0300] "GET /cormun/servlet/solicitudot?INS,0,0, HTTP/1.1" 200 12816
186.103.159.182 - - [22/May/2017:17:06:37 -0300] "GET /cormun/servlet/trsolicitudot? HTTP/1.1" 200 7031
186.103.159.182 - - [22/May/2017:17:06:39 -0300] "GET /cormun/servlet/trsolicitudot? HTTP/1.1" 200 7030
186.103.159.182 - - [22/May/2017:17:06:39 -0300] "GET /favicon.ico HTTP/1.1" 200 21630
200.111.191.210 - - [22/May/2017:17:06:45 -0300] "POST /cormun/servlet/solicitudot?gx-no-cache=1495483661864 HTTP/1.1" 200 30
186.103.159.182 - - [22/May/2017:17:06:53 -0300] "GET /cormun/servlet/hhome HTTP/1.1" 200 4062
200.111.191.210 - - [22/May/2017:17:06:54 -0300] "POST /cormun/servlet/solicitudot?gx-no-cache=1495483670607 HTTP/1.1" 200 30
186.103.159.182 - - [22/May/2017:17:06:54 -0300] "GET /cormun/servlet/hhome HTTP/1.1" 200 4058
186.103.159.182 - - [22/May/2017:17:06:56 -0300] "GET /cormun/servlet/hlogin HTTP/1.1" 200 1718
200.111.191.210 - - [22/May/2017:17:07:00 -0300] "POST /cormun/servlet/solicitudot?gx-no-cache=1495483676079 HTTP/1.1" 200 30
200.111.191.210 - - [22/May/2017:17:07:02 -0300] "POST /cormun/servlet/solicitudot?gx-no-cache=1495483678398 HTTP/1.1" 200 1296
200.111.191.210 - - [22/May/2017:17:07:02 -0300] "POST /cormun/servlet/solicitudot?gx-no-cache=1495483678473 HTTP/1.1" 200 38
186.103.159.182 - - [22/May/2017:17:07:10 -0300] "GET /cormun/servlet/hlogin HTTP/1.1" 200 1718
186.103.159.182 - - [22/May/2017:17:07:14 -0300] "POST /cormun/servlet/hlogin?b854fa463f653fdfaadda825d3d07f7e,gx-no-cache=1495483691469 HTTP/1.1" 200 90
186.103.159.182 - - [22/May/2017:17:07:14 -0300] "GET /cormun/servlet/hpexe_link HTTP/1.1" 200 948
186.103.159.182 - - [22/May/2017:17:07:15 -0300] "GET /cormun/servlet/hhome HTTP/1.1" 200 4062
186.103.159.182 - - [22/May/2017:17:07:16 -0300] "GET /cormun/servlet/hhome HTTP/1.1" 200 4058
200.111.191.210 - - [22/May/2017:17:07:27 -0300] "POST /cormun/servlet/solicitudot?gx-no-cache=1495483703806 HTTP/1.1" 200 30
186.103.159.183 - - [22/May/2017:17:07:35 -0300] "POST /cormun/servlet/solicitudot?gx-no-cache=1495483713316 HTTP/1.1" 200 3183
186.103.159.183 - - [22/May/2017:17:07:36 -0300] "POST /cormun/servlet/solicitudot?080e5c9b3d09e9433b559f150c274b52,INS,0,0,,gx-no-cache=1495483713822 HTTP/1.1" 200 9996
186.103.159.183 - - [22/May/2017:17:07:40 -0300] "GET /cormun/servlet/solicitudot?8832ed864a9dd5550b868be56d2e23af0a8d44d6c20a7f887e2f95b3cd02c23b543c7b03bbb2c56f92f34d5b0aa05179,gx-no-cache=1495483718826 HTTP/1.1" 200 30
186.103.159.183 - - [22/May/2017:17:07:41 -0300] "POST /cormun/servlet/solicitudot?gx-no-cache=1495483718927 HTTP/1.1" 200 255
186.103.159.183 - - [22/May/2017:17:07:41 -0300] "GET /cormun/servlet/solicitudot?8832ed864a9dd5550b868be56d2e23af7b89a8ef13eda94c6dfbb28c559332f3744320233195942ebf0ad77081b566c8f9ab0f1d6b44da3a007f06ba55555a639a270ac03b620dfec2757f327234e2f7b9f14cc99227195976bbf498ae4a284416e1c8e12ac50062d14d8ff818b0d6897c332696181edd425914e981a1f769ed8ca77336441c549d1d6a9fc31137900d4cd6623e093ad63864ccaf86553b59fdc462b1b340d19264450469a541978c8129d1bcdf1ee39d5df66474eb1b65248b331cdf6a6c73d307bb4490dc7ab27eead8545d831962e05120ff6d856a6416ec2947556c1633507099b674bb7af385cbd29f89f8bbee5835dd1bc58badd756d578b406da71bd5ff77f90660acaac4193afef4de51f46548299bd152fe7aa88dd86534279ab495cd5ac507c97d9c82d0dba7d5efa19f740417c35a6264fe4cc28408a637fcc8c31cfcc68193e7265ecdf14cf4b6688ae8ae724faee6d40ddf531efda389bff8bb522c54c5a793edd1642d57a9e42949a48e73e7d78c397fa3b05,gx-no-cache=1495483719344 HTTP/1.1" 200 30
186.103.159.183 - - [22/May/2017:17:07:43 -0300] "POST /cormun/servlet/solicitudot?gx-no-cache=1495483721353 HTTP/1.1" 200 30
186.103.159.183 - - [22/May/2017:17:07:44 -0300] "GET /cormun/static/Resources/resize.gif HTTP/1.1" 200 77
186.103.159.183 - - [22/May/2017:17:07:44 -0300] "GET /cormun/servlet/prsolicitudot?17507861,,,,,MD,,gxPopupLevel%3D0%3B HTTP/1.1" 200 5940
186.103.159.183 - - [22/May/2017:17:07:45 -0300] "GET /cormun/static/gxcfg.js?201731711522567 HTTP/1.1" 200 953
186.103.159.183 - - [22/May/2017:17:07:45 -0300] "GET /cormun/static/menusearch.js?201610171694467 HTTP/1.1" 200 1424
186.103.159.183 - - [22/May/2017:17:07:45 -0300] "GET /cormun/static/prsolicitudot.js?201731711522786 HTTP/1.1" 200 13680
186.103.159.183 - - [22/May/2017:17:07:45 -0300] "GET /cormun/static/hmpwkw011.js?201731711483558 HTTP/1.1" 200 1968
186.103.159.183 - - [22/May/2017:17:07:45 -0300] "GET /cormun/static/Resources/PXToolsMenuSearch.png HTTP/1.1" 200 2914
186.103.159.183 - - [22/May/2017:17:07:45 -0300] "GET /cormun/static/Resources/PXToolsMenuSearchCancel.png HTTP/1.1" 200 2972
186.103.159.183 - - [22/May/2017:17:07:49 -0300] "POST /cormun/servlet/solicitudot?gx-no-cache=1495483727403 HTTP/1.1" 200 1297
186.103.159.183 - - [22/May/2017:17:07:49 -0300] "POST /cormun/servlet/solicitudot?gx-no-cache=1495483727669 HTTP/1.1" 200 38
186.103.159.183 - - [22/May/2017:17:07:49 -0300] "GET /cormun/servlet/solicitudot?8832ed864a9dd5550b868be56d2e23afcab6bc4065fb2deece802d95960faed842da93c8a4816a8c670b4858eb0346e58e90ffc0f3ae5eba59b5b40929276c184ee1ffdb178d5cf611ad29adcd48d9f0198f38c1f70818f4d812452881e5a7b6e56863d290baeec66666af0cad3b423cfb120c1c1d77eaa887f932aa82337e6109130df9895b0f0cd77b785845ea290c834a0a8e029f80f333da8be3d82d7f04,gx-no-cache=1495483727787 HTTP/1.1" 200 29
186.103.159.183 - - [22/May/2017:17:07:50 -0300] "POST /cormun/servlet/solicitudot?gx-no-cache=1495483727854 HTTP/1.1" 200 1280
186.103.159.183 - - [22/May/2017:17:07:50 -0300] "POST /cormun/servlet/solicitudot?gx-no-cache=1495483728295 HTTP/1.1" 200 1162
186.103.159.183 - - [22/May/2017:17:08:05 -0300] "POST /cormun/servlet/solicitudot?gx-no-cache=1495483742900 HTTP/1.1" 200 1279
186.103.159.183 - - [22/May/2017:17:08:05 -0300] "POST /cormun/servlet/solicitudot?gx-no-cache=1495483743065 HTTP/1.1" 200 1162
186.103.159.183 - - [22/May/2017:17:08:05 -0300] "GET /cormun/servlet/solicitudot?8832ed864a9dd5550b868be56d2e23af962ca87f5b7ef4d2849111c6161d83538669433c135f1a47b185453fafb38b49d024334412ed5ea72406e1c2ac6ecb44509eb62773e2e14b882dde548c4dae1ea12a300fab7eb19d90be26e445c96355e3aa3229e4f12686795406515418790cd76b438422435c43a479e93b8553dc30e70a43958aefa771a5778e5ba6d01a63368d659c07aa7bcc2036f390971837512982c63db4cc2067091150dc6adb2f7b,gx-no-cache=1495483743220 HTTP/1.1" 200 30
186.103.159.183 - - [22/May/2017:17:08:47 -0300] "POST /cormun/servlet/solicitudot?080e5c9b3d09e9433b559f150c274b52,INS,0,0,,gx-no-cache=1495483784693 HTTP/1.1" 200 93
186.103.159.183 - - [22/May/2017:17:08:47 -0300] "GET /cormun/servlet/hpexe_return? HTTP/1.1" 200 1030
186.103.159.183 - - [22/May/2017:17:08:47 -0300] "GET /cormun/servlet/trsolicitudot?gx-no-cache=1495482699441 HTTP/1.1" 200 8256
186.103.159.183 - - [22/May/2017:17:08:49 -0300] "GET /cormun/servlet/trsolicitudot?gx-no-cache=1495482699441 HTTP/1.1" 200 8274
186.103.159.183 - - [22/May/2017:17:08:56 -0300] "POST /cormun/servlet/trsolicitudot?080e5c9b3d09e9433b559f150c274b52,gx-no-cache=1495482699441,gx-no-cache=1495483794246 HTTP/1.1" 200 4352
186.103.159.183 - - [22/May/2017:17:08:56 -0300] "GET /cormun/static/Shared/jqueryui/images/ui-bg_highlight-soft_100_c6c2c8_1x100.png HTTP/1.1" 404 1117
186.103.159.183 - - [22/May/2017:17:08:56 -0300] "GET /cormun/static/Shared/jqueryui/images/ui-icons_82798d_256x240.png HTTP/1.1" 404 1089
186.103.159.183 - - [22/May/2017:17:08:56 -0300] "GET /cormun/static/Shared/jqueryui/images/ui-icons_8d78a5_256x240.png HTTP/1.1" 404 1089
186.103.159.183 - - [22/May/2017:17:08:56 -0300] "GET /cormun/static/Shared/jqueryui/images/ui-bg_flat_55_fafafa_40x100.png HTTP/1.1" 404 1097
186.103.159.183 - - [22/May/2017:17:08:56 -0300] "POST /cormun/servlet/trsolicitudot?080e5c9b3d09e9433b559f150c274b52,gx-no-cache=1495482699441,gx-no-cache=1495483794633 HTTP/1.1" 200 4124
186.103.159.183 - - [22/May/2017:17:10:45 -0300] "GET /cormun/servlet/trautorizarsolicitud? HTTP/1.1" 200 10588
186.103.159.183 - - [22/May/2017:17:10:45 -0300] "GET /cormun/static/gxui/gxui-all.css?120300 HTTP/1.1" 200 2179
186.103.159.183 - - [22/May/2017:17:10:45 -0300] "GET /cormun/static/gxcfg.js?2017259112829 HTTP/1.1" 200 953
186.103.159.183 - - [22/May/2017:17:10:45 -0300] "GET /cormun/static/trautorizarsolicitud.js?2017259113483 HTTP/1.1" 200 53096
186.103.159.183 - - [22/May/2017:17:10:45 -0300] "GET /cormun/static/Shared/ext/resources/css/ext-all.css?215870 HTTP/1.1" 200 416045
186.103.159.183 - - [22/May/2017:17:10:47 -0300] "GET /cormun/servlet/trautorizarsolicitud? HTTP/1.1" 200 10567
186.103.159.183 - - [22/May/2017:17:11:10 -0300] "POST /cormun/servlet/trautorizarsolicitud?080e5c9b3d09e9433b559f150c274b52,,gx-no-cache=1495483928438 HTTP/1.1" 200 7567
186.103.159.183 - - [22/May/2017:17:11:11 -0300] "GET /cormun/static/Shared/jqueryui/images/ui-bg_highlight-soft_100_c6c2c8_1x100.png HTTP/1.1" 404 1117
186.103.159.183 - - [22/May/2017:17:11:11 -0300] "GET /cormun/static/Shared/jqueryui/images/ui-icons_82798d_256x240.png HTTP/1.1" 404 1089
186.103.159.183 - - [22/May/2017:17:11:11 -0300] "GET /cormun/static/Shared/jqueryui/images/ui-bg_flat_55_fafafa_40x100.png HTTP/1.1" 404 1097
186.103.159.183 - - [22/May/2017:17:11:11 -0300] "GET /cormun/static/Shared/jqueryui/images/ui-icons_8d78a5_256x240.png HTTP/1.1" 404 1089
186.103.159.183 - - [22/May/2017:17:11:11 -0300] "POST /cormun/servlet/trautorizarsolicitud?080e5c9b3d09e9433b559f150c274b52,,gx-no-cache=1495483929120 HTTP/1.1" 200 7503
186.103.159.183 - - [22/May/2017:17:11:14 -0300] "POST /cormun/servlet/trautorizarsolicitud?080e5c9b3d09e9433b559f150c274b52,,gx-no-cache=1495483931932 HTTP/1.1" 200 7200
186.103.159.183 - - [22/May/2017:17:11:14 -0300] "POST /cormun/servlet/trautorizarsolicitud?080e5c9b3d09e9433b559f150c274b52,,gx-no-cache=1495483932466 HTTP/1.1" 200 7125
186.67.172.234 - - [22/May/2017:17:11:27 -0300] "GET /cormun/servlet/trlicencias HTTP/1.1" 200 6001
186.103.159.183 - - [22/May/2017:17:11:29 -0300] "POST /cormun/servlet/trautorizarsolicitud?080e5c9b3d09e9433b559f150c274b52,,gx-no-cache=1495483946813 HTTP/1.1" 200 6824
186.67.172.234 - - [22/May/2017:17:11:29 -0300] "GET /cormun/servlet/hlogin HTTP/1.1" 200 1735
186.67.172.234 - - [22/May/2017:17:11:29 -0300] "GET /cormun/servlet/trlicencias HTTP/1.1" 200 5999
186.103.159.183 - - [22/May/2017:17:11:29 -0300] "POST /cormun/servlet/trautorizarsolicitud?080e5c9b3d09e9433b559f150c274b52,,gx-no-cache=1495483947358 HTTP/1.1" 200 6768
186.103.159.183 - - [22/May/2017:17:11:32 -0300] "POST /cormun/servlet/trautorizarsolicitud?080e5c9b3d09e9433b559f150c274b52,,gx-no-cache=1495483949832 HTTP/1.1" 200 6494
186.103.159.183 - - [22/May/2017:17:11:32 -0300] "POST /cormun/servlet/trautorizarsolicitud?080e5c9b3d09e9433b559f150c274b52,,gx-no-cache=1495483950468 HTTP/1.1" 200 6437
186.103.159.183 - - [22/May/2017:17:11:34 -0300] "POST /cormun/servlet/trautorizarsolicitud?080e5c9b3d09e9433b559f150c274b52,,gx-no-cache=1495483952094 HTTP/1.1" 200 6090
186.103.159.183 - - [22/May/2017:17:11:35 -0300] "POST /cormun/servlet/trautorizarsolicitud?080e5c9b3d09e9433b559f150c274b52,,gx-no-cache=1495483952750 HTTP/1.1" 200 6033
186.103.159.183 - - [22/May/2017:17:11:36 -0300] "POST /cormun/servlet/trautorizarsolicitud?080e5c9b3d09e9433b559f150c274b52,,gx-no-cache=1495483954636 HTTP/1.1" 200 5801
186.103.159.183 - - [22/May/2017:17:11:37 -0300] "POST /cormun/servlet/trautorizarsolicitud?080e5c9b3d09e9433b559f150c274b52,,gx-no-cache=1495483955146 HTTP/1.1" 200 5748
186.103.159.183 - - [22/May/2017:17:11:57 -0300] "POST /cormun/servlet/trautorizarsolicitud?080e5c9b3d09e9433b559f150c274b52,,gx-no-cache=1495483975205 HTTP/1.1" 200 5470
186.103.159.183 - - [22/May/2017:17:11:58 -0300] "POST /cormun/servlet/trautorizarsolicitud?080e5c9b3d09e9433b559f150c274b52,,gx-no-cache=1495483975782 HTTP/1.1" 200 5417
186.103.159.183 - - [22/May/2017:17:11:59 -0300] "POST /cormun/servlet/trautorizarsolicitud?080e5c9b3d09e9433b559f150c274b52,,gx-no-cache=1495483977179 HTTP/1.1" 200 4341
186.103.159.183 - - [22/May/2017:17:11:59 -0300] "POST /cormun/servlet/trautorizarsolicitud?080e5c9b3d09e9433b559f150c274b52,,gx-no-cache=1495483977562 HTTP/1.1" 200 4110
186.79.115.132 - - [22/May/2017:17:17:39 -0300] "GET /cormun/servlet/trinasistenciaautorizar? HTTP/1.1" 200 5809
186.79.115.132 - - [22/May/2017:17:17:41 -0300] "GET /cormun/servlet/trinasistenciaautorizar? HTTP/1.1" 200 5800
186.79.115.132 - - [22/May/2017:17:17:41 -0300] "GET /cormun/servlet/hlogin HTTP/1.1" 200 1747
186.103.159.182 - - [22/May/2017:17:17:55 -0300] "GET /cormun/servlet/trlicencias? HTTP/1.1" 200 6928
186.103.159.182 - - [22/May/2017:17:17:57 -0300] "GET /cormun/servlet/trlicencias? HTTP/1.1" 200 6927
186.103.159.182 - - [22/May/2017:17:17:59 -0300] "GET /cormun/servlet/licenciaspermisos?INS,0,,, HTTP/1.1" 200 7467
186.103.159.182 - - [22/May/2017:17:17:59 -0300] "GET /cormun/static/gxcfg.js?201741111445322 HTTP/1.1" 304 -
186.103.159.182 - - [22/May/2017:17:17:59 -0300] "GET /cormun/static/licenciaspermisos.js?201741111445392 HTTP/1.1" 304 -
186.103.159.182 - - [22/May/2017:17:18:00 -0300] "GET /cormun/servlet/licenciaspermisos?INS,0,,, HTTP/1.1" 200 7475
186.79.115.132 - - [22/May/2017:17:18:13 -0300] "POST /cormun/servlet/hlogin?de33c4fbb8383120fe4802767752f3ee,gx-no-cache=1495484349870 HTTP/1.1" 200 90
186.79.115.132 - - [22/May/2017:17:18:14 -0300] "GET /cormun/servlet/hpexe_link HTTP/1.1" 200 966
186.79.115.132 - - [22/May/2017:17:18:15 -0300] "GET /cormun/servlet/trinasistenciaautorizar HTTP/1.1" 200 6528
186.103.159.182 - - [22/May/2017:17:18:16 -0300] "GET /cormun/servlet/licenciaspermisos?87ebef6f2cb738bac90fc0f91b49249b25a38f8b1b9939391845f86e14405c010eea965cc774bf0dfa3de291a3f8ca21,gx-no-cache=1495484352865 HTTP/1.1" 200 64
186.103.159.182 - - [22/May/2017:17:18:16 -0300] "POST /cormun/servlet/licenciaspermisos?b854fa463f653fdfaadda825d3d07f7e,INS,0,,,,gx-no-cache=1495484352968 HTTP/1.1" 200 4624
186.79.115.132 - - [22/May/2017:17:18:17 -0300] "GET /cormun/servlet/trinasistenciaautorizar HTTP/1.1" 200 6527
186.79.115.132 - - [22/May/2017:17:18:27 -0300] "GET /cormun/static/menuarrow.gif HTTP/1.1" 404 1015
186.79.115.132 - - [22/May/2017:17:18:38 -0300] "POST /cormun/servlet/trinasistenciaautorizar?de33c4fbb8383120fe4802767752f3ee,gx-no-cache=1495484375060 HTTP/1.1" 200 3702
186.79.115.132 - - [22/May/2017:17:18:53 -0300] "POST /cormun/servlet/trinasistenciaautorizar?de33c4fbb8383120fe4802767752f3ee,gx-no-cache=1495484384851 HTTP/1.1" 200 113
186.79.115.132 - - [22/May/2017:17:18:54 -0300] "GET /cormun/InasistenciaAutorizar-8024.xls HTTP/1.1" 200 4096
200.111.191.210 - - [22/May/2017:17:19:05 -0300] "POST /cormun/servlet/solicitudot?gx-no-cache=1495484401731 HTTP/1.1" 200 1296
200.111.191.210 - - [22/May/2017:17:19:05 -0300] "POST /cormun/servlet/solicitudot?gx-no-cache=1495484401874 HTTP/1.1" 200 38
200.111.191.210 - - [22/May/2017:17:19:09 -0300] "GET /cormun/servlet/solicitudot?04626e01ae067e637bd3b5f559024257e650d05604b194aaef0dbc4337146bfd0a2ef55fd130089c18839584424ecce0012ffa810f1a8dfdb6ca7369dc115c32b7f912fdf16d84768350f2f1478fdd97962ea8737809d219ff07f018d8c02836b18bee6d0d1b14df76afa0920733d066d475ca4e451bda933fc77b9141f5c4dccaccbea75017f3dbb60db6c9f97a2e61995e17ea7f66b27f4edfca1c5a1c647b,gx-no-cache=1495484405257 HTTP/1.1" 200 29
200.111.191.210 - - [22/May/2017:17:19:09 -0300] "POST /cormun/servlet/solicitudot?gx-no-cache=1495484405310 HTTP/1.1" 200 1280
200.111.191.210 - - [22/May/2017:17:19:09 -0300] "POST /cormun/servlet/solicitudot?gx-no-cache=1495484405389 HTTP/1.1" 200 1162
186.103.159.182 - - [22/May/2017:17:19:12 -0300] "GET /cormun/static/menuarrow.gif HTTP/1.1" 404 1015
