186.103.159.44 - - [22/May/2017:11:41:27 -0300] "GET /cormun/servlet/solicitudot?1b73d66eefab8a8202cee7637df7d2bd6e834fd43877abbe0e3a78d19c0ae20a1b75e48fa6917b39913f314ac7959af410f071b5cd8aa1ef33377c48e3c7b8784fdd5732cc2cecc274f0964283e93f3829ee8b92ce836077ab95f4904211c40fff391e8338cfdde65c071574756bb46deccecff9509e46822aee127864d620a03781c914ec9cb150a5c2fae2185cbbe982bae81b45660453a481ca450689f4acf4bffe25cd34b075e98419dad44519b4,gx-no-cache=1495464144003 HTTP/1.1" 200 30
186.79.90.56 - - [22/May/2017:11:41:27 -0300] "GET /cormun/static/PXToolsJavascripts/pexe_link.js HTTP/1.1" 200 5671
186.79.90.56 - - [22/May/2017:11:41:27 -0300] "GET /cormun/static/PXToolsJavascripts/pexe_menudivfix.js HTTP/1.1" 200 333
186.79.90.56 - - [22/May/2017:11:41:27 -0300] "GET /cormun/static/PXToolsJavascripts/pexe_menus.js HTTP/1.1" 200 1286
186.79.90.56 - - [22/May/2017:11:41:27 -0300] "GET /cormun/static/PXToolsJavascripts/pexe_layers.js HTTP/1.1" 200 4114
186.79.90.56 - - [22/May/2017:11:41:27 -0300] "GET /cormun/static/PXToolsJavascripts/pexe_oav.js HTTP/1.1" 200 645
186.79.90.56 - - [22/May/2017:11:41:27 -0300] "GET /cormun/static/PXToolsJavascripts/pexe_oavdivfix.js HTTP/1.1" 200 639
186.79.90.56 - - [22/May/2017:11:41:27 -0300] "GET /cormun/static/PXToolsJavascripts/pexe_picture.js HTTP/1.1" 200 689
186.79.90.56 - - [22/May/2017:11:41:27 -0300] "GET /cormun/static/PXToolsJavascripts/pexe_popup.js HTTP/1.1" 200 13458
186.79.90.56 - - [22/May/2017:11:41:27 -0300] "GET /cormun/static/PXToolsJavascripts/pexe_tabdivfix.js HTTP/1.1" 200 876
186.79.90.56 - - [22/May/2017:11:41:27 -0300] "GET /cormun/static/PXToolsJavascripts/pexe_tabs.js HTTP/1.1" 200 3748
186.79.90.56 - - [22/May/2017:11:41:27 -0300] "GET /cormun/static/PXToolsJavascripts/pexe_upload.js HTTP/1.1" 200 1423
186.103.159.44 - - [22/May/2017:11:41:27 -0300] "POST /cormun/servlet/solicitudot?0472e4c43cf4297951281372a0fedb07,INS,0,0,,gx-no-cache=1495464144081 HTTP/1.1" 200 11072
186.79.90.56 - - [22/May/2017:11:41:27 -0300] "GET /cormun/static/PXToolsJavascripts/pexe_scrolldiv.js HTTP/1.1" 200 4138
186.79.90.56 - - [22/May/2017:11:41:27 -0300] "GET /cormun/static/PXToolsJavascripts/PXToolsJavascriptsRender.js HTTP/1.1" 200 367
186.79.90.56 - - [22/May/2017:11:41:27 -0300] "GET /cormun/static/RunJS/RunJS.js HTTP/1.1" 200 288
186.79.90.56 - - [22/May/2017:11:41:27 -0300] "GET /cormun/static/Shared/ext/locale/ext-lang-en.js HTTP/1.1" 200 10940
186.79.90.56 - - [22/May/2017:11:41:27 -0300] "GET /cormun/static/hhome.js?20173171148352 HTTP/1.1" 200 777
186.79.90.56 - - [22/May/2017:11:41:27 -0300] "GET /cormun/static/hwchdr01.js?201731711335950 HTTP/1.1" 200 1183
186.79.90.56 - - [22/May/2017:11:41:27 -0300] "GET /cormun/static/hpexe_recentlink.js?201610171694390 HTTP/1.1" 200 2144
186.79.90.56 - - [22/May/2017:11:41:27 -0300] "GET /cormun/static/Resources/PXToolsHeaderActionsLeft.png HTTP/1.1" 200 1118
186.79.90.56 - - [22/May/2017:11:41:28 -0300] "GET /cormun/static/Resources/PXToolsFooterBackground2.png HTTP/1.1" 200 1172
186.79.90.56 - - [22/May/2017:11:41:28 -0300] "GET /cormun/static/Resources/PXToolsHeaderBackground2.png HTTP/1.1" 200 1174
186.79.90.56 - - [22/May/2017:11:41:28 -0300] "GET /cormun/static/Resources/PXToolsDataTitle.png HTTP/1.1" 200 1173
186.79.90.56 - - [22/May/2017:11:41:28 -0300] "GET /cormun/static/Resources/PXToolsHeaderActionsBackground.png HTTP/1.1" 200 484
186.79.90.56 - - [22/May/2017:11:41:28 -0300] "GET /cormun/static/Resources/logo4.png HTTP/1.1" 200 6582
186.79.90.56 - - [22/May/2017:11:41:28 -0300] "GET /cormun/static/Resources/PXToolsHeaderSecurity.png HTTP/1.1" 200 4166
186.103.158.250 - - [22/May/2017:11:41:28 -0300] "POST /cormun/servlet/solicitudot?gx-no-cache=1495464138651 HTTP/1.1" 200 1163
186.79.90.56 - - [22/May/2017:11:41:28 -0300] "GET /cormun/static/Resources/PXToolsHeaderActionsRight.png HTTP/1.1" 200 1201
186.79.90.56 - - [22/May/2017:11:41:28 -0300] "GET /cormun/static/Resources/PXToolsHeaderPreferences.png HTTP/1.1" 200 4189
186.79.90.56 - - [22/May/2017:11:41:28 -0300] "GET /cormun/static/gxui/gxui-all.js HTTP/1.1" 200 107772
186.103.158.250 - - [22/May/2017:11:41:28 -0300] "GET /cormun/servlet/solicitudot?75e6482cd510d549c2fcb1eede7eb2c328a3811c3c649fbdcc17a223930732ba3c5e1326eb5fa8488fcf7f4a08b19937128a78b1589d1b7d4bf6a0fb3fccf00abd30d830e4901e5890376641c94b82cb7e1cb3195d6d3f79e660dfe777749a11cb739e1b83e30def38ea9bcaffbd4f4a7c52854b6d060675067cce588a6291e061f56599149a7c4106e8337a497447bf83dcdd3ea0869c900ea82d1bde5583e91b8979464de13715a8a4836a048b4f6d,gx-no-cache=1495464145176 HTTP/1.1" 200 30
186.79.90.56 - - [22/May/2017:11:41:28 -0300] "GET /cormun/static/Resources/PXToolsHeaderHome.png HTTP/1.1" 200 4147
186.79.90.56 - - [22/May/2017:11:41:28 -0300] "GET /cormun/static/Resources/PXToolsHeaderLogin.png HTTP/1.1" 200 4279
186.79.90.56 - - [22/May/2017:11:41:28 -0300] "GET /cormun/static/hpexe_scripts.js?201731711335890 HTTP/1.1" 200 1544
186.79.90.56 - - [22/May/2017:11:41:28 -0300] "GET /cormun/static/hpexe_messagecontroller.js?201610171694323 HTTP/1.1" 200 870
186.79.90.56 - - [22/May/2017:11:41:28 -0300] "GET /cormun/static/hpexe_messagepopupcomponent.js?20161017169425 HTTP/1.1" 200 605
186.79.90.56 - - [22/May/2017:11:41:28 -0300] "GET /cormun/static/hpexe_messagegenexuscomponent.js?201731711335537 HTTP/1.1" 200 587
186.79.90.56 - - [22/May/2017:11:41:28 -0300] "GET /cormun/static/cmcontrolpreferences.js?201731711335852 HTTP/1.1" 200 1375
186.79.90.56 - - [22/May/2017:11:41:28 -0300] "GET /cormun/static/Shared/jquery/jquery-1.4.2.min.js HTTP/1.1" 200 72174
186.79.90.56 - - [22/May/2017:11:41:28 -0300] "GET /cormun/static/SmoothNavMenu/resources/ddsmoothmenu.js HTTP/1.1" 200 12712
186.79.126.247 - - [22/May/2017:11:41:28 -0300] "POST /cormun/servlet/solicitudot?gx-no-cache=1495464144686 HTTP/1.1" 200 1280
186.103.158.250 - - [22/May/2017:11:41:28 -0300] "POST /cormun/servlet/solicitudot?044018fba01560a4ee02df200daee7a1,INS,0,0,,gx-no-cache=1495464145262 HTTP/1.1" 200 93
186.79.90.56 - - [22/May/2017:11:41:28 -0300] "GET /cormun/static/SmoothNavMenu/resources/SmoothNavMenuRender.js HTTP/1.1" 200 5951
186.103.158.250 - - [22/May/2017:11:41:28 -0300] "GET /cormun/servlet/hpexe_return? HTTP/1.1" 200 1010
186.103.158.250 - - [22/May/2017:11:41:29 -0300] "GET /cormun/static/Resources/Spanish/PXTools.css?167811 HTTP/1.1" 304 -
186.103.158.250 - - [22/May/2017:11:41:29 -0300] "GET /cormun/static/gxcfg.js?2016101716175148 HTTP/1.1" 304 -
186.103.158.250 - - [22/May/2017:11:41:29 -0300] "GET /cormun/static/hpexe_return.js?2016101716175153 HTTP/1.1" 304 -
186.79.90.56 - - [22/May/2017:11:41:29 -0300] "GET /cormun/static/scaMessage/js/jquery.pnotify.min.js HTTP/1.1" 200 13038
186.79.126.247 - - [22/May/2017:11:41:29 -0300] "POST /cormun/servlet/solicitudot?gx-no-cache=1495464145404 HTTP/1.1" 200 1161
186.79.90.56 - - [22/May/2017:11:41:29 -0300] "GET /cormun/static/scaMessage/scaMessageRender.js HTTP/1.1" 200 11977
186.79.126.247 - - [22/May/2017:11:41:29 -0300] "GET /cormun/static/menuarrow.gif HTTP/1.1" 404 1015
186.79.90.56 - - [22/May/2017:11:41:29 -0300] "GET /cormun/static/hmpwkw03.js?201731711485354 HTTP/1.1" 200 3965
186.103.158.250 - - [22/May/2017:11:41:29 -0300] "GET /cormun/servlet/trsolicitudot? HTTP/1.1" 200 8705
186.79.90.56 - - [22/May/2017:11:41:30 -0300] "GET /cormun/static/Shared/jqueryui/jquery-ui.min.js HTTP/1.1" 200 240427
186.103.158.250 - - [22/May/2017:11:41:31 -0300] "GET /cormun/servlet/trsolicitudot? HTTP/1.1" 200 8701
186.79.90.56 - - [22/May/2017:11:41:32 -0300] "GET /cormun/static/Shared/ext/ext-all.js HTTP/1.1" 200 1289687
186.79.90.56 - - [22/May/2017:11:41:33 -0300] "GET /cormun/static/Shared/jquery/jquery-1.10.2.min.js HTTP/1.1" 200 273199
186.79.90.56 - - [22/May/2017:11:41:34 -0300] "GET /cormun/servlet/hhome HTTP/1.1" 200 3794
186.79.90.56 - - [22/May/2017:11:41:35 -0300] "GET /cormun/static/SmoothNavMenu/resources/images/down.gif HTTP/1.1" 200 854
186.79.126.247 - - [22/May/2017:11:41:36 -0300] "POST /cormun/servlet/solicitudot?gx-no-cache=1495464151997 HTTP/1.1" 200 1280
186.103.157.235 - - [22/May/2017:11:41:36 -0300] "GET /cormun/servlet/hlogin HTTP/1.1" 200 1716
186.103.157.235 - - [22/May/2017:11:41:36 -0300] "GET /cormun/static/gxtimezone.js?85251 HTTP/1.1" 200 5781
186.103.157.235 - - [22/May/2017:11:41:36 -0300] "GET /cormun/static/gxcfg.js?201741110203197 HTTP/1.1" 200 953
186.103.157.235 - - [22/May/2017:11:41:36 -0300] "GET /cormun/static/Resources/Spanish/PXTools.css?11294912 HTTP/1.1" 200 89042
186.79.126.247 - - [22/May/2017:11:41:37 -0300] "POST /cormun/servlet/solicitudot?gx-no-cache=1495464153034 HTTP/1.1" 200 1161
186.103.157.235 - - [22/May/2017:11:41:37 -0300] "GET /cormun/static/messages.spa.js?85251 HTTP/1.1" 200 30736
186.103.157.235 - - [22/May/2017:11:41:37 -0300] "GET /cormun/static/hlogin.js?201741110203211 HTTP/1.1" 200 2136
186.103.157.235 - - [22/May/2017:11:41:37 -0300] "GET /cormun/static/Resources/ComunLogin.png HTTP/1.1" 200 17326
186.103.157.235 - - [22/May/2017:11:41:37 -0300] "GET /cormun/static/gxgral.js?85251 HTTP/1.1" 200 384558
186.103.157.235 - - [22/May/2017:11:41:37 -0300] "GET /cormun/static/Resources/PXToolsLoginTop.png HTTP/1.1" 200 1337
186.103.157.235 - - [22/May/2017:11:41:37 -0300] "GET /cormun/static/Resources/PXToolsLoginBackground.png HTTP/1.1" 200 1164
186.103.157.235 - - [22/May/2017:11:41:37 -0300] "GET /cormun/static/Resources/PXToolsButtonLeft21.png HTTP/1.1" 200 1287
186.103.157.235 - - [22/May/2017:11:41:37 -0300] "GET /cormun/static/Resources/PXToolsButtonRight21.png HTTP/1.1" 200 1283
186.103.157.235 - - [22/May/2017:11:41:37 -0300] "GET /cormun/static/Resources/PXToolsButtonBackground2.png HTTP/1.1" 200 1181
186.103.157.235 - - [22/May/2017:11:41:37 -0300] "GET /cormun/static/Resources/PXToolsLoginBottom.png HTTP/1.1" 200 1389
186.103.157.235 - - [22/May/2017:11:41:37 -0300] "GET /cormun/static/Resources/indicator.gif HTTP/1.1" 200 1553
186.103.157.235 - - [22/May/2017:11:41:37 -0300] "GET /cormun/servlet/hlogin HTTP/1.1" 200 1727
186.103.157.235 - - [22/May/2017:11:41:38 -0300] "GET /favicon.ico HTTP/1.1" 200 21630
186.79.90.56 - - [22/May/2017:11:41:38 -0300] "GET /cormun/servlet/trrenuncias? HTTP/1.1" 200 6525
186.79.90.56 - - [22/May/2017:11:41:38 -0300] "GET /cormun/static/gxui/gxui-all.css?110300 HTTP/1.1" 200 2179
186.79.90.56 - - [22/May/2017:11:41:38 -0300] "GET /cormun/static/calendar-system.css?75620 HTTP/1.1" 200 5572
186.79.90.56 - - [22/May/2017:11:41:38 -0300] "GET /cormun/static/gxcfg.js?201731711553383 HTTP/1.1" 200 953
186.79.90.56 - - [22/May/2017:11:41:38 -0300] "GET /cormun/static/calendar.js?85251 HTTP/1.1" 200 26246
186.79.90.56 - - [22/May/2017:11:41:38 -0300] "GET /cormun/static/calendar-es.js?85251 HTTP/1.1" 200 1901
186.79.90.56 - - [22/May/2017:11:41:38 -0300] "GET /cormun/static/calendar-setup.js?85251 HTTP/1.1" 200 2588
186.79.90.56 - - [22/May/2017:11:41:38 -0300] "GET /cormun/static/gxdec.js?85251 HTTP/1.1" 200 19579
186.79.90.56 - - [22/May/2017:11:41:39 -0300] "GET /cormun/static/trrenuncias.js?201731711553833 HTTP/1.1" 200 28329
186.79.90.56 - - [22/May/2017:11:41:39 -0300] "GET /cormun/static/Resources/PXTools/calendar.png HTTP/1.1" 200 1306
186.79.90.56 - - [22/May/2017:11:41:39 -0300] "GET /cormun/static/Shared/ext/resources/css/ext-all.css?205870 HTTP/1.1" 200 416045
186.79.90.56 - - [22/May/2017:11:41:39 -0300] "GET /cormun/static/Resources/PXToolsDataSearch.png HTTP/1.1" 200 419
186.79.90.56 - - [22/May/2017:11:41:39 -0300] "GET /cormun/static/Resources/PXToolsGridFirstDisabled.gif HTTP/1.1" 200 100
186.79.90.56 - - [22/May/2017:11:41:39 -0300] "GET /cormun/static/Resources/PXToolsGridPreviousDisabled.gif HTTP/1.1" 200 90
186.79.90.56 - - [22/May/2017:11:41:39 -0300] "GET /cormun/static/Resources/PXToolsGridNextDisabled.gif HTTP/1.1" 200 90
186.79.90.56 - - [22/May/2017:11:41:39 -0300] "GET /cormun/static/Resources/PXToolsGridLastDisabled.gif HTTP/1.1" 200 98
186.79.90.56 - - [22/May/2017:11:41:39 -0300] "GET /cormun/static/Resources/PXToolsGridPage.gif HTTP/1.1" 200 725
186.79.90.56 - - [22/May/2017:11:41:40 -0300] "GET /cormun/static/Resources/PXToolsActionExcel.png HTTP/1.1" 200 3187
186.79.90.56 - - [22/May/2017:11:41:40 -0300] "GET /cormun/static/Resources/PXToolsGridNew.png HTTP/1.1" 200 2949
186.79.90.56 - - [22/May/2017:11:41:41 -0300] "GET /cormun/static/Resources/asc.gif HTTP/1.1" 200 67
186.79.90.56 - - [22/May/2017:11:41:41 -0300] "GET /cormun/static/Resources/desc.gif HTTP/1.1" 200 65
186.79.90.56 - - [22/May/2017:11:41:41 -0300] "GET /cormun/servlet/trrenuncias? HTTP/1.1" 200 6524
186.79.90.56 - - [22/May/2017:11:41:42 -0300] "GET /cormun/static/Shared/ext/resources/themes/images/default/panel/bg-headersPanel.png HTTP/1.1" 200 255
186.79.90.56 - - [22/May/2017:11:41:42 -0300] "GET /cormun/static/Shared/ext/resources/themes/images/default/tools/tool-sprites.gif HTTP/1.1" 200 5434
186.79.90.56 - - [22/May/2017:11:41:46 -0300] "GET /cormun/servlet/renuncias?INS,0, HTTP/1.1" 200 5923
186.79.90.56 - - [22/May/2017:11:41:46 -0300] "GET /cormun/static/gxcfg.js?20173291217350 HTTP/1.1" 200 953
186.79.90.56 - - [22/May/2017:11:41:46 -0300] "GET /cormun/static/Resources/prompt.gif HTTP/1.1" 200 902
186.79.90.56 - - [22/May/2017:11:41:46 -0300] "GET /cormun/static/renuncias.js?20173291217362 HTTP/1.1" 200 14101
186.79.90.56 - - [22/May/2017:11:41:48 -0300] "GET /cormun/servlet/renuncias?INS,0, HTTP/1.1" 200 5924
186.103.157.235 - - [22/May/2017:11:41:48 -0300] "POST /cormun/servlet/hlogin?fcd82ab7cf8f148faa5589c23608638a,gx-no-cache=1495464166044 HTTP/1.1" 200 90
186.103.157.235 - - [22/May/2017:11:41:48 -0300] "GET /cormun/servlet/hpexe_link HTTP/1.1" 200 947
186.103.157.235 - - [22/May/2017:11:41:48 -0300] "GET /cormun/static/gxcfg.js?201731711483381 HTTP/1.1" 200 953
186.103.157.235 - - [22/May/2017:11:41:48 -0300] "GET /cormun/static/hpexe_link.js?201731711483384 HTTP/1.1" 200 625
186.103.157.235 - - [22/May/2017:11:41:48 -0300] "GET /cormun/servlet/hhome HTTP/1.1" 200 3979
186.103.157.235 - - [22/May/2017:11:41:48 -0300] "GET /cormun/static/Shared/jqueryui/jquery-ui.min.css?1245370 HTTP/1.1" 200 30288
186.103.157.235 - - [22/May/2017:11:41:48 -0300] "GET /cormun/static/SmoothNavMenu/resources/ddsmoothmenu.css?1012540 HTTP/1.1" 200 2223
186.103.157.235 - - [22/May/2017:11:41:48 -0300] "GET /cormun/static/SmoothNavMenu/resources/ddsmoothmenu-v.css?1012540 HTTP/1.1" 200 1188
186.103.157.235 - - [22/May/2017:11:41:48 -0300] "GET /cormun/static/scaMessage/css/jquery.pnotify.default.css?1716380 HTTP/1.1" 200 1707
186.103.157.235 - - [22/May/2017:11:41:48 -0300] "GET /cormun/static/PXToolsJavascripts/pexe_autoreload.js HTTP/1.1" 200 1762
186.103.157.235 - - [22/May/2017:11:41:48 -0300] "GET /cormun/static/PXToolsJavascripts/pexe_cookies.js HTTP/1.1" 200 792
186.103.157.235 - - [22/May/2017:11:41:48 -0300] "GET /cormun/static/PXToolsJavascripts/pexe_windows.js HTTP/1.1" 200 15207
186.103.157.235 - - [22/May/2017:11:41:48 -0300] "GET /cormun/static/PXToolsJavascripts/pexe_grid.js HTTP/1.1" 200 7559
186.103.157.235 - - [22/May/2017:11:41:48 -0300] "GET /cormun/static/PXToolsJavascripts/pexe_griddivfix.js HTTP/1.1" 200 6644
186.103.157.235 - - [22/May/2017:11:41:48 -0300] "GET /cormun/static/PXToolsJavascripts/pexe_menudivfix.js HTTP/1.1" 200 333
186.103.157.235 - - [22/May/2017:11:41:48 -0300] "GET /cormun/static/PXToolsJavascripts/pexe_menus.js HTTP/1.1" 200 1286
186.103.157.235 - - [22/May/2017:11:41:48 -0300] "GET /cormun/static/PXToolsJavascripts/pexe_layers.js HTTP/1.1" 200 4114
186.103.157.235 - - [22/May/2017:11:41:48 -0300] "GET /cormun/static/PXToolsJavascripts/pexe_oav.js HTTP/1.1" 200 645
186.103.157.235 - - [22/May/2017:11:41:48 -0300] "GET /cormun/static/PXToolsJavascripts/pexe_oavdivfix.js HTTP/1.1" 200 639
186.103.157.235 - - [22/May/2017:11:41:48 -0300] "GET /cormun/static/PXToolsJavascripts/pexe_picture.js HTTP/1.1" 200 689
186.103.157.235 - - [22/May/2017:11:41:48 -0300] "GET /cormun/static/PXToolsJavascripts/pexe_popup.js HTTP/1.1" 200 13458
186.103.157.235 - - [22/May/2017:11:41:48 -0300] "GET /cormun/static/PXToolsJavascripts/pexe_scrolldiv.js HTTP/1.1" 200 4138
186.103.157.235 - - [22/May/2017:11:41:48 -0300] "GET /cormun/static/PXToolsJavascripts/pexe_tabdivfix.js HTTP/1.1" 200 876
186.103.157.235 - - [22/May/2017:11:41:48 -0300] "GET /cormun/static/PXToolsJavascripts/pexe_tabs.js HTTP/1.1" 200 3748
186.103.157.235 - - [22/May/2017:11:41:48 -0300] "GET /cormun/static/PXToolsJavascripts/pexe_upload.js HTTP/1.1" 200 1423
186.103.157.235 - - [22/May/2017:11:41:49 -0300] "GET /cormun/static/PXToolsJavascripts/PXToolsJavascriptsRender.js HTTP/1.1" 200 367
186.103.157.235 - - [22/May/2017:11:41:49 -0300] "GET /cormun/static/gxcfg.js?201731711483497 HTTP/1.1" 200 953
186.103.157.235 - - [22/May/2017:11:41:49 -0300] "GET /cormun/static/PXToolsJavascripts/pexe_link.js HTTP/1.1" 200 5671
186.103.157.235 - - [22/May/2017:11:41:49 -0300] "GET /cormun/static/RunJS/RunJS.js HTTP/1.1" 200 288
186.103.157.235 - - [22/May/2017:11:41:49 -0300] "GET /cormun/static/hhome.js?20173171148352 HTTP/1.1" 200 777
186.103.157.235 - - [22/May/2017:11:41:49 -0300] "GET /cormun/static/hwchdr01.js?201731711335950 HTTP/1.1" 200 1183
186.103.157.235 - - [22/May/2017:11:41:49 -0300] "GET /cormun/static/hpexe_recentlink.js?201610171694390 HTTP/1.1" 200 2144
186.103.157.235 - - [22/May/2017:11:41:49 -0300] "GET /cormun/static/Resources/PXToolsFooterBackground2.png HTTP/1.1" 200 1172
186.103.157.235 - - [22/May/2017:11:41:49 -0300] "GET /cormun/static/Resources/PXToolsHeaderBackground2.png HTTP/1.1" 200 1174
186.103.157.235 - - [22/May/2017:11:41:49 -0300] "GET /cormun/static/Resources/PXToolsHeaderActionsBackground.png HTTP/1.1" 200 484
186.103.157.235 - - [22/May/2017:11:41:49 -0300] "GET /cormun/static/Shared/ext/locale/ext-lang-en.js HTTP/1.1" 200 10940
186.103.157.235 - - [22/May/2017:11:41:49 -0300] "GET /cormun/static/Resources/PXToolsHeaderActionsLeft.png HTTP/1.1" 200 1118
186.103.157.235 - - [22/May/2017:11:41:49 -0300] "GET /cormun/static/Resources/logo4.png HTTP/1.1" 200 6582
186.103.157.235 - - [22/May/2017:11:41:49 -0300] "GET /cormun/static/Resources/PXToolsHeaderLogin.png HTTP/1.1" 200 4279
186.103.157.235 - - [22/May/2017:11:41:49 -0300] "GET /cormun/static/Resources/PXToolsHeaderActionsRight.png HTTP/1.1" 200 1201
186.103.157.235 - - [22/May/2017:11:41:49 -0300] "GET /cormun/static/Resources/PXToolsHeaderSecurity.png HTTP/1.1" 200 4166
186.103.157.235 - - [22/May/2017:11:41:49 -0300] "GET /cormun/static/Resources/PXToolsHeaderPreferences.png HTTP/1.1" 200 4189
186.103.157.235 - - [22/May/2017:11:41:49 -0300] "GET /cormun/static/Resources/PXToolsHeaderHome.png HTTP/1.1" 200 4147
186.103.157.235 - - [22/May/2017:11:41:49 -0300] "GET /cormun/static/hpexe_scripts.js?201731711335890 HTTP/1.1" 200 1544
186.103.157.235 - - [22/May/2017:11:41:49 -0300] "GET /cormun/static/hpexe_messagecontroller.js?201610171694323 HTTP/1.1" 200 870
186.103.157.235 - - [22/May/2017:11:41:49 -0300] "GET /cormun/static/gxui/gxui-all.js HTTP/1.1" 200 107772
186.103.157.235 - - [22/May/2017:11:41:49 -0300] "GET /cormun/static/hpexe_messagepopupcomponent.js?20161017169425 HTTP/1.1" 200 605
186.103.157.235 - - [22/May/2017:11:41:49 -0300] "GET /cormun/static/hpexe_messagegenexuscomponent.js?201731711335537 HTTP/1.1" 200 587
186.103.157.235 - - [22/May/2017:11:41:49 -0300] "GET /cormun/static/cmcontrolpreferences.js?201731711335852 HTTP/1.1" 200 1375
186.103.157.235 - - [22/May/2017:11:41:49 -0300] "GET /cormun/static/Resources/PXToolsDataTitle.png HTTP/1.1" 200 1173
186.103.157.235 - - [22/May/2017:11:41:49 -0300] "GET /cormun/static/Shared/jquery/jquery-1.4.2.min.js HTTP/1.1" 200 72174
186.103.157.235 - - [22/May/2017:11:41:50 -0300] "GET /cormun/static/SmoothNavMenu/resources/ddsmoothmenu.js HTTP/1.1" 200 12712
186.103.157.235 - - [22/May/2017:11:41:50 -0300] "GET /cormun/static/SmoothNavMenu/resources/SmoothNavMenuRender.js HTTP/1.1" 200 5951
186.103.157.235 - - [22/May/2017:11:41:50 -0300] "GET /cormun/static/scaMessage/js/jquery.pnotify.min.js HTTP/1.1" 200 13038
186.103.157.235 - - [22/May/2017:11:41:50 -0300] "GET /cormun/static/scaMessage/scaMessageRender.js HTTP/1.1" 200 11977
186.103.157.235 - - [22/May/2017:11:41:50 -0300] "GET /cormun/static/hmpwkw03.js?201731711485354 HTTP/1.1" 200 3965
186.103.157.235 - - [22/May/2017:11:41:51 -0300] "GET /cormun/static/Shared/jqueryui/jquery-ui.min.js HTTP/1.1" 200 240427
186.103.157.235 - - [22/May/2017:11:41:52 -0300] "GET /cormun/static/Shared/jquery/jquery-1.10.2.min.js HTTP/1.1" 200 273199
186.103.157.235 - - [22/May/2017:11:41:53 -0300] "GET /cormun/static/Shared/ext/ext-all.js HTTP/1.1" 200 1289687
186.103.157.235 - - [22/May/2017:11:41:54 -0300] "GET /cormun/servlet/hhome HTTP/1.1" 200 3975
186.103.157.235 - - [22/May/2017:11:41:54 -0300] "GET /cormun/static/SmoothNavMenu/resources/images/down.gif HTTP/1.1" 200 854
186.103.157.235 - - [22/May/2017:11:41:54 -0300] "GET /cormun/static/SmoothNavMenu/resources/images/right.gif HTTP/1.1" 200 860
186.79.90.56 - - [22/May/2017:11:41:55 -0300] "GET /cormun/servlet/renuncias?5ac923ed80b3c5143f35b09e17304dfd17d5b3d7d1da5e3c265c809240f2b337defb12d86d91f1c30f1ae03b45cc3b5e,gx-no-cache=1495467582491 HTTP/1.1" 200 33
186.103.156.166 - - [22/May/2017:11:42:00 -0300] "POST /cormun/servlet/trautorizarpermisogoce?ba7f3aabecb6d7559e1c54fb00498acb,,gx-no-cache=1495464177064 HTTP/1.1" 200 4151
186.103.156.166 - - [22/May/2017:11:42:00 -0300] "GET /cormun/static/Shared/jqueryui/images/ui-bg_highlight-soft_100_c6c2c8_1x100.png HTTP/1.1" 404 1117
186.103.156.166 - - [22/May/2017:11:42:00 -0300] "GET /cormun/static/Shared/jqueryui/images/ui-icons_82798d_256x240.png HTTP/1.1" 404 1089
186.103.156.166 - - [22/May/2017:11:42:00 -0300] "GET /cormun/static/Shared/jqueryui/images/ui-icons_8d78a5_256x240.png HTTP/1.1" 404 1089
186.103.156.166 - - [22/May/2017:11:42:00 -0300] "GET /cormun/static/Shared/jqueryui/images/ui-bg_flat_55_fafafa_40x100.png HTTP/1.1" 404 1097
186.103.158.250 - - [22/May/2017:11:42:04 -0300] "POST /cormun/servlet/trsolicitudot?044018fba01560a4ee02df200daee7a1,,gx-no-cache=1495464180379 HTTP/1.1" 200 5420
186.103.158.250 - - [22/May/2017:11:42:04 -0300] "GET /cormun/static/Shared/jqueryui/images/ui-bg_highlight-soft_100_c6c2c8_1x100.png HTTP/1.1" 404 1117
186.103.158.250 - - [22/May/2017:11:42:04 -0300] "GET /cormun/static/Shared/jqueryui/images/ui-icons_82798d_256x240.png HTTP/1.1" 404 1089
186.103.158.250 - - [22/May/2017:11:42:04 -0300] "GET /cormun/static/Shared/jqueryui/images/ui-bg_flat_55_fafafa_40x100.png HTTP/1.1" 404 1097
186.103.158.250 - - [22/May/2017:11:42:04 -0300] "POST /cormun/servlet/trsolicitudot?044018fba01560a4ee02df200daee7a1,,gx-no-cache=1495464181348 HTTP/1.1" 200 5364
186.103.158.250 - - [22/May/2017:11:42:04 -0300] "GET /cormun/static/Shared/jqueryui/images/ui-icons_8d78a5_256x240.png HTTP/1.1" 404 1089
186.103.157.235 - - [22/May/2017:11:42:05 -0300] "GET /cormun/servlet/trlicencias? HTTP/1.1" 200 6842
186.103.157.235 - - [22/May/2017:11:42:05 -0300] "GET /cormun/static/gxui/gxui-all.css?110300 HTTP/1.1" 200 2179
186.103.157.235 - - [22/May/2017:11:42:05 -0300] "GET /cormun/static/calendar-system.css?75620 HTTP/1.1" 200 5572
186.103.157.235 - - [22/May/2017:11:42:05 -0300] "GET /cormun/static/gxcfg.js?201741111445981 HTTP/1.1" 200 953
186.103.157.235 - - [22/May/2017:11:42:05 -0300] "GET /cormun/static/calendar.js?85251 HTTP/1.1" 200 26246
186.103.157.235 - - [22/May/2017:11:42:05 -0300] "GET /cormun/static/calendar-setup.js?85251 HTTP/1.1" 200 2588
186.103.157.235 - - [22/May/2017:11:42:05 -0300] "GET /cormun/static/calendar-es.js?85251 HTTP/1.1" 200 1901
186.103.157.235 - - [22/May/2017:11:42:06 -0300] "GET /cormun/static/gxdec.js?85251 HTTP/1.1" 200 19579
186.103.157.235 - - [22/May/2017:11:42:06 -0300] "GET /cormun/static/trlicencias.js?20174111145440 HTTP/1.1" 200 37913
186.103.157.235 - - [22/May/2017:11:42:06 -0300] "GET /cormun/static/Resources/PXTools/calendar.png HTTP/1.1" 200 1306
186.103.157.235 - - [22/May/2017:11:42:06 -0300] "GET /cormun/static/Resources/PXToolsDataSearch.png HTTP/1.1" 200 419
186.103.157.235 - - [22/May/2017:11:42:06 -0300] "GET /cormun/static/Resources/PXToolsGridFirstDisabled.gif HTTP/1.1" 200 100
186.103.157.235 - - [22/May/2017:11:42:06 -0300] "GET /cormun/static/Resources/PXToolsGridPreviousDisabled.gif HTTP/1.1" 200 90
186.103.157.235 - - [22/May/2017:11:42:06 -0300] "GET /cormun/static/Resources/PXToolsGridNextDisabled.gif HTTP/1.1" 200 90
186.103.157.235 - - [22/May/2017:11:42:06 -0300] "GET /cormun/static/Resources/PXToolsGridLastDisabled.gif HTTP/1.1" 200 98
186.103.157.235 - - [22/May/2017:11:42:07 -0300] "GET /cormun/static/Shared/ext/resources/css/ext-all.css?205870 HTTP/1.1" 200 416045
186.103.157.235 - - [22/May/2017:11:42:07 -0300] "GET /cormun/static/Resources/PXToolsGridPage.gif HTTP/1.1" 200 725
186.103.157.235 - - [22/May/2017:11:42:07 -0300] "GET /cormun/static/Resources/PXToolsGridNew.png HTTP/1.1" 200 2949
186.103.157.235 - - [22/May/2017:11:42:07 -0300] "GET /cormun/static/Resources/PXToolsActionExcel.png HTTP/1.1" 200 3187
186.103.157.235 - - [22/May/2017:11:42:07 -0300] "GET /cormun/static/Resources/asc.gif HTTP/1.1" 200 67
186.103.157.235 - - [22/May/2017:11:42:07 -0300] "GET /cormun/static/Resources/desc.gif HTTP/1.1" 200 65
186.103.157.235 - - [22/May/2017:11:42:07 -0300] "GET /cormun/static/Shared/ext/resources/themes/images/default/tools/tool-sprites.gif HTTP/1.1" 200 5434
186.103.157.235 - - [22/May/2017:11:42:07 -0300] "GET /cormun/static/Shared/ext/resources/themes/images/default/panel/bg-headersPanel.png HTTP/1.1" 200 255
186.103.157.235 - - [22/May/2017:11:42:07 -0300] "GET /cormun/servlet/trlicencias? HTTP/1.1" 200 6841
186.79.126.247 - - [22/May/2017:11:42:11 -0300] "GET /cormun/servlet/solicitudot?c35ef7e5c9dcd0607c2331307ea325004f487e7760fdf0adf8460532f1d63dfced3f5d91c0b035cd048568c25a091ccf0dd53f5970127be05692d3ba56241afde2d7da87eabcc8a75f7e2d487341e1878279ea947b1655d924cce820caa5f87ddb607446d979eaea75b93c3bb9df6243ae92c6f3abfd11099d11873f820c363e102d56bb05eec26accc32a6d84cf15dc200a7bccc144ab8321a545e5e8f6519c7ac3ee016e4af536775fc52445059cfe,gx-no-cache=1495464187300 HTTP/1.1" 200 30
186.103.157.235 - - [22/May/2017:11:42:11 -0300] "GET /cormun/servlet/licenciaspermisos?INS,0,,, HTTP/1.1" 200 7379
186.103.157.235 - - [22/May/2017:11:42:11 -0300] "GET /cormun/static/Resources/prompt.gif HTTP/1.1" 200 902
186.103.157.235 - - [22/May/2017:11:42:11 -0300] "GET /cormun/static/licenciaspermisos.js?201741111445392 HTTP/1.1" 200 34444
186.103.157.235 - - [22/May/2017:11:42:12 -0300] "GET /cormun/static/gxcfg.js?201741111445322 HTTP/1.1" 200 953
186.103.157.235 - - [22/May/2017:11:42:12 -0300] "GET /cormun/servlet/licenciaspermisos?INS,0,,, HTTP/1.1" 200 7379
186.79.126.247 - - [22/May/2017:11:42:21 -0300] "POST /cormun/servlet/solicitudot?192e90b0cd6a7f2698e8abea5d9ccdc7,INS,0,0,,gx-no-cache=1495464197503 HTTP/1.1" 200 93
186.79.126.247 - - [22/May/2017:11:42:22 -0300] "GET /cormun/servlet/hpexe_return? HTTP/1.1" 200 1008
186.103.156.166 - - [22/May/2017:11:42:22 -0300] "GET /cormun/servlet/hlogin HTTP/1.1" 200 1740
186.79.126.247 - - [22/May/2017:11:42:23 -0300] "GET /cormun/servlet/trsolicitudot HTTP/1.1" 200 9161
186.79.126.247 - - [22/May/2017:11:42:26 -0300] "GET /cormun/servlet/trsolicitudot HTTP/1.1" 200 9157
186.103.157.235 - - [22/May/2017:11:42:26 -0300] "GET /cormun/servlet/licenciaspermisos?7d1f1167ca40a318873ad5dfef578cddca8d52f3f3bb6f12a134eccb658b23b4061a3a7f36aacda24d685afa38f07062,gx-no-cache=1495464204511 HTTP/1.1" 200 71
186.103.157.235 - - [22/May/2017:11:42:27 -0300] "POST /cormun/servlet/licenciaspermisos?fcd82ab7cf8f148faa5589c23608638a,INS,0,,,,gx-no-cache=1495464204577 HTTP/1.1" 200 4633
186.79.126.247 - - [22/May/2017:11:42:30 -0300] "GET /cormun/servlet/solicitudot?INS,0,0, HTTP/1.1" 200 12551
186.103.157.235 - - [22/May/2017:11:42:31 -0300] "GET /cormun/servlet/trlicencias? HTTP/1.1" 200 6842
186.79.126.247 - - [22/May/2017:11:42:31 -0300] "GET /cormun/servlet/solicitudot?INS,0,0, HTTP/1.1" 200 12556
186.103.157.235 - - [22/May/2017:11:42:36 -0300] "GET /cormun/servlet/licenciaspermisos?INS,0,,, HTTP/1.1" 200 7379
186.103.157.235 - - [22/May/2017:11:42:40 -0300] "GET /cormun/servlet/trlicencias? HTTP/1.1" 200 6842
186.103.157.235 - - [22/May/2017:11:42:44 -0300] "GET /cormun/servlet/trlicencias? HTTP/1.1" 200 6842
186.103.157.235 - - [22/May/2017:11:42:44 -0300] "GET /favicon.ico HTTP/1.1" 200 21630
186.79.126.247 - - [22/May/2017:11:42:45 -0300] "GET /cormun/servlet/prfichaempleado?,MD,,gxPopupLevel%3D0%3B HTTP/1.1" 200 8752
186.79.90.56 - - [22/May/2017:11:42:53 -0300] "GET /cormun/static/Resources/resize.gif HTTP/1.1" 200 77
186.79.90.56 - - [22/May/2017:11:42:54 -0300] "GET /cormun/servlet/prfichaempleado?,MD,,gxPopupLevel%3D0%3B HTTP/1.1" 200 8804
186.79.90.56 - - [22/May/2017:11:42:54 -0300] "GET /cormun/static/gxcfg.js?2017319125415 HTTP/1.1" 200 953
186.79.90.56 - - [22/May/2017:11:42:54 -0300] "GET /cormun/static/Resources/PXToolsMenuSearch.png HTTP/1.1" 200 2914
186.79.90.56 - - [22/May/2017:11:42:54 -0300] "GET /cormun/static/Resources/PXToolsMenuSearchCancel.png HTTP/1.1" 200 2972
186.79.90.56 - - [22/May/2017:11:42:54 -0300] "GET /cormun/static/menusearch.js?201610171694467 HTTP/1.1" 200 1424
186.79.90.56 - - [22/May/2017:11:42:54 -0300] "GET /cormun/static/hmpwkw011.js?201731711483558 HTTP/1.1" 200 1968
186.79.90.56 - - [22/May/2017:11:42:54 -0300] "GET /cormun/static/prfichaempleado.js?20173191254344 HTTP/1.1" 200 15951
186.79.126.247 - - [22/May/2017:11:42:59 -0300] "POST /cormun/servlet/prfichaempleado?192e90b0cd6a7f2698e8abea5d9ccdc7,,MD,,gxPopupLevel%3D0%3B,gx-no-cache=1495464235628 HTTP/1.1" 200 3400
186.103.157.235 - - [22/May/2017:11:43:00 -0300] "GET /cormun/servlet/trlicencias? HTTP/1.1" 200 6842
186.103.157.235 - - [22/May/2017:11:43:01 -0300] "GET /cormun/servlet/trlicencias? HTTP/1.1" 200 6841
186.103.157.235 - - [22/May/2017:11:43:01 -0300] "GET /favicon.ico HTTP/1.1" 200 21630
186.79.90.56 - - [22/May/2017:11:43:06 -0300] "POST /cormun/servlet/prfichaempleado?b4539fbf41a132c6388532788624d6ce,,MD,,gxPopupLevel%3D0%3B,gx-no-cache=1495467652731 HTTP/1.1" 200 3387
186.103.157.235 - - [22/May/2017:11:43:07 -0300] "POST /cormun/servlet/trlicencias?fcd82ab7cf8f148faa5589c23608638a,,gx-no-cache=1495464244871 HTTP/1.1" 200 6458
186.103.157.235 - - [22/May/2017:11:43:07 -0300] "GET /cormun//static/Resources/PXToolsGridDisplay.png HTTP/1.1" 200 362
186.103.157.235 - - [22/May/2017:11:43:07 -0300] "GET /cormun//static/Resources/PXToolsHeaderHelp.png HTTP/1.1" 200 4055
186.103.157.235 - - [22/May/2017:11:43:07 -0300] "GET /cormun//static/Resources/PXToolsActionDisabled.gif HTTP/1.1" 200 53
186.103.157.235 - - [22/May/2017:11:43:07 -0300] "GET /cormun//static/Resources/PXToolsHeaderFavorites.png HTTP/1.1" 200 2744
186.103.157.235 - - [22/May/2017:11:43:07 -0300] "GET /cormun//static/Resources/PXTools/ActionInsert.png HTTP/1.1" 200 1482
186.103.157.235 - - [22/May/2017:11:43:07 -0300] "GET /cormun//static/Resources/PXToolsActionPrint.png HTTP/1.1" 200 3317
186.79.126.247 - - [22/May/2017:11:43:10 -0300] "POST /cormun/servlet/solicitudot?gx-no-cache=1495464245918 HTTP/1.1" 200 3191
186.79.126.247 - - [22/May/2017:11:43:11 -0300] "POST /cormun/servlet/solicitudot?192e90b0cd6a7f2698e8abea5d9ccdc7,INS,0,0,,gx-no-cache=1495464247933 HTTP/1.1" 200 9803
186.79.126.247 - - [22/May/2017:11:43:14 -0300] "GET /cormun/servlet/solicitudot?c35ef7e5c9dcd0607c2331307ea3250069cdd4d3ccfee85d0fc104b6c97127629e0ce5b28fcf13c22066ab42150c9844,gx-no-cache=1495464250869 HTTP/1.1" 200 30
186.79.126.247 - - [22/May/2017:11:43:17 -0300] "POST /cormun/servlet/solicitudot?gx-no-cache=1495464253783 HTTP/1.1" 200 255
186.79.90.56 - - [22/May/2017:11:43:17 -0300] "GET /cormun/servlet/renuncias?5ac923ed80b3c5143f35b09e17304dfd9938c6ffce84f9647142e57cb51a35b80f19f94868de40e40791ea38100c8716,gx-no-cache=1495467663120 HTTP/1.1" 200 66
186.79.126.247 - - [22/May/2017:11:43:17 -0300] "GET /cormun/servlet/solicitudot?c35ef7e5c9dcd0607c2331307ea32500b5bbf30ddd1b9efd501ea4d9ed856a6741f1703a79b45a9336f962a96cc1dfe95160d9275af853b6d592a16a2b7d0be3d9c5c0313fd5b8faaece359f6b8807867fd938e400c2fb148d139cbcae99875b8aa6377ffef125e12a3e1dd71a7ea3553b400daa20c5dd3bcec225dc05957802b095a01ac0ad1929ad794a770febd7bf1359840d565c0b26f787a644beb920b510655d85a0dcfc13b65938a3edfb42fa6bcd4820579dce3e20f816e315f8aadf37caead2a9f86a1979bb0e2d91404409baec9dc88fe7a398bcb6012323a33c45b89afcea0bf415fa21c683e3683482580b04b7c9c924e8eb700d22780bd5d4bdb9dfc94a33233cd2308e70ab5aa4bf91da3aa5e83ae45c784a284fceeafda9e4f7dd62fd09e5ba186a3fab22cdcd6d1fe393f31f312e3249f1a489a1fd3388b1e38f159bc45fb833d3de5e1174b32444b60dc0bab025c31036db7bb276f352e5aced10c4ace9becb3e8d7d884f21c09f6a2ffdb3b1ce9ae14bf395ba72fa943f,gx-no-cache=1495464253934 HTTP/1.1" 200 30
186.103.157.235 - - [22/May/2017:11:43:18 -0300] "GET /cormun/servlet/trlicencias? HTTP/1.1" 200 9028
186.103.157.235 - - [22/May/2017:11:43:19 -0300] "GET /cormun/servlet/trlicencias? HTTP/1.1" 200 9028
186.79.126.247 - - [22/May/2017:11:43:21 -0300] "POST /cormun/servlet/solicitudot?gx-no-cache=1495464257386 HTTP/1.1" 200 30
186.79.90.56 - - [22/May/2017:11:43:22 -0300] "GET /cormun/servlet/prcontrato?13302239,,,MD,,gxPopupLevel%3D0%3B HTTP/1.1" 200 5898
186.79.90.56 - - [22/May/2017:11:43:22 -0300] "GET /cormun/static/gxcfg.js?201731711504186 HTTP/1.1" 200 953
186.79.90.56 - - [22/May/2017:11:43:23 -0300] "GET /cormun/static/prcontrato.js?20173171150446 HTTP/1.1" 200 13820
186.103.157.235 - - [22/May/2017:11:43:27 -0300] "GET /cormun/servlet/licenciaspermisos?INS,0,,, HTTP/1.1" 200 7379
186.103.157.235 - - [22/May/2017:11:43:27 -0300] "GET /cormun/servlet/licenciaspermisos?INS,0,,, HTTP/1.1" 200 7379
186.103.157.235 - - [22/May/2017:11:43:36 -0300] "GET /cormun/servlet/licenciaspermisos?7d1f1167ca40a318873ad5dfef578cddca8d52f3f3bb6f12a134eccb658b23b4061a3a7f36aacda24d685afa38f07062,gx-no-cache=1495464274349 HTTP/1.1" 200 71
186.103.157.235 - - [22/May/2017:11:43:36 -0300] "POST /cormun/servlet/licenciaspermisos?fcd82ab7cf8f148faa5589c23608638a,INS,0,,,,gx-no-cache=1495464274401 HTTP/1.1" 200 4633
186.79.126.247 - - [22/May/2017:11:43:40 -0300] "POST /cormun/servlet/solicitudot?gx-no-cache=1495464276542 HTTP/1.1" 200 1296
186.79.126.247 - - [22/May/2017:11:43:40 -0300] "POST /cormun/servlet/solicitudot?gx-no-cache=1495464276723 HTTP/1.1" 200 38
186.79.90.56 - - [22/May/2017:11:43:51 -0300] "POST /cormun/servlet/renuncias?b4539fbf41a132c6388532788624d6ce,INS,0,,gx-no-cache=1495467697798 HTTP/1.1" 200 93
186.79.90.56 - - [22/May/2017:11:43:52 -0300] "GET /cormun/servlet/hpexe_return? HTTP/1.1" 200 999
186.79.126.247 - - [22/May/2017:11:43:52 -0300] "GET /cormun/servlet/solicitudot?c35ef7e5c9dcd0607c2331307ea325002b298f53e0fba34e83d2dfd23b134cc0b1a48d847f6981d0b7ba193d71890124bdee3d460b52067b9da14d1c66207aa7341f7daeb716ee3a5538678eea43d8c25e46c294cc6f4c60d058bc9fc4ce6a6a0ebed4d03bcf9211610b704d11d4db3330e5d7c15130e24bbcc632103f2f4b25533d4f3a5dd0ac91a6e7cff1056e2ec10da61998654f9b87ba32f20e6c1fcbe81984a76c7bf70ffa5d39ee43097a402ee2cc10ab65c8a13f8f29073a337ed4677dbaa98c302fbaea77daae006bd5a5d4,gx-no-cache=1495464288553 HTTP/1.1" 200 29
186.79.90.56 - - [22/May/2017:11:43:52 -0300] "GET /cormun/static/gxcfg.js?2016101716175148 HTTP/1.1" 200 953
186.79.90.56 - - [22/May/2017:11:43:52 -0300] "GET /cormun/static/hpexe_return.js?2016101716175153 HTTP/1.1" 200 1633
186.79.90.56 - - [22/May/2017:11:43:52 -0300] "GET /cormun/static/Resources/Spanish/PXTools.css?167811 HTTP/1.1" 200 89042
186.79.90.56 - - [22/May/2017:11:43:52 -0300] "GET /cormun/servlet/trrenuncias HTTP/1.1" 200 7243
186.79.90.56 - - [22/May/2017:11:43:54 -0300] "GET /cormun//static/Resources/PXToolsGridUpdate.png HTTP/1.1" 200 2984
186.79.90.56 - - [22/May/2017:11:43:54 -0300] "GET /cormun//static/Resources/PXToolsGridDelete.png HTTP/1.1" 200 357
186.79.90.56 - - [22/May/2017:11:43:54 -0300] "GET /cormun//static/Resources/PXToolsActionPrint.png HTTP/1.1" 200 3317
186.79.90.56 - - [22/May/2017:11:43:54 -0300] "GET /cormun//static/Resources/PXToolsHeaderFavorites.png HTTP/1.1" 200 2744
186.79.90.56 - - [22/May/2017:11:43:54 -0300] "GET /cormun//static/Resources/PXTools/ActionInsert.png HTTP/1.1" 200 1482
186.79.90.56 - - [22/May/2017:11:43:54 -0300] "GET /cormun//static/Resources/PXToolsHeaderHelp.png HTTP/1.1" 200 4055
186.79.126.247 - - [22/May/2017:11:43:54 -0300] "POST /cormun/servlet/solicitudot?gx-no-cache=1495464291218 HTTP/1.1" 200 1280
186.79.90.56 - - [22/May/2017:11:43:55 -0300] "GET /cormun/servlet/trrenuncias HTTP/1.1" 200 7240
186.79.126.247 - - [22/May/2017:11:43:55 -0300] "POST /cormun/servlet/solicitudot?gx-no-cache=1495464291500 HTTP/1.1" 200 1161
186.79.126.247 - - [22/May/2017:11:43:55 -0300] "GET /cormun/static/menuarrow.gif HTTP/1.1" 404 1015
186.103.159.44 - - [22/May/2017:11:43:55 -0300] "POST /cormun/servlet/solicitudot?gx-no-cache=1495464292696 HTTP/1.1" 200 1279
186.103.159.44 - - [22/May/2017:11:43:56 -0300] "POST /cormun/servlet/solicitudot?gx-no-cache=1495464292826 HTTP/1.1" 200 1162
186.103.159.44 - - [22/May/2017:11:43:56 -0300] "GET /cormun/servlet/solicitudot?1b73d66eefab8a8202cee7637df7d2bd6e834fd43877abbe0e3a78d19c0ae20a1b75e48fa6917b39913f314ac7959af410f071b5cd8aa1ef33377c48e3c7b8784fdd5732cc2cecc274f0964283e93f3829ee8b92ce836077ab95f4904211c40fff391e8338cfdde65c071574756bb46deccecff9509e46822aee127864d620a03781c914ec9cb150a5c2fae2185cbbe982bae81b45660453a481ca450689f4acf4bffe25cd34b075e98419dad44519b4,gx-no-cache=1495464292950 HTTP/1.1" 200 30
186.103.159.44 - - [22/May/2017:11:43:56 -0300] "POST /cormun/servlet/solicitudot?0472e4c43cf4297951281372a0fedb07,INS,0,0,,gx-no-cache=1495464293021 HTTP/1.1" 200 93
186.103.159.44 - - [22/May/2017:11:43:56 -0300] "GET /cormun/servlet/hpexe_return? HTTP/1.1" 200 1007
186.103.159.44 - - [22/May/2017:11:43:57 -0300] "GET /cormun/servlet/trsolicitudot HTTP/1.1" 200 8018
186.79.126.247 - - [22/May/2017:11:43:58 -0300] "POST /cormun/servlet/solicitudot?gx-no-cache=1495464294425 HTTP/1.1" 200 1280
186.79.126.247 - - [22/May/2017:11:43:58 -0300] "POST /cormun/servlet/solicitudot?gx-no-cache=1495464294653 HTTP/1.1" 200 1161
186.79.90.56 - - [22/May/2017:11:43:59 -0300] "GET /cormun/servlet/arenunciaprn?53,PU HTTP/1.1" 200 1552
186.103.157.235 - - [22/May/2017:11:44:06 -0300] "GET /cormun/static/menuarrow.gif HTTP/1.1" 404 1015
186.79.126.247 - - [22/May/2017:11:44:30 -0300] "GET /cormun/servlet/solicitudot?c35ef7e5c9dcd0607c2331307ea325004f487e7760fdf0adf8460532f1d63dfced3f5d91c0b035cd048568c25a091ccf0dd53f5970127be05692d3ba56241afde2d7da87eabcc8a75f7e2d487341e1878279ea947b1655d924cce820caa5f87ddb607446d979eaea75b93c3bb9df6243ae92c6f3abfd11099d11873f820c363e102d56bb05eec26accc32a6d84cf15dc200a7bccc144ab8321a545e5e8f6519c7ac3ee016e4af536775fc52445059cfe,gx-no-cache=1495464326298 HTTP/1.1" 200 30
192.168.10.96 - - [22/May/2017:11:44:35 -0300] "GET /cormun/servlet/trconsultaempleado? HTTP/1.1" 200 9545
192.168.10.96 - - [22/May/2017:11:44:36 -0300] "GET /cormun/servlet/trconsultaempleado? HTTP/1.1" 200 9545
186.79.126.247 - - [22/May/2017:11:44:41 -0300] "POST /cormun/servlet/solicitudot?192e90b0cd6a7f2698e8abea5d9ccdc7,INS,0,0,,gx-no-cache=1495464337047 HTTP/1.1" 200 93
186.79.126.247 - - [22/May/2017:11:44:41 -0300] "GET /cormun/servlet/hpexe_return? HTTP/1.1" 200 1008
186.79.126.247 - - [22/May/2017:11:44:41 -0300] "GET /cormun/servlet/trsolicitudot HTTP/1.1" 200 9409
186.79.126.247 - - [22/May/2017:11:44:43 -0300] "GET /cormun/servlet/trsolicitudot HTTP/1.1" 200 9404
192.168.10.96 - - [22/May/2017:11:44:44 -0300] "POST /cormun/servlet/trconsultaempleado?66df31494e5acb25b42d8f14580d9cdc,,gx-no-cache=1495464290608 HTTP/1.1" 200 4416
192.168.10.96 - - [22/May/2017:11:44:46 -0300] "GET /cormun/servlet/trsolicitudnombre?16494536, HTTP/1.1" 200 8211
192.168.10.96 - - [22/May/2017:11:44:46 -0300] "GET /cormun/servlet/trsolicitudnombre?16494536, HTTP/1.1" 200 8214
192.168.10.96 - - [22/May/2017:11:44:48 -0300] "GET /cormun/servlet/vesolicitudnombre?2017,5702,, HTTP/1.1" 200 8472
192.168.10.96 - - [22/May/2017:11:44:48 -0300] "GET /cormun/pexe_scrolldiv.js HTTP/1.1" 404 1009
192.168.10.96 - - [22/May/2017:11:44:48 -0300] "GET /cormun/pexe_scrolldiv.js HTTP/1.1" 404 1009
192.168.10.96 - - [22/May/2017:11:44:49 -0300] "GET /cormun/servlet/vesolicitudnombre?2017,5702,, HTTP/1.1" 200 8466
192.168.10.96 - - [22/May/2017:11:44:51 -0300] "GET /cormun/servlet/vesolicitudnombre?2017,5702,,SolicitudOTAdjuntos HTTP/1.1" 200 10254
192.168.10.96 - - [22/May/2017:11:44:51 -0300] "GET /cormun/pexe_scrolldiv.js HTTP/1.1" 404 1009
192.168.10.96 - - [22/May/2017:11:44:51 -0300] "GET /cormun/pexe_scrolldiv.js HTTP/1.1" 404 1009
192.168.10.96 - - [22/May/2017:11:44:51 -0300] "GET /cormun/servlet/vesolicitudnombre?2017,5702,,SolicitudOTAdjuntos HTTP/1.1" 200 10255
192.168.10.96 - - [22/May/2017:11:44:52 -0300] "POST /cormun/servlet/acontrolpreferencessavestate?None,DZAMUDIO,true HTTP/1.1" 200 35
186.79.126.247 - - [22/May/2017:11:45:00 -0300] "GET /cormun/servlet/solicitudot?INS,0,0, HTTP/1.1" 200 12552
186.79.126.247 - - [22/May/2017:11:45:02 -0300] "GET /cormun/servlet/solicitudot?INS,0,0, HTTP/1.1" 200 12557
186.79.126.247 - - [22/May/2017:11:45:14 -0300] "GET /cormun/servlet/prfichaempleado?,MD,,gxPopupLevel%3D0%3B HTTP/1.1" 200 8752
186.103.159.44 - - [22/May/2017:11:45:24 -0300] "GET /cormun/servlet/trsolicitudot? HTTP/1.1" 200 8015
186.79.126.247 - - [22/May/2017:11:45:26 -0300] "POST /cormun/servlet/prfichaempleado?192e90b0cd6a7f2698e8abea5d9ccdc7,,MD,,gxPopupLevel%3D0%3B,gx-no-cache=1495464382719 HTTP/1.1" 200 3410
192.168.10.96 - - [22/May/2017:11:45:27 -0300] "GET /cormun/servlet/trsolicitudgral? HTTP/1.1" 200 24321
192.168.10.96 - - [22/May/2017:11:45:28 -0300] "GET /cormun/servlet/trsolicitudgral? HTTP/1.1" 200 24302
186.79.126.247 - - [22/May/2017:11:45:32 -0300] "POST /cormun/servlet/solicitudot?gx-no-cache=1495464388918 HTTP/1.1" 200 3191
186.79.126.247 - - [22/May/2017:11:45:33 -0300] "POST /cormun/servlet/solicitudot?192e90b0cd6a7f2698e8abea5d9ccdc7,INS,0,0,,gx-no-cache=1495464389554 HTTP/1.1" 200 9802
186.79.126.247 - - [22/May/2017:11:45:33 -0300] "GET /cormun/servlet/solicitudot?c35ef7e5c9dcd0607c2331307ea3250069cdd4d3ccfee85d0fc104b6c97127629e0ce5b28fcf13c22066ab42150c9844,gx-no-cache=1495464390385 HTTP/1.1" 200 30
186.79.126.247 - - [22/May/2017:11:45:36 -0300] "POST /cormun/servlet/solicitudot?gx-no-cache=1495464393326 HTTP/1.1" 200 255
186.79.126.247 - - [22/May/2017:11:45:37 -0300] "GET /cormun/servlet/solicitudot?c35ef7e5c9dcd0607c2331307ea32500b5bbf30ddd1b9efd501ea4d9ed856a6741f1703a79b45a9336f962a96cc1dfe95160d9275af853b6d592a16a2b7d0be3d9c5c0313fd5b8faaece359f6b8807867fd938e400c2fb148d139cbcae99875b8aa6377ffef125e12a3e1dd71a7ea3553b400daa20c5dd3bcec225dc05957802b095a01ac0ad1929ad794a770febd7bf1359840d565c0b26f787a644beb920b510655d85a0dcfc13b65938a3edfb42fa6bcd4820579dce3e20f816e315f8aadf37caead2a9f86a1979bb0e2d91404409baec9dc88fe7a398bcb6012323a33c45b89afcea0bf415fa21c683e3683482580b04b7c9c924e8eb700d22780bd5d4bdb9dfc94a33233cd2308e70ab5aa4bf91da3aa5e83ae45c784a284fceeafda9e4f7dd62fd09e5ba186a3fab22cdcd6d1fe393f31f312e3249f1a489a1fd3388b1e38f159bc45fb833d3de5e1174b32444b60dc0bab025c31036db7bb276f352e5aced10c4ace9becb3e8d7d884f21c09f6a2ffdb3b1ce9ae14bf395ba72fa943f,gx-no-cache=1495464393495 HTTP/1.1" 200 30
186.79.126.247 - - [22/May/2017:11:45:40 -0300] "POST /cormun/servlet/solicitudot?gx-no-cache=1495464396681 HTTP/1.1" 200 30
192.168.10.96 - - [22/May/2017:11:45:45 -0300] "POST /cormun/servlet/trsolicitudgral?66df31494e5acb25b42d8f14580d9cdc,,gx-no-cache=1495464351168 HTTP/1.1" 200 7562
186.103.159.44 - - [22/May/2017:11:45:48 -0300] "GET /cormun/servlet/trsolicitudot? HTTP/1.1" 200 8015
186.79.126.247 - - [22/May/2017:11:45:52 -0300] "POST /cormun/servlet/solicitudot?gx-no-cache=1495464409345 HTTP/1.1" 200 1296
186.79.126.247 - - [22/May/2017:11:45:53 -0300] "POST /cormun/servlet/solicitudot?gx-no-cache=1495464409519 HTTP/1.1" 200 38
186.103.157.235 - - [22/May/2017:11:45:54 -0300] "GET /cormun/servlet/licenciaspermisos?7d1f1167ca40a318873ad5dfef578cdd340299f9ab0cf863d294638c7349947307920b6dd915793e763806d8d571c076614f8f44c57e1352af85d8e2b2ba3f2bde07310c7e8659b4c95fd058b171738362ff8b37e658d03cb908aa8ca84ff126c9cbf04d1ad01a4dbd3828e1c93908974193d2750d8b61c965ac38d5612eb896466d4f72342ddc09d3f72c1653a6a8f246f3f49594a50d1c41f58bdbb1c92b91120aa5b63c6e764e6102f23630acc8601aa0fcb24ee548949a72abac8c0ed6b093e5a2ae5f3e55c63f10ef9863f9082f9da82f93128c518f1591c27dd59002bb,gx-no-cache=1495464412513 HTTP/1.1" 200 30
186.103.157.235 - - [22/May/2017:11:45:54 -0300] "GET /cormun/servlet/licenciaspermisos?7d1f1167ca40a318873ad5dfef578cdd4bae9f4b5fd6fae4e8724efa7e9d27727c82ea06395e6036853ae185e2d62082f6699054167a5f6657d3783ecac24255d6919298a39e1dcf0586ee4e315685f0c409400828ca86768b13bd707815797062a3313687df2fbeaeeb8ee6f99c30d6f26c8bd3838e93a4cdc52c1123ee1bcb9e64d6d2cf39af38bbf8c1d045c9bc6d46ceb26dc95270a2704cc044d2974d18ecba78dc3f0e0ab5e369e5b31afe99bfd29e8e61f5ba7c5e089a4f488d175d384eb8b1f662d73dcff224bb6e6dbb8d3998bf853bff25deff2da36cb264eaa635,gx-no-cache=1495464412621 HTTP/1.1" 200 29
186.103.157.235 - - [22/May/2017:11:45:55 -0300] "POST /cormun/servlet/licenciaspermisos?fcd82ab7cf8f148faa5589c23608638a,INS,0,,,,gx-no-cache=1495464412674 HTTP/1.1" 200 93
186.103.157.235 - - [22/May/2017:11:45:55 -0300] "GET /cormun/servlet/hpexe_return? HTTP/1.1" 200 1006
186.103.157.235 - - [22/May/2017:11:45:55 -0300] "GET /cormun/static/gxcfg.js?2016101716175148 HTTP/1.1" 200 953
186.103.157.235 - - [22/May/2017:11:45:55 -0300] "GET /cormun/static/hpexe_return.js?2016101716175153 HTTP/1.1" 200 1633
186.103.157.235 - - [22/May/2017:11:45:55 -0300] "GET /cormun/static/Resources/Spanish/PXTools.css?167811 HTTP/1.1" 200 89042
186.103.157.235 - - [22/May/2017:11:45:56 -0300] "GET /cormun/servlet/trlicencias HTTP/1.1" 200 9033
186.103.157.235 - - [22/May/2017:11:45:56 -0300] "GET /cormun/servlet/trlicencias HTTP/1.1" 200 9028
192.168.10.96 - - [22/May/2017:11:45:59 -0300] "POST /cormun/servlet/trsolicitudgral?66df31494e5acb25b42d8f14580d9cdc,,gx-no-cache=1495464365609 HTTP/1.1" 200 5498
192.168.10.96 - - [22/May/2017:11:46:02 -0300] "POST /cormun/servlet/trsolicitudgral?66df31494e5acb25b42d8f14580d9cdc,,gx-no-cache=1495464368624 HTTP/1.1" 200 5499
186.79.126.247 - - [22/May/2017:11:46:04 -0300] "GET /cormun/servlet/solicitudot?c35ef7e5c9dcd0607c2331307ea325002b298f53e0fba34e83d2dfd23b134cc0b1a48d847f6981d0b7ba193d71890124bdee3d460b52067b9da14d1c66207aa7341f7daeb716ee3a5538678eea43d8c25e46c294cc6f4c60d058bc9fc4ce6a6a0ebed4d03bcf9211610b704d11d4db3330e5d7c15130e24bbcc632103f2f4b25533d4f3a5dd0ac91a6e7cff1056e2ec10da61998654f9b87ba32f20e6c1fcbe81984a76c7bf70ffa5d39ee43097a402ee2cc10ab65c8a13f8f29073a337ed4677dbaa98c302fbaea77daae006bd5a5d4,gx-no-cache=1495464420465 HTTP/1.1" 200 29
192.168.10.96 - - [22/May/2017:11:46:05 -0300] "POST /cormun/servlet/trsolicitudgral?66df31494e5acb25b42d8f14580d9cdc,,gx-no-cache=1495464370853 HTTP/1.1" 200 12223
186.79.126.247 - - [22/May/2017:11:46:07 -0300] "POST /cormun/servlet/solicitudot?gx-no-cache=1495464424264 HTTP/1.1" 200 1280
186.79.126.247 - - [22/May/2017:11:46:08 -0300] "POST /cormun/servlet/solicitudot?gx-no-cache=1495464424499 HTTP/1.1" 200 1161
186.79.126.247 - - [22/May/2017:11:46:08 -0300] "GET /cormun/static/menuarrow.gif HTTP/1.1" 404 1015
186.103.157.235 - - [22/May/2017:11:46:10 -0300] "POST /cormun/servlet/trlicencias?fcd82ab7cf8f148faa5589c23608638a,gx-no-cache=1495464427902 HTTP/1.1" 200 5377
186.103.157.235 - - [22/May/2017:11:46:10 -0300] "GET /cormun//static/Resources/PXToolsGridUpdate.png HTTP/1.1" 200 2984
186.103.157.235 - - [22/May/2017:11:46:10 -0300] "GET /cormun//static/Resources/PXToolsGridDelete.png HTTP/1.1" 200 357
186.79.126.247 - - [22/May/2017:11:46:12 -0300] "POST /cormun/servlet/solicitudot?gx-no-cache=1495464428781 HTTP/1.1" 200 1280
186.103.159.44 - - [22/May/2017:11:46:13 -0300] "GET /cormun/servlet/trsolicitudot? HTTP/1.1" 200 8015
186.79.126.247 - - [22/May/2017:11:46:14 -0300] "POST /cormun/servlet/solicitudot?gx-no-cache=1495464429199 HTTP/1.1" 200 1161
186.103.157.235 - - [22/May/2017:11:46:15 -0300] "GET /cormun/servlet/trlicenciaspermisosadjuntos?18645705,20170522000000,L, HTTP/1.1" 200 6344
186.103.157.235 - - [22/May/2017:11:46:15 -0300] "GET /cormun/static/gxcfg.js?20173171154619 HTTP/1.1" 200 953
186.103.157.235 - - [22/May/2017:11:46:15 -0300] "GET /cormun/static/trlicenciaspermisosadjuntos.js?20173171154971 HTTP/1.1" 200 21005
186.103.157.235 - - [22/May/2017:11:46:15 -0300] "GET /cormun/servlet/trlicenciaspermisosadjuntos?18645705,20170522000000,L, HTTP/1.1" 200 6344
186.103.157.235 - - [22/May/2017:11:46:17 -0300] "GET /cormun/servlet/licenciaspermisosadjuntos?INS,18645705,L,20170522000000,, HTTP/1.1" 200 5638
186.103.157.235 - - [22/May/2017:11:46:17 -0300] "GET /cormun/static/gxcfg.js?201731711421170 HTTP/1.1" 200 953
186.103.159.44 - - [22/May/2017:11:46:17 -0300] "GET /cormun/servlet/solicitudot?INS,0,0, HTTP/1.1" 200 12600
186.103.157.235 - - [22/May/2017:11:46:17 -0300] "GET /cormun/static/licenciaspermisosadjuntos.js?201731711421181 HTTP/1.1" 200 8757
186.103.157.235 - - [22/May/2017:11:46:17 -0300] "GET /cormun/static/about:blank HTTP/1.1" 404 1011
186.103.157.235 - - [22/May/2017:11:46:18 -0300] "GET /cormun/servlet/licenciaspermisosadjuntos?INS,18645705,L,20170522000000,, HTTP/1.1" 200 5627
192.168.10.96 - - [22/May/2017:11:46:25 -0300] "GET /cormun/servlet/trconsultaempleado? HTTP/1.1" 200 6729
192.168.10.96 - - [22/May/2017:11:46:26 -0300] "GET /cormun/servlet/trconsultaempleado? HTTP/1.1" 200 6729
