200.111.191.210 - - [22/May/2017:16:52:43 -0300] "GET /cormun/servlet/solicitudot?ab4b46db704798e21828d8f0b31bc825161ad0a16090a201df43383f92996eea64b1b04fb8f19714269118d0a60c067be3146d9ca67438f85e27b3a290db696316340d1df5f245aad63e066e1474fb2055645266dba207dc400972911db9922b3180e185205527dd15b511bf02e052a8ea29064a7d0525cb10bc571aa6eb287cce7383618d9b05ee43f9b2cc5aa26273ac15477b88b4ac0c585959fa7aec6f677fd1179f5c8746c0d47427cb961bac19,gx-no-cache=1495482819504 HTTP/1.1" 200 30
186.103.159.183 - - [22/May/2017:16:52:47 -0300] "POST /cormun/servlet/solicitudot?gx-no-cache=1495482825213 HTTP/1.1" 200 1297
186.103.159.183 - - [22/May/2017:16:52:47 -0300] "POST /cormun/servlet/solicitudot?gx-no-cache=1495482825502 HTTP/1.1" 200 38
201.246.237.194 - - [22/May/2017:16:52:54 -0300] "POST /cormun/servlet/trautorizarsolicitud?e37e6f9e5d9a47be0d36806056f2e63c,,gx-no-cache=1495482834992 HTTP/1.1" 200 4338
201.246.237.194 - - [22/May/2017:16:52:54 -0300] "GET /cormun/static/Shared/jqueryui/images/ui-bg_highlight-soft_100_c6c2c8_1x100.png HTTP/1.1" 404 1117
201.246.237.194 - - [22/May/2017:16:52:54 -0300] "GET /cormun/static/Shared/jqueryui/images/ui-icons_82798d_256x240.png HTTP/1.1" 404 1089
201.246.237.194 - - [22/May/2017:16:52:54 -0300] "GET /cormun/static/Shared/jqueryui/images/ui-bg_flat_55_fafafa_40x100.png HTTP/1.1" 404 1097
201.246.237.194 - - [22/May/2017:16:52:54 -0300] "GET /cormun/static/Shared/jqueryui/images/ui-icons_8d78a5_256x240.png HTTP/1.1" 404 1089
201.246.237.194 - - [22/May/2017:16:52:54 -0300] "POST /cormun/servlet/trautorizarsolicitud?e37e6f9e5d9a47be0d36806056f2e63c,,gx-no-cache=1495482835971 HTTP/1.1" 200 4104
186.103.159.183 - - [22/May/2017:16:53:01 -0300] "GET /cormun/servlet/solicitudot?8832ed864a9dd5550b868be56d2e23afcab6bc4065fb2deece802d95960faed842da93c8a4816a8c670b4858eb0346e58e90ffc0f3ae5eba59b5b40929276c184ee1ffdb178d5cf611ad29adcd48d9f0198f38c1f70818f4d812452881e5a7b6e56863d290baeec66666af0cad3b423cfb120c1c1d77eaa887f932aa82337e6109130df9895b0f0cd77b785845ea290c834a0a8e029f80f333da8be3d82d7f04,gx-no-cache=1495482838850 HTTP/1.1" 200 29
186.103.159.183 - - [22/May/2017:16:53:01 -0300] "POST /cormun/servlet/solicitudot?gx-no-cache=1495482838944 HTTP/1.1" 200 1279
186.103.159.183 - - [22/May/2017:16:53:01 -0300] "POST /cormun/servlet/solicitudot?gx-no-cache=1495482839114 HTTP/1.1" 200 1162
186.103.159.183 - - [22/May/2017:16:53:01 -0300] "GET /cormun/static/menuarrow.gif HTTP/1.1" 404 1015
186.103.159.183 - - [22/May/2017:16:53:02 -0300] "POST /cormun/servlet/solicitudot?gx-no-cache=1495482840750 HTTP/1.1" 200 1279
186.103.159.183 - - [22/May/2017:16:53:03 -0300] "POST /cormun/servlet/solicitudot?gx-no-cache=1495482840887 HTTP/1.1" 200 1162
200.111.191.210 - - [22/May/2017:16:53:07 -0300] "GET /cormun/static/menuarrow.gif HTTP/1.1" 404 1015
201.246.237.194 - - [22/May/2017:16:53:09 -0300] "POST /cormun/servlet/trautorizarsolicitud?e37e6f9e5d9a47be0d36806056f2e63c,,gx-no-cache=1495482851043 HTTP/1.1" 200 6185
201.246.237.194 - - [22/May/2017:16:53:15 -0300] "GET /cormun/servlet/veautorizarsolicitud?2017,6558,, HTTP/1.1" 200 8165
201.246.237.194 - - [22/May/2017:16:53:15 -0300] "GET /cormun/static/gxcfg.js?20161221854380 HTTP/1.1" 304 -
201.246.237.194 - - [22/May/2017:16:53:15 -0300] "GET /cormun/pexe_scrolldiv.js HTTP/1.1" 404 1009
201.246.237.194 - - [22/May/2017:16:53:15 -0300] "GET /cormun/static/veautorizarsolicitud.js?20161221854433 HTTP/1.1" 304 -
201.246.237.194 - - [22/May/2017:16:53:15 -0300] "GET /cormun/static/tbautorizarsolicitud01.js?201731711331984 HTTP/1.1" 304 -
201.246.237.194 - - [22/May/2017:16:53:15 -0300] "GET /cormun/static/hwcviewtabs.js?20173171133571 HTTP/1.1" 304 -
201.246.237.194 - - [22/May/2017:16:53:15 -0300] "GET /cormun/pexe_scrolldiv.js HTTP/1.1" 404 1009
201.246.237.194 - - [22/May/2017:16:53:15 -0300] "GET /cormun/static/hpexe_tabsview.js?201610171694228 HTTP/1.1" 304 -
186.103.159.183 - - [22/May/2017:16:53:16 -0300] "GET /cormun/servlet/solicitudot?8832ed864a9dd5550b868be56d2e23af2774514fad9411e37ec6014df0e32f2f77f89d18efc4e512d0c466f7bd6f69e263fa98f0b313609887aa04458218d312509eb62773e2e14b882dde548c4dae1ea12a300fab7eb19d90be26e445c96355e3aa3229e4f12686795406515418790cd76b438422435c43a479e93b8553dc30e70a43958aefa771a5778e5ba6d01a63368d659c07aa7bcc2036f390971837512982c63db4cc2067091150dc6adb2f7b,gx-no-cache=1495482854302 HTTP/1.1" 200 30
201.246.237.194 - - [22/May/2017:16:53:17 -0300] "GET /cormun/servlet/veautorizarsolicitud?2017,6558,, HTTP/1.1" 200 8164
200.111.191.210 - - [22/May/2017:16:53:37 -0300] "GET /cormun/servlet/solicitudot?ab4b46db704798e21828d8f0b31bc825161ad0a16090a201df43383f92996eea64b1b04fb8f19714269118d0a60c067be3b7665c1f6b2afa85d4a8b036edfaa616340d1df5f245aad63e066e1474fb2055645266dba207dc400972911db9922b3180e185205527dd15b511bf02e052a8ea29064a7d0525cb10bc571aa6eb287cce7383618d9b05ee43f9b2cc5aa26273ac15477b88b4ac0c585959fa7aec6f677fd1179f5c8746c0d47427cb961bac19,gx-no-cache=1495482873136 HTTP/1.1" 200 30
200.111.191.210 - - [22/May/2017:16:53:37 -0300] "POST /cormun/servlet/solicitudot?4f29cae220848f669151339bde0e88ee,INS,0,0,,gx-no-cache=1495482873276 HTTP/1.1" 200 93
200.111.191.210 - - [22/May/2017:16:53:37 -0300] "GET /cormun/servlet/hpexe_return? HTTP/1.1" 200 1010
200.111.191.210 - - [22/May/2017:16:53:37 -0300] "GET /cormun/servlet/trsolicitudot HTTP/1.1" 200 7906
200.111.191.210 - - [22/May/2017:16:53:38 -0300] "GET /cormun/servlet/trsolicitudot HTTP/1.1" 200 7902
200.111.191.210 - - [22/May/2017:16:53:40 -0300] "GET /cormun/servlet/solicitudot?INS,0,0, HTTP/1.1" 200 12590
200.111.191.210 - - [22/May/2017:16:53:40 -0300] "GET /cormun/servlet/solicitudot?INS,0,0, HTTP/1.1" 200 12595
186.103.159.183 - - [22/May/2017:16:53:42 -0300] "POST /cormun/servlet/solicitudot?080e5c9b3d09e9433b559f150c274b52,INS,0,0,,gx-no-cache=1495482879701 HTTP/1.1" 200 93
186.103.159.183 - - [22/May/2017:16:53:42 -0300] "GET /cormun/servlet/hpexe_return? HTTP/1.1" 200 1030
186.103.159.183 - - [22/May/2017:16:53:42 -0300] "GET /cormun/servlet/trsolicitudot?gx-no-cache=1495482699441 HTTP/1.1" 200 8281
200.111.191.210 - - [22/May/2017:16:53:43 -0300] "GET /cormun/servlet/prfichaempleado?,MD,,gxPopupLevel%3D0%3B HTTP/1.1" 200 8799
186.103.159.183 - - [22/May/2017:16:53:44 -0300] "GET /cormun/servlet/trsolicitudot?gx-no-cache=1495482699441 HTTP/1.1" 200 8297
200.111.191.210 - - [22/May/2017:16:53:48 -0300] "POST /cormun/servlet/prfichaempleado?4f29cae220848f669151339bde0e88ee,,MD,,gxPopupLevel%3D0%3B,gx-no-cache=1495482884823 HTTP/1.1" 200 3565
186.103.159.43 - - [22/May/2017:16:53:58 -0300] "GET /cormun/servlet/hlogin HTTP/1.1" 200 1721
186.103.159.43 - - [22/May/2017:16:53:58 -0300] "GET /cormun/static/gxcfg.js?201741110203197 HTTP/1.1" 304 -
186.103.159.43 - - [22/May/2017:16:53:58 -0300] "GET /cormun/static/Resources/Spanish/PXTools.css?11294912 HTTP/1.1" 304 -
186.103.159.43 - - [22/May/2017:16:53:58 -0300] "GET /cormun/static/messages.spa.js?85251 HTTP/1.1" 304 -
186.103.159.43 - - [22/May/2017:16:53:58 -0300] "GET /cormun/static/hlogin.js?201741110203211 HTTP/1.1" 304 -
186.103.159.43 - - [22/May/2017:16:53:58 -0300] "GET /cormun/servlet/hlogin HTTP/1.1" 200 1732
186.103.159.43 - - [22/May/2017:16:54:00 -0300] "POST /cormun/servlet/hlogin?cac3f7f6d6eb039f750802575ed82194,gx-no-cache=1495482897735 HTTP/1.1" 200 90
186.103.159.43 - - [22/May/2017:16:54:00 -0300] "GET /cormun/servlet/hpexe_link HTTP/1.1" 200 953
186.103.159.43 - - [22/May/2017:16:54:00 -0300] "GET /cormun/static/gxcfg.js?201731711483381 HTTP/1.1" 304 -
186.103.159.43 - - [22/May/2017:16:54:00 -0300] "GET /cormun/static/hpexe_link.js?201731711483384 HTTP/1.1" 304 -
186.103.159.43 - - [22/May/2017:16:54:00 -0300] "GET /cormun/servlet/hhome HTTP/1.1" 200 3765
186.103.159.43 - - [22/May/2017:16:54:01 -0300] "GET /cormun/static/gxcfg.js?201731711483497 HTTP/1.1" 304 -
186.103.159.43 - - [22/May/2017:16:54:01 -0300] "GET /cormun/static/PXToolsJavascripts/pexe_griddivfix.js HTTP/1.1" 304 -
186.103.159.43 - - [22/May/2017:16:54:01 -0300] "GET /cormun/static/PXToolsJavascripts/pexe_tabdivfix.js HTTP/1.1" 304 -
186.103.159.43 - - [22/May/2017:16:54:01 -0300] "GET /cormun/static/hhome.js?20173171148352 HTTP/1.1" 304 -
186.103.159.43 - - [22/May/2017:16:54:01 -0300] "GET /cormun/static/hwchdr01.js?201731711335950 HTTP/1.1" 304 -
186.103.159.43 - - [22/May/2017:16:54:01 -0300] "GET /cormun/static/hpexe_recentlink.js?201610171694390 HTTP/1.1" 304 -
186.103.159.43 - - [22/May/2017:16:54:01 -0300] "GET /cormun/static/hpexe_scripts.js?201731711335890 HTTP/1.1" 304 -
186.103.159.43 - - [22/May/2017:16:54:01 -0300] "GET /cormun/static/hpexe_messagecontroller.js?201610171694323 HTTP/1.1" 304 -
186.103.159.43 - - [22/May/2017:16:54:01 -0300] "GET /cormun/static/hpexe_messagepopupcomponent.js?20161017169425 HTTP/1.1" 304 -
186.103.159.43 - - [22/May/2017:16:54:01 -0300] "GET /cormun/static/hpexe_messagegenexuscomponent.js?201731711335537 HTTP/1.1" 304 -
186.103.159.43 - - [22/May/2017:16:54:01 -0300] "GET /cormun/static/cmcontrolpreferences.js?201731711335852 HTTP/1.1" 304 -
186.103.159.43 - - [22/May/2017:16:54:01 -0300] "GET /cormun/static/hmpwkw03.js?201731711485354 HTTP/1.1" 304 -
186.103.159.43 - - [22/May/2017:16:54:01 -0300] "GET /cormun/servlet/hhome HTTP/1.1" 200 3761
186.103.159.183 - - [22/May/2017:16:54:03 -0300] "POST /cormun/servlet/trsolicitudot?080e5c9b3d09e9433b559f150c274b52,gx-no-cache=1495482699441,gx-no-cache=1495482901093 HTTP/1.1" 200 4366
186.103.159.183 - - [22/May/2017:16:54:03 -0300] "GET /cormun/static/Shared/jqueryui/images/ui-bg_highlight-soft_100_c6c2c8_1x100.png HTTP/1.1" 404 1117
186.103.159.183 - - [22/May/2017:16:54:03 -0300] "GET /cormun/static/Shared/jqueryui/images/ui-icons_82798d_256x240.png HTTP/1.1" 404 1089
186.103.159.183 - - [22/May/2017:16:54:03 -0300] "GET /cormun/static/Shared/jqueryui/images/ui-icons_8d78a5_256x240.png HTTP/1.1" 404 1089
186.103.159.183 - - [22/May/2017:16:54:03 -0300] "GET /cormun/static/Shared/jqueryui/images/ui-bg_flat_55_fafafa_40x100.png HTTP/1.1" 404 1097
186.103.159.183 - - [22/May/2017:16:54:03 -0300] "POST /cormun/servlet/trsolicitudot?080e5c9b3d09e9433b559f150c274b52,gx-no-cache=1495482699441,gx-no-cache=1495482901425 HTTP/1.1" 200 4124
186.103.159.43 - - [22/May/2017:16:54:05 -0300] "GET /cormun/servlet/trlicencias? HTTP/1.1" 200 6599
186.103.159.43 - - [22/May/2017:16:54:05 -0300] "GET /cormun/static/gxcfg.js?201741111445981 HTTP/1.1" 304 -
186.103.159.43 - - [22/May/2017:16:54:05 -0300] "GET /cormun/static/trlicencias.js?20174111145440 HTTP/1.1" 304 -
186.103.159.43 - - [22/May/2017:16:54:06 -0300] "GET /cormun/servlet/trlicencias? HTTP/1.1" 200 6598
186.103.159.183 - - [22/May/2017:16:54:07 -0300] "GET /cormun/servlet/solicitudot?INS,0,0, HTTP/1.1" 200 12832
186.103.159.183 - - [22/May/2017:16:54:08 -0300] "GET /cormun/servlet/solicitudot?INS,0,0, HTTP/1.1" 200 12816
40.77.167.133 - - [22/May/2017:16:54:10 -0300] "GET /cormun/servlet/hhome?_escaped_fragment_= HTTP/1.1" 200 3231
186.103.159.43 - - [22/May/2017:16:54:12 -0300] "GET /cormun/servlet/licenciaspermisos?INS,0,,, HTTP/1.1" 200 7149
186.103.159.43 - - [22/May/2017:16:54:12 -0300] "GET /cormun/static/gxcfg.js?201741111445322 HTTP/1.1" 304 -
186.103.159.43 - - [22/May/2017:16:54:12 -0300] "GET /cormun/static/licenciaspermisos.js?201741111445392 HTTP/1.1" 304 -
186.103.159.43 - - [22/May/2017:16:54:12 -0300] "GET /cormun/servlet/licenciaspermisos?INS,0,,, HTTP/1.1" 200 7148
186.103.159.183 - - [22/May/2017:16:54:15 -0300] "POST /cormun/servlet/solicitudot?gx-no-cache=1495482913119 HTTP/1.1" 200 3179
186.103.159.183 - - [22/May/2017:16:54:15 -0300] "POST /cormun/servlet/solicitudot?080e5c9b3d09e9433b559f150c274b52,INS,0,0,,gx-no-cache=1495482913435 HTTP/1.1" 200 9997
186.103.159.183 - - [22/May/2017:16:54:17 -0300] "GET /cormun/servlet/solicitudot?8832ed864a9dd5550b868be56d2e23af3587db8397ec92b09f3c2f2a54385009543c7b03bbb2c56f92f34d5b0aa05179,gx-no-cache=1495482915850 HTTP/1.1" 200 30
186.103.159.183 - - [22/May/2017:16:54:18 -0300] "POST /cormun/servlet/solicitudot?gx-no-cache=1495482915920 HTTP/1.1" 200 255
186.103.159.183 - - [22/May/2017:16:54:18 -0300] "GET /cormun/servlet/solicitudot?8832ed864a9dd5550b868be56d2e23af7b89a8ef13eda94c6dfbb28c559332f3744320233195942ebf0ad77081b566c8f9ab0f1d6b44da3a007f06ba55555a639a270ac03b620dfec2757f327234e2f7b9f14cc99227195976bbf498ae4a284416e1c8e12ac50062d14d8ff818b0d6897c332696181edd425914e981a1f769ed8ca77336441c549d1d6a9fc31137900d4cd6623e093ad63864ccaf86553b59fdc462b1b340d19264450469a541978c8129d1bcdf1ee39d5df66474eb1b65248b331cdf6a6c73d307bb4490dc7ab27eead8545d831962e05120ff6d856a6416ec2947556c1633507099b674bb7af385cbd29f89f8bbee5835dd1bc58badd756d578b406da71bd5ff77f90660acaac4193afef4de51f46548299bd152fe7aa88dd86534279ab495cd5ac507c97d9c82d0dba7d5efa19f740417c35a6264fe4cc28408a637fcc8c31cfcc68193e7265ecdf14cf4b6688ae8ae724faee6d40ddf531efda389bff8bb522c54c5a793edd1642d57a9e42949a48e73e7d78c397fa3b05,gx-no-cache=1495482915990 HTTP/1.1" 200 30
200.111.191.210 - - [22/May/2017:16:54:19 -0300] "GET /cormun/servlet/prfichaempleado?,MD,,gxPopupLevel%3D0%3B HTTP/1.1" 200 8799
186.103.159.183 - - [22/May/2017:16:54:25 -0300] "POST /cormun/servlet/solicitudot?gx-no-cache=1495482923417 HTTP/1.1" 200 30
200.111.191.210 - - [22/May/2017:16:54:26 -0300] "POST /cormun/servlet/prfichaempleado?4f29cae220848f669151339bde0e88ee,,MD,,gxPopupLevel%3D0%3B,gx-no-cache=1495482922700 HTTP/1.1" 200 3176
186.103.159.183 - - [22/May/2017:16:54:40 -0300] "POST /cormun/servlet/solicitudot?gx-no-cache=1495482938021 HTTP/1.1" 200 1297
186.103.159.183 - - [22/May/2017:16:54:40 -0300] "POST /cormun/servlet/solicitudot?gx-no-cache=1495482938260 HTTP/1.1" 200 38
157.55.39.246 - - [22/May/2017:16:54:44 -0300] "GET /cormun/servlet/trsolicitudadjuntos?2017,5660, HTTP/1.1" 200 8312
186.103.159.183 - - [22/May/2017:16:54:51 -0300] "GET /cormun/servlet/solicitudot?8832ed864a9dd5550b868be56d2e23afcab6bc4065fb2deece802d95960faed842da93c8a4816a8c670b4858eb0346e58e90ffc0f3ae5eba59b5b40929276c184ee1ffdb178d5cf611ad29adcd48d9f0198f38c1f70818f4d812452881e5a7b6e56863d290baeec66666af0cad3b423cfb120c1c1d77eaa887f932aa82337e6109130df9895b0f0cd77b785845ea290c834a0a8e029f80f333da8be3d82d7f04,gx-no-cache=1495482948881 HTTP/1.1" 200 29
186.103.159.183 - - [22/May/2017:16:54:51 -0300] "POST /cormun/servlet/solicitudot?gx-no-cache=1495482948941 HTTP/1.1" 200 1280
186.103.159.183 - - [22/May/2017:16:54:51 -0300] "POST /cormun/servlet/solicitudot?gx-no-cache=1495482949060 HTTP/1.1" 200 1162
186.103.159.183 - - [22/May/2017:16:54:51 -0300] "GET /cormun/static/menuarrow.gif HTTP/1.1" 404 1015
186.103.159.183 - - [22/May/2017:16:54:53 -0300] "POST /cormun/servlet/solicitudot?gx-no-cache=1495482951128 HTTP/1.1" 200 1280
186.103.159.183 - - [22/May/2017:16:54:53 -0300] "POST /cormun/servlet/solicitudot?gx-no-cache=1495482951283 HTTP/1.1" 200 1162
186.103.159.183 - - [22/May/2017:16:55:02 -0300] "GET /cormun/servlet/solicitudot?8832ed864a9dd5550b868be56d2e23af2774514fad9411e37ec6014df0e32f2f2e330478032ca981361e580c41bea50763fa98f0b313609887aa04458218d312509eb62773e2e14b882dde548c4dae1ea12a300fab7eb19d90be26e445c96355e3aa3229e4f12686795406515418790cd76b438422435c43a479e93b8553dc30e70a43958aefa771a5778e5ba6d01a63368d659c07aa7bcc2036f390971837512982c63db4cc2067091150dc6adb2f7b,gx-no-cache=1495482960322 HTTP/1.1" 200 30
157.55.39.25 - - [22/May/2017:16:55:10 -0300] "GET /robots.txt HTTP/1.1" 404 981
186.103.159.183 - - [22/May/2017:16:55:11 -0300] "POST /cormun/servlet/solicitudot?080e5c9b3d09e9433b559f150c274b52,INS,0,0,,gx-no-cache=1495482969032 HTTP/1.1" 200 93
186.103.159.183 - - [22/May/2017:16:55:11 -0300] "GET /cormun/servlet/hpexe_return? HTTP/1.1" 200 1030
186.103.159.183 - - [22/May/2017:16:55:11 -0300] "GET /cormun/servlet/trsolicitudot?gx-no-cache=1495482699441 HTTP/1.1" 200 8278
186.103.159.183 - - [22/May/2017:16:55:13 -0300] "GET /cormun/servlet/trsolicitudot?gx-no-cache=1495482699441 HTTP/1.1" 200 8295
157.55.39.246 - - [22/May/2017:16:55:13 -0300] "GET /cormun/static/hpexe_messagegenexuscomponent.js?201731711335537 HTTP/1.1" 200 587
186.103.159.183 - - [22/May/2017:16:55:35 -0300] "POST /cormun/servlet/trsolicitudot?080e5c9b3d09e9433b559f150c274b52,gx-no-cache=1495482699441,gx-no-cache=1495482993456 HTTP/1.1" 200 4364
186.103.159.183 - - [22/May/2017:16:55:35 -0300] "GET /cormun/static/Shared/jqueryui/images/ui-bg_highlight-soft_100_c6c2c8_1x100.png HTTP/1.1" 404 1117
186.103.159.183 - - [22/May/2017:16:55:35 -0300] "GET /cormun/static/Shared/jqueryui/images/ui-icons_82798d_256x240.png HTTP/1.1" 404 1089
186.103.159.183 - - [22/May/2017:16:55:36 -0300] "GET /cormun/static/Shared/jqueryui/images/ui-bg_flat_55_fafafa_40x100.png HTTP/1.1" 404 1097
186.103.159.183 - - [22/May/2017:16:55:36 -0300] "GET /cormun/static/Shared/jqueryui/images/ui-icons_8d78a5_256x240.png HTTP/1.1" 404 1089
186.103.159.183 - - [22/May/2017:16:55:36 -0300] "POST /cormun/servlet/trsolicitudot?080e5c9b3d09e9433b559f150c274b52,gx-no-cache=1495482699441,gx-no-cache=1495482993928 HTTP/1.1" 200 4124
192.168.10.89 - - [22/May/2017:16:55:43 -0300] "GET /cormun/servlet/wbconsulta? HTTP/1.1" 200 5378
192.168.10.89 - - [22/May/2017:16:55:50 -0300] "POST /cormun/servlet/wbconsulta?7cc5fc4a0d4442c553c0d2207476f021,,gx-no-cache=1495482955686 HTTP/1.1" 200 104
192.168.10.89 - - [22/May/2017:16:55:50 -0300] "GET /cormun/servlet/vevisualizador?2017,6347, HTTP/1.1" 200 8601
192.168.10.89 - - [22/May/2017:16:55:50 -0300] "GET /cormun/pexe_scrolldiv.js HTTP/1.1" 404 1009
192.168.10.89 - - [22/May/2017:16:55:54 -0300] "GET /cormun/servlet/vevisualizador?2017,6347,,SolicitudOTAdjuntos HTTP/1.1" 200 10448
192.168.10.89 - - [22/May/2017:16:55:54 -0300] "GET /cormun/pexe_scrolldiv.js HTTP/1.1" 404 1009
192.168.10.89 - - [22/May/2017:16:55:58 -0300] "POST /cormun/servlet/acontrolpreferencessavestate?None,CDROGUETT,true HTTP/1.1" 200 35
192.168.10.89 - - [22/May/2017:16:56:05 -0300] "GET /cormun/PublicTempStorage/ced.ident.2250397.pdf HTTP/1.1" 200 248286
192.168.10.89 - - [22/May/2017:16:56:15 -0300] "GET /cormun/servlet/vevisualizador?2017,6347,,SolicitudOTAdjuntos HTTP/1.1" 200 10450
192.168.10.89 - - [22/May/2017:16:56:15 -0300] "GET /cormun/pexe_scrolldiv.js HTTP/1.1" 404 1009
192.168.10.89 - - [22/May/2017:16:56:17 -0300] "POST /cormun/servlet/acontrolpreferencessavestate?None,CDROGUETT,true HTTP/1.1" 200 35
192.168.10.89 - - [22/May/2017:16:56:17 -0300] "GET /cormun/PublicTempStorage/estudios6833945.pdf HTTP/1.1" 200 322897
201.246.237.194 - - [22/May/2017:16:56:24 -0300] "POST /cormun/servlet/veautorizarsolicitud?e37e6f9e5d9a47be0d36806056f2e63c,2017,6558,,,gx-no-cache=1495483045447 HTTP/1.1" 200 90
201.246.237.194 - - [22/May/2017:16:56:24 -0300] "GET /cormun/servlet/hpexe_link HTTP/1.1" 200 974
201.246.237.194 - - [22/May/2017:16:56:24 -0300] "GET /cormun/servlet/trautorizarsolicitud? HTTP/1.1" 200 8944
201.246.237.194 - - [22/May/2017:16:56:26 -0300] "GET /cormun/servlet/trautorizarsolicitud? HTTP/1.1" 200 8943
192.168.10.89 - - [22/May/2017:16:56:28 -0300] "GET /cormun/servlet/vevisualizador?2017,6347,,SolicitudOTAdjuntos HTTP/1.1" 200 10450
192.168.10.89 - - [22/May/2017:16:56:28 -0300] "GET /cormun/pexe_scrolldiv.js HTTP/1.1" 404 1009
192.168.10.89 - - [22/May/2017:16:56:30 -0300] "POST /cormun/servlet/acontrolpreferencessavestate?None,CDROGUETT,true HTTP/1.1" 200 35
192.168.10.89 - - [22/May/2017:16:56:30 -0300] "GET /cormun/PublicTempStorage/afp9839721.pdf HTTP/1.1" 200 203616
186.103.159.183 - - [22/May/2017:16:56:38 -0300] "GET /cormun/servlet/solicitudot?INS,0,0, HTTP/1.1" 200 12832
186.103.159.183 - - [22/May/2017:16:56:39 -0300] "GET /cormun/servlet/solicitudot?INS,0,0, HTTP/1.1" 200 12816
192.168.10.89 - - [22/May/2017:16:56:40 -0300] "GET /cormun/servlet/vevisualizador?2017,6347,,SolicitudOTAdjuntos HTTP/1.1" 200 10449
192.168.10.89 - - [22/May/2017:16:56:40 -0300] "GET /cormun/pexe_scrolldiv.js HTTP/1.1" 404 1009
192.168.10.89 - - [22/May/2017:16:56:42 -0300] "POST /cormun/servlet/acontrolpreferencessavestate?None,CDROGUETT,true HTTP/1.1" 200 35
192.168.10.89 - - [22/May/2017:16:56:42 -0300] "GET /cormun/PublicTempStorage/isapre639619.pdf HTTP/1.1" 200 208638
186.103.159.183 - - [22/May/2017:16:56:51 -0300] "POST /cormun/servlet/solicitudot?gx-no-cache=1495483069740 HTTP/1.1" 200 3203
186.103.159.183 - - [22/May/2017:16:56:52 -0300] "POST /cormun/servlet/solicitudot?080e5c9b3d09e9433b559f150c274b52,INS,0,0,,gx-no-cache=1495483070027 HTTP/1.1" 200 10025
192.168.10.89 - - [22/May/2017:16:56:52 -0300] "GET /cormun/servlet/vevisualizador?2017,6347,,SolicitudOTAdjuntos HTTP/1.1" 200 10448
192.168.10.89 - - [22/May/2017:16:56:52 -0300] "GET /cormun/pexe_scrolldiv.js HTTP/1.1" 404 1009
192.168.10.89 - - [22/May/2017:16:56:54 -0300] "POST /cormun/servlet/acontrolpreferencessavestate?None,CDROGUETT,true HTTP/1.1" 200 35
192.168.10.89 - - [22/May/2017:16:56:55 -0300] "GET /cormun/PublicTempStorage/antecedentes1097811.pdf HTTP/1.1" 200 418587
186.103.159.183 - - [22/May/2017:16:56:57 -0300] "GET /cormun/servlet/solicitudot?8832ed864a9dd5550b868be56d2e23af6e5766934ec38371f39ff1160e6003b2543c7b03bbb2c56f92f34d5b0aa05179,gx-no-cache=1495483075410 HTTP/1.1" 200 30
186.103.159.183 - - [22/May/2017:16:56:57 -0300] "POST /cormun/servlet/solicitudot?gx-no-cache=1495483075536 HTTP/1.1" 200 297
186.103.159.183 - - [22/May/2017:16:56:58 -0300] "GET /cormun/servlet/solicitudot?8832ed864a9dd5550b868be56d2e23af7b89a8ef13eda94c6dfbb28c559332f3761750f44e2946d4d91441e128e8995bf9ab0f1d6b44da3a007f06ba55555a639a270ac03b620dfec2757f327234e2f7b9f14cc99227195976bbf498ae4a284416e1c8e12ac50062d14d8ff818b0d6897c332696181edd425914e981a1f769ed8ca77336441c549d1d6a9fc31137900d4cd6623e093ad63864ccaf86553b59fdc462b1b340d19264450469a541978c8129d1bcdf1ee39d5df66474eb1b65248b331cdf6a6c73d307bb4490dc7ab27eead8545d831962e05120ff6d856a6416ec2947556c1633507099b674bb7af385cb73fb83f1ca7fb48d116eef411fd8988d78b406da71bd5ff77f90660acaac41931c82fce6f57348a33bdcd0502c26e5e3b8a26c667722a7d993ec0f714268020548f761f00dd832ba8c78b9523721e4e05201007a6179e20cb3662265336d56207d08d7fafb39443b7486339513efb1175759eb3eb959693502f53f57344d95445ceb824d981f4e46615bfe3b563b176bb9484423bfdfa0aada88f844dd9ede93,gx-no-cache=1495483075623 HTTP/1.1" 200 30
186.103.159.183 - - [22/May/2017:16:57:01 -0300] "POST /cormun/servlet/solicitudot?gx-no-cache=1495483079766 HTTP/1.1" 200 30
190.151.99.26 - - [22/May/2017:16:57:03 -0300] "GET /cormun/servlet/hlogin HTTP/1.1" 200 1722
192.168.10.89 - - [22/May/2017:16:57:04 -0300] "GET /cormun/servlet/vevisualizador?2017,6347,,SolicitudOTAdjuntos HTTP/1.1" 200 10451
192.168.10.89 - - [22/May/2017:16:57:04 -0300] "GET /cormun/pexe_scrolldiv.js HTTP/1.1" 404 1009
190.151.99.26 - - [22/May/2017:16:57:05 -0300] "POST /cormun/servlet/hlogin?783ecceb263924424558bbe0715149c7,gx-no-cache=1495483082761 HTTP/1.1" 200 90
190.151.99.26 - - [22/May/2017:16:57:05 -0300] "GET /cormun/servlet/hpexe_link HTTP/1.1" 200 952
190.151.99.26 - - [22/May/2017:16:57:05 -0300] "GET /cormun/servlet/trsolicitudot HTTP/1.1" 200 6948
192.168.10.89 - - [22/May/2017:16:57:06 -0300] "POST /cormun/servlet/acontrolpreferencessavestate?None,CDROGUETT,true HTTP/1.1" 200 35
192.168.10.89 - - [22/May/2017:16:57:06 -0300] "GET /cormun/PublicTempStorage/curriculum2888796.pdf HTTP/1.1" 200 350426
190.151.99.26 - - [22/May/2017:16:57:06 -0300] "GET /cormun/servlet/trsolicitudot HTTP/1.1" 200 6946
186.103.196.84 - - [22/May/2017:16:57:11 -0300] "GET /cormun/servlet/trcontratosolicitud? HTTP/1.1" 200 13770
190.151.124.170 - - [22/May/2017:16:57:11 -0300] "GET /cormun/static/gxcfg.js?20171317451682 HTTP/1.1" 200 953
190.151.124.170 - - [22/May/2017:16:57:11 -0300] "GET /cormun/static/trcontratosolicitud.js?20171317452124 HTTP/1.1" 200 28173
186.103.196.84 - - [22/May/2017:16:57:12 -0300] "GET /cormun//static/Resources/PXToolsGridNew.png HTTP/1.1" 200 2949
190.151.99.26 - - [22/May/2017:16:57:12 -0300] "GET /cormun//static/Resources/PXToolsActionDisabled.gif HTTP/1.1" 200 53
190.151.124.170 - - [22/May/2017:16:57:12 -0300] "GET /cormun/servlet/trcontratosolicitud? HTTP/1.1" 200 13769
186.103.159.183 - - [22/May/2017:16:57:15 -0300] "POST /cormun/servlet/solicitudot?gx-no-cache=1495483093298 HTTP/1.1" 200 1296
186.103.159.183 - - [22/May/2017:16:57:15 -0300] "POST /cormun/servlet/solicitudot?gx-no-cache=1495483093598 HTTP/1.1" 200 38
192.168.10.89 - - [22/May/2017:16:57:16 -0300] "GET /cormun/servlet/vevisualizador?2017,6347,,SolicitudOTAdjuntos HTTP/1.1" 200 10447
192.168.10.89 - - [22/May/2017:16:57:17 -0300] "GET /cormun/pexe_scrolldiv.js HTTP/1.1" 404 1009
192.168.10.89 - - [22/May/2017:16:57:18 -0300] "POST /cormun/servlet/acontrolpreferencessavestate?None,CDROGUETT,true HTTP/1.1" 200 35
200.111.191.210 - - [22/May/2017:16:57:24 -0300] "POST /cormun/servlet/solicitudot?gx-no-cache=1495483100560 HTTP/1.1" 200 3204
200.111.191.210 - - [22/May/2017:16:57:24 -0300] "POST /cormun/servlet/solicitudot?4f29cae220848f669151339bde0e88ee,INS,0,0,,gx-no-cache=1495483100729 HTTP/1.1" 200 9811
200.111.191.210 - - [22/May/2017:16:57:25 -0300] "GET /cormun/servlet/solicitudot?ab4b46db704798e21828d8f0b31bc825ea15fd237b0b7d75f70ab922d5b1884152d2fc640d7cd6015b97bca15ce04a70,gx-no-cache=1495483101142 HTTP/1.1" 200 30
200.111.191.210 - - [22/May/2017:16:57:28 -0300] "POST /cormun/servlet/solicitudot?gx-no-cache=1495483104382 HTTP/1.1" 200 297
200.111.191.210 - - [22/May/2017:16:57:28 -0300] "GET /cormun/servlet/solicitudot?ab4b46db704798e21828d8f0b31bc8251e403f48b8de60a18c57d24776aeb6af4fd1ed00211510e015009772fec10ef18e57721c1babf7d3d166e3df99a00a4aef9b4f3af27e580918255b27868f244a3343033321aa43cd9ad7344bfee39028809abfc8aa630e4ee6577ad3ccfeab9dce8432135edbacf98c620d0e66f8a564ccdf853eee1883fb4e3b853495670682d1afa901a89c8e06648ae39990e6dc42c4ba18afd87817a154108aa546398837919871bd9bb07dd84b4a00cf9260d956fc50f193764a73c69be0f9397e398f7f88b4f98062753b3b8028904329fac5d26362ea37662a296fb30be7984c5077b48acd6ac9d0f5154ea5472ae7b2b025c315416d70b49f827890a26f2da28d22930b9dac34e43dfa6881cc37bdd61db51d7c33e29290eb810b55b1bec28d5a0f040ab386f81910b4e60791195d8c6684058709ad9202df8a1e8bc6adad7e48fe9440afa710cb6c2eec52ead0716cd2a91faa5b2e26f97bf2f08ea45f900a914cf04265a92a2c2edd6b1346f49cf1910dcf61d4518671eae272ae9448ba92bec65f,gx-no-cache=1495483104485 HTTP/1.1" 200 30
200.111.191.210 - - [22/May/2017:16:57:32 -0300] "POST /cormun/servlet/solicitudot?gx-no-cache=1495483108940 HTTP/1.1" 200 30
157.55.39.246 - - [22/May/2017:16:57:48 -0300] "GET /cormun/static/PXToolsJavascripts/PXToolsJavascriptsRender.js HTTP/1.1" 200 367
40.77.167.133 - - [22/May/2017:16:57:50 -0300] "GET /cormun/servlet/hhome?_escaped_fragment_= HTTP/1.1" 200 3227
40.77.167.133 - - [22/May/2017:16:57:51 -0300] "GET /cormun/static/hhome.js?20173171148352 HTTP/1.1" 200 777
201.246.237.194 - - [22/May/2017:16:57:55 -0300] "GET /cormun/servlet/trsolicitudot? HTTP/1.1" 200 6941
186.103.159.183 - - [22/May/2017:16:57:58 -0300] "GET /cormun/servlet/solicitudot?8832ed864a9dd5550b868be56d2e23afcab6bc4065fb2deece802d95960faed842da93c8a4816a8c670b4858eb0346e543dbd1988e62c8364d42a1e31b2f6ba47c76df0f051859199e94c57b6175c44dc85dc951844764b6ee886404f5e289e117ba2dd5f65adcdce9eb103d3570bf5e,gx-no-cache=1495483136175 HTTP/1.1" 200 29
186.103.159.183 - - [22/May/2017:16:57:58 -0300] "POST /cormun/servlet/solicitudot?gx-no-cache=1495483136364 HTTP/1.1" 200 1280
186.103.159.183 - - [22/May/2017:16:57:58 -0300] "POST /cormun/servlet/solicitudot?gx-no-cache=1495483136652 HTTP/1.1" 200 1162
186.103.159.183 - - [22/May/2017:16:57:58 -0300] "GET /cormun/static/menuarrow.gif HTTP/1.1" 404 1015
186.103.159.183 - - [22/May/2017:16:58:00 -0300] "POST /cormun/servlet/solicitudot?gx-no-cache=1495483138060 HTTP/1.1" 200 1280
186.103.159.183 - - [22/May/2017:16:58:00 -0300] "POST /cormun/servlet/solicitudot?gx-no-cache=1495483138178 HTTP/1.1" 200 1162
200.111.191.210 - - [22/May/2017:16:58:00 -0300] "GET /cormun/servlet/hlogin HTTP/1.1" 200 1721
186.103.159.183 - - [22/May/2017:16:58:14 -0300] "GET /cormun/servlet/solicitudot?8832ed864a9dd5550b868be56d2e23afc0e81f3a31cc04630fd396def638d7231b82a225a75a10f727eb3bf55e2d9fe063fa98f0b313609887aa04458218d312509eb62773e2e14b882dde548c4dae1ea12a300fab7eb19d90be26e445c96355e3aa3229e4f12686795406515418790cd76b438422435c43a479e93b8553dc30e70a43958aefa771a5778e5ba6d01a63368d659c07aa7bcc2036f390971837512982c63db4cc2067091150dc6adb2f7b,gx-no-cache=1495483152304 HTTP/1.1" 200 30
201.246.237.194 - - [22/May/2017:16:58:16 -0300] "GET /cormun/servlet/trautorizarsolicitud? HTTP/1.1" 200 8944
201.246.237.194 - - [22/May/2017:16:58:18 -0300] "GET /cormun/servlet/trautorizarsolicitud? HTTP/1.1" 200 8943
201.246.237.194 - - [22/May/2017:16:58:25 -0300] "GET /cormun/servlet/hlogin HTTP/1.1" 200 1745
201.246.237.194 - - [22/May/2017:16:58:41 -0300] "POST /cormun/servlet/hlogin?e37e6f9e5d9a47be0d36806056f2e63c,gx-no-cache=1495483182636 HTTP/1.1" 200 90
201.246.237.194 - - [22/May/2017:16:58:41 -0300] "GET /cormun/servlet/hpexe_link HTTP/1.1" 200 965
201.246.237.194 - - [22/May/2017:16:58:41 -0300] "GET /cormun/servlet/trautorizarsolicitud HTTP/1.1" 200 8944
201.246.237.194 - - [22/May/2017:16:58:43 -0300] "GET /cormun/servlet/trautorizarsolicitud HTTP/1.1" 200 8943
186.103.159.183 - - [22/May/2017:16:58:43 -0300] "POST /cormun/servlet/solicitudot?080e5c9b3d09e9433b559f150c274b52,INS,0,0,,gx-no-cache=1495483181322 HTTP/1.1" 200 93
186.103.159.183 - - [22/May/2017:16:58:43 -0300] "GET /cormun/servlet/hpexe_return? HTTP/1.1" 200 1030
186.103.159.183 - - [22/May/2017:16:58:44 -0300] "GET /cormun/servlet/trsolicitudot?gx-no-cache=1495482699441 HTTP/1.1" 200 8245
186.103.159.183 - - [22/May/2017:16:58:46 -0300] "GET /cormun/servlet/trsolicitudot?gx-no-cache=1495482699441 HTTP/1.1" 200 8262
186.103.159.183 - - [22/May/2017:16:58:55 -0300] "POST /cormun/servlet/trsolicitudot?080e5c9b3d09e9433b559f150c274b52,gx-no-cache=1495482699441,gx-no-cache=1495483193601 HTTP/1.1" 200 4355
186.103.159.183 - - [22/May/2017:16:58:56 -0300] "GET /cormun/static/Shared/jqueryui/images/ui-bg_highlight-soft_100_c6c2c8_1x100.png HTTP/1.1" 404 1117
186.103.159.183 - - [22/May/2017:16:58:56 -0300] "GET /cormun/static/Shared/jqueryui/images/ui-icons_82798d_256x240.png HTTP/1.1" 404 1089
186.103.159.183 - - [22/May/2017:16:58:56 -0300] "GET /cormun/static/Shared/jqueryui/images/ui-bg_flat_55_fafafa_40x100.png HTTP/1.1" 404 1097
186.103.159.183 - - [22/May/2017:16:58:56 -0300] "GET /cormun/static/Shared/jqueryui/images/ui-icons_8d78a5_256x240.png HTTP/1.1" 404 1089
186.103.159.183 - - [22/May/2017:16:58:56 -0300] "POST /cormun/servlet/trsolicitudot?080e5c9b3d09e9433b559f150c274b52,gx-no-cache=1495482699441,gx-no-cache=1495483193972 HTTP/1.1" 200 4124
201.246.237.194 - - [22/May/2017:16:58:56 -0300] "POST /cormun/servlet/trautorizarsolicitud?e37e6f9e5d9a47be0d36806056f2e63c,gx-no-cache=1495483197862 HTTP/1.1" 200 4119
186.103.159.183 - - [22/May/2017:16:58:59 -0300] "GET /cormun/servlet/solicitudot?INS,0,0, HTTP/1.1" 200 12832
200.111.191.210 - - [22/May/2017:16:58:59 -0300] "POST /cormun/servlet/hlogin?4e639e09f8568e26f0c3335d123f50b6,gx-no-cache=1495483195685 HTTP/1.1" 200 90
200.111.191.210 - - [22/May/2017:16:58:59 -0300] "GET /cormun/servlet/hpexe_link HTTP/1.1" 200 952
200.111.191.210 - - [22/May/2017:16:58:59 -0300] "GET /cormun/servlet/hhome HTTP/1.1" 200 3778
200.111.191.210 - - [22/May/2017:16:59:00 -0300] "GET /cormun/servlet/hhome HTTP/1.1" 200 3774
186.103.159.183 - - [22/May/2017:16:59:01 -0300] "GET /cormun/servlet/solicitudot?INS,0,0, HTTP/1.1" 200 12816
201.246.237.194 - - [22/May/2017:16:59:01 -0300] "GET /cormun/servlet/trsolicitudot? HTTP/1.1" 200 6939
201.246.237.194 - - [22/May/2017:16:59:03 -0300] "GET /cormun/servlet/trsolicitudot? HTTP/1.1" 200 6941
200.111.191.210 - - [22/May/2017:16:59:03 -0300] "GET /cormun/servlet/trsolicitudot? HTTP/1.1" 200 8026
200.111.191.210 - - [22/May/2017:16:59:03 -0300] "GET /cormun/servlet/trsolicitudot? HTTP/1.1" 200 8024
186.103.196.84 - - [22/May/2017:16:59:04 -0300] "GET /cormun/servlet/solicitudotcontratos?INS,2017,0,16255269,4,6,2017,3645,INTEGRACION,201704,2,*, HTTP/1.1" 200 9591
186.103.196.84 - - [22/May/2017:16:59:04 -0300] "GET /cormun/static/gxcfg.js?20173171147937 HTTP/1.1" 200 953
186.67.84.234 - - [22/May/2017:16:59:04 -0300] "GET /cormun/static/solicitudotcontratos.js?201731711471071 HTTP/1.1" 200 42790
186.67.84.234 - - [22/May/2017:16:59:04 -0300] "GET /cormun/servlet/solicitudotcontratos?INS,2017,0,16255269,4,6,2017,3645,INTEGRACION,201704,2,*, HTTP/1.1" 200 9622
186.103.196.84 - - [22/May/2017:16:59:05 -0300] "GET /cormun/servlet/solicitudotcontratos?6d9a477b48bca230e7921fabe869c8d14e6d55e265cafa2cb0d9e8484eb5b9b50704faa6c7bb0c73fac5186ee914d6a3,gx-no-cache=1495483202670 HTTP/1.1" 200 30
186.103.196.84 - - [22/May/2017:16:59:05 -0300] "GET /cormun/servlet/solicitudotcontratos?6d9a477b48bca230e7921fabe869c8d148637b8644dfbcccbe85cf89a81ed0b95b68a71756ab2ad1201e031f75ec39fdd0fae640d82a9d27cebcf4fe851acb8a873e312533053da64237db38b444efd32ad392b9e4fcd111fae7baad312badbf604d796a5bc5d10f621f082b4c2ffa00d94263cb8c6b9a9bb618d64a84d4c5ca,gx-no-cache=1495483202715 HTTP/1.1" 200 50
186.103.196.84 - - [22/May/2017:16:59:05 -0300] "GET /cormun/servlet/solicitudotcontratos?6d9a477b48bca230e7921fabe869c8d17113c799b40c295bd054b32ed6fc2186950a49afdefd8897687835d7ee45292b,gx-no-cache=1495483202805 HTTP/1.1" 200 30
186.103.196.84 - - [22/May/2017:16:59:05 -0300] "GET /cormun/servlet/solicitudotcontratos?6d9a477b48bca230e7921fabe869c8d134686e9059b0750d80b296069ea7a22bc0d551de9307c89d94a0e82c695ef1e60ac474bc7f959c385a9a5d4b425e6c776abeda93bbbe336875bcb511ba33716d1f841fa307da96d9821f742edef0ed76cfda15d91a37c35ed8f988b7859d837f,gx-no-cache=1495483202898 HTTP/1.1" 200 30
186.103.196.84 - - [22/May/2017:16:59:05 -0300] "GET /cormun/servlet/solicitudotcontratos?6d9a477b48bca230e7921fabe869c8d1237fb6850097909082a817c07d4f6e6b25f7cec590b50bbce45b54d19feae4fa49c1bee3acb7535ec6fd58e577fe8896d9bfa0ce264f64679240509bf94c894ee48ac8e13227dae74fdf28a6d9141942f14c73e0bed7203a05854f39d1dd8c971c8d9f749e743a6c3b424817c700a6f9dcbc68b47bba01ff6536abdf1150bbc3301315c501275dbca1ad79e8c4bd1b82007089dfcde0e4922fbed0a7af340101d26de8117c8192b98a30f3a872d462968e94f3973a5ec6eee60a189fca732626fff66b18d1c77e82862d75fc81ee21a40c7a9b955c94304be275af8ba4fc943d9c894e59fc7088de036cece5c7d363fec4cbb3e59da86d162eb59f86b887f31a75739c734229d79b2add1a66382c3e46fe13d5e4375dd211355156ae0ccf5691d2b1a1f69e50f8ade48c528fc610df1ebf5b9d3336ceb032e1fbedd525a4cf4915f9ae130526c4095bac89977d56cd28b146c99d9cc2bb566c16994a7e39ba4db99e6ff978d4b4172fa1bd9edc6ae1ee4f000b3986c1a7a2645760a8bb44b7ffa9e14636c1fca4289692a4fa25585ba9ca95ae992887bd3df5f25b822f895c8a66f5af6af6c812cc6890679ec75a32e7c6bae263173cef25897b9ee2c3ab3521cca3fe47c7b22cd1253cc5d836fca4e26df1012bcbc300bcfe51313c76258af46a15463ad72f7a2a7fcc6b1b654db7c094c4477784c52b8764ef02a881ad2c2295f7befaf1958e9ac97bf7a69f573b60569cdfb52499ffb7ff450dff5905cbcbb04161daba4cde0d356e062a0534417a,gx-no-cache=1495483202998 HTTP/1.1" 200 83
201.246.237.194 - - [22/May/2017:16:59:06 -0300] "GET /cormun/servlet/solicitudot?INS,0,0, HTTP/1.1" 200 12788
201.246.237.194 - - [22/May/2017:16:59:08 -0300] "GET /cormun/servlet/solicitudot?INS,0,0, HTTP/1.1" 200 12793
186.103.159.183 - - [22/May/2017:16:59:14 -0300] "POST /cormun/servlet/solicitudot?gx-no-cache=1495483212185 HTTP/1.1" 200 3205
186.103.159.183 - - [22/May/2017:16:59:14 -0300] "POST /cormun/servlet/solicitudot?080e5c9b3d09e9433b559f150c274b52,INS,0,0,,gx-no-cache=1495483212474 HTTP/1.1" 200 10026
201.246.237.194 - - [22/May/2017:16:59:37 -0300] "GET /cormun/servlet/prfichaempleado?,MD,,gxPopupLevel%3D0%3B HTTP/1.1" 200 8795
200.111.191.210 - - [22/May/2017:16:59:38 -0300] "GET /cormun/servlet/solicitudot?INS,0,0, HTTP/1.1" 200 12587
200.111.191.210 - - [22/May/2017:16:59:39 -0300] "GET /cormun/servlet/solicitudot?INS,0,0, HTTP/1.1" 200 12592
200.111.191.210 - - [22/May/2017:16:59:43 -0300] "GET /cormun/servlet/prfichaempleado?,MD,,gxPopupLevel%3D0%3B HTTP/1.1" 200 8795
200.111.191.210 - - [22/May/2017:16:59:49 -0300] "POST /cormun/servlet/prfichaempleado?4e639e09f8568e26f0c3335d123f50b6,,MD,,gxPopupLevel%3D0%3B,gx-no-cache=1495483245345 HTTP/1.1" 200 3558
157.55.39.246 - - [22/May/2017:16:59:51 -0300] "GET /cormun/servlet/trcontratouno HTTP/1.1" 200 5971
201.246.237.194 - - [22/May/2017:16:59:51 -0300] "POST /cormun/servlet/prfichaempleado?e37e6f9e5d9a47be0d36806056f2e63c,,MD,,gxPopupLevel%3D0%3B,gx-no-cache=1495483252818 HTTP/1.1" 200 3451
186.103.159.183 - - [22/May/2017:17:00:01 -0300] "GET /cormun/servlet/solicitudot?8832ed864a9dd5550b868be56d2e23af9835e088bc3a3754b321ba43a977628a543c7b03bbb2c56f92f34d5b0aa05179,gx-no-cache=1495483259013 HTTP/1.1" 200 30
186.103.159.183 - - [22/May/2017:17:00:01 -0300] "POST /cormun/servlet/solicitudot?gx-no-cache=1495483259206 HTTP/1.1" 200 297
186.103.159.183 - - [22/May/2017:17:00:01 -0300] "GET /cormun/servlet/solicitudot?8832ed864a9dd5550b868be56d2e23af7b89a8ef13eda94c6dfbb28c559332f3761750f44e2946d4d91441e128e8995bf9ab0f1d6b44da3a007f06ba55555a639a270ac03b620dfec2757f327234e2f7b9f14cc99227195976bbf498ae4a284416e1c8e12ac50062d14d8ff818b0d6897c332696181edd425914e981a1f769ed8ca77336441c549d1d6a9fc31137900d4cd6623e093ad63864ccaf86553b59fdc462b1b340d19264450469a541978c8129d1bcdf1ee39d5df66474eb1b65248b331cdf6a6c73d307bb4490dc7ab27eead8545d831962e05120ff6d856a6416ec2947556c1633507099b674bb7af385cb73fb83f1ca7fb48d116eef411fd8988d78b406da71bd5ff77f90660acaac41931c82fce6f57348a33bdcd0502c26e5e3b8a26c667722a7d993ec0f714268020548f761f00dd832ba8c78b9523721e4e05201007a6179e20cb3662265336d56207d08d7fafb39443b7486339513efb1175759eb3eb959693502f53f57344d95445ceb824d981f4e46615bfe3b563b176bb9484423bfdfa0aada88f844dd9ede93,gx-no-cache=1495483259351 HTTP/1.1" 200 30
186.103.159.183 - - [22/May/2017:17:00:01 -0300] "POST /cormun/servlet/solicitudot?gx-no-cache=1495483259734 HTTP/1.1" 200 30
186.103.159.183 - - [22/May/2017:17:00:02 -0300] "POST /cormun/servlet/solicitudot?gx-no-cache=1495483259953 HTTP/1.1" 200 1297
186.103.159.183 - - [22/May/2017:17:00:02 -0300] "POST /cormun/servlet/solicitudot?gx-no-cache=1495483260217 HTTP/1.1" 200 38
200.111.191.210 - - [22/May/2017:17:00:08 -0300] "POST /cormun/servlet/solicitudot?gx-no-cache=1495483264263 HTTP/1.1" 200 3204
200.111.191.210 - - [22/May/2017:17:00:08 -0300] "POST /cormun/servlet/solicitudot?4e639e09f8568e26f0c3335d123f50b6,INS,0,0,,gx-no-cache=1495483264385 HTTP/1.1" 200 9808
201.246.237.194 - - [22/May/2017:17:00:10 -0300] "POST /cormun/servlet/solicitudot?gx-no-cache=1495483272203 HTTP/1.1" 200 3192
201.246.237.194 - - [22/May/2017:17:00:11 -0300] "POST /cormun/servlet/solicitudot?e37e6f9e5d9a47be0d36806056f2e63c,INS,0,0,,gx-no-cache=1495483273091 HTTP/1.1" 200 9981
201.246.237.194 - - [22/May/2017:17:00:12 -0300] "GET /cormun/servlet/solicitudot?60c66d3d2bdbcc6397b28ed3eb2a5f95492497770c62044d32612477c5df0c824c309c8398c5c59fc2436ead38684e47,gx-no-cache=1495483274311 HTTP/1.1" 200 30
186.103.159.183 - - [22/May/2017:17:00:17 -0300] "GET /cormun/servlet/solicitudot?8832ed864a9dd5550b868be56d2e23afcab6bc4065fb2deece802d95960faed842da93c8a4816a8c670b4858eb0346e543dbd1988e62c8364d42a1e31b2f6ba47c76df0f051859199e94c57b6175c44dc85dc951844764b6ee886404f5e289e117ba2dd5f65adcdce9eb103d3570bf5e,gx-no-cache=1495483275573 HTTP/1.1" 200 29
186.103.159.183 - - [22/May/2017:17:00:17 -0300] "POST /cormun/servlet/solicitudot?gx-no-cache=1495483275644 HTTP/1.1" 200 1280
186.103.159.183 - - [22/May/2017:17:00:18 -0300] "POST /cormun/servlet/solicitudot?gx-no-cache=1495483275911 HTTP/1.1" 200 1162
186.103.159.183 - - [22/May/2017:17:00:18 -0300] "GET /cormun/static/menuarrow.gif HTTP/1.1" 404 1015
186.103.159.183 - - [22/May/2017:17:00:23 -0300] "POST /cormun/servlet/solicitudot?gx-no-cache=1495483280860 HTTP/1.1" 200 1280
186.103.159.183 - - [22/May/2017:17:00:23 -0300] "POST /cormun/servlet/solicitudot?gx-no-cache=1495483281007 HTTP/1.1" 200 1162
201.246.237.194 - - [22/May/2017:17:00:23 -0300] "POST /cormun/servlet/solicitudot?gx-no-cache=1495483285225 HTTP/1.1" 200 255
201.246.237.194 - - [22/May/2017:17:00:24 -0300] "GET /cormun/servlet/solicitudot?60c66d3d2bdbcc6397b28ed3eb2a5f95d6e9317ae7c5bf92a917af54146045c849adb8b03c18a24b0682c3b3b0d13f4115621c100f33e3e1a90727e5d7cf7ca0b547f8e67586f3d9cf3e4f75e77610c497a72275a88549f19767002fbd32171125a6f86179395ce700572bd9382a1057f940f5576b55124968706eeddadb58d9eb6f298295a3e5995fde0e2cf7e040a337f4e9fdf2c15c1f6f48571448db3aa49c6be41f2710c323c963a66b0f787756844d08ca13954570a4dc7a13d3ccdeec9b8b24a8913d12acc70ee2bc6124098a5788228baffcf249189763d9c62f58783df57253a77bb5ebed92809b528e10bde1a16e0052d6b379a05f6b0e33e42fe0286a0f1633510e32ce4d849eda135ed889f13c8f39cc5511b47379ba3425f61e5fe2eb0539b1fd0958768bd3c055cf87be4578cae02b3eda1ea2fb335531888f5b8289afd63ad7e2bd002065262bb4eca2c1b6b82a8fff567587261437655bcfdc11b66ab9c3d483c40e50d3670f9795cb1704d03ce268441f66fabcb2e37456,gx-no-cache=1495483285756 HTTP/1.1" 200 30
201.246.237.194 - - [22/May/2017:17:00:27 -0300] "POST /cormun/servlet/solicitudot?gx-no-cache=1495483289055 HTTP/1.1" 200 30
186.103.159.183 - - [22/May/2017:17:00:34 -0300] "GET /cormun/servlet/solicitudot?8832ed864a9dd5550b868be56d2e23afeb2f4f7b423880e78454f5f9bd60ecb0961b1ccba217f3d7713bb6802c13179b82ce2a8dc5bf79cbd9bd09d2113944e03e897599acb3e797d8a306791906e4b6893c61f3c7d4dad5fa0db3262b4d4a4f8a4499b661c51c67cdf28b2261e923b205e1c5093e4739530c1db0ec64f0dd190fd0a16096d5e142fb38ef2809ab1d38a80f2592a359eb0c3bc55d0545095938a255c346ea1c7d3412f4b7c918907453,gx-no-cache=1495483292133 HTTP/1.1" 200 30
207.46.13.34 - - [22/May/2017:17:00:35 -0300] "GET /cormun/static/Resources/PXToolsRemoveSelectedAction.png HTTP/1.1" 200 3617
207.46.13.34 - - [22/May/2017:17:00:36 -0300] "GET /cormun/static/trcontratouno.js?2016102416184824 HTTP/1.1" 200 39934
207.46.13.68 - - [22/May/2017:17:00:40 -0300] "GET /cormun/static/Resources/PXToolsRemoveAllAction.png HTTP/1.1" 200 3558
40.77.167.133 - - [22/May/2017:17:00:44 -0300] "GET /cormun/static/Resources/PXToolsFooterBackground2.png HTTP/1.1" 200 1172
40.77.167.133 - - [22/May/2017:17:00:45 -0300] "GET /cormun/static/Resources/PXToolsAddAllAction.png HTTP/1.1" 200 3624
201.246.237.194 - - [22/May/2017:17:00:52 -0300] "POST /cormun/servlet/solicitudot?gx-no-cache=1495483313767 HTTP/1.1" 200 1297
201.246.237.194 - - [22/May/2017:17:00:52 -0300] "POST /cormun/servlet/solicitudot?gx-no-cache=1495483314518 HTTP/1.1" 200 38
186.103.159.183 - - [22/May/2017:17:00:58 -0300] "POST /cormun/servlet/solicitudot?gx-no-cache=1495483316666 HTTP/1.1" 200 30
200.111.191.210 - - [22/May/2017:17:01:02 -0300] "GET /cormun/servlet/solicitudot?04626e01ae067e637bd3b5f559024257f3aa6c2c1297efe8e921e36f73a2ccdd48e969f2e2c68c6962090c1a2eb5b722,gx-no-cache=1495483318981 HTTP/1.1" 200 30
200.111.191.210 - - [22/May/2017:17:01:02 -0300] "POST /cormun/servlet/solicitudot?gx-no-cache=1495483319040 HTTP/1.1" 200 297
200.111.191.210 - - [22/May/2017:17:01:03 -0300] "GET /cormun/servlet/solicitudot?04626e01ae067e637bd3b5f5590242575f8e2895ce80bc1214d3965d4fa64344c168d9f0691061d300d675af26f6c54881eb2d3e5de482b34498dfe97fbaa4b386f58420edb1d919fbcf6573377c4430a7692cc61d7fa4df60655ecb2605b8e682d3acafee28e1152610f79bfae9f17f32ce529b91bef3bf70eafc7eee0549273b70ac7671e788f80d877ac3460993d9d9da5791d83ad16401856d43fa21e8d780eb8fb18af4d011840d5d632612354f3e294d0f8584afeab30d30a0191257e6ad5e4db05ef08240968cd0e3c2db652b30307259a5166ab6cdad7db9630ba98de16d88948372f5d1680a659d117dd58bdde6ee4f0f704ee9daff5a1b2ed0d2766313afa5acd1fdcf98f4d330d3e6d567443c2926f963a9e982c8851e6ddfbdfb5539a11a81f33058b0f037a845523522fdf2bdedd4424b151cd307e6011efa159c3da0042a3bc868c362fbee89d8846eef2d8eca51cc90bd1ffbb2f0d522e2b7ace4e3dc7d608bd5894daaf2f6bb57cc0699b65f13a05f18b69cc6099588ec04e3b50be8edc86565b56e0fdb9b2476e0,gx-no-cache=1495483319083 HTTP/1.1" 200 30
200.111.191.210 - - [22/May/2017:17:01:05 -0300] "POST /cormun/servlet/solicitudot?gx-no-cache=1495483321350 HTTP/1.1" 200 30
200.111.191.210 - - [22/May/2017:17:01:07 -0300] "GET /cormun/servlet/prcontratosol?17235429,,,,,MD,,gxPopupLevel%3D0%3B HTTP/1.1" 200 5934
200.111.191.210 - - [22/May/2017:17:01:09 -0300] "POST /cormun/servlet/solicitudot?gx-no-cache=1495483325207 HTTP/1.1" 200 1296
200.111.191.210 - - [22/May/2017:17:01:09 -0300] "POST /cormun/servlet/solicitudot?gx-no-cache=1495483325274 HTTP/1.1" 200 38
200.111.191.210 - - [22/May/2017:17:01:09 -0300] "GET /cormun/servlet/solicitudot?04626e01ae067e637bd3b5f559024257e650d05604b194aaef0dbc4337146bfd0a2ef55fd130089c18839584424ecce09b0d01be2fb209e5366f1e417351d09906a4712f9da6cc1a632c14f653b51366f36ca1885afd3cbd7b9366cc3663e045242061990cc818d27840d77ea6ca9cab,gx-no-cache=1495483325316 HTTP/1.1" 200 29
200.111.191.210 - - [22/May/2017:17:01:09 -0300] "POST /cormun/servlet/solicitudot?gx-no-cache=1495483325356 HTTP/1.1" 200 1280
200.111.191.210 - - [22/May/2017:17:01:09 -0300] "POST /cormun/servlet/solicitudot?gx-no-cache=1495483325411 HTTP/1.1" 200 1161
186.103.159.183 - - [22/May/2017:17:01:11 -0300] "POST /cormun/servlet/solicitudot?gx-no-cache=1495483329021 HTTP/1.1" 200 1297
186.103.159.183 - - [22/May/2017:17:01:11 -0300] "POST /cormun/servlet/solicitudot?gx-no-cache=1495483329276 HTTP/1.1" 200 41
186.103.159.183 - - [22/May/2017:17:01:11 -0300] "POST /cormun/servlet/solicitudot?gx-no-cache=1495483329415 HTTP/1.1" 200 1280
186.103.159.183 - - [22/May/2017:17:01:11 -0300] "POST /cormun/servlet/solicitudot?gx-no-cache=1495483329576 HTTP/1.1" 200 1162
186.103.159.183 - - [22/May/2017:17:01:11 -0300] "GET /cormun/servlet/solicitudot?8832ed864a9dd5550b868be56d2e23afeb2f4f7b423880e78454f5f9bd60ecb0ee1d45f38d16706334f9293cbe8739f263fa98f0b313609887aa04458218d312509eb62773e2e14b882dde548c4dae1ea12a300fab7eb19d90be26e445c96355e3aa3229e4f12686795406515418790cd76b438422435c43a479e93b8553dc30e70a43958aefa771a5778e5ba6d01a63368d659c07aa7bcc2036f390971837512982c63db4cc2067091150dc6adb2f7b,gx-no-cache=1495483329677 HTTP/1.1" 200 30
200.111.191.210 - - [22/May/2017:17:01:21 -0300] "POST /cormun/servlet/solicitudot?gx-no-cache=1495483337752 HTTP/1.1" 200 1279
200.111.191.210 - - [22/May/2017:17:01:21 -0300] "POST /cormun/servlet/solicitudot?gx-no-cache=1495483337797 HTTP/1.1" 200 1161
201.246.237.194 - - [22/May/2017:17:01:21 -0300] "GET /cormun/servlet/solicitudot?60c66d3d2bdbcc6397b28ed3eb2a5f95d91fc3ad439bd35e1d9347e82b0860159c11daafafdc2e3682421eb771d429f07250559b09c03730e71c30d34b266ae29f59922b1547e5c0dbb2aca448f9f1210d79911890232ee593fcd090de31e25f9d560b4e31c4778cee159d41bbd865059e4f23febe197d0944cc464d305e7667556ea54af088e53619518abb468c37b5dd75a4fddf770b9261e18f550ff0fb44,gx-no-cache=1495483343379 HTTP/1.1" 200 29
201.246.237.194 - - [22/May/2017:17:01:22 -0300] "POST /cormun/servlet/solicitudot?gx-no-cache=1495483343529 HTTP/1.1" 200 1280
201.246.237.194 - - [22/May/2017:17:01:22 -0300] "POST /cormun/servlet/solicitudot?gx-no-cache=1495483343722 HTTP/1.1" 200 1162
201.246.237.194 - - [22/May/2017:17:01:22 -0300] "GET /cormun/static/menuarrow.gif HTTP/1.1" 404 1015
186.103.159.183 - - [22/May/2017:17:01:22 -0300] "POST /cormun/servlet/solicitudot?080e5c9b3d09e9433b559f150c274b52,INS,0,0,,gx-no-cache=1495483340136 HTTP/1.1" 200 93
186.103.159.183 - - [22/May/2017:17:01:22 -0300] "GET /cormun/servlet/hpexe_return? HTTP/1.1" 200 1030
200.111.191.210 - - [22/May/2017:17:01:22 -0300] "GET /cormun/static/menuarrow.gif HTTP/1.1" 404 1015
186.103.159.183 - - [22/May/2017:17:01:22 -0300] "GET /cormun/servlet/trsolicitudot?gx-no-cache=1495482699441 HTTP/1.1" 200 8222
201.246.237.194 - - [22/May/2017:17:01:23 -0300] "POST /cormun/servlet/solicitudot?gx-no-cache=1495483345327 HTTP/1.1" 200 1280
201.246.237.194 - - [22/May/2017:17:01:24 -0300] "POST /cormun/servlet/solicitudot?gx-no-cache=1495483345630 HTTP/1.1" 200 1162
186.103.159.183 - - [22/May/2017:17:01:24 -0300] "GET /cormun/servlet/trsolicitudot?gx-no-cache=1495482699441 HTTP/1.1" 200 8239
200.111.191.210 - - [22/May/2017:17:01:28 -0300] "GET /cormun/servlet/solicitudot?04626e01ae067e637bd3b5f559024257e72d79d458d97f60294fb7db3ad755de5f70331a61c400f75a852ea36aac79d85dbec16c02882e5f86f9bcc0428a524ecaba132f304be119bdd5012c865cd4baa4f2a0b335c568f2967668c93badd91c1dd7b1ce909e952102f1ff5bca1f8b017c54a6d911fcdac0d3590677c56bcc1b0fd9d170b83a01e7f436d59644462b855c1b3737b88c2435ae0592cbfc42d7a674e87b21d637c40b570d7d39067d22c4,gx-no-cache=1495483344924 HTTP/1.1" 200 30
200.111.191.210 - - [22/May/2017:17:01:40 -0300] "POST /cormun/servlet/solicitudot?4e639e09f8568e26f0c3335d123f50b6,INS,0,0,,gx-no-cache=1495483356079 HTTP/1.1" 200 11153
200.111.191.210 - - [22/May/2017:17:01:40 -0300] "GET /cormun/static/Shared/jqueryui/images/ui-bg_highlight-soft_100_c6c2c8_1x100.png HTTP/1.1" 404 1117
200.111.191.210 - - [22/May/2017:17:01:40 -0300] "GET /cormun/static/Shared/jqueryui/images/ui-icons_82798d_256x240.png HTTP/1.1" 404 1089
200.111.191.210 - - [22/May/2017:17:01:40 -0300] "GET /cormun/static/Shared/jqueryui/images/ui-bg_flat_55_994d53_40x100.png HTTP/1.1" 404 1097
200.111.191.210 - - [22/May/2017:17:01:40 -0300] "GET /cormun/static/Shared/jqueryui/images/ui-icons_ebccce_256x240.png HTTP/1.1" 404 1089
186.103.159.183 - - [22/May/2017:17:01:42 -0300] "POST /cormun/servlet/trsolicitudot?080e5c9b3d09e9433b559f150c274b52,gx-no-cache=1495482699441,gx-no-cache=1495483359848 HTTP/1.1" 200 4337
186.103.159.183 - - [22/May/2017:17:01:42 -0300] "GET /cormun/static/Shared/jqueryui/images/ui-bg_highlight-soft_100_c6c2c8_1x100.png HTTP/1.1" 404 1117
186.103.159.183 - - [22/May/2017:17:01:42 -0300] "GET /cormun/static/Shared/jqueryui/images/ui-icons_82798d_256x240.png HTTP/1.1" 404 1089
186.103.159.183 - - [22/May/2017:17:01:42 -0300] "GET /cormun/static/Shared/jqueryui/images/ui-bg_flat_55_fafafa_40x100.png HTTP/1.1" 404 1097
186.103.159.183 - - [22/May/2017:17:01:42 -0300] "GET /cormun/static/Shared/jqueryui/images/ui-icons_8d78a5_256x240.png HTTP/1.1" 404 1089
