192.168.10.96 - - [19/May/2017:11:28:28 -0300] "GET /cormun/servlet/trsolicitudnombre?16378826, HTTP/1.1" 200 7692
186.79.87.216 - - [19/May/2017:11:28:31 -0300] "POST /cormun/servlet/vesolicitudot?df60af78ee72b70820712cf61651e46c,2017,6503,,,gx-no-cache=1495204170522 HTTP/1.1" 200 90
186.79.87.216 - - [19/May/2017:11:28:31 -0300] "GET /cormun/servlet/hpexe_link HTTP/1.1" 200 988
186.79.87.216 - - [19/May/2017:11:28:31 -0300] "GET /cormun/servlet/trsolicitudot?gx-no-cache=1495204011340 HTTP/1.1" 200 8734
186.79.87.216 - - [19/May/2017:11:28:33 -0300] "GET /cormun/servlet/trsolicitudot?gx-no-cache=1495204011340 HTTP/1.1" 200 8754
186.103.159.46 - - [19/May/2017:11:28:41 -0300] "GET /cormun/servlet/permisogoce?5f56b084a09efcd8944e85520c401543a34b8008277f7119b74388e0e30c259e019ad0249cc4b5e740435437ac585fa911b1d999788e9d8b781bde016ef12d08,gx-no-cache=1495204179057 HTTP/1.1" 200 125
186.103.159.46 - - [19/May/2017:11:28:41 -0300] "GET /cormun/static/Shared/jqueryui/images/ui-bg_highlight-soft_100_c6c2c8_1x100.png HTTP/1.1" 404 1117
186.103.159.46 - - [19/May/2017:11:28:41 -0300] "GET /cormun/static/Shared/jqueryui/images/ui-bg_flat_55_994d53_40x100.png HTTP/1.1" 404 1097
186.103.159.46 - - [19/May/2017:11:28:41 -0300] "GET /cormun/static/Shared/jqueryui/images/ui-icons_82798d_256x240.png HTTP/1.1" 404 1089
186.103.159.46 - - [19/May/2017:11:28:41 -0300] "GET /cormun/static/Shared/jqueryui/images/ui-icons_ebccce_256x240.png HTTP/1.1" 404 1089
186.79.87.216 - - [19/May/2017:11:28:44 -0300] "GET /cormun/servlet/solicitudot?INS,0,0, HTTP/1.1" 200 12865
186.79.87.216 - - [19/May/2017:11:28:46 -0300] "GET /cormun/servlet/solicitudot?INS,0,0, HTTP/1.1" 200 12849
186.79.87.216 - - [19/May/2017:11:28:55 -0300] "POST /cormun/servlet/solicitudot?gx-no-cache=1495204195333 HTTP/1.1" 200 3185
186.79.87.216 - - [19/May/2017:11:28:56 -0300] "POST /cormun/servlet/solicitudot?df60af78ee72b70820712cf61651e46c,INS,0,0,,gx-no-cache=1495204195984 HTTP/1.1" 200 9991
186.79.87.216 - - [19/May/2017:11:28:59 -0300] "GET /cormun/servlet/solicitudot?3b10f868afac725de9240fe696d577af03f9329d2061279da35714725d824e789d6d6030dff9d976ea8a80f51129c78e,gx-no-cache=1495204198847 HTTP/1.1" 200 30
186.79.87.216 - - [19/May/2017:11:28:59 -0300] "POST /cormun/servlet/solicitudot?gx-no-cache=1495204198987 HTTP/1.1" 200 255
186.79.87.216 - - [19/May/2017:11:28:59 -0300] "GET /cormun/servlet/solicitudot?3b10f868afac725de9240fe696d577af6bbbd110168b3ef9b6d06b1125f8690d0d1297200dba1951c87b9ba59e73fc9807dad84bb11d720d39005a84fda4a6937ecf83400f60b1c199bed3c2bfbbf5f40362bfbc9dc5a54f712e1a3dbd372e275c24e2861805b3a5b8e6afc2e8ed68b1b91e6fbd5b862fc2f48d94ee2624873c6a4b9d599ef03f532a9c2a0448e1a164a6069310021f9ad20e69ee9558c7c10e28cbcd9c123256b60a9938a36ec3fbd7b7525c699b7a300df6edee27a3ce746fca15080217130632857c22363e75558ab887a7a1ecf27727d5f3c20eea1aae35723c8ba9739fe6e8f88cb704480c03f24507712012a90ae7fff964999878cd4afbfc1d0751cee30af916a410bd657064a82f27a143ce394aed7a6ae0fd121ce39d4f4e2cda1d71979900655ab991e08cb3b874c3a97e928f0f6b5ceb562d4449207ae83e650037c01cdd8d6b3df03d1239663cdd350218be62629fa91db13b0db5ce1e7768af2c75a3ad305ddc5c608a82545999ad11efaa66e5e12be1a5a9a9,gx-no-cache=1495204199137 HTTP/1.1" 200 30
186.79.87.216 - - [19/May/2017:11:29:03 -0300] "POST /cormun/servlet/solicitudot?gx-no-cache=1495204203366 HTTP/1.1" 200 30
186.103.159.46 - - [19/May/2017:11:29:10 -0300] "GET /cormun/servlet/permisogoce?5f56b084a09efcd8944e85520c401543a34b8008277f7119b74388e0e30c259e019ad0249cc4b5e740435437ac585fa9cf385ebe4c8a34aeb00d0e14ae5f9211,gx-no-cache=1495204207433 HTTP/1.1" 200 153
186.79.87.216 - - [19/May/2017:11:29:19 -0300] "POST /cormun/servlet/solicitudot?gx-no-cache=1495204219131 HTTP/1.1" 200 1297
186.79.87.216 - - [19/May/2017:11:29:19 -0300] "POST /cormun/servlet/solicitudot?gx-no-cache=1495204219359 HTTP/1.1" 200 38
186.103.159.46 - - [19/May/2017:11:29:22 -0300] "GET /cormun/servlet/permisogoce?5f56b084a09efcd8944e85520c401543a34b8008277f7119b74388e0e30c259e019ad0249cc4b5e740435437ac585fa99317b33b2d0223e7f201dce3640ebdbd,gx-no-cache=1495204219727 HTTP/1.1" 200 141
186.79.87.216 - - [19/May/2017:11:29:33 -0300] "GET /cormun/servlet/solicitudot?3b10f868afac725de9240fe696d577af32766a60d4c790a470e5ea5e319d9d44b9da2dcf2b281e2c460d95dab9a91cb78c48ebadf007e2d017cbaa422afc1f7c71d7835179015273ccf3bdbe3e83e528b08fed0b5694fe5cc6b5c4b90de0e929c3f540db6e34a8163166e89c569ff4489b6fecb176e3919cdc0a5b2b89b849bfe0f669e6f98ebfd5fce2a79e770225a598bea9359d0214cb76b7bf5f1f0fff72,gx-no-cache=1495204233439 HTTP/1.1" 200 29
186.79.87.216 - - [19/May/2017:11:29:33 -0300] "POST /cormun/servlet/solicitudot?gx-no-cache=1495204233629 HTTP/1.1" 200 1280
186.79.87.216 - - [19/May/2017:11:29:34 -0300] "POST /cormun/servlet/solicitudot?gx-no-cache=1495204233838 HTTP/1.1" 200 1161
186.79.87.216 - - [19/May/2017:11:29:34 -0300] "GET /cormun/static/menuarrow.gif HTTP/1.1" 404 1015
186.103.159.46 - - [19/May/2017:11:29:35 -0300] "GET /cormun/servlet/permisogoce?5f56b084a09efcd8944e85520c401543a34b8008277f7119b74388e0e30c259e019ad0249cc4b5e740435437ac585fa95498a68a5690cd567f6fb813c2990666,gx-no-cache=1495204233368 HTTP/1.1" 200 141
186.79.87.216 - - [19/May/2017:11:29:36 -0300] "POST /cormun/servlet/solicitudot?gx-no-cache=1495204235749 HTTP/1.1" 200 1280
186.79.87.216 - - [19/May/2017:11:29:36 -0300] "POST /cormun/servlet/solicitudot?gx-no-cache=1495204235947 HTTP/1.1" 200 1161
186.79.106.119 - - [19/May/2017:11:29:39 -0300] "GET /cormun/servlet/hlogin HTTP/1.1" 200 1732
186.79.87.216 - - [19/May/2017:11:29:44 -0300] "GET /cormun/servlet/solicitudot?3b10f868afac725de9240fe696d577af3d06f6929ee0f2e518d10a7ddd699f445778076b371d7f4111617a885545d220794cf4b6aa60b72b10bd26b91e014f231eae3642b9f163519ff165e5f5944963b967383058e339701470f4631f9bd858569d310474226c2aaffa6891cebcb0c811f0e864e10060929c6c2ebd9c9b173961ad0ebd7b4eef529da03e252b95ece0d1328ee55215372abac17d5aaa888172d043144d5c982ec52f5c2ea893083a87,gx-no-cache=1495204244631 HTTP/1.1" 200 30
186.79.87.216 - - [19/May/2017:11:29:57 -0300] "POST /cormun/servlet/solicitudot?df60af78ee72b70820712cf61651e46c,INS,0,0,,gx-no-cache=1495204256411 HTTP/1.1" 200 93
186.79.87.216 - - [19/May/2017:11:29:57 -0300] "GET /cormun/servlet/hpexe_return? HTTP/1.1" 200 1028
186.79.87.216 - - [19/May/2017:11:29:57 -0300] "GET /cormun/servlet/trsolicitudot?gx-no-cache=1495204011340 HTTP/1.1" 200 9016
186.79.87.216 - - [19/May/2017:11:29:59 -0300] "GET /cormun/servlet/trsolicitudot?gx-no-cache=1495204011340 HTTP/1.1" 200 9035
186.79.87.216 - - [19/May/2017:11:30:11 -0300] "GET /cormun/servlet/vesolicitudot?2017,6504,, HTTP/1.1" 200 8308
186.79.87.216 - - [19/May/2017:11:30:11 -0300] "GET /cormun/pexe_scrolldiv.js HTTP/1.1" 404 1009
186.79.87.216 - - [19/May/2017:11:30:12 -0300] "GET /cormun/servlet/vesolicitudot?2017,6504,, HTTP/1.1" 200 8286
207.46.13.0 - - [19/May/2017:11:30:47 -0300] "GET /cormun/servlet/trlicenciaspermisosadjuntos?9335247,20170323000000,L, HTTP/1.1" 200 6018
207.46.13.68 - - [19/May/2017:11:30:52 -0300] "GET /cormun/static/trlicenciaspermisosadjuntos.js?20173171154971 HTTP/1.1" 200 21005
186.79.87.216 - - [19/May/2017:11:30:54 -0300] "POST /cormun/servlet/vesolicitudot?df60af78ee72b70820712cf61651e46c,2017,6504,,,gx-no-cache=1495204313301 HTTP/1.1" 200 90
186.79.87.216 - - [19/May/2017:11:30:54 -0300] "GET /cormun/servlet/hpexe_link HTTP/1.1" 200 987
186.79.87.216 - - [19/May/2017:11:30:54 -0300] "GET /cormun/servlet/trsolicitudot?gx-no-cache=1495204011340 HTTP/1.1" 200 9013
186.79.87.216 - - [19/May/2017:11:30:56 -0300] "GET /cormun/servlet/trsolicitudot?gx-no-cache=1495204011340 HTTP/1.1" 200 9035
186.79.87.216 - - [19/May/2017:11:30:58 -0300] "GET /cormun/servlet/solicitudot?INS,0,0, HTTP/1.1" 200 12865
186.79.87.216 - - [19/May/2017:11:31:00 -0300] "GET /cormun/servlet/solicitudot?INS,0,0, HTTP/1.1" 200 12849
186.79.87.216 - - [19/May/2017:11:31:09 -0300] "POST /cormun/servlet/solicitudot?gx-no-cache=1495204328610 HTTP/1.1" 200 3185
186.79.87.216 - - [19/May/2017:11:31:09 -0300] "POST /cormun/servlet/solicitudot?df60af78ee72b70820712cf61651e46c,INS,0,0,,gx-no-cache=1495204329156 HTTP/1.1" 200 9991
186.103.159.182 - - [19/May/2017:11:31:10 -0300] "GET /cormun/servlet/trpermisosgoce? HTTP/1.1" 200 5911
186.103.159.182 - - [19/May/2017:11:31:10 -0300] "GET /cormun/static/messages.spa.js?85251 HTTP/1.1" 304 -
186.79.87.216 - - [19/May/2017:11:31:11 -0300] "GET /cormun/servlet/solicitudot?3b10f868afac725de9240fe696d577af03f9329d2061279da35714725d824e789d6d6030dff9d976ea8a80f51129c78e,gx-no-cache=1495204331521 HTTP/1.1" 200 30
186.79.87.216 - - [19/May/2017:11:31:11 -0300] "POST /cormun/servlet/solicitudot?gx-no-cache=1495204331654 HTTP/1.1" 200 255
186.103.159.182 - - [19/May/2017:11:31:11 -0300] "GET /cormun/servlet/trpermisosgoce? HTTP/1.1" 200 5903
186.103.159.182 - - [19/May/2017:11:31:11 -0300] "GET /cormun/servlet/hlogin HTTP/1.1" 200 1743
186.79.87.216 - - [19/May/2017:11:31:12 -0300] "GET /cormun/servlet/solicitudot?3b10f868afac725de9240fe696d577af6bbbd110168b3ef9b6d06b1125f8690d0d1297200dba1951c87b9ba59e73fc9807dad84bb11d720d39005a84fda4a6937ecf83400f60b1c199bed3c2bfbbf5f40362bfbc9dc5a54f712e1a3dbd372e275c24e2861805b3a5b8e6afc2e8ed68b1b91e6fbd5b862fc2f48d94ee2624873c6a4b9d599ef03f532a9c2a0448e1a164a6069310021f9ad20e69ee9558c7c10e28cbcd9c123256b60a9938a36ec3fbd7b7525c699b7a300df6edee27a3ce746fca15080217130632857c22363e75558ab887a7a1ecf27727d5f3c20eea1aae35723c8ba9739fe6e8f88cb704480c03f24507712012a90ae7fff964999878cd4afbfc1d0751cee30af916a410bd657064a82f27a143ce394aed7a6ae0fd121ce39d4f4e2cda1d71979900655ab991e08cb3b874c3a97e928f0f6b5ceb562d4449207ae83e650037c01cdd8d6b3df03d1239663cdd350218be62629fa91db13b0db5ce1e7768af2c75a3ad305ddc5c608a82545999ad11efaa66e5e12be1a5a9a9,gx-no-cache=1495204331793 HTTP/1.1" 200 30
186.103.159.182 - - [19/May/2017:11:31:12 -0300] "GET /cormun/static/gxcfg.js?201741110203197 HTTP/1.1" 304 -
186.103.159.182 - - [19/May/2017:11:31:12 -0300] "GET /cormun/static/hlogin.js?201741110203211 HTTP/1.1" 304 -
186.103.159.182 - - [19/May/2017:11:31:15 -0300] "POST /cormun/servlet/hlogin?02d688df7608166f25177e98dd8fcc01,gx-no-cache=1495204332985 HTTP/1.1" 200 90
186.103.159.182 - - [19/May/2017:11:31:15 -0300] "GET /cormun/servlet/hpexe_link HTTP/1.1" 200 960
186.103.159.182 - - [19/May/2017:11:31:15 -0300] "GET /cormun/static/gxcfg.js?201731711483381 HTTP/1.1" 304 -
186.103.159.182 - - [19/May/2017:11:31:15 -0300] "GET /cormun/servlet/trpermisosgoce HTTP/1.1" 200 6668
186.79.87.216 - - [19/May/2017:11:31:16 -0300] "POST /cormun/servlet/solicitudot?gx-no-cache=1495204335797 HTTP/1.1" 200 30
186.103.159.182 - - [19/May/2017:11:31:16 -0300] "GET /cormun/servlet/trpermisosgoce HTTP/1.1" 200 6666
186.103.159.182 - - [19/May/2017:11:31:23 -0300] "GET /cormun/servlet/permisogoce?INS,0,,, HTTP/1.1" 200 6843
186.103.159.182 - - [19/May/2017:11:31:24 -0300] "GET /cormun/servlet/permisogoce?INS,0,,, HTTP/1.1" 200 6843
186.79.87.216 - - [19/May/2017:11:31:32 -0300] "POST /cormun/servlet/solicitudot?gx-no-cache=1495204352355 HTTP/1.1" 200 1297
186.79.87.216 - - [19/May/2017:11:31:32 -0300] "POST /cormun/servlet/solicitudot?gx-no-cache=1495204352495 HTTP/1.1" 200 38
200.86.95.220 - - [19/May/2017:11:31:34 -0300] "GET /cormun/servlet/hlogin HTTP/1.1" 200 1712
200.86.95.220 - - [19/May/2017:11:31:34 -0300] "GET /cormun/static/gxcfg.js?201741110203197 HTTP/1.1" 304 -
200.86.95.220 - - [19/May/2017:11:31:34 -0300] "GET /cormun/static/messages.spa.js?85251 HTTP/1.1" 304 -
200.86.95.220 - - [19/May/2017:11:31:34 -0300] "GET /cormun/static/hlogin.js?201741110203211 HTTP/1.1" 304 -
200.86.95.220 - - [19/May/2017:11:31:42 -0300] "POST /cormun/servlet/hlogin?a9f249ad248debc92a49c81f1f02ea83,gx-no-cache=1495204361391 HTTP/1.1" 200 90
200.86.95.220 - - [19/May/2017:11:31:43 -0300] "GET /cormun/servlet/hpexe_link HTTP/1.1" 200 945
200.86.95.220 - - [19/May/2017:11:31:43 -0300] "GET /cormun/static/gxcfg.js?201731711483381 HTTP/1.1" 304 -
200.86.95.220 - - [19/May/2017:11:31:43 -0300] "GET /cormun/servlet/hhome HTTP/1.1" 200 3764
200.86.95.220 - - [19/May/2017:11:31:43 -0300] "GET /cormun/static/gxcfg.js?201731711483497 HTTP/1.1" 304 -
200.86.95.220 - - [19/May/2017:11:31:44 -0300] "GET /cormun/servlet/hhome HTTP/1.1" 200 3761
200.86.95.220 - - [19/May/2017:11:31:46 -0300] "GET /cormun/servlet/trpermisosgoce? HTTP/1.1" 200 6525
200.86.95.220 - - [19/May/2017:11:31:46 -0300] "GET /cormun/static/gxcfg.js?20174111153177 HTTP/1.1" 304 -
200.86.95.220 - - [19/May/2017:11:31:47 -0300] "GET /cormun/static/trpermisosgoce.js?20174111153217 HTTP/1.1" 304 -
200.86.95.220 - - [19/May/2017:11:31:47 -0300] "GET /cormun/servlet/trpermisosgoce? HTTP/1.1" 200 6525
186.79.87.216 - - [19/May/2017:11:31:49 -0300] "GET /cormun/servlet/solicitudot?3b10f868afac725de9240fe696d577af32766a60d4c790a470e5ea5e319d9d44b9da2dcf2b281e2c460d95dab9a91cb78c48ebadf007e2d017cbaa422afc1f7c71d7835179015273ccf3bdbe3e83e528b08fed0b5694fe5cc6b5c4b90de0e929c3f540db6e34a8163166e89c569ff4489b6fecb176e3919cdc0a5b2b89b849bfe0f669e6f98ebfd5fce2a79e770225a598bea9359d0214cb76b7bf5f1f0fff72,gx-no-cache=1495204368875 HTTP/1.1" 200 29
186.79.87.216 - - [19/May/2017:11:31:49 -0300] "POST /cormun/servlet/solicitudot?gx-no-cache=1495204368991 HTTP/1.1" 200 1279
200.86.95.220 - - [19/May/2017:11:31:49 -0300] "GET /cormun/servlet/permisogoce?INS,0,,, HTTP/1.1" 200 6535
186.79.87.216 - - [19/May/2017:11:31:49 -0300] "POST /cormun/servlet/solicitudot?gx-no-cache=1495204369221 HTTP/1.1" 200 1161
186.79.87.216 - - [19/May/2017:11:31:49 -0300] "GET /cormun/static/menuarrow.gif HTTP/1.1" 404 1015
200.86.95.220 - - [19/May/2017:11:31:50 -0300] "GET /cormun/servlet/permisogoce?INS,0,,, HTTP/1.1" 200 6534
186.79.87.216 - - [19/May/2017:11:31:52 -0300] "POST /cormun/servlet/solicitudot?gx-no-cache=1495204371701 HTTP/1.1" 200 1279
186.79.87.216 - - [19/May/2017:11:31:52 -0300] "POST /cormun/servlet/solicitudot?gx-no-cache=1495204371970 HTTP/1.1" 200 1161
200.86.95.220 - - [19/May/2017:11:32:00 -0300] "GET /cormun/servlet/permisogoce?c97b14624f17459b188b003434190176cdf2169a9ef91460cdd04cf7648958a077ccad749f6da953b639d27a41ba5138,gx-no-cache=1495204378531 HTTP/1.1" 200 69
200.86.95.220 - - [19/May/2017:11:32:00 -0300] "GET /cormun/static/menuarrow.gif HTTP/1.1" 404 1015
186.79.87.216 - - [19/May/2017:11:32:04 -0300] "GET /cormun/servlet/solicitudot?3b10f868afac725de9240fe696d577af3d06f6929ee0f2e518d10a7ddd699f44b7b20f2e85b2a405bae7bf244bf3a23a794cf4b6aa60b72b10bd26b91e014f231eae3642b9f163519ff165e5f5944963b967383058e339701470f4631f9bd858569d310474226c2aaffa6891cebcb0c811f0e864e10060929c6c2ebd9c9b173961ad0ebd7b4eef529da03e252b95ece0d1328ee55215372abac17d5aaa888172d043144d5c982ec52f5c2ea893083a87,gx-no-cache=1495204384221 HTTP/1.1" 200 30
200.86.95.220 - - [19/May/2017:11:32:06 -0300] "GET /cormun/servlet/permisogoce?c97b14624f17459b188b0034341901765e016fa088d232348b358bd78ed1ed121ab77bc477a91376879cff87bc06fbfe05cb15df571ec2556e7f86daa3e9c445,gx-no-cache=1495204384968 HTTP/1.1" 200 48
200.86.95.220 - - [19/May/2017:11:32:12 -0300] "POST /cormun/servlet/permisogoce?a9f249ad248debc92a49c81f1f02ea83,INS,0,,,,gx-no-cache=1495204390798 HTTP/1.1" 200 93
200.86.95.220 - - [19/May/2017:11:32:12 -0300] "GET /cormun/servlet/hpexe_return? HTTP/1.1" 200 1001
200.86.95.220 - - [19/May/2017:11:32:12 -0300] "GET /cormun/static/gxcfg.js?2016101716175148 HTTP/1.1" 304 -
200.86.95.220 - - [19/May/2017:11:32:12 -0300] "GET /cormun/servlet/trpermisosgoce HTTP/1.1" 200 7371
200.86.95.220 - - [19/May/2017:11:32:13 -0300] "GET /cormun/servlet/trpermisosgoce HTTP/1.1" 200 7367
186.79.87.216 - - [19/May/2017:11:32:16 -0300] "POST /cormun/servlet/solicitudot?df60af78ee72b70820712cf61651e46c,INS,0,0,,gx-no-cache=1495204395896 HTTP/1.1" 200 93
186.79.87.216 - - [19/May/2017:11:32:16 -0300] "GET /cormun/servlet/hpexe_return? HTTP/1.1" 200 1028
186.79.87.216 - - [19/May/2017:11:32:17 -0300] "GET /cormun/servlet/trsolicitudot?gx-no-cache=1495204011340 HTTP/1.1" 200 9282
200.86.95.220 - - [19/May/2017:11:32:18 -0300] "GET /cormun/servlet/apermisogoceprn?7232365,P,20170519113219,PU HTTP/1.1" 200 1645
186.79.87.216 - - [19/May/2017:11:32:19 -0300] "GET /cormun/servlet/trsolicitudot?gx-no-cache=1495204011340 HTTP/1.1" 200 9299
186.79.87.216 - - [19/May/2017:11:32:25 -0300] "GET /cormun/servlet/vesolicitudot?2017,6505,, HTTP/1.1" 200 8309
186.79.87.216 - - [19/May/2017:11:32:25 -0300] "GET /cormun/pexe_scrolldiv.js HTTP/1.1" 404 1009
186.79.87.216 - - [19/May/2017:11:32:26 -0300] "GET /cormun/servlet/vesolicitudot?2017,6505,, HTTP/1.1" 200 8287
186.103.159.182 - - [19/May/2017:11:32:59 -0300] "GET /cormun/servlet/prfichaempleado?,MD,,gxPopupLevel%3D0%3B HTTP/1.1" 200 8917
186.103.159.182 - - [19/May/2017:11:33:12 -0300] "POST /cormun/servlet/prfichaempleado?02d688df7608166f25177e98dd8fcc01,,MD,,gxPopupLevel%3D0%3B,gx-no-cache=1495204450579 HTTP/1.1" 200 3395
186.103.159.182 - - [19/May/2017:11:33:21 -0300] "GET /cormun/servlet/permisogoce?ae7b9f99d366f9ed1557246122eae1247badd87466f6c4854a19607dbe7f9331bfb50c05515b4b57ba70c402e5159c70,gx-no-cache=1495204459604 HTTP/1.1" 200 71
186.103.159.182 - - [19/May/2017:11:33:21 -0300] "GET /cormun/static/menuarrow.gif HTTP/1.1" 404 1015
186.103.159.182 - - [19/May/2017:11:33:27 -0300] "GET /cormun/servlet/permisogoce?ae7b9f99d366f9ed1557246122eae124c97ff9ce62b84665f6682c68283de0f14c50e86495625ef3d784785cc76f5f133b26b885c26a73a407a8d9feb3f39a0f,gx-no-cache=1495204465637 HTTP/1.1" 200 48
186.79.87.216 - - [19/May/2017:11:33:28 -0300] "POST /cormun/servlet/vesolicitudot?df60af78ee72b70820712cf61651e46c,2017,6505,,,gx-no-cache=1495204467902 HTTP/1.1" 200 90
186.79.87.216 - - [19/May/2017:11:33:28 -0300] "GET /cormun/servlet/hpexe_link HTTP/1.1" 200 988
186.79.87.216 - - [19/May/2017:11:33:29 -0300] "GET /cormun/servlet/trsolicitudot?gx-no-cache=1495204011340 HTTP/1.1" 200 9279
186.79.87.216 - - [19/May/2017:11:33:31 -0300] "GET /cormun/servlet/trsolicitudot?gx-no-cache=1495204011340 HTTP/1.1" 200 9299
186.79.87.216 - - [19/May/2017:11:33:36 -0300] "GET /cormun/servlet/solicitudot?INS,0,0, HTTP/1.1" 200 12865
186.79.87.216 - - [19/May/2017:11:33:38 -0300] "GET /cormun/servlet/solicitudot?INS,0,0, HTTP/1.1" 200 12848
186.79.87.216 - - [19/May/2017:11:33:47 -0300] "POST /cormun/servlet/solicitudot?gx-no-cache=1495204486579 HTTP/1.1" 200 3190
186.79.87.216 - - [19/May/2017:11:33:48 -0300] "POST /cormun/servlet/solicitudot?df60af78ee72b70820712cf61651e46c,INS,0,0,,gx-no-cache=1495204487520 HTTP/1.1" 200 9996
186.103.159.182 - - [19/May/2017:11:33:50 -0300] "POST /cormun/servlet/permisogoce?02d688df7608166f25177e98dd8fcc01,INS,0,,,,gx-no-cache=1495204488270 HTTP/1.1" 200 93
186.103.159.182 - - [19/May/2017:11:33:50 -0300] "GET /cormun/servlet/hpexe_return? HTTP/1.1" 200 1011
186.103.159.182 - - [19/May/2017:11:33:50 -0300] "GET /cormun/static/gxcfg.js?2016101716175148 HTTP/1.1" 304 -
186.103.159.182 - - [19/May/2017:11:33:51 -0300] "GET /cormun/servlet/trpermisosgoce HTTP/1.1" 200 7563
186.103.159.182 - - [19/May/2017:11:33:52 -0300] "GET /cormun/servlet/trpermisosgoce HTTP/1.1" 200 7559
186.79.87.216 - - [19/May/2017:11:33:53 -0300] "GET /cormun/servlet/solicitudot?3b10f868afac725de9240fe696d577afa517ce992e6135f8a6ddd9a81c23c5b19d6d6030dff9d976ea8a80f51129c78e,gx-no-cache=1495204492948 HTTP/1.1" 200 30
186.79.87.216 - - [19/May/2017:11:33:53 -0300] "POST /cormun/servlet/solicitudot?gx-no-cache=1495204493106 HTTP/1.1" 200 255
186.79.87.216 - - [19/May/2017:11:33:53 -0300] "GET /cormun/servlet/solicitudot?3b10f868afac725de9240fe696d577af6bbbd110168b3ef9b6d06b1125f8690d0d1297200dba1951c87b9ba59e73fc9807dad84bb11d720d39005a84fda4a6937ecf83400f60b1c199bed3c2bfbbf5f40362bfbc9dc5a54f712e1a3dbd372e275c24e2861805b3a5b8e6afc2e8ed68b1b91e6fbd5b862fc2f48d94ee2624873c6a4b9d599ef03f532a9c2a0448e1a164a6069310021f9ad20e69ee9558c7c10e28cbcd9c123256b60a9938a36ec3fbd7b7525c699b7a300df6edee27a3ce746fca15080217130632857c22363e75558ab887a7a1ecf27727d5f3c20eea1aae35723c8ba9739fe6e8f88cb704480c03f24507712012a90ae7fff964999878cd4afbfc1d0751cee30af916a410bd657064a82f27a143ce394aed7a6ae0fd121ce39d4f4e2cda1d71979900655ab991e08cb3b874c3a97e928f0f6b5ceb562d4449207ae83e650037c01cdd8d6b3df03d1239663cdd350218be62629fa91db13b0db5ce1e7768af2c75a3ad305ddc5c608a82545999ad11efaa66e5e12be1a5a9a9,gx-no-cache=1495204493251 HTTP/1.1" 200 30
186.79.87.216 - - [19/May/2017:11:33:55 -0300] "POST /cormun/servlet/solicitudot?gx-no-cache=1495204494860 HTTP/1.1" 200 30
186.103.159.182 - - [19/May/2017:11:33:57 -0300] "GET /cormun/servlet/apermisogoceprn?13945553,P,20170519113357,PU HTTP/1.1" 200 1653
186.79.87.216 - - [19/May/2017:11:34:25 -0300] "POST /cormun/servlet/solicitudot?gx-no-cache=1495204523845 HTTP/1.1" 200 1297
186.79.87.216 - - [19/May/2017:11:34:26 -0300] "POST /cormun/servlet/solicitudot?gx-no-cache=1495204525699 HTTP/1.1" 200 38
186.79.87.216 - - [19/May/2017:11:34:40 -0300] "GET /cormun/servlet/solicitudot?3b10f868afac725de9240fe696d577af32766a60d4c790a470e5ea5e319d9d44b9da2dcf2b281e2c460d95dab9a91cb78c48ebadf007e2d017cbaa422afc1f7c71d7835179015273ccf3bdbe3e83e528b08fed0b5694fe5cc6b5c4b90de0e929c3f540db6e34a8163166e89c569ff4489b6fecb176e3919cdc0a5b2b89b849bfe0f669e6f98ebfd5fce2a79e770225a598bea9359d0214cb76b7bf5f1f0fff72,gx-no-cache=1495204540242 HTTP/1.1" 200 29
186.79.87.216 - - [19/May/2017:11:34:40 -0300] "POST /cormun/servlet/solicitudot?gx-no-cache=1495204540341 HTTP/1.1" 200 1279
186.79.87.216 - - [19/May/2017:11:34:40 -0300] "POST /cormun/servlet/solicitudot?gx-no-cache=1495204540547 HTTP/1.1" 200 1162
186.79.87.216 - - [19/May/2017:11:34:40 -0300] "GET /cormun/static/menuarrow.gif HTTP/1.1" 404 1015
186.79.87.216 - - [19/May/2017:11:34:43 -0300] "POST /cormun/servlet/solicitudot?gx-no-cache=1495204543164 HTTP/1.1" 200 1279
186.79.87.216 - - [19/May/2017:11:34:43 -0300] "POST /cormun/servlet/solicitudot?gx-no-cache=1495204543400 HTTP/1.1" 200 1162
186.79.87.216 - - [19/May/2017:11:34:53 -0300] "GET /cormun/servlet/solicitudot?3b10f868afac725de9240fe696d577afd75b5b16aff53779970655a7a356973d161015df6ac38484026b411a86cad292794cf4b6aa60b72b10bd26b91e014f231eae3642b9f163519ff165e5f5944963b967383058e339701470f4631f9bd858569d310474226c2aaffa6891cebcb0c811f0e864e10060929c6c2ebd9c9b173961ad0ebd7b4eef529da03e252b95ece0d1328ee55215372abac17d5aaa888172d043144d5c982ec52f5c2ea893083a87,gx-no-cache=1495204553167 HTTP/1.1" 200 30
186.79.87.216 - - [19/May/2017:11:35:11 -0300] "POST /cormun/servlet/solicitudot?df60af78ee72b70820712cf61651e46c,INS,0,0,,gx-no-cache=1495204570844 HTTP/1.1" 200 93
186.79.87.216 - - [19/May/2017:11:35:11 -0300] "GET /cormun/servlet/hpexe_return? HTTP/1.1" 200 1028
186.79.87.216 - - [19/May/2017:11:35:12 -0300] "GET /cormun/servlet/trsolicitudot?gx-no-cache=1495204011340 HTTP/1.1" 200 9632
186.79.87.216 - - [19/May/2017:11:35:14 -0300] "GET /cormun/servlet/trsolicitudot?gx-no-cache=1495204011340 HTTP/1.1" 200 9648
186.79.87.216 - - [19/May/2017:11:35:24 -0300] "GET /cormun/servlet/solicitudot?INS,0,0, HTTP/1.1" 200 12866
186.79.87.216 - - [19/May/2017:11:35:26 -0300] "GET /cormun/servlet/solicitudot?INS,0,0, HTTP/1.1" 200 12849
186.79.87.216 - - [19/May/2017:11:35:35 -0300] "POST /cormun/servlet/solicitudot?gx-no-cache=1495204595007 HTTP/1.1" 200 3190
186.79.87.216 - - [19/May/2017:11:35:36 -0300] "POST /cormun/servlet/solicitudot?df60af78ee72b70820712cf61651e46c,INS,0,0,,gx-no-cache=1495204595628 HTTP/1.1" 200 9996
186.79.87.216 - - [19/May/2017:11:35:38 -0300] "GET /cormun/servlet/solicitudot?3b10f868afac725de9240fe696d577afa517ce992e6135f8a6ddd9a81c23c5b19d6d6030dff9d976ea8a80f51129c78e,gx-no-cache=1495204598408 HTTP/1.1" 200 30
186.79.87.216 - - [19/May/2017:11:35:38 -0300] "POST /cormun/servlet/solicitudot?gx-no-cache=1495204598657 HTTP/1.1" 200 255
186.79.87.216 - - [19/May/2017:11:35:39 -0300] "GET /cormun/servlet/solicitudot?3b10f868afac725de9240fe696d577af6bbbd110168b3ef9b6d06b1125f8690d0d1297200dba1951c87b9ba59e73fc9807dad84bb11d720d39005a84fda4a6937ecf83400f60b1c199bed3c2bfbbf5f40362bfbc9dc5a54f712e1a3dbd372e275c24e2861805b3a5b8e6afc2e8ed68b1b91e6fbd5b862fc2f48d94ee2624873c6a4b9d599ef03f532a9c2a0448e1a164a6069310021f9ad20e69ee9558c7c10e28cbcd9c123256b60a9938a36ec3fbd7b7525c699b7a300df6edee27a3ce746fca15080217130632857c22363e75558ab887a7a1ecf27727d5f3c20eea1aae35723c8ba9739fe6e8f88cb704480c03f24507712012a90ae7fff964999878cd4afbfc1d0751cee30af916a410bd657064a82f27a143ce394aed7a6ae0fd121ce39d4f4e2cda1d71979900655ab991e08cb3b874c3a97e928f0f6b5ceb562d4449207ae83e650037c01cdd8d6b3df03d1239663cdd350218be62629fa91db13b0db5ce1e7768af2c75a3ad305ddc5c608a82545999ad11efaa66e5e12be1a5a9a9,gx-no-cache=1495204598907 HTTP/1.1" 200 30
186.79.87.216 - - [19/May/2017:11:35:44 -0300] "POST /cormun/servlet/solicitudot?gx-no-cache=1495204604084 HTTP/1.1" 200 30
186.79.2.157 - - [19/May/2017:11:35:57 -0300] "GET /cormun/servlet/hhome HTTP/1.1" 200 3338
186.79.87.216 - - [19/May/2017:11:35:57 -0300] "POST /cormun/servlet/solicitudot?gx-no-cache=1495204617594 HTTP/1.1" 200 1297
186.79.87.216 - - [19/May/2017:11:35:57 -0300] "POST /cormun/servlet/solicitudot?gx-no-cache=1495204617739 HTTP/1.1" 200 38
186.79.2.157 - - [19/May/2017:11:35:58 -0300] "GET /cormun/servlet/hhome HTTP/1.1" 200 3347
186.79.2.157 - - [19/May/2017:11:35:58 -0300] "GET /cormun/servlet/hlogin HTTP/1.1" 200 1735
186.79.2.157 - - [19/May/2017:11:36:00 -0300] "POST /cormun/servlet/hlogin?9d67ef97bc7dd354f1cb3075eaddd0f6,gx-no-cache=1495204622705 HTTP/1.1" 200 90
186.79.2.157 - - [19/May/2017:11:36:00 -0300] "GET /cormun/servlet/hpexe_link HTTP/1.1" 200 953
186.79.2.157 - - [19/May/2017:11:36:00 -0300] "GET /cormun/servlet/hhome HTTP/1.1" 200 3747
186.79.2.157 - - [19/May/2017:11:36:01 -0300] "GET /cormun/servlet/hhome HTTP/1.1" 200 3744
186.79.87.216 - - [19/May/2017:11:36:04 -0300] "GET /cormun/servlet/solicitudot?3b10f868afac725de9240fe696d577af32766a60d4c790a470e5ea5e319d9d44b9da2dcf2b281e2c460d95dab9a91cb78c48ebadf007e2d017cbaa422afc1f7c71d7835179015273ccf3bdbe3e83e528b08fed0b5694fe5cc6b5c4b90de0e929c3f540db6e34a8163166e89c569ff4489b6fecb176e3919cdc0a5b2b89b849bfe0f669e6f98ebfd5fce2a79e770225a598bea9359d0214cb76b7bf5f1f0fff72,gx-no-cache=1495204623816 HTTP/1.1" 200 29
186.79.87.216 - - [19/May/2017:11:36:04 -0300] "POST /cormun/servlet/solicitudot?gx-no-cache=1495204623928 HTTP/1.1" 200 1280
186.79.87.216 - - [19/May/2017:11:36:04 -0300] "POST /cormun/servlet/solicitudot?gx-no-cache=1495204624122 HTTP/1.1" 200 1162
186.79.87.216 - - [19/May/2017:11:36:04 -0300] "GET /cormun/static/menuarrow.gif HTTP/1.1" 404 1015
186.79.87.216 - - [19/May/2017:11:36:06 -0300] "POST /cormun/servlet/solicitudot?gx-no-cache=1495204626510 HTTP/1.1" 200 1280
186.79.87.216 - - [19/May/2017:11:36:07 -0300] "POST /cormun/servlet/solicitudot?gx-no-cache=1495204626738 HTTP/1.1" 200 1162
186.79.87.216 - - [19/May/2017:11:36:15 -0300] "GET /cormun/servlet/solicitudot?3b10f868afac725de9240fe696d577afd75b5b16aff53779970655a7a356973d3879b905186952bed51676a71673dcf5794cf4b6aa60b72b10bd26b91e014f231eae3642b9f163519ff165e5f5944963b967383058e339701470f4631f9bd858569d310474226c2aaffa6891cebcb0c811f0e864e10060929c6c2ebd9c9b173961ad0ebd7b4eef529da03e252b95ece0d1328ee55215372abac17d5aaa888172d043144d5c982ec52f5c2ea893083a87,gx-no-cache=1495204635124 HTTP/1.1" 200 30
186.79.87.216 - - [19/May/2017:11:36:25 -0300] "POST /cormun/servlet/solicitudot?df60af78ee72b70820712cf61651e46c,INS,0,0,,gx-no-cache=1495204644547 HTTP/1.1" 200 93
186.79.87.216 - - [19/May/2017:11:36:25 -0300] "GET /cormun/servlet/hpexe_return? HTTP/1.1" 200 1028
186.79.87.216 - - [19/May/2017:11:36:25 -0300] "GET /cormun/servlet/trsolicitudot?gx-no-cache=1495204011340 HTTP/1.1" 200 9912
186.79.87.216 - - [19/May/2017:11:36:27 -0300] "GET /cormun/servlet/trsolicitudot?gx-no-cache=1495204011340 HTTP/1.1" 200 9928
186.79.87.216 - - [19/May/2017:11:36:46 -0300] "GET /cormun/servlet/solicitudot?INS,0,0, HTTP/1.1" 200 12866
186.79.87.216 - - [19/May/2017:11:36:47 -0300] "GET /cormun/servlet/solicitudot?INS,0,0, HTTP/1.1" 200 12849
186.79.2.157 - - [19/May/2017:11:36:47 -0300] "GET /cormun/servlet/trlicencias? HTTP/1.1" 200 6584
186.79.2.157 - - [19/May/2017:11:36:47 -0300] "GET /cormun/static/gxcfg.js?201741111445981 HTTP/1.1" 200 953
186.79.2.157 - - [19/May/2017:11:36:47 -0300] "GET /cormun/static/trlicencias.js?20174111145440 HTTP/1.1" 200 37913
186.79.2.157 - - [19/May/2017:11:36:48 -0300] "GET /cormun/servlet/trlicencias? HTTP/1.1" 200 6583
186.79.2.157 - - [19/May/2017:11:36:51 -0300] "GET /cormun/servlet/licenciaspermisos?INS,0,,, HTTP/1.1" 200 7139
186.79.2.157 - - [19/May/2017:11:36:51 -0300] "GET /cormun/static/gxcfg.js?201741111445322 HTTP/1.1" 200 953
186.79.2.157 - - [19/May/2017:11:36:51 -0300] "GET /cormun/static/licenciaspermisos.js?201741111445392 HTTP/1.1" 200 34444
186.79.2.157 - - [19/May/2017:11:36:52 -0300] "GET /cormun/servlet/licenciaspermisos?INS,0,,, HTTP/1.1" 200 7137
186.79.87.216 - - [19/May/2017:11:36:57 -0300] "POST /cormun/servlet/solicitudot?gx-no-cache=1495204676762 HTTP/1.1" 200 3204
186.79.87.216 - - [19/May/2017:11:36:57 -0300] "POST /cormun/servlet/solicitudot?df60af78ee72b70820712cf61651e46c,INS,0,0,,gx-no-cache=1495204677265 HTTP/1.1" 200 10011
186.79.87.216 - - [19/May/2017:11:37:02 -0300] "GET /cormun/servlet/solicitudot?3b10f868afac725de9240fe696d577af38d8018a5d8d005d343588331146beac9d6d6030dff9d976ea8a80f51129c78e,gx-no-cache=1495204682000 HTTP/1.1" 200 30
186.79.87.216 - - [19/May/2017:11:37:02 -0300] "POST /cormun/servlet/solicitudot?gx-no-cache=1495204682147 HTTP/1.1" 200 255
186.79.87.216 - - [19/May/2017:11:37:02 -0300] "GET /cormun/servlet/solicitudot?3b10f868afac725de9240fe696d577af6bbbd110168b3ef9b6d06b1125f8690d0d1297200dba1951c87b9ba59e73fc9807dad84bb11d720d39005a84fda4a6937ecf83400f60b1c199bed3c2bfbbf5f40362bfbc9dc5a54f712e1a3dbd372e275c24e2861805b3a5b8e6afc2e8ed68b1b91e6fbd5b862fc2f48d94ee2624873c6a4b9d599ef03f532a9c2a0448e1a164a6069310021f9ad20e69ee9558c7c10e28cbcd9c123256b60a9938a36ec3fbd7b7525c699b7a300df6edee27a3ce746fca15080217130632857c22363e75558ab887a7a1ecf27727d5f3c20eea1aae35723c8ba9739fe6e8f88cb704480c03f24507712012a90ae7fff964999878cd4afbfc1d0751cee30af916a410bd657064a82f27a143ce394aed7a6ae0fd121ce39d4f4e2cda1d71979900655ab991e08cb3b874c3a97e928f0f6b5ceb562d4449207ae83e650037c01cdd8d6b3df03d1239663cdd350218be62629fa91db13b0db5ce1e7768af2c75a3ad305ddc5c608a82545999ad11efaa66e5e12be1a5a9a9,gx-no-cache=1495204682350 HTTP/1.1" 200 30
186.79.2.157 - - [19/May/2017:11:37:04 -0300] "GET /cormun/servlet/licenciaspermisos?cafc050a11d3ac34a0c377c0cd5189fbd8923b8d53074b2481632a6c4be4595092b9bf5eb2f58e4689680076d6a22dc0,gx-no-cache=1495204687049 HTTP/1.1" 200 65
186.79.2.157 - - [19/May/2017:11:37:04 -0300] "POST /cormun/servlet/licenciaspermisos?9d67ef97bc7dd354f1cb3075eaddd0f6,INS,0,,,,gx-no-cache=1495204687164 HTTP/1.1" 200 4445
186.79.87.216 - - [19/May/2017:11:37:06 -0300] "POST /cormun/servlet/solicitudot?gx-no-cache=1495204685867 HTTP/1.1" 200 30
186.79.87.216 - - [19/May/2017:11:37:23 -0300] "POST /cormun/servlet/solicitudot?gx-no-cache=1495204703185 HTTP/1.1" 200 1296
186.79.87.216 - - [19/May/2017:11:37:23 -0300] "POST /cormun/servlet/solicitudot?gx-no-cache=1495204703345 HTTP/1.1" 200 38
186.79.87.216 - - [19/May/2017:11:37:32 -0300] "GET /cormun/servlet/solicitudot?3b10f868afac725de9240fe696d577af32766a60d4c790a470e5ea5e319d9d44b9da2dcf2b281e2c460d95dab9a91cb78c48ebadf007e2d017cbaa422afc1f7c71d7835179015273ccf3bdbe3e83e528b08fed0b5694fe5cc6b5c4b90de0e929c3f540db6e34a8163166e89c569ff4489b6fecb176e3919cdc0a5b2b89b849bfe0f669e6f98ebfd5fce2a79e770225a598bea9359d0214cb76b7bf5f1f0fff72,gx-no-cache=1495204712383 HTTP/1.1" 200 29
186.79.87.216 - - [19/May/2017:11:37:33 -0300] "POST /cormun/servlet/solicitudot?gx-no-cache=1495204712889 HTTP/1.1" 200 1280
186.79.87.216 - - [19/May/2017:11:37:34 -0300] "POST /cormun/servlet/solicitudot?gx-no-cache=1495204713173 HTTP/1.1" 200 1161
186.79.87.216 - - [19/May/2017:11:37:34 -0300] "GET /cormun/static/menuarrow.gif HTTP/1.1" 404 1015
186.79.87.216 - - [19/May/2017:11:37:36 -0300] "POST /cormun/servlet/solicitudot?gx-no-cache=1495204716196 HTTP/1.1" 200 1280
186.79.87.216 - - [19/May/2017:11:37:36 -0300] "POST /cormun/servlet/solicitudot?gx-no-cache=1495204716537 HTTP/1.1" 200 1161
186.79.87.216 - - [19/May/2017:11:37:44 -0300] "GET /cormun/servlet/solicitudot?3b10f868afac725de9240fe696d577af22ff56c6330e72f170dcb6db932c71b1e88e54b2f418cfbc313e4a09824feb04794cf4b6aa60b72b10bd26b91e014f231eae3642b9f163519ff165e5f5944963b967383058e339701470f4631f9bd858569d310474226c2aaffa6891cebcb0c811f0e864e10060929c6c2ebd9c9b173961ad0ebd7b4eef529da03e252b95ece0d1328ee55215372abac17d5aaa888172d043144d5c982ec52f5c2ea893083a87,gx-no-cache=1495204723930 HTTP/1.1" 200 30
186.79.87.216 - - [19/May/2017:11:38:06 -0300] "POST /cormun/servlet/solicitudot?df60af78ee72b70820712cf61651e46c,INS,0,0,,gx-no-cache=1495204745010 HTTP/1.1" 200 93
186.79.87.216 - - [19/May/2017:11:38:06 -0300] "GET /cormun/servlet/hpexe_return? HTTP/1.1" 200 1028
186.79.87.216 - - [19/May/2017:11:38:06 -0300] "GET /cormun/servlet/trsolicitudot?gx-no-cache=1495204011340 HTTP/1.1" 200 10327
186.79.87.216 - - [19/May/2017:11:38:08 -0300] "GET /cormun/servlet/trsolicitudot?gx-no-cache=1495204011340 HTTP/1.1" 200 10344
186.79.87.216 - - [19/May/2017:11:38:12 -0300] "GET /cormun/servlet/solicitudot?INS,0,0, HTTP/1.1" 200 12866
186.79.87.216 - - [19/May/2017:11:38:13 -0300] "GET /cormun/servlet/solicitudot?INS,0,0, HTTP/1.1" 200 12849
186.79.87.216 - - [19/May/2017:11:38:30 -0300] "POST /cormun/servlet/solicitudot?gx-no-cache=1495204769712 HTTP/1.1" 200 3192
186.79.87.216 - - [19/May/2017:11:38:30 -0300] "POST /cormun/servlet/solicitudot?df60af78ee72b70820712cf61651e46c,INS,0,0,,gx-no-cache=1495204770251 HTTP/1.1" 200 10004
186.79.87.216 - - [19/May/2017:11:38:35 -0300] "GET /cormun/servlet/solicitudot?3b10f868afac725de9240fe696d577af88d1be63e294aa9e3b5ba05372c36d449d6d6030dff9d976ea8a80f51129c78e,gx-no-cache=1495204775618 HTTP/1.1" 200 30
186.79.87.216 - - [19/May/2017:11:38:35 -0300] "POST /cormun/servlet/solicitudot?gx-no-cache=1495204775725 HTTP/1.1" 200 255
186.79.87.216 - - [19/May/2017:11:38:36 -0300] "GET /cormun/servlet/solicitudot?3b10f868afac725de9240fe696d577af6bbbd110168b3ef9b6d06b1125f8690d0d1297200dba1951c87b9ba59e73fc9807dad84bb11d720d39005a84fda4a6937ecf83400f60b1c199bed3c2bfbbf5f40362bfbc9dc5a54f712e1a3dbd372e275c24e2861805b3a5b8e6afc2e8ed68b1b91e6fbd5b862fc2f48d94ee2624873c6a4b9d599ef03f532a9c2a0448e1a164a6069310021f9ad20e69ee9558c7c10e28cbcd9c123256b60a9938a36ec3fbd7b7525c699b7a300df6edee27a3ce746fca15080217130632857c22363e75558ab887a7a1ecf27727d5f3c20eea1aae35723c8ba9739fe6e8f88cb704480c03f24507712012a90ae7fff964999878cd4afbfc1d0751cee30af916a410bd657064a82f27a143ce394aed7a6ae0fd121ce39d4f4e2cda1d71979900655ab991e08cb3b874c3a97e928f0f6b5ceb562d4449207ae83e650037c01cdd8d6b3df03d1239663cdd350218be62629fa91db13b0db5ce1e7768af2c75a3ad305ddc5c608a82545999ad11efaa66e5e12be1a5a9a9,gx-no-cache=1495204775853 HTTP/1.1" 200 30
186.79.87.216 - - [19/May/2017:11:38:37 -0300] "POST /cormun/servlet/solicitudot?gx-no-cache=1495204777637 HTTP/1.1" 200 30
186.79.87.216 - - [19/May/2017:11:38:59 -0300] "POST /cormun/servlet/solicitudot?gx-no-cache=1495204799143 HTTP/1.1" 200 1297
186.79.87.216 - - [19/May/2017:11:38:59 -0300] "POST /cormun/servlet/solicitudot?gx-no-cache=1495204799388 HTTP/1.1" 200 38
186.79.87.216 - - [19/May/2017:11:39:07 -0300] "GET /cormun/servlet/solicitudot?3b10f868afac725de9240fe696d577af32766a60d4c790a470e5ea5e319d9d44b9da2dcf2b281e2c460d95dab9a91cb78c48ebadf007e2d017cbaa422afc1f7c71d7835179015273ccf3bdbe3e83e528b08fed0b5694fe5cc6b5c4b90de0e929c3f540db6e34a8163166e89c569ff4489b6fecb176e3919cdc0a5b2b89b849bfe0f669e6f98ebfd5fce2a79e770225a598bea9359d0214cb76b7bf5f1f0fff72,gx-no-cache=1495204807033 HTTP/1.1" 200 29
186.79.87.216 - - [19/May/2017:11:39:07 -0300] "POST /cormun/servlet/solicitudot?gx-no-cache=1495204807224 HTTP/1.1" 200 1279
186.79.87.216 - - [19/May/2017:11:39:07 -0300] "POST /cormun/servlet/solicitudot?gx-no-cache=1495204807452 HTTP/1.1" 200 1162
186.79.87.216 - - [19/May/2017:11:39:07 -0300] "GET /cormun/static/menuarrow.gif HTTP/1.1" 404 1015
186.79.87.216 - - [19/May/2017:11:39:10 -0300] "POST /cormun/servlet/solicitudot?gx-no-cache=1495204809591 HTTP/1.1" 200 1279
186.79.87.216 - - [19/May/2017:11:39:10 -0300] "POST /cormun/servlet/solicitudot?gx-no-cache=1495204809982 HTTP/1.1" 200 1162
186.79.87.216 - - [19/May/2017:11:39:18 -0300] "GET /cormun/servlet/solicitudot?3b10f868afac725de9240fe696d577af0fea97a7b76aa51a8ddbf54531b9b0eafd7307746f841a4552e05f78f92561ca794cf4b6aa60b72b10bd26b91e014f231eae3642b9f163519ff165e5f5944963b967383058e339701470f4631f9bd858569d310474226c2aaffa6891cebcb0c811f0e864e10060929c6c2ebd9c9b173961ad0ebd7b4eef529da03e252b95ece0d1328ee55215372abac17d5aaa888172d043144d5c982ec52f5c2ea893083a87,gx-no-cache=1495204817973 HTTP/1.1" 200 30
186.79.87.216 - - [19/May/2017:11:39:32 -0300] "POST /cormun/servlet/solicitudot?df60af78ee72b70820712cf61651e46c,INS,0,0,,gx-no-cache=1495204831741 HTTP/1.1" 200 93
186.79.87.216 - - [19/May/2017:11:39:32 -0300] "GET /cormun/servlet/hpexe_return? HTTP/1.1" 200 1028
186.79.87.216 - - [19/May/2017:11:39:33 -0300] "GET /cormun/servlet/trsolicitudot?gx-no-cache=1495204011340 HTTP/1.1" 200 10627
186.79.87.216 - - [19/May/2017:11:39:34 -0300] "GET /cormun/servlet/trsolicitudot?gx-no-cache=1495204011340 HTTP/1.1" 200 10645
186.103.159.182 - - [19/May/2017:11:39:54 -0300] "GET /cormun/servlet/trpermisosadjuntos?13945553,20170519113357,P, HTTP/1.1" 200 6375
186.103.159.182 - - [19/May/2017:11:39:56 -0300] "GET /cormun/servlet/trpermisosadjuntos?13945553,20170519113357,P, HTTP/1.1" 200 6376
186.103.159.182 - - [19/May/2017:11:39:58 -0300] "GET /cormun/servlet/permisosadjuntos?INS,13945553,P,20170519113357,, HTTP/1.1" 200 5706
186.103.159.182 - - [19/May/2017:11:39:58 -0300] "GET /cormun/static/about:blank HTTP/1.1" 404 1011
186.103.159.182 - - [19/May/2017:11:39:58 -0300] "GET /cormun/servlet/permisosadjuntos?INS,13945553,P,20170519113357,, HTTP/1.1" 200 5696
186.79.87.216 - - [19/May/2017:11:40:01 -0300] "GET /cormun/servlet/vesolicitudot?2017,6506,, HTTP/1.1" 200 8297
186.79.87.216 - - [19/May/2017:11:40:01 -0300] "GET /cormun/pexe_scrolldiv.js HTTP/1.1" 404 1009
186.79.87.216 - - [19/May/2017:11:40:02 -0300] "GET /cormun/pexe_scrolldiv.js HTTP/1.1" 404 1009
186.79.87.216 - - [19/May/2017:11:40:03 -0300] "GET /cormun/servlet/vesolicitudot?2017,6506,, HTTP/1.1" 200 8276
186.103.159.182 - - [19/May/2017:11:40:10 -0300] "POST /cormun/servlet/permisosadjuntos?02d688df7608166f25177e98dd8fcc01,INS,13945553,P,20170519113357,, HTTP/1.1" 200 116
186.103.159.182 - - [19/May/2017:11:40:10 -0300] "GET /cormun/servlet/hpexe_return? HTTP/1.1" 200 1038
186.103.159.182 - - [19/May/2017:11:40:10 -0300] "GET /cormun/servlet/trpermisosadjuntos?13945553,20170519113357,P, HTTP/1.1" 200 6824
186.103.159.182 - - [19/May/2017:11:40:11 -0300] "GET /cormun/servlet/trpermisosadjuntos?13945553,20170519113357,P, HTTP/1.1" 200 6821
186.103.159.182 - - [19/May/2017:11:40:15 -0300] "POST /cormun/servlet/trpermisosadjuntos?02d688df7608166f25177e98dd8fcc01,13945553,20170519113357,P,,gx-no-cache=1495204872525 HTTP/1.1" 200 90
186.103.159.182 - - [19/May/2017:11:40:15 -0300] "GET /cormun/servlet/hpexe_link HTTP/1.1" 200 985
186.103.159.182 - - [19/May/2017:11:40:15 -0300] "GET /cormun/servlet/trpermisosgoce HTTP/1.1" 200 7561
186.103.159.182 - - [19/May/2017:11:40:16 -0300] "GET /cormun/servlet/trpermisosgoce HTTP/1.1" 200 7559
186.103.159.182 - - [19/May/2017:11:40:35 -0300] "POST /cormun/servlet/trpermisosgoce?02d688df7608166f25177e98dd8fcc01,gx-no-cache=1495204892930 HTTP/1.1" 200 3912
186.103.159.182 - - [19/May/2017:11:40:35 -0300] "GET /cormun/static/Shared/jqueryui/images/ui-bg_highlight-soft_100_c6c2c8_1x100.png HTTP/1.1" 404 1117
186.103.159.182 - - [19/May/2017:11:40:35 -0300] "GET /cormun/static/Shared/jqueryui/images/ui-icons_82798d_256x240.png HTTP/1.1" 404 1089
186.103.159.182 - - [19/May/2017:11:40:35 -0300] "GET /cormun/static/Shared/jqueryui/images/ui-bg_flat_55_fafafa_40x100.png HTTP/1.1" 404 1097
186.103.159.182 - - [19/May/2017:11:40:35 -0300] "GET /cormun/static/Shared/jqueryui/images/ui-icons_8d78a5_256x240.png HTTP/1.1" 404 1089
186.103.159.182 - - [19/May/2017:11:40:41 -0300] "GET /cormun/servlet/trautorizarpermisogoce? HTTP/1.1" 200 7614
186.103.159.182 - - [19/May/2017:11:40:42 -0300] "GET /cormun/static/gxcfg.js?20174111145711 HTTP/1.1" 200 953
186.103.159.182 - - [19/May/2017:11:40:43 -0300] "GET /cormun/servlet/trautorizarpermisogoce? HTTP/1.1" 200 7613
186.103.159.182 - - [19/May/2017:11:40:47 -0300] "POST /cormun/servlet/trautorizarpermisogoce?02d688df7608166f25177e98dd8fcc01,,gx-no-cache=1495204905040 HTTP/1.1" 200 4166
186.103.159.182 - - [19/May/2017:11:40:47 -0300] "GET /cormun/static/Shared/jqueryui/images/ui-icons_82798d_256x240.png HTTP/1.1" 404 1089
186.103.159.182 - - [19/May/2017:11:40:47 -0300] "GET /cormun/static/Shared/jqueryui/images/ui-bg_highlight-soft_100_c6c2c8_1x100.png HTTP/1.1" 404 1117
186.103.159.182 - - [19/May/2017:11:40:47 -0300] "GET /cormun/static/Shared/jqueryui/images/ui-bg_flat_55_fafafa_40x100.png HTTP/1.1" 404 1097
186.103.159.182 - - [19/May/2017:11:40:47 -0300] "GET /cormun/static/Shared/jqueryui/images/ui-icons_8d78a5_256x240.png HTTP/1.1" 404 1089
186.79.87.216 - - [19/May/2017:11:40:50 -0300] "POST /cormun/servlet/vesolicitudot?df60af78ee72b70820712cf61651e46c,2017,6506,,,gx-no-cache=1495204909585 HTTP/1.1" 200 90
186.79.87.216 - - [19/May/2017:11:40:50 -0300] "GET /cormun/servlet/hpexe_link HTTP/1.1" 200 987
186.79.87.216 - - [19/May/2017:11:40:50 -0300] "GET /cormun/servlet/trsolicitudot?gx-no-cache=1495204011340 HTTP/1.1" 200 10624
186.79.87.216 - - [19/May/2017:11:40:52 -0300] "GET /cormun/servlet/trsolicitudot?gx-no-cache=1495204011340 HTTP/1.1" 200 10645
186.79.87.216 - - [19/May/2017:11:40:56 -0300] "GET /cormun/servlet/vesolicitudot?2017,6507,, HTTP/1.1" 200 8295
186.79.87.216 - - [19/May/2017:11:40:57 -0300] "GET /cormun/pexe_scrolldiv.js HTTP/1.1" 404 1009
186.79.87.216 - - [19/May/2017:11:40:58 -0300] "GET /cormun/servlet/vesolicitudot?2017,6507,, HTTP/1.1" 200 8273
186.79.87.216 - - [19/May/2017:11:41:43 -0300] "POST /cormun/servlet/vesolicitudot?df60af78ee72b70820712cf61651e46c,2017,6507,,,gx-no-cache=1495204963165 HTTP/1.1" 200 90
186.79.87.216 - - [19/May/2017:11:41:44 -0300] "GET /cormun/servlet/hpexe_link HTTP/1.1" 200 989
186.79.87.216 - - [19/May/2017:11:41:44 -0300] "GET /cormun/servlet/trsolicitudot?gx-no-cache=1495204011340 HTTP/1.1" 200 10624
186.79.87.216 - - [19/May/2017:11:41:46 -0300] "GET /cormun/servlet/trsolicitudot?gx-no-cache=1495204011340 HTTP/1.1" 200 10645
186.79.87.216 - - [19/May/2017:11:41:50 -0300] "GET /cormun/servlet/vesolicitudot?2017,6508,, HTTP/1.1" 200 8322
186.79.87.216 - - [19/May/2017:11:41:50 -0300] "GET /cormun/pexe_scrolldiv.js HTTP/1.1" 404 1009
186.79.87.216 - - [19/May/2017:11:41:51 -0300] "GET /cormun/servlet/vesolicitudot?2017,6508,, HTTP/1.1" 200 8300
186.79.87.216 - - [19/May/2017:11:42:29 -0300] "POST /cormun/servlet/vesolicitudot?df60af78ee72b70820712cf61651e46c,2017,6508,,,gx-no-cache=1495205008440 HTTP/1.1" 200 90
186.79.87.216 - - [19/May/2017:11:42:29 -0300] "GET /cormun/servlet/hpexe_link HTTP/1.1" 200 989
186.79.87.216 - - [19/May/2017:11:42:29 -0300] "GET /cormun/servlet/trsolicitudot?gx-no-cache=1495204011340 HTTP/1.1" 200 10624
186.79.87.216 - - [19/May/2017:11:42:31 -0300] "GET /cormun/servlet/trsolicitudot?gx-no-cache=1495204011340 HTTP/1.1" 200 10645
186.79.87.216 - - [19/May/2017:11:42:37 -0300] "GET /cormun/servlet/vesolicitudot?2017,6509,, HTTP/1.1" 200 8314
186.79.87.216 - - [19/May/2017:11:42:37 -0300] "GET /cormun/pexe_scrolldiv.js HTTP/1.1" 404 1009
186.79.87.216 - - [19/May/2017:11:42:38 -0300] "GET /cormun/servlet/vesolicitudot?2017,6509,, HTTP/1.1" 200 8292
186.79.87.216 - - [19/May/2017:11:43:12 -0300] "POST /cormun/servlet/vesolicitudot?df60af78ee72b70820712cf61651e46c,2017,6509,,,gx-no-cache=1495205051568 HTTP/1.1" 200 90
186.79.87.216 - - [19/May/2017:11:43:12 -0300] "GET /cormun/servlet/hpexe_link HTTP/1.1" 200 989
186.79.87.216 - - [19/May/2017:11:43:12 -0300] "GET /cormun/servlet/trsolicitudot?gx-no-cache=1495204011340 HTTP/1.1" 200 10624
186.79.87.216 - - [19/May/2017:11:43:14 -0300] "GET /cormun/servlet/trsolicitudot?gx-no-cache=1495204011340 HTTP/1.1" 200 10645
186.79.87.216 - - [19/May/2017:11:43:28 -0300] "GET /cormun/servlet/solicitudot?INS,0,0, HTTP/1.1" 200 12866
186.79.87.216 - - [19/May/2017:11:43:29 -0300] "GET /cormun/servlet/solicitudot?INS,0,0, HTTP/1.1" 200 12849
186.79.87.216 - - [19/May/2017:11:43:44 -0300] "POST /cormun/servlet/solicitudot?gx-no-cache=1495205084208 HTTP/1.1" 200 3183
186.79.87.216 - - [19/May/2017:11:43:45 -0300] "POST /cormun/servlet/solicitudot?df60af78ee72b70820712cf61651e46c,INS,0,0,,gx-no-cache=1495205084767 HTTP/1.1" 200 9985
186.79.87.216 - - [19/May/2017:11:43:49 -0300] "GET /cormun/servlet/solicitudot?3b10f868afac725de9240fe696d577af5e88aa326b22efae0e3867fb91ee353b9d6d6030dff9d976ea8a80f51129c78e,gx-no-cache=1495205089652 HTTP/1.1" 200 30
186.79.87.216 - - [19/May/2017:11:43:50 -0300] "POST /cormun/servlet/solicitudot?gx-no-cache=1495205089754 HTTP/1.1" 200 255
186.79.87.216 - - [19/May/2017:11:43:50 -0300] "GET /cormun/servlet/solicitudot?3b10f868afac725de9240fe696d577af6bbbd110168b3ef9b6d06b1125f8690d0d1297200dba1951c87b9ba59e73fc9807dad84bb11d720d39005a84fda4a6937ecf83400f60b1c199bed3c2bfbbf5f40362bfbc9dc5a54f712e1a3dbd372e275c24e2861805b3a5b8e6afc2e8ed68b1b91e6fbd5b862fc2f48d94ee2624873c6a4b9d599ef03f532a9c2a0448e1a164a6069310021f9ad20e69ee9558c7c10e28cbcd9c123256b60a9938a36ec3fbd7b7525c699b7a300df6edee27a3ce746fca15080217130632857c22363e75558ab887a7a1ecf27727d5f3c20eea1aae35723c8ba9739fe6e8f88cb704480c03f24507712012a90ae7fff964999878cd4afbfc1d0751cee30af916a410bd657064a82f27a143ce394aed7a6ae0fd121ce39d4f4e2cda1d71979900655ab991e08cb3b874c3a97e928f0f6b5ceb562d4449207ae83e650037c01cdd8d6b3df03d1239663cdd350218be62629fa91db13b0db5ce1e7768af2c75a3ad305ddc5c608a82545999ad11efaa66e5e12be1a5a9a9,gx-no-cache=1495205090325 HTTP/1.1" 200 30
186.79.87.216 - - [19/May/2017:11:43:52 -0300] "POST /cormun/servlet/solicitudot?gx-no-cache=1495205091987 HTTP/1.1" 200 30
186.79.87.216 - - [19/May/2017:11:44:05 -0300] "POST /cormun/servlet/solicitudot?gx-no-cache=1495205105387 HTTP/1.1" 200 1297
186.79.87.216 - - [19/May/2017:11:44:05 -0300] "POST /cormun/servlet/solicitudot?gx-no-cache=1495205105587 HTTP/1.1" 200 38
186.79.87.216 - - [19/May/2017:11:44:12 -0300] "GET /cormun/servlet/solicitudot?3b10f868afac725de9240fe696d577af32766a60d4c790a470e5ea5e319d9d44b9da2dcf2b281e2c460d95dab9a91cb78c48ebadf007e2d017cbaa422afc1f7c71d7835179015273ccf3bdbe3e83e528b08fed0b5694fe5cc6b5c4b90de0e929c3f540db6e34a8163166e89c569ff4489b6fecb176e3919cdc0a5b2b89b849bfe0f669e6f98ebfd5fce2a79e770225a598bea9359d0214cb76b7bf5f1f0fff72,gx-no-cache=1495205112052 HTTP/1.1" 200 29
186.79.87.216 - - [19/May/2017:11:44:12 -0300] "POST /cormun/servlet/solicitudot?gx-no-cache=1495205112437 HTTP/1.1" 200 1279
186.79.87.216 - - [19/May/2017:11:44:12 -0300] "POST /cormun/servlet/solicitudot?gx-no-cache=1495205112649 HTTP/1.1" 200 1162
186.79.87.216 - - [19/May/2017:11:44:13 -0300] "GET /cormun/static/menuarrow.gif HTTP/1.1" 404 1015
186.79.87.216 - - [19/May/2017:11:44:14 -0300] "POST /cormun/servlet/solicitudot?gx-no-cache=1495205114577 HTTP/1.1" 200 1279
186.79.87.216 - - [19/May/2017:11:44:15 -0300] "POST /cormun/servlet/solicitudot?gx-no-cache=1495205114771 HTTP/1.1" 200 1162
186.79.87.216 - - [19/May/2017:11:44:23 -0300] "GET /cormun/servlet/solicitudot?3b10f868afac725de9240fe696d577af3634203abfb33951bdcca364f2a0da9e40d7fab37b40ed1e5d76ba22ddc5eed4794cf4b6aa60b72b10bd26b91e014f231eae3642b9f163519ff165e5f5944963b967383058e339701470f4631f9bd858569d310474226c2aaffa6891cebcb0c811f0e864e10060929c6c2ebd9c9b173961ad0ebd7b4eef529da03e252b95ece0d1328ee55215372abac17d5aaa888172d043144d5c982ec52f5c2ea893083a87,gx-no-cache=1495205122349 HTTP/1.1" 200 30
186.79.87.216 - - [19/May/2017:11:44:34 -0300] "POST /cormun/servlet/solicitudot?df60af78ee72b70820712cf61651e46c,INS,0,0,,gx-no-cache=1495205133269 HTTP/1.1" 200 93
186.79.87.216 - - [19/May/2017:11:44:34 -0300] "GET /cormun/servlet/hpexe_return? HTTP/1.1" 200 1028
186.79.87.216 - - [19/May/2017:11:44:34 -0300] "GET /cormun/servlet/trsolicitudot?gx-no-cache=1495204011340 HTTP/1.1" 200 11045
186.79.87.216 - - [19/May/2017:11:44:36 -0300] "GET /cormun/servlet/trsolicitudot?gx-no-cache=1495204011340 HTTP/1.1" 200 11063
186.79.87.216 - - [19/May/2017:11:44:39 -0300] "GET /cormun/servlet/vesolicitudot?2017,6510,, HTTP/1.1" 200 8290
186.79.87.216 - - [19/May/2017:11:44:39 -0300] "GET /cormun/pexe_scrolldiv.js HTTP/1.1" 404 1009
186.79.87.216 - - [19/May/2017:11:44:40 -0300] "GET /cormun/servlet/vesolicitudot?2017,6510,, HTTP/1.1" 200 8269
186.79.87.216 - - [19/May/2017:11:45:32 -0300] "POST /cormun/servlet/vesolicitudot?df60af78ee72b70820712cf61651e46c,2017,6510,,,gx-no-cache=1495205191906 HTTP/1.1" 200 90
186.79.87.216 - - [19/May/2017:11:45:32 -0300] "GET /cormun/servlet/hpexe_link HTTP/1.1" 200 989
186.79.87.216 - - [19/May/2017:11:45:33 -0300] "GET /cormun/servlet/trsolicitudot?gx-no-cache=1495204011340 HTTP/1.1" 200 11042
186.79.87.216 - - [19/May/2017:11:45:34 -0300] "GET /cormun/servlet/trsolicitudot?gx-no-cache=1495204011340 HTTP/1.1" 200 11063
186.79.87.216 - - [19/May/2017:11:45:42 -0300] "GET /cormun/servlet/solicitudot?INS,0,0, HTTP/1.1" 200 12866
186.79.87.216 - - [19/May/2017:11:45:45 -0300] "GET /cormun/servlet/solicitudot?INS,0,0, HTTP/1.1" 200 12849
186.79.87.216 - - [19/May/2017:11:45:54 -0300] "POST /cormun/servlet/solicitudot?gx-no-cache=1495205213588 HTTP/1.1" 200 3183
186.79.87.216 - - [19/May/2017:11:45:54 -0300] "POST /cormun/servlet/solicitudot?df60af78ee72b70820712cf61651e46c,INS,0,0,,gx-no-cache=1495205214290 HTTP/1.1" 200 9984
