186.79.87.216 - - [19/May/2017:11:14:18 -0300] "GET /cormun/static/gxcfg.js?20171191042720 HTTP/1.1" 200 953
186.79.87.216 - - [19/May/2017:11:14:19 -0300] "GET /cormun/static/Resources/Spanish/PXTools.css?18365030 HTTP/1.1" 200 89042
186.79.87.216 - - [19/May/2017:11:14:19 -0300] "GET /cormun/static/solicitudot.js?2017119104297 HTTP/1.1" 200 63948
186.79.87.216 - - [19/May/2017:11:14:19 -0300] "GET /cormun/static/Resources/prompt.gif HTTP/1.1" 200 902
186.67.172.234 - - [19/May/2017:11:14:20 -0300] "POST /cormun/servlet/solicitudot?gx-no-cache=1495203318064 HTTP/1.1" 200 1297
186.67.172.234 - - [19/May/2017:11:14:20 -0300] "POST /cormun/servlet/solicitudot?gx-no-cache=1495203318137 HTTP/1.1" 200 38
186.79.87.216 - - [19/May/2017:11:14:20 -0300] "GET /cormun/servlet/solicitudot?INS,0,0, HTTP/1.1" 200 12849
186.67.172.234 - - [19/May/2017:11:14:28 -0300] "GET /cormun/servlet/solicitudot?d0f4e2f170ce579dcd70c12fca347dd349f91aabd6c6767bf23bea707a0a4e66c22673ad6f209240d4d39c8432707f24c8fa8277d68b8a7e5621fde257b1010f3b2c920ab927a656b4798e93a9a7ffc2246b04eca0f59d380e2312c00b83d03218c95de9d077da7f96f093c3a7e442abed1b7e8e61e06e0f870a78d9317e80d75fa56015c21b6f92cd9a6337bf4f1eb822113e4a4b657e1c675d47cba6b10d8986580f33d4f880a8e63527a9cfa385559031e19cdf53bf2ffabfdac30c918309ce3c95c5ae7e5d2cede7dbdd6deac79d,gx-no-cache=1495203326129 HTTP/1.1" 200 29
186.79.87.216 - - [19/May/2017:11:14:31 -0300] "POST /cormun/servlet/solicitudot?gx-no-cache=1495203331137 HTTP/1.1" 200 3201
186.79.87.216 - - [19/May/2017:11:14:32 -0300] "POST /cormun/servlet/solicitudot?df60af78ee72b70820712cf61651e46c,INS,0,0,,gx-no-cache=1495203331650 HTTP/1.1" 200 9982
186.67.172.234 - - [19/May/2017:11:14:36 -0300] "POST /cormun/servlet/solicitudot?gx-no-cache=1495203333721 HTTP/1.1" 200 1280
186.67.172.234 - - [19/May/2017:11:14:36 -0300] "POST /cormun/servlet/solicitudot?gx-no-cache=1495203333772 HTTP/1.1" 200 1162
186.67.172.234 - - [19/May/2017:11:14:36 -0300] "GET /cormun/static/menuarrow.gif HTTP/1.1" 404 1015
186.67.172.234 - - [19/May/2017:11:14:39 -0300] "POST /cormun/servlet/solicitudot?gx-no-cache=1495203337192 HTTP/1.1" 200 1280
186.67.172.234 - - [19/May/2017:11:14:39 -0300] "POST /cormun/servlet/solicitudot?gx-no-cache=1495203337253 HTTP/1.1" 200 1162
186.79.87.216 - - [19/May/2017:11:14:45 -0300] "GET /cormun/servlet/solicitudot?3b10f868afac725de9240fe696d577af6eb076f56bdbad8bf0495de128857e389d6d6030dff9d976ea8a80f51129c78e,gx-no-cache=1495203345485 HTTP/1.1" 200 30
186.79.87.216 - - [19/May/2017:11:14:45 -0300] "POST /cormun/servlet/solicitudot?gx-no-cache=1495203345627 HTTP/1.1" 200 255
186.79.87.216 - - [19/May/2017:11:14:46 -0300] "GET /cormun/servlet/solicitudot?3b10f868afac725de9240fe696d577af6bbbd110168b3ef9b6d06b1125f8690d0d1297200dba1951c87b9ba59e73fc9807dad84bb11d720d39005a84fda4a6937ecf83400f60b1c199bed3c2bfbbf5f40362bfbc9dc5a54f712e1a3dbd372e275c24e2861805b3a5b8e6afc2e8ed68b1b91e6fbd5b862fc2f48d94ee2624873c6a4b9d599ef03f532a9c2a0448e1a164a6069310021f9ad20e69ee9558c7c10e28cbcd9c123256b60a9938a36ec3fbd7b7525c699b7a300df6edee27a3ce746fca15080217130632857c22363e75558ab887a7a1ecf27727d5f3c20eea1aae35723c8ba9739fe6e8f88cb704480c03f24507712012a90ae7fff964999878cd4afbfc1d0751cee30af916a410bd657064a82f27a143ce394aed7a6ae0fd121ce39d4f4e2cda1d71979900655ab991e08cb3b874c3a97e928f0f6b5ceb562d4449207ae83e650037c01cdd8d6b3df03d1239663cdd350218be62629fa91db13b0db5ce1e7768af2c75a3ad305ddc5c608a82545999ad11efaa66e5e12be1a5a9a9,gx-no-cache=1495203345831 HTTP/1.1" 200 30
186.79.87.216 - - [19/May/2017:11:14:50 -0300] "POST /cormun/servlet/solicitudot?gx-no-cache=1495203349855 HTTP/1.1" 200 30
186.67.172.234 - - [19/May/2017:11:14:50 -0300] "GET /cormun/servlet/solicitudot?d0f4e2f170ce579dcd70c12fca347dd3ce01f5111501db4a6c54f405b2f44a6965ffcaf8e88138f3afdde6311122eba56cff8d70db53b9d8545b91224922d817e35686c4a14303d49a12de1ce727680340a25ea42b6d716467def3c1d0bb13cfc5b9fcfaa9803189af263263ee5090b1f87923493d4bc9e93d93c896029f62f29c2cb74b692e70ca9a3bf5ef2dfdd7140dd2e59c053c0eaa387afa165ac5e8827f21c514756547c9a9ed2a30ca9d612d,gx-no-cache=1495203347796 HTTP/1.1" 200 30
186.79.87.216 - - [19/May/2017:11:15:12 -0300] "POST /cormun/servlet/solicitudot?gx-no-cache=1495203372633 HTTP/1.1" 200 1297
186.79.87.216 - - [19/May/2017:11:15:13 -0300] "POST /cormun/servlet/solicitudot?gx-no-cache=1495203372826 HTTP/1.1" 200 38
186.67.172.234 - - [19/May/2017:11:15:30 -0300] "POST /cormun/servlet/solicitudot?3f324c1dc136373317e0285dbde21e17,INS,0,0,,gx-no-cache=1495203387677 HTTP/1.1" 200 93
186.67.172.234 - - [19/May/2017:11:15:30 -0300] "GET /cormun/servlet/hpexe_return? HTTP/1.1" 200 1006
186.67.172.234 - - [19/May/2017:11:15:30 -0300] "GET /cormun/static/hpexe_return.js?2016101716175153 HTTP/1.1" 200 1633
186.67.172.234 - - [19/May/2017:11:15:30 -0300] "GET /cormun/static/gxcfg.js?2016101716175148 HTTP/1.1" 200 953
186.67.172.234 - - [19/May/2017:11:15:30 -0300] "GET /cormun/static/Resources/Spanish/PXTools.css?167811 HTTP/1.1" 200 89042
186.67.172.234 - - [19/May/2017:11:15:30 -0300] "GET /cormun/servlet/trsolicitudot HTTP/1.1" 200 8812
186.67.172.234 - - [19/May/2017:11:15:30 -0300] "GET /cormun/servlet/trsolicitudot HTTP/1.1" 200 8808
186.79.87.216 - - [19/May/2017:11:15:31 -0300] "GET /cormun/servlet/solicitudot?3b10f868afac725de9240fe696d577af32766a60d4c790a470e5ea5e319d9d44b9da2dcf2b281e2c460d95dab9a91cb78c48ebadf007e2d017cbaa422afc1f7c71d7835179015273ccf3bdbe3e83e528b08fed0b5694fe5cc6b5c4b90de0e929c3f540db6e34a8163166e89c569ff4489b6fecb176e3919cdc0a5b2b89b849bfe0f669e6f98ebfd5fce2a79e770225a598bea9359d0214cb76b7bf5f1f0fff72,gx-no-cache=1495203391689 HTTP/1.1" 200 29
186.79.87.216 - - [19/May/2017:11:15:32 -0300] "POST /cormun/servlet/solicitudot?gx-no-cache=1495203391909 HTTP/1.1" 200 1279
186.79.87.216 - - [19/May/2017:11:15:32 -0300] "POST /cormun/servlet/solicitudot?gx-no-cache=1495203392193 HTTP/1.1" 200 1162
186.79.87.216 - - [19/May/2017:11:15:32 -0300] "GET /cormun/static/menuarrow.gif HTTP/1.1" 404 1015
186.79.87.216 - - [19/May/2017:11:15:51 -0300] "POST /cormun/servlet/solicitudot?gx-no-cache=1495203410850 HTTP/1.1" 200 1279
186.79.87.216 - - [19/May/2017:11:15:52 -0300] "POST /cormun/servlet/solicitudot?gx-no-cache=1495203411589 HTTP/1.1" 200 1162
186.79.87.216 - - [19/May/2017:11:16:18 -0300] "GET /cormun/servlet/solicitudot?3b10f868afac725de9240fe696d577af3cd0b7ff29a92bb61c5a8ff1f0ff70e687bef3db54f4199a7fef262590671134794cf4b6aa60b72b10bd26b91e014f231eae3642b9f163519ff165e5f5944963b967383058e339701470f4631f9bd858569d310474226c2aaffa6891cebcb0c811f0e864e10060929c6c2ebd9c9b173961ad0ebd7b4eef529da03e252b95ece0d1328ee55215372abac17d5aaa888172d043144d5c982ec52f5c2ea893083a87,gx-no-cache=1495203438140 HTTP/1.1" 200 30
186.79.87.216 - - [19/May/2017:11:17:28 -0300] "POST /cormun/servlet/solicitudot?df60af78ee72b70820712cf61651e46c,INS,0,0,,gx-no-cache=1495203507293 HTTP/1.1" 200 93
186.79.87.216 - - [19/May/2017:11:17:28 -0300] "GET /cormun/servlet/hpexe_return? HTTP/1.1" 200 1008
186.79.87.216 - - [19/May/2017:11:17:28 -0300] "GET /cormun/static/gxcfg.js?2016101716175148 HTTP/1.1" 200 953
186.79.87.216 - - [19/May/2017:11:17:28 -0300] "GET /cormun/static/hpexe_return.js?2016101716175153 HTTP/1.1" 200 1633
186.79.87.216 - - [19/May/2017:11:17:28 -0300] "GET /cormun/static/Resources/Spanish/PXTools.css?167811 HTTP/1.1" 200 89042
186.79.87.216 - - [19/May/2017:11:17:30 -0300] "GET /cormun/servlet/trsolicitudot HTTP/1.1" 200 8760
186.79.87.216 - - [19/May/2017:11:17:32 -0300] "GET /cormun/servlet/trsolicitudot HTTP/1.1" 200 8756
186.79.87.216 - - [19/May/2017:11:17:40 -0300] "GET /cormun/servlet/vesolicitudot?2017,6499,, HTTP/1.1" 200 8297
186.79.87.216 - - [19/May/2017:11:17:40 -0300] "GET /cormun/static/gxcfg.js?201731711515882 HTTP/1.1" 200 953
186.79.87.216 - - [19/May/2017:11:17:40 -0300] "GET /cormun/pexe_scrolldiv.js HTTP/1.1" 404 1009
186.79.87.216 - - [19/May/2017:11:17:40 -0300] "GET /cormun/static/vesolicitudot.js?201731711515955 HTTP/1.1" 200 6091
186.79.87.216 - - [19/May/2017:11:17:40 -0300] "GET /cormun/static/hwcviewtabs.js?20173171133571 HTTP/1.1" 200 1074
186.79.87.216 - - [19/May/2017:11:17:40 -0300] "GET /cormun/pexe_scrolldiv.js HTTP/1.1" 404 1009
186.79.87.216 - - [19/May/2017:11:17:40 -0300] "GET /cormun/static/hpexe_tabsview.js?201610171694228 HTTP/1.1" 200 1661
186.79.87.216 - - [19/May/2017:11:17:40 -0300] "GET /cormun/static/Resources/PXToolsTabLastUnselected.png HTTP/1.1" 200 1291
186.79.87.216 - - [19/May/2017:11:17:40 -0300] "GET /cormun/static/Resources/PXToolsTabFirstSelected.png HTTP/1.1" 200 1259
186.79.87.216 - - [19/May/2017:11:17:40 -0300] "GET /cormun/static/Resources/PXToolsTabPrevious.gif HTTP/1.1" 200 172
186.79.87.216 - - [19/May/2017:11:17:40 -0300] "GET /cormun/static/tbsolicitudot01.js?201731711332949 HTTP/1.1" 200 28340
186.79.87.216 - - [19/May/2017:11:17:40 -0300] "GET /cormun/static/Resources/PXToolsTabNext.gif HTTP/1.1" 200 168
186.79.87.216 - - [19/May/2017:11:17:41 -0300] "GET /cormun/static/calendar-system.css HTTP/1.1" 200 5572
186.79.87.216 - - [19/May/2017:11:17:41 -0300] "GET /cormun/static/Resources/PXToolsTabBackSelected.png HTTP/1.1" 200 1157
186.79.87.216 - - [19/May/2017:11:17:41 -0300] "GET /cormun/static/Resources/PXToolsTabBackUnselected.png HTTP/1.1" 200 1175
186.79.87.216 - - [19/May/2017:11:17:41 -0300] "GET /cormun/static/Resources/PXToolsTabSelectedUnselected.png HTTP/1.1" 200 1428
186.79.87.216 - - [19/May/2017:11:17:41 -0300] "GET /cormun/static/Resources/PXToolsTabUnselectedUnselected.png HTTP/1.1" 200 1459
186.79.87.216 - - [19/May/2017:11:17:41 -0300] "GET /cormun/servlet/vesolicitudot?2017,6499,, HTTP/1.1" 200 8296
186.67.172.234 - - [19/May/2017:11:17:51 -0300] "POST /cormun/servlet/trsolicitudot?3f324c1dc136373317e0285dbde21e17,gx-no-cache=1495203528752 HTTP/1.1" 200 5415
186.67.172.234 - - [19/May/2017:11:17:51 -0300] "GET /cormun/static/Shared/jqueryui/images/ui-bg_highlight-soft_100_c6c2c8_1x100.png HTTP/1.1" 404 1117
186.67.172.234 - - [19/May/2017:11:17:51 -0300] "GET /cormun/static/Shared/jqueryui/images/ui-icons_82798d_256x240.png HTTP/1.1" 404 1089
186.67.172.234 - - [19/May/2017:11:17:51 -0300] "GET /cormun/static/Shared/jqueryui/images/ui-bg_flat_55_fafafa_40x100.png HTTP/1.1" 404 1097
186.67.172.234 - - [19/May/2017:11:17:51 -0300] "GET /cormun/static/Shared/jqueryui/images/ui-icons_8d78a5_256x240.png HTTP/1.1" 404 1089
186.67.172.234 - - [19/May/2017:11:17:51 -0300] "POST /cormun/servlet/trsolicitudot?3f324c1dc136373317e0285dbde21e17,gx-no-cache=1495203529081 HTTP/1.1" 200 5358
186.79.106.119 - - [19/May/2017:11:19:27 -0300] "POST /cormun/servlet/trsolicitudot?904860ddae2e36a5dc322b71ccc0c39b,,gx-no-cache=1495200029527 HTTP/1.1" 200 106
186.79.106.119 - - [19/May/2017:11:19:27 -0300] "GET /cormun/servlet/solicitudot?DLT,2017,6473, HTTP/1.1" 200 9371
186.79.106.119 - - [19/May/2017:11:19:28 -0300] "GET /cormun/static/Shared/jqueryui/images/ui-bg_highlight-soft_100_c6c2c8_1x100.png HTTP/1.1" 404 1117
186.79.106.119 - - [19/May/2017:11:19:28 -0300] "GET /cormun/static/Shared/jqueryui/images/ui-icons_82798d_256x240.png HTTP/1.1" 404 1089
186.79.106.119 - - [19/May/2017:11:19:28 -0300] "GET /cormun/static/Shared/jqueryui/images/ui-bg_flat_55_fafafa_40x100.png HTTP/1.1" 404 1097
186.79.106.119 - - [19/May/2017:11:19:28 -0300] "GET /cormun/static/Shared/jqueryui/images/ui-icons_8d78a5_256x240.png HTTP/1.1" 404 1089
186.79.106.119 - - [19/May/2017:11:19:28 -0300] "GET /cormun/servlet/solicitudot?DLT,2017,6473, HTTP/1.1" 200 9380
186.79.106.119 - - [19/May/2017:11:20:21 -0300] "POST /cormun/servlet/solicitudot?904860ddae2e36a5dc322b71ccc0c39b,DLT,2017,6473,,gx-no-cache=1495200082686 HTTP/1.1" 200 93
186.79.106.119 - - [19/May/2017:11:20:21 -0300] "GET /cormun/servlet/hpexe_return? HTTP/1.1" 200 1005
186.79.106.119 - - [19/May/2017:11:20:21 -0300] "GET /cormun/static/gxcfg.js?2016101716175148 HTTP/1.1" 304 -
186.79.106.119 - - [19/May/2017:11:20:21 -0300] "GET /cormun/servlet/trsolicitudot HTTP/1.1" 200 8511
186.79.106.119 - - [19/May/2017:11:20:22 -0300] "GET /cormun/servlet/trsolicitudot HTTP/1.1" 200 8507
186.79.106.119 - - [19/May/2017:11:20:33 -0300] "GET /cormun/servlet/solicitudot?INS,0,0, HTTP/1.1" 200 12610
186.79.106.119 - - [19/May/2017:11:20:33 -0300] "GET /cormun/servlet/solicitudot?INS,0,0, HTTP/1.1" 200 12615
186.79.106.119 - - [19/May/2017:11:20:35 -0300] "GET /cormun/servlet/prfichaempleado?,MD,,gxPopupLevel%3D0%3B HTTP/1.1" 200 8823
186.79.106.119 - - [19/May/2017:11:20:35 -0300] "GET /cormun/static/gxcfg.js?2017319125415 HTTP/1.1" 304 -
186.79.106.119 - - [19/May/2017:11:20:48 -0300] "POST /cormun/servlet/prfichaempleado?904860ddae2e36a5dc322b71ccc0c39b,,MD,,gxPopupLevel%3D0%3B,gx-no-cache=1495200109812 HTTP/1.1" 200 3449
186.79.106.119 - - [19/May/2017:11:20:53 -0300] "POST /cormun/servlet/solicitudot?gx-no-cache=1495200115566 HTTP/1.1" 200 3167
186.79.106.119 - - [19/May/2017:11:20:54 -0300] "POST /cormun/servlet/solicitudot?904860ddae2e36a5dc322b71ccc0c39b,INS,0,0,,gx-no-cache=1495200115982 HTTP/1.1" 200 9766
186.79.106.119 - - [19/May/2017:11:20:54 -0300] "GET /cormun/servlet/solicitudot?b227935b31402ec5a138266e3438024dc4eb452d2541484a2e2e2161325b2eacad7d85b879238e781ae7e077d127a80b,gx-no-cache=1495200116515 HTTP/1.1" 200 30
186.79.106.119 - - [19/May/2017:11:21:21 -0300] "POST /cormun/servlet/solicitudot?gx-no-cache=1495200143403 HTTP/1.1" 200 255
186.79.106.119 - - [19/May/2017:11:21:21 -0300] "GET /cormun/servlet/solicitudot?b227935b31402ec5a138266e3438024dca8076cfe79d75e30953abe20ab3755146df994899bc9230fd43263587f28149279ec13ecf209f7559a927ad858106864963c5c2b87084f2e1454a970c9c0dd9d74370d0e71fb95c6b6ceacc32f38bf1bf5cf4e2a24c224936e501f6ccd0a6977217dabd3443207f337aa62a7b81d5026ef6470b7e75b0e69d6dda0850bc001740fdea3e24e2f5c238d57071318bff3b91d2bf1ea5a5b53f019e8921a6ddace4011493fc7b63977bbec912e117559ef5d1b8391b8ec024b90558146b714fd696d48bf74af30867a6b3ee575e84b196ba0463598c0044f22a005329b2275eb431529886fd97e0d05df984396ab7371a3a5011f28fa3c5c0cf102d087b6786cbf4dc6f351fdcd4cd47f3d3567905ae538a427ed8ed4f2bf382d020981a270c35b96b7f54f9c578e5b2e330122a143014ef6bbd1e1306387ae77a37aba1f05b41937cced348e10bbfbf870fd15670056ed0346204f998c7c12f42cfef20738135b6db24169e373077d9712d9924ce737ee9,gx-no-cache=1495200143549 HTTP/1.1" 200 30
186.103.159.46 - - [19/May/2017:11:21:34 -0300] "GET /cormun/servlet/hhome HTTP/1.1" 200 3336
186.79.106.119 - - [19/May/2017:11:21:34 -0300] "POST /cormun/servlet/solicitudot?gx-no-cache=1495200157071 HTTP/1.1" 200 30
186.103.159.46 - - [19/May/2017:11:21:35 -0300] "GET /cormun/static/gxcfg.js?201731711483497 HTTP/1.1" 304 -
186.103.159.46 - - [19/May/2017:11:21:36 -0300] "GET /cormun/static/messages.spa.js?85251 HTTP/1.1" 304 -
186.103.159.46 - - [19/May/2017:11:21:37 -0300] "GET /cormun/servlet/hhome HTTP/1.1" 200 3345
186.103.159.46 - - [19/May/2017:11:21:38 -0300] "GET /cormun/servlet/hlogin HTTP/1.1" 200 1734
186.103.159.46 - - [19/May/2017:11:21:38 -0300] "GET /cormun/static/gxcfg.js?201741110203197 HTTP/1.1" 304 -
186.103.159.46 - - [19/May/2017:11:21:38 -0300] "GET /cormun/static/hlogin.js?201741110203211 HTTP/1.1" 304 -
186.103.159.46 - - [19/May/2017:11:21:53 -0300] "POST /cormun/servlet/hlogin?781759070a75452093a344fe2653f265,gx-no-cache=1495203770723 HTTP/1.1" 200 90
186.103.159.46 - - [19/May/2017:11:21:53 -0300] "GET /cormun/servlet/hpexe_link HTTP/1.1" 200 951
186.103.159.46 - - [19/May/2017:11:21:53 -0300] "GET /cormun/static/gxcfg.js?201731711483381 HTTP/1.1" 304 -
186.103.159.46 - - [19/May/2017:11:21:53 -0300] "GET /cormun/servlet/hhome HTTP/1.1" 200 3779
186.103.159.46 - - [19/May/2017:11:21:55 -0300] "GET /cormun/servlet/hhome HTTP/1.1" 200 3779
186.79.106.119 - - [19/May/2017:11:22:02 -0300] "POST /cormun/servlet/solicitudot?gx-no-cache=1495200184960 HTTP/1.1" 200 1297
186.79.106.119 - - [19/May/2017:11:22:03 -0300] "POST /cormun/servlet/solicitudot?gx-no-cache=1495200185182 HTTP/1.1" 200 38
186.79.106.119 - - [19/May/2017:11:22:11 -0300] "GET /cormun/servlet/solicitudot?b227935b31402ec5a138266e3438024d632b06d90cf0e6e639434b072776c702587d06f63e85228168b334ac6e617278dd85b3036651116627af995715395dd592bffaa6ad2972ddf301490e7b81164f707f0ffe1f9ab6cf0e2317e771d710be2a1f0943300eaa87b5f1019bb8a7a78036d9fe0586411f1a122cb4ea08ed095bdd481ef15fcc7f92a8468bb16efe4c50a533c72f8a3149c073a16aaedf5b51c0,gx-no-cache=1495200193488 HTTP/1.1" 200 29
186.79.106.119 - - [19/May/2017:11:22:11 -0300] "POST /cormun/servlet/solicitudot?gx-no-cache=1495200193583 HTTP/1.1" 200 1280
186.79.106.119 - - [19/May/2017:11:22:11 -0300] "POST /cormun/servlet/solicitudot?gx-no-cache=1495200193762 HTTP/1.1" 200 1161
186.79.106.119 - - [19/May/2017:11:22:11 -0300] "GET /cormun/static/menuarrow.gif HTTP/1.1" 404 1015
186.79.106.119 - - [19/May/2017:11:22:13 -0300] "POST /cormun/servlet/solicitudot?gx-no-cache=1495200195944 HTTP/1.1" 200 1280
186.79.106.119 - - [19/May/2017:11:22:14 -0300] "POST /cormun/servlet/solicitudot?gx-no-cache=1495200196134 HTTP/1.1" 200 1161
186.79.106.119 - - [19/May/2017:11:22:34 -0300] "GET /cormun/servlet/solicitudot?b227935b31402ec5a138266e3438024d9df46b7cc2c3d94c06936ebd1cbf094dce0a9d2dc5c994b7537cbb311a73cd7cc0ab3834a14ec5cf44245b1e1b05dda1037df8ab928292f495a875a44d0f4aa6f9fe8b644a63950edbd0d36bf22e6f951021d1059e539808938fbd8fa1d80ea43a777d91b271d78ad9a8df47eff6e77e7ff01908dfc0402df34fa442c8979d3bc8b6630233f14d1adf2353e82af0287ab5ac64028ef3b53dbe100af4e85401e3,gx-no-cache=1495200216365 HTTP/1.1" 200 30
186.79.106.119 - - [19/May/2017:11:22:48 -0300] "POST /cormun/servlet/solicitudot?904860ddae2e36a5dc322b71ccc0c39b,INS,0,0,,gx-no-cache=1495200229699 HTTP/1.1" 200 93
186.79.106.119 - - [19/May/2017:11:22:48 -0300] "GET /cormun/servlet/hpexe_return? HTTP/1.1" 200 998
186.79.106.119 - - [19/May/2017:11:22:49 -0300] "GET /cormun/servlet/trsolicitudot HTTP/1.1" 200 8793
186.79.106.119 - - [19/May/2017:11:22:50 -0300] "GET /cormun/servlet/trsolicitudot HTTP/1.1" 200 8789
186.79.106.119 - - [19/May/2017:11:23:06 -0300] "POST /cormun/servlet/trsolicitudot?904860ddae2e36a5dc322b71ccc0c39b,gx-no-cache=1495200247838 HTTP/1.1" 200 106
186.79.106.119 - - [19/May/2017:11:23:06 -0300] "GET /cormun/servlet/solicitudot?UPD,2017,6475, HTTP/1.1" 200 14284
186.79.106.119 - - [19/May/2017:11:23:07 -0300] "GET /cormun/servlet/solicitudot?UPD,2017,6475, HTTP/1.1" 200 14294
186.79.106.119 - - [19/May/2017:11:23:08 -0300] "POST /cormun/servlet/solicitudot?gx-no-cache=1495200250127 HTTP/1.1" 200 3167
186.79.106.119 - - [19/May/2017:11:23:08 -0300] "POST /cormun/servlet/solicitudot?904860ddae2e36a5dc322b71ccc0c39b,UPD,2017,6475,,gx-no-cache=1495200250656 HTTP/1.1" 200 10864
186.79.106.119 - - [19/May/2017:11:23:09 -0300] "GET /cormun/servlet/solicitudot?b227935b31402ec5a138266e3438024dc4eb452d2541484a2e2e2161325b2eac542db73e31696cf64a20c2a671c9c035,gx-no-cache=1495200251222 HTTP/1.1" 200 30
186.79.106.119 - - [19/May/2017:11:23:09 -0300] "POST /cormun/servlet/solicitudot?gx-no-cache=1495200251348 HTTP/1.1" 200 257
186.79.106.119 - - [19/May/2017:11:23:09 -0300] "GET /cormun/servlet/solicitudot?b227935b31402ec5a138266e3438024dca8076cfe79d75e30953abe20ab3755146df994899bc9230fd43263587f28149279ec13ecf209f7559a927ad858106864963c5c2b87084f2e1454a970c9c0dd9d74370d0e71fb95c6b6ceacc32f38bf1bf5cf4e2a24c224936e501f6ccd0a6977217dabd3443207f337aa62a7b81d5026ef6470b7e75b0e69d6dda0850bc001740fdea3e24e2f5c238d57071318bff3b91d2bf1ea5a5b53f019e8921a6ddace4011493fc7b63977bbec912e117559ef5d1b8391b8ec024b90558146b714fd696d48bf74af30867a6b3ee575e84b196ba0463598c0044f22a005329b2275eb431529886fd97e0d05df984396ab7371a3a5011f28fa3c5c0cf102d087b6786cbf4dc6f351fdcd4cd47f3d3567905ae538a427ed8ed4f2bf382d020981a270c35b96b7f54f9c578e5b2e330122a143014ef6bbd1e1306387ae77a37aba1f05b41937cced348e10bbfbf870fd15670056ed0346204f998c7c12f42cfef20738135b6fe8e3b79fdcfc26c0ca4c8bcfeb71360,gx-no-cache=1495200251464 HTTP/1.1" 200 30
186.79.106.119 - - [19/May/2017:11:23:09 -0300] "POST /cormun/servlet/solicitudot?gx-no-cache=1495200251583 HTTP/1.1" 200 30
186.79.106.119 - - [19/May/2017:11:23:09 -0300] "POST /cormun/servlet/solicitudot?gx-no-cache=1495200251695 HTTP/1.1" 200 1297
186.79.106.119 - - [19/May/2017:11:23:09 -0300] "POST /cormun/servlet/solicitudot?gx-no-cache=1495200251902 HTTP/1.1" 200 41
186.103.159.46 - - [19/May/2017:11:23:12 -0300] "GET /cormun/servlet/trpermisosgoce? HTTP/1.1" 200 7398
186.103.159.46 - - [19/May/2017:11:23:12 -0300] "GET /cormun/static/gxcfg.js?20174111153177 HTTP/1.1" 304 -
186.103.159.46 - - [19/May/2017:11:23:12 -0300] "GET /cormun/static/trpermisosgoce.js?20174111153217 HTTP/1.1" 304 -
186.79.106.119 - - [19/May/2017:11:23:13 -0300] "GET /cormun/servlet/solicitudot?b227935b31402ec5a138266e3438024d034ca64f3180dc56113f9f66241bf6f3f4054924e8af9246c08edf9405073630705fcce7e5f28af0b29fdc49d5f9089ead31096c28b14659130f6526e5fa65b00ac6768b67dda93bc10f45b8d02f91515490c47038872c54f218a6706992a3b5904263afd7d3863dacc3dc33129b50f7e53af27a65c524c8a62a1bb61f32a006592294348bfcad5a3e13335de056b1f6,gx-no-cache=1495200255912 HTTP/1.1" 200 29
186.79.106.119 - - [19/May/2017:11:23:14 -0300] "POST /cormun/servlet/solicitudot?gx-no-cache=1495200256258 HTTP/1.1" 200 1280
186.103.159.46 - - [19/May/2017:11:23:14 -0300] "GET /cormun/servlet/trpermisosgoce? HTTP/1.1" 200 7398
186.79.106.119 - - [19/May/2017:11:23:14 -0300] "POST /cormun/servlet/solicitudot?gx-no-cache=1495200256634 HTTP/1.1" 200 1161
186.79.106.119 - - [19/May/2017:11:23:14 -0300] "GET /cormun/servlet/solicitudot?b227935b31402ec5a138266e3438024d9df46b7cc2c3d94c06936ebd1cbf094dca5988c0a54a973f5e648661a1d371bbc0ab3834a14ec5cf44245b1e1b05dda1037df8ab928292f495a875a44d0f4aa6f9fe8b644a63950edbd0d36bf22e6f951021d1059e539808938fbd8fa1d80ea43a777d91b271d78ad9a8df47eff6e77e7ff01908dfc0402df34fa442c8979d3bc8b6630233f14d1adf2353e82af0287ab5ac64028ef3b53dbe100af4e85401e3,gx-no-cache=1495200256811 HTTP/1.1" 200 30
186.103.159.46 - - [19/May/2017:11:23:27 -0300] "GET /cormun/servlet/permisogoce?INS,0,,, HTTP/1.1" 200 6553
186.103.159.46 - - [19/May/2017:11:23:27 -0300] "GET /cormun/static/gxcfg.js?201741111325459 HTTP/1.1" 304 -
186.103.159.46 - - [19/May/2017:11:23:27 -0300] "GET /cormun/static/permisogoce.js?20174111132557 HTTP/1.1" 304 -
186.103.159.46 - - [19/May/2017:11:23:28 -0300] "GET /cormun/servlet/permisogoce?INS,0,,, HTTP/1.1" 200 6553
186.103.159.46 - - [19/May/2017:11:23:40 -0300] "GET /cormun/servlet/permisogoce?5f56b084a09efcd8944e85520c4015433bf30ec5215f3e20a96187c4cd45a4e8be954c694bc2b905ccdf856bd24ef913,gx-no-cache=1495203877629 HTTP/1.1" 200 75
186.103.159.46 - - [19/May/2017:11:23:40 -0300] "GET /cormun/static/menuarrow.gif HTTP/1.1" 404 1015
186.79.106.119 - - [19/May/2017:11:23:54 -0300] "POST /cormun/servlet/solicitudot?904860ddae2e36a5dc322b71ccc0c39b,UPD,2017,6475,,gx-no-cache=1495200294329 HTTP/1.1" 200 93
186.79.106.119 - - [19/May/2017:11:23:54 -0300] "GET /cormun/servlet/hpexe_return? HTTP/1.1" 200 1005
186.79.106.119 - - [19/May/2017:11:23:55 -0300] "GET /cormun/servlet/trsolicitudot HTTP/1.1" 200 8793
186.79.106.119 - - [19/May/2017:11:23:55 -0300] "GET /cormun/servlet/trsolicitudot HTTP/1.1" 200 8789
186.79.106.119 - - [19/May/2017:11:23:58 -0300] "GET /cormun/servlet/solicitudot?INS,0,0, HTTP/1.1" 200 12611
186.79.106.119 - - [19/May/2017:11:23:58 -0300] "GET /cormun/servlet/solicitudot?INS,0,0, HTTP/1.1" 200 12616
186.79.106.119 - - [19/May/2017:11:24:03 -0300] "GET /cormun/servlet/prfichaempleado?,MD,,gxPopupLevel%3D0%3B HTTP/1.1" 200 8823
186.79.106.119 - - [19/May/2017:11:24:15 -0300] "POST /cormun/servlet/prfichaempleado?904860ddae2e36a5dc322b71ccc0c39b,,MD,,gxPopupLevel%3D0%3B,gx-no-cache=1495200317114 HTTP/1.1" 200 3391
186.79.106.119 - - [19/May/2017:11:24:19 -0300] "POST /cormun/servlet/solicitudot?gx-no-cache=1495200321807 HTTP/1.1" 200 3197
186.79.106.119 - - [19/May/2017:11:24:20 -0300] "POST /cormun/servlet/solicitudot?904860ddae2e36a5dc322b71ccc0c39b,INS,0,0,,gx-no-cache=1495200322428 HTTP/1.1" 200 9788
186.79.106.119 - - [19/May/2017:11:24:20 -0300] "GET /cormun/servlet/solicitudot?b227935b31402ec5a138266e3438024dd2999ae07293413266a62fc11535f33fad7d85b879238e781ae7e077d127a80b,gx-no-cache=1495200323057 HTTP/1.1" 200 30
186.103.159.46 - - [19/May/2017:11:24:48 -0300] "GET /cormun/servlet/permisogoce?5f56b084a09efcd8944e85520c401543bdea8a66e3c425eee13621b4ac6f2bdc38972a7e4d7c4a83d8f64ae830094fdad8ff74fe7a8b40051e2444d454a58f8a5918af883996e048946f482098b724701dc11e2914ca4a3f048b9e753fb34e71,gx-no-cache=1495203946126 HTTP/1.1" 200 73
186.79.106.119 - - [19/May/2017:11:25:06 -0300] "POST /cormun/servlet/solicitudot?gx-no-cache=1495200367825 HTTP/1.1" 200 255
186.79.106.119 - - [19/May/2017:11:25:06 -0300] "GET /cormun/servlet/solicitudot?b227935b31402ec5a138266e3438024dca8076cfe79d75e30953abe20ab3755146df994899bc9230fd43263587f28149279ec13ecf209f7559a927ad858106864963c5c2b87084f2e1454a970c9c0dd9d74370d0e71fb95c6b6ceacc32f38bf1bf5cf4e2a24c224936e501f6ccd0a6977217dabd3443207f337aa62a7b81d5026ef6470b7e75b0e69d6dda0850bc001740fdea3e24e2f5c238d57071318bff3b91d2bf1ea5a5b53f019e8921a6ddace4011493fc7b63977bbec912e117559ef5d1b8391b8ec024b90558146b714fd696d48bf74af30867a6b3ee575e84b196ba0463598c0044f22a005329b2275eb431529886fd97e0d05df984396ab7371a3a5011f28fa3c5c0cf102d087b6786cbf4dc6f351fdcd4cd47f3d3567905ae538a427ed8ed4f2bf382d020981a270c35b96b7f54f9c578e5b2e330122a143014ef6bbd1e1306387ae77a37aba1f05b41937cced348e10bbfbf870fd15670056ed0346204f998c7c12f42cfef20738135b6db24169e373077d9712d9924ce737ee9,gx-no-cache=1495200368276 HTTP/1.1" 200 30
186.103.159.46 - - [19/May/2017:11:25:06 -0300] "GET /cormun/servlet/permisogoce?5f56b084a09efcd8944e85520c401543502329516b1eaac1a450d9acba78dcf68489df0692705996dd689f94703e1f8811b1d999788e9d8b781bde016ef12d08,gx-no-cache=1495203964204 HTTP/1.1" 200 47
186.79.106.119 - - [19/May/2017:11:25:09 -0300] "POST /cormun/servlet/solicitudot?gx-no-cache=1495200371284 HTTP/1.1" 200 30
186.79.87.216 - - [19/May/2017:11:25:17 -0300] "POST /cormun/servlet/vesolicitudot?df60af78ee72b70820712cf61651e46c,2017,6499,,,gx-no-cache=1495203976851 HTTP/1.1" 200 90
186.79.87.216 - - [19/May/2017:11:25:17 -0300] "GET /cormun/servlet/hpexe_link HTTP/1.1" 200 966
186.79.87.216 - - [19/May/2017:11:25:18 -0300] "GET /cormun/servlet/trsolicitudot HTTP/1.1" 200 8757
186.79.87.216 - - [19/May/2017:11:25:19 -0300] "GET /cormun/servlet/trsolicitudot HTTP/1.1" 200 8756
186.79.106.119 - - [19/May/2017:11:25:24 -0300] "POST /cormun/servlet/solicitudot?gx-no-cache=1495200386365 HTTP/1.1" 200 1296
186.79.106.119 - - [19/May/2017:11:25:24 -0300] "POST /cormun/servlet/solicitudot?gx-no-cache=1495200386493 HTTP/1.1" 200 38
186.103.159.46 - - [19/May/2017:11:25:27 -0300] "POST /cormun/servlet/permisogoce?781759070a75452093a344fe2653f265,INS,0,,,,gx-no-cache=1495203984628 HTTP/1.1" 200 93
186.103.159.46 - - [19/May/2017:11:25:27 -0300] "GET /cormun/servlet/hpexe_return? HTTP/1.1" 200 1007
186.103.159.46 - - [19/May/2017:11:25:27 -0300] "GET /cormun/static/gxcfg.js?2016101716175148 HTTP/1.1" 304 -
186.103.159.46 - - [19/May/2017:11:25:28 -0300] "GET /cormun/servlet/trpermisosgoce HTTP/1.1" 200 7668
186.79.106.119 - - [19/May/2017:11:25:29 -0300] "GET /cormun/servlet/solicitudot?b227935b31402ec5a138266e3438024d632b06d90cf0e6e639434b072776c702587d06f63e85228168b334ac6e617278dd85b3036651116627af995715395dd592bffaa6ad2972ddf301490e7b81164f707f0ffe1f9ab6cf0e2317e771d710be2a1f0943300eaa87b5f1019bb8a7a78036d9fe0586411f1a122cb4ea08ed095bdd481ef15fcc7f92a8468bb16efe4c50a533c72f8a3149c073a16aaedf5b51c0,gx-no-cache=1495200391863 HTTP/1.1" 200 29
186.79.106.119 - - [19/May/2017:11:25:29 -0300] "POST /cormun/servlet/solicitudot?gx-no-cache=1495200391947 HTTP/1.1" 200 1280
186.103.159.46 - - [19/May/2017:11:25:29 -0300] "GET /cormun/servlet/trpermisosgoce HTTP/1.1" 200 7664
186.79.106.119 - - [19/May/2017:11:25:30 -0300] "POST /cormun/servlet/solicitudot?gx-no-cache=1495200392134 HTTP/1.1" 200 1161
186.79.106.119 - - [19/May/2017:11:25:30 -0300] "GET /cormun/static/menuarrow.gif HTTP/1.1" 404 1015
186.79.106.119 - - [19/May/2017:11:25:33 -0300] "POST /cormun/servlet/solicitudot?gx-no-cache=1495200395826 HTTP/1.1" 200 1280
186.79.106.119 - - [19/May/2017:11:25:33 -0300] "POST /cormun/servlet/solicitudot?gx-no-cache=1495200396004 HTTP/1.1" 200 1161
186.103.159.46 - - [19/May/2017:11:25:34 -0300] "GET /cormun/servlet/apermisogoceprn?8915413,P,20170519112534,PU HTTP/1.1" 200 1652
186.79.106.119 - - [19/May/2017:11:25:50 -0300] "GET /cormun/servlet/solicitudot?b227935b31402ec5a138266e3438024d712d671c4aeed121bfe5d1ed0784484c5485137294a33fee88a4088ae6bcb2b1c0ab3834a14ec5cf44245b1e1b05dda1037df8ab928292f495a875a44d0f4aa6f9fe8b644a63950edbd0d36bf22e6f951021d1059e539808938fbd8fa1d80ea43a777d91b271d78ad9a8df47eff6e77e7ff01908dfc0402df34fa442c8979d3bc8b6630233f14d1adf2353e82af0287ab5ac64028ef3b53dbe100af4e85401e3,gx-no-cache=1495200412562 HTTP/1.1" 200 30
186.79.87.216 - - [19/May/2017:11:25:51 -0300] "POST /cormun/servlet/trsolicitudot?df60af78ee72b70820712cf61651e46c,gx-no-cache=1495204010385 HTTP/1.1" 200 5482
186.79.87.216 - - [19/May/2017:11:25:51 -0300] "GET /cormun/static/Shared/jqueryui/images/ui-bg_highlight-soft_100_c6c2c8_1x100.png HTTP/1.1" 404 1117
186.79.87.216 - - [19/May/2017:11:25:51 -0300] "GET /cormun/static/Shared/jqueryui/images/ui-icons_82798d_256x240.png HTTP/1.1" 404 1089
186.79.87.216 - - [19/May/2017:11:25:51 -0300] "GET /cormun/static/Shared/jqueryui/images/ui-bg_flat_55_fafafa_40x100.png HTTP/1.1" 404 1097
186.79.87.216 - - [19/May/2017:11:25:51 -0300] "GET /cormun/static/Shared/jqueryui/images/ui-icons_8d78a5_256x240.png HTTP/1.1" 404 1089
186.79.87.216 - - [19/May/2017:11:25:52 -0300] "POST /cormun/servlet/trsolicitudot?df60af78ee72b70820712cf61651e46c,gx-no-cache=1495204011340 HTTP/1.1" 200 5426
186.103.159.46 - - [19/May/2017:11:25:55 -0300] "GET /cormun/servlet/permisogoce?INS,0,,, HTTP/1.1" 200 6553
186.103.159.46 - - [19/May/2017:11:25:57 -0300] "GET /cormun/servlet/permisogoce?INS,0,,, HTTP/1.1" 200 6553
186.79.106.119 - - [19/May/2017:11:26:01 -0300] "POST /cormun/servlet/solicitudot?904860ddae2e36a5dc322b71ccc0c39b,INS,0,0,,gx-no-cache=1495200422638 HTTP/1.1" 200 93
186.79.106.119 - - [19/May/2017:11:26:01 -0300] "GET /cormun/servlet/hpexe_return? HTTP/1.1" 200 998
186.79.106.119 - - [19/May/2017:11:26:01 -0300] "GET /cormun/servlet/trsolicitudot HTTP/1.1" 200 9180
186.79.106.119 - - [19/May/2017:11:26:02 -0300] "GET /cormun/servlet/trsolicitudot HTTP/1.1" 200 9176
186.79.106.119 - - [19/May/2017:11:26:05 -0300] "GET /cormun/servlet/solicitudot?INS,0,0, HTTP/1.1" 200 12611
186.79.106.119 - - [19/May/2017:11:26:06 -0300] "GET /cormun/servlet/solicitudot?INS,0,0, HTTP/1.1" 200 12616
186.79.87.216 - - [19/May/2017:11:26:06 -0300] "GET /cormun/servlet/solicitudot?INS,0,0, HTTP/1.1" 200 12844
186.79.87.216 - - [19/May/2017:11:26:08 -0300] "GET /cormun/servlet/solicitudot?INS,0,0, HTTP/1.1" 200 12849
186.79.106.119 - - [19/May/2017:11:26:12 -0300] "POST /cormun/servlet/solicitudot?gx-no-cache=1495200434259 HTTP/1.1" 200 3152
186.79.106.119 - - [19/May/2017:11:26:12 -0300] "GET /cormun/static/Shared/jqueryui/images/ui-bg_highlight-soft_100_c6c2c8_1x100.png HTTP/1.1" 404 1117
186.79.106.119 - - [19/May/2017:11:26:12 -0300] "GET /cormun/static/Shared/jqueryui/images/ui-icons_82798d_256x240.png HTTP/1.1" 404 1089
186.79.106.119 - - [19/May/2017:11:26:12 -0300] "GET /cormun/static/Shared/jqueryui/images/ui-bg_flat_55_994d53_40x100.png HTTP/1.1" 404 1097
186.79.106.119 - - [19/May/2017:11:26:12 -0300] "GET /cormun/static/Shared/jqueryui/images/ui-icons_ebccce_256x240.png HTTP/1.1" 404 1089
186.79.106.119 - - [19/May/2017:11:26:14 -0300] "GET /cormun/servlet/prfichaempleado?,MD,,gxPopupLevel%3D0%3B HTTP/1.1" 200 8823
186.79.87.216 - - [19/May/2017:11:26:19 -0300] "POST /cormun/servlet/solicitudot?gx-no-cache=1495204038574 HTTP/1.1" 200 3185
186.79.87.216 - - [19/May/2017:11:26:19 -0300] "POST /cormun/servlet/solicitudot?df60af78ee72b70820712cf61651e46c,INS,0,0,,gx-no-cache=1495204039077 HTTP/1.1" 200 9969
186.79.106.119 - - [19/May/2017:11:26:25 -0300] "POST /cormun/servlet/prfichaempleado?904860ddae2e36a5dc322b71ccc0c39b,,MD,,gxPopupLevel%3D0%3B,gx-no-cache=1495200447135 HTTP/1.1" 200 3396
186.103.159.46 - - [19/May/2017:11:26:27 -0300] "GET /cormun/servlet/permisogoce?5f56b084a09efcd8944e85520c401543e0154ccde152e5fc35e2059ddfd5ecffdaa0ab5d117e9f7aad4ed811cadebb0d,gx-no-cache=1495204044989 HTTP/1.1" 200 71
186.103.159.46 - - [19/May/2017:11:26:27 -0300] "GET /cormun/static/menuarrow.gif HTTP/1.1" 404 1015
186.79.106.119 - - [19/May/2017:11:26:29 -0300] "POST /cormun/servlet/solicitudot?gx-no-cache=1495200451043 HTTP/1.1" 200 3181
186.79.87.216 - - [19/May/2017:11:26:29 -0300] "GET /cormun/servlet/solicitudot?3b10f868afac725de9240fe696d577af03f9329d2061279da35714725d824e789d6d6030dff9d976ea8a80f51129c78e,gx-no-cache=1495204049426 HTTP/1.1" 200 30
186.79.106.119 - - [19/May/2017:11:26:29 -0300] "POST /cormun/servlet/solicitudot?904860ddae2e36a5dc322b71ccc0c39b,INS,0,0,,gx-no-cache=1495200451454 HTTP/1.1" 200 9773
186.79.87.216 - - [19/May/2017:11:26:29 -0300] "POST /cormun/servlet/solicitudot?gx-no-cache=1495204049539 HTTP/1.1" 200 255
186.79.106.119 - - [19/May/2017:11:26:29 -0300] "GET /cormun/servlet/solicitudot?b227935b31402ec5a138266e3438024d2ad49ccf3038af82ac8d43b325b0c721ad7d85b879238e781ae7e077d127a80b,gx-no-cache=1495200451966 HTTP/1.1" 200 30
186.79.87.216 - - [19/May/2017:11:26:29 -0300] "GET /cormun/servlet/solicitudot?3b10f868afac725de9240fe696d577af6bbbd110168b3ef9b6d06b1125f8690d0d1297200dba1951c87b9ba59e73fc9807dad84bb11d720d39005a84fda4a6937ecf83400f60b1c199bed3c2bfbbf5f40362bfbc9dc5a54f712e1a3dbd372e275c24e2861805b3a5b8e6afc2e8ed68b1b91e6fbd5b862fc2f48d94ee2624873c6a4b9d599ef03f532a9c2a0448e1a164a6069310021f9ad20e69ee9558c7c10e28cbcd9c123256b60a9938a36ec3fbd7b7525c699b7a300df6edee27a3ce746fca15080217130632857c22363e75558ab887a7a1ecf27727d5f3c20eea1aae35723c8ba9739fe6e8f88cb704480c03f24507712012a90ae7fff964999878cd4afbfc1d0751cee30af916a410bd657064a82f27a143ce394aed7a6ae0fd121ce39d4f4e2cda1d71979900655ab991e08cb3b874c3a97e928f0f6b5ceb562d4449207ae83e650037c01cdd8d6b3df03d1239663cdd350218be62629fa91db13b0db5ce1e7768af2c75a3ad305ddc5c608a82545999ad11efaa66e5e12be1a5a9a9,gx-no-cache=1495204049655 HTTP/1.1" 200 30
186.79.87.216 - - [19/May/2017:11:26:32 -0300] "POST /cormun/servlet/solicitudot?gx-no-cache=1495204051965 HTTP/1.1" 200 30
186.79.106.119 - - [19/May/2017:11:26:34 -0300] "POST /cormun/servlet/solicitudot?gx-no-cache=1495200457032 HTTP/1.1" 200 255
186.79.106.119 - - [19/May/2017:11:26:35 -0300] "GET /cormun/servlet/solicitudot?b227935b31402ec5a138266e3438024dca8076cfe79d75e30953abe20ab3755146df994899bc9230fd43263587f28149279ec13ecf209f7559a927ad858106864963c5c2b87084f2e1454a970c9c0dd9d74370d0e71fb95c6b6ceacc32f38bf1bf5cf4e2a24c224936e501f6ccd0a6977217dabd3443207f337aa62a7b81d5026ef6470b7e75b0e69d6dda0850bc001740fdea3e24e2f5c238d57071318bff3b91d2bf1ea5a5b53f019e8921a6ddace4011493fc7b63977bbec912e117559ef5d1b8391b8ec024b90558146b714fd696d48bf74af30867a6b3ee575e84b196ba0463598c0044f22a005329b2275eb431529886fd97e0d05df984396ab7371a3a5011f28fa3c5c0cf102d087b6786cbf4dc6f351fdcd4cd47f3d3567905ae538a427ed8ed4f2bf382d020981a270c35b96b7f54f9c578e5b2e330122a143014ef6bbd1e1306387ae77a37aba1f05b41937cced348e10bbfbf870fd15670056ed0346204f998c7c12f42cfef20738135b6db24169e373077d9712d9924ce737ee9,gx-no-cache=1495200457143 HTTP/1.1" 200 30
186.79.106.119 - - [19/May/2017:11:26:37 -0300] "POST /cormun/servlet/solicitudot?gx-no-cache=1495200459346 HTTP/1.1" 200 30
186.103.159.46 - - [19/May/2017:11:26:41 -0300] "GET /cormun/servlet/permisogoce?5f56b084a09efcd8944e85520c4015433babb7e3621231f12fa0cc25a1a423ee6ff62fd4882ac022a1c023a7f1a90f2711b1d999788e9d8b781bde016ef12d08,gx-no-cache=1495204058777 HTTP/1.1" 200 47
186.79.106.119 - - [19/May/2017:11:26:47 -0300] "POST /cormun/servlet/solicitudot?gx-no-cache=1495200470009 HTTP/1.1" 200 1296
186.79.106.119 - - [19/May/2017:11:26:48 -0300] "POST /cormun/servlet/solicitudot?gx-no-cache=1495200470149 HTTP/1.1" 200 38
186.79.87.216 - - [19/May/2017:11:26:52 -0300] "POST /cormun/servlet/solicitudot?gx-no-cache=1495204071901 HTTP/1.1" 200 1297
186.79.87.216 - - [19/May/2017:11:26:52 -0300] "POST /cormun/servlet/solicitudot?gx-no-cache=1495204072061 HTTP/1.1" 200 38
186.79.106.119 - - [19/May/2017:11:26:52 -0300] "GET /cormun/servlet/solicitudot?b227935b31402ec5a138266e3438024d632b06d90cf0e6e639434b072776c702587d06f63e85228168b334ac6e617278dd85b3036651116627af995715395dd592bffaa6ad2972ddf301490e7b81164f707f0ffe1f9ab6cf0e2317e771d710be2a1f0943300eaa87b5f1019bb8a7a78036d9fe0586411f1a122cb4ea08ed095bdd481ef15fcc7f92a8468bb16efe4c50a533c72f8a3149c073a16aaedf5b51c0,gx-no-cache=1495200474730 HTTP/1.1" 200 29
186.79.106.119 - - [19/May/2017:11:26:52 -0300] "POST /cormun/servlet/solicitudot?gx-no-cache=1495200475007 HTTP/1.1" 200 1280
186.79.106.119 - - [19/May/2017:11:26:53 -0300] "POST /cormun/servlet/solicitudot?gx-no-cache=1495200475213 HTTP/1.1" 200 1161
186.79.106.119 - - [19/May/2017:11:26:53 -0300] "GET /cormun/static/menuarrow.gif HTTP/1.1" 404 1015
186.79.106.119 - - [19/May/2017:11:26:54 -0300] "POST /cormun/servlet/solicitudot?gx-no-cache=1495200476594 HTTP/1.1" 200 1280
186.79.106.119 - - [19/May/2017:11:26:54 -0300] "POST /cormun/servlet/solicitudot?gx-no-cache=1495200476790 HTTP/1.1" 200 1161
186.103.159.46 - - [19/May/2017:11:26:55 -0300] "POST /cormun/servlet/permisogoce?781759070a75452093a344fe2653f265,INS,0,,,,gx-no-cache=1495204072916 HTTP/1.1" 200 93
186.103.159.46 - - [19/May/2017:11:26:55 -0300] "GET /cormun/servlet/hpexe_return? HTTP/1.1" 200 1007
186.103.159.46 - - [19/May/2017:11:26:56 -0300] "GET /cormun/servlet/trpermisosgoce HTTP/1.1" 200 7871
186.103.159.46 - - [19/May/2017:11:26:58 -0300] "GET /cormun/servlet/trpermisosgoce HTTP/1.1" 200 7867
186.103.159.46 - - [19/May/2017:11:27:02 -0300] "GET /cormun/servlet/apermisogoceprn?7798370,P,20170519112702,PU HTTP/1.1" 200 1650
186.79.87.216 - - [19/May/2017:11:27:06 -0300] "GET /cormun/servlet/solicitudot?3b10f868afac725de9240fe696d577af32766a60d4c790a470e5ea5e319d9d44b9da2dcf2b281e2c460d95dab9a91cb78c48ebadf007e2d017cbaa422afc1f7c71d7835179015273ccf3bdbe3e83e528b08fed0b5694fe5cc6b5c4b90de0e929c3f540db6e34a8163166e89c569ff4489b6fecb176e3919cdc0a5b2b89b849bfe0f669e6f98ebfd5fce2a79e770225a598bea9359d0214cb76b7bf5f1f0fff72,gx-no-cache=1495204086230 HTTP/1.1" 200 29
186.79.87.216 - - [19/May/2017:11:27:06 -0300] "POST /cormun/servlet/solicitudot?gx-no-cache=1495204086329 HTTP/1.1" 200 1280
186.79.87.216 - - [19/May/2017:11:27:06 -0300] "POST /cormun/servlet/solicitudot?gx-no-cache=1495204086527 HTTP/1.1" 200 1161
186.79.87.216 - - [19/May/2017:11:27:06 -0300] "GET /cormun/static/menuarrow.gif HTTP/1.1" 404 1015
186.79.87.216 - - [19/May/2017:11:27:09 -0300] "POST /cormun/servlet/solicitudot?gx-no-cache=1495204088767 HTTP/1.1" 200 1280
186.79.87.216 - - [19/May/2017:11:27:09 -0300] "POST /cormun/servlet/solicitudot?gx-no-cache=1495204088959 HTTP/1.1" 200 1161
186.79.106.119 - - [19/May/2017:11:27:10 -0300] "GET /cormun/servlet/solicitudot?b227935b31402ec5a138266e3438024d3409b423e3e97803c17f5c757ae42f9cf7caa36f97acebd3dc9ef6a7d40c4d08c0ab3834a14ec5cf44245b1e1b05dda1037df8ab928292f495a875a44d0f4aa6f9fe8b644a63950edbd0d36bf22e6f951021d1059e539808938fbd8fa1d80ea43a777d91b271d78ad9a8df47eff6e77e7ff01908dfc0402df34fa442c8979d3bc8b6630233f14d1adf2353e82af0287ab5ac64028ef3b53dbe100af4e85401e3,gx-no-cache=1495200492315 HTTP/1.1" 200 30
186.79.87.216 - - [19/May/2017:11:27:24 -0300] "GET /cormun/servlet/solicitudot?3b10f868afac725de9240fe696d577af3d06f6929ee0f2e518d10a7ddd699f44aeb0601165a6d01271814490464c3330794cf4b6aa60b72b10bd26b91e014f231eae3642b9f163519ff165e5f5944963b967383058e339701470f4631f9bd858569d310474226c2aaffa6891cebcb0c811f0e864e10060929c6c2ebd9c9b173961ad0ebd7b4eef529da03e252b95ece0d1328ee55215372abac17d5aaa888172d043144d5c982ec52f5c2ea893083a87,gx-no-cache=1495204104096 HTTP/1.1" 200 30
186.79.106.119 - - [19/May/2017:11:27:27 -0300] "POST /cormun/servlet/solicitudot?904860ddae2e36a5dc322b71ccc0c39b,INS,0,0,,gx-no-cache=1495200508720 HTTP/1.1" 200 93
186.79.106.119 - - [19/May/2017:11:27:27 -0300] "GET /cormun/servlet/hpexe_return? HTTP/1.1" 200 998
186.79.106.119 - - [19/May/2017:11:27:27 -0300] "GET /cormun/servlet/trsolicitudot HTTP/1.1" 200 9535
186.79.106.119 - - [19/May/2017:11:27:28 -0300] "GET /cormun/servlet/trsolicitudot HTTP/1.1" 200 9530
186.79.106.119 - - [19/May/2017:11:27:35 -0300] "POST /cormun/servlet/trsolicitudot?904860ddae2e36a5dc322b71ccc0c39b,gx-no-cache=1495200517159 HTTP/1.1" 200 6385
186.79.106.119 - - [19/May/2017:11:27:35 -0300] "GET /cormun/static/Shared/jqueryui/images/ui-bg_highlight-soft_100_c6c2c8_1x100.png HTTP/1.1" 404 1117
186.79.106.119 - - [19/May/2017:11:27:35 -0300] "GET /cormun/static/Shared/jqueryui/images/ui-icons_82798d_256x240.png HTTP/1.1" 404 1089
186.79.106.119 - - [19/May/2017:11:27:35 -0300] "GET /cormun/static/Shared/jqueryui/images/ui-bg_flat_55_fafafa_40x100.png HTTP/1.1" 404 1097
186.79.106.119 - - [19/May/2017:11:27:36 -0300] "GET /cormun/static/Shared/jqueryui/images/ui-icons_8d78a5_256x240.png HTTP/1.1" 404 1089
186.79.106.119 - - [19/May/2017:11:27:36 -0300] "POST /cormun/servlet/trsolicitudot?904860ddae2e36a5dc322b71ccc0c39b,gx-no-cache=1495200517869 HTTP/1.1" 200 6330
186.79.106.119 - - [19/May/2017:11:27:38 -0300] "POST /cormun/servlet/trsolicitudot?904860ddae2e36a5dc322b71ccc0c39b,gx-no-cache=1495200519952 HTTP/1.1" 200 6009
186.79.87.216 - - [19/May/2017:11:27:38 -0300] "POST /cormun/servlet/solicitudot?df60af78ee72b70820712cf61651e46c,INS,0,0,,gx-no-cache=1495204117896 HTTP/1.1" 200 93
186.79.87.216 - - [19/May/2017:11:27:38 -0300] "GET /cormun/servlet/hpexe_return? HTTP/1.1" 200 1028
186.79.106.119 - - [19/May/2017:11:27:38 -0300] "POST /cormun/servlet/trsolicitudot?904860ddae2e36a5dc322b71ccc0c39b,gx-no-cache=1495200520574 HTTP/1.1" 200 5952
186.79.87.216 - - [19/May/2017:11:27:39 -0300] "GET /cormun/servlet/trsolicitudot?gx-no-cache=1495204011340 HTTP/1.1" 200 8737
186.79.106.119 - - [19/May/2017:11:27:40 -0300] "POST /cormun/servlet/trsolicitudot?904860ddae2e36a5dc322b71ccc0c39b,gx-no-cache=1495200521911 HTTP/1.1" 200 5708
186.79.106.119 - - [19/May/2017:11:27:40 -0300] "POST /cormun/servlet/trsolicitudot?904860ddae2e36a5dc322b71ccc0c39b,gx-no-cache=1495200522500 HTTP/1.1" 200 5650
186.79.87.216 - - [19/May/2017:11:27:40 -0300] "GET /cormun/servlet/trsolicitudot?gx-no-cache=1495204011340 HTTP/1.1" 200 8754
186.79.106.119 - - [19/May/2017:11:27:42 -0300] "POST /cormun/servlet/trsolicitudot?904860ddae2e36a5dc322b71ccc0c39b,gx-no-cache=1495200523863 HTTP/1.1" 200 5294
186.79.106.119 - - [19/May/2017:11:27:42 -0300] "POST /cormun/servlet/trsolicitudot?904860ddae2e36a5dc322b71ccc0c39b,gx-no-cache=1495200524385 HTTP/1.1" 200 5237
186.79.106.119 - - [19/May/2017:11:27:43 -0300] "POST /cormun/servlet/trsolicitudot?904860ddae2e36a5dc322b71ccc0c39b,gx-no-cache=1495200525815 HTTP/1.1" 200 4163
186.79.106.119 - - [19/May/2017:11:27:44 -0300] "POST /cormun/servlet/trsolicitudot?904860ddae2e36a5dc322b71ccc0c39b,gx-no-cache=1495200526412 HTTP/1.1" 200 3923
186.79.87.216 - - [19/May/2017:11:27:45 -0300] "GET /cormun/servlet/vesolicitudot?2017,6503,, HTTP/1.1" 200 8304
186.79.87.216 - - [19/May/2017:11:27:45 -0300] "GET /cormun/pexe_scrolldiv.js HTTP/1.1" 404 1009
186.79.87.216 - - [19/May/2017:11:27:45 -0300] "GET /cormun/pexe_scrolldiv.js HTTP/1.1" 404 1009
192.168.10.96 - - [19/May/2017:11:27:46 -0300] "GET /cormun/servlet/trconsultaempleado? HTTP/1.1" 200 5357
192.168.10.96 - - [19/May/2017:11:27:46 -0300] "GET /cormun/servlet/hlogin HTTP/1.1" 200 1745
192.168.10.96 - - [19/May/2017:11:27:46 -0300] "GET /cormun/servlet/trconsultaempleado? HTTP/1.1" 200 5337
186.79.87.216 - - [19/May/2017:11:27:46 -0300] "GET /cormun/servlet/vesolicitudot?2017,6503,, HTTP/1.1" 200 8285
186.103.159.46 - - [19/May/2017:11:27:50 -0300] "GET /cormun/servlet/permisogoce?INS,0,,, HTTP/1.1" 200 6554
186.103.159.46 - - [19/May/2017:11:27:52 -0300] "GET /cormun/servlet/permisogoce?INS,0,,, HTTP/1.1" 200 6554
192.168.10.96 - - [19/May/2017:11:27:52 -0300] "POST /cormun/servlet/hlogin?2e7f568052bfcdded229baa80e8bb20f,gx-no-cache=1495204079413 HTTP/1.1" 200 90
192.168.10.96 - - [19/May/2017:11:27:52 -0300] "GET /cormun/servlet/hpexe_link HTTP/1.1" 200 963
192.168.10.96 - - [19/May/2017:11:27:53 -0300] "GET /cormun/servlet/trconsultaempleado HTTP/1.1" 200 9418
192.168.10.96 - - [19/May/2017:11:27:54 -0300] "GET /cormun/servlet/trconsultaempleado HTTP/1.1" 200 9416
192.168.10.96 - - [19/May/2017:11:27:55 -0300] "GET /cormun/servlet/trconsultaempleado? HTTP/1.1" 200 9416
192.168.10.96 - - [19/May/2017:11:27:56 -0300] "GET /cormun/servlet/trconsultaempleado? HTTP/1.1" 200 9416
192.168.10.96 - - [19/May/2017:11:28:01 -0300] "POST /cormun/servlet/trconsultaempleado?2e7f568052bfcdded229baa80e8bb20f,,gx-no-cache=1495204088088 HTTP/1.1" 200 4191
192.168.10.96 - - [19/May/2017:11:28:02 -0300] "GET /cormun/servlet/trsolicitudnombre?16378826, HTTP/1.1" 200 7689
192.168.10.96 - - [19/May/2017:11:28:02 -0300] "GET /cormun/servlet/trsolicitudnombre?16378826, HTTP/1.1" 200 7692
192.168.10.96 - - [19/May/2017:11:28:05 -0300] "GET /cormun/servlet/vesolicitudnombre?2017,5191,, HTTP/1.1" 200 8559
192.168.10.96 - - [19/May/2017:11:28:05 -0300] "GET /cormun/pexe_scrolldiv.js HTTP/1.1" 404 1009
192.168.10.96 - - [19/May/2017:11:28:05 -0300] "GET /cormun/pexe_scrolldiv.js HTTP/1.1" 404 1009
192.168.10.96 - - [19/May/2017:11:28:05 -0300] "GET /cormun/servlet/vesolicitudnombre?2017,5191,, HTTP/1.1" 200 8552
192.168.10.96 - - [19/May/2017:11:28:07 -0300] "GET /cormun/servlet/vesolicitudnombre?2017,5191,,SolicitudOTAdjuntos HTTP/1.1" 200 7519
192.168.10.96 - - [19/May/2017:11:28:07 -0300] "GET /cormun/pexe_scrolldiv.js HTTP/1.1" 404 1009
192.168.10.96 - - [19/May/2017:11:28:07 -0300] "GET /cormun/pexe_scrolldiv.js HTTP/1.1" 404 1009
192.168.10.96 - - [19/May/2017:11:28:07 -0300] "GET /cormun/servlet/vesolicitudnombre?2017,5191,,SolicitudOTAdjuntos HTTP/1.1" 200 7520
192.168.10.96 - - [19/May/2017:11:28:08 -0300] "POST /cormun/servlet/acontrolpreferencessavestate?None,DZAMUDIO,true HTTP/1.1" 200 35
192.168.10.96 - - [19/May/2017:11:28:09 -0300] "POST /cormun/servlet/vesolicitudnombre?2e7f568052bfcdded229baa80e8bb20f,2017,5191,,SolicitudOTAdjuntos,gx-no-cache=1495204096402 HTTP/1.1" 200 90
192.168.10.96 - - [19/May/2017:11:28:09 -0300] "GET /cormun/servlet/hpexe_link HTTP/1.1" 200 991
192.168.10.96 - - [19/May/2017:11:28:09 -0300] "GET /cormun/servlet/trsolicitudnombre?16378826, HTTP/1.1" 200 7692
192.168.10.96 - - [19/May/2017:11:28:10 -0300] "GET /cormun/servlet/trsolicitudnombre?16378826, HTTP/1.1" 200 7692
192.168.10.96 - - [19/May/2017:11:28:15 -0300] "GET /cormun/servlet/vesolicitudnombre?2017,5191,, HTTP/1.1" 200 8559
192.168.10.96 - - [19/May/2017:11:28:15 -0300] "GET /cormun/pexe_scrolldiv.js HTTP/1.1" 404 1009
192.168.10.96 - - [19/May/2017:11:28:15 -0300] "GET /cormun/pexe_scrolldiv.js HTTP/1.1" 404 1009
192.168.10.96 - - [19/May/2017:11:28:15 -0300] "GET /cormun/servlet/vesolicitudnombre?2017,5191,, HTTP/1.1" 200 8552
192.168.10.96 - - [19/May/2017:11:28:19 -0300] "GET /cormun/servlet/vesolicitudnombre?2017,5191,,SolicitudOTAdjuntos HTTP/1.1" 200 7519
192.168.10.96 - - [19/May/2017:11:28:19 -0300] "GET /cormun/pexe_scrolldiv.js HTTP/1.1" 404 1009
192.168.10.96 - - [19/May/2017:11:28:19 -0300] "GET /cormun/pexe_scrolldiv.js HTTP/1.1" 404 1009
192.168.10.96 - - [19/May/2017:11:28:19 -0300] "GET /cormun/servlet/vesolicitudnombre?2017,5191,,SolicitudOTAdjuntos HTTP/1.1" 200 7520
192.168.10.96 - - [19/May/2017:11:28:20 -0300] "POST /cormun/servlet/acontrolpreferencessavestate?None,DZAMUDIO,true HTTP/1.1" 200 35
192.168.10.96 - - [19/May/2017:11:28:21 -0300] "POST /cormun/servlet/vesolicitudnombre?2e7f568052bfcdded229baa80e8bb20f,2017,5191,,SolicitudOTAdjuntos,gx-no-cache=1495204108114 HTTP/1.1" 200 90
192.168.10.96 - - [19/May/2017:11:28:21 -0300] "GET /cormun/servlet/hpexe_link HTTP/1.1" 200 991
192.168.10.96 - - [19/May/2017:11:28:21 -0300] "GET /cormun/servlet/trsolicitudnombre?16378826, HTTP/1.1" 200 7691
192.168.10.96 - - [19/May/2017:11:28:21 -0300] "GET /cormun/servlet/trsolicitudnombre?16378826, HTTP/1.1" 200 7694
192.168.10.96 - - [19/May/2017:11:28:23 -0300] "GET /cormun/servlet/vesolicitudnombre?2016,377,, HTTP/1.1" 200 8600
192.168.10.96 - - [19/May/2017:11:28:23 -0300] "GET /cormun/pexe_scrolldiv.js HTTP/1.1" 404 1009
192.168.10.96 - - [19/May/2017:11:28:23 -0300] "GET /cormun/pexe_scrolldiv.js HTTP/1.1" 404 1009
192.168.10.96 - - [19/May/2017:11:28:24 -0300] "GET /cormun/servlet/vesolicitudnombre?2016,377,, HTTP/1.1" 200 8591
192.168.10.96 - - [19/May/2017:11:28:26 -0300] "GET /cormun/servlet/vesolicitudnombre?2016,377,,SolicitudOTAdjuntos HTTP/1.1" 200 7516
192.168.10.96 - - [19/May/2017:11:28:26 -0300] "GET /cormun/pexe_scrolldiv.js HTTP/1.1" 404 1009
192.168.10.96 - - [19/May/2017:11:28:26 -0300] "GET /cormun/pexe_scrolldiv.js HTTP/1.1" 404 1009
192.168.10.96 - - [19/May/2017:11:28:26 -0300] "GET /cormun/servlet/vesolicitudnombre?2016,377,,SolicitudOTAdjuntos HTTP/1.1" 200 7517
192.168.10.96 - - [19/May/2017:11:28:27 -0300] "POST /cormun/servlet/acontrolpreferencessavestate?None,DZAMUDIO,true HTTP/1.1" 200 35
186.103.159.46 - - [19/May/2017:11:28:27 -0300] "GET /cormun/servlet/permisogoce?5f56b084a09efcd8944e85520c401543934dee7ece560ce7ed6413ac9d2b3620daa0ab5d117e9f7aad4ed811cadebb0d,gx-no-cache=1495204165330 HTTP/1.1" 200 80
186.103.159.46 - - [19/May/2017:11:28:28 -0300] "GET /cormun/static/menuarrow.gif HTTP/1.1" 404 1015
192.168.10.96 - - [19/May/2017:11:28:28 -0300] "POST /cormun/servlet/vesolicitudnombre?2e7f568052bfcdded229baa80e8bb20f,2016,377,,SolicitudOTAdjuntos,gx-no-cache=1495204115183 HTTP/1.1" 200 90
192.168.10.96 - - [19/May/2017:11:28:28 -0300] "GET /cormun/servlet/hpexe_link HTTP/1.1" 200 990
192.168.10.96 - - [19/May/2017:11:28:28 -0300] "GET /cormun/servlet/trsolicitudnombre?16378826, HTTP/1.1" 200 7690
