186.103.159.182 - - [18/May/2017:16:49:41 -0300] "GET /cormun/static/calendar-es.js?85251 HTTP/1.1" 304 -
186.103.159.182 - - [18/May/2017:16:49:41 -0300] "GET /cormun/static/gxdec.js?85251 HTTP/1.1" 304 -
186.103.159.182 - - [18/May/2017:16:49:43 -0300] "GET /cormun/servlet/hlogin HTTP/1.1" 200 1740
186.103.159.182 - - [18/May/2017:16:49:43 -0300] "GET /cormun/servlet/trlicencias? HTTP/1.1" 200 5982
186.79.168.99 - - [18/May/2017:16:49:45 -0300] "POST /cormun/servlet/trvisualizadoreventos?97e4d0552ae290463542bff0e8eb10f8,,gx-no-cache=1495133443661 HTTP/1.1" 200 110
186.79.168.99 - - [18/May/2017:16:49:45 -0300] "GET /cormun/VisualizadorEventos-835.xls HTTP/1.1" 200 4096
186.103.159.182 - - [18/May/2017:16:49:46 -0300] "POST /cormun/servlet/hlogin?cf72ea4e876987a505d7979189be041a,gx-no-cache=1495137043530 HTTP/1.1" 200 90
186.103.159.182 - - [18/May/2017:16:49:46 -0300] "GET /cormun/servlet/hpexe_link HTTP/1.1" 200 956
186.103.159.182 - - [18/May/2017:16:49:46 -0300] "GET /cormun/servlet/trlicencias HTTP/1.1" 200 6743
186.103.159.182 - - [18/May/2017:16:49:47 -0300] "GET /cormun/servlet/trlicencias HTTP/1.1" 200 6740
186.103.159.182 - - [18/May/2017:16:49:53 -0300] "GET /cormun/servlet/licenciaspermisos?INS,0,,, HTTP/1.1" 200 7467
186.103.159.182 - - [18/May/2017:16:49:54 -0300] "GET /cormun/servlet/licenciaspermisos?INS,0,,, HTTP/1.1" 200 7475
186.79.168.99 - - [18/May/2017:16:49:56 -0300] "GET /cormun/servlet/trcontratoobservacion? HTTP/1.1" 200 8936
186.79.168.99 - - [18/May/2017:16:49:57 -0300] "GET /cormun/static/gxcfg.js?20161221855213 HTTP/1.1" 200 953
186.79.168.99 - - [18/May/2017:16:49:57 -0300] "GET /cormun/static/trcontratoobservacion.js?20161221855487 HTTP/1.1" 200 25085
186.79.168.99 - - [18/May/2017:16:49:57 -0300] "GET /cormun/servlet/trcontratoobservacion? HTTP/1.1" 200 8936
186.103.159.182 - - [18/May/2017:16:50:28 -0300] "GET /cormun/servlet/licenciaspermisos?1ecafb957240769ba12f82ca7212a5dd9ca2759523be74cd308f6e59cf10f7367ca5e037ddccd075d9903331b933882f,gx-no-cache=1495137086030 HTTP/1.1" 200 147
186.103.159.182 - - [18/May/2017:16:50:28 -0300] "GET /cormun/static/Shared/jqueryui/images/ui-bg_highlight-soft_100_c6c2c8_1x100.png HTTP/1.1" 404 1117
186.103.159.182 - - [18/May/2017:16:50:28 -0300] "GET /cormun/static/Shared/jqueryui/images/ui-icons_82798d_256x240.png HTTP/1.1" 404 1089
186.103.159.182 - - [18/May/2017:16:50:29 -0300] "GET /cormun/static/Shared/jqueryui/images/ui-icons_ebccce_256x240.png HTTP/1.1" 404 1089
186.103.159.182 - - [18/May/2017:16:50:29 -0300] "GET /cormun/static/Shared/jqueryui/images/ui-bg_flat_55_994d53_40x100.png HTTP/1.1" 404 1097
190.46.88.182 - - [18/May/2017:16:50:33 -0300] "GET /cormun/servlet/solicitudot?3d9547b1cd146ac4c26719c79619e3ff280c82ec4308a8b49845103994adaac9d797482dd6575ee787ea994787753bbe,gx-no-cache=1495137092776 HTTP/1.1" 200 30
186.103.159.182 - - [18/May/2017:16:50:53 -0300] "GET /cormun/servlet/licenciaspermisos?1ecafb957240769ba12f82ca7212a5dd3d28afbbb5ae3d2fb35cf4c5a596b539837df09305632215efbbe83c65120bd6,gx-no-cache=1495137111408 HTTP/1.1" 200 147
186.103.159.182 - - [18/May/2017:16:50:57 -0300] "GET /cormun/servlet/prfichaempleado?,MD,,gxPopupLevel%3D0%3B HTTP/1.1" 200 8913
186.103.159.182 - - [18/May/2017:16:51:09 -0300] "POST /cormun/servlet/prfichaempleado?cf72ea4e876987a505d7979189be041a,,MD,,gxPopupLevel%3D0%3B,gx-no-cache=1495137126656 HTTP/1.1" 200 3675
186.103.159.182 - - [18/May/2017:16:51:26 -0300] "GET /cormun/servlet/licenciaspermisos?1ecafb957240769ba12f82ca7212a5dd528010fe1447759b83206abd7fe83e047ca5e037ddccd075d9903331b933882f,gx-no-cache=1495137143915 HTTP/1.1" 200 65
186.103.159.182 - - [18/May/2017:16:51:26 -0300] "POST /cormun/servlet/licenciaspermisos?cf72ea4e876987a505d7979189be041a,INS,0,,,,gx-no-cache=1495137143999 HTTP/1.1" 200 4612
186.103.159.182 - - [18/May/2017:16:52:15 -0300] "GET /cormun/static/menuarrow.gif HTTP/1.1" 404 1015
190.46.88.182 - - [18/May/2017:16:52:37 -0300] "GET /cormun/servlet/solicitudot?3d9547b1cd146ac4c26719c79619e3ff3ec67c107e6580df19e148cc78290a9a905a7badc07d9b21d192d6e2ddda7e4641d82ad6f4b0ec5d81dc71c84f979e55743dd0723231cf356c60fae1df47423aaa9055ee02aa60ca2c9f402234352da49c776ff80dbf2cff56c8d2f6f1b71ea7338a8af1ca6c39d3f184dd7e3a74192237abbe4b0d4c6b9e39ac122f9d5f1563b73012523e84a1b414d1b36cf6f24837a7b79987157a9bda135d1214d0f1fea7273161a443d22c84d8a8271ac5ad1003c657944e447ea13bf32aab96db89a7fa78abcb46a7cef083935e02ba510a6c21648beac9704d0a1cacbfd9aaf651fbe58e7ef712f668208479e54ad14af151be6452d60b48fa338da766bafa3c0c3b0fdc06bda0ebee5fd44ede966445c01692b9f26cefb1e68ed9ec44fabf85d9e36cb341353fc98430b0600a7110ca8161850190159ed1c0832149c501317395675c,gx-no-cache=1495137216845 HTTP/1.1" 200 255
190.46.88.182 - - [18/May/2017:16:52:40 -0300] "GET /cormun/servlet/solicitudot?3d9547b1cd146ac4c26719c79619e3ff68c21a3cc559f3200ee4160265a94fe70ef1a0ed632fe6d2d3bf5edec6f24ab928be4854d4b770ca377f12783b80e1f836fdd48c3f2de0bcb5747d5984106860d35ccb4e53a5df0b152db9e4e0e963fd322c78c1ac87e302ac419f47d52e539723e4f9e289368734a66370eb99fc431ecdb2b828095f655f2584f7a00a2b2a05075d0c714bd6a2df3a0d687faaa46c9013bf31e71f8fcadc59cd6ad8a9dc1c86fe7c351a9fb9c68d8e2da4dc3b7edcfc9f56553b8a19c42b42a719e2afb223babc8d6549ff5ca7e9657b5b8c8e8c16bb9ee5239f7c4ffc114404a3027ae30ab7de7495843617ed755c34b9a3dbfd89e6111bcd15393e29524f51f69aadce9b0e7b7d973c6f896f9b4b91ccec586c8495111b724d6fabf2512f8494f88a3f3281b557ee282ada138cf8b8933d7cea2967ac9f0bb17e0b3457dbb936a7513678ff9533a91a5bd8ebc0e419db1845b9d3473766f5ab6385b9bbf03e4359e5df8ba3a379efb3f634b2390826f1139136f385,gx-no-cache=1495137220103 HTTP/1.1" 200 30
190.46.88.182 - - [18/May/2017:16:52:44 -0300] "POST /cormun/servlet/solicitudot?gx-no-cache=1495137223982 HTTP/1.1" 200 30
190.46.88.182 - - [18/May/2017:16:52:47 -0300] "POST /cormun/servlet/solicitudot?gx-no-cache=1495137226885 HTTP/1.1" 200 235
190.46.88.182 - - [18/May/2017:16:52:47 -0300] "POST /cormun/servlet/solicitudot?gx-no-cache=1495137227030 HTTP/1.1" 200 38
186.79.168.99 - - [18/May/2017:16:52:59 -0300] "GET /cormun/servlet/trsolicitudot? HTTP/1.1" 200 8545
186.79.168.99 - - [18/May/2017:16:52:59 -0300] "GET /cormun/servlet/trsolicitudot? HTTP/1.1" 200 8544
186.79.168.99 - - [18/May/2017:16:53:02 -0300] "GET /cormun/servlet/solicitudot?INS,0,0, HTTP/1.1" 200 12624
186.79.168.99 - - [18/May/2017:16:53:02 -0300] "GET /cormun/servlet/solicitudot?INS,0,0, HTTP/1.1" 200 12629
186.79.168.99 - - [18/May/2017:16:53:06 -0300] "GET /cormun/servlet/prfichaempleado?,MD,,gxPopupLevel%3D0%3B HTTP/1.1" 200 8836
190.46.88.182 - - [18/May/2017:16:53:21 -0300] "GET /cormun/servlet/solicitudot?3d9547b1cd146ac4c26719c79619e3ffb515439003da1228461e911f2a62c3ef8e7ef712f668208479e54ad14af151be6452d60b48fa338da766bafa3c0c3b0f1b4ee9f222fcec0eca97232797805814,gx-no-cache=1495137260404 HTTP/1.1" 200 29
190.46.88.182 - - [18/May/2017:16:53:21 -0300] "POST /cormun/servlet/solicitudot?gx-no-cache=1495137260564 HTTP/1.1" 200 708
186.79.168.99 - - [18/May/2017:16:53:23 -0300] "POST /cormun/servlet/prfichaempleado?97e4d0552ae290463542bff0e8eb10f8,,MD,,gxPopupLevel%3D0%3B,gx-no-cache=1495133662012 HTTP/1.1" 200 3464
190.46.88.182 - - [18/May/2017:16:53:31 -0300] "POST /cormun/servlet/solicitudot?gx-no-cache=1495137270912 HTTP/1.1" 200 1162
186.79.168.99 - - [18/May/2017:16:53:31 -0300] "POST /cormun/servlet/solicitudot?gx-no-cache=1495133671812 HTTP/1.1" 200 3167
186.79.168.99 - - [18/May/2017:16:53:32 -0300] "POST /cormun/servlet/solicitudot?97e4d0552ae290463542bff0e8eb10f8,INS,0,0,,gx-no-cache=1495133672904 HTTP/1.1" 200 9778
186.79.168.99 - - [18/May/2017:16:53:33 -0300] "GET /cormun/servlet/solicitudot?f8588f2b83609a58b2799ad786deb622fecbfee3ffb5230c55813ca494c372e7b11496e5a426c1aaeae0ff9f000a0998,gx-no-cache=1495133673692 HTTP/1.1" 200 30
186.79.168.99 - - [18/May/2017:16:53:35 -0300] "POST /cormun/servlet/solicitudot?gx-no-cache=1495133675879 HTTP/1.1" 200 255
186.79.168.99 - - [18/May/2017:16:53:35 -0300] "GET /cormun/servlet/solicitudot?f8588f2b83609a58b2799ad786deb622135587ec9dca07b5d9e3a9cf74702551b5ec67e916d4367cb6ae7128b0c487f7a0a1dae74b74d99cf3420dbab75feb2d0b5936edea6843bcfe2d858b16cfbcc06fdc117d8dfb72698a16b706f0bd06516ba43118cd92602c6e43a7ac49a6c815d34be4f28fe1ab1be89ecec6aa971af76fa6aad7404cccf78e5ba6941f8c0182b87bf86d99dc0bc6084306597fbeb6b7a94511eb5ebf52241c1cb4b6f5925751d961a65963fda4a313c51c0bf60a71b19bd387cc3157cabcfdd1e7e5ba28c473c9369896ef63d58e6b5f63d72857431ac8895a1cab9e50870628fc1a5ef600af4c36f04cdfe2b4e80b37d5ffeb3b433dd8c4cf9af70b885acd693dd82c630f8fb4550201ed630c1fc78cf325f26f2b6b9495fd8b1daae9e40fa53730bb2a369b8d9418a0ffbfb3fe9e5e661e271474b39ab88bb5f12e4f867b04bc5a362dbb9f1c497eaabb90e285de5be8636caf38bc82ab25dbe97c470cc96de4b623fd187d73814f25438b76952e2e2799071e6917,gx-no-cache=1495133676052 HTTP/1.1" 200 30
186.79.168.99 - - [18/May/2017:16:53:37 -0300] "POST /cormun/servlet/solicitudot?gx-no-cache=1495133678285 HTTP/1.1" 200 30
186.79.168.99 - - [18/May/2017:16:53:49 -0300] "POST /cormun/servlet/solicitudot?gx-no-cache=1495133689780 HTTP/1.1" 200 1297
186.79.168.99 - - [18/May/2017:16:53:49 -0300] "POST /cormun/servlet/solicitudot?gx-no-cache=1495133689916 HTTP/1.1" 200 38
186.79.168.99 - - [18/May/2017:16:54:03 -0300] "GET /cormun/servlet/solicitudot?f8588f2b83609a58b2799ad786deb622e1dd1ea4811075215c14d0105180b85a12b403de0f563e501ccf5663c0b3023dd05b49b41037aaeca358692e9c5568e22b27a2ebe782266bbdb5b71b0791e7d5ec617df38a0b39b2c6cd8be504461aa48fb21bf2cd36040846be0395e72642b8411da49a354b974f142bd7612a5db217b27636127c2834d4737c5f835c566d06fbd9aeee2c01d5578fec53593e94a525,gx-no-cache=1495133703703 HTTP/1.1" 200 29
186.79.168.99 - - [18/May/2017:16:54:03 -0300] "POST /cormun/servlet/solicitudot?gx-no-cache=1495133703809 HTTP/1.1" 200 1280
186.79.168.99 - - [18/May/2017:16:54:03 -0300] "POST /cormun/servlet/solicitudot?gx-no-cache=1495133704033 HTTP/1.1" 200 1161
186.79.168.99 - - [18/May/2017:16:54:03 -0300] "GET /cormun/static/menuarrow.gif HTTP/1.1" 404 1015
186.79.168.99 - - [18/May/2017:16:54:05 -0300] "POST /cormun/servlet/solicitudot?gx-no-cache=1495133706015 HTTP/1.1" 200 1280
186.79.168.99 - - [18/May/2017:16:54:05 -0300] "POST /cormun/servlet/solicitudot?gx-no-cache=1495133706198 HTTP/1.1" 200 1161
186.79.168.99 - - [18/May/2017:16:54:17 -0300] "GET /cormun/servlet/solicitudot?f8588f2b83609a58b2799ad786deb622d2f71fcc85727019734d4d2b019e2733d9c792ca19b622a543127f6b4a2782e1bb5fb498bc4e82d6428c0c4fed3d2d7838cf7f96c301ec8d0f8362af7867f7d4bd3e95b824f96655b90046fe5406fc49acea5ee17997e4f030ada4a4ca8ab3f03e4452cceb8cd1fbc315a4e7a241a402ca45f99402de5929aa2d7467cd58fa3d7ca1bcf4f0471292a1a8866cd751de2d83cc09db932d93c5901bdba8c5bb7fc4,gx-no-cache=1495133718617 HTTP/1.1" 200 30
186.79.168.99 - - [18/May/2017:16:54:31 -0300] "POST /cormun/servlet/solicitudot?97e4d0552ae290463542bff0e8eb10f8,INS,0,0,,gx-no-cache=1495133732014 HTTP/1.1" 200 93
186.79.168.99 - - [18/May/2017:16:54:32 -0300] "GET /cormun/servlet/hpexe_return? HTTP/1.1" 200 1011
186.79.168.99 - - [18/May/2017:16:54:32 -0300] "GET /cormun/servlet/trsolicitudot HTTP/1.1" 200 8821
186.79.168.99 - - [18/May/2017:16:54:33 -0300] "GET /cormun/servlet/trsolicitudot HTTP/1.1" 200 8817
186.79.168.99 - - [18/May/2017:16:54:37 -0300] "GET /cormun/servlet/solicitudot?INS,0,0, HTTP/1.1" 200 12624
186.79.168.99 - - [18/May/2017:16:54:37 -0300] "GET /cormun/servlet/solicitudot?INS,0,0, HTTP/1.1" 200 12629
190.46.88.182 - - [18/May/2017:16:54:42 -0300] "GET /cormun/servlet/solicitudot?3d9547b1cd146ac4c26719c79619e3ff3f5f8165ded3cfa811987585e2bbf51ac6d86b5062fe35c51e433418a50d25d2cd66f158250cdd6031e028c0d18c7ab16452d60b48fa338da766bafa3c0c3b0f66fb4a54cb89cf610d084947e1ae848bcd3ec7c59b9cf3f9d84d037105d684ad393ca35f9dfb85926008b01f939d4070d2bb3b8c1cb02f367e0bbf3c2029e1d27c3fc9d39a287a6dfd189fd5176c8afce3201bae293f77de68e8fa7d71faf7c7,gx-no-cache=1495137342129 HTTP/1.1" 200 118
190.46.88.182 - - [18/May/2017:16:54:43 -0300] "POST /cormun/servlet/solicitudot?7353c5f9b4a75512bfb1f099f964a6ae,INS,0,0,,gx-no-cache=1495137342292 HTTP/1.1" 200 11284
186.79.168.99 - - [18/May/2017:16:54:44 -0300] "GET /cormun/servlet/prfichaempleado?,MD,,gxPopupLevel%3D0%3B HTTP/1.1" 200 8836
186.79.168.99 - - [18/May/2017:16:54:58 -0300] "POST /cormun/servlet/prfichaempleado?97e4d0552ae290463542bff0e8eb10f8,,MD,,gxPopupLevel%3D0%3B,gx-no-cache=1495133758182 HTTP/1.1" 200 3403
190.46.88.182 - - [18/May/2017:16:55:01 -0300] "GET /cormun/servlet/solicitudot?3d9547b1cd146ac4c26719c79619e3ff3f5f8165ded3cfa811987585e2bbf51ac6d86b5062fe35c51e433418a50d25d2cd66f158250cdd6031e028c0d18c7ab16452d60b48fa338da766bafa3c0c3b0f66fb4a54cb89cf610d084947e1ae848bcd3ec7c59b9cf3f9d84d037105d684ad393ca35f9dfb85926008b01f939d4070d2bb3b8c1cb02f367e0bbf3c2029e1d2c473db7dfcffd457a2de1681771d75b9e3201bae293f77de68e8fa7d71faf7c7,gx-no-cache=1495137361175 HTTP/1.1" 200 30
190.46.88.182 - - [18/May/2017:16:55:02 -0300] "POST /cormun/servlet/solicitudot?7353c5f9b4a75512bfb1f099f964a6ae,INS,0,0,,gx-no-cache=1495137361313 HTTP/1.1" 200 11297
190.46.88.182 - - [18/May/2017:16:55:16 -0300] "POST /cormun/servlet/solicitudot?gx-no-cache=1495137375296 HTTP/1.1" 200 3261
190.46.88.182 - - [18/May/2017:16:55:16 -0300] "GET /cormun/servlet/solicitudot?3d9547b1cd146ac4c26719c79619e3ff68c21a3cc559f3200ee4160265a94fe717662e417b7789916e46b1c258948b9028be4854d4b770ca377f12783b80e1f836fdd48c3f2de0bcb5747d5984106860d35ccb4e53a5df0b152db9e4e0e963fd322c78c1ac87e302ac419f47d52e539723e4f9e289368734a66370eb99fc431ecdb2b828095f655f2584f7a00a2b2a05075d0c714bd6a2df3a0d687faaa46c9013bf31e71f8fcadc59cd6ad8a9dc1c86fe7c351a9fb9c68d8e2da4dc3b7edcfc9f56553b8a19c42b42a719e2afb223babc8d6549ff5ca7e9657b5b8c8e8c16bb9ee5239f7c4ffc114404a3027ae30ab7aadd0fb51408dfabd7443912496b446b111bcd15393e29524f51f69aadce9b0e4e4f3ad3d57a9e33d6049fdc35cdc31c983ff01cc68cef2b2eb3a21332b6e89c1531b00ad6e77c446162b1c24a78b84027d4fcab02789ecf0044254d4734fcf5,gx-no-cache=1495137375639 HTTP/1.1" 200 30
190.46.88.182 - - [18/May/2017:16:55:16 -0300] "POST /cormun/servlet/solicitudot?gx-no-cache=1495137375719 HTTP/1.1" 200 30
190.46.88.182 - - [18/May/2017:16:55:16 -0300] "POST /cormun/servlet/solicitudot?gx-no-cache=1495137375806 HTTP/1.1" 200 1292
190.46.88.182 - - [18/May/2017:16:55:16 -0300] "POST /cormun/servlet/solicitudot?gx-no-cache=1495137375916 HTTP/1.1" 200 41
190.46.88.182 - - [18/May/2017:16:55:28 -0300] "POST /cormun/servlet/solicitudot?gx-no-cache=1495137387527 HTTP/1.1" 200 1279
190.46.88.182 - - [18/May/2017:16:55:28 -0300] "POST /cormun/servlet/solicitudot?gx-no-cache=1495137387680 HTTP/1.1" 200 1163
190.46.88.182 - - [18/May/2017:16:55:28 -0300] "GET /cormun/servlet/solicitudot?3d9547b1cd146ac4c26719c79619e3ff3f5f8165ded3cfa811987585e2bbf51ac6d86b5062fe35c51e433418a50d25d2cd66f158250cdd6031e028c0d18c7ab16452d60b48fa338da766bafa3c0c3b0f66fb4a54cb89cf610d084947e1ae848bcd3ec7c59b9cf3f9d84d037105d684ad393ca35f9dfb85926008b01f939d4070d2bb3b8c1cb02f367e0bbf3c2029e1d2c473db7dfcffd457a2de1681771d75b9e3201bae293f77de68e8fa7d71faf7c7,gx-no-cache=1495137387777 HTTP/1.1" 200 30
190.46.88.182 - - [18/May/2017:16:55:28 -0300] "POST /cormun/servlet/solicitudot?7353c5f9b4a75512bfb1f099f964a6ae,INS,0,0,,gx-no-cache=1495137387850 HTTP/1.1" 200 11343
190.46.88.182 - - [18/May/2017:16:55:46 -0300] "POST /cormun/servlet/solicitudot?gx-no-cache=1495137405788 HTTP/1.1" 200 3261
190.46.88.182 - - [18/May/2017:16:56:40 -0300] "POST /cormun/servlet/solicitudot?gx-no-cache=1495137459893 HTTP/1.1" 200 3261
192.168.10.89 - - [18/May/2017:16:56:49 -0300] "GET /cormunbeta/servlet/hlogin HTTP/1.1" 200 1726
186.79.168.99 - - [18/May/2017:16:56:49 -0300] "POST /cormun/servlet/solicitudot?gx-no-cache=1495133865865 HTTP/1.1" 200 3197
186.79.168.99 - - [18/May/2017:16:56:51 -0300] "POST /cormun/servlet/solicitudot?97e4d0552ae290463542bff0e8eb10f8,INS,0,0,,gx-no-cache=1495133871224 HTTP/1.1" 200 9800
186.79.168.99 - - [18/May/2017:16:56:52 -0300] "GET /cormun/servlet/solicitudot?f8588f2b83609a58b2799ad786deb622919279be164a29918f57b2a9177ece6fb11496e5a426c1aaeae0ff9f000a0998,gx-no-cache=1495133873175 HTTP/1.1" 200 30
192.168.10.89 - - [18/May/2017:16:56:55 -0300] "POST /cormunbeta/servlet/hlogin?348665fcf48aa7c8588894794db40c58,gx-no-cache=1495137422126 HTTP/1.1" 200 90
192.168.10.89 - - [18/May/2017:16:56:55 -0300] "GET /cormunbeta/servlet/hpexe_link HTTP/1.1" 200 957
190.46.88.182 - - [18/May/2017:16:56:56 -0300] "POST /cormun/servlet/solicitudot?gx-no-cache=1495137475338 HTTP/1.1" 200 297
190.46.88.182 - - [18/May/2017:16:56:56 -0300] "GET /cormun/servlet/solicitudot?3d9547b1cd146ac4c26719c79619e3ff68c21a3cc559f3200ee4160265a94fe717662e417b7789916e46b1c258948b9028be4854d4b770ca377f12783b80e1f836fdd48c3f2de0bcb5747d5984106860d35ccb4e53a5df0b152db9e4e0e963fd322c78c1ac87e302ac419f47d52e539723e4f9e289368734a66370eb99fc431ecdb2b828095f655f2584f7a00a2b2a05075d0c714bd6a2df3a0d687faaa46c9013bf31e71f8fcadc59cd6ad8a9dc1c86fe7c351a9fb9c68d8e2da4dc3b7edcfc9f56553b8a19c42b42a719e2afb223babc8d6549ff5ca7e9657b5b8c8e8c16bb9ee5239f7c4ffc114404a3027ae30ab7a179b8a020cf9803d07b375e91f395c3111bcd15393e29524f51f69aadce9b0e19d9e58b81998d5993d0235c4f0a8b6f8db7ccdbbc02a9f0b684be87e0fabcdfa1d9b75f2896bc25114d2358e42c6ff8ec4362b209523bd489c260d899c5f385b0da5c45fdc34e991bcffc52eb8383130acf7285b87e3aee5d099d36f8257285b90742016a1768c4e74ff1e8464af2cc76f1dcd8f5f279f92a087ad3a798a18e,gx-no-cache=1495137475588 HTTP/1.1" 200 30
190.46.88.182 - - [18/May/2017:16:56:56 -0300] "POST /cormun/servlet/solicitudot?gx-no-cache=1495137475665 HTTP/1.1" 200 30
190.46.88.182 - - [18/May/2017:16:56:56 -0300] "POST /cormun/servlet/solicitudot?gx-no-cache=1495137475760 HTTP/1.1" 200 1292
190.46.88.182 - - [18/May/2017:16:56:56 -0300] "POST /cormun/servlet/solicitudot?gx-no-cache=1495137475890 HTTP/1.1" 200 41
192.168.10.89 - - [18/May/2017:16:56:56 -0300] "GET /cormunbeta/servlet/hhome HTTP/1.1" 200 4335
190.46.88.182 - - [18/May/2017:16:56:56 -0300] "POST /cormun/servlet/solicitudot?gx-no-cache=1495137476313 HTTP/1.1" 200 1279
190.46.88.182 - - [18/May/2017:16:56:57 -0300] "POST /cormun/servlet/solicitudot?gx-no-cache=1495137476440 HTTP/1.1" 200 1163
190.46.88.182 - - [18/May/2017:16:56:57 -0300] "GET /cormun/servlet/solicitudot?3d9547b1cd146ac4c26719c79619e3ff3f5f8165ded3cfa811987585e2bbf51ac6d86b5062fe35c51e433418a50d25d2cd66f158250cdd6031e028c0d18c7ab16452d60b48fa338da766bafa3c0c3b0f66fb4a54cb89cf610d084947e1ae848bcd3ec7c59b9cf3f9d84d037105d684ad393ca35f9dfb85926008b01f939d4070d2bb3b8c1cb02f367e0bbf3c2029e1d2c473db7dfcffd457a2de1681771d75b9e3201bae293f77de68e8fa7d71faf7c7,gx-no-cache=1495137476925 HTTP/1.1" 200 30
190.46.88.182 - - [18/May/2017:16:56:58 -0300] "POST /cormun/servlet/solicitudot?7353c5f9b4a75512bfb1f099f964a6ae,INS,0,0,,gx-no-cache=1495137477028 HTTP/1.1" 200 11394
186.79.168.99 - - [18/May/2017:16:56:59 -0300] "POST /cormun/servlet/solicitudot?gx-no-cache=1495133880232 HTTP/1.1" 200 255
186.79.168.99 - - [18/May/2017:16:57:00 -0300] "GET /cormun/servlet/solicitudot?f8588f2b83609a58b2799ad786deb622135587ec9dca07b5d9e3a9cf74702551b5ec67e916d4367cb6ae7128b0c487f7a0a1dae74b74d99cf3420dbab75feb2d0b5936edea6843bcfe2d858b16cfbcc06fdc117d8dfb72698a16b706f0bd06516ba43118cd92602c6e43a7ac49a6c815d34be4f28fe1ab1be89ecec6aa971af76fa6aad7404cccf78e5ba6941f8c0182b87bf86d99dc0bc6084306597fbeb6b7a94511eb5ebf52241c1cb4b6f5925751d961a65963fda4a313c51c0bf60a71b19bd387cc3157cabcfdd1e7e5ba28c473c9369896ef63d58e6b5f63d72857431ac8895a1cab9e50870628fc1a5ef600af4c36f04cdfe2b4e80b37d5ffeb3b433dd8c4cf9af70b885acd693dd82c630f8fb4550201ed630c1fc78cf325f26f2b6b9495fd8b1daae9e40fa53730bb2a369b8d9418a0ffbfb3fe9e5e661e271474b39ab88bb5f12e4f867b04bc5a362dbb9f1c497eaabb90e285de5be8636caf38bc82ab25dbe97c470cc96de4b623fd187d73814f25438b76952e2e2799071e6917,gx-no-cache=1495133881512 HTTP/1.1" 200 30
192.168.10.89 - - [18/May/2017:16:57:00 -0300] "GET /cormunbeta/servlet/trpermisosgoce? HTTP/1.1" 200 12045
192.168.10.89 - - [18/May/2017:16:57:01 -0300] "GET /cormunbeta/static/gxcfg.js?201751411381012 HTTP/1.1" 304 -
192.168.10.89 - - [18/May/2017:16:57:01 -0300] "GET /cormunbeta/static/calendar.js?85251 HTTP/1.1" 304 -
192.168.10.89 - - [18/May/2017:16:57:01 -0300] "GET /cormunbeta/static/calendar-es.js?85251 HTTP/1.1" 304 -
192.168.10.89 - - [18/May/2017:16:57:01 -0300] "GET /cormunbeta/static/calendar-setup.js?85251 HTTP/1.1" 304 -
192.168.10.89 - - [18/May/2017:16:57:01 -0300] "GET /cormunbeta/static/gxdec.js?85251 HTTP/1.1" 304 -
192.168.10.89 - - [18/May/2017:16:57:01 -0300] "GET /cormunbeta/static/trpermisosgoce.js?201751411381483 HTTP/1.1" 304 -
190.46.88.182 - - [18/May/2017:16:57:02 -0300] "GET /cormun/static/Resources/resize.gif HTTP/1.1" 200 77
190.46.88.182 - - [18/May/2017:16:57:03 -0300] "GET /cormun/servlet/prfichaempleado?,MD,,gxPopupLevel%3D0%3B HTTP/1.1" 200 8850
190.46.88.182 - - [18/May/2017:16:57:03 -0300] "GET /cormun/static/gxcfg.js?2017319125415 HTTP/1.1" 200 953
190.46.88.182 - - [18/May/2017:16:57:03 -0300] "GET /cormun/static/Resources/PXToolsMenuSearch.png HTTP/1.1" 200 2914
190.46.88.182 - - [18/May/2017:16:57:03 -0300] "GET /cormun/static/menusearch.js?201610171694467 HTTP/1.1" 200 1424
190.46.88.182 - - [18/May/2017:16:57:03 -0300] "GET /cormun/static/hmpwkw011.js?201731711483558 HTTP/1.1" 200 1968
190.46.88.182 - - [18/May/2017:16:57:03 -0300] "GET /cormun/static/Resources/PXToolsMenuSearchCancel.png HTTP/1.1" 200 2972
190.46.88.182 - - [18/May/2017:16:57:03 -0300] "GET /cormun/static/prfichaempleado.js?20173191254344 HTTP/1.1" 200 15951
192.168.10.93 - - [18/May/2017:16:57:07 -0300] "GET /cormunbeta/servlet/hlogin HTTP/1.1" 200 1715
186.79.168.99 - - [18/May/2017:16:57:07 -0300] "POST /cormun/servlet/solicitudot?gx-no-cache=1495133888468 HTTP/1.1" 200 30
190.46.88.182 - - [18/May/2017:16:57:12 -0300] "POST /cormun/servlet/prfichaempleado?7353c5f9b4a75512bfb1f099f964a6ae,,MD,,gxPopupLevel%3D0%3B,gx-no-cache=1495137491800 HTTP/1.1" 200 3450
186.79.168.99 - - [18/May/2017:16:57:12 -0300] "POST /cormun/servlet/solicitudot?gx-no-cache=1495133892934 HTTP/1.1" 200 1296
186.79.168.99 - - [18/May/2017:16:57:13 -0300] "POST /cormun/servlet/solicitudot?gx-no-cache=1495133893707 HTTP/1.1" 200 38
192.168.10.93 - - [18/May/2017:16:57:18 -0300] "POST /cormunbeta/servlet/hlogin?42d0caaa1019db4059499648d07ee843,gx-no-cache=1495137446020 HTTP/1.1" 200 90
192.168.10.93 - - [18/May/2017:16:57:18 -0300] "GET /cormunbeta/servlet/hpexe_link HTTP/1.1" 200 951
192.168.10.93 - - [18/May/2017:16:57:19 -0300] "GET /cormunbeta/servlet/hhome HTTP/1.1" 200 3692
192.168.10.93 - - [18/May/2017:16:57:19 -0300] "GET /cormunbeta/servlet/hhome HTTP/1.1" 200 3689
192.168.10.89 - - [18/May/2017:16:57:23 -0300] "POST /cormunbeta/servlet/trpermisosgoce?348665fcf48aa7c8588894794db40c58,,gx-no-cache=1495137450614 HTTP/1.1" 200 4151
192.168.10.89 - - [18/May/2017:16:57:25 -0300] "GET /cormunbeta/static/menuarrow.gif HTTP/1.1" 404 1023
192.168.10.93 - - [18/May/2017:16:57:26 -0300] "GET /cormunbeta/servlet/trsolicitudsaludot? HTTP/1.1" 200 6673
186.79.168.99 - - [18/May/2017:16:57:26 -0300] "POST /cormun/servlet/solicitudot?gx-no-cache=1495133907203 HTTP/1.1" 200 1296
192.168.10.93 - - [18/May/2017:16:57:26 -0300] "GET /cormunbeta/servlet/trsolicitudsaludot? HTTP/1.1" 200 6673
186.79.168.99 - - [18/May/2017:16:57:27 -0300] "POST /cormun/servlet/solicitudot?gx-no-cache=1495133908179 HTTP/1.1" 200 38
192.168.10.93 - - [18/May/2017:16:57:28 -0300] "GET /cormunbeta/servlet/solicitudsaludot?INS,0,0, HTTP/1.1" 200 12441
192.168.10.93 - - [18/May/2017:16:57:28 -0300] "GET /cormunbeta/static/gxcfg.js?201751412214868 HTTP/1.1" 200 953
192.168.10.93 - - [18/May/2017:16:57:28 -0300] "GET /cormunbeta/static/solicitudsaludot.js?201751412215041 HTTP/1.1" 200 62832
192.168.10.93 - - [18/May/2017:16:57:29 -0300] "GET /cormunbeta/servlet/solicitudsaludot?INS,0,0, HTTP/1.1" 200 12445
192.168.10.89 - - [18/May/2017:16:57:29 -0300] "POST /cormunbeta/servlet/trpermisosgoce?348665fcf48aa7c8588894794db40c58,,gx-no-cache=1495137456530 HTTP/1.1" 200 5322
192.168.10.89 - - [18/May/2017:16:57:33 -0300] "GET /cormunbeta/servlet/permisogoce?UPD,14203020,P,20161228174139, HTTP/1.1" 200 7279
192.168.10.89 - - [18/May/2017:16:57:34 -0300] "GET /cormunbeta/static/gxcfg.js?20175141138556 HTTP/1.1" 304 -
192.168.10.89 - - [18/May/2017:16:57:34 -0300] "GET /cormunbeta/static/permisogoce.js?20175141138612 HTTP/1.1" 304 -
192.168.10.89 - - [18/May/2017:16:57:35 -0300] "GET /cormunbeta/servlet/permisogoce?f07948e28e977556bade269f28dc7dd8279893aa5c52e5af879b1ce563083db64e3f4a8e630418c5835277c87d45603acdfc0472663b5c6c2c2f66b840cb921d1e3a4609ced89a3d3334b200b31dd548,gx-no-cache=1495137462266 HTTP/1.1" 200 86
192.168.10.89 - - [18/May/2017:16:57:38 -0300] "GET /cormunbeta/servlet/permisogoce?f07948e28e977556bade269f28dc7dd83719b73850aa75883708757c65d40194ebd6b674f5045af292a1e933b57fbd12cb509d9f8c450cca6a21de5136c55b8b,gx-no-cache=1495137465560 HTTP/1.1" 200 47
192.168.10.89 - - [18/May/2017:16:57:40 -0300] "POST /cormunbeta/servlet/permisogoce?348665fcf48aa7c8588894794db40c58,UPD,14203020,P,20161228174139,,gx-no-cache=1495137467843 HTTP/1.1" 200 4480
192.168.10.89 - - [18/May/2017:16:57:41 -0300] "GET /cormunbeta/static/Shared/jqueryui/images/ui-icons_82798d_256x240.png HTTP/1.1" 404 1097
192.168.10.89 - - [18/May/2017:16:57:41 -0300] "GET /cormunbeta/static/Shared/jqueryui/images/ui-icons_ebccce_256x240.png HTTP/1.1" 404 1097
192.168.10.89 - - [18/May/2017:16:57:41 -0300] "GET /cormunbeta/static/Shared/jqueryui/images/ui-bg_flat_55_994d53_40x100.png HTTP/1.1" 404 1105
192.168.10.89 - - [18/May/2017:16:57:41 -0300] "GET /cormunbeta/static/Shared/jqueryui/images/ui-bg_highlight-soft_100_c6c2c8_1x100.png HTTP/1.1" 404 1125
186.79.168.99 - - [18/May/2017:16:57:41 -0300] "GET /cormun/servlet/trcontratoobservacion? HTTP/1.1" 200 8948
186.79.168.99 - - [18/May/2017:16:57:42 -0300] "GET /cormun/servlet/trcontratoobservacion? HTTP/1.1" 200 8942
192.168.10.93 - - [18/May/2017:16:57:45 -0300] "POST /cormunbeta/servlet/solicitudsaludot?gx-no-cache=1495137472828 HTTP/1.1" 200 3161
192.168.10.89 - - [18/May/2017:16:57:48 -0300] "POST /cormunbeta/servlet/permisogoce?348665fcf48aa7c8588894794db40c58,UPD,14203020,P,20161228174139,,gx-no-cache=1495137476054 HTTP/1.1" 200 93
192.168.10.89 - - [18/May/2017:16:57:48 -0300] "GET /cormunbeta/servlet/hpexe_return? HTTP/1.1" 200 1032
192.168.10.89 - - [18/May/2017:16:57:48 -0300] "GET /cormunbeta/static/Resources/Spanish/PXTools.css?167811 HTTP/1.1" 304 -
192.168.10.89 - - [18/May/2017:16:57:48 -0300] "GET /cormunbeta/static/gxcfg.js?2016101716175148 HTTP/1.1" 304 -
192.168.10.89 - - [18/May/2017:16:57:49 -0300] "GET /cormunbeta/static/hpexe_return.js?2016101716175153 HTTP/1.1" 304 -
192.168.10.89 - - [18/May/2017:16:57:49 -0300] "GET /cormunbeta/servlet/trpermisosgoce? HTTP/1.1" 200 8446
192.168.10.89 - - [18/May/2017:16:57:52 -0300] "GET /cormunbeta/servlet/trpermisosingoce? HTTP/1.1" 200 8109
192.168.10.89 - - [18/May/2017:16:57:53 -0300] "GET /cormunbeta/static/gxcfg.js?201742714253516 HTTP/1.1" 200 953
192.168.10.89 - - [18/May/2017:16:57:53 -0300] "GET /cormunbeta/static/trpermisosingoce.js?201742714253970 HTTP/1.1" 304 -
192.168.10.93 - - [18/May/2017:16:57:58 -0300] "GET /cormunbeta/servlet/solicitudsaludot?e21873ee7375bdf912eec49ec4d71d1ca8005e95f4ad0f661c47eaa86644d5d3a75d4528c1200880d0d8df6d90aa3d46,gx-no-cache=1495137485223 HTTP/1.1" 200 30
192.168.10.93 - - [18/May/2017:16:57:58 -0300] "GET /cormunbeta/servlet/solicitudsaludot?e21873ee7375bdf912eec49ec4d71d1c6e2c67eaa1633de552918d3f1b32e52ca1f89c83cade73a6426540e31428a2e9a6a8c257d4248b8917ccbbd1e0471b17a3d9bdc55d22deb7c0d2770ea67e26527a35f72626b1631e65e0f046dc92161123727b692b56af895fca1d2e917af4393b91e3113029bdbf6d41a9f059c2317080e6d00b28692a8a330045c48cf07ac7dd5a7fd41462f73bd01117efc1dcf75a49d4c647e352cd6c0cddd7272344a7a0d48ca9d83c13dff8e8c1b92a3caa6557652b7973f25362f9e3c778f20aa6d9a1a7a4cb591724be82247da007d14016015444a7fd1fa9b5fa501ccb85f3c0e7fb1dfcfe80d0363de2e3339118b0ec4ebf6eb6c6e8e68e718f6357ffa93502c3e8,gx-no-cache=1495137485278 HTTP/1.1" 200 256
192.168.10.93 - - [18/May/2017:16:57:58 -0300] "GET /cormunbeta/servlet/solicitudsaludot?e21873ee7375bdf912eec49ec4d71d1ce076f5b0e466a5c2e3a21d7afbc5e3d8ecbc9808b71d684cb02362ca5e595447b268d3304cdf1603e2ad2d7c8046379940ea3d9c022eb9b974362c529ae0c9e6d9f6ea770a0a967fa54f2f4f7f959178e1a9c72b24be5b96a8b5aaf012ce9fd2e36cc2a5ee011f7c8a05cf7bb538e86723f86ff734f3251ff0f087815e3e9afdd612b1b4443ffcbcaf00b9c4212fbd14559aee4b00190c0f7356a7bd8ccf45d65dcc3a3d8a021c211a015c955a76a208444a8611f334416fa33ef5ce0839685de45d095e1df8acf991ab61080b82c2865bf39364a225971de2e73e81a1ac03c3,gx-no-cache=1495137485317 HTTP/1.1" 200 30
192.168.10.89 - - [18/May/2017:16:57:58 -0300] "GET /cormunbeta/servlet/permisosingoce?UPD,26, HTTP/1.1" 200 7208
192.168.10.89 - - [18/May/2017:16:57:58 -0300] "GET /cormunbeta/static/gxcfg.js?20174271130447 HTTP/1.1" 200 953
192.168.10.89 - - [18/May/2017:16:57:59 -0300] "GET /cormunbeta/static/permisosingoce.js?201742711304458 HTTP/1.1" 304 -
192.168.10.93 - - [18/May/2017:16:58:00 -0300] "POST /cormunbeta/servlet/solicitudsaludot?gx-no-cache=1495137487819 HTTP/1.1" 200 30
192.168.10.89 - - [18/May/2017:16:58:03 -0300] "GET /cormunbeta/servlet/permisosingoce?bcaef0f5e7a1206960c27dce45e48c1d6c43ec8e05f34bc61e953fbdd68016e5525412e2aa8650b6ef77d555767700aeac5de42a70bc0a4936f2350421809f94,gx-no-cache=1495137490361 HTTP/1.1" 200 80
192.168.10.89 - - [18/May/2017:16:58:04 -0300] "GET /cormunbeta/servlet/permisosingoce?bcaef0f5e7a1206960c27dce45e48c1d2a63bd36e86e806d77189b65648ff63ccee8f1f22c2c3b4436a42df782554627,gx-no-cache=1495137491863 HTTP/1.1" 200 33
192.168.10.93 - - [18/May/2017:16:58:04 -0300] "POST /cormunbeta/servlet/solicitudsaludot?gx-no-cache=1495137492125 HTTP/1.1" 200 1397
192.168.10.93 - - [18/May/2017:16:58:05 -0300] "POST /cormunbeta/servlet/solicitudsaludot?gx-no-cache=1495137492233 HTTP/1.1" 200 38
192.168.10.89 - - [18/May/2017:16:58:06 -0300] "GET /cormunbeta/servlet/permisosingoce?bcaef0f5e7a1206960c27dce45e48c1d8f1dfa7bedcceb9e93847c28726c79216620793cf684dd808fcae81051c61012a75acacef2400a8864aed831ebb8b0285b6fb396ba732ab0fa67db1757edb6ef5130807c6f69536717013d3ff7843c85c2fe0006a233c6318183c373d4da6192a2358da6d238c4e3b30fbdce6071fce370588213304a91ca98327bab1400eac5905b0a889d56e5e64ac22e4cb18cf6ac,gx-no-cache=1495137493693 HTTP/1.1" 200 41
192.168.10.89 - - [18/May/2017:16:58:09 -0300] "POST /cormunbeta/servlet/permisosingoce?348665fcf48aa7c8588894794db40c58,UPD,26,,gx-no-cache=1495137496587 HTTP/1.1" 200 4345
192.168.10.89 - - [18/May/2017:16:58:09 -0300] "GET /cormunbeta/static/Shared/jqueryui/images/ui-bg_flat_55_994d53_40x100.png HTTP/1.1" 404 1105
192.168.10.89 - - [18/May/2017:16:58:09 -0300] "GET /cormunbeta/static/Shared/jqueryui/images/ui-icons_ebccce_256x240.png HTTP/1.1" 404 1097
192.168.10.89 - - [18/May/2017:16:58:09 -0300] "GET /cormunbeta/static/Shared/jqueryui/images/ui-icons_82798d_256x240.png HTTP/1.1" 404 1097
192.168.10.89 - - [18/May/2017:16:58:09 -0300] "GET /cormunbeta/static/Shared/jqueryui/images/ui-bg_highlight-soft_100_c6c2c8_1x100.png HTTP/1.1" 404 1125
192.168.10.89 - - [18/May/2017:16:58:13 -0300] "POST /cormunbeta/servlet/permisosingoce?348665fcf48aa7c8588894794db40c58,UPD,26,,gx-no-cache=1495137500124 HTTP/1.1" 200 93
192.168.10.89 - - [18/May/2017:16:58:13 -0300] "GET /cormunbeta/servlet/hpexe_return? HTTP/1.1" 200 1015
192.168.10.89 - - [18/May/2017:16:58:13 -0300] "GET /cormunbeta/servlet/trpermisosingoce HTTP/1.1" 200 8112
192.168.10.89 - - [18/May/2017:16:58:19 -0300] "GET /cormunbeta/servlet/hlogin HTTP/1.1" 200 1744
186.79.168.99 - - [18/May/2017:16:58:24 -0300] "GET /cormun/servlet/trsolicitudot? HTTP/1.1" 200 8818
186.79.168.99 - - [18/May/2017:16:58:27 -0300] "GET /cormun/servlet/trsolicitudot? HTTP/1.1" 200 8817
186.79.168.99 - - [18/May/2017:16:58:35 -0300] "GET /cormun/servlet/solicitudot?INS,0,0, HTTP/1.1" 200 12623
186.79.168.99 - - [18/May/2017:16:58:36 -0300] "GET /cormun/servlet/solicitudot?INS,0,0, HTTP/1.1" 200 12628
186.79.168.99 - - [18/May/2017:16:58:51 -0300] "POST /cormun/servlet/solicitudot?gx-no-cache=1495133991851 HTTP/1.1" 200 3197
186.79.168.99 - - [18/May/2017:16:58:52 -0300] "POST /cormun/servlet/solicitudot?97e4d0552ae290463542bff0e8eb10f8,INS,0,0,,gx-no-cache=1495133992960 HTTP/1.1" 200 9800
186.79.168.99 - - [18/May/2017:16:58:57 -0300] "GET /cormun/servlet/solicitudot?f8588f2b83609a58b2799ad786deb622919279be164a29918f57b2a9177ece6fb11496e5a426c1aaeae0ff9f000a0998,gx-no-cache=1495133998166 HTTP/1.1" 200 30
186.79.168.99 - - [18/May/2017:16:58:57 -0300] "POST /cormun/servlet/solicitudot?gx-no-cache=1495133998247 HTTP/1.1" 200 255
186.79.168.99 - - [18/May/2017:16:58:57 -0300] "GET /cormun/servlet/solicitudot?f8588f2b83609a58b2799ad786deb622135587ec9dca07b5d9e3a9cf74702551b5ec67e916d4367cb6ae7128b0c487f7a0a1dae74b74d99cf3420dbab75feb2d0b5936edea6843bcfe2d858b16cfbcc06fdc117d8dfb72698a16b706f0bd06516ba43118cd92602c6e43a7ac49a6c815d34be4f28fe1ab1be89ecec6aa971af76fa6aad7404cccf78e5ba6941f8c0182b87bf86d99dc0bc6084306597fbeb6b7a94511eb5ebf52241c1cb4b6f5925751d961a65963fda4a313c51c0bf60a71b19bd387cc3157cabcfdd1e7e5ba28c473c9369896ef63d58e6b5f63d72857431ac8895a1cab9e50870628fc1a5ef600af4c36f04cdfe2b4e80b37d5ffeb3b433dd8c4cf9af70b885acd693dd82c630f8fb4550201ed630c1fc78cf325f26f2b6b9495fd8b1daae9e40fa53730bb2a369b8d9418a0ffbfb3fe9e5e661e271474b39ab88bb5f12e4f867b04bc5a362dbb9f1c497eaabb90e285de5be8636caf38bc82ab25dbe97c470cc96de4b623fd187d73814f25438b76952e2e2799071e6917,gx-no-cache=1495133998359 HTTP/1.1" 200 30
192.168.10.93 - - [18/May/2017:16:59:03 -0300] "POST /cormunbeta/servlet/solicitudsaludot?gx-no-cache=1495137550686 HTTP/1.1" 200 1380
192.168.10.93 - - [18/May/2017:16:59:11 -0300] "POST /cormunbeta/servlet/solicitudsaludot?gx-no-cache=1495137558456 HTTP/1.1" 200 703
192.168.10.93 - - [18/May/2017:16:59:20 -0300] "GET /cormunbeta/servlet/solicitudsaludot?e21873ee7375bdf912eec49ec4d71d1cfd230fccf3f5328bea0b6ebe8f39049b529b5a7095982e535d1b83bdebd67cc5525ae5bc0382e5ab6b7d0587601378de370d8e85f0f084fb431b159a668ded624d0b1adc883e276e94600b5e6105f621c26d9ef0a076bb624332de3648945d75741825f9915aeee0223ac41ddcb8925f5156f4fd364f3d256a6ce6e300ae6574f584a84af4559b839b358c15bb84fe43c5bcab8838a182d91e89fc773619b1fa,gx-no-cache=1495137568008 HTTP/1.1" 200 30
186.79.168.99 - - [18/May/2017:16:59:26 -0300] "POST /cormun/servlet/solicitudot?gx-no-cache=1495134027128 HTTP/1.1" 200 30
186.103.159.182 - - [18/May/2017:17:00:18 -0300] "GET /cormun/servlet/licenciaspermisos?1ecafb957240769ba12f82ca7212a5dd857a8d6f69fc2d47f5fd9da7b96ff0d22c5afa5702915e340c02a673c8f872b9fea4a8c988bde4c8bfc5d7a41bc49521e47f7286c346e352aeb36d03677d2ad2399e8d76aff41021f52c7e4033265e158fb61278f6cb9215544c4b3c722131046898b5a3d775eb1427fb850cabf176e8b52bfa4795d732ec8b7b932bb2ed2f45c9466eb3af57110376d4f5795b11e0b534440450dbe14aa19cac6484ab76ab32,gx-no-cache=1495137676219 HTTP/1.1" 200 30
186.103.159.182 - - [18/May/2017:17:00:18 -0300] "POST /cormun/servlet/licenciaspermisos?cf72ea4e876987a505d7979189be041a,INS,0,,,,gx-no-cache=1495137676313 HTTP/1.1" 200 4720
186.103.159.182 - - [18/May/2017:17:00:24 -0300] "GET /cormun/servlet/prfichaempleado?,MD,,gxPopupLevel%3D0%3B HTTP/1.1" 200 8913
186.103.159.182 - - [18/May/2017:17:00:34 -0300] "POST /cormun/servlet/prfichaempleado?cf72ea4e876987a505d7979189be041a,,MD,,gxPopupLevel%3D0%3B,gx-no-cache=1495137691366 HTTP/1.1" 200 4290
186.103.159.182 - - [18/May/2017:17:01:54 -0300] "GET /cormun/servlet/licenciaspermisos?1ecafb957240769ba12f82ca7212a5dd528010fe1447759b83206abd7fe83e04e9c70c593a8ba165e0d223489dfbbaf4ad63423ea66fc6bc94b5be31c2d6acd981aeb7faa85905c876e2796611524d8d,gx-no-cache=1495137772091 HTTP/1.1" 200 65
186.103.159.182 - - [18/May/2017:17:01:54 -0300] "POST /cormun/servlet/licenciaspermisos?cf72ea4e876987a505d7979189be041a,INS,0,,,,gx-no-cache=1495137772166 HTTP/1.1" 200 4708
186.103.159.182 - - [18/May/2017:17:02:05 -0300] "GET /cormun/servlet/licenciaspermisos?1ecafb957240769ba12f82ca7212a5dd4bd50da2911d89819761f6ccd60eaf0f6fdd309e7fbef6c3b4d45098b31f86a09634ff95abf34463e8eb8eda5977762e078262de937898341eaff264ba6c3076be1f88e69273a2be693d91486f9154483be05833c7210c397d37c1303d0d2fe215dc8d9b580c9054958ca2aee62b23984964b7d2e946fae816fbd0670fec1b599caa42e9d7fda811efb6feda4fc694a0053af8a1ac194cf5532b9d3c6157b829,gx-no-cache=1495137782588 HTTP/1.1" 200 62
186.103.159.182 - - [18/May/2017:17:02:05 -0300] "POST /cormun/servlet/licenciaspermisos?cf72ea4e876987a505d7979189be041a,INS,0,,,,gx-no-cache=1495137782677 HTTP/1.1" 200 93
186.103.159.182 - - [18/May/2017:17:02:05 -0300] "GET /cormun/servlet/hpexe_return? HTTP/1.1" 200 1010
186.103.159.182 - - [18/May/2017:17:02:06 -0300] "GET /cormun/servlet/trlicencias HTTP/1.1" 200 7997
186.103.159.182 - - [18/May/2017:17:02:07 -0300] "GET /cormun/servlet/trlicencias HTTP/1.1" 200 7993
186.103.159.182 - - [18/May/2017:17:02:54 -0300] "GET /cormun/servlet/trlicenciaspermisosadjuntos?10910955,20170518000000,L, HTTP/1.1" 200 6408
186.103.159.182 - - [18/May/2017:17:02:56 -0300] "GET /cormun/servlet/trlicenciaspermisosadjuntos?10910955,20170518000000,L, HTTP/1.1" 200 6408
186.103.159.182 - - [18/May/2017:17:02:59 -0300] "GET /cormun/servlet/licenciaspermisosadjuntos?INS,10910955,L,20170518000000,, HTTP/1.1" 200 5708
186.103.159.182 - - [18/May/2017:17:02:59 -0300] "GET /cormun/static/about:blank HTTP/1.1" 404 1011
186.103.159.182 - - [18/May/2017:17:03:00 -0300] "GET /cormun/servlet/licenciaspermisosadjuntos?INS,10910955,L,20170518000000,, HTTP/1.1" 200 5697
186.103.159.182 - - [18/May/2017:17:03:23 -0300] "POST /cormun/servlet/licenciaspermisosadjuntos?cf72ea4e876987a505d7979189be041a,INS,10910955,L,20170518000000,, HTTP/1.1" 200 116
186.103.159.182 - - [18/May/2017:17:03:23 -0300] "GET /cormun/servlet/hpexe_return? HTTP/1.1" 200 1040
186.103.159.182 - - [18/May/2017:17:03:23 -0300] "GET /cormun/servlet/trlicenciaspermisosadjuntos?10910955,20170518000000,L, HTTP/1.1" 200 6900
186.103.159.182 - - [18/May/2017:17:03:25 -0300] "GET /cormun/servlet/trlicenciaspermisosadjuntos?10910955,20170518000000,L, HTTP/1.1" 200 6897
186.103.159.182 - - [18/May/2017:17:03:32 -0300] "POST /cormun/servlet/trlicenciaspermisosadjuntos?cf72ea4e876987a505d7979189be041a,10910955,20170518000000,L,,gx-no-cache=1495137869729 HTTP/1.1" 200 90
186.103.159.182 - - [18/May/2017:17:03:32 -0300] "GET /cormun/servlet/hpexe_link HTTP/1.1" 200 983
186.103.159.182 - - [18/May/2017:17:03:32 -0300] "GET /cormun/servlet/trlicencias HTTP/1.1" 200 7994
186.103.159.182 - - [18/May/2017:17:03:34 -0300] "GET /cormun/servlet/trlicencias HTTP/1.1" 200 7993
186.103.159.182 - - [18/May/2017:17:03:41 -0300] "GET /cormun/servlet/alicenciaprn?10910955,L,20170518000000,PU HTTP/1.1" 200 1575
192.168.10.89 - - [18/May/2017:17:05:23 -0300] "GET /cormun/servlet/hlogin HTTP/1.1" 200 1726
186.103.159.182 - - [18/May/2017:17:05:23 -0300] "POST /cormun/servlet/trlicencias?cf72ea4e876987a505d7979189be041a,gx-no-cache=1495137980633 HTTP/1.1" 200 3989
186.103.159.182 - - [18/May/2017:17:05:23 -0300] "GET /cormun/static/Shared/jqueryui/images/ui-bg_highlight-soft_100_c6c2c8_1x100.png HTTP/1.1" 404 1117
186.103.159.182 - - [18/May/2017:17:05:23 -0300] "GET /cormun/static/Shared/jqueryui/images/ui-icons_82798d_256x240.png HTTP/1.1" 404 1089
186.103.159.182 - - [18/May/2017:17:05:23 -0300] "GET /cormun/static/Shared/jqueryui/images/ui-bg_flat_55_fafafa_40x100.png HTTP/1.1" 404 1097
186.103.159.182 - - [18/May/2017:17:05:23 -0300] "GET /cormun/static/Shared/jqueryui/images/ui-icons_8d78a5_256x240.png HTTP/1.1" 404 1089
192.168.10.89 - - [18/May/2017:17:05:33 -0300] "POST /cormun/servlet/hlogin?4ae77d4ca6235096b0d9d8e22820e030,gx-no-cache=1495137940777 HTTP/1.1" 200 90
192.168.10.89 - - [18/May/2017:17:05:33 -0300] "GET /cormun/servlet/hpexe_link HTTP/1.1" 200 955
192.168.10.89 - - [18/May/2017:17:05:33 -0300] "GET /cormun/servlet/hhome HTTP/1.1" 200 4462
192.168.10.89 - - [18/May/2017:17:05:46 -0300] "GET /cormun/servlet/trsolicitudgral? HTTP/1.1" 200 25196
192.168.10.89 - - [18/May/2017:17:05:52 -0300] "GET /cormun/static/menuarrow.gif HTTP/1.1" 404 1015
186.103.159.182 - - [18/May/2017:17:06:37 -0300] "GET /cormun/servlet/trsolicitudot? HTTP/1.1" 200 7026
186.103.159.182 - - [18/May/2017:17:06:38 -0300] "GET /cormun/servlet/trsolicitudot? HTTP/1.1" 200 7026
192.168.10.89 - - [18/May/2017:17:07:00 -0300] "GET /cormun/servlet/trsolicitudgral? HTTP/1.1" 200 25194
186.79.168.99 - - [18/May/2017:17:07:12 -0300] "POST /cormun/servlet/solicitudot?gx-no-cache=1495134492837 HTTP/1.1" 200 1296
186.79.168.99 - - [18/May/2017:17:07:12 -0300] "POST /cormun/servlet/solicitudot?gx-no-cache=1495134493069 HTTP/1.1" 200 38
186.79.168.99 - - [18/May/2017:17:07:12 -0300] "GET /cormun/servlet/solicitudot?f8588f2b83609a58b2799ad786deb622e1dd1ea4811075215c14d0105180b85a12b403de0f563e501ccf5663c0b3023dd05b49b41037aaeca358692e9c5568e22b27a2ebe782266bbdb5b71b0791e7d5ec617df38a0b39b2c6cd8be504461aa48fb21bf2cd36040846be0395e72642b8411da49a354b974f142bd7612a5db217b27636127c2834d4737c5f835c566d06fbd9aeee2c01d5578fec53593e94a525,gx-no-cache=1495134493166 HTTP/1.1" 200 29
186.79.168.99 - - [18/May/2017:17:07:12 -0300] "POST /cormun/servlet/solicitudot?gx-no-cache=1495134493250 HTTP/1.1" 200 1280
186.79.168.99 - - [18/May/2017:17:07:12 -0300] "POST /cormun/servlet/solicitudot?gx-no-cache=1495134493437 HTTP/1.1" 200 1161
186.103.159.182 - - [18/May/2017:17:07:19 -0300] "GET /cormun/servlet/solicitudot?INS,0,0, HTTP/1.1" 200 12869
186.103.159.182 - - [18/May/2017:17:07:22 -0300] "GET /cormun/servlet/solicitudot?INS,0,0, HTTP/1.1" 200 12874
190.46.88.182 - - [18/May/2017:17:07:26 -0300] "POST /cormun/servlet/solicitudot?7353c5f9b4a75512bfb1f099f964a6ae,INS,0,0,,gx-no-cache=1495138105680 HTTP/1.1" 200 93
190.46.88.182 - - [18/May/2017:17:07:26 -0300] "GET /cormun/servlet/hpexe_return? HTTP/1.1" 200 1005
190.46.88.182 - - [18/May/2017:17:07:26 -0300] "GET /cormun/static/gxcfg.js?2016101716175148 HTTP/1.1" 200 953
190.46.88.182 - - [18/May/2017:17:07:26 -0300] "GET /cormun/static/hpexe_return.js?2016101716175153 HTTP/1.1" 200 1633
190.46.88.182 - - [18/May/2017:17:07:27 -0300] "GET /cormun/static/Resources/Spanish/PXTools.css?167811 HTTP/1.1" 200 89042
190.46.88.182 - - [18/May/2017:17:07:27 -0300] "GET /cormun/servlet/trsolicitudot HTTP/1.1" 200 6988
186.79.168.99 - - [18/May/2017:17:07:28 -0300] "POST /cormun/servlet/solicitudot?gx-no-cache=1495134508984 HTTP/1.1" 200 1280
186.79.168.99 - - [18/May/2017:17:07:28 -0300] "POST /cormun/servlet/solicitudot?gx-no-cache=1495134509227 HTTP/1.1" 200 1161
190.46.88.182 - - [18/May/2017:17:07:28 -0300] "GET /cormun/servlet/trsolicitudot HTTP/1.1" 200 6984
186.79.168.99 - - [18/May/2017:17:07:28 -0300] "GET /cormun/static/menuarrow.gif HTTP/1.1" 404 1015
186.79.168.99 - - [18/May/2017:17:07:32 -0300] "POST /cormun/servlet/solicitudot?gx-no-cache=1495134512757 HTTP/1.1" 200 1296
186.79.168.99 - - [18/May/2017:17:07:33 -0300] "POST /cormun/servlet/solicitudot?gx-no-cache=1495134513343 HTTP/1.1" 200 38
186.79.168.99 - - [18/May/2017:17:07:33 -0300] "POST /cormun/servlet/solicitudot?gx-no-cache=1495134513961 HTTP/1.1" 200 1280
190.46.88.182 - - [18/May/2017:17:07:34 -0300] "GET /cormun/servlet/solicitudot?INS,0,0, HTTP/1.1" 200 12823
186.79.168.99 - - [18/May/2017:17:07:34 -0300] "POST /cormun/servlet/solicitudot?gx-no-cache=1495134514857 HTTP/1.1" 200 1161
190.46.88.182 - - [18/May/2017:17:07:35 -0300] "GET /cormun/servlet/solicitudot?INS,0,0, HTTP/1.1" 200 12828
190.46.88.182 - - [18/May/2017:17:07:43 -0300] "GET /cormun/servlet/trsolicitudot? HTTP/1.1" 200 6985
190.46.88.182 - - [18/May/2017:17:07:44 -0300] "GET /cormun/servlet/trsolicitudot? HTTP/1.1" 200 6984
190.46.88.182 - - [18/May/2017:17:07:47 -0300] "GET /cormun/servlet/solicitudot?INS,0,0, HTTP/1.1" 200 12823
190.46.88.182 - - [18/May/2017:17:07:48 -0300] "GET /cormun/servlet/solicitudot?INS,0,0, HTTP/1.1" 200 12828
190.46.88.182 - - [18/May/2017:17:07:52 -0300] "GET /cormun/servlet/hlogin HTTP/1.1" 200 1744
186.79.168.99 - - [18/May/2017:17:07:56 -0300] "POST /cormun/servlet/solicitudot?gx-no-cache=1495134536927 HTTP/1.1" 200 1280
186.79.168.99 - - [18/May/2017:17:07:56 -0300] "POST /cormun/servlet/solicitudot?gx-no-cache=1495134537348 HTTP/1.1" 200 1161
186.79.168.99 - - [18/May/2017:17:07:57 -0300] "GET /cormun/servlet/solicitudot?f8588f2b83609a58b2799ad786deb622d1244cf4f92e0351ee1e53766f4274454852027ab3e4ea8826359c865e141aa047a4e1b0462c75f840e7cbe8639b4cb63c4cfbb5cc707733a8314988b5c92cf421906ab07b1d3f28cd84dbb17f604e59692b1002522ee50b43464c88e5af6669a86a0a67232d143b3a48bc295e8ef77be01cece01778464cbc90174eb43a714046c301b17c445086b8bbd3334f2ebfec8f1a8430d21e22298b6ed09da63606fe,gx-no-cache=1495134537610 HTTP/1.1" 200 30
186.103.159.182 - - [18/May/2017:17:08:55 -0300] "GET /cormun/servlet/prfichaempleado?,MD,,gxPopupLevel%3D0%3B HTTP/1.1" 200 8909
186.79.168.99 - - [18/May/2017:17:08:56 -0300] "POST /cormun/servlet/solicitudot?gx-no-cache=1495134595868 HTTP/1.1" 200 30
186.79.168.99 - - [18/May/2017:17:08:56 -0300] "POST /cormun/servlet/solicitudot?gx-no-cache=1495134597140 HTTP/1.1" 200 1296
186.79.168.99 - - [18/May/2017:17:08:58 -0300] "POST /cormun/servlet/solicitudot?gx-no-cache=1495134597469 HTTP/1.1" 200 41
186.79.168.99 - - [18/May/2017:17:08:59 -0300] "POST /cormun/servlet/solicitudot?gx-no-cache=1495134599492 HTTP/1.1" 200 1280
186.79.168.99 - - [18/May/2017:17:08:59 -0300] "POST /cormun/servlet/solicitudot?gx-no-cache=1495134599807 HTTP/1.1" 200 1161
186.79.168.99 - - [18/May/2017:17:08:59 -0300] "GET /cormun/servlet/solicitudot?f8588f2b83609a58b2799ad786deb622d1244cf4f92e0351ee1e53766f427445d962f3ddb23e3e946d16f77f245067b942f112352a89b240f065236a55d02b2b35fd31b540fa3e628ffb6a952954dc63a2449b30552821dff8ce70aceb337e0e82845b78483c7c709c78efd70355470b0e7a5158cc623a9f2cfe003ff0a75afec613a72fa5fe9ac1521b9f61837958c312ce789bd56262a5745e3ca8b1e12a86c8c9f8d6cf169992e5dbc8c97f90f7ec,gx-no-cache=1495134600006 HTTP/1.1" 200 30
186.79.168.99 - - [18/May/2017:17:09:00 -0300] "POST /cormun/servlet/solicitudot?97e4d0552ae290463542bff0e8eb10f8,INS,0,0,,gx-no-cache=1495134600109 HTTP/1.1" 200 11143
186.79.168.99 - - [18/May/2017:17:09:00 -0300] "GET /cormun/static/Shared/jqueryui/images/ui-icons_82798d_256x240.png HTTP/1.1" 404 1089
186.79.168.99 - - [18/May/2017:17:09:00 -0300] "GET /cormun/static/Shared/jqueryui/images/ui-bg_highlight-soft_100_c6c2c8_1x100.png HTTP/1.1" 404 1117
186.79.168.99 - - [18/May/2017:17:09:00 -0300] "GET /cormun/static/Shared/jqueryui/images/ui-bg_flat_55_994d53_40x100.png HTTP/1.1" 404 1097
186.79.168.99 - - [18/May/2017:17:09:00 -0300] "GET /cormun/static/Shared/jqueryui/images/ui-icons_ebccce_256x240.png HTTP/1.1" 404 1089
186.103.159.182 - - [18/May/2017:17:09:25 -0300] "POST /cormun/servlet/prfichaempleado?cf72ea4e876987a505d7979189be041a,,MD,,gxPopupLevel%3D0%3B,gx-no-cache=1495138222482 HTTP/1.1" 200 4165
186.103.159.182 - - [18/May/2017:17:09:38 -0300] "POST /cormun/servlet/solicitudot?gx-no-cache=1495138236008 HTTP/1.1" 200 3174
186.103.159.182 - - [18/May/2017:17:09:38 -0300] "POST /cormun/servlet/solicitudot?cf72ea4e876987a505d7979189be041a,INS,0,0,,gx-no-cache=1495138236309 HTTP/1.1" 200 9962
186.103.159.182 - - [18/May/2017:17:10:16 -0300] "GET /cormun/servlet/solicitudot?07cfda5fa00349f46edc6922f9155e66bbfea008dd905a52c700a3e4bea63486dda2d48dc8e346084fb8fde22d45918f,gx-no-cache=1495138273557 HTTP/1.1" 200 30
186.103.159.182 - - [18/May/2017:17:10:16 -0300] "POST /cormun/servlet/solicitudot?gx-no-cache=1495138273681 HTTP/1.1" 200 255
186.103.159.182 - - [18/May/2017:17:10:16 -0300] "GET /cormun/servlet/solicitudot?07cfda5fa00349f46edc6922f9155e66d27fe554db29874c07b80b96398948069fdd4e6f2f61d26f4f620dcece975934d0889b21a980f62201ca1adec8ba7c7add58b96ffcccaa11c6ef63eec9c589f53b8a86f35f6aa5c62fcab2f348391722a58f7354c113d6be916f01560a1211fa3db2128d6cd3fcd21a1d65dbb46b4eeb663c5eb6ed0f40eb5aa24f795c6aa021c0f18d380335883b876aaa164750c20db52110da79f0dc152fd26c9b4acac2e5cd862d644026da7844833cfcbb74e4a6376c6497375857a6cd588572d9d58d6c4dbfb69c8ff6b5694c71e7dd7ce4406edeb349e2fe3fde3741677d4c45d5e93b67d7eb0a20ccbde34e19cfdf73e874ecfea4a8c988bde4c8bfc5d7a41bc495211fe56ec9d7a67bb63e56762114d6f5a772b5dce377a4eedb1b7d91e0e389ce970a43318b4b3345244f17f906dcc762833f32f60eca6cee1e87cbfda07ca5e5cdee5860f99787fda45d77fd9e8b94e57c1bf2201588425235519cbae1cecb862a3c2798301583e3edb4886f9e6953d509,gx-no-cache=1495138273779 HTTP/1.1" 200 30
186.79.168.99 - - [18/May/2017:17:10:17 -0300] "GET /cormun/servlet/hlogin HTTP/1.1" 200 1748
186.103.159.182 - - [18/May/2017:17:10:21 -0300] "POST /cormun/servlet/solicitudot?gx-no-cache=1495138278817 HTTP/1.1" 200 30
192.168.10.68 - - [18/May/2017:17:10:33 -0300] "GET /cormun/servlet/hlogin HTTP/1.1" 200 1727
192.168.10.68 - - [18/May/2017:17:10:33 -0300] "GET /cormun/static/Resources/Spanish/PXTools.css?11294912 HTTP/1.1" 200 89042
192.168.10.68 - - [18/May/2017:17:10:33 -0300] "GET /cormun/static/gxcfg.js?201741110203197 HTTP/1.1" 200 953
192.168.10.68 - - [18/May/2017:17:10:33 -0300] "GET /cormun/static/gxtimezone.js?85251 HTTP/1.1" 200 5781
192.168.10.68 - - [18/May/2017:17:10:33 -0300] "GET /cormun/static/messages.spa.js?85251 HTTP/1.1" 200 30736
192.168.10.68 - - [18/May/2017:17:10:33 -0300] "GET /cormun/static/gxgral.js?85251 HTTP/1.1" 200 384558
192.168.10.68 - - [18/May/2017:17:10:33 -0300] "GET /cormun/static/hlogin.js?201741110203211 HTTP/1.1" 200 2136
192.168.10.68 - - [18/May/2017:17:10:33 -0300] "GET /cormun/static/Resources/ComunLogin.png HTTP/1.1" 200 17326
192.168.10.68 - - [18/May/2017:17:10:33 -0300] "GET /cormun/static/Resources/PXToolsLoginTop.png HTTP/1.1" 200 1337
192.168.10.68 - - [18/May/2017:17:10:33 -0300] "GET /cormun/static/Resources/PXToolsButtonLeft21.png HTTP/1.1" 200 1287
192.168.10.68 - - [18/May/2017:17:10:33 -0300] "GET /cormun/static/Resources/PXToolsButtonRight21.png HTTP/1.1" 200 1283
192.168.10.68 - - [18/May/2017:17:10:33 -0300] "GET /cormun/static/Resources/PXToolsLoginBottom.png HTTP/1.1" 200 1389
