186.67.172.234 - - [18/May/2017:15:50:39 -0300] "GET /cormun//static/Resources/PXToolsGridNew.png HTTP/1.1" 200 2949
186.67.172.234 - - [18/May/2017:15:50:39 -0300] "GET /cormun/servlet/trcontratosolicitud? HTTP/1.1" 200 13620
186.79.4.43 - - [18/May/2017:15:50:42 -0300] "POST /cormun/servlet/solicitudot?658842f0ee84ce2b9155a73c36dbf0e9,INS,0,0,,gx-no-cache=1495133499077 HTTP/1.1" 200 11396
186.79.168.99 - - [18/May/2017:15:50:45 -0300] "POST /cormun/servlet/solicitudot?gx-no-cache=1495129905769 HTTP/1.1" 200 30
186.67.172.234 - - [18/May/2017:15:50:46 -0300] "POST /cormun/servlet/trcontratosolicitud?20a3e63cda134bf53db4119fc6f824e5,,gx-no-cache=1495133497306 HTTP/1.1" 200 11267
186.67.172.234 - - [18/May/2017:15:50:47 -0300] "GET /cormun/static/Resources/PXToolsGridNext.gif HTTP/1.1" 200 369
186.67.172.234 - - [18/May/2017:15:50:47 -0300] "GET /cormun/static/Resources/PXToolsGridLast.gif HTTP/1.1" 200 370
186.67.172.234 - - [18/May/2017:15:50:48 -0300] "POST /cormun/servlet/trcontratosolicitud?20a3e63cda134bf53db4119fc6f824e5,,gx-no-cache=1495133498841 HTTP/1.1" 200 11559
186.67.172.234 - - [18/May/2017:15:50:48 -0300] "GET /cormun/static/Resources/PXToolsGridPrevious.gif HTTP/1.1" 200 369
186.67.172.234 - - [18/May/2017:15:50:48 -0300] "GET /cormun/static/Resources/PXToolsGridFirst.gif HTTP/1.1" 200 379
186.79.168.99 - - [18/May/2017:15:50:49 -0300] "GET /cormun/servlet/prcontratosol?17235403,,,,,MD,,gxPopupLevel%3D0%3B HTTP/1.1" 200 5973
186.79.168.99 - - [18/May/2017:15:50:49 -0300] "GET /cormun/static/gxcfg.js?201731711522183 HTTP/1.1" 200 953
186.79.168.99 - - [18/May/2017:15:50:49 -0300] "GET /cormun/static/Resources/PXToolsGridFirst.gif HTTP/1.1" 200 379
186.79.168.99 - - [18/May/2017:15:50:49 -0300] "GET /cormun/static/prcontratosol.js?201731711522419 HTTP/1.1" 200 14084
186.79.168.99 - - [18/May/2017:15:50:49 -0300] "GET /cormun/static/Resources/PXToolsGridPrevious.gif HTTP/1.1" 200 369
186.79.168.99 - - [18/May/2017:15:50:49 -0300] "GET /cormun/static/Resources/PXToolsGridNext.gif HTTP/1.1" 200 369
186.79.168.99 - - [18/May/2017:15:50:49 -0300] "GET /cormun/static/Resources/PXToolsGridLast.gif HTTP/1.1" 200 370
186.67.172.234 - - [18/May/2017:15:50:51 -0300] "POST /cormun/servlet/trcontratosolicitud?20a3e63cda134bf53db4119fc6f824e5,,gx-no-cache=1495133501576 HTTP/1.1" 200 11325
186.79.168.99 - - [18/May/2017:15:50:51 -0300] "POST /cormun/servlet/solicitudot?gx-no-cache=1495129912441 HTTP/1.1" 200 1297
186.79.168.99 - - [18/May/2017:15:50:51 -0300] "POST /cormun/servlet/solicitudot?gx-no-cache=1495129912568 HTTP/1.1" 200 38
186.79.168.99 - - [18/May/2017:15:50:52 -0300] "GET /cormun/servlet/solicitudot?f8588f2b83609a58b2799ad786deb622e1dd1ea4811075215c14d0105180b85a12b403de0f563e501ccf5663c0b3023dd05b49b41037aaeca358692e9c5568e22b27a2ebe782266bbdb5b71b0791e7d5ec617df38a0b39b2c6cd8be504461aa48fb21bf2cd36040846be0395e72642b8411da49a354b974f142bd7612a5db217b27636127c2834d4737c5f835c566d06fbd9aeee2c01d5578fec53593e94a525,gx-no-cache=1495129912687 HTTP/1.1" 200 29
186.79.168.99 - - [18/May/2017:15:50:52 -0300] "POST /cormun/servlet/solicitudot?gx-no-cache=1495129912834 HTTP/1.1" 200 1280
186.79.168.99 - - [18/May/2017:15:50:52 -0300] "POST /cormun/servlet/solicitudot?gx-no-cache=1495129913069 HTTP/1.1" 200 1162
186.67.172.234 - - [18/May/2017:15:50:54 -0300] "POST /cormun/servlet/trcontratosolicitud?20a3e63cda134bf53db4119fc6f824e5,,gx-no-cache=1495133504417 HTTP/1.1" 200 11357
186.67.172.234 - - [18/May/2017:15:50:56 -0300] "POST /cormun/servlet/trcontratosolicitud?20a3e63cda134bf53db4119fc6f824e5,,gx-no-cache=1495133506969 HTTP/1.1" 200 11236
186.79.168.99 - - [18/May/2017:15:51:05 -0300] "POST /cormun/servlet/solicitudot?gx-no-cache=1495129925802 HTTP/1.1" 200 1279
186.79.168.99 - - [18/May/2017:15:51:05 -0300] "POST /cormun/servlet/solicitudot?gx-no-cache=1495129926004 HTTP/1.1" 200 1162
186.79.168.99 - - [18/May/2017:15:51:15 -0300] "GET /cormun/servlet/solicitudot?f8588f2b83609a58b2799ad786deb622e1dd9eafc47d3c67d3fdc4a09747e85badb58c5bc7381c460187d617d2ae5bf0e81b778f9fe6d5f103eacab2b4f5bee638cf7f96c301ec8d0f8362af7867f7d4bd3e95b824f96655b90046fe5406fc49acea5ee17997e4f030ada4a4ca8ab3f03e4452cceb8cd1fbc315a4e7a241a402ca45f99402de5929aa2d7467cd58fa3d7ca1bcf4f0471292a1a8866cd751de2ddf7860ed54bf72eef7bcb0b962747daf,gx-no-cache=1495129935706 HTTP/1.1" 200 30
186.79.4.43 - - [18/May/2017:15:51:43 -0300] "POST /cormun/servlet/solicitudot?gx-no-cache=1495133559731 HTTP/1.1" 200 3261
186.79.4.43 - - [18/May/2017:15:51:43 -0300] "POST /cormun/servlet/solicitudot?gx-no-cache=1495133560380 HTTP/1.1" 200 297
186.79.4.43 - - [18/May/2017:15:51:43 -0300] "GET /cormun/servlet/solicitudot?2d124211b1b0aadaf945011c03bd4cb50ed5bed756f63ae9b5e6b8198a849f3d31988489303522a8c3d217381c0639a762d12ca8c6005c38fa31770db16e12b6da8552226331cd0339393716e17938777dd6d1ce6231241ac5b9eeaa315afd72a203fd4477214b29e7546c9c28a0e3b125e7c3e2b50390cdc85dd0cd0200761d34cd2362f57b2ae2c33f0bbf72caeb07547efaff6233a54b75c8435669a31a3e744938112988746bb5ee8505af1438fe803d143a4462a9836c1c7404718347c3be98616c465f4e3807c29a7629ee4bbf4e7e036605edac6ff3f9d522ab0af1b945f2f6652260ed183c042cd7b3faf43ba22572ced93de2affb6bc92158c8b78922ad3e0be5071fea0a5c6ef06aa4220c2615092f641d679761f0d7385ead27bb27f6b3df416c6e2d898f55b34b88fccb7131459231f2ebdaf9c1a20ec57c9fa19df87fc99a5f114482a7272d70c144e797a17c53509b74d56c6aceb95ca34a7317849fc31b9539a9c005b7d6802b0f78e047cc2411699860387782d095f13d84d2fe9da42e1d5991698b65933cc7b71c,gx-no-cache=1495133560513 HTTP/1.1" 200 30
186.79.4.43 - - [18/May/2017:15:51:43 -0300] "POST /cormun/servlet/solicitudot?gx-no-cache=1495133560605 HTTP/1.1" 200 30
186.79.168.99 - - [18/May/2017:15:51:43 -0300] "POST /cormun/servlet/solicitudot?97e4d0552ae290463542bff0e8eb10f8,INS,0,0,,gx-no-cache=1495129963399 HTTP/1.1" 200 93
186.79.168.99 - - [18/May/2017:15:51:43 -0300] "GET /cormun/servlet/hpexe_return? HTTP/1.1" 200 1011
186.79.4.43 - - [18/May/2017:15:51:43 -0300] "POST /cormun/servlet/solicitudot?gx-no-cache=1495133560717 HTTP/1.1" 200 1292
186.79.4.43 - - [18/May/2017:15:51:44 -0300] "POST /cormun/servlet/solicitudot?gx-no-cache=1495133560919 HTTP/1.1" 200 41
186.79.168.99 - - [18/May/2017:15:51:44 -0300] "GET /cormun/servlet/trsolicitudot HTTP/1.1" 200 8076
186.79.4.43 - - [18/May/2017:15:51:44 -0300] "POST /cormun/servlet/solicitudot?gx-no-cache=1495133561014 HTTP/1.1" 200 1279
186.79.4.43 - - [18/May/2017:15:51:44 -0300] "POST /cormun/servlet/solicitudot?gx-no-cache=1495133561197 HTTP/1.1" 200 1163
186.79.4.43 - - [18/May/2017:15:51:44 -0300] "GET /cormun/servlet/solicitudot?2d124211b1b0aadaf945011c03bd4cb520487c6182017095a670b413e0642355f4162f4649d37c19487b3fd9d2892e42459a443609f14042973c11b646ae431ad6e745b7583338604804b26f2b9e098c78296c54e0eea48d913774ac1eafd6874522a5347f837b9be25b220b7a5db77113fb0b25aa22ff560b6919655c5ad9d36bdf7383b154067f9f1e489c5db1aa8d7cf08c744618b783df4d41ff19a46951e0b74203350859a653eb56bb927a41fe,gx-no-cache=1495133561371 HTTP/1.1" 200 30
186.79.168.99 - - [18/May/2017:15:51:44 -0300] "GET /cormun/servlet/trsolicitudot HTTP/1.1" 200 8072
186.79.4.43 - - [18/May/2017:15:51:45 -0300] "POST /cormun/servlet/solicitudot?658842f0ee84ce2b9155a73c36dbf0e9,INS,0,0,,gx-no-cache=1495133561453 HTTP/1.1" 200 11436
186.79.168.99 - - [18/May/2017:15:51:47 -0300] "GET /cormun/servlet/solicitudot?INS,0,0, HTTP/1.1" 200 12623
186.79.168.99 - - [18/May/2017:15:51:48 -0300] "GET /cormun/servlet/solicitudot?INS,0,0, HTTP/1.1" 200 12628
186.79.4.43 - - [18/May/2017:15:51:50 -0300] "POST /cormun/servlet/solicitudot?658842f0ee84ce2b9155a73c36dbf0e9,INS,0,0,,gx-no-cache=1495133566769 HTTP/1.1" 200 11492
186.79.168.99 - - [18/May/2017:15:51:56 -0300] "GET /cormun/servlet/prfichaempleado?,MD,,gxPopupLevel%3D0%3B HTTP/1.1" 200 8836
186.79.168.99 - - [18/May/2017:15:52:14 -0300] "POST /cormun/servlet/prfichaempleado?97e4d0552ae290463542bff0e8eb10f8,,MD,,gxPopupLevel%3D0%3B,gx-no-cache=1495129993394 HTTP/1.1" 200 3410
186.79.168.99 - - [18/May/2017:15:52:20 -0300] "POST /cormun/servlet/solicitudot?gx-no-cache=1495129999811 HTTP/1.1" 200 3178
186.79.168.99 - - [18/May/2017:15:52:22 -0300] "POST /cormun/servlet/solicitudot?97e4d0552ae290463542bff0e8eb10f8,INS,0,0,,gx-no-cache=1495130001856 HTTP/1.1" 200 9787
186.79.168.99 - - [18/May/2017:15:52:25 -0300] "GET /cormun/servlet/solicitudot?f8588f2b83609a58b2799ad786deb622284f065e5c5a5efc1beb3280366e3ee6b11496e5a426c1aaeae0ff9f000a0998,gx-no-cache=1495130004299 HTTP/1.1" 200 30
186.79.168.99 - - [18/May/2017:15:52:47 -0300] "POST /cormun/servlet/solicitudot?gx-no-cache=1495130026562 HTTP/1.1" 200 255
186.79.168.99 - - [18/May/2017:15:52:48 -0300] "GET /cormun/servlet/solicitudot?f8588f2b83609a58b2799ad786deb622135587ec9dca07b5d9e3a9cf74702551b5ec67e916d4367cb6ae7128b0c487f7a0a1dae74b74d99cf3420dbab75feb2d0b5936edea6843bcfe2d858b16cfbcc06fdc117d8dfb72698a16b706f0bd06516ba43118cd92602c6e43a7ac49a6c815d34be4f28fe1ab1be89ecec6aa971af76fa6aad7404cccf78e5ba6941f8c0182b87bf86d99dc0bc6084306597fbeb6b7a94511eb5ebf52241c1cb4b6f5925751d961a65963fda4a313c51c0bf60a71b19bd387cc3157cabcfdd1e7e5ba28c473c9369896ef63d58e6b5f63d72857431ac8895a1cab9e50870628fc1a5ef600af4c36f04cdfe2b4e80b37d5ffeb3b433dd8c4cf9af70b885acd693dd82c630f8fb4550201ed630c1fc78cf325f26f2b6b9495fd8b1daae9e40fa53730bb2a369b8d9418a0ffbfb3fe9e5e661e271474b39ab88bb5f12e4f867b04bc5a362dbb9f1c497eaabb90e285de5be8636caf38bc82ab25dbe97c470cc96de4b623fd187d73814f25438b76952e2e2799071e6917,gx-no-cache=1495130028618 HTTP/1.1" 200 30
186.67.172.234 - - [18/May/2017:15:53:13 -0300] "POST /cormun/servlet/trcontratosolicitud?20a3e63cda134bf53db4119fc6f824e5,,gx-no-cache=1495133643439 HTTP/1.1" 200 11285
186.67.172.234 - - [18/May/2017:15:53:14 -0300] "POST /cormun/servlet/trcontratosolicitud?20a3e63cda134bf53db4119fc6f824e5,,gx-no-cache=1495133644839 HTTP/1.1" 200 11537
186.67.172.234 - - [18/May/2017:15:53:17 -0300] "POST /cormun/servlet/trcontratosolicitud?20a3e63cda134bf53db4119fc6f824e5,,gx-no-cache=1495133648224 HTTP/1.1" 200 11296
186.79.168.99 - - [18/May/2017:15:53:29 -0300] "POST /cormun/servlet/solicitudot?gx-no-cache=1495130068581 HTTP/1.1" 200 30
186.79.168.99 - - [18/May/2017:15:53:32 -0300] "GET /cormun/servlet/prcontratosol?17058015,,,,,MD,,gxPopupLevel%3D0%3B HTTP/1.1" 200 5975
186.79.168.99 - - [18/May/2017:15:53:36 -0300] "POST /cormun/servlet/solicitudot?gx-no-cache=1495130077492 HTTP/1.1" 200 1297
186.79.168.99 - - [18/May/2017:15:53:37 -0300] "POST /cormun/servlet/solicitudot?gx-no-cache=1495130078185 HTTP/1.1" 200 38
186.79.168.99 - - [18/May/2017:15:53:38 -0300] "GET /cormun/servlet/solicitudot?f8588f2b83609a58b2799ad786deb622e1dd1ea4811075215c14d0105180b85a12b403de0f563e501ccf5663c0b3023dd05b49b41037aaeca358692e9c5568e22b27a2ebe782266bbdb5b71b0791e7d5ec617df38a0b39b2c6cd8be504461aa48fb21bf2cd36040846be0395e72642b8411da49a354b974f142bd7612a5db217b27636127c2834d4737c5f835c566d06fbd9aeee2c01d5578fec53593e94a525,gx-no-cache=1495130078864 HTTP/1.1" 200 29
186.79.168.99 - - [18/May/2017:15:53:38 -0300] "POST /cormun/servlet/solicitudot?gx-no-cache=1495130079495 HTTP/1.1" 200 1280
186.79.168.99 - - [18/May/2017:15:53:39 -0300] "POST /cormun/servlet/solicitudot?gx-no-cache=1495130080372 HTTP/1.1" 200 1163
186.67.172.234 - - [18/May/2017:15:53:46 -0300] "GET /cormun/static/Resources/PXToolsGridNew.png HTTP/1.1" 304 -
186.67.172.234 - - [18/May/2017:15:53:46 -0300] "GET /cormun/static/Resources/PXToolsActionDisabled.gif HTTP/1.1" 304 -
186.79.4.43 - - [18/May/2017:15:53:48 -0300] "POST /cormun/servlet/solicitudot?658842f0ee84ce2b9155a73c36dbf0e9,INS,0,0,,gx-no-cache=1495133685142 HTTP/1.1" 200 11550
186.67.172.234 - - [18/May/2017:15:53:52 -0300] "POST /cormun/servlet/trcontratosolicitud?20a3e63cda134bf53db4119fc6f824e5,,gx-no-cache=1495133683119 HTTP/1.1" 200 11541
186.67.172.234 - - [18/May/2017:15:54:13 -0300] "POST /cormun/servlet/trcontratosolicitud?20a3e63cda134bf53db4119fc6f824e5,,gx-no-cache=1495133704104 HTTP/1.1" 200 11326
186.79.4.43 - - [18/May/2017:15:54:23 -0300] "POST /cormun/servlet/solicitudot?gx-no-cache=1495133719782 HTTP/1.1" 200 3261
186.79.4.43 - - [18/May/2017:15:54:23 -0300] "POST /cormun/servlet/solicitudot?gx-no-cache=1495133720225 HTTP/1.1" 200 297
186.79.4.43 - - [18/May/2017:15:54:23 -0300] "GET /cormun/servlet/solicitudot?2d124211b1b0aadaf945011c03bd4cb50ed5bed756f63ae9b5e6b8198a849f3d31988489303522a8c3d217381c0639a762d12ca8c6005c38fa31770db16e12b6da8552226331cd0339393716e17938777dd6d1ce6231241ac5b9eeaa315afd72a203fd4477214b29e7546c9c28a0e3b125e7c3e2b50390cdc85dd0cd0200761d34cd2362f57b2ae2c33f0bbf72caeb07547efaff6233a54b75c8435669a31a3e744938112988746bb5ee8505af1438fe803d143a4462a9836c1c7404718347c3be98616c465f4e3807c29a7629ee4bbf4e7e036605edac6ff3f9d522ab0af1b945f2f6652260ed183c042cd7b3faf43ba22572ced93de2affb6bc92158c8b78922ad3e0be5071fea0a5c6ef06aa4220c2615092f641d679761f0d7385ead27bb27f6b3df416c6e2d898f55b34b88fccb7131459231f2ebdaf9c1a20ec57c9fa19df87fc99a5f114482a7272d70c144e797a17c53509b74d56c6aceb95ca34a7317849fc31b9539a9c005b7d6802b0f78e047cc2411699860387782d095f13d84d2fe9da42e1d5991698b65933cc7b71c,gx-no-cache=1495133720328 HTTP/1.1" 200 30
186.79.168.99 - - [18/May/2017:15:54:29 -0300] "POST /cormun/servlet/solicitudot?gx-no-cache=1495130128055 HTTP/1.1" 200 1280
186.79.168.99 - - [18/May/2017:15:54:31 -0300] "POST /cormun/servlet/solicitudot?gx-no-cache=1495130131476 HTTP/1.1" 200 1163
186.79.168.99 - - [18/May/2017:15:54:31 -0300] "GET /cormun/static/menuarrow.gif HTTP/1.1" 404 1015
186.67.172.234 - - [18/May/2017:15:54:34 -0300] "POST /cormun/servlet/trcontratosolicitud?20a3e63cda134bf53db4119fc6f824e5,,gx-no-cache=1495133725041 HTTP/1.1" 200 11349
186.79.168.99 - - [18/May/2017:15:54:44 -0300] "POST /cormun/servlet/solicitudot?gx-no-cache=1495130144674 HTTP/1.1" 200 1280
186.79.168.99 - - [18/May/2017:15:54:44 -0300] "POST /cormun/servlet/solicitudot?gx-no-cache=1495130144996 HTTP/1.1" 200 1163
186.67.172.234 - - [18/May/2017:15:54:57 -0300] "POST /cormun/servlet/trcontratosolicitud?20a3e63cda134bf53db4119fc6f824e5,,gx-no-cache=1495133747945 HTTP/1.1" 200 11236
186.79.4.43 - - [18/May/2017:15:55:02 -0300] "POST /cormun/servlet/solicitudot?gx-no-cache=1495133759208 HTTP/1.1" 200 30
186.79.4.43 - - [18/May/2017:15:55:02 -0300] "POST /cormun/servlet/solicitudot?gx-no-cache=1495133759459 HTTP/1.1" 200 1292
186.79.4.43 - - [18/May/2017:15:55:02 -0300] "POST /cormun/servlet/solicitudot?gx-no-cache=1495133759737 HTTP/1.1" 200 41
186.79.4.43 - - [18/May/2017:15:55:03 -0300] "POST /cormun/servlet/solicitudot?gx-no-cache=1495133759844 HTTP/1.1" 200 1279
186.79.4.43 - - [18/May/2017:15:55:03 -0300] "POST /cormun/servlet/solicitudot?gx-no-cache=1495133760038 HTTP/1.1" 200 1163
186.79.4.43 - - [18/May/2017:15:55:03 -0300] "GET /cormun/servlet/solicitudot?2d124211b1b0aadaf945011c03bd4cb520487c6182017095a670b413e0642355f4162f4649d37c19487b3fd9d2892e42459a443609f14042973c11b646ae431ad6e745b7583338604804b26f2b9e098c78296c54e0eea48d913774ac1eafd6874522a5347f837b9be25b220b7a5db77113fb0b25aa22ff560b6919655c5ad9d36bdf7383b154067f9f1e489c5db1aa8d7cf08c744618b783df4d41ff19a46951e0b74203350859a653eb56bb927a41fe,gx-no-cache=1495133760211 HTTP/1.1" 200 30
186.79.4.43 - - [18/May/2017:15:55:04 -0300] "POST /cormun/servlet/solicitudot?658842f0ee84ce2b9155a73c36dbf0e9,INS,0,0,,gx-no-cache=1495133760296 HTTP/1.1" 200 11613
186.79.168.99 - - [18/May/2017:15:55:07 -0300] "GET /cormun/servlet/solicitudot?f8588f2b83609a58b2799ad786deb6226f611ad21da3e8ef99d55a91e5c7c2178c967d0c322759b6e10e39de120ae8121806ea39c6139589036d73043660e3ed38cf7f96c301ec8d0f8362af7867f7d4bd3e95b824f96655b90046fe5406fc49acea5ee17997e4f030ada4a4ca8ab3f03e4452cceb8cd1fbc315a4e7a241a402ca45f99402de5929aa2d7467cd58fa3d7ca1bcf4f0471292a1a8866cd751de2d83cc09db932d93c5901bdba8c5bb7fc4,gx-no-cache=1495130167852 HTTP/1.1" 200 30
186.79.168.99 - - [18/May/2017:15:55:23 -0300] "POST /cormun/servlet/solicitudot?97e4d0552ae290463542bff0e8eb10f8,INS,0,0,,gx-no-cache=1495130182824 HTTP/1.1" 200 11145
186.79.168.99 - - [18/May/2017:15:55:23 -0300] "GET /cormun/static/Shared/jqueryui/images/ui-bg_highlight-soft_100_c6c2c8_1x100.png HTTP/1.1" 404 1117
186.79.168.99 - - [18/May/2017:15:55:23 -0300] "GET /cormun/static/Shared/jqueryui/images/ui-icons_82798d_256x240.png HTTP/1.1" 404 1089
186.79.168.99 - - [18/May/2017:15:55:23 -0300] "GET /cormun/static/Shared/jqueryui/images/ui-bg_flat_55_994d53_40x100.png HTTP/1.1" 404 1097
186.79.168.99 - - [18/May/2017:15:55:23 -0300] "GET /cormun/static/Shared/jqueryui/images/ui-icons_ebccce_256x240.png HTTP/1.1" 404 1089
186.79.168.99 - - [18/May/2017:15:56:09 -0300] "GET /cormun/servlet/solicitudot?f8588f2b83609a58b2799ad786deb6226f611ad21da3e8ef99d55a91e5c7c2178c967d0c322759b6e10e39de120ae812bb5fb498bc4e82d6428c0c4fed3d2d7838cf7f96c301ec8d0f8362af7867f7d4bd3e95b824f96655b90046fe5406fc49acea5ee17997e4f030ada4a4ca8ab3f03e4452cceb8cd1fbc315a4e7a241a402ca45f99402de5929aa2d7467cd58fa3d7ca1bcf4f0471292a1a8866cd751de2d83cc09db932d93c5901bdba8c5bb7fc4,gx-no-cache=1495130229861 HTTP/1.1" 200 30
186.79.168.99 - - [18/May/2017:15:56:10 -0300] "POST /cormun/servlet/solicitudot?97e4d0552ae290463542bff0e8eb10f8,INS,0,0,,gx-no-cache=1495130230131 HTTP/1.1" 200 11192
186.79.168.99 - - [18/May/2017:15:57:22 -0300] "POST /cormun/servlet/solicitudot?gx-no-cache=1495130302716 HTTP/1.1" 200 30
186.79.168.99 - - [18/May/2017:15:57:22 -0300] "POST /cormun/servlet/solicitudot?gx-no-cache=1495130302979 HTTP/1.1" 200 1297
186.79.168.99 - - [18/May/2017:15:57:22 -0300] "POST /cormun/servlet/solicitudot?gx-no-cache=1495130303402 HTTP/1.1" 200 41
186.79.168.99 - - [18/May/2017:15:57:23 -0300] "POST /cormun/servlet/solicitudot?gx-no-cache=1495130303564 HTTP/1.1" 200 1280
186.79.168.99 - - [18/May/2017:15:57:23 -0300] "POST /cormun/servlet/solicitudot?gx-no-cache=1495130303745 HTTP/1.1" 200 1163
186.79.168.99 - - [18/May/2017:15:57:23 -0300] "GET /cormun/servlet/solicitudot?f8588f2b83609a58b2799ad786deb6226f611ad21da3e8ef99d55a91e5c7c2171394a56472bf80c67688f64d8fa35991e81b778f9fe6d5f103eacab2b4f5bee638cf7f96c301ec8d0f8362af7867f7d4bd3e95b824f96655b90046fe5406fc49acea5ee17997e4f030ada4a4ca8ab3f03e4452cceb8cd1fbc315a4e7a241a402ca45f99402de5929aa2d7467cd58fa3d7ca1bcf4f0471292a1a8866cd751de2d5cfe687169a3df7a716f34617f760538,gx-no-cache=1495130303937 HTTP/1.1" 200 30
186.79.168.99 - - [18/May/2017:15:57:24 -0300] "POST /cormun/servlet/solicitudot?97e4d0552ae290463542bff0e8eb10f8,INS,0,0,,gx-no-cache=1495130304020 HTTP/1.1" 200 93
186.79.168.99 - - [18/May/2017:15:57:24 -0300] "GET /cormun/servlet/hpexe_return? HTTP/1.1" 200 1011
186.79.168.99 - - [18/May/2017:15:57:24 -0300] "GET /cormun/servlet/trsolicitudot HTTP/1.1" 200 8528
186.79.168.99 - - [18/May/2017:15:57:24 -0300] "GET /cormun/servlet/trsolicitudot HTTP/1.1" 200 8524
186.79.168.99 - - [18/May/2017:15:57:30 -0300] "POST /cormun/servlet/trsolicitudot?97e4d0552ae290463542bff0e8eb10f8,gx-no-cache=1495130309844 HTTP/1.1" 200 106
186.79.168.99 - - [18/May/2017:15:57:31 -0300] "GET /cormun/servlet/solicitudot?DLT,2017,6470, HTTP/1.1" 200 9399
186.79.168.99 - - [18/May/2017:15:57:31 -0300] "GET /cormun/static/Shared/jqueryui/images/ui-bg_highlight-soft_100_c6c2c8_1x100.png HTTP/1.1" 404 1117
186.79.168.99 - - [18/May/2017:15:57:31 -0300] "GET /cormun/static/Shared/jqueryui/images/ui-icons_82798d_256x240.png HTTP/1.1" 404 1089
186.79.168.99 - - [18/May/2017:15:57:31 -0300] "GET /cormun/static/Shared/jqueryui/images/ui-icons_8d78a5_256x240.png HTTP/1.1" 404 1089
186.79.168.99 - - [18/May/2017:15:57:31 -0300] "GET /cormun/static/Shared/jqueryui/images/ui-bg_flat_55_fafafa_40x100.png HTTP/1.1" 404 1097
186.79.168.99 - - [18/May/2017:15:57:32 -0300] "GET /cormun/servlet/solicitudot?DLT,2017,6470, HTTP/1.1" 200 9408
186.79.4.43 - - [18/May/2017:15:57:33 -0300] "POST /cormun/servlet/solicitudot?gx-no-cache=1495133910085 HTTP/1.1" 200 1279
186.79.4.43 - - [18/May/2017:15:57:33 -0300] "POST /cormun/servlet/solicitudot?gx-no-cache=1495133910365 HTTP/1.1" 200 1163
186.79.4.43 - - [18/May/2017:15:57:33 -0300] "GET /cormun/servlet/solicitudot?2d124211b1b0aadaf945011c03bd4cb520487c6182017095a670b413e0642355f4162f4649d37c19487b3fd9d2892e42459a443609f14042973c11b646ae431ad6e745b7583338604804b26f2b9e098c78296c54e0eea48d913774ac1eafd6874522a5347f837b9be25b220b7a5db77113fb0b25aa22ff560b6919655c5ad9d36bdf7383b154067f9f1e489c5db1aa8d7cf08c744618b783df4d41ff19a46951e0b74203350859a653eb56bb927a41fe,gx-no-cache=1495133910549 HTTP/1.1" 200 30
186.79.4.43 - - [18/May/2017:15:57:34 -0300] "POST /cormun/servlet/solicitudot?658842f0ee84ce2b9155a73c36dbf0e9,INS,0,0,,gx-no-cache=1495133910632 HTTP/1.1" 200 11664
186.79.168.99 - - [18/May/2017:15:57:36 -0300] "POST /cormun/servlet/solicitudot?97e4d0552ae290463542bff0e8eb10f8,DLT,2017,6470,,gx-no-cache=1495130316078 HTTP/1.1" 200 93
186.79.168.99 - - [18/May/2017:15:57:36 -0300] "GET /cormun/servlet/hpexe_return? HTTP/1.1" 200 1016
186.79.168.99 - - [18/May/2017:15:57:36 -0300] "GET /cormun/servlet/trsolicitudot HTTP/1.1" 200 8076
186.79.168.99 - - [18/May/2017:15:57:37 -0300] "GET /cormun/servlet/trsolicitudot HTTP/1.1" 200 8072
186.79.4.43 - - [18/May/2017:15:57:51 -0300] "POST /cormun/servlet/solicitudot?gx-no-cache=1495133928066 HTTP/1.1" 200 1279
186.79.4.43 - - [18/May/2017:15:57:51 -0300] "POST /cormun/servlet/solicitudot?gx-no-cache=1495133928316 HTTP/1.1" 200 1163
186.79.4.43 - - [18/May/2017:15:57:51 -0300] "GET /cormun/servlet/solicitudot?2d124211b1b0aadaf945011c03bd4cb520487c6182017095a670b413e0642355f4162f4649d37c19487b3fd9d2892e42459a443609f14042973c11b646ae431ad6e745b7583338604804b26f2b9e098c78296c54e0eea48d913774ac1eafd6874522a5347f837b9be25b220b7a5db77113fb0b25aa22ff560b6919655c5ad9d36bdf7383b154067f9f1e489c5db1aa8d7cf08c744618b783df4d41ff19a46951e0b74203350859a653eb56bb927a41fe,gx-no-cache=1495133928499 HTTP/1.1" 200 30
186.79.4.43 - - [18/May/2017:15:57:52 -0300] "POST /cormun/servlet/solicitudot?658842f0ee84ce2b9155a73c36dbf0e9,INS,0,0,,gx-no-cache=1495133928605 HTTP/1.1" 200 11700
95.213.177.126 - - [18/May/2017:15:59:11 -0300] "CONNECT check.proxyradar.com:80 HTTP/1.1" 400 -
186.79.4.43 - - [18/May/2017:15:59:36 -0300] "POST /cormun/servlet/solicitudot?gx-no-cache=1495134033081 HTTP/1.1" 200 3261
186.79.4.43 - - [18/May/2017:15:59:42 -0300] "POST /cormun/servlet/solicitudot?gx-no-cache=1495134039566 HTTP/1.1" 200 3261
192.168.10.96 - - [18/May/2017:15:59:48 -0300] "GET /cormun/servlet/hlogin HTTP/1.1" 200 1722
192.168.10.96 - - [18/May/2017:15:59:55 -0300] "POST /cormun/servlet/hlogin?7b95678ae5b7448691558315f62c3d7f,gx-no-cache=1495134002645 HTTP/1.1" 200 90
192.168.10.96 - - [18/May/2017:15:59:55 -0300] "GET /cormun/servlet/hpexe_link HTTP/1.1" 200 950
192.168.10.96 - - [18/May/2017:15:59:55 -0300] "GET /cormun/servlet/hhome HTTP/1.1" 200 4295
192.168.10.96 - - [18/May/2017:15:59:56 -0300] "GET /cormun/servlet/hhome HTTP/1.1" 200 4291
192.168.10.96 - - [18/May/2017:15:59:58 -0300] "GET /cormun/servlet/trsolicitudgral? HTTP/1.1" 200 25027
192.168.10.96 - - [18/May/2017:15:59:59 -0300] "GET /cormun/servlet/trsolicitudgral? HTTP/1.1" 200 25025
192.168.10.96 - - [18/May/2017:16:00:07 -0300] "POST /cormun/servlet/trsolicitudgral?7b95678ae5b7448691558315f62c3d7f,,gx-no-cache=1495134014072 HTTP/1.1" 200 7123
192.168.10.96 - - [18/May/2017:16:00:14 -0300] "POST /cormun/servlet/trsolicitudgral?7b95678ae5b7448691558315f62c3d7f,,gx-no-cache=1495134021328 HTTP/1.1" 200 5470
192.168.10.96 - - [18/May/2017:16:00:17 -0300] "POST /cormun/servlet/trsolicitudgral?7b95678ae5b7448691558315f62c3d7f,,gx-no-cache=1495134024818 HTTP/1.1" 200 6747
186.79.4.43 - - [18/May/2017:16:00:31 -0300] "POST /cormun/servlet/solicitudot?658842f0ee84ce2b9155a73c36dbf0e9,INS,0,0,,gx-no-cache=1495134087130 HTTP/1.1" 200 90
186.79.4.43 - - [18/May/2017:16:00:31 -0300] "GET /cormun/servlet/hpexe_link HTTP/1.1" 200 964
186.79.4.43 - - [18/May/2017:16:00:31 -0300] "GET /cormun/servlet/trsolicitudot HTTP/1.1" 200 6990
186.79.4.43 - - [18/May/2017:16:00:32 -0300] "GET /cormun/servlet/trsolicitudot HTTP/1.1" 200 6988
192.168.10.96 - - [18/May/2017:16:00:33 -0300] "POST /cormun/servlet/trsolicitudgral?7b95678ae5b7448691558315f62c3d7f,,gx-no-cache=1495134040622 HTTP/1.1" 200 6749
192.168.10.96 - - [18/May/2017:16:00:39 -0300] "POST /cormun/servlet/trsolicitudgral?7b95678ae5b7448691558315f62c3d7f,,gx-no-cache=1495134045975 HTTP/1.1" 200 6748
192.168.10.96 - - [18/May/2017:16:00:39 -0300] "POST /cormun/servlet/trsolicitudgral?7b95678ae5b7448691558315f62c3d7f,,gx-no-cache=1495134046351 HTTP/1.1" 200 6747
192.168.10.96 - - [18/May/2017:16:00:39 -0300] "POST /cormun/servlet/trsolicitudgral?7b95678ae5b7448691558315f62c3d7f,,gx-no-cache=1495134046648 HTTP/1.1" 200 6748
192.168.10.96 - - [18/May/2017:16:00:39 -0300] "POST /cormun/servlet/trsolicitudgral?7b95678ae5b7448691558315f62c3d7f,,gx-no-cache=1495134046872 HTTP/1.1" 200 6748
186.79.4.43 - - [18/May/2017:16:00:56 -0300] "GET /cormun/servlet/trautorizarsolicitud? HTTP/1.1" 200 6945
186.79.4.43 - - [18/May/2017:16:00:57 -0300] "GET /cormun/servlet/trautorizarsolicitud? HTTP/1.1" 200 6945
186.79.4.43 - - [18/May/2017:16:01:02 -0300] "GET /cormun/servlet/trsolicitudot? HTTP/1.1" 200 6989
186.79.4.43 - - [18/May/2017:16:01:03 -0300] "GET /cormun/servlet/trsolicitudot? HTTP/1.1" 200 6988
186.79.4.43 - - [18/May/2017:16:01:16 -0300] "GET /cormun/servlet/solicitudot?INS,0,0, HTTP/1.1" 200 12827
186.79.4.43 - - [18/May/2017:16:01:17 -0300] "GET /cormun/servlet/solicitudot?INS,0,0, HTTP/1.1" 200 12832
186.79.4.43 - - [18/May/2017:16:01:29 -0300] "GET /cormun/Manuales/ManualSolicitud.pdf HTTP/1.1" 206 651186
186.79.168.99 - - [18/May/2017:16:03:57 -0300] "POST /cormun/servlet/trsolicitudot?97e4d0552ae290463542bff0e8eb10f8,gx-no-cache=1495130698171 HTTP/1.1" 200 106
186.79.168.99 - - [18/May/2017:16:03:58 -0300] "GET /cormun/servlet/solicitudot?UPD,2017,6469, HTTP/1.1" 200 14324
186.79.168.99 - - [18/May/2017:16:03:58 -0300] "GET /cormun/servlet/solicitudot?UPD,2017,6469, HTTP/1.1" 200 14333
186.79.168.99 - - [18/May/2017:16:03:59 -0300] "POST /cormun/servlet/solicitudot?gx-no-cache=1495130699805 HTTP/1.1" 200 3198
186.79.168.99 - - [18/May/2017:16:04:00 -0300] "POST /cormun/servlet/solicitudot?97e4d0552ae290463542bff0e8eb10f8,UPD,2017,6469,,gx-no-cache=1495130700317 HTTP/1.1" 200 10902
186.79.168.99 - - [18/May/2017:16:04:00 -0300] "GET /cormun/servlet/solicitudot?f8588f2b83609a58b2799ad786deb622c43aa219400cfe2237e540b4375183b30929821264cca37220d4c9b5b5e20f18,gx-no-cache=1495130700862 HTTP/1.1" 200 30
186.79.168.99 - - [18/May/2017:16:04:00 -0300] "POST /cormun/servlet/solicitudot?gx-no-cache=1495130700951 HTTP/1.1" 200 256
186.79.168.99 - - [18/May/2017:16:04:00 -0300] "GET /cormun/servlet/solicitudot?f8588f2b83609a58b2799ad786deb622135587ec9dca07b5d9e3a9cf74702551b5ec67e916d4367cb6ae7128b0c487f7a0a1dae74b74d99cf3420dbab75feb2d0b5936edea6843bcfe2d858b16cfbcc06fdc117d8dfb72698a16b706f0bd06516ba43118cd92602c6e43a7ac49a6c815d34be4f28fe1ab1be89ecec6aa971af76fa6aad7404cccf78e5ba6941f8c0182b87bf86d99dc0bc6084306597fbeb6b7a94511eb5ebf52241c1cb4b6f5925751d961a65963fda4a313c51c0bf60a71b19bd387cc3157cabcfdd1e7e5ba28c473c9369896ef63d58e6b5f63d72857431ac8895a1cab9e50870628fc1a5ef600af4c36f04cdfe2b4e80b37d5ffeb3b433dd8c4cf9af70b885acd693dd82c630f8fb4550201ed630c1fc78cf325f26f2b6b9495fd8b1daae9e40fa53730bb2a369b8d9418a0ffbfb3fe9e5e661e271474b39ab88bb5f12e4f867b04bc5a362dbb9f1c497eaabb90e285de5be8636caf38bc82ab25dbe97c470cc96de4b623fd187dca8cea0347ff5cc579d4f584327aaffc,gx-no-cache=1495130701064 HTTP/1.1" 200 30
186.79.168.99 - - [18/May/2017:16:04:00 -0300] "POST /cormun/servlet/solicitudot?gx-no-cache=1495130701154 HTTP/1.1" 200 30
186.79.168.99 - - [18/May/2017:16:04:00 -0300] "POST /cormun/servlet/solicitudot?gx-no-cache=1495130701251 HTTP/1.1" 200 1295
186.79.168.99 - - [18/May/2017:16:04:00 -0300] "POST /cormun/servlet/solicitudot?gx-no-cache=1495130701467 HTTP/1.1" 200 41
186.79.168.99 - - [18/May/2017:16:04:06 -0300] "POST /cormun/servlet/solicitudot?gx-no-cache=1495130707027 HTTP/1.1" 200 30
186.79.168.99 - - [18/May/2017:16:04:13 -0300] "POST /cormun/servlet/solicitudot?gx-no-cache=1495130713653 HTTP/1.1" 200 1295
186.79.168.99 - - [18/May/2017:16:04:13 -0300] "POST /cormun/servlet/solicitudot?gx-no-cache=1495130713877 HTTP/1.1" 200 41
186.79.168.99 - - [18/May/2017:16:04:13 -0300] "GET /cormun/servlet/solicitudot?f8588f2b83609a58b2799ad786deb622acd2d15c6bb27ceadcff4e83316214d639d5343952dae96727f4704497692de7adf92f02aaad4810e4e218ff415c7d32683cfb7ffbf5f945c5d26b5840cb80cdc07e488a2ea85bc8a3dc3d3814a8716e48a3dc36b24d68009a269dfa0e3419d0cd6ec9ba0ed80a9d549bca49459d6f3ae9014d9dd92ce0d635d2c2ed56b7117fa2adc28591d7aefe22ccd83e5c3b711c,gx-no-cache=1495130713991 HTTP/1.1" 200 29
186.79.168.99 - - [18/May/2017:16:04:13 -0300] "POST /cormun/servlet/solicitudot?gx-no-cache=1495130714088 HTTP/1.1" 200 1279
186.79.168.99 - - [18/May/2017:16:04:13 -0300] "POST /cormun/servlet/solicitudot?gx-no-cache=1495130714287 HTTP/1.1" 200 1162
186.79.168.99 - - [18/May/2017:16:04:13 -0300] "GET /cormun/static/menuarrow.gif HTTP/1.1" 404 1015
186.79.168.99 - - [18/May/2017:16:04:15 -0300] "POST /cormun/servlet/solicitudot?gx-no-cache=1495130716323 HTTP/1.1" 200 30
186.79.168.99 - - [18/May/2017:16:04:15 -0300] "POST /cormun/servlet/solicitudot?gx-no-cache=1495130716417 HTTP/1.1" 200 1295
186.79.168.99 - - [18/May/2017:16:04:15 -0300] "POST /cormun/servlet/solicitudot?gx-no-cache=1495130716607 HTTP/1.1" 200 41
186.79.168.99 - - [18/May/2017:16:04:16 -0300] "POST /cormun/servlet/solicitudot?gx-no-cache=1495130716693 HTTP/1.1" 200 1279
186.79.168.99 - - [18/May/2017:16:04:16 -0300] "POST /cormun/servlet/solicitudot?gx-no-cache=1495130716870 HTTP/1.1" 200 1162
186.79.4.43 - - [18/May/2017:16:04:31 -0300] "GET /cormun/servlet/solicitudot?INS,0,0, HTTP/1.1" 200 12829
186.79.4.43 - - [18/May/2017:16:04:32 -0300] "GET /cormun/servlet/solicitudot?INS,0,0, HTTP/1.1" 200 12834
186.79.4.43 - - [18/May/2017:16:04:36 -0300] "GET /cormun/servlet/prfichaempleado?,MD,,gxPopupLevel%3D0%3B HTTP/1.1" 200 8854
186.79.168.99 - - [18/May/2017:16:04:39 -0300] "GET /cormun/servlet/solicitudot?f8588f2b83609a58b2799ad786deb622e1dd9eafc47d3c67d3fdc4a09747e85badb58c5bc7381c460187d617d2ae5bf0bb5fb498bc4e82d6428c0c4fed3d2d7838cf7f96c301ec8d0f8362af7867f7d4bd3e95b824f96655b90046fe5406fc49acea5ee17997e4f030ada4a4ca8ab3f03e4452cceb8cd1fbc315a4e7a241a402ca45f99402de5929aa2d7467cd58fa3d7ca1bcf4f0471292a1a8866cd751de2de6cfd76af45e96b6c6b680f7fecce4b8,gx-no-cache=1495130740285 HTTP/1.1" 200 32
186.79.168.99 - - [18/May/2017:16:04:40 -0300] "POST /cormun/servlet/solicitudot?97e4d0552ae290463542bff0e8eb10f8,UPD,2017,6469,,gx-no-cache=1495130740424 HTTP/1.1" 200 93
186.79.168.99 - - [18/May/2017:16:04:40 -0300] "GET /cormun/servlet/hpexe_return? HTTP/1.1" 200 1016
186.79.168.99 - - [18/May/2017:16:04:40 -0300] "GET /cormun/servlet/trsolicitudot HTTP/1.1" 200 8079
186.79.168.99 - - [18/May/2017:16:04:41 -0300] "GET /cormun/servlet/trsolicitudot HTTP/1.1" 200 8075
186.79.168.99 - - [18/May/2017:16:04:44 -0300] "GET /cormun/servlet/solicitudot?INS,0,0, HTTP/1.1" 200 12625
186.79.168.99 - - [18/May/2017:16:04:45 -0300] "GET /cormun/servlet/solicitudot?INS,0,0, HTTP/1.1" 200 12629
186.79.168.99 - - [18/May/2017:16:04:52 -0300] "GET /cormun/servlet/prfichaempleado?,MD,,gxPopupLevel%3D0%3B HTTP/1.1" 200 8836
186.79.4.43 - - [18/May/2017:16:05:05 -0300] "POST /cormun/servlet/prfichaempleado?658842f0ee84ce2b9155a73c36dbf0e9,,MD,,gxPopupLevel%3D0%3B,gx-no-cache=1495134361911 HTTP/1.1" 200 3176
186.79.4.43 - - [18/May/2017:16:05:19 -0300] "POST /cormun/servlet/solicitudot?gx-no-cache=1495134375300 HTTP/1.1" 200 3152
186.79.4.43 - - [18/May/2017:16:05:19 -0300] "GET /cormun/static/Shared/jqueryui/images/ui-bg_highlight-soft_100_c6c2c8_1x100.png HTTP/1.1" 404 1117
186.79.4.43 - - [18/May/2017:16:05:19 -0300] "GET /cormun/servlet/solicitudot?2d124211b1b0aadaf945011c03bd4cb5597a0c597ea62948380cc773f440906f,gx-no-cache=1495134376251 HTTP/1.1" 200 111
186.79.4.43 - - [18/May/2017:16:05:19 -0300] "GET /cormun/static/Shared/jqueryui/images/ui-icons_82798d_256x240.png HTTP/1.1" 404 1089
186.79.4.43 - - [18/May/2017:16:05:19 -0300] "GET /cormun/static/Shared/jqueryui/images/ui-bg_flat_55_994d53_40x100.png HTTP/1.1" 404 1097
186.79.4.43 - - [18/May/2017:16:05:19 -0300] "GET /cormun/static/Shared/jqueryui/images/ui-icons_ebccce_256x240.png HTTP/1.1" 404 1089
186.103.159.44 - - [18/May/2017:16:05:41 -0300] "GET /cormun/servlet/trsolicitudot? HTTP/1.1" 200 7372
186.103.159.44 - - [18/May/2017:16:05:43 -0300] "GET /cormun/servlet/hlogin HTTP/1.1" 200 1735
186.79.4.43 - - [18/May/2017:16:05:52 -0300] "GET /cormun/servlet/trsolicitudot? HTTP/1.1" 200 6989
186.79.4.43 - - [18/May/2017:16:05:52 -0300] "GET /cormun/servlet/trsolicitudot? HTTP/1.1" 200 6988
186.79.4.43 - - [18/May/2017:16:06:49 -0300] "GET /cormun/servlet/solicitudot?INS,0,0, HTTP/1.1" 200 12828
186.79.4.43 - - [18/May/2017:16:06:50 -0300] "GET /cormun/servlet/solicitudot?INS,0,0, HTTP/1.1" 200 12833
186.103.159.183 - - [18/May/2017:16:07:12 -0300] "GET /cormun/servlet/hlogin HTTP/1.1" 200 1723
186.103.159.183 - - [18/May/2017:16:07:12 -0300] "GET /cormun/static/gxtimezone.js?85251 HTTP/1.1" 200 5781
186.103.159.183 - - [18/May/2017:16:07:12 -0300] "GET /cormun/static/gxcfg.js?201741110203197 HTTP/1.1" 200 953
186.103.159.183 - - [18/May/2017:16:07:12 -0300] "GET /cormun/static/Resources/Spanish/PXTools.css?11294912 HTTP/1.1" 200 89042
186.103.159.183 - - [18/May/2017:16:07:12 -0300] "GET /cormun/static/messages.spa.js?85251 HTTP/1.1" 200 30736
186.103.159.183 - - [18/May/2017:16:07:12 -0300] "GET /cormun/static/hlogin.js?201741110203211 HTTP/1.1" 200 2136
186.103.159.183 - - [18/May/2017:16:07:12 -0300] "GET /cormun/static/Resources/ComunLogin.png HTTP/1.1" 200 17326
186.103.159.183 - - [18/May/2017:16:07:12 -0300] "GET /cormun/static/gxgral.js?85251 HTTP/1.1" 200 384558
186.103.159.183 - - [18/May/2017:16:07:12 -0300] "GET /cormun/static/Resources/PXToolsLoginTop.png HTTP/1.1" 200 1337
186.103.159.183 - - [18/May/2017:16:07:12 -0300] "GET /cormun/static/Resources/PXToolsLoginBackground.png HTTP/1.1" 200 1164
186.103.159.183 - - [18/May/2017:16:07:12 -0300] "GET /cormun/static/Resources/PXToolsButtonLeft21.png HTTP/1.1" 200 1287
186.103.159.183 - - [18/May/2017:16:07:12 -0300] "GET /cormun/static/Resources/PXToolsButtonRight21.png HTTP/1.1" 200 1283
186.103.159.183 - - [18/May/2017:16:07:12 -0300] "GET /cormun/static/Resources/PXToolsButtonBackground2.png HTTP/1.1" 200 1181
186.103.159.183 - - [18/May/2017:16:07:12 -0300] "GET /cormun/static/Resources/PXToolsLoginBottom.png HTTP/1.1" 200 1389
186.103.159.183 - - [18/May/2017:16:07:12 -0300] "GET /cormun/static/Resources/indicator.gif HTTP/1.1" 200 1553
186.103.159.183 - - [18/May/2017:16:07:12 -0300] "GET /cormun/servlet/hlogin HTTP/1.1" 200 1735
186.103.159.183 - - [18/May/2017:16:07:13 -0300] "GET /favicon.ico HTTP/1.1" 200 21630
186.103.159.183 - - [18/May/2017:16:07:23 -0300] "POST /cormun/servlet/hlogin?768a9bebc31524ec85dea53983fb27a3,gx-no-cache=1495134500341 HTTP/1.1" 200 449
186.79.168.99 - - [18/May/2017:16:07:25 -0300] "POST /cormun/servlet/prfichaempleado?97e4d0552ae290463542bff0e8eb10f8,,MD,,gxPopupLevel%3D0%3B,gx-no-cache=1495130906213 HTTP/1.1" 200 3464
186.79.168.99 - - [18/May/2017:16:07:32 -0300] "POST /cormun/servlet/solicitudot?gx-no-cache=1495130912638 HTTP/1.1" 200 3167
186.79.168.99 - - [18/May/2017:16:07:33 -0300] "POST /cormun/servlet/solicitudot?97e4d0552ae290463542bff0e8eb10f8,INS,0,0,,gx-no-cache=1495130913656 HTTP/1.1" 200 9779
186.79.168.99 - - [18/May/2017:16:07:33 -0300] "GET /cormun/servlet/solicitudot?f8588f2b83609a58b2799ad786deb622fecbfee3ffb5230c55813ca494c372e7b11496e5a426c1aaeae0ff9f000a0998,gx-no-cache=1495130914217 HTTP/1.1" 200 30
186.103.159.183 - - [18/May/2017:16:07:42 -0300] "POST /cormun/servlet/hlogin?768a9bebc31524ec85dea53983fb27a3,gx-no-cache=1495134519499 HTTP/1.1" 200 449
186.79.168.99 - - [18/May/2017:16:07:50 -0300] "POST /cormun/servlet/solicitudot?gx-no-cache=1495130931436 HTTP/1.1" 200 255
186.79.168.99 - - [18/May/2017:16:07:50 -0300] "GET /cormun/servlet/solicitudot?f8588f2b83609a58b2799ad786deb622135587ec9dca07b5d9e3a9cf74702551b5ec67e916d4367cb6ae7128b0c487f7a0a1dae74b74d99cf3420dbab75feb2d0b5936edea6843bcfe2d858b16cfbcc06fdc117d8dfb72698a16b706f0bd06516ba43118cd92602c6e43a7ac49a6c815d34be4f28fe1ab1be89ecec6aa971af76fa6aad7404cccf78e5ba6941f8c0182b87bf86d99dc0bc6084306597fbeb6b7a94511eb5ebf52241c1cb4b6f5925751d961a65963fda4a313c51c0bf60a71b19bd387cc3157cabcfdd1e7e5ba28c473c9369896ef63d58e6b5f63d72857431ac8895a1cab9e50870628fc1a5ef600af4c36f04cdfe2b4e80b37d5ffeb3b433dd8c4cf9af70b885acd693dd82c630f8fb4550201ed630c1fc78cf325f26f2b6b9495fd8b1daae9e40fa53730bb2a369b8d9418a0ffbfb3fe9e5e661e271474b39ab88bb5f12e4f867b04bc5a362dbb9f1c497eaabb90e285de5be8636caf38bc82ab25dbe97c470cc96de4b623fd187d73814f25438b76952e2e2799071e6917,gx-no-cache=1495130931541 HTTP/1.1" 200 30
186.79.168.99 - - [18/May/2017:16:07:53 -0300] "POST /cormun/servlet/solicitudot?gx-no-cache=1495130934385 HTTP/1.1" 200 30
192.168.10.13 - - [18/May/2017:16:08:01 -0300] "GET /cormun/servlet/hlogin HTTP/1.1" 200 1728
192.168.10.13 - - [18/May/2017:16:08:01 -0300] "GET /cormun/static/gxtimezone.js?85251 HTTP/1.1" 200 5781
192.168.10.13 - - [18/May/2017:16:08:01 -0300] "GET /cormun/static/gxcfg.js?201741110203197 HTTP/1.1" 200 953
192.168.10.13 - - [18/May/2017:16:08:01 -0300] "GET /cormun/static/Resources/Spanish/PXTools.css?11294912 HTTP/1.1" 200 89042
192.168.10.13 - - [18/May/2017:16:08:01 -0300] "GET /cormun/static/messages.spa.js?85251 HTTP/1.1" 200 30736
192.168.10.13 - - [18/May/2017:16:08:01 -0300] "GET /cormun/static/hlogin.js?201741110203211 HTTP/1.1" 200 2136
192.168.10.13 - - [18/May/2017:16:08:01 -0300] "GET /cormun/static/gxgral.js?85251 HTTP/1.1" 200 384558
192.168.10.13 - - [18/May/2017:16:08:01 -0300] "GET /cormun/static/Resources/ComunLogin.png HTTP/1.1" 200 17326
192.168.10.13 - - [18/May/2017:16:08:01 -0300] "GET /cormun/static/Resources/PXToolsButtonRight21.png HTTP/1.1" 200 1283
192.168.10.13 - - [18/May/2017:16:08:01 -0300] "GET /cormun/static/Resources/PXToolsLoginBackground.png HTTP/1.1" 200 1164
192.168.10.13 - - [18/May/2017:16:08:01 -0300] "GET /cormun/static/Resources/PXToolsLoginBottom.png HTTP/1.1" 200 1389
192.168.10.13 - - [18/May/2017:16:08:01 -0300] "GET /cormun/static/Resources/PXToolsButtonBackground2.png HTTP/1.1" 200 1181
192.168.10.13 - - [18/May/2017:16:08:01 -0300] "GET /cormun/static/Resources/PXToolsLoginTop.png HTTP/1.1" 200 1337
192.168.10.13 - - [18/May/2017:16:08:01 -0300] "GET /cormun/static/Resources/PXToolsButtonLeft21.png HTTP/1.1" 200 1287
192.168.10.13 - - [18/May/2017:16:08:01 -0300] "GET /cormun/static/Resources/indicator.gif HTTP/1.1" 200 1553
192.168.10.13 - - [18/May/2017:16:08:01 -0300] "GET /cormun/servlet/hlogin HTTP/1.1" 200 1733
192.168.10.13 - - [18/May/2017:16:08:01 -0300] "GET /favicon.ico HTTP/1.1" 200 21630
186.79.168.99 - - [18/May/2017:16:08:05 -0300] "POST /cormun/servlet/solicitudot?gx-no-cache=1495130945635 HTTP/1.1" 200 1297
186.79.168.99 - - [18/May/2017:16:08:05 -0300] "POST /cormun/servlet/solicitudot?gx-no-cache=1495130945804 HTTP/1.1" 200 38
186.79.168.99 - - [18/May/2017:16:08:31 -0300] "POST /cormun/servlet/solicitudot?gx-no-cache=1495130971691 HTTP/1.1" 200 30
186.79.168.99 - - [18/May/2017:16:08:49 -0300] "POST /cormun/servlet/solicitudot?gx-no-cache=1495130990208 HTTP/1.1" 200 1297
186.79.168.99 - - [18/May/2017:16:08:49 -0300] "POST /cormun/servlet/solicitudot?gx-no-cache=1495130990433 HTTP/1.1" 200 38
186.79.168.99 - - [18/May/2017:16:08:57 -0300] "GET /cormun/servlet/solicitudot?f8588f2b83609a58b2799ad786deb622e1dd1ea4811075215c14d0105180b85a12b403de0f563e501ccf5663c0b3023dd05b49b41037aaeca358692e9c5568e22b27a2ebe782266bbdb5b71b0791e7d5ec617df38a0b39b2c6cd8be504461aa48fb21bf2cd36040846be0395e72642b8411da49a354b974f142bd7612a5db217b27636127c2834d4737c5f835c566d06fbd9aeee2c01d5578fec53593e94a525,gx-no-cache=1495130998635 HTTP/1.1" 200 29
186.79.168.99 - - [18/May/2017:16:08:58 -0300] "POST /cormun/servlet/solicitudot?gx-no-cache=1495130998716 HTTP/1.1" 200 1280
186.79.168.99 - - [18/May/2017:16:08:58 -0300] "POST /cormun/servlet/solicitudot?gx-no-cache=1495130998895 HTTP/1.1" 200 1161
186.79.168.99 - - [18/May/2017:16:08:58 -0300] "GET /cormun/static/menuarrow.gif HTTP/1.1" 404 1015
186.79.168.99 - - [18/May/2017:16:09:00 -0300] "POST /cormun/servlet/solicitudot?gx-no-cache=1495131001212 HTTP/1.1" 200 1280
186.79.168.99 - - [18/May/2017:16:09:00 -0300] "POST /cormun/servlet/solicitudot?gx-no-cache=1495131001392 HTTP/1.1" 200 1161
186.103.159.183 - - [18/May/2017:16:09:39 -0300] "POST /cormun/servlet/hlogin?768a9bebc31524ec85dea53983fb27a3,gx-no-cache=1495134635956 HTTP/1.1" 200 449
186.79.4.43 - - [18/May/2017:16:09:39 -0300] "POST /cormun/servlet/solicitudot?gx-no-cache=1495134633997 HTTP/1.1" 200 3152
186.79.4.43 - - [18/May/2017:16:09:39 -0300] "GET /cormun/static/Shared/jqueryui/images/ui-bg_highlight-soft_100_c6c2c8_1x100.png HTTP/1.1" 404 1117
186.79.4.43 - - [18/May/2017:16:09:39 -0300] "GET /cormun/static/Shared/jqueryui/images/ui-icons_82798d_256x240.png HTTP/1.1" 404 1089
186.79.4.43 - - [18/May/2017:16:09:39 -0300] "GET /cormun/servlet/solicitudot?2d124211b1b0aadaf945011c03bd4cb5597a0c597ea62948380cc773f440906f,gx-no-cache=1495134636194 HTTP/1.1" 200 111
186.79.4.43 - - [18/May/2017:16:09:39 -0300] "GET /cormun/static/Shared/jqueryui/images/ui-bg_flat_55_994d53_40x100.png HTTP/1.1" 404 1097
186.79.4.43 - - [18/May/2017:16:09:39 -0300] "GET /cormun/static/Shared/jqueryui/images/ui-icons_ebccce_256x240.png HTTP/1.1" 404 1089
186.79.4.43 - - [18/May/2017:16:09:56 -0300] "POST /cormun/servlet/solicitudot?gx-no-cache=1495134652691 HTTP/1.1" 200 3232
186.103.159.183 - - [18/May/2017:16:09:58 -0300] "POST /cormun/servlet/hlogin?768a9bebc31524ec85dea53983fb27a3,gx-no-cache=1495134655564 HTTP/1.1" 200 449
186.79.4.43 - - [18/May/2017:16:10:00 -0300] "GET /cormun/servlet/solicitudot?2d124211b1b0aadaf945011c03bd4cb5fba31766d9ed34782aee4203458b87ac5f29946771d6b43fe50eaced068f98f8,gx-no-cache=1495134657361 HTTP/1.1" 200 111
186.79.4.43 - - [18/May/2017:16:10:08 -0300] "POST /cormun/servlet/solicitudot?gx-no-cache=1495134664594 HTTP/1.1" 200 3232
186.79.4.43 - - [18/May/2017:16:10:12 -0300] "POST /cormun/servlet/solicitudot?gx-no-cache=1495134669557 HTTP/1.1" 200 3232
186.79.4.43 - - [18/May/2017:16:10:13 -0300] "GET /cormun/servlet/solicitudot?2d124211b1b0aadaf945011c03bd4cb5fba31766d9ed34782aee4203458b87ac5f29946771d6b43fe50eaced068f98f8,gx-no-cache=1495134670201 HTTP/1.1" 200 111
186.79.4.43 - - [18/May/2017:16:10:19 -0300] "GET /cormun/servlet/solicitudot?2d124211b1b0aadaf945011c03bd4cb551732469def700a09cdfddfbee3c39ac753967c723fe8e8720a7dd4e44f71cca,gx-no-cache=1495134676651 HTTP/1.1" 200 30
207.46.13.38 - - [18/May/2017:16:10:43 -0300] "GET /cormun/servlet/solicitudotadjuntos?253f7a65408ce9beecf0c5c32963e9b1,INS,2017,5556,,1, HTTP/1.1" 200 5307
157.55.39.93 - - [18/May/2017:16:11:00 -0300] "GET /cormun/static/Shared/jqueryui/images/ui-bg_highlight-soft_100_c6c2c8_1x100.png HTTP/1.1" 404 1117
207.46.13.38 - - [18/May/2017:16:11:05 -0300] "GET /cormun/static/Shared/jqueryui/images/ui-bg_flat_55_fafafa_40x100.png HTTP/1.1" 404 1097
186.103.159.183 - - [18/May/2017:16:11:56 -0300] "POST /cormun/servlet/hlogin?768a9bebc31524ec85dea53983fb27a3,gx-no-cache=1495134772740 HTTP/1.1" 200 90
186.103.159.183 - - [18/May/2017:16:11:56 -0300] "GET /cormun/servlet/hpexe_link HTTP/1.1" 200 954
186.103.159.183 - - [18/May/2017:16:11:56 -0300] "GET /cormun/static/gxcfg.js?201731711483381 HTTP/1.1" 200 953
186.103.159.183 - - [18/May/2017:16:11:56 -0300] "GET /cormun/static/hpexe_link.js?201731711483384 HTTP/1.1" 200 625
186.103.159.183 - - [18/May/2017:16:11:56 -0300] "GET /cormun/servlet/hhome HTTP/1.1" 200 3994
186.103.159.183 - - [18/May/2017:16:11:56 -0300] "GET /cormun/static/SmoothNavMenu/resources/ddsmoothmenu.css?1012540 HTTP/1.1" 200 2223
186.103.159.183 - - [18/May/2017:16:11:56 -0300] "GET /cormun/static/SmoothNavMenu/resources/ddsmoothmenu-v.css?1012540 HTTP/1.1" 200 1188
186.103.159.183 - - [18/May/2017:16:11:56 -0300] "GET /cormun/static/scaMessage/css/jquery.pnotify.default.css?1716380 HTTP/1.1" 200 1707
186.103.159.183 - - [18/May/2017:16:11:56 -0300] "GET /cormun/static/gxcfg.js?201731711483497 HTTP/1.1" 200 953
186.103.159.183 - - [18/May/2017:16:11:56 -0300] "GET /cormun/static/PXToolsJavascripts/pexe_autoreload.js HTTP/1.1" 200 1762
186.103.159.183 - - [18/May/2017:16:11:56 -0300] "GET /cormun/static/PXToolsJavascripts/pexe_cookies.js HTTP/1.1" 200 792
186.103.159.183 - - [18/May/2017:16:11:56 -0300] "GET /cormun/static/Shared/jqueryui/jquery-ui.min.css?1245370 HTTP/1.1" 200 30288
186.103.159.183 - - [18/May/2017:16:11:56 -0300] "GET /cormun/static/PXToolsJavascripts/pexe_grid.js HTTP/1.1" 200 7559
186.103.159.183 - - [18/May/2017:16:11:56 -0300] "GET /cormun/static/PXToolsJavascripts/pexe_griddivfix.js HTTP/1.1" 200 6644
186.103.159.183 - - [18/May/2017:16:11:56 -0300] "GET /cormun/static/PXToolsJavascripts/pexe_link.js HTTP/1.1" 200 5671
186.103.159.183 - - [18/May/2017:16:11:56 -0300] "GET /cormun/static/PXToolsJavascripts/pexe_menudivfix.js HTTP/1.1" 200 333
186.103.159.183 - - [18/May/2017:16:11:56 -0300] "GET /cormun/static/PXToolsJavascripts/pexe_menus.js HTTP/1.1" 200 1286
186.103.159.183 - - [18/May/2017:16:11:56 -0300] "GET /cormun/static/PXToolsJavascripts/pexe_layers.js HTTP/1.1" 200 4114
186.103.159.183 - - [18/May/2017:16:11:56 -0300] "GET /cormun/static/PXToolsJavascripts/pexe_oav.js HTTP/1.1" 200 645
186.103.159.183 - - [18/May/2017:16:11:56 -0300] "GET /cormun/static/PXToolsJavascripts/pexe_oavdivfix.js HTTP/1.1" 200 639
186.103.159.183 - - [18/May/2017:16:11:56 -0300] "GET /cormun/static/PXToolsJavascripts/pexe_popup.js HTTP/1.1" 200 13458
186.103.159.183 - - [18/May/2017:16:11:56 -0300] "GET /cormun/static/PXToolsJavascripts/pexe_picture.js HTTP/1.1" 200 689
186.103.159.183 - - [18/May/2017:16:11:56 -0300] "GET /cormun/static/PXToolsJavascripts/pexe_scrolldiv.js HTTP/1.1" 200 4138
186.103.159.183 - - [18/May/2017:16:11:56 -0300] "GET /cormun/static/PXToolsJavascripts/pexe_tabdivfix.js HTTP/1.1" 200 876
186.103.159.183 - - [18/May/2017:16:11:56 -0300] "GET /cormun/static/PXToolsJavascripts/pexe_tabs.js HTTP/1.1" 200 3748
186.103.159.183 - - [18/May/2017:16:11:56 -0300] "GET /cormun/static/PXToolsJavascripts/pexe_upload.js HTTP/1.1" 200 1423
186.103.159.183 - - [18/May/2017:16:11:56 -0300] "GET /cormun/static/PXToolsJavascripts/PXToolsJavascriptsRender.js HTTP/1.1" 200 367
186.103.159.183 - - [18/May/2017:16:11:56 -0300] "GET /cormun/static/PXToolsJavascripts/pexe_windows.js HTTP/1.1" 200 15207
186.103.159.183 - - [18/May/2017:16:11:56 -0300] "GET /cormun/static/RunJS/RunJS.js HTTP/1.1" 200 288
186.103.159.183 - - [18/May/2017:16:11:57 -0300] "GET /cormun/static/Shared/ext/locale/ext-lang-en.js HTTP/1.1" 200 10940
186.103.159.183 - - [18/May/2017:16:11:57 -0300] "GET /cormun/static/hwchdr01.js?201731711335950 HTTP/1.1" 200 1183
186.103.159.183 - - [18/May/2017:16:11:57 -0300] "GET /cormun/static/hpexe_recentlink.js?201610171694390 HTTP/1.1" 200 2144
186.103.159.183 - - [18/May/2017:16:11:57 -0300] "GET /cormun/static/hhome.js?20173171148352 HTTP/1.1" 200 777
186.103.159.183 - - [18/May/2017:16:11:57 -0300] "GET /cormun/static/Resources/PXToolsHeaderActionsLeft.png HTTP/1.1" 200 1118
186.103.159.183 - - [18/May/2017:16:11:57 -0300] "GET /cormun/static/Resources/PXToolsFooterBackground2.png HTTP/1.1" 200 1172
186.103.159.183 - - [18/May/2017:16:11:57 -0300] "GET /cormun/static/Resources/PXToolsHeaderBackground2.png HTTP/1.1" 200 1174
186.103.159.183 - - [18/May/2017:16:11:57 -0300] "GET /cormun/static/Resources/PXToolsDataTitle.png HTTP/1.1" 200 1173
186.103.159.183 - - [18/May/2017:16:11:57 -0300] "GET /cormun/static/gxui/gxui-all.js HTTP/1.1" 200 107772
186.103.159.183 - - [18/May/2017:16:11:57 -0300] "GET /cormun/static/Resources/logo4.png HTTP/1.1" 200 6582
186.103.159.183 - - [18/May/2017:16:11:57 -0300] "GET /cormun/static/Resources/PXToolsHeaderLogin.png HTTP/1.1" 200 4279
186.103.159.183 - - [18/May/2017:16:11:57 -0300] "GET /cormun/static/Resources/PXToolsHeaderSecurity.png HTTP/1.1" 200 4166
186.103.159.183 - - [18/May/2017:16:11:57 -0300] "GET /cormun/static/Resources/PXToolsHeaderActionsRight.png HTTP/1.1" 200 1201
186.103.159.183 - - [18/May/2017:16:11:57 -0300] "GET /cormun/static/Resources/PXToolsHeaderPreferences.png HTTP/1.1" 200 4189
186.103.159.183 - - [18/May/2017:16:11:57 -0300] "GET /cormun/static/Resources/PXToolsHeaderHome.png HTTP/1.1" 200 4147
186.103.159.183 - - [18/May/2017:16:11:57 -0300] "GET /cormun/static/hpexe_scripts.js?201731711335890 HTTP/1.1" 200 1544
186.103.159.183 - - [18/May/2017:16:11:57 -0300] "GET /cormun/static/hpexe_messagecontroller.js?201610171694323 HTTP/1.1" 200 870
186.103.159.183 - - [18/May/2017:16:11:57 -0300] "GET /cormun/static/hpexe_messagepopupcomponent.js?20161017169425 HTTP/1.1" 200 605
186.103.159.183 - - [18/May/2017:16:11:57 -0300] "GET /cormun/static/hpexe_messagegenexuscomponent.js?201731711335537 HTTP/1.1" 200 587
186.103.159.183 - - [18/May/2017:16:11:57 -0300] "GET /cormun/static/cmcontrolpreferences.js?201731711335852 HTTP/1.1" 200 1375
186.103.159.183 - - [18/May/2017:16:11:57 -0300] "GET /cormun/static/SmoothNavMenu/resources/ddsmoothmenu.js HTTP/1.1" 200 12712
186.103.159.183 - - [18/May/2017:16:11:57 -0300] "GET /cormun/static/Resources/PXToolsHeaderActionsBackground.png HTTP/1.1" 200 484
186.103.159.183 - - [18/May/2017:16:11:58 -0300] "GET /cormun/static/SmoothNavMenu/resources/SmoothNavMenuRender.js HTTP/1.1" 200 5951
186.103.159.183 - - [18/May/2017:16:11:58 -0300] "GET /cormun/static/scaMessage/js/jquery.pnotify.min.js HTTP/1.1" 200 13038
186.103.159.183 - - [18/May/2017:16:11:58 -0300] "GET /cormun/static/Shared/jquery/jquery-1.4.2.min.js HTTP/1.1" 200 72174
186.103.159.183 - - [18/May/2017:16:11:58 -0300] "GET /cormun/static/scaMessage/scaMessageRender.js HTTP/1.1" 200 11977
