186.103.156.166 - - [18/May/2017:12:03:03 -0300] "GET /cormun/servlet/trsolicitudot? HTTP/1.1" 200 8533
192.168.10.89 - - [18/May/2017:12:03:58 -0300] "GET /cormun/servlet/solicitudgral2?UPD,2017,6417, HTTP/1.1" 200 12416
192.168.10.89 - - [18/May/2017:12:04:00 -0300] "POST /cormun/servlet/solicitudgral2?gx-no-cache=1495119847559 HTTP/1.1" 200 3201
192.168.10.89 - - [18/May/2017:12:04:00 -0300] "GET /cormun/servlet/solicitudgral2?145b8fa62824a77c4f5e5488377ac0db525766976af6821121761d9250a479272268c419e4f5b2d79ca17042f699d3a54363e7c75a8cd01656c0e4bc13fbe1937e025549030b047c2fbd7225c7aa9c549897695b8528e08c682ccf1a3a08cc0b43a7b0f01fb0889e46a24e27c2a7fdb6d202369e2e332a7bd601f60cfe346e39f08b10d54e8547452d5e64872766a1df73f573cdf8d9c8aa0de7eca293d69d8c33aaf57465ff3b9c643de5cead0fe75b66847c77448fc653230b35377108972d257f78defca59452cef21d604b7fadca81b9bedeabc2e10665d151154d265eaec5b5ee194cd3586585cbf534922ae165c7b72afd55b4efd939c381bbdfeae6d6d90c98f0e87b138886e1a36c972042f440c08cf423d5f228718d6b10cdbb185f038e71bff427da10f8993cf61539e3c96aefbb1cb4f8ceca151cf49711b1d452abb40c5478feaeb4816f7fd70498d51e,gx-no-cache=1495119847790 HTTP/1.1" 200 257
192.168.10.89 - - [18/May/2017:12:04:00 -0300] "POST /cormun/servlet/solicitudgral2?gx-no-cache=1495119847823 HTTP/1.1" 200 1358
192.168.10.89 - - [18/May/2017:12:04:00 -0300] "GET /cormun/servlet/solicitudgral2?145b8fa62824a77c4f5e5488377ac0db994c07b2fb00e7513c120ac0a8d339f79a136357002adc0587b5c012404997f54363e7c75a8cd01656c0e4bc13fbe193a9df62332c40c87e7e858358a770e7b5892e905f4607a67c7e18ed91d6825c2af5cdf26f6f86d7875f4fa911cee9c420,gx-no-cache=1495119847868 HTTP/1.1" 200 41
192.168.10.89 - - [18/May/2017:12:04:02 -0300] "POST /cormun/servlet/solicitudgral2?88051b6114537bc96f518eec37f3af55,UPD,2017,6417,,gx-no-cache=1495119850108 HTTP/1.1" 200 10662
192.168.10.89 - - [18/May/2017:12:04:03 -0300] "GET /cormun/servlet/solicitudgral2?145b8fa62824a77c4f5e5488377ac0dbad05794fc55731ebf574b494d491cb69b0a296e6fe89c7fc67582c9714d96a4d71747f0d9ca2938e9712585a9b8c1f198e1eb1d4472246f5d82b168a17f1196033b3485da8b3158132fef82f5293e1737b69ffd5e0961922a7f85e6423c100a3339b4c5b0b163f97b083e61b3f84b513ddb28756d0f35b668f344d169db8ca53ab2efbae805f1bab6ec72e2fcf34187d,gx-no-cache=1495119850386 HTTP/1.1" 200 29
192.168.10.89 - - [18/May/2017:12:04:03 -0300] "POST /cormun/servlet/solicitudgral2?gx-no-cache=1495119850409 HTTP/1.1" 200 1254
192.168.10.89 - - [18/May/2017:12:04:03 -0300] "POST /cormun/servlet/solicitudgral2?gx-no-cache=1495119850480 HTTP/1.1" 200 1159
192.168.10.89 - - [18/May/2017:12:04:08 -0300] "GET /cormun/servlet/solicitudgral2?145b8fa62824a77c4f5e5488377ac0db3b708e0424a6c4dab63f23c6edede57bf8ef6df66ec7762d0acd9827e96c4232e62b605ffba63d8441a1ea3a703ad394bcc367535e8a4387e57c0cc8ae281d2382dc48da0d01afee93f98f6b9023dd125cfb79c9f92115bafc5c96797fc55227ab466de5ae44b17b243cf8cb35278585,gx-no-cache=1495119855624 HTTP/1.1" 200 30
186.67.172.234 - - [18/May/2017:12:04:18 -0300] "GET /cormun/servlet/hlogin HTTP/1.1" 200 1731
186.67.172.234 - - [18/May/2017:12:04:31 -0300] "POST /cormun/servlet/hlogin?32441b0f7017139630ad47d4219bfa8b,gx-no-cache=1495116317580 HTTP/1.1" 200 90
186.67.172.234 - - [18/May/2017:12:04:31 -0300] "GET /cormun/servlet/hpexe_link HTTP/1.1" 200 956
186.67.172.234 - - [18/May/2017:12:04:31 -0300] "GET /cormun/servlet/hhome HTTP/1.1" 200 4052
186.67.172.234 - - [18/May/2017:12:04:32 -0300] "GET /cormun/servlet/hhome HTTP/1.1" 200 4049
186.67.172.234 - - [18/May/2017:12:04:36 -0300] "GET /cormun/servlet/trcontratosolicitud? HTTP/1.1" 200 13620
192.168.10.89 - - [18/May/2017:12:04:54 -0300] "POST /cormun/servlet/solicitudgral2?88051b6114537bc96f518eec37f3af55,UPD,2017,6417,,gx-no-cache=1495119901218 HTTP/1.1" 200 93
192.168.10.89 - - [18/May/2017:12:04:54 -0300] "GET /cormun/servlet/hpexe_return? HTTP/1.1" 200 1036
192.168.10.89 - - [18/May/2017:12:04:54 -0300] "GET /cormun/servlet/trsolicitudgral?gx-no-cache=1495119776732 HTTP/1.1" 200 10433
192.168.10.89 - - [18/May/2017:12:04:59 -0300] "POST /cormun/servlet/trsolicitudgral?88051b6114537bc96f518eec37f3af55,gx-no-cache=1495119776732,gx-no-cache=1495119906925 HTTP/1.1" 200 6782
192.168.10.89 - - [18/May/2017:12:05:00 -0300] "GET /cormun/static/Shared/jqueryui/images/ui-bg_highlight-soft_100_c6c2c8_1x100.png HTTP/1.1" 404 1117
192.168.10.89 - - [18/May/2017:12:05:00 -0300] "GET /cormun/static/Shared/jqueryui/images/ui-bg_flat_55_fafafa_40x100.png HTTP/1.1" 404 1097
192.168.10.89 - - [18/May/2017:12:05:00 -0300] "GET /cormun/static/Shared/jqueryui/images/ui-icons_82798d_256x240.png HTTP/1.1" 404 1089
192.168.10.89 - - [18/May/2017:12:05:00 -0300] "GET /cormun/static/Shared/jqueryui/images/ui-icons_8d78a5_256x240.png HTTP/1.1" 404 1089
192.168.10.89 - - [18/May/2017:12:05:10 -0300] "POST /cormun/servlet/trsolicitudgral?88051b6114537bc96f518eec37f3af55,gx-no-cache=1495119776732,gx-no-cache=1495119918167 HTTP/1.1" 200 115
192.168.10.89 - - [18/May/2017:12:05:11 -0300] "GET /cormun/servlet/solicitudotlog?INS,2017,6389,0,REC, HTTP/1.1" 200 6247
192.168.10.89 - - [18/May/2017:12:05:12 -0300] "GET /cormun/servlet/solicitudotlog?145b8fa62824a77c4f5e5488377ac0dbfbc61b2d5f75e86a1f7850726c9f4d2e20d47359d22719c2654634668ecc3d92251cad297f7c7736a11c72ad2a4a15e1903d4ad66ffcde3bee678189c83b68684554bf5e1726955edaae1051ad66019d212e7a5c1bcd4f83eb580641c28b6674c0421baf372f134e0fe9e2e96b90e962e7669ac63d02447206d8775b6d95b20226e6a9572b0d4d32a5838f54770a1310,gx-no-cache=1495119919765 HTTP/1.1" 200 94
192.168.10.89 - - [18/May/2017:12:05:15 -0300] "POST /cormun/servlet/solicitudotlog?88051b6114537bc96f518eec37f3af55,INS,2017,6389,0,REC,,gx-no-cache=1495119922169 HTTP/1.1" 200 93
192.168.10.89 - - [18/May/2017:12:05:15 -0300] "GET /cormun/servlet/hpexe_return? HTTP/1.1" 200 1045
192.168.10.89 - - [18/May/2017:12:05:15 -0300] "GET /cormun/servlet/trsolicitudgral?gx-no-cache=1495119776732 HTTP/1.1" 200 8790
192.168.10.89 - - [18/May/2017:12:05:23 -0300] "POST /cormun/servlet/trsolicitudgral?88051b6114537bc96f518eec37f3af55,gx-no-cache=1495119776732,gx-no-cache=1495119930039 HTTP/1.1" 200 10274
186.67.172.234 - - [18/May/2017:12:05:23 -0300] "GET /cormun/servlet/trcontratosolicitud? HTTP/1.1" 200 13627
192.168.10.89 - - [18/May/2017:12:05:54 -0300] "GET /cormun/servlet/solicitudgral3?UPD,2017,6420, HTTP/1.1" 200 13164
192.168.10.89 - - [18/May/2017:12:05:54 -0300] "GET /cormun/static/gxcfg.js?201731711481654 HTTP/1.1" 304 -
192.168.10.89 - - [18/May/2017:12:05:55 -0300] "GET /cormun/static/solicitudgral3.js?201731711481732 HTTP/1.1" 304 -
192.168.10.89 - - [18/May/2017:12:05:56 -0300] "POST /cormun/servlet/solicitudgral3?gx-no-cache=1495119963679 HTTP/1.1" 200 3362
192.168.10.89 - - [18/May/2017:12:05:56 -0300] "GET /cormun/servlet/solicitudgral3?145b8fa62824a77c4f5e5488377ac0db525766976af6821121761d9250a479272268c419e4f5b2d79ca17042f699d3a54363e7c75a8cd01656c0e4bc13fbe1937e025549030b047c2fbd7225c7aa9c54c205fe9d8252bae01d2eefc3ddeb8b9443a7b0f01fb0889e46a24e27c2a7fdb6d202369e2e332a7bd601f60cfe346e39f08b10d54e8547452d5e64872766a1df73f573cdf8d9c8aa0de7eca293d69d8c33aaf57465ff3b9c643de5cead0fe75b66847c77448fc653230b35377108972d257f78defca59452cef21d604b7fadca81b9bedeabc2e10665d151154d265eaec5b5ee194cd3586585cbf534922ae165c7b72afd55b4efd939c381bbdfeae6d6d90c98f0e87b138886e1a36c972042f440c08cf423d5f228718d6b10cdbb185f038e71bff427da10f8993cf61539e3c96aefbb1cb4f8ceca151cf49711b1d452abb40c5478feaeb4816f7fd70498d51e,gx-no-cache=1495119963899 HTTP/1.1" 200 242
192.168.10.89 - - [18/May/2017:12:05:56 -0300] "POST /cormun/servlet/solicitudgral3?gx-no-cache=1495119963931 HTTP/1.1" 200 1363
192.168.10.89 - - [18/May/2017:12:05:56 -0300] "GET /cormun/servlet/solicitudgral3?145b8fa62824a77c4f5e5488377ac0db994c07b2fb00e7513c120ac0a8d339f79a136357002adc0587b5c012404997f54363e7c75a8cd01656c0e4bc13fbe193a9df62332c40c87e7e858358a770e7b52d61b8980a870fe35046dbfcec707b9cc68c033d04c78f84ef9ec6e00f270cb2fe5df4c63020161380bd0478048e047e,gx-no-cache=1495119964013 HTTP/1.1" 200 41
192.168.10.89 - - [18/May/2017:12:05:58 -0300] "POST /cormun/servlet/solicitudgral3?88051b6114537bc96f518eec37f3af55,UPD,2017,6420,,gx-no-cache=1495119965636 HTTP/1.1" 200 11113
192.168.10.89 - - [18/May/2017:12:05:58 -0300] "GET /cormun/servlet/solicitudgral3?145b8fa62824a77c4f5e5488377ac0db8d2ebf8f5d94bd79425306d2a5b74c0fb0a296e6fe89c7fc67582c9714d96a4df7ce5ddb03e99c2830f8dd2269b8a05058f984fc5ff2c24a518a94ec0ddfda092e509da0e91a19e650c5c22d179590e77c723d322b0fdc4475d41df0402e1229,gx-no-cache=1495119965993 HTTP/1.1" 200 29
192.168.10.89 - - [18/May/2017:12:05:58 -0300] "POST /cormun/servlet/solicitudgral3?gx-no-cache=1495119966016 HTTP/1.1" 200 1255
192.168.10.89 - - [18/May/2017:12:05:58 -0300] "POST /cormun/servlet/solicitudgral3?gx-no-cache=1495119966056 HTTP/1.1" 200 1159
192.168.10.89 - - [18/May/2017:12:06:00 -0300] "GET /cormun/servlet/solicitudgral3?145b8fa62824a77c4f5e5488377ac0dbbdcb24cafbb6264db2d3446c892544735d19d95feeda21831d2ae846cab84e42f2f0878ccf338c7b54bb2a276f522fe76aefbb1cb4f8ceca151cf49711b1d452794723fb33e3ba93856e05834fea890ed6191766814c000563c9f9b235da6dfe96096a56c992cbfe44ed5a9dcf05009b315bfc651a9b969cc41d8ca66e54ec4d,gx-no-cache=1495119967694 HTTP/1.1" 200 30
192.168.10.96 - - [18/May/2017:12:06:00 -0300] "GET /cormun/servlet/vevisualizador?2017,6244,,SolicitudOTAdjuntos HTTP/1.1" 200 10401
192.168.10.96 - - [18/May/2017:12:06:01 -0300] "GET /cormun/servlet/vevisualizador?2017,6244,,SolicitudOTAdjuntos HTTP/1.1" 200 10403
186.67.172.234 - - [18/May/2017:12:06:01 -0300] "POST /cormun/servlet/trcontratosolicitud?32441b0f7017139630ad47d4219bfa8b,,gx-no-cache=1495116401823 HTTP/1.1" 200 11535
186.67.172.234 - - [18/May/2017:12:06:02 -0300] "GET /cormun/static/Resources/PXToolsGridPrevious.gif HTTP/1.1" 200 369
186.67.172.234 - - [18/May/2017:12:06:02 -0300] "GET /cormun/static/Resources/PXToolsGridNext.gif HTTP/1.1" 200 369
192.168.10.96 - - [18/May/2017:12:06:02 -0300] "POST /cormun/servlet/acontrolpreferencessavestate?None,DZAMUDIO,true HTTP/1.1" 200 35
186.67.172.234 - - [18/May/2017:12:06:02 -0300] "GET /cormun/static/Resources/PXToolsGridLast.gif HTTP/1.1" 200 370
192.168.10.89 - - [18/May/2017:12:06:03 -0300] "POST /cormun/servlet/solicitudgral3?88051b6114537bc96f518eec37f3af55,UPD,2017,6420,,gx-no-cache=1495119970773 HTTP/1.1" 200 93
192.168.10.89 - - [18/May/2017:12:06:03 -0300] "GET /cormun/servlet/hpexe_return? HTTP/1.1" 200 1037
192.168.10.89 - - [18/May/2017:12:06:04 -0300] "GET /cormun/servlet/trsolicitudgral?gx-no-cache=1495119776732 HTTP/1.1" 200 13608
192.168.10.96 - - [18/May/2017:12:06:04 -0300] "GET /cormun/PublicTempStorage/ante4366089.jpg HTTP/1.1" 200 973870
186.67.172.234 - - [18/May/2017:12:06:08 -0300] "GET /cormun/static/Resources/PXToolsGridFirst.gif HTTP/1.1" 200 379
192.168.10.96 - - [18/May/2017:12:06:10 -0300] "GET /cormun/servlet/vevisualizador?2017,6244,,SolicitudOTAdjuntos HTTP/1.1" 200 10401
192.168.10.96 - - [18/May/2017:12:06:11 -0300] "GET /cormun/servlet/vevisualizador?2017,6244,,SolicitudOTAdjuntos HTTP/1.1" 200 10401
192.168.10.96 - - [18/May/2017:12:06:11 -0300] "POST /cormun/servlet/acontrolpreferencessavestate?None,DZAMUDIO,true HTTP/1.1" 200 35
192.168.10.96 - - [18/May/2017:12:06:12 -0300] "GET /cormun/PublicTempStorage/curri1659563.docx HTTP/1.1" 200 672447
192.168.10.89 - - [18/May/2017:12:06:16 -0300] "POST /cormun/servlet/trsolicitudgral?88051b6114537bc96f518eec37f3af55,gx-no-cache=1495119776732,gx-no-cache=1495119983427 HTTP/1.1" 200 9924
192.168.10.89 - - [18/May/2017:12:06:16 -0300] "GET /cormun/static/Shared/jqueryui/images/ui-bg_highlight-soft_100_c6c2c8_1x100.png HTTP/1.1" 404 1117
192.168.10.89 - - [18/May/2017:12:06:16 -0300] "GET /cormun/static/Shared/jqueryui/images/ui-bg_flat_55_fafafa_40x100.png HTTP/1.1" 404 1097
192.168.10.89 - - [18/May/2017:12:06:16 -0300] "GET /cormun/static/Shared/jqueryui/images/ui-icons_82798d_256x240.png HTTP/1.1" 404 1089
192.168.10.89 - - [18/May/2017:12:06:16 -0300] "GET /cormun/static/Shared/jqueryui/images/ui-icons_8d78a5_256x240.png HTTP/1.1" 404 1089
186.67.172.234 - - [18/May/2017:12:06:29 -0300] "GET /cormun/servlet/solicitudotcontratos?INS,2017,0,15806030,2,2,2017,4363,ACLE,201704,8,M, HTTP/1.1" 200 9661
186.67.172.234 - - [18/May/2017:12:06:33 -0300] "GET /cormun/static/gxcfg.js?20173171147937 HTTP/1.1" 200 953
192.168.10.89 - - [18/May/2017:12:06:43 -0300] "GET /cormun/servlet/solicitudgral3?UPD,2017,6433, HTTP/1.1" 200 13057
192.168.10.89 - - [18/May/2017:12:06:45 -0300] "POST /cormun/servlet/solicitudgral3?gx-no-cache=1495120012459 HTTP/1.1" 200 3316
192.168.10.89 - - [18/May/2017:12:06:45 -0300] "GET /cormun/servlet/solicitudgral3?145b8fa62824a77c4f5e5488377ac0db525766976af6821121761d9250a479272268c419e4f5b2d79ca17042f699d3a54363e7c75a8cd01656c0e4bc13fbe1937e025549030b047c2fbd7225c7aa9c54b379d9be93e7ca885991da04a86fdcce43a7b0f01fb0889e46a24e27c2a7fdb6d202369e2e332a7bd601f60cfe346e39f08b10d54e8547452d5e64872766a1df73f573cdf8d9c8aa0de7eca293d69d8c33aaf57465ff3b9c643de5cead0fe75b66847c77448fc653230b35377108972d257f78defca59452cef21d604b7fadca81b9bedeabc2e10665d151154d265eaec5b5ee194cd3586585cbf534922ae165c7b72afd55b4efd939c381bbdfeae6d6d90c98f0e87b138886e1a36c972042f440c08cf423d5f228718d6b10cdbb185f038e71bff427da10f8993cf61539e3c96aefbb1cb4f8ceca151cf49711b1d452abb40c5478feaeb4816f7fd70498d51e,gx-no-cache=1495120012680 HTTP/1.1" 200 298
192.168.10.89 - - [18/May/2017:12:06:45 -0300] "POST /cormun/servlet/solicitudgral3?gx-no-cache=1495120012712 HTTP/1.1" 200 1363
192.168.10.89 - - [18/May/2017:12:06:45 -0300] "GET /cormun/servlet/solicitudgral3?145b8fa62824a77c4f5e5488377ac0db994c07b2fb00e7513c120ac0a8d339f79a136357002adc0587b5c012404997f54363e7c75a8cd01656c0e4bc13fbe193a9df62332c40c87e7e858358a770e7b5335c73d52f6141202fcdaad593264a72c50773bb20015e0892e1ba1756681793775b5940a3f466b1a6c2cbd5d818c771,gx-no-cache=1495120012791 HTTP/1.1" 200 41
192.168.10.89 - - [18/May/2017:12:06:47 -0300] "POST /cormun/servlet/solicitudgral3?88051b6114537bc96f518eec37f3af55,UPD,2017,6433,,gx-no-cache=1495120014345 HTTP/1.1" 200 11114
192.168.10.89 - - [18/May/2017:12:06:47 -0300] "GET /cormun/servlet/solicitudgral3?145b8fa62824a77c4f5e5488377ac0db8d2ebf8f5d94bd79425306d2a5b74c0fb0a296e6fe89c7fc67582c9714d96a4df7ce5ddb03e99c2830f8dd2269b8a05058f984fc5ff2c24a518a94ec0ddfda092e509da0e91a19e650c5c22d179590e77c723d322b0fdc4475d41df0402e1229,gx-no-cache=1495120015194 HTTP/1.1" 200 29
192.168.10.89 - - [18/May/2017:12:06:48 -0300] "POST /cormun/servlet/solicitudgral3?gx-no-cache=1495120015242 HTTP/1.1" 200 1255
192.168.10.89 - - [18/May/2017:12:06:48 -0300] "POST /cormun/servlet/solicitudgral3?gx-no-cache=1495120015304 HTTP/1.1" 200 1159
192.168.10.89 - - [18/May/2017:12:06:49 -0300] "GET /cormun/servlet/solicitudgral3?145b8fa62824a77c4f5e5488377ac0dbbdcb24cafbb6264db2d3446c8925447399b0384c0165787f305e478a8519e865f2f0878ccf338c7b54bb2a276f522fe76aefbb1cb4f8ceca151cf49711b1d452794723fb33e3ba93856e05834fea890e2d54834b714fabc27e6aebcef87cdbf32128d499afc804a9d43c778d67c2d1d3315bfc651a9b969cc41d8ca66e54ec4d,gx-no-cache=1495120016436 HTTP/1.1" 200 30
200.111.191.210 - - [18/May/2017:12:06:53 -0300] "GET /cormun/servlet/hlogin HTTP/1.1" 200 1725
192.168.10.89 - - [18/May/2017:12:06:54 -0300] "POST /cormun/servlet/solicitudgral3?88051b6114537bc96f518eec37f3af55,UPD,2017,6433,,gx-no-cache=1495120021105 HTTP/1.1" 200 93
192.168.10.89 - - [18/May/2017:12:06:54 -0300] "GET /cormun/servlet/hpexe_return? HTTP/1.1" 200 1038
192.168.10.89 - - [18/May/2017:12:06:54 -0300] "GET /cormun/servlet/trsolicitudgral?gx-no-cache=1495119776732 HTTP/1.1" 200 13209
192.168.10.89 - - [18/May/2017:12:06:59 -0300] "POST /cormun/servlet/trsolicitudgral?88051b6114537bc96f518eec37f3af55,gx-no-cache=1495119776732,gx-no-cache=1495120026481 HTTP/1.1" 200 9571
192.168.10.89 - - [18/May/2017:12:06:59 -0300] "GET /cormun/static/Shared/jqueryui/images/ui-bg_highlight-soft_100_c6c2c8_1x100.png HTTP/1.1" 404 1117
192.168.10.89 - - [18/May/2017:12:06:59 -0300] "GET /cormun/static/Shared/jqueryui/images/ui-icons_82798d_256x240.png HTTP/1.1" 404 1089
192.168.10.89 - - [18/May/2017:12:06:59 -0300] "GET /cormun/static/Shared/jqueryui/images/ui-bg_flat_55_fafafa_40x100.png HTTP/1.1" 404 1097
192.168.10.89 - - [18/May/2017:12:06:59 -0300] "GET /cormun/static/Shared/jqueryui/images/ui-icons_8d78a5_256x240.png HTTP/1.1" 404 1089
200.111.191.210 - - [18/May/2017:12:07:00 -0300] "POST /cormun/servlet/hlogin?97797cef835ac7fc0ce6bebff810f74e,gx-no-cache=1495120073425 HTTP/1.1" 200 90
200.111.191.210 - - [18/May/2017:12:07:05 -0300] "GET /cormun/servlet/hpexe_link HTTP/1.1" 200 954
200.111.191.210 - - [18/May/2017:12:07:05 -0300] "GET /cormun/servlet/hhome HTTP/1.1" 200 3780
200.111.191.210 - - [18/May/2017:12:07:05 -0300] "GET /cormun/servlet/hhome HTTP/1.1" 200 3777
200.111.191.210 - - [18/May/2017:12:07:08 -0300] "GET /cormun/servlet/trlicencias? HTTP/1.1" 200 6615
200.111.191.210 - - [18/May/2017:12:07:09 -0300] "GET /cormun/servlet/trlicencias? HTTP/1.1" 200 6614
186.67.172.234 - - [18/May/2017:12:07:10 -0300] "GET /cormun/servlet/solicitudotcontratos?INS,2017,0,15806030,2,2,2017,4363,ACLE,201704,8,M, HTTP/1.1" 200 9661
186.67.172.234 - - [18/May/2017:12:07:11 -0300] "GET /cormun/static/solicitudotcontratos.js?201731711471071 HTTP/1.1" 200 42790
186.67.172.234 - - [18/May/2017:12:07:11 -0300] "GET /cormun/servlet/solicitudotcontratos?INS,2017,0,15806030,2,2,2017,4363,ACLE,201704,8,M, HTTP/1.1" 200 9690
186.67.172.234 - - [18/May/2017:12:07:11 -0300] "GET /cormun/servlet/solicitudotcontratos?199d14bb9ec9ba37d4f53415bba7027aaa7f5e63bf066100b150abc9efbefc4ab4b6585603e2468b23617643578f338c,gx-no-cache=1495116478133 HTTP/1.1" 200 30
186.67.172.234 - - [18/May/2017:12:07:12 -0300] "GET /cormun/servlet/solicitudotcontratos?199d14bb9ec9ba37d4f53415bba7027ad17d7f02fa6528195701a3aef38522856b7961244e0732de3faf99b1f435599c5fd7d0ab1bad79d279652ef026cef5b98b4538bcc3a379a333a97d0463a8a72ae7f8b89430f79e83b288daeb63f034b28c00bcac3c98f2ea725299532357e0356eb9edad8e1e6b077994a471eff8182a,gx-no-cache=1495116478212 HTTP/1.1" 200 48
186.67.172.234 - - [18/May/2017:12:07:12 -0300] "GET /cormun/servlet/solicitudotcontratos?199d14bb9ec9ba37d4f53415bba7027af31f66af59f9d6c9503da336b6cd3dcac75b85c2c6494f96ab9f2a3b6652cb90,gx-no-cache=1495116478293 HTTP/1.1" 200 30
186.67.172.234 - - [18/May/2017:12:07:12 -0300] "GET /cormun/servlet/solicitudotcontratos?199d14bb9ec9ba37d4f53415bba7027a75bfac24ddc1b58c07e797efad06c4cd58645920f931fdc5f45eb66c8cde7eee351a752feda830d22f94efc8bd28f27c4a9cdc00507bcb0171685f7db73c0a4addad316dd68ca4634a1b8681b4e8bfa68f7e207782968c50f27aace2fbc7df4d,gx-no-cache=1495116478376 HTTP/1.1" 200 30
186.67.172.234 - - [18/May/2017:12:07:12 -0300] "GET /cormun/servlet/solicitudotcontratos?199d14bb9ec9ba37d4f53415bba7027ab3e54d43b03d74f2dc67417d93676a7ff6d9ec41d8eb8c230fb71351f76cac2eb54fd1783cd446cc1cb5c85e694f24fd63b94c58cc042b2686c9514c7cf1802a008ddda31f04c56c0047d71e4103435e4190e057eda4bfa903b880633edcb50da75c3d2e9bc51911a9657a1b3c860845070d8aae75eac7773774188cc0a27caeaa128ec06dafec6b389c09088bb49d1616e78b72ebb90685a38dade9af8b5d79d81f9057480bd8777c3e59e07cc3105c1eb18bcb1754c9053f4b28adc7664722c12c63a0e6206526a2d1d709da184ded7ef6424db1c56a39603c84eff2c8c36d3fc29604b768cf6b256e4e8584719b60e8523dcb36c83a6cfdbd644ebab602d2c1be090f7159f5340ee41672ff728b6344e54bad9ee131926c2f87a0935ccab88d03155c00f2071f3e7b8111d3a8269ce06079f7120f36d8eb649db734287569051c128221a447208a6bb2fb799b8191beb431988d6fafeb04728f528785686719a2474fe94f69055e89d25b7d299e28d26a47a7c8b21cd639b6b658467341d126f880b78d8164382f07ce3659ec2940834be9c0af03a37344111428e9c8693bd21d744b0da61f2e1e9567499abfadda79f1d09e38aca04c00f57d6bde4e3895e2f0af00cd107a71a415469ac9fc9211e89b7594cf57e9f97e70e69cccbca4b326f880b78d8164382f07ce3659ec2940dcd27d47760cd5b0f03be9ef86ff5d21b947651efc144e1080320d9a39507516631884358b69e42f318c106f5d4c6065166f84e9e7f5dcebb495150a1c4dda5d,gx-no-cache=1495116478455 HTTP/1.1" 200 77
200.111.191.210 - - [18/May/2017:12:07:22 -0300] "GET /cormun/servlet/trpermisosgoce? HTTP/1.1" 200 7669
200.111.191.210 - - [18/May/2017:12:07:22 -0300] "GET /cormun/servlet/trpermisosgoce? HTTP/1.1" 200 7667
186.67.172.234 - - [18/May/2017:12:07:23 -0300] "GET /cormun/servlet/solicitudotcontratos?INS,2017,0,15806030,2,2,2017,4363,ACLE,201704,8,M, HTTP/1.1" 200 9661
186.67.172.234 - - [18/May/2017:12:07:24 -0300] "GET /cormun/servlet/solicitudotcontratos?INS,2017,0,15806030,2,2,2017,4363,ACLE,201704,8,M, HTTP/1.1" 200 9690
186.67.172.234 - - [18/May/2017:12:07:24 -0300] "GET /favicon.ico HTTP/1.1" 200 21630
200.111.191.210 - - [18/May/2017:12:07:31 -0300] "GET /cormun/servlet/trpermisosgoce? HTTP/1.1" 200 7669
200.111.191.210 - - [18/May/2017:12:07:32 -0300] "GET /cormun/servlet/trpermisosgoce? HTTP/1.1" 200 7669
200.111.191.210 - - [18/May/2017:12:07:35 -0300] "GET /cormun/servlet/permisogoce?INS,0,,, HTTP/1.1" 200 6552
200.111.191.210 - - [18/May/2017:12:07:35 -0300] "GET /cormun/servlet/permisogoce?INS,0,,, HTTP/1.1" 200 6552
192.168.10.89 - - [18/May/2017:12:07:37 -0300] "POST /cormun/servlet/trsolicitudgral?88051b6114537bc96f518eec37f3af55,gx-no-cache=1495119776732,gx-no-cache=1495120064808 HTTP/1.1" 200 9152
186.67.172.234 - - [18/May/2017:12:07:40 -0300] "GET /cormun/static/solicitudotcontratos.js?201731711471071 HTTP/1.1" 200 16384
200.111.191.210 - - [18/May/2017:12:07:44 -0300] "GET /cormun/servlet/permisogoce?76882c53f9efc1e7a1cf11b6339cc6546289ffe9ff22fd3bf838ba142f27f4c63a7eb077d899e1916fc7e3a911240273,gx-no-cache=1495120119625 HTTP/1.1" 200 75
186.67.172.234 - - [18/May/2017:12:07:45 -0300] "GET /cormun/servlet/trcontratosolicitud? HTTP/1.1" 200 13882
186.67.172.234 - - [18/May/2017:12:07:46 -0300] "GET /cormun/servlet/trcontratosolicitud? HTTP/1.1" 200 13881
200.111.191.210 - - [18/May/2017:12:07:57 -0300] "GET /cormun/servlet/permisogoce?76882c53f9efc1e7a1cf11b6339cc654b99de89cedc184bd401127ddfea94057380487d9a244f6b6224d1e1eb4662c4d74e65d99e8e4cd86dc96b1f1c62cf584,gx-no-cache=1495120133419 HTTP/1.1" 200 129
200.111.191.210 - - [18/May/2017:12:07:57 -0300] "GET /cormun/static/Shared/jqueryui/images/ui-bg_highlight-soft_100_c6c2c8_1x100.png HTTP/1.1" 404 1117
200.111.191.210 - - [18/May/2017:12:07:57 -0300] "GET /cormun/static/Shared/jqueryui/images/ui-icons_82798d_256x240.png HTTP/1.1" 404 1089
200.111.191.210 - - [18/May/2017:12:07:57 -0300] "GET /cormun/static/Shared/jqueryui/images/ui-bg_flat_55_994d53_40x100.png HTTP/1.1" 404 1097
200.111.191.210 - - [18/May/2017:12:07:57 -0300] "GET /cormun/static/Shared/jqueryui/images/ui-icons_ebccce_256x240.png HTTP/1.1" 404 1089
186.67.172.234 - - [18/May/2017:12:08:00 -0300] "POST /cormun/servlet/trcontratosolicitud?32441b0f7017139630ad47d4219bfa8b,,gx-no-cache=1495116524146 HTTP/1.1" 200 11280
192.168.10.89 - - [18/May/2017:12:08:00 -0300] "GET /cormun/servlet/solicitudgral3?UPD,2017,6449, HTTP/1.1" 200 13123
192.168.10.89 - - [18/May/2017:12:08:02 -0300] "POST /cormun/servlet/solicitudgral3?gx-no-cache=1495120089616 HTTP/1.1" 200 3390
192.168.10.89 - - [18/May/2017:12:08:02 -0300] "GET /cormun/servlet/solicitudgral3?145b8fa62824a77c4f5e5488377ac0db525766976af6821121761d9250a479272268c419e4f5b2d79ca17042f699d3a54363e7c75a8cd01656c0e4bc13fbe1937e025549030b047c2fbd7225c7aa9c54b379d9be93e7ca885991da04a86fdcce43a7b0f01fb0889e46a24e27c2a7fdb6d202369e2e332a7bd601f60cfe346e39f08b10d54e8547452d5e64872766a1df73f573cdf8d9c8aa0de7eca293d69d8c33aaf57465ff3b9c643de5cead0fe75b66847c77448fc653230b35377108972d257f78defca59452cef21d604b7fadca81b9bedeabc2e10665d151154d265eaec5b5ee194cd3586585cbf534922ae165c7b72afd55b4efd939c381bbdfeae6d6d90c98f0e87b138886e1a36c972042f440c08cf423d5f228718d6b10cdbb185f038e71bff427da10f8993cf61539e3c96aefbb1cb4f8ceca151cf49711b1d452abb40c5478feaeb4816f7fd70498d51e,gx-no-cache=1495120089844 HTTP/1.1" 200 298
192.168.10.89 - - [18/May/2017:12:08:02 -0300] "POST /cormun/servlet/solicitudgral3?gx-no-cache=1495120089876 HTTP/1.1" 200 1363
192.168.10.89 - - [18/May/2017:12:08:02 -0300] "GET /cormun/servlet/solicitudgral3?145b8fa62824a77c4f5e5488377ac0db994c07b2fb00e7513c120ac0a8d339f79a136357002adc0587b5c012404997f54363e7c75a8cd01656c0e4bc13fbe193a9df62332c40c87e7e858358a770e7b55c3a3b119a46eade27593700d5372425d1924dc879c3f80cfc43f3f5448cb3517922a1f42cdf65d76314e238f6683291,gx-no-cache=1495120089955 HTTP/1.1" 200 41
200.111.191.210 - - [18/May/2017:12:08:04 -0300] "GET /cormun/servlet/permisogoce?76882c53f9efc1e7a1cf11b6339cc654b99de89cedc184bd401127ddfea94057380487d9a244f6b6224d1e1eb4662c4d0f1651c2870fe5eaf20efc7df0108177,gx-no-cache=1495120139348 HTTP/1.1" 200 47
192.168.10.89 - - [18/May/2017:12:08:08 -0300] "POST /cormun/servlet/solicitudgral3?88051b6114537bc96f518eec37f3af55,UPD,2017,6449,,gx-no-cache=1495120095224 HTTP/1.1" 200 11139
192.168.10.89 - - [18/May/2017:12:08:08 -0300] "GET /cormun/servlet/solicitudgral3?145b8fa62824a77c4f5e5488377ac0db8d2ebf8f5d94bd79425306d2a5b74c0fb0a296e6fe89c7fc67582c9714d96a4df7ce5ddb03e99c2830f8dd2269b8a05058f984fc5ff2c24a518a94ec0ddfda092e509da0e91a19e650c5c22d179590e77c723d322b0fdc4475d41df0402e1229,gx-no-cache=1495120095519 HTTP/1.1" 200 29
192.168.10.89 - - [18/May/2017:12:08:08 -0300] "POST /cormun/servlet/solicitudgral3?gx-no-cache=1495120095570 HTTP/1.1" 200 1255
192.168.10.89 - - [18/May/2017:12:08:08 -0300] "POST /cormun/servlet/solicitudgral3?gx-no-cache=1495120095609 HTTP/1.1" 200 1159
192.168.10.89 - - [18/May/2017:12:08:09 -0300] "GET /cormun/servlet/solicitudgral3?145b8fa62824a77c4f5e5488377ac0dbbdcb24cafbb6264db2d3446c89254473533194be5d6cf32d450a2801eb285a91f2f0878ccf338c7b54bb2a276f522fe76aefbb1cb4f8ceca151cf49711b1d452794723fb33e3ba93856e05834fea890e197815ea1cd75af64fe31c3713a8af041bb1f8cb8b185c52b0e58ff08bcf15a9,gx-no-cache=1495120096859 HTTP/1.1" 200 30
192.168.10.89 - - [18/May/2017:12:08:16 -0300] "POST /cormun/servlet/solicitudgral3?88051b6114537bc96f518eec37f3af55,UPD,2017,6449,,gx-no-cache=1495120103600 HTTP/1.1" 200 93
192.168.10.89 - - [18/May/2017:12:08:16 -0300] "GET /cormun/servlet/hpexe_return? HTTP/1.1" 200 1038
192.168.10.89 - - [18/May/2017:12:08:17 -0300] "GET /cormun/servlet/trsolicitudgral?gx-no-cache=1495119776732 HTTP/1.1" 200 12413
186.67.172.234 - - [18/May/2017:12:08:20 -0300] "POST /cormun/servlet/trcontratosolicitud?32441b0f7017139630ad47d4219bfa8b,,gx-no-cache=1495116543820 HTTP/1.1" 200 11548
192.168.10.89 - - [18/May/2017:12:08:22 -0300] "POST /cormun/servlet/trsolicitudgral?88051b6114537bc96f518eec37f3af55,gx-no-cache=1495119776732,gx-no-cache=1495120109637 HTTP/1.1" 200 8753
192.168.10.89 - - [18/May/2017:12:08:23 -0300] "GET /cormun/static/Shared/jqueryui/images/ui-icons_82798d_256x240.png HTTP/1.1" 404 1089
192.168.10.89 - - [18/May/2017:12:08:23 -0300] "GET /cormun/static/Shared/jqueryui/images/ui-bg_highlight-soft_100_c6c2c8_1x100.png HTTP/1.1" 404 1117
192.168.10.89 - - [18/May/2017:12:08:23 -0300] "GET /cormun/static/Shared/jqueryui/images/ui-bg_flat_55_fafafa_40x100.png HTTP/1.1" 404 1097
192.168.10.89 - - [18/May/2017:12:08:23 -0300] "GET /cormun/static/Shared/jqueryui/images/ui-icons_8d78a5_256x240.png HTTP/1.1" 404 1089
200.111.191.210 - - [18/May/2017:12:08:26 -0300] "POST /cormun/servlet/permisogoce?97797cef835ac7fc0ce6bebff810f74e,INS,0,,,,gx-no-cache=1495120160028 HTTP/1.1" 200 93
200.111.191.210 - - [18/May/2017:12:08:26 -0300] "GET /cormun/servlet/hpexe_return? HTTP/1.1" 200 1011
200.111.191.210 - - [18/May/2017:12:08:27 -0300] "GET /cormun/servlet/trpermisosgoce HTTP/1.1" 200 7927
200.111.191.210 - - [18/May/2017:12:08:27 -0300] "GET /cormun/servlet/trpermisosgoce HTTP/1.1" 200 7923
200.111.191.210 - - [18/May/2017:12:08:30 -0300] "GET /cormun/servlet/apermisogoceprn?15106727,P,20170518120834,PU HTTP/1.1" 200 1680
186.67.172.234 - - [18/May/2017:12:08:30 -0300] "GET /cormun/servlet/solicitudotcontratos?INS,2017,0,15123030,k,2,2017,4360,ACLE,201704,3,B, HTTP/1.1" 200 9658
186.67.172.234 - - [18/May/2017:12:08:31 -0300] "GET /cormun/servlet/solicitudotcontratos?INS,2017,0,15123030,k,2,2017,4360,ACLE,201704,3,B, HTTP/1.1" 200 9689
186.67.172.234 - - [18/May/2017:12:08:31 -0300] "GET /cormun/servlet/solicitudotcontratos?199d14bb9ec9ba37d4f53415bba7027ae9bf393e1a5d700dd6e1cebb136fe742b4b6585603e2468b23617643578f338c,gx-no-cache=1495116557822 HTTP/1.1" 200 30
186.67.172.234 - - [18/May/2017:12:08:31 -0300] "GET /cormun/servlet/solicitudotcontratos?199d14bb9ec9ba37d4f53415bba7027ad17d7f02fa6528195701a3aef38522856b7961244e0732de3faf99b1f435599c5fd7d0ab1bad79d279652ef026cef5b98b4538bcc3a379a333a97d0463a8a72ae7f8b89430f79e83b288daeb63f034b28c00bcac3c98f2ea725299532357e0356eb9edad8e1e6b077994a471eff8182a,gx-no-cache=1495116557940 HTTP/1.1" 200 48
186.67.172.234 - - [18/May/2017:12:08:31 -0300] "GET /cormun/servlet/solicitudotcontratos?199d14bb9ec9ba37d4f53415bba7027a03d2890c30902bb1147493a8fcca1444d6237c4ae96f2169a36f477b25fe5d37,gx-no-cache=1495116558022 HTTP/1.1" 200 30
186.67.172.234 - - [18/May/2017:12:08:31 -0300] "GET /cormun/servlet/solicitudotcontratos?199d14bb9ec9ba37d4f53415bba7027a75bfac24ddc1b58c07e797efad06c4cd58645920f931fdc5f45eb66c8cde7eee351a752feda830d22f94efc8bd28f27c4a9cdc00507bcb0171685f7db73c0a4addad316dd68ca4634a1b8681b4e8bfa68f7e207782968c50f27aace2fbc7df4d,gx-no-cache=1495116558097 HTTP/1.1" 200 30
186.67.172.234 - - [18/May/2017:12:08:31 -0300] "GET /cormun/servlet/solicitudotcontratos?199d14bb9ec9ba37d4f53415bba7027ab3e54d43b03d74f2dc67417d93676a7ff6d9ec41d8eb8c230fb71351f76cac2eb54fd1783cd446cc1cb5c85e694f24fd63b94c58cc042b2686c9514c7cf1802a008ddda31f04c56c0047d71e4103435e4190e057eda4bfa903b880633edcb50da75c3d2e9bc51911a9657a1b3c860845070d8aae75eac7773774188cc0a27caeaa128ec06dafec6b389c09088bb49d1616e78b72ebb90685a38dade9af8b5d79d81f9057480bd8777c3e59e07cc3105c1eb18bcb1754c9053f4b28adc7664722c12c63a0e6206526a2d1d709da184ded7ef6424db1c56a39603c84eff2c8c36d3fc29604b768cf6b256e4e8584719b60e8523dcb36c83a6cfdbd644ebab602d2c1be090f7159f5340ee41672ff728b6344e54bad9ee131926c2f87a0935ccab88d03155c00f2071f3e7b8111d3a8269ce06079f7120f36d8eb649db734287569051c128221a447208a6bb2fb799b8191beb431988d6fafeb04728f528785686719a2474fe94f69055e89d25b7d299e28d26a47a7c8b21cd639b6b658467341d126f880b78d8164382f07ce3659ec2940834be9c0af03a37344111428e9c8693bd21d744b0da61f2e1e9567499abfadda79f1d09e38aca04c00f57d6bde4e3895e2f0af00cd107a71a415469ac9fc9211e89b7594cf57e9f97e70e69cccbca4b326f880b78d8164382f07ce3659ec2940dcd27d47760cd5b0f03be9ef86ff5d21b947651efc144e1080320d9a39507516631884358b69e42f318c106f5d4c6065166f84e9e7f5dcebb495150a1c4dda5d,gx-no-cache=1495116558170 HTTP/1.1" 200 77
186.67.172.234 - - [18/May/2017:12:09:04 -0300] "GET /cormun/servlet/trcontratosolicitud? HTTP/1.1" 200 13901
192.168.10.89 - - [18/May/2017:12:09:09 -0300] "GET /cormun/servlet/solicitudgral3?UPD,2017,6448, HTTP/1.1" 200 13081
192.168.10.89 - - [18/May/2017:12:09:11 -0300] "POST /cormun/servlet/solicitudgral3?gx-no-cache=1495120158876 HTTP/1.1" 200 3364
192.168.10.89 - - [18/May/2017:12:09:11 -0300] "GET /cormun/servlet/solicitudgral3?145b8fa62824a77c4f5e5488377ac0db525766976af6821121761d9250a479272268c419e4f5b2d79ca17042f699d3a54363e7c75a8cd01656c0e4bc13fbe1937e025549030b047c2fbd7225c7aa9c54c205fe9d8252bae01d2eefc3ddeb8b9443a7b0f01fb0889e46a24e27c2a7fdb6d202369e2e332a7bd601f60cfe346e39f08b10d54e8547452d5e64872766a1df73f573cdf8d9c8aa0de7eca293d69d8c33aaf57465ff3b9c643de5cead0fe75b66847c77448fc653230b35377108972d257f78defca59452cef21d604b7fadca81b9bedeabc2e10665d151154d265eaec5b5ee194cd3586585cbf534922ae165c7b72afd55b4efd939c381bbdfeae6d6d90c98f0e87b138886e1a36c972042f440c08cf423d5f228718d6b10cdbb185f038e71bff427da10f8993cf61539e3c96aefbb1cb4f8ceca151cf49711b1d452abb40c5478feaeb4816f7fd70498d51e,gx-no-cache=1495120159137 HTTP/1.1" 200 242
192.168.10.89 - - [18/May/2017:12:09:11 -0300] "POST /cormun/servlet/solicitudgral3?gx-no-cache=1495120159169 HTTP/1.1" 200 1362
192.168.10.89 - - [18/May/2017:12:09:12 -0300] "GET /cormun/servlet/solicitudgral3?145b8fa62824a77c4f5e5488377ac0db994c07b2fb00e7513c120ac0a8d339f79a136357002adc0587b5c012404997f54363e7c75a8cd01656c0e4bc13fbe193a9df62332c40c87e7e858358a770e7b520648db8ea891b357de87406e9538b9bab138d2c4e797bb576ab71f14475c43139ac824f4cb82ebeaa0cbad9fed067cf,gx-no-cache=1495120159248 HTTP/1.1" 200 41
192.168.10.89 - - [18/May/2017:12:09:13 -0300] "POST /cormun/servlet/solicitudgral3?88051b6114537bc96f518eec37f3af55,UPD,2017,6448,,gx-no-cache=1495120160864 HTTP/1.1" 200 11089
192.168.10.89 - - [18/May/2017:12:09:13 -0300] "GET /cormun/servlet/solicitudgral3?145b8fa62824a77c4f5e5488377ac0dbad05794fc55731ebf574b494d491cb69b0a296e6fe89c7fc67582c9714d96a4d71747f0d9ca2938e9712585a9b8c1f198e1eb1d4472246f5d82b168a17f1196033b3485da8b3158132fef82f5293e1737b69ffd5e0961922a7f85e6423c100a3339b4c5b0b163f97b083e61b3f84b513ddb28756d0f35b668f344d169db8ca53ab2efbae805f1bab6ec72e2fcf34187d,gx-no-cache=1495120161229 HTTP/1.1" 200 29
192.168.10.89 - - [18/May/2017:12:09:14 -0300] "POST /cormun/servlet/solicitudgral3?gx-no-cache=1495120161247 HTTP/1.1" 200 1255
192.168.10.89 - - [18/May/2017:12:09:14 -0300] "POST /cormun/servlet/solicitudgral3?gx-no-cache=1495120161283 HTTP/1.1" 200 1159
192.168.10.89 - - [18/May/2017:12:09:15 -0300] "GET /cormun/servlet/solicitudgral3?145b8fa62824a77c4f5e5488377ac0dbbdcb24cafbb6264db2d3446c892544730c85e135109ff1de5af644484ccfa9d5f2f0878ccf338c7b54bb2a276f522fe76aefbb1cb4f8ceca151cf49711b1d452794723fb33e3ba93856e05834fea890efdf93b09ea73d9ac8e61c0473331445123e6af40ac05ccc2f04b11837cb65b78315bfc651a9b969cc41d8ca66e54ec4d,gx-no-cache=1495120162383 HTTP/1.1" 200 30
192.168.10.89 - - [18/May/2017:12:09:16 -0300] "POST /cormun/servlet/solicitudgral3?88051b6114537bc96f518eec37f3af55,UPD,2017,6448,,gx-no-cache=1495120163625 HTTP/1.1" 200 93
192.168.10.89 - - [18/May/2017:12:09:16 -0300] "GET /cormun/servlet/hpexe_return? HTTP/1.1" 200 1038
192.168.10.89 - - [18/May/2017:12:09:17 -0300] "GET /cormun/servlet/trsolicitudgral?gx-no-cache=1495119776732 HTTP/1.1" 200 12050
192.168.10.89 - - [18/May/2017:12:09:20 -0300] "POST /cormun/servlet/trsolicitudgral?88051b6114537bc96f518eec37f3af55,gx-no-cache=1495119776732,gx-no-cache=1495120167889 HTTP/1.1" 200 8351
192.168.10.89 - - [18/May/2017:12:09:21 -0300] "GET /cormun/static/Shared/jqueryui/images/ui-icons_82798d_256x240.png HTTP/1.1" 404 1089
192.168.10.89 - - [18/May/2017:12:09:21 -0300] "GET /cormun/static/Shared/jqueryui/images/ui-bg_flat_55_fafafa_40x100.png HTTP/1.1" 404 1097
192.168.10.89 - - [18/May/2017:12:09:21 -0300] "GET /cormun/static/Shared/jqueryui/images/ui-icons_8d78a5_256x240.png HTTP/1.1" 404 1089
192.168.10.89 - - [18/May/2017:12:09:21 -0300] "GET /cormun/static/Shared/jqueryui/images/ui-bg_highlight-soft_100_c6c2c8_1x100.png HTTP/1.1" 404 1117
186.67.172.234 - - [18/May/2017:12:09:26 -0300] "GET /cormun/servlet/solicitudotcontratos?INS,2017,0,15123030,k,2,2017,4360,ACLE,201704,3,B, HTTP/1.1" 200 9659
186.67.172.234 - - [18/May/2017:12:09:26 -0300] "GET /cormun/servlet/solicitudotcontratos?INS,2017,0,15123030,k,2,2017,4360,ACLE,201704,3,B, HTTP/1.1" 200 9689
186.67.172.234 - - [18/May/2017:12:09:31 -0300] "GET /cormun/servlet/solicitudotcontratos?199d14bb9ec9ba37d4f53415bba7027ae9bf393e1a5d700dd6e1cebb136fe742b4b6585603e2468b23617643578f338c,gx-no-cache=1495116617245 HTTP/1.1" 200 30
186.67.172.234 - - [18/May/2017:12:09:34 -0300] "GET /cormun/servlet/solicitudotcontratos?199d14bb9ec9ba37d4f53415bba7027ad17d7f02fa6528195701a3aef38522856b7961244e0732de3faf99b1f435599c5fd7d0ab1bad79d279652ef026cef5b98b4538bcc3a379a333a97d0463a8a72ae7f8b89430f79e83b288daeb63f034b28c00bcac3c98f2ea725299532357e0356eb9edad8e1e6b077994a471eff8182a,gx-no-cache=1495116620506 HTTP/1.1" 200 48
186.67.172.234 - - [18/May/2017:12:09:35 -0300] "GET /cormun/servlet/solicitudotcontratos?199d14bb9ec9ba37d4f53415bba7027a03d2890c30902bb1147493a8fcca1444d6237c4ae96f2169a36f477b25fe5d37,gx-no-cache=1495116620592 HTTP/1.1" 200 30
186.67.172.234 - - [18/May/2017:12:09:35 -0300] "GET /cormun/servlet/solicitudotcontratos?199d14bb9ec9ba37d4f53415bba7027a75bfac24ddc1b58c07e797efad06c4cd58645920f931fdc5f45eb66c8cde7eee351a752feda830d22f94efc8bd28f27c4a9cdc00507bcb0171685f7db73c0a4addad316dd68ca4634a1b8681b4e8bfa68f7e207782968c50f27aace2fbc7df4d,gx-no-cache=1495116621572 HTTP/1.1" 200 30
186.67.172.234 - - [18/May/2017:12:09:35 -0300] "GET /cormun/servlet/solicitudotcontratos?199d14bb9ec9ba37d4f53415bba7027ab3e54d43b03d74f2dc67417d93676a7ff6d9ec41d8eb8c230fb71351f76cac2eb54fd1783cd446cc1cb5c85e694f24fd63b94c58cc042b2686c9514c7cf1802a008ddda31f04c56c0047d71e4103435e4190e057eda4bfa903b880633edcb50da75c3d2e9bc51911a9657a1b3c860845070d8aae75eac7773774188cc0a27caeaa128ec06dafec6b389c09088bb49d1616e78b72ebb90685a38dade9af8b5d79d81f9057480bd8777c3e59e07cc3105c1eb18bcb1754c9053f4b28adc7664722c12c63a0e6206526a2d1d709da184ded7ef6424db1c56a39603c84eff2c8c36d3fc29604b768cf6b256e4e8584719b60e8523dcb36c83a6cfdbd644ebab602d2c1be090f7159f5340ee41672ff728b6344e54bad9ee131926c2f87a0935ccab88d03155c00f2071f3e7b8111d3a8269ce06079f7120f36d8eb649db734287569051c128221a447208a6bb2fb799b8191beb431988d6fafeb04728f528785686719a2474fe94f69055e89d25b7d299e28d26a47a7c8b21cd639b6b658467341d126f880b78d8164382f07ce3659ec2940834be9c0af03a37344111428e9c8693bd21d744b0da61f2e1e9567499abfadda79f1d09e38aca04c00f57d6bde4e3895e2f0af00cd107a71a415469ac9fc9211e89b7594cf57e9f97e70e69cccbca4b326f880b78d8164382f07ce3659ec2940dcd27d47760cd5b0f03be9ef86ff5d21b947651efc144e1080320d9a39507516631884358b69e42f318c106f5d4c6065166f84e9e7f5dcebb495150a1c4dda5d,gx-no-cache=1495116621655 HTTP/1.1" 200 77
186.67.172.234 - - [18/May/2017:12:09:35 -0300] "POST /cormun/servlet/solicitudotcontratos?32441b0f7017139630ad47d4219bfa8b,INS,2017,0,15123030,k,2,2017,4360,ACLE,201704,3,B,,gx-no-cache=1495116621757 HTTP/1.1" 200 93
186.67.172.234 - - [18/May/2017:12:09:35 -0300] "GET /cormun/servlet/hpexe_return? HTTP/1.1" 200 1047
186.67.172.234 - - [18/May/2017:12:09:36 -0300] "GET /cormun/servlet/trcontratosolicitud HTTP/1.1" 200 13898
186.67.172.234 - - [18/May/2017:12:09:36 -0300] "GET /cormun/servlet/trcontratosolicitud HTTP/1.1" 200 13897
192.168.10.89 - - [18/May/2017:12:09:45 -0300] "GET /cormun/servlet/solicitudgral2?UPD,2017,6443, HTTP/1.1" 200 12435
192.168.10.89 - - [18/May/2017:12:09:46 -0300] "POST /cormun/servlet/solicitudgral2?gx-no-cache=1495120194175 HTTP/1.1" 200 3203
192.168.10.89 - - [18/May/2017:12:09:47 -0300] "GET /cormun/servlet/solicitudgral2?145b8fa62824a77c4f5e5488377ac0db525766976af6821121761d9250a479272268c419e4f5b2d79ca17042f699d3a54363e7c75a8cd01656c0e4bc13fbe1937e025549030b047c2fbd7225c7aa9c549897695b8528e08c682ccf1a3a08cc0b43a7b0f01fb0889e46a24e27c2a7fdb6d202369e2e332a7bd601f60cfe346e39f08b10d54e8547452d5e64872766a1df73f573cdf8d9c8aa0de7eca293d69d8c33aaf57465ff3b9c643de5cead0fe75b66847c77448fc653230b35377108972d257f78defca59452cef21d604b7fadca81b9bedeabc2e10665d151154d265eaec5b5ee194cd3586585cbf534922ae165c7b72afd55b4efd939c381bbdfeae6d6d90c98f0e87b138886e1a36c972042f440c08cf423d5f228718d6b10cdbb185f038e71bff427da10f8993cf61539e3c96aefbb1cb4f8ceca151cf49711b1d452abb40c5478feaeb4816f7fd70498d51e,gx-no-cache=1495120194395 HTTP/1.1" 200 257
192.168.10.89 - - [18/May/2017:12:09:47 -0300] "POST /cormun/servlet/solicitudgral2?gx-no-cache=1495120194427 HTTP/1.1" 200 1360
192.168.10.89 - - [18/May/2017:12:09:47 -0300] "GET /cormun/servlet/solicitudgral2?145b8fa62824a77c4f5e5488377ac0db994c07b2fb00e7513c120ac0a8d339f79a136357002adc0587b5c012404997f54363e7c75a8cd01656c0e4bc13fbe193a9df62332c40c87e7e858358a770e7b5892e905f4607a67c7e18ed91d6825c2aabff051fe47f7fb0aa2946c788cb06f6,gx-no-cache=1495120194472 HTTP/1.1" 200 41
186.67.172.234 - - [18/May/2017:12:09:49 -0300] "POST /cormun/servlet/trcontratosolicitud?32441b0f7017139630ad47d4219bfa8b,gx-no-cache=1495116632444 HTTP/1.1" 200 11334
192.168.10.89 - - [18/May/2017:12:09:50 -0300] "POST /cormun/servlet/solicitudgral2?88051b6114537bc96f518eec37f3af55,UPD,2017,6443,,gx-no-cache=1495120197983 HTTP/1.1" 200 10694
192.168.10.89 - - [18/May/2017:12:09:51 -0300] "GET /cormun/servlet/solicitudgral2?145b8fa62824a77c4f5e5488377ac0db37d9ceea3d506af142af3f0585efb4dbb0a296e6fe89c7fc67582c9714d96a4d060477f997973c688675b8bea86d0026265d309a2822e91482978313cc1bf68833b3485da8b3158132fef82f5293e173eff2a0c2dee7ba9585b34e6caf381aa1c8176b3114d491b8caa0c2ccfebf302de24f5834a255d5c4ea05059c167b6d4d51f3e9e5deca435ae37f0ad64094cb4eeb81c213243b1dcd75c752d67c6c0949e29d8128e16974c278a44e5e262e34c49e5445e88539185c2d55c2c4ffe33068,gx-no-cache=1495120198558 HTTP/1.1" 200 29
192.168.10.89 - - [18/May/2017:12:09:51 -0300] "POST /cormun/servlet/solicitudgral2?gx-no-cache=1495120198611 HTTP/1.1" 200 1256
192.168.10.89 - - [18/May/2017:12:09:51 -0300] "POST /cormun/servlet/solicitudgral2?gx-no-cache=1495120198655 HTTP/1.1" 200 1159
186.67.172.234 - - [18/May/2017:12:09:59 -0300] "GET /cormun/servlet/solicitudotcontratos?INS,2017,0,18104139,0,6,2017,4580,ACLE,201704,4,M, HTTP/1.1" 200 9662
186.67.172.234 - - [18/May/2017:12:10:00 -0300] "GET /cormun/servlet/solicitudotcontratos?INS,2017,0,18104139,0,6,2017,4580,ACLE,201704,4,M, HTTP/1.1" 200 9691
186.67.172.234 - - [18/May/2017:12:10:01 -0300] "GET /cormun/servlet/solicitudotcontratos?199d14bb9ec9ba37d4f53415bba7027a95ebf32b76a6a1a6021f1c2df4d9e9fbb4b6585603e2468b23617643578f338c,gx-no-cache=1495116647046 HTTP/1.1" 200 30
192.168.10.96 - - [18/May/2017:12:10:02 -0300] "GET /cormun/PublicTempStorage/afp9291527.docx HTTP/1.1" 200 1372417
186.67.172.234 - - [18/May/2017:12:10:03 -0300] "GET /cormun/servlet/solicitudotcontratos?199d14bb9ec9ba37d4f53415bba7027ad17d7f02fa6528195701a3aef38522856b7961244e0732de3faf99b1f435599c5fd7d0ab1bad79d279652ef026cef5b98b4538bcc3a379a333a97d0463a8a72af19545fb144d05d9ef21647db7580c4e736dc2e4c8bf42160522697c0ba41c709ea7710ae51b642dfe9225b26e67fe91,gx-no-cache=1495116647483 HTTP/1.1" 200 50
186.67.172.234 - - [18/May/2017:12:10:04 -0300] "GET /cormun/servlet/solicitudotcontratos?199d14bb9ec9ba37d4f53415bba7027af8783af965c629a1ef7744f02a4008c71092983bef4f7d46b28ceb56ac68794f,gx-no-cache=1495116650256 HTTP/1.1" 200 30
186.67.172.234 - - [18/May/2017:12:10:04 -0300] "GET /cormun/servlet/solicitudotcontratos?199d14bb9ec9ba37d4f53415bba7027a75bfac24ddc1b58c07e797efad06c4cd58645920f931fdc5f45eb66c8cde7eee351a752feda830d22f94efc8bd28f27c4a9cdc00507bcb0171685f7db73c0a4a1c6c9d1bdf99163b204d8121e40c30d58f7e207782968c50f27aace2fbc7df4d,gx-no-cache=1495116650341 HTTP/1.1" 200 30
186.67.172.234 - - [18/May/2017:12:10:04 -0300] "GET /cormun/servlet/solicitudotcontratos?199d14bb9ec9ba37d4f53415bba7027ab3e54d43b03d74f2dc67417d93676a7ff6d9ec41d8eb8c230fb71351f76cac2eb54fd1783cd446cc1cb5c85e694f24fd63b94c58cc042b2686c9514c7cf1802a008ddda31f04c56c0047d71e4103435e4190e057eda4bfa903b880633edcb50da75c3d2e9bc51911a9657a1b3c860845070d8aae75eac7773774188cc0a27caeaa128ec06dafec6b389c09088bb49d1616e78b72ebb90685a38dade9af8b5d79d81f9057480bd8777c3e59e07cc3105c1eb18bcb1754c9053f4b28adc7664722c12c63a0e6206526a2d1d709da184ded7ef6424db1c56a39603c84eff2c8c36d3fc29604b768cf6b256e4e8584719b60e8523dcb36c83a6cfdbd644ebab602d2c1be090f7159f5340ee41672ff728b6344e54bad9ee131926c2f87a0935ccab88d03155c00f2071f3e7b8111d3a8269ce06079f7120f36d8eb649db734287569051c128221a447208a6bb2fb799b8191beb431988d6fafeb04728f528785686719a2474fe94f69055e89d25b7d299e28d26a47a7c8b21cd639b6b658467341d126f880b78d8164382f07ce3659ec2940834be9c0af03a37344111428e9c8693bd21d744b0da61f2e1e9567499abfadda79f1d09e38aca04c00f57d6bde4e3895e2f0af00cd107a71a415469ac9fc9211e89b7594cf57e9f97e70e69cccbca4b326f880b78d8164382f07ce3659ec2940dcd27d47760cd5b0f03be9ef86ff5d21b947651efc144e1080320d9a39507516631884358b69e42f318c106f5d4c6065166f84e9e7f5dcebb495150a1c4dda5d,gx-no-cache=1495116650422 HTTP/1.1" 200 77
192.168.10.89 - - [18/May/2017:12:10:12 -0300] "GET /cormun/servlet/solicitudgral2?145b8fa62824a77c4f5e5488377ac0db3b708e0424a6c4dab63f23c6edede57b58bb1e4d508bfb856c2c83f7125fb181e62b605ffba63d8441a1ea3a703ad394bcc367535e8a4387e57c0cc8ae281d2382dc48da0d01afee93f98f6b9023dd12c795603f44e3ebb69a0b21e54a5dd768ab466de5ae44b17b243cf8cb35278585,gx-no-cache=1495120219490 HTTP/1.1" 200 30
192.168.10.89 - - [18/May/2017:12:10:13 -0300] "POST /cormun/servlet/solicitudgral2?88051b6114537bc96f518eec37f3af55,UPD,2017,6443,,gx-no-cache=1495120220928 HTTP/1.1" 200 93
192.168.10.89 - - [18/May/2017:12:10:13 -0300] "GET /cormun/servlet/hpexe_return? HTTP/1.1" 200 1037
192.168.10.89 - - [18/May/2017:12:10:14 -0300] "GET /cormun/servlet/trsolicitudgral?gx-no-cache=1495119776732 HTTP/1.1" 200 11608
192.168.10.89 - - [18/May/2017:12:10:19 -0300] "POST /cormun/servlet/trsolicitudgral?88051b6114537bc96f518eec37f3af55,gx-no-cache=1495119776732,gx-no-cache=1495120226711 HTTP/1.1" 200 7981
192.168.10.89 - - [18/May/2017:12:10:19 -0300] "GET /cormun/static/Shared/jqueryui/images/ui-bg_highlight-soft_100_c6c2c8_1x100.png HTTP/1.1" 404 1117
192.168.10.89 - - [18/May/2017:12:10:19 -0300] "GET /cormun/static/Shared/jqueryui/images/ui-icons_8d78a5_256x240.png HTTP/1.1" 404 1089
192.168.10.89 - - [18/May/2017:12:10:19 -0300] "GET /cormun/static/Shared/jqueryui/images/ui-bg_flat_55_fafafa_40x100.png HTTP/1.1" 404 1097
192.168.10.89 - - [18/May/2017:12:10:19 -0300] "GET /cormun/static/Shared/jqueryui/images/ui-icons_82798d_256x240.png HTTP/1.1" 404 1089
186.103.159.46 - - [18/May/2017:12:10:22 -0300] "POST /cormun/servlet/trautorizarsolicitud?278e8daf7fd5b771af7130548e8489ba,,gx-no-cache=1495116674431 HTTP/1.1" 440 972
186.103.159.46 - - [18/May/2017:12:10:24 -0300] "GET /cormun/servlet/trautorizarsolicitud? HTTP/1.1" 200 6032
192.168.10.96 - - [18/May/2017:12:10:24 -0300] "GET /cormun/PublicTempStorage/fona9730940.jpg HTTP/1.1" 200 508966
186.103.159.46 - - [18/May/2017:12:10:25 -0300] "GET /cormun/servlet/trautorizarsolicitud? HTTP/1.1" 200 6032
186.103.159.46 - - [18/May/2017:12:10:26 -0300] "GET /cormun/servlet/hlogin HTTP/1.1" 200 1739
192.168.10.89 - - [18/May/2017:12:10:34 -0300] "GET /cormun/servlet/solicitudgral?UPD,2017,6440, HTTP/1.1" 200 12264
192.168.10.89 - - [18/May/2017:12:10:36 -0300] "POST /cormun/servlet/solicitudgral?gx-no-cache=1495120243874 HTTP/1.1" 200 3157
192.168.10.89 - - [18/May/2017:12:10:36 -0300] "GET /cormun/servlet/solicitudgral?145b8fa62824a77c4f5e5488377ac0db525766976af6821121761d9250a479272268c419e4f5b2d79ca17042f699d3a54363e7c75a8cd01656c0e4bc13fbe1937e025549030b047c2fbd7225c7aa9c54b379d9be93e7ca885991da04a86fdcce43a7b0f01fb0889e46a24e27c2a7fdb6d202369e2e332a7bd601f60cfe346e39f08b10d54e8547452d5e64872766a1df73f573cdf8d9c8aa0de7eca293d69d8c33aaf57465ff3b9c643de5cead0fe75b66847c77448fc653230b35377108972d257f78defca59452cef21d604b7fadca81b9bedeabc2e10665d151154d265eaec5b5ee194cd3586585cbf534922ae165c7b72afd55b4efd939c381bbdfeae6d6d90c98f0e87b138886e1a36c972042f440c08cf423d5f228718d6b10cdbb185f038e71bff427da10f8993cf61539e3c96aefbb1cb4f8ceca151cf49711b1d452abb40c5478feaeb4816f7fd70498d51e,gx-no-cache=1495120244091 HTTP/1.1" 200 298
192.168.10.89 - - [18/May/2017:12:10:39 -0300] "GET /cormun/servlet/solicitudgral?145b8fa62824a77c4f5e5488377ac0db80826df9bf2bf36a7fe92391a2aa84aa373b23d4486878f50c6a123aa9feb2b88f75d04602d5837a0425cf609bb8be75d06d5ae0af95b4f82585f8b305d920742abd442bd6076ff5a39b2aa3093265d2497069ae2fd201100009c2d6e76e4b162989e7549cbfc050f5ceafef5c91d4824b790ca6f843bdfecc3f14ac9fdccc6b8ad782303420db7f9378bd486d31a8004318048113ba434d4696eacf51be03894f9fde600ef23e1455b7aa2c520f65e2cdec9192ae34e80dba17e03091363b26672658c2147647b7bbe04626e27d20eb3552f0096869d4c92af60f27883b371a5564242bd0f5670c945047e04192b31a6e4c2e6ac8e689e1a4331f70fa4e96dc230a43c7ba746f492962bef4673cfad4e07df6ec7664106ecbd94522c1b4df7012d510cc2f7ea0aecfb675efdebd378da12ace2cb9e99d84b14805fd477370a8d449580e4e3975bd75895c9ba148f2a4fde6b597a156c0cbce369b92c438bbc5bb690ae7bf0bc9ce665d4777d96af0823d1ecab75696830269f2df96a411922857b5c30b3de29eb6c14f8ecde6283bc879470d4a8c255b9132beea9f14605241bcb3d71743692a1b016d3b88cde120595d96465813f7973f733140817bf00f24459703357b9efd861ab8504c6fdc3a4d24d50c43576e97604a7411e781ed9f32aab403e990bca44d8c9d4c39890907635e8c4b80c496ccf8c01d422e10ab1a11a996c3341d787f7ea3cfd32184e00d7d12ee6b60380db6dd9df2de9329328426,gx-no-cache=1495120246785 HTTP/1.1" 200 48
192.168.10.89 - - [18/May/2017:12:10:39 -0300] "POST /cormun/servlet/solicitudgral?88051b6114537bc96f518eec37f3af55,UPD,2017,6440,,gx-no-cache=1495120247057 HTTP/1.1" 200 10646
192.168.10.89 - - [18/May/2017:12:10:40 -0300] "GET /cormun/servlet/solicitudgral?145b8fa62824a77c4f5e5488377ac0db8d2ebf8f5d94bd79425306d2a5b74c0fb0a296e6fe89c7fc67582c9714d96a4df7ce5ddb03e99c2830f8dd2269b8a05058f984fc5ff2c24a518a94ec0ddfda092e509da0e91a19e650c5c22d179590e77c723d322b0fdc4475d41df0402e1229,gx-no-cache=1495120247303 HTTP/1.1" 200 29
192.168.10.89 - - [18/May/2017:12:10:40 -0300] "POST /cormun/servlet/solicitudgral?gx-no-cache=1495120247326 HTTP/1.1" 200 1255
192.168.10.89 - - [18/May/2017:12:10:40 -0300] "POST /cormun/servlet/solicitudgral?gx-no-cache=1495120247364 HTTP/1.1" 200 1159
192.168.10.89 - - [18/May/2017:12:10:42 -0300] "POST /cormun/servlet/solicitudgral?88051b6114537bc96f518eec37f3af55,UPD,2017,6440,,gx-no-cache=1495120249577 HTTP/1.1" 200 93
192.168.10.89 - - [18/May/2017:12:10:42 -0300] "GET /cormun/servlet/hpexe_return? HTTP/1.1" 200 1036
192.168.10.89 - - [18/May/2017:12:10:43 -0300] "GET /cormun/servlet/trsolicitudgral?gx-no-cache=1495119776732 HTTP/1.1" 200 11242
186.103.159.46 - - [18/May/2017:12:10:44 -0300] "POST /cormun/servlet/hlogin?8e2f679fb8dc6666d34e27036fc7d551,gx-no-cache=1495116696327 HTTP/1.1" 200 90
186.103.159.46 - - [18/May/2017:12:10:44 -0300] "GET /cormun/servlet/hpexe_link HTTP/1.1" 200 961
186.103.159.46 - - [18/May/2017:12:10:44 -0300] "GET /cormun/servlet/trautorizarsolicitud HTTP/1.1" 200 8026
186.103.159.46 - - [18/May/2017:12:10:45 -0300] "GET /cormun/servlet/trautorizarsolicitud HTTP/1.1" 200 8025
192.168.10.89 - - [18/May/2017:12:10:46 -0300] "POST /cormun/servlet/trsolicitudgral?88051b6114537bc96f518eec37f3af55,gx-no-cache=1495119776732,gx-no-cache=1495120253920 HTTP/1.1" 200 7619
192.168.10.89 - - [18/May/2017:12:10:47 -0300] "GET /cormun/static/Shared/jqueryui/images/ui-bg_highlight-soft_100_c6c2c8_1x100.png HTTP/1.1" 404 1117
