192.168.10.89 - - [18/May/2017:09:29:48 -0300] "GET /cormunbeta/servlet/hlogin HTTP/1.1" 200 1721
192.168.10.89 - - [18/May/2017:09:29:48 -0300] "GET /cormunbeta/static/gxtimezone.js?85251 HTTP/1.1" 304 -
192.168.10.89 - - [18/May/2017:09:29:48 -0300] "GET /cormunbeta/static/gxcfg.js?2017510126551 HTTP/1.1" 304 -
192.168.10.89 - - [18/May/2017:09:29:48 -0300] "GET /cormunbeta/static/messages.spa.js?85251 HTTP/1.1" 304 -
192.168.10.89 - - [18/May/2017:09:29:48 -0300] "GET /cormunbeta/static/hlogin.js?20175101265517 HTTP/1.1" 304 -
192.168.10.89 - - [18/May/2017:09:29:48 -0300] "GET /cormunbeta/servlet/hlogin HTTP/1.1" 200 1732
192.168.10.89 - - [18/May/2017:09:29:52 -0300] "GET /cormun/servlet/hlogin HTTP/1.1" 200 1720
200.111.191.210 - - [18/May/2017:09:29:54 -0300] "GET /cormun/servlet/licenciaspermisos?95cac8d50426902f7d514794ea4df0f5cb1abf1ed9070767f90d8cb5ffb5f67074adcfa1f9c311c6833fd0c5ac21345a836ee068ce0f82e501481df01ac1e080d593e7703f006eac668fd81a67a56c838f7e714cea023e13c4ba2a7432219c8ad82470e9ef295b71d2b7e2433a4983a3ed683c165c5633daa478fa8ef3039613c13ea5b5d2bf30e25288c4ee10040b9a04e05b69c9730fd81b0c7b9020260612ccf8e02586a023af3c8a8892b752fd57,gx-no-cache=1495110650374 HTTP/1.1" 200 30
200.111.191.210 - - [18/May/2017:09:29:55 -0300] "GET /cormun/servlet/licenciaspermisos?95cac8d50426902f7d514794ea4df0f5a2865a73fa99828fc6c1aa4a39dc4c215095abcc3d29b1188111e979c3ec47333abfc2cf82355fa14f8329110f23c563e3e7d04d3cb0406455bcdf7071ee880583367fe4efdcc5469550864934bc1231a51475ef5bbe25b63771221a641b892df84c19b921b591ce3f9d965a81dc5e23688b7e2489368f1d50ae552a02e8b320f9b04fe0b9fdf199a9f691dd5efa787afb24bd475b8d35acdd295e02229ed163,gx-no-cache=1495110650440 HTTP/1.1" 200 29
200.111.191.210 - - [18/May/2017:09:29:55 -0300] "POST /cormun/servlet/licenciaspermisos?e5902646968f6cf2ba792b7fc9328f5c,INS,0,,,,gx-no-cache=1495110650473 HTTP/1.1" 200 93
200.111.191.210 - - [18/May/2017:09:29:55 -0300] "GET /cormun/servlet/hpexe_return? HTTP/1.1" 200 1015
200.111.191.210 - - [18/May/2017:09:29:55 -0300] "GET /cormun/servlet/trlicencias HTTP/1.1" 200 7778
200.111.191.210 - - [18/May/2017:09:29:56 -0300] "GET /cormun/servlet/trlicencias HTTP/1.1" 200 7773
200.111.191.210 - - [18/May/2017:09:29:58 -0300] "GET /cormun/servlet/alicenciaprn?16503799,L,20170518000000,PU HTTP/1.1" 200 1532
192.168.10.89 - - [18/May/2017:09:29:59 -0300] "POST /cormun/servlet/hlogin?2ee1f21aaf24b7e4b02d7ccb6b5982c9,gx-no-cache=1495110606609 HTTP/1.1" 200 90
192.168.10.89 - - [18/May/2017:09:29:59 -0300] "GET /cormun/servlet/hpexe_link HTTP/1.1" 200 952
192.168.10.89 - - [18/May/2017:09:29:59 -0300] "GET /cormun/servlet/hhome HTTP/1.1" 200 4456
192.168.10.89 - - [18/May/2017:09:30:00 -0300] "GET /cormun/static/PXToolsJavascripts/pexe_tabdivfix.js HTTP/1.1" 200 876
186.79.61.60 - - [18/May/2017:09:30:03 -0300] "POST /cormun/servlet/permisosadjuntos?4469196a1502caeeaa7bda113e9ba4b7,INS,9421195,P,20170518092915,, HTTP/1.1" 200 116
186.79.61.60 - - [18/May/2017:09:30:03 -0300] "GET /cormun/servlet/hpexe_return? HTTP/1.1" 200 1038
186.79.61.60 - - [18/May/2017:09:30:03 -0300] "GET /cormun/servlet/trpermisosadjuntos?9421195,20170518092915,P, HTTP/1.1" 200 6522
186.79.61.60 - - [18/May/2017:09:30:04 -0300] "GET /cormun/servlet/trpermisosadjuntos?9421195,20170518092915,P, HTTP/1.1" 200 6519
192.168.10.89 - - [18/May/2017:09:30:06 -0300] "GET /cormun/servlet/trconsultaempleado? HTTP/1.1" 200 9712
186.79.168.99 - - [18/May/2017:09:30:08 -0300] "POST /cormun/servlet/solicitudot?fcecf1e2a6071be048d6d41f78a91e57,INS,0,0,,gx-no-cache=1495107068164 HTTP/1.1" 200 93
186.79.168.99 - - [18/May/2017:09:30:08 -0300] "GET /cormun/servlet/hpexe_return? HTTP/1.1" 200 1004
186.79.168.99 - - [18/May/2017:09:30:08 -0300] "GET /cormun/servlet/trsolicitudot HTTP/1.1" 200 8038
186.79.61.60 - - [18/May/2017:09:30:08 -0300] "GET /cormun/servlet/trpermisosgoce? HTTP/1.1" 200 7373
186.79.168.99 - - [18/May/2017:09:30:08 -0300] "GET /cormun/servlet/trsolicitudot HTTP/1.1" 200 8034
186.79.61.60 - - [18/May/2017:09:30:09 -0300] "GET /cormun/servlet/trpermisosgoce? HTTP/1.1" 200 7371
192.168.10.89 - - [18/May/2017:09:30:18 -0300] "POST /cormun/servlet/trconsultaempleado?2ee1f21aaf24b7e4b02d7ccb6b5982c9,,gx-no-cache=1495110625220 HTTP/1.1" 200 4401
192.168.10.89 - - [18/May/2017:09:30:19 -0300] "GET /cormun/servlet/trsolicitudnombre?12135823, HTTP/1.1" 200 8832
186.79.105.212 - - [18/May/2017:09:30:22 -0300] "POST /cormun/servlet/trlicencias?b21b0e2116e0009abde4c9b2528f6a4c,,gx-no-cache=1495110678884 HTTP/1.1" 200 5163
186.79.105.212 - - [18/May/2017:09:30:22 -0300] "GET /cormun/static/Shared/jqueryui/images/ui-bg_highlight-soft_100_c6c2c8_1x100.png HTTP/1.1" 404 1117
186.79.105.212 - - [18/May/2017:09:30:22 -0300] "GET /cormun/static/Shared/jqueryui/images/ui-icons_82798d_256x240.png HTTP/1.1" 404 1089
186.79.105.212 - - [18/May/2017:09:30:22 -0300] "GET /cormun/static/Shared/jqueryui/images/ui-bg_flat_55_fafafa_40x100.png HTTP/1.1" 404 1097
186.79.105.212 - - [18/May/2017:09:30:22 -0300] "GET /cormun/static/Shared/jqueryui/images/ui-icons_8d78a5_256x240.png HTTP/1.1" 404 1089
186.79.168.99 - - [18/May/2017:09:30:23 -0300] "POST /cormun/servlet/trsolicitudot?fcecf1e2a6071be048d6d41f78a91e57,gx-no-cache=1495107083941 HTTP/1.1" 200 106
186.79.168.99 - - [18/May/2017:09:30:23 -0300] "GET /cormun/servlet/trsolicitudadjuntos?2017,6453, HTTP/1.1" 200 5908
186.79.168.99 - - [18/May/2017:09:30:23 -0300] "GET /cormun/static/gxcfg.js?201731711504543 HTTP/1.1" 200 953
186.79.168.99 - - [18/May/2017:09:30:23 -0300] "GET /cormun/static/trsolicitudadjuntos.js?201731711504951 HTTP/1.1" 200 17913
186.79.168.99 - - [18/May/2017:09:30:24 -0300] "GET /cormun/servlet/trsolicitudadjuntos?2017,6453, HTTP/1.1" 200 5908
186.79.168.99 - - [18/May/2017:09:30:25 -0300] "GET /cormun/servlet/solicitudotadjuntos?INS,2017,6453,,1, HTTP/1.1" 200 5849
186.79.168.99 - - [18/May/2017:09:30:25 -0300] "GET /cormun/static/gxcfg.js?201612218465951 HTTP/1.1" 200 953
186.79.168.99 - - [18/May/2017:09:30:26 -0300] "GET /cormun/static/solicitudotadjuntos.js?201612218465969 HTTP/1.1" 304 -
186.79.168.99 - - [18/May/2017:09:30:26 -0300] "GET /cormun/static/about:blank HTTP/1.1" 404 1011
186.79.168.99 - - [18/May/2017:09:30:26 -0300] "GET /cormun/servlet/solicitudotadjuntos?INS,2017,6453,,1, HTTP/1.1" 200 5843
186.79.168.99 - - [18/May/2017:09:30:26 -0300] "GET /cormun/servlet/solicitudotadjuntos?6f47c580c731f69f34f827d6ec6961946deb0556a15d470946249c2b83ae2aca65c04dcb466cca0cedac243c2047fbd3,gx-no-cache=1495107087543 HTTP/1.1" 200 30
186.79.168.99 - - [18/May/2017:09:30:27 -0300] "POST /cormun/servlet/solicitudotadjuntos?fcecf1e2a6071be048d6d41f78a91e57,INS,2017,6453,,1,,gx-no-cache=1495107087646 HTTP/1.1" 200 3642
200.111.191.210 - - [18/May/2017:09:30:27 -0300] "GET /cormun/servlet/licenciaspermisos?INS,0,,, HTTP/1.1" 200 7171
200.111.191.210 - - [18/May/2017:09:30:27 -0300] "GET /cormun/servlet/licenciaspermisos?INS,0,,, HTTP/1.1" 200 7171
186.79.168.99 - - [18/May/2017:09:30:29 -0300] "POST /cormun/servlet/solicitudotadjuntos?gx-no-cache=1495107089836 HTTP/1.1" 200 26
192.168.10.89 - - [18/May/2017:09:30:31 -0300] "GET /cormun/servlet/vesolicitudnombre?2017,3436,, HTTP/1.1" 200 8745
192.168.10.89 - - [18/May/2017:09:30:32 -0300] "GET /cormun/pexe_scrolldiv.js HTTP/1.1" 404 1009
192.168.10.89 - - [18/May/2017:09:30:32 -0300] "GET /cormun/static/vesolicitudnombre.js?20173171153072 HTTP/1.1" 304 -
192.168.10.89 - - [18/May/2017:09:30:32 -0300] "GET /cormun/static/hwcviewtabs.js?20173171133571 HTTP/1.1" 304 -
192.168.10.89 - - [18/May/2017:09:30:32 -0300] "GET /cormun/static/hpexe_tabsview.js?201610171694228 HTTP/1.1" 304 -
192.168.10.89 - - [18/May/2017:09:30:32 -0300] "GET /cormun/static/tbsolicitudnombre01.js?2017110216261 HTTP/1.1" 304 -
200.111.191.210 - - [18/May/2017:09:30:34 -0300] "GET /cormun/servlet/licenciaspermisos?95cac8d50426902f7d514794ea4df0f5af25e2e468d04aee8182ae48bc434b74677cc0bcb20af8424f33800a411b5ddb,gx-no-cache=1495110689664 HTTP/1.1" 200 68
200.111.191.210 - - [18/May/2017:09:30:34 -0300] "POST /cormun/servlet/licenciaspermisos?e5902646968f6cf2ba792b7fc9328f5c,INS,0,,,,gx-no-cache=1495110689719 HTTP/1.1" 200 4429
186.79.105.212 - - [18/May/2017:09:30:34 -0300] "GET /cormun/servlet/trlicenciaspermisosadjuntos?11672116,20170518000000,L, HTTP/1.1" 200 6076
186.79.105.212 - - [18/May/2017:09:30:36 -0300] "GET /cormun/servlet/trlicenciaspermisosadjuntos?11672116,20170518000000,L, HTTP/1.1" 200 6077
186.79.105.212 - - [18/May/2017:09:30:39 -0300] "GET /cormun/servlet/licenciaspermisosadjuntos?INS,11672116,L,20170518000000,, HTTP/1.1" 200 5386
186.79.105.212 - - [18/May/2017:09:30:39 -0300] "GET /cormun/static/about:blank HTTP/1.1" 404 1011
186.79.105.212 - - [18/May/2017:09:30:40 -0300] "GET /cormun/servlet/licenciaspermisosadjuntos?INS,11672116,L,20170518000000,, HTTP/1.1" 200 5375
186.79.168.99 - - [18/May/2017:09:30:42 -0300] "GET /cormun/servlet/solicitudotadjuntos?6f47c580c731f69f34f827d6ec6961945dafd77a262b424e6b89d94053c782e8,gx-no-cache=1495107103525 HTTP/1.1" 200 30
186.79.168.99 - - [18/May/2017:09:30:43 -0300] "GET /cormun/servlet/solicitudotadjuntos?6f47c580c731f69f34f827d6ec6961945dafd77a262b424e6b89d94053c782e8,gx-no-cache=1495107103810 HTTP/1.1" 200 30
192.168.10.89 - - [18/May/2017:09:31:01 -0300] "GET /cormun/servlet/vesolicitudnombre?2017,3436,,SolicitudOTAdjuntos HTTP/1.1" 200 7676
192.168.10.89 - - [18/May/2017:09:31:01 -0300] "GET /cormun/pexe_scrolldiv.js HTTP/1.1" 404 1009
192.168.10.89 - - [18/May/2017:09:31:01 -0300] "GET /cormun/static/tbsolicitudnombre02.js?201612218422876 HTTP/1.1" 304 -
192.168.10.89 - - [18/May/2017:09:31:02 -0300] "POST /cormun/servlet/acontrolpreferencessavestate?None,CDROGUETT,true HTTP/1.1" 200 35
192.168.10.89 - - [18/May/2017:09:31:03 -0300] "GET /cormun/servlet/vesolicitudnombre?2017,3436,,SolicitudOTLog HTTP/1.1" 200 9347
192.168.10.89 - - [18/May/2017:09:31:03 -0300] "GET /cormun/pexe_scrolldiv.js HTTP/1.1" 404 1009
192.168.10.89 - - [18/May/2017:09:31:03 -0300] "GET /cormun/static/tbsolicitudnombre03.js?20173171132461 HTTP/1.1" 304 -
192.168.10.89 - - [18/May/2017:09:31:05 -0300] "POST /cormun/servlet/acontrolpreferencessavestate?None,CDROGUETT,true HTTP/1.1" 200 35
186.79.168.99 - - [18/May/2017:09:31:07 -0300] "POST /cormun/servlet/solicitudotadjuntos?fcecf1e2a6071be048d6d41f78a91e57,INS,2017,6453,,1, HTTP/1.1" 200 116
186.79.168.99 - - [18/May/2017:09:31:08 -0300] "GET /cormun/servlet/hpexe_return? HTTP/1.1" 200 1024
186.79.168.99 - - [18/May/2017:09:31:08 -0300] "GET /cormun/servlet/trsolicitudadjuntos?2017,6453, HTTP/1.1" 200 8054
186.79.168.99 - - [18/May/2017:09:31:09 -0300] "GET /cormun/servlet/trsolicitudadjuntos?2017,6453, HTTP/1.1" 200 8049
186.79.168.99 - - [18/May/2017:09:31:11 -0300] "GET /cormun/servlet/solicitudotadjuntos?INS,2017,6453,,1, HTTP/1.1" 200 5848
186.79.168.99 - - [18/May/2017:09:31:12 -0300] "GET /cormun/static/about:blank HTTP/1.1" 404 1011
186.79.168.99 - - [18/May/2017:09:31:12 -0300] "GET /cormun/servlet/solicitudotadjuntos?INS,2017,6453,,1, HTTP/1.1" 200 5842
186.79.168.99 - - [18/May/2017:09:31:12 -0300] "GET /cormun/servlet/solicitudotadjuntos?6f47c580c731f69f34f827d6ec6961946deb0556a15d470946249c2b83ae2aca65c04dcb466cca0cedac243c2047fbd3,gx-no-cache=1495107133311 HTTP/1.1" 200 30
186.79.168.99 - - [18/May/2017:09:31:13 -0300] "POST /cormun/servlet/solicitudotadjuntos?fcecf1e2a6071be048d6d41f78a91e57,INS,2017,6453,,1,,gx-no-cache=1495107133617 HTTP/1.1" 200 3643
186.79.168.99 - - [18/May/2017:09:31:15 -0300] "POST /cormun/servlet/solicitudotadjuntos?gx-no-cache=1495107136591 HTTP/1.1" 200 26
192.168.10.89 - - [18/May/2017:09:31:16 -0300] "GET /cormun/servlet/vesolicitudnombre?2017,3436,,General HTTP/1.1" 200 8745
192.168.10.89 - - [18/May/2017:09:31:16 -0300] "GET /cormun/pexe_scrolldiv.js HTTP/1.1" 404 1009
186.79.168.99 - - [18/May/2017:09:31:22 -0300] "GET /cormun/servlet/solicitudotadjuntos?6f47c580c731f69f34f827d6ec6961945dafd77a262b424e6b89d94053c782e8,gx-no-cache=1495107143582 HTTP/1.1" 200 30
186.79.168.99 - - [18/May/2017:09:31:23 -0300] "GET /cormun/servlet/solicitudotadjuntos?6f47c580c731f69f34f827d6ec6961945dafd77a262b424e6b89d94053c782e8,gx-no-cache=1495107143844 HTTP/1.1" 200 30
186.79.105.212 - - [18/May/2017:09:31:30 -0300] "POST /cormun/servlet/licenciaspermisosadjuntos?b21b0e2116e0009abde4c9b2528f6a4c,INS,11672116,L,20170518000000,, HTTP/1.1" 200 116
186.103.157.98 - - [18/May/2017:09:31:30 -0300] "GET /cormun/servlet/prfichaempleado?,MD,,gxPopupLevel%3D0%3B HTTP/1.1" 200 8866
186.79.105.212 - - [18/May/2017:09:31:30 -0300] "GET /cormun/servlet/hpexe_return? HTTP/1.1" 200 1040
186.79.105.212 - - [18/May/2017:09:31:30 -0300] "GET /cormun/servlet/trlicenciaspermisosadjuntos?11672116,20170518000000,L, HTTP/1.1" 200 6545
186.79.95.234 - - [18/May/2017:09:31:30 -0300] "GET /cormun/servlet/hlogin HTTP/1.1" 200 1721
186.79.95.234 - - [18/May/2017:09:31:32 -0300] "GET /cormun/servlet/hlogin HTTP/1.1" 200 1731
186.79.105.212 - - [18/May/2017:09:31:32 -0300] "GET /cormun/servlet/trlicenciaspermisosadjuntos?11672116,20170518000000,L, HTTP/1.1" 200 6543
186.79.105.212 - - [18/May/2017:09:31:34 -0300] "GET /cormun/PublicTempStorage/xayala5572147.jpg HTTP/1.1" 200 1109273
186.79.95.234 - - [18/May/2017:09:31:40 -0300] "POST /cormun/servlet/hlogin?a4a99884265d91c8d0596b6e24b305db,gx-no-cache=1495114168621 HTTP/1.1" 200 442
186.79.168.99 - - [18/May/2017:09:31:40 -0300] "POST /cormun/servlet/solicitudotadjuntos?fcecf1e2a6071be048d6d41f78a91e57,INS,2017,6453,,1, HTTP/1.1" 200 116
186.79.168.99 - - [18/May/2017:09:31:40 -0300] "GET /cormun/servlet/hpexe_return? HTTP/1.1" 200 1024
186.103.157.98 - - [18/May/2017:09:31:41 -0300] "GET /cormun/servlet/prlicenciaspermisos?16252024,L,,MD,,gxPopupLevel%3D0%3B HTTP/1.1" 200 5732
186.79.168.99 - - [18/May/2017:09:31:41 -0300] "GET /cormun/servlet/trsolicitudadjuntos?2017,6453, HTTP/1.1" 200 8281
186.79.61.60 - - [18/May/2017:09:31:41 -0300] "POST /cormun/servlet/trpermisosgoce?4469196a1502caeeaa7bda113e9ba4b7,,gx-no-cache=1495110761895 HTTP/1.1" 200 4025
186.79.61.60 - - [18/May/2017:09:31:41 -0300] "GET /cormun/static/Shared/jqueryui/images/ui-bg_highlight-soft_100_c6c2c8_1x100.png HTTP/1.1" 404 1117
186.79.61.60 - - [18/May/2017:09:31:41 -0300] "GET /cormun/static/Shared/jqueryui/images/ui-icons_82798d_256x240.png HTTP/1.1" 404 1089
186.79.61.60 - - [18/May/2017:09:31:41 -0300] "GET /cormun/static/Shared/jqueryui/images/ui-bg_flat_55_fafafa_40x100.png HTTP/1.1" 404 1097
186.79.61.60 - - [18/May/2017:09:31:41 -0300] "GET /cormun/static/Shared/jqueryui/images/ui-icons_8d78a5_256x240.png HTTP/1.1" 404 1089
186.79.168.99 - - [18/May/2017:09:31:42 -0300] "GET /cormun/servlet/trsolicitudadjuntos?2017,6453, HTTP/1.1" 200 8280
186.79.168.99 - - [18/May/2017:09:31:46 -0300] "GET /cormun/servlet/solicitudotadjuntos?INS,2017,6453,,1, HTTP/1.1" 200 5848
186.79.168.99 - - [18/May/2017:09:31:46 -0300] "GET /cormun/static/about:blank HTTP/1.1" 404 1011
186.79.168.99 - - [18/May/2017:09:31:46 -0300] "GET /cormun/servlet/solicitudotadjuntos?INS,2017,6453,,1, HTTP/1.1" 200 5842
186.79.168.99 - - [18/May/2017:09:31:46 -0300] "GET /cormun/servlet/solicitudotadjuntos?6f47c580c731f69f34f827d6ec6961946deb0556a15d470946249c2b83ae2aca65c04dcb466cca0cedac243c2047fbd3,gx-no-cache=1495107167687 HTTP/1.1" 200 30
186.79.168.99 - - [18/May/2017:09:31:47 -0300] "POST /cormun/servlet/solicitudotadjuntos?fcecf1e2a6071be048d6d41f78a91e57,INS,2017,6453,,1,,gx-no-cache=1495107167912 HTTP/1.1" 200 3643
186.79.61.60 - - [18/May/2017:09:31:47 -0300] "GET /cormun/servlet/trpermisosgoce? HTTP/1.1" 200 6509
186.79.61.60 - - [18/May/2017:09:31:48 -0300] "GET /cormun/servlet/trpermisosgoce? HTTP/1.1" 200 6509
186.79.61.60 - - [18/May/2017:09:31:51 -0300] "GET /cormun/servlet/permisogoce?INS,0,,, HTTP/1.1" 200 6533
186.79.168.99 - - [18/May/2017:09:31:51 -0300] "POST /cormun/servlet/solicitudotadjuntos?gx-no-cache=1495107171869 HTTP/1.1" 200 26
186.79.95.234 - - [18/May/2017:09:31:51 -0300] "POST /cormun/servlet/hlogin?a4a99884265d91c8d0596b6e24b305db,gx-no-cache=1495114179786 HTTP/1.1" 200 90
186.79.61.60 - - [18/May/2017:09:31:51 -0300] "GET /cormun/servlet/permisogoce?INS,0,,, HTTP/1.1" 200 6533
186.79.95.234 - - [18/May/2017:09:31:53 -0300] "GET /cormun/servlet/hpexe_link HTTP/1.1" 200 952
186.79.95.234 - - [18/May/2017:09:31:55 -0300] "GET /cormun/servlet/hhome HTTP/1.1" 200 3800
186.79.95.234 - - [18/May/2017:09:31:58 -0300] "GET /cormun/servlet/hhome HTTP/1.1" 200 3799
186.103.157.98 - - [18/May/2017:09:31:59 -0300] "POST /cormun/servlet/solicitudot?gx-no-cache=1495110777613 HTTP/1.1" 200 1297
186.79.168.99 - - [18/May/2017:09:31:59 -0300] "GET /cormun/servlet/solicitudotadjuntos?6f47c580c731f69f34f827d6ec6961945dafd77a262b424e6b89d94053c782e8,gx-no-cache=1495107180133 HTTP/1.1" 200 30
186.79.168.99 - - [18/May/2017:09:31:59 -0300] "GET /cormun/servlet/solicitudotadjuntos?6f47c580c731f69f34f827d6ec6961945dafd77a262b424e6b89d94053c782e8,gx-no-cache=1495107180408 HTTP/1.1" 200 30
186.103.157.98 - - [18/May/2017:09:32:22 -0300] "POST /cormun/servlet/solicitudot?gx-no-cache=1495110800766 HTTP/1.1" 200 41
186.103.157.98 - - [18/May/2017:09:32:22 -0300] "POST /cormun/servlet/solicitudot?gx-no-cache=1495110800953 HTTP/1.1" 200 1280
186.103.157.98 - - [18/May/2017:09:32:22 -0300] "POST /cormun/servlet/solicitudot?gx-no-cache=1495110801129 HTTP/1.1" 200 1162
186.103.157.98 - - [18/May/2017:09:32:30 -0300] "GET /cormun/servlet/prlicenciaspermisos?16252024,L,,MD,,gxPopupLevel%3D0%3B HTTP/1.1" 200 5732
186.79.168.99 - - [18/May/2017:09:32:34 -0300] "POST /cormun/servlet/solicitudotadjuntos?fcecf1e2a6071be048d6d41f78a91e57,INS,2017,6453,,1, HTTP/1.1" 200 116
186.79.168.99 - - [18/May/2017:09:32:34 -0300] "GET /cormun/servlet/hpexe_return? HTTP/1.1" 200 1024
186.79.168.99 - - [18/May/2017:09:32:35 -0300] "GET /cormun/servlet/trsolicitudadjuntos?2017,6453, HTTP/1.1" 200 8433
186.79.168.99 - - [18/May/2017:09:32:36 -0300] "GET /cormun/servlet/trsolicitudadjuntos?2017,6453, HTTP/1.1" 200 8431
186.79.168.99 - - [18/May/2017:09:32:46 -0300] "GET /cormun/servlet/solicitudotadjuntos?INS,2017,6453,,1, HTTP/1.1" 200 5848
186.79.168.99 - - [18/May/2017:09:32:46 -0300] "GET /cormun/static/about:blank HTTP/1.1" 404 1011
186.79.168.99 - - [18/May/2017:09:32:47 -0300] "GET /cormun/servlet/solicitudotadjuntos?INS,2017,6453,,1, HTTP/1.1" 200 5842
186.79.168.99 - - [18/May/2017:09:32:47 -0300] "GET /cormun/servlet/solicitudotadjuntos?6f47c580c731f69f34f827d6ec6961946deb0556a15d470946249c2b83ae2aca65c04dcb466cca0cedac243c2047fbd3,gx-no-cache=1495107228305 HTTP/1.1" 200 30
186.79.168.99 - - [18/May/2017:09:32:48 -0300] "POST /cormun/servlet/solicitudotadjuntos?fcecf1e2a6071be048d6d41f78a91e57,INS,2017,6453,,1,,gx-no-cache=1495107228468 HTTP/1.1" 200 3643
186.79.168.99 - - [18/May/2017:09:32:50 -0300] "POST /cormun/servlet/solicitudotadjuntos?gx-no-cache=1495107231318 HTTP/1.1" 200 26
186.103.157.98 - - [18/May/2017:09:32:57 -0300] "POST /cormun/servlet/solicitudot?gx-no-cache=1495110836409 HTTP/1.1" 200 1280
186.103.157.98 - - [18/May/2017:09:32:57 -0300] "POST /cormun/servlet/solicitudot?gx-no-cache=1495110836516 HTTP/1.1" 200 1162
186.103.157.98 - - [18/May/2017:09:32:57 -0300] "GET /cormun/servlet/solicitudot?f0c26dab9a56636821e381cd21fa29656d54400c6654273697f389bc68fba9f93c2ecae8acc11ac7d672650630c834b1901c592ed0db7e86f9b9d2b165731e18c7adbfdd922cca472eac0e83b035c387b6987925c500d5c1845def4d8b6cfe48a7a91b63ecc54d0888c23d93ff7e426243111c5193e0f60db99a4a6229d924bc9a27d55ec9d3a86cbad3955c8be8d4d1a393e7ac7185cb7eae1006e1205abb6c980e8ac27c32d16a102c9bfffd30e5a649915a6d4e8866649a1b0a0a8c60212a,gx-no-cache=1495110836590 HTTP/1.1" 200 30
186.103.157.98 - - [18/May/2017:09:32:58 -0300] "POST /cormun/servlet/solicitudot?470faf0be5e46757180357e4de9b2c76,INS,0,0,,gx-no-cache=1495110836645 HTTP/1.1" 200 93
186.103.157.98 - - [18/May/2017:09:32:58 -0300] "GET /cormun/servlet/hpexe_return? HTTP/1.1" 200 1004
186.103.157.98 - - [18/May/2017:09:32:58 -0300] "GET /cormun/servlet/trsolicitudot HTTP/1.1" 200 9216
186.103.157.98 - - [18/May/2017:09:32:58 -0300] "GET /cormun/servlet/trsolicitudot HTTP/1.1" 200 9212
186.79.168.99 - - [18/May/2017:09:33:01 -0300] "GET /cormun/servlet/solicitudotadjuntos?6f47c580c731f69f34f827d6ec6961945dafd77a262b424e6b89d94053c782e8,gx-no-cache=1495107242070 HTTP/1.1" 200 30
186.79.168.99 - - [18/May/2017:09:33:01 -0300] "GET /cormun/servlet/solicitudotadjuntos?6f47c580c731f69f34f827d6ec6961945dafd77a262b424e6b89d94053c782e8,gx-no-cache=1495107242278 HTTP/1.1" 200 30
186.103.157.98 - - [18/May/2017:09:33:02 -0300] "POST /cormun/servlet/trsolicitudot?470faf0be5e46757180357e4de9b2c76,gx-no-cache=1495110841369 HTTP/1.1" 200 107
186.103.157.98 - - [18/May/2017:09:33:02 -0300] "GET /cormun/servlet/trsolicitudadjuntos?2017,6454, HTTP/1.1" 200 6124
186.103.157.98 - - [18/May/2017:09:33:02 -0300] "GET /cormun/static/gxcfg.js?201731711504543 HTTP/1.1" 304 -
186.103.157.98 - - [18/May/2017:09:33:03 -0300] "GET /cormun/servlet/trsolicitudadjuntos?2017,6454, HTTP/1.1" 200 6123
186.103.157.98 - - [18/May/2017:09:33:06 -0300] "GET /cormun/servlet/solicitudotadjuntos?INS,2017,6454,,1, HTTP/1.1" 200 6063
186.103.157.98 - - [18/May/2017:09:33:06 -0300] "GET /cormun/static/gxcfg.js?201612218465951 HTTP/1.1" 304 -
186.103.132.155 - - [18/May/2017:09:33:06 -0300] "GET /cormun/servlet/licenciaspermisos?e6d8bf55097fa799d4a1ef512f44f3b6c723b51b72d27c5e5cc4942e932c7d518cde9986efaea19f1ccdf27b334b34626a40b56a8107f8f437c9620bf8e378d8bbd3f0f8ac5313c5642ce80b6488b8b152c201446071b734c990480611e15baf2196355f01770f322c44e7fe5be5ed0c4937cf986a0b239db54e0170c1084dc433336662d388939959416fb6776a2ad05d0d706ef7109afade489a8bd7390ea66b3c31c70f35f75c0ca8f4f57ea0c442472486562c3de69134caef875858c92277a0358dcea741cfe54de2262856aab4209885fb17d8207f33804a97c4575da1,gx-no-cache=1495110846371 HTTP/1.1" 200 30
186.103.157.98 - - [18/May/2017:09:33:06 -0300] "GET /cormun/static/about:blank HTTP/1.1" 404 1011
186.103.132.155 - - [18/May/2017:09:33:06 -0300] "GET /cormun/servlet/licenciaspermisos?e6d8bf55097fa799d4a1ef512f44f3b65706a1cca4bea85d393b6fc44e95363a715f54aaed832f218531c3a3db458f4f304c6d1d6c0ed73ee672a887bbaadd14e3239bfa61050e81cce0dc288a813c5c22478d7f4ece4cefe3481ffb7f91baed73afbc5c73a71727575922fed408fc75503be9eb40cd020f60f5a5376dbe848c445575f2ded2248314ff1be923cbc69d318743c923d5844f67bcb5ce2043764a418a4e2e02f6924c92a38fc4bd8f74183ca6e78fc0e776f927d3f02b0a3201a865eaaeaf167ea3afa65e7aaadf8c61948f24f819c6eec3583e887760e1bfad9d,gx-no-cache=1495110846572 HTTP/1.1" 200 29
186.103.157.98 - - [18/May/2017:09:33:06 -0300] "GET /cormun/servlet/solicitudotadjuntos?INS,2017,6454,,1, HTTP/1.1" 200 6056
186.103.132.155 - - [18/May/2017:09:33:06 -0300] "POST /cormun/servlet/licenciaspermisos?bd6a6a4bf2c6df7be6e68ab229957212,INS,0,,,,gx-no-cache=1495110846690 HTTP/1.1" 200 4534
186.103.157.98 - - [18/May/2017:09:33:06 -0300] "GET /cormun/servlet/solicitudotadjuntos?f0c26dab9a56636821e381cd21fa296595d59383dbf40bff69febf5ee65190336e54f730aeb487b91d49739e7cca32e1,gx-no-cache=1495110845683 HTTP/1.1" 200 30
186.103.157.98 - - [18/May/2017:09:33:07 -0300] "POST /cormun/servlet/solicitudotadjuntos?470faf0be5e46757180357e4de9b2c76,INS,2017,6454,,1,,gx-no-cache=1495110845749 HTTP/1.1" 200 3863
186.103.157.98 - - [18/May/2017:09:33:09 -0300] "POST /cormun/servlet/solicitudotadjuntos?gx-no-cache=1495110848200 HTTP/1.1" 200 26
186.79.168.99 - - [18/May/2017:09:33:21 -0300] "POST /cormun/servlet/solicitudotadjuntos?fcecf1e2a6071be048d6d41f78a91e57,INS,2017,6453,,1, HTTP/1.1" 200 116
186.79.168.99 - - [18/May/2017:09:33:21 -0300] "GET /cormun/servlet/hpexe_return? HTTP/1.1" 200 1024
186.79.168.99 - - [18/May/2017:09:33:22 -0300] "GET /cormun/servlet/trsolicitudadjuntos?2017,6453, HTTP/1.1" 200 8571
186.79.105.212 - - [18/May/2017:09:33:22 -0300] "GET /cormun/servlet/trlicencias? HTTP/1.1" 200 7726
186.79.168.99 - - [18/May/2017:09:33:23 -0300] "GET /cormun/servlet/trsolicitudadjuntos?2017,6453, HTTP/1.1" 200 8569
186.79.105.212 - - [18/May/2017:09:33:24 -0300] "GET /cormun/servlet/trlicencias? HTTP/1.1" 200 7725
186.103.157.98 - - [18/May/2017:09:33:25 -0300] "GET /cormun/servlet/solicitudotadjuntos?f0c26dab9a56636821e381cd21fa2965f70dc21f483e7c65aa41411dd40d9fcf,gx-no-cache=1495110864037 HTTP/1.1" 200 30
186.103.157.98 - - [18/May/2017:09:33:25 -0300] "GET /cormun/servlet/solicitudotadjuntos?f0c26dab9a56636821e381cd21fa2965f70dc21f483e7c65aa41411dd40d9fcf,gx-no-cache=1495110864084 HTTP/1.1" 200 30
186.103.157.98 - - [18/May/2017:09:33:25 -0300] "POST /cormun/servlet/solicitudotadjuntos?470faf0be5e46757180357e4de9b2c76,INS,2017,6454,,1, HTTP/1.1" 200 116
186.103.157.98 - - [18/May/2017:09:33:25 -0300] "GET /cormun/servlet/hpexe_return? HTTP/1.1" 200 1023
186.103.157.98 - - [18/May/2017:09:33:25 -0300] "GET /cormun/servlet/trsolicitudadjuntos?2017,6454, HTTP/1.1" 200 8287
186.103.157.98 - - [18/May/2017:09:33:26 -0300] "GET /cormun/servlet/trsolicitudadjuntos?2017,6454, HTTP/1.1" 200 8282
186.103.157.98 - - [18/May/2017:09:33:28 -0300] "GET /cormun/servlet/solicitudotadjuntos?INS,2017,6454,,1, HTTP/1.1" 200 6063
186.103.157.98 - - [18/May/2017:09:33:29 -0300] "GET /cormun/static/about:blank HTTP/1.1" 404 1011
186.103.157.98 - - [18/May/2017:09:33:29 -0300] "GET /cormun/servlet/solicitudotadjuntos?INS,2017,6454,,1, HTTP/1.1" 200 6056
186.103.157.98 - - [18/May/2017:09:33:29 -0300] "GET /cormun/servlet/solicitudotadjuntos?f0c26dab9a56636821e381cd21fa296595d59383dbf40bff69febf5ee65190336e54f730aeb487b91d49739e7cca32e1,gx-no-cache=1495110868381 HTTP/1.1" 200 30
186.103.157.98 - - [18/May/2017:09:33:29 -0300] "POST /cormun/servlet/solicitudotadjuntos?470faf0be5e46757180357e4de9b2c76,INS,2017,6454,,1,,gx-no-cache=1495110868451 HTTP/1.1" 200 3863
186.79.105.212 - - [18/May/2017:09:33:29 -0300] "POST /cormun/servlet/trlicencias?b21b0e2116e0009abde4c9b2528f6a4c,,gx-no-cache=1495110866628 HTTP/1.1" 200 4024
186.79.105.212 - - [18/May/2017:09:33:30 -0300] "GET /cormun/static/Shared/jqueryui/images/ui-bg_highlight-soft_100_c6c2c8_1x100.png HTTP/1.1" 404 1117
186.79.105.212 - - [18/May/2017:09:33:30 -0300] "GET /cormun/static/Shared/jqueryui/images/ui-icons_82798d_256x240.png HTTP/1.1" 404 1089
186.79.105.212 - - [18/May/2017:09:33:30 -0300] "GET /cormun/static/Shared/jqueryui/images/ui-bg_flat_55_fafafa_40x100.png HTTP/1.1" 404 1097
186.79.105.212 - - [18/May/2017:09:33:30 -0300] "GET /cormun/static/Shared/jqueryui/images/ui-icons_8d78a5_256x240.png HTTP/1.1" 404 1089
186.79.168.99 - - [18/May/2017:09:33:30 -0300] "GET /cormun/servlet/solicitudotadjuntos?INS,2017,6453,,1, HTTP/1.1" 200 5848
186.79.168.99 - - [18/May/2017:09:33:31 -0300] "GET /cormun/static/about:blank HTTP/1.1" 404 1011
186.79.168.99 - - [18/May/2017:09:33:31 -0300] "GET /cormun/servlet/solicitudotadjuntos?INS,2017,6453,,1, HTTP/1.1" 200 5842
186.79.168.99 - - [18/May/2017:09:33:31 -0300] "GET /cormun/servlet/solicitudotadjuntos?6f47c580c731f69f34f827d6ec6961946deb0556a15d470946249c2b83ae2aca65c04dcb466cca0cedac243c2047fbd3,gx-no-cache=1495107272404 HTTP/1.1" 200 30
186.103.157.98 - - [18/May/2017:09:33:32 -0300] "POST /cormun/servlet/solicitudotadjuntos?gx-no-cache=1495110870936 HTTP/1.1" 200 26
186.79.168.99 - - [18/May/2017:09:33:32 -0300] "POST /cormun/servlet/solicitudotadjuntos?fcecf1e2a6071be048d6d41f78a91e57,INS,2017,6453,,1,,gx-no-cache=1495107272505 HTTP/1.1" 200 3642
186.79.168.99 - - [18/May/2017:09:33:35 -0300] "POST /cormun/servlet/solicitudotadjuntos?gx-no-cache=1495107276171 HTTP/1.1" 200 26
186.79.168.99 - - [18/May/2017:09:33:45 -0300] "GET /cormun/servlet/solicitudotadjuntos?6f47c580c731f69f34f827d6ec6961945dafd77a262b424e6b89d94053c782e8,gx-no-cache=1495107286228 HTTP/1.1" 200 30
186.79.168.99 - - [18/May/2017:09:33:45 -0300] "GET /cormun/servlet/solicitudotadjuntos?6f47c580c731f69f34f827d6ec6961945dafd77a262b424e6b89d94053c782e8,gx-no-cache=1495107286319 HTTP/1.1" 200 30
186.103.132.155 - - [18/May/2017:09:33:47 -0300] "GET /cormun/servlet/licenciaspermisos?e6d8bf55097fa799d4a1ef512f44f3b6ca96ae193685394cead39d43b334756e8bcdb23acb8b90761e855dc941c270b8,gx-no-cache=1495110887928 HTTP/1.1" 200 59
186.103.132.155 - - [18/May/2017:09:33:48 -0300] "POST /cormun/servlet/licenciaspermisos?bd6a6a4bf2c6df7be6e68ab229957212,INS,0,,,,gx-no-cache=1495110888062 HTTP/1.1" 200 4430
186.103.132.155 - - [18/May/2017:09:33:48 -0300] "GET /cormun/servlet/licenciaspermisos?e6d8bf55097fa799d4a1ef512f44f3b6c723b51b72d27c5e5cc4942e932c7d518cde9986efaea19f1ccdf27b334b34626a40b56a8107f8f437c9620bf8e378d8bbd3f0f8ac5313c5642ce80b6488b8b152c201446071b734c990480611e15bafbd3b02e10ee0b19943a94bdf22c379fb4937cf986a0b239db54e0170c1084dc4b329062fc17aac7b97dc4a25678b185e8c92e031a2ce7af078c73bace3de62cd9a9e9b4ff96d53d5d5361087eb311460,gx-no-cache=1495110888731 HTTP/1.1" 200 30
186.103.132.155 - - [18/May/2017:09:33:48 -0300] "GET /cormun/servlet/licenciaspermisos?e6d8bf55097fa799d4a1ef512f44f3b65706a1cca4bea85d393b6fc44e95363a715f54aaed832f218531c3a3db458f4f304c6d1d6c0ed73ee672a887bbaadd14e3239bfa61050e81cce0dc288a813c5c22478d7f4ece4cefe3481ffb7f91baedded7da8c1c8631e36f71d738256a7287503be9eb40cd020f60f5a5376dbe848c39d01a202afb62c4e0c541e41c52451ec8e25c95476a1d08847b1c709ed97edfd1afe31046f0bf433ac66699b3a71fb5,gx-no-cache=1495110888775 HTTP/1.1" 200 29
186.103.132.155 - - [18/May/2017:09:33:48 -0300] "POST /cormun/servlet/licenciaspermisos?bd6a6a4bf2c6df7be6e68ab229957212,INS,0,,,,gx-no-cache=1495110888855 HTTP/1.1" 200 93
186.103.132.155 - - [18/May/2017:09:33:49 -0300] "GET /cormun/servlet/hpexe_return? HTTP/1.1" 200 1005
186.103.132.155 - - [18/May/2017:09:33:49 -0300] "GET /cormun/servlet/hhome HTTP/1.1" 200 4000
186.103.132.155 - - [18/May/2017:09:33:49 -0300] "GET /cormun/servlet/hhome HTTP/1.1" 200 3994
200.111.191.210 - - [18/May/2017:09:33:56 -0300] "GET /cormun/servlet/licenciaspermisos?95cac8d50426902f7d514794ea4df0f5cb1abf1ed9070767f90d8cb5ffb5f67072062182d61fe23cd3205545435a9c48836ee068ce0f82e501481df01ac1e080d593e7703f006eac668fd81a67a56c838f7e714cea023e13c4ba2a7432219c8a7b9e5651a2c3b242557ddc1812e21e42ed683c165c5633daa478fa8ef3039613dd6d543a9858ed2a40e98fef8216cca0b5da543637bdb5c88e431569ec8914353bfb1e355147ab2350bf21d5e6fe85c3bd3fc671d66b7cf3d766cf5b2b30dc52dc430a583fb52d87be4f9ae03bca4bfab5812b1c0f0ea8e5d0815fa8e3c4e511,gx-no-cache=1495110891955 HTTP/1.1" 200 30
200.111.191.210 - - [18/May/2017:09:33:56 -0300] "POST /cormun/servlet/licenciaspermisos?e5902646968f6cf2ba792b7fc9328f5c,INS,0,,,,gx-no-cache=1495110892001 HTTP/1.1" 200 4522
200.72.197.82 - - [18/May/2017:09:33:57 -0300] "GET /cormun/servlet/trlicencias? HTTP/1.1" 200 7983
200.72.197.82 - - [18/May/2017:09:33:57 -0300] "GET /cormun/servlet/trlicencias? HTTP/1.1" 200 7980
200.111.191.210 - - [18/May/2017:09:33:58 -0300] "GET /cormun/servlet/prfichaempleado?,MD,,gxPopupLevel%3D0%3B HTTP/1.1" 200 8799
200.111.191.210 - - [18/May/2017:09:34:04 -0300] "POST /cormun/servlet/prfichaempleado?e5902646968f6cf2ba792b7fc9328f5c,,MD,,gxPopupLevel%3D0%3B,gx-no-cache=1495110898727 HTTP/1.1" 200 3385
186.103.157.98 - - [18/May/2017:09:34:07 -0300] "GET /cormun/servlet/solicitudotadjuntos?f0c26dab9a56636821e381cd21fa2965f70dc21f483e7c65aa41411dd40d9fcf,gx-no-cache=1495110906454 HTTP/1.1" 200 30
186.103.157.98 - - [18/May/2017:09:34:07 -0300] "GET /cormun/servlet/solicitudotadjuntos?f0c26dab9a56636821e381cd21fa2965f70dc21f483e7c65aa41411dd40d9fcf,gx-no-cache=1495110906565 HTTP/1.1" 200 30
186.103.157.98 - - [18/May/2017:09:34:08 -0300] "POST /cormun/servlet/solicitudotadjuntos?470faf0be5e46757180357e4de9b2c76,INS,2017,6454,,1, HTTP/1.1" 200 116
186.103.157.98 - - [18/May/2017:09:34:08 -0300] "GET /cormun/servlet/hpexe_return? HTTP/1.1" 200 1023
186.103.157.98 - - [18/May/2017:09:34:09 -0300] "GET /cormun/servlet/trsolicitudadjuntos?2017,6454, HTTP/1.1" 200 8490
186.103.157.98 - - [18/May/2017:09:34:09 -0300] "GET /cormun/servlet/trsolicitudadjuntos?2017,6454, HTTP/1.1" 200 8490
186.79.168.99 - - [18/May/2017:09:34:09 -0300] "POST /cormun/servlet/solicitudotadjuntos?fcecf1e2a6071be048d6d41f78a91e57,INS,2017,6453,,1, HTTP/1.1" 200 116
186.79.168.99 - - [18/May/2017:09:34:10 -0300] "GET /cormun/servlet/hpexe_return? HTTP/1.1" 200 1024
186.79.61.60 - - [18/May/2017:09:34:10 -0300] "GET /cormun/servlet/permisogoce?6d42f452e4306dfa3167f534599b78757dc8a228dcfd8e6768b746bd88c76d73883878c7b4d4d51ba8b5d370f25cab82,gx-no-cache=1495110911432 HTTP/1.1" 200 75
186.79.168.99 - - [18/May/2017:09:34:11 -0300] "GET /cormun/servlet/trsolicitudadjuntos?2017,6453, HTTP/1.1" 200 8753
186.79.168.99 - - [18/May/2017:09:34:12 -0300] "GET /cormun/servlet/trsolicitudadjuntos?2017,6453, HTTP/1.1" 200 8754
186.103.157.98 - - [18/May/2017:09:34:12 -0300] "GET /cormun/servlet/solicitudotadjuntos?INS,2017,6454,,1, HTTP/1.1" 200 6063
186.103.157.98 - - [18/May/2017:09:34:12 -0300] "GET /cormun/static/about:blank HTTP/1.1" 404 1011
186.103.157.98 - - [18/May/2017:09:34:12 -0300] "GET /cormun/servlet/solicitudotadjuntos?INS,2017,6454,,1, HTTP/1.1" 200 6056
186.103.157.98 - - [18/May/2017:09:34:13 -0300] "GET /cormun/servlet/solicitudotadjuntos?f0c26dab9a56636821e381cd21fa296595d59383dbf40bff69febf5ee65190336e54f730aeb487b91d49739e7cca32e1,gx-no-cache=1495110911880 HTTP/1.1" 200 30
186.103.157.98 - - [18/May/2017:09:34:13 -0300] "POST /cormun/servlet/solicitudotadjuntos?470faf0be5e46757180357e4de9b2c76,INS,2017,6454,,1,,gx-no-cache=1495110911946 HTTP/1.1" 200 3862
186.79.168.99 - - [18/May/2017:09:34:14 -0300] "GET /cormun/servlet/solicitudotadjuntos?INS,2017,6453,,1, HTTP/1.1" 200 5848
186.79.168.99 - - [18/May/2017:09:34:15 -0300] "GET /cormun/static/about:blank HTTP/1.1" 404 1011
186.79.168.99 - - [18/May/2017:09:34:15 -0300] "GET /cormun/servlet/solicitudotadjuntos?INS,2017,6453,,1, HTTP/1.1" 200 5842
186.79.168.99 - - [18/May/2017:09:34:15 -0300] "GET /cormun/servlet/solicitudotadjuntos?6f47c580c731f69f34f827d6ec6961946deb0556a15d470946249c2b83ae2aca65c04dcb466cca0cedac243c2047fbd3,gx-no-cache=1495107316483 HTTP/1.1" 200 30
186.79.168.99 - - [18/May/2017:09:34:16 -0300] "POST /cormun/servlet/solicitudotadjuntos?fcecf1e2a6071be048d6d41f78a91e57,INS,2017,6453,,1,,gx-no-cache=1495107316556 HTTP/1.1" 200 3643
186.103.157.98 - - [18/May/2017:09:34:16 -0300] "POST /cormun/servlet/solicitudotadjuntos?gx-no-cache=1495110914873 HTTP/1.1" 200 26
186.79.168.99 - - [18/May/2017:09:34:18 -0300] "POST /cormun/servlet/solicitudotadjuntos?gx-no-cache=1495107319207 HTTP/1.1" 200 26
186.103.157.98 - - [18/May/2017:09:34:22 -0300] "GET /cormun/servlet/solicitudotadjuntos?f0c26dab9a56636821e381cd21fa2965f70dc21f483e7c65aa41411dd40d9fcf,gx-no-cache=1495110921473 HTTP/1.1" 200 30
186.103.157.98 - - [18/May/2017:09:34:22 -0300] "GET /cormun/servlet/solicitudotadjuntos?f0c26dab9a56636821e381cd21fa2965f70dc21f483e7c65aa41411dd40d9fcf,gx-no-cache=1495110921505 HTTP/1.1" 200 30
186.103.157.98 - - [18/May/2017:09:34:23 -0300] "POST /cormun/servlet/solicitudotadjuntos?470faf0be5e46757180357e4de9b2c76,INS,2017,6454,,1, HTTP/1.1" 200 116
186.103.157.98 - - [18/May/2017:09:34:24 -0300] "GET /cormun/servlet/hpexe_return? HTTP/1.1" 200 1023
186.103.157.98 - - [18/May/2017:09:34:24 -0300] "GET /cormun/servlet/trsolicitudadjuntos?2017,6454, HTTP/1.1" 200 8644
186.103.157.98 - - [18/May/2017:09:34:24 -0300] "GET /cormun/servlet/trsolicitudadjuntos?2017,6454, HTTP/1.1" 200 8642
186.79.168.99 - - [18/May/2017:09:34:25 -0300] "GET /cormun/servlet/solicitudotadjuntos?6f47c580c731f69f34f827d6ec6961945dafd77a262b424e6b89d94053c782e8,gx-no-cache=1495107326743 HTTP/1.1" 200 30
186.79.168.99 - - [18/May/2017:09:34:26 -0300] "GET /cormun/servlet/solicitudotadjuntos?6f47c580c731f69f34f827d6ec6961945dafd77a262b424e6b89d94053c782e8,gx-no-cache=1495107327051 HTTP/1.1" 200 30
186.103.157.98 - - [18/May/2017:09:34:26 -0300] "GET /cormun/servlet/solicitudotadjuntos?INS,2017,6454,,1, HTTP/1.1" 200 6063
186.103.157.98 - - [18/May/2017:09:34:27 -0300] "GET /cormun/static/about:blank HTTP/1.1" 404 1011
186.103.157.98 - - [18/May/2017:09:34:27 -0300] "GET /cormun/servlet/solicitudotadjuntos?INS,2017,6454,,1, HTTP/1.1" 200 6056
186.103.157.98 - - [18/May/2017:09:34:27 -0300] "GET /cormun/servlet/solicitudotadjuntos?f0c26dab9a56636821e381cd21fa296595d59383dbf40bff69febf5ee65190336e54f730aeb487b91d49739e7cca32e1,gx-no-cache=1495110926445 HTTP/1.1" 200 30
186.103.157.98 - - [18/May/2017:09:34:28 -0300] "POST /cormun/servlet/solicitudotadjuntos?470faf0be5e46757180357e4de9b2c76,INS,2017,6454,,1,,gx-no-cache=1495110926532 HTTP/1.1" 200 3862
186.103.157.98 - - [18/May/2017:09:34:30 -0300] "POST /cormun/servlet/solicitudotadjuntos?gx-no-cache=1495110929574 HTTP/1.1" 200 26
186.79.61.60 - - [18/May/2017:09:34:34 -0300] "GET /cormun/servlet/permisogoce?6d42f452e4306dfa3167f534599b7875819c0c50b7b745660e3d381d6038ce864a9b935ad17e00b9b7a93572803dafd6328c3fa0ff8758c84afa6a921109644a,gx-no-cache=1495110935582 HTTP/1.1" 200 47
186.103.157.98 - - [18/May/2017:09:34:40 -0300] "GET /cormun/servlet/solicitudotadjuntos?f0c26dab9a56636821e381cd21fa2965f70dc21f483e7c65aa41411dd40d9fcf,gx-no-cache=1495110939455 HTTP/1.1" 200 30
186.103.157.98 - - [18/May/2017:09:34:40 -0300] "GET /cormun/servlet/solicitudotadjuntos?f0c26dab9a56636821e381cd21fa2965f70dc21f483e7c65aa41411dd40d9fcf,gx-no-cache=1495110939499 HTTP/1.1" 200 30
200.111.191.210 - - [18/May/2017:09:34:41 -0300] "GET /cormun/servlet/licenciaspermisos?95cac8d50426902f7d514794ea4df0f5a2865a73fa99828fc6c1aa4a39dc4c21fc74835d230c7e3ee22a45b86a8869cc3abfc2cf82355fa14f8329110f23c563e3e7d04d3cb0406455bcdf7071ee880583367fe4efdcc5469550864934bc12319a32f0f498d59827915fe6d44e4a16c6f84c19b921b591ce3f9d965a81dc5e23fe3357650cd5cdafc2d313edc2db34009010362fd9cc2f643d09cd88bd97cd29c18ef49ffa8fe1964422cd3abf7fedbf3620fa21e22ee0b8edd6094ddad9e2a1c24d4164a5c5720bb51e34e3e4d4c9fe3b0662d7536e0d516175e2daa56c6fd347a480eaf86be77c159b9d4019b1c179,gx-no-cache=1495110936728 HTTP/1.1" 200 49
200.111.191.210 - - [18/May/2017:09:34:41 -0300] "POST /cormun/servlet/licenciaspermisos?e5902646968f6cf2ba792b7fc9328f5c,INS,0,,,,gx-no-cache=1495110936814 HTTP/1.1" 200 93
200.111.191.210 - - [18/May/2017:09:34:41 -0300] "GET /cormun/servlet/hpexe_return? HTTP/1.1" 200 1015
200.111.191.210 - - [18/May/2017:09:34:41 -0300] "GET /cormun/servlet/trlicencias HTTP/1.1" 200 8154
186.103.157.98 - - [18/May/2017:09:34:42 -0300] "POST /cormun/servlet/solicitudotadjuntos?470faf0be5e46757180357e4de9b2c76,INS,2017,6454,,1, HTTP/1.1" 200 116
186.103.157.98 - - [18/May/2017:09:34:42 -0300] "GET /cormun/servlet/hpexe_return? HTTP/1.1" 200 1023
200.111.191.210 - - [18/May/2017:09:34:42 -0300] "GET /cormun/servlet/trlicencias HTTP/1.1" 200 8149
186.103.157.98 - - [18/May/2017:09:34:42 -0300] "GET /cormun/servlet/trsolicitudadjuntos?2017,6454, HTTP/1.1" 200 8781
186.103.157.98 - - [18/May/2017:09:34:43 -0300] "GET /cormun/servlet/trsolicitudadjuntos?2017,6454, HTTP/1.1" 200 8774
186.79.168.99 - - [18/May/2017:09:34:43 -0300] "POST /cormun/servlet/solicitudotadjuntos?fcecf1e2a6071be048d6d41f78a91e57,INS,2017,6453,,1, HTTP/1.1" 200 116
186.79.168.99 - - [18/May/2017:09:34:43 -0300] "GET /cormun/servlet/hpexe_return? HTTP/1.1" 200 1024
186.79.168.99 - - [18/May/2017:09:34:45 -0300] "GET /cormun/servlet/trsolicitudadjuntos?2017,6453, HTTP/1.1" 200 8985
186.79.168.99 - - [18/May/2017:09:34:46 -0300] "GET /cormun/servlet/trsolicitudadjuntos?2017,6453, HTTP/1.1" 200 8983
186.103.157.98 - - [18/May/2017:09:34:47 -0300] "GET /cormun/servlet/solicitudotadjuntos?INS,2017,6454,,1, HTTP/1.1" 200 6063
186.103.157.98 - - [18/May/2017:09:34:47 -0300] "GET /cormun/static/about:blank HTTP/1.1" 404 1011
186.103.157.98 - - [18/May/2017:09:34:47 -0300] "GET /cormun/servlet/solicitudotadjuntos?INS,2017,6454,,1, HTTP/1.1" 200 6056
186.103.157.98 - - [18/May/2017:09:34:48 -0300] "GET /cormun/servlet/solicitudotadjuntos?f0c26dab9a56636821e381cd21fa296595d59383dbf40bff69febf5ee65190336e54f730aeb487b91d49739e7cca32e1,gx-no-cache=1495110947187 HTTP/1.1" 200 30
186.103.157.98 - - [18/May/2017:09:34:48 -0300] "POST /cormun/servlet/solicitudotadjuntos?470faf0be5e46757180357e4de9b2c76,INS,2017,6454,,1,,gx-no-cache=1495110947226 HTTP/1.1" 200 3862
200.111.191.210 - - [18/May/2017:09:34:49 -0300] "GET /cormun/servlet/alicenciaprn?9816920,L,20170518000000,PU HTTP/1.1" 200 1605
186.103.157.98 - - [18/May/2017:09:34:56 -0300] "POST /cormun/servlet/solicitudotadjuntos?gx-no-cache=1495110955171 HTTP/1.1" 200 26
186.79.168.99 - - [18/May/2017:09:35:08 -0300] "GET /cormun/servlet/trsolicitudot? HTTP/1.1" 200 8040
186.103.157.98 - - [18/May/2017:09:35:09 -0300] "GET /cormun/servlet/solicitudotadjuntos?f0c26dab9a56636821e381cd21fa2965f70dc21f483e7c65aa41411dd40d9fcf,gx-no-cache=1495110967965 HTTP/1.1" 200 30
186.103.157.98 - - [18/May/2017:09:35:09 -0300] "GET /cormun/servlet/solicitudotadjuntos?f0c26dab9a56636821e381cd21fa2965f70dc21f483e7c65aa41411dd40d9fcf,gx-no-cache=1495110967992 HTTP/1.1" 200 30
186.79.168.99 - - [18/May/2017:09:35:09 -0300] "GET /cormun/servlet/trsolicitudot? HTTP/1.1" 200 8034
186.103.157.98 - - [18/May/2017:09:35:09 -0300] "POST /cormun/servlet/solicitudotadjuntos?470faf0be5e46757180357e4de9b2c76,INS,2017,6454,,1, HTTP/1.1" 200 116
186.103.157.98 - - [18/May/2017:09:35:10 -0300] "GET /cormun/servlet/hpexe_return? HTTP/1.1" 200 1023
186.103.157.98 - - [18/May/2017:09:35:10 -0300] "GET /cormun/servlet/trsolicitudadjuntos?2017,6454, HTTP/1.1" 200 8981
186.103.157.98 - - [18/May/2017:09:35:11 -0300] "GET /cormun/servlet/trsolicitudadjuntos?2017,6454, HTTP/1.1" 200 8982
186.103.157.98 - - [18/May/2017:09:35:13 -0300] "GET /cormun/servlet/solicitudotadjuntos?INS,2017,6454,,1, HTTP/1.1" 200 6061
186.103.157.98 - - [18/May/2017:09:35:13 -0300] "GET /cormun/static/about:blank HTTP/1.1" 404 1011
186.103.157.98 - - [18/May/2017:09:35:13 -0300] "GET /cormun/servlet/solicitudotadjuntos?INS,2017,6454,,1, HTTP/1.1" 200 6055
186.103.157.98 - - [18/May/2017:09:35:13 -0300] "GET /cormun/servlet/solicitudotadjuntos?f0c26dab9a56636821e381cd21fa296595d59383dbf40bff69febf5ee65190336e54f730aeb487b91d49739e7cca32e1,gx-no-cache=1495110972577 HTTP/1.1" 200 30
186.103.157.98 - - [18/May/2017:09:35:14 -0300] "POST /cormun/servlet/solicitudotadjuntos?470faf0be5e46757180357e4de9b2c76,INS,2017,6454,,1,,gx-no-cache=1495110972646 HTTP/1.1" 200 3861
186.79.168.99 - - [18/May/2017:09:35:14 -0300] "POST /cormun/servlet/trsolicitudot?fcecf1e2a6071be048d6d41f78a91e57,,gx-no-cache=1495107375032 HTTP/1.1" 200 4164
186.79.168.99 - - [18/May/2017:09:35:14 -0300] "GET /cormun/static/Shared/jqueryui/images/ui-bg_highlight-soft_100_c6c2c8_1x100.png HTTP/1.1" 404 1117
186.79.168.99 - - [18/May/2017:09:35:15 -0300] "GET /cormun/static/Shared/jqueryui/images/ui-icons_82798d_256x240.png HTTP/1.1" 404 1089
186.79.168.99 - - [18/May/2017:09:35:15 -0300] "GET /cormun/static/Shared/jqueryui/images/ui-bg_flat_55_fafafa_40x100.png HTTP/1.1" 404 1097
186.79.168.99 - - [18/May/2017:09:35:15 -0300] "GET /cormun/static/Shared/jqueryui/images/ui-icons_8d78a5_256x240.png HTTP/1.1" 404 1089
186.79.168.99 - - [18/May/2017:09:35:15 -0300] "POST /cormun/servlet/trsolicitudot?fcecf1e2a6071be048d6d41f78a91e57,,gx-no-cache=1495107375798 HTTP/1.1" 200 3942
186.103.157.98 - - [18/May/2017:09:35:17 -0300] "POST /cormun/servlet/solicitudotadjuntos?gx-no-cache=1495110975780 HTTP/1.1" 200 26
186.103.157.98 - - [18/May/2017:09:35:23 -0300] "POST /cormun/servlet/solicitudotadjuntos?gx-no-cache=1495110982370 HTTP/1.1" 200 26
186.103.161.206 - - [18/May/2017:09:35:28 -0300] "GET /cormun/servlet/trlicenciaspermisosadjuntos?7558059,20170518000000,L, HTTP/1.1" 200 6336
186.103.161.206 - - [18/May/2017:09:35:28 -0300] "GET /cormun/servlet/trlicenciaspermisosadjuntos?7558059,20170518000000,L, HTTP/1.1" 200 6337
186.103.157.98 - - [18/May/2017:09:35:29 -0300] "GET /cormun/servlet/solicitudotadjuntos?f0c26dab9a56636821e381cd21fa2965f70dc21f483e7c65aa41411dd40d9fcf,gx-no-cache=1495110988516 HTTP/1.1" 200 30
186.103.157.98 - - [18/May/2017:09:35:29 -0300] "GET /cormun/servlet/solicitudotadjuntos?f0c26dab9a56636821e381cd21fa2965f70dc21f483e7c65aa41411dd40d9fcf,gx-no-cache=1495110988594 HTTP/1.1" 200 30
186.103.157.98 - - [18/May/2017:09:35:31 -0300] "POST /cormun/servlet/solicitudotadjuntos?470faf0be5e46757180357e4de9b2c76,INS,2017,6454,,1, HTTP/1.1" 200 6246
186.103.157.98 - - [18/May/2017:09:35:32 -0300] "GET /home/sistema/apache-tomcat-7.0.65/webapps/cormun/PrivateTempStorage/upload_00000168.html HTTP/1.1" 404 1137
186.103.157.98 - - [18/May/2017:09:35:32 -0300] "GET /cormun/static/Shared/jqueryui/images/ui-bg_highlight-soft_100_c6c2c8_1x100.png HTTP/1.1" 404 1117
186.103.157.98 - - [18/May/2017:09:35:32 -0300] "GET /cormun/static/Shared/jqueryui/images/ui-bg_flat_55_994d53_40x100.png HTTP/1.1" 404 1097
186.103.157.98 - - [18/May/2017:09:35:32 -0300] "GET /cormun/static/Shared/jqueryui/images/ui-icons_82798d_256x240.png HTTP/1.1" 404 1089
186.103.157.98 - - [18/May/2017:09:35:32 -0300] "GET /cormun/static/Shared/jqueryui/images/ui-icons_ebccce_256x240.png HTTP/1.1" 404 1089
186.103.157.98 - - [18/May/2017:09:35:32 -0300] "GET /cormun/PrivateTempStorage/titulo_files/cb=gapi.loaded_1 HTTP/1.1" 404 1071
186.103.157.98 - - [18/May/2017:09:35:32 -0300] "GET /cormun/PrivateTempStorage/titulo_files/cb=gapi.loaded_2 HTTP/1.1" 404 1071
186.103.157.98 - - [18/May/2017:09:35:32 -0300] "GET /cormun/PrivateTempStorage/titulo_files/cb=gapi.loaded_0 HTTP/1.1" 404 1071
186.103.157.98 - - [18/May/2017:09:35:32 -0300] "GET /cormun/PrivateTempStorage/titulo_files/cb=gapi.loaded_3 HTTP/1.1" 404 1071
186.103.132.155 - - [18/May/2017:09:35:32 -0300] "GET /cormun/servlet/licenciaspermisosadjuntos?INS,7558059,L,20170518000000,, HTTP/1.1" 200 5641
186.103.157.98 - - [18/May/2017:09:35:32 -0300] "GET /cormun/PrivateTempStorage/titulo_files/rs=AA2YrTumvV_8rpkX6DCJI8y8BwgoK6mEBQ HTTP/1.1" 404 1113
186.103.157.98 - - [18/May/2017:09:35:32 -0300] "GET /cormun/PrivateTempStorage/titulo_files/saved_resource.html HTTP/1.1" 404 1077
186.103.132.155 - - [18/May/2017:09:35:32 -0300] "GET /cormun/static/about:blank HTTP/1.1" 404 1011
186.103.157.98 - - [18/May/2017:09:35:32 -0300] "GET /cormun/PrivateTempStorage/titulo_files/photo.jpg HTTP/1.1" 404 1057
186.103.157.98 - - [18/May/2017:09:35:32 -0300] "GET /cormun/PrivateTempStorage/titulo_files/rs=AHGWq9BxzZ7ZDXXX7_hUvjWTzOLkJKSvjA.html HTTP/1.1" 404 1123
186.103.157.98 - - [18/May/2017:09:35:32 -0300] "GET /cormun/PrivateTempStorage/titulo_files/logo.gif HTTP/1.1" 404 1055
186.103.157.98 - - [18/May/2017:09:35:32 -0300] "GET /cormun/PrivateTempStorage/titulo_files/cleardot(1).gif HTTP/1.1" 404 1069
186.103.157.98 - - [18/May/2017:09:35:32 -0300] "GET /cormun/PrivateTempStorage/upload_00000168.html HTTP/1.1" 200 1811108
186.103.157.98 - - [18/May/2017:09:35:32 -0300] "GET /cormun/PrivateTempStorage/titulo_files/cleardot.gif HTTP/1.1" 404 1063
186.103.157.98 - - [18/May/2017:09:35:32 -0300] "GET /cormun/PrivateTempStorage/titulo_files/load.html HTTP/1.1" 404 1057
186.103.157.98 - - [18/May/2017:09:35:32 -0300] "GET /cormun/PrivateTempStorage/titulo_files/saved_resource(9).html HTTP/1.1" 404 1083
186.103.157.98 - - [18/May/2017:09:35:32 -0300] "GET /cormun/PrivateTempStorage/titulo_files/saved_resource(8).html HTTP/1.1" 404 1083
186.103.157.98 - - [18/May/2017:09:35:32 -0300] "GET /cormun/PrivateTempStorage/titulo_files/frame2.html HTTP/1.1" 404 1061
186.103.157.98 - - [18/May/2017:09:35:32 -0300] "GET /cormun/PrivateTempStorage/titulo_files/widget.html HTTP/1.1" 404 1061
186.103.157.98 - - [18/May/2017:09:35:33 -0300] "GET /cormun/PrivateTempStorage/titulo_files/silhouette48.png HTTP/1.1" 404 1071
186.103.157.98 - - [18/May/2017:09:35:33 -0300] "GET /cormun/PrivateTempStorage/titulo_files/saved_resource HTTP/1.1" 404 1067
186.103.157.98 - - [18/May/2017:09:35:33 -0300] "GET /cormun/PrivateTempStorage/titulo_files/hovercard.html HTTP/1.1" 404 1067
186.103.157.98 - - [18/May/2017:09:35:33 -0300] "GET /cormun/PrivateTempStorage/upload_00000168.html HTTP/1.1" 304 -
186.103.157.98 - - [18/May/2017:09:35:33 -0300] "GET /cormun/PrivateTempStorage/titulo_files/profile_mask2.png HTTP/1.1" 404 1073
186.103.157.98 - - [18/May/2017:09:35:33 -0300] "GET /cormun/PrivateTempStorage/titulo_files/cleardot(1).gif HTTP/1.1" 404 1069
186.103.157.98 - - [18/May/2017:09:35:33 -0300] "GET /cormun/PrivateTempStorage/titulo_files/postmessageRelay.html HTTP/1.1" 404 1081
186.103.157.98 - - [18/May/2017:09:35:33 -0300] "GET /cormun/PrivateTempStorage/titulo_files/proxy.html HTTP/1.1" 404 1059
186.103.157.98 - - [18/May/2017:09:35:33 -0300] "GET /cormun/PrivateTempStorage/titulo_files/host-js HTTP/1.1" 404 1053
186.103.157.98 - - [18/May/2017:09:35:33 -0300] "GET /cormun/PrivateTempStorage/titulo_files/frame2(1).html HTTP/1.1" 404 1067
186.103.157.98 - - [18/May/2017:09:35:33 -0300] "GET /cormun/PrivateTempStorage/titulo_files/frame.html HTTP/1.1" 404 1059
186.103.157.98 - - [18/May/2017:09:35:33 -0300] "GET /cormun/PrivateTempStorage/titulo_files/cb=gapi.loaded_3 HTTP/1.1" 404 1071
186.103.157.98 - - [18/May/2017:09:35:33 -0300] "GET /cormun/PrivateTempStorage/titulo_files/cb=gapi.loaded_2 HTTP/1.1" 404 1071
186.103.157.98 - - [18/May/2017:09:35:33 -0300] "GET /cormun/PrivateTempStorage/titulo_files/cb=gapi.loaded_1 HTTP/1.1" 404 1071
186.103.132.155 - - [18/May/2017:09:35:33 -0300] "GET /cormun/servlet/licenciaspermisosadjuntos?INS,7558059,L,20170518000000,, HTTP/1.1" 200 5628
186.103.157.98 - - [18/May/2017:09:35:33 -0300] "GET /cormun/PrivateTempStorage/titulo_files/cb=gapi.loaded_0 HTTP/1.1" 404 1071
186.103.157.98 - - [18/May/2017:09:35:33 -0300] "GET /cormun/PrivateTempStorage/titulo_files/rs=AA2YrTumvV_8rpkX6DCJI8y8BwgoK6mEBQ HTTP/1.1" 404 1113
186.103.157.98 - - [18/May/2017:09:35:33 -0300] "GET /cormun/PrivateTempStorage/titulo_files/logo.gif HTTP/1.1" 404 1055
186.103.157.98 - - [18/May/2017:09:35:33 -0300] "GET /cormun/PrivateTempStorage/titulo_files/photo.jpg HTTP/1.1" 404 1057
186.103.157.98 - - [18/May/2017:09:35:33 -0300] "GET /cormun/PrivateTempStorage/titulo_files/saved_resource.html HTTP/1.1" 404 1077
