186.103.158.250 - - [18/May/2017:14:08:41 -0300] "POST /cormun/servlet/solicitudot?bbc8684d900e9376ea61018877135e2d,UPD,2017,6461,,gx-no-cache=1495127623163 HTTP/1.1" 200 93
186.103.158.250 - - [18/May/2017:14:08:41 -0300] "GET /cormun/servlet/hpexe_return? HTTP/1.1" 200 1012
186.103.158.250 - - [18/May/2017:14:08:41 -0300] "GET /cormun/servlet/trsolicitudot HTTP/1.1" 200 8722
186.103.158.250 - - [18/May/2017:14:08:43 -0300] "GET /cormun/servlet/trsolicitudot HTTP/1.1" 200 8718
192.168.10.89 - - [18/May/2017:14:08:48 -0300] "POST /cormun/servlet/trsolicitudgral?75ca7c9d23f53ebba64e8eb4e251756b,gx-no-cache=1495127335254 HTTP/1.1" 200 22754
192.168.10.89 - - [18/May/2017:14:09:03 -0300] "POST /cormun/servlet/trsolicitudgral?75ca7c9d23f53ebba64e8eb4e251756b,gx-no-cache=1495127350940 HTTP/1.1" 200 6756
186.103.158.250 - - [18/May/2017:14:09:12 -0300] "POST /cormun/servlet/trsolicitudot?bbc8684d900e9376ea61018877135e2d,gx-no-cache=1495127654085 HTTP/1.1" 200 106
186.103.158.250 - - [18/May/2017:14:09:12 -0300] "GET /cormun/servlet/solicitudot?UPD,2017,6462, HTTP/1.1" 200 14342
186.103.158.250 - - [18/May/2017:14:09:13 -0300] "GET /cormun/servlet/solicitudot?UPD,2017,6462, HTTP/1.1" 200 14351
186.103.158.250 - - [18/May/2017:14:09:14 -0300] "POST /cormun/servlet/solicitudot?gx-no-cache=1495127656576 HTTP/1.1" 200 3197
186.103.158.250 - - [18/May/2017:14:09:14 -0300] "POST /cormun/servlet/solicitudot?bbc8684d900e9376ea61018877135e2d,UPD,2017,6462,,gx-no-cache=1495127656843 HTTP/1.1" 200 10920
186.103.159.182 - - [18/May/2017:14:09:14 -0300] "POST /cormun/servlet/permisogoce?0fe090b93f907cc5930e332aad726abf,INS,0,,,,gx-no-cache=1495127412032 HTTP/1.1" 200 93
186.103.159.182 - - [18/May/2017:14:09:14 -0300] "GET /cormun/servlet/hpexe_return? HTTP/1.1" 200 1009
186.103.158.250 - - [18/May/2017:14:09:15 -0300] "GET /cormun/servlet/solicitudot?34778b656579c0a02cb5aab4c371dfafb6fabd015c40a8d25ef818ab2bceba7e7049521d19215603c7a49bd1f07e28a8,gx-no-cache=1495127657212 HTTP/1.1" 200 30
186.103.158.250 - - [18/May/2017:14:09:15 -0300] "POST /cormun/servlet/solicitudot?gx-no-cache=1495127657282 HTTP/1.1" 200 297
186.103.158.250 - - [18/May/2017:14:09:15 -0300] "GET /cormun/servlet/solicitudot?34778b656579c0a02cb5aab4c371dfafeb92eeed7a5b645f6308a42de8d34782ee0a1b8c5204c404743676fa278e8cbcf6bac74f2fc21a01b4195957a69f2bd2a13539725db97b470062496110f7bab691b4730d4c7d11429f49ed77d1d761a478c3ace7f65aa03597b116fb74c92e1e86018ead916f43f02d3477f8680195b4b366d479c1f201570074186cc4cf655d6c2c71dff2931326af71065563d64a4d20ae06cb402dee653872b9010487d71cd6e451432ebbce505f8c8f607baefd0eb5b7d0c2296709d049d5cf608b4434df02fb6c89c9e81f79ce3b8518ec9d5bcc3f78eaed86582bb32e4f23e918352aaccb9f6412555202bc289dce747733e6f03127af111f388ac56cc78df3bfbd73e5c466ad8fea3e594707d93c121f181580338dfbbc48dc661a1455ca725d1297185a026904389302c08d558f22632e06af17574e967c9a64964c42132bbbac7547d54ac8c735e279ea4a545ad471946b68214cdfe133b4a6894239fef4eab169f3bf2feea80157121b88ab3b79cb8142e2f868a8767f39c9e61c41d5f1b26f5108,gx-no-cache=1495127657342 HTTP/1.1" 200 30
186.103.158.250 - - [18/May/2017:14:09:15 -0300] "POST /cormun/servlet/solicitudot?gx-no-cache=1495127657386 HTTP/1.1" 200 30
186.103.159.182 - - [18/May/2017:14:09:15 -0300] "GET /cormun/servlet/trpermisosgoce HTTP/1.1" 200 7714
186.103.158.250 - - [18/May/2017:14:09:15 -0300] "POST /cormun/servlet/solicitudot?gx-no-cache=1495127657446 HTTP/1.1" 200 1295
186.103.158.250 - - [18/May/2017:14:09:15 -0300] "POST /cormun/servlet/solicitudot?gx-no-cache=1495127657528 HTTP/1.1" 200 41
186.103.159.182 - - [18/May/2017:14:09:16 -0300] "GET /cormun/servlet/trpermisosgoce HTTP/1.1" 200 7710
186.103.159.182 - - [18/May/2017:14:09:20 -0300] "GET /cormun/servlet/permisogoce?INS,0,,, HTTP/1.1" 200 6843
186.103.159.182 - - [18/May/2017:14:09:22 -0300] "GET /cormun/servlet/permisogoce?INS,0,,, HTTP/1.1" 200 6843
186.103.159.182 - - [18/May/2017:14:09:25 -0300] "GET /cormun/servlet/prfichaempleado?,MD,,gxPopupLevel%3D0%3B HTTP/1.1" 200 8916
186.103.158.250 - - [18/May/2017:14:09:26 -0300] "GET /cormun/servlet/solicitudot?34778b656579c0a02cb5aab4c371dfaf50cae4e9702755f171ad0c9e14796b423733e45e220d7c514b19ba6b35bea91a743b9bc89dff71925e514aa1a5c3ba9b60e49d0234fdaed626028787265698a205e9ab85d3086ef93b3ca35187d6d802fa638c1e1316e1c18fc6604882b33bad,gx-no-cache=1495127668366 HTTP/1.1" 200 29
186.103.158.250 - - [18/May/2017:14:09:26 -0300] "POST /cormun/servlet/solicitudot?gx-no-cache=1495127668405 HTTP/1.1" 200 1279
186.103.158.250 - - [18/May/2017:14:09:26 -0300] "POST /cormun/servlet/solicitudot?gx-no-cache=1495127668462 HTTP/1.1" 200 1161
186.103.158.250 - - [18/May/2017:14:09:26 -0300] "GET /cormun/servlet/solicitudot?34778b656579c0a02cb5aab4c371dfafa156dcc9ade2f3e6c0f330a57d01b89a8dd12e168c15f7bea811db254af29d4149e3d4daddc5c8987a081c6b89f5bece74338121f6ca8ad83635e952b4c688370d54baa2b9f97413e879bd24ba8498a38446d63be2d9d4680b44ae8f8ef6b659cd12a32f7931834aa15b9cdf8200daa3ab54686deef1783160e0461e6dcfb60e89a091cd8eac67210ad1238bb3fe6bf82fbf4218b8e81abe38a1dc581a536c51,gx-no-cache=1495127668533 HTTP/1.1" 200 30
186.103.158.250 - - [18/May/2017:14:09:26 -0300] "POST /cormun/servlet/solicitudot?bbc8684d900e9376ea61018877135e2d,UPD,2017,6462,,gx-no-cache=1495127668593 HTTP/1.1" 200 93
186.103.158.250 - - [18/May/2017:14:09:26 -0300] "GET /cormun/servlet/hpexe_return? HTTP/1.1" 200 1013
186.103.158.250 - - [18/May/2017:14:09:26 -0300] "GET /cormun/servlet/trsolicitudot HTTP/1.1" 200 8722
186.103.158.250 - - [18/May/2017:14:09:28 -0300] "GET /cormun/servlet/trsolicitudot HTTP/1.1" 200 8718
186.103.159.182 - - [18/May/2017:14:09:32 -0300] "POST /cormun/servlet/prfichaempleado?0fe090b93f907cc5930e332aad726abf,,MD,,gxPopupLevel%3D0%3B,gx-no-cache=1495127430324 HTTP/1.1" 200 4155
186.103.158.250 - - [18/May/2017:14:09:40 -0300] "POST /cormun/servlet/trsolicitudot?bbc8684d900e9376ea61018877135e2d,gx-no-cache=1495127682257 HTTP/1.1" 200 107
186.103.158.250 - - [18/May/2017:14:09:40 -0300] "GET /cormun/servlet/trsolicitudadjuntos?2017,6359, HTTP/1.1" 200 5890
186.103.158.250 - - [18/May/2017:14:09:40 -0300] "GET /cormun/static/gxcfg.js?201731711504543 HTTP/1.1" 200 953
186.103.158.250 - - [18/May/2017:14:09:40 -0300] "GET /cormun/static/trsolicitudadjuntos.js?201731711504951 HTTP/1.1" 200 17913
186.103.159.182 - - [18/May/2017:14:09:41 -0300] "GET /cormun/servlet/permisogoce?0a949434ab62348312da4c1392e27532de4a2cbe3976268fac294e583acc250aff35670c7f19015165e7f1e222eaf45c,gx-no-cache=1495127438895 HTTP/1.1" 200 68
186.103.158.250 - - [18/May/2017:14:09:41 -0300] "GET /cormun/servlet/trsolicitudadjuntos?2017,6359, HTTP/1.1" 200 5890
186.103.159.182 - - [18/May/2017:14:09:41 -0300] "GET /cormun/static/menuarrow.gif HTTP/1.1" 404 1015
186.103.158.250 - - [18/May/2017:14:09:44 -0300] "GET /cormun/servlet/solicitudotadjuntos?INS,2017,6359,,1, HTTP/1.1" 200 5829
186.103.158.250 - - [18/May/2017:14:09:44 -0300] "GET /cormun/static/gxcfg.js?201612218465951 HTTP/1.1" 200 953
186.103.158.250 - - [18/May/2017:14:09:44 -0300] "GET /cormun/static/solicitudotadjuntos.js?201612218465969 HTTP/1.1" 200 11762
186.103.158.250 - - [18/May/2017:14:09:44 -0300] "GET /cormun/static/about:blank HTTP/1.1" 404 1011
186.103.158.250 - - [18/May/2017:14:09:45 -0300] "GET /cormun/servlet/solicitudotadjuntos?INS,2017,6359,,1, HTTP/1.1" 200 5823
186.103.158.250 - - [18/May/2017:14:09:45 -0300] "GET /cormun/servlet/solicitudotadjuntos?34778b656579c0a02cb5aab4c371dfafad2c61d09882f88928ee0b34aea9e2c7f5457b4010a0dc36495eeb518540d384,gx-no-cache=1495127687997 HTTP/1.1" 200 30
186.103.158.250 - - [18/May/2017:14:09:45 -0300] "POST /cormun/servlet/solicitudotadjuntos?bbc8684d900e9376ea61018877135e2d,INS,2017,6359,,1,,gx-no-cache=1495127688039 HTTP/1.1" 200 3642
186.103.159.182 - - [18/May/2017:14:09:48 -0300] "GET /cormun/servlet/permisogoce?0a949434ab62348312da4c1392e275328cef30366e645b1ee40c4554d5982e3b5748c7eb43f830cff9ff1c015ccf2e22b5f1ad30d419b2161b7b92a1342259d0,gx-no-cache=1495127446005 HTTP/1.1" 200 48
186.103.158.250 - - [18/May/2017:14:09:49 -0300] "POST /cormun/servlet/solicitudotadjuntos?bbc8684d900e9376ea61018877135e2d,INS,2017,6359,,1,,gx-no-cache=1495127691689 HTTP/1.1" 200 93
186.103.158.250 - - [18/May/2017:14:09:49 -0300] "GET /cormun/servlet/hpexe_return? HTTP/1.1" 200 1026
186.103.158.250 - - [18/May/2017:14:09:49 -0300] "GET /cormun/servlet/trsolicitudadjuntos?2017,6359, HTTP/1.1" 200 5894
186.103.158.250 - - [18/May/2017:14:09:50 -0300] "GET /cormun/servlet/trsolicitudadjuntos?2017,6359, HTTP/1.1" 200 5890
186.103.158.250 - - [18/May/2017:14:09:54 -0300] "GET /cormun/servlet/solicitudotadjuntos?INS,2017,6359,,1, HTTP/1.1" 200 5828
186.103.158.250 - - [18/May/2017:14:09:55 -0300] "GET /cormun/servlet/solicitudotadjuntos?INS,2017,6359,,1, HTTP/1.1" 200 5822
186.103.158.250 - - [18/May/2017:14:09:55 -0300] "GET /cormun/servlet/solicitudotadjuntos?34778b656579c0a02cb5aab4c371dfafad2c61d09882f88928ee0b34aea9e2c7f5457b4010a0dc36495eeb518540d384,gx-no-cache=1495127698110 HTTP/1.1" 200 30
186.103.158.250 - - [18/May/2017:14:09:56 -0300] "POST /cormun/servlet/solicitudotadjuntos?bbc8684d900e9376ea61018877135e2d,INS,2017,6359,,1,,gx-no-cache=1495127698174 HTTP/1.1" 200 3642
186.103.158.250 - - [18/May/2017:14:09:59 -0300] "GET /cormun/servlet/trsolicitudadjuntos?2017,6359, HTTP/1.1" 200 5890
186.103.158.250 - - [18/May/2017:14:10:00 -0300] "GET /cormun/servlet/trsolicitudadjuntos?2017,6359, HTTP/1.1" 200 5890
186.103.159.182 - - [18/May/2017:14:10:01 -0300] "POST /cormun/servlet/permisogoce?0fe090b93f907cc5930e332aad726abf,INS,0,,,,gx-no-cache=1495127458640 HTTP/1.1" 200 93
186.103.159.182 - - [18/May/2017:14:10:01 -0300] "GET /cormun/servlet/hpexe_return? HTTP/1.1" 200 1009
186.103.159.182 - - [18/May/2017:14:10:01 -0300] "GET /cormun/servlet/trpermisosgoce HTTP/1.1" 200 7924
186.103.159.182 - - [18/May/2017:14:10:02 -0300] "GET /cormun/servlet/trpermisosgoce HTTP/1.1" 200 7920
186.103.158.250 - - [18/May/2017:14:10:03 -0300] "GET /cormun/servlet/trsolicitudot HTTP/1.1" 200 8722
186.103.159.230 - - [18/May/2017:14:10:04 -0300] "GET /cormun/servlet/solicitudot?2cd3c96819c2d6f2a4e650a710516218df9d468b5109ae596215c9fcfed8032f923f99ed93958d66e074a3193468240a4eae527d56af77c5da9e8a6e9700e489b46d7b0cd96e4e54f420159a63656dc12823075d394555de9760dacab1780fc38eec39bd67749fb01054c542189fbd36,gx-no-cache=1495127459847 HTTP/1.1" 200 29
186.103.159.230 - - [18/May/2017:14:10:04 -0300] "POST /cormun/servlet/solicitudot?gx-no-cache=1495127459904 HTTP/1.1" 200 708
186.103.159.230 - - [18/May/2017:14:10:04 -0300] "POST /cormun/servlet/solicitudot?gx-no-cache=1495127459953 HTTP/1.1" 200 585
186.103.159.230 - - [18/May/2017:14:10:04 -0300] "GET /cormun/static/menuarrow.gif HTTP/1.1" 404 1015
186.103.158.250 - - [18/May/2017:14:10:04 -0300] "GET /cormun/servlet/trsolicitudot HTTP/1.1" 200 8718
186.103.159.182 - - [18/May/2017:14:10:14 -0300] "GET /cormun/servlet/apermisogoceprn?9651124,P,20170518140922,PU HTTP/1.1" 200 1674
186.103.159.230 - - [18/May/2017:14:10:18 -0300] "POST /cormun/servlet/solicitudot?gx-no-cache=1495127474312 HTTP/1.1" 200 708
186.103.159.230 - - [18/May/2017:14:10:18 -0300] "POST /cormun/servlet/solicitudot?gx-no-cache=1495127474367 HTTP/1.1" 200 585
186.103.158.250 - - [18/May/2017:14:10:19 -0300] "POST /cormun/servlet/trsolicitudot?bbc8684d900e9376ea61018877135e2d,gx-no-cache=1495127722002 HTTP/1.1" 200 5671
186.103.158.250 - - [18/May/2017:14:10:20 -0300] "GET /cormun/static/Shared/jqueryui/images/ui-bg_highlight-soft_100_c6c2c8_1x100.png HTTP/1.1" 404 1117
186.103.158.250 - - [18/May/2017:14:10:20 -0300] "GET /cormun/static/Shared/jqueryui/images/ui-icons_82798d_256x240.png HTTP/1.1" 404 1089
186.103.158.250 - - [18/May/2017:14:10:20 -0300] "GET /cormun/static/Shared/jqueryui/images/ui-bg_flat_55_fafafa_40x100.png HTTP/1.1" 404 1097
186.103.158.250 - - [18/May/2017:14:10:20 -0300] "GET /cormun/static/Shared/jqueryui/images/ui-icons_8d78a5_256x240.png HTTP/1.1" 404 1089
186.103.158.250 - - [18/May/2017:14:10:20 -0300] "POST /cormun/servlet/trsolicitudot?bbc8684d900e9376ea61018877135e2d,gx-no-cache=1495127722403 HTTP/1.1" 200 5613
186.103.158.250 - - [18/May/2017:14:10:26 -0300] "POST /cormun/servlet/trsolicitudot?bbc8684d900e9376ea61018877135e2d,gx-no-cache=1495127728145 HTTP/1.1" 200 5224
186.103.158.250 - - [18/May/2017:14:10:26 -0300] "POST /cormun/servlet/trsolicitudot?bbc8684d900e9376ea61018877135e2d,gx-no-cache=1495127728471 HTTP/1.1" 200 5165
186.103.158.250 - - [18/May/2017:14:10:41 -0300] "GET /cormun/servlet/hlogin HTTP/1.1" 200 1723
186.103.159.182 - - [18/May/2017:14:10:44 -0300] "GET /cormun/servlet/apermisogoceprn?9651124,P,20170518141008,PU HTTP/1.1" 200 1669
186.103.158.250 - - [18/May/2017:14:11:05 -0300] "POST /cormun/servlet/hlogin?bbc8684d900e9376ea61018877135e2d,gx-no-cache=1495127767778 HTTP/1.1" 200 90
186.103.158.250 - - [18/May/2017:14:11:05 -0300] "GET /cormun/servlet/hpexe_link HTTP/1.1" 200 953
186.103.158.250 - - [18/May/2017:14:11:05 -0300] "GET /cormun/servlet/hhome HTTP/1.1" 200 3974
186.103.158.250 - - [18/May/2017:14:11:07 -0300] "GET /cormun/servlet/hhome HTTP/1.1" 200 3971
186.103.158.250 - - [18/May/2017:14:11:07 -0300] "GET /cormun/static/SmoothNavMenu/resources/images/right.gif HTTP/1.1" 200 860
186.103.159.230 - - [18/May/2017:14:11:27 -0300] "GET /cormun/servlet/solicitudot?2cd3c96819c2d6f2a4e650a710516218b47d3694982995d13c16703d7936747e3534d6bf6dca55c2e305c9830dfcbb9d26b358e25809b915bd986eadc741cf2d011bb09e1133764159084db8985a715d1dee2717492bf8bd45c1fef3047368f5e0643ac29f62efc3a2199934b67cf2f6f9b50d7c463f83a4b9c347fb8d8cea79fca8767f25e8e61914c6a2949a8031b7d232e866ce23e4b24fe9348d50ba222ee88398a4659bd52fec1b56e45e640fe7,gx-no-cache=1495127542868 HTTP/1.1" 200 30
192.168.10.89 - - [18/May/2017:14:12:43 -0300] "GET /cormun/servlet/solicitudgral2?UPD,2017,6459, HTTP/1.1" 200 12407
192.168.10.89 - - [18/May/2017:14:12:44 -0300] "POST /cormun/servlet/solicitudgral2?gx-no-cache=1495127571638 HTTP/1.1" 200 3197
192.168.10.89 - - [18/May/2017:14:12:44 -0300] "GET /cormun/servlet/solicitudgral2?e4bfd22b83b0ad3cee76d92def1fcd5cb469c198dff1726cc49d4195f5b8a45daed405866db1a705da16ca3ce1894de6e6e37b532ca16d89fddd99236f5ddaad704fb18551e6158a3ec95720d32e4a0d6ab0ae632ededaf99715449ba8105742ecb8aca2fcb13ed4a47d636708ae22d03d59dcbe89d631f904e939bd8036e06da1e25155e3b0e2ea95de0d2255e7f2b23ea5cf86e971a7b042dd02b364237dc7ae2fb6f08c376cbe40100141c6c4073a6c4e2d2b8b38099688ada4b95b5b3afeecf3f1b858d867470f8ed34a1d24b759251ff021d336f889c5695d903e4ff7191d2bbe95e8e89f5cba130c43835906698fa0726872b930299d5c2d16794d2b77e6f5511a574b267b4bf15b61c3d1e720352abd21619d4b6ce70dd5d622b3831896ec764bd5aaebc04f01ea42aebb02458f388824e3b70264fd510f23887a4f6599dd83014b2f30638a87f9a84277fa7b,gx-no-cache=1495127571862 HTTP/1.1" 200 257
192.168.10.89 - - [18/May/2017:14:12:44 -0300] "POST /cormun/servlet/solicitudgral2?gx-no-cache=1495127571893 HTTP/1.1" 200 1360
192.168.10.89 - - [18/May/2017:14:12:44 -0300] "GET /cormun/servlet/solicitudgral2?e4bfd22b83b0ad3cee76d92def1fcd5ce33cd87ba7ff17764f132a122557fc5fe4e28bd23ad62216a787a6c0d28e5ff8e6e37b532ca16d89fddd99236f5ddaade932582c4e53b9c9a7a223f97e871226e574838e1bc837dbc7f2ba5df37023640a8c6aa505bf9f1763a7c00f482d050e,gx-no-cache=1495127571973 HTTP/1.1" 200 41
186.103.159.230 - - [18/May/2017:14:12:45 -0300] "GET /cormun/servlet/solicitudot?2cd3c96819c2d6f2a4e650a7105162188946281555abd3d6c0f658ad2fb321af9db5b8bd9901122f6bd7abdca97b9f73bec852345592476832a1aae17d2ba6ce5a6fca983d895bbbe61f7206cf4286bf40b8ef6082d955fa5c84f9efa69428d74e262d8eaa54f841b372da4e2c4a6fde99ad54b0466ff43d2ea0efd852487bcc73041cda677fd6257beb421c6c3bb01e0ae515053a854e4eb4c06751a16cf416abac80f4744088a887090b722f2c103512e85e24fb9be0dfa6f6dad2407fc72c720ba1060e9b913011e77a2a57d104e27d824e086f4ece3644ef0f8fdb963e818ba42844af84d010e56496c02198bfc33f77d0455c1aec111ce0b9333fa7c271d604a64373534f4fc974faedf53f0aab21e03e4ead03dfbef6d5abcd970d63fa05f670d99d471313258c82b060314bce407050fd6a2b462d391506573c5224f1d03380621b3310a1d03eddbed77d4afb590b23555b026c07e492480387e2ade769d076c312beb83859f087e290889a8bdf02841b3fbbb171a180fcfad020e7b10b6dcf1df17d00486c631728b92a9538,gx-no-cache=1495127621118 HTTP/1.1" 200 30
186.103.159.230 - - [18/May/2017:14:12:45 -0300] "POST /cormun/servlet/solicitudot?gx-no-cache=1495127621182 HTTP/1.1" 200 30
186.103.159.230 - - [18/May/2017:14:12:45 -0300] "POST /cormun/servlet/solicitudot?gx-no-cache=1495127621229 HTTP/1.1" 200 722
186.103.159.230 - - [18/May/2017:14:12:45 -0300] "POST /cormun/servlet/solicitudot?gx-no-cache=1495127621277 HTTP/1.1" 200 41
186.103.159.230 - - [18/May/2017:14:12:45 -0300] "POST /cormun/servlet/solicitudot?gx-no-cache=1495127621312 HTTP/1.1" 200 708
186.103.159.230 - - [18/May/2017:14:12:47 -0300] "POST /cormun/servlet/solicitudot?gx-no-cache=1495127623311 HTTP/1.1" 200 1162
192.168.10.89 - - [18/May/2017:14:12:50 -0300] "POST /cormun/servlet/solicitudgral2?75ca7c9d23f53ebba64e8eb4e251756b,UPD,2017,6459,,gx-no-cache=1495127577563 HTTP/1.1" 200 10639
192.168.10.89 - - [18/May/2017:14:12:51 -0300] "GET /cormun/servlet/solicitudgral2?e4bfd22b83b0ad3cee76d92def1fcd5c28d182a2aedb94e287c002de9e41ad14720f19eb7dbacab4a8c97ffb74fa19e3aa723a7d673fd53b573c3808a8f18a5df6426e439e01f0e8ef5991afb73f719a12429b2de687a4c16a1fc3097a4a147d6db875dd02bd147c3b449a93c8e7de2c336050e1b19d4f9f438df93be157a2039388d59d22461d8b9c8490e73414eaf60f99ac097ebffa093c31b77724da7aa0,gx-no-cache=1495127578390 HTTP/1.1" 200 29
192.168.10.89 - - [18/May/2017:14:12:51 -0300] "POST /cormun/servlet/solicitudgral2?gx-no-cache=1495127578421 HTTP/1.1" 200 1254
192.168.10.89 - - [18/May/2017:14:12:51 -0300] "POST /cormun/servlet/solicitudgral2?gx-no-cache=1495127578490 HTTP/1.1" 200 1159
192.168.10.89 - - [18/May/2017:14:12:52 -0300] "GET /cormun/servlet/solicitudgral2?e4bfd22b83b0ad3cee76d92def1fcd5c82d6fe546eeac1102edc042908cd5918c80ab02d3fb168fc50607b3d9a29a5e71580de083811914f092239dd269d7a6047035ff76bd3a407718c6f147eb32992705e3a1db78e17c2f67b30aea00f744d6aa47321977246e8e0d87ea8bc6a7b97598d08a5b971f4516e05e0d3f5239e88,gx-no-cache=1495127579615 HTTP/1.1" 200 30
192.168.10.89 - - [18/May/2017:14:12:58 -0300] "POST /cormun/servlet/solicitudgral2?75ca7c9d23f53ebba64e8eb4e251756b,UPD,2017,6459,,gx-no-cache=1495127585747 HTTP/1.1" 200 93
192.168.10.89 - - [18/May/2017:14:12:58 -0300] "GET /cormun/servlet/hpexe_return? HTTP/1.1" 200 1029
192.168.10.89 - - [18/May/2017:14:12:59 -0300] "GET /cormun/servlet/trsolicitudgral?gx-no-cache=1495127350940 HTTP/1.1" 200 8782
192.168.10.89 - - [18/May/2017:14:13:06 -0300] "POST /cormun/servlet/trsolicitudgral?75ca7c9d23f53ebba64e8eb4e251756b,gx-no-cache=1495127350940,gx-no-cache=1495127592985 HTTP/1.1" 200 17846
192.168.10.89 - - [18/May/2017:14:13:13 -0300] "POST /cormun/servlet/trsolicitudgral?75ca7c9d23f53ebba64e8eb4e251756b,gx-no-cache=1495127350940,gx-no-cache=1495127599918 HTTP/1.1" 200 17447
192.168.10.89 - - [18/May/2017:14:13:14 -0300] "GET /cormun/static/Shared/jqueryui/images/ui-bg_highlight-soft_100_c6c2c8_1x100.png HTTP/1.1" 404 1117
192.168.10.89 - - [18/May/2017:14:13:14 -0300] "GET /cormun/static/Shared/jqueryui/images/ui-icons_8d78a5_256x240.png HTTP/1.1" 404 1089
192.168.10.89 - - [18/May/2017:14:13:14 -0300] "GET /cormun/static/Shared/jqueryui/images/ui-bg_flat_55_fafafa_40x100.png HTTP/1.1" 404 1097
192.168.10.89 - - [18/May/2017:14:13:14 -0300] "GET /cormun/static/Shared/jqueryui/images/ui-icons_82798d_256x240.png HTTP/1.1" 404 1089
40.77.167.129 - - [18/May/2017:14:13:27 -0300] "GET /cormun/servlet/solicitudotadjuntos?INS,2017,5556,,2, HTTP/1.1" 200 5191
192.168.10.89 - - [18/May/2017:14:13:29 -0300] "POST /cormun/servlet/trsolicitudgral?75ca7c9d23f53ebba64e8eb4e251756b,gx-no-cache=1495127350940,gx-no-cache=1495127616895 HTTP/1.1" 200 5461
186.103.159.230 - - [18/May/2017:14:13:32 -0300] "GET /cormun/servlet/solicitudot?2cd3c96819c2d6f2a4e650a710516218b47d3694982995d13c16703d7936747e3534d6bf6dca55c2e305c9830dfcbb9d26b358e25809b915bd986eadc741cf2d011bb09e1133764159084db8985a715d1dee2717492bf8bd45c1fef3047368f5e0643ac29f62efc3a2199934b67cf2f6f9b50d7c463f83a4b9c347fb8d8cea79fca8767f25e8e61914c6a2949a8031b7d232e866ce23e4b24fe9348d50ba222ee88398a4659bd52fec1b56e45e640fe7,gx-no-cache=1495127668266 HTTP/1.1" 200 30
186.103.159.230 - - [18/May/2017:14:13:33 -0300] "POST /cormun/servlet/solicitudot?517a3af414191eb2dd137f64f6fc6aa4,INS,0,0,,gx-no-cache=1495127668324 HTTP/1.1" 200 93
186.103.159.230 - - [18/May/2017:14:13:33 -0300] "GET /cormun/servlet/hpexe_return? HTTP/1.1" 200 1006
186.103.159.230 - - [18/May/2017:14:13:33 -0300] "GET /cormun/static/Resources/Spanish/PXTools.css?167811 HTTP/1.1" 304 -
186.103.159.230 - - [18/May/2017:14:13:33 -0300] "GET /cormun/static/gxcfg.js?2016101716175148 HTTP/1.1" 304 -
186.103.159.230 - - [18/May/2017:14:13:33 -0300] "GET /cormun/static/hpexe_return.js?2016101716175153 HTTP/1.1" 304 -
186.103.159.230 - - [18/May/2017:14:13:33 -0300] "GET /cormun/servlet/trsolicitudot HTTP/1.1" 200 8184
186.103.159.230 - - [18/May/2017:14:13:33 -0300] "GET /cormun/servlet/trsolicitudot HTTP/1.1" 200 8179
186.103.158.250 - - [18/May/2017:14:13:34 -0300] "GET /cormun/servlet/trautorizarsolicitud? HTTP/1.1" 200 8463
192.168.10.89 - - [18/May/2017:14:13:36 -0300] "POST /cormun/servlet/trsolicitudgral?75ca7c9d23f53ebba64e8eb4e251756b,gx-no-cache=1495127350940,gx-no-cache=1495127624123 HTTP/1.1" 200 5462
192.168.10.89 - - [18/May/2017:14:13:40 -0300] "POST /cormun/servlet/trsolicitudgral?75ca7c9d23f53ebba64e8eb4e251756b,gx-no-cache=1495127350940,gx-no-cache=1495127628029 HTTP/1.1" 200 6749
157.55.12.80 - - [18/May/2017:14:13:46 -0300] "GET /cormun/static/trcontratounov2.js?2017317120150 HTTP/1.1" 200 38423
186.103.159.230 - - [18/May/2017:14:14:00 -0300] "GET /cormun/servlet/solicitudot?INS,0,0, HTTP/1.1" 200 12797
186.103.159.230 - - [18/May/2017:14:14:01 -0300] "GET /cormun/servlet/solicitudot?INS,0,0, HTTP/1.1" 200 12802
186.103.159.230 - - [18/May/2017:14:14:09 -0300] "GET /cormun/servlet/trsolicitudot HTTP/1.1" 200 8184
186.103.159.230 - - [18/May/2017:14:14:10 -0300] "GET /cormun/servlet/trsolicitudot HTTP/1.1" 200 8179
192.168.10.89 - - [18/May/2017:14:14:51 -0300] "POST /cormun/servlet/trsolicitudgral?75ca7c9d23f53ebba64e8eb4e251756b,gx-no-cache=1495127350940,gx-no-cache=1495127698953 HTTP/1.1" 200 105
192.168.10.89 - - [18/May/2017:14:14:51 -0300] "POST /cormun/servlet/trsolicitudgral?75ca7c9d23f53ebba64e8eb4e251756b,gx-no-cache=1495127350940,gx-no-cache=1495127699086 HTTP/1.1" 200 6731
192.168.10.89 - - [18/May/2017:14:14:52 -0300] "GET /cormun/SolicitudGral-8544.xls HTTP/1.1" 200 5632
186.103.158.250 - - [18/May/2017:14:15:25 -0300] "GET /cormun/servlet/trautorizarsolicitud? HTTP/1.1" 200 8450
186.103.158.250 - - [18/May/2017:14:15:25 -0300] "GET /cormun/static/gxui/gxui-all.css?120300 HTTP/1.1" 200 2179
186.103.158.250 - - [18/May/2017:14:15:25 -0300] "GET /cormun/static/gxcfg.js?2017259112829 HTTP/1.1" 200 953
186.103.158.250 - - [18/May/2017:14:15:25 -0300] "GET /cormun/static/trautorizarsolicitud.js?2017259113483 HTTP/1.1" 200 53096
186.103.158.250 - - [18/May/2017:14:15:25 -0300] "GET /cormun/static/Shared/ext/resources/css/ext-all.css?215870 HTTP/1.1" 200 416045
186.103.158.250 - - [18/May/2017:14:15:27 -0300] "GET /cormun/servlet/trautorizarsolicitud? HTTP/1.1" 200 8461
186.103.159.182 - - [18/May/2017:14:15:29 -0300] "GET /cormun/servlet/trpermisosadjuntos?9651124,20170518140922,P, HTTP/1.1" 200 6372
186.103.159.182 - - [18/May/2017:14:15:29 -0300] "GET /cormun/static/gxtimezone.js?85251 HTTP/1.1" 304 -
186.103.159.182 - - [18/May/2017:14:15:29 -0300] "GET /cormun/static/gxcfg.js?201731711542659 HTTP/1.1" 304 -
186.103.159.182 - - [18/May/2017:14:15:29 -0300] "GET /cormun/static/trpermisosadjuntos.js?201731711542990 HTTP/1.1" 304 -
186.103.159.182 - - [18/May/2017:14:15:31 -0300] "GET /cormun/servlet/trpermisosadjuntos?9651124,20170518140922,P, HTTP/1.1" 200 6372
186.103.159.182 - - [18/May/2017:14:15:32 -0300] "GET /cormun/servlet/permisosadjuntos?INS,9651124,P,20170518140922,, HTTP/1.1" 200 5703
186.103.159.182 - - [18/May/2017:14:15:32 -0300] "GET /cormun/static/gxcfg.js?201741111155774 HTTP/1.1" 200 953
186.103.159.182 - - [18/May/2017:14:15:32 -0300] "GET /cormun/static/permisosadjuntos.js?201741111155784 HTTP/1.1" 200 8724
186.103.159.182 - - [18/May/2017:14:15:33 -0300] "GET /cormun/static/about:blank HTTP/1.1" 404 1011
186.103.159.182 - - [18/May/2017:14:15:33 -0300] "GET /cormun/servlet/permisosadjuntos?INS,9651124,P,20170518140922,, HTTP/1.1" 200 5693
186.103.159.182 - - [18/May/2017:14:15:44 -0300] "POST /cormun/servlet/permisosadjuntos?0fe090b93f907cc5930e332aad726abf,INS,9651124,P,20170518140922,, HTTP/1.1" 200 116
186.103.159.182 - - [18/May/2017:14:15:44 -0300] "GET /cormun/servlet/hpexe_return? HTTP/1.1" 200 1035
186.103.159.182 - - [18/May/2017:14:15:45 -0300] "GET /cormun/servlet/trpermisosadjuntos?9651124,20170518140922,P, HTTP/1.1" 200 6820
186.103.159.182 - - [18/May/2017:14:15:46 -0300] "GET /cormun/servlet/trpermisosadjuntos?9651124,20170518140922,P, HTTP/1.1" 200 6819
186.103.159.182 - - [18/May/2017:14:15:49 -0300] "POST /cormun/servlet/trpermisosadjuntos?0fe090b93f907cc5930e332aad726abf,9651124,20170518140922,P,,gx-no-cache=1495127806717 HTTP/1.1" 200 90
186.103.159.182 - - [18/May/2017:14:15:49 -0300] "GET /cormun/servlet/hpexe_link HTTP/1.1" 200 982
186.103.159.182 - - [18/May/2017:14:15:49 -0300] "GET /cormun/servlet/trpermisosgoce HTTP/1.1" 200 7922
186.103.159.182 - - [18/May/2017:14:15:50 -0300] "GET /cormun/servlet/trpermisosgoce HTTP/1.1" 200 7920
46.174.191.30 - - [18/May/2017:14:15:51 -0300] "GET / HTTP/1.0" 200 11197
186.103.159.182 - - [18/May/2017:14:15:54 -0300] "GET /cormun/servlet/trpermisosadjuntos?9651124,20170518141008,P, HTTP/1.1" 200 6370
186.103.159.182 - - [18/May/2017:14:15:55 -0300] "GET /cormun/servlet/trpermisosadjuntos?9651124,20170518141008,P, HTTP/1.1" 200 6371
186.103.159.182 - - [18/May/2017:14:15:57 -0300] "GET /cormun/servlet/permisosadjuntos?INS,9651124,P,20170518141008,, HTTP/1.1" 200 5701
186.103.159.182 - - [18/May/2017:14:15:57 -0300] "GET /cormun/static/about:blank HTTP/1.1" 404 1011
186.103.159.182 - - [18/May/2017:14:15:58 -0300] "GET /cormun/servlet/permisosadjuntos?INS,9651124,P,20170518141008,, HTTP/1.1" 200 5691
186.103.159.182 - - [18/May/2017:14:16:06 -0300] "POST /cormun/servlet/permisosadjuntos?0fe090b93f907cc5930e332aad726abf,INS,9651124,P,20170518141008,, HTTP/1.1" 200 116
186.103.159.182 - - [18/May/2017:14:16:06 -0300] "GET /cormun/servlet/hpexe_return? HTTP/1.1" 200 1035
186.103.159.182 - - [18/May/2017:14:16:06 -0300] "GET /cormun/servlet/trpermisosadjuntos?9651124,20170518141008,P, HTTP/1.1" 200 6815
186.103.159.182 - - [18/May/2017:14:16:07 -0300] "GET /cormun/servlet/trpermisosadjuntos?9651124,20170518141008,P, HTTP/1.1" 200 6812
186.103.159.182 - - [18/May/2017:14:16:10 -0300] "POST /cormun/servlet/trpermisosadjuntos?0fe090b93f907cc5930e332aad726abf,9651124,20170518141008,P,,gx-no-cache=1495127827526 HTTP/1.1" 200 90
186.103.159.182 - - [18/May/2017:14:16:10 -0300] "GET /cormun/servlet/hpexe_link HTTP/1.1" 200 981
186.103.159.182 - - [18/May/2017:14:16:10 -0300] "GET /cormun/servlet/trpermisosgoce HTTP/1.1" 200 7922
186.103.159.182 - - [18/May/2017:14:16:11 -0300] "GET /cormun/servlet/trpermisosgoce HTTP/1.1" 200 7920
186.103.159.182 - - [18/May/2017:14:16:20 -0300] "POST /cormun/servlet/trpermisosgoce?0fe090b93f907cc5930e332aad726abf,gx-no-cache=1495127837267 HTTP/1.1" 200 4206
186.103.159.182 - - [18/May/2017:14:16:20 -0300] "GET /cormun/static/Shared/jqueryui/images/ui-bg_highlight-soft_100_c6c2c8_1x100.png HTTP/1.1" 404 1117
186.103.159.182 - - [18/May/2017:14:16:20 -0300] "GET /cormun/static/Shared/jqueryui/images/ui-icons_82798d_256x240.png HTTP/1.1" 404 1089
186.103.159.182 - - [18/May/2017:14:16:20 -0300] "GET /cormun/static/Shared/jqueryui/images/ui-icons_8d78a5_256x240.png HTTP/1.1" 404 1089
186.103.159.182 - - [18/May/2017:14:16:21 -0300] "GET /cormun/static/Shared/jqueryui/images/ui-bg_flat_55_fafafa_40x100.png HTTP/1.1" 404 1097
186.103.159.182 - - [18/May/2017:14:16:35 -0300] "GET /cormun/servlet/trautorizarpermisogoce? HTTP/1.1" 200 7831
186.103.159.182 - - [18/May/2017:14:16:35 -0300] "GET /cormun/static/gxcfg.js?20174111145711 HTTP/1.1" 200 953
186.103.159.182 - - [18/May/2017:14:16:35 -0300] "GET /cormun/static/trautorizarpermisogoce.js?201741111451072 HTTP/1.1" 200 32073
186.103.159.182 - - [18/May/2017:14:16:36 -0300] "GET /cormun/servlet/trautorizarpermisogoce? HTTP/1.1" 200 7831
186.103.159.182 - - [18/May/2017:14:16:43 -0300] "POST /cormun/servlet/trautorizarpermisogoce?0fe090b93f907cc5930e332aad726abf,,gx-no-cache=1495127860500 HTTP/1.1" 200 4192
186.103.159.182 - - [18/May/2017:14:16:43 -0300] "GET /cormun/static/Shared/jqueryui/images/ui-bg_highlight-soft_100_c6c2c8_1x100.png HTTP/1.1" 404 1117
186.103.159.182 - - [18/May/2017:14:16:43 -0300] "GET /cormun/static/Shared/jqueryui/images/ui-icons_82798d_256x240.png HTTP/1.1" 404 1089
186.103.159.182 - - [18/May/2017:14:16:43 -0300] "GET /cormun/static/Shared/jqueryui/images/ui-bg_flat_55_fafafa_40x100.png HTTP/1.1" 404 1097
186.103.159.182 - - [18/May/2017:14:16:43 -0300] "GET /cormun/static/Shared/jqueryui/images/ui-icons_8d78a5_256x240.png HTTP/1.1" 404 1089
186.79.84.205 - - [18/May/2017:14:17:17 -0300] "GET /cormun/servlet/hlogin HTTP/1.1" 200 1723
186.79.84.205 - - [18/May/2017:14:17:22 -0300] "POST /cormun/servlet/hlogin?dc5b09ecc9add3b0f426fcc8e039df26,gx-no-cache=1495127899964 HTTP/1.1" 200 90
186.79.84.205 - - [18/May/2017:14:17:22 -0300] "GET /cormun/servlet/hpexe_link HTTP/1.1" 200 952
186.79.84.205 - - [18/May/2017:14:17:22 -0300] "GET /cormun/servlet/hhome HTTP/1.1" 200 3811
186.79.84.205 - - [18/May/2017:14:17:22 -0300] "GET /cormun/static/hhome.js?20173171148352 HTTP/1.1" 304 -
186.79.84.205 - - [18/May/2017:14:17:22 -0300] "GET /cormun/static/hpexe_messagecontroller.js?201610171694323 HTTP/1.1" 304 -
186.79.84.205 - - [18/May/2017:14:17:22 -0300] "GET /cormun/static/hpexe_messagepopupcomponent.js?20161017169425 HTTP/1.1" 304 -
186.79.84.205 - - [18/May/2017:14:17:22 -0300] "GET /cormun/static/hpexe_messagegenexuscomponent.js?201731711335537 HTTP/1.1" 304 -
186.79.84.205 - - [18/May/2017:14:17:23 -0300] "GET /cormun/servlet/hhome HTTP/1.1" 200 3807
186.79.84.205 - - [18/May/2017:14:17:27 -0300] "GET /cormun/servlet/trlicencias? HTTP/1.1" 200 6651
186.79.84.205 - - [18/May/2017:14:17:28 -0300] "GET /cormun/servlet/trlicencias? HTTP/1.1" 200 6650
186.79.84.205 - - [18/May/2017:14:17:30 -0300] "GET /cormun/servlet/licenciaspermisos?INS,0,,, HTTP/1.1" 200 7199
186.79.84.205 - - [18/May/2017:14:17:31 -0300] "GET /cormun/servlet/licenciaspermisos?INS,0,,, HTTP/1.1" 200 7197
186.79.84.205 - - [18/May/2017:14:17:37 -0300] "GET /cormun/servlet/licenciaspermisos?233f3eae76f3222ba34c7097c95af79342df1e3c92cbe29bbd389505f1a4aacac18704f7262a007158a74e9516007863,gx-no-cache=1495127915002 HTTP/1.1" 200 61
186.79.84.205 - - [18/May/2017:14:17:37 -0300] "POST /cormun/servlet/licenciaspermisos?dc5b09ecc9add3b0f426fcc8e039df26,INS,0,,,,gx-no-cache=1495127915126 HTTP/1.1" 200 4432
186.103.159.182 - - [18/May/2017:14:17:38 -0300] "GET /cormun/servlet/trsolicitudot? HTTP/1.1" 200 6857
186.103.159.182 - - [18/May/2017:14:17:39 -0300] "GET /cormun/servlet/trsolicitudot? HTTP/1.1" 200 6857
186.79.84.205 - - [18/May/2017:14:18:12 -0300] "GET /cormun/static/menuarrow.gif HTTP/1.1" 404 1015
192.168.10.89 - - [18/May/2017:14:18:35 -0300] "POST /cormun/servlet/trsolicitudgral?75ca7c9d23f53ebba64e8eb4e251756b,gx-no-cache=1495127350940,gx-no-cache=1495127922305 HTTP/1.1" 200 5466
186.103.159.230 - - [18/May/2017:14:18:50 -0300] "POST /cormun/servlet/trsolicitudot?517a3af414191eb2dd137f64f6fc6aa4,gx-no-cache=1495127985560 HTTP/1.1" 200 5610
186.103.159.230 - - [18/May/2017:14:18:50 -0300] "GET /cormun/static/Shared/jqueryui/images/ui-bg_highlight-soft_100_c6c2c8_1x100.png HTTP/1.1" 404 1117
186.103.159.230 - - [18/May/2017:14:18:50 -0300] "GET /cormun/static/Shared/jqueryui/images/ui-icons_82798d_256x240.png HTTP/1.1" 404 1089
186.103.159.230 - - [18/May/2017:14:18:50 -0300] "GET /cormun/static/Shared/jqueryui/images/ui-bg_flat_55_fafafa_40x100.png HTTP/1.1" 404 1097
186.103.159.230 - - [18/May/2017:14:18:50 -0300] "GET /cormun/static/Shared/jqueryui/images/ui-icons_8d78a5_256x240.png HTTP/1.1" 404 1089
186.103.159.230 - - [18/May/2017:14:19:03 -0300] "POST /cormun/servlet/trsolicitudot?517a3af414191eb2dd137f64f6fc6aa4,gx-no-cache=1495127998587 HTTP/1.1" 200 107
186.103.159.230 - - [18/May/2017:14:19:03 -0300] "GET /cormun/servlet/trsolicitudadjuntos?2017,6463, HTTP/1.1" 200 6082
186.103.159.230 - - [18/May/2017:14:19:03 -0300] "GET /cormun/static/gxcfg.js?201731711504543 HTTP/1.1" 200 953
186.103.159.230 - - [18/May/2017:14:19:03 -0300] "GET /cormun/static/trsolicitudadjuntos.js?201731711504951 HTTP/1.1" 304 -
186.103.159.230 - - [18/May/2017:14:19:03 -0300] "GET /cormun/servlet/trsolicitudadjuntos?2017,6463, HTTP/1.1" 200 6082
186.103.159.230 - - [18/May/2017:14:19:11 -0300] "GET /cormun/servlet/solicitudotadjuntos?INS,2017,6463,,1, HTTP/1.1" 200 6019
186.103.159.230 - - [18/May/2017:14:19:11 -0300] "GET /cormun/static/solicitudotadjuntos.js?201612218465969 HTTP/1.1" 200 11762
186.103.159.230 - - [18/May/2017:14:19:11 -0300] "GET /cormun/static/gxcfg.js?201612218465951 HTTP/1.1" 200 953
186.103.159.230 - - [18/May/2017:14:19:11 -0300] "GET /cormun/static/about:blank HTTP/1.1" 404 1011
186.103.159.230 - - [18/May/2017:14:19:12 -0300] "GET /cormun/servlet/solicitudotadjuntos?INS,2017,6463,,1, HTTP/1.1" 200 6014
192.168.10.89 - - [18/May/2017:14:19:12 -0300] "POST /cormun/servlet/trsolicitudgral?75ca7c9d23f53ebba64e8eb4e251756b,gx-no-cache=1495127350940,gx-no-cache=1495127959377 HTTP/1.1" 200 8546
186.103.159.230 - - [18/May/2017:14:19:12 -0300] "GET /cormun/servlet/solicitudotadjuntos?2cd3c96819c2d6f2a4e650a710516218d4fdee554c115222fc68254443abcdf279ab66fc58ab1240a6ee43b8a1db1f3c,gx-no-cache=1495128007944 HTTP/1.1" 200 30
186.103.159.230 - - [18/May/2017:14:19:12 -0300] "POST /cormun/servlet/solicitudotadjuntos?517a3af414191eb2dd137f64f6fc6aa4,INS,2017,6463,,1,,gx-no-cache=1495128007975 HTTP/1.1" 200 3823
186.103.159.230 - - [18/May/2017:14:19:18 -0300] "POST /cormun/servlet/solicitudotadjuntos?gx-no-cache=1495128013477 HTTP/1.1" 200 26
186.103.159.230 - - [18/May/2017:14:20:17 -0300] "GET /cormun/servlet/solicitudotadjuntos?2cd3c96819c2d6f2a4e650a71051621826786c0d6c26d1bc2917441aacd46b3e,gx-no-cache=1495128072622 HTTP/1.1" 200 30
186.103.159.230 - - [18/May/2017:14:20:17 -0300] "GET /cormun/servlet/solicitudotadjuntos?2cd3c96819c2d6f2a4e650a71051621826786c0d6c26d1bc2917441aacd46b3e,gx-no-cache=1495128072741 HTTP/1.1" 200 30
186.103.159.230 - - [18/May/2017:14:20:18 -0300] "POST /cormun/servlet/solicitudotadjuntos?517a3af414191eb2dd137f64f6fc6aa4,INS,2017,6463,,1, HTTP/1.1" 200 116
186.103.159.230 - - [18/May/2017:14:20:18 -0300] "GET /cormun/servlet/hpexe_return? HTTP/1.1" 200 1025
186.103.159.230 - - [18/May/2017:14:20:18 -0300] "GET /cormun/servlet/trsolicitudadjuntos?2017,6463, HTTP/1.1" 200 8241
186.103.159.230 - - [18/May/2017:14:20:19 -0300] "GET /cormun/servlet/trsolicitudadjuntos?2017,6463, HTTP/1.1" 200 8237
186.103.159.230 - - [18/May/2017:14:20:42 -0300] "GET /cormun/servlet/solicitudotadjuntos?INS,2017,6463,,1, HTTP/1.1" 200 6020
186.103.159.230 - - [18/May/2017:14:20:43 -0300] "GET /cormun/static/about:blank HTTP/1.1" 404 1011
186.103.159.230 - - [18/May/2017:14:20:43 -0300] "GET /cormun/servlet/solicitudotadjuntos?INS,2017,6463,,1, HTTP/1.1" 200 6015
186.103.159.230 - - [18/May/2017:14:20:43 -0300] "GET /cormun/servlet/solicitudotadjuntos?2cd3c96819c2d6f2a4e650a710516218d4fdee554c115222fc68254443abcdf279ab66fc58ab1240a6ee43b8a1db1f3c,gx-no-cache=1495128099131 HTTP/1.1" 200 30
186.103.159.230 - - [18/May/2017:14:20:43 -0300] "POST /cormun/servlet/solicitudotadjuntos?517a3af414191eb2dd137f64f6fc6aa4,INS,2017,6463,,1,,gx-no-cache=1495128099164 HTTP/1.1" 200 3823
186.103.159.230 - - [18/May/2017:14:20:56 -0300] "POST /cormun/servlet/solicitudotadjuntos?gx-no-cache=1495128111658 HTTP/1.1" 200 26
186.103.159.230 - - [18/May/2017:14:21:16 -0300] "GET /cormun/servlet/solicitudotadjuntos?2cd3c96819c2d6f2a4e650a71051621826786c0d6c26d1bc2917441aacd46b3e,gx-no-cache=1495128131558 HTTP/1.1" 200 30
186.103.159.230 - - [18/May/2017:14:21:16 -0300] "GET /cormun/servlet/solicitudotadjuntos?2cd3c96819c2d6f2a4e650a71051621826786c0d6c26d1bc2917441aacd46b3e,gx-no-cache=1495128131579 HTTP/1.1" 200 30
186.103.159.230 - - [18/May/2017:14:21:16 -0300] "POST /cormun/servlet/solicitudotadjuntos?517a3af414191eb2dd137f64f6fc6aa4,INS,2017,6463,,1, HTTP/1.1" 200 116
186.103.159.230 - - [18/May/2017:14:21:16 -0300] "GET /cormun/servlet/hpexe_return? HTTP/1.1" 200 1025
186.103.159.230 - - [18/May/2017:14:21:16 -0300] "GET /cormun/servlet/trsolicitudadjuntos?2017,6463, HTTP/1.1" 200 8430
186.103.159.230 - - [18/May/2017:14:21:17 -0300] "GET /cormun/servlet/trsolicitudadjuntos?2017,6463, HTTP/1.1" 200 8429
186.103.159.230 - - [18/May/2017:14:21:24 -0300] "GET /cormun/servlet/solicitudotadjuntos?INS,2017,6463,,1, HTTP/1.1" 200 6019
186.103.159.230 - - [18/May/2017:14:21:25 -0300] "GET /cormun/static/about:blank HTTP/1.1" 404 1011
186.103.159.230 - - [18/May/2017:14:21:25 -0300] "GET /cormun/servlet/solicitudotadjuntos?INS,2017,6463,,1, HTTP/1.1" 200 6014
186.103.159.230 - - [18/May/2017:14:21:25 -0300] "GET /cormun/servlet/solicitudotadjuntos?2cd3c96819c2d6f2a4e650a710516218d4fdee554c115222fc68254443abcdf279ab66fc58ab1240a6ee43b8a1db1f3c,gx-no-cache=1495128141227 HTTP/1.1" 200 30
186.103.159.230 - - [18/May/2017:14:21:25 -0300] "POST /cormun/servlet/solicitudotadjuntos?517a3af414191eb2dd137f64f6fc6aa4,INS,2017,6463,,1,,gx-no-cache=1495128141275 HTTP/1.1" 200 3824
186.103.159.230 - - [18/May/2017:14:21:32 -0300] "POST /cormun/servlet/solicitudotadjuntos?gx-no-cache=1495128148435 HTTP/1.1" 200 26
186.103.159.230 - - [18/May/2017:14:22:10 -0300] "GET /cormun/servlet/solicitudotadjuntos?2cd3c96819c2d6f2a4e650a71051621826786c0d6c26d1bc2917441aacd46b3e,gx-no-cache=1495128185897 HTTP/1.1" 200 30
186.103.159.230 - - [18/May/2017:14:22:10 -0300] "GET /cormun/servlet/solicitudotadjuntos?2cd3c96819c2d6f2a4e650a71051621826786c0d6c26d1bc2917441aacd46b3e,gx-no-cache=1495128185940 HTTP/1.1" 200 30
186.103.159.230 - - [18/May/2017:14:22:10 -0300] "POST /cormun/servlet/solicitudotadjuntos?517a3af414191eb2dd137f64f6fc6aa4,INS,2017,6463,,1, HTTP/1.1" 200 116
186.103.159.230 - - [18/May/2017:14:22:10 -0300] "GET /cormun/servlet/hpexe_return? HTTP/1.1" 200 1025
186.103.159.230 - - [18/May/2017:14:22:11 -0300] "GET /cormun/servlet/trsolicitudadjuntos?2017,6463, HTTP/1.1" 200 8595
186.103.159.230 - - [18/May/2017:14:22:11 -0300] "GET /cormun/servlet/trsolicitudadjuntos?2017,6463, HTTP/1.1" 200 8590
157.55.39.93 - - [18/May/2017:14:22:24 -0300] "GET /cormun/servlet/solicitudotadjuntos?INS,2017,5812,,1,&_escaped_fragment_= HTTP/1.1" 200 5058
186.103.159.230 - - [18/May/2017:14:22:25 -0300] "GET /cormun/servlet/solicitudotadjuntos?INS,2017,6463,,1, HTTP/1.1" 200 6019
186.103.159.230 - - [18/May/2017:14:22:25 -0300] "GET /cormun/static/about:blank HTTP/1.1" 404 1011
186.103.159.230 - - [18/May/2017:14:22:26 -0300] "GET /cormun/servlet/solicitudotadjuntos?INS,2017,6463,,1, HTTP/1.1" 200 6013
186.103.159.230 - - [18/May/2017:14:22:26 -0300] "GET /cormun/servlet/solicitudotadjuntos?2cd3c96819c2d6f2a4e650a710516218d4fdee554c115222fc68254443abcdf279ab66fc58ab1240a6ee43b8a1db1f3c,gx-no-cache=1495128202116 HTTP/1.1" 200 30
186.103.159.230 - - [18/May/2017:14:22:26 -0300] "POST /cormun/servlet/solicitudotadjuntos?517a3af414191eb2dd137f64f6fc6aa4,INS,2017,6463,,1,,gx-no-cache=1495128202201 HTTP/1.1" 200 3822
186.103.159.230 - - [18/May/2017:14:22:39 -0300] "POST /cormun/servlet/solicitudotadjuntos?gx-no-cache=1495128214928 HTTP/1.1" 200 26
186.79.84.205 - - [18/May/2017:14:22:48 -0300] "GET /cormun/servlet/licenciaspermisos?233f3eae76f3222ba34c7097c95af7931949982fc3e9ccc48983e8278034355edc9e7adf8a633cfcdce249a37d6cceb796c384054b6d359bfbb1cca7d214dcdde8bd17a93ddfcc1b1752a83911003a3fc0ee02a4317c1638bdaed5cc34191b937d4d92b0e98a6998be03380bfeb009d7f91b26a2427ae6f56e0faba709c23c70980193abf795d199d41999b7fd0a9fdbc5a5e8148afcacdce65fcb5debcbdf3a6a82d90d676fedf04a2c6d7b2ef3bed2,gx-no-cache=1495128226621 HTTP/1.1" 200 30
186.79.84.205 - - [18/May/2017:14:22:49 -0300] "GET /cormun/servlet/licenciaspermisos?233f3eae76f3222ba34c7097c95af7931c32cff12a7e464b258086e303b8463f4ce377900ae8041e2480f56e6f1993d2406e96de522ebfdd313dd66c1f132f9c2c4406bd52994c8da3ea842eef247e52d0672e61ed91209fe996aeed9d8c12933e356ed212a10de29c1c0f26b69ecbb3f5482cf8b9d7fdd171ec3bfe55be3859c529152593f1a88bafce3dacc016effd53a27f4748e86ad10ef6d65a3dd9c29af26ed545803abc321a89e91a4336e9da,gx-no-cache=1495128226794 HTTP/1.1" 200 29
186.79.84.205 - - [18/May/2017:14:22:49 -0300] "POST /cormun/servlet/licenciaspermisos?dc5b09ecc9add3b0f426fcc8e039df26,INS,0,,,,gx-no-cache=1495128226896 HTTP/1.1" 200 93
186.79.84.205 - - [18/May/2017:14:22:49 -0300] "GET /cormun/servlet/hpexe_return? HTTP/1.1" 200 1011
186.79.84.205 - - [18/May/2017:14:22:50 -0300] "GET /cormun/servlet/trlicencias HTTP/1.1" 200 7832
186.79.84.205 - - [18/May/2017:14:22:51 -0300] "GET /cormun/servlet/trlicencias HTTP/1.1" 200 7828
186.79.84.205 - - [18/May/2017:14:22:52 -0300] "GET /cormun/servlet/trlicenciaspermisosadjuntos?17503006,20170518000000,L, HTTP/1.1" 200 6157
186.79.84.205 - - [18/May/2017:14:22:53 -0300] "GET /cormun/static/trlicenciaspermisosadjuntos.js?20173171154971 HTTP/1.1" 304 -
186.79.84.205 - - [18/May/2017:14:22:53 -0300] "GET /cormun/servlet/trlicenciaspermisosadjuntos?17503006,20170518000000,L, HTTP/1.1" 200 6157
186.79.84.205 - - [18/May/2017:14:22:55 -0300] "GET /cormun/servlet/licenciaspermisosadjuntos?INS,17503006,L,20170518000000,, HTTP/1.1" 200 5453
186.79.84.205 - - [18/May/2017:14:22:55 -0300] "GET /cormun/static/licenciaspermisosadjuntos.js?201731711421181 HTTP/1.1" 304 -
186.79.84.205 - - [18/May/2017:14:22:55 -0300] "GET /cormun/static/about:blank HTTP/1.1" 404 1011
186.79.84.205 - - [18/May/2017:14:22:56 -0300] "GET /cormun/servlet/licenciaspermisosadjuntos?INS,17503006,L,20170518000000,, HTTP/1.1" 200 5443
186.103.159.230 - - [18/May/2017:14:22:56 -0300] "GET /cormun/servlet/solicitudotadjuntos?2cd3c96819c2d6f2a4e650a71051621826786c0d6c26d1bc2917441aacd46b3e,gx-no-cache=1495128231620 HTTP/1.1" 200 30
186.103.159.230 - - [18/May/2017:14:22:56 -0300] "GET /cormun/servlet/solicitudotadjuntos?2cd3c96819c2d6f2a4e650a71051621826786c0d6c26d1bc2917441aacd46b3e,gx-no-cache=1495128232030 HTTP/1.1" 200 30
186.103.159.230 - - [18/May/2017:14:22:57 -0300] "POST /cormun/servlet/solicitudotadjuntos?517a3af414191eb2dd137f64f6fc6aa4,INS,2017,6463,,1, HTTP/1.1" 200 6071
186.103.159.230 - - [18/May/2017:14:22:57 -0300] "GET /home/sistema/apache-tomcat-7.0.65/webapps/cormun/PrivateTempStorage/upload_00000382.pdf HTTP/1.1" 404 1135
186.103.159.230 - - [18/May/2017:14:22:57 -0300] "GET /home/sistema/apache-tomcat-7.0.65/webapps/cormun/PrivateTempStorage/upload_00000382.pdf HTTP/1.1" 404 1135
186.103.159.230 - - [18/May/2017:14:22:57 -0300] "GET /cormun/static/Shared/jqueryui/images/ui-bg_highlight-soft_100_c6c2c8_1x100.png HTTP/1.1" 404 1117
186.103.159.230 - - [18/May/2017:14:22:57 -0300] "GET /cormun/static/Shared/jqueryui/images/ui-icons_82798d_256x240.png HTTP/1.1" 404 1089
186.103.159.230 - - [18/May/2017:14:22:57 -0300] "GET /cormun/static/Shared/jqueryui/images/ui-bg_flat_55_994d53_40x100.png HTTP/1.1" 404 1097
186.103.159.230 - - [18/May/2017:14:22:57 -0300] "GET /cormun/static/Shared/jqueryui/images/ui-icons_ebccce_256x240.png HTTP/1.1" 404 1089
186.103.159.230 - - [18/May/2017:14:22:57 -0300] "GET /cormun/PrivateTempStorage/upload_00000382.pdf HTTP/1.1" 200 40960
186.103.159.230 - - [18/May/2017:14:22:57 -0300] "GET /cormun/PrivateTempStorage/upload_00000382.pdf HTTP/1.1" 200 201646
186.103.159.230 - - [18/May/2017:14:23:14 -0300] "POST /cormun/servlet/solicitudotadjuntos?gx-no-cache=1495128250364 HTTP/1.1" 200 26
186.103.159.230 - - [18/May/2017:14:23:19 -0300] "GET /cormun/servlet/solicitudotadjuntos?2cd3c96819c2d6f2a4e650a710516218cefecbe603db363a28df0a32c994e19a0b6dcf1df17d00486c631728b92a9538,gx-no-cache=1495128254860 HTTP/1.1" 200 30
186.103.159.230 - - [18/May/2017:14:23:19 -0300] "GET /cormun/servlet/solicitudotadjuntos?2cd3c96819c2d6f2a4e650a7105162182a842770bd131020f0c2ddef7e5f6c0f0b6dcf1df17d00486c631728b92a9538,gx-no-cache=1495128254893 HTTP/1.1" 200 30
186.103.159.230 - - [18/May/2017:14:23:19 -0300] "POST /cormun/servlet/solicitudotadjuntos?517a3af414191eb2dd137f64f6fc6aa4,INS,2017,6463,,1, HTTP/1.1" 200 116
186.103.159.230 - - [18/May/2017:14:23:19 -0300] "GET /cormun/servlet/hpexe_return? HTTP/1.1" 200 1025
186.103.159.230 - - [18/May/2017:14:23:20 -0300] "GET /cormun/servlet/trsolicitudadjuntos?2017,6463, HTTP/1.1" 200 8728
186.103.159.230 - - [18/May/2017:14:23:20 -0300] "GET /cormun/servlet/trsolicitudadjuntos?2017,6463, HTTP/1.1" 200 8728
186.103.159.230 - - [18/May/2017:14:23:37 -0300] "GET /cormun/servlet/solicitudotadjuntos?INS,2017,6463,,1, HTTP/1.1" 200 6018
186.103.159.230 - - [18/May/2017:14:23:37 -0300] "GET /cormun/static/about:blank HTTP/1.1" 404 1011
186.103.159.230 - - [18/May/2017:14:23:37 -0300] "GET /cormun/servlet/solicitudotadjuntos?INS,2017,6463,,1, HTTP/1.1" 200 6013
186.103.159.230 - - [18/May/2017:14:23:38 -0300] "GET /cormun/servlet/solicitudotadjuntos?2cd3c96819c2d6f2a4e650a710516218d4fdee554c115222fc68254443abcdf279ab66fc58ab1240a6ee43b8a1db1f3c,gx-no-cache=1495128273670 HTTP/1.1" 200 30
186.103.159.230 - - [18/May/2017:14:23:38 -0300] "POST /cormun/servlet/solicitudotadjuntos?517a3af414191eb2dd137f64f6fc6aa4,INS,2017,6463,,1,,gx-no-cache=1495128273703 HTTP/1.1" 200 3822
186.79.84.205 - - [18/May/2017:14:23:53 -0300] "POST /cormun/servlet/licenciaspermisosadjuntos?dc5b09ecc9add3b0f426fcc8e039df26,INS,17503006,L,20170518000000,, HTTP/1.1" 200 116
186.79.84.205 - - [18/May/2017:14:23:54 -0300] "GET /cormun/servlet/hpexe_return? HTTP/1.1" 200 1041
186.79.84.205 - - [18/May/2017:14:23:54 -0300] "GET /cormun/servlet/trlicenciaspermisosadjuntos?17503006,20170518000000,L, HTTP/1.1" 200 6643
186.79.84.205 - - [18/May/2017:14:23:56 -0300] "GET /cormun/servlet/trlicenciaspermisosadjuntos?17503006,20170518000000,L, HTTP/1.1" 200 6640
186.79.84.205 - - [18/May/2017:14:24:00 -0300] "POST /cormun/servlet/trlicenciaspermisosadjuntos?dc5b09ecc9add3b0f426fcc8e039df26,17503006,20170518000000,L,,gx-no-cache=1495128297546 HTTP/1.1" 200 90
186.79.84.205 - - [18/May/2017:14:24:00 -0300] "GET /cormun/servlet/hpexe_link HTTP/1.1" 200 985
186.79.84.205 - - [18/May/2017:14:24:00 -0300] "GET /cormun/servlet/trlicencias HTTP/1.1" 200 7830
186.79.84.205 - - [18/May/2017:14:24:01 -0300] "GET /cormun/servlet/trlicencias HTTP/1.1" 200 7828
186.103.159.230 - - [18/May/2017:14:24:01 -0300] "POST /cormun/servlet/solicitudotadjuntos?gx-no-cache=1495128296472 HTTP/1.1" 200 26
186.103.159.230 - - [18/May/2017:14:24:09 -0300] "GET /cormun/servlet/solicitudotadjuntos?2cd3c96819c2d6f2a4e650a71051621826786c0d6c26d1bc2917441aacd46b3e,gx-no-cache=1495128305251 HTTP/1.1" 200 30
186.103.159.230 - - [18/May/2017:14:24:09 -0300] "GET /cormun/servlet/solicitudotadjuntos?2cd3c96819c2d6f2a4e650a71051621826786c0d6c26d1bc2917441aacd46b3e,gx-no-cache=1495128305308 HTTP/1.1" 200 30
186.103.159.230 - - [18/May/2017:14:24:11 -0300] "POST /cormun/servlet/solicitudotadjuntos?517a3af414191eb2dd137f64f6fc6aa4,INS,2017,6463,,1, HTTP/1.1" 200 116
186.103.159.230 - - [18/May/2017:14:24:11 -0300] "GET /cormun/servlet/hpexe_return? HTTP/1.1" 200 1025
186.103.159.230 - - [18/May/2017:14:24:12 -0300] "GET /cormun/servlet/trsolicitudadjuntos?2017,6463, HTTP/1.1" 200 8940
186.103.159.230 - - [18/May/2017:14:24:13 -0300] "GET /cormun/servlet/trsolicitudadjuntos?2017,6463, HTTP/1.1" 200 8939
186.79.84.205 - - [18/May/2017:14:24:17 -0300] "GET /cormun/servlet/alicenciaprn?17503006,L,20170518000000,PU HTTP/1.1" 200 1559
186.103.159.230 - - [18/May/2017:14:24:38 -0300] "GET /cormun/servlet/trautorizarsolicitud? HTTP/1.1" 200 6906
186.103.159.230 - - [18/May/2017:14:24:38 -0300] "GET /cormun/static/gxcfg.js?2017259112829 HTTP/1.1" 304 -
186.103.159.230 - - [18/May/2017:14:24:38 -0300] "GET /cormun/static/trautorizarsolicitud.js?2017259113483 HTTP/1.1" 304 -
186.103.159.230 - - [18/May/2017:14:24:38 -0300] "GET /cormun/servlet/trautorizarsolicitud? HTTP/1.1" 200 6893
186.103.159.230 - - [18/May/2017:14:24:42 -0300] "GET /cormun/servlet/trsolicitudot? HTTP/1.1" 200 8180
186.103.159.230 - - [18/May/2017:14:24:43 -0300] "GET /cormun/servlet/trsolicitudot? HTTP/1.1" 200 8179
186.103.159.230 - - [18/May/2017:14:24:49 -0300] "POST /cormun/servlet/trsolicitudot?517a3af414191eb2dd137f64f6fc6aa4,,gx-no-cache=1495128344675 HTTP/1.1" 200 5473
186.103.159.230 - - [18/May/2017:14:24:49 -0300] "GET /cormun/static/Shared/jqueryui/images/ui-bg_highlight-soft_100_c6c2c8_1x100.png HTTP/1.1" 404 1117
186.103.159.230 - - [18/May/2017:14:24:49 -0300] "GET /cormun/static/Shared/jqueryui/images/ui-icons_8d78a5_256x240.png HTTP/1.1" 404 1089
186.103.159.230 - - [18/May/2017:14:24:49 -0300] "GET /cormun/static/Shared/jqueryui/images/ui-bg_flat_55_fafafa_40x100.png HTTP/1.1" 404 1097
186.103.159.230 - - [18/May/2017:14:24:49 -0300] "GET /cormun/static/Shared/jqueryui/images/ui-icons_82798d_256x240.png HTTP/1.1" 404 1089
186.103.159.230 - - [18/May/2017:14:24:58 -0300] "POST /cormun/servlet/trsolicitudot?517a3af414191eb2dd137f64f6fc6aa4,,gx-no-cache=1495128353714 HTTP/1.1" 200 107
186.103.159.230 - - [18/May/2017:14:24:58 -0300] "GET /cormun/servlet/trsolicitudadjuntos?2017,6463, HTTP/1.1" 200 8936
186.103.159.230 - - [18/May/2017:14:24:59 -0300] "GET /cormun/servlet/trsolicitudadjuntos?2017,6463, HTTP/1.1" 200 8940
186.103.159.230 - - [18/May/2017:14:25:06 -0300] "GET /cormun/servlet/solicitudotadjuntos?INS,2017,6463,,1, HTTP/1.1" 200 6019
