186.79.14.227 - - [17/May/2017:11:29:40 -0300] "GET /cormun/servlet/hpexe_return? HTTP/1.1" 200 1028
186.79.14.227 - - [17/May/2017:11:29:40 -0300] "GET /cormun/servlet/trsolicitudadjuntos?2017,6449, HTTP/1.1" 200 8181
186.79.14.227 - - [17/May/2017:11:29:42 -0300] "GET /cormun/servlet/trsolicitudadjuntos?2017,6449, HTTP/1.1" 200 8180
186.79.14.227 - - [17/May/2017:11:29:45 -0300] "GET /cormun/servlet/solicitudotadjuntos?INS,2017,6449,,1, HTTP/1.1" 200 5789
186.79.14.227 - - [17/May/2017:11:29:45 -0300] "GET /cormun/static/about:blank HTTP/1.1" 404 1011
186.79.14.227 - - [17/May/2017:11:29:46 -0300] "GET /cormun/servlet/solicitudotadjuntos?INS,2017,6449,,1, HTTP/1.1" 200 5783
186.79.14.227 - - [17/May/2017:11:29:46 -0300] "GET /cormun/servlet/solicitudotadjuntos?50e6f8d6fece15dbefe34fcaa94b74916aaa863c39480fec8ed284081c4c41ecd739f2f8a6137a600b0694301d62687e,gx-no-cache=1495031444821 HTTP/1.1" 200 30
186.79.14.227 - - [17/May/2017:11:29:47 -0300] "POST /cormun/servlet/solicitudotadjuntos?ab3a2345fec663186c453eee8050654b,INS,2017,6449,,1,,gx-no-cache=1495031444941 HTTP/1.1" 200 3641
186.79.14.227 - - [17/May/2017:11:29:51 -0300] "POST /cormun/servlet/solicitudotadjuntos?gx-no-cache=1495031449825 HTTP/1.1" 200 26
186.79.14.227 - - [17/May/2017:11:30:08 -0300] "GET /cormun/servlet/solicitudotadjuntos?50e6f8d6fece15dbefe34fcaa94b74919c959d92bdc06fb85ac9fc2f65214b4f,gx-no-cache=1495031466230 HTTP/1.1" 200 30
186.79.14.227 - - [17/May/2017:11:30:08 -0300] "GET /cormun/servlet/solicitudotadjuntos?50e6f8d6fece15dbefe34fcaa94b74919c959d92bdc06fb85ac9fc2f65214b4f,gx-no-cache=1495031466352 HTTP/1.1" 200 30
186.79.14.227 - - [17/May/2017:11:30:19 -0300] "POST /cormun/servlet/solicitudotadjuntos?ab3a2345fec663186c453eee8050654b,INS,2017,6449,,1, HTTP/1.1" 200 116
186.79.14.227 - - [17/May/2017:11:30:19 -0300] "GET /cormun/servlet/hpexe_return? HTTP/1.1" 200 1028
186.79.14.227 - - [17/May/2017:11:30:19 -0300] "GET /cormun/servlet/trsolicitudadjuntos?2017,6449, HTTP/1.1" 200 8347
186.79.14.227 - - [17/May/2017:11:30:21 -0300] "GET /cormun/servlet/trsolicitudadjuntos?2017,6449, HTTP/1.1" 200 8356
186.79.14.227 - - [17/May/2017:11:30:24 -0300] "GET /cormun/servlet/solicitudotadjuntos?INS,2017,6449,,1, HTTP/1.1" 200 5789
186.79.14.227 - - [17/May/2017:11:30:24 -0300] "GET /cormun/static/about:blank HTTP/1.1" 404 1011
186.79.14.227 - - [17/May/2017:11:30:25 -0300] "GET /cormun/servlet/solicitudotadjuntos?INS,2017,6449,,1, HTTP/1.1" 200 5783
186.79.14.227 - - [17/May/2017:11:30:26 -0300] "GET /cormun/servlet/solicitudotadjuntos?50e6f8d6fece15dbefe34fcaa94b74916aaa863c39480fec8ed284081c4c41ecd739f2f8a6137a600b0694301d62687e,gx-no-cache=1495031483900 HTTP/1.1" 200 30
186.79.14.227 - - [17/May/2017:11:30:26 -0300] "POST /cormun/servlet/solicitudotadjuntos?ab3a2345fec663186c453eee8050654b,INS,2017,6449,,1,,gx-no-cache=1495031484017 HTTP/1.1" 200 3642
192.168.10.62 - - [17/May/2017:11:30:29 -0300] "GET /cormun/servlet/trsolicitudgral? HTTP/1.1" 200 19663
192.168.10.62 - - [17/May/2017:11:30:29 -0300] "GET /cormun/static/Resources/Spanish/PXTools.css?18365030 HTTP/1.1" 304 -
192.168.10.62 - - [17/May/2017:11:30:29 -0300] "GET /cormun/static/gxcfg.js?201732110400 HTTP/1.1" 304 -
192.168.10.62 - - [17/May/2017:11:30:29 -0300] "GET /cormun/static/trsolicitudgral.js?2017321104863 HTTP/1.1" 304 -
192.168.10.62 - - [17/May/2017:11:30:30 -0300] "GET /cormun/servlet/trsolicitudgral? HTTP/1.1" 200 19652
186.79.14.227 - - [17/May/2017:11:30:31 -0300] "POST /cormun/servlet/solicitudotadjuntos?gx-no-cache=1495031489122 HTTP/1.1" 200 26
192.168.10.62 - - [17/May/2017:11:30:44 -0300] "POST /cormun/servlet/trsolicitudgral?244eb6e10fb1ab59d0ab9f4f1ff14845,,gx-no-cache=1495031452787 HTTP/1.1" 200 6292
186.79.14.227 - - [17/May/2017:11:30:52 -0300] "GET /cormun/servlet/solicitudotadjuntos?50e6f8d6fece15dbefe34fcaa94b74919c959d92bdc06fb85ac9fc2f65214b4f,gx-no-cache=1495031510498 HTTP/1.1" 200 30
186.79.14.227 - - [17/May/2017:11:30:52 -0300] "GET /cormun/servlet/solicitudotadjuntos?50e6f8d6fece15dbefe34fcaa94b74919c959d92bdc06fb85ac9fc2f65214b4f,gx-no-cache=1495031510707 HTTP/1.1" 200 30
186.79.14.227 - - [17/May/2017:11:31:08 -0300] "POST /cormun/servlet/solicitudotadjuntos?ab3a2345fec663186c453eee8050654b,INS,2017,6449,,1, HTTP/1.1" 200 116
186.79.14.227 - - [17/May/2017:11:31:08 -0300] "GET /cormun/servlet/hpexe_return? HTTP/1.1" 200 1028
186.79.14.227 - - [17/May/2017:11:31:09 -0300] "GET /cormun/servlet/trsolicitudadjuntos?2017,6449, HTTP/1.1" 200 8500
186.79.14.227 - - [17/May/2017:11:31:11 -0300] "GET /cormun/servlet/trsolicitudadjuntos?2017,6449, HTTP/1.1" 200 8502
192.168.10.62 - - [17/May/2017:11:31:13 -0300] "POST /cormun/servlet/trsolicitudgral?244eb6e10fb1ab59d0ab9f4f1ff14845,,gx-no-cache=1495031481664 HTTP/1.1" 200 105
192.168.10.62 - - [17/May/2017:11:31:13 -0300] "POST /cormun/servlet/trsolicitudgral?244eb6e10fb1ab59d0ab9f4f1ff14845,,gx-no-cache=1495031481762 HTTP/1.1" 200 6275
192.168.10.62 - - [17/May/2017:11:31:13 -0300] "GET /cormun/SolicitudGral-5013.xls HTTP/1.1" 200 5632
186.79.14.227 - - [17/May/2017:11:31:15 -0300] "GET /cormun/servlet/solicitudotadjuntos?INS,2017,6449,,1, HTTP/1.1" 200 5789
186.79.14.227 - - [17/May/2017:11:31:15 -0300] "GET /cormun/static/about:blank HTTP/1.1" 404 1011
186.79.14.227 - - [17/May/2017:11:31:16 -0300] "GET /cormun/servlet/solicitudotadjuntos?INS,2017,6449,,1, HTTP/1.1" 200 5783
186.79.14.227 - - [17/May/2017:11:31:16 -0300] "GET /cormun/servlet/solicitudotadjuntos?50e6f8d6fece15dbefe34fcaa94b74916aaa863c39480fec8ed284081c4c41ecd739f2f8a6137a600b0694301d62687e,gx-no-cache=1495031534584 HTTP/1.1" 200 30
186.79.14.227 - - [17/May/2017:11:31:17 -0300] "POST /cormun/servlet/solicitudotadjuntos?ab3a2345fec663186c453eee8050654b,INS,2017,6449,,1,,gx-no-cache=1495031534727 HTTP/1.1" 200 3642
186.79.14.227 - - [17/May/2017:11:31:33 -0300] "POST /cormun/servlet/solicitudotadjuntos?gx-no-cache=1495031551464 HTTP/1.1" 200 26
186.79.14.227 - - [17/May/2017:11:31:50 -0300] "GET /cormun/servlet/solicitudotadjuntos?50e6f8d6fece15dbefe34fcaa94b74919c959d92bdc06fb85ac9fc2f65214b4f,gx-no-cache=1495031568098 HTTP/1.1" 200 30
186.79.14.227 - - [17/May/2017:11:31:50 -0300] "GET /cormun/servlet/solicitudotadjuntos?50e6f8d6fece15dbefe34fcaa94b74919c959d92bdc06fb85ac9fc2f65214b4f,gx-no-cache=1495031568201 HTTP/1.1" 200 30
186.79.14.227 - - [17/May/2017:11:32:06 -0300] "POST /cormun/servlet/solicitudotadjuntos?ab3a2345fec663186c453eee8050654b,INS,2017,6449,,1, HTTP/1.1" 200 116
186.79.14.227 - - [17/May/2017:11:32:06 -0300] "GET /cormun/servlet/hpexe_return? HTTP/1.1" 200 1028
186.79.14.227 - - [17/May/2017:11:32:07 -0300] "GET /cormun/servlet/trsolicitudadjuntos?2017,6449, HTTP/1.1" 200 8661
186.79.14.227 - - [17/May/2017:11:32:10 -0300] "GET /cormun/servlet/trsolicitudadjuntos?2017,6449, HTTP/1.1" 200 8660
186.79.14.227 - - [17/May/2017:11:32:14 -0300] "GET /cormun/servlet/solicitudotadjuntos?INS,2017,6449,,1, HTTP/1.1" 200 5788
186.79.14.227 - - [17/May/2017:11:32:14 -0300] "GET /cormun/static/about:blank HTTP/1.1" 404 1011
186.79.14.227 - - [17/May/2017:11:32:15 -0300] "GET /cormun/servlet/solicitudotadjuntos?INS,2017,6449,,1, HTTP/1.1" 200 5782
186.79.14.227 - - [17/May/2017:11:32:15 -0300] "GET /cormun/servlet/solicitudotadjuntos?50e6f8d6fece15dbefe34fcaa94b74916aaa863c39480fec8ed284081c4c41ecd739f2f8a6137a600b0694301d62687e,gx-no-cache=1495031593594 HTTP/1.1" 200 30
186.79.14.227 - - [17/May/2017:11:32:16 -0300] "POST /cormun/servlet/solicitudotadjuntos?ab3a2345fec663186c453eee8050654b,INS,2017,6449,,1,,gx-no-cache=1495031593715 HTTP/1.1" 200 3642
190.45.55.254 - - [17/May/2017:11:32:16 -0300] "GET /cormun/servlet/hlogin HTTP/1.1" 200 1719
190.45.55.254 - - [17/May/2017:11:32:18 -0300] "POST /cormun/servlet/hlogin?d9c376bbb4fd8b21c9c00858e0c45649,gx-no-cache=1495031597603 HTTP/1.1" 200 90
190.45.55.254 - - [17/May/2017:11:32:18 -0300] "GET /cormun/servlet/hpexe_link HTTP/1.1" 200 976
190.45.55.254 - - [17/May/2017:11:32:18 -0300] "GET /cormun/servlet/trcontratounov2?gx-no-cache=1495030334847 HTTP/1.1" 200 8000
190.45.55.254 - - [17/May/2017:11:32:19 -0300] "GET /cormun/servlet/trcontratounov2?gx-no-cache=1495030334847 HTTP/1.1" 200 8019
186.79.14.227 - - [17/May/2017:11:32:19 -0300] "POST /cormun/servlet/solicitudotadjuntos?gx-no-cache=1495031597243 HTTP/1.1" 200 26
190.45.55.254 - - [17/May/2017:11:32:25 -0300] "POST /cormun/servlet/trcontratounov2?d9c376bbb4fd8b21c9c00858e0c45649,gx-no-cache=1495030334847,gx-no-cache=1495031604921 HTTP/1.1" 200 5388
186.79.14.227 - - [17/May/2017:11:32:38 -0300] "GET /cormun/servlet/solicitudotadjuntos?50e6f8d6fece15dbefe34fcaa94b74919c959d92bdc06fb85ac9fc2f65214b4f,gx-no-cache=1495031616199 HTTP/1.1" 200 30
186.79.14.227 - - [17/May/2017:11:32:38 -0300] "GET /cormun/servlet/solicitudotadjuntos?50e6f8d6fece15dbefe34fcaa94b74919c959d92bdc06fb85ac9fc2f65214b4f,gx-no-cache=1495031616268 HTTP/1.1" 200 30
186.103.159.44 - - [17/May/2017:11:32:52 -0300] "GET /cormun/servlet/renuncias?5261e582a0cc41d528f506b9e4b1a8427e076417b552dbf12b28e981022cf1bc64f4531371e6868ab25ec0587a5e4bad,gx-no-cache=1495031625756 HTTP/1.1" 440 972
186.79.14.227 - - [17/May/2017:11:32:52 -0300] "POST /cormun/servlet/solicitudotadjuntos?ab3a2345fec663186c453eee8050654b,INS,2017,6449,,1, HTTP/1.1" 200 116
186.79.14.227 - - [17/May/2017:11:32:52 -0300] "GET /cormun/servlet/hpexe_return? HTTP/1.1" 200 1028
186.79.14.227 - - [17/May/2017:11:32:53 -0300] "GET /cormun/servlet/trsolicitudadjuntos?2017,6449, HTTP/1.1" 200 8908
186.103.159.44 - - [17/May/2017:11:32:55 -0300] "GET /cormun/servlet/renuncias?INS,0, HTTP/1.1" 200 5284
186.79.14.227 - - [17/May/2017:11:32:55 -0300] "GET /cormun/servlet/trsolicitudadjuntos?2017,6449, HTTP/1.1" 200 8904
186.103.159.44 - - [17/May/2017:11:32:56 -0300] "GET /cormun/servlet/hlogin HTTP/1.1" 200 1742
186.79.14.227 - - [17/May/2017:11:33:00 -0300] "GET /cormun/servlet/trsolicitudot? HTTP/1.1" 200 8004
186.79.14.227 - - [17/May/2017:11:33:01 -0300] "GET /cormun/servlet/trsolicitudot? HTTP/1.1" 200 7998
186.79.14.227 - - [17/May/2017:11:33:11 -0300] "POST /cormun/servlet/trsolicitudot?ab3a2345fec663186c453eee8050654b,,gx-no-cache=1495031649533 HTTP/1.1" 200 4183
186.79.14.227 - - [17/May/2017:11:33:12 -0300] "GET /cormun/static/Shared/jqueryui/images/ui-bg_highlight-soft_100_c6c2c8_1x100.png HTTP/1.1" 404 1117
186.79.14.227 - - [17/May/2017:11:33:12 -0300] "GET /cormun/static/Shared/jqueryui/images/ui-icons_82798d_256x240.png HTTP/1.1" 404 1089
186.79.14.227 - - [17/May/2017:11:33:12 -0300] "GET /cormun/static/Shared/jqueryui/images/ui-bg_flat_55_fafafa_40x100.png HTTP/1.1" 404 1097
186.79.14.227 - - [17/May/2017:11:33:12 -0300] "GET /cormun/static/Shared/jqueryui/images/ui-icons_8d78a5_256x240.png HTTP/1.1" 404 1089
186.79.14.227 - - [17/May/2017:11:33:12 -0300] "POST /cormun/servlet/trsolicitudot?ab3a2345fec663186c453eee8050654b,,gx-no-cache=1495031650106 HTTP/1.1" 200 3937
186.79.14.227 - - [17/May/2017:11:33:20 -0300] "GET /cormun/servlet/hlogin HTTP/1.1" 200 1728
186.79.14.227 - - [17/May/2017:11:33:31 -0300] "POST /cormun/servlet/hlogin?ab3a2345fec663186c453eee8050654b,gx-no-cache=1495031669181 HTTP/1.1" 200 90
186.79.14.227 - - [17/May/2017:11:33:31 -0300] "GET /cormun/servlet/hpexe_link HTTP/1.1" 200 955
186.79.14.227 - - [17/May/2017:11:33:31 -0300] "GET /cormun/servlet/hhome HTTP/1.1" 200 3941
186.79.14.227 - - [17/May/2017:11:33:33 -0300] "GET /cormun/servlet/hhome HTTP/1.1" 200 3937
186.79.14.227 - - [17/May/2017:11:33:43 -0300] "GET /cormun/servlet/trautorizarsolicitud? HTTP/1.1" 200 8139
186.79.14.227 - - [17/May/2017:11:33:43 -0300] "GET /cormun/static/gxcfg.js?2017259112829 HTTP/1.1" 304 -
186.79.14.227 - - [17/May/2017:11:33:43 -0300] "GET /cormun/static/trautorizarsolicitud.js?2017259113483 HTTP/1.1" 304 -
186.79.14.227 - - [17/May/2017:11:33:44 -0300] "GET /cormun/servlet/trautorizarsolicitud? HTTP/1.1" 200 8137
186.79.14.227 - - [17/May/2017:11:33:50 -0300] "POST /cormun/servlet/trautorizarsolicitud?ab3a2345fec663186c453eee8050654b,,gx-no-cache=1495031687852 HTTP/1.1" 200 4338
186.79.14.227 - - [17/May/2017:11:33:50 -0300] "GET /cormun/static/Shared/jqueryui/images/ui-bg_highlight-soft_100_c6c2c8_1x100.png HTTP/1.1" 404 1117
186.79.14.227 - - [17/May/2017:11:33:50 -0300] "GET /cormun/static/Shared/jqueryui/images/ui-icons_82798d_256x240.png HTTP/1.1" 404 1089
186.79.14.227 - - [17/May/2017:11:33:50 -0300] "GET /cormun/static/Shared/jqueryui/images/ui-bg_flat_55_fafafa_40x100.png HTTP/1.1" 404 1097
186.79.14.227 - - [17/May/2017:11:33:50 -0300] "GET /cormun/static/Shared/jqueryui/images/ui-icons_8d78a5_256x240.png HTTP/1.1" 404 1089
186.79.14.227 - - [17/May/2017:11:33:50 -0300] "POST /cormun/servlet/trautorizarsolicitud?ab3a2345fec663186c453eee8050654b,,gx-no-cache=1495031688501 HTTP/1.1" 200 4091
186.79.14.227 - - [17/May/2017:11:34:00 -0300] "GET /cormun/servlet/hlogin HTTP/1.1" 200 1728
186.79.14.227 - - [17/May/2017:11:39:10 -0300] "GET /cormun/servlet/hlogin HTTP/1.1" 200 1728
186.79.14.227 - - [17/May/2017:11:39:17 -0300] "POST /cormun/servlet/hlogin?ab3a2345fec663186c453eee8050654b,gx-no-cache=1495032015580 HTTP/1.1" 200 90
186.79.14.227 - - [17/May/2017:11:39:17 -0300] "GET /cormun/servlet/hpexe_link HTTP/1.1" 200 955
186.79.14.227 - - [17/May/2017:11:39:18 -0300] "GET /cormun/servlet/hhome HTTP/1.1" 200 3748
186.79.14.227 - - [17/May/2017:11:39:19 -0300] "GET /cormun/servlet/hhome HTTP/1.1" 200 3745
186.79.14.227 - - [17/May/2017:11:39:24 -0300] "GET /cormun/servlet/trlicencias? HTTP/1.1" 200 7730
186.79.14.227 - - [17/May/2017:11:39:26 -0300] "GET /cormun/servlet/trlicencias? HTTP/1.1" 200 7729
186.79.14.227 - - [17/May/2017:11:39:30 -0300] "GET /cormun/servlet/licenciaspermisos?UPD,7291330,L,20170517000000, HTTP/1.1" 200 7279
186.79.14.227 - - [17/May/2017:11:39:31 -0300] "GET /cormun/servlet/licenciaspermisos?UPD,7291330,L,20170517000000, HTTP/1.1" 200 7279
186.79.14.227 - - [17/May/2017:11:39:31 -0300] "GET /cormun/servlet/licenciaspermisos?378ae2b852d2c6b451bf73d3d069b7f8adbd4f44b9ba2bfd82c25215af347f8b39990f11f66a251f9d0a486d83f11a5c,gx-no-cache=1495032029663 HTTP/1.1" 200 62
186.79.14.227 - - [17/May/2017:11:39:36 -0300] "GET /cormun/servlet/licenciaspermisos?378ae2b852d2c6b451bf73d3d069b7f82bdf2bc7732e5e479920222a73885dedc2f21df172974692a34476399c870adf92352716f41e0f59d39adbd4580bac351b317ca6e81ec7ac0947d6495850cd842ae3e2c914feba74aef27e9f08fc0d8cee47d60e4b95d6604874ce10076cbc543b1e35815f0b7464466528c044534d0840c38ac00fa3e5125042d06b404dd23af4f1e315fcb8f0f331ccc7879ab7c8de3aad1cc49a457efef1adb22b8a3fa22ce569299c7ea9326e568d37b198a8b37d8f56dac60f58c7d424e408fb4e8b6c0d97215469fe6319533fbc1d80766614f8,gx-no-cache=1495032034418 HTTP/1.1" 200 30
186.79.14.227 - - [17/May/2017:11:39:36 -0300] "POST /cormun/servlet/licenciaspermisos?ab3a2345fec663186c453eee8050654b,UPD,7291330,L,20170517000000,,gx-no-cache=1495032034527 HTTP/1.1" 200 4494
186.79.14.227 - - [17/May/2017:11:39:39 -0300] "GET /cormun/servlet/prfichaempleado?,MD,,gxPopupLevel%3D0%3B HTTP/1.1" 200 8771
186.79.14.227 - - [17/May/2017:11:39:57 -0300] "GET /cormun/servlet/prfichaempleado?,MD,,gxPopupLevel%3D0%3B HTTP/1.1" 200 8771
186.79.14.227 - - [17/May/2017:11:40:10 -0300] "POST /cormun/servlet/prfichaempleado?ab3a2345fec663186c453eee8050654b,,MD,,gxPopupLevel%3D0%3B,gx-no-cache=1495032067730 HTTP/1.1" 200 3418
186.79.14.227 - - [17/May/2017:11:40:20 -0300] "GET /cormun/servlet/licenciaspermisos?378ae2b852d2c6b451bf73d3d069b7f88eb7b26c5c874d88388c86d759b6d070c2a8cfaed3d6ce77f0a9ddd974393b1b9dba39d9a444212a7e85024b3995febba6114105808f4daa55314f85b12befd2deddde3df57c6023f9626f566a8114538ed41a94492539049493897737825fbf196a5a26c52434cc268c6b073432b16951cdca7c3f90bf9197d7a9844713b7ecb57bf3fa400dc4ff952d2f3e09d598c8c767ad991dcd8f3405d7877ccce817ab40c37b209c5963a427e32204f8c62cf61d1578d3749de3f7b4aa30b7ad16e327224b8ca1ebba84764cb3e5f25b1bd7dd6883c1c26608518dfb0163d622d3fe3f,gx-no-cache=1495032077976 HTTP/1.1" 200 58
186.79.14.227 - - [17/May/2017:11:40:20 -0300] "POST /cormun/servlet/licenciaspermisos?ab3a2345fec663186c453eee8050654b,UPD,7291330,L,20170517000000,,gx-no-cache=1495032078075 HTTP/1.1" 200 93
186.79.14.227 - - [17/May/2017:11:40:20 -0300] "GET /cormun/servlet/hpexe_return? HTTP/1.1" 200 1031
186.79.14.227 - - [17/May/2017:11:40:21 -0300] "GET /cormun/servlet/trlicencias HTTP/1.1" 200 7766
186.79.14.227 - - [17/May/2017:11:40:22 -0300] "GET /cormun/servlet/trlicencias HTTP/1.1" 200 7763
186.79.14.227 - - [17/May/2017:11:40:26 -0300] "GET /cormun/servlet/alicenciaprn?7291330,L,20170517000000,PU HTTP/1.1" 200 1606
186.79.14.227 - - [17/May/2017:11:42:03 -0300] "POST /cormun/servlet/trlicencias?ab3a2345fec663186c453eee8050654b,gx-no-cache=1495032148886 HTTP/1.1" 500 10
186.79.105.212 - - [17/May/2017:11:43:14 -0300] "GET /cormun/servlet/hlogin HTTP/1.1" 200 1728
186.79.105.212 - - [17/May/2017:11:43:23 -0300] "POST /cormun/servlet/hlogin?ab3a2345fec663186c453eee8050654b,gx-no-cache=1495032261735 HTTP/1.1" 200 90
186.79.105.212 - - [17/May/2017:11:43:24 -0300] "GET /cormun/servlet/hpexe_link HTTP/1.1" 200 961
186.79.105.212 - - [17/May/2017:11:43:24 -0300] "GET /cormun/servlet/trlicencias HTTP/1.1" 200 7763
186.79.105.212 - - [17/May/2017:11:43:26 -0300] "GET /cormun/servlet/trlicencias HTTP/1.1" 200 7763
186.79.105.212 - - [17/May/2017:11:43:32 -0300] "POST /cormun/servlet/trlicencias?ab3a2345fec663186c453eee8050654b,gx-no-cache=1495032270294 HTTP/1.1" 200 4037
186.79.105.212 - - [17/May/2017:11:43:32 -0300] "GET /cormun/static/Shared/jqueryui/images/ui-bg_highlight-soft_100_c6c2c8_1x100.png HTTP/1.1" 404 1117
186.79.105.212 - - [17/May/2017:11:43:33 -0300] "GET /cormun/static/Shared/jqueryui/images/ui-icons_82798d_256x240.png HTTP/1.1" 404 1089
186.79.105.212 - - [17/May/2017:11:43:33 -0300] "GET /cormun/static/Shared/jqueryui/images/ui-bg_flat_55_fafafa_40x100.png HTTP/1.1" 404 1097
186.79.105.212 - - [17/May/2017:11:43:33 -0300] "GET /cormun/static/Shared/jqueryui/images/ui-icons_8d78a5_256x240.png HTTP/1.1" 404 1089
200.111.191.210 - - [17/May/2017:11:45:06 -0300] "GET /cormun/servlet/trlicenciaspermisosadjuntos?16364189,20170516000000,L, HTTP/1.1" 200 5504
200.111.191.210 - - [17/May/2017:11:45:06 -0300] "GET /cormun/servlet/trlicenciaspermisosadjuntos?16364189,20170516000000,L, HTTP/1.1" 200 5504
200.111.191.210 - - [17/May/2017:11:45:06 -0300] "GET /cormun/servlet/hlogin HTTP/1.1" 200 1767
200.111.191.210 - - [17/May/2017:11:45:12 -0300] "POST /cormun/servlet/hlogin?e27c39c79789dae516b615419d2eaeef,gx-no-cache=1495032369843 HTTP/1.1" 200 473
200.111.191.210 - - [17/May/2017:11:45:15 -0300] "POST /cormun/servlet/hlogin?e27c39c79789dae516b615419d2eaeef,gx-no-cache=1495032372455 HTTP/1.1" 200 473
200.111.191.210 - - [17/May/2017:11:45:18 -0300] "POST /cormun/servlet/hlogin?e27c39c79789dae516b615419d2eaeef,gx-no-cache=1495032375895 HTTP/1.1" 200 473
200.111.191.210 - - [17/May/2017:11:45:31 -0300] "POST /cormun/servlet/hlogin?e27c39c79789dae516b615419d2eaeef,gx-no-cache=1495032388799 HTTP/1.1" 200 90
200.111.191.210 - - [17/May/2017:11:45:31 -0300] "GET /cormun/servlet/hpexe_link HTTP/1.1" 200 983
200.111.191.210 - - [17/May/2017:11:45:31 -0300] "GET /cormun/servlet/trlicenciaspermisosadjuntos?16364189,20170516000000,L, HTTP/1.1" 200 5954
200.111.191.210 - - [17/May/2017:11:45:32 -0300] "GET /cormun/servlet/trlicenciaspermisosadjuntos?16364189,20170516000000,L, HTTP/1.1" 200 5953
200.111.191.210 - - [17/May/2017:11:45:34 -0300] "GET /cormun/servlet/licenciaspermisosadjuntos?INS,16364189,L,20170516000000,, HTTP/1.1" 200 5417
200.111.191.210 - - [17/May/2017:11:45:34 -0300] "GET /cormun/static/about:blank HTTP/1.1" 404 1011
200.111.191.210 - - [17/May/2017:11:45:35 -0300] "GET /cormun/servlet/licenciaspermisosadjuntos?INS,16364189,L,20170516000000,, HTTP/1.1" 200 5407
46.174.191.29 - - [17/May/2017:11:45:35 -0300] "GET / HTTP/1.0" 200 11197
200.111.191.210 - - [17/May/2017:11:45:48 -0300] "POST /cormun/servlet/licenciaspermisosadjuntos?e27c39c79789dae516b615419d2eaeef,INS,16364189,L,20170516000000,, HTTP/1.1" 200 116
200.111.191.210 - - [17/May/2017:11:45:48 -0300] "GET /cormun/servlet/hpexe_return? HTTP/1.1" 200 1039
200.111.191.210 - - [17/May/2017:11:45:49 -0300] "GET /cormun/servlet/trlicenciaspermisosadjuntos?16364189,20170516000000,L, HTTP/1.1" 200 6500
200.111.191.210 - - [17/May/2017:11:45:49 -0300] "GET /cormun/servlet/trlicenciaspermisosadjuntos?16364189,20170516000000,L, HTTP/1.1" 200 6498
200.111.191.210 - - [17/May/2017:11:45:52 -0300] "GET /cormun/servlet/trlicencias? HTTP/1.1" 200 8707
200.111.191.210 - - [17/May/2017:11:45:53 -0300] "GET /cormun/servlet/trlicencias? HTTP/1.1" 200 8705
200.111.191.210 - - [17/May/2017:11:45:55 -0300] "POST /cormun/servlet/trlicencias?e27c39c79789dae516b615419d2eaeef,,gx-no-cache=1495032412730 HTTP/1.1" 200 5854
200.111.191.210 - - [17/May/2017:11:45:55 -0300] "GET /cormun/static/Shared/jqueryui/images/ui-bg_highlight-soft_100_c6c2c8_1x100.png HTTP/1.1" 404 1117
200.111.191.210 - - [17/May/2017:11:45:55 -0300] "GET /cormun/static/Shared/jqueryui/images/ui-icons_82798d_256x240.png HTTP/1.1" 404 1089
200.111.191.210 - - [17/May/2017:11:45:55 -0300] "GET /cormun/static/Shared/jqueryui/images/ui-bg_flat_55_fafafa_40x100.png HTTP/1.1" 404 1097
200.111.191.210 - - [17/May/2017:11:45:55 -0300] "GET /cormun/static/Shared/jqueryui/images/ui-icons_8d78a5_256x240.png HTTP/1.1" 404 1089
200.111.191.210 - - [17/May/2017:11:45:57 -0300] "GET /cormun/servlet/trlicenciaspermisosadjuntos?11648335,20170516000000,L, HTTP/1.1" 200 5952
200.111.191.210 - - [17/May/2017:11:45:58 -0300] "GET /cormun/servlet/trlicenciaspermisosadjuntos?11648335,20170516000000,L, HTTP/1.1" 200 5952
200.111.191.210 - - [17/May/2017:11:45:59 -0300] "GET /cormun/servlet/licenciaspermisosadjuntos?INS,11648335,L,20170516000000,, HTTP/1.1" 200 5419
200.111.191.210 - - [17/May/2017:11:45:59 -0300] "GET /cormun/static/about:blank HTTP/1.1" 404 1011
200.111.191.210 - - [17/May/2017:11:45:59 -0300] "GET /cormun/servlet/licenciaspermisosadjuntos?INS,11648335,L,20170516000000,, HTTP/1.1" 200 5409
200.111.191.210 - - [17/May/2017:11:46:09 -0300] "POST /cormun/servlet/licenciaspermisosadjuntos?e27c39c79789dae516b615419d2eaeef,INS,11648335,L,20170516000000,, HTTP/1.1" 200 116
200.111.191.210 - - [17/May/2017:11:46:09 -0300] "GET /cormun/servlet/hpexe_return? HTTP/1.1" 200 1039
200.111.191.210 - - [17/May/2017:11:46:09 -0300] "GET /cormun/servlet/trlicenciaspermisosadjuntos?11648335,20170516000000,L, HTTP/1.1" 200 6501
200.111.191.210 - - [17/May/2017:11:46:09 -0300] "GET /cormun/servlet/trlicenciaspermisosadjuntos?11648335,20170516000000,L, HTTP/1.1" 200 6499
186.103.159.44 - - [17/May/2017:11:46:11 -0300] "POST /cormun/servlet/hlogin?c567b3441c099a149203781593739262,gx-no-cache=1495032425246 HTTP/1.1" 200 451
200.111.191.210 - - [17/May/2017:11:46:11 -0300] "GET /cormun/servlet/trlicencias? HTTP/1.1" 200 8437
200.111.191.210 - - [17/May/2017:11:46:12 -0300] "GET /cormun/servlet/trlicencias? HTTP/1.1" 200 8436
200.111.191.210 - - [17/May/2017:11:46:14 -0300] "POST /cormun/servlet/trlicencias?e27c39c79789dae516b615419d2eaeef,,gx-no-cache=1495032430997 HTTP/1.1" 200 5543
200.111.191.210 - - [17/May/2017:11:46:14 -0300] "GET /cormun/static/Shared/jqueryui/images/ui-bg_highlight-soft_100_c6c2c8_1x100.png HTTP/1.1" 404 1117
200.111.191.210 - - [17/May/2017:11:46:14 -0300] "GET /cormun/static/Shared/jqueryui/images/ui-icons_82798d_256x240.png HTTP/1.1" 404 1089
200.111.191.210 - - [17/May/2017:11:46:14 -0300] "GET /cormun/static/Shared/jqueryui/images/ui-bg_flat_55_fafafa_40x100.png HTTP/1.1" 404 1097
200.111.191.210 - - [17/May/2017:11:46:14 -0300] "GET /cormun/static/Shared/jqueryui/images/ui-icons_8d78a5_256x240.png HTTP/1.1" 404 1089
200.111.191.210 - - [17/May/2017:11:46:16 -0300] "GET /cormun/servlet/trlicenciaspermisosadjuntos?15589626,20170516000000,L, HTTP/1.1" 200 5952
200.111.191.210 - - [17/May/2017:11:46:17 -0300] "GET /cormun/servlet/trlicenciaspermisosadjuntos?15589626,20170516000000,L, HTTP/1.1" 200 5952
200.111.191.210 - - [17/May/2017:11:46:18 -0300] "GET /cormun/servlet/licenciaspermisosadjuntos?INS,15589626,L,20170516000000,, HTTP/1.1" 200 5421
200.111.191.210 - - [17/May/2017:11:46:18 -0300] "GET /cormun/static/about:blank HTTP/1.1" 404 1011
200.111.191.210 - - [17/May/2017:11:46:19 -0300] "GET /cormun/servlet/licenciaspermisosadjuntos?INS,15589626,L,20170516000000,, HTTP/1.1" 200 5410
200.111.191.210 - - [17/May/2017:11:46:26 -0300] "POST /cormun/servlet/licenciaspermisosadjuntos?e27c39c79789dae516b615419d2eaeef,INS,15589626,L,20170516000000,, HTTP/1.1" 200 116
200.111.191.210 - - [17/May/2017:11:46:26 -0300] "GET /cormun/servlet/hpexe_return? HTTP/1.1" 200 1039
200.111.191.210 - - [17/May/2017:11:46:26 -0300] "GET /cormun/servlet/trlicenciaspermisosadjuntos?15589626,20170516000000,L, HTTP/1.1" 200 6491
200.111.191.210 - - [17/May/2017:11:46:26 -0300] "GET /cormun/servlet/trlicenciaspermisosadjuntos?15589626,20170516000000,L, HTTP/1.1" 200 6488
200.111.191.210 - - [17/May/2017:11:46:29 -0300] "GET /cormun/servlet/trlicencias? HTTP/1.1" 200 8111
200.111.191.210 - - [17/May/2017:11:46:29 -0300] "GET /cormun/servlet/trlicencias? HTTP/1.1" 200 8110
200.111.191.210 - - [17/May/2017:11:46:32 -0300] "POST /cormun/servlet/trlicencias?e27c39c79789dae516b615419d2eaeef,,gx-no-cache=1495032449362 HTTP/1.1" 200 5178
200.111.191.210 - - [17/May/2017:11:46:32 -0300] "GET /cormun/static/Shared/jqueryui/images/ui-bg_highlight-soft_100_c6c2c8_1x100.png HTTP/1.1" 404 1117
200.111.191.210 - - [17/May/2017:11:46:32 -0300] "GET /cormun/static/Shared/jqueryui/images/ui-bg_flat_55_fafafa_40x100.png HTTP/1.1" 404 1097
200.111.191.210 - - [17/May/2017:11:46:32 -0300] "GET /cormun/static/Shared/jqueryui/images/ui-icons_8d78a5_256x240.png HTTP/1.1" 404 1089
200.111.191.210 - - [17/May/2017:11:46:32 -0300] "GET /cormun/static/Shared/jqueryui/images/ui-icons_82798d_256x240.png HTTP/1.1" 404 1089
200.111.191.210 - - [17/May/2017:11:46:34 -0300] "GET /cormun/servlet/trlicenciaspermisosadjuntos?12692226,20170517000000,L, HTTP/1.1" 200 5952
200.111.191.210 - - [17/May/2017:11:46:35 -0300] "GET /cormun/servlet/trlicenciaspermisosadjuntos?12692226,20170517000000,L, HTTP/1.1" 200 5952
200.111.191.210 - - [17/May/2017:11:46:37 -0300] "GET /cormun/servlet/licenciaspermisosadjuntos?INS,12692226,L,20170517000000,, HTTP/1.1" 200 5423
200.111.191.210 - - [17/May/2017:11:46:37 -0300] "GET /cormun/static/about:blank HTTP/1.1" 404 1011
200.111.191.210 - - [17/May/2017:11:46:37 -0300] "GET /cormun/servlet/licenciaspermisosadjuntos?INS,12692226,L,20170517000000,, HTTP/1.1" 200 5413
200.111.191.210 - - [17/May/2017:11:46:44 -0300] "POST /cormun/servlet/licenciaspermisosadjuntos?e27c39c79789dae516b615419d2eaeef,INS,12692226,L,20170517000000,, HTTP/1.1" 200 116
200.111.191.210 - - [17/May/2017:11:46:44 -0300] "GET /cormun/servlet/hpexe_return? HTTP/1.1" 200 1038
200.111.191.210 - - [17/May/2017:11:46:44 -0300] "GET /cormun/servlet/trlicenciaspermisosadjuntos?12692226,20170517000000,L, HTTP/1.1" 200 6487
200.111.191.210 - - [17/May/2017:11:46:45 -0300] "GET /cormun/servlet/trlicenciaspermisosadjuntos?12692226,20170517000000,L, HTTP/1.1" 200 6484
186.103.159.44 - - [17/May/2017:11:46:46 -0300] "POST /cormun/servlet/hlogin?c567b3441c099a149203781593739262,gx-no-cache=1495032459522 HTTP/1.1" 200 90
186.103.159.44 - - [17/May/2017:11:46:46 -0300] "GET /cormun/servlet/hpexe_link HTTP/1.1" 200 962
186.103.159.44 - - [17/May/2017:11:46:46 -0300] "GET /cormun/servlet/renuncias?INS,0, HTTP/1.1" 200 5736
200.111.191.210 - - [17/May/2017:11:46:47 -0300] "GET /cormun/servlet/trlicencias? HTTP/1.1" 200 7758
200.111.191.210 - - [17/May/2017:11:46:48 -0300] "GET /cormun/servlet/trlicencias? HTTP/1.1" 200 7757
200.111.191.210 - - [17/May/2017:11:46:49 -0300] "POST /cormun/servlet/trlicencias?e27c39c79789dae516b615419d2eaeef,,gx-no-cache=1495032466838 HTTP/1.1" 200 4025
200.111.191.210 - - [17/May/2017:11:46:49 -0300] "GET /cormun/static/Shared/jqueryui/images/ui-bg_highlight-soft_100_c6c2c8_1x100.png HTTP/1.1" 404 1117
200.111.191.210 - - [17/May/2017:11:46:50 -0300] "GET /cormun/static/Shared/jqueryui/images/ui-icons_8d78a5_256x240.png HTTP/1.1" 404 1089
200.111.191.210 - - [17/May/2017:11:46:50 -0300] "GET /cormun/static/Shared/jqueryui/images/ui-icons_82798d_256x240.png HTTP/1.1" 404 1089
200.111.191.210 - - [17/May/2017:11:46:50 -0300] "GET /cormun/static/Shared/jqueryui/images/ui-bg_flat_55_fafafa_40x100.png HTTP/1.1" 404 1097
186.103.159.44 - - [17/May/2017:11:46:50 -0300] "GET /cormun/static/menuarrow.gif HTTP/1.1" 404 1015
186.103.159.44 - - [17/May/2017:11:46:53 -0300] "GET /cormun/servlet/renuncias?115be212b648f073296746a0e534aa74741ad04601eb62ccf9242772b163a5414d6b93f262a6ff1d8c23434367fd78d4,gx-no-cache=1495032466948 HTTP/1.1" 200 33
186.103.159.44 - - [17/May/2017:11:47:22 -0300] "GET /cormun/servlet/renuncias?115be212b648f073296746a0e534aa74641b466a583118db9492487dab3cb0d98158dd2ea1b88148ae5468d3bbde5ded,gx-no-cache=1495032496360 HTTP/1.1" 200 64
186.103.159.44 - - [17/May/2017:11:47:34 -0300] "GET /cormun/servlet/prcontrato?18379479,,,MD,,gxPopupLevel%3D0%3B HTTP/1.1" 200 5882
186.103.159.44 - - [17/May/2017:11:48:16 -0300] "POST /cormun/servlet/renuncias?c567b3441c099a149203781593739262,INS,0,,gx-no-cache=1495032550291 HTTP/1.1" 200 93
186.103.159.44 - - [17/May/2017:11:48:16 -0300] "GET /cormun/servlet/hpexe_return? HTTP/1.1" 200 1003
192.168.10.62 - - [17/May/2017:11:48:17 -0300] "POST /cormun/servlet/trsolicitudgral?244eb6e10fb1ab59d0ab9f4f1ff14845,,gx-no-cache=1495032505368 HTTP/1.1" 200 5222
192.168.10.62 - - [17/May/2017:11:48:17 -0300] "GET /cormun/static/Shared/jqueryui/images/ui-bg_highlight-soft_100_c6c2c8_1x100.png HTTP/1.1" 404 1117
192.168.10.62 - - [17/May/2017:11:48:17 -0300] "GET /cormun/static/Shared/jqueryui/images/ui-icons_82798d_256x240.png HTTP/1.1" 404 1089
192.168.10.62 - - [17/May/2017:11:48:17 -0300] "GET /cormun/static/Shared/jqueryui/images/ui-icons_8d78a5_256x240.png HTTP/1.1" 404 1089
192.168.10.62 - - [17/May/2017:11:48:17 -0300] "GET /cormun/static/Shared/jqueryui/images/ui-bg_flat_55_fafafa_40x100.png HTTP/1.1" 404 1097
186.103.159.44 - - [17/May/2017:11:48:17 -0300] "GET /cormun/servlet/hhome HTTP/1.1" 200 3785
192.168.10.62 - - [17/May/2017:11:48:23 -0300] "POST /cormun/servlet/trsolicitudgral?244eb6e10fb1ab59d0ab9f4f1ff14845,,gx-no-cache=1495032511108 HTTP/1.1" 200 7723
192.168.10.62 - - [17/May/2017:11:48:28 -0300] "POST /cormun/servlet/trsolicitudgral?244eb6e10fb1ab59d0ab9f4f1ff14845,,gx-no-cache=1495032516611 HTTP/1.1" 200 105
192.168.10.62 - - [17/May/2017:11:48:28 -0300] "POST /cormun/servlet/trsolicitudgral?244eb6e10fb1ab59d0ab9f4f1ff14845,,gx-no-cache=1495032516740 HTTP/1.1" 200 7708
192.168.10.62 - - [17/May/2017:11:48:29 -0300] "GET /cormun/SolicitudGral-5012.xls HTTP/1.1" 200 7168
186.103.159.44 - - [17/May/2017:11:48:32 -0300] "GET /cormun/servlet/trrenuncias? HTTP/1.1" 200 7216
186.103.159.44 - - [17/May/2017:11:48:38 -0300] "GET /cormun/servlet/trrenunciasadjuntos?49,18379479, HTTP/1.1" 200 5790
186.103.159.44 - - [17/May/2017:11:48:38 -0300] "GET /cormun/static/gxcfg.js?201731711565375 HTTP/1.1" 304 -
186.103.159.44 - - [17/May/2017:11:48:38 -0300] "GET /cormun/static/trrenunciasadjuntos.js?201731711565661 HTTP/1.1" 304 -
186.103.159.44 - - [17/May/2017:11:48:41 -0300] "GET /cormun/servlet/renunciasadjuntos?INS,49,, HTTP/1.1" 200 5122
186.103.159.44 - - [17/May/2017:11:48:42 -0300] "GET /cormun/static/gxcfg.js?201731711431598 HTTP/1.1" 304 -
186.103.159.44 - - [17/May/2017:11:48:42 -0300] "GET /cormun/static/renunciasadjuntos.js?20173171143167 HTTP/1.1" 304 -
186.103.159.44 - - [17/May/2017:11:48:42 -0300] "HEAD /cormun/static/about:blank HTTP/1.1" 404 -
186.103.159.44 - - [17/May/2017:11:48:58 -0300] "POST /cormun/servlet/renunciasadjuntos?c567b3441c099a149203781593739262,INS,49,, HTTP/1.1" 200 116
186.103.159.44 - - [17/May/2017:11:48:58 -0300] "GET /cormun/servlet/hpexe_return? HTTP/1.1" 200 1022
186.103.159.44 - - [17/May/2017:11:48:59 -0300] "GET /cormun/servlet/trrenunciasadjuntos?49,18379479, HTTP/1.1" 200 6198
186.103.159.44 - - [17/May/2017:11:49:00 -0300] "GET /cormun/PublicTempStorage/carta_renuncia_camila9408628.pdf HTTP/1.1" 200 482847
186.79.105.212 - - [17/May/2017:11:49:08 -0300] "GET /cormun/servlet/trlicencias? HTTP/1.1" 200 6581
186.79.105.212 - - [17/May/2017:11:49:09 -0300] "GET /cormun/servlet/trlicencias? HTTP/1.1" 200 6581
186.103.159.44 - - [17/May/2017:11:49:09 -0300] "GET /cormun/servlet/trrenuncias? HTTP/1.1" 200 7216
186.103.159.44 - - [17/May/2017:11:49:14 -0300] "GET /cormun/servlet/arenunciaprn?49,PU HTTP/1.1" 200 1551
40.77.167.137 - - [17/May/2017:11:49:18 -0300] "GET /cormun/servlet/trlicenciaspermisosadjuntos?14479174,20170322000000,L, HTTP/1.1" 200 6024
186.79.105.212 - - [17/May/2017:11:49:20 -0300] "GET /cormun/servlet/hlogin HTTP/1.1" 200 1728
186.79.105.212 - - [17/May/2017:11:49:30 -0300] "POST /cormun/servlet/hlogin?ab3a2345fec663186c453eee8050654b,gx-no-cache=1495032627092 HTTP/1.1" 200 90
186.79.105.212 - - [17/May/2017:11:49:31 -0300] "GET /cormun/servlet/hpexe_link HTTP/1.1" 200 961
186.79.105.212 - - [17/May/2017:11:49:33 -0300] "GET /cormun/servlet/trlicencias HTTP/1.1" 200 6583
186.79.105.212 - - [17/May/2017:11:49:37 -0300] "GET /cormun/servlet/trlicencias HTTP/1.1" 200 6581
186.79.105.212 - - [17/May/2017:11:49:43 -0300] "GET /cormun/servlet/trlicencias? HTTP/1.1" 200 6581
186.79.105.212 - - [17/May/2017:11:49:46 -0300] "GET /cormun/servlet/trlicencias? HTTP/1.1" 200 6581
186.79.105.212 - - [17/May/2017:11:49:49 -0300] "GET /cormun/servlet/licenciaspermisos?INS,0,,, HTTP/1.1" 200 7126
40.77.167.137 - - [17/May/2017:11:49:49 -0300] "GET /cormun/servlet/trlicenciaspermisosadjuntos?14479174,20170322000000,L, HTTP/1.1" 200 6028
186.79.105.212 - - [17/May/2017:11:49:52 -0300] "GET /cormun/servlet/licenciaspermisos?INS,0,,, HTTP/1.1" 200 7125
186.79.105.212 - - [17/May/2017:11:50:06 -0300] "GET /cormun/servlet/prfichaempleado?,MD,,gxPopupLevel%3D0%3B HTTP/1.1" 200 8759
190.45.55.254 - - [17/May/2017:11:50:21 -0300] "POST /cormun/servlet/solicitudot?gx-no-cache=1495032680759 HTTP/1.1" 440 972
190.45.55.254 - - [17/May/2017:11:50:23 -0300] "POST /cormun/servlet/solicitudot?a8c8c2d2340af4911797ce708993eceb,INS,0,0,,gx-no-cache=1495032683460 HTTP/1.1" 440 972
190.45.55.254 - - [17/May/2017:11:50:25 -0300] "GET /cormun/servlet/solicitudot?INS,0,0, HTTP/1.1" 200 12951
190.45.55.254 - - [17/May/2017:11:50:26 -0300] "GET /cormun/servlet/solicitudot?INS,0,0, HTTP/1.1" 200 12951
190.45.55.254 - - [17/May/2017:11:50:27 -0300] "GET /cormun/servlet/hlogin HTTP/1.1" 200 1719
186.103.159.44 - - [17/May/2017:11:50:27 -0300] "GET /cormun/servlet/renuncias?UPD,49, HTTP/1.1" 200 5956
186.79.105.212 - - [17/May/2017:11:50:27 -0300] "POST /cormun/servlet/prfichaempleado?ab3a2345fec663186c453eee8050654b,,MD,,gxPopupLevel%3D0%3B,gx-no-cache=1495032681497 HTTP/1.1" 200 3400
186.103.159.44 - - [17/May/2017:11:50:30 -0300] "GET /cormun/servlet/renuncias?115be212b648f073296746a0e534aa74741ad04601eb62ccf9242772b163a5414d6b93f262a6ff1d8c23434367fd78d4,gx-no-cache=1495032684603 HTTP/1.1" 200 33
186.103.159.44 - - [17/May/2017:11:50:31 -0300] "GET /cormun/servlet/renuncias?115be212b648f073296746a0e534aa74641b466a583118db9492487dab3cb0d9c63e04c24069570bc43ca1b108e0efa2,gx-no-cache=1495032684683 HTTP/1.1" 200 64
186.79.105.212 - - [17/May/2017:11:50:38 -0300] "GET /cormun/servlet/licenciaspermisos?378ae2b852d2c6b451bf73d3d069b7f8b2285d57edee9d8df705a7dbd46ff6b15d8cacafff61d914a6f1ee99c06ac41d,gx-no-cache=1495032693639 HTTP/1.1" 200 63
186.103.159.44 - - [17/May/2017:11:50:38 -0300] "POST /cormun/servlet/renuncias?c567b3441c099a149203781593739262,UPD,49,,gx-no-cache=1495032691663 HTTP/1.1" 200 93
186.103.159.44 - - [17/May/2017:11:50:38 -0300] "GET /cormun/servlet/hpexe_return? HTTP/1.1" 200 1004
186.103.159.44 - - [17/May/2017:11:50:39 -0300] "GET /cormun/servlet/trrenuncias HTTP/1.1" 200 7220
186.103.159.44 - - [17/May/2017:11:50:44 -0300] "GET /cormun/servlet/arenunciaprn?49,PU HTTP/1.1" 200 1554
186.79.105.212 - - [17/May/2017:11:50:47 -0300] "POST /cormun/servlet/licenciaspermisos?ab3a2345fec663186c453eee8050654b,INS,0,,,,gx-no-cache=1495032695994 HTTP/1.1" 200 4414
186.79.105.212 - - [17/May/2017:11:50:48 -0300] "GET /cormun/servlet/prfichaempleado?,MD,,gxPopupLevel%3D0%3B HTTP/1.1" 200 8759
190.45.55.254 - - [17/May/2017:11:50:55 -0300] "POST /cormun/servlet/hlogin?d9c376bbb4fd8b21c9c00858e0c45649,gx-no-cache=1495032715435 HTTP/1.1" 200 427
190.45.55.254 - - [17/May/2017:11:50:59 -0300] "GET /cormun/servlet/hlogin HTTP/1.1" 200 1719
190.45.55.254 - - [17/May/2017:11:51:04 -0300] "POST /cormun/servlet/hlogin?d9c376bbb4fd8b21c9c00858e0c45649,gx-no-cache=1495032724333 HTTP/1.1" 200 90
190.45.55.254 - - [17/May/2017:11:51:04 -0300] "GET /cormun/servlet/hpexe_link HTTP/1.1" 200 963
190.45.55.254 - - [17/May/2017:11:51:05 -0300] "GET /cormun/servlet/solicitudot?INS,0,0, HTTP/1.1" 200 12948
190.45.55.254 - - [17/May/2017:11:51:05 -0300] "GET /cormun/servlet/solicitudot?INS,0,0, HTTP/1.1" 200 12952
186.79.105.212 - - [17/May/2017:11:51:06 -0300] "GET /cormun/static/menuarrow.gif HTTP/1.1" 404 1015
186.79.61.60 - - [17/May/2017:11:51:20 -0300] "GET /cormun/servlet/hhome HTTP/1.1" 200 3333
186.79.61.60 - - [17/May/2017:11:51:21 -0300] "GET /cormun/servlet/hhome HTTP/1.1" 200 3342
186.79.61.60 - - [17/May/2017:11:51:21 -0300] "GET /cormun/servlet/hlogin HTTP/1.1" 200 1728
186.79.61.60 - - [17/May/2017:11:51:21 -0300] "GET /favicon.ico HTTP/1.1" 200 21630
186.79.61.60 - - [17/May/2017:11:51:23 -0300] "POST /cormun/servlet/hlogin?e4feb3b3f4368f07e8bc65bfd8095707,gx-no-cache=1495032743541 HTTP/1.1" 200 90
186.79.61.60 - - [17/May/2017:11:51:23 -0300] "GET /cormun/servlet/hpexe_link HTTP/1.1" 200 947
186.79.61.60 - - [17/May/2017:11:51:23 -0300] "GET /cormun/servlet/hhome HTTP/1.1" 200 3742
186.79.61.60 - - [17/May/2017:11:51:24 -0300] "GET /cormun/servlet/hhome HTTP/1.1" 200 3739
192.168.10.62 - - [17/May/2017:11:51:35 -0300] "GET /cormun/servlet/vesolicitudgral?2017,6340,, HTTP/1.1" 200 8227
192.168.10.62 - - [17/May/2017:11:51:35 -0300] "GET /cormun/static/gxcfg.js?201612218543032 HTTP/1.1" 304 -
192.168.10.62 - - [17/May/2017:11:51:35 -0300] "GET /cormun/pexe_scrolldiv.js HTTP/1.1" 404 1009
192.168.10.62 - - [17/May/2017:11:51:35 -0300] "GET /cormun/static/vesolicitudgral.js?201612218543091 HTTP/1.1" 304 -
192.168.10.62 - - [17/May/2017:11:51:35 -0300] "GET /cormun/static/tbsolicitudgral01.js?201731711414126 HTTP/1.1" 304 -
192.168.10.62 - - [17/May/2017:11:51:35 -0300] "GET /cormun/pexe_scrolldiv.js HTTP/1.1" 404 1009
192.168.10.62 - - [17/May/2017:11:51:36 -0300] "GET /cormun/servlet/vesolicitudgral?2017,6340,, HTTP/1.1" 200 8225
192.168.10.62 - - [17/May/2017:11:51:38 -0300] "POST /cormun/servlet/vesolicitudgral?244eb6e10fb1ab59d0ab9f4f1ff14845,2017,6340,,,gx-no-cache=1495032706240 HTTP/1.1" 200 115
192.168.10.62 - - [17/May/2017:11:51:38 -0300] "GET /cormun/servlet/solicitudotlog?INS,2017,6340,0,REC, HTTP/1.1" 200 5595
192.168.10.62 - - [17/May/2017:11:51:38 -0300] "GET /cormun/static/gxcfg.js?201731711401563 HTTP/1.1" 304 -
192.168.10.62 - - [17/May/2017:11:51:38 -0300] "GET /cormun/static/solicitudotlog.js?201731711401579 HTTP/1.1" 304 -
192.168.10.62 - - [17/May/2017:11:51:38 -0300] "GET /cormun/servlet/solicitudotlog?INS,2017,6340,0,REC, HTTP/1.1" 200 5589
192.168.10.62 - - [17/May/2017:11:51:39 -0300] "GET /cormun/servlet/solicitudotlog?1133a014fb15eb0b2738999dd4246d6e3ec7988fd541ae7ffc4cf81fb90c8ec027374b0b2a8b6c8f3b8ea36d12bddda607675c577f985fca4bbe61fe9200d6b2ba1885c73154543c7837fdea3bdd8fb8208b2886cf769b8e20b366dcc41c9dbde853f1efa560eb7538feb20e94da8308874a6a134cedb74219ceb858a1e411ababa1564497d2a482c05628e6ff3318869f551136f328444ff936b696132e45c0,gx-no-cache=1495032707149 HTTP/1.1" 200 94
190.45.55.254 - - [17/May/2017:11:51:43 -0300] "POST /cormun/servlet/solicitudot?gx-no-cache=1495032762658 HTTP/1.1" 200 3193
190.45.55.254 - - [17/May/2017:11:51:43 -0300] "POST /cormun/servlet/solicitudot?d9c376bbb4fd8b21c9c00858e0c45649,INS,0,0,,gx-no-cache=1495032762960 HTTP/1.1" 200 9993
190.45.55.254 - - [17/May/2017:11:51:43 -0300] "GET /cormun/servlet/solicitudot?a13284efa9a09f0592539309d636f928692257c8fb637b99c179a28e3cbed6708363979afdb6a6035fdc545d21680533,gx-no-cache=1495032763167 HTTP/1.1" 200 30
192.168.10.62 - - [17/May/2017:11:51:56 -0300] "POST /cormun/servlet/solicitudotlog?244eb6e10fb1ab59d0ab9f4f1ff14845,INS,2017,6340,0,REC,,gx-no-cache=1495032724303 HTTP/1.1" 200 93
192.168.10.62 - - [17/May/2017:11:51:56 -0300] "GET /cormun/servlet/hpexe_return? HTTP/1.1" 200 1028
192.168.10.62 - - [17/May/2017:11:51:56 -0300] "GET /cormun/static/Resources/Spanish/PXTools.css?167811 HTTP/1.1" 304 -
192.168.10.62 - - [17/May/2017:11:51:56 -0300] "GET /cormun/static/gxcfg.js?2016101716175148 HTTP/1.1" 304 -
192.168.10.62 - - [17/May/2017:11:51:56 -0300] "GET /cormun/static/hpexe_return.js?2016101716175153 HTTP/1.1" 304 -
190.45.55.254 - - [17/May/2017:11:51:56 -0300] "GET /cormun/servlet/hhome HTTP/1.1" 200 4119
192.168.10.62 - - [17/May/2017:11:51:56 -0300] "GET /cormun/servlet/vesolicitudgral?2017,6340,, HTTP/1.1" 200 8240
192.168.10.62 - - [17/May/2017:11:51:56 -0300] "GET /cormun/pexe_scrolldiv.js HTTP/1.1" 404 1009
192.168.10.62 - - [17/May/2017:11:51:56 -0300] "GET /cormun/pexe_scrolldiv.js HTTP/1.1" 404 1009
190.45.55.254 - - [17/May/2017:11:51:57 -0300] "GET /cormun/servlet/hhome HTTP/1.1" 200 4111
192.168.10.62 - - [17/May/2017:11:51:57 -0300] "GET /cormun/servlet/vesolicitudgral?2017,6340,, HTTP/1.1" 200 8237
192.168.10.62 - - [17/May/2017:11:52:00 -0300] "GET /cormun/servlet/trsolicitudgral? HTTP/1.1" 200 10380
192.168.10.62 - - [17/May/2017:11:52:00 -0300] "GET /cormun/servlet/trsolicitudgral? HTTP/1.1" 200 10376
131.253.27.0 - - [17/May/2017:11:52:14 -0300] "GET /cormun/static/gxtimezone.js?85251 HTTP/1.1" 200 5781
131.253.27.0 - - [17/May/2017:11:52:15 -0300] "GET /cormun/static/calendar.js?85251 HTTP/1.1" 200 26246
131.253.27.0 - - [17/May/2017:11:52:18 -0300] "GET /cormun/static/RunJS/RunJS.js HTTP/1.1" 200 288
131.253.27.0 - - [17/May/2017:11:52:18 -0300] "GET /cormun/static/PXToolsJavascripts/pexe_autoreload.js HTTP/1.1" 200 1762
192.168.10.62 - - [17/May/2017:11:52:20 -0300] "POST /cormun/servlet/trsolicitudgral?244eb6e10fb1ab59d0ab9f4f1ff14845,,gx-no-cache=1495032748121 HTTP/1.1" 200 105
192.168.10.62 - - [17/May/2017:11:52:20 -0300] "POST /cormun/servlet/trsolicitudgral?244eb6e10fb1ab59d0ab9f4f1ff14845,,gx-no-cache=1495032748250 HTTP/1.1" 200 7348
131.253.27.0 - - [17/May/2017:11:52:20 -0300] "GET /cormun/static/hpexe_messagecontroller.js?201610171694323 HTTP/1.1" 200 870
192.168.10.62 - - [17/May/2017:11:52:20 -0300] "GET /cormun/SolicitudGral-3176.xls HTTP/1.1" 200 6656
131.253.27.0 - - [17/May/2017:11:52:21 -0300] "GET /cormun/static/scaMessage/js/jquery.pnotify.min.js HTTP/1.1" 200 13038
131.253.27.0 - - [17/May/2017:11:52:23 -0300] "GET /cormun/servlet/trlicenciaspermisosadjuntos?10750927,20170320000000,L, HTTP/1.1" 200 28814
186.79.105.212 - - [17/May/2017:11:52:25 -0300] "GET /cormun/servlet/licenciaspermisos?378ae2b852d2c6b451bf73d3d069b7f856bf12cf0cf26f01dbb32f596b4c3464c2f21df172974692a34476399c870adf92352716f41e0f59d39adbd4580bac351b317ca6e81ec7ac0947d6495850cd842ae3e2c914feba74aef27e9f08fc0d8c49bef7ee139743e94805fddabe16588e3b1e35815f0b7464466528c044534d08d742a6567ca7061ed8879743a233a304d822028a9e875456b030bdf0d35b5e6fbc5a116d7e464fe9554ebf13c7a1b660,gx-no-cache=1495032803471 HTTP/1.1" 200 30
186.79.105.212 - - [17/May/2017:11:52:26 -0300] "POST /cormun/servlet/licenciaspermisos?ab3a2345fec663186c453eee8050654b,INS,0,,,,gx-no-cache=1495032803689 HTTP/1.1" 200 4496
186.79.105.212 - - [17/May/2017:11:52:43 -0300] "GET /cormun/servlet/trsolicitudot? HTTP/1.1" 200 6689
186.79.105.212 - - [17/May/2017:11:52:45 -0300] "GET /cormun/servlet/trsolicitudot? HTTP/1.1" 200 6681
186.79.105.212 - - [17/May/2017:11:52:50 -0300] "GET /cormun/servlet/solicitudot?INS,0,0, HTTP/1.1" 200 12552
186.79.105.212 - - [17/May/2017:11:52:52 -0300] "GET /cormun/servlet/solicitudot?INS,0,0, HTTP/1.1" 200 12557
186.103.159.44 - - [17/May/2017:11:52:52 -0300] "POST /cormun/servlet/trrenuncias?c567b3441c099a149203781593739262,gx-no-cache=1495032826403 HTTP/1.1" 200 3939
186.103.159.44 - - [17/May/2017:11:52:53 -0300] "GET /cormun/static/Shared/jqueryui/images/ui-icons_8d78a5_256x240.png HTTP/1.1" 404 1089
186.103.159.44 - - [17/May/2017:11:52:53 -0300] "GET /cormun/static/Shared/jqueryui/images/ui-bg_highlight-soft_100_c6c2c8_1x100.png HTTP/1.1" 404 1117
186.103.159.44 - - [17/May/2017:11:52:53 -0300] "GET /cormun/static/Shared/jqueryui/images/ui-icons_82798d_256x240.png HTTP/1.1" 404 1089
186.103.159.44 - - [17/May/2017:11:52:53 -0300] "GET /cormun/static/Shared/jqueryui/images/ui-bg_flat_55_fafafa_40x100.png HTTP/1.1" 404 1097
186.79.105.212 - - [17/May/2017:11:53:10 -0300] "POST /cormun/servlet/solicitudot?gx-no-cache=1495032848460 HTTP/1.1" 200 3092
186.79.105.212 - - [17/May/2017:11:53:11 -0300] "POST /cormun/servlet/solicitudot?ab3a2345fec663186c453eee8050654b,INS,0,0,,gx-no-cache=1495032849010 HTTP/1.1" 200 9691
186.79.105.212 - - [17/May/2017:11:53:14 -0300] "GET /cormun/servlet/solicitudot?50e6f8d6fece15dbefe34fcaa94b7491ddf532e0b12c53538a46ca80f5817c761633d53a696161da4bd30ac1e30f259b,gx-no-cache=1495032852777 HTTP/1.1" 200 30
186.79.105.212 - - [17/May/2017:11:55:01 -0300] "POST /cormun/servlet/solicitudot?gx-no-cache=1495032958619 HTTP/1.1" 200 255
186.79.105.212 - - [17/May/2017:11:55:04 -0300] "GET /cormun/servlet/solicitudot?50e6f8d6fece15dbefe34fcaa94b749147beda7dd663286312d051b6eb8f5fbddf95d426816b7c9ca5071b063c73dc0909f963dea451d0823d68425be9ef839862852d16aa9c4bc189c61f7f901501a412f7e666a50ab2bd3ec9a5d37372a97796a8befea6f89a196825b02b4a7b67f968299edc3b33293fb85f00cb499affe14e5ee431a8a7801a2de7a512e75c79636156cea2c328d5167473c230ff5c64567df36e907d023894c491c2a0a14b6cdf72ee2a146211fb19921dfa8332ae03c6724eca3327f3b2961b5632f821edc93b602d6bdc6d6db9817ad3d6b8d2dd4b0bb0c39a113dcb5b19a706ff8b3efc6dfc9d98818a4208c94db1619a81363b89cd92352716f41e0f59d39adbd4580bac359df37cd2a679b8a88d8eed02ccbfeb51656915e2191ac61175771ad72727a49c53565e7b705ef9f5903c68bd3b86c7a9d352f0437f047c336672aa63c3a9d513e7a3d7068564ecca8b266b164bdd5292cd0d34be27b098554f7ddaec6ad8b6566cd0ce4ab5bc30b124345787eb3608c1,gx-no-cache=1495032962430 HTTP/1.1" 200 30
186.79.105.212 - - [17/May/2017:11:55:14 -0300] "POST /cormun/servlet/solicitudot?gx-no-cache=1495032972376 HTTP/1.1" 200 30
186.79.105.212 - - [17/May/2017:11:55:17 -0300] "POST /cormun/servlet/solicitudot?gx-no-cache=1495032975614 HTTP/1.1" 200 235
186.79.105.212 - - [17/May/2017:11:55:17 -0300] "POST /cormun/servlet/solicitudot?gx-no-cache=1495032975779 HTTP/1.1" 200 38
186.79.105.212 - - [17/May/2017:11:56:20 -0300] "GET /cormun/servlet/solicitudot?50e6f8d6fece15dbefe34fcaa94b749111f9acd8725fb9745f01ec06df19188a1ff187c84e3962ff2a52f9e1b31275ede9cb3461b8f896a9fd439e691f1794014bae6f4d8dc933e509848a479e15ef31852c4a54244b623d3b23061a46930bc2251fc2af3b0630c5415a34269baf0921,gx-no-cache=1495033038342 HTTP/1.1" 200 29
186.79.105.212 - - [17/May/2017:11:56:20 -0300] "POST /cormun/servlet/solicitudot?gx-no-cache=1495033038518 HTTP/1.1" 200 709
186.79.105.212 - - [17/May/2017:11:56:22 -0300] "POST /cormun/servlet/solicitudot?gx-no-cache=1495033040505 HTTP/1.1" 200 1162
192.168.10.62 - - [17/May/2017:11:57:44 -0300] "POST /cormun/servlet/trsolicitudgral?244eb6e10fb1ab59d0ab9f4f1ff14845,,gx-no-cache=1495033072454 HTTP/1.1" 200 7049
192.168.10.62 - - [17/May/2017:11:57:44 -0300] "GET /cormun/static/Shared/jqueryui/images/ui-bg_highlight-soft_100_c6c2c8_1x100.png HTTP/1.1" 404 1117
192.168.10.62 - - [17/May/2017:11:57:44 -0300] "GET /cormun/static/Shared/jqueryui/images/ui-icons_82798d_256x240.png HTTP/1.1" 404 1089
192.168.10.62 - - [17/May/2017:11:57:44 -0300] "GET /cormun/static/Shared/jqueryui/images/ui-bg_flat_55_fafafa_40x100.png HTTP/1.1" 404 1097
192.168.10.62 - - [17/May/2017:11:57:44 -0300] "GET /cormun/static/Shared/jqueryui/images/ui-icons_8d78a5_256x240.png HTTP/1.1" 404 1089
192.168.10.62 - - [17/May/2017:11:57:51 -0300] "GET /cormun/servlet/vesolicitudgral?2017,6331,, HTTP/1.1" 200 8268
192.168.10.62 - - [17/May/2017:11:57:51 -0300] "GET /cormun/pexe_scrolldiv.js HTTP/1.1" 404 1009
192.168.10.62 - - [17/May/2017:11:57:51 -0300] "GET /cormun/pexe_scrolldiv.js HTTP/1.1" 404 1009
192.168.10.62 - - [17/May/2017:11:57:51 -0300] "GET /cormun/servlet/vesolicitudgral?2017,6331,, HTTP/1.1" 200 8268
192.168.10.62 - - [17/May/2017:11:57:53 -0300] "POST /cormun/servlet/vesolicitudgral?244eb6e10fb1ab59d0ab9f4f1ff14845,2017,6331,,,gx-no-cache=1495033081042 HTTP/1.1" 200 115
192.168.10.62 - - [17/May/2017:11:57:53 -0300] "GET /cormun/servlet/solicitudotlog?INS,2017,6331,0,REC, HTTP/1.1" 200 5595
192.168.10.62 - - [17/May/2017:11:57:53 -0300] "GET /cormun/servlet/solicitudotlog?INS,2017,6331,0,REC, HTTP/1.1" 200 5589
192.168.10.62 - - [17/May/2017:11:57:54 -0300] "GET /cormun/servlet/solicitudotlog?1133a014fb15eb0b2738999dd4246d6ecb4f812aec690574b14fceefee01bb2e27374b0b2a8b6c8f3b8ea36d12bddda607675c577f985fca4bbe61fe9200d6b2ba1885c73154543c7837fdea3bdd8fb8208b2886cf769b8e20b366dcc41c9dbde853f1efa560eb7538feb20e94da8308874a6a134cedb74219ceb858a1e411ababa1564497d2a482c05628e6ff3318869f551136f328444ff936b696132e45c0,gx-no-cache=1495033081942 HTTP/1.1" 200 94
192.168.10.62 - - [17/May/2017:11:58:05 -0300] "POST /cormun/servlet/solicitudotlog?244eb6e10fb1ab59d0ab9f4f1ff14845,INS,2017,6331,0,REC,,gx-no-cache=1495033093158 HTTP/1.1" 200 93
192.168.10.62 - - [17/May/2017:11:58:05 -0300] "GET /cormun/servlet/hpexe_return? HTTP/1.1" 200 1028
192.168.10.62 - - [17/May/2017:11:58:05 -0300] "GET /cormun/servlet/vesolicitudgral?2017,6331,, HTTP/1.1" 200 8283
192.168.10.62 - - [17/May/2017:11:58:05 -0300] "GET /cormun/pexe_scrolldiv.js HTTP/1.1" 404 1009
192.168.10.62 - - [17/May/2017:11:58:05 -0300] "GET /cormun/pexe_scrolldiv.js HTTP/1.1" 404 1009
