200.112.3.116 - - [16/May/2017:10:54:38 -0300] "GET /cormun//static/Resources/PXToolsActionDisabled.gif HTTP/1.1" 200 53
200.111.191.210 - - [16/May/2017:10:54:49 -0300] "POST /cormun/servlet/trlicencias?5ecfc17dc40cc82e25d2fd8cd06d4b21,,gx-no-cache=1494942946124 HTTP/1.1" 200 4025
200.111.191.210 - - [16/May/2017:10:54:49 -0300] "GET /cormun/static/Shared/jqueryui/images/ui-icons_82798d_256x240.png HTTP/1.1" 404 1089
200.111.191.210 - - [16/May/2017:10:54:49 -0300] "GET /cormun/static/Shared/jqueryui/images/ui-bg_flat_55_fafafa_40x100.png HTTP/1.1" 404 1097
200.111.191.210 - - [16/May/2017:10:54:49 -0300] "GET /cormun/static/Shared/jqueryui/images/ui-icons_8d78a5_256x240.png HTTP/1.1" 404 1089
200.111.191.210 - - [16/May/2017:10:54:49 -0300] "GET /cormun/static/Shared/jqueryui/images/ui-bg_highlight-soft_100_c6c2c8_1x100.png HTTP/1.1" 404 1117
200.111.191.210 - - [16/May/2017:10:55:45 -0300] "GET /cormun/servlet/hlogin HTTP/1.1" 200 1743
200.112.4.67 - - [16/May/2017:10:56:51 -0300] "POST /cormun/servlet/solicitudot?gx-no-cache=1494943068367 HTTP/1.1" 200 255
200.112.4.67 - - [16/May/2017:10:57:08 -0300] "GET /cormun/servlet/solicitudot?769c9f1e531d0b7619a9285e8a225c8e388afe4a8919d7c1211fa5502bad905dd0f06c0857f5a7b1f5af3619555d2596c17f8d12e28752e039056b4ee62b8c2963f6e3cc6e3d98830d15604660142601e4a2ae38e11000d8cb5cc295052bc69620c1cd6ea7afae1b31ac032922f57e83be91c91727fad299c72f8e9fcb7f241fa8ad2b0a9c18c466a6ec18772639e3db7251fb9090942a91810864a1aab7e937ff88c701fdbaebe52ac022c5e647acd73bb5c9240a540b49860efc14ed5b6fc1d24af77db117d1e1b3502248783829eb02c9a5e019edbea6f6133e47102dfb669d1d820fd48bf7b366c38db1a322282dd8b5a1c1594b293cab4aa1d8c82af29519a18f55ffcfb8771a99e3e058176ac45d3c3811b714b7819a7361640dd1eed9fe711f7a389f8482e1cc1407497cc25177ef5f34b8391262969af637735148d8a59bec43222c90c31271ab004b7c985f575b849fc092abfc1ac7093613495c7c865b08fc498afecab82654e767d588568f885da6dc66493914e9a45f3f642c24,gx-no-cache=1494943087622 HTTP/1.1" 200 30
200.112.4.67 - - [16/May/2017:10:57:21 -0300] "POST /cormun/servlet/solicitudot?gx-no-cache=1494943093511 HTTP/1.1" 200 30
200.112.4.67 - - [16/May/2017:10:57:38 -0300] "GET /cormun/servlet/prcontratosol?11806435,,,,,MD,,gxPopupLevel%3D0%3B HTTP/1.1" 200 5600
200.112.4.67 - - [16/May/2017:10:57:38 -0300] "GET /cormun/static/gxcfg.js?201731711522183 HTTP/1.1" 304 -
200.112.4.67 - - [16/May/2017:10:57:39 -0300] "GET /cormun/static/prcontratosol.js?201731711522419 HTTP/1.1" 304 -
200.112.4.67 - - [16/May/2017:10:57:44 -0300] "POST /cormun/servlet/solicitudot?gx-no-cache=1494943123437 HTTP/1.1" 200 235
200.112.4.67 - - [16/May/2017:10:57:44 -0300] "POST /cormun/servlet/solicitudot?gx-no-cache=1494943124012 HTTP/1.1" 200 38
200.112.4.67 - - [16/May/2017:10:57:45 -0300] "GET /cormun/servlet/solicitudot?769c9f1e531d0b7619a9285e8a225c8e950f917d443a49c798424abeb9c8292341bcd21f7136f6a8c0d4abca586466a18aa0413155b189d5a69e5b46beed5da794b1ecb01656cf21a10bf3cc8023082d7d20a1830be25a9d63a600c4e10ee80d5c7a0c55467bf3a9a7832404a209b220,gx-no-cache=1494943124581 HTTP/1.1" 200 29
200.112.4.67 - - [16/May/2017:10:57:46 -0300] "POST /cormun/servlet/solicitudot?gx-no-cache=1494943125147 HTTP/1.1" 200 709
200.112.4.67 - - [16/May/2017:10:57:46 -0300] "POST /cormun/servlet/solicitudot?gx-no-cache=1494943125771 HTTP/1.1" 200 585
200.112.4.67 - - [16/May/2017:10:57:54 -0300] "POST /cormun/servlet/solicitudot?gx-no-cache=1494943133375 HTTP/1.1" 200 30
200.112.4.67 - - [16/May/2017:10:58:01 -0300] "POST /cormun/servlet/solicitudot?gx-no-cache=1494943141090 HTTP/1.1" 200 723
200.112.4.67 - - [16/May/2017:10:58:02 -0300] "POST /cormun/servlet/solicitudot?gx-no-cache=1494943141735 HTTP/1.1" 200 38
200.112.4.67 - - [16/May/2017:10:58:43 -0300] "POST /cormun/servlet/solicitudot?gx-no-cache=1494943177702 HTTP/1.1" 200 709
200.112.4.67 - - [16/May/2017:10:58:46 -0300] "POST /cormun/servlet/solicitudot?gx-no-cache=1494943185151 HTTP/1.1" 200 1162
200.112.4.67 - - [16/May/2017:11:01:35 -0300] "GET /cormun/servlet/solicitudot?769c9f1e531d0b7619a9285e8a225c8ee2ccdef7b799a38cec634729d0cb1d71815ff3b973de3bb4dcdd2a8b8746ded95b37d173540cbfab2be55cf04d063b37fe52aa6f62a996a1380b3858c350dfc44e6dd9cf47c51959550f3758ce109aeeab3530c9844ad4d6bd99f56c519a910a99991a4f2195ecb368fff1303410395117718e899191abe9f355202b2d9ddae2e5eec2a308806f1e2e9ed8a5a1e13de0,gx-no-cache=1494943354098 HTTP/1.1" 200 30
200.112.4.67 - - [16/May/2017:11:01:37 -0300] "GET /cormun/static/menuarrow.gif HTTP/1.1" 404 1015
186.103.157.246 - - [16/May/2017:11:01:48 -0300] "GET /cormun/servlet/hlogin HTTP/1.1" 200 1709
186.103.157.246 - - [16/May/2017:11:01:48 -0300] "GET /cormun/static/Resources/Spanish/PXTools.css?11294912 HTTP/1.1" 304 -
186.103.157.246 - - [16/May/2017:11:01:48 -0300] "GET /cormun/static/gxtimezone.js?85251 HTTP/1.1" 304 -
186.103.157.246 - - [16/May/2017:11:01:48 -0300] "GET /cormun/static/gxgral.js?85251 HTTP/1.1" 304 -
186.103.157.246 - - [16/May/2017:11:01:48 -0300] "GET /cormun/static/gxcfg.js?201741110203197 HTTP/1.1" 304 -
186.103.157.246 - - [16/May/2017:11:01:48 -0300] "GET /cormun/static/messages.spa.js?85251 HTTP/1.1" 304 -
186.103.157.246 - - [16/May/2017:11:01:48 -0300] "GET /cormun/static/hlogin.js?201741110203211 HTTP/1.1" 304 -
186.103.157.246 - - [16/May/2017:11:01:48 -0300] "GET /cormun/static/Resources/ComunLogin.png HTTP/1.1" 304 -
186.103.157.246 - - [16/May/2017:11:01:48 -0300] "GET /cormun/static/Resources/PXToolsLoginTop.png HTTP/1.1" 304 -
186.103.157.246 - - [16/May/2017:11:01:48 -0300] "GET /cormun/static/Resources/PXToolsLoginBackground.png HTTP/1.1" 304 -
186.103.157.246 - - [16/May/2017:11:01:48 -0300] "GET /cormun/static/Resources/PXToolsButtonLeft21.png HTTP/1.1" 304 -
186.103.157.246 - - [16/May/2017:11:01:48 -0300] "GET /cormun/static/Resources/PXToolsButtonRight21.png HTTP/1.1" 304 -
186.103.157.246 - - [16/May/2017:11:01:48 -0300] "GET /cormun/static/Resources/PXToolsButtonBackground2.png HTTP/1.1" 304 -
186.103.157.246 - - [16/May/2017:11:01:48 -0300] "GET /cormun/static/Resources/PXToolsLoginBottom.png HTTP/1.1" 304 -
186.103.157.246 - - [16/May/2017:11:01:49 -0300] "GET /cormun/servlet/hlogin HTTP/1.1" 200 1709
186.103.157.246 - - [16/May/2017:11:01:49 -0300] "GET /cormun/static/Resources/indicator.gif HTTP/1.1" 304 -
186.103.157.246 - - [16/May/2017:11:01:58 -0300] "POST /cormun/servlet/hlogin?1fde05083c53524e341f6fb0ecc62921,gx-no-cache=1494943376988 HTTP/1.1" 200 90
186.103.157.246 - - [16/May/2017:11:01:58 -0300] "GET /cormun/servlet/hpexe_link HTTP/1.1" 200 941
186.103.157.246 - - [16/May/2017:11:01:58 -0300] "GET /cormun/static/gxcfg.js?201731711483381 HTTP/1.1" 304 -
186.103.157.246 - - [16/May/2017:11:01:58 -0300] "GET /cormun/static/hpexe_link.js?201731711483384 HTTP/1.1" 304 -
186.103.157.246 - - [16/May/2017:11:01:58 -0300] "GET /cormun/servlet/hhome HTTP/1.1" 200 3706
186.103.157.246 - - [16/May/2017:11:01:58 -0300] "GET /cormun/static/Shared/jqueryui/jquery-ui.min.css?1245370 HTTP/1.1" 304 -
186.103.157.246 - - [16/May/2017:11:01:58 -0300] "GET /cormun/static/SmoothNavMenu/resources/ddsmoothmenu.css?1012540 HTTP/1.1" 304 -
186.103.157.246 - - [16/May/2017:11:01:58 -0300] "GET /cormun/static/SmoothNavMenu/resources/ddsmoothmenu-v.css?1012540 HTTP/1.1" 304 -
186.103.157.246 - - [16/May/2017:11:01:58 -0300] "GET /cormun/static/scaMessage/css/jquery.pnotify.default.css?1716380 HTTP/1.1" 304 -
186.103.157.246 - - [16/May/2017:11:01:58 -0300] "GET /cormun/static/gxcfg.js?201731711483497 HTTP/1.1" 304 -
186.103.157.246 - - [16/May/2017:11:01:58 -0300] "GET /cormun/static/PXToolsJavascripts/pexe_autoreload.js HTTP/1.1" 304 -
186.103.157.246 - - [16/May/2017:11:01:58 -0300] "GET /cormun/static/PXToolsJavascripts/pexe_cookies.js HTTP/1.1" 304 -
186.103.157.246 - - [16/May/2017:11:01:58 -0300] "GET /cormun/static/PXToolsJavascripts/pexe_windows.js HTTP/1.1" 304 -
186.103.157.246 - - [16/May/2017:11:01:58 -0300] "GET /cormun/static/PXToolsJavascripts/pexe_grid.js HTTP/1.1" 304 -
186.103.157.246 - - [16/May/2017:11:01:58 -0300] "GET /cormun/static/PXToolsJavascripts/pexe_griddivfix.js HTTP/1.1" 304 -
186.103.157.246 - - [16/May/2017:11:01:59 -0300] "GET /cormun/static/PXToolsJavascripts/pexe_link.js HTTP/1.1" 304 -
186.103.157.246 - - [16/May/2017:11:01:59 -0300] "GET /cormun/static/PXToolsJavascripts/pexe_menus.js HTTP/1.1" 304 -
186.103.157.246 - - [16/May/2017:11:01:59 -0300] "GET /cormun/static/PXToolsJavascripts/pexe_oavdivfix.js HTTP/1.1" 304 -
186.103.157.246 - - [16/May/2017:11:01:59 -0300] "GET /cormun/static/PXToolsJavascripts/pexe_popup.js HTTP/1.1" 304 -
186.103.157.246 - - [16/May/2017:11:01:59 -0300] "GET /cormun/static/PXToolsJavascripts/pexe_menudivfix.js HTTP/1.1" 304 -
186.103.157.246 - - [16/May/2017:11:01:59 -0300] "GET /cormun/static/PXToolsJavascripts/pexe_oav.js HTTP/1.1" 304 -
186.103.157.246 - - [16/May/2017:11:01:59 -0300] "GET /cormun/static/PXToolsJavascripts/pexe_picture.js HTTP/1.1" 304 -
186.103.157.246 - - [16/May/2017:11:01:59 -0300] "GET /cormun/static/PXToolsJavascripts/pexe_scrolldiv.js HTTP/1.1" 304 -
186.103.157.246 - - [16/May/2017:11:01:59 -0300] "GET /cormun/static/PXToolsJavascripts/pexe_layers.js HTTP/1.1" 304 -
186.103.157.246 - - [16/May/2017:11:01:59 -0300] "GET /cormun/static/PXToolsJavascripts/pexe_tabs.js HTTP/1.1" 304 -
186.103.157.246 - - [16/May/2017:11:01:59 -0300] "GET /cormun/static/PXToolsJavascripts/PXToolsJavascriptsRender.js HTTP/1.1" 304 -
186.103.157.246 - - [16/May/2017:11:01:59 -0300] "GET /cormun/static/PXToolsJavascripts/pexe_tabdivfix.js HTTP/1.1" 304 -
186.103.157.246 - - [16/May/2017:11:01:59 -0300] "GET /cormun/static/RunJS/RunJS.js HTTP/1.1" 304 -
186.103.157.246 - - [16/May/2017:11:01:59 -0300] "GET /cormun/static/PXToolsJavascripts/pexe_upload.js HTTP/1.1" 304 -
186.103.157.246 - - [16/May/2017:11:01:59 -0300] "GET /cormun/static/Shared/ext/ext-all.js HTTP/1.1" 304 -
186.103.157.246 - - [16/May/2017:11:01:59 -0300] "GET /cormun/static/gxui/gxui-all.js HTTP/1.1" 304 -
186.103.157.246 - - [16/May/2017:11:01:59 -0300] "GET /cormun/static/Shared/ext/locale/ext-lang-en.js HTTP/1.1" 304 -
186.103.157.246 - - [16/May/2017:11:01:59 -0300] "GET /cormun/static/hhome.js?20173171148352 HTTP/1.1" 304 -
186.103.157.246 - - [16/May/2017:11:01:59 -0300] "GET /cormun/static/hwchdr01.js?201731711335950 HTTP/1.1" 304 -
186.103.157.246 - - [16/May/2017:11:01:59 -0300] "GET /cormun/static/hpexe_recentlink.js?201610171694390 HTTP/1.1" 304 -
186.103.157.246 - - [16/May/2017:11:01:59 -0300] "GET /cormun/static/hpexe_scripts.js?201731711335890 HTTP/1.1" 304 -
186.103.157.246 - - [16/May/2017:11:01:59 -0300] "GET /cormun/static/hpexe_messagecontroller.js?201610171694323 HTTP/1.1" 304 -
186.103.157.246 - - [16/May/2017:11:01:59 -0300] "GET /cormun/static/hpexe_messagepopupcomponent.js?20161017169425 HTTP/1.1" 304 -
186.103.157.246 - - [16/May/2017:11:01:59 -0300] "GET /cormun/static/hpexe_messagegenexuscomponent.js?201731711335537 HTTP/1.1" 304 -
186.103.157.246 - - [16/May/2017:11:01:59 -0300] "GET /cormun/static/cmcontrolpreferences.js?201731711335852 HTTP/1.1" 304 -
200.112.4.67 - - [16/May/2017:11:01:59 -0300] "GET /cormun/servlet/solicitudot?769c9f1e531d0b7619a9285e8a225c8ee2ccdef7b799a38cec634729d0cb1d71a2f2ecac91270c0d087932e83ab1ec98147d1abd2a9ad36f10e51febba6a76a731fce82c6487579ee3f927eb969af6e0f9d507fb4022b12840a14096dafc1b56b9c7cc44901b185325aba3aed80dc242b98ac6fec466f50b0c969d6d9d7af3a35cca18e96b2cf81ca35ceb94ec4849b1b35caf97d79705b739e9266e65b6dfa1fb57104fbd2d3f955981af11343f04da,gx-no-cache=1494943378397 HTTP/1.1" 200 30
186.103.157.246 - - [16/May/2017:11:01:59 -0300] "GET /cormun/static/Shared/jquery/jquery-1.4.2.min.js HTTP/1.1" 304 -
186.103.157.246 - - [16/May/2017:11:01:59 -0300] "GET /cormun/static/Shared/jquery/jquery-1.10.2.min.js HTTP/1.1" 304 -
186.103.157.246 - - [16/May/2017:11:01:59 -0300] "GET /cormun/static/Shared/jqueryui/jquery-ui.min.js HTTP/1.1" 304 -
186.103.157.246 - - [16/May/2017:11:01:59 -0300] "GET /cormun/static/SmoothNavMenu/resources/ddsmoothmenu.js HTTP/1.1" 304 -
186.103.157.246 - - [16/May/2017:11:01:59 -0300] "GET /cormun/static/SmoothNavMenu/resources/SmoothNavMenuRender.js HTTP/1.1" 304 -
186.103.157.246 - - [16/May/2017:11:01:59 -0300] "GET /cormun/static/scaMessage/js/jquery.pnotify.min.js HTTP/1.1" 304 -
186.103.157.246 - - [16/May/2017:11:01:59 -0300] "GET /cormun/static/scaMessage/scaMessageRender.js HTTP/1.1" 304 -
186.103.157.246 - - [16/May/2017:11:01:59 -0300] "GET /cormun/static/hmpwkw03.js?201731711485354 HTTP/1.1" 304 -
186.103.157.246 - - [16/May/2017:11:02:00 -0300] "GET /cormun/static/Resources/logo4.png HTTP/1.1" 304 -
186.103.157.246 - - [16/May/2017:11:02:00 -0300] "GET /cormun/static/Resources/PXToolsHeaderActionsLeft.png HTTP/1.1" 304 -
186.103.157.246 - - [16/May/2017:11:02:00 -0300] "GET /cormun/static/Resources/PXToolsFooterBackground2.png HTTP/1.1" 304 -
186.103.157.246 - - [16/May/2017:11:02:00 -0300] "GET /cormun/static/Resources/PXToolsHeaderHome.png HTTP/1.1" 304 -
186.103.157.246 - - [16/May/2017:11:02:00 -0300] "GET /cormun/static/Resources/PXToolsHeaderBackground2.png HTTP/1.1" 304 -
186.103.157.246 - - [16/May/2017:11:02:00 -0300] "GET /cormun/static/Resources/PXToolsHeaderLogin.png HTTP/1.1" 304 -
186.103.157.246 - - [16/May/2017:11:02:00 -0300] "GET /cormun/static/Resources/PXToolsHeaderActionsBackground.png HTTP/1.1" 304 -
186.103.157.246 - - [16/May/2017:11:02:00 -0300] "GET /cormun/static/Resources/PXToolsHeaderPreferences.png HTTP/1.1" 304 -
186.103.157.246 - - [16/May/2017:11:02:00 -0300] "GET /cormun/static/Resources/PXToolsHeaderSecurity.png HTTP/1.1" 304 -
186.103.157.246 - - [16/May/2017:11:02:00 -0300] "GET /cormun/static/Resources/PXToolsHeaderActionsRight.png HTTP/1.1" 304 -
186.103.157.246 - - [16/May/2017:11:02:00 -0300] "GET /cormun/static/Resources/PXToolsDataTitle.png HTTP/1.1" 304 -
186.103.157.246 - - [16/May/2017:11:02:00 -0300] "GET /cormun/static/SmoothNavMenu/resources/images/down.gif HTTP/1.1" 304 -
186.103.157.246 - - [16/May/2017:11:02:09 -0300] "GET /cormun/servlet/trsolicitudot? HTTP/1.1" 200 6646
186.103.157.246 - - [16/May/2017:11:02:09 -0300] "GET /cormun/static/Shared/ext/resources/css/ext-all.css?205870 HTTP/1.1" 304 -
186.103.157.246 - - [16/May/2017:11:02:09 -0300] "GET /cormun/static/gxui/gxui-all.css?110300 HTTP/1.1" 304 -
186.103.157.246 - - [16/May/2017:11:02:09 -0300] "GET /cormun/static/calendar-system.css?75620 HTTP/1.1" 304 -
186.103.157.246 - - [16/May/2017:11:02:09 -0300] "GET /cormun/static/gxcfg.js?201731711505139 HTTP/1.1" 304 -
186.103.157.246 - - [16/May/2017:11:02:10 -0300] "GET /cormun/static/calendar.js?85251 HTTP/1.1" 304 -
186.103.157.246 - - [16/May/2017:11:02:10 -0300] "GET /cormun/static/calendar-setup.js?85251 HTTP/1.1" 304 -
186.103.157.246 - - [16/May/2017:11:02:10 -0300] "GET /cormun/static/calendar-es.js?85251 HTTP/1.1" 304 -
186.103.157.246 - - [16/May/2017:11:02:10 -0300] "GET /cormun/static/Resources/PXTools/calendar.png HTTP/1.1" 304 -
186.103.157.246 - - [16/May/2017:11:02:10 -0300] "GET /cormun/static/Resources/PXToolsDataSearch.png HTTP/1.1" 304 -
186.103.157.246 - - [16/May/2017:11:02:10 -0300] "GET /cormun/static/Resources/PXToolsGridFirstDisabled.gif HTTP/1.1" 304 -
186.103.157.246 - - [16/May/2017:11:02:10 -0300] "GET /cormun/static/Resources/PXToolsGridPreviousDisabled.gif HTTP/1.1" 304 -
186.103.157.246 - - [16/May/2017:11:02:10 -0300] "GET /cormun/static/Resources/PXToolsGridNextDisabled.gif HTTP/1.1" 304 -
186.103.157.246 - - [16/May/2017:11:02:10 -0300] "GET /cormun/static/Resources/PXToolsGridLastDisabled.gif HTTP/1.1" 304 -
186.103.157.246 - - [16/May/2017:11:02:10 -0300] "GET /cormun/static/Resources/PXToolsGridPage.gif HTTP/1.1" 304 -
186.103.157.246 - - [16/May/2017:11:02:10 -0300] "GET /cormun/static/Resources/PXToolsGridNew.png HTTP/1.1" 304 -
186.103.157.246 - - [16/May/2017:11:02:10 -0300] "GET /cormun/static/gxdec.js?85251 HTTP/1.1" 304 -
186.103.157.246 - - [16/May/2017:11:02:10 -0300] "GET /cormun/static/trsolicitudot.js?20173171151116 HTTP/1.1" 304 -
186.103.157.246 - - [16/May/2017:11:02:10 -0300] "GET /cormun/static/Resources/PXToolsActionExcel.png HTTP/1.1" 304 -
186.103.157.246 - - [16/May/2017:11:02:10 -0300] "GET /cormun/static/Resources/asc.gif HTTP/1.1" 304 -
186.103.157.246 - - [16/May/2017:11:02:10 -0300] "GET /cormun/static/Resources/desc.gif HTTP/1.1" 304 -
186.103.157.246 - - [16/May/2017:11:02:11 -0300] "GET /cormun/static/Shared/ext/resources/themes/images/default/panel/bg-headersPanel.png HTTP/1.1" 304 -
186.103.157.246 - - [16/May/2017:11:02:11 -0300] "GET /cormun/static/Shared/ext/resources/themes/images/default/tools/tool-sprites.gif HTTP/1.1" 304 -
186.103.157.246 - - [16/May/2017:11:02:11 -0300] "GET /cormun/static/Shared/ext/resources/themes/images/default/tip/tip-sides.gif HTTP/1.1" 304 -
186.103.157.246 - - [16/May/2017:11:02:11 -0300] "GET /cormun/static/Shared/ext/resources/themes/images/default/tip/tip-corners.gif HTTP/1.1" 304 -
186.103.157.246 - - [16/May/2017:11:02:21 -0300] "GET /cormun/servlet/solicitudot?INS,0,0, HTTP/1.1" 200 12532
186.103.157.246 - - [16/May/2017:11:02:21 -0300] "GET /cormun/static/calendar-system.css?85620 HTTP/1.1" 304 -
186.103.157.246 - - [16/May/2017:11:02:21 -0300] "GET /cormun/static/Resources/Spanish/PXTools.css?18365030 HTTP/1.1" 304 -
186.103.157.246 - - [16/May/2017:11:02:21 -0300] "GET /cormun/static/gxcfg.js?20171191042720 HTTP/1.1" 304 -
186.103.157.246 - - [16/May/2017:11:02:21 -0300] "GET /cormun/static/Resources/prompt.gif HTTP/1.1" 304 -
186.103.157.246 - - [16/May/2017:11:02:21 -0300] "GET /cormun/static/solicitudot.js?2017119104297 HTTP/1.1" 304 -
186.103.157.246 - - [16/May/2017:11:02:52 -0300] "POST /cormun/servlet/solicitudot?gx-no-cache=1494943430416 HTTP/1.1" 200 3192
186.103.157.246 - - [16/May/2017:11:02:52 -0300] "POST /cormun/servlet/solicitudot?1fde05083c53524e341f6fb0ecc62921,INS,0,0,,gx-no-cache=1494943430753 HTTP/1.1" 200 9770
186.103.157.246 - - [16/May/2017:11:03:00 -0300] "GET /cormun/servlet/solicitudot?1b008a012164278ada225c9ed2c9e8ce3a7888991610aafb2cf5af3c5e7de8a1da70b35e155a537bb3da7500fc7ca1d6,gx-no-cache=1494943438557 HTTP/1.1" 200 30
186.103.157.246 - - [16/May/2017:11:03:00 -0300] "POST /cormun/servlet/solicitudot?gx-no-cache=1494943438951 HTTP/1.1" 200 240
186.103.157.246 - - [16/May/2017:11:03:00 -0300] "GET /cormun/servlet/solicitudot?1b008a012164278ada225c9ed2c9e8ce7720992953c1e1618f27dd117f5fd583dc402efac11de784d8dabf5882aa93edea06e2aad9a93281a8aa8d913b78767d13e495fd3c2f70a961a90d7d820fc642e5c7b882c8f5ae7ef8b4d4c7362d05ee335abfc316976cfe0b8edf9e8e13b99a9ebb296306b9f365ce66d650b550a2cf39a8ad750bf948eef397a85b739c105329639e412ec271b143522aabfd777aecfbb6ca9e78fc4c6597fa32dc91db37644223f98121fa87e713b0edec27a294653bb8409818efb8c53d7a5c792b4d977e0a5cbd87322d0e00f4558966f50207eba19f969e9ed69b9a18855c7b602215447bc71400e1b50d2477f354cb92c62597dcd9a982d681a3e32c983c5ba3a3d23015a24146f2ad6f52f81853f612f55313e702de6d0c7d88e3f3b3c46ae692fc594d8267f98c90ce25acec6f9913eb62652a292aefe328630e743a973734d1b627e3419d0c2073ae606dd4539151c140b5d11a1ba1bad31fe79d9f282a68296070a431d25c30051d53e53d58ba282701c2,gx-no-cache=1494943439128 HTTP/1.1" 200 30
186.103.157.246 - - [16/May/2017:11:03:08 -0300] "POST /cormun/servlet/solicitudot?gx-no-cache=1494943447322 HTTP/1.1" 200 30
186.103.157.246 - - [16/May/2017:11:03:18 -0300] "POST /cormun/servlet/solicitudot?gx-no-cache=1494943457133 HTTP/1.1" 200 1377
186.103.157.246 - - [16/May/2017:11:03:18 -0300] "GET /cormun/static/Shared/jqueryui/images/ui-bg_highlight-soft_100_c6c2c8_1x100.png HTTP/1.1" 404 1117
186.103.157.246 - - [16/May/2017:11:03:18 -0300] "GET /cormun/static/Shared/jqueryui/images/ui-icons_82798d_256x240.png HTTP/1.1" 404 1089
186.103.157.246 - - [16/May/2017:11:03:18 -0300] "GET /cormun/static/Shared/jqueryui/images/ui-icons_ebccce_256x240.png HTTP/1.1" 404 1089
186.103.157.246 - - [16/May/2017:11:03:18 -0300] "GET /cormun/static/Shared/jqueryui/images/ui-bg_flat_55_994d53_40x100.png HTTP/1.1" 404 1097
200.112.4.67 - - [16/May/2017:11:03:29 -0300] "POST /cormun/servlet/solicitudot?f291bfc3aea921d9782ffdefb2070a17,INS,0,0,,gx-no-cache=1494943466790 HTTP/1.1" 200 93
200.112.4.67 - - [16/May/2017:11:03:30 -0300] "GET /cormun/servlet/hpexe_return? HTTP/1.1" 200 1006
200.112.4.67 - - [16/May/2017:11:03:31 -0300] "GET /cormun/servlet/trsolicitudot HTTP/1.1" 200 8191
200.112.4.67 - - [16/May/2017:11:03:32 -0300] "GET /cormun/servlet/trsolicitudot HTTP/1.1" 200 8186
200.112.4.67 - - [16/May/2017:11:03:42 -0300] "POST /cormun/servlet/trsolicitudot?f291bfc3aea921d9782ffdefb2070a17,gx-no-cache=1494943481193 HTTP/1.1" 200 107
200.112.4.67 - - [16/May/2017:11:03:42 -0300] "GET /cormun/servlet/trsolicitudadjuntos?2017,6434, HTTP/1.1" 200 6071
200.112.4.67 - - [16/May/2017:11:03:44 -0300] "GET /cormun/servlet/trsolicitudadjuntos?2017,6434, HTTP/1.1" 200 6071
200.112.4.67 - - [16/May/2017:11:03:48 -0300] "GET /cormun/servlet/solicitudotadjuntos?INS,2017,6434,,1, HTTP/1.1" 200 6008
200.112.4.67 - - [16/May/2017:11:03:48 -0300] "GET /cormun/static/about:blank HTTP/1.1" 404 1011
200.112.4.67 - - [16/May/2017:11:03:49 -0300] "GET /cormun/servlet/solicitudotadjuntos?INS,2017,6434,,1, HTTP/1.1" 200 6001
200.112.4.67 - - [16/May/2017:11:03:49 -0300] "GET /cormun/servlet/solicitudotadjuntos?769c9f1e531d0b7619a9285e8a225c8e56ec68ff73f3341caeee8c00c9cf9a70f0884fb92084779f772b96456fbe8301,gx-no-cache=1494943489281 HTTP/1.1" 200 30
200.112.4.67 - - [16/May/2017:11:03:50 -0300] "POST /cormun/servlet/solicitudotadjuntos?f291bfc3aea921d9782ffdefb2070a17,INS,2017,6434,,1,,gx-no-cache=1494943489696 HTTP/1.1" 200 3865
200.112.4.67 - - [16/May/2017:11:04:02 -0300] "POST /cormun/servlet/solicitudotadjuntos?gx-no-cache=1494943501488 HTTP/1.1" 200 26
200.112.4.67 - - [16/May/2017:11:04:28 -0300] "GET /cormun/servlet/solicitudotadjuntos?769c9f1e531d0b7619a9285e8a225c8ed3b919500b4cc87b0752e718aeb0f1a8,gx-no-cache=1494943527649 HTTP/1.1" 200 30
200.112.4.67 - - [16/May/2017:11:04:29 -0300] "GET /cormun/servlet/solicitudotadjuntos?769c9f1e531d0b7619a9285e8a225c8ed3b919500b4cc87b0752e718aeb0f1a8,gx-no-cache=1494943528387 HTTP/1.1" 200 30
186.103.157.246 - - [16/May/2017:11:04:42 -0300] "POST /cormun/servlet/solicitudot?gx-no-cache=1494943540900 HTTP/1.1" 200 350
186.103.157.246 - - [16/May/2017:11:04:45 -0300] "GET /cormun/static/Resources/resize.gif HTTP/1.1" 200 77
186.103.157.246 - - [16/May/2017:11:04:46 -0300] "GET /cormun/servlet/prfichaempleado?,MD,,gxPopupLevel%3D0%3B HTTP/1.1" 200 8697
186.103.157.246 - - [16/May/2017:11:04:46 -0300] "GET /cormun/static/gxcfg.js?2017319125415 HTTP/1.1" 200 953
186.103.157.246 - - [16/May/2017:11:04:47 -0300] "GET /cormun/static/Resources/PXToolsMenuSearch.png HTTP/1.1" 200 2914
186.103.157.246 - - [16/May/2017:11:04:47 -0300] "GET /cormun/static/Resources/PXToolsMenuSearchCancel.png HTTP/1.1" 200 2972
186.103.157.246 - - [16/May/2017:11:04:47 -0300] "GET /cormun/static/hmpwkw011.js?201731711483558 HTTP/1.1" 200 1968
186.103.157.246 - - [16/May/2017:11:04:47 -0300] "GET /cormun/static/menusearch.js?201610171694467 HTTP/1.1" 200 1424
186.103.157.246 - - [16/May/2017:11:04:47 -0300] "GET /cormun/static/prfichaempleado.js?20173191254344 HTTP/1.1" 200 15951
200.112.4.67 - - [16/May/2017:11:04:47 -0300] "POST /cormun/servlet/solicitudotadjuntos?f291bfc3aea921d9782ffdefb2070a17,INS,2017,6434,,1, HTTP/1.1" 200 116
200.112.4.67 - - [16/May/2017:11:04:47 -0300] "GET /cormun/servlet/hpexe_return? HTTP/1.1" 200 1024
200.112.4.67 - - [16/May/2017:11:04:48 -0300] "GET /cormun/servlet/trsolicitudadjuntos?2017,6434, HTTP/1.1" 200 8292
200.112.4.67 - - [16/May/2017:11:04:50 -0300] "GET /cormun/servlet/trsolicitudadjuntos?2017,6434, HTTP/1.1" 200 8288
200.112.4.67 - - [16/May/2017:11:04:57 -0300] "GET /cormun/servlet/solicitudotadjuntos?INS,2017,6434,,1, HTTP/1.1" 200 6008
200.112.4.67 - - [16/May/2017:11:04:58 -0300] "GET /cormun/static/about:blank HTTP/1.1" 404 1011
200.112.4.67 - - [16/May/2017:11:04:58 -0300] "GET /cormun/servlet/solicitudotadjuntos?INS,2017,6434,,1, HTTP/1.1" 200 6001
200.112.4.67 - - [16/May/2017:11:04:59 -0300] "GET /cormun/servlet/solicitudotadjuntos?769c9f1e531d0b7619a9285e8a225c8e56ec68ff73f3341caeee8c00c9cf9a70f0884fb92084779f772b96456fbe8301,gx-no-cache=1494943558683 HTTP/1.1" 200 30
200.112.4.67 - - [16/May/2017:11:05:00 -0300] "POST /cormun/servlet/solicitudotadjuntos?f291bfc3aea921d9782ffdefb2070a17,INS,2017,6434,,1,,gx-no-cache=1494943559447 HTTP/1.1" 200 3865
200.112.4.67 - - [16/May/2017:11:05:05 -0300] "POST /cormun/servlet/solicitudotadjuntos?gx-no-cache=1494943564582 HTTP/1.1" 200 26
200.112.4.67 - - [16/May/2017:11:05:15 -0300] "GET /cormun/servlet/solicitudotadjuntos?769c9f1e531d0b7619a9285e8a225c8ed3b919500b4cc87b0752e718aeb0f1a8,gx-no-cache=1494943575032 HTTP/1.1" 200 30
200.112.4.67 - - [16/May/2017:11:05:16 -0300] "GET /cormun/servlet/solicitudotadjuntos?769c9f1e531d0b7619a9285e8a225c8ed3b919500b4cc87b0752e718aeb0f1a8,gx-no-cache=1494943575514 HTTP/1.1" 200 30
186.103.157.246 - - [16/May/2017:11:05:16 -0300] "POST /cormun/servlet/prfichaempleado?1fde05083c53524e341f6fb0ecc62921,,MD,,gxPopupLevel%3D0%3B,gx-no-cache=1494943574461 HTTP/1.1" 200 3474
186.103.157.246 - - [16/May/2017:11:05:20 -0300] "GET /cormun/servlet/solicitudot?1779430314b6cdb0a1200a3f8d1ea9d3363aa27cfe61a7213852d11eb95b4869,gx-no-cache=1494943578606 HTTP/1.1" 200 20
186.103.157.246 - - [16/May/2017:11:05:23 -0300] "POST /cormun/servlet/solicitudot?gx-no-cache=1494943582310 HTTP/1.1" 200 1297
186.103.157.246 - - [16/May/2017:11:05:23 -0300] "GET /cormun/static/menuarrow.gif HTTP/1.1" 404 1015
200.112.4.67 - - [16/May/2017:11:05:26 -0300] "POST /cormun/servlet/solicitudotadjuntos?f291bfc3aea921d9782ffdefb2070a17,INS,2017,6434,,1, HTTP/1.1" 200 116
200.112.4.67 - - [16/May/2017:11:05:27 -0300] "GET /cormun/servlet/hpexe_return? HTTP/1.1" 200 1024
200.112.4.67 - - [16/May/2017:11:05:28 -0300] "GET /cormun/servlet/trsolicitudadjuntos?2017,6434, HTTP/1.1" 200 8479
200.112.4.67 - - [16/May/2017:11:05:30 -0300] "GET /cormun/servlet/trsolicitudadjuntos?2017,6434, HTTP/1.1" 200 8478
200.112.4.67 - - [16/May/2017:11:05:34 -0300] "GET /cormun/servlet/solicitudotadjuntos?INS,2017,6434,,1, HTTP/1.1" 200 6008
200.112.4.67 - - [16/May/2017:11:05:35 -0300] "GET /cormun/static/about:blank HTTP/1.1" 404 1011
186.103.157.246 - - [16/May/2017:11:05:36 -0300] "GET /cormun/servlet/prlicenciaspermisos?15753834,L,,MD,,gxPopupLevel%3D0%3B HTTP/1.1" 200 6882
186.103.157.246 - - [16/May/2017:11:05:36 -0300] "GET /cormun/static/gxcfg.js?201741111445743 HTTP/1.1" 200 953
192.168.10.96 - - [16/May/2017:11:05:36 -0300] "GET /cormun/servlet/vesolicitudnombre?2017,5438,,SolicitudOTAdjuntos HTTP/1.1" 200 10440
186.103.157.246 - - [16/May/2017:11:05:36 -0300] "GET /cormun/static/prlicenciaspermisos.js?201741111445890 HTTP/1.1" 200 13360
192.168.10.96 - - [16/May/2017:11:05:37 -0300] "GET /cormun/servlet/vesolicitudnombre?2017,5438,,SolicitudOTAdjuntos HTTP/1.1" 200 10442
200.112.4.67 - - [16/May/2017:11:05:37 -0300] "GET /cormun/servlet/solicitudotadjuntos?INS,2017,6434,,1, HTTP/1.1" 200 6001
200.112.4.67 - - [16/May/2017:11:05:37 -0300] "GET /cormun/servlet/solicitudotadjuntos?769c9f1e531d0b7619a9285e8a225c8e56ec68ff73f3341caeee8c00c9cf9a70f0884fb92084779f772b96456fbe8301,gx-no-cache=1494943596415 HTTP/1.1" 200 30
192.168.10.96 - - [16/May/2017:11:05:37 -0300] "POST /cormun/servlet/acontrolpreferencessavestate?None,DZAMUDIO,true HTTP/1.1" 200 35
200.112.4.67 - - [16/May/2017:11:05:38 -0300] "POST /cormun/servlet/solicitudotadjuntos?f291bfc3aea921d9782ffdefb2070a17,INS,2017,6434,,1,,gx-no-cache=1494943597620 HTTP/1.1" 200 3865
192.168.10.96 - - [16/May/2017:11:05:40 -0300] "GET /cormun/servlet/trconsultaempleado? HTTP/1.1" 200 6599
192.168.10.96 - - [16/May/2017:11:05:40 -0300] "GET /cormun/servlet/trconsultaempleado? HTTP/1.1" 200 6581
200.112.4.67 - - [16/May/2017:11:05:45 -0300] "POST /cormun/servlet/solicitudotadjuntos?gx-no-cache=1494943604507 HTTP/1.1" 200 26
192.168.10.96 - - [16/May/2017:11:05:47 -0300] "POST /cormun/servlet/trconsultaempleado?436daf4093295c1e7210cd39fde086c2,,gx-no-cache=1494943555973 HTTP/1.1" 200 4212
192.168.10.96 - - [16/May/2017:11:05:49 -0300] "GET /cormun/servlet/trsolicitudnombre?17235403, HTTP/1.1" 200 8352
192.168.10.96 - - [16/May/2017:11:05:49 -0300] "GET /cormun/servlet/trsolicitudnombre?17235403, HTTP/1.1" 200 8355
192.168.10.96 - - [16/May/2017:11:05:53 -0300] "GET /cormun/servlet/vesolicitudnombre?2017,5697,, HTTP/1.1" 200 8560
200.112.4.67 - - [16/May/2017:11:05:53 -0300] "GET /cormun/servlet/solicitudotadjuntos?769c9f1e531d0b7619a9285e8a225c8ed3b919500b4cc87b0752e718aeb0f1a8,gx-no-cache=1494943612966 HTTP/1.1" 200 30
192.168.10.96 - - [16/May/2017:11:05:53 -0300] "GET /cormun/pexe_scrolldiv.js HTTP/1.1" 404 1009
192.168.10.96 - - [16/May/2017:11:05:53 -0300] "GET /cormun/pexe_scrolldiv.js HTTP/1.1" 404 1009
192.168.10.96 - - [16/May/2017:11:05:54 -0300] "GET /cormun/servlet/vesolicitudnombre?2017,5697,, HTTP/1.1" 200 8554
192.168.10.96 - - [16/May/2017:11:05:55 -0300] "GET /cormun/servlet/vesolicitudnombre?2017,5697,,SolicitudOTAdjuntos HTTP/1.1" 200 7491
192.168.10.96 - - [16/May/2017:11:05:55 -0300] "GET /cormun/pexe_scrolldiv.js HTTP/1.1" 404 1009
192.168.10.96 - - [16/May/2017:11:05:55 -0300] "GET /cormun/pexe_scrolldiv.js HTTP/1.1" 404 1009
200.112.4.67 - - [16/May/2017:11:05:55 -0300] "GET /cormun/servlet/solicitudotadjuntos?769c9f1e531d0b7619a9285e8a225c8ed3b919500b4cc87b0752e718aeb0f1a8,gx-no-cache=1494943615050 HTTP/1.1" 200 30
192.168.10.96 - - [16/May/2017:11:05:55 -0300] "GET /cormun/servlet/vesolicitudnombre?2017,5697,,SolicitudOTAdjuntos HTTP/1.1" 200 7491
192.168.10.96 - - [16/May/2017:11:05:56 -0300] "POST /cormun/servlet/acontrolpreferencessavestate?None,DZAMUDIO,true HTTP/1.1" 200 35
93.174.95.106 - - [16/May/2017:11:06:02 -0300] "GET / HTTP/1.1" 200 11217
200.112.4.67 - - [16/May/2017:11:06:02 -0300] "POST /cormun/servlet/solicitudotadjuntos?f291bfc3aea921d9782ffdefb2070a17,INS,2017,6434,,1, HTTP/1.1" 200 116
200.112.4.67 - - [16/May/2017:11:06:03 -0300] "GET /cormun/servlet/hpexe_return? HTTP/1.1" 200 1024
200.112.4.67 - - [16/May/2017:11:06:04 -0300] "GET /cormun/servlet/trsolicitudadjuntos?2017,6434, HTTP/1.1" 200 8640
200.112.4.67 - - [16/May/2017:11:06:06 -0300] "GET /cormun/servlet/trsolicitudadjuntos?2017,6434, HTTP/1.1" 200 8638
200.112.4.67 - - [16/May/2017:11:06:10 -0300] "GET /cormun/servlet/solicitudotadjuntos?INS,2017,6434,,1, HTTP/1.1" 200 6008
200.112.4.67 - - [16/May/2017:11:06:11 -0300] "GET /cormun/static/about:blank HTTP/1.1" 404 1011
200.112.4.67 - - [16/May/2017:11:06:12 -0300] "GET /cormun/servlet/solicitudotadjuntos?INS,2017,6434,,1, HTTP/1.1" 200 6001
186.103.157.246 - - [16/May/2017:11:06:12 -0300] "GET /cormun/servlet/solicitudot?1779430314b6cdb0a1200a3f8d1ea9d3363aa27cfe61a7213852d11eb95b4869,gx-no-cache=1494943631008 HTTP/1.1" 200 20
200.112.4.67 - - [16/May/2017:11:06:12 -0300] "GET /cormun/servlet/solicitudotadjuntos?769c9f1e531d0b7619a9285e8a225c8e56ec68ff73f3341caeee8c00c9cf9a70f0884fb92084779f772b96456fbe8301,gx-no-cache=1494943631969 HTTP/1.1" 200 30
200.112.4.67 - - [16/May/2017:11:06:13 -0300] "POST /cormun/servlet/solicitudotadjuntos?f291bfc3aea921d9782ffdefb2070a17,INS,2017,6434,,1,,gx-no-cache=1494943632483 HTTP/1.1" 200 3865
200.112.4.67 - - [16/May/2017:11:06:19 -0300] "POST /cormun/servlet/solicitudotadjuntos?gx-no-cache=1494943638830 HTTP/1.1" 200 26
186.103.157.246 - - [16/May/2017:11:06:23 -0300] "POST /cormun/servlet/solicitudot?gx-no-cache=1494943642305 HTTP/1.1" 200 118
200.112.4.67 - - [16/May/2017:11:06:28 -0300] "GET /cormun/servlet/solicitudotadjuntos?769c9f1e531d0b7619a9285e8a225c8ed3b919500b4cc87b0752e718aeb0f1a8,gx-no-cache=1494943647583 HTTP/1.1" 200 30
200.112.4.67 - - [16/May/2017:11:06:28 -0300] "GET /cormun/servlet/solicitudotadjuntos?769c9f1e531d0b7619a9285e8a225c8ed3b919500b4cc87b0752e718aeb0f1a8,gx-no-cache=1494943648157 HTTP/1.1" 200 30
186.79.197.179 - - [16/May/2017:11:06:39 -0300] "GET /cormun/static/menuarrow.gif HTTP/1.1" 404 1015
200.112.4.67 - - [16/May/2017:11:06:40 -0300] "POST /cormun/servlet/solicitudotadjuntos?f291bfc3aea921d9782ffdefb2070a17,INS,2017,6434,,1, HTTP/1.1" 200 116
200.112.4.67 - - [16/May/2017:11:06:40 -0300] "GET /cormun/servlet/hpexe_return? HTTP/1.1" 200 1024
186.103.157.246 - - [16/May/2017:11:06:41 -0300] "GET /cormun/servlet/solicitudot?1b008a012164278ada225c9ed2c9e8ce45853aedd8e6cc2d3e586573e7cb024bd6c4d0d793bfae1ddbe3f39427ed3bd5284fcd48912e92f6160d2b2daa85b1e6204ca5b6286ba9f9b98476392dcd437c27dbbaa0cd124f41bb7fb08763c3bacda5ac7f246428031cf8c016d1c6eaa0a67eb2e227ff16e18877c674f2579d5a3ad34af37e6dcb55036c628746eb3fc3b0fbfcd8ac5204147cf7e8252a2bb8a0c3,gx-no-cache=1494943659720 HTTP/1.1" 200 29
186.103.157.246 - - [16/May/2017:11:06:41 -0300] "POST /cormun/servlet/solicitudot?gx-no-cache=1494943660125 HTTP/1.1" 200 1280
186.103.157.246 - - [16/May/2017:11:06:42 -0300] "POST /cormun/servlet/solicitudot?gx-no-cache=1494943660399 HTTP/1.1" 200 1162
200.112.4.67 - - [16/May/2017:11:06:42 -0300] "GET /cormun/servlet/trsolicitudadjuntos?2017,6434, HTTP/1.1" 200 8759
200.112.4.67 - - [16/May/2017:11:06:44 -0300] "GET /cormun/servlet/trsolicitudadjuntos?2017,6434, HTTP/1.1" 200 8760
186.103.157.246 - - [16/May/2017:11:06:47 -0300] "POST /cormun/servlet/solicitudot?gx-no-cache=1494943665211 HTTP/1.1" 200 1280
186.103.157.246 - - [16/May/2017:11:06:47 -0300] "POST /cormun/servlet/solicitudot?gx-no-cache=1494943665788 HTTP/1.1" 200 1162
200.112.4.67 - - [16/May/2017:11:06:47 -0300] "GET /cormun/servlet/solicitudotadjuntos?INS,2017,6434,,1, HTTP/1.1" 200 6008
200.112.4.67 - - [16/May/2017:11:06:48 -0300] "GET /cormun/static/about:blank HTTP/1.1" 404 1011
200.112.4.67 - - [16/May/2017:11:06:49 -0300] "GET /cormun/servlet/solicitudotadjuntos?INS,2017,6434,,1, HTTP/1.1" 200 6001
200.112.4.67 - - [16/May/2017:11:06:49 -0300] "GET /cormun/servlet/solicitudotadjuntos?769c9f1e531d0b7619a9285e8a225c8e56ec68ff73f3341caeee8c00c9cf9a70f0884fb92084779f772b96456fbe8301,gx-no-cache=1494943668823 HTTP/1.1" 200 30
200.112.4.67 - - [16/May/2017:11:06:50 -0300] "POST /cormun/servlet/solicitudotadjuntos?f291bfc3aea921d9782ffdefb2070a17,INS,2017,6434,,1,,gx-no-cache=1494943669596 HTTP/1.1" 200 3865
200.112.4.67 - - [16/May/2017:11:06:58 -0300] "POST /cormun/servlet/solicitudotadjuntos?gx-no-cache=1494943675805 HTTP/1.1" 200 26
200.112.4.67 - - [16/May/2017:11:07:09 -0300] "GET /cormun/servlet/solicitudotadjuntos?769c9f1e531d0b7619a9285e8a225c8ed3b919500b4cc87b0752e718aeb0f1a8,gx-no-cache=1494943688415 HTTP/1.1" 200 30
200.112.4.67 - - [16/May/2017:11:07:09 -0300] "GET /cormun/servlet/solicitudotadjuntos?769c9f1e531d0b7619a9285e8a225c8ed3b919500b4cc87b0752e718aeb0f1a8,gx-no-cache=1494943689028 HTTP/1.1" 200 30
200.112.4.67 - - [16/May/2017:11:07:41 -0300] "POST /cormun/servlet/solicitudotadjuntos?f291bfc3aea921d9782ffdefb2070a17,INS,2017,6434,,1, HTTP/1.1" 200 116
200.112.4.67 - - [16/May/2017:11:07:43 -0300] "GET /cormun/servlet/hpexe_return? HTTP/1.1" 200 1024
200.112.4.67 - - [16/May/2017:11:07:44 -0300] "GET /cormun/servlet/trsolicitudadjuntos?2017,6434, HTTP/1.1" 200 8968
200.112.4.67 - - [16/May/2017:11:07:46 -0300] "GET /cormun/servlet/trsolicitudadjuntos?2017,6434, HTTP/1.1" 200 8968
200.112.4.67 - - [16/May/2017:11:07:53 -0300] "GET /cormun/servlet/solicitudotadjuntos?INS,2017,6434,,1, HTTP/1.1" 200 6008
200.112.4.67 - - [16/May/2017:11:07:54 -0300] "GET /cormun/static/about:blank HTTP/1.1" 404 1011
200.112.4.67 - - [16/May/2017:11:07:55 -0300] "GET /cormun/servlet/solicitudotadjuntos?INS,2017,6434,,1, HTTP/1.1" 200 6001
200.112.4.67 - - [16/May/2017:11:07:55 -0300] "GET /cormun/servlet/solicitudotadjuntos?769c9f1e531d0b7619a9285e8a225c8e56ec68ff73f3341caeee8c00c9cf9a70f0884fb92084779f772b96456fbe8301,gx-no-cache=1494943735092 HTTP/1.1" 200 30
200.112.4.67 - - [16/May/2017:11:07:56 -0300] "POST /cormun/servlet/solicitudotadjuntos?f291bfc3aea921d9782ffdefb2070a17,INS,2017,6434,,1,,gx-no-cache=1494943735727 HTTP/1.1" 200 3865
186.103.157.246 - - [16/May/2017:11:07:57 -0300] "GET /cormun/servlet/solicitudot?1b008a012164278ada225c9ed2c9e8ce534c11b72acdfc970e3ef604480ebdf4069db22f1400691bc0ede40ac824627bd3531f9cffad2254813f255358d235adc84b44d75d1de311febb81baab093b21c6fccc4497d5facc4ad6e936999c2f24bde35a36455c2437994112ace76328fcb7f5aaae0542bdbc31a687676dd2a4d940fff70ff362a2cb1f110a4049c68876dd82f6fd3059a99533cb09a907208b61ac4ea887c257c44952ab7bef750e3ae0cc4dc0fea21f2ef54c901abca85a5c83,gx-no-cache=1494943736356 HTTP/1.1" 200 30
200.112.4.67 - - [16/May/2017:11:08:03 -0300] "POST /cormun/servlet/solicitudotadjuntos?gx-no-cache=1494943742869 HTTP/1.1" 200 26
186.103.157.246 - - [16/May/2017:11:08:14 -0300] "POST /cormun/servlet/solicitudot?1fde05083c53524e341f6fb0ecc62921,INS,0,0,,gx-no-cache=1494943752531 HTTP/1.1" 200 11162
200.112.4.67 - - [16/May/2017:11:08:15 -0300] "GET /cormun/servlet/solicitudotadjuntos?769c9f1e531d0b7619a9285e8a225c8ed3b919500b4cc87b0752e718aeb0f1a8,gx-no-cache=1494943754398 HTTP/1.1" 200 30
200.112.4.67 - - [16/May/2017:11:08:15 -0300] "GET /cormun/servlet/solicitudotadjuntos?769c9f1e531d0b7619a9285e8a225c8ed3b919500b4cc87b0752e718aeb0f1a8,gx-no-cache=1494943754856 HTTP/1.1" 200 30
200.112.4.67 - - [16/May/2017:11:08:42 -0300] "POST /cormun/servlet/solicitudotadjuntos?f291bfc3aea921d9782ffdefb2070a17,INS,2017,6434,,1, HTTP/1.1" 200 116
200.112.4.67 - - [16/May/2017:11:08:42 -0300] "GET /cormun/servlet/hpexe_return? HTTP/1.1" 200 1024
200.112.4.67 - - [16/May/2017:11:08:44 -0300] "GET /cormun/servlet/trsolicitudadjuntos?2017,6434, HTTP/1.1" 200 9184
200.112.4.67 - - [16/May/2017:11:08:46 -0300] "GET /cormun/servlet/trsolicitudadjuntos?2017,6434, HTTP/1.1" 200 9183
186.103.157.246 - - [16/May/2017:11:08:53 -0300] "POST /cormun/servlet/solicitudot?gx-no-cache=1494943792278 HTTP/1.1" 200 122
186.103.157.246 - - [16/May/2017:11:08:53 -0300] "POST /cormun/servlet/solicitudot?gx-no-cache=1494943792437 HTTP/1.1" 200 1280
186.103.157.246 - - [16/May/2017:11:08:54 -0300] "POST /cormun/servlet/solicitudot?gx-no-cache=1494943792563 HTTP/1.1" 200 1162
186.103.157.246 - - [16/May/2017:11:08:54 -0300] "GET /cormun/servlet/solicitudot?1b008a012164278ada225c9ed2c9e8ce534c11b72acdfc970e3ef604480ebdf4069db22f1400691bc0ede40ac824627b7416dd3e13ba938793f280728f384895c84b44d75d1de311febb81baab093b21c6fccc4497d5facc4ad6e936999c2f24bde35a36455c2437994112ace76328fcb7f5aaae0542bdbc31a687676dd2a4d940fff70ff362a2cb1f110a4049c68876dd82f6fd3059a99533cb09a907208b61ac4ea887c257c44952ab7bef750e3ae0cc4dc0fea21f2ef54c901abca85a5c83,gx-no-cache=1494943792706 HTTP/1.1" 200 30
186.103.157.246 - - [16/May/2017:11:08:54 -0300] "POST /cormun/servlet/solicitudot?1fde05083c53524e341f6fb0ecc62921,INS,0,0,,gx-no-cache=1494943793118 HTTP/1.1" 200 11203
186.103.157.246 - - [16/May/2017:11:09:19 -0300] "GET /cormun/servlet/prlicenciaspermisos?15753834,L,,MD,,gxPopupLevel%3D0%3B HTTP/1.1" 200 6882
186.103.157.246 - - [16/May/2017:11:09:35 -0300] "GET /cormun/servlet/solicitudot?1779430314b6cdb0a1200a3f8d1ea9d3363aa27cfe61a7213852d11eb95b4869,gx-no-cache=1494943833847 HTTP/1.1" 200 20
186.79.197.179 - - [16/May/2017:11:09:41 -0300] "GET /cormun/servlet/licenciaspermisos?cee326ce444393902c9794d846607822069260861cfd48575a127defc98d6b598c0d0b74073f5365a57f28296663a68e2ff80dc6b9980b2690e6a739f3fa3ea58c9bc8d500ab6717f34c68760fdb57647b81e8503a7800f762c407cb3e76cc5b288885386761e0b177c95b5932222c4bde9869a2cc1efe4b0866cdc432409efbca17f2788c8921357607d2a3c340e7bdfc0bcc380b93a016b12c56c4d2a3f774c84bcc9b050517bf26e0da434b2189f2,gx-no-cache=1494940202082 HTTP/1.1" 440 972
186.79.197.179 - - [16/May/2017:11:09:44 -0300] "POST /cormun/servlet/licenciaspermisos?464d3a148c2fbc909a69cae5e5caf21d,INS,0,,,,gx-no-cache=1494940205216 HTTP/1.1" 440 972
186.79.197.179 - - [16/May/2017:11:09:44 -0300] "GET /cormun/servlet/licenciaspermisos?INS,0,,, HTTP/1.1" 200 6543
186.103.157.246 - - [16/May/2017:11:09:45 -0300] "POST /cormun/servlet/solicitudot?gx-no-cache=1494943843358 HTTP/1.1" 200 41
186.79.197.179 - - [16/May/2017:11:09:45 -0300] "GET /cormun/servlet/licenciaspermisos?INS,0,,, HTTP/1.1" 200 6543
186.79.197.179 - - [16/May/2017:11:09:45 -0300] "GET /cormun/servlet/hlogin HTTP/1.1" 200 1751
186.103.157.246 - - [16/May/2017:11:09:45 -0300] "POST /cormun/servlet/solicitudot?gx-no-cache=1494943843803 HTTP/1.1" 200 1280
186.103.157.246 - - [16/May/2017:11:09:45 -0300] "POST /cormun/servlet/solicitudot?gx-no-cache=1494943843977 HTTP/1.1" 200 1162
186.103.157.246 - - [16/May/2017:11:09:45 -0300] "GET /cormun/servlet/solicitudot?1b008a012164278ada225c9ed2c9e8ce534c11b72acdfc970e3ef604480ebdf4069db22f1400691bc0ede40ac824627b368eb4efdaecbcb18a4b3d3a274fd387c84b44d75d1de311febb81baab093b21c6fccc4497d5facc4ad6e936999c2f24bde35a36455c2437994112ace76328fcb7f5aaae0542bdbc31a687676dd2a4d940fff70ff362a2cb1f110a4049c68876dd82f6fd3059a99533cb09a907208b61ac4ea887c257c44952ab7bef750e3ae0cc4dc0fea21f2ef54c901abca85a5c83,gx-no-cache=1494943844111 HTTP/1.1" 200 30
186.103.157.246 - - [16/May/2017:11:09:46 -0300] "POST /cormun/servlet/solicitudot?1fde05083c53524e341f6fb0ecc62921,INS,0,0,,gx-no-cache=1494943844197 HTTP/1.1" 200 93
186.103.157.246 - - [16/May/2017:11:09:46 -0300] "GET /cormun/servlet/hpexe_return? HTTP/1.1" 200 996
186.103.157.246 - - [16/May/2017:11:09:46 -0300] "GET /cormun/static/Resources/Spanish/PXTools.css?167811 HTTP/1.1" 304 -
186.103.157.246 - - [16/May/2017:11:09:46 -0300] "GET /cormun/static/hpexe_return.js?2016101716175153 HTTP/1.1" 304 -
186.103.157.246 - - [16/May/2017:11:09:46 -0300] "GET /cormun/static/gxcfg.js?2016101716175148 HTTP/1.1" 304 -
186.103.157.246 - - [16/May/2017:11:09:46 -0300] "GET /cormun/servlet/trsolicitudot HTTP/1.1" 200 8003
186.103.157.246 - - [16/May/2017:11:09:47 -0300] "GET /cormun//static/Resources/PXToolsGridUpdate.png HTTP/1.1" 304 -
186.103.157.246 - - [16/May/2017:11:09:47 -0300] "GET /cormun//static/Resources/PXToolsGridDelete.png HTTP/1.1" 304 -
186.103.157.246 - - [16/May/2017:11:09:47 -0300] "GET /cormun//static/Resources/PXToolsActionView.png HTTP/1.1" 304 -
186.103.157.246 - - [16/May/2017:11:09:47 -0300] "GET /cormun//static/Resources/PXTools/ActionInsert.png HTTP/1.1" 304 -
186.103.157.246 - - [16/May/2017:11:09:47 -0300] "GET /cormun//static/Resources/PXToolsRemoveAllAction.png HTTP/1.1" 304 -
186.79.197.179 - - [16/May/2017:11:09:50 -0300] "POST /cormun/servlet/hlogin?6be658470d9a2105950b61779f261526,gx-no-cache=1494940210911 HTTP/1.1" 200 90
186.79.197.179 - - [16/May/2017:11:09:50 -0300] "GET /cormun/servlet/hpexe_link HTTP/1.1" 200 970
186.79.197.179 - - [16/May/2017:11:09:50 -0300] "GET /cormun/servlet/licenciaspermisos?INS,0,,, HTTP/1.1" 200 7028
186.79.197.179 - - [16/May/2017:11:09:51 -0300] "GET /cormun/servlet/licenciaspermisos?INS,0,,, HTTP/1.1" 200 7027
186.103.157.246 - - [16/May/2017:11:09:53 -0300] "POST /cormun/servlet/trsolicitudot?1fde05083c53524e341f6fb0ecc62921,gx-no-cache=1494943852360 HTTP/1.1" 200 106
186.103.157.246 - - [16/May/2017:11:09:53 -0300] "GET /cormun/servlet/trsolicitudadjuntos?2017,6435, HTTP/1.1" 200 5817
186.103.157.246 - - [16/May/2017:11:09:54 -0300] "GET /cormun/static/gxcfg.js?201731711504543 HTTP/1.1" 304 -
186.103.157.246 - - [16/May/2017:11:09:54 -0300] "GET /cormun/static/trsolicitudadjuntos.js?201731711504951 HTTP/1.1" 304 -
186.79.197.179 - - [16/May/2017:11:09:57 -0300] "GET /cormun/servlet/licenciaspermisos?38fa7ec1aa37b79760565a28c80b1b2d0514a96eacbeba8cf5376d4a1e566553dc362db0a7f97492ed75a1a8142c39cf,gx-no-cache=1494940218159 HTTP/1.1" 200 68
186.79.197.179 - - [16/May/2017:11:09:57 -0300] "POST /cormun/servlet/licenciaspermisos?6be658470d9a2105950b61779f261526,INS,0,,,,gx-no-cache=1494940218225 HTTP/1.1" 200 4183
186.103.157.246 - - [16/May/2017:11:09:58 -0300] "GET /cormun/servlet/solicitudotadjuntos?INS,2017,6435,,1, HTTP/1.1" 200 5747
186.103.157.246 - - [16/May/2017:11:09:58 -0300] "GET /cormun/static/gxcfg.js?201612218465951 HTTP/1.1" 304 -
186.103.157.246 - - [16/May/2017:11:09:58 -0300] "GET /cormun/static/about:blank HTTP/1.1" 404 1011
186.103.157.246 - - [16/May/2017:11:09:58 -0300] "GET /cormun/static/about:blank HTTP/1.1" 404 1011
186.103.157.246 - - [16/May/2017:11:09:58 -0300] "GET /cormun/static/solicitudotadjuntos.js?201612218465969 HTTP/1.1" 304 -
186.103.157.246 - - [16/May/2017:11:09:59 -0300] "GET /cormun/servlet/solicitudotadjuntos?1b008a012164278ada225c9ed2c9e8ce02b328d7d38398075c7e6ebed6444f0b675beae8d8f05b13fa8677534a8a020d,gx-no-cache=1494943858202 HTTP/1.1" 200 30
186.103.157.246 - - [16/May/2017:11:10:00 -0300] "POST /cormun/servlet/solicitudotadjuntos?1fde05083c53524e341f6fb0ecc62921,INS,2017,6435,,1,,gx-no-cache=1494943858257 HTTP/1.1" 200 3665
186.103.157.246 - - [16/May/2017:11:10:00 -0300] "POST /cormun/servlet/solicitudotadjuntos?gx-no-cache=1494943858987 HTTP/1.1" 200 26
186.103.157.246 - - [16/May/2017:11:10:21 -0300] "GET /cormun/servlet/solicitudotadjuntos?1b008a012164278ada225c9ed2c9e8ce28a1a4c929ab58933371eece4da191c5,gx-no-cache=1494943879681 HTTP/1.1" 200 30
186.103.157.246 - - [16/May/2017:11:10:21 -0300] "GET /cormun/servlet/solicitudotadjuntos?1b008a012164278ada225c9ed2c9e8ce28a1a4c929ab58933371eece4da191c5,gx-no-cache=1494943879723 HTTP/1.1" 200 30
186.103.157.246 - - [16/May/2017:11:10:21 -0300] "POST /cormun/servlet/solicitudotadjuntos?1fde05083c53524e341f6fb0ecc62921,INS,2017,6435,,1, HTTP/1.1" 200 116
186.103.157.246 - - [16/May/2017:11:10:21 -0300] "GET /cormun/servlet/hpexe_return? HTTP/1.1" 200 1013
186.103.157.246 - - [16/May/2017:11:10:22 -0300] "GET /cormun/servlet/trsolicitudadjuntos?2017,6435, HTTP/1.1" 200 7919
186.103.157.246 - - [16/May/2017:11:10:26 -0300] "GET /cormun/servlet/solicitudotadjuntos?INS,2017,6435,,1, HTTP/1.1" 200 5747
186.103.157.246 - - [16/May/2017:11:10:26 -0300] "GET /cormun/static/about:blank HTTP/1.1" 404 1011
186.103.157.246 - - [16/May/2017:11:10:26 -0300] "GET /cormun/static/about:blank HTTP/1.1" 404 1011
186.103.157.246 - - [16/May/2017:11:10:27 -0300] "GET /cormun/servlet/solicitudotadjuntos?1b008a012164278ada225c9ed2c9e8ce02b328d7d38398075c7e6ebed6444f0b675beae8d8f05b13fa8677534a8a020d,gx-no-cache=1494943886196 HTTP/1.1" 200 30
186.103.157.246 - - [16/May/2017:11:10:27 -0300] "POST /cormun/servlet/solicitudotadjuntos?1fde05083c53524e341f6fb0ecc62921,INS,2017,6435,,1,,gx-no-cache=1494943886228 HTTP/1.1" 200 3665
186.103.157.246 - - [16/May/2017:11:10:32 -0300] "POST /cormun/servlet/solicitudotadjuntos?gx-no-cache=1494943891492 HTTP/1.1" 200 26
200.112.4.67 - - [16/May/2017:11:10:37 -0300] "POST /cormun/servlet/trsolicitudadjuntos?f291bfc3aea921d9782ffdefb2070a17,2017,6434,,gx-no-cache=1494943894303 HTTP/1.1" 200 90
200.112.4.67 - - [16/May/2017:11:10:37 -0300] "GET /cormun/servlet/hpexe_link HTTP/1.1" 200 968
200.112.4.67 - - [16/May/2017:11:10:37 -0300] "GET /cormun/servlet/trsolicitudot HTTP/1.1" 200 8188
186.103.157.246 - - [16/May/2017:11:10:38 -0300] "GET /cormun/servlet/solicitudotadjuntos?1b008a012164278ada225c9ed2c9e8ce28a1a4c929ab58933371eece4da191c5,gx-no-cache=1494943896680 HTTP/1.1" 200 30
186.103.157.246 - - [16/May/2017:11:10:38 -0300] "GET /cormun/servlet/solicitudotadjuntos?1b008a012164278ada225c9ed2c9e8ce28a1a4c929ab58933371eece4da191c5,gx-no-cache=1494943896733 HTTP/1.1" 200 30
186.103.157.246 - - [16/May/2017:11:10:38 -0300] "POST /cormun/servlet/solicitudotadjuntos?1fde05083c53524e341f6fb0ecc62921,INS,2017,6435,,1, HTTP/1.1" 200 116
186.103.157.246 - - [16/May/2017:11:10:38 -0300] "GET /cormun/servlet/hpexe_return? HTTP/1.1" 200 1013
186.103.157.246 - - [16/May/2017:11:10:38 -0300] "GET /cormun/servlet/trsolicitudadjuntos?2017,6435, HTTP/1.1" 200 8135
200.112.4.67 - - [16/May/2017:11:10:40 -0300] "GET /cormun/servlet/trsolicitudot HTTP/1.1" 200 8186
186.103.157.246 - - [16/May/2017:11:10:42 -0300] "GET /cormun/servlet/solicitudotadjuntos?INS,2017,6435,,1, HTTP/1.1" 200 5747
186.103.157.246 - - [16/May/2017:11:10:42 -0300] "GET /cormun/static/about:blank HTTP/1.1" 404 1011
186.103.157.246 - - [16/May/2017:11:10:42 -0300] "GET /cormun/static/about:blank HTTP/1.1" 404 1011
186.103.157.246 - - [16/May/2017:11:10:44 -0300] "GET /cormun/servlet/solicitudotadjuntos?1b008a012164278ada225c9ed2c9e8ce02b328d7d38398075c7e6ebed6444f0b675beae8d8f05b13fa8677534a8a020d,gx-no-cache=1494943902470 HTTP/1.1" 200 30
186.103.157.246 - - [16/May/2017:11:10:44 -0300] "POST /cormun/servlet/solicitudotadjuntos?1fde05083c53524e341f6fb0ecc62921,INS,2017,6435,,1,,gx-no-cache=1494943902801 HTTP/1.1" 200 3665
186.103.157.246 - - [16/May/2017:11:10:49 -0300] "POST /cormun/servlet/solicitudotadjuntos?gx-no-cache=1494943907868 HTTP/1.1" 200 26
186.103.157.246 - - [16/May/2017:11:10:59 -0300] "GET /cormun/servlet/solicitudotadjuntos?1b008a012164278ada225c9ed2c9e8ce28a1a4c929ab58933371eece4da191c5,gx-no-cache=1494943917594 HTTP/1.1" 200 30
186.103.157.246 - - [16/May/2017:11:10:59 -0300] "GET /cormun/servlet/solicitudotadjuntos?1b008a012164278ada225c9ed2c9e8ce28a1a4c929ab58933371eece4da191c5,gx-no-cache=1494943917647 HTTP/1.1" 200 30
186.103.157.246 - - [16/May/2017:11:11:00 -0300] "POST /cormun/servlet/solicitudotadjuntos?1fde05083c53524e341f6fb0ecc62921,INS,2017,6435,,1, HTTP/1.1" 200 116
186.103.157.246 - - [16/May/2017:11:11:00 -0300] "GET /cormun/servlet/hpexe_return? HTTP/1.1" 200 1013
186.103.157.246 - - [16/May/2017:11:11:01 -0300] "GET /cormun/servlet/trsolicitudadjuntos?2017,6435, HTTP/1.1" 200 8303
186.103.157.246 - - [16/May/2017:11:11:06 -0300] "GET /cormun/servlet/solicitudotadjuntos?INS,2017,6435,,1, HTTP/1.1" 200 5748
186.103.157.246 - - [16/May/2017:11:11:06 -0300] "GET /cormun/static/about:blank HTTP/1.1" 404 1011
186.103.157.246 - - [16/May/2017:11:11:06 -0300] "GET /cormun/static/about:blank HTTP/1.1" 404 1011
186.103.157.246 - - [16/May/2017:11:11:07 -0300] "GET /cormun/servlet/solicitudotadjuntos?1b008a012164278ada225c9ed2c9e8ce02b328d7d38398075c7e6ebed6444f0b675beae8d8f05b13fa8677534a8a020d,gx-no-cache=1494943926287 HTTP/1.1" 200 30
