192.168.10.60 - - [16/May/2017:09:18:47 -0300] "POST /cormun/servlet/trautorizarot?ac26249f45d2a6accc5ca88e03120e59,,gx-no-cache=1494936311055 HTTP/1.1" 200 115
192.168.10.60 - - [16/May/2017:09:18:48 -0300] "GET /cormun/servlet/solicitudotlog?INS,2017,6412,0,APR, HTTP/1.1" 200 5547
192.168.10.60 - - [16/May/2017:09:18:48 -0300] "GET /cormun/static/calendar-system.css?75620 HTTP/1.1" 200 5572
192.168.10.60 - - [16/May/2017:09:18:48 -0300] "GET /cormun/static/gxcfg.js?201731711401563 HTTP/1.1" 200 953
192.168.10.60 - - [16/May/2017:09:18:48 -0300] "GET /cormun/static/solicitudotlog.js?201731711401579 HTTP/1.1" 200 8925
192.168.10.60 - - [16/May/2017:09:18:48 -0300] "GET /cormun/servlet/solicitudotlog?INS,2017,6412,0,APR, HTTP/1.1" 200 5548
192.168.10.60 - - [16/May/2017:09:18:49 -0300] "GET /cormun/servlet/solicitudotlog?6de48d0ef6448e2b178dfb8190a7b32a09a05d6baf626b60ce4b1df2afe9eebc12699304cc98da90cfc9b56624a93ef702baaad854e2d9fcabc6d4cdce37ca19d5ccfacd5b2e5b20a224cae2ae2043f1b199d8d8905f97f0daa5667ecb610bdf955aa4b3847fd5f8ed5b8fccf4952f266403726ba3a6f1bfb228fe4a2d39ba55ec588bbba65167a7a053ee82f92589166f8f9053fd9c9c431d5969e5efd45cc5,gx-no-cache=1494936312133 HTTP/1.1" 200 94
192.168.10.89 - - [16/May/2017:09:18:51 -0300] "GET /cormun/servlet/trsolicitudot? HTTP/1.1" 200 8981
192.168.10.60 - - [16/May/2017:09:18:51 -0300] "GET /cormun/servlet/trautorizarot? HTTP/1.1" 200 10011
192.168.10.60 - - [16/May/2017:09:18:52 -0300] "GET /cormun/servlet/trautorizarot? HTTP/1.1" 200 10009
192.168.10.89 - - [16/May/2017:09:18:56 -0300] "GET /cormun/servlet/solicitudot?INS,0,0, HTTP/1.1" 200 12810
186.79.20.254 - - [16/May/2017:09:18:57 -0300] "GET /cormun/servlet/prfichaempleado?,MD,,gxPopupLevel%3D0%3B HTTP/1.1" 200 8814
192.168.10.89 - - [16/May/2017:09:19:05 -0300] "POST /cormun/servlet/solicitudot?gx-no-cache=1494937153859 HTTP/1.1" 200 3092
192.168.10.89 - - [16/May/2017:09:19:05 -0300] "POST /cormun/servlet/solicitudot?42a42e5a42922bde18ca7b9a7a9241a2,INS,0,0,,gx-no-cache=1494937154049 HTTP/1.1" 200 9877
192.168.10.89 - - [16/May/2017:09:19:07 -0300] "GET /cormun/servlet/solicitudot?c69f4127345c823781e04d9667c90d27cf2cb4c358361b483e38839c38efa2e47a20da3b471b90c5e0dc0137082eb264,gx-no-cache=1494937156096 HTTP/1.1" 200 30
192.168.10.60 - - [16/May/2017:09:19:16 -0300] "GET /cormun/static/menuarrow.gif HTTP/1.1" 404 1015
192.168.10.60 - - [16/May/2017:09:19:24 -0300] "POST /cormun/servlet/trautorizarot?ac26249f45d2a6accc5ca88e03120e59,,gx-no-cache=1494936347490 HTTP/1.1" 200 7105
192.168.10.60 - - [16/May/2017:09:19:31 -0300] "POST /cormun/servlet/trautorizarot?ac26249f45d2a6accc5ca88e03120e59,,gx-no-cache=1494936353986 HTTP/1.1" 200 103
192.168.10.60 - - [16/May/2017:09:19:31 -0300] "GET /cormun/AutorizarOT-3710.xls HTTP/1.1" 200 6144
192.168.10.89 - - [16/May/2017:09:19:43 -0300] "POST /cormun/servlet/solicitudot?gx-no-cache=1494937191514 HTTP/1.1" 200 297
192.168.10.89 - - [16/May/2017:09:19:43 -0300] "GET /cormun/servlet/solicitudot?c69f4127345c823781e04d9667c90d27339a4fad2b54c47f273b9edea14898d28adf335927461b07e2d12f026e53e9fa2c2759e642ced6e2b49917cc5c229466ea1aa89395a3ca33888735f3967541ff1c25d8b917b1444187fc15278a37eee510ee9c6f20b85b962cf1cad9c2a0fbf133541b6b19cd2ba61b6deeeb5861bfa1d11dd8111c6714bfcb5d405b18778f1f9d42d1ae98ca7464945283358d818d3f88645dda0bb7fefbee8afdf02b05fde89d12c3588a36d4c6cec839048243ad50af29d31196b38cb65f34a227e2ad7b320cafcbb61fe3180c8dc6b0f08a00dd22336e8d24307b723ba7a46aee155a10a4ba78c59add94d449f95741c93b46239705a719c1e8d0a5521b0d5a5c106cbf56f1f05bfa42abfc94b83ca8be0593ce48f6d260c37c34c5a3c3ae90c898d9a30a6053313d9575a0639f802963a12cfbc8b90f6864dfa9820c621f3b555499846ee0615caa6e098eb7872c79e73326ab0b73817f5da1d6ccee5e62fb6e227405cb81f0f1b77c4b8bbbb041a80485728b0e54ad9540da93a35ea52c660c86f29750,gx-no-cache=1494937191918 HTTP/1.1" 200 30
192.168.10.89 - - [16/May/2017:09:19:46 -0300] "POST /cormun/servlet/solicitudot?gx-no-cache=1494937194428 HTTP/1.1" 200 30
192.168.10.89 - - [16/May/2017:09:19:52 -0300] "GET /cormun/servlet/prsolicitudot?18376408,,,,,MD,,gxPopupLevel%3D0%3B HTTP/1.1" 200 6034
192.168.10.89 - - [16/May/2017:09:19:52 -0300] "GET /cormun/static/gxcfg.js?201731711522567 HTTP/1.1" 304 -
192.168.10.89 - - [16/May/2017:09:19:52 -0300] "GET /cormun/static/prsolicitudot.js?201731711522786 HTTP/1.1" 304 -
192.168.10.89 - - [16/May/2017:09:19:52 -0300] "GET /cormun/static/menusearch.js?201610171694467 HTTP/1.1" 304 -
192.168.10.89 - - [16/May/2017:09:19:52 -0300] "GET /cormun/static/hmpwkw011.js?201731711483558 HTTP/1.1" 304 -
192.168.10.89 - - [16/May/2017:09:20:00 -0300] "POST /cormun/servlet/solicitudot?gx-no-cache=1494937208775 HTTP/1.1" 200 296
192.168.10.89 - - [16/May/2017:09:20:00 -0300] "POST /cormun/servlet/solicitudot?gx-no-cache=1494937208829 HTTP/1.1" 200 117
192.168.10.89 - - [16/May/2017:09:20:00 -0300] "GET /cormun/servlet/solicitudot?c69f4127345c823781e04d9667c90d27ea04b8a6a776ff322525b87eb92118d2b8ad4fcc32430617fc5b013eea74d39d9a58086a0ad2e49c512861e182dbbb443b1a3738f057ba5d1c97ee7cd2fbb602a7dcd0220b581c80d1b341f7ac7404588d60677f01470674f46568f5b50aa03f,gx-no-cache=1494937208863 HTTP/1.1" 200 29
192.168.10.89 - - [16/May/2017:09:20:00 -0300] "GET /cormun/servlet/solicitudot?c69f4127345c823781e04d9667c90d271a92ff143c92903ec836d3aebb3086fcdade6b3f50b920f24c549bf4107568e5d5c688ea8cae07adbf5b4cf71f47cb1d1c4afa6aec11d909d5cfe48ea06279001432afd79ecd7c9d3b7799a8062d7d9553fb0d6b7a67cf8baffd7cafd48ab1c5464289a1beac6d58460c434aa3e5b62367e133eea2dab3631bd8cc3e0d0625d24b697cefc405a55aa2223e4ba4b1b881,gx-no-cache=1494937208882 HTTP/1.1" 200 57
192.168.10.89 - - [16/May/2017:09:20:00 -0300] "GET /cormun/servlet/solicitudot?c69f4127345c823781e04d9667c90d27cdac76ffe9ed5e96c36e5d5038c581a8dade6b3f50b920f24c549bf4107568e5d5c688ea8cae07adbf5b4cf71f47cb1d7031e5cd229d33bae46873b56164d2c1481396e2aa6ec594e5e22ddbf8b15f83d018f600996e4c1f8e4249f8ba9b562554ad9540da93a35ea52c660c86f29750,gx-no-cache=1494937208902 HTTP/1.1" 200 57
192.168.10.89 - - [16/May/2017:09:20:00 -0300] "GET /cormun/static/Shared/jqueryui/images/ui-icons_82798d_256x240.png HTTP/1.1" 404 1089
192.168.10.89 - - [16/May/2017:09:20:00 -0300] "GET /cormun/static/Shared/jqueryui/images/ui-bg_flat_55_994d53_40x100.png HTTP/1.1" 404 1097
192.168.10.89 - - [16/May/2017:09:20:00 -0300] "GET /cormun/static/Shared/jqueryui/images/ui-bg_highlight-soft_100_c6c2c8_1x100.png HTTP/1.1" 404 1117
192.168.10.89 - - [16/May/2017:09:20:00 -0300] "GET /cormun/static/Shared/jqueryui/images/ui-icons_ebccce_256x240.png HTTP/1.1" 404 1089
192.168.10.89 - - [16/May/2017:09:20:05 -0300] "GET /cormun/servlet/prfichaempleado?,MD,,gxPopupLevel%3D0%3B HTTP/1.1" 200 8820
192.168.10.89 - - [16/May/2017:09:20:05 -0300] "GET /cormun/static/gxcfg.js?2017319125415 HTTP/1.1" 304 -
192.168.10.89 - - [16/May/2017:09:20:05 -0300] "GET /cormun/static/prfichaempleado.js?20173191254344 HTTP/1.1" 304 -
186.79.20.254 - - [16/May/2017:09:20:07 -0300] "POST /cormun/servlet/prfichaempleado?a19b3d3ef9b78eacd825f675f1ae1445,,MD,,gxPopupLevel%3D0%3B,gx-no-cache=1494940678228 HTTP/1.1" 200 3399
186.79.20.254 - - [16/May/2017:09:20:11 -0300] "GET /cormun/servlet/permisogoce?48e2bde047429e33d350ec6663ecbcb3ee29360ac6ad78ac3aa0ff44f73dd416706a4dd01c6218d03fa3297f1587c9ad,gx-no-cache=1494940682110 HTTP/1.1" 200 76
186.79.20.254 - - [16/May/2017:09:20:12 -0300] "GET /cormun/static/menuarrow.gif HTTP/1.1" 404 1015
192.168.10.89 - - [16/May/2017:09:20:17 -0300] "POST /cormun/servlet/prfichaempleado?42a42e5a42922bde18ca7b9a7a9241a2,,MD,,gxPopupLevel%3D0%3B,gx-no-cache=1494937225405 HTTP/1.1" 200 3473
186.79.20.254 - - [16/May/2017:09:20:17 -0300] "GET /cormun/servlet/permisogoce?48e2bde047429e33d350ec6663ecbcb3333bcfa3504c66e287e9a0d28cc66eaaa40409d0f204152eee70d26476e5f8ca20521d2df35cbfc94d8e40d7e6c1373e,gx-no-cache=1494940688594 HTTP/1.1" 200 47
192.168.10.89 - - [16/May/2017:09:20:20 -0300] "POST /cormun/servlet/solicitudot?gx-no-cache=1494937228394 HTTP/1.1" 200 1296
192.168.10.89 - - [16/May/2017:09:20:22 -0300] "GET /cormun/servlet/prlicenciaspermisos?16792137,L,,MD,,gxPopupLevel%3D0%3B HTTP/1.1" 200 5606
192.168.10.89 - - [16/May/2017:09:20:22 -0300] "GET /cormun/static/gxcfg.js?201741111445743 HTTP/1.1" 304 -
192.168.10.89 - - [16/May/2017:09:20:22 -0300] "GET /cormun/static/prlicenciaspermisos.js?201741111445890 HTTP/1.1" 304 -
192.168.10.89 - - [16/May/2017:09:20:28 -0300] "POST /cormun/servlet/solicitudot?gx-no-cache=1494937236468 HTTP/1.1" 200 41
192.168.10.89 - - [16/May/2017:09:20:44 -0300] "GET /cormun/servlet/solicitudot?c69f4127345c823781e04d9667c90d27ea04b8a6a776ff322525b87eb92118d2b8ad4fcc32430617fc5b013eea74d39d9a58086a0ad2e49c512861e182dbbb443b1a3738f057ba5d1c97ee7cd2fbb602a7dcd0220b581c80d1b341f7ac7404588d60677f01470674f46568f5b50aa03f,gx-no-cache=1494937252667 HTTP/1.1" 200 29
192.168.10.89 - - [16/May/2017:09:20:44 -0300] "POST /cormun/servlet/solicitudot?gx-no-cache=1494937252714 HTTP/1.1" 200 1279
192.168.10.89 - - [16/May/2017:09:20:45 -0300] "POST /cormun/servlet/solicitudot?gx-no-cache=1494937254019 HTTP/1.1" 200 1162
186.79.20.254 - - [16/May/2017:09:20:45 -0300] "POST /cormun/servlet/permisogoce?a19b3d3ef9b78eacd825f675f1ae1445,INS,0,,,,gx-no-cache=1494940715728 HTTP/1.1" 200 93
186.79.20.254 - - [16/May/2017:09:20:45 -0300] "GET /cormun/servlet/hpexe_return? HTTP/1.1" 200 1005
186.79.20.254 - - [16/May/2017:09:20:46 -0300] "GET /cormun/servlet/trpermisosgoce HTTP/1.1" 200 7674
186.79.20.254 - - [16/May/2017:09:20:48 -0300] "GET /cormun/servlet/trpermisosgoce HTTP/1.1" 200 7670
192.168.10.89 - - [16/May/2017:09:20:48 -0300] "GET /cormun/servlet/solicitudot?c69f4127345c823781e04d9667c90d2762b2d78f186fa5b99dae833fc5b0589dc7d623184cc968f8218357b0713b0115833831306819012a197a3383432c46abfe6c7711e75edf78f281b12f1da1cac267e133eea2dab3631bd8cc3e0d0625d21b1015069eb51f44c96f3e2e5405e4e01c55345f49c5e834bf15bb01f4a3bd855f1c08578a2d29a6abe2a0e8fb8bcbcc3c59e5f6f6765b3cf0b82d7904489982e1ff0dcef29d866b9be59451699c4b01aa49967d0343224a0161efeffbec4372,gx-no-cache=1494937256779 HTTP/1.1" 200 30
192.168.10.89 - - [16/May/2017:09:21:00 -0300] "POST /cormun/servlet/solicitudot?42a42e5a42922bde18ca7b9a7a9241a2,INS,0,0,,gx-no-cache=1494937268453 HTTP/1.1" 200 93
192.168.10.89 - - [16/May/2017:09:21:00 -0300] "GET /cormun/servlet/hpexe_return? HTTP/1.1" 200 1008
192.168.10.89 - - [16/May/2017:09:21:01 -0300] "GET /cormun/servlet/trsolicitudot HTTP/1.1" 200 9271
192.168.10.89 - - [16/May/2017:09:21:06 -0300] "POST /cormun/servlet/trsolicitudot?42a42e5a42922bde18ca7b9a7a9241a2,gx-no-cache=1494937274420 HTTP/1.1" 200 6201
192.168.10.89 - - [16/May/2017:09:21:06 -0300] "POST /cormun/servlet/trsolicitudot?42a42e5a42922bde18ca7b9a7a9241a2,gx-no-cache=1494937274851 HTTP/1.1" 200 6138
192.168.10.89 - - [16/May/2017:09:21:06 -0300] "GET /cormun/static/Shared/jqueryui/images/ui-icons_8d78a5_256x240.png HTTP/1.1" 404 1089
192.168.10.89 - - [16/May/2017:09:21:06 -0300] "GET /cormun/static/Shared/jqueryui/images/ui-bg_highlight-soft_100_c6c2c8_1x100.png HTTP/1.1" 404 1117
192.168.10.89 - - [16/May/2017:09:21:06 -0300] "GET /cormun/static/Shared/jqueryui/images/ui-bg_flat_55_fafafa_40x100.png HTTP/1.1" 404 1097
192.168.10.89 - - [16/May/2017:09:21:06 -0300] "GET /cormun/static/Shared/jqueryui/images/ui-icons_82798d_256x240.png HTTP/1.1" 404 1089
192.168.10.89 - - [16/May/2017:09:21:11 -0300] "GET /cormun/servlet/trautorizarsolicitud? HTTP/1.1" 200 8223
192.168.10.89 - - [16/May/2017:09:21:15 -0300] "POST /cormun/servlet/trautorizarsolicitud?42a42e5a42922bde18ca7b9a7a9241a2,,gx-no-cache=1494937283403 HTTP/1.1" 200 4351
192.168.10.89 - - [16/May/2017:09:21:15 -0300] "POST /cormun/servlet/trautorizarsolicitud?42a42e5a42922bde18ca7b9a7a9241a2,,gx-no-cache=1494937283675 HTTP/1.1" 200 4100
192.168.10.89 - - [16/May/2017:09:21:15 -0300] "GET /cormun/static/Shared/jqueryui/images/ui-bg_flat_55_fafafa_40x100.png HTTP/1.1" 404 1097
192.168.10.89 - - [16/May/2017:09:21:15 -0300] "GET /cormun/static/Shared/jqueryui/images/ui-icons_82798d_256x240.png HTTP/1.1" 404 1089
192.168.10.89 - - [16/May/2017:09:21:15 -0300] "GET /cormun/static/Shared/jqueryui/images/ui-bg_highlight-soft_100_c6c2c8_1x100.png HTTP/1.1" 404 1117
192.168.10.89 - - [16/May/2017:09:21:15 -0300] "GET /cormun/static/Shared/jqueryui/images/ui-icons_8d78a5_256x240.png HTTP/1.1" 404 1089
192.168.10.89 - - [16/May/2017:09:21:25 -0300] "GET /cormun/servlet/hlogin HTTP/1.1" 200 1746
192.168.10.89 - - [16/May/2017:09:21:32 -0300] "POST /cormun/servlet/hlogin?42a42e5a42922bde18ca7b9a7a9241a2,gx-no-cache=1494937300564 HTTP/1.1" 200 90
192.168.10.89 - - [16/May/2017:09:21:32 -0300] "GET /cormun/servlet/hpexe_link HTTP/1.1" 200 954
192.168.10.89 - - [16/May/2017:09:21:32 -0300] "GET /cormun/servlet/hhome HTTP/1.1" 200 4461
192.168.10.89 - - [16/May/2017:09:21:36 -0300] "GET /cormun/servlet/trsolicitudgral? HTTP/1.1" 200 10460
192.168.10.60 - - [16/May/2017:09:22:10 -0300] "GET /cormun/servlet/hlogin HTTP/1.1" 200 1717
192.168.10.60 - - [16/May/2017:09:22:12 -0300] "POST /cormun/servlet/hlogin?ac26249f45d2a6accc5ca88e03120e59,gx-no-cache=1494936515189 HTTP/1.1" 200 90
192.168.10.60 - - [16/May/2017:09:22:12 -0300] "GET /cormun/servlet/hpexe_link HTTP/1.1" 200 956
192.168.10.60 - - [16/May/2017:09:22:12 -0300] "GET /cormun/servlet/trautorizarot? HTTP/1.1" 200 10013
192.168.10.60 - - [16/May/2017:09:22:12 -0300] "GET /cormun/servlet/trautorizarot? HTTP/1.1" 200 10011
192.168.10.60 - - [16/May/2017:09:22:21 -0300] "POST /cormun/servlet/trautorizarot?ac26249f45d2a6accc5ca88e03120e59,,gx-no-cache=1494936524549 HTTP/1.1" 200 5189
186.79.20.254 - - [16/May/2017:09:23:59 -0300] "GET /cormun/servlet/apermisogoceprn?9623662,P,20170516092053,PU HTTP/1.1" 200 1657
186.79.20.254 - - [16/May/2017:09:24:11 -0300] "GET /cormun/servlet/apermisogoceprn?15996249,P,20170516091846,PU HTTP/1.1" 200 1653
186.103.156.24 - - [16/May/2017:09:26:58 -0300] "GET /cormun/servlet/hlogin HTTP/1.1" 200 1716
186.103.156.24 - - [16/May/2017:09:27:19 -0300] "POST /cormun/servlet/hlogin?78d45b29e54cf2c8612cf58330ba8fed,gx-no-cache=1494937698078 HTTP/1.1" 200 90
186.103.156.24 - - [16/May/2017:09:27:19 -0300] "GET /cormun/servlet/hpexe_link HTTP/1.1" 200 946
186.103.156.24 - - [16/May/2017:09:27:19 -0300] "GET /cormun/servlet/hhome HTTP/1.1" 200 4007
186.103.156.24 - - [16/May/2017:09:27:20 -0300] "GET /cormun/servlet/hhome HTTP/1.1" 200 4004
186.103.156.24 - - [16/May/2017:09:27:26 -0300] "GET /cormun/servlet/trcontratosolicitud? HTTP/1.1" 200 13770
186.103.156.24 - - [16/May/2017:09:27:26 -0300] "GET /cormun/static/gxcfg.js?20171317451682 HTTP/1.1" 200 953
186.103.156.24 - - [16/May/2017:09:27:26 -0300] "GET /cormun/static/gxui/gxui-all.css?120300 HTTP/1.1" 200 2179
186.103.156.24 - - [16/May/2017:09:27:26 -0300] "GET /cormun/static/trcontratosolicitud.js?20171317452124 HTTP/1.1" 200 28173
186.103.156.24 - - [16/May/2017:09:27:27 -0300] "GET /cormun/static/Shared/ext/resources/css/ext-all.css?215870 HTTP/1.1" 200 416045
186.103.156.24 - - [16/May/2017:09:27:27 -0300] "GET /cormun//static/Resources/PXToolsGridNew.png HTTP/1.1" 200 2949
186.103.156.24 - - [16/May/2017:09:27:27 -0300] "GET /cormun//static/Resources/PXToolsActionDisabled.gif HTTP/1.1" 200 53
186.103.156.24 - - [16/May/2017:09:27:27 -0300] "GET /cormun/servlet/trcontratosolicitud? HTTP/1.1" 200 13752
186.103.156.166 - - [16/May/2017:09:28:27 -0300] "GET /cormun/servlet/trpermisosadjuntos?10453079,20170516090245,P, HTTP/1.1" 200 6038
186.103.156.166 - - [16/May/2017:09:28:27 -0300] "GET /cormun/static/gxcfg.js?201731711542659 HTTP/1.1" 200 953
186.103.156.166 - - [16/May/2017:09:28:27 -0300] "GET /cormun/static/trpermisosadjuntos.js?201731711542990 HTTP/1.1" 200 20045
186.103.156.166 - - [16/May/2017:09:28:27 -0300] "GET /cormun/servlet/trpermisosadjuntos?10453079,20170516090245,P, HTTP/1.1" 200 6038
186.103.156.166 - - [16/May/2017:09:28:32 -0300] "GET /cormun/servlet/permisosadjuntos?INS,10453079,P,20170516090245,, HTTP/1.1" 200 5368
186.103.156.166 - - [16/May/2017:09:28:32 -0300] "GET /cormun/static/gxcfg.js?201741111155774 HTTP/1.1" 200 953
186.103.156.166 - - [16/May/2017:09:28:32 -0300] "GET /cormun/static/permisosadjuntos.js?201741111155784 HTTP/1.1" 200 8724
186.103.156.166 - - [16/May/2017:09:28:32 -0300] "GET /cormun/static/about:blank HTTP/1.1" 404 1011
186.103.156.166 - - [16/May/2017:09:28:32 -0300] "GET /cormun/servlet/permisosadjuntos?INS,10453079,P,20170516090245,, HTTP/1.1" 200 5358
186.103.156.166 - - [16/May/2017:09:28:50 -0300] "POST /cormun/servlet/permisosadjuntos?ae46f61561c04454f38d9d4a3c66aac7,INS,10453079,P,20170516090245,, HTTP/1.1" 200 116
186.103.156.166 - - [16/May/2017:09:28:50 -0300] "GET /cormun/servlet/hpexe_return? HTTP/1.1" 200 1037
186.103.156.166 - - [16/May/2017:09:28:50 -0300] "GET /cormun/servlet/trpermisosadjuntos?10453079,20170516090245,P, HTTP/1.1" 200 6498
186.103.156.166 - - [16/May/2017:09:28:51 -0300] "GET /cormun/servlet/trpermisosadjuntos?10453079,20170516090245,P, HTTP/1.1" 200 6495
200.111.191.210 - - [16/May/2017:09:28:56 -0300] "POST /cormun/servlet/hlogin?80513fb1500b4b1d78340d6e198d97c1,gx-no-cache=1494937794115 HTTP/1.1" 200 90
200.111.191.210 - - [16/May/2017:09:28:56 -0300] "GET /cormun/servlet/hpexe_link HTTP/1.1" 200 954
200.111.191.210 - - [16/May/2017:09:28:56 -0300] "GET /cormun/servlet/hhome HTTP/1.1" 200 3780
200.111.191.210 - - [16/May/2017:09:28:56 -0300] "GET /cormun/servlet/hhome HTTP/1.1" 200 3776
200.111.191.210 - - [16/May/2017:09:29:01 -0300] "GET /cormun/servlet/trlicencias? HTTP/1.1" 200 6614
200.111.191.210 - - [16/May/2017:09:29:01 -0300] "GET /cormun/servlet/trlicencias? HTTP/1.1" 200 6613
200.111.191.210 - - [16/May/2017:09:29:04 -0300] "GET /cormun/servlet/licenciaspermisos?INS,0,,, HTTP/1.1" 200 7169
200.111.191.210 - - [16/May/2017:09:29:04 -0300] "GET /cormun/servlet/licenciaspermisos?INS,0,,, HTTP/1.1" 200 7168
200.111.191.210 - - [16/May/2017:09:29:12 -0300] "GET /cormun/servlet/licenciaspermisos?5b62bc52cfbf650f14e0b933413a585bf4d59a165e23e049c9f32e51367c28de431a7efa475a76d6e1cebf5e55355efe,gx-no-cache=1494937809952 HTTP/1.1" 200 54
200.111.191.210 - - [16/May/2017:09:29:12 -0300] "POST /cormun/servlet/licenciaspermisos?80513fb1500b4b1d78340d6e198d97c1,INS,0,,,,gx-no-cache=1494937810004 HTTP/1.1" 200 4418
186.103.156.166 - - [16/May/2017:09:29:13 -0300] "POST /cormun/servlet/trpermisosadjuntos?ae46f61561c04454f38d9d4a3c66aac7,10453079,20170516090245,P,,gx-no-cache=1494937808939 HTTP/1.1" 200 90
186.103.156.166 - - [16/May/2017:09:29:13 -0300] "GET /cormun/servlet/hpexe_link HTTP/1.1" 200 984
186.103.156.166 - - [16/May/2017:09:29:13 -0300] "GET /cormun/servlet/trpermisosgoce HTTP/1.1" 200 7331
186.103.156.166 - - [16/May/2017:09:29:13 -0300] "GET /cormun/servlet/trpermisosgoce HTTP/1.1" 200 7330
186.103.159.187 - - [16/May/2017:09:29:28 -0300] "GET /cormun/servlet/hlogin HTTP/1.1" 200 1726
186.103.156.24 - - [16/May/2017:09:29:32 -0300] "POST /cormun/servlet/trcontratosolicitud?78d45b29e54cf2c8612cf58330ba8fed,,gx-no-cache=1494937831250 HTTP/1.1" 200 11460
186.103.156.24 - - [16/May/2017:09:29:33 -0300] "GET /cormun/static/Resources/PXToolsGridNext.gif HTTP/1.1" 200 369
186.103.156.24 - - [16/May/2017:09:29:33 -0300] "GET /cormun/static/Resources/PXToolsGridLast.gif HTTP/1.1" 200 370
186.103.159.187 - - [16/May/2017:09:29:48 -0300] "POST /cormun/servlet/hlogin?cb8d2c2ed42b19b45f3088a107984f1e,gx-no-cache=1494937837104 HTTP/1.1" 200 90
186.103.159.187 - - [16/May/2017:09:29:48 -0300] "GET /cormun/servlet/hpexe_link HTTP/1.1" 200 955
186.103.159.187 - - [16/May/2017:09:29:48 -0300] "GET /cormun/servlet/hhome HTTP/1.1" 200 3737
186.103.159.187 - - [16/May/2017:09:29:50 -0300] "GET /cormun/servlet/hhome HTTP/1.1" 200 3734
186.103.156.24 - - [16/May/2017:09:29:59 -0300] "GET /cormun/servlet/trvisualizadoreventos? HTTP/1.1" 200 6753
186.103.156.24 - - [16/May/2017:09:29:59 -0300] "GET /cormun/static/gxcfg.js?201731711523419 HTTP/1.1" 200 953
186.103.156.24 - - [16/May/2017:09:29:59 -0300] "GET /cormun/static/trvisualizadoreventos.js?20173171152387 HTTP/1.1" 200 19309
186.103.156.24 - - [16/May/2017:09:29:59 -0300] "GET /cormun/static/Resources/PXToolsActionPrint.png HTTP/1.1" 200 3317
186.103.156.24 - - [16/May/2017:09:29:59 -0300] "GET /cormun/servlet/trvisualizadoreventos? HTTP/1.1" 200 6753
186.103.159.187 - - [16/May/2017:09:30:03 -0300] "GET /cormun/servlet/trlicencias? HTTP/1.1" 200 6574
186.103.156.24 - - [16/May/2017:09:30:04 -0300] "POST /cormun/servlet/trvisualizadoreventos?78d45b29e54cf2c8612cf58330ba8fed,,gx-no-cache=1494937862529 HTTP/1.1" 200 111
186.103.159.187 - - [16/May/2017:09:30:04 -0300] "GET /cormun/servlet/trlicencias? HTTP/1.1" 200 6573
186.103.156.24 - - [16/May/2017:09:30:04 -0300] "POST /cormun/servlet/trvisualizadoreventos?78d45b29e54cf2c8612cf58330ba8fed,,gx-no-cache=1494937862701 HTTP/1.1" 200 3937
186.103.156.24 - - [16/May/2017:09:30:04 -0300] "GET /cormun/VisualizadorEventos-3008.xls HTTP/1.1" 200 4096
186.103.156.166 - - [16/May/2017:09:30:13 -0300] "POST /cormun/servlet/trpermisosgoce?ae46f61561c04454f38d9d4a3c66aac7,gx-no-cache=1494937868967 HTTP/1.1" 200 3973
186.103.156.166 - - [16/May/2017:09:30:13 -0300] "GET /cormun/static/Shared/jqueryui/images/ui-bg_highlight-soft_100_c6c2c8_1x100.png HTTP/1.1" 404 1117
186.103.156.166 - - [16/May/2017:09:30:13 -0300] "GET /cormun/static/Shared/jqueryui/images/ui-icons_82798d_256x240.png HTTP/1.1" 404 1089
186.103.156.166 - - [16/May/2017:09:30:13 -0300] "GET /cormun/static/Shared/jqueryui/images/ui-bg_flat_55_fafafa_40x100.png HTTP/1.1" 404 1097
186.103.156.166 - - [16/May/2017:09:30:13 -0300] "GET /cormun/static/Shared/jqueryui/images/ui-icons_8d78a5_256x240.png HTTP/1.1" 404 1089
186.103.156.24 - - [16/May/2017:09:30:20 -0300] "POST /cormun/servlet/acontrolpreferencessavestate?None,GALVAREZ,true HTTP/1.1" 200 35
186.103.156.24 - - [16/May/2017:09:30:21 -0300] "POST /cormun/servlet/acontrolpreferencessavestate?None,GALVAREZ,true HTTP/1.1" 200 35
186.103.156.24 - - [16/May/2017:09:30:48 -0300] "GET /cormun/servlet/trcontratoobservaciondir? HTTP/1.1" 200 6191
186.103.156.24 - - [16/May/2017:09:30:48 -0300] "GET /cormun/static/gxcfg.js?201731711533885 HTTP/1.1" 200 953
186.103.156.24 - - [16/May/2017:09:30:48 -0300] "GET /cormun/static/trcontratoobservaciondir.js?201731711534245 HTTP/1.1" 200 27122
186.103.156.24 - - [16/May/2017:09:30:48 -0300] "GET /cormun/servlet/trcontratoobservaciondir? HTTP/1.1" 200 6190
186.103.156.24 - - [16/May/2017:09:30:51 -0300] "POST /cormun/servlet/trcontratoobservaciondir?78d45b29e54cf2c8612cf58330ba8fed,,gx-no-cache=1494937909873 HTTP/1.1" 200 114
186.103.156.24 - - [16/May/2017:09:30:51 -0300] "GET /cormun/ContratoObservacionDir-5472.xls HTTP/1.1" 200 4608
186.103.159.187 - - [16/May/2017:09:30:53 -0300] "GET /cormun/servlet/trlicencias? HTTP/1.1" 200 6573
186.103.159.187 - - [16/May/2017:09:30:55 -0300] "GET /cormun/servlet/trlicencias? HTTP/1.1" 200 6573
186.103.156.24 - - [16/May/2017:09:30:57 -0300] "GET /cormun/servlet/trcontratounov2? HTTP/1.1" 200 16655
186.103.156.24 - - [16/May/2017:09:30:57 -0300] "GET /cormun/static/gxcfg.js?201731711595461 HTTP/1.1" 200 953
186.103.156.24 - - [16/May/2017:09:30:57 -0300] "GET /cormun/static/Resources/PXToolsAddSelectedAction.png HTTP/1.1" 200 3660
186.103.156.24 - - [16/May/2017:09:30:57 -0300] "GET /cormun/static/trcontratounov2.js?2017317120150 HTTP/1.1" 200 38423
186.103.156.24 - - [16/May/2017:09:30:57 -0300] "GET /cormun/servlet/trcontratounov2? HTTP/1.1" 200 16638
186.103.159.187 - - [16/May/2017:09:31:31 -0300] "GET /cormun/servlet/trlicencias? HTTP/1.1" 200 6573
186.103.159.187 - - [16/May/2017:09:31:32 -0300] "GET /cormun/servlet/trlicencias? HTTP/1.1" 200 6573
186.103.159.187 - - [16/May/2017:09:31:35 -0300] "GET /cormun/servlet/licenciaspermisos?INS,0,,, HTTP/1.1" 200 7122
186.103.159.187 - - [16/May/2017:09:31:35 -0300] "GET /cormun/static/gxcfg.js?201741111445322 HTTP/1.1" 304 -
186.103.159.187 - - [16/May/2017:09:31:35 -0300] "GET /cormun/static/licenciaspermisos.js?201741111445392 HTTP/1.1" 304 -
186.103.159.187 - - [16/May/2017:09:31:36 -0300] "GET /cormun/servlet/licenciaspermisos?INS,0,,, HTTP/1.1" 200 7121
186.103.159.187 - - [16/May/2017:09:31:42 -0300] "GET /cormun/servlet/prfichaempleado?,MD,,gxPopupLevel%3D0%3B HTTP/1.1" 200 8749
186.103.159.187 - - [16/May/2017:09:31:42 -0300] "GET /cormun/static/gxcfg.js?2017319125415 HTTP/1.1" 304 -
200.111.191.210 - - [16/May/2017:09:31:48 -0300] "GET /cormun/servlet/licenciaspermisos?5b62bc52cfbf650f14e0b933413a585b24238d6d90cbb73e382271c548f234b43661722dccc9200b30058b50735a322c69af5af93435b0afb83d4930f3b3993cda1b19f2705d3b560a75193b295ed4d2f4416167717cdc961e682e509978f46304bf5a20ee89f6279e3388e90d9a1facb60efb7e60e221e547e4a5066899c5425508fb9f9c70105691dfbe7a2bcc02782b4160cae63fb681fc4161eea3e4a3953ced604438b56716bf4e0e1593f9bef844d530c9178419c9f1223df0430d58379f0d09aef4ce370f0b88e51c7e66eaa32d0c51dc8b982452bc6a02ccdb9aa302,gx-no-cache=1494937965816 HTTP/1.1" 200 30
200.111.191.210 - - [16/May/2017:09:31:48 -0300] "POST /cormun/servlet/licenciaspermisos?80513fb1500b4b1d78340d6e198d97c1,INS,0,,,,gx-no-cache=1494937965882 HTTP/1.1" 200 4501
200.111.191.210 - - [16/May/2017:09:31:49 -0300] "GET /cormun/servlet/licenciaspermisos?5b62bc52cfbf650f14e0b933413a585ba0926500a972d9ca5ea7a44326f44dafe130f0ac3af5f55b05477732771dd22ad5022a5f65e778c78c4a2f60fafb40266aa48ee572949e321ce0d2ed68b8baaf7a8c2b2c6213d5ba13e29160321f0bea2671b519b943956ffc2a1f78662328762453fce6c001d97921175ad94ef459396616f3bf4bfefb6762d66b176afdf6e0f07deafc5ec95a0728c30b6d834ed0b8405faad571fcc4d4003ca693981ab1eb93cab9e4986fd71871acf95ae04eb1cb61ef11d83ac036807aa9a210685c297217e90078a025589d90e476502a3677cd,gx-no-cache=1494937967039 HTTP/1.1" 200 108
200.111.191.210 - - [16/May/2017:09:31:49 -0300] "GET /cormun/static/Shared/jqueryui/images/ui-bg_highlight-soft_100_c6c2c8_1x100.png HTTP/1.1" 404 1117
200.111.191.210 - - [16/May/2017:09:31:49 -0300] "GET /cormun/static/Shared/jqueryui/images/ui-icons_82798d_256x240.png HTTP/1.1" 404 1089
200.111.191.210 - - [16/May/2017:09:31:49 -0300] "GET /cormun/static/Shared/jqueryui/images/ui-bg_flat_55_994d53_40x100.png HTTP/1.1" 404 1097
200.111.191.210 - - [16/May/2017:09:31:49 -0300] "GET /cormun/static/Shared/jqueryui/images/ui-icons_ebccce_256x240.png HTTP/1.1" 404 1089
200.111.191.210 - - [16/May/2017:09:31:49 -0300] "POST /cormun/servlet/licenciaspermisos?80513fb1500b4b1d78340d6e198d97c1,INS,0,,,,gx-no-cache=1494937967160 HTTP/1.1" 200 4588
200.111.191.210 - - [16/May/2017:09:31:56 -0300] "GET /cormun/servlet/licenciaspermisos?5b62bc52cfbf650f14e0b933413a585b24238d6d90cbb73e382271c548f234b4f23d5c1d86d6b62dcc1badc22c672c4669af5af93435b0afb83d4930f3b3993cda1b19f2705d3b560a75193b295ed4d2f4416167717cdc961e682e509978f46304bf5a20ee89f6279e3388e90d9a1facb60efb7e60e221e547e4a5066899c5425508fb9f9c70105691dfbe7a2bcc02782b4160cae63fb681fc4161eea3e4a3953ced604438b56716bf4e0e1593f9bef844d530c9178419c9f1223df0430d58379f0d09aef4ce370f0b88e51c7e66eaa32d0c51dc8b982452bc6a02ccdb9aa302,gx-no-cache=1494937973769 HTTP/1.1" 200 30
200.111.191.210 - - [16/May/2017:09:31:56 -0300] "POST /cormun/servlet/licenciaspermisos?80513fb1500b4b1d78340d6e198d97c1,INS,0,,,,gx-no-cache=1494937973793 HTTP/1.1" 200 4500
186.103.159.187 - - [16/May/2017:09:31:57 -0300] "POST /cormun/servlet/prfichaempleado?cb8d2c2ed42b19b45f3088a107984f1e,,MD,,gxPopupLevel%3D0%3B,gx-no-cache=1494937965447 HTTP/1.1" 200 3461
200.111.191.210 - - [16/May/2017:09:31:58 -0300] "GET /cormun/servlet/licenciaspermisos?5b62bc52cfbf650f14e0b933413a585ba0926500a972d9ca5ea7a44326f44daf4ab2b2256a742f8a91d60bd5828751add5022a5f65e778c78c4a2f60fafb40266aa48ee572949e321ce0d2ed68b8baaf7a8c2b2c6213d5ba13e29160321f0bea2671b519b943956ffc2a1f78662328762453fce6c001d97921175ad94ef459396616f3bf4bfefb6762d66b176afdf6e0f07deafc5ec95a0728c30b6d834ed0b8405faad571fcc4d4003ca693981ab1eb93cab9e4986fd71871acf95ae04eb1cb61ef11d83ac036807aa9a210685c297217e90078a025589d90e476502a3677cd,gx-no-cache=1494937975970 HTTP/1.1" 200 29
200.111.191.210 - - [16/May/2017:09:31:58 -0300] "POST /cormun/servlet/licenciaspermisos?80513fb1500b4b1d78340d6e198d97c1,INS,0,,,,gx-no-cache=1494937975991 HTTP/1.1" 200 93
200.111.191.210 - - [16/May/2017:09:31:58 -0300] "GET /cormun/servlet/hpexe_return? HTTP/1.1" 200 1013
200.111.191.210 - - [16/May/2017:09:31:58 -0300] "GET /cormun/servlet/trlicencias HTTP/1.1" 200 7768
200.111.191.210 - - [16/May/2017:09:31:58 -0300] "GET /cormun/servlet/trlicencias HTTP/1.1" 200 7764
200.111.191.210 - - [16/May/2017:09:32:02 -0300] "GET /cormun/servlet/alicenciaprn?12291222,L,20170516000000,PU HTTP/1.1" 200 1550
186.103.159.187 - - [16/May/2017:09:32:27 -0300] "GET /cormun/servlet/prfichaempleado?,MD,,gxPopupLevel%3D0%3B HTTP/1.1" 200 8749
186.103.159.187 - - [16/May/2017:09:32:36 -0300] "POST /cormun/servlet/licenciaspermisos?cb8d2c2ed42b19b45f3088a107984f1e,INS,0,,,,gx-no-cache=1494938004751 HTTP/1.1" 200 4645
186.103.159.187 - - [16/May/2017:09:32:36 -0300] "GET /cormun/static/Shared/jqueryui/images/ui-bg_highlight-soft_100_c6c2c8_1x100.png HTTP/1.1" 404 1117
186.103.159.187 - - [16/May/2017:09:32:36 -0300] "GET /cormun/static/Shared/jqueryui/images/ui-icons_82798d_256x240.png HTTP/1.1" 404 1089
186.103.159.187 - - [16/May/2017:09:32:36 -0300] "GET /cormun/static/Shared/jqueryui/images/ui-bg_flat_55_994d53_40x100.png HTTP/1.1" 404 1097
186.103.159.187 - - [16/May/2017:09:32:36 -0300] "GET /cormun/static/Shared/jqueryui/images/ui-icons_ebccce_256x240.png HTTP/1.1" 404 1089
186.79.184.123 - - [16/May/2017:09:32:36 -0300] "GET /cormun/servlet/hlogin HTTP/1.1" 200 1720
186.103.159.187 - - [16/May/2017:09:32:41 -0300] "GET /cormun/servlet/licenciaspermisos?d2c47d85cd930d2f31411b94a1be47c8f7c9db4ed16ff09de3601c4bcf0b099fc7175bbbee267b2327918ded1aafbd920f8f33719e35467772d0efb82c66fdee960fa2919f1cc15db7c896de3fa9a9af,gx-no-cache=1494938009719 HTTP/1.1" 200 66
186.103.159.187 - - [16/May/2017:09:32:41 -0300] "POST /cormun/servlet/licenciaspermisos?cb8d2c2ed42b19b45f3088a107984f1e,INS,0,,,,gx-no-cache=1494938009759 HTTP/1.1" 200 4436
186.79.184.123 - - [16/May/2017:09:32:49 -0300] "POST /cormun/servlet/hlogin?864962a728dd525484d0a8eadf56a5d8,gx-no-cache=1494938027590 HTTP/1.1" 200 90
186.79.184.123 - - [16/May/2017:09:32:49 -0300] "GET /cormun/servlet/hpexe_link HTTP/1.1" 200 951
186.79.184.123 - - [16/May/2017:09:32:49 -0300] "GET /cormun/servlet/hhome HTTP/1.1" 200 4014
186.79.184.123 - - [16/May/2017:09:32:50 -0300] "GET /cormun/servlet/hhome HTTP/1.1" 200 4011
186.79.184.123 - - [16/May/2017:09:32:53 -0300] "GET /cormun/servlet/trpermisosgoce? HTTP/1.1" 200 6798
186.79.184.123 - - [16/May/2017:09:32:54 -0300] "GET /cormun/static/gxcfg.js?20174111153177 HTTP/1.1" 304 -
186.79.184.123 - - [16/May/2017:09:32:54 -0300] "GET /cormun/static/trpermisosgoce.js?20174111153217 HTTP/1.1" 304 -
186.79.184.123 - - [16/May/2017:09:32:54 -0300] "GET /cormun/servlet/trpermisosgoce? HTTP/1.1" 200 6799
186.79.184.123 - - [16/May/2017:09:32:57 -0300] "GET /cormun/servlet/permisogoce?INS,0,,, HTTP/1.1" 200 6788
186.79.184.123 - - [16/May/2017:09:32:57 -0300] "GET /cormun/static/gxcfg.js?201741111325459 HTTP/1.1" 304 -
186.79.184.123 - - [16/May/2017:09:32:57 -0300] "GET /cormun/static/permisogoce.js?20174111132557 HTTP/1.1" 304 -
186.79.184.123 - - [16/May/2017:09:32:57 -0300] "GET /cormun/servlet/permisogoce?INS,0,,, HTTP/1.1" 200 6788
192.168.10.89 - - [16/May/2017:09:33:26 -0300] "GET /cormun/servlet/hlogin HTTP/1.1" 200 1743
186.79.184.123 - - [16/May/2017:09:34:37 -0300] "GET /cormun/servlet/permisogoce?93e226316f23ab96eb249bf5534e2703c32297c740bfd5606065e818c112690feda01322d0453f15f8f26d3825dac76d,gx-no-cache=1494938136439 HTTP/1.1" 200 72
186.103.159.187 - - [16/May/2017:09:34:41 -0300] "GET /cormun/static/menuarrow.gif HTTP/1.1" 404 1015
186.79.184.123 - - [16/May/2017:09:34:46 -0300] "GET /cormun/servlet/permisogoce?93e226316f23ab96eb249bf5534e27035872fc97e22f862d71b796f5e929dd7c8195b4fed7a62d8f7c5158e63c9925d1446756d2f0d16e4e2086a1f8e5cfe3bb,gx-no-cache=1494938145055 HTTP/1.1" 200 47
186.79.184.123 - - [16/May/2017:09:34:57 -0300] "POST /cormun/servlet/permisogoce?864962a728dd525484d0a8eadf56a5d8,INS,0,,,,gx-no-cache=1494938155011 HTTP/1.1" 200 93
186.79.184.123 - - [16/May/2017:09:34:57 -0300] "GET /cormun/servlet/hpexe_return? HTTP/1.1" 200 1009
186.79.184.123 - - [16/May/2017:09:34:57 -0300] "GET /cormun/static/Resources/Spanish/PXTools.css?167811 HTTP/1.1" 304 -
186.79.184.123 - - [16/May/2017:09:34:57 -0300] "GET /cormun/static/gxcfg.js?2016101716175148 HTTP/1.1" 304 -
186.79.184.123 - - [16/May/2017:09:34:57 -0300] "GET /cormun/static/hpexe_return.js?2016101716175153 HTTP/1.1" 304 -
186.79.184.123 - - [16/May/2017:09:34:57 -0300] "GET /cormun/servlet/trpermisosgoce HTTP/1.1" 200 7624
186.79.184.123 - - [16/May/2017:09:34:58 -0300] "GET /cormun/servlet/trpermisosgoce HTTP/1.1" 200 7620
186.79.184.123 - - [16/May/2017:09:35:09 -0300] "GET /cormun/servlet/apermisogoceprn?16250806,P,20170516093505,PU HTTP/1.1" 200 1653
186.103.159.187 - - [16/May/2017:09:38:07 -0300] "GET /cormun/servlet/licenciaspermisos?d2c47d85cd930d2f31411b94a1be47c8fb37da2f298089b83f280c67c2ba7cf71e19c94e5eab97a0eac9d7bae4961feb9d107355a94d2d23ccbbf99ab85e46373fb47cbf68d6db8e541f88c8fd7321c6a91177d772a94de674ea55961e9d6d43260a18c02ea3f43d938d567ac2b41223a69d575d1eb5b88b8d8c09c67a9e0c09208cab0cd3d7c3753f5ba326e05c754ccf1d323925346766dbe7849c95bcc9d2a41cdb398dd98e3303ff3f18e65efbd3d8322105c880edec4fb46aa0d5d7c0bbb035dfe0f45ef07045d0dd961aa2454e20dbcabbdc4132b6918675ac5899cb0e,gx-no-cache=1494938336352 HTTP/1.1" 200 30
186.103.159.187 - - [16/May/2017:09:38:07 -0300] "GET /cormun/servlet/licenciaspermisos?d2c47d85cd930d2f31411b94a1be47c8a0e87eb574ef0e56198837212eba1cf59a2d76a271ea5a5a06424a3ec363eb275891e7be60c49d0002235e06d712f431efd203d6b3108bfa439f093b05db9bfb0ec4dea545bb77a85df3bd1f0de99337df5b91ca5d3b5e2e08847806d43449851a9ed19e52b681c1fa6ce1973c31d1d8583741ab089513e7f17628b178a8d40b2ad2327ba88b4be69964d28a0317afdf18a94b7b6a6a2f25dd40e86dc227acb31abe6d0ed6fd3c697981446681250a88fcd100caf76a7dacc084b2cdfd914a7f5b51aec845f5c56a2221a9c3aa8b2424,gx-no-cache=1494938336438 HTTP/1.1" 200 29
186.103.159.187 - - [16/May/2017:09:38:08 -0300] "POST /cormun/servlet/licenciaspermisos?cb8d2c2ed42b19b45f3088a107984f1e,INS,0,,,,gx-no-cache=1494938336497 HTTP/1.1" 200 93
186.103.159.187 - - [16/May/2017:09:38:08 -0300] "GET /cormun/servlet/hpexe_return? HTTP/1.1" 200 1014
186.103.159.187 - - [16/May/2017:09:38:08 -0300] "GET /cormun/static/gxcfg.js?2016101716175148 HTTP/1.1" 304 -
186.103.159.187 - - [16/May/2017:09:38:08 -0300] "GET /cormun/servlet/trlicencias HTTP/1.1" 200 7735
186.103.159.187 - - [16/May/2017:09:38:09 -0300] "GET /cormun/servlet/trlicencias HTTP/1.1" 200 7730
186.103.159.187 - - [16/May/2017:09:41:33 -0300] "GET /cormun/servlet/trlicenciaspermisosadjuntos?8534216,20170516000000,L, HTTP/1.1" 200 6089
186.103.159.187 - - [16/May/2017:09:41:33 -0300] "GET /cormun/static/gxcfg.js?20173171154619 HTTP/1.1" 304 -
186.103.159.187 - - [16/May/2017:09:41:33 -0300] "GET /cormun/servlet/trlicenciaspermisosadjuntos?8534216,20170516000000,L, HTTP/1.1" 200 6089
186.103.159.187 - - [16/May/2017:09:41:35 -0300] "GET /cormun/servlet/licenciaspermisosadjuntos?INS,8534216,L,20170516000000,, HTTP/1.1" 200 5385
186.103.159.187 - - [16/May/2017:09:41:36 -0300] "GET /cormun/static/gxcfg.js?201731711421170 HTTP/1.1" 304 -
186.103.159.187 - - [16/May/2017:09:41:36 -0300] "GET /cormun/static/about:blank HTTP/1.1" 404 1011
186.103.159.187 - - [16/May/2017:09:41:36 -0300] "GET /cormun/servlet/licenciaspermisosadjuntos?INS,8534216,L,20170516000000,, HTTP/1.1" 200 5375
186.103.159.187 - - [16/May/2017:09:41:51 -0300] "POST /cormun/servlet/licenciaspermisosadjuntos?cb8d2c2ed42b19b45f3088a107984f1e,INS,8534216,L,20170516000000,, HTTP/1.1" 200 116
186.103.159.187 - - [16/May/2017:09:41:51 -0300] "GET /cormun/servlet/hpexe_return? HTTP/1.1" 200 1043
186.103.159.187 - - [16/May/2017:09:41:51 -0300] "GET /cormun/servlet/trlicenciaspermisosadjuntos?8534216,20170516000000,L, HTTP/1.1" 200 6555
186.103.159.187 - - [16/May/2017:09:41:52 -0300] "GET /cormun/servlet/trlicenciaspermisosadjuntos?8534216,20170516000000,L, HTTP/1.1" 200 6552
186.103.159.187 - - [16/May/2017:09:41:52 -0300] "GET /cormun/PublicTempStorage/0018372855.jpg HTTP/1.1" 200 628151
186.103.159.187 - - [16/May/2017:09:41:54 -0300] "GET /cormun/servlet/licenciaspermisosadjuntos?INS,8534216,L,20170516000000,, HTTP/1.1" 200 5385
186.103.159.187 - - [16/May/2017:09:41:54 -0300] "GET /cormun/static/about:blank HTTP/1.1" 404 1011
186.103.159.187 - - [16/May/2017:09:41:55 -0300] "GET /cormun/servlet/licenciaspermisosadjuntos?INS,8534216,L,20170516000000,, HTTP/1.1" 200 5375
186.103.159.187 - - [16/May/2017:09:41:58 -0300] "POST /cormun/servlet/licenciaspermisosadjuntos?cb8d2c2ed42b19b45f3088a107984f1e,INS,8534216,L,20170516000000,, HTTP/1.1" 200 116
186.103.159.187 - - [16/May/2017:09:41:59 -0300] "GET /cormun/servlet/hpexe_return? HTTP/1.1" 200 1043
186.103.159.187 - - [16/May/2017:09:41:59 -0300] "GET /cormun/servlet/trlicenciaspermisosadjuntos?8534216,20170516000000,L, HTTP/1.1" 200 6653
186.103.159.187 - - [16/May/2017:09:42:00 -0300] "GET /cormun/servlet/trlicenciaspermisosadjuntos?8534216,20170516000000,L, HTTP/1.1" 200 6650
186.103.159.187 - - [16/May/2017:09:42:00 -0300] "GET /cormun/PublicTempStorage/0015745680.jpg HTTP/1.1" 200 628151
186.103.159.187 - - [16/May/2017:09:42:00 -0300] "GET /cormun/PublicTempStorage/0021291889.jpg HTTP/1.1" 200 568311
186.103.159.187 - - [16/May/2017:09:42:05 -0300] "GET /cormun/servlet/licenciaspermisosadjuntos?INS,8534216,L,20170516000000,, HTTP/1.1" 200 5385
186.103.159.187 - - [16/May/2017:09:42:05 -0300] "GET /cormun/static/about:blank HTTP/1.1" 404 1011
186.103.159.187 - - [16/May/2017:09:42:05 -0300] "GET /cormun/servlet/licenciaspermisosadjuntos?INS,8534216,L,20170516000000,, HTTP/1.1" 200 5374
200.111.191.210 - - [16/May/2017:09:42:10 -0300] "GET /cormun/servlet/trsolicitudot? HTTP/1.1" 200 6728
200.111.191.210 - - [16/May/2017:09:42:10 -0300] "GET /cormun/servlet/trsolicitudot? HTTP/1.1" 200 6728
186.103.159.187 - - [16/May/2017:09:42:19 -0300] "POST /cormun/servlet/licenciaspermisosadjuntos?cb8d2c2ed42b19b45f3088a107984f1e,INS,8534216,L,20170516000000,, HTTP/1.1" 200 116
186.103.159.187 - - [16/May/2017:09:42:19 -0300] "GET /cormun/servlet/hpexe_return? HTTP/1.1" 200 1043
186.103.159.187 - - [16/May/2017:09:42:19 -0300] "GET /cormun/servlet/trlicenciaspermisosadjuntos?8534216,20170516000000,L, HTTP/1.1" 200 6722
200.111.191.210 - - [16/May/2017:09:42:20 -0300] "GET /cormun/servlet/solicitudot?INS,0,0, HTTP/1.1" 200 12584
200.111.191.210 - - [16/May/2017:09:42:20 -0300] "GET /cormun/static/gxcfg.js?20171191042720 HTTP/1.1" 304 -
200.111.191.210 - - [16/May/2017:09:42:20 -0300] "GET /cormun/static/solicitudot.js?2017119104297 HTTP/1.1" 304 -
186.103.159.187 - - [16/May/2017:09:42:20 -0300] "GET /cormun/servlet/trlicenciaspermisosadjuntos?8534216,20170516000000,L, HTTP/1.1" 200 6720
200.111.191.210 - - [16/May/2017:09:42:20 -0300] "GET /cormun/servlet/solicitudot?INS,0,0, HTTP/1.1" 200 12589
186.103.159.187 - - [16/May/2017:09:42:21 -0300] "GET /cormun/PublicTempStorage/0024218377.jpg HTTP/1.1" 200 568311
186.103.159.187 - - [16/May/2017:09:42:21 -0300] "GET /cormun/PublicTempStorage/0011438824.jpg HTTP/1.1" 200 628151
186.103.159.187 - - [16/May/2017:09:42:21 -0300] "GET /cormun/PublicTempStorage/0015903409.jpg HTTP/1.1" 200 628151
200.111.191.210 - - [16/May/2017:09:42:36 -0300] "POST /cormun/servlet/solicitudot?gx-no-cache=1494938614636 HTTP/1.1" 200 3092
200.111.191.210 - - [16/May/2017:09:42:37 -0300] "POST /cormun/servlet/solicitudot?80513fb1500b4b1d78340d6e198d97c1,INS,0,0,,gx-no-cache=1494938614759 HTTP/1.1" 200 9687
200.111.191.210 - - [16/May/2017:09:42:39 -0300] "GET /cormun/servlet/solicitudot?f65b4df39b58c0e76bba1d1a9bba14eed6a0a1f65b7fb72e06ba54c857996548ba980924e2e3dbfec0cb025e91a43ace,gx-no-cache=1494938617304 HTTP/1.1" 200 30
200.111.191.210 - - [16/May/2017:09:43:57 -0300] "POST /cormun/servlet/solicitudot?gx-no-cache=1494938694807 HTTP/1.1" 200 297
200.111.191.210 - - [16/May/2017:09:43:58 -0300] "GET /cormun/servlet/solicitudot?f65b4df39b58c0e76bba1d1a9bba14eedb6b55559efb2a028cf4ade8304fbccfdb9688b0399415bb1588d86caecf290cff15fb98b6afc93b50f47789591bbc4b0327be7d0808cc1f422c58d65457382569b81048d4225b49d2c042c7cbe50bc01e887bc8ac1ab7c5a4e89547f884594d3f92d879d0831ff609f5c07bc29f68fc93504be4a882a5378fcae3e4332a62f4fbdb62bad6d2275d64d22776e401664cbc9707fe92590ceebc509b5cdd1e02572da6c4e940baf5647d5d8bae4c3327b65b893b3b1eb73f52bb8b7eb9851fa86e5de6634a09d4ffa8ff2716e6331f6c75e034eb3eadc2cbb150a30fac38184e333661722dccc9200b30058b50735a322c69af5af93435b0afb83d4930f3b3993c03ee829b32d64cf1b05c16fa5048829935dfe9493d8b57c8597fbb1ff57caaa33b8065dea8e93dd8055293727562ef7b0835833b9dbfc7057bb6cc70f683a4037ba701d7767e2b165d9a5bba607187f23c77baf0d6f4e0832ec7f7b6052d888a0dcfb8cb1ac5408326e6436a22c2ec75d4a6ce6b8b308d137c9b5fb2cfd4e10d,gx-no-cache=1494938696427 HTTP/1.1" 200 30
200.111.191.210 - - [16/May/2017:09:44:07 -0300] "POST /cormun/servlet/solicitudot?gx-no-cache=1494938705348 HTTP/1.1" 200 30
200.111.191.210 - - [16/May/2017:09:44:32 -0300] "POST /cormun/servlet/solicitudot?gx-no-cache=1494938729748 HTTP/1.1" 200 1296
200.111.191.210 - - [16/May/2017:09:44:34 -0300] "GET /cormun/servlet/prlicenciaspermisos?12291222,L,,MD,,gxPopupLevel%3D0%3B HTTP/1.1" 200 6082
200.111.191.210 - - [16/May/2017:09:44:34 -0300] "GET /cormun/static/gxcfg.js?201741111445743 HTTP/1.1" 200 953
200.111.191.210 - - [16/May/2017:09:44:34 -0300] "GET /cormun/static/prlicenciaspermisos.js?201741111445890 HTTP/1.1" 200 13360
200.111.191.210 - - [16/May/2017:09:44:44 -0300] "POST /cormun/servlet/solicitudot?gx-no-cache=1494938742076 HTTP/1.1" 200 41
200.111.191.210 - - [16/May/2017:09:44:59 -0300] "GET /cormun/servlet/solicitudot?f65b4df39b58c0e76bba1d1a9bba14ee60306d52c0b09fbb2dd7dbec5bb3c11337cf1c62fa37d5ee018a4c5d53ab79cf06263ee6970cca02807dec899aa49d5121eac250fed8316e01820af5ec30fd061005251e8caf92047bce1e4eecec499b4084ef504427238a1fafba755dec1add,gx-no-cache=1494938757441 HTTP/1.1" 200 29
200.111.191.210 - - [16/May/2017:09:44:59 -0300] "POST /cormun/servlet/solicitudot?gx-no-cache=1494938757467 HTTP/1.1" 200 1280
200.111.191.210 - - [16/May/2017:09:44:59 -0300] "POST /cormun/servlet/solicitudot?gx-no-cache=1494938757516 HTTP/1.1" 200 1162
186.103.156.166 - - [16/May/2017:09:45:21 -0300] "GET /cormun/servlet/hhome HTTP/1.1" 200 3714
186.103.156.166 - - [16/May/2017:09:45:22 -0300] "GET /cormun/servlet/hhome HTTP/1.1" 200 3722
200.111.191.210 - - [16/May/2017:09:45:22 -0300] "GET /cormun/servlet/solicitudot?f65b4df39b58c0e76bba1d1a9bba14eee934418b37f4a49d9037357d75cd1c3c6262dc7aeab5846068a4f4df4f98681ad247e9f88cc444f0e7064c8106ccbc80b743e441c4f3bda63841f982d5995955b9faaabe7eda2b830bd8ceff97324275cbbef09cfa137d91fd4693586adb47432a65e6da3568a647d0fcfb408c94a6516e62666e10b15bda2a7bcc22dc70b68fab09fb0e4e104822de5af24ed3e92c9581960cc94fd944fe4ca050b78b467813d7f58f9c4d5796e12c8f56cabe544142,gx-no-cache=1494938780228 HTTP/1.1" 200 30
186.103.156.166 - - [16/May/2017:09:45:35 -0300] "GET /cormun/servlet/hlogin HTTP/1.1" 200 1736
186.103.156.166 - - [16/May/2017:09:46:02 -0300] "POST /cormun/servlet/hlogin?ae46f61561c04454f38d9d4a3c66aac7,gx-no-cache=1494938818761 HTTP/1.1" 200 90
186.103.156.166 - - [16/May/2017:09:46:03 -0300] "GET /cormun/servlet/hpexe_link HTTP/1.1" 200 951
186.103.156.166 - - [16/May/2017:09:46:03 -0300] "GET /cormun/servlet/hhome HTTP/1.1" 200 3981
186.103.156.166 - - [16/May/2017:09:46:03 -0300] "GET /cormun/servlet/hhome HTTP/1.1" 200 3977
186.103.156.166 - - [16/May/2017:09:46:13 -0300] "GET /cormun/servlet/trautorizarpermisogoce? HTTP/1.1" 200 7521
186.103.156.166 - - [16/May/2017:09:46:13 -0300] "GET /cormun/static/gxcfg.js?20174111145711 HTTP/1.1" 200 953
186.103.156.166 - - [16/May/2017:09:46:13 -0300] "GET /cormun/static/trautorizarpermisogoce.js?201741111451072 HTTP/1.1" 200 32073
186.103.156.166 - - [16/May/2017:09:46:14 -0300] "GET /cormun/servlet/trautorizarpermisogoce? HTTP/1.1" 200 7520
200.111.191.210 - - [16/May/2017:09:46:20 -0300] "POST /cormun/servlet/solicitudot?80513fb1500b4b1d78340d6e198d97c1,INS,0,0,,gx-no-cache=1494938838515 HTTP/1.1" 200 93
200.111.191.210 - - [16/May/2017:09:46:20 -0300] "GET /cormun/servlet/hpexe_return? HTTP/1.1" 200 1007
200.111.191.210 - - [16/May/2017:09:46:21 -0300] "GET /cormun/servlet/trsolicitudot HTTP/1.1" 200 8008
200.111.191.210 - - [16/May/2017:09:46:21 -0300] "GET /cormun/servlet/trsolicitudot HTTP/1.1" 200 8004
186.103.156.166 - - [16/May/2017:09:46:45 -0300] "POST /cormun/servlet/trautorizarpermisogoce?ae46f61561c04454f38d9d4a3c66aac7,,gx-no-cache=1494938861389 HTTP/1.1" 200 4152
186.103.156.166 - - [16/May/2017:09:46:45 -0300] "GET /cormun/static/Shared/jqueryui/images/ui-bg_highlight-soft_100_c6c2c8_1x100.png HTTP/1.1" 404 1117
186.103.156.166 - - [16/May/2017:09:46:45 -0300] "GET /cormun/static/Shared/jqueryui/images/ui-icons_82798d_256x240.png HTTP/1.1" 404 1089
186.103.156.166 - - [16/May/2017:09:46:45 -0300] "GET /cormun/static/Shared/jqueryui/images/ui-icons_8d78a5_256x240.png HTTP/1.1" 404 1089
186.103.156.166 - - [16/May/2017:09:46:45 -0300] "GET /cormun/static/Shared/jqueryui/images/ui-bg_flat_55_fafafa_40x100.png HTTP/1.1" 404 1097
40.77.167.129 - - [16/May/2017:09:46:50 -0300] "GET /cormun/servlet/solicitudotadjuntos?INS,2017,6121,,1, HTTP/1.1" 200 5186
186.103.156.166 - - [16/May/2017:09:46:56 -0300] "GET /cormun/servlet/hlogin HTTP/1.1" 200 1746
200.111.191.210 - - [16/May/2017:09:48:06 -0300] "POST /cormun/servlet/trsolicitudot?80513fb1500b4b1d78340d6e198d97c1,gx-no-cache=1494938944103 HTTP/1.1" 200 107
200.111.191.210 - - [16/May/2017:09:48:06 -0300] "GET /cormun/servlet/trsolicitudadjuntos?2017,6433, HTTP/1.1" 200 5882
200.111.191.210 - - [16/May/2017:09:48:06 -0300] "GET /cormun/static/gxcfg.js?201731711504543 HTTP/1.1" 200 953
200.111.191.210 - - [16/May/2017:09:48:06 -0300] "GET /cormun/static/trsolicitudadjuntos.js?201731711504951 HTTP/1.1" 200 17913
200.111.191.210 - - [16/May/2017:09:48:06 -0300] "GET /cormun/servlet/trsolicitudadjuntos?2017,6433, HTTP/1.1" 200 5882
200.111.191.210 - - [16/May/2017:09:48:08 -0300] "GET /cormun/servlet/solicitudotadjuntos?INS,2017,6433,,1, HTTP/1.1" 200 5818
200.111.191.210 - - [16/May/2017:09:48:09 -0300] "GET /cormun/static/gxcfg.js?201612218465951 HTTP/1.1" 304 -
200.111.191.210 - - [16/May/2017:09:48:09 -0300] "GET /cormun/static/solicitudotadjuntos.js?201612218465969 HTTP/1.1" 304 -
200.111.191.210 - - [16/May/2017:09:48:09 -0300] "GET /cormun/static/about:blank HTTP/1.1" 404 1011
200.111.191.210 - - [16/May/2017:09:48:09 -0300] "GET /cormun/servlet/solicitudotadjuntos?INS,2017,6433,,1, HTTP/1.1" 200 5812
200.111.191.210 - - [16/May/2017:09:48:09 -0300] "GET /cormun/servlet/solicitudotadjuntos?f65b4df39b58c0e76bba1d1a9bba14ee4321271ead3ea7b74ce7ca53caf8e79f5ff9e9dfc2c993bc40f0dc40b4270738,gx-no-cache=1494938947512 HTTP/1.1" 200 30
200.111.191.210 - - [16/May/2017:09:48:09 -0300] "POST /cormun/servlet/solicitudotadjuntos?80513fb1500b4b1d78340d6e198d97c1,INS,2017,6433,,1,,gx-no-cache=1494938947539 HTTP/1.1" 200 3634
200.111.191.210 - - [16/May/2017:09:48:13 -0300] "POST /cormun/servlet/solicitudotadjuntos?gx-no-cache=1494938951524 HTTP/1.1" 200 26
200.111.191.210 - - [16/May/2017:09:48:29 -0300] "GET /cormun/servlet/solicitudotadjuntos?f65b4df39b58c0e76bba1d1a9bba14eedfd87234b561967bf9f350d5e851abf9,gx-no-cache=1494938967207 HTTP/1.1" 200 30
200.111.191.210 - - [16/May/2017:09:48:29 -0300] "GET /cormun/servlet/solicitudotadjuntos?f65b4df39b58c0e76bba1d1a9bba14eedfd87234b561967bf9f350d5e851abf9,gx-no-cache=1494938967219 HTTP/1.1" 200 30
200.111.191.210 - - [16/May/2017:09:48:30 -0300] "POST /cormun/servlet/solicitudotadjuntos?80513fb1500b4b1d78340d6e198d97c1,INS,2017,6433,,1, HTTP/1.1" 200 116
200.111.191.210 - - [16/May/2017:09:48:30 -0300] "GET /cormun/servlet/hpexe_return? HTTP/1.1" 200 1026
200.111.191.210 - - [16/May/2017:09:48:30 -0300] "GET /cormun/servlet/trsolicitudadjuntos?2017,6433, HTTP/1.1" 200 8025
200.111.191.210 - - [16/May/2017:09:48:30 -0300] "GET /cormun/servlet/trsolicitudadjuntos?2017,6433, HTTP/1.1" 200 8020
200.111.191.210 - - [16/May/2017:09:48:32 -0300] "GET /cormun/servlet/solicitudotadjuntos?INS,2017,6433,,1, HTTP/1.1" 200 5818
200.111.191.210 - - [16/May/2017:09:48:32 -0300] "GET /cormun/static/about:blank HTTP/1.1" 404 1011
200.111.191.210 - - [16/May/2017:09:48:32 -0300] "GET /cormun/servlet/solicitudotadjuntos?INS,2017,6433,,1, HTTP/1.1" 200 5812
200.111.191.210 - - [16/May/2017:09:48:33 -0300] "GET /cormun/servlet/solicitudotadjuntos?f65b4df39b58c0e76bba1d1a9bba14ee4321271ead3ea7b74ce7ca53caf8e79f5ff9e9dfc2c993bc40f0dc40b4270738,gx-no-cache=1494938971205 HTTP/1.1" 200 30
200.111.191.210 - - [16/May/2017:09:48:33 -0300] "POST /cormun/servlet/solicitudotadjuntos?80513fb1500b4b1d78340d6e198d97c1,INS,2017,6433,,1,,gx-no-cache=1494938971250 HTTP/1.1" 200 3634
200.111.191.210 - - [16/May/2017:09:48:35 -0300] "POST /cormun/servlet/solicitudotadjuntos?gx-no-cache=1494938973515 HTTP/1.1" 200 26
200.111.191.210 - - [16/May/2017:09:48:40 -0300] "GET /cormun/servlet/solicitudotadjuntos?f65b4df39b58c0e76bba1d1a9bba14eedfd87234b561967bf9f350d5e851abf9,gx-no-cache=1494938978215 HTTP/1.1" 200 30
200.111.191.210 - - [16/May/2017:09:48:40 -0300] "GET /cormun/servlet/solicitudotadjuntos?f65b4df39b58c0e76bba1d1a9bba14eedfd87234b561967bf9f350d5e851abf9,gx-no-cache=1494938978269 HTTP/1.1" 200 30
200.111.191.210 - - [16/May/2017:09:48:43 -0300] "POST /cormun/servlet/solicitudotadjuntos?80513fb1500b4b1d78340d6e198d97c1,INS,2017,6433,,1, HTTP/1.1" 200 116
200.111.191.210 - - [16/May/2017:09:48:43 -0300] "GET /cormun/servlet/hpexe_return? HTTP/1.1" 200 1026
200.111.191.210 - - [16/May/2017:09:48:43 -0300] "GET /cormun/servlet/trsolicitudadjuntos?2017,6433, HTTP/1.1" 200 8246
