200.112.6.134 - - [15/May/2017:14:57:31 -0300] "GET /cormun/static/SmoothNavMenu/resources/ddsmoothmenu.css?1012540 HTTP/1.1" 304 -
200.112.6.134 - - [15/May/2017:14:57:31 -0300] "GET /cormun/static/SmoothNavMenu/resources/ddsmoothmenu-v.css?1012540 HTTP/1.1" 304 -
200.112.6.134 - - [15/May/2017:14:57:31 -0300] "GET /cormun/static/scaMessage/css/jquery.pnotify.default.css?1716380 HTTP/1.1" 304 -
200.112.6.134 - - [15/May/2017:14:58:36 -0300] "GET /cormun/static/Shared/ext/resources/css/ext-all.css?215870 HTTP/1.1" 304 -
200.112.6.134 - - [15/May/2017:14:58:36 -0300] "GET /cormun/static/gxui/gxui-all.css?120300 HTTP/1.1" 304 -
200.112.6.134 - - [15/May/2017:14:58:36 -0300] "GET /cormun/static/calendar-system.css?85620 HTTP/1.1" 304 -
200.112.6.134 - - [15/May/2017:14:58:36 -0300] "GET /cormun/static/Resources/Spanish/PXTools.css?18365030 HTTP/1.1" 304 -
200.112.6.134 - - [15/May/2017:14:58:36 -0300] "GET /cormun/static/Shared/jqueryui/jquery-ui.min.css?1245370 HTTP/1.1" 304 -
200.112.6.134 - - [15/May/2017:14:58:36 -0300] "GET /cormun/static/SmoothNavMenu/resources/ddsmoothmenu.css?1012540 HTTP/1.1" 304 -
200.112.6.134 - - [15/May/2017:14:58:36 -0300] "GET /cormun/static/SmoothNavMenu/resources/ddsmoothmenu-v.css?1012540 HTTP/1.1" 304 -
200.112.6.134 - - [15/May/2017:14:58:36 -0300] "GET /cormun/static/scaMessage/css/jquery.pnotify.default.css?1716380 HTTP/1.1" 304 -
186.103.159.46 - - [15/May/2017:14:59:05 -0300] "GET /cormun/servlet/trpermisosgoce? HTTP/1.1" 200 8114
186.103.159.46 - - [15/May/2017:14:59:07 -0300] "GET /cormun/servlet/trpermisosgoce? HTTP/1.1" 200 8105
186.103.159.46 - - [15/May/2017:14:59:09 -0300] "GET /cormun/servlet/permisogoce?INS,0,,, HTTP/1.1" 200 6552
186.103.159.46 - - [15/May/2017:14:59:10 -0300] "GET /cormun/static/gxcfg.js?201741111325459 HTTP/1.1" 304 -
186.103.159.46 - - [15/May/2017:14:59:11 -0300] "GET /cormun/static/permisogoce.js?20174111132557 HTTP/1.1" 304 -
186.103.159.46 - - [15/May/2017:14:59:11 -0300] "GET /cormun/servlet/permisogoce?INS,0,,, HTTP/1.1" 200 6552
186.103.159.46 - - [15/May/2017:14:59:25 -0300] "GET /cormun/servlet/permisogoce?66390ec99d1cc8ff164eb566b37f4e63e37b17642dc33a73cc914eff89320be1e8eb9b8a49eb72df438a23ceed54a363,gx-no-cache=1494871224273 HTTP/1.1" 200 78
186.103.159.46 - - [15/May/2017:14:59:25 -0300] "GET /cormun/static/menuarrow.gif HTTP/1.1" 404 1015
200.112.6.134 - - [15/May/2017:14:59:44 -0300] "GET /cormun/static/Shared/ext/resources/css/ext-all.css?215870 HTTP/1.1" 304 -
200.112.6.134 - - [15/May/2017:14:59:44 -0300] "GET /cormun/static/gxui/gxui-all.css?120300 HTTP/1.1" 304 -
200.112.6.134 - - [15/May/2017:14:59:44 -0300] "GET /cormun/static/calendar-system.css?85620 HTTP/1.1" 304 -
200.112.6.134 - - [15/May/2017:14:59:44 -0300] "GET /cormun/static/Resources/Spanish/PXTools.css?18365030 HTTP/1.1" 304 -
200.112.6.134 - - [15/May/2017:14:59:44 -0300] "GET /cormun/static/Shared/jqueryui/jquery-ui.min.css?1245370 HTTP/1.1" 304 -
200.112.6.134 - - [15/May/2017:14:59:44 -0300] "GET /cormun/static/SmoothNavMenu/resources/ddsmoothmenu.css?1012540 HTTP/1.1" 304 -
200.112.6.134 - - [15/May/2017:14:59:44 -0300] "GET /cormun/static/SmoothNavMenu/resources/ddsmoothmenu-v.css?1012540 HTTP/1.1" 304 -
200.112.6.134 - - [15/May/2017:14:59:44 -0300] "GET /cormun/static/scaMessage/css/jquery.pnotify.default.css?1716380 HTTP/1.1" 304 -
201.83.61.45 - - [15/May/2017:14:59:47 -0300] "GET /hndUnblock.cgi HTTP/1.0" 404 989
201.83.61.45 - - [15/May/2017:14:59:47 -0300] "GET /tmUnblock.cgi HTTP/1.0" 404 987
201.83.61.45 - - [15/May/2017:14:59:47 -0300] "GET /language/Swedish${IFS}&&echo${IFS}610cker>qt&&tar${IFS}/string.js HTTP/1.0" 404 1129
201.83.61.45 - - [15/May/2017:14:59:48 -0300] "GET /../../../../../../../mnt/mtd/qt HTTP/1.0" 400 -
200.112.6.134 - - [15/May/2017:15:00:04 -0300] "GET /cormun/static/Shared/ext/resources/css/ext-all.css?215870 HTTP/1.1" 304 -
200.112.6.134 - - [15/May/2017:15:00:04 -0300] "GET /cormun/static/gxui/gxui-all.css?120300 HTTP/1.1" 304 -
200.112.6.134 - - [15/May/2017:15:00:05 -0300] "GET /cormun/static/calendar-system.css?85620 HTTP/1.1" 304 -
200.112.6.134 - - [15/May/2017:15:00:05 -0300] "GET /cormun/static/Resources/Spanish/PXTools.css?18365030 HTTP/1.1" 304 -
200.112.6.134 - - [15/May/2017:15:00:05 -0300] "GET /cormun/static/Shared/jqueryui/jquery-ui.min.css?1245370 HTTP/1.1" 304 -
200.112.6.134 - - [15/May/2017:15:00:05 -0300] "GET /cormun/static/SmoothNavMenu/resources/ddsmoothmenu.css?1012540 HTTP/1.1" 304 -
200.112.6.134 - - [15/May/2017:15:00:05 -0300] "GET /cormun/static/SmoothNavMenu/resources/ddsmoothmenu-v.css?1012540 HTTP/1.1" 304 -
200.112.6.134 - - [15/May/2017:15:00:05 -0300] "GET /cormun/static/scaMessage/css/jquery.pnotify.default.css?1716380 HTTP/1.1" 304 -
186.103.159.46 - - [15/May/2017:15:00:08 -0300] "GET /cormun/servlet/permisogoce?66390ec99d1cc8ff164eb566b37f4e63b7a7d7cb7a0e72091a8a76316ae22f54d37a035e1f5c82d9f5a0bf435625cd6496a5f907720e6a52b560df9b55094575,gx-no-cache=1494871267084 HTTP/1.1" 200 47
186.103.159.46 - - [15/May/2017:15:00:18 -0300] "POST /cormun/servlet/permisogoce?3b4fc244f08304565a8f0f6d0ccddad4,INS,0,,,,gx-no-cache=1494871276591 HTTP/1.1" 200 93
186.103.159.46 - - [15/May/2017:15:00:18 -0300] "GET /cormun/servlet/hpexe_return? HTTP/1.1" 200 1011
186.103.159.46 - - [15/May/2017:15:00:18 -0300] "GET /cormun/servlet/trpermisosgoce HTTP/1.1" 200 8361
186.103.159.46 - - [15/May/2017:15:00:21 -0300] "GET /cormun/servlet/trpermisosgoce HTTP/1.1" 200 8358
186.103.159.46 - - [15/May/2017:15:00:24 -0300] "GET /cormun/servlet/apermisogoceprn?13109954,P,20170515155440,PU HTTP/1.1" 200 1665
200.112.6.134 - - [15/May/2017:15:00:37 -0300] "GET /cormun/static/Shared/ext/resources/css/ext-all.css?215870 HTTP/1.1" 304 -
200.112.6.134 - - [15/May/2017:15:00:37 -0300] "GET /cormun/static/gxui/gxui-all.css?120300 HTTP/1.1" 304 -
200.112.6.134 - - [15/May/2017:15:00:37 -0300] "GET /cormun/static/calendar-system.css?85620 HTTP/1.1" 304 -
200.112.6.134 - - [15/May/2017:15:00:37 -0300] "GET /cormun/static/Resources/Spanish/PXTools.css?18365030 HTTP/1.1" 304 -
200.112.6.134 - - [15/May/2017:15:00:37 -0300] "GET /cormun/static/Shared/jqueryui/jquery-ui.min.css?1245370 HTTP/1.1" 304 -
200.112.6.134 - - [15/May/2017:15:00:38 -0300] "GET /cormun/static/SmoothNavMenu/resources/ddsmoothmenu.css?1012540 HTTP/1.1" 304 -
200.112.6.134 - - [15/May/2017:15:00:38 -0300] "GET /cormun/static/SmoothNavMenu/resources/ddsmoothmenu-v.css?1012540 HTTP/1.1" 304 -
200.112.6.134 - - [15/May/2017:15:00:38 -0300] "GET /cormun/static/scaMessage/css/jquery.pnotify.default.css?1716380 HTTP/1.1" 304 -
200.112.6.134 - - [15/May/2017:15:01:00 -0300] "GET /cormun/static/Shared/ext/resources/css/ext-all.css?215870 HTTP/1.1" 304 -
200.112.6.134 - - [15/May/2017:15:01:00 -0300] "GET /cormun/static/gxui/gxui-all.css?120300 HTTP/1.1" 304 -
200.112.6.134 - - [15/May/2017:15:01:00 -0300] "GET /cormun/static/calendar-system.css?85620 HTTP/1.1" 304 -
200.112.6.134 - - [15/May/2017:15:01:00 -0300] "GET /cormun/static/Resources/Spanish/PXTools.css?18365030 HTTP/1.1" 304 -
200.112.6.134 - - [15/May/2017:15:01:00 -0300] "GET /cormun/static/Shared/jqueryui/jquery-ui.min.css?1245370 HTTP/1.1" 304 -
200.112.6.134 - - [15/May/2017:15:01:00 -0300] "GET /cormun/static/SmoothNavMenu/resources/ddsmoothmenu.css?1012540 HTTP/1.1" 304 -
200.112.6.134 - - [15/May/2017:15:01:00 -0300] "GET /cormun/static/SmoothNavMenu/resources/ddsmoothmenu-v.css?1012540 HTTP/1.1" 304 -
200.112.6.134 - - [15/May/2017:15:01:00 -0300] "GET /cormun/static/scaMessage/css/jquery.pnotify.default.css?1716380 HTTP/1.1" 304 -
186.79.252.90 - - [15/May/2017:15:03:23 -0300] "GET /cormun/servlet/hlogin HTTP/1.1" 200 1723
186.79.252.90 - - [15/May/2017:15:03:35 -0300] "POST /cormun/servlet/hlogin?04555e925326f56faff46c9237c87c2b,gx-no-cache=1494867870358 HTTP/1.1" 200 90
186.79.252.90 - - [15/May/2017:15:03:35 -0300] "GET /cormun/servlet/hpexe_link HTTP/1.1" 200 954
186.79.252.90 - - [15/May/2017:15:03:35 -0300] "GET /cormun/servlet/hhome HTTP/1.1" 200 3814
186.79.252.90 - - [15/May/2017:15:03:36 -0300] "GET /cormun/servlet/hhome HTTP/1.1" 200 3811
186.79.252.90 - - [15/May/2017:15:03:38 -0300] "GET /cormun/servlet/trpermisosgoce? HTTP/1.1" 200 7668
186.79.252.90 - - [15/May/2017:15:03:39 -0300] "GET /cormun/servlet/trpermisosgoce? HTTP/1.1" 200 7667
186.79.252.90 - - [15/May/2017:15:03:41 -0300] "GET /cormun/servlet/permisogoce?INS,0,,, HTTP/1.1" 200 6583
186.79.252.90 - - [15/May/2017:15:03:41 -0300] "GET /cormun/servlet/permisogoce?INS,0,,, HTTP/1.1" 200 6582
186.79.252.90 - - [15/May/2017:15:03:50 -0300] "GET /cormun/servlet/permisogoce?6ff49ed3f8af6a2652a766bf251a7ab181a42e6ae41db683f341c09f0a2026099f8c3b1e370b063536adfb40d5d4e18e,gx-no-cache=1494867885214 HTTP/1.1" 200 68
186.79.252.90 - - [15/May/2017:15:03:50 -0300] "GET /cormun/static/menuarrow.gif HTTP/1.1" 404 1015
186.79.252.90 - - [15/May/2017:15:04:01 -0300] "GET /cormun/servlet/permisogoce?6ff49ed3f8af6a2652a766bf251a7ab1a1ef5a67703892d9af6b287b4b8e2cfe31fac310880b7062913c31c8da2df91f3398c9d6592243c99e8cb76d93f06f20,gx-no-cache=1494867896154 HTTP/1.1" 200 47
186.79.252.90 - - [15/May/2017:15:04:04 -0300] "POST /cormun/servlet/permisogoce?04555e925326f56faff46c9237c87c2b,INS,0,,,,gx-no-cache=1494867899231 HTTP/1.1" 200 93
186.79.252.90 - - [15/May/2017:15:04:04 -0300] "GET /cormun/servlet/hpexe_return? HTTP/1.1" 200 1012
186.79.252.90 - - [15/May/2017:15:04:05 -0300] "GET /cormun/servlet/trpermisosgoce HTTP/1.1" 200 7876
186.79.252.90 - - [15/May/2017:15:04:05 -0300] "GET /cormun/servlet/trpermisosgoce HTTP/1.1" 200 7877
186.79.252.90 - - [15/May/2017:15:04:12 -0300] "GET /cormun/servlet/apermisogoceprn?17650928,P,20170515155827,PU HTTP/1.1" 200 1639
186.103.159.187 - - [15/May/2017:15:04:14 -0300] "GET /cormun/servlet/hlogin HTTP/1.1" 200 1730
186.103.159.187 - - [15/May/2017:15:04:32 -0300] "GET /cormun/servlet/hlogin HTTP/1.1" 200 1728
186.103.159.187 - - [15/May/2017:15:04:33 -0300] "GET /cormun/servlet/hlogin HTTP/1.1" 200 1728
186.103.159.187 - - [15/May/2017:15:04:34 -0300] "GET /cormun/servlet/hlogin HTTP/1.1" 200 1728
186.103.159.187 - - [15/May/2017:15:04:35 -0300] "GET /cormun/servlet/hlogin HTTP/1.1" 200 1728
186.103.159.187 - - [15/May/2017:15:04:41 -0300] "GET /cormun/servlet/hlogin HTTP/1.1" 200 1728
186.79.252.90 - - [15/May/2017:15:04:50 -0300] "GET /cormun/servlet/hlogin HTTP/1.1" 200 1740
186.103.159.187 - - [15/May/2017:15:04:54 -0300] "POST /cormun/servlet/hlogin?95c549ff78a706e141cfa5aa8b89be94,gx-no-cache=1494871544076 HTTP/1.1" 200 429
186.103.159.187 - - [15/May/2017:15:05:09 -0300] "POST /cormun/servlet/hlogin?95c549ff78a706e141cfa5aa8b89be94,gx-no-cache=1494871559309 HTTP/1.1" 200 429
186.103.159.187 - - [15/May/2017:15:05:14 -0300] "POST /cormun/servlet/hlogin?95c549ff78a706e141cfa5aa8b89be94,gx-no-cache=1494871564558 HTTP/1.1" 200 90
186.103.159.187 - - [15/May/2017:15:05:15 -0300] "GET /cormun/servlet/hpexe_link HTTP/1.1" 200 956
186.103.159.187 - - [15/May/2017:15:05:15 -0300] "GET /cormun/servlet/hhome HTTP/1.1" 200 3739
186.103.159.187 - - [15/May/2017:15:05:16 -0300] "GET /cormun/servlet/hhome HTTP/1.1" 200 3739
186.103.159.187 - - [15/May/2017:15:05:21 -0300] "GET /cormun/servlet/trlicencias? HTTP/1.1" 200 6575
186.103.159.187 - - [15/May/2017:15:05:21 -0300] "GET /cormun/static/calendar-setup.js?85251 HTTP/1.1" 304 -
186.103.159.187 - - [15/May/2017:15:05:21 -0300] "GET /cormun/static/calendar.js?85251 HTTP/1.1" 304 -
186.103.159.187 - - [15/May/2017:15:05:21 -0300] "GET /cormun/static/calendar-es.js?85251 HTTP/1.1" 304 -
186.103.159.187 - - [15/May/2017:15:05:21 -0300] "GET /cormun/static/gxcfg.js?201741111445981 HTTP/1.1" 304 -
186.103.159.187 - - [15/May/2017:15:05:21 -0300] "GET /cormun/static/gxdec.js?85251 HTTP/1.1" 304 -
186.103.159.187 - - [15/May/2017:15:05:21 -0300] "GET /cormun/static/trlicencias.js?20174111145440 HTTP/1.1" 304 -
186.103.159.187 - - [15/May/2017:15:05:22 -0300] "GET /cormun/servlet/trlicencias? HTTP/1.1" 200 6574
131.253.27.82 - - [15/May/2017:15:08:27 -0300] "GET /cormun/static/Shared/ext/ext-all.js HTTP/1.1" 200 1289687
131.253.27.82 - - [15/May/2017:15:08:29 -0300] "GET /cormun/static/trsolicitudadjuntos.js?201731711504951 HTTP/1.1" 200 17913
46.174.191.28 - - [15/May/2017:15:14:10 -0300] "GET / HTTP/1.0" 200 11197
186.79.250.255 - - [15/May/2017:15:16:21 -0300] "GET /cormun/servlet/hlogin HTTP/1.1" 200 1724
186.79.250.255 - - [15/May/2017:15:16:34 -0300] "POST /cormun/servlet/hlogin?0e562f6f9b0059563653d19c88d2aaa4,gx-no-cache=1494872252940 HTTP/1.1" 200 90
186.79.250.255 - - [15/May/2017:15:16:34 -0300] "GET /cormun/servlet/hpexe_link HTTP/1.1" 200 956
186.79.250.255 - - [15/May/2017:15:16:34 -0300] "GET /cormun/servlet/hhome HTTP/1.1" 200 4032
186.79.250.255 - - [15/May/2017:15:16:36 -0300] "GET /cormun/servlet/hhome HTTP/1.1" 200 4028
186.79.250.255 - - [15/May/2017:15:16:49 -0300] "GET /cormun/servlet/trcontratounov2? HTTP/1.1" 200 16754
186.79.250.255 - - [15/May/2017:15:16:49 -0300] "GET /cormun/static/gxcfg.js?201731711595461 HTTP/1.1" 304 -
186.79.250.255 - - [15/May/2017:15:16:49 -0300] "GET /cormun/static/trcontratounov2.js?2017317120150 HTTP/1.1" 304 -
186.79.250.255 - - [15/May/2017:15:16:51 -0300] "GET /cormun/servlet/trcontratounov2? HTTP/1.1" 200 16746
186.103.159.46 - - [15/May/2017:15:16:59 -0300] "GET /cormun/servlet/trpermisosadjuntos?15123520,20170508145042,P, HTTP/1.1" 200 6093
186.79.250.255 - - [15/May/2017:15:17:00 -0300] "POST /cormun/servlet/trcontratounov2?0e562f6f9b0059563653d19c88d2aaa4,,gx-no-cache=1494872277552 HTTP/1.1" 200 11398
186.103.159.46 - - [15/May/2017:15:17:01 -0300] "GET /cormun/servlet/trpermisosadjuntos?15123520,20170508145042,P, HTTP/1.1" 200 6093
186.103.159.46 - - [15/May/2017:15:17:04 -0300] "GET /cormun/servlet/permisosadjuntos?INS,15123520,P,20170508145042,, HTTP/1.1" 200 5425
186.103.159.46 - - [15/May/2017:15:17:06 -0300] "GET /cormun/static/about:blank HTTP/1.1" 404 1011
186.103.159.46 - - [15/May/2017:15:17:06 -0300] "GET /cormun/servlet/permisosadjuntos?INS,15123520,P,20170508145042,, HTTP/1.1" 200 5415
186.79.250.255 - - [15/May/2017:15:17:22 -0300] "GET /cormun/servlet/trautorizarenuncias? HTTP/1.1" 200 7277
186.79.250.255 - - [15/May/2017:15:17:22 -0300] "GET /cormun/static/gxcfg.js?201731711565856 HTTP/1.1" 200 953
186.79.250.255 - - [15/May/2017:15:17:22 -0300] "GET /cormun/static/trautorizarenuncias.js?20173171157315 HTTP/1.1" 200 26451
186.79.250.255 - - [15/May/2017:15:17:23 -0300] "GET /cormun/servlet/trautorizarenuncias? HTTP/1.1" 200 7277
186.79.250.255 - - [15/May/2017:15:17:25 -0300] "POST /cormun/servlet/acontrolpreferencessavestate?None,GSAAVEDRA,true HTTP/1.1" 200 35
186.79.250.255 - - [15/May/2017:15:17:34 -0300] "GET /cormun/static/menuarrow.gif HTTP/1.1" 404 1015
186.79.250.255 - - [15/May/2017:15:17:40 -0300] "POST /cormun/servlet/trautorizarenuncias?0e562f6f9b0059563653d19c88d2aaa4,,gx-no-cache=1494872318449 HTTP/1.1" 200 4544
186.79.250.255 - - [15/May/2017:15:18:29 -0300] "POST /cormun/servlet/trautorizarenuncias?0e562f6f9b0059563653d19c88d2aaa4,,gx-no-cache=1494872367991 HTTP/1.1" 200 3979
186.79.250.255 - - [15/May/2017:15:18:34 -0300] "GET /cormun/servlet/trcontratounov2? HTTP/1.1" 200 11938
186.79.250.255 - - [15/May/2017:15:18:36 -0300] "GET /cormun/servlet/trcontratounov2? HTTP/1.1" 200 11937
186.79.250.255 - - [15/May/2017:15:18:42 -0300] "GET /cormun/servlet/trcontratosolicitud? HTTP/1.1" 200 13912
186.79.250.255 - - [15/May/2017:15:18:43 -0300] "GET /cormun/static/Resources/Spanish/PXTools.css?18365030 HTTP/1.1" 304 -
186.79.250.255 - - [15/May/2017:15:18:43 -0300] "GET /cormun/static/gxcfg.js?20171317451682 HTTP/1.1" 200 953
186.79.250.255 - - [15/May/2017:15:18:43 -0300] "GET /cormun/static/trcontratosolicitud.js?20171317452124 HTTP/1.1" 200 28173
186.79.250.255 - - [15/May/2017:15:18:44 -0300] "GET /cormun//static/Resources/PXToolsGridNew.png HTTP/1.1" 200 2949
186.79.250.255 - - [15/May/2017:15:18:44 -0300] "GET /cormun/servlet/trcontratosolicitud? HTTP/1.1" 200 13915
186.103.159.46 - - [15/May/2017:15:18:50 -0300] "POST /cormun/servlet/permisosadjuntos?3b4fc244f08304565a8f0f6d0ccddad4,INS,15123520,P,20170508145042,,,gx-no-cache=1494872389360 HTTP/1.1" 200 90
186.103.159.46 - - [15/May/2017:15:18:50 -0300] "GET /cormun/servlet/hpexe_link HTTP/1.1" 200 992
186.103.159.46 - - [15/May/2017:15:18:51 -0300] "GET /cormun/servlet/trpermisosadjuntos?15123520,20170508145042,P, HTTP/1.1" 200 6094
186.79.250.255 - - [15/May/2017:15:18:52 -0300] "POST /cormun/servlet/trcontratosolicitud?0e562f6f9b0059563653d19c88d2aaa4,,gx-no-cache=1494872390259 HTTP/1.1" 200 6216
186.103.159.46 - - [15/May/2017:15:18:52 -0300] "GET /cormun/servlet/trpermisosadjuntos?15123520,20170508145042,P, HTTP/1.1" 200 6093
186.79.250.255 - - [15/May/2017:15:19:01 -0300] "GET /cormun/servlet/trcontratounov2? HTTP/1.1" 200 11937
186.79.250.255 - - [15/May/2017:15:19:03 -0300] "GET /cormun/servlet/trcontratounov2? HTTP/1.1" 200 11940
186.103.159.46 - - [15/May/2017:15:19:04 -0300] "GET /cormun/servlet/trpermisosgoce? HTTP/1.1" 200 8360
186.103.159.46 - - [15/May/2017:15:19:06 -0300] "GET /cormun/servlet/trpermisosgoce? HTTP/1.1" 200 8357
186.103.159.46 - - [15/May/2017:15:19:12 -0300] "GET /cormun/servlet/trpermisosadjuntos?11142601,20170509132841,P, HTTP/1.1" 200 6090
186.103.159.46 - - [15/May/2017:15:19:13 -0300] "GET /cormun/servlet/trpermisosadjuntos?11142601,20170509132841,P, HTTP/1.1" 200 6090
186.79.250.255 - - [15/May/2017:15:19:16 -0300] "GET /cormun/servlet/trrenuncias? HTTP/1.1" 200 6786
186.79.250.255 - - [15/May/2017:15:19:16 -0300] "GET /cormun/static/gxcfg.js?201731711553383 HTTP/1.1" 200 953
186.79.250.255 - - [15/May/2017:15:19:16 -0300] "GET /cormun/static/trrenuncias.js?201731711553833 HTTP/1.1" 200 28329
186.103.159.46 - - [15/May/2017:15:19:17 -0300] "GET /cormun/servlet/permisosadjuntos?INS,11142601,P,20170509132841,, HTTP/1.1" 200 5424
186.79.250.255 - - [15/May/2017:15:19:17 -0300] "GET /cormun/servlet/trrenuncias? HTTP/1.1" 200 6785
186.103.159.46 - - [15/May/2017:15:19:17 -0300] "GET /cormun/static/about:blank HTTP/1.1" 404 1011
186.103.159.46 - - [15/May/2017:15:19:18 -0300] "GET /cormun/servlet/permisosadjuntos?INS,11142601,P,20170509132841,, HTTP/1.1" 200 5413
186.79.250.255 - - [15/May/2017:15:19:20 -0300] "GET /cormun/servlet/renuncias?INS,0, HTTP/1.1" 200 6157
186.79.250.255 - - [15/May/2017:15:19:20 -0300] "GET /cormun/static/gxcfg.js?20173291217350 HTTP/1.1" 200 953
186.79.250.255 - - [15/May/2017:15:19:20 -0300] "GET /cormun/static/renuncias.js?20173291217362 HTTP/1.1" 200 14101
186.79.250.255 - - [15/May/2017:15:19:21 -0300] "GET /cormun/servlet/renuncias?INS,0, HTTP/1.1" 200 6158
186.79.250.255 - - [15/May/2017:15:19:41 -0300] "GET /cormun/servlet/trautorizarenuncias? HTTP/1.1" 200 6704
186.79.250.255 - - [15/May/2017:15:19:42 -0300] "GET /cormun/servlet/trautorizarenuncias? HTTP/1.1" 200 6697
40.77.167.137 - - [15/May/2017:15:19:52 -0300] "GET /cormun/servlet/hpexe_link HTTP/1.1" 200 992
186.79.250.255 - - [15/May/2017:15:19:54 -0300] "GET /cormun/static/menuarrow.gif HTTP/1.1" 404 1015
186.79.250.255 - - [15/May/2017:15:20:03 -0300] "POST /cormun/servlet/trautorizarenuncias?0e562f6f9b0059563653d19c88d2aaa4,,gx-no-cache=1494872461906 HTTP/1.1" 200 3957
186.79.250.255 - - [15/May/2017:15:20:07 -0300] "GET /cormun/servlet/trrenuncias? HTTP/1.1" 200 6786
186.79.250.255 - - [15/May/2017:15:20:09 -0300] "GET /cormun/servlet/trrenuncias? HTTP/1.1" 200 6785
186.79.250.255 - - [15/May/2017:15:20:14 -0300] "GET /cormun/servlet/renuncias?INS,0, HTTP/1.1" 200 6157
186.79.250.255 - - [15/May/2017:15:20:15 -0300] "GET /cormun/servlet/renuncias?INS,0, HTTP/1.1" 200 6158
186.79.250.255 - - [15/May/2017:15:20:21 -0300] "GET /cormun/servlet/renuncias?0b9d3c51e11804b6c6b0781f07788255d9a8ef270fa6f329199fee9ff9405324765af3861e3649c0f2c2c5410a06779f,gx-no-cache=1494872479552 HTTP/1.1" 200 33
186.79.250.255 - - [15/May/2017:15:20:32 -0300] "GET /cormun/servlet/renuncias?0b9d3c51e11804b6c6b0781f077882558861584a73a551ff81e9a36050ab34e7481350a1d991bf0d5bbad280ca6c2314,gx-no-cache=1494872491053 HTTP/1.1" 200 61
186.79.250.255 - - [15/May/2017:15:20:38 -0300] "GET /cormun/static/Resources/resize.gif HTTP/1.1" 200 77
186.79.250.255 - - [15/May/2017:15:20:38 -0300] "GET /cormun/servlet/prcontrato?18039984,,,MD,,gxPopupLevel%3D0%3B HTTP/1.1" 200 6036
186.79.250.255 - - [15/May/2017:15:20:38 -0300] "GET /cormun/static/gxcfg.js?201731711504186 HTTP/1.1" 200 953
186.79.250.255 - - [15/May/2017:15:20:38 -0300] "GET /cormun/static/Resources/PXToolsMenuSearch.png HTTP/1.1" 200 2914
186.79.250.255 - - [15/May/2017:15:20:38 -0300] "GET /cormun/static/Resources/PXToolsMenuSearchCancel.png HTTP/1.1" 200 2972
186.79.250.255 - - [15/May/2017:15:20:38 -0300] "GET /cormun/static/menusearch.js?201610171694467 HTTP/1.1" 304 -
186.79.250.255 - - [15/May/2017:15:20:38 -0300] "GET /cormun/static/prcontrato.js?20173171150446 HTTP/1.1" 200 13820
186.79.250.255 - - [15/May/2017:15:20:38 -0300] "GET /cormun/static/hmpwkw011.js?201731711483558 HTTP/1.1" 304 -
186.79.250.255 - - [15/May/2017:15:21:06 -0300] "GET /cormun/servlet/prcontrato?18039984,,,MD,,gxPopupLevel%3D0%3B HTTP/1.1" 200 6036
186.79.250.255 - - [15/May/2017:15:21:45 -0300] "GET /cormun/static/menuarrow.gif HTTP/1.1" 404 1015
186.79.250.255 - - [15/May/2017:15:21:53 -0300] "GET /cormun/servlet/prcontrato?18039984,,,MD,,gxPopupLevel%3D0%3B HTTP/1.1" 200 6036
186.79.250.255 - - [15/May/2017:15:22:10 -0300] "GET /cormun/servlet/renuncias?0b9d3c51e11804b6c6b0781f077882556389d3e64d45670215d0a8bad3c0b0c4765af3861e3649c0f2c2c5410a06779f,gx-no-cache=1494872588666 HTTP/1.1" 200 33
186.103.159.46 - - [15/May/2017:15:23:00 -0300] "POST /cormun/servlet/permisosadjuntos?3b4fc244f08304565a8f0f6d0ccddad4,INS,11142601,P,20170509132841,, HTTP/1.1" 200 116
186.103.159.46 - - [15/May/2017:15:23:01 -0300] "GET /cormun/servlet/hpexe_return? HTTP/1.1" 200 1038
186.103.159.46 - - [15/May/2017:15:23:01 -0300] "GET /cormun/servlet/trpermisosadjuntos?11142601,20170509132841,P, HTTP/1.1" 200 6570
186.103.159.46 - - [15/May/2017:15:23:03 -0300] "GET /cormun/servlet/trpermisosadjuntos?11142601,20170509132841,P, HTTP/1.1" 200 6569
186.103.159.46 - - [15/May/2017:15:23:07 -0300] "POST /cormun/servlet/trpermisosadjuntos?3b4fc244f08304565a8f0f6d0ccddad4,11142601,20170509132841,P,,gx-no-cache=1494872645976 HTTP/1.1" 200 90
186.103.159.46 - - [15/May/2017:15:23:07 -0300] "GET /cormun/servlet/hpexe_link HTTP/1.1" 200 982
186.103.159.46 - - [15/May/2017:15:23:08 -0300] "GET /cormun/servlet/trpermisosgoce HTTP/1.1" 200 8360
186.103.159.46 - - [15/May/2017:15:23:09 -0300] "GET /cormun/servlet/trpermisosgoce HTTP/1.1" 200 8358
186.79.250.255 - - [15/May/2017:15:23:10 -0300] "POST /cormun/servlet/renuncias?0e562f6f9b0059563653d19c88d2aaa4,INS,0,,gx-no-cache=1494872648261 HTTP/1.1" 200 93
186.79.250.255 - - [15/May/2017:15:23:10 -0300] "GET /cormun/servlet/hpexe_return? HTTP/1.1" 200 1008
186.79.250.255 - - [15/May/2017:15:23:10 -0300] "GET /cormun/servlet/trrenuncias HTTP/1.1" 200 6789
186.79.250.255 - - [15/May/2017:15:23:11 -0300] "GET /cormun/servlet/trrenuncias HTTP/1.1" 200 6785
186.103.159.46 - - [15/May/2017:15:23:15 -0300] "GET /cormun/servlet/trpermisosadjuntos?10842330,20170510123719,P, HTTP/1.1" 200 6091
186.79.250.255 - - [15/May/2017:15:23:16 -0300] "GET /cormun/servlet/renuncias?INS,0, HTTP/1.1" 200 6157
186.103.159.46 - - [15/May/2017:15:23:16 -0300] "GET /cormun/servlet/trpermisosadjuntos?10842330,20170510123719,P, HTTP/1.1" 200 6092
186.79.250.255 - - [15/May/2017:15:23:17 -0300] "GET /cormun/servlet/renuncias?INS,0, HTTP/1.1" 200 6158
186.103.159.46 - - [15/May/2017:15:23:18 -0300] "GET /cormun/servlet/permisosadjuntos?INS,10842330,P,20170510123719,, HTTP/1.1" 200 5422
186.103.159.46 - - [15/May/2017:15:23:19 -0300] "GET /cormun/static/about:blank HTTP/1.1" 404 1011
186.103.159.46 - - [15/May/2017:15:23:20 -0300] "GET /cormun/servlet/permisosadjuntos?INS,10842330,P,20170510123719,, HTTP/1.1" 200 5412
186.79.250.255 - - [15/May/2017:15:23:22 -0300] "GET /cormun/servlet/trautorizarenuncias? HTTP/1.1" 200 6682
186.79.250.255 - - [15/May/2017:15:23:23 -0300] "GET /cormun/servlet/trautorizarenuncias? HTTP/1.1" 200 6675
186.79.250.255 - - [15/May/2017:15:23:31 -0300] "POST /cormun/servlet/trautorizarenuncias?0e562f6f9b0059563653d19c88d2aaa4,,gx-no-cache=1494872669575 HTTP/1.1" 200 3957
186.103.159.46 - - [15/May/2017:15:23:35 -0300] "POST /cormun/servlet/permisosadjuntos?3b4fc244f08304565a8f0f6d0ccddad4,INS,10842330,P,20170510123719,, HTTP/1.1" 200 116
186.103.159.46 - - [15/May/2017:15:23:36 -0300] "GET /cormun/servlet/hpexe_return? HTTP/1.1" 200 1036
186.103.159.46 - - [15/May/2017:15:23:36 -0300] "GET /cormun/servlet/trpermisosadjuntos?10842330,20170510123719,P, HTTP/1.1" 200 6570
186.103.159.46 - - [15/May/2017:15:23:37 -0300] "GET /cormun/servlet/trpermisosadjuntos?10842330,20170510123719,P, HTTP/1.1" 200 6567
186.79.250.255 - - [15/May/2017:15:23:45 -0300] "POST /cormun/servlet/trautorizarenuncias?0e562f6f9b0059563653d19c88d2aaa4,,gx-no-cache=1494872683845 HTTP/1.1" 200 3957
186.79.250.255 - - [15/May/2017:15:23:52 -0300] "POST /cormun/servlet/trautorizarenuncias?0e562f6f9b0059563653d19c88d2aaa4,,gx-no-cache=1494872689370 HTTP/1.1" 200 109
186.79.250.255 - - [15/May/2017:15:23:52 -0300] "GET /cormun/AutorizaRenuncias-5951.xls HTTP/1.1" 200 4096
186.103.159.46 - - [15/May/2017:15:23:59 -0300] "POST /cormun/servlet/trpermisosadjuntos?3b4fc244f08304565a8f0f6d0ccddad4,10842330,20170510123719,P,,gx-no-cache=1494872697571 HTTP/1.1" 200 90
186.103.159.46 - - [15/May/2017:15:23:59 -0300] "GET /cormun/servlet/hpexe_link HTTP/1.1" 200 982
186.103.159.46 - - [15/May/2017:15:23:59 -0300] "GET /cormun/servlet/trpermisosgoce HTTP/1.1" 200 8360
186.103.159.46 - - [15/May/2017:15:24:00 -0300] "GET /cormun/servlet/trpermisosgoce HTTP/1.1" 200 8357
186.79.250.255 - - [15/May/2017:15:24:02 -0300] "POST /cormun/servlet/trautorizarenuncias?0e562f6f9b0059563653d19c88d2aaa4,,gx-no-cache=1494872700443 HTTP/1.1" 200 90
186.79.250.255 - - [15/May/2017:15:24:02 -0300] "GET /cormun/servlet/hpexe_link HTTP/1.1" 200 972
186.79.250.255 - - [15/May/2017:15:24:02 -0300] "GET /cormun/servlet/renuncias?INS,0, HTTP/1.1" 200 6159
186.79.250.255 - - [15/May/2017:15:24:03 -0300] "GET /cormun/servlet/renuncias?INS,0, HTTP/1.1" 200 6158
186.79.250.255 - - [15/May/2017:15:24:06 -0300] "POST /cormun/servlet/renuncias?0e562f6f9b0059563653d19c88d2aaa4,INS,0,,gx-no-cache=1494872704464 HTTP/1.1" 200 90
186.79.250.255 - - [15/May/2017:15:24:06 -0300] "GET /cormun/servlet/hpexe_link HTTP/1.1" 200 966
186.79.250.255 - - [15/May/2017:15:24:06 -0300] "GET /cormun/servlet/trrenuncias HTTP/1.1" 200 6787
186.79.250.255 - - [15/May/2017:15:24:07 -0300] "GET /cormun/servlet/trrenuncias HTTP/1.1" 200 6785
186.79.250.255 - - [15/May/2017:15:24:10 -0300] "POST /cormun/servlet/trrenuncias?0e562f6f9b0059563653d19c88d2aaa4,gx-no-cache=1494872708427 HTTP/1.1" 200 90
186.79.250.255 - - [15/May/2017:15:24:10 -0300] "GET /cormun/servlet/hpexe_link HTTP/1.1" 200 964
186.79.250.255 - - [15/May/2017:15:24:10 -0300] "GET /cormun/servlet/trcontratounov2 HTTP/1.1" 200 11941
186.103.159.46 - - [15/May/2017:15:24:11 -0300] "GET /cormun/servlet/trpermisosadjuntos?15523266,20170510104452,P, HTTP/1.1" 200 6089
186.79.250.255 - - [15/May/2017:15:24:11 -0300] "GET /cormun/servlet/trcontratounov2 HTTP/1.1" 200 11937
186.103.159.46 - - [15/May/2017:15:24:12 -0300] "GET /cormun/servlet/trpermisosadjuntos?15523266,20170510104452,P, HTTP/1.1" 200 6090
186.103.159.46 - - [15/May/2017:15:24:15 -0300] "GET /cormun/servlet/permisosadjuntos?INS,15523266,P,20170510104452,, HTTP/1.1" 200 5419
186.103.159.46 - - [15/May/2017:15:24:15 -0300] "GET /cormun/static/about:blank HTTP/1.1" 404 1011
186.79.250.255 - - [15/May/2017:15:24:15 -0300] "POST /cormun/servlet/trcontratounov2?0e562f6f9b0059563653d19c88d2aaa4,gx-no-cache=1494872713303 HTTP/1.1" 200 90
186.79.250.255 - - [15/May/2017:15:24:15 -0300] "GET /cormun/servlet/hpexe_link HTTP/1.1" 200 960
186.79.250.255 - - [15/May/2017:15:24:15 -0300] "GET /cormun/servlet/hhome HTTP/1.1" 200 4038
186.103.159.46 - - [15/May/2017:15:24:16 -0300] "GET /cormun/servlet/permisosadjuntos?INS,15523266,P,20170510104452,, HTTP/1.1" 200 5410
186.79.250.255 - - [15/May/2017:15:24:16 -0300] "GET /cormun/servlet/hhome HTTP/1.1" 200 4034
186.79.250.255 - - [15/May/2017:15:24:26 -0300] "GET /cormun/servlet/trautorizarenuncias? HTTP/1.1" 200 6680
186.79.250.255 - - [15/May/2017:15:24:27 -0300] "GET /cormun/servlet/trautorizarenuncias? HTTP/1.1" 200 6679
186.103.159.46 - - [15/May/2017:15:24:34 -0300] "POST /cormun/servlet/permisosadjuntos?3b4fc244f08304565a8f0f6d0ccddad4,INS,15523266,P,20170510104452,, HTTP/1.1" 200 116
186.103.159.46 - - [15/May/2017:15:24:34 -0300] "GET /cormun/servlet/hpexe_return? HTTP/1.1" 200 1037
186.103.159.46 - - [15/May/2017:15:24:34 -0300] "GET /cormun/servlet/trpermisosadjuntos?15523266,20170510104452,P, HTTP/1.1" 200 6569
186.103.159.46 - - [15/May/2017:15:24:35 -0300] "GET /cormun/servlet/trpermisosadjuntos?15523266,20170510104452,P, HTTP/1.1" 200 6568
186.79.250.255 - - [15/May/2017:15:24:42 -0300] "POST /cormun/servlet/trautorizarenuncias?0e562f6f9b0059563653d19c88d2aaa4,,gx-no-cache=1494872740825 HTTP/1.1" 200 3954
186.103.159.46 - - [15/May/2017:15:24:43 -0300] "POST /cormun/servlet/trpermisosadjuntos?3b4fc244f08304565a8f0f6d0ccddad4,15523266,20170510104452,P,,gx-no-cache=1494872741853 HTTP/1.1" 200 90
186.103.159.46 - - [15/May/2017:15:24:43 -0300] "GET /cormun/servlet/hpexe_link HTTP/1.1" 200 983
186.103.159.46 - - [15/May/2017:15:24:43 -0300] "GET /cormun/servlet/trpermisosgoce HTTP/1.1" 200 8359
186.103.159.46 - - [15/May/2017:15:24:44 -0300] "GET /cormun/servlet/trpermisosgoce HTTP/1.1" 200 8358
186.79.250.255 - - [15/May/2017:15:24:50 -0300] "POST /cormun/servlet/trautorizarenuncias?0e562f6f9b0059563653d19c88d2aaa4,,gx-no-cache=1494872748761 HTTP/1.1" 200 3956
186.103.159.46 - - [15/May/2017:15:24:54 -0300] "GET /cormun/servlet/trpermisosadjuntos?13109954,20170515155440,P, HTTP/1.1" 200 6097
186.103.159.46 - - [15/May/2017:15:24:55 -0300] "GET /cormun/servlet/trpermisosadjuntos?13109954,20170515155440,P, HTTP/1.1" 200 6098
186.79.250.255 - - [15/May/2017:15:24:57 -0300] "GET /cormun/servlet/trcontratoobservaciondir? HTTP/1.1" 200 8588
186.79.250.255 - - [15/May/2017:15:24:57 -0300] "GET /cormun/static/gxcfg.js?201731711533885 HTTP/1.1" 200 953
186.79.250.255 - - [15/May/2017:15:24:58 -0300] "GET /cormun/static/trcontratoobservaciondir.js?201731711534245 HTTP/1.1" 200 27122
186.103.159.46 - - [15/May/2017:15:24:58 -0300] "GET /cormun/servlet/permisosadjuntos?INS,13109954,P,20170515155440,, HTTP/1.1" 200 5425
186.103.159.46 - - [15/May/2017:15:24:58 -0300] "GET /cormun/static/about:blank HTTP/1.1" 404 1011
186.79.250.255 - - [15/May/2017:15:24:59 -0300] "GET /cormun/servlet/trcontratoobservaciondir? HTTP/1.1" 200 8588
186.103.159.46 - - [15/May/2017:15:24:59 -0300] "GET /cormun/servlet/permisosadjuntos?INS,13109954,P,20170515155440,, HTTP/1.1" 200 5415
186.103.159.46 - - [15/May/2017:15:25:11 -0300] "POST /cormun/servlet/permisosadjuntos?3b4fc244f08304565a8f0f6d0ccddad4,INS,13109954,P,20170515155440,, HTTP/1.1" 200 116
186.103.159.46 - - [15/May/2017:15:25:11 -0300] "GET /cormun/servlet/hpexe_return? HTTP/1.1" 200 1037
186.103.159.46 - - [15/May/2017:15:25:12 -0300] "GET /cormun/servlet/trpermisosadjuntos?13109954,20170515155440,P, HTTP/1.1" 200 6574
186.79.250.255 - - [15/May/2017:15:25:12 -0300] "GET /cormun/servlet/trcontratosolicitud? HTTP/1.1" 200 8744
186.103.159.46 - - [15/May/2017:15:25:13 -0300] "GET /cormun/servlet/trpermisosadjuntos?13109954,20170515155440,P, HTTP/1.1" 200 6571
186.79.250.255 - - [15/May/2017:15:25:13 -0300] "GET /cormun/servlet/trcontratosolicitud? HTTP/1.1" 200 8753
186.79.250.255 - - [15/May/2017:15:25:28 -0300] "POST /cormun/servlet/trcontratosolicitud?0e562f6f9b0059563653d19c88d2aaa4,,gx-no-cache=1494872786844 HTTP/1.1" 200 11655
186.103.159.46 - - [15/May/2017:15:25:39 -0300] "POST /cormun/servlet/trpermisosadjuntos?3b4fc244f08304565a8f0f6d0ccddad4,13109954,20170515155440,P,,gx-no-cache=1494872797414 HTTP/1.1" 200 90
186.103.159.46 - - [15/May/2017:15:25:39 -0300] "GET /cormun/servlet/hpexe_link HTTP/1.1" 200 981
186.103.159.46 - - [15/May/2017:15:25:39 -0300] "GET /cormun/servlet/trpermisosgoce HTTP/1.1" 200 8360
186.103.159.46 - - [15/May/2017:15:25:40 -0300] "GET /cormun/servlet/trpermisosgoce HTTP/1.1" 200 8357
186.103.159.46 - - [15/May/2017:15:25:45 -0300] "POST /cormun/servlet/trpermisosgoce?3b4fc244f08304565a8f0f6d0ccddad4,gx-no-cache=1494872803923 HTTP/1.1" 200 5429
186.103.159.46 - - [15/May/2017:15:25:45 -0300] "GET /cormun/static/Shared/jqueryui/images/ui-bg_highlight-soft_100_c6c2c8_1x100.png HTTP/1.1" 404 1117
186.103.159.46 - - [15/May/2017:15:25:45 -0300] "GET /cormun/static/Shared/jqueryui/images/ui-bg_flat_55_fafafa_40x100.png HTTP/1.1" 404 1097
186.103.159.46 - - [15/May/2017:15:25:45 -0300] "GET /cormun/static/Shared/jqueryui/images/ui-icons_8d78a5_256x240.png HTTP/1.1" 404 1089
186.103.159.46 - - [15/May/2017:15:25:45 -0300] "GET /cormun/static/Shared/jqueryui/images/ui-icons_82798d_256x240.png HTTP/1.1" 404 1089
186.79.250.255 - - [15/May/2017:15:25:48 -0300] "GET /cormun/servlet/trcontratounov2? HTTP/1.1" 200 11939
186.103.159.46 - - [15/May/2017:15:25:49 -0300] "POST /cormun/servlet/trpermisosgoce?3b4fc244f08304565a8f0f6d0ccddad4,gx-no-cache=1494872806947 HTTP/1.1" 200 5205
186.79.250.255 - - [15/May/2017:15:25:50 -0300] "GET /cormun/servlet/trcontratounov2? HTTP/1.1" 200 11936
186.103.159.46 - - [15/May/2017:15:25:53 -0300] "POST /cormun/servlet/trpermisosgoce?3b4fc244f08304565a8f0f6d0ccddad4,gx-no-cache=1494872811842 HTTP/1.1" 200 4978
186.103.159.46 - - [15/May/2017:15:25:56 -0300] "POST /cormun/servlet/trpermisosgoce?3b4fc244f08304565a8f0f6d0ccddad4,gx-no-cache=1494872814615 HTTP/1.1" 200 4717
192.168.10.96 - - [15/May/2017:15:25:56 -0300] "POST /cormun/servlet/trsolicitudgral?ac31ef6b480be2f94641097c27dc8e4d,,gx-no-cache=1494872765053 HTTP/1.1" 440 972
192.168.10.96 - - [15/May/2017:15:25:57 -0300] "GET /cormun/servlet/trsolicitudgral? HTTP/1.1" 200 23869
192.168.10.96 - - [15/May/2017:15:25:58 -0300] "GET /cormun/servlet/hlogin HTTP/1.1" 200 1738
192.168.10.96 - - [15/May/2017:15:25:58 -0300] "GET /cormun/servlet/trsolicitudgral? HTTP/1.1" 200 23869
157.55.39.95 - - [15/May/2017:15:26:22 -0300] "GET /cormun/servlet/trpermisosadjuntos?11130975,20170321124038,P, HTTP/1.1" 200 5999
186.79.250.255 - - [15/May/2017:15:26:32 -0300] "POST /cormun/servlet/trcontratounov2?0e562f6f9b0059563653d19c88d2aaa4,,gx-no-cache=1494872850228 HTTP/1.1" 200 9314
186.79.250.255 - - [15/May/2017:15:26:43 -0300] "GET /cormun/servlet/trrenuncias? HTTP/1.1" 200 6786
186.79.250.255 - - [15/May/2017:15:26:44 -0300] "GET /cormun/servlet/trrenuncias? HTTP/1.1" 200 6785
186.79.250.255 - - [15/May/2017:15:26:46 -0300] "GET /cormun/servlet/renuncias?INS,0, HTTP/1.1" 200 6157
186.79.250.255 - - [15/May/2017:15:26:47 -0300] "GET /cormun/servlet/renuncias?INS,0, HTTP/1.1" 200 6158
157.55.39.95 - - [15/May/2017:15:26:49 -0300] "GET /cormun/servlet/trpermisosadjuntos?11130975,20170321124038,P, HTTP/1.1" 200 6002
186.79.250.255 - - [15/May/2017:15:27:17 -0300] "GET /cormun/servlet/trautorizarenuncias? HTTP/1.1" 200 6687
186.79.250.255 - - [15/May/2017:15:27:18 -0300] "GET /cormun/servlet/trautorizarenuncias? HTTP/1.1" 200 6680
186.79.250.255 - - [15/May/2017:15:27:28 -0300] "POST /cormun/servlet/trautorizarenuncias?0e562f6f9b0059563653d19c88d2aaa4,,gx-no-cache=1494872906313 HTTP/1.1" 200 3966
186.79.250.255 - - [15/May/2017:15:27:34 -0300] "POST /cormun/servlet/trautorizarenuncias?0e562f6f9b0059563653d19c88d2aaa4,,gx-no-cache=1494872912055 HTTP/1.1" 200 3963
186.79.250.255 - - [15/May/2017:15:27:38 -0300] "GET /cormun/servlet/hlogin HTTP/1.1" 200 1746
186.79.250.255 - - [15/May/2017:15:27:45 -0300] "GET /cormun/servlet/hlogin HTTP/1.1" 200 1724
40.77.167.137 - - [15/May/2017:15:30:54 -0300] "GET /cormun/servlet/trsolicitudadjuntos?2017,5532,&_escaped_fragment_= HTTP/1.1" 200 6227
186.79.20.254 - - [15/May/2017:15:32:54 -0300] "GET /cormun/servlet/hlogin HTTP/1.1" 200 1722
186.79.20.254 - - [15/May/2017:15:32:54 -0300] "GET /cormun/static/Resources/Spanish/PXTools.css?11294912 HTTP/1.1" 304 -
186.79.20.254 - - [15/May/2017:15:32:54 -0300] "GET /cormun/static/gxcfg.js?201741110203197 HTTP/1.1" 304 -
186.79.20.254 - - [15/May/2017:15:32:54 -0300] "GET /cormun/static/messages.spa.js?85251 HTTP/1.1" 304 -
186.79.20.254 - - [15/May/2017:15:32:54 -0300] "GET /cormun/static/hlogin.js?201741110203211 HTTP/1.1" 304 -
186.79.20.254 - - [15/May/2017:15:32:55 -0300] "GET /cormun/servlet/hlogin HTTP/1.1" 200 1732
186.79.252.90 - - [15/May/2017:15:33:32 -0300] "POST /cormun/servlet/hlogin?04555e925326f56faff46c9237c87c2b,gx-no-cache=1494869667227 HTTP/1.1" 200 90
186.79.252.90 - - [15/May/2017:15:33:32 -0300] "GET /cormun/servlet/hpexe_link HTTP/1.1" 200 960
186.79.252.90 - - [15/May/2017:15:33:32 -0300] "GET /cormun/servlet/trpermisosgoce HTTP/1.1" 200 7873
186.79.252.90 - - [15/May/2017:15:33:33 -0300] "GET /cormun/servlet/trpermisosgoce HTTP/1.1" 200 7872
186.79.252.90 - - [15/May/2017:15:33:35 -0300] "GET /cormun/servlet/permisogoce?INS,0,,, HTTP/1.1" 200 6583
186.79.252.90 - - [15/May/2017:15:33:36 -0300] "GET /cormun/servlet/permisogoce?INS,0,,, HTTP/1.1" 200 6583
186.79.20.254 - - [15/May/2017:15:33:38 -0300] "POST /cormun/servlet/hlogin?1d3398cc2752649fa3e0496bac26d59f,gx-no-cache=1494876690018 HTTP/1.1" 200 444
186.79.252.90 - - [15/May/2017:15:33:39 -0300] "GET /cormun/servlet/prfichaempleado?,MD,,gxPopupLevel%3D0%3B HTTP/1.1" 200 8830
186.79.20.254 - - [15/May/2017:15:34:04 -0300] "POST /cormun/servlet/hlogin?1d3398cc2752649fa3e0496bac26d59f,gx-no-cache=1494876714254 HTTP/1.1" 200 90
186.79.20.254 - - [15/May/2017:15:34:05 -0300] "GET /cormun/servlet/hpexe_link HTTP/1.1" 200 953
186.79.20.254 - - [15/May/2017:15:34:05 -0300] "GET /cormun/static/gxcfg.js?201731711483381 HTTP/1.1" 304 -
186.79.20.254 - - [15/May/2017:15:34:05 -0300] "GET /cormun/static/hpexe_link.js?201731711483384 HTTP/1.1" 304 -
186.79.20.254 - - [15/May/2017:15:34:05 -0300] "GET /cormun/servlet/hhome HTTP/1.1" 200 3803
186.79.20.254 - - [15/May/2017:15:34:06 -0300] "GET /cormun/static/gxcfg.js?201731711483497 HTTP/1.1" 304 -
186.79.20.254 - - [15/May/2017:15:34:06 -0300] "GET /cormun/static/hhome.js?20173171148352 HTTP/1.1" 304 -
186.79.20.254 - - [15/May/2017:15:34:06 -0300] "GET /cormun/static/hwchdr01.js?201731711335950 HTTP/1.1" 304 -
186.79.20.254 - - [15/May/2017:15:34:06 -0300] "GET /cormun/static/hpexe_recentlink.js?201610171694390 HTTP/1.1" 304 -
186.79.20.254 - - [15/May/2017:15:34:06 -0300] "GET /cormun/static/hpexe_scripts.js?201731711335890 HTTP/1.1" 304 -
186.79.20.254 - - [15/May/2017:15:34:06 -0300] "GET /cormun/static/hpexe_messagecontroller.js?201610171694323 HTTP/1.1" 304 -
186.79.20.254 - - [15/May/2017:15:34:06 -0300] "GET /cormun/static/hpexe_messagepopupcomponent.js?20161017169425 HTTP/1.1" 304 -
186.79.20.254 - - [15/May/2017:15:34:06 -0300] "GET /cormun/static/hpexe_messagegenexuscomponent.js?201731711335537 HTTP/1.1" 304 -
186.79.20.254 - - [15/May/2017:15:34:06 -0300] "GET /cormun/static/cmcontrolpreferences.js?201731711335852 HTTP/1.1" 304 -
186.79.20.254 - - [15/May/2017:15:34:06 -0300] "GET /cormun/static/hmpwkw03.js?201731711485354 HTTP/1.1" 304 -
186.79.20.254 - - [15/May/2017:15:34:08 -0300] "GET /cormun/servlet/hhome HTTP/1.1" 200 3800
186.79.20.254 - - [15/May/2017:15:34:12 -0300] "GET /cormun/servlet/trvisualizadoreventos? HTTP/1.1" 200 6530
186.79.20.254 - - [15/May/2017:15:34:12 -0300] "GET /cormun/static/gxcfg.js?201731711523419 HTTP/1.1" 304 -
186.79.20.254 - - [15/May/2017:15:34:15 -0300] "GET /cormun/servlet/trvisualizadoreventos? HTTP/1.1" 200 6530
186.79.20.254 - - [15/May/2017:15:34:19 -0300] "POST /cormun/servlet/trvisualizadoreventos?1d3398cc2752649fa3e0496bac26d59f,,gx-no-cache=1494876730351 HTTP/1.1" 200 3759
186.79.20.254 - - [15/May/2017:15:34:25 -0300] "POST /cormun/servlet/trvisualizadoreventos?1d3398cc2752649fa3e0496bac26d59f,,gx-no-cache=1494876736535 HTTP/1.1" 200 3759
186.79.20.254 - - [15/May/2017:15:34:29 -0300] "POST /cormun/servlet/trvisualizadoreventos?1d3398cc2752649fa3e0496bac26d59f,,gx-no-cache=1494876740798 HTTP/1.1" 200 3758
186.79.252.90 - - [15/May/2017:15:34:32 -0300] "POST /cormun/servlet/prfichaempleado?04555e925326f56faff46c9237c87c2b,,MD,,gxPopupLevel%3D0%3B,gx-no-cache=1494869726422 HTTP/1.1" 200 3412
186.79.252.90 - - [15/May/2017:15:34:36 -0300] "GET /cormun/servlet/permisogoce?6ff49ed3f8af6a2652a766bf251a7ab15622e89ac1f24a3268b5dfb4cb6cdc1c9f8c3b1e370b063536adfb40d5d4e18e,gx-no-cache=1494869730938 HTTP/1.1" 200 76
186.79.20.254 - - [15/May/2017:15:34:36 -0300] "POST /cormun/servlet/trvisualizadoreventos?1d3398cc2752649fa3e0496bac26d59f,,gx-no-cache=1494876744710 HTTP/1.1" 200 3758
186.79.252.90 - - [15/May/2017:15:34:36 -0300] "GET /cormun/static/menuarrow.gif HTTP/1.1" 404 1015
186.79.20.254 - - [15/May/2017:15:34:47 -0300] "GET /cormun/servlet/hlogin HTTP/1.1" 200 1722
186.79.252.90 - - [15/May/2017:15:34:50 -0300] "GET /cormun/servlet/permisogoce?6ff49ed3f8af6a2652a766bf251a7ab16d55eb22799591239347e3bc6c6a89a8b34a4d9504bb6f0e9f04b91abb06ba643398c9d6592243c99e8cb76d93f06f20,gx-no-cache=1494869744957 HTTP/1.1" 200 47
186.79.20.254 - - [15/May/2017:15:34:55 -0300] "POST /cormun/servlet/hlogin?1d3398cc2752649fa3e0496bac26d59f,gx-no-cache=1494876766826 HTTP/1.1" 200 90
186.79.20.254 - - [15/May/2017:15:34:56 -0300] "GET /cormun/servlet/hpexe_link HTTP/1.1" 200 964
186.79.252.90 - - [15/May/2017:15:34:56 -0300] "POST /cormun/servlet/permisogoce?04555e925326f56faff46c9237c87c2b,INS,0,,,,gx-no-cache=1494869749770 HTTP/1.1" 200 93
186.79.20.254 - - [15/May/2017:15:34:57 -0300] "GET /cormun/servlet/trvisualizadoreventos? HTTP/1.1" 200 6532
186.79.252.90 - - [15/May/2017:15:34:57 -0300] "GET /cormun/servlet/hpexe_return? HTTP/1.1" 200 1012
186.79.252.90 - - [15/May/2017:15:34:57 -0300] "GET /cormun/servlet/trpermisosgoce HTTP/1.1" 200 8085
186.79.252.90 - - [15/May/2017:15:34:58 -0300] "GET /cormun/servlet/trpermisosgoce HTTP/1.1" 200 8084
186.79.20.254 - - [15/May/2017:15:34:59 -0300] "GET /cormun/servlet/trvisualizadoreventos? HTTP/1.1" 200 6530
186.79.252.90 - - [15/May/2017:15:35:03 -0300] "GET /cormun/servlet/apermisogoceprn?14011145,P,20170515162919,PU HTTP/1.1" 200 1649
186.79.20.254 - - [15/May/2017:15:35:17 -0300] "GET /cormun/servlet/trvisualizadoreventos? HTTP/1.1" 200 6530
186.79.20.254 - - [15/May/2017:15:35:21 -0300] "GET /cormun/servlet/trvisualizadoreventos? HTTP/1.1" 200 6530
186.79.20.254 - - [15/May/2017:15:35:28 -0300] "POST /cormun/servlet/trvisualizadoreventos?1d3398cc2752649fa3e0496bac26d59f,,gx-no-cache=1494876799174 HTTP/1.1" 200 3760
186.79.20.254 - - [15/May/2017:15:35:32 -0300] "POST /cormun/servlet/trvisualizadoreventos?1d3398cc2752649fa3e0496bac26d59f,,gx-no-cache=1494876803561 HTTP/1.1" 200 3761
186.79.20.254 - - [15/May/2017:15:35:36 -0300] "POST /cormun/servlet/trvisualizadoreventos?1d3398cc2752649fa3e0496bac26d59f,,gx-no-cache=1494876807929 HTTP/1.1" 200 3763
186.79.20.254 - - [15/May/2017:15:35:41 -0300] "GET /cormun/static/menuarrow.gif HTTP/1.1" 404 1015
186.79.20.254 - - [15/May/2017:15:35:46 -0300] "POST /cormun/servlet/trvisualizadoreventos?1d3398cc2752649fa3e0496bac26d59f,,gx-no-cache=1494876817099 HTTP/1.1" 200 4224
186.79.252.90 - - [15/May/2017:15:35:48 -0300] "GET /cormun/servlet/hlogin HTTP/1.1" 200 1740
186.79.20.254 - - [15/May/2017:15:36:02 -0300] "POST /cormun/servlet/trvisualizadoreventos?1d3398cc2752649fa3e0496bac26d59f,,gx-no-cache=1494876833661 HTTP/1.1" 200 4191
186.79.20.254 - - [15/May/2017:15:36:09 -0300] "POST /cormun/servlet/trvisualizadoreventos?1d3398cc2752649fa3e0496bac26d59f,,gx-no-cache=1494876839814 HTTP/1.1" 200 4296
186.79.20.254 - - [15/May/2017:15:36:14 -0300] "POST /cormun/servlet/trvisualizadoreventos?1d3398cc2752649fa3e0496bac26d59f,,gx-no-cache=1494876845129 HTTP/1.1" 200 3768
186.79.20.254 - - [15/May/2017:15:36:19 -0300] "POST /cormun/servlet/trvisualizadoreventos?1d3398cc2752649fa3e0496bac26d59f,,gx-no-cache=1494876850317 HTTP/1.1" 200 3768
186.79.20.254 - - [15/May/2017:15:36:30 -0300] "POST /cormun/servlet/trvisualizadoreventos?1d3398cc2752649fa3e0496bac26d59f,,gx-no-cache=1494876861094 HTTP/1.1" 200 4201
186.79.20.254 - - [15/May/2017:15:36:35 -0300] "POST /cormun/servlet/trvisualizadoreventos?1d3398cc2752649fa3e0496bac26d59f,,gx-no-cache=1494876866614 HTTP/1.1" 200 4214
186.79.20.254 - - [15/May/2017:15:36:40 -0300] "POST /cormun/servlet/trvisualizadoreventos?1d3398cc2752649fa3e0496bac26d59f,,gx-no-cache=1494876871399 HTTP/1.1" 200 3767
186.79.20.254 - - [15/May/2017:15:36:46 -0300] "POST /cormun/servlet/trvisualizadoreventos?1d3398cc2752649fa3e0496bac26d59f,,gx-no-cache=1494876876262 HTTP/1.1" 200 4224
186.79.20.254 - - [15/May/2017:15:36:56 -0300] "POST /cormun/servlet/trvisualizadoreventos?1d3398cc2752649fa3e0496bac26d59f,,gx-no-cache=1494876887799 HTTP/1.1" 200 4191
186.79.20.254 - - [15/May/2017:15:37:05 -0300] "POST /cormun/servlet/trvisualizadoreventos?1d3398cc2752649fa3e0496bac26d59f,,gx-no-cache=1494876894099 HTTP/1.1" 200 4296
207.46.13.68 - - [15/May/2017:15:37:10 -0300] "GET /cormun/servlet/licenciaspermisos?INS,0,,,&_escaped_fragment_= HTTP/1.1" 200 6389
186.79.20.254 - - [15/May/2017:15:37:18 -0300] "POST /cormun/servlet/trvisualizadoreventos?1d3398cc2752649fa3e0496bac26d59f,,gx-no-cache=1494876906757 HTTP/1.1" 200 3768
186.79.20.254 - - [15/May/2017:15:37:35 -0300] "GET /cormun/servlet/hlogin HTTP/1.1" 200 1722
186.79.20.254 - - [15/May/2017:15:37:45 -0300] "POST /cormun/servlet/hlogin?1d3398cc2752649fa3e0496bac26d59f,gx-no-cache=1494876936956 HTTP/1.1" 200 90
186.79.20.254 - - [15/May/2017:15:37:46 -0300] "GET /cormun/servlet/hpexe_link HTTP/1.1" 200 953
186.79.20.254 - - [15/May/2017:15:37:47 -0300] "GET /cormun/servlet/hhome HTTP/1.1" 200 3977
186.79.20.254 - - [15/May/2017:15:37:48 -0300] "GET /cormun/servlet/hhome HTTP/1.1" 200 3973
186.79.20.254 - - [15/May/2017:15:37:55 -0300] "GET /cormun/servlet/trautorizarsolicitud? HTTP/1.1" 200 6900
186.79.20.254 - - [15/May/2017:15:37:56 -0300] "GET /cormun/static/Resources/Spanish/PXTools.css?18365030 HTTP/1.1" 304 -
186.79.20.254 - - [15/May/2017:15:37:57 -0300] "GET /cormun/static/gxcfg.js?2017259112829 HTTP/1.1" 304 -
186.79.20.254 - - [15/May/2017:15:37:57 -0300] "GET /cormun/static/trautorizarsolicitud.js?2017259113483 HTTP/1.1" 304 -
186.79.20.254 - - [15/May/2017:15:37:59 -0300] "GET /cormun/servlet/trautorizarsolicitud? HTTP/1.1" 200 6898
186.79.20.254 - - [15/May/2017:15:38:03 -0300] "GET /cormun/static/menuarrow.gif HTTP/1.1" 404 1015
186.79.20.254 - - [15/May/2017:15:38:07 -0300] "POST /cormun/servlet/trautorizarsolicitud?1d3398cc2752649fa3e0496bac26d59f,,gx-no-cache=1494876957107 HTTP/1.1" 200 4111
186.79.20.254 - - [15/May/2017:15:38:13 -0300] "POST /cormun/servlet/trautorizarsolicitud?1d3398cc2752649fa3e0496bac26d59f,,gx-no-cache=1494876963409 HTTP/1.1" 200 4113
186.79.20.254 - - [15/May/2017:15:38:18 -0300] "POST /cormun/servlet/trautorizarsolicitud?1d3398cc2752649fa3e0496bac26d59f,,gx-no-cache=1494876969152 HTTP/1.1" 200 4113
186.79.20.254 - - [15/May/2017:15:38:26 -0300] "POST /cormun/servlet/trautorizarsolicitud?1d3398cc2752649fa3e0496bac26d59f,,gx-no-cache=1494876973021 HTTP/1.1" 200 4112
186.79.20.254 - - [15/May/2017:15:38:37 -0300] "POST /cormun/servlet/trautorizarsolicitud?1d3398cc2752649fa3e0496bac26d59f,,gx-no-cache=1494876983704 HTTP/1.1" 200 4113
186.79.20.254 - - [15/May/2017:15:38:48 -0300] "GET /cormun/servlet/trvisualizadoreventos? HTTP/1.1" 200 6710
186.79.20.254 - - [15/May/2017:15:38:50 -0300] "GET /cormun/servlet/trvisualizadoreventos? HTTP/1.1" 200 6710
186.79.20.254 - - [15/May/2017:15:38:56 -0300] "POST /cormun/servlet/trvisualizadoreventos?1d3398cc2752649fa3e0496bac26d59f,,gx-no-cache=1494877007606 HTTP/1.1" 200 4491
186.79.20.254 - - [15/May/2017:15:39:02 -0300] "POST /cormun/servlet/trvisualizadoreventos?1d3398cc2752649fa3e0496bac26d59f,,gx-no-cache=1494877013886 HTTP/1.1" 200 4415
186.79.20.254 - - [15/May/2017:15:39:12 -0300] "POST /cormun/servlet/trvisualizadoreventos?1d3398cc2752649fa3e0496bac26d59f,,gx-no-cache=1494877023093 HTTP/1.1" 200 4491
186.79.20.254 - - [15/May/2017:15:39:21 -0300] "GET /cormun/servlet/trautorizarsolicitud? HTTP/1.1" 200 6903
186.79.20.254 - - [15/May/2017:15:39:23 -0300] "GET /cormun/servlet/trautorizarsolicitud? HTTP/1.1" 200 6903
186.79.20.254 - - [15/May/2017:15:39:26 -0300] "POST /cormun/servlet/trautorizarsolicitud?1d3398cc2752649fa3e0496bac26d59f,,gx-no-cache=1494877037905 HTTP/1.1" 200 4121
186.79.20.254 - - [15/May/2017:15:39:32 -0300] "POST /cormun/servlet/trautorizarsolicitud?1d3398cc2752649fa3e0496bac26d59f,,gx-no-cache=1494877043136 HTTP/1.1" 200 4121
186.79.20.254 - - [15/May/2017:15:39:40 -0300] "POST /cormun/servlet/trautorizarsolicitud?1d3398cc2752649fa3e0496bac26d59f,,gx-no-cache=1494877051858 HTTP/1.1" 200 4120
186.79.20.254 - - [15/May/2017:15:39:47 -0300] "GET /cormun/servlet/trcontratosolicitud? HTTP/1.1" 200 13775
186.79.20.254 - - [15/May/2017:15:39:47 -0300] "GET /cormun/static/gxcfg.js?20171317451682 HTTP/1.1" 200 953
186.79.20.254 - - [15/May/2017:15:39:47 -0300] "GET /cormun/static/trcontratosolicitud.js?20171317452124 HTTP/1.1" 200 28173
186.79.20.254 - - [15/May/2017:15:39:49 -0300] "GET /cormun//static/Resources/PXToolsGridNew.png HTTP/1.1" 200 2949
186.79.20.254 - - [15/May/2017:15:39:49 -0300] "GET /cormun/servlet/trcontratosolicitud? HTTP/1.1" 200 13765
186.103.159.44 - - [15/May/2017:15:41:42 -0300] "GET /cormun/servlet/hlogin HTTP/1.1" 200 1719
186.103.159.44 - - [15/May/2017:15:41:59 -0300] "GET /cormun/servlet/hlogin HTTP/1.1" 200 1719
186.103.159.44 - - [15/May/2017:15:42:32 -0300] "GET /cormun/servlet/hlogin HTTP/1.1" 200 1724
