186.103.159.230 - - [12/May/2017:10:05:21 -0300] "GET /cormun/static/Resources/PXToolsDataTitle.png HTTP/1.1" 200 1173
186.103.159.230 - - [12/May/2017:10:05:21 -0300] "GET /cormun/static/Resources/PXToolsHeaderActionsBackground.png HTTP/1.1" 200 484
186.103.159.230 - - [12/May/2017:10:05:21 -0300] "GET /cormun/static/Resources/PXToolsFooterBackground2.png HTTP/1.1" 200 1172
186.103.159.230 - - [12/May/2017:10:05:21 -0300] "GET /cormun/static/Resources/PXToolsHeaderSecurity.png HTTP/1.1" 200 4166
186.103.159.230 - - [12/May/2017:10:05:21 -0300] "GET /cormun/static/Resources/PXToolsHeaderActionsRight.png HTTP/1.1" 200 1201
186.103.159.230 - - [12/May/2017:10:05:21 -0300] "GET /cormun/static/Resources/PXToolsHeaderPreferences.png HTTP/1.1" 200 4189
186.103.159.230 - - [12/May/2017:10:05:21 -0300] "GET /cormun/static/Resources/PXToolsHeaderHome.png HTTP/1.1" 200 4147
186.103.159.230 - - [12/May/2017:10:05:21 -0300] "GET /cormun/static/hpexe_recentlink.js?201610171694390 HTTP/1.1" 200 2144
186.103.159.230 - - [12/May/2017:10:05:21 -0300] "GET /cormun/static/hpexe_scripts.js?201731711335890 HTTP/1.1" 200 1544
186.103.159.230 - - [12/May/2017:10:05:21 -0300] "GET /cormun/static/hpexe_messagecontroller.js?201610171694323 HTTP/1.1" 200 870
186.103.159.230 - - [12/May/2017:10:05:21 -0300] "GET /cormun/static/hpexe_messagepopupcomponent.js?20161017169425 HTTP/1.1" 200 605
186.103.159.230 - - [12/May/2017:10:05:21 -0300] "GET /cormun/static/hpexe_messagegenexuscomponent.js?201731711335537 HTTP/1.1" 200 587
186.103.159.230 - - [12/May/2017:10:05:22 -0300] "GET /cormun/static/cmcontrolpreferences.js?201731711335852 HTTP/1.1" 200 1375
186.103.159.230 - - [12/May/2017:10:05:22 -0300] "GET /cormun/static/SmoothNavMenu/resources/ddsmoothmenu.js HTTP/1.1" 200 12712
186.103.159.230 - - [12/May/2017:10:05:22 -0300] "GET /cormun/static/gxui/gxui-all.js HTTP/1.1" 200 107772
186.103.159.230 - - [12/May/2017:10:05:22 -0300] "GET /cormun/static/SmoothNavMenu/resources/SmoothNavMenuRender.js HTTP/1.1" 200 5951
186.103.159.230 - - [12/May/2017:10:05:22 -0300] "GET /cormun/static/scaMessage/js/jquery.pnotify.min.js HTTP/1.1" 200 13038
186.103.159.230 - - [12/May/2017:10:05:22 -0300] "GET /cormun/static/scaMessage/scaMessageRender.js HTTP/1.1" 200 11977
186.103.159.230 - - [12/May/2017:10:05:22 -0300] "GET /cormun/static/hmpwkw03.js?201731711485354 HTTP/1.1" 200 3965
186.103.159.230 - - [12/May/2017:10:05:22 -0300] "GET /cormun/static/Shared/jquery/jquery-1.10.2.min.js HTTP/1.1" 200 273199
186.103.159.230 - - [12/May/2017:10:05:22 -0300] "GET /cormun/static/Shared/jquery/jquery-1.4.2.min.js HTTP/1.1" 200 72174
186.103.159.230 - - [12/May/2017:10:05:23 -0300] "GET /cormun/static/Shared/jqueryui/jquery-ui.min.js HTTP/1.1" 200 240427
186.103.159.230 - - [12/May/2017:10:05:24 -0300] "GET /cormun/static/Shared/ext/ext-all.js HTTP/1.1" 200 1289687
186.103.159.230 - - [12/May/2017:10:05:25 -0300] "GET /cormun/servlet/hhome HTTP/1.1" 200 3983
186.103.159.230 - - [12/May/2017:10:05:25 -0300] "GET /cormun/static/SmoothNavMenu/resources/images/down.gif HTTP/1.1" 200 854
186.103.159.230 - - [12/May/2017:10:05:25 -0300] "GET /cormun/static/SmoothNavMenu/resources/images/right.gif HTTP/1.1" 200 860
186.79.93.7 - - [12/May/2017:10:05:26 -0300] "POST /cormun/servlet/trpermisosgoce?f734656d5e97e43512a6991023f0d7ee,gx-no-cache=1494594381700 HTTP/1.1" 200 4178
186.79.93.7 - - [12/May/2017:10:05:27 -0300] "GET /cormun/static/Shared/jqueryui/images/ui-icons_82798d_256x240.png HTTP/1.1" 404 1089
186.79.93.7 - - [12/May/2017:10:05:28 -0300] "GET /cormun/static/Shared/jqueryui/images/ui-bg_highlight-soft_100_c6c2c8_1x100.png HTTP/1.1" 404 1117
186.79.93.7 - - [12/May/2017:10:05:28 -0300] "GET /cormun/static/Shared/jqueryui/images/ui-bg_flat_55_fafafa_40x100.png HTTP/1.1" 404 1097
186.79.93.7 - - [12/May/2017:10:05:28 -0300] "GET /cormun/static/Shared/jqueryui/images/ui-icons_8d78a5_256x240.png HTTP/1.1" 404 1089
186.79.93.7 - - [12/May/2017:10:05:29 -0300] "GET /cormun/servlet/permisogoce?INS,0,,, HTTP/1.1" 200 6808
186.79.93.7 - - [12/May/2017:10:05:31 -0300] "GET /cormun/servlet/permisogoce?INS,0,,, HTTP/1.1" 200 6808
186.103.159.230 - - [12/May/2017:10:05:31 -0300] "GET /cormun/servlet/trlicencias? HTTP/1.1" 200 6845
186.103.159.230 - - [12/May/2017:10:05:31 -0300] "GET /cormun/static/gxui/gxui-all.css?110300 HTTP/1.1" 200 2179
186.103.159.230 - - [12/May/2017:10:05:31 -0300] "GET /cormun/static/calendar-system.css?75620 HTTP/1.1" 200 5572
186.103.159.230 - - [12/May/2017:10:05:31 -0300] "GET /cormun/static/gxcfg.js?201741111445981 HTTP/1.1" 200 953
186.103.159.230 - - [12/May/2017:10:05:31 -0300] "GET /cormun/static/calendar-setup.js?85251 HTTP/1.1" 200 2588
186.103.159.230 - - [12/May/2017:10:05:31 -0300] "GET /cormun/static/calendar-es.js?85251 HTTP/1.1" 200 1901
186.103.159.230 - - [12/May/2017:10:05:31 -0300] "GET /cormun/static/calendar.js?85251 HTTP/1.1" 200 26246
186.103.159.230 - - [12/May/2017:10:05:31 -0300] "GET /cormun/static/gxdec.js?85251 HTTP/1.1" 200 19579
186.103.159.230 - - [12/May/2017:10:05:31 -0300] "GET /cormun/static/trlicencias.js?20174111145440 HTTP/1.1" 200 37913
186.103.159.230 - - [12/May/2017:10:05:31 -0300] "GET /cormun/static/Shared/ext/resources/css/ext-all.css?205870 HTTP/1.1" 200 416045
186.103.159.230 - - [12/May/2017:10:05:31 -0300] "GET /cormun/static/Resources/PXTools/calendar.png HTTP/1.1" 200 1306
186.103.159.230 - - [12/May/2017:10:05:32 -0300] "GET /cormun/static/Resources/PXToolsDataSearch.png HTTP/1.1" 200 419
186.103.159.230 - - [12/May/2017:10:05:32 -0300] "GET /cormun/static/Resources/PXToolsGridFirstDisabled.gif HTTP/1.1" 200 100
186.103.159.230 - - [12/May/2017:10:05:32 -0300] "GET /cormun/static/Resources/PXToolsGridPreviousDisabled.gif HTTP/1.1" 200 90
186.103.159.230 - - [12/May/2017:10:05:32 -0300] "GET /cormun/static/Resources/PXToolsGridNextDisabled.gif HTTP/1.1" 200 90
186.103.159.230 - - [12/May/2017:10:05:32 -0300] "GET /cormun/static/Resources/PXToolsGridLastDisabled.gif HTTP/1.1" 200 98
186.103.159.230 - - [12/May/2017:10:05:32 -0300] "GET /cormun/static/Resources/PXToolsGridPage.gif HTTP/1.1" 200 725
186.103.159.230 - - [12/May/2017:10:05:32 -0300] "GET /cormun/static/Resources/PXToolsActionExcel.png HTTP/1.1" 200 3187
186.103.159.230 - - [12/May/2017:10:05:32 -0300] "GET /cormun/static/Resources/PXToolsGridNew.png HTTP/1.1" 200 2949
186.103.159.230 - - [12/May/2017:10:05:32 -0300] "GET /cormun/static/Resources/asc.gif HTTP/1.1" 200 67
186.103.159.230 - - [12/May/2017:10:05:32 -0300] "GET /cormun/static/Resources/desc.gif HTTP/1.1" 200 65
186.103.159.230 - - [12/May/2017:10:05:32 -0300] "GET /cormun/servlet/trlicencias? HTTP/1.1" 200 6843
186.103.159.230 - - [12/May/2017:10:05:32 -0300] "GET /cormun/static/Shared/ext/resources/themes/images/default/tools/tool-sprites.gif HTTP/1.1" 200 5434
186.103.159.230 - - [12/May/2017:10:05:32 -0300] "GET /cormun/static/Shared/ext/resources/themes/images/default/panel/bg-headersPanel.png HTTP/1.1" 200 255
186.103.159.230 - - [12/May/2017:10:05:35 -0300] "GET /cormun/servlet/licenciaspermisos?INS,0,,, HTTP/1.1" 200 7384
186.103.159.230 - - [12/May/2017:10:05:36 -0300] "GET /cormun/static/gxcfg.js?201741111445322 HTTP/1.1" 200 953
186.103.159.230 - - [12/May/2017:10:05:36 -0300] "GET /cormun/static/licenciaspermisos.js?201741111445392 HTTP/1.1" 200 34444
186.103.159.230 - - [12/May/2017:10:05:36 -0300] "GET /cormun/static/Resources/prompt.gif HTTP/1.1" 200 902
186.103.159.230 - - [12/May/2017:10:05:36 -0300] "GET /cormun/servlet/licenciaspermisos?INS,0,,, HTTP/1.1" 200 7384
186.79.93.7 - - [12/May/2017:10:05:40 -0300] "GET /cormun/servlet/permisogoce?e93ee50998dec36abcdd8d6cf291807473664a085e4e416e5ecc25809a33a3ec28614ad26653a2cb41fc45e3754ba106,gx-no-cache=1494594398530 HTTP/1.1" 200 70
186.79.93.7 - - [12/May/2017:10:05:41 -0300] "GET /cormun/static/menuarrow.gif HTTP/1.1" 404 1015
186.79.93.7 - - [12/May/2017:10:05:50 -0300] "GET /cormun/servlet/permisogoce?e93ee50998dec36abcdd8d6cf2918074fce04aebadcd4530fb725b659733b164f04ecbb89f8ca531e058a55ae37b1ba3df398b995949e0f89507c520f7bff5f2,gx-no-cache=1494594408949 HTTP/1.1" 200 47
186.103.159.230 - - [12/May/2017:10:05:56 -0300] "GET /cormun/static/Resources/resize.gif HTTP/1.1" 200 77
186.103.159.230 - - [12/May/2017:10:05:56 -0300] "GET /cormun/servlet/prfichaempleado?,MD,,gxPopupLevel%3D0%3B HTTP/1.1" 200 8817
186.103.159.230 - - [12/May/2017:10:05:56 -0300] "GET /cormun/static/Resources/PXToolsMenuSearch.png HTTP/1.1" 200 2914
186.103.159.230 - - [12/May/2017:10:05:56 -0300] "GET /cormun/static/gxcfg.js?2017319125415 HTTP/1.1" 200 953
186.103.159.230 - - [12/May/2017:10:05:56 -0300] "GET /cormun/static/menusearch.js?201610171694467 HTTP/1.1" 200 1424
186.103.159.230 - - [12/May/2017:10:05:56 -0300] "GET /cormun/static/hmpwkw011.js?201731711483558 HTTP/1.1" 200 1968
186.103.159.230 - - [12/May/2017:10:05:56 -0300] "GET /cormun/static/Resources/PXToolsMenuSearchCancel.png HTTP/1.1" 200 2972
186.103.159.230 - - [12/May/2017:10:05:57 -0300] "GET /cormun/static/prfichaempleado.js?20173191254344 HTTP/1.1" 200 15951
186.79.93.7 - - [12/May/2017:10:06:10 -0300] "POST /cormun/servlet/permisogoce?f734656d5e97e43512a6991023f0d7ee,INS,0,,,,gx-no-cache=1494594423206 HTTP/1.1" 200 93
186.79.93.7 - - [12/May/2017:10:06:10 -0300] "GET /cormun/servlet/hpexe_return? HTTP/1.1" 200 1037
186.103.159.230 - - [12/May/2017:10:06:11 -0300] "POST /cormun/servlet/prfichaempleado?1f606ff0dc48a307694e00b6165be355,,MD,,gxPopupLevel%3D0%3B,gx-no-cache=1494594438232 HTTP/1.1" 200 3407
186.79.93.7 - - [12/May/2017:10:06:11 -0300] "GET /cormun/servlet/trpermisosgoce?gx-no-cache=1494594381700 HTTP/1.1" 200 7665
186.79.93.7 - - [12/May/2017:10:06:13 -0300] "GET /cormun/servlet/trpermisosgoce?gx-no-cache=1494594381700 HTTP/1.1" 200 7682
186.79.93.7 - - [12/May/2017:10:06:16 -0300] "GET /cormun/servlet/trpermisosadjuntos?8494476,20170512110033,P, HTTP/1.1" 200 6365
186.103.159.230 - - [12/May/2017:10:06:17 -0300] "GET /cormun/servlet/licenciaspermisos?0fab65e37a408019f5d2115f1e279f48d5847c391e3934ee18b6ac1444d6a9c3cbb83a2ffd76471a0ccf698d79a5d029,gx-no-cache=1494594444753 HTTP/1.1" 200 68
186.103.159.230 - - [12/May/2017:10:06:17 -0300] "POST /cormun/servlet/licenciaspermisos?1f606ff0dc48a307694e00b6165be355,INS,0,,,,gx-no-cache=1494594444793 HTTP/1.1" 200 4633
186.79.93.7 - - [12/May/2017:10:06:18 -0300] "GET /cormun/servlet/trpermisosadjuntos?8494476,20170512110033,P, HTTP/1.1" 200 6345
186.79.93.7 - - [12/May/2017:10:06:21 -0300] "GET /cormun/servlet/permisosadjuntos?INS,8494476,P,20170512110033,, HTTP/1.1" 200 5674
186.79.93.7 - - [12/May/2017:10:06:22 -0300] "GET /cormun/static/about:blank HTTP/1.1" 404 1011
186.79.93.7 - - [12/May/2017:10:06:23 -0300] "GET /cormun/servlet/permisosadjuntos?INS,8494476,P,20170512110033,, HTTP/1.1" 200 5664
186.103.159.44 - - [12/May/2017:10:06:51 -0300] "POST /cormun/servlet/solicitudot?gx-no-cache=1494594461769 HTTP/1.1" 200 3092
186.103.159.44 - - [12/May/2017:10:06:51 -0300] "POST /cormun/servlet/solicitudot?f9631f700f171b8a5b09440ea66f7be2,INS,0,0,,gx-no-cache=1494594462195 HTTP/1.1" 200 9692
186.103.159.44 - - [12/May/2017:10:06:57 -0300] "GET /cormun/servlet/solicitudot?a829b67969e470706606c0de3e16a05cebf4f09acf0a860a4c98a82549e6bc26230bb7540be3e67dea66dee4a0196200,gx-no-cache=1494594467990 HTTP/1.1" 200 30
186.79.93.7 - - [12/May/2017:10:07:01 -0300] "POST /cormun/servlet/permisosadjuntos?f734656d5e97e43512a6991023f0d7ee,INS,8494476,P,20170512110033,, HTTP/1.1" 200 116
186.79.93.7 - - [12/May/2017:10:07:01 -0300] "GET /cormun/servlet/hpexe_return? HTTP/1.1" 200 1042
186.79.93.7 - - [12/May/2017:10:07:02 -0300] "GET /cormun/servlet/trpermisosadjuntos?8494476,20170512110033,P, HTTP/1.1" 200 6794
186.79.93.7 - - [12/May/2017:10:07:05 -0300] "GET /cormun/servlet/trpermisosadjuntos?8494476,20170512110033,P, HTTP/1.1" 200 6789
186.79.93.7 - - [12/May/2017:10:07:18 -0300] "POST /cormun/servlet/trpermisosadjuntos?f734656d5e97e43512a6991023f0d7ee,8494476,20170512110033,P,,gx-no-cache=1494594486200 HTTP/1.1" 200 90
186.79.93.7 - - [12/May/2017:10:07:19 -0300] "GET /cormun/servlet/hpexe_link HTTP/1.1" 200 1009
186.79.93.7 - - [12/May/2017:10:07:20 -0300] "GET /cormun/servlet/trpermisosgoce?gx-no-cache=1494594381700 HTTP/1.1" 200 7663
186.79.93.7 - - [12/May/2017:10:07:22 -0300] "GET /cormun/servlet/trpermisosgoce?gx-no-cache=1494594381700 HTTP/1.1" 200 7682
186.79.93.7 - - [12/May/2017:10:07:36 -0300] "POST /cormun/servlet/trpermisosgoce?f734656d5e97e43512a6991023f0d7ee,gx-no-cache=1494594381700,gx-no-cache=1494594503062 HTTP/1.1" 200 4178
186.79.93.7 - - [12/May/2017:10:07:39 -0300] "GET /cormun/static/Shared/jqueryui/images/ui-icons_82798d_256x240.png HTTP/1.1" 404 1089
186.79.93.7 - - [12/May/2017:10:07:39 -0300] "GET /cormun/static/Shared/jqueryui/images/ui-bg_flat_55_fafafa_40x100.png HTTP/1.1" 404 1097
186.79.93.7 - - [12/May/2017:10:07:39 -0300] "GET /cormun/static/Shared/jqueryui/images/ui-bg_highlight-soft_100_c6c2c8_1x100.png HTTP/1.1" 404 1117
186.79.93.7 - - [12/May/2017:10:07:40 -0300] "GET /cormun/static/Shared/jqueryui/images/ui-icons_8d78a5_256x240.png HTTP/1.1" 404 1089
186.79.93.7 - - [12/May/2017:10:07:40 -0300] "GET /cormun/servlet/permisogoce?INS,0,,, HTTP/1.1" 200 6831
186.79.93.7 - - [12/May/2017:10:07:42 -0300] "GET /cormun/servlet/permisogoce?INS,0,,, HTTP/1.1" 200 6809
186.79.156.145 - - [12/May/2017:10:08:08 -0300] "GET /cormun/servlet/hlogin HTTP/1.1" 200 1720
186.79.156.145 - - [12/May/2017:10:08:17 -0300] "POST /cormun/servlet/hlogin?e50212ec6eabd5160642c5ee0420d536,gx-no-cache=1494594557110 HTTP/1.1" 200 90
186.79.156.145 - - [12/May/2017:10:08:17 -0300] "GET /cormun/servlet/hpexe_link HTTP/1.1" 200 948
186.79.156.145 - - [12/May/2017:10:08:18 -0300] "GET /cormun/servlet/hhome HTTP/1.1" 200 4010
186.79.156.145 - - [12/May/2017:10:08:19 -0300] "GET /cormun/servlet/hhome HTTP/1.1" 200 4005
186.79.156.145 - - [12/May/2017:10:08:24 -0300] "GET /cormun/servlet/trautorizarpermisogoce? HTTP/1.1" 200 7557
186.79.156.145 - - [12/May/2017:10:08:25 -0300] "GET /cormun/servlet/trautorizarpermisogoce? HTTP/1.1" 200 7556
186.79.93.7 - - [12/May/2017:10:08:27 -0300] "GET /cormun/servlet/permisogoce?e93ee50998dec36abcdd8d6cf291807489c5a71fbbd292e755efe22e72778f39d3fd0877de680087c9252c75d9ad40d7,gx-no-cache=1494594565582 HTTP/1.1" 200 70
186.79.93.7 - - [12/May/2017:10:08:28 -0300] "GET /cormun/static/menuarrow.gif HTTP/1.1" 404 1015
186.79.93.7 - - [12/May/2017:10:08:36 -0300] "GET /cormun/servlet/permisogoce?e93ee50998dec36abcdd8d6cf2918074586d74df108d4eb10e57c0607c88bbe2ffb025f292399e9dcc393ab2786838861d320245b005668e2df2b9b3e382a943,gx-no-cache=1494594575303 HTTP/1.1" 200 47
186.103.159.44 - - [12/May/2017:10:08:43 -0300] "POST /cormun/servlet/solicitudot?gx-no-cache=1494594574165 HTTP/1.1" 200 256
186.79.93.7 - - [12/May/2017:10:08:46 -0300] "GET /cormun/servlet/permisogoce?e93ee50998dec36abcdd8d6cf2918074586d74df108d4eb10e57c0607c88bbe2ffb025f292399e9dcc393ab278683886352bbf3c8d49cde37af5a00c23a830f69fbd18b34459b34a72ae469a74e0842a,gx-no-cache=1494594585482 HTTP/1.1" 200 47
186.103.159.44 - - [12/May/2017:10:08:50 -0300] "GET /cormun/servlet/solicitudot?a829b67969e470706606c0de3e16a05c33a019dc670bf6dbe7167029fceb733b80593a2054002a7c9fc7d7a6e3ef0aaf22a9d9196331e080de662c9ff537eca628aff5e0f9511cee0638c874de61c64daedf960e515b3aa1616a132fccbb8863e01f3daa115aabf590801f4eefbaa8767d52401dc47698afab9dbe8255bb3a245561014cc6a21e4bf5f9b90b98f954762ad91a9cdb5551b68bfa28d8330c6671fa6196b5d13dabd964b34ef87c4df0cf74419b2b2b98684885a940b9e6854a4fc056fa33b99598f7d9ad38e5780ceaa8f943908c447c601593697f0950ecaa5078faadef8a991f24b44140c4d6afafa386d883dd9b762e16457777a9e99b6489cdd866a6d7ed582c6b28222f10c16ee353b7b32f2242dc39f3f0680d5c3b5373f2a607365f8ede798203081612811ab9a938d1030d514612913d5a4d89ee97887ead772d70d16a1bc6b50388b6314e9a8975833892d835f34dcde646b25e939589693776722e9b1ad3de8c81953c6d215fbcefa757cba7041d6a5852c9703ee2,gx-no-cache=1494594581511 HTTP/1.1" 200 30
186.103.159.44 - - [12/May/2017:10:08:55 -0300] "POST /cormun/servlet/solicitudot?gx-no-cache=1494594585644 HTTP/1.1" 200 30
186.79.93.7 - - [12/May/2017:10:08:55 -0300] "POST /cormun/servlet/permisogoce?f734656d5e97e43512a6991023f0d7ee,INS,0,,,,gx-no-cache=1494594593169 HTTP/1.1" 200 93
186.79.93.7 - - [12/May/2017:10:08:55 -0300] "GET /cormun/servlet/hpexe_return? HTTP/1.1" 200 1037
186.79.93.7 - - [12/May/2017:10:08:56 -0300] "GET /cormun/servlet/trpermisosgoce?gx-no-cache=1494594381700 HTTP/1.1" 200 7655
186.103.159.44 - - [12/May/2017:10:08:57 -0300] "POST /cormun/servlet/solicitudot?gx-no-cache=1494594587860 HTTP/1.1" 200 235
186.103.159.44 - - [12/May/2017:10:08:57 -0300] "POST /cormun/servlet/solicitudot?gx-no-cache=1494594587967 HTTP/1.1" 200 38
186.79.93.7 - - [12/May/2017:10:08:58 -0300] "GET /cormun/servlet/trpermisosgoce?gx-no-cache=1494594381700 HTTP/1.1" 200 7673
186.79.93.7 - - [12/May/2017:10:09:03 -0300] "GET /cormun/servlet/trpermisosadjuntos?18224100,20170512110318,P, HTTP/1.1" 200 6370
186.79.93.7 - - [12/May/2017:10:09:05 -0300] "GET /cormun/servlet/trpermisosadjuntos?18224100,20170512110318,P, HTTP/1.1" 200 6350
186.79.93.7 - - [12/May/2017:10:09:10 -0300] "GET /cormun/servlet/permisosadjuntos?INS,18224100,P,20170512110318,, HTTP/1.1" 200 5676
186.79.93.7 - - [12/May/2017:10:09:11 -0300] "GET /cormun/static/about:blank HTTP/1.1" 404 1011
186.79.93.7 - - [12/May/2017:10:09:12 -0300] "GET /cormun/servlet/permisosadjuntos?INS,18224100,P,20170512110318,, HTTP/1.1" 200 5666
186.79.93.7 - - [12/May/2017:10:09:52 -0300] "POST /cormun/servlet/permisosadjuntos?f734656d5e97e43512a6991023f0d7ee,INS,18224100,P,20170512110318,, HTTP/1.1" 200 116
186.79.93.7 - - [12/May/2017:10:09:53 -0300] "GET /cormun/servlet/hpexe_return? HTTP/1.1" 200 1043
186.79.93.7 - - [12/May/2017:10:09:54 -0300] "GET /cormun/servlet/trpermisosadjuntos?18224100,20170512110318,P, HTTP/1.1" 200 6798
186.79.93.7 - - [12/May/2017:10:09:56 -0300] "GET /cormun/servlet/trpermisosadjuntos?18224100,20170512110318,P, HTTP/1.1" 200 6795
186.79.93.7 - - [12/May/2017:10:10:00 -0300] "POST /cormun/servlet/trpermisosadjuntos?f734656d5e97e43512a6991023f0d7ee,18224100,20170512110318,P,,gx-no-cache=1494594657206 HTTP/1.1" 200 90
186.79.93.7 - - [12/May/2017:10:10:01 -0300] "GET /cormun/servlet/hpexe_link HTTP/1.1" 200 1010
186.79.93.7 - - [12/May/2017:10:10:02 -0300] "GET /cormun/servlet/trpermisosgoce?gx-no-cache=1494594381700 HTTP/1.1" 200 7652
186.103.159.230 - - [12/May/2017:10:10:02 -0300] "GET /cormun/servlet/licenciaspermisos?0fab65e37a408019f5d2115f1e279f48e4e32404313e76ab84e78fe01a083e3836323e31da87bdb1d3c9cfc626d2a085ac2ca6e7b01da38f3cc9f8ec3238f2191784dbbfcec0813433c8d37dc9fe433283febc664b632bee8cc054e4f8db552f3b20106a9f9750665177da9ca3b95611f1404236f3f73a5395e46e5a5f2bbe0d9115afc1d635bf9a8ff0a75da1ea99f936b70123add7a24affb0a90a4a3acd7db45e9f4ccb6b0ecc02c875ab011ce22841887120bca46e84b94d3206978cae0c63ace30991b8cbdac58f92052bec0907cfb9da81b054a8c3b06d33d768eb9920,gx-no-cache=1494594669552 HTTP/1.1" 200 30
186.103.159.230 - - [12/May/2017:10:10:02 -0300] "POST /cormun/servlet/licenciaspermisos?1f606ff0dc48a307694e00b6165be355,INS,0,,,,gx-no-cache=1494594669818 HTTP/1.1" 200 4717
186.79.93.7 - - [12/May/2017:10:10:04 -0300] "GET /cormun/servlet/trpermisosgoce?gx-no-cache=1494594381700 HTTP/1.1" 200 7673
186.79.93.7 - - [12/May/2017:10:10:08 -0300] "POST /cormun/servlet/trpermisosgoce?f734656d5e97e43512a6991023f0d7ee,gx-no-cache=1494594381700,gx-no-cache=1494594666203 HTTP/1.1" 200 4172
186.79.93.7 - - [12/May/2017:10:10:09 -0300] "GET /cormun/static/Shared/jqueryui/images/ui-bg_highlight-soft_100_c6c2c8_1x100.png HTTP/1.1" 404 1117
186.79.93.7 - - [12/May/2017:10:10:10 -0300] "GET /cormun/static/Shared/jqueryui/images/ui-icons_82798d_256x240.png HTTP/1.1" 404 1089
186.79.93.7 - - [12/May/2017:10:10:10 -0300] "GET /cormun/static/Shared/jqueryui/images/ui-bg_flat_55_fafafa_40x100.png HTTP/1.1" 404 1097
186.79.93.7 - - [12/May/2017:10:10:10 -0300] "GET /cormun/static/Shared/jqueryui/images/ui-icons_8d78a5_256x240.png HTTP/1.1" 404 1089
186.103.159.230 - - [12/May/2017:10:10:11 -0300] "GET /cormun/servlet/licenciaspermisos?0fab65e37a408019f5d2115f1e279f48d5847c391e3934ee18b6ac1444d6a9c3ed01a164254e5d649a07191c23d1b9ac87447b5018f065fb9babbdc5e1eb5bec392355f45db59c8409dd7a110f38a52b,gx-no-cache=1494594678509 HTTP/1.1" 200 68
186.103.159.230 - - [12/May/2017:10:10:11 -0300] "POST /cormun/servlet/licenciaspermisos?1f606ff0dc48a307694e00b6165be355,INS,0,,,,gx-no-cache=1494594678550 HTTP/1.1" 200 4717
186.79.156.145 - - [12/May/2017:10:10:11 -0300] "GET /cormun/servlet/trpermisosadjuntos?14153113,20170511144604,P, HTTP/1.1" 200 6327
186.79.156.145 - - [12/May/2017:10:10:12 -0300] "GET /cormun/servlet/trpermisosadjuntos?14153113,20170511144604,P, HTTP/1.1" 200 6328
186.103.159.44 - - [12/May/2017:10:10:12 -0300] "GET /cormun/servlet/solicitudot?a829b67969e470706606c0de3e16a05c074e8ce9add42c34d4d3997646c94405e1f4519ecbf1d3b325114fd862c77c5882e64ef8ba4eca6b9b2c9f13ae76ab36ad8303bcebebb102ca7362b78dfaafe621af231ece809dcb180df4eedc549be9a252807ae6404d127181e4a3d9cf3a60,gx-no-cache=1494594663195 HTTP/1.1" 200 29
186.103.159.44 - - [12/May/2017:10:10:12 -0300] "POST /cormun/servlet/solicitudot?gx-no-cache=1494594663263 HTTP/1.1" 200 709
186.103.159.44 - - [12/May/2017:10:10:13 -0300] "POST /cormun/servlet/solicitudot?gx-no-cache=1494594664264 HTTP/1.1" 200 1162
186.79.156.145 - - [12/May/2017:10:10:14 -0300] "GET /cormun/servlet/permisosadjuntos?INS,14153113,P,20170511144604,, HTTP/1.1" 200 5652
186.79.156.145 - - [12/May/2017:10:10:14 -0300] "GET /cormun/static/about:blank HTTP/1.1" 404 1011
186.79.156.145 - - [12/May/2017:10:10:14 -0300] "GET /cormun/servlet/permisosadjuntos?INS,14153113,P,20170511144604,, HTTP/1.1" 200 5643
186.79.93.7 - - [12/May/2017:10:10:15 -0300] "GET /cormun/servlet/permisogoce?INS,0,,, HTTP/1.1" 200 6832
186.79.93.7 - - [12/May/2017:10:10:16 -0300] "GET /cormun/servlet/permisogoce?INS,0,,, HTTP/1.1" 200 6810
186.79.93.7 - - [12/May/2017:10:10:22 -0300] "GET /cormun/servlet/permisogoce?e93ee50998dec36abcdd8d6cf29180740465df2e22d681d4fcdfa83057e91349d3fd0877de680087c9252c75d9ad40d7,gx-no-cache=1494594680905 HTTP/1.1" 200 70
186.79.93.7 - - [12/May/2017:10:10:22 -0300] "GET /cormun/static/menuarrow.gif HTTP/1.1" 404 1015
186.103.159.230 - - [12/May/2017:10:10:23 -0300] "GET /cormun/servlet/licenciaspermisos?0fab65e37a408019f5d2115f1e279f48db8e43effaab25fe19056974871e20b969115113987f64c867a37e765d5b4843fd48a0ed0aff803ad33c85b430943ac475026f5f0f5300cf5f0cbdea23d1776f0084a1247b84daa908fa8f350446d1050554ba34eb593e9e076eba13d7e7a718156f1286c50ee2ab0939c53d0175d3c4a5c2107345a92f718f2d9540dab215644e885c67db6416305c7ba1883f48e0a2eecd705d254e21f876a17852b93de012a9a604efe93e71fdfe884e386033cc01f7603f62cf816bee26c7d853b596015b67a4b7c68f7cc462db4807306263b74d3dfc9ff244715211277b46bdcff5e78f,gx-no-cache=1494594690400 HTTP/1.1" 200 52
186.103.159.230 - - [12/May/2017:10:10:23 -0300] "POST /cormun/servlet/licenciaspermisos?1f606ff0dc48a307694e00b6165be355,INS,0,,,,gx-no-cache=1494594690456 HTTP/1.1" 200 93
186.103.159.230 - - [12/May/2017:10:10:23 -0300] "GET /cormun/servlet/hpexe_return? HTTP/1.1" 200 1015
186.103.159.230 - - [12/May/2017:10:10:23 -0300] "GET /cormun/static/hpexe_return.js?2016101716175153 HTTP/1.1" 200 1633
186.103.159.230 - - [12/May/2017:10:10:23 -0300] "GET /cormun/static/gxcfg.js?2016101716175148 HTTP/1.1" 200 953
186.103.159.230 - - [12/May/2017:10:10:23 -0300] "GET /cormun/static/Resources/Spanish/PXTools.css?167811 HTTP/1.1" 200 89042
186.103.159.230 - - [12/May/2017:10:10:23 -0300] "GET /cormun/servlet/trlicencias HTTP/1.1" 200 8037
186.103.159.230 - - [12/May/2017:10:10:24 -0300] "GET /cormun//static/Resources/PXToolsGridUpdate.png HTTP/1.1" 200 2984
186.103.159.230 - - [12/May/2017:10:10:24 -0300] "GET /cormun//static/Resources/PXToolsGridDelete.png HTTP/1.1" 200 357
186.103.159.230 - - [12/May/2017:10:10:24 -0300] "GET /cormun//static/Resources/PXToolsHeaderHelp.png HTTP/1.1" 200 4055
186.103.159.230 - - [12/May/2017:10:10:24 -0300] "GET /cormun//static/Resources/PXToolsHeaderFavorites.png HTTP/1.1" 200 2744
186.103.159.230 - - [12/May/2017:10:10:24 -0300] "GET /cormun//static/Resources/PXToolsGridDisplay.png HTTP/1.1" 200 362
186.103.159.230 - - [12/May/2017:10:10:24 -0300] "GET /cormun//static/Resources/PXToolsActionPrint.png HTTP/1.1" 200 3317
186.103.159.230 - - [12/May/2017:10:10:24 -0300] "GET /cormun//static/Resources/PXTools/ActionInsert.png HTTP/1.1" 200 1482
186.103.159.230 - - [12/May/2017:10:10:24 -0300] "GET /cormun/servlet/trlicencias HTTP/1.1" 200 8032
186.103.159.44 - - [12/May/2017:10:10:26 -0300] "GET /cormun/static/menuarrow.gif HTTP/1.1" 404 1015
186.79.93.7 - - [12/May/2017:10:10:27 -0300] "GET /cormun/servlet/permisogoce?e93ee50998dec36abcdd8d6cf2918074a0567010fea93846ad1e02a839fbc61ba61d5bd6e1270d4ca2ca70d3731baaa35d5d6e3248d985657d38d3f6c331ccd4,gx-no-cache=1494594685197 HTTP/1.1" 200 47
186.79.156.145 - - [12/May/2017:10:10:31 -0300] "POST /cormun/servlet/permisosadjuntos?e50212ec6eabd5160642c5ee0420d536,INS,14153113,P,20170511144604,, HTTP/1.1" 200 116
186.79.156.145 - - [12/May/2017:10:10:32 -0300] "GET /cormun/servlet/hpexe_return? HTTP/1.1" 200 1034
186.79.156.145 - - [12/May/2017:10:10:32 -0300] "GET /cormun/servlet/trpermisosadjuntos?14153113,20170511144604,P, HTTP/1.1" 200 6794
186.79.156.145 - - [12/May/2017:10:10:33 -0300] "GET /cormun/servlet/trpermisosadjuntos?14153113,20170511144604,P, HTTP/1.1" 200 6792
186.103.159.230 - - [12/May/2017:10:10:33 -0300] "GET /cormun/servlet/trlicenciaspermisosadjuntos?7122287,20170512000000,L, HTTP/1.1" 200 6337
186.103.159.230 - - [12/May/2017:10:10:33 -0300] "GET /cormun/servlet/trlicenciaspermisosadjuntos?7122287,20170512000000,L, HTTP/1.1" 200 6337
186.103.159.230 - - [12/May/2017:10:10:33 -0300] "GET /cormun/static/gxcfg.js?20173171154619 HTTP/1.1" 200 953
186.103.159.230 - - [12/May/2017:10:10:33 -0300] "GET /cormun/static/trlicenciaspermisosadjuntos.js?20173171154971 HTTP/1.1" 200 21005
186.103.159.230 - - [12/May/2017:10:10:34 -0300] "GET /cormun/servlet/trlicenciaspermisosadjuntos?7122287,20170512000000,L, HTTP/1.1" 200 6338
186.79.156.145 - - [12/May/2017:10:10:37 -0300] "POST /cormun/servlet/trpermisosadjuntos?e50212ec6eabd5160642c5ee0420d536,14153113,20170511144604,P,,gx-no-cache=1494594696049 HTTP/1.1" 200 90
186.103.159.230 - - [12/May/2017:10:10:37 -0300] "GET /cormun/servlet/licenciaspermisosadjuntos?INS,7122287,L,20170512000000,, HTTP/1.1" 200 5633
186.79.156.145 - - [12/May/2017:10:10:37 -0300] "GET /cormun/servlet/hpexe_link HTTP/1.1" 200 986
186.103.159.230 - - [12/May/2017:10:10:37 -0300] "GET /cormun/static/gxcfg.js?201731711421170 HTTP/1.1" 200 953
186.103.159.230 - - [12/May/2017:10:10:37 -0300] "GET /cormun/static/licenciaspermisosadjuntos.js?201731711421181 HTTP/1.1" 200 8757
186.103.159.230 - - [12/May/2017:10:10:37 -0300] "GET /cormun/static/about:blank HTTP/1.1" 404 1011
186.79.156.145 - - [12/May/2017:10:10:37 -0300] "GET /cormun/servlet/trautorizarpermisogoce HTTP/1.1" 200 7557
186.103.159.230 - - [12/May/2017:10:10:37 -0300] "GET /cormun/servlet/licenciaspermisosadjuntos?INS,7122287,L,20170512000000,, HTTP/1.1" 200 5626
186.79.156.145 - - [12/May/2017:10:10:37 -0300] "GET /cormun/servlet/trautorizarpermisogoce HTTP/1.1" 200 7556
186.103.159.44 - - [12/May/2017:10:10:38 -0300] "GET /cormun/servlet/solicitudot?a829b67969e470706606c0de3e16a05ce021a49e170bb742da708968237ff03b83589663a9de2dc87aacb977d44c6ea53b97db594ee188da1c188a18ed8dc451a459927434e48fe086e3102cb169ee3863f907f14489399e915a29fa6d0eac1d1691ee7996f1918fc7697d5e373377143a36131d18ecff4a22c68ab3d8832d0e471669d7b6b6f3b0ea721e8c219d18825dfb1bf7a19041210b2223e0878cdc9733ca07a6a84119885860893139eb0aed,gx-no-cache=1494594688608 HTTP/1.1" 200 30
186.79.93.7 - - [12/May/2017:10:10:43 -0300] "POST /cormun/servlet/permisogoce?f734656d5e97e43512a6991023f0d7ee,INS,0,,,,gx-no-cache=1494594697153 HTTP/1.1" 200 93
186.79.93.7 - - [12/May/2017:10:10:43 -0300] "GET /cormun/servlet/hpexe_return? HTTP/1.1" 200 1037
186.79.93.7 - - [12/May/2017:10:10:44 -0300] "GET /cormun/servlet/trpermisosgoce?gx-no-cache=1494594381700 HTTP/1.1" 200 7657
186.79.93.7 - - [12/May/2017:10:10:46 -0300] "GET /cormun/servlet/trpermisosgoce?gx-no-cache=1494594381700 HTTP/1.1" 200 7674
186.103.159.44 - - [12/May/2017:10:10:47 -0300] "POST /cormun/servlet/solicitudot?f9631f700f171b8a5b09440ea66f7be2,INS,0,0,,gx-no-cache=1494594697836 HTTP/1.1" 200 93
186.103.159.44 - - [12/May/2017:10:10:47 -0300] "GET /cormun/servlet/hpexe_return? HTTP/1.1" 200 1010
186.103.159.44 - - [12/May/2017:10:10:48 -0300] "GET /cormun/servlet/trsolicitudot HTTP/1.1" 200 8004
186.79.93.7 - - [12/May/2017:10:10:51 -0300] "GET /cormun/servlet/trpermisosadjuntos?12516844,20170512110506,P, HTTP/1.1" 200 6371
186.79.93.7 - - [12/May/2017:10:10:53 -0300] "GET /cormun/servlet/trpermisosadjuntos?12516844,20170512110506,P, HTTP/1.1" 200 6350
186.103.159.44 - - [12/May/2017:10:10:55 -0300] "GET /cormun/servlet/solicitudot?INS,0,0, HTTP/1.1" 200 12600
186.79.93.7 - - [12/May/2017:10:10:55 -0300] "GET /cormun/servlet/permisosadjuntos?INS,12516844,P,20170512110506,, HTTP/1.1" 200 5675
186.79.93.7 - - [12/May/2017:10:10:56 -0300] "GET /cormun/static/about:blank HTTP/1.1" 404 1011
186.103.159.230 - - [12/May/2017:10:10:57 -0300] "POST /cormun/servlet/licenciaspermisosadjuntos?1f606ff0dc48a307694e00b6165be355,INS,7122287,L,20170512000000,, HTTP/1.1" 200 116
186.103.159.230 - - [12/May/2017:10:10:57 -0300] "GET /cormun/servlet/hpexe_return? HTTP/1.1" 200 1046
186.103.159.230 - - [12/May/2017:10:10:57 -0300] "GET /cormun/servlet/trlicenciaspermisosadjuntos?7122287,20170512000000,L, HTTP/1.1" 200 6828
186.79.93.7 - - [12/May/2017:10:10:57 -0300] "GET /cormun/servlet/permisosadjuntos?INS,12516844,P,20170512110506,, HTTP/1.1" 200 5665
186.103.159.230 - - [12/May/2017:10:10:57 -0300] "GET /cormun/servlet/trlicenciaspermisosadjuntos?7122287,20170512000000,L, HTTP/1.1" 200 6823
186.103.159.230 - - [12/May/2017:10:11:06 -0300] "GET /cormun/servlet/trlicencias? HTTP/1.1" 200 8033
186.103.159.230 - - [12/May/2017:10:11:07 -0300] "GET /cormun/servlet/trlicencias? HTTP/1.1" 200 8032
186.103.159.230 - - [12/May/2017:10:11:10 -0300] "POST /cormun/servlet/trlicencias?1f606ff0dc48a307694e00b6165be355,,gx-no-cache=1494594737437 HTTP/1.1" 200 4270
186.103.159.230 - - [12/May/2017:10:11:10 -0300] "GET /cormun/static/Shared/jqueryui/images/ui-bg_highlight-soft_100_c6c2c8_1x100.png HTTP/1.1" 404 1117
186.103.159.230 - - [12/May/2017:10:11:10 -0300] "GET /cormun/static/Shared/jqueryui/images/ui-icons_82798d_256x240.png HTTP/1.1" 404 1089
186.103.159.230 - - [12/May/2017:10:11:10 -0300] "GET /cormun/static/Shared/jqueryui/images/ui-bg_flat_55_fafafa_40x100.png HTTP/1.1" 404 1097
186.103.159.230 - - [12/May/2017:10:11:10 -0300] "GET /cormun/static/Shared/jqueryui/images/ui-icons_8d78a5_256x240.png HTTP/1.1" 404 1089
186.79.156.145 - - [12/May/2017:10:11:10 -0300] "POST /cormun/servlet/trautorizarpermisogoce?e50212ec6eabd5160642c5ee0420d536,gx-no-cache=1494594729719 HTTP/1.1" 200 4158
186.79.156.145 - - [12/May/2017:10:11:10 -0300] "GET /cormun/static/Shared/jqueryui/images/ui-bg_highlight-soft_100_c6c2c8_1x100.png HTTP/1.1" 404 1117
186.79.156.145 - - [12/May/2017:10:11:10 -0300] "GET /cormun/static/Shared/jqueryui/images/ui-icons_82798d_256x240.png HTTP/1.1" 404 1089
186.79.156.145 - - [12/May/2017:10:11:10 -0300] "GET /cormun/static/Shared/jqueryui/images/ui-bg_flat_55_fafafa_40x100.png HTTP/1.1" 404 1097
186.79.156.145 - - [12/May/2017:10:11:10 -0300] "GET /cormun/static/Shared/jqueryui/images/ui-icons_8d78a5_256x240.png HTTP/1.1" 404 1089
186.79.93.7 - - [12/May/2017:10:11:20 -0300] "POST /cormun/servlet/permisosadjuntos?f734656d5e97e43512a6991023f0d7ee,INS,12516844,P,20170512110506,, HTTP/1.1" 200 116
186.79.93.7 - - [12/May/2017:10:11:21 -0300] "GET /cormun/servlet/hpexe_return? HTTP/1.1" 200 1043
186.79.93.7 - - [12/May/2017:10:11:22 -0300] "GET /cormun/servlet/trpermisosadjuntos?12516844,20170512110506,P, HTTP/1.1" 200 6800
186.79.93.7 - - [12/May/2017:10:11:24 -0300] "GET /cormun/servlet/trpermisosadjuntos?12516844,20170512110506,P, HTTP/1.1" 200 6796
186.103.159.44 - - [12/May/2017:10:11:35 -0300] "POST /cormun/servlet/solicitudot?gx-no-cache=1494594745569 HTTP/1.1" 200 3092
186.103.159.44 - - [12/May/2017:10:11:35 -0300] "POST /cormun/servlet/solicitudot?f9631f700f171b8a5b09440ea66f7be2,INS,0,0,,gx-no-cache=1494594746119 HTTP/1.1" 200 9691
186.103.159.44 - - [12/May/2017:10:11:39 -0300] "GET /cormun/servlet/solicitudot?a829b67969e470706606c0de3e16a05cc8e43038fc838d9b2c3000c2e2400934230bb7540be3e67dea66dee4a0196200,gx-no-cache=1494594749701 HTTP/1.1" 200 30
186.79.93.7 - - [12/May/2017:10:12:04 -0300] "POST /cormun/servlet/trpermisosadjuntos?f734656d5e97e43512a6991023f0d7ee,12516844,20170512110506,P,,gx-no-cache=1494594764020 HTTP/1.1" 200 90
186.79.93.7 - - [12/May/2017:10:12:05 -0300] "GET /cormun/servlet/hpexe_link HTTP/1.1" 200 1010
186.79.93.7 - - [12/May/2017:10:12:06 -0300] "GET /cormun/servlet/trpermisosgoce?gx-no-cache=1494594381700 HTTP/1.1" 200 7655
186.79.93.7 - - [12/May/2017:10:12:09 -0300] "GET /cormun/servlet/trpermisosgoce?gx-no-cache=1494594381700 HTTP/1.1" 200 7674
186.79.93.7 - - [12/May/2017:10:12:13 -0300] "POST /cormun/servlet/trpermisosgoce?f734656d5e97e43512a6991023f0d7ee,gx-no-cache=1494594381700,gx-no-cache=1494594790077 HTTP/1.1" 200 4177
186.79.93.7 - - [12/May/2017:10:12:14 -0300] "GET /cormun/static/Shared/jqueryui/images/ui-bg_highlight-soft_100_c6c2c8_1x100.png HTTP/1.1" 404 1117
186.79.93.7 - - [12/May/2017:10:12:14 -0300] "GET /cormun/static/Shared/jqueryui/images/ui-icons_82798d_256x240.png HTTP/1.1" 404 1089
186.79.93.7 - - [12/May/2017:10:12:14 -0300] "GET /cormun/static/Shared/jqueryui/images/ui-bg_flat_55_fafafa_40x100.png HTTP/1.1" 404 1097
186.79.93.7 - - [12/May/2017:10:12:14 -0300] "GET /cormun/static/Shared/jqueryui/images/ui-icons_8d78a5_256x240.png HTTP/1.1" 404 1089
186.79.93.7 - - [12/May/2017:10:12:17 -0300] "GET /cormun/servlet/trautorizarpermisogoce? HTTP/1.1" 200 8265
186.79.93.7 - - [12/May/2017:10:12:18 -0300] "GET /cormun/static/gxcfg.js?20174111145711 HTTP/1.1" 304 -
186.79.93.7 - - [12/May/2017:10:12:18 -0300] "GET /cormun/static/trautorizarpermisogoce.js?201741111451072 HTTP/1.1" 304 -
186.79.93.7 - - [12/May/2017:10:12:19 -0300] "GET /cormun/servlet/trautorizarpermisogoce? HTTP/1.1" 200 8245
186.79.156.145 - - [12/May/2017:10:12:32 -0300] "GET /cormun/servlet/hlogin HTTP/1.1" 200 1743
186.79.93.7 - - [12/May/2017:10:12:43 -0300] "POST /cormun/servlet/trautorizarpermisogoce?f734656d5e97e43512a6991023f0d7ee,,gx-no-cache=1494594820090 HTTP/1.1" 200 5366
186.79.93.7 - - [12/May/2017:10:12:44 -0300] "GET /cormun/static/Shared/jqueryui/images/ui-bg_highlight-soft_100_c6c2c8_1x100.png HTTP/1.1" 404 1117
186.79.93.7 - - [12/May/2017:10:12:44 -0300] "GET /cormun/static/Shared/jqueryui/images/ui-icons_82798d_256x240.png HTTP/1.1" 404 1089
186.79.93.7 - - [12/May/2017:10:12:44 -0300] "GET /cormun/static/Shared/jqueryui/images/ui-bg_flat_55_fafafa_40x100.png HTTP/1.1" 404 1097
186.79.93.7 - - [12/May/2017:10:12:44 -0300] "GET /cormun/static/Shared/jqueryui/images/ui-icons_8d78a5_256x240.png HTTP/1.1" 404 1089
186.79.93.7 - - [12/May/2017:10:12:45 -0300] "POST /cormun/servlet/trautorizarpermisogoce?f734656d5e97e43512a6991023f0d7ee,,gx-no-cache=1494594823693 HTTP/1.1" 200 5165
186.79.93.7 - - [12/May/2017:10:12:51 -0300] "POST /cormun/servlet/trautorizarpermisogoce?f734656d5e97e43512a6991023f0d7ee,,gx-no-cache=1494594825850 HTTP/1.1" 200 4896
186.79.93.7 - - [12/May/2017:10:12:55 -0300] "POST /cormun/servlet/trautorizarpermisogoce?f734656d5e97e43512a6991023f0d7ee,,gx-no-cache=1494594831398 HTTP/1.1" 200 4174
186.79.93.7 - - [12/May/2017:10:13:06 -0300] "GET /cormun/servlet/hlogin HTTP/1.1" 200 1751
186.79.159.39 - - [12/May/2017:10:13:12 -0300] "POST /cormun/servlet/trsolicitudot?941f49b0b2b1ea10fe411961bbd35db1,gx-no-cache=1494594851192 HTTP/1.1" 200 5291
186.79.159.39 - - [12/May/2017:10:13:13 -0300] "POST /cormun/servlet/trsolicitudot?941f49b0b2b1ea10fe411961bbd35db1,gx-no-cache=1494594852976 HTTP/1.1" 200 5292
186.103.159.44 - - [12/May/2017:10:13:28 -0300] "POST /cormun/servlet/solicitudot?gx-no-cache=1494594859211 HTTP/1.1" 200 297
186.103.159.44 - - [12/May/2017:10:13:29 -0300] "GET /cormun/servlet/solicitudot?a829b67969e470706606c0de3e16a05c33a019dc670bf6dbe7167029fceb733be50af3a431e28415f529e2a0465e669622a9d9196331e080de662c9ff537eca628aff5e0f9511cee0638c874de61c64daedf960e515b3aa1616a132fccbb8863e01f3daa115aabf590801f4eefbaa8767d52401dc47698afab9dbe8255bb3a245561014cc6a21e4bf5f9b90b98f954762ad91a9cdb5551b68bfa28d8330c6671fa6196b5d13dabd964b34ef87c4df0cf74419b2b2b98684885a940b9e6854a4fc056fa33b99598f7d9ad38e5780ceaa8f943908c447c601593697f0950ecaa5078faadef8a991f24b44140c4d6afafa35a2d98ca9aa07ffe03085e3ce8811c00cdd866a6d7ed582c6b28222f10c16ee353b7b32f2242dc39f3f0680d5c3b5373f2a607365f8ede798203081612811ab9a938d1030d514612913d5a4d89ee978852b290454694b7e23e0ca17e6ce1c0129d26b06a097d095e2a27aff6a04b451b78c98970140522c2e5d4e642d194ff18f3f1128087f0bf47ef23cd9d19aa3c79d40b465c9acb917cbfedb773f27075ae,gx-no-cache=1494594859296 HTTP/1.1" 200 30
186.103.159.44 - - [12/May/2017:10:13:31 -0300] "POST /cormun/servlet/solicitudot?gx-no-cache=1494594862381 HTTP/1.1" 200 30
186.103.159.44 - - [12/May/2017:10:13:34 -0300] "POST /cormun/servlet/solicitudot?gx-no-cache=1494594865314 HTTP/1.1" 200 235
186.103.159.44 - - [12/May/2017:10:13:34 -0300] "POST /cormun/servlet/solicitudot?gx-no-cache=1494594865434 HTTP/1.1" 200 38
186.103.159.44 - - [12/May/2017:10:13:55 -0300] "GET /cormun/servlet/solicitudot?a829b67969e470706606c0de3e16a05c074e8ce9add42c34d4d3997646c94405e1f4519ecbf1d3b325114fd862c77c5882e64ef8ba4eca6b9b2c9f13ae76ab36ad8303bcebebb102ca7362b78dfaafe621af231ece809dcb180df4eedc549be9a252807ae6404d127181e4a3d9cf3a60,gx-no-cache=1494594885265 HTTP/1.1" 200 29
186.103.159.44 - - [12/May/2017:10:13:55 -0300] "POST /cormun/servlet/solicitudot?gx-no-cache=1494594885855 HTTP/1.1" 200 709
186.103.159.44 - - [12/May/2017:10:13:56 -0300] "POST /cormun/servlet/solicitudot?gx-no-cache=1494594886786 HTTP/1.1" 200 1162
186.103.159.44 - - [12/May/2017:10:14:07 -0300] "GET /cormun/static/menuarrow.gif HTTP/1.1" 404 1015
186.103.159.44 - - [12/May/2017:10:14:15 -0300] "GET /cormun/servlet/solicitudot?a829b67969e470706606c0de3e16a05cd5c519abaef4688e2dc4d98bd96fadc4fc4616540a5fc897a14a3b054c6838463b97db594ee188da1c188a18ed8dc451a459927434e48fe086e3102cb169ee3863f907f14489399e915a29fa6d0eac1d1691ee7996f1918fc7697d5e373377143a36131d18ecff4a22c68ab3d8832d0e471669d7b6b6f3b0ea721e8c219d18825dfb1bf7a19041210b2223e0878cdc9733ca07a6a84119885860893139eb0aed,gx-no-cache=1494594906339 HTTP/1.1" 200 30
186.103.159.44 - - [12/May/2017:10:14:25 -0300] "POST /cormun/servlet/solicitudot?f9631f700f171b8a5b09440ea66f7be2,INS,0,0,,gx-no-cache=1494594915787 HTTP/1.1" 200 93
186.103.159.44 - - [12/May/2017:10:14:25 -0300] "GET /cormun/servlet/hpexe_return? HTTP/1.1" 200 1010
186.103.159.44 - - [12/May/2017:10:14:26 -0300] "GET /cormun/servlet/trsolicitudot HTTP/1.1" 200 8457
186.103.159.44 - - [12/May/2017:10:14:41 -0300] "POST /cormun/servlet/trsolicitudot?f9631f700f171b8a5b09440ea66f7be2,gx-no-cache=1494594932475 HTTP/1.1" 200 107
186.103.159.44 - - [12/May/2017:10:14:42 -0300] "GET /cormun/servlet/trsolicitudadjuntos?2017,6409, HTTP/1.1" 200 5886
186.103.159.44 - - [12/May/2017:10:14:45 -0300] "GET /cormun/servlet/solicitudotadjuntos?INS,2017,6409,,1, HTTP/1.1" 200 5821
186.103.159.44 - - [12/May/2017:10:14:45 -0300] "HEAD /cormun/static/about:blank HTTP/1.1" 404 -
186.103.159.44 - - [12/May/2017:10:14:47 -0300] "GET /cormun/servlet/solicitudotadjuntos?a829b67969e470706606c0de3e16a05ce1d9e629d257e392bf6b576483bd65c3dc56e756f81ff0c0da0517426ed24b1e,gx-no-cache=1494594937918 HTTP/1.1" 200 30
186.103.159.44 - - [12/May/2017:10:14:47 -0300] "POST /cormun/servlet/solicitudotadjuntos?f9631f700f171b8a5b09440ea66f7be2,INS,2017,6409,,1,,gx-no-cache=1494594937997 HTTP/1.1" 200 3641
186.103.159.44 - - [12/May/2017:10:14:50 -0300] "POST /cormun/servlet/solicitudotadjuntos?gx-no-cache=1494594941127 HTTP/1.1" 200 26
186.103.159.44 - - [12/May/2017:10:15:06 -0300] "GET /cormun/servlet/solicitudotadjuntos?a829b67969e470706606c0de3e16a05cecd600bce4c648c923a53f792c6ad81b,gx-no-cache=1494594956763 HTTP/1.1" 200 30
186.103.159.44 - - [12/May/2017:10:15:06 -0300] "GET /cormun/servlet/solicitudotadjuntos?a829b67969e470706606c0de3e16a05cecd600bce4c648c923a53f792c6ad81b,gx-no-cache=1494594956802 HTTP/1.1" 200 30
186.103.159.44 - - [12/May/2017:10:15:06 -0300] "POST /cormun/servlet/solicitudotadjuntos?f9631f700f171b8a5b09440ea66f7be2,INS,2017,6409,,1, HTTP/1.1" 200 116
186.103.159.44 - - [12/May/2017:10:15:06 -0300] "GET /cormun/servlet/hpexe_return? HTTP/1.1" 200 1030
186.103.159.44 - - [12/May/2017:10:15:07 -0300] "GET /cormun/servlet/trsolicitudadjuntos?2017,6409, HTTP/1.1" 200 8048
186.103.159.44 - - [12/May/2017:10:15:14 -0300] "GET /cormun/servlet/solicitudotadjuntos?INS,2017,6409,,1, HTTP/1.1" 200 5821
186.103.159.44 - - [12/May/2017:10:15:14 -0300] "HEAD /cormun/static/about:blank HTTP/1.1" 404 -
186.103.159.44 - - [12/May/2017:10:15:15 -0300] "GET /cormun/servlet/solicitudotadjuntos?a829b67969e470706606c0de3e16a05ce1d9e629d257e392bf6b576483bd65c3dc56e756f81ff0c0da0517426ed24b1e,gx-no-cache=1494594966394 HTTP/1.1" 200 30
186.103.159.44 - - [12/May/2017:10:15:15 -0300] "POST /cormun/servlet/solicitudotadjuntos?f9631f700f171b8a5b09440ea66f7be2,INS,2017,6409,,1,,gx-no-cache=1494594966500 HTTP/1.1" 200 3641
186.103.159.44 - - [12/May/2017:10:15:22 -0300] "POST /cormun/servlet/solicitudotadjuntos?gx-no-cache=1494594973172 HTTP/1.1" 200 26
40.77.167.137 - - [12/May/2017:10:15:26 -0300] "GET /cormun/servlet/veautorizarsolicitud?2017,5671,_escaped_fragment_%3D,SolicitudOTLog HTTP/1.1" 200 6815
186.103.159.44 - - [12/May/2017:10:15:28 -0300] "GET /cormun/servlet/solicitudotadjuntos?a829b67969e470706606c0de3e16a05cecd600bce4c648c923a53f792c6ad81b,gx-no-cache=1494594978620 HTTP/1.1" 200 30
186.103.159.44 - - [12/May/2017:10:15:28 -0300] "GET /cormun/servlet/solicitudotadjuntos?a829b67969e470706606c0de3e16a05cecd600bce4c648c923a53f792c6ad81b,gx-no-cache=1494594978658 HTTP/1.1" 200 30
186.103.159.44 - - [12/May/2017:10:15:28 -0300] "POST /cormun/servlet/solicitudotadjuntos?f9631f700f171b8a5b09440ea66f7be2,INS,2017,6409,,1, HTTP/1.1" 200 116
186.103.159.44 - - [12/May/2017:10:15:28 -0300] "GET /cormun/servlet/hpexe_return? HTTP/1.1" 200 1030
186.103.159.44 - - [12/May/2017:10:15:29 -0300] "GET /cormun/servlet/trsolicitudadjuntos?2017,6409, HTTP/1.1" 200 8262
186.103.159.44 - - [12/May/2017:10:15:33 -0300] "GET /cormun/servlet/solicitudotadjuntos?INS,2017,6409,,1, HTTP/1.1" 200 5821
186.103.159.44 - - [12/May/2017:10:15:33 -0300] "HEAD /cormun/static/about:blank HTTP/1.1" 404 -
186.103.159.44 - - [12/May/2017:10:15:35 -0300] "GET /cormun/servlet/solicitudotadjuntos?a829b67969e470706606c0de3e16a05ce1d9e629d257e392bf6b576483bd65c3dc56e756f81ff0c0da0517426ed24b1e,gx-no-cache=1494594985624 HTTP/1.1" 200 30
186.103.159.44 - - [12/May/2017:10:15:35 -0300] "POST /cormun/servlet/solicitudotadjuntos?f9631f700f171b8a5b09440ea66f7be2,INS,2017,6409,,1,,gx-no-cache=1494594985788 HTTP/1.1" 200 3641
186.103.159.44 - - [12/May/2017:10:15:37 -0300] "POST /cormun/servlet/solicitudotadjuntos?gx-no-cache=1494594988541 HTTP/1.1" 200 26
186.103.159.44 - - [12/May/2017:10:15:45 -0300] "GET /cormun/servlet/solicitudotadjuntos?a829b67969e470706606c0de3e16a05cecd600bce4c648c923a53f792c6ad81b,gx-no-cache=1494594996436 HTTP/1.1" 200 30
186.103.159.44 - - [12/May/2017:10:15:45 -0300] "GET /cormun/servlet/solicitudotadjuntos?a829b67969e470706606c0de3e16a05cecd600bce4c648c923a53f792c6ad81b,gx-no-cache=1494594996478 HTTP/1.1" 200 30
186.103.159.44 - - [12/May/2017:10:15:46 -0300] "POST /cormun/servlet/solicitudotadjuntos?f9631f700f171b8a5b09440ea66f7be2,INS,2017,6409,,1, HTTP/1.1" 200 116
186.103.159.44 - - [12/May/2017:10:15:46 -0300] "GET /cormun/servlet/hpexe_return? HTTP/1.1" 200 1030
186.103.159.44 - - [12/May/2017:10:15:47 -0300] "GET /cormun/servlet/trsolicitudadjuntos?2017,6409, HTTP/1.1" 200 8432
186.103.159.44 - - [12/May/2017:10:15:51 -0300] "GET /cormun/servlet/solicitudotadjuntos?INS,2017,6409,,1, HTTP/1.1" 200 5822
186.103.159.44 - - [12/May/2017:10:15:52 -0300] "HEAD /cormun/static/about:blank HTTP/1.1" 404 -
186.103.159.44 - - [12/May/2017:10:15:53 -0300] "GET /cormun/servlet/solicitudotadjuntos?a829b67969e470706606c0de3e16a05ce1d9e629d257e392bf6b576483bd65c3dc56e756f81ff0c0da0517426ed24b1e,gx-no-cache=1494595003993 HTTP/1.1" 200 30
186.103.159.44 - - [12/May/2017:10:15:53 -0300] "POST /cormun/servlet/solicitudotadjuntos?f9631f700f171b8a5b09440ea66f7be2,INS,2017,6409,,1,,gx-no-cache=1494595004090 HTTP/1.1" 200 3643
186.103.159.44 - - [12/May/2017:10:15:56 -0300] "POST /cormun/servlet/solicitudotadjuntos?gx-no-cache=1494595006812 HTTP/1.1" 200 26
186.103.159.44 - - [12/May/2017:10:16:05 -0300] "GET /cormun/servlet/solicitudotadjuntos?a829b67969e470706606c0de3e16a05cecd600bce4c648c923a53f792c6ad81b,gx-no-cache=1494595016147 HTTP/1.1" 200 30
186.103.159.44 - - [12/May/2017:10:16:05 -0300] "GET /cormun/servlet/solicitudotadjuntos?a829b67969e470706606c0de3e16a05cecd600bce4c648c923a53f792c6ad81b,gx-no-cache=1494595016182 HTTP/1.1" 200 30
186.103.159.44 - - [12/May/2017:10:16:06 -0300] "POST /cormun/servlet/solicitudotadjuntos?f9631f700f171b8a5b09440ea66f7be2,INS,2017,6409,,1, HTTP/1.1" 200 116
186.103.159.44 - - [12/May/2017:10:16:06 -0300] "GET /cormun/servlet/hpexe_return? HTTP/1.1" 200 1030
186.103.159.44 - - [12/May/2017:10:16:07 -0300] "GET /cormun/servlet/trsolicitudadjuntos?2017,6409, HTTP/1.1" 200 8572
186.103.159.44 - - [12/May/2017:10:16:14 -0300] "GET /cormun/servlet/solicitudotadjuntos?INS,2017,6409,,1, HTTP/1.1" 200 5822
186.103.159.44 - - [12/May/2017:10:16:14 -0300] "HEAD /cormun/static/about:blank HTTP/1.1" 404 -
186.103.159.44 - - [12/May/2017:10:16:16 -0300] "GET /cormun/servlet/solicitudotadjuntos?a829b67969e470706606c0de3e16a05ce1d9e629d257e392bf6b576483bd65c3dc56e756f81ff0c0da0517426ed24b1e,gx-no-cache=1494595026756 HTTP/1.1" 200 30
186.103.159.44 - - [12/May/2017:10:16:16 -0300] "POST /cormun/servlet/solicitudotadjuntos?f9631f700f171b8a5b09440ea66f7be2,INS,2017,6409,,1,,gx-no-cache=1494595026816 HTTP/1.1" 200 3643
186.103.159.44 - - [12/May/2017:10:16:19 -0300] "POST /cormun/servlet/solicitudotadjuntos?gx-no-cache=1494595029973 HTTP/1.1" 200 26
186.103.159.44 - - [12/May/2017:10:16:24 -0300] "GET /cormun/servlet/solicitudotadjuntos?a829b67969e470706606c0de3e16a05cecd600bce4c648c923a53f792c6ad81b,gx-no-cache=1494595035509 HTTP/1.1" 200 30
186.103.159.44 - - [12/May/2017:10:16:25 -0300] "GET /cormun/servlet/solicitudotadjuntos?a829b67969e470706606c0de3e16a05cecd600bce4c648c923a53f792c6ad81b,gx-no-cache=1494595035550 HTTP/1.1" 200 30
186.103.159.44 - - [12/May/2017:10:16:25 -0300] "POST /cormun/servlet/solicitudotadjuntos?f9631f700f171b8a5b09440ea66f7be2,INS,2017,6409,,1, HTTP/1.1" 200 116
186.103.159.44 - - [12/May/2017:10:16:25 -0300] "GET /cormun/servlet/hpexe_return? HTTP/1.1" 200 1030
186.103.159.44 - - [12/May/2017:10:16:26 -0300] "GET /cormun/servlet/trsolicitudadjuntos?2017,6409, HTTP/1.1" 200 8736
186.103.159.44 - - [12/May/2017:10:16:31 -0300] "GET /cormun/servlet/solicitudotadjuntos?INS,2017,6409,,1, HTTP/1.1" 200 5822
186.103.159.44 - - [12/May/2017:10:16:31 -0300] "HEAD /cormun/static/about:blank HTTP/1.1" 404 -
186.103.159.44 - - [12/May/2017:10:16:32 -0300] "GET /cormun/servlet/solicitudotadjuntos?a829b67969e470706606c0de3e16a05ce1d9e629d257e392bf6b576483bd65c3dc56e756f81ff0c0da0517426ed24b1e,gx-no-cache=1494595043340 HTTP/1.1" 200 30
186.103.159.44 - - [12/May/2017:10:16:32 -0300] "POST /cormun/servlet/solicitudotadjuntos?f9631f700f171b8a5b09440ea66f7be2,INS,2017,6409,,1,,gx-no-cache=1494595043429 HTTP/1.1" 200 3643
186.103.159.44 - - [12/May/2017:10:16:35 -0300] "POST /cormun/servlet/solicitudotadjuntos?gx-no-cache=1494595046045 HTTP/1.1" 200 26
186.103.159.44 - - [12/May/2017:10:16:40 -0300] "GET /cormun/servlet/solicitudotadjuntos?a829b67969e470706606c0de3e16a05cecd600bce4c648c923a53f792c6ad81b,gx-no-cache=1494595051243 HTTP/1.1" 200 30
186.103.159.44 - - [12/May/2017:10:16:40 -0300] "GET /cormun/servlet/solicitudotadjuntos?a829b67969e470706606c0de3e16a05cecd600bce4c648c923a53f792c6ad81b,gx-no-cache=1494595051276 HTTP/1.1" 200 30
186.103.159.44 - - [12/May/2017:10:16:41 -0300] "POST /cormun/servlet/solicitudotadjuntos?f9631f700f171b8a5b09440ea66f7be2,INS,2017,6409,,1, HTTP/1.1" 200 116
186.103.159.44 - - [12/May/2017:10:16:41 -0300] "GET /cormun/servlet/hpexe_return? HTTP/1.1" 200 1030
186.103.159.44 - - [12/May/2017:10:16:42 -0300] "GET /cormun/servlet/trsolicitudadjuntos?2017,6409, HTTP/1.1" 200 8981
186.103.159.44 - - [12/May/2017:10:16:46 -0300] "GET /cormun/servlet/solicitudotadjuntos?INS,2017,6409,,2, HTTP/1.1" 200 5820
186.103.159.44 - - [12/May/2017:10:16:47 -0300] "HEAD /cormun/static/about:blank HTTP/1.1" 404 -
186.103.159.44 - - [12/May/2017:10:16:48 -0300] "GET /cormun/servlet/solicitudotadjuntos?a829b67969e470706606c0de3e16a05ce1d9e629d257e392bf6b576483bd65c3dc56e756f81ff0c0da0517426ed24b1e,gx-no-cache=1494595059482 HTTP/1.1" 200 30
186.103.159.44 - - [12/May/2017:10:16:49 -0300] "POST /cormun/servlet/solicitudotadjuntos?f9631f700f171b8a5b09440ea66f7be2,INS,2017,6409,,2,,gx-no-cache=1494595059625 HTTP/1.1" 200 3855
186.103.159.44 - - [12/May/2017:10:16:52 -0300] "POST /cormun/servlet/solicitudotadjuntos?gx-no-cache=1494595063207 HTTP/1.1" 200 26
186.103.159.44 - - [12/May/2017:10:16:57 -0300] "GET /cormun/servlet/solicitudotadjuntos?a829b67969e470706606c0de3e16a05cecd600bce4c648c923a53f792c6ad81b,gx-no-cache=1494595068486 HTTP/1.1" 200 30
