186.103.159.188 - - [12/May/2017:08:42:32 -0300] "GET /cormun/servlet/solicitudotadjuntos?faf653b05ddf1cc76e0f55b73e9b15ac18c85aa74e296afce8517aecfd635e03,gx-no-cache=1494589411550 HTTP/1.1" 200 30
186.103.159.188 - - [12/May/2017:08:42:32 -0300] "GET /cormun/servlet/solicitudotadjuntos?faf653b05ddf1cc76e0f55b73e9b15ac18c85aa74e296afce8517aecfd635e03,gx-no-cache=1494589411566 HTTP/1.1" 200 30
186.103.159.188 - - [12/May/2017:08:42:33 -0300] "POST /cormun/servlet/solicitudotadjuntos?341cf68cf96c7667859ef84e7b6e66ba,INS,2017,6405,,1, HTTP/1.1" 200 116
186.103.159.188 - - [12/May/2017:08:42:33 -0300] "GET /cormun/servlet/hpexe_return? HTTP/1.1" 200 1025
186.103.159.188 - - [12/May/2017:08:42:33 -0300] "GET /cormun/servlet/trsolicitudadjuntos?2017,6405, HTTP/1.1" 200 8382
186.103.159.188 - - [12/May/2017:08:42:33 -0300] "GET /cormun/servlet/trsolicitudadjuntos?2017,6405, HTTP/1.1" 200 8379
192.168.10.89 - - [12/May/2017:08:42:34 -0300] "GET /cormun/servlet/solicitudgral2?UPD,2017,6308, HTTP/1.1" 200 12433
192.168.10.89 - - [12/May/2017:08:42:35 -0300] "POST /cormun/servlet/solicitudgral2?gx-no-cache=1494592619084 HTTP/1.1" 200 3184
192.168.10.89 - - [12/May/2017:08:42:35 -0300] "GET /cormun/servlet/solicitudgral2?b3ba4cfb67082d08537d712e6657eae0f1059175d661c2ecc27450b4312baeb17200929e0398b7e7768fcb2790590ac247c81cf08bf9db237c2e1f8e0c0a032c852d3a854f1b7324f877ea1f781e6cefaf066944e5c082179d7d71880e5ce1dab51b7e38234607cd54c56c4679a4c71644f81f76e07eb3d179e1f5e8ea2d4b3a9a0170e1a8da72576f28ea03516fe2ffbabb263225fd95c799ccf117eb95dc43158adea9d9e301a746ce7400fbddbd8eb10945d4867772dfe23bc9a28b9201d330677bfe94bcd5464630f01842c6d5a62bdd158ae5069433a4b868f9b3ffcd7b10b8c5c5c6e90aa6e319238b3e182cfd5f61aba5d4d0947abf361c973283118d1f37aea08fe26d4ff8b6926d89c3e7f8c560618e98c2857270661d5808d33738660a016c85cb1698221b6222670b513f21d4608dfa83718a7e1de5277e5645719ba86afdeccacffdeb1353c9dc0b321e,gx-no-cache=1494592619283 HTTP/1.1" 200 257
192.168.10.89 - - [12/May/2017:08:42:35 -0300] "POST /cormun/servlet/solicitudgral2?gx-no-cache=1494592619311 HTTP/1.1" 200 1360
192.168.10.89 - - [12/May/2017:08:42:35 -0300] "GET /cormun/servlet/solicitudgral2?b3ba4cfb67082d08537d712e6657eae0d30ce97fcd4ea6b1226e880680f30f787db579721b8ebd2ace04a1a080a21a2247c81cf08bf9db237c2e1f8e0c0a032cf8d18457ab21a8d1dae7def0993180ecf37d4c7c08802c83d65032dcc9423e2585ad122a8bff28e01324ba28f3225442,gx-no-cache=1494592619355 HTTP/1.1" 200 41
192.168.10.89 - - [12/May/2017:08:42:37 -0300] "POST /cormun/servlet/solicitudgral2?dc0d285dbf8e7652a167c565c0c42a09,UPD,2017,6308,,gx-no-cache=1494592620559 HTTP/1.1" 200 10694
192.168.10.89 - - [12/May/2017:08:42:37 -0300] "GET /cormun/servlet/solicitudgral2?b3ba4cfb67082d08537d712e6657eae06093226f94587d3feec8dffb0eb6de10f470ab313b75180166049f2bc75b979c4e303b7e9f2f9729199611a91eac9b14c0d5acc972a44f7fbe969498e2fa92fa8977d81b916e836b69bee415892b397e344adce1700dbb7f60e2bfa24fd837d448c61a8f04c392c640145ac160e94db5799c87215da85eb18f97be29e6d2429217e0ba051dff08f16b5ca4ad545825fb27e81b60da22b3d49a14c5cf27ee978489277f99be5f56e745c4b1c59dfd7c625166420e3595213baf58638da1060616,gx-no-cache=1494592620814 HTTP/1.1" 200 29
192.168.10.89 - - [12/May/2017:08:42:37 -0300] "POST /cormun/servlet/solicitudgral2?gx-no-cache=1494592620835 HTTP/1.1" 200 1256
192.168.10.89 - - [12/May/2017:08:42:37 -0300] "POST /cormun/servlet/solicitudgral2?gx-no-cache=1494592620907 HTTP/1.1" 200 1159
192.168.10.89 - - [12/May/2017:08:42:37 -0300] "GET /cormun/servlet/solicitudgral2?b3ba4cfb67082d08537d712e6657eae077b7cf1fc5cf786c25a81c0a1425387dcf692a2aa64d63141f8194914a72b46f3c6c6e17a7c830cfabb0e06b0718512d9957705dcd69675048f5b8e73094d268a33824734bebed76a26650bf43ae8af07429c25c3a55a84c105db5a772135fb8998548957669a8acd6e614ee5c0d192c,gx-no-cache=1494592620971 HTTP/1.1" 200 30
192.168.10.89 - - [12/May/2017:08:42:41 -0300] "POST /cormun/servlet/solicitudgral2?dc0d285dbf8e7652a167c565c0c42a09,UPD,2017,6308,,gx-no-cache=1494592624899 HTTP/1.1" 200 93
192.168.10.89 - - [12/May/2017:08:42:41 -0300] "GET /cormun/servlet/hpexe_return? HTTP/1.1" 200 1038
192.168.10.89 - - [12/May/2017:08:42:41 -0300] "GET /cormun/servlet/trsolicitudgral?gx-no-cache=1494591739262 HTTP/1.1" 200 11816
192.168.10.89 - - [12/May/2017:08:42:45 -0300] "POST /cormun/servlet/trsolicitudgral?dc0d285dbf8e7652a167c565c0c42a09,gx-no-cache=1494591739262,gx-no-cache=1494592629162 HTTP/1.1" 200 8264
192.168.10.89 - - [12/May/2017:08:42:46 -0300] "GET /cormun/static/Shared/jqueryui/images/ui-bg_highlight-soft_100_c6c2c8_1x100.png HTTP/1.1" 404 1117
192.168.10.89 - - [12/May/2017:08:42:46 -0300] "GET /cormun/static/Shared/jqueryui/images/ui-bg_flat_55_fafafa_40x100.png HTTP/1.1" 404 1097
192.168.10.89 - - [12/May/2017:08:42:46 -0300] "GET /cormun/static/Shared/jqueryui/images/ui-icons_82798d_256x240.png HTTP/1.1" 404 1089
192.168.10.89 - - [12/May/2017:08:42:46 -0300] "GET /cormun/static/Shared/jqueryui/images/ui-icons_8d78a5_256x240.png HTTP/1.1" 404 1089
186.103.159.188 - - [12/May/2017:08:42:51 -0300] "GET /cormun/servlet/solicitudotadjuntos?DLT,2017,6405,CERTIF3,0, HTTP/1.1" 200 5797
186.103.159.188 - - [12/May/2017:08:42:51 -0300] "GET /cormun/static/Shared/jqueryui/images/ui-bg_highlight-soft_100_c6c2c8_1x100.png HTTP/1.1" 404 1117
186.103.159.188 - - [12/May/2017:08:42:51 -0300] "GET /cormun/static/Shared/jqueryui/images/ui-icons_82798d_256x240.png HTTP/1.1" 404 1089
186.103.159.188 - - [12/May/2017:08:42:51 -0300] "GET /cormun/static/Shared/jqueryui/images/ui-icons_8d78a5_256x240.png HTTP/1.1" 404 1089
200.86.10.241 - - [12/May/2017:08:42:51 -0300] "GET /cormun/static/Shared/jqueryui/images/ui-bg_flat_55_fafafa_40x100.png HTTP/1.1" 404 1097
186.103.159.188 - - [12/May/2017:08:42:51 -0300] "GET /cormun/PublicTempStorage/fonasa2210848.pdf HTTP/1.1" 200 114688
200.86.10.241 - - [12/May/2017:08:42:51 -0300] "GET /cormun/PublicTempStorage/fonasa2210848.pdf HTTP/1.1" 206 32768
186.103.159.188 - - [12/May/2017:08:42:51 -0300] "GET /cormun/servlet/solicitudotadjuntos?DLT,2017,6405,CERTIF3,0, HTTP/1.1" 200 5791
200.86.10.241 - - [12/May/2017:08:42:51 -0300] "GET /cormun/PublicTempStorage/fonasa2210848.pdf HTTP/1.1" 206 149886
192.168.10.89 - - [12/May/2017:08:42:53 -0300] "GET /cormun/servlet/solicitudgral2?UPD,2017,6309, HTTP/1.1" 200 12471
200.86.10.241 - - [12/May/2017:08:42:54 -0300] "POST /cormun/servlet/solicitudotadjuntos?341cf68cf96c7667859ef84e7b6e66ba,DLT,2017,6405,CERTIF3,0,,gx-no-cache=1494589432919 HTTP/1.1" 200 93
200.86.10.241 - - [12/May/2017:08:42:54 -0300] "GET /cormun/servlet/hpexe_return? HTTP/1.1" 200 1031
200.86.10.241 - - [12/May/2017:08:42:54 -0300] "GET /cormun/servlet/trsolicitudadjuntos?2017,6405, HTTP/1.1" 200 8230
200.86.10.241 - - [12/May/2017:08:42:54 -0300] "GET /cormun/servlet/trsolicitudadjuntos?2017,6405, HTTP/1.1" 200 8228
192.168.10.89 - - [12/May/2017:08:42:55 -0300] "POST /cormun/servlet/solicitudgral2?gx-no-cache=1494592638730 HTTP/1.1" 200 3210
192.168.10.89 - - [12/May/2017:08:42:55 -0300] "GET /cormun/servlet/solicitudgral2?b3ba4cfb67082d08537d712e6657eae0f1059175d661c2ecc27450b4312baeb17200929e0398b7e7768fcb2790590ac247c81cf08bf9db237c2e1f8e0c0a032c852d3a854f1b7324f877ea1f781e6cefaf066944e5c082179d7d71880e5ce1dab51b7e38234607cd54c56c4679a4c71644f81f76e07eb3d179e1f5e8ea2d4b3a9a0170e1a8da72576f28ea03516fe2ffbabb263225fd95c799ccf117eb95dc43158adea9d9e301a746ce7400fbddbd8eb10945d4867772dfe23bc9a28b9201d330677bfe94bcd5464630f01842c6d5a62bdd158ae5069433a4b868f9b3ffcd7b10b8c5c5c6e90aa6e319238b3e182cfd5f61aba5d4d0947abf361c973283118d1f37aea08fe26d4ff8b6926d89c3e7f8c560618e98c2857270661d5808d33738660a016c85cb1698221b6222670b513f21d4608dfa83718a7e1de5277e5645719ba86afdeccacffdeb1353c9dc0b321e,gx-no-cache=1494592638928 HTTP/1.1" 200 257
192.168.10.89 - - [12/May/2017:08:42:55 -0300] "POST /cormun/servlet/solicitudgral2?gx-no-cache=1494592638957 HTTP/1.1" 200 1359
192.168.10.89 - - [12/May/2017:08:42:55 -0300] "GET /cormun/servlet/solicitudgral2?b3ba4cfb67082d08537d712e6657eae0d30ce97fcd4ea6b1226e880680f30f787db579721b8ebd2ace04a1a080a21a2247c81cf08bf9db237c2e1f8e0c0a032cf8d18457ab21a8d1dae7def0993180ecf37d4c7c08802c83d65032dcc9423e257fe3f94ce9c95bdafe6a0695bc047faa,gx-no-cache=1494592638998 HTTP/1.1" 200 40
192.168.10.89 - - [12/May/2017:08:42:56 -0300] "POST /cormun/servlet/solicitudgral2?dc0d285dbf8e7652a167c565c0c42a09,UPD,2017,6309,,gx-no-cache=1494592640477 HTTP/1.1" 200 10717
192.168.10.89 - - [12/May/2017:08:42:57 -0300] "GET /cormun/servlet/solicitudgral2?b3ba4cfb67082d08537d712e6657eae06093226f94587d3feec8dffb0eb6de10f470ab313b75180166049f2bc75b979c4e303b7e9f2f9729199611a91eac9b14c0d5acc972a44f7fbe969498e2fa92fa8977d81b916e836b69bee415892b397e344adce1700dbb7f60e2bfa24fd837d448c61a8f04c392c640145ac160e94db5799c87215da85eb18f97be29e6d2429217e0ba051dff08f16b5ca4ad545825fb27e81b60da22b3d49a14c5cf27ee978489277f99be5f56e745c4b1c59dfd7c625166420e3595213baf58638da1060616,gx-no-cache=1494592640728 HTTP/1.1" 200 29
192.168.10.89 - - [12/May/2017:08:42:57 -0300] "POST /cormun/servlet/solicitudgral2?gx-no-cache=1494592640749 HTTP/1.1" 200 1255
192.168.10.89 - - [12/May/2017:08:42:57 -0300] "POST /cormun/servlet/solicitudgral2?gx-no-cache=1494592640786 HTTP/1.1" 200 1159
200.86.10.241 - - [12/May/2017:08:42:57 -0300] "GET /cormun/servlet/solicitudotadjuntos?DLT,2017,6405,CERTIF4,0, HTTP/1.1" 200 5791
200.86.10.241 - - [12/May/2017:08:42:57 -0300] "GET /cormun/PublicTempStorage/afp337299.pdf HTTP/1.1" 200 57344
186.103.159.188 - - [12/May/2017:08:42:57 -0300] "GET /cormun/PublicTempStorage/afp337299.pdf HTTP/1.1" 206 32768
186.103.159.188 - - [12/May/2017:08:42:57 -0300] "GET /cormun/servlet/solicitudotadjuntos?DLT,2017,6405,CERTIF4,0, HTTP/1.1" 200 5785
186.103.159.188 - - [12/May/2017:08:42:57 -0300] "GET /cormun/PublicTempStorage/afp337299.pdf HTTP/1.1" 206 140349
192.168.10.89 - - [12/May/2017:08:43:00 -0300] "GET /cormun/servlet/solicitudgral2?b3ba4cfb67082d08537d712e6657eae077b7cf1fc5cf786c25a81c0a1425387dcf692a2aa64d63141f8194914a72b46f3c6c6e17a7c830cfabb0e06b0718512d9957705dcd69675048f5b8e73094d268a33824734bebed76a26650bf43ae8af07429c25c3a55a84c105db5a772135fb8998548957669a8acd6e614ee5c0d192c,gx-no-cache=1494592643823 HTTP/1.1" 200 30
186.103.159.188 - - [12/May/2017:08:43:01 -0300] "POST /cormun/servlet/solicitudotadjuntos?341cf68cf96c7667859ef84e7b6e66ba,DLT,2017,6405,CERTIF4,0,,gx-no-cache=1494589440360 HTTP/1.1" 200 93
186.103.159.188 - - [12/May/2017:08:43:01 -0300] "GET /cormun/servlet/hpexe_return? HTTP/1.1" 200 1031
186.103.159.188 - - [12/May/2017:08:43:01 -0300] "GET /cormun/servlet/trsolicitudadjuntos?2017,6405, HTTP/1.1" 200 8008
186.103.159.188 - - [12/May/2017:08:43:01 -0300] "GET /cormun/servlet/trsolicitudadjuntos?2017,6405, HTTP/1.1" 200 8004
192.168.10.89 - - [12/May/2017:08:43:03 -0300] "POST /cormun/servlet/solicitudgral2?dc0d285dbf8e7652a167c565c0c42a09,UPD,2017,6309,,gx-no-cache=1494592647236 HTTP/1.1" 200 93
192.168.10.89 - - [12/May/2017:08:43:03 -0300] "GET /cormun/servlet/hpexe_return? HTTP/1.1" 200 1038
186.103.159.188 - - [12/May/2017:08:43:04 -0300] "GET /cormun/servlet/solicitudotadjuntos?INS,2017,6405,,1, HTTP/1.1" 200 5818
192.168.10.89 - - [12/May/2017:08:43:04 -0300] "GET /cormun/servlet/trsolicitudgral?gx-no-cache=1494591739262 HTTP/1.1" 200 11466
186.103.159.188 - - [12/May/2017:08:43:04 -0300] "GET /cormun/static/about:blank HTTP/1.1" 404 1011
186.103.159.188 - - [12/May/2017:08:43:04 -0300] "GET /cormun/servlet/solicitudotadjuntos?INS,2017,6405,,1, HTTP/1.1" 200 5812
186.103.159.188 - - [12/May/2017:08:43:05 -0300] "GET /cormun/servlet/solicitudotadjuntos?faf653b05ddf1cc76e0f55b73e9b15ac48c2a413d14d7886e71603c69e7d9d0155169cf30cd3b050272859342057b667,gx-no-cache=1494589444104 HTTP/1.1" 200 30
186.103.159.188 - - [12/May/2017:08:43:05 -0300] "POST /cormun/servlet/solicitudotadjuntos?341cf68cf96c7667859ef84e7b6e66ba,INS,2017,6405,,1,,gx-no-cache=1494589444151 HTTP/1.1" 200 3676
192.168.10.89 - - [12/May/2017:08:43:07 -0300] "POST /cormun/servlet/trsolicitudgral?dc0d285dbf8e7652a167c565c0c42a09,gx-no-cache=1494591739262,gx-no-cache=1494592651053 HTTP/1.1" 200 7891
186.103.159.188 - - [12/May/2017:08:43:07 -0300] "POST /cormun/servlet/solicitudotadjuntos?gx-no-cache=1494589446881 HTTP/1.1" 200 26
192.168.10.89 - - [12/May/2017:08:43:07 -0300] "GET /cormun/static/Shared/jqueryui/images/ui-bg_highlight-soft_100_c6c2c8_1x100.png HTTP/1.1" 404 1117
192.168.10.89 - - [12/May/2017:08:43:07 -0300] "GET /cormun/static/Shared/jqueryui/images/ui-bg_flat_55_fafafa_40x100.png HTTP/1.1" 404 1097
192.168.10.89 - - [12/May/2017:08:43:07 -0300] "GET /cormun/static/Shared/jqueryui/images/ui-icons_8d78a5_256x240.png HTTP/1.1" 404 1089
192.168.10.89 - - [12/May/2017:08:43:07 -0300] "GET /cormun/static/Shared/jqueryui/images/ui-icons_82798d_256x240.png HTTP/1.1" 404 1089
186.103.159.188 - - [12/May/2017:08:43:11 -0300] "GET /cormun/servlet/solicitudotadjuntos?faf653b05ddf1cc76e0f55b73e9b15ac18c85aa74e296afce8517aecfd635e03,gx-no-cache=1494589450594 HTTP/1.1" 200 30
186.103.159.188 - - [12/May/2017:08:43:11 -0300] "GET /cormun/servlet/solicitudotadjuntos?faf653b05ddf1cc76e0f55b73e9b15ac18c85aa74e296afce8517aecfd635e03,gx-no-cache=1494589450640 HTTP/1.1" 200 30
192.168.10.89 - - [12/May/2017:08:43:11 -0300] "GET /cormun/servlet/solicitudgral2?UPD,2017,6310, HTTP/1.1" 200 12499
186.103.159.188 - - [12/May/2017:08:43:13 -0300] "POST /cormun/servlet/solicitudotadjuntos?341cf68cf96c7667859ef84e7b6e66ba,INS,2017,6405,,1, HTTP/1.1" 200 116
186.103.159.188 - - [12/May/2017:08:43:13 -0300] "GET /cormun/servlet/hpexe_return? HTTP/1.1" 200 1025
192.168.10.89 - - [12/May/2017:08:43:13 -0300] "POST /cormun/servlet/solicitudgral2?gx-no-cache=1494592656943 HTTP/1.1" 200 3221
186.103.159.188 - - [12/May/2017:08:43:13 -0300] "GET /cormun/servlet/trsolicitudadjuntos?2017,6405, HTTP/1.1" 200 8235
192.168.10.89 - - [12/May/2017:08:43:13 -0300] "GET /cormun/servlet/solicitudgral2?b3ba4cfb67082d08537d712e6657eae0f1059175d661c2ecc27450b4312baeb17200929e0398b7e7768fcb2790590ac247c81cf08bf9db237c2e1f8e0c0a032c852d3a854f1b7324f877ea1f781e6cefaf066944e5c082179d7d71880e5ce1dab51b7e38234607cd54c56c4679a4c71644f81f76e07eb3d179e1f5e8ea2d4b3a9a0170e1a8da72576f28ea03516fe2ffbabb263225fd95c799ccf117eb95dc43158adea9d9e301a746ce7400fbddbd8eb10945d4867772dfe23bc9a28b9201d330677bfe94bcd5464630f01842c6d5a62bdd158ae5069433a4b868f9b3ffcd7b10b8c5c5c6e90aa6e319238b3e182cfd5f61aba5d4d0947abf361c973283118d1f37aea08fe26d4ff8b6926d89c3e7f8c560618e98c2857270661d5808d33738660a016c85cb1698221b6222670b513f21d4608dfa83718a7e1de5277e5645719ba86afdeccacffdeb1353c9dc0b321e,gx-no-cache=1494592657172 HTTP/1.1" 200 257
192.168.10.89 - - [12/May/2017:08:43:13 -0300] "POST /cormun/servlet/solicitudgral2?gx-no-cache=1494592657200 HTTP/1.1" 200 1359
192.168.10.89 - - [12/May/2017:08:43:13 -0300] "GET /cormun/servlet/solicitudgral2?b3ba4cfb67082d08537d712e6657eae0d30ce97fcd4ea6b1226e880680f30f787db579721b8ebd2ace04a1a080a21a2247c81cf08bf9db237c2e1f8e0c0a032cf8d18457ab21a8d1dae7def0993180ecf37d4c7c08802c83d65032dcc9423e2585ad122a8bff28e01324ba28f3225442,gx-no-cache=1494592657242 HTTP/1.1" 200 41
186.103.159.188 - - [12/May/2017:08:43:14 -0300] "GET /cormun/servlet/trsolicitudadjuntos?2017,6405, HTTP/1.1" 200 8234
192.168.10.89 - - [12/May/2017:08:43:15 -0300] "POST /cormun/servlet/solicitudgral2?dc0d285dbf8e7652a167c565c0c42a09,UPD,2017,6310,,gx-no-cache=1494592659370 HTTP/1.1" 200 10731
192.168.10.89 - - [12/May/2017:08:43:16 -0300] "GET /cormun/servlet/solicitudgral2?b3ba4cfb67082d08537d712e6657eae06093226f94587d3feec8dffb0eb6de10f470ab313b75180166049f2bc75b979c4e303b7e9f2f9729199611a91eac9b14c0d5acc972a44f7fbe969498e2fa92fa8977d81b916e836b69bee415892b397e344adce1700dbb7f60e2bfa24fd837d448c61a8f04c392c640145ac160e94db5799c87215da85eb18f97be29e6d2429217e0ba051dff08f16b5ca4ad545825fb27e81b60da22b3d49a14c5cf27ee978489277f99be5f56e745c4b1c59dfd7c625166420e3595213baf58638da1060616,gx-no-cache=1494592659987 HTTP/1.1" 200 29
192.168.10.89 - - [12/May/2017:08:43:16 -0300] "POST /cormun/servlet/solicitudgral2?gx-no-cache=1494592660012 HTTP/1.1" 200 1255
192.168.10.89 - - [12/May/2017:08:43:16 -0300] "POST /cormun/servlet/solicitudgral2?gx-no-cache=1494592660045 HTTP/1.1" 200 1159
186.103.159.188 - - [12/May/2017:08:43:16 -0300] "GET /cormun/servlet/solicitudotadjuntos?INS,2017,6405,,1, HTTP/1.1" 200 5818
186.103.159.188 - - [12/May/2017:08:43:17 -0300] "GET /cormun/static/about:blank HTTP/1.1" 404 1011
186.103.159.188 - - [12/May/2017:08:43:17 -0300] "GET /cormun/servlet/solicitudotadjuntos?INS,2017,6405,,1, HTTP/1.1" 200 5812
186.103.159.188 - - [12/May/2017:08:43:17 -0300] "GET /cormun/servlet/solicitudotadjuntos?faf653b05ddf1cc76e0f55b73e9b15ac48c2a413d14d7886e71603c69e7d9d0155169cf30cd3b050272859342057b667,gx-no-cache=1494589456709 HTTP/1.1" 200 30
186.103.159.188 - - [12/May/2017:08:43:17 -0300] "POST /cormun/servlet/solicitudotadjuntos?341cf68cf96c7667859ef84e7b6e66ba,INS,2017,6405,,1,,gx-no-cache=1494589456740 HTTP/1.1" 200 3676
192.168.10.89 - - [12/May/2017:08:43:18 -0300] "GET /cormun/servlet/solicitudgral2?b3ba4cfb67082d08537d712e6657eae077b7cf1fc5cf786c25a81c0a1425387dcf692a2aa64d63141f8194914a72b46f3c6c6e17a7c830cfabb0e06b0718512d9957705dcd69675048f5b8e73094d268a33824734bebed76a26650bf43ae8af07429c25c3a55a84c105db5a772135fb8998548957669a8acd6e614ee5c0d192c,gx-no-cache=1494592661800 HTTP/1.1" 200 30
186.103.159.188 - - [12/May/2017:08:43:20 -0300] "POST /cormun/servlet/solicitudotadjuntos?gx-no-cache=1494589459517 HTTP/1.1" 200 26
192.168.10.89 - - [12/May/2017:08:43:22 -0300] "POST /cormun/servlet/solicitudgral2?dc0d285dbf8e7652a167c565c0c42a09,UPD,2017,6310,,gx-no-cache=1494592665736 HTTP/1.1" 200 93
192.168.10.89 - - [12/May/2017:08:43:22 -0300] "GET /cormun/servlet/hpexe_return? HTTP/1.1" 200 1038
192.168.10.89 - - [12/May/2017:08:43:22 -0300] "GET /cormun/servlet/trsolicitudgral?gx-no-cache=1494591739262 HTTP/1.1" 200 11131
192.168.10.89 - - [12/May/2017:08:43:29 -0300] "POST /cormun/servlet/trsolicitudgral?dc0d285dbf8e7652a167c565c0c42a09,gx-no-cache=1494591739262,gx-no-cache=1494592672812 HTTP/1.1" 200 7551
192.168.10.89 - - [12/May/2017:08:43:29 -0300] "GET /cormun/static/Shared/jqueryui/images/ui-icons_8d78a5_256x240.png HTTP/1.1" 404 1089
192.168.10.89 - - [12/May/2017:08:43:29 -0300] "GET /cormun/static/Shared/jqueryui/images/ui-icons_82798d_256x240.png HTTP/1.1" 404 1089
192.168.10.89 - - [12/May/2017:08:43:29 -0300] "GET /cormun/static/Shared/jqueryui/images/ui-bg_highlight-soft_100_c6c2c8_1x100.png HTTP/1.1" 404 1117
192.168.10.89 - - [12/May/2017:08:43:29 -0300] "GET /cormun/static/Shared/jqueryui/images/ui-bg_flat_55_fafafa_40x100.png HTTP/1.1" 404 1097
186.103.159.188 - - [12/May/2017:08:43:30 -0300] "GET /cormun/servlet/solicitudotadjuntos?faf653b05ddf1cc76e0f55b73e9b15ac18c85aa74e296afce8517aecfd635e03,gx-no-cache=1494589469953 HTTP/1.1" 200 30
186.103.159.188 - - [12/May/2017:08:43:30 -0300] "GET /cormun/servlet/solicitudotadjuntos?faf653b05ddf1cc76e0f55b73e9b15ac18c85aa74e296afce8517aecfd635e03,gx-no-cache=1494589470016 HTTP/1.1" 200 30
186.103.159.188 - - [12/May/2017:08:43:31 -0300] "POST /cormun/servlet/solicitudotadjuntos?341cf68cf96c7667859ef84e7b6e66ba,INS,2017,6405,,1, HTTP/1.1" 200 116
186.103.159.188 - - [12/May/2017:08:43:32 -0300] "GET /cormun/servlet/hpexe_return? HTTP/1.1" 200 1025
186.103.159.188 - - [12/May/2017:08:43:32 -0300] "GET /cormun/servlet/trsolicitudadjuntos?2017,6405, HTTP/1.1" 200 8389
186.103.159.188 - - [12/May/2017:08:43:32 -0300] "GET /cormun/servlet/trsolicitudadjuntos?2017,6405, HTTP/1.1" 200 8385
186.103.159.188 - - [12/May/2017:08:43:35 -0300] "GET /cormun/servlet/solicitudotadjuntos?INS,2017,6405,,1, HTTP/1.1" 200 5818
186.103.159.188 - - [12/May/2017:08:43:35 -0300] "GET /cormun/static/about:blank HTTP/1.1" 404 1011
186.103.159.188 - - [12/May/2017:08:43:35 -0300] "GET /cormun/servlet/solicitudotadjuntos?INS,2017,6405,,1, HTTP/1.1" 200 5812
192.168.10.89 - - [12/May/2017:08:43:35 -0300] "GET /cormun/servlet/solicitudgral2?UPD,2017,6311, HTTP/1.1" 200 12470
186.103.159.188 - - [12/May/2017:08:43:35 -0300] "GET /cormun/servlet/solicitudotadjuntos?faf653b05ddf1cc76e0f55b73e9b15ac48c2a413d14d7886e71603c69e7d9d0155169cf30cd3b050272859342057b667,gx-no-cache=1494589474789 HTTP/1.1" 200 30
186.103.159.188 - - [12/May/2017:08:43:35 -0300] "POST /cormun/servlet/solicitudotadjuntos?341cf68cf96c7667859ef84e7b6e66ba,INS,2017,6405,,1,,gx-no-cache=1494589474852 HTTP/1.1" 200 3676
192.168.10.89 - - [12/May/2017:08:43:37 -0300] "POST /cormun/servlet/solicitudgral2?gx-no-cache=1494592680926 HTTP/1.1" 200 3207
192.168.10.89 - - [12/May/2017:08:43:37 -0300] "GET /cormun/servlet/solicitudgral2?b3ba4cfb67082d08537d712e6657eae0f1059175d661c2ecc27450b4312baeb17200929e0398b7e7768fcb2790590ac247c81cf08bf9db237c2e1f8e0c0a032c852d3a854f1b7324f877ea1f781e6cefaf066944e5c082179d7d71880e5ce1dab51b7e38234607cd54c56c4679a4c71644f81f76e07eb3d179e1f5e8ea2d4b3a9a0170e1a8da72576f28ea03516fe2ffbabb263225fd95c799ccf117eb95dc43158adea9d9e301a746ce7400fbddbd8eb10945d4867772dfe23bc9a28b9201d330677bfe94bcd5464630f01842c6d5a62bdd158ae5069433a4b868f9b3ffcd7b10b8c5c5c6e90aa6e319238b3e182cfd5f61aba5d4d0947abf361c973283118d1f37aea08fe26d4ff8b6926d89c3e7f8c560618e98c2857270661d5808d33738660a016c85cb1698221b6222670b513f21d4608dfa83718a7e1de5277e5645719ba86afdeccacffdeb1353c9dc0b321e,gx-no-cache=1494592681130 HTTP/1.1" 200 257
192.168.10.89 - - [12/May/2017:08:43:37 -0300] "POST /cormun/servlet/solicitudgral2?gx-no-cache=1494592681158 HTTP/1.1" 200 1360
192.168.10.89 - - [12/May/2017:08:43:37 -0300] "GET /cormun/servlet/solicitudgral2?b3ba4cfb67082d08537d712e6657eae0d30ce97fcd4ea6b1226e880680f30f787db579721b8ebd2ace04a1a080a21a2247c81cf08bf9db237c2e1f8e0c0a032cf8d18457ab21a8d1dae7def0993180ecf37d4c7c08802c83d65032dcc9423e2585ad122a8bff28e01324ba28f3225442,gx-no-cache=1494592681200 HTTP/1.1" 200 41
192.168.10.89 - - [12/May/2017:08:43:38 -0300] "POST /cormun/servlet/solicitudgral2?dc0d285dbf8e7652a167c565c0c42a09,UPD,2017,6311,,gx-no-cache=1494592682034 HTTP/1.1" 200 10719
192.168.10.89 - - [12/May/2017:08:43:38 -0300] "GET /cormun/servlet/solicitudgral2?b3ba4cfb67082d08537d712e6657eae06093226f94587d3feec8dffb0eb6de10f470ab313b75180166049f2bc75b979c4e303b7e9f2f9729199611a91eac9b14c0d5acc972a44f7fbe969498e2fa92fa8977d81b916e836b69bee415892b397e344adce1700dbb7f60e2bfa24fd837d448c61a8f04c392c640145ac160e94db5799c87215da85eb18f97be29e6d2429217e0ba051dff08f16b5ca4ad545825fb27e81b60da22b3d49a14c5cf27ee978489277f99be5f56e745c4b1c59dfd7c625166420e3595213baf58638da1060616,gx-no-cache=1494592682397 HTTP/1.1" 200 29
192.168.10.89 - - [12/May/2017:08:43:38 -0300] "POST /cormun/servlet/solicitudgral2?gx-no-cache=1494592682422 HTTP/1.1" 200 1255
192.168.10.89 - - [12/May/2017:08:43:38 -0300] "POST /cormun/servlet/solicitudgral2?gx-no-cache=1494592682461 HTTP/1.1" 200 1159
192.168.10.89 - - [12/May/2017:08:43:40 -0300] "GET /cormun/servlet/solicitudgral2?b3ba4cfb67082d08537d712e6657eae077b7cf1fc5cf786c25a81c0a1425387dcf692a2aa64d63141f8194914a72b46f3c6c6e17a7c830cfabb0e06b0718512d9957705dcd69675048f5b8e73094d268a33824734bebed76a26650bf43ae8af07429c25c3a55a84c105db5a772135fb8998548957669a8acd6e614ee5c0d192c,gx-no-cache=1494592684329 HTTP/1.1" 200 30
186.103.159.188 - - [12/May/2017:08:43:41 -0300] "POST /cormun/servlet/solicitudotadjuntos?gx-no-cache=1494589480249 HTTP/1.1" 200 26
192.168.10.89 - - [12/May/2017:08:43:44 -0300] "POST /cormun/servlet/solicitudgral2?dc0d285dbf8e7652a167c565c0c42a09,UPD,2017,6311,,gx-no-cache=1494592688175 HTTP/1.1" 200 93
192.168.10.89 - - [12/May/2017:08:43:44 -0300] "GET /cormun/servlet/hpexe_return? HTTP/1.1" 200 1037
192.168.10.89 - - [12/May/2017:08:43:45 -0300] "GET /cormun/servlet/trsolicitudgral?gx-no-cache=1494591739262 HTTP/1.1" 200 10794
186.103.159.188 - - [12/May/2017:08:43:46 -0300] "GET /cormun/servlet/solicitudotadjuntos?faf653b05ddf1cc76e0f55b73e9b15ac18c85aa74e296afce8517aecfd635e03,gx-no-cache=1494589485772 HTTP/1.1" 200 30
186.103.159.188 - - [12/May/2017:08:43:46 -0300] "GET /cormun/servlet/solicitudotadjuntos?faf653b05ddf1cc76e0f55b73e9b15ac18c85aa74e296afce8517aecfd635e03,gx-no-cache=1494589485803 HTTP/1.1" 200 30
186.103.159.188 - - [12/May/2017:08:43:47 -0300] "POST /cormun/servlet/solicitudotadjuntos?341cf68cf96c7667859ef84e7b6e66ba,INS,2017,6405,,1, HTTP/1.1" 200 116
186.103.159.188 - - [12/May/2017:08:43:47 -0300] "GET /cormun/servlet/hpexe_return? HTTP/1.1" 200 1025
186.103.159.188 - - [12/May/2017:08:43:47 -0300] "GET /cormun/servlet/trsolicitudadjuntos?2017,6405, HTTP/1.1" 200 8530
186.103.159.188 - - [12/May/2017:08:43:48 -0300] "GET /cormun/servlet/trsolicitudadjuntos?2017,6405, HTTP/1.1" 200 8525
192.168.10.89 - - [12/May/2017:08:43:49 -0300] "POST /cormun/servlet/trsolicitudgral?dc0d285dbf8e7652a167c565c0c42a09,gx-no-cache=1494591739262,gx-no-cache=1494592692817 HTTP/1.1" 200 7204
192.168.10.89 - - [12/May/2017:08:43:49 -0300] "GET /cormun/static/Shared/jqueryui/images/ui-bg_flat_55_fafafa_40x100.png HTTP/1.1" 404 1097
192.168.10.89 - - [12/May/2017:08:43:49 -0300] "GET /cormun/static/Shared/jqueryui/images/ui-icons_82798d_256x240.png HTTP/1.1" 404 1089
192.168.10.89 - - [12/May/2017:08:43:49 -0300] "GET /cormun/static/Shared/jqueryui/images/ui-bg_highlight-soft_100_c6c2c8_1x100.png HTTP/1.1" 404 1117
192.168.10.89 - - [12/May/2017:08:43:49 -0300] "GET /cormun/static/Shared/jqueryui/images/ui-icons_8d78a5_256x240.png HTTP/1.1" 404 1089
186.103.159.188 - - [12/May/2017:08:43:50 -0300] "GET /cormun/servlet/solicitudotadjuntos?INS,2017,6405,,1, HTTP/1.1" 200 5818
186.103.159.188 - - [12/May/2017:08:43:50 -0300] "GET /cormun/static/about:blank HTTP/1.1" 404 1011
186.103.159.188 - - [12/May/2017:08:43:50 -0300] "GET /cormun/servlet/solicitudotadjuntos?INS,2017,6405,,1, HTTP/1.1" 200 5812
186.103.159.188 - - [12/May/2017:08:43:51 -0300] "GET /cormun/servlet/solicitudotadjuntos?faf653b05ddf1cc76e0f55b73e9b15ac48c2a413d14d7886e71603c69e7d9d0155169cf30cd3b050272859342057b667,gx-no-cache=1494589490461 HTTP/1.1" 200 30
186.103.159.188 - - [12/May/2017:08:43:51 -0300] "POST /cormun/servlet/solicitudotadjuntos?341cf68cf96c7667859ef84e7b6e66ba,INS,2017,6405,,1,,gx-no-cache=1494589490507 HTTP/1.1" 200 3677
192.168.10.89 - - [12/May/2017:08:43:52 -0300] "GET /cormun/servlet/solicitudgral2?UPD,2017,6315, HTTP/1.1" 200 12429
192.168.10.89 - - [12/May/2017:08:43:53 -0300] "POST /cormun/servlet/solicitudgral2?gx-no-cache=1494592697265 HTTP/1.1" 200 3203
192.168.10.89 - - [12/May/2017:08:43:53 -0300] "GET /cormun/servlet/solicitudgral2?b3ba4cfb67082d08537d712e6657eae0f1059175d661c2ecc27450b4312baeb17200929e0398b7e7768fcb2790590ac247c81cf08bf9db237c2e1f8e0c0a032c852d3a854f1b7324f877ea1f781e6cefaf066944e5c082179d7d71880e5ce1dab51b7e38234607cd54c56c4679a4c71644f81f76e07eb3d179e1f5e8ea2d4b3a9a0170e1a8da72576f28ea03516fe2ffbabb263225fd95c799ccf117eb95dc43158adea9d9e301a746ce7400fbddbd8eb10945d4867772dfe23bc9a28b9201d330677bfe94bcd5464630f01842c6d5a62bdd158ae5069433a4b868f9b3ffcd7b10b8c5c5c6e90aa6e319238b3e182cfd5f61aba5d4d0947abf361c973283118d1f37aea08fe26d4ff8b6926d89c3e7f8c560618e98c2857270661d5808d33738660a016c85cb1698221b6222670b513f21d4608dfa83718a7e1de5277e5645719ba86afdeccacffdeb1353c9dc0b321e,gx-no-cache=1494592697468 HTTP/1.1" 200 257
192.168.10.89 - - [12/May/2017:08:43:53 -0300] "POST /cormun/servlet/solicitudgral2?gx-no-cache=1494592697497 HTTP/1.1" 200 1360
192.168.10.89 - - [12/May/2017:08:43:53 -0300] "GET /cormun/servlet/solicitudgral2?b3ba4cfb67082d08537d712e6657eae0d30ce97fcd4ea6b1226e880680f30f787db579721b8ebd2ace04a1a080a21a2247c81cf08bf9db237c2e1f8e0c0a032cf8d18457ab21a8d1dae7def0993180ecf37d4c7c08802c83d65032dcc9423e2585ad122a8bff28e01324ba28f3225442,gx-no-cache=1494592697539 HTTP/1.1" 200 41
192.168.10.89 - - [12/May/2017:08:43:54 -0300] "POST /cormun/servlet/solicitudgral2?dc0d285dbf8e7652a167c565c0c42a09,UPD,2017,6315,,gx-no-cache=1494592698142 HTTP/1.1" 200 10686
192.168.10.89 - - [12/May/2017:08:43:55 -0300] "GET /cormun/servlet/solicitudgral2?b3ba4cfb67082d08537d712e6657eae06093226f94587d3feec8dffb0eb6de10f470ab313b75180166049f2bc75b979c4e303b7e9f2f9729199611a91eac9b14c0d5acc972a44f7fbe969498e2fa92fa8977d81b916e836b69bee415892b397e344adce1700dbb7f60e2bfa24fd837d448c61a8f04c392c640145ac160e94db5799c87215da85eb18f97be29e6d2429217e0ba051dff08f16b5ca4ad545825fb27e81b60da22b3d49a14c5cf27ee978489277f99be5f56e745c4b1c59dfd7c625166420e3595213baf58638da1060616,gx-no-cache=1494592698766 HTTP/1.1" 200 29
192.168.10.89 - - [12/May/2017:08:43:55 -0300] "POST /cormun/servlet/solicitudgral2?gx-no-cache=1494592698790 HTTP/1.1" 200 1256
192.168.10.89 - - [12/May/2017:08:43:55 -0300] "POST /cormun/servlet/solicitudgral2?gx-no-cache=1494592698829 HTTP/1.1" 200 1159
186.103.159.188 - - [12/May/2017:08:43:55 -0300] "POST /cormun/servlet/solicitudotadjuntos?gx-no-cache=1494589494673 HTTP/1.1" 200 26
192.168.10.89 - - [12/May/2017:08:43:56 -0300] "GET /cormun/servlet/solicitudgral2?b3ba4cfb67082d08537d712e6657eae077b7cf1fc5cf786c25a81c0a1425387dcf692a2aa64d63141f8194914a72b46f3c6c6e17a7c830cfabb0e06b0718512d9957705dcd69675048f5b8e73094d268a33824734bebed76a26650bf43ae8af07429c25c3a55a84c105db5a772135fb8998548957669a8acd6e614ee5c0d192c,gx-no-cache=1494592700310 HTTP/1.1" 200 30
192.168.10.89 - - [12/May/2017:08:43:59 -0300] "POST /cormun/servlet/solicitudgral2?dc0d285dbf8e7652a167c565c0c42a09,UPD,2017,6315,,gx-no-cache=1494592703121 HTTP/1.1" 200 93
192.168.10.89 - - [12/May/2017:08:43:59 -0300] "GET /cormun/servlet/hpexe_return? HTTP/1.1" 200 1037
192.168.10.89 - - [12/May/2017:08:44:00 -0300] "GET /cormun/servlet/trsolicitudgral?gx-no-cache=1494591739262 HTTP/1.1" 200 10457
186.103.159.188 - - [12/May/2017:08:44:00 -0300] "GET /cormun/servlet/solicitudotadjuntos?faf653b05ddf1cc76e0f55b73e9b15ac18c85aa74e296afce8517aecfd635e03,gx-no-cache=1494589499836 HTTP/1.1" 200 30
186.103.159.188 - - [12/May/2017:08:44:00 -0300] "GET /cormun/servlet/solicitudotadjuntos?faf653b05ddf1cc76e0f55b73e9b15ac18c85aa74e296afce8517aecfd635e03,gx-no-cache=1494589499883 HTTP/1.1" 200 30
192.168.10.89 - - [12/May/2017:08:44:04 -0300] "POST /cormun/servlet/trsolicitudgral?dc0d285dbf8e7652a167c565c0c42a09,gx-no-cache=1494591739262,gx-no-cache=1494592708209 HTTP/1.1" 200 6786
192.168.10.89 - - [12/May/2017:08:44:04 -0300] "GET /cormun/static/Shared/jqueryui/images/ui-icons_8d78a5_256x240.png HTTP/1.1" 404 1089
192.168.10.89 - - [12/May/2017:08:44:04 -0300] "GET /cormun/static/Shared/jqueryui/images/ui-bg_flat_55_fafafa_40x100.png HTTP/1.1" 404 1097
192.168.10.89 - - [12/May/2017:08:44:04 -0300] "GET /cormun/static/Shared/jqueryui/images/ui-bg_highlight-soft_100_c6c2c8_1x100.png HTTP/1.1" 404 1117
192.168.10.89 - - [12/May/2017:08:44:04 -0300] "GET /cormun/static/Shared/jqueryui/images/ui-icons_82798d_256x240.png HTTP/1.1" 404 1089
192.168.10.89 - - [12/May/2017:08:44:07 -0300] "GET /cormun/servlet/solicitudgral?UPD,2017,6397, HTTP/1.1" 200 12260
186.103.159.188 - - [12/May/2017:08:44:08 -0300] "POST /cormun/servlet/solicitudotadjuntos?341cf68cf96c7667859ef84e7b6e66ba,INS,2017,6405,,1, HTTP/1.1" 200 116
186.103.159.188 - - [12/May/2017:08:44:08 -0300] "GET /cormun/servlet/hpexe_return? HTTP/1.1" 200 1025
186.103.159.188 - - [12/May/2017:08:44:08 -0300] "GET /cormun/servlet/trsolicitudadjuntos?2017,6405, HTTP/1.1" 200 8690
192.168.10.89 - - [12/May/2017:08:44:08 -0300] "POST /cormun/servlet/solicitudgral?gx-no-cache=1494592712287 HTTP/1.1" 200 3158
192.168.10.89 - - [12/May/2017:08:44:08 -0300] "GET /cormun/servlet/solicitudgral?b3ba4cfb67082d08537d712e6657eae0f1059175d661c2ecc27450b4312baeb17200929e0398b7e7768fcb2790590ac247c81cf08bf9db237c2e1f8e0c0a032c852d3a854f1b7324f877ea1f781e6cefaf066944e5c082179d7d71880e5ce1dab51b7e38234607cd54c56c4679a4c71644f81f76e07eb3d179e1f5e8ea2d4b3a9a0170e1a8da72576f28ea03516fe2ffbabb263225fd95c799ccf117eb95dc43158adea9d9e301a746ce7400fbddbd8eb10945d4867772dfe23bc9a28b9201d330677bfe94bcd5464630f01842c6d5a62bdd158ae5069433a4b868f9b3ffcd7b10b8c5c5c6e90aa6e319238b3e182cfd5f61aba5d4d0947abf361c973283118d1f37aea08fe26d4ff8b6926d89c3e7f8c560618e98c2857270661d5808d33738660a016c85cb1698221b6222670b513f21d4608dfa83718a7e1de5277e5645719ba86afdeccacffdeb1353c9dc0b321e,gx-no-cache=1494592712551 HTTP/1.1" 200 257
186.103.159.188 - - [12/May/2017:08:44:08 -0300] "GET /cormun/servlet/trsolicitudadjuntos?2017,6405, HTTP/1.1" 200 8688
192.168.10.89 - - [12/May/2017:08:44:09 -0300] "GET /cormun/servlet/solicitudgral?b3ba4cfb67082d08537d712e6657eae0fffcb521b9f75fe546733ba652efed92504bbd839656700e3db1cb2be277246dec109ce7f84c137d95514dac69af3f2f94609b0575fb5d651d32c61dc31019fe4e09b289bb7f8a753130952e4d31b4af4311fe106c99116737dc32a49ea0c86f4fc5ef63dc4b0c9b82a32c322aefc927d615bef29127f4edf888812415015a1de7a825970cb7bac7ea3fc70826dd6bc3518a625b070ada0af542ef6e510468d7e1c7737f20226749dcd90f1d42ae8c954a29ba2d6c35b2779ee500a0f26cd88109925087e4699c048279edc960ab1c5d8c7d63432936cf022c9ae623dbb4d8a65b3633214b2c10a4d3fd3a5ce97ad0dad3a2d359435a43ffd4611d673ffde0304108c4395da8a4d8ed4a1bce0297272aa05fb21737fb82845d7be81a1ed2047612c1066e4d9a2b5e25f275fd62841848ef65e6b9e7f01cf0fcbaf8ccc2217288aeb48842a50d1ef0e595249a01b4edc45f21ae7bb59816d019c48e97b76da4dbc836724a671f6f7ff45cc615fce6bb57b90170629a6e99d85c9994f07e9194eb60d1fbe89c94f226ef7d694e235404d2acaa79aaee6970b8dba6f7ed58ecbc66a4e6442d8ab98a6694697ec33ffca1e7519fd0a1d48572b7d6757963699e8a37f587ff4a4d133f76573fef8b89a33a99d0edb541d970ee0274fa03d2f9c9693175cd34551308884e82ad7b774964f3277c305d6fb08101092b666359647be1c830ba0e407c86867fa58269ad9ffcb3e695eb2c8a79ebbeb4a98094f542abbc23,gx-no-cache=1494592712911 HTTP/1.1" 200 48
192.168.10.89 - - [12/May/2017:08:44:09 -0300] "POST /cormun/servlet/solicitudgral?dc0d285dbf8e7652a167c565c0c42a09,UPD,2017,6397,,gx-no-cache=1494592713346 HTTP/1.1" 200 10649
192.168.10.89 - - [12/May/2017:08:44:10 -0300] "GET /cormun/servlet/solicitudgral?b3ba4cfb67082d08537d712e6657eae069caa97ce511f72a8cb1d3b6e922dc8df470ab313b75180166049f2bc75b979c0f9ada7ef02b8ad72c54f93b02973916c0d5acc972a44f7fbe969498e2fa92fa8977d81b916e836b69bee415892b397e344adce1700dbb7f60e2bfa24fd837d448c61a8f04c392c640145ac160e94db5799c87215da85eb18f97be29e6d2429217e0ba051dff08f16b5ca4ad545825fb27e81b60da22b3d49a14c5cf27ee978489277f99be5f56e745c4b1c59dfd7c625166420e3595213baf58638da1060616,gx-no-cache=1494592713948 HTTP/1.1" 200 29
192.168.10.89 - - [12/May/2017:08:44:10 -0300] "POST /cormun/servlet/solicitudgral?gx-no-cache=1494592713978 HTTP/1.1" 200 1255
192.168.10.89 - - [12/May/2017:08:44:10 -0300] "POST /cormun/servlet/solicitudgral?gx-no-cache=1494592714017 HTTP/1.1" 200 1158
186.103.159.188 - - [12/May/2017:08:44:11 -0300] "GET /cormun/servlet/solicitudotadjuntos?INS,2017,6405,,1, HTTP/1.1" 200 5818
186.103.159.188 - - [12/May/2017:08:44:12 -0300] "GET /cormun/static/about:blank HTTP/1.1" 404 1011
186.103.159.188 - - [12/May/2017:08:44:12 -0300] "GET /cormun/servlet/solicitudotadjuntos?INS,2017,6405,,1, HTTP/1.1" 200 5812
186.103.159.188 - - [12/May/2017:08:44:12 -0300] "GET /cormun/servlet/solicitudotadjuntos?faf653b05ddf1cc76e0f55b73e9b15ac48c2a413d14d7886e71603c69e7d9d0155169cf30cd3b050272859342057b667,gx-no-cache=1494589511708 HTTP/1.1" 200 30
186.103.159.188 - - [12/May/2017:08:44:12 -0300] "POST /cormun/servlet/solicitudotadjuntos?341cf68cf96c7667859ef84e7b6e66ba,INS,2017,6405,,1,,gx-no-cache=1494589511755 HTTP/1.1" 200 3677
192.168.10.89 - - [12/May/2017:08:44:16 -0300] "POST /cormun/servlet/solicitudgral?dc0d285dbf8e7652a167c565c0c42a09,UPD,2017,6397,,gx-no-cache=1494592719725 HTTP/1.1" 200 93
192.168.10.89 - - [12/May/2017:08:44:16 -0300] "GET /cormun/servlet/hpexe_return? HTTP/1.1" 200 1035
192.168.10.89 - - [12/May/2017:08:44:16 -0300] "GET /cormun/servlet/trsolicitudgral?gx-no-cache=1494591739262 HTTP/1.1" 200 10047
186.103.159.188 - - [12/May/2017:08:44:17 -0300] "POST /cormun/servlet/solicitudotadjuntos?gx-no-cache=1494589516528 HTTP/1.1" 200 26
192.168.10.89 - - [12/May/2017:08:44:20 -0300] "POST /cormun/servlet/trsolicitudgral?dc0d285dbf8e7652a167c565c0c42a09,gx-no-cache=1494591739262,gx-no-cache=1494592723642 HTTP/1.1" 200 5673
192.168.10.89 - - [12/May/2017:08:44:20 -0300] "GET /cormun/static/Shared/jqueryui/images/ui-icons_8d78a5_256x240.png HTTP/1.1" 404 1089
192.168.10.89 - - [12/May/2017:08:44:20 -0300] "GET /cormun/static/Shared/jqueryui/images/ui-bg_highlight-soft_100_c6c2c8_1x100.png HTTP/1.1" 404 1117
192.168.10.89 - - [12/May/2017:08:44:20 -0300] "GET /cormun/static/Shared/jqueryui/images/ui-bg_flat_55_fafafa_40x100.png HTTP/1.1" 404 1097
192.168.10.89 - - [12/May/2017:08:44:20 -0300] "GET /cormun/static/Shared/jqueryui/images/ui-icons_82798d_256x240.png HTTP/1.1" 404 1089
186.103.159.188 - - [12/May/2017:08:44:22 -0300] "GET /cormun/servlet/solicitudotadjuntos?faf653b05ddf1cc76e0f55b73e9b15ac18c85aa74e296afce8517aecfd635e03,gx-no-cache=1494589521208 HTTP/1.1" 200 30
186.103.159.188 - - [12/May/2017:08:44:22 -0300] "GET /cormun/servlet/solicitudotadjuntos?faf653b05ddf1cc76e0f55b73e9b15ac18c85aa74e296afce8517aecfd635e03,gx-no-cache=1494589521224 HTTP/1.1" 200 30
186.103.159.188 - - [12/May/2017:08:44:22 -0300] "POST /cormun/servlet/solicitudotadjuntos?341cf68cf96c7667859ef84e7b6e66ba,INS,2017,6405,,1, HTTP/1.1" 200 116
186.103.159.188 - - [12/May/2017:08:44:22 -0300] "GET /cormun/servlet/hpexe_return? HTTP/1.1" 200 1025
186.103.159.188 - - [12/May/2017:08:44:23 -0300] "GET /cormun/servlet/trsolicitudadjuntos?2017,6405, HTTP/1.1" 200 8926
186.103.159.188 - - [12/May/2017:08:44:23 -0300] "GET /cormun/servlet/trsolicitudadjuntos?2017,6405, HTTP/1.1" 200 8923
192.168.10.89 - - [12/May/2017:08:44:28 -0300] "POST /cormun/servlet/trsolicitudgral?dc0d285dbf8e7652a167c565c0c42a09,gx-no-cache=1494591739262,gx-no-cache=1494592732042 HTTP/1.1" 200 9037
186.103.159.188 - - [12/May/2017:08:44:33 -0300] "GET /cormun/servlet/solicitudotadjuntos?INS,2017,6405,,1, HTTP/1.1" 200 5818
186.103.159.188 - - [12/May/2017:08:44:33 -0300] "GET /cormun/static/about:blank HTTP/1.1" 404 1011
186.103.159.188 - - [12/May/2017:08:44:33 -0300] "GET /cormun/servlet/solicitudotadjuntos?INS,2017,6405,,1, HTTP/1.1" 200 5812
186.103.159.188 - - [12/May/2017:08:44:34 -0300] "GET /cormun/servlet/solicitudotadjuntos?faf653b05ddf1cc76e0f55b73e9b15ac48c2a413d14d7886e71603c69e7d9d0155169cf30cd3b050272859342057b667,gx-no-cache=1494589533376 HTTP/1.1" 200 30
186.103.159.188 - - [12/May/2017:08:44:34 -0300] "POST /cormun/servlet/solicitudotadjuntos?341cf68cf96c7667859ef84e7b6e66ba,INS,2017,6405,,1,,gx-no-cache=1494589533408 HTTP/1.1" 200 3677
186.103.159.188 - - [12/May/2017:08:44:49 -0300] "POST /cormun/servlet/solicitudotadjuntos?341cf68cf96c7667859ef84e7b6e66ba,INS,2017,6405,,1,,gx-no-cache=1494589548118 HTTP/1.1" 200 93
186.103.159.188 - - [12/May/2017:08:44:49 -0300] "GET /cormun/servlet/hpexe_return? HTTP/1.1" 200 1025
186.103.159.188 - - [12/May/2017:08:44:50 -0300] "GET /cormun/servlet/trsolicitudadjuntos?2017,6405, HTTP/1.1" 200 8925
186.103.159.188 - - [12/May/2017:08:44:50 -0300] "GET /cormun/servlet/trsolicitudadjuntos?2017,6405, HTTP/1.1" 200 8921
186.103.159.188 - - [12/May/2017:08:44:55 -0300] "GET /cormun/servlet/hhome HTTP/1.1" 200 3792
186.103.159.188 - - [12/May/2017:08:44:55 -0300] "GET /cormun/servlet/hhome HTTP/1.1" 200 3778
186.103.159.188 - - [12/May/2017:08:44:59 -0300] "GET /cormun/servlet/trsolicitudot? HTTP/1.1" 200 8012
186.103.159.188 - - [12/May/2017:08:44:59 -0300] "GET /cormun/servlet/trsolicitudot? HTTP/1.1" 200 8011
186.103.159.188 - - [12/May/2017:08:45:16 -0300] "POST /cormun/servlet/trsolicitudot?341cf68cf96c7667859ef84e7b6e66ba,,gx-no-cache=1494589575695 HTTP/1.1" 200 4147
186.103.159.188 - - [12/May/2017:08:45:17 -0300] "POST /cormun/servlet/trsolicitudot?341cf68cf96c7667859ef84e7b6e66ba,,gx-no-cache=1494589576023 HTTP/1.1" 200 3930
192.168.10.89 - - [12/May/2017:08:45:44 -0300] "POST /cormun/servlet/trsolicitudgral?dc0d285dbf8e7652a167c565c0c42a09,gx-no-cache=1494591739262,gx-no-cache=1494592808142 HTTP/1.1" 200 8660
186.103.158.250 - - [12/May/2017:08:45:50 -0300] "POST /cormun/servlet/hlogin?767225739d398eb6940ed9b4815e690c,gx-no-cache=1494593067422 HTTP/1.1" 200 90
186.103.158.250 - - [12/May/2017:08:45:50 -0300] "GET /cormun/servlet/hpexe_link HTTP/1.1" 200 948
186.103.158.250 - - [12/May/2017:08:45:50 -0300] "GET /cormun/servlet/hhome HTTP/1.1" 200 3783
186.103.158.250 - - [12/May/2017:08:45:52 -0300] "GET /cormun/servlet/hhome HTTP/1.1" 200 3780
186.103.158.250 - - [12/May/2017:08:46:03 -0300] "GET /cormun/servlet/trsolicitudot? HTTP/1.1" 200 7981
186.103.158.250 - - [12/May/2017:08:46:04 -0300] "GET /cormun/servlet/trsolicitudot? HTTP/1.1" 200 7979
192.168.10.89 - - [12/May/2017:08:46:08 -0300] "POST /cormun/servlet/trsolicitudgral?dc0d285dbf8e7652a167c565c0c42a09,gx-no-cache=1494591739262,gx-no-cache=1494592831824 HTTP/1.1" 200 8315
186.103.158.250 - - [12/May/2017:08:46:12 -0300] "POST /cormun/servlet/trsolicitudot?767225739d398eb6940ed9b4815e690c,,gx-no-cache=1494593089607 HTTP/1.1" 200 106
186.103.158.250 - - [12/May/2017:08:46:12 -0300] "GET /cormun/servlet/solicitudot?DLT,2017,6359, HTTP/1.1" 200 9374
186.103.158.250 - - [12/May/2017:08:46:13 -0300] "GET /cormun/static/Shared/jqueryui/images/ui-bg_highlight-soft_100_c6c2c8_1x100.png HTTP/1.1" 404 1117
186.103.158.250 - - [12/May/2017:08:46:13 -0300] "GET /cormun/static/Shared/jqueryui/images/ui-icons_82798d_256x240.png HTTP/1.1" 404 1089
186.103.158.250 - - [12/May/2017:08:46:13 -0300] "GET /cormun/static/Shared/jqueryui/images/ui-bg_flat_55_fafafa_40x100.png HTTP/1.1" 404 1097
186.103.158.250 - - [12/May/2017:08:46:13 -0300] "GET /cormun/static/Shared/jqueryui/images/ui-icons_8d78a5_256x240.png HTTP/1.1" 404 1089
186.103.158.250 - - [12/May/2017:08:46:14 -0300] "GET /cormun/servlet/solicitudot?DLT,2017,6359, HTTP/1.1" 200 9384
192.168.10.89 - - [12/May/2017:08:46:43 -0300] "POST /cormun/servlet/trsolicitudgral?dc0d285dbf8e7652a167c565c0c42a09,gx-no-cache=1494591739262,gx-no-cache=1494592867284 HTTP/1.1" 200 115
192.168.10.89 - - [12/May/2017:08:46:43 -0300] "GET /cormun/servlet/solicitudotlog?INS,2017,6344,0,REC, HTTP/1.1" 200 6251
192.168.10.89 - - [12/May/2017:08:46:45 -0300] "GET /cormun/servlet/solicitudotlog?b3ba4cfb67082d08537d712e6657eae0c5d1a1b6f6f52d8ac395a164cf1910b771a2bfbe2658a7992d15d552840b81e4d897c7176d23c5e7687e8185dbf991c9ee15a876739eacdce88bfc957dec89c68408238c964ceacf4b0849f5c9570fe8d63ff2eb665a05e6f8fe13beeaa48c40fe4516d97c043c59825c3f4b159f9a56640fc0d9732dffed6c8d2d9c2976965441a2558622781833c9501d4a16ea7ca2,gx-no-cache=1494592868944 HTTP/1.1" 200 94
192.168.10.89 - - [12/May/2017:08:46:48 -0300] "POST /cormun/servlet/solicitudotlog?dc0d285dbf8e7652a167c565c0c42a09,INS,2017,6344,0,REC,,gx-no-cache=1494592871570 HTTP/1.1" 200 93
192.168.10.89 - - [12/May/2017:08:46:48 -0300] "GET /cormun/servlet/hpexe_return? HTTP/1.1" 200 1045
192.168.10.89 - - [12/May/2017:08:46:48 -0300] "GET /cormun/servlet/trsolicitudgral?gx-no-cache=1494591739262 HTTP/1.1" 200 11159
192.168.10.89 - - [12/May/2017:08:46:58 -0300] "POST /cormun/servlet/trsolicitudgral?dc0d285dbf8e7652a167c565c0c42a09,gx-no-cache=1494591739262,gx-no-cache=1494592881624 HTTP/1.1" 200 7551
192.168.10.89 - - [12/May/2017:08:46:58 -0300] "GET /cormun/static/Shared/jqueryui/images/ui-icons_82798d_256x240.png HTTP/1.1" 404 1089
192.168.10.89 - - [12/May/2017:08:46:58 -0300] "GET /cormun/static/Shared/jqueryui/images/ui-bg_highlight-soft_100_c6c2c8_1x100.png HTTP/1.1" 404 1117
192.168.10.89 - - [12/May/2017:08:46:58 -0300] "GET /cormun/static/Shared/jqueryui/images/ui-bg_flat_55_fafafa_40x100.png HTTP/1.1" 404 1097
192.168.10.89 - - [12/May/2017:08:46:58 -0300] "GET /cormun/static/Shared/jqueryui/images/ui-icons_8d78a5_256x240.png HTTP/1.1" 404 1089
192.168.10.89 - - [12/May/2017:08:47:59 -0300] "GET /cormun/servlet/solicitudgral?UPD,2017,6403, HTTP/1.1" 200 12347
192.168.10.89 - - [12/May/2017:08:48:01 -0300] "POST /cormun/servlet/solicitudgral?gx-no-cache=1494592944904 HTTP/1.1" 200 3184
192.168.10.89 - - [12/May/2017:08:48:01 -0300] "GET /cormun/servlet/solicitudgral?b3ba4cfb67082d08537d712e6657eae0f1059175d661c2ecc27450b4312baeb17200929e0398b7e7768fcb2790590ac247c81cf08bf9db237c2e1f8e0c0a032c852d3a854f1b7324f877ea1f781e6cef45f98bf83aaa41da98c0854854a0b9b8b51b7e38234607cd54c56c4679a4c71644f81f76e07eb3d179e1f5e8ea2d4b3a9a0170e1a8da72576f28ea03516fe2ffbabb263225fd95c799ccf117eb95dc43158adea9d9e301a746ce7400fbddbd8eb10945d4867772dfe23bc9a28b9201d330677bfe94bcd5464630f01842c6d5a62bdd158ae5069433a4b868f9b3ffcd7b10b8c5c5c6e90aa6e319238b3e182cfd5f61aba5d4d0947abf361c973283118d1f37aea08fe26d4ff8b6926d89c3e7f8c560618e98c2857270661d5808d33738660a016c85cb1698221b6222670b513f21d4608dfa83718a7e1de5277e5645719ba86afdeccacffdeb1353c9dc0b321e,gx-no-cache=1494592945097 HTTP/1.1" 200 242
192.168.10.89 - - [12/May/2017:08:48:06 -0300] "GET /cormun/servlet/solicitudgral?b3ba4cfb67082d08537d712e6657eae0fffcb521b9f75fe546733ba652efed92504bbd839656700e3db1cb2be277246dec109ce7f84c137d95514dac69af3f2f94609b0575fb5d651d32c61dc31019fe4e09b289bb7f8a753130952e4d31b4af4311fe106c99116737dc32a49ea0c86f4fc5ef63dc4b0c9b82a32c322aefc927d615bef29127f4edf888812415015a1de7a825970cb7bac7ea3fc70826dd6bc3518a625b070ada0af542ef6e510468d7e1c7737f20226749dcd90f1d42ae8c954a29ba2d6c35b2779ee500a0f26cd88109925087e4699c048279edc960ab1c5d8c7d63432936cf022c9ae623dbb4d8a65b3633214b2c10a4d3fd3a5ce97ad0dad3a2d359435a43ffd4611d673ffde0304108c4395da8a4d8ed4a1bce0297272aa05fb21737fb82845d7be81a1ed2047612c1066e4d9a2b5e25f275fd62841848ef65e6b9e7f01cf0fcbaf8ccc2217288aeb48842a50d1ef0e595249a01b4edc45f21ae7bb59816d019c48e97b76da4dbc836724a671f6f7ff45cc615fce6bb57b90170629a6e99d85c9994f07e9194eb60d1fbe89c94f226ef7d694e235404d2acaa79aaee6970b8dba6f7ed58ecbc66a4e6442d8ab98a6694697ec33ffca1e7519fd0a1d48572b7d6757963699e8a37f587ff4a4d133f76573fef8b89a33a99d0edb541d970ee0274fa03d2f9c9693175cd34551308884e82ad7b774964f3277c305d6fb08101092b666359647be1c830ba0e407c86867fa58269ad9ffcb3e695eb2c8a79ebbeb4a98094f542abbc23,gx-no-cache=1494592949924 HTTP/1.1" 200 48
192.168.10.89 - - [12/May/2017:08:48:06 -0300] "POST /cormun/servlet/solicitudgral?dc0d285dbf8e7652a167c565c0c42a09,UPD,2017,6403,,gx-no-cache=1494592949955 HTTP/1.1" 200 10675
192.168.10.89 - - [12/May/2017:08:48:06 -0300] "GET /cormun/servlet/solicitudgral?b3ba4cfb67082d08537d712e6657eae069caa97ce511f72a8cb1d3b6e922dc8df470ab313b75180166049f2bc75b979c0f9ada7ef02b8ad72c54f93b02973916c0d5acc972a44f7fbe969498e2fa92fa8977d81b916e836b69bee415892b397e344adce1700dbb7f60e2bfa24fd837d448c61a8f04c392c640145ac160e94db5c6767b0d32dc59b14efffd6951f94f13050d5aa23fc6cf98096599ab287ae99d,gx-no-cache=1494592950171 HTTP/1.1" 200 29
192.168.10.89 - - [12/May/2017:08:48:06 -0300] "POST /cormun/servlet/solicitudgral?gx-no-cache=1494592950192 HTTP/1.1" 200 1255
192.168.10.89 - - [12/May/2017:08:48:06 -0300] "POST /cormun/servlet/solicitudgral?gx-no-cache=1494592950244 HTTP/1.1" 200 1159
192.168.10.89 - - [12/May/2017:08:48:08 -0300] "POST /cormun/servlet/solicitudgral?dc0d285dbf8e7652a167c565c0c42a09,UPD,2017,6403,,gx-no-cache=1494592952281 HTTP/1.1" 200 93
192.168.10.89 - - [12/May/2017:08:48:08 -0300] "GET /cormun/servlet/hpexe_return? HTTP/1.1" 200 1036
192.168.10.89 - - [12/May/2017:08:48:09 -0300] "GET /cormun/servlet/trsolicitudgral?gx-no-cache=1494591739262 HTTP/1.1" 200 10811
192.168.10.89 - - [12/May/2017:08:48:13 -0300] "POST /cormun/servlet/trsolicitudgral?dc0d285dbf8e7652a167c565c0c42a09,gx-no-cache=1494591739262,gx-no-cache=1494592956928 HTTP/1.1" 200 7158
192.168.10.89 - - [12/May/2017:08:48:13 -0300] "GET /cormun/static/Shared/jqueryui/images/ui-bg_highlight-soft_100_c6c2c8_1x100.png HTTP/1.1" 404 1117
192.168.10.89 - - [12/May/2017:08:48:13 -0300] "GET /cormun/static/Shared/jqueryui/images/ui-icons_8d78a5_256x240.png HTTP/1.1" 404 1089
192.168.10.89 - - [12/May/2017:08:48:13 -0300] "GET /cormun/static/Shared/jqueryui/images/ui-bg_flat_55_fafafa_40x100.png HTTP/1.1" 404 1097
192.168.10.89 - - [12/May/2017:08:48:13 -0300] "GET /cormun/static/Shared/jqueryui/images/ui-icons_82798d_256x240.png HTTP/1.1" 404 1089
186.103.158.250 - - [12/May/2017:08:48:37 -0300] "POST /cormun/servlet/solicitudot?767225739d398eb6940ed9b4815e690c,DLT,2017,6359,,gx-no-cache=1494593234023 HTTP/1.1" 200 93
186.103.158.250 - - [12/May/2017:08:48:37 -0300] "GET /cormun/servlet/hpexe_return? HTTP/1.1" 200 1009
186.103.158.250 - - [12/May/2017:08:48:37 -0300] "GET /cormun/servlet/trsolicitudot HTTP/1.1" 200 7983
186.103.158.250 - - [12/May/2017:08:48:39 -0300] "GET /cormun/servlet/trsolicitudot HTTP/1.1" 200 7979
186.103.158.250 - - [12/May/2017:08:48:46 -0300] "POST /cormun/servlet/trsolicitudot?767225739d398eb6940ed9b4815e690c,gx-no-cache=1494593244036 HTTP/1.1" 200 106
186.103.158.250 - - [12/May/2017:08:48:46 -0300] "GET /cormun/servlet/solicitudot?DLT,2017,6359, HTTP/1.1" 200 9375
186.103.158.250 - - [12/May/2017:08:48:48 -0300] "GET /cormun/static/Shared/jqueryui/images/ui-bg_highlight-soft_100_c6c2c8_1x100.png HTTP/1.1" 404 1117
186.103.158.250 - - [12/May/2017:08:48:48 -0300] "GET /cormun/static/Shared/jqueryui/images/ui-icons_82798d_256x240.png HTTP/1.1" 404 1089
186.103.158.250 - - [12/May/2017:08:48:48 -0300] "GET /cormun/static/Shared/jqueryui/images/ui-bg_flat_55_fafafa_40x100.png HTTP/1.1" 404 1097
186.103.158.250 - - [12/May/2017:08:48:48 -0300] "GET /cormun/static/Shared/jqueryui/images/ui-icons_8d78a5_256x240.png HTTP/1.1" 404 1089
186.103.158.250 - - [12/May/2017:08:48:48 -0300] "GET /cormun/servlet/solicitudot?DLT,2017,6359, HTTP/1.1" 200 9384
186.103.158.250 - - [12/May/2017:08:48:58 -0300] "GET /cormun/servlet/trsolicitudot HTTP/1.1" 200 7983
186.103.158.250 - - [12/May/2017:08:48:59 -0300] "GET /cormun/servlet/trsolicitudot HTTP/1.1" 200 7979
186.103.158.250 - - [12/May/2017:08:49:02 -0300] "POST /cormun/servlet/trsolicitudot?767225739d398eb6940ed9b4815e690c,gx-no-cache=1494593260103 HTTP/1.1" 200 107
186.103.158.250 - - [12/May/2017:08:49:03 -0300] "GET /cormun/servlet/trsolicitudadjuntos?2017,6359, HTTP/1.1" 200 8924
186.103.158.250 - - [12/May/2017:08:49:04 -0300] "GET /cormun/servlet/trsolicitudadjuntos?2017,6359, HTTP/1.1" 200 8928
