192.168.10.89 - - [11/May/2017:11:56:16 -0300] "POST /cormunbeta/servlet/permisosingocelog?cc610a7ea9770bc0a8667621d2171198,INS,2,0,RE,,gx-no-cache=1494517840208 HTTP/1.1" 200 93
192.168.10.89 - - [11/May/2017:11:56:16 -0300] "GET /cormunbeta/servlet/hpexe_return? HTTP/1.1" 200 1015
192.168.10.89 - - [11/May/2017:11:56:17 -0300] "GET /cormunbeta/servlet/trpermisosingocecormun HTTP/1.1" 200 9927
157.55.39.138 - - [11/May/2017:11:56:29 -0300] "GET /cormun/static/Shared/ext/ext-all.js HTTP/1.1" 200 1289687
207.46.13.57 - - [11/May/2017:11:56:29 -0300] "GET /cormun/static/trsolicitudadjuntos.js?201731711504951 HTTP/1.1" 200 17913
192.168.10.89 - - [11/May/2017:11:56:52 -0300] "POST /cormunbeta/servlet/trpermisosingocecormun?cc610a7ea9770bc0a8667621d2171198,gx-no-cache=1494517876477 HTTP/1.1" 200 109
192.168.10.89 - - [11/May/2017:11:56:52 -0300] "GET /cormunbeta/servlet/permisosingocelog?INS,2,0,RE, HTTP/1.1" 200 6135
192.168.10.89 - - [11/May/2017:11:56:54 -0300] "GET /cormunbeta/servlet/permisosingocelog?60b5dc3feb35552e3b7e17e4b8c54b66f86b9ec0f11024a21aa7c75f66f44d896102f236251a4867f3447c86291077cf,gx-no-cache=1494517878283 HTTP/1.1" 200 30
192.168.10.89 - - [11/May/2017:11:56:56 -0300] "POST /cormunbeta/servlet/permisosingocelog?cc610a7ea9770bc0a8667621d2171198,INS,2,0,RE,,gx-no-cache=1494517880844 HTTP/1.1" 200 3898
192.168.10.89 - - [11/May/2017:11:56:56 -0300] "GET /cormunbeta/static/Shared/jqueryui/images/ui-icons_82798d_256x240.png HTTP/1.1" 404 1097
192.168.10.89 - - [11/May/2017:11:56:56 -0300] "GET /cormunbeta/static/Shared/jqueryui/images/ui-bg_flat_55_994d53_40x100.png HTTP/1.1" 404 1105
192.168.10.89 - - [11/May/2017:11:56:56 -0300] "GET /cormunbeta/static/Shared/jqueryui/images/ui-bg_highlight-soft_100_c6c2c8_1x100.png HTTP/1.1" 404 1125
192.168.10.89 - - [11/May/2017:11:56:57 -0300] "GET /cormunbeta/static/Shared/jqueryui/images/ui-icons_ebccce_256x240.png HTTP/1.1" 404 1097
192.168.10.89 - - [11/May/2017:11:57:20 -0300] "POST /cormunbeta/servlet/permisosingocelog?cc610a7ea9770bc0a8667621d2171198,INS,2,0,RE,,gx-no-cache=1494517903938 HTTP/1.1" 200 90
192.168.10.89 - - [11/May/2017:11:57:20 -0300] "GET /cormunbeta/servlet/hpexe_link HTTP/1.1" 200 975
192.168.10.89 - - [11/May/2017:11:57:21 -0300] "GET /cormunbeta/servlet/trpermisosingocecormun HTTP/1.1" 200 9924
192.168.10.89 - - [11/May/2017:11:57:23 -0300] "GET /cormunbeta/servlet/tratrazoscormun? HTTP/1.1" 200 9642
186.103.156.24 - - [11/May/2017:11:59:15 -0300] "GET /cormun/servlet/hlogin HTTP/1.1" 200 1747
186.103.156.24 - - [11/May/2017:11:59:19 -0300] "GET /cormun/servlet/trvisualizadoreventos? HTTP/1.1" 200 6070
186.103.156.24 - - [11/May/2017:11:59:20 -0300] "GET /cormun/servlet/trvisualizadoreventos? HTTP/1.1" 200 6065
186.103.156.24 - - [11/May/2017:11:59:20 -0300] "GET /cormun/servlet/hlogin HTTP/1.1" 200 1747
192.168.10.89 - - [11/May/2017:12:00:24 -0300] "GET /cormunbeta/servlet/trinasistenciacormun? HTTP/1.1" 200 9638
200.112.0.209 - - [11/May/2017:12:00:29 -0300] "GET /cormun/servlet/hlogin HTTP/1.1" 200 1717
200.112.0.209 - - [11/May/2017:12:00:29 -0300] "GET /cormun/static/gxcfg.js?201741110203197 HTTP/1.1" 304 -
200.112.0.209 - - [11/May/2017:12:00:29 -0300] "GET /cormun/static/messages.spa.js?85251 HTTP/1.1" 304 -
200.112.0.209 - - [11/May/2017:12:00:29 -0300] "GET /cormun/static/hlogin.js?201741110203211 HTTP/1.1" 304 -
200.112.0.209 - - [11/May/2017:12:00:37 -0300] "POST /cormun/servlet/hlogin?71f54edbf0e4f3066f255515df7b75ac,gx-no-cache=1494514897798 HTTP/1.1" 200 90
200.112.0.209 - - [11/May/2017:12:00:38 -0300] "GET /cormun/servlet/hpexe_link HTTP/1.1" 200 944
200.112.0.209 - - [11/May/2017:12:00:38 -0300] "GET /cormun/static/gxcfg.js?201731711483381 HTTP/1.1" 304 -
200.112.0.209 - - [11/May/2017:12:00:38 -0300] "GET /cormun/servlet/hhome HTTP/1.1" 200 4020
200.112.0.209 - - [11/May/2017:12:00:38 -0300] "GET /cormun/static/gxcfg.js?201731711483497 HTTP/1.1" 304 -
200.112.0.209 - - [11/May/2017:12:00:39 -0300] "GET /cormun/servlet/hhome HTTP/1.1" 200 4017
192.168.10.89 - - [11/May/2017:12:00:46 -0300] "GET /cormunbeta/servlet/trrenunciasgenerales? HTTP/1.1" 200 9736
200.112.0.209 - - [11/May/2017:12:00:47 -0300] "GET /cormun/servlet/trpermisosgoce? HTTP/1.1" 200 6801
200.112.0.209 - - [11/May/2017:12:00:48 -0300] "GET /cormun/servlet/trpermisosgoce? HTTP/1.1" 200 6800
192.168.10.89 - - [11/May/2017:12:01:13 -0300] "GET /cormunbeta/servlet/hlogin HTTP/1.1" 200 1739
200.112.0.209 - - [11/May/2017:12:01:13 -0300] "GET /cormun/servlet/permisogoce?INS,0,,, HTTP/1.1" 200 6791
200.112.0.209 - - [11/May/2017:12:01:13 -0300] "GET /cormun/servlet/permisogoce?INS,0,,, HTTP/1.1" 200 6792
192.168.10.89 - - [11/May/2017:12:01:18 -0300] "GET /cormun/servlet/hlogin HTTP/1.1" 200 1724
186.103.158.250 - - [11/May/2017:12:01:19 -0300] "POST /cormun/servlet/solicitudot?gx-no-cache=1494518397201 HTTP/1.1" 200 3092
186.103.158.250 - - [11/May/2017:12:01:19 -0300] "POST /cormun/servlet/solicitudot?7d9dbc82bcf2c01ad67d9ff2ffea39c1,INS,0,0,,gx-no-cache=1494518397575 HTTP/1.1" 200 9694
186.103.158.250 - - [11/May/2017:12:01:26 -0300] "GET /cormun/servlet/solicitudot?7b99e5c9790db59172216be88f5609ad6ebf1928c4fb82fcccc96e93dc629c5edb287045d6a09ab93a52adbe67976979,gx-no-cache=1494518404199 HTTP/1.1" 200 30
185.110.132.239 - - [11/May/2017:12:01:29 -0300] "GET / HTTP/1.1" 200 11217
200.112.0.209 - - [11/May/2017:12:01:47 -0300] "GET /cormun/servlet/prfichaempleado?,MD,,gxPopupLevel%3D0%3B HTTP/1.1" 200 8863
200.112.0.209 - - [11/May/2017:12:01:47 -0300] "GET /cormun/static/gxcfg.js?2017319125415 HTTP/1.1" 304 -
200.112.0.209 - - [11/May/2017:12:01:57 -0300] "POST /cormun/servlet/prfichaempleado?71f54edbf0e4f3066f255515df7b75ac,,MD,,gxPopupLevel%3D0%3B,gx-no-cache=1494514977167 HTTP/1.1" 200 3454
192.168.10.89 - - [11/May/2017:12:02:01 -0300] "GET /cormunbeta/servlet/hlogin HTTP/1.1" 200 1717
200.112.0.209 - - [11/May/2017:12:02:02 -0300] "GET /cormun/servlet/permisogoce?b1c75556ea27c706b6dd74d888c30d5d9378136f07f3206977b958dbea6d70cfe0c45b2babf1f23ceade67fdec46d0b2,gx-no-cache=1494514982167 HTTP/1.1" 200 76
186.103.248.213 - - [11/May/2017:12:02:10 -0300] "GET /cormun/servlet/hlogin HTTP/1.1" 200 1725
186.103.248.213 - - [11/May/2017:12:02:10 -0300] "GET /cormun/servlet/hlogin HTTP/1.1" 200 1731
200.112.0.209 - - [11/May/2017:12:02:11 -0300] "GET /cormun/servlet/permisogoce?b1c75556ea27c706b6dd74d888c30d5d9d810adc8c2eaecd279bcc05436f262fc55788beb8a0561cbe21a8e414654b21ffa55dcf4f84d25cd9b51ae3e85862dd,gx-no-cache=1494514991737 HTTP/1.1" 200 47
186.103.248.213 - - [11/May/2017:12:02:12 -0300] "POST /cormun/servlet/hlogin?f17ced2e7fe0a83b46ed600afa4f8bf1,gx-no-cache=1494514992127 HTTP/1.1" 200 90
186.103.248.213 - - [11/May/2017:12:02:12 -0300] "GET /cormun/servlet/hpexe_link HTTP/1.1" 200 951
186.103.248.213 - - [11/May/2017:12:02:12 -0300] "GET /cormun/servlet/hhome HTTP/1.1" 200 3767
186.103.248.213 - - [11/May/2017:12:02:13 -0300] "GET /cormun/servlet/hhome HTTP/1.1" 200 3763
192.168.10.89 - - [11/May/2017:12:02:13 -0300] "POST /cormunbeta/servlet/hlogin?cc610a7ea9770bc0a8667621d2171198,gx-no-cache=1494518197813 HTTP/1.1" 200 90
192.168.10.89 - - [11/May/2017:12:02:13 -0300] "GET /cormunbeta/servlet/hpexe_link HTTP/1.1" 200 953
192.168.10.89 - - [11/May/2017:12:02:14 -0300] "GET /cormunbeta/servlet/hhome HTTP/1.1" 200 4329
200.112.0.209 - - [11/May/2017:12:02:15 -0300] "POST /cormun/servlet/permisogoce?71f54edbf0e4f3066f255515df7b75ac,INS,0,,,,gx-no-cache=1494514995142 HTTP/1.1" 200 93
200.112.0.209 - - [11/May/2017:12:02:15 -0300] "GET /cormun/servlet/hpexe_return? HTTP/1.1" 200 1001
200.112.0.209 - - [11/May/2017:12:02:15 -0300] "GET /cormun/static/gxcfg.js?2016101716175148 HTTP/1.1" 304 -
200.112.0.209 - - [11/May/2017:12:02:16 -0300] "GET /cormun/servlet/trpermisosgoce HTTP/1.1" 200 7629
186.103.132.155 - - [11/May/2017:12:02:16 -0300] "GET /cormun/servlet/trsolicitudot? HTTP/1.1" 200 6721
200.112.0.209 - - [11/May/2017:12:02:16 -0300] "GET /cormun/servlet/trpermisosgoce HTTP/1.1" 200 7625
186.103.132.155 - - [11/May/2017:12:02:16 -0300] "GET /cormun/servlet/trsolicitudot? HTTP/1.1" 200 6720
186.103.132.155 - - [11/May/2017:12:02:19 -0300] "GET /cormun/servlet/solicitudot?INS,0,0, HTTP/1.1" 200 12589
186.103.132.155 - - [11/May/2017:12:02:19 -0300] "GET /cormun/static/calendar-system.css?85620 HTTP/1.1" 200 5572
192.168.10.89 - - [11/May/2017:12:02:19 -0300] "GET /cormunbeta/servlet/trpermisosgoce? HTTP/1.1" 200 8105
190.151.100.218 - - [11/May/2017:12:02:19 -0300] "GET /cormun/static/gxcfg.js?20171191042720 HTTP/1.1" 200 953
186.103.248.213 - - [11/May/2017:12:02:19 -0300] "GET /cormun/static/Resources/Spanish/PXTools.css?18365030 HTTP/1.1" 200 89042
186.103.248.213 - - [11/May/2017:12:02:20 -0300] "GET /cormun/servlet/solicitudot?INS,0,0, HTTP/1.1" 200 12593
200.112.0.209 - - [11/May/2017:12:02:21 -0300] "GET /cormun/servlet/trpermisosadjuntos?12694303,20170511125639,P, HTTP/1.1" 200 6335
200.112.0.209 - - [11/May/2017:12:02:21 -0300] "GET /cormun/servlet/trpermisosadjuntos?12694303,20170511125639,P, HTTP/1.1" 200 6335
200.112.0.209 - - [11/May/2017:12:02:22 -0300] "GET /cormun/servlet/permisosadjuntos?INS,12694303,P,20170511125639,, HTTP/1.1" 200 5664
200.112.0.209 - - [11/May/2017:12:02:23 -0300] "GET /cormun/static/about:blank HTTP/1.1" 404 1011
200.112.0.209 - - [11/May/2017:12:02:23 -0300] "GET /cormun/servlet/permisosadjuntos?INS,12694303,P,20170511125639,, HTTP/1.1" 200 5654
190.151.100.218 - - [11/May/2017:12:02:23 -0300] "GET /cormun/servlet/prfichaempleado?,MD,,gxPopupLevel%3D0%3B HTTP/1.1" 200 8767
200.111.191.210 - - [11/May/2017:12:02:27 -0300] "GET /cormun/servlet/trpermisosgoce? HTTP/1.1" 200 5900
200.111.191.210 - - [11/May/2017:12:02:27 -0300] "GET /cormun/static/gxcfg.js?20174111153177 HTTP/1.1" 304 -
200.111.191.210 - - [11/May/2017:12:02:27 -0300] "GET /cormun/static/trpermisosgoce.js?20174111153217 HTTP/1.1" 304 -
200.111.191.210 - - [11/May/2017:12:02:27 -0300] "GET /cormun/servlet/hlogin HTTP/1.1" 200 1738
200.111.191.210 - - [11/May/2017:12:02:27 -0300] "GET /cormun/servlet/trpermisosgoce? HTTP/1.1" 200 5896
192.168.10.89 - - [11/May/2017:12:02:29 -0300] "POST /cormunbeta/servlet/trpermisosgoce?cc610a7ea9770bc0a8667621d2171198,,gx-no-cache=1494518213041 HTTP/1.1" 200 5000
192.168.10.89 - - [11/May/2017:12:02:30 -0300] "GET /cormunbeta/servlet/permisogoce?UPD,11842464,P,20170511124213, HTTP/1.1" 200 7262
192.168.10.89 - - [11/May/2017:12:02:32 -0300] "GET /cormunbeta/servlet/permisogoce?bd3337fb289da02f67b996ee196b314a0fa8bf72fef63b384bb856b967fc915d606ebc997e83fc9f5f7e4e88e31ab55e95f94f1d43745607a7d938727a4af8df,gx-no-cache=1494518216832 HTTP/1.1" 200 82
192.168.10.89 - - [11/May/2017:12:02:37 -0300] "GET /cormunbeta/servlet/permisogoce?bd3337fb289da02f67b996ee196b314af72c5697d8eae02d409a319a5be5af6d6bee2f8d5c1db39700ffefc0229f155dddbb9b4a25587db8b0eacfdae42fa19d,gx-no-cache=1494518221887 HTTP/1.1" 200 47
192.168.10.89 - - [11/May/2017:12:02:40 -0300] "POST /cormunbeta/servlet/permisogoce?cc610a7ea9770bc0a8667621d2171198,UPD,11842464,P,20170511124213,,gx-no-cache=1494518223876 HTTP/1.1" 200 4459
192.168.10.89 - - [11/May/2017:12:02:40 -0300] "GET /cormunbeta/static/Shared/jqueryui/images/ui-bg_flat_55_994d53_40x100.png HTTP/1.1" 404 1105
192.168.10.89 - - [11/May/2017:12:02:40 -0300] "GET /cormunbeta/static/Shared/jqueryui/images/ui-icons_82798d_256x240.png HTTP/1.1" 404 1097
192.168.10.89 - - [11/May/2017:12:02:40 -0300] "GET /cormunbeta/static/Shared/jqueryui/images/ui-bg_highlight-soft_100_c6c2c8_1x100.png HTTP/1.1" 404 1125
192.168.10.89 - - [11/May/2017:12:02:40 -0300] "GET /cormunbeta/static/Shared/jqueryui/images/ui-icons_ebccce_256x240.png HTTP/1.1" 404 1097
192.168.10.89 - - [11/May/2017:12:02:43 -0300] "POST /cormunbeta/servlet/permisogoce?cc610a7ea9770bc0a8667621d2171198,UPD,11842464,P,20170511124213,,gx-no-cache=1494518227429 HTTP/1.1" 200 93
192.168.10.89 - - [11/May/2017:12:02:43 -0300] "GET /cormunbeta/servlet/hpexe_return? HTTP/1.1" 200 1027
186.103.248.213 - - [11/May/2017:12:02:44 -0300] "POST /cormun/servlet/prfichaempleado?f17ced2e7fe0a83b46ed600afa4f8bf1,,MD,,gxPopupLevel%3D0%3B,gx-no-cache=1494515023960 HTTP/1.1" 200 3415
192.168.10.89 - - [11/May/2017:12:02:45 -0300] "GET /cormunbeta/servlet/trpermisosgoce? HTTP/1.1" 200 8108
192.168.10.89 - - [11/May/2017:12:02:49 -0300] "GET /cormunbeta/servlet/permisogoce?UPD,11842464,P,20170511124213, HTTP/1.1" 200 7262
186.103.248.213 - - [11/May/2017:12:02:49 -0300] "POST /cormun/servlet/solicitudot?gx-no-cache=1494515028769 HTTP/1.1" 200 3181
186.103.248.213 - - [11/May/2017:12:02:50 -0300] "POST /cormun/servlet/solicitudot?f17ced2e7fe0a83b46ed600afa4f8bf1,INS,0,0,,gx-no-cache=1494515029713 HTTP/1.1" 200 9771
186.103.248.213 - - [11/May/2017:12:02:50 -0300] "GET /cormun/servlet/solicitudot?4dd07f97f3462a43aa60ee011dac8a2178f0b824b4f7d2c8a17bd6218de6c69f2b3a8333f785b7f23cd298d4247017fa,gx-no-cache=1494515030528 HTTP/1.1" 200 30
192.168.10.89 - - [11/May/2017:12:02:50 -0300] "GET /cormunbeta/servlet/permisogoce?bd3337fb289da02f67b996ee196b314a0fa8bf72fef63b384bb856b967fc915d606ebc997e83fc9f5f7e4e88e31ab55e95f94f1d43745607a7d938727a4af8df,gx-no-cache=1494518234749 HTTP/1.1" 200 82
192.168.10.89 - - [11/May/2017:12:02:52 -0300] "GET /cormunbeta/servlet/permisogoce?bd3337fb289da02f67b996ee196b314af72c5697d8eae02d409a319a5be5af6d6bee2f8d5c1db39700ffefc0229f155dddbb9b4a25587db8b0eacfdae42fa19d,gx-no-cache=1494518236639 HTTP/1.1" 200 47
192.168.10.89 - - [11/May/2017:12:02:56 -0300] "POST /cormunbeta/servlet/permisogoce?cc610a7ea9770bc0a8667621d2171198,UPD,11842464,P,20170511124213,,gx-no-cache=1494518239929 HTTP/1.1" 200 4459
192.168.10.89 - - [11/May/2017:12:02:56 -0300] "GET /cormunbeta/static/Shared/jqueryui/images/ui-icons_ebccce_256x240.png HTTP/1.1" 404 1097
192.168.10.89 - - [11/May/2017:12:02:56 -0300] "GET /cormunbeta/static/Shared/jqueryui/images/ui-bg_flat_55_994d53_40x100.png HTTP/1.1" 404 1105
192.168.10.89 - - [11/May/2017:12:02:56 -0300] "GET /cormunbeta/static/Shared/jqueryui/images/ui-bg_highlight-soft_100_c6c2c8_1x100.png HTTP/1.1" 404 1125
192.168.10.89 - - [11/May/2017:12:02:56 -0300] "GET /cormunbeta/static/Shared/jqueryui/images/ui-icons_82798d_256x240.png HTTP/1.1" 404 1097
192.168.10.89 - - [11/May/2017:12:02:59 -0300] "POST /cormunbeta/servlet/permisogoce?cc610a7ea9770bc0a8667621d2171198,UPD,11842464,P,20170511124213,,gx-no-cache=1494518243186 HTTP/1.1" 200 4418
192.168.10.89 - - [11/May/2017:12:03:01 -0300] "POST /cormunbeta/servlet/permisogoce?cc610a7ea9770bc0a8667621d2171198,UPD,11842464,P,20170511124213,,gx-no-cache=1494518245283 HTTP/1.1" 200 93
192.168.10.89 - - [11/May/2017:12:03:01 -0300] "GET /cormunbeta/servlet/hpexe_return? HTTP/1.1" 200 1027
192.168.10.89 - - [11/May/2017:12:03:02 -0300] "GET /cormunbeta/servlet/trpermisosgoce HTTP/1.1" 200 8108
186.103.248.213 - - [11/May/2017:12:03:10 -0300] "POST /cormun/servlet/solicitudot?gx-no-cache=1494515050369 HTTP/1.1" 200 240
186.103.248.213 - - [11/May/2017:12:03:10 -0300] "GET /cormun/servlet/solicitudot?4dd07f97f3462a43aa60ee011dac8a212d564c33c8c238de06f8af3443070765ca27546436a295ffaad9400ba81f2648dbc02b736421f55afb1b3476e7b7761007b65df4ce5ccb7b3e0a98fb78e26b13a9af2b9a1687bba279ecc20d9d1a4befee12cb68a08b89c81f9ad7e5d99dee21db01d4566dda0996c06f81b3a24d68f56ad2bf97cdb46ab40e6f9fca094cc577dff48aa95456cbe842a45537c4c76fe9a44871ba172efd2ec4e309b6a06c8886eb4914bc30a1aaa04e5ccf1665bf612df087b18f3b5c21f60647ccd06f034bf82b63650e9680a8a191faacb454b3079b1a72aca4b3ab75f99ed98ccdd4789420377ca956b76b03bfa6bf544901a09392f41d9a82e19e2a5684c43798a40b4700f62d18a38d761f55584d229518ad79ec06ff171ad1487ea32ab64bb9c3704738e4717bab7bfeb9d028ec5a9f031bb136fb9859120559cbe535d15bdfde345fd116a64033594da57c5e541cc468424a7f45dd9afbef795e2cb8ef2df7c9fe167b5321a7b9fa98c5576a7831716357fb21,gx-no-cache=1494515050488 HTTP/1.1" 200 30
192.168.10.89 - - [11/May/2017:12:03:12 -0300] "POST /cormunbeta/servlet/trpermisosgoce?cc610a7ea9770bc0a8667621d2171198,gx-no-cache=1494518256782 HTTP/1.1" 200 4998
192.168.10.89 - - [11/May/2017:12:03:13 -0300] "POST /cormunbeta/servlet/trpermisosgoce?cc610a7ea9770bc0a8667621d2171198,gx-no-cache=1494518257109 HTTP/1.1" 200 4978
192.168.10.89 - - [11/May/2017:12:03:27 -0300] "GET /cormunbeta/servlet/trpermisosingoce? HTTP/1.1" 200 8102
192.168.10.89 - - [11/May/2017:12:03:27 -0300] "GET /cormunbeta/static/gxcfg.js?201742714253516 HTTP/1.1" 200 953
192.168.10.89 - - [11/May/2017:12:03:27 -0300] "GET /cormunbeta/static/trpermisosingoce.js?201742714253970 HTTP/1.1" 200 34391
186.103.161.206 - - [11/May/2017:12:03:31 -0300] "POST /cormun/servlet/solicitudot?gx-no-cache=1494515070890 HTTP/1.1" 200 30
186.103.161.206 - - [11/May/2017:12:03:31 -0300] "POST /cormun/servlet/solicitudot?gx-no-cache=1494515071491 HTTP/1.1" 200 1297
186.103.161.206 - - [11/May/2017:12:03:31 -0300] "POST /cormun/servlet/solicitudot?gx-no-cache=1494515071651 HTTP/1.1" 200 38
192.168.10.89 - - [11/May/2017:12:03:32 -0300] "GET /cormunbeta/servlet/permisosingoce?UPD,26, HTTP/1.1" 200 7201
192.168.10.89 - - [11/May/2017:12:03:32 -0300] "GET /cormunbeta/static/gxcfg.js?20174271130447 HTTP/1.1" 200 953
192.168.10.89 - - [11/May/2017:12:03:32 -0300] "GET /cormunbeta/static/permisosingoce.js?201742711304458 HTTP/1.1" 200 25782
192.168.10.89 - - [11/May/2017:12:03:35 -0300] "GET /cormunbeta/servlet/permisosingoce?60b5dc3feb35552e3b7e17e4b8c54b6689543faef4c3845b020860b9a2d6aa06cadada5c81b9869f3685b95d1288b71134b35c3b590f3a31555e72a6f571e8ca,gx-no-cache=1494518278912 HTTP/1.1" 200 80
192.168.10.89 - - [11/May/2017:12:03:35 -0300] "GET /cormunbeta/servlet/permisosingoce?60b5dc3feb35552e3b7e17e4b8c54b660449e7150e39dba64f5fed61aaa01e9bc3bf7d100ae024f75f1208dc28f1feea,gx-no-cache=1494518279212 HTTP/1.1" 200 33
192.168.10.89 - - [11/May/2017:12:03:38 -0300] "GET /cormunbeta/servlet/permisosingoce?60b5dc3feb35552e3b7e17e4b8c54b66a61cfa6d3e4467866236243b5295dd9f8495eaccf839ac1fd56c04bdec835a9d598e113dfcf04e43f31044ae193da401fe86fd077c28b08cba1f8952e4507eacbb45c835841330b7b3b7b55d25bf639c1b659e332332b5641fe3c94fb2b84b33296e5f454e103bcb6f9f284923e4515db024bf7b7b60bc131d7f5e7c0cb4144e446ae51732971187962b52bd54b5b6ac,gx-no-cache=1494518282228 HTTP/1.1" 200 41
192.168.10.89 - - [11/May/2017:12:03:40 -0300] "POST /cormunbeta/servlet/permisosingoce?cc610a7ea9770bc0a8667621d2171198,UPD,26,,gx-no-cache=1494518284520 HTTP/1.1" 200 4338
192.168.10.89 - - [11/May/2017:12:03:40 -0300] "GET /cormunbeta/static/Shared/jqueryui/images/ui-icons_82798d_256x240.png HTTP/1.1" 404 1097
192.168.10.89 - - [11/May/2017:12:03:40 -0300] "GET /cormunbeta/static/Shared/jqueryui/images/ui-bg_flat_55_994d53_40x100.png HTTP/1.1" 404 1105
192.168.10.89 - - [11/May/2017:12:03:40 -0300] "GET /cormunbeta/static/Shared/jqueryui/images/ui-bg_highlight-soft_100_c6c2c8_1x100.png HTTP/1.1" 404 1125
192.168.10.89 - - [11/May/2017:12:03:40 -0300] "GET /cormunbeta/static/Shared/jqueryui/images/ui-icons_ebccce_256x240.png HTTP/1.1" 404 1097
186.103.248.213 - - [11/May/2017:12:03:45 -0300] "POST /cormun/servlet/solicitudot?gx-no-cache=1494515084902 HTTP/1.1" 200 30
192.168.10.89 - - [11/May/2017:12:03:47 -0300] "POST /cormunbeta/servlet/permisosingoce?cc610a7ea9770bc0a8667621d2171198,UPD,26,,gx-no-cache=1494518291087 HTTP/1.1" 200 93
192.168.10.89 - - [11/May/2017:12:03:47 -0300] "GET /cormunbeta/servlet/hpexe_return? HTTP/1.1" 200 1007
192.168.10.89 - - [11/May/2017:12:03:48 -0300] "GET /cormunbeta/servlet/trpermisosingoce HTTP/1.1" 200 8106
186.103.248.213 - - [11/May/2017:12:03:49 -0300] "GET /cormun/servlet/prfichaempleado?,MD,,gxPopupLevel%3D0%3B HTTP/1.1" 200 8767
192.168.10.89 - - [11/May/2017:12:03:53 -0300] "POST /cormunbeta/servlet/trpermisosingoce?cc610a7ea9770bc0a8667621d2171198,gx-no-cache=1494518297814 HTTP/1.1" 200 5029
186.103.248.213 - - [11/May/2017:12:04:00 -0300] "POST /cormun/servlet/prfichaempleado?f17ced2e7fe0a83b46ed600afa4f8bf1,,MD,,gxPopupLevel%3D0%3B,gx-no-cache=1494515100225 HTTP/1.1" 200 3401
186.103.248.213 - - [11/May/2017:12:04:18 -0300] "GET /cormun/servlet/prlicenciaspermisos?13720783,L,,MD,,gxPopupLevel%3D0%3B HTTP/1.1" 200 5561
186.103.248.213 - - [11/May/2017:12:04:18 -0300] "GET /cormun/static/gxcfg.js?201741111445743 HTTP/1.1" 200 953
186.103.248.213 - - [11/May/2017:12:04:18 -0300] "GET /cormun/static/prlicenciaspermisos.js?201741111445890 HTTP/1.1" 200 13360
186.103.248.213 - - [11/May/2017:12:04:24 -0300] "POST /cormun/servlet/solicitudot?gx-no-cache=1494515124346 HTTP/1.1" 200 1297
200.72.197.82 - - [11/May/2017:12:04:30 -0300] "POST /cormun/servlet/solicitudot?gx-no-cache=1494515129814 HTTP/1.1" 200 41
200.112.0.209 - - [11/May/2017:12:04:40 -0300] "POST /cormun/servlet/permisosadjuntos?71f54edbf0e4f3066f255515df7b75ac,INS,12694303,P,20170511125639,, HTTP/1.1" 200 116
200.112.0.209 - - [11/May/2017:12:04:40 -0300] "GET /cormun/servlet/hpexe_return? HTTP/1.1" 200 1030
200.112.0.209 - - [11/May/2017:12:04:41 -0300] "GET /cormun/servlet/trpermisosadjuntos?12694303,20170511125639,P, HTTP/1.1" 200 6799
200.112.0.209 - - [11/May/2017:12:04:43 -0300] "GET /cormun/servlet/trpermisosadjuntos?12694303,20170511125639,P, HTTP/1.1" 200 6796
186.103.248.213 - - [11/May/2017:12:04:50 -0300] "POST /cormun/servlet/solicitudot?gx-no-cache=1494515150114 HTTP/1.1" 200 30
200.112.0.209 - - [11/May/2017:12:05:05 -0300] "POST /cormun/servlet/trpermisosadjuntos?71f54edbf0e4f3066f255515df7b75ac,12694303,20170511125639,P,,gx-no-cache=1494515165778 HTTP/1.1" 200 90
200.112.0.209 - - [11/May/2017:12:05:06 -0300] "GET /cormun/servlet/hpexe_link HTTP/1.1" 200 975
200.112.0.209 - - [11/May/2017:12:05:06 -0300] "GET /cormun/servlet/trpermisosgoce HTTP/1.1" 200 7626
200.112.0.209 - - [11/May/2017:12:05:07 -0300] "GET /cormun/servlet/trpermisosgoce HTTP/1.1" 200 7625
190.151.100.218 - - [11/May/2017:12:05:13 -0300] "GET /cormun/servlet/prcontratosol?13877173,,,,,MD,,gxPopupLevel%3D0%3B HTTP/1.1" 200 5911
190.151.100.218 - - [11/May/2017:12:05:13 -0300] "GET /cormun/static/gxcfg.js?201731711522183 HTTP/1.1" 200 953
186.103.248.213 - - [11/May/2017:12:05:13 -0300] "GET /cormun/static/Resources/PXToolsGridNext.gif HTTP/1.1" 200 369
186.103.248.213 - - [11/May/2017:12:05:13 -0300] "GET /cormun/static/Resources/PXToolsGridLast.gif HTTP/1.1" 200 370
186.103.132.155 - - [11/May/2017:12:05:13 -0300] "GET /cormun/static/prcontratosol.js?201731711522419 HTTP/1.1" 200 14084
186.103.132.155 - - [11/May/2017:12:05:13 -0300] "GET /cormun/static/Resources/PXToolsGridFirst.gif HTTP/1.1" 200 379
190.151.100.218 - - [11/May/2017:12:05:13 -0300] "GET /cormun/static/Resources/PXToolsGridPrevious.gif HTTP/1.1" 200 369
200.112.0.209 - - [11/May/2017:12:05:20 -0300] "POST /cormun/servlet/trpermisosgoce?71f54edbf0e4f3066f255515df7b75ac,gx-no-cache=1494515179810 HTTP/1.1" 200 4155
200.112.0.209 - - [11/May/2017:12:05:20 -0300] "GET /cormun/static/Shared/jqueryui/images/ui-bg_highlight-soft_100_c6c2c8_1x100.png HTTP/1.1" 404 1117
200.112.0.209 - - [11/May/2017:12:05:20 -0300] "GET /cormun/static/Shared/jqueryui/images/ui-icons_82798d_256x240.png HTTP/1.1" 404 1089
200.112.0.209 - - [11/May/2017:12:05:20 -0300] "GET /cormun/static/Shared/jqueryui/images/ui-bg_flat_55_fafafa_40x100.png HTTP/1.1" 404 1097
200.112.0.209 - - [11/May/2017:12:05:20 -0300] "GET /cormun/static/Shared/jqueryui/images/ui-icons_8d78a5_256x240.png HTTP/1.1" 404 1089
186.103.132.155 - - [11/May/2017:12:05:21 -0300] "POST /cormun/servlet/solicitudot?gx-no-cache=1494515179622 HTTP/1.1" 200 1295
186.103.132.155 - - [11/May/2017:12:05:23 -0300] "POST /cormun/servlet/solicitudot?gx-no-cache=1494515183108 HTTP/1.1" 200 41
186.103.132.155 - - [11/May/2017:12:05:24 -0300] "GET /cormun/servlet/solicitudot?4dd07f97f3462a43aa60ee011dac8a2188fdf9de32bfffc5ea93efc150f8a7ac52efaeb561c9519a463eea53a61fd57f3a253ee7e41ab76c93a5f58a447a464f0b42878a5d3db79a7938d0e4b281ef58e958553b339c5225a53cc3cc9f6142341c7ea2a70039a4f4d88c81c60d61218b4cd09ed70514356ded1d8edbf4875674de3fc1f3f75d3e7098280ade5a5a0e6dc9ce602f1e689c64faba3f997d7d727a,gx-no-cache=1494515184075 HTTP/1.1" 200 29
186.103.132.155 - - [11/May/2017:12:05:25 -0300] "POST /cormun/servlet/solicitudot?gx-no-cache=1494515184375 HTTP/1.1" 200 1279
186.103.132.155 - - [11/May/2017:12:05:25 -0300] "POST /cormun/servlet/solicitudot?gx-no-cache=1494515184951 HTTP/1.1" 200 1162
190.151.100.218 - - [11/May/2017:12:05:42 -0300] "GET /cormun/servlet/solicitudot?4dd07f97f3462a43aa60ee011dac8a2188c35af895cc14ebf705802e1999200a56b55c0cde056be8d897c52e03ea0ec8264a81fe3535bdfe7a99d3e667b65343a282370b28c58f9ad6e8b0ec9defd7e8b5b1d618bb8014bd2544e3789fc51104dec56e835a2066b2e101a1b130c04bb6cbb830e8f77dfcfb4f39a3140a41d4cd2798e7e86c0f2bc1526fc386459fc80660081ef038947cd4f3669dddb4253d01f4124a3d1ef42193516f5f8924c723596204743cbeaa582fdfb9a755f2fb924b,gx-no-cache=1494515201900 HTTP/1.1" 200 30
157.55.39.186 - - [11/May/2017:12:05:57 -0300] "GET /cormun/servlet/permisosadjuntos?INS,14524948,P,20170322142146,,%26_escaped_fragment_%3D&_escaped_fragment_= HTTP/1.1" 200 4662
190.151.100.218 - - [11/May/2017:12:06:13 -0300] "POST /cormun/servlet/solicitudot?f17ced2e7fe0a83b46ed600afa4f8bf1,INS,0,0,,gx-no-cache=1494515228560 HTTP/1.1" 200 11159
190.151.100.218 - - [11/May/2017:12:06:13 -0300] "GET /cormun/static/Shared/jqueryui/images/ui-bg_highlight-soft_100_c6c2c8_1x100.png HTTP/1.1" 404 1117
186.103.248.213 - - [11/May/2017:12:06:13 -0300] "GET /cormun/static/Shared/jqueryui/images/ui-icons_82798d_256x240.png HTTP/1.1" 404 1089
186.103.132.155 - - [11/May/2017:12:06:13 -0300] "GET /cormun/static/Shared/jqueryui/images/ui-icons_ebccce_256x240.png HTTP/1.1" 404 1089
186.103.161.206 - - [11/May/2017:12:06:13 -0300] "GET /cormun/static/Shared/jqueryui/images/ui-bg_flat_55_994d53_40x100.png HTTP/1.1" 404 1097
186.103.248.213 - - [11/May/2017:12:06:17 -0300] "GET /cormun/static/menuarrow.gif HTTP/1.1" 404 1015
192.168.10.89 - - [11/May/2017:12:06:43 -0300] "GET /cormunbeta/servlet/trpermisosgoce? HTTP/1.1" 200 8105
186.103.161.206 - - [11/May/2017:12:06:44 -0300] "GET /cormun/servlet/solicitudot?4dd07f97f3462a43aa60ee011dac8a2188c35af895cc14ebf705802e1999200a56b55c0cde056be8d897c52e03ea0ec8264a81fe3535bdfe7a99d3e667b65343a282370b28c58f9ad6e8b0ec9defd7e8b5b1d618bb8014bd2544e3789fc51104dec56e835a2066b2e101a1b130c04bb6cbb830e8f77dfcfb4f39a3140a41d4cd2798e7e86c0f2bc1526fc386459fc80660081ef038947cd4f3669dddb4253d01f4124a3d1ef42193516f5f8924c72359e9d2af3bfef03c5b9cb7cc74a5d7a8e8,gx-no-cache=1494515263706 HTTP/1.1" 200 30
192.168.10.89 - - [11/May/2017:12:06:48 -0300] "GET /cormunbeta/servlet/permisogoce?UPD,11842464,P,20170511124213, HTTP/1.1" 200 7262
192.168.10.89 - - [11/May/2017:12:06:50 -0300] "GET /cormunbeta/servlet/permisogoce?bd3337fb289da02f67b996ee196b314a0fa8bf72fef63b384bb856b967fc915d606ebc997e83fc9f5f7e4e88e31ab55e95f94f1d43745607a7d938727a4af8df,gx-no-cache=1494518474718 HTTP/1.1" 200 82
192.168.10.89 - - [11/May/2017:12:06:53 -0300] "GET /cormunbeta/servlet/permisogoce?bd3337fb289da02f67b996ee196b314af72c5697d8eae02d409a319a5be5af6d6bee2f8d5c1db39700ffefc0229f155dddbb9b4a25587db8b0eacfdae42fa19d,gx-no-cache=1494518477713 HTTP/1.1" 200 47
192.168.10.89 - - [11/May/2017:12:06:55 -0300] "POST /cormunbeta/servlet/permisogoce?cc610a7ea9770bc0a8667621d2171198,UPD,11842464,P,20170511124213,,gx-no-cache=1494518479655 HTTP/1.1" 200 4459
192.168.10.89 - - [11/May/2017:12:06:56 -0300] "GET /cormunbeta/static/Shared/jqueryui/images/ui-bg_flat_55_994d53_40x100.png HTTP/1.1" 404 1105
192.168.10.89 - - [11/May/2017:12:06:56 -0300] "GET /cormunbeta/static/Shared/jqueryui/images/ui-bg_highlight-soft_100_c6c2c8_1x100.png HTTP/1.1" 404 1125
192.168.10.89 - - [11/May/2017:12:06:56 -0300] "GET /cormunbeta/static/Shared/jqueryui/images/ui-icons_82798d_256x240.png HTTP/1.1" 404 1097
192.168.10.89 - - [11/May/2017:12:06:56 -0300] "GET /cormunbeta/static/Shared/jqueryui/images/ui-icons_ebccce_256x240.png HTTP/1.1" 404 1097
186.103.157.98 - - [11/May/2017:12:07:01 -0300] "GET /cormun/servlet/hpexe_return? HTTP/1.1" 200 983
186.103.157.98 - - [11/May/2017:12:07:01 -0300] "GET /cormun/servlet/hhome HTTP/1.1" 200 3347
186.103.157.98 - - [11/May/2017:12:07:02 -0300] "GET /cormun/servlet/hhome HTTP/1.1" 200 3342
186.103.157.98 - - [11/May/2017:12:07:02 -0300] "GET /cormun/servlet/hlogin HTTP/1.1" 200 1735
186.103.157.98 - - [11/May/2017:12:07:03 -0300] "POST /cormun/servlet/hlogin?35e7cdbb2bd7a3dffda8a2ce52fc8386,gx-no-cache=1494515284938 HTTP/1.1" 200 90
186.103.157.98 - - [11/May/2017:12:07:03 -0300] "GET /cormun/servlet/hpexe_link HTTP/1.1" 200 951
186.103.157.98 - - [11/May/2017:12:07:04 -0300] "GET /cormun/servlet/hhome HTTP/1.1" 200 4027
186.103.157.98 - - [11/May/2017:12:07:04 -0300] "GET /cormun/servlet/hhome HTTP/1.1" 200 4022
186.103.157.98 - - [11/May/2017:12:07:08 -0300] "GET /cormun/servlet/trcontratounov2? HTTP/1.1" 200 16461
186.103.157.98 - - [11/May/2017:12:07:08 -0300] "GET /cormun/static/gxcfg.js?201731711595461 HTTP/1.1" 200 953
186.103.157.98 - - [11/May/2017:12:07:08 -0300] "GET /cormun/static/Resources/PXToolsAddSelectedAction.png HTTP/1.1" 200 3660
186.103.157.98 - - [11/May/2017:12:07:08 -0300] "GET /cormun/static/trcontratounov2.js?2017317120150 HTTP/1.1" 304 -
186.103.157.98 - - [11/May/2017:12:07:09 -0300] "GET /cormun/servlet/trcontratounov2? HTTP/1.1" 200 16495
186.103.132.155 - - [11/May/2017:12:07:30 -0300] "POST /cormun/servlet/solicitudot?f17ced2e7fe0a83b46ed600afa4f8bf1,INS,0,0,,gx-no-cache=1494515304517 HTTP/1.1" 200 11206
186.103.248.213 - - [11/May/2017:12:07:55 -0300] "GET /cormun/servlet/solicitudot?4dd07f97f3462a43aa60ee011dac8a2188c35af895cc14ebf705802e1999200a56b55c0cde056be8d897c52e03ea0ec8264a81fe3535bdfe7a99d3e667b65343a282370b28c58f9ad6e8b0ec9defd7e8b5b1d618bb8014bd2544e3789fc51104dec56e835a2066b2e101a1b130c04bb6cbb830e8f77dfcfb4f39a3140a41d4cd2798e7e86c0f2bc1526fc386459fc80660081ef038947cd4f3669dddb4253d01f4124a3d1ef42193516f5f8924c7235913e2b58ccd9a82610640d3bfc9345e9d,gx-no-cache=1494515335236 HTTP/1.1" 200 30
186.103.248.213 - - [11/May/2017:12:07:56 -0300] "POST /cormun/servlet/solicitudot?f17ced2e7fe0a83b46ed600afa4f8bf1,INS,0,0,,gx-no-cache=1494515335452 HTTP/1.1" 200 11258
186.103.158.250 - - [11/May/2017:12:08:13 -0300] "POST /cormun/servlet/solicitudot?gx-no-cache=1494518811774 HTTP/1.1" 200 297
186.103.158.250 - - [11/May/2017:12:08:13 -0300] "GET /cormun/servlet/solicitudot?7b99e5c9790db59172216be88f5609adb691b9182b2d054f07958c1976d77dc7114d9d6641595b5354f2f67cb2cb64caa1c94b3292943bdb2ded9bf85718067a4bc03ed79af0cee8c05798069c2cfe039e575e21d52da118ada99f7ebb5f4a9f56615b597f238be1247f84dd6a2b5ea8276b85cf9a4437056b2a85893e87c7a57f333303f259e7144a9d89a2320d40c88f5367f4b20935b20e73faa9f7451ddb6d86fba2ff24f4d1f9ad1c0223c40572efc212f748dd86dc4522f0c48d4da3e8bdd074a2d46e2370f7ac4a351cc02c6f59274edb7f67cc8ca4297e659eb8ac84e29ec82404d3dfcac7ae9addc62413cab1fbe3688f489aa16350949d696996ec4eb1786c19170bb2df5a96518d878bd2b13bf0b0c8f446fc26ba832df559413e9e1d1caae700ae9eadfbfcf06864312c6501cf6928ca626e4bf4417d5a5d0ef86dcbfaeea1d3b50d51990576e2a11da977a07300cee17571fa7fedb1368da6831ed5058e03dc552e50d43bb7cef8c0bf6ee750b3c646d785f9f69b54e100447e70f54002df98e5814e1ddbe9f14af362,gx-no-cache=1494518811841 HTTP/1.1" 200 30
186.103.158.250 - - [11/May/2017:12:08:19 -0300] "POST /cormun/servlet/solicitudot?gx-no-cache=1494518816975 HTTP/1.1" 200 30
186.103.158.250 - - [11/May/2017:12:08:22 -0300] "POST /cormun/servlet/solicitudot?gx-no-cache=1494518820508 HTTP/1.1" 200 235
186.103.158.250 - - [11/May/2017:12:08:22 -0300] "POST /cormun/servlet/solicitudot?gx-no-cache=1494518820600 HTTP/1.1" 200 38
186.103.157.98 - - [11/May/2017:12:09:23 -0300] "GET /cormun/servlet/hpexe_return? HTTP/1.1" 200 983
186.103.157.98 - - [11/May/2017:12:09:23 -0300] "GET /cormun/servlet/hhome HTTP/1.1" 200 4029
186.103.157.98 - - [11/May/2017:12:09:23 -0300] "GET /cormun/servlet/hhome HTTP/1.1" 200 4022
186.103.157.98 - - [11/May/2017:12:09:27 -0300] "GET /cormun/servlet/trlicencias? HTTP/1.1" 200 6891
192.168.10.89 - - [11/May/2017:12:09:27 -0300] "GET /cormunbeta/servlet/hlogin HTTP/1.1" 200 1757
186.103.157.98 - - [11/May/2017:12:09:27 -0300] "GET /cormun/servlet/trlicencias? HTTP/1.1" 200 6889
200.112.0.209 - - [11/May/2017:12:09:29 -0300] "GET /cormun/static/Shared/jqueryui/images/ui-bg_highlight-soft_100_eae6ea_1x100.png HTTP/1.1" 404 1117
186.103.248.213 - - [11/May/2017:12:09:34 -0300] "GET /cormun/servlet/prfichaempleado?,MD,,gxPopupLevel%3D0%3B HTTP/1.1" 200 8767
200.112.0.209 - - [11/May/2017:12:09:34 -0300] "GET /cormun/servlet/hlogin HTTP/1.1" 200 1732
186.103.248.213 - - [11/May/2017:12:09:50 -0300] "GET /cormun/servlet/prcontratosol?13877173,,,,,MD,,gxPopupLevel%3D0%3B HTTP/1.1" 200 5911
186.103.248.213 - - [11/May/2017:12:09:56 -0300] "POST /cormun/servlet/solicitudot?gx-no-cache=1494515455634 HTTP/1.1" 200 1279
186.103.248.213 - - [11/May/2017:12:09:56 -0300] "POST /cormun/servlet/solicitudot?gx-no-cache=1494515455923 HTTP/1.1" 200 1162
186.103.248.213 - - [11/May/2017:12:09:58 -0300] "POST /cormun/servlet/solicitudot?f17ced2e7fe0a83b46ed600afa4f8bf1,INS,0,0,,gx-no-cache=1494515458013 HTTP/1.1" 200 93
186.103.248.213 - - [11/May/2017:12:09:58 -0300] "GET /cormun/servlet/hpexe_return? HTTP/1.1" 200 1005
186.103.248.213 - - [11/May/2017:12:09:59 -0300] "GET /cormun/servlet/trsolicitudot HTTP/1.1" 200 6724
186.103.248.213 - - [11/May/2017:12:09:59 -0300] "GET /cormun/servlet/trsolicitudot HTTP/1.1" 200 6720
186.103.248.213 - - [11/May/2017:12:10:02 -0300] "GET /cormun/servlet/trsolicitudot? HTTP/1.1" 200 6720
186.103.248.213 - - [11/May/2017:12:10:02 -0300] "GET /cormun/servlet/trsolicitudot? HTTP/1.1" 200 6720
186.103.158.250 - - [11/May/2017:12:10:06 -0300] "GET /cormun/servlet/solicitudot?7b99e5c9790db59172216be88f5609addb88f27b2cbca9c0d6424ce4d146361338b765c1ec064671b2c5aa680252bd4deca57652db9b21484601d62d54b0fa90795e7f9936d8ec2a2c4247a0dbed4646406223edf9977ddefb47b1fcbeadf72da3486987d1e5006793d9c668eb1f1a9a,gx-no-cache=1494518924225 HTTP/1.1" 200 29
186.103.158.250 - - [11/May/2017:12:10:06 -0300] "POST /cormun/servlet/solicitudot?gx-no-cache=1494518924284 HTTP/1.1" 200 708
186.103.248.213 - - [11/May/2017:12:10:06 -0300] "GET /cormun/servlet/solicitudot?INS,0,0, HTTP/1.1" 200 12590
186.103.248.213 - - [11/May/2017:12:10:07 -0300] "GET /cormun/servlet/solicitudot?INS,0,0, HTTP/1.1" 200 12595
186.103.158.250 - - [11/May/2017:12:10:08 -0300] "POST /cormun/servlet/solicitudot?gx-no-cache=1494518926176 HTTP/1.1" 200 1162
186.103.161.206 - - [11/May/2017:12:10:10 -0300] "GET /cormun/servlet/prfichaempleado?,MD,,gxPopupLevel%3D0%3B HTTP/1.1" 200 8767
186.103.161.206 - - [11/May/2017:12:10:20 -0300] "POST /cormun/servlet/prfichaempleado?f17ced2e7fe0a83b46ed600afa4f8bf1,,MD,,gxPopupLevel%3D0%3B,gx-no-cache=1494515479634 HTTP/1.1" 200 3415
186.103.161.206 - - [11/May/2017:12:10:25 -0300] "POST /cormun/servlet/solicitudot?gx-no-cache=1494515484758 HTTP/1.1" 200 3181
186.103.161.206 - - [11/May/2017:12:10:25 -0300] "POST /cormun/servlet/solicitudot?f17ced2e7fe0a83b46ed600afa4f8bf1,INS,0,0,,gx-no-cache=1494515485151 HTTP/1.1" 200 9771
186.103.161.206 - - [11/May/2017:12:10:25 -0300] "GET /cormun/servlet/solicitudot?4dd07f97f3462a43aa60ee011dac8a2178f0b824b4f7d2c8a17bd6218de6c69f2b3a8333f785b7f23cd298d4247017fa,gx-no-cache=1494515485551 HTTP/1.1" 200 30
186.103.161.206 - - [11/May/2017:12:10:27 -0300] "POST /cormun/servlet/solicitudot?gx-no-cache=1494515487466 HTTP/1.1" 200 240
186.103.161.206 - - [11/May/2017:12:10:28 -0300] "GET /cormun/servlet/solicitudot?4dd07f97f3462a43aa60ee011dac8a212d564c33c8c238de06f8af3443070765ca27546436a295ffaad9400ba81f2648dbc02b736421f55afb1b3476e7b7761007b65df4ce5ccb7b3e0a98fb78e26b13a9af2b9a1687bba279ecc20d9d1a4befee12cb68a08b89c81f9ad7e5d99dee21db01d4566dda0996c06f81b3a24d68f56ad2bf97cdb46ab40e6f9fca094cc577dff48aa95456cbe842a45537c4c76fe9a44871ba172efd2ec4e309b6a06c8886eb4914bc30a1aaa04e5ccf1665bf612df087b18f3b5c21f60647ccd06f034bf82b63650e9680a8a191faacb454b3079b1a72aca4b3ab75f99ed98ccdd4789420377ca956b76b03bfa6bf544901a09392f41d9a82e19e2a5684c43798a40b4700f62d18a38d761f55584d229518ad79ec06ff171ad1487ea32ab64bb9c3704738e4717bab7bfeb9d028ec5a9f031bb136fb9859120559cbe535d15bdfde345fd116a64033594da57c5e541cc468424a7f45dd9afbef795e2cb8ef2df7c9fe167b5321a7b9fa98c5576a7831716357fb21,gx-no-cache=1494515487740 HTTP/1.1" 200 30
186.103.161.206 - - [11/May/2017:12:10:30 -0300] "POST /cormun/servlet/solicitudot?gx-no-cache=1494515490666 HTTP/1.1" 200 30
186.103.161.206 - - [11/May/2017:12:10:33 -0300] "GET /cormun/servlet/prcontratosol?13877173,,,,,MD,,gxPopupLevel%3D0%3B HTTP/1.1" 200 5911
186.103.248.213 - - [11/May/2017:12:10:37 -0300] "POST /cormun/servlet/solicitudot?gx-no-cache=1494515497690 HTTP/1.1" 200 1377
186.103.248.213 - - [11/May/2017:12:10:38 -0300] "GET /cormun/static/Shared/jqueryui/images/ui-bg_highlight-soft_100_c6c2c8_1x100.png HTTP/1.1" 404 1117
186.103.248.213 - - [11/May/2017:12:10:38 -0300] "POST /cormun/servlet/solicitudot?gx-no-cache=1494515497852 HTTP/1.1" 200 117
186.103.248.213 - - [11/May/2017:12:10:38 -0300] "GET /cormun/static/Shared/jqueryui/images/ui-icons_82798d_256x240.png HTTP/1.1" 404 1089
186.103.248.213 - - [11/May/2017:12:10:38 -0300] "GET /cormun/static/Shared/jqueryui/images/ui-bg_flat_55_994d53_40x100.png HTTP/1.1" 404 1097
186.103.248.213 - - [11/May/2017:12:10:38 -0300] "GET /cormun/static/Shared/jqueryui/images/ui-icons_ebccce_256x240.png HTTP/1.1" 404 1089
186.103.248.213 - - [11/May/2017:12:10:38 -0300] "GET /cormun/servlet/solicitudot?4dd07f97f3462a43aa60ee011dac8a2188fdf9de32bfffc5ea93efc150f8a7ac52efaeb561c9519a463eea53a61fd57f3a253ee7e41ab76c93a5f58a447a464f0b42878a5d3db79a7938d0e4b281ef58e958553b339c5225a53cc3cc9f6142341c7ea2a70039a4f4d88c81c60d61218b4cd09ed70514356ded1d8edbf4875674de3fc1f3f75d3e7098280ade5a5a0e6dc9ce602f1e689c64faba3f997d7d727a,gx-no-cache=1494515497952 HTTP/1.1" 200 29
186.103.248.213 - - [11/May/2017:12:10:38 -0300] "GET /cormun/servlet/solicitudot?4dd07f97f3462a43aa60ee011dac8a211438c1e2d2ef02fa38a236c4ebfaab1b5c3fb06fd2901694c7691b0d695b7b062b9d86081f44585c7f62cb7587039792b256b84a2b3accdfb7146db25a5a54ab4fe7329d62904c4265a8223e258aa218e15a5b55d07a56766970c1bce344ac986b1033024affbb7b8447e9feaa55a610b5b1d618bb8014bd2544e3789fc511046b58dc6942ec7735f4efad08edbe95c8,gx-no-cache=1494515498014 HTTP/1.1" 200 57
186.103.248.213 - - [11/May/2017:12:10:38 -0300] "GET /cormun/servlet/solicitudot?4dd07f97f3462a43aa60ee011dac8a213b46f8ac1b1b185d4551a241eaf2e24a5c3fb06fd2901694c7691b0d695b7b062b9d86081f44585c7f62cb75870397920585e261ce33d6b374c7122ca49711678cfad757a272b68b29fe35c69e63af46ccb8a26fb5ff09eb176a92dfaee38f0c6cc6b285efe89c495a4247820b418e29,gx-no-cache=1494515498076 HTTP/1.1" 200 57
192.168.10.89 - - [11/May/2017:12:10:50 -0300] "GET /cormunbeta/servlet/hlogin HTTP/1.1" 200 1717
186.103.161.206 - - [11/May/2017:12:10:50 -0300] "GET /cormun/servlet/prfichaempleado?,MD,,gxPopupLevel%3D0%3B HTTP/1.1" 200 8767
192.168.10.89 - - [11/May/2017:12:10:58 -0300] "POST /cormunbeta/servlet/hlogin?cc610a7ea9770bc0a8667621d2171198,gx-no-cache=1494518722161 HTTP/1.1" 200 90
192.168.10.89 - - [11/May/2017:12:10:58 -0300] "GET /cormunbeta/servlet/hpexe_link HTTP/1.1" 200 984
192.168.10.89 - - [11/May/2017:12:10:59 -0300] "GET /cormunbeta/servlet/permisogoce?UPD,11842464,P,20170511124213, HTTP/1.1" 200 7263
186.103.132.155 - - [11/May/2017:12:10:59 -0300] "POST /cormun/servlet/solicitudot?gx-no-cache=1494515518487 HTTP/1.1" 200 30
192.168.10.89 - - [11/May/2017:12:11:01 -0300] "GET /cormunbeta/servlet/permisogoce?bd3337fb289da02f67b996ee196b314a0fa8bf72fef63b384bb856b967fc915d606ebc997e83fc9f5f7e4e88e31ab55e95f94f1d43745607a7d938727a4af8df,gx-no-cache=1494518725413 HTTP/1.1" 200 82
192.168.10.89 - - [11/May/2017:12:11:07 -0300] "GET /cormunbeta/servlet/trpermisosgoce? HTTP/1.1" 200 8106
186.103.248.213 - - [11/May/2017:12:11:09 -0300] "GET /cormun/servlet/prfichaempleado?,MD,,gxPopupLevel%3D0%3B HTTP/1.1" 200 8767
192.168.10.89 - - [11/May/2017:12:11:14 -0300] "POST /cormunbeta/servlet/trpermisosgoce?cc610a7ea9770bc0a8667621d2171198,,gx-no-cache=1494518738511 HTTP/1.1" 200 4995
192.168.10.89 - - [11/May/2017:12:11:14 -0300] "POST /cormunbeta/servlet/trpermisosgoce?cc610a7ea9770bc0a8667621d2171198,,gx-no-cache=1494518738780 HTTP/1.1" 200 4978
200.72.197.82 - - [11/May/2017:12:11:19 -0300] "POST /cormun/servlet/prfichaempleado?f17ced2e7fe0a83b46ed600afa4f8bf1,,MD,,gxPopupLevel%3D0%3B,gx-no-cache=1494515537673 HTTP/1.1" 200 3401
186.103.161.206 - - [11/May/2017:12:11:32 -0300] "GET /cormun/servlet/prlicenciaspermisos?13720783,L,,MD,,gxPopupLevel%3D0%3B HTTP/1.1" 200 5561
186.103.161.206 - - [11/May/2017:12:12:06 -0300] "POST /cormun/servlet/solicitudot?gx-no-cache=1494515586247 HTTP/1.1" 200 1297
186.103.158.250 - - [11/May/2017:12:12:07 -0300] "GET /cormun/static/menuarrow.gif HTTP/1.1" 404 1015
186.103.158.250 - - [11/May/2017:12:12:26 -0300] "GET /cormun/servlet/solicitudot?7b99e5c9790db59172216be88f5609ad0e45c220740bf5fa378c8cd3b4327c5041e46d355c09ee5080c77c85176d9685b93b9b3eb39df192ea757e35edc6f9527793cba117abc9a1703edf203327fe684cc78deb805e1ff24ad219db290612af200f007a1e5d9285340eb02bacd3238a1384ca446ada4ff7dc25dd6fc297e6ab31a5f96deb01f167657478daf16288612a3599c80441c9097dc5a9652e15f1503f7690b1c15e36b54ea960a02e47ab1f,gx-no-cache=1494519064798 HTTP/1.1" 200 30
186.103.132.155 - - [11/May/2017:12:12:32 -0300] "POST /cormun/servlet/solicitudot?gx-no-cache=1494515611888 HTTP/1.1" 200 41
186.103.161.206 - - [11/May/2017:12:12:42 -0300] "POST /cormun/servlet/solicitudot?gx-no-cache=1494515621317 HTTP/1.1" 200 1279
186.103.161.206 - - [11/May/2017:12:12:42 -0300] "POST /cormun/servlet/solicitudot?gx-no-cache=1494515622016 HTTP/1.1" 200 1162
186.103.161.206 - - [11/May/2017:12:12:42 -0300] "GET /cormun/static/menuarrow.gif HTTP/1.1" 404 1015
186.103.248.213 - - [11/May/2017:12:12:45 -0300] "POST /cormun/servlet/solicitudot?gx-no-cache=1494515625188 HTTP/1.1" 200 1279
186.103.248.213 - - [11/May/2017:12:12:45 -0300] "POST /cormun/servlet/solicitudot?gx-no-cache=1494515625414 HTTP/1.1" 200 1162
186.103.248.213 - - [11/May/2017:12:13:08 -0300] "GET /cormun/servlet/solicitudot?4dd07f97f3462a43aa60ee011dac8a2188c35af895cc14ebf705802e1999200a72000e1f3f7e0cc1ab52d906b138429059ebb14104a2c93c75ca810490ae9c57dc6413ca1543c2d726ded69b4fc717d88b5bdd219e684911e85296e2c01394e40f3ee9b01a2329744a63a8d10947b3595f57d9e5beeee170f96e663c5bd38427f66429b7e12e0f6350b92ba347d3ab141685331e8772b0c458eedc6912727402e56f21b67ea708084a9600d273efc823f32d29669f56904fe83ec2e6b99ecbd3,gx-no-cache=1494515647948 HTTP/1.1" 200 30
186.103.248.213 - - [11/May/2017:12:13:42 -0300] "GET /cormun/servlet/prcontratosol?13877173,,,,,MD,,gxPopupLevel%3D0%3B HTTP/1.1" 200 5911
190.151.100.218 - - [11/May/2017:12:13:49 -0300] "POST /cormun/servlet/solicitudot?gx-no-cache=1494515687568 HTTP/1.1" 200 1279
190.151.100.218 - - [11/May/2017:12:13:53 -0300] "POST /cormun/servlet/solicitudot?gx-no-cache=1494515689941 HTTP/1.1" 200 1162
186.103.248.213 - - [11/May/2017:12:14:06 -0300] "GET /cormun/servlet/solicitudot?4dd07f97f3462a43aa60ee011dac8a2188c35af895cc14ebf705802e1999200a56b55c0cde056be8d897c52e03ea0ec8207a096dc0436cf4c1a23e055aaa3f9da282370b28c58f9ad6e8b0ec9defd7e8b5b1d618bb8014bd2544e3789fc51104dec56e835a2066b2e101a1b130c04bb6cbb830e8f77dfcfb4f39a3140a41d4cd2798e7e86c0f2bc1526fc386459fc80660081ef038947cd4f3669dddb4253d01f4124a3d1ef42193516f5f8924c723596204743cbeaa582fdfb9a755f2fb924b,gx-no-cache=1494515706269 HTTP/1.1" 200 30
186.103.248.213 - - [11/May/2017:12:14:07 -0300] "POST /cormun/servlet/solicitudot?f17ced2e7fe0a83b46ed600afa4f8bf1,INS,0,0,,gx-no-cache=1494515706401 HTTP/1.1" 200 93
186.103.248.213 - - [11/May/2017:12:14:07 -0300] "GET /cormun/servlet/hpexe_return? HTTP/1.1" 200 1005
186.103.248.213 - - [11/May/2017:12:14:07 -0300] "GET /cormun/servlet/trsolicitudot HTTP/1.1" 200 8075
186.103.248.213 - - [11/May/2017:12:14:08 -0300] "GET /cormun/servlet/trsolicitudot HTTP/1.1" 200 8071
186.103.248.213 - - [11/May/2017:12:14:08 -0300] "GET /cormun//static/Resources/PXToolsActionView.png HTTP/1.1" 200 2995
186.103.132.155 - - [11/May/2017:12:14:08 -0300] "GET /cormun//static/Resources/PXToolsRemoveAllAction.png HTTP/1.1" 200 3558
186.103.132.155 - - [11/May/2017:12:14:13 -0300] "GET /cormun/servlet/trsolicitudot? HTTP/1.1" 200 8071
186.103.132.155 - - [11/May/2017:12:14:14 -0300] "GET /cormun/servlet/trsolicitudot? HTTP/1.1" 200 8071
186.103.248.213 - - [11/May/2017:12:14:17 -0300] "POST /cormun/servlet/trsolicitudot?f17ced2e7fe0a83b46ed600afa4f8bf1,,gx-no-cache=1494515716923 HTTP/1.1" 200 5305
186.103.248.213 - - [11/May/2017:12:14:19 -0300] "GET /cormun/servlet/solicitudot?INS,0,0, HTTP/1.1" 200 12589
186.103.248.213 - - [11/May/2017:12:14:20 -0300] "GET /cormun/servlet/solicitudot?INS,0,0, HTTP/1.1" 200 12593
186.103.248.213 - - [11/May/2017:12:14:22 -0300] "GET /cormun/servlet/prfichaempleado?,MD,,gxPopupLevel%3D0%3B HTTP/1.1" 200 8767
186.103.158.250 - - [11/May/2017:12:14:25 -0300] "POST /cormun/servlet/solicitudot?7d9dbc82bcf2c01ad67d9ff2ffea39c1,INS,0,0,,gx-no-cache=1494519182818 HTTP/1.1" 200 93
186.103.158.250 - - [11/May/2017:12:14:25 -0300] "GET /cormun/servlet/hpexe_return? HTTP/1.1" 200 1012
186.103.158.250 - - [11/May/2017:12:14:25 -0300] "GET /cormun/static/gxcfg.js?2016101716175148 HTTP/1.1" 304 -
186.103.158.250 - - [11/May/2017:12:14:25 -0300] "GET /cormun/servlet/trsolicitudot HTTP/1.1" 200 8017
186.103.158.250 - - [11/May/2017:12:14:27 -0300] "GET /cormun/servlet/trsolicitudot HTTP/1.1" 200 8013
186.103.248.213 - - [11/May/2017:12:14:33 -0300] "POST /cormun/servlet/prfichaempleado?f17ced2e7fe0a83b46ed600afa4f8bf1,,MD,,gxPopupLevel%3D0%3B,gx-no-cache=1494515732855 HTTP/1.1" 200 3405
186.103.132.155 - - [11/May/2017:12:14:37 -0300] "POST /cormun/servlet/solicitudot?gx-no-cache=1494515736681 HTTP/1.1" 200 3181
186.103.132.155 - - [11/May/2017:12:14:37 -0300] "POST /cormun/servlet/solicitudot?f17ced2e7fe0a83b46ed600afa4f8bf1,INS,0,0,,gx-no-cache=1494515737178 HTTP/1.1" 200 9771
186.103.132.155 - - [11/May/2017:12:14:37 -0300] "GET /cormun/servlet/solicitudot?4dd07f97f3462a43aa60ee011dac8a2178f0b824b4f7d2c8a17bd6218de6c69f2b3a8333f785b7f23cd298d4247017fa,gx-no-cache=1494515737593 HTTP/1.1" 200 30
186.103.132.155 - - [11/May/2017:12:14:40 -0300] "POST /cormun/servlet/solicitudot?gx-no-cache=1494515740373 HTTP/1.1" 200 240
186.103.132.155 - - [11/May/2017:12:14:40 -0300] "GET /cormun/servlet/solicitudot?4dd07f97f3462a43aa60ee011dac8a212d564c33c8c238de06f8af3443070765ca27546436a295ffaad9400ba81f2648dbc02b736421f55afb1b3476e7b7761007b65df4ce5ccb7b3e0a98fb78e26b13a9af2b9a1687bba279ecc20d9d1a4befee12cb68a08b89c81f9ad7e5d99dee21db01d4566dda0996c06f81b3a24d68f56ad2bf97cdb46ab40e6f9fca094cc577dff48aa95456cbe842a45537c4c76fe9a44871ba172efd2ec4e309b6a06c8886eb4914bc30a1aaa04e5ccf1665bf612df087b18f3b5c21f60647ccd06f034bf82b63650e9680a8a191faacb454b3079b1a72aca4b3ab75f99ed98ccdd4789420377ca956b76b03bfa6bf544901a09392f41d9a82e19e2a5684c43798a40b4700f62d18a38d761f55584d229518ad79ec06ff171ad1487ea32ab64bb9c3704738e4717bab7bfeb9d028ec5a9f031bb136fb9859120559cbe535d15bdfde345fd116a64033594da57c5e541cc468424a7f45dd9afbef795e2cb8ef2df7c9fe167b5321a7b9fa98c5576a7831716357fb21,gx-no-cache=1494515740489 HTTP/1.1" 200 30
186.103.132.155 - - [11/May/2017:12:14:42 -0300] "POST /cormun/servlet/solicitudot?gx-no-cache=1494515742427 HTTP/1.1" 200 30
186.103.132.155 - - [11/May/2017:12:14:45 -0300] "POST /cormun/servlet/solicitudot?gx-no-cache=1494515745115 HTTP/1.1" 200 30
186.103.132.155 - - [11/May/2017:12:14:56 -0300] "GET /cormun/servlet/prcontratosol?13877173,,,,,MD,,gxPopupLevel%3D0%3B HTTP/1.1" 200 5911
186.67.172.234 - - [11/May/2017:12:15:01 -0300] "GET /cormun/servlet/hlogin HTTP/1.1" 200 1728
186.103.132.155 - - [11/May/2017:12:15:01 -0300] "POST /cormun/servlet/solicitudot?gx-no-cache=1494515761535 HTTP/1.1" 200 1377
186.103.248.213 - - [11/May/2017:12:15:01 -0300] "POST /cormun/servlet/solicitudot?gx-no-cache=1494515761638 HTTP/1.1" 200 117
186.103.248.213 - - [11/May/2017:12:15:01 -0300] "GET /cormun/static/Shared/jqueryui/images/ui-icons_82798d_256x240.png HTTP/1.1" 404 1089
186.103.132.155 - - [11/May/2017:12:15:01 -0300] "GET /cormun/static/Shared/jqueryui/images/ui-bg_highlight-soft_100_c6c2c8_1x100.png HTTP/1.1" 404 1117
186.103.248.213 - - [11/May/2017:12:15:02 -0300] "GET /cormun/servlet/solicitudot?4dd07f97f3462a43aa60ee011dac8a2188fdf9de32bfffc5ea93efc150f8a7ac52efaeb561c9519a463eea53a61fd57f3a253ee7e41ab76c93a5f58a447a464f0b42878a5d3db79a7938d0e4b281ef58e958553b339c5225a53cc3cc9f6142341c7ea2a70039a4f4d88c81c60d61218b4cd09ed70514356ded1d8edbf4875674de3fc1f3f75d3e7098280ade5a5a0e6dc9ce602f1e689c64faba3f997d7d727a,gx-no-cache=1494515761769 HTTP/1.1" 200 29
200.72.197.82 - - [11/May/2017:12:15:02 -0300] "GET /cormun/static/Shared/jqueryui/images/ui-bg_flat_55_994d53_40x100.png HTTP/1.1" 404 1097
190.151.100.218 - - [11/May/2017:12:15:02 -0300] "GET /cormun/static/Shared/jqueryui/images/ui-icons_ebccce_256x240.png HTTP/1.1" 404 1089
186.103.248.213 - - [11/May/2017:12:15:02 -0300] "GET /cormun/servlet/solicitudot?4dd07f97f3462a43aa60ee011dac8a211438c1e2d2ef02fa38a236c4ebfaab1b5c3fb06fd2901694c7691b0d695b7b062b9d86081f44585c7f62cb7587039792b256b84a2b3accdfb7146db25a5a54ab4fe7329d62904c4265a8223e258aa218e15a5b55d07a56766970c1bce344ac986b1033024affbb7b8447e9feaa55a610b5b1d618bb8014bd2544e3789fc511046b58dc6942ec7735f4efad08edbe95c8,gx-no-cache=1494515761876 HTTP/1.1" 200 57
186.103.248.213 - - [11/May/2017:12:15:02 -0300] "GET /cormun/servlet/solicitudot?4dd07f97f3462a43aa60ee011dac8a213b46f8ac1b1b185d4551a241eaf2e24a5c3fb06fd2901694c7691b0d695b7b062b9d86081f44585c7f62cb75870397920585e261ce33d6b374c7122ca49711678cfad757a272b68b29fe35c69e63af46ccb8a26fb5ff09eb176a92dfaee38f0c6cc6b285efe89c495a4247820b418e29,gx-no-cache=1494515761975 HTTP/1.1" 200 57
186.103.248.213 - - [11/May/2017:12:15:12 -0300] "GET /cormun/servlet/trsolicitudot? HTTP/1.1" 200 8072
186.103.248.213 - - [11/May/2017:12:15:13 -0300] "GET /cormun/servlet/trsolicitudot? HTTP/1.1" 200 8071
