192.168.10.62 - - [11/May/2017:10:40:15 -0300] "GET /cormun/servlet/trsolicitudnombre?16817362, HTTP/1.1" 200 7371
192.168.10.62 - - [11/May/2017:10:40:15 -0300] "GET /cormun/servlet/trsolicitudnombre?16817362, HTTP/1.1" 200 7373
192.168.10.62 - - [11/May/2017:10:40:18 -0300] "GET /cormun/servlet/vesolicitudnombre?2017,6216,, HTTP/1.1" 200 8043
192.168.10.62 - - [11/May/2017:10:40:18 -0300] "GET /cormun/pexe_scrolldiv.js HTTP/1.1" 404 1009
192.168.10.62 - - [11/May/2017:10:40:18 -0300] "GET /cormun/pexe_scrolldiv.js HTTP/1.1" 404 1009
192.168.10.62 - - [11/May/2017:10:40:18 -0300] "GET /cormun/servlet/vesolicitudnombre?2017,6216,, HTTP/1.1" 200 8036
192.168.10.62 - - [11/May/2017:10:40:20 -0300] "POST /cormun/servlet/vesolicitudnombre?a9eff5c3335661ce38fe22b465dba438,2017,6216,,,gx-no-cache=1494513284439 HTTP/1.1" 200 90
192.168.10.62 - - [11/May/2017:10:40:20 -0300] "GET /cormun/servlet/hpexe_link HTTP/1.1" 200 979
192.168.10.62 - - [11/May/2017:10:40:20 -0300] "GET /cormun/servlet/trsolicitudnombre?16817362, HTTP/1.1" 200 7370
192.168.10.62 - - [11/May/2017:10:40:21 -0300] "GET /cormun/servlet/trsolicitudnombre?16817362, HTTP/1.1" 200 7373
192.168.10.62 - - [11/May/2017:10:40:26 -0300] "GET /cormun/servlet/trsolicitudgral? HTTP/1.1" 200 9307
192.168.10.62 - - [11/May/2017:10:40:26 -0300] "GET /cormun/servlet/trsolicitudgral? HTTP/1.1" 200 9299
192.168.10.62 - - [11/May/2017:10:40:30 -0300] "POST /cormun/servlet/trsolicitudgral?a9eff5c3335661ce38fe22b465dba438,,gx-no-cache=1494513294143 HTTP/1.1" 200 6264
192.168.10.62 - - [11/May/2017:10:40:32 -0300] "POST /cormun/servlet/trsolicitudgral?a9eff5c3335661ce38fe22b465dba438,,gx-no-cache=1494513296349 HTTP/1.1" 200 105
192.168.10.62 - - [11/May/2017:10:40:32 -0300] "POST /cormun/servlet/trsolicitudgral?a9eff5c3335661ce38fe22b465dba438,,gx-no-cache=1494513296470 HTTP/1.1" 200 6246
192.168.10.62 - - [11/May/2017:10:40:32 -0300] "GET /cormun/SolicitudGral-3035.xls HTTP/1.1" 200 5632
186.103.158.250 - - [11/May/2017:10:40:57 -0300] "POST /cormun/servlet/solicitudot?d8492b03568a304376eec5980ca67eaa,INS,0,0,,gx-no-cache=1494510116433 HTTP/1.1" 200 10124
186.103.158.250 - - [11/May/2017:10:40:57 -0300] "GET /cormun/static/Shared/jqueryui/images/ui-bg_highlight-soft_100_c6c2c8_1x100.png HTTP/1.1" 404 1117
186.103.158.250 - - [11/May/2017:10:40:57 -0300] "GET /cormun/static/Shared/jqueryui/images/ui-icons_82798d_256x240.png HTTP/1.1" 404 1089
186.103.158.250 - - [11/May/2017:10:40:57 -0300] "GET /cormun/static/Shared/jqueryui/images/ui-bg_flat_55_994d53_40x100.png HTTP/1.1" 404 1097
186.103.158.250 - - [11/May/2017:10:40:57 -0300] "GET /cormun/static/Shared/jqueryui/images/ui-icons_ebccce_256x240.png HTTP/1.1" 404 1089
190.45.55.254 - - [11/May/2017:10:41:14 -0300] "GET /cormun/servlet/hlogin HTTP/1.1" 200 1730
190.45.55.254 - - [11/May/2017:10:41:16 -0300] "POST /cormun/servlet/hlogin?913aa0c1cffe471d61b1e1c1b122fbd0,gx-no-cache=1494510137037 HTTP/1.1" 200 90
190.45.55.254 - - [11/May/2017:10:41:16 -0300] "GET /cormun/servlet/hpexe_link HTTP/1.1" 200 959
190.45.55.254 - - [11/May/2017:10:41:17 -0300] "GET /cormun/servlet/hhome HTTP/1.1" 200 4121
190.45.55.254 - - [11/May/2017:10:41:17 -0300] "GET /cormun/static/Shared/jqueryui/jquery-ui.min.css?1245370 HTTP/1.1" 304 -
190.45.55.254 - - [11/May/2017:10:41:17 -0300] "GET /cormun/servlet/hhome HTTP/1.1" 200 4117
190.45.55.254 - - [11/May/2017:10:41:25 -0300] "GET /cormun/servlet/trlicencias? HTTP/1.1" 200 6990
192.168.10.62 - - [11/May/2017:10:41:25 -0300] "POST /cormun/servlet/trsolicitudgral?a9eff5c3335661ce38fe22b465dba438,,gx-no-cache=1494513349690 HTTP/1.1" 200 5192
192.168.10.62 - - [11/May/2017:10:41:25 -0300] "GET /cormun/static/Shared/jqueryui/images/ui-bg_highlight-soft_100_c6c2c8_1x100.png HTTP/1.1" 404 1117
192.168.10.62 - - [11/May/2017:10:41:25 -0300] "GET /cormun/static/Shared/jqueryui/images/ui-icons_82798d_256x240.png HTTP/1.1" 404 1089
192.168.10.62 - - [11/May/2017:10:41:25 -0300] "GET /cormun/static/Shared/jqueryui/images/ui-bg_flat_55_fafafa_40x100.png HTTP/1.1" 404 1097
192.168.10.62 - - [11/May/2017:10:41:25 -0300] "GET /cormun/static/Shared/jqueryui/images/ui-icons_8d78a5_256x240.png HTTP/1.1" 404 1089
190.45.55.254 - - [11/May/2017:10:41:25 -0300] "GET /cormun/servlet/trlicencias? HTTP/1.1" 200 6989
190.45.55.254 - - [11/May/2017:10:41:28 -0300] "GET /cormun/servlet/licenciaspermisos?INS,0,,, HTTP/1.1" 200 7517
190.45.55.254 - - [11/May/2017:10:41:28 -0300] "GET /cormun/static/gxcfg.js?201741111445322 HTTP/1.1" 200 953
190.45.55.254 - - [11/May/2017:10:41:28 -0300] "GET /cormun/static/licenciaspermisos.js?201741111445392 HTTP/1.1" 304 -
190.45.55.254 - - [11/May/2017:10:41:29 -0300] "GET /cormun/servlet/licenciaspermisos?INS,0,,, HTTP/1.1" 200 7525
192.168.10.62 - - [11/May/2017:10:41:31 -0300] "POST /cormun/servlet/trsolicitudgral?a9eff5c3335661ce38fe22b465dba438,,gx-no-cache=1494513355149 HTTP/1.1" 200 5005
192.168.10.62 - - [11/May/2017:10:41:32 -0300] "POST /cormun/servlet/trsolicitudgral?a9eff5c3335661ce38fe22b465dba438,,gx-no-cache=1494513356136 HTTP/1.1" 200 5006
192.168.10.62 - - [11/May/2017:10:41:35 -0300] "GET /cormun/servlet/trconsultaempleado? HTTP/1.1" 200 6302
192.168.10.62 - - [11/May/2017:10:41:35 -0300] "GET /cormun/servlet/trconsultaempleado? HTTP/1.1" 200 6302
190.45.55.254 - - [11/May/2017:10:41:41 -0300] "GET /cormun/servlet/licenciaspermisos?5393feaef0272be273f09c0803000b00d9f3bfab0815e7042a944fe41c2e7b2df7adef833277005b71d3a5422a41a576,gx-no-cache=1494510161535 HTTP/1.1" 200 65
190.45.55.254 - - [11/May/2017:10:41:41 -0300] "POST /cormun/servlet/licenciaspermisos?913aa0c1cffe471d61b1e1c1b122fbd0,INS,0,,,,gx-no-cache=1494510161614 HTTP/1.1" 200 4630
192.168.10.62 - - [11/May/2017:10:41:43 -0300] "POST /cormun/servlet/trconsultaempleado?a9eff5c3335661ce38fe22b465dba438,,gx-no-cache=1494513366948 HTTP/1.1" 200 4061
192.168.10.62 - - [11/May/2017:10:41:46 -0300] "GET /cormun/servlet/trsolicitudnombre?17503733, HTTP/1.1" 200 7637
192.168.10.62 - - [11/May/2017:10:41:46 -0300] "GET /cormun/servlet/trsolicitudnombre?17503733, HTTP/1.1" 200 7640
192.168.10.62 - - [11/May/2017:10:41:50 -0300] "GET /cormun/servlet/vesolicitudnombre?2017,4050,, HTTP/1.1" 200 8047
192.168.10.62 - - [11/May/2017:10:41:50 -0300] "GET /cormun/pexe_scrolldiv.js HTTP/1.1" 404 1009
192.168.10.62 - - [11/May/2017:10:41:50 -0300] "GET /cormun/pexe_scrolldiv.js HTTP/1.1" 404 1009
192.168.10.62 - - [11/May/2017:10:41:50 -0300] "GET /cormun/servlet/vesolicitudnombre?2017,4050,, HTTP/1.1" 200 8041
192.168.10.62 - - [11/May/2017:10:41:53 -0300] "GET /cormun/servlet/vesolicitudnombre?2017,4050,,SolicitudOTLog HTTP/1.1" 200 8690
192.168.10.62 - - [11/May/2017:10:41:53 -0300] "GET /cormun/pexe_scrolldiv.js HTTP/1.1" 404 1009
192.168.10.62 - - [11/May/2017:10:41:53 -0300] "GET /cormun/pexe_scrolldiv.js HTTP/1.1" 404 1009
192.168.10.62 - - [11/May/2017:10:41:53 -0300] "GET /cormun/servlet/vesolicitudnombre?2017,4050,,SolicitudOTLog HTTP/1.1" 200 8695
192.168.10.62 - - [11/May/2017:10:41:54 -0300] "POST /cormun/servlet/acontrolpreferencessavestate?None,FGONZALEZG,true HTTP/1.1" 200 35
190.45.55.254 - - [11/May/2017:10:41:57 -0300] "GET /cormun/static/menuarrow.gif HTTP/1.1" 404 1015
192.168.10.62 - - [11/May/2017:10:41:57 -0300] "POST /cormun/servlet/vesolicitudnombre?a9eff5c3335661ce38fe22b465dba438,2017,4050,,SolicitudOTLog,gx-no-cache=1494513381603 HTTP/1.1" 200 90
192.168.10.62 - - [11/May/2017:10:41:57 -0300] "GET /cormun/servlet/hpexe_link HTTP/1.1" 200 985
192.168.10.62 - - [11/May/2017:10:41:57 -0300] "GET /cormun/servlet/trsolicitudnombre?17503733, HTTP/1.1" 200 7638
192.168.10.62 - - [11/May/2017:10:41:58 -0300] "GET /cormun/servlet/trsolicitudnombre?17503733, HTTP/1.1" 200 7640
192.168.10.62 - - [11/May/2017:10:42:03 -0300] "GET /cormun/servlet/vesolicitudnombre?2017,6009,, HTTP/1.1" 200 7986
192.168.10.62 - - [11/May/2017:10:42:03 -0300] "GET /cormun/pexe_scrolldiv.js HTTP/1.1" 404 1009
192.168.10.62 - - [11/May/2017:10:42:03 -0300] "GET /cormun/pexe_scrolldiv.js HTTP/1.1" 404 1009
192.168.10.62 - - [11/May/2017:10:42:04 -0300] "GET /cormun/servlet/vesolicitudnombre?2017,6009,, HTTP/1.1" 200 7979
192.168.10.62 - - [11/May/2017:10:42:06 -0300] "GET /cormun/servlet/vesolicitudnombre?2017,6009,,SolicitudOTLog HTTP/1.1" 200 9323
192.168.10.62 - - [11/May/2017:10:42:06 -0300] "GET /cormun/pexe_scrolldiv.js HTTP/1.1" 404 1009
192.168.10.62 - - [11/May/2017:10:42:06 -0300] "GET /cormun/pexe_scrolldiv.js HTTP/1.1" 404 1009
192.168.10.62 - - [11/May/2017:10:42:06 -0300] "GET /cormun/servlet/vesolicitudnombre?2017,6009,,SolicitudOTLog HTTP/1.1" 200 9325
192.168.10.62 - - [11/May/2017:10:42:07 -0300] "POST /cormun/servlet/acontrolpreferencessavestate?None,FGONZALEZG,true HTTP/1.1" 200 35
192.168.10.62 - - [11/May/2017:10:42:10 -0300] "POST /cormun/servlet/vesolicitudnombre?a9eff5c3335661ce38fe22b465dba438,2017,6009,,SolicitudOTLog,gx-no-cache=1494513394703 HTTP/1.1" 200 90
192.168.10.62 - - [11/May/2017:10:42:10 -0300] "GET /cormun/servlet/hpexe_link HTTP/1.1" 200 986
192.168.10.62 - - [11/May/2017:10:42:10 -0300] "GET /cormun/servlet/trsolicitudnombre?17503733, HTTP/1.1" 200 7636
192.168.10.62 - - [11/May/2017:10:42:11 -0300] "GET /cormun/servlet/trsolicitudnombre?17503733, HTTP/1.1" 200 7640
186.79.196.128 - - [11/May/2017:10:42:28 -0300] "GET /cormun/servlet/hlogin HTTP/1.1" 200 1720
186.79.196.128 - - [11/May/2017:10:42:29 -0300] "GET /cormun/static/gxcfg.js?201741110203197 HTTP/1.1" 304 -
186.79.196.128 - - [11/May/2017:10:42:29 -0300] "GET /cormun/static/messages.spa.js?85251 HTTP/1.1" 304 -
186.79.196.128 - - [11/May/2017:10:42:29 -0300] "GET /cormun/static/hlogin.js?201741110203211 HTTP/1.1" 304 -
186.79.196.128 - - [11/May/2017:10:42:29 -0300] "GET /cormun/servlet/hlogin HTTP/1.1" 200 1728
186.79.196.128 - - [11/May/2017:10:42:29 -0300] "GET /favicon.ico HTTP/1.1" 200 21630
186.79.196.128 - - [11/May/2017:10:42:46 -0300] "POST /cormun/servlet/hlogin?8bc9d3dbb08af8eed56b801e13099527,gx-no-cache=1494510226131 HTTP/1.1" 200 90
186.79.196.128 - - [11/May/2017:10:42:46 -0300] "GET /cormun/servlet/hpexe_link HTTP/1.1" 200 949
186.79.196.128 - - [11/May/2017:10:42:46 -0300] "GET /cormun/static/gxcfg.js?201731711483381 HTTP/1.1" 304 -
186.79.196.128 - - [11/May/2017:10:42:46 -0300] "GET /cormun/servlet/hhome HTTP/1.1" 200 4013
186.79.196.128 - - [11/May/2017:10:42:46 -0300] "GET /cormun/static/gxcfg.js?201731711483497 HTTP/1.1" 304 -
186.79.196.128 - - [11/May/2017:10:42:47 -0300] "GET /cormun/servlet/hhome HTTP/1.1" 200 4009
192.168.10.62 - - [11/May/2017:10:42:54 -0300] "GET /cormun/servlet/trconsultaempleado? HTTP/1.1" 200 6290
192.168.10.62 - - [11/May/2017:10:42:55 -0300] "GET /cormun/servlet/trconsultaempleado? HTTP/1.1" 200 6289
186.79.196.128 - - [11/May/2017:10:42:57 -0300] "GET /cormun/servlet/trpermisosgoce? HTTP/1.1" 200 7619
186.79.196.128 - - [11/May/2017:10:42:57 -0300] "GET /cormun/static/gxcfg.js?20174111153177 HTTP/1.1" 304 -
186.79.196.128 - - [11/May/2017:10:42:57 -0300] "GET /cormun/static/trpermisosgoce.js?20174111153217 HTTP/1.1" 304 -
186.79.196.128 - - [11/May/2017:10:42:57 -0300] "GET /cormun/servlet/trpermisosgoce? HTTP/1.1" 200 7616
186.79.196.128 - - [11/May/2017:10:43:03 -0300] "GET /cormun/servlet/permisogoce?INS,0,,, HTTP/1.1" 200 6787
186.79.196.128 - - [11/May/2017:10:43:03 -0300] "GET /cormun/static/gxcfg.js?201741111325459 HTTP/1.1" 304 -
186.79.196.128 - - [11/May/2017:10:43:03 -0300] "GET /cormun/static/permisogoce.js?20174111132557 HTTP/1.1" 304 -
186.79.196.128 - - [11/May/2017:10:43:03 -0300] "GET /cormun/servlet/permisogoce?INS,0,,, HTTP/1.1" 200 6787
186.79.196.128 - - [11/May/2017:10:43:12 -0300] "GET /cormun/servlet/permisogoce?0dc9470b9f0a3ef26efcba612c1d6681853ef43931e043ba4185ea1ea9ec46f4ab6c6ee613e0be9c69efc766d6142b21,gx-no-cache=1494510252066 HTTP/1.1" 200 73
186.79.196.128 - - [11/May/2017:10:43:23 -0300] "GET /cormun/static/menuarrow.gif HTTP/1.1" 404 1015
186.79.196.128 - - [11/May/2017:10:43:31 -0300] "GET /cormun/servlet/permisogoce?0dc9470b9f0a3ef26efcba612c1d6681bcb9f204be61d26fa9efac83fd4540fa3429bd8e9546349b789370e9b46bc7c96eb08dba3fd6de4bc1e55615b37879b6,gx-no-cache=1494510271792 HTTP/1.1" 200 47
190.45.55.254 - - [11/May/2017:10:43:35 -0300] "GET /cormun/servlet/licenciaspermisos?5393feaef0272be273f09c0803000b00801b5fe81ff45cfcf1fb7cb3bb3fbc96b73ef295ce360ab267ca8a5cc9b288c28f334516c2b9a35d81ddb63c5c93b4c81219c8ceff043e35d306ceeef015bbd1690aa509cc9ab82dd7c3dd45d1526d86f0fc323c83ff94aa087716f7451ada9fd80828f7cae332c356975e6c9f59a624754713f409e725aeec2cae0bbeb3da621214a106d47cdf673ea6c3b651d36ffe41b3effdeafcc3eca2a3f89ad59ab0126faa001c814281d60f433d2ea90a001b8daea2755c402cdb018a6961eccb32ae594989b0bcb340820b7e03ce0d103ba5,gx-no-cache=1494510275481 HTTP/1.1" 200 30
190.45.55.254 - - [11/May/2017:10:43:35 -0300] "GET /cormun/servlet/licenciaspermisos?5393feaef0272be273f09c0803000b00b53494bad0fd25f06d765551eb24dbf410e64bb85e22e38c13b0c32992f6c3e6e9f62c501a67e79388361a9b3706c5cb36327f016f36670ac444d2e05900e8f70efcf76909e5858fe98687ca0a30492d9932a6eebc95b01ab93015591306c82d7d8436e5782623e4e7edb30ec94654374cad2298e87298a50f7275d688b3dc83384e633f8651c31a7433797bafd7ccd664f99b9973630c940e5071b4f2ace4b028d7b22a6521be14094476ac724718fd10844c7607b20ef91282d451b6d62ce548cfc6c184ac0a8cc0acc60a8e4feb47,gx-no-cache=1494510275621 HTTP/1.1" 200 29
190.45.55.254 - - [11/May/2017:10:43:35 -0300] "POST /cormun/servlet/licenciaspermisos?913aa0c1cffe471d61b1e1c1b122fbd0,INS,0,,,,gx-no-cache=1494510275684 HTTP/1.1" 200 93
190.45.55.254 - - [11/May/2017:10:43:35 -0300] "GET /cormun/servlet/hpexe_return? HTTP/1.1" 200 1018
190.45.55.254 - - [11/May/2017:10:43:35 -0300] "GET /cormun/servlet/trlicencias HTTP/1.1" 200 8152
190.45.55.254 - - [11/May/2017:10:43:36 -0300] "GET /cormun/servlet/trlicencias HTTP/1.1" 200 8148
190.45.55.254 - - [11/May/2017:10:43:38 -0300] "GET /cormun/servlet/alicenciaprn?10955447,L,20170511000000,PU HTTP/1.1" 200 1544
186.79.196.128 - - [11/May/2017:10:43:58 -0300] "POST /cormun/servlet/permisogoce?8bc9d3dbb08af8eed56b801e13099527,INS,0,,,,gx-no-cache=1494510297820 HTTP/1.1" 200 93
186.79.196.128 - - [11/May/2017:10:43:58 -0300] "GET /cormun/servlet/hpexe_return? HTTP/1.1" 200 1005
186.79.196.128 - - [11/May/2017:10:43:58 -0300] "GET /cormun/static/gxcfg.js?2016101716175148 HTTP/1.1" 304 -
186.79.196.128 - - [11/May/2017:10:43:59 -0300] "GET /cormun/servlet/trpermisosgoce HTTP/1.1" 200 7877
192.168.10.62 - - [11/May/2017:10:43:59 -0300] "POST /cormun/servlet/trconsultaempleado?a9eff5c3335661ce38fe22b465dba438,,gx-no-cache=1494513503181 HTTP/1.1" 200 4082
186.79.196.128 - - [11/May/2017:10:44:00 -0300] "GET /cormun/servlet/trpermisosgoce HTTP/1.1" 200 7873
186.79.196.128 - - [11/May/2017:10:44:08 -0300] "GET /cormun/servlet/apermisogoceprn?15691727,P,20170511113822,PU HTTP/1.1" 200 1653
186.103.158.250 - - [11/May/2017:10:44:17 -0300] "POST /cormun/servlet/solicitudot?gx-no-cache=1494510316907 HTTP/1.1" 200 255
186.103.158.250 - - [11/May/2017:10:44:21 -0300] "GET /cormun/servlet/solicitudot?dfae64f2b8e75cd51da65a3be663c98c8e5b72e479fb669cef499fb495afd5e9685440f8a5e03b5ab54dda2fe41df4106d4677c9b1ee7857272033dc4dd3c2b4782e3a6881eca07a88f480fb2e9847242314e6467d50b28b27112d1b6aa9517b27ce27b0cf17496838eb94cf7c481c385e6f0a986989bcc8022d4923e7c163aa1a148812ef4771e892318590785d2ceedb50a582c9d0a805c9c0f82cd9e7b9fed5bd9cedfca2eeb97d9a8ceff00fca35fbf23cf6fc86976c8623b81d0a48bb97957c4f485915cb3438d05ca459b41bbe319e26a1fb89eab9fee282e82ffc8aab3edbca06a9603cb8bf4187cac2f8fe969143f6f7ea3ebdf49bb8252bdbb898bfe5a1b658318b959a7df03b464f8fe85bef12e56161524f27555d75bd499c4c644fce75760cd1018aff64586127c7c9d99138736d9cda97570f775059a346a3217fb5e3a2684a71a438f8297296e54c648c795f0e1b7116db4e62ea9f8f2cda9a510208dc716974f476b4ff208b5683b1ac99614fd3195e24181b01958ba93d78,gx-no-cache=1494510320570 HTTP/1.1" 200 30
192.168.10.62 - - [11/May/2017:10:44:22 -0300] "POST /cormun/servlet/trconsultaempleado?a9eff5c3335661ce38fe22b465dba438,,gx-no-cache=1494513526637 HTTP/1.1" 200 3778
192.168.10.62 - - [11/May/2017:10:44:26 -0300] "POST /cormun/servlet/trconsultaempleado?a9eff5c3335661ce38fe22b465dba438,,gx-no-cache=1494513530237 HTTP/1.1" 200 4083
186.103.158.250 - - [11/May/2017:10:44:35 -0300] "POST /cormun/servlet/solicitudot?gx-no-cache=1494510334518 HTTP/1.1" 200 30
186.103.158.250 - - [11/May/2017:10:44:35 -0300] "POST /cormun/servlet/solicitudot?gx-no-cache=1494510334588 HTTP/1.1" 200 722
186.103.158.250 - - [11/May/2017:10:44:35 -0300] "POST /cormun/servlet/solicitudot?gx-no-cache=1494510334671 HTTP/1.1" 200 38
192.168.10.89 - - [11/May/2017:10:49:25 -0300] "GET /cormun/servlet/vesolicitudnombre?2017,4931,,SolicitudOTAdjuntos HTTP/1.1" 200 10809
192.168.10.89 - - [11/May/2017:10:49:26 -0300] "GET /cormun/pexe_scrolldiv.js HTTP/1.1" 404 1009
192.168.10.89 - - [11/May/2017:10:49:27 -0300] "POST /cormun/servlet/acontrolpreferencessavestate?None,CDROGUETT,true HTTP/1.1" 200 35
192.168.10.89 - - [11/May/2017:10:49:29 -0300] "POST /cormun/servlet/vesolicitudnombre?0c1806c074f43a5fa44517f1de04f0e4,2017,4931,,SolicitudOTAdjuntos,gx-no-cache=1494513833340 HTTP/1.1" 200 90
192.168.10.89 - - [11/May/2017:10:49:29 -0300] "GET /cormun/servlet/hpexe_link HTTP/1.1" 200 991
192.168.10.89 - - [11/May/2017:10:49:29 -0300] "GET /cormun/servlet/trsolicitudnombre?14200187, HTTP/1.1" 200 8409
192.168.10.89 - - [11/May/2017:10:49:33 -0300] "POST /cormun/servlet/trsolicitudnombre?0c1806c074f43a5fa44517f1de04f0e4,14200187,,gx-no-cache=1494513837305 HTTP/1.1" 200 90
192.168.10.89 - - [11/May/2017:10:49:33 -0300] "GET /cormun/servlet/hpexe_link HTTP/1.1" 200 980
192.168.10.89 - - [11/May/2017:10:49:33 -0300] "GET /cormun/servlet/trconsultaempleado? HTTP/1.1" 200 6916
192.168.10.89 - - [11/May/2017:10:49:36 -0300] "POST /cormun/servlet/trconsultaempleado?0c1806c074f43a5fa44517f1de04f0e4,,gx-no-cache=1494513840242 HTTP/1.1" 200 90
192.168.10.89 - - [11/May/2017:10:49:36 -0300] "GET /cormun/servlet/hpexe_link HTTP/1.1" 200 963
192.168.10.89 - - [11/May/2017:10:49:36 -0300] "GET /cormun/servlet/hhome HTTP/1.1" 200 4459
192.168.10.89 - - [11/May/2017:10:49:49 -0300] "GET /cormun/servlet/trsolicitudgral? HTTP/1.1" 200 25537
192.168.10.89 - - [11/May/2017:10:49:55 -0300] "GET /cormun/static/menuarrow.gif HTTP/1.1" 404 1015
192.168.10.89 - - [11/May/2017:10:50:03 -0300] "POST /cormun/servlet/trsolicitudgral?0c1806c074f43a5fa44517f1de04f0e4,,gx-no-cache=1494513867616 HTTP/1.1" 200 5468
192.168.10.89 - - [11/May/2017:10:50:09 -0300] "POST /cormun/servlet/trsolicitudgral?0c1806c074f43a5fa44517f1de04f0e4,,gx-no-cache=1494513873504 HTTP/1.1" 200 6746
192.168.10.89 - - [11/May/2017:10:51:46 -0300] "GET /cormun/servlet/trconsultaempleado? HTTP/1.1" 200 6910
192.168.10.89 - - [11/May/2017:10:51:51 -0300] "POST /cormun/servlet/trconsultaempleado?0c1806c074f43a5fa44517f1de04f0e4,,gx-no-cache=1494513975849 HTTP/1.1" 200 4403
192.168.10.89 - - [11/May/2017:10:51:53 -0300] "GET /cormun/servlet/trsolicitudnombre?22783990, HTTP/1.1" 200 7776
186.103.158.250 - - [11/May/2017:10:53:49 -0300] "GET /cormun/servlet/hlogin HTTP/1.1" 200 1727
186.103.158.250 - - [11/May/2017:10:53:49 -0300] "GET /cormun/static/gxcfg.js?201741110203197 HTTP/1.1" 304 -
186.103.158.250 - - [11/May/2017:10:53:49 -0300] "GET /cormun/static/messages.spa.js?85251 HTTP/1.1" 304 -
186.103.158.250 - - [11/May/2017:10:53:49 -0300] "GET /cormun/static/hlogin.js?201741110203211 HTTP/1.1" 304 -
186.103.158.250 - - [11/May/2017:10:53:50 -0300] "GET /cormun/servlet/hlogin HTTP/1.1" 200 1740
186.103.158.250 - - [11/May/2017:10:54:04 -0300] "POST /cormun/servlet/hlogin?7d9dbc82bcf2c01ad67d9ff2ffea39c1,gx-no-cache=1494514362847 HTTP/1.1" 200 90
186.103.158.250 - - [11/May/2017:10:54:04 -0300] "GET /cormun/servlet/hpexe_link HTTP/1.1" 200 959
186.103.158.250 - - [11/May/2017:10:54:05 -0300] "GET /cormun/static/gxcfg.js?201731711483381 HTTP/1.1" 304 -
186.103.158.250 - - [11/May/2017:10:54:05 -0300] "GET /cormun/servlet/hhome HTTP/1.1" 200 3793
186.103.158.250 - - [11/May/2017:10:54:05 -0300] "GET /cormun/static/gxcfg.js?201731711483497 HTTP/1.1" 304 -
186.103.158.250 - - [11/May/2017:10:54:07 -0300] "GET /cormun/servlet/hhome HTTP/1.1" 200 3790
186.103.158.250 - - [11/May/2017:10:58:40 -0300] "GET /cormun/servlet/trsolicitudot? HTTP/1.1" 200 6746
186.103.158.250 - - [11/May/2017:10:58:41 -0300] "GET /cormun/static/gxcfg.js?201731711505139 HTTP/1.1" 304 -
186.103.158.250 - - [11/May/2017:10:58:42 -0300] "GET /cormun/servlet/trsolicitudot? HTTP/1.1" 200 6745
186.67.172.234 - - [11/May/2017:10:58:43 -0300] "GET /cormun/servlet/hlogin HTTP/1.1" 200 1726
186.67.172.234 - - [11/May/2017:10:58:44 -0300] "GET /cormun/static/gxcfg.js?201741110203197 HTTP/1.1" 304 -
186.67.172.234 - - [11/May/2017:10:58:44 -0300] "GET /cormun/static/messages.spa.js?85251 HTTP/1.1" 304 -
186.67.172.234 - - [11/May/2017:10:58:44 -0300] "GET /cormun/static/hlogin.js?201741110203211 HTTP/1.1" 304 -
186.103.158.250 - - [11/May/2017:10:58:48 -0300] "GET /cormun/servlet/solicitudot?INS,0,0, HTTP/1.1" 200 12608
186.103.158.250 - - [11/May/2017:10:58:48 -0300] "GET /cormun/static/gxcfg.js?20171191042720 HTTP/1.1" 304 -
186.103.158.250 - - [11/May/2017:10:58:49 -0300] "GET /cormun/servlet/solicitudot?INS,0,0, HTTP/1.1" 200 12613
186.67.172.234 - - [11/May/2017:10:58:54 -0300] "POST /cormun/servlet/hlogin?64d337a43d4b119211fac37e56ea16a1,gx-no-cache=1494511192009 HTTP/1.1" 200 90
186.67.172.234 - - [11/May/2017:10:58:54 -0300] "GET /cormun/servlet/hpexe_link HTTP/1.1" 200 952
186.67.172.234 - - [11/May/2017:10:58:54 -0300] "GET /cormun/static/gxcfg.js?201731711483381 HTTP/1.1" 304 -
186.67.172.234 - - [11/May/2017:10:58:54 -0300] "GET /cormun/servlet/hhome HTTP/1.1" 200 4048
186.67.172.234 - - [11/May/2017:10:58:54 -0300] "GET /cormun/static/gxcfg.js?201731711483497 HTTP/1.1" 304 -
186.67.172.234 - - [11/May/2017:10:58:55 -0300] "GET /cormun/servlet/hhome HTTP/1.1" 200 4045
186.67.172.234 - - [11/May/2017:10:59:01 -0300] "GET /cormun/servlet/trautorizarpermisogoce? HTTP/1.1" 200 6792
186.67.172.234 - - [11/May/2017:10:59:02 -0300] "GET /cormun/servlet/trautorizarpermisogoce? HTTP/1.1" 200 6792
186.103.158.250 - - [11/May/2017:10:59:05 -0300] "POST /cormun/servlet/solicitudot?gx-no-cache=1494514663278 HTTP/1.1" 200 3092
186.103.158.250 - - [11/May/2017:10:59:05 -0300] "POST /cormun/servlet/solicitudot?7d9dbc82bcf2c01ad67d9ff2ffea39c1,INS,0,0,,gx-no-cache=1494514663646 HTTP/1.1" 200 9692
186.103.158.250 - - [11/May/2017:10:59:12 -0300] "GET /cormun/servlet/solicitudot?7b99e5c9790db59172216be88f5609ad547ac07b2b2fa29abc16aed3391c1fb2db287045d6a09ab93a52adbe67976979,gx-no-cache=1494514670061 HTTP/1.1" 200 30
186.103.157.98 - - [11/May/2017:11:00:57 -0300] "GET /cormun/servlet/hpexe_return? HTTP/1.1" 200 986
186.103.157.98 - - [11/May/2017:11:00:57 -0300] "GET /cormun/static/messages.spa.js?85251 HTTP/1.1" 304 -
186.103.157.98 - - [11/May/2017:11:00:57 -0300] "GET /cormun/static/gxcfg.js?2016101716175148 HTTP/1.1" 304 -
186.103.157.98 - - [11/May/2017:11:00:57 -0300] "GET /cormun/servlet/hhome HTTP/1.1" 200 3350
186.103.157.98 - - [11/May/2017:11:00:57 -0300] "GET /cormun/static/gxcfg.js?201731711483497 HTTP/1.1" 304 -
186.103.157.98 - - [11/May/2017:11:00:58 -0300] "GET /cormun/servlet/hlogin HTTP/1.1" 200 1736
186.103.157.98 - - [11/May/2017:11:00:58 -0300] "GET /cormun/servlet/hhome HTTP/1.1" 200 3345
186.103.157.98 - - [11/May/2017:11:00:58 -0300] "GET /cormun/static/gxcfg.js?201741110203197 HTTP/1.1" 304 -
186.103.157.98 - - [11/May/2017:11:00:58 -0300] "GET /cormun/static/hlogin.js?201741110203211 HTTP/1.1" 304 -
186.103.157.98 - - [11/May/2017:11:00:59 -0300] "POST /cormun/servlet/hlogin?2e206082d7566b6ae96371a174a5b857,gx-no-cache=1494511320801 HTTP/1.1" 200 90
186.103.157.98 - - [11/May/2017:11:00:59 -0300] "GET /cormun/servlet/hpexe_link HTTP/1.1" 200 955
186.103.157.98 - - [11/May/2017:11:00:59 -0300] "GET /cormun/static/gxcfg.js?201731711483381 HTTP/1.1" 304 -
186.103.157.98 - - [11/May/2017:11:00:59 -0300] "GET /cormun/servlet/hhome HTTP/1.1" 200 4031
186.103.157.98 - - [11/May/2017:11:01:00 -0300] "GET /cormun/servlet/hhome HTTP/1.1" 200 4027
186.103.157.98 - - [11/May/2017:11:01:03 -0300] "GET /cormun/servlet/trsolicitudot? HTTP/1.1" 200 8260
186.103.157.98 - - [11/May/2017:11:01:03 -0300] "GET /cormun/static/gxcfg.js?201731711505139 HTTP/1.1" 304 -
186.103.157.98 - - [11/May/2017:11:01:03 -0300] "GET /cormun/servlet/trsolicitudot? HTTP/1.1" 200 8258
186.103.157.98 - - [11/May/2017:11:01:18 -0300] "GET /cormun/servlet/trlicencias? HTTP/1.1" 200 6897
186.103.157.98 - - [11/May/2017:11:01:18 -0300] "GET /cormun/static/gxcfg.js?201741111445981 HTTP/1.1" 304 -
186.103.157.98 - - [11/May/2017:11:01:18 -0300] "GET /cormun/static/trlicencias.js?20174111145440 HTTP/1.1" 304 -
186.103.157.98 - - [11/May/2017:11:01:19 -0300] "GET /cormun/servlet/trlicencias? HTTP/1.1" 200 6896
186.103.157.98 - - [11/May/2017:11:02:26 -0300] "GET /cormun/servlet/hpexe_return? HTTP/1.1" 200 992
186.103.157.98 - - [11/May/2017:11:02:26 -0300] "GET /cormun/servlet/trsolicitudot HTTP/1.1" 200 8262
186.103.157.98 - - [11/May/2017:11:02:27 -0300] "GET /cormun/servlet/trsolicitudot HTTP/1.1" 200 8258
186.103.157.98 - - [11/May/2017:11:02:32 -0300] "GET /cormun/servlet/trlicencias? HTTP/1.1" 200 6897
186.103.157.98 - - [11/May/2017:11:02:32 -0300] "GET /cormun/servlet/trlicencias? HTTP/1.1" 200 6896
192.168.10.89 - - [11/May/2017:11:03:26 -0300] "GET /cormun/servlet/trsolicitudgral? HTTP/1.1" 200 10067
192.168.10.89 - - [11/May/2017:11:03:33 -0300] "POST /cormun/servlet/trsolicitudgral?0c1806c074f43a5fa44517f1de04f0e4,,gx-no-cache=1494514677862 HTTP/1.1" 200 5487
192.168.10.89 - - [11/May/2017:11:03:38 -0300] "POST /cormun/servlet/trsolicitudgral?0c1806c074f43a5fa44517f1de04f0e4,,gx-no-cache=1494514682335 HTTP/1.1" 200 7130
192.168.10.89 - - [11/May/2017:11:03:47 -0300] "GET /cormun/servlet/hlogin HTTP/1.1" 200 1743
192.168.10.89 - - [11/May/2017:11:04:02 -0300] "POST /cormun/servlet/hlogin?0c1806c074f43a5fa44517f1de04f0e4,gx-no-cache=1494514706029 HTTP/1.1" 200 456
192.168.10.89 - - [11/May/2017:11:04:06 -0300] "POST /cormun/servlet/hlogin?0c1806c074f43a5fa44517f1de04f0e4,gx-no-cache=1494514710661 HTTP/1.1" 200 90
192.168.10.89 - - [11/May/2017:11:04:06 -0300] "GET /cormun/servlet/hpexe_link HTTP/1.1" 200 955
192.168.10.89 - - [11/May/2017:11:04:07 -0300] "GET /cormun/servlet/hhome HTTP/1.1" 200 4028
186.79.53.48 - - [11/May/2017:11:04:07 -0300] "GET /cormun/servlet/hlogin HTTP/1.1" 200 1719
192.168.10.89 - - [11/May/2017:11:04:09 -0300] "GET /cormun/servlet/trsolicitudot? HTTP/1.1" 200 8261
192.168.10.89 - - [11/May/2017:11:04:09 -0300] "GET /cormun/static/gxcfg.js?201731711505139 HTTP/1.1" 304 -
192.168.10.89 - - [11/May/2017:11:04:13 -0300] "GET /cormun/static/menuarrow.gif HTTP/1.1" 404 1015
192.168.10.89 - - [11/May/2017:11:04:17 -0300] "POST /cormun/servlet/trsolicitudot?0c1806c074f43a5fa44517f1de04f0e4,,gx-no-cache=1494514721124 HTTP/1.1" 200 5411
186.79.53.48 - - [11/May/2017:11:04:17 -0300] "POST /cormun/servlet/hlogin?cc79999a5a061cc78659d44799733700,gx-no-cache=1494511516193 HTTP/1.1" 200 90
186.79.53.48 - - [11/May/2017:11:04:17 -0300] "GET /cormun/servlet/hpexe_link HTTP/1.1" 200 949
186.79.53.48 - - [11/May/2017:11:04:18 -0300] "GET /cormun/servlet/hhome HTTP/1.1" 200 3739
192.168.10.89 - - [11/May/2017:11:04:19 -0300] "GET /cormun/servlet/trautorizarsolicitud? HTTP/1.1" 200 6958
192.168.10.89 - - [11/May/2017:11:04:19 -0300] "GET /cormun/static/gxcfg.js?2017259112829 HTTP/1.1" 304 -
186.79.53.48 - - [11/May/2017:11:04:20 -0300] "GET /cormun/servlet/hhome HTTP/1.1" 200 3737
192.168.10.89 - - [11/May/2017:11:04:24 -0300] "GET /cormun/static/menuarrow.gif HTTP/1.1" 404 1015
186.79.53.48 - - [11/May/2017:11:04:25 -0300] "GET /cormun/servlet/trlicencias? HTTP/1.1" 200 6571
186.79.53.48 - - [11/May/2017:11:04:26 -0300] "GET /cormun/servlet/trlicencias? HTTP/1.1" 200 6569
192.168.10.89 - - [11/May/2017:11:04:27 -0300] "POST /cormun/servlet/trautorizarsolicitud?0c1806c074f43a5fa44517f1de04f0e4,,gx-no-cache=1494514730973 HTTP/1.1" 200 4123
186.79.53.48 - - [11/May/2017:11:04:29 -0300] "GET /cormun/servlet/licenciaspermisos?INS,0,,, HTTP/1.1" 200 7121
186.79.53.48 - - [11/May/2017:11:04:31 -0300] "GET /cormun/servlet/licenciaspermisos?INS,0,,, HTTP/1.1" 200 7121
186.79.53.48 - - [11/May/2017:11:04:43 -0300] "GET /cormun/servlet/prfichaempleado?,MD,,gxPopupLevel%3D0%3B HTTP/1.1" 200 8748
186.79.53.48 - - [11/May/2017:11:04:57 -0300] "POST /cormun/servlet/prfichaempleado?cc79999a5a061cc78659d44799733700,,MD,,gxPopupLevel%3D0%3B,gx-no-cache=1494511555149 HTTP/1.1" 200 3458
186.103.157.42 - - [11/May/2017:11:05:00 -0300] "GET /cormun/servlet/trsolicitudot? HTTP/1.1" 200 7368
186.103.157.42 - - [11/May/2017:11:05:01 -0300] "GET /cormun/static/gxcfg.js?201731711505139 HTTP/1.1" 304 -
186.103.157.42 - - [11/May/2017:11:05:01 -0300] "GET /cormun/servlet/hlogin HTTP/1.1" 200 1738
186.103.157.42 - - [11/May/2017:11:05:01 -0300] "GET /cormun/servlet/trsolicitudot? HTTP/1.1" 200 7366
186.103.157.42 - - [11/May/2017:11:05:03 -0300] "POST /cormun/servlet/hlogin?f06ade731e41c1c4a74f9cb87183256f,gx-no-cache=1494511562996 HTTP/1.1" 200 90
186.103.157.42 - - [11/May/2017:11:05:03 -0300] "GET /cormun/servlet/hpexe_link HTTP/1.1" 200 957
186.103.157.42 - - [11/May/2017:11:05:03 -0300] "GET /cormun/servlet/trsolicitudot HTTP/1.1" 200 6858
186.103.157.42 - - [11/May/2017:11:05:03 -0300] "GET /cormun/servlet/trsolicitudot HTTP/1.1" 200 6856
186.103.157.42 - - [11/May/2017:11:05:07 -0300] "GET /cormun/static/menuarrow.gif HTTP/1.1" 404 1015
186.79.53.48 - - [11/May/2017:11:05:07 -0300] "GET /cormun/servlet/licenciaspermisos?e008b4f4648f311fffd90ebcfbaae4a889995862c4fc425243139acd0b12d2254b5bab66d86609f2933ad40b5ce2cf00,gx-no-cache=1494511565658 HTTP/1.1" 200 69
186.79.53.48 - - [11/May/2017:11:05:07 -0300] "POST /cormun/servlet/licenciaspermisos?cc79999a5a061cc78659d44799733700,INS,0,,,,gx-no-cache=1494511565773 HTTP/1.1" 200 4426
192.168.10.89 - - [11/May/2017:11:05:10 -0300] "GET /cormun/servlet/trsolicitudot? HTTP/1.1" 200 8261
186.103.157.42 - - [11/May/2017:11:05:16 -0300] "POST /cormun/servlet/trsolicitudot?f06ade731e41c1c4a74f9cb87183256f,gx-no-cache=1494511576057 HTTP/1.1" 200 3878
192.168.10.89 - - [11/May/2017:11:05:16 -0300] "POST /cormun/servlet/trsolicitudot?0c1806c074f43a5fa44517f1de04f0e4,,gx-no-cache=1494514780377 HTTP/1.1" 200 4151
186.103.157.42 - - [11/May/2017:11:05:19 -0300] "POST /cormun/servlet/trsolicitudot?f06ade731e41c1c4a74f9cb87183256f,gx-no-cache=1494511578990 HTTP/1.1" 200 3880
192.168.10.89 - - [11/May/2017:11:05:19 -0300] "POST /cormun/servlet/trsolicitudot?0c1806c074f43a5fa44517f1de04f0e4,,gx-no-cache=1494514783426 HTTP/1.1" 200 5835
186.103.157.42 - - [11/May/2017:11:05:22 -0300] "POST /cormun/servlet/trsolicitudot?f06ade731e41c1c4a74f9cb87183256f,gx-no-cache=1494511582328 HTTP/1.1" 200 5208
192.168.10.89 - - [11/May/2017:11:05:23 -0300] "POST /cormun/servlet/trsolicitudot?0c1806c074f43a5fa44517f1de04f0e4,,gx-no-cache=1494514787873 HTTP/1.1" 200 4151
192.168.10.89 - - [11/May/2017:11:05:27 -0300] "POST /cormun/servlet/trsolicitudot?0c1806c074f43a5fa44517f1de04f0e4,,gx-no-cache=1494514791395 HTTP/1.1" 200 4152
192.168.10.89 - - [11/May/2017:11:05:30 -0300] "POST /cormun/servlet/trsolicitudot?0c1806c074f43a5fa44517f1de04f0e4,,gx-no-cache=1494514794396 HTTP/1.1" 200 4154
186.103.157.42 - - [11/May/2017:11:05:30 -0300] "POST /cormun/servlet/trsolicitudot?f06ade731e41c1c4a74f9cb87183256f,gx-no-cache=1494511590687 HTTP/1.1" 200 3882
186.103.157.42 - - [11/May/2017:11:05:33 -0300] "POST /cormun/servlet/trsolicitudot?f06ade731e41c1c4a74f9cb87183256f,gx-no-cache=1494511593911 HTTP/1.1" 200 5287
186.79.53.48 - - [11/May/2017:11:05:34 -0300] "GET /cormun/static/menuarrow.gif HTTP/1.1" 404 1015
192.168.10.89 - - [11/May/2017:11:05:36 -0300] "POST /cormun/servlet/trsolicitudot?0c1806c074f43a5fa44517f1de04f0e4,,gx-no-cache=1494514800182 HTTP/1.1" 200 6388
192.168.10.89 - - [11/May/2017:11:05:41 -0300] "POST /cormun/servlet/trsolicitudot?0c1806c074f43a5fa44517f1de04f0e4,,gx-no-cache=1494514805415 HTTP/1.1" 200 10709
186.103.157.42 - - [11/May/2017:11:05:48 -0300] "GET /cormun/servlet/vesolicitudot?2017,6357,, HTTP/1.1" 200 8262
186.103.157.42 - - [11/May/2017:11:05:48 -0300] "GET /cormun/static/gxcfg.js?201731711515882 HTTP/1.1" 200 953
186.103.157.42 - - [11/May/2017:11:05:48 -0300] "GET /cormun/static/vesolicitudot.js?201731711515955 HTTP/1.1" 200 6091
186.103.157.42 - - [11/May/2017:11:05:48 -0300] "GET /cormun/static/hpexe_tabsview.js?201610171694228 HTTP/1.1" 200 1661
186.103.157.42 - - [11/May/2017:11:05:48 -0300] "GET /cormun/static/hwcviewtabs.js?20173171133571 HTTP/1.1" 200 1074
186.103.157.42 - - [11/May/2017:11:05:48 -0300] "GET /cormun/static/Resources/PXToolsTabFirstSelected.png HTTP/1.1" 200 1259
186.103.157.42 - - [11/May/2017:11:05:48 -0300] "GET /cormun/static/Resources/PXToolsTabLastUnselected.png HTTP/1.1" 200 1291
186.103.157.42 - - [11/May/2017:11:05:48 -0300] "GET /cormun/static/Resources/PXToolsTabPrevious.gif HTTP/1.1" 200 172
186.103.157.42 - - [11/May/2017:11:05:48 -0300] "GET /cormun/static/Resources/PXToolsTabNext.gif HTTP/1.1" 200 168
186.103.157.42 - - [11/May/2017:11:05:49 -0300] "GET /cormun/pexe_scrolldiv.js HTTP/1.1" 404 1009
186.103.157.42 - - [11/May/2017:11:05:51 -0300] "GET /cormun/static/tbsolicitudot01.js?201731711332949 HTTP/1.1" 200 28340
186.103.157.42 - - [11/May/2017:11:05:52 -0300] "GET /cormun/static/calendar-system.css HTTP/1.1" 200 5572
186.103.157.42 - - [11/May/2017:11:05:52 -0300] "GET /cormun/static/Resources/PXToolsTabBackSelected.png HTTP/1.1" 200 1157
186.103.157.42 - - [11/May/2017:11:05:52 -0300] "GET /cormun/static/Resources/PXToolsTabBackUnselected.png HTTP/1.1" 200 1175
186.103.157.42 - - [11/May/2017:11:05:52 -0300] "GET /cormun/static/Resources/PXToolsTabSelectedUnselected.png HTTP/1.1" 200 1428
186.103.157.42 - - [11/May/2017:11:05:52 -0300] "GET /cormun/static/Resources/PXToolsTabUnselectedUnselected.png HTTP/1.1" 200 1459
186.103.157.42 - - [11/May/2017:11:05:52 -0300] "GET /cormun/servlet/vesolicitudot?2017,6357,, HTTP/1.1" 200 8261
192.168.10.89 - - [11/May/2017:11:06:10 -0300] "GET /cormun/servlet/hlogin HTTP/1.1" 200 1741
192.168.10.89 - - [11/May/2017:11:06:21 -0300] "POST /cormun/servlet/hlogin?0c1806c074f43a5fa44517f1de04f0e4,gx-no-cache=1494514845251 HTTP/1.1" 200 90
192.168.10.89 - - [11/May/2017:11:06:21 -0300] "GET /cormun/servlet/hpexe_link HTTP/1.1" 200 955
192.168.10.89 - - [11/May/2017:11:06:21 -0300] "GET /cormun/servlet/hhome HTTP/1.1" 200 4459
192.168.10.89 - - [11/May/2017:11:06:25 -0300] "GET /cormun/servlet/trsolicitudgral? HTTP/1.1" 200 10433
192.168.10.89 - - [11/May/2017:11:06:33 -0300] "POST /cormun/servlet/trsolicitudgral?0c1806c074f43a5fa44517f1de04f0e4,,gx-no-cache=1494514856657 HTTP/1.1" 200 23050
192.168.10.89 - - [11/May/2017:11:06:39 -0300] "POST /cormun/servlet/trsolicitudgral?0c1806c074f43a5fa44517f1de04f0e4,,gx-no-cache=1494514863346 HTTP/1.1" 200 5471
192.168.10.89 - - [11/May/2017:11:06:42 -0300] "GET /cormun/servlet/trconsultaempleado? HTTP/1.1" 200 6909
192.168.10.89 - - [11/May/2017:11:06:51 -0300] "POST /cormun/servlet/trconsultaempleado?0c1806c074f43a5fa44517f1de04f0e4,,gx-no-cache=1494514875307 HTTP/1.1" 200 4164
192.168.10.89 - - [11/May/2017:11:07:00 -0300] "GET /cormun/servlet/trsolicitudgral? HTTP/1.1" 200 8791
186.79.53.48 - - [11/May/2017:11:07:44 -0300] "GET /cormun/servlet/licenciaspermisos?e008b4f4648f311fffd90ebcfbaae4a8246156610d2ae50ab045c66c3b13d2192e6d60cb55ff87517bf0b47480d851a21d22c3ef4447241db4b73865732f5798df69213a8c70de6db4425c470d906ef4e055baa9bc25671482463942153af43355e9a95516cc9248f41e989e67066eff26d5cbaf031506645133a359b9140f1d23c4c06589519225cd8e6d7c4528be281c17cc2d7dc2911b87835240f5814a815a50f51fa79a8c455d2cbd350b5199c5516932d1d26629e61ec84b00c8b5ccf263e963fdfd54a89fe56d9fc8e256096dee16aa7901058b19d6e634f31a349e0b,gx-no-cache=1494511722479 HTTP/1.1" 200 30
186.79.53.48 - - [11/May/2017:11:07:44 -0300] "POST /cormun/servlet/licenciaspermisos?cc79999a5a061cc78659d44799733700,INS,0,,,,gx-no-cache=1494511722703 HTTP/1.1" 200 4495
186.79.53.48 - - [11/May/2017:11:07:46 -0300] "GET /cormun/servlet/prfichaempleado?,MD,,gxPopupLevel%3D0%3B HTTP/1.1" 200 8748
192.168.10.89 - - [11/May/2017:11:08:17 -0300] "POST /cormun/servlet/trsolicitudgral?0c1806c074f43a5fa44517f1de04f0e4,,gx-no-cache=1494514960962 HTTP/1.1" 200 7118
192.168.10.89 - - [11/May/2017:11:08:29 -0300] "GET /cormun/servlet/solicitudgral?UPD,2017,6207, HTTP/1.1" 200 12259
192.168.10.89 - - [11/May/2017:11:08:29 -0300] "GET /cormun/static/gxcfg.js?2017261155185 HTTP/1.1" 304 -
192.168.10.89 - - [11/May/2017:11:08:30 -0300] "POST /cormun/servlet/solicitudgral?gx-no-cache=1494514974516 HTTP/1.1" 200 3190
192.168.10.89 - - [11/May/2017:11:08:30 -0300] "GET /cormun/servlet/solicitudgral?dc9520c40be6b25bc206f5386221f302e3af5a3dcdc7029039574d903ddb0faacf2db12b95e9b6d9440a91ee01924b276f55ced8c882833bf83f1df5408fbdbeeff422a7029b3f5a8bd277a4d2426938125444c63d7ed80b5e414dd96a4720e3697a1db2084ed8c122c9d56453afab72adbe6b051a9fe48dec1f31814244a3278200c0d88da73582895e1ba5cdde82954b1fba22ac00a2d536fcc22c2bfd05409e861d9bb48824d28fd8373ab2310400ed4d7425a0e25322251ee5356f248d573fb03c9eb99f15a68880c2805e33e45d8c2a12800eae538cb7cb072f0ccefb6fdfce7d113b7ee591e1f12acd7f65b6223093b8ac27050a8422581fab968c093c37548a450ea74b06ea0b36204853223cc2285e585c1a8896669489f15a99ba6aee9bfcd58f51d19fafd0e0556e62d74ded246701bab4179052320a6d7b98aa245af436a9468544b99a9bdd5e4be1ae0c,gx-no-cache=1494514974724 HTTP/1.1" 200 257
192.168.10.89 - - [11/May/2017:11:08:32 -0300] "POST /cormun/servlet/solicitudgral?0c1806c074f43a5fa44517f1de04f0e4,UPD,2017,6207,,gx-no-cache=1494514976774 HTTP/1.1" 200 93
192.168.10.89 - - [11/May/2017:11:08:32 -0300] "GET /cormun/servlet/hpexe_return? HTTP/1.1" 200 1014
192.168.10.89 - - [11/May/2017:11:08:33 -0300] "GET /cormun/servlet/trsolicitudgral? HTTP/1.1" 200 10435
95.213.177.126 - - [11/May/2017:11:08:35 -0300] "CONNECT check.proxyradar.com:80 HTTP/1.1" 400 -
192.168.10.89 - - [11/May/2017:11:08:38 -0300] "POST /cormun/servlet/trsolicitudgral?0c1806c074f43a5fa44517f1de04f0e4,,gx-no-cache=1494514982326 HTTP/1.1" 200 6780
192.168.10.89 - - [11/May/2017:11:08:38 -0300] "GET /cormun/static/Shared/jqueryui/images/ui-icons_8d78a5_256x240.png HTTP/1.1" 404 1089
192.168.10.89 - - [11/May/2017:11:08:38 -0300] "GET /cormun/static/Shared/jqueryui/images/ui-bg_flat_55_fafafa_40x100.png HTTP/1.1" 404 1097
192.168.10.89 - - [11/May/2017:11:08:38 -0300] "GET /cormun/static/Shared/jqueryui/images/ui-icons_82798d_256x240.png HTTP/1.1" 404 1089
192.168.10.89 - - [11/May/2017:11:08:38 -0300] "GET /cormun/static/Shared/jqueryui/images/ui-bg_highlight-soft_100_c6c2c8_1x100.png HTTP/1.1" 404 1117
186.79.53.48 - - [11/May/2017:11:09:45 -0300] "GET /cormun/servlet/prfichaempleado?,MD,,gxPopupLevel%3D0%3B HTTP/1.1" 200 8748
186.79.53.48 - - [11/May/2017:11:10:05 -0300] "POST /cormun/servlet/prfichaempleado?cc79999a5a061cc78659d44799733700,,MD,,gxPopupLevel%3D0%3B,gx-no-cache=1494511863310 HTTP/1.1" 200 3399
186.79.53.48 - - [11/May/2017:11:10:09 -0300] "GET /cormun/servlet/licenciaspermisos?e008b4f4648f311fffd90ebcfbaae4a89bd3b639f723a648acfd0ae8509d7c2c846480d00eea5288b429752ba190fe5c6efac326f64370e80b57e23e468dc78bd4ab47007a4eb273834ca53612c7213324a2b0123ca1fd401a6979027dab6e9d4f352399e3d447d2de273393d74c4478810c104c92f8523f1c03e424202bfe2dcc84f5af5f6f20f81a2b8047ae06e2dc77670c7f5965de029716b32d1cd63d867c32a144cb601681bc17e3c0c3f3707ac42b4e1fa7f19ceb67555124bf61846054f3357289b2b5d4b5105f476902892e4cb7385d93bcc2c64551355e4392966f097fd50ef910ae304656baf7a8b3258e,gx-no-cache=1494511867939 HTTP/1.1" 200 62
186.79.53.48 - - [11/May/2017:11:10:10 -0300] "POST /cormun/servlet/licenciaspermisos?cc79999a5a061cc78659d44799733700,INS,0,,,,gx-no-cache=1494511868049 HTTP/1.1" 200 93
186.79.53.48 - - [11/May/2017:11:10:10 -0300] "GET /cormun/servlet/hpexe_return? HTTP/1.1" 200 1008
186.79.53.48 - - [11/May/2017:11:10:10 -0300] "GET /cormun/servlet/trlicencias HTTP/1.1" 200 7773
186.79.53.48 - - [11/May/2017:11:10:12 -0300] "GET /cormun/servlet/trlicencias HTTP/1.1" 200 7768
186.79.53.48 - - [11/May/2017:11:10:21 -0300] "GET /cormun/servlet/trlicenciaspermisosadjuntos?9299678,20170511000000,L, HTTP/1.1" 200 6089
186.79.53.48 - - [11/May/2017:11:10:22 -0300] "GET /cormun/servlet/trlicenciaspermisosadjuntos?9299678,20170511000000,L, HTTP/1.1" 200 6089
186.79.53.48 - - [11/May/2017:11:10:25 -0300] "GET /cormun/servlet/licenciaspermisosadjuntos?INS,9299678,L,20170511000000,, HTTP/1.1" 200 5386
186.79.53.48 - - [11/May/2017:11:10:25 -0300] "GET /cormun/static/about:blank HTTP/1.1" 404 1011
186.79.53.48 - - [11/May/2017:11:10:26 -0300] "GET /cormun/servlet/licenciaspermisosadjuntos?INS,9299678,L,20170511000000,, HTTP/1.1" 200 5374
186.103.158.250 - - [11/May/2017:11:10:46 -0300] "POST /cormun/servlet/solicitudot?gx-no-cache=1494515364079 HTTP/1.1" 200 240
186.79.53.48 - - [11/May/2017:11:11:55 -0300] "POST /cormun/servlet/licenciaspermisosadjuntos?cc79999a5a061cc78659d44799733700,INS,9299678,L,20170511000000,, HTTP/1.1" 200 116
186.79.53.48 - - [11/May/2017:11:11:55 -0300] "GET /cormun/servlet/hpexe_return? HTTP/1.1" 200 1038
186.79.53.48 - - [11/May/2017:11:11:56 -0300] "GET /cormun/servlet/trlicenciaspermisosadjuntos?9299678,20170511000000,L, HTTP/1.1" 200 6563
186.79.53.48 - - [11/May/2017:11:11:57 -0300] "GET /cormun/servlet/trlicenciaspermisosadjuntos?9299678,20170511000000,L, HTTP/1.1" 200 6560
186.79.53.48 - - [11/May/2017:11:11:59 -0300] "GET /cormun/PublicTempStorage/licencia_rigo2143427.jpg HTTP/1.1" 200 1341682
186.103.158.250 - - [11/May/2017:11:12:34 -0300] "GET /cormun/servlet/solicitudot?7b99e5c9790db59172216be88f5609adb691b9182b2d054f07958c1976d77dc7ddcd27d3eca9059493558e1bce5e15b9a1c94b3292943bdb2ded9bf85718067a4bc03ed79af0cee8c05798069c2cfe039e575e21d52da118ada99f7ebb5f4a9f56615b597f238be1247f84dd6a2b5ea8276b85cf9a4437056b2a85893e87c7a57f333303f259e7144a9d89a2320d40c88f5367f4b20935b20e73faa9f7451ddb6d86fba2ff24f4d1f9ad1c0223c40572efc212f748dd86dc4522f0c48d4da3e8bdd074a2d46e2370f7ac4a351cc02c6f59274edb7f67cc8ca4297e659eb8ac84e29ec82404d3dfcac7ae9addc62413caa26cbcdbe109d4db53a2de8efef314914eb1786c19170bb2df5a96518d878bd2b13bf0b0c8f446fc26ba832df559413e9e1d1caae700ae9eadfbfcf06864312c6501cf6928ca626e4bf4417d5a5d0ef8fb5bc9336ae1ce6bf8ca353ea49774bdc5d4255886bee41b5eec8e681810080e4c6e3e84e8a826f1ba472a234ba1b66d99955be550d9049ad16a79de3e057950,gx-no-cache=1494515472493 HTTP/1.1" 200 30
186.79.53.48 - - [11/May/2017:11:12:39 -0300] "GET /cormun/servlet/trlicencias? HTTP/1.1" 200 7770
186.79.53.48 - - [11/May/2017:11:12:41 -0300] "GET /cormun/servlet/trlicencias? HTTP/1.1" 200 7768
186.79.53.48 - - [11/May/2017:11:12:50 -0300] "GET /cormun/servlet/alicenciaprn?9299678,L,20170511000000,PU HTTP/1.1" 200 1602
186.103.158.250 - - [11/May/2017:11:13:10 -0300] "POST /cormun/servlet/solicitudot?gx-no-cache=1494515508308 HTTP/1.1" 200 30
186.103.158.250 - - [11/May/2017:11:16:29 -0300] "POST /cormun/servlet/solicitudot?gx-no-cache=1494515706947 HTTP/1.1" 200 296
186.103.158.250 - - [11/May/2017:11:16:29 -0300] "GET /cormun/static/Shared/jqueryui/images/ui-bg_highlight-soft_100_c6c2c8_1x100.png HTTP/1.1" 404 1117
186.103.158.250 - - [11/May/2017:11:16:29 -0300] "GET /cormun/static/Shared/jqueryui/images/ui-icons_82798d_256x240.png HTTP/1.1" 404 1089
186.103.158.250 - - [11/May/2017:11:16:29 -0300] "GET /cormun/static/Shared/jqueryui/images/ui-bg_flat_55_994d53_40x100.png HTTP/1.1" 404 1097
186.103.158.250 - - [11/May/2017:11:16:29 -0300] "GET /cormun/static/Shared/jqueryui/images/ui-icons_ebccce_256x240.png HTTP/1.1" 404 1089
186.103.158.250 - - [11/May/2017:11:16:29 -0300] "POST /cormun/servlet/solicitudot?gx-no-cache=1494515707207 HTTP/1.1" 200 117
186.79.53.48 - - [11/May/2017:11:17:22 -0300] "POST /cormun/servlet/trlicencias?cc79999a5a061cc78659d44799733700,,gx-no-cache=1494512300241 HTTP/1.1" 200 4064
186.79.53.48 - - [11/May/2017:11:17:22 -0300] "GET /cormun/static/Shared/jqueryui/images/ui-bg_highlight-soft_100_c6c2c8_1x100.png HTTP/1.1" 404 1117
186.79.53.48 - - [11/May/2017:11:17:22 -0300] "GET /cormun/static/Shared/jqueryui/images/ui-bg_flat_55_fafafa_40x100.png HTTP/1.1" 404 1097
186.79.53.48 - - [11/May/2017:11:17:22 -0300] "GET /cormun/static/Shared/jqueryui/images/ui-icons_8d78a5_256x240.png HTTP/1.1" 404 1089
186.79.53.48 - - [11/May/2017:11:17:23 -0300] "GET /cormun/static/Shared/jqueryui/images/ui-icons_82798d_256x240.png HTTP/1.1" 404 1089
186.79.53.48 - - [11/May/2017:11:17:38 -0300] "GET /cormun/static/Shared/jqueryui/images/ui-bg_highlight-soft_100_eae6ea_1x100.png HTTP/1.1" 404 1117
157.55.12.90 - - [11/May/2017:11:23:20 -0300] "GET /cormun/static/gxui/gxui-all.css?120300 HTTP/1.1" 200 2179
157.55.12.90 - - [11/May/2017:11:23:21 -0300] "GET /cormun/static/Shared/ext/resources/css/ext-all.css?215870 HTTP/1.1" 200 416045
157.55.12.90 - - [11/May/2017:11:23:23 -0300] "GET /cormun/static/PXToolsJavascripts/pexe_autoreload.js HTTP/1.1" 200 1762
157.55.12.90 - - [11/May/2017:11:23:25 -0300] "GET /cormun/static/Resources/PXToolsDataSearch.png HTTP/1.1" 200 419
157.55.12.90 - - [11/May/2017:11:23:25 -0300] "GET /cormun/static/Resources/PXToolsGridNextDisabled.gif HTTP/1.1" 200 90
157.55.12.90 - - [11/May/2017:11:23:25 -0300] "GET /cormun/static/Resources/PXToolsActionExcel.png HTTP/1.1" 200 3187
157.55.12.90 - - [11/May/2017:11:23:25 -0300] "GET /cormun/static/Resources/asc.gif HTTP/1.1" 200 67
186.103.158.250 - - [11/May/2017:11:26:17 -0300] "POST /cormun/servlet/solicitudot?gx-no-cache=1494516295081 HTTP/1.1" 200 30
186.103.158.250 - - [11/May/2017:11:26:21 -0300] "POST /cormun/servlet/solicitudot?gx-no-cache=1494516298987 HTTP/1.1" 200 235
186.103.158.250 - - [11/May/2017:11:26:21 -0300] "POST /cormun/servlet/solicitudot?gx-no-cache=1494516299115 HTTP/1.1" 200 38
131.253.27.88 - - [11/May/2017:11:32:41 -0300] "GET /cormun/static/Shared/jqueryui/jquery-ui.min.css?1245370 HTTP/1.1" 200 30288
131.253.27.88 - - [11/May/2017:11:32:42 -0300] "GET /cormun/static/SmoothNavMenu/resources/ddsmoothmenu-v.css?1012540 HTTP/1.1" 200 1188
131.253.27.88 - - [11/May/2017:11:32:43 -0300] "GET /cormun/static/gxtimezone.js?85251 HTTP/1.1" 200 5781
131.253.27.88 - - [11/May/2017:11:32:44 -0300] "GET /cormun/static/gxpopupSD.js?85251 HTTP/1.1" 200 22377
131.253.27.88 - - [11/May/2017:11:32:45 -0300] "GET /cormun/static/gxfrmutlSD.js?85251 HTTP/1.1" 200 89044
131.253.27.88 - - [11/May/2017:11:32:46 -0300] "GET /cormun/static/calendar-setup.js?85251 HTTP/1.1" 200 2588
131.253.27.88 - - [11/May/2017:11:32:47 -0300] "GET /cormun/static/calendar-es.js?85251 HTTP/1.1" 200 1901
131.253.27.88 - - [11/May/2017:11:32:47 -0300] "GET /cormun/static/RunJS/RunJS.js HTTP/1.1" 200 288
131.253.27.88 - - [11/May/2017:11:32:47 -0300] "GET /cormun/static/PXToolsJavascripts/pexe_autoreload.js HTTP/1.1" 200 1762
131.253.27.88 - - [11/May/2017:11:32:48 -0300] "GET /cormun/static/PXToolsJavascripts/pexe_grid.js HTTP/1.1" 200 7559
131.253.27.88 - - [11/May/2017:11:32:48 -0300] "GET /cormun/static/PXToolsJavascripts/pexe_link.js HTTP/1.1" 200 5671
131.253.27.88 - - [11/May/2017:11:32:49 -0300] "GET /cormun/static/PXToolsJavascripts/pexe_oavdivfix.js HTTP/1.1" 200 639
131.253.27.88 - - [11/May/2017:11:32:50 -0300] "GET /cormun/static/PXToolsJavascripts/pexe_popup.js HTTP/1.1" 200 13458
131.253.27.88 - - [11/May/2017:11:32:50 -0300] "GET /cormun/static/PXToolsJavascripts/pexe_upload.js HTTP/1.1" 200 1423
131.253.27.88 - - [11/May/2017:11:32:53 -0300] "GET /cormun/static/Resources/PXToolsHeaderActionsBackground.png HTTP/1.1" 200 484
131.253.27.88 - - [11/May/2017:11:32:56 -0300] "GET /cormun/static/hwchdr01.js?201731711335950 HTTP/1.1" 200 1183
131.253.27.88 - - [11/May/2017:11:32:56 -0300] "GET /cormun/static/hpexe_scripts.js?201731711335890 HTTP/1.1" 200 1544
131.253.27.88 - - [11/May/2017:11:32:57 -0300] "GET /cormun/static/hpexe_messagecontroller.js?201610171694323 HTTP/1.1" 200 870
131.253.27.88 - - [11/May/2017:11:32:57 -0300] "GET /cormun/static/hpexe_messagepopupcomponent.js?20161017169425 HTTP/1.1" 200 605
131.253.27.88 - - [11/May/2017:11:32:57 -0300] "GET /cormun/static/cmcontrolpreferences.js?201731711335852 HTTP/1.1" 200 1375
131.253.27.88 - - [11/May/2017:11:32:58 -0300] "GET /cormun/static/Shared/jquery/jquery-1.4.2.min.js HTTP/1.1" 200 72174
131.253.27.88 - - [11/May/2017:11:33:00 -0300] "GET /cormun/static/Shared/jquery/jquery-1.10.2.min.js HTTP/1.1" 200 273199
131.253.27.88 - - [11/May/2017:11:33:03 -0300] "GET /cormun/static/SmoothNavMenu/resources/ddsmoothmenu.js HTTP/1.1" 200 12712
131.253.27.88 - - [11/May/2017:11:33:03 -0300] "GET /cormun/static/scaMessage/js/jquery.pnotify.min.js HTTP/1.1" 200 13038
131.253.27.88 - - [11/May/2017:11:33:04 -0300] "GET /cormun/servlet/hlogin HTTP/1.1" 200 5845
131.253.27.88 - - [11/May/2017:11:33:05 -0300] "GET /cormun/static/Resources/ComunLogin.png HTTP/1.1" 200 17326
131.253.27.88 - - [11/May/2017:11:33:05 -0300] "GET /cormun/static/Resources/PXToolsLoginTop.png HTTP/1.1" 200 1337
131.253.27.88 - - [11/May/2017:11:33:06 -0300] "GET /cormun/static/Resources/PXToolsLoginBackground.png HTTP/1.1" 200 1164
131.253.27.88 - - [11/May/2017:11:33:06 -0300] "GET /cormun/static/Resources/PXToolsLoginBottom.png HTTP/1.1" 200 1389
192.168.10.89 - - [11/May/2017:11:34:08 -0300] "POST /cormun/servlet/trsolicitudgral?0c1806c074f43a5fa44517f1de04f0e4,,gx-no-cache=1494516512686 HTTP/1.1" 200 6743
192.168.10.89 - - [11/May/2017:11:35:57 -0300] "POST /cormun/servlet/trsolicitudgral?0c1806c074f43a5fa44517f1de04f0e4,,gx-no-cache=1494516621450 HTTP/1.1" 200 7044
192.168.10.89 - - [11/May/2017:11:36:01 -0300] "GET /cormun/servlet/solicitudgral?UPD,2017,6314, HTTP/1.1" 200 12302
192.168.10.89 - - [11/May/2017:11:36:02 -0300] "POST /cormun/servlet/solicitudgral?gx-no-cache=1494516626735 HTTP/1.1" 200 3204
