192.168.10.96 - - [10/May/2017:11:03:27 -0300] "POST /cormun/servlet/trsolicitudgral?83c34b4dfcfb5b914d1ac8670cc26d1c,,gx-no-cache=1494428271651 HTTP/1.1" 200 7017
186.103.156.166 - - [10/May/2017:11:03:29 -0300] "POST /cormun/servlet/trlicenciaspermisosadjuntos?b3f747ab8686c5adb8f0fcda2c7e9e8a,17138296,20170510000000,L,,gx-no-cache=1494428714983 HTTP/1.1" 200 90
186.103.156.166 - - [10/May/2017:11:03:29 -0300] "GET /cormun/servlet/hpexe_link HTTP/1.1" 200 987
186.103.156.166 - - [10/May/2017:11:03:29 -0300] "GET /cormun/servlet/trlicencias HTTP/1.1" 200 7724
186.103.156.166 - - [10/May/2017:11:03:30 -0300] "GET /cormun/servlet/trlicencias HTTP/1.1" 200 7722
192.168.10.96 - - [10/May/2017:11:03:43 -0300] "POST /cormun/servlet/trsolicitudgral?83c34b4dfcfb5b914d1ac8670cc26d1c,,gx-no-cache=1494428287994 HTTP/1.1" 200 6580
190.45.55.254 - - [10/May/2017:11:03:44 -0300] "POST /cormun/servlet/solicitudot?302c25603befa645ef27330ccb62909f,INS,0,0,,gx-no-cache=1494425083173 HTTP/1.1" 200 93
190.45.55.254 - - [10/May/2017:11:03:44 -0300] "GET /cormun/servlet/hpexe_return? HTTP/1.1" 200 1005
190.45.55.254 - - [10/May/2017:11:03:45 -0300] "GET /cormun/static/gxcfg.js?2016101716175148 HTTP/1.1" 200 953
190.45.55.254 - - [10/May/2017:11:03:45 -0300] "GET /cormun/static/hpexe_return.js?2016101716175153 HTTP/1.1" 200 1633
190.45.55.254 - - [10/May/2017:11:03:45 -0300] "GET /cormun/static/Resources/Spanish/PXTools.css?167811 HTTP/1.1" 200 89042
190.45.55.254 - - [10/May/2017:11:03:45 -0300] "GET /cormun/servlet/trsolicitudot HTTP/1.1" 200 8349
190.45.55.254 - - [10/May/2017:11:03:45 -0300] "GET /cormun//static/Resources/PXToolsActionView.png HTTP/1.1" 200 2995
190.45.55.254 - - [10/May/2017:11:03:45 -0300] "GET /cormun//static/Resources/PXToolsGridUpdate.png HTTP/1.1" 200 2984
190.45.55.254 - - [10/May/2017:11:03:45 -0300] "GET /cormun/servlet/trsolicitudot HTTP/1.1" 200 8345
190.45.55.254 - - [10/May/2017:11:03:45 -0300] "GET /cormun//static/Resources/PXToolsRemoveAllAction.png HTTP/1.1" 200 3558
190.45.55.254 - - [10/May/2017:11:03:45 -0300] "GET /cormun//static/Resources/PXTools/ActionInsert.png HTTP/1.1" 200 1482
190.45.55.254 - - [10/May/2017:11:03:45 -0300] "GET /cormun//static/Resources/PXToolsGridDelete.png HTTP/1.1" 200 357
186.103.157.98 - - [10/May/2017:11:03:55 -0300] "POST /cormun/servlet/solicitudot?gx-no-cache=1494425096180 HTTP/1.1" 200 3092
186.103.157.98 - - [10/May/2017:11:03:56 -0300] "POST /cormun/servlet/solicitudot?07c55591da16f6de84ffd47012e643fe,INS,0,0,,gx-no-cache=1494425096493 HTTP/1.1" 200 9874
186.103.158.250 - - [10/May/2017:11:04:00 -0300] "POST /cormun/servlet/solicitudot?gx-no-cache=1494425100071 HTTP/1.1" 200 41
186.103.158.250 - - [10/May/2017:11:04:00 -0300] "POST /cormun/servlet/solicitudot?gx-no-cache=1494425100179 HTTP/1.1" 200 1280
186.103.158.250 - - [10/May/2017:11:04:00 -0300] "POST /cormun/servlet/solicitudot?gx-no-cache=1494425100299 HTTP/1.1" 200 1162
186.103.158.250 - - [10/May/2017:11:04:01 -0300] "GET /cormun/servlet/solicitudot?27908ecd82d65909c77a818b8d1e6f596edb2732d37719e8a8b6e68646401ab0e7f83fdcbd293f2155ac17977b78005617c57a955bbb28857ccb1c901fbb690024b7cd37ea6320de51e7be6109d4f430da0ef7d222769a89af584549a10ab49f8a40aee52d253a90598bfadbee6f4256697b24c37b3071d60766cf050ed53d4d457c40d630c63232e9a63a8ef302f59735e4cbedcb6525b6daf934a8f79ad0f08a2004255f4119818256ba3b3fcece17148e567e0dd932683ec3561deffda158,gx-no-cache=1494425100399 HTTP/1.1" 200 30
186.103.157.98 - - [10/May/2017:11:04:03 -0300] "GET /cormun/servlet/solicitudot?0b55e5d095513b04fe2f8104dd0fcb9ac3f862fa6afc3934dab547138c43b616dac17e15ae9a1d8a3f4f337d2db60c51,gx-no-cache=1494425103562 HTTP/1.1" 200 30
190.45.55.254 - - [10/May/2017:11:04:03 -0300] "POST /cormun/servlet/trsolicitudot?302c25603befa645ef27330ccb62909f,gx-no-cache=1494425102191 HTTP/1.1" 200 4335
190.45.55.254 - - [10/May/2017:11:04:03 -0300] "GET /cormun/static/Shared/jqueryui/images/ui-bg_highlight-soft_100_c6c2c8_1x100.png HTTP/1.1" 404 1117
190.45.55.254 - - [10/May/2017:11:04:03 -0300] "GET /cormun/static/Shared/jqueryui/images/ui-icons_82798d_256x240.png HTTP/1.1" 404 1089
190.45.55.254 - - [10/May/2017:11:04:03 -0300] "GET /cormun/static/Shared/jqueryui/images/ui-bg_flat_55_fafafa_40x100.png HTTP/1.1" 404 1097
190.45.55.254 - - [10/May/2017:11:04:03 -0300] "GET /cormun/static/Shared/jqueryui/images/ui-icons_8d78a5_256x240.png HTTP/1.1" 404 1089
190.45.55.254 - - [10/May/2017:11:04:04 -0300] "POST /cormun/servlet/trsolicitudot?302c25603befa645ef27330ccb62909f,gx-no-cache=1494425102492 HTTP/1.1" 200 4116
186.103.156.166 - - [10/May/2017:11:04:04 -0300] "POST /cormun/servlet/trlicencias?b3f747ab8686c5adb8f0fcda2c7e9e8a,gx-no-cache=1494428749964 HTTP/1.1" 200 4026
186.103.156.166 - - [10/May/2017:11:04:04 -0300] "GET /cormun/static/Shared/jqueryui/images/ui-bg_highlight-soft_100_c6c2c8_1x100.png HTTP/1.1" 404 1117
186.103.156.166 - - [10/May/2017:11:04:04 -0300] "GET /cormun/static/Shared/jqueryui/images/ui-icons_82798d_256x240.png HTTP/1.1" 404 1089
186.103.156.166 - - [10/May/2017:11:04:04 -0300] "GET /cormun/static/Shared/jqueryui/images/ui-icons_8d78a5_256x240.png HTTP/1.1" 404 1089
186.103.156.166 - - [10/May/2017:11:04:04 -0300] "GET /cormun/static/Shared/jqueryui/images/ui-bg_flat_55_fafafa_40x100.png HTTP/1.1" 404 1097
186.103.156.166 - - [10/May/2017:11:04:16 -0300] "GET /cormun/servlet/hlogin HTTP/1.1" 200 1740
186.103.157.42 - - [10/May/2017:11:04:20 -0300] "GET /cormun/servlet/hlogin HTTP/1.1" 200 1728
186.103.157.42 - - [10/May/2017:11:04:20 -0300] "GET /cormun/servlet/hlogin HTTP/1.1" 200 1733
186.103.157.42 - - [10/May/2017:11:04:23 -0300] "POST /cormun/servlet/hlogin?3b65eb55afb96cb47d460e331e803562,gx-no-cache=1494425122835 HTTP/1.1" 200 90
186.103.157.42 - - [10/May/2017:11:04:23 -0300] "GET /cormun/servlet/hpexe_link HTTP/1.1" 200 952
186.103.157.42 - - [10/May/2017:11:04:23 -0300] "GET /cormun/servlet/hhome HTTP/1.1" 200 4063
186.103.157.42 - - [10/May/2017:11:04:23 -0300] "GET /cormun/servlet/hhome HTTP/1.1" 200 4059
186.103.157.42 - - [10/May/2017:11:04:29 -0300] "GET /cormun/servlet/trpermisosingoce? HTTP/1.1" 200 6866
186.103.157.42 - - [10/May/2017:11:04:29 -0300] "GET /cormun/static/gxcfg.js?2016111619312653 HTTP/1.1" 304 -
186.103.157.42 - - [10/May/2017:11:04:29 -0300] "GET /cormun/static/trpermisosingoce.js?2016111619313084 HTTP/1.1" 304 -
186.103.157.42 - - [10/May/2017:11:04:29 -0300] "GET /cormun/servlet/trpermisosingoce? HTTP/1.1" 200 6866
186.103.157.42 - - [10/May/2017:11:04:32 -0300] "GET /cormun/static/menuarrow.gif HTTP/1.1" 404 1015
186.103.157.42 - - [10/May/2017:11:04:37 -0300] "POST /cormun/servlet/trpermisosingoce?3b65eb55afb96cb47d460e331e803562,,gx-no-cache=1494425137099 HTTP/1.1" 200 4078
186.103.157.42 - - [10/May/2017:11:04:40 -0300] "POST /cormun/servlet/trpermisosingoce?3b65eb55afb96cb47d460e331e803562,,gx-no-cache=1494425140315 HTTP/1.1" 200 4078
186.103.157.42 - - [10/May/2017:11:04:43 -0300] "POST /cormun/servlet/trpermisosingoce?3b65eb55afb96cb47d460e331e803562,,gx-no-cache=1494425143499 HTTP/1.1" 200 4906
186.103.158.250 - - [10/May/2017:11:05:28 -0300] "POST /cormun/servlet/solicitudot?gx-no-cache=1494425188031 HTTP/1.1" 200 1281
186.103.158.250 - - [10/May/2017:11:05:28 -0300] "POST /cormun/servlet/solicitudot?gx-no-cache=1494425188199 HTTP/1.1" 200 1162
186.103.158.250 - - [10/May/2017:11:05:28 -0300] "GET /cormun/servlet/solicitudot?27908ecd82d65909c77a818b8d1e6f596edb2732d37719e8a8b6e68646401ab0e7f83fdcbd293f2155ac17977b78005617c57a955bbb28857ccb1c901fbb690024b7cd37ea6320de51e7be6109d4f430da0ef7d222769a89af584549a10ab49f8a40aee52d253a90598bfadbee6f4256697b24c37b3071d60766cf050ed53d4d457c40d630c63232e9a63a8ef302f59735e4cbedcb6525b6daf934a8f79ad0f08a2004255f4119818256ba3b3fcece17148e567e0dd932683ec3561deffda158,gx-no-cache=1494425188290 HTTP/1.1" 200 30
186.103.158.250 - - [10/May/2017:11:05:50 -0300] "POST /cormun/servlet/solicitudot?f69126c3977067297d370d7b51600493,INS,0,0,,gx-no-cache=1494425209345 HTTP/1.1" 200 93
186.79.80.214 - - [10/May/2017:11:05:50 -0300] "POST /cormun/servlet/trlicencias?9c690cff13aeaecb5a32155619c04300,gx-no-cache=1494425209427 HTTP/1.1" 200 4048
186.103.158.250 - - [10/May/2017:11:05:50 -0300] "GET /cormun/servlet/hpexe_return? HTTP/1.1" 200 1011
186.79.80.214 - - [10/May/2017:11:05:50 -0300] "GET /cormun/static/Shared/jqueryui/images/ui-bg_highlight-soft_100_c6c2c8_1x100.png HTTP/1.1" 404 1117
186.79.80.214 - - [10/May/2017:11:05:50 -0300] "GET /cormun/static/Shared/jqueryui/images/ui-icons_82798d_256x240.png HTTP/1.1" 404 1089
186.79.80.214 - - [10/May/2017:11:05:50 -0300] "GET /cormun/static/Shared/jqueryui/images/ui-bg_flat_55_fafafa_40x100.png HTTP/1.1" 404 1097
186.79.80.214 - - [10/May/2017:11:05:50 -0300] "GET /cormun/static/Shared/jqueryui/images/ui-icons_8d78a5_256x240.png HTTP/1.1" 404 1089
186.103.158.250 - - [10/May/2017:11:05:50 -0300] "GET /cormun/servlet/trsolicitudot HTTP/1.1" 200 8531
186.103.158.250 - - [10/May/2017:11:05:52 -0300] "GET /cormun/servlet/trsolicitudot HTTP/1.1" 200 8527
186.103.158.250 - - [10/May/2017:11:06:22 -0300] "POST /cormun/servlet/trsolicitudot?f69126c3977067297d370d7b51600493,gx-no-cache=1494425241347 HTTP/1.1" 200 5926
186.103.158.250 - - [10/May/2017:11:06:22 -0300] "GET /cormun/static/Shared/jqueryui/images/ui-bg_highlight-soft_100_c6c2c8_1x100.png HTTP/1.1" 404 1117
186.103.158.250 - - [10/May/2017:11:06:22 -0300] "GET /cormun/static/Shared/jqueryui/images/ui-icons_82798d_256x240.png HTTP/1.1" 404 1089
186.103.158.250 - - [10/May/2017:11:06:22 -0300] "GET /cormun/static/Shared/jqueryui/images/ui-bg_flat_55_fafafa_40x100.png HTTP/1.1" 404 1097
186.103.158.250 - - [10/May/2017:11:06:22 -0300] "GET /cormun/static/Shared/jqueryui/images/ui-icons_8d78a5_256x240.png HTTP/1.1" 404 1089
186.103.158.250 - - [10/May/2017:11:06:31 -0300] "POST /cormun/servlet/trsolicitudot?f69126c3977067297d370d7b51600493,gx-no-cache=1494425250902 HTTP/1.1" 200 5278
186.103.158.250 - - [10/May/2017:11:06:32 -0300] "POST /cormun/servlet/trsolicitudot?f69126c3977067297d370d7b51600493,gx-no-cache=1494425251203 HTTP/1.1" 200 5219
186.103.158.250 - - [10/May/2017:11:06:36 -0300] "POST /cormun/servlet/trsolicitudot?f69126c3977067297d370d7b51600493,gx-no-cache=1494425255723 HTTP/1.1" 200 106
186.103.158.250 - - [10/May/2017:11:06:36 -0300] "GET /cormun/servlet/trsolicitudadjuntos?2017,6377, HTTP/1.1" 200 5892
186.103.158.250 - - [10/May/2017:11:06:38 -0300] "GET /cormun/servlet/trsolicitudadjuntos?2017,6377, HTTP/1.1" 200 5892
186.103.158.250 - - [10/May/2017:11:06:41 -0300] "GET /cormun/servlet/solicitudotadjuntos?INS,2017,6377,,1, HTTP/1.1" 200 5831
186.103.158.250 - - [10/May/2017:11:06:41 -0300] "GET /cormun/static/about:blank HTTP/1.1" 404 1011
186.103.158.250 - - [10/May/2017:11:06:42 -0300] "GET /cormun/servlet/solicitudotadjuntos?INS,2017,6377,,1, HTTP/1.1" 200 5825
186.103.158.250 - - [10/May/2017:11:06:42 -0300] "GET /cormun/servlet/solicitudotadjuntos?27908ecd82d65909c77a818b8d1e6f59d4ef86e6519540a45043317bc48406823124f5455049cf05f0c0526420c2c857,gx-no-cache=1494425262121 HTTP/1.1" 200 30
186.103.158.250 - - [10/May/2017:11:06:42 -0300] "POST /cormun/servlet/solicitudotadjuntos?f69126c3977067297d370d7b51600493,INS,2017,6377,,1,,gx-no-cache=1494425262191 HTTP/1.1" 200 3645
186.103.158.250 - - [10/May/2017:11:07:19 -0300] "POST /cormun/servlet/solicitudotadjuntos?gx-no-cache=1494425298487 HTTP/1.1" 200 26
186.79.167.34 - - [10/May/2017:11:07:22 -0300] "GET /cormun/servlet/hlogin HTTP/1.1" 200 1721
186.79.167.34 - - [10/May/2017:11:07:23 -0300] "GET /cormun/servlet/hlogin HTTP/1.1" 200 1732
186.103.158.250 - - [10/May/2017:11:07:33 -0300] "GET /cormun/servlet/solicitudotadjuntos?27908ecd82d65909c77a818b8d1e6f59a464f1d1864f48bbb5983c7bba5c0ea3,gx-no-cache=1494425312887 HTTP/1.1" 200 30
186.103.158.250 - - [10/May/2017:11:07:33 -0300] "GET /cormun/servlet/solicitudotadjuntos?27908ecd82d65909c77a818b8d1e6f59a464f1d1864f48bbb5983c7bba5c0ea3,gx-no-cache=1494425312915 HTTP/1.1" 200 30
186.103.158.250 - - [10/May/2017:11:07:33 -0300] "POST /cormun/servlet/solicitudotadjuntos?f69126c3977067297d370d7b51600493,INS,2017,6377,,1, HTTP/1.1" 200 116
186.103.158.250 - - [10/May/2017:11:07:33 -0300] "GET /cormun/servlet/hpexe_return? HTTP/1.1" 200 1030
186.103.158.250 - - [10/May/2017:11:07:34 -0300] "GET /cormun/servlet/trsolicitudadjuntos?2017,6377, HTTP/1.1" 200 8029
186.103.157.98 - - [10/May/2017:11:07:35 -0300] "POST /cormun/servlet/solicitudot?gx-no-cache=1494425315749 HTTP/1.1" 200 255
186.103.158.250 - - [10/May/2017:11:07:35 -0300] "GET /cormun/servlet/trsolicitudadjuntos?2017,6377, HTTP/1.1" 200 8025
186.103.157.98 - - [10/May/2017:11:07:38 -0300] "GET /cormun/servlet/solicitudot?0b55e5d095513b04fe2f8104dd0fcb9a303f7b99c315e438ffcecbb60d22a8446dc59a2f04fc7406d775cf7debefa5834781694299d2ebac28ad13f143f3537e45c2ddc7043783a9e473e3506f9de0971cdbdf92227d733c97b5955836cbb740f3a96abd4f7b6e3d71c95ffd5907564592d331a23959bbcb6deb84b7c6998958466b8ea28d8c1f55ba9c3e89bbbf75df90fc565cb163ad1bd8c51f37253d6bd333b8db42ff4bfadcfd95431150c29f97a65ca72a19a445265c72f6b65f0213e5176229fee9551e6abe6a377d365e15f20eb130e12486e6b1a35a3d03a7be0e41629c8563ec65f18b7e0d79cfb180c1435d6a0cc378ca853513546ef200690e049c7a83f3a230440777b762fa4557c91ab6da543f65e4760d3ea01f794df7ac88068044eaa7d76e421d460e22fbf2fa1f6388ac1a11f7861152ea03bf5816197063d2dea536971340377c90c1f306f57839fdb7ebfadad1eb80a48eb0933f85673f2df4492fa73cd954f1ee9be81dce9248d850f4c3ce0da85e7bda266b763411,gx-no-cache=1494425319066 HTTP/1.1" 200 30
186.103.158.250 - - [10/May/2017:11:07:39 -0300] "GET /cormun/servlet/solicitudotadjuntos?INS,2017,6377,,1, HTTP/1.1" 200 5831
186.103.158.250 - - [10/May/2017:11:07:39 -0300] "GET /cormun/static/about:blank HTTP/1.1" 404 1011
186.103.158.250 - - [10/May/2017:11:07:40 -0300] "GET /cormun/servlet/solicitudotadjuntos?INS,2017,6377,,1, HTTP/1.1" 200 5825
186.103.158.250 - - [10/May/2017:11:07:40 -0300] "GET /cormun/servlet/solicitudotadjuntos?27908ecd82d65909c77a818b8d1e6f59d4ef86e6519540a45043317bc48406823124f5455049cf05f0c0526420c2c857,gx-no-cache=1494425319828 HTTP/1.1" 200 30
186.103.158.250 - - [10/May/2017:11:07:40 -0300] "POST /cormun/servlet/solicitudotadjuntos?f69126c3977067297d370d7b51600493,INS,2017,6377,,1,,gx-no-cache=1494425319898 HTTP/1.1" 200 3645
186.103.158.250 - - [10/May/2017:11:07:43 -0300] "POST /cormun/servlet/solicitudotadjuntos?gx-no-cache=1494425323017 HTTP/1.1" 200 26
186.103.157.98 - - [10/May/2017:11:08:04 -0300] "POST /cormun/servlet/solicitudot?gx-no-cache=1494425344641 HTTP/1.1" 200 30
186.103.157.98 - - [10/May/2017:11:08:04 -0300] "POST /cormun/servlet/solicitudot?gx-no-cache=1494425344750 HTTP/1.1" 200 235
186.103.157.98 - - [10/May/2017:11:08:04 -0300] "POST /cormun/servlet/solicitudot?gx-no-cache=1494425344826 HTTP/1.1" 200 38
186.103.158.250 - - [10/May/2017:11:08:14 -0300] "GET /cormun/servlet/solicitudotadjuntos?27908ecd82d65909c77a818b8d1e6f59a464f1d1864f48bbb5983c7bba5c0ea3,gx-no-cache=1494425353377 HTTP/1.1" 200 30
186.103.158.250 - - [10/May/2017:11:08:14 -0300] "GET /cormun/servlet/solicitudotadjuntos?27908ecd82d65909c77a818b8d1e6f59a464f1d1864f48bbb5983c7bba5c0ea3,gx-no-cache=1494425353435 HTTP/1.1" 200 30
186.103.158.250 - - [10/May/2017:11:08:15 -0300] "POST /cormun/servlet/solicitudotadjuntos?f69126c3977067297d370d7b51600493,INS,2017,6377,,1, HTTP/1.1" 200 116
186.103.158.250 - - [10/May/2017:11:08:15 -0300] "GET /cormun/servlet/hpexe_return? HTTP/1.1" 200 1030
186.103.158.250 - - [10/May/2017:11:08:15 -0300] "GET /cormun/servlet/trsolicitudadjuntos?2017,6377, HTTP/1.1" 200 8241
186.103.158.250 - - [10/May/2017:11:08:17 -0300] "GET /cormun/servlet/trsolicitudadjuntos?2017,6377, HTTP/1.1" 200 8239
186.103.158.250 - - [10/May/2017:11:08:20 -0300] "GET /cormun/servlet/solicitudotadjuntos?INS,2017,6377,,1, HTTP/1.1" 200 5831
186.103.158.250 - - [10/May/2017:11:08:21 -0300] "GET /cormun/static/about:blank HTTP/1.1" 404 1011
186.103.158.250 - - [10/May/2017:11:08:21 -0300] "GET /cormun/servlet/solicitudotadjuntos?INS,2017,6377,,1, HTTP/1.1" 200 5825
186.103.158.250 - - [10/May/2017:11:08:22 -0300] "GET /cormun/servlet/solicitudotadjuntos?27908ecd82d65909c77a818b8d1e6f59d4ef86e6519540a45043317bc48406823124f5455049cf05f0c0526420c2c857,gx-no-cache=1494425361456 HTTP/1.1" 200 30
186.103.158.250 - - [10/May/2017:11:08:22 -0300] "POST /cormun/servlet/solicitudotadjuntos?f69126c3977067297d370d7b51600493,INS,2017,6377,,1,,gx-no-cache=1494425361523 HTTP/1.1" 200 3645
186.103.158.250 - - [10/May/2017:11:08:26 -0300] "POST /cormun/servlet/solicitudotadjuntos?gx-no-cache=1494425365612 HTTP/1.1" 200 26
186.79.167.34 - - [10/May/2017:11:08:39 -0300] "POST /cormun/servlet/hlogin?3cb439e906f5e9de5f8ba4c802d0e308,gx-no-cache=1494428795142 HTTP/1.1" 200 90
186.79.167.34 - - [10/May/2017:11:08:39 -0300] "GET /cormun/servlet/hpexe_link HTTP/1.1" 200 952
186.79.167.34 - - [10/May/2017:11:08:40 -0300] "GET /cormun/servlet/hhome HTTP/1.1" 200 3798
186.79.167.34 - - [10/May/2017:11:08:43 -0300] "GET /cormun/servlet/hhome HTTP/1.1" 200 3799
186.79.167.34 - - [10/May/2017:11:08:45 -0300] "GET /cormun/servlet/trsolicitudot? HTTP/1.1" 200 6753
186.79.167.34 - - [10/May/2017:11:08:47 -0300] "GET /cormun/servlet/trsolicitudot? HTTP/1.1" 200 6752
186.103.158.250 - - [10/May/2017:11:08:55 -0300] "GET /cormun/servlet/solicitudotadjuntos?27908ecd82d65909c77a818b8d1e6f59a464f1d1864f48bbb5983c7bba5c0ea3,gx-no-cache=1494425394506 HTTP/1.1" 200 30
186.103.158.250 - - [10/May/2017:11:08:55 -0300] "GET /cormun/servlet/solicitudotadjuntos?27908ecd82d65909c77a818b8d1e6f59a464f1d1864f48bbb5983c7bba5c0ea3,gx-no-cache=1494425394553 HTTP/1.1" 200 30
186.103.158.250 - - [10/May/2017:11:08:55 -0300] "POST /cormun/servlet/solicitudotadjuntos?f69126c3977067297d370d7b51600493,INS,2017,6377,,1, HTTP/1.1" 200 116
186.103.158.250 - - [10/May/2017:11:08:55 -0300] "GET /cormun/servlet/hpexe_return? HTTP/1.1" 200 1030
186.103.158.250 - - [10/May/2017:11:08:56 -0300] "GET /cormun/servlet/trsolicitudadjuntos?2017,6377, HTTP/1.1" 200 8388
186.103.158.250 - - [10/May/2017:11:08:57 -0300] "GET /cormun/servlet/trsolicitudadjuntos?2017,6377, HTTP/1.1" 200 8386
186.103.158.250 - - [10/May/2017:11:09:01 -0300] "GET /cormun/servlet/solicitudotadjuntos?INS,2017,6377,,1, HTTP/1.1" 200 5831
186.103.158.250 - - [10/May/2017:11:09:01 -0300] "GET /cormun/static/about:blank HTTP/1.1" 404 1011
186.103.158.250 - - [10/May/2017:11:09:02 -0300] "GET /cormun/servlet/solicitudotadjuntos?INS,2017,6377,,1, HTTP/1.1" 200 5825
186.103.158.250 - - [10/May/2017:11:09:02 -0300] "GET /cormun/servlet/solicitudotadjuntos?27908ecd82d65909c77a818b8d1e6f59d4ef86e6519540a45043317bc48406823124f5455049cf05f0c0526420c2c857,gx-no-cache=1494425401933 HTTP/1.1" 200 30
186.103.158.250 - - [10/May/2017:11:09:02 -0300] "POST /cormun/servlet/solicitudotadjuntos?f69126c3977067297d370d7b51600493,INS,2017,6377,,1,,gx-no-cache=1494425402000 HTTP/1.1" 200 3643
186.103.158.250 - - [10/May/2017:11:09:06 -0300] "POST /cormun/servlet/solicitudotadjuntos?gx-no-cache=1494425405987 HTTP/1.1" 200 26
186.103.158.250 - - [10/May/2017:11:09:34 -0300] "GET /cormun/servlet/solicitudotadjuntos?27908ecd82d65909c77a818b8d1e6f59a464f1d1864f48bbb5983c7bba5c0ea3,gx-no-cache=1494425434193 HTTP/1.1" 200 30
186.103.158.250 - - [10/May/2017:11:09:34 -0300] "GET /cormun/servlet/solicitudotadjuntos?27908ecd82d65909c77a818b8d1e6f59a464f1d1864f48bbb5983c7bba5c0ea3,gx-no-cache=1494425434231 HTTP/1.1" 200 30
186.103.158.250 - - [10/May/2017:11:09:35 -0300] "POST /cormun/servlet/solicitudotadjuntos?f69126c3977067297d370d7b51600493,INS,2017,6377,,1, HTTP/1.1" 200 116
186.103.158.250 - - [10/May/2017:11:09:35 -0300] "GET /cormun/servlet/hpexe_return? HTTP/1.1" 200 1030
186.103.158.250 - - [10/May/2017:11:09:35 -0300] "GET /cormun/servlet/trsolicitudadjuntos?2017,6377, HTTP/1.1" 200 8529
186.103.158.250 - - [10/May/2017:11:09:37 -0300] "GET /cormun/servlet/trsolicitudadjuntos?2017,6377, HTTP/1.1" 200 8525
186.103.157.98 - - [10/May/2017:11:09:40 -0300] "POST /cormun/servlet/solicitudot?gx-no-cache=1494425441231 HTTP/1.1" 200 30
186.103.158.250 - - [10/May/2017:11:09:46 -0300] "GET /cormun/servlet/solicitudotadjuntos?INS,2017,6377,,1, HTTP/1.1" 200 5831
186.103.158.250 - - [10/May/2017:11:09:47 -0300] "GET /cormun/static/about:blank HTTP/1.1" 404 1011
186.103.158.250 - - [10/May/2017:11:09:47 -0300] "GET /cormun/servlet/solicitudotadjuntos?INS,2017,6377,,1, HTTP/1.1" 200 5825
186.103.158.250 - - [10/May/2017:11:09:48 -0300] "GET /cormun/servlet/solicitudotadjuntos?27908ecd82d65909c77a818b8d1e6f59d4ef86e6519540a45043317bc48406823124f5455049cf05f0c0526420c2c857,gx-no-cache=1494425447713 HTTP/1.1" 200 30
186.103.158.250 - - [10/May/2017:11:09:48 -0300] "POST /cormun/servlet/solicitudotadjuntos?f69126c3977067297d370d7b51600493,INS,2017,6377,,1,,gx-no-cache=1494425447766 HTTP/1.1" 200 3645
200.86.184.230 - - [10/May/2017:11:09:52 -0300] "GET /cormun/servlet/hlogin HTTP/1.1" 200 1724
186.103.158.250 - - [10/May/2017:11:09:52 -0300] "POST /cormun/servlet/solicitudotadjuntos?gx-no-cache=1494425451607 HTTP/1.1" 200 26
200.86.184.230 - - [10/May/2017:11:09:52 -0300] "GET /cormun/servlet/hlogin HTTP/1.1" 200 1731
200.86.184.230 - - [10/May/2017:11:10:08 -0300] "POST /cormun/servlet/hlogin?b1495ee83156fac9513cc40573c0a203,gx-no-cache=1494426262797 HTTP/1.1" 200 90
200.86.184.230 - - [10/May/2017:11:10:08 -0300] "GET /cormun/servlet/hpexe_link HTTP/1.1" 200 953
200.86.184.230 - - [10/May/2017:11:10:08 -0300] "GET /cormun/servlet/hhome HTTP/1.1" 200 3818
200.86.184.230 - - [10/May/2017:11:10:09 -0300] "GET /cormun/servlet/hhome HTTP/1.1" 200 3814
200.86.184.230 - - [10/May/2017:11:10:15 -0300] "GET /cormun/servlet/trpermisosgoce? HTTP/1.1" 200 6573
200.86.184.230 - - [10/May/2017:11:10:15 -0300] "GET /cormun/static/gxcfg.js?20174111153177 HTTP/1.1" 200 953
200.86.184.230 - - [10/May/2017:11:10:15 -0300] "GET /cormun/static/trpermisosgoce.js?20174111153217 HTTP/1.1" 200 32899
200.86.184.230 - - [10/May/2017:11:10:15 -0300] "GET /cormun/servlet/trpermisosgoce? HTTP/1.1" 200 6572
200.86.184.230 - - [10/May/2017:11:10:20 -0300] "POST /cormun/servlet/trpermisosgoce?b1495ee83156fac9513cc40573c0a203,,gx-no-cache=1494426273964 HTTP/1.1" 200 104
200.86.184.230 - - [10/May/2017:11:10:20 -0300] "GET /cormun/PermisosGoce-3353.xls HTTP/1.1" 200 4096
200.86.184.230 - - [10/May/2017:11:10:34 -0300] "GET /cormun/servlet/trpermisosingoce? HTTP/1.1" 200 6594
200.86.184.230 - - [10/May/2017:11:10:35 -0300] "GET /cormun/servlet/trpermisosingoce? HTTP/1.1" 200 6594
200.86.184.230 - - [10/May/2017:11:10:41 -0300] "GET /cormun/servlet/tratrazos? HTTP/1.1" 200 6591
200.86.184.230 - - [10/May/2017:11:10:41 -0300] "GET /cormun/static/gxcfg.js?2016111619465317 HTTP/1.1" 200 953
200.86.184.230 - - [10/May/2017:11:10:41 -0300] "GET /cormun/static/tratrazos.js?2016111619465747 HTTP/1.1" 200 30414
200.86.184.230 - - [10/May/2017:11:10:41 -0300] "GET /cormun/servlet/tratrazos? HTTP/1.1" 200 6591
200.86.95.220 - - [10/May/2017:11:10:47 -0300] "GET /cormun/servlet/hlogin HTTP/1.1" 200 1720
186.103.158.250 - - [10/May/2017:11:10:48 -0300] "GET /cormun/servlet/solicitudotadjuntos?27908ecd82d65909c77a818b8d1e6f59a464f1d1864f48bbb5983c7bba5c0ea3,gx-no-cache=1494425507324 HTTP/1.1" 200 30
186.103.158.250 - - [10/May/2017:11:10:48 -0300] "GET /cormun/servlet/solicitudotadjuntos?27908ecd82d65909c77a818b8d1e6f59a464f1d1864f48bbb5983c7bba5c0ea3,gx-no-cache=1494425507431 HTTP/1.1" 200 30
200.86.95.220 - - [10/May/2017:11:10:48 -0300] "GET /cormun/servlet/hlogin HTTP/1.1" 200 1731
200.86.95.220 - - [10/May/2017:11:10:48 -0300] "GET /favicon.ico HTTP/1.1" 200 21630
186.103.158.250 - - [10/May/2017:11:10:48 -0300] "POST /cormun/servlet/solicitudotadjuntos?f69126c3977067297d370d7b51600493,INS,2017,6377,,1, HTTP/1.1" 200 116
186.103.158.250 - - [10/May/2017:11:10:48 -0300] "GET /cormun/servlet/hpexe_return? HTTP/1.1" 200 1030
186.103.158.250 - - [10/May/2017:11:10:49 -0300] "GET /cormun/servlet/trsolicitudadjuntos?2017,6377, HTTP/1.1" 200 8699
200.86.184.230 - - [10/May/2017:11:10:50 -0300] "GET /cormun/servlet/trsolicitudot? HTTP/1.1" 200 6766
200.86.184.230 - - [10/May/2017:11:10:50 -0300] "GET /cormun/static/gxcfg.js?201731711505139 HTTP/1.1" 200 953
200.86.184.230 - - [10/May/2017:11:10:50 -0300] "GET /cormun/static/trsolicitudot.js?20173171151116 HTTP/1.1" 200 53117
186.103.158.250 - - [10/May/2017:11:10:50 -0300] "GET /cormun/servlet/trsolicitudadjuntos?2017,6377, HTTP/1.1" 200 8693
200.86.184.230 - - [10/May/2017:11:10:50 -0300] "GET /cormun/servlet/trsolicitudot? HTTP/1.1" 200 6766
186.103.158.250 - - [10/May/2017:11:10:53 -0300] "GET /cormun/servlet/solicitudotadjuntos?INS,2017,6377,,1, HTTP/1.1" 200 5831
186.103.158.250 - - [10/May/2017:11:10:53 -0300] "GET /cormun/static/about:blank HTTP/1.1" 404 1011
186.103.158.250 - - [10/May/2017:11:10:54 -0300] "GET /cormun/servlet/solicitudotadjuntos?INS,2017,6377,,1, HTTP/1.1" 200 5825
186.103.158.250 - - [10/May/2017:11:10:54 -0300] "GET /cormun/servlet/solicitudotadjuntos?27908ecd82d65909c77a818b8d1e6f59d4ef86e6519540a45043317bc48406823124f5455049cf05f0c0526420c2c857,gx-no-cache=1494425514219 HTTP/1.1" 200 30
186.103.158.250 - - [10/May/2017:11:10:55 -0300] "POST /cormun/servlet/solicitudotadjuntos?f69126c3977067297d370d7b51600493,INS,2017,6377,,1,,gx-no-cache=1494425514304 HTTP/1.1" 200 3645
200.86.95.220 - - [10/May/2017:11:10:56 -0300] "POST /cormun/servlet/hlogin?a8b1f1efcdf29483a6abea370865cc5e,gx-no-cache=1494425518289 HTTP/1.1" 200 443
200.86.184.230 - - [10/May/2017:11:10:58 -0300] "GET /cormun/servlet/trvisualizadoreventos? HTTP/1.1" 200 6551
200.86.184.230 - - [10/May/2017:11:10:58 -0300] "GET /cormun/static/gxcfg.js?201731711523419 HTTP/1.1" 200 953
200.86.184.230 - - [10/May/2017:11:10:58 -0300] "GET /cormun/static/Resources/PXToolsActionPrint.png HTTP/1.1" 200 3317
200.86.184.230 - - [10/May/2017:11:10:58 -0300] "GET /cormun/static/trvisualizadoreventos.js?20173171152387 HTTP/1.1" 200 19309
186.103.158.250 - - [10/May/2017:11:10:58 -0300] "POST /cormun/servlet/solicitudotadjuntos?gx-no-cache=1494425518173 HTTP/1.1" 200 26
200.86.184.230 - - [10/May/2017:11:10:59 -0300] "GET /cormun/servlet/trvisualizadoreventos? HTTP/1.1" 200 6551
200.86.184.230 - - [10/May/2017:11:11:04 -0300] "GET /cormun/servlet/trpermisosingoce? HTTP/1.1" 200 6594
200.86.95.220 - - [10/May/2017:11:11:05 -0300] "POST /cormun/servlet/hlogin?a8b1f1efcdf29483a6abea370865cc5e,gx-no-cache=1494425525629 HTTP/1.1" 200 90
200.86.95.220 - - [10/May/2017:11:11:05 -0300] "GET /cormun/servlet/hpexe_link HTTP/1.1" 200 951
200.86.95.220 - - [10/May/2017:11:11:05 -0300] "GET /cormun/servlet/hhome HTTP/1.1" 200 3773
200.86.184.230 - - [10/May/2017:11:11:05 -0300] "GET /cormun/servlet/trpermisosingoce? HTTP/1.1" 200 6594
200.86.95.220 - - [10/May/2017:11:11:06 -0300] "GET /cormun/servlet/hhome HTTP/1.1" 200 3769
200.86.95.220 - - [10/May/2017:11:11:09 -0300] "GET /cormun/servlet/trpermisosgoce? HTTP/1.1" 200 7386
200.86.184.230 - - [10/May/2017:11:11:09 -0300] "GET /cormun/servlet/trpermisosgoce? HTTP/1.1" 200 6573
200.86.184.230 - - [10/May/2017:11:11:10 -0300] "GET /cormun/servlet/trpermisosgoce? HTTP/1.1" 200 6572
200.86.95.220 - - [10/May/2017:11:11:10 -0300] "GET /cormun/servlet/trpermisosgoce? HTTP/1.1" 200 7385
200.86.184.230 - - [10/May/2017:11:11:13 -0300] "POST /cormun/servlet/trpermisosgoce?b1495ee83156fac9513cc40573c0a203,,gx-no-cache=1494426327497 HTTP/1.1" 200 104
200.86.184.230 - - [10/May/2017:11:11:13 -0300] "POST /cormun/servlet/trpermisosgoce?b1495ee83156fac9513cc40573c0a203,,gx-no-cache=1494426327632 HTTP/1.1" 200 3854
200.86.95.220 - - [10/May/2017:11:11:13 -0300] "GET /cormun/servlet/permisogoce?INS,0,,, HTTP/1.1" 200 6543
200.86.184.230 - - [10/May/2017:11:11:13 -0300] "GET /cormun/PermisosGoce-2851.xls HTTP/1.1" 200 4096
200.86.95.220 - - [10/May/2017:11:11:14 -0300] "GET /cormun/servlet/permisogoce?INS,0,,, HTTP/1.1" 200 6543
200.86.95.220 - - [10/May/2017:11:11:23 -0300] "GET /cormun/servlet/permisogoce?c4c0690e816cb131346d3c73d094466891eac01fc45b280836bf6f289c8b412d7f3238827f6a9ece4c90373035be24d1,gx-no-cache=1494425544922 HTTP/1.1" 200 75
200.86.95.220 - - [10/May/2017:11:11:23 -0300] "GET /cormun/static/menuarrow.gif HTTP/1.1" 404 1015
200.86.184.230 - - [10/May/2017:11:11:24 -0300] "GET /cormun/servlet/trlicencias? HTTP/1.1" 200 6650
200.86.184.230 - - [10/May/2017:11:11:24 -0300] "GET /cormun/static/gxcfg.js?201741111445981 HTTP/1.1" 200 953
200.86.184.230 - - [10/May/2017:11:11:24 -0300] "GET /cormun/static/trlicencias.js?20174111145440 HTTP/1.1" 200 37913
200.86.184.230 - - [10/May/2017:11:11:25 -0300] "GET /cormun/servlet/trlicencias? HTTP/1.1" 200 6649
200.86.184.230 - - [10/May/2017:11:11:30 -0300] "POST /cormun/servlet/trlicencias?b1495ee83156fac9513cc40573c0a203,,gx-no-cache=1494426344981 HTTP/1.1" 200 101
200.86.184.230 - - [10/May/2017:11:11:31 -0300] "POST /cormun/servlet/trlicencias?b1495ee83156fac9513cc40573c0a203,,gx-no-cache=1494426345133 HTTP/1.1" 200 3878
200.86.184.230 - - [10/May/2017:11:11:31 -0300] "GET /cormun/Licencias-6345.xls HTTP/1.1" 200 4608
186.103.158.250 - - [10/May/2017:11:11:32 -0300] "GET /cormun/servlet/solicitudotadjuntos?27908ecd82d65909c77a818b8d1e6f59a464f1d1864f48bbb5983c7bba5c0ea3,gx-no-cache=1494425551920 HTTP/1.1" 200 30
186.103.158.250 - - [10/May/2017:11:11:32 -0300] "GET /cormun/servlet/solicitudotadjuntos?27908ecd82d65909c77a818b8d1e6f59a464f1d1864f48bbb5983c7bba5c0ea3,gx-no-cache=1494425552007 HTTP/1.1" 200 30
186.103.158.250 - - [10/May/2017:11:11:33 -0300] "POST /cormun/servlet/solicitudotadjuntos?f69126c3977067297d370d7b51600493,INS,2017,6377,,1, HTTP/1.1" 200 116
200.86.95.220 - - [10/May/2017:11:11:33 -0300] "GET /cormun/servlet/permisogoce?c4c0690e816cb131346d3c73d0944668eaf399835f5988e1678415b38726d0009e5ab4c4a23e78c876f8c7236abc42518289e3aa442d71511f62cc9d1df84a9d,gx-no-cache=1494425554811 HTTP/1.1" 200 47
186.103.158.250 - - [10/May/2017:11:11:33 -0300] "GET /cormun/servlet/hpexe_return? HTTP/1.1" 200 1030
186.103.158.250 - - [10/May/2017:11:11:33 -0300] "GET /cormun/servlet/trsolicitudadjuntos?2017,6377, HTTP/1.1" 200 8925
186.103.158.250 - - [10/May/2017:11:11:35 -0300] "GET /cormun/servlet/trsolicitudadjuntos?2017,6377, HTTP/1.1" 200 8921
200.86.95.220 - - [10/May/2017:11:11:46 -0300] "POST /cormun/servlet/permisogoce?a8b1f1efcdf29483a6abea370865cc5e,INS,0,,,,gx-no-cache=1494425568281 HTTP/1.1" 200 93
200.86.95.220 - - [10/May/2017:11:11:46 -0300] "GET /cormun/servlet/hpexe_return? HTTP/1.1" 200 1009
200.86.95.220 - - [10/May/2017:11:11:47 -0300] "GET /cormun/servlet/trpermisosgoce HTTP/1.1" 200 7654
200.86.95.220 - - [10/May/2017:11:11:48 -0300] "GET /cormun/servlet/trpermisosgoce HTTP/1.1" 200 7650
186.103.158.250 - - [10/May/2017:11:11:48 -0300] "GET /cormun/servlet/trsolicitudot? HTTP/1.1" 200 8032
186.103.158.250 - - [10/May/2017:11:11:50 -0300] "GET /cormun/servlet/trsolicitudot? HTTP/1.1" 200 8026
186.103.158.250 - - [10/May/2017:11:11:52 -0300] "POST /cormun/servlet/trsolicitudot?f69126c3977067297d370d7b51600493,,gx-no-cache=1494425571985 HTTP/1.1" 200 106
200.86.95.220 - - [10/May/2017:11:11:52 -0300] "GET /cormun/servlet/apermisogoceprn?16884025,P,20170510120611,PU HTTP/1.1" 200 1641
186.103.158.250 - - [10/May/2017:11:11:52 -0300] "GET /cormun/servlet/trsolicitudadjuntos?2017,6377, HTTP/1.1" 200 8919
186.103.158.250 - - [10/May/2017:11:11:54 -0300] "GET /cormun/servlet/trsolicitudadjuntos?2017,6377, HTTP/1.1" 200 8921
186.103.158.250 - - [10/May/2017:11:11:57 -0300] "GET /cormun/servlet/trsolicitudot? HTTP/1.1" 200 8032
186.103.158.250 - - [10/May/2017:11:11:58 -0300] "GET /cormun/servlet/trsolicitudot? HTTP/1.1" 200 8026
186.103.158.250 - - [10/May/2017:11:12:06 -0300] "POST /cormun/servlet/trsolicitudot?f69126c3977067297d370d7b51600493,,gx-no-cache=1494425585907 HTTP/1.1" 200 4175
186.103.158.250 - - [10/May/2017:11:12:06 -0300] "GET /cormun/static/Shared/jqueryui/images/ui-bg_highlight-soft_100_c6c2c8_1x100.png HTTP/1.1" 404 1117
186.103.158.250 - - [10/May/2017:11:12:06 -0300] "GET /cormun/static/Shared/jqueryui/images/ui-icons_82798d_256x240.png HTTP/1.1" 404 1089
186.103.158.250 - - [10/May/2017:11:12:06 -0300] "GET /cormun/static/Shared/jqueryui/images/ui-bg_flat_55_fafafa_40x100.png HTTP/1.1" 404 1097
186.103.158.250 - - [10/May/2017:11:12:06 -0300] "GET /cormun/static/Shared/jqueryui/images/ui-icons_8d78a5_256x240.png HTTP/1.1" 404 1089
186.103.158.250 - - [10/May/2017:11:12:07 -0300] "POST /cormun/servlet/trsolicitudot?f69126c3977067297d370d7b51600493,,gx-no-cache=1494425586262 HTTP/1.1" 200 3940
186.103.158.250 - - [10/May/2017:11:12:17 -0300] "GET /cormun/servlet/hlogin HTTP/1.1" 200 1719
40.77.167.137 - - [10/May/2017:11:12:40 -0300] "GET /cormun/servlet/hpexe_link HTTP/1.1" 200 987
186.103.158.250 - - [10/May/2017:11:12:53 -0300] "POST /cormun/servlet/hlogin?59b13d3707389b6057001345488b37af,gx-no-cache=1494425633146 HTTP/1.1" 200 90
186.103.158.250 - - [10/May/2017:11:12:53 -0300] "GET /cormun/servlet/hpexe_link HTTP/1.1" 200 951
186.103.158.250 - - [10/May/2017:11:12:54 -0300] "GET /cormun/servlet/hpexe_link HTTP/1.1" 200 948
186.103.159.46 - - [10/May/2017:11:12:54 -0300] "GET /cormun/servlet/trlicencias? HTTP/1.1" 200 5986
186.103.158.250 - - [10/May/2017:11:12:54 -0300] "GET /cormun/servlet/hhome HTTP/1.1" 200 3970
186.103.159.46 - - [10/May/2017:11:12:54 -0300] "GET /cormun/static/gxcfg.js?201741111445981 HTTP/1.1" 304 -
186.103.159.46 - - [10/May/2017:11:12:54 -0300] "GET /cormun/static/trlicencias.js?20174111145440 HTTP/1.1" 304 -
186.103.158.250 - - [10/May/2017:11:12:55 -0300] "GET /cormun/servlet/hhome HTTP/1.1" 200 3967
186.103.159.46 - - [10/May/2017:11:12:55 -0300] "GET /cormun/servlet/trlicencias? HTTP/1.1" 200 5981
186.103.159.46 - - [10/May/2017:11:12:55 -0300] "GET /cormun/servlet/hlogin HTTP/1.1" 200 1740
186.103.158.250 - - [10/May/2017:11:13:02 -0300] "GET /cormun/servlet/trautorizarsolicitud? HTTP/1.1" 200 8944
186.103.158.250 - - [10/May/2017:11:13:03 -0300] "GET /cormun/servlet/trautorizarsolicitud? HTTP/1.1" 200 8942
186.103.157.42 - - [10/May/2017:11:13:18 -0300] "GET /cormun/servlet/hlogin HTTP/1.1" 200 1730
186.103.157.42 - - [10/May/2017:11:13:18 -0300] "GET /cormun/static/gxtimezone.js?85251 HTTP/1.1" 200 5781
186.103.157.42 - - [10/May/2017:11:13:18 -0300] "GET /cormun/static/gxcfg.js?201741110203197 HTTP/1.1" 200 953
186.103.157.42 - - [10/May/2017:11:13:18 -0300] "GET /cormun/static/Resources/Spanish/PXTools.css?11294912 HTTP/1.1" 200 89042
186.103.157.42 - - [10/May/2017:11:13:18 -0300] "GET /cormun/static/messages.spa.js?85251 HTTP/1.1" 200 30736
186.103.157.42 - - [10/May/2017:11:13:18 -0300] "GET /cormun/static/hlogin.js?201741110203211 HTTP/1.1" 200 2136
186.103.157.42 - - [10/May/2017:11:13:18 -0300] "GET /cormun/static/Resources/ComunLogin.png HTTP/1.1" 200 17326
186.103.157.42 - - [10/May/2017:11:13:18 -0300] "GET /cormun/static/gxgral.js?85251 HTTP/1.1" 200 384558
186.103.157.42 - - [10/May/2017:11:13:19 -0300] "GET /cormun/static/Resources/PXToolsLoginBackground.png HTTP/1.1" 200 1164
186.103.157.42 - - [10/May/2017:11:13:19 -0300] "GET /cormun/static/Resources/PXToolsLoginTop.png HTTP/1.1" 200 1337
186.103.157.42 - - [10/May/2017:11:13:19 -0300] "GET /cormun/static/Resources/PXToolsButtonLeft21.png HTTP/1.1" 200 1287
186.103.157.42 - - [10/May/2017:11:13:19 -0300] "GET /cormun/static/Resources/PXToolsButtonRight21.png HTTP/1.1" 200 1283
186.103.157.42 - - [10/May/2017:11:13:19 -0300] "GET /cormun/static/Resources/PXToolsLoginBottom.png HTTP/1.1" 200 1389
186.103.157.42 - - [10/May/2017:11:13:19 -0300] "GET /cormun/static/Resources/indicator.gif HTTP/1.1" 200 1553
186.103.157.42 - - [10/May/2017:11:13:19 -0300] "GET /cormun/static/Resources/PXToolsButtonBackground2.png HTTP/1.1" 200 1181
186.103.157.42 - - [10/May/2017:11:13:19 -0300] "GET /cormun/servlet/hlogin HTTP/1.1" 200 1736
186.103.157.42 - - [10/May/2017:11:13:19 -0300] "GET /favicon.ico HTTP/1.1" 200 21630
186.103.158.250 - - [10/May/2017:11:13:22 -0300] "POST /cormun/servlet/trautorizarsolicitud?59b13d3707389b6057001345488b37af,,gx-no-cache=1494425661640 HTTP/1.1" 200 5882
186.103.158.250 - - [10/May/2017:11:13:22 -0300] "GET /cormun/static/Shared/jqueryui/images/ui-bg_highlight-soft_100_c6c2c8_1x100.png HTTP/1.1" 404 1117
186.103.158.250 - - [10/May/2017:11:13:22 -0300] "GET /cormun/static/Shared/jqueryui/images/ui-icons_82798d_256x240.png HTTP/1.1" 404 1089
186.103.158.250 - - [10/May/2017:11:13:22 -0300] "GET /cormun/static/Shared/jqueryui/images/ui-bg_flat_55_fafafa_40x100.png HTTP/1.1" 404 1097
186.103.158.250 - - [10/May/2017:11:13:22 -0300] "GET /cormun/static/Shared/jqueryui/images/ui-icons_8d78a5_256x240.png HTTP/1.1" 404 1089
186.103.158.250 - - [10/May/2017:11:13:22 -0300] "POST /cormun/servlet/trautorizarsolicitud?59b13d3707389b6057001345488b37af,,gx-no-cache=1494425662102 HTTP/1.1" 200 5826
186.103.158.250 - - [10/May/2017:11:13:24 -0300] "POST /cormun/servlet/trautorizarsolicitud?59b13d3707389b6057001345488b37af,,gx-no-cache=1494425663444 HTTP/1.1" 200 5438
186.103.158.250 - - [10/May/2017:11:13:24 -0300] "POST /cormun/servlet/trautorizarsolicitud?59b13d3707389b6057001345488b37af,,gx-no-cache=1494425663765 HTTP/1.1" 200 5383
186.103.158.250 - - [10/May/2017:11:13:25 -0300] "POST /cormun/servlet/trautorizarsolicitud?59b13d3707389b6057001345488b37af,,gx-no-cache=1494425664703 HTTP/1.1" 200 4326
186.103.158.250 - - [10/May/2017:11:13:25 -0300] "POST /cormun/servlet/trautorizarsolicitud?59b13d3707389b6057001345488b37af,,gx-no-cache=1494425664986 HTTP/1.1" 200 4088
186.103.159.46 - - [10/May/2017:11:13:40 -0300] "POST /cormun/servlet/hlogin?fe9d8b5785949dc30bdb57abda66e1cf,gx-no-cache=1494429277190 HTTP/1.1" 200 90
186.103.159.46 - - [10/May/2017:11:13:40 -0300] "GET /cormun/servlet/hpexe_link HTTP/1.1" 200 957
186.103.159.46 - - [10/May/2017:11:13:40 -0300] "GET /cormun/servlet/trlicencias HTTP/1.1" 200 6442
186.103.159.46 - - [10/May/2017:11:13:42 -0300] "GET /cormun/servlet/trlicencias HTTP/1.1" 200 6440
192.168.10.96 - - [10/May/2017:11:14:18 -0300] "GET /cormun/servlet/trsolicitudgral? HTTP/1.1" 200 8411
192.168.10.96 - - [10/May/2017:11:14:19 -0300] "GET /cormun/servlet/trsolicitudgral? HTTP/1.1" 200 8411
186.103.159.46 - - [10/May/2017:11:14:21 -0300] "GET /cormun/servlet/hhome HTTP/1.1" 200 3326
186.103.159.46 - - [10/May/2017:11:14:23 -0300] "GET /cormun/servlet/hhome HTTP/1.1" 200 3336
186.103.159.46 - - [10/May/2017:11:14:23 -0300] "GET /cormun/servlet/hlogin HTTP/1.1" 200 1727
192.168.10.96 - - [10/May/2017:11:14:27 -0300] "POST /cormun/servlet/trsolicitudgral?83c34b4dfcfb5b914d1ac8670cc26d1c,,gx-no-cache=1494428931859 HTTP/1.1" 200 8622
186.79.167.34 - - [10/May/2017:11:14:35 -0300] "GET /cormun/servlet/solicitudot?INS,0,0, HTTP/1.1" 200 12620
186.103.159.46 - - [10/May/2017:11:14:41 -0300] "POST /cormun/servlet/hlogin?61489350210be146b6ae43da22d5d923,gx-no-cache=1494429338842 HTTP/1.1" 200 90
186.103.159.46 - - [10/May/2017:11:14:42 -0300] "GET /cormun/servlet/hpexe_link HTTP/1.1" 200 947
186.103.159.46 - - [10/May/2017:11:14:42 -0300] "GET /cormun/servlet/hhome HTTP/1.1" 200 3775
186.103.159.46 - - [10/May/2017:11:14:43 -0300] "GET /cormun/servlet/hhome HTTP/1.1" 200 3774
186.103.159.46 - - [10/May/2017:11:14:51 -0300] "GET /cormun/servlet/trlicencias? HTTP/1.1" 200 6615
186.103.159.46 - - [10/May/2017:11:14:52 -0300] "GET /cormun/servlet/trlicencias? HTTP/1.1" 200 6613
186.103.159.46 - - [10/May/2017:11:15:15 -0300] "GET /cormun/servlet/licenciaspermisos?INS,0,,, HTTP/1.1" 200 7164
186.103.159.46 - - [10/May/2017:11:15:15 -0300] "GET /cormun/static/gxcfg.js?201741111445322 HTTP/1.1" 304 -
186.103.159.46 - - [10/May/2017:11:15:16 -0300] "GET /cormun/static/licenciaspermisos.js?201741111445392 HTTP/1.1" 304 -
186.103.159.46 - - [10/May/2017:11:15:17 -0300] "GET /cormun/servlet/licenciaspermisos?INS,0,,, HTTP/1.1" 200 7163
186.103.159.46 - - [10/May/2017:11:15:31 -0300] "GET /cormun/servlet/licenciaspermisos?54aa1a3af621c3b0cdf1203c45d0ca5a3571446821bf0428b0d4ebd84a12c3570bda5a30faa9acd0d51375c5a9dff0ab,gx-no-cache=1494429388431 HTTP/1.1" 200 62
186.103.159.46 - - [10/May/2017:11:15:31 -0300] "POST /cormun/servlet/licenciaspermisos?61489350210be146b6ae43da22d5d923,INS,0,,,,gx-no-cache=1494429388515 HTTP/1.1" 200 4409
186.103.159.46 - - [10/May/2017:11:15:36 -0300] "GET /cormun/servlet/prfichaempleado?,MD,,gxPopupLevel%3D0%3B HTTP/1.1" 200 8792
186.103.159.46 - - [10/May/2017:11:15:36 -0300] "GET /cormun/static/gxcfg.js?2017319125415 HTTP/1.1" 304 -
186.103.159.46 - - [10/May/2017:11:15:36 -0300] "GET /cormun/static/menusearch.js?201610171694467 HTTP/1.1" 304 -
186.103.159.46 - - [10/May/2017:11:15:36 -0300] "GET /cormun/static/hmpwkw011.js?201731711483558 HTTP/1.1" 304 -
186.103.159.46 - - [10/May/2017:11:15:37 -0300] "GET /cormun/static/prfichaempleado.js?20173191254344 HTTP/1.1" 304 -
186.103.159.46 - - [10/May/2017:11:15:52 -0300] "POST /cormun/servlet/prfichaempleado?61489350210be146b6ae43da22d5d923,,MD,,gxPopupLevel%3D0%3B,gx-no-cache=1494429409806 HTTP/1.1" 200 3170
186.103.159.46 - - [10/May/2017:11:15:55 -0300] "POST /cormun/servlet/prfichaempleado?61489350210be146b6ae43da22d5d923,,MD,,gxPopupLevel%3D0%3B,gx-no-cache=1494429412730 HTTP/1.1" 200 3170
186.79.167.34 - - [10/May/2017:11:15:59 -0300] "GET /cormun/servlet/solicitudot?INS,0,0, HTTP/1.1" 200 12617
186.79.167.34 - - [10/May/2017:11:16:02 -0300] "GET /cormun/servlet/solicitudot?INS,0,0, HTTP/1.1" 200 12622
186.79.167.34 - - [10/May/2017:11:16:02 -0300] "GET /favicon.ico HTTP/1.1" 200 21630
186.79.167.34 - - [10/May/2017:11:16:05 -0300] "GET /cormun/servlet/prfichaempleado?,MD,,gxPopupLevel%3D0%3B HTTP/1.1" 200 8811
186.103.159.46 - - [10/May/2017:11:16:09 -0300] "POST /cormun/servlet/prfichaempleado?61489350210be146b6ae43da22d5d923,,MD,,gxPopupLevel%3D0%3B,gx-no-cache=1494429426470 HTTP/1.1" 200 3173
186.79.167.34 - - [10/May/2017:11:17:03 -0300] "POST /cormun/servlet/solicitudot?gx-no-cache=1494429299709 HTTP/1.1" 200 3092
186.79.167.34 - - [10/May/2017:11:17:03 -0300] "POST /cormun/servlet/solicitudot?3cb439e906f5e9de5f8ba4c802d0e308,INS,0,0,,gx-no-cache=1494429300218 HTTP/1.1" 200 9692
186.79.167.34 - - [10/May/2017:11:17:05 -0300] "GET /cormun/servlet/solicitudot?26cf685ea0fcd771d2acdb6bbb38375f24fc7e89a05c3e7b3b98514483eca8733c0bffdc98a2211518458ddccc5cede8,gx-no-cache=1494429302252 HTTP/1.1" 200 30
186.103.159.46 - - [10/May/2017:11:18:21 -0300] "GET /cormun/static/menuarrow.gif HTTP/1.1" 404 1015
186.79.167.34 - - [10/May/2017:11:19:52 -0300] "POST /cormun/servlet/solicitudot?gx-no-cache=1494429468801 HTTP/1.1" 200 297
186.79.167.34 - - [10/May/2017:11:19:53 -0300] "GET /cormun/servlet/solicitudot?26cf685ea0fcd771d2acdb6bbb38375f184b193ef9c32bdd2ed92e9b853b2e985c310033053b905f64f647f314d364998a724879280801974107999c962b6dbf01fd1dd2d52184c923833d5a577895e874663311dccc6fb95ded736a9d7a5008ced57632ea95f37716c98fa5dd50b9eebf80d9429ea1d470deb78c7dacde92c80eebbe8e3feef0261a33947076b701a8f064d37e6af32c780c400cb388ae3abe792fed1e8bb96ceafaf36ebf1c185b9ff046611a94bd89dbd0be840295bf6b63cae0ec0569113fec97c44868a7d32c50a8cfcbb375917457b05dfe7474e0f9102fce9cd89e742f6e5010ae1276e9f423fc4e21980b733bf76dffee9de974c19d701a245f2617756c2cd6e6add2153c077dd5a1b6e2e5a291bbb6cb8d001339d8e73160fbe5c1d66257576cfc972389651537551684f1a28af7bbb6d8b41429578026b7a87bb34624c0e390fa3361cebf7061de7b04746cb39a6acb9f8750512452adc4db375bdef7b0fddd46095e4241ba45dc815f3af6dbc4cfea9ff3f16f34fdaf822bba6681c0066e06ebd7795302,gx-no-cache=1494429470469 HTTP/1.1" 200 30
186.79.167.34 - - [10/May/2017:11:19:55 -0300] "POST /cormun/servlet/solicitudot?gx-no-cache=1494429472506 HTTP/1.1" 200 255
186.79.167.34 - - [10/May/2017:11:19:57 -0300] "GET /cormun/servlet/solicitudot?26cf685ea0fcd771d2acdb6bbb38375f184b193ef9c32bdd2ed92e9b853b2e987364abfdcfeb382f91af7e0bbb9381ec8a724879280801974107999c962b6dbf01fd1dd2d52184c923833d5a577895e874663311dccc6fb95ded736a9d7a5008ced57632ea95f37716c98fa5dd50b9eebf80d9429ea1d470deb78c7dacde92c80eebbe8e3feef0261a33947076b701a8f064d37e6af32c780c400cb388ae3abe792fed1e8bb96ceafaf36ebf1c185b9ff046611a94bd89dbd0be840295bf6b63cae0ec0569113fec97c44868a7d32c50a8cfcbb375917457b05dfe7474e0f9102fce9cd89e742f6e5010ae1276e9f423c473a5197acad2a6227fa00fcb5a3e6e701a245f2617756c2cd6e6add2153c072212a5107b3603097a81303941929b22a91abb4d7069fd50add83b2df778afe0ad6607e04232711026526b60c4bc809c3c7f4452eab25da46613e93fcc6d212f271f8539497fc79569b01311bf21719dad539e08d03b0926fdf5d930f5acf9e554e4d37468835fcbf63a866356bbd977,gx-no-cache=1494429473715 HTTP/1.1" 200 30
186.79.167.34 - - [10/May/2017:11:19:59 -0300] "POST /cormun/servlet/solicitudot?gx-no-cache=1494429476181 HTTP/1.1" 200 30
186.79.167.34 - - [10/May/2017:11:20:00 -0300] "POST /cormun/servlet/solicitudot?gx-no-cache=1494429477134 HTTP/1.1" 200 235
186.79.167.34 - - [10/May/2017:11:20:00 -0300] "POST /cormun/servlet/solicitudot?gx-no-cache=1494429477493 HTTP/1.1" 200 38
186.79.167.34 - - [10/May/2017:11:20:23 -0300] "GET /cormun/servlet/solicitudot?26cf685ea0fcd771d2acdb6bbb38375fd32d20880090ae379302cc37d2ea29be2ef583d9bb330f09d9427bad9b340abacf840b2b3ace81c709f5e283a70c0a3d5284dfbdd9c2f2d57df785946cafdfa4fe6e3f43d68de08b8cf66a1810368a1d1b5cd4c70af935b118a50c4bcdd5b7b3,gx-no-cache=1494429500404 HTTP/1.1" 200 29
186.79.167.34 - - [10/May/2017:11:20:23 -0300] "POST /cormun/servlet/solicitudot?gx-no-cache=1494429500537 HTTP/1.1" 200 709
186.79.167.34 - - [10/May/2017:11:20:24 -0300] "POST /cormun/servlet/solicitudot?gx-no-cache=1494429500654 HTTP/1.1" 200 585
186.79.167.34 - - [10/May/2017:11:20:24 -0300] "GET /cormun/static/menuarrow.gif HTTP/1.1" 404 1015
186.79.167.34 - - [10/May/2017:11:20:26 -0300] "POST /cormun/servlet/solicitudot?gx-no-cache=1494429503244 HTTP/1.1" 200 709
186.79.167.34 - - [10/May/2017:11:20:26 -0300] "POST /cormun/servlet/solicitudot?gx-no-cache=1494429503368 HTTP/1.1" 200 585
186.103.157.98 - - [10/May/2017:11:20:35 -0300] "POST /cormun/servlet/solicitudot?gx-no-cache=1494426096265 HTTP/1.1" 200 723
186.103.157.98 - - [10/May/2017:11:20:35 -0300] "POST /cormun/servlet/solicitudot?gx-no-cache=1494426096363 HTTP/1.1" 200 38
186.103.159.46 - - [10/May/2017:11:21:16 -0300] "GET /cormun/servlet/licenciaspermisos?54aa1a3af621c3b0cdf1203c45d0ca5adb8419fd061021bb3b7d1194d2c941716a63da9bc92169d65c029b93583b54cd58c0020419b61c6bf8e007dace0426173a665a268ffe977b2fcc092f953bcd9dd7cbaecb457c00d2b2c804af6043077fed9eeb9e4875309cc4c99a8cd1a0c4dfc815199884505922263f6968a81d65fd6efc0904dd7411824f8e51c313e93473e2295c23231dfc4dc4cdfface766bae2425ec365a7e80be84c3669f65a050654,gx-no-cache=1494429733541 HTTP/1.1" 200 30
186.103.159.46 - - [10/May/2017:11:21:16 -0300] "POST /cormun/servlet/licenciaspermisos?61489350210be146b6ae43da22d5d923,INS,0,,,,gx-no-cache=1494429733701 HTTP/1.1" 200 4503
200.111.191.210 - - [10/May/2017:11:21:36 -0300] "GET /cormun/servlet/trlicencias? HTTP/1.1" 200 5981
200.111.191.210 - - [10/May/2017:11:21:37 -0300] "GET /cormun/servlet/hlogin HTTP/1.1" 200 1733
200.111.191.210 - - [10/May/2017:11:21:37 -0300] "GET /cormun/servlet/trlicencias? HTTP/1.1" 200 5974
186.103.159.46 - - [10/May/2017:11:21:46 -0300] "GET /cormun/servlet/licenciaspermisos?54aa1a3af621c3b0cdf1203c45d0ca5a1b1fda6650db2219135f7449f1be6b3bbb1497e281111d77fbb91fc56fb9937295e3bd05c5e3cea316c224b583ce296c8f959f7f6b13a04d2b445d744cf98922da34c74c1d1520014bcca4f35c36e44dd9345d80f2710628ccf81a458fc383570854e0b1d2ead16bdff669eb97b3b853e454c161e3f567c4719b133bf1fd12f7499d228ebd6084d6bcb3b81e05b1d213b1b89e87d1e2d4bd39216f9ef4f9ae2e8d47bff9cb06ae3af6fb0a6529be980fecae71c0e8086f04d61c1f53aae540a79cad0e05d2a8450e3825a78ed9f03f4d,gx-no-cache=1494429763473 HTTP/1.1" 200 108
186.103.159.46 - - [10/May/2017:11:21:46 -0300] "GET /cormun/static/Shared/jqueryui/images/ui-bg_highlight-soft_100_c6c2c8_1x100.png HTTP/1.1" 404 1117
186.103.159.46 - - [10/May/2017:11:21:46 -0300] "GET /cormun/static/Shared/jqueryui/images/ui-icons_82798d_256x240.png HTTP/1.1" 404 1089
186.103.159.46 - - [10/May/2017:11:21:46 -0300] "GET /cormun/static/Shared/jqueryui/images/ui-bg_flat_55_994d53_40x100.png HTTP/1.1" 404 1097
186.103.159.46 - - [10/May/2017:11:21:46 -0300] "GET /cormun/static/Shared/jqueryui/images/ui-icons_ebccce_256x240.png HTTP/1.1" 404 1089
186.103.159.46 - - [10/May/2017:11:21:47 -0300] "POST /cormun/servlet/licenciaspermisos?61489350210be146b6ae43da22d5d923,INS,0,,,,gx-no-cache=1494429763784 HTTP/1.1" 200 4591
186.103.159.46 - - [10/May/2017:11:22:02 -0300] "GET /cormun/servlet/licenciaspermisos?54aa1a3af621c3b0cdf1203c45d0ca5adb8419fd061021bb3b7d1194d2c94171d06e638198effccba90e68f7c72bfb7a58c0020419b61c6bf8e007dace0426173a665a268ffe977b2fcc092f953bcd9dd7cbaecb457c00d2b2c804af6043077fa218108a8766fca20d47279f82ceaf96c815199884505922263f6968a81d65fde03709d3ad623e03b95f204c774f6448623741e8275bc66090a8c2af5da2b8926f618c366fba9ab8b1417c59b76c21ba1d1498663bd2eef012b0dfe5d2cef88a3facb596d17ca01e57fd081f2a071972b414ee39c208006b46ea693f9dcbfe50,gx-no-cache=1494429779869 HTTP/1.1" 200 30
186.103.159.46 - - [10/May/2017:11:22:03 -0300] "POST /cormun/servlet/licenciaspermisos?61489350210be146b6ae43da22d5d923,INS,0,,,,gx-no-cache=1494429779951 HTTP/1.1" 200 4503
200.86.165.137 - - [10/May/2017:11:22:14 -0300] "GET /cormun/servlet/hlogin HTTP/1.1" 200 1731
200.86.165.137 - - [10/May/2017:11:22:24 -0300] "POST /cormun/servlet/hlogin?76277c46b66846a872c3b420b732d160,gx-no-cache=1494426203826 HTTP/1.1" 200 90
200.86.165.137 - - [10/May/2017:11:22:24 -0300] "GET /cormun/servlet/hpexe_link HTTP/1.1" 200 956
200.86.165.137 - - [10/May/2017:11:22:24 -0300] "GET /cormun/servlet/hhome HTTP/1.1" 200 4031
200.86.165.137 - - [10/May/2017:11:22:25 -0300] "GET /cormun/servlet/hhome HTTP/1.1" 200 4028
200.86.165.137 - - [10/May/2017:11:22:39 -0300] "GET /cormun/servlet/trsolicitudot? HTTP/1.1" 200 7008
200.86.165.137 - - [10/May/2017:11:22:39 -0300] "GET /cormun/static/gxcfg.js?201731711505139 HTTP/1.1" 200 953
200.86.165.137 - - [10/May/2017:11:22:42 -0300] "GET /cormun/static/trsolicitudot.js?20173171151116 HTTP/1.1" 200 53117
