200.86.165.137 - - [10/May/2017:10:11:56 -0300] "GET /cormun/servlet/permisogoce?INS,0,,, HTTP/1.1" 200 6802
200.86.165.137 - - [10/May/2017:10:12:07 -0300] "GET /cormun/servlet/permisogoce?9b49321231b4272427223715f3501d19a85cdea318794a07ee31ea9f07b0bb28343bf6518a025ff73a33b0d1bf6881f2,gx-no-cache=1494421987006 HTTP/1.1" 200 60
200.86.165.137 - - [10/May/2017:10:12:07 -0300] "GET /cormun/static/menuarrow.gif HTTP/1.1" 404 1015
200.111.191.210 - - [10/May/2017:10:12:07 -0300] "POST /cormun/servlet/licenciaspermisosadjuntos?12dfec03f44ff0b13581e7f9a1bdb8cf,INS,17137508,L,20170510000000,, HTTP/1.1" 200 116
200.111.191.210 - - [10/May/2017:10:12:07 -0300] "GET /cormun/servlet/hpexe_return? HTTP/1.1" 200 1045
200.111.191.210 - - [10/May/2017:10:12:07 -0300] "GET /cormun/servlet/trlicenciaspermisosadjuntos?17137508,20170510000000,L, HTTP/1.1" 200 6618
200.111.191.210 - - [10/May/2017:10:12:08 -0300] "GET /cormun/servlet/trlicenciaspermisosadjuntos?17137508,20170510000000,L, HTTP/1.1" 200 6615
200.111.191.210 - - [10/May/2017:10:12:11 -0300] "GET /cormun/servlet/trlicencias? HTTP/1.1" 200 7981
200.111.191.210 - - [10/May/2017:10:12:12 -0300] "GET /cormun/servlet/trlicencias? HTTP/1.1" 200 7981
200.111.191.210 - - [10/May/2017:10:12:14 -0300] "POST /cormun/servlet/trlicencias?12dfec03f44ff0b13581e7f9a1bdb8cf,,gx-no-cache=1494425482901 HTTP/1.1" 200 4980
200.111.191.210 - - [10/May/2017:10:12:14 -0300] "GET /cormun/static/Shared/jqueryui/images/ui-bg_highlight-soft_100_c6c2c8_1x100.png HTTP/1.1" 404 1117
200.111.191.210 - - [10/May/2017:10:12:14 -0300] "GET /cormun/static/Shared/jqueryui/images/ui-icons_82798d_256x240.png HTTP/1.1" 404 1089
200.111.191.210 - - [10/May/2017:10:12:14 -0300] "GET /cormun/static/Shared/jqueryui/images/ui-bg_flat_55_fafafa_40x100.png HTTP/1.1" 404 1097
200.111.191.210 - - [10/May/2017:10:12:14 -0300] "GET /cormun/static/Shared/jqueryui/images/ui-icons_8d78a5_256x240.png HTTP/1.1" 404 1089
200.111.191.210 - - [10/May/2017:10:12:16 -0300] "GET /cormun/servlet/trlicenciaspermisosadjuntos?17521573,20170509000000,L, HTTP/1.1" 200 6607
200.86.165.137 - - [10/May/2017:10:12:16 -0300] "GET /cormun/servlet/permisogoce?9b49321231b4272427223715f3501d1914662cf267d365b4a08fb52e0e583e20bdb4bd149017d6aad8e3da35b91fe95d174db54f4966ed3c702c2f260bd0fb54,gx-no-cache=1494421996625 HTTP/1.1" 200 46
200.111.191.210 - - [10/May/2017:10:12:16 -0300] "GET /cormun/servlet/trlicenciaspermisosadjuntos?17521573,20170509000000,L, HTTP/1.1" 200 6605
200.111.191.210 - - [10/May/2017:10:12:20 -0300] "GET /cormun/PublicTempStorage/1409345541542.PDF HTTP/1.1" 200 814875
200.86.165.137 - - [10/May/2017:10:12:22 -0300] "POST /cormun/servlet/permisogoce?6cf9a627dc53abdf1e0afe42af3151af,INS,0,,,,gx-no-cache=1494422002028 HTTP/1.1" 200 93
200.86.165.137 - - [10/May/2017:10:12:22 -0300] "GET /cormun/servlet/hpexe_return? HTTP/1.1" 200 1010
200.86.165.137 - - [10/May/2017:10:12:22 -0300] "GET /cormun/servlet/trpermisosgoce HTTP/1.1" 200 8303
200.86.165.137 - - [10/May/2017:10:12:23 -0300] "GET /cormun/servlet/trpermisosgoce HTTP/1.1" 200 8299
200.111.191.210 - - [10/May/2017:10:12:27 -0300] "GET /cormun/servlet/trlicenciaspermisosadjuntos?17521573,20170509000000,L, HTTP/1.1" 200 6604
200.111.191.210 - - [10/May/2017:10:12:28 -0300] "GET /cormun/servlet/trlicenciaspermisosadjuntos?17521573,20170509000000,L, HTTP/1.1" 200 6605
200.111.191.210 - - [10/May/2017:10:12:31 -0300] "GET /cormun/servlet/trlicencias? HTTP/1.1" 200 7667
200.111.191.210 - - [10/May/2017:10:12:31 -0300] "GET /cormun/servlet/trlicencias? HTTP/1.1" 200 7665
200.111.191.210 - - [10/May/2017:10:12:33 -0300] "POST /cormun/servlet/trlicencias?12dfec03f44ff0b13581e7f9a1bdb8cf,,gx-no-cache=1494425501880 HTTP/1.1" 200 3787
200.111.191.210 - - [10/May/2017:10:12:33 -0300] "GET /cormun/static/Shared/jqueryui/images/ui-icons_82798d_256x240.png HTTP/1.1" 404 1089
200.111.191.210 - - [10/May/2017:10:12:33 -0300] "GET /cormun/static/Shared/jqueryui/images/ui-bg_flat_55_fafafa_40x100.png HTTP/1.1" 404 1097
200.111.191.210 - - [10/May/2017:10:12:33 -0300] "GET /cormun/static/Shared/jqueryui/images/ui-bg_highlight-soft_100_c6c2c8_1x100.png HTTP/1.1" 404 1117
200.111.191.210 - - [10/May/2017:10:12:33 -0300] "GET /cormun/static/Shared/jqueryui/images/ui-icons_8d78a5_256x240.png HTTP/1.1" 404 1089
200.86.165.137 - - [10/May/2017:10:12:34 -0300] "GET /cormun/servlet/permisogoce?INS,0,,, HTTP/1.1" 200 6802
200.86.165.137 - - [10/May/2017:10:12:34 -0300] "GET /cormun/servlet/permisogoce?INS,0,,, HTTP/1.1" 200 6802
200.111.191.210 - - [10/May/2017:10:12:36 -0300] "GET /cormun/servlet/trpermisosgoce? HTTP/1.1" 200 7393
200.111.191.210 - - [10/May/2017:10:12:36 -0300] "GET /cormun/servlet/trpermisosgoce? HTTP/1.1" 200 7393
200.111.191.210 - - [10/May/2017:10:12:39 -0300] "GET /cormun/servlet/trpermisosadjuntos?16348726,20170509103701,P, HTTP/1.1" 200 6099
200.111.191.210 - - [10/May/2017:10:12:39 -0300] "GET /cormun/servlet/trpermisosadjuntos?16348726,20170509103701,P, HTTP/1.1" 200 6100
200.111.191.210 - - [10/May/2017:10:12:41 -0300] "GET /cormun/servlet/permisosadjuntos?INS,16348726,P,20170509103701,, HTTP/1.1" 200 5430
200.111.191.210 - - [10/May/2017:10:12:41 -0300] "GET /cormun/static/about:blank HTTP/1.1" 404 1011
200.111.191.210 - - [10/May/2017:10:12:41 -0300] "GET /cormun/servlet/permisosadjuntos?INS,16348726,P,20170509103701,, HTTP/1.1" 200 5420
200.86.165.137 - - [10/May/2017:10:12:44 -0300] "GET /cormun/servlet/permisogoce?9b49321231b4272427223715f3501d19ba6d0d68e8a7a461a7c6b862ad9b7c69343bf6518a025ff73a33b0d1bf6881f2,gx-no-cache=1494422024560 HTTP/1.1" 200 70
200.86.165.137 - - [10/May/2017:10:12:44 -0300] "GET /cormun/static/menuarrow.gif HTTP/1.1" 404 1015
200.111.191.210 - - [10/May/2017:10:12:48 -0300] "POST /cormun/servlet/permisosadjuntos?12dfec03f44ff0b13581e7f9a1bdb8cf,INS,16348726,P,20170509103701,, HTTP/1.1" 200 116
200.111.191.210 - - [10/May/2017:10:12:48 -0300] "GET /cormun/servlet/hpexe_return? HTTP/1.1" 200 1040
200.111.191.210 - - [10/May/2017:10:12:48 -0300] "GET /cormun/servlet/trpermisosadjuntos?16348726,20170509103701,P, HTTP/1.1" 200 6567
200.111.191.210 - - [10/May/2017:10:12:49 -0300] "GET /cormun/servlet/trpermisosadjuntos?16348726,20170509103701,P, HTTP/1.1" 200 6564
200.54.247.69 - - [10/May/2017:10:12:49 -0300] "GET /cormun/servlet/hlogin HTTP/1.1" 200 1722
200.54.247.69 - - [10/May/2017:10:12:50 -0300] "GET /favicon.ico HTTP/1.1" 200 21630
200.111.191.210 - - [10/May/2017:10:12:53 -0300] "GET /cormun/servlet/trpermisosgoce? HTTP/1.1" 200 7394
200.111.191.210 - - [10/May/2017:10:12:53 -0300] "GET /cormun/servlet/trpermisosgoce? HTTP/1.1" 200 7393
200.86.165.137 - - [10/May/2017:10:12:54 -0300] "GET /cormun/servlet/permisogoce?9b49321231b4272427223715f3501d19f4adeff062702a2399a38af82c66e5e29479484f2f6e5aad2e960f83170a6ece174db54f4966ed3c702c2f260bd0fb54,gx-no-cache=1494422034185 HTTP/1.1" 200 47
186.103.159.44 - - [10/May/2017:10:12:54 -0300] "POST /cormun/servlet/solicitudot?gx-no-cache=1494422029950 HTTP/1.1" 440 972
200.111.191.210 - - [10/May/2017:10:12:56 -0300] "POST /cormun/servlet/trpermisosgoce?12dfec03f44ff0b13581e7f9a1bdb8cf,,gx-no-cache=1494425525534 HTTP/1.1" 200 3998
186.103.159.44 - - [10/May/2017:10:12:57 -0300] "GET /cormun/servlet/solicitudot?INS,0,0, HTTP/1.1" 200 11972
200.111.191.210 - - [10/May/2017:10:12:57 -0300] "GET /cormun/static/Shared/jqueryui/images/ui-bg_highlight-soft_100_c6c2c8_1x100.png HTTP/1.1" 404 1117
200.111.191.210 - - [10/May/2017:10:12:57 -0300] "GET /cormun/static/Shared/jqueryui/images/ui-icons_82798d_256x240.png HTTP/1.1" 404 1089
200.111.191.210 - - [10/May/2017:10:12:57 -0300] "GET /cormun/static/Shared/jqueryui/images/ui-bg_flat_55_fafafa_40x100.png HTTP/1.1" 404 1097
200.111.191.210 - - [10/May/2017:10:12:57 -0300] "GET /cormun/static/Shared/jqueryui/images/ui-icons_8d78a5_256x240.png HTTP/1.1" 404 1089
200.86.165.137 - - [10/May/2017:10:13:04 -0300] "POST /cormun/servlet/permisogoce?6cf9a627dc53abdf1e0afe42af3151af,INS,0,,,,gx-no-cache=1494422044165 HTTP/1.1" 200 93
200.86.165.137 - - [10/May/2017:10:13:04 -0300] "GET /cormun/servlet/hpexe_return? HTTP/1.1" 200 1010
200.86.165.137 - - [10/May/2017:10:13:04 -0300] "GET /cormun/servlet/trpermisosgoce HTTP/1.1" 200 8504
200.54.247.69 - - [10/May/2017:10:13:04 -0300] "POST /cormun/servlet/hlogin?189390305d262e3f40dd06be211084af,gx-no-cache=1494422045081 HTTP/1.1" 200 90
200.54.247.69 - - [10/May/2017:10:13:04 -0300] "GET /cormun/servlet/hpexe_link HTTP/1.1" 200 949
200.54.247.69 - - [10/May/2017:10:13:05 -0300] "GET /cormun/servlet/hhome HTTP/1.1" 200 4025
200.86.165.137 - - [10/May/2017:10:13:05 -0300] "GET /cormun/servlet/trpermisosgoce HTTP/1.1" 200 8500
200.54.247.69 - - [10/May/2017:10:13:05 -0300] "GET /cormun/servlet/hhome HTTP/1.1" 200 4022
200.86.165.137 - - [10/May/2017:10:13:09 -0300] "GET /cormun/servlet/permisogoce?INS,0,,, HTTP/1.1" 200 6802
200.54.247.69 - - [10/May/2017:10:13:10 -0300] "GET /cormun/servlet/trpermisosgoce? HTTP/1.1" 200 6807
186.79.14.145 - - [10/May/2017:10:13:10 -0300] "GET /cormun/servlet/hlogin HTTP/1.1" 200 1723
200.86.165.137 - - [10/May/2017:10:13:10 -0300] "GET /cormun/servlet/permisogoce?INS,0,,, HTTP/1.1" 200 6802
200.54.247.69 - - [10/May/2017:10:13:10 -0300] "GET /cormun/servlet/trpermisosgoce? HTTP/1.1" 200 6806
200.54.247.69 - - [10/May/2017:10:13:12 -0300] "GET /cormun/servlet/permisogoce?INS,0,,, HTTP/1.1" 200 6798
200.54.247.69 - - [10/May/2017:10:13:13 -0300] "GET /cormun/servlet/permisogoce?INS,0,,, HTTP/1.1" 200 6798
200.54.247.69 - - [10/May/2017:10:13:15 -0300] "GET /cormun/servlet/prfichaempleado?,MD,,gxPopupLevel%3D0%3B HTTP/1.1" 200 8870
200.86.165.137 - - [10/May/2017:10:13:18 -0300] "GET /cormun/servlet/permisogoce?9b49321231b4272427223715f3501d19b70052da050aa0d527dc55b862991564343bf6518a025ff73a33b0d1bf6881f2,gx-no-cache=1494422058166 HTTP/1.1" 200 69
200.86.165.137 - - [10/May/2017:10:13:18 -0300] "GET /cormun/static/menuarrow.gif HTTP/1.1" 404 1015
200.54.247.69 - - [10/May/2017:10:13:25 -0300] "POST /cormun/servlet/prfichaempleado?189390305d262e3f40dd06be211084af,,MD,,gxPopupLevel%3D0%3B,gx-no-cache=1494422065491 HTTP/1.1" 200 3170
200.86.165.137 - - [10/May/2017:10:13:27 -0300] "GET /cormun/servlet/permisogoce?9b49321231b4272427223715f3501d19b610031ee15d4820049a92c08e9817e22033d424376e89b95d3b0f5fe962831fa1e6f5f1d193bc072cc7c13a1db56d7b,gx-no-cache=1494422067218 HTTP/1.1" 200 47
186.79.14.145 - - [10/May/2017:10:13:30 -0300] "POST /cormun/servlet/hlogin?37734401ab2ed26aed5be6444609af5e,gx-no-cache=1494422073914 HTTP/1.1" 200 90
186.79.14.145 - - [10/May/2017:10:13:30 -0300] "GET /cormun/servlet/hpexe_link HTTP/1.1" 200 954
186.79.14.145 - - [10/May/2017:10:13:30 -0300] "GET /cormun/servlet/hhome HTTP/1.1" 200 3805
186.79.14.145 - - [10/May/2017:10:13:30 -0300] "GET /cormun/servlet/hhome HTTP/1.1" 200 3805
200.54.247.69 - - [10/May/2017:10:13:31 -0300] "POST /cormun/servlet/prfichaempleado?189390305d262e3f40dd06be211084af,,MD,,gxPopupLevel%3D0%3B,gx-no-cache=1494422071630 HTTP/1.1" 200 3394
186.79.14.145 - - [10/May/2017:10:13:35 -0300] "GET /cormun/servlet/trlicencias? HTTP/1.1" 200 6642
186.79.14.145 - - [10/May/2017:10:13:35 -0300] "GET /cormun/servlet/trlicencias? HTTP/1.1" 200 6641
186.79.14.145 - - [10/May/2017:10:13:38 -0300] "GET /cormun/servlet/licenciaspermisos?INS,0,,, HTTP/1.1" 200 7198
186.79.14.145 - - [10/May/2017:10:13:38 -0300] "GET /cormun/servlet/licenciaspermisos?INS,0,,, HTTP/1.1" 200 7198
200.54.247.69 - - [10/May/2017:10:13:44 -0300] "GET /cormun/servlet/permisogoce?e0e47bb96a22a159f80fa10f035518e3228d979d2d9527e8171a43fd504574eaaf0f7c03023d22e12d13ab93f6ab745c,gx-no-cache=1494422084215 HTTP/1.1" 200 73
200.86.165.137 - - [10/May/2017:10:13:44 -0300] "POST /cormun/servlet/permisogoce?6cf9a627dc53abdf1e0afe42af3151af,INS,0,,,,gx-no-cache=1494422084225 HTTP/1.1" 200 93
200.86.165.137 - - [10/May/2017:10:13:44 -0300] "GET /cormun/servlet/hpexe_return? HTTP/1.1" 200 1010
200.86.165.137 - - [10/May/2017:10:13:44 -0300] "GET /cormun/servlet/trpermisosgoce HTTP/1.1" 200 8721
200.86.165.137 - - [10/May/2017:10:13:45 -0300] "GET /cormun/servlet/trpermisosgoce HTTP/1.1" 200 8713
200.54.247.69 - - [10/May/2017:10:13:54 -0300] "GET /cormun/servlet/permisogoce?e0e47bb96a22a159f80fa10f035518e309c44349e659b035006c9601afe97be76f49a605817f49df896e1943c30a5075d79b9ebde9251617d1782c48e675b5ea,gx-no-cache=1494422094788 HTTP/1.1" 200 47
200.54.247.69 - - [10/May/2017:10:13:57 -0300] "POST /cormun/servlet/permisogoce?189390305d262e3f40dd06be211084af,INS,0,,,,gx-no-cache=1494422097047 HTTP/1.1" 200 93
200.54.247.69 - - [10/May/2017:10:13:57 -0300] "GET /cormun/servlet/hpexe_return? HTTP/1.1" 200 1004
200.54.247.69 - - [10/May/2017:10:13:57 -0300] "GET /cormun/servlet/trpermisosgoce HTTP/1.1" 200 7632
200.54.247.69 - - [10/May/2017:10:13:58 -0300] "GET /cormun/servlet/trpermisosgoce HTTP/1.1" 200 7628
200.54.247.69 - - [10/May/2017:10:14:02 -0300] "GET /cormun/servlet/trpermisosadjuntos?15430732,20170510110821,P, HTTP/1.1" 200 6339
200.54.247.69 - - [10/May/2017:10:14:02 -0300] "GET /cormun/servlet/trpermisosadjuntos?15430732,20170510110821,P, HTTP/1.1" 200 6339
200.54.247.69 - - [10/May/2017:10:14:04 -0300] "GET /cormun/servlet/permisosadjuntos?INS,15430732,P,20170510110821,, HTTP/1.1" 200 5666
200.54.247.69 - - [10/May/2017:10:14:04 -0300] "GET /cormun/static/about:blank HTTP/1.1" 404 1011
200.54.247.69 - - [10/May/2017:10:14:04 -0300] "GET /cormun/servlet/permisosadjuntos?INS,15430732,P,20170510110821,, HTTP/1.1" 200 5656
186.103.159.44 - - [10/May/2017:10:14:07 -0300] "GET /cormun/servlet/hlogin HTTP/1.1" 200 1721
186.79.14.145 - - [10/May/2017:10:14:08 -0300] "GET /cormun/servlet/licenciaspermisos?5e3637a40a35fafb6a68053a918308f8a42b79d422daae68f4f02fa5d6522f0986a482bf34a6293890d559c414b33edb,gx-no-cache=1494422112449 HTTP/1.1" 200 68
186.79.14.145 - - [10/May/2017:10:14:09 -0300] "POST /cormun/servlet/licenciaspermisos?37734401ab2ed26aed5be6444609af5e,INS,0,,,,gx-no-cache=1494422112712 HTTP/1.1" 200 4437
200.54.247.69 - - [10/May/2017:10:14:23 -0300] "POST /cormun/servlet/permisosadjuntos?189390305d262e3f40dd06be211084af,INS,15430732,P,20170510110821,, HTTP/1.1" 200 116
200.54.247.69 - - [10/May/2017:10:14:23 -0300] "GET /cormun/servlet/hpexe_return? HTTP/1.1" 200 1032
200.54.247.69 - - [10/May/2017:10:14:24 -0300] "GET /cormun/servlet/trpermisosadjuntos?15430732,20170510110821,P, HTTP/1.1" 200 6787
186.103.159.44 - - [10/May/2017:10:14:25 -0300] "POST /cormun/servlet/hlogin?119d3bde187788d607b23e3e060a4690,gx-no-cache=1494422120565 HTTP/1.1" 200 90
200.54.247.69 - - [10/May/2017:10:14:25 -0300] "GET /cormun/servlet/trpermisosadjuntos?15430732,20170510110821,P, HTTP/1.1" 200 6784
186.103.159.44 - - [10/May/2017:10:14:25 -0300] "GET /cormun/servlet/hpexe_link HTTP/1.1" 200 951
186.79.14.145 - - [10/May/2017:10:14:25 -0300] "GET /cormun/static/menuarrow.gif HTTP/1.1" 404 1015
186.103.159.44 - - [10/May/2017:10:14:25 -0300] "GET /cormun/servlet/hhome HTTP/1.1" 200 3779
200.54.247.69 - - [10/May/2017:10:14:28 -0300] "GET /cormun/servlet/permisosadjuntos?DLT,15430732,P,20170510110821,20170510110828, HTTP/1.1" 200 5699
200.54.247.69 - - [10/May/2017:10:14:28 -0300] "GET /cormun/static/Shared/jqueryui/images/ui-bg_highlight-soft_100_c6c2c8_1x100.png HTTP/1.1" 404 1117
200.54.247.69 - - [10/May/2017:10:14:28 -0300] "GET /cormun/static/Shared/jqueryui/images/ui-icons_82798d_256x240.png HTTP/1.1" 404 1089
200.54.247.69 - - [10/May/2017:10:14:28 -0300] "GET /cormun/static/Shared/jqueryui/images/ui-icons_8d78a5_256x240.png HTTP/1.1" 404 1089
200.54.247.69 - - [10/May/2017:10:14:28 -0300] "GET /cormun/static/Shared/jqueryui/images/ui-bg_flat_55_fafafa_40x100.png HTTP/1.1" 404 1097
186.103.159.44 - - [10/May/2017:10:14:30 -0300] "GET /cormun/servlet/trsolicitudot? HTTP/1.1" 200 6735
200.54.247.69 - - [10/May/2017:10:14:30 -0300] "GET /cormun/servlet/permisosadjuntos?DLT,15430732,P,20170510110821,20170510110828, HTTP/1.1" 200 5689
200.54.247.69 - - [10/May/2017:10:14:32 -0300] "POST /cormun/servlet/permisosadjuntos?189390305d262e3f40dd06be211084af,DLT,15430732,P,20170510110821,20170510110828,,gx-no-cache=1494422132296 HTTP/1.1" 200 90
200.54.247.69 - - [10/May/2017:10:14:32 -0300] "GET /cormun/servlet/hpexe_link HTTP/1.1" 200 992
200.54.247.69 - - [10/May/2017:10:14:33 -0300] "GET /cormun/servlet/trpermisosadjuntos?15430732,20170510110821,P, HTTP/1.1" 200 6784
200.54.247.69 - - [10/May/2017:10:14:34 -0300] "GET /cormun/servlet/trpermisosadjuntos?15430732,20170510110821,P, HTTP/1.1" 200 6783
186.103.159.44 - - [10/May/2017:10:14:35 -0300] "GET /cormun/servlet/solicitudot?INS,0,0, HTTP/1.1" 200 12597
200.54.247.69 - - [10/May/2017:10:14:37 -0300] "GET /cormun/servlet/permisosadjuntos?DLT,15430732,P,20170510110821,20170510110828, HTTP/1.1" 200 5699
200.54.247.69 - - [10/May/2017:10:14:38 -0300] "GET /cormun/static/Shared/jqueryui/images/ui-bg_highlight-soft_100_c6c2c8_1x100.png HTTP/1.1" 404 1117
200.54.247.69 - - [10/May/2017:10:14:38 -0300] "GET /cormun/static/Shared/jqueryui/images/ui-icons_82798d_256x240.png HTTP/1.1" 404 1089
200.54.247.69 - - [10/May/2017:10:14:38 -0300] "GET /cormun/static/Shared/jqueryui/images/ui-bg_flat_55_fafafa_40x100.png HTTP/1.1" 404 1097
200.54.247.69 - - [10/May/2017:10:14:38 -0300] "GET /cormun/static/Shared/jqueryui/images/ui-icons_8d78a5_256x240.png HTTP/1.1" 404 1089
200.54.247.69 - - [10/May/2017:10:14:39 -0300] "GET /cormun/servlet/permisosadjuntos?DLT,15430732,P,20170510110821,20170510110828, HTTP/1.1" 200 5689
200.54.247.69 - - [10/May/2017:10:14:41 -0300] "GET /cormun/PublicTempStorage/priscilla_0011421436.pdf HTTP/1.1" 206 6852382
200.54.247.69 - - [10/May/2017:10:14:41 -0300] "POST /cormun/servlet/permisosadjuntos?189390305d262e3f40dd06be211084af,DLT,15430732,P,20170510110821,20170510110828,,gx-no-cache=1494422140697 HTTP/1.1" 200 93
200.54.247.69 - - [10/May/2017:10:14:41 -0300] "GET /cormun/servlet/hpexe_return? HTTP/1.1" 200 1035
200.54.247.69 - - [10/May/2017:10:14:41 -0300] "GET /cormun/servlet/trpermisosadjuntos?15430732,20170510110821,P, HTTP/1.1" 200 6342
200.54.247.69 - - [10/May/2017:10:14:42 -0300] "GET /cormun/servlet/trpermisosadjuntos?15430732,20170510110821,P, HTTP/1.1" 200 6339
200.54.247.69 - - [10/May/2017:10:14:43 -0300] "POST /cormun/servlet/trpermisosadjuntos?189390305d262e3f40dd06be211084af,15430732,20170510110821,P,,gx-no-cache=1494422143535 HTTP/1.1" 200 90
200.54.247.69 - - [10/May/2017:10:14:43 -0300] "GET /cormun/servlet/hpexe_link HTTP/1.1" 200 980
200.54.247.69 - - [10/May/2017:10:14:43 -0300] "GET /cormun/servlet/trpermisosgoce HTTP/1.1" 200 7630
200.54.247.69 - - [10/May/2017:10:14:44 -0300] "GET /cormun/servlet/trpermisosgoce HTTP/1.1" 200 7628
186.103.159.44 - - [10/May/2017:10:14:50 -0300] "POST /cormun/servlet/solicitudot?gx-no-cache=1494422145792 HTTP/1.1" 200 3092
186.103.159.44 - - [10/May/2017:10:14:51 -0300] "POST /cormun/servlet/solicitudot?119d3bde187788d607b23e3e060a4690,INS,0,0,,gx-no-cache=1494422146272 HTTP/1.1" 200 9688
186.103.159.44 - - [10/May/2017:10:14:54 -0300] "GET /cormun/servlet/solicitudot?2fd431b33125e6bb1bf4531ecc1ba6457b33c32f9d1b509e7d207b3dd745b0f14c59d4971863efeb454d0d7b1c916632,gx-no-cache=1494422150391 HTTP/1.1" 200 30
200.86.165.137 - - [10/May/2017:10:15:17 -0300] "GET /cormun/servlet/trpermisosadjuntos?14049165,20170510110457,P, HTTP/1.1" 200 6345
200.86.165.137 - - [10/May/2017:10:15:17 -0300] "GET /cormun/static/gxcfg.js?201731711542659 HTTP/1.1" 200 953
200.86.165.137 - - [10/May/2017:10:15:17 -0300] "GET /cormun/static/trpermisosadjuntos.js?201731711542990 HTTP/1.1" 200 20045
200.86.165.137 - - [10/May/2017:10:15:17 -0300] "GET /cormun/servlet/trpermisosadjuntos?14049165,20170510110457,P, HTTP/1.1" 200 6346
200.86.165.137 - - [10/May/2017:10:15:20 -0300] "GET /cormun/servlet/permisosadjuntos?INS,14049165,P,20170510110457,, HTTP/1.1" 200 5675
200.86.165.137 - - [10/May/2017:10:15:20 -0300] "GET /cormun/static/gxcfg.js?201741111155774 HTTP/1.1" 200 953
200.86.165.137 - - [10/May/2017:10:15:20 -0300] "GET /cormun/static/permisosadjuntos.js?201741111155784 HTTP/1.1" 200 8724
200.86.165.137 - - [10/May/2017:10:15:20 -0300] "GET /cormun/static/about:blank HTTP/1.1" 404 1011
200.86.165.137 - - [10/May/2017:10:15:20 -0300] "GET /cormun/servlet/permisosadjuntos?INS,14049165,P,20170510110457,, HTTP/1.1" 200 5665
200.86.165.137 - - [10/May/2017:10:15:36 -0300] "POST /cormun/servlet/permisosadjuntos?6cf9a627dc53abdf1e0afe42af3151af,INS,14049165,P,20170510110457,, HTTP/1.1" 200 116
200.86.165.137 - - [10/May/2017:10:15:37 -0300] "GET /cormun/servlet/hpexe_return? HTTP/1.1" 200 1038
200.86.165.137 - - [10/May/2017:10:15:37 -0300] "GET /cormun/servlet/trpermisosadjuntos?14049165,20170510110457,P, HTTP/1.1" 200 6801
200.86.165.137 - - [10/May/2017:10:15:37 -0300] "GET /cormun/servlet/trpermisosadjuntos?14049165,20170510110457,P, HTTP/1.1" 200 6801
186.79.79.1 - - [10/May/2017:10:15:40 -0300] "GET /cormun/servlet/hlogin HTTP/1.1" 200 1710
186.79.79.1 - - [10/May/2017:10:15:40 -0300] "GET /cormun/servlet/hlogin HTTP/1.1" 200 1722
200.86.165.137 - - [10/May/2017:10:15:42 -0300] "GET /cormun/servlet/permisosadjuntos?INS,14049165,P,20170510110457,, HTTP/1.1" 200 5675
200.86.165.137 - - [10/May/2017:10:15:42 -0300] "GET /cormun/static/about:blank HTTP/1.1" 404 1011
200.86.165.137 - - [10/May/2017:10:15:43 -0300] "GET /cormun/servlet/permisosadjuntos?INS,14049165,P,20170510110457,, HTTP/1.1" 200 5665
200.86.165.137 - - [10/May/2017:10:15:45 -0300] "POST /cormun/servlet/permisosadjuntos?6cf9a627dc53abdf1e0afe42af3151af,INS,14049165,P,20170510110457,,,gx-no-cache=1494422205216 HTTP/1.1" 200 93
200.86.165.137 - - [10/May/2017:10:15:45 -0300] "GET /cormun/servlet/hpexe_return? HTTP/1.1" 200 1038
200.86.165.137 - - [10/May/2017:10:15:45 -0300] "GET /cormun/servlet/trpermisosadjuntos?14049165,20170510110457,P, HTTP/1.1" 200 6803
200.86.165.137 - - [10/May/2017:10:15:46 -0300] "GET /cormun/servlet/trpermisosadjuntos?14049165,20170510110457,P, HTTP/1.1" 200 6801
200.86.165.137 - - [10/May/2017:10:15:48 -0300] "POST /cormun/servlet/trpermisosadjuntos?6cf9a627dc53abdf1e0afe42af3151af,14049165,20170510110457,P,,gx-no-cache=1494422208730 HTTP/1.1" 200 90
200.86.165.137 - - [10/May/2017:10:15:48 -0300] "GET /cormun/servlet/hpexe_link HTTP/1.1" 200 984
200.86.165.137 - - [10/May/2017:10:15:49 -0300] "GET /cormun/servlet/trpermisosgoce HTTP/1.1" 200 8718
200.86.165.137 - - [10/May/2017:10:15:49 -0300] "GET /cormun/servlet/trpermisosgoce HTTP/1.1" 200 8716
200.86.165.137 - - [10/May/2017:10:15:55 -0300] "GET /cormun/servlet/trpermisosadjuntos?15807616,20170510110808,P, HTTP/1.1" 200 6339
200.86.165.137 - - [10/May/2017:10:15:55 -0300] "GET /cormun/servlet/trpermisosadjuntos?15807616,20170510110808,P, HTTP/1.1" 200 6340
200.86.165.137 - - [10/May/2017:10:15:57 -0300] "GET /cormun/servlet/permisosadjuntos?INS,15807616,P,20170510110808,, HTTP/1.1" 200 5673
200.86.165.137 - - [10/May/2017:10:15:57 -0300] "GET /cormun/static/about:blank HTTP/1.1" 404 1011
186.79.79.1 - - [10/May/2017:10:15:57 -0300] "POST /cormun/servlet/hlogin?37a336846bc7b222ec82fa1b08e4b148,gx-no-cache=1494422217768 HTTP/1.1" 200 90
200.86.165.137 - - [10/May/2017:10:15:58 -0300] "GET /cormun/servlet/permisosadjuntos?INS,15807616,P,20170510110808,, HTTP/1.1" 200 5663
186.79.79.1 - - [10/May/2017:10:15:58 -0300] "GET /cormun/servlet/hpexe_link HTTP/1.1" 200 942
186.79.79.1 - - [10/May/2017:10:15:58 -0300] "GET /cormun/servlet/hhome HTTP/1.1" 200 4003
186.79.79.1 - - [10/May/2017:10:15:59 -0300] "GET /cormun/servlet/hhome HTTP/1.1" 200 3999
200.86.165.137 - - [10/May/2017:10:16:04 -0300] "POST /cormun/servlet/permisosadjuntos?6cf9a627dc53abdf1e0afe42af3151af,INS,15807616,P,20170510110808,, HTTP/1.1" 200 116
200.86.165.137 - - [10/May/2017:10:16:04 -0300] "GET /cormun/servlet/hpexe_return? HTTP/1.1" 200 1038
200.86.165.137 - - [10/May/2017:10:16:05 -0300] "GET /cormun/servlet/trpermisosadjuntos?15807616,20170510110808,P, HTTP/1.1" 200 6797
200.86.165.137 - - [10/May/2017:10:16:05 -0300] "GET /cormun/servlet/trpermisosadjuntos?15807616,20170510110808,P, HTTP/1.1" 200 6795
186.79.79.1 - - [10/May/2017:10:16:06 -0300] "GET /cormun/servlet/trlicencias? HTTP/1.1" 200 6866
186.79.79.1 - - [10/May/2017:10:16:07 -0300] "GET /cormun/static/gxcfg.js?201741111445981 HTTP/1.1" 200 953
186.79.79.1 - - [10/May/2017:10:16:08 -0300] "GET /cormun/static/trlicencias.js?20174111145440 HTTP/1.1" 200 37913
200.86.165.137 - - [10/May/2017:10:16:08 -0300] "POST /cormun/servlet/trpermisosadjuntos?6cf9a627dc53abdf1e0afe42af3151af,15807616,20170510110808,P,,gx-no-cache=1494422228053 HTTP/1.1" 200 90
200.86.165.137 - - [10/May/2017:10:16:08 -0300] "GET /cormun/servlet/hpexe_link HTTP/1.1" 200 984
200.86.165.137 - - [10/May/2017:10:16:08 -0300] "GET /cormun/servlet/trpermisosgoce HTTP/1.1" 200 8718
200.86.165.137 - - [10/May/2017:10:16:08 -0300] "GET /cormun/servlet/trpermisosgoce HTTP/1.1" 200 8713
186.79.79.1 - - [10/May/2017:10:16:08 -0300] "GET /cormun/servlet/trlicencias? HTTP/1.1" 200 6865
186.79.79.1 - - [10/May/2017:10:16:11 -0300] "GET /cormun/servlet/licenciaspermisos?INS,0,,, HTTP/1.1" 200 7403
186.79.79.1 - - [10/May/2017:10:16:11 -0300] "GET /cormun/static/gxcfg.js?201741111445322 HTTP/1.1" 200 953
186.79.79.1 - - [10/May/2017:10:16:11 -0300] "GET /cormun/static/licenciaspermisos.js?201741111445392 HTTP/1.1" 200 34444
186.79.79.1 - - [10/May/2017:10:16:11 -0300] "GET /cormun/servlet/licenciaspermisos?INS,0,,, HTTP/1.1" 200 7401
200.86.165.137 - - [10/May/2017:10:16:12 -0300] "GET /cormun/servlet/trpermisosadjuntos?11888168,20170510110646,P, HTTP/1.1" 200 6335
200.86.165.137 - - [10/May/2017:10:16:13 -0300] "GET /cormun/servlet/trpermisosadjuntos?11888168,20170510110646,P, HTTP/1.1" 200 6336
200.86.165.137 - - [10/May/2017:10:16:15 -0300] "GET /cormun/servlet/permisosadjuntos?INS,11888168,P,20170510110646,, HTTP/1.1" 200 5669
200.86.165.137 - - [10/May/2017:10:16:15 -0300] "GET /cormun/static/about:blank HTTP/1.1" 404 1011
200.86.165.137 - - [10/May/2017:10:16:15 -0300] "GET /cormun/servlet/permisosadjuntos?INS,11888168,P,20170510110646,, HTTP/1.1" 200 5659
186.79.14.145 - - [10/May/2017:10:16:17 -0300] "GET /cormun/servlet/licenciaspermisos?5e3637a40a35fafb6a68053a918308f821479f215d27a5424b66d4704bfea89891fd26eefd0e4aac50c65b746bfedf7cd91a322b0d01a3f2dd617b733755d1bb68139d3899727895687f3512c983790761e4dd6b2b59c6b394737d11b0df39334c1d5845d2c187a14b8417aeaeda2bd0e7fae3ed833a9ee7659c7705d7092b0b97e993946f7bfccf0733e183a2e03e0ded94a291cea9769abab17913eecd27ed26cb89f3252a6329043f4072cd079c12c5a4e4f8ffb478dd7a8b6a7da3292d0ea3fd2040b44277368eac369713d9e0b7c0232ab6127d7cbe40c3f61b593d63a2,gx-no-cache=1494422241645 HTTP/1.1" 200 30
186.79.14.145 - - [10/May/2017:10:16:17 -0300] "GET /cormun/servlet/licenciaspermisos?5e3637a40a35fafb6a68053a918308f818dfeeb953df250bfb952fdedf8b24f241d08ef0a8b5ea2ec3ae2fb4f035076945de165a58b190eef71729f904720a0c85a62efc7fe5cc07f097c83093e8b6ac1c8fdb36d6865760d8dbd07ec3f6df12d1bac90c1204c33a1fa55c4325a2f141eadefdebfe4a8e3736d12449c8a39aa5659a4364f9e95b0ec65c1c8520cbb33e2f639e193303d2e91c4fac241a4d1e3d5c4df4bb5cd658c1e38d8b6e2997ccf32feba2f623e1e982f7208dcd9fd8e7a5b9f511a8473bab4750223f076233489a8c4d803cea3362a631fc1980250f7505,gx-no-cache=1494422241788 HTTP/1.1" 200 29
186.79.14.145 - - [10/May/2017:10:16:18 -0300] "POST /cormun/servlet/licenciaspermisos?37734401ab2ed26aed5be6444609af5e,INS,0,,,,gx-no-cache=1494422241863 HTTP/1.1" 200 93
186.79.14.145 - - [10/May/2017:10:16:18 -0300] "GET /cormun/servlet/hpexe_return? HTTP/1.1" 200 1013
186.79.14.145 - - [10/May/2017:10:16:18 -0300] "GET /cormun/servlet/trlicencias HTTP/1.1" 200 7807
186.79.14.145 - - [10/May/2017:10:16:19 -0300] "GET /cormun/servlet/trlicencias HTTP/1.1" 200 7803
186.79.14.145 - - [10/May/2017:10:16:21 -0300] "GET /cormun/servlet/alicenciaprn?18015607,L,20170510000000,PU HTTP/1.1" 200 1553
200.86.165.137 - - [10/May/2017:10:16:22 -0300] "POST /cormun/servlet/permisosadjuntos?6cf9a627dc53abdf1e0afe42af3151af,INS,11888168,P,20170510110646,, HTTP/1.1" 200 116
200.86.165.137 - - [10/May/2017:10:16:22 -0300] "GET /cormun/servlet/hpexe_return? HTTP/1.1" 200 1038
200.86.165.137 - - [10/May/2017:10:16:22 -0300] "GET /cormun/servlet/trpermisosadjuntos?11888168,20170510110646,P, HTTP/1.1" 200 6792
200.86.165.137 - - [10/May/2017:10:16:23 -0300] "GET /cormun/servlet/trpermisosadjuntos?11888168,20170510110646,P, HTTP/1.1" 200 6789
200.86.165.137 - - [10/May/2017:10:16:25 -0300] "POST /cormun/servlet/trpermisosadjuntos?6cf9a627dc53abdf1e0afe42af3151af,11888168,20170510110646,P,,gx-no-cache=1494422244984 HTTP/1.1" 200 90
200.86.165.137 - - [10/May/2017:10:16:25 -0300] "GET /cormun/servlet/hpexe_link HTTP/1.1" 200 984
200.86.165.137 - - [10/May/2017:10:16:25 -0300] "GET /cormun/servlet/trpermisosgoce HTTP/1.1" 200 8714
186.79.79.1 - - [10/May/2017:10:16:26 -0300] "GET /cormun/servlet/licenciaspermisos?22566700c9c38a9d93bb34645066387dead24e80411e1fea05ebaf778629f4406a981e28f6b56df4ac880b3df84d3a45,gx-no-cache=1494422246188 HTTP/1.1" 200 65
200.86.165.137 - - [10/May/2017:10:16:26 -0300] "GET /cormun/servlet/trpermisosgoce HTTP/1.1" 200 8713
186.79.79.1 - - [10/May/2017:10:16:26 -0300] "POST /cormun/servlet/licenciaspermisos?37a336846bc7b222ec82fa1b08e4b148,INS,0,,,,gx-no-cache=1494422246282 HTTP/1.1" 200 4614
200.86.165.137 - - [10/May/2017:10:16:30 -0300] "GET /cormun/servlet/trpermisosadjuntos?17107585,20170510110728,P, HTTP/1.1" 200 6337
200.86.165.137 - - [10/May/2017:10:16:31 -0300] "GET /cormun/servlet/trpermisosadjuntos?17107585,20170510110728,P, HTTP/1.1" 200 6338
200.86.165.137 - - [10/May/2017:10:16:32 -0300] "GET /cormun/servlet/permisosadjuntos?INS,17107585,P,20170510110728,, HTTP/1.1" 200 5669
200.86.165.137 - - [10/May/2017:10:16:32 -0300] "GET /cormun/static/about:blank HTTP/1.1" 404 1011
200.86.165.137 - - [10/May/2017:10:16:32 -0300] "GET /cormun/servlet/permisosadjuntos?INS,17107585,P,20170510110728,, HTTP/1.1" 200 5659
200.86.165.137 - - [10/May/2017:10:16:41 -0300] "POST /cormun/servlet/permisosadjuntos?6cf9a627dc53abdf1e0afe42af3151af,INS,17107585,P,20170510110728,, HTTP/1.1" 200 116
200.86.165.137 - - [10/May/2017:10:16:41 -0300] "GET /cormun/servlet/hpexe_return? HTTP/1.1" 200 1037
200.86.165.137 - - [10/May/2017:10:16:41 -0300] "GET /cormun/servlet/trpermisosadjuntos?17107585,20170510110728,P, HTTP/1.1" 200 6795
200.86.165.137 - - [10/May/2017:10:16:42 -0300] "GET /cormun/servlet/trpermisosadjuntos?17107585,20170510110728,P, HTTP/1.1" 200 6792
200.86.165.137 - - [10/May/2017:10:16:43 -0300] "POST /cormun/servlet/trpermisosadjuntos?6cf9a627dc53abdf1e0afe42af3151af,17107585,20170510110728,P,,gx-no-cache=1494422263339 HTTP/1.1" 200 90
200.86.165.137 - - [10/May/2017:10:16:43 -0300] "GET /cormun/servlet/hpexe_link HTTP/1.1" 200 984
200.86.165.137 - - [10/May/2017:10:16:43 -0300] "GET /cormun/servlet/trpermisosgoce HTTP/1.1" 200 8714
200.86.165.137 - - [10/May/2017:10:16:44 -0300] "GET /cormun/servlet/trpermisosgoce HTTP/1.1" 200 8713
200.86.165.137 - - [10/May/2017:10:16:49 -0300] "GET /cormun/servlet/trpermisosadjuntos?12913525,20170510110546,P, HTTP/1.1" 200 6340
186.79.14.145 - - [10/May/2017:10:16:49 -0300] "GET /cormun/servlet/trlicenciaspermisosadjuntos?18015607,20170510000000,L, HTTP/1.1" 200 6157
200.86.165.137 - - [10/May/2017:10:16:49 -0300] "GET /cormun/servlet/trpermisosadjuntos?12913525,20170510110546,P, HTTP/1.1" 200 6341
186.79.14.145 - - [10/May/2017:10:16:49 -0300] "GET /cormun/servlet/trlicenciaspermisosadjuntos?18015607,20170510000000,L, HTTP/1.1" 200 6158
200.86.165.137 - - [10/May/2017:10:16:51 -0300] "GET /cormun/servlet/permisosadjuntos?INS,12913525,P,20170510110546,, HTTP/1.1" 200 5672
200.86.165.137 - - [10/May/2017:10:16:51 -0300] "GET /cormun/static/about:blank HTTP/1.1" 404 1011
200.86.165.137 - - [10/May/2017:10:16:51 -0300] "GET /cormun/servlet/permisosadjuntos?INS,12913525,P,20170510110546,, HTTP/1.1" 200 5662
186.79.14.145 - - [10/May/2017:10:16:51 -0300] "GET /cormun/servlet/licenciaspermisosadjuntos?INS,18015607,L,20170510000000,, HTTP/1.1" 200 5453
186.79.14.145 - - [10/May/2017:10:16:51 -0300] "GET /cormun/static/about:blank HTTP/1.1" 404 1011
186.79.14.145 - - [10/May/2017:10:16:52 -0300] "GET /cormun/servlet/licenciaspermisosadjuntos?INS,18015607,L,20170510000000,, HTTP/1.1" 200 5443
200.86.165.137 - - [10/May/2017:10:16:57 -0300] "POST /cormun/servlet/permisosadjuntos?6cf9a627dc53abdf1e0afe42af3151af,INS,12913525,P,20170510110546,, HTTP/1.1" 200 116
200.86.165.137 - - [10/May/2017:10:16:57 -0300] "GET /cormun/servlet/hpexe_return? HTTP/1.1" 200 1038
200.86.165.137 - - [10/May/2017:10:16:57 -0300] "GET /cormun/servlet/trpermisosadjuntos?12913525,20170510110546,P, HTTP/1.1" 200 6794
200.86.165.137 - - [10/May/2017:10:16:57 -0300] "GET /cormun/servlet/trpermisosadjuntos?12913525,20170510110546,P, HTTP/1.1" 200 6791
200.86.165.137 - - [10/May/2017:10:16:59 -0300] "POST /cormun/servlet/trpermisosadjuntos?6cf9a627dc53abdf1e0afe42af3151af,12913525,20170510110546,P,,gx-no-cache=1494422279796 HTTP/1.1" 200 90
200.86.165.137 - - [10/May/2017:10:16:59 -0300] "GET /cormun/servlet/hpexe_link HTTP/1.1" 200 984
200.86.165.137 - - [10/May/2017:10:17:00 -0300] "GET /cormun/servlet/trpermisosgoce HTTP/1.1" 200 8717
200.86.165.137 - - [10/May/2017:10:17:00 -0300] "GET /cormun/servlet/trpermisosgoce HTTP/1.1" 200 8707
200.86.165.137 - - [10/May/2017:10:17:03 -0300] "GET /cormun/servlet/trpermisosadjuntos?13795220,20170510110614,P, HTTP/1.1" 200 6344
200.86.165.137 - - [10/May/2017:10:17:03 -0300] "GET /cormun/servlet/trpermisosadjuntos?13795220,20170510110614,P, HTTP/1.1" 200 6344
200.86.165.137 - - [10/May/2017:10:17:05 -0300] "GET /cormun/servlet/permisosadjuntos?INS,13795220,P,20170510110614,, HTTP/1.1" 200 5673
200.86.165.137 - - [10/May/2017:10:17:05 -0300] "GET /cormun/static/about:blank HTTP/1.1" 404 1011
200.86.165.137 - - [10/May/2017:10:17:06 -0300] "GET /cormun/servlet/permisosadjuntos?INS,13795220,P,20170510110614,, HTTP/1.1" 200 5662
200.86.165.137 - - [10/May/2017:10:17:11 -0300] "POST /cormun/servlet/permisosadjuntos?6cf9a627dc53abdf1e0afe42af3151af,INS,13795220,P,20170510110614,, HTTP/1.1" 200 116
200.86.165.137 - - [10/May/2017:10:17:12 -0300] "GET /cormun/servlet/hpexe_return? HTTP/1.1" 200 1038
200.86.165.137 - - [10/May/2017:10:17:12 -0300] "GET /cormun/servlet/trpermisosadjuntos?13795220,20170510110614,P, HTTP/1.1" 200 6798
200.86.165.137 - - [10/May/2017:10:17:12 -0300] "GET /cormun/servlet/trpermisosadjuntos?13795220,20170510110614,P, HTTP/1.1" 200 6796
200.86.165.137 - - [10/May/2017:10:17:14 -0300] "POST /cormun/servlet/trpermisosadjuntos?6cf9a627dc53abdf1e0afe42af3151af,13795220,20170510110614,P,,gx-no-cache=1494422294796 HTTP/1.1" 200 90
200.86.165.137 - - [10/May/2017:10:17:15 -0300] "GET /cormun/servlet/hpexe_link HTTP/1.1" 200 984
200.86.165.137 - - [10/May/2017:10:17:15 -0300] "GET /cormun/servlet/trpermisosgoce HTTP/1.1" 200 8717
200.86.165.137 - - [10/May/2017:10:17:15 -0300] "GET /cormun/servlet/trpermisosgoce HTTP/1.1" 200 8715
200.86.165.137 - - [10/May/2017:10:17:22 -0300] "POST /cormun/servlet/trpermisosgoce?6cf9a627dc53abdf1e0afe42af3151af,gx-no-cache=1494422302530 HTTP/1.1" 200 5737
200.86.165.137 - - [10/May/2017:10:17:22 -0300] "GET /cormun/static/Shared/jqueryui/images/ui-bg_highlight-soft_100_c6c2c8_1x100.png HTTP/1.1" 404 1117
200.86.165.137 - - [10/May/2017:10:17:22 -0300] "GET /cormun/static/Shared/jqueryui/images/ui-icons_82798d_256x240.png HTTP/1.1" 404 1089
200.86.165.137 - - [10/May/2017:10:17:22 -0300] "GET /cormun/static/Shared/jqueryui/images/ui-icons_8d78a5_256x240.png HTTP/1.1" 404 1089
200.86.165.137 - - [10/May/2017:10:17:22 -0300] "GET /cormun/static/Shared/jqueryui/images/ui-bg_flat_55_fafafa_40x100.png HTTP/1.1" 404 1097
200.86.165.137 - - [10/May/2017:10:17:23 -0300] "POST /cormun/servlet/trpermisosgoce?6cf9a627dc53abdf1e0afe42af3151af,gx-no-cache=1494422303485 HTTP/1.1" 200 5516
200.86.165.137 - - [10/May/2017:10:17:24 -0300] "POST /cormun/servlet/trpermisosgoce?6cf9a627dc53abdf1e0afe42af3151af,gx-no-cache=1494422304372 HTTP/1.1" 200 5323
200.86.165.137 - - [10/May/2017:10:17:25 -0300] "POST /cormun/servlet/trpermisosgoce?6cf9a627dc53abdf1e0afe42af3151af,gx-no-cache=1494422305260 HTTP/1.1" 200 5134
200.86.165.137 - - [10/May/2017:10:17:26 -0300] "POST /cormun/servlet/trpermisosgoce?6cf9a627dc53abdf1e0afe42af3151af,gx-no-cache=1494422306062 HTTP/1.1" 200 4912
200.86.165.137 - - [10/May/2017:10:17:27 -0300] "POST /cormun/servlet/trpermisosgoce?6cf9a627dc53abdf1e0afe42af3151af,gx-no-cache=1494422306869 HTTP/1.1" 200 4172
200.86.165.137 - - [10/May/2017:10:17:30 -0300] "GET /cormun/servlet/trautorizarpermisogoce? HTTP/1.1" 200 8599
200.86.165.137 - - [10/May/2017:10:17:30 -0300] "GET /cormun/static/gxcfg.js?20174111145711 HTTP/1.1" 200 953
200.86.165.137 - - [10/May/2017:10:17:30 -0300] "GET /cormun/static/trautorizarpermisogoce.js?201741111451072 HTTP/1.1" 200 32073
200.86.165.137 - - [10/May/2017:10:17:30 -0300] "GET /cormun/servlet/trautorizarpermisogoce? HTTP/1.1" 200 8598
192.168.10.96 - - [10/May/2017:10:17:31 -0300] "GET /cormun/servlet/trsolicitudgral? HTTP/1.1" 200 24158
192.168.10.96 - - [10/May/2017:10:17:32 -0300] "GET /cormun/servlet/hlogin HTTP/1.1" 200 1743
192.168.10.96 - - [10/May/2017:10:17:32 -0300] "GET /cormun/servlet/trsolicitudgral? HTTP/1.1" 200 24158
200.86.165.137 - - [10/May/2017:10:17:34 -0300] "POST /cormun/servlet/trautorizarpermisogoce?6cf9a627dc53abdf1e0afe42af3151af,,gx-no-cache=1494422313917 HTTP/1.1" 200 5662
200.86.165.137 - - [10/May/2017:10:17:34 -0300] "GET /cormun/static/Shared/jqueryui/images/ui-bg_highlight-soft_100_c6c2c8_1x100.png HTTP/1.1" 404 1117
200.86.165.137 - - [10/May/2017:10:17:34 -0300] "GET /cormun/static/Shared/jqueryui/images/ui-icons_82798d_256x240.png HTTP/1.1" 404 1089
200.86.165.137 - - [10/May/2017:10:17:34 -0300] "GET /cormun/static/Shared/jqueryui/images/ui-bg_flat_55_fafafa_40x100.png HTTP/1.1" 404 1097
200.86.165.137 - - [10/May/2017:10:17:34 -0300] "GET /cormun/static/Shared/jqueryui/images/ui-icons_8d78a5_256x240.png HTTP/1.1" 404 1089
200.86.165.137 - - [10/May/2017:10:17:35 -0300] "POST /cormun/servlet/trautorizarpermisogoce?6cf9a627dc53abdf1e0afe42af3151af,,gx-no-cache=1494422314837 HTTP/1.1" 200 5483
186.103.159.44 - - [10/May/2017:10:17:35 -0300] "POST /cormun/servlet/solicitudot?gx-no-cache=1494422310686 HTTP/1.1" 200 297
186.103.159.44 - - [10/May/2017:10:17:35 -0300] "GET /cormun/servlet/solicitudot?2fd431b33125e6bb1bf4531ecc1ba645698691b631f55f80ff834bf75d8ec405640ed36b6c2513b04aae49c67111d1f85a1f94a5ee35e84141c209740475665cb5b2551ee384b7ec4c89be5abb16d3058e731f56bb815256d6fc5966ef5c25cc954cc1876f0c44550feed3ba040b272ecfb279834a8df6545da24022303813558249e84651ffc38daadda31c617b37aaff457bf62e35770538e6d51b10c53d4e745644024a7fb1ffe74de9dffdd1479ee295733f7da39aec88c8021970a380a1f46bbb4b38e213932916c9b14314fffbcf07265bf39f1ba66c413dda2b78c54f721605744c700ca6e36f3db1b622e874ee7d0e54504d7a1f52927050cd73d9f485f4ac3e6a47b1cf82111d7a72d264238a54eade21c2dcbe6582b66206dc28ebe4f414866fc1331f0486b404a77c34377774ec79df388f480daa7bd342c38fa102695c86987399640f7e486d28f73aef3be4e2010ad430f4efdab0a3cb48ac5f4b6f3d563ebf6dd0cdc9c0df77153500e21f6274265dc6f8662d29507e00367928a79057e506938d97825a7673f0ef8d,gx-no-cache=1494422310888 HTTP/1.1" 200 30
200.86.165.137 - - [10/May/2017:10:17:36 -0300] "POST /cormun/servlet/trautorizarpermisogoce?6cf9a627dc53abdf1e0afe42af3151af,,gx-no-cache=1494422315842 HTTP/1.1" 200 5320
200.86.165.137 - - [10/May/2017:10:17:36 -0300] "POST /cormun/servlet/trautorizarpermisogoce?6cf9a627dc53abdf1e0afe42af3151af,,gx-no-cache=1494422316685 HTTP/1.1" 200 5134
200.86.165.137 - - [10/May/2017:10:17:37 -0300] "POST /cormun/servlet/trautorizarpermisogoce?6cf9a627dc53abdf1e0afe42af3151af,,gx-no-cache=1494422317492 HTTP/1.1" 200 4888
186.79.14.145 - - [10/May/2017:10:17:38 -0300] "POST /cormun/servlet/licenciaspermisosadjuntos?37734401ab2ed26aed5be6444609af5e,INS,18015607,L,20170510000000,, HTTP/1.1" 200 116
200.86.165.137 - - [10/May/2017:10:17:38 -0300] "POST /cormun/servlet/trautorizarpermisogoce?6cf9a627dc53abdf1e0afe42af3151af,,gx-no-cache=1494422318285 HTTP/1.1" 200 4168
186.79.14.145 - - [10/May/2017:10:17:38 -0300] "GET /cormun/servlet/hpexe_return? HTTP/1.1" 200 1043
186.79.14.145 - - [10/May/2017:10:17:39 -0300] "GET /cormun/servlet/trlicenciaspermisosadjuntos?18015607,20170510000000,L, HTTP/1.1" 200 6648
186.103.159.44 - - [10/May/2017:10:17:39 -0300] "POST /cormun/servlet/solicitudot?gx-no-cache=1494422314814 HTTP/1.1" 200 30
186.79.14.145 - - [10/May/2017:10:17:39 -0300] "GET /cormun/servlet/trlicenciaspermisosadjuntos?18015607,20170510000000,L, HTTP/1.1" 200 6643
192.168.10.96 - - [10/May/2017:10:17:43 -0300] "POST /cormun/servlet/hlogin?83c34b4dfcfb5b914d1ac8670cc26d1c,gx-no-cache=1494425527527 HTTP/1.1" 200 90
192.168.10.96 - - [10/May/2017:10:17:43 -0300] "GET /cormun/servlet/hpexe_link HTTP/1.1" 200 961
186.79.14.145 - - [10/May/2017:10:17:43 -0300] "GET /cormun/servlet/trlicencias? HTTP/1.1" 200 7804
186.103.159.44 - - [10/May/2017:10:17:43 -0300] "POST /cormun/servlet/solicitudot?gx-no-cache=1494422318970 HTTP/1.1" 200 235
186.103.159.44 - - [10/May/2017:10:17:43 -0300] "POST /cormun/servlet/solicitudot?gx-no-cache=1494422319095 HTTP/1.1" 200 38
186.79.14.145 - - [10/May/2017:10:17:43 -0300] "GET /cormun/servlet/trlicencias? HTTP/1.1" 200 7803
192.168.10.96 - - [10/May/2017:10:17:44 -0300] "GET /cormun/servlet/trsolicitudgral HTTP/1.1" 200 25148
192.168.10.96 - - [10/May/2017:10:17:45 -0300] "GET /cormun/servlet/trsolicitudgral HTTP/1.1" 200 25147
186.79.14.145 - - [10/May/2017:10:17:49 -0300] "GET /cormun/servlet/trlicenciaspermisosadjuntos?18015607,20170510000000,L, HTTP/1.1" 200 6643
186.79.14.145 - - [10/May/2017:10:17:50 -0300] "GET /cormun/servlet/trlicenciaspermisosadjuntos?18015607,20170510000000,L, HTTP/1.1" 200 6643
186.79.14.145 - - [10/May/2017:10:17:54 -0300] "GET /cormun/servlet/trlicencias? HTTP/1.1" 200 7804
186.79.14.145 - - [10/May/2017:10:17:54 -0300] "GET /cormun/servlet/trlicencias? HTTP/1.1" 200 7803
186.79.14.145 - - [10/May/2017:10:17:57 -0300] "POST /cormun/servlet/trlicencias?37734401ab2ed26aed5be6444609af5e,,gx-no-cache=1494422340552 HTTP/1.1" 200 4053
186.79.14.145 - - [10/May/2017:10:17:57 -0300] "GET /cormun/static/Shared/jqueryui/images/ui-bg_highlight-soft_100_c6c2c8_1x100.png HTTP/1.1" 404 1117
186.79.14.145 - - [10/May/2017:10:17:57 -0300] "GET /cormun/static/Shared/jqueryui/images/ui-icons_82798d_256x240.png HTTP/1.1" 404 1089
186.79.14.145 - - [10/May/2017:10:17:57 -0300] "GET /cormun/static/Shared/jqueryui/images/ui-bg_flat_55_fafafa_40x100.png HTTP/1.1" 404 1097
186.79.14.145 - - [10/May/2017:10:17:57 -0300] "GET /cormun/static/Shared/jqueryui/images/ui-icons_8d78a5_256x240.png HTTP/1.1" 404 1089
192.168.10.96 - - [10/May/2017:10:17:59 -0300] "POST /cormun/servlet/trsolicitudgral?83c34b4dfcfb5b914d1ac8670cc26d1c,gx-no-cache=1494425544203 HTTP/1.1" 200 7564
192.168.10.96 - - [10/May/2017:10:18:05 -0300] "POST /cormun/servlet/trsolicitudgral?83c34b4dfcfb5b914d1ac8670cc26d1c,gx-no-cache=1494425550248 HTTP/1.1" 200 5200
192.168.10.96 - - [10/May/2017:10:18:09 -0300] "POST /cormun/servlet/trsolicitudgral?83c34b4dfcfb5b914d1ac8670cc26d1c,gx-no-cache=1494425553516 HTTP/1.1" 200 6935
186.103.159.44 - - [10/May/2017:10:18:25 -0300] "GET /cormun/servlet/solicitudot?2fd431b33125e6bb1bf4531ecc1ba6457092888ad01cba731d4ad260a70932d1d72a09e57bdd60d728503c954295afb58464e0c9212605713fc3927134df0930005083d39831dfcae209f5ba8da7dea595c16c2c300fc78a1392d273d99049b0f7609514a9d78adfc38ee644ffbb4964,gx-no-cache=1494422360350 HTTP/1.1" 200 29
186.103.159.44 - - [10/May/2017:10:18:25 -0300] "POST /cormun/servlet/solicitudot?gx-no-cache=1494422360830 HTTP/1.1" 200 709
186.103.159.44 - - [10/May/2017:10:18:26 -0300] "POST /cormun/servlet/solicitudot?gx-no-cache=1494422362013 HTTP/1.1" 200 1162
186.103.158.250 - - [10/May/2017:10:18:34 -0300] "GET /cormun/servlet/hlogin HTTP/1.1" 200 1724
186.103.158.250 - - [10/May/2017:10:18:35 -0300] "GET /cormun/static/Resources/Spanish/PXTools.css?11294912 HTTP/1.1" 304 -
186.103.158.250 - - [10/May/2017:10:18:36 -0300] "GET /cormun/servlet/hlogin HTTP/1.1" 200 1736
186.103.158.250 - - [10/May/2017:10:18:36 -0300] "GET /favicon.ico HTTP/1.1" 200 21630
186.103.159.44 - - [10/May/2017:10:18:38 -0300] "GET /cormun/static/menuarrow.gif HTTP/1.1" 404 1015
186.79.79.1 - - [10/May/2017:10:18:39 -0300] "GET /cormun/servlet/licenciaspermisos?22566700c9c38a9d93bb34645066387da81591edf56b7e5cd5fdbb6f6788de5a7c8e6a89df833d2569132fdb01e0d74ae53fb6be68837b761c318f28e0c1c471c0e63b8b454e0c377773c6afd5f8ed5b6beaa0df24dfa5ed69b06ec12e820806d2616e1cffcc7947529e6c26e556d1a90259e159ee75c2d1707494ca98cc8861902119b2bbbc5e3c94eecd2411ed341e1dd51cf8e8535202d0b7e72c199117a3b5fada05586fe8226ac9d9ea28e88248f0e48d75d1f126b6a72be53793497ae1c6f0380ad21bb0df89fe4a1ab82d57b65259e353488fccb9d3757181e75b06be,gx-no-cache=1494422379721 HTTP/1.1" 200 30
186.79.79.1 - - [10/May/2017:10:18:40 -0300] "POST /cormun/servlet/licenciaspermisos?37a336846bc7b222ec82fa1b08e4b148,INS,0,,,,gx-no-cache=1494422379895 HTTP/1.1" 200 4676
40.77.167.137 - - [10/May/2017:10:18:53 -0300] "GET /cormun/servlet/solicitudotadjuntos?INS,2017,5556,,1, HTTP/1.1" 200 5246
186.103.158.250 - - [10/May/2017:10:19:02 -0300] "POST /cormun/servlet/hlogin?e3e246c889faebd71b11976e5e264546,gx-no-cache=1494425860998 HTTP/1.1" 200 90
186.103.158.250 - - [10/May/2017:10:19:02 -0300] "GET /cormun/servlet/hpexe_link HTTP/1.1" 200 954
186.103.158.250 - - [10/May/2017:10:19:02 -0300] "GET /cormun/static/hpexe_link.js?201731711483384 HTTP/1.1" 304 -
186.103.158.250 - - [10/May/2017:10:19:03 -0300] "GET /cormun/servlet/hhome HTTP/1.1" 200 3791
186.103.158.250 - - [10/May/2017:10:19:04 -0300] "GET /cormun/static/hhome.js?20173171148352 HTTP/1.1" 304 -
186.103.158.250 - - [10/May/2017:10:19:04 -0300] "GET /cormun/static/hwchdr01.js?201731711335950 HTTP/1.1" 304 -
186.103.158.250 - - [10/May/2017:10:19:04 -0300] "GET /cormun/static/hpexe_recentlink.js?201610171694390 HTTP/1.1" 304 -
186.103.158.250 - - [10/May/2017:10:19:05 -0300] "GET /cormun/static/hpexe_scripts.js?201731711335890 HTTP/1.1" 304 -
186.103.158.250 - - [10/May/2017:10:19:05 -0300] "GET /cormun/static/hpexe_messagecontroller.js?201610171694323 HTTP/1.1" 304 -
186.103.158.250 - - [10/May/2017:10:19:05 -0300] "GET /cormun/static/hpexe_messagepopupcomponent.js?20161017169425 HTTP/1.1" 304 -
186.103.159.44 - - [10/May/2017:10:19:05 -0300] "GET /cormun/servlet/solicitudot?2fd431b33125e6bb1bf4531ecc1ba64547cf2b11f5fbd038a5ff1f06ce273ece3e87d1ff105ac1db9fdb515c926de60fda2a9d9980e3734988715cdd539d6321d3cb8aec46a57ad4609995f2a30f8da0f626a9d06681d88d156937aeb617a99dd8550a5281ca496e2b37451d4c435786debdfbbd1c2da5720117da2bcc953746823ccb599f73574d5705e54b30c96afda8acb1610b13bdcf4e4031eacf8be3d72863032736971145d3c90712ad1b6241,gx-no-cache=1494422400161 HTTP/1.1" 200 30
186.103.158.250 - - [10/May/2017:10:19:05 -0300] "GET /cormun/static/hpexe_messagegenexuscomponent.js?201731711335537 HTTP/1.1" 304 -
186.103.158.250 - - [10/May/2017:10:19:05 -0300] "GET /cormun/static/cmcontrolpreferences.js?201731711335852 HTTP/1.1" 304 -
186.103.158.250 - - [10/May/2017:10:19:06 -0300] "GET /cormun/static/hmpwkw03.js?201731711485354 HTTP/1.1" 304 -
186.103.158.250 - - [10/May/2017:10:19:06 -0300] "GET /cormun/servlet/hhome HTTP/1.1" 200 3788
186.103.158.250 - - [10/May/2017:10:19:15 -0300] "GET /cormun/servlet/trvisualizadoreventos? HTTP/1.1" 200 6521
186.103.158.250 - - [10/May/2017:10:19:15 -0300] "GET /cormun/static/gxcfg.js?201731711523419 HTTP/1.1" 304 -
186.103.158.250 - - [10/May/2017:10:19:17 -0300] "GET /cormun/servlet/trvisualizadoreventos? HTTP/1.1" 200 6521
186.103.158.250 - - [10/May/2017:10:19:23 -0300] "POST /cormun/servlet/trvisualizadoreventos?e3e246c889faebd71b11976e5e264546,,gx-no-cache=1494425882317 HTTP/1.1" 200 3761
186.103.158.250 - - [10/May/2017:10:19:33 -0300] "GET /cormun/servlet/trsolicitudot? HTTP/1.1" 200 8464
186.103.158.250 - - [10/May/2017:10:19:33 -0300] "GET /cormun/static/trsolicitudot.js?20173171151116 HTTP/1.1" 304 -
40.77.167.137 - - [10/May/2017:10:19:34 -0300] "GET /cormun/servlet/solicitudotadjuntos?INS,2017,5556,,1, HTTP/1.1" 200 5232
186.103.158.250 - - [10/May/2017:10:19:34 -0300] "GET /cormun/servlet/trsolicitudot? HTTP/1.1" 200 8463
186.103.159.44 - - [10/May/2017:10:19:37 -0300] "POST /cormun/servlet/solicitudot?119d3bde187788d607b23e3e060a4690,INS,0,0,,gx-no-cache=1494422433025 HTTP/1.1" 200 93
186.103.159.44 - - [10/May/2017:10:19:37 -0300] "GET /cormun/servlet/hpexe_return? HTTP/1.1" 200 1006
186.103.159.44 - - [10/May/2017:10:19:38 -0300] "GET /cormun/static/Resources/Spanish/PXTools.css?167811 HTTP/1.1" 304 -
186.103.159.44 - - [10/May/2017:10:19:38 -0300] "GET /cormun/static/gxcfg.js?2016101716175148 HTTP/1.1" 304 -
186.103.159.44 - - [10/May/2017:10:19:38 -0300] "GET /cormun/static/hpexe_return.js?2016101716175153 HTTP/1.1" 304 -
186.103.159.44 - - [10/May/2017:10:19:38 -0300] "GET /cormun/servlet/trsolicitudot HTTP/1.1" 200 8008
157.55.39.138 - - [10/May/2017:10:19:43 -0300] "GET /cormun/static/Shared/ext/ext-all.js HTTP/1.1" 200 1289687
186.103.159.44 - - [10/May/2017:10:19:44 -0300] "POST /cormun/servlet/trsolicitudot?119d3bde187788d607b23e3e060a4690,gx-no-cache=1494422439610 HTTP/1.1" 200 107
186.103.159.44 - - [10/May/2017:10:19:44 -0300] "GET /cormun/servlet/trsolicitudadjuntos?2017,6385, HTTP/1.1" 200 5883
186.103.159.44 - - [10/May/2017:10:19:44 -0300] "GET /cormun/static/gxcfg.js?201731711504543 HTTP/1.1" 304 -
186.103.159.44 - - [10/May/2017:10:19:44 -0300] "GET /cormun/static/trsolicitudadjuntos.js?201731711504951 HTTP/1.1" 304 -
186.103.158.250 - - [10/May/2017:10:19:48 -0300] "POST /cormun/servlet/trsolicitudot?e3e246c889faebd71b11976e5e264546,,gx-no-cache=1494425907292 HTTP/1.1" 200 105
186.103.158.250 - - [10/May/2017:10:19:48 -0300] "GET /cormun/servlet/solicitudot?UPD,2017,6377, HTTP/1.1" 200 14284
