186.103.158.250 - - [10/May/2017:10:19:48 -0300] "GET /cormun/static/Resources/Spanish/PXTools.css?18365030 HTTP/1.1" 304 -
186.103.158.250 - - [10/May/2017:10:19:49 -0300] "GET /cormun/static/solicitudot.js?2017119104297 HTTP/1.1" 304 -
186.103.158.250 - - [10/May/2017:10:19:50 -0300] "GET /cormun/servlet/solicitudot?UPD,2017,6377, HTTP/1.1" 200 14294
186.103.158.250 - - [10/May/2017:10:19:50 -0300] "POST /cormun/servlet/solicitudot?gx-no-cache=1494425909482 HTTP/1.1" 200 3133
186.103.158.250 - - [10/May/2017:10:19:51 -0300] "POST /cormun/servlet/solicitudot?e3e246c889faebd71b11976e5e264546,UPD,2017,6377,,gx-no-cache=1494425909674 HTTP/1.1" 200 10825
186.103.158.250 - - [10/May/2017:10:19:51 -0300] "GET /cormun/servlet/solicitudot?9c6081dc3e0617bdd3ec6bc39f9a281422d8df1ed62a53af87abedfa2f7b3ad206492211b4fe86c78b5ad279e1b6e470,gx-no-cache=1494425910025 HTTP/1.1" 200 30
186.103.158.250 - - [10/May/2017:10:19:51 -0300] "POST /cormun/servlet/solicitudot?gx-no-cache=1494425910128 HTTP/1.1" 200 257
186.103.158.250 - - [10/May/2017:10:19:51 -0300] "GET /cormun/servlet/solicitudot?9c6081dc3e0617bdd3ec6bc39f9a2814f1e66fbeeeb394aca3e71045e61f10629df640c848d654de8abf13f24784995b119a041a8efcec260e4eb494e31d5d80d5f71d50e46b029b23b6dc3b7a9e739b7803bcab01c34847e94400a91988036387aa793e62528ca339d377b5f09d438d9fedca78bdbcbaabaa362c0d3b5cbce71f1503e3582c5876da3761496efd01f9f3c56fd6c89c6eda7aa8f7350a9b8110a691a5cdd54c22936a3083d590cb1310a923318328442b1f26c3ed5c5ea1c16a2154f15eb803aa5335bfb567c3d97188fb039e943096eecd39f2a0420f7a473ab6722c72017988904ed61c9663e9c3a7bbaf0b9a7dff39ec9f231ef26ca1bf21f9bfccf87c977834c9a3b5a786803b05355e8785b774dfab55d120484352b4ecb37acfb460c69a4ac3d0f5906544d1db9fe5736b6c18ac7f208e045fc684034a45673a552e9c248be04da7b2cd0ba248,gx-no-cache=1494425910213 HTTP/1.1" 200 30
186.103.158.250 - - [10/May/2017:10:19:51 -0300] "POST /cormun/servlet/solicitudot?gx-no-cache=1494425910583 HTTP/1.1" 200 30
186.103.158.250 - - [10/May/2017:10:19:52 -0300] "POST /cormun/servlet/solicitudot?gx-no-cache=1494425910700 HTTP/1.1" 200 1292
186.103.158.250 - - [10/May/2017:10:19:52 -0300] "POST /cormun/servlet/solicitudot?gx-no-cache=1494425910889 HTTP/1.1" 200 41
186.103.158.250 - - [10/May/2017:10:20:03 -0300] "POST /cormun/servlet/solicitudot?gx-no-cache=1494425921794 HTTP/1.1" 200 30
186.103.159.44 - - [10/May/2017:10:20:08 -0300] "GET /cormun/servlet/solicitudotadjuntos?INS,2017,6385,,1, HTTP/1.1" 200 5818
186.103.159.44 - - [10/May/2017:10:20:08 -0300] "GET /cormun/static/gxcfg.js?201612218465951 HTTP/1.1" 304 -
186.103.159.44 - - [10/May/2017:10:20:09 -0300] "GET /cormun/static/solicitudotadjuntos.js?201612218465969 HTTP/1.1" 304 -
186.103.159.44 - - [10/May/2017:10:20:09 -0300] "HEAD /cormun/static/about:blank HTTP/1.1" 404 -
186.103.159.44 - - [10/May/2017:10:20:10 -0300] "GET /cormun/servlet/solicitudotadjuntos?2fd431b33125e6bb1bf4531ecc1ba64532e2d96358ddc65d0bb894420151243b0e8da10e25f578281f93192a293aca69,gx-no-cache=1494422466245 HTTP/1.1" 200 30
186.103.159.44 - - [10/May/2017:10:20:10 -0300] "POST /cormun/servlet/solicitudotadjuntos?119d3bde187788d607b23e3e060a4690,INS,2017,6385,,1,,gx-no-cache=1494422466359 HTTP/1.1" 200 3639
186.103.159.44 - - [10/May/2017:10:20:21 -0300] "POST /cormun/servlet/solicitudotadjuntos?gx-no-cache=1494422476893 HTTP/1.1" 200 26
186.103.158.250 - - [10/May/2017:10:20:33 -0300] "POST /cormun/servlet/solicitudot?gx-no-cache=1494425951805 HTTP/1.1" 200 238
186.103.159.44 - - [10/May/2017:10:20:48 -0300] "GET /cormun/servlet/solicitudotadjuntos?2fd431b33125e6bb1bf4531ecc1ba645fe03f57b3b5d28ea63408052de5c4623,gx-no-cache=1494422503457 HTTP/1.1" 200 30
186.103.159.44 - - [10/May/2017:10:20:48 -0300] "GET /cormun/servlet/solicitudotadjuntos?2fd431b33125e6bb1bf4531ecc1ba645fe03f57b3b5d28ea63408052de5c4623,gx-no-cache=1494422503678 HTTP/1.1" 200 30
186.103.158.250 - - [10/May/2017:10:20:49 -0300] "GET /cormun/servlet/solicitudot?9c6081dc3e0617bdd3ec6bc39f9a2814f1e66fbeeeb394aca3e71045e61f106293defeb3bc0636ef4fbff56dddff1651119a041a8efcec260e4eb494e31d5d80d5f71d50e46b029b23b6dc3b7a9e739b7803bcab01c34847e94400a91988036387aa793e62528ca339d377b5f09d438d9fedca78bdbcbaabaa362c0d3b5cbce71f1503e3582c5876da3761496efd01f9f3c56fd6c89c6eda7aa8f7350a9b8110a691a5cdd54c22936a3083d590cb1310a923318328442b1f26c3ed5c5ea1c16a2154f15eb803aa5335bfb567c3d97188fb039e943096eecd39f2a0420f7a473ab6722c72017988904ed61c9663e9c3a7bbaf0b9a7dff39ec9f231ef26ca1bf21f9bfccf87c977834c9a3b5a786803b05355e8785b774dfab55d120484352b4ecb37acfb460c69a4ac3d0f5906544d1db9fe5736b6c18ac7f208e045fc684034a3aa8272a765b92fb4998e86d63e08130ea48cb2c266827cb5f987e6767ba9a3bb6b8ef7b34e280eeb31ca8d10ef663d1f3001c79e75203df57186b71d1785740,gx-no-cache=1494425966886 HTTP/1.1" 200 30
186.103.158.250 - - [10/May/2017:10:20:49 -0300] "POST /cormun/servlet/solicitudot?gx-no-cache=1494425967838 HTTP/1.1" 200 30
186.103.159.44 - - [10/May/2017:10:20:49 -0300] "POST /cormun/servlet/solicitudotadjuntos?119d3bde187788d607b23e3e060a4690,INS,2017,6385,,1, HTTP/1.1" 200 116
186.103.159.44 - - [10/May/2017:10:20:49 -0300] "GET /cormun/servlet/hpexe_return? HTTP/1.1" 200 1024
186.103.159.44 - - [10/May/2017:10:20:50 -0300] "GET /cormun/servlet/trsolicitudadjuntos?2017,6385, HTTP/1.1" 200 8041
186.79.79.1 - - [10/May/2017:10:20:54 -0300] "GET /cormun/static/Resources/resize.gif HTTP/1.1" 200 77
186.79.79.1 - - [10/May/2017:10:20:55 -0300] "GET /cormun/servlet/prfichaempleado?,MD,,gxPopupLevel%3D0%3B HTTP/1.1" 200 8845
186.79.79.1 - - [10/May/2017:10:20:55 -0300] "GET /cormun/static/gxcfg.js?2017319125415 HTTP/1.1" 200 953
186.79.79.1 - - [10/May/2017:10:20:55 -0300] "GET /cormun/static/Resources/PXToolsMenuSearch.png HTTP/1.1" 200 2914
186.79.79.1 - - [10/May/2017:10:20:55 -0300] "GET /cormun/static/Resources/PXToolsMenuSearchCancel.png HTTP/1.1" 200 2972
186.103.159.44 - - [10/May/2017:10:20:56 -0300] "GET /cormun/servlet/solicitudotadjuntos?INS,2017,6385,,1, HTTP/1.1" 200 5817
186.103.159.44 - - [10/May/2017:10:20:56 -0300] "HEAD /cormun/static/about:blank HTTP/1.1" 404 -
186.103.159.44 - - [10/May/2017:10:20:58 -0300] "GET /cormun/servlet/solicitudotadjuntos?2fd431b33125e6bb1bf4531ecc1ba64532e2d96358ddc65d0bb894420151243b0e8da10e25f578281f93192a293aca69,gx-no-cache=1494422513747 HTTP/1.1" 200 30
186.103.159.44 - - [10/May/2017:10:20:58 -0300] "POST /cormun/servlet/solicitudotadjuntos?119d3bde187788d607b23e3e060a4690,INS,2017,6385,,1,,gx-no-cache=1494422513815 HTTP/1.1" 200 3639
186.103.159.44 - - [10/May/2017:10:21:00 -0300] "POST /cormun/servlet/solicitudotadjuntos?gx-no-cache=1494422516130 HTTP/1.1" 200 26
186.103.158.250 - - [10/May/2017:10:21:02 -0300] "GET /cormun/servlet/prfichaempleado?,MD,,gxPopupLevel%3D0%3B HTTP/1.1" 200 8805
186.103.159.44 - - [10/May/2017:10:21:05 -0300] "GET /cormun/servlet/solicitudotadjuntos?2fd431b33125e6bb1bf4531ecc1ba645fe03f57b3b5d28ea63408052de5c4623,gx-no-cache=1494422520876 HTTP/1.1" 200 30
186.103.159.44 - - [10/May/2017:10:21:05 -0300] "GET /cormun/servlet/solicitudotadjuntos?2fd431b33125e6bb1bf4531ecc1ba645fe03f57b3b5d28ea63408052de5c4623,gx-no-cache=1494422520924 HTTP/1.1" 200 30
186.103.159.44 - - [10/May/2017:10:21:06 -0300] "POST /cormun/servlet/solicitudotadjuntos?119d3bde187788d607b23e3e060a4690,INS,2017,6385,,1, HTTP/1.1" 200 116
186.103.159.44 - - [10/May/2017:10:21:06 -0300] "GET /cormun/servlet/hpexe_return? HTTP/1.1" 200 1024
186.103.159.44 - - [10/May/2017:10:21:07 -0300] "GET /cormun/servlet/trsolicitudadjuntos?2017,6385, HTTP/1.1" 200 8260
186.103.159.44 - - [10/May/2017:10:21:12 -0300] "GET /cormun/servlet/solicitudotadjuntos?INS,2017,6385,,1, HTTP/1.1" 200 5817
186.103.159.44 - - [10/May/2017:10:21:12 -0300] "HEAD /cormun/static/about:blank HTTP/1.1" 404 -
186.103.159.44 - - [10/May/2017:10:21:14 -0300] "GET /cormun/servlet/solicitudotadjuntos?2fd431b33125e6bb1bf4531ecc1ba64532e2d96358ddc65d0bb894420151243b0e8da10e25f578281f93192a293aca69,gx-no-cache=1494422529945 HTTP/1.1" 200 30
186.103.159.44 - - [10/May/2017:10:21:14 -0300] "POST /cormun/servlet/solicitudotadjuntos?119d3bde187788d607b23e3e060a4690,INS,2017,6385,,1,,gx-no-cache=1494422530036 HTTP/1.1" 200 3639
186.103.159.44 - - [10/May/2017:10:21:17 -0300] "POST /cormun/servlet/solicitudotadjuntos?gx-no-cache=1494422532906 HTTP/1.1" 200 26
186.79.79.1 - - [10/May/2017:10:21:20 -0300] "GET /cormun/servlet/licenciaspermisos?22566700c9c38a9d93bb34645066387d59ac0c748433088473707c509e16f8f1c8d2aa75713a98d38d1ee8ad360399e8252882ca944559351dfc3290fe0400c4ec65ce919c6cc491aaf00631858abc4168ff4e70cbc1af9fe5895ee696a0b8fb31d62dcfe6d7bf2156caad2c383d403d6185c08f7e44fa619e498ae943a801cf61b7726f94729d899424eaf18230ffe2256de0f28bd6a27848450f71f9aa9ac7dce8a4a789d4fbb0f7592e73dc54ae8e87f2527ce9cd546cfba1e063ce374ea1d1d54e1274b633994b96ebf5feee88ffc956792104f90dbce24a41ce8411bd38cb626b5fd1bf341657a2d188725fad4d,gx-no-cache=1494422540848 HTTP/1.1" 200 57
186.79.79.1 - - [10/May/2017:10:21:21 -0300] "POST /cormun/servlet/licenciaspermisos?37a336846bc7b222ec82fa1b08e4b148,INS,0,,,,gx-no-cache=1494422541164 HTTP/1.1" 200 93
186.79.79.1 - - [10/May/2017:10:21:21 -0300] "GET /cormun/servlet/hpexe_return? HTTP/1.1" 200 1001
186.79.79.1 - - [10/May/2017:10:21:22 -0300] "GET /cormun/servlet/trlicencias HTTP/1.1" 200 8036
186.79.79.1 - - [10/May/2017:10:21:22 -0300] "GET /cormun/servlet/trlicencias HTTP/1.1" 200 8031
186.103.159.44 - - [10/May/2017:10:21:23 -0300] "GET /cormun/servlet/solicitudotadjuntos?2fd431b33125e6bb1bf4531ecc1ba645fe03f57b3b5d28ea63408052de5c4623,gx-no-cache=1494422538971 HTTP/1.1" 200 30
186.103.159.44 - - [10/May/2017:10:21:23 -0300] "GET /cormun/servlet/solicitudotadjuntos?2fd431b33125e6bb1bf4531ecc1ba645fe03f57b3b5d28ea63408052de5c4623,gx-no-cache=1494422539015 HTTP/1.1" 200 30
186.103.159.44 - - [10/May/2017:10:21:24 -0300] "POST /cormun/servlet/solicitudotadjuntos?119d3bde187788d607b23e3e060a4690,INS,2017,6385,,1, HTTP/1.1" 200 116
186.103.159.44 - - [10/May/2017:10:21:24 -0300] "GET /cormun/servlet/hpexe_return? HTTP/1.1" 200 1024
186.103.159.44 - - [10/May/2017:10:21:25 -0300] "GET /cormun/servlet/trsolicitudadjuntos?2017,6385, HTTP/1.1" 200 8413
186.103.159.44 - - [10/May/2017:10:21:30 -0300] "GET /cormun/servlet/solicitudotadjuntos?INS,2017,6385,,1, HTTP/1.1" 200 5817
186.103.159.44 - - [10/May/2017:10:21:31 -0300] "HEAD /cormun/static/about:blank HTTP/1.1" 404 -
186.103.159.44 - - [10/May/2017:10:21:33 -0300] "GET /cormun/servlet/solicitudotadjuntos?2fd431b33125e6bb1bf4531ecc1ba64532e2d96358ddc65d0bb894420151243b0e8da10e25f578281f93192a293aca69,gx-no-cache=1494422548650 HTTP/1.1" 200 30
186.103.159.44 - - [10/May/2017:10:21:33 -0300] "POST /cormun/servlet/solicitudotadjuntos?119d3bde187788d607b23e3e060a4690,INS,2017,6385,,1,,gx-no-cache=1494422548730 HTTP/1.1" 200 3639
186.103.159.44 - - [10/May/2017:10:21:35 -0300] "POST /cormun/servlet/solicitudotadjuntos?gx-no-cache=1494422551436 HTTP/1.1" 200 26
186.103.159.44 - - [10/May/2017:10:21:43 -0300] "GET /cormun/servlet/solicitudotadjuntos?2fd431b33125e6bb1bf4531ecc1ba645fe03f57b3b5d28ea63408052de5c4623,gx-no-cache=1494422558964 HTTP/1.1" 200 30
186.103.159.44 - - [10/May/2017:10:21:43 -0300] "GET /cormun/servlet/solicitudotadjuntos?2fd431b33125e6bb1bf4531ecc1ba645fe03f57b3b5d28ea63408052de5c4623,gx-no-cache=1494422559008 HTTP/1.1" 200 30
186.103.159.44 - - [10/May/2017:10:21:44 -0300] "POST /cormun/servlet/solicitudotadjuntos?119d3bde187788d607b23e3e060a4690,INS,2017,6385,,1, HTTP/1.1" 200 116
186.103.159.44 - - [10/May/2017:10:21:44 -0300] "GET /cormun/servlet/hpexe_return? HTTP/1.1" 200 1024
186.103.159.44 - - [10/May/2017:10:21:45 -0300] "GET /cormun/servlet/trsolicitudadjuntos?2017,6385, HTTP/1.1" 200 8558
186.103.159.44 - - [10/May/2017:10:21:50 -0300] "GET /cormun/servlet/solicitudotadjuntos?INS,2017,6385,,1, HTTP/1.1" 200 5818
186.103.159.44 - - [10/May/2017:10:21:51 -0300] "HEAD /cormun/static/about:blank HTTP/1.1" 404 -
186.103.159.44 - - [10/May/2017:10:21:53 -0300] "GET /cormun/servlet/solicitudotadjuntos?2fd431b33125e6bb1bf4531ecc1ba64532e2d96358ddc65d0bb894420151243b0e8da10e25f578281f93192a293aca69,gx-no-cache=1494422568596 HTTP/1.1" 200 30
186.103.159.44 - - [10/May/2017:10:21:53 -0300] "POST /cormun/servlet/solicitudotadjuntos?119d3bde187788d607b23e3e060a4690,INS,2017,6385,,1,,gx-no-cache=1494422568667 HTTP/1.1" 200 3640
186.103.159.44 - - [10/May/2017:10:21:56 -0300] "POST /cormun/servlet/solicitudotadjuntos?gx-no-cache=1494422571867 HTTP/1.1" 200 26
186.103.159.44 - - [10/May/2017:10:22:01 -0300] "GET /cormun/servlet/solicitudotadjuntos?2fd431b33125e6bb1bf4531ecc1ba645fe03f57b3b5d28ea63408052de5c4623,gx-no-cache=1494422577489 HTTP/1.1" 200 30
186.103.159.44 - - [10/May/2017:10:22:02 -0300] "GET /cormun/servlet/solicitudotadjuntos?2fd431b33125e6bb1bf4531ecc1ba645fe03f57b3b5d28ea63408052de5c4623,gx-no-cache=1494422577532 HTTP/1.1" 200 30
186.103.159.44 - - [10/May/2017:10:22:02 -0300] "POST /cormun/servlet/solicitudotadjuntos?119d3bde187788d607b23e3e060a4690,INS,2017,6385,,1, HTTP/1.1" 200 116
186.103.159.44 - - [10/May/2017:10:22:03 -0300] "GET /cormun/servlet/hpexe_return? HTTP/1.1" 200 1024
186.103.159.44 - - [10/May/2017:10:22:04 -0300] "GET /cormun/servlet/trsolicitudadjuntos?2017,6385, HTTP/1.1" 200 8724
186.103.159.44 - - [10/May/2017:10:22:09 -0300] "GET /cormun/servlet/solicitudotadjuntos?INS,2017,6385,,1, HTTP/1.1" 200 5818
186.103.159.44 - - [10/May/2017:10:22:10 -0300] "HEAD /cormun/static/about:blank HTTP/1.1" 404 -
186.103.159.44 - - [10/May/2017:10:22:12 -0300] "GET /cormun/servlet/solicitudotadjuntos?2fd431b33125e6bb1bf4531ecc1ba64532e2d96358ddc65d0bb894420151243b0e8da10e25f578281f93192a293aca69,gx-no-cache=1494422587586 HTTP/1.1" 200 30
186.103.159.44 - - [10/May/2017:10:22:12 -0300] "POST /cormun/servlet/solicitudotadjuntos?119d3bde187788d607b23e3e060a4690,INS,2017,6385,,1,,gx-no-cache=1494422587651 HTTP/1.1" 200 3640
186.103.159.44 - - [10/May/2017:10:22:15 -0300] "POST /cormun/servlet/solicitudotadjuntos?gx-no-cache=1494422590866 HTTP/1.1" 200 26
186.103.159.44 - - [10/May/2017:10:22:20 -0300] "GET /cormun/servlet/solicitudotadjuntos?2fd431b33125e6bb1bf4531ecc1ba645fe03f57b3b5d28ea63408052de5c4623,gx-no-cache=1494422596094 HTTP/1.1" 200 30
40.77.167.108 - - [10/May/2017:10:22:20 -0300] "GET /cormunbeta/servlet/trpermisosingoce?_escaped_fragment_= HTTP/1.1" 200 5775
186.103.159.44 - - [10/May/2017:10:22:20 -0300] "GET /cormun/servlet/solicitudotadjuntos?2fd431b33125e6bb1bf4531ecc1ba645fe03f57b3b5d28ea63408052de5c4623,gx-no-cache=1494422596168 HTTP/1.1" 200 30
186.103.159.44 - - [10/May/2017:10:22:22 -0300] "POST /cormun/servlet/solicitudotadjuntos?119d3bde187788d607b23e3e060a4690,INS,2017,6385,,1, HTTP/1.1" 200 116
186.103.159.44 - - [10/May/2017:10:22:22 -0300] "GET /cormun/servlet/hpexe_return? HTTP/1.1" 200 1024
186.103.159.44 - - [10/May/2017:10:22:24 -0300] "GET /cormun/servlet/trsolicitudadjuntos?2017,6385, HTTP/1.1" 200 8975
186.103.159.44 - - [10/May/2017:10:22:30 -0300] "GET /cormun/servlet/solicitudotadjuntos?INS,2017,6385,,2, HTTP/1.1" 200 5818
186.103.159.44 - - [10/May/2017:10:22:31 -0300] "HEAD /cormun/static/about:blank HTTP/1.1" 404 -
186.103.159.44 - - [10/May/2017:10:22:32 -0300] "GET /cormun/servlet/solicitudotadjuntos?2fd431b33125e6bb1bf4531ecc1ba64532e2d96358ddc65d0bb894420151243b0e8da10e25f578281f93192a293aca69,gx-no-cache=1494422608130 HTTP/1.1" 200 30
186.103.159.44 - - [10/May/2017:10:22:32 -0300] "POST /cormun/servlet/solicitudotadjuntos?119d3bde187788d607b23e3e060a4690,INS,2017,6385,,2,,gx-no-cache=1494422608191 HTTP/1.1" 200 3853
186.103.159.44 - - [10/May/2017:10:22:41 -0300] "POST /cormun/servlet/solicitudotadjuntos?gx-no-cache=1494422617027 HTTP/1.1" 200 26
186.103.159.44 - - [10/May/2017:10:22:47 -0300] "GET /cormun/servlet/solicitudotadjuntos?2fd431b33125e6bb1bf4531ecc1ba645fe03f57b3b5d28ea63408052de5c4623,gx-no-cache=1494422622527 HTTP/1.1" 200 30
186.103.159.44 - - [10/May/2017:10:22:47 -0300] "GET /cormun/servlet/solicitudotadjuntos?2fd431b33125e6bb1bf4531ecc1ba645fe03f57b3b5d28ea63408052de5c4623,gx-no-cache=1494422622564 HTTP/1.1" 200 30
186.103.159.44 - - [10/May/2017:10:22:47 -0300] "POST /cormun/servlet/solicitudotadjuntos?119d3bde187788d607b23e3e060a4690,INS,2017,6385,,2, HTTP/1.1" 200 116
186.103.159.44 - - [10/May/2017:10:22:47 -0300] "GET /cormun/servlet/hpexe_return? HTTP/1.1" 200 1024
186.103.159.44 - - [10/May/2017:10:22:49 -0300] "GET /cormun/servlet/trsolicitudadjuntos?2017,6385, HTTP/1.1" 200 9186
186.103.159.44 - - [10/May/2017:10:23:08 -0300] "GET /cormun/servlet/trsolicitudot? HTTP/1.1" 200 8010
186.103.158.250 - - [10/May/2017:10:23:13 -0300] "POST /cormun/servlet/solicitudot?gx-no-cache=1494426111555 HTTP/1.1" 200 1373
186.103.158.250 - - [10/May/2017:10:23:13 -0300] "GET /cormun/static/Shared/jqueryui/images/ui-bg_highlight-soft_100_c6c2c8_1x100.png HTTP/1.1" 404 1117
186.103.158.250 - - [10/May/2017:10:23:13 -0300] "GET /cormun/static/Shared/jqueryui/images/ui-icons_82798d_256x240.png HTTP/1.1" 404 1089
186.103.158.250 - - [10/May/2017:10:23:13 -0300] "GET /cormun/static/Shared/jqueryui/images/ui-bg_flat_55_994d53_40x100.png HTTP/1.1" 404 1097
186.103.158.250 - - [10/May/2017:10:23:13 -0300] "GET /cormun/static/Shared/jqueryui/images/ui-icons_ebccce_256x240.png HTTP/1.1" 404 1089
186.103.158.250 - - [10/May/2017:10:24:11 -0300] "POST /cormun/servlet/solicitudot?gx-no-cache=1494426169859 HTTP/1.1" 200 1430
186.103.158.250 - - [10/May/2017:10:24:23 -0300] "POST /cormun/servlet/solicitudot?gx-no-cache=1494426182516 HTTP/1.1" 200 1296
186.103.158.250 - - [10/May/2017:10:24:25 -0300] "GET /cormun/static/menuarrow.gif HTTP/1.1" 404 1015
186.103.159.44 - - [10/May/2017:10:24:26 -0300] "POST /cormun/servlet/trsolicitudot?119d3bde187788d607b23e3e060a4690,,gx-no-cache=1494422721574 HTTP/1.1" 200 4166
186.103.159.44 - - [10/May/2017:10:24:27 -0300] "POST /cormun/servlet/trsolicitudot?119d3bde187788d607b23e3e060a4690,,gx-no-cache=1494422722588 HTTP/1.1" 200 3938
186.103.159.44 - - [10/May/2017:10:24:27 -0300] "GET /cormun/static/Shared/jqueryui/images/ui-bg_highlight-soft_100_c6c2c8_1x100.png HTTP/1.1" 404 1117
186.103.159.44 - - [10/May/2017:10:24:27 -0300] "GET /cormun/static/Shared/jqueryui/images/ui-bg_flat_55_fafafa_40x100.png HTTP/1.1" 404 1097
186.103.159.44 - - [10/May/2017:10:24:27 -0300] "GET /cormun/static/Shared/jqueryui/images/ui-icons_82798d_256x240.png HTTP/1.1" 404 1089
186.103.159.44 - - [10/May/2017:10:24:27 -0300] "GET /cormun/static/Shared/jqueryui/images/ui-icons_8d78a5_256x240.png HTTP/1.1" 404 1089
186.79.79.1 - - [10/May/2017:10:24:29 -0300] "GET /cormun/servlet/trlicenciaspermisosadjuntos?7141963,20170510000000,L, HTTP/1.1" 200 6351
186.79.79.1 - - [10/May/2017:10:24:29 -0300] "GET /cormun/static/gxcfg.js?20173171154619 HTTP/1.1" 200 953
186.79.79.1 - - [10/May/2017:10:24:29 -0300] "GET /cormun/static/trlicenciaspermisosadjuntos.js?20173171154971 HTTP/1.1" 200 21005
186.79.79.1 - - [10/May/2017:10:24:30 -0300] "GET /cormun/servlet/trlicenciaspermisosadjuntos?7141963,20170510000000,L, HTTP/1.1" 200 6351
186.103.158.250 - - [10/May/2017:10:24:35 -0300] "POST /cormun/servlet/solicitudot?gx-no-cache=1494426193631 HTTP/1.1" 200 122
186.103.158.250 - - [10/May/2017:10:24:35 -0300] "GET /cormun/servlet/solicitudot?9c6081dc3e0617bdd3ec6bc39f9a2814112fa3e1af735166d8ed6e6c5f58f30482a8385b6b88677bd3c6dfcee646f829a0dd9810e53af7417f7f56ffba341ce9c960e811536df070be8172b9f6c5f9d5c46e8496043b484de66d7d50ae1ebe443fe22ef52bc8e7eb343df516bd093010,gx-no-cache=1494426193733 HTTP/1.1" 200 29
186.103.158.250 - - [10/May/2017:10:24:35 -0300] "POST /cormun/servlet/solicitudot?gx-no-cache=1494426193795 HTTP/1.1" 200 1280
186.103.158.250 - - [10/May/2017:10:24:35 -0300] "POST /cormun/servlet/solicitudot?gx-no-cache=1494426193880 HTTP/1.1" 200 1162
186.103.158.250 - - [10/May/2017:10:24:35 -0300] "GET /cormun/servlet/solicitudot?9c6081dc3e0617bdd3ec6bc39f9a281472feced42ac138b78c48364a739b144cfb947f37201c12723baa536d5912a85c2da1a0f41fd7753489c49ad78f670c767618dbdf5270f900e4fd652088d6952ef9bfccf87c977834c9a3b5a786803b059786c60e3c80e9f39b5e6ee6d72e8ffdf19afb74e8c7fbfb5d7cd7275909074af11118de77aadebdf51a1abdcd53182bfb842d9682be203f8532e642b04a74f5a25bb6953e7fbc7f006654c88981f192ee20609120f2d8d1800c753008ad45c6,gx-no-cache=1494426193950 HTTP/1.1" 200 30
186.103.158.250 - - [10/May/2017:10:24:35 -0300] "POST /cormun/servlet/solicitudot?e3e246c889faebd71b11976e5e264546,UPD,2017,6377,,gx-no-cache=1494426194011 HTTP/1.1" 200 11124
186.103.158.250 - - [10/May/2017:10:24:41 -0300] "POST /cormun/servlet/solicitudot?gx-no-cache=1494426200180 HTTP/1.1" 200 3154
186.103.158.250 - - [10/May/2017:10:24:41 -0300] "POST /cormun/servlet/solicitudot?e3e246c889faebd71b11976e5e264546,UPD,2017,6377,,gx-no-cache=1494426200358 HTTP/1.1" 200 10919
186.103.158.250 - - [10/May/2017:10:24:42 -0300] "GET /cormun/servlet/solicitudot?9c6081dc3e0617bdd3ec6bc39f9a281422d8df1ed62a53af87abedfa2f7b3ad206492211b4fe86c78b5ad279e1b6e470,gx-no-cache=1494426200680 HTTP/1.1" 200 30
186.103.158.250 - - [10/May/2017:10:24:42 -0300] "POST /cormun/servlet/solicitudot?gx-no-cache=1494426200743 HTTP/1.1" 200 238
186.103.158.250 - - [10/May/2017:10:24:42 -0300] "GET /cormun/servlet/solicitudot?9c6081dc3e0617bdd3ec6bc39f9a2814f1e66fbeeeb394aca3e71045e61f106293defeb3bc0636ef4fbff56dddff1651119a041a8efcec260e4eb494e31d5d80d5f71d50e46b029b23b6dc3b7a9e739b7803bcab01c34847e94400a91988036387aa793e62528ca339d377b5f09d438d9fedca78bdbcbaabaa362c0d3b5cbce71f1503e3582c5876da3761496efd01f9f3c56fd6c89c6eda7aa8f7350a9b8110a691a5cdd54c22936a3083d590cb1310a923318328442b1f26c3ed5c5ea1c16a2154f15eb803aa5335bfb567c3d97188fb039e943096eecd39f2a0420f7a473ab6722c72017988904ed61c9663e9c3a7bbaf0b9a7dff39ec9f231ef26ca1bf21f9bfccf87c977834c9a3b5a786803b05355e8785b774dfab55d120484352b4ecb37acfb460c69a4ac3d0f5906544d1db9fe5736b6c18ac7f208e045fc684034a3aa8272a765b92fb4998e86d63e08130ea48cb2c266827cb5f987e6767ba9a3bb6b8ef7b34e280eeb31ca8d10ef663d1f3001c79e75203df57186b71d1785740,gx-no-cache=1494426200789 HTTP/1.1" 200 30
186.103.158.250 - - [10/May/2017:10:24:42 -0300] "POST /cormun/servlet/solicitudot?gx-no-cache=1494426201145 HTTP/1.1" 200 30
186.103.158.250 - - [10/May/2017:10:24:42 -0300] "POST /cormun/servlet/solicitudot?gx-no-cache=1494426201191 HTTP/1.1" 200 1296
186.79.79.1 - - [10/May/2017:10:24:43 -0300] "GET /cormun/servlet/licenciaspermisosadjuntos?INS,7141963,L,20170510000000,, HTTP/1.1" 200 5647
186.79.79.1 - - [10/May/2017:10:24:44 -0300] "GET /cormun/static/gxcfg.js?201731711421170 HTTP/1.1" 200 953
186.79.79.1 - - [10/May/2017:10:24:44 -0300] "GET /cormun/static/licenciaspermisosadjuntos.js?201731711421181 HTTP/1.1" 200 8757
186.79.79.1 - - [10/May/2017:10:24:44 -0300] "GET /cormun/static/about:blank HTTP/1.1" 404 1011
186.79.79.1 - - [10/May/2017:10:24:44 -0300] "GET /cormun/servlet/licenciaspermisosadjuntos?INS,7141963,L,20170510000000,, HTTP/1.1" 200 5636
186.103.158.250 - - [10/May/2017:10:25:08 -0300] "POST /cormun/servlet/solicitudot?gx-no-cache=1494426226898 HTTP/1.1" 200 122
186.103.158.250 - - [10/May/2017:10:25:08 -0300] "POST /cormun/servlet/solicitudot?gx-no-cache=1494426226995 HTTP/1.1" 200 1280
186.103.158.250 - - [10/May/2017:10:25:08 -0300] "POST /cormun/servlet/solicitudot?gx-no-cache=1494426227083 HTTP/1.1" 200 1162
186.103.158.250 - - [10/May/2017:10:25:08 -0300] "GET /cormun/servlet/solicitudot?9c6081dc3e0617bdd3ec6bc39f9a281472feced42ac138b78c48364a739b144cfb947f37201c12723baa536d5912a85c2da1a0f41fd7753489c49ad78f670c767618dbdf5270f900e4fd652088d6952ef9bfccf87c977834c9a3b5a786803b059786c60e3c80e9f39b5e6ee6d72e8ffdf19afb74e8c7fbfb5d7cd7275909074af11118de77aadebdf51a1abdcd53182bfb842d9682be203f8532e642b04a74f5a25bb6953e7fbc7f006654c88981f192ee20609120f2d8d1800c753008ad45c6,gx-no-cache=1494426227148 HTTP/1.1" 200 30
186.103.158.250 - - [10/May/2017:10:25:08 -0300] "POST /cormun/servlet/solicitudot?e3e246c889faebd71b11976e5e264546,UPD,2017,6377,,gx-no-cache=1494426227198 HTTP/1.1" 200 11219
186.103.158.250 - - [10/May/2017:10:25:15 -0300] "POST /cormun/servlet/solicitudot?gx-no-cache=1494426233758 HTTP/1.1" 200 3154
186.103.158.250 - - [10/May/2017:10:25:15 -0300] "POST /cormun/servlet/solicitudot?e3e246c889faebd71b11976e5e264546,UPD,2017,6377,,gx-no-cache=1494426234300 HTTP/1.1" 200 11013
186.103.158.250 - - [10/May/2017:10:25:15 -0300] "GET /cormun/servlet/solicitudot?9c6081dc3e0617bdd3ec6bc39f9a281422d8df1ed62a53af87abedfa2f7b3ad206492211b4fe86c78b5ad279e1b6e470,gx-no-cache=1494426234667 HTTP/1.1" 200 30
186.103.158.250 - - [10/May/2017:10:25:16 -0300] "POST /cormun/servlet/solicitudot?gx-no-cache=1494426234723 HTTP/1.1" 200 238
186.103.158.250 - - [10/May/2017:10:25:16 -0300] "GET /cormun/servlet/solicitudot?9c6081dc3e0617bdd3ec6bc39f9a2814f1e66fbeeeb394aca3e71045e61f106293defeb3bc0636ef4fbff56dddff1651119a041a8efcec260e4eb494e31d5d80d5f71d50e46b029b23b6dc3b7a9e739b7803bcab01c34847e94400a91988036387aa793e62528ca339d377b5f09d438d9fedca78bdbcbaabaa362c0d3b5cbce71f1503e3582c5876da3761496efd01f9f3c56fd6c89c6eda7aa8f7350a9b8110a691a5cdd54c22936a3083d590cb1310a923318328442b1f26c3ed5c5ea1c16a2154f15eb803aa5335bfb567c3d97188fb039e943096eecd39f2a0420f7a473ab6722c72017988904ed61c9663e9c3a7bbaf0b9a7dff39ec9f231ef26ca1bf21f9bfccf87c977834c9a3b5a786803b05355e8785b774dfab55d120484352b4ecb37acfb460c69a4ac3d0f5906544d1db9fe5736b6c18ac7f208e045fc684034a3aa8272a765b92fb4998e86d63e08130ea48cb2c266827cb5f987e6767ba9a3bb6b8ef7b34e280eeb31ca8d10ef663d1f3001c79e75203df57186b71d1785740,gx-no-cache=1494426234764 HTTP/1.1" 200 30
186.103.158.250 - - [10/May/2017:10:25:16 -0300] "POST /cormun/servlet/solicitudot?gx-no-cache=1494426235124 HTTP/1.1" 200 30
186.103.158.250 - - [10/May/2017:10:25:16 -0300] "POST /cormun/servlet/solicitudot?gx-no-cache=1494426235191 HTTP/1.1" 200 1296
186.103.158.250 - - [10/May/2017:10:25:25 -0300] "POST /cormun/servlet/solicitudot?gx-no-cache=1494426243608 HTTP/1.1" 200 3154
186.103.158.250 - - [10/May/2017:10:25:25 -0300] "POST /cormun/servlet/solicitudot?e3e246c889faebd71b11976e5e264546,UPD,2017,6377,,gx-no-cache=1494426243825 HTTP/1.1" 200 11059
186.103.158.250 - - [10/May/2017:10:25:25 -0300] "GET /cormun/servlet/solicitudot?9c6081dc3e0617bdd3ec6bc39f9a281422d8df1ed62a53af87abedfa2f7b3ad206492211b4fe86c78b5ad279e1b6e470,gx-no-cache=1494426244221 HTTP/1.1" 200 30
186.103.158.250 - - [10/May/2017:10:25:25 -0300] "POST /cormun/servlet/solicitudot?gx-no-cache=1494426244265 HTTP/1.1" 200 238
186.103.158.250 - - [10/May/2017:10:25:25 -0300] "GET /cormun/servlet/solicitudot?9c6081dc3e0617bdd3ec6bc39f9a2814f1e66fbeeeb394aca3e71045e61f106293defeb3bc0636ef4fbff56dddff1651119a041a8efcec260e4eb494e31d5d80d5f71d50e46b029b23b6dc3b7a9e739b7803bcab01c34847e94400a91988036387aa793e62528ca339d377b5f09d438d9fedca78bdbcbaabaa362c0d3b5cbce71f1503e3582c5876da3761496efd01f9f3c56fd6c89c6eda7aa8f7350a9b8110a691a5cdd54c22936a3083d590cb1310a923318328442b1f26c3ed5c5ea1c16a2154f15eb803aa5335bfb567c3d97188fb039e943096eecd39f2a0420f7a473ab6722c72017988904ed61c9663e9c3a7bbaf0b9a7dff39ec9f231ef26ca1bf21f9bfccf87c977834c9a3b5a786803b05355e8785b774dfab55d120484352b4ecb37acfb460c69a4ac3d0f5906544d1db9fe5736b6c18ac7f208e045fc684034a3aa8272a765b92fb4998e86d63e08130ea48cb2c266827cb5f987e6767ba9a3bb6b8ef7b34e280eeb31ca8d10ef663d1f3001c79e75203df57186b71d1785740,gx-no-cache=1494426244310 HTTP/1.1" 200 30
186.103.158.250 - - [10/May/2017:10:25:25 -0300] "POST /cormun/servlet/solicitudot?gx-no-cache=1494426244648 HTTP/1.1" 200 30
186.103.158.250 - - [10/May/2017:10:25:26 -0300] "POST /cormun/servlet/solicitudot?gx-no-cache=1494426244693 HTTP/1.1" 200 1296
186.103.158.250 - - [10/May/2017:10:25:26 -0300] "POST /cormun/servlet/solicitudot?gx-no-cache=1494426244797 HTTP/1.1" 200 122
186.103.158.250 - - [10/May/2017:10:25:26 -0300] "POST /cormun/servlet/solicitudot?gx-no-cache=1494426244857 HTTP/1.1" 200 1280
186.103.158.250 - - [10/May/2017:10:25:26 -0300] "POST /cormun/servlet/solicitudot?gx-no-cache=1494426244920 HTTP/1.1" 200 1162
186.103.158.250 - - [10/May/2017:10:25:26 -0300] "GET /cormun/servlet/solicitudot?9c6081dc3e0617bdd3ec6bc39f9a281472feced42ac138b78c48364a739b144cfb947f37201c12723baa536d5912a85c2da1a0f41fd7753489c49ad78f670c767618dbdf5270f900e4fd652088d6952ef9bfccf87c977834c9a3b5a786803b059786c60e3c80e9f39b5e6ee6d72e8ffdf19afb74e8c7fbfb5d7cd7275909074af11118de77aadebdf51a1abdcd53182bfb842d9682be203f8532e642b04a74f5a25bb6953e7fbc7f006654c88981f192ee20609120f2d8d1800c753008ad45c6,gx-no-cache=1494426244979 HTTP/1.1" 200 30
186.103.158.250 - - [10/May/2017:10:25:26 -0300] "POST /cormun/servlet/solicitudot?e3e246c889faebd71b11976e5e264546,UPD,2017,6377,,gx-no-cache=1494426245016 HTTP/1.1" 200 11382
186.79.79.1 - - [10/May/2017:10:25:38 -0300] "POST /cormun/servlet/licenciaspermisosadjuntos?37a336846bc7b222ec82fa1b08e4b148,INS,7141963,L,20170510000000,, HTTP/1.1" 200 116
186.79.79.1 - - [10/May/2017:10:25:38 -0300] "GET /cormun/servlet/hpexe_return? HTTP/1.1" 200 1029
186.79.79.1 - - [10/May/2017:10:25:38 -0300] "GET /cormun/servlet/trlicenciaspermisosadjuntos?7141963,20170510000000,L, HTTP/1.1" 200 6827
186.103.158.250 - - [10/May/2017:10:25:39 -0300] "POST /cormun/servlet/solicitudot?gx-no-cache=1494426257776 HTTP/1.1" 200 3154
186.79.79.1 - - [10/May/2017:10:25:39 -0300] "GET /cormun/servlet/trlicenciaspermisosadjuntos?7141963,20170510000000,L, HTTP/1.1" 200 6825
186.103.158.250 - - [10/May/2017:10:25:39 -0300] "POST /cormun/servlet/solicitudot?e3e246c889faebd71b11976e5e264546,UPD,2017,6377,,gx-no-cache=1494426257906 HTTP/1.1" 200 11193
186.103.158.250 - - [10/May/2017:10:25:39 -0300] "GET /cormun/servlet/solicitudot?9c6081dc3e0617bdd3ec6bc39f9a281422d8df1ed62a53af87abedfa2f7b3ad206492211b4fe86c78b5ad279e1b6e470,gx-no-cache=1494426258412 HTTP/1.1" 200 30
186.103.158.250 - - [10/May/2017:10:25:39 -0300] "POST /cormun/servlet/solicitudot?gx-no-cache=1494426258489 HTTP/1.1" 200 238
186.103.158.250 - - [10/May/2017:10:25:40 -0300] "GET /cormun/servlet/solicitudot?9c6081dc3e0617bdd3ec6bc39f9a2814f1e66fbeeeb394aca3e71045e61f106293defeb3bc0636ef4fbff56dddff1651119a041a8efcec260e4eb494e31d5d80d5f71d50e46b029b23b6dc3b7a9e739b7803bcab01c34847e94400a91988036387aa793e62528ca339d377b5f09d438d9fedca78bdbcbaabaa362c0d3b5cbce71f1503e3582c5876da3761496efd01f9f3c56fd6c89c6eda7aa8f7350a9b8110a691a5cdd54c22936a3083d590cb1310a923318328442b1f26c3ed5c5ea1c16a2154f15eb803aa5335bfb567c3d97188fb039e943096eecd39f2a0420f7a473ab6722c72017988904ed61c9663e9c3a7bbaf0b9a7dff39ec9f231ef26ca1bf21f9bfccf87c977834c9a3b5a786803b05355e8785b774dfab55d120484352b4ecb37acfb460c69a4ac3d0f5906544d1db9fe5736b6c18ac7f208e045fc684034a3aa8272a765b92fb4998e86d63e08130ea48cb2c266827cb5f987e6767ba9a3bb6b8ef7b34e280eeb31ca8d10ef663d1f3001c79e75203df57186b71d1785740,gx-no-cache=1494426258550 HTTP/1.1" 200 30
186.103.158.250 - - [10/May/2017:10:25:40 -0300] "POST /cormun/servlet/solicitudot?gx-no-cache=1494426258920 HTTP/1.1" 200 30
186.103.158.250 - - [10/May/2017:10:25:40 -0300] "POST /cormun/servlet/solicitudot?gx-no-cache=1494426259008 HTTP/1.1" 200 1296
186.103.158.250 - - [10/May/2017:10:25:40 -0300] "POST /cormun/servlet/solicitudot?gx-no-cache=1494426259140 HTTP/1.1" 200 122
186.103.158.250 - - [10/May/2017:10:25:40 -0300] "POST /cormun/servlet/solicitudot?gx-no-cache=1494426259204 HTTP/1.1" 200 1280
186.103.158.250 - - [10/May/2017:10:25:40 -0300] "POST /cormun/servlet/solicitudot?gx-no-cache=1494426259277 HTTP/1.1" 200 1162
186.103.158.250 - - [10/May/2017:10:25:40 -0300] "GET /cormun/servlet/solicitudot?9c6081dc3e0617bdd3ec6bc39f9a281472feced42ac138b78c48364a739b144cfb947f37201c12723baa536d5912a85c2da1a0f41fd7753489c49ad78f670c767618dbdf5270f900e4fd652088d6952ef9bfccf87c977834c9a3b5a786803b059786c60e3c80e9f39b5e6ee6d72e8ffdf19afb74e8c7fbfb5d7cd7275909074af11118de77aadebdf51a1abdcd53182bfb842d9682be203f8532e642b04a74f5a25bb6953e7fbc7f006654c88981f192ee20609120f2d8d1800c753008ad45c6,gx-no-cache=1494426259350 HTTP/1.1" 200 30
186.103.158.250 - - [10/May/2017:10:25:40 -0300] "POST /cormun/servlet/solicitudot?e3e246c889faebd71b11976e5e264546,UPD,2017,6377,,gx-no-cache=1494426259389 HTTP/1.1" 200 11509
186.79.79.1 - - [10/May/2017:10:25:57 -0300] "GET /cormun/servlet/trlicencias? HTTP/1.1" 200 8032
186.79.79.1 - - [10/May/2017:10:25:57 -0300] "GET /cormun/servlet/trlicencias? HTTP/1.1" 200 8031
186.79.79.1 - - [10/May/2017:10:26:08 -0300] "POST /cormun/servlet/trlicencias?37a336846bc7b222ec82fa1b08e4b148,,gx-no-cache=1494422827947 HTTP/1.1" 200 4242
186.79.79.1 - - [10/May/2017:10:26:08 -0300] "GET /cormun/static/Shared/jqueryui/images/ui-bg_highlight-soft_100_c6c2c8_1x100.png HTTP/1.1" 404 1117
186.79.79.1 - - [10/May/2017:10:26:08 -0300] "GET /cormun/static/Shared/jqueryui/images/ui-icons_82798d_256x240.png HTTP/1.1" 404 1089
186.79.79.1 - - [10/May/2017:10:26:08 -0300] "GET /cormun/static/Shared/jqueryui/images/ui-bg_flat_55_fafafa_40x100.png HTTP/1.1" 404 1097
186.79.79.1 - - [10/May/2017:10:26:08 -0300] "GET /cormun/static/Shared/jqueryui/images/ui-icons_8d78a5_256x240.png HTTP/1.1" 404 1089
186.103.158.250 - - [10/May/2017:10:26:28 -0300] "POST /cormun/servlet/solicitudot?gx-no-cache=1494426307367 HTTP/1.1" 200 3154
186.103.158.250 - - [10/May/2017:10:26:29 -0300] "POST /cormun/servlet/solicitudot?e3e246c889faebd71b11976e5e264546,UPD,2017,6377,,gx-no-cache=1494426307578 HTTP/1.1" 200 11294
186.103.158.250 - - [10/May/2017:10:26:29 -0300] "GET /cormun/servlet/solicitudot?9c6081dc3e0617bdd3ec6bc39f9a281422d8df1ed62a53af87abedfa2f7b3ad206492211b4fe86c78b5ad279e1b6e470,gx-no-cache=1494426307917 HTTP/1.1" 200 30
186.103.158.250 - - [10/May/2017:10:26:29 -0300] "POST /cormun/servlet/solicitudot?gx-no-cache=1494426307969 HTTP/1.1" 200 238
186.103.158.250 - - [10/May/2017:10:26:29 -0300] "GET /cormun/servlet/solicitudot?9c6081dc3e0617bdd3ec6bc39f9a2814f1e66fbeeeb394aca3e71045e61f106293defeb3bc0636ef4fbff56dddff1651119a041a8efcec260e4eb494e31d5d80d5f71d50e46b029b23b6dc3b7a9e739b7803bcab01c34847e94400a91988036387aa793e62528ca339d377b5f09d438d9fedca78bdbcbaabaa362c0d3b5cbce71f1503e3582c5876da3761496efd01f9f3c56fd6c89c6eda7aa8f7350a9b8110a691a5cdd54c22936a3083d590cb1310a923318328442b1f26c3ed5c5ea1c16a2154f15eb803aa5335bfb567c3d97188fb039e943096eecd39f2a0420f7a473ab6722c72017988904ed61c9663e9c3a7bbaf0b9a7dff39ec9f231ef26ca1bf21f9bfccf87c977834c9a3b5a786803b05355e8785b774dfab55d120484352b4ecb37acfb460c69a4ac3d0f5906544d1db9fe5736b6c18ac7f208e045fc684034a3aa8272a765b92fb4998e86d63e08130ea48cb2c266827cb5f987e6767ba9a3bb6b8ef7b34e280eeb31ca8d10ef663d1f3001c79e75203df57186b71d1785740,gx-no-cache=1494426308015 HTTP/1.1" 200 30
186.103.158.250 - - [10/May/2017:10:26:29 -0300] "POST /cormun/servlet/solicitudot?gx-no-cache=1494426308052 HTTP/1.1" 200 30
186.103.158.250 - - [10/May/2017:10:26:29 -0300] "POST /cormun/servlet/solicitudot?gx-no-cache=1494426308104 HTTP/1.1" 200 1296
186.103.158.250 - - [10/May/2017:10:26:31 -0300] "POST /cormun/servlet/solicitudot?gx-no-cache=1494426310522 HTTP/1.1" 200 3154
186.103.158.250 - - [10/May/2017:10:26:32 -0300] "POST /cormun/servlet/solicitudot?e3e246c889faebd71b11976e5e264546,UPD,2017,6377,,gx-no-cache=1494426310694 HTTP/1.1" 200 11331
186.103.158.250 - - [10/May/2017:10:26:32 -0300] "GET /cormun/servlet/solicitudot?9c6081dc3e0617bdd3ec6bc39f9a281422d8df1ed62a53af87abedfa2f7b3ad206492211b4fe86c78b5ad279e1b6e470,gx-no-cache=1494426311080 HTTP/1.1" 200 30
186.103.158.250 - - [10/May/2017:10:26:32 -0300] "POST /cormun/servlet/solicitudot?gx-no-cache=1494426311152 HTTP/1.1" 200 238
186.103.158.250 - - [10/May/2017:10:26:32 -0300] "GET /cormun/servlet/solicitudot?9c6081dc3e0617bdd3ec6bc39f9a2814f1e66fbeeeb394aca3e71045e61f106293defeb3bc0636ef4fbff56dddff1651119a041a8efcec260e4eb494e31d5d80d5f71d50e46b029b23b6dc3b7a9e739b7803bcab01c34847e94400a91988036387aa793e62528ca339d377b5f09d438d9fedca78bdbcbaabaa362c0d3b5cbce71f1503e3582c5876da3761496efd01f9f3c56fd6c89c6eda7aa8f7350a9b8110a691a5cdd54c22936a3083d590cb1310a923318328442b1f26c3ed5c5ea1c16a2154f15eb803aa5335bfb567c3d97188fb039e943096eecd39f2a0420f7a473ab6722c72017988904ed61c9663e9c3a7bbaf0b9a7dff39ec9f231ef26ca1bf21f9bfccf87c977834c9a3b5a786803b05355e8785b774dfab55d120484352b4ecb37acfb460c69a4ac3d0f5906544d1db9fe5736b6c18ac7f208e045fc684034a3aa8272a765b92fb4998e86d63e08130ea48cb2c266827cb5f987e6767ba9a3bb6b8ef7b34e280eeb31ca8d10ef663d1f3001c79e75203df57186b71d1785740,gx-no-cache=1494426311195 HTTP/1.1" 200 30
186.103.158.250 - - [10/May/2017:10:26:32 -0300] "POST /cormun/servlet/solicitudot?gx-no-cache=1494426311231 HTTP/1.1" 200 30
186.103.158.250 - - [10/May/2017:10:26:32 -0300] "POST /cormun/servlet/solicitudot?gx-no-cache=1494426311283 HTTP/1.1" 200 1296
186.103.158.250 - - [10/May/2017:10:26:35 -0300] "POST /cormun/servlet/solicitudot?gx-no-cache=1494426314595 HTTP/1.1" 200 122
186.103.158.250 - - [10/May/2017:10:26:36 -0300] "POST /cormun/servlet/solicitudot?gx-no-cache=1494426314660 HTTP/1.1" 200 1280
186.103.158.250 - - [10/May/2017:10:26:36 -0300] "POST /cormun/servlet/solicitudot?gx-no-cache=1494426314737 HTTP/1.1" 200 1162
186.103.158.250 - - [10/May/2017:10:26:36 -0300] "GET /cormun/servlet/solicitudot?9c6081dc3e0617bdd3ec6bc39f9a281472feced42ac138b78c48364a739b144cfb947f37201c12723baa536d5912a85c2da1a0f41fd7753489c49ad78f670c767618dbdf5270f900e4fd652088d6952ef9bfccf87c977834c9a3b5a786803b059786c60e3c80e9f39b5e6ee6d72e8ffdf19afb74e8c7fbfb5d7cd7275909074af11118de77aadebdf51a1abdcd53182bfb842d9682be203f8532e642b04a74f5a25bb6953e7fbc7f006654c88981f192ee20609120f2d8d1800c753008ad45c6,gx-no-cache=1494426314816 HTTP/1.1" 200 30
186.103.158.250 - - [10/May/2017:10:26:36 -0300] "POST /cormun/servlet/solicitudot?e3e246c889faebd71b11976e5e264546,UPD,2017,6377,,gx-no-cache=1494426314879 HTTP/1.1" 200 11649
186.79.79.1 - - [10/May/2017:10:26:48 -0300] "GET /cormun/servlet/trpermisosgoce? HTTP/1.1" 200 7604
186.79.79.1 - - [10/May/2017:10:26:49 -0300] "GET /cormun/servlet/trpermisosgoce? HTTP/1.1" 200 7604
186.79.79.1 - - [10/May/2017:10:26:56 -0300] "GET /cormun/servlet/hlogin HTTP/1.1" 200 1729
192.168.10.89 - - [10/May/2017:10:26:59 -0300] "GET /cormunbeta/servlet/hlogin HTTP/1.1" 200 1721
192.168.10.89 - - [10/May/2017:10:26:59 -0300] "GET /cormunbeta/static/gxtimezone.js?85251 HTTP/1.1" 304 -
192.168.10.89 - - [10/May/2017:10:26:59 -0300] "GET /cormunbeta/static/gxcfg.js?201741110203197 HTTP/1.1" 304 -
192.168.10.89 - - [10/May/2017:10:26:59 -0300] "GET /cormunbeta/servlet/hlogin HTTP/1.1" 200 1729
192.168.10.89 - - [10/May/2017:10:27:13 -0300] "POST /cormunbeta/servlet/hlogin?f494f461391866ad3bdf4ea330266bc8,gx-no-cache=1494426097864 HTTP/1.1" 200 90
192.168.10.89 - - [10/May/2017:10:27:13 -0300] "GET /cormunbeta/servlet/hpexe_link HTTP/1.1" 200 953
192.168.10.89 - - [10/May/2017:10:27:13 -0300] "GET /cormunbeta/static/gxcfg.js?201731711483381 HTTP/1.1" 304 -
192.168.10.89 - - [10/May/2017:10:27:13 -0300] "GET /cormunbeta/servlet/hhome HTTP/1.1" 200 4435
192.168.10.89 - - [10/May/2017:10:27:13 -0300] "GET /cormunbeta/static/gxcfg.js?201731711483497 HTTP/1.1" 304 -
192.168.10.89 - - [10/May/2017:10:27:36 -0300] "GET /cormunbeta/servlet/trsolicitudgral? HTTP/1.1" 200 9096
192.168.10.89 - - [10/May/2017:10:27:36 -0300] "GET /cormunbeta/static/gxcfg.js?201742615501069 HTTP/1.1" 304 -
192.168.10.89 - - [10/May/2017:10:27:40 -0300] "GET /cormunbeta/servlet/hhome HTTP/1.1" 200 4435
186.79.79.1 - - [10/May/2017:10:27:41 -0300] "GET /cormun/servlet/hlogin HTTP/1.1" 200 1710
192.168.10.89 - - [10/May/2017:10:27:44 -0300] "GET /cormun/servlet/hhome HTTP/1.1" 200 3332
192.168.10.89 - - [10/May/2017:10:27:45 -0300] "GET /cormun/servlet/hhome HTTP/1.1" 200 3341
192.168.10.89 - - [10/May/2017:10:27:45 -0300] "GET /cormun/servlet/hlogin HTTP/1.1" 200 1732
186.103.158.250 - - [10/May/2017:10:27:47 -0300] "POST /cormun/servlet/solicitudot?gx-no-cache=1494426386419 HTTP/1.1" 200 3154
186.103.158.250 - - [10/May/2017:10:27:48 -0300] "POST /cormun/servlet/solicitudot?e3e246c889faebd71b11976e5e264546,UPD,2017,6377,,gx-no-cache=1494426386709 HTTP/1.1" 200 11432
186.103.158.250 - - [10/May/2017:10:27:48 -0300] "GET /cormun/servlet/solicitudot?9c6081dc3e0617bdd3ec6bc39f9a281422d8df1ed62a53af87abedfa2f7b3ad206492211b4fe86c78b5ad279e1b6e470,gx-no-cache=1494426387063 HTTP/1.1" 200 30
186.103.158.250 - - [10/May/2017:10:27:48 -0300] "POST /cormun/servlet/solicitudot?gx-no-cache=1494426387110 HTTP/1.1" 200 238
186.103.158.250 - - [10/May/2017:10:27:48 -0300] "GET /cormun/servlet/solicitudot?9c6081dc3e0617bdd3ec6bc39f9a2814f1e66fbeeeb394aca3e71045e61f106293defeb3bc0636ef4fbff56dddff1651119a041a8efcec260e4eb494e31d5d80d5f71d50e46b029b23b6dc3b7a9e739b7803bcab01c34847e94400a91988036387aa793e62528ca339d377b5f09d438d9fedca78bdbcbaabaa362c0d3b5cbce71f1503e3582c5876da3761496efd01f9f3c56fd6c89c6eda7aa8f7350a9b8110a691a5cdd54c22936a3083d590cb1310a923318328442b1f26c3ed5c5ea1c16a2154f15eb803aa5335bfb567c3d97188fb039e943096eecd39f2a0420f7a473ab6722c72017988904ed61c9663e9c3a7bbaf0b9a7dff39ec9f231ef26ca1bf21f9bfccf87c977834c9a3b5a786803b05355e8785b774dfab55d120484352b4ecb37acfb460c69a4ac3d0f5906544d1db9fe5736b6c18ac7f208e045fc684034a3aa8272a765b92fb4998e86d63e08130ea48cb2c266827cb5f987e6767ba9a3bb6b8ef7b34e280eeb31ca8d10ef663d1f3001c79e75203df57186b71d1785740,gx-no-cache=1494426387152 HTTP/1.1" 200 30
186.103.158.250 - - [10/May/2017:10:27:48 -0300] "POST /cormun/servlet/solicitudot?gx-no-cache=1494426387509 HTTP/1.1" 200 30
186.103.158.250 - - [10/May/2017:10:27:49 -0300] "POST /cormun/servlet/solicitudot?gx-no-cache=1494426387575 HTTP/1.1" 200 1296
186.79.79.1 - - [10/May/2017:10:27:49 -0300] "POST /cormun/servlet/hlogin?37a336846bc7b222ec82fa1b08e4b148,gx-no-cache=1494422929921 HTTP/1.1" 200 90
186.79.79.1 - - [10/May/2017:10:27:50 -0300] "GET /cormun/servlet/hpexe_link HTTP/1.1" 200 947
186.79.79.1 - - [10/May/2017:10:27:50 -0300] "GET /cormun/servlet/trpermisosgoce HTTP/1.1" 200 7605
186.103.158.250 - - [10/May/2017:10:27:50 -0300] "GET /cormun/servlet/prlicenciaspermisos?16492695,L,,MD,,gxPopupLevel%3D0%3B HTTP/1.1" 200 5595
186.103.158.250 - - [10/May/2017:10:27:50 -0300] "GET /cormun/static/gxcfg.js?201741111445743 HTTP/1.1" 200 953
186.103.158.250 - - [10/May/2017:10:27:50 -0300] "GET /cormun/static/prlicenciaspermisos.js?201741111445890 HTTP/1.1" 200 13360
186.79.79.1 - - [10/May/2017:10:27:51 -0300] "GET /cormun/servlet/trpermisosgoce HTTP/1.1" 200 7604
192.168.10.89 - - [10/May/2017:10:27:55 -0300] "POST /cormun/servlet/hlogin?df8ac7bb7f637718481265c6223b282a,gx-no-cache=1494426140080 HTTP/1.1" 200 90
192.168.10.89 - - [10/May/2017:10:27:55 -0300] "GET /cormun/servlet/hpexe_link HTTP/1.1" 200 952
192.168.10.89 - - [10/May/2017:10:27:56 -0300] "GET /cormun/servlet/hhome HTTP/1.1" 200 4457
186.103.158.250 - - [10/May/2017:10:27:58 -0300] "POST /cormun/servlet/solicitudot?gx-no-cache=1494426397471 HTTP/1.1" 200 3154
186.103.158.250 - - [10/May/2017:10:27:59 -0300] "POST /cormun/servlet/solicitudot?e3e246c889faebd71b11976e5e264546,UPD,2017,6377,,gx-no-cache=1494426397662 HTTP/1.1" 200 11465
186.103.158.250 - - [10/May/2017:10:27:59 -0300] "GET /cormun/servlet/solicitudot?9c6081dc3e0617bdd3ec6bc39f9a281422d8df1ed62a53af87abedfa2f7b3ad206492211b4fe86c78b5ad279e1b6e470,gx-no-cache=1494426398031 HTTP/1.1" 200 30
186.103.158.250 - - [10/May/2017:10:27:59 -0300] "POST /cormun/servlet/solicitudot?gx-no-cache=1494426398096 HTTP/1.1" 200 238
186.103.158.250 - - [10/May/2017:10:27:59 -0300] "GET /cormun/servlet/solicitudot?9c6081dc3e0617bdd3ec6bc39f9a2814f1e66fbeeeb394aca3e71045e61f106293defeb3bc0636ef4fbff56dddff1651119a041a8efcec260e4eb494e31d5d80d5f71d50e46b029b23b6dc3b7a9e739b7803bcab01c34847e94400a91988036387aa793e62528ca339d377b5f09d438d9fedca78bdbcbaabaa362c0d3b5cbce71f1503e3582c5876da3761496efd01f9f3c56fd6c89c6eda7aa8f7350a9b8110a691a5cdd54c22936a3083d590cb1310a923318328442b1f26c3ed5c5ea1c16a2154f15eb803aa5335bfb567c3d97188fb039e943096eecd39f2a0420f7a473ab6722c72017988904ed61c9663e9c3a7bbaf0b9a7dff39ec9f231ef26ca1bf21f9bfccf87c977834c9a3b5a786803b05355e8785b774dfab55d120484352b4ecb37acfb460c69a4ac3d0f5906544d1db9fe5736b6c18ac7f208e045fc684034a3aa8272a765b92fb4998e86d63e08130ea48cb2c266827cb5f987e6767ba9a3bb6b8ef7b34e280eeb31ca8d10ef663d1f3001c79e75203df57186b71d1785740,gx-no-cache=1494426398137 HTTP/1.1" 200 30
186.103.158.250 - - [10/May/2017:10:27:59 -0300] "POST /cormun/servlet/solicitudot?gx-no-cache=1494426398465 HTTP/1.1" 200 30
186.103.158.250 - - [10/May/2017:10:27:59 -0300] "POST /cormun/servlet/solicitudot?gx-no-cache=1494426398537 HTTP/1.1" 200 1296
186.79.79.1 - - [10/May/2017:10:27:59 -0300] "GET /cormun/servlet/apermisogoceprn?9237965,P,20170412093740,PU HTTP/1.1" 200 1650
192.168.10.89 - - [10/May/2017:10:28:00 -0300] "GET /cormun/servlet/trsolicitudgral? HTTP/1.1" 200 25481
186.103.158.250 - - [10/May/2017:10:28:05 -0300] "POST /cormun/servlet/solicitudot?gx-no-cache=1494426404229 HTTP/1.1" 200 41
186.103.158.250 - - [10/May/2017:10:28:05 -0300] "POST /cormun/servlet/solicitudot?gx-no-cache=1494426404278 HTTP/1.1" 200 1280
186.103.158.250 - - [10/May/2017:10:28:05 -0300] "POST /cormun/servlet/solicitudot?gx-no-cache=1494426404332 HTTP/1.1" 200 1162
186.103.158.250 - - [10/May/2017:10:28:05 -0300] "GET /cormun/servlet/solicitudot?9c6081dc3e0617bdd3ec6bc39f9a281472feced42ac138b78c48364a739b144cfb947f37201c12723baa536d5912a85cfa0544ca994658d4e94b2675587fa6a87618dbdf5270f900e4fd652088d6952ef9bfccf87c977834c9a3b5a786803b059786c60e3c80e9f39b5e6ee6d72e8ffdf19afb74e8c7fbfb5d7cd7275909074af11118de77aadebdf51a1abdcd53182bfb842d9682be203f8532e642b04a74f5a25bb6953e7fbc7f006654c88981f192ee20609120f2d8d1800c753008ad45c6,gx-no-cache=1494426404396 HTTP/1.1" 200 30
186.103.158.250 - - [10/May/2017:10:28:06 -0300] "POST /cormun/servlet/solicitudot?e3e246c889faebd71b11976e5e264546,UPD,2017,6377,,gx-no-cache=1494426404434 HTTP/1.1" 200 93
186.103.158.250 - - [10/May/2017:10:28:06 -0300] "GET /cormun/servlet/hpexe_return? HTTP/1.1" 200 1015
186.103.158.250 - - [10/May/2017:10:28:06 -0300] "GET /cormun/static/Resources/Spanish/PXTools.css?167811 HTTP/1.1" 304 -
186.103.158.250 - - [10/May/2017:10:28:06 -0300] "GET /cormun/static/hpexe_return.js?2016101716175153 HTTP/1.1" 304 -
192.168.10.89 - - [10/May/2017:10:28:06 -0300] "GET /cormun/static/menuarrow.gif HTTP/1.1" 404 1015
186.103.158.250 - - [10/May/2017:10:28:06 -0300] "GET /cormun/servlet/trsolicitudot HTTP/1.1" 200 8509
186.103.158.250 - - [10/May/2017:10:28:07 -0300] "GET /cormun/servlet/trsolicitudot HTTP/1.1" 200 8505
186.79.79.1 - - [10/May/2017:10:28:09 -0300] "GET /cormun/servlet/trlicencias? HTTP/1.1" 200 6866
186.79.79.1 - - [10/May/2017:10:28:10 -0300] "GET /cormun/servlet/trlicencias? HTTP/1.1" 200 6865
192.168.10.89 - - [10/May/2017:10:28:14 -0300] "POST /cormun/servlet/trsolicitudgral?df8ac7bb7f637718481265c6223b282a,,gx-no-cache=1494426158403 HTTP/1.1" 200 8470
186.79.79.1 - - [10/May/2017:10:28:18 -0300] "POST /cormun/servlet/trlicencias?37a336846bc7b222ec82fa1b08e4b148,,gx-no-cache=1494422958695 HTTP/1.1" 200 4080
186.103.158.250 - - [10/May/2017:10:28:19 -0300] "POST /cormun/servlet/trsolicitudot?e3e246c889faebd71b11976e5e264546,gx-no-cache=1494426417926 HTTP/1.1" 200 5902
186.103.158.250 - - [10/May/2017:10:28:19 -0300] "GET /cormun/static/Shared/jqueryui/images/ui-bg_highlight-soft_100_c6c2c8_1x100.png HTTP/1.1" 404 1117
186.103.158.250 - - [10/May/2017:10:28:19 -0300] "GET /cormun/static/Shared/jqueryui/images/ui-icons_82798d_256x240.png HTTP/1.1" 404 1089
186.103.158.250 - - [10/May/2017:10:28:19 -0300] "GET /cormun/static/Shared/jqueryui/images/ui-bg_flat_55_fafafa_40x100.png HTTP/1.1" 404 1097
186.103.158.250 - - [10/May/2017:10:28:19 -0300] "GET /cormun/static/Shared/jqueryui/images/ui-icons_8d78a5_256x240.png HTTP/1.1" 404 1089
200.111.191.210 - - [10/May/2017:10:28:24 -0300] "GET /cormun/servlet/trlicencias? HTTP/1.1" 200 6436
192.168.10.89 - - [10/May/2017:10:28:24 -0300] "GET /cormun/servlet/trvisualizadoreventos? HTTP/1.1" 200 7213
200.111.191.210 - - [10/May/2017:10:28:25 -0300] "GET /cormun/servlet/trlicencias? HTTP/1.1" 200 6436
200.111.191.210 - - [10/May/2017:10:28:26 -0300] "GET /cormun/servlet/trpermisosgoce? HTTP/1.1" 200 6534
200.111.191.210 - - [10/May/2017:10:28:26 -0300] "GET /cormun/servlet/trpermisosgoce? HTTP/1.1" 200 6534
192.168.10.89 - - [10/May/2017:10:28:27 -0300] "GET /cormun/servlet/trconsultaempleado? HTTP/1.1" 200 9708
186.103.158.250 - - [10/May/2017:10:28:27 -0300] "POST /cormun/servlet/trsolicitudot?e3e246c889faebd71b11976e5e264546,gx-no-cache=1494426426237 HTTP/1.1" 200 106
186.103.158.250 - - [10/May/2017:10:28:27 -0300] "GET /cormun/servlet/trsolicitudadjuntos?2017,6377, HTTP/1.1" 200 5893
186.103.158.250 - - [10/May/2017:10:28:27 -0300] "GET /cormun/static/gxcfg.js?201731711504543 HTTP/1.1" 304 -
186.103.158.250 - - [10/May/2017:10:28:27 -0300] "GET /cormun/static/trsolicitudadjuntos.js?201731711504951 HTTP/1.1" 304 -
186.103.158.250 - - [10/May/2017:10:28:28 -0300] "GET /cormun/servlet/trsolicitudadjuntos?2017,6377, HTTP/1.1" 200 5893
192.168.10.89 - - [10/May/2017:10:28:32 -0300] "POST /cormun/servlet/trconsultaempleado?df8ac7bb7f637718481265c6223b282a,,gx-no-cache=1494426177003 HTTP/1.1" 200 4537
186.79.79.1 - - [10/May/2017:10:28:33 -0300] "POST /cormun/servlet/trlicencias?37a336846bc7b222ec82fa1b08e4b148,,gx-no-cache=1494422973631 HTTP/1.1" 200 101
186.79.79.1 - - [10/May/2017:10:28:33 -0300] "GET /cormun/Licencias-1975.xls HTTP/1.1" 200 4608
186.103.158.250 - - [10/May/2017:10:28:34 -0300] "GET /cormun/servlet/trsolicitudot HTTP/1.1" 200 8509
186.103.158.250 - - [10/May/2017:10:28:35 -0300] "GET /cormun/servlet/trsolicitudot HTTP/1.1" 200 8505
192.168.10.89 - - [10/May/2017:10:28:35 -0300] "GET /cormun/servlet/trsolicitudnombre?17502990, HTTP/1.1" 200 8342
192.168.10.89 - - [10/May/2017:10:28:36 -0300] "GET /cormun/static/trsolicitudnombre.js?2017317115367 HTTP/1.1" 304 -
186.103.158.250 - - [10/May/2017:10:28:38 -0300] "POST /cormun/servlet/trsolicitudot?e3e246c889faebd71b11976e5e264546,gx-no-cache=1494426436524 HTTP/1.1" 200 106
186.103.158.250 - - [10/May/2017:10:28:38 -0300] "GET /cormun/servlet/trsolicitudadjuntos?2017,6377, HTTP/1.1" 200 5893
