186.103.158.250 - - [10/May/2017:10:28:39 -0300] "GET /cormun/servlet/trsolicitudadjuntos?2017,6377, HTTP/1.1" 200 5893
186.103.158.250 - - [10/May/2017:10:28:42 -0300] "GET /cormun/servlet/solicitudotadjuntos?INS,2017,6377,,1, HTTP/1.1" 200 5831
186.103.158.250 - - [10/May/2017:10:28:42 -0300] "GET /cormun/static/gxcfg.js?201612218465951 HTTP/1.1" 304 -
186.103.158.250 - - [10/May/2017:10:28:42 -0300] "GET /cormun/static/solicitudotadjuntos.js?201612218465969 HTTP/1.1" 304 -
186.103.158.250 - - [10/May/2017:10:28:42 -0300] "GET /cormun/static/about:blank HTTP/1.1" 404 1011
186.103.158.250 - - [10/May/2017:10:28:42 -0300] "GET /cormun/servlet/solicitudotadjuntos?INS,2017,6377,,1, HTTP/1.1" 200 5825
186.103.158.250 - - [10/May/2017:10:28:43 -0300] "GET /cormun/servlet/solicitudotadjuntos?9c6081dc3e0617bdd3ec6bc39f9a28145d60ce786dc8b40ae74754d701e86b7e63b115869e7008bc5f54dbf93229518b,gx-no-cache=1494426442143 HTTP/1.1" 200 30
186.103.158.250 - - [10/May/2017:10:28:43 -0300] "POST /cormun/servlet/solicitudotadjuntos?e3e246c889faebd71b11976e5e264546,INS,2017,6377,,1,,gx-no-cache=1494426442206 HTTP/1.1" 200 3641
186.79.79.1 - - [10/May/2017:10:28:48 -0300] "POST /cormun/servlet/trlicencias?37a336846bc7b222ec82fa1b08e4b148,,gx-no-cache=1494422988455 HTTP/1.1" 200 5330
186.79.79.1 - - [10/May/2017:10:28:48 -0300] "GET /cormun//static/Resources/PXToolsActionDisabled.gif HTTP/1.1" 200 53
186.79.79.1 - - [10/May/2017:10:28:51 -0300] "GET /cormun/servlet/alicenciaprn?7141963,L,20170510000000,PU HTTP/1.1" 200 1603
192.168.10.89 - - [10/May/2017:10:28:53 -0300] "GET /cormun/servlet/hlogin HTTP/1.1" 200 1748
192.168.10.89 - - [10/May/2017:10:29:03 -0300] "POST /cormun/servlet/hlogin?df8ac7bb7f637718481265c6223b282a,gx-no-cache=1494426207769 HTTP/1.1" 200 90
192.168.10.89 - - [10/May/2017:10:29:03 -0300] "GET /cormun/servlet/hpexe_link HTTP/1.1" 200 970
192.168.10.89 - - [10/May/2017:10:29:03 -0300] "GET /cormun/servlet/trsolicitudnombre?17502990, HTTP/1.1" 200 8341
186.103.158.250 - - [10/May/2017:10:29:24 -0300] "GET /cormun/servlet/trsolicitudadjuntos?2017,6377, HTTP/1.1" 200 5893
40.77.167.137 - - [10/May/2017:10:29:25 -0300] "GET /cormun/servlet/trcontratoobservacion?_escaped_fragment_= HTTP/1.1" 200 5227
186.103.158.250 - - [10/May/2017:10:29:25 -0300] "GET /cormun/servlet/trsolicitudadjuntos?2017,6377, HTTP/1.1" 200 5893
186.103.158.250 - - [10/May/2017:10:29:29 -0300] "GET /cormun/servlet/trsolicitudot HTTP/1.1" 200 8509
186.103.158.250 - - [10/May/2017:10:29:31 -0300] "GET /cormun/servlet/trsolicitudot HTTP/1.1" 200 8505
192.168.10.89 - - [10/May/2017:10:29:38 -0300] "POST /cormun/servlet/trsolicitudnombre?df8ac7bb7f637718481265c6223b282a,17502990,,gx-no-cache=1494426242450 HTTP/1.1" 200 90
192.168.10.89 - - [10/May/2017:10:29:38 -0300] "GET /cormun/servlet/hpexe_link HTTP/1.1" 200 978
192.168.10.89 - - [10/May/2017:10:29:38 -0300] "GET /cormun/servlet/trconsultaempleado? HTTP/1.1" 200 7053
186.103.158.250 - - [10/May/2017:10:29:39 -0300] "POST /cormun/servlet/trsolicitudot?e3e246c889faebd71b11976e5e264546,gx-no-cache=1494426498473 HTTP/1.1" 200 106
186.103.158.250 - - [10/May/2017:10:29:40 -0300] "GET /cormun/servlet/solicitudot?UPD,2017,6360, HTTP/1.1" 200 14286
186.103.158.250 - - [10/May/2017:10:29:41 -0300] "GET /cormun/servlet/solicitudot?UPD,2017,6360, HTTP/1.1" 200 14296
186.103.158.250 - - [10/May/2017:10:29:41 -0300] "POST /cormun/servlet/solicitudot?gx-no-cache=1494426500407 HTTP/1.1" 200 3155
186.103.158.250 - - [10/May/2017:10:29:41 -0300] "POST /cormun/servlet/solicitudot?e3e246c889faebd71b11976e5e264546,UPD,2017,6360,,gx-no-cache=1494426500572 HTTP/1.1" 200 10834
186.103.158.250 - - [10/May/2017:10:29:42 -0300] "GET /cormun/servlet/solicitudot?9c6081dc3e0617bdd3ec6bc39f9a2814a31767bdafac49853e79364a233b7392d36f023b7e33f010a256e9f5028b9dac,gx-no-cache=1494426500881 HTTP/1.1" 200 30
186.103.158.250 - - [10/May/2017:10:29:42 -0300] "POST /cormun/servlet/solicitudot?gx-no-cache=1494426500941 HTTP/1.1" 200 243
186.103.158.250 - - [10/May/2017:10:29:42 -0300] "GET /cormun/servlet/solicitudot?9c6081dc3e0617bdd3ec6bc39f9a2814f1e66fbeeeb394aca3e71045e61f106293defeb3bc0636ef4fbff56dddff1651119a041a8efcec260e4eb494e31d5d80d5f71d50e46b029b23b6dc3b7a9e739b7803bcab01c34847e94400a91988036387aa793e62528ca339d377b5f09d438d9fedca78bdbcbaabaa362c0d3b5cbce71f1503e3582c5876da3761496efd01f9f3c56fd6c89c6eda7aa8f7350a9b8110a691a5cdd54c22936a3083d590cb1310a923318328442b1f26c3ed5c5ea1c16a2154f15eb803aa5335bfb567c3d97188fb039e943096eecd39f2a0420f7a473ab6722c72017988904ed61c9663e9c3a7bbaf0b9a7dff39ec9f231ef26ca1bf21f9bfccf87c977834c9a3b5a786803b05355e8785b774dfab55d120484352b4ecb37acfb460c69a4ac3d0f5906544d1db9fe5736b6c18ac7f208e045fc684034a3aa8272a765b92fb4998e86d63e08130ea48cb2c266827cb5f987e6767ba9a3bb6b8ef7b34e280eeb31ca8d10ef663d1f3001c79e75203df57186b71d1785740,gx-no-cache=1494426501025 HTTP/1.1" 200 30
186.103.158.250 - - [10/May/2017:10:29:42 -0300] "POST /cormun/servlet/solicitudot?gx-no-cache=1494426501061 HTTP/1.1" 200 30
186.103.158.250 - - [10/May/2017:10:29:42 -0300] "POST /cormun/servlet/solicitudot?gx-no-cache=1494426501116 HTTP/1.1" 200 1293
186.103.158.250 - - [10/May/2017:10:29:42 -0300] "POST /cormun/servlet/solicitudot?gx-no-cache=1494426501207 HTTP/1.1" 200 41
192.168.10.89 - - [10/May/2017:10:29:44 -0300] "POST /cormun/servlet/trconsultaempleado?df8ac7bb7f637718481265c6223b282a,,gx-no-cache=1494426248682 HTTP/1.1" 200 5402
192.168.10.89 - - [10/May/2017:10:29:47 -0300] "GET /cormun/servlet/trsolicitudnombre?13568361, HTTP/1.1" 200 8470
40.77.167.137 - - [10/May/2017:10:29:52 -0300] "GET /cormun/static/gxcfg.js?20161221855213 HTTP/1.1" 200 953
186.103.158.250 - - [10/May/2017:10:30:02 -0300] "POST /cormun/servlet/solicitudot?gx-no-cache=1494426520835 HTTP/1.1" 200 30
186.103.158.250 - - [10/May/2017:10:30:40 -0300] "GET /cormun/servlet/prlicenciaspermisos?15106022,L,,MD,,gxPopupLevel%3D0%3B HTTP/1.1" 200 6497
186.103.158.250 - - [10/May/2017:10:31:24 -0300] "POST /cormun/servlet/solicitudot?gx-no-cache=1494426602641 HTTP/1.1" 200 1296
192.168.10.89 - - [10/May/2017:10:31:25 -0300] "GET /cormun/servlet/trsolicitudgral? HTTP/1.1" 200 11770
186.103.158.250 - - [10/May/2017:10:31:29 -0300] "GET /cormun/servlet/trsolicitudot HTTP/1.1" 200 8509
186.103.158.250 - - [10/May/2017:10:31:30 -0300] "GET /cormun/servlet/trsolicitudot HTTP/1.1" 200 8505
192.168.10.89 - - [10/May/2017:10:31:32 -0300] "POST /cormun/servlet/trsolicitudgral?df8ac7bb7f637718481265c6223b282a,,gx-no-cache=1494426356333 HTTP/1.1" 200 7961
186.103.158.250 - - [10/May/2017:10:31:34 -0300] "POST /cormun/servlet/trsolicitudot?e3e246c889faebd71b11976e5e264546,gx-no-cache=1494426613165 HTTP/1.1" 200 106
186.103.158.250 - - [10/May/2017:10:31:34 -0300] "GET /cormun/servlet/solicitudot?UPD,2017,6360, HTTP/1.1" 200 14286
186.103.158.250 - - [10/May/2017:10:31:35 -0300] "GET /cormun/servlet/solicitudot?UPD,2017,6360, HTTP/1.1" 200 14296
186.103.158.250 - - [10/May/2017:10:31:36 -0300] "POST /cormun/servlet/solicitudot?gx-no-cache=1494426615127 HTTP/1.1" 200 3155
186.103.158.250 - - [10/May/2017:10:31:36 -0300] "POST /cormun/servlet/solicitudot?e3e246c889faebd71b11976e5e264546,UPD,2017,6360,,gx-no-cache=1494426615300 HTTP/1.1" 200 10834
186.103.158.250 - - [10/May/2017:10:31:36 -0300] "GET /cormun/servlet/solicitudot?9c6081dc3e0617bdd3ec6bc39f9a2814a31767bdafac49853e79364a233b7392d36f023b7e33f010a256e9f5028b9dac,gx-no-cache=1494426615615 HTTP/1.1" 200 30
186.103.158.250 - - [10/May/2017:10:31:37 -0300] "POST /cormun/servlet/solicitudot?gx-no-cache=1494426615712 HTTP/1.1" 200 243
186.103.158.250 - - [10/May/2017:10:31:37 -0300] "GET /cormun/servlet/solicitudot?9c6081dc3e0617bdd3ec6bc39f9a2814f1e66fbeeeb394aca3e71045e61f106293defeb3bc0636ef4fbff56dddff1651119a041a8efcec260e4eb494e31d5d80d5f71d50e46b029b23b6dc3b7a9e739b7803bcab01c34847e94400a91988036387aa793e62528ca339d377b5f09d438d9fedca78bdbcbaabaa362c0d3b5cbce71f1503e3582c5876da3761496efd01f9f3c56fd6c89c6eda7aa8f7350a9b8110a691a5cdd54c22936a3083d590cb1310a923318328442b1f26c3ed5c5ea1c16a2154f15eb803aa5335bfb567c3d97188fb039e943096eecd39f2a0420f7a473ab6722c72017988904ed61c9663e9c3a7bbaf0b9a7dff39ec9f231ef26ca1bf21f9bfccf87c977834c9a3b5a786803b05355e8785b774dfab55d120484352b4ecb37acfb460c69a4ac3d0f5906544d1db9fe5736b6c18ac7f208e045fc684034a3aa8272a765b92fb4998e86d63e08130ea48cb2c266827cb5f987e6767ba9a3bb6b8ef7b34e280eeb31ca8d10ef663d1f3001c79e75203df57186b71d1785740,gx-no-cache=1494426615766 HTTP/1.1" 200 30
186.103.158.250 - - [10/May/2017:10:31:37 -0300] "POST /cormun/servlet/solicitudot?gx-no-cache=1494426615807 HTTP/1.1" 200 30
186.103.158.250 - - [10/May/2017:10:31:37 -0300] "POST /cormun/servlet/solicitudot?gx-no-cache=1494426615903 HTTP/1.1" 200 1293
186.103.158.250 - - [10/May/2017:10:31:37 -0300] "POST /cormun/servlet/solicitudot?gx-no-cache=1494426615985 HTTP/1.1" 200 41
186.103.158.250 - - [10/May/2017:10:31:42 -0300] "POST /cormun/servlet/solicitudot?gx-no-cache=1494426620734 HTTP/1.1" 200 30
186.79.130.204 - - [10/May/2017:10:31:58 -0300] "GET /cormun/servlet/hhome HTTP/1.1" 200 3339
186.103.158.250 - - [10/May/2017:10:31:58 -0300] "GET /cormun/servlet/prlicenciaspermisos?15106022,L,,MD,,gxPopupLevel%3D0%3B HTTP/1.1" 200 6497
186.79.130.204 - - [10/May/2017:10:32:00 -0300] "GET /cormun/servlet/hhome HTTP/1.1" 200 3349
186.79.130.204 - - [10/May/2017:10:32:00 -0300] "GET /cormun/servlet/hlogin HTTP/1.1" 200 1739
186.79.130.204 - - [10/May/2017:10:32:02 -0300] "POST /cormun/servlet/hlogin?58cd9eb1499f4e9aab7519699f93fa00,gx-no-cache=1494423185310 HTTP/1.1" 200 90
186.79.130.204 - - [10/May/2017:10:32:03 -0300] "GET /cormun/servlet/hpexe_link HTTP/1.1" 200 955
186.79.130.204 - - [10/May/2017:10:32:03 -0300] "GET /cormun/servlet/hhome HTTP/1.1" 200 3752
186.79.130.204 - - [10/May/2017:10:32:03 -0300] "GET /cormun/servlet/hhome HTTP/1.1" 200 3749
186.79.130.204 - - [10/May/2017:10:32:07 -0300] "GET /cormun/servlet/trsolicitudot? HTTP/1.1" 200 6686
186.79.130.204 - - [10/May/2017:10:32:08 -0300] "GET /cormun/static/gxcfg.js?201731711505139 HTTP/1.1" 304 -
192.168.10.89 - - [10/May/2017:10:32:08 -0300] "POST /cormun/servlet/trsolicitudgral?df8ac7bb7f637718481265c6223b282a,,gx-no-cache=1494426392445 HTTP/1.1" 200 5483
186.79.130.204 - - [10/May/2017:10:32:08 -0300] "GET /cormun/static/trsolicitudot.js?20173171151116 HTTP/1.1" 304 -
186.79.130.204 - - [10/May/2017:10:32:08 -0300] "GET /cormun/servlet/trsolicitudot? HTTP/1.1" 200 6692
186.103.158.250 - - [10/May/2017:10:32:15 -0300] "POST /cormun/servlet/solicitudot?gx-no-cache=1494426653687 HTTP/1.1" 200 1296
186.79.130.204 - - [10/May/2017:10:32:18 -0300] "GET /cormun/servlet/solicitudot?INS,0,0, HTTP/1.1" 200 12577
186.79.130.204 - - [10/May/2017:10:32:18 -0300] "GET /cormun/static/Resources/Spanish/PXTools.css?18365030 HTTP/1.1" 304 -
186.79.130.204 - - [10/May/2017:10:32:18 -0300] "GET /cormun/static/gxcfg.js?20171191042720 HTTP/1.1" 304 -
186.79.130.204 - - [10/May/2017:10:32:18 -0300] "GET /cormun/static/solicitudot.js?2017119104297 HTTP/1.1" 304 -
186.79.130.204 - - [10/May/2017:10:32:18 -0300] "GET /cormun/servlet/solicitudot?INS,0,0, HTTP/1.1" 200 12582
186.103.158.250 - - [10/May/2017:10:32:21 -0300] "POST /cormun/servlet/solicitudot?gx-no-cache=1494426660255 HTTP/1.1" 200 41
186.103.158.250 - - [10/May/2017:10:32:21 -0300] "GET /cormun/servlet/solicitudot?9c6081dc3e0617bdd3ec6bc39f9a2814112fa3e1af735166d8ed6e6c5f58f30482a8385b6b88677bd3c6dfcee646f829a0dd9810e53af7417f7f56ffba341ce9c960e811536df070be8172b9f6c5f9d5c46e8496043b484de66d7d50ae1ebe443fe22ef52bc8e7eb343df516bd093010,gx-no-cache=1494426660312 HTTP/1.1" 200 29
186.103.158.250 - - [10/May/2017:10:32:21 -0300] "POST /cormun/servlet/solicitudot?gx-no-cache=1494426660347 HTTP/1.1" 200 1281
186.103.158.250 - - [10/May/2017:10:32:21 -0300] "POST /cormun/servlet/solicitudot?gx-no-cache=1494426660411 HTTP/1.1" 200 1162
186.103.158.250 - - [10/May/2017:10:32:21 -0300] "GET /cormun/servlet/solicitudot?9c6081dc3e0617bdd3ec6bc39f9a2814c7f18ee4deb31f877f714b760ed380910dfcfefef462e39eda7493a6aa6cb1603974c572d950be36208ec288750721aee90cad4e49095819f5d399c5eef17ab56f9aaa433e72bf2e04f770fced59ef268cf3cbbe523a15edc3a910363eeccf737476f886cded9d116ff356ec61d91d9ae8fc81bfc7b827c15b55c3d62818fd8594815e2fd7cc512c5cafb30776f40ad57c4c22076f1a6ea505d469a5c6e473d9a1447a93859c94146fd72a4f54c94eae,gx-no-cache=1494426660517 HTTP/1.1" 200 30
186.103.158.250 - - [10/May/2017:10:32:22 -0300] "POST /cormun/servlet/solicitudot?e3e246c889faebd71b11976e5e264546,UPD,2017,6360,,gx-no-cache=1494426660576 HTTP/1.1" 200 93
186.103.158.250 - - [10/May/2017:10:32:22 -0300] "GET /cormun/servlet/hpexe_return? HTTP/1.1" 200 1014
186.103.158.250 - - [10/May/2017:10:32:22 -0300] "GET /cormun/servlet/trsolicitudot HTTP/1.1" 200 8514
186.103.158.250 - - [10/May/2017:10:32:24 -0300] "GET /cormun/servlet/trsolicitudot HTTP/1.1" 200 8510
192.168.10.96 - - [10/May/2017:10:32:39 -0300] "GET /cormun/servlet/trsolicitudgral? HTTP/1.1" 200 10202
192.168.10.96 - - [10/May/2017:10:32:40 -0300] "GET /cormun/servlet/trsolicitudgral? HTTP/1.1" 200 10202
192.168.10.96 - - [10/May/2017:10:32:42 -0300] "GET /cormun/servlet/trconsultaempleado? HTTP/1.1" 200 9515
192.168.10.96 - - [10/May/2017:10:32:43 -0300] "GET /cormun/servlet/trconsultaempleado? HTTP/1.1" 200 9514
192.168.10.89 - - [10/May/2017:10:32:45 -0300] "POST /cormun/servlet/trsolicitudgral?df8ac7bb7f637718481265c6223b282a,,gx-no-cache=1494426429280 HTTP/1.1" 200 7961
186.103.158.250 - - [10/May/2017:10:32:56 -0300] "POST /cormun/servlet/trsolicitudot?e3e246c889faebd71b11976e5e264546,gx-no-cache=1494426695422 HTTP/1.1" 200 106
186.103.158.250 - - [10/May/2017:10:32:56 -0300] "GET /cormun/servlet/trsolicitudadjuntos?2017,6377, HTTP/1.1" 200 5893
192.168.10.96 - - [10/May/2017:10:32:58 -0300] "POST /cormun/servlet/trconsultaempleado?83c34b4dfcfb5b914d1ac8670cc26d1c,,gx-no-cache=1494426442541 HTTP/1.1" 200 4400
186.103.158.250 - - [10/May/2017:10:32:58 -0300] "GET /cormun/servlet/trsolicitudadjuntos?2017,6377, HTTP/1.1" 200 5893
192.168.10.96 - - [10/May/2017:10:32:59 -0300] "GET /cormun/servlet/trsolicitudnombre?17477558, HTTP/1.1" 200 7604
192.168.10.96 - - [10/May/2017:10:32:59 -0300] "GET /cormun/servlet/trsolicitudnombre?17477558, HTTP/1.1" 200 7607
192.168.10.96 - - [10/May/2017:10:33:02 -0300] "GET /cormun/servlet/vesolicitudnombre?2017,5614,, HTTP/1.1" 200 8539
192.168.10.96 - - [10/May/2017:10:33:02 -0300] "GET /cormun/pexe_scrolldiv.js HTTP/1.1" 404 1009
192.168.10.96 - - [10/May/2017:10:33:02 -0300] "GET /cormun/pexe_scrolldiv.js HTTP/1.1" 404 1009
192.168.10.96 - - [10/May/2017:10:33:02 -0300] "GET /cormun/servlet/vesolicitudnombre?2017,5614,, HTTP/1.1" 200 8532
192.168.10.96 - - [10/May/2017:10:33:04 -0300] "GET /cormun/servlet/vesolicitudnombre?2017,5614,,SolicitudOTAdjuntos HTTP/1.1" 200 10594
192.168.10.96 - - [10/May/2017:10:33:04 -0300] "GET /cormun/pexe_scrolldiv.js HTTP/1.1" 404 1009
192.168.10.96 - - [10/May/2017:10:33:04 -0300] "GET /cormun/pexe_scrolldiv.js HTTP/1.1" 404 1009
192.168.10.96 - - [10/May/2017:10:33:05 -0300] "GET /cormun/servlet/vesolicitudnombre?2017,5614,,SolicitudOTAdjuntos HTTP/1.1" 200 10593
192.168.10.96 - - [10/May/2017:10:33:06 -0300] "POST /cormun/servlet/acontrolpreferencessavestate?None,DZAMUDIO,true HTTP/1.1" 200 35
192.168.10.96 - - [10/May/2017:10:33:07 -0300] "GET /cormun/PublicTempStorage/certificado_titulo__franco_romero9805095.pdf HTTP/1.1" 200 1023137
192.168.10.89 - - [10/May/2017:10:33:15 -0300] "GET /cormun/servlet/hlogin HTTP/1.1" 200 1739
186.79.130.204 - - [10/May/2017:10:33:19 -0300] "POST /cormun/servlet/solicitudot?gx-no-cache=1494423261889 HTTP/1.1" 200 3180
186.79.130.204 - - [10/May/2017:10:33:20 -0300] "POST /cormun/servlet/solicitudot?58cd9eb1499f4e9aab7519699f93fa00,INS,0,0,,gx-no-cache=1494423262378 HTTP/1.1" 200 9754
192.168.10.89 - - [10/May/2017:10:33:25 -0300] "POST /cormun/servlet/hlogin?df8ac7bb7f637718481265c6223b282a,gx-no-cache=1494426469473 HTTP/1.1" 200 90
192.168.10.89 - - [10/May/2017:10:33:25 -0300] "GET /cormun/servlet/hpexe_link HTTP/1.1" 200 952
192.168.10.89 - - [10/May/2017:10:33:25 -0300] "GET /cormun/servlet/hhome HTTP/1.1" 200 4026
192.168.10.89 - - [10/May/2017:10:33:28 -0300] "GET /cormun/servlet/trsolicitudot? HTTP/1.1" 200 8257
192.168.10.89 - - [10/May/2017:10:33:32 -0300] "GET /cormun/static/menuarrow.gif HTTP/1.1" 404 1015
192.168.10.89 - - [10/May/2017:10:33:35 -0300] "POST /cormun/servlet/trsolicitudot?df8ac7bb7f637718481265c6223b282a,,gx-no-cache=1494426479323 HTTP/1.1" 200 5406
192.168.10.89 - - [10/May/2017:10:33:35 -0300] "POST /cormun/servlet/trsolicitudot?df8ac7bb7f637718481265c6223b282a,,gx-no-cache=1494426479653 HTTP/1.1" 200 5407
186.79.130.204 - - [10/May/2017:10:33:35 -0300] "GET /cormun/servlet/solicitudot?fc04371c8a4875121fd0b913f28f0fa61489dac88e02429ef5421587638625dcdedca60bd481a7670e5236858fb30408,gx-no-cache=1494423278003 HTTP/1.1" 200 30
186.79.130.204 - - [10/May/2017:10:33:35 -0300] "POST /cormun/servlet/solicitudot?gx-no-cache=1494423278131 HTTP/1.1" 200 240
186.79.130.204 - - [10/May/2017:10:33:35 -0300] "GET /cormun/servlet/solicitudot?fc04371c8a4875121fd0b913f28f0fa6adab398a530eb7f4a3cc2e7c1906a44e1046da3c345b2bdf030cd01083d7d6ae533e57be8ad712e0a92f4cd0e1229a58ffcc694333c40a59552048ebc377eebf3e074b12d8ae11fcf00ec3b959123de2a868fb51e86d97ca6641292b5e1243581487f5a39124947ce47b21f151f6f8e23d03c63f0b18a124cf0ec798625ab6c200f5faeabb33b5dd2752dff0d87c61f4c48ad8aa1ff56eefea344c352e5f44db8feead616a6bda454cb347d046cbb9b88e79cf36bfdb223ff98ae91f273fdf9e9e8f06ad8189dba91a4a89bbf870c25b26bf7b25ea93d3129decece55be54a2c7d30dcd84f551854c59acdcbb452d20557a3a627667f5139f82dcb8406cefc8f2d822aa0be98cd299c5d3dd6e84baeb73a179fe5295af7845064da8c8b0f14f28520cf73aa64df10bd9a17f6c46178806c8a7ba226a3907165c48743befa23a0d58d6fbabfaf59c317e8f1138bfbffbf8655f8fef6a36c4851e2f148df9c907163cd32232e698b3893d058b7436f025b,gx-no-cache=1494423278222 HTTP/1.1" 200 30
192.168.10.89 - - [10/May/2017:10:33:36 -0300] "GET /cormun/servlet/trautorizarsolicitud? HTTP/1.1" 200 6956
192.168.10.89 - - [10/May/2017:10:33:38 -0300] "POST /cormun/servlet/trautorizarsolicitud?df8ac7bb7f637718481265c6223b282a,,gx-no-cache=1494426483129 HTTP/1.1" 200 4118
192.168.10.89 - - [10/May/2017:10:33:43 -0300] "POST /cormun/servlet/trautorizarsolicitud?df8ac7bb7f637718481265c6223b282a,,gx-no-cache=1494426487473 HTTP/1.1" 200 6646
186.79.130.204 - - [10/May/2017:10:34:09 -0300] "GET /cormun/servlet/prfichaempleado?,MD,,gxPopupLevel%3D0%3B HTTP/1.1" 200 8757
186.79.130.204 - - [10/May/2017:10:34:18 -0300] "POST /cormun/servlet/prfichaempleado?58cd9eb1499f4e9aab7519699f93fa00,,MD,,gxPopupLevel%3D0%3B,gx-no-cache=1494423320627 HTTP/1.1" 200 3530
186.103.159.188 - - [10/May/2017:10:34:24 -0300] "GET /cormun/servlet/hlogin HTTP/1.1" 200 1729
186.103.159.188 - - [10/May/2017:10:34:24 -0300] "GET /cormun/servlet/hlogin HTTP/1.1" 200 1734
186.79.130.204 - - [10/May/2017:10:34:26 -0300] "POST /cormun/servlet/solicitudot?gx-no-cache=1494423328111 HTTP/1.1" 200 3190
186.79.130.204 - - [10/May/2017:10:34:26 -0300] "POST /cormun/servlet/solicitudot?58cd9eb1499f4e9aab7519699f93fa00,INS,0,0,,gx-no-cache=1494423328890 HTTP/1.1" 200 9852
186.79.130.204 - - [10/May/2017:10:34:27 -0300] "GET /cormun/servlet/solicitudot?fc04371c8a4875121fd0b913f28f0fa68c0085dd85f412de93bc508895f969867eadb744ed62fc92c1bd38ac2f70486a,gx-no-cache=1494423329644 HTTP/1.1" 200 30
186.103.159.188 - - [10/May/2017:10:34:32 -0300] "POST /cormun/servlet/hlogin?bca7bf7924df15d6dd777c58f52b1217,gx-no-cache=1494423331496 HTTP/1.1" 200 90
186.103.159.188 - - [10/May/2017:10:34:32 -0300] "GET /cormun/servlet/hpexe_link HTTP/1.1" 200 954
186.103.159.188 - - [10/May/2017:10:34:32 -0300] "GET /cormun/static/hpexe_link.js?201731711483384 HTTP/1.1" 200 625
186.103.159.188 - - [10/May/2017:10:34:32 -0300] "GET /cormun/servlet/hhome HTTP/1.1" 200 3783
186.103.159.188 - - [10/May/2017:10:34:32 -0300] "GET /cormun/servlet/hhome HTTP/1.1" 200 3780
186.79.130.204 - - [10/May/2017:10:34:38 -0300] "POST /cormun/servlet/solicitudot?gx-no-cache=1494423340416 HTTP/1.1" 200 255
186.79.130.204 - - [10/May/2017:10:34:38 -0300] "GET /cormun/servlet/solicitudot?fc04371c8a4875121fd0b913f28f0fa6adab398a530eb7f4a3cc2e7c1906a44eabab092877da7191fce956ecd8d91a3b533e57be8ad712e0a92f4cd0e1229a58ffcc694333c40a59552048ebc377eebf3e074b12d8ae11fcf00ec3b959123de2a868fb51e86d97ca6641292b5e1243581487f5a39124947ce47b21f151f6f8e23d03c63f0b18a124cf0ec798625ab6c200f5faeabb33b5dd2752dff0d87c61f4c48ad8aa1ff56eefea344c352e5f44db8feead616a6bda454cb347d046cbb9b88e79cf36bfdb223ff98ae91f273fdf9e9e8f06ad8189dba91a4a89bbf870c25b26bf7b25ea93d3129decece55be54a2cfbc37413d12193f933de9e8219c41fc457a3a627667f5139f82dcb8406cefc8f706a2291eb672437b3d53b2e3ba12634e21a5a574047cccdd2c52eb828b18c1b302af75ef62eb8e6891980feae1deba95700e8149ae38c82c34b9498b8257a0c47750152bda511aad46bac7053ce9bafc66d900047757bb66f8b6cbd922eb98e329b27273780e9857cd999f1f94ce4a9,gx-no-cache=1494423340767 HTTP/1.1" 200 30
186.103.159.188 - - [10/May/2017:10:34:40 -0300] "GET /cormun/servlet/trpermisosgoce? HTTP/1.1" 200 7391
186.103.159.188 - - [10/May/2017:10:34:40 -0300] "GET /cormun/servlet/trpermisosgoce? HTTP/1.1" 200 7391
186.79.130.204 - - [10/May/2017:10:35:08 -0300] "POST /cormun/servlet/solicitudot?gx-no-cache=1494423370692 HTTP/1.1" 200 30
200.86.10.241 - - [10/May/2017:10:35:08 -0300] "GET /cormun/servlet/permisogoce?INS,0,,, HTTP/1.1" 200 6549
200.86.10.241 - - [10/May/2017:10:35:09 -0300] "GET /cormun/servlet/permisogoce?INS,0,,, HTTP/1.1" 200 6548
186.79.130.204 - - [10/May/2017:10:35:13 -0300] "GET /cormun/servlet/prcontratosol?17502990,,,,,MD,,gxPopupLevel%3D0%3B HTTP/1.1" 200 5896
186.79.130.204 - - [10/May/2017:10:35:14 -0300] "GET /cormun/static/gxcfg.js?201731711522183 HTTP/1.1" 304 -
186.79.130.204 - - [10/May/2017:10:35:14 -0300] "GET /cormun/static/prcontratosol.js?201731711522419 HTTP/1.1" 304 -
186.79.130.204 - - [10/May/2017:10:35:16 -0300] "POST /cormun/servlet/solicitudot?gx-no-cache=1494423379015 HTTP/1.1" 200 1297
186.79.130.204 - - [10/May/2017:10:35:16 -0300] "POST /cormun/servlet/solicitudot?gx-no-cache=1494423379272 HTTP/1.1" 200 38
186.79.130.204 - - [10/May/2017:10:35:17 -0300] "GET /cormun/servlet/solicitudot?fc04371c8a4875121fd0b913f28f0fa6b10add63fb6080faa66f5918f31ff63cf677f947a20440ffb8a71e47adee15881b2ed0f07502a98c40e523be4ed43b5c53f0fa8cde7cff6cc1aa43f49a840da7bfb6f6ac1cf0bc92d6249936e0c68bd444ccdd96c392fc45c81f3cd7c9b7521c6c0935369b7fdc12df14017a741cc92caae5c2b0de51ac546a42ed746ec991ac00c8f67494d42bd55d1daf4f06067a02,gx-no-cache=1494423379458 HTTP/1.1" 200 29
186.79.130.204 - - [10/May/2017:10:35:17 -0300] "POST /cormun/servlet/solicitudot?gx-no-cache=1494423379637 HTTP/1.1" 200 1280
186.79.130.204 - - [10/May/2017:10:35:17 -0300] "POST /cormun/servlet/solicitudot?gx-no-cache=1494423379849 HTTP/1.1" 200 1162
200.86.10.241 - - [10/May/2017:10:35:17 -0300] "GET /cormun/servlet/prfichaempleado?,MD,,gxPopupLevel%3D0%3B HTTP/1.1" 200 8789
186.103.157.98 - - [10/May/2017:10:35:25 -0300] "GET /cormun/servlet/hpexe_return? HTTP/1.1" 200 982
186.103.157.98 - - [10/May/2017:10:35:25 -0300] "GET /cormun/servlet/hhome HTTP/1.1" 200 3345
186.103.157.98 - - [10/May/2017:10:35:26 -0300] "GET /cormun/servlet/hlogin HTTP/1.1" 200 1734
186.103.157.98 - - [10/May/2017:10:35:26 -0300] "GET /cormun/servlet/hhome HTTP/1.1" 200 3341
186.103.157.98 - - [10/May/2017:10:35:28 -0300] "POST /cormun/servlet/hlogin?07c55591da16f6de84ffd47012e643fe,gx-no-cache=1494423388435 HTTP/1.1" 200 90
186.103.157.98 - - [10/May/2017:10:35:28 -0300] "GET /cormun/servlet/hpexe_link HTTP/1.1" 200 949
186.103.157.98 - - [10/May/2017:10:35:28 -0300] "GET /cormun/static/hpexe_link.js?201731711483384 HTTP/1.1" 304 -
186.103.157.98 - - [10/May/2017:10:35:28 -0300] "GET /cormun/servlet/hhome HTTP/1.1" 200 4027
200.86.10.241 - - [10/May/2017:10:35:28 -0300] "POST /cormun/servlet/prfichaempleado?bca7bf7924df15d6dd777c58f52b1217,,MD,,gxPopupLevel%3D0%3B,gx-no-cache=1494423387496 HTTP/1.1" 200 3400
186.103.157.98 - - [10/May/2017:10:35:28 -0300] "GET /cormun/servlet/hhome HTTP/1.1" 200 4022
186.103.157.98 - - [10/May/2017:10:35:31 -0300] "GET /cormun/servlet/trsolicitudot? HTTP/1.1" 200 8256
186.103.157.98 - - [10/May/2017:10:35:31 -0300] "GET /cormun/servlet/trsolicitudot? HTTP/1.1" 200 8254
200.86.10.241 - - [10/May/2017:10:35:32 -0300] "GET /cormun/servlet/permisogoce?6d6780adb0914caea77c570edf0aa8110f61cb68fc58870808e00932bf484ff0f01059435741791f8acf5a9ebffa840f,gx-no-cache=1494423391303 HTTP/1.1" 200 64
200.86.10.241 - - [10/May/2017:10:35:32 -0300] "GET /cormun/static/menuarrow.gif HTTP/1.1" 404 1015
186.103.157.98 - - [10/May/2017:10:35:38 -0300] "POST /cormun/servlet/trsolicitudot?07c55591da16f6de84ffd47012e643fe,,gx-no-cache=1494423399294 HTTP/1.1" 200 105
186.103.157.98 - - [10/May/2017:10:35:39 -0300] "GET /cormun/servlet/solicitudot?DLT,2017,6351, HTTP/1.1" 200 9597
186.103.157.98 - - [10/May/2017:10:35:39 -0300] "GET /cormun/static/Shared/jqueryui/images/ui-bg_highlight-soft_100_c6c2c8_1x100.png HTTP/1.1" 404 1117
186.103.157.98 - - [10/May/2017:10:35:39 -0300] "GET /cormun/static/Shared/jqueryui/images/ui-icons_82798d_256x240.png HTTP/1.1" 404 1089
186.103.157.98 - - [10/May/2017:10:35:39 -0300] "GET /cormun/static/Shared/jqueryui/images/ui-bg_flat_55_fafafa_40x100.png HTTP/1.1" 404 1097
186.103.157.98 - - [10/May/2017:10:35:39 -0300] "GET /cormun/static/Shared/jqueryui/images/ui-icons_8d78a5_256x240.png HTTP/1.1" 404 1089
186.103.157.98 - - [10/May/2017:10:35:39 -0300] "GET /cormun/servlet/solicitudot?DLT,2017,6351, HTTP/1.1" 200 9607
200.86.10.241 - - [10/May/2017:10:35:40 -0300] "GET /cormun/servlet/permisogoce?6d6780adb0914caea77c570edf0aa8110953f35dfefdb28a82c0e5fb74f47d455e74937319db243ccaeb1c544baa1c497c91d4e1978aeb0d96beb273d1b3bdc4,gx-no-cache=1494423399524 HTTP/1.1" 200 46
186.103.157.98 - - [10/May/2017:10:35:48 -0300] "GET /cormun/servlet/trsolicitudot? HTTP/1.1" 200 8256
186.103.157.98 - - [10/May/2017:10:35:48 -0300] "GET /cormun/servlet/trsolicitudot? HTTP/1.1" 200 8254
186.103.157.235 - - [10/May/2017:10:35:58 -0300] "GET /cormun/servlet/hlogin HTTP/1.1" 200 1723
186.103.157.98 - - [10/May/2017:10:35:58 -0300] "GET /cormun/servlet/trautorizarsolicitud? HTTP/1.1" 200 6954
186.103.157.235 - - [10/May/2017:10:35:58 -0300] "GET /cormun/servlet/hlogin HTTP/1.1" 200 1731
186.103.157.98 - - [10/May/2017:10:35:58 -0300] "GET /cormun/servlet/trautorizarsolicitud? HTTP/1.1" 200 6953
186.103.159.188 - - [10/May/2017:10:36:02 -0300] "POST /cormun/servlet/permisogoce?bca7bf7924df15d6dd777c58f52b1217,INS,0,,,,gx-no-cache=1494423421099 HTTP/1.1" 200 93
186.103.159.188 - - [10/May/2017:10:36:02 -0300] "GET /cormun/servlet/hpexe_return? HTTP/1.1" 200 1012
186.103.159.188 - - [10/May/2017:10:36:02 -0300] "GET /cormun/servlet/trpermisosgoce HTTP/1.1" 200 7681
186.103.159.188 - - [10/May/2017:10:36:03 -0300] "GET /cormun/servlet/trpermisosgoce HTTP/1.1" 200 7677
186.103.157.98 - - [10/May/2017:10:36:03 -0300] "GET /cormun/servlet/trsolicitudot? HTTP/1.1" 200 8255
186.103.157.98 - - [10/May/2017:10:36:03 -0300] "GET /cormun/servlet/trsolicitudot? HTTP/1.1" 200 8254
186.103.159.188 - - [10/May/2017:10:36:06 -0300] "GET /cormun/servlet/apermisogoceprn?11401580,P,20170510113026,PU HTTP/1.1" 200 1663
186.103.157.235 - - [10/May/2017:10:36:10 -0300] "POST /cormun/servlet/hlogin?f00c2db25e4434f286ae63be50ec2d0f,gx-no-cache=1494423430525 HTTP/1.1" 200 90
186.103.157.235 - - [10/May/2017:10:36:10 -0300] "GET /cormun/servlet/hpexe_link HTTP/1.1" 200 952
186.103.157.235 - - [10/May/2017:10:36:10 -0300] "GET /cormun/servlet/hhome HTTP/1.1" 200 3985
186.103.157.235 - - [10/May/2017:10:36:11 -0300] "GET /cormun/static/gxcfg.js?201731711483497 HTTP/1.1" 200 953
186.103.157.235 - - [10/May/2017:10:36:11 -0300] "GET /cormun/static/hhome.js?20173171148352 HTTP/1.1" 200 777
186.103.157.235 - - [10/May/2017:10:36:11 -0300] "GET /cormun/servlet/hhome HTTP/1.1" 200 3981
186.103.157.98 - - [10/May/2017:10:36:13 -0300] "GET /cormun/servlet/solicitudot?INS,0,0, HTTP/1.1" 200 12840
186.103.157.98 - - [10/May/2017:10:36:13 -0300] "GET /cormun/servlet/solicitudot?INS,0,0, HTTP/1.1" 200 12845
186.103.157.235 - - [10/May/2017:10:36:21 -0300] "GET /cormun/servlet/trsolicitudot? HTTP/1.1" 200 6955
186.103.157.235 - - [10/May/2017:10:36:22 -0300] "GET /cormun/servlet/trsolicitudot? HTTP/1.1" 200 6954
186.103.157.235 - - [10/May/2017:10:36:27 -0300] "GET /cormun/servlet/solicitudot?INS,0,0, HTTP/1.1" 200 12799
186.103.157.235 - - [10/May/2017:10:36:27 -0300] "GET /cormun/static/gxcfg.js?20171191042720 HTTP/1.1" 200 953
186.103.157.235 - - [10/May/2017:10:36:28 -0300] "GET /cormun/servlet/solicitudot?INS,0,0, HTTP/1.1" 200 12804
186.103.158.250 - - [10/May/2017:10:36:50 -0300] "GET /cormun/servlet/hlogin HTTP/1.1" 200 1728
186.103.158.250 - - [10/May/2017:10:37:00 -0300] "POST /cormun/servlet/hlogin?f69126c3977067297d370d7b51600493,gx-no-cache=1494423479818 HTTP/1.1" 200 90
186.103.158.250 - - [10/May/2017:10:37:00 -0300] "GET /cormun/servlet/hpexe_link HTTP/1.1" 200 956
186.103.158.250 - - [10/May/2017:10:37:00 -0300] "GET /cormun/servlet/hhome HTTP/1.1" 200 3792
186.103.158.250 - - [10/May/2017:10:37:03 -0300] "GET /cormun/servlet/hhome HTTP/1.1" 200 3789
186.103.157.235 - - [10/May/2017:10:37:03 -0300] "POST /cormun/servlet/solicitudot?gx-no-cache=1494423484220 HTTP/1.1" 200 3227
186.103.157.235 - - [10/May/2017:10:37:03 -0300] "GET /cormun/static/Shared/jqueryui/images/ui-bg_highlight-soft_100_c6c2c8_1x100.png HTTP/1.1" 404 1117
186.103.157.235 - - [10/May/2017:10:37:03 -0300] "GET /cormun/static/Shared/jqueryui/images/ui-icons_82798d_256x240.png HTTP/1.1" 404 1089
186.103.157.235 - - [10/May/2017:10:37:03 -0300] "GET /cormun/static/Shared/jqueryui/images/ui-bg_flat_55_994d53_40x100.png HTTP/1.1" 404 1097
186.103.157.235 - - [10/May/2017:10:37:03 -0300] "GET /cormun/static/Shared/jqueryui/images/ui-icons_ebccce_256x240.png HTTP/1.1" 404 1089
200.54.247.69 - - [10/May/2017:10:37:05 -0300] "GET /cormun/servlet/permisogoce?INS,0,,, HTTP/1.1" 200 6797
200.54.247.69 - - [10/May/2017:10:37:06 -0300] "GET /cormun/servlet/permisogoce?INS,0,,, HTTP/1.1" 200 6797
186.103.158.250 - - [10/May/2017:10:37:07 -0300] "GET /cormun/servlet/trsolicitudot? HTTP/1.1" 200 8509
186.103.158.250 - - [10/May/2017:10:37:08 -0300] "GET /cormun/servlet/trsolicitudot? HTTP/1.1" 200 8507
200.54.247.69 - - [10/May/2017:10:37:09 -0300] "GET /cormun/servlet/prfichaempleado?,MD,,gxPopupLevel%3D0%3B HTTP/1.1" 200 8870
200.86.10.241 - - [10/May/2017:10:37:11 -0300] "GET /cormun/servlet/trlicencias? HTTP/1.1" 200 6616
200.86.10.241 - - [10/May/2017:10:37:12 -0300] "GET /cormun/servlet/trlicencias? HTTP/1.1" 200 6615
200.86.10.241 - - [10/May/2017:10:37:18 -0300] "GET /cormun/servlet/trlicencias? HTTP/1.1" 200 6615
200.86.10.241 - - [10/May/2017:10:37:19 -0300] "GET /cormun/servlet/trlicencias? HTTP/1.1" 200 6615
200.54.247.69 - - [10/May/2017:10:37:24 -0300] "POST /cormun/servlet/prfichaempleado?189390305d262e3f40dd06be211084af,,MD,,gxPopupLevel%3D0%3B,gx-no-cache=1494423504480 HTTP/1.1" 200 3508
200.54.247.69 - - [10/May/2017:10:37:28 -0300] "GET /cormun/servlet/permisogoce?e0e47bb96a22a159f80fa10f035518e3397e5e29ec216c61206a8e2e98c505b4af0f7c03023d22e12d13ab93f6ab745c,gx-no-cache=1494423508731 HTTP/1.1" 200 63
186.103.157.235 - - [10/May/2017:10:37:32 -0300] "GET /cormun/servlet/solicitudot?INS,0,0, HTTP/1.1" 200 12800
186.103.157.235 - - [10/May/2017:10:37:32 -0300] "GET /cormun/servlet/solicitudot?INS,0,0, HTTP/1.1" 200 12804
186.103.157.235 - - [10/May/2017:10:37:32 -0300] "GET /favicon.ico HTTP/1.1" 200 21630
200.54.247.69 - - [10/May/2017:10:37:36 -0300] "GET /cormun/servlet/permisogoce?e0e47bb96a22a159f80fa10f035518e3d66d07c772510430719d3e3be4e8493a422084a591f1d3f6a58da331550c7927ff053f5acd98ed8a3bed648078ee66a0,gx-no-cache=1494423516290 HTTP/1.1" 200 47
200.54.247.69 - - [10/May/2017:10:37:38 -0300] "POST /cormun/servlet/permisogoce?189390305d262e3f40dd06be211084af,INS,0,,,,gx-no-cache=1494423518647 HTTP/1.1" 200 93
200.54.247.69 - - [10/May/2017:10:37:38 -0300] "GET /cormun/servlet/hpexe_return? HTTP/1.1" 200 1004
200.54.247.69 - - [10/May/2017:10:37:39 -0300] "GET /cormun/servlet/trpermisosgoce HTTP/1.1" 200 7866
200.54.247.69 - - [10/May/2017:10:37:39 -0300] "GET /cormun/servlet/trpermisosgoce HTTP/1.1" 200 7863
40.77.167.137 - - [10/May/2017:10:37:42 -0300] "GET /cormun/servlet/solicitudotadjuntos?5ad8dce57e94906bc54e7ac3e42a899c,INS,2017,5531,,1, HTTP/1.1" 200 5302
200.54.247.69 - - [10/May/2017:10:37:43 -0300] "GET /cormun/servlet/trpermisosadjuntos?16494154,20170510113202,P, HTTP/1.1" 200 6326
200.54.247.69 - - [10/May/2017:10:37:43 -0300] "GET /cormun/servlet/trpermisosadjuntos?16494154,20170510113202,P, HTTP/1.1" 200 6327
200.86.10.241 - - [10/May/2017:10:37:46 -0300] "GET /cormun/servlet/licenciaspermisos?INS,0,,, HTTP/1.1" 200 7169
200.86.10.241 - - [10/May/2017:10:37:46 -0300] "GET /cormun/static/gxcfg.js?201741111445322 HTTP/1.1" 304 -
200.86.10.241 - - [10/May/2017:10:37:47 -0300] "GET /cormun/static/licenciaspermisos.js?201741111445392 HTTP/1.1" 304 -
200.86.10.241 - - [10/May/2017:10:37:47 -0300] "GET /cormun/servlet/licenciaspermisos?INS,0,,, HTTP/1.1" 200 7169
200.54.247.69 - - [10/May/2017:10:37:47 -0300] "GET /cormun/servlet/permisosadjuntos?INS,16494154,P,20170510113202,, HTTP/1.1" 200 5656
200.54.247.69 - - [10/May/2017:10:37:47 -0300] "GET /cormun/static/about:blank HTTP/1.1" 404 1011
200.54.247.69 - - [10/May/2017:10:37:47 -0300] "GET /cormun/servlet/permisosadjuntos?INS,16494154,P,20170510113202,, HTTP/1.1" 200 5646
157.55.39.138 - - [10/May/2017:10:38:00 -0300] "GET /cormun/static/Shared/jqueryui/images/ui-icons_82798d_256x240.png HTTP/1.1" 404 1089
157.55.39.138 - - [10/May/2017:10:38:00 -0300] "GET /cormun/static/Shared/jqueryui/images/ui-icons_8d78a5_256x240.png HTTP/1.1" 404 1089
200.54.247.69 - - [10/May/2017:10:38:02 -0300] "POST /cormun/servlet/permisosadjuntos?189390305d262e3f40dd06be211084af,INS,16494154,P,20170510113202,, HTTP/1.1" 200 116
200.54.247.69 - - [10/May/2017:10:38:02 -0300] "GET /cormun/servlet/hpexe_return? HTTP/1.1" 200 1031
200.54.247.69 - - [10/May/2017:10:38:03 -0300] "GET /cormun/servlet/trpermisosadjuntos?16494154,20170510113202,P, HTTP/1.1" 200 6781
40.77.167.137 - - [10/May/2017:10:38:04 -0300] "GET /cormun/servlet/solicitudotadjuntos?5ad8dce57e94906bc54e7ac3e42a899c,INS,2017,5531,,1, HTTP/1.1" 200 5302
200.54.247.69 - - [10/May/2017:10:38:04 -0300] "GET /cormun/servlet/trpermisosadjuntos?16494154,20170510113202,P, HTTP/1.1" 200 6776
40.77.167.137 - - [10/May/2017:10:38:05 -0300] "GET /cormun/static/Shared/jqueryui/images/ui-bg_highlight-soft_100_c6c2c8_1x100.png HTTP/1.1" 404 1117
200.54.247.69 - - [10/May/2017:10:38:07 -0300] "POST /cormun/servlet/trpermisosadjuntos?189390305d262e3f40dd06be211084af,16494154,20170510113202,P,,gx-no-cache=1494423547694 HTTP/1.1" 200 90
200.54.247.69 - - [10/May/2017:10:38:07 -0300] "GET /cormun/servlet/hpexe_link HTTP/1.1" 200 981
200.54.247.69 - - [10/May/2017:10:38:07 -0300] "GET /cormun/servlet/trpermisosgoce HTTP/1.1" 200 7864
200.54.247.69 - - [10/May/2017:10:38:08 -0300] "GET /cormun/servlet/trpermisosgoce HTTP/1.1" 200 7862
207.46.13.57 - - [10/May/2017:10:38:09 -0300] "GET /cormun/static/Shared/jqueryui/images/ui-bg_flat_55_fafafa_40x100.png HTTP/1.1" 404 1097
200.54.247.69 - - [10/May/2017:10:38:12 -0300] "POST /cormun/servlet/trpermisosgoce?189390305d262e3f40dd06be211084af,gx-no-cache=1494423552057 HTTP/1.1" 200 4892
200.54.247.69 - - [10/May/2017:10:38:12 -0300] "GET /cormun/static/Shared/jqueryui/images/ui-bg_highlight-soft_100_c6c2c8_1x100.png HTTP/1.1" 404 1117
200.54.247.69 - - [10/May/2017:10:38:12 -0300] "GET /cormun/static/Shared/jqueryui/images/ui-icons_82798d_256x240.png HTTP/1.1" 404 1089
200.54.247.69 - - [10/May/2017:10:38:12 -0300] "GET /cormun/static/Shared/jqueryui/images/ui-bg_flat_55_fafafa_40x100.png HTTP/1.1" 404 1097
200.54.247.69 - - [10/May/2017:10:38:12 -0300] "GET /cormun/static/Shared/jqueryui/images/ui-icons_8d78a5_256x240.png HTTP/1.1" 404 1089
186.79.130.204 - - [10/May/2017:10:38:22 -0300] "POST /cormun/servlet/solicitudot?gx-no-cache=1494423564714 HTTP/1.1" 200 1279
186.79.130.204 - - [10/May/2017:10:38:22 -0300] "POST /cormun/servlet/solicitudot?gx-no-cache=1494423565088 HTTP/1.1" 200 1162
186.79.130.204 - - [10/May/2017:10:38:22 -0300] "GET /cormun/servlet/solicitudot?fc04371c8a4875121fd0b913f28f0fa6f0847e585ae54e91f2d96c5f488a86413c1f66ccc98ce2162b51168b9b2da6a9fefd653ec48097bcf77c09889728b635d9d4e6a924ea453611e97d4bbc0f37a855ee451d8874dc45bb063f0b67cdd6f48982b1808690acd4b3d8fbcb71f80ae70e8ef9951f7a08b6de0426eca2b1055d1f2e0c017701598b6295e15cfad0eeb485be6c2e071f5ad0d1e7d8f08ea72194ba941b66f1bb79f6eef9f64d916a452f,gx-no-cache=1494423565305 HTTP/1.1" 200 30
186.79.130.204 - - [10/May/2017:10:38:23 -0300] "POST /cormun/servlet/solicitudot?58cd9eb1499f4e9aab7519699f93fa00,INS,0,0,,gx-no-cache=1494423565447 HTTP/1.1" 200 93
186.79.130.204 - - [10/May/2017:10:38:23 -0300] "GET /cormun/servlet/hpexe_return? HTTP/1.1" 200 1011
186.79.130.204 - - [10/May/2017:10:38:24 -0300] "GET /cormun/servlet/trsolicitudot HTTP/1.1" 200 8006
186.79.130.204 - - [10/May/2017:10:38:25 -0300] "GET /cormun/servlet/trsolicitudot HTTP/1.1" 200 8002
186.79.130.204 - - [10/May/2017:10:39:01 -0300] "GET /cormun/servlet/solicitudot?INS,0,0, HTTP/1.1" 200 12577
186.103.157.235 - - [10/May/2017:10:39:01 -0300] "POST /cormun/servlet/solicitudot?gx-no-cache=1494423600505 HTTP/1.1" 200 3227
186.103.157.235 - - [10/May/2017:10:39:01 -0300] "GET /cormun/static/Shared/jqueryui/images/ui-bg_highlight-soft_100_c6c2c8_1x100.png HTTP/1.1" 404 1117
186.103.157.235 - - [10/May/2017:10:39:01 -0300] "GET /cormun/static/Shared/jqueryui/images/ui-icons_82798d_256x240.png HTTP/1.1" 404 1089
186.103.157.235 - - [10/May/2017:10:39:01 -0300] "GET /cormun/static/Shared/jqueryui/images/ui-bg_flat_55_994d53_40x100.png HTTP/1.1" 404 1097
186.103.157.235 - - [10/May/2017:10:39:01 -0300] "GET /cormun/static/Shared/jqueryui/images/ui-icons_ebccce_256x240.png HTTP/1.1" 404 1089
186.79.130.204 - - [10/May/2017:10:39:02 -0300] "GET /cormun/servlet/solicitudot?INS,0,0, HTTP/1.1" 200 12582
186.79.130.204 - - [10/May/2017:10:39:20 -0300] "POST /cormun/servlet/solicitudot?gx-no-cache=1494423621456 HTTP/1.1" 200 3180
186.79.130.204 - - [10/May/2017:10:39:21 -0300] "POST /cormun/servlet/solicitudot?58cd9eb1499f4e9aab7519699f93fa00,INS,0,0,,gx-no-cache=1494423623164 HTTP/1.1" 200 9754
186.79.130.204 - - [10/May/2017:10:40:49 -0300] "GET /cormun/servlet/solicitudot?fc04371c8a4875121fd0b913f28f0fa61489dac88e02429ef5421587638625dcdedca60bd481a7670e5236858fb30408,gx-no-cache=1494423711838 HTTP/1.1" 200 30
186.79.130.204 - - [10/May/2017:10:40:49 -0300] "POST /cormun/servlet/solicitudot?gx-no-cache=1494423711957 HTTP/1.1" 200 240
186.79.130.204 - - [10/May/2017:10:40:49 -0300] "GET /cormun/servlet/solicitudot?fc04371c8a4875121fd0b913f28f0fa6adab398a530eb7f4a3cc2e7c1906a44e1046da3c345b2bdf030cd01083d7d6ae533e57be8ad712e0a92f4cd0e1229a58ffcc694333c40a59552048ebc377eebf3e074b12d8ae11fcf00ec3b959123de2a868fb51e86d97ca6641292b5e1243581487f5a39124947ce47b21f151f6f8e23d03c63f0b18a124cf0ec798625ab6c200f5faeabb33b5dd2752dff0d87c61f4c48ad8aa1ff56eefea344c352e5f44db8feead616a6bda454cb347d046cbb9b88e79cf36bfdb223ff98ae91f273fdf9e9e8f06ad8189dba91a4a89bbf870c25b26bf7b25ea93d3129decece55be54a2c7d30dcd84f551854c59acdcbb452d20557a3a627667f5139f82dcb8406cefc8f2d822aa0be98cd299c5d3dd6e84baeb73a179fe5295af7845064da8c8b0f14f28520cf73aa64df10bd9a17f6c46178806c8a7ba226a3907165c48743befa23a0d58d6fbabfaf59c317e8f1138bfbffbf8655f8fef6a36c4851e2f148df9c907163cd32232e698b3893d058b7436f025b,gx-no-cache=1494423712055 HTTP/1.1" 200 30
200.86.10.241 - - [10/May/2017:10:42:14 -0300] "GET /cormun/servlet/prfichaempleado?,MD,,gxPopupLevel%3D0%3B HTTP/1.1" 200 8789
200.86.10.241 - - [10/May/2017:10:42:35 -0300] "POST /cormun/servlet/prfichaempleado?bca7bf7924df15d6dd777c58f52b1217,,MD,,gxPopupLevel%3D0%3B,gx-no-cache=1494423814206 HTTP/1.1" 200 3402
186.103.159.188 - - [10/May/2017:10:43:13 -0300] "GET /cormun/servlet/licenciaspermisos?6d6780adb0914caea77c570edf0aa8117ffed7b7eacccd9fda6624e685847423a733a248bf377ca1898f376a08127675,gx-no-cache=1494423852943 HTTP/1.1" 200 59
186.103.159.188 - - [10/May/2017:10:43:13 -0300] "POST /cormun/servlet/licenciaspermisos?bca7bf7924df15d6dd777c58f52b1217,INS,0,,,,gx-no-cache=1494423853005 HTTP/1.1" 200 4429
186.103.158.250 - - [10/May/2017:10:44:08 -0300] "POST /cormun/servlet/trsolicitudot?f69126c3977067297d370d7b51600493,,gx-no-cache=1494423907394 HTTP/1.1" 200 105
186.103.158.250 - - [10/May/2017:10:44:08 -0300] "GET /cormun/servlet/solicitudot?UPD,2017,6377, HTTP/1.1" 200 14269
186.103.158.250 - - [10/May/2017:10:44:10 -0300] "GET /cormun/servlet/solicitudot?UPD,2017,6377, HTTP/1.1" 200 14278
186.103.158.250 - - [10/May/2017:10:44:10 -0300] "POST /cormun/servlet/solicitudot?gx-no-cache=1494423910177 HTTP/1.1" 200 3154
186.103.158.250 - - [10/May/2017:10:44:11 -0300] "POST /cormun/servlet/solicitudot?f69126c3977067297d370d7b51600493,UPD,2017,6377,,gx-no-cache=1494423910421 HTTP/1.1" 200 10815
186.103.158.250 - - [10/May/2017:10:44:11 -0300] "GET /cormun/servlet/solicitudot?27908ecd82d65909c77a818b8d1e6f592ed845f05451dd8008f8da38b89b4094be3c2bf624acdde7c4d5a8847a9f13c1,gx-no-cache=1494423910825 HTTP/1.1" 200 30
186.103.158.250 - - [10/May/2017:10:44:11 -0300] "POST /cormun/servlet/solicitudot?gx-no-cache=1494423910966 HTTP/1.1" 200 238
186.103.158.250 - - [10/May/2017:10:44:12 -0300] "GET /cormun/servlet/solicitudot?27908ecd82d65909c77a818b8d1e6f59e67f74c7d247190729dd08825eb61e6401007a9bc9fe9072d0b0e82f5a69c7f824de776f5e6c16a2a6c7c39c45dc57cd48a4a56a5d466ffdcd5c522f697400d5f5091641506c705b649b21c84e0be145e8ff0ebf0561f28fdbfdbd73049accddb8c0023ecb992f76d59011c7621b0fc3df2e8826236310e483b8644dd87795d5764181017a168c1ea695075f9e8c5cedcad13b7979d3aad897b7e5226a75ff5ad536ef30974a2ed09c26bfd454a8389d6b0e5807dec92ea4e8dafbd0b2b8b9420afc01bcf87a6b51b609c6cfc9fd3b90e327ca4cead861dd17005bd4726db8fba97095be9c667051e4826e5746ecbeb4e3943286bdc103ec15906cc430355caa257371612dfef449b2f65e8396956cd37da34098831b0b478ca9c791fb614408f07a75cc6245ba91e11aad0b2e4b0a4e64a823e664df56cc954ab7e7c19b734523e040dcf4b7465fe12c9186b9128fbd8e5826a76d1dc155aec70419d360ab57bf4b458b29babbbf1a2f1a55be36851d,gx-no-cache=1494423911018 HTTP/1.1" 200 30
186.103.158.250 - - [10/May/2017:10:44:12 -0300] "POST /cormun/servlet/solicitudot?gx-no-cache=1494423911397 HTTP/1.1" 200 30
186.103.158.250 - - [10/May/2017:10:44:12 -0300] "POST /cormun/servlet/solicitudot?gx-no-cache=1494423911495 HTTP/1.1" 200 1296
186.103.158.250 - - [10/May/2017:10:44:12 -0300] "POST /cormun/servlet/solicitudot?gx-no-cache=1494423911641 HTTP/1.1" 200 41
186.103.158.250 - - [10/May/2017:10:44:29 -0300] "GET /cormun/servlet/prlicenciaspermisos?16492695,L,,MD,,gxPopupLevel%3D0%3B HTTP/1.1" 200 5594
186.103.158.250 - - [10/May/2017:10:44:52 -0300] "GET /cormun/servlet/solicitudot?27908ecd82d65909c77a818b8d1e6f59050e34755c03773209a531a055a384e46cb546720fb575aafc5413debd95ff723137570f5a00f673b4dcc74e6a1b66308a31997ce5e6b60c0ec629d8a7557203842ee7b4b6b09bc96cf332bfcf54dfc67c1e35a7c0bd230f014944b3f3c966b4,gx-no-cache=1494423952293 HTTP/1.1" 200 29
186.103.158.250 - - [10/May/2017:10:44:53 -0300] "POST /cormun/servlet/solicitudot?gx-no-cache=1494423952343 HTTP/1.1" 200 1280
186.103.158.250 - - [10/May/2017:10:44:53 -0300] "POST /cormun/servlet/solicitudot?gx-no-cache=1494423952433 HTTP/1.1" 200 1162
186.103.158.250 - - [10/May/2017:10:44:53 -0300] "GET /cormun/servlet/solicitudot?27908ecd82d65909c77a818b8d1e6f59f97809ec5abc00ce95eb9accd64141433600d756a2a24829da7850f4246774fde52a204b6479358b76f18fefdb77ba7ca17586dc93a3dd8cb528e921cb48f707e3943286bdc103ec15906cc430355caa16456a5d4228797bad2dbfab1a30319978b4d664fc735c77a5cee15f8335e535a45d1492bfc48b00e052114b399d8c1aa2f4a51d48718911df79b00126aadd2b887e1a370519d58d986ef5a90882570608e46a9d49fae1ec61161d3ebfa842ca,gx-no-cache=1494423952504 HTTP/1.1" 200 32
186.103.158.250 - - [10/May/2017:10:44:53 -0300] "POST /cormun/servlet/solicitudot?f69126c3977067297d370d7b51600493,UPD,2017,6377,,gx-no-cache=1494423952560 HTTP/1.1" 200 93
186.103.158.250 - - [10/May/2017:10:44:53 -0300] "GET /cormun/servlet/hpexe_return? HTTP/1.1" 200 1016
186.103.158.250 - - [10/May/2017:10:44:53 -0300] "GET /cormun/servlet/trsolicitudot HTTP/1.1" 200 8511
186.103.158.250 - - [10/May/2017:10:44:55 -0300] "GET /cormun/servlet/trsolicitudot HTTP/1.1" 200 8507
186.103.158.250 - - [10/May/2017:10:45:33 -0300] "POST /cormun/servlet/trsolicitudot?f69126c3977067297d370d7b51600493,gx-no-cache=1494423992316 HTTP/1.1" 200 106
186.103.158.250 - - [10/May/2017:10:45:33 -0300] "GET /cormun/servlet/solicitudot?UPD,2017,6360, HTTP/1.1" 200 14295
186.103.158.250 - - [10/May/2017:10:45:35 -0300] "GET /cormun/servlet/solicitudot?UPD,2017,6360, HTTP/1.1" 200 14304
186.103.158.250 - - [10/May/2017:10:45:35 -0300] "POST /cormun/servlet/solicitudot?gx-no-cache=1494423994860 HTTP/1.1" 200 3155
186.103.158.250 - - [10/May/2017:10:45:35 -0300] "POST /cormun/servlet/solicitudot?f69126c3977067297d370d7b51600493,UPD,2017,6360,,gx-no-cache=1494423995067 HTTP/1.1" 200 10842
186.103.158.250 - - [10/May/2017:10:45:36 -0300] "GET /cormun/servlet/solicitudot?27908ecd82d65909c77a818b8d1e6f59aaaebc7068ce8523e297d11f835952cfab9e5f36e818fc20469a55d8a0ca67fc,gx-no-cache=1494423995502 HTTP/1.1" 200 30
186.103.158.250 - - [10/May/2017:10:45:36 -0300] "POST /cormun/servlet/solicitudot?gx-no-cache=1494423995580 HTTP/1.1" 200 238
186.103.158.250 - - [10/May/2017:10:45:36 -0300] "GET /cormun/servlet/solicitudot?27908ecd82d65909c77a818b8d1e6f59e67f74c7d247190729dd08825eb61e6401007a9bc9fe9072d0b0e82f5a69c7f824de776f5e6c16a2a6c7c39c45dc57cd48a4a56a5d466ffdcd5c522f697400d5f5091641506c705b649b21c84e0be145e8ff0ebf0561f28fdbfdbd73049accddb8c0023ecb992f76d59011c7621b0fc3df2e8826236310e483b8644dd87795d5764181017a168c1ea695075f9e8c5cedcad13b7979d3aad897b7e5226a75ff5ad536ef30974a2ed09c26bfd454a8389d6b0e5807dec92ea4e8dafbd0b2b8b9420afc01bcf87a6b51b609c6cfc9fd3b90e327ca4cead861dd17005bd4726db8fba97095be9c667051e4826e5746ecbeb4e3943286bdc103ec15906cc430355caa257371612dfef449b2f65e8396956cd37da34098831b0b478ca9c791fb614408f07a75cc6245ba91e11aad0b2e4b0a4e64a823e664df56cc954ab7e7c19b734523e040dcf4b7465fe12c9186b9128fbd8e5826a76d1dc155aec70419d360ab57bf4b458b29babbbf1a2f1a55be36851d,gx-no-cache=1494423995636 HTTP/1.1" 200 30
186.103.158.250 - - [10/May/2017:10:45:36 -0300] "POST /cormun/servlet/solicitudot?gx-no-cache=1494423996005 HTTP/1.1" 200 30
186.103.158.250 - - [10/May/2017:10:45:36 -0300] "POST /cormun/servlet/solicitudot?gx-no-cache=1494423996103 HTTP/1.1" 200 1296
186.103.158.250 - - [10/May/2017:10:45:36 -0300] "POST /cormun/servlet/solicitudot?gx-no-cache=1494423996283 HTTP/1.1" 200 41
186.103.158.250 - - [10/May/2017:10:45:51 -0300] "GET /cormun/servlet/solicitudot?27908ecd82d65909c77a818b8d1e6f59050e34755c03773209a531a055a384e46cb546720fb575aafc5413debd95ff723137570f5a00f673b4dcc74e6a1b66308a31997ce5e6b60c0ec629d8a7557203842ee7b4b6b09bc96cf332bfcf54dfc67c1e35a7c0bd230f014944b3f3c966b4,gx-no-cache=1494424010667 HTTP/1.1" 200 29
186.103.158.250 - - [10/May/2017:10:45:51 -0300] "POST /cormun/servlet/solicitudot?gx-no-cache=1494424010705 HTTP/1.1" 200 1281
186.103.158.250 - - [10/May/2017:10:45:51 -0300] "POST /cormun/servlet/solicitudot?gx-no-cache=1494424010778 HTTP/1.1" 200 1162
186.103.158.250 - - [10/May/2017:10:45:51 -0300] "GET /cormun/servlet/solicitudot?27908ecd82d65909c77a818b8d1e6f596edb2732d37719e8a8b6e68646401ab06b6f94d2cc71cc8955f2604b8ca104e317c57a955bbb28857ccb1c901fbb690024b7cd37ea6320de51e7be6109d4f430da0ef7d222769a89af584549a10ab49f8a40aee52d253a90598bfadbee6f4256697b24c37b3071d60766cf050ed53d4d457c40d630c63232e9a63a8ef302f59735e4cbedcb6525b6daf934a8f79ad0f08a2004255f4119818256ba3b3fcece177f57d9639ba812d411d85794ea1d4756,gx-no-cache=1494424010846 HTTP/1.1" 200 32
186.103.158.250 - - [10/May/2017:10:45:51 -0300] "POST /cormun/servlet/solicitudot?f69126c3977067297d370d7b51600493,UPD,2017,6360,,gx-no-cache=1494424010904 HTTP/1.1" 200 93
186.103.158.250 - - [10/May/2017:10:45:51 -0300] "GET /cormun/servlet/hpexe_return? HTTP/1.1" 200 1016
186.103.158.250 - - [10/May/2017:10:45:52 -0300] "GET /cormun/servlet/trsolicitudot HTTP/1.1" 200 8511
186.103.158.250 - - [10/May/2017:10:45:53 -0300] "GET /cormun/servlet/trsolicitudot HTTP/1.1" 200 8507
186.103.158.250 - - [10/May/2017:10:46:05 -0300] "POST /cormun/servlet/trsolicitudot?f69126c3977067297d370d7b51600493,gx-no-cache=1494424024880 HTTP/1.1" 200 106
186.103.158.250 - - [10/May/2017:10:46:05 -0300] "GET /cormun/servlet/trsolicitudadjuntos?2017,6360, HTTP/1.1" 200 5891
186.103.158.250 - - [10/May/2017:10:46:06 -0300] "GET /cormun/servlet/trsolicitudadjuntos?2017,6360, HTTP/1.1" 200 5891
186.103.158.250 - - [10/May/2017:10:46:12 -0300] "GET /cormun/servlet/solicitudotadjuntos?INS,2017,6360,,1, HTTP/1.1" 200 5829
186.103.158.250 - - [10/May/2017:10:46:12 -0300] "GET /cormun/static/about:blank HTTP/1.1" 404 1011
186.103.158.250 - - [10/May/2017:10:46:13 -0300] "GET /cormun/servlet/solicitudotadjuntos?INS,2017,6360,,1, HTTP/1.1" 200 5823
186.103.158.250 - - [10/May/2017:10:46:13 -0300] "GET /cormun/servlet/solicitudotadjuntos?27908ecd82d65909c77a818b8d1e6f593936a4c6278790b08d08e0cc50dae8993124f5455049cf05f0c0526420c2c857,gx-no-cache=1494424033114 HTTP/1.1" 200 30
186.103.158.250 - - [10/May/2017:10:46:13 -0300] "POST /cormun/servlet/solicitudotadjuntos?f69126c3977067297d370d7b51600493,INS,2017,6360,,1,,gx-no-cache=1494424033159 HTTP/1.1" 200 3645
186.103.156.166 - - [10/May/2017:10:46:17 -0300] "GET /cormun/servlet/hhome HTTP/1.1" 200 3335
186.103.156.166 - - [10/May/2017:10:46:17 -0300] "GET /cormun/static/SmoothNavMenu/resources/ddsmoothmenu.css?1012540 HTTP/1.1" 200 2223
186.103.156.166 - - [10/May/2017:10:46:17 -0300] "GET /cormun/static/Resources/Spanish/PXTools.css?11294912 HTTP/1.1" 200 89042
