200.111.191.210 - - [09/May/2017:16:52:42 -0300] "GET /cormun/static/Shared/jqueryui/images/ui-icons_82798d_256x240.png HTTP/1.1" 404 1089
200.111.191.210 - - [09/May/2017:16:52:42 -0300] "GET /cormun/static/Shared/jqueryui/images/ui-bg_flat_55_fafafa_40x100.png HTTP/1.1" 404 1097
200.111.191.210 - - [09/May/2017:16:52:42 -0300] "GET /cormun/static/Shared/jqueryui/images/ui-icons_8d78a5_256x240.png HTTP/1.1" 404 1089
200.111.191.210 - - [09/May/2017:16:52:43 -0300] "GET /cormun/static/Shared/jqueryui/images/ui-bg_highlight-soft_100_c6c2c8_1x100.png HTTP/1.1" 404 1117
200.111.191.210 - - [09/May/2017:17:02:14 -0300] "GET /cormun/servlet/hlogin HTTP/1.1" 200 1747
199.30.24.56 - - [09/May/2017:17:06:46 -0300] "GET /cormun/static/gxdec.js?85251 HTTP/1.1" 200 19579
199.30.24.162 - - [09/May/2017:17:06:47 -0300] "GET /cormun/static/Resources/PXToolsGridPreviousDisabled.gif HTTP/1.1" 200 90
199.30.24.56 - - [09/May/2017:17:06:49 -0300] "GET /cormun/static/Resources/PXToolsGridPage.gif HTTP/1.1" 200 725
65.55.210.161 - - [09/May/2017:17:06:54 -0300] "GET /cormun//static/Resources/PXToolsActionDisabled.gif HTTP/1.1" 200 53
199.30.24.77 - - [09/May/2017:17:07:00 -0300] "GET /cormun/static/Resources/PXToolsLoginBackground.png HTTP/1.1" 200 1164
199.30.25.80 - - [09/May/2017:17:07:03 -0300] "GET /cormun/static/Resources/PXToolsButtonBackground2.png HTTP/1.1" 200 1181
65.55.210.114 - - [09/May/2017:17:07:04 -0300] "GET /cormun/static/Resources/PXToolsButtonRight21.png HTTP/1.1" 200 1283
200.54.247.69 - - [09/May/2017:17:16:08 -0300] "GET /cormun/servlet/hlogin HTTP/1.1" 200 1714
200.54.247.69 - - [09/May/2017:17:16:08 -0300] "GET /cormun/static/Resources/Spanish/PXTools.css?11294912 HTTP/1.1" 304 -
200.54.247.69 - - [09/May/2017:17:16:08 -0300] "GET /cormun/static/gxtimezone.js?85251 HTTP/1.1" 304 -
200.54.247.69 - - [09/May/2017:17:16:08 -0300] "GET /cormun/static/gxgral.js?85251 HTTP/1.1" 304 -
200.54.247.69 - - [09/May/2017:17:16:08 -0300] "GET /cormun/static/gxcfg.js?201741110203197 HTTP/1.1" 304 -
200.54.247.69 - - [09/May/2017:17:16:08 -0300] "GET /cormun/static/Resources/ComunLogin.png HTTP/1.1" 304 -
200.54.247.69 - - [09/May/2017:17:16:08 -0300] "GET /cormun/static/messages.spa.js?85251 HTTP/1.1" 304 -
200.54.247.69 - - [09/May/2017:17:16:08 -0300] "GET /cormun/static/hlogin.js?201741110203211 HTTP/1.1" 304 -
200.54.247.69 - - [09/May/2017:17:16:08 -0300] "GET /cormun/static/Resources/PXToolsLoginBackground.png HTTP/1.1" 304 -
200.54.247.69 - - [09/May/2017:17:16:08 -0300] "GET /cormun/static/Resources/PXToolsButtonBackground2.png HTTP/1.1" 304 -
200.54.247.69 - - [09/May/2017:17:16:08 -0300] "GET /cormun/static/Resources/PXToolsButtonRight21.png HTTP/1.1" 304 -
200.54.247.69 - - [09/May/2017:17:16:08 -0300] "GET /cormun/static/Resources/PXToolsButtonLeft21.png HTTP/1.1" 304 -
200.54.247.69 - - [09/May/2017:17:16:08 -0300] "GET /cormun/static/Resources/PXToolsLoginTop.png HTTP/1.1" 304 -
200.54.247.69 - - [09/May/2017:17:16:08 -0300] "GET /cormun/static/Resources/PXToolsLoginBottom.png HTTP/1.1" 304 -
200.54.247.69 - - [09/May/2017:17:16:08 -0300] "GET /cormun/servlet/hlogin HTTP/1.1" 200 1725
200.54.247.69 - - [09/May/2017:17:16:09 -0300] "GET /cormun/static/Resources/indicator.gif HTTP/1.1" 304 -
200.54.247.69 - - [09/May/2017:17:16:19 -0300] "POST /cormun/servlet/hlogin?b249be12fd6c6dbb2565e8de2b5e846e,gx-no-cache=1494361038440 HTTP/1.1" 200 90
200.54.247.69 - - [09/May/2017:17:16:19 -0300] "GET /cormun/servlet/hpexe_link HTTP/1.1" 200 945
200.54.247.69 - - [09/May/2017:17:16:19 -0300] "GET /cormun/servlet/hhome HTTP/1.1" 200 4023
200.54.247.69 - - [09/May/2017:17:16:24 -0300] "GET /cormun/servlet/trsolicitudot? HTTP/1.1" 200 6992
200.54.247.69 - - [09/May/2017:17:16:24 -0300] "GET /cormun/static/gxcfg.js?201731711505139 HTTP/1.1" 304 -
200.54.247.69 - - [09/May/2017:17:16:25 -0300] "GET /cormun/static/trsolicitudot.js?20173171151116 HTTP/1.1" 304 -
200.54.247.69 - - [09/May/2017:17:16:28 -0300] "GET /cormun/servlet/solicitudot?INS,0,0, HTTP/1.1" 200 12835
200.54.247.69 - - [09/May/2017:17:16:28 -0300] "GET /cormun/static/gxcfg.js?20171191042720 HTTP/1.1" 304 -
200.54.247.69 - - [09/May/2017:17:16:28 -0300] "GET /cormun/static/Resources/prompt.gif HTTP/1.1" 200 902
200.54.247.69 - - [09/May/2017:17:16:29 -0300] "GET /cormun/static/solicitudot.js?2017119104297 HTTP/1.1" 304 -
200.54.247.69 - - [09/May/2017:17:24:17 -0300] "GET /cormun/servlet/hlogin HTTP/1.1" 200 1727
200.54.247.69 - - [09/May/2017:17:24:17 -0300] "GET /cormun/static/Resources/Spanish/PXTools.css?11294912 HTTP/1.1" 304 -
200.54.247.69 - - [09/May/2017:17:24:17 -0300] "GET /cormun/static/gxtimezone.js?85251 HTTP/1.1" 304 -
200.54.247.69 - - [09/May/2017:17:24:17 -0300] "GET /cormun/static/gxcfg.js?201741110203197 HTTP/1.1" 304 -
200.54.247.69 - - [09/May/2017:17:24:17 -0300] "GET /cormun/static/Resources/ComunLogin.png HTTP/1.1" 304 -
200.54.247.69 - - [09/May/2017:17:24:18 -0300] "GET /cormun/static/hlogin.js?201741110203211 HTTP/1.1" 304 -
200.54.247.69 - - [09/May/2017:17:24:18 -0300] "GET /cormun/static/gxgral.js?85251 HTTP/1.1" 304 -
200.54.247.69 - - [09/May/2017:17:24:18 -0300] "GET /cormun/static/messages.spa.js?85251 HTTP/1.1" 304 -
200.54.247.69 - - [09/May/2017:17:24:18 -0300] "GET /cormun/static/Resources/indicator.gif HTTP/1.1" 304 -
200.54.247.69 - - [09/May/2017:17:25:24 -0300] "POST /cormun/servlet/hlogin?5f6bc4770cc63dd8f8b5299746dfc4dc,gx-no-cache=1494361583761 HTTP/1.1" 200 90
200.54.247.69 - - [09/May/2017:17:25:25 -0300] "GET /cormun/servlet/hpexe_link HTTP/1.1" 200 954
200.54.247.69 - - [09/May/2017:17:25:25 -0300] "GET /cormun/servlet/hhome HTTP/1.1" 200 4034
200.54.247.69 - - [09/May/2017:17:25:28 -0300] "GET /cormun/servlet/trsolicitudot? HTTP/1.1" 200 7002
200.54.247.69 - - [09/May/2017:17:25:31 -0300] "GET /cormun/servlet/solicitudot?INS,0,0, HTTP/1.1" 200 12845
200.54.247.69 - - [09/May/2017:17:25:43 -0300] "POST /cormun/servlet/solicitudot?gx-no-cache=1494361603286 HTTP/1.1" 200 3092
200.54.247.69 - - [09/May/2017:17:25:44 -0300] "POST /cormun/servlet/solicitudot?5f6bc4770cc63dd8f8b5299746dfc4dc,INS,0,0,,gx-no-cache=1494361603613 HTTP/1.1" 200 9880
200.54.247.69 - - [09/May/2017:17:25:49 -0300] "GET /cormun/servlet/solicitudot?f98b8d0d2edbe679a860415ef74f782de326418310d7cdfbfdbb261f16dc8b1febe6ebf105c5f61265dad1ca747a2aeb,gx-no-cache=1494361609256 HTTP/1.1" 200 30
46.174.191.32 - - [09/May/2017:17:26:13 -0300] "GET / HTTP/1.0" 200 11197
200.54.247.69 - - [09/May/2017:17:32:25 -0300] "POST /cormun/servlet/solicitudot?gx-no-cache=1494362004459 HTTP/1.1" 200 297
200.54.247.69 - - [09/May/2017:17:32:25 -0300] "GET /cormun/servlet/solicitudot?f98b8d0d2edbe679a860415ef74f782dfacf52ef6ce16b356294ec3f65a4326242d335f0b779fa8eea9db293bf33db98c50bc6eb94539b31039cb5e11f64bf9101cf0873086396790f2e5661e4f026b1168a50fb7d5cb94924bab04e1f7e8ed3fd953b925aa01229013e3ba70ddde5aec03e4329566031b2390c23d141be84d35cacaca093f2384b347db4e024366c503f4906c658f01c1aba7ee9235d41c884775a8160f6610bccce200af97264aa2ece3f2d575d42800cda820ba9e67fa57ad699a8aa4c3ad69d22cc13e8136b381800fae4107eef80b2c75887a02826a88e67d7d41c2030de6fa5ba8898ed7f3ff6bc951f42e6c18ad4424321bc763ace22ab84c5225e9ad86bb2e73fb0aec0d189a7b222e60f0b18d4b7ea505f4c7d359f0e9a0adb2ff53a4f5820879e709ed8c1bc760c5040d16db0d08ea6d36b908120f2f483dd843c503abab05e251f250b1fc4cd50fc66fc7253c44eef6bb9d5a424b96084ce400bf29bc0331686cce50963c32712dbec7eff3ddd681c81c046f6fb3dad3aeefaa5d7460d189e87f73cb04d,gx-no-cache=1494362004602 HTTP/1.1" 200 30
200.54.247.69 - - [09/May/2017:17:32:25 -0300] "POST /cormun/servlet/solicitudot?gx-no-cache=1494362004978 HTTP/1.1" 200 30
200.54.247.69 - - [09/May/2017:17:32:25 -0300] "POST /cormun/servlet/solicitudot?gx-no-cache=1494362005061 HTTP/1.1" 200 235
200.54.247.69 - - [09/May/2017:17:32:25 -0300] "POST /cormun/servlet/solicitudot?gx-no-cache=1494362005152 HTTP/1.1" 200 38
200.54.247.69 - - [09/May/2017:17:32:25 -0300] "GET /cormun/servlet/solicitudot?f98b8d0d2edbe679a860415ef74f782d87754a678e4116e09d1f65363d6bdcdc42d0e63588d6b81e119c515dc9c6426664033894bbd5bbc85326efa17930ee628e02414788329bd2b7aafe457ea98c39fbd16a9f8f0ae427286fc9cf15e1e8da69c7bb151f73c23a0752157eb61fd6e0,gx-no-cache=1494362005211 HTTP/1.1" 200 29
200.54.247.69 - - [09/May/2017:17:32:25 -0300] "POST /cormun/servlet/solicitudot?gx-no-cache=1494362005272 HTTP/1.1" 200 709
200.54.247.69 - - [09/May/2017:17:32:25 -0300] "POST /cormun/servlet/solicitudot?gx-no-cache=1494362005365 HTTP/1.1" 200 585
200.54.247.69 - - [09/May/2017:17:32:25 -0300] "GET /cormun/servlet/solicitudot?f98b8d0d2edbe679a860415ef74f782dc87dfff7ae4a77448d9ff5dc1dce157381b58b3b347376b79e63a1a2c0a61fbd9a89660ad45ab17438a92ed2ad78ba3d400152537571aa6e6f0e4138de9f09ab7e8860cbf500004cec6052320bfad0732a740581d7673ebe8eb13778bfccb8d0faa5a46b5fb3264b25a31a5d0b9d6022a809a61ab6e17e0ad78a7bd3734624bb93dbc94f064252e9428138d6f6f7ead9,gx-no-cache=1494362005439 HTTP/1.1" 200 30
40.77.167.108 - - [09/May/2017:17:32:40 -0300] "GET /cormun/static/trlicenciaspermisosadjuntos.js?20173171154971 HTTP/1.1" 200 21005
200.54.247.69 - - [09/May/2017:17:32:47 -0300] "POST /cormun/servlet/solicitudot?gx-no-cache=1494362026700 HTTP/1.1" 200 30
200.54.247.69 - - [09/May/2017:17:32:48 -0300] "POST /cormun/servlet/solicitudot?gx-no-cache=1494362027981 HTTP/1.1" 200 723
200.54.247.69 - - [09/May/2017:17:32:48 -0300] "POST /cormun/servlet/solicitudot?gx-no-cache=1494362028066 HTTP/1.1" 200 38
200.54.247.69 - - [09/May/2017:17:33:19 -0300] "POST /cormun/servlet/solicitudot?5f6bc4770cc63dd8f8b5299746dfc4dc,INS,0,0,,gx-no-cache=1494362058570 HTTP/1.1" 200 10777
200.54.247.69 - - [09/May/2017:17:33:20 -0300] "GET /cormun/static/Shared/jqueryui/images/ui-bg_flat_55_994d53_40x100.png HTTP/1.1" 404 1097
200.54.247.69 - - [09/May/2017:17:33:20 -0300] "GET /cormun/static/Shared/jqueryui/images/ui-icons_ebccce_256x240.png HTTP/1.1" 404 1089
200.54.247.69 - - [09/May/2017:17:33:20 -0300] "GET /cormun/static/Shared/jqueryui/images/ui-icons_82798d_256x240.png HTTP/1.1" 404 1089
200.54.247.69 - - [09/May/2017:17:33:20 -0300] "GET /cormun/static/Shared/jqueryui/images/ui-bg_highlight-soft_100_c6c2c8_1x100.png HTTP/1.1" 404 1117
200.54.247.69 - - [09/May/2017:17:33:30 -0300] "POST /cormun/servlet/solicitudot?gx-no-cache=1494362070411 HTTP/1.1" 200 709
200.54.247.69 - - [09/May/2017:17:33:32 -0300] "POST /cormun/servlet/solicitudot?gx-no-cache=1494362072319 HTTP/1.1" 200 1162
200.54.247.69 - - [09/May/2017:17:33:44 -0300] "GET /cormun/static/menuarrow.gif HTTP/1.1" 404 1015
190.45.55.254 - - [09/May/2017:17:34:58 -0300] "GET /cormun/servlet/hlogin HTTP/1.1" 200 1735
200.54.247.69 - - [09/May/2017:17:37:10 -0300] "GET /cormun/servlet/solicitudot?f98b8d0d2edbe679a860415ef74f782dfacf52ef6ce16b356294ec3f65a4326242d335f0b779fa8eea9db293bf33db98c50bc6eb94539b31039cb5e11f64bf9101cf0873086396790f2e5661e4f026b1168a50fb7d5cb94924bab04e1f7e8ed3fd953b925aa01229013e3ba70ddde5aec03e4329566031b2390c23d141be84d35cacaca093f2384b347db4e024366c503f4906c658f01c1aba7ee9235d41c884775a8160f6610bccce200af97264aa2ece3f2d575d42800cda820ba9e67fa57ad699a8aa4c3ad69d22cc13e8136b381800fae4107eef80b2c75887a02826a88e67d7d41c2030de6fa5ba8898ed7f3ff6bc951f42e6c18ad4424321bc763ace22ab84c5225e9ad86bb2e73fb0aec0d189a7b222e60f0b18d4b7ea505f4c7d359f0e9a0adb2ff53a4f5820879e709ed8c1bc760c5040d16db0d08ea6d36b908120f2f483dd843c503abab05e251f250b1fc4cd50fc66fc7253c44eef6bb9d5a424b96084ce400bf29bc0331686cce5096390f017b06a8eca231aed394865c383b23dad3aeefaa5d7460d189e87f73cb04d,gx-no-cache=1494362289679 HTTP/1.1" 200 30
200.54.247.69 - - [09/May/2017:17:37:10 -0300] "POST /cormun/servlet/solicitudot?gx-no-cache=1494362289815 HTTP/1.1" 200 30
200.54.247.69 - - [09/May/2017:17:37:10 -0300] "POST /cormun/servlet/solicitudot?gx-no-cache=1494362289907 HTTP/1.1" 200 1293
200.54.247.69 - - [09/May/2017:17:37:10 -0300] "POST /cormun/servlet/solicitudot?gx-no-cache=1494362290000 HTTP/1.1" 200 38
200.54.247.69 - - [09/May/2017:17:37:10 -0300] "POST /cormun/servlet/solicitudot?gx-no-cache=1494362290081 HTTP/1.1" 200 1280
200.54.247.69 - - [09/May/2017:17:37:12 -0300] "POST /cormun/servlet/solicitudot?gx-no-cache=1494362290190 HTTP/1.1" 200 1162
200.54.247.69 - - [09/May/2017:17:37:12 -0300] "GET /cormun/servlet/solicitudot?f98b8d0d2edbe679a860415ef74f782dc87dfff7ae4a77448d9ff5dc1dce157381b58b3b347376b79e63a1a2c0a61fbd9a89660ad45ab17438a92ed2ad78ba3d400152537571aa6e6f0e4138de9f09ab7e8860cbf500004cec6052320bfad0732a740581d7673ebe8eb13778bfccb8d0faa5a46b5fb3264b25a31a5d0b9d6022a809a61ab6e17e0ad78a7bd3734624bb93dbc94f064252e9428138d6f6f7ead9,gx-no-cache=1494362291604 HTTP/1.1" 200 30
200.54.247.69 - - [09/May/2017:17:37:40 -0300] "GET /cormun/servlet/solicitudot?f98b8d0d2edbe679a860415ef74f782dfacf52ef6ce16b356294ec3f65a4326242d335f0b779fa8eea9db293bf33db98c50bc6eb94539b31039cb5e11f64bf9101cf0873086396790f2e5661e4f026b1168a50fb7d5cb94924bab04e1f7e8ed3fd953b925aa01229013e3ba70ddde5aec03e4329566031b2390c23d141be84d35cacaca093f2384b347db4e024366c503f4906c658f01c1aba7ee9235d41c884775a8160f6610bccce200af97264aa2ece3f2d575d42800cda820ba9e67fa57ad699a8aa4c3ad69d22cc13e8136b381800fae4107eef80b2c75887a02826a88e67d7d41c2030de6fa5ba8898ed7f3ff6bc951f42e6c18ad4424321bc763ace22ab84c5225e9ad86bb2e73fb0aec0d189a7b222e60f0b18d4b7ea505f4c7d359f0e9a0adb2ff53a4f5820879e709ed8c1bc760c5040d16db0d08ea6d36b908120f2f483dd843c503abab05e251f250b1fc4cd50fc66fc7253c44eef6bb9d5a424b96084ce400bf29bc0331686cce5096390f017b06a8eca231aed394865c383b23dad3aeefaa5d7460d189e87f73cb04d,gx-no-cache=1494362319625 HTTP/1.1" 200 30
200.54.247.69 - - [09/May/2017:17:37:40 -0300] "POST /cormun/servlet/solicitudot?gx-no-cache=1494362319765 HTTP/1.1" 200 30
200.54.247.69 - - [09/May/2017:17:37:40 -0300] "POST /cormun/servlet/solicitudot?gx-no-cache=1494362319854 HTTP/1.1" 200 1293
200.54.247.69 - - [09/May/2017:17:37:40 -0300] "POST /cormun/servlet/solicitudot?gx-no-cache=1494362319947 HTTP/1.1" 200 38
200.54.247.69 - - [09/May/2017:17:37:40 -0300] "POST /cormun/servlet/solicitudot?gx-no-cache=1494362320021 HTTP/1.1" 200 1280
200.54.247.69 - - [09/May/2017:17:37:40 -0300] "POST /cormun/servlet/solicitudot?gx-no-cache=1494362320115 HTTP/1.1" 200 1162
186.79.80.214 - - [09/May/2017:17:39:04 -0300] "GET /cormun/servlet/hhome HTTP/1.1" 200 3349
186.79.80.214 - - [09/May/2017:17:39:04 -0300] "GET /cormun/servlet/hhome HTTP/1.1" 200 3343
186.79.80.214 - - [09/May/2017:17:39:05 -0300] "GET /cormun/servlet/hlogin HTTP/1.1" 200 1737
186.79.80.214 - - [09/May/2017:17:39:10 -0300] "POST /cormun/servlet/hlogin?bd279e1641b43066aeb21eaaecca3840,gx-no-cache=1494362410292 HTTP/1.1" 200 90
186.79.80.214 - - [09/May/2017:17:39:10 -0300] "GET /cormun/servlet/hpexe_link HTTP/1.1" 200 953
186.79.80.214 - - [09/May/2017:17:39:10 -0300] "GET /cormun/servlet/hhome HTTP/1.1" 200 3812
186.79.80.214 - - [09/May/2017:17:39:11 -0300] "GET /cormun/servlet/hhome HTTP/1.1" 200 3809
186.79.80.214 - - [09/May/2017:17:39:14 -0300] "GET /cormun/servlet/trsolicitudot? HTTP/1.1" 200 8066
186.79.80.214 - - [09/May/2017:17:39:15 -0300] "GET /cormun/servlet/trsolicitudot? HTTP/1.1" 200 8064
186.79.80.214 - - [09/May/2017:17:40:10 -0300] "POST /cormun/servlet/trsolicitudot?bd279e1641b43066aeb21eaaecca3840,,gx-no-cache=1494362469038 HTTP/1.1" 200 106
186.79.80.214 - - [09/May/2017:17:40:10 -0300] "GET /cormun/servlet/solicitudot?UPD,2017,6376, HTTP/1.1" 200 14278
186.79.80.214 - - [09/May/2017:17:40:11 -0300] "GET /cormun/servlet/solicitudot?UPD,2017,6376, HTTP/1.1" 200 14287
186.79.80.214 - - [09/May/2017:17:40:11 -0300] "POST /cormun/servlet/solicitudot?gx-no-cache=1494362471171 HTTP/1.1" 200 3175
186.79.80.214 - - [09/May/2017:17:40:12 -0300] "POST /cormun/servlet/solicitudot?bd279e1641b43066aeb21eaaecca3840,UPD,2017,6376,,gx-no-cache=1494362471794 HTTP/1.1" 200 10873
186.79.80.214 - - [09/May/2017:17:40:12 -0300] "GET /cormun/servlet/solicitudot?ac9043c4c5ff42bfd070a9432150fe7ef543baa77d514f56a42ff8d3cfa79478216f28ae774e90cd0d5f5189a71c6c2a,gx-no-cache=1494362472425 HTTP/1.1" 200 30
186.79.80.214 - - [09/May/2017:17:40:12 -0300] "POST /cormun/servlet/solicitudot?gx-no-cache=1494362472551 HTTP/1.1" 200 256
186.79.80.214 - - [09/May/2017:17:40:12 -0300] "GET /cormun/servlet/solicitudot?ac9043c4c5ff42bfd070a9432150fe7e9ae436a876394faa3e558d4af2fb622cbde99a0b7795dc595749bf89b1360bb65a69c342705c0e4a213664484eec03bbe8f931b9b345963f53a694c7b0f761df643e0036c1a93474a1fd8ed07ca48d2ab49ab7d1bd7c2adf6268e650587dcd21aaa93747282fd64b63374745952982e8fad2b4a1c079b58e17bc4308196f0a02fecc26708717edb082a5e3ec11e9b9b5dd7e3f8510459762810a7a6ada7f8a950f25ffb2e7ec5ff63b0fde8159634b5f0520c0bc7e886dace66a1c1d0bd7cd1c001c28ebef996359f493a9bd6278edb284f2299d8ed72711a7fa9c59a9b264ff7d5e28acc3a488c84fee6d1dba1ef80e24fc6bb22847a7b2e577f7ec1a909980a91d2f5223eff9c226748189c72a8937613d596c93a3d4cfea65eb738734b78e397540fe4520ca94d7aff91fd3f635aea18dea34379305adcfd5daadd81a5f3a4e967a778641d16dba2cbb8dadf5aeb51fc7cd3dcfa1134d7f50a0b23dc58e42d823f6f15fbe939a0af51e892fe3f1f7,gx-no-cache=1494362472687 HTTP/1.1" 200 30
186.79.80.214 - - [09/May/2017:17:40:13 -0300] "POST /cormun/servlet/solicitudot?gx-no-cache=1494362472803 HTTP/1.1" 200 30
186.79.80.214 - - [09/May/2017:17:40:13 -0300] "POST /cormun/servlet/solicitudot?gx-no-cache=1494362472934 HTTP/1.1" 200 1296
186.79.80.214 - - [09/May/2017:17:40:14 -0300] "POST /cormun/servlet/solicitudot?gx-no-cache=1494362473201 HTTP/1.1" 200 41
186.79.80.214 - - [09/May/2017:17:40:19 -0300] "POST /cormun/servlet/solicitudot?gx-no-cache=1494362479116 HTTP/1.1" 200 30
186.79.80.214 - - [09/May/2017:17:40:24 -0300] "POST /cormun/servlet/solicitudot?gx-no-cache=1494362484015 HTTP/1.1" 200 1296
186.79.80.214 - - [09/May/2017:17:40:24 -0300] "POST /cormun/servlet/solicitudot?gx-no-cache=1494362484296 HTTP/1.1" 200 41
186.79.80.214 - - [09/May/2017:17:40:36 -0300] "GET /cormun/servlet/solicitudot?ac9043c4c5ff42bfd070a9432150fe7ea897cf3441fa9631c20ec4a44b6e8de849353ccddb2908749db020b87e62d5e7a9011849fe49cf1087565bf057f90dada27a8f96b332531b1bce52c8cec5e5fd9b1e0ca22828ff762245c71c3f99eec5945a84666289d9daf1779fde69e4ecb5af034931b9f34b71fe8e68fd2172d317dc2e0d0942252df79d3f57f86d8da95dd86f00a6576d8eca33d453ea7e40e70f9471ef8d65a857bb5d84df9709973399e131806552160f11c4f87afc5b616293e35b76e16d66c3a624b4532c0a153085,gx-no-cache=1494362496150 HTTP/1.1" 200 29
186.79.80.214 - - [09/May/2017:17:40:36 -0300] "POST /cormun/servlet/solicitudot?gx-no-cache=1494362496237 HTTP/1.1" 200 1280
186.79.80.214 - - [09/May/2017:17:40:36 -0300] "POST /cormun/servlet/solicitudot?gx-no-cache=1494362496583 HTTP/1.1" 200 1162
200.54.247.69 - - [09/May/2017:17:40:40 -0300] "GET /cormun/servlet/solicitudot?f98b8d0d2edbe679a860415ef74f782dfacf52ef6ce16b356294ec3f65a4326242d335f0b779fa8eea9db293bf33db98c50bc6eb94539b31039cb5e11f64bf9101cf0873086396790f2e5661e4f026b1168a50fb7d5cb94924bab04e1f7e8ed3fd953b925aa01229013e3ba70ddde5aec03e4329566031b2390c23d141be84d35cacaca093f2384b347db4e024366c503f4906c658f01c1aba7ee9235d41c884775a8160f6610bccce200af97264aa2ece3f2d575d42800cda820ba9e67fa57ad699a8aa4c3ad69d22cc13e8136b381800fae4107eef80b2c75887a02826a88e67d7d41c2030de6fa5ba8898ed7f3ff6bc951f42e6c18ad4424321bc763ace22ab84c5225e9ad86bb2e73fb0aec0d189a7b222e60f0b18d4b7ea505f4c7d359f0e9a0adb2ff53a4f5820879e709ed8c1bc760c5040d16db0d08ea6d36b908120f2f483dd843c503abab05e251f250b1fc4cd50fc66fc7253c44eef6bb9d5a424b96084ce400bf29bc0331686cce5096390f017b06a8eca231aed394865c383b23dad3aeefaa5d7460d189e87f73cb04d,gx-no-cache=1494362500085 HTTP/1.1" 200 30
200.54.247.69 - - [09/May/2017:17:40:40 -0300] "POST /cormun/servlet/solicitudot?gx-no-cache=1494362500216 HTTP/1.1" 200 30
200.54.247.69 - - [09/May/2017:17:40:40 -0300] "POST /cormun/servlet/solicitudot?gx-no-cache=1494362500312 HTTP/1.1" 200 1293
200.54.247.69 - - [09/May/2017:17:40:40 -0300] "POST /cormun/servlet/solicitudot?gx-no-cache=1494362500390 HTTP/1.1" 200 38
200.54.247.69 - - [09/May/2017:17:40:41 -0300] "POST /cormun/servlet/solicitudot?gx-no-cache=1494362500468 HTTP/1.1" 200 1280
200.54.247.69 - - [09/May/2017:17:40:41 -0300] "POST /cormun/servlet/solicitudot?gx-no-cache=1494362500556 HTTP/1.1" 200 1162
200.54.247.69 - - [09/May/2017:17:40:45 -0300] "GET /cormun/servlet/solicitudot?f98b8d0d2edbe679a860415ef74f782dfacf52ef6ce16b356294ec3f65a4326242d335f0b779fa8eea9db293bf33db98c50bc6eb94539b31039cb5e11f64bf9101cf0873086396790f2e5661e4f026b1168a50fb7d5cb94924bab04e1f7e8ed3fd953b925aa01229013e3ba70ddde5aec03e4329566031b2390c23d141be84d35cacaca093f2384b347db4e024366c503f4906c658f01c1aba7ee9235d41c884775a8160f6610bccce200af97264aa2ece3f2d575d42800cda820ba9e67fa57ad699a8aa4c3ad69d22cc13e8136b381800fae4107eef80b2c75887a02826a88e67d7d41c2030de6fa5ba8898ed7f3ff6bc951f42e6c18ad4424321bc763ace22ab84c5225e9ad86bb2e73fb0aec0d189a7b222e60f0b18d4b7ea505f4c7d359f0e9a0adb2ff53a4f5820879e709ed8c1bc760c5040d16db0d08ea6d36b908120f2f483dd843c503abab05e251f250b1fc4cd50fc66fc7253c44eef6bb9d5a424b96084ce400bf29bc0331686cce5096390f017b06a8eca231aed394865c383b23dad3aeefaa5d7460d189e87f73cb04d,gx-no-cache=1494362505116 HTTP/1.1" 200 30
200.54.247.69 - - [09/May/2017:17:40:45 -0300] "POST /cormun/servlet/solicitudot?gx-no-cache=1494362505187 HTTP/1.1" 200 30
200.54.247.69 - - [09/May/2017:17:40:46 -0300] "POST /cormun/servlet/solicitudot?gx-no-cache=1494362505278 HTTP/1.1" 200 1293
200.54.247.69 - - [09/May/2017:17:40:46 -0300] "POST /cormun/servlet/solicitudot?gx-no-cache=1494362506095 HTTP/1.1" 200 38
200.54.247.69 - - [09/May/2017:17:40:46 -0300] "POST /cormun/servlet/solicitudot?gx-no-cache=1494362506178 HTTP/1.1" 200 1280
200.54.247.69 - - [09/May/2017:17:40:46 -0300] "POST /cormun/servlet/solicitudot?gx-no-cache=1494362506253 HTTP/1.1" 200 1162
186.79.80.214 - - [09/May/2017:17:40:48 -0300] "GET /cormun/static/menuarrow.gif HTTP/1.1" 404 1015
192.168.10.89 - - [09/May/2017:17:41:02 -0300] "GET /cormunbeta/servlet/hlogin HTTP/1.1" 200 1731
192.168.10.89 - - [09/May/2017:17:41:02 -0300] "GET /cormunbeta/static/messages.spa.js?85251 HTTP/1.1" 304 -
192.168.10.89 - - [09/May/2017:17:41:02 -0300] "GET /cormunbeta/static/gxcfg.js?201741110203197 HTTP/1.1" 304 -
192.168.10.89 - - [09/May/2017:17:41:05 -0300] "GET /cormun/servlet/hlogin HTTP/1.1" 200 1727
200.54.247.69 - - [09/May/2017:17:41:06 -0300] "GET /cormun/servlet/solicitudot?f98b8d0d2edbe679a860415ef74f782dc87dfff7ae4a77448d9ff5dc1dce15734eb299a5e95a4f7a29fbbb73a6207736acd268fae3fe1a59a8b68edd907528d87bab759624ca543b7c16d1f270afb2e32d929009e2ef31f58fc8eff6abc2729ed24108ecf383d60ddedc254f09f0325d5e3e623fc7524d6b0fb84778cd7d9f05024e76dde5dbc3c70f5abded1a3e9d7f73e228db189dd8c07a07540b9cf50cedb160fc60824ae4f0cc55155be4a5e970,gx-no-cache=1494362526155 HTTP/1.1" 200 30
200.54.247.69 - - [09/May/2017:17:41:07 -0300] "POST /cormun/servlet/solicitudot?5f6bc4770cc63dd8f8b5299746dfc4dc,INS,0,0,,gx-no-cache=1494362526235 HTTP/1.1" 200 93
200.54.247.69 - - [09/May/2017:17:41:07 -0300] "GET /cormun/servlet/hpexe_return? HTTP/1.1" 200 1009
200.54.247.69 - - [09/May/2017:17:41:07 -0300] "GET /cormun/static/Resources/Spanish/PXTools.css?167811 HTTP/1.1" 304 -
200.54.247.69 - - [09/May/2017:17:41:07 -0300] "GET /cormun/static/gxcfg.js?2016101716175148 HTTP/1.1" 304 -
200.54.247.69 - - [09/May/2017:17:41:07 -0300] "GET /cormun/static/hpexe_return.js?2016101716175153 HTTP/1.1" 304 -
200.54.247.69 - - [09/May/2017:17:41:07 -0300] "GET /cormun/servlet/trsolicitudot HTTP/1.1" 200 8276
200.54.247.69 - - [09/May/2017:17:41:08 -0300] "GET /cormun//static/Resources/PXToolsActionView.png HTTP/1.1" 200 2995
200.54.247.69 - - [09/May/2017:17:41:08 -0300] "GET /cormun//static/Resources/PXToolsRemoveAllAction.png HTTP/1.1" 200 3558
186.79.80.214 - - [09/May/2017:17:41:10 -0300] "GET /cormun/servlet/solicitudot?ac9043c4c5ff42bfd070a9432150fe7eb02ed11a1a4dca22af91d6a4a2858623a2eca9e1c2efea8e0e11a5b426a0da2372142048a6a605e5f8c79c06fb89db6df54377888426563b4e2ba4658439f84d1f896ac24d2ec175ef3a713ee2574e8b264a0a8dd3ca8da219e78ae5e2b263ff323cd16af39199532c3e5056e8cde39376042183ebc8ea618ac9cee710736aafc5aaf0b821ac3ee9d0b6ca3f8349a0e4f9f1246557419ae45af6729f71a563c1,gx-no-cache=1494362530575 HTTP/1.1" 200 32
186.79.80.214 - - [09/May/2017:17:41:11 -0300] "POST /cormun/servlet/solicitudot?bd279e1641b43066aeb21eaaecca3840,UPD,2017,6376,,gx-no-cache=1494362530769 HTTP/1.1" 200 93
186.79.80.214 - - [09/May/2017:17:41:11 -0300] "GET /cormun/servlet/hpexe_return? HTTP/1.1" 200 1012
186.79.80.214 - - [09/May/2017:17:41:12 -0300] "GET /cormun/servlet/trsolicitudot HTTP/1.1" 200 8057
186.79.80.214 - - [09/May/2017:17:41:12 -0300] "GET /cormun/servlet/trsolicitudot HTTP/1.1" 200 8053
200.54.247.69 - - [09/May/2017:17:41:16 -0300] "POST /cormun/servlet/trsolicitudot?5f6bc4770cc63dd8f8b5299746dfc4dc,gx-no-cache=1494362535952 HTTP/1.1" 200 107
192.168.10.89 - - [09/May/2017:17:41:16 -0300] "POST /cormun/servlet/hlogin?b29ece732adc4e732aeaa02db2a77920,gx-no-cache=1494365741245 HTTP/1.1" 200 90
192.168.10.89 - - [09/May/2017:17:41:16 -0300] "GET /cormun/servlet/hpexe_link HTTP/1.1" 200 956
192.168.10.89 - - [09/May/2017:17:41:16 -0300] "GET /cormun/servlet/hhome HTTP/1.1" 200 4462
200.54.247.69 - - [09/May/2017:17:41:16 -0300] "GET /cormun/servlet/trsolicitudadjuntos?2017,6382, HTTP/1.1" 200 6129
200.54.247.69 - - [09/May/2017:17:41:17 -0300] "GET /cormun/static/gxcfg.js?201731711504543 HTTP/1.1" 304 -
200.54.247.69 - - [09/May/2017:17:41:17 -0300] "GET /cormun/static/trsolicitudadjuntos.js?201731711504951 HTTP/1.1" 304 -
192.168.10.89 - - [09/May/2017:17:41:19 -0300] "GET /cormun/servlet/trsolicitudgral? HTTP/1.1" 200 25399
192.168.10.89 - - [09/May/2017:17:41:24 -0300] "GET /cormun/static/menuarrow.gif HTTP/1.1" 404 1015
200.54.247.69 - - [09/May/2017:17:41:25 -0300] "GET /cormun/servlet/solicitudotadjuntos?INS,2017,6382,,1, HTTP/1.1" 200 6071
200.54.247.69 - - [09/May/2017:17:41:25 -0300] "GET /cormun/static/gxcfg.js?201612218465951 HTTP/1.1" 304 -
200.54.247.69 - - [09/May/2017:17:41:25 -0300] "HEAD /cormun/static/about:blank HTTP/1.1" 404 -
200.54.247.69 - - [09/May/2017:17:41:25 -0300] "GET /cormun/static/solicitudotadjuntos.js?201612218465969 HTTP/1.1" 304 -
200.54.247.69 - - [09/May/2017:17:41:26 -0300] "GET /cormun/servlet/solicitudotadjuntos?f98b8d0d2edbe679a860415ef74f782dde8f2ded3280a4a87f02cb4756aeb84e272b0e77817c3421cbe62c2f14458c2c,gx-no-cache=1494362545746 HTTP/1.1" 200 30
200.54.247.69 - - [09/May/2017:17:41:26 -0300] "POST /cormun/servlet/solicitudotadjuntos?5f6bc4770cc63dd8f8b5299746dfc4dc,INS,2017,6382,,1,,gx-no-cache=1494362545821 HTTP/1.1" 200 3826
200.54.247.69 - - [09/May/2017:17:41:29 -0300] "POST /cormun/servlet/solicitudotadjuntos?gx-no-cache=1494362548467 HTTP/1.1" 200 26
192.168.10.89 - - [09/May/2017:17:41:31 -0300] "POST /cormun/servlet/trsolicitudgral?b29ece732adc4e732aeaa02db2a77920,,gx-no-cache=1494365756476 HTTP/1.1" 200 7195
186.79.80.214 - - [09/May/2017:17:41:41 -0300] "POST /cormun/servlet/trsolicitudot?bd279e1641b43066aeb21eaaecca3840,gx-no-cache=1494362559105 HTTP/1.1" 200 106
186.79.80.214 - - [09/May/2017:17:41:41 -0300] "GET /cormun/servlet/solicitudot?UPD,2017,6376, HTTP/1.1" 200 14279
186.79.80.214 - - [09/May/2017:17:41:42 -0300] "GET /cormun/servlet/solicitudot?UPD,2017,6376, HTTP/1.1" 200 14288
186.79.80.214 - - [09/May/2017:17:41:43 -0300] "POST /cormun/servlet/solicitudot?gx-no-cache=1494362562779 HTTP/1.1" 200 3175
192.168.10.89 - - [09/May/2017:17:41:44 -0300] "GET /cormun/servlet/solicitudgral?UPD,2017,6339, HTTP/1.1" 200 12312
186.79.80.214 - - [09/May/2017:17:41:45 -0300] "POST /cormun/servlet/solicitudot?bd279e1641b43066aeb21eaaecca3840,UPD,2017,6376,,gx-no-cache=1494362563925 HTTP/1.1" 200 10870
200.54.247.69 - - [09/May/2017:17:41:45 -0300] "GET /cormun/servlet/solicitudotadjuntos?f98b8d0d2edbe679a860415ef74f782d455b8864e533ef8e404d35d725815eb5,gx-no-cache=1494362564866 HTTP/1.1" 200 30
200.54.247.69 - - [09/May/2017:17:41:45 -0300] "GET /cormun/servlet/solicitudotadjuntos?f98b8d0d2edbe679a860415ef74f782d455b8864e533ef8e404d35d725815eb5,gx-no-cache=1494362564925 HTTP/1.1" 200 30
186.79.80.214 - - [09/May/2017:17:41:45 -0300] "GET /cormun/servlet/solicitudot?ac9043c4c5ff42bfd070a9432150fe7ef543baa77d514f56a42ff8d3cfa79478216f28ae774e90cd0d5f5189a71c6c2a,gx-no-cache=1494362565458 HTTP/1.1" 200 30
192.168.10.89 - - [09/May/2017:17:41:45 -0300] "POST /cormun/servlet/solicitudgral?gx-no-cache=1494365770379 HTTP/1.1" 200 3198
192.168.10.89 - - [09/May/2017:17:41:45 -0300] "GET /cormun/servlet/solicitudgral?2fbc720c5296500f8a4350ec194e114835481587a56c2ce764fe0dcdcf147e45a930c320bc66144676bfdfb7af6ca0310992bda47e6e59a1a6db56f73f701a9c71893c6dbcbf949869a48a9510e05235317089483f5b2f89a2f4962dbd85f8c243d5462adf2e1c66ce12789b02710ab7b779b61479f15d97adab3669e65adbdb96ded61be2d8e0430c95aa24f7f626f368491d8cf91c2f0eceb96b7c351199e9448b563216c56825a9b51fd983d3f30aa9086ddd75923ab7cf697087397d17c2b36f4a5f2317710c4235819d5574d735a091e34cc8fb5587017cdedccc6b4a9ab3b6b7e7707a84ce33c59f7ac24964dee4a81b55a3ac664e34e65c5f12d498d6ae766f22f3272021628b725d778cb5ddba7079939ec3ba52634046647324ff1dfce52ca9f1e057937c1006cc4096f57834c84046ad004611f9353470a245835afff675c705e7fdd16ebec90fdeec19cb,gx-no-cache=1494365770591 HTTP/1.1" 200 298
186.79.80.214 - - [09/May/2017:17:41:46 -0300] "POST /cormun/servlet/solicitudot?gx-no-cache=1494362565823 HTTP/1.1" 200 254
200.54.247.69 - - [09/May/2017:17:41:46 -0300] "POST /cormun/servlet/solicitudotadjuntos?5f6bc4770cc63dd8f8b5299746dfc4dc,INS,2017,6382,,1, HTTP/1.1" 200 116
200.54.247.69 - - [09/May/2017:17:41:46 -0300] "GET /cormun/servlet/hpexe_return? HTTP/1.1" 200 1028
200.54.247.69 - - [09/May/2017:17:41:46 -0300] "GET /cormun/servlet/trsolicitudadjuntos?2017,6382, HTTP/1.1" 200 8307
186.79.80.214 - - [09/May/2017:17:41:47 -0300] "GET /cormun/servlet/solicitudot?ac9043c4c5ff42bfd070a9432150fe7e9ae436a876394faa3e558d4af2fb622cbde99a0b7795dc595749bf89b1360bb65a69c342705c0e4a213664484eec03bbe8f931b9b345963f53a694c7b0f761df643e0036c1a93474a1fd8ed07ca48d2ab49ab7d1bd7c2adf6268e650587dcd21aaa93747282fd64b63374745952982e8fad2b4a1c079b58e17bc4308196f0a02fecc26708717edb082a5e3ec11e9b9b5dd7e3f8510459762810a7a6ada7f8a950f25ffb2e7ec5ff63b0fde8159634b5f0520c0bc7e886dace66a1c1d0bd7cd1c001c28ebef996359f493a9bd6278edb284f2299d8ed72711a7fa9c59a9b264ff7d5e28acc3a488c84fee6d1dba1ef80e24fc6bb22847a7b2e577f7ec1a909980a91d2f5223eff9c226748189c72a8937613d596c93a3d4cfea65eb738734b78e397540fe4520ca94d7aff91fd3f635aea18dea34379305adcfd5daadd81a5f3a4e967a778641d16dba2cbb8dadf5aeb51fc7cd3dcfa1134d7f50a0b23dc58e42d823f6f15fbe939a0af51e892fe3f1f7,gx-no-cache=1494362566249 HTTP/1.1" 200 30
186.79.80.214 - - [09/May/2017:17:41:47 -0300] "POST /cormun/servlet/solicitudot?gx-no-cache=1494362567298 HTTP/1.1" 200 30
186.79.80.214 - - [09/May/2017:17:41:48 -0300] "POST /cormun/servlet/solicitudot?gx-no-cache=1494362567696 HTTP/1.1" 200 1296
186.79.80.214 - - [09/May/2017:17:41:48 -0300] "POST /cormun/servlet/solicitudot?gx-no-cache=1494362568605 HTTP/1.1" 200 41
200.54.247.69 - - [09/May/2017:17:41:50 -0300] "GET /cormun/servlet/solicitudotadjuntos?INS,2017,6382,,1, HTTP/1.1" 200 6072
200.54.247.69 - - [09/May/2017:17:41:50 -0300] "HEAD /cormun/static/about:blank HTTP/1.1" 404 -
186.79.80.214 - - [09/May/2017:17:41:51 -0300] "GET /cormun/servlet/solicitudot?ac9043c4c5ff42bfd070a9432150fe7ea897cf3441fa9631c20ec4a44b6e8de849353ccddb2908749db020b87e62d5e7a9011849fe49cf1087565bf057f90dada27a8f96b332531b1bce52c8cec5e5fd9b1e0ca22828ff762245c71c3f99eec5945a84666289d9daf1779fde69e4ecb5af034931b9f34b71fe8e68fd2172d317dc2e0d0942252df79d3f57f86d8da95dd86f00a6576d8eca33d453ea7e40e70f9471ef8d65a857bb5d84df9709973399e131806552160f11c4f87afc5b616293e35b76e16d66c3a624b4532c0a153085,gx-no-cache=1494362571114 HTTP/1.1" 200 29
200.54.247.69 - - [09/May/2017:17:41:51 -0300] "GET /cormun/servlet/solicitudotadjuntos?f98b8d0d2edbe679a860415ef74f782dde8f2ded3280a4a87f02cb4756aeb84e272b0e77817c3421cbe62c2f14458c2c,gx-no-cache=1494362570901 HTTP/1.1" 200 30
186.79.80.214 - - [09/May/2017:17:41:51 -0300] "POST /cormun/servlet/solicitudot?gx-no-cache=1494362571225 HTTP/1.1" 200 1280
200.54.247.69 - - [09/May/2017:17:41:51 -0300] "POST /cormun/servlet/solicitudotadjuntos?5f6bc4770cc63dd8f8b5299746dfc4dc,INS,2017,6382,,1,,gx-no-cache=1494362570971 HTTP/1.1" 200 3826
186.79.80.214 - - [09/May/2017:17:41:51 -0300] "POST /cormun/servlet/solicitudot?gx-no-cache=1494362571545 HTTP/1.1" 200 1162
186.79.80.214 - - [09/May/2017:17:41:52 -0300] "GET /cormun/static/menuarrow.gif HTTP/1.1" 404 1015
192.168.10.89 - - [09/May/2017:17:41:53 -0300] "GET /cormun/servlet/solicitudgral?2fbc720c5296500f8a4350ec194e1148152de80560d1269abfdb57d749c57d042dce5c9543d8c568542325a864b9b4008e3bc99781252bffbca78f78e0f723f6faec0b95f172dafedaff868213560e045f5b153fbe9336a950a5fea4b4e882e7632b47ba622f0d38c93eb360bb6d26197322237ee4bd8391aca78a51dd00b93d9fe1dbe12b054113bf10716e15048921a3a18c2ebd164ca29a5b227e56f592bd62283c10bd5e1c07a22162e73813270bb36f4a5f2317710c4235819d5574d735e87d2b13f7ad410905c072249236f8062bf48b9a55dbdd08e40959b9715975d0ae977ead188990a79cb4eef34807ee0e389b947d088ea55502e01236e95ea8ddb16769b5a700e02dfcf3c40761d93eb5f8de1c2ed7ad70874af106f92e7f4cd05a266b7f21271ade54005d637cb236d3e7c79b5fe3600086e575a808086bf393d1c0cbf0c64d22c8c379dc43d27ec583a54e8214e0295c33000d3d03bfdb470765bd66e8916251ecd43202c790cd80dd96d9e59b8c7d4727d41c00687fca116f2c22f6a840b98f7c7f46867722d849609b00413bcf9f428b2632ecddd77ae9b2cea760d524be334553dae3687be8b578f3a7f991a6454830d5a4e02726716aad5cf83cd9a76fa0c61945e32c7c96b5e441b630814a1a0554f12e3ac63ff8fe3afbf928b2892f2b321482784f46394bfe9b00413bcf9f428b2632ecddd77ae9b26330bbd5e37badc8c146663f02a8b25e9f2a3cd3f84332748c98631b8b1abc94960a5e9099b7070e5fc46e8bbee72c7b,gx-no-cache=1494365778228 HTTP/1.1" 200 48
192.168.10.89 - - [09/May/2017:17:41:54 -0300] "POST /cormun/servlet/solicitudgral?b29ece732adc4e732aeaa02db2a77920,UPD,2017,6339,,gx-no-cache=1494365778560 HTTP/1.1" 200 10672
192.168.10.89 - - [09/May/2017:17:41:54 -0300] "GET /cormun/servlet/solicitudgral?2fbc720c5296500f8a4350ec194e114892bc6c3b53cdf83697b7ab5481f3f4357cec24dfe03df7036d3f16cb5d7361bb274e6fc19c54765b3aaf945975ed234cb48cd77509842a22d118c8ae33747173dd214f8b041eb7221383591d360cb9081e04f073fac3b58d5bcc9694f5e66262,gx-no-cache=1494365779162 HTTP/1.1" 200 29
192.168.10.89 - - [09/May/2017:17:41:54 -0300] "POST /cormun/servlet/solicitudgral?gx-no-cache=1494365779187 HTTP/1.1" 200 1256
192.168.10.89 - - [09/May/2017:17:41:54 -0300] "POST /cormun/servlet/solicitudgral?gx-no-cache=1494365779226 HTTP/1.1" 200 1158
186.79.80.214 - - [09/May/2017:17:41:55 -0300] "POST /cormun/servlet/solicitudot?gx-no-cache=1494362574571 HTTP/1.1" 200 1280
200.54.247.69 - - [09/May/2017:17:41:55 -0300] "POST /cormun/servlet/solicitudotadjuntos?gx-no-cache=1494362574942 HTTP/1.1" 200 26
186.79.80.214 - - [09/May/2017:17:41:56 -0300] "POST /cormun/servlet/solicitudot?gx-no-cache=1494362575587 HTTP/1.1" 200 1162
192.168.10.89 - - [09/May/2017:17:41:58 -0300] "POST /cormun/servlet/solicitudgral?b29ece732adc4e732aeaa02db2a77920,UPD,2017,6339,,gx-no-cache=1494365782978 HTTP/1.1" 200 93
192.168.10.89 - - [09/May/2017:17:41:58 -0300] "GET /cormun/servlet/hpexe_return? HTTP/1.1" 200 1016
192.168.10.89 - - [09/May/2017:17:41:58 -0300] "GET /cormun/servlet/trsolicitudgral? HTTP/1.1" 200 10503
192.168.10.89 - - [09/May/2017:17:42:04 -0300] "POST /cormun/servlet/trsolicitudgral?b29ece732adc4e732aeaa02db2a77920,,gx-no-cache=1494365788928 HTTP/1.1" 200 6794
192.168.10.89 - - [09/May/2017:17:42:04 -0300] "GET /cormun/static/Shared/jqueryui/images/ui-icons_82798d_256x240.png HTTP/1.1" 404 1089
192.168.10.89 - - [09/May/2017:17:42:04 -0300] "GET /cormun/static/Shared/jqueryui/images/ui-icons_8d78a5_256x240.png HTTP/1.1" 404 1089
192.168.10.89 - - [09/May/2017:17:42:04 -0300] "GET /cormun/static/Shared/jqueryui/images/ui-bg_highlight-soft_100_c6c2c8_1x100.png HTTP/1.1" 404 1117
192.168.10.89 - - [09/May/2017:17:42:04 -0300] "GET /cormun/static/Shared/jqueryui/images/ui-bg_flat_55_fafafa_40x100.png HTTP/1.1" 404 1097
200.54.247.69 - - [09/May/2017:17:42:06 -0300] "GET /cormun/servlet/solicitudotadjuntos?f98b8d0d2edbe679a860415ef74f782d455b8864e533ef8e404d35d725815eb5,gx-no-cache=1494362586198 HTTP/1.1" 200 30
200.54.247.69 - - [09/May/2017:17:42:06 -0300] "GET /cormun/servlet/solicitudotadjuntos?f98b8d0d2edbe679a860415ef74f782d455b8864e533ef8e404d35d725815eb5,gx-no-cache=1494362586259 HTTP/1.1" 200 30
200.54.247.69 - - [09/May/2017:17:42:11 -0300] "POST /cormun/servlet/solicitudotadjuntos?5f6bc4770cc63dd8f8b5299746dfc4dc,INS,2017,6382,,1, HTTP/1.1" 200 116
200.54.247.69 - - [09/May/2017:17:42:11 -0300] "GET /cormun/servlet/hpexe_return? HTTP/1.1" 200 1028
200.54.247.69 - - [09/May/2017:17:42:12 -0300] "GET /cormun/servlet/trsolicitudadjuntos?2017,6382, HTTP/1.1" 200 8496
200.54.247.69 - - [09/May/2017:17:42:15 -0300] "GET /cormun/servlet/solicitudotadjuntos?INS,2017,6382,,1, HTTP/1.1" 200 6072
200.54.247.69 - - [09/May/2017:17:42:15 -0300] "HEAD /cormun/static/about:blank HTTP/1.1" 404 -
200.54.247.69 - - [09/May/2017:17:42:16 -0300] "GET /cormun/servlet/solicitudotadjuntos?f98b8d0d2edbe679a860415ef74f782dde8f2ded3280a4a87f02cb4756aeb84e272b0e77817c3421cbe62c2f14458c2c,gx-no-cache=1494362595846 HTTP/1.1" 200 30
200.54.247.69 - - [09/May/2017:17:42:16 -0300] "POST /cormun/servlet/solicitudotadjuntos?5f6bc4770cc63dd8f8b5299746dfc4dc,INS,2017,6382,,1,,gx-no-cache=1494362595910 HTTP/1.1" 200 3826
200.54.247.69 - - [09/May/2017:17:42:19 -0300] "POST /cormun/servlet/solicitudotadjuntos?gx-no-cache=1494362599131 HTTP/1.1" 200 26
200.54.247.69 - - [09/May/2017:17:42:26 -0300] "GET /cormun/servlet/solicitudotadjuntos?f98b8d0d2edbe679a860415ef74f782d455b8864e533ef8e404d35d725815eb5,gx-no-cache=1494362606426 HTTP/1.1" 200 30
200.54.247.69 - - [09/May/2017:17:42:27 -0300] "GET /cormun/servlet/solicitudotadjuntos?f98b8d0d2edbe679a860415ef74f782d455b8864e533ef8e404d35d725815eb5,gx-no-cache=1494362606487 HTTP/1.1" 200 30
200.54.247.69 - - [09/May/2017:17:42:28 -0300] "POST /cormun/servlet/solicitudotadjuntos?5f6bc4770cc63dd8f8b5299746dfc4dc,INS,2017,6382,,1, HTTP/1.1" 200 116
200.54.247.69 - - [09/May/2017:17:42:28 -0300] "GET /cormun/servlet/hpexe_return? HTTP/1.1" 200 1028
200.54.247.69 - - [09/May/2017:17:42:28 -0300] "GET /cormun/servlet/trsolicitudadjuntos?2017,6382, HTTP/1.1" 200 8644
200.54.247.69 - - [09/May/2017:17:42:33 -0300] "GET /cormun/servlet/solicitudotadjuntos?INS,2017,6382,,1, HTTP/1.1" 200 6072
200.54.247.69 - - [09/May/2017:17:42:33 -0300] "HEAD /cormun/static/about:blank HTTP/1.1" 404 -
200.54.247.69 - - [09/May/2017:17:42:34 -0300] "GET /cormun/servlet/solicitudotadjuntos?f98b8d0d2edbe679a860415ef74f782dde8f2ded3280a4a87f02cb4756aeb84e272b0e77817c3421cbe62c2f14458c2c,gx-no-cache=1494362613943 HTTP/1.1" 200 30
200.54.247.69 - - [09/May/2017:17:42:34 -0300] "POST /cormun/servlet/solicitudotadjuntos?5f6bc4770cc63dd8f8b5299746dfc4dc,INS,2017,6382,,1,,gx-no-cache=1494362614014 HTTP/1.1" 200 3826
200.54.247.69 - - [09/May/2017:17:42:40 -0300] "POST /cormun/servlet/solicitudotadjuntos?gx-no-cache=1494362619494 HTTP/1.1" 200 26
200.54.247.69 - - [09/May/2017:17:42:47 -0300] "GET /cormun/servlet/solicitudotadjuntos?f98b8d0d2edbe679a860415ef74f782d455b8864e533ef8e404d35d725815eb5,gx-no-cache=1494362626989 HTTP/1.1" 200 30
200.54.247.69 - - [09/May/2017:17:42:47 -0300] "GET /cormun/servlet/solicitudotadjuntos?f98b8d0d2edbe679a860415ef74f782d455b8864e533ef8e404d35d725815eb5,gx-no-cache=1494362627037 HTTP/1.1" 200 30
200.54.247.69 - - [09/May/2017:17:42:48 -0300] "POST /cormun/servlet/solicitudotadjuntos?5f6bc4770cc63dd8f8b5299746dfc4dc,INS,2017,6382,,1, HTTP/1.1" 200 116
200.54.247.69 - - [09/May/2017:17:42:48 -0300] "GET /cormun/servlet/hpexe_return? HTTP/1.1" 200 1028
200.54.247.69 - - [09/May/2017:17:42:48 -0300] "GET /cormun/servlet/trsolicitudadjuntos?2017,6382, HTTP/1.1" 200 8795
200.54.247.69 - - [09/May/2017:17:42:52 -0300] "GET /cormun/servlet/solicitudotadjuntos?INS,2017,6382,,1, HTTP/1.1" 200 6072
200.54.247.69 - - [09/May/2017:17:42:52 -0300] "HEAD /cormun/static/about:blank HTTP/1.1" 404 -
200.54.247.69 - - [09/May/2017:17:42:53 -0300] "GET /cormun/servlet/solicitudotadjuntos?f98b8d0d2edbe679a860415ef74f782dde8f2ded3280a4a87f02cb4756aeb84e272b0e77817c3421cbe62c2f14458c2c,gx-no-cache=1494362633061 HTTP/1.1" 200 30
200.54.247.69 - - [09/May/2017:17:42:53 -0300] "POST /cormun/servlet/solicitudotadjuntos?5f6bc4770cc63dd8f8b5299746dfc4dc,INS,2017,6382,,1,,gx-no-cache=1494362633108 HTTP/1.1" 200 3825
200.54.247.69 - - [09/May/2017:17:42:57 -0300] "POST /cormun/servlet/solicitudotadjuntos?gx-no-cache=1494362637032 HTTP/1.1" 200 26
186.79.80.214 - - [09/May/2017:17:43:01 -0300] "GET /cormun/servlet/solicitudot?ac9043c4c5ff42bfd070a9432150fe7eb02ed11a1a4dca22af91d6a4a2858623a2eca9e1c2efea8e0e11a5b426a0da2372142048a6a605e5f8c79c06fb89db6df54377888426563b4e2ba4658439f84d1f896ac24d2ec175ef3a713ee2574e8b264a0a8dd3ca8da219e78ae5e2b263ff323cd16af39199532c3e5056e8cde39376042183ebc8ea618ac9cee710736aafc5aaf0b821ac3ee9d0b6ca3f8349a0e4804221e9caca93f4af4784d70c14b836,gx-no-cache=1494362641555 HTTP/1.1" 200 30
186.79.80.214 - - [09/May/2017:17:43:03 -0300] "POST /cormun/servlet/solicitudot?bd279e1641b43066aeb21eaaecca3840,UPD,2017,6376,,gx-no-cache=1494362641718 HTTP/1.1" 200 93
186.79.80.214 - - [09/May/2017:17:43:03 -0300] "GET /cormun/servlet/hpexe_return? HTTP/1.1" 200 1012
186.79.80.214 - - [09/May/2017:17:43:03 -0300] "GET /cormun/servlet/trsolicitudot HTTP/1.1" 200 8060
186.79.80.214 - - [09/May/2017:17:43:04 -0300] "GET /cormun/servlet/trsolicitudot HTTP/1.1" 200 8056
200.54.247.69 - - [09/May/2017:17:43:11 -0300] "GET /cormun/servlet/solicitudotadjuntos?f98b8d0d2edbe679a860415ef74f782d455b8864e533ef8e404d35d725815eb5,gx-no-cache=1494362650864 HTTP/1.1" 200 30
200.54.247.69 - - [09/May/2017:17:43:11 -0300] "GET /cormun/servlet/solicitudotadjuntos?f98b8d0d2edbe679a860415ef74f782d455b8864e533ef8e404d35d725815eb5,gx-no-cache=1494362650905 HTTP/1.1" 200 30
200.54.247.69 - - [09/May/2017:17:43:13 -0300] "POST /cormun/servlet/solicitudotadjuntos?5f6bc4770cc63dd8f8b5299746dfc4dc,INS,2017,6382,,1, HTTP/1.1" 200 116
200.54.247.69 - - [09/May/2017:17:43:13 -0300] "GET /cormun/servlet/hpexe_return? HTTP/1.1" 200 1028
200.54.247.69 - - [09/May/2017:17:43:13 -0300] "GET /cormun/servlet/trsolicitudadjuntos?2017,6382, HTTP/1.1" 200 8998
186.79.80.214 - - [09/May/2017:17:43:19 -0300] "POST /cormun/servlet/trsolicitudot?bd279e1641b43066aeb21eaaecca3840,gx-no-cache=1494362657500 HTTP/1.1" 200 4164
186.79.80.214 - - [09/May/2017:17:43:20 -0300] "GET /cormun/static/Shared/jqueryui/images/ui-bg_highlight-soft_100_c6c2c8_1x100.png HTTP/1.1" 404 1117
186.79.80.214 - - [09/May/2017:17:43:20 -0300] "GET /cormun/static/Shared/jqueryui/images/ui-bg_flat_55_fafafa_40x100.png HTTP/1.1" 404 1097
186.79.80.214 - - [09/May/2017:17:43:20 -0300] "GET /cormun/static/Shared/jqueryui/images/ui-icons_82798d_256x240.png HTTP/1.1" 404 1089
186.79.80.214 - - [09/May/2017:17:43:20 -0300] "GET /cormun/static/Shared/jqueryui/images/ui-icons_8d78a5_256x240.png HTTP/1.1" 404 1089
186.79.80.214 - - [09/May/2017:17:43:20 -0300] "POST /cormun/servlet/trsolicitudot?bd279e1641b43066aeb21eaaecca3840,gx-no-cache=1494362659902 HTTP/1.1" 200 3946
200.54.247.69 - - [09/May/2017:17:43:21 -0300] "GET /cormun/servlet/solicitudotadjuntos?INS,2017,6382,,1, HTTP/1.1" 200 6072
200.54.247.69 - - [09/May/2017:17:43:22 -0300] "HEAD /cormun/static/about:blank HTTP/1.1" 404 -
200.54.247.69 - - [09/May/2017:17:43:22 -0300] "GET /cormun/servlet/solicitudotadjuntos?f98b8d0d2edbe679a860415ef74f782dde8f2ded3280a4a87f02cb4756aeb84e272b0e77817c3421cbe62c2f14458c2c,gx-no-cache=1494362662310 HTTP/1.1" 200 30
200.54.247.69 - - [09/May/2017:17:43:23 -0300] "POST /cormun/servlet/solicitudotadjuntos?5f6bc4770cc63dd8f8b5299746dfc4dc,INS,2017,6382,,1,,gx-no-cache=1494362662360 HTTP/1.1" 200 3825
200.54.247.69 - - [09/May/2017:17:43:25 -0300] "POST /cormun/servlet/solicitudotadjuntos?gx-no-cache=1494362664981 HTTP/1.1" 200 26
200.54.247.69 - - [09/May/2017:17:43:31 -0300] "GET /cormun/servlet/solicitudotadjuntos?f98b8d0d2edbe679a860415ef74f782d455b8864e533ef8e404d35d725815eb5,gx-no-cache=1494362670692 HTTP/1.1" 200 30
200.54.247.69 - - [09/May/2017:17:43:31 -0300] "GET /cormun/servlet/solicitudotadjuntos?f98b8d0d2edbe679a860415ef74f782d455b8864e533ef8e404d35d725815eb5,gx-no-cache=1494362670751 HTTP/1.1" 200 30
200.54.247.69 - - [09/May/2017:17:43:36 -0300] "POST /cormun/servlet/solicitudotadjuntos?5f6bc4770cc63dd8f8b5299746dfc4dc,INS,2017,6382,,1, HTTP/1.1" 200 116
200.54.247.69 - - [09/May/2017:17:43:36 -0300] "GET /cormun/servlet/hpexe_return? HTTP/1.1" 200 1028
200.54.247.69 - - [09/May/2017:17:43:36 -0300] "GET /cormun/servlet/trsolicitudadjuntos?2017,6382, HTTP/1.1" 200 9219
200.54.247.69 - - [09/May/2017:17:44:06 -0300] "GET /cormun/servlet/trautorizarsolicitud? HTTP/1.1" 200 6959
200.54.247.69 - - [09/May/2017:17:44:06 -0300] "GET /cormun/static/gxcfg.js?2017259112829 HTTP/1.1" 304 -
200.54.247.69 - - [09/May/2017:17:44:06 -0300] "GET /cormun/static/trautorizarsolicitud.js?2017259113483 HTTP/1.1" 304 -
200.54.247.69 - - [09/May/2017:17:44:13 -0300] "GET /cormun/servlet/trvisualizadoreventos? HTTP/1.1" 200 6781
200.54.247.69 - - [09/May/2017:17:44:13 -0300] "GET /cormun/static/gxcfg.js?201731711523419 HTTP/1.1" 304 -
200.54.247.69 - - [09/May/2017:17:44:13 -0300] "GET /cormun/static/trvisualizadoreventos.js?20173171152387 HTTP/1.1" 304 -
200.54.247.69 - - [09/May/2017:17:44:16 -0300] "GET /cormun/servlet/trsolicitudot? HTTP/1.1" 200 8273
200.54.247.69 - - [09/May/2017:17:45:09 -0300] "POST /cormun/servlet/trsolicitudot?5f6bc4770cc63dd8f8b5299746dfc4dc,,gx-no-cache=1494362768438 HTTP/1.1" 200 106
200.54.247.69 - - [09/May/2017:17:45:09 -0300] "GET /cormun/servlet/solicitudot?UPD,2017,6382, HTTP/1.1" 200 14573
200.54.247.69 - - [09/May/2017:17:45:10 -0300] "POST /cormun/servlet/solicitudot?gx-no-cache=1494362769915 HTTP/1.1" 200 3183
200.54.247.69 - - [09/May/2017:17:45:10 -0300] "POST /cormun/servlet/solicitudot?5f6bc4770cc63dd8f8b5299746dfc4dc,UPD,2017,6382,,gx-no-cache=1494362770152 HTTP/1.1" 200 11074
200.54.247.69 - - [09/May/2017:17:45:10 -0300] "GET /cormun/servlet/solicitudot?f98b8d0d2edbe679a860415ef74f782de326418310d7cdfbfdbb261f16dc8b1fb7a08451dd38283ea3c518fa95661bd7,gx-no-cache=1494362770397 HTTP/1.1" 200 30
200.54.247.69 - - [09/May/2017:17:45:11 -0300] "POST /cormun/servlet/solicitudot?gx-no-cache=1494362770514 HTTP/1.1" 200 297
200.54.247.69 - - [09/May/2017:17:45:11 -0300] "GET /cormun/servlet/solicitudot?f98b8d0d2edbe679a860415ef74f782dfacf52ef6ce16b356294ec3f65a4326242d335f0b779fa8eea9db293bf33db98c50bc6eb94539b31039cb5e11f64bf9101cf0873086396790f2e5661e4f026b1168a50fb7d5cb94924bab04e1f7e8ed3fd953b925aa01229013e3ba70ddde5aec03e4329566031b2390c23d141be84d35cacaca093f2384b347db4e024366c503f4906c658f01c1aba7ee9235d41c884775a8160f6610bccce200af97264aa2ece3f2d575d42800cda820ba9e67fa57ad699a8aa4c3ad69d22cc13e8136b381800fae4107eef80b2c75887a02826a88e67d7d41c2030de6fa5ba8898ed7f3ff6bc951f42e6c18ad4424321bc763ace22ab84c5225e9ad86bb2e73fb0aec0d189a7b222e60f0b18d4b7ea505f4c7d359f0e9a0adb2ff53a4f5820879e709ed8c1bc760c5040d16db0d08ea6d36b908120f2f483dd843c503abab05e251f250b1fc4cd50fc66fc7253c44eef6bb9d5a424b96084ce400bf29bc0331686cce5096390f017b06a8eca231aed394865c383b23dad3aeefaa5d7460d189e87f73cb04d,gx-no-cache=1494362770991 HTTP/1.1" 200 30
200.54.247.69 - - [09/May/2017:17:45:11 -0300] "POST /cormun/servlet/solicitudot?gx-no-cache=1494362771049 HTTP/1.1" 200 30
200.54.247.69 - - [09/May/2017:17:45:11 -0300] "POST /cormun/servlet/solicitudot?gx-no-cache=1494362771117 HTTP/1.1" 200 1293
200.54.247.69 - - [09/May/2017:17:45:12 -0300] "POST /cormun/servlet/solicitudot?gx-no-cache=1494362771242 HTTP/1.1" 200 41
200.54.247.69 - - [09/May/2017:17:45:16 -0300] "GET /cormun/servlet/solicitudot?f98b8d0d2edbe679a860415ef74f782dfe1f4ec9ffca9b3785de0e2e0ac186549248e85535c0a2dc29b759362ef37a19f52e74c6aadef203c0e47d2b6d7efc9735bb0fd96f2881672b3bf3530c05f3ccbb28d3ad03d12d738faeae722226e37cc1dc6d0ad15e71c428e4f7a7a52b40e0,gx-no-cache=1494362775513 HTTP/1.1" 200 29
200.54.247.69 - - [09/May/2017:17:45:16 -0300] "POST /cormun/servlet/solicitudot?gx-no-cache=1494362775586 HTTP/1.1" 200 1280
200.54.247.69 - - [09/May/2017:17:45:16 -0300] "POST /cormun/servlet/solicitudot?gx-no-cache=1494362775723 HTTP/1.1" 200 1162
200.54.247.69 - - [09/May/2017:17:45:16 -0300] "GET /cormun/static/menuarrow.gif HTTP/1.1" 404 1015
200.54.247.69 - - [09/May/2017:17:45:18 -0300] "POST /cormun/servlet/solicitudot?gx-no-cache=1494362777645 HTTP/1.1" 200 1280
200.54.247.69 - - [09/May/2017:17:45:18 -0300] "POST /cormun/servlet/solicitudot?gx-no-cache=1494362778094 HTTP/1.1" 200 1162
200.54.247.69 - - [09/May/2017:17:45:22 -0300] "GET /cormun/servlet/solicitudot?f98b8d0d2edbe679a860415ef74f782dc87dfff7ae4a77448d9ff5dc1dce1573857c5454ab41e829cf3c166a5b1f06e3acd268fae3fe1a59a8b68edd907528d87bab759624ca543b7c16d1f270afb2e32d929009e2ef31f58fc8eff6abc2729ed24108ecf383d60ddedc254f09f0325d5e3e623fc7524d6b0fb84778cd7d9f05024e76dde5dbc3c70f5abded1a3e9d7f73e228db189dd8c07a07540b9cf50cedb160fc60824ae4f0cc55155be4a5e970,gx-no-cache=1494362782136 HTTP/1.1" 200 30
200.54.247.69 - - [09/May/2017:17:45:23 -0300] "POST /cormun/servlet/solicitudot?5f6bc4770cc63dd8f8b5299746dfc4dc,UPD,2017,6382,,gx-no-cache=1494362782201 HTTP/1.1" 200 93
200.54.247.69 - - [09/May/2017:17:45:23 -0300] "GET /cormun/servlet/hpexe_return? HTTP/1.1" 200 1015
200.54.247.69 - - [09/May/2017:17:45:23 -0300] "GET /cormun/servlet/trsolicitudot HTTP/1.1" 200 8278
200.54.247.69 - - [09/May/2017:17:45:35 -0300] "POST /cormun/servlet/trsolicitudot?5f6bc4770cc63dd8f8b5299746dfc4dc,gx-no-cache=1494362794653 HTTP/1.1" 200 106
200.54.247.69 - - [09/May/2017:17:45:35 -0300] "GET /cormun/servlet/solicitudot?UPD,2017,6382, HTTP/1.1" 200 14578
200.54.247.69 - - [09/May/2017:17:45:37 -0300] "POST /cormun/servlet/solicitudot?gx-no-cache=1494362796140 HTTP/1.1" 200 3183
