200.112.1.186 - - [09/May/2017:11:07:32 -0300] "GET /cormun/servlet/licenciaspermisos?076ddf175e69b738034701c9d4b3751b60ed15185fe70eec29e8bec0e698a60a4b8920154d1c6bc11c9c0e996a25069d872daf47ef3b23d294d7b7e2fb5f0fed151b147bf7537d1d14a2aa895e8e3ea9d4b0fa2769bf95d8b9fba064debef045bc7b532b42b336c3c101d7ee90066b8d84c2a5ccff92635bbd351392a4382a9827854b77ba1b0cda7994f9b5fbb8b4e27a96d39d08a54c305c686e5b7fe1ec82927d146f5a70e224b06336e45117c5369fc414053fd61bc5c8655f1b63f7d198d75b531b236fe33bb67853d9302e9eaf82215a1ca461b02cf6718a30e5192b58,gx-no-cache=1494338916431 HTTP/1.1" 200 30
200.112.1.186 - - [09/May/2017:11:07:32 -0300] "GET /cormun/servlet/licenciaspermisos?076ddf175e69b738034701c9d4b3751b13346da1e5da6063ccc4fae657afccc07627a45fc0236a14738d471b7e1dd291bc075b61c70ab6ad626e2b5076bb35845857d54fe49eec306273838fc785c9507fc5292145dc6ae8e955902ba83368532b3a61b207f18aef7236255609d011b0f16ffcb7cd5c8952a0c75ec12c57539e35b29c7b54aafb069c6538ac849ec1ac58fc4a90409f25115c4e5eacf4be0108f2de604db46bcb0a5a6e00ad2fc90fdb3f34d1094fb974cb36ba22548710c09cd55a51a0a4dca8905e79f7aed27a5a38d8d32c46ba86b5714b11b4b4fcf240007df9957ade8a421af04023555360e9bc3130fba5487ab1baf014fb5cfaeee541013804b43303b71a9c660c8388c9ecaf,gx-no-cache=1494338916643 HTTP/1.1" 200 57
200.112.1.186 - - [09/May/2017:11:07:34 -0300] "POST /cormun/servlet/licenciaspermisos?9e61af8edc17f76b3027b462312da55f,INS,0,,,,gx-no-cache=1494338917084 HTTP/1.1" 200 93
200.112.1.186 - - [09/May/2017:11:07:34 -0300] "GET /cormun/servlet/hpexe_return? HTTP/1.1" 200 1031
200.112.1.186 - - [09/May/2017:11:07:34 -0300] "GET /cormun/servlet/trlicencias?gx-no-cache=1494338302466 HTTP/1.1" 200 8545
200.112.1.186 - - [09/May/2017:11:07:36 -0300] "GET /cormun/servlet/trlicencias?gx-no-cache=1494338302466 HTTP/1.1" 200 8562
192.168.10.89 - - [09/May/2017:11:08:04 -0300] "GET /cormun/servlet/solicitudgral3?UPD,2017,6368, HTTP/1.1" 200 13053
192.168.10.89 - - [09/May/2017:11:08:05 -0300] "POST /cormun/servlet/solicitudgral3?gx-no-cache=1494342150354 HTTP/1.1" 200 3320
192.168.10.89 - - [09/May/2017:11:08:05 -0300] "GET /cormun/servlet/solicitudgral3?37e6f1ae7f0a805b8781ebe151e323500a1e88593da5f9d980e25c4efdfd86e5ac1b8eba28ba52215584a6ce34351fcf0edbc973e44998ec4699d68ba9b9d7519ba898a40f893462069a78dc46e704ef36ab82f404a618f08a6a5733f385158fa3ee5412811796041a525da7b78d43a27d8270d5d4458a6791c04660f27f59d3d9c6f09ed6e9ec733f3efdca409534f6c6af6deab2bb8a949d98d63d2551053f902c66061a9e6c2c390735432a0be0c2f56b6557b8242f6aee0f38bb3af12959db1e9c333f42326c5955ab43b8d8cf681120334d4fe426d218bc3b9f5889ecdfb3691812d13943c934002d66e675198f6f2886cf03ac2ebd8e33c8c1cdbe0be9f49100b6493ccc820f410becf49d8d4caf4a67cdd7d940fd05cb365232a626bdb05a656a08d2ebdf7ca045262206c202b86a25e1bf054aee83572286bdd65a572ca17fecbcc12b885b9488ff47fb0b76,gx-no-cache=1494342150560 HTTP/1.1" 200 298
192.168.10.89 - - [09/May/2017:11:08:05 -0300] "POST /cormun/servlet/solicitudgral3?gx-no-cache=1494342150589 HTTP/1.1" 200 1363
192.168.10.89 - - [09/May/2017:11:08:05 -0300] "GET /cormun/servlet/solicitudgral3?37e6f1ae7f0a805b8781ebe151e323504187f6d1164e8e5189b823436f7d36a315314fbc3eb1815537f2d6345923b3fd0edbc973e44998ec4699d68ba9b9d7517c48a0a9e48964f2741a64827b774c0c00e4035862f72da2772c04dcd05dea2cc60b5688a198c19335d86deed4f6a4e901639d691bb9813c6fd79f1964cb8587,gx-no-cache=1494342150704 HTTP/1.1" 200 41
200.112.1.186 - - [09/May/2017:11:08:16 -0300] "POST /cormun/servlet/trlicencias?9e61af8edc17f76b3027b462312da55f,gx-no-cache=1494338302466,gx-no-cache=1494338960044 HTTP/1.1" 200 5420
192.168.10.89 - - [09/May/2017:11:08:19 -0300] "POST /cormun/servlet/solicitudgral3?a989fb2943d6c368d6a39bf1187858ae,UPD,2017,6368,,gx-no-cache=1494342164183 HTTP/1.1" 200 11082
192.168.10.89 - - [09/May/2017:11:08:20 -0300] "GET /cormun/servlet/solicitudgral3?37e6f1ae7f0a805b8781ebe151e32350e9f534966f095132cf19126621722251b9d0415543be39e3e3654029491d84c90b798354b849d6b6195093a20aa2fab226fca3872d759524f086a1a1664c1362adf5d36809fd6f744e69f683952b5e9d9bbc1037aebb0bcdceb18504016907ec,gx-no-cache=1494342165022 HTTP/1.1" 200 29
192.168.10.89 - - [09/May/2017:11:08:20 -0300] "POST /cormun/servlet/solicitudgral3?gx-no-cache=1494342165069 HTTP/1.1" 200 1256
192.168.10.89 - - [09/May/2017:11:08:20 -0300] "POST /cormun/servlet/solicitudgral3?gx-no-cache=1494342165130 HTTP/1.1" 200 1159
192.168.10.89 - - [09/May/2017:11:08:22 -0300] "GET /cormun/servlet/solicitudgral3?37e6f1ae7f0a805b8781ebe151e32350137c6a2075b07b7c48e4ae59fe0f4051e8339d2bf451b42c78384b8c8a1a18aee00e578ce69487782885f0ed214cba61b86a25e1bf054aee83572286bdd65a57ceaac6cf962cdec279ab4c4bc2bbcfa3d69380912ff1d6ef35c827c1d580b7b528d813698db02227c23e489a87d1b25720b3f0b67839a1280625ec0ba6cd29e7,gx-no-cache=1494342166904 HTTP/1.1" 200 30
186.103.159.46 - - [09/May/2017:11:08:22 -0300] "GET /cormun/servlet/hhome HTTP/1.1" 200 3329
186.103.159.46 - - [09/May/2017:11:08:25 -0300] "GET /cormun/servlet/hhome HTTP/1.1" 200 3339
186.103.159.46 - - [09/May/2017:11:08:26 -0300] "GET /cormun/servlet/hlogin HTTP/1.1" 200 1733
200.112.1.186 - - [09/May/2017:11:08:32 -0300] "GET /cormun/servlet/trlicenciaspermisosadjuntos?13719734,20170509000000,L, HTTP/1.1" 200 6361
200.112.1.186 - - [09/May/2017:11:08:33 -0300] "GET /cormun/servlet/trlicenciaspermisosadjuntos?13719734,20170509000000,L, HTTP/1.1" 200 6340
192.168.10.89 - - [09/May/2017:11:08:35 -0300] "POST /cormun/servlet/solicitudgral3?a989fb2943d6c368d6a39bf1187858ae,UPD,2017,6368,,gx-no-cache=1494342179952 HTTP/1.1" 200 93
192.168.10.89 - - [09/May/2017:11:08:35 -0300] "GET /cormun/servlet/hpexe_return? HTTP/1.1" 200 1017
192.168.10.89 - - [09/May/2017:11:08:35 -0300] "GET /cormun/servlet/trsolicitudgral? HTTP/1.1" 200 11852
200.112.1.186 - - [09/May/2017:11:08:36 -0300] "GET /cormun/servlet/licenciaspermisosadjuntos?INS,13719734,L,20170509000000,, HTTP/1.1" 200 5637
200.112.1.186 - - [09/May/2017:11:08:37 -0300] "GET /cormun/servlet/licenciaspermisosadjuntos?INS,13719734,L,20170509000000,, HTTP/1.1" 200 5626
200.112.1.186 - - [09/May/2017:11:08:38 -0300] "GET /cormun/static/about:blank HTTP/1.1" 404 1011
186.103.159.46 - - [09/May/2017:11:08:44 -0300] "POST /cormun/servlet/hlogin?5ed4c6cf336bee84a3af62571f5b4544,gx-no-cache=1494342580945 HTTP/1.1" 200 90
186.103.159.46 - - [09/May/2017:11:08:44 -0300] "GET /cormun/servlet/hpexe_link HTTP/1.1" 200 949
186.103.159.46 - - [09/May/2017:11:08:44 -0300] "GET /cormun/servlet/hhome HTTP/1.1" 200 3777
192.168.10.89 - - [09/May/2017:11:08:45 -0300] "POST /cormun/servlet/trsolicitudgral?a989fb2943d6c368d6a39bf1187858ae,,gx-no-cache=1494342190560 HTTP/1.1" 200 8157
186.103.159.46 - - [09/May/2017:11:08:46 -0300] "GET /cormun/servlet/hhome HTTP/1.1" 200 3774
192.168.10.89 - - [09/May/2017:11:08:46 -0300] "GET /cormun/static/Shared/jqueryui/images/ui-bg_highlight-soft_100_c6c2c8_1x100.png HTTP/1.1" 404 1117
192.168.10.89 - - [09/May/2017:11:08:46 -0300] "GET /cormun/static/Shared/jqueryui/images/ui-icons_8d78a5_256x240.png HTTP/1.1" 404 1089
192.168.10.89 - - [09/May/2017:11:08:46 -0300] "GET /cormun/static/Shared/jqueryui/images/ui-bg_flat_55_fafafa_40x100.png HTTP/1.1" 404 1097
192.168.10.89 - - [09/May/2017:11:08:46 -0300] "GET /cormun/static/Shared/jqueryui/images/ui-icons_82798d_256x240.png HTTP/1.1" 404 1089
186.103.159.46 - - [09/May/2017:11:08:48 -0300] "GET /cormun/servlet/trpermisosgoce? HTTP/1.1" 200 7396
186.103.159.46 - - [09/May/2017:11:08:50 -0300] "GET /cormun/servlet/trpermisosgoce? HTTP/1.1" 200 7396
186.103.159.46 - - [09/May/2017:11:09:01 -0300] "GET /cormun/servlet/trpermisosgoce? HTTP/1.1" 200 7396
186.103.159.46 - - [09/May/2017:11:09:03 -0300] "GET /cormun/servlet/trpermisosgoce? HTTP/1.1" 200 7396
200.112.1.186 - - [09/May/2017:11:09:10 -0300] "POST /cormun/servlet/licenciaspermisosadjuntos?9e61af8edc17f76b3027b462312da55f,INS,13719734,L,20170509000000,, HTTP/1.1" 200 116
200.112.1.186 - - [09/May/2017:11:09:10 -0300] "GET /cormun/servlet/hpexe_return? HTTP/1.1" 200 1038
200.112.1.186 - - [09/May/2017:11:09:11 -0300] "GET /cormun/servlet/trlicenciaspermisosadjuntos?13719734,20170509000000,L, HTTP/1.1" 200 6845
200.112.1.186 - - [09/May/2017:11:09:12 -0300] "GET /cormun/servlet/trlicenciaspermisosadjuntos?13719734,20170509000000,L, HTTP/1.1" 200 6842
200.112.1.186 - - [09/May/2017:11:09:13 -0300] "GET /cormun/PublicTempStorage/l._medica_mayo_%281%299010352.jpg HTTP/1.1" 200 489150
200.112.1.186 - - [09/May/2017:11:09:24 -0300] "POST /cormun/servlet/trlicenciaspermisosadjuntos?9e61af8edc17f76b3027b462312da55f,13719734,20170509000000,L,,gx-no-cache=1494339028419 HTTP/1.1" 200 90
186.103.159.46 - - [09/May/2017:11:09:24 -0300] "GET /cormun/servlet/trpermisosgoce? HTTP/1.1" 200 7396
200.112.1.186 - - [09/May/2017:11:09:24 -0300] "GET /cormun/servlet/hpexe_link HTTP/1.1" 200 1003
200.112.1.186 - - [09/May/2017:11:09:25 -0300] "GET /cormun/servlet/trlicencias?gx-no-cache=1494338302466 HTTP/1.1" 200 8042
200.112.1.186 - - [09/May/2017:11:09:26 -0300] "GET /cormun/servlet/trlicencias?gx-no-cache=1494338302466 HTTP/1.1" 200 8062
186.103.159.46 - - [09/May/2017:11:09:27 -0300] "GET /cormun/servlet/trpermisosgoce? HTTP/1.1" 200 7396
186.103.159.46 - - [09/May/2017:11:09:28 -0300] "GET /cormun/servlet/permisogoce?INS,0,,, HTTP/1.1" 200 6552
200.112.1.186 - - [09/May/2017:11:09:29 -0300] "GET /cormun/servlet/alicenciaprn?13719734,L,20170509000000,PU HTTP/1.1" 200 1595
186.103.159.46 - - [09/May/2017:11:09:30 -0300] "GET /cormun/servlet/permisogoce?INS,0,,, HTTP/1.1" 200 6551
186.103.159.46 - - [09/May/2017:11:09:52 -0300] "GET /cormun/servlet/permisogoce?764c3095ac4ed9ffc3fea9acffc7649b7c5d593d196fc0945717a8453ee97d47784798db12ebc5d9e558c1f487802ebb,gx-no-cache=1494342648453 HTTP/1.1" 200 74
186.103.159.46 - - [09/May/2017:11:09:52 -0300] "GET /cormun/static/menuarrow.gif HTTP/1.1" 404 1015
186.103.159.46 - - [09/May/2017:11:10:06 -0300] "GET /cormun/servlet/permisogoce?764c3095ac4ed9ffc3fea9acffc7649b08b1a852dc9115ac735003c5c6a653e79a04840e56a40f63cae604d9b89f2328b742ab5c416cfd9c1ba6b58031a1d228,gx-no-cache=1494342663330 HTTP/1.1" 200 47
188.227.74.111 - - [09/May/2017:11:10:55 -0300] "GET /invoker/EJBInvokerServlet HTTP/1.1" 404 1011
188.227.74.111 - - [09/May/2017:11:10:56 -0300] "GET /invoker/EJBInvokerServlet HTTP/1.1" 404 1011
186.103.159.46 - - [09/May/2017:11:10:56 -0300] "POST /cormun/servlet/permisogoce?5ed4c6cf336bee84a3af62571f5b4544,INS,0,,,,gx-no-cache=1494342712954 HTTP/1.1" 200 93
186.103.159.46 - - [09/May/2017:11:10:56 -0300] "GET /cormun/servlet/hpexe_return? HTTP/1.1" 200 1006
186.103.159.46 - - [09/May/2017:11:10:57 -0300] "GET /cormun/servlet/trpermisosgoce HTTP/1.1" 200 7655
186.103.159.46 - - [09/May/2017:11:10:59 -0300] "GET /cormun/servlet/trpermisosgoce HTTP/1.1" 200 7651
186.103.159.46 - - [09/May/2017:11:11:04 -0300] "GET /cormun/servlet/apermisogoceprn?15731592,P,20170509120521,PU HTTP/1.1" 200 1656
186.103.159.46 - - [09/May/2017:11:12:12 -0300] "POST /cormun/servlet/trpermisosgoce?5ed4c6cf336bee84a3af62571f5b4544,gx-no-cache=1494342789365 HTTP/1.1" 200 7672
186.103.158.250 - - [09/May/2017:11:12:23 -0300] "GET /cormun/servlet/hlogin HTTP/1.1" 200 1726
186.103.159.46 - - [09/May/2017:11:12:23 -0300] "GET /cormun/servlet/trpermisosadjuntos?5821441,20170508144441,P, HTTP/1.1" 200 6089
186.103.159.46 - - [09/May/2017:11:12:23 -0300] "GET /cormun/static/gxcfg.js?201731711542659 HTTP/1.1" 304 -
186.103.159.46 - - [09/May/2017:11:12:24 -0300] "GET /cormun/static/trpermisosadjuntos.js?201731711542990 HTTP/1.1" 304 -
186.103.158.250 - - [09/May/2017:11:12:24 -0300] "GET /cormun/servlet/hlogin HTTP/1.1" 200 1737
186.103.159.46 - - [09/May/2017:11:12:25 -0300] "GET /cormun/servlet/trpermisosadjuntos?5821441,20170508144441,P, HTTP/1.1" 200 6089
186.103.159.46 - - [09/May/2017:11:12:28 -0300] "GET /cormun/servlet/permisosadjuntos?INS,5821441,P,20170508144441,, HTTP/1.1" 200 5421
186.103.159.46 - - [09/May/2017:11:12:29 -0300] "GET /cormun/static/gxcfg.js?201741111155774 HTTP/1.1" 304 -
186.103.159.46 - - [09/May/2017:11:12:29 -0300] "GET /cormun/static/permisosadjuntos.js?201741111155784 HTTP/1.1" 304 -
186.103.159.46 - - [09/May/2017:11:12:30 -0300] "GET /cormun/static/about:blank HTTP/1.1" 404 1011
186.103.159.46 - - [09/May/2017:11:12:30 -0300] "GET /cormun/servlet/permisosadjuntos?INS,5821441,P,20170508144441,, HTTP/1.1" 200 5411
186.103.159.46 - - [09/May/2017:11:12:37 -0300] "GET /cormun/servlet/trpermisosadjuntos?5821441,20170508144441,P, HTTP/1.1" 200 6089
186.103.159.46 - - [09/May/2017:11:12:38 -0300] "GET /cormun/servlet/trpermisosadjuntos?5821441,20170508144441,P, HTTP/1.1" 200 6089
186.103.158.250 - - [09/May/2017:11:12:39 -0300] "POST /cormun/servlet/hlogin?8db3ca81d26aad84ce8f3003fd5c4765,gx-no-cache=1494339218824 HTTP/1.1" 200 90
186.103.158.250 - - [09/May/2017:11:12:39 -0300] "GET /cormun/servlet/hpexe_link HTTP/1.1" 200 956
186.103.158.250 - - [09/May/2017:11:12:39 -0300] "GET /cormun/servlet/hhome HTTP/1.1" 200 3793
186.103.159.46 - - [09/May/2017:11:12:42 -0300] "GET /cormun/servlet/trpermisosgoce HTTP/1.1" 200 10327
186.103.158.250 - - [09/May/2017:11:12:43 -0300] "GET /cormun/servlet/hhome HTTP/1.1" 200 3789
186.103.159.46 - - [09/May/2017:11:12:43 -0300] "GET /cormun/servlet/trpermisosgoce HTTP/1.1" 200 10321
186.103.158.250 - - [09/May/2017:11:12:47 -0300] "GET /cormun/servlet/trsolicitudot? HTTP/1.1" 200 6747
186.103.158.250 - - [09/May/2017:11:12:48 -0300] "GET /cormun/servlet/trsolicitudot? HTTP/1.1" 200 6746
200.54.247.69 - - [09/May/2017:11:13:36 -0300] "GET /cormun/servlet/hlogin HTTP/1.1" 200 1727
200.54.247.69 - - [09/May/2017:11:13:36 -0300] "GET /cormun/servlet/hlogin HTTP/1.1" 200 1732
200.54.247.69 - - [09/May/2017:11:13:44 -0300] "POST /cormun/servlet/hlogin?2a9bc63b32349e2629ac099b0a499429,gx-no-cache=1494339284199 HTTP/1.1" 200 90
200.54.247.69 - - [09/May/2017:11:13:44 -0300] "GET /cormun/servlet/hpexe_link HTTP/1.1" 200 950
200.54.247.69 - - [09/May/2017:11:13:45 -0300] "GET /cormun/servlet/hhome HTTP/1.1" 200 4029
200.54.247.69 - - [09/May/2017:11:13:45 -0300] "GET /cormun/static/hhome.js?20173171148352 HTTP/1.1" 304 -
200.54.247.69 - - [09/May/2017:11:13:45 -0300] "GET /cormun/servlet/hhome HTTP/1.1" 200 4026
200.54.247.69 - - [09/May/2017:11:13:50 -0300] "GET /cormun/servlet/trpermisosgoce? HTTP/1.1" 200 6810
200.54.247.69 - - [09/May/2017:11:13:51 -0300] "GET /cormun/static/gxcfg.js?20174111153177 HTTP/1.1" 200 953
200.54.247.69 - - [09/May/2017:11:13:52 -0300] "GET /cormun/static/trpermisosgoce.js?20174111153217 HTTP/1.1" 304 -
200.54.247.69 - - [09/May/2017:11:13:52 -0300] "GET /cormun/servlet/trpermisosgoce? HTTP/1.1" 200 6809
200.54.247.69 - - [09/May/2017:11:13:55 -0300] "GET /cormun/servlet/permisogoce?INS,0,,, HTTP/1.1" 200 6801
200.54.247.69 - - [09/May/2017:11:13:55 -0300] "GET /cormun/static/gxcfg.js?201741111325459 HTTP/1.1" 200 953
200.54.247.69 - - [09/May/2017:11:13:55 -0300] "GET /cormun/static/permisogoce.js?20174111132557 HTTP/1.1" 200 26619
200.54.247.69 - - [09/May/2017:11:13:56 -0300] "GET /cormun/servlet/permisogoce?INS,0,,, HTTP/1.1" 200 6801
200.54.247.69 - - [09/May/2017:11:13:57 -0300] "GET /cormun/servlet/prfichaempleado?,MD,,gxPopupLevel%3D0%3B HTTP/1.1" 200 8871
200.54.247.69 - - [09/May/2017:11:13:58 -0300] "GET /cormun/static/menusearch.js?201610171694467 HTTP/1.1" 304 -
200.54.247.69 - - [09/May/2017:11:13:58 -0300] "GET /cormun/static/hmpwkw011.js?201731711483558 HTTP/1.1" 304 -
200.54.247.69 - - [09/May/2017:11:13:58 -0300] "GET /cormun/static/prfichaempleado.js?20173191254344 HTTP/1.1" 304 -
200.54.247.69 - - [09/May/2017:11:14:14 -0300] "POST /cormun/servlet/prfichaempleado?2a9bc63b32349e2629ac099b0a499429,,MD,,gxPopupLevel%3D0%3B,gx-no-cache=1494339313983 HTTP/1.1" 200 3400
200.54.247.69 - - [09/May/2017:11:14:17 -0300] "GET /cormun/servlet/permisogoce?a1acbdda76416f93cff7e213e40ba29b4320530ebb58b25ba8bbe52e2845df32a67bd1656ceadf6166792e95ac70939c,gx-no-cache=1494339316460 HTTP/1.1" 200 69
200.54.247.69 - - [09/May/2017:11:14:22 -0300] "GET /cormun/servlet/permisogoce?a1acbdda76416f93cff7e213e40ba29bd0f55a0089357bcf7d519c96b476a374bad1abf2af30fecbd68e596c8b72f16863c49a6b50b038b86c92b5b6b9ad3742,gx-no-cache=1494339321908 HTTP/1.1" 200 44
200.54.247.69 - - [09/May/2017:11:14:29 -0300] "POST /cormun/servlet/permisogoce?2a9bc63b32349e2629ac099b0a499429,INS,0,,,,gx-no-cache=1494339328520 HTTP/1.1" 200 93
200.54.247.69 - - [09/May/2017:11:14:29 -0300] "GET /cormun/servlet/hpexe_return? HTTP/1.1" 200 1008
200.54.247.69 - - [09/May/2017:11:14:29 -0300] "GET /cormun/servlet/trpermisosgoce HTTP/1.1" 200 7635
200.54.247.69 - - [09/May/2017:11:14:30 -0300] "GET /cormun/servlet/trpermisosgoce HTTP/1.1" 200 7631
200.54.247.69 - - [09/May/2017:11:14:33 -0300] "GET /cormun/servlet/trpermisosadjuntos?8586448,20170509120853,P, HTTP/1.1" 200 6340
200.54.247.69 - - [09/May/2017:11:14:33 -0300] "GET /cormun/static/gxcfg.js?201731711542659 HTTP/1.1" 200 953
200.54.247.69 - - [09/May/2017:11:14:33 -0300] "GET /cormun/static/trpermisosadjuntos.js?201731711542990 HTTP/1.1" 200 20045
200.54.247.69 - - [09/May/2017:11:14:33 -0300] "GET /cormun/servlet/trpermisosadjuntos?8586448,20170509120853,P, HTTP/1.1" 200 6340
200.54.247.69 - - [09/May/2017:11:14:35 -0300] "GET /cormun/servlet/permisosadjuntos?INS,8586448,P,20170509120853,, HTTP/1.1" 200 5663
200.54.247.69 - - [09/May/2017:11:14:35 -0300] "GET /cormun/static/gxcfg.js?201741111155774 HTTP/1.1" 200 953
200.54.247.69 - - [09/May/2017:11:14:35 -0300] "GET /cormun/static/permisosadjuntos.js?201741111155784 HTTP/1.1" 200 8724
200.54.247.69 - - [09/May/2017:11:14:35 -0300] "GET /cormun/static/about:blank HTTP/1.1" 404 1011
200.54.247.69 - - [09/May/2017:11:14:35 -0300] "GET /cormun/servlet/permisosadjuntos?INS,8586448,P,20170509120853,, HTTP/1.1" 200 5655
200.54.247.69 - - [09/May/2017:11:15:12 -0300] "POST /cormun/servlet/permisosadjuntos?2a9bc63b32349e2629ac099b0a499429,INS,8586448,P,20170509120853,, HTTP/1.1" 200 116
200.54.247.69 - - [09/May/2017:11:15:12 -0300] "GET /cormun/servlet/hpexe_return? HTTP/1.1" 200 1034
200.54.247.69 - - [09/May/2017:11:15:13 -0300] "GET /cormun/servlet/trpermisosadjuntos?8586448,20170509120853,P, HTTP/1.1" 200 6790
200.54.247.69 - - [09/May/2017:11:15:15 -0300] "GET /cormun/servlet/trpermisosadjuntos?8586448,20170509120853,P, HTTP/1.1" 200 6785
200.54.247.69 - - [09/May/2017:11:15:32 -0300] "POST /cormun/servlet/trpermisosadjuntos?2a9bc63b32349e2629ac099b0a499429,8586448,20170509120853,P,,gx-no-cache=1494339391683 HTTP/1.1" 200 90
200.54.247.69 - - [09/May/2017:11:15:32 -0300] "GET /cormun/servlet/hpexe_link HTTP/1.1" 200 980
200.54.247.69 - - [09/May/2017:11:15:32 -0300] "GET /cormun/servlet/trpermisosgoce HTTP/1.1" 200 7633
200.54.247.69 - - [09/May/2017:11:15:33 -0300] "GET /cormun/servlet/trpermisosgoce HTTP/1.1" 200 7631
200.54.247.69 - - [09/May/2017:11:15:35 -0300] "POST /cormun/servlet/trpermisosgoce?2a9bc63b32349e2629ac099b0a499429,gx-no-cache=1494339394664 HTTP/1.1" 200 4158
200.54.247.69 - - [09/May/2017:11:15:35 -0300] "GET /cormun/static/Shared/jqueryui/images/ui-bg_flat_55_fafafa_40x100.png HTTP/1.1" 404 1097
200.54.247.69 - - [09/May/2017:11:15:35 -0300] "GET /cormun/static/Shared/jqueryui/images/ui-icons_82798d_256x240.png HTTP/1.1" 404 1089
200.54.247.69 - - [09/May/2017:11:15:35 -0300] "GET /cormun/static/Shared/jqueryui/images/ui-icons_8d78a5_256x240.png HTTP/1.1" 404 1089
200.54.247.69 - - [09/May/2017:11:15:36 -0300] "GET /cormun/static/Shared/jqueryui/images/ui-bg_highlight-soft_100_c6c2c8_1x100.png HTTP/1.1" 404 1117
192.168.10.96 - - [09/May/2017:11:16:23 -0300] "POST /cormun/servlet/trsolicitudgral?655e74c1bbee4bd60993bb3081e3c6d0,,gx-no-cache=1494342648108 HTTP/1.1" 440 972
192.168.10.96 - - [09/May/2017:11:16:25 -0300] "GET /cormun/servlet/trsolicitudgral? HTTP/1.1" 200 24037
192.168.10.96 - - [09/May/2017:11:16:26 -0300] "GET /cormun/servlet/hlogin HTTP/1.1" 200 1739
192.168.10.96 - - [09/May/2017:11:16:26 -0300] "GET /cormun/servlet/trsolicitudgral? HTTP/1.1" 200 24037
66.249.83.2 - - [09/May/2017:11:16:37 -0300] "GET /cormun/servlet/hlogin HTTP/1.1" 200 1723
66.249.83.2 - - [09/May/2017:11:16:37 -0300] "GET /cormun/servlet/hlogin?_escaped_fragment_= HTTP/1.1" 200 1719
66.249.83.2 - - [09/May/2017:11:16:38 -0300] "GET /favicon.ico HTTP/1.1" 200 21630
192.168.10.96 - - [09/May/2017:11:16:52 -0300] "POST /cormun/servlet/hlogin?c152925c403ee74bebec006c71df9c86,gx-no-cache=1494342677282 HTTP/1.1" 200 90
192.168.10.96 - - [09/May/2017:11:16:52 -0300] "GET /cormun/servlet/hpexe_link HTTP/1.1" 200 957
192.168.10.96 - - [09/May/2017:11:16:53 -0300] "GET /cormun/servlet/trsolicitudgral HTTP/1.1" 200 25031
192.168.10.96 - - [09/May/2017:11:16:54 -0300] "GET /cormun/servlet/trsolicitudgral HTTP/1.1" 200 25029
192.168.10.96 - - [09/May/2017:11:17:01 -0300] "POST /cormun/servlet/trsolicitudgral?c152925c403ee74bebec006c71df9c86,gx-no-cache=1494342685882 HTTP/1.1" 200 7486
192.168.10.96 - - [09/May/2017:11:17:06 -0300] "POST /cormun/servlet/trsolicitudgral?c152925c403ee74bebec006c71df9c86,gx-no-cache=1494342691471 HTTP/1.1" 200 6519
186.103.158.250 - - [09/May/2017:11:17:08 -0300] "GET /cormun/servlet/solicitudot?INS,0,0, HTTP/1.1" 200 12609
192.168.10.96 - - [09/May/2017:11:17:09 -0300] "POST /cormun/servlet/trsolicitudgral?c152925c403ee74bebec006c71df9c86,gx-no-cache=1494342694424 HTTP/1.1" 200 5197
186.103.158.250 - - [09/May/2017:11:17:10 -0300] "GET /cormun/servlet/solicitudot?INS,0,0, HTTP/1.1" 200 12614
186.79.80.214 - - [09/May/2017:11:17:12 -0300] "GET /cormun/servlet/hlogin HTTP/1.1" 200 1718
186.79.80.214 - - [09/May/2017:11:17:13 -0300] "GET /cormun/servlet/hlogin HTTP/1.1" 200 1728
186.79.80.214 - - [09/May/2017:11:17:13 -0300] "GET /favicon.ico HTTP/1.1" 200 21630
200.54.247.69 - - [09/May/2017:11:17:26 -0300] "GET /cormun/servlet/permisogoce?INS,0,,, HTTP/1.1" 200 6801
200.54.247.69 - - [09/May/2017:11:17:27 -0300] "GET /cormun/servlet/permisogoce?INS,0,,, HTTP/1.1" 200 6801
200.54.247.69 - - [09/May/2017:11:17:29 -0300] "GET /cormun/servlet/prfichaempleado?,MD,,gxPopupLevel%3D0%3B HTTP/1.1" 200 8871
200.54.247.69 - - [09/May/2017:11:17:38 -0300] "POST /cormun/servlet/prfichaempleado?2a9bc63b32349e2629ac099b0a499429,,MD,,gxPopupLevel%3D0%3B,gx-no-cache=1494339517272 HTTP/1.1" 200 3392
200.54.247.69 - - [09/May/2017:11:17:41 -0300] "GET /cormun/servlet/permisogoce?a1acbdda76416f93cff7e213e40ba29b1d8e9a0bdcb8e2080ee1993625ed9f5c7379f8b19861d6d20d1a33bfd5d296f1,gx-no-cache=1494339521170 HTTP/1.1" 200 65
200.54.247.69 - - [09/May/2017:11:17:47 -0300] "GET /cormun/servlet/permisogoce?a1acbdda76416f93cff7e213e40ba29bdb2ab4b6a052f67daa6984bb5a2d5169601fc30b40ee63af14196d83d24bc31611533a5aa5bd16566d2cb9f0bbe71f9e,gx-no-cache=1494339526586 HTTP/1.1" 200 46
200.54.247.69 - - [09/May/2017:11:17:56 -0300] "POST /cormun/servlet/permisogoce?2a9bc63b32349e2629ac099b0a499429,INS,0,,,,gx-no-cache=1494339535815 HTTP/1.1" 200 93
200.54.247.69 - - [09/May/2017:11:17:56 -0300] "GET /cormun/servlet/hpexe_return? HTTP/1.1" 200 1030
200.54.247.69 - - [09/May/2017:11:17:56 -0300] "GET /cormun/servlet/trpermisosgoce?gx-no-cache=1494339394664 HTTP/1.1" 200 7640
200.54.247.69 - - [09/May/2017:11:17:57 -0300] "GET /cormun/servlet/trpermisosgoce?gx-no-cache=1494339394664 HTTP/1.1" 200 7657
200.54.247.69 - - [09/May/2017:11:18:06 -0300] "GET /cormun/servlet/trpermisosadjuntos?17129317,20170509121221,P, HTTP/1.1" 200 6356
200.54.247.69 - - [09/May/2017:11:18:07 -0300] "GET /cormun/servlet/trpermisosadjuntos?17129317,20170509121221,P, HTTP/1.1" 200 6335
200.54.247.69 - - [09/May/2017:11:18:08 -0300] "GET /cormun/servlet/permisosadjuntos?INS,17129317,P,20170509121221,, HTTP/1.1" 200 5664
200.54.247.69 - - [09/May/2017:11:18:08 -0300] "GET /cormun/static/about:blank HTTP/1.1" 404 1011
200.54.247.69 - - [09/May/2017:11:18:08 -0300] "GET /cormun/servlet/permisosadjuntos?INS,17129317,P,20170509121221,, HTTP/1.1" 200 5654
186.103.158.250 - - [09/May/2017:11:18:19 -0300] "POST /cormun/servlet/solicitudot?gx-no-cache=1494339558866 HTTP/1.1" 200 3092
186.103.158.250 - - [09/May/2017:11:18:20 -0300] "POST /cormun/servlet/solicitudot?8db3ca81d26aad84ce8f3003fd5c4765,INS,0,0,,gx-no-cache=1494339559346 HTTP/1.1" 200 9694
186.103.158.250 - - [09/May/2017:11:18:23 -0300] "GET /cormun/servlet/solicitudot?b53fa2d8232b7bfb9b8773c02addad8ad257261dd915d127f953598bbcdaeb9466883f05cace31db38748778140bda4d,gx-no-cache=1494339562520 HTTP/1.1" 200 30
186.103.159.43 - - [09/May/2017:11:18:23 -0300] "GET /cormun/servlet/prcontratosol?16882955,,,,,MD,,gxPopupLevel%3D0%3B HTTP/1.1" 200 5906
186.103.159.43 - - [09/May/2017:11:18:34 -0300] "POST /cormun/servlet/solicitudot?gx-no-cache=1494339573861 HTTP/1.1" 200 1296
186.103.159.43 - - [09/May/2017:11:18:34 -0300] "POST /cormun/servlet/solicitudot?gx-no-cache=1494339575063 HTTP/1.1" 200 41
186.103.159.43 - - [09/May/2017:11:18:34 -0300] "POST /cormun/servlet/solicitudot?gx-no-cache=1494339575214 HTTP/1.1" 200 1280
186.103.159.43 - - [09/May/2017:11:18:34 -0300] "POST /cormun/servlet/solicitudot?gx-no-cache=1494339575366 HTTP/1.1" 200 1162
186.79.80.214 - - [09/May/2017:11:18:38 -0300] "POST /cormun/servlet/hlogin?296aac25784136e55ed5021cd758c6f3,gx-no-cache=1494339578456 HTTP/1.1" 200 90
186.79.80.214 - - [09/May/2017:11:18:38 -0300] "GET /cormun/servlet/hpexe_link HTTP/1.1" 200 947
186.79.80.214 - - [09/May/2017:11:18:39 -0300] "GET /cormun/servlet/hhome HTTP/1.1" 200 3807
186.79.80.214 - - [09/May/2017:11:18:39 -0300] "GET /cormun/servlet/hhome HTTP/1.1" 200 3804
186.79.80.214 - - [09/May/2017:11:18:42 -0300] "GET /cormun/servlet/trsolicitudot? HTTP/1.1" 200 6761
186.79.80.214 - - [09/May/2017:11:18:43 -0300] "GET /cormun/servlet/trsolicitudot? HTTP/1.1" 200 6761
186.79.80.214 - - [09/May/2017:11:18:45 -0300] "GET /cormun/servlet/solicitudot?INS,0,0, HTTP/1.1" 200 12622
186.79.80.214 - - [09/May/2017:11:18:46 -0300] "GET /cormun/servlet/solicitudot?INS,0,0, HTTP/1.1" 200 12625
186.79.77.62 - - [09/May/2017:11:18:56 -0300] "POST /cormun/servlet/trautorizarsolicitud?fbfaddd1f945c64af9eb90964839b326,gx-no-cache=1494343008583 HTTP/1.1" 200 4320
200.54.247.69 - - [09/May/2017:11:18:58 -0300] "POST /cormun/servlet/permisosadjuntos?2a9bc63b32349e2629ac099b0a499429,INS,17129317,P,20170509121221,, HTTP/1.1" 200 116
200.54.247.69 - - [09/May/2017:11:18:58 -0300] "GET /cormun/servlet/hpexe_return? HTTP/1.1" 200 1036
186.79.77.62 - - [09/May/2017:11:18:58 -0300] "GET /cormun/static/Shared/jqueryui/images/ui-icons_82798d_256x240.png HTTP/1.1" 404 1089
200.54.247.69 - - [09/May/2017:11:18:59 -0300] "GET /cormun/servlet/trpermisosadjuntos?17129317,20170509121221,P, HTTP/1.1" 200 6786
186.79.77.62 - - [09/May/2017:11:19:00 -0300] "GET /cormun/static/Shared/jqueryui/images/ui-bg_flat_55_fafafa_40x100.png HTTP/1.1" 404 1097
186.79.77.62 - - [09/May/2017:11:19:00 -0300] "GET /cormun/static/Shared/jqueryui/images/ui-icons_8d78a5_256x240.png HTTP/1.1" 404 1089
200.54.247.69 - - [09/May/2017:11:19:00 -0300] "GET /cormun/servlet/trpermisosadjuntos?17129317,20170509121221,P, HTTP/1.1" 200 6784
186.79.80.214 - - [09/May/2017:11:19:01 -0300] "POST /cormun/servlet/solicitudot?gx-no-cache=1494339600588 HTTP/1.1" 200 3175
186.79.80.214 - - [09/May/2017:11:19:01 -0300] "POST /cormun/servlet/solicitudot?296aac25784136e55ed5021cd758c6f3,INS,0,0,,gx-no-cache=1494339601089 HTTP/1.1" 200 9782
186.79.77.62 - - [09/May/2017:11:19:02 -0300] "GET /cormun/static/Shared/jqueryui/images/ui-bg_highlight-soft_100_c6c2c8_1x100.png HTTP/1.1" 404 1117
200.54.247.69 - - [09/May/2017:11:19:02 -0300] "POST /cormun/servlet/trpermisosadjuntos?2a9bc63b32349e2629ac099b0a499429,17129317,20170509121221,P,,gx-no-cache=1494339602274 HTTP/1.1" 200 90
200.54.247.69 - - [09/May/2017:11:19:02 -0300] "GET /cormun/servlet/hpexe_link HTTP/1.1" 200 1002
200.54.247.69 - - [09/May/2017:11:19:03 -0300] "GET /cormun/servlet/trpermisosgoce?gx-no-cache=1494339394664 HTTP/1.1" 200 7638
200.54.247.69 - - [09/May/2017:11:19:03 -0300] "GET /cormun/servlet/trpermisosgoce?gx-no-cache=1494339394664 HTTP/1.1" 200 7657
186.79.77.62 - - [09/May/2017:11:19:06 -0300] "POST /cormun/servlet/trautorizarsolicitud?fbfaddd1f945c64af9eb90964839b326,gx-no-cache=1494343016329 HTTP/1.1" 200 4090
186.79.80.214 - - [09/May/2017:11:19:06 -0300] "GET /cormun/servlet/solicitudot?5d1d3baeef633c359a0dbca49dc48bb80dca998b45f148a872a90b18444f10bebd9e3d156810fb467642cee944b366ba,gx-no-cache=1494339606497 HTTP/1.1" 200 30
186.79.80.214 - - [09/May/2017:11:19:07 -0300] "POST /cormun/servlet/solicitudot?gx-no-cache=1494339606591 HTTP/1.1" 200 255
186.79.80.214 - - [09/May/2017:11:19:07 -0300] "GET /cormun/servlet/solicitudot?5d1d3baeef633c359a0dbca49dc48bb88cda6e8e32eeb4bf7924f91f970d54abeb3a46eb227d85a8990303c89ea68b07276636cd04bf1df37302d14d2ffab88c03df16e39c756e28d7482dcbf7d501848cd7e71143e8b9938b159b23f0d08c3462a47ba9e69ec741e5d985ec6e9a1afcd62d6b8ef7c3e1f433e1c662916b37adc122399509cbea403faeb0c68e37056c985f6674c04606ee99a750c2bf38555f1b7a50e88ac8db64816195ac006c9b2757c681fc2cdbdf5c287a3789f1d171420e80ec1dad904e1bda3b05de2b816d2e49c3d0a41221e1d2bf0f7bd80a0b8b847e80d16f61a997f256f593d2c71297cb13b9a062033120d2d0961f63325a1f63a2b07a48b3240cd9e7ea5f998508d7c3916f2c4ae219c6eb294ba0786348bf50d727784b393774005c56632a8db79e0dda0d8b0df6d9927e8c673fe5ced84c4bfc40c550ffb04cdb34673db2b518ee49aabfc01db166f600175a11393c82bcb6dfea5badb8e7ed0f86c6e920e8ba9b5e094f7035c086e608f050e74e7320f077,gx-no-cache=1494339606704 HTTP/1.1" 200 30
186.79.80.214 - - [09/May/2017:11:19:08 -0300] "POST /cormun/servlet/solicitudot?gx-no-cache=1494339608427 HTTP/1.1" 200 30
186.103.159.43 - - [09/May/2017:11:19:11 -0300] "GET /cormun/servlet/solicitudot?127f21f9afeaf126886038262ac9032c43256c73e712067905f29dba35ed92e601860e346c553beba4d00e8dd49c38509bdabe886d3446f4029242779aaca693afafd16976050ae650096481269f059adefaa3b2c73ad7d3a4239e0fd8a4db978697dcdae1620f59a7efb87660bcd765620e45f24697533d1bf87db880a449fc41af4606e15b9d955d1321c9f373180eee26f580703f0a5db5b68b1c2667f58d2838486e3c36b20be352f8dbc500df1f,gx-no-cache=1494339612644 HTTP/1.1" 200 30
186.103.159.43 - - [09/May/2017:11:19:12 -0300] "POST /cormun/servlet/solicitudot?56c31da2eceb7902c276f44666afde7b,INS,0,0,,gx-no-cache=1494339612792 HTTP/1.1" 200 93
186.103.159.43 - - [09/May/2017:11:19:12 -0300] "GET /cormun/servlet/hpexe_return? HTTP/1.1" 200 1004
186.103.159.43 - - [09/May/2017:11:19:12 -0300] "GET /cormun/servlet/trsolicitudot? HTTP/1.1" 200 8023
186.103.159.43 - - [09/May/2017:11:19:13 -0300] "GET /cormun/servlet/trsolicitudot? HTTP/1.1" 200 8019
200.54.247.69 - - [09/May/2017:11:19:16 -0300] "GET /cormun/servlet/trpermisosadjuntos?17129317,20170509121221,P, HTTP/1.1" 200 6804
200.54.247.69 - - [09/May/2017:11:19:18 -0300] "GET /cormun/servlet/trpermisosadjuntos?17129317,20170509121221,P, HTTP/1.1" 200 6783
200.54.247.69 - - [09/May/2017:11:19:21 -0300] "POST /cormun/servlet/trpermisosadjuntos?2a9bc63b32349e2629ac099b0a499429,17129317,20170509121221,P,,gx-no-cache=1494339621341 HTTP/1.1" 200 90
200.54.247.69 - - [09/May/2017:11:19:22 -0300] "GET /cormun/servlet/hpexe_link HTTP/1.1" 200 1002
192.168.10.89 - - [09/May/2017:11:19:22 -0300] "POST /cormun/servlet/trsolicitudgral?a989fb2943d6c368d6a39bf1187858ae,,gx-no-cache=1494342826858 HTTP/1.1" 200 7143
200.54.247.69 - - [09/May/2017:11:19:22 -0300] "GET /cormun/servlet/trpermisosgoce?gx-no-cache=1494339394664 HTTP/1.1" 200 7638
200.54.247.69 - - [09/May/2017:11:19:23 -0300] "GET /cormun/servlet/trpermisosgoce?gx-no-cache=1494339394664 HTTP/1.1" 200 7657
192.168.10.89 - - [09/May/2017:11:19:24 -0300] "GET /cormun/servlet/solicitudgral2?UPD,2017,6373, HTTP/1.1" 200 12439
200.54.247.69 - - [09/May/2017:11:19:25 -0300] "POST /cormun/servlet/trpermisosgoce?2a9bc63b32349e2629ac099b0a499429,gx-no-cache=1494339394664,gx-no-cache=1494339625176 HTTP/1.1" 200 4161
200.54.247.69 - - [09/May/2017:11:19:26 -0300] "GET /cormun/static/Shared/jqueryui/images/ui-bg_highlight-soft_100_c6c2c8_1x100.png HTTP/1.1" 404 1117
200.54.247.69 - - [09/May/2017:11:19:26 -0300] "GET /cormun/static/Shared/jqueryui/images/ui-icons_8d78a5_256x240.png HTTP/1.1" 404 1089
200.54.247.69 - - [09/May/2017:11:19:26 -0300] "GET /cormun/static/Shared/jqueryui/images/ui-icons_82798d_256x240.png HTTP/1.1" 404 1089
200.54.247.69 - - [09/May/2017:11:19:26 -0300] "GET /cormun/static/Shared/jqueryui/images/ui-bg_flat_55_fafafa_40x100.png HTTP/1.1" 404 1097
192.168.10.89 - - [09/May/2017:11:19:26 -0300] "POST /cormun/servlet/solicitudgral2?gx-no-cache=1494342830771 HTTP/1.1" 200 3182
192.168.10.89 - - [09/May/2017:11:19:26 -0300] "GET /cormun/servlet/solicitudgral2?37e6f1ae7f0a805b8781ebe151e323500a1e88593da5f9d980e25c4efdfd86e5ac1b8eba28ba52215584a6ce34351fcf0edbc973e44998ec4699d68ba9b9d7519ba898a40f893462069a78dc46e704efe7c582ef80e0956c90e70872b1636423a3ee5412811796041a525da7b78d43a27d8270d5d4458a6791c04660f27f59d3d9c6f09ed6e9ec733f3efdca409534f6c6af6deab2bb8a949d98d63d2551053f902c66061a9e6c2c390735432a0be0c2f56b6557b8242f6aee0f38bb3af12959db1e9c333f42326c5955ab43b8d8cf681120334d4fe426d218bc3b9f5889ecdfb3691812d13943c934002d66e675198f6f2886cf03ac2ebd8e33c8c1cdbe0be9f49100b6493ccc820f410becf49d8d4caf4a67cdd7d940fd05cb365232a626bdb05a656a08d2ebdf7ca045262206c202b86a25e1bf054aee83572286bdd65a572ca17fecbcc12b885b9488ff47fb0b76,gx-no-cache=1494342830984 HTTP/1.1" 200 257
192.168.10.89 - - [09/May/2017:11:19:26 -0300] "POST /cormun/servlet/solicitudgral2?gx-no-cache=1494342831014 HTTP/1.1" 200 1359
192.168.10.89 - - [09/May/2017:11:19:26 -0300] "GET /cormun/servlet/solicitudgral2?37e6f1ae7f0a805b8781ebe151e323504187f6d1164e8e5189b823436f7d36a315314fbc3eb1815537f2d6345923b3fd0edbc973e44998ec4699d68ba9b9d7517c48a0a9e48964f2741a64827b774c0cba3df49ed754c8e4c4fd4b4154e14dd6897571df3dfbb608d548e26d2e2e1e42,gx-no-cache=1494342831056 HTTP/1.1" 200 41
192.168.10.89 - - [09/May/2017:11:19:32 -0300] "POST /cormun/servlet/solicitudgral2?a989fb2943d6c368d6a39bf1187858ae,UPD,2017,6373,,gx-no-cache=1494342837564 HTTP/1.1" 200 10678
186.103.159.43 - - [09/May/2017:11:19:33 -0300] "POST /cormun/servlet/trsolicitudot?56c31da2eceb7902c276f44666afde7b,,gx-no-cache=1494339634449 HTTP/1.1" 200 4155
192.168.10.89 - - [09/May/2017:11:19:33 -0300] "GET /cormun/servlet/solicitudgral2?37e6f1ae7f0a805b8781ebe151e323506b30fb5dfbbbd456063dc345d0d75563b9d0415543be39e3e3654029491d84c96a82764337e1f871008c05b6700dd2b17ccbc3ad9a0ce6a2a813816a2b414edf235a813ae813b0d0f1cffbe5215894837824ad34ddfef3f78221800138e3388e92bfc3e441e3c7f777641dbe4d067822ca36b5aa8b7eee0bdbce3061c1b9892ae3746b6fca11b8522ef8ee825ef48372,gx-no-cache=1494342838498 HTTP/1.1" 200 29
192.168.10.89 - - [09/May/2017:11:19:33 -0300] "POST /cormun/servlet/solicitudgral2?gx-no-cache=1494342838525 HTTP/1.1" 200 1256
192.168.10.89 - - [09/May/2017:11:19:33 -0300] "POST /cormun/servlet/solicitudgral2?gx-no-cache=1494342838561 HTTP/1.1" 200 1159
186.103.159.43 - - [09/May/2017:11:19:33 -0300] "GET /cormun/static/Shared/jqueryui/images/ui-bg_highlight-soft_100_c6c2c8_1x100.png HTTP/1.1" 404 1117
186.103.159.43 - - [09/May/2017:11:19:33 -0300] "GET /cormun/static/Shared/jqueryui/images/ui-icons_8d78a5_256x240.png HTTP/1.1" 404 1089
186.103.159.43 - - [09/May/2017:11:19:33 -0300] "GET /cormun/static/Shared/jqueryui/images/ui-icons_82798d_256x240.png HTTP/1.1" 404 1089
186.103.159.43 - - [09/May/2017:11:19:33 -0300] "GET /cormun/static/Shared/jqueryui/images/ui-bg_flat_55_fafafa_40x100.png HTTP/1.1" 404 1097
186.103.159.43 - - [09/May/2017:11:19:33 -0300] "POST /cormun/servlet/trsolicitudot?56c31da2eceb7902c276f44666afde7b,,gx-no-cache=1494339634709 HTTP/1.1" 200 3928
192.168.10.89 - - [09/May/2017:11:19:35 -0300] "GET /cormun/servlet/solicitudgral2?37e6f1ae7f0a805b8781ebe151e32350f815dea833371dbd0c8ba4f3bf7f1cb7995e9df696ef39e2b08846af8f8782fd59b9fcd51b2311e57a686c40fea491a557fcaa554a2bf690c134e267e4137735b09de1361653f26bb1d018b5d801632083103c281caf35f6be2d2c15eea9c75fd7e6894038633dbc344806e224408ec9,gx-no-cache=1494342839959 HTTP/1.1" 200 30
192.168.10.89 - - [09/May/2017:11:19:44 -0300] "POST /cormun/servlet/solicitudgral2?a989fb2943d6c368d6a39bf1187858ae,UPD,2017,6373,,gx-no-cache=1494342849298 HTTP/1.1" 200 93
192.168.10.89 - - [09/May/2017:11:19:44 -0300] "GET /cormun/servlet/hpexe_return? HTTP/1.1" 200 1017
192.168.10.89 - - [09/May/2017:11:19:44 -0300] "GET /cormun/servlet/trsolicitudgral? HTTP/1.1" 200 10450
186.79.80.214 - - [09/May/2017:11:20:24 -0300] "POST /cormun/servlet/solicitudot?gx-no-cache=1494339684014 HTTP/1.1" 200 1296
186.79.80.214 - - [09/May/2017:11:20:24 -0300] "POST /cormun/servlet/solicitudot?gx-no-cache=1494339684253 HTTP/1.1" 200 38
186.103.158.250 - - [09/May/2017:11:20:39 -0300] "POST /cormun/servlet/solicitudot?gx-no-cache=1494339698872 HTTP/1.1" 200 257
186.103.158.250 - - [09/May/2017:11:20:43 -0300] "GET /cormun/servlet/solicitudot?b53fa2d8232b7bfb9b8773c02addad8aa2b84036f0986af87887aec812bec5534fb212538f7a8339ef66efc2b85ac9a69e9c1f790eff75f6c401bffc9da0a236344a3e4057e4849362a7804e77a5a66f3e48bf3f8a4c50020421f6802a10147773b6c37f5c24cd66d58503604e28ad9bcd08771f319df7340f1e9603e6f28332d3f3235f70b8d2ad93f51a4a7eec28abf35133868978d8498fa73274b9428bc624bd6c7281594f657624e974e28f0125f1c6c3d68b7e04bc841377b3608c9216c99b8f0ca57e1afed2e0a81be59a1b2f572c6ee0fd6bc7df23ee4fd352f64138872428b7062a162e95194205132190204fad853579efb51806150edb0d428810b8d5328d721c8ac7fb86e259d32b3e501a07c9bcbaec408cbc180416bdeca29b4a5461de2d49fa0d850b871005258b5997ac6916fffe227a70f09e508cc28c065e20fa52623e34b6d69b9e678bee9002,gx-no-cache=1494339703022 HTTP/1.1" 200 30
186.103.158.250 - - [09/May/2017:11:20:47 -0300] "POST /cormun/servlet/solicitudot?gx-no-cache=1494339705947 HTTP/1.1" 200 30
186.103.158.250 - - [09/May/2017:11:20:47 -0300] "POST /cormun/servlet/solicitudot?gx-no-cache=1494339706435 HTTP/1.1" 200 235
186.103.158.250 - - [09/May/2017:11:20:47 -0300] "POST /cormun/servlet/solicitudot?gx-no-cache=1494339706588 HTTP/1.1" 200 38
186.79.80.214 - - [09/May/2017:11:20:48 -0300] "GET /cormun/servlet/solicitudot?5d1d3baeef633c359a0dbca49dc48bb8a3af150566afb54ab28248e90d2fb6091bbce8193ad3753bd1a51397a47261782c04662fe6457f6be6b1cd38ea5095dc6941e741799ae9059ef4aca9b90b521ca74e6d75ac5f86c8c8d61435f570f8b16c6c0c578d6332f4b4956eecebd0b7f4647361285bb066defd5b34d5a348da16f17e4ecc8a7b3b9f5af4efb319c6defada8479eb245983662e88c685aa9057eef0c395df1b647618222d2bf9776ea8e3f3ee1bb29a6e103c1a68ed54847492c629e5fb7074c791486285b75739d8c5ac,gx-no-cache=1494339707545 HTTP/1.1" 200 29
186.79.80.214 - - [09/May/2017:11:20:48 -0300] "POST /cormun/servlet/solicitudot?gx-no-cache=1494339707695 HTTP/1.1" 200 1280
186.79.80.214 - - [09/May/2017:11:20:48 -0300] "POST /cormun/servlet/solicitudot?gx-no-cache=1494339708323 HTTP/1.1" 200 1162
186.103.157.235 - - [09/May/2017:11:21:10 -0300] "GET /cormun/servlet/hlogin HTTP/1.1" 200 1717
186.103.157.235 - - [09/May/2017:11:21:20 -0300] "POST /cormun/servlet/hlogin?c5f2f07986f45b7cdcefbc7ab5ac70fd,gx-no-cache=1494339740956 HTTP/1.1" 200 90
186.103.157.235 - - [09/May/2017:11:21:20 -0300] "GET /cormun/servlet/hpexe_link HTTP/1.1" 200 954
186.103.157.235 - - [09/May/2017:11:21:20 -0300] "GET /cormun/servlet/trlicencias? HTTP/1.1" 200 7941
186.103.157.235 - - [09/May/2017:11:21:21 -0300] "GET /cormun/servlet/trlicencias? HTTP/1.1" 200 7939
186.103.157.235 - - [09/May/2017:11:21:26 -0300] "GET /cormun/servlet/trpermisosgoce? HTTP/1.1" 200 7788
186.79.80.214 - - [09/May/2017:11:21:26 -0300] "GET /cormun/static/menuarrow.gif HTTP/1.1" 404 1015
186.103.157.235 - - [09/May/2017:11:21:26 -0300] "GET /cormun/static/gxcfg.js?20174111153177 HTTP/1.1" 200 953
186.103.157.235 - - [09/May/2017:11:21:26 -0300] "GET /cormun/static/trpermisosgoce.js?20174111153217 HTTP/1.1" 200 32899
186.103.157.235 - - [09/May/2017:11:21:26 -0300] "GET /cormun/servlet/trpermisosgoce? HTTP/1.1" 200 7788
186.103.157.235 - - [09/May/2017:11:21:31 -0300] "GET /cormun/servlet/permisogoce?INS,0,,, HTTP/1.1" 200 6756
186.103.157.235 - - [09/May/2017:11:21:31 -0300] "GET /cormun/static/gxcfg.js?201741111325459 HTTP/1.1" 200 953
186.103.157.235 - - [09/May/2017:11:21:31 -0300] "GET /cormun/static/permisogoce.js?20174111132557 HTTP/1.1" 200 26619
186.103.157.235 - - [09/May/2017:11:21:31 -0300] "GET /cormun/servlet/permisogoce?INS,0,,, HTTP/1.1" 200 6756
186.103.157.235 - - [09/May/2017:11:21:36 -0300] "GET /cormun/static/Resources/resize.gif HTTP/1.1" 200 77
186.79.80.214 - - [09/May/2017:11:21:37 -0300] "GET /cormun/servlet/solicitudot?5d1d3baeef633c359a0dbca49dc48bb8b9db403692dd725e7a5c815a2cabd8f94fe3c58c78ec91706c59e0e45f80c36599006a7ddbedff1540c122f370ef20a9a17b4d93205bd53a3f690283c7b450b0fb30dc2921d05b94ec55cf1445fd5435136a05086a90dabb6a684fbd252a100fa69b430a09f1a9cd5ef364e87c86c2e9f15d9e4b9bc2e2fa61c3b86071deaf5878e954cbb94908440dac9f935aeedb20850e3b0bc30fd062da8736c301b61c3d,gx-no-cache=1494339756589 HTTP/1.1" 200 30
186.103.157.235 - - [09/May/2017:11:21:37 -0300] "GET /cormun/servlet/prfichaempleado?,MD,,gxPopupLevel%3D0%3B HTTP/1.1" 200 8812
186.103.157.235 - - [09/May/2017:11:21:37 -0300] "GET /cormun/static/gxcfg.js?2017319125415 HTTP/1.1" 200 953
186.103.157.235 - - [09/May/2017:11:21:37 -0300] "GET /cormun/static/Resources/PXToolsMenuSearch.png HTTP/1.1" 200 2914
186.103.157.235 - - [09/May/2017:11:21:37 -0300] "GET /cormun/static/menusearch.js?201610171694467 HTTP/1.1" 200 1424
186.103.157.235 - - [09/May/2017:11:21:37 -0300] "GET /cormun/static/hmpwkw011.js?201731711483558 HTTP/1.1" 200 1968
186.103.157.235 - - [09/May/2017:11:21:37 -0300] "GET /cormun/static/Resources/PXToolsMenuSearchCancel.png HTTP/1.1" 200 2972
186.103.157.235 - - [09/May/2017:11:21:37 -0300] "GET /cormun/static/prfichaempleado.js?20173191254344 HTTP/1.1" 200 15951
186.103.157.235 - - [09/May/2017:11:21:44 -0300] "POST /cormun/servlet/prfichaempleado?c5f2f07986f45b7cdcefbc7ab5ac70fd,,MD,,gxPopupLevel%3D0%3B,gx-no-cache=1494339765596 HTTP/1.1" 200 5471
186.103.157.235 - - [09/May/2017:11:21:59 -0300] "GET /cormun/servlet/permisogoce?9a1aea150e6f3484442b835dc9462d30c364225d962b09ba19e92332fd40c11db5f356929e7b08a1a70ec1eb782c8fac,gx-no-cache=1494339780311 HTTP/1.1" 200 74
186.103.157.235 - - [09/May/2017:11:21:59 -0300] "GET /cormun/static/menuarrow.gif HTTP/1.1" 404 1015
186.103.157.235 - - [09/May/2017:11:22:15 -0300] "GET /cormun/servlet/permisogoce?9a1aea150e6f3484442b835dc9462d305acbe72e741c4d3d1fce4e6860cc5ad6867b3aba5212089452252d1cdddf9674a98bdf266d9656b5af5a3e5f2e495765,gx-no-cache=1494339796582 HTTP/1.1" 200 47
186.103.157.235 - - [09/May/2017:11:22:21 -0300] "POST /cormun/servlet/permisogoce?c5f2f07986f45b7cdcefbc7ab5ac70fd,INS,0,,,,gx-no-cache=1494339802220 HTTP/1.1" 200 93
186.103.157.235 - - [09/May/2017:11:22:21 -0300] "GET /cormun/servlet/hpexe_return? HTTP/1.1" 200 1005
186.103.157.235 - - [09/May/2017:11:22:22 -0300] "GET /cormun/servlet/trpermisosgoce HTTP/1.1" 200 8021
186.103.157.235 - - [09/May/2017:11:22:23 -0300] "GET /cormun/servlet/trpermisosgoce HTTP/1.1" 200 8017
200.54.247.69 - - [09/May/2017:11:22:27 -0300] "GET /cormun/servlet/trpermisosgoce? HTTP/1.1" 200 6830
200.54.247.69 - - [09/May/2017:11:22:28 -0300] "GET /cormun/servlet/trpermisosgoce? HTTP/1.1" 200 6809
200.54.247.69 - - [09/May/2017:11:22:29 -0300] "GET /cormun/servlet/permisogoce?INS,0,,, HTTP/1.1" 200 6801
200.54.247.69 - - [09/May/2017:11:22:30 -0300] "GET /cormun/servlet/permisogoce?INS,0,,, HTTP/1.1" 200 6801
200.54.247.69 - - [09/May/2017:11:22:33 -0300] "GET /cormun/servlet/prfichaempleado?,MD,,gxPopupLevel%3D0%3B HTTP/1.1" 200 8871
186.103.157.235 - - [09/May/2017:11:22:36 -0300] "GET /cormun/servlet/apermisogoceprn?7079614,P,20170509121646,PU HTTP/1.1" 200 1657
200.54.247.69 - - [09/May/2017:11:22:37 -0300] "POST /cormun/servlet/prfichaempleado?2a9bc63b32349e2629ac099b0a499429,,MD,,gxPopupLevel%3D0%3B,gx-no-cache=1494339817172 HTTP/1.1" 200 4527
186.79.80.214 - - [09/May/2017:11:22:40 -0300] "GET /cormun/servlet/solicitudot?5d1d3baeef633c359a0dbca49dc48bb8a3af150566afb54ab28248e90d2fb6091bbce8193ad3753bd1a51397a47261782931d6e23f360d4ebbac97d78687dbf66941e741799ae9059ef4aca9b90b521ca74e6d75ac5f86c8c8d61435f570f8b16c6c0c578d6332f4b4956eecebd0b7f4647361285bb066defd5b34d5a348da16f17e4ecc8a7b3b9f5af4efb319c6defada8479eb245983662e88c685aa9057eef0c395df1b647618222d2bf9776ea8e3f3ee1bb29a6e103c1a68ed54847492c629e5fb7074c791486285b75739d8c5ac,gx-no-cache=1494339820368 HTTP/1.1" 200 29
200.54.247.69 - - [09/May/2017:11:22:43 -0300] "POST /cormun/servlet/prfichaempleado?2a9bc63b32349e2629ac099b0a499429,,MD,,gxPopupLevel%3D0%3B,gx-no-cache=1494339823313 HTTP/1.1" 200 3398
200.54.247.69 - - [09/May/2017:11:22:46 -0300] "GET /cormun/servlet/permisogoce?a1acbdda76416f93cff7e213e40ba29be339c864623caac178e26c2695da11177379f8b19861d6d20d1a33bfd5d296f1,gx-no-cache=1494339826199 HTTP/1.1" 200 72
186.79.80.214 - - [09/May/2017:11:22:47 -0300] "POST /cormun/servlet/solicitudot?gx-no-cache=1494339826610 HTTP/1.1" 200 1280
186.79.80.214 - - [09/May/2017:11:22:47 -0300] "POST /cormun/servlet/solicitudot?gx-no-cache=1494339826851 HTTP/1.1" 200 1163
186.79.80.214 - - [09/May/2017:11:22:47 -0300] "GET /cormun/servlet/solicitudot?5d1d3baeef633c359a0dbca49dc48bb8b9db403692dd725e7a5c815a2cabd8f94fe3c58c78ec91706c59e0e45f80c36599006a7ddbedff1540c122f370ef20a9a17b4d93205bd53a3f690283c7b450b0fb30dc2921d05b94ec55cf1445fd5435136a05086a90dabb6a684fbd252a100fa69b430a09f1a9cd5ef364e87c86c2e9f15d9e4b9bc2e2fa61c3b86071deaf5878e954cbb94908440dac9f935aeedb20850e3b0bc30fd062da8736c301b61c3d,gx-no-cache=1494339827062 HTTP/1.1" 200 30
186.79.80.214 - - [09/May/2017:11:22:48 -0300] "POST /cormun/servlet/solicitudot?296aac25784136e55ed5021cd758c6f3,INS,0,0,,gx-no-cache=1494339827176 HTTP/1.1" 200 93
186.79.80.214 - - [09/May/2017:11:22:48 -0300] "GET /cormun/servlet/hpexe_return? HTTP/1.1" 200 1003
186.79.80.214 - - [09/May/2017:11:22:48 -0300] "GET /cormun/servlet/trsolicitudot HTTP/1.1" 200 8049
186.79.80.214 - - [09/May/2017:11:22:49 -0300] "GET /cormun/servlet/trsolicitudot HTTP/1.1" 200 8044
200.54.247.69 - - [09/May/2017:11:22:52 -0300] "GET /cormun/servlet/permisogoce?a1acbdda76416f93cff7e213e40ba29bd6e623ac1def25916ec6164e5954babcbd7dda77ff6d6f1853967b29fcfa631f11533a5aa5bd16566d2cb9f0bbe71f9e,gx-no-cache=1494339831774 HTTP/1.1" 200 46
200.54.247.69 - - [09/May/2017:11:22:55 -0300] "POST /cormun/servlet/permisogoce?2a9bc63b32349e2629ac099b0a499429,INS,0,,,,gx-no-cache=1494339835028 HTTP/1.1" 200 93
200.54.247.69 - - [09/May/2017:11:22:55 -0300] "GET /cormun/servlet/hpexe_return? HTTP/1.1" 200 1008
200.54.247.69 - - [09/May/2017:11:22:56 -0300] "GET /cormun/servlet/trpermisosgoce HTTP/1.1" 200 7640
200.54.247.69 - - [09/May/2017:11:22:57 -0300] "GET /cormun/servlet/trpermisosgoce HTTP/1.1" 200 7636
200.54.247.69 - - [09/May/2017:11:23:00 -0300] "GET /cormun/servlet/trpermisosadjuntos?13095920,20170509121720,P, HTTP/1.1" 200 6338
200.54.247.69 - - [09/May/2017:11:23:00 -0300] "GET /cormun/servlet/trpermisosadjuntos?13095920,20170509121720,P, HTTP/1.1" 200 6338
186.103.157.235 - - [09/May/2017:11:23:01 -0300] "GET /cormun/servlet/permisogoce?INS,0,,, HTTP/1.1" 200 6756
186.103.157.235 - - [09/May/2017:11:23:01 -0300] "GET /cormun/servlet/permisogoce?INS,0,,, HTTP/1.1" 200 6756
200.54.247.69 - - [09/May/2017:11:23:03 -0300] "GET /cormun/servlet/permisosadjuntos?INS,13095920,P,20170509121720,, HTTP/1.1" 200 5665
200.54.247.69 - - [09/May/2017:11:23:04 -0300] "GET /cormun/static/about:blank HTTP/1.1" 404 1011
200.54.247.69 - - [09/May/2017:11:23:04 -0300] "GET /cormun/servlet/permisosadjuntos?INS,13095920,P,20170509121720,, HTTP/1.1" 200 5656
186.103.157.235 - - [09/May/2017:11:23:09 -0300] "GET /cormun/servlet/permisogoce?9a1aea150e6f3484442b835dc9462d3021089e97749b35d1e8b12de06853b5115e16136f7868db87839ba11afe9ad3f0,gx-no-cache=1494339850409 HTTP/1.1" 200 69
186.103.157.235 - - [09/May/2017:11:23:12 -0300] "GET /cormun/static/menuarrow.gif HTTP/1.1" 404 1015
186.79.80.214 - - [09/May/2017:11:23:16 -0300] "POST /cormun/servlet/trsolicitudot?296aac25784136e55ed5021cd758c6f3,gx-no-cache=1494339856122 HTTP/1.1" 200 106
186.79.80.214 - - [09/May/2017:11:23:17 -0300] "GET /cormun/servlet/solicitudot?UPD,2017,6376, HTTP/1.1" 200 14265
186.79.80.214 - - [09/May/2017:11:23:17 -0300] "GET /cormun/servlet/solicitudot?UPD,2017,6376, HTTP/1.1" 200 14274
186.79.80.214 - - [09/May/2017:11:23:19 -0300] "POST /cormun/servlet/solicitudot?gx-no-cache=1494339857818 HTTP/1.1" 200 3175
186.79.80.214 - - [09/May/2017:11:23:20 -0300] "POST /cormun/servlet/solicitudot?296aac25784136e55ed5021cd758c6f3,UPD,2017,6376,,gx-no-cache=1494339858899 HTTP/1.1" 200 10865
186.79.80.214 - - [09/May/2017:11:23:21 -0300] "GET /cormun/servlet/solicitudot?5d1d3baeef633c359a0dbca49dc48bb80dca998b45f148a872a90b18444f10bebf1c9816f9a0137c5a120e598019bd34,gx-no-cache=1494339860633 HTTP/1.1" 200 30
186.79.80.214 - - [09/May/2017:11:23:21 -0300] "POST /cormun/servlet/solicitudot?gx-no-cache=1494339860725 HTTP/1.1" 200 254
186.79.80.214 - - [09/May/2017:11:23:21 -0300] "GET /cormun/servlet/solicitudot?5d1d3baeef633c359a0dbca49dc48bb88cda6e8e32eeb4bf7924f91f970d54abeb3a46eb227d85a8990303c89ea68b07276636cd04bf1df37302d14d2ffab88c03df16e39c756e28d7482dcbf7d501848cd7e71143e8b9938b159b23f0d08c3462a47ba9e69ec741e5d985ec6e9a1afcd62d6b8ef7c3e1f433e1c662916b37adc122399509cbea403faeb0c68e37056c985f6674c04606ee99a750c2bf38555f1b7a50e88ac8db64816195ac006c9b2757c681fc2cdbdf5c287a3789f1d171420e80ec1dad904e1bda3b05de2b816d2e49c3d0a41221e1d2bf0f7bd80a0b8b847e80d16f61a997f256f593d2c71297cb13b9a062033120d2d0961f63325a1f63a2b07a48b3240cd9e7ea5f998508d7c3916f2c4ae219c6eb294ba0786348bf50d727784b393774005c56632a8db79e0dda0d8b0df6d9927e8c673fe5ced84c4bfc40c550ffb04cdb34673db2b518ee49aabfc01db166f600175a11393c82bcb6dfea5badb8e7ed0f86c6e920e8ba9b5e265d9ca26e0bb8ca2931ae3d7e96df4c,gx-no-cache=1494339860845 HTTP/1.1" 200 30
186.79.80.214 - - [09/May/2017:11:23:21 -0300] "POST /cormun/servlet/solicitudot?gx-no-cache=1494339860956 HTTP/1.1" 200 30
186.79.80.214 - - [09/May/2017:11:23:21 -0300] "POST /cormun/servlet/solicitudot?gx-no-cache=1494339861053 HTTP/1.1" 200 1296
