186.103.157.235 - - [09/May/2017:10:54:39 -0300] "GET /cormun/servlet/solicitudotadjuntos?INS,2017,6372,,1, HTTP/1.1" 200 6016
186.103.157.235 - - [09/May/2017:10:54:40 -0300] "GET /cormun/servlet/solicitudotadjuntos?158ec71d14a42722f8db005e3c82ff4f8356ba2d051c4ffb1c30522c9d5742dc01b00f20bc9426839a8174c70a97c351,gx-no-cache=1494338141294 HTTP/1.1" 200 30
186.103.157.235 - - [09/May/2017:10:54:40 -0300] "POST /cormun/servlet/solicitudotadjuntos?c5f2f07986f45b7cdcefbc7ab5ac70fd,INS,2017,6372,,1,,gx-no-cache=1494338141320 HTTP/1.1" 200 3823
186.79.77.62 - - [09/May/2017:10:54:41 -0300] "GET /cormun/servlet/hlogin HTTP/1.1" 200 1721
200.112.1.186 - - [09/May/2017:10:54:41 -0300] "GET /cormun/servlet/prfichaempleado?,MD,,gxPopupLevel%3D0%3B HTTP/1.1" 200 8808
186.67.172.234 - - [09/May/2017:10:54:41 -0300] "POST /cormun/servlet/solicitudot?gx-no-cache=1494338140205 HTTP/1.1" 200 296
186.67.172.234 - - [09/May/2017:10:54:41 -0300] "GET /cormun/static/Shared/jqueryui/images/ui-bg_highlight-soft_100_c6c2c8_1x100.png HTTP/1.1" 404 1117
186.67.172.234 - - [09/May/2017:10:54:41 -0300] "GET /cormun/static/Shared/jqueryui/images/ui-icons_82798d_256x240.png HTTP/1.1" 404 1089
186.67.172.234 - - [09/May/2017:10:54:41 -0300] "GET /cormun/static/Shared/jqueryui/images/ui-bg_flat_55_994d53_40x100.png HTTP/1.1" 404 1097
186.67.172.234 - - [09/May/2017:10:54:41 -0300] "GET /cormun/static/Shared/jqueryui/images/ui-icons_ebccce_256x240.png HTTP/1.1" 404 1089
186.67.172.234 - - [09/May/2017:10:54:41 -0300] "POST /cormun/servlet/solicitudot?gx-no-cache=1494338140817 HTTP/1.1" 200 117
186.67.172.234 - - [09/May/2017:10:54:41 -0300] "GET /cormun/servlet/solicitudot?b347d181a3c5fd5a2c4fa5379e4347554f1551399b6c1f40d8f56cc95f77b2e550dcecdccc2abd661080df3cacd73bd3bfedf52b0ef0bfce2ff9beecf87256b55acd7b4d9d1a3c8b8fdb96805cf7d9840860cd50601a1507c064a00bc4b6816f66caa20a5a77807064127d7230dcc39b,gx-no-cache=1494338140872 HTTP/1.1" 200 29
186.67.172.234 - - [09/May/2017:10:54:42 -0300] "GET /cormun/servlet/solicitudot?b347d181a3c5fd5a2c4fa5379e434755ac8cd7739e890aea106fac7efbd0eddac5e97eefd7defd5e2cbb44fe32ec062fa1d845feb9fc01112e27e8fb6d499cd00dc7431694dde9afeaa21080d2d39247a0218b065d0785b3b45d6323a07fe01c8ec2020bd3d28c22e1e6b9c146abc02bfdb74f8e2810ca96ae2ca2d7d4153a40d2be0b2c255aa4c29412800039370db13c59f8341cb448cf7d29acdb78010ea7,gx-no-cache=1494338140911 HTTP/1.1" 200 57
186.67.172.234 - - [09/May/2017:10:54:42 -0300] "GET /cormun/servlet/solicitudot?b347d181a3c5fd5a2c4fa5379e4347559fa610b58b07ccceee0e25a0db6bb75dc5e97eefd7defd5e2cbb44fe32ec062fa1d845feb9fc01112e27e8fb6d499cd0b265d5f5fb87213b80708d0c70f3ad81373913465429bbb7137441f947bf8f2a9db93b61db62f6a7a971ef73c2e29a11f11f6597aaf58b6bff16228f337c3efb,gx-no-cache=1494338140952 HTTP/1.1" 200 57
186.103.157.235 - - [09/May/2017:10:54:42 -0300] "POST /cormun/servlet/solicitudotadjuntos?gx-no-cache=1494338143483 HTTP/1.1" 200 26
186.67.172.234 - - [09/May/2017:10:54:44 -0300] "GET /cormun/servlet/prsolicitudot?17506245,,,,,MD,,gxPopupLevel%3D0%3B HTTP/1.1" 200 5978
186.67.172.234 - - [09/May/2017:10:54:44 -0300] "GET /cormun/static/gxcfg.js?201731711522567 HTTP/1.1" 200 953
186.67.172.234 - - [09/May/2017:10:54:44 -0300] "GET /cormun/static/prsolicitudot.js?201731711522786 HTTP/1.1" 200 13680
186.103.157.235 - - [09/May/2017:10:54:52 -0300] "GET /cormun/servlet/solicitudotadjuntos?158ec71d14a42722f8db005e3c82ff4fe1aecc01cf4397192b785b9c61295c83,gx-no-cache=1494338153422 HTTP/1.1" 200 30
186.103.157.235 - - [09/May/2017:10:54:52 -0300] "GET /cormun/servlet/solicitudotadjuntos?158ec71d14a42722f8db005e3c82ff4fe1aecc01cf4397192b785b9c61295c83,gx-no-cache=1494338153446 HTTP/1.1" 200 30
186.103.157.235 - - [09/May/2017:10:54:52 -0300] "POST /cormun/servlet/solicitudotadjuntos?c5f2f07986f45b7cdcefbc7ab5ac70fd,INS,2017,6372,,1, HTTP/1.1" 200 116
186.103.157.235 - - [09/May/2017:10:54:52 -0300] "GET /cormun/servlet/hpexe_return? HTTP/1.1" 200 1021
186.103.157.235 - - [09/May/2017:10:54:53 -0300] "GET /cormun/servlet/trsolicitudadjuntos?2017,6372, HTTP/1.1" 200 9153
186.103.157.235 - - [09/May/2017:10:54:53 -0300] "GET /cormun/servlet/trsolicitudadjuntos?2017,6372, HTTP/1.1" 200 9151
186.67.172.234 - - [09/May/2017:10:54:54 -0300] "POST /cormun/servlet/solicitudot?gx-no-cache=1494338152897 HTTP/1.1" 200 296
186.67.172.234 - - [09/May/2017:10:54:54 -0300] "POST /cormun/servlet/solicitudot?gx-no-cache=1494338152945 HTTP/1.1" 200 117
186.67.172.234 - - [09/May/2017:10:54:54 -0300] "GET /cormun/servlet/solicitudot?b347d181a3c5fd5a2c4fa5379e434755ac8cd7739e890aea106fac7efbd0eddac5e97eefd7defd5e2cbb44fe32ec062fa1d845feb9fc01112e27e8fb6d499cd00dc7431694dde9afeaa21080d2d39247a0218b065d0785b3b45d6323a07fe01c8ec2020bd3d28c22e1e6b9c146abc02bfdb74f8e2810ca96ae2ca2d7d4153a40d2be0b2c255aa4c29412800039370db13c59f8341cb448cf7d29acdb78010ea7,gx-no-cache=1494338153015 HTTP/1.1" 200 57
186.67.172.234 - - [09/May/2017:10:54:54 -0300] "GET /cormun/servlet/solicitudot?b347d181a3c5fd5a2c4fa5379e4347559fa610b58b07ccceee0e25a0db6bb75dc5e97eefd7defd5e2cbb44fe32ec062fa1d845feb9fc01112e27e8fb6d499cd0b265d5f5fb87213b80708d0c70f3ad81373913465429bbb7137441f947bf8f2a9db93b61db62f6a7a971ef73c2e29a11f11f6597aaf58b6bff16228f337c3efb,gx-no-cache=1494338153060 HTTP/1.1" 200 57
186.79.77.62 - - [09/May/2017:10:54:54 -0300] "POST /cormun/servlet/hlogin?fbfaddd1f945c64af9eb90964839b326,gx-no-cache=1494341572502 HTTP/1.1" 200 424
186.103.157.235 - - [09/May/2017:10:54:56 -0300] "POST /cormun/servlet/trsolicitudadjuntos?c5f2f07986f45b7cdcefbc7ab5ac70fd,2017,6372,,gx-no-cache=1494338158014 HTTP/1.1" 200 90
186.103.157.235 - - [09/May/2017:10:54:57 -0300] "GET /cormun/servlet/hpexe_link HTTP/1.1" 200 965
186.103.157.235 - - [09/May/2017:10:54:57 -0300] "GET /cormun/servlet/trsolicitudot HTTP/1.1" 200 8187
186.103.157.235 - - [09/May/2017:10:54:58 -0300] "GET /cormun/servlet/trsolicitudot HTTP/1.1" 200 8186
186.103.157.235 - - [09/May/2017:10:55:04 -0300] "POST /cormun/servlet/trsolicitudot?c5f2f07986f45b7cdcefbc7ab5ac70fd,gx-no-cache=1494338165084 HTTP/1.1" 200 4322
186.103.157.235 - - [09/May/2017:10:55:04 -0300] "GET /cormun/static/Shared/jqueryui/images/ui-bg_highlight-soft_100_c6c2c8_1x100.png HTTP/1.1" 404 1117
186.103.157.235 - - [09/May/2017:10:55:04 -0300] "GET /cormun/static/Shared/jqueryui/images/ui-bg_flat_55_fafafa_40x100.png HTTP/1.1" 404 1097
186.103.157.235 - - [09/May/2017:10:55:04 -0300] "GET /cormun/static/Shared/jqueryui/images/ui-icons_8d78a5_256x240.png HTTP/1.1" 404 1089
186.103.157.235 - - [09/May/2017:10:55:04 -0300] "GET /cormun/static/Shared/jqueryui/images/ui-icons_82798d_256x240.png HTTP/1.1" 404 1089
186.103.157.235 - - [09/May/2017:10:55:05 -0300] "POST /cormun/servlet/trsolicitudot?c5f2f07986f45b7cdcefbc7ab5ac70fd,gx-no-cache=1494338165485 HTTP/1.1" 200 4107
186.79.77.62 - - [09/May/2017:10:55:06 -0300] "POST /cormun/servlet/hlogin?fbfaddd1f945c64af9eb90964839b326,gx-no-cache=1494341584110 HTTP/1.1" 200 90
186.79.77.62 - - [09/May/2017:10:55:07 -0300] "GET /cormun/servlet/hpexe_link HTTP/1.1" 200 952
186.79.77.62 - - [09/May/2017:10:55:08 -0300] "GET /cormun/servlet/hhome HTTP/1.1" 200 3799
186.103.157.235 - - [09/May/2017:10:55:09 -0300] "GET /cormun/servlet/trautorizarsolicitud? HTTP/1.1" 200 8138
186.103.157.235 - - [09/May/2017:10:55:10 -0300] "GET /cormun/static/gxui/gxui-all.css?120300 HTTP/1.1" 200 2179
186.103.157.235 - - [09/May/2017:10:55:10 -0300] "GET /cormun/static/gxcfg.js?2017259112829 HTTP/1.1" 200 953
186.103.157.235 - - [09/May/2017:10:55:10 -0300] "GET /cormun/static/Shared/ext/resources/css/ext-all.css?215870 HTTP/1.1" 200 416045
186.103.157.235 - - [09/May/2017:10:55:10 -0300] "GET /cormun/static/trautorizarsolicitud.js?2017259113483 HTTP/1.1" 200 53096
186.103.157.235 - - [09/May/2017:10:55:10 -0300] "GET /cormun/servlet/trautorizarsolicitud? HTTP/1.1" 200 8138
200.112.1.186 - - [09/May/2017:10:55:11 -0300] "GET /cormun/servlet/licenciaspermisos?076ddf175e69b738034701c9d4b3751bb6f6f9a6c9176cee224ddc187685d56c8315dda54e240b1f9a4722e747c4177c,gx-no-cache=1494338175443 HTTP/1.1" 200 69
186.79.77.62 - - [09/May/2017:10:55:11 -0300] "GET /cormun/servlet/hhome HTTP/1.1" 200 3799
200.112.1.186 - - [09/May/2017:10:55:11 -0300] "POST /cormun/servlet/licenciaspermisos?9e61af8edc17f76b3027b462312da55f,INS,0,,,,gx-no-cache=1494338175610 HTTP/1.1" 200 4723
200.112.1.186 - - [09/May/2017:10:55:18 -0300] "GET /cormun/servlet/licenciaspermisos?076ddf175e69b738034701c9d4b3751b60ed15185fe70eec29e8bec0e698a60ae9187b9c34718b231d942b8ea53f47b7872daf47ef3b23d294d7b7e2fb5f0fed151b147bf7537d1d14a2aa895e8e3ea9d4b0fa2769bf95d8b9fba064debef04574cee98f79c9acb4e1adf48d93bd12fe84c2a5ccff92635bbd351392a4382a98684a34bce48659a15dbe863e2e42c5fa0811cc962ff4d3bcd94a04113db97d2482213a897c8b55ab5315d82cc2212ca6,gx-no-cache=1494338182583 HTTP/1.1" 200 30
200.112.1.186 - - [09/May/2017:10:55:18 -0300] "GET /cormun/servlet/licenciaspermisos?076ddf175e69b738034701c9d4b3751b13346da1e5da6063ccc4fae657afccc0a6cb25ae92f2542439faaf76c93675a5bc075b61c70ab6ad626e2b5076bb35845857d54fe49eec306273838fc785c9507fc5292145dc6ae8e955902ba833685385ba86fe38916cbf64b6b5bb8712a78ff16ffcb7cd5c8952a0c75ec12c57539ee0dc9fdec36eeb54b5b4d8e9dc173b6765c48e38acf6b67360856769b9f30a741c6cd2d4687db09f79a6879fc6936be3,gx-no-cache=1494338182669 HTTP/1.1" 200 29
186.79.77.62 - - [09/May/2017:10:55:18 -0300] "GET /cormun/servlet/trsolicitudot? HTTP/1.1" 200 6752
200.112.1.186 - - [09/May/2017:10:55:18 -0300] "POST /cormun/servlet/licenciaspermisos?9e61af8edc17f76b3027b462312da55f,INS,0,,,,gx-no-cache=1494338182804 HTTP/1.1" 200 93
200.112.1.186 - - [09/May/2017:10:55:19 -0300] "GET /cormun/servlet/hpexe_return? HTTP/1.1" 200 1008
186.103.157.235 - - [09/May/2017:10:55:19 -0300] "POST /cormun/servlet/trautorizarsolicitud?c5f2f07986f45b7cdcefbc7ab5ac70fd,,gx-no-cache=1494338180178 HTTP/1.1" 200 4305
186.103.157.235 - - [09/May/2017:10:55:19 -0300] "GET /cormun/static/Shared/jqueryui/images/ui-bg_highlight-soft_100_c6c2c8_1x100.png HTTP/1.1" 404 1117
186.103.157.235 - - [09/May/2017:10:55:19 -0300] "GET /cormun/static/Shared/jqueryui/images/ui-icons_82798d_256x240.png HTTP/1.1" 404 1089
186.103.157.235 - - [09/May/2017:10:55:19 -0300] "GET /cormun/static/Shared/jqueryui/images/ui-bg_flat_55_fafafa_40x100.png HTTP/1.1" 404 1097
186.103.157.235 - - [09/May/2017:10:55:19 -0300] "GET /cormun/static/Shared/jqueryui/images/ui-icons_8d78a5_256x240.png HTTP/1.1" 404 1089
200.112.1.186 - - [09/May/2017:10:55:19 -0300] "GET /cormun/servlet/trlicencias HTTP/1.1" 200 8004
186.103.157.235 - - [09/May/2017:10:55:19 -0300] "POST /cormun/servlet/trautorizarsolicitud?c5f2f07986f45b7cdcefbc7ab5ac70fd,,gx-no-cache=1494338180667 HTTP/1.1" 200 4093
186.79.77.62 - - [09/May/2017:10:55:19 -0300] "GET /cormun/static/gxcfg.js?201731711505139 HTTP/1.1" 200 953
200.112.1.186 - - [09/May/2017:10:55:21 -0300] "GET /cormun/servlet/trlicencias HTTP/1.1" 200 8000
200.112.1.186 - - [09/May/2017:10:55:21 -0300] "GET /cormun//static/Resources/PXToolsGridDelete.png HTTP/1.1" 200 357
200.112.1.186 - - [09/May/2017:10:55:21 -0300] "GET /cormun//static/Resources/PXToolsGridUpdate.png HTTP/1.1" 200 2984
200.112.1.186 - - [09/May/2017:10:55:24 -0300] "GET /cormun/servlet/trlicenciaspermisosadjuntos?17967465,20170509000000,L, HTTP/1.1" 200 6333
200.112.1.186 - - [09/May/2017:10:55:26 -0300] "GET /cormun/servlet/trlicenciaspermisosadjuntos?17967465,20170509000000,L, HTTP/1.1" 200 6333
186.79.77.62 - - [09/May/2017:10:55:26 -0300] "GET /cormun/static/trsolicitudot.js?20173171151116 HTTP/1.1" 200 53117
186.79.77.62 - - [09/May/2017:10:55:28 -0300] "GET /cormun/servlet/trsolicitudot? HTTP/1.1" 200 6751
200.112.1.186 - - [09/May/2017:10:55:29 -0300] "GET /cormun/servlet/licenciaspermisosadjuntos?INS,17967465,L,20170509000000,, HTTP/1.1" 200 5635
200.112.1.186 - - [09/May/2017:10:55:29 -0300] "GET /cormun/static/about:blank HTTP/1.1" 404 1011
200.112.1.186 - - [09/May/2017:10:55:30 -0300] "GET /cormun/servlet/licenciaspermisosadjuntos?INS,17967465,L,20170509000000,, HTTP/1.1" 200 5624
186.79.77.62 - - [09/May/2017:10:55:32 -0300] "GET /cormun/servlet/solicitudot?INS,0,0, HTTP/1.1" 200 12619
186.79.77.62 - - [09/May/2017:10:55:32 -0300] "GET /cormun/static/calendar-system.css?85620 HTTP/1.1" 200 5572
186.79.77.62 - - [09/May/2017:10:55:33 -0300] "GET /cormun/static/gxcfg.js?20171191042720 HTTP/1.1" 200 953
186.79.77.62 - - [09/May/2017:10:55:33 -0300] "GET /cormun/static/Resources/Spanish/PXTools.css?18365030 HTTP/1.1" 200 89042
186.79.77.62 - - [09/May/2017:10:55:34 -0300] "GET /cormun/static/solicitudot.js?2017119104297 HTTP/1.1" 200 63948
186.79.77.62 - - [09/May/2017:10:55:35 -0300] "GET /cormun/servlet/solicitudot?INS,0,0, HTTP/1.1" 200 12622
186.67.172.234 - - [09/May/2017:10:55:40 -0300] "GET /cormun/servlet/prlicenciaspermisos?14204413,L,,MD,,gxPopupLevel%3D0%3B HTTP/1.1" 200 7816
186.67.172.234 - - [09/May/2017:10:55:40 -0300] "GET /cormun/static/gxcfg.js?201741111445743 HTTP/1.1" 200 953
186.67.172.234 - - [09/May/2017:10:55:40 -0300] "GET /cormun/static/prlicenciaspermisos.js?201741111445890 HTTP/1.1" 200 13360
186.67.172.234 - - [09/May/2017:10:55:43 -0300] "POST /cormun/servlet/solicitudot?gx-no-cache=1494338202651 HTTP/1.1" 200 1297
186.67.172.234 - - [09/May/2017:10:55:51 -0300] "POST /cormun/servlet/solicitudot?gx-no-cache=1494338210742 HTTP/1.1" 200 41
186.79.77.62 - - [09/May/2017:10:56:01 -0300] "GET /cormun/servlet/prfichaempleado?,MD,,gxPopupLevel%3D0%3B HTTP/1.1" 200 8811
200.112.1.186 - - [09/May/2017:10:56:18 -0300] "POST /cormun/servlet/licenciaspermisosadjuntos?9e61af8edc17f76b3027b462312da55f,INS,17967465,L,20170509000000,, HTTP/1.1" 200 116
200.112.1.186 - - [09/May/2017:10:56:19 -0300] "GET /cormun/servlet/hpexe_return? HTTP/1.1" 200 1039
200.112.1.186 - - [09/May/2017:10:56:19 -0300] "GET /cormun/servlet/trlicenciaspermisosadjuntos?17967465,20170509000000,L, HTTP/1.1" 200 6836
186.79.77.62 - - [09/May/2017:10:56:20 -0300] "POST /cormun/servlet/prfichaempleado?fbfaddd1f945c64af9eb90964839b326,,MD,,gxPopupLevel%3D0%3B,gx-no-cache=1494341652164 HTTP/1.1" 200 3391
200.112.1.186 - - [09/May/2017:10:56:21 -0300] "GET /cormun/servlet/trlicenciaspermisosadjuntos?17967465,20170509000000,L, HTTP/1.1" 200 6833
200.112.1.186 - - [09/May/2017:10:56:22 -0300] "GET /cormun/PublicTempStorage/l._medica_mayo_%281%295896543.jpg HTTP/1.1" 200 501630
186.67.172.234 - - [09/May/2017:10:56:23 -0300] "POST /cormun/servlet/solicitudot?gx-no-cache=1494338242187 HTTP/1.1" 200 1281
186.67.172.234 - - [09/May/2017:10:56:24 -0300] "POST /cormun/servlet/solicitudot?gx-no-cache=1494338242330 HTTP/1.1" 200 1163
186.67.172.234 - - [09/May/2017:10:56:24 -0300] "GET /cormun/servlet/solicitudot?b347d181a3c5fd5a2c4fa5379e4347554eccc6a78171b344f2cef03aa7f2ae260ffe998602e414938a3f2a9d9df9bda0d03235637ab2d5cbdcf18c66362ffcbb64f3ec5e47ddc4f2d8a731df1d063582d2be0b2c255aa4c29412800039370db1489769155ebd89a6f24cde1f3c520ba210f981d014252d2ed15e610d4644eb27f04979af3d02bbf6cbbea21a9e46f843e694f4b806acc6bf5c3eaffb01d4d1e25382182781883cad1ad980dbe5dd47b2fb35c9cfdf095aec3903239f7d52362f,gx-no-cache=1494338243034 HTTP/1.1" 200 30
186.67.172.234 - - [09/May/2017:10:56:24 -0300] "POST /cormun/servlet/solicitudot?d692d91df8bdea4493bdbacbf49ee11b,INS,0,0,,gx-no-cache=1494338243122 HTTP/1.1" 200 11224
200.112.1.186 - - [09/May/2017:10:56:38 -0300] "POST /cormun/servlet/trlicenciaspermisosadjuntos?9e61af8edc17f76b3027b462312da55f,17967465,20170509000000,L,,gx-no-cache=1494338261064 HTTP/1.1" 200 90
200.112.1.186 - - [09/May/2017:10:56:38 -0300] "GET /cormun/servlet/hpexe_link HTTP/1.1" 200 982
200.112.1.186 - - [09/May/2017:10:56:38 -0300] "GET /cormun/servlet/trlicencias HTTP/1.1" 200 8002
186.79.77.62 - - [09/May/2017:10:56:38 -0300] "POST /cormun/servlet/solicitudot?gx-no-cache=1494341671284 HTTP/1.1" 200 3181
200.112.1.186 - - [09/May/2017:10:56:39 -0300] "GET /cormun/servlet/trlicencias HTTP/1.1" 200 8000
186.103.157.235 - - [09/May/2017:10:56:46 -0300] "GET /cormun/servlet/trlicencias? HTTP/1.1" 200 6842
186.103.157.235 - - [09/May/2017:10:56:46 -0300] "GET /cormun/servlet/trlicencias? HTTP/1.1" 200 6841
186.79.77.62 - - [09/May/2017:10:56:53 -0300] "POST /cormun/servlet/solicitudot?fbfaddd1f945c64af9eb90964839b326,INS,0,0,,gx-no-cache=1494341678612 HTTP/1.1" 200 9781
186.103.157.235 - - [09/May/2017:10:56:56 -0300] "POST /cormun/servlet/trlicencias?c5f2f07986f45b7cdcefbc7ab5ac70fd,,gx-no-cache=1494338277507 HTTP/1.1" 200 5326
186.103.157.235 - - [09/May/2017:10:56:58 -0300] "GET /cormun/servlet/alicenciaprn?18645705,L,20170509000000,PU HTTP/1.1" 200 1565
186.79.77.62 - - [09/May/2017:10:56:59 -0300] "GET /cormun/servlet/solicitudot?ca141321ff4749b934d4a42a502e9d494c27c8e344513bcbd62a56a2ae442c1ebc81cf0d00d1814ae23553413de81b08,gx-no-cache=1494341697009 HTTP/1.1" 200 30
186.79.77.62 - - [09/May/2017:10:57:01 -0300] "POST /cormun/servlet/solicitudot?gx-no-cache=1494341698677 HTTP/1.1" 200 255
186.79.77.62 - - [09/May/2017:10:57:02 -0300] "GET /cormun/servlet/solicitudot?ca141321ff4749b934d4a42a502e9d499659c4970e57b63cf494d37ffbf4ba519ecf2a8273a75d5e798d152e33b531e80c91a8c90e2a2a40b0a0e6e9f941c84cf15af59589cc677452e072fe5733155094de45824437a3e3f4406b8a034c8fe316ff91306a3ec9a390d3b0a6dddddbcb8dbb065b7013c1e26f0d93b54723b97960829a9ffa28a36bb943f55c853c5ba49f521420f7a81760cdd561b0c5d182572aafeb38d35056b1a912bd88b6fd5b9e813ecb5a605625bf5c42dd52a19e023d271ed7885918f1371f3b8cf553006f0f2b3b788d56a7d10cab26b30df2a1a146dcf60cd7e14342802b5ccfd1243cddb4bb4750370fab6c2603c99777d6a65be4422014c9758131089bfa29065b67d157d8bb7edc519f8b3aa05e8dbe29f1879843181bb27dfe6c61fbca80e588598404a1414c196aa675d75b2563c5352f6d44ecd4abc3842743025c156543d9dfcb7729b17be6dfac00c986182983a3ac11cb066c651ad0d79f668e099e1c3c12d5351996eb21e67c4a844b27842332bff69e,gx-no-cache=1494341700156 HTTP/1.1" 200 30
186.103.159.43 - - [09/May/2017:10:57:03 -0300] "GET /cormun/servlet/hlogin HTTP/1.1" 200 1719
186.103.159.43 - - [09/May/2017:10:57:03 -0300] "GET /cormun/servlet/hlogin HTTP/1.1" 200 1731
200.112.1.186 - - [09/May/2017:10:57:04 -0300] "POST /cormun/servlet/trlicencias?9e61af8edc17f76b3027b462312da55f,gx-no-cache=1494338288692 HTTP/1.1" 200 4232
200.112.1.186 - - [09/May/2017:10:57:05 -0300] "GET /cormun/static/Shared/jqueryui/images/ui-bg_highlight-soft_100_c6c2c8_1x100.png HTTP/1.1" 404 1117
200.112.1.186 - - [09/May/2017:10:57:05 -0300] "GET /cormun/static/Shared/jqueryui/images/ui-bg_flat_55_fafafa_40x100.png HTTP/1.1" 404 1097
200.112.1.186 - - [09/May/2017:10:57:05 -0300] "GET /cormun/static/Shared/jqueryui/images/ui-icons_8d78a5_256x240.png HTTP/1.1" 404 1089
200.112.1.186 - - [09/May/2017:10:57:05 -0300] "GET /cormun/static/Shared/jqueryui/images/ui-icons_82798d_256x240.png HTTP/1.1" 404 1089
186.103.159.43 - - [09/May/2017:10:57:05 -0300] "POST /cormun/servlet/hlogin?56c31da2eceb7902c276f44666afde7b,gx-no-cache=1494338286404 HTTP/1.1" 200 90
186.103.159.43 - - [09/May/2017:10:57:05 -0300] "GET /cormun/servlet/hpexe_link HTTP/1.1" 200 950
186.103.159.43 - - [09/May/2017:10:57:05 -0300] "GET /cormun/servlet/hhome HTTP/1.1" 200 3764
186.103.159.43 - - [09/May/2017:10:57:06 -0300] "GET /cormun/servlet/hhome HTTP/1.1" 200 3761
186.79.77.62 - - [09/May/2017:10:57:08 -0300] "POST /cormun/servlet/solicitudot?gx-no-cache=1494341706101 HTTP/1.1" 200 30
186.103.159.43 - - [09/May/2017:10:57:11 -0300] "GET /cormun/servlet/trsolicitudot? HTTP/1.1" 200 7967
186.79.77.62 - - [09/May/2017:10:57:11 -0300] "GET /cormun/servlet/prcontratosol?12293195,,,,,MD,,gxPopupLevel%3D0%3B HTTP/1.1" 200 5952
186.103.159.43 - - [09/May/2017:10:57:12 -0300] "GET /cormun/servlet/trsolicitudot? HTTP/1.1" 200 7966
186.79.77.62 - - [09/May/2017:10:57:13 -0300] "GET /cormun/static/gxcfg.js?201731711522183 HTTP/1.1" 200 953
186.79.77.62 - - [09/May/2017:10:57:14 -0300] "GET /cormun/static/prcontratosol.js?201731711522419 HTTP/1.1" 200 14084
186.79.77.62 - - [09/May/2017:10:57:14 -0300] "GET /cormun/static/Resources/PXToolsGridFirst.gif HTTP/1.1" 200 379
186.79.77.62 - - [09/May/2017:10:57:14 -0300] "GET /cormun/static/Resources/PXToolsGridPrevious.gif HTTP/1.1" 200 369
186.79.77.62 - - [09/May/2017:10:57:14 -0300] "GET /cormun/static/Resources/PXToolsGridNext.gif HTTP/1.1" 200 369
186.79.77.62 - - [09/May/2017:10:57:14 -0300] "GET /cormun/static/Resources/PXToolsGridLast.gif HTTP/1.1" 200 370
200.112.1.186 - - [09/May/2017:10:57:19 -0300] "POST /cormun/servlet/trlicencias?9e61af8edc17f76b3027b462312da55f,gx-no-cache=1494338302466 HTTP/1.1" 200 5937
186.79.77.62 - - [09/May/2017:10:57:19 -0300] "POST /cormun/servlet/solicitudot?gx-no-cache=1494341717199 HTTP/1.1" 200 1297
186.79.77.62 - - [09/May/2017:10:57:21 -0300] "POST /cormun/servlet/solicitudot?gx-no-cache=1494341718159 HTTP/1.1" 200 38
200.112.1.186 - - [09/May/2017:10:57:23 -0300] "GET /cormun/servlet/alicenciaprn?17967465,L,20170509000000,PU HTTP/1.1" 200 1540
186.79.77.62 - - [09/May/2017:10:57:24 -0300] "GET /cormun/servlet/solicitudot?ca141321ff4749b934d4a42a502e9d4998061aef2ece2194d634932454c67b267ac8ed7675097881406b6cb9620fdb91344802f3b06ba897ed6ebdae7b4aeceea6b052e35ed3269286cffa85055a13adcd4de5fb99718e098e1cafd5238a9986554feea00773fe789429c982a001242b9c58bf55b2def4ac46e22ea209d3467abcb03433dd98d4e073c42718e05a6709c9f7f270f4ac54be613a52016f931e4e,gx-no-cache=1494341719338 HTTP/1.1" 200 29
186.79.77.62 - - [09/May/2017:10:57:28 -0300] "POST /cormun/servlet/solicitudot?gx-no-cache=1494341722365 HTTP/1.1" 200 1280
186.79.77.62 - - [09/May/2017:10:57:29 -0300] "POST /cormun/servlet/solicitudot?gx-no-cache=1494341726255 HTTP/1.1" 200 1162
186.79.77.62 - - [09/May/2017:10:57:38 -0300] "POST /cormun/servlet/solicitudot?gx-no-cache=1494341736121 HTTP/1.1" 200 1280
186.79.77.62 - - [09/May/2017:10:57:42 -0300] "POST /cormun/servlet/solicitudot?gx-no-cache=1494341736893 HTTP/1.1" 200 1162
186.79.77.62 - - [09/May/2017:10:57:42 -0300] "GET /cormun/static/menuarrow.gif HTTP/1.1" 404 1015
186.103.159.43 - - [09/May/2017:10:57:45 -0300] "POST /cormun/servlet/trsolicitudot?56c31da2eceb7902c276f44666afde7b,,gx-no-cache=1494338325931 HTTP/1.1" 200 4134
186.103.159.43 - - [09/May/2017:10:57:45 -0300] "GET /cormun/static/Shared/jqueryui/images/ui-bg_highlight-soft_100_c6c2c8_1x100.png HTTP/1.1" 404 1117
186.103.159.43 - - [09/May/2017:10:57:45 -0300] "GET /cormun/static/Shared/jqueryui/images/ui-icons_82798d_256x240.png HTTP/1.1" 404 1089
186.103.159.43 - - [09/May/2017:10:57:45 -0300] "GET /cormun/static/Shared/jqueryui/images/ui-bg_flat_55_fafafa_40x100.png HTTP/1.1" 404 1097
186.103.159.43 - - [09/May/2017:10:57:45 -0300] "GET /cormun/static/Shared/jqueryui/images/ui-icons_8d78a5_256x240.png HTTP/1.1" 404 1089
186.103.159.43 - - [09/May/2017:10:57:46 -0300] "POST /cormun/servlet/trsolicitudot?56c31da2eceb7902c276f44666afde7b,,gx-no-cache=1494338326609 HTTP/1.1" 200 3924
186.103.159.43 - - [09/May/2017:10:57:52 -0300] "GET /cormun/servlet/solicitudot?INS,0,0, HTTP/1.1" 200 12587
186.79.77.62 - - [09/May/2017:10:57:52 -0300] "POST /cormun/servlet/solicitudot?gx-no-cache=1494341749995 HTTP/1.1" 200 1280
186.103.159.43 - - [09/May/2017:10:57:53 -0300] "GET /cormun/servlet/solicitudot?INS,0,0, HTTP/1.1" 200 12592
186.79.77.62 - - [09/May/2017:10:57:56 -0300] "POST /cormun/servlet/solicitudot?gx-no-cache=1494341750400 HTTP/1.1" 200 1162
186.103.159.43 - - [09/May/2017:10:58:11 -0300] "POST /cormun/servlet/solicitudot?gx-no-cache=1494338352497 HTTP/1.1" 200 3194
186.79.77.62 - - [09/May/2017:10:58:12 -0300] "GET /cormun/servlet/solicitudot?ca141321ff4749b934d4a42a502e9d49c4d09d5b6b4323bb54eaef95b8211adbb25313dec5cd2cba9b41ea551d6cdf132c3844ecf627ac2c17a05055c992ca45598e7bf8b77005bbfeaf80e85fb46d7e797b07fd13b3aee3ff597687fd45017dc2e58bd0595265960b0fc6c66f09bb22f0c7ee131bbc41939018698d9b77a53ab32b87c154fb1d85ef431b6d41e84841d596530dd8f75387111ecdf80e48257065524f2e9f05ceb139e535a59d1a15c0,gx-no-cache=1494341769649 HTTP/1.1" 200 30
186.103.159.43 - - [09/May/2017:10:58:12 -0300] "POST /cormun/servlet/solicitudot?56c31da2eceb7902c276f44666afde7b,INS,0,0,,gx-no-cache=1494338352822 HTTP/1.1" 200 9796
186.103.159.43 - - [09/May/2017:10:58:17 -0300] "GET /cormun/servlet/solicitudot?127f21f9afeaf126886038262ac9032c48b33f8ea7f48aec485303ee7fca42fba28c7345158f41986f6b5a69c89018c7,gx-no-cache=1494338357832 HTTP/1.1" 200 30
186.103.159.43 - - [09/May/2017:10:58:17 -0300] "POST /cormun/servlet/solicitudot?gx-no-cache=1494338357943 HTTP/1.1" 200 255
186.103.159.43 - - [09/May/2017:10:58:17 -0300] "GET /cormun/servlet/solicitudot?127f21f9afeaf126886038262ac9032c46ba6b12f5d8af89468120af2d3c6f1a28822784587403bae676446f84c921c51290de8ba68dad7a3c359af829251961d6d3dd5804bd681c7ae9ab4753cec9a4368045024d0b2b7af72d8c9f4d192fed07f0877d5d870441eeaf5c92295dd1533f1065af03029396dcc337e3e2e190fa603d246f39dd701bdeaeeec2787f862005a862adae752233611ac64171da00575fcdd96e0a25784483ab37a0e9a0d0230b27502564bfbb4f435878e47bfb69c0a5628743b266bb85f9e97982c99886bb1eaac8757ce6ab0f7a1cf0e1132663bbcb6012e5127d9ff3e2a870fa83ed9c37ca1c86596ff27afe93fa12b4c403c01a845d041a5804394cab973138e31c281501f45402724a4030b1a67360a5cb88324c908bc53254f4f00189e01566eb2bdec33296fec0e2c6abbabb54ad332f6005e7a2e6f052d3dd50d95e0bc04dca8858ec462ea25f065a9e2d18ce1a9a8310f6692f16cdf7dcdd4e09c481efbd05b05874d5ed7deaf3ba31eabc8a42c7f2f6e8,gx-no-cache=1494338358063 HTTP/1.1" 200 30
186.79.77.62 - - [09/May/2017:10:58:36 -0300] "POST /cormun/servlet/solicitudot?fbfaddd1f945c64af9eb90964839b326,INS,0,0,,gx-no-cache=1494341792594 HTTP/1.1" 200 93
186.79.77.62 - - [09/May/2017:10:58:36 -0300] "GET /cormun/servlet/hpexe_return? HTTP/1.1" 200 1006
186.79.77.62 - - [09/May/2017:10:58:36 -0300] "GET /cormun/servlet/trsolicitudot HTTP/1.1" 200 8057
186.79.77.62 - - [09/May/2017:10:58:38 -0300] "GET /cormun/servlet/trsolicitudot HTTP/1.1" 200 8053
186.79.77.62 - - [09/May/2017:10:58:38 -0300] "GET /cormun//static/Resources/PXToolsActionView.png HTTP/1.1" 200 2995
186.79.77.62 - - [09/May/2017:10:58:38 -0300] "GET /cormun//static/Resources/PXToolsRemoveAllAction.png HTTP/1.1" 200 3558
186.79.77.62 - - [09/May/2017:10:58:48 -0300] "POST /cormun/servlet/trsolicitudot?fbfaddd1f945c64af9eb90964839b326,gx-no-cache=1494341805492 HTTP/1.1" 200 4156
186.79.77.62 - - [09/May/2017:10:58:49 -0300] "GET /cormun/static/Shared/jqueryui/images/ui-bg_highlight-soft_100_c6c2c8_1x100.png HTTP/1.1" 404 1117
186.79.77.62 - - [09/May/2017:10:58:49 -0300] "GET /cormun/static/Shared/jqueryui/images/ui-icons_82798d_256x240.png HTTP/1.1" 404 1089
186.79.77.62 - - [09/May/2017:10:58:49 -0300] "GET /cormun/static/Shared/jqueryui/images/ui-bg_flat_55_fafafa_40x100.png HTTP/1.1" 404 1097
186.79.77.62 - - [09/May/2017:10:58:49 -0300] "GET /cormun/static/Shared/jqueryui/images/ui-icons_8d78a5_256x240.png HTTP/1.1" 404 1089
186.79.77.62 - - [09/May/2017:10:58:50 -0300] "POST /cormun/servlet/trsolicitudot?fbfaddd1f945c64af9eb90964839b326,gx-no-cache=1494341806986 HTTP/1.1" 200 3925
200.112.1.186 - - [09/May/2017:10:59:04 -0300] "GET /cormun/servlet/licenciaspermisos?INS,0,,, HTTP/1.1" 200 7388
200.112.1.186 - - [09/May/2017:10:59:06 -0300] "GET /cormun/servlet/licenciaspermisos?INS,0,,, HTTP/1.1" 200 7387
200.112.1.186 - - [09/May/2017:10:59:10 -0300] "GET /cormun/servlet/prfichaempleado?,MD,,gxPopupLevel%3D0%3B HTTP/1.1" 200 8808
186.79.77.62 - - [09/May/2017:10:59:18 -0300] "POST /cormun/servlet/trsolicitudot?fbfaddd1f945c64af9eb90964839b326,gx-no-cache=1494341834858 HTTP/1.1" 200 5263
186.103.159.43 - - [09/May/2017:10:59:20 -0300] "POST /cormun/servlet/solicitudot?gx-no-cache=1494338421336 HTTP/1.1" 200 30
200.112.1.186 - - [09/May/2017:10:59:21 -0300] "GET /cormun/servlet/prfichaempleado?,MD,,gxPopupLevel%3D0%3B HTTP/1.1" 200 8808
186.79.77.62 - - [09/May/2017:10:59:23 -0300] "POST /cormun/servlet/trsolicitudot?fbfaddd1f945c64af9eb90964839b326,gx-no-cache=1494341841080 HTTP/1.1" 200 5238
186.79.77.62 - - [09/May/2017:10:59:29 -0300] "POST /cormun/servlet/trsolicitudot?fbfaddd1f945c64af9eb90964839b326,gx-no-cache=1494341847076 HTTP/1.1" 200 5239
186.103.159.43 - - [09/May/2017:10:59:31 -0300] "POST /cormun/servlet/solicitudot?gx-no-cache=1494338432188 HTTP/1.1" 200 1296
186.103.159.43 - - [09/May/2017:10:59:31 -0300] "POST /cormun/servlet/solicitudot?gx-no-cache=1494338432388 HTTP/1.1" 200 38
200.112.1.186 - - [09/May/2017:10:59:42 -0300] "GET /cormun/servlet/licenciaspermisos?076ddf175e69b738034701c9d4b3751b4d49cafcc5940704afa519bc6fa0dd8a8315dda54e240b1f9a4722e747c4177c,gx-no-cache=1494338446478 HTTP/1.1" 200 72
200.112.1.186 - - [09/May/2017:10:59:42 -0300] "POST /cormun/servlet/licenciaspermisos?9e61af8edc17f76b3027b462312da55f,INS,0,,,,gx-no-cache=1494338446648 HTTP/1.1" 200 4625
186.79.77.62 - - [09/May/2017:10:59:46 -0300] "POST /cormun/servlet/trsolicitudot?fbfaddd1f945c64af9eb90964839b326,gx-no-cache=1494341862068 HTTP/1.1" 200 5239
186.67.172.234 - - [09/May/2017:10:59:53 -0300] "GET /cormun/servlet/solicitudot?b347d181a3c5fd5a2c4fa5379e434755b1e7849848ad5176c01b1e8aa72979649667ebbf8ef1f5d5523b24c72c30673694f565c7114ffa09962cf6842a42a04217c1495f236d6a5dcb3eaa25e81383e00d19cc367ed74081ba5d1a305259cd675b2cb915c2c9f99270c93cb94139d145a74f1b85c2bdeff1bc435c73f1d35619f46deb95876fd96df1ee86d2d7e89685ed7bfeeff103ea71c6a5373ddff0be23b1387ef0f2f26bb2ad37595b7a75836cb0a5ec7e4f65a0404fb4679bea12316a8c62e84f1f7786fcd7214bbc5d3a510b925787077358cf310f94b4ee809455df9b93bf1757debf72048a9b5de6e5d9870ccfb4c8fc7063d085d994329f2531eb4083c97f19da294562147b73587f951fedc721d924f775b46210c1365b94c17826333774d918136864b7997dc908c4a008a8b2cebe423180b4c0dd85004beaee06388a9f9285eabf4cad5f662aef5cf945055a79e17c98f5afbc41907163230180e8e1c6d85d5062e9ee8fae982ab29c1b9d911c06eeaa3e6dcc7bd8813136e5,gx-no-cache=1494338452144 HTTP/1.1" 200 30
186.67.172.234 - - [09/May/2017:10:59:53 -0300] "POST /cormun/servlet/solicitudot?gx-no-cache=1494338452298 HTTP/1.1" 200 30
186.67.172.234 - - [09/May/2017:10:59:53 -0300] "POST /cormun/servlet/solicitudot?gx-no-cache=1494338452374 HTTP/1.1" 200 1297
186.67.172.234 - - [09/May/2017:10:59:53 -0300] "POST /cormun/servlet/solicitudot?gx-no-cache=1494338452497 HTTP/1.1" 200 41
186.67.172.234 - - [09/May/2017:10:59:54 -0300] "POST /cormun/servlet/solicitudot?gx-no-cache=1494338452584 HTTP/1.1" 200 1281
186.67.172.234 - - [09/May/2017:10:59:54 -0300] "POST /cormun/servlet/solicitudot?gx-no-cache=1494338453235 HTTP/1.1" 200 1163
186.67.172.234 - - [09/May/2017:10:59:54 -0300] "GET /cormun/servlet/solicitudot?b347d181a3c5fd5a2c4fa5379e4347554eccc6a78171b344f2cef03aa7f2ae260ffe998602e414938a3f2a9d9df9bda0d03235637ab2d5cbdcf18c66362ffcbb64f3ec5e47ddc4f2d8a731df1d063582d2be0b2c255aa4c29412800039370db1489769155ebd89a6f24cde1f3c520ba210f981d014252d2ed15e610d4644eb27f04979af3d02bbf6cbbea21a9e46f843e694f4b806acc6bf5c3eaffb01d4d1e25382182781883cad1ad980dbe5dd47b257685b32cd8c402eff72470d004b0c54,gx-no-cache=1494338453296 HTTP/1.1" 200 30
186.67.172.234 - - [09/May/2017:10:59:54 -0300] "POST /cormun/servlet/solicitudot?d692d91df8bdea4493bdbacbf49ee11b,INS,0,0,,gx-no-cache=1494338453358 HTTP/1.1" 200 93
186.67.172.234 - - [09/May/2017:10:59:54 -0300] "GET /cormun/servlet/hpexe_return? HTTP/1.1" 200 1002
186.67.172.234 - - [09/May/2017:10:59:54 -0300] "GET /cormun/static/gxcfg.js?2016101716175148 HTTP/1.1" 200 953
186.67.172.234 - - [09/May/2017:10:59:54 -0300] "GET /cormun/static/hpexe_return.js?2016101716175153 HTTP/1.1" 200 1633
186.67.172.234 - - [09/May/2017:10:59:55 -0300] "GET /cormun/static/Resources/Spanish/PXTools.css?167811 HTTP/1.1" 200 89042
186.67.172.234 - - [09/May/2017:10:59:55 -0300] "GET /cormun/servlet/trsolicitudot HTTP/1.1" 200 8821
186.67.172.234 - - [09/May/2017:10:59:55 -0300] "GET /cormun/servlet/trsolicitudot HTTP/1.1" 200 8817
186.79.77.62 - - [09/May/2017:10:59:58 -0300] "GET /cormun/servlet/hlogin HTTP/1.1" 200 1721
186.67.172.234 - - [09/May/2017:11:00:00 -0300] "POST /cormun/servlet/trsolicitudot?d692d91df8bdea4493bdbacbf49ee11b,gx-no-cache=1494338459270 HTTP/1.1" 200 5412
186.67.172.234 - - [09/May/2017:11:00:00 -0300] "GET /cormun/static/Shared/jqueryui/images/ui-icons_82798d_256x240.png HTTP/1.1" 404 1089
186.67.172.234 - - [09/May/2017:11:00:00 -0300] "GET /cormun/static/Shared/jqueryui/images/ui-bg_highlight-soft_100_c6c2c8_1x100.png HTTP/1.1" 404 1117
186.67.172.234 - - [09/May/2017:11:00:00 -0300] "GET /cormun/static/Shared/jqueryui/images/ui-bg_flat_55_fafafa_40x100.png HTTP/1.1" 404 1097
186.67.172.234 - - [09/May/2017:11:00:00 -0300] "GET /cormun/static/Shared/jqueryui/images/ui-icons_8d78a5_256x240.png HTTP/1.1" 404 1089
186.67.172.234 - - [09/May/2017:11:00:00 -0300] "POST /cormun/servlet/trsolicitudot?d692d91df8bdea4493bdbacbf49ee11b,gx-no-cache=1494338459523 HTTP/1.1" 200 5355
186.67.172.234 - - [09/May/2017:11:00:04 -0300] "GET /cormun/servlet/trautorizarsolicitud? HTTP/1.1" 200 8777
186.67.172.234 - - [09/May/2017:11:00:04 -0300] "GET /cormun/static/gxui/gxui-all.css?120300 HTTP/1.1" 200 2179
186.67.172.234 - - [09/May/2017:11:00:04 -0300] "GET /cormun/static/gxcfg.js?2017259112829 HTTP/1.1" 200 953
186.67.172.234 - - [09/May/2017:11:00:04 -0300] "GET /cormun/static/trautorizarsolicitud.js?2017259113483 HTTP/1.1" 200 53096
186.67.172.234 - - [09/May/2017:11:00:05 -0300] "GET /cormun/static/Shared/ext/resources/css/ext-all.css?215870 HTTP/1.1" 200 416045
186.67.172.234 - - [09/May/2017:11:00:05 -0300] "GET /cormun/servlet/trautorizarsolicitud? HTTP/1.1" 200 8776
186.79.77.62 - - [09/May/2017:11:00:12 -0300] "POST /cormun/servlet/hlogin?fbfaddd1f945c64af9eb90964839b326,gx-no-cache=1494341890413 HTTP/1.1" 200 90
186.79.77.62 - - [09/May/2017:11:00:13 -0300] "GET /cormun/servlet/hpexe_link HTTP/1.1" 200 952
186.79.77.62 - - [09/May/2017:11:00:13 -0300] "GET /cormun/servlet/hhome HTTP/1.1" 200 3977
186.79.77.62 - - [09/May/2017:11:00:15 -0300] "GET /cormun/servlet/hhome HTTP/1.1" 200 3973
186.79.77.62 - - [09/May/2017:11:00:15 -0300] "GET /cormun/static/SmoothNavMenu/resources/images/right.gif HTTP/1.1" 200 860
200.112.1.186 - - [09/May/2017:11:00:19 -0300] "GET /cormun/static/menuarrow.gif HTTP/1.1" 404 1015
186.67.172.234 - - [09/May/2017:11:00:22 -0300] "POST /cormun/servlet/trautorizarsolicitud?d692d91df8bdea4493bdbacbf49ee11b,,gx-no-cache=1494338481155 HTTP/1.1" 200 5380
186.67.172.234 - - [09/May/2017:11:00:22 -0300] "GET /cormun/static/Shared/jqueryui/images/ui-icons_82798d_256x240.png HTTP/1.1" 404 1089
186.67.172.234 - - [09/May/2017:11:00:22 -0300] "GET /cormun/static/Shared/jqueryui/images/ui-bg_highlight-soft_100_c6c2c8_1x100.png HTTP/1.1" 404 1117
186.67.172.234 - - [09/May/2017:11:00:22 -0300] "GET /cormun/static/Shared/jqueryui/images/ui-bg_flat_55_fafafa_40x100.png HTTP/1.1" 404 1097
186.67.172.234 - - [09/May/2017:11:00:22 -0300] "GET /cormun/static/Shared/jqueryui/images/ui-icons_8d78a5_256x240.png HTTP/1.1" 404 1089
186.67.172.234 - - [09/May/2017:11:00:22 -0300] "POST /cormun/servlet/trautorizarsolicitud?d692d91df8bdea4493bdbacbf49ee11b,,gx-no-cache=1494338481484 HTTP/1.1" 200 5324
186.79.77.62 - - [09/May/2017:11:00:30 -0300] "GET /cormun/servlet/trautorizarsolicitud? HTTP/1.1" 200 8172
186.79.77.62 - - [09/May/2017:11:00:30 -0300] "GET /cormun/static/gxui/gxui-all.css?120300 HTTP/1.1" 200 2179
186.79.77.62 - - [09/May/2017:11:00:30 -0300] "GET /cormun/static/gxcfg.js?2017259112829 HTTP/1.1" 200 953
186.79.77.62 - - [09/May/2017:11:00:31 -0300] "GET /cormun/static/trautorizarsolicitud.js?2017259113483 HTTP/1.1" 200 53096
186.79.77.62 - - [09/May/2017:11:00:32 -0300] "GET /cormun/static/Shared/ext/resources/css/ext-all.css?215870 HTTP/1.1" 200 416045
186.79.77.62 - - [09/May/2017:11:00:34 -0300] "GET /cormun/servlet/trautorizarsolicitud? HTTP/1.1" 200 8170
186.79.77.62 - - [09/May/2017:11:00:37 -0300] "POST /cormun/servlet/trautorizarsolicitud?fbfaddd1f945c64af9eb90964839b326,,gx-no-cache=1494341914564 HTTP/1.1" 200 115
186.79.77.62 - - [09/May/2017:11:00:38 -0300] "GET /cormun/servlet/solicitudotlog?INS,2017,6373,0,ANU, HTTP/1.1" 200 5776
186.79.77.62 - - [09/May/2017:11:00:38 -0300] "GET /cormun/static/gxcfg.js?201731711401563 HTTP/1.1" 200 953
186.79.77.62 - - [09/May/2017:11:00:38 -0300] "GET /cormun/static/solicitudotlog.js?201731711401579 HTTP/1.1" 200 8925
186.79.77.62 - - [09/May/2017:11:00:40 -0300] "GET /cormun/servlet/solicitudotlog?INS,2017,6373,0,ANU, HTTP/1.1" 200 5777
186.79.77.62 - - [09/May/2017:11:00:40 -0300] "GET /cormun/servlet/solicitudotlog?ca141321ff4749b934d4a42a502e9d49060d5d6092275bb2285bd66f9e78fac67ac8ed7675097881406b6cb9620fdb9148d35f2ab8a57c5f6d0db4839e02977fdd1fedf37115e42ede94b53e96e9a4e5187d512ddfbe59c0aad21b9700a8e8de05123d870e52b1821b7960d2c28bcbbfd06005988259223226af077e77a975aacb75aed27c67c1695cb24344af3459c55d551906ce6954c296892f752f946c2e,gx-no-cache=1494341918308 HTTP/1.1" 200 94
186.79.77.62 - - [09/May/2017:11:00:53 -0300] "POST /cormun/servlet/solicitudotlog?fbfaddd1f945c64af9eb90964839b326,INS,2017,6373,0,ANU,,gx-no-cache=1494341930581 HTTP/1.1" 200 93
186.79.77.62 - - [09/May/2017:11:00:53 -0300] "GET /cormun/servlet/hpexe_return? HTTP/1.1" 200 1028
186.79.77.62 - - [09/May/2017:11:00:53 -0300] "GET /cormun/servlet/trautorizarsolicitud HTTP/1.1" 200 8174
186.79.77.62 - - [09/May/2017:11:00:55 -0300] "GET /cormun/servlet/trautorizarsolicitud HTTP/1.1" 200 8170
186.103.159.43 - - [09/May/2017:11:00:58 -0300] "GET /cormun/servlet/solicitudot?127f21f9afeaf126886038262ac9032c01a8dc56451231dd3e47e434a9f8ad766faef22d3dfbdb2b3838af20f85d74704cc9cdb2e9d93aa63fc312525101db6635edde5288ece7e1075eaa850f8bb033f30c2119d1fbacb1f9730f2e02be69e2a659e48bb2f26179bcd277e158f61c12f0764c043852753ca7b58ffd70c60f7a4dad4a15604b8c2600f73f944aba8b106d9fd2f90477907f4c2e6fec734510ac,gx-no-cache=1494338519720 HTTP/1.1" 200 29
186.103.159.43 - - [09/May/2017:11:00:59 -0300] "POST /cormun/servlet/solicitudot?gx-no-cache=1494338519806 HTTP/1.1" 200 1280
186.103.159.43 - - [09/May/2017:11:00:59 -0300] "POST /cormun/servlet/solicitudot?gx-no-cache=1494338520097 HTTP/1.1" 200 1162
186.103.159.43 - - [09/May/2017:11:01:22 -0300] "GET /cormun/servlet/solicitudot?127f21f9afeaf126886038262ac9032c43256c73e712067905f29dba35ed92e6a388f79ca8fc5dd856a24d6b294404f48d3d5545823e99735fcf6ce9042cf47a062cc46293d1f5b09b7b320ab644050d0158210c1c8ad58b0999667be38463acfdf36d0c539e431a251c0219c8e40fd02656affdd1bbb2b00c6d19f9dffd4080d356ed75b5d0aa3b3a28fa42b2dc98a78369d5d3204ea97036bce929d383ac71cfe7303d9ea1c74a8b26a71da4f0de6e,gx-no-cache=1494338542780 HTTP/1.1" 200 30
186.79.77.62 - - [09/May/2017:11:01:27 -0300] "POST /cormun/servlet/trautorizarsolicitud?fbfaddd1f945c64af9eb90964839b326,gx-no-cache=1494341964273 HTTP/1.1" 200 115
186.79.77.62 - - [09/May/2017:11:01:27 -0300] "GET /cormun/servlet/solicitudotlog?INS,2017,6373,0,ANU, HTTP/1.1" 200 5777
186.79.77.62 - - [09/May/2017:11:01:29 -0300] "GET /cormun/servlet/solicitudotlog?INS,2017,6373,0,ANU, HTTP/1.1" 200 5777
186.79.77.62 - - [09/May/2017:11:01:30 -0300] "GET /cormun/servlet/solicitudotlog?ca141321ff4749b934d4a42a502e9d49060d5d6092275bb2285bd66f9e78fac67ac8ed7675097881406b6cb9620fdb9148d35f2ab8a57c5f6d0db4839e02977fdd1fedf37115e42ede94b53e96e9a4e5187d512ddfbe59c0aad21b9700a8e8de05123d870e52b1821b7960d2c28bcbbfd06005988259223226af077e77a975aacb75aed27c67c1695cb24344af3459c55d551906ce6954c296892f752f946c2e,gx-no-cache=1494341967949 HTTP/1.1" 200 94
186.103.159.43 - - [09/May/2017:11:01:54 -0300] "GET /cormun/servlet/prsolicitudot?16882955,,,,,MD,,gxPopupLevel%3D0%3B HTTP/1.1" 200 5985
186.103.159.43 - - [09/May/2017:11:02:11 -0300] "GET /cormun/servlet/prsolicitudot?16882955,,,,,MD,,gxPopupLevel%3D0%3B HTTP/1.1" 200 5985
186.103.159.43 - - [09/May/2017:11:02:15 -0300] "POST /cormun/servlet/solicitudot?gx-no-cache=1494338596705 HTTP/1.1" 200 1296
186.103.159.43 - - [09/May/2017:11:02:16 -0300] "POST /cormun/servlet/solicitudot?gx-no-cache=1494338596852 HTTP/1.1" 200 41
186.103.159.43 - - [09/May/2017:11:02:16 -0300] "POST /cormun/servlet/solicitudot?gx-no-cache=1494338597227 HTTP/1.1" 200 1280
186.103.159.43 - - [09/May/2017:11:02:16 -0300] "POST /cormun/servlet/solicitudot?gx-no-cache=1494338597354 HTTP/1.1" 200 1162
186.103.159.43 - - [09/May/2017:11:02:20 -0300] "GET /cormun/servlet/prsolicitudot?16882955,,,,,MD,,gxPopupLevel%3D0%3B HTTP/1.1" 200 5985
186.103.159.43 - - [09/May/2017:11:02:45 -0300] "GET /cormun/servlet/prsolicitudot?16882955,,,,,MD,,gxPopupLevel%3D0%3B HTTP/1.1" 200 5985
186.103.159.43 - - [09/May/2017:11:02:49 -0300] "POST /cormun/servlet/solicitudot?gx-no-cache=1494338630299 HTTP/1.1" 200 1296
186.103.159.43 - - [09/May/2017:11:02:50 -0300] "POST /cormun/servlet/solicitudot?gx-no-cache=1494338630864 HTTP/1.1" 200 41
186.103.159.43 - - [09/May/2017:11:02:51 -0300] "POST /cormun/servlet/solicitudot?gx-no-cache=1494338631838 HTTP/1.1" 200 1280
186.103.159.43 - - [09/May/2017:11:02:51 -0300] "POST /cormun/servlet/solicitudot?gx-no-cache=1494338632342 HTTP/1.1" 200 1162
186.103.159.43 - - [09/May/2017:11:03:07 -0300] "GET /cormun/servlet/solicitudot?127f21f9afeaf126886038262ac9032c43256c73e712067905f29dba35ed92e69e90eb3e21b4564342fde366953b38eb9bdabe886d3446f4029242779aaca693afafd16976050ae650096481269f059adefaa3b2c73ad7d3a4239e0fd8a4db978697dcdae1620f59a7efb87660bcd765620e45f24697533d1bf87db880a449fc41af4606e15b9d955d1321c9f373180eee26f580703f0a5db5b68b1c2667f58d4b87b5fc4eb6daab9e1117e33b9fec26,gx-no-cache=1494338647890 HTTP/1.1" 200 30
186.103.159.43 - - [09/May/2017:11:03:08 -0300] "POST /cormun/servlet/solicitudot?56c31da2eceb7902c276f44666afde7b,INS,0,0,,gx-no-cache=1494338648062 HTTP/1.1" 200 11175
186.103.159.43 - - [09/May/2017:11:03:08 -0300] "GET /cormun/static/Shared/jqueryui/images/ui-bg_highlight-soft_100_c6c2c8_1x100.png HTTP/1.1" 404 1117
186.103.159.43 - - [09/May/2017:11:03:08 -0300] "GET /cormun/static/Shared/jqueryui/images/ui-icons_ebccce_256x240.png HTTP/1.1" 404 1089
186.103.159.43 - - [09/May/2017:11:03:08 -0300] "GET /cormun/static/Shared/jqueryui/images/ui-icons_82798d_256x240.png HTTP/1.1" 404 1089
186.103.159.43 - - [09/May/2017:11:03:08 -0300] "GET /cormun/static/Shared/jqueryui/images/ui-bg_flat_55_994d53_40x100.png HTTP/1.1" 404 1097
186.103.159.43 - - [09/May/2017:11:03:18 -0300] "GET /cormun/servlet/prsolicitudot?16882955,,,,,MD,,gxPopupLevel%3D0%3B HTTP/1.1" 200 5985
200.112.1.186 - - [09/May/2017:11:03:24 -0300] "GET /cormun/servlet/prfichaempleado?,MD,,gxPopupLevel%3D0%3B HTTP/1.1" 200 8808
186.103.159.43 - - [09/May/2017:11:03:26 -0300] "POST /cormun/servlet/solicitudot?gx-no-cache=1494338667110 HTTP/1.1" 200 1296
186.103.159.43 - - [09/May/2017:11:03:27 -0300] "POST /cormun/servlet/solicitudot?gx-no-cache=1494338667599 HTTP/1.1" 200 41
186.103.159.43 - - [09/May/2017:11:03:27 -0300] "POST /cormun/servlet/solicitudot?gx-no-cache=1494338668054 HTTP/1.1" 200 1280
186.103.159.43 - - [09/May/2017:11:03:27 -0300] "POST /cormun/servlet/solicitudot?gx-no-cache=1494338668224 HTTP/1.1" 200 1162
200.112.1.186 - - [09/May/2017:11:03:46 -0300] "GET /cormun/servlet/licenciaspermisos?076ddf175e69b738034701c9d4b3751b60ed15185fe70eec29e8bec0e698a60ae9187b9c34718b231d942b8ea53f47b7872daf47ef3b23d294d7b7e2fb5f0fed151b147bf7537d1d14a2aa895e8e3ea9d4b0fa2769bf95d8b9fba064debef04574cee98f79c9acb4e1adf48d93bd12fe84c2a5ccff92635bbd351392a4382a98684a34bce48659a15dbe863e2e42c5fa0811cc962ff4d3bcd94a04113db97d2482213a897c8b55ab5315d82cc2212ca6,gx-no-cache=1494338690691 HTTP/1.1" 200 30
186.103.159.43 - - [09/May/2017:11:03:50 -0300] "GET /cormun/servlet/prsolicitudot?16882955,,,,,MD,,gxPopupLevel%3D0%3B HTTP/1.1" 200 5985
192.168.10.89 - - [09/May/2017:11:03:58 -0300] "GET /cormunbeta/servlet/hlogin HTTP/1.1" 200 1725
192.168.10.89 - - [09/May/2017:11:03:58 -0300] "GET /cormunbeta/static/gxcfg.js?201741110203197 HTTP/1.1" 200 953
186.79.77.62 - - [09/May/2017:11:03:58 -0300] "POST /cormun/servlet/solicitudotlog?fbfaddd1f945c64af9eb90964839b326,INS,2017,6373,0,ANU,,gx-no-cache=1494342115199 HTTP/1.1" 200 93
186.79.77.62 - - [09/May/2017:11:03:58 -0300] "GET /cormun/servlet/hpexe_return? HTTP/1.1" 200 1028
186.79.77.62 - - [09/May/2017:11:03:59 -0300] "GET /cormun/servlet/trautorizarsolicitud HTTP/1.1" 200 8174
192.168.10.89 - - [09/May/2017:11:04:01 -0300] "GET /cormun/servlet/hlogin HTTP/1.1" 200 1723
186.79.77.62 - - [09/May/2017:11:04:02 -0300] "GET /cormun/servlet/trautorizarsolicitud HTTP/1.1" 200 8170
192.168.10.89 - - [09/May/2017:11:04:09 -0300] "POST /cormun/servlet/hlogin?a989fb2943d6c368d6a39bf1187858ae,gx-no-cache=1494341914116 HTTP/1.1" 200 90
192.168.10.89 - - [09/May/2017:11:04:09 -0300] "GET /cormun/servlet/hpexe_link HTTP/1.1" 200 952
192.168.10.89 - - [09/May/2017:11:04:09 -0300] "GET /cormun/servlet/hhome HTTP/1.1" 200 4460
192.168.10.89 - - [09/May/2017:11:04:11 -0300] "GET /cormun/servlet/trsolicitudot? HTTP/1.1" 200 8682
192.168.10.89 - - [09/May/2017:11:04:14 -0300] "GET /cormun/servlet/trsolicitudgral? HTTP/1.1" 200 25344
192.168.10.89 - - [09/May/2017:11:04:14 -0300] "GET /cormun/static/Resources/PXToolsAddAllStandardAction.png HTTP/1.1" 200 628
192.168.10.89 - - [09/May/2017:11:04:14 -0300] "GET /cormun/static/Resources/PXToolsRemoveAllStandardAction.png HTTP/1.1" 200 495
200.112.1.186 - - [09/May/2017:11:04:20 -0300] "GET /cormun/servlet/licenciaspermisos?076ddf175e69b738034701c9d4b3751b60ed15185fe70eec29e8bec0e698a60a4b8920154d1c6bc11c9c0e996a25069d872daf47ef3b23d294d7b7e2fb5f0fed151b147bf7537d1d14a2aa895e8e3ea9d4b0fa2769bf95d8b9fba064debef04574cee98f79c9acb4e1adf48d93bd12fe84c2a5ccff92635bbd351392a4382a98684a34bce48659a15dbe863e2e42c5fa0811cc962ff4d3bcd94a04113db97d2482213a897c8b55ab5315d82cc2212ca6,gx-no-cache=1494338724586 HTTP/1.1" 200 30
200.112.1.186 - - [09/May/2017:11:04:20 -0300] "POST /cormun/servlet/licenciaspermisos?9e61af8edc17f76b3027b462312da55f,INS,0,,,,gx-no-cache=1494338724758 HTTP/1.1" 200 4754
192.168.10.89 - - [09/May/2017:11:04:25 -0300] "GET /cormun/static/menuarrow.gif HTTP/1.1" 404 1015
192.168.10.89 - - [09/May/2017:11:04:29 -0300] "POST /cormun/servlet/trsolicitudgral?a989fb2943d6c368d6a39bf1187858ae,,gx-no-cache=1494341933779 HTTP/1.1" 200 5477
192.168.10.89 - - [09/May/2017:11:04:34 -0300] "GET /cormun/servlet/trvisualizadoreventos? HTTP/1.1" 200 7216
192.168.10.89 - - [09/May/2017:11:04:34 -0300] "GET /cormun/static/gxcfg.js?201731711523419 HTTP/1.1" 200 953
192.168.10.89 - - [09/May/2017:11:04:34 -0300] "GET /cormun/static/trvisualizadoreventos.js?20173171152387 HTTP/1.1" 304 -
192.168.10.89 - - [09/May/2017:11:04:41 -0300] "GET /cormun/servlet/trconsultaempleado? HTTP/1.1" 200 9708
192.168.10.89 - - [09/May/2017:11:04:46 -0300] "POST /cormun/servlet/trconsultaempleado?a989fb2943d6c368d6a39bf1187858ae,,gx-no-cache=1494341951190 HTTP/1.1" 200 4472
192.168.10.89 - - [09/May/2017:11:04:48 -0300] "GET /cormun/servlet/trsolicitudnombre?17477438, HTTP/1.1" 200 8112
192.168.10.89 - - [09/May/2017:11:05:18 -0300] "GET /cormun/servlet/hlogin HTTP/1.1" 200 1752
200.112.1.186 - - [09/May/2017:11:05:19 -0300] "GET /cormun/servlet/licenciaspermisos?076ddf175e69b738034701c9d4b3751b13346da1e5da6063ccc4fae657afccc07627a45fc0236a14738d471b7e1dd291bc075b61c70ab6ad626e2b5076bb35845857d54fe49eec306273838fc785c9507fc5292145dc6ae8e955902ba83368532b3a61b207f18aef7236255609d011b0f16ffcb7cd5c8952a0c75ec12c57539e35b29c7b54aafb069c6538ac849ec1ac58fc4a90409f25115c4e5eacf4be0108f2de604db46bcb0a5a6e00ad2fc90fdb3f34d1094fb974cb36ba22548710c09cd55a51a0a4dca8905e79f7aed27a5a38d8d32c46ba86b5714b11b4b4fcf24000a4815b3d62bacb711184189ac931e98f,gx-no-cache=1494338783410 HTTP/1.1" 200 57
200.112.1.186 - - [09/May/2017:11:05:19 -0300] "POST /cormun/servlet/licenciaspermisos?9e61af8edc17f76b3027b462312da55f,INS,0,,,,gx-no-cache=1494338783662 HTTP/1.1" 200 4877
200.112.1.186 - - [09/May/2017:11:05:20 -0300] "GET /cormun/static/Shared/jqueryui/images/ui-bg_highlight-soft_100_c6c2c8_1x100.png HTTP/1.1" 404 1117
200.112.1.186 - - [09/May/2017:11:05:20 -0300] "GET /cormun/static/Shared/jqueryui/images/ui-icons_82798d_256x240.png HTTP/1.1" 404 1089
200.112.1.186 - - [09/May/2017:11:05:20 -0300] "GET /cormun/static/Shared/jqueryui/images/ui-bg_flat_55_994d53_40x100.png HTTP/1.1" 404 1097
200.112.1.186 - - [09/May/2017:11:05:20 -0300] "GET /cormun/static/Shared/jqueryui/images/ui-icons_ebccce_256x240.png HTTP/1.1" 404 1089
46.174.191.31 - - [09/May/2017:11:06:32 -0300] "GET / HTTP/1.0" 200 11197
192.168.10.89 - - [09/May/2017:11:06:38 -0300] "POST /cormun/servlet/hlogin?a989fb2943d6c368d6a39bf1187858ae,gx-no-cache=1494342063070 HTTP/1.1" 200 90
192.168.10.89 - - [09/May/2017:11:06:38 -0300] "GET /cormun/servlet/hpexe_link HTTP/1.1" 200 970
192.168.10.89 - - [09/May/2017:11:06:38 -0300] "GET /cormun/servlet/trsolicitudnombre?17477438, HTTP/1.1" 200 8112
192.168.10.89 - - [09/May/2017:11:06:42 -0300] "GET /cormun/servlet/trsolicitudgral? HTTP/1.1" 200 8808
192.168.10.89 - - [09/May/2017:11:06:49 -0300] "POST /cormun/servlet/trsolicitudgral?a989fb2943d6c368d6a39bf1187858ae,,gx-no-cache=1494342073912 HTTP/1.1" 200 22820
192.168.10.89 - - [09/May/2017:11:06:57 -0300] "POST /cormun/servlet/trsolicitudgral?a989fb2943d6c368d6a39bf1187858ae,,gx-no-cache=1494342081870 HTTP/1.1" 200 8863
192.168.10.89 - - [09/May/2017:11:07:22 -0300] "POST /cormun/servlet/trsolicitudgral?a989fb2943d6c368d6a39bf1187858ae,,gx-no-cache=1494342107570 HTTP/1.1" 200 8590
192.168.10.89 - - [09/May/2017:11:07:23 -0300] "GET /cormun/static/Shared/jqueryui/images/ui-bg_flat_55_fafafa_40x100.png HTTP/1.1" 404 1097
192.168.10.89 - - [09/May/2017:11:07:23 -0300] "GET /cormun/static/Shared/jqueryui/images/ui-icons_8d78a5_256x240.png HTTP/1.1" 404 1089
192.168.10.89 - - [09/May/2017:11:07:23 -0300] "GET /cormun/static/Shared/jqueryui/images/ui-icons_82798d_256x240.png HTTP/1.1" 404 1089
192.168.10.89 - - [09/May/2017:11:07:23 -0300] "GET /cormun/static/Shared/jqueryui/images/ui-bg_highlight-soft_100_c6c2c8_1x100.png HTTP/1.1" 404 1117
