200.83.64.240 - - [08/May/2017:17:10:57 -0300] "GET /cormunbeta/static/solicitudsaludot.js?201731711444023 HTTP/1.1" 200 62888
200.83.64.240 - - [08/May/2017:17:10:57 -0300] "GET /cormunbeta/static/Resources/prompt.gif HTTP/1.1" 200 902
200.83.64.240 - - [08/May/2017:17:10:58 -0300] "GET /cormunbeta/servlet/solicitudsaludot?INS,0,0, HTTP/1.1" 200 12970
200.83.64.240 - - [08/May/2017:17:10:58 -0300] "GET /cormunbeta/servlet/solicitudsaludot?bd733a8b010b52387fda12d26d4987d46c2dacf81a2e5970cbd7dbaf2df781c7,gx-no-cache=1494277914527 HTTP/1.1" 200 30
201.236.61.48 - - [08/May/2017:17:12:37 -0300] "GET /cormun/servlet/prfichaempleado?,MD,,gxPopupLevel%3D0%3B HTTP/1.1" 200 8794
201.236.61.48 - - [08/May/2017:17:12:56 -0300] "POST /cormun/servlet/prfichaempleado?901403557d59db79b17f01116a4578ef,,MD,,gxPopupLevel%3D0%3B,gx-no-cache=1494274439345 HTTP/1.1" 200 3409
201.236.61.48 - - [08/May/2017:17:13:04 -0300] "GET /cormun/servlet/licenciaspermisos?8507e6b6d637ec9ddb4c0ce673c0c27b10f2c664d0c433f9bc337f899bc224566cebed423827564d10cef724e08e245ac6cffa09fdfad32d052a89805adedfe0e811a80bff3d2684cb921891afb58d77c42ec54155736132182e589911179421c730492adefd7de815f237a5063c1e01d80841004e9e3e468f4a1fe3c806ebafdd6a583ecd3bb2e85e3eb0cff8088904c553ba5881a9ec00c751e3e79973c5544e9798cb4620839d4254cbd7f107d615,gx-no-cache=1494274448112 HTTP/1.1" 200 30
40.77.167.108 - - [08/May/2017:17:13:09 -0300] "GET /cormun/servlet/licenciaspermisosadjuntos?INS,11553313,L,20170322000000,, HTTP/1.1" 200 4851
186.103.248.213 - - [08/May/2017:17:13:27 -0300] "GET /cormun/servlet/hlogin HTTP/1.1" 200 1725
186.103.248.213 - - [08/May/2017:17:13:27 -0300] "GET /cormun/static/gxcfg.js?201741110203197 HTTP/1.1" 304 -
186.103.248.213 - - [08/May/2017:17:13:27 -0300] "GET /cormun/static/messages.spa.js?85251 HTTP/1.1" 304 -
186.103.132.155 - - [08/May/2017:17:13:27 -0300] "GET /cormun/static/hlogin.js?201741110203211 HTTP/1.1" 304 -
186.103.132.155 - - [08/May/2017:17:13:27 -0300] "GET /cormun/servlet/hlogin HTTP/1.1" 200 1730
186.103.132.155 - - [08/May/2017:17:13:29 -0300] "POST /cormun/servlet/hlogin?a7176b2196daa62250a9f7f08b8adbcd,gx-no-cache=1494274469170 HTTP/1.1" 200 90
186.103.132.155 - - [08/May/2017:17:13:29 -0300] "GET /cormun/servlet/hpexe_link HTTP/1.1" 200 949
186.103.132.155 - - [08/May/2017:17:13:29 -0300] "GET /cormun/static/gxcfg.js?201731711483381 HTTP/1.1" 304 -
186.103.132.155 - - [08/May/2017:17:13:29 -0300] "GET /cormun/servlet/hhome HTTP/1.1" 200 3765
186.103.132.155 - - [08/May/2017:17:13:29 -0300] "GET /cormun/static/gxcfg.js?201731711483497 HTTP/1.1" 304 -
186.103.132.155 - - [08/May/2017:17:13:30 -0300] "GET /cormun/servlet/hhome HTTP/1.1" 200 3762
200.83.64.240 - - [08/May/2017:17:13:31 -0300] "POST /cormunbeta/servlet/solicitudsaludot?0f375cabce12d430d022969ca0969756,INS,0,0,,gx-no-cache=1494278066435 HTTP/1.1" 200 93
200.83.64.240 - - [08/May/2017:17:13:31 -0300] "GET /cormunbeta/servlet/hpexe_return? HTTP/1.1" 200 1015
200.83.64.240 - - [08/May/2017:17:13:31 -0300] "GET /cormunbeta/static/gxcfg.js?2016101716175148 HTTP/1.1" 200 953
200.83.64.240 - - [08/May/2017:17:13:31 -0300] "GET /cormunbeta/static/hpexe_return.js?2016101716175153 HTTP/1.1" 200 1633
200.83.64.240 - - [08/May/2017:17:13:31 -0300] "GET /cormunbeta/static/Resources/Spanish/PXTools.css?167811 HTTP/1.1" 200 89042
200.83.64.240 - - [08/May/2017:17:13:31 -0300] "GET /cormunbeta/servlet/trsolicitudsaludot HTTP/1.1" 200 7329
200.83.64.240 - - [08/May/2017:17:13:32 -0300] "GET /cormunbeta/servlet/trsolicitudsaludot HTTP/1.1" 200 7325
186.103.132.155 - - [08/May/2017:17:13:33 -0300] "GET /cormun/servlet/trrenuncias? HTTP/1.1" 200 6490
186.103.132.155 - - [08/May/2017:17:13:33 -0300] "GET /cormun/static/gxcfg.js?201731711553383 HTTP/1.1" 200 953
186.103.248.213 - - [08/May/2017:17:13:33 -0300] "GET /cormun/static/trrenuncias.js?201731711553833 HTTP/1.1" 200 28329
186.103.248.213 - - [08/May/2017:17:13:33 -0300] "GET /cormun/static/Resources/PXTools/calendar.png HTTP/1.1" 200 1306
186.103.248.213 - - [08/May/2017:17:13:33 -0300] "GET /cormun/servlet/trrenuncias? HTTP/1.1" 200 6489
186.103.248.213 - - [08/May/2017:17:13:35 -0300] "GET /cormun/servlet/renuncias?INS,0, HTTP/1.1" 200 5892
186.103.248.213 - - [08/May/2017:17:13:35 -0300] "GET /cormun/static/gxcfg.js?20173291217350 HTTP/1.1" 200 953
186.103.132.155 - - [08/May/2017:17:13:35 -0300] "GET /cormun/static/renuncias.js?20173291217362 HTTP/1.1" 200 14101
186.103.132.155 - - [08/May/2017:17:13:35 -0300] "GET /cormun/servlet/renuncias?INS,0, HTTP/1.1" 200 5892
200.83.64.240 - - [08/May/2017:17:13:37 -0300] "POST /cormunbeta/servlet/trsolicitudsaludot?0f375cabce12d430d022969ca0969756,gx-no-cache=1494278072830 HTTP/1.1" 200 6461
200.83.64.240 - - [08/May/2017:17:13:37 -0300] "GET /cormunbeta//static/Resources/PXTools/calendar.png HTTP/1.1" 200 1306
200.83.64.240 - - [08/May/2017:17:13:37 -0300] "GET /cormunbeta//static/Resources/PXToolsActionView.png HTTP/1.1" 200 2995
200.83.64.240 - - [08/May/2017:17:13:37 -0300] "GET /cormunbeta//static/Resources/PXToolsRemoveAllAction.png HTTP/1.1" 200 3558
200.83.64.240 - - [08/May/2017:17:13:37 -0300] "GET /cormunbeta//static/Resources/PXTools/ActionInsert.png HTTP/1.1" 200 1482
40.77.167.108 - - [08/May/2017:17:13:39 -0300] "GET /cormun/servlet/licenciaspermisosadjuntos?INS,11553313,L,20170322000000,, HTTP/1.1" 200 4855
200.83.64.240 - - [08/May/2017:17:13:41 -0300] "GET /cormunbeta/servlet/trsolicitudhorario?2016,2926, HTTP/1.1" 200 6956
200.83.64.240 - - [08/May/2017:17:13:42 -0300] "GET /cormunbeta/static/calendar-system.css?85620 HTTP/1.1" 200 5572
200.83.64.240 - - [08/May/2017:17:13:42 -0300] "GET /cormunbeta/static/gxui/gxui-all.css?120300 HTTP/1.1" 200 2179
200.83.64.240 - - [08/May/2017:17:13:42 -0300] "GET /cormunbeta/static/gxcfg.js?201610271625854 HTTP/1.1" 200 953
200.83.64.240 - - [08/May/2017:17:13:42 -0300] "GET /cormunbeta/static/trsolicitudhorario.js?2016102716251188 HTTP/1.1" 200 20783
186.103.248.213 - - [08/May/2017:17:13:42 -0300] "GET /cormun/servlet/renuncias?847bfebbe8a3526bdc184190e5f688179137d3ee92069d76666275f42dae17889ad97981c8094a3c889076cdba5ad388,gx-no-cache=1494274482192 HTTP/1.1" 200 33
200.83.64.240 - - [08/May/2017:17:13:42 -0300] "GET /cormunbeta/static/Shared/ext/resources/css/ext-all.css?215870 HTTP/1.1" 200 416045
200.83.64.240 - - [08/May/2017:17:13:43 -0300] "GET /cormunbeta/servlet/trsolicitudhorario?2016,2926, HTTP/1.1" 200 6956
207.46.13.57 - - [08/May/2017:17:13:44 -0300] "GET /cormun/static/licenciaspermisosadjuntos.js?201731711421181 HTTP/1.1" 200 8757
186.103.248.213 - - [08/May/2017:17:13:45 -0300] "GET /cormun/static/Resources/resize.gif HTTP/1.1" 200 77
186.103.132.155 - - [08/May/2017:17:13:45 -0300] "GET /cormun/servlet/prfichaempleado?,MD,,gxPopupLevel%3D0%3B HTTP/1.1" 200 8767
186.103.248.213 - - [08/May/2017:17:13:45 -0300] "GET /cormun/static/gxcfg.js?2017319125415 HTTP/1.1" 304 -
200.83.64.240 - - [08/May/2017:17:13:51 -0300] "GET /cormunbeta/servlet/solicitudhorario?INS,2016,2926,0, HTTP/1.1" 200 5876
200.83.64.240 - - [08/May/2017:17:13:51 -0300] "GET /cormunbeta/static/gxcfg.js?201731711454254 HTTP/1.1" 200 953
200.83.64.240 - - [08/May/2017:17:13:51 -0300] "GET /cormunbeta/static/solicitudhorario.js?201731711454267 HTTP/1.1" 200 9629
200.83.64.240 - - [08/May/2017:17:13:51 -0300] "GET /cormunbeta/servlet/solicitudhorario?INS,2016,2926,0, HTTP/1.1" 200 5871
200.83.64.240 - - [08/May/2017:17:13:52 -0300] "GET /cormunbeta/servlet/solicitudhorario?bd733a8b010b52387fda12d26d4987d4b10c24b4e0ee80cbf2aa3731b154ba2c,gx-no-cache=1494278088238 HTTP/1.1" 200 26
186.103.132.155 - - [08/May/2017:17:14:04 -0300] "POST /cormun/servlet/prfichaempleado?a7176b2196daa62250a9f7f08b8adbcd,,MD,,gxPopupLevel%3D0%3B,gx-no-cache=1494274503811 HTTP/1.1" 200 3411
201.236.61.48 - - [08/May/2017:17:14:06 -0300] "GET /cormun/servlet/licenciaspermisos?8507e6b6d637ec9ddb4c0ce673c0c27b10f2c664d0c433f9bc337f899bc22456b4b977d6e391cf703aec26878deb4b63c6cffa09fdfad32d052a89805adedfe0e811a80bff3d2684cb921891afb58d77c42ec54155736132182e589911179421c730492adefd7de815f237a5063c1e01d80841004e9e3e468f4a1fe3c806ebafdd6a583ecd3bb2e85e3eb0cff8088904c553ba5881a9ec00c751e3e79973c5544e9798cb4620839d4254cbd7f107d615,gx-no-cache=1494274509949 HTTP/1.1" 200 30
201.236.61.48 - - [08/May/2017:17:14:06 -0300] "POST /cormun/servlet/licenciaspermisos?901403557d59db79b17f01116a4578ef,INS,0,,,,gx-no-cache=1494274510205 HTTP/1.1" 200 4743
186.103.132.155 - - [08/May/2017:17:14:08 -0300] "GET /cormun/servlet/prcontrato?15993655,,,MD,,gxPopupLevel%3D0%3B HTTP/1.1" 200 5978
186.103.132.155 - - [08/May/2017:17:14:08 -0300] "GET /cormun/static/gxcfg.js?201731711504186 HTTP/1.1" 200 953
186.103.132.155 - - [08/May/2017:17:14:09 -0300] "GET /cormun/static/prcontrato.js?20173171150446 HTTP/1.1" 200 13820
186.103.132.155 - - [08/May/2017:17:14:17 -0300] "GET /cormun/servlet/renuncias?847bfebbe8a3526bdc184190e5f68817e6e19f2d705226a73fe3c4d89b38cdbf8f9eb486784858d3daa9bd4f7ad551bb,gx-no-cache=1494274517852 HTTP/1.1" 200 69
186.103.132.155 - - [08/May/2017:17:14:20 -0300] "GET /cormun/servlet/prcontrato?15993655,,,MD,,gxPopupLevel%3D0%3B HTTP/1.1" 200 5978
201.236.61.48 - - [08/May/2017:17:14:23 -0300] "GET /cormun/servlet/licenciaspermisos?8507e6b6d637ec9ddb4c0ce673c0c27bb7cdf63a31185875f56b95d02681eff5fcd774ef04194f176063f06bf336a95f88ad82fe4212a32525cae6e9bba723d437709ad655169e7d687c2988598f397e,gx-no-cache=1494274527535 HTTP/1.1" 200 67
201.236.61.48 - - [08/May/2017:17:14:24 -0300] "POST /cormun/servlet/licenciaspermisos?901403557d59db79b17f01116a4578ef,INS,0,,,,gx-no-cache=1494274527668 HTTP/1.1" 200 4733
201.236.61.48 - - [08/May/2017:17:14:24 -0300] "GET /cormun/servlet/licenciaspermisos?8507e6b6d637ec9ddb4c0ce673c0c27bcb2615c4f46e3778883c8659d05c2314447baa9bfbcd2eb157350404f73b2fbb0ca3085bdffa6e9711534b97a7142093d8207df357193dbb20897dcc5a62987bb185cf93cc9d7cb9c6f1d6e1a38c9f61ac5b1f53c83cbaf704fbd02e01200241aadfd6663420493a65168d459e577214286e213d323a9fa569852dd02ff6bc61def3338ea65e281ce9bc03c1293a31fe7bf255493dfbfc25031285c6f41d7947,gx-no-cache=1494274528521 HTTP/1.1" 200 63
201.236.61.48 - - [08/May/2017:17:14:25 -0300] "POST /cormun/servlet/licenciaspermisos?901403557d59db79b17f01116a4578ef,INS,0,,,,gx-no-cache=1494274528812 HTTP/1.1" 200 93
201.236.61.48 - - [08/May/2017:17:14:25 -0300] "GET /cormun/servlet/hpexe_return? HTTP/1.1" 200 1012
201.236.61.48 - - [08/May/2017:17:14:26 -0300] "GET /cormun/servlet/trlicencias HTTP/1.1" 200 8017
201.236.61.48 - - [08/May/2017:17:14:28 -0300] "GET /cormun/servlet/trlicencias HTTP/1.1" 200 8013
201.236.61.48 - - [08/May/2017:17:14:36 -0300] "GET /cormun/servlet/trlicenciaspermisosadjuntos?13099340,20170508000000,L, HTTP/1.1" 200 6319
201.236.61.48 - - [08/May/2017:17:14:36 -0300] "GET /cormun/static/gxcfg.js?20173171154619 HTTP/1.1" 304 -
201.236.61.48 - - [08/May/2017:17:14:36 -0300] "GET /cormun/static/trlicenciaspermisosadjuntos.js?20173171154971 HTTP/1.1" 304 -
201.236.61.48 - - [08/May/2017:17:14:37 -0300] "GET /cormun/servlet/trlicenciaspermisosadjuntos?13099340,20170508000000,L, HTTP/1.1" 200 6319
201.236.61.48 - - [08/May/2017:17:14:46 -0300] "GET /cormun/servlet/licenciaspermisosadjuntos?INS,13099340,L,20170508000000,, HTTP/1.1" 200 5620
201.236.61.48 - - [08/May/2017:17:14:46 -0300] "GET /cormun/static/gxcfg.js?201731711421170 HTTP/1.1" 304 -
201.236.61.48 - - [08/May/2017:17:14:46 -0300] "GET /cormun/static/licenciaspermisosadjuntos.js?201731711421181 HTTP/1.1" 304 -
201.236.61.48 - - [08/May/2017:17:14:46 -0300] "GET /cormun/static/about:blank HTTP/1.1" 404 1011
201.236.61.48 - - [08/May/2017:17:14:47 -0300] "GET /cormun/servlet/licenciaspermisosadjuntos?INS,13099340,L,20170508000000,, HTTP/1.1" 200 5609
200.83.64.240 - - [08/May/2017:17:15:14 -0300] "POST /cormunbeta/servlet/solicitudhorario?0f375cabce12d430d022969ca0969756,INS,2016,2926,0,,gx-no-cache=1494278170473 HTTP/1.1" 200 93
200.83.64.240 - - [08/May/2017:17:15:14 -0300] "GET /cormunbeta/servlet/hpexe_return? HTTP/1.1" 200 1024
200.83.64.240 - - [08/May/2017:17:15:15 -0300] "GET /cormunbeta/servlet/trsolicitudhorario?2016,2926, HTTP/1.1" 200 6960
200.83.64.240 - - [08/May/2017:17:15:15 -0300] "GET /cormunbeta/servlet/trsolicitudhorario?2016,2926, HTTP/1.1" 200 6956
200.83.64.240 - - [08/May/2017:17:15:18 -0300] "POST /cormunbeta/servlet/trsolicitudhorario?0f375cabce12d430d022969ca0969756,2016,2926,,gx-no-cache=1494278174309 HTTP/1.1" 200 90
200.83.64.240 - - [08/May/2017:17:15:18 -0300] "GET /cormunbeta/servlet/hpexe_link HTTP/1.1" 200 997
200.83.64.240 - - [08/May/2017:17:15:18 -0300] "GET /cormunbeta/servlet/trsolicitudsaludot?gx-no-cache=1494278072830 HTTP/1.1" 200 9254
200.83.64.240 - - [08/May/2017:17:15:19 -0300] "GET /cormunbeta/servlet/trsolicitudsaludot?gx-no-cache=1494278072830 HTTP/1.1" 200 9274
201.236.61.48 - - [08/May/2017:17:15:38 -0300] "POST /cormun/servlet/licenciaspermisosadjuntos?901403557d59db79b17f01116a4578ef,INS,13099340,L,20170508000000,, HTTP/1.1" 200 116
201.236.61.48 - - [08/May/2017:17:15:38 -0300] "GET /cormun/servlet/hpexe_return? HTTP/1.1" 200 1042
201.236.61.48 - - [08/May/2017:17:15:39 -0300] "GET /cormun/servlet/trlicenciaspermisosadjuntos?13099340,20170508000000,L, HTTP/1.1" 200 6825
201.236.61.48 - - [08/May/2017:17:15:42 -0300] "GET /cormun/servlet/trlicenciaspermisosadjuntos?13099340,20170508000000,L, HTTP/1.1" 200 6822
201.236.61.48 - - [08/May/2017:17:15:48 -0300] "GET /cormun/PublicTempStorage/l._medica_mayo_%282%299529774.jpg HTTP/1.1" 200 490040
201.236.61.48 - - [08/May/2017:17:15:58 -0300] "POST /cormun/servlet/trlicenciaspermisosadjuntos?901403557d59db79b17f01116a4578ef,13099340,20170508000000,L,,gx-no-cache=1494274622055 HTTP/1.1" 200 90
201.236.61.48 - - [08/May/2017:17:15:58 -0300] "GET /cormun/servlet/hpexe_link HTTP/1.1" 200 984
201.236.61.48 - - [08/May/2017:17:15:59 -0300] "GET /cormun/servlet/trlicencias HTTP/1.1" 200 8015
201.236.61.48 - - [08/May/2017:17:16:00 -0300] "GET /cormun/servlet/trlicencias HTTP/1.1" 200 8013
186.103.159.43 - - [08/May/2017:17:16:09 -0300] "GET /cormun/servlet/hlogin HTTP/1.1" 200 1721
201.236.61.48 - - [08/May/2017:17:16:10 -0300] "POST /cormun/servlet/trlicencias?901403557d59db79b17f01116a4578ef,gx-no-cache=1494274633531 HTTP/1.1" 200 4268
201.236.61.48 - - [08/May/2017:17:16:10 -0300] "GET /cormun/static/Shared/jqueryui/images/ui-bg_highlight-soft_100_c6c2c8_1x100.png HTTP/1.1" 404 1117
201.236.61.48 - - [08/May/2017:17:16:10 -0300] "GET /cormun/static/Shared/jqueryui/images/ui-icons_82798d_256x240.png HTTP/1.1" 404 1089
201.236.61.48 - - [08/May/2017:17:16:10 -0300] "GET /cormun/static/Shared/jqueryui/images/ui-bg_flat_55_fafafa_40x100.png HTTP/1.1" 404 1097
201.236.61.48 - - [08/May/2017:17:16:10 -0300] "GET /cormun/static/Shared/jqueryui/images/ui-icons_8d78a5_256x240.png HTTP/1.1" 404 1089
186.103.159.43 - - [08/May/2017:17:16:11 -0300] "POST /cormun/servlet/hlogin?00a1703da308ba73e2685329bfec0458,gx-no-cache=1494274631316 HTTP/1.1" 200 90
186.103.159.43 - - [08/May/2017:17:16:11 -0300] "GET /cormun/servlet/hpexe_link HTTP/1.1" 200 953
186.103.159.43 - - [08/May/2017:17:16:11 -0300] "GET /cormun/servlet/hhome HTTP/1.1" 200 3957
186.103.159.43 - - [08/May/2017:17:16:12 -0300] "GET /cormun/servlet/hhome HTTP/1.1" 200 3953
186.103.159.43 - - [08/May/2017:17:16:16 -0300] "GET /cormun/servlet/trautorizarsolicitud? HTTP/1.1" 200 8129
186.103.159.43 - - [08/May/2017:17:16:16 -0300] "GET /cormun/servlet/trautorizarsolicitud? HTTP/1.1" 200 8127
186.103.159.43 - - [08/May/2017:17:16:21 -0300] "POST /cormun/servlet/trautorizarsolicitud?00a1703da308ba73e2685329bfec0458,,gx-no-cache=1494274641177 HTTP/1.1" 200 4312
186.103.159.43 - - [08/May/2017:17:16:21 -0300] "GET /cormun/static/Shared/jqueryui/images/ui-bg_highlight-soft_100_c6c2c8_1x100.png HTTP/1.1" 404 1117
186.103.159.43 - - [08/May/2017:17:16:21 -0300] "GET /cormun/static/Shared/jqueryui/images/ui-icons_82798d_256x240.png HTTP/1.1" 404 1089
186.103.159.43 - - [08/May/2017:17:16:21 -0300] "GET /cormun/static/Shared/jqueryui/images/ui-icons_8d78a5_256x240.png HTTP/1.1" 404 1089
186.103.159.43 - - [08/May/2017:17:16:21 -0300] "GET /cormun/static/Shared/jqueryui/images/ui-bg_flat_55_fafafa_40x100.png HTTP/1.1" 404 1097
186.103.159.43 - - [08/May/2017:17:16:21 -0300] "POST /cormun/servlet/trautorizarsolicitud?00a1703da308ba73e2685329bfec0458,,gx-no-cache=1494274641373 HTTP/1.1" 200 4095
201.236.61.48 - - [08/May/2017:17:16:36 -0300] "POST /cormun/servlet/trlicencias?901403557d59db79b17f01116a4578ef,gx-no-cache=1494274659318 HTTP/1.1" 200 90
201.236.61.48 - - [08/May/2017:17:16:36 -0300] "GET /cormun/servlet/hpexe_link HTTP/1.1" 200 955
201.236.61.48 - - [08/May/2017:17:16:37 -0300] "GET /cormun/servlet/hhome HTTP/1.1" 200 3969
201.236.61.48 - - [08/May/2017:17:16:39 -0300] "GET /cormun/servlet/hhome HTTP/1.1" 200 3966
186.103.159.43 - - [08/May/2017:17:16:45 -0300] "GET /cormun/servlet/trautorizarsolicitud? HTTP/1.1" 200 6869
186.103.159.43 - - [08/May/2017:17:16:46 -0300] "GET /cormun/servlet/trautorizarsolicitud? HTTP/1.1" 200 6869
201.236.61.48 - - [08/May/2017:17:16:46 -0300] "GET /cormun/servlet/trlicencias? HTTP/1.1" 200 6829
201.236.61.48 - - [08/May/2017:17:16:47 -0300] "GET /cormun/servlet/trlicencias? HTTP/1.1" 200 6828
201.236.61.48 - - [08/May/2017:17:16:56 -0300] "GET /cormun/static/menuarrow.gif HTTP/1.1" 404 1015
186.67.172.234 - - [08/May/2017:17:17:01 -0300] "GET /cormun/servlet/hlogin HTTP/1.1" 200 1728
186.67.172.234 - - [08/May/2017:17:17:01 -0300] "GET /cormun/static/gxcfg.js?201741110203197 HTTP/1.1" 304 -
186.67.172.234 - - [08/May/2017:17:17:01 -0300] "GET /cormun/static/messages.spa.js?85251 HTTP/1.1" 304 -
186.67.172.234 - - [08/May/2017:17:17:01 -0300] "GET /cormun/static/hlogin.js?201741110203211 HTTP/1.1" 304 -
186.67.172.234 - - [08/May/2017:17:17:01 -0300] "GET /cormun/servlet/hlogin HTTP/1.1" 200 1734
201.236.61.48 - - [08/May/2017:17:17:02 -0300] "POST /cormun/servlet/trlicencias?901403557d59db79b17f01116a4578ef,,gx-no-cache=1494274685425 HTTP/1.1" 200 5655
186.67.172.234 - - [08/May/2017:17:17:16 -0300] "POST /cormun/servlet/hlogin?ab9703085e78a6873cd10394b2f5636a,gx-no-cache=1494274694535 HTTP/1.1" 200 90
186.67.172.234 - - [08/May/2017:17:17:16 -0300] "GET /cormun/servlet/hpexe_link HTTP/1.1" 200 954
186.67.172.234 - - [08/May/2017:17:17:16 -0300] "GET /cormun/static/gxcfg.js?201731711483381 HTTP/1.1" 304 -
186.67.172.234 - - [08/May/2017:17:17:16 -0300] "GET /cormun/servlet/hhome HTTP/1.1" 200 4049
186.67.172.234 - - [08/May/2017:17:17:16 -0300] "GET /cormun/static/gxcfg.js?201731711483497 HTTP/1.1" 304 -
186.67.172.234 - - [08/May/2017:17:17:17 -0300] "GET /cormun/servlet/hhome HTTP/1.1" 200 4047
186.67.172.234 - - [08/May/2017:17:17:22 -0300] "GET /cormun/servlet/trsolicitudot? HTTP/1.1" 200 8256
186.67.172.234 - - [08/May/2017:17:17:22 -0300] "GET /cormun/static/gxcfg.js?201731711505139 HTTP/1.1" 304 -
201.236.61.48 - - [08/May/2017:17:17:24 -0300] "GET /cormun/servlet/alicenciaprn?13099340,L,20170508000000,PU HTTP/1.1" 200 1587
186.67.172.234 - - [08/May/2017:17:17:25 -0300] "GET /cormun/static/trsolicitudot.js?20173171151116 HTTP/1.1" 200 53117
186.67.172.234 - - [08/May/2017:17:17:25 -0300] "GET /cormun/servlet/trsolicitudot? HTTP/1.1" 200 8255
186.67.172.234 - - [08/May/2017:17:17:38 -0300] "POST /cormun/servlet/trsolicitudot?ab9703085e78a6873cd10394b2f5636a,,gx-no-cache=1494274716442 HTTP/1.1" 200 106
186.67.172.234 - - [08/May/2017:17:17:39 -0300] "GET /cormun/servlet/solicitudot?UPD,2017,6203, HTTP/1.1" 200 14540
200.83.64.240 - - [08/May/2017:17:17:59 -0300] "GET /cormunbeta/servlet/trautorizarsolicitudsalud? HTTP/1.1" 200 7233
200.83.64.240 - - [08/May/2017:17:17:59 -0300] "GET /cormunbeta/static/gxcfg.js?201731711582734 HTTP/1.1" 200 953
200.83.64.240 - - [08/May/2017:17:17:59 -0300] "GET /cormunbeta/static/trautorizarsolicitudsalud.js?201731711583427 HTTP/1.1" 200 44488
200.83.64.240 - - [08/May/2017:17:18:00 -0300] "GET /cormunbeta/servlet/trautorizarsolicitudsalud? HTTP/1.1" 200 7210
186.67.172.234 - - [08/May/2017:17:18:07 -0300] "GET /cormun/servlet/trsolicitudot? HTTP/1.1" 200 8256
186.67.172.234 - - [08/May/2017:17:18:08 -0300] "GET /cormun/servlet/trsolicitudot? HTTP/1.1" 200 8255
186.67.172.234 - - [08/May/2017:17:18:11 -0300] "GET /cormun/servlet/solicitudot?INS,0,0, HTTP/1.1" 200 12853
186.67.172.234 - - [08/May/2017:17:18:11 -0300] "GET /cormun/static/gxcfg.js?20171191042720 HTTP/1.1" 304 -
186.67.172.234 - - [08/May/2017:17:18:12 -0300] "GET /cormun/servlet/solicitudot?INS,0,0, HTTP/1.1" 200 12858
186.67.172.234 - - [08/May/2017:17:18:12 -0300] "GET /favicon.ico HTTP/1.1" 200 21630
186.67.172.234 - - [08/May/2017:17:18:26 -0300] "POST /cormun/servlet/solicitudot?gx-no-cache=1494274764547 HTTP/1.1" 200 3276
186.67.172.234 - - [08/May/2017:17:18:26 -0300] "GET /cormun/static/Shared/jqueryui/images/ui-bg_highlight-soft_100_c6c2c8_1x100.png HTTP/1.1" 404 1117
186.67.172.234 - - [08/May/2017:17:18:26 -0300] "GET /cormun/static/Shared/jqueryui/images/ui-icons_82798d_256x240.png HTTP/1.1" 404 1089
186.67.172.234 - - [08/May/2017:17:18:26 -0300] "GET /cormun/static/Shared/jqueryui/images/ui-bg_flat_55_994d53_40x100.png HTTP/1.1" 404 1097
186.67.172.234 - - [08/May/2017:17:18:26 -0300] "GET /cormun/static/Shared/jqueryui/images/ui-icons_ebccce_256x240.png HTTP/1.1" 404 1089
186.103.159.43 - - [08/May/2017:17:18:33 -0300] "GET /cormun/servlet/trautorizarsolicitud? HTTP/1.1" 200 6869
186.103.159.43 - - [08/May/2017:17:18:34 -0300] "GET /cormun/servlet/trautorizarsolicitud? HTTP/1.1" 200 6869
186.67.172.234 - - [08/May/2017:17:18:42 -0300] "GET /cormun/servlet/solicitudot?e837074bf8a7d3d7d6ab77ad3f100347811e68a3717b298da6015c8c4ab99d694b8c7e755dc260b16e3f5b409611cefa,gx-no-cache=1494274780794 HTTP/1.1" 200 30
186.103.159.43 - - [08/May/2017:17:18:56 -0300] "GET /cormun/servlet/hlogin HTTP/1.1" 200 1717
186.103.159.43 - - [08/May/2017:17:18:58 -0300] "POST /cormun/servlet/hlogin?e721a600584ea4e41bda1f84c9fac5c2,gx-no-cache=1494274798602 HTTP/1.1" 200 90
186.103.159.43 - - [08/May/2017:17:18:58 -0300] "GET /cormun/servlet/hpexe_link HTTP/1.1" 200 947
186.103.159.43 - - [08/May/2017:17:18:58 -0300] "GET /cormun/servlet/hhome HTTP/1.1" 200 3753
186.103.159.43 - - [08/May/2017:17:18:59 -0300] "GET /cormun/servlet/hhome HTTP/1.1" 200 3753
186.103.159.43 - - [08/May/2017:17:19:04 -0300] "GET /cormun/servlet/trsolicitudot? HTTP/1.1" 200 6686
186.103.159.43 - - [08/May/2017:17:19:04 -0300] "GET /cormun/servlet/trsolicitudot? HTTP/1.1" 200 6685
192.168.10.96 - - [08/May/2017:17:19:49 -0300] "GET /cormun/servlet/trsolicitudgral? HTTP/1.1" 200 9777
192.168.10.96 - - [08/May/2017:17:19:50 -0300] "GET /cormun/servlet/trsolicitudgral? HTTP/1.1" 200 9777
192.168.10.96 - - [08/May/2017:17:19:59 -0300] "POST /cormun/servlet/trsolicitudgral?be92778d2f57cca3f7dbad748a5a3ade,,gx-no-cache=1494278063854 HTTP/1.1" 200 8941
201.236.61.48 - - [08/May/2017:17:20:01 -0300] "POST /cormun/servlet/trlicencias?901403557d59db79b17f01116a4578ef,,gx-no-cache=1494274864444 HTTP/1.1" 200 7972
192.168.10.96 - - [08/May/2017:17:20:02 -0300] "POST /cormun/servlet/trsolicitudgral?be92778d2f57cca3f7dbad748a5a3ade,,gx-no-cache=1494278066889 HTTP/1.1" 200 22459
192.168.10.96 - - [08/May/2017:17:20:07 -0300] "POST /cormun/servlet/trsolicitudgral?be92778d2f57cca3f7dbad748a5a3ade,,gx-no-cache=1494278072063 HTTP/1.1" 200 7294
186.67.172.234 - - [08/May/2017:17:20:21 -0300] "GET /cormun/servlet/solicitudot?e837074bf8a7d3d7d6ab77ad3f10034703d728101049c025ba2f396870591c84b1c4f4d7495243042a8da0063162188d1d27780f86e267e66bf4332b2db33e9265f39fa2ffa52348d92bf2369d6dbaacb79a7f01a7664598f890440f6481c1650b14199357fe54e0dc3e791c719e85b59d0bad7d58f3d0ca5ee104191f3cb713bb03c6705c79a77780b67a39ed0f3506308a43bd580b693dfefb73e22172ad128c97d23a87f69de35bc552d3deb4f34f672b838c26f9bf0d299adc24cf3a01cd2d2d08d54378a97c07a795587114a12892964ad9e93c9cc74848a3cbabd2f0b25357681dcb1393abd51d62f8d9fe6cb88537a1033fdbff25f89edfac582126452deb472de375a3674847d6bde6687c52901e963c3b96ff39b4ec73298fea9db72c7c9963dd06982410fbbfa252223c774e20825ff00d452f3630e751de25ea15af4b4fca83efa64232e11b3a368a566e,gx-no-cache=1494274879623 HTTP/1.1" 200 297
186.67.172.234 - - [08/May/2017:17:20:21 -0300] "GET /cormun/servlet/solicitudot?e837074bf8a7d3d7d6ab77ad3f100347da82a66b6a1a04fac2c1a1e33b7276f7a633308d26bcdec639a52ecb7bc455645372aa69d18039d6d44d088b12c5fb82410f31d65a2dcc789bf01714c7f91828cdb43aeab3fbd9bb428cbc3b0fcd04cffad29d2b935dc8ab60031ce4470bd4a107722957b33eb16e5d00d9293f268c64227a3d23f481a827406e901265d698eaee568ee1eeff4e68024dbbcefaa31a4f81e5cea2e6d460b496512c8384966b6bd04aa4b6b5b9128473dae266ccfaa7843906946e232d70fecee09721d25c6018ccd077cb4f54293e86c711d07b2c1d8831588d0728be1e1f212455536f3cf925e4778edd4c3c2f73f506d66871b2ac3178649f014f2732527345e665aae7a20502e0f17e5dfc6226f6e2d9882e9c8d127c4b806867e10601dc2b5e8c7267aff94130f02d5c35fa9ea60b018787cc9e543349c35ad735086f8a6cf2d993b0d761c3104b24136dbee5407ec0aad4da8e4288d03d391e12c8bd6afc4ba5e0ced93d6d9e0342322bf547581aed36ef5b84bd05faa5253e62ec43a10f443e8181173c,gx-no-cache=1494274879718 HTTP/1.1" 200 30
192.168.10.96 - - [08/May/2017:17:20:22 -0300] "POST /cormun/servlet/trsolicitudgral?be92778d2f57cca3f7dbad748a5a3ade,,gx-no-cache=1494278087015 HTTP/1.1" 200 115
192.168.10.96 - - [08/May/2017:17:20:22 -0300] "GET /cormun/servlet/solicitudotlog?INS,2017,6358,0,REC, HTTP/1.1" 200 6052
192.168.10.96 - - [08/May/2017:17:20:22 -0300] "GET /cormun/servlet/solicitudotlog?INS,2017,6358,0,REC, HTTP/1.1" 200 6052
192.168.10.96 - - [08/May/2017:17:20:23 -0300] "GET /cormun/servlet/solicitudotlog?b1e7d79bf99c976691803d5c55d1daeee2535662eeb083f52929c7bc848ab3f9518ef2f37e34a43154697c40f7aa3203eee68c51c259b772d3a7b3f0bb0e84b49cfe1837e7991a35a337a62e9dd3199189b621230d8e01e6049ab6537d3e273a5cf7e4f464fbaab9691abdd9a528a6fa9afab2369a003599a4a459b9198bb95b269a81545ec2effb4bae5b373efa73a0fbf6704aa9153103b1fe5198a31d8a09,gx-no-cache=1494278088067 HTTP/1.1" 200 94
186.67.172.234 - - [08/May/2017:17:20:24 -0300] "POST /cormun/servlet/solicitudot?gx-no-cache=1494274882965 HTTP/1.1" 200 30
186.67.172.234 - - [08/May/2017:17:20:29 -0300] "POST /cormun/servlet/solicitudot?gx-no-cache=1494274887571 HTTP/1.1" 200 235
186.67.172.234 - - [08/May/2017:17:20:29 -0300] "POST /cormun/servlet/solicitudot?gx-no-cache=1494274887618 HTTP/1.1" 200 38
192.168.10.96 - - [08/May/2017:17:20:33 -0300] "POST /cormun/servlet/solicitudotlog?be92778d2f57cca3f7dbad748a5a3ade,INS,2017,6358,0,REC,,gx-no-cache=1494278098009 HTTP/1.1" 200 93
192.168.10.96 - - [08/May/2017:17:20:33 -0300] "GET /cormun/servlet/hpexe_return? HTTP/1.1" 200 1027
192.168.10.96 - - [08/May/2017:17:20:33 -0300] "GET /cormun/servlet/trsolicitudgral? HTTP/1.1" 200 10519
192.168.10.96 - - [08/May/2017:17:20:33 -0300] "GET /cormun/servlet/trsolicitudgral? HTTP/1.1" 200 10515
192.168.10.96 - - [08/May/2017:17:20:36 -0300] "GET /cormun/servlet/solicitudgral?UPD,2017,6358, HTTP/1.1" 200 12134
192.168.10.96 - - [08/May/2017:17:20:37 -0300] "GET /cormun/servlet/solicitudgral?UPD,2017,6358, HTTP/1.1" 200 12143
192.168.10.96 - - [08/May/2017:17:20:37 -0300] "POST /cormun/servlet/solicitudgral?gx-no-cache=1494278102787 HTTP/1.1" 200 3173
192.168.10.96 - - [08/May/2017:17:20:37 -0300] "GET /cormun/servlet/solicitudgral?b1e7d79bf99c976691803d5c55d1daee40548b3ee643de326a7167d049865ef5c0091232e5f2135508abf92211fdac3d4eeb6193e393afb3817c9438e6368470c79484ac4fa29c3fe44ddbadc99bdf95f0952d9d77c6f1ed73c9bb99a4583cfc7d14d9ec171959f82e3a4ac598025312dc586ecdb0f1437a0c23db29f859e12c9ebd2953e23c7a85f52fe4fcc3d7b210cc7a63d5500c4e4ede8a3308eb6a5bda492c98a907412a77bfcd1f99511cf952d2093324568266b54df42c490445f759f020a40e8bf40f53e610cc2d17bcc7b85f9a084cb1cee98c2220e6791e5a714358c59494ebfab722c31273f871447ae36c0db9e715ca88a7ff42032a3d3c544eb6e772bcaf9be8b9acd999c489db1e06ad38a5f95f324f026588986866fb5e2ac72d93df20056f58aee9782524f240ffd5ea42aa1847676c92551912183ddf7f565db727936a898df62508f3b3f49916,gx-no-cache=1494278102924 HTTP/1.1" 200 257
201.236.61.48 - - [08/May/2017:17:20:38 -0300] "POST /cormun/servlet/trlicencias?901403557d59db79b17f01116a4578ef,,gx-no-cache=1494274901417 HTTP/1.1" 200 4098
192.168.10.96 - - [08/May/2017:17:20:38 -0300] "GET /cormun/servlet/solicitudgral?b1e7d79bf99c976691803d5c55d1daeed98dc572881f2fa121ba526353427b1bd475555b6a338110905f67181cdb97f8dcb6ad210a19cb96e063426a665988cb8f4cb53b4c8681bf360be259f5b9a141dedc6eca2249d1ea911d02854fc7a8bd57c7cf231be63ac9f310342382456e7c249e37c4504b8a6dcb3cc56014ca9fb7f79f33e5241c9cd41843616fdb167a5ed68349cc692aa4fcca9bcbe908116784cab602c6ca01696b8292142fbd4a2da5a0ab13444a554830617acb5a56eb12ef979685c79889ac00d73b5322bbc0b30f43df3160e6cb370f9459ccd88f30050591d51d2ada45300a35bf56a11f1298ed09fd0fa09187cab7717ce6ff31b66ac346fc71374aed2e4a2ac60c54e3941df22484de7eca776fbb22f7236fe1d668eef42d0ca977d9ce3f60a6222c53cc4c54ec22317e5cc48416af30a0f42c186fccdb073cab7db3bc1c33cecc6233834b07c575efe39814b058d093ed7f183aecb6feca177658037fae25654bb0fa1f539fe7909c720082d87c48b5592e4b1054466e87bf3d4bc76078bbe34d43d093ac24c46414d76063f1bc38a8e8838ce64e428bae48d6c7cd18e5584587ca2331e6ebb52c02d52114e3f4734b599452dc3d237055e40b8e7bbb9332250bc44e33f9cd41b1cdb56d8042b3b0371ab012b1c800d76fd9e58e1b435567abf7684d4808b8e10b2ec4bcc531b5331b4933a5ec1fff02b531302ebfa83c9930c5c93e5e561d61ca2687b30aeb3d444f2a41d02ffc74aba37fc50d5fbee8f460fdc78de0586e,gx-no-cache=1494278103916 HTTP/1.1" 200 48
192.168.10.96 - - [08/May/2017:17:20:39 -0300] "POST /cormun/servlet/solicitudgral?be92778d2f57cca3f7dbad748a5a3ade,UPD,2017,6358,,gx-no-cache=1494278103971 HTTP/1.1" 200 10663
192.168.10.96 - - [08/May/2017:17:20:39 -0300] "GET /cormun/servlet/solicitudgral?b1e7d79bf99c976691803d5c55d1daee59695362f2ca73adc4d1c9d8f7da7edd1e74143c69a319bfa366331a989a0300febf5d5b40625d06bd96a8b8cf28983d55330a22586507a2f2f34f172b00d8799f1306bd1adab4ff6e1601f3b4a0b9d31225218bea46cc403d9950ca36f24201c71dd71aa867ef62f0b517cfa4c0234a32d9a8a23e2b5194fb4518abc14681aa3fb8100ae93b5247985c1de483b8a664,gx-no-cache=1494278104157 HTTP/1.1" 200 29
192.168.10.96 - - [08/May/2017:17:20:39 -0300] "POST /cormun/servlet/solicitudgral?gx-no-cache=1494278104172 HTTP/1.1" 200 1255
192.168.10.96 - - [08/May/2017:17:20:39 -0300] "POST /cormun/servlet/solicitudgral?gx-no-cache=1494278104198 HTTP/1.1" 200 1159
201.236.61.48 - - [08/May/2017:17:20:44 -0300] "POST /cormun/servlet/trlicencias?901403557d59db79b17f01116a4578ef,,gx-no-cache=1494274907940 HTTP/1.1" 200 5656
192.168.10.96 - - [08/May/2017:17:20:47 -0300] "POST /cormun/servlet/solicitudgral?be92778d2f57cca3f7dbad748a5a3ade,UPD,2017,6358,,gx-no-cache=1494278112286 HTTP/1.1" 200 93
192.168.10.96 - - [08/May/2017:17:20:47 -0300] "GET /cormun/servlet/hpexe_return? HTTP/1.1" 200 1017
192.168.10.96 - - [08/May/2017:17:20:47 -0300] "GET /cormun/servlet/trsolicitudgral HTTP/1.1" 200 10517
192.168.10.96 - - [08/May/2017:17:20:48 -0300] "GET /cormun/servlet/trsolicitudgral HTTP/1.1" 200 10513
201.236.61.48 - - [08/May/2017:17:20:58 -0300] "POST /cormun/servlet/trlicencias?901403557d59db79b17f01116a4578ef,,gx-no-cache=1494274922245 HTTP/1.1" 200 7973
186.67.172.234 - - [08/May/2017:17:21:08 -0300] "GET /cormun/servlet/solicitudot?e837074bf8a7d3d7d6ab77ad3f100347b6f8fe2b7b1436220ca64df39d3246d98537a1033fdbff25f89edfac582126452deb472de375a3674847d6bde6687c52e9841ebeac841dd595bdd9da85288309,gx-no-cache=1494274926428 HTTP/1.1" 200 29
186.67.172.234 - - [08/May/2017:17:21:08 -0300] "POST /cormun/servlet/solicitudot?gx-no-cache=1494274926491 HTTP/1.1" 200 709
186.67.172.234 - - [08/May/2017:17:21:10 -0300] "POST /cormun/servlet/solicitudot?gx-no-cache=1494274928348 HTTP/1.1" 200 1162
186.103.159.43 - - [08/May/2017:17:21:12 -0300] "GET /cormun/servlet/solicitudot?INS,0,0, HTTP/1.1" 200 12575
186.103.159.43 - - [08/May/2017:17:21:13 -0300] "GET /cormun/servlet/solicitudot?INS,0,0, HTTP/1.1" 200 12580
201.236.61.48 - - [08/May/2017:17:21:19 -0300] "POST /cormun/servlet/trlicencias?901403557d59db79b17f01116a4578ef,,gx-no-cache=1494274942933 HTTP/1.1" 200 5653
186.67.172.234 - - [08/May/2017:17:21:22 -0300] "GET /cormun/static/menuarrow.gif HTTP/1.1" 404 1015
186.103.159.43 - - [08/May/2017:17:21:32 -0300] "POST /cormun/servlet/solicitudot?gx-no-cache=1494274953008 HTTP/1.1" 200 3092
186.103.159.43 - - [08/May/2017:17:21:33 -0300] "POST /cormun/servlet/solicitudot?e721a600584ea4e41bda1f84c9fac5c2,INS,0,0,,gx-no-cache=1494274953209 HTTP/1.1" 200 9686
201.236.61.48 - - [08/May/2017:17:21:34 -0300] "GET /cormun/servlet/trpermisosgoce? HTTP/1.1" 200 8496
201.236.61.48 - - [08/May/2017:17:21:36 -0300] "GET /cormun/servlet/trpermisosgoce? HTTP/1.1" 200 8498
186.103.159.43 - - [08/May/2017:17:21:37 -0300] "GET /cormun/servlet/solicitudot?ed0ba03bfd20ba37b5d3f198215470c950e4d23257c20cf41cdcd4b481164f34930edbef63aae17bf716fd8c0e92404d,gx-no-cache=1494274957668 HTTP/1.1" 200 30
186.67.172.234 - - [08/May/2017:17:21:44 -0300] "GET /cormun/servlet/solicitudot?e837074bf8a7d3d7d6ab77ad3f10034797ea6a4b4351fbe9f93952f37b6634b61009fc15fc93b87abb1de44368afa92aac28bdf2dabe7ef3a164a7a5e49425cd2deb472de375a3674847d6bde6687c52f3ea976aa3f445567a98ccd7c2ec2818970bdeb99451356c99b22e5a8cc1d252bd16d9771b1365054d610209b7873ebc07f87b683b12eb001a583b1fd0e8aaa353a9ae2179b4f05768868654649fc23180ced7f76d7e20247427f4e3921bfa57,gx-no-cache=1494274962700 HTTP/1.1" 200 30
201.236.61.48 - - [08/May/2017:17:21:57 -0300] "GET /cormun/servlet/permisogoce?INS,0,,, HTTP/1.1" 200 6747
201.236.61.48 - - [08/May/2017:17:21:58 -0300] "GET /cormun/servlet/permisogoce?INS,0,,, HTTP/1.1" 200 6747
201.236.61.48 - - [08/May/2017:17:22:01 -0300] "GET /cormun/servlet/prfichaempleado?,MD,,gxPopupLevel%3D0%3B HTTP/1.1" 200 8794
200.83.64.240 - - [08/May/2017:17:22:04 -0300] "GET /cormunbeta/servlet/trsolicitudsaludot? HTTP/1.1" 200 9254
200.83.64.240 - - [08/May/2017:17:22:05 -0300] "GET /cormunbeta/servlet/trsolicitudsaludot? HTTP/1.1" 200 9253
200.83.64.240 - - [08/May/2017:17:22:06 -0300] "GET /cormunbeta/servlet/solicitudsaludot?INS,0,0, HTTP/1.1" 200 12965
200.83.64.240 - - [08/May/2017:17:22:07 -0300] "GET /cormunbeta/servlet/solicitudsaludot?INS,0,0, HTTP/1.1" 200 12969
200.83.64.240 - - [08/May/2017:17:22:08 -0300] "GET /cormunbeta/servlet/solicitudsaludot?bd733a8b010b52387fda12d26d4987d46c2dacf81a2e5970cbd7dbaf2df781c7,gx-no-cache=1494278583967 HTTP/1.1" 200 30
186.67.172.234 - - [08/May/2017:17:22:08 -0300] "POST /cormun/servlet/solicitudot?ab9703085e78a6873cd10394b2f5636a,INS,0,0,,gx-no-cache=1494274986551 HTTP/1.1" 200 11272
201.236.61.48 - - [08/May/2017:17:22:12 -0300] "POST /cormun/servlet/prfichaempleado?901403557d59db79b17f01116a4578ef,,MD,,gxPopupLevel%3D0%3B,gx-no-cache=1494274995613 HTTP/1.1" 200 3396
201.236.61.48 - - [08/May/2017:17:22:17 -0300] "GET /cormun/servlet/prfichaempleado?,MD,,gxPopupLevel%3D0%3B HTTP/1.1" 200 8794
200.83.64.240 - - [08/May/2017:17:22:20 -0300] "POST /cormunbeta/servlet/solicitudsaludot?0f375cabce12d430d022969ca0969756,INS,0,0,,gx-no-cache=1494278596128 HTTP/1.1" 200 90
200.83.64.240 - - [08/May/2017:17:22:20 -0300] "GET /cormunbeta/servlet/hpexe_link HTTP/1.1" 200 971
200.83.64.240 - - [08/May/2017:17:22:20 -0300] "GET /cormunbeta/servlet/trsolicitudsaludot HTTP/1.1" 200 9254
200.83.64.240 - - [08/May/2017:17:22:21 -0300] "GET /cormunbeta/servlet/trsolicitudsaludot HTTP/1.1" 200 9253
201.236.61.48 - - [08/May/2017:17:22:24 -0300] "GET /cormun/servlet/permisogoce?8507e6b6d637ec9ddb4c0ce673c0c27b41cbe190ccfe2e1ac2cf28b92ab18f200e92bcd2afb46bcdc7087e654fb954fe,gx-no-cache=1494275007898 HTTP/1.1" 200 59
201.236.61.48 - - [08/May/2017:17:22:24 -0300] "GET /cormun/static/menuarrow.gif HTTP/1.1" 404 1015
200.83.64.240 - - [08/May/2017:17:22:27 -0300] "GET /cormunbeta/servlet/solicitudsaludot?UPD,2016,2926, HTTP/1.1" 200 14589
200.83.64.240 - - [08/May/2017:17:22:28 -0300] "GET /cormunbeta/servlet/solicitudsaludot?UPD,2016,2926, HTTP/1.1" 200 14599
200.83.64.240 - - [08/May/2017:17:22:28 -0300] "GET /cormunbeta/servlet/solicitudsaludot?bd733a8b010b52387fda12d26d4987d4b10c24b4e0ee80cbf2aa3731b154ba2c4c53f4d21cd976da81ddf52a4683869f,gx-no-cache=1494278604648 HTTP/1.1" 200 30
200.83.64.240 - - [08/May/2017:17:22:29 -0300] "POST /cormunbeta/servlet/solicitudsaludot?gx-no-cache=1494278604812 HTTP/1.1" 200 3070
200.83.64.240 - - [08/May/2017:17:22:29 -0300] "GET /cormunbeta/servlet/solicitudsaludot?bd733a8b010b52387fda12d26d4987d49628c72a3d6b018f54559895d5bb9af00fa77924014a8b32ef0e0fc3518118e4,gx-no-cache=1494278605119 HTTP/1.1" 200 30
200.83.64.240 - - [08/May/2017:17:22:29 -0300] "POST /cormunbeta/servlet/solicitudsaludot?gx-no-cache=1494278605217 HTTP/1.1" 200 258
200.83.64.240 - - [08/May/2017:17:22:29 -0300] "GET /cormunbeta/servlet/solicitudsaludot?bd733a8b010b52387fda12d26d4987d4d93b947d27afb5866a3f460571c0950952d7431e5ec0ba439b38df51b57973c2faa6947937fca6812135a96d4e9a5fe981503ed70be2a01cfce914343d37ca5f47c6a52004a4866933e139eee6e55d14c510687f067ef8cd7249b2e6bc5f48c260bd8c38d8c07e685e31b91c77547560a7f10f3e8582be362e2ad7b9a230c52c81714dfdc398da2d0b1900aed3710aeee15c6809cc85a92ef2356dbb35609b1f244f45d2382a1cec92f930f084e7a550de04eb8ab98003d9c6d0c184837b4c427474dca5525b6f097dd7c30142633995a238f28d68eb32d97060d3335b72a83e,gx-no-cache=1494278605309 HTTP/1.1" 200 30
200.83.64.240 - - [08/May/2017:17:22:29 -0300] "POST /cormunbeta/servlet/solicitudsaludot?gx-no-cache=1494278605391 HTTP/1.1" 200 30
200.83.64.240 - - [08/May/2017:17:22:29 -0300] "POST /cormunbeta/servlet/solicitudsaludot?gx-no-cache=1494278605477 HTTP/1.1" 200 1346
200.83.64.240 - - [08/May/2017:17:22:29 -0300] "POST /cormunbeta/servlet/solicitudsaludot?gx-no-cache=1494278605576 HTTP/1.1" 200 41
201.236.61.48 - - [08/May/2017:17:22:32 -0300] "GET /cormun/servlet/permisogoce?8507e6b6d637ec9ddb4c0ce673c0c27b41f4d64f11e92b2a868111392b3c173ae4cbec6da7f98ccc4761c6f7a930eca57f2d818426c8b5c32b3d526b698914f0,gx-no-cache=1494275016329 HTTP/1.1" 200 46
201.236.61.48 - - [08/May/2017:17:22:44 -0300] "POST /cormun/servlet/permisogoce?901403557d59db79b17f01116a4578ef,INS,0,,,,gx-no-cache=1494275027746 HTTP/1.1" 200 93
201.236.61.48 - - [08/May/2017:17:22:44 -0300] "GET /cormun/servlet/hpexe_return? HTTP/1.1" 200 1010
201.236.61.48 - - [08/May/2017:17:22:45 -0300] "GET /cormun/servlet/trpermisosgoce HTTP/1.1" 200 8695
201.236.61.48 - - [08/May/2017:17:22:46 -0300] "GET /cormun/servlet/trpermisosgoce HTTP/1.1" 200 8691
186.67.172.234 - - [08/May/2017:17:22:49 -0300] "POST /cormun/servlet/solicitudot?gx-no-cache=1494275027309 HTTP/1.1" 200 1280
186.67.172.234 - - [08/May/2017:17:22:49 -0300] "POST /cormun/servlet/solicitudot?gx-no-cache=1494275027532 HTTP/1.1" 200 1162
186.67.172.234 - - [08/May/2017:17:22:49 -0300] "GET /cormun/servlet/solicitudot?e837074bf8a7d3d7d6ab77ad3f10034797ea6a4b4351fbe9f93952f37b6634b61009fc15fc93b87abb1de44368afa92aac28bdf2dabe7ef3a164a7a5e49425cd2deb472de375a3674847d6bde6687c52f3ea976aa3f445567a98ccd7c2ec2818970bdeb99451356c99b22e5a8cc1d252bd16d9771b1365054d610209b7873ebc07f87b683b12eb001a583b1fd0e8aaa353a9ae2179b4f05768868654649fc23180ced7f76d7e20247427f4e3921bfa57,gx-no-cache=1494275027634 HTTP/1.1" 200 30
186.67.172.234 - - [08/May/2017:17:22:50 -0300] "POST /cormun/servlet/solicitudot?ab9703085e78a6873cd10394b2f5636a,INS,0,0,,gx-no-cache=1494275027716 HTTP/1.1" 200 11329
200.83.64.240 - - [08/May/2017:17:22:59 -0300] "POST /cormunbeta/servlet/solicitudsaludot?0f375cabce12d430d022969ca0969756,UPD,2016,2926,,gx-no-cache=1494278635477 HTTP/1.1" 200 93
200.83.64.240 - - [08/May/2017:17:22:59 -0300] "GET /cormunbeta/servlet/hpexe_return? HTTP/1.1" 200 1021
200.83.64.240 - - [08/May/2017:17:23:00 -0300] "GET /cormunbeta/servlet/trsolicitudsaludot HTTP/1.1" 200 9256
200.83.64.240 - - [08/May/2017:17:23:01 -0300] "GET /cormunbeta/servlet/trsolicitudsaludot HTTP/1.1" 200 9253
186.67.172.234 - - [08/May/2017:17:23:15 -0300] "POST /cormun/servlet/solicitudot?ab9703085e78a6873cd10394b2f5636a,INS,0,0,,gx-no-cache=1494275053341 HTTP/1.1" 200 93
186.67.172.234 - - [08/May/2017:17:23:15 -0300] "GET /cormun/servlet/hpexe_return? HTTP/1.1" 200 1007
186.67.172.234 - - [08/May/2017:17:23:15 -0300] "GET /cormun/static/gxcfg.js?2016101716175148 HTTP/1.1" 304 -
186.67.172.234 - - [08/May/2017:17:23:15 -0300] "GET /cormun/servlet/trsolicitudot HTTP/1.1" 200 8259
186.67.172.234 - - [08/May/2017:17:23:15 -0300] "GET /cormun/servlet/trsolicitudot HTTP/1.1" 200 8255
186.67.172.234 - - [08/May/2017:17:23:19 -0300] "GET /cormun/servlet/solicitudot?INS,0,0, HTTP/1.1" 200 12850
186.67.172.234 - - [08/May/2017:17:23:19 -0300] "GET /cormun/servlet/solicitudot?INS,0,0, HTTP/1.1" 200 12855
201.236.61.48 - - [08/May/2017:17:23:23 -0300] "GET /cormun/servlet/apermisogoceprn?7398710,P,20170508181709,PU HTTP/1.1" 200 1654
186.67.172.234 - - [08/May/2017:17:23:35 -0300] "POST /cormun/servlet/solicitudot?gx-no-cache=1494275073602 HTTP/1.1" 200 3185
186.67.172.234 - - [08/May/2017:17:23:35 -0300] "POST /cormun/servlet/solicitudot?ab9703085e78a6873cd10394b2f5636a,INS,0,0,,gx-no-cache=1494275073758 HTTP/1.1" 200 9944
186.67.172.234 - - [08/May/2017:17:23:41 -0300] "GET /cormun/servlet/solicitudot?e837074bf8a7d3d7d6ab77ad3f100347e21ca3b9c9089425804acdec0550e7e94b8c7e755dc260b16e3f5b409611cefa,gx-no-cache=1494275079321 HTTP/1.1" 200 30
186.67.172.234 - - [08/May/2017:17:23:41 -0300] "POST /cormun/servlet/solicitudot?gx-no-cache=1494275079383 HTTP/1.1" 200 256
186.67.172.234 - - [08/May/2017:17:23:41 -0300] "GET /cormun/servlet/solicitudot?e837074bf8a7d3d7d6ab77ad3f100347da82a66b6a1a04fac2c1a1e33b7276f73462a477c71d26411f615d3cd306b3305372aa69d18039d6d44d088b12c5fb82410f31d65a2dcc789bf01714c7f91828cdb43aeab3fbd9bb428cbc3b0fcd04cffad29d2b935dc8ab60031ce4470bd4a107722957b33eb16e5d00d9293f268c64227a3d23f481a827406e901265d698eaee568ee1eeff4e68024dbbcefaa31a4f81e5cea2e6d460b496512c8384966b6bd04aa4b6b5b9128473dae266ccfaa7843906946e232d70fecee09721d25c6018ccd077cb4f54293e86c711d07b2c1d8831588d0728be1e1f212455536f3cf925e4778edd4c3c2f73f506d66871b2ac3178649f014f2732527345e665aae7a20502e0f17e5dfc6226f6e2d9882e9c8d127c4b806867e10601dc2b5e8c7267aff94130f02d5c35fa9ea60b018787cc9e54eb03d7c694d0add8d59a3ac17a91d9067990ae25bcfe36ba43b363121abb85a94c33726750d76390a0e7c589626cad30a17a728cf3572bbfd7186ddc6f0f4a58,gx-no-cache=1494275079444 HTTP/1.1" 200 30
186.67.172.234 - - [08/May/2017:17:23:43 -0300] "POST /cormun/servlet/solicitudot?gx-no-cache=1494275081827 HTTP/1.1" 200 30
186.67.172.234 - - [08/May/2017:17:23:47 -0300] "POST /cormun/servlet/solicitudot?gx-no-cache=1494275085200 HTTP/1.1" 200 235
186.67.172.234 - - [08/May/2017:17:23:47 -0300] "POST /cormun/servlet/solicitudot?gx-no-cache=1494275085250 HTTP/1.1" 200 38
186.67.172.234 - - [08/May/2017:17:23:56 -0300] "GET /cormun/servlet/solicitudot?e837074bf8a7d3d7d6ab77ad3f100347b6f8fe2b7b1436220ca64df39d3246d98537a1033fdbff25f89edfac58212645cc0758de1d755c7babb79d2a9c545c7d455d47e744f7b155b6cd3391475d01f3517f1f2d5b2491dfaece3f01683cb3149265a78d0c0b0be2b83a5973eee534ba,gx-no-cache=1494275095007 HTTP/1.1" 200 29
186.67.172.234 - - [08/May/2017:17:23:56 -0300] "POST /cormun/servlet/solicitudot?gx-no-cache=1494275095079 HTTP/1.1" 200 709
186.67.172.234 - - [08/May/2017:17:23:58 -0300] "POST /cormun/servlet/solicitudot?gx-no-cache=1494275096451 HTTP/1.1" 200 1162
157.55.39.126 - - [08/May/2017:17:24:08 -0300] "GET /cormun/servlet/trlicenciaspermisosadjuntos?9335247,20170228000000,L, HTTP/1.1" 200 6093
186.103.159.43 - - [08/May/2017:17:24:10 -0300] "POST /cormun/servlet/solicitudot?gx-no-cache=1494275110229 HTTP/1.1" 200 255
186.67.172.234 - - [08/May/2017:17:24:14 -0300] "GET /cormun/static/menuarrow.gif HTTP/1.1" 404 1015
186.103.159.43 - - [08/May/2017:17:24:17 -0300] "GET /cormun/servlet/solicitudot?ed0ba03bfd20ba37b5d3f198215470c9a81977cd6b6a31bb08c330d8864a4233eb733ba81651f8468c636bd20af118aa325735516af39b9e396f44671b39a32d838834b50f2cdc3ea169df5b9b17a4fc31d85620aafef0eccf0bb343b5536abf36970019b7b452475cebbf128fe88f841769550d196f745a20c3e11480c3e82dbfc49baa9d9eecc84f1bd6be1522963a36307dcfcfa10dceba23c182e18de556f9e1fb1d92d6c8e83e1a8c71ca2b61482f80ff9406ba14c1eab18bf6089b9ff1bc292d57f80e650aab4a2f3608fe3ab824b38813cbb50468025187ace5fcf40be3ff6b77a521b54689de1eb78ce4b05d822d1cf276a591becbdb0bf87218f91314c134a6f328c666a8eb73f3d68cb93cd75e5ee582f077eaa834d8fa75364832484c6eb894f48b2559742f02c35800c2e3df3740aaf5dbfd3d83b3d6b9af8162bd96e025dfbbee827051950dd9efacf2ecbfd2c8c92afbcbf056d64447229f8a977407ee56209e2d378a9989f69a68c83d8b8b2cd553c8e0a8212938b6e31d2d,gx-no-cache=1494275115894 HTTP/1.1" 200 30
186.67.172.234 - - [08/May/2017:17:24:32 -0300] "GET /cormun/servlet/solicitudot?e837074bf8a7d3d7d6ab77ad3f100347f1c62db56bfc475d472fd5c78a736c8c309fdef351c93442460d37c8c7146db3ac28bdf2dabe7ef3a164a7a5e49425cd2deb472de375a3674847d6bde6687c52f3ea976aa3f445567a98ccd7c2ec2818970bdeb99451356c99b22e5a8cc1d252bd16d9771b1365054d610209b7873ebc07f87b683b12eb001a583b1fd0e8aaa353a9ae2179b4f05768868654649fc23180ced7f76d7e20247427f4e3921bfa57,gx-no-cache=1494275130524 HTTP/1.1" 200 30
157.55.39.138 - - [08/May/2017:17:24:41 -0300] "GET /cormun//static/Resources/PXToolsGridDelete.png HTTP/1.1" 200 357
157.55.39.126 - - [08/May/2017:17:24:45 -0300] "GET /cormun/servlet/trlicenciaspermisosadjuntos?9335247,20170228000000,L, HTTP/1.1" 200 6092
186.103.159.43 - - [08/May/2017:17:24:48 -0300] "POST /cormun/servlet/solicitudot?gx-no-cache=1494275147719 HTTP/1.1" 200 30
186.103.159.43 - - [08/May/2017:17:24:58 -0300] "POST /cormun/servlet/solicitudot?gx-no-cache=1494275158349 HTTP/1.1" 200 235
186.103.159.43 - - [08/May/2017:17:24:58 -0300] "POST /cormun/servlet/solicitudot?gx-no-cache=1494275158503 HTTP/1.1" 200 38
176.195.239.162 - - [08/May/2017:17:25:10 -0300] "GET /cormun/servlet/hhome HTTP/1.1" 200 3323
176.195.239.162 - - [08/May/2017:17:25:11 -0300] "GET /cormun/static/SmoothNavMenu/resources/ddsmoothmenu.css?1012540 HTTP/1.1" 200 2223
176.195.239.162 - - [08/May/2017:17:25:11 -0300] "GET /cormun/static/SmoothNavMenu/resources/ddsmoothmenu-v.css?1012540 HTTP/1.1" 200 1188
5.228.44.228 - - [08/May/2017:17:25:11 -0300] "GET /cormun/servlet/hlogin HTTP/1.1" 200 1711
176.195.239.162 - - [08/May/2017:17:25:11 -0300] "GET /cormun/static/Shared/jqueryui/jquery-ui.min.css?1245370 HTTP/1.1" 200 30288
176.195.239.162 - - [08/May/2017:17:25:11 -0300] "GET /cormun/static/scaMessage/css/jquery.pnotify.default.css?1716380 HTTP/1.1" 200 1707
176.195.239.162 - - [08/May/2017:17:25:12 -0300] "GET /cormun/static/Resources/Spanish/PXTools.css?11294912 HTTP/1.1" 200 89042
176.195.239.162 - - [08/May/2017:17:25:12 -0300] "GET /cormun/static/gxtimezone.js?85251 HTTP/1.1" 200 5781
5.228.44.228 - - [08/May/2017:17:25:12 -0300] "GET /cormun/static/gxtimezone.js?85251 HTTP/1.1" 200 5781
176.195.239.162 - - [08/May/2017:17:25:12 -0300] "GET /cormun/static/gxcfg.js?201731711483497 HTTP/1.1" 200 953
188.32.237.254 - - [08/May/2017:17:25:12 -0300] "GET /cormun/servlet/licenciaspermisos?UPD,16816675,L,20170502000000, HTTP/1.1" 200 6742
176.195.239.162 - - [08/May/2017:17:25:12 -0300] "GET /cormun/static/PXToolsJavascripts/pexe_cookies.js HTTP/1.1" 200 792
5.228.44.228 - - [08/May/2017:17:25:12 -0300] "GET /cormun/static/Resources/Spanish/PXTools.css?11294912 HTTP/1.1" 200 89042
176.195.239.162 - - [08/May/2017:17:25:13 -0300] "GET /cormun/static/PXToolsJavascripts/pexe_grid.js HTTP/1.1" 200 7559
188.32.237.254 - - [08/May/2017:17:25:13 -0300] "GET /cormun/static/calendar-system.css?75620 HTTP/1.1" 200 5572
176.195.239.162 - - [08/May/2017:17:25:13 -0300] "GET /cormun/static/PXToolsJavascripts/pexe_windows.js HTTP/1.1" 200 15207
176.195.239.162 - - [08/May/2017:17:25:13 -0300] "GET /cormun/static/PXToolsJavascripts/pexe_griddivfix.js HTTP/1.1" 200 6644
176.195.239.162 - - [08/May/2017:17:25:13 -0300] "GET /cormun/static/PXToolsJavascripts/pexe_link.js HTTP/1.1" 200 5671
5.228.44.228 - - [08/May/2017:17:25:13 -0300] "GET /cormun/static/gxcfg.js?201741110203197 HTTP/1.1" 200 953
188.32.237.254 - - [08/May/2017:17:25:13 -0300] "GET /cormun/static/Resources/Spanish/PXTools.css?11294912 HTTP/1.1" 200 89042
176.195.239.162 - - [08/May/2017:17:25:13 -0300] "GET /cormun/static/gxgral.js?85251 HTTP/1.1" 200 384558
176.195.239.162 - - [08/May/2017:17:25:13 -0300] "GET /cormun/static/PXToolsJavascripts/pexe_menudivfix.js HTTP/1.1" 200 333
186.67.172.234 - - [08/May/2017:17:25:13 -0300] "POST /cormun/servlet/solicitudot?ab9703085e78a6873cd10394b2f5636a,INS,0,0,,gx-no-cache=1494275171959 HTTP/1.1" 200 93
186.67.172.234 - - [08/May/2017:17:25:14 -0300] "GET /cormun/servlet/hpexe_return? HTTP/1.1" 200 1007
176.195.239.162 - - [08/May/2017:17:25:14 -0300] "GET /cormun/static/PXToolsJavascripts/pexe_menus.js HTTP/1.1" 200 1286
188.32.237.254 - - [08/May/2017:17:25:14 -0300] "GET /cormun/static/Shared/jqueryui/jquery-ui.min.css?1245370 HTTP/1.1" 200 30288
186.67.172.234 - - [08/May/2017:17:25:14 -0300] "GET /cormun/servlet/trsolicitudot HTTP/1.1" 200 8581
176.195.239.162 - - [08/May/2017:17:25:14 -0300] "GET /cormun/static/PXToolsJavascripts/pexe_layers.js HTTP/1.1" 200 4114
186.67.172.234 - - [08/May/2017:17:25:14 -0300] "GET /cormun/servlet/trsolicitudot HTTP/1.1" 200 8577
5.228.44.228 - - [08/May/2017:17:25:14 -0300] "GET /cormun/static/gxgral.js?85251 HTTP/1.1" 200 384558
176.195.239.162 - - [08/May/2017:17:25:14 -0300] "GET /cormun/static/PXToolsJavascripts/pexe_oav.js HTTP/1.1" 200 645
176.195.239.162 - - [08/May/2017:17:25:14 -0300] "GET /cormun/static/PXToolsJavascripts/pexe_oavdivfix.js HTTP/1.1" 200 639
5.228.44.228 - - [08/May/2017:17:25:14 -0300] "GET /cormun/static/messages.spa.js?85251 HTTP/1.1" 200 30736
188.32.237.254 - - [08/May/2017:17:25:14 -0300] "GET /cormun/static/SmoothNavMenu/resources/ddsmoothmenu.css?1012540 HTTP/1.1" 200 2223
188.32.237.254 - - [08/May/2017:17:25:14 -0300] "GET /cormun/static/SmoothNavMenu/resources/ddsmoothmenu-v.css?1012540 HTTP/1.1" 200 1188
176.195.239.162 - - [08/May/2017:17:25:14 -0300] "GET /cormun/static/PXToolsJavascripts/pexe_picture.js HTTP/1.1" 200 689
176.195.239.162 - - [08/May/2017:17:25:15 -0300] "GET /cormun/static/PXToolsJavascripts/pexe_popup.js HTTP/1.1" 200 13458
