192.168.10.96 - - [08/May/2017:09:19:51 -0300] "GET /cormun/servlet/solicitudot?e67bca57e42cc9cb516f62a1aefaf48e3fa50339dc51ae11fe2d748a964cab47a18a543f31d05e4e7ac9c7a834fc59fc380f5ccc30f2bdf72a2f9725e5537bb08b408d2ce26fc2d21b01403dee99b611107b53e7385594cf103c30ab81a9074f9e19263449aae91a5f3fd60dff1783218f3e75e66fb10eaf9e37c89d97c7e38a5828b9338b0baf9146c2ca964a813f4fa39b5053eb0c1b05dfcb0824eee9de4d5a1ca60e0bbf546773badae4309c16cb1acc79ce1ce6327d3e439802e9edb9402f979aa3fef63c5a3651541e82f733bc02cb94e7750ba2ff10f4daa245bcc220fe21ad0614cf45854e4e04a35b0f90ee48ae35bf30eb8aeba71cb2ff198c723544a67ffb7e97a2552207715695ec01c9642ef957102f08b84bbebcb855a24611b7b9a4c522b2dc38f14125c890540ee4a7181bd2d35c2a0021aac8e10941bc0f7409d9662443b870b16462221d1c35e4c45e0a7f90c3999375d0af1e4404ac7380d4781faf152043d4fea2e286cedf2774ccff028688616fce4e28f43cd45b2a4bf8cd2863e7cb21a1278204edebb9da,gx-no-cache=1494249256275 HTTP/1.1" 200 30
186.103.158.250 - - [08/May/2017:09:19:53 -0300] "POST /cormun/servlet/trsolicitudot?734299df485b09a23a68cf7f781dbfba,gx-no-cache=1494246053881 HTTP/1.1" 200 106
186.103.158.250 - - [08/May/2017:09:19:54 -0300] "GET /cormun/servlet/solicitudot?UPD,2017,6345, HTTP/1.1" 200 14267
186.103.158.250 - - [08/May/2017:09:19:55 -0300] "GET /cormun/servlet/solicitudot?UPD,2017,6345, HTTP/1.1" 200 14276
186.103.158.250 - - [08/May/2017:09:19:55 -0300] "POST /cormun/servlet/solicitudot?gx-no-cache=1494246055839 HTTP/1.1" 200 3190
186.103.158.250 - - [08/May/2017:09:19:56 -0300] "POST /cormun/servlet/solicitudot?734299df485b09a23a68cf7f781dbfba,UPD,2017,6345,,gx-no-cache=1494246056114 HTTP/1.1" 200 10858
186.103.158.250 - - [08/May/2017:09:19:56 -0300] "GET /cormun/servlet/solicitudot?e375ae3811f1d1b3f289191f233b2cc75cf57259e6fb78fe9723da9bfb9a8e48d2d38d5fbb0b915dbcd2a5beaa0976cc,gx-no-cache=1494246056825 HTTP/1.1" 200 30
186.103.158.250 - - [08/May/2017:09:19:56 -0300] "POST /cormun/servlet/solicitudot?gx-no-cache=1494246056903 HTTP/1.1" 200 241
186.103.158.250 - - [08/May/2017:09:19:56 -0300] "GET /cormun/servlet/solicitudot?e375ae3811f1d1b3f289191f233b2cc71119b9877d73ecacf36306b14da5d7f44b2da1bae4cdc37a49b9f462c0ae6523f0188f2cb9d4da1bd8d3050c8f3c13a97c4380f64a9507ec6e7b6efd7ce4b14c3fe0a36b6f97a5a9844a0c81ef64e44ff8572b28d3cc7ba72b84dcd24ed7fd4702e2546d00a442b212a560632b6150e57ece7523a5e19435fd3193ce8e00b336b8810be584b5ca49b69ee33032863c6c2bf1088d098e4bc113f319e7361376509e12f1d80dfcd6a89bcd801119ea6dbc6372ee15407c3460050a655a299daa71eba973500764d5e246741d04b3dabc4f8026a904f2c91e6c82b1a7ca730706f068b9060ed40f55b270f3030a96dbc458bbbe42472e1da968ca8231c73345ed53c28535933421e16a7a739c805d5b3bfa26eed7e634b021ccccf0655a3eb5bf236c15fb8e7e361d5d68e3cfa933a848e376a636d28364f03b5786331e75c4f790b991b818614506616f26907965b330fb0b4ac6872f8571a2d7979bbaa51164c3ec78e52b5cf71fe0b4d6995386703034,gx-no-cache=1494246056960 HTTP/1.1" 200 30
186.103.158.250 - - [08/May/2017:09:19:56 -0300] "POST /cormun/servlet/solicitudot?gx-no-cache=1494246057002 HTTP/1.1" 200 30
186.103.158.250 - - [08/May/2017:09:19:57 -0300] "POST /cormun/servlet/solicitudot?gx-no-cache=1494246057073 HTTP/1.1" 200 1291
186.103.158.250 - - [08/May/2017:09:19:57 -0300] "POST /cormun/servlet/solicitudot?gx-no-cache=1494246057198 HTTP/1.1" 200 41
192.168.10.96 - - [08/May/2017:09:19:59 -0300] "POST /cormun/servlet/solicitudot?gx-no-cache=1494249264159 HTTP/1.1" 200 30
192.168.10.96 - - [08/May/2017:09:20:01 -0300] "GET /cormun/servlet/prfichaempleado?,MD,,gxPopupLevel%3D0%3B HTTP/1.1" 200 8788
192.168.10.96 - - [08/May/2017:09:20:09 -0300] "POST /cormun/servlet/prfichaempleado?94c192f894c392123cab4ed655e2b14c,,MD,,gxPopupLevel%3D0%3B,gx-no-cache=1494249274820 HTTP/1.1" 200 3401
192.168.10.96 - - [08/May/2017:09:20:12 -0300] "POST /cormun/servlet/solicitudot?gx-no-cache=1494249277359 HTTP/1.1" 200 1296
192.168.10.96 - - [08/May/2017:09:20:14 -0300] "GET /cormun/servlet/prlicenciaspermisos?11163519,L,,MD,,gxPopupLevel%3D0%3B HTTP/1.1" 200 7687
192.168.10.96 - - [08/May/2017:09:20:14 -0300] "GET /cormun/static/gxcfg.js?201741111445743 HTTP/1.1" 304 -
192.168.10.96 - - [08/May/2017:09:20:14 -0300] "GET /cormun/static/prlicenciaspermisos.js?201741111445890 HTTP/1.1" 304 -
186.103.158.250 - - [08/May/2017:09:20:15 -0300] "POST /cormun/servlet/solicitudot?gx-no-cache=1494246075557 HTTP/1.1" 200 30
186.103.158.250 - - [08/May/2017:09:20:15 -0300] "POST /cormun/servlet/solicitudot?gx-no-cache=1494246075617 HTTP/1.1" 200 1291
186.103.158.250 - - [08/May/2017:09:20:15 -0300] "POST /cormun/servlet/solicitudot?gx-no-cache=1494246075700 HTTP/1.1" 200 41
192.168.10.96 - - [08/May/2017:09:20:21 -0300] "POST /cormun/servlet/solicitudot?gx-no-cache=1494249286920 HTTP/1.1" 200 41
192.168.10.96 - - [08/May/2017:09:20:21 -0300] "GET /cormun/servlet/solicitudot?e67bca57e42cc9cb516f62a1aefaf48e60a23b50c1df895215be17fa155d0933f6b5a6d3ce5a3b77d27550064e414efed82e310c0ca161b3d8a8c08c84a59748e7db0c0c13bf5abec7ea5be8f4789f30e489dc03c51ef1ed43bb3d7d44692442b8b0cb11111c553314642c52f043df63,gx-no-cache=1494249286967 HTTP/1.1" 200 29
192.168.10.96 - - [08/May/2017:09:20:21 -0300] "POST /cormun/servlet/solicitudot?gx-no-cache=1494249286986 HTTP/1.1" 200 1280
192.168.10.96 - - [08/May/2017:09:20:21 -0300] "POST /cormun/servlet/solicitudot?gx-no-cache=1494249287019 HTTP/1.1" 200 1162
186.103.159.44 - - [08/May/2017:09:20:26 -0300] "POST /cormun/servlet/solicitudot?gx-no-cache=1494246085727 HTTP/1.1" 200 30
186.103.159.44 - - [08/May/2017:09:20:26 -0300] "POST /cormun/servlet/solicitudot?gx-no-cache=1494246085956 HTTP/1.1" 200 1296
186.103.159.44 - - [08/May/2017:09:20:26 -0300] "POST /cormun/servlet/solicitudot?gx-no-cache=1494246086579 HTTP/1.1" 200 118
186.103.159.44 - - [08/May/2017:09:20:27 -0300] "GET /cormun/servlet/solicitudot?0fb8752a05275f5bb7909f36bbc033de420ba2afa42fa0cde19a614e1eff2bb353a0f9f95df21700372990ea68e71d2611e457ca30c28d0742ef30e909992e1f32b043861a9fb8747cd2b4d2595e4df3198328905f0c0571e86b0d9686be7cc7d0795ecb3ce94f75dbc74518407a1132,gx-no-cache=1494246086686 HTTP/1.1" 200 29
186.103.159.44 - - [08/May/2017:09:20:27 -0300] "POST /cormun/servlet/solicitudot?gx-no-cache=1494246087066 HTTP/1.1" 200 1280
186.103.159.44 - - [08/May/2017:09:20:27 -0300] "POST /cormun/servlet/solicitudot?gx-no-cache=1494246087318 HTTP/1.1" 200 1162
186.103.158.250 - - [08/May/2017:09:20:31 -0300] "GET /cormun/servlet/solicitudot?e375ae3811f1d1b3f289191f233b2cc782fb34ed2ef5cd11ecdfaac34aec5430f3d445fb6f2561729f7f259999585d101e960e7313de8865ed11709adea981d25c51a1df58ea6e09371747dfc4eb92f2598e0f90a4d6e18a7d9dceac4a60127140e1cdea49c9cb66bfb2c046138accef,gx-no-cache=1494246091723 HTTP/1.1" 200 29
192.168.10.96 - - [08/May/2017:09:20:31 -0300] "POST /cormun/servlet/solicitudot?gx-no-cache=1494249296909 HTTP/1.1" 200 1280
186.103.158.250 - - [08/May/2017:09:20:31 -0300] "POST /cormun/servlet/solicitudot?gx-no-cache=1494246091825 HTTP/1.1" 200 1279
192.168.10.96 - - [08/May/2017:09:20:31 -0300] "POST /cormun/servlet/solicitudot?gx-no-cache=1494249296966 HTTP/1.1" 200 1162
192.168.10.96 - - [08/May/2017:09:20:38 -0300] "GET /cormun/static/menuarrow.gif HTTP/1.1" 404 1015
192.168.10.96 - - [08/May/2017:09:20:45 -0300] "GET /cormun/servlet/solicitudot?e67bca57e42cc9cb516f62a1aefaf48e65e0d47e5542c249d0fcb781434aedfe61315080dc9a0146f5c5861db1fbe29b1879d76c93b70e677c1587a3dd068e0258521e25f085dcb0543bb0f4d666f539db78d9b6d00f552a46523b4b32ed0af93c647f39e93d9650115173ef13eb09f286a5754e6f2932c232ba6d1d92af12ad5e65432e24a69e88de46dd9947c89cc466a4dc0b7be384a0975ba34252f7012b508d0d54d10f28a8e7d6a310525dab99681254017e188b904bf28049aadcc174,gx-no-cache=1494249310773 HTTP/1.1" 200 30
192.168.10.96 - - [08/May/2017:09:20:45 -0300] "POST /cormun/servlet/solicitudot?94c192f894c392123cab4ed655e2b14c,INS,0,0,,gx-no-cache=1494249310802 HTTP/1.1" 200 93
192.168.10.96 - - [08/May/2017:09:20:45 -0300] "GET /cormun/servlet/hpexe_return? HTTP/1.1" 200 1001
192.168.10.96 - - [08/May/2017:09:20:46 -0300] "GET /cormun/servlet/trsolicitudot HTTP/1.1" 200 8039
192.168.10.96 - - [08/May/2017:09:20:46 -0300] "GET /cormun/servlet/trsolicitudot HTTP/1.1" 200 8035
186.103.159.44 - - [08/May/2017:09:20:48 -0300] "GET /cormun/servlet/hlogin HTTP/1.1" 200 1720
186.103.158.250 - - [08/May/2017:09:20:53 -0300] "POST /cormun/servlet/solicitudot?gx-no-cache=1494246113312 HTTP/1.1" 200 30
186.103.158.250 - - [08/May/2017:09:20:53 -0300] "POST /cormun/servlet/solicitudot?gx-no-cache=1494246113479 HTTP/1.1" 200 1291
186.103.158.250 - - [08/May/2017:09:20:53 -0300] "POST /cormun/servlet/solicitudot?gx-no-cache=1494246113759 HTTP/1.1" 200 41
186.103.158.250 - - [08/May/2017:09:20:53 -0300] "POST /cormun/servlet/solicitudot?gx-no-cache=1494246113850 HTTP/1.1" 200 1279
186.103.158.250 - - [08/May/2017:09:20:54 -0300] "POST /cormun/servlet/solicitudot?gx-no-cache=1494246114002 HTTP/1.1" 200 1162
186.103.158.250 - - [08/May/2017:09:20:54 -0300] "GET /cormun/servlet/solicitudot?e375ae3811f1d1b3f289191f233b2cc76dc0e74ef8afe725ce4d3d4c7aa380534d069025c00ff0abfa458edf1e966c53ee98604cc7c40408195859fbf5b0ac5257a8a25002127d4aa24dfdb9d515023f0432cd0513d6f25ac9b0166696eafcf0c2da4981d47a159bc7043a6f585b991036fba61e55cd998627412dcf7e331b4c6fa8f195d82deced508cb197244db679b7bc441517d14dec40b5a22ee6c7c788329f4043a83377b237697240306aeb36,gx-no-cache=1494246114148 HTTP/1.1" 200 30
186.103.158.250 - - [08/May/2017:09:20:54 -0300] "POST /cormun/servlet/solicitudot?734299df485b09a23a68cf7f781dbfba,UPD,2017,6345,,gx-no-cache=1494246114261 HTTP/1.1" 200 93
186.103.158.250 - - [08/May/2017:09:20:54 -0300] "GET /cormun/servlet/hpexe_return? HTTP/1.1" 200 1007
186.103.158.250 - - [08/May/2017:09:20:55 -0300] "GET /cormun/servlet/trsolicitudot HTTP/1.1" 200 8596
186.103.158.250 - - [08/May/2017:09:20:56 -0300] "GET /cormun/servlet/trsolicitudot HTTP/1.1" 200 8591
186.103.158.250 - - [08/May/2017:09:21:18 -0300] "POST /cormun/servlet/trsolicitudot?734299df485b09a23a68cf7f781dbfba,gx-no-cache=1494246137387 HTTP/1.1" 200 106
186.103.158.250 - - [08/May/2017:09:21:18 -0300] "GET /cormun/servlet/solicitudot?UPD,2017,6343, HTTP/1.1" 200 14288
186.103.158.250 - - [08/May/2017:09:21:19 -0300] "GET /cormun/servlet/solicitudot?UPD,2017,6343, HTTP/1.1" 200 14298
186.103.158.250 - - [08/May/2017:09:21:20 -0300] "POST /cormun/servlet/solicitudot?gx-no-cache=1494246140339 HTTP/1.1" 200 3190
186.103.158.250 - - [08/May/2017:09:21:21 -0300] "POST /cormun/servlet/solicitudot?734299df485b09a23a68cf7f781dbfba,UPD,2017,6343,,gx-no-cache=1494246140900 HTTP/1.1" 200 10867
186.103.158.250 - - [08/May/2017:09:21:21 -0300] "GET /cormun/servlet/solicitudot?e375ae3811f1d1b3f289191f233b2cc75cf57259e6fb78fe9723da9bfb9a8e48d2d38d5fbb0b915dbcd2a5beaa0976cc,gx-no-cache=1494246141503 HTTP/1.1" 200 30
186.103.158.250 - - [08/May/2017:09:21:21 -0300] "POST /cormun/servlet/solicitudot?gx-no-cache=1494246141628 HTTP/1.1" 200 241
186.103.158.250 - - [08/May/2017:09:21:22 -0300] "GET /cormun/servlet/solicitudot?e375ae3811f1d1b3f289191f233b2cc71119b9877d73ecacf36306b14da5d7f44b2da1bae4cdc37a49b9f462c0ae6523f0188f2cb9d4da1bd8d3050c8f3c13a97c4380f64a9507ec6e7b6efd7ce4b14c3fe0a36b6f97a5a9844a0c81ef64e44ff8572b28d3cc7ba72b84dcd24ed7fd4702e2546d00a442b212a560632b6150e57ece7523a5e19435fd3193ce8e00b336b8810be584b5ca49b69ee33032863c6c2bf1088d098e4bc113f319e7361376509e12f1d80dfcd6a89bcd801119ea6dbc6372ee15407c3460050a655a299daa71eba973500764d5e246741d04b3dabc4f8026a904f2c91e6c82b1a7ca730706f068b9060ed40f55b270f3030a96dbc458bbbe42472e1da968ca8231c73345ed53c28535933421e16a7a739c805d5b3bfa26eed7e634b021ccccf0655a3eb5bf236c15fb8e7e361d5d68e3cfa933a848e376a636d28364f03b5786331e75c4f790b991b818614506616f26907965b330fb0b4ac6872f8571a2d7979bbaa51164c3ec78e52b5cf71fe0b4d6995386703034,gx-no-cache=1494246141728 HTTP/1.1" 200 30
186.103.158.250 - - [08/May/2017:09:21:22 -0300] "POST /cormun/servlet/solicitudot?gx-no-cache=1494246142119 HTTP/1.1" 200 30
186.103.158.250 - - [08/May/2017:09:21:22 -0300] "POST /cormun/servlet/solicitudot?gx-no-cache=1494246142251 HTTP/1.1" 200 1292
186.103.158.250 - - [08/May/2017:09:21:22 -0300] "POST /cormun/servlet/solicitudot?gx-no-cache=1494246142482 HTTP/1.1" 200 41
186.103.158.250 - - [08/May/2017:09:21:25 -0300] "GET /cormun/servlet/solicitudot?e375ae3811f1d1b3f289191f233b2cc782fb34ed2ef5cd11ecdfaac34aec5430f3d445fb6f2561729f7f259999585d101e960e7313de8865ed11709adea981d25c51a1df58ea6e09371747dfc4eb92f2598e0f90a4d6e18a7d9dceac4a60127140e1cdea49c9cb66bfb2c046138accef,gx-no-cache=1494246145304 HTTP/1.1" 200 29
186.103.158.250 - - [08/May/2017:09:21:25 -0300] "POST /cormun/servlet/solicitudot?gx-no-cache=1494246145383 HTTP/1.1" 200 1280
186.103.158.250 - - [08/May/2017:09:21:25 -0300] "POST /cormun/servlet/solicitudot?gx-no-cache=1494246145645 HTTP/1.1" 200 1162
186.103.158.250 - - [08/May/2017:09:21:25 -0300] "GET /cormun/static/menuarrow.gif HTTP/1.1" 404 1015
186.103.158.250 - - [08/May/2017:09:21:28 -0300] "POST /cormun/servlet/solicitudot?gx-no-cache=1494246148040 HTTP/1.1" 200 1280
186.103.158.250 - - [08/May/2017:09:21:28 -0300] "POST /cormun/servlet/solicitudot?gx-no-cache=1494246148184 HTTP/1.1" 200 1162
186.103.158.250 - - [08/May/2017:09:21:44 -0300] "POST /cormun/servlet/solicitudot?gx-no-cache=1494246164121 HTTP/1.1" 200 30
186.103.158.250 - - [08/May/2017:09:21:44 -0300] "POST /cormun/servlet/solicitudot?gx-no-cache=1494246164213 HTTP/1.1" 200 1292
186.103.158.250 - - [08/May/2017:09:21:44 -0300] "POST /cormun/servlet/solicitudot?gx-no-cache=1494246164410 HTTP/1.1" 200 41
186.103.158.250 - - [08/May/2017:09:21:44 -0300] "POST /cormun/servlet/solicitudot?gx-no-cache=1494246164500 HTTP/1.1" 200 1280
186.103.158.250 - - [08/May/2017:09:21:45 -0300] "POST /cormun/servlet/solicitudot?gx-no-cache=1494246165055 HTTP/1.1" 200 1162
186.79.252.46 - - [08/May/2017:09:24:08 -0300] "GET /cormun/servlet/hlogin HTTP/1.1" 200 1714
186.79.252.46 - - [08/May/2017:09:24:08 -0300] "GET /cormun/static/Resources/Spanish/PXTools.css?11294912 HTTP/1.1" 304 -
186.79.252.46 - - [08/May/2017:09:24:08 -0300] "GET /cormun/static/gxcfg.js?201741110203197 HTTP/1.1" 304 -
186.79.252.46 - - [08/May/2017:09:24:08 -0300] "GET /cormun/static/messages.spa.js?85251 HTTP/1.1" 304 -
186.79.252.46 - - [08/May/2017:09:24:08 -0300] "GET /cormun/static/hlogin.js?201741110203211 HTTP/1.1" 304 -
186.79.252.46 - - [08/May/2017:09:24:08 -0300] "GET /cormun/servlet/hlogin HTTP/1.1" 200 1727
186.79.252.46 - - [08/May/2017:09:24:18 -0300] "POST /cormun/servlet/hlogin?b448776813b3a42a0dea70511aa49e44,gx-no-cache=1494246318957 HTTP/1.1" 200 90
186.79.252.46 - - [08/May/2017:09:24:18 -0300] "GET /cormun/servlet/hpexe_link HTTP/1.1" 200 945
186.79.252.46 - - [08/May/2017:09:24:18 -0300] "GET /cormun/static/gxcfg.js?201731711483381 HTTP/1.1" 304 -
186.79.252.46 - - [08/May/2017:09:24:18 -0300] "GET /cormun/static/hpexe_link.js?201731711483384 HTTP/1.1" 304 -
186.79.252.46 - - [08/May/2017:09:24:18 -0300] "GET /cormun/servlet/hhome HTTP/1.1" 200 4022
186.79.252.46 - - [08/May/2017:09:24:18 -0300] "GET /cormun/static/gxcfg.js?201731711483497 HTTP/1.1" 304 -
186.79.252.46 - - [08/May/2017:09:24:19 -0300] "GET /cormun/static/hhome.js?20173171148352 HTTP/1.1" 304 -
186.79.252.46 - - [08/May/2017:09:24:19 -0300] "GET /cormun/static/hwchdr01.js?201731711335950 HTTP/1.1" 304 -
186.79.252.46 - - [08/May/2017:09:24:19 -0300] "GET /cormun/static/hpexe_scripts.js?201731711335890 HTTP/1.1" 304 -
186.79.252.46 - - [08/May/2017:09:24:19 -0300] "GET /cormun/static/hpexe_recentlink.js?201610171694390 HTTP/1.1" 304 -
186.79.252.46 - - [08/May/2017:09:24:19 -0300] "GET /cormun/static/hpexe_messagecontroller.js?201610171694323 HTTP/1.1" 304 -
186.79.252.46 - - [08/May/2017:09:24:19 -0300] "GET /cormun/static/hpexe_messagepopupcomponent.js?20161017169425 HTTP/1.1" 304 -
186.79.252.46 - - [08/May/2017:09:24:19 -0300] "GET /cormun/static/hpexe_messagegenexuscomponent.js?201731711335537 HTTP/1.1" 304 -
186.79.252.46 - - [08/May/2017:09:24:19 -0300] "GET /cormun/static/cmcontrolpreferences.js?201731711335852 HTTP/1.1" 304 -
186.79.252.46 - - [08/May/2017:09:24:19 -0300] "GET /cormun/static/hmpwkw03.js?201731711485354 HTTP/1.1" 304 -
186.79.252.46 - - [08/May/2017:09:24:20 -0300] "GET /cormun/servlet/hhome HTTP/1.1" 200 4018
186.103.158.250 - - [08/May/2017:09:24:20 -0300] "GET /cormun/servlet/hlogin HTTP/1.1" 200 1725
186.79.252.46 - - [08/May/2017:09:24:26 -0300] "GET /cormun/servlet/trpermisosgoce? HTTP/1.1" 200 6805
186.79.252.46 - - [08/May/2017:09:24:26 -0300] "GET /cormun/static/gxcfg.js?20174111153177 HTTP/1.1" 304 -
186.79.252.46 - - [08/May/2017:09:24:26 -0300] "GET /cormun/static/trpermisosgoce.js?20174111153217 HTTP/1.1" 304 -
186.79.252.46 - - [08/May/2017:09:24:27 -0300] "GET /cormun/servlet/trpermisosgoce? HTTP/1.1" 200 6804
186.103.158.250 - - [08/May/2017:09:24:36 -0300] "POST /cormun/servlet/hlogin?ccd87f4fa55a0ef41e9a11a5f96d4eeb,gx-no-cache=1494246336082 HTTP/1.1" 200 90
186.103.158.250 - - [08/May/2017:09:24:36 -0300] "GET /cormun/servlet/hpexe_link HTTP/1.1" 200 954
186.103.158.250 - - [08/May/2017:09:24:36 -0300] "GET /cormun/servlet/hhome HTTP/1.1" 200 3790
186.103.158.250 - - [08/May/2017:09:24:37 -0300] "GET /cormun/servlet/hhome HTTP/1.1" 200 3786
186.67.172.234 - - [08/May/2017:09:24:39 -0300] "GET /cormun/servlet/trpermisosgoce? HTTP/1.1" 200 6523
186.67.172.234 - - [08/May/2017:09:24:39 -0300] "GET /cormun/static/gxcfg.js?20174111153177 HTTP/1.1" 200 953
186.67.172.234 - - [08/May/2017:09:24:39 -0300] "GET /cormun/static/trpermisosgoce.js?20174111153217 HTTP/1.1" 200 32899
186.67.172.234 - - [08/May/2017:09:24:40 -0300] "GET /cormun/servlet/trpermisosgoce? HTTP/1.1" 200 6523
186.103.158.250 - - [08/May/2017:09:24:42 -0300] "GET /cormun/servlet/trsolicitudot? HTTP/1.1" 200 8602
186.103.158.250 - - [08/May/2017:09:24:43 -0300] "GET /cormun/servlet/trsolicitudot? HTTP/1.1" 200 8600
186.67.172.234 - - [08/May/2017:09:24:45 -0300] "GET /cormun/servlet/permisogoce?INS,0,,, HTTP/1.1" 200 6557
186.67.172.234 - - [08/May/2017:09:24:45 -0300] "GET /cormun/static/gxcfg.js?201741111325459 HTTP/1.1" 200 953
186.67.172.234 - - [08/May/2017:09:24:45 -0300] "GET /cormun/static/permisogoce.js?20174111132557 HTTP/1.1" 200 26619
186.67.172.234 - - [08/May/2017:09:24:46 -0300] "GET /cormun/servlet/permisogoce?INS,0,,, HTTP/1.1" 200 6556
186.103.158.250 - - [08/May/2017:09:24:48 -0300] "POST /cormun/servlet/trsolicitudot?ccd87f4fa55a0ef41e9a11a5f96d4eeb,,gx-no-cache=1494246348309 HTTP/1.1" 200 106
186.103.158.250 - - [08/May/2017:09:24:48 -0300] "GET /cormun/servlet/solicitudot?UPD,2017,6345, HTTP/1.1" 200 14275
186.103.158.250 - - [08/May/2017:09:24:50 -0300] "GET /cormun/servlet/solicitudot?UPD,2017,6345, HTTP/1.1" 200 14284
186.103.158.250 - - [08/May/2017:09:24:50 -0300] "POST /cormun/servlet/solicitudot?gx-no-cache=1494246350417 HTTP/1.1" 200 3172
186.103.158.250 - - [08/May/2017:09:24:51 -0300] "POST /cormun/servlet/solicitudot?ccd87f4fa55a0ef41e9a11a5f96d4eeb,UPD,2017,6345,,gx-no-cache=1494246350979 HTTP/1.1" 200 10870
186.103.158.250 - - [08/May/2017:09:24:51 -0300] "GET /cormun/servlet/solicitudot?77afbd19fbc3a9bbfd7bf80942e0ab043c56dc111e80f0c06182b7d66b8a982e3dede9e3b60db7df9d1612a526f8a96a,gx-no-cache=1494246351406 HTTP/1.1" 200 30
186.103.158.250 - - [08/May/2017:09:24:51 -0300] "POST /cormun/servlet/solicitudot?gx-no-cache=1494246351525 HTTP/1.1" 200 241
186.103.158.250 - - [08/May/2017:09:24:51 -0300] "GET /cormun/servlet/solicitudot?77afbd19fbc3a9bbfd7bf80942e0ab041616e595b139f2998c2f53d951cbb54710fcfd51def452ef864d3462f7dbcdf7c40a42de2f6265a11681efb203badada1d1d187019693d7755e020f69e18e48a688883b43cdce1540a50daba023b76dc51355daef354d755ab77b50a105daf2fd103fd0e156da5017395af6ae1dc8991dd4f1a0176c3ecddce3521a56b93cd68da615389f4cbcbda750a7575fc97ac4a3993c01d0a3b35e4ce82a5b9eaa6e017fc0c015dccbab0ce437205a64be4099711c7e2fcb4ac5d3d36b15b136dafc3385b08304d6765a2745955c30c8b5886e17eac72dbfb407011a041b4a15fa345587b8d21dbf8eaa5208e17dfd2463b47e17fce13fc6f66f9b9ebb52f5d79bac2d58609f0a1925b33421aa7e46222800f0cdca1985ebfb0c43c30c2baab43610f703f8a37cb5f6467f141e1ed681861c204e06b259cf11b4f978c345b3b7785286f45f37859c528f644dbf2db0118afcd10747c94ff3b392db60f182821b7a49fde49d32e83f542c407eb39b8eba4f9ccb9,gx-no-cache=1494246351633 HTTP/1.1" 200 30
186.103.158.250 - - [08/May/2017:09:24:51 -0300] "POST /cormun/servlet/solicitudot?gx-no-cache=1494246352016 HTTP/1.1" 200 30
186.103.158.250 - - [08/May/2017:09:24:52 -0300] "POST /cormun/servlet/solicitudot?gx-no-cache=1494246352096 HTTP/1.1" 200 1291
186.103.158.250 - - [08/May/2017:09:24:52 -0300] "POST /cormun/servlet/solicitudot?gx-no-cache=1494246352242 HTTP/1.1" 200 41
157.55.39.176 - - [08/May/2017:09:24:57 -0300] "GET /cormun/servlet/solicitudotadjuntos?c2eccc76a0c123b57a9722f9d1ff1b8b,INS,2017,5812,,1, HTTP/1.1" 200 5238
186.103.158.250 - - [08/May/2017:09:25:06 -0300] "GET /cormun/servlet/hlogin HTTP/1.1" 200 1721
186.103.158.250 - - [08/May/2017:09:25:14 -0300] "POST /cormun/servlet/hlogin?0dbf253cc45ce023030c49017e0c9963,gx-no-cache=1494246374196 HTTP/1.1" 200 90
186.103.158.250 - - [08/May/2017:09:25:14 -0300] "GET /cormun/servlet/hpexe_link HTTP/1.1" 200 951
186.103.158.250 - - [08/May/2017:09:25:14 -0300] "GET /cormun/servlet/hhome HTTP/1.1" 200 3787
186.103.158.250 - - [08/May/2017:09:25:16 -0300] "GET /cormun/servlet/hhome HTTP/1.1" 200 3783
186.103.158.250 - - [08/May/2017:09:25:19 -0300] "GET /cormun/servlet/trsolicitudot? HTTP/1.1" 200 8599
186.103.158.250 - - [08/May/2017:09:25:20 -0300] "GET /cormun/servlet/trsolicitudot? HTTP/1.1" 200 8597
186.103.158.250 - - [08/May/2017:09:25:25 -0300] "POST /cormun/servlet/trsolicitudot?0dbf253cc45ce023030c49017e0c9963,,gx-no-cache=1494246385415 HTTP/1.1" 200 106
186.103.158.250 - - [08/May/2017:09:25:25 -0300] "GET /cormun/servlet/solicitudot?UPD,2017,6334, HTTP/1.1" 200 14283
186.103.158.250 - - [08/May/2017:09:25:27 -0300] "GET /cormun/servlet/solicitudot?UPD,2017,6334, HTTP/1.1" 200 14293
186.103.158.250 - - [08/May/2017:09:25:27 -0300] "POST /cormun/servlet/solicitudot?gx-no-cache=1494246387567 HTTP/1.1" 200 3172
186.103.158.250 - - [08/May/2017:09:25:27 -0300] "POST /cormun/servlet/solicitudot?0dbf253cc45ce023030c49017e0c9963,UPD,2017,6334,,gx-no-cache=1494246387823 HTTP/1.1" 200 10879
186.103.158.250 - - [08/May/2017:09:25:28 -0300] "GET /cormun/servlet/solicitudot?e2b85db1cc716cebb5156992611bd1eee6c4ea1ea01359921904a4858c27d470366693698122afacff64fe2273a9a3e1,gx-no-cache=1494246388204 HTTP/1.1" 200 30
186.103.158.250 - - [08/May/2017:09:25:28 -0300] "POST /cormun/servlet/solicitudot?gx-no-cache=1494246388313 HTTP/1.1" 200 241
186.103.158.250 - - [08/May/2017:09:25:28 -0300] "GET /cormun/servlet/solicitudot?e2b85db1cc716cebb5156992611bd1ee2eaa9099a563d7a28988131baa0af72797d9bcd49e61901e1f7803800658271d86e528e13d3e44d80bcbf1c451f1634803be157ab3fe37047adb40cb9370e799360e13c471a7de5467bb880245f9fbb5230fa4dba82b305ecedd673addad160b3df610bde3191237c525b035fc0f95f62d80f0bcfa9df901f7d412ce67ada1fe88593dfd19185d554b46e3ca1b393ccd5fa9beb1ba548bb72a7fb7811fb05c78837a4f35a159fcf4d428522eb66154b413bb91749153b1a6ece57b891b1bc4815c6897d9f69b29083a58649749ceac0d17cae767e644f892f1a83ef44ff54143ab13fe49926fca0ddb4c155f7bd6b37bd27aa166bcbfe081c9b8549227e681f6eda0d702a8edb17af27b4541f4caf02d99745044c2f4da0a3a0bc82cee203842db8c47363e6d2a5574bd71b7f9eeba5505e48232e3de35471cbf07077580d37d8c3904f02842b74efdf91107c788dc975c5c8afeca1aede13f308ad1b9e887a5ce3f8d2f769aacf9ce645609feb2ab35,gx-no-cache=1494246388419 HTTP/1.1" 200 30
186.103.158.250 - - [08/May/2017:09:25:28 -0300] "POST /cormun/servlet/solicitudot?gx-no-cache=1494246388501 HTTP/1.1" 200 30
186.103.158.250 - - [08/May/2017:09:25:28 -0300] "POST /cormun/servlet/solicitudot?gx-no-cache=1494246388607 HTTP/1.1" 200 1292
186.103.158.250 - - [08/May/2017:09:25:28 -0300] "POST /cormun/servlet/solicitudot?gx-no-cache=1494246388732 HTTP/1.1" 200 41
186.67.172.234 - - [08/May/2017:09:25:32 -0300] "GET /cormun/servlet/trcontratoobservacion? HTTP/1.1" 200 6405
186.67.172.234 - - [08/May/2017:09:25:32 -0300] "GET /cormun/static/gxui/gxui-all.css?120300 HTTP/1.1" 200 2179
186.67.172.234 - - [08/May/2017:09:25:32 -0300] "GET /cormun/static/calendar-system.css?85620 HTTP/1.1" 200 5572
186.67.172.234 - - [08/May/2017:09:25:32 -0300] "GET /cormun/static/gxcfg.js?20161221855213 HTTP/1.1" 200 953
186.67.172.234 - - [08/May/2017:09:25:32 -0300] "GET /cormun/static/Resources/Spanish/PXTools.css?18365030 HTTP/1.1" 200 89042
186.67.172.234 - - [08/May/2017:09:25:32 -0300] "GET /cormun/static/Shared/ext/resources/css/ext-all.css?215870 HTTP/1.1" 200 416045
186.67.172.234 - - [08/May/2017:09:25:32 -0300] "GET /cormun/static/trcontratoobservacion.js?20161221855487 HTTP/1.1" 200 25085
186.67.172.234 - - [08/May/2017:09:25:32 -0300] "GET /cormun/servlet/trcontratoobservacion? HTTP/1.1" 200 6396
186.67.172.234 - - [08/May/2017:09:25:51 -0300] "GET /cormun/servlet/trsolicitudot? HTTP/1.1" 200 7965
186.67.172.234 - - [08/May/2017:09:25:51 -0300] "GET /cormun/static/gxcfg.js?201731711505139 HTTP/1.1" 200 953
186.67.172.234 - - [08/May/2017:09:25:51 -0300] "GET /cormun/static/trsolicitudot.js?20173171151116 HTTP/1.1" 200 53117
186.67.172.234 - - [08/May/2017:09:25:51 -0300] "GET /cormun//static/Resources/PXToolsActionView.png HTTP/1.1" 200 2995
186.67.172.234 - - [08/May/2017:09:25:51 -0300] "GET /cormun//static/Resources/PXToolsRemoveAllAction.png HTTP/1.1" 200 3558
186.67.172.234 - - [08/May/2017:09:25:51 -0300] "GET /cormun/servlet/trsolicitudot? HTTP/1.1" 200 7965
186.67.172.234 - - [08/May/2017:09:26:00 -0300] "GET /cormun/servlet/vesolicitudot?2017,6203,, HTTP/1.1" 200 7945
186.67.172.234 - - [08/May/2017:09:26:00 -0300] "GET /cormun/static/gxcfg.js?201731711515882 HTTP/1.1" 200 953
186.67.172.234 - - [08/May/2017:09:26:00 -0300] "GET /cormun/pexe_scrolldiv.js HTTP/1.1" 404 1009
186.67.172.234 - - [08/May/2017:09:26:00 -0300] "GET /cormun/static/hwcviewtabs.js?20173171133571 HTTP/1.1" 200 1074
186.67.172.234 - - [08/May/2017:09:26:00 -0300] "GET /cormun/static/hpexe_tabsview.js?201610171694228 HTTP/1.1" 200 1661
186.67.172.234 - - [08/May/2017:09:26:00 -0300] "GET /cormun/static/vesolicitudot.js?201731711515955 HTTP/1.1" 200 6091
186.67.172.234 - - [08/May/2017:09:26:00 -0300] "GET /cormun/static/Resources/PXToolsTabFirstSelected.png HTTP/1.1" 200 1259
186.67.172.234 - - [08/May/2017:09:26:00 -0300] "GET /cormun/static/Resources/PXToolsTabLastUnselected.png HTTP/1.1" 200 1291
186.67.172.234 - - [08/May/2017:09:26:00 -0300] "GET /cormun/static/Resources/PXToolsTabNext.gif HTTP/1.1" 200 168
186.67.172.234 - - [08/May/2017:09:26:00 -0300] "GET /cormun/static/Resources/PXToolsTabPrevious.gif HTTP/1.1" 200 172
186.67.172.234 - - [08/May/2017:09:26:00 -0300] "GET /cormun/static/tbsolicitudot01.js?201731711332949 HTTP/1.1" 200 28340
186.67.172.234 - - [08/May/2017:09:26:00 -0300] "GET /cormun/static/calendar-system.css HTTP/1.1" 200 5572
186.67.172.234 - - [08/May/2017:09:26:00 -0300] "GET /cormun/static/Resources/PXToolsTabBackSelected.png HTTP/1.1" 200 1157
186.67.172.234 - - [08/May/2017:09:26:00 -0300] "GET /cormun/static/Resources/PXToolsTabBackUnselected.png HTTP/1.1" 200 1175
186.67.172.234 - - [08/May/2017:09:26:00 -0300] "GET /cormun/static/Resources/PXToolsTabSelectedUnselected.png HTTP/1.1" 200 1428
186.67.172.234 - - [08/May/2017:09:26:00 -0300] "GET /cormun/static/Resources/PXToolsTabUnselectedUnselected.png HTTP/1.1" 200 1459
186.67.172.234 - - [08/May/2017:09:26:00 -0300] "GET /cormun/servlet/vesolicitudot?2017,6203,, HTTP/1.1" 200 7945
186.79.252.46 - - [08/May/2017:09:26:16 -0300] "GET /cormun/servlet/permisogoce?INS,0,,, HTTP/1.1" 200 6796
186.79.252.46 - - [08/May/2017:09:26:16 -0300] "GET /cormun/static/gxcfg.js?201741111325459 HTTP/1.1" 304 -
186.79.252.46 - - [08/May/2017:09:26:16 -0300] "GET /cormun/static/gxdec.js?85251 HTTP/1.1" 304 -
186.79.252.46 - - [08/May/2017:09:26:16 -0300] "GET /cormun/static/permisogoce.js?20174111132557 HTTP/1.1" 304 -
186.79.252.46 - - [08/May/2017:09:26:18 -0300] "GET /cormun/servlet/permisogoce?INS,0,,, HTTP/1.1" 200 6796
186.79.252.46 - - [08/May/2017:09:26:32 -0300] "GET /cormun/servlet/permisogoce?c8423f294a37a7c3d8962f9e2ceb2434c9f104c418f5249dda9a1c02282d7bc7010c22508642657bd4cb62670f95a76b,gx-no-cache=1494246453332 HTTP/1.1" 200 74
186.79.252.46 - - [08/May/2017:09:26:32 -0300] "GET /cormun/static/menuarrow.gif HTTP/1.1" 404 1015
186.79.252.46 - - [08/May/2017:09:26:41 -0300] "GET /cormun/servlet/permisogoce?c8423f294a37a7c3d8962f9e2ceb243464def9d5121fdbf465d33ee79c97e3e6f8f8d25d04a458425a59b8e12cc3cff7a17ffb412870ceb7302bc86552586131,gx-no-cache=1494246462952 HTTP/1.1" 200 46
186.103.158.250 - - [08/May/2017:09:26:49 -0300] "GET /cormun/servlet/hlogin HTTP/1.1" 200 1721
186.79.252.46 - - [08/May/2017:09:26:49 -0300] "POST /cormun/servlet/permisogoce?b448776813b3a42a0dea70511aa49e44,INS,0,,,,gx-no-cache=1494246469844 HTTP/1.1" 200 93
186.79.252.46 - - [08/May/2017:09:26:50 -0300] "GET /cormun/servlet/hpexe_return? HTTP/1.1" 200 1002
186.79.252.46 - - [08/May/2017:09:26:50 -0300] "GET /cormun/static/Resources/Spanish/PXTools.css?167811 HTTP/1.1" 304 -
186.79.252.46 - - [08/May/2017:09:26:50 -0300] "GET /cormun/static/gxcfg.js?2016101716175148 HTTP/1.1" 304 -
186.79.252.46 - - [08/May/2017:09:26:50 -0300] "GET /cormun/static/hpexe_return.js?2016101716175153 HTTP/1.1" 304 -
186.79.252.46 - - [08/May/2017:09:26:50 -0300] "GET /cormun/servlet/trpermisosgoce HTTP/1.1" 200 7643
186.79.252.46 - - [08/May/2017:09:26:52 -0300] "GET /cormun/servlet/trpermisosgoce HTTP/1.1" 200 7639
186.79.252.46 - - [08/May/2017:09:26:55 -0300] "GET /cormun/servlet/permisogoce?INS,0,,, HTTP/1.1" 200 6796
186.79.252.46 - - [08/May/2017:09:26:56 -0300] "GET /cormun/servlet/permisogoce?INS,0,,, HTTP/1.1" 200 6796
192.168.10.89 - - [08/May/2017:09:26:57 -0300] "GET /cormun/servlet/hlogin HTTP/1.1" 200 1741
186.103.158.250 - - [08/May/2017:09:27:02 -0300] "POST /cormun/servlet/hlogin?abf94fa4463593924379c5ccd81fa481,gx-no-cache=1494246482800 HTTP/1.1" 200 90
186.103.158.250 - - [08/May/2017:09:27:02 -0300] "GET /cormun/servlet/hpexe_link HTTP/1.1" 200 951
186.103.158.250 - - [08/May/2017:09:27:03 -0300] "GET /cormun/servlet/hhome HTTP/1.1" 200 3788
186.103.158.250 - - [08/May/2017:09:27:04 -0300] "GET /cormun/servlet/hhome HTTP/1.1" 200 3785
186.79.252.46 - - [08/May/2017:09:27:06 -0300] "GET /cormun/servlet/permisogoce?c8423f294a37a7c3d8962f9e2ceb243425f01923d497f5e69e12bec9e460185b7e622815d98a11121cc1350658bbf099,gx-no-cache=1494246487216 HTTP/1.1" 200 67
186.79.252.46 - - [08/May/2017:09:27:06 -0300] "GET /cormun/static/menuarrow.gif HTTP/1.1" 404 1015
186.79.252.46 - - [08/May/2017:09:27:12 -0300] "GET /cormun/servlet/permisogoce?c8423f294a37a7c3d8962f9e2ceb2434dbf76bcc41c6ce1abe0a5a5a4019e1b7dcf01a517a22b0d6309fc119e8c63e66d6dc28b4578d94e8d582283f1bf5aba8,gx-no-cache=1494246493176 HTTP/1.1" 200 46
186.79.252.46 - - [08/May/2017:09:27:17 -0300] "POST /cormun/servlet/permisogoce?b448776813b3a42a0dea70511aa49e44,INS,0,,,,gx-no-cache=1494246497203 HTTP/1.1" 200 93
186.79.252.46 - - [08/May/2017:09:27:17 -0300] "GET /cormun/servlet/hpexe_return? HTTP/1.1" 200 1002
186.79.252.46 - - [08/May/2017:09:27:17 -0300] "GET /cormun/servlet/trpermisosgoce HTTP/1.1" 200 7860
186.103.158.250 - - [08/May/2017:09:27:18 -0300] "GET /cormun/servlet/trsolicitudot? HTTP/1.1" 200 8600
186.79.252.46 - - [08/May/2017:09:27:19 -0300] "GET /cormun/servlet/trpermisosgoce HTTP/1.1" 200 7856
186.103.158.250 - - [08/May/2017:09:27:19 -0300] "GET /cormun/servlet/trsolicitudot? HTTP/1.1" 200 8598
186.79.252.46 - - [08/May/2017:09:27:21 -0300] "GET /cormun/servlet/trpermisosadjuntos?17503191,20170508102142,P, HTTP/1.1" 200 6330
186.79.252.46 - - [08/May/2017:09:27:22 -0300] "GET /cormun/static/gxcfg.js?201731711542659 HTTP/1.1" 304 -
186.79.252.46 - - [08/May/2017:09:27:22 -0300] "GET /cormun/static/trpermisosadjuntos.js?201731711542990 HTTP/1.1" 304 -
186.103.158.250 - - [08/May/2017:09:27:22 -0300] "POST /cormun/servlet/trsolicitudot?abf94fa4463593924379c5ccd81fa481,,gx-no-cache=1494246502669 HTTP/1.1" 200 106
186.103.158.250 - - [08/May/2017:09:27:23 -0300] "GET /cormun/servlet/solicitudot?UPD,2017,6345, HTTP/1.1" 200 14274
186.79.252.46 - - [08/May/2017:09:27:23 -0300] "GET /cormun/servlet/trpermisosadjuntos?17503191,20170508102142,P, HTTP/1.1" 200 6330
192.168.10.89 - - [08/May/2017:09:27:23 -0300] "POST /cormun/servlet/hlogin?8fbc91890ae5fbfe64583659ede3a800,gx-no-cache=1494249709041 HTTP/1.1" 200 90
192.168.10.89 - - [08/May/2017:09:27:23 -0300] "GET /cormun/servlet/hpexe_link HTTP/1.1" 200 952
192.168.10.89 - - [08/May/2017:09:27:24 -0300] "GET /cormun/servlet/hhome HTTP/1.1" 200 3786
186.103.158.250 - - [08/May/2017:09:27:24 -0300] "GET /cormun/servlet/solicitudot?UPD,2017,6345, HTTP/1.1" 200 14283
186.103.158.250 - - [08/May/2017:09:27:25 -0300] "POST /cormun/servlet/solicitudot?gx-no-cache=1494246504940 HTTP/1.1" 200 3172
186.103.158.250 - - [08/May/2017:09:27:25 -0300] "POST /cormun/servlet/solicitudot?abf94fa4463593924379c5ccd81fa481,UPD,2017,6345,,gx-no-cache=1494246505455 HTTP/1.1" 200 10870
186.79.252.46 - - [08/May/2017:09:27:25 -0300] "GET /cormun/servlet/permisosadjuntos?INS,17503191,P,20170508102142,, HTTP/1.1" 200 5661
186.79.252.46 - - [08/May/2017:09:27:25 -0300] "GET /cormun/static/permisosadjuntos.js?201741111155784 HTTP/1.1" 304 -
186.103.158.250 - - [08/May/2017:09:27:25 -0300] "GET /cormun/servlet/solicitudot?21c238dc8b12f0b03cd8556f1cb30a85c52bd77ef441f8e7633ebf8c4b853778222f79b0e549a61fa74137f63e202a2a,gx-no-cache=1494246505916 HTTP/1.1" 200 30
186.79.252.46 - - [08/May/2017:09:27:25 -0300] "GET /cormun/static/gxcfg.js?201741111155774 HTTP/1.1" 304 -
186.103.158.250 - - [08/May/2017:09:27:26 -0300] "POST /cormun/servlet/solicitudot?gx-no-cache=1494246506047 HTTP/1.1" 200 241
186.79.252.46 - - [08/May/2017:09:27:26 -0300] "GET /cormun/static/about:blank HTTP/1.1" 404 1011
192.168.10.89 - - [08/May/2017:09:27:26 -0300] "GET /cormun/servlet/trsolicitudot? HTTP/1.1" 200 8599
192.168.10.89 - - [08/May/2017:09:27:26 -0300] "GET /cormun/static/gxcfg.js?201731711505139 HTTP/1.1" 304 -
186.103.158.250 - - [08/May/2017:09:27:26 -0300] "GET /cormun/servlet/solicitudot?21c238dc8b12f0b03cd8556f1cb30a85f7de39cdd52c9fac2e2c868b908ee22fe56166c21a189e91b5406e59aa29d0963f0b146a70e38965300260a20c34b07f8805da88a2c6346580a08805f0b8a499ec10d3044594bf2e93a67d68a572ec570c05753b4dfe632d4eee83c64db2c51cbe74a4b7475b94651a940cbbad0fc3058c3ca6bf1214e91c3d8ae8df090f73d19d598572bff8b902796ce6586e1eec6b888106c3cae8ef245c76206fa33d693945e5258de7335ebab985922f676e84ef9073747cc58750b0e72caad0927f3e9d98013a26e77f0850f7ed8eb17cc7a00b6b0e3682653cf3b94435f61720db22ce284fb5542233e05c016fa024f7e3391dbca8a9548b69c5a7ee380b13924014c0ead835dbac7e962e7489f70b6e7009be8e9fd5113c0cc20b78e58bdc4bd7ef8d01b746df2a1971bfe424bd468c1d9964b4493eb004c6693c90fbd83591bf5f15762f2ab8e514bbb5cd84864992654d22d10138872b60e46d214c9685ac76bef98e7daae475cf9cd4dd0711eea2c2cf91,gx-no-cache=1494246506165 HTTP/1.1" 200 30
186.103.158.250 - - [08/May/2017:09:27:26 -0300] "POST /cormun/servlet/solicitudot?gx-no-cache=1494246506553 HTTP/1.1" 200 30
186.103.158.250 - - [08/May/2017:09:27:26 -0300] "POST /cormun/servlet/solicitudot?gx-no-cache=1494246506652 HTTP/1.1" 200 1291
186.79.252.46 - - [08/May/2017:09:27:26 -0300] "GET /cormun/servlet/permisosadjuntos?INS,17503191,P,20170508102142,, HTTP/1.1" 200 5651
186.103.158.250 - - [08/May/2017:09:27:26 -0300] "POST /cormun/servlet/solicitudot?gx-no-cache=1494246506824 HTTP/1.1" 200 41
192.168.10.96 - - [08/May/2017:09:27:53 -0300] "GET /cormun/servlet/hlogin HTTP/1.1" 200 1733
186.79.252.46 - - [08/May/2017:09:27:55 -0300] "POST /cormun/servlet/permisosadjuntos?b448776813b3a42a0dea70511aa49e44,INS,17503191,P,20170508102142,, HTTP/1.1" 200 116
186.79.252.46 - - [08/May/2017:09:27:55 -0300] "GET /cormun/servlet/hpexe_return? HTTP/1.1" 200 1031
186.79.252.46 - - [08/May/2017:09:27:55 -0300] "GET /cormun/servlet/trpermisosadjuntos?17503191,20170508102142,P, HTTP/1.1" 200 6776
186.79.252.46 - - [08/May/2017:09:27:57 -0300] "GET /cormun/servlet/trpermisosadjuntos?17503191,20170508102142,P, HTTP/1.1" 200 6773
186.79.252.46 - - [08/May/2017:09:28:00 -0300] "POST /cormun/servlet/trpermisosadjuntos?b448776813b3a42a0dea70511aa49e44,17503191,20170508102142,P,,gx-no-cache=1494246541221 HTTP/1.1" 200 90
186.79.252.46 - - [08/May/2017:09:28:00 -0300] "GET /cormun/servlet/hpexe_link HTTP/1.1" 200 977
192.168.10.96 - - [08/May/2017:09:28:00 -0300] "POST /cormun/servlet/hlogin?94c192f894c392123cab4ed655e2b14c,gx-no-cache=1494249745880 HTTP/1.1" 200 445
186.79.252.46 - - [08/May/2017:09:28:00 -0300] "GET /cormun/servlet/trpermisosgoce HTTP/1.1" 200 7858
186.79.252.46 - - [08/May/2017:09:28:02 -0300] "GET /cormun/servlet/trpermisosgoce HTTP/1.1" 200 7856
192.168.10.89 - - [08/May/2017:09:28:03 -0300] "GET /cormun/servlet/hlogin HTTP/1.1" 200 1740
186.79.252.46 - - [08/May/2017:09:28:05 -0300] "GET /cormun/servlet/trpermisosadjuntos?8092172,20170508102115,P, HTTP/1.1" 200 6340
186.79.252.46 - - [08/May/2017:09:28:06 -0300] "GET /cormun/servlet/trpermisosadjuntos?8092172,20170508102115,P, HTTP/1.1" 200 6341
186.79.252.46 - - [08/May/2017:09:28:07 -0300] "GET /cormun/servlet/permisosadjuntos?INS,8092172,P,20170508102115,, HTTP/1.1" 200 5667
186.79.252.46 - - [08/May/2017:09:28:07 -0300] "GET /cormun/static/about:blank HTTP/1.1" 404 1011
192.168.10.96 - - [08/May/2017:09:28:08 -0300] "POST /cormun/servlet/hlogin?94c192f894c392123cab4ed655e2b14c,gx-no-cache=1494249753424 HTTP/1.1" 200 90
192.168.10.96 - - [08/May/2017:09:28:08 -0300] "GET /cormun/servlet/hpexe_link HTTP/1.1" 200 946
192.168.10.96 - - [08/May/2017:09:28:08 -0300] "GET /cormun/servlet/hhome HTTP/1.1" 200 4265
186.79.252.46 - - [08/May/2017:09:28:08 -0300] "GET /cormun/servlet/permisosadjuntos?INS,8092172,P,20170508102115,, HTTP/1.1" 200 5657
192.168.10.96 - - [08/May/2017:09:28:08 -0300] "GET /cormun/servlet/hhome HTTP/1.1" 200 4261
192.168.10.96 - - [08/May/2017:09:28:10 -0300] "GET /cormun/servlet/trsolicitudgral? HTTP/1.1" 200 25022
186.103.158.250 - - [08/May/2017:09:28:10 -0300] "GET /cormun/servlet/hlogin HTTP/1.1" 200 1729
192.168.10.96 - - [08/May/2017:09:28:11 -0300] "GET /cormun/servlet/trsolicitudgral? HTTP/1.1" 200 25020
192.168.10.96 - - [08/May/2017:09:28:16 -0300] "POST /cormun/servlet/trsolicitudgral?94c192f894c392123cab4ed655e2b14c,,gx-no-cache=1494249761311 HTTP/1.1" 200 9495
192.168.10.96 - - [08/May/2017:09:28:25 -0300] "POST /cormun/servlet/trsolicitudgral?94c192f894c392123cab4ed655e2b14c,,gx-no-cache=1494249770582 HTTP/1.1" 200 6784
186.103.158.250 - - [08/May/2017:09:28:26 -0300] "POST /cormun/servlet/hlogin?8c78eda39cd6f719ed8ff93b48c8a059,gx-no-cache=1494246566351 HTTP/1.1" 200 90
186.103.158.250 - - [08/May/2017:09:28:26 -0300] "GET /cormun/servlet/hpexe_link HTTP/1.1" 200 958
186.103.158.250 - - [08/May/2017:09:28:26 -0300] "GET /cormun/servlet/hhome HTTP/1.1" 200 3979
186.103.158.250 - - [08/May/2017:09:28:28 -0300] "GET /cormun/servlet/hhome HTTP/1.1" 200 3975
192.168.10.96 - - [08/May/2017:09:28:29 -0300] "GET /cormun/servlet/vesolicitudgral?2017,6333,, HTTP/1.1" 200 8747
192.168.10.96 - - [08/May/2017:09:28:29 -0300] "GET /cormun/static/gxcfg.js?201612218543032 HTTP/1.1" 304 -
192.168.10.96 - - [08/May/2017:09:28:29 -0300] "GET /cormun/pexe_scrolldiv.js HTTP/1.1" 404 1009
192.168.10.96 - - [08/May/2017:09:28:29 -0300] "GET /cormun/static/hwcviewtabs.js?20173171133571 HTTP/1.1" 304 -
192.168.10.96 - - [08/May/2017:09:28:29 -0300] "GET /cormun/static/vesolicitudgral.js?201612218543091 HTTP/1.1" 304 -
192.168.10.96 - - [08/May/2017:09:28:29 -0300] "GET /cormun/static/hpexe_tabsview.js?201610171694228 HTTP/1.1" 304 -
192.168.10.96 - - [08/May/2017:09:28:29 -0300] "GET /cormun/static/tbsolicitudgral01.js?201731711414126 HTTP/1.1" 304 -
192.168.10.96 - - [08/May/2017:09:28:29 -0300] "GET /cormun/servlet/vesolicitudgral?2017,6333,, HTTP/1.1" 200 8746
186.79.252.46 - - [08/May/2017:09:28:31 -0300] "POST /cormun/servlet/permisosadjuntos?b448776813b3a42a0dea70511aa49e44,INS,8092172,P,20170508102115,, HTTP/1.1" 200 116
186.79.252.46 - - [08/May/2017:09:28:31 -0300] "GET /cormun/servlet/hpexe_return? HTTP/1.1" 200 1029
192.168.10.96 - - [08/May/2017:09:28:31 -0300] "GET /cormun/servlet/vesolicitudgral?2017,6333,,SolicitudOTAdjuntos HTTP/1.1" 200 9559
192.168.10.96 - - [08/May/2017:09:28:31 -0300] "GET /cormun/pexe_scrolldiv.js HTTP/1.1" 404 1009
192.168.10.96 - - [08/May/2017:09:28:31 -0300] "GET /cormun/pexe_scrolldiv.js HTTP/1.1" 404 1009
186.79.252.46 - - [08/May/2017:09:28:31 -0300] "GET /cormun/servlet/trpermisosadjuntos?8092172,20170508102115,P, HTTP/1.1" 200 6793
192.168.10.96 - - [08/May/2017:09:28:32 -0300] "GET /cormun/servlet/vesolicitudgral?2017,6333,,SolicitudOTAdjuntos HTTP/1.1" 200 9559
192.168.10.96 - - [08/May/2017:09:28:33 -0300] "POST /cormun/servlet/acontrolpreferencessavestate?None,DZAMUDIO,true HTTP/1.1" 200 35
186.79.252.46 - - [08/May/2017:09:28:33 -0300] "GET /cormun/servlet/trpermisosadjuntos?8092172,20170508102115,P, HTTP/1.1" 200 6789
186.103.158.250 - - [08/May/2017:09:28:33 -0300] "GET /cormun/servlet/trsolicitudot? HTTP/1.1" 200 8790
192.168.10.96 - - [08/May/2017:09:28:33 -0300] "GET /cormun/PublicTempStorage/titulocarla1128903.pdf HTTP/1.1" 200 442143
186.103.158.250 - - [08/May/2017:09:28:34 -0300] "GET /cormun/servlet/trsolicitudot? HTTP/1.1" 200 8789
186.79.252.46 - - [08/May/2017:09:28:36 -0300] "POST /cormun/servlet/trpermisosadjuntos?b448776813b3a42a0dea70511aa49e44,8092172,20170508102115,P,,gx-no-cache=1494246576978 HTTP/1.1" 200 90
186.79.252.46 - - [08/May/2017:09:28:36 -0300] "GET /cormun/servlet/hpexe_link HTTP/1.1" 200 976
186.79.252.46 - - [08/May/2017:09:28:36 -0300] "GET /cormun/servlet/trpermisosgoce HTTP/1.1" 200 7858
186.79.252.46 - - [08/May/2017:09:28:38 -0300] "GET /cormun/servlet/trpermisosgoce HTTP/1.1" 200 7856
192.168.10.96 - - [08/May/2017:09:28:38 -0300] "GET /cormun/servlet/vesolicitudgral?2017,6333,,SolicitudOTAdjuntos HTTP/1.1" 200 9558
192.168.10.96 - - [08/May/2017:09:28:38 -0300] "GET /cormun/servlet/vesolicitudgral?2017,6333,,SolicitudOTAdjuntos HTTP/1.1" 200 9559
192.168.10.96 - - [08/May/2017:09:28:39 -0300] "POST /cormun/servlet/acontrolpreferencessavestate?None,DZAMUDIO,true HTTP/1.1" 200 35
186.79.252.46 - - [08/May/2017:09:28:40 -0300] "POST /cormun/servlet/trpermisosgoce?b448776813b3a42a0dea70511aa49e44,gx-no-cache=1494246581003 HTTP/1.1" 200 4912
186.79.252.46 - - [08/May/2017:09:28:40 -0300] "GET /cormun/static/Shared/jqueryui/images/ui-icons_82798d_256x240.png HTTP/1.1" 404 1089
186.79.252.46 - - [08/May/2017:09:28:40 -0300] "GET /cormun/static/Shared/jqueryui/images/ui-bg_highlight-soft_100_c6c2c8_1x100.png HTTP/1.1" 404 1117
186.79.252.46 - - [08/May/2017:09:28:40 -0300] "GET /cormun/static/Shared/jqueryui/images/ui-bg_flat_55_fafafa_40x100.png HTTP/1.1" 404 1097
186.79.252.46 - - [08/May/2017:09:28:40 -0300] "GET /cormun/static/Shared/jqueryui/images/ui-icons_8d78a5_256x240.png HTTP/1.1" 404 1089
186.79.252.46 - - [08/May/2017:09:28:42 -0300] "POST /cormun/servlet/trpermisosgoce?b448776813b3a42a0dea70511aa49e44,gx-no-cache=1494246582609 HTTP/1.1" 200 4170
192.168.10.96 - - [08/May/2017:09:28:42 -0300] "GET /cormun/servlet/vesolicitudgral?2017,6333,,General HTTP/1.1" 200 8752
192.168.10.96 - - [08/May/2017:09:28:42 -0300] "GET /cormun/pexe_scrolldiv.js HTTP/1.1" 404 1009
192.168.10.96 - - [08/May/2017:09:28:42 -0300] "GET /cormun/pexe_scrolldiv.js HTTP/1.1" 404 1009
192.168.10.96 - - [08/May/2017:09:28:42 -0300] "GET /cormun/servlet/vesolicitudgral?2017,6333,,General HTTP/1.1" 200 8751
186.103.158.250 - - [08/May/2017:09:28:43 -0300] "POST /cormun/servlet/trsolicitudot?8c78eda39cd6f719ed8ff93b48c8a059,,gx-no-cache=1494246583258 HTTP/1.1" 200 5761
186.103.158.250 - - [08/May/2017:09:28:43 -0300] "GET /cormun/static/Shared/jqueryui/images/ui-bg_highlight-soft_100_c6c2c8_1x100.png HTTP/1.1" 404 1117
186.103.158.250 - - [08/May/2017:09:28:43 -0300] "GET /cormun/static/Shared/jqueryui/images/ui-icons_82798d_256x240.png HTTP/1.1" 404 1089
186.103.158.250 - - [08/May/2017:09:28:43 -0300] "GET /cormun/static/Shared/jqueryui/images/ui-bg_flat_55_fafafa_40x100.png HTTP/1.1" 404 1097
186.103.158.250 - - [08/May/2017:09:28:43 -0300] "GET /cormun/static/Shared/jqueryui/images/ui-icons_8d78a5_256x240.png HTTP/1.1" 404 1089
186.103.158.250 - - [08/May/2017:09:28:44 -0300] "POST /cormun/servlet/trsolicitudot?8c78eda39cd6f719ed8ff93b48c8a059,,gx-no-cache=1494246583964 HTTP/1.1" 200 5704
192.168.10.96 - - [08/May/2017:09:28:44 -0300] "GET /cormun/servlet/trsolicitudgral? HTTP/1.1" 200 9909
186.79.252.46 - - [08/May/2017:09:28:45 -0300] "GET /cormun/servlet/trautorizarpermisogoce? HTTP/1.1" 200 7776
186.79.252.46 - - [08/May/2017:09:28:45 -0300] "GET /cormun/static/gxcfg.js?20174111145711 HTTP/1.1" 304 -
186.79.252.46 - - [08/May/2017:09:28:45 -0300] "GET /cormun/static/trautorizarpermisogoce.js?201741111451072 HTTP/1.1" 304 -
192.168.10.96 - - [08/May/2017:09:28:45 -0300] "GET /cormun/servlet/trsolicitudgral? HTTP/1.1" 200 9906
186.103.158.250 - - [08/May/2017:09:28:45 -0300] "POST /cormun/servlet/trsolicitudot?8c78eda39cd6f719ed8ff93b48c8a059,,gx-no-cache=1494246585806 HTTP/1.1" 200 5458
186.79.252.46 - - [08/May/2017:09:28:46 -0300] "GET /cormun/servlet/trautorizarpermisogoce? HTTP/1.1" 200 7776
186.103.158.250 - - [08/May/2017:09:28:46 -0300] "POST /cormun/servlet/trsolicitudot?8c78eda39cd6f719ed8ff93b48c8a059,,gx-no-cache=1494246586258 HTTP/1.1" 200 5401
186.103.158.250 - - [08/May/2017:09:28:48 -0300] "POST /cormun/servlet/trsolicitudot?8c78eda39cd6f719ed8ff93b48c8a059,,gx-no-cache=1494246588022 HTTP/1.1" 200 4359
186.103.158.250 - - [08/May/2017:09:28:48 -0300] "POST /cormun/servlet/trsolicitudot?8c78eda39cd6f719ed8ff93b48c8a059,,gx-no-cache=1494246588413 HTTP/1.1" 200 4124
186.79.252.46 - - [08/May/2017:09:28:49 -0300] "POST /cormun/servlet/trautorizarpermisogoce?b448776813b3a42a0dea70511aa49e44,,gx-no-cache=1494246589614 HTTP/1.1" 200 4882
186.79.252.46 - - [08/May/2017:09:28:50 -0300] "POST /cormun/servlet/trautorizarpermisogoce?b448776813b3a42a0dea70511aa49e44,,gx-no-cache=1494246590896 HTTP/1.1" 200 4157
192.168.10.96 - - [08/May/2017:09:28:51 -0300] "GET /cormun/servlet/vesolicitudgral?2017,6333,, HTTP/1.1" 200 8747
192.168.10.96 - - [08/May/2017:09:28:51 -0300] "GET /cormun/pexe_scrolldiv.js HTTP/1.1" 404 1009
192.168.10.96 - - [08/May/2017:09:28:51 -0300] "GET /cormun/pexe_scrolldiv.js HTTP/1.1" 404 1009
192.168.10.96 - - [08/May/2017:09:28:51 -0300] "GET /cormun/servlet/vesolicitudgral?2017,6333,, HTTP/1.1" 200 8746
192.168.10.96 - - [08/May/2017:09:28:52 -0300] "GET /cormun/servlet/vesolicitudgral?2017,6333,,SolicitudOTAdjuntos HTTP/1.1" 200 9558
192.168.10.96 - - [08/May/2017:09:28:52 -0300] "GET /cormun/pexe_scrolldiv.js HTTP/1.1" 404 1009
192.168.10.96 - - [08/May/2017:09:28:52 -0300] "GET /cormun/pexe_scrolldiv.js HTTP/1.1" 404 1009
192.168.10.96 - - [08/May/2017:09:28:53 -0300] "GET /cormun/servlet/vesolicitudgral?2017,6333,,SolicitudOTAdjuntos HTTP/1.1" 200 9559
192.168.10.96 - - [08/May/2017:09:28:54 -0300] "POST /cormun/servlet/acontrolpreferencessavestate?None,DZAMUDIO,true HTTP/1.1" 200 35
192.168.10.96 - - [08/May/2017:09:28:54 -0300] "GET /cormun/PublicTempStorage/titulocarla1415180.pdf HTTP/1.1" 200 442143
192.168.10.96 - - [08/May/2017:09:28:59 -0300] "GET /cormun/servlet/vesolicitudgral?2017,6333,,SolicitudOTAdjuntos HTTP/1.1" 200 9558
192.168.10.96 - - [08/May/2017:09:29:00 -0300] "GET /cormun/servlet/vesolicitudgral?2017,6333,,SolicitudOTAdjuntos HTTP/1.1" 200 9559
192.168.10.96 - - [08/May/2017:09:29:01 -0300] "POST /cormun/servlet/acontrolpreferencessavestate?None,DZAMUDIO,true HTTP/1.1" 200 35
186.79.252.46 - - [08/May/2017:09:29:10 -0300] "GET /cormun/servlet/trsolicitudot? HTTP/1.1" 200 7000
186.79.252.46 - - [08/May/2017:09:29:10 -0300] "GET /cormun/static/gxcfg.js?201731711505139 HTTP/1.1" 304 -
186.79.252.46 - - [08/May/2017:09:29:11 -0300] "GET /cormun/static/trsolicitudot.js?20173171151116 HTTP/1.1" 304 -
186.79.252.46 - - [08/May/2017:09:29:11 -0300] "GET /cormun/servlet/trsolicitudot? HTTP/1.1" 200 7000
186.79.252.46 - - [08/May/2017:09:29:14 -0300] "GET /cormun/servlet/solicitudot?INS,0,0, HTTP/1.1" 200 12826
186.79.252.46 - - [08/May/2017:09:29:14 -0300] "GET /cormun/static/gxcfg.js?20171191042720 HTTP/1.1" 304 -
186.79.252.46 - - [08/May/2017:09:29:14 -0300] "GET /cormun/static/Resources/Spanish/PXTools.css?18365030 HTTP/1.1" 304 -
186.79.252.46 - - [08/May/2017:09:29:14 -0300] "GET /cormun/static/solicitudot.js?2017119104297 HTTP/1.1" 304 -
186.79.252.46 - - [08/May/2017:09:29:16 -0300] "GET /cormun/servlet/solicitudot?INS,0,0, HTTP/1.1" 200 12831
186.79.252.46 - - [08/May/2017:09:29:25 -0300] "POST /cormun/servlet/solicitudot?gx-no-cache=1494246626457 HTTP/1.1" 200 3092
186.79.252.46 - - [08/May/2017:09:29:26 -0300] "POST /cormun/servlet/solicitudot?b448776813b3a42a0dea70511aa49e44,INS,0,0,,gx-no-cache=1494246626929 HTTP/1.1" 200 9867
186.79.252.46 - - [08/May/2017:09:29:40 -0300] "GET /cormun/servlet/solicitudot?49b39730a747797ec649094f2ee0c04fcb1df90f065ad1bf8e8f25f37227a19b2fb5784d41d8b2a206c2fc323f227b4d,gx-no-cache=1494246641304 HTTP/1.1" 200 30
186.79.252.46 - - [08/May/2017:09:31:14 -0300] "POST /cormun/servlet/solicitudot?gx-no-cache=1494246735361 HTTP/1.1" 200 297
