200.72.197.82 - - [08/May/2017:12:41:43 -0300] "GET /cormun/servlet/hpexe_return? HTTP/1.1" 200 1008
200.72.197.82 - - [08/May/2017:12:41:43 -0300] "GET /cormun/servlet/trsolicitudot HTTP/1.1" 200 8686
200.72.197.82 - - [08/May/2017:12:41:44 -0300] "GET /cormun/servlet/trsolicitudot HTTP/1.1" 200 8681
200.72.197.82 - - [08/May/2017:12:41:49 -0300] "POST /cormun/servlet/trsolicitudot?561ce85f2f5519faa282fb366e1eab7a,gx-no-cache=1494258167280 HTTP/1.1" 200 107
200.72.197.82 - - [08/May/2017:12:41:50 -0300] "GET /cormun/servlet/trsolicitudadjuntos?2017,6350, HTTP/1.1" 200 9155
200.72.197.82 - - [08/May/2017:12:41:51 -0300] "GET /cormun/servlet/trsolicitudadjuntos?2017,6350, HTTP/1.1" 200 9158
190.151.100.218 - - [08/May/2017:12:41:56 -0300] "GET /cormun/servlet/solicitudotadjuntos?INS,2017,6350,,1, HTTP/1.1" 200 6012
190.151.100.218 - - [08/May/2017:12:41:56 -0300] "GET /cormun/static/about:blank HTTP/1.1" 404 1011
186.103.132.155 - - [08/May/2017:12:41:56 -0300] "GET /cormun/servlet/solicitudotadjuntos?INS,2017,6350,,1, HTTP/1.1" 200 6006
186.103.132.155 - - [08/May/2017:12:41:57 -0300] "GET /cormun/servlet/solicitudotadjuntos?74e4fe8131afa52a7fabaf49f41ffcb81b0b128f4475e2dd471f8d4fe9c6efe30107887bd9dfd53d63b42af692623ec0,gx-no-cache=1494258176185 HTTP/1.1" 200 30
186.103.132.155 - - [08/May/2017:12:41:57 -0300] "POST /cormun/servlet/solicitudotadjuntos?561ce85f2f5519faa282fb366e1eab7a,INS,2017,6350,,1,,gx-no-cache=1494258176545 HTTP/1.1" 200 3821
186.103.157.98 - - [08/May/2017:12:42:03 -0300] "POST /cormun/servlet/solicitudot?gx-no-cache=1494258183729 HTTP/1.1" 200 122
186.103.157.98 - - [08/May/2017:12:42:03 -0300] "POST /cormun/servlet/solicitudot?gx-no-cache=1494258183809 HTTP/1.1" 200 1280
186.103.157.98 - - [08/May/2017:12:42:03 -0300] "POST /cormun/servlet/solicitudot?gx-no-cache=1494258183870 HTTP/1.1" 200 1162
186.103.157.98 - - [08/May/2017:12:42:03 -0300] "GET /cormun/servlet/solicitudot?802ba5c0d8775728a62d48f7b527b785babcb68bed01a07b3844acfe7f32371c56ef9673db02dad8ec25504cde509c41ce764efd602458ee15e971a0e5b57aecc8363c4f026a76c17d1ae246c8d300d227e6a5cc7d7c46862e82b1bd30ad8b940e7c381f17df5ba1c1be23d9fd92bb4864b321bcc5167fe0b28f3e982117499e479151365b3a6b5dc91bc5f5092986e533bf122b07bb5d9b2fc418e955a84ae27195ac9492a4336522ad3778734fc93efa896c7138ed603f1d042560513c51f9,gx-no-cache=1494258183929 HTTP/1.1" 200 30
186.103.157.98 - - [08/May/2017:12:42:04 -0300] "POST /cormun/servlet/solicitudot?bd9ef1b4527d4229ca921d913584e65f,INS,0,0,,gx-no-cache=1494258183962 HTTP/1.1" 200 11650
200.72.197.82 - - [08/May/2017:12:42:05 -0300] "POST /cormun/servlet/solicitudotadjuntos?gx-no-cache=1494258184685 HTTP/1.1" 200 26
200.72.197.82 - - [08/May/2017:12:42:05 -0300] "GET /cormun/servlet/solicitudotadjuntos?74e4fe8131afa52a7fabaf49f41ffcb827af36663d86a59eea8c00c4bf20273a,gx-no-cache=1494258184837 HTTP/1.1" 200 30
200.72.197.82 - - [08/May/2017:12:42:05 -0300] "GET /cormun/servlet/solicitudotadjuntos?74e4fe8131afa52a7fabaf49f41ffcb827af36663d86a59eea8c00c4bf20273a,gx-no-cache=1494258184908 HTTP/1.1" 200 30
200.72.197.82 - - [08/May/2017:12:42:07 -0300] "POST /cormun/servlet/solicitudotadjuntos?561ce85f2f5519faa282fb366e1eab7a,INS,2017,6350,,1,,gx-no-cache=1494258184960 HTTP/1.1" 200 3664
200.72.197.82 - - [08/May/2017:12:42:07 -0300] "GET /cormun/static/Shared/jqueryui/images/ui-bg_highlight-soft_100_c6c2c8_1x100.png HTTP/1.1" 404 1117
186.103.132.155 - - [08/May/2017:12:42:07 -0300] "GET /cormun/static/Shared/jqueryui/images/ui-icons_82798d_256x240.png HTTP/1.1" 404 1089
186.103.132.155 - - [08/May/2017:12:42:07 -0300] "GET /cormun/static/Shared/jqueryui/images/ui-icons_ebccce_256x240.png HTTP/1.1" 404 1089
190.151.100.218 - - [08/May/2017:12:42:07 -0300] "GET /cormun/static/Shared/jqueryui/images/ui-bg_flat_55_994d53_40x100.png HTTP/1.1" 404 1097
186.103.157.98 - - [08/May/2017:12:42:10 -0300] "POST /cormun/servlet/solicitudot?gx-no-cache=1494258190762 HTTP/1.1" 200 122
186.103.157.98 - - [08/May/2017:12:42:10 -0300] "POST /cormun/servlet/solicitudot?gx-no-cache=1494258190816 HTTP/1.1" 200 1280
186.103.157.98 - - [08/May/2017:12:42:10 -0300] "POST /cormun/servlet/solicitudot?gx-no-cache=1494258190868 HTTP/1.1" 200 1162
186.103.157.98 - - [08/May/2017:12:42:10 -0300] "GET /cormun/servlet/solicitudot?802ba5c0d8775728a62d48f7b527b785babcb68bed01a07b3844acfe7f32371c56ef9673db02dad8ec25504cde509c410ef56db479dd98511a4a07050a94c41bc8363c4f026a76c17d1ae246c8d300d227e6a5cc7d7c46862e82b1bd30ad8b940e7c381f17df5ba1c1be23d9fd92bb4864b321bcc5167fe0b28f3e982117499e479151365b3a6b5dc91bc5f5092986e533bf122b07bb5d9b2fc418e955a84ae27195ac9492a4336522ad3778734fc93efa896c7138ed603f1d042560513c51f9,gx-no-cache=1494258190928 HTTP/1.1" 200 30
186.103.157.98 - - [08/May/2017:12:42:11 -0300] "POST /cormun/servlet/solicitudot?bd9ef1b4527d4229ca921d913584e65f,INS,0,0,,gx-no-cache=1494258190959 HTTP/1.1" 200 11712
190.151.100.218 - - [08/May/2017:12:42:12 -0300] "POST /cormun/servlet/solicitudotadjuntos?561ce85f2f5519faa282fb366e1eab7a,INS,2017,6350,,1,,gx-no-cache=1494258190811 HTTP/1.1" 200 93
190.151.100.218 - - [08/May/2017:12:42:12 -0300] "GET /cormun/servlet/hpexe_return? HTTP/1.1" 200 1021
190.151.100.218 - - [08/May/2017:12:42:12 -0300] "GET /cormun/servlet/trsolicitudadjuntos?2017,6350, HTTP/1.1" 200 9160
190.151.100.218 - - [08/May/2017:12:42:13 -0300] "GET /cormun/servlet/trsolicitudadjuntos?2017,6350, HTTP/1.1" 200 9158
190.151.100.218 - - [08/May/2017:12:42:17 -0300] "GET /cormun/servlet/trsolicitudot? HTTP/1.1" 200 8688
190.151.100.218 - - [08/May/2017:12:42:17 -0300] "GET /cormun/servlet/trsolicitudot? HTTP/1.1" 200 8681
186.103.132.155 - - [08/May/2017:12:42:21 -0300] "POST /cormun/servlet/trsolicitudot?561ce85f2f5519faa282fb366e1eab7a,,gx-no-cache=1494258200217 HTTP/1.1" 200 6001
186.103.132.155 - - [08/May/2017:12:42:21 -0300] "GET /cormun/static/Shared/jqueryui/images/ui-bg_highlight-soft_100_c6c2c8_1x100.png HTTP/1.1" 404 1117
186.103.132.155 - - [08/May/2017:12:42:21 -0300] "GET /cormun/static/Shared/jqueryui/images/ui-bg_flat_55_fafafa_40x100.png HTTP/1.1" 404 1097
200.72.197.82 - - [08/May/2017:12:42:21 -0300] "GET /cormun/static/Shared/jqueryui/images/ui-icons_82798d_256x240.png HTTP/1.1" 404 1089
186.103.132.155 - - [08/May/2017:12:42:21 -0300] "GET /cormun/static/Shared/jqueryui/images/ui-icons_8d78a5_256x240.png HTTP/1.1" 404 1089
186.103.132.155 - - [08/May/2017:12:42:31 -0300] "POST /cormun/servlet/trsolicitudot?561ce85f2f5519faa282fb366e1eab7a,,gx-no-cache=1494258210064 HTTP/1.1" 200 107
186.103.132.155 - - [08/May/2017:12:42:32 -0300] "GET /cormun/servlet/trsolicitudadjuntos?2017,6350, HTTP/1.1" 200 9157
186.103.132.155 - - [08/May/2017:12:42:33 -0300] "GET /cormun/servlet/trsolicitudadjuntos?2017,6350, HTTP/1.1" 200 9156
186.103.132.155 - - [08/May/2017:12:42:37 -0300] "GET /cormun/servlet/solicitudotadjuntos?INS,2017,6350,,1, HTTP/1.1" 200 6012
186.103.132.155 - - [08/May/2017:12:42:37 -0300] "GET /cormun/static/about:blank HTTP/1.1" 404 1011
186.103.132.155 - - [08/May/2017:12:42:37 -0300] "GET /cormun/servlet/solicitudotadjuntos?INS,2017,6350,,1, HTTP/1.1" 200 6006
186.103.132.155 - - [08/May/2017:12:42:38 -0300] "GET /cormun/servlet/solicitudotadjuntos?74e4fe8131afa52a7fabaf49f41ffcb81b0b128f4475e2dd471f8d4fe9c6efe30107887bd9dfd53d63b42af692623ec0,gx-no-cache=1494258217169 HTTP/1.1" 200 30
186.103.132.155 - - [08/May/2017:12:42:38 -0300] "POST /cormun/servlet/solicitudotadjuntos?561ce85f2f5519faa282fb366e1eab7a,INS,2017,6350,,1,,gx-no-cache=1494258217213 HTTP/1.1" 200 3821
186.103.161.206 - - [08/May/2017:12:42:41 -0300] "POST /cormun/servlet/solicitudotadjuntos?gx-no-cache=1494258220436 HTTP/1.1" 200 26
186.103.161.206 - - [08/May/2017:12:42:53 -0300] "GET /cormun/servlet/solicitudotadjuntos?74e4fe8131afa52a7fabaf49f41ffcb827af36663d86a59eea8c00c4bf20273a,gx-no-cache=1494258232421 HTTP/1.1" 200 30
186.103.161.206 - - [08/May/2017:12:42:53 -0300] "GET /cormun/servlet/solicitudotadjuntos?74e4fe8131afa52a7fabaf49f41ffcb827af36663d86a59eea8c00c4bf20273a,gx-no-cache=1494258232646 HTTP/1.1" 200 30
186.103.161.206 - - [08/May/2017:12:43:13 -0300] "POST /cormun/servlet/solicitudotadjuntos?561ce85f2f5519faa282fb366e1eab7a,INS,2017,6350,,1, HTTP/1.1" 200 116
186.103.161.206 - - [08/May/2017:12:43:13 -0300] "GET /cormun/servlet/hpexe_return? HTTP/1.1" 200 1021
186.103.161.206 - - [08/May/2017:12:43:14 -0300] "GET /cormun/servlet/trsolicitudadjuntos?2017,6350, HTTP/1.1" 200 9364
186.103.161.206 - - [08/May/2017:12:43:16 -0300] "GET /cormun/servlet/trsolicitudadjuntos?2017,6350, HTTP/1.1" 200 9363
157.55.39.138 - - [08/May/2017:12:45:13 -0300] "GET /cormun/servlet/trsolicitudadjuntos?2017,5531, HTTP/1.1" 200 8190
157.55.39.138 - - [08/May/2017:12:45:58 -0300] "GET /cormun/static/Shared/ext/ext-all.js HTTP/1.1" 200 1289687
200.72.197.82 - - [08/May/2017:12:50:31 -0300] "GET /cormun/servlet/licenciaspermisos?INS,0,,, HTTP/1.1" 200 6536
200.72.197.82 - - [08/May/2017:12:50:32 -0300] "GET /cormun/servlet/hlogin HTTP/1.1" 200 1752
200.72.197.82 - - [08/May/2017:12:50:32 -0300] "GET /cormun/servlet/licenciaspermisos?INS,0,,, HTTP/1.1" 200 6547
200.72.197.82 - - [08/May/2017:12:50:51 -0300] "POST /cormun/servlet/hlogin?ad8432a0415301256b8d35efc86234a3,gx-no-cache=1494258711901 HTTP/1.1" 200 466
186.79.8.136 - - [08/May/2017:12:51:26 -0300] "GET /cormun/servlet/hlogin HTTP/1.1" 200 1724
186.79.8.136 - - [08/May/2017:12:51:40 -0300] "POST /cormun/servlet/hlogin?566810f9ccc8aa0acc51db3dda12aed4,gx-no-cache=1494258761047 HTTP/1.1" 200 90
186.79.8.136 - - [08/May/2017:12:51:40 -0300] "GET /cormun/servlet/hpexe_link HTTP/1.1" 200 954
186.79.8.136 - - [08/May/2017:12:51:41 -0300] "GET /cormun/servlet/hhome HTTP/1.1" 200 4016
186.79.8.136 - - [08/May/2017:12:51:41 -0300] "GET /cormun/servlet/hhome HTTP/1.1" 200 4012
186.103.159.182 - - [08/May/2017:12:51:43 -0300] "GET /cormun/servlet/hlogin HTTP/1.1" 200 1718
186.103.159.182 - - [08/May/2017:12:51:46 -0300] "POST /cormun/servlet/hlogin?b318b1b93857a207d029da65a54180f5,gx-no-cache=1494258766735 HTTP/1.1" 200 90
186.103.159.182 - - [08/May/2017:12:51:46 -0300] "GET /cormun/servlet/hpexe_link HTTP/1.1" 200 947
186.103.159.182 - - [08/May/2017:12:51:46 -0300] "GET /cormun/servlet/hhome HTTP/1.1" 200 4054
186.79.8.136 - - [08/May/2017:12:51:47 -0300] "GET /cormun/servlet/trrenuncias? HTTP/1.1" 200 7447
186.79.8.136 - - [08/May/2017:12:51:47 -0300] "GET /cormun/servlet/trrenuncias? HTTP/1.1" 200 7447
186.103.159.182 - - [08/May/2017:12:51:48 -0300] "GET /cormun/servlet/hhome HTTP/1.1" 200 4050
186.103.159.182 - - [08/May/2017:12:51:51 -0300] "GET /cormun/servlet/trpermisosgoce? HTTP/1.1" 200 6834
186.103.159.182 - - [08/May/2017:12:51:52 -0300] "GET /cormun/static/gxcfg.js?20174111153177 HTTP/1.1" 304 -
186.103.159.182 - - [08/May/2017:12:51:52 -0300] "GET /cormun/static/trpermisosgoce.js?20174111153217 HTTP/1.1" 304 -
186.103.159.182 - - [08/May/2017:12:51:53 -0300] "GET /cormun/servlet/trpermisosgoce? HTTP/1.1" 200 6834
186.79.8.136 - - [08/May/2017:12:51:53 -0300] "GET /cormun/servlet/trrenunciasadjuntos?45,19020890, HTTP/1.1" 200 6026
186.79.8.136 - - [08/May/2017:12:51:53 -0300] "GET /cormun/static/gxcfg.js?201731711565375 HTTP/1.1" 200 953
186.79.8.136 - - [08/May/2017:12:51:53 -0300] "GET /cormun/static/trrenunciasadjuntos.js?201731711565661 HTTP/1.1" 200 15159
186.79.8.136 - - [08/May/2017:12:51:53 -0300] "GET /cormun/servlet/trrenunciasadjuntos?45,19020890, HTTP/1.1" 200 6026
186.79.8.136 - - [08/May/2017:12:51:56 -0300] "GET /cormun/servlet/renunciasadjuntos?INS,45,, HTTP/1.1" 200 5356
186.79.8.136 - - [08/May/2017:12:51:56 -0300] "GET /cormun/static/gxcfg.js?201731711431598 HTTP/1.1" 200 953
186.79.8.136 - - [08/May/2017:12:51:57 -0300] "GET /cormun/static/renunciasadjuntos.js?20173171143167 HTTP/1.1" 200 5937
186.79.8.136 - - [08/May/2017:12:51:57 -0300] "GET /cormun/static/about:blank HTTP/1.1" 404 1011
186.79.8.136 - - [08/May/2017:12:51:57 -0300] "GET /cormun/servlet/renunciasadjuntos?INS,45,, HTTP/1.1" 200 5343
186.103.159.182 - - [08/May/2017:12:51:59 -0300] "GET /cormun/servlet/permisogoce?INS,0,,, HTTP/1.1" 200 6835
186.103.159.182 - - [08/May/2017:12:51:59 -0300] "GET /cormun/static/gxcfg.js?201741111325459 HTTP/1.1" 200 953
186.103.159.182 - - [08/May/2017:12:51:59 -0300] "GET /cormun/static/permisogoce.js?20174111132557 HTTP/1.1" 304 -
186.103.159.182 - - [08/May/2017:12:52:00 -0300] "GET /cormun/servlet/permisogoce?INS,0,,, HTTP/1.1" 200 6835
186.103.132.155 - - [08/May/2017:12:52:11 -0300] "POST /cormun/servlet/hlogin?ad8432a0415301256b8d35efc86234a3,gx-no-cache=1494258791496 HTTP/1.1" 200 90
186.103.132.155 - - [08/May/2017:12:52:11 -0300] "GET /cormun/servlet/hpexe_link HTTP/1.1" 200 971
186.103.132.155 - - [08/May/2017:12:52:11 -0300] "GET /cormun/servlet/licenciaspermisos?INS,0,,, HTTP/1.1" 200 7247
186.103.132.155 - - [08/May/2017:12:52:12 -0300] "GET /cormun/servlet/licenciaspermisos?INS,0,,, HTTP/1.1" 200 7246
186.103.159.182 - - [08/May/2017:12:52:16 -0300] "GET /cormun/servlet/permisogoce?d19c5aa162a6c8ab660a632ab34e9073e262e2662cc895ab573f4fe842f764f25d74d90d0a2467c230df0b7528d99065,gx-no-cache=1494258797098 HTTP/1.1" 200 72
186.103.159.182 - - [08/May/2017:12:52:16 -0300] "GET /cormun/static/menuarrow.gif HTTP/1.1" 404 1015
186.103.161.206 - - [08/May/2017:12:52:18 -0300] "GET /cormun/servlet/trsolicitudot? HTTP/1.1" 200 8278
186.103.161.206 - - [08/May/2017:12:52:19 -0300] "GET /cormun/servlet/trsolicitudot? HTTP/1.1" 200 8270
186.79.8.136 - - [08/May/2017:12:52:19 -0300] "POST /cormun/servlet/renunciasadjuntos?566810f9ccc8aa0acc51db3dda12aed4,INS,45,, HTTP/1.1" 200 116
186.79.8.136 - - [08/May/2017:12:52:19 -0300] "GET /cormun/servlet/hpexe_return? HTTP/1.1" 200 1024
186.79.8.136 - - [08/May/2017:12:52:20 -0300] "GET /cormun/servlet/trrenunciasadjuntos?45,19020890, HTTP/1.1" 200 6422
186.79.8.136 - - [08/May/2017:12:52:20 -0300] "GET /cormun/servlet/trrenunciasadjuntos?45,19020890, HTTP/1.1" 200 6418
186.79.8.136 - - [08/May/2017:12:52:27 -0300] "GET /cormun/servlet/trrenuncias? HTTP/1.1" 200 7447
186.79.8.136 - - [08/May/2017:12:52:28 -0300] "GET /cormun/servlet/trrenuncias? HTTP/1.1" 200 7447
186.103.161.206 - - [08/May/2017:12:52:29 -0300] "POST /cormun/servlet/trsolicitudot?ad8432a0415301256b8d35efc86234a3,,gx-no-cache=1494258808696 HTTP/1.1" 200 106
186.103.161.206 - - [08/May/2017:12:52:29 -0300] "GET /cormun/servlet/trsolicitudadjuntos?2017,6333, HTTP/1.1" 200 6110
186.103.161.206 - - [08/May/2017:12:52:30 -0300] "GET /cormun/servlet/trsolicitudadjuntos?2017,6333, HTTP/1.1" 200 6110
186.79.8.136 - - [08/May/2017:12:52:35 -0300] "POST /cormun/servlet/trrenuncias?566810f9ccc8aa0acc51db3dda12aed4,,gx-no-cache=1494258815901 HTTP/1.1" 200 4133
186.79.8.136 - - [08/May/2017:12:52:36 -0300] "GET /cormun/static/Shared/jqueryui/images/ui-bg_highlight-soft_100_c6c2c8_1x100.png HTTP/1.1" 404 1117
186.79.8.136 - - [08/May/2017:12:52:36 -0300] "GET /cormun/static/Shared/jqueryui/images/ui-icons_82798d_256x240.png HTTP/1.1" 404 1089
186.79.8.136 - - [08/May/2017:12:52:36 -0300] "GET /cormun/static/Shared/jqueryui/images/ui-bg_flat_55_fafafa_40x100.png HTTP/1.1" 404 1097
186.79.8.136 - - [08/May/2017:12:52:36 -0300] "GET /cormun/static/Shared/jqueryui/images/ui-icons_8d78a5_256x240.png HTTP/1.1" 404 1089
186.103.159.182 - - [08/May/2017:12:52:37 -0300] "GET /cormun/servlet/permisogoce?d19c5aa162a6c8ab660a632ab34e90736a266f92def34a56705c93de792c22ef6bed5892193e0c65ef4de004a0f92e56a08659c04a41d293ecf55e336b59451f,gx-no-cache=1494258817859 HTTP/1.1" 200 46
186.79.8.136 - - [08/May/2017:12:52:41 -0300] "GET /cormun/servlet/trautorizarenuncias? HTTP/1.1" 200 7238
186.79.8.136 - - [08/May/2017:12:52:41 -0300] "GET /cormun/static/gxcfg.js?201731711565856 HTTP/1.1" 200 953
186.79.8.136 - - [08/May/2017:12:52:41 -0300] "GET /cormun/static/trautorizarenuncias.js?20173171157315 HTTP/1.1" 200 26451
186.79.8.136 - - [08/May/2017:12:52:42 -0300] "GET /cormun/servlet/trautorizarenuncias? HTTP/1.1" 200 7238
186.79.8.136 - - [08/May/2017:12:52:51 -0300] "POST /cormun/servlet/trautorizarenuncias?566810f9ccc8aa0acc51db3dda12aed4,,gx-no-cache=1494258831486 HTTP/1.1" 200 4051
186.79.8.136 - - [08/May/2017:12:52:51 -0300] "GET /cormun/static/Shared/jqueryui/images/ui-bg_highlight-soft_100_c6c2c8_1x100.png HTTP/1.1" 404 1117
186.79.8.136 - - [08/May/2017:12:52:51 -0300] "GET /cormun/static/Shared/jqueryui/images/ui-icons_8d78a5_256x240.png HTTP/1.1" 404 1089
186.79.8.136 - - [08/May/2017:12:52:51 -0300] "GET /cormun/static/Shared/jqueryui/images/ui-icons_82798d_256x240.png HTTP/1.1" 404 1089
186.79.8.136 - - [08/May/2017:12:52:51 -0300] "GET /cormun/static/Shared/jqueryui/images/ui-bg_flat_55_fafafa_40x100.png HTTP/1.1" 404 1097
186.103.161.206 - - [08/May/2017:12:52:51 -0300] "GET /cormun/servlet/solicitudotadjuntos?INS,2017,6333,,1, HTTP/1.1" 200 6044
186.103.161.206 - - [08/May/2017:12:52:52 -0300] "GET /cormun/static/about:blank HTTP/1.1" 404 1011
186.103.132.155 - - [08/May/2017:12:52:52 -0300] "GET /cormun/servlet/solicitudotadjuntos?INS,2017,6333,,1, HTTP/1.1" 200 6037
186.103.161.206 - - [08/May/2017:12:52:53 -0300] "GET /cormun/servlet/solicitudotadjuntos?375bfe98323690e43bae590cbce232d83f330737ee29840881c6a9c119ae795db2cc4ddcc70b5a57bb0eb80c756aa20d,gx-no-cache=1494258833331 HTTP/1.1" 200 30
186.103.161.206 - - [08/May/2017:12:52:54 -0300] "POST /cormun/servlet/solicitudotadjuntos?ad8432a0415301256b8d35efc86234a3,INS,2017,6333,,1,,gx-no-cache=1494258833390 HTTP/1.1" 200 3841
186.103.161.206 - - [08/May/2017:12:52:58 -0300] "POST /cormun/servlet/solicitudotadjuntos?gx-no-cache=1494258838836 HTTP/1.1" 200 26
186.103.159.182 - - [08/May/2017:12:53:10 -0300] "POST /cormun/servlet/permisogoce?b318b1b93857a207d029da65a54180f5,INS,0,,,,gx-no-cache=1494258850302 HTTP/1.1" 200 93
186.103.159.182 - - [08/May/2017:12:53:10 -0300] "GET /cormun/servlet/hpexe_return? HTTP/1.1" 200 1003
186.103.159.182 - - [08/May/2017:12:53:10 -0300] "GET /cormun/servlet/trpermisosgoce HTTP/1.1" 200 7690
186.103.159.182 - - [08/May/2017:12:53:12 -0300] "GET /cormun/servlet/trpermisosgoce HTTP/1.1" 200 7686
186.103.159.182 - - [08/May/2017:12:53:15 -0300] "GET /cormun/servlet/apermisogoceprn?13117033,P,20170508134735,PU HTTP/1.1" 200 1674
190.151.100.218 - - [08/May/2017:12:53:21 -0300] "GET /cormun/servlet/solicitudotadjuntos?375bfe98323690e43bae590cbce232d854cdb59014b07d62df89986d5e602e17,gx-no-cache=1494258861508 HTTP/1.1" 200 30
190.151.100.218 - - [08/May/2017:12:53:21 -0300] "GET /cormun/servlet/solicitudotadjuntos?375bfe98323690e43bae590cbce232d854cdb59014b07d62df89986d5e602e17,gx-no-cache=1494258861567 HTTP/1.1" 200 30
190.151.100.218 - - [08/May/2017:12:53:31 -0300] "POST /cormun/servlet/solicitudotadjuntos?ad8432a0415301256b8d35efc86234a3,INS,2017,6333,,1, HTTP/1.1" 200 116
190.151.100.218 - - [08/May/2017:12:53:32 -0300] "GET /cormun/servlet/hpexe_return? HTTP/1.1" 200 1027
190.151.100.218 - - [08/May/2017:12:53:32 -0300] "GET /cormun/servlet/trsolicitudadjuntos?2017,6333, HTTP/1.1" 200 8273
190.151.100.218 - - [08/May/2017:12:53:33 -0300] "GET /cormun/servlet/trsolicitudadjuntos?2017,6333, HTTP/1.1" 200 8268
186.103.161.206 - - [08/May/2017:12:53:39 -0300] "GET /cormun/servlet/solicitudotadjuntos?INS,2017,6333,,1, HTTP/1.1" 200 6044
186.103.161.206 - - [08/May/2017:12:53:39 -0300] "GET /cormun/static/about:blank HTTP/1.1" 404 1011
186.103.161.206 - - [08/May/2017:12:53:40 -0300] "GET /cormun/servlet/solicitudotadjuntos?INS,2017,6333,,1, HTTP/1.1" 200 6037
186.103.161.206 - - [08/May/2017:12:53:40 -0300] "GET /cormun/servlet/solicitudotadjuntos?375bfe98323690e43bae590cbce232d83f330737ee29840881c6a9c119ae795db2cc4ddcc70b5a57bb0eb80c756aa20d,gx-no-cache=1494258880837 HTTP/1.1" 200 30
186.103.161.206 - - [08/May/2017:12:53:45 -0300] "POST /cormun/servlet/solicitudotadjuntos?ad8432a0415301256b8d35efc86234a3,INS,2017,6333,,1,,gx-no-cache=1494258880904 HTTP/1.1" 200 3841
186.103.161.206 - - [08/May/2017:12:53:48 -0300] "POST /cormun/servlet/solicitudotadjuntos?gx-no-cache=1494258889101 HTTP/1.1" 200 26
186.103.161.206 - - [08/May/2017:12:53:57 -0300] "GET /cormun/servlet/solicitudotadjuntos?375bfe98323690e43bae590cbce232d854cdb59014b07d62df89986d5e602e17,gx-no-cache=1494258897375 HTTP/1.1" 200 30
186.103.161.206 - - [08/May/2017:12:53:57 -0300] "GET /cormun/servlet/solicitudotadjuntos?375bfe98323690e43bae590cbce232d854cdb59014b07d62df89986d5e602e17,gx-no-cache=1494258897433 HTTP/1.1" 200 30
186.103.159.182 - - [08/May/2017:12:54:23 -0300] "GET /cormun/servlet/trpermisosadjuntos?13117033,20170508134735,P, HTTP/1.1" 200 6368
186.103.159.182 - - [08/May/2017:12:54:24 -0300] "GET /cormun/static/trpermisosadjuntos.js?201731711542990 HTTP/1.1" 304 -
186.103.159.182 - - [08/May/2017:12:54:24 -0300] "GET /cormun/static/gxcfg.js?201731711542659 HTTP/1.1" 304 -
186.103.159.182 - - [08/May/2017:12:54:25 -0300] "GET /cormun/servlet/trpermisosadjuntos?13117033,20170508134735,P, HTTP/1.1" 200 6368
186.103.161.206 - - [08/May/2017:12:54:52 -0300] "POST /cormun/servlet/solicitudotadjuntos?ad8432a0415301256b8d35efc86234a3,INS,2017,6333,,1, HTTP/1.1" 200 6122
186.103.161.206 - - [08/May/2017:12:54:55 -0300] "GET /home/sistema/apache-tomcat-7.0.65/webapps/cormun/PrivateTempStorage/upload_00007574.pdf HTTP/1.1" 404 1135
190.151.100.218 - - [08/May/2017:12:54:55 -0300] "GET /cormun/static/Shared/jqueryui/images/ui-icons_ebccce_256x240.png HTTP/1.1" 404 1089
186.103.132.155 - - [08/May/2017:12:54:55 -0300] "GET /cormun/static/Shared/jqueryui/images/ui-bg_highlight-soft_100_c6c2c8_1x100.png HTTP/1.1" 404 1117
190.151.100.218 - - [08/May/2017:12:54:55 -0300] "GET /cormun/static/Shared/jqueryui/images/ui-bg_flat_55_994d53_40x100.png HTTP/1.1" 404 1097
186.103.132.155 - - [08/May/2017:12:54:55 -0300] "GET /cormun/static/Shared/jqueryui/images/ui-icons_82798d_256x240.png HTTP/1.1" 404 1089
186.103.132.155 - - [08/May/2017:12:55:26 -0300] "GET /cormun/servlet/solicitudotadjuntos?375bfe98323690e43bae590cbce232d89f1e1fb7f5b9e00da4f1ac349519b9d6245b3cc4c97f5a3b90add4357ebf3091,gx-no-cache=1494258986234 HTTP/1.1" 200 30
186.103.132.155 - - [08/May/2017:12:55:26 -0300] "GET /cormun/servlet/solicitudotadjuntos?375bfe98323690e43bae590cbce232d80463f17bdba429e43e86e33eaea7b749245b3cc4c97f5a3b90add4357ebf3091,gx-no-cache=1494258986404 HTTP/1.1" 200 30
46.174.191.29 - - [08/May/2017:12:55:54 -0300] "GET / HTTP/1.0" 200 11197
186.103.132.155 - - [08/May/2017:12:56:18 -0300] "POST /cormun/servlet/solicitudotadjuntos?ad8432a0415301256b8d35efc86234a3,INS,2017,6333,,1, HTTP/1.1" 200 6602
186.103.132.155 - - [08/May/2017:12:56:36 -0300] "POST /cormun/servlet/solicitudotadjuntos?gx-no-cache=1494259056674 HTTP/1.1" 200 26
190.151.100.218 - - [08/May/2017:12:57:22 -0300] "GET /cormun/servlet/solicitudotadjuntos?375bfe98323690e43bae590cbce232d8b76e516a6303f3d771e5a58035f89152,gx-no-cache=1494259102677 HTTP/1.1" 200 30
190.151.100.218 - - [08/May/2017:12:57:22 -0300] "GET /cormun/servlet/solicitudotadjuntos?375bfe98323690e43bae590cbce232d8b76e516a6303f3d771e5a58035f89152,gx-no-cache=1494259102796 HTTP/1.1" 200 30
190.151.100.218 - - [08/May/2017:12:58:19 -0300] "POST /cormun/servlet/solicitudotadjuntos?ad8432a0415301256b8d35efc86234a3,INS,2017,6333,,1, HTTP/1.1" 200 6602
186.103.161.206 - - [08/May/2017:12:59:10 -0300] "POST /cormun/servlet/solicitudotadjuntos?ad8432a0415301256b8d35efc86234a3,INS,2017,6333,,1, HTTP/1.1" 200 6463
186.103.161.206 - - [08/May/2017:12:59:10 -0300] "GET /home/sistema/apache-tomcat-7.0.65/webapps/cormun/PrivateTempStorage/upload_00007600.pdf HTTP/1.1" 404 1135
200.72.197.82 - - [08/May/2017:12:59:10 -0300] "GET /cormun/PrivateTempStorage/upload_00007600.pdf HTTP/1.1" 200 16384
186.103.161.206 - - [08/May/2017:12:59:13 -0300] "GET /cormun/PrivateTempStorage/upload_00007600.pdf HTTP/1.1" 200 229376
190.151.100.218 - - [08/May/2017:12:59:24 -0300] "GET /cormun/PrivateTempStorage/upload_00007600.pdf HTTP/1.1" 206 109603
190.151.100.218 - - [08/May/2017:12:59:35 -0300] "GET /cormun/servlet/solicitudotadjuntos?375bfe98323690e43bae590cbce232d80463f17bdba429e43e86e33eaea7b749245b3cc4c97f5a3b90add4357ebf3091,gx-no-cache=1494259235381 HTTP/1.1" 200 30
190.151.100.218 - - [08/May/2017:12:59:35 -0300] "GET /cormun/servlet/solicitudotadjuntos?375bfe98323690e43bae590cbce232d80463f17bdba429e43e86e33eaea7b749245b3cc4c97f5a3b90add4357ebf3091,gx-no-cache=1494259235566 HTTP/1.1" 200 30
186.79.9.242 - - [08/May/2017:13:00:18 -0300] "GET /cormun/servlet/hlogin HTTP/1.1" 200 1717
186.79.9.242 - - [08/May/2017:13:00:25 -0300] "POST /cormun/servlet/hlogin?b5d731e04ed8825d19ba2ace1247a37b,gx-no-cache=1494259285398 HTTP/1.1" 200 90
186.79.9.242 - - [08/May/2017:13:00:25 -0300] "GET /cormun/servlet/hpexe_link HTTP/1.1" 200 949
186.79.9.242 - - [08/May/2017:13:00:25 -0300] "GET /cormun/servlet/hhome HTTP/1.1" 200 3808
186.79.9.242 - - [08/May/2017:13:00:26 -0300] "GET /cormun/servlet/hhome HTTP/1.1" 200 3805
190.151.100.218 - - [08/May/2017:13:00:43 -0300] "POST /cormun/servlet/solicitudotadjuntos?ad8432a0415301256b8d35efc86234a3,INS,2017,6333,,1, HTTP/1.1" 200 6602
186.79.9.242 - - [08/May/2017:13:00:57 -0300] "GET /cormun/servlet/trlicencias? HTTP/1.1" 200 6648
186.79.9.242 - - [08/May/2017:13:00:58 -0300] "GET /cormun/static/gxcfg.js?201741111445981 HTTP/1.1" 304 -
186.79.9.242 - - [08/May/2017:13:00:58 -0300] "GET /cormun/static/trlicencias.js?20174111145440 HTTP/1.1" 304 -
186.79.9.242 - - [08/May/2017:13:00:58 -0300] "GET /cormun/servlet/trlicencias? HTTP/1.1" 200 6647
186.79.9.242 - - [08/May/2017:13:01:00 -0300] "GET /cormun/servlet/licenciaspermisos?INS,0,,, HTTP/1.1" 200 7196
186.79.9.242 - - [08/May/2017:13:01:00 -0300] "GET /cormun/static/gxcfg.js?201741111445322 HTTP/1.1" 304 -
186.79.9.242 - - [08/May/2017:13:01:00 -0300] "GET /cormun/static/licenciaspermisos.js?201741111445392 HTTP/1.1" 304 -
186.79.9.242 - - [08/May/2017:13:01:01 -0300] "GET /cormun/servlet/licenciaspermisos?INS,0,,, HTTP/1.1" 200 7196
190.151.100.218 - - [08/May/2017:13:01:25 -0300] "GET /cormun/servlet/trsolicitudot? HTTP/1.1" 200 8282
190.151.100.218 - - [08/May/2017:13:01:26 -0300] "GET /cormun/servlet/trsolicitudot? HTTP/1.1" 200 8270
190.151.100.218 - - [08/May/2017:13:01:34 -0300] "POST /cormun/servlet/trsolicitudot?ad8432a0415301256b8d35efc86234a3,,gx-no-cache=1494259353744 HTTP/1.1" 200 5648
190.151.100.218 - - [08/May/2017:13:01:34 -0300] "GET /cormun/static/Shared/jqueryui/images/ui-bg_highlight-soft_100_c6c2c8_1x100.png HTTP/1.1" 404 1117
186.103.161.206 - - [08/May/2017:13:01:34 -0300] "GET /cormun/static/Shared/jqueryui/images/ui-icons_82798d_256x240.png HTTP/1.1" 404 1089
190.151.100.218 - - [08/May/2017:13:01:35 -0300] "GET /cormun/static/Shared/jqueryui/images/ui-icons_8d78a5_256x240.png HTTP/1.1" 404 1089
186.103.161.206 - - [08/May/2017:13:01:35 -0300] "GET /cormun/static/Shared/jqueryui/images/ui-bg_flat_55_fafafa_40x100.png HTTP/1.1" 404 1097
186.103.159.188 - - [08/May/2017:13:01:42 -0300] "GET /cormun/servlet/hlogin HTTP/1.1" 200 1729
190.151.100.218 - - [08/May/2017:13:02:17 -0300] "GET /cormun/servlet/treventos?2017,6333, HTTP/1.1" 200 6069
190.151.100.218 - - [08/May/2017:13:02:17 -0300] "GET /cormun/static/gxcfg.js?2016101716195975 HTTP/1.1" 200 953
186.103.132.155 - - [08/May/2017:13:02:18 -0300] "GET /cormun/static/treventos.js?201610171620222 HTTP/1.1" 200 16055
186.103.132.155 - - [08/May/2017:13:02:27 -0300] "GET /cormun/servlet/treventos?2017,6333, HTTP/1.1" 200 6069
190.151.100.218 - - [08/May/2017:13:02:31 -0300] "GET /cormun/servlet/trsolicitudot? HTTP/1.1" 200 8282
190.151.100.218 - - [08/May/2017:13:02:32 -0300] "GET /cormun/servlet/trsolicitudot? HTTP/1.1" 200 8270
200.86.10.241 - - [08/May/2017:13:03:03 -0300] "POST /cormun/servlet/hlogin?5e05871f2e5b9c887f4b6e5bee2d91fb,gx-no-cache=1494259443002 HTTP/1.1" 200 90
200.86.10.241 - - [08/May/2017:13:03:03 -0300] "GET /cormun/servlet/hpexe_link HTTP/1.1" 200 954
200.86.10.241 - - [08/May/2017:13:03:03 -0300] "GET /cormun/static/hpexe_link.js?201731711483384 HTTP/1.1" 200 625
200.86.10.241 - - [08/May/2017:13:03:04 -0300] "GET /cormun/servlet/hhome HTTP/1.1" 200 3783
200.86.10.241 - - [08/May/2017:13:03:04 -0300] "GET /cormun/servlet/hhome HTTP/1.1" 200 3779
200.86.10.241 - - [08/May/2017:13:03:07 -0300] "GET /cormun/servlet/trpermisosgoce? HTTP/1.1" 200 6539
200.86.10.241 - - [08/May/2017:13:03:08 -0300] "GET /cormun/servlet/trpermisosgoce? HTTP/1.1" 200 6538
186.79.9.242 - - [08/May/2017:13:03:15 -0300] "GET /cormun/servlet/licenciaspermisos?8ac0c418a1cf3c7d59d21effd8cbd712a337bda716db6d05b231249495ac1039e42cbedd54c2e010d609050ae7d9690e,gx-no-cache=1494259455125 HTTP/1.1" 200 69
186.79.9.242 - - [08/May/2017:13:03:15 -0300] "POST /cormun/servlet/licenciaspermisos?b5d731e04ed8825d19ba2ace1247a37b,INS,0,,,,gx-no-cache=1494259455272 HTTP/1.1" 200 4435
192.168.10.96 - - [08/May/2017:13:03:18 -0300] "GET /cormun/servlet/trsolicitudgral? HTTP/1.1" 200 23983
192.168.10.96 - - [08/May/2017:13:03:19 -0300] "GET /cormun/servlet/hlogin HTTP/1.1" 200 1744
192.168.10.96 - - [08/May/2017:13:03:19 -0300] "GET /cormun/servlet/trsolicitudgral? HTTP/1.1" 200 23973
192.168.10.96 - - [08/May/2017:13:03:27 -0300] "POST /cormun/servlet/hlogin?c51d0c4ccca3ac7ccbd9cd810798b85c,gx-no-cache=1494262672243 HTTP/1.1" 200 90
192.168.10.96 - - [08/May/2017:13:03:27 -0300] "GET /cormun/servlet/hpexe_link HTTP/1.1" 200 961
192.168.10.96 - - [08/May/2017:13:03:27 -0300] "GET /cormun/servlet/trsolicitudgral HTTP/1.1" 200 24965
186.103.159.188 - - [08/May/2017:13:03:28 -0300] "GET /cormun/servlet/permisogoce?INS,0,,, HTTP/1.1" 200 6551
186.103.159.188 - - [08/May/2017:13:03:28 -0300] "GET /cormun/static/gxcfg.js?201741111325459 HTTP/1.1" 304 -
186.103.159.188 - - [08/May/2017:13:03:28 -0300] "GET /cormun/static/gxdec.js?85251 HTTP/1.1" 304 -
186.103.159.188 - - [08/May/2017:13:03:28 -0300] "GET /cormun/static/permisogoce.js?20174111132557 HTTP/1.1" 304 -
186.103.159.188 - - [08/May/2017:13:03:28 -0300] "GET /cormun/servlet/permisogoce?INS,0,,, HTTP/1.1" 200 6551
192.168.10.96 - - [08/May/2017:13:03:29 -0300] "GET /cormun/servlet/trsolicitudgral HTTP/1.1" 200 24963
192.168.10.96 - - [08/May/2017:13:03:35 -0300] "POST /cormun/servlet/trsolicitudgral?c51d0c4ccca3ac7ccbd9cd810798b85c,gx-no-cache=1494262680574 HTTP/1.1" 200 9242
186.103.159.188 - - [08/May/2017:13:03:35 -0300] "GET /cormun/servlet/permisogoce?f9413a4cdb4a9910c3f8402625b20bbece418570312e6b5eed0f62764baf392c8f711f55f67562f82ab6093bc07fc386,gx-no-cache=1494259475341 HTTP/1.1" 200 74
186.103.159.188 - - [08/May/2017:13:03:35 -0300] "GET /cormun/static/menuarrow.gif HTTP/1.1" 404 1015
186.79.9.242 - - [08/May/2017:13:03:35 -0300] "GET /cormun/static/menuarrow.gif HTTP/1.1" 404 1015
186.103.159.188 - - [08/May/2017:13:03:44 -0300] "GET /cormun/servlet/permisogoce?f9413a4cdb4a9910c3f8402625b20bbe638954fa94044fbf29450a426a822b553c2322cb94eef734d6c09d2759d5f1f92a828941cb55e9eb4a11a0aa61d07787,gx-no-cache=1494259484202 HTTP/1.1" 200 47
186.103.159.43 - - [08/May/2017:13:03:47 -0300] "GET /cormun/servlet/hlogin HTTP/1.1" 200 1728
186.103.159.43 - - [08/May/2017:13:03:50 -0300] "POST /cormun/servlet/hlogin?0357823722b35bac7d572139056060bf,gx-no-cache=1494259489789 HTTP/1.1" 200 90
186.103.159.43 - - [08/May/2017:13:03:50 -0300] "GET /cormun/servlet/hpexe_link HTTP/1.1" 200 956
186.103.159.43 - - [08/May/2017:13:03:50 -0300] "GET /cormun/servlet/hhome HTTP/1.1" 200 3964
186.103.159.43 - - [08/May/2017:13:03:50 -0300] "GET /cormun/servlet/hhome HTTP/1.1" 200 3960
192.168.10.96 - - [08/May/2017:13:03:50 -0300] "POST /cormun/servlet/trsolicitudgral?c51d0c4ccca3ac7ccbd9cd810798b85c,gx-no-cache=1494262695860 HTTP/1.1" 200 6571
192.168.10.96 - - [08/May/2017:13:03:53 -0300] "GET /cormun/servlet/vesolicitudgral?2017,6333,, HTTP/1.1" 200 8750
192.168.10.96 - - [08/May/2017:13:03:53 -0300] "GET /cormun/pexe_scrolldiv.js HTTP/1.1" 404 1009
192.168.10.96 - - [08/May/2017:13:03:53 -0300] "GET /cormun/pexe_scrolldiv.js HTTP/1.1" 404 1009
192.168.10.96 - - [08/May/2017:13:03:54 -0300] "GET /cormun/servlet/vesolicitudgral?2017,6333,, HTTP/1.1" 200 8750
192.168.10.96 - - [08/May/2017:13:03:55 -0300] "GET /cormun/servlet/vesolicitudgral?2017,6333,,SolicitudOTAdjuntos HTTP/1.1" 200 9563
192.168.10.96 - - [08/May/2017:13:03:55 -0300] "GET /cormun/pexe_scrolldiv.js HTTP/1.1" 404 1009
192.168.10.96 - - [08/May/2017:13:03:56 -0300] "GET /cormun/servlet/vesolicitudgral?2017,6333,,SolicitudOTAdjuntos HTTP/1.1" 200 9564
192.168.10.96 - - [08/May/2017:13:03:57 -0300] "POST /cormun/servlet/acontrolpreferencessavestate?None,DZAMUDIO,true HTTP/1.1" 200 35
192.168.10.96 - - [08/May/2017:13:04:00 -0300] "POST /cormun/servlet/vesolicitudgral?c51d0c4ccca3ac7ccbd9cd810798b85c,2017,6333,,SolicitudOTAdjuntos,gx-no-cache=1494262705792 HTTP/1.1" 200 90
192.168.10.96 - - [08/May/2017:13:04:00 -0300] "GET /cormun/servlet/hpexe_link HTTP/1.1" 200 1001
192.168.10.96 - - [08/May/2017:13:04:00 -0300] "GET /cormun/servlet/trsolicitudgral?gx-no-cache=1494262695860 HTTP/1.1" 200 9792
192.168.10.96 - - [08/May/2017:13:04:01 -0300] "GET /cormun/servlet/trsolicitudgral?gx-no-cache=1494262695860 HTTP/1.1" 200 9812
186.103.158.250 - - [08/May/2017:13:04:02 -0300] "GET /cormun/servlet/hlogin HTTP/1.1" 200 1723
192.168.10.96 - - [08/May/2017:13:04:16 -0300] "POST /cormun/servlet/trsolicitudgral?c51d0c4ccca3ac7ccbd9cd810798b85c,gx-no-cache=1494262695860,gx-no-cache=1494262721999 HTTP/1.1" 200 5201
192.168.10.96 - - [08/May/2017:13:04:21 -0300] "POST /cormun/servlet/trsolicitudgral?c51d0c4ccca3ac7ccbd9cd810798b85c,gx-no-cache=1494262695860,gx-no-cache=1494262726218 HTTP/1.1" 200 6571
200.86.10.241 - - [08/May/2017:13:04:24 -0300] "POST /cormun/servlet/permisogoce?5e05871f2e5b9c887f4b6e5bee2d91fb,INS,0,,,,gx-no-cache=1494259523388 HTTP/1.1" 200 93
200.86.10.241 - - [08/May/2017:13:04:24 -0300] "GET /cormun/servlet/hpexe_return? HTTP/1.1" 200 1012
200.86.10.241 - - [08/May/2017:13:04:24 -0300] "GET /cormun/servlet/trpermisosgoce HTTP/1.1" 200 7393
200.86.10.241 - - [08/May/2017:13:04:24 -0300] "GET /cormun/servlet/trpermisosgoce HTTP/1.1" 200 7389
186.103.159.43 - - [08/May/2017:13:04:25 -0300] "GET /cormun/servlet/trcontratosolicitud? HTTP/1.1" 200 13780
186.103.159.43 - - [08/May/2017:13:04:25 -0300] "GET /cormun/static/gxcfg.js?20171317451682 HTTP/1.1" 200 953
186.103.159.43 - - [08/May/2017:13:04:25 -0300] "GET /cormun/static/trcontratosolicitud.js?20171317452124 HTTP/1.1" 200 28173
186.103.159.43 - - [08/May/2017:13:04:25 -0300] "GET /cormun//static/Resources/PXToolsGridNew.png HTTP/1.1" 200 2949
186.103.159.43 - - [08/May/2017:13:04:25 -0300] "GET /cormun//static/Resources/PXToolsActionDisabled.gif HTTP/1.1" 200 53
186.103.159.43 - - [08/May/2017:13:04:25 -0300] "GET /cormun/servlet/trcontratosolicitud? HTTP/1.1" 200 13760
186.103.161.206 - - [08/May/2017:13:04:26 -0300] "GET /cormun/servlet/trsolicitudot? HTTP/1.1" 200 8270
186.103.161.206 - - [08/May/2017:13:04:27 -0300] "GET /cormun/servlet/trsolicitudot? HTTP/1.1" 200 8270
200.86.10.241 - - [08/May/2017:13:04:28 -0300] "GET /cormun/servlet/apermisogoceprn?10747972,P,20170508135849,PU HTTP/1.1" 200 1668
186.103.161.206 - - [08/May/2017:13:04:39 -0300] "POST /cormun/servlet/trsolicitudot?ad8432a0415301256b8d35efc86234a3,,gx-no-cache=1494259539118 HTTP/1.1" 200 5637
186.103.161.206 - - [08/May/2017:13:04:39 -0300] "GET /cormun/static/Shared/jqueryui/images/ui-bg_highlight-soft_100_c6c2c8_1x100.png HTTP/1.1" 404 1117
200.72.197.82 - - [08/May/2017:13:04:39 -0300] "GET /cormun/static/Shared/jqueryui/images/ui-icons_8d78a5_256x240.png HTTP/1.1" 404 1089
186.103.161.206 - - [08/May/2017:13:04:39 -0300] "GET /cormun/static/Shared/jqueryui/images/ui-icons_82798d_256x240.png HTTP/1.1" 404 1089
186.103.161.206 - - [08/May/2017:13:04:39 -0300] "GET /cormun/static/Shared/jqueryui/images/ui-bg_flat_55_fafafa_40x100.png HTTP/1.1" 404 1097
192.168.10.96 - - [08/May/2017:13:04:44 -0300] "GET /cormun/servlet/vesolicitudgral?2017,6333,, HTTP/1.1" 200 8772
192.168.10.96 - - [08/May/2017:13:04:44 -0300] "GET /cormun/pexe_scrolldiv.js HTTP/1.1" 404 1009
192.168.10.96 - - [08/May/2017:13:04:44 -0300] "GET /cormun/pexe_scrolldiv.js HTTP/1.1" 404 1009
192.168.10.96 - - [08/May/2017:13:04:44 -0300] "GET /cormun/servlet/vesolicitudgral?2017,6333,, HTTP/1.1" 200 8750
192.168.10.96 - - [08/May/2017:13:04:46 -0300] "GET /cormun/servlet/vesolicitudgral?2017,6333,,SolicitudOTAdjuntos HTTP/1.1" 200 9562
192.168.10.96 - - [08/May/2017:13:04:46 -0300] "GET /cormun/pexe_scrolldiv.js HTTP/1.1" 404 1009
192.168.10.96 - - [08/May/2017:13:04:46 -0300] "GET /cormun/pexe_scrolldiv.js HTTP/1.1" 404 1009
192.168.10.96 - - [08/May/2017:13:04:46 -0300] "GET /cormun/servlet/vesolicitudgral?2017,6333,,SolicitudOTAdjuntos HTTP/1.1" 200 9563
192.168.10.96 - - [08/May/2017:13:04:47 -0300] "POST /cormun/servlet/acontrolpreferencessavestate?None,DZAMUDIO,true HTTP/1.1" 200 35
192.168.10.96 - - [08/May/2017:13:04:47 -0300] "GET /cormun/PublicTempStorage/titulocarla2571692.pdf HTTP/1.1" 200 425432
186.103.159.43 - - [08/May/2017:13:04:47 -0300] "GET /cormun/servlet/solicitudotcontratos?INS,2017,0,9947346,0,6,2017,2979,LEY+SEP,201703,1,B, HTTP/1.1" 200 9538
186.103.159.43 - - [08/May/2017:13:04:48 -0300] "GET /cormun/static/gxcfg.js?20173171147937 HTTP/1.1" 200 953
186.103.159.43 - - [08/May/2017:13:04:48 -0300] "GET /cormun/static/calendar-system.css?75620 HTTP/1.1" 200 5572
186.103.159.43 - - [08/May/2017:13:04:48 -0300] "GET /cormun/static/Resources/prompt.gif HTTP/1.1" 200 902
186.103.159.43 - - [08/May/2017:13:04:48 -0300] "GET /cormun/static/solicitudotcontratos.js?201731711471071 HTTP/1.1" 200 42790
186.103.159.43 - - [08/May/2017:13:04:48 -0300] "GET /cormun/servlet/solicitudotcontratos?INS,2017,0,9947346,0,6,2017,2979,LEY+SEP,201703,1,B, HTTP/1.1" 200 9571
186.103.159.43 - - [08/May/2017:13:04:48 -0300] "GET /cormun/servlet/solicitudotcontratos?6f7d5a6b6a82930fba13de405f6a42f4500cf4ec09a821a112a877398864bbb646caba49cf7cefe4ca3751d490531f63,gx-no-cache=1494259548693 HTTP/1.1" 200 30
186.103.159.43 - - [08/May/2017:13:04:49 -0300] "GET /cormun/servlet/solicitudotcontratos?6f7d5a6b6a82930fba13de405f6a42f463871869bdaaf2703b3d3fd66b5aadb4dece93a7f5d45205b9a9780616db28203b64561755d0aae1ab02c10fcd888bcdd337bb17cbee4965b4b74caf33e0d747a7cf359ee3c2a2cab8eebd2f05f626be081c2e557763e03c70c512010e8b01c2ed5bd0c7391ebf6daeba04a156f03093,gx-no-cache=1494259548754 HTTP/1.1" 200 50
186.103.159.43 - - [08/May/2017:13:04:49 -0300] "GET /cormun/servlet/solicitudotcontratos?6f7d5a6b6a82930fba13de405f6a42f4fd8cfbe179d0b8c8f263d9a723f05c62645296a456e263079653a776d7a4e45f,gx-no-cache=1494259548818 HTTP/1.1" 200 30
186.103.159.43 - - [08/May/2017:13:04:49 -0300] "GET /cormun/servlet/solicitudotcontratos?6f7d5a6b6a82930fba13de405f6a42f4b2f993f9c17e7d3bc8fde453ecc8279d1469dd842905a845d95c40c1b066478f35bcdde4d6678d2fcaf33ae2258218936c17172ce52b43d05e801bf2052719dec4a8c81c7ecdfaa74b49df91411c2b9754422c57550b054bc3a8a43f0f5e9e14,gx-no-cache=1494259548878 HTTP/1.1" 200 30
186.103.159.43 - - [08/May/2017:13:04:49 -0300] "GET /cormun/servlet/solicitudotcontratos?6f7d5a6b6a82930fba13de405f6a42f47d2ac92e87953ba1527d7b1f3b30c48179568e4a4a293f9918fd6e96ee42f06269ca0b2e94fe8ae4083b6090667cabc435bcdde4d6678d2fcaf33ae22582189302b92c323ba51801e834e7d3e9096d0ca554b97d4419084f6e22a6787869831519d5789453ca6202ea5d7abc39c009425caedc6698d60e0ee44941161d9ead341c2c64b0202c80944d2392508ad25f6069ca0b2e94fe8ae4083b6090667cabc45d793af342ab3e3a0b96833eb2aa9eedb4dd137ade5809b7867f0c6cf468c9faa5326522ca17d38d9b1fd619a24a9fb2f7ec3ae6670351d672f28bbf52d5dea6fdd51b4e671c3e0560b70f1867d62985c03cba0e3c488bca610e8cb8831113b72beecdf5c80619d91cb0e3d09471fe7adbad1aba7d5d2ce19e50e96db9c8829ff6bbe5bafad76677c783699f9f172a5d4e91bc8fe9dad23421788cdef3e567546ad7a2b4b460b1ba9f117c31608e0a4cfca880e3388535cbfac1fdcc5028df26b2ce46c1b32ea6b2dd499ace2b29ca317a0c67f5854b0abaf0b35e7abdeb63bfb1705c1da53f9d4c2f8a36d314a3c3b4fe3b8ee0ebcb71bf56471416f0950692577317acc056788b050b60358c8d6bb27da253cbc9c8f3ebe153b49f547d20527e67e004f2179a7af5cab1635e265b6910e34751bac5ec738bcf8cf41cadc848d72db4550db3ae06f0801c0fc5540bfc358f19d84555f052ea2661e28f80d8eb8e8076608d4410bfad9bfe8380c46db11561ef4db44986da3e701b083ab2f0c308c42221bda61527b184913ee48be8a7,gx-no-cache=1494259548947 HTTP/1.1" 200 79
186.79.9.242 - - [08/May/2017:13:04:49 -0300] "GET /cormun/servlet/licenciaspermisos?8ac0c418a1cf3c7d59d21effd8cbd712063e9dd8175195a717a21b593be4beba72ce11cae190ccdc433e8d352e15e0268fdb0e292d5353ca3c8f1d6e74a50e34fe64b9269d130e6fd89ce20e1a830c7658bf3ffa9b95f6986b9510d2e37b8953cfd456de35d49c240d22594ff55230a6fd95e27a30b063a21a2fda22aa61a2188ecb24ba948cc314a27926c935a4eb1dd0ac8d9cf3695c8c8b6ebd563967eb6489b0c785d23e43bcb78cc2dee6b31585,gx-no-cache=1494259549321 HTTP/1.1" 200 30
186.79.9.242 - - [08/May/2017:13:04:50 -0300] "POST /cormun/servlet/licenciaspermisos?b5d731e04ed8825d19ba2ace1247a37b,INS,0,,,,gx-no-cache=1494259549626 HTTP/1.1" 200 4555
192.168.10.96 - - [08/May/2017:13:04:52 -0300] "GET /cormun/servlet/vesolicitudgral?2017,6333,,SolicitudOTAdjuntos HTTP/1.1" 200 9562
192.168.10.96 - - [08/May/2017:13:04:52 -0300] "GET /cormun/servlet/vesolicitudgral?2017,6333,,SolicitudOTAdjuntos HTTP/1.1" 200 9563
192.168.10.96 - - [08/May/2017:13:04:53 -0300] "POST /cormun/servlet/acontrolpreferencessavestate?None,DZAMUDIO,true HTTP/1.1" 200 35
186.103.161.206 - - [08/May/2017:13:04:56 -0300] "POST /cormun/servlet/trsolicitudot?ad8432a0415301256b8d35efc86234a3,,gx-no-cache=1494259554839 HTTP/1.1" 200 106
186.103.161.206 - - [08/May/2017:13:04:56 -0300] "GET /cormun/servlet/trsolicitudadjuntos?2017,6333, HTTP/1.1" 200 8270
186.103.159.43 - - [08/May/2017:13:04:56 -0300] "GET /cormun/servlet/trcontratosolicitud? HTTP/1.1" 200 13776
186.103.159.43 - - [08/May/2017:13:04:57 -0300] "GET /cormun/servlet/trcontratosolicitud? HTTP/1.1" 200 13781
186.103.161.206 - - [08/May/2017:13:04:57 -0300] "GET /cormun/servlet/trsolicitudadjuntos?2017,6333, HTTP/1.1" 200 8269
186.79.9.242 - - [08/May/2017:13:05:02 -0300] "GET /cormun/servlet/licenciaspermisos?8ac0c418a1cf3c7d59d21effd8cbd7128d0efa58b5d78fe7a7b7454a2a589ab25576bf78fba0da2a62e9ff23232f157523e8babdce57893a222b8d8b89fccb4543870faf78c52400c00b0d7a735076ccc73034bac78c8a18cbbec3791d4b4fb304bcdd1b268fac3e09620454fc27b1331cadbec6729a4941e716c1376c6b8125e3e56c8ee40593f18fe656ef71083486e9b761cb18e807ed006c85f0ddc02b928bd687a009d57ee5986c05783bba0d5b309333195d1046a96bab65a8f67aa788f85f4c51f0caa281979b15c255fb6ae4aaa5da6a43c8d6979129b1c3e07c8a719e0ae9a5d6e7e0a22b4a52c32f3bece9,gx-no-cache=1494259562726 HTTP/1.1" 200 58
186.79.9.242 - - [08/May/2017:13:05:06 -0300] "POST /cormun/servlet/licenciaspermisos?b5d731e04ed8825d19ba2ace1247a37b,INS,0,,,,gx-no-cache=1494259565473 HTTP/1.1" 200 93
186.79.9.242 - - [08/May/2017:13:05:06 -0300] "GET /cormun/servlet/hpexe_return? HTTP/1.1" 200 1008
186.79.9.242 - - [08/May/2017:13:05:06 -0300] "GET /cormun/static/Resources/Spanish/PXTools.css?167811 HTTP/1.1" 304 -
186.79.9.242 - - [08/May/2017:13:05:06 -0300] "GET /cormun/static/gxcfg.js?2016101716175148 HTTP/1.1" 304 -
186.79.9.242 - - [08/May/2017:13:05:06 -0300] "GET /cormun/static/hpexe_return.js?2016101716175153 HTTP/1.1" 304 -
186.79.9.242 - - [08/May/2017:13:05:06 -0300] "GET /cormun/servlet/trlicencias HTTP/1.1" 200 7860
186.79.9.242 - - [08/May/2017:13:05:07 -0300] "GET /cormun/servlet/trlicencias HTTP/1.1" 200 7856
192.168.10.96 - - [08/May/2017:13:05:18 -0300] "GET /cormun/PublicTempStorage/titulocarla952957.pdf HTTP/1.1" 200 425432
186.103.159.43 - - [08/May/2017:13:05:20 -0300] "POST /cormun/servlet/trcontratosolicitud?0357823722b35bac7d572139056060bf,,gx-no-cache=1494259580242 HTTP/1.1" 200 4817
192.168.10.96 - - [08/May/2017:13:05:21 -0300] "GET /cormun/servlet/vesolicitudgral?2017,6333,,SolicitudOTAdjuntos HTTP/1.1" 200 9563
192.168.10.96 - - [08/May/2017:13:05:21 -0300] "GET /cormun/servlet/vesolicitudgral?2017,6333,,SolicitudOTAdjuntos HTTP/1.1" 200 9564
192.168.10.96 - - [08/May/2017:13:05:22 -0300] "POST /cormun/servlet/acontrolpreferencessavestate?None,DZAMUDIO,true HTTP/1.1" 200 35
186.79.9.242 - - [08/May/2017:13:05:24 -0300] "GET /cormun/servlet/trlicenciaspermisosadjuntos?8272534,20170508000000,L, HTTP/1.1" 200 6165
186.79.9.242 - - [08/May/2017:13:05:25 -0300] "GET /cormun/static/gxcfg.js?20173171154619 HTTP/1.1" 304 -
186.79.9.242 - - [08/May/2017:13:05:25 -0300] "GET /cormun/static/trlicenciaspermisosadjuntos.js?20173171154971 HTTP/1.1" 304 -
186.79.9.242 - - [08/May/2017:13:05:25 -0300] "GET /cormun/servlet/trlicenciaspermisosadjuntos?8272534,20170508000000,L, HTTP/1.1" 200 6166
186.79.9.242 - - [08/May/2017:13:05:28 -0300] "GET /cormun/servlet/licenciaspermisosadjuntos?INS,8272534,L,20170508000000,, HTTP/1.1" 200 5459
186.79.9.242 - - [08/May/2017:13:05:28 -0300] "GET /cormun/static/gxcfg.js?201731711421170 HTTP/1.1" 304 -
186.79.9.242 - - [08/May/2017:13:05:28 -0300] "GET /cormun/static/licenciaspermisosadjuntos.js?201731711421181 HTTP/1.1" 304 -
186.79.9.242 - - [08/May/2017:13:05:28 -0300] "GET /cormun/static/about:blank HTTP/1.1" 404 1011
186.79.9.242 - - [08/May/2017:13:05:28 -0300] "GET /cormun/servlet/licenciaspermisosadjuntos?INS,8272534,L,20170508000000,, HTTP/1.1" 200 5448
186.103.161.206 - - [08/May/2017:13:05:30 -0300] "GET /cormun/servlet/solicitudotadjuntos?INS,2017,6333,,1, HTTP/1.1" 200 6044
186.103.161.206 - - [08/May/2017:13:05:30 -0300] "GET /cormun/static/about:blank HTTP/1.1" 404 1011
200.72.197.82 - - [08/May/2017:13:05:30 -0300] "GET /cormun/servlet/solicitudotadjuntos?INS,2017,6333,,1, HTTP/1.1" 200 6037
186.103.161.206 - - [08/May/2017:13:05:31 -0300] "GET /cormun/servlet/solicitudotadjuntos?375bfe98323690e43bae590cbce232d83f330737ee29840881c6a9c119ae795db2cc4ddcc70b5a57bb0eb80c756aa20d,gx-no-cache=1494259591619 HTTP/1.1" 200 30
186.103.161.206 - - [08/May/2017:13:05:31 -0300] "POST /cormun/servlet/solicitudotadjuntos?ad8432a0415301256b8d35efc86234a3,INS,2017,6333,,1,,gx-no-cache=1494259591740 HTTP/1.1" 200 3841
186.79.8.136 - - [08/May/2017:13:05:42 -0300] "GET /cormun/servlet/trsolicitudot? HTTP/1.1" 200 6986
186.79.8.136 - - [08/May/2017:13:05:42 -0300] "GET /cormun/static/gxcfg.js?201731711505139 HTTP/1.1" 304 -
186.79.8.136 - - [08/May/2017:13:05:43 -0300] "GET /cormun/servlet/trsolicitudot? HTTP/1.1" 200 6986
186.103.161.206 - - [08/May/2017:13:05:47 -0300] "POST /cormun/servlet/solicitudotadjuntos?gx-no-cache=1494259606943 HTTP/1.1" 200 26
190.151.100.218 - - [08/May/2017:13:06:04 -0300] "GET /cormun/servlet/trsolicitudot? HTTP/1.1" 200 8688
190.151.100.218 - - [08/May/2017:13:06:06 -0300] "GET /cormun/servlet/trsolicitudot? HTTP/1.1" 200 8681
186.103.161.206 - - [08/May/2017:13:06:09 -0300] "POST /cormun/servlet/trsolicitudot?561ce85f2f5519faa282fb366e1eab7a,,gx-no-cache=1494259628446 HTTP/1.1" 200 5960
186.103.161.206 - - [08/May/2017:13:06:09 -0300] "GET /cormun/static/Shared/jqueryui/images/ui-bg_highlight-soft_100_c6c2c8_1x100.png HTTP/1.1" 404 1117
186.103.132.155 - - [08/May/2017:13:06:10 -0300] "GET /cormun/static/Shared/jqueryui/images/ui-icons_82798d_256x240.png HTTP/1.1" 404 1089
190.151.100.218 - - [08/May/2017:13:06:10 -0300] "GET /cormun/static/Shared/jqueryui/images/ui-icons_8d78a5_256x240.png HTTP/1.1" 404 1089
186.103.132.155 - - [08/May/2017:13:06:10 -0300] "GET /cormun/static/Shared/jqueryui/images/ui-bg_flat_55_fafafa_40x100.png HTTP/1.1" 404 1097
186.79.8.136 - - [08/May/2017:13:06:13 -0300] "GET /cormun/servlet/solicitudot?INS,0,0, HTTP/1.1" 200 12827
186.79.8.136 - - [08/May/2017:13:06:14 -0300] "GET /cormun/static/gxcfg.js?20171191042720 HTTP/1.1" 200 953
186.79.8.136 - - [08/May/2017:13:06:14 -0300] "GET /cormun/static/solicitudot.js?2017119104297 HTTP/1.1" 200 63948
186.79.8.136 - - [08/May/2017:13:06:14 -0300] "GET /cormun/servlet/solicitudot?INS,0,0, HTTP/1.1" 200 12832
190.151.100.218 - - [08/May/2017:13:06:17 -0300] "POST /cormun/servlet/trsolicitudot?561ce85f2f5519faa282fb366e1eab7a,,gx-no-cache=1494259635834 HTTP/1.1" 200 107
190.151.100.218 - - [08/May/2017:13:06:17 -0300] "GET /cormun/servlet/trsolicitudadjuntos?2017,6350, HTTP/1.1" 200 9360
190.151.100.218 - - [08/May/2017:13:06:18 -0300] "GET /cormun/servlet/trsolicitudadjuntos?2017,6350, HTTP/1.1" 200 9364
190.151.100.218 - - [08/May/2017:13:06:24 -0300] "GET /cormun/servlet/solicitudotadjuntos?INS,2017,6350,,1, HTTP/1.1" 200 6011
186.103.132.155 - - [08/May/2017:13:06:25 -0300] "GET /cormun/servlet/solicitudotadjuntos?INS,2017,6350,,1, HTTP/1.1" 200 6005
190.151.100.218 - - [08/May/2017:13:06:25 -0300] "GET /cormun/static/about:blank HTTP/1.1" 404 1011
186.103.132.155 - - [08/May/2017:13:06:25 -0300] "GET /cormun/servlet/solicitudotadjuntos?74e4fe8131afa52a7fabaf49f41ffcb81b0b128f4475e2dd471f8d4fe9c6efe30107887bd9dfd53d63b42af692623ec0,gx-no-cache=1494259644257 HTTP/1.1" 200 30
186.103.161.206 - - [08/May/2017:13:06:26 -0300] "GET /cormun/servlet/solicitudotadjuntos?375bfe98323690e43bae590cbce232d854cdb59014b07d62df89986d5e602e17,gx-no-cache=1494259646316 HTTP/1.1" 200 30
186.103.161.206 - - [08/May/2017:13:06:26 -0300] "GET /cormun/servlet/solicitudotadjuntos?375bfe98323690e43bae590cbce232d854cdb59014b07d62df89986d5e602e17,gx-no-cache=1494259646496 HTTP/1.1" 200 30
190.151.100.218 - - [08/May/2017:13:06:28 -0300] "POST /cormun/servlet/solicitudotadjuntos?561ce85f2f5519faa282fb366e1eab7a,INS,2017,6350,,1,,gx-no-cache=1494259644500 HTTP/1.1" 200 3818
186.79.8.136 - - [08/May/2017:13:06:31 -0300] "POST /cormun/servlet/solicitudot?gx-no-cache=1494259651186 HTTP/1.1" 200 3092
186.79.8.136 - - [08/May/2017:13:06:31 -0300] "POST /cormun/servlet/solicitudot?566810f9ccc8aa0acc51db3dda12aed4,INS,0,0,,gx-no-cache=1494259651675 HTTP/1.1" 200 9876
190.151.100.218 - - [08/May/2017:13:06:31 -0300] "POST /cormun/servlet/solicitudotadjuntos?gx-no-cache=1494259650869 HTTP/1.1" 200 26
186.79.8.136 - - [08/May/2017:13:06:32 -0300] "GET /cormun/servlet/solicitudot?2da13d066c14354d16f6ac8fa42a7f48f18ab16124b0e78418619ae851c32a4730dbd4aad9d116107ab40044b0f615b3,gx-no-cache=1494259652261 HTTP/1.1" 200 111
