186.103.157.98 - - [08/May/2017:11:59:08 -0300] "GET /cormun/servlet/hpexe_return? HTTP/1.1" 200 1018
186.103.159.183 - - [08/May/2017:11:59:08 -0300] "GET /cormun/static/gxcfg.js?2016101716175148 HTTP/1.1" 200 953
186.103.159.183 - - [08/May/2017:11:59:08 -0300] "GET /cormun/static/hpexe_return.js?2016101716175153 HTTP/1.1" 200 1633
186.103.159.183 - - [08/May/2017:11:59:08 -0300] "GET /cormun/static/Resources/Spanish/PXTools.css?167811 HTTP/1.1" 200 89042
186.103.159.183 - - [08/May/2017:11:59:09 -0300] "GET /cormun/servlet/trsolicitudot HTTP/1.1" 200 8240
186.103.157.98 - - [08/May/2017:11:59:09 -0300] "GET /cormun/servlet/trsolicitudadjuntos?2017,6351, HTTP/1.1" 200 9420
186.103.157.98 - - [08/May/2017:11:59:10 -0300] "GET /cormun/servlet/trsolicitudadjuntos?2017,6351, HTTP/1.1" 200 9418
186.103.159.183 - - [08/May/2017:11:59:10 -0300] "GET /cormun//static/Resources/PXToolsGridUpdate.png HTTP/1.1" 200 2984
186.103.159.183 - - [08/May/2017:11:59:10 -0300] "GET /cormun//static/Resources/PXToolsGridDelete.png HTTP/1.1" 200 357
186.103.159.183 - - [08/May/2017:11:59:10 -0300] "GET /cormun//static/Resources/PXToolsRemoveAllAction.png HTTP/1.1" 200 3558
186.103.159.183 - - [08/May/2017:11:59:10 -0300] "GET /cormun//static/Resources/PXTools/ActionInsert.png HTTP/1.1" 200 1482
186.103.159.183 - - [08/May/2017:11:59:10 -0300] "GET /cormun/servlet/trsolicitudot HTTP/1.1" 200 8236
186.103.159.183 - - [08/May/2017:11:59:11 -0300] "GET /cormun//static/Resources/PXToolsActionView.png HTTP/1.1" 200 2995
186.103.159.183 - - [08/May/2017:11:59:16 -0300] "GET /cormun/servlet/trsolicitudot? HTTP/1.1" 200 8236
186.103.159.183 - - [08/May/2017:11:59:18 -0300] "GET /cormun/servlet/trsolicitudot? HTTP/1.1" 200 8235
186.103.157.98 - - [08/May/2017:11:59:19 -0300] "POST /cormun/servlet/trsolicitudadjuntos?bd9ef1b4527d4229ca921d913584e65f,2017,6351,,gx-no-cache=1494255619058 HTTP/1.1" 200 90
186.103.157.98 - - [08/May/2017:11:59:19 -0300] "GET /cormun/servlet/hpexe_link HTTP/1.1" 200 961
186.103.157.98 - - [08/May/2017:11:59:19 -0300] "GET /cormun/servlet/trsolicitudot HTTP/1.1" 200 8502
186.103.157.98 - - [08/May/2017:11:59:19 -0300] "GET /cormun/servlet/trsolicitudot HTTP/1.1" 200 8501
186.103.157.98 - - [08/May/2017:11:59:25 -0300] "POST /cormun/servlet/trsolicitudot?bd9ef1b4527d4229ca921d913584e65f,gx-no-cache=1494255625011 HTTP/1.1" 200 5196
186.103.157.98 - - [08/May/2017:11:59:25 -0300] "GET /cormun/static/Shared/jqueryui/images/ui-bg_highlight-soft_100_c6c2c8_1x100.png HTTP/1.1" 404 1117
186.103.157.98 - - [08/May/2017:11:59:25 -0300] "GET /cormun/static/Shared/jqueryui/images/ui-icons_82798d_256x240.png HTTP/1.1" 404 1089
186.103.157.98 - - [08/May/2017:11:59:25 -0300] "GET /cormun/static/Shared/jqueryui/images/ui-bg_flat_55_fafafa_40x100.png HTTP/1.1" 404 1097
186.103.157.98 - - [08/May/2017:11:59:25 -0300] "GET /cormun/static/Shared/jqueryui/images/ui-icons_8d78a5_256x240.png HTTP/1.1" 404 1089
186.103.157.98 - - [08/May/2017:11:59:25 -0300] "POST /cormun/servlet/trsolicitudot?bd9ef1b4527d4229ca921d913584e65f,gx-no-cache=1494255625381 HTTP/1.1" 200 5138
186.103.156.166 - - [08/May/2017:11:59:27 -0300] "POST /cormun/servlet/trpermisosgoce?d465d7113526c3445df58b6b1e96335b,gx-no-cache=1494259220669 HTTP/1.1" 200 3979
186.103.156.166 - - [08/May/2017:11:59:27 -0300] "GET /cormun/static/Shared/jqueryui/images/ui-bg_highlight-soft_100_c6c2c8_1x100.png HTTP/1.1" 404 1117
186.103.156.166 - - [08/May/2017:11:59:27 -0300] "GET /cormun/static/Shared/jqueryui/images/ui-icons_82798d_256x240.png HTTP/1.1" 404 1089
186.103.156.166 - - [08/May/2017:11:59:27 -0300] "GET /cormun/static/Shared/jqueryui/images/ui-bg_flat_55_fafafa_40x100.png HTTP/1.1" 404 1097
186.103.156.166 - - [08/May/2017:11:59:27 -0300] "GET /cormun/static/Shared/jqueryui/images/ui-icons_8d78a5_256x240.png HTTP/1.1" 404 1089
186.103.157.98 - - [08/May/2017:11:59:29 -0300] "GET /cormun/servlet/trautorizarsolicitud? HTTP/1.1" 200 8176
186.103.157.98 - - [08/May/2017:11:59:29 -0300] "GET /cormun/static/gxcfg.js?2017259112829 HTTP/1.1" 304 -
186.103.157.98 - - [08/May/2017:11:59:29 -0300] "GET /cormun/static/trautorizarsolicitud.js?2017259113483 HTTP/1.1" 304 -
186.103.157.98 - - [08/May/2017:11:59:29 -0300] "GET /cormun/servlet/trautorizarsolicitud? HTTP/1.1" 200 8176
186.103.157.98 - - [08/May/2017:11:59:33 -0300] "POST /cormun/servlet/trautorizarsolicitud?bd9ef1b4527d4229ca921d913584e65f,,gx-no-cache=1494255633569 HTTP/1.1" 200 4312
186.103.157.98 - - [08/May/2017:11:59:33 -0300] "GET /cormun/static/Shared/jqueryui/images/ui-bg_highlight-soft_100_c6c2c8_1x100.png HTTP/1.1" 404 1117
186.103.157.98 - - [08/May/2017:11:59:33 -0300] "GET /cormun/static/Shared/jqueryui/images/ui-icons_82798d_256x240.png HTTP/1.1" 404 1089
186.103.157.98 - - [08/May/2017:11:59:33 -0300] "GET /cormun/static/Shared/jqueryui/images/ui-bg_flat_55_fafafa_40x100.png HTTP/1.1" 404 1097
186.103.157.98 - - [08/May/2017:11:59:33 -0300] "GET /cormun/static/Shared/jqueryui/images/ui-icons_8d78a5_256x240.png HTTP/1.1" 404 1089
186.103.157.98 - - [08/May/2017:11:59:33 -0300] "POST /cormun/servlet/trautorizarsolicitud?bd9ef1b4527d4229ca921d913584e65f,,gx-no-cache=1494255633762 HTTP/1.1" 200 4093
186.103.159.183 - - [08/May/2017:11:59:34 -0300] "POST /cormun/servlet/trsolicitudot?0ca41902b052850d4993d8d789bfa5ae,,gx-no-cache=1494255635561 HTTP/1.1" 200 4333
186.103.159.183 - - [08/May/2017:11:59:34 -0300] "GET /cormun/static/Shared/jqueryui/images/ui-bg_highlight-soft_100_c6c2c8_1x100.png HTTP/1.1" 404 1117
186.103.159.183 - - [08/May/2017:11:59:34 -0300] "GET /cormun/static/Shared/jqueryui/images/ui-bg_flat_55_fafafa_40x100.png HTTP/1.1" 404 1097
186.103.159.183 - - [08/May/2017:11:59:34 -0300] "GET /cormun/static/Shared/jqueryui/images/ui-icons_82798d_256x240.png HTTP/1.1" 404 1089
186.103.159.183 - - [08/May/2017:11:59:34 -0300] "GET /cormun/static/Shared/jqueryui/images/ui-icons_8d78a5_256x240.png HTTP/1.1" 404 1089
186.103.159.183 - - [08/May/2017:11:59:35 -0300] "POST /cormun/servlet/trsolicitudot?0ca41902b052850d4993d8d789bfa5ae,,gx-no-cache=1494255636047 HTTP/1.1" 200 4118
186.103.159.183 - - [08/May/2017:11:59:37 -0300] "GET /cormun/servlet/trautorizarsolicitud? HTTP/1.1" 200 8164
186.103.159.183 - - [08/May/2017:11:59:38 -0300] "GET /cormun/static/gxui/gxui-all.css?120300 HTTP/1.1" 200 2179
186.103.159.183 - - [08/May/2017:11:59:38 -0300] "GET /cormun/static/gxcfg.js?2017259112829 HTTP/1.1" 200 953
186.103.159.183 - - [08/May/2017:11:59:38 -0300] "GET /cormun/static/Shared/ext/resources/css/ext-all.css?215870 HTTP/1.1" 200 416045
186.103.159.183 - - [08/May/2017:11:59:38 -0300] "GET /cormun/static/trautorizarsolicitud.js?2017259113483 HTTP/1.1" 200 53096
186.103.159.183 - - [08/May/2017:11:59:39 -0300] "GET /cormun/servlet/trautorizarsolicitud? HTTP/1.1" 200 8163
186.103.156.166 - - [08/May/2017:11:59:46 -0300] "GET /cormun/servlet/hlogin HTTP/1.1" 200 1743
186.103.159.183 - - [08/May/2017:11:59:48 -0300] "POST /cormun/servlet/trautorizarsolicitud?0ca41902b052850d4993d8d789bfa5ae,,gx-no-cache=1494255649417 HTTP/1.1" 200 4309
186.103.159.183 - - [08/May/2017:11:59:48 -0300] "GET /cormun/static/Shared/jqueryui/images/ui-bg_highlight-soft_100_c6c2c8_1x100.png HTTP/1.1" 404 1117
186.103.159.183 - - [08/May/2017:11:59:48 -0300] "GET /cormun/static/Shared/jqueryui/images/ui-icons_82798d_256x240.png HTTP/1.1" 404 1089
186.103.159.183 - - [08/May/2017:11:59:48 -0300] "GET /cormun/static/Shared/jqueryui/images/ui-bg_flat_55_fafafa_40x100.png HTTP/1.1" 404 1097
186.103.159.183 - - [08/May/2017:11:59:48 -0300] "GET /cormun/static/Shared/jqueryui/images/ui-icons_8d78a5_256x240.png HTTP/1.1" 404 1089
186.103.159.183 - - [08/May/2017:11:59:49 -0300] "POST /cormun/servlet/trautorizarsolicitud?0ca41902b052850d4993d8d789bfa5ae,,gx-no-cache=1494255650091 HTTP/1.1" 200 4098
186.79.86.5 - - [08/May/2017:12:03:12 -0300] "GET /cormun/servlet/hlogin HTTP/1.1" 200 1724
186.79.86.5 - - [08/May/2017:12:03:12 -0300] "GET /cormun/static/gxcfg.js?201741110203197 HTTP/1.1" 304 -
186.79.86.5 - - [08/May/2017:12:03:12 -0300] "GET /cormun/static/messages.spa.js?85251 HTTP/1.1" 304 -
186.79.86.5 - - [08/May/2017:12:03:12 -0300] "GET /cormun/static/hlogin.js?201741110203211 HTTP/1.1" 304 -
186.79.86.5 - - [08/May/2017:12:03:13 -0300] "GET /cormun/servlet/hlogin HTTP/1.1" 200 1736
186.79.86.5 - - [08/May/2017:12:03:29 -0300] "POST /cormun/servlet/hlogin?e086e362c038af56fa26a658e5c8c5c2,gx-no-cache=1494255869444 HTTP/1.1" 200 90
186.79.86.5 - - [08/May/2017:12:03:30 -0300] "GET /cormun/servlet/hpexe_link HTTP/1.1" 200 955
186.79.86.5 - - [08/May/2017:12:03:30 -0300] "GET /cormun/static/gxcfg.js?201731711483381 HTTP/1.1" 304 -
186.79.86.5 - - [08/May/2017:12:03:31 -0300] "GET /cormun/servlet/hhome HTTP/1.1" 200 3807
186.79.86.5 - - [08/May/2017:12:03:31 -0300] "GET /cormun/static/gxcfg.js?201731711483497 HTTP/1.1" 304 -
186.79.86.5 - - [08/May/2017:12:03:32 -0300] "GET /cormun/servlet/hhome HTTP/1.1" 200 3804
186.79.86.5 - - [08/May/2017:12:03:35 -0300] "GET /cormun/servlet/trlicencias? HTTP/1.1" 200 6644
186.79.86.5 - - [08/May/2017:12:03:35 -0300] "GET /cormun/static/gxcfg.js?201741111445981 HTTP/1.1" 200 953
186.79.86.5 - - [08/May/2017:12:03:35 -0300] "GET /cormun/static/trlicencias.js?20174111145440 HTTP/1.1" 304 -
186.79.86.5 - - [08/May/2017:12:03:36 -0300] "GET /cormun/servlet/trlicencias? HTTP/1.1" 200 6643
186.79.86.5 - - [08/May/2017:12:03:37 -0300] "GET /cormun/servlet/licenciaspermisos?INS,0,,, HTTP/1.1" 200 7200
186.79.86.5 - - [08/May/2017:12:03:38 -0300] "GET /cormun/static/gxcfg.js?201741111445322 HTTP/1.1" 200 953
186.79.86.5 - - [08/May/2017:12:03:38 -0300] "GET /cormun/static/licenciaspermisos.js?201741111445392 HTTP/1.1" 200 34444
186.79.86.5 - - [08/May/2017:12:03:38 -0300] "GET /cormun/servlet/licenciaspermisos?INS,0,,, HTTP/1.1" 200 7200
186.79.86.5 - - [08/May/2017:12:03:40 -0300] "GET /cormun/static/Resources/resize.gif HTTP/1.1" 200 77
186.79.86.5 - - [08/May/2017:12:03:41 -0300] "GET /cormun/servlet/prfichaempleado?,MD,,gxPopupLevel%3D0%3B HTTP/1.1" 200 8825
186.79.86.5 - - [08/May/2017:12:03:41 -0300] "GET /cormun/static/gxcfg.js?2017319125415 HTTP/1.1" 200 953
186.79.86.5 - - [08/May/2017:12:03:41 -0300] "GET /cormun/static/Resources/PXToolsMenuSearch.png HTTP/1.1" 200 2914
186.79.86.5 - - [08/May/2017:12:03:41 -0300] "GET /cormun/static/Resources/PXToolsMenuSearchCancel.png HTTP/1.1" 200 2972
186.79.86.5 - - [08/May/2017:12:03:53 -0300] "POST /cormun/servlet/prfichaempleado?e086e362c038af56fa26a658e5c8c5c2,,MD,,gxPopupLevel%3D0%3B,gx-no-cache=1494255890779 HTTP/1.1" 200 3409
186.79.86.5 - - [08/May/2017:12:03:59 -0300] "GET /cormun/servlet/licenciaspermisos?f226a8a706d0116b62a1092b0f463e03959c232e92e5e78b6aed8f54d7e771b69c3fa0e9332ca2498459a72cdf4de6bd,gx-no-cache=1494255899498 HTTP/1.1" 200 63
186.79.86.5 - - [08/May/2017:12:04:00 -0300] "POST /cormun/servlet/licenciaspermisos?e086e362c038af56fa26a658e5c8c5c2,INS,0,,,,gx-no-cache=1494255899576 HTTP/1.1" 200 4426
186.79.86.5 - - [08/May/2017:12:04:23 -0300] "GET /cormun/static/menuarrow.gif HTTP/1.1" 404 1015
200.111.191.210 - - [08/May/2017:12:04:26 -0300] "GET /cormun/servlet/trlicencias? HTTP/1.1" 200 6800
200.111.191.210 - - [08/May/2017:12:04:26 -0300] "GET /cormun/static/gxcfg.js?201741111445981 HTTP/1.1" 304 -
200.111.191.210 - - [08/May/2017:12:04:26 -0300] "GET /cormun/static/trlicencias.js?20174111145440 HTTP/1.1" 304 -
200.111.191.210 - - [08/May/2017:12:04:26 -0300] "GET /cormun/servlet/trlicencias? HTTP/1.1" 200 6799
200.111.191.210 - - [08/May/2017:12:04:28 -0300] "GET /cormun/servlet/licenciaspermisos?INS,0,,, HTTP/1.1" 200 7346
200.111.191.210 - - [08/May/2017:12:04:28 -0300] "GET /cormun/static/gxcfg.js?201741111445322 HTTP/1.1" 304 -
200.111.191.210 - - [08/May/2017:12:04:28 -0300] "GET /cormun/static/licenciaspermisos.js?201741111445392 HTTP/1.1" 304 -
200.111.191.210 - - [08/May/2017:12:04:29 -0300] "GET /cormun/servlet/licenciaspermisos?INS,0,,, HTTP/1.1" 200 7346
192.168.10.89 - - [08/May/2017:12:04:37 -0300] "GET /cormunbeta/servlet/hlogin HTTP/1.1" 200 1731
192.168.10.89 - - [08/May/2017:12:04:41 -0300] "GET /cormun/servlet/hlogin HTTP/1.1" 200 1723
200.111.191.210 - - [08/May/2017:12:04:41 -0300] "GET /cormun/servlet/licenciaspermisos?d5969e97605db5e4372ad33ad125b2f80f73bb6b06a8c342b117e9c26ca87a268aeeef22c504afb98406b48db35cd3a0,gx-no-cache=1494259430621 HTTP/1.1" 200 64
200.111.191.210 - - [08/May/2017:12:04:41 -0300] "POST /cormun/servlet/licenciaspermisos?21884bdcfee835582fcaae684a9e8e6b,INS,0,,,,gx-no-cache=1494259430654 HTTP/1.1" 200 4613
192.168.10.89 - - [08/May/2017:12:04:47 -0300] "POST /cormun/servlet/hlogin?72794c3213e8f6bce66f325eae0a070e,gx-no-cache=1494259152279 HTTP/1.1" 200 90
192.168.10.89 - - [08/May/2017:12:04:47 -0300] "GET /cormun/servlet/hpexe_link HTTP/1.1" 200 953
192.168.10.89 - - [08/May/2017:12:04:47 -0300] "GET /cormun/servlet/hhome HTTP/1.1" 200 4459
192.168.10.89 - - [08/May/2017:12:04:51 -0300] "GET /cormun/servlet/trsolicitudgral? HTTP/1.1" 200 25287
192.168.10.89 - - [08/May/2017:12:04:57 -0300] "GET /cormun/static/menuarrow.gif HTTP/1.1" 404 1015
200.111.191.210 - - [08/May/2017:12:05:01 -0300] "GET /cormun/servlet/trlicencias? HTTP/1.1" 200 6801
200.111.191.210 - - [08/May/2017:12:05:01 -0300] "GET /cormun/servlet/trlicencias? HTTP/1.1" 200 6799
200.111.191.210 - - [08/May/2017:12:05:07 -0300] "POST /cormun/servlet/trlicencias?21884bdcfee835582fcaae684a9e8e6b,,gx-no-cache=1494259456960 HTTP/1.1" 200 4084
192.168.10.89 - - [08/May/2017:12:05:13 -0300] "POST /cormun/servlet/trsolicitudgral?72794c3213e8f6bce66f325eae0a070e,,gx-no-cache=1494259178616 HTTP/1.1" 200 9502
192.168.10.89 - - [08/May/2017:12:05:24 -0300] "GET /cormun/servlet/hlogin HTTP/1.1" 200 1742
200.111.191.210 - - [08/May/2017:12:05:28 -0300] "POST /cormun/servlet/trlicencias?21884bdcfee835582fcaae684a9e8e6b,,gx-no-cache=1494259478172 HTTP/1.1" 200 4083
200.111.191.210 - - [08/May/2017:12:05:32 -0300] "GET /cormun/static/menuarrow.gif HTTP/1.1" 404 1015
192.168.10.89 - - [08/May/2017:12:05:35 -0300] "POST /cormun/servlet/hlogin?72794c3213e8f6bce66f325eae0a070e,gx-no-cache=1494259200912 HTTP/1.1" 200 457
200.111.191.210 - - [08/May/2017:12:05:39 -0300] "POST /cormun/servlet/trlicencias?21884bdcfee835582fcaae684a9e8e6b,,gx-no-cache=1494259488643 HTTP/1.1" 200 4087
192.168.10.89 - - [08/May/2017:12:05:40 -0300] "POST /cormun/servlet/hlogin?72794c3213e8f6bce66f325eae0a070e,gx-no-cache=1494259205188 HTTP/1.1" 200 90
192.168.10.89 - - [08/May/2017:12:05:40 -0300] "GET /cormun/servlet/hpexe_link HTTP/1.1" 200 953
192.168.10.89 - - [08/May/2017:12:05:40 -0300] "GET /cormun/servlet/hhome HTTP/1.1" 200 4006
192.168.10.89 - - [08/May/2017:12:05:42 -0300] "GET /cormun/servlet/trsolicitudot? HTTP/1.1" 200 8273
200.111.191.210 - - [08/May/2017:12:05:42 -0300] "POST /cormun/servlet/trlicencias?21884bdcfee835582fcaae684a9e8e6b,,gx-no-cache=1494259491704 HTTP/1.1" 200 12135
186.79.86.5 - - [08/May/2017:12:05:48 -0300] "GET /cormun/servlet/licenciaspermisos?f226a8a706d0116b62a1092b0f463e03509539e96d541d542536e1317ab9b583af93f05e2e7c24c9eac5e30ffba54e39cb2e2fb33d397468bfbcbc11f0af06935a5506054c94feec087ae7fa3f00cccd23c80af5a37d76eef90ac0ae1f2a572c283a8eb4f90d59e0c4e113d8e350031dba601d9965ea2fed5d72c755d6859c8db4cec00f4318117ad90de0c642ae1ba0547ab87c2baf8fc91a5562ea57046c1a50d1e7c08c3879204975e435d56c2f52,gx-no-cache=1494256008231 HTTP/1.1" 200 30
186.79.86.5 - - [08/May/2017:12:05:48 -0300] "GET /cormun/servlet/licenciaspermisos?f226a8a706d0116b62a1092b0f463e035ba1c3e2bca00ed1a7b7220bb60cee2e30e38f7f366036e5c7c1eaa9ab11132208fca22db267872948d7031ba3bf1e6763a02dea0b534dae7a0705f831c695546dbdc0222804666db7d92ed627f482ad81e5c2409c17eb92d7b291900da104fd24bd30fad40282bf57792f4c0e3fcd5314015f949c886c0513249bba22469f9c23511f4ed597cfbe7cfb0f7fe22384d6edbfea92080d620272946006b459ffeb,gx-no-cache=1494256008348 HTTP/1.1" 200 29
186.79.86.5 - - [08/May/2017:12:05:49 -0300] "POST /cormun/servlet/licenciaspermisos?e086e362c038af56fa26a658e5c8c5c2,INS,0,,,,gx-no-cache=1494256008425 HTTP/1.1" 200 93
186.79.86.5 - - [08/May/2017:12:05:49 -0300] "GET /cormun/servlet/hpexe_return? HTTP/1.1" 200 1014
186.79.86.5 - - [08/May/2017:12:05:49 -0300] "GET /cormun/static/gxcfg.js?2016101716175148 HTTP/1.1" 304 -
186.79.86.5 - - [08/May/2017:12:05:49 -0300] "GET /cormun/servlet/trlicencias HTTP/1.1" 200 7795
186.79.86.5 - - [08/May/2017:12:05:50 -0300] "GET /cormun/servlet/trlicencias HTTP/1.1" 200 7791
192.168.10.89 - - [08/May/2017:12:05:54 -0300] "GET /cormun/servlet/trautorizarsolicitud? HTTP/1.1" 200 6930
192.168.10.89 - - [08/May/2017:12:05:54 -0300] "GET /cormun/static/gxcfg.js?2017259112829 HTTP/1.1" 304 -
192.168.10.89 - - [08/May/2017:12:05:59 -0300] "POST /cormun/servlet/trautorizarsolicitud?72794c3213e8f6bce66f325eae0a070e,,gx-no-cache=1494259224978 HTTP/1.1" 200 4128
200.111.191.210 - - [08/May/2017:12:06:04 -0300] "GET /cormun/servlet/trlicencias? HTTP/1.1" 200 14249
192.168.10.89 - - [08/May/2017:12:06:04 -0300] "POST /cormun/servlet/trautorizarsolicitud?72794c3213e8f6bce66f325eae0a070e,,gx-no-cache=1494259229665 HTTP/1.1" 200 4130
200.111.191.210 - - [08/May/2017:12:06:04 -0300] "GET /cormun/servlet/trlicencias? HTTP/1.1" 200 14256
192.168.10.89 - - [08/May/2017:12:06:06 -0300] "GET /cormun/servlet/trautorizarsolicitud? HTTP/1.1" 200 6930
200.111.191.210 - - [08/May/2017:12:06:07 -0300] "GET /cormun/servlet/licenciaspermisos?INS,0,,, HTTP/1.1" 200 7346
200.111.191.210 - - [08/May/2017:12:06:07 -0300] "GET /cormun/servlet/licenciaspermisos?INS,0,,, HTTP/1.1" 200 7346
192.168.10.89 - - [08/May/2017:12:06:08 -0300] "GET /cormun/servlet/trsolicitudot? HTTP/1.1" 200 8271
200.111.191.210 - - [08/May/2017:12:06:15 -0300] "GET /cormun/servlet/licenciaspermisos?d5969e97605db5e4372ad33ad125b2f80f73bb6b06a8c342b117e9c26ca87a268aeeef22c504afb98406b48db35cd3a0,gx-no-cache=1494259524787 HTTP/1.1" 200 64
200.111.191.210 - - [08/May/2017:12:06:15 -0300] "POST /cormun/servlet/licenciaspermisos?21884bdcfee835582fcaae684a9e8e6b,INS,0,,,,gx-no-cache=1494259524826 HTTP/1.1" 200 4613
192.168.10.89 - - [08/May/2017:12:06:24 -0300] "POST /cormun/servlet/trsolicitudot?72794c3213e8f6bce66f325eae0a070e,,gx-no-cache=1494259249844 HTTP/1.1" 200 106
192.168.10.89 - - [08/May/2017:12:06:24 -0300] "GET /cormun/servlet/trsolicitudadjuntos?2017,6333, HTTP/1.1" 200 8269
192.168.10.89 - - [08/May/2017:12:06:24 -0300] "GET /cormun/static/gxcfg.js?201731711504543 HTTP/1.1" 200 953
192.168.10.89 - - [08/May/2017:12:06:24 -0300] "GET /cormun/static/trsolicitudadjuntos.js?201731711504951 HTTP/1.1" 304 -
192.168.10.89 - - [08/May/2017:12:06:33 -0300] "GET /cormun/servlet/trsolicitudot? HTTP/1.1" 200 8271
192.168.10.89 - - [08/May/2017:12:06:41 -0300] "POST /cormun/servlet/trsolicitudot?72794c3213e8f6bce66f325eae0a070e,,gx-no-cache=1494259266169 HTTP/1.1" 200 4157
192.168.10.89 - - [08/May/2017:12:06:44 -0300] "POST /cormun/servlet/trsolicitudot?72794c3213e8f6bce66f325eae0a070e,,gx-no-cache=1494259269533 HTTP/1.1" 200 8309
192.168.10.89 - - [08/May/2017:12:06:53 -0300] "POST /cormun/servlet/trsolicitudot?72794c3213e8f6bce66f325eae0a070e,,gx-no-cache=1494259278246 HTTP/1.1" 200 4159
192.168.10.89 - - [08/May/2017:12:06:57 -0300] "POST /cormun/servlet/trsolicitudot?72794c3213e8f6bce66f325eae0a070e,,gx-no-cache=1494259282506 HTTP/1.1" 200 5455
192.168.10.89 - - [08/May/2017:12:07:12 -0300] "POST /cormun/servlet/trsolicitudot?72794c3213e8f6bce66f325eae0a070e,,gx-no-cache=1494259297442 HTTP/1.1" 200 106
192.168.10.89 - - [08/May/2017:12:07:12 -0300] "GET /cormun/servlet/trsolicitudadjuntos?2017,6333, HTTP/1.1" 200 8269
192.168.10.89 - - [08/May/2017:12:07:28 -0300] "GET /cormun/servlet/solicitudotadjuntos?DLT,2017,6333,CERTIF1,0, HTTP/1.1" 200 6021
192.168.10.89 - - [08/May/2017:12:07:28 -0300] "GET /cormun/static/gxcfg.js?201612218465951 HTTP/1.1" 200 953
192.168.10.89 - - [08/May/2017:12:07:28 -0300] "GET /cormun/static/solicitudotadjuntos.js?201612218465969 HTTP/1.1" 304 -
192.168.10.89 - - [08/May/2017:12:07:28 -0300] "GET /cormun/PublicTempStorage/titulocarla2530432.pdf HTTP/1.1" 200 442143
192.168.10.89 - - [08/May/2017:12:07:29 -0300] "GET /cormun/static/Shared/jqueryui/images/ui-bg_flat_55_fafafa_40x100.png HTTP/1.1" 404 1097
192.168.10.89 - - [08/May/2017:12:07:29 -0300] "GET /cormun/static/Shared/jqueryui/images/ui-icons_82798d_256x240.png HTTP/1.1" 404 1089
192.168.10.89 - - [08/May/2017:12:07:29 -0300] "GET /cormun/static/Shared/jqueryui/images/ui-icons_8d78a5_256x240.png HTTP/1.1" 404 1089
192.168.10.89 - - [08/May/2017:12:07:29 -0300] "GET /cormun/static/Shared/jqueryui/images/ui-bg_highlight-soft_100_c6c2c8_1x100.png HTTP/1.1" 404 1117
192.168.10.89 - - [08/May/2017:12:07:31 -0300] "POST /cormun/servlet/solicitudotadjuntos?72794c3213e8f6bce66f325eae0a070e,DLT,2017,6333,CERTIF1,0,,gx-no-cache=1494259316751 HTTP/1.1" 200 93
192.168.10.89 - - [08/May/2017:12:07:31 -0300] "GET /cormun/servlet/hpexe_return? HTTP/1.1" 200 1032
192.168.10.89 - - [08/May/2017:12:07:31 -0300] "GET /cormun/static/Resources/Spanish/PXTools.css?167811 HTTP/1.1" 304 -
192.168.10.89 - - [08/May/2017:12:07:31 -0300] "GET /cormun/static/gxcfg.js?2016101716175148 HTTP/1.1" 304 -
192.168.10.89 - - [08/May/2017:12:07:31 -0300] "GET /cormun/static/hpexe_return.js?2016101716175153 HTTP/1.1" 304 -
192.168.10.89 - - [08/May/2017:12:07:32 -0300] "GET /cormun/servlet/trsolicitudadjuntos?2017,6333, HTTP/1.1" 200 6109
186.103.159.46 - - [08/May/2017:12:07:48 -0300] "POST /cormun/servlet/trsolicitudot?26564318b3263c77c96c39ee2987dba5,,gx-no-cache=1494256127777 HTTP/1.1" 440 972
186.103.159.46 - - [08/May/2017:12:07:50 -0300] "GET /cormun/servlet/trsolicitudot? HTTP/1.1" 200 6068
186.103.159.46 - - [08/May/2017:12:07:52 -0300] "GET /cormun/servlet/trsolicitudot? HTTP/1.1" 200 6068
186.103.159.46 - - [08/May/2017:12:07:52 -0300] "GET /cormun/servlet/hlogin HTTP/1.1" 200 1735
192.168.10.89 - - [08/May/2017:12:07:52 -0300] "POST /cormun/servlet/trsolicitudadjuntos?72794c3213e8f6bce66f325eae0a070e,2017,6333,,gx-no-cache=1494259337839 HTTP/1.1" 200 90
192.168.10.89 - - [08/May/2017:12:07:52 -0300] "GET /cormun/servlet/hpexe_link HTTP/1.1" 200 971
192.168.10.89 - - [08/May/2017:12:07:53 -0300] "GET /cormun/servlet/trsolicitudot? HTTP/1.1" 200 8272
192.168.10.89 - - [08/May/2017:12:07:55 -0300] "GET /cormun/servlet/hlogin HTTP/1.1" 200 1741
186.103.159.46 - - [08/May/2017:12:08:04 -0300] "POST /cormun/servlet/hlogin?b733794190f5cdc4359773023e8ced16,gx-no-cache=1494256144198 HTTP/1.1" 200 90
186.103.159.46 - - [08/May/2017:12:08:04 -0300] "GET /cormun/servlet/hpexe_link HTTP/1.1" 200 955
186.103.159.46 - - [08/May/2017:12:08:04 -0300] "GET /cormun/servlet/trsolicitudot HTTP/1.1" 200 8129
186.103.159.46 - - [08/May/2017:12:08:05 -0300] "GET /cormun/servlet/trsolicitudot HTTP/1.1" 200 8127
186.103.159.46 - - [08/May/2017:12:08:09 -0300] "POST /cormun/servlet/trsolicitudot?b733794190f5cdc4359773023e8ced16,gx-no-cache=1494256149334 HTTP/1.1" 200 106
186.103.159.46 - - [08/May/2017:12:08:09 -0300] "GET /cormun/servlet/solicitudot?DLT,2017,6268, HTTP/1.1" 200 9609
186.103.159.46 - - [08/May/2017:12:08:09 -0300] "GET /cormun/static/gxcfg.js?20171191042720 HTTP/1.1" 200 953
186.103.159.46 - - [08/May/2017:12:08:09 -0300] "GET /cormun/static/solicitudot.js?2017119104297 HTTP/1.1" 200 63948
186.103.159.46 - - [08/May/2017:12:08:10 -0300] "GET /cormun/static/Resources/prompt.gif HTTP/1.1" 200 902
186.103.159.46 - - [08/May/2017:12:08:10 -0300] "GET /cormun/static/Shared/jqueryui/images/ui-icons_82798d_256x240.png HTTP/1.1" 404 1089
186.103.159.46 - - [08/May/2017:12:08:10 -0300] "GET /cormun/static/Shared/jqueryui/images/ui-bg_highlight-soft_100_c6c2c8_1x100.png HTTP/1.1" 404 1117
186.103.159.46 - - [08/May/2017:12:08:10 -0300] "GET /cormun/static/Shared/jqueryui/images/ui-bg_flat_55_fafafa_40x100.png HTTP/1.1" 404 1097
186.103.159.46 - - [08/May/2017:12:08:10 -0300] "GET /cormun/static/Shared/jqueryui/images/ui-icons_8d78a5_256x240.png HTTP/1.1" 404 1089
186.103.159.46 - - [08/May/2017:12:08:10 -0300] "GET /cormun/servlet/solicitudot?DLT,2017,6268, HTTP/1.1" 200 9618
192.168.10.89 - - [08/May/2017:12:08:13 -0300] "POST /cormun/servlet/hlogin?72794c3213e8f6bce66f325eae0a070e,gx-no-cache=1494259358727 HTTP/1.1" 200 90
192.168.10.89 - - [08/May/2017:12:08:13 -0300] "GET /cormun/servlet/hpexe_link HTTP/1.1" 200 953
192.168.10.89 - - [08/May/2017:12:08:13 -0300] "GET /cormun/servlet/hhome HTTP/1.1" 200 4459
192.168.10.89 - - [08/May/2017:12:08:16 -0300] "GET /cormun/servlet/trlicenciasgenerales? HTTP/1.1" 200 12593
192.168.10.89 - - [08/May/2017:12:08:16 -0300] "GET /cormun/static/gxcfg.js?201741111444020 HTTP/1.1" 304 -
192.168.10.89 - - [08/May/2017:12:08:16 -0300] "GET /cormun/static/trlicenciasgenerales.js?201741111444553 HTTP/1.1" 304 -
192.168.10.89 - - [08/May/2017:12:08:27 -0300] "POST /cormun/servlet/trlicenciasgenerales?72794c3213e8f6bce66f325eae0a070e,,gx-no-cache=1494259372162 HTTP/1.1" 200 6864
200.72.197.82 - - [08/May/2017:12:08:35 -0300] "GET /cormun/servlet/solicitudotadjuntos?4b85670917ecf5f9599686cec079ab65ae36f0784ad7e775587148fdc3654030080297e95b7b06bcd9b84d1ba272d283,gx-no-cache=1494256174814 HTTP/1.1" 440 972
192.168.10.89 - - [08/May/2017:12:08:35 -0300] "GET /cormun/servlet/trlicenciaspermisosadjuntos?11889825,20170508000000,L, HTTP/1.1" 200 7327
192.168.10.89 - - [08/May/2017:12:08:36 -0300] "GET /cormun/static/gxcfg.js?20173171154619 HTTP/1.1" 304 -
192.168.10.89 - - [08/May/2017:12:08:36 -0300] "GET /cormun/static/trlicenciaspermisosadjuntos.js?20173171154971 HTTP/1.1" 304 -
186.79.8.136 - - [08/May/2017:12:08:36 -0300] "GET /cormun/servlet/hlogin HTTP/1.1" 200 1730
192.168.10.89 - - [08/May/2017:12:08:36 -0300] "GET /cormun/PublicTempStorage/lic.geor.4497758.pdf HTTP/1.1" 200 1388396
192.168.10.89 - - [08/May/2017:12:08:38 -0300] "GET /cormun/servlet/trlicenciasgenerales? HTTP/1.1" 200 9839
200.72.197.82 - - [08/May/2017:12:08:45 -0300] "GET /cormun/servlet/solicitudotadjuntos?INS,2017,6333,,2, HTTP/1.1" 200 5197
200.72.197.82 - - [08/May/2017:12:08:45 -0300] "GET /cormun/static/about:blank HTTP/1.1" 404 1011
200.72.197.82 - - [08/May/2017:12:08:45 -0300] "GET /cormun/servlet/solicitudotadjuntos?INS,2017,6333,,2, HTTP/1.1" 200 5197
200.72.197.82 - - [08/May/2017:12:08:46 -0300] "GET /cormun/servlet/solicitudotadjuntos?6e4e204b2c7accffa89e2707d197346b82c9ed6b08efc76427364ca276c53968eb0903fe4f7d83235b2fb8c2ca12abb7,gx-no-cache=1494256186662 HTTP/1.1" 200 30
200.72.197.82 - - [08/May/2017:12:08:46 -0300] "POST /cormun/servlet/solicitudotadjuntos?d57a65ccac3ac56b1c87cf82fabe8f68,INS,2017,6333,,2,,gx-no-cache=1494256186727 HTTP/1.1" 200 3172
200.72.197.82 - - [08/May/2017:12:08:46 -0300] "GET /cormun/servlet/hlogin HTTP/1.1" 200 1759
186.103.132.155 - - [08/May/2017:12:08:46 -0300] "GET /cormun/servlet/hlogin HTTP/1.1" 200 1759
186.79.86.5 - - [08/May/2017:12:08:58 -0300] "GET /cormun/servlet/alicenciaprn?15805497,L,20170508000000,PU HTTP/1.1" 200 1530
157.55.39.126 - - [08/May/2017:12:09:31 -0300] "GET /cormun/servlet/solicitudotadjuntos?INS,2017,5772,,1,&_escaped_fragment_= HTTP/1.1" 200 5041
192.168.10.96 - - [08/May/2017:12:09:44 -0300] "GET /cormun/servlet/trsolicitudgral? HTTP/1.1" 200 23950
192.168.10.96 - - [08/May/2017:12:09:45 -0300] "GET /cormun/servlet/hlogin HTTP/1.1" 200 1738
192.168.10.96 - - [08/May/2017:12:09:45 -0300] "GET /cormun/servlet/trsolicitudgral? HTTP/1.1" 200 23950
186.103.159.46 - - [08/May/2017:12:09:47 -0300] "POST /cormun/servlet/solicitudot?b733794190f5cdc4359773023e8ced16,DLT,2017,6268,,gx-no-cache=1494256247607 HTTP/1.1" 200 93
186.103.159.46 - - [08/May/2017:12:09:47 -0300] "GET /cormun/servlet/hpexe_return? HTTP/1.1" 200 1010
186.103.159.46 - - [08/May/2017:12:09:48 -0300] "GET /cormun/static/gxcfg.js?2016101716175148 HTTP/1.1" 200 953
186.103.159.46 - - [08/May/2017:12:09:48 -0300] "GET /cormun/static/hpexe_return.js?2016101716175153 HTTP/1.1" 200 1633
186.103.159.46 - - [08/May/2017:12:09:48 -0300] "GET /cormun/static/Resources/Spanish/PXTools.css?167811 HTTP/1.1" 200 89042
186.103.159.46 - - [08/May/2017:12:09:48 -0300] "GET /cormun/servlet/trsolicitudot HTTP/1.1" 200 8132
186.103.159.46 - - [08/May/2017:12:09:49 -0300] "GET /cormun/servlet/trsolicitudot HTTP/1.1" 200 8127
192.168.10.96 - - [08/May/2017:12:09:53 -0300] "POST /cormun/servlet/hlogin?0391f92cae45c8c5db03f0e11a7a52f6,gx-no-cache=1494259458430 HTTP/1.1" 200 90
192.168.10.96 - - [08/May/2017:12:09:53 -0300] "GET /cormun/servlet/hpexe_link HTTP/1.1" 200 957
192.168.10.96 - - [08/May/2017:12:09:54 -0300] "GET /cormun/servlet/trsolicitudgral HTTP/1.1" 200 24950
192.168.10.96 - - [08/May/2017:12:09:55 -0300] "GET /cormun/servlet/trsolicitudgral HTTP/1.1" 200 24948
192.168.10.96 - - [08/May/2017:12:10:09 -0300] "POST /cormun/servlet/trsolicitudgral?0391f92cae45c8c5db03f0e11a7a52f6,gx-no-cache=1494259474187 HTTP/1.1" 200 6987
186.79.86.5 - - [08/May/2017:12:10:12 -0300] "GET /cormun/servlet/trlicenciaspermisosadjuntos?15805497,20170508000000,L, HTTP/1.1" 200 6157
186.79.86.5 - - [08/May/2017:12:10:12 -0300] "GET /cormun/static/gxcfg.js?20173171154619 HTTP/1.1" 200 953
186.79.86.5 - - [08/May/2017:12:10:13 -0300] "GET /cormun/static/trlicenciaspermisosadjuntos.js?20173171154971 HTTP/1.1" 200 21005
186.79.86.5 - - [08/May/2017:12:10:13 -0300] "GET /cormun/servlet/trlicenciaspermisosadjuntos?15805497,20170508000000,L, HTTP/1.1" 200 6158
186.79.86.5 - - [08/May/2017:12:10:15 -0300] "GET /cormun/servlet/licenciaspermisosadjuntos?INS,15805497,L,20170508000000,, HTTP/1.1" 200 5452
186.79.86.5 - - [08/May/2017:12:10:15 -0300] "GET /cormun/static/gxcfg.js?201731711421170 HTTP/1.1" 200 953
186.79.86.5 - - [08/May/2017:12:10:15 -0300] "GET /cormun/static/licenciaspermisosadjuntos.js?201731711421181 HTTP/1.1" 200 8757
186.79.86.5 - - [08/May/2017:12:10:15 -0300] "GET /cormun/static/about:blank HTTP/1.1" 404 1011
186.79.86.5 - - [08/May/2017:12:10:15 -0300] "GET /cormun/servlet/licenciaspermisosadjuntos?INS,15805497,L,20170508000000,, HTTP/1.1" 200 5442
200.111.191.210 - - [08/May/2017:12:10:26 -0300] "GET /cormun/servlet/licenciaspermisos?d5969e97605db5e4372ad33ad125b2f894378d925f84d07cbb705d625c7695efc376c2f0bc3f200bdc392f7d7dd91635e0d0fa6e595d8ecddf79ff0a45700d60d333f65d0cf9b03c4b1c9129cf65fafc60275fd085da7dd7743cf044de09620048e6e9299613f8eb6dc3a940729e71c179521e1d531b4c15830bd313000bc586c6d6b0140d59b0df6e6d3ce5b3dbd6149c48c2e14d35450414eddcbeacf011b3607718e9c42e898efc3f8c0718b0fa43,gx-no-cache=1494259774367 HTTP/1.1" 200 30
200.111.191.210 - - [08/May/2017:12:10:26 -0300] "GET /cormun/servlet/licenciaspermisos?d5969e97605db5e4372ad33ad125b2f8e9a74945d21e2f1f7642e97f4463b5f104191fb0477b08d5d49475ada9b9fb8e8a77b673d31bfdf730941b0f2296b5fc44163663aa4d0b431c9218064dfa5dcf3fb637e39e4a7d018137e107f8c7700a817a10aad87cb8f47b8b22a6df5f702e7e0d10db3510a96b8cb1b34dbdade9d8a68df0c3d46dfdcf76cf93caa2fd275fd9986997be5075a5bcc2b3130c9a83fbe412c705fd1ffdc6b05e3c7c7d011b80,gx-no-cache=1494259775997 HTTP/1.1" 200 29
200.111.191.210 - - [08/May/2017:12:10:26 -0300] "POST /cormun/servlet/licenciaspermisos?21884bdcfee835582fcaae684a9e8e6b,INS,0,,,,gx-no-cache=1494259776037 HTTP/1.1" 200 93
200.111.191.210 - - [08/May/2017:12:10:26 -0300] "GET /cormun/servlet/hpexe_return? HTTP/1.1" 200 1009
200.111.191.210 - - [08/May/2017:12:10:27 -0300] "GET /cormun/servlet/trlicencias HTTP/1.1" 200 14246
200.111.191.210 - - [08/May/2017:12:10:27 -0300] "GET /cormun/servlet/trlicencias HTTP/1.1" 200 14268
192.168.10.96 - - [08/May/2017:12:10:30 -0300] "POST /cormun/servlet/trsolicitudgral?0391f92cae45c8c5db03f0e11a7a52f6,gx-no-cache=1494259495478 HTTP/1.1" 200 6543
200.111.191.210 - - [08/May/2017:12:10:32 -0300] "POST /cormun/servlet/trlicencias?21884bdcfee835582fcaae684a9e8e6b,gx-no-cache=1494259782078 HTTP/1.1" 200 5357
186.103.161.206 - - [08/May/2017:12:10:33 -0300] "GET /cormun/servlet/hlogin HTTP/1.1" 200 1723
200.111.191.210 - - [08/May/2017:12:10:34 -0300] "GET /cormun/servlet/alicenciaprn?12778096,L,20170508000000,PU HTTP/1.1" 200 1531
186.103.161.206 - - [08/May/2017:12:10:42 -0300] "POST /cormun/servlet/hlogin?561ce85f2f5519faa282fb366e1eab7a,gx-no-cache=1494256301339 HTTP/1.1" 200 90
186.103.161.206 - - [08/May/2017:12:10:42 -0300] "GET /cormun/servlet/hpexe_link HTTP/1.1" 200 949
186.103.161.206 - - [08/May/2017:12:10:42 -0300] "GET /cormun/servlet/hhome HTTP/1.1" 200 3970
186.103.161.206 - - [08/May/2017:12:10:44 -0300] "GET /cormun/servlet/hhome HTTP/1.1" 200 3967
186.103.161.206 - - [08/May/2017:12:10:51 -0300] "GET /cormun/servlet/trsolicitudot? HTTP/1.1" 200 8686
186.103.161.206 - - [08/May/2017:12:10:52 -0300] "GET /cormun/servlet/trsolicitudot? HTTP/1.1" 200 8684
192.168.10.96 - - [08/May/2017:12:10:57 -0300] "POST /cormun/servlet/trsolicitudgral?0391f92cae45c8c5db03f0e11a7a52f6,gx-no-cache=1494259522238 HTTP/1.1" 200 5198
186.103.161.206 - - [08/May/2017:12:11:00 -0300] "POST /cormun/servlet/trsolicitudot?561ce85f2f5519faa282fb366e1eab7a,,gx-no-cache=1494256318720 HTTP/1.1" 200 107
192.168.10.96 - - [08/May/2017:12:11:00 -0300] "POST /cormun/servlet/trsolicitudgral?0391f92cae45c8c5db03f0e11a7a52f6,gx-no-cache=1494259525536 HTTP/1.1" 200 5198
186.79.86.5 - - [08/May/2017:12:11:01 -0300] "POST /cormun/servlet/licenciaspermisosadjuntos?e086e362c038af56fa26a658e5c8c5c2,INS,15805497,L,20170508000000,, HTTP/1.1" 200 116
186.103.161.206 - - [08/May/2017:12:11:01 -0300] "GET /cormun/servlet/trsolicitudadjuntos?2017,6350, HTTP/1.1" 200 8925
186.79.86.5 - - [08/May/2017:12:11:01 -0300] "GET /cormun/servlet/hpexe_return? HTTP/1.1" 200 1044
186.79.86.5 - - [08/May/2017:12:11:01 -0300] "GET /cormun/servlet/trlicenciaspermisosadjuntos?15805497,20170508000000,L, HTTP/1.1" 200 6641
186.103.161.206 - - [08/May/2017:12:11:02 -0300] "GET /cormun/servlet/trsolicitudadjuntos?2017,6350, HTTP/1.1" 200 8926
186.79.86.5 - - [08/May/2017:12:11:02 -0300] "GET /cormun/servlet/trlicenciaspermisosadjuntos?15805497,20170508000000,L, HTTP/1.1" 200 6638
192.168.10.96 - - [08/May/2017:12:11:03 -0300] "POST /cormun/servlet/trsolicitudgral?0391f92cae45c8c5db03f0e11a7a52f6,gx-no-cache=1494259528773 HTTP/1.1" 200 5198
186.103.161.206 - - [08/May/2017:12:11:04 -0300] "GET /cormun/servlet/solicitudotadjuntos?INS,2017,6350,,1, HTTP/1.1" 200 6012
186.103.161.206 - - [08/May/2017:12:11:05 -0300] "GET /cormun/static/about:blank HTTP/1.1" 404 1011
186.103.161.206 - - [08/May/2017:12:11:05 -0300] "GET /cormun/servlet/solicitudotadjuntos?INS,2017,6350,,1, HTTP/1.1" 200 6005
186.103.161.206 - - [08/May/2017:12:11:06 -0300] "GET /cormun/servlet/solicitudotadjuntos?74e4fe8131afa52a7fabaf49f41ffcb81b0b128f4475e2dd471f8d4fe9c6efe30107887bd9dfd53d63b42af692623ec0,gx-no-cache=1494256325203 HTTP/1.1" 200 30
192.168.10.96 - - [08/May/2017:12:11:06 -0300] "POST /cormun/servlet/trsolicitudgral?0391f92cae45c8c5db03f0e11a7a52f6,gx-no-cache=1494259531973 HTTP/1.1" 200 5200
186.103.161.206 - - [08/May/2017:12:11:07 -0300] "POST /cormun/servlet/solicitudotadjuntos?561ce85f2f5519faa282fb366e1eab7a,INS,2017,6350,,1,,gx-no-cache=1494256325605 HTTP/1.1" 200 3821
186.79.86.5 - - [08/May/2017:12:11:10 -0300] "GET /cormun/servlet/trlicencias? HTTP/1.1" 200 7792
192.168.10.96 - - [08/May/2017:12:11:10 -0300] "POST /cormun/servlet/trsolicitudgral?0391f92cae45c8c5db03f0e11a7a52f6,gx-no-cache=1494259535391 HTTP/1.1" 200 5198
186.79.86.5 - - [08/May/2017:12:11:10 -0300] "GET /cormun/servlet/trlicencias? HTTP/1.1" 200 7791
186.103.161.206 - - [08/May/2017:12:11:11 -0300] "POST /cormun/servlet/solicitudotadjuntos?gx-no-cache=1494256330358 HTTP/1.1" 200 26
192.168.10.96 - - [08/May/2017:12:11:13 -0300] "POST /cormun/servlet/trsolicitudgral?0391f92cae45c8c5db03f0e11a7a52f6,gx-no-cache=1494259538215 HTTP/1.1" 200 6543
186.79.86.5 - - [08/May/2017:12:11:14 -0300] "POST /cormun/servlet/trlicencias?e086e362c038af56fa26a658e5c8c5c2,,gx-no-cache=1494256333435 HTTP/1.1" 200 4042
186.79.86.5 - - [08/May/2017:12:11:14 -0300] "GET /cormun/static/Shared/jqueryui/images/ui-bg_highlight-soft_100_c6c2c8_1x100.png HTTP/1.1" 404 1117
186.79.86.5 - - [08/May/2017:12:11:14 -0300] "GET /cormun/static/Shared/jqueryui/images/ui-icons_82798d_256x240.png HTTP/1.1" 404 1089
186.79.86.5 - - [08/May/2017:12:11:14 -0300] "GET /cormun/static/Shared/jqueryui/images/ui-bg_flat_55_fafafa_40x100.png HTTP/1.1" 404 1097
186.79.86.5 - - [08/May/2017:12:11:14 -0300] "GET /cormun/static/Shared/jqueryui/images/ui-icons_8d78a5_256x240.png HTTP/1.1" 404 1089
186.103.161.206 - - [08/May/2017:12:11:15 -0300] "POST /cormun/servlet/solicitudotadjuntos?gx-no-cache=1494256334846 HTTP/1.1" 200 26
186.103.159.46 - - [08/May/2017:12:11:27 -0300] "POST /cormun/servlet/trsolicitudot?b733794190f5cdc4359773023e8ced16,gx-no-cache=1494256347078 HTTP/1.1" 200 106
186.103.159.46 - - [08/May/2017:12:11:27 -0300] "GET /cormun/servlet/solicitudot?DLT,2017,6268, HTTP/1.1" 200 9609
186.103.159.46 - - [08/May/2017:12:11:29 -0300] "GET /cormun/static/Shared/jqueryui/images/ui-icons_82798d_256x240.png HTTP/1.1" 404 1089
186.103.159.46 - - [08/May/2017:12:11:29 -0300] "GET /cormun/static/Shared/jqueryui/images/ui-bg_flat_55_fafafa_40x100.png HTTP/1.1" 404 1097
186.103.159.46 - - [08/May/2017:12:11:29 -0300] "GET /cormun/static/Shared/jqueryui/images/ui-icons_8d78a5_256x240.png HTTP/1.1" 404 1089
186.103.159.46 - - [08/May/2017:12:11:29 -0300] "GET /cormun/servlet/solicitudot?DLT,2017,6268, HTTP/1.1" 200 9618
186.103.159.46 - - [08/May/2017:12:11:29 -0300] "GET /cormun/static/Shared/jqueryui/images/ui-bg_highlight-soft_100_c6c2c8_1x100.png HTTP/1.1" 404 1117
186.103.157.98 - - [08/May/2017:12:11:30 -0300] "POST /cormun/servlet/trautorizarsolicitud?bd9ef1b4527d4229ca921d913584e65f,,gx-no-cache=1494256350670 HTTP/1.1" 200 4112
186.103.132.155 - - [08/May/2017:12:11:42 -0300] "GET /cormun/servlet/solicitudotadjuntos?74e4fe8131afa52a7fabaf49f41ffcb827af36663d86a59eea8c00c4bf20273a,gx-no-cache=1494256361849 HTTP/1.1" 200 30
186.103.132.155 - - [08/May/2017:12:11:42 -0300] "GET /cormun/servlet/solicitudotadjuntos?74e4fe8131afa52a7fabaf49f41ffcb827af36663d86a59eea8c00c4bf20273a,gx-no-cache=1494256361946 HTTP/1.1" 200 30
192.168.10.96 - - [08/May/2017:12:11:42 -0300] "GET /cormun/servlet/hlogin HTTP/1.1" 200 1737
186.103.132.155 - - [08/May/2017:12:11:45 -0300] "POST /cormun/servlet/solicitudotadjuntos?561ce85f2f5519faa282fb366e1eab7a,INS,2017,6350,,1, HTTP/1.1" 200 116
186.103.132.155 - - [08/May/2017:12:11:45 -0300] "GET /cormun/servlet/hpexe_return? HTTP/1.1" 200 1021
186.103.132.155 - - [08/May/2017:12:11:45 -0300] "GET /cormun/servlet/trsolicitudadjuntos?2017,6350, HTTP/1.1" 200 9160
186.103.132.155 - - [08/May/2017:12:11:46 -0300] "GET /cormun/servlet/trsolicitudadjuntos?2017,6350, HTTP/1.1" 200 9157
190.151.100.218 - - [08/May/2017:12:11:51 -0300] "GET /cormun/servlet/solicitudotadjuntos?INS,2017,6350,,2, HTTP/1.1" 200 6011
190.151.100.218 - - [08/May/2017:12:11:51 -0300] "GET /cormun/static/about:blank HTTP/1.1" 404 1011
190.151.100.218 - - [08/May/2017:12:11:51 -0300] "GET /cormun/servlet/solicitudotadjuntos?INS,2017,6350,,2, HTTP/1.1" 200 6005
190.151.100.218 - - [08/May/2017:12:11:52 -0300] "GET /cormun/servlet/solicitudotadjuntos?74e4fe8131afa52a7fabaf49f41ffcb81b0b128f4475e2dd471f8d4fe9c6efe30107887bd9dfd53d63b42af692623ec0,gx-no-cache=1494256371300 HTTP/1.1" 200 30
190.151.100.218 - - [08/May/2017:12:11:54 -0300] "POST /cormun/servlet/solicitudotadjuntos?561ce85f2f5519faa282fb366e1eab7a,INS,2017,6350,,2,,gx-no-cache=1494256371775 HTTP/1.1" 200 4039
190.151.100.218 - - [08/May/2017:12:11:58 -0300] "POST /cormun/servlet/solicitudotadjuntos?561ce85f2f5519faa282fb366e1eab7a,INS,2017,6350,,2,,gx-no-cache=1494256376886 HTTP/1.1" 200 93
190.151.100.218 - - [08/May/2017:12:11:58 -0300] "GET /cormun/servlet/hpexe_return? HTTP/1.1" 200 1021
190.151.100.218 - - [08/May/2017:12:11:58 -0300] "GET /cormun/servlet/trsolicitudadjuntos?2017,6350, HTTP/1.1" 200 9159
190.151.100.218 - - [08/May/2017:12:11:59 -0300] "GET /cormun/servlet/trsolicitudadjuntos?2017,6350, HTTP/1.1" 200 9156
200.72.197.82 - - [08/May/2017:12:12:05 -0300] "GET /cormun/servlet/trautorizarsolicitud? HTTP/1.1" 200 8466
200.72.197.82 - - [08/May/2017:12:12:05 -0300] "GET /cormun/static/gxcfg.js?2017259112829 HTTP/1.1" 304 -
186.103.132.155 - - [08/May/2017:12:12:05 -0300] "GET /cormun/static/trautorizarsolicitud.js?2017259113483 HTTP/1.1" 304 -
186.103.132.155 - - [08/May/2017:12:12:06 -0300] "GET /cormun/servlet/trautorizarsolicitud? HTTP/1.1" 200 8457
192.168.10.96 - - [08/May/2017:12:12:11 -0300] "POST /cormun/servlet/hlogin?0391f92cae45c8c5db03f0e11a7a52f6,gx-no-cache=1494259596311 HTTP/1.1" 200 90
192.168.10.96 - - [08/May/2017:12:12:11 -0300] "GET /cormun/servlet/hpexe_link HTTP/1.1" 200 950
192.168.10.96 - - [08/May/2017:12:12:11 -0300] "GET /cormun/servlet/hhome HTTP/1.1" 200 4002
192.168.10.96 - - [08/May/2017:12:12:11 -0300] "GET /cormun/servlet/hhome HTTP/1.1" 200 3998
192.168.10.96 - - [08/May/2017:12:12:14 -0300] "GET /cormun/servlet/trsolicitudot? HTTP/1.1" 200 8273
192.168.10.96 - - [08/May/2017:12:12:14 -0300] "GET /cormun/servlet/trsolicitudot? HTTP/1.1" 200 8271
192.168.10.96 - - [08/May/2017:12:12:17 -0300] "POST /cormun/servlet/trsolicitudot?0391f92cae45c8c5db03f0e11a7a52f6,,gx-no-cache=1494259602483 HTTP/1.1" 200 4357
192.168.10.96 - - [08/May/2017:12:12:17 -0300] "GET /cormun/static/Shared/jqueryui/images/ui-bg_highlight-soft_100_c6c2c8_1x100.png HTTP/1.1" 404 1117
192.168.10.96 - - [08/May/2017:12:12:17 -0300] "GET /cormun/static/Shared/jqueryui/images/ui-icons_82798d_256x240.png HTTP/1.1" 404 1089
192.168.10.96 - - [08/May/2017:12:12:17 -0300] "GET /cormun/static/Shared/jqueryui/images/ui-icons_8d78a5_256x240.png HTTP/1.1" 404 1089
192.168.10.96 - - [08/May/2017:12:12:17 -0300] "GET /cormun/static/Shared/jqueryui/images/ui-bg_flat_55_fafafa_40x100.png HTTP/1.1" 404 1097
192.168.10.96 - - [08/May/2017:12:12:17 -0300] "POST /cormun/servlet/trsolicitudot?0391f92cae45c8c5db03f0e11a7a52f6,,gx-no-cache=1494259602833 HTTP/1.1" 200 4117
192.168.10.96 - - [08/May/2017:12:12:19 -0300] "GET /cormun/servlet/trautorizarsolicitud? HTTP/1.1" 200 8217
192.168.10.96 - - [08/May/2017:12:12:19 -0300] "GET /cormun/static/gxcfg.js?2017259112829 HTTP/1.1" 304 -
192.168.10.96 - - [08/May/2017:12:12:19 -0300] "GET /cormun/servlet/trautorizarsolicitud? HTTP/1.1" 200 8216
186.103.159.46 - - [08/May/2017:12:12:23 -0300] "POST /cormun/servlet/solicitudot?b733794190f5cdc4359773023e8ced16,DLT,2017,6268,,gx-no-cache=1494256403532 HTTP/1.1" 200 93
186.103.159.46 - - [08/May/2017:12:12:23 -0300] "GET /cormun/servlet/hpexe_return? HTTP/1.1" 200 1010
186.103.159.46 - - [08/May/2017:12:12:24 -0300] "GET /cormun/servlet/trsolicitudot HTTP/1.1" 200 6800
192.168.10.96 - - [08/May/2017:12:12:24 -0300] "POST /cormun/servlet/trautorizarsolicitud?0391f92cae45c8c5db03f0e11a7a52f6,,gx-no-cache=1494259609637 HTTP/1.1" 200 115
192.168.10.96 - - [08/May/2017:12:12:24 -0300] "GET /cormun/servlet/solicitudotlog?INS,2017,6268,0,ANU, HTTP/1.1" 200 5790
192.168.10.96 - - [08/May/2017:12:12:24 -0300] "GET /cormun/static/gxcfg.js?201731711401563 HTTP/1.1" 200 953
192.168.10.96 - - [08/May/2017:12:12:24 -0300] "GET /cormun/static/solicitudotlog.js?201731711401579 HTTP/1.1" 200 8925
192.168.10.96 - - [08/May/2017:12:12:24 -0300] "GET /cormun/servlet/solicitudotlog?INS,2017,6268,0,ANU, HTTP/1.1" 200 5790
186.103.159.46 - - [08/May/2017:12:12:25 -0300] "GET /cormun/servlet/trsolicitudot HTTP/1.1" 200 6796
192.168.10.96 - - [08/May/2017:12:12:25 -0300] "GET /cormun/servlet/solicitudotlog?a292e8651afdfeddcbafd2b60ecd06051bd1808d93a57fb532d17fdff1f18c1f25ff88d535b82c52f7d2832325fc37f97ee8ec29ea8946bdca1824d625b8c28594a14bac9c93681e74e993368cf2ee70c6b76c67449c8ebac03ccd1af2649af79914277ebcea8cf5efa2784e94b94cba4d2e6c76c30a5209114bdeaae41234a42cdf432426f27a4b0144e951b0c3b13bad8f26d9e7c56741c6899dccae902cba,gx-no-cache=1494259610525 HTTP/1.1" 200 94
186.103.132.155 - - [08/May/2017:12:12:26 -0300] "POST /cormun/servlet/trautorizarsolicitud?561ce85f2f5519faa282fb366e1eab7a,,gx-no-cache=1494256405106 HTTP/1.1" 200 5401
186.103.132.155 - - [08/May/2017:12:12:26 -0300] "GET /cormun/static/Shared/jqueryui/images/ui-bg_highlight-soft_100_c6c2c8_1x100.png HTTP/1.1" 404 1117
200.72.197.82 - - [08/May/2017:12:12:26 -0300] "GET /cormun/static/Shared/jqueryui/images/ui-icons_82798d_256x240.png HTTP/1.1" 404 1089
200.72.197.82 - - [08/May/2017:12:12:26 -0300] "GET /cormun/static/Shared/jqueryui/images/ui-icons_8d78a5_256x240.png HTTP/1.1" 404 1089
186.103.132.155 - - [08/May/2017:12:12:26 -0300] "GET /cormun/static/Shared/jqueryui/images/ui-bg_flat_55_fafafa_40x100.png HTTP/1.1" 404 1097
186.103.132.155 - - [08/May/2017:12:12:27 -0300] "POST /cormun/servlet/trautorizarsolicitud?561ce85f2f5519faa282fb366e1eab7a,,gx-no-cache=1494256405651 HTTP/1.1" 200 5345
192.168.10.96 - - [08/May/2017:12:12:29 -0300] "POST /cormun/servlet/solicitudotlog?0391f92cae45c8c5db03f0e11a7a52f6,INS,2017,6268,0,ANU,,gx-no-cache=1494259614214 HTTP/1.1" 200 93
192.168.10.96 - - [08/May/2017:12:12:29 -0300] "GET /cormun/servlet/hpexe_return? HTTP/1.1" 200 1025
192.168.10.96 - - [08/May/2017:12:12:29 -0300] "GET /cormun/servlet/trautorizarsolicitud HTTP/1.1" 200 6932
192.168.10.96 - - [08/May/2017:12:12:29 -0300] "GET /cormun/servlet/trautorizarsolicitud HTTP/1.1" 200 6929
192.168.10.96 - - [08/May/2017:12:12:34 -0300] "GET /cormun/servlet/trsolicitudot? HTTP/1.1" 200 6974
192.168.10.96 - - [08/May/2017:12:12:34 -0300] "GET /cormun/servlet/trsolicitudot? HTTP/1.1" 200 6974
192.168.10.96 - - [08/May/2017:12:12:40 -0300] "GET /cormun/servlet/hlogin HTTP/1.1" 200 1737
186.103.159.46 - - [08/May/2017:12:12:43 -0300] "GET /cormun/servlet/trlicencias? HTTP/1.1" 200 6868
186.103.159.46 - - [08/May/2017:12:12:43 -0300] "GET /cormun/static/gxcfg.js?201741111445981 HTTP/1.1" 200 953
186.103.159.46 - - [08/May/2017:12:12:43 -0300] "GET /cormun/static/trlicencias.js?20174111145440 HTTP/1.1" 200 37913
186.103.159.46 - - [08/May/2017:12:12:44 -0300] "GET /cormun/servlet/trlicencias? HTTP/1.1" 200 6867
192.168.10.96 - - [08/May/2017:12:12:46 -0300] "POST /cormun/servlet/hlogin?0391f92cae45c8c5db03f0e11a7a52f6,gx-no-cache=1494259631941 HTTP/1.1" 200 90
192.168.10.96 - - [08/May/2017:12:12:46 -0300] "GET /cormun/servlet/hpexe_link HTTP/1.1" 200 950
192.168.10.96 - - [08/May/2017:12:12:47 -0300] "GET /cormun/servlet/hhome HTTP/1.1" 200 4266
192.168.10.96 - - [08/May/2017:12:12:47 -0300] "GET /cormun/servlet/hhome HTTP/1.1" 200 4262
186.79.86.5 - - [08/May/2017:12:12:48 -0300] "GET /cormun/servlet/hlogin HTTP/1.1" 200 1740
186.103.159.46 - - [08/May/2017:12:12:51 -0300] "POST /cormun/servlet/trlicencias?b733794190f5cdc4359773023e8ced16,,gx-no-cache=1494256431338 HTTP/1.1" 200 4097
186.103.159.46 - - [08/May/2017:12:12:56 -0300] "POST /cormun/servlet/trlicencias?b733794190f5cdc4359773023e8ced16,,gx-no-cache=1494256435748 HTTP/1.1" 200 4097
200.72.197.82 - - [08/May/2017:12:14:01 -0300] "POST /cormun/servlet/trautorizarsolicitud?561ce85f2f5519faa282fb366e1eab7a,,gx-no-cache=1494256499146 HTTP/1.1" 200 107
200.72.197.82 - - [08/May/2017:12:14:01 -0300] "GET /cormun/servlet/trsolicitudadjuntos?2017,6098, HTTP/1.1" 200 6019
200.72.197.82 - - [08/May/2017:12:14:02 -0300] "GET /cormun/servlet/trsolicitudadjuntos?2017,6098, HTTP/1.1" 200 6018
200.72.197.82 - - [08/May/2017:12:14:15 -0300] "GET /cormun/servlet/trautorizarsolicitud? HTTP/1.1" 200 8122
200.72.197.82 - - [08/May/2017:12:14:16 -0300] "GET /cormun/servlet/trautorizarsolicitud? HTTP/1.1" 200 8113
186.103.132.155 - - [08/May/2017:12:14:44 -0300] "POST /cormun/servlet/trautorizarsolicitud?561ce85f2f5519faa282fb366e1eab7a,,gx-no-cache=1494256542485 HTTP/1.1" 200 107
186.103.132.155 - - [08/May/2017:12:14:44 -0300] "GET /cormun/servlet/trsolicitudadjuntos?2017,6098, HTTP/1.1" 200 6019
200.111.191.210 - - [08/May/2017:12:14:45 -0300] "GET /cormun/servlet/trpermisosgoce? HTTP/1.1" 200 7601
200.111.191.210 - - [08/May/2017:12:14:45 -0300] "GET /cormun/servlet/trpermisosgoce? HTTP/1.1" 200 7601
186.103.132.155 - - [08/May/2017:12:14:45 -0300] "GET /cormun/servlet/trsolicitudadjuntos?2017,6098, HTTP/1.1" 200 6018
200.111.191.210 - - [08/May/2017:12:14:47 -0300] "GET /cormun/servlet/permisogoce?INS,0,,, HTTP/1.1" 200 6720
200.111.191.210 - - [08/May/2017:12:14:47 -0300] "GET /cormun/servlet/permisogoce?INS,0,,, HTTP/1.1" 200 6720
200.111.191.210 - - [08/May/2017:12:14:52 -0300] "GET /cormun/servlet/permisogoce?d5969e97605db5e4372ad33ad125b2f8479ecdeed83af91b875a6b25453cf4d56581eb50eeeff4435d4dba358b6c30e5,gx-no-cache=1494260042273 HTTP/1.1" 200 75
186.103.132.155 - - [08/May/2017:12:14:53 -0300] "GET /cormun/servlet/trautorizarsolicitud? HTTP/1.1" 200 8122
186.103.132.155 - - [08/May/2017:12:14:54 -0300] "GET /cormun/servlet/trautorizarsolicitud? HTTP/1.1" 200 8113
200.111.191.210 - - [08/May/2017:12:15:05 -0300] "GET /cormun/servlet/permisogoce?d5969e97605db5e4372ad33ad125b2f853ead77c1b95ba8e1aa69e57fad980b96fca8953229b2c4afad31172172ffba8b29d2e9b0b7cf35f6b11a07b5e86d051,gx-no-cache=1494260054620 HTTP/1.1" 200 46
200.111.191.210 - - [08/May/2017:12:15:11 -0300] "POST /cormun/servlet/permisogoce?21884bdcfee835582fcaae684a9e8e6b,INS,0,,,,gx-no-cache=1494260060171 HTTP/1.1" 200 93
200.111.191.210 - - [08/May/2017:12:15:11 -0300] "GET /cormun/servlet/hpexe_return? HTTP/1.1" 200 1007
200.111.191.210 - - [08/May/2017:12:15:11 -0300] "GET /cormun/servlet/trpermisosgoce HTTP/1.1" 200 7878
200.111.191.210 - - [08/May/2017:12:15:11 -0300] "GET /cormun/servlet/trpermisosgoce HTTP/1.1" 200 7874
200.111.191.210 - - [08/May/2017:12:15:15 -0300] "GET /cormun/servlet/apermisogoceprn?13751930,P,20170508130936,PU HTTP/1.1" 200 1654
186.103.132.155 - - [08/May/2017:12:15:34 -0300] "GET /cormun/servlet/trsolicitudot? HTTP/1.1" 200 8685
186.103.132.155 - - [08/May/2017:12:15:35 -0300] "GET /cormun/servlet/trsolicitudot? HTTP/1.1" 200 8684
186.103.156.166 - - [08/May/2017:12:15:37 -0300] "GET /cormun/servlet/hhome HTTP/1.1" 200 3330
186.103.156.166 - - [08/May/2017:12:15:38 -0300] "GET /cormun/servlet/hlogin HTTP/1.1" 200 1738
