186.79.8.136 - - [08/May/2017:13:06:32 -0300] "GET /cormun/static/Shared/jqueryui/images/ui-bg_highlight-soft_100_c6c2c8_1x100.png HTTP/1.1" 404 1117
186.79.8.136 - - [08/May/2017:13:06:32 -0300] "GET /cormun/static/Shared/jqueryui/images/ui-icons_82798d_256x240.png HTTP/1.1" 404 1089
186.79.8.136 - - [08/May/2017:13:06:32 -0300] "GET /cormun/static/Shared/jqueryui/images/ui-icons_ebccce_256x240.png HTTP/1.1" 404 1089
186.79.8.136 - - [08/May/2017:13:06:32 -0300] "GET /cormun/static/Shared/jqueryui/images/ui-bg_flat_55_994d53_40x100.png HTTP/1.1" 404 1097
186.103.161.206 - - [08/May/2017:13:06:33 -0300] "POST /cormun/servlet/solicitudotadjuntos?ad8432a0415301256b8d35efc86234a3,INS,2017,6333,,1, HTTP/1.1" 200 6149
186.103.161.206 - - [08/May/2017:13:06:34 -0300] "GET /home/sistema/apache-tomcat-7.0.65/webapps/cormun/PrivateTempStorage/upload_00007623.pdf HTTP/1.1" 404 1135
190.151.100.218 - - [08/May/2017:13:06:34 -0300] "GET /cormun/static/Shared/jqueryui/images/ui-bg_flat_55_994d53_40x100.png HTTP/1.1" 404 1097
200.72.197.82 - - [08/May/2017:13:06:35 -0300] "GET /cormun/static/Shared/jqueryui/images/ui-icons_ebccce_256x240.png HTTP/1.1" 404 1089
186.103.161.206 - - [08/May/2017:13:06:36 -0300] "GET /cormun/PrivateTempStorage/upload_00007623.pdf HTTP/1.1" 200 196608
200.72.197.82 - - [08/May/2017:13:06:37 -0300] "GET /cormun/PrivateTempStorage/upload_00007623.pdf HTTP/1.1" 206 70453
186.79.8.136 - - [08/May/2017:13:06:38 -0300] "GET /cormun/servlet/solicitudot?2da13d066c14354d16f6ac8fa42a7f4889a799ed8cfb7ba859e2cf21233eb23e2c5a06ae661968ef55cee8deb6507533,gx-no-cache=1494259658897 HTTP/1.1" 200 30
186.103.158.250 - - [08/May/2017:13:06:52 -0300] "GET /cormun/servlet/hlogin HTTP/1.1" 200 1723
186.103.132.155 - - [08/May/2017:13:06:53 -0300] "GET /cormun/servlet/solicitudotadjuntos?74e4fe8131afa52a7fabaf49f41ffcb827af36663d86a59eea8c00c4bf20273a,gx-no-cache=1494259672334 HTTP/1.1" 200 30
186.103.132.155 - - [08/May/2017:13:06:54 -0300] "GET /cormun/servlet/solicitudotadjuntos?74e4fe8131afa52a7fabaf49f41ffcb827af36663d86a59eea8c00c4bf20273a,gx-no-cache=1494259672443 HTTP/1.1" 200 30
186.79.9.242 - - [08/May/2017:13:07:02 -0300] "POST /cormun/servlet/licenciaspermisosadjuntos?b5d731e04ed8825d19ba2ace1247a37b,INS,8272534,L,20170508000000,, HTTP/1.1" 200 116
186.79.9.242 - - [08/May/2017:13:07:02 -0300] "GET /cormun/servlet/hpexe_return? HTTP/1.1" 200 1038
186.79.9.242 - - [08/May/2017:13:07:02 -0300] "GET /cormun/servlet/trlicenciaspermisosadjuntos?8272534,20170508000000,L, HTTP/1.1" 200 6658
186.103.132.155 - - [08/May/2017:13:07:03 -0300] "POST /cormun/servlet/solicitudotadjuntos?561ce85f2f5519faa282fb366e1eab7a,INS,2017,6350,,1, HTTP/1.1" 200 6192
186.79.9.242 - - [08/May/2017:13:07:03 -0300] "GET /cormun/servlet/trlicenciaspermisosadjuntos?8272534,20170508000000,L, HTTP/1.1" 200 6654
186.103.132.155 - - [08/May/2017:13:07:03 -0300] "GET /cormun/static/Shared/jqueryui/images/ui-bg_highlight-soft_100_c6c2c8_1x100.png HTTP/1.1" 404 1117
186.103.132.155 - - [08/May/2017:13:07:03 -0300] "GET /cormun/static/Shared/jqueryui/images/ui-icons_82798d_256x240.png HTTP/1.1" 404 1089
190.151.100.218 - - [08/May/2017:13:07:03 -0300] "GET /cormun/static/Shared/jqueryui/images/ui-bg_flat_55_994d53_40x100.png HTTP/1.1" 404 1097
200.72.197.82 - - [08/May/2017:13:07:03 -0300] "GET /cormun/static/Shared/jqueryui/images/ui-icons_ebccce_256x240.png HTTP/1.1" 404 1089
186.103.161.206 - - [08/May/2017:13:07:04 -0300] "GET /cormun/PrivateTempStorage/upload_00007635.jpg HTTP/1.1" 200 271637
186.103.158.250 - - [08/May/2017:13:07:05 -0300] "POST /cormun/servlet/hlogin?7693c7648b95d4cc46ae1d96db105b43,gx-no-cache=1494259686357 HTTP/1.1" 200 90
186.103.158.250 - - [08/May/2017:13:07:06 -0300] "GET /cormun/servlet/hpexe_link HTTP/1.1" 200 954
186.103.158.250 - - [08/May/2017:13:07:06 -0300] "GET /cormun/servlet/hhome HTTP/1.1" 200 3792
186.103.158.250 - - [08/May/2017:13:07:07 -0300] "GET /cormun/servlet/hhome HTTP/1.1" 200 3788
186.103.132.155 - - [08/May/2017:13:07:13 -0300] "GET /cormun/servlet/solicitudotadjuntos?375bfe98323690e43bae590cbce232d89f1e1fb7f5b9e00da4f1ac349519b9d6245b3cc4c97f5a3b90add4357ebf3091,gx-no-cache=1494259693412 HTTP/1.1" 200 30
186.103.132.155 - - [08/May/2017:13:07:13 -0300] "GET /cormun/servlet/solicitudotadjuntos?375bfe98323690e43bae590cbce232d80463f17bdba429e43e86e33eaea7b749245b3cc4c97f5a3b90add4357ebf3091,gx-no-cache=1494259693894 HTTP/1.1" 200 30
186.79.9.242 - - [08/May/2017:13:07:30 -0300] "POST /cormun/servlet/trlicenciaspermisosadjuntos?b5d731e04ed8825d19ba2ace1247a37b,8272534,20170508000000,L,,gx-no-cache=1494259710268 HTTP/1.1" 200 90
186.79.9.242 - - [08/May/2017:13:07:30 -0300] "GET /cormun/servlet/hpexe_link HTTP/1.1" 200 980
186.79.9.242 - - [08/May/2017:13:07:31 -0300] "GET /cormun/servlet/trlicencias HTTP/1.1" 200 7857
186.79.9.242 - - [08/May/2017:13:07:31 -0300] "GET /cormun/servlet/trlicencias HTTP/1.1" 200 7856
186.79.9.242 - - [08/May/2017:13:07:36 -0300] "GET /cormun/servlet/trlicenciaspermisosadjuntos?8272534,20170508000000,L, HTTP/1.1" 200 6654
186.79.9.242 - - [08/May/2017:13:07:36 -0300] "GET /cormun/servlet/trlicenciaspermisosadjuntos?8272534,20170508000000,L, HTTP/1.1" 200 6655
186.79.9.242 - - [08/May/2017:13:07:40 -0300] "POST /cormun/servlet/trlicenciaspermisosadjuntos?b5d731e04ed8825d19ba2ace1247a37b,8272534,20170508000000,L,,gx-no-cache=1494259719615 HTTP/1.1" 200 90
186.79.9.242 - - [08/May/2017:13:07:40 -0300] "GET /cormun/servlet/hpexe_link HTTP/1.1" 200 980
186.79.9.242 - - [08/May/2017:13:07:40 -0300] "GET /cormun/servlet/trlicencias HTTP/1.1" 200 7857
186.79.9.242 - - [08/May/2017:13:07:40 -0300] "GET /cormun/servlet/trlicencias HTTP/1.1" 200 7856
186.103.132.155 - - [08/May/2017:13:07:45 -0300] "POST /cormun/servlet/solicitudotadjuntos?ad8432a0415301256b8d35efc86234a3,INS,2017,6333,,1, HTTP/1.1" 200 6126
186.103.132.155 - - [08/May/2017:13:07:45 -0300] "GET /home/sistema/apache-tomcat-7.0.65/webapps/cormun/PrivateTempStorage/upload_00007648.pdf HTTP/1.1" 404 1135
186.103.132.155 - - [08/May/2017:13:07:49 -0300] "GET /cormun/PrivateTempStorage/upload_00007648.pdf HTTP/1.1" 206 500486
192.168.10.96 - - [08/May/2017:13:08:02 -0300] "GET /cormun/servlet/trsolicitudgral? HTTP/1.1" 200 9797
192.168.10.96 - - [08/May/2017:13:08:03 -0300] "GET /cormun/servlet/trsolicitudgral? HTTP/1.1" 200 9791
192.168.10.96 - - [08/May/2017:13:08:07 -0300] "POST /cormun/servlet/trsolicitudgral?c51d0c4ccca3ac7ccbd9cd810798b85c,,gx-no-cache=1494262952963 HTTP/1.1" 200 5220
192.168.10.96 - - [08/May/2017:13:08:11 -0300] "POST /cormun/servlet/trsolicitudgral?c51d0c4ccca3ac7ccbd9cd810798b85c,,gx-no-cache=1494262956738 HTTP/1.1" 200 7308
192.168.10.96 - - [08/May/2017:13:08:16 -0300] "POST /cormun/servlet/trsolicitudgral?c51d0c4ccca3ac7ccbd9cd810798b85c,,gx-no-cache=1494262961275 HTTP/1.1" 200 5222
192.168.10.96 - - [08/May/2017:13:08:21 -0300] "POST /cormun/servlet/trsolicitudgral?c51d0c4ccca3ac7ccbd9cd810798b85c,,gx-no-cache=1494262966474 HTTP/1.1" 200 5226
192.168.10.96 - - [08/May/2017:13:08:25 -0300] "POST /cormun/servlet/trsolicitudgral?c51d0c4ccca3ac7ccbd9cd810798b85c,,gx-no-cache=1494262970628 HTTP/1.1" 200 7312
192.168.10.96 - - [08/May/2017:13:08:28 -0300] "POST /cormun/servlet/trsolicitudgral?c51d0c4ccca3ac7ccbd9cd810798b85c,,gx-no-cache=1494262973853 HTTP/1.1" 200 7925
186.103.158.250 - - [08/May/2017:13:08:33 -0300] "GET /cormun/servlet/trsolicitudot? HTTP/1.1" 200 6745
192.168.10.96 - - [08/May/2017:13:08:34 -0300] "POST /cormun/servlet/trsolicitudgral?c51d0c4ccca3ac7ccbd9cd810798b85c,,gx-no-cache=1494262979405 HTTP/1.1" 200 5224
186.103.158.250 - - [08/May/2017:13:08:35 -0300] "GET /cormun/servlet/trsolicitudot? HTTP/1.1" 200 6745
186.103.158.250 - - [08/May/2017:13:08:38 -0300] "GET /cormun/servlet/solicitudot?INS,0,0, HTTP/1.1" 200 12608
192.168.10.96 - - [08/May/2017:13:08:38 -0300] "POST /cormun/servlet/trsolicitudgral?c51d0c4ccca3ac7ccbd9cd810798b85c,,gx-no-cache=1494262983139 HTTP/1.1" 200 5228
186.103.158.250 - - [08/May/2017:13:08:39 -0300] "GET /cormun/servlet/solicitudot?INS,0,0, HTTP/1.1" 200 12613
192.168.10.96 - - [08/May/2017:13:08:40 -0300] "POST /cormun/servlet/trsolicitudgral?c51d0c4ccca3ac7ccbd9cd810798b85c,,gx-no-cache=1494262985773 HTTP/1.1" 200 7245
186.79.9.242 - - [08/May/2017:13:08:43 -0300] "GET /cormun/servlet/alicenciaprn?8272534,L,20170508000000,PU HTTP/1.1" 200 1608
192.168.10.96 - - [08/May/2017:13:08:45 -0300] "POST /cormun/servlet/trsolicitudgral?c51d0c4ccca3ac7ccbd9cd810798b85c,,gx-no-cache=1494262990436 HTTP/1.1" 200 20880
192.168.10.96 - - [08/May/2017:13:08:59 -0300] "POST /cormun/servlet/trsolicitudgral?c51d0c4ccca3ac7ccbd9cd810798b85c,,gx-no-cache=1494263004169 HTTP/1.1" 200 5226
186.79.8.136 - - [08/May/2017:13:09:00 -0300] "POST /cormun/servlet/solicitudot?gx-no-cache=1494259800692 HTTP/1.1" 200 297
192.168.10.96 - - [08/May/2017:13:09:03 -0300] "POST /cormun/servlet/trsolicitudgral?c51d0c4ccca3ac7ccbd9cd810798b85c,,gx-no-cache=1494263008179 HTTP/1.1" 200 7924
192.168.10.96 - - [08/May/2017:13:09:03 -0300] "POST /cormun/servlet/trsolicitudgral?c51d0c4ccca3ac7ccbd9cd810798b85c,,gx-no-cache=1494263008683 HTTP/1.1" 200 7925
186.79.8.136 - - [08/May/2017:13:09:03 -0300] "GET /cormun/servlet/solicitudot?2da13d066c14354d16f6ac8fa42a7f485c86433b7ef948fe80aff36b4f1f303f7e71e17a759c782ad4b9d92bc0257fd026a0b2740242864634546c3b575f9caaf96868e3de853df79f566be445ad187cfb87a8a263b2b27d7cba72861fad5b2dc8da3af53d869689577b791dd8ae679ce93238f1a1d997e603b9796f2758bc13eb7dcfcd8655cdf225ad42120b0cd6167b4e620bb2c13cad303a279fd4104927b97049e554eb28bd57085494311e7503226a6a407eba999ecc30687b4e56ecbe6a54a276c55548477752eb5a612601dfc692026d7d9ba27feca29ce980df7d87ebd0770a7e18d41893ec6b1af618bb7c8d369e719c3730d6bf2cd85e055b0616c3d085897b8e32dfefd43b6c0c7d860076b413ca16c8ede91422ff32849104ccdd1e8cf97af8b047f92fc687e09084015456bf84db6e5249231b89847c6c90f9b489755735f688f267521c96b914e490e9d347d4db9add2ae261d91e6c57b9c35b0b10aaa00bc8d553753e86f5e67b17b7ebe173750840964b6cd1914b32c4ac98e5eba505c320010233f2efe2c9294b,gx-no-cache=1494259804136 HTTP/1.1" 200 30
186.79.8.136 - - [08/May/2017:13:09:08 -0300] "POST /cormun/servlet/solicitudot?gx-no-cache=1494259808298 HTTP/1.1" 200 30
186.79.8.136 - - [08/May/2017:13:09:09 -0300] "POST /cormun/servlet/solicitudot?gx-no-cache=1494259810083 HTTP/1.1" 200 235
186.79.8.136 - - [08/May/2017:13:09:10 -0300] "POST /cormun/servlet/solicitudot?gx-no-cache=1494259810266 HTTP/1.1" 200 38
200.72.197.82 - - [08/May/2017:13:09:10 -0300] "GET /cormun/servlet/solicitudotadjuntos?375bfe98323690e43bae590cbce232d80463f17bdba429e43e86e33eaea7b749245b3cc4c97f5a3b90add4357ebf3091,gx-no-cache=1494259810911 HTTP/1.1" 200 30
200.72.197.82 - - [08/May/2017:13:09:10 -0300] "GET /cormun/servlet/solicitudotadjuntos?375bfe98323690e43bae590cbce232d80463f17bdba429e43e86e33eaea7b749245b3cc4c97f5a3b90add4357ebf3091,gx-no-cache=1494259810989 HTTP/1.1" 200 30
186.79.8.136 - - [08/May/2017:13:09:29 -0300] "GET /cormun/servlet/solicitudot?2da13d066c14354d16f6ac8fa42a7f483f2a672b845722877acf5c2ddcced33d713bd6e7e01f622df283d55a58655ac723858e2dcaf8c91ac5e89afad17099fb1f784d0f1dae2c95e9aa2efd84fdae5d398253a2ac8fc35454166eacb5df54dac5ca14c2eb4bca239cf0ae9038e82272,gx-no-cache=1494259829528 HTTP/1.1" 200 29
186.79.8.136 - - [08/May/2017:13:09:29 -0300] "POST /cormun/servlet/solicitudot?gx-no-cache=1494259829642 HTTP/1.1" 200 709
186.79.8.136 - - [08/May/2017:13:09:30 -0300] "POST /cormun/servlet/solicitudot?gx-no-cache=1494259830961 HTTP/1.1" 200 1162
186.79.9.242 - - [08/May/2017:13:09:36 -0300] "GET /cormun/servlet/licenciaspermisos?INS,0,,, HTTP/1.1" 200 7196
186.79.9.242 - - [08/May/2017:13:09:37 -0300] "GET /cormun/servlet/licenciaspermisos?INS,0,,, HTTP/1.1" 200 7196
192.168.10.96 - - [08/May/2017:13:09:37 -0300] "POST /cormun/servlet/trsolicitudgral?c51d0c4ccca3ac7ccbd9cd810798b85c,,gx-no-cache=1494263042866 HTTP/1.1" 200 5225
192.168.10.96 - - [08/May/2017:13:09:40 -0300] "POST /cormun/servlet/trsolicitudgral?c51d0c4ccca3ac7ccbd9cd810798b85c,,gx-no-cache=1494263045515 HTTP/1.1" 200 7312
192.168.10.96 - - [08/May/2017:13:09:44 -0300] "POST /cormun/servlet/trsolicitudgral?c51d0c4ccca3ac7ccbd9cd810798b85c,,gx-no-cache=1494263049033 HTTP/1.1" 200 7924
186.79.9.242 - - [08/May/2017:13:09:44 -0300] "GET /cormun/servlet/licenciaspermisos?8ac0c418a1cf3c7d59d21effd8cbd7125231d0b5fcc87d2bd1bb7eedf49ed83f7bb38c581b92ed739e297c4fcb88f9c8,gx-no-cache=1494259843988 HTTP/1.1" 200 69
186.79.9.242 - - [08/May/2017:13:09:44 -0300] "POST /cormun/servlet/licenciaspermisos?b5d731e04ed8825d19ba2ace1247a37b,INS,0,,,,gx-no-cache=1494259844065 HTTP/1.1" 200 4437
192.168.10.96 - - [08/May/2017:13:09:46 -0300] "POST /cormun/servlet/trsolicitudgral?c51d0c4ccca3ac7ccbd9cd810798b85c,,gx-no-cache=1494263051849 HTTP/1.1" 200 5225
200.72.197.82 - - [08/May/2017:13:09:46 -0300] "POST /cormun/servlet/solicitudotadjuntos?ad8432a0415301256b8d35efc86234a3,INS,2017,6333,,1, HTTP/1.1" 200 6602
192.168.10.96 - - [08/May/2017:13:09:50 -0300] "POST /cormun/servlet/trsolicitudgral?c51d0c4ccca3ac7ccbd9cd810798b85c,,gx-no-cache=1494263055730 HTTP/1.1" 200 7312
200.72.197.82 - - [08/May/2017:13:09:59 -0300] "POST /cormun/servlet/solicitudotadjuntos?gx-no-cache=1494259860017 HTTP/1.1" 200 26
186.79.9.242 - - [08/May/2017:13:10:02 -0300] "GET /cormun/static/menuarrow.gif HTTP/1.1" 404 1015
186.103.161.206 - - [08/May/2017:13:10:33 -0300] "GET /cormun/servlet/solicitudotadjuntos?375bfe98323690e43bae590cbce232d8b76e516a6303f3d771e5a58035f89152,gx-no-cache=1494259893733 HTTP/1.1" 200 30
186.103.161.206 - - [08/May/2017:13:10:33 -0300] "GET /cormun/servlet/solicitudotadjuntos?375bfe98323690e43bae590cbce232d8b76e516a6303f3d771e5a58035f89152,gx-no-cache=1494259894182 HTTP/1.1" 200 30
186.103.161.206 - - [08/May/2017:13:10:44 -0300] "POST /cormun/servlet/solicitudotadjuntos?ad8432a0415301256b8d35efc86234a3,INS,2017,6333,,1, HTTP/1.1" 200 6465
186.103.161.206 - - [08/May/2017:13:10:45 -0300] "GET /home/sistema/apache-tomcat-7.0.65/webapps/cormun/PrivateTempStorage/upload_00007667.pdf HTTP/1.1" 404 1135
190.151.100.218 - - [08/May/2017:13:10:46 -0300] "GET /cormun/PrivateTempStorage/upload_00007667.pdf HTTP/1.1" 200 147456
200.72.197.82 - - [08/May/2017:13:10:57 -0300] "GET /cormun/PrivateTempStorage/upload_00007667.pdf HTTP/1.1" 206 169803
186.79.8.136 - - [08/May/2017:13:11:17 -0300] "GET /cormun/servlet/solicitudot?2da13d066c14354d16f6ac8fa42a7f4855ea9c3ff3048a30947a687d32f344d7911895a2128aa7ee2e8f39015070780145756f23f1738f682cba318a80116de0ea16964d0578c7389e8696e7289d8ff9e32254e841d1a643ab79d9e2206ae8a9e43556667844d4875c9fecc8f86e17e6af48765afba711baea8f29976a4afe9fa0044333afb1ea1579027f9cfc3dc1ba686211a5c25e5db7ccae2e0dea3bc1af51f1c1496cc2a57cf9da479acaf33915,gx-no-cache=1494259937236 HTTP/1.1" 200 30
200.72.197.82 - - [08/May/2017:13:11:26 -0300] "GET /cormun/servlet/solicitudotadjuntos?375bfe98323690e43bae590cbce232d80463f17bdba429e43e86e33eaea7b749245b3cc4c97f5a3b90add4357ebf3091,gx-no-cache=1494259946706 HTTP/1.1" 200 30
200.72.197.82 - - [08/May/2017:13:11:26 -0300] "GET /cormun/servlet/solicitudotadjuntos?375bfe98323690e43bae590cbce232d80463f17bdba429e43e86e33eaea7b749245b3cc4c97f5a3b90add4357ebf3091,gx-no-cache=1494259946800 HTTP/1.1" 200 30
186.79.9.242 - - [08/May/2017:13:11:32 -0300] "GET /cormun/servlet/licenciaspermisos?8ac0c418a1cf3c7d59d21effd8cbd712063e9dd8175195a717a21b593be4beba6b251171542b23f7eeb7a26ec8330dac8fdb0e292d5353ca3c8f1d6e74a50e34fe64b9269d130e6fd89ce20e1a830c7658bf3ffa9b95f6986b9510d2e37b8953cfd456de35d49c240d22594ff55230a6fd95e27a30b063a21a2fda22aa61a2188ecb24ba948cc314a27926c935a4eb1dd0ac8d9cf3695c8c8b6ebd563967eb6489b0c785d23e43bcb78cc2dee6b31585,gx-no-cache=1494259952646 HTTP/1.1" 200 30
186.79.9.242 - - [08/May/2017:13:11:32 -0300] "GET /cormun/servlet/licenciaspermisos?8ac0c418a1cf3c7d59d21effd8cbd7128d0efa58b5d78fe7a7b7454a2a589ab2421927643f68b8c979888ff707be7bfe23e8babdce57893a222b8d8b89fccb4543870faf78c52400c00b0d7a735076ccc73034bac78c8a18cbbec3791d4b4fb367580e0d97921e2dbf9dfb88b07311fa1cadbec6729a4941e716c1376c6b812573a6aaecba734370696fbe2fed502cab56238e8ba800390e9fe39c7251381e1840e763fa5352917baae0d426b3fa55ec,gx-no-cache=1494259952778 HTTP/1.1" 200 29
186.79.9.242 - - [08/May/2017:13:11:33 -0300] "POST /cormun/servlet/licenciaspermisos?b5d731e04ed8825d19ba2ace1247a37b,INS,0,,,,gx-no-cache=1494259952860 HTTP/1.1" 200 93
186.79.9.242 - - [08/May/2017:13:11:33 -0300] "GET /cormun/servlet/hpexe_return? HTTP/1.1" 200 1008
186.79.9.242 - - [08/May/2017:13:11:33 -0300] "GET /cormun/servlet/trlicencias HTTP/1.1" 200 8224
186.79.9.242 - - [08/May/2017:13:11:34 -0300] "GET /cormun/servlet/trlicencias HTTP/1.1" 200 8221
200.72.197.82 - - [08/May/2017:13:11:34 -0300] "POST /cormun/servlet/solicitudotadjuntos?ad8432a0415301256b8d35efc86234a3,INS,2017,6333,,1, HTTP/1.1" 200 6442
200.72.197.82 - - [08/May/2017:13:11:35 -0300] "GET /home/sistema/apache-tomcat-7.0.65/webapps/cormun/PrivateTempStorage/upload_00007678.pdf HTTP/1.1" 404 1135
200.72.197.82 - - [08/May/2017:13:11:35 -0300] "GET /cormun/PrivateTempStorage/upload_00007678.pdf HTTP/1.1" 200 16384
186.103.132.155 - - [08/May/2017:13:11:35 -0300] "GET /cormun/PrivateTempStorage/upload_00007678.pdf HTTP/1.1" 200 425432
186.79.9.242 - - [08/May/2017:13:11:38 -0300] "GET /cormun/servlet/trlicenciaspermisosadjuntos?17333497,20170508000000,L, HTTP/1.1" 200 6162
186.79.9.242 - - [08/May/2017:13:11:38 -0300] "GET /cormun/servlet/trlicenciaspermisosadjuntos?17333497,20170508000000,L, HTTP/1.1" 200 6162
186.79.9.242 - - [08/May/2017:13:11:42 -0300] "GET /cormun/servlet/licenciaspermisosadjuntos?INS,17333497,L,20170508000000,, HTTP/1.1" 200 5457
186.79.9.242 - - [08/May/2017:13:11:43 -0300] "GET /cormun/static/about:blank HTTP/1.1" 404 1011
186.79.9.242 - - [08/May/2017:13:11:43 -0300] "GET /cormun/servlet/licenciaspermisosadjuntos?INS,17333497,L,20170508000000,, HTTP/1.1" 200 5447
186.103.132.155 - - [08/May/2017:13:11:56 -0300] "GET /cormun/servlet/trautorizarsolicitud? HTTP/1.1" 200 6939
186.103.132.155 - - [08/May/2017:13:11:57 -0300] "GET /cormun/servlet/trautorizarsolicitud? HTTP/1.1" 200 6920
186.79.8.136 - - [08/May/2017:13:12:02 -0300] "POST /cormun/servlet/solicitudot?566810f9ccc8aa0acc51db3dda12aed4,INS,0,0,,gx-no-cache=1494259981637 HTTP/1.1" 200 93
186.79.8.136 - - [08/May/2017:13:12:02 -0300] "GET /cormun/servlet/hpexe_return? HTTP/1.1" 200 1008
186.79.8.136 - - [08/May/2017:13:12:02 -0300] "GET /cormun/servlet/trsolicitudot HTTP/1.1" 200 8253
186.79.8.136 - - [08/May/2017:13:12:03 -0300] "GET /cormun//static/Resources/PXToolsActionView.png HTTP/1.1" 200 2995
186.79.8.136 - - [08/May/2017:13:12:03 -0300] "GET /cormun//static/Resources/PXToolsRemoveAllAction.png HTTP/1.1" 200 3558
186.79.8.136 - - [08/May/2017:13:12:03 -0300] "GET /cormun/servlet/trsolicitudot HTTP/1.1" 200 8249
186.103.132.155 - - [08/May/2017:13:12:03 -0300] "GET /cormun/servlet/trsolicitudot? HTTP/1.1" 200 8271
186.103.132.155 - - [08/May/2017:13:12:03 -0300] "GET /cormun/servlet/trsolicitudot? HTTP/1.1" 200 8270
186.103.161.206 - - [08/May/2017:13:12:11 -0300] "POST /cormun/servlet/trsolicitudot?ad8432a0415301256b8d35efc86234a3,,gx-no-cache=1494259990954 HTTP/1.1" 200 5642
186.79.9.242 - - [08/May/2017:13:12:25 -0300] "POST /cormun/servlet/licenciaspermisosadjuntos?b5d731e04ed8825d19ba2ace1247a37b,INS,17333497,L,20170508000000,, HTTP/1.1" 200 116
186.79.9.242 - - [08/May/2017:13:12:25 -0300] "GET /cormun/servlet/hpexe_return? HTTP/1.1" 200 1038
186.79.9.242 - - [08/May/2017:13:12:25 -0300] "GET /cormun/servlet/trlicenciaspermisosadjuntos?17333497,20170508000000,L, HTTP/1.1" 200 6649
186.79.9.242 - - [08/May/2017:13:12:26 -0300] "GET /cormun/servlet/trlicenciaspermisosadjuntos?17333497,20170508000000,L, HTTP/1.1" 200 6646
186.79.9.242 - - [08/May/2017:13:12:29 -0300] "POST /cormun/servlet/trlicenciaspermisosadjuntos?b5d731e04ed8825d19ba2ace1247a37b,17333497,20170508000000,L,,gx-no-cache=1494260008603 HTTP/1.1" 200 90
186.79.9.242 - - [08/May/2017:13:12:29 -0300] "GET /cormun/servlet/hpexe_link HTTP/1.1" 200 982
186.79.9.242 - - [08/May/2017:13:12:29 -0300] "GET /cormun/servlet/trlicencias HTTP/1.1" 200 8222
186.79.9.242 - - [08/May/2017:13:12:29 -0300] "GET /cormun/servlet/trlicencias HTTP/1.1" 200 8221
186.79.9.242 - - [08/May/2017:13:12:34 -0300] "GET /cormun/servlet/alicenciaprn?17333497,L,20170508000000,PU HTTP/1.1" 200 1555
192.168.10.89 - - [08/May/2017:13:12:58 -0300] "GET /cormun/servlet/hlogin HTTP/1.1" 200 1742
192.168.10.89 - - [08/May/2017:13:13:05 -0300] "POST /cormun/servlet/hlogin?0249a6715e6959cf368d47e1568e08df,gx-no-cache=1494263251080 HTTP/1.1" 200 453
192.168.10.89 - - [08/May/2017:13:13:10 -0300] "POST /cormun/servlet/hlogin?0249a6715e6959cf368d47e1568e08df,gx-no-cache=1494263255724 HTTP/1.1" 200 90
192.168.10.89 - - [08/May/2017:13:13:10 -0300] "GET /cormun/servlet/hpexe_link HTTP/1.1" 200 954
192.168.10.89 - - [08/May/2017:13:13:11 -0300] "GET /cormun/servlet/hhome HTTP/1.1" 200 4457
192.168.10.89 - - [08/May/2017:13:13:11 -0300] "GET /cormun/static/scaMessage/scaMessageRender.js HTTP/1.1" 200 11977
192.168.10.89 - - [08/May/2017:13:13:14 -0300] "GET /cormun/servlet/trsolicitudgral? HTTP/1.1" 200 25304
192.168.10.89 - - [08/May/2017:13:13:20 -0300] "GET /cormun/static/menuarrow.gif HTTP/1.1" 404 1015
192.168.10.89 - - [08/May/2017:13:13:25 -0300] "POST /cormun/servlet/trsolicitudgral?0249a6715e6959cf368d47e1568e08df,,gx-no-cache=1494263270678 HTTP/1.1" 200 9500
186.79.9.242 - - [08/May/2017:13:13:32 -0300] "POST /cormun/servlet/trlicencias?b5d731e04ed8825d19ba2ace1247a37b,gx-no-cache=1494260072060 HTTP/1.1" 200 5206
186.79.9.242 - - [08/May/2017:13:13:32 -0300] "GET /cormun/static/Shared/jqueryui/images/ui-bg_highlight-soft_100_c6c2c8_1x100.png HTTP/1.1" 404 1117
186.79.9.242 - - [08/May/2017:13:13:32 -0300] "GET /cormun/static/Shared/jqueryui/images/ui-icons_82798d_256x240.png HTTP/1.1" 404 1089
186.79.9.242 - - [08/May/2017:13:13:32 -0300] "GET /cormun/static/Shared/jqueryui/images/ui-bg_flat_55_fafafa_40x100.png HTTP/1.1" 404 1097
186.79.9.242 - - [08/May/2017:13:13:32 -0300] "GET /cormun/static/Shared/jqueryui/images/ui-icons_8d78a5_256x240.png HTTP/1.1" 404 1089
186.79.9.242 - - [08/May/2017:13:13:34 -0300] "POST /cormun/servlet/trlicencias?b5d731e04ed8825d19ba2ace1247a37b,gx-no-cache=1494260073535 HTTP/1.1" 200 4045
192.168.10.89 - - [08/May/2017:13:13:36 -0300] "GET /cormun/servlet/hlogin HTTP/1.1" 200 1744
192.168.10.89 - - [08/May/2017:13:13:51 -0300] "POST /cormun/servlet/hlogin?0249a6715e6959cf368d47e1568e08df,gx-no-cache=1494263296267 HTTP/1.1" 200 90
192.168.10.89 - - [08/May/2017:13:13:51 -0300] "GET /cormun/servlet/hpexe_link HTTP/1.1" 200 954
192.168.10.89 - - [08/May/2017:13:13:51 -0300] "GET /cormun/servlet/hhome HTTP/1.1" 200 4005
192.168.10.89 - - [08/May/2017:13:13:57 -0300] "GET /cormun/servlet/trsolicitudot? HTTP/1.1" 200 8273
192.168.10.89 - - [08/May/2017:13:14:01 -0300] "POST /cormun/servlet/trsolicitudot?0249a6715e6959cf368d47e1568e08df,,gx-no-cache=1494263306973 HTTP/1.1" 200 106
192.168.10.89 - - [08/May/2017:13:14:01 -0300] "GET /cormun/servlet/trsolicitudadjuntos?2017,6333, HTTP/1.1" 200 8272
192.168.10.89 - - [08/May/2017:13:14:04 -0300] "GET /cormun/servlet/trsolicitudot? HTTP/1.1" 200 8273
192.168.10.89 - - [08/May/2017:13:14:07 -0300] "GET /cormun/servlet/trautorizarsolicitud? HTTP/1.1" 200 6930
192.168.10.89 - - [08/May/2017:13:14:14 -0300] "POST /cormun/servlet/trautorizarsolicitud?0249a6715e6959cf368d47e1568e08df,,gx-no-cache=1494263319555 HTTP/1.1" 200 5424
192.168.10.89 - - [08/May/2017:13:14:18 -0300] "POST /cormun/servlet/trautorizarsolicitud?0249a6715e6959cf368d47e1568e08df,,gx-no-cache=1494263323263 HTTP/1.1" 200 4128
192.168.10.89 - - [08/May/2017:13:14:21 -0300] "POST /cormun/servlet/trautorizarsolicitud?0249a6715e6959cf368d47e1568e08df,,gx-no-cache=1494263326021 HTTP/1.1" 200 8283
192.168.10.89 - - [08/May/2017:13:14:31 -0300] "POST /cormun/servlet/trautorizarsolicitud?0249a6715e6959cf368d47e1568e08df,,gx-no-cache=1494263336795 HTTP/1.1" 200 4131
192.168.10.89 - - [08/May/2017:13:14:36 -0300] "POST /cormun/servlet/trautorizarsolicitud?0249a6715e6959cf368d47e1568e08df,,gx-no-cache=1494263341097 HTTP/1.1" 200 4131
192.168.10.89 - - [08/May/2017:13:14:41 -0300] "GET /cormun/servlet/trsolicitudot? HTTP/1.1" 200 8272
192.168.10.89 - - [08/May/2017:13:14:45 -0300] "POST /cormun/servlet/trsolicitudot?0249a6715e6959cf368d47e1568e08df,,gx-no-cache=1494263350514 HTTP/1.1" 200 106
192.168.10.89 - - [08/May/2017:13:14:45 -0300] "GET /cormun/servlet/trsolicitudadjuntos?2017,6333, HTTP/1.1" 200 8273
192.168.10.89 - - [08/May/2017:13:15:06 -0300] "POST /cormun/servlet/trsolicitudadjuntos?0249a6715e6959cf368d47e1568e08df,2017,6333,,gx-no-cache=1494263371620 HTTP/1.1" 200 90
192.168.10.89 - - [08/May/2017:13:15:06 -0300] "GET /cormun/servlet/hpexe_link HTTP/1.1" 200 970
192.168.10.89 - - [08/May/2017:13:15:07 -0300] "GET /cormun/servlet/trsolicitudot HTTP/1.1" 200 8273
192.168.10.89 - - [08/May/2017:13:15:18 -0300] "GET /cormun/servlet/hlogin HTTP/1.1" 200 1739
186.103.161.206 - - [08/May/2017:13:15:47 -0300] "GET /cormun/servlet/licenciaspermisos?INS,0,,, HTTP/1.1" 200 7235
186.103.161.206 - - [08/May/2017:13:15:48 -0300] "GET /cormun/servlet/licenciaspermisos?INS,0,,, HTTP/1.1" 200 7246
186.103.159.182 - - [08/May/2017:13:18:13 -0300] "GET /cormun/servlet/permisosadjuntos?INS,13117033,P,20170508134735,, HTTP/1.1" 200 5701
186.103.159.182 - - [08/May/2017:13:18:13 -0300] "GET /cormun/static/gxcfg.js?201741111155774 HTTP/1.1" 200 953
186.103.159.182 - - [08/May/2017:13:18:13 -0300] "GET /cormun/static/permisosadjuntos.js?201741111155784 HTTP/1.1" 304 -
186.103.159.182 - - [08/May/2017:13:18:14 -0300] "GET /cormun/static/about:blank HTTP/1.1" 404 1011
186.103.159.182 - - [08/May/2017:13:18:16 -0300] "GET /cormun/servlet/permisosadjuntos?INS,13117033,P,20170508134735,, HTTP/1.1" 200 5691
186.103.159.182 - - [08/May/2017:13:18:30 -0300] "POST /cormun/servlet/permisosadjuntos?b318b1b93857a207d029da65a54180f5,INS,13117033,P,20170508134735,, HTTP/1.1" 200 116
186.103.159.182 - - [08/May/2017:13:18:30 -0300] "GET /cormun/servlet/hpexe_return? HTTP/1.1" 200 1031
186.103.159.182 - - [08/May/2017:13:18:30 -0300] "GET /cormun/servlet/trpermisosadjuntos?13117033,20170508134735,P, HTTP/1.1" 200 6819
186.103.159.182 - - [08/May/2017:13:18:32 -0300] "GET /cormun/servlet/trpermisosadjuntos?13117033,20170508134735,P, HTTP/1.1" 200 6816
186.103.159.182 - - [08/May/2017:13:18:35 -0300] "POST /cormun/servlet/trpermisosadjuntos?b318b1b93857a207d029da65a54180f5,13117033,20170508134735,P,,gx-no-cache=1494260376025 HTTP/1.1" 200 90
186.103.159.182 - - [08/May/2017:13:18:35 -0300] "GET /cormun/servlet/hpexe_link HTTP/1.1" 200 978
186.103.159.182 - - [08/May/2017:13:18:35 -0300] "GET /cormun/servlet/trpermisosgoce HTTP/1.1" 200 7688
186.103.159.182 - - [08/May/2017:13:18:37 -0300] "GET /cormun/servlet/trpermisosgoce HTTP/1.1" 200 7686
186.103.159.182 - - [08/May/2017:13:19:17 -0300] "POST /cormun/servlet/trpermisosgoce?b318b1b93857a207d029da65a54180f5,gx-no-cache=1494260418115 HTTP/1.1" 200 4177
186.103.159.182 - - [08/May/2017:13:19:17 -0300] "GET /cormun/static/Shared/jqueryui/images/ui-bg_highlight-soft_100_c6c2c8_1x100.png HTTP/1.1" 404 1117
186.103.159.182 - - [08/May/2017:13:19:17 -0300] "GET /cormun/static/Shared/jqueryui/images/ui-icons_82798d_256x240.png HTTP/1.1" 404 1089
186.103.159.182 - - [08/May/2017:13:19:17 -0300] "GET /cormun/static/Shared/jqueryui/images/ui-bg_flat_55_fafafa_40x100.png HTTP/1.1" 404 1097
186.103.159.182 - - [08/May/2017:13:19:17 -0300] "GET /cormun/static/Shared/jqueryui/images/ui-icons_8d78a5_256x240.png HTTP/1.1" 404 1089
186.103.159.182 - - [08/May/2017:13:19:23 -0300] "GET /cormun/servlet/trpermisosgoce? HTTP/1.1" 200 6834
186.103.159.182 - - [08/May/2017:13:19:25 -0300] "GET /cormun/servlet/trpermisosgoce? HTTP/1.1" 200 6834
186.103.159.182 - - [08/May/2017:13:19:28 -0300] "GET /cormun/servlet/permisogoce?INS,0,,, HTTP/1.1" 200 6835
186.103.159.182 - - [08/May/2017:13:19:29 -0300] "GET /cormun/servlet/permisogoce?INS,0,,, HTTP/1.1" 200 6835
186.103.159.182 - - [08/May/2017:13:19:53 -0300] "GET /cormun/servlet/permisogoce?d19c5aa162a6c8ab660a632ab34e9073730fa635fa8f1b13bd05d7413fc05b3b5a5ecba9ffed3d57c5681885a7ee7542,gx-no-cache=1494260454106 HTTP/1.1" 200 67
186.103.159.182 - - [08/May/2017:13:19:53 -0300] "GET /cormun/static/menuarrow.gif HTTP/1.1" 404 1015
186.103.159.182 - - [08/May/2017:13:19:59 -0300] "GET /cormun/servlet/permisogoce?d19c5aa162a6c8ab660a632ab34e907316a7306b08d123be0749f36ca43d7ff7a66375705f2462172b6d84cd124b75e727b5fbc025ec1b841d24ff6f4e5cf6f7,gx-no-cache=1494260460079 HTTP/1.1" 200 46
186.103.159.182 - - [08/May/2017:13:20:29 -0300] "POST /cormun/servlet/permisogoce?b318b1b93857a207d029da65a54180f5,INS,0,,,,gx-no-cache=1494260489442 HTTP/1.1" 200 93
186.103.159.182 - - [08/May/2017:13:20:29 -0300] "GET /cormun/servlet/hpexe_return? HTTP/1.1" 200 1003
186.103.159.182 - - [08/May/2017:13:20:29 -0300] "GET /cormun/servlet/trpermisosgoce HTTP/1.1" 200 7676
186.103.159.182 - - [08/May/2017:13:20:31 -0300] "GET /cormun/servlet/trpermisosgoce HTTP/1.1" 200 7672
186.103.159.182 - - [08/May/2017:13:20:33 -0300] "GET /cormun/servlet/apermisogoceprn?8266126,P,20170508141454,PU HTTP/1.1" 200 1659
186.79.8.136 - - [08/May/2017:13:21:32 -0300] "POST /cormun/servlet/trsolicitudot?566810f9ccc8aa0acc51db3dda12aed4,gx-no-cache=1494260552608 HTTP/1.1" 200 106
157.55.39.138 - - [08/May/2017:13:21:32 -0300] "GET /cormun/servlet/trlicencias HTTP/1.1" 200 6015
186.79.8.136 - - [08/May/2017:13:21:32 -0300] "GET /cormun/servlet/trsolicitudadjuntos?2017,6354, HTTP/1.1" 200 6117
186.79.8.136 - - [08/May/2017:13:21:33 -0300] "GET /cormun/static/gxcfg.js?201731711504543 HTTP/1.1" 200 953
186.79.8.136 - - [08/May/2017:13:21:33 -0300] "GET /cormun/static/trsolicitudadjuntos.js?201731711504951 HTTP/1.1" 200 17913
186.79.8.136 - - [08/May/2017:13:21:33 -0300] "GET /cormun/servlet/trsolicitudadjuntos?2017,6354, HTTP/1.1" 200 6117
186.79.8.136 - - [08/May/2017:13:21:36 -0300] "GET /cormun/servlet/solicitudotadjuntos?INS,2017,6354,,2, HTTP/1.1" 200 6056
186.79.8.136 - - [08/May/2017:13:21:37 -0300] "GET /cormun/static/gxcfg.js?201612218465951 HTTP/1.1" 200 953
186.79.8.136 - - [08/May/2017:13:21:37 -0300] "GET /cormun/static/solicitudotadjuntos.js?201612218465969 HTTP/1.1" 200 11762
186.79.8.136 - - [08/May/2017:13:21:37 -0300] "GET /cormun/static/about:blank HTTP/1.1" 404 1011
186.79.8.136 - - [08/May/2017:13:21:37 -0300] "GET /cormun/servlet/solicitudotadjuntos?INS,2017,6354,,2, HTTP/1.1" 200 6049
186.79.8.136 - - [08/May/2017:13:21:37 -0300] "GET /cormun/servlet/solicitudotadjuntos?2da13d066c14354d16f6ac8fa42a7f4884481506f0f2c75528286d37379e3609f79e8672c98ebc98c867d1f232d09c78,gx-no-cache=1494260558155 HTTP/1.1" 200 30
186.79.8.136 - - [08/May/2017:13:21:38 -0300] "POST /cormun/servlet/solicitudotadjuntos?566810f9ccc8aa0acc51db3dda12aed4,INS,2017,6354,,2,,gx-no-cache=1494260558259 HTTP/1.1" 200 4043
186.79.8.136 - - [08/May/2017:13:21:43 -0300] "POST /cormun/servlet/solicitudotadjuntos?gx-no-cache=1494260563875 HTTP/1.1" 200 26
186.79.8.136 - - [08/May/2017:13:21:50 -0300] "GET /cormun/servlet/solicitudotadjuntos?2da13d066c14354d16f6ac8fa42a7f48064a38363dd3cc8528f1f3cee04802d6,gx-no-cache=1494260570636 HTTP/1.1" 200 30
186.79.8.136 - - [08/May/2017:13:21:50 -0300] "GET /cormun/servlet/solicitudotadjuntos?2da13d066c14354d16f6ac8fa42a7f48064a38363dd3cc8528f1f3cee04802d6,gx-no-cache=1494260570727 HTTP/1.1" 200 30
186.79.8.136 - - [08/May/2017:13:21:56 -0300] "POST /cormun/servlet/solicitudotadjuntos?566810f9ccc8aa0acc51db3dda12aed4,INS,2017,6354,,2, HTTP/1.1" 200 116
186.79.8.136 - - [08/May/2017:13:21:56 -0300] "GET /cormun/servlet/hpexe_return? HTTP/1.1" 200 1027
186.79.8.136 - - [08/May/2017:13:21:56 -0300] "GET /cormun/servlet/trsolicitudadjuntos?2017,6354, HTTP/1.1" 200 8290
207.46.13.57 - - [08/May/2017:13:21:57 -0300] "GET /cormun/static/trlicencias.js?20174111145440 HTTP/1.1" 200 37913
186.79.8.136 - - [08/May/2017:13:21:57 -0300] "GET /cormun/servlet/trsolicitudadjuntos?2017,6354, HTTP/1.1" 200 8284
186.79.8.136 - - [08/May/2017:13:21:59 -0300] "GET /cormun/servlet/solicitudotadjuntos?INS,2017,6354,,1, HTTP/1.1" 200 6056
186.79.8.136 - - [08/May/2017:13:22:00 -0300] "GET /cormun/static/about:blank HTTP/1.1" 404 1011
186.79.8.136 - - [08/May/2017:13:22:00 -0300] "GET /cormun/servlet/solicitudotadjuntos?INS,2017,6354,,1, HTTP/1.1" 200 6049
186.79.8.136 - - [08/May/2017:13:22:00 -0300] "GET /cormun/servlet/solicitudotadjuntos?2da13d066c14354d16f6ac8fa42a7f4884481506f0f2c75528286d37379e3609f79e8672c98ebc98c867d1f232d09c78,gx-no-cache=1494260581067 HTTP/1.1" 200 30
186.79.8.136 - - [08/May/2017:13:22:01 -0300] "POST /cormun/servlet/solicitudotadjuntos?566810f9ccc8aa0acc51db3dda12aed4,INS,2017,6354,,1,,gx-no-cache=1494260581223 HTTP/1.1" 200 3825
186.79.8.136 - - [08/May/2017:13:22:08 -0300] "POST /cormun/servlet/solicitudotadjuntos?566810f9ccc8aa0acc51db3dda12aed4,INS,2017,6354,,1,,gx-no-cache=1494260588217 HTTP/1.1" 200 90
186.79.8.136 - - [08/May/2017:13:22:08 -0300] "GET /cormun/servlet/hpexe_link HTTP/1.1" 200 982
186.79.8.136 - - [08/May/2017:13:22:08 -0300] "GET /cormun/servlet/trsolicitudadjuntos?2017,6354, HTTP/1.1" 200 8288
186.79.8.136 - - [08/May/2017:13:22:09 -0300] "GET /cormun/servlet/trsolicitudadjuntos?2017,6354, HTTP/1.1" 200 8286
186.79.8.136 - - [08/May/2017:13:22:16 -0300] "GET /cormun/servlet/solicitudotadjuntos?DLT,2017,6354,CERTIF1,0, HTTP/1.1" 200 6040
186.79.8.136 - - [08/May/2017:13:22:16 -0300] "GET /cormun/static/Shared/jqueryui/images/ui-bg_highlight-soft_100_c6c2c8_1x100.png HTTP/1.1" 404 1117
186.79.8.136 - - [08/May/2017:13:22:16 -0300] "GET /cormun/static/Shared/jqueryui/images/ui-icons_82798d_256x240.png HTTP/1.1" 404 1089
186.79.8.136 - - [08/May/2017:13:22:16 -0300] "GET /cormun/static/Shared/jqueryui/images/ui-bg_flat_55_fafafa_40x100.png HTTP/1.1" 404 1097
186.79.8.136 - - [08/May/2017:13:22:16 -0300] "GET /cormun/static/Shared/jqueryui/images/ui-icons_8d78a5_256x240.png HTTP/1.1" 404 1089
186.79.8.136 - - [08/May/2017:13:22:17 -0300] "GET /cormun/servlet/solicitudotadjuntos?DLT,2017,6354,CERTIF1,0, HTTP/1.1" 200 6033
186.79.8.136 - - [08/May/2017:13:22:17 -0300] "GET /cormun/PublicTempStorage/cert._est.6137233.pdf HTTP/1.1" 200 347432
186.79.8.136 - - [08/May/2017:13:22:19 -0300] "POST /cormun/servlet/solicitudotadjuntos?566810f9ccc8aa0acc51db3dda12aed4,DLT,2017,6354,CERTIF1,0,,gx-no-cache=1494260599529 HTTP/1.1" 200 93
186.79.8.136 - - [08/May/2017:13:22:19 -0300] "GET /cormun/servlet/hpexe_return? HTTP/1.1" 200 1033
186.79.8.136 - - [08/May/2017:13:22:19 -0300] "GET /cormun/servlet/trsolicitudadjuntos?2017,6354, HTTP/1.1" 200 8290
186.79.8.136 - - [08/May/2017:13:22:20 -0300] "GET /cormun/servlet/trsolicitudadjuntos?2017,6354, HTTP/1.1" 200 8284
186.79.8.136 - - [08/May/2017:13:22:23 -0300] "GET /cormun/servlet/solicitudotadjuntos?INS,2017,6354,,1, HTTP/1.1" 200 6056
186.79.8.136 - - [08/May/2017:13:22:23 -0300] "GET /cormun/static/about:blank HTTP/1.1" 404 1011
186.79.8.136 - - [08/May/2017:13:22:23 -0300] "GET /cormun/servlet/solicitudotadjuntos?INS,2017,6354,,1, HTTP/1.1" 200 6049
186.79.8.136 - - [08/May/2017:13:22:24 -0300] "GET /cormun/servlet/solicitudotadjuntos?2da13d066c14354d16f6ac8fa42a7f4884481506f0f2c75528286d37379e3609f79e8672c98ebc98c867d1f232d09c78,gx-no-cache=1494260604415 HTTP/1.1" 200 30
186.79.8.136 - - [08/May/2017:13:22:24 -0300] "POST /cormun/servlet/solicitudotadjuntos?566810f9ccc8aa0acc51db3dda12aed4,INS,2017,6354,,1,,gx-no-cache=1494260604503 HTTP/1.1" 200 3825
186.79.8.136 - - [08/May/2017:13:22:25 -0300] "POST /cormun/servlet/solicitudotadjuntos?gx-no-cache=1494260606138 HTTP/1.1" 200 26
186.79.8.136 - - [08/May/2017:13:22:29 -0300] "GET /cormun/servlet/solicitudotadjuntos?2da13d066c14354d16f6ac8fa42a7f48064a38363dd3cc8528f1f3cee04802d6,gx-no-cache=1494260610093 HTTP/1.1" 200 30
186.79.8.136 - - [08/May/2017:13:22:29 -0300] "GET /cormun/servlet/solicitudotadjuntos?2da13d066c14354d16f6ac8fa42a7f48064a38363dd3cc8528f1f3cee04802d6,gx-no-cache=1494260610156 HTTP/1.1" 200 30
186.79.8.136 - - [08/May/2017:13:22:41 -0300] "POST /cormun/servlet/solicitudotadjuntos?566810f9ccc8aa0acc51db3dda12aed4,INS,2017,6354,,1, HTTP/1.1" 200 116
186.79.8.136 - - [08/May/2017:13:22:41 -0300] "GET /cormun/servlet/hpexe_return? HTTP/1.1" 200 1027
186.79.8.136 - - [08/May/2017:13:22:41 -0300] "GET /cormun/servlet/trsolicitudadjuntos?2017,6354, HTTP/1.1" 200 8480
186.79.8.136 - - [08/May/2017:13:22:42 -0300] "GET /cormun/servlet/trsolicitudadjuntos?2017,6354, HTTP/1.1" 200 8475
186.79.8.136 - - [08/May/2017:13:22:50 -0300] "GET /cormun/servlet/solicitudotadjuntos?DLT,2017,6354,CERTIF1,0, HTTP/1.1" 200 6039
186.79.8.136 - - [08/May/2017:13:22:50 -0300] "GET /cormun/static/Shared/jqueryui/images/ui-bg_highlight-soft_100_c6c2c8_1x100.png HTTP/1.1" 404 1117
186.79.8.136 - - [08/May/2017:13:22:50 -0300] "GET /cormun/static/Shared/jqueryui/images/ui-icons_82798d_256x240.png HTTP/1.1" 404 1089
186.79.8.136 - - [08/May/2017:13:22:50 -0300] "GET /cormun/static/Shared/jqueryui/images/ui-bg_flat_55_fafafa_40x100.png HTTP/1.1" 404 1097
186.79.8.136 - - [08/May/2017:13:22:50 -0300] "GET /cormun/static/Shared/jqueryui/images/ui-icons_8d78a5_256x240.png HTTP/1.1" 404 1089
186.79.8.136 - - [08/May/2017:13:22:50 -0300] "GET /cormun/servlet/solicitudotadjuntos?DLT,2017,6354,CERTIF1,0, HTTP/1.1" 200 6030
186.79.8.136 - - [08/May/2017:13:22:50 -0300] "GET /cormun/PublicTempStorage/cert._est.6710187.pdf HTTP/1.1" 200 347432
186.79.8.136 - - [08/May/2017:13:22:53 -0300] "POST /cormun/servlet/solicitudotadjuntos?566810f9ccc8aa0acc51db3dda12aed4,DLT,2017,6354,CERTIF1,0,,gx-no-cache=1494260633751 HTTP/1.1" 200 93
186.79.8.136 - - [08/May/2017:13:22:53 -0300] "GET /cormun/servlet/hpexe_return? HTTP/1.1" 200 1033
186.79.8.136 - - [08/May/2017:13:22:54 -0300] "GET /cormun/servlet/trsolicitudadjuntos?2017,6354, HTTP/1.1" 200 8292
186.79.8.136 - - [08/May/2017:13:22:54 -0300] "GET /cormun/servlet/trsolicitudadjuntos?2017,6354, HTTP/1.1" 200 8287
186.79.8.136 - - [08/May/2017:13:22:57 -0300] "GET /cormun/servlet/solicitudotadjuntos?INS,2017,6354,,1, HTTP/1.1" 200 6057
186.79.8.136 - - [08/May/2017:13:22:57 -0300] "GET /cormun/static/about:blank HTTP/1.1" 404 1011
186.79.8.136 - - [08/May/2017:13:22:57 -0300] "GET /cormun/servlet/solicitudotadjuntos?INS,2017,6354,,1, HTTP/1.1" 200 6050
186.79.8.136 - - [08/May/2017:13:22:58 -0300] "GET /cormun/servlet/solicitudotadjuntos?2da13d066c14354d16f6ac8fa42a7f4884481506f0f2c75528286d37379e3609f79e8672c98ebc98c867d1f232d09c78,gx-no-cache=1494260638437 HTTP/1.1" 200 30
186.79.8.136 - - [08/May/2017:13:22:58 -0300] "POST /cormun/servlet/solicitudotadjuntos?566810f9ccc8aa0acc51db3dda12aed4,INS,2017,6354,,1,,gx-no-cache=1494260638517 HTTP/1.1" 200 3825
186.79.8.136 - - [08/May/2017:13:23:00 -0300] "POST /cormun/servlet/solicitudotadjuntos?gx-no-cache=1494260640551 HTTP/1.1" 200 26
186.79.8.136 - - [08/May/2017:13:23:07 -0300] "GET /cormun/servlet/solicitudotadjuntos?2da13d066c14354d16f6ac8fa42a7f48064a38363dd3cc8528f1f3cee04802d6,gx-no-cache=1494260647575 HTTP/1.1" 200 30
186.79.8.136 - - [08/May/2017:13:23:07 -0300] "GET /cormun/servlet/solicitudotadjuntos?2da13d066c14354d16f6ac8fa42a7f48064a38363dd3cc8528f1f3cee04802d6,gx-no-cache=1494260647644 HTTP/1.1" 200 30
186.79.8.136 - - [08/May/2017:13:23:12 -0300] "POST /cormun/servlet/solicitudotadjuntos?566810f9ccc8aa0acc51db3dda12aed4,INS,2017,6354,,1, HTTP/1.1" 200 116
186.79.8.136 - - [08/May/2017:13:23:12 -0300] "GET /cormun/servlet/hpexe_return? HTTP/1.1" 200 1027
186.79.8.136 - - [08/May/2017:13:23:13 -0300] "GET /cormun/servlet/trsolicitudadjuntos?2017,6354, HTTP/1.1" 200 8473
186.79.8.136 - - [08/May/2017:13:23:13 -0300] "GET /cormun/servlet/trsolicitudadjuntos?2017,6354, HTTP/1.1" 200 8472
186.79.8.136 - - [08/May/2017:13:23:17 -0300] "GET /cormun/servlet/solicitudotadjuntos?INS,2017,6354,,1, HTTP/1.1" 200 6057
186.79.8.136 - - [08/May/2017:13:23:17 -0300] "GET /cormun/static/about:blank HTTP/1.1" 404 1011
186.79.8.136 - - [08/May/2017:13:23:17 -0300] "GET /cormun/servlet/solicitudotadjuntos?INS,2017,6354,,1, HTTP/1.1" 200 6050
186.79.8.136 - - [08/May/2017:13:23:18 -0300] "GET /cormun/servlet/solicitudotadjuntos?2da13d066c14354d16f6ac8fa42a7f4884481506f0f2c75528286d37379e3609f79e8672c98ebc98c867d1f232d09c78,gx-no-cache=1494260658260 HTTP/1.1" 200 30
186.79.8.136 - - [08/May/2017:13:23:18 -0300] "POST /cormun/servlet/solicitudotadjuntos?566810f9ccc8aa0acc51db3dda12aed4,INS,2017,6354,,1,,gx-no-cache=1494260658349 HTTP/1.1" 200 3825
186.79.8.136 - - [08/May/2017:13:23:20 -0300] "POST /cormun/servlet/solicitudotadjuntos?gx-no-cache=1494260660670 HTTP/1.1" 200 26
186.79.8.136 - - [08/May/2017:13:23:30 -0300] "GET /cormun/servlet/solicitudotadjuntos?2da13d066c14354d16f6ac8fa42a7f48064a38363dd3cc8528f1f3cee04802d6,gx-no-cache=1494260671040 HTTP/1.1" 200 30
186.79.8.136 - - [08/May/2017:13:23:30 -0300] "GET /cormun/servlet/solicitudotadjuntos?2da13d066c14354d16f6ac8fa42a7f48064a38363dd3cc8528f1f3cee04802d6,gx-no-cache=1494260671146 HTTP/1.1" 200 30
186.79.8.136 - - [08/May/2017:13:23:31 -0300] "POST /cormun/servlet/solicitudotadjuntos?566810f9ccc8aa0acc51db3dda12aed4,INS,2017,6354,,1, HTTP/1.1" 200 116
186.79.8.136 - - [08/May/2017:13:23:31 -0300] "GET /cormun/servlet/hpexe_return? HTTP/1.1" 200 1027
186.79.8.136 - - [08/May/2017:13:23:32 -0300] "GET /cormun/servlet/trsolicitudadjuntos?2017,6354, HTTP/1.1" 200 8623
186.79.8.136 - - [08/May/2017:13:23:32 -0300] "GET /cormun/servlet/trsolicitudadjuntos?2017,6354, HTTP/1.1" 200 8622
186.79.8.136 - - [08/May/2017:13:23:36 -0300] "GET /cormun/servlet/solicitudotadjuntos?INS,2017,6354,,1, HTTP/1.1" 200 6058
186.79.8.136 - - [08/May/2017:13:23:36 -0300] "GET /cormun/static/about:blank HTTP/1.1" 404 1011
186.79.8.136 - - [08/May/2017:13:23:36 -0300] "GET /cormun/servlet/solicitudotadjuntos?INS,2017,6354,,1, HTTP/1.1" 200 6051
186.79.8.136 - - [08/May/2017:13:23:37 -0300] "GET /cormun/servlet/solicitudotadjuntos?2da13d066c14354d16f6ac8fa42a7f4884481506f0f2c75528286d37379e3609f79e8672c98ebc98c867d1f232d09c78,gx-no-cache=1494260677376 HTTP/1.1" 200 30
186.79.8.136 - - [08/May/2017:13:23:37 -0300] "POST /cormun/servlet/solicitudotadjuntos?566810f9ccc8aa0acc51db3dda12aed4,INS,2017,6354,,1,,gx-no-cache=1494260677469 HTTP/1.1" 200 3826
186.79.8.136 - - [08/May/2017:13:23:41 -0300] "POST /cormun/servlet/solicitudotadjuntos?gx-no-cache=1494260681276 HTTP/1.1" 200 26
186.79.8.136 - - [08/May/2017:13:23:47 -0300] "GET /cormun/servlet/solicitudotadjuntos?2da13d066c14354d16f6ac8fa42a7f48064a38363dd3cc8528f1f3cee04802d6,gx-no-cache=1494260687413 HTTP/1.1" 200 30
186.79.8.136 - - [08/May/2017:13:23:47 -0300] "GET /cormun/servlet/solicitudotadjuntos?2da13d066c14354d16f6ac8fa42a7f48064a38363dd3cc8528f1f3cee04802d6,gx-no-cache=1494260687483 HTTP/1.1" 200 30
186.79.8.136 - - [08/May/2017:13:24:18 -0300] "POST /cormun/servlet/solicitudotadjuntos?566810f9ccc8aa0acc51db3dda12aed4,INS,2017,6354,,1, HTTP/1.1" 200 116
186.79.8.136 - - [08/May/2017:13:24:19 -0300] "GET /cormun/servlet/hpexe_return? HTTP/1.1" 200 1027
186.79.8.136 - - [08/May/2017:13:24:19 -0300] "GET /cormun/servlet/trsolicitudadjuntos?2017,6354, HTTP/1.1" 200 8769
186.79.8.136 - - [08/May/2017:13:24:20 -0300] "GET /cormun/servlet/trsolicitudadjuntos?2017,6354, HTTP/1.1" 200 8766
186.79.8.136 - - [08/May/2017:13:24:28 -0300] "GET /cormun/servlet/solicitudotadjuntos?INS,2017,6354,,1, HTTP/1.1" 200 6058
186.79.8.136 - - [08/May/2017:13:24:29 -0300] "GET /cormun/static/about:blank HTTP/1.1" 404 1011
186.79.8.136 - - [08/May/2017:13:24:29 -0300] "GET /cormun/servlet/solicitudotadjuntos?INS,2017,6354,,1, HTTP/1.1" 200 6051
186.79.8.136 - - [08/May/2017:13:24:29 -0300] "GET /cormun/servlet/solicitudotadjuntos?2da13d066c14354d16f6ac8fa42a7f4884481506f0f2c75528286d37379e3609f79e8672c98ebc98c867d1f232d09c78,gx-no-cache=1494260729848 HTTP/1.1" 200 30
186.79.8.136 - - [08/May/2017:13:24:29 -0300] "POST /cormun/servlet/solicitudotadjuntos?566810f9ccc8aa0acc51db3dda12aed4,INS,2017,6354,,1,,gx-no-cache=1494260729930 HTTP/1.1" 200 3826
186.79.8.136 - - [08/May/2017:13:24:35 -0300] "POST /cormun/servlet/solicitudotadjuntos?gx-no-cache=1494260736183 HTTP/1.1" 200 26
186.79.8.136 - - [08/May/2017:13:24:42 -0300] "GET /cormun/servlet/solicitudotadjuntos?2da13d066c14354d16f6ac8fa42a7f48064a38363dd3cc8528f1f3cee04802d6,gx-no-cache=1494260742654 HTTP/1.1" 200 30
186.79.8.136 - - [08/May/2017:13:24:42 -0300] "GET /cormun/servlet/solicitudotadjuntos?2da13d066c14354d16f6ac8fa42a7f48064a38363dd3cc8528f1f3cee04802d6,gx-no-cache=1494260742751 HTTP/1.1" 200 30
186.79.8.136 - - [08/May/2017:13:24:49 -0300] "POST /cormun/servlet/solicitudotadjuntos?566810f9ccc8aa0acc51db3dda12aed4,INS,2017,6354,,1, HTTP/1.1" 200 116
186.79.8.136 - - [08/May/2017:13:24:49 -0300] "GET /cormun/servlet/hpexe_return? HTTP/1.1" 200 1027
186.79.8.136 - - [08/May/2017:13:24:50 -0300] "GET /cormun/servlet/trsolicitudadjuntos?2017,6354, HTTP/1.1" 200 8972
186.79.8.136 - - [08/May/2017:13:24:51 -0300] "GET /cormun/servlet/trsolicitudadjuntos?2017,6354, HTTP/1.1" 200 8966
192.168.10.96 - - [08/May/2017:13:24:56 -0300] "GET /cormun/servlet/trsolicitudgral? HTTP/1.1" 200 10513
192.168.10.96 - - [08/May/2017:13:24:57 -0300] "GET /cormun/servlet/trsolicitudgral? HTTP/1.1" 200 10513
186.79.8.136 - - [08/May/2017:13:25:30 -0300] "GET /cormun/servlet/solicitudotadjuntos?DLT,2017,6354,CERTIF3,0, HTTP/1.1" 200 6039
186.79.8.136 - - [08/May/2017:13:25:31 -0300] "GET /cormun/PublicTempStorage/cert_fonasa3962057.pdf HTTP/1.1" 200 25633
186.79.8.136 - - [08/May/2017:13:25:31 -0300] "GET /cormun/static/Shared/jqueryui/images/ui-bg_highlight-soft_100_c6c2c8_1x100.png HTTP/1.1" 404 1117
186.79.8.136 - - [08/May/2017:13:25:31 -0300] "GET /cormun/static/Shared/jqueryui/images/ui-icons_82798d_256x240.png HTTP/1.1" 404 1089
186.79.8.136 - - [08/May/2017:13:25:31 -0300] "GET /cormun/static/Shared/jqueryui/images/ui-bg_flat_55_fafafa_40x100.png HTTP/1.1" 404 1097
186.79.8.136 - - [08/May/2017:13:25:31 -0300] "GET /cormun/static/Shared/jqueryui/images/ui-icons_8d78a5_256x240.png HTTP/1.1" 404 1089
186.79.8.136 - - [08/May/2017:13:25:31 -0300] "GET /cormun/servlet/solicitudotadjuntos?DLT,2017,6354,CERTIF3,0, HTTP/1.1" 200 6033
186.79.8.136 - - [08/May/2017:13:25:33 -0300] "POST /cormun/servlet/solicitudotadjuntos?566810f9ccc8aa0acc51db3dda12aed4,DLT,2017,6354,CERTIF3,0,,gx-no-cache=1494260793882 HTTP/1.1" 200 93
186.79.8.136 - - [08/May/2017:13:25:34 -0300] "GET /cormun/servlet/hpexe_return? HTTP/1.1" 200 1033
186.79.8.136 - - [08/May/2017:13:25:34 -0300] "GET /cormun/servlet/trsolicitudadjuntos?2017,6354, HTTP/1.1" 200 8783
186.79.8.136 - - [08/May/2017:13:25:35 -0300] "GET /cormun/servlet/trsolicitudadjuntos?2017,6354, HTTP/1.1" 200 8783
186.79.8.136 - - [08/May/2017:13:25:39 -0300] "GET /cormun/servlet/solicitudotadjuntos?INS,2017,6354,,1, HTTP/1.1" 200 6058
186.79.8.136 - - [08/May/2017:13:25:39 -0300] "GET /cormun/static/about:blank HTTP/1.1" 404 1011
186.79.8.136 - - [08/May/2017:13:25:40 -0300] "GET /cormun/servlet/solicitudotadjuntos?INS,2017,6354,,1, HTTP/1.1" 200 6052
186.79.8.136 - - [08/May/2017:13:25:40 -0300] "GET /cormun/servlet/solicitudotadjuntos?2da13d066c14354d16f6ac8fa42a7f4884481506f0f2c75528286d37379e3609f79e8672c98ebc98c867d1f232d09c78,gx-no-cache=1494260800987 HTTP/1.1" 200 30
186.79.8.136 - - [08/May/2017:13:25:41 -0300] "POST /cormun/servlet/solicitudotadjuntos?566810f9ccc8aa0acc51db3dda12aed4,INS,2017,6354,,1,,gx-no-cache=1494260801065 HTTP/1.1" 200 3826
186.79.8.136 - - [08/May/2017:13:26:04 -0300] "POST /cormun/servlet/solicitudotadjuntos?gx-no-cache=1494260824905 HTTP/1.1" 200 26
186.79.8.136 - - [08/May/2017:13:26:07 -0300] "POST /cormun/servlet/solicitudotadjuntos?gx-no-cache=1494260827898 HTTP/1.1" 200 26
186.79.8.136 - - [08/May/2017:13:26:17 -0300] "GET /cormun/servlet/solicitudotadjuntos?2da13d066c14354d16f6ac8fa42a7f48064a38363dd3cc8528f1f3cee04802d6,gx-no-cache=1494260837336 HTTP/1.1" 200 30
186.79.8.136 - - [08/May/2017:13:26:17 -0300] "GET /cormun/servlet/solicitudotadjuntos?2da13d066c14354d16f6ac8fa42a7f48064a38363dd3cc8528f1f3cee04802d6,gx-no-cache=1494260837444 HTTP/1.1" 200 30
186.79.8.136 - - [08/May/2017:13:26:22 -0300] "POST /cormun/servlet/solicitudotadjuntos?566810f9ccc8aa0acc51db3dda12aed4,INS,2017,6354,,1, HTTP/1.1" 200 116
186.79.8.136 - - [08/May/2017:13:26:23 -0300] "GET /cormun/servlet/hpexe_return? HTTP/1.1" 200 1027
186.79.8.136 - - [08/May/2017:13:26:23 -0300] "GET /cormun/servlet/trsolicitudadjuntos?2017,6354, HTTP/1.1" 200 8988
186.79.8.136 - - [08/May/2017:13:26:24 -0300] "GET /cormun/servlet/trsolicitudadjuntos?2017,6354, HTTP/1.1" 200 8985
186.79.8.136 - - [08/May/2017:13:26:32 -0300] "GET /cormun/PublicTempStorage/cert_fonasa_%282%291618009.pdf HTTP/1.1" 206 1606718
186.79.8.136 - - [08/May/2017:13:26:36 -0300] "GET /cormun/servlet/trsolicitudadjuntos?2017,6354, HTTP/1.1" 200 8990
186.79.8.136 - - [08/May/2017:13:26:37 -0300] "GET /cormun/servlet/trsolicitudadjuntos?2017,6354, HTTP/1.1" 200 8986
186.79.8.136 - - [08/May/2017:13:26:42 -0300] "GET /cormun/PublicTempStorage/fotocop._ced.8553160.pdf HTTP/1.1" 206 298744
186.79.8.136 - - [08/May/2017:13:26:45 -0300] "GET /cormun/servlet/trsolicitudadjuntos?2017,6354, HTTP/1.1" 200 8990
186.79.8.136 - - [08/May/2017:13:26:46 -0300] "GET /cormun/servlet/trsolicitudadjuntos?2017,6354, HTTP/1.1" 200 8987
186.79.8.136 - - [08/May/2017:13:26:48 -0300] "GET /cormun/PublicTempStorage/cert._est.2179302.pdf HTTP/1.1" 200 347432
186.79.8.136 - - [08/May/2017:13:26:52 -0300] "GET /cormun/servlet/trsolicitudadjuntos?2017,6354, HTTP/1.1" 200 8990
186.79.8.136 - - [08/May/2017:13:26:53 -0300] "GET /cormun/servlet/trsolicitudadjuntos?2017,6354, HTTP/1.1" 200 8985
186.79.8.136 - - [08/May/2017:13:26:58 -0300] "GET /cormun/PublicTempStorage/cert_fonasa_%282%292725576.pdf HTTP/1.1" 206 1539518
