186.103.158.250 - - [08/May/2017:16:33:33 -0300] "GET /cormun/servlet/solicitudotadjuntos?44832e2aeef75cadd5f4ec3693c025c892c0bbbcdbb6300660668705df2d6d3c,gx-no-cache=1494272073174 HTTP/1.1" 200 30
186.103.158.250 - - [08/May/2017:16:33:33 -0300] "GET /cormun/servlet/solicitudotadjuntos?44832e2aeef75cadd5f4ec3693c025c892c0bbbcdbb6300660668705df2d6d3c,gx-no-cache=1494272073271 HTTP/1.1" 200 30
186.103.158.250 - - [08/May/2017:16:33:34 -0300] "POST /cormun/servlet/solicitudotadjuntos?d1f92a4ee2e01b0f1b3767ef0767a46e,INS,2017,6359,,1, HTTP/1.1" 200 116
186.103.158.250 - - [08/May/2017:16:33:34 -0300] "GET /cormun/servlet/hpexe_return? HTTP/1.1" 200 1023
186.103.158.250 - - [08/May/2017:16:33:34 -0300] "GET /cormun/servlet/trsolicitudadjuntos?2017,6359, HTTP/1.1" 200 8521
186.103.158.250 - - [08/May/2017:16:33:35 -0300] "GET /cormun/servlet/trsolicitudadjuntos?2017,6359, HTTP/1.1" 200 8517
186.103.159.43 - - [08/May/2017:16:33:38 -0300] "POST /cormun/servlet/solicitudot?gx-no-cache=1494272078932 HTTP/1.1" 200 1292
186.103.159.43 - - [08/May/2017:16:33:38 -0300] "POST /cormun/servlet/solicitudot?gx-no-cache=1494272079081 HTTP/1.1" 200 41
186.103.159.43 - - [08/May/2017:16:33:39 -0300] "POST /cormun/servlet/solicitudot?gx-no-cache=1494272079138 HTTP/1.1" 200 1280
186.103.159.43 - - [08/May/2017:16:33:39 -0300] "POST /cormun/servlet/solicitudot?gx-no-cache=1494272079203 HTTP/1.1" 200 1162
186.103.158.250 - - [08/May/2017:16:33:44 -0300] "GET /cormun/servlet/solicitudotadjuntos?INS,2017,6359,,1, HTTP/1.1" 200 5824
186.103.158.250 - - [08/May/2017:16:33:45 -0300] "GET /cormun/static/about:blank HTTP/1.1" 404 1011
186.103.158.250 - - [08/May/2017:16:33:46 -0300] "GET /cormun/servlet/solicitudotadjuntos?INS,2017,6359,,1, HTTP/1.1" 200 5818
186.103.158.250 - - [08/May/2017:16:33:46 -0300] "GET /cormun/servlet/solicitudotadjuntos?44832e2aeef75cadd5f4ec3693c025c8bee504510a002f8802253a5c42d2cff0da71458b428ba5e679740fd107a2006a,gx-no-cache=1494272086240 HTTP/1.1" 200 30
186.103.158.250 - - [08/May/2017:16:33:46 -0300] "POST /cormun/servlet/solicitudotadjuntos?d1f92a4ee2e01b0f1b3767ef0767a46e,INS,2017,6359,,1,,gx-no-cache=1494272086298 HTTP/1.1" 200 3640
186.103.158.250 - - [08/May/2017:16:33:52 -0300] "POST /cormun/servlet/solicitudotadjuntos?gx-no-cache=1494272092419 HTTP/1.1" 200 26
186.103.159.43 - - [08/May/2017:16:34:09 -0300] "GET /cormun/servlet/solicitudot?486380c8701be78b0ec8ea634a3faaae7fb0fd1d82c0a590168937f01b1d26b2e6f35984f6b99bf842456560ca5a0cdf121a798e6dd64bf690acee541e32e22c9e3d2992b4d1b3e82b993e789512b7514e7586dab45a7cd3636c9161db7fd2c75417dc50127c28156e57f2a6fe43762572c33f6dedb0465e687abe9fff25dd1430cf782b939a83525c15f3f1d5e4124508eb82e631e9a47045d524789e2ced96dfb4c57f67504f9b504fb686b577c913,gx-no-cache=1494272109666 HTTP/1.1" 200 30
186.103.159.43 - - [08/May/2017:16:34:09 -0300] "POST /cormun/servlet/solicitudot?b5c812bb8243a81bc70131cc26fd1e50,INS,0,0,,gx-no-cache=1494272109736 HTTP/1.1" 200 11491
186.103.159.43 - - [08/May/2017:16:34:20 -0300] "GET /cormun/servlet/prsolicitudot?17401501,,,,,MD,,gxPopupLevel%3D0%3B HTTP/1.1" 200 5886
186.103.158.250 - - [08/May/2017:16:34:24 -0300] "GET /cormun/servlet/solicitudotadjuntos?44832e2aeef75cadd5f4ec3693c025c892c0bbbcdbb6300660668705df2d6d3c,gx-no-cache=1494272123875 HTTP/1.1" 200 30
186.103.158.250 - - [08/May/2017:16:34:24 -0300] "GET /cormun/servlet/solicitudotadjuntos?44832e2aeef75cadd5f4ec3693c025c892c0bbbcdbb6300660668705df2d6d3c,gx-no-cache=1494272123993 HTTP/1.1" 200 30
186.103.158.250 - - [08/May/2017:16:34:24 -0300] "POST /cormun/servlet/solicitudotadjuntos?d1f92a4ee2e01b0f1b3767ef0767a46e,INS,2017,6359,,1, HTTP/1.1" 200 116
186.103.158.250 - - [08/May/2017:16:34:24 -0300] "GET /cormun/servlet/hpexe_return? HTTP/1.1" 200 1023
186.103.158.250 - - [08/May/2017:16:34:25 -0300] "GET /cormun/servlet/trsolicitudadjuntos?2017,6359, HTTP/1.1" 200 8692
186.103.159.43 - - [08/May/2017:16:34:26 -0300] "POST /cormun/servlet/solicitudot?gx-no-cache=1494272126503 HTTP/1.1" 200 1292
186.103.159.43 - - [08/May/2017:16:34:26 -0300] "POST /cormun/servlet/solicitudot?gx-no-cache=1494272126609 HTTP/1.1" 200 41
186.103.159.43 - - [08/May/2017:16:34:26 -0300] "POST /cormun/servlet/solicitudot?gx-no-cache=1494272126641 HTTP/1.1" 200 1280
186.103.159.43 - - [08/May/2017:16:34:26 -0300] "POST /cormun/servlet/solicitudot?gx-no-cache=1494272126688 HTTP/1.1" 200 1162
186.103.158.250 - - [08/May/2017:16:34:27 -0300] "GET /cormun/servlet/trsolicitudadjuntos?2017,6359, HTTP/1.1" 200 8690
186.103.158.250 - - [08/May/2017:16:34:33 -0300] "GET /cormun/servlet/solicitudotadjuntos?INS,2017,6359,,1, HTTP/1.1" 200 5824
186.103.158.250 - - [08/May/2017:16:34:33 -0300] "GET /cormun/static/about:blank HTTP/1.1" 404 1011
186.103.158.250 - - [08/May/2017:16:34:34 -0300] "GET /cormun/servlet/solicitudotadjuntos?INS,2017,6359,,1, HTTP/1.1" 200 5818
186.103.159.43 - - [08/May/2017:16:34:34 -0300] "GET /cormun/servlet/prsolicitudot?17401501,,,,,MD,,gxPopupLevel%3D0%3B HTTP/1.1" 200 5886
186.103.158.250 - - [08/May/2017:16:34:34 -0300] "GET /cormun/servlet/solicitudotadjuntos?44832e2aeef75cadd5f4ec3693c025c8bee504510a002f8802253a5c42d2cff0da71458b428ba5e679740fd107a2006a,gx-no-cache=1494272134283 HTTP/1.1" 200 30
186.103.158.250 - - [08/May/2017:16:34:34 -0300] "POST /cormun/servlet/solicitudotadjuntos?d1f92a4ee2e01b0f1b3767ef0767a46e,INS,2017,6359,,1,,gx-no-cache=1494272134368 HTTP/1.1" 200 3640
186.103.158.250 - - [08/May/2017:16:34:40 -0300] "POST /cormun/servlet/solicitudotadjuntos?gx-no-cache=1494272139814 HTTP/1.1" 200 26
186.103.159.43 - - [08/May/2017:16:34:55 -0300] "GET /cormun/servlet/prsolicitudot?17401501,,,,,MD,,gxPopupLevel%3D0%3B HTTP/1.1" 200 5886
186.103.158.250 - - [08/May/2017:16:35:13 -0300] "GET /cormun/servlet/solicitudotadjuntos?44832e2aeef75cadd5f4ec3693c025c892c0bbbcdbb6300660668705df2d6d3c,gx-no-cache=1494272173084 HTTP/1.1" 200 30
186.103.158.250 - - [08/May/2017:16:35:13 -0300] "GET /cormun/servlet/solicitudotadjuntos?44832e2aeef75cadd5f4ec3693c025c892c0bbbcdbb6300660668705df2d6d3c,gx-no-cache=1494272173143 HTTP/1.1" 200 30
186.103.158.250 - - [08/May/2017:16:35:13 -0300] "POST /cormun/servlet/solicitudotadjuntos?d1f92a4ee2e01b0f1b3767ef0767a46e,INS,2017,6359,,1, HTTP/1.1" 200 116
186.103.158.250 - - [08/May/2017:16:35:13 -0300] "GET /cormun/servlet/hpexe_return? HTTP/1.1" 200 1023
186.103.158.250 - - [08/May/2017:16:35:14 -0300] "GET /cormun/servlet/trsolicitudadjuntos?2017,6359, HTTP/1.1" 200 8930
186.103.158.250 - - [08/May/2017:16:35:16 -0300] "GET /cormun/servlet/trsolicitudadjuntos?2017,6359, HTTP/1.1" 200 8928
186.103.158.250 - - [08/May/2017:16:35:35 -0300] "GET /cormun/servlet/solicitudotadjuntos?INS,2017,6359,,1, HTTP/1.1" 200 5824
186.103.158.250 - - [08/May/2017:16:35:36 -0300] "GET /cormun/servlet/solicitudotadjuntos?INS,2017,6359,,1, HTTP/1.1" 200 5818
186.103.158.250 - - [08/May/2017:16:35:36 -0300] "GET /cormun/servlet/solicitudotadjuntos?44832e2aeef75cadd5f4ec3693c025c8bee504510a002f8802253a5c42d2cff0da71458b428ba5e679740fd107a2006a,gx-no-cache=1494272196662 HTTP/1.1" 200 30
186.103.158.250 - - [08/May/2017:16:35:37 -0300] "POST /cormun/servlet/solicitudotadjuntos?d1f92a4ee2e01b0f1b3767ef0767a46e,INS,2017,6359,,1,,gx-no-cache=1494272196715 HTTP/1.1" 200 3639
186.103.158.250 - - [08/May/2017:16:35:39 -0300] "GET /cormun/servlet/trsolicitudadjuntos?2017,6359, HTTP/1.1" 200 8927
186.103.158.250 - - [08/May/2017:16:35:40 -0300] "GET /cormun/servlet/trsolicitudadjuntos?2017,6359, HTTP/1.1" 200 8928
186.103.158.250 - - [08/May/2017:16:35:49 -0300] "GET /cormun/servlet/hlogin HTTP/1.1" 200 1722
186.79.9.242 - - [08/May/2017:16:35:50 -0300] "GET /cormun/servlet/trlicencias? HTTP/1.1" 200 6659
186.79.9.242 - - [08/May/2017:16:35:50 -0300] "GET /cormun/servlet/trlicencias? HTTP/1.1" 200 6654
186.79.9.242 - - [08/May/2017:16:35:58 -0300] "POST /cormun/servlet/trlicencias?52b02e77b9b286efa1c4dbb3ed51b006,,gx-no-cache=1494272218384 HTTP/1.1" 200 3929
186.103.158.250 - - [08/May/2017:16:36:02 -0300] "POST /cormun/servlet/hlogin?43b5542d83c27865dbe53157a18d5e1a,gx-no-cache=1494272222043 HTTP/1.1" 200 90
186.103.158.250 - - [08/May/2017:16:36:02 -0300] "GET /cormun/servlet/hpexe_link HTTP/1.1" 200 953
186.103.158.250 - - [08/May/2017:16:36:02 -0300] "GET /cormun/servlet/hhome HTTP/1.1" 200 3789
186.79.9.242 - - [08/May/2017:16:36:03 -0300] "POST /cormun/servlet/trlicencias?52b02e77b9b286efa1c4dbb3ed51b006,,gx-no-cache=1494272222939 HTTP/1.1" 200 7380
186.79.9.242 - - [08/May/2017:16:36:03 -0300] "GET /cormun//static/Resources/PXToolsActionDisabled.gif HTTP/1.1" 200 53
186.103.158.250 - - [08/May/2017:16:36:04 -0300] "GET /cormun/servlet/hhome HTTP/1.1" 200 3786
186.103.158.250 - - [08/May/2017:16:36:08 -0300] "GET /cormun/servlet/trsolicitudot? HTTP/1.1" 200 7982
186.103.158.250 - - [08/May/2017:16:36:09 -0300] "GET /cormun/servlet/trsolicitudot? HTTP/1.1" 200 7981
186.103.158.250 - - [08/May/2017:16:36:22 -0300] "POST /cormun/servlet/trsolicitudot?43b5542d83c27865dbe53157a18d5e1a,,gx-no-cache=1494272242429 HTTP/1.1" 200 4124
186.103.158.250 - - [08/May/2017:16:36:22 -0300] "GET /cormun/static/Shared/jqueryui/images/ui-bg_highlight-soft_100_c6c2c8_1x100.png HTTP/1.1" 404 1117
186.103.158.250 - - [08/May/2017:16:36:23 -0300] "GET /cormun/static/Shared/jqueryui/images/ui-icons_82798d_256x240.png HTTP/1.1" 404 1089
186.103.158.250 - - [08/May/2017:16:36:23 -0300] "GET /cormun/static/Shared/jqueryui/images/ui-bg_flat_55_fafafa_40x100.png HTTP/1.1" 404 1097
186.103.158.250 - - [08/May/2017:16:36:23 -0300] "GET /cormun/static/Shared/jqueryui/images/ui-icons_8d78a5_256x240.png HTTP/1.1" 404 1089
186.103.158.250 - - [08/May/2017:16:36:23 -0300] "POST /cormun/servlet/trsolicitudot?43b5542d83c27865dbe53157a18d5e1a,,gx-no-cache=1494272242806 HTTP/1.1" 200 3926
186.103.158.250 - - [08/May/2017:16:36:31 -0300] "GET /cormun/servlet/hlogin HTTP/1.1" 200 1722
131.253.27.133 - - [08/May/2017:16:36:33 -0300] "GET /cormun/static/PXToolsJavascripts/pexe_picture.js HTTP/1.1" 200 689
131.253.27.133 - - [08/May/2017:16:36:34 -0300] "GET /cormun/static/Shared/jqueryui/images/ui-bg_highlight-soft_100_c6c2c8_1x100.png HTTP/1.1" 404 1117
186.103.158.250 - - [08/May/2017:16:36:44 -0300] "POST /cormun/servlet/hlogin?43b5542d83c27865dbe53157a18d5e1a,gx-no-cache=1494272264277 HTTP/1.1" 200 90
186.103.158.250 - - [08/May/2017:16:36:44 -0300] "GET /cormun/servlet/hpexe_link HTTP/1.1" 200 953
186.103.158.250 - - [08/May/2017:16:36:44 -0300] "GET /cormun/servlet/hhome HTTP/1.1" 200 3972
186.103.158.250 - - [08/May/2017:16:36:46 -0300] "GET /cormun/servlet/hhome HTTP/1.1" 200 3969
186.103.158.250 - - [08/May/2017:16:36:46 -0300] "GET /cormun/static/SmoothNavMenu/resources/images/right.gif HTTP/1.1" 200 860
186.103.158.250 - - [08/May/2017:16:36:50 -0300] "GET /cormun/servlet/trsolicitudot? HTTP/1.1" 200 6941
186.103.158.250 - - [08/May/2017:16:36:51 -0300] "GET /cormun/servlet/trsolicitudot? HTTP/1.1" 200 6940
186.103.158.250 - - [08/May/2017:16:36:55 -0300] "GET /cormun/servlet/trautorizarsolicitud? HTTP/1.1" 200 9082
186.103.158.250 - - [08/May/2017:16:36:55 -0300] "GET /cormun/static/gxui/gxui-all.css?120300 HTTP/1.1" 200 2179
186.103.158.250 - - [08/May/2017:16:36:55 -0300] "GET /cormun/static/gxcfg.js?2017259112829 HTTP/1.1" 200 953
186.103.158.250 - - [08/May/2017:16:36:55 -0300] "GET /cormun/static/trautorizarsolicitud.js?2017259113483 HTTP/1.1" 200 53096
186.103.158.250 - - [08/May/2017:16:36:55 -0300] "GET /cormun/static/Shared/ext/resources/css/ext-all.css?215870 HTTP/1.1" 200 416045
186.103.158.250 - - [08/May/2017:16:36:57 -0300] "GET /cormun/servlet/trautorizarsolicitud? HTTP/1.1" 200 9082
186.103.159.43 - - [08/May/2017:16:37:08 -0300] "GET /cormun/servlet/solicitudot?486380c8701be78b0ec8ea634a3faaae7fb0fd1d82c0a590168937f01b1d26b2e6f35984f6b99bf842456560ca5a0cdf121a798e6dd64bf690acee541e32e22c9e3d2992b4d1b3e82b993e789512b7514e7586dab45a7cd3636c9161db7fd2c75417dc50127c28156e57f2a6fe43762572c33f6dedb0465e687abe9fff25dd1430cf782b939a83525c15f3f1d5e4124508eb82e631e9a47045d524789e2ced96dfb4c57f67504f9b504fb686b577c913,gx-no-cache=1494272287900 HTTP/1.1" 200 30
186.103.159.43 - - [08/May/2017:16:37:08 -0300] "POST /cormun/servlet/solicitudot?b5c812bb8243a81bc70131cc26fd1e50,INS,0,0,,gx-no-cache=1494272288382 HTTP/1.1" 200 11527
186.103.158.250 - - [08/May/2017:16:37:14 -0300] "POST /cormun/servlet/trautorizarsolicitud?43b5542d83c27865dbe53157a18d5e1a,,gx-no-cache=1494272293668 HTTP/1.1" 200 5999
186.103.158.250 - - [08/May/2017:16:37:14 -0300] "GET /cormun/static/Shared/jqueryui/images/ui-icons_82798d_256x240.png HTTP/1.1" 404 1089
186.103.158.250 - - [08/May/2017:16:37:14 -0300] "GET /cormun/static/Shared/jqueryui/images/ui-bg_highlight-soft_100_c6c2c8_1x100.png HTTP/1.1" 404 1117
186.103.158.250 - - [08/May/2017:16:37:14 -0300] "GET /cormun/static/Shared/jqueryui/images/ui-bg_flat_55_fafafa_40x100.png HTTP/1.1" 404 1097
186.103.158.250 - - [08/May/2017:16:37:14 -0300] "GET /cormun/static/Shared/jqueryui/images/ui-icons_8d78a5_256x240.png HTTP/1.1" 404 1089
186.103.158.250 - - [08/May/2017:16:37:14 -0300] "POST /cormun/servlet/trautorizarsolicitud?43b5542d83c27865dbe53157a18d5e1a,,gx-no-cache=1494272294179 HTTP/1.1" 200 5941
186.103.158.250 - - [08/May/2017:16:37:16 -0300] "POST /cormun/servlet/trautorizarsolicitud?43b5542d83c27865dbe53157a18d5e1a,,gx-no-cache=1494272295995 HTTP/1.1" 200 5721
186.103.158.250 - - [08/May/2017:16:37:16 -0300] "POST /cormun/servlet/trautorizarsolicitud?43b5542d83c27865dbe53157a18d5e1a,,gx-no-cache=1494272296390 HTTP/1.1" 200 5663
186.103.158.250 - - [08/May/2017:16:37:19 -0300] "POST /cormun/servlet/trautorizarsolicitud?43b5542d83c27865dbe53157a18d5e1a,,gx-no-cache=1494272298235 HTTP/1.1" 200 5419
186.103.158.250 - - [08/May/2017:16:37:19 -0300] "POST /cormun/servlet/trautorizarsolicitud?43b5542d83c27865dbe53157a18d5e1a,,gx-no-cache=1494272299020 HTTP/1.1" 200 5363
186.103.158.250 - - [08/May/2017:16:37:22 -0300] "POST /cormun/servlet/trautorizarsolicitud?43b5542d83c27865dbe53157a18d5e1a,,gx-no-cache=1494272301645 HTTP/1.1" 200 4327
186.103.158.250 - - [08/May/2017:16:37:22 -0300] "POST /cormun/servlet/trautorizarsolicitud?43b5542d83c27865dbe53157a18d5e1a,,gx-no-cache=1494272301940 HTTP/1.1" 200 4098
186.103.159.43 - - [08/May/2017:16:37:23 -0300] "POST /cormun/servlet/solicitudot?b5c812bb8243a81bc70131cc26fd1e50,INS,0,0,,gx-no-cache=1494272303093 HTTP/1.1" 200 11562
186.103.159.43 - - [08/May/2017:16:37:27 -0300] "GET /cormun/servlet/prsolicitudot?17401501,,,,,MD,,gxPopupLevel%3D0%3B HTTP/1.1" 200 5886
186.103.159.43 - - [08/May/2017:16:37:32 -0300] "POST /cormun/servlet/solicitudot?gx-no-cache=1494272312250 HTTP/1.1" 200 1292
186.103.159.43 - - [08/May/2017:16:37:32 -0300] "POST /cormun/servlet/solicitudot?gx-no-cache=1494272312336 HTTP/1.1" 200 41
186.103.159.43 - - [08/May/2017:16:37:32 -0300] "POST /cormun/servlet/solicitudot?gx-no-cache=1494272312392 HTTP/1.1" 200 1280
186.103.159.43 - - [08/May/2017:16:37:32 -0300] "POST /cormun/servlet/solicitudot?gx-no-cache=1494272312468 HTTP/1.1" 200 1162
157.55.39.126 - - [08/May/2017:16:37:37 -0300] "GET /cormun/servlet/hpexe_link HTTP/1.1" 200 989
186.103.159.43 - - [08/May/2017:16:37:55 -0300] "GET /cormun/servlet/solicitudot?486380c8701be78b0ec8ea634a3faaae7fb0fd1d82c0a590168937f01b1d26b2e6f35984f6b99bf842456560ca5a0cdf121a798e6dd64bf690acee541e32e22c9e3d2992b4d1b3e82b993e789512b7514e7586dab45a7cd3636c9161db7fd2c75417dc50127c28156e57f2a6fe43762572c33f6dedb0465e687abe9fff25dd1430cf782b939a83525c15f3f1d5e4124508eb82e631e9a47045d524789e2ced96dfb4c57f67504f9b504fb686b577c913,gx-no-cache=1494272336048 HTTP/1.1" 200 30
186.103.159.43 - - [08/May/2017:16:37:56 -0300] "POST /cormun/servlet/solicitudot?b5c812bb8243a81bc70131cc26fd1e50,INS,0,0,,gx-no-cache=1494272336184 HTTP/1.1" 200 11627
186.103.159.43 - - [08/May/2017:16:38:01 -0300] "POST /cormun/servlet/solicitudot?b5c812bb8243a81bc70131cc26fd1e50,INS,0,0,,gx-no-cache=1494272341005 HTTP/1.1" 200 11661
186.103.158.250 - - [08/May/2017:16:38:04 -0300] "GET /cormun/servlet/trautorizarsolicitud? HTTP/1.1" 200 6897
186.103.158.250 - - [08/May/2017:16:38:06 -0300] "GET /cormun/servlet/trautorizarsolicitud? HTTP/1.1" 200 6897
186.103.159.43 - - [08/May/2017:16:38:13 -0300] "POST /cormun/servlet/solicitudot?b5c812bb8243a81bc70131cc26fd1e50,INS,0,0,,gx-no-cache=1494272352126 HTTP/1.1" 200 11784
186.103.159.43 - - [08/May/2017:16:38:18 -0300] "GET /cormun/servlet/prcontratosol?17401501,,,,,MD,,gxPopupLevel%3D0%3B HTTP/1.1" 200 5576
186.103.159.43 - - [08/May/2017:16:38:19 -0300] "GET /cormun/static/gxcfg.js?201731711522183 HTTP/1.1" 200 953
186.103.159.43 - - [08/May/2017:16:38:19 -0300] "GET /cormun/static/prcontratosol.js?201731711522419 HTTP/1.1" 200 14084
186.103.159.43 - - [08/May/2017:16:38:19 -0300] "GET /cormun/static/Resources/PXToolsGridNext.gif HTTP/1.1" 200 369
186.103.159.43 - - [08/May/2017:16:38:19 -0300] "GET /cormun/static/Resources/PXToolsGridLast.gif HTTP/1.1" 200 370
186.103.159.43 - - [08/May/2017:16:38:19 -0300] "GET /cormun/static/Resources/PXToolsGridFirst.gif HTTP/1.1" 200 379
186.103.159.43 - - [08/May/2017:16:38:19 -0300] "GET /cormun/static/Resources/PXToolsGridPrevious.gif HTTP/1.1" 200 369
186.103.158.250 - - [08/May/2017:16:39:46 -0300] "GET /cormun/servlet/solicitudot?INS,0,0, HTTP/1.1" 200 12803
186.103.158.250 - - [08/May/2017:16:39:47 -0300] "GET /cormun/servlet/solicitudot?INS,0,0, HTTP/1.1" 200 12808
186.103.158.250 - - [08/May/2017:16:40:31 -0300] "POST /cormun/servlet/solicitudot?gx-no-cache=1494272490993 HTTP/1.1" 200 3092
186.103.158.250 - - [08/May/2017:16:40:31 -0300] "POST /cormun/servlet/solicitudot?43b5542d83c27865dbe53157a18d5e1a,INS,0,0,,gx-no-cache=1494272491289 HTTP/1.1" 200 9892
186.103.158.250 - - [08/May/2017:16:40:34 -0300] "GET /cormun/servlet/solicitudot?55fe32399a382d186d5174f390235d39242d6829d5b91d724d539e4444b550c27afed9d43cb77d4fe5333454da27fcb9,gx-no-cache=1494272494276 HTTP/1.1" 200 111
186.103.158.250 - - [08/May/2017:16:40:34 -0300] "GET /cormun/static/Shared/jqueryui/images/ui-bg_highlight-soft_100_c6c2c8_1x100.png HTTP/1.1" 404 1117
186.103.158.250 - - [08/May/2017:16:40:34 -0300] "GET /cormun/static/Shared/jqueryui/images/ui-icons_82798d_256x240.png HTTP/1.1" 404 1089
186.103.158.250 - - [08/May/2017:16:40:34 -0300] "GET /cormun/static/Shared/jqueryui/images/ui-bg_flat_55_994d53_40x100.png HTTP/1.1" 404 1097
186.103.158.250 - - [08/May/2017:16:40:34 -0300] "GET /cormun/static/Shared/jqueryui/images/ui-icons_ebccce_256x240.png HTTP/1.1" 404 1089
186.103.158.250 - - [08/May/2017:16:41:21 -0300] "POST /cormun/servlet/solicitudot?gx-no-cache=1494272540849 HTTP/1.1" 200 3094
186.103.158.250 - - [08/May/2017:16:41:21 -0300] "POST /cormun/servlet/solicitudot?43b5542d83c27865dbe53157a18d5e1a,INS,0,0,,gx-no-cache=1494272541061 HTTP/1.1" 200 9944
199.30.24.207 - - [08/May/2017:16:41:22 -0300] "GET /cormun/static/Resources/PXToolsLoginBottom.png HTTP/1.1" 200 1389
186.103.158.250 - - [08/May/2017:16:41:23 -0300] "GET /cormun/servlet/solicitudot?55fe32399a382d186d5174f390235d3910567f8e503040a7c2307f641ffacc627afed9d43cb77d4fe5333454da27fcb9,gx-no-cache=1494272543411 HTTP/1.1" 200 30
186.103.159.43 - - [08/May/2017:16:41:43 -0300] "GET /cormun/servlet/hlogin HTTP/1.1" 200 1727
186.103.159.43 - - [08/May/2017:16:41:44 -0300] "GET /cormun/servlet/hlogin HTTP/1.1" 200 1727
186.103.159.43 - - [08/May/2017:16:41:44 -0300] "GET /cormun/servlet/hlogin HTTP/1.1" 200 1727
186.103.159.43 - - [08/May/2017:16:41:48 -0300] "POST /cormun/servlet/hlogin?60b672450a2b3324cdc19771122a7da8,gx-no-cache=1494272568301 HTTP/1.1" 200 90
186.103.159.43 - - [08/May/2017:16:41:48 -0300] "GET /cormun/servlet/hpexe_link HTTP/1.1" 200 958
186.103.159.43 - - [08/May/2017:16:41:48 -0300] "GET /cormun/servlet/hhome HTTP/1.1" 200 3764
186.103.159.43 - - [08/May/2017:16:41:49 -0300] "GET /cormun/servlet/hhome HTTP/1.1" 200 3764
186.103.159.43 - - [08/May/2017:16:41:52 -0300] "GET /cormun/servlet/trsolicitudot? HTTP/1.1" 200 6698
186.103.159.43 - - [08/May/2017:16:41:52 -0300] "GET /cormun/servlet/trsolicitudot? HTTP/1.1" 200 6697
186.103.159.43 - - [08/May/2017:16:41:56 -0300] "POST /cormun/servlet/trsolicitudot?60b672450a2b3324cdc19771122a7da8,,gx-no-cache=1494272576479 HTTP/1.1" 200 103
186.103.159.43 - - [08/May/2017:16:41:56 -0300] "GET /cormun/SolicitudOT-5007.xls HTTP/1.1" 200 4608
186.103.159.43 - - [08/May/2017:16:42:14 -0300] "GET /cormun/servlet/solicitudot?INS,0,0, HTTP/1.1" 200 12587
186.103.159.43 - - [08/May/2017:16:42:15 -0300] "GET /cormun/servlet/solicitudot?INS,0,0, HTTP/1.1" 200 12592
186.103.158.250 - - [08/May/2017:16:44:24 -0300] "POST /cormun/servlet/solicitudot?gx-no-cache=1494272723996 HTTP/1.1" 200 240
186.103.158.250 - - [08/May/2017:16:44:28 -0300] "GET /cormun/servlet/solicitudot?55fe32399a382d186d5174f390235d395f33e27bec0779da31e4e094516a49e71f10d68a64b8c57f8ae9f5fb6388b7eb7e3d1c77be1224a860cb9d887af6cc055229b1f6e9565c76446aacc726429d9b2e5e06a4b1545b9c916f4052870a836e7c5d10cc9891c1101664c6243359891ab0de54f335c831bbd557d937aeb30a53484bf3b0915db609a537dfe2153588289b04697a2cb3b72d6abc84025d5c6b13536430fc48ae9b9035ba441568de39931917af183559c8255e2a561ff7dd2ed98b0216dc79e7f40dc98f3b9fc5a30bcf29310c07144d74ea7426708f2dd1de516c65de10db089208c67b5f4057e1c8975f647338ed04f8a967eded0ca0c40e91145ec8d0344476607a67ad27053014d856698bf5cb97046e259bcea0f14afbfb762d0e6e440f2a7fd5234b62af6517a7cd429a6f8d88cfc1c669beaa5a203e14e41950fde778833eb3d802cee7db1c1ab359a20a19eccbfae2f85e528bdc82a10595df09405a74ada605bd358ec50e3ceb6ca47771df627287561cb0e6b1e643,gx-no-cache=1494272728432 HTTP/1.1" 200 30
186.103.158.250 - - [08/May/2017:16:44:33 -0300] "POST /cormun/servlet/solicitudot?gx-no-cache=1494272733246 HTTP/1.1" 200 30
186.103.158.250 - - [08/May/2017:16:45:15 -0300] "POST /cormun/servlet/solicitudot?gx-no-cache=1494272775115 HTTP/1.1" 200 235
186.103.158.250 - - [08/May/2017:16:45:15 -0300] "POST /cormun/servlet/solicitudot?gx-no-cache=1494272775207 HTTP/1.1" 200 38
186.103.158.250 - - [08/May/2017:16:45:37 -0300] "GET /cormun/servlet/solicitudot?55fe32399a382d186d5174f390235d39b5ab20b4f8a2800e4a3de8c7d33bad4df7617f47520ddce1ea4478544851a83dd339665bd42ca41276755260251fec292b1286252d19f90220a074f25f26b23dee38ba77b804b9ffbec2e37edcc6dd4b84519e97772c8dc9db9cf13e0b6ba883,gx-no-cache=1494272797248 HTTP/1.1" 200 29
186.103.158.250 - - [08/May/2017:16:45:37 -0300] "POST /cormun/servlet/solicitudot?gx-no-cache=1494272797320 HTTP/1.1" 200 709
186.103.158.250 - - [08/May/2017:16:45:39 -0300] "POST /cormun/servlet/solicitudot?gx-no-cache=1494272798854 HTTP/1.1" 200 1162
186.103.158.250 - - [08/May/2017:16:45:50 -0300] "GET /cormun/static/menuarrow.gif HTTP/1.1" 404 1015
186.79.9.242 - - [08/May/2017:16:46:39 -0300] "GET /cormun/servlet/trsolicitudot? HTTP/1.1" 200 6760
186.79.9.242 - - [08/May/2017:16:46:40 -0300] "GET /cormun/servlet/trsolicitudot? HTTP/1.1" 200 6761
186.79.9.242 - - [08/May/2017:16:46:46 -0300] "GET /cormun/servlet/solicitudot?INS,0,0, HTTP/1.1" 200 12456
186.79.9.242 - - [08/May/2017:16:46:47 -0300] "GET /cormun/servlet/solicitudot?INS,0,0, HTTP/1.1" 200 12463
186.79.9.242 - - [08/May/2017:16:46:53 -0300] "POST /cormun/servlet/solicitudot?gx-no-cache=1494272873089 HTTP/1.1" 200 3092
186.79.9.242 - - [08/May/2017:16:46:54 -0300] "POST /cormun/servlet/solicitudot?52b02e77b9b286efa1c4dbb3ed51b006,INS,0,0,,gx-no-cache=1494272873583 HTTP/1.1" 200 9422
186.103.158.250 - - [08/May/2017:16:46:57 -0300] "POST /cormun/servlet/solicitudot?gx-no-cache=1494272877073 HTTP/1.1" 200 1293
186.103.158.250 - - [08/May/2017:16:46:57 -0300] "POST /cormun/servlet/solicitudot?gx-no-cache=1494272877351 HTTP/1.1" 200 38
186.103.158.250 - - [08/May/2017:16:46:57 -0300] "POST /cormun/servlet/solicitudot?gx-no-cache=1494272877438 HTTP/1.1" 200 1281
186.103.158.250 - - [08/May/2017:16:46:57 -0300] "POST /cormun/servlet/solicitudot?gx-no-cache=1494272877549 HTTP/1.1" 200 1162
186.79.9.242 - - [08/May/2017:16:46:58 -0300] "GET /cormun/servlet/solicitudot?619c7d5a8f0d26d01739819f7e99360d6f66305f7cca87638cd08f263bac040d0d0197468805cccb06237fc622315aa9,gx-no-cache=1494272878136 HTTP/1.1" 200 30
186.103.158.250 - - [08/May/2017:16:47:04 -0300] "POST /cormun/servlet/solicitudot?gx-no-cache=1494272884000 HTTP/1.1" 200 1293
186.103.158.250 - - [08/May/2017:16:47:04 -0300] "POST /cormun/servlet/solicitudot?gx-no-cache=1494272884072 HTTP/1.1" 200 38
186.103.158.250 - - [08/May/2017:16:47:04 -0300] "POST /cormun/servlet/solicitudot?gx-no-cache=1494272884117 HTTP/1.1" 200 1281
186.103.158.250 - - [08/May/2017:16:47:04 -0300] "POST /cormun/servlet/solicitudot?gx-no-cache=1494272884181 HTTP/1.1" 200 1162
186.103.158.250 - - [08/May/2017:16:47:10 -0300] "GET /cormun/servlet/solicitudot?55fe32399a382d186d5174f390235d395bce914f349d959b31f96aa4de227f466e9f7391e50d3a3501dfe059c244c6546ae9d9bfd082e40894a80eadb37b6857024a8b4128817aac9b48bae616ae92c5dbd588bfdf78de0f82b5c8b45cb6f40234c4b3b5df0ffab2b01085a7bb4339e077580526bcd2f02a69ad0e5cd9307bfc56f15d1b149fcdf9f82c7a765f7dd4140ac3f886ce1a2de861f1df2071b139c4573e5fb0527fc03b18a78b53fdc8d1fb,gx-no-cache=1494272890510 HTTP/1.1" 200 30
192.168.10.89 - - [08/May/2017:16:47:11 -0300] "POST /cormun/servlet/trsolicitudgral?d2b3ca874c75176776380d34c506e0a4,gx-no-cache=1494273115279,gx-no-cache=1494276096277 HTTP/1.1" 440 972
192.168.10.89 - - [08/May/2017:16:47:12 -0300] "GET /cormun/servlet/trsolicitudgral?gx-no-cache=1494273115279 HTTP/1.1" 200 23801
192.168.10.89 - - [08/May/2017:16:47:14 -0300] "GET /cormun/servlet/hlogin HTTP/1.1" 200 1763
192.168.10.89 - - [08/May/2017:16:47:22 -0300] "POST /cormun/servlet/hlogin?b8c6e1e21ddd98bde2589df1ac413580,gx-no-cache=1494276107650 HTTP/1.1" 200 90
192.168.10.89 - - [08/May/2017:16:47:22 -0300] "GET /cormun/servlet/hpexe_link HTTP/1.1" 200 979
192.168.10.89 - - [08/May/2017:16:47:24 -0300] "GET /cormun/servlet/trsolicitudgral?gx-no-cache=1494273115279 HTTP/1.1" 200 24960
192.168.10.89 - - [08/May/2017:16:47:30 -0300] "GET /cormun/static/menuarrow.gif HTTP/1.1" 404 1015
186.103.158.250 - - [08/May/2017:16:47:33 -0300] "POST /cormun/servlet/solicitudot?43b5542d83c27865dbe53157a18d5e1a,INS,0,0,,gx-no-cache=1494272913046 HTTP/1.1" 200 93
186.103.158.250 - - [08/May/2017:16:47:33 -0300] "GET /cormun/servlet/hpexe_return? HTTP/1.1" 200 1013
186.103.158.250 - - [08/May/2017:16:47:34 -0300] "GET /cormun/servlet/trautorizarsolicitud HTTP/1.1" 200 6901
186.103.158.250 - - [08/May/2017:16:47:35 -0300] "GET /cormun/servlet/trautorizarsolicitud HTTP/1.1" 200 6898
192.168.10.89 - - [08/May/2017:16:47:36 -0300] "POST /cormun/servlet/trsolicitudgral?b8c6e1e21ddd98bde2589df1ac413580,gx-no-cache=1494273115279,gx-no-cache=1494276121504 HTTP/1.1" 200 7206
192.168.10.89 - - [08/May/2017:16:47:39 -0300] "GET /cormun/servlet/solicitudgral?UPD,2017,6347, HTTP/1.1" 200 12275
192.168.10.89 - - [08/May/2017:16:47:42 -0300] "POST /cormun/servlet/solicitudgral?gx-no-cache=1494276127077 HTTP/1.1" 200 3159
192.168.10.89 - - [08/May/2017:16:47:42 -0300] "GET /cormun/servlet/solicitudgral?078d485d6b622b865aa897fffe4e67cc98ab50a2315ab86365347ce54937dbf641c1f7d722c1ed6105de6ea5bfe294ed7a2d22ef2182cc9295528ec726f2b27d2bea8e1792a9986d35050bc1c75744ebaee0dd098f37ae1eaadad81b1308a522431af2c3424fba38ad44bcafc9594de99ecc9c5c533e8659b449041199cdcad36f3227e9c7ce13363e70fcf13ace599bc5d5d7ead1d963222f7342bd6bd4b124c77e7cbb2601a1e489e64360902fb305220125378062834755f062deb5031bcf32f3fc13baabd02ce27a4d127b36b373aa2a6d479a215fcbf30fa8e04d286b061405fcdf1df0a8b9f0daad8fb3f679f2f9636547da41a4cf45cab9f1d6326b7ce31efe7d243e4c9849a2b875418d9d6be8788a6a2a5d357bcdd501f4dbae04f24a116ec4a41295869c2b73916597e528ebfca090797cef0edffe375aee31048cdff7f39f4ae2b2b8d7ca57089904d96a,gx-no-cache=1494276127299 HTTP/1.1" 200 298
192.168.10.89 - - [08/May/2017:16:47:43 -0300] "GET /cormun/servlet/solicitudgral?078d485d6b622b865aa897fffe4e67cca404eb7f2540f695e4e0cc990455d159eded46f1a9d5cf36ec0bd74c3fa51201eb791f65c2e45b0614352776d445377c097e717c2a0047eaa1b9bb1838825774615780e56475c88af77a6f7c7200a2b2a763fec6ad5ec7b3862b70757ae8d40f944edcc37cbbd93663b49488666b2d985c03e8db9af16b80a2fddcbdb02ac2c4ae13877d4d9ddb61cdbe9d3c17e3853c735c543b3e7e25cc53cd098bc542c6d9659d6c59ca5e67bb80d5bd0b17bea3fb30ed5c3cc5c2b9c5ff4efd304ba647d3b0dfea2c833017b82b9d73728b16e351b4ee088591d61c629907e72c2596c87e0307ce9e1a1c9a9917dc85dd5a79ceb28b01e340673efc359bf4a16f8d6a9f85bbad23aeb62c1f8eede60cd45385ddaeb6d0533bb1aa2679d4956d7ee9bb6a27f6cce0a2539e071f93d139b2cc98266eaa7ec2938c7387780794ae479456f82bfb364b77388450cf80bd37058406009f9d2c229da779838bbc7c966ccedb6650b3516b48d5376bb2c5144bc52b61ad006f6b9ee703786f3a47a7d99e6071d1c6f8eefeeb0ecc76c078c830cf0a1ba29dee06546a71c6200932fd112735fb3c6716a13876ea6d0f85689d9aa42d211e7becd3a3e10726f465b3e827b71695503a2f28f7376f8aa57a6cf4a8016fb8ccd6d741be48ae6b8308ddbec56b16658c1dedd47e1797a6915f6ca89f521df5fa7cbbdd4ca57c135703bd8f76e50fe29507e2699e7076ed49ed498d4885bf08aa04a7038d6024317508008158a8ed9163ba,gx-no-cache=1494276128419 HTTP/1.1" 200 48
192.168.10.89 - - [08/May/2017:16:47:43 -0300] "POST /cormun/servlet/solicitudgral?b8c6e1e21ddd98bde2589df1ac413580,UPD,2017,6347,,gx-no-cache=1494276128794 HTTP/1.1" 200 10662
192.168.10.89 - - [08/May/2017:16:47:44 -0300] "GET /cormun/servlet/solicitudgral?078d485d6b622b865aa897fffe4e67ccfc6703622a09daaf02075a470f46620e85249abcabcce97305fbda9e134ca1bdbff89497fac168e99be788a01c07ed9539d9aba2d324145512aad028d44bcb31f87bd5258bf40b0c84f99e76764a236bdb0a3120d0ea6afed769d9465f645a4b,gx-no-cache=1494276129357 HTTP/1.1" 200 29
192.168.10.89 - - [08/May/2017:16:47:44 -0300] "POST /cormun/servlet/solicitudgral?gx-no-cache=1494276129378 HTTP/1.1" 200 1254
192.168.10.89 - - [08/May/2017:16:47:44 -0300] "POST /cormun/servlet/solicitudgral?gx-no-cache=1494276129442 HTTP/1.1" 200 1159
200.86.10.241 - - [08/May/2017:16:47:54 -0300] "GET /cormun/servlet/hlogin HTTP/1.1" 200 1724
192.168.10.89 - - [08/May/2017:16:47:58 -0300] "POST /cormun/servlet/solicitudgral?b8c6e1e21ddd98bde2589df1ac413580,UPD,2017,6347,,gx-no-cache=1494276143076 HTTP/1.1" 200 93
192.168.10.89 - - [08/May/2017:16:47:58 -0300] "GET /cormun/servlet/hpexe_return? HTTP/1.1" 200 1035
192.168.10.89 - - [08/May/2017:16:47:58 -0300] "GET /cormun/servlet/trsolicitudgral?gx-no-cache=1494273115279 HTTP/1.1" 200 10591
186.103.158.250 - - [08/May/2017:16:48:00 -0300] "GET /cormun/servlet/hlogin HTTP/1.1" 200 1720
192.168.10.89 - - [08/May/2017:16:48:02 -0300] "GET /cormun/servlet/solicitudgral?UPD,2017,6247, HTTP/1.1" 200 12267
200.86.10.241 - - [08/May/2017:16:48:03 -0300] "POST /cormun/servlet/hlogin?ddbee7fadd0268f0ba97f686785871c0,gx-no-cache=1494272942181 HTTP/1.1" 200 90
200.86.10.241 - - [08/May/2017:16:48:03 -0300] "GET /cormun/servlet/hpexe_link HTTP/1.1" 200 951
200.86.10.241 - - [08/May/2017:16:48:03 -0300] "GET /cormun/static/hpexe_link.js?201731711483384 HTTP/1.1" 200 625
200.86.10.241 - - [08/May/2017:16:48:03 -0300] "GET /cormun/servlet/hhome HTTP/1.1" 200 3778
200.86.10.241 - - [08/May/2017:16:48:03 -0300] "GET /cormun/servlet/hhome HTTP/1.1" 200 3775
192.168.10.89 - - [08/May/2017:16:48:03 -0300] "POST /cormun/servlet/solicitudgral?gx-no-cache=1494276148796 HTTP/1.1" 200 3164
192.168.10.89 - - [08/May/2017:16:48:03 -0300] "GET /cormun/servlet/solicitudgral?078d485d6b622b865aa897fffe4e67cc98ab50a2315ab86365347ce54937dbf641c1f7d722c1ed6105de6ea5bfe294ed7a2d22ef2182cc9295528ec726f2b27d2bea8e1792a9986d35050bc1c75744ebaee0dd098f37ae1eaadad81b1308a522431af2c3424fba38ad44bcafc9594de99ecc9c5c533e8659b449041199cdcad36f3227e9c7ce13363e70fcf13ace599bc5d5d7ead1d963222f7342bd6bd4b124c77e7cbb2601a1e489e64360902fb305220125378062834755f062deb5031bcf32f3fc13baabd02ce27a4d127b36b373aa2a6d479a215fcbf30fa8e04d286b061405fcdf1df0a8b9f0daad8fb3f679f2f9636547da41a4cf45cab9f1d6326b7ce31efe7d243e4c9849a2b875418d9d6be8788a6a2a5d357bcdd501f4dbae04f24a116ec4a41295869c2b73916597e528ebfca090797cef0edffe375aee31048cdff7f39f4ae2b2b8d7ca57089904d96a,gx-no-cache=1494276148997 HTTP/1.1" 200 298
192.168.10.89 - - [08/May/2017:16:48:06 -0300] "GET /cormun/servlet/solicitudgral?078d485d6b622b865aa897fffe4e67cca404eb7f2540f695e4e0cc990455d159eded46f1a9d5cf36ec0bd74c3fa51201eb791f65c2e45b0614352776d445377c097e717c2a0047eaa1b9bb1838825774615780e56475c88af77a6f7c7200a2b2a763fec6ad5ec7b3862b70757ae8d40f944edcc37cbbd93663b49488666b2d985c03e8db9af16b80a2fddcbdb02ac2c4ae13877d4d9ddb61cdbe9d3c17e3853c735c543b3e7e25cc53cd098bc542c6d9659d6c59ca5e67bb80d5bd0b17bea3fb30ed5c3cc5c2b9c5ff4efd304ba647d3b0dfea2c833017b82b9d73728b16e351b4ee088591d61c629907e72c2596c87e0307ce9e1a1c9a9917dc85dd5a79ceb28b01e340673efc359bf4a16f8d6a9f85bbad23aeb62c1f8eede60cd45385ddaeb6d0533bb1aa2679d4956d7ee9bb6a27f6cce0a2539e071f93d139b2cc98266eaa7ec2938c7387780794ae479456f82bfb364b77388450cf80bd37058406009f9d2c229da779838bbc7c966ccedb6650b3516b48d5376bb2c5144bc52b61ad006f6b9ee703786f3a47a7d99e6071d1c6f8eefeeb0ecc76c078c830cf0a1ba29dee06546a71c6200932fd112735fb3c6716a13876ea6d0f85689d9aa42d211e7becd3a3e10726f465b3e827b71695503a2f28f7376f8aa57a6cf4a8016fb8ccd6d741be48ae6b8308ddbec56b16658c1dedd47e1797a6915f6ca89f521df5fa7cbbdd4ca57c135703bd8f76e50fe29507e2699e7076ed49ed498d4885bf08aa04a7038d6024317508008158a8ed9163ba,gx-no-cache=1494276151327 HTTP/1.1" 200 48
192.168.10.89 - - [08/May/2017:16:48:06 -0300] "POST /cormun/servlet/solicitudgral?b8c6e1e21ddd98bde2589df1ac413580,UPD,2017,6247,,gx-no-cache=1494276151356 HTTP/1.1" 200 10659
192.168.10.89 - - [08/May/2017:16:48:06 -0300] "GET /cormun/servlet/solicitudgral?078d485d6b622b865aa897fffe4e67ccfc6703622a09daaf02075a470f46620e85249abcabcce97305fbda9e134ca1bdbff89497fac168e99be788a01c07ed9539d9aba2d324145512aad028d44bcb31f87bd5258bf40b0c84f99e76764a236bdb0a3120d0ea6afed769d9465f645a4b,gx-no-cache=1494276151569 HTTP/1.1" 200 29
192.168.10.89 - - [08/May/2017:16:48:06 -0300] "POST /cormun/servlet/solicitudgral?gx-no-cache=1494276151589 HTTP/1.1" 200 1254
192.168.10.89 - - [08/May/2017:16:48:06 -0300] "POST /cormun/servlet/solicitudgral?gx-no-cache=1494276151625 HTTP/1.1" 200 1159
200.86.10.241 - - [08/May/2017:16:48:07 -0300] "GET /cormun/servlet/trpermisosgoce? HTTP/1.1" 200 7640
200.86.10.241 - - [08/May/2017:16:48:08 -0300] "GET /cormun/servlet/trpermisosgoce? HTTP/1.1" 200 7639
186.79.9.242 - - [08/May/2017:16:48:09 -0300] "POST /cormun/servlet/solicitudot?gx-no-cache=1494272949654 HTTP/1.1" 200 240
192.168.10.89 - - [08/May/2017:16:48:10 -0300] "POST /cormun/servlet/solicitudgral?b8c6e1e21ddd98bde2589df1ac413580,UPD,2017,6247,,gx-no-cache=1494276155946 HTTP/1.1" 200 93
192.168.10.89 - - [08/May/2017:16:48:10 -0300] "GET /cormun/servlet/hpexe_return? HTTP/1.1" 200 1034
192.168.10.89 - - [08/May/2017:16:48:11 -0300] "GET /cormun/servlet/trsolicitudgral?gx-no-cache=1494273115279 HTTP/1.1" 200 10591
186.79.9.242 - - [08/May/2017:16:48:12 -0300] "GET /cormun/servlet/solicitudot?619c7d5a8f0d26d01739819f7e99360d921dee7de15f013609f8e45e0f533bf32a6e4a7afc81bb9a515ce1440e4e7e63cd8022aedb65c93d20e393fed03718fb6913fe42112f08702af486aee1f1420b92e94b38ab87416de2566b259353e2f818ed06cb4bcfffc436842a637af675c4cd485d9538d786070eb1fd4132c10666b60035dd1b458eb38faf0b73b2e4e3a8bd8f83c17fc58c65765b945c0ffcfd86bb976e11efd9070090ca6ba52edf8e4c09845a6750e9bf6c158113223f652a578884807e97e4c42cf3c6520804779a74255fb8784178519b381a30a6b125c9dbaae38704d8cd0bffba25fcf1bc2bf3ac7c41ed74df4d5ee973d67f8cabf059a62c1b53107b4a68bd8c9fa04dbda649a1c27fc681c35159c2dd24b065dc5095972e833d68a0ff9e85a47a13c4df5a21b908df2478671ff7ea272bfff9ec2cf2b5f9388908f4075e32aab65b5963393a7a07cf0a03d01aa0645f30edaff1180d45359b89ba209951f27dcba755e361ac08f7c8c1574cdd3099c19fed83b03e3de9,gx-no-cache=1494272952165 HTTP/1.1" 200 30
186.103.158.250 - - [08/May/2017:16:48:13 -0300] "POST /cormun/servlet/hlogin?0ac3a29c63c885e2e8b321e282dade5e,gx-no-cache=1494272952799 HTTP/1.1" 200 90
186.103.158.250 - - [08/May/2017:16:48:13 -0300] "GET /cormun/servlet/hpexe_link HTTP/1.1" 200 950
186.103.158.250 - - [08/May/2017:16:48:13 -0300] "GET /cormun/servlet/hhome HTTP/1.1" 200 3787
200.86.10.241 - - [08/May/2017:16:48:14 -0300] "GET /cormun/servlet/trpermisosadjuntos?16494988,20170508153459,P, HTTP/1.1" 200 6093
186.103.158.250 - - [08/May/2017:16:48:14 -0300] "GET /cormun/servlet/hhome HTTP/1.1" 200 3783
200.86.10.241 - - [08/May/2017:16:48:15 -0300] "GET /cormun/servlet/trpermisosadjuntos?16494988,20170508153459,P, HTTP/1.1" 200 6093
192.168.10.89 - - [08/May/2017:16:48:15 -0300] "GET /cormun/servlet/solicitudgral?UPD,2017,6243, HTTP/1.1" 200 12292
200.86.10.241 - - [08/May/2017:16:48:17 -0300] "GET /cormun/servlet/permisosadjuntos?INS,16494988,P,20170508153459,, HTTP/1.1" 200 5420
200.86.10.241 - - [08/May/2017:16:48:17 -0300] "GET /cormun/static/about:blank HTTP/1.1" 404 1011
200.86.10.241 - - [08/May/2017:16:48:17 -0300] "GET /cormun/servlet/permisosadjuntos?INS,16494988,P,20170508153459,, HTTP/1.1" 200 5410
192.168.10.89 - - [08/May/2017:16:48:18 -0300] "POST /cormun/servlet/solicitudgral?gx-no-cache=1494276163078 HTTP/1.1" 200 3177
192.168.10.89 - - [08/May/2017:16:48:18 -0300] "GET /cormun/servlet/solicitudgral?078d485d6b622b865aa897fffe4e67cc98ab50a2315ab86365347ce54937dbf641c1f7d722c1ed6105de6ea5bfe294ed7a2d22ef2182cc9295528ec726f2b27d2bea8e1792a9986d35050bc1c75744ebaee0dd098f37ae1eaadad81b1308a522431af2c3424fba38ad44bcafc9594de99ecc9c5c533e8659b449041199cdcad36f3227e9c7ce13363e70fcf13ace599bc5d5d7ead1d963222f7342bd6bd4b124c77e7cbb2601a1e489e64360902fb305220125378062834755f062deb5031bcf32f3fc13baabd02ce27a4d127b36b373aa2a6d479a215fcbf30fa8e04d286b061405fcdf1df0a8b9f0daad8fb3f679f2f9636547da41a4cf45cab9f1d6326b7ce31efe7d243e4c9849a2b875418d9d6be8788a6a2a5d357bcdd501f4dbae04f24a116ec4a41295869c2b73916597e528ebfca090797cef0edffe375aee31048cdff7f39f4ae2b2b8d7ca57089904d96a,gx-no-cache=1494276163277 HTTP/1.1" 200 298
192.168.10.89 - - [08/May/2017:16:48:19 -0300] "GET /cormun/servlet/solicitudgral?078d485d6b622b865aa897fffe4e67cca404eb7f2540f695e4e0cc990455d159eded46f1a9d5cf36ec0bd74c3fa51201eb791f65c2e45b0614352776d445377c097e717c2a0047eaa1b9bb1838825774615780e56475c88af77a6f7c7200a2b2a763fec6ad5ec7b3862b70757ae8d40f944edcc37cbbd93663b49488666b2d985c03e8db9af16b80a2fddcbdb02ac2c4ae13877d4d9ddb61cdbe9d3c17e3853c735c543b3e7e25cc53cd098bc542c6d9659d6c59ca5e67bb80d5bd0b17bea3fb30ed5c3cc5c2b9c5ff4efd304ba647d3b0dfea2c833017b82b9d73728b16e351b4ee088591d61c629907e72c2596c87e0307ce9e1a1c9a9917dc85dd5a79ceb28b01e340673efc359bf4a16f8d6a9f85bbad23aeb62c1f8eede60cd45385ddaeb6d0533bb1aa2679d4956d7ee9bb6a27f6cce0a2539e071f93d139b2cc98266eaa7ec2938c7387780794ae479456f82bfb364b77388450cf80bd37058406009f9d2c229da779838bbc7c966ccedb6650b3516b48d5376bb2c5144bc52b61ad006f6b9ee703786f3a47a7d99e6071d1c6f8eefeeb0ecc76c078c830cf0a1ba29dee06546a71c6200932fd112735fb3c6716a13876ea6d0f85689d9aa42d211e7becd3a3e10726f465b3e827b71695503a2f28f7376f8aa57a6cf4a8016fb8ccd6d741be48ae6b8308ddbec56b16658c1dedd47e1797a6915f6ca89f521df5fa7cbbdd4ca57c135703bd8f76e50fe29507e2699e7076ed49ed498d4885bf08aa04a7038d6024317508008158a8ed9163ba,gx-no-cache=1494276164740 HTTP/1.1" 200 48
192.168.10.89 - - [08/May/2017:16:48:19 -0300] "POST /cormun/servlet/solicitudgral?b8c6e1e21ddd98bde2589df1ac413580,UPD,2017,6243,,gx-no-cache=1494276164772 HTTP/1.1" 200 10668
192.168.10.89 - - [08/May/2017:16:48:19 -0300] "GET /cormun/servlet/solicitudgral?078d485d6b622b865aa897fffe4e67ccfc6703622a09daaf02075a470f46620e85249abcabcce97305fbda9e134ca1bdbff89497fac168e99be788a01c07ed9539d9aba2d324145512aad028d44bcb31f87bd5258bf40b0c84f99e76764a236bdb0a3120d0ea6afed769d9465f645a4b,gx-no-cache=1494276165008 HTTP/1.1" 200 29
192.168.10.89 - - [08/May/2017:16:48:19 -0300] "POST /cormun/servlet/solicitudgral?gx-no-cache=1494276165030 HTTP/1.1" 200 1254
192.168.10.89 - - [08/May/2017:16:48:20 -0300] "POST /cormun/servlet/solicitudgral?gx-no-cache=1494276165066 HTTP/1.1" 200 1159
186.103.158.250 - - [08/May/2017:16:48:20 -0300] "GET /cormun/servlet/trvisualizadoreventos? HTTP/1.1" 200 6515
186.103.158.250 - - [08/May/2017:16:48:20 -0300] "GET /cormun/static/gxcfg.js?201731711523419 HTTP/1.1" 200 953
186.103.158.250 - - [08/May/2017:16:48:20 -0300] "GET /cormun/static/trvisualizadoreventos.js?20173171152387 HTTP/1.1" 200 19309
186.103.158.250 - - [08/May/2017:16:48:20 -0300] "GET /cormun/static/Resources/PXToolsActionPrint.png HTTP/1.1" 200 3317
186.79.9.242 - - [08/May/2017:16:48:21 -0300] "POST /cormun/servlet/solicitudot?gx-no-cache=1494272961079 HTTP/1.1" 200 30
186.103.158.250 - - [08/May/2017:16:48:21 -0300] "GET /cormun/servlet/trvisualizadoreventos? HTTP/1.1" 200 6515
186.79.9.242 - - [08/May/2017:16:48:22 -0300] "GET /cormun/servlet/prsolicitudot?17477572,,,,,MD,,gxPopupLevel%3D0%3B HTTP/1.1" 200 5939
186.79.9.242 - - [08/May/2017:16:48:25 -0300] "POST /cormun/servlet/solicitudot?gx-no-cache=1494272965477 HTTP/1.1" 200 296
186.79.9.242 - - [08/May/2017:16:48:25 -0300] "GET /cormun/static/Shared/jqueryui/images/ui-bg_highlight-soft_100_c6c2c8_1x100.png HTTP/1.1" 404 1117
186.79.9.242 - - [08/May/2017:16:48:25 -0300] "POST /cormun/servlet/solicitudot?gx-no-cache=1494272965591 HTTP/1.1" 200 117
186.79.9.242 - - [08/May/2017:16:48:25 -0300] "GET /cormun/static/Shared/jqueryui/images/ui-bg_flat_55_994d53_40x100.png HTTP/1.1" 404 1097
186.79.9.242 - - [08/May/2017:16:48:25 -0300] "GET /cormun/static/Shared/jqueryui/images/ui-icons_82798d_256x240.png HTTP/1.1" 404 1089
186.79.9.242 - - [08/May/2017:16:48:25 -0300] "GET /cormun/static/Shared/jqueryui/images/ui-icons_ebccce_256x240.png HTTP/1.1" 404 1089
186.79.9.242 - - [08/May/2017:16:48:25 -0300] "GET /cormun/servlet/solicitudot?619c7d5a8f0d26d01739819f7e99360dac87f745c57e9c10d9dab1b6cf4b0a3e8b47ecfd4b621ec2c09ed2d8fb16eb66957c2c90498816e9f0289ce023879383b4e31025be005dfc78b41fc4c4732b57e252b00a8f06285d5b3dd8169d4329e1b6193c3b6bef90345782daee75784faf,gx-no-cache=1494272965670 HTTP/1.1" 200 29
186.79.9.242 - - [08/May/2017:16:48:25 -0300] "GET /cormun/servlet/solicitudot?619c7d5a8f0d26d01739819f7e99360d4f7d13b15ca0e71af4953cf35c94255341fe5c3f1c303f7f2444f5962e2bf36cca6d8aca557b161028c3e49199fff5b4ac4c08151261592965bb75bcc75862eb105a09bc879ad1c99f9e3d4f21141d62093555c2f07230b73f3e401284148eec41875f31f41e08906f59d9764a67a7060b1e87ab4b6b42f95c0e327073e3c54e303c7cb6801a9ab14cd6c88f6222213f,gx-no-cache=1494272965732 HTTP/1.1" 200 57
186.79.9.242 - - [08/May/2017:16:48:25 -0300] "GET /cormun/servlet/solicitudot?619c7d5a8f0d26d01739819f7e99360d930f929e0f372a910c50603e6d133b3441fe5c3f1c303f7f2444f5962e2bf36cca6d8aca557b161028c3e49199fff5b497ec58b069da373afa30dde8ea3dcb9ae05e546dd1f787f517e4c6e362ffed8b3a7bb2b688706dc3ece54d1ace1492318036ec3b8e76c75b64c824dee41ad046,gx-no-cache=1494272965798 HTTP/1.1" 200 57
192.168.10.89 - - [08/May/2017:16:48:27 -0300] "POST /cormun/servlet/solicitudgral?b8c6e1e21ddd98bde2589df1ac413580,UPD,2017,6243,,gx-no-cache=1494276172899 HTTP/1.1" 200 93
192.168.10.89 - - [08/May/2017:16:48:27 -0300] "GET /cormun/servlet/hpexe_return? HTTP/1.1" 200 1034
186.103.158.250 - - [08/May/2017:16:48:28 -0300] "GET /cormun/servlet/trsolicitudot? HTTP/1.1" 200 8014
192.168.10.89 - - [08/May/2017:16:48:29 -0300] "GET /cormun/servlet/trsolicitudgral?gx-no-cache=1494273115279 HTTP/1.1" 200 10591
186.103.158.250 - - [08/May/2017:16:48:29 -0300] "GET /cormun/servlet/trsolicitudot? HTTP/1.1" 200 8013
186.103.158.250 - - [08/May/2017:16:48:36 -0300] "POST /cormun/servlet/trsolicitudot?0ac3a29c63c885e2e8b321e282dade5e,,gx-no-cache=1494272975940 HTTP/1.1" 200 4147
186.103.158.250 - - [08/May/2017:16:48:36 -0300] "GET /cormun/static/Shared/jqueryui/images/ui-bg_highlight-soft_100_c6c2c8_1x100.png HTTP/1.1" 404 1117
186.103.158.250 - - [08/May/2017:16:48:36 -0300] "GET /cormun/static/Shared/jqueryui/images/ui-icons_82798d_256x240.png HTTP/1.1" 404 1089
186.103.158.250 - - [08/May/2017:16:48:36 -0300] "GET /cormun/static/Shared/jqueryui/images/ui-bg_flat_55_fafafa_40x100.png HTTP/1.1" 404 1097
186.103.158.250 - - [08/May/2017:16:48:36 -0300] "GET /cormun/static/Shared/jqueryui/images/ui-icons_8d78a5_256x240.png HTTP/1.1" 404 1089
186.103.158.250 - - [08/May/2017:16:48:36 -0300] "POST /cormun/servlet/trsolicitudot?0ac3a29c63c885e2e8b321e282dade5e,,gx-no-cache=1494272976367 HTTP/1.1" 200 3923
192.168.10.89 - - [08/May/2017:16:48:40 -0300] "POST /cormun/servlet/trsolicitudgral?b8c6e1e21ddd98bde2589df1ac413580,gx-no-cache=1494273115279,gx-no-cache=1494276185711 HTTP/1.1" 200 5417
192.168.10.89 - - [08/May/2017:16:48:40 -0300] "GET /cormun/static/Shared/jqueryui/images/ui-bg_highlight-soft_100_c6c2c8_1x100.png HTTP/1.1" 404 1117
192.168.10.89 - - [08/May/2017:16:48:40 -0300] "GET /cormun/static/Shared/jqueryui/images/ui-icons_82798d_256x240.png HTTP/1.1" 404 1089
192.168.10.89 - - [08/May/2017:16:48:40 -0300] "GET /cormun/static/Shared/jqueryui/images/ui-icons_8d78a5_256x240.png HTTP/1.1" 404 1089
192.168.10.89 - - [08/May/2017:16:48:40 -0300] "GET /cormun/static/Shared/jqueryui/images/ui-bg_flat_55_fafafa_40x100.png HTTP/1.1" 404 1097
200.86.10.241 - - [08/May/2017:16:48:41 -0300] "POST /cormun/servlet/permisosadjuntos?ddbee7fadd0268f0ba97f686785871c0,INS,16494988,P,20170508153459,, HTTP/1.1" 200 116
200.86.10.241 - - [08/May/2017:16:48:41 -0300] "GET /cormun/servlet/hpexe_return? HTTP/1.1" 200 1039
200.86.10.241 - - [08/May/2017:16:48:41 -0300] "GET /cormun/servlet/trpermisosadjuntos?16494988,20170508153459,P, HTTP/1.1" 200 6549
200.86.10.241 - - [08/May/2017:16:48:41 -0300] "GET /cormun/servlet/trpermisosadjuntos?16494988,20170508153459,P, HTTP/1.1" 200 6545
200.86.10.241 - - [08/May/2017:16:48:44 -0300] "GET /cormun/servlet/hhome HTTP/1.1" 200 3804
200.86.10.241 - - [08/May/2017:16:48:44 -0300] "GET /cormun/servlet/hhome HTTP/1.1" 200 3775
186.103.158.250 - - [08/May/2017:16:48:45 -0300] "GET /cormun/servlet/hlogin HTTP/1.1" 200 1720
200.86.10.241 - - [08/May/2017:16:48:48 -0300] "GET /cormun/servlet/trpermisosgoce? HTTP/1.1" 200 7640
200.86.10.241 - - [08/May/2017:16:48:49 -0300] "GET /cormun/servlet/trpermisosgoce? HTTP/1.1" 200 7639
200.86.10.241 - - [08/May/2017:16:48:55 -0300] "GET /cormun/servlet/trpermisosgoce? HTTP/1.1" 200 7639
200.86.10.241 - - [08/May/2017:16:48:55 -0300] "GET /cormun/servlet/trpermisosgoce? HTTP/1.1" 200 7639
186.103.158.250 - - [08/May/2017:16:48:56 -0300] "POST /cormun/servlet/hlogin?0ac3a29c63c885e2e8b321e282dade5e,gx-no-cache=1494272996575 HTTP/1.1" 200 90
186.103.158.250 - - [08/May/2017:16:48:57 -0300] "GET /cormun/servlet/hpexe_link HTTP/1.1" 200 950
186.103.158.250 - - [08/May/2017:16:48:57 -0300] "GET /cormun/servlet/hhome HTTP/1.1" 200 3968
186.79.9.242 - - [08/May/2017:16:48:57 -0300] "POST /cormun/servlet/solicitudot?gx-no-cache=1494272997761 HTTP/1.1" 200 1296
186.103.158.250 - - [08/May/2017:16:48:58 -0300] "GET /cormun/servlet/hhome HTTP/1.1" 200 3966
200.86.10.241 - - [08/May/2017:16:48:59 -0300] "GET /cormun/servlet/trpermisosadjuntos?10747972,20170508135849,P, HTTP/1.1" 200 6096
186.79.9.242 - - [08/May/2017:16:48:59 -0300] "GET /cormun/servlet/prlicenciaspermisos?15107983,L,,MD,,gxPopupLevel%3D0%3B HTTP/1.1" 200 6105
200.86.10.241 - - [08/May/2017:16:48:59 -0300] "GET /cormun/servlet/trpermisosadjuntos?10747972,20170508135849,P, HTTP/1.1" 200 6097
186.103.158.250 - - [08/May/2017:16:49:01 -0300] "GET /cormun/servlet/trsolicitudot? HTTP/1.1" 200 6938
186.103.158.250 - - [08/May/2017:16:49:02 -0300] "GET /cormun/servlet/trsolicitudot? HTTP/1.1" 200 6937
186.79.9.242 - - [08/May/2017:16:49:04 -0300] "POST /cormun/servlet/solicitudot?gx-no-cache=1494273003954 HTTP/1.1" 200 41
186.103.158.250 - - [08/May/2017:16:49:06 -0300] "GET /cormun/servlet/trautorizarsolicitud? HTTP/1.1" 200 8144
186.103.158.250 - - [08/May/2017:16:49:07 -0300] "GET /cormun/servlet/trautorizarsolicitud? HTTP/1.1" 200 8144
200.86.10.241 - - [08/May/2017:16:49:09 -0300] "GET /cormun/servlet/permisosadjuntos?INS,10747972,P,20170508135849,, HTTP/1.1" 200 5425
200.86.10.241 - - [08/May/2017:16:49:09 -0300] "GET /cormun/static/about:blank HTTP/1.1" 404 1011
200.86.10.241 - - [08/May/2017:16:49:09 -0300] "GET /cormun/servlet/permisosadjuntos?INS,10747972,P,20170508135849,, HTTP/1.1" 200 5415
186.103.158.250 - - [08/May/2017:16:49:17 -0300] "POST /cormun/servlet/trautorizarsolicitud?0ac3a29c63c885e2e8b321e282dade5e,,gx-no-cache=1494273016694 HTTP/1.1" 200 4319
186.103.158.250 - - [08/May/2017:16:49:17 -0300] "GET /cormun/static/Shared/jqueryui/images/ui-bg_highlight-soft_100_c6c2c8_1x100.png HTTP/1.1" 404 1117
186.103.158.250 - - [08/May/2017:16:49:17 -0300] "GET /cormun/static/Shared/jqueryui/images/ui-icons_82798d_256x240.png HTTP/1.1" 404 1089
186.103.158.250 - - [08/May/2017:16:49:17 -0300] "GET /cormun/static/Shared/jqueryui/images/ui-bg_flat_55_fafafa_40x100.png HTTP/1.1" 404 1097
186.103.158.250 - - [08/May/2017:16:49:17 -0300] "GET /cormun/static/Shared/jqueryui/images/ui-icons_8d78a5_256x240.png HTTP/1.1" 404 1089
186.103.158.250 - - [08/May/2017:16:49:17 -0300] "POST /cormun/servlet/trautorizarsolicitud?0ac3a29c63c885e2e8b321e282dade5e,,gx-no-cache=1494273017158 HTTP/1.1" 200 4094
186.79.9.242 - - [08/May/2017:16:49:25 -0300] "POST /cormun/servlet/solicitudot?gx-no-cache=1494273024908 HTTP/1.1" 200 1280
186.79.9.242 - - [08/May/2017:16:49:25 -0300] "POST /cormun/servlet/solicitudot?gx-no-cache=1494273025172 HTTP/1.1" 200 1161
186.79.9.242 - - [08/May/2017:16:49:25 -0300] "GET /cormun/servlet/solicitudot?619c7d5a8f0d26d01739819f7e99360d5a9e7adb8e29d569c5a4feaece344def89fc5146b69e5c530785e820f733e79d8636449638b3f4aa336cafc1b28b1ef7f29b8ee69f4c37a060a6c92046c3c9c70b1e87ab4b6b42f95c0e327073e3c54efc328e4b74d61d68400790da12fd2b8f3c28e7e3a5056f27f44126d44382761690ca6f8d67d59f07e5727b8160ca8cc77d3f4d98dc720d22f57f922458197ac649ee2cdda790da02bd9858d70d8976725d70cd829e19a49908a174c76524c0cf,gx-no-cache=1494273025380 HTTP/1.1" 200 30
186.79.9.242 - - [08/May/2017:16:49:36 -0300] "POST /cormun/servlet/solicitudot?52b02e77b9b286efa1c4dbb3ed51b006,INS,0,0,,gx-no-cache=1494273035758 HTTP/1.1" 200 93
186.79.9.242 - - [08/May/2017:16:49:36 -0300] "GET /cormun/servlet/hpexe_return? HTTP/1.1" 200 1006
186.79.9.242 - - [08/May/2017:16:49:36 -0300] "GET /cormun/servlet/hhome HTTP/1.1" 200 3813
