186.79.252.46 - - [08/May/2017:09:31:14 -0300] "GET /cormun/servlet/solicitudot?49b39730a747797ec649094f2ee0c04fd0b893fab97f8fa5f584b3a1fb1ce125b844428f689e1f14d212c7eb246a7de837d20e5e4be643a309399edd583a83e461efb7c8fe4ae053edde393ea00e54afc2ddf0de2b7462d884dfb2e29ea571cb8918a5c9e3dd4ca4fe8158b96514b0a07b380d0e2bbc9750ceb49df5112c47a89b714b462bcac24805a52f4e4765132c545a9e33c3f032b54812150b9ce0e375fb2c7475bc798d1bee996297efa89447fb9ea8742da3e1f6eaf83c96847f671bb9a22c6a79df3e9a54766750d4122c14201ed81b36c9d0939bed4547171a300dcceab87f3a4eb578d8ec945e651835208fef8f77b5ca932eb4c2583a440d3843874752a5506133b0ad5765428e616ae7360f26a8958af1f19dbf5ce4ccfee4b20d67d2136696357c56394c7555bbb76d7d5a89aa94967f986d54d5cd2311d0959ed5760502494e1c08e59c9bb7052428309a90138d260d223695775793fe947a26c222e198e43aa953ed1791ee669e93b1c170c91fa2c06118a7f6fe26ac9b60d769558ca27e8b81e8fe5763139d5193,gx-no-cache=1494246735733 HTTP/1.1" 200 30
186.79.252.46 - - [08/May/2017:09:31:20 -0300] "POST /cormun/servlet/solicitudot?gx-no-cache=1494246741165 HTTP/1.1" 200 30
186.79.252.46 - - [08/May/2017:09:31:22 -0300] "POST /cormun/servlet/solicitudot?gx-no-cache=1494246743863 HTTP/1.1" 200 235
186.79.252.46 - - [08/May/2017:09:31:23 -0300] "POST /cormun/servlet/solicitudot?gx-no-cache=1494246744133 HTTP/1.1" 200 38
186.103.159.43 - - [08/May/2017:09:32:20 -0300] "GET /cormun/servlet/hlogin HTTP/1.1" 200 1725
186.79.252.46 - - [08/May/2017:09:32:21 -0300] "GET /cormun/servlet/solicitudot?49b39730a747797ec649094f2ee0c04f5be7700b8ed7ed6510c318f758f7210f0a5c9fc980b711942410ac25d6d1311c1844230736bdf7d8de3ee14599f35ca1735bef1bf0a2f4d4813ec4ce59edd59fd7ccb47d26064f0581ba7e7d3f9441a3047f25b30ba40ab18d6d60edc1aac024,gx-no-cache=1494246801947 HTTP/1.1" 200 29
186.79.252.46 - - [08/May/2017:09:32:21 -0300] "POST /cormun/servlet/solicitudot?gx-no-cache=1494246802322 HTTP/1.1" 200 708
186.103.159.43 - - [08/May/2017:09:32:23 -0300] "POST /cormun/servlet/hlogin?29cd4420beaf3dad5eca190b42b3b053,gx-no-cache=1494246803043 HTTP/1.1" 200 90
186.103.159.43 - - [08/May/2017:09:32:23 -0300] "GET /cormun/servlet/hpexe_link HTTP/1.1" 200 955
186.79.252.46 - - [08/May/2017:09:32:23 -0300] "POST /cormun/servlet/solicitudot?gx-no-cache=1494246804374 HTTP/1.1" 200 1162
186.103.159.43 - - [08/May/2017:09:32:23 -0300] "GET /cormun/servlet/hhome HTTP/1.1" 200 3759
186.103.159.43 - - [08/May/2017:09:32:24 -0300] "GET /cormun/servlet/hhome HTTP/1.1" 200 3756
186.103.159.43 - - [08/May/2017:09:32:28 -0300] "GET /cormun/servlet/trlicencias? HTTP/1.1" 200 6595
186.103.159.43 - - [08/May/2017:09:32:28 -0300] "GET /cormun/static/gxcfg.js?201741111445981 HTTP/1.1" 304 -
186.103.159.43 - - [08/May/2017:09:32:28 -0300] "GET /cormun/static/trlicencias.js?20174111145440 HTTP/1.1" 304 -
186.103.159.43 - - [08/May/2017:09:32:29 -0300] "GET /cormun/servlet/trlicencias? HTTP/1.1" 200 6594
186.79.252.46 - - [08/May/2017:09:32:33 -0300] "GET /cormun/static/menuarrow.gif HTTP/1.1" 404 1015
186.103.159.43 - - [08/May/2017:09:32:35 -0300] "GET /cormun/servlet/licenciaspermisos?INS,0,,, HTTP/1.1" 200 7142
186.103.159.43 - - [08/May/2017:09:32:35 -0300] "GET /cormun/static/gxcfg.js?201741111445322 HTTP/1.1" 304 -
186.103.159.43 - - [08/May/2017:09:32:36 -0300] "GET /cormun/static/licenciaspermisos.js?201741111445392 HTTP/1.1" 304 -
186.103.159.43 - - [08/May/2017:09:32:36 -0300] "GET /cormun/servlet/licenciaspermisos?INS,0,,, HTTP/1.1" 200 7142
192.168.10.96 - - [08/May/2017:09:32:38 -0300] "GET /cormun/servlet/trrenunciasgenerales? HTTP/1.1" 200 8505
192.168.10.96 - - [08/May/2017:09:32:38 -0300] "GET /cormun/static/gxcfg.js?20173171157617 HTTP/1.1" 304 -
192.168.10.96 - - [08/May/2017:09:32:38 -0300] "GET /cormun/static/trrenunciasgenerales.js?201731711571132 HTTP/1.1" 304 -
192.168.10.96 - - [08/May/2017:09:32:38 -0300] "GET /cormun/servlet/trrenunciasgenerales? HTTP/1.1" 200 8489
186.79.252.46 - - [08/May/2017:09:32:41 -0300] "GET /cormun/servlet/solicitudot?49b39730a747797ec649094f2ee0c04fee6bf80af9f9cc7b0ec28cf5efcc3ad7ac55a284edfe49581bab6caeb2d196cca4a8f56f0310f13afd0d6a49fc6b077c50d60fa6ab9ae7bbb30313dd4d024c50ce3c2f4eeeb9175d2d552ee606a5d4ceeeb1b4ba45cf835d495911aaa08f35d821b941b2bc3a803f2a62bbdadc19c7f39022e7e93d434771b29a8c6569700bcc126004c324e6e87633f07fbaf8afce2b33bfbb148dd5b65e53fd7cdca36b68f4,gx-no-cache=1494246822657 HTTP/1.1" 200 30
192.168.10.96 - - [08/May/2017:09:32:44 -0300] "POST /cormun/servlet/trrenunciasgenerales?94c192f894c392123cab4ed655e2b14c,,gx-no-cache=1494250029357 HTTP/1.1" 200 7443
186.103.159.182 - - [08/May/2017:09:32:46 -0300] "GET /cormun/servlet/hlogin HTTP/1.1" 200 1713
186.103.159.182 - - [08/May/2017:09:32:46 -0300] "GET /cormun/static/Resources/Spanish/PXTools.css?11294912 HTTP/1.1" 304 -
186.103.159.182 - - [08/May/2017:09:32:46 -0300] "GET /cormun/static/gxtimezone.js?85251 HTTP/1.1" 304 -
186.103.159.182 - - [08/May/2017:09:32:46 -0300] "GET /cormun/static/gxcfg.js?201741110203197 HTTP/1.1" 304 -
186.103.159.182 - - [08/May/2017:09:32:46 -0300] "GET /cormun/static/messages.spa.js?85251 HTTP/1.1" 304 -
186.103.159.182 - - [08/May/2017:09:32:46 -0300] "GET /cormun/static/hlogin.js?201741110203211 HTTP/1.1" 304 -
186.103.159.182 - - [08/May/2017:09:32:47 -0300] "GET /cormun/servlet/hlogin HTTP/1.1" 200 1726
192.168.10.96 - - [08/May/2017:09:32:48 -0300] "POST /cormun/servlet/trrenunciasgenerales?94c192f894c392123cab4ed655e2b14c,,gx-no-cache=1494250034019 HTTP/1.1" 200 7409
192.168.10.96 - - [08/May/2017:09:32:52 -0300] "POST /cormun/servlet/trrenunciasgenerales?94c192f894c392123cab4ed655e2b14c,,gx-no-cache=1494250037332 HTTP/1.1" 200 5650
192.168.10.96 - - [08/May/2017:09:32:55 -0300] "POST /cormun/servlet/trrenunciasgenerales?94c192f894c392123cab4ed655e2b14c,,gx-no-cache=1494250040202 HTTP/1.1" 200 7409
192.168.10.96 - - [08/May/2017:09:32:58 -0300] "POST /cormun/servlet/trrenunciasgenerales?94c192f894c392123cab4ed655e2b14c,,gx-no-cache=1494250043486 HTTP/1.1" 200 6123
186.79.252.46 - - [08/May/2017:09:32:59 -0300] "POST /cormun/servlet/solicitudot?b448776813b3a42a0dea70511aa49e44,INS,0,0,,gx-no-cache=1494246840253 HTTP/1.1" 200 93
186.79.252.46 - - [08/May/2017:09:33:00 -0300] "GET /cormun/servlet/hpexe_return? HTTP/1.1" 200 999
186.79.252.46 - - [08/May/2017:09:33:00 -0300] "GET /cormun/servlet/trsolicitudot HTTP/1.1" 200 8264
192.168.10.96 - - [08/May/2017:09:33:01 -0300] "POST /cormun/servlet/trrenunciasgenerales?94c192f894c392123cab4ed655e2b14c,,gx-no-cache=1494250046601 HTTP/1.1" 200 7443
186.79.252.46 - - [08/May/2017:09:33:02 -0300] "GET /cormun/servlet/trsolicitudot HTTP/1.1" 200 8260
192.168.10.96 - - [08/May/2017:09:33:04 -0300] "POST /cormun/servlet/trrenunciasgenerales?94c192f894c392123cab4ed655e2b14c,,gx-no-cache=1494250049169 HTTP/1.1" 200 6118
157.55.39.176 - - [08/May/2017:09:33:04 -0300] "GET /cormun/servlet/trsolicitudadjuntos?2017,5531,&_escaped_fragment_= HTTP/1.1" 200 6215
192.168.10.96 - - [08/May/2017:09:33:08 -0300] "POST /cormun/servlet/trrenunciasgenerales?94c192f894c392123cab4ed655e2b14c,,gx-no-cache=1494250053418 HTTP/1.1" 200 6117
192.168.10.96 - - [08/May/2017:09:33:10 -0300] "POST /cormun/servlet/trrenunciasgenerales?94c192f894c392123cab4ed655e2b14c,,gx-no-cache=1494250055635 HTTP/1.1" 200 7445
186.79.252.46 - - [08/May/2017:09:33:10 -0300] "POST /cormun/servlet/trsolicitudot?b448776813b3a42a0dea70511aa49e44,gx-no-cache=1494246851622 HTTP/1.1" 200 107
186.79.252.46 - - [08/May/2017:09:33:11 -0300] "GET /cormun/servlet/trsolicitudadjuntos?2017,6347, HTTP/1.1" 200 6124
186.79.252.46 - - [08/May/2017:09:33:11 -0300] "GET /cormun/static/gxcfg.js?201731711504543 HTTP/1.1" 200 953
186.79.252.46 - - [08/May/2017:09:33:11 -0300] "GET /cormun/static/trsolicitudadjuntos.js?201731711504951 HTTP/1.1" 200 17913
186.79.252.46 - - [08/May/2017:09:33:12 -0300] "GET /cormun/servlet/trsolicitudadjuntos?2017,6347, HTTP/1.1" 200 6124
186.79.252.46 - - [08/May/2017:09:33:14 -0300] "GET /cormun/servlet/solicitudotadjuntos?INS,2017,6347,,1, HTTP/1.1" 200 6063
186.79.252.46 - - [08/May/2017:09:33:14 -0300] "GET /cormun/static/gxcfg.js?201612218465951 HTTP/1.1" 304 -
186.79.252.46 - - [08/May/2017:09:33:14 -0300] "GET /cormun/static/solicitudotadjuntos.js?201612218465969 HTTP/1.1" 304 -
186.79.252.46 - - [08/May/2017:09:33:14 -0300] "GET /cormun/static/about:blank HTTP/1.1" 404 1011
186.79.252.46 - - [08/May/2017:09:33:15 -0300] "GET /cormun/servlet/solicitudotadjuntos?INS,2017,6347,,1, HTTP/1.1" 200 6056
186.79.252.46 - - [08/May/2017:09:33:15 -0300] "GET /cormun/servlet/solicitudotadjuntos?49b39730a747797ec649094f2ee0c04f6da13fb21e2e9d32a08d3e6fb49672f6cff5ccd5beb90fc57470a2c035af3e09,gx-no-cache=1494246856820 HTTP/1.1" 200 30
186.79.252.46 - - [08/May/2017:09:33:16 -0300] "POST /cormun/servlet/solicitudotadjuntos?b448776813b3a42a0dea70511aa49e44,INS,2017,6347,,1,,gx-no-cache=1494246856977 HTTP/1.1" 200 3820
157.55.39.126 - - [08/May/2017:09:33:17 -0300] "GET /cormun/static/gxcfg.js?201731711504543 HTTP/1.1" 200 953
186.103.159.182 - - [08/May/2017:09:33:17 -0300] "POST /cormun/servlet/hlogin?5421ee4ff5b28130a06e6e0f996ac4c0,gx-no-cache=1494246858096 HTTP/1.1" 200 90
186.103.159.182 - - [08/May/2017:09:33:17 -0300] "GET /cormun/servlet/hpexe_link HTTP/1.1" 200 944
192.168.10.96 - - [08/May/2017:09:33:17 -0300] "POST /cormun/servlet/trrenunciasgenerales?94c192f894c392123cab4ed655e2b14c,,gx-no-cache=1494250062702 HTTP/1.1" 200 7409
186.103.159.182 - - [08/May/2017:09:33:17 -0300] "GET /cormun/static/gxcfg.js?201731711483381 HTTP/1.1" 304 -
186.103.159.182 - - [08/May/2017:09:33:17 -0300] "GET /cormun/static/hpexe_link.js?201731711483384 HTTP/1.1" 304 -
186.103.159.182 - - [08/May/2017:09:33:17 -0300] "GET /cormun/servlet/hhome HTTP/1.1" 200 4054
186.103.159.182 - - [08/May/2017:09:33:17 -0300] "GET /cormun/static/Shared/jqueryui/jquery-ui.min.css?1245370 HTTP/1.1" 304 -
186.103.159.182 - - [08/May/2017:09:33:18 -0300] "GET /cormun/static/gxcfg.js?201731711483497 HTTP/1.1" 304 -
192.168.10.96 - - [08/May/2017:09:33:18 -0300] "POST /cormun/servlet/trrenunciasgenerales?94c192f894c392123cab4ed655e2b14c,,gx-no-cache=1494250063231 HTTP/1.1" 200 7409
186.103.159.182 - - [08/May/2017:09:33:18 -0300] "GET /cormun/static/hhome.js?20173171148352 HTTP/1.1" 304 -
186.103.159.182 - - [08/May/2017:09:33:18 -0300] "GET /cormun/static/hwchdr01.js?201731711335950 HTTP/1.1" 304 -
186.103.159.182 - - [08/May/2017:09:33:18 -0300] "GET /cormun/static/hpexe_recentlink.js?201610171694390 HTTP/1.1" 304 -
186.79.252.46 - - [08/May/2017:09:33:18 -0300] "POST /cormun/servlet/solicitudotadjuntos?gx-no-cache=1494246859463 HTTP/1.1" 200 26
186.103.159.182 - - [08/May/2017:09:33:18 -0300] "GET /cormun/static/hpexe_scripts.js?201731711335890 HTTP/1.1" 304 -
186.103.159.182 - - [08/May/2017:09:33:18 -0300] "GET /cormun/static/hpexe_messagecontroller.js?201610171694323 HTTP/1.1" 304 -
186.103.159.182 - - [08/May/2017:09:33:18 -0300] "GET /cormun/static/hpexe_messagepopupcomponent.js?20161017169425 HTTP/1.1" 304 -
186.103.159.182 - - [08/May/2017:09:33:18 -0300] "GET /cormun/static/hpexe_messagegenexuscomponent.js?201731711335537 HTTP/1.1" 304 -
186.103.159.182 - - [08/May/2017:09:33:18 -0300] "GET /cormun/static/cmcontrolpreferences.js?201731711335852 HTTP/1.1" 304 -
186.103.159.182 - - [08/May/2017:09:33:18 -0300] "GET /cormun/static/hmpwkw03.js?201731711485354 HTTP/1.1" 304 -
186.103.159.182 - - [08/May/2017:09:33:20 -0300] "GET /cormun/servlet/hhome HTTP/1.1" 200 4050
192.168.10.96 - - [08/May/2017:09:33:21 -0300] "POST /cormun/servlet/trrenunciasgenerales?94c192f894c392123cab4ed655e2b14c,,gx-no-cache=1494250066475 HTTP/1.1" 200 6123
192.168.10.96 - - [08/May/2017:09:33:24 -0300] "POST /cormun/servlet/trrenunciasgenerales?94c192f894c392123cab4ed655e2b14c,,gx-no-cache=1494250069599 HTTP/1.1" 200 6118
186.79.252.46 - - [08/May/2017:09:33:29 -0300] "GET /cormun/servlet/solicitudotadjuntos?49b39730a747797ec649094f2ee0c04f2054735602a1655d8d901eb5113d46bc,gx-no-cache=1494246870049 HTTP/1.1" 200 30
186.79.252.46 - - [08/May/2017:09:33:29 -0300] "GET /cormun/servlet/solicitudotadjuntos?49b39730a747797ec649094f2ee0c04f2054735602a1655d8d901eb5113d46bc,gx-no-cache=1494246870250 HTTP/1.1" 200 30
186.79.252.46 - - [08/May/2017:09:33:35 -0300] "POST /cormun/servlet/solicitudotadjuntos?b448776813b3a42a0dea70511aa49e44,INS,2017,6347,,1, HTTP/1.1" 200 116
186.79.252.46 - - [08/May/2017:09:33:35 -0300] "GET /cormun/servlet/hpexe_return? HTTP/1.1" 200 1018
186.79.252.46 - - [08/May/2017:09:33:35 -0300] "GET /cormun/servlet/trsolicitudadjuntos?2017,6347, HTTP/1.1" 200 8295
186.79.252.46 - - [08/May/2017:09:33:36 -0300] "GET /cormun/servlet/trsolicitudadjuntos?2017,6347, HTTP/1.1" 200 8288
186.79.252.46 - - [08/May/2017:09:33:39 -0300] "GET /cormun/servlet/solicitudotadjuntos?INS,2017,6347,,1, HTTP/1.1" 200 6065
186.79.252.46 - - [08/May/2017:09:33:39 -0300] "GET /cormun/static/about:blank HTTP/1.1" 404 1011
186.79.252.46 - - [08/May/2017:09:33:40 -0300] "GET /cormun/servlet/solicitudotadjuntos?INS,2017,6347,,1, HTTP/1.1" 200 6058
186.79.252.46 - - [08/May/2017:09:33:40 -0300] "GET /cormun/servlet/solicitudotadjuntos?49b39730a747797ec649094f2ee0c04f6da13fb21e2e9d32a08d3e6fb49672f6cff5ccd5beb90fc57470a2c035af3e09,gx-no-cache=1494246881783 HTTP/1.1" 200 30
186.79.252.46 - - [08/May/2017:09:33:41 -0300] "POST /cormun/servlet/solicitudotadjuntos?b448776813b3a42a0dea70511aa49e44,INS,2017,6347,,1,,gx-no-cache=1494246881960 HTTP/1.1" 200 3821
186.79.252.46 - - [08/May/2017:09:33:45 -0300] "POST /cormun/servlet/solicitudotadjuntos?gx-no-cache=1494246886158 HTTP/1.1" 200 26
186.103.159.43 - - [08/May/2017:09:33:48 -0300] "GET /cormun/servlet/licenciaspermisos?090413274c1d899b3a4c86a010b98f6e8520df920fd58a88cdd962b290ae35ad99320226ec2601a197563c8d4a496b3b,gx-no-cache=1494246887940 HTTP/1.1" 200 67
186.103.159.43 - - [08/May/2017:09:33:48 -0300] "POST /cormun/servlet/licenciaspermisos?29cd4420beaf3dad5eca190b42b3b053,INS,0,,,,gx-no-cache=1494246888005 HTTP/1.1" 200 4437
186.79.252.46 - - [08/May/2017:09:33:51 -0300] "GET /cormun/servlet/solicitudotadjuntos?49b39730a747797ec649094f2ee0c04f2054735602a1655d8d901eb5113d46bc,gx-no-cache=1494246892616 HTTP/1.1" 200 30
186.79.252.46 - - [08/May/2017:09:33:51 -0300] "GET /cormun/servlet/solicitudotadjuntos?49b39730a747797ec649094f2ee0c04f2054735602a1655d8d901eb5113d46bc,gx-no-cache=1494246892722 HTTP/1.1" 200 30
186.79.252.46 - - [08/May/2017:09:33:57 -0300] "POST /cormun/servlet/solicitudotadjuntos?b448776813b3a42a0dea70511aa49e44,INS,2017,6347,,1, HTTP/1.1" 200 116
186.79.252.46 - - [08/May/2017:09:33:58 -0300] "GET /cormun/servlet/hpexe_return? HTTP/1.1" 200 1018
186.79.252.46 - - [08/May/2017:09:33:58 -0300] "GET /cormun/servlet/trsolicitudadjuntos?2017,6347, HTTP/1.1" 200 8469
186.79.252.46 - - [08/May/2017:09:33:59 -0300] "GET /cormun/servlet/trsolicitudadjuntos?2017,6347, HTTP/1.1" 200 8466
186.79.252.46 - - [08/May/2017:09:34:01 -0300] "GET /cormun/servlet/solicitudotadjuntos?INS,2017,6347,,1, HTTP/1.1" 200 6065
186.79.252.46 - - [08/May/2017:09:34:02 -0300] "GET /cormun/static/about:blank HTTP/1.1" 404 1011
186.79.252.46 - - [08/May/2017:09:34:02 -0300] "GET /cormun/servlet/solicitudotadjuntos?INS,2017,6347,,1, HTTP/1.1" 200 6058
186.79.252.46 - - [08/May/2017:09:34:03 -0300] "GET /cormun/servlet/solicitudotadjuntos?49b39730a747797ec649094f2ee0c04f6da13fb21e2e9d32a08d3e6fb49672f6cff5ccd5beb90fc57470a2c035af3e09,gx-no-cache=1494246904420 HTTP/1.1" 200 30
186.79.252.46 - - [08/May/2017:09:34:05 -0300] "POST /cormun/servlet/solicitudotadjuntos?b448776813b3a42a0dea70511aa49e44,INS,2017,6347,,1,,gx-no-cache=1494246906070 HTTP/1.1" 200 3821
186.79.252.46 - - [08/May/2017:09:34:09 -0300] "POST /cormun/servlet/solicitudotadjuntos?gx-no-cache=1494246909973 HTTP/1.1" 200 26
186.79.252.46 - - [08/May/2017:09:34:18 -0300] "GET /cormun/servlet/solicitudotadjuntos?49b39730a747797ec649094f2ee0c04f2054735602a1655d8d901eb5113d46bc,gx-no-cache=1494246919656 HTTP/1.1" 200 30
186.79.252.46 - - [08/May/2017:09:34:18 -0300] "GET /cormun/servlet/solicitudotadjuntos?49b39730a747797ec649094f2ee0c04f2054735602a1655d8d901eb5113d46bc,gx-no-cache=1494246919880 HTTP/1.1" 200 30
186.79.252.46 - - [08/May/2017:09:34:28 -0300] "POST /cormun/servlet/solicitudotadjuntos?b448776813b3a42a0dea70511aa49e44,INS,2017,6347,,1, HTTP/1.1" 200 116
186.79.252.46 - - [08/May/2017:09:34:29 -0300] "GET /cormun/servlet/hpexe_return? HTTP/1.1" 200 1018
186.79.252.46 - - [08/May/2017:09:34:29 -0300] "GET /cormun/servlet/trsolicitudadjuntos?2017,6347, HTTP/1.1" 200 8615
186.79.252.46 - - [08/May/2017:09:34:31 -0300] "GET /cormun/servlet/trsolicitudadjuntos?2017,6347, HTTP/1.1" 200 8614
186.79.252.46 - - [08/May/2017:09:34:34 -0300] "GET /cormun/servlet/solicitudotadjuntos?INS,2017,6347,,1, HTTP/1.1" 200 6065
186.79.252.46 - - [08/May/2017:09:34:35 -0300] "GET /cormun/static/about:blank HTTP/1.1" 404 1011
186.79.252.46 - - [08/May/2017:09:34:35 -0300] "GET /cormun/servlet/solicitudotadjuntos?INS,2017,6347,,1, HTTP/1.1" 200 6056
186.79.252.46 - - [08/May/2017:09:34:36 -0300] "GET /cormun/servlet/solicitudotadjuntos?49b39730a747797ec649094f2ee0c04f6da13fb21e2e9d32a08d3e6fb49672f6cff5ccd5beb90fc57470a2c035af3e09,gx-no-cache=1494246937244 HTTP/1.1" 200 30
186.79.252.46 - - [08/May/2017:09:34:36 -0300] "POST /cormun/servlet/solicitudotadjuntos?b448776813b3a42a0dea70511aa49e44,INS,2017,6347,,1,,gx-no-cache=1494246937501 HTTP/1.1" 200 3821
186.103.159.46 - - [08/May/2017:09:34:37 -0300] "POST /cormun/servlet/trsolicitudot?dff2212a3ea1cba3e839bce5f43f4671,gx-no-cache=1494246937127 HTTP/1.1" 200 106
186.103.159.46 - - [08/May/2017:09:34:37 -0300] "GET /cormun/servlet/solicitudot?UPD,2017,6268, HTTP/1.1" 200 14289
186.103.159.46 - - [08/May/2017:09:34:39 -0300] "GET /cormun/servlet/solicitudot?UPD,2017,6268, HTTP/1.1" 200 14299
186.103.159.46 - - [08/May/2017:09:34:40 -0300] "POST /cormun/servlet/solicitudot?gx-no-cache=1494246940103 HTTP/1.1" 200 3196
186.103.159.46 - - [08/May/2017:09:34:40 -0300] "POST /cormun/servlet/solicitudot?dff2212a3ea1cba3e839bce5f43f4671,UPD,2017,6268,,gx-no-cache=1494246940448 HTTP/1.1" 200 10881
186.79.252.46 - - [08/May/2017:09:34:40 -0300] "POST /cormun/servlet/solicitudotadjuntos?gx-no-cache=1494246941868 HTTP/1.1" 200 26
186.103.159.46 - - [08/May/2017:09:34:41 -0300] "GET /cormun/servlet/solicitudot?02f2248492026579b252e5f536b2f7581cd90be9f9a3ecc101ffcbbf96a7eb716d3c2c7de030fa600be0ba6a451d11db,gx-no-cache=1494246940900 HTTP/1.1" 200 30
186.103.159.46 - - [08/May/2017:09:34:42 -0300] "POST /cormun/servlet/solicitudot?gx-no-cache=1494246941442 HTTP/1.1" 200 254
186.103.159.46 - - [08/May/2017:09:34:42 -0300] "GET /cormun/servlet/solicitudot?02f2248492026579b252e5f536b2f75831d273d031958463de89c13edc389db96c68f41118c157479ddd22adee23696ff0194282aa855d7f7159a09714e86c9c8a7d02c0387e3b260b019a1ff005b8945fb1d7840ef6234f034a360c882e8a98553dc28f2f4da20939827adafd026ce8f43afbb1ed209bf0cb76f75fa84dcb1c49a2c0fdf3e2f4d16fce453d082106649793e844f3f981d88dfde7682908901c26dc7b624727ba22f69f9f1590e7011fdee6da854a817b94525755489cd24bc159a6f5d7e42b1a100c4345cbb7dffdc3509d42fafb7e22de2d09cbe2cd6d6bbeb8ca9a5386b0b6ac7a1f74a960755a40cda32b63bcbbddab2b067dbf94364c41ef1b531f886bd54a511a1fabb56387e5cca92f285008154705c9f3142f2932da2fd55ad826b061a1ae47f4ba922ff1353dba5d98cf595185d665db4181d06bcd47d8bcf7623bbadebb32f99d03fa9042a82c5ea09d6f7f1f79ea87466b7c13e14385206e9df842e3005c3b91cb780aecb309576067ca48448524bcb7e2d6212f,gx-no-cache=1494246941954 HTTP/1.1" 200 30
186.103.159.46 - - [08/May/2017:09:34:42 -0300] "POST /cormun/servlet/solicitudot?gx-no-cache=1494246942344 HTTP/1.1" 200 30
186.103.159.46 - - [08/May/2017:09:34:42 -0300] "POST /cormun/servlet/solicitudot?gx-no-cache=1494246942454 HTTP/1.1" 200 1297
186.103.159.46 - - [08/May/2017:09:34:42 -0300] "POST /cormun/servlet/solicitudot?gx-no-cache=1494246942698 HTTP/1.1" 200 41
199.30.25.29 - - [08/May/2017:09:34:44 -0300] "GET /cormun/servlet/solicitudotadjuntos?433f2d3cbb2b11bed146bed8365d7d4d50cd356a1884a1aecdf4c56d4fe27a25a58e0d01d54f6826531424c9d55b3e90,gx-no-cache=1494246941448 HTTP/1.1" 440 972
199.30.25.29 - - [08/May/2017:09:34:45 -0300] "POST /cormun/servlet/solicitudotadjuntos?aaa27522e784bb0b10ae20605191f9f0,INS,2017,5556,,1,,gx-no-cache=1494246942522 HTTP/1.1" 440 972
186.79.252.46 - - [08/May/2017:09:34:47 -0300] "GET /cormun/servlet/solicitudotadjuntos?49b39730a747797ec649094f2ee0c04f2054735602a1655d8d901eb5113d46bc,gx-no-cache=1494246948686 HTTP/1.1" 200 30
186.79.252.46 - - [08/May/2017:09:34:47 -0300] "GET /cormun/servlet/solicitudotadjuntos?49b39730a747797ec649094f2ee0c04f2054735602a1655d8d901eb5113d46bc,gx-no-cache=1494246948939 HTTP/1.1" 200 30
186.79.252.46 - - [08/May/2017:09:34:54 -0300] "POST /cormun/servlet/solicitudotadjuntos?b448776813b3a42a0dea70511aa49e44,INS,2017,6347,,1, HTTP/1.1" 200 116
186.79.252.46 - - [08/May/2017:09:34:54 -0300] "GET /cormun/servlet/hpexe_return? HTTP/1.1" 200 1018
186.79.252.46 - - [08/May/2017:09:34:54 -0300] "GET /cormun/servlet/trsolicitudadjuntos?2017,6347, HTTP/1.1" 200 8755
186.79.252.46 - - [08/May/2017:09:34:56 -0300] "GET /cormun/servlet/trsolicitudadjuntos?2017,6347, HTTP/1.1" 200 8752
186.79.252.46 - - [08/May/2017:09:34:58 -0300] "GET /cormun/servlet/solicitudotadjuntos?INS,2017,6347,,1, HTTP/1.1" 200 6063
186.79.252.46 - - [08/May/2017:09:34:58 -0300] "GET /cormun/static/about:blank HTTP/1.1" 404 1011
186.79.252.46 - - [08/May/2017:09:34:59 -0300] "GET /cormun/servlet/solicitudotadjuntos?INS,2017,6347,,1, HTTP/1.1" 200 6056
186.79.252.46 - - [08/May/2017:09:35:00 -0300] "GET /cormun/servlet/solicitudotadjuntos?49b39730a747797ec649094f2ee0c04f6da13fb21e2e9d32a08d3e6fb49672f6cff5ccd5beb90fc57470a2c035af3e09,gx-no-cache=1494246961047 HTTP/1.1" 200 30
186.79.252.46 - - [08/May/2017:09:35:00 -0300] "POST /cormun/servlet/solicitudotadjuntos?b448776813b3a42a0dea70511aa49e44,INS,2017,6347,,1,,gx-no-cache=1494246961397 HTTP/1.1" 200 3822
186.79.252.46 - - [08/May/2017:09:35:04 -0300] "POST /cormun/servlet/solicitudotadjuntos?gx-no-cache=1494246965013 HTTP/1.1" 200 26
186.79.252.46 - - [08/May/2017:09:35:11 -0300] "GET /cormun/servlet/solicitudotadjuntos?49b39730a747797ec649094f2ee0c04f2054735602a1655d8d901eb5113d46bc,gx-no-cache=1494246972174 HTTP/1.1" 200 30
186.79.252.46 - - [08/May/2017:09:35:11 -0300] "GET /cormun/servlet/solicitudotadjuntos?49b39730a747797ec649094f2ee0c04f2054735602a1655d8d901eb5113d46bc,gx-no-cache=1494246972430 HTTP/1.1" 200 30
190.151.100.218 - - [08/May/2017:09:35:18 -0300] "GET /cormun/servlet/licenciaspermisos?INS,0,,, HTTP/1.1" 200 6524
190.151.100.218 - - [08/May/2017:09:35:18 -0300] "GET /cormun/static/Resources/Spanish/PXTools.css?11294912 HTTP/1.1" 304 -
186.103.161.206 - - [08/May/2017:09:35:18 -0300] "GET /cormun/static/gxcfg.js?201741111445322 HTTP/1.1" 304 -
186.103.161.206 - - [08/May/2017:09:35:19 -0300] "GET /cormun/static/Shared/jqueryui/jquery-ui.min.css?1245370 HTTP/1.1" 304 -
186.103.161.206 - - [08/May/2017:09:35:19 -0300] "GET /cormun/static/licenciaspermisos.js?201741111445392 HTTP/1.1" 304 -
190.151.100.218 - - [08/May/2017:09:35:19 -0300] "GET /cormun/static/hwchdr01.js?201731711335950 HTTP/1.1" 304 -
186.103.161.206 - - [08/May/2017:09:35:19 -0300] "GET /cormun/static/Resources/logo4.png HTTP/1.1" 304 -
186.103.161.206 - - [08/May/2017:09:35:19 -0300] "GET /cormun/static/Resources/PXToolsButtonRight21.png HTTP/1.1" 304 -
190.151.100.218 - - [08/May/2017:09:35:19 -0300] "GET /cormun/static/Resources/PXToolsFooterBackground2.png HTTP/1.1" 304 -
186.103.161.206 - - [08/May/2017:09:35:19 -0300] "GET /cormun/static/Resources/PXToolsButtonBackground2.png HTTP/1.1" 304 -
186.103.161.206 - - [08/May/2017:09:35:19 -0300] "GET /cormun/static/hpexe_messagecontroller.js?201610171694323 HTTP/1.1" 304 -
186.103.161.206 - - [08/May/2017:09:35:19 -0300] "GET /cormun/static/Resources/PXToolsHeaderBackground2.png HTTP/1.1" 304 -
190.151.100.218 - - [08/May/2017:09:35:19 -0300] "GET /cormun/static/Resources/PXToolsButtonLeft21.png HTTP/1.1" 304 -
186.103.132.155 - - [08/May/2017:09:35:19 -0300] "GET /cormun/static/hpexe_scripts.js?201731711335890 HTTP/1.1" 304 -
186.103.161.206 - - [08/May/2017:09:35:19 -0300] "GET /cormun/static/hpexe_messagegenexuscomponent.js?201731711335537 HTTP/1.1" 304 -
186.103.161.206 - - [08/May/2017:09:35:19 -0300] "GET /cormun/static/hpexe_messagepopupcomponent.js?20161017169425 HTTP/1.1" 304 -
190.151.100.218 - - [08/May/2017:09:35:19 -0300] "GET /cormun/static/cmcontrolpreferences.js?201731711335852 HTTP/1.1" 304 -
186.103.161.206 - - [08/May/2017:09:35:19 -0300] "GET /cormun/static/hmpwkw03.js?201731711485354 HTTP/1.1" 304 -
186.103.161.206 - - [08/May/2017:09:35:20 -0300] "GET /cormun/static/messages.spa.js?85251 HTTP/1.1" 304 -
186.103.132.155 - - [08/May/2017:09:35:20 -0300] "GET /cormun/static/hpexe_recentlink.js?201610171694390 HTTP/1.1" 304 -
186.103.132.155 - - [08/May/2017:09:35:20 -0300] "GET /cormun/servlet/licenciaspermisos?INS,0,,, HTTP/1.1" 200 6535
186.79.252.46 - - [08/May/2017:09:35:21 -0300] "POST /cormun/servlet/solicitudotadjuntos?b448776813b3a42a0dea70511aa49e44,INS,2017,6347,,1, HTTP/1.1" 200 116
186.79.252.46 - - [08/May/2017:09:35:21 -0300] "GET /cormun/servlet/hpexe_return? HTTP/1.1" 200 1018
186.79.252.46 - - [08/May/2017:09:35:21 -0300] "GET /cormun/servlet/trsolicitudadjuntos?2017,6347, HTTP/1.1" 200 8950
186.103.161.206 - - [08/May/2017:09:35:23 -0300] "GET /cormun/servlet/hlogin HTTP/1.1" 200 1749
186.103.161.206 - - [08/May/2017:09:35:23 -0300] "GET /cormun/static/hlogin.js?201741110203211 HTTP/1.1" 304 -
186.79.252.46 - - [08/May/2017:09:35:23 -0300] "GET /cormun/servlet/trsolicitudadjuntos?2017,6347, HTTP/1.1" 200 8955
157.55.39.126 - - [08/May/2017:09:35:23 -0300] "GET /cormun/servlet/trsolicitudadjuntos?2017,5557, HTTP/1.1" 200 8225
186.79.252.46 - - [08/May/2017:09:35:25 -0300] "GET /cormun/servlet/solicitudotadjuntos?INS,2017,6347,,1, HTTP/1.1" 200 6063
186.103.159.46 - - [08/May/2017:09:35:26 -0300] "GET /cormun/servlet/trsolicitudot HTTP/1.1" 200 8043
186.79.252.46 - - [08/May/2017:09:35:26 -0300] "GET /cormun/static/about:blank HTTP/1.1" 404 1011
186.79.252.46 - - [08/May/2017:09:35:26 -0300] "GET /cormun/servlet/solicitudotadjuntos?INS,2017,6347,,1, HTTP/1.1" 200 6056
186.79.252.46 - - [08/May/2017:09:35:27 -0300] "GET /cormun/servlet/solicitudotadjuntos?49b39730a747797ec649094f2ee0c04f6da13fb21e2e9d32a08d3e6fb49672f6cff5ccd5beb90fc57470a2c035af3e09,gx-no-cache=1494246988116 HTTP/1.1" 200 30
186.79.252.46 - - [08/May/2017:09:35:27 -0300] "POST /cormun/servlet/solicitudotadjuntos?b448776813b3a42a0dea70511aa49e44,INS,2017,6347,,1,,gx-no-cache=1494246988321 HTTP/1.1" 200 3822
186.103.159.46 - - [08/May/2017:09:35:27 -0300] "GET /cormun/servlet/trsolicitudot HTTP/1.1" 200 8039
186.79.252.46 - - [08/May/2017:09:35:30 -0300] "POST /cormun/servlet/solicitudotadjuntos?gx-no-cache=1494246991389 HTTP/1.1" 200 26
186.103.161.206 - - [08/May/2017:09:35:31 -0300] "GET /cormun/static/gxcfg.js?201741110203197 HTTP/1.1" 304 -
186.79.252.46 - - [08/May/2017:09:35:35 -0300] "GET /cormun/servlet/solicitudotadjuntos?49b39730a747797ec649094f2ee0c04f2054735602a1655d8d901eb5113d46bc,gx-no-cache=1494246996492 HTTP/1.1" 200 30
186.79.252.46 - - [08/May/2017:09:35:35 -0300] "GET /cormun/servlet/solicitudotadjuntos?49b39730a747797ec649094f2ee0c04f2054735602a1655d8d901eb5113d46bc,gx-no-cache=1494246996591 HTTP/1.1" 200 30
186.103.159.46 - - [08/May/2017:09:35:38 -0300] "POST /cormun/servlet/trsolicitudot?dff2212a3ea1cba3e839bce5f43f4671,gx-no-cache=1494246998235 HTTP/1.1" 200 106
186.103.159.46 - - [08/May/2017:09:35:38 -0300] "GET /cormun/servlet/solicitudot?UPD,2017,6268, HTTP/1.1" 200 14289
186.103.159.46 - - [08/May/2017:09:35:40 -0300] "GET /cormun/servlet/solicitudot?UPD,2017,6268, HTTP/1.1" 200 14299
186.103.159.46 - - [08/May/2017:09:35:40 -0300] "POST /cormun/servlet/solicitudot?gx-no-cache=1494247000493 HTTP/1.1" 200 3196
186.103.159.46 - - [08/May/2017:09:35:41 -0300] "POST /cormun/servlet/solicitudot?dff2212a3ea1cba3e839bce5f43f4671,UPD,2017,6268,,gx-no-cache=1494247000911 HTTP/1.1" 200 10881
186.103.159.46 - - [08/May/2017:09:35:41 -0300] "GET /cormun/servlet/solicitudot?02f2248492026579b252e5f536b2f7581cd90be9f9a3ecc101ffcbbf96a7eb716d3c2c7de030fa600be0ba6a451d11db,gx-no-cache=1494247001325 HTTP/1.1" 200 30
186.103.159.46 - - [08/May/2017:09:35:41 -0300] "POST /cormun/servlet/solicitudot?gx-no-cache=1494247001444 HTTP/1.1" 200 254
186.103.159.46 - - [08/May/2017:09:35:41 -0300] "GET /cormun/servlet/solicitudot?02f2248492026579b252e5f536b2f75831d273d031958463de89c13edc389db96c68f41118c157479ddd22adee23696ff0194282aa855d7f7159a09714e86c9c8a7d02c0387e3b260b019a1ff005b8945fb1d7840ef6234f034a360c882e8a98553dc28f2f4da20939827adafd026ce8f43afbb1ed209bf0cb76f75fa84dcb1c49a2c0fdf3e2f4d16fce453d082106649793e844f3f981d88dfde7682908901c26dc7b624727ba22f69f9f1590e7011fdee6da854a817b94525755489cd24bc159a6f5d7e42b1a100c4345cbb7dffdc3509d42fafb7e22de2d09cbe2cd6d6bbeb8ca9a5386b0b6ac7a1f74a960755a40cda32b63bcbbddab2b067dbf94364c41ef1b531f886bd54a511a1fabb56387e5cca92f285008154705c9f3142f2932da2fd55ad826b061a1ae47f4ba922ff1353dba5d98cf595185d665db4181d06bcd47d8bcf7623bbadebb32f99d03fa9042a82c5ea09d6f7f1f79ea87466b7c13e14385206e9df842e3005c3b91cb780aecb309576067ca48448524bcb7e2d6212f,gx-no-cache=1494247001546 HTTP/1.1" 200 30
186.103.159.46 - - [08/May/2017:09:35:41 -0300] "POST /cormun/servlet/solicitudot?gx-no-cache=1494247001645 HTTP/1.1" 200 30
186.103.159.46 - - [08/May/2017:09:35:42 -0300] "POST /cormun/servlet/solicitudot?gx-no-cache=1494247001757 HTTP/1.1" 200 1297
186.103.159.46 - - [08/May/2017:09:35:42 -0300] "POST /cormun/servlet/solicitudot?gx-no-cache=1494247001879 HTTP/1.1" 200 41
186.79.252.46 - - [08/May/2017:09:35:42 -0300] "POST /cormun/servlet/solicitudotadjuntos?b448776813b3a42a0dea70511aa49e44,INS,2017,6347,,1, HTTP/1.1" 200 116
186.79.252.46 - - [08/May/2017:09:35:43 -0300] "GET /cormun/servlet/hpexe_return? HTTP/1.1" 200 1018
186.79.252.46 - - [08/May/2017:09:35:43 -0300] "GET /cormun/servlet/trsolicitudadjuntos?2017,6347, HTTP/1.1" 200 9159
186.79.252.46 - - [08/May/2017:09:35:45 -0300] "GET /cormun/servlet/trsolicitudadjuntos?2017,6347, HTTP/1.1" 200 9160
186.79.252.46 - - [08/May/2017:09:35:48 -0300] "POST /cormun/servlet/trsolicitudadjuntos?b448776813b3a42a0dea70511aa49e44,2017,6347,,gx-no-cache=1494247008936 HTTP/1.1" 200 90
186.79.252.46 - - [08/May/2017:09:35:48 -0300] "GET /cormun/servlet/hpexe_link HTTP/1.1" 200 962
186.79.252.46 - - [08/May/2017:09:35:48 -0300] "GET /cormun/servlet/trsolicitudot HTTP/1.1" 200 8262
186.103.161.206 - - [08/May/2017:09:35:49 -0300] "POST /cormun/servlet/hlogin?75e8f90d02cca79b3e8d2830dae4b630,gx-no-cache=1494247010246 HTTP/1.1" 200 90
186.103.161.206 - - [08/May/2017:09:35:49 -0300] "GET /cormun/servlet/hpexe_link HTTP/1.1" 200 968
186.103.161.206 - - [08/May/2017:09:35:49 -0300] "GET /cormun/static/gxcfg.js?201731711483381 HTTP/1.1" 304 -
186.103.161.206 - - [08/May/2017:09:35:49 -0300] "GET /cormun/servlet/licenciaspermisos?INS,0,,, HTTP/1.1" 200 7244
186.79.252.46 - - [08/May/2017:09:35:50 -0300] "GET /cormun/servlet/trsolicitudot HTTP/1.1" 200 8260
186.103.161.206 - - [08/May/2017:09:35:50 -0300] "GET /cormun/servlet/licenciaspermisos?INS,0,,, HTTP/1.1" 200 7242
186.79.252.46 - - [08/May/2017:09:35:53 -0300] "POST /cormun/servlet/trsolicitudot?b448776813b3a42a0dea70511aa49e44,gx-no-cache=1494247014254 HTTP/1.1" 200 4338
186.79.252.46 - - [08/May/2017:09:35:54 -0300] "POST /cormun/servlet/trsolicitudot?b448776813b3a42a0dea70511aa49e44,gx-no-cache=1494247014910 HTTP/1.1" 200 4114
186.79.252.46 - - [08/May/2017:09:35:57 -0300] "GET /cormun/servlet/trautorizarsolicitud? HTTP/1.1" 200 8183
186.103.161.206 - - [08/May/2017:09:35:57 -0300] "GET /cormun/servlet/trautorizarsolicitud? HTTP/1.1" 200 6928
186.79.252.46 - - [08/May/2017:09:35:57 -0300] "GET /cormun/static/gxcfg.js?2017259112829 HTTP/1.1" 304 -
186.79.252.46 - - [08/May/2017:09:35:57 -0300] "GET /cormun/static/trautorizarsolicitud.js?2017259113483 HTTP/1.1" 304 -
186.103.161.206 - - [08/May/2017:09:35:57 -0300] "GET /cormun/static/Resources/Spanish/PXTools.css?18365030 HTTP/1.1" 304 -
186.103.161.206 - - [08/May/2017:09:35:57 -0300] "GET /cormun/static/gxcfg.js?2017259112829 HTTP/1.1" 304 -
186.103.161.206 - - [08/May/2017:09:35:57 -0300] "GET /cormun/servlet/trautorizarsolicitud? HTTP/1.1" 200 6916
186.79.252.46 - - [08/May/2017:09:35:58 -0300] "GET /cormun/servlet/trautorizarsolicitud? HTTP/1.1" 200 8183
186.79.252.46 - - [08/May/2017:09:36:00 -0300] "POST /cormun/servlet/trautorizarsolicitud?b448776813b3a42a0dea70511aa49e44,,gx-no-cache=1494247021525 HTTP/1.1" 200 4306
186.79.252.46 - - [08/May/2017:09:36:01 -0300] "POST /cormun/servlet/trautorizarsolicitud?b448776813b3a42a0dea70511aa49e44,,gx-no-cache=1494247022115 HTTP/1.1" 200 4087
186.103.161.206 - - [08/May/2017:09:36:01 -0300] "GET /cormun/servlet/licenciaspermisos?INS,0,,, HTTP/1.1" 200 7244
186.103.161.206 - - [08/May/2017:09:36:02 -0300] "GET /cormun/servlet/licenciaspermisos?INS,0,,, HTTP/1.1" 200 7242
186.79.252.46 - - [08/May/2017:09:36:02 -0300] "GET /cormun/static/Shared/jqueryui/images/ui-bg_highlight-soft_100_eae6ea_1x100.png HTTP/1.1" 404 1117
186.103.161.206 - - [08/May/2017:09:36:07 -0300] "GET /cormun/servlet/trvisualizadoreventos? HTTP/1.1" 200 6738
190.151.100.218 - - [08/May/2017:09:36:09 -0300] "GET /cormun/servlet/trvisualizadoreventos? HTTP/1.1" 200 6738
190.151.100.218 - - [08/May/2017:09:36:10 -0300] "GET /cormun/static/gxcfg.js?201731711523419 HTTP/1.1" 304 -
190.151.100.218 - - [08/May/2017:09:36:10 -0300] "GET /cormun/servlet/trvisualizadoreventos? HTTP/1.1" 200 6727
200.72.197.82 - - [08/May/2017:09:36:14 -0300] "GET /cormun/servlet/licenciaspermisos?INS,0,,, HTTP/1.1" 200 7244
200.72.197.82 - - [08/May/2017:09:36:15 -0300] "GET /cormun/servlet/licenciaspermisos?INS,0,,, HTTP/1.1" 200 7242
200.72.197.82 - - [08/May/2017:09:36:21 -0300] "GET /cormun/servlet/trcontratoobservaciondir? HTTP/1.1" 200 6194
200.72.197.82 - - [08/May/2017:09:36:21 -0300] "GET /cormun/static/gxcfg.js?201731711533885 HTTP/1.1" 200 953
186.103.132.155 - - [08/May/2017:09:36:21 -0300] "GET /cormun/static/trcontratoobservaciondir.js?201731711534245 HTTP/1.1" 200 27122
186.103.132.155 - - [08/May/2017:09:36:21 -0300] "GET /cormun/servlet/trcontratoobservaciondir? HTTP/1.1" 200 6185
200.72.197.82 - - [08/May/2017:09:36:25 -0300] "GET /cormun/servlet/licenciaspermisos?INS,0,,, HTTP/1.1" 200 7244
200.72.197.82 - - [08/May/2017:09:36:26 -0300] "GET /cormun/servlet/licenciaspermisos?INS,0,,, HTTP/1.1" 200 7242
190.151.100.218 - - [08/May/2017:09:36:35 -0300] "GET /cormun/servlet/trautorizarsolicitud? HTTP/1.1" 200 6928
190.151.100.218 - - [08/May/2017:09:36:35 -0300] "GET /cormun/servlet/trautorizarsolicitud? HTTP/1.1" 200 6916
190.151.100.218 - - [08/May/2017:09:36:45 -0300] "GET /cormun/servlet/trautorizarsolicitud? HTTP/1.1" 200 6916
190.151.100.218 - - [08/May/2017:09:36:46 -0300] "GET /cormun/servlet/trautorizarsolicitud? HTTP/1.1" 200 6916
190.151.100.218 - - [08/May/2017:09:36:50 -0300] "GET /cormun/servlet/licenciaspermisos?INS,0,,, HTTP/1.1" 200 7244
190.151.100.218 - - [08/May/2017:09:36:50 -0300] "GET /cormun/servlet/licenciaspermisos?INS,0,,, HTTP/1.1" 200 7242
190.151.100.218 - - [08/May/2017:09:36:54 -0300] "GET /cormun/servlet/trvisualizadoreventos? HTTP/1.1" 200 6738
190.151.100.218 - - [08/May/2017:09:36:54 -0300] "GET /cormun/servlet/trvisualizadoreventos? HTTP/1.1" 200 6727
186.103.132.155 - - [08/May/2017:09:36:59 -0300] "GET /cormun/servlet/licenciaspermisos?INS,0,,, HTTP/1.1" 200 7244
186.103.132.155 - - [08/May/2017:09:36:59 -0300] "GET /cormun/servlet/licenciaspermisos?INS,0,,, HTTP/1.1" 200 7242
186.103.161.206 - - [08/May/2017:09:37:11 -0300] "GET /cormun/servlet/trcontratounov2? HTTP/1.1" 200 15297
186.103.161.206 - - [08/May/2017:09:37:11 -0300] "GET /cormun/static/gxcfg.js?201731711595461 HTTP/1.1" 200 953
186.103.161.206 - - [08/May/2017:09:37:11 -0300] "GET /cormun/static/trcontratounov2.js?2017317120150 HTTP/1.1" 200 38423
186.103.161.206 - - [08/May/2017:09:37:11 -0300] "GET /cormun/static/Resources/PXToolsAddSelectedAction.png HTTP/1.1" 200 3660
186.103.161.206 - - [08/May/2017:09:37:12 -0300] "GET /cormun/servlet/trcontratounov2? HTTP/1.1" 200 15311
186.103.159.182 - - [08/May/2017:09:37:25 -0300] "GET /cormun/servlet/trlicencias? HTTP/1.1" 200 6919
186.103.159.182 - - [08/May/2017:09:37:25 -0300] "GET /cormun/static/gxcfg.js?201741111445981 HTTP/1.1" 304 -
186.103.159.182 - - [08/May/2017:09:37:25 -0300] "GET /cormun/static/calendar-setup.js?85251 HTTP/1.1" 304 -
186.103.159.182 - - [08/May/2017:09:37:25 -0300] "GET /cormun/static/calendar.js?85251 HTTP/1.1" 304 -
186.103.159.182 - - [08/May/2017:09:37:25 -0300] "GET /cormun/static/calendar-es.js?85251 HTTP/1.1" 304 -
186.103.159.182 - - [08/May/2017:09:37:26 -0300] "GET /cormun/static/gxdec.js?85251 HTTP/1.1" 304 -
186.103.159.182 - - [08/May/2017:09:37:26 -0300] "GET /cormun/static/trlicencias.js?20174111145440 HTTP/1.1" 304 -
186.103.159.182 - - [08/May/2017:09:37:27 -0300] "GET /cormun/servlet/trlicencias? HTTP/1.1" 200 6918
186.103.161.206 - - [08/May/2017:09:37:29 -0300] "GET /cormun/servlet/trlicencias? HTTP/1.1" 200 6862
186.103.161.206 - - [08/May/2017:09:37:30 -0300] "GET /cormun/static/trlicencias.js?20174111145440 HTTP/1.1" 304 -
186.103.161.206 - - [08/May/2017:09:37:30 -0300] "GET /cormun/static/gxcfg.js?201741111445981 HTTP/1.1" 304 -
186.103.161.206 - - [08/May/2017:09:37:30 -0300] "GET /cormun/servlet/trlicencias? HTTP/1.1" 200 6861
186.103.159.182 - - [08/May/2017:09:37:32 -0300] "GET /cormun/servlet/licenciaspermisos?INS,0,,, HTTP/1.1" 200 7462
186.103.159.182 - - [08/May/2017:09:37:32 -0300] "GET /cormun/static/gxcfg.js?201741111445322 HTTP/1.1" 304 -
186.103.159.182 - - [08/May/2017:09:37:32 -0300] "GET /cormun/static/licenciaspermisos.js?201741111445392 HTTP/1.1" 304 -
186.103.159.182 - - [08/May/2017:09:37:33 -0300] "GET /cormun/servlet/licenciaspermisos?INS,0,,, HTTP/1.1" 200 7470
186.103.161.206 - - [08/May/2017:09:37:35 -0300] "GET /cormun/servlet/licenciaspermisos?INS,0,,, HTTP/1.1" 200 7243
186.103.161.206 - - [08/May/2017:09:37:35 -0300] "GET /cormun/servlet/licenciaspermisos?INS,0,,, HTTP/1.1" 200 7242
66.249.83.2 - - [08/May/2017:09:37:53 -0300] "GET /cormun/servlet/hlogin HTTP/1.1" 200 1719
66.249.83.5 - - [08/May/2017:09:37:53 -0300] "GET /cormun/servlet/hlogin?_escaped_fragment_= HTTP/1.1" 200 1722
66.249.83.7 - - [08/May/2017:09:37:53 -0300] "GET /favicon.ico HTTP/1.1" 200 21630
186.103.159.182 - - [08/May/2017:09:37:58 -0300] "GET /cormun/servlet/licenciaspermisos?b7aba8e9b0348c73068d1f4090cd014058397eaa41dcc95664f9a52bf3cff65730cc45ad1ef737ee3c888b283fa48f20,gx-no-cache=1494247139440 HTTP/1.1" 200 64
186.103.159.182 - - [08/May/2017:09:37:58 -0300] "POST /cormun/servlet/licenciaspermisos?5421ee4ff5b28130a06e6e0f996ac4c0,INS,0,,,,gx-no-cache=1494247139519 HTTP/1.1" 200 4624
190.151.100.218 - - [08/May/2017:09:38:41 -0300] "GET /cormun/servlet/licenciaspermisos?b3c70bfa7c897f7611a33fc214e00ef0b4737bbed79f6039cd6891856cca606aea9eee9d2ea7fbfc9c63b97fd37294fc,gx-no-cache=1494247182341 HTTP/1.1" 200 73
190.151.100.218 - - [08/May/2017:09:38:42 -0300] "POST /cormun/servlet/licenciaspermisos?75e8f90d02cca79b3e8d2830dae4b630,INS,0,,,,gx-no-cache=1494247182523 HTTP/1.1" 200 4376
186.103.159.43 - - [08/May/2017:09:39:20 -0300] "GET /cormun/servlet/licenciaspermisos?090413274c1d899b3a4c86a010b98f6e959287b69813c01182af8a878e27b3881342fa4d0064951417c07842377051b70fcc56dfafffbea72b9a985fb7e9c431b26d25d5f74445226599814e0b0d3ba0284a9f0d9e4b991a440fdb5e9f21f0361d4f081ae2f9979c7b0535bfc8ca781d6fe919001970bab21e152a038a21ba102591059e8cef08a7e3d23ced296c87283714e017b3d797ddfb153996d8bb816a499c3ac0487e51e10735005a2d882e8a8715eaf63fc59046a258aebe11249b99283cc6e7724025e4a1723cff4fad370c83059ddc4193e5243ee6c0df3c37170c,gx-no-cache=1494247219764 HTTP/1.1" 200 30
186.103.159.43 - - [08/May/2017:09:39:20 -0300] "POST /cormun/servlet/licenciaspermisos?29cd4420beaf3dad5eca190b42b3b053,INS,0,,,,gx-no-cache=1494247220122 HTTP/1.1" 200 4540
40.77.167.108 - - [08/May/2017:09:39:26 -0300] "GET /cormun/servlet/solicitudotadjuntos?INS,2017,5679,,1, HTTP/1.1" 200 5235
40.77.167.108 - - [08/May/2017:09:39:59 -0300] "GET /cormun/servlet/solicitudotadjuntos?INS,2017,5679,,1, HTTP/1.1" 200 5234
157.55.39.176 - - [08/May/2017:09:40:01 -0300] "GET /cormun/static/Shared/ext/ext-all.js HTTP/1.1" 200 1289687
186.103.159.182 - - [08/May/2017:09:41:41 -0300] "GET /cormun/static/menuarrow.gif HTTP/1.1" 404 1015
186.103.159.46 - - [08/May/2017:09:42:53 -0300] "GET /cormun/servlet/hlogin HTTP/1.1" 200 1725
186.103.159.46 - - [08/May/2017:09:42:53 -0300] "GET /cormun/static/Resources/Spanish/PXTools.css?11294912 HTTP/1.1" 304 -
186.103.159.46 - - [08/May/2017:09:42:53 -0300] "GET /cormun/static/gxtimezone.js?85251 HTTP/1.1" 304 -
186.103.159.46 - - [08/May/2017:09:42:53 -0300] "GET /cormun/static/gxcfg.js?201741110203197 HTTP/1.1" 304 -
186.103.159.46 - - [08/May/2017:09:42:53 -0300] "GET /cormun/static/messages.spa.js?85251 HTTP/1.1" 304 -
186.103.159.46 - - [08/May/2017:09:42:53 -0300] "GET /cormun/static/hlogin.js?201741110203211 HTTP/1.1" 304 -
186.103.159.46 - - [08/May/2017:09:42:54 -0300] "GET /cormun/servlet/hlogin HTTP/1.1" 200 1730
186.103.159.46 - - [08/May/2017:09:43:08 -0300] "POST /cormun/servlet/hlogin?ce1d097fdb04be32ca0fa75e54f81e06,gx-no-cache=1494247447581 HTTP/1.1" 200 90
186.103.159.46 - - [08/May/2017:09:43:08 -0300] "GET /cormun/servlet/hpexe_link HTTP/1.1" 200 950
186.103.159.46 - - [08/May/2017:09:43:08 -0300] "GET /cormun/static/gxcfg.js?201731711483381 HTTP/1.1" 304 -
186.103.159.46 - - [08/May/2017:09:43:08 -0300] "GET /cormun/servlet/hhome HTTP/1.1" 200 4004
186.103.159.46 - - [08/May/2017:09:43:08 -0300] "GET /cormun/static/gxcfg.js?201731711483497 HTTP/1.1" 304 -
186.103.159.46 - - [08/May/2017:09:43:08 -0300] "GET /cormun/static/hpexe_link.js?201731711483384 HTTP/1.1" 304 -
186.103.159.46 - - [08/May/2017:09:43:08 -0300] "GET /cormun/static/hhome.js?20173171148352 HTTP/1.1" 304 -
186.103.159.46 - - [08/May/2017:09:43:08 -0300] "GET /cormun/static/hwchdr01.js?201731711335950 HTTP/1.1" 304 -
186.103.159.46 - - [08/May/2017:09:43:08 -0300] "GET /cormun/static/hpexe_recentlink.js?201610171694390 HTTP/1.1" 304 -
186.103.159.46 - - [08/May/2017:09:43:08 -0300] "GET /cormun/static/hpexe_scripts.js?201731711335890 HTTP/1.1" 304 -
186.103.159.46 - - [08/May/2017:09:43:08 -0300] "GET /cormun/static/hpexe_messagecontroller.js?201610171694323 HTTP/1.1" 304 -
186.103.159.46 - - [08/May/2017:09:43:08 -0300] "GET /cormun/static/hpexe_messagegenexuscomponent.js?201731711335537 HTTP/1.1" 304 -
186.103.159.46 - - [08/May/2017:09:43:08 -0300] "GET /cormun/static/cmcontrolpreferences.js?201731711335852 HTTP/1.1" 304 -
186.103.159.46 - - [08/May/2017:09:43:08 -0300] "GET /cormun/static/hpexe_messagepopupcomponent.js?20161017169425 HTTP/1.1" 304 -
186.103.159.46 - - [08/May/2017:09:43:08 -0300] "GET /cormun/static/hmpwkw03.js?201731711485354 HTTP/1.1" 304 -
186.103.159.46 - - [08/May/2017:09:43:09 -0300] "GET /cormun/servlet/hhome HTTP/1.1" 200 4000
186.103.159.46 - - [08/May/2017:09:43:14 -0300] "GET /cormun/servlet/trautorizarsolicitud? HTTP/1.1" 200 8225
186.103.159.46 - - [08/May/2017:09:43:14 -0300] "GET /cormun/static/Resources/Spanish/PXTools.css?18365030 HTTP/1.1" 304 -
186.103.159.46 - - [08/May/2017:09:43:14 -0300] "GET /cormun/static/gxcfg.js?2017259112829 HTTP/1.1" 304 -
186.103.159.46 - - [08/May/2017:09:43:14 -0300] "GET /cormun/static/calendar-setup.js?85251 HTTP/1.1" 304 -
186.103.159.46 - - [08/May/2017:09:43:14 -0300] "GET /cormun/static/calendar-es.js?85251 HTTP/1.1" 304 -
186.103.159.46 - - [08/May/2017:09:43:14 -0300] "GET /cormun/static/calendar.js?85251 HTTP/1.1" 304 -
186.103.159.46 - - [08/May/2017:09:43:15 -0300] "GET /cormun/static/gxdec.js?85251 HTTP/1.1" 304 -
186.103.159.46 - - [08/May/2017:09:43:15 -0300] "GET /cormun/static/trautorizarsolicitud.js?2017259113483 HTTP/1.1" 304 -
186.103.159.46 - - [08/May/2017:09:43:15 -0300] "GET /cormun/servlet/trautorizarsolicitud? HTTP/1.1" 200 8223
186.103.159.46 - - [08/May/2017:09:43:52 -0300] "POST /cormun/servlet/trautorizarsolicitud?ce1d097fdb04be32ca0fa75e54f81e06,,gx-no-cache=1494247489096 HTTP/1.1" 200 4338
186.103.159.46 - - [08/May/2017:09:43:52 -0300] "GET /cormun/static/Shared/jqueryui/images/ui-bg_highlight-soft_100_c6c2c8_1x100.png HTTP/1.1" 404 1117
186.103.159.46 - - [08/May/2017:09:43:52 -0300] "GET /cormun/static/Shared/jqueryui/images/ui-icons_82798d_256x240.png HTTP/1.1" 404 1089
186.103.159.46 - - [08/May/2017:09:43:52 -0300] "GET /cormun/static/Shared/jqueryui/images/ui-icons_8d78a5_256x240.png HTTP/1.1" 404 1089
186.103.159.46 - - [08/May/2017:09:43:52 -0300] "GET /cormun/static/Shared/jqueryui/images/ui-bg_flat_55_fafafa_40x100.png HTTP/1.1" 404 1097
186.103.159.46 - - [08/May/2017:09:43:52 -0300] "POST /cormun/servlet/trautorizarsolicitud?ce1d097fdb04be32ca0fa75e54f81e06,,gx-no-cache=1494247492520 HTTP/1.1" 200 4089
186.103.159.182 - - [08/May/2017:09:44:51 -0300] "GET /cormun/servlet/licenciaspermisos?b7aba8e9b0348c73068d1f4090cd01401c8e4107d5daa31c7f604e5b04eb6f74dfcc8776523eaeb6e68f71d8373c17527b0fd3a72bb1ee07593db17802ee945ae75622f4d5b2f87dc925cc0c5d2c5ff6ca7b23d528c8e3e32c816a2a4b5c2bc8ad005816df939aae2885b6886dce3f8f769ed13d6d72d8acca89b29cd963931d276c4310721838faa3ba873f9dc17011996ad02d68506b08417ff06ef43664dc19ca3b508cc754b16effa309ec75f9674564eff806f5ed658dc8ccc3eacf1c62c02f1939eda1fdcac917b1866a3cacbc03b037f6078d4fcdf24820b4abd9837a,gx-no-cache=1494247551765 HTTP/1.1" 200 30
186.103.159.182 - - [08/May/2017:09:44:51 -0300] "GET /cormun/servlet/licenciaspermisos?b7aba8e9b0348c73068d1f4090cd0140ce98c4dde2c40c8cab14873ce33c7d2dec89c6cbac8744a453c1bc54c2e79b98b559fb9b5d5071a05c9523558912cc6f935ecac75dd4264d0297f67c6a62edd665aa0bb4b5d7a846b8094168e69d788aabb85a45e10cd2cceadc7377ae2e7620702a79fb6f34bae17e91818d8940251af73dc3d30e2d5c131c1693058c38ce08b2b106a4bfc7147fb2222d6932ea1cf8d0b374d3a240a58d824613d8b1e22535f925af43681be359625886ee37e1a93e578eeb9df90b5fc0d1a3c6549d470e2c7636638a87fb72b9beba3590446d2a70,gx-no-cache=1494247551840 HTTP/1.1" 200 29
186.103.159.182 - - [08/May/2017:09:44:51 -0300] "POST /cormun/servlet/licenciaspermisos?5421ee4ff5b28130a06e6e0f996ac4c0,INS,0,,,,gx-no-cache=1494247551898 HTTP/1.1" 200 93
186.103.159.182 - - [08/May/2017:09:44:51 -0300] "GET /cormun/servlet/hpexe_return? HTTP/1.1" 200 1003
186.103.159.182 - - [08/May/2017:09:44:51 -0300] "GET /cormun/static/Resources/Spanish/PXTools.css?167811 HTTP/1.1" 304 -
186.103.159.182 - - [08/May/2017:09:44:51 -0300] "GET /cormun/static/gxcfg.js?2016101716175148 HTTP/1.1" 304 -
186.103.159.182 - - [08/May/2017:09:44:51 -0300] "GET /cormun/static/hpexe_return.js?2016101716175153 HTTP/1.1" 304 -
186.103.159.182 - - [08/May/2017:09:44:51 -0300] "GET /cormun/servlet/trlicencias HTTP/1.1" 200 8061
186.103.159.182 - - [08/May/2017:09:44:53 -0300] "GET /cormun/servlet/trlicencias HTTP/1.1" 200 8057
186.103.159.182 - - [08/May/2017:09:45:19 -0300] "GET /cormun/servlet/licenciaspermisos?INS,0,,, HTTP/1.1" 200 7462
186.103.159.182 - - [08/May/2017:09:45:21 -0300] "GET /cormun/servlet/licenciaspermisos?INS,0,,, HTTP/1.1" 200 7470
186.103.159.182 - - [08/May/2017:09:45:39 -0300] "GET /cormun/servlet/licenciaspermisos?b7aba8e9b0348c73068d1f4090cd014041c2840d5bf086b39e5d7f61a227cbdb550c84c85eff1eea19d68271b6dcfe46,gx-no-cache=1494247600493 HTTP/1.1" 200 62
186.103.159.182 - - [08/May/2017:09:45:39 -0300] "POST /cormun/servlet/licenciaspermisos?5421ee4ff5b28130a06e6e0f996ac4c0,INS,0,,,,gx-no-cache=1494247600586 HTTP/1.1" 200 4610
186.103.159.182 - - [08/May/2017:09:46:22 -0300] "GET /cormun/static/menuarrow.gif HTTP/1.1" 404 1015
200.111.191.210 - - [08/May/2017:09:48:36 -0300] "GET /cormun/servlet/hlogin HTTP/1.1" 200 1720
200.111.191.210 - - [08/May/2017:09:48:37 -0300] "GET /cormun/static/Resources/Spanish/PXTools.css?11294912 HTTP/1.1" 304 -
200.111.191.210 - - [08/May/2017:09:48:37 -0300] "GET /cormun/static/gxcfg.js?201741110203197 HTTP/1.1" 304 -
200.111.191.210 - - [08/May/2017:09:48:37 -0300] "GET /cormun/static/messages.spa.js?85251 HTTP/1.1" 304 -
200.111.191.210 - - [08/May/2017:09:48:37 -0300] "GET /cormun/static/hlogin.js?201741110203211 HTTP/1.1" 304 -
200.111.191.210 - - [08/May/2017:09:48:37 -0300] "GET /cormun/servlet/hlogin HTTP/1.1" 200 1731
200.111.191.210 - - [08/May/2017:09:48:43 -0300] "POST /cormun/servlet/hlogin?3974a20575a8857f5b991640c506506f,gx-no-cache=1494251272834 HTTP/1.1" 200 90
200.111.191.210 - - [08/May/2017:09:48:43 -0300] "GET /cormun/servlet/hpexe_link HTTP/1.1" 200 950
200.111.191.210 - - [08/May/2017:09:48:43 -0300] "GET /cormun/static/gxcfg.js?201731711483381 HTTP/1.1" 304 -
200.111.191.210 - - [08/May/2017:09:48:43 -0300] "GET /cormun/static/hpexe_link.js?201731711483384 HTTP/1.1" 304 -
200.111.191.210 - - [08/May/2017:09:48:43 -0300] "GET /cormun/servlet/hhome HTTP/1.1" 200 3777
200.111.191.210 - - [08/May/2017:09:48:43 -0300] "GET /cormun/static/gxcfg.js?201731711483497 HTTP/1.1" 304 -
200.111.191.210 - - [08/May/2017:09:48:43 -0300] "GET /cormun/static/hhome.js?20173171148352 HTTP/1.1" 304 -
200.111.191.210 - - [08/May/2017:09:48:43 -0300] "GET /cormun/static/hpexe_recentlink.js?201610171694390 HTTP/1.1" 304 -
200.111.191.210 - - [08/May/2017:09:48:43 -0300] "GET /cormun/static/hpexe_scripts.js?201731711335890 HTTP/1.1" 304 -
200.111.191.210 - - [08/May/2017:09:48:43 -0300] "GET /cormun/static/hpexe_messagecontroller.js?201610171694323 HTTP/1.1" 304 -
200.111.191.210 - - [08/May/2017:09:48:43 -0300] "GET /cormun/static/hpexe_messagegenexuscomponent.js?201731711335537 HTTP/1.1" 304 -
200.111.191.210 - - [08/May/2017:09:48:43 -0300] "GET /cormun/static/cmcontrolpreferences.js?201731711335852 HTTP/1.1" 304 -
200.111.191.210 - - [08/May/2017:09:48:43 -0300] "GET /cormun/static/hmpwkw03.js?201731711485354 HTTP/1.1" 304 -
