186.103.159.46 - - [05/May/2017:09:42:41 -0300] "GET /cormun/servlet/hhome HTTP/1.1" 200 3316
186.79.18.27 - - [05/May/2017:09:42:43 -0300] "POST /cormun/servlet/solicitudot?gx-no-cache=1493988227749 HTTP/1.1" 200 30
186.103.159.46 - - [05/May/2017:09:42:44 -0300] "GET /cormun/servlet/hhome HTTP/1.1" 200 3326
186.103.159.46 - - [05/May/2017:09:42:44 -0300] "GET /cormun/servlet/hlogin HTTP/1.1" 200 1725
186.103.156.24 - - [05/May/2017:09:42:53 -0300] "GET /cormun/servlet/prfichaempleado?,MD,,gxPopupLevel%3D0%3B HTTP/1.1" 200 8844
186.103.159.46 - - [05/May/2017:09:42:56 -0300] "POST /cormun/servlet/hlogin?86424888d39a975f445121d04daaea54,gx-no-cache=1493988236553 HTTP/1.1" 200 90
186.103.159.46 - - [05/May/2017:09:42:56 -0300] "GET /cormun/servlet/hpexe_link HTTP/1.1" 200 944
186.103.159.46 - - [05/May/2017:09:42:56 -0300] "GET /cormun/servlet/hhome HTTP/1.1" 200 3774
186.103.159.46 - - [05/May/2017:09:42:57 -0300] "GET /cormun/servlet/hhome HTTP/1.1" 200 3774
186.79.18.27 - - [05/May/2017:09:43:07 -0300] "GET /cormun/servlet/hhome HTTP/1.1" 200 3738
186.103.159.46 - - [05/May/2017:09:43:08 -0300] "GET /cormun/servlet/trpermisosgoce? HTTP/1.1" 200 8109
186.79.18.27 - - [05/May/2017:09:43:08 -0300] "GET /cormun/servlet/hhome HTTP/1.1" 200 3747
186.103.159.46 - - [05/May/2017:09:43:10 -0300] "GET /cormun/servlet/trpermisosgoce? HTTP/1.1" 200 8107
186.79.18.27 - - [05/May/2017:09:43:12 -0300] "GET /cormun/servlet/trsolicitudot? HTTP/1.1" 200 8014
186.79.18.27 - - [05/May/2017:09:43:13 -0300] "GET /cormun/servlet/trsolicitudot? HTTP/1.1" 200 8012
186.103.159.46 - - [05/May/2017:09:43:13 -0300] "GET /cormun/servlet/permisogoce?INS,0,,, HTTP/1.1" 200 6544
186.103.159.46 - - [05/May/2017:09:43:14 -0300] "GET /cormun/servlet/permisogoce?INS,0,,, HTTP/1.1" 200 6544
186.103.156.24 - - [05/May/2017:09:43:16 -0300] "POST /cormun/servlet/prfichaempleado?8b998bfc7042d065b301cd1901ca0fc0,,MD,,gxPopupLevel%3D0%3B,gx-no-cache=1493988320654 HTTP/1.1" 200 3447
186.79.18.27 - - [05/May/2017:09:43:16 -0300] "POST /cormun/servlet/trsolicitudot?d840fcb382211d0dd014a5cc362d8a6f,,gx-no-cache=1493988260458 HTTP/1.1" 200 106
186.79.18.27 - - [05/May/2017:09:43:16 -0300] "GET /cormun/servlet/solicitudot?UPD,2017,6209, HTTP/1.1" 200 14278
186.79.18.27 - - [05/May/2017:09:43:17 -0300] "GET /cormun/servlet/solicitudot?UPD,2017,6209, HTTP/1.1" 200 14287
186.79.18.27 - - [05/May/2017:09:43:18 -0300] "POST /cormun/servlet/solicitudot?gx-no-cache=1493988262134 HTTP/1.1" 200 3162
186.79.18.27 - - [05/May/2017:09:43:18 -0300] "POST /cormun/servlet/solicitudot?d840fcb382211d0dd014a5cc362d8a6f,UPD,2017,6209,,gx-no-cache=1493988262506 HTTP/1.1" 200 10866
186.79.18.27 - - [05/May/2017:09:43:19 -0300] "GET /cormun/servlet/solicitudot?2bf509fbcb3e04122aafb95d773c55edf4508cdee3519b503f4a9c4b31c9deb8627e02d4b81e0db41456cfb867588647,gx-no-cache=1493988263027 HTTP/1.1" 200 30
186.79.18.27 - - [05/May/2017:09:43:19 -0300] "POST /cormun/servlet/solicitudot?gx-no-cache=1493988263098 HTTP/1.1" 200 295
186.79.18.27 - - [05/May/2017:09:43:19 -0300] "GET /cormun/servlet/solicitudot?2bf509fbcb3e04122aafb95d773c55edfd5fe63ab528912f16d7d639c88bc38f3c0b1178990d243e1bb0807a854e2e816801bfae352024a213dd88e9c8249b3bb4f03e8d9e63b927914e95128b274cfd198219dd37c5841ed9485145b68c3ddf8c6c8faca0f0e16fb7948468dc5db61d57bcd99578b935bdb08784dc246433adc98a3d5d541e7d0efd7c005341355ee103bad68c4cf7d85d1027d5c58fa7d2f61cc720f6a160ee8cedf3461381c06ba6a5da3964fefc73b0fcfc86ad7e88cf47375257072b982feabcd1daa078143de28f2838bd330727f4a13518a88ee8365e67b322d804bd5d3b5efebae8339a3f5a69b246b6deaa9b65d1f4833d2f6436fb8cabe550d2ec47a0d3262cea1c9ae6c678eef60bbdb5f657e14aaef5406865e2be4ff1fb9cd178c00af40fc2065fbaae0735bfbbd08446d8379306a00a881f496b6528459dbb059e5e1ccfa4cc4d50c769d20f7a7391c913fb7865385be623de843b3d368647601733ccaa964624928664815fc1b0c33d14950c01dc54b62dd6e6bd91bf84d8c9c72bbe7590fb938f4e,gx-no-cache=1493988263187 HTTP/1.1" 200 30
186.79.18.27 - - [05/May/2017:09:43:19 -0300] "POST /cormun/servlet/solicitudot?gx-no-cache=1493988263278 HTTP/1.1" 200 30
186.79.18.27 - - [05/May/2017:09:43:19 -0300] "POST /cormun/servlet/solicitudot?gx-no-cache=1493988263384 HTTP/1.1" 200 1295
186.79.18.27 - - [05/May/2017:09:43:19 -0300] "POST /cormun/servlet/solicitudot?gx-no-cache=1493988263657 HTTP/1.1" 200 41
186.79.18.27 - - [05/May/2017:09:43:26 -0300] "POST /cormun/servlet/solicitudot?gx-no-cache=1493988270829 HTTP/1.1" 200 255
186.79.18.27 - - [05/May/2017:09:43:32 -0300] "GET /cormun/servlet/solicitudot?2bf509fbcb3e04122aafb95d773c55edfd5fe63ab528912f16d7d639c88bc38f3e14516d5587254addfc5dc561228d8a6801bfae352024a213dd88e9c8249b3bb4f03e8d9e63b927914e95128b274cfd198219dd37c5841ed9485145b68c3ddf8c6c8faca0f0e16fb7948468dc5db61d57bcd99578b935bdb08784dc246433adc98a3d5d541e7d0efd7c005341355ee103bad68c4cf7d85d1027d5c58fa7d2f61cc720f6a160ee8cedf3461381c06ba6a5da3964fefc73b0fcfc86ad7e88cf47375257072b982feabcd1daa078143de28f2838bd330727f4a13518a88ee8365e67b322d804bd5d3b5efebae8339a3f5aa1e08e182f691ee27fa3046906ed74158cabe550d2ec47a0d3262cea1c9ae6c62c05d5e0b5cb4e16b51b85558f3dab57ad5b01dda941be22fc2b745beffe711e51af48c680fd3340c94886882207c40bdfdfd5f81499268bc328b916720bab1e115fbde853574e004a303e284faa9476c051a1719dbdfcb136ffb8d5f6516c8d9b7176a6b287c6bba9515a589eb56cd5,gx-no-cache=1493988276161 HTTP/1.1" 200 30
186.103.156.24 - - [05/May/2017:09:43:36 -0300] "GET /cormun/servlet/prfichaempleado?,MD,,gxPopupLevel%3D0%3B HTTP/1.1" 200 8844
186.103.156.24 - - [05/May/2017:09:43:55 -0300] "POST /cormun/servlet/prfichaempleado?8b998bfc7042d065b301cd1901ca0fc0,,MD,,gxPopupLevel%3D0%3B,gx-no-cache=1493988362060 HTTP/1.1" 200 3388
186.103.156.24 - - [05/May/2017:09:44:04 -0300] "POST /cormun/servlet/solicitudot?gx-no-cache=1493988371908 HTTP/1.1" 200 3187
186.103.156.24 - - [05/May/2017:09:44:04 -0300] "POST /cormun/servlet/solicitudot?8b998bfc7042d065b301cd1901ca0fc0,INS,0,0,,gx-no-cache=1493988372165 HTTP/1.1" 200 10034
186.103.156.24 - - [05/May/2017:09:44:09 -0300] "POST /cormun/servlet/solicitudot?8b998bfc7042d065b301cd1901ca0fc0,INS,0,0,,gx-no-cache=1493988376756 HTTP/1.1" 200 93
186.103.156.24 - - [05/May/2017:09:44:10 -0300] "GET /cormun/servlet/hpexe_return? HTTP/1.1" 200 1002
186.103.156.24 - - [05/May/2017:09:44:10 -0300] "GET /cormun/servlet/trsolicitudot HTTP/1.1" 200 8223
186.103.156.24 - - [05/May/2017:09:44:11 -0300] "GET /cormun/servlet/trsolicitudot HTTP/1.1" 200 8219
200.111.191.210 - - [05/May/2017:09:44:13 -0300] "GET /cormun/servlet/trpermisosgoce? HTTP/1.1" 200 7400
200.111.191.210 - - [05/May/2017:09:44:13 -0300] "GET /cormun/servlet/trpermisosgoce? HTTP/1.1" 200 7400
200.111.191.210 - - [05/May/2017:09:44:18 -0300] "GET /cormun/servlet/hlogin HTTP/1.1" 200 1742
186.79.18.27 - - [05/May/2017:09:44:19 -0300] "POST /cormun/servlet/solicitudot?gx-no-cache=1493988323288 HTTP/1.1" 200 30
186.103.159.46 - - [05/May/2017:09:44:19 -0300] "GET /cormun/servlet/permisogoce?4e6e464acbebd56bd76bf410a4b91f564a1b85c37114a31a574f78ea2eb71a08e33b7ec6309d83cb4d3045614f41c1e3,gx-no-cache=1493988319875 HTTP/1.1" 200 75
186.79.18.27 - - [05/May/2017:09:44:19 -0300] "POST /cormun/servlet/solicitudot?gx-no-cache=1493988323476 HTTP/1.1" 200 1295
186.103.159.46 - - [05/May/2017:09:44:19 -0300] "GET /cormun/static/menuarrow.gif HTTP/1.1" 404 1015
186.79.18.27 - - [05/May/2017:09:44:19 -0300] "POST /cormun/servlet/solicitudot?gx-no-cache=1493988323741 HTTP/1.1" 200 41
186.79.18.27 - - [05/May/2017:09:44:19 -0300] "GET /cormun/servlet/solicitudot?2bf509fbcb3e04122aafb95d773c55ed5e2189c90310b83f2b28fd7b5cec561b8c3d77a37cbc7bd82e48dc5869f7acebe8a2ac7fb2712e1caf28e612eaf7bbf0c318f0af5c4d5544b4f532aecf8ee79f9391acd14e786cb84d5a1200165e9ed8ebba7d85f780cb21b16cc7a3533ca26b,gx-no-cache=1493988323840 HTTP/1.1" 200 29
186.79.18.27 - - [05/May/2017:09:44:20 -0300] "POST /cormun/servlet/solicitudot?gx-no-cache=1493988323904 HTTP/1.1" 200 1279
186.79.18.27 - - [05/May/2017:09:44:20 -0300] "POST /cormun/servlet/solicitudot?gx-no-cache=1493988324070 HTTP/1.1" 200 1162
186.79.18.27 - - [05/May/2017:09:44:20 -0300] "GET /cormun/servlet/solicitudot?2bf509fbcb3e04122aafb95d773c55ed74630f318c550dd5f27a3d19ac69a880357aafb5e89a09794bf85efe3e99370343ce3531b2b50e395e0c4aa82e921ce09178b1c221c562c1fe7cc89b7aef2de3493cde685d3943b86288690f8e86c3b1f1c829b966ad2198d585fcc60c47ef9f08146af083e337190a73854f93ffb16a582b9cc5d5676917027c676fe266acd1b70447ef65c5fe5f43491e9f8aec99a4ae585d55e09d0875b679daf66fb0878434dad9a04cf34110dba8063b2834fd79,gx-no-cache=1493988324232 HTTP/1.1" 200 32
186.79.18.27 - - [05/May/2017:09:44:20 -0300] "POST /cormun/servlet/solicitudot?d840fcb382211d0dd014a5cc362d8a6f,UPD,2017,6209,,gx-no-cache=1493988324312 HTTP/1.1" 200 11113
186.79.18.27 - - [05/May/2017:09:44:20 -0300] "GET /cormun/static/Shared/jqueryui/images/ui-bg_highlight-soft_100_c6c2c8_1x100.png HTTP/1.1" 404 1117
186.79.18.27 - - [05/May/2017:09:44:21 -0300] "GET /cormun/static/Shared/jqueryui/images/ui-icons_82798d_256x240.png HTTP/1.1" 404 1089
186.79.18.27 - - [05/May/2017:09:44:21 -0300] "GET /cormun/static/Shared/jqueryui/images/ui-bg_flat_55_994d53_40x100.png HTTP/1.1" 404 1097
186.79.18.27 - - [05/May/2017:09:44:21 -0300] "GET /cormun/static/Shared/jqueryui/images/ui-icons_ebccce_256x240.png HTTP/1.1" 404 1089
186.79.18.27 - - [05/May/2017:09:44:25 -0300] "POST /cormun/servlet/solicitudot?gx-no-cache=1493988328797 HTTP/1.1" 200 3155
186.79.18.27 - - [05/May/2017:09:44:25 -0300] "POST /cormun/servlet/solicitudot?d840fcb382211d0dd014a5cc362d8a6f,UPD,2017,6209,,gx-no-cache=1493988329219 HTTP/1.1" 200 10959
186.79.18.27 - - [05/May/2017:09:44:25 -0300] "GET /cormun/servlet/solicitudot?2bf509fbcb3e04122aafb95d773c55edf4508cdee3519b503f4a9c4b31c9deb8627e02d4b81e0db41456cfb867588647,gx-no-cache=1493988329815 HTTP/1.1" 200 30
186.79.18.27 - - [05/May/2017:09:44:25 -0300] "POST /cormun/servlet/solicitudot?gx-no-cache=1493988329885 HTTP/1.1" 200 255
186.79.18.27 - - [05/May/2017:09:44:26 -0300] "GET /cormun/servlet/solicitudot?2bf509fbcb3e04122aafb95d773c55edfd5fe63ab528912f16d7d639c88bc38f3e14516d5587254addfc5dc561228d8a6801bfae352024a213dd88e9c8249b3bb4f03e8d9e63b927914e95128b274cfd198219dd37c5841ed9485145b68c3ddf8c6c8faca0f0e16fb7948468dc5db61d57bcd99578b935bdb08784dc246433adc98a3d5d541e7d0efd7c005341355ee103bad68c4cf7d85d1027d5c58fa7d2f61cc720f6a160ee8cedf3461381c06ba6a5da3964fefc73b0fcfc86ad7e88cf47375257072b982feabcd1daa078143de28f2838bd330727f4a13518a88ee8365e67b322d804bd5d3b5efebae8339a3f5aa1e08e182f691ee27fa3046906ed74158cabe550d2ec47a0d3262cea1c9ae6c62c05d5e0b5cb4e16b51b85558f3dab57ad5b01dda941be22fc2b745beffe711e51af48c680fd3340c94886882207c40bdfdfd5f81499268bc328b916720bab1e115fbde853574e004a303e284faa9476c051a1719dbdfcb136ffb8d5f6516c8d9b7176a6b287c6bba9515a589eb56cd5,gx-no-cache=1493988329983 HTTP/1.1" 200 30
200.111.191.210 - - [05/May/2017:09:44:26 -0300] "POST /cormun/servlet/hlogin?9d30fddc3919ea279ea1771be962d21b,gx-no-cache=1493991818593 HTTP/1.1" 200 454
200.111.191.210 - - [05/May/2017:09:44:30 -0300] "POST /cormun/servlet/hlogin?9d30fddc3919ea279ea1771be962d21b,gx-no-cache=1493991821910 HTTP/1.1" 200 90
200.111.191.210 - - [05/May/2017:09:44:30 -0300] "GET /cormun/servlet/hpexe_link HTTP/1.1" 200 955
200.111.191.210 - - [05/May/2017:09:44:30 -0300] "GET /cormun/servlet/hhome HTTP/1.1" 200 3949
200.111.191.210 - - [05/May/2017:09:44:30 -0300] "GET /cormun/servlet/hhome HTTP/1.1" 200 3945
200.111.191.210 - - [05/May/2017:09:44:36 -0300] "GET /cormun/servlet/trautorizarpermisogoce? HTTP/1.1" 200 7482
200.111.191.210 - - [05/May/2017:09:44:36 -0300] "GET /cormun/static/gxcfg.js?20174111145711 HTTP/1.1" 304 -
200.111.191.210 - - [05/May/2017:09:44:37 -0300] "GET /cormun/static/trautorizarpermisogoce.js?201741111451072 HTTP/1.1" 304 -
200.111.191.210 - - [05/May/2017:09:44:37 -0300] "GET /cormun/servlet/trautorizarpermisogoce? HTTP/1.1" 200 7482
200.111.191.210 - - [05/May/2017:09:44:39 -0300] "GET /cormun/servlet/apermisogoceprn?14200515,P,20170505103535,PU HTTP/1.1" 200 1649
186.103.156.24 - - [05/May/2017:09:45:19 -0300] "GET /cormun/servlet/solicitudot?INS,0,0, HTTP/1.1" 200 12819
186.103.156.24 - - [05/May/2017:09:45:20 -0300] "GET /cormun/servlet/solicitudot?INS,0,0, HTTP/1.1" 200 12824
186.103.156.24 - - [05/May/2017:09:45:22 -0300] "GET /cormun/servlet/prfichaempleado?,MD,,gxPopupLevel%3D0%3B HTTP/1.1" 200 8844
186.103.156.24 - - [05/May/2017:09:45:37 -0300] "POST /cormun/servlet/prfichaempleado?8b998bfc7042d065b301cd1901ca0fc0,,MD,,gxPopupLevel%3D0%3B,gx-no-cache=1493988475238 HTTP/1.1" 200 3388
186.103.156.24 - - [05/May/2017:09:45:41 -0300] "POST /cormun/servlet/solicitudot?gx-no-cache=1493988478513 HTTP/1.1" 200 3187
186.103.156.24 - - [05/May/2017:09:45:41 -0300] "POST /cormun/servlet/solicitudot?8b998bfc7042d065b301cd1901ca0fc0,INS,0,0,,gx-no-cache=1493988479024 HTTP/1.1" 200 9980
186.103.156.24 - - [05/May/2017:09:45:41 -0300] "GET /cormun/servlet/solicitudot?b8500116f1fe54a3d6c312f36c7b432caf425b29c68aaa5e255cf7f7db8e786ef0a672e518d164554a6910d4af794f5e,gx-no-cache=1493988479327 HTTP/1.1" 200 30
186.103.156.24 - - [05/May/2017:09:45:48 -0300] "POST /cormun/servlet/solicitudot?gx-no-cache=1493988487608 HTTP/1.1" 200 255
186.103.156.24 - - [05/May/2017:09:46:09 -0300] "GET /cormun/servlet/solicitudot?b8500116f1fe54a3d6c312f36c7b432cdb8c004604d93e5d440f65a341cb288a9fbb8dd35179209b06e0ac44b531bb3f19a1604cd9ec68ccf237995a88d51c81af669f547370b06a1defa8e86cf35533af660cb5aa30175e75aaac02fdef460c7aee0b4cfb4be860828e320c86b9b7920a030dde14946cace6e086357e3655a07354b3f5ed31b697a455a35c7317c765354b426e2ceff6dc7bd87ba3a4851ea1c1e1c0586428d936003f533a313573a5223118f83c7885d59dcc85b899aaaea584e5e5a78f49b4d794430c5a00a167a94eef3b57d5e88882124d2f61475c5387af33d35a7a0adab90af4e9b660554edc9315c8a09e2b9ac76e8f122f17f8a8f0446b580f1fd6e30a85b66c84138fe0f4901ec8a4d4886060b5664d77141f9e72fa8c4ee32a93044018ff60fdb0c9dccfb8eb65c91e1066b86f916a79384dfc35d7930da27f2d459de347aebee56a320f7c98753b519f4a20767b58ce16c6951c5f37f1861abcc726a3eac88a6e29e0c8981af36993f41d98243ae97462a7a252,gx-no-cache=1493988487752 HTTP/1.1" 200 30
186.103.156.24 - - [05/May/2017:09:46:09 -0300] "POST /cormun/servlet/solicitudot?gx-no-cache=1493988507864 HTTP/1.1" 200 30
186.103.156.24 - - [05/May/2017:09:46:09 -0300] "POST /cormun/servlet/solicitudot?gx-no-cache=1493988507976 HTTP/1.1" 200 1297
186.103.156.24 - - [05/May/2017:09:46:09 -0300] "POST /cormun/servlet/solicitudot?gx-no-cache=1493988508078 HTTP/1.1" 200 38
186.103.156.24 - - [05/May/2017:09:46:13 -0300] "POST /cormun/servlet/solicitudot?gx-no-cache=1493988512977 HTTP/1.1" 200 255
186.103.156.24 - - [05/May/2017:09:46:14 -0300] "GET /cormun/servlet/solicitudot?b8500116f1fe54a3d6c312f36c7b432cdb8c004604d93e5d440f65a341cb288a9fbb8dd35179209b06e0ac44b531bb3f19a1604cd9ec68ccf237995a88d51c81af669f547370b06a1defa8e86cf35533af660cb5aa30175e75aaac02fdef460c7aee0b4cfb4be860828e320c86b9b7920a030dde14946cace6e086357e3655a07354b3f5ed31b697a455a35c7317c765354b426e2ceff6dc7bd87ba3a4851ea1c1e1c0586428d936003f533a313573a5223118f83c7885d59dcc85b899aaaea584e5e5a78f49b4d794430c5a00a167a94eef3b57d5e88882124d2f61475c5387af33d35a7a0adab90af4e9b660554edc9315c8a09e2b9ac76e8f122f17f8a8f0446b580f1fd6e30a85b66c84138fe0f4901ec8a4d4886060b5664d77141f9e72fa8c4ee32a93044018ff60fdb0c9dccfb8eb65c91e1066b86f916a79384dfc35d7930da27f2d459de347aebee56a320f7c98753b519f4a20767b58ce16c6951c5f37f1861abcc726a3eac88a6e29e0c83c2af88c7ba6b8a5fe7da47d459d2f16,gx-no-cache=1493988513071 HTTP/1.1" 200 30
186.103.156.24 - - [05/May/2017:09:46:17 -0300] "POST /cormun/servlet/solicitudot?gx-no-cache=1493988516840 HTTP/1.1" 200 30
186.103.156.24 - - [05/May/2017:09:46:20 -0300] "POST /cormun/servlet/solicitudot?gx-no-cache=1493988520343 HTTP/1.1" 200 1297
186.103.156.24 - - [05/May/2017:09:46:20 -0300] "POST /cormun/servlet/solicitudot?gx-no-cache=1493988520532 HTTP/1.1" 200 38
186.103.156.24 - - [05/May/2017:09:46:32 -0300] "GET /cormun/servlet/solicitudot?b8500116f1fe54a3d6c312f36c7b432c4db0d74e2cbb8cf04774888bb27503f81ca3d1ed1f8a17a9b7160de163eb2f005dec76e6ed80717f0ff64978c5beafbe64e22d78e777988c1ce0cafcb7e207f377c3f2c5e18b8ab9e7709cafb7ef2e599bbf13d682bafd4a60f16a0588918d8ca10b00715653bb73c8824eabe368df8e060c16db8236feacf39d97e82cdd094074cf35d8add9137b411a25e2494e88c9593a89d2b2e9a3ce7404b9005ba57d8392dca1a807b2afb836641a643ac59301b313e58e9ed47fd5e9c9afa92614b9b6,gx-no-cache=1493988533341 HTTP/1.1" 200 29
186.103.156.24 - - [05/May/2017:09:46:32 -0300] "POST /cormun/servlet/solicitudot?gx-no-cache=1493988533775 HTTP/1.1" 200 1279
186.103.156.24 - - [05/May/2017:09:46:32 -0300] "POST /cormun/servlet/solicitudot?gx-no-cache=1493988533951 HTTP/1.1" 200 1162
186.103.156.24 - - [05/May/2017:09:46:32 -0300] "GET /cormun/static/menuarrow.gif HTTP/1.1" 404 1015
186.103.156.24 - - [05/May/2017:09:46:33 -0300] "POST /cormun/servlet/solicitudot?gx-no-cache=1493988535569 HTTP/1.1" 200 1279
186.103.156.24 - - [05/May/2017:09:46:34 -0300] "POST /cormun/servlet/solicitudot?gx-no-cache=1493988535659 HTTP/1.1" 200 1162
186.103.156.24 - - [05/May/2017:09:47:11 -0300] "GET /cormun/servlet/solicitudot?b8500116f1fe54a3d6c312f36c7b432ceabde127736298ebae1b0a91957c671ac0e4054d3880220f1476b3bdabb12950219111ba6879ef9f531457d709dd3bc9cabe6b7a17eba69b0083db62968d0f7b646096a32feaf6002562ffb4d1ffcf274ff50f21cbd665840c16959a7a99d6cd8ab43e1283c4cedc99ac22206f54ccd4e53a9b1472bfee571c01295b239ec7008a4a9be3831d3dc14d418a90f0354c5dc3bc75c37a6aad0b63d4773e12f2d85d,gx-no-cache=1493988577731 HTTP/1.1" 200 30
186.79.18.27 - - [05/May/2017:09:47:15 -0300] "POST /cormun/servlet/solicitudot?gx-no-cache=1493988498948 HTTP/1.1" 200 30
186.79.18.27 - - [05/May/2017:09:47:15 -0300] "POST /cormun/servlet/solicitudot?gx-no-cache=1493988499108 HTTP/1.1" 200 1295
186.79.18.27 - - [05/May/2017:09:47:15 -0300] "POST /cormun/servlet/solicitudot?gx-no-cache=1493988499334 HTTP/1.1" 200 41
186.103.156.24 - - [05/May/2017:09:48:03 -0300] "POST /cormun/servlet/solicitudot?8b998bfc7042d065b301cd1901ca0fc0,INS,0,0,,gx-no-cache=1493988636434 HTTP/1.1" 200 93
186.103.156.24 - - [05/May/2017:09:48:03 -0300] "GET /cormun/servlet/hpexe_return? HTTP/1.1" 200 1002
186.103.156.24 - - [05/May/2017:09:48:04 -0300] "GET /cormun/servlet/trsolicitudot HTTP/1.1" 200 8678
186.103.156.24 - - [05/May/2017:09:48:05 -0300] "GET /cormun/servlet/trsolicitudot HTTP/1.1" 200 8674
186.103.156.24 - - [05/May/2017:09:48:09 -0300] "GET /cormun/servlet/solicitudot?INS,0,0, HTTP/1.1" 200 12819
186.103.156.24 - - [05/May/2017:09:48:10 -0300] "GET /cormun/servlet/solicitudot?INS,0,0, HTTP/1.1" 200 12823
186.103.159.46 - - [05/May/2017:09:48:19 -0300] "GET /cormun/servlet/permisogoce?4e6e464acbebd56bd76bf410a4b91f56a5836be04f8f0d0ceb03040925bc3778d5436ef851f1f9242a6c386032beaeb58bbe7309819315dc16706115a104c410,gx-no-cache=1493988559899 HTTP/1.1" 200 47
186.103.156.24 - - [05/May/2017:09:48:22 -0300] "GET /cormun/servlet/prfichaempleado?,MD,,gxPopupLevel%3D0%3B HTTP/1.1" 200 8844
186.103.159.46 - - [05/May/2017:09:48:49 -0300] "POST /cormun/servlet/permisogoce?86424888d39a975f445121d04daaea54,INS,0,,,,gx-no-cache=1493988589044 HTTP/1.1" 200 93
186.103.159.46 - - [05/May/2017:09:48:49 -0300] "GET /cormun/servlet/hpexe_return? HTTP/1.1" 200 1001
186.103.159.46 - - [05/May/2017:09:48:49 -0300] "GET /cormun/servlet/trpermisosgoce HTTP/1.1" 200 8379
186.103.159.46 - - [05/May/2017:09:48:51 -0300] "GET /cormun/servlet/trpermisosgoce HTTP/1.1" 200 8374
186.103.159.46 - - [05/May/2017:09:48:55 -0300] "GET /cormun/servlet/apermisogoceprn?13944224,P,20170505104315,PU HTTP/1.1" 200 1654
186.103.156.24 - - [05/May/2017:09:49:05 -0300] "POST /cormun/servlet/prfichaempleado?8b998bfc7042d065b301cd1901ca0fc0,,MD,,gxPopupLevel%3D0%3B,gx-no-cache=1493988701233 HTTP/1.1" 200 3386
186.103.156.24 - - [05/May/2017:09:49:10 -0300] "POST /cormun/servlet/solicitudot?gx-no-cache=1493988705922 HTTP/1.1" 200 3180
186.103.156.24 - - [05/May/2017:09:49:10 -0300] "POST /cormun/servlet/solicitudot?8b998bfc7042d065b301cd1901ca0fc0,INS,0,0,,gx-no-cache=1493988706575 HTTP/1.1" 200 9976
186.103.156.24 - - [05/May/2017:09:49:10 -0300] "GET /cormun/servlet/solicitudot?b8500116f1fe54a3d6c312f36c7b432c947ac02dfb20dc7dcacf105acfe8aee0f0a672e518d164554a6910d4af794f5e,gx-no-cache=1493988707237 HTTP/1.1" 200 30
186.103.156.24 - - [05/May/2017:09:49:14 -0300] "POST /cormun/servlet/solicitudot?gx-no-cache=1493988710849 HTTP/1.1" 200 255
186.103.156.24 - - [05/May/2017:09:49:14 -0300] "GET /cormun/servlet/solicitudot?b8500116f1fe54a3d6c312f36c7b432cdb8c004604d93e5d440f65a341cb288a9fbb8dd35179209b06e0ac44b531bb3f19a1604cd9ec68ccf237995a88d51c81af669f547370b06a1defa8e86cf35533af660cb5aa30175e75aaac02fdef460c7aee0b4cfb4be860828e320c86b9b7920a030dde14946cace6e086357e3655a07354b3f5ed31b697a455a35c7317c765354b426e2ceff6dc7bd87ba3a4851ea1c1e1c0586428d936003f533a313573a5223118f83c7885d59dcc85b899aaaea584e5e5a78f49b4d794430c5a00a167a94eef3b57d5e88882124d2f61475c5387af33d35a7a0adab90af4e9b660554edc9315c8a09e2b9ac76e8f122f17f8a8f0446b580f1fd6e30a85b66c84138fe0f4901ec8a4d4886060b5664d77141f9e72fa8c4ee32a93044018ff60fdb0c9dccfb8eb65c91e1066b86f916a79384dfc35d7930da27f2d459de347aebee56a320f7c98753b519f4a20767b58ce16c6951c5f37f1861abcc726a3eac88a6e29e0c8981af36993f41d98243ae97462a7a252,gx-no-cache=1493988711006 HTTP/1.1" 200 30
186.103.156.24 - - [05/May/2017:09:49:17 -0300] "POST /cormun/servlet/solicitudot?gx-no-cache=1493988714902 HTTP/1.1" 200 30
186.103.156.24 - - [05/May/2017:09:49:32 -0300] "GET /cormun/servlet/prsolicitudot?13567575,,,,,MD,,gxPopupLevel%3D0%3B HTTP/1.1" 200 5960
186.103.156.24 - - [05/May/2017:09:49:32 -0300] "GET /cormun/static/gxcfg.js?201731711522567 HTTP/1.1" 200 953
186.103.156.24 - - [05/May/2017:09:49:33 -0300] "GET /cormun/static/prsolicitudot.js?201731711522786 HTTP/1.1" 200 13680
186.103.156.24 - - [05/May/2017:09:49:38 -0300] "POST /cormun/servlet/solicitudot?gx-no-cache=1493988737127 HTTP/1.1" 200 1297
186.103.156.24 - - [05/May/2017:09:49:38 -0300] "POST /cormun/servlet/solicitudot?gx-no-cache=1493988737225 HTTP/1.1" 200 38
186.103.156.24 - - [05/May/2017:09:49:38 -0300] "GET /cormun/servlet/solicitudot?b8500116f1fe54a3d6c312f36c7b432c4db0d74e2cbb8cf04774888bb27503f81ca3d1ed1f8a17a9b7160de163eb2f005dec76e6ed80717f0ff64978c5beafbe64e22d78e777988c1ce0cafcb7e207f377c3f2c5e18b8ab9e7709cafb7ef2e599bbf13d682bafd4a60f16a0588918d8ca10b00715653bb73c8824eabe368df8e060c16db8236feacf39d97e82cdd094074cf35d8add9137b411a25e2494e88c9593a89d2b2e9a3ce7404b9005ba57d8392dca1a807b2afb836641a643ac59301b313e58e9ed47fd5e9c9afa92614b9b6,gx-no-cache=1493988737307 HTTP/1.1" 200 29
186.103.156.24 - - [05/May/2017:09:49:38 -0300] "POST /cormun/servlet/solicitudot?gx-no-cache=1493988737375 HTTP/1.1" 200 1280
186.103.156.24 - - [05/May/2017:09:49:38 -0300] "POST /cormun/servlet/solicitudot?gx-no-cache=1493988737475 HTTP/1.1" 200 1162
186.103.156.24 - - [05/May/2017:09:49:50 -0300] "POST /cormun/servlet/solicitudot?gx-no-cache=1493988750742 HTTP/1.1" 200 1279
186.103.156.24 - - [05/May/2017:09:49:50 -0300] "POST /cormun/servlet/solicitudot?gx-no-cache=1493988751005 HTTP/1.1" 200 1162
186.103.156.24 - - [05/May/2017:09:49:53 -0300] "GET /cormun/static/menuarrow.gif HTTP/1.1" 404 1015
186.103.156.24 - - [05/May/2017:09:49:57 -0300] "POST /cormun/servlet/solicitudot?gx-no-cache=1493988758526 HTTP/1.1" 200 1279
186.103.156.24 - - [05/May/2017:09:49:57 -0300] "POST /cormun/servlet/solicitudot?gx-no-cache=1493988758631 HTTP/1.1" 200 1162
186.79.18.27 - - [05/May/2017:09:50:17 -0300] "GET /cormun/servlet/hhome HTTP/1.1" 200 3738
186.103.159.46 - - [05/May/2017:09:50:17 -0300] "GET /cormun/servlet/permisogoce?INS,0,,, HTTP/1.1" 200 6544
186.79.18.27 - - [05/May/2017:09:50:18 -0300] "GET /cormun/servlet/hhome HTTP/1.1" 200 3747
186.103.159.46 - - [05/May/2017:09:50:19 -0300] "GET /cormun/servlet/permisogoce?INS,0,,, HTTP/1.1" 200 6544
186.79.18.27 - - [05/May/2017:09:50:23 -0300] "GET /cormun/servlet/trsolicitudot? HTTP/1.1" 200 8014
186.79.18.27 - - [05/May/2017:09:50:24 -0300] "GET /cormun/servlet/trsolicitudot? HTTP/1.1" 200 8012
186.79.18.27 - - [05/May/2017:09:50:27 -0300] "POST /cormun/servlet/trsolicitudot?d840fcb382211d0dd014a5cc362d8a6f,,gx-no-cache=1493988691098 HTTP/1.1" 200 106
186.79.18.27 - - [05/May/2017:09:50:27 -0300] "GET /cormun/servlet/solicitudot?UPD,2017,6209, HTTP/1.1" 200 14278
186.79.18.27 - - [05/May/2017:09:50:28 -0300] "GET /cormun/servlet/solicitudot?UPD,2017,6209, HTTP/1.1" 200 14287
186.79.18.27 - - [05/May/2017:09:50:29 -0300] "POST /cormun/servlet/solicitudot?gx-no-cache=1493988692760 HTTP/1.1" 200 3162
186.79.18.27 - - [05/May/2017:09:50:29 -0300] "POST /cormun/servlet/solicitudot?d840fcb382211d0dd014a5cc362d8a6f,UPD,2017,6209,,gx-no-cache=1493988693197 HTTP/1.1" 200 10866
186.79.18.27 - - [05/May/2017:09:50:29 -0300] "GET /cormun/servlet/solicitudot?2bf509fbcb3e04122aafb95d773c55edf4508cdee3519b503f4a9c4b31c9deb8627e02d4b81e0db41456cfb867588647,gx-no-cache=1493988693715 HTTP/1.1" 200 30
186.79.18.27 - - [05/May/2017:09:50:29 -0300] "POST /cormun/servlet/solicitudot?gx-no-cache=1493988693788 HTTP/1.1" 200 295
186.79.18.27 - - [05/May/2017:09:50:29 -0300] "GET /cormun/servlet/solicitudot?2bf509fbcb3e04122aafb95d773c55edfd5fe63ab528912f16d7d639c88bc38f3c0b1178990d243e1bb0807a854e2e816801bfae352024a213dd88e9c8249b3bb4f03e8d9e63b927914e95128b274cfd198219dd37c5841ed9485145b68c3ddf8c6c8faca0f0e16fb7948468dc5db61d57bcd99578b935bdb08784dc246433adc98a3d5d541e7d0efd7c005341355ee103bad68c4cf7d85d1027d5c58fa7d2f61cc720f6a160ee8cedf3461381c06ba6a5da3964fefc73b0fcfc86ad7e88cf47375257072b982feabcd1daa078143de28f2838bd330727f4a13518a88ee8365e67b322d804bd5d3b5efebae8339a3f5a69b246b6deaa9b65d1f4833d2f6436fb8cabe550d2ec47a0d3262cea1c9ae6c678eef60bbdb5f657e14aaef5406865e2be4ff1fb9cd178c00af40fc2065fbaae0735bfbbd08446d8379306a00a881f496b6528459dbb059e5e1ccfa4cc4d50c769d20f7a7391c913fb7865385be623de843b3d368647601733ccaa964624928664815fc1b0c33d14950c01dc54b62dd6e6bd91bf84d8c9c72bbe7590fb938f4e,gx-no-cache=1493988693881 HTTP/1.1" 200 30
186.79.18.27 - - [05/May/2017:09:50:30 -0300] "POST /cormun/servlet/solicitudot?gx-no-cache=1493988693956 HTTP/1.1" 200 30
186.79.18.27 - - [05/May/2017:09:50:30 -0300] "POST /cormun/servlet/solicitudot?gx-no-cache=1493988694051 HTTP/1.1" 200 1295
186.79.18.27 - - [05/May/2017:09:50:30 -0300] "POST /cormun/servlet/solicitudot?gx-no-cache=1493988694314 HTTP/1.1" 200 41
186.103.159.46 - - [05/May/2017:09:51:52 -0300] "GET /cormun/servlet/permisogoce?4e6e464acbebd56bd76bf410a4b91f562ae3d279a0e692ea8a7599d9c7947772e33b7ec6309d83cb4d3045614f41c1e3,gx-no-cache=1493988773199 HTTP/1.1" 200 73
186.103.159.46 - - [05/May/2017:09:51:53 -0300] "GET /cormun/static/menuarrow.gif HTTP/1.1" 404 1015
200.111.191.210 - - [05/May/2017:09:52:14 -0300] "GET /cormun/servlet/trpermisosadjuntos?14200515,20170505103535,P, HTTP/1.1" 200 6256
200.111.191.210 - - [05/May/2017:09:52:14 -0300] "GET /cormun/servlet/trpermisosadjuntos?14200515,20170505103535,P, HTTP/1.1" 200 6256
200.111.191.210 - - [05/May/2017:09:52:17 -0300] "GET /cormun/servlet/permisosadjuntos?INS,14200515,P,20170505103535,, HTTP/1.1" 200 5584
200.111.191.210 - - [05/May/2017:09:52:17 -0300] "GET /cormun/static/about:blank HTTP/1.1" 404 1011
200.111.191.210 - - [05/May/2017:09:52:17 -0300] "GET /cormun/servlet/permisosadjuntos?INS,14200515,P,20170505103535,, HTTP/1.1" 200 5574
186.103.159.46 - - [05/May/2017:09:52:24 -0300] "GET /cormun/servlet/permisogoce?4e6e464acbebd56bd76bf410a4b91f5619d7feb4894ea9ed107b3f9a63b07e375f8b6410ce1b828dfb627025e786094c49be9d2847f2634159d441f23fb52e54,gx-no-cache=1493988804704 HTTP/1.1" 200 46
200.111.191.210 - - [05/May/2017:09:52:33 -0300] "POST /cormun/servlet/permisosadjuntos?9d30fddc3919ea279ea1771be962d21b,INS,14200515,P,20170505103535,, HTTP/1.1" 200 116
200.111.191.210 - - [05/May/2017:09:52:33 -0300] "GET /cormun/servlet/hpexe_return? HTTP/1.1" 200 1039
200.111.191.210 - - [05/May/2017:09:52:34 -0300] "GET /cormun/servlet/trpermisosadjuntos?14200515,20170505103535,P, HTTP/1.1" 200 6710
200.111.191.210 - - [05/May/2017:09:52:34 -0300] "GET /cormun/servlet/trpermisosadjuntos?14200515,20170505103535,P, HTTP/1.1" 200 6706
200.111.191.210 - - [05/May/2017:09:52:37 -0300] "GET /cormun/PublicTempStorage/0710271323064.PDF HTTP/1.1" 206 464594
186.103.159.46 - - [05/May/2017:09:52:39 -0300] "POST /cormun/servlet/permisogoce?86424888d39a975f445121d04daaea54,INS,0,,,,gx-no-cache=1493988819315 HTTP/1.1" 200 93
186.103.159.46 - - [05/May/2017:09:52:39 -0300] "GET /cormun/servlet/hpexe_return? HTTP/1.1" 200 1001
186.103.159.46 - - [05/May/2017:09:52:39 -0300] "GET /cormun/servlet/trpermisosgoce HTTP/1.1" 200 8562
200.111.191.210 - - [05/May/2017:09:52:40 -0300] "GET /cormun/servlet/trpermisosadjuntos?14200515,20170505103535,P, HTTP/1.1" 200 6710
200.111.191.210 - - [05/May/2017:09:52:41 -0300] "GET /cormun/servlet/trpermisosadjuntos?14200515,20170505103535,P, HTTP/1.1" 200 6707
186.103.159.46 - - [05/May/2017:09:52:41 -0300] "GET /cormun/servlet/trpermisosgoce HTTP/1.1" 200 8563
186.103.159.46 - - [05/May/2017:09:52:51 -0300] "GET /cormun/servlet/apermisogoceprn?15123520,P,20170505104705,PU HTTP/1.1" 200 1650
200.111.191.210 - - [05/May/2017:09:52:54 -0300] "GET /cormun/servlet/trlicencias? HTTP/1.1" 200 7956
200.111.191.210 - - [05/May/2017:09:52:55 -0300] "GET /cormun/servlet/trlicencias? HTTP/1.1" 200 7936
200.111.191.210 - - [05/May/2017:09:52:58 -0300] "POST /cormun/servlet/trlicencias?9d30fddc3919ea279ea1771be962d21b,,gx-no-cache=1493992329911 HTTP/1.1" 200 5384
200.111.191.210 - - [05/May/2017:09:52:58 -0300] "GET /cormun/static/Shared/jqueryui/images/ui-bg_highlight-soft_100_c6c2c8_1x100.png HTTP/1.1" 404 1117
200.111.191.210 - - [05/May/2017:09:52:58 -0300] "GET /cormun/static/Shared/jqueryui/images/ui-icons_82798d_256x240.png HTTP/1.1" 404 1089
200.111.191.210 - - [05/May/2017:09:52:58 -0300] "GET /cormun/static/Shared/jqueryui/images/ui-bg_flat_55_fafafa_40x100.png HTTP/1.1" 404 1097
200.111.191.210 - - [05/May/2017:09:52:58 -0300] "GET /cormun/static/Shared/jqueryui/images/ui-icons_8d78a5_256x240.png HTTP/1.1" 404 1089
200.111.191.210 - - [05/May/2017:09:53:06 -0300] "GET /cormun/servlet/trlicenciaspermisosadjuntos?7705612,20170505000000,L, HTTP/1.1" 200 6298
200.111.191.210 - - [05/May/2017:09:53:06 -0300] "GET /cormun/static/gxcfg.js?20173171154619 HTTP/1.1" 304 -
200.111.191.210 - - [05/May/2017:09:53:07 -0300] "GET /cormun/servlet/trlicenciaspermisosadjuntos?7705612,20170505000000,L, HTTP/1.1" 200 6298
200.111.191.210 - - [05/May/2017:09:53:08 -0300] "POST /cormun/servlet/acontrolpreferencessavestate?None,CINOSTROZA,true HTTP/1.1" 200 35
200.111.191.210 - - [05/May/2017:09:53:10 -0300] "GET /cormun/servlet/licenciaspermisosadjuntos?INS,7705612,L,20170505000000,, HTTP/1.1" 200 5601
200.111.191.210 - - [05/May/2017:09:53:10 -0300] "GET /cormun/static/gxcfg.js?201731711421170 HTTP/1.1" 304 -
200.111.191.210 - - [05/May/2017:09:53:10 -0300] "GET /cormun/static/about:blank HTTP/1.1" 404 1011
200.111.191.210 - - [05/May/2017:09:53:10 -0300] "GET /cormun/servlet/licenciaspermisosadjuntos?INS,7705612,L,20170505000000,, HTTP/1.1" 200 5589
200.111.191.210 - - [05/May/2017:09:53:17 -0300] "POST /cormun/servlet/licenciaspermisosadjuntos?9d30fddc3919ea279ea1771be962d21b,INS,7705612,L,20170505000000,, HTTP/1.1" 200 116
200.111.191.210 - - [05/May/2017:09:53:17 -0300] "GET /cormun/servlet/hpexe_return? HTTP/1.1" 200 1042
200.111.191.210 - - [05/May/2017:09:53:17 -0300] "GET /cormun/servlet/trlicenciaspermisosadjuntos?7705612,20170505000000,L, HTTP/1.1" 200 6770
200.111.191.210 - - [05/May/2017:09:53:18 -0300] "GET /cormun/servlet/trlicenciaspermisosadjuntos?7705612,20170505000000,L, HTTP/1.1" 200 6767
200.111.191.210 - - [05/May/2017:09:53:21 -0300] "GET /cormun/servlet/trlicencias? HTTP/1.1" 200 7939
200.111.191.210 - - [05/May/2017:09:53:21 -0300] "GET /cormun/servlet/trlicencias? HTTP/1.1" 200 7939
200.111.191.210 - - [05/May/2017:09:53:24 -0300] "POST /cormun/servlet/trlicencias?9d30fddc3919ea279ea1771be962d21b,,gx-no-cache=1493992355501 HTTP/1.1" 200 4232
200.111.191.210 - - [05/May/2017:09:53:24 -0300] "GET /cormun/static/Shared/jqueryui/images/ui-bg_highlight-soft_100_c6c2c8_1x100.png HTTP/1.1" 404 1117
200.111.191.210 - - [05/May/2017:09:53:24 -0300] "GET /cormun/static/Shared/jqueryui/images/ui-icons_82798d_256x240.png HTTP/1.1" 404 1089
200.111.191.210 - - [05/May/2017:09:53:24 -0300] "GET /cormun/static/Shared/jqueryui/images/ui-bg_flat_55_fafafa_40x100.png HTTP/1.1" 404 1097
200.111.191.210 - - [05/May/2017:09:53:24 -0300] "GET /cormun/static/Shared/jqueryui/images/ui-icons_8d78a5_256x240.png HTTP/1.1" 404 1089
200.86.95.220 - - [05/May/2017:09:57:20 -0300] "GET /cormun/servlet/hlogin HTTP/1.1" 200 1713
200.86.95.220 - - [05/May/2017:09:57:21 -0300] "GET /cormun/servlet/hlogin HTTP/1.1" 200 1723
200.86.95.220 - - [05/May/2017:09:57:29 -0300] "POST /cormun/servlet/hlogin?baf201beb1c857c3b8bc1116af5fdad6,gx-no-cache=1493989111398 HTTP/1.1" 200 90
200.86.95.220 - - [05/May/2017:09:57:29 -0300] "GET /cormun/servlet/hpexe_link HTTP/1.1" 200 943
200.86.95.220 - - [05/May/2017:09:57:29 -0300] "GET /cormun/servlet/hhome HTTP/1.1" 200 3763
200.86.95.220 - - [05/May/2017:09:57:31 -0300] "GET /cormun/servlet/hhome HTTP/1.1" 200 3760
200.86.95.220 - - [05/May/2017:09:57:35 -0300] "GET /cormun/servlet/trpermisosgoce? HTTP/1.1" 200 7368
200.86.95.220 - - [05/May/2017:09:57:37 -0300] "GET /cormun/servlet/trpermisosgoce? HTTP/1.1" 200 7367
200.86.95.220 - - [05/May/2017:09:57:41 -0300] "GET /cormun/servlet/permisogoce?INS,0,,, HTTP/1.1" 200 6532
200.86.95.220 - - [05/May/2017:09:57:41 -0300] "GET /cormun/static/gxcfg.js?201741111325459 HTTP/1.1" 200 953
200.86.95.220 - - [05/May/2017:09:57:42 -0300] "GET /cormun/servlet/permisogoce?INS,0,,, HTTP/1.1" 200 6531
200.86.95.220 - - [05/May/2017:09:57:49 -0300] "GET /cormun/servlet/permisogoce?acdeaaa1211bccd9a3f51852dfa5253e3ee603d266b395bb7599b6b0e3b806db77c57b87a264e5eeac8da1591ff463a9,gx-no-cache=1493989131672 HTTP/1.1" 200 66
200.86.95.220 - - [05/May/2017:09:57:49 -0300] "GET /cormun/static/menuarrow.gif HTTP/1.1" 404 1015
200.86.95.220 - - [05/May/2017:09:58:02 -0300] "GET /cormun/servlet/permisogoce?acdeaaa1211bccd9a3f51852dfa5253ea8f048c4f3f53e8f03258a13169d4fb9beb1fa22dea93e400f5685f19e919c528660d2a95c6af779148f8c167f9a13bc,gx-no-cache=1493989144841 HTTP/1.1" 200 46
186.79.18.27 - - [05/May/2017:09:58:05 -0300] "POST /cormun/servlet/solicitudot?gx-no-cache=1493989149427 HTTP/1.1" 200 238
200.86.95.220 - - [05/May/2017:09:58:06 -0300] "POST /cormun/servlet/permisogoce?baf201beb1c857c3b8bc1116af5fdad6,INS,0,,,,gx-no-cache=1493989148626 HTTP/1.1" 200 93
200.86.95.220 - - [05/May/2017:09:58:06 -0300] "GET /cormun/servlet/hpexe_return? HTTP/1.1" 200 1001
200.86.95.220 - - [05/May/2017:09:58:07 -0300] "GET /cormun/servlet/trpermisosgoce HTTP/1.1" 200 7621
200.86.95.220 - - [05/May/2017:09:58:08 -0300] "GET /cormun/servlet/trpermisosgoce HTTP/1.1" 200 7617
200.86.95.220 - - [05/May/2017:09:58:12 -0300] "GET /cormun/servlet/apermisogoceprn?14051559,P,20170505105233,PU HTTP/1.1" 200 1654
186.79.18.27 - - [05/May/2017:09:58:21 -0300] "GET /cormun/servlet/solicitudot?2bf509fbcb3e04122aafb95d773c55edfd5fe63ab528912f16d7d639c88bc38f4492b28d351faa329dd0e4ad214617606801bfae352024a213dd88e9c8249b3bb4f03e8d9e63b927914e95128b274cfd198219dd37c5841ed9485145b68c3ddf8c6c8faca0f0e16fb7948468dc5db61d57bcd99578b935bdb08784dc246433adc98a3d5d541e7d0efd7c005341355ee103bad68c4cf7d85d1027d5c58fa7d2f61cc720f6a160ee8cedf3461381c06ba6a5da3964fefc73b0fcfc86ad7e88cf47375257072b982feabcd1daa078143de28f2838bd330727f4a13518a88ee8365e67b322d804bd5d3b5efebae8339a3f5aa1e08e182f691ee27fa3046906ed74158cabe550d2ec47a0d3262cea1c9ae6c678eef60bbdb5f657e14aaef5406865e2be4ff1fb9cd178c00af40fc2065fbaae0735bfbbd08446d8379306a00a881f49afea4d923c75b2977a0b4c011d5d7e9d4eee928f2509eb912c96947009e79f4cd599a9f96dfe36b7609c5837d442c9d2e94e3cca810c4eb24090f666bd27d4a4,gx-no-cache=1493989164942 HTTP/1.1" 200 30
186.79.18.27 - - [05/May/2017:09:58:28 -0300] "POST /cormun/servlet/solicitudot?gx-no-cache=1493989172447 HTTP/1.1" 200 30
186.79.18.27 - - [05/May/2017:09:58:28 -0300] "POST /cormun/servlet/solicitudot?gx-no-cache=1493989172577 HTTP/1.1" 200 1297
186.79.18.27 - - [05/May/2017:09:58:32 -0300] "POST /cormun/servlet/solicitudot?gx-no-cache=1493989176026 HTTP/1.1" 200 41
186.79.18.27 - - [05/May/2017:09:59:08 -0300] "GET /cormun/servlet/solicitudot?2bf509fbcb3e04122aafb95d773c55ed5e2189c90310b83f2b28fd7b5cec561b8c3d77a37cbc7bd82e48dc5869f7acebe8a2ac7fb2712e1caf28e612eaf7bbf0c318f0af5c4d5544b4f532aecf8ee79f9391acd14e786cb84d5a1200165e9ed8ebba7d85f780cb21b16cc7a3533ca26b,gx-no-cache=1493989212530 HTTP/1.1" 200 29
186.79.18.27 - - [05/May/2017:09:59:08 -0300] "POST /cormun/servlet/solicitudot?gx-no-cache=1493989212752 HTTP/1.1" 200 1280
186.79.18.27 - - [05/May/2017:09:59:09 -0300] "POST /cormun/servlet/solicitudot?gx-no-cache=1493989212950 HTTP/1.1" 200 1162
186.79.18.27 - - [05/May/2017:09:59:09 -0300] "GET /cormun/servlet/solicitudot?2bf509fbcb3e04122aafb95d773c55ed74630f318c550dd5f27a3d19ac69a880357aafb5e89a09794bf85efe3e99370343ce3531b2b50e395e0c4aa82e921ce09178b1c221c562c1fe7cc89b7aef2de3493cde685d3943b86288690f8e86c3b1f1c829b966ad2198d585fcc60c47ef9f08146af083e337190a73854f93ffb16a582b9cc5d5676917027c676fe266acd1b70447ef65c5fe5f43491e9f8aec99a4ae585d55e09d0875b679daf66fb0878434dad9a04cf34110dba8063b2834fd79,gx-no-cache=1493989213117 HTTP/1.1" 200 32
186.79.18.27 - - [05/May/2017:09:59:09 -0300] "POST /cormun/servlet/solicitudot?d840fcb382211d0dd014a5cc362d8a6f,UPD,2017,6209,,gx-no-cache=1493989213194 HTTP/1.1" 200 93
186.79.18.27 - - [05/May/2017:09:59:09 -0300] "GET /cormun/servlet/hpexe_return? HTTP/1.1" 200 1017
186.79.18.27 - - [05/May/2017:09:59:10 -0300] "GET /cormun/servlet/trsolicitudot HTTP/1.1" 200 8039
186.79.18.27 - - [05/May/2017:09:59:10 -0300] "GET /cormun/servlet/trsolicitudot HTTP/1.1" 200 8035
186.79.18.27 - - [05/May/2017:09:59:40 -0300] "POST /cormun/servlet/trsolicitudot?d840fcb382211d0dd014a5cc362d8a6f,gx-no-cache=1493989244518 HTTP/1.1" 200 106
186.79.18.27 - - [05/May/2017:09:59:41 -0300] "GET /cormun/servlet/trsolicitudadjuntos?2017,6209, HTTP/1.1" 200 9175
186.79.18.27 - - [05/May/2017:09:59:41 -0300] "GET /cormun/static/gxcfg.js?201731711504543 HTTP/1.1" 200 953
186.79.18.27 - - [05/May/2017:09:59:41 -0300] "GET /cormun/static/trsolicitudadjuntos.js?201731711504951 HTTP/1.1" 200 17913
186.79.18.27 - - [05/May/2017:09:59:42 -0300] "GET /cormun/servlet/trsolicitudadjuntos?2017,6209, HTTP/1.1" 200 9176
186.79.18.27 - - [05/May/2017:09:59:45 -0300] "GET /cormun/servlet/trsolicitudot? HTTP/1.1" 200 8041
186.79.18.27 - - [05/May/2017:09:59:46 -0300] "GET /cormun/servlet/trsolicitudot? HTTP/1.1" 200 8035
186.79.18.27 - - [05/May/2017:10:01:20 -0300] "POST /cormun/servlet/trsolicitudot?d840fcb382211d0dd014a5cc362d8a6f,,gx-no-cache=1493989344154 HTTP/1.1" 200 5405
186.79.18.27 - - [05/May/2017:10:01:20 -0300] "GET /cormun/static/Shared/jqueryui/images/ui-bg_highlight-soft_100_c6c2c8_1x100.png HTTP/1.1" 404 1117
186.79.18.27 - - [05/May/2017:10:01:20 -0300] "GET /cormun/static/Shared/jqueryui/images/ui-icons_82798d_256x240.png HTTP/1.1" 404 1089
186.79.18.27 - - [05/May/2017:10:01:20 -0300] "GET /cormun/static/Shared/jqueryui/images/ui-icons_8d78a5_256x240.png HTTP/1.1" 404 1089
186.79.18.27 - - [05/May/2017:10:01:20 -0300] "GET /cormun/static/Shared/jqueryui/images/ui-bg_flat_55_fafafa_40x100.png HTTP/1.1" 404 1097
186.79.18.27 - - [05/May/2017:10:01:31 -0300] "POST /cormun/servlet/trsolicitudot?d840fcb382211d0dd014a5cc362d8a6f,,gx-no-cache=1493989355021 HTTP/1.1" 200 106
186.79.18.27 - - [05/May/2017:10:01:31 -0300] "GET /cormun/servlet/trsolicitudadjuntos?2017,6209, HTTP/1.1" 200 9175
186.79.18.27 - - [05/May/2017:10:01:32 -0300] "GET /cormun/servlet/trsolicitudadjuntos?2017,6209, HTTP/1.1" 200 9178
186.79.18.27 - - [05/May/2017:10:01:58 -0300] "GET /cormun/servlet/solicitudotadjuntos?INS,2017,6209,,1, HTTP/1.1" 200 5789
186.79.18.27 - - [05/May/2017:10:01:58 -0300] "GET /cormun/static/gxcfg.js?201612218465951 HTTP/1.1" 200 953
186.79.18.27 - - [05/May/2017:10:01:58 -0300] "GET /cormun/static/solicitudotadjuntos.js?201612218465969 HTTP/1.1" 200 11762
186.79.18.27 - - [05/May/2017:10:01:59 -0300] "GET /cormun/static/about:blank HTTP/1.1" 404 1011
186.79.18.27 - - [05/May/2017:10:01:59 -0300] "GET /cormun/servlet/solicitudotadjuntos?INS,2017,6209,,1, HTTP/1.1" 200 5783
186.79.18.27 - - [05/May/2017:10:01:59 -0300] "GET /cormun/servlet/solicitudotadjuntos?2bf509fbcb3e04122aafb95d773c55ed795d08aae5accdf8dbdf099f3f0623c99c5248f358721787db3e0517aed1aa86,gx-no-cache=1493989383654 HTTP/1.1" 200 30
186.79.18.27 - - [05/May/2017:10:01:59 -0300] "POST /cormun/servlet/solicitudotadjuntos?d840fcb382211d0dd014a5cc362d8a6f,INS,2017,6209,,1,,gx-no-cache=1493989383732 HTTP/1.1" 200 3686
186.103.196.84 - - [05/May/2017:10:03:53 -0300] "GET /cormun/servlet/hlogin HTTP/1.1" 200 1725
186.103.196.84 - - [05/May/2017:10:03:55 -0300] "POST /cormun/servlet/hlogin?fced699d0312e8d4522d39aba59fe973,gx-no-cache=1493989494438 HTTP/1.1" 200 90
186.103.196.84 - - [05/May/2017:10:03:55 -0300] "GET /cormun/servlet/hpexe_link HTTP/1.1" 200 952
186.103.196.84 - - [05/May/2017:10:03:55 -0300] "GET /cormun/servlet/hhome HTTP/1.1" 200 3985
186.103.196.84 - - [05/May/2017:10:03:57 -0300] "GET /cormun/servlet/hhome HTTP/1.1" 200 3981
186.103.196.90 - - [05/May/2017:10:03:59 -0300] "GET /cormun/servlet/trlicencias? HTTP/1.1" 200 6850
190.151.124.170 - - [05/May/2017:10:03:59 -0300] "GET /cormun/static/gxcfg.js?201741111445981 HTTP/1.1" 200 953
186.103.196.90 - - [05/May/2017:10:04:00 -0300] "GET /cormun/static/trlicencias.js?20174111145440 HTTP/1.1" 200 37913
186.103.196.90 - - [05/May/2017:10:04:00 -0300] "GET /cormun/servlet/trlicencias? HTTP/1.1" 200 6848
190.151.124.170 - - [05/May/2017:10:04:03 -0300] "GET /cormun/servlet/licenciaspermisos?INS,0,,, HTTP/1.1" 200 7384
190.151.124.170 - - [05/May/2017:10:04:03 -0300] "GET /cormun/static/gxcfg.js?201741111445322 HTTP/1.1" 200 953
190.151.99.26 - - [05/May/2017:10:04:03 -0300] "GET /cormun/static/licenciaspermisos.js?201741111445392 HTTP/1.1" 200 34444
190.151.99.26 - - [05/May/2017:10:04:03 -0300] "GET /cormun/servlet/licenciaspermisos?INS,0,,, HTTP/1.1" 200 7384
190.151.124.170 - - [05/May/2017:10:04:05 -0300] "GET /cormun/servlet/prfichaempleado?,MD,,gxPopupLevel%3D0%3B HTTP/1.1" 200 8822
186.103.196.84 - - [05/May/2017:10:04:16 -0300] "POST /cormun/servlet/prfichaempleado?fced699d0312e8d4522d39aba59fe973,,MD,,gxPopupLevel%3D0%3B,gx-no-cache=1493989515165 HTTP/1.1" 200 3417
186.103.196.84 - - [05/May/2017:10:04:20 -0300] "GET /cormun/servlet/licenciaspermisos?c11677f2f6bb9059ad09a9050fec0126dd34d0a59172aad1ff3f8ad9fbe54f443c66605b07151b6a8fa4c43b7d31cf93,gx-no-cache=1493989520060 HTTP/1.1" 200 70
186.103.196.84 - - [05/May/2017:10:04:21 -0300] "POST /cormun/servlet/licenciaspermisos?fced699d0312e8d4522d39aba59fe973,INS,0,,,,gx-no-cache=1493989520168 HTTP/1.1" 200 4621
186.79.18.27 - - [05/May/2017:10:05:06 -0300] "POST /cormun/servlet/solicitudotadjuntos?gx-no-cache=1493989569582 HTTP/1.1" 200 26
190.151.99.26 - - [05/May/2017:10:05:20 -0300] "GET /cormun/static/menuarrow.gif HTTP/1.1" 404 1015
201.236.59.210 - - [05/May/2017:10:06:43 -0300] "GET /cormun/servlet/hlogin HTTP/1.1" 200 1723
201.236.59.210 - - [05/May/2017:10:06:44 -0300] "GET /cormun/static/gxcfg.js?201741110203197 HTTP/1.1" 304 -
201.236.59.210 - - [05/May/2017:10:06:44 -0300] "GET /cormun/static/messages.spa.js?85251 HTTP/1.1" 304 -
201.236.59.210 - - [05/May/2017:10:06:44 -0300] "GET /cormun/static/hlogin.js?201741110203211 HTTP/1.1" 304 -
201.236.59.210 - - [05/May/2017:10:06:45 -0300] "GET /cormun/servlet/hlogin HTTP/1.1" 200 1729
186.79.18.27 - - [05/May/2017:10:06:54 -0300] "GET /cormun/servlet/solicitudotadjuntos?2bf509fbcb3e04122aafb95d773c55edc81d451bd9c8736a08a9176bdfce6f11,gx-no-cache=1493989678608 HTTP/1.1" 200 30
186.79.18.27 - - [05/May/2017:10:06:54 -0300] "GET /cormun/servlet/solicitudotadjuntos?2bf509fbcb3e04122aafb95d773c55edc81d451bd9c8736a08a9176bdfce6f11,gx-no-cache=1493989678847 HTTP/1.1" 200 30
186.79.18.27 - - [05/May/2017:10:06:56 -0300] "POST /cormun/servlet/solicitudotadjuntos?d840fcb382211d0dd014a5cc362d8a6f,INS,2017,6209,,1, HTTP/1.1" 200 116
186.79.18.27 - - [05/May/2017:10:06:56 -0300] "GET /cormun/servlet/hpexe_return? HTTP/1.1" 200 1029
186.79.18.27 - - [05/May/2017:10:06:57 -0300] "GET /cormun/servlet/trsolicitudadjuntos?2017,6209, HTTP/1.1" 200 9326
186.79.18.27 - - [05/May/2017:10:06:58 -0300] "GET /cormun/servlet/trsolicitudadjuntos?2017,6209, HTTP/1.1" 200 9322
186.79.18.27 - - [05/May/2017:10:07:05 -0300] "GET /cormun/servlet/trsolicitudot? HTTP/1.1" 200 8041
186.79.18.27 - - [05/May/2017:10:07:06 -0300] "GET /cormun/servlet/trsolicitudot? HTTP/1.1" 200 8035
186.79.18.27 - - [05/May/2017:10:07:11 -0300] "POST /cormun/servlet/trsolicitudot?d840fcb382211d0dd014a5cc362d8a6f,,gx-no-cache=1493989695496 HTTP/1.1" 200 4203
186.79.18.27 - - [05/May/2017:10:07:11 -0300] "GET /cormun/static/Shared/jqueryui/images/ui-bg_highlight-soft_100_c6c2c8_1x100.png HTTP/1.1" 404 1117
186.79.18.27 - - [05/May/2017:10:07:11 -0300] "GET /cormun/static/Shared/jqueryui/images/ui-icons_82798d_256x240.png HTTP/1.1" 404 1089
186.79.18.27 - - [05/May/2017:10:07:11 -0300] "GET /cormun/static/Shared/jqueryui/images/ui-bg_flat_55_fafafa_40x100.png HTTP/1.1" 404 1097
186.79.18.27 - - [05/May/2017:10:07:12 -0300] "GET /cormun/static/Shared/jqueryui/images/ui-icons_8d78a5_256x240.png HTTP/1.1" 404 1089
186.79.18.27 - - [05/May/2017:10:07:12 -0300] "POST /cormun/servlet/trsolicitudot?d840fcb382211d0dd014a5cc362d8a6f,,gx-no-cache=1493989695956 HTTP/1.1" 200 3954
201.236.59.210 - - [05/May/2017:10:07:21 -0300] "POST /cormun/servlet/hlogin?5ebf8d415db7fe408d0379f43c02d13d,gx-no-cache=1493989704195 HTTP/1.1" 200 90
201.236.59.210 - - [05/May/2017:10:07:21 -0300] "GET /cormun/servlet/hpexe_link HTTP/1.1" 200 947
201.236.59.210 - - [05/May/2017:10:07:22 -0300] "GET /cormun/static/gxcfg.js?201731711483381 HTTP/1.1" 304 -
201.236.59.210 - - [05/May/2017:10:07:22 -0300] "GET /cormun/servlet/hhome HTTP/1.1" 200 3966
201.236.59.210 - - [05/May/2017:10:07:22 -0300] "GET /cormun/static/gxcfg.js?201731711483497 HTTP/1.1" 304 -
201.236.59.210 - - [05/May/2017:10:07:24 -0300] "GET /cormun/servlet/hhome HTTP/1.1" 200 3962
190.151.124.170 - - [05/May/2017:10:10:00 -0300] "GET /cormun/servlet/licenciaspermisos?c11677f2f6bb9059ad09a9050fec012626d6690ff3e198b171c5a343763497d9ee465b70b31832d7aff505e74582e4b23d16909cbaad9c41040160a009797ffe431031a761910d0d9368df20954af6ace1da2d0e3bc1a379e79b50b52dd27440a93b8c69f80419dc3efbd30524358c813e93a5b7be3ac5404a650126fd983b095dd834f0b560b95f88215f9ca0016458b628cf042b6bd863aecdd5ba05ed0ec65e9c519e835c424072a07f131cd09702,gx-no-cache=1493989859918 HTTP/1.1" 200 30
190.151.124.170 - - [05/May/2017:10:10:01 -0300] "POST /cormun/servlet/licenciaspermisos?fced699d0312e8d4522d39aba59fe973,INS,0,,,,gx-no-cache=1493989860064 HTTP/1.1" 200 4740
190.151.124.170 - - [05/May/2017:10:10:03 -0300] "GET /cormun/servlet/prfichaempleado?,MD,,gxPopupLevel%3D0%3B HTTP/1.1" 200 8822
186.103.196.84 - - [05/May/2017:10:10:23 -0300] "POST /cormun/servlet/prfichaempleado?fced699d0312e8d4522d39aba59fe973,,MD,,gxPopupLevel%3D0%3B,gx-no-cache=1493989881278 HTTP/1.1" 200 3408
186.103.196.84 - - [05/May/2017:10:10:25 -0300] "GET /cormun/servlet/licenciaspermisos?c11677f2f6bb9059ad09a9050fec0126dd34d0a59172aad1ff3f8ad9fbe54f44b706e4b49ec3c8381bd6fcbda3456fbfe8f334fac57cd2d987230433e944c20c8e1be5e073d407234ff6a37ec7f6d52275a303062571eb289d2f1a63de419ec0,gx-no-cache=1493989884363 HTTP/1.1" 200 70
186.103.196.84 - - [05/May/2017:10:10:25 -0300] "POST /cormun/servlet/licenciaspermisos?fced699d0312e8d4522d39aba59fe973,INS,0,,,,gx-no-cache=1493989884639 HTTP/1.1" 200 4729
186.103.196.84 - - [05/May/2017:10:10:31 -0300] "GET /cormun/servlet/licenciaspermisos?c11677f2f6bb9059ad09a9050fec01260f39b61690bc0da9d02857397a96f0ee211cf76f6dcf1927cdce11e142fbcba3a3c5fa96a9a2f2649fdf81f4c152851018b7a0e78d83834ed62e62ec8cc6a4ffe2b86d4b5601beb556f32fcb107fb07f4b2d8f2385bac55952d2a6c1a2829281871a0cb8d9c390a863a09c0436c2501ed5f342568c1acd3faef58d27c0123a48dbf7397c3bcc4cb7ae64ce23458a89ec75740017e698fe7c6b599ae77d0fba58,gx-no-cache=1493989890393 HTTP/1.1" 200 58
186.103.196.84 - - [05/May/2017:10:10:31 -0300] "POST /cormun/servlet/licenciaspermisos?fced699d0312e8d4522d39aba59fe973,INS,0,,,,gx-no-cache=1493989890612 HTTP/1.1" 200 93
186.103.196.84 - - [05/May/2017:10:10:31 -0300] "GET /cormun/servlet/hpexe_return? HTTP/1.1" 200 1012
186.67.84.234 - - [05/May/2017:10:10:32 -0300] "GET /cormun/static/gxcfg.js?2016101716175148 HTTP/1.1" 200 953
190.151.124.170 - - [05/May/2017:10:10:32 -0300] "GET /cormun/static/hpexe_return.js?2016101716175153 HTTP/1.1" 200 1633
186.103.196.84 - - [05/May/2017:10:10:34 -0300] "GET /cormun/static/Resources/Spanish/PXTools.css?167811 HTTP/1.1" 200 89042
186.103.196.84 - - [05/May/2017:10:10:35 -0300] "GET /cormun/servlet/trlicencias HTTP/1.1" 200 8046
186.103.196.84 - - [05/May/2017:10:10:36 -0300] "GET /cormun/servlet/trlicencias HTTP/1.1" 200 8042
190.151.99.26 - - [05/May/2017:10:10:36 -0300] "GET /cormun//static/Resources/PXToolsGridDisplay.png HTTP/1.1" 200 362
186.67.84.234 - - [05/May/2017:10:10:36 -0300] "GET /cormun//static/Resources/PXToolsActionPrint.png HTTP/1.1" 200 3317
186.67.84.234 - - [05/May/2017:10:10:36 -0300] "GET /cormun//static/Resources/PXToolsHeaderHelp.png HTTP/1.1" 200 4055
186.103.196.90 - - [05/May/2017:10:10:36 -0300] "GET /cormun//static/Resources/PXToolsHeaderFavorites.png HTTP/1.1" 200 2744
192.168.10.62 - - [05/May/2017:10:10:55 -0300] "GET /cormun/servlet/hlogin HTTP/1.1" 200 1727
192.168.10.62 - - [05/May/2017:10:11:15 -0300] "POST /cormun/servlet/hlogin?37fc689bad6d01c8f56f7231475f1072,gx-no-cache=1493993141710 HTTP/1.1" 200 90
192.168.10.62 - - [05/May/2017:10:11:15 -0300] "GET /cormun/servlet/hpexe_link HTTP/1.1" 200 956
