192.168.10.62 - - [05/May/2017:10:45:30 -0300] "POST /cormun/servlet/trconsultaempleado?37fc689bad6d01c8f56f7231475f1072,,gx-no-cache=1493995196295 HTTP/1.1" 440 972
192.168.10.62 - - [05/May/2017:10:45:31 -0300] "GET /cormun/servlet/trconsultaempleado? HTTP/1.1" 200 5326
192.168.10.62 - - [05/May/2017:10:45:32 -0300] "GET /cormun/servlet/trconsultaempleado? HTTP/1.1" 200 5326
192.168.10.62 - - [05/May/2017:10:45:32 -0300] "GET /cormun/servlet/hlogin HTTP/1.1" 200 1749
192.168.10.62 - - [05/May/2017:10:45:42 -0300] "POST /cormun/servlet/hlogin?88a1347cebd82c12142e5442bed05637,gx-no-cache=1493995208465 HTTP/1.1" 200 90
192.168.10.62 - - [05/May/2017:10:45:42 -0300] "GET /cormun/servlet/hpexe_link HTTP/1.1" 200 966
192.168.10.62 - - [05/May/2017:10:45:42 -0300] "GET /cormun/servlet/trconsultaempleado HTTP/1.1" 200 8905
192.168.10.62 - - [05/May/2017:10:45:43 -0300] "GET /cormun/servlet/trconsultaempleado HTTP/1.1" 200 8904
192.168.10.62 - - [05/May/2017:10:45:49 -0300] "POST /cormun/servlet/trconsultaempleado?88a1347cebd82c12142e5442bed05637,gx-no-cache=1493995215880 HTTP/1.1" 200 3790
192.168.10.62 - - [05/May/2017:10:45:51 -0300] "GET /cormun/servlet/trsolicitudnombre?13030006, HTTP/1.1" 200 6827
192.168.10.62 - - [05/May/2017:10:45:51 -0300] "GET /cormun/static/gxcfg.js?20173171153130 HTTP/1.1" 304 -
192.168.10.62 - - [05/May/2017:10:45:51 -0300] "GET /cormun/servlet/trsolicitudnombre?13030006, HTTP/1.1" 200 6827
192.168.10.62 - - [05/May/2017:10:45:53 -0300] "GET /cormun/servlet/vesolicitudnombre?2017,6084,, HTTP/1.1" 200 8096
192.168.10.62 - - [05/May/2017:10:45:53 -0300] "GET /cormun/pexe_scrolldiv.js HTTP/1.1" 404 1009
192.168.10.62 - - [05/May/2017:10:45:54 -0300] "GET /cormun/servlet/vesolicitudnombre?2017,6084,, HTTP/1.1" 200 8089
186.103.158.250 - - [05/May/2017:10:47:02 -0300] "GET /cormun/servlet/trsolicitudot? HTTP/1.1" 200 6739
186.103.158.250 - - [05/May/2017:10:47:02 -0300] "GET /cormun/static/gxui/gxui-all.css?110300 HTTP/1.1" 200 2179
186.103.158.250 - - [05/May/2017:10:47:02 -0300] "GET /cormun/static/calendar-system.css?75620 HTTP/1.1" 200 5572
186.103.158.250 - - [05/May/2017:10:47:02 -0300] "GET /cormun/static/calendar-setup.js?85251 HTTP/1.1" 200 2588
186.103.158.250 - - [05/May/2017:10:47:02 -0300] "GET /cormun/static/gxcfg.js?201731711505139 HTTP/1.1" 200 953
186.103.158.250 - - [05/May/2017:10:47:02 -0300] "GET /cormun/static/calendar-es.js?85251 HTTP/1.1" 200 1901
186.103.158.250 - - [05/May/2017:10:47:02 -0300] "GET /cormun/static/calendar.js?85251 HTTP/1.1" 200 26246
186.103.158.250 - - [05/May/2017:10:47:02 -0300] "GET /cormun/static/gxdec.js?85251 HTTP/1.1" 200 19579
186.103.158.250 - - [05/May/2017:10:47:02 -0300] "GET /cormun/static/Shared/ext/resources/css/ext-all.css?205870 HTTP/1.1" 200 416045
186.103.158.250 - - [05/May/2017:10:47:02 -0300] "GET /cormun/static/trsolicitudot.js?20173171151116 HTTP/1.1" 200 53117
186.103.158.250 - - [05/May/2017:10:47:02 -0300] "GET /cormun/static/Resources/PXTools/calendar.png HTTP/1.1" 200 1306
186.103.158.250 - - [05/May/2017:10:47:02 -0300] "GET /cormun/static/Resources/PXToolsDataSearch.png HTTP/1.1" 200 419
186.103.158.250 - - [05/May/2017:10:47:02 -0300] "GET /cormun/static/Resources/PXToolsGridFirstDisabled.gif HTTP/1.1" 200 100
186.103.158.250 - - [05/May/2017:10:47:02 -0300] "GET /cormun/static/Resources/PXToolsGridPreviousDisabled.gif HTTP/1.1" 200 90
186.103.158.250 - - [05/May/2017:10:47:03 -0300] "GET /cormun/static/Resources/PXToolsGridNextDisabled.gif HTTP/1.1" 200 90
186.103.158.250 - - [05/May/2017:10:47:03 -0300] "GET /cormun/static/Resources/PXToolsGridLastDisabled.gif HTTP/1.1" 200 98
186.103.158.250 - - [05/May/2017:10:47:03 -0300] "GET /cormun/static/Resources/PXToolsGridPage.gif HTTP/1.1" 200 725
186.103.158.250 - - [05/May/2017:10:47:03 -0300] "GET /cormun/static/Resources/PXToolsActionExcel.png HTTP/1.1" 200 3187
186.103.158.250 - - [05/May/2017:10:47:03 -0300] "GET /cormun/static/Resources/PXToolsGridNew.png HTTP/1.1" 200 2949
186.103.158.250 - - [05/May/2017:10:47:04 -0300] "GET /cormun/static/Resources/asc.gif HTTP/1.1" 200 67
186.103.158.250 - - [05/May/2017:10:47:04 -0300] "GET /cormun/static/Resources/desc.gif HTTP/1.1" 200 65
186.103.158.250 - - [05/May/2017:10:47:04 -0300] "GET /cormun/servlet/trsolicitudot? HTTP/1.1" 200 6738
186.103.158.250 - - [05/May/2017:10:47:05 -0300] "GET /cormun/static/Shared/ext/resources/themes/images/default/panel/bg-headersPanel.png HTTP/1.1" 200 255
186.103.158.250 - - [05/May/2017:10:47:05 -0300] "GET /cormun/static/Shared/ext/resources/themes/images/default/tools/tool-sprites.gif HTTP/1.1" 200 5434
186.103.158.250 - - [05/May/2017:10:47:28 -0300] "GET /cormun/servlet/solicitudot?INS,0,0, HTTP/1.1" 200 12600
186.103.158.250 - - [05/May/2017:10:47:28 -0300] "GET /cormun/static/calendar-system.css?85620 HTTP/1.1" 200 5572
186.103.158.250 - - [05/May/2017:10:47:28 -0300] "GET /cormun/static/gxcfg.js?20171191042720 HTTP/1.1" 200 953
186.103.158.250 - - [05/May/2017:10:47:28 -0300] "GET /cormun/static/Resources/Spanish/PXTools.css?18365030 HTTP/1.1" 200 89042
186.103.158.250 - - [05/May/2017:10:47:28 -0300] "GET /cormun/static/solicitudot.js?2017119104297 HTTP/1.1" 200 63948
186.103.158.250 - - [05/May/2017:10:47:28 -0300] "GET /cormun/static/Resources/prompt.gif HTTP/1.1" 200 902
186.103.158.250 - - [05/May/2017:10:47:30 -0300] "GET /cormun/servlet/solicitudot?INS,0,0, HTTP/1.1" 200 12605
190.151.100.218 - - [05/May/2017:10:47:36 -0300] "POST /cormun/servlet/solicitudot?gx-no-cache=1493992117556 HTTP/1.1" 200 240
190.151.100.218 - - [05/May/2017:10:47:42 -0300] "GET /cormun/servlet/solicitudot?d63c2323d96c7370b3998470a5cc127ecfb997c6c2adb486d368a986027f8ab768529dd716d1767e3466a3fe1fad0bf805efba5d2d56c3e0a3d197157f29362a362ef889f56b2859d2e9635c0d192cc6db2de91af768ef0ef3b5f10aad5f1c6db573605358d09d64d52e175bf0acc9bfbb0c32c3aa075f2adf9031f5146761e816a55cd0200855d84e326cee93d02e6269cf27b495aaf4cfe2b5ba82b3ac048373b1e8abf399583c585d0967a1ade2d76756f9e618b65b0e6e1198985882dd17cd07d1f4d48249b1f742de87d44ff37f8798f071c3c037c95e828922441c23b6dd7606445ea0f1043deed1788ca5bbe15360794f86fdc0aca34a1a696502acd4709dd4e1b2455df3d74b4d158757bc7c8461007c540c1799f86bef1e0c548bc9300d3113fe6783ce4b9177ef899fe3351ea363b0498d74a4d366eb0d90d6a3a63c3b5a14f1ba63b02ade6d88339b843895ccc56dea5aa7b5b1ccb230abcbb616e5366c1709055839b5628193e397e1412c2a1b22de142bdb1e57fc6806b746f8,gx-no-cache=1493992123740 HTTP/1.1" 200 30
190.151.100.218 - - [05/May/2017:10:47:49 -0300] "POST /cormun/servlet/solicitudot?gx-no-cache=1493992130463 HTTP/1.1" 200 30
186.103.132.155 - - [05/May/2017:10:48:18 -0300] "POST /cormun/servlet/solicitudot?gx-no-cache=1493992158789 HTTP/1.1" 200 1296
186.103.132.155 - - [05/May/2017:10:48:22 -0300] "GET /cormun/static/menuarrow.gif HTTP/1.1" 404 1015
186.103.132.155 - - [05/May/2017:10:48:34 -0300] "POST /cormun/servlet/solicitudot?gx-no-cache=1493992175076 HTTP/1.1" 200 117
186.103.132.155 - - [05/May/2017:10:48:34 -0300] "GET /cormun/static/Shared/jqueryui/images/ui-icons_ebccce_256x240.png HTTP/1.1" 404 1089
200.72.197.82 - - [05/May/2017:10:48:34 -0300] "GET /cormun/static/Shared/jqueryui/images/ui-icons_82798d_256x240.png HTTP/1.1" 404 1089
190.151.100.218 - - [05/May/2017:10:48:34 -0300] "GET /cormun/static/Shared/jqueryui/images/ui-bg_flat_55_994d53_40x100.png HTTP/1.1" 404 1097
186.103.132.155 - - [05/May/2017:10:48:35 -0300] "GET /cormun/static/Shared/jqueryui/images/ui-bg_highlight-soft_100_c6c2c8_1x100.png HTTP/1.1" 404 1117
190.151.100.218 - - [05/May/2017:10:49:04 -0300] "POST /cormun/servlet/solicitudot?gx-no-cache=1493992205169 HTTP/1.1" 200 118
186.103.248.213 - - [05/May/2017:10:49:14 -0300] "GET /cormun/servlet/licenciaspermisos?6804e152c55543cbc13c7ec379df26d49cca02eba7f3668175c6f1c31eb449c1af8870ceaaae84b2657935c60bfe0d910874bb205aecbbea47ac6ae4db89e8ba81bbbd96d10bbc07d8057579a171c5cbb3f9b556eedcd89cde95ccda71bcfd59bcfe8504e7a08767505f7e01fd6a41aa324e6b41eaffe8c3ef224a5edffd6034904bdcc848d21001650f8aac4b87e90b5ff037cdaf25953cef436b578c9b2d15d562921cdbcc4d419a5d1c68ba9d2164,gx-no-cache=1493992213583 HTTP/1.1" 200 30
186.103.248.213 - - [05/May/2017:10:49:14 -0300] "POST /cormun/servlet/licenciaspermisos?38c8d26d2ebcd65fc560df8bbdf473db,INS,0,,,,gx-no-cache=1493992213797 HTTP/1.1" 200 4526
186.103.248.213 - - [05/May/2017:10:49:17 -0300] "GET /cormun/servlet/prfichaempleado?,MD,,gxPopupLevel%3D0%3B HTTP/1.1" 200 8774
186.103.248.213 - - [05/May/2017:10:49:26 -0300] "POST /cormun/servlet/prfichaempleado?38c8d26d2ebcd65fc560df8bbdf473db,,MD,,gxPopupLevel%3D0%3B,gx-no-cache=1493992225882 HTTP/1.1" 200 3481
186.103.248.213 - - [05/May/2017:10:49:29 -0300] "GET /cormun/servlet/licenciaspermisos?6804e152c55543cbc13c7ec379df26d4b13f4736c50a39c0c29967f54c1896cb7b6f5c314ef52a7f372cb9eff9ce8e9feeea474cf6df33961a36fb1100ffbb3a4a0a1e08d6b739ef8489ff707f4e22ebb785945934506f930aaca6136c15320a,gx-no-cache=1493992229120 HTTP/1.1" 200 71
186.103.248.213 - - [05/May/2017:10:49:29 -0300] "POST /cormun/servlet/licenciaspermisos?38c8d26d2ebcd65fc560df8bbdf473db,INS,0,,,,gx-no-cache=1493992229218 HTTP/1.1" 200 4516
186.103.248.213 - - [05/May/2017:10:49:33 -0300] "GET /cormun/servlet/licenciaspermisos?6804e152c55543cbc13c7ec379df26d4fb30f2cca85d0c8388ad016c9945a1b7a5fa7df254b921fd0f126fcc101db62aef8324fb5c5435f647c8f9e79c6a6a8476843163dbf1c4f59645c5813c4ce7d688a336ff21ee1a0a3a682f94274d4caf1e104ee9a8bee9cf17ead1ae22f1a7d674136f37d573107120ad88bdf6adbb8fdca1d4c876bc84e3e2efc34a63c884b3bff1b863aef60b068080c1ae9733ba99dd8097cbb9a9351f86b0584a2fce6fcd,gx-no-cache=1493992233582 HTTP/1.1" 200 51
186.103.248.213 - - [05/May/2017:10:49:34 -0300] "POST /cormun/servlet/licenciaspermisos?38c8d26d2ebcd65fc560df8bbdf473db,INS,0,,,,gx-no-cache=1493992233650 HTTP/1.1" 200 93
186.103.248.213 - - [05/May/2017:10:49:34 -0300] "GET /cormun/servlet/hpexe_return? HTTP/1.1" 200 1010
190.151.100.218 - - [05/May/2017:10:49:34 -0300] "GET /cormun/servlet/solicitudot?d63c2323d96c7370b3998470a5cc127ee6313baff7f00886669a32313aa8115dfd6312da9f30a35e32fcacad4fc727ec1b0549b32871e9eb228ed15455e7ec0b854a66434abd95b98186325b79460cb4148d3bb5ed80a393e435bd3463b30ae689a667adf12af71b6ef9a4fad1cb8a2e,gx-no-cache=1493992235548 HTTP/1.1" 200 29
190.151.100.218 - - [05/May/2017:10:49:34 -0300] "POST /cormun/servlet/solicitudot?gx-no-cache=1493992235717 HTTP/1.1" 200 1280
186.103.248.213 - - [05/May/2017:10:49:34 -0300] "GET /cormun/static/gxcfg.js?2016101716175148 HTTP/1.1" 200 953
200.72.197.82 - - [05/May/2017:10:49:35 -0300] "GET /cormun/static/hpexe_return.js?2016101716175153 HTTP/1.1" 200 1633
190.151.100.218 - - [05/May/2017:10:49:35 -0300] "POST /cormun/servlet/solicitudot?gx-no-cache=1493992235908 HTTP/1.1" 200 1162
186.103.248.213 - - [05/May/2017:10:49:36 -0300] "GET /cormun/static/Resources/Spanish/PXTools.css?167811 HTTP/1.1" 200 89042
186.103.248.213 - - [05/May/2017:10:49:37 -0300] "GET /cormun/servlet/trlicencias HTTP/1.1" 200 7802
186.103.248.213 - - [05/May/2017:10:49:37 -0300] "GET /cormun//static/Resources/PXToolsGridDelete.png HTTP/1.1" 200 357
200.72.197.82 - - [05/May/2017:10:49:37 -0300] "GET /cormun//static/Resources/PXToolsGridUpdate.png HTTP/1.1" 200 2984
186.103.248.213 - - [05/May/2017:10:49:37 -0300] "GET /cormun//static/Resources/PXTools/ActionInsert.png HTTP/1.1" 200 1482
186.103.248.213 - - [05/May/2017:10:49:37 -0300] "GET /cormun//static/Resources/PXToolsActionPrint.png HTTP/1.1" 200 3317
186.103.248.213 - - [05/May/2017:10:49:37 -0300] "GET /cormun/servlet/trlicencias HTTP/1.1" 200 7797
186.103.248.213 - - [05/May/2017:10:49:37 -0300] "GET /cormun//static/Resources/PXToolsHeaderHelp.png HTTP/1.1" 200 4055
186.103.248.213 - - [05/May/2017:10:49:37 -0300] "GET /cormun//static/Resources/PXToolsHeaderFavorites.png HTTP/1.1" 200 2744
186.103.132.155 - - [05/May/2017:10:49:37 -0300] "GET /cormun//static/Resources/PXToolsGridDisplay.png HTTP/1.1" 200 362
186.103.132.155 - - [05/May/2017:10:49:43 -0300] "GET /cormun/servlet/licenciaspermisos?INS,0,,, HTTP/1.1" 200 7154
186.103.132.155 - - [05/May/2017:10:49:44 -0300] "GET /cormun/servlet/licenciaspermisos?INS,0,,, HTTP/1.1" 200 7154
186.103.132.155 - - [05/May/2017:10:49:47 -0300] "GET /cormun/servlet/trlicencias? HTTP/1.1" 200 7799
186.103.132.155 - - [05/May/2017:10:49:48 -0300] "GET /cormun/servlet/trlicencias? HTTP/1.1" 200 7797
186.103.132.155 - - [05/May/2017:10:49:58 -0300] "GET /cormun/servlet/trlicenciaspermisosadjuntos?15806107,20170505000000,L, HTTP/1.1" 200 6116
186.103.132.155 - - [05/May/2017:10:49:59 -0300] "GET /cormun/static/gxcfg.js?20173171154619 HTTP/1.1" 200 953
190.151.100.218 - - [05/May/2017:10:49:59 -0300] "GET /cormun/static/trlicenciaspermisosadjuntos.js?20173171154971 HTTP/1.1" 200 21005
190.151.100.218 - - [05/May/2017:10:49:59 -0300] "GET /cormun/servlet/trlicenciaspermisosadjuntos?15806107,20170505000000,L, HTTP/1.1" 200 6117
190.151.100.218 - - [05/May/2017:10:50:01 -0300] "GET /cormun/servlet/licenciaspermisosadjuntos?INS,15806107,L,20170505000000,, HTTP/1.1" 200 5411
186.103.132.155 - - [05/May/2017:10:50:01 -0300] "GET /cormun/static/gxcfg.js?201731711421170 HTTP/1.1" 200 953
186.103.132.155 - - [05/May/2017:10:50:01 -0300] "GET /cormun/static/licenciaspermisosadjuntos.js?201731711421181 HTTP/1.1" 200 8757
190.151.100.218 - - [05/May/2017:10:50:01 -0300] "GET /cormun/static/about:blank HTTP/1.1" 404 1011
186.103.132.155 - - [05/May/2017:10:50:01 -0300] "GET /cormun/servlet/licenciaspermisosadjuntos?INS,15806107,L,20170505000000,, HTTP/1.1" 200 5401
186.103.161.206 - - [05/May/2017:10:50:14 -0300] "GET /cormun/servlet/solicitudot?d63c2323d96c7370b3998470a5cc127ed283fccd83dd387b58ec1e3bb670efd74d8ed7a9543be27d899ae27d8d47491a3aa45366a4a79c3e14deab6f100e7c3feff43de55e55f085daf82c25a15bc7d8bbbdd18f2ec73a28c77948a91c366e11b893713244807cae8965dc50b9ef210ea59af8328eb790456307bbb2fd94030998aa5e817f8a0c3fafd1fd1277a44b9298f7f43fbddc765e4561844c596937d37655ffa7689600b4e7ba0795ea49eafca36d20dcba296926af58e7e68274ede5,gx-no-cache=1493992275505 HTTP/1.1" 200 30
66.249.69.76 - - [05/May/2017:10:50:25 -0300] "GET /robots.txt HTTP/1.1" 404 981
66.249.69.71 - - [05/May/2017:10:50:25 -0300] "GET /cormun/static/Resources/ComunLogin.png HTTP/1.1" 304 -
200.72.197.82 - - [05/May/2017:10:51:14 -0300] "POST /cormun/servlet/solicitudot?c1e072aeafb8fec1164daa58681c7f2e,INS,0,0,,gx-no-cache=1493992334199 HTTP/1.1" 200 11352
186.103.248.213 - - [05/May/2017:10:51:20 -0300] "POST /cormun/servlet/licenciaspermisosadjuntos?38c8d26d2ebcd65fc560df8bbdf473db,INS,15806107,L,20170505000000,, HTTP/1.1" 200 116
186.103.248.213 - - [05/May/2017:10:51:20 -0300] "GET /cormun/servlet/hpexe_return? HTTP/1.1" 200 1039
186.103.248.213 - - [05/May/2017:10:51:21 -0300] "GET /cormun/servlet/trlicenciaspermisosadjuntos?15806107,20170505000000,L, HTTP/1.1" 200 6613
186.103.248.213 - - [05/May/2017:10:51:22 -0300] "GET /cormun/servlet/trlicenciaspermisosadjuntos?15806107,20170505000000,L, HTTP/1.1" 200 6610
186.103.248.213 - - [05/May/2017:10:51:32 -0300] "GET /cormun/servlet/trlicencias? HTTP/1.1" 200 7798
186.103.248.213 - - [05/May/2017:10:51:32 -0300] "GET /cormun/servlet/trlicencias? HTTP/1.1" 200 7797
186.103.158.250 - - [05/May/2017:10:51:37 -0300] "POST /cormun/servlet/solicitudot?gx-no-cache=1493995820935 HTTP/1.1" 200 3163
186.103.158.250 - - [05/May/2017:10:51:38 -0300] "POST /cormun/servlet/solicitudot?99e6d766d1f3a1921a4da6bd17e397a5,INS,0,0,,gx-no-cache=1493995821317 HTTP/1.1" 200 9722
186.103.248.213 - - [05/May/2017:10:51:41 -0300] "GET /cormun/servlet/alicenciaprn?15806107,L,20170505000000,PU HTTP/1.1" 200 1586
186.103.161.206 - - [05/May/2017:10:51:54 -0300] "GET /cormun/servlet/solicitudot?d63c2323d96c7370b3998470a5cc127ed283fccd83dd387b58ec1e3bb670efd7868a305026f63dfaf0b97c5deb9201303aa45366a4a79c3e14deab6f100e7c3feff43de55e55f085daf82c25a15bc7d8bbbdd18f2ec73a28c77948a91c366e11b893713244807cae8965dc50b9ef210ea59af8328eb790456307bbb2fd94030998aa5e817f8a0c3fafd1fd1277a44b9298f7f43fbddc765e4561844c596937d37655ffa7689600b4e7ba0795ea49eafca36d20dcba296926af58e7e68274ede5,gx-no-cache=1493992375009 HTTP/1.1" 200 30
186.103.161.206 - - [05/May/2017:10:51:55 -0300] "POST /cormun/servlet/solicitudot?c1e072aeafb8fec1164daa58681c7f2e,INS,0,0,,gx-no-cache=1493992375105 HTTP/1.1" 200 11404
186.103.248.213 - - [05/May/2017:10:53:04 -0300] "POST /cormun/servlet/trlicencias?38c8d26d2ebcd65fc560df8bbdf473db,,gx-no-cache=1493992443645 HTTP/1.1" 200 4078
186.103.248.213 - - [05/May/2017:10:53:04 -0300] "GET /cormun/static/Shared/jqueryui/images/ui-bg_highlight-soft_100_c6c2c8_1x100.png HTTP/1.1" 404 1117
186.103.248.213 - - [05/May/2017:10:53:04 -0300] "GET /cormun/static/Shared/jqueryui/images/ui-icons_82798d_256x240.png HTTP/1.1" 404 1089
186.103.248.213 - - [05/May/2017:10:53:04 -0300] "GET /cormun/static/Shared/jqueryui/images/ui-bg_flat_55_fafafa_40x100.png HTTP/1.1" 404 1097
186.103.248.213 - - [05/May/2017:10:53:04 -0300] "GET /cormun/static/Shared/jqueryui/images/ui-icons_8d78a5_256x240.png HTTP/1.1" 404 1089
200.72.197.82 - - [05/May/2017:10:53:10 -0300] "POST /cormun/servlet/solicitudot?gx-no-cache=1493992451289 HTTP/1.1" 200 41
200.72.197.82 - - [05/May/2017:10:53:10 -0300] "POST /cormun/servlet/solicitudot?gx-no-cache=1493992451362 HTTP/1.1" 200 1280
200.72.197.82 - - [05/May/2017:10:53:10 -0300] "POST /cormun/servlet/solicitudot?gx-no-cache=1493992451481 HTTP/1.1" 200 1162
200.72.197.82 - - [05/May/2017:10:53:10 -0300] "GET /cormun/servlet/solicitudot?d63c2323d96c7370b3998470a5cc127ed283fccd83dd387b58ec1e3bb670efd78ee82e124953ddbc94742acbb4b6580561a65e367f564c5c9f1af4b5ddb90c01eff43de55e55f085daf82c25a15bc7d8bbbdd18f2ec73a28c77948a91c366e11b893713244807cae8965dc50b9ef210ea59af8328eb790456307bbb2fd94030998aa5e817f8a0c3fafd1fd1277a44b9298f7f43fbddc765e4561844c596937d3a93868e2ded939d1d7a5e987d90743c4910f07781b91088b4f0cc24768d93f83,gx-no-cache=1493992451883 HTTP/1.1" 200 30
200.72.197.82 - - [05/May/2017:10:53:12 -0300] "POST /cormun/servlet/solicitudot?c1e072aeafb8fec1164daa58681c7f2e,INS,0,0,,gx-no-cache=1493992451934 HTTP/1.1" 200 93
200.72.197.82 - - [05/May/2017:10:53:12 -0300] "GET /cormun/servlet/hpexe_return? HTTP/1.1" 200 1002
200.72.197.82 - - [05/May/2017:10:53:13 -0300] "GET /cormun/servlet/trsolicitudot HTTP/1.1" 200 8263
200.72.197.82 - - [05/May/2017:10:53:13 -0300] "GET /cormun/servlet/trsolicitudot HTTP/1.1" 200 8259
200.72.197.82 - - [05/May/2017:10:53:23 -0300] "POST /cormun/servlet/trsolicitudot?c1e072aeafb8fec1164daa58681c7f2e,gx-no-cache=1493992464072 HTTP/1.1" 200 106
200.72.197.82 - - [05/May/2017:10:53:23 -0300] "GET /cormun/servlet/trsolicitudadjuntos?2017,6333, HTTP/1.1" 200 6100
200.72.197.82 - - [05/May/2017:10:53:23 -0300] "GET /cormun/static/gxcfg.js?201731711504543 HTTP/1.1" 200 953
186.103.132.155 - - [05/May/2017:10:53:23 -0300] "GET /cormun/static/trsolicitudadjuntos.js?201731711504951 HTTP/1.1" 200 17913
186.103.132.155 - - [05/May/2017:10:53:24 -0300] "GET /cormun/servlet/trsolicitudadjuntos?2017,6333, HTTP/1.1" 200 6099
186.103.132.155 - - [05/May/2017:10:53:29 -0300] "GET /cormun/servlet/trsolicitudot HTTP/1.1" 200 8263
186.103.132.155 - - [05/May/2017:10:53:29 -0300] "GET /cormun/servlet/trsolicitudot HTTP/1.1" 200 8259
186.103.158.250 - - [05/May/2017:10:55:02 -0300] "GET /cormun/servlet/solicitudot?9af4296f197e5909e2250e9145ea4e5b27f8bfcfbe97d8ff84139d731b3f3528b27b3dd7932310f820b18d4edf929ed9,gx-no-cache=1493996024225 HTTP/1.1" 200 30
200.72.197.82 - - [05/May/2017:10:55:20 -0300] "POST /cormun/servlet/trsolicitudot?c1e072aeafb8fec1164daa58681c7f2e,gx-no-cache=1493992581064 HTTP/1.1" 200 106
200.72.197.82 - - [05/May/2017:10:55:20 -0300] "GET /cormun/servlet/trsolicitudadjuntos?2017,6333, HTTP/1.1" 200 6100
200.72.197.82 - - [05/May/2017:10:55:21 -0300] "GET /cormun/servlet/trsolicitudadjuntos?2017,6333, HTTP/1.1" 200 6099
200.72.197.82 - - [05/May/2017:10:55:26 -0300] "GET /cormun/servlet/trsolicitudot HTTP/1.1" 200 8263
200.72.197.82 - - [05/May/2017:10:55:27 -0300] "GET /cormun/servlet/trsolicitudot HTTP/1.1" 200 8259
200.72.197.82 - - [05/May/2017:10:55:42 -0300] "POST /cormun/servlet/trsolicitudot?c1e072aeafb8fec1164daa58681c7f2e,gx-no-cache=1493992602851 HTTP/1.1" 200 106
200.72.197.82 - - [05/May/2017:10:55:42 -0300] "GET /cormun/servlet/trsolicitudadjuntos?2017,6333, HTTP/1.1" 200 6100
200.72.197.82 - - [05/May/2017:10:55:43 -0300] "GET /cormun/servlet/trsolicitudadjuntos?2017,6333, HTTP/1.1" 200 6099
186.103.132.155 - - [05/May/2017:10:55:48 -0300] "GET /cormun/servlet/solicitudotadjuntos?INS,2017,6333,,2, HTTP/1.1" 200 6035
186.103.132.155 - - [05/May/2017:10:55:49 -0300] "GET /cormun/static/gxcfg.js?201612218465951 HTTP/1.1" 200 953
186.103.132.155 - - [05/May/2017:10:55:49 -0300] "GET /cormun/static/solicitudotadjuntos.js?201612218465969 HTTP/1.1" 200 11762
186.103.132.155 - - [05/May/2017:10:55:49 -0300] "GET /cormun/static/about:blank HTTP/1.1" 404 1011
186.103.132.155 - - [05/May/2017:10:55:49 -0300] "GET /cormun/servlet/solicitudotadjuntos?INS,2017,6333,,2, HTTP/1.1" 200 6029
186.103.132.155 - - [05/May/2017:10:55:49 -0300] "GET /cormun/servlet/solicitudotadjuntos?d63c2323d96c7370b3998470a5cc127e4b0dff5c00cb2f5820a9230aebb28d652cfc3209d0c34143d9d262c5c7e150bf,gx-no-cache=1493992610912 HTTP/1.1" 200 30
186.103.132.155 - - [05/May/2017:10:55:50 -0300] "POST /cormun/servlet/solicitudotadjuntos?c1e072aeafb8fec1164daa58681c7f2e,INS,2017,6333,,2,,gx-no-cache=1493992611045 HTTP/1.1" 200 4050
186.103.132.155 - - [05/May/2017:10:55:55 -0300] "POST /cormun/servlet/solicitudotadjuntos?gx-no-cache=1493992616189 HTTP/1.1" 200 26
186.103.158.250 - - [05/May/2017:10:56:09 -0300] "POST /cormun/servlet/solicitudot?gx-no-cache=1493996093109 HTTP/1.1" 200 240
186.103.158.250 - - [05/May/2017:10:56:10 -0300] "GET /cormun/servlet/solicitudot?9af4296f197e5909e2250e9145ea4e5bf7c3f7ed0701ca69716fbf93c7de29b70f1fd154aa063302a4cfb0b4f805066f0beb78821c5e3ec01ef4d83290c7f3025e68fc176ddef94eca716e29eb1d347cd71e9333e99d40ad9405cfc7a2deb1743cc2e19b95aef3d1f1e9fcafd7921ac989ca0467e1af98f708a30a7cc8db1223dcb23cfe538c2961fe70d61c88284ad297c4e375817793c55a4d448cc39ec1a506905513525b0549b8b266de38c1e8f3680e5f40f5bcbaed48aa030461297d899ad6487189d3550e7b6b30beff65ffea3e53480680a5b59b1a51688bf7fc3057e03949ab92d37a6acf1f47fdc541e30bb0dead66ccd5fae89f4ac875485ca7683391a7ac9a6388f35b37901e28c75ac29425187575f8b266c89238c7befbd11822473505e5496df98b6b087b49bfce2c99101e71a7fd91307b2f243459a9c85fe1d0476b9278b9be51bdf62698f6314784cd7687ca161c900b819d46f3b25b7ecdb6877fc31b70a580bb0cc52251efa757b6ef729e14260bc32923d7d4c2876e,gx-no-cache=1493996093323 HTTP/1.1" 200 30
186.103.158.250 - - [05/May/2017:10:56:10 -0300] "POST /cormun/servlet/solicitudot?gx-no-cache=1493996093669 HTTP/1.1" 200 30
186.103.158.250 - - [05/May/2017:10:56:10 -0300] "POST /cormun/servlet/solicitudot?gx-no-cache=1493996093724 HTTP/1.1" 200 235
186.103.158.250 - - [05/May/2017:10:56:10 -0300] "POST /cormun/servlet/solicitudot?gx-no-cache=1493996093790 HTTP/1.1" 200 38
186.103.132.155 - - [05/May/2017:10:56:31 -0300] "GET /cormun/servlet/solicitudotadjuntos?d63c2323d96c7370b3998470a5cc127e4626257ce6d2ac179469add6f97b3d70,gx-no-cache=1493992652216 HTTP/1.1" 200 30
186.103.132.155 - - [05/May/2017:10:56:31 -0300] "GET /cormun/servlet/solicitudotadjuntos?d63c2323d96c7370b3998470a5cc127e4626257ce6d2ac179469add6f97b3d70,gx-no-cache=1493992652280 HTTP/1.1" 200 30
186.103.132.155 - - [05/May/2017:10:56:37 -0300] "POST /cormun/servlet/solicitudotadjuntos?c1e072aeafb8fec1164daa58681c7f2e,INS,2017,6333,,2, HTTP/1.1" 200 116
186.103.132.155 - - [05/May/2017:10:56:37 -0300] "GET /cormun/servlet/hpexe_return? HTTP/1.1" 200 1020
186.103.132.155 - - [05/May/2017:10:56:38 -0300] "GET /cormun/servlet/trsolicitudadjuntos?2017,6333, HTTP/1.1" 200 8260
186.103.132.155 - - [05/May/2017:10:56:38 -0300] "GET /cormun/servlet/trsolicitudadjuntos?2017,6333, HTTP/1.1" 200 8256
186.103.158.250 - - [05/May/2017:10:56:52 -0300] "POST /cormun/servlet/solicitudot?gx-no-cache=1493996135518 HTTP/1.1" 200 30
186.103.158.250 - - [05/May/2017:10:56:57 -0300] "POST /cormun/servlet/solicitudot?gx-no-cache=1493996140826 HTTP/1.1" 200 723
186.103.158.250 - - [05/May/2017:10:56:57 -0300] "POST /cormun/servlet/solicitudot?gx-no-cache=1493996140890 HTTP/1.1" 200 38
186.103.158.250 - - [05/May/2017:10:57:15 -0300] "GET /cormun/servlet/solicitudot?9af4296f197e5909e2250e9145ea4e5b64c10d0c86ec561659959814492fe7f1c01f8374e3e5b436223a4b6b004bedb547bccc6c7a51b71b0672b98d3237dd909ac23fc53e3a230d91fb9bec851d7869be470e7aa387e984ab97911d6b14c62573bcd019be685d7b11e216be32cdd91e,gx-no-cache=1493996158604 HTTP/1.1" 200 29
186.103.158.250 - - [05/May/2017:10:57:15 -0300] "POST /cormun/servlet/solicitudot?gx-no-cache=1493996158639 HTTP/1.1" 200 709
186.103.158.250 - - [05/May/2017:10:57:17 -0300] "POST /cormun/servlet/solicitudot?gx-no-cache=1493996160650 HTTP/1.1" 200 1162
186.103.161.206 - - [05/May/2017:10:58:06 -0300] "GET /cormun/servlet/solicitudotadjuntos?INS,2017,6333,,2, HTTP/1.1" 200 6035
186.103.158.250 - - [05/May/2017:10:58:31 -0300] "POST /cormun/servlet/solicitudot?gx-no-cache=1493996234822 HTTP/1.1" 200 1280
186.103.158.250 - - [05/May/2017:10:58:31 -0300] "POST /cormun/servlet/solicitudot?gx-no-cache=1493996235074 HTTP/1.1" 200 1162
186.103.158.250 - - [05/May/2017:10:58:31 -0300] "GET /cormun/static/menuarrow.gif HTTP/1.1" 404 1015
186.103.158.250 - - [05/May/2017:10:58:35 -0300] "POST /cormun/servlet/solicitudot?gx-no-cache=1493996238346 HTTP/1.1" 200 1280
186.103.158.250 - - [05/May/2017:10:58:35 -0300] "POST /cormun/servlet/solicitudot?gx-no-cache=1493996239128 HTTP/1.1" 200 1162
186.103.158.250 - - [05/May/2017:10:59:01 -0300] "GET /cormun/servlet/solicitudot?9af4296f197e5909e2250e9145ea4e5bc750d4112624be79267bf4ac52a1c61ce0eb013e3fb6a06a539200e49b6491f05329c867fbeb6c85bff225f75865adb84b0afbe3583b88b08e74551a2c32fa064f36a960508441f154968b93f651abdcd34a937001f68482912b0f4d13a939d7a2d68dd49780dea8f0922aa5fd6982e4218f3dbd896c537ae2ca43a41a9f1b4e11e47687ab0cf7e7731e74f74367cec70e64173380407cd6850f59da1daa2957,gx-no-cache=1493996264557 HTTP/1.1" 200 30
186.103.158.250 - - [05/May/2017:10:59:44 -0300] "POST /cormun/servlet/solicitudot?99e6d766d1f3a1921a4da6bd17e397a5,INS,0,0,,gx-no-cache=1493996307362 HTTP/1.1" 200 11096
186.103.158.250 - - [05/May/2017:10:59:44 -0300] "GET /cormun/static/Shared/jqueryui/images/ui-bg_highlight-soft_100_c6c2c8_1x100.png HTTP/1.1" 404 1117
186.103.158.250 - - [05/May/2017:10:59:44 -0300] "GET /cormun/static/Shared/jqueryui/images/ui-icons_82798d_256x240.png HTTP/1.1" 404 1089
186.103.158.250 - - [05/May/2017:10:59:44 -0300] "GET /cormun/static/Shared/jqueryui/images/ui-bg_flat_55_994d53_40x100.png HTTP/1.1" 404 1097
186.103.158.250 - - [05/May/2017:10:59:44 -0300] "GET /cormun/static/Shared/jqueryui/images/ui-icons_ebccce_256x240.png HTTP/1.1" 404 1089
186.103.158.250 - - [05/May/2017:10:59:53 -0300] "POST /cormun/servlet/solicitudot?99e6d766d1f3a1921a4da6bd17e397a5,INS,0,0,,gx-no-cache=1493996316927 HTTP/1.1" 200 93
186.103.158.250 - - [05/May/2017:10:59:53 -0300] "GET /cormun/servlet/hpexe_return? HTTP/1.1" 200 1002
186.103.158.250 - - [05/May/2017:10:59:53 -0300] "GET /cormun/static/gxcfg.js?2016101716175148 HTTP/1.1" 200 953
186.103.158.250 - - [05/May/2017:10:59:53 -0300] "GET /cormun/static/hpexe_return.js?2016101716175153 HTTP/1.1" 200 1633
186.103.158.250 - - [05/May/2017:10:59:53 -0300] "GET /cormun/static/Resources/Spanish/PXTools.css?167811 HTTP/1.1" 200 89042
186.103.158.250 - - [05/May/2017:10:59:54 -0300] "GET /cormun/servlet/trsolicitudot HTTP/1.1" 200 6742
186.103.158.250 - - [05/May/2017:10:59:55 -0300] "GET /cormun/servlet/trsolicitudot HTTP/1.1" 200 6738
186.103.158.250 - - [05/May/2017:11:00:01 -0300] "GET /cormun/servlet/solicitudot?INS,0,0, HTTP/1.1" 200 12600
186.103.158.250 - - [05/May/2017:11:00:03 -0300] "GET /cormun/servlet/solicitudot?INS,0,0, HTTP/1.1" 200 12605
186.103.158.250 - - [05/May/2017:11:00:54 -0300] "POST /cormun/servlet/solicitudot?gx-no-cache=1493996377721 HTTP/1.1" 200 3163
186.103.158.250 - - [05/May/2017:11:00:55 -0300] "POST /cormun/servlet/solicitudot?99e6d766d1f3a1921a4da6bd17e397a5,INS,0,0,,gx-no-cache=1493996378413 HTTP/1.1" 200 9722
186.103.158.250 - - [05/May/2017:11:01:00 -0300] "GET /cormun/servlet/solicitudot?9af4296f197e5909e2250e9145ea4e5b27f8bfcfbe97d8ff84139d731b3f3528b27b3dd7932310f820b18d4edf929ed9,gx-no-cache=1493996383496 HTTP/1.1" 200 30
200.72.197.82 - - [05/May/2017:11:01:18 -0300] "GET /cormun/static/about:blank HTTP/1.1" 404 1011
186.103.161.206 - - [05/May/2017:11:01:18 -0300] "GET /cormun/servlet/solicitudotadjuntos?INS,2017,6333,,2, HTTP/1.1" 200 6029
200.72.197.82 - - [05/May/2017:11:01:18 -0300] "GET /cormun/servlet/solicitudotadjuntos?d63c2323d96c7370b3998470a5cc127e4b0dff5c00cb2f5820a9230aebb28d652cfc3209d0c34143d9d262c5c7e150bf,gx-no-cache=1493992939783 HTTP/1.1" 200 30
200.72.197.82 - - [05/May/2017:11:01:19 -0300] "POST /cormun/servlet/solicitudotadjuntos?c1e072aeafb8fec1164daa58681c7f2e,INS,2017,6333,,2,,gx-no-cache=1493992939857 HTTP/1.1" 200 4050
186.103.158.250 - - [05/May/2017:11:01:52 -0300] "POST /cormun/servlet/solicitudot?gx-no-cache=1493996435380 HTTP/1.1" 200 240
186.103.158.250 - - [05/May/2017:11:01:52 -0300] "GET /cormun/servlet/solicitudot?9af4296f197e5909e2250e9145ea4e5bf7c3f7ed0701ca69716fbf93c7de29b70f1fd154aa063302a4cfb0b4f805066f0beb78821c5e3ec01ef4d83290c7f3025e68fc176ddef94eca716e29eb1d347cd71e9333e99d40ad9405cfc7a2deb1743cc2e19b95aef3d1f1e9fcafd7921ac989ca0467e1af98f708a30a7cc8db1223dcb23cfe538c2961fe70d61c88284ad297c4e375817793c55a4d448cc39ec1a506905513525b0549b8b266de38c1e8f3680e5f40f5bcbaed48aa030461297d899ad6487189d3550e7b6b30beff65ffea3e53480680a5b59b1a51688bf7fc3057e03949ab92d37a6acf1f47fdc541e30bb0dead66ccd5fae89f4ac875485ca7683391a7ac9a6388f35b37901e28c75ac29425187575f8b266c89238c7befbd11822473505e5496df98b6b087b49bfce2c99101e71a7fd91307b2f243459a9c85fe1d0476b9278b9be51bdf62698f6314784cd7687ca161c900b819d46f3b25b7ecdb6877fc31b70a580bb0cc52251efa757b6ef729e14260bc32923d7d4c2876e,gx-no-cache=1493996435470 HTTP/1.1" 200 30
186.103.158.250 - - [05/May/2017:11:01:52 -0300] "POST /cormun/servlet/solicitudot?gx-no-cache=1493996435511 HTTP/1.1" 200 30
186.103.158.250 - - [05/May/2017:11:01:52 -0300] "POST /cormun/servlet/solicitudot?gx-no-cache=1493996435578 HTTP/1.1" 200 235
186.103.158.250 - - [05/May/2017:11:01:52 -0300] "POST /cormun/servlet/solicitudot?gx-no-cache=1493996435654 HTTP/1.1" 200 38
186.103.158.250 - - [05/May/2017:11:01:57 -0300] "GET /cormun/servlet/solicitudot?9af4296f197e5909e2250e9145ea4e5b64c10d0c86ec561659959814492fe7f1c01f8374e3e5b436223a4b6b004bedb547bccc6c7a51b71b0672b98d3237dd909ac23fc53e3a230d91fb9bec851d7869be470e7aa387e984ab97911d6b14c62573bcd019be685d7b11e216be32cdd91e,gx-no-cache=1493996440630 HTTP/1.1" 200 29
186.103.158.250 - - [05/May/2017:11:01:57 -0300] "POST /cormun/servlet/solicitudot?gx-no-cache=1493996440669 HTTP/1.1" 200 709
186.103.158.250 - - [05/May/2017:11:01:59 -0300] "POST /cormun/servlet/solicitudot?gx-no-cache=1493996442784 HTTP/1.1" 200 1162
186.103.161.206 - - [05/May/2017:11:03:10 -0300] "POST /cormun/servlet/solicitudotadjuntos?gx-no-cache=1493993051086 HTTP/1.1" 200 26
186.79.163.186 - - [05/May/2017:11:03:15 -0300] "GET /cormun/servlet/hlogin HTTP/1.1" 200 1729
186.79.163.186 - - [05/May/2017:11:03:15 -0300] "GET /cormun/static/gxcfg.js?201741110203197 HTTP/1.1" 304 -
186.79.163.186 - - [05/May/2017:11:03:15 -0300] "GET /cormun/static/messages.spa.js?85251 HTTP/1.1" 304 -
186.79.163.186 - - [05/May/2017:11:03:15 -0300] "GET /cormun/static/hlogin.js?201741110203211 HTTP/1.1" 304 -
186.79.163.186 - - [05/May/2017:11:03:15 -0300] "GET /cormun/static/Resources/PXToolsLoginBackground.png HTTP/1.1" 200 1164
186.79.163.186 - - [05/May/2017:11:03:15 -0300] "GET /cormun/static/Resources/PXToolsLoginBottom.png HTTP/1.1" 200 1389
186.79.163.186 - - [05/May/2017:11:03:15 -0300] "GET /cormun/servlet/hlogin HTTP/1.1" 200 1738
186.79.163.186 - - [05/May/2017:11:03:21 -0300] "POST /cormun/servlet/hlogin?4e5cf7c66bb984488e1ee7f0156d2cb3,gx-no-cache=1493993062031 HTTP/1.1" 200 90
186.79.163.186 - - [05/May/2017:11:03:21 -0300] "GET /cormun/servlet/hpexe_link HTTP/1.1" 200 959
186.103.158.250 - - [05/May/2017:11:03:21 -0300] "POST /cormun/servlet/solicitudot?gx-no-cache=1493996524998 HTTP/1.1" 200 30
186.79.163.186 - - [05/May/2017:11:03:21 -0300] "GET /cormun/static/gxcfg.js?201731711483381 HTTP/1.1" 304 -
186.79.163.186 - - [05/May/2017:11:03:21 -0300] "GET /cormun/servlet/hhome HTTP/1.1" 200 3820
186.79.163.186 - - [05/May/2017:11:03:22 -0300] "GET /cormun/static/gxcfg.js?201731711483497 HTTP/1.1" 304 -
186.79.163.186 - - [05/May/2017:11:03:22 -0300] "GET /cormun/servlet/hhome HTTP/1.1" 200 3816
186.103.158.250 - - [05/May/2017:11:03:26 -0300] "POST /cormun/servlet/solicitudot?gx-no-cache=1493996530111 HTTP/1.1" 200 1293
186.103.158.250 - - [05/May/2017:11:03:27 -0300] "POST /cormun/servlet/solicitudot?gx-no-cache=1493996530282 HTTP/1.1" 200 38
186.103.158.250 - - [05/May/2017:11:03:27 -0300] "POST /cormun/servlet/solicitudot?gx-no-cache=1493996530341 HTTP/1.1" 200 1280
186.103.158.250 - - [05/May/2017:11:03:27 -0300] "POST /cormun/servlet/solicitudot?gx-no-cache=1493996530439 HTTP/1.1" 200 1162
186.103.158.250 - - [05/May/2017:11:03:27 -0300] "GET /cormun/static/menuarrow.gif HTTP/1.1" 404 1015
186.79.163.186 - - [05/May/2017:11:03:28 -0300] "GET /cormun/servlet/trsolicitudot? HTTP/1.1" 200 8055
186.79.163.186 - - [05/May/2017:11:03:29 -0300] "GET /cormun/servlet/trsolicitudot? HTTP/1.1" 200 8053
186.103.158.250 - - [05/May/2017:11:03:30 -0300] "POST /cormun/servlet/solicitudot?gx-no-cache=1493996533721 HTTP/1.1" 200 30
186.103.158.250 - - [05/May/2017:11:03:30 -0300] "POST /cormun/servlet/solicitudot?gx-no-cache=1493996533802 HTTP/1.1" 200 1293
186.103.158.250 - - [05/May/2017:11:03:30 -0300] "POST /cormun/servlet/solicitudot?gx-no-cache=1493996533908 HTTP/1.1" 200 38
186.103.158.250 - - [05/May/2017:11:03:30 -0300] "POST /cormun/servlet/solicitudot?gx-no-cache=1493996533956 HTTP/1.1" 200 1280
186.103.158.250 - - [05/May/2017:11:03:30 -0300] "POST /cormun/servlet/solicitudot?gx-no-cache=1493996534027 HTTP/1.1" 200 1162
186.103.132.155 - - [05/May/2017:11:03:32 -0300] "GET /cormun/servlet/solicitudotadjuntos?d63c2323d96c7370b3998470a5cc127e4626257ce6d2ac179469add6f97b3d70,gx-no-cache=1493993073349 HTTP/1.1" 200 30
186.103.132.155 - - [05/May/2017:11:03:32 -0300] "GET /cormun/servlet/solicitudotadjuntos?d63c2323d96c7370b3998470a5cc127e4626257ce6d2ac179469add6f97b3d70,gx-no-cache=1493993073751 HTTP/1.1" 200 30
200.86.95.220 - - [05/May/2017:11:03:43 -0300] "GET /cormun/servlet/trpermisosadjuntos?14051559,20170505105233,P, HTTP/1.1" 200 5439
200.86.95.220 - - [05/May/2017:11:03:43 -0300] "GET /cormun/static/gxcfg.js?201731711542659 HTTP/1.1" 200 953
200.86.95.220 - - [05/May/2017:11:03:43 -0300] "GET /cormun/static/trpermisosadjuntos.js?201731711542990 HTTP/1.1" 200 20045
200.86.95.220 - - [05/May/2017:11:03:45 -0300] "GET /cormun/servlet/trpermisosadjuntos?14051559,20170505105233,P, HTTP/1.1" 200 5438
200.86.95.220 - - [05/May/2017:11:03:45 -0300] "GET /cormun/servlet/hlogin HTTP/1.1" 200 1761
186.79.163.186 - - [05/May/2017:11:03:49 -0300] "POST /cormun/servlet/trsolicitudot?4e5cf7c66bb984488e1ee7f0156d2cb3,,gx-no-cache=1493993090004 HTTP/1.1" 200 106
186.79.163.186 - - [05/May/2017:11:03:50 -0300] "GET /cormun/servlet/solicitudot?UPD,2017,6293, HTTP/1.1" 200 14288
186.79.163.186 - - [05/May/2017:11:03:50 -0300] "GET /cormun/static/gxcfg.js?20171191042720 HTTP/1.1" 200 953
186.79.163.186 - - [05/May/2017:11:03:50 -0300] "GET /cormun/servlet/solicitudot?UPD,2017,6293, HTTP/1.1" 200 14298
186.79.163.186 - - [05/May/2017:11:03:51 -0300] "POST /cormun/servlet/solicitudot?gx-no-cache=1493993091706 HTTP/1.1" 200 3156
186.79.163.186 - - [05/May/2017:11:03:52 -0300] "POST /cormun/servlet/solicitudot?4e5cf7c66bb984488e1ee7f0156d2cb3,UPD,2017,6293,,gx-no-cache=1493993092147 HTTP/1.1" 200 10855
186.79.163.186 - - [05/May/2017:11:03:52 -0300] "GET /cormun/servlet/solicitudot?f57f85d23c9c22e9f263861aa72c22e22b33dfaad041735e3fb4dd89bd48cdab1f577f59c0a0687922290cad7a2390aa,gx-no-cache=1493993092662 HTTP/1.1" 200 30
186.79.163.186 - - [05/May/2017:11:03:52 -0300] "POST /cormun/servlet/solicitudot?gx-no-cache=1493993092722 HTTP/1.1" 200 254
186.79.163.186 - - [05/May/2017:11:03:52 -0300] "GET /cormun/servlet/solicitudot?f57f85d23c9c22e9f263861aa72c22e2cac56062ef4eb0fe43a0d4ccfecc48446c2a96c8c29658a570ec1227efc1933f7985a358596aef3dbc5bbd8ec458eb4e59c184f6dbff97f9f3f65a5a02c088f55cf7fe3dcc7c7c0a1d8d6285be7d4fe5b1649fa5df7dc2e388450fe9276a633b2ae70bd5f9baa8540a6af48fd9cda419e038f43f82e2c21cbf2acf9537517c46fa90a667d4f49b2744c0f15a21a464b7de67cd6c1fec082e01a2295e8019773f9f9853b950bb42c9663d9b6d50bc3638065e9f8a32b4c2b49625c9c6c66d5bdbf2192681c79e4e973a494cc8f18e2b7751206902f35210a51adcc98c28176e35000f320ca389da9b272ab94fcf9cdd265a3f805af24163f0beb74f568a27626a3eae68e5d99a626d43c74069dbc6db53ed9858d700f95f850144d964970d5e97b6224e70aa3803bd35da4e218c296a400f1f001983d16c70a2d3467a9b738c7ba4ea1b7468b2e8ddea224715346d7bcee2a6398100bf1298bc04390ea4d879007d4f2a438a0e972357d596176cfe7d5c,gx-no-cache=1493993092808 HTTP/1.1" 200 30
186.79.163.186 - - [05/May/2017:11:03:52 -0300] "POST /cormun/servlet/solicitudot?gx-no-cache=1493993092880 HTTP/1.1" 200 30
186.79.163.186 - - [05/May/2017:11:03:52 -0300] "POST /cormun/servlet/solicitudot?gx-no-cache=1493993092970 HTTP/1.1" 200 1292
186.79.163.186 - - [05/May/2017:11:03:52 -0300] "POST /cormun/servlet/solicitudot?gx-no-cache=1493993093163 HTTP/1.1" 200 41
186.103.132.155 - - [05/May/2017:11:03:53 -0300] "POST /cormun/servlet/solicitudotadjuntos?c1e072aeafb8fec1164daa58681c7f2e,INS,2017,6333,,2, HTTP/1.1" 200 6183
186.103.132.155 - - [05/May/2017:11:03:53 -0300] "GET /home/sistema/apache-tomcat-7.0.65/webapps/cormun/PrivateTempStorage/upload_00006487.pdf HTTP/1.1" 404 1135
186.103.132.155 - - [05/May/2017:11:03:53 -0300] "GET /cormun/static/Shared/jqueryui/images/ui-icons_82798d_256x240.png HTTP/1.1" 404 1089
190.151.100.218 - - [05/May/2017:11:03:53 -0300] "GET /cormun/static/Shared/jqueryui/images/ui-bg_highlight-soft_100_c6c2c8_1x100.png HTTP/1.1" 404 1117
186.103.132.155 - - [05/May/2017:11:03:53 -0300] "GET /cormun/static/Shared/jqueryui/images/ui-bg_flat_55_994d53_40x100.png HTTP/1.1" 404 1097
186.103.132.155 - - [05/May/2017:11:03:53 -0300] "GET /cormun/static/Shared/jqueryui/images/ui-icons_ebccce_256x240.png HTTP/1.1" 404 1089
186.103.132.155 - - [05/May/2017:11:03:54 -0300] "GET /cormun/PrivateTempStorage/upload_00006487.pdf HTTP/1.1" 200 695116
186.79.163.186 - - [05/May/2017:11:03:54 -0300] "GET /cormun/servlet/solicitudot?f57f85d23c9c22e9f263861aa72c22e2b0cf63370a8aef5dde64c5d3fec85cc16236b7437ad50b11c24e30fc2510dc9a297e543781b3fbd0f307dddd4912bb2aa83614938e09c96e0d96f1cb0db810d3d1047543ec96733a310793e4a9409851e53a3d525a64b05dbf7414f1624e8f1efbfe305670bdd558713137118a1f2eadc357b953f74fb435a27b121fddeeef41e2c01d1ca39818fa22801d121648c3fb51d362d427579ebcd81c5c5a0f3effa14df7696b3e241a168870741938ee926d31e7a807a752d9c85073b44ed3da7f74,gx-no-cache=1493993094670 HTTP/1.1" 200 29
186.79.163.186 - - [05/May/2017:11:03:54 -0300] "POST /cormun/servlet/solicitudot?gx-no-cache=1493993094756 HTTP/1.1" 200 1280
186.79.163.186 - - [05/May/2017:11:03:54 -0300] "POST /cormun/servlet/solicitudot?gx-no-cache=1493993094967 HTTP/1.1" 200 1161
186.79.163.186 - - [05/May/2017:11:03:54 -0300] "GET /cormun/servlet/solicitudot?f57f85d23c9c22e9f263861aa72c22e25f9a8b864ff26b3edf7e727346c7e71979eca7731c1ee60c9081e62fa4e9e2e24c0eab79c7088b3de11af4d2e4400af2acae6b168eee56520177e18135f59df12bd3bf013e49b235ee9e1a0783c42f6a19152bb6dcbcad5fe12d90a44e1a23db7ded307f1a08da35dc6ec23e727790f42c26c7755051e0569e2a35b8681d46c9f167d2acd6d6ad7ee11bb4487f2b0469f6682c95952e6949ba0a6ed89ced72e5,gx-no-cache=1493993095186 HTTP/1.1" 200 30
200.86.95.220 - - [05/May/2017:11:04:03 -0300] "POST /cormun/servlet/hlogin?cc95e8656d139383dd0d5684b2221d80,gx-no-cache=1493993105495 HTTP/1.1" 200 90
200.86.95.220 - - [05/May/2017:11:04:03 -0300] "GET /cormun/servlet/hpexe_link HTTP/1.1" 200 980
200.86.95.220 - - [05/May/2017:11:04:03 -0300] "GET /cormun/servlet/trpermisosadjuntos?14051559,20170505105233,P, HTTP/1.1" 200 5903
200.86.95.220 - - [05/May/2017:11:04:05 -0300] "GET /cormun/servlet/trpermisosadjuntos?14051559,20170505105233,P, HTTP/1.1" 200 5902
200.86.95.220 - - [05/May/2017:11:04:08 -0300] "GET /cormun/servlet/permisosadjuntos?INS,14051559,P,20170505105233,, HTTP/1.1" 200 5409
200.86.95.220 - - [05/May/2017:11:04:08 -0300] "GET /cormun/static/gxcfg.js?201741111155774 HTTP/1.1" 200 953
200.86.95.220 - - [05/May/2017:11:04:08 -0300] "GET /cormun/static/permisosadjuntos.js?201741111155784 HTTP/1.1" 200 8724
200.86.95.220 - - [05/May/2017:11:04:08 -0300] "GET /cormun/static/about:blank HTTP/1.1" 404 1011
200.86.95.220 - - [05/May/2017:11:04:09 -0300] "GET /cormun/servlet/permisosadjuntos?INS,14051559,P,20170505105233,, HTTP/1.1" 200 5400
190.151.100.218 - - [05/May/2017:11:04:10 -0300] "GET /cormun/servlet/solicitudotadjuntos?d63c2323d96c7370b3998470a5cc127ebdd638fd88c916c44de3985d140f750c25bcd59fd714e831f00989a3a5636413,gx-no-cache=1493993110979 HTTP/1.1" 200 30
186.79.163.186 - - [05/May/2017:11:04:14 -0300] "POST /cormun/servlet/solicitudot?4e5cf7c66bb984488e1ee7f0156d2cb3,UPD,2017,6293,,gx-no-cache=1493993114332 HTTP/1.1" 200 93
186.79.163.186 - - [05/May/2017:11:04:14 -0300] "GET /cormun/servlet/hpexe_return? HTTP/1.1" 200 1020
186.79.163.186 - - [05/May/2017:11:04:14 -0300] "GET /cormun/static/gxcfg.js?2016101716175148 HTTP/1.1" 304 -
186.79.163.186 - - [05/May/2017:11:04:14 -0300] "GET /cormun/servlet/trsolicitudot HTTP/1.1" 200 8057
186.79.163.186 - - [05/May/2017:11:04:15 -0300] "GET /cormun/servlet/trsolicitudot HTTP/1.1" 200 8053
200.86.95.220 - - [05/May/2017:11:04:18 -0300] "POST /cormun/servlet/permisosadjuntos?cc95e8656d139383dd0d5684b2221d80,INS,14051559,P,20170505105233,, HTTP/1.1" 200 116
200.86.95.220 - - [05/May/2017:11:04:18 -0300] "GET /cormun/servlet/hpexe_return? HTTP/1.1" 200 1035
200.86.95.220 - - [05/May/2017:11:04:19 -0300] "GET /cormun/servlet/trpermisosadjuntos?14051559,20170505105233,P, HTTP/1.1" 200 6416
200.86.95.220 - - [05/May/2017:11:04:20 -0300] "GET /cormun/servlet/trpermisosadjuntos?14051559,20170505105233,P, HTTP/1.1" 200 6412
200.86.95.220 - - [05/May/2017:11:04:20 -0300] "GET /cormun/PublicTempStorage/img2349174764.jpg HTTP/1.1" 200 403832
186.79.163.186 - - [05/May/2017:11:04:31 -0300] "POST /cormun/servlet/trsolicitudot?4e5cf7c66bb984488e1ee7f0156d2cb3,gx-no-cache=1493993132069 HTTP/1.1" 200 107
186.79.163.186 - - [05/May/2017:11:04:32 -0300] "GET /cormun/servlet/trsolicitudadjuntos?2017,6293, HTTP/1.1" 200 9002
186.79.163.186 - - [05/May/2017:11:04:32 -0300] "GET /cormun/static/gxcfg.js?201731711504543 HTTP/1.1" 200 953
186.79.163.186 - - [05/May/2017:11:04:32 -0300] "GET /cormun/servlet/trsolicitudadjuntos?2017,6293, HTTP/1.1" 200 9002
186.103.158.250 - - [05/May/2017:11:04:33 -0300] "GET /cormun/servlet/solicitudot?9af4296f197e5909e2250e9145ea4e5bc750d4112624be79267bf4ac52a1c61ce0eb013e3fb6a06a539200e49b6491f05329c867fbeb6c85bff225f75865adb84b0afbe3583b88b08e74551a2c32fa064f36a960508441f154968b93f651abdcd34a937001f68482912b0f4d13a939d7a2d68dd49780dea8f0922aa5fd6982e4218f3dbd896c537ae2ca43a41a9f1b4e11e47687ab0cf7e7731e74f74367cec70e64173380407cd6850f59da1daa2957,gx-no-cache=1493996596670 HTTP/1.1" 200 30
200.86.95.220 - - [05/May/2017:11:04:33 -0300] "GET /cormun/servlet/trpermisosgoce? HTTP/1.1" 200 7623
200.86.95.220 - - [05/May/2017:11:04:34 -0300] "GET /cormun/servlet/trpermisosgoce? HTTP/1.1" 200 7622
200.86.95.220 - - [05/May/2017:11:04:37 -0300] "GET /cormun/servlet/trpermisosadjuntos?16846320,20170503121911,P, HTTP/1.1" 200 5907
200.86.95.220 - - [05/May/2017:11:04:38 -0300] "GET /cormun/servlet/trpermisosadjuntos?16846320,20170503121911,P, HTTP/1.1" 200 5907
186.79.163.186 - - [05/May/2017:11:04:38 -0300] "POST /cormun/servlet/trsolicitudadjuntos?4e5cf7c66bb984488e1ee7f0156d2cb3,2017,6293,,gx-no-cache=1493993139080 HTTP/1.1" 200 90
186.79.163.186 - - [05/May/2017:11:04:38 -0300] "GET /cormun/servlet/hpexe_link HTTP/1.1" 200 976
186.79.163.186 - - [05/May/2017:11:04:39 -0300] "GET /cormun/servlet/trsolicitudot HTTP/1.1" 200 8055
186.79.163.186 - - [05/May/2017:11:04:39 -0300] "GET /cormun/servlet/trsolicitudot HTTP/1.1" 200 8053
200.86.95.220 - - [05/May/2017:11:04:41 -0300] "GET /cormun/servlet/permisosadjuntos?INS,16846320,P,20170503121911,, HTTP/1.1" 200 5420
200.86.95.220 - - [05/May/2017:11:04:41 -0300] "GET /cormun/static/about:blank HTTP/1.1" 404 1011
186.79.163.186 - - [05/May/2017:11:04:42 -0300] "POST /cormun/servlet/trsolicitudot?4e5cf7c66bb984488e1ee7f0156d2cb3,gx-no-cache=1493993142137 HTTP/1.1" 200 4157
186.79.163.186 - - [05/May/2017:11:04:42 -0300] "GET /cormun/static/Shared/jqueryui/images/ui-bg_highlight-soft_100_c6c2c8_1x100.png HTTP/1.1" 404 1117
186.79.163.186 - - [05/May/2017:11:04:42 -0300] "GET /cormun/static/Shared/jqueryui/images/ui-bg_flat_55_fafafa_40x100.png HTTP/1.1" 404 1097
186.79.163.186 - - [05/May/2017:11:04:42 -0300] "GET /cormun/static/Shared/jqueryui/images/ui-icons_82798d_256x240.png HTTP/1.1" 404 1089
200.86.95.220 - - [05/May/2017:11:04:42 -0300] "GET /cormun/servlet/permisosadjuntos?INS,16846320,P,20170503121911,, HTTP/1.1" 200 5409
186.79.163.186 - - [05/May/2017:11:04:42 -0300] "GET /cormun/static/Shared/jqueryui/images/ui-icons_8d78a5_256x240.png HTTP/1.1" 404 1089
186.79.163.186 - - [05/May/2017:11:04:42 -0300] "POST /cormun/servlet/trsolicitudot?4e5cf7c66bb984488e1ee7f0156d2cb3,gx-no-cache=1493993142619 HTTP/1.1" 200 3951
200.86.95.220 - - [05/May/2017:11:04:50 -0300] "POST /cormun/servlet/permisosadjuntos?cc95e8656d139383dd0d5684b2221d80,INS,16846320,P,20170503121911,, HTTP/1.1" 200 116
200.86.95.220 - - [05/May/2017:11:04:50 -0300] "GET /cormun/servlet/hpexe_return? HTTP/1.1" 200 1035
200.86.95.220 - - [05/May/2017:11:04:50 -0300] "GET /cormun/servlet/trpermisosadjuntos?16846320,20170503121911,P, HTTP/1.1" 200 6427
200.86.95.220 - - [05/May/2017:11:04:51 -0300] "GET /cormun/servlet/trpermisosadjuntos?16846320,20170503121911,P, HTTP/1.1" 200 6423
200.86.95.220 - - [05/May/2017:11:04:51 -0300] "GET /cormun/PublicTempStorage/img2333812261.jpg HTTP/1.1" 200 433970
200.86.95.220 - - [05/May/2017:11:04:57 -0300] "GET /cormun/servlet/trpermisosgoce? HTTP/1.1" 200 7623
200.86.95.220 - - [05/May/2017:11:04:58 -0300] "GET /cormun/servlet/trpermisosgoce? HTTP/1.1" 200 7622
200.86.95.220 - - [05/May/2017:11:05:06 -0300] "POST /cormun/servlet/trpermisosgoce?cc95e8656d139383dd0d5684b2221d80,,gx-no-cache=1493993168682 HTTP/1.1" 200 4713
200.86.95.220 - - [05/May/2017:11:05:06 -0300] "GET /cormun/static/Shared/jqueryui/images/ui-bg_highlight-soft_100_c6c2c8_1x100.png HTTP/1.1" 404 1117
200.86.95.220 - - [05/May/2017:11:05:06 -0300] "GET /cormun/static/Shared/jqueryui/images/ui-icons_82798d_256x240.png HTTP/1.1" 404 1089
200.86.95.220 - - [05/May/2017:11:05:06 -0300] "GET /cormun/static/Shared/jqueryui/images/ui-icons_8d78a5_256x240.png HTTP/1.1" 404 1089
200.86.95.220 - - [05/May/2017:11:05:06 -0300] "GET /cormun/static/Shared/jqueryui/images/ui-bg_flat_55_fafafa_40x100.png HTTP/1.1" 404 1097
200.86.95.220 - - [05/May/2017:11:05:09 -0300] "POST /cormun/servlet/trpermisosgoce?cc95e8656d139383dd0d5684b2221d80,,gx-no-cache=1493993171514 HTTP/1.1" 200 3996
200.86.95.220 - - [05/May/2017:11:05:19 -0300] "GET /cormun/servlet/hlogin HTTP/1.1" 200 1719
186.103.158.250 - - [05/May/2017:11:05:27 -0300] "POST /cormun/servlet/solicitudot?99e6d766d1f3a1921a4da6bd17e397a5,INS,0,0,,gx-no-cache=1493996650195 HTTP/1.1" 200 93
186.103.158.250 - - [05/May/2017:11:05:27 -0300] "GET /cormun/servlet/hpexe_return? HTTP/1.1" 200 1002
186.103.158.250 - - [05/May/2017:11:05:27 -0300] "GET /cormun/servlet/trsolicitudot HTTP/1.1" 200 8000
186.103.158.250 - - [05/May/2017:11:05:29 -0300] "GET /cormun//static/Resources/PXToolsActionView.png HTTP/1.1" 200 2995
186.103.158.250 - - [05/May/2017:11:05:29 -0300] "GET /cormun//static/Resources/PXToolsGridUpdate.png HTTP/1.1" 200 2984
186.103.158.250 - - [05/May/2017:11:05:29 -0300] "GET /cormun//static/Resources/PXToolsGridDelete.png HTTP/1.1" 200 357
186.103.158.250 - - [05/May/2017:11:05:29 -0300] "GET /cormun//static/Resources/PXToolsRemoveAllAction.png HTTP/1.1" 200 3558
186.103.158.250 - - [05/May/2017:11:05:29 -0300] "GET /cormun//static/Resources/PXTools/ActionInsert.png HTTP/1.1" 200 1482
186.103.158.250 - - [05/May/2017:11:05:29 -0300] "GET /cormun/servlet/trsolicitudot HTTP/1.1" 200 7996
200.86.95.220 - - [05/May/2017:11:05:29 -0300] "POST /cormun/servlet/hlogin?cc95e8656d139383dd0d5684b2221d80,gx-no-cache=1493993191855 HTTP/1.1" 200 90
200.86.95.220 - - [05/May/2017:11:05:29 -0300] "GET /cormun/servlet/hpexe_link HTTP/1.1" 200 950
200.86.95.220 - - [05/May/2017:11:05:29 -0300] "GET /cormun/servlet/hhome HTTP/1.1" 200 3959
200.86.95.220 - - [05/May/2017:11:05:31 -0300] "GET /cormun/servlet/hhome HTTP/1.1" 200 3956
200.86.95.220 - - [05/May/2017:11:05:31 -0300] "GET /cormun/static/SmoothNavMenu/resources/images/right.gif HTTP/1.1" 200 860
200.86.95.220 - - [05/May/2017:11:05:35 -0300] "GET /cormun/servlet/trautorizarpermisogoce? HTTP/1.1" 200 7735
200.86.95.220 - - [05/May/2017:11:05:35 -0300] "GET /cormun/static/gxcfg.js?20174111145711 HTTP/1.1" 200 953
200.86.95.220 - - [05/May/2017:11:05:35 -0300] "GET /cormun/static/trautorizarpermisogoce.js?201741111451072 HTTP/1.1" 200 32073
200.86.95.220 - - [05/May/2017:11:05:36 -0300] "GET /cormun/servlet/trautorizarpermisogoce? HTTP/1.1" 200 7733
186.103.158.250 - - [05/May/2017:11:05:36 -0300] "POST /cormun/servlet/trsolicitudot?99e6d766d1f3a1921a4da6bd17e397a5,gx-no-cache=1493996660059 HTTP/1.1" 200 107
186.103.158.250 - - [05/May/2017:11:05:36 -0300] "GET /cormun/servlet/trsolicitudadjuntos?2017,6334, HTTP/1.1" 200 5886
186.103.158.250 - - [05/May/2017:11:05:37 -0300] "GET /cormun/static/gxcfg.js?201731711504543 HTTP/1.1" 200 953
