186.103.159.187 - - [04/May/2017:13:14:49 -0300] "GET /cormun/servlet/solicitudot?964d8e92849867c7547ce464f7c5d7bba1aab94ee2eed40a88206476a39befca3ff721e1aaf58be39f4e71ddbcc6d8d6aa9694931fadb83086d12d5a60d93ca56eb32148fda9be626da4eecc671fdb76163bd8d01d9dfdd2ddd56f18378ac403b8da07062267cbc7a8aeb5a0275d8a10e40325ba7317ccd6b5d57ef387333b98bb77a0ede9c6f3ebfe59aafcafa97a2233f3b73f5d75c9dfcb8169bc7e8529760bbb6f6359ec11fef1128dd5e569d68d,gx-no-cache=1493918146002 HTTP/1.1" 200 30
186.67.172.234 - - [04/May/2017:13:14:57 -0300] "POST /cormun/servlet/solicitudot?gx-no-cache=1493914558408 HTTP/1.1" 200 3188
186.67.172.234 - - [04/May/2017:13:14:58 -0300] "POST /cormun/servlet/solicitudot?1f5d2a38a0bb4c11437b3a3a5e18c3ee,INS,0,0,,gx-no-cache=1493914558567 HTTP/1.1" 200 9980
207.46.13.33 - - [04/May/2017:13:15:00 -0300] "GET /cormun/servlet/solicitudotadjuntos?INS,2017,5532,,1, HTTP/1.1" 200 5240
207.46.13.33 - - [04/May/2017:13:15:00 -0300] "GET /cormun/static/solicitudotadjuntos.js?201612218465969 HTTP/1.1" 200 11762
186.67.172.234 - - [04/May/2017:13:15:02 -0300] "GET /cormun/servlet/solicitudot?da1a29ff41b7d0887767ef5a7f3d5a4e4fd183007f7b2688cf3a0135b3a51e8d80c86eb74cc779bc1238f8877833c546,gx-no-cache=1493914562691 HTTP/1.1" 200 30
186.67.172.234 - - [04/May/2017:13:15:02 -0300] "POST /cormun/servlet/solicitudot?gx-no-cache=1493914562746 HTTP/1.1" 200 256
186.67.172.234 - - [04/May/2017:13:15:02 -0300] "GET /cormun/servlet/solicitudot?da1a29ff41b7d0887767ef5a7f3d5a4e0f03ed70b6e24e8fe8a9fe79e7fbebceee2853b2b5ff2569ebfaf8b117f310123b48f8f957103be082632a1f27f186881af5f80df4e52e6df6e5c3e7bb9c2b241d88b63c1a69de41f7f0b3b9f547fefaec2468559d9b9c1be41dae7c674827c0a765964c72be3f7b613c0466c4af15c464514182f3c581418b45092705aba8235422ad1778419f66a4c0fae017b687db4a961b1c205f259c1f7a7fb0cad886e5857e2667b7560a246a7d960768da2b7efdc0a9c34b942fba100859572f4b0861dd674b755af3cea254dd4beca3ddf73c56fddbbb4e71b7b9e4932e50070aeb87af850fe15d6637cd44fe1bd3cc3b0f65e8bcd2f1feb2406e8b859a33874f079803f82445ba66fb8492d40b1bb661ce50084efdd3055af1bd742d9652b5fcea42d1188cea154dd1b2de60cebf76043f4ef2355602c33b2f3c15afbb8f11f69b4eae4f0fa8727711519c344ba75c1ddac9ede07d89ee9f98b8374ff07759e14124c65951c2aca7609328a47c698e22c1ca,gx-no-cache=1493914562785 HTTP/1.1" 200 30
186.67.172.234 - - [04/May/2017:13:15:04 -0300] "POST /cormun/servlet/solicitudot?gx-no-cache=1493914565059 HTTP/1.1" 200 30
207.46.13.31 - - [04/May/2017:13:15:05 -0300] "GET /cormun/static/PXToolsJavascripts/pexe_grid.js HTTP/1.1" 200 7559
186.67.172.234 - - [04/May/2017:13:15:05 -0300] "GET /cormun/static/Resources/resize.gif HTTP/1.1" 200 77
186.67.172.234 - - [04/May/2017:13:15:05 -0300] "GET /cormun/servlet/prcontratosol?15392921,,,,,MD,,gxPopupLevel%3D0%3B HTTP/1.1" 200 6009
186.67.172.234 - - [04/May/2017:13:15:05 -0300] "GET /cormun/static/gxcfg.js?201731711522183 HTTP/1.1" 200 953
186.67.172.234 - - [04/May/2017:13:15:06 -0300] "GET /cormun/static/menusearch.js?201610171694467 HTTP/1.1" 200 1424
186.67.172.234 - - [04/May/2017:13:15:06 -0300] "GET /cormun/static/hmpwkw011.js?201731711483558 HTTP/1.1" 200 1968
186.67.172.234 - - [04/May/2017:13:15:06 -0300] "GET /cormun/static/prcontratosol.js?201731711522419 HTTP/1.1" 200 14084
186.67.172.234 - - [04/May/2017:13:15:06 -0300] "GET /cormun/static/Resources/PXToolsMenuSearch.png HTTP/1.1" 200 2914
186.67.172.234 - - [04/May/2017:13:15:06 -0300] "GET /cormun/static/Resources/PXToolsMenuSearchCancel.png HTTP/1.1" 200 2972
186.67.172.234 - - [04/May/2017:13:15:06 -0300] "GET /cormun/static/Resources/PXToolsGridFirst.gif HTTP/1.1" 200 379
186.67.172.234 - - [04/May/2017:13:15:06 -0300] "GET /cormun/static/Resources/PXToolsGridPrevious.gif HTTP/1.1" 200 369
186.67.172.234 - - [04/May/2017:13:15:06 -0300] "GET /cormun/static/Resources/PXToolsGridNext.gif HTTP/1.1" 200 369
186.67.172.234 - - [04/May/2017:13:15:06 -0300] "GET /cormun/static/Resources/PXToolsGridLast.gif HTTP/1.1" 200 370
207.46.13.32 - - [04/May/2017:13:15:10 -0300] "GET /cormun/static/Resources/PXTools/calendar.png HTTP/1.1" 200 1306
207.46.13.32 - - [04/May/2017:13:15:10 -0300] "GET /cormun/static/calendar-system.css?85620 HTTP/1.1" 200 5572
207.46.13.32 - - [04/May/2017:13:15:10 -0300] "GET /cormun/static/scaMessage/js/jquery.pnotify.min.js HTTP/1.1" 200 13038
186.67.172.234 - - [04/May/2017:13:15:11 -0300] "POST /cormun/servlet/solicitudot?gx-no-cache=1493914572481 HTTP/1.1" 200 1297
186.67.172.234 - - [04/May/2017:13:15:11 -0300] "POST /cormun/servlet/solicitudot?gx-no-cache=1493914572544 HTTP/1.1" 200 38
186.67.172.234 - - [04/May/2017:13:15:12 -0300] "GET /cormun/servlet/solicitudot?da1a29ff41b7d0887767ef5a7f3d5a4eb0eb5ac1c0c6afcf6ae2e75615dd463ec974075c523967536a9e29fd80e24e319b753ff4f7670ba9c0418d48cd06d35d898f858e257177816a4f5364268f257378014e2e6fdb3658988b079930a8b74af7e1ac6b550e20815c7eee07702e825abbe315d19342f815f475b5f38c2d51f82a9da84800ce7e954c43394b71ceb95b4545435516a4f0d11a70d0d2ceb4b3a45d051d3ebda8e37f3baba2de01c6b78507d9dbcd5b3c211bf12d3411a7f641e82940d3e40b5aa9ea39870c169e430f94,gx-no-cache=1493914572567 HTTP/1.1" 200 29
186.67.172.234 - - [04/May/2017:13:15:12 -0300] "POST /cormun/servlet/solicitudot?gx-no-cache=1493914572593 HTTP/1.1" 200 1280
186.67.172.234 - - [04/May/2017:13:15:12 -0300] "POST /cormun/servlet/solicitudot?gx-no-cache=1493914572631 HTTP/1.1" 200 1162
186.103.159.187 - - [04/May/2017:13:16:18 -0300] "POST /cormun/servlet/solicitudot?29cdd93c07368928964737fdc713a068,INS,0,0,,gx-no-cache=1493918234943 HTTP/1.1" 200 93
186.103.159.187 - - [04/May/2017:13:16:18 -0300] "GET /cormun/servlet/hpexe_return? HTTP/1.1" 200 1005
186.103.159.187 - - [04/May/2017:13:16:18 -0300] "GET /cormun/servlet/trsolicitudot HTTP/1.1" 200 8752
186.103.159.187 - - [04/May/2017:13:16:19 -0300] "GET /cormun/servlet/trsolicitudot HTTP/1.1" 200 8748
186.103.159.187 - - [04/May/2017:13:16:29 -0300] "POST /cormun/servlet/trsolicitudot?29cdd93c07368928964737fdc713a068,gx-no-cache=1493918246428 HTTP/1.1" 200 5777
186.103.159.187 - - [04/May/2017:13:16:29 -0300] "GET /cormun/static/Shared/jqueryui/images/ui-bg_highlight-soft_100_c6c2c8_1x100.png HTTP/1.1" 404 1117
186.103.159.187 - - [04/May/2017:13:16:29 -0300] "GET /cormun/static/Shared/jqueryui/images/ui-icons_82798d_256x240.png HTTP/1.1" 404 1089
186.103.159.187 - - [04/May/2017:13:16:29 -0300] "GET /cormun/static/Shared/jqueryui/images/ui-bg_flat_55_fafafa_40x100.png HTTP/1.1" 404 1097
186.103.159.187 - - [04/May/2017:13:16:29 -0300] "GET /cormun/static/Shared/jqueryui/images/ui-icons_8d78a5_256x240.png HTTP/1.1" 404 1089
186.103.159.187 - - [04/May/2017:13:16:29 -0300] "POST /cormun/servlet/trsolicitudot?29cdd93c07368928964737fdc713a068,gx-no-cache=1493918246858 HTTP/1.1" 200 5718
186.79.63.226 - - [04/May/2017:13:16:37 -0300] "GET /cormun/servlet/hlogin HTTP/1.1" 200 1722
186.79.63.226 - - [04/May/2017:13:16:37 -0300] "GET /cormun/static/gxcfg.js?201741110203197 HTTP/1.1" 304 -
186.79.63.226 - - [04/May/2017:13:16:37 -0300] "GET /cormun/static/messages.spa.js?85251 HTTP/1.1" 304 -
186.79.63.226 - - [04/May/2017:13:16:37 -0300] "GET /cormun/static/hlogin.js?201741110203211 HTTP/1.1" 304 -
186.103.159.187 - - [04/May/2017:13:16:45 -0300] "GET /cormun/servlet/solicitudot?INS,0,0, HTTP/1.1" 200 12557
186.103.159.187 - - [04/May/2017:13:16:46 -0300] "GET /cormun/servlet/solicitudot?INS,0,0, HTTP/1.1" 200 12562
186.79.63.226 - - [04/May/2017:13:16:48 -0300] "POST /cormun/servlet/hlogin?d868ce332e67019c0c3c26b13133853e,gx-no-cache=1493914668351 HTTP/1.1" 200 90
186.79.63.226 - - [04/May/2017:13:16:48 -0300] "GET /cormun/servlet/hpexe_link HTTP/1.1" 200 953
186.79.63.226 - - [04/May/2017:13:16:48 -0300] "GET /cormun/static/gxcfg.js?201731711483381 HTTP/1.1" 304 -
186.79.63.226 - - [04/May/2017:13:16:48 -0300] "GET /cormun/servlet/hhome HTTP/1.1" 200 3745
186.79.63.226 - - [04/May/2017:13:16:48 -0300] "GET /cormun/static/gxcfg.js?201731711483497 HTTP/1.1" 304 -
186.79.63.226 - - [04/May/2017:13:16:50 -0300] "GET /cormun/servlet/hhome HTTP/1.1" 200 3742
186.79.63.226 - - [04/May/2017:13:16:58 -0300] "GET /cormun/servlet/trsolicitudot? HTTP/1.1" 200 6679
186.79.63.226 - - [04/May/2017:13:16:58 -0300] "GET /cormun/static/gxcfg.js?201731711505139 HTTP/1.1" 304 -
186.79.63.226 - - [04/May/2017:13:16:58 -0300] "GET /cormun/static/trsolicitudot.js?20173171151116 HTTP/1.1" 304 -
186.79.63.226 - - [04/May/2017:13:16:59 -0300] "GET /cormun/servlet/trsolicitudot? HTTP/1.1" 200 6678
186.79.63.226 - - [04/May/2017:13:17:03 -0300] "GET /cormun/servlet/solicitudot?INS,0,0, HTTP/1.1" 200 12548
186.79.63.226 - - [04/May/2017:13:17:03 -0300] "GET /cormun/static/Resources/Spanish/PXTools.css?18365030 HTTP/1.1" 304 -
186.79.63.226 - - [04/May/2017:13:17:03 -0300] "GET /cormun/static/gxcfg.js?20171191042720 HTTP/1.1" 200 953
186.79.63.226 - - [04/May/2017:13:17:03 -0300] "GET /cormun/static/solicitudot.js?2017119104297 HTTP/1.1" 304 -
186.103.159.187 - - [04/May/2017:13:17:04 -0300] "POST /cormun/servlet/solicitudot?gx-no-cache=1493918281392 HTTP/1.1" 200 3092
186.103.159.187 - - [04/May/2017:13:17:04 -0300] "POST /cormun/servlet/solicitudot?29cdd93c07368928964737fdc713a068,INS,0,0,,gx-no-cache=1493918281540 HTTP/1.1" 200 9692
186.79.63.226 - - [04/May/2017:13:17:04 -0300] "GET /cormun/servlet/solicitudot?INS,0,0, HTTP/1.1" 200 12553
186.103.159.187 - - [04/May/2017:13:17:07 -0300] "GET /cormun/servlet/solicitudot?964d8e92849867c7547ce464f7c5d7bbd15726d4cfdaa4ad3dadc4bf63586edad38d4c5a9f8b74d1ed60e9c4a5b9c8f0,gx-no-cache=1493918285029 HTTP/1.1" 200 30
186.67.172.234 - - [04/May/2017:13:17:36 -0300] "GET /cormun/servlet/hlogin HTTP/1.1" 200 1717
186.79.63.226 - - [04/May/2017:13:17:41 -0300] "GET /cormun/servlet/prfichaempleado?,MD,,gxPopupLevel%3D0%3B HTTP/1.1" 200 8751
186.79.63.226 - - [04/May/2017:13:17:41 -0300] "GET /cormun/static/gxcfg.js?2017319125415 HTTP/1.1" 304 -
186.67.172.234 - - [04/May/2017:13:17:44 -0300] "POST /cormun/servlet/hlogin?e24d6c77c1a36d5b4e9a65e30994c3c8,gx-no-cache=1493914724914 HTTP/1.1" 200 90
186.67.172.234 - - [04/May/2017:13:17:44 -0300] "GET /cormun/servlet/hpexe_link HTTP/1.1" 200 943
186.67.172.234 - - [04/May/2017:13:17:45 -0300] "GET /cormun/servlet/hhome HTTP/1.1" 200 4037
186.67.172.234 - - [04/May/2017:13:17:45 -0300] "GET /cormun/servlet/hhome HTTP/1.1" 200 4034
186.67.172.234 - - [04/May/2017:13:17:48 -0300] "GET /cormun/servlet/trsolicitudot? HTTP/1.1" 200 8245
186.67.172.234 - - [04/May/2017:13:17:49 -0300] "GET /cormun/servlet/trsolicitudot? HTTP/1.1" 200 8243
186.67.172.234 - - [04/May/2017:13:17:52 -0300] "GET /cormun/servlet/solicitudot?INS,0,0, HTTP/1.1" 200 12842
186.67.172.234 - - [04/May/2017:13:17:52 -0300] "GET /cormun/servlet/solicitudot?INS,0,0, HTTP/1.1" 200 12846
186.79.63.226 - - [04/May/2017:13:18:01 -0300] "POST /cormun/servlet/prfichaempleado?d868ce332e67019c0c3c26b13133853e,,MD,,gxPopupLevel%3D0%3B,gx-no-cache=1493914740719 HTTP/1.1" 200 3395
186.67.172.234 - - [04/May/2017:13:18:05 -0300] "POST /cormun/servlet/solicitudot?gx-no-cache=1493914745355 HTTP/1.1" 200 3178
186.67.172.234 - - [04/May/2017:13:18:05 -0300] "POST /cormun/servlet/solicitudot?e24d6c77c1a36d5b4e9a65e30994c3c8,INS,0,0,,gx-no-cache=1493914745531 HTTP/1.1" 200 9964
186.79.63.226 - - [04/May/2017:13:18:09 -0300] "POST /cormun/servlet/solicitudot?gx-no-cache=1493914749279 HTTP/1.1" 200 3176
186.79.63.226 - - [04/May/2017:13:18:10 -0300] "POST /cormun/servlet/solicitudot?d868ce332e67019c0c3c26b13133853e,INS,0,0,,gx-no-cache=1493914749891 HTTP/1.1" 200 9784
186.79.63.226 - - [04/May/2017:13:18:13 -0300] "GET /cormun/servlet/solicitudot?f946e3e167478d9b14ff6dd15088c7616c968b76b6b16e3fffe5dd1e9fa03c6238481e39eaf310a5b9da84e5b5eee26e,gx-no-cache=1493914753066 HTTP/1.1" 200 30
186.67.172.234 - - [04/May/2017:13:18:13 -0300] "GET /cormun/servlet/solicitudot?25d668b3fd88738781207d49b5cae8da78599de30ede77dc21cf89144385beddbb7c10fffe8abee9875d93830216f55d,gx-no-cache=1493914753384 HTTP/1.1" 200 30
186.79.63.226 - - [04/May/2017:13:18:13 -0300] "POST /cormun/servlet/solicitudot?gx-no-cache=1493914753250 HTTP/1.1" 200 255
186.67.172.234 - - [04/May/2017:13:18:13 -0300] "POST /cormun/servlet/solicitudot?gx-no-cache=1493914753448 HTTP/1.1" 200 297
186.67.172.234 - - [04/May/2017:13:18:13 -0300] "GET /cormun/servlet/solicitudot?25d668b3fd88738781207d49b5cae8da61b45514129319a46470637b6bf1f8e434a44f67178e37cfc953865b09467e53c61f0b708b43966926e248c54fe8c0cd35f8de06a78e83d225abd7906331ff5920db11616a559dba97281a537637cd436eece611ec4fd8c13b1029555d46535f19537668cc0f86f95b1d2c088585aa5d2f48d28ff26ba0509002fa00d01a8f7844dd9e5c1e4f83df5e75accaffc4bc884338b9742e870fa9bd1c074eafd15d401299bee7a3f899648d4d047805202e9bef9354b77923282059ce4231b179393404f07a06f7205e98c13aeec00224f935d3a7de0314bfef757942eed1011d69a9bc536b86eb1f54ead1326f46b6eaf9e6d4f7d2d178b1ff8f111a616f58466e9670f83d4434d3a85cbd1bda832ec2a0c72e89e0fbcfb7b299e6bc6d0773d32b8dc999479c51ce32097ec8dfa662697a709f6b7c11c83d6f3c11475b8f8d7a5d1866e14c2402d3ac3f74554597e38f5f3d6131642bc41f6ec34ea0e5bf969c46243e701b6ab3a862dde746c1faa2fbbdf2e4ac23aed0462089a6539a8b5c055385,gx-no-cache=1493914753531 HTTP/1.1" 200 30
186.67.172.234 - - [04/May/2017:13:18:13 -0300] "POST /cormun/servlet/solicitudot?gx-no-cache=1493914753570 HTTP/1.1" 200 30
186.67.172.234 - - [04/May/2017:13:18:13 -0300] "POST /cormun/servlet/solicitudot?gx-no-cache=1493914753603 HTTP/1.1" 200 1296
186.79.63.226 - - [04/May/2017:13:18:13 -0300] "GET /cormun/servlet/solicitudot?f946e3e167478d9b14ff6dd15088c761e9092babfd38849370d96d499d2e40b0ee9c2912908c1dfdba3a61f90285e87f1b0a21990f8a9635648991ddda6714c85892b074cb08c7cbed4a493876f30c2067087c74750195e3db65aca3150270eb79e88d4fc4691893091cf721b7d1b2da3917112b50cc9c371295c450ad80f3593a3c7537ff24553ec4f66fee21833ef97e3875b395323f27ea08a388452ecc94900b15eb4882887836b85498a50f9aa34d1cc49e83426477b220fd6ebac7cb4c90d04dceea03996107e05a50a2e7aa3cbcbeeb5ad19b54e1143ec33f91da782d8414b8346359e192897b5fc673bc199608520b3861bec7ba6a207454076f0cc1dd14761a8e91018e2f64119facb88289d0c73b669c2eabec4f2ff79e7996292a292f3d2754174cbc1337f3f2d0554f5b677762ff1117b6c39f1e5b85b9a973fa10ecd22d508b0e3456ae115bc943ab7cfc79211ec155153b0ddd37b0aa687f5386658849d426bdcefdd8b8fa6a0aa00a5ae15db0dde2c7eb1d9a2841e815dda2,gx-no-cache=1493914753422 HTTP/1.1" 200 30
186.67.172.234 - - [04/May/2017:13:18:13 -0300] "POST /cormun/servlet/solicitudot?gx-no-cache=1493914753651 HTTP/1.1" 200 38
186.79.63.226 - - [04/May/2017:13:18:18 -0300] "POST /cormun/servlet/solicitudot?gx-no-cache=1493914758759 HTTP/1.1" 200 30
186.79.63.226 - - [04/May/2017:13:18:21 -0300] "GET /cormun/servlet/prcontratosol?18159101,,,,,MD,,gxPopupLevel%3D0%3B HTTP/1.1" 200 5888
186.79.63.226 - - [04/May/2017:13:18:21 -0300] "GET /cormun/static/gxcfg.js?201731711522183 HTTP/1.1" 200 953
186.79.63.226 - - [04/May/2017:13:18:21 -0300] "GET /cormun/static/Resources/PXToolsGridFirst.gif HTTP/1.1" 200 379
186.79.63.226 - - [04/May/2017:13:18:21 -0300] "GET /cormun/static/prcontratosol.js?201731711522419 HTTP/1.1" 200 14084
186.79.63.226 - - [04/May/2017:13:18:21 -0300] "GET /cormun/static/Resources/PXToolsGridPrevious.gif HTTP/1.1" 200 369
186.79.63.226 - - [04/May/2017:13:18:21 -0300] "GET /cormun/static/Resources/PXToolsGridNext.gif HTTP/1.1" 200 369
186.79.63.226 - - [04/May/2017:13:18:21 -0300] "GET /cormun/static/Resources/PXToolsGridLast.gif HTTP/1.1" 200 370
186.67.172.234 - - [04/May/2017:13:18:24 -0300] "GET /cormun/servlet/solicitudot?25d668b3fd88738781207d49b5cae8da771ac5ece888273dd463a94ee2f308e3bfbe1cf48d5438a7b3af6509d1ee3541b30ad027bd15f541c883fc1a7876ff2a907cb174f78f87430c5b805b326a4c2cae5e6f84b40e983087b172b8e7db0337bbf5549b84854da58ebaa7ed390b6deb,gx-no-cache=1493914765081 HTTP/1.1" 200 29
186.67.172.234 - - [04/May/2017:13:18:24 -0300] "POST /cormun/servlet/solicitudot?gx-no-cache=1493914765145 HTTP/1.1" 200 1279
186.67.172.234 - - [04/May/2017:13:18:25 -0300] "POST /cormun/servlet/solicitudot?gx-no-cache=1493914765220 HTTP/1.1" 200 1162
186.67.172.234 - - [04/May/2017:13:18:25 -0300] "GET /cormun/static/menuarrow.gif HTTP/1.1" 404 1015
186.67.172.234 - - [04/May/2017:13:18:26 -0300] "POST /cormun/servlet/solicitudot?gx-no-cache=1493914766777 HTTP/1.1" 200 1279
186.67.172.234 - - [04/May/2017:13:18:26 -0300] "POST /cormun/servlet/solicitudot?gx-no-cache=1493914766858 HTTP/1.1" 200 1162
186.79.63.226 - - [04/May/2017:13:18:30 -0300] "POST /cormun/servlet/solicitudot?gx-no-cache=1493914770800 HTTP/1.1" 200 1297
186.79.63.226 - - [04/May/2017:13:18:31 -0300] "POST /cormun/servlet/solicitudot?gx-no-cache=1493914771005 HTTP/1.1" 200 38
186.79.63.226 - - [04/May/2017:13:18:31 -0300] "GET /cormun/servlet/solicitudot?f946e3e167478d9b14ff6dd15088c761352865a3aa699c86f89976a2ec226406452c0b91f61cf587f49f3b0c7354afbdf0bbb7790fc15ed01f6a5be1dfee572ac4b9eb10e51c8f4f72804a49c49ac7257d3af45a0f02bcd87508210a33947f03acaa316658f3223a03cb65a3b25c4c6b82216b92248109517699447268f2e667077b40353b9ae5e41c0de829552fb87885a6978890586ccc82a3a471816e665cd86fe265762f2d985a5d2a9ee4363e3b07f30803200a5e85659dca54f3b7a8f6ba55335bfb09ae392a53f5617d7750de,gx-no-cache=1493914771154 HTTP/1.1" 200 29
186.79.63.226 - - [04/May/2017:13:18:31 -0300] "POST /cormun/servlet/solicitudot?gx-no-cache=1493914771269 HTTP/1.1" 200 1280
186.79.63.226 - - [04/May/2017:13:18:31 -0300] "POST /cormun/servlet/solicitudot?gx-no-cache=1493914771472 HTTP/1.1" 200 1162
186.103.156.24 - - [04/May/2017:13:18:39 -0300] "GET /cormun/servlet/hlogin HTTP/1.1" 200 1725
186.103.156.24 - - [04/May/2017:13:18:39 -0300] "GET /cormun/static/gxcfg.js?201741110203197 HTTP/1.1" 304 -
186.103.156.24 - - [04/May/2017:13:18:39 -0300] "GET /cormun/servlet/hlogin HTTP/1.1" 200 1735
186.67.172.234 - - [04/May/2017:13:18:44 -0300] "POST /cormun/servlet/solicitudot?gx-no-cache=1493914785040 HTTP/1.1" 200 30
207.46.13.31 - - [04/May/2017:13:18:46 -0300] "GET /cormun/servlet/trautorizarpermisogoce HTTP/1.1" 200 5890
186.79.63.226 - - [04/May/2017:13:18:46 -0300] "GET /cormun/servlet/solicitudot?f946e3e167478d9b14ff6dd15088c761352865a3aa699c86f89976a2ec226406452c0b91f61cf587f49f3b0c7354afbd61357d4a4298dc244d3002038ba7c805c4b9eb10e51c8f4f72804a49c49ac7257d3af45a0f02bcd87508210a33947f03acaa316658f3223a03cb65a3b25c4c6b82216b92248109517699447268f2e667077b40353b9ae5e41c0de829552fb87885a6978890586ccc82a3a471816e665cd86fe265762f2d985a5d2a9ee4363e3b07f30803200a5e85659dca54f3b7a8f6ba55335bfb09ae392a53f5617d7750de,gx-no-cache=1493914786544 HTTP/1.1" 200 29
186.79.63.226 - - [04/May/2017:13:18:52 -0300] "POST /cormun/servlet/solicitudot?gx-no-cache=1493914791941 HTTP/1.1" 200 1280
186.79.63.226 - - [04/May/2017:13:18:52 -0300] "POST /cormun/servlet/solicitudot?gx-no-cache=1493914792164 HTTP/1.1" 200 1162
186.79.63.226 - - [04/May/2017:13:18:52 -0300] "GET /cormun/static/menuarrow.gif HTTP/1.1" 404 1015
186.79.63.226 - - [04/May/2017:13:18:56 -0300] "POST /cormun/servlet/solicitudot?gx-no-cache=1493914796094 HTTP/1.1" 200 1280
186.79.63.226 - - [04/May/2017:13:18:56 -0300] "POST /cormun/servlet/solicitudot?gx-no-cache=1493914796323 HTTP/1.1" 200 1162
207.46.13.33 - - [04/May/2017:13:19:01 -0300] "GET /cormun/static/PXToolsJavascripts/pexe_menus.js HTTP/1.1" 200 1286
207.46.13.33 - - [04/May/2017:13:19:02 -0300] "GET /cormun/static/PXToolsJavascripts/pexe_oavdivfix.js HTTP/1.1" 200 639
207.46.13.33 - - [04/May/2017:13:19:02 -0300] "GET /cormun/static/Resources/PXToolsDataSearch.png HTTP/1.1" 200 419
207.46.13.33 - - [04/May/2017:13:19:02 -0300] "GET /cormun/static/Resources/PXToolsGridPreviousDisabled.gif HTTP/1.1" 200 90
207.46.13.33 - - [04/May/2017:13:19:03 -0300] "GET /cormun/static/gxapiSD.js?85251 HTTP/1.1" 200 78773
186.79.63.226 - - [04/May/2017:13:19:03 -0300] "GET /cormun/servlet/solicitudot?f946e3e167478d9b14ff6dd15088c761dae0833df3827a990d02b00212b2be2e2dd76749e23b4c6c2983ccd20e5b2a23b29cca611fe1d02f591423d531d8b9a728ee4d02cce12f201d63f6e4da61c7bbb063004506d471982da2aaed84066bb329a6c571a17299bfb994ed7fa217fdc20671a56d64c84c25736f8becb9d9e27998cd1abedaa24dc9de93abd16312d23a16b7b47e5596642c7e8939899d7b507be2293249debd400309960ca51a30da3c,gx-no-cache=1493914803797 HTTP/1.1" 200 30
207.46.13.33 - - [04/May/2017:13:19:03 -0300] "GET /cormun/static/scaMessage/scaMessageRender.js HTTP/1.1" 200 11977
186.67.172.234 - - [04/May/2017:13:19:05 -0300] "POST /cormun/servlet/solicitudot?gx-no-cache=1493914806084 HTTP/1.1" 200 1296
186.67.172.234 - - [04/May/2017:13:19:06 -0300] "POST /cormun/servlet/solicitudot?gx-no-cache=1493914806206 HTTP/1.1" 200 41
186.67.172.234 - - [04/May/2017:13:19:06 -0300] "POST /cormun/servlet/solicitudot?gx-no-cache=1493914806253 HTTP/1.1" 200 1279
186.67.172.234 - - [04/May/2017:13:19:06 -0300] "POST /cormun/servlet/solicitudot?gx-no-cache=1493914806332 HTTP/1.1" 200 1162
186.67.172.234 - - [04/May/2017:13:19:06 -0300] "GET /cormun/servlet/solicitudot?25d668b3fd88738781207d49b5cae8daa009d2cbb93c3a77eeacaa12ae854bd6419cdad6c34498725892c97ee5000b8ce5da32bf26868c4c9006573220744d3dec7edad9ea442d39e643043f3ade13adaafd2e6320f19faeed69d3898b594c33e1c1f9bc0783d4894562624a05d0cebf771476e02955c0d20d98cde68b7c5482bdacdfff9455122d5966c1f247a241667cfaf251e7deccdefcce9ffab5055a29003388fa9e8f7b8fe42d77c3d9aaa741,gx-no-cache=1493914806387 HTTP/1.1" 200 30
207.46.13.31 - - [04/May/2017:13:19:07 -0300] "GET /cormun/static/Resources/PXToolsGridLastDisabled.gif HTTP/1.1" 200 98
207.46.13.31 - - [04/May/2017:13:19:07 -0300] "GET /cormun/static/Resources/PXToolsGridPage.gif HTTP/1.1" 200 725
207.46.13.31 - - [04/May/2017:13:19:07 -0300] "GET /cormun/static/calendar-setup.js?85251 HTTP/1.1" 200 2588
207.46.13.31 - - [04/May/2017:13:19:08 -0300] "GET /cormun/static/hmpwkw03.js?201731711485354 HTTP/1.1" 200 3965
207.46.13.31 - - [04/May/2017:13:19:08 -0300] "GET /cormun/static/PXToolsJavascripts/pexe_popup.js HTTP/1.1" 200 13458
207.46.13.31 - - [04/May/2017:13:19:08 -0300] "GET /cormun/static/Resources/PXToolsActionExcel.png HTTP/1.1" 200 3187
207.46.13.31 - - [04/May/2017:13:19:09 -0300] "GET /cormun/static/PXToolsJavascripts/pexe_menudivfix.js HTTP/1.1" 200 333
207.46.13.31 - - [04/May/2017:13:19:11 -0300] "GET /cormun/static/Shared/ext/resources/css/ext-all.css?205870 HTTP/1.1" 200 416045
207.46.13.32 - - [04/May/2017:13:19:15 -0300] "GET /cormun/static/PXToolsJavascripts/pexe_cookies.js HTTP/1.1" 200 792
186.103.156.24 - - [04/May/2017:13:19:15 -0300] "POST /cormun/servlet/hlogin?3f31bd1681d697d624a008786f27956b,gx-no-cache=1493914864995 HTTP/1.1" 200 90
207.46.13.32 - - [04/May/2017:13:19:15 -0300] "GET /cormun/static/PXToolsJavascripts/pexe_scrolldiv.js HTTP/1.1" 200 4138
186.103.156.24 - - [04/May/2017:13:19:15 -0300] "GET /cormun/servlet/hpexe_link HTTP/1.1" 200 956
186.103.156.24 - - [04/May/2017:13:19:15 -0300] "GET /cormun/static/gxcfg.js?201731711483381 HTTP/1.1" 304 -
186.103.156.24 - - [04/May/2017:13:19:15 -0300] "GET /cormun/static/hpexe_link.js?201731711483384 HTTP/1.1" 304 -
207.46.13.32 - - [04/May/2017:13:19:15 -0300] "GET /cormun/static/PXToolsJavascripts/pexe_upload.js HTTP/1.1" 200 1423
186.103.156.24 - - [04/May/2017:13:19:16 -0300] "GET /cormun/servlet/hhome HTTP/1.1" 200 4002
207.46.13.32 - - [04/May/2017:13:19:16 -0300] "GET /cormun/static/Resources/PXToolsGridFirstDisabled.gif HTTP/1.1" 200 100
186.103.156.24 - - [04/May/2017:13:19:16 -0300] "GET /cormun/static/PXToolsJavascripts/pexe_cookies.js HTTP/1.1" 200 792
186.103.156.24 - - [04/May/2017:13:19:16 -0300] "GET /cormun/static/gxcfg.js?201731711483497 HTTP/1.1" 200 953
186.103.156.24 - - [04/May/2017:13:19:16 -0300] "GET /cormun/static/PXToolsJavascripts/pexe_menudivfix.js HTTP/1.1" 200 333
186.103.156.24 - - [04/May/2017:13:19:16 -0300] "GET /cormun/static/PXToolsJavascripts/pexe_picture.js HTTP/1.1" 200 689
186.103.156.24 - - [04/May/2017:13:19:16 -0300] "GET /cormun/static/PXToolsJavascripts/pexe_tabdivfix.js HTTP/1.1" 200 876
186.103.156.24 - - [04/May/2017:13:19:16 -0300] "GET /cormun/static/PXToolsJavascripts/pexe_oav.js HTTP/1.1" 200 645
186.103.156.24 - - [04/May/2017:13:19:16 -0300] "GET /cormun/static/PXToolsJavascripts/pexe_oavdivfix.js HTTP/1.1" 200 639
186.103.156.24 - - [04/May/2017:13:19:16 -0300] "GET /cormun/static/PXToolsJavascripts/PXToolsJavascriptsRender.js HTTP/1.1" 200 367
186.103.156.24 - - [04/May/2017:13:19:16 -0300] "GET /cormun/static/RunJS/RunJS.js HTTP/1.1" 200 288
186.103.156.24 - - [04/May/2017:13:19:16 -0300] "GET /cormun/static/hhome.js?20173171148352 HTTP/1.1" 200 777
186.103.156.24 - - [04/May/2017:13:19:16 -0300] "GET /cormun/static/hwchdr01.js?201731711335950 HTTP/1.1" 304 -
186.103.156.24 - - [04/May/2017:13:19:16 -0300] "GET /cormun/static/Resources/PXToolsHeaderActionsLeft.png HTTP/1.1" 200 1118
186.103.156.24 - - [04/May/2017:13:19:16 -0300] "GET /cormun/static/Resources/PXToolsHeaderBackground2.png HTTP/1.1" 200 1174
186.103.156.24 - - [04/May/2017:13:19:16 -0300] "GET /cormun/static/Resources/PXToolsHeaderLogin.png HTTP/1.1" 200 4279
186.103.156.24 - - [04/May/2017:13:19:16 -0300] "GET /cormun/static/Resources/PXToolsHeaderActionsBackground.png HTTP/1.1" 200 484
186.103.156.24 - - [04/May/2017:13:19:16 -0300] "GET /cormun/static/Resources/PXToolsDataTitle.png HTTP/1.1" 200 1173
186.103.156.24 - - [04/May/2017:13:19:16 -0300] "GET /cormun/static/Resources/logo4.png HTTP/1.1" 200 6582
186.103.156.24 - - [04/May/2017:13:19:16 -0300] "GET /cormun/static/Resources/PXToolsFooterBackground2.png HTTP/1.1" 200 1172
186.103.156.24 - - [04/May/2017:13:19:16 -0300] "GET /cormun/static/Resources/PXToolsHeaderSecurity.png HTTP/1.1" 200 4166
186.103.156.24 - - [04/May/2017:13:19:16 -0300] "GET /cormun/static/Resources/PXToolsHeaderActionsRight.png HTTP/1.1" 200 1201
186.103.156.24 - - [04/May/2017:13:19:16 -0300] "GET /cormun/static/Resources/PXToolsHeaderHome.png HTTP/1.1" 200 4147
186.103.156.24 - - [04/May/2017:13:19:16 -0300] "GET /cormun/static/Resources/PXToolsHeaderPreferences.png HTTP/1.1" 200 4189
186.103.156.24 - - [04/May/2017:13:19:16 -0300] "GET /cormun/static/hpexe_scripts.js?201731711335890 HTTP/1.1" 304 -
186.103.156.24 - - [04/May/2017:13:19:16 -0300] "GET /cormun/static/hpexe_messagecontroller.js?201610171694323 HTTP/1.1" 200 870
186.103.156.24 - - [04/May/2017:13:19:16 -0300] "GET /cormun/static/hpexe_recentlink.js?201610171694390 HTTP/1.1" 304 -
186.103.156.24 - - [04/May/2017:13:19:16 -0300] "GET /cormun/static/hpexe_messagepopupcomponent.js?20161017169425 HTTP/1.1" 200 605
186.103.156.24 - - [04/May/2017:13:19:16 -0300] "GET /cormun/static/hpexe_messagegenexuscomponent.js?201731711335537 HTTP/1.1" 200 587
186.103.156.24 - - [04/May/2017:13:19:16 -0300] "GET /cormun/static/cmcontrolpreferences.js?201731711335852 HTTP/1.1" 304 -
186.103.156.24 - - [04/May/2017:13:19:16 -0300] "GET /cormun/static/hmpwkw03.js?201731711485354 HTTP/1.1" 304 -
186.103.156.24 - - [04/May/2017:13:19:17 -0300] "GET /cormun/servlet/hhome HTTP/1.1" 200 3998
186.103.156.24 - - [04/May/2017:13:19:17 -0300] "GET /cormun/static/SmoothNavMenu/resources/images/down.gif HTTP/1.1" 200 854
186.103.156.24 - - [04/May/2017:13:19:17 -0300] "GET /cormun/static/SmoothNavMenu/resources/images/right.gif HTTP/1.1" 200 860
186.103.159.187 - - [04/May/2017:13:19:18 -0300] "POST /cormun/servlet/solicitudot?gx-no-cache=1493918416040 HTTP/1.1" 200 256
186.67.172.234 - - [04/May/2017:13:19:19 -0300] "POST /cormun/servlet/solicitudot?e24d6c77c1a36d5b4e9a65e30994c3c8,INS,0,0,,gx-no-cache=1493914819787 HTTP/1.1" 200 93
207.46.13.32 - - [04/May/2017:13:19:21 -0300] "GET /cormun/static/Shared/ext/ext-all.js HTTP/1.1" 200 1289687
207.46.13.32 - - [04/May/2017:13:19:22 -0300] "GET /cormun/static/SmoothNavMenu/resources/ddsmoothmenu-v.css?1012540 HTTP/1.1" 200 1188
207.46.13.32 - - [04/May/2017:13:19:23 -0300] "GET /cormun/static/gxfrmutlSD.js?85251 HTTP/1.1" 200 89044
186.67.172.234 - - [04/May/2017:13:19:23 -0300] "GET /cormun/servlet/hpexe_return? HTTP/1.1" 200 998
186.67.172.234 - - [04/May/2017:13:19:23 -0300] "GET /cormun/static/Resources/Spanish/PXTools.css?167811 HTTP/1.1" 304 -
186.67.172.234 - - [04/May/2017:13:19:23 -0300] "GET /cormun/static/gxcfg.js?2016101716175148 HTTP/1.1" 304 -
186.67.172.234 - - [04/May/2017:13:19:23 -0300] "GET /cormun/static/hpexe_return.js?2016101716175153 HTTP/1.1" 304 -
207.46.13.32 - - [04/May/2017:13:19:23 -0300] "GET /cormun/static/hpexe_messagepopupcomponent.js?20161017169425 HTTP/1.1" 200 605
186.67.172.234 - - [04/May/2017:13:19:23 -0300] "GET /cormun/servlet/trsolicitudot HTTP/1.1" 200 8670
207.46.13.32 - - [04/May/2017:13:19:23 -0300] "GET /cormun/static/trautorizarpermisogoce.js?201741111451072 HTTP/1.1" 200 32073
207.46.13.34 - - [04/May/2017:13:19:23 -0300] "GET /cormun/static/Resources/PXToolsGridNextDisabled.gif HTTP/1.1" 200 90
186.67.172.234 - - [04/May/2017:13:19:24 -0300] "GET /cormun/servlet/trsolicitudot HTTP/1.1" 200 8666
207.46.13.34 - - [04/May/2017:13:19:24 -0300] "GET /cormun/static/RunJS/RunJS.js HTTP/1.1" 200 288
207.46.13.34 - - [04/May/2017:13:19:24 -0300] "GET /cormun/static/calendar.js?85251 HTTP/1.1" 200 26246
207.46.13.34 - - [04/May/2017:13:19:24 -0300] "GET /cormun/static/gxtimezone.js?85251 HTTP/1.1" 200 5781
207.46.13.34 - - [04/May/2017:13:19:25 -0300] "GET /cormun/static/hpexe_messagecontroller.js?201610171694323 HTTP/1.1" 200 870
207.46.13.34 - - [04/May/2017:13:19:25 -0300] "GET /cormun/static/hpexe_scripts.js?201731711335890 HTTP/1.1" 200 1544
186.67.172.234 - - [04/May/2017:13:19:27 -0300] "POST /cormun/servlet/trsolicitudot?e24d6c77c1a36d5b4e9a65e30994c3c8,gx-no-cache=1493914827464 HTTP/1.1" 200 106
186.67.172.234 - - [04/May/2017:13:19:27 -0300] "GET /cormun/servlet/trsolicitudadjuntos?2017,6303, HTTP/1.1" 200 6137
186.67.172.234 - - [04/May/2017:13:19:27 -0300] "GET /cormun/static/gxcfg.js?201731711504543 HTTP/1.1" 304 -
186.67.172.234 - - [04/May/2017:13:19:27 -0300] "GET /cormun/static/trsolicitudadjuntos.js?201731711504951 HTTP/1.1" 304 -
186.103.159.187 - - [04/May/2017:13:19:34 -0300] "GET /cormun/servlet/solicitudot?964d8e92849867c7547ce464f7c5d7bb2d29260cfaf05c2f2a13ff29d3fa1636a78f4c4d5cb725081956f8d957a79348811495600d18b53db28ea026cc23339e6e678703e60f13aa7a7dcd8ba8a2a995fe2af2dbaaf9f1ab6f174a778ba6beb9ffe6a5d49b50a2c9d3f8565c862e3e206c211a9a28a7cdd71048ca36c7bf4685f029b9c17fb0568ab3bd64b21eec5a4818b2c094afda4b996a427048f2289b87f13933574e855f0ffbf2939f59c855d25e5f9763f736a99c2392dfedec32855ec74402e9a176a4102afc9133dbb02fc8983920e6ff8ce18c6941b0b8b29ab2447480d4b2d1144d6f1e494e4f6aca67b0d016563e899fd922573d744c7f4dc8145353ba57aac0d4983bed1d6ce4a6062c0746242ec74921f8dbdfde19b0f5ad72134885659c6dcc145fbcf042e284297fb28b15bae6eeef6b7761689aa50d2525bcd852cc94034ea76048b3b46cfac84c6b395b039c1e58d9f747971001defd7493a37678c2f0fd599de266672984ae8f6a3138f0bd3bbd6b15c68ca44d05f254,gx-no-cache=1493918431537 HTTP/1.1" 200 30
186.103.156.24 - - [04/May/2017:13:19:37 -0300] "GET /cormun/servlet/trrenuncias? HTTP/1.1" 200 6752
186.103.156.24 - - [04/May/2017:13:19:38 -0300] "GET /cormun/static/gxcfg.js?201731711553383 HTTP/1.1" 200 953
186.103.156.24 - - [04/May/2017:13:19:38 -0300] "GET /cormun/static/messages.spa.js?85251 HTTP/1.1" 304 -
186.103.156.24 - - [04/May/2017:13:19:38 -0300] "GET /cormun/static/trrenuncias.js?201731711553833 HTTP/1.1" 200 28329
186.103.156.24 - - [04/May/2017:13:19:38 -0300] "GET /cormun/servlet/trrenuncias? HTTP/1.1" 200 6751
186.79.63.226 - - [04/May/2017:13:19:40 -0300] "POST /cormun/servlet/solicitudot?d868ce332e67019c0c3c26b13133853e,INS,0,0,,gx-no-cache=1493914838411 HTTP/1.1" 200 93
186.79.63.226 - - [04/May/2017:13:19:40 -0300] "GET /cormun/servlet/hpexe_return? HTTP/1.1" 200 1007
186.79.63.226 - - [04/May/2017:13:19:40 -0300] "GET /cormun/static/gxcfg.js?2016101716175148 HTTP/1.1" 304 -
186.79.63.226 - - [04/May/2017:13:19:40 -0300] "GET /cormun/servlet/trsolicitudot HTTP/1.1" 200 7999
186.79.63.226 - - [04/May/2017:13:19:42 -0300] "GET /cormun/servlet/trsolicitudot HTTP/1.1" 200 7996
186.79.63.226 - - [04/May/2017:13:19:42 -0300] "GET /cormun//static/Resources/PXToolsActionView.png HTTP/1.1" 200 2995
186.79.63.226 - - [04/May/2017:13:19:42 -0300] "GET /cormun//static/Resources/PXToolsRemoveAllAction.png HTTP/1.1" 200 3558
186.103.156.24 - - [04/May/2017:13:19:42 -0300] "GET /cormun/servlet/renuncias?INS,0, HTTP/1.1" 200 6123
186.103.156.24 - - [04/May/2017:13:19:43 -0300] "GET /cormun/static/gxcfg.js?20173291217350 HTTP/1.1" 200 953
186.103.156.24 - - [04/May/2017:13:19:43 -0300] "GET /cormun/static/renuncias.js?20173291217362 HTTP/1.1" 200 14101
186.103.156.24 - - [04/May/2017:13:19:43 -0300] "GET /cormun/servlet/renuncias?INS,0, HTTP/1.1" 200 6124
186.79.63.226 - - [04/May/2017:13:19:45 -0300] "GET /cormun/servlet/solicitudot?INS,0,0, HTTP/1.1" 200 12548
186.79.63.226 - - [04/May/2017:13:19:47 -0300] "GET /cormun/servlet/solicitudot?INS,0,0, HTTP/1.1" 200 12553
186.103.156.24 - - [04/May/2017:13:19:53 -0300] "GET /cormun/static/menuarrow.gif HTTP/1.1" 404 1015
186.103.159.187 - - [04/May/2017:13:20:00 -0300] "POST /cormun/servlet/solicitudot?gx-no-cache=1493918457672 HTTP/1.1" 200 30
186.103.159.187 - - [04/May/2017:13:20:03 -0300] "POST /cormun/servlet/solicitudot?gx-no-cache=1493918460670 HTTP/1.1" 200 235
186.103.159.187 - - [04/May/2017:13:20:03 -0300] "POST /cormun/servlet/solicitudot?gx-no-cache=1493918460763 HTTP/1.1" 200 38
186.103.156.24 - - [04/May/2017:13:20:05 -0300] "GET /cormun/servlet/renuncias?5527465dc1f74ab441888da5fc76857ea840748baa1303b1286f2e843ebcf63c3d605ea896c64b0f42c973de68ad6052,gx-no-cache=1493914920179 HTTP/1.1" 200 33
186.103.156.24 - - [04/May/2017:13:20:10 -0300] "GET /cormun/static/Resources/resize.gif HTTP/1.1" 200 77
186.79.63.226 - - [04/May/2017:13:20:11 -0300] "GET /cormun/servlet/prfichaempleado?,MD,,gxPopupLevel%3D0%3B HTTP/1.1" 200 8751
186.103.156.24 - - [04/May/2017:13:20:11 -0300] "GET /cormun/servlet/prfichaempleado?,MD,,gxPopupLevel%3D0%3B HTTP/1.1" 200 8824
186.103.156.24 - - [04/May/2017:13:20:11 -0300] "GET /cormun/static/gxcfg.js?2017319125415 HTTP/1.1" 200 953
186.103.156.24 - - [04/May/2017:13:20:11 -0300] "GET /cormun/static/hmpwkw011.js?201731711483558 HTTP/1.1" 304 -
186.103.156.24 - - [04/May/2017:13:20:12 -0300] "GET /cormun/static/menusearch.js?201610171694467 HTTP/1.1" 304 -
186.103.156.24 - - [04/May/2017:13:20:12 -0300] "GET /cormun/static/prfichaempleado.js?20173191254344 HTTP/1.1" 304 -
186.67.172.234 - - [04/May/2017:13:20:34 -0300] "GET /cormun/servlet/trsolicitudadjuntos?2017,6303, HTTP/1.1" 200 6137
186.79.63.226 - - [04/May/2017:13:20:35 -0300] "POST /cormun/servlet/prfichaempleado?d868ce332e67019c0c3c26b13133853e,,MD,,gxPopupLevel%3D0%3B,gx-no-cache=1493914894955 HTTP/1.1" 200 3455
186.79.63.226 - - [04/May/2017:13:20:42 -0300] "POST /cormun/servlet/solicitudot?gx-no-cache=1493914900765 HTTP/1.1" 200 3168
186.79.63.226 - - [04/May/2017:13:20:42 -0300] "POST /cormun/servlet/solicitudot?d868ce332e67019c0c3c26b13133853e,INS,0,0,,gx-no-cache=1493914902261 HTTP/1.1" 200 9778
186.79.63.226 - - [04/May/2017:13:20:45 -0300] "GET /cormun/servlet/solicitudot?f946e3e167478d9b14ff6dd15088c7611f53e11c1e5e40f746a18f3a12054ebb38481e39eaf310a5b9da84e5b5eee26e,gx-no-cache=1493914905456 HTTP/1.1" 200 30
186.79.63.226 - - [04/May/2017:13:20:45 -0300] "POST /cormun/servlet/solicitudot?gx-no-cache=1493914905599 HTTP/1.1" 200 255
186.103.156.24 - - [04/May/2017:13:20:45 -0300] "POST /cormun/servlet/prfichaempleado?3f31bd1681d697d624a008786f27956b,,MD,,gxPopupLevel%3D0%3B,gx-no-cache=1493914960905 HTTP/1.1" 200 3395
186.79.63.226 - - [04/May/2017:13:20:45 -0300] "GET /cormun/servlet/solicitudot?f946e3e167478d9b14ff6dd15088c761e9092babfd38849370d96d499d2e40b0ee9c2912908c1dfdba3a61f90285e87f1b0a21990f8a9635648991ddda6714c85892b074cb08c7cbed4a493876f30c2067087c74750195e3db65aca3150270eb79e88d4fc4691893091cf721b7d1b2da3917112b50cc9c371295c450ad80f3593a3c7537ff24553ec4f66fee21833ef97e3875b395323f27ea08a388452ecc94900b15eb4882887836b85498a50f9aa34d1cc49e83426477b220fd6ebac7cb4c90d04dceea03996107e05a50a2e7aa3cbcbeeb5ad19b54e1143ec33f91da782d8414b8346359e192897b5fc673bc199608520b3861bec7ba6a207454076f0cc1dd14761a8e91018e2f64119facb88289d0c73b669c2eabec4f2ff79e7996292a292f3d2754174cbc1337f3f2d0554f5b677762ff1117b6c39f1e5b85b9a973fa10ecd22d508b0e3456ae115bc943ab7cfc79211ec155153b0ddd37b0aa687f5386658849d426bdcefdd8b8fa6a0aa00a5ae15db0dde2c7eb1d9a2841e815dda2,gx-no-cache=1493914905741 HTTP/1.1" 200 30
46.174.191.31 - - [04/May/2017:13:20:47 -0300] "GET / HTTP/1.0" 200 11197
186.79.63.226 - - [04/May/2017:13:20:53 -0300] "POST /cormun/servlet/solicitudot?gx-no-cache=1493914913010 HTTP/1.1" 200 30
186.103.156.24 - - [04/May/2017:13:20:54 -0300] "GET /cormun/servlet/renuncias?5527465dc1f74ab441888da5fc76857e10ced8507c7f2d3cd3a38009ebf97e315486e62c1d932fe618ec9cce776d37d4,gx-no-cache=1493914970252 HTTP/1.1" 200 62
186.79.63.226 - - [04/May/2017:13:20:55 -0300] "GET /cormun/servlet/prcontratosol?11274998,,,,,MD,,gxPopupLevel%3D0%3B HTTP/1.1" 200 5881
186.67.172.234 - - [04/May/2017:13:20:55 -0300] "GET /cormun/static/gxcfg.js?201731711504543 HTTP/1.1" 200 953
186.67.172.234 - - [04/May/2017:13:20:55 -0300] "GET /cormun/static/trsolicitudadjuntos.js?201731711504951 HTTP/1.1" 200 17913
186.67.172.234 - - [04/May/2017:13:20:55 -0300] "GET /cormun/servlet/trsolicitudadjuntos?2017,6303, HTTP/1.1" 200 6137
186.79.63.226 - - [04/May/2017:13:21:01 -0300] "POST /cormun/servlet/solicitudot?gx-no-cache=1493914921245 HTTP/1.1" 200 1296
186.79.63.226 - - [04/May/2017:13:21:01 -0300] "POST /cormun/servlet/solicitudot?gx-no-cache=1493914921425 HTTP/1.1" 200 38
186.79.63.226 - - [04/May/2017:13:21:01 -0300] "GET /cormun/servlet/solicitudot?f946e3e167478d9b14ff6dd15088c761352865a3aa699c86f89976a2ec226406452c0b91f61cf587f49f3b0c7354afbdf0bbb7790fc15ed01f6a5be1dfee572ac4b9eb10e51c8f4f72804a49c49ac7257d3af45a0f02bcd87508210a33947f03acaa316658f3223a03cb65a3b25c4c6b82216b92248109517699447268f2e667077b40353b9ae5e41c0de829552fb87885a6978890586ccc82a3a471816e665cd86fe265762f2d985a5d2a9ee4363e3b07f30803200a5e85659dca54f3b7a8f6ba55335bfb09ae392a53f5617d7750de,gx-no-cache=1493914921575 HTTP/1.1" 200 29
186.79.63.226 - - [04/May/2017:13:21:01 -0300] "POST /cormun/servlet/solicitudot?gx-no-cache=1493914921681 HTTP/1.1" 200 1280
186.103.156.24 - - [04/May/2017:13:21:01 -0300] "GET /cormun/servlet/prcontrato?15109517,,,MD,,gxPopupLevel%3D0%3B HTTP/1.1" 200 6015
186.103.156.24 - - [04/May/2017:13:21:02 -0300] "GET /cormun/static/gxcfg.js?201731711504186 HTTP/1.1" 200 953
186.79.63.226 - - [04/May/2017:13:21:02 -0300] "POST /cormun/servlet/solicitudot?gx-no-cache=1493914921928 HTTP/1.1" 200 1161
186.103.156.24 - - [04/May/2017:13:21:02 -0300] "GET /cormun/static/prcontrato.js?20173171150446 HTTP/1.1" 200 13820
186.103.156.24 - - [04/May/2017:13:21:03 -0300] "POST /cormun/servlet/acontrolpreferencessavestate?None,GALVAREZ,true HTTP/1.1" 200 35
186.79.63.226 - - [04/May/2017:13:21:13 -0300] "GET /cormun/servlet/solicitudot?f946e3e167478d9b14ff6dd15088c761352865a3aa699c86f89976a2ec226406452c0b91f61cf587f49f3b0c7354afbd61357d4a4298dc244d3002038ba7c805c4b9eb10e51c8f4f72804a49c49ac7257d3af45a0f02bcd87508210a33947f03acaa316658f3223a03cb65a3b25c4c6b82216b92248109517699447268f2e667077b40353b9ae5e41c0de829552fb87885a6978890586ccc82a3a471816e665cd86fe265762f2d985a5d2a9ee4363e3b07f30803200a5e85659dca54f3b7a8f6ba55335bfb09ae392a53f5617d7750de,gx-no-cache=1493914933156 HTTP/1.1" 200 29
186.79.63.226 - - [04/May/2017:13:21:18 -0300] "POST /cormun/servlet/solicitudot?gx-no-cache=1493914938743 HTTP/1.1" 200 1280
186.79.63.226 - - [04/May/2017:13:21:19 -0300] "POST /cormun/servlet/solicitudot?gx-no-cache=1493914938962 HTTP/1.1" 200 1161
186.79.63.226 - - [04/May/2017:13:21:19 -0300] "GET /cormun/static/menuarrow.gif HTTP/1.1" 404 1015
186.79.63.226 - - [04/May/2017:13:21:22 -0300] "POST /cormun/servlet/solicitudot?gx-no-cache=1493914942421 HTTP/1.1" 200 1280
186.79.63.226 - - [04/May/2017:13:21:22 -0300] "POST /cormun/servlet/solicitudot?gx-no-cache=1493914942659 HTTP/1.1" 200 1161
186.67.172.234 - - [04/May/2017:13:21:25 -0300] "GET /cormun/servlet/solicitudotadjuntos?INS,2017,6303,,1, HTTP/1.1" 200 6073
186.67.172.234 - - [04/May/2017:13:21:26 -0300] "GET /cormun/static/gxcfg.js?201612218465951 HTTP/1.1" 304 -
186.67.172.234 - - [04/May/2017:13:21:26 -0300] "GET /cormun/static/solicitudotadjuntos.js?201612218465969 HTTP/1.1" 304 -
186.67.172.234 - - [04/May/2017:13:21:26 -0300] "GET /cormun/static/about:blank HTTP/1.1" 404 1011
186.67.172.234 - - [04/May/2017:13:21:26 -0300] "GET /cormun/servlet/solicitudotadjuntos?INS,2017,6303,,1, HTTP/1.1" 200 6067
186.67.172.234 - - [04/May/2017:13:21:26 -0300] "GET /cormun/servlet/solicitudotadjuntos?25d668b3fd88738781207d49b5cae8daf41cc63bc93fcbc6242f795ec56de924fe53606ced8da89a88925441f4f4e38c,gx-no-cache=1493914946970 HTTP/1.1" 200 30
186.67.172.234 - - [04/May/2017:13:21:27 -0300] "POST /cormun/servlet/solicitudotadjuntos?e24d6c77c1a36d5b4e9a65e30994c3c8,INS,2017,6303,,1,,gx-no-cache=1493914947055 HTTP/1.1" 200 3819
186.67.172.234 - - [04/May/2017:13:21:27 -0300] "GET /cormun/servlet/solicitudot?da1a29ff41b7d0887767ef5a7f3d5a4eb0eb5ac1c0c6afcf6ae2e75615dd463ec974075c523967536a9e29fd80e24e31eb72581a8e5ebb3964da04e5b7f4cdab898f858e257177816a4f5364268f257378014e2e6fdb3658988b079930a8b74af7e1ac6b550e20815c7eee07702e825abbe315d19342f815f475b5f38c2d51f82a9da84800ce7e954c43394b71ceb95b4545435516a4f0d11a70d0d2ceb4b3a45d051d3ebda8e37f3baba2de01c6b78507d9dbcd5b3c211bf12d3411a7f641e82940d3e40b5aa9ea39870c169e430f94,gx-no-cache=1493914947628 HTTP/1.1" 200 29
186.67.172.234 - - [04/May/2017:13:21:29 -0300] "POST /cormun/servlet/solicitudotadjuntos?gx-no-cache=1493914949975 HTTP/1.1" 200 26
186.79.63.226 - - [04/May/2017:13:21:30 -0300] "GET /cormun/servlet/solicitudot?f946e3e167478d9b14ff6dd15088c7613f4b65d2ddf6c49ec9ce590de1b79d323a7a3711109f1368206feb53d3961581b29cca611fe1d02f591423d531d8b9a728ee4d02cce12f201d63f6e4da61c7bbb063004506d471982da2aaed84066bb329a6c571a17299bfb994ed7fa217fdc20671a56d64c84c25736f8becb9d9e27998cd1abedaa24dc9de93abd16312d23a16b7b47e5596642c7e8939899d7b507be2293249debd400309960ca51a30da3c,gx-no-cache=1493914950517 HTTP/1.1" 200 30
186.67.172.234 - - [04/May/2017:13:21:30 -0300] "POST /cormun/servlet/solicitudot?gx-no-cache=1493914950733 HTTP/1.1" 200 1280
186.67.172.234 - - [04/May/2017:13:21:30 -0300] "POST /cormun/servlet/solicitudot?gx-no-cache=1493914951259 HTTP/1.1" 200 1162
186.67.172.234 - - [04/May/2017:13:21:30 -0300] "GET /cormun/static/menuarrow.gif HTTP/1.1" 404 1015
186.67.172.234 - - [04/May/2017:13:21:32 -0300] "POST /cormun/servlet/solicitudot?gx-no-cache=1493914953502 HTTP/1.1" 200 1280
186.67.172.234 - - [04/May/2017:13:21:33 -0300] "POST /cormun/servlet/solicitudot?gx-no-cache=1493914953581 HTTP/1.1" 200 1162
186.103.156.24 - - [04/May/2017:13:21:42 -0300] "POST /cormun/servlet/renuncias?3f31bd1681d697d624a008786f27956b,INS,0,,gx-no-cache=1493915022518 HTTP/1.1" 200 93
186.103.156.24 - - [04/May/2017:13:21:42 -0300] "GET /cormun/servlet/hpexe_return? HTTP/1.1" 200 1008
186.103.156.24 - - [04/May/2017:13:21:42 -0300] "GET /cormun/static/Resources/Spanish/PXTools.css?167811 HTTP/1.1" 304 -
186.103.156.24 - - [04/May/2017:13:21:42 -0300] "GET /cormun/static/gxcfg.js?2016101716175148 HTTP/1.1" 304 -
186.103.156.24 - - [04/May/2017:13:21:42 -0300] "GET /cormun/static/hpexe_return.js?2016101716175153 HTTP/1.1" 304 -
186.103.156.24 - - [04/May/2017:13:21:43 -0300] "GET /cormun/servlet/trrenuncias HTTP/1.1" 200 7448
186.103.156.24 - - [04/May/2017:13:21:44 -0300] "GET /cormun//static/Resources/PXToolsActionPrint.png HTTP/1.1" 200 3317
186.103.156.24 - - [04/May/2017:13:21:44 -0300] "GET /cormun//static/Resources/PXToolsHeaderHelp.png HTTP/1.1" 200 4055
186.103.156.24 - - [04/May/2017:13:21:44 -0300] "GET /cormun/servlet/trrenuncias HTTP/1.1" 200 7444
186.103.156.24 - - [04/May/2017:13:21:44 -0300] "GET /cormun//static/Resources/PXToolsHeaderFavorites.png HTTP/1.1" 200 2744
186.67.172.234 - - [04/May/2017:13:21:48 -0300] "GET /cormun/servlet/solicitudotadjuntos?25d668b3fd88738781207d49b5cae8dadc1984f651dae167a3167f95b81c3536,gx-no-cache=1493914968471 HTTP/1.1" 200 30
186.67.172.234 - - [04/May/2017:13:21:48 -0300] "GET /cormun/servlet/solicitudotadjuntos?25d668b3fd88738781207d49b5cae8dadc1984f651dae167a3167f95b81c3536,gx-no-cache=1493914968532 HTTP/1.1" 200 30
186.67.172.234 - - [04/May/2017:13:21:49 -0300] "POST /cormun/servlet/solicitudotadjuntos?e24d6c77c1a36d5b4e9a65e30994c3c8,INS,2017,6303,,1, HTTP/1.1" 200 116
186.67.172.234 - - [04/May/2017:13:21:50 -0300] "GET /cormun/servlet/hpexe_return? HTTP/1.1" 200 1017
186.67.172.234 - - [04/May/2017:13:21:50 -0300] "GET /cormun/servlet/trsolicitudadjuntos?2017,6303, HTTP/1.1" 200 8323
186.67.172.234 - - [04/May/2017:13:21:50 -0300] "GET /cormun/servlet/trsolicitudadjuntos?2017,6303, HTTP/1.1" 200 8317
186.103.156.24 - - [04/May/2017:13:21:52 -0300] "GET /cormun/servlet/trrenunciasadjuntos?41,15109517, HTTP/1.1" 200 6010
186.103.156.24 - - [04/May/2017:13:21:53 -0300] "GET /cormun/static/gxcfg.js?201731711565375 HTTP/1.1" 200 953
186.103.156.24 - - [04/May/2017:13:21:53 -0300] "GET /cormun/static/trrenunciasadjuntos.js?201731711565661 HTTP/1.1" 200 15159
186.103.156.24 - - [04/May/2017:13:21:53 -0300] "GET /cormun/servlet/trrenunciasadjuntos?41,15109517, HTTP/1.1" 200 6010
186.103.156.24 - - [04/May/2017:13:21:54 -0300] "POST /cormun/servlet/acontrolpreferencessavestate?None,GALVAREZ,true HTTP/1.1" 200 35
186.67.172.234 - - [04/May/2017:13:21:55 -0300] "POST /cormun/servlet/trsolicitudadjuntos?e24d6c77c1a36d5b4e9a65e30994c3c8,2017,6303,,gx-no-cache=1493914975476 HTTP/1.1" 200 90
186.67.172.234 - - [04/May/2017:13:21:55 -0300] "GET /cormun/servlet/hpexe_link HTTP/1.1" 200 960
186.67.172.234 - - [04/May/2017:13:21:55 -0300] "GET /cormun/servlet/trsolicitudot HTTP/1.1" 200 8667
186.67.172.234 - - [04/May/2017:13:21:56 -0300] "GET /cormun/servlet/trsolicitudot HTTP/1.1" 200 8666
186.103.156.24 - - [04/May/2017:13:21:57 -0300] "GET /cormun/servlet/renunciasadjuntos?INS,41,, HTTP/1.1" 200 5345
186.103.156.24 - - [04/May/2017:13:21:57 -0300] "GET /cormun/static/gxcfg.js?201731711431598 HTTP/1.1" 200 953
186.103.156.24 - - [04/May/2017:13:21:57 -0300] "GET /cormun/static/renunciasadjuntos.js?20173171143167 HTTP/1.1" 200 5937
186.103.156.24 - - [04/May/2017:13:21:57 -0300] "GET /cormun/static/about:blank HTTP/1.1" 404 1011
186.103.156.24 - - [04/May/2017:13:21:57 -0300] "GET /cormun/servlet/renunciasadjuntos?INS,41,, HTTP/1.1" 200 5332
186.79.63.226 - - [04/May/2017:13:22:02 -0300] "POST /cormun/servlet/solicitudot?d868ce332e67019c0c3c26b13133853e,INS,0,0,,gx-no-cache=1493914981494 HTTP/1.1" 200 93
186.79.63.226 - - [04/May/2017:13:22:02 -0300] "GET /cormun/servlet/hpexe_return? HTTP/1.1" 200 1007
186.79.63.226 - - [04/May/2017:13:22:02 -0300] "GET /cormun/servlet/trsolicitudot HTTP/1.1" 200 8421
186.79.63.226 - - [04/May/2017:13:22:04 -0300] "GET /cormun/servlet/trsolicitudot HTTP/1.1" 200 8417
186.67.172.234 - - [04/May/2017:13:22:10 -0300] "POST /cormun/servlet/trsolicitudot?e24d6c77c1a36d5b4e9a65e30994c3c8,gx-no-cache=1493914990490 HTTP/1.1" 200 5402
186.79.63.226 - - [04/May/2017:13:22:12 -0300] "GET /cormun/servlet/solicitudot?INS,0,0, HTTP/1.1" 200 12548
186.79.63.226 - - [04/May/2017:13:22:13 -0300] "GET /cormun/servlet/solicitudot?INS,0,0, HTTP/1.1" 200 12553
186.79.63.226 - - [04/May/2017:13:22:37 -0300] "POST /cormun/servlet/solicitudot?gx-no-cache=1493915017086 HTTP/1.1" 200 3203
186.79.63.226 - - [04/May/2017:13:22:38 -0300] "POST /cormun/servlet/solicitudot?d868ce332e67019c0c3c26b13133853e,INS,0,0,,gx-no-cache=1493915017667 HTTP/1.1" 200 9806
186.79.63.226 - - [04/May/2017:13:22:41 -0300] "GET /cormun/servlet/solicitudot?f946e3e167478d9b14ff6dd15088c761e132d4579e11e16ddb82957f42b2d5db38481e39eaf310a5b9da84e5b5eee26e,gx-no-cache=1493915021398 HTTP/1.1" 200 30
186.79.63.226 - - [04/May/2017:13:22:41 -0300] "POST /cormun/servlet/solicitudot?gx-no-cache=1493915021579 HTTP/1.1" 200 255
186.79.63.226 - - [04/May/2017:13:22:41 -0300] "GET /cormun/servlet/solicitudot?f946e3e167478d9b14ff6dd15088c761e9092babfd38849370d96d499d2e40b0ee9c2912908c1dfdba3a61f90285e87f1b0a21990f8a9635648991ddda6714c85892b074cb08c7cbed4a493876f30c2067087c74750195e3db65aca3150270eb79e88d4fc4691893091cf721b7d1b2da3917112b50cc9c371295c450ad80f3593a3c7537ff24553ec4f66fee21833ef97e3875b395323f27ea08a388452ecc94900b15eb4882887836b85498a50f9aa34d1cc49e83426477b220fd6ebac7cb4c90d04dceea03996107e05a50a2e7aa3cbcbeeb5ad19b54e1143ec33f91da782d8414b8346359e192897b5fc673bc199608520b3861bec7ba6a207454076f0cc1dd14761a8e91018e2f64119facb88289d0c73b669c2eabec4f2ff79e7996292a292f3d2754174cbc1337f3f2d0554f5b677762ff1117b6c39f1e5b85b9a973fa10ecd22d508b0e3456ae115bc943ab7cfc79211ec155153b0ddd37b0aa687f5386658849d426bdcefdd8b8fa6a0aa00a5ae15db0dde2c7eb1d9a2841e815dda2,gx-no-cache=1493915021745 HTTP/1.1" 200 30
186.67.172.234 - - [04/May/2017:13:22:48 -0300] "GET /cormun/servlet/trsolicitudot HTTP/1.1" 200 8244
186.79.63.226 - - [04/May/2017:13:22:50 -0300] "POST /cormun/servlet/solicitudot?gx-no-cache=1493915030803 HTTP/1.1" 200 30
207.46.13.32 - - [04/May/2017:13:22:51 -0300] "GET /cormun/servlet/trpermisosadjuntos?11130975,20170321124038,P,&_escaped_fragment_= HTTP/1.1" 200 5769
186.79.63.226 - - [04/May/2017:13:22:53 -0300] "GET /cormun/servlet/prcontratosol?16178807,,,,,MD,,gxPopupLevel%3D0%3B HTTP/1.1" 200 5887
186.103.159.187 - - [04/May/2017:13:23:07 -0300] "GET /cormun/servlet/solicitudot?964d8e92849867c7547ce464f7c5d7bbd3cdbdebf227eaebb5feb15de91a61288b91d51b487cfc12ad05e883a36353839a85e21eb0f70a8d41d3b4bc7590bb90a5529c1bdbe5f4fc61a952cc3674b4a3b651827f9dc042edbf0fe1beb547ae54831ee0c6f2d62b4f5a6fd66af37c7f93,gx-no-cache=1493918645073 HTTP/1.1" 200 29
186.103.159.187 - - [04/May/2017:13:23:07 -0300] "POST /cormun/servlet/solicitudot?gx-no-cache=1493918645132 HTTP/1.1" 200 676
186.103.159.187 - - [04/May/2017:13:23:10 -0300] "POST /cormun/servlet/solicitudot?gx-no-cache=1493918647016 HTTP/1.1" 200 1162
186.67.172.234 - - [04/May/2017:13:23:14 -0300] "GET /cormun/servlet/trsolicitudot HTTP/1.1" 200 8244
