186.79.63.226 - - [04/May/2017:13:23:14 -0300] "POST /cormun/servlet/solicitudot?gx-no-cache=1493915054495 HTTP/1.1" 200 1297
186.67.172.234 - - [04/May/2017:13:23:14 -0300] "GET /cormun/servlet/trsolicitudot HTTP/1.1" 200 8243
186.79.63.226 - - [04/May/2017:13:23:14 -0300] "POST /cormun/servlet/solicitudot?gx-no-cache=1493915054772 HTTP/1.1" 200 38
186.79.63.226 - - [04/May/2017:13:23:14 -0300] "GET /cormun/servlet/solicitudot?f946e3e167478d9b14ff6dd15088c761352865a3aa699c86f89976a2ec226406452c0b91f61cf587f49f3b0c7354afbdf0bbb7790fc15ed01f6a5be1dfee572ac4b9eb10e51c8f4f72804a49c49ac7257d3af45a0f02bcd87508210a33947f03acaa316658f3223a03cb65a3b25c4c6b82216b92248109517699447268f2e667077b40353b9ae5e41c0de829552fb87885a6978890586ccc82a3a471816e665cd86fe265762f2d985a5d2a9ee4363e3b07f30803200a5e85659dca54f3b7a8f6ba55335bfb09ae392a53f5617d7750de,gx-no-cache=1493915054915 HTTP/1.1" 200 29
186.79.63.226 - - [04/May/2017:13:23:15 -0300] "POST /cormun/servlet/solicitudot?gx-no-cache=1493915055034 HTTP/1.1" 200 1280
186.79.63.226 - - [04/May/2017:13:23:15 -0300] "POST /cormun/servlet/solicitudot?gx-no-cache=1493915055248 HTTP/1.1" 200 1162
186.67.172.234 - - [04/May/2017:13:23:20 -0300] "GET /cormun/servlet/trautorizarsolicitud? HTTP/1.1" 200 8215
186.67.172.234 - - [04/May/2017:13:23:20 -0300] "GET /cormun/static/gxui/gxui-all.css?120300 HTTP/1.1" 200 2179
186.67.172.234 - - [04/May/2017:13:23:20 -0300] "GET /cormun/static/gxcfg.js?2017259112829 HTTP/1.1" 200 953
186.103.159.187 - - [04/May/2017:13:23:24 -0300] "GET /cormun/static/menuarrow.gif HTTP/1.1" 404 1015
186.79.63.226 - - [04/May/2017:13:23:24 -0300] "GET /cormun/servlet/solicitudot?f946e3e167478d9b14ff6dd15088c761352865a3aa699c86f89976a2ec226406452c0b91f61cf587f49f3b0c7354afbd61357d4a4298dc244d3002038ba7c805c4b9eb10e51c8f4f72804a49c49ac7257d3af45a0f02bcd87508210a33947f03acaa316658f3223a03cb65a3b25c4c6b82216b92248109517699447268f2e667077b40353b9ae5e41c0de829552fb87885a6978890586ccc82a3a471816e665cd86fe265762f2d985a5d2a9ee4363e3b07f30803200a5e85659dca54f3b7a8f6ba55335bfb09ae392a53f5617d7750de,gx-no-cache=1493915064793 HTTP/1.1" 200 29
186.67.172.234 - - [04/May/2017:13:23:35 -0300] "GET /cormun/static/trautorizarsolicitud.js?2017259113483 HTTP/1.1" 200 53096
186.67.172.234 - - [04/May/2017:13:23:35 -0300] "GET /cormun/static/Shared/ext/resources/css/ext-all.css?215870 HTTP/1.1" 200 416045
186.67.172.234 - - [04/May/2017:13:23:35 -0300] "GET /favicon.ico HTTP/1.1" 200 21630
186.67.172.234 - - [04/May/2017:13:23:36 -0300] "GET /cormun/servlet/trautorizarsolicitud? HTTP/1.1" 200 8215
186.67.172.234 - - [04/May/2017:13:23:36 -0300] "GET /favicon.ico HTTP/1.1" 206 1
186.67.172.234 - - [04/May/2017:13:23:36 -0300] "GET /favicon.ico HTTP/1.1" 206 20463
186.103.159.187 - - [04/May/2017:13:23:36 -0300] "GET /cormun/servlet/solicitudot?964d8e92849867c7547ce464f7c5d7bbd49f30ce093c094e948b8c1b0daa465ba25bb55d053169ad7b0f9dd5e52b5349aa9694931fadb83086d12d5a60d93ca56eb32148fda9be626da4eecc671fdb76163bd8d01d9dfdd2ddd56f18378ac403b8da07062267cbc7a8aeb5a0275d8a10e40325ba7317ccd6b5d57ef387333b98bb77a0ede9c6f3ebfe59aafcafa97a22c023fdf83bd5afcee61cd3eafc87bdce0580118bf95b1450c120b7f8517ff583,gx-no-cache=1493918673712 HTTP/1.1" 200 30
186.67.172.234 - - [04/May/2017:13:23:40 -0300] "POST /cormun/servlet/trautorizarsolicitud?e24d6c77c1a36d5b4e9a65e30994c3c8,,gx-no-cache=1493915080757 HTTP/1.1" 200 4307
186.67.172.234 - - [04/May/2017:13:23:40 -0300] "GET /cormun/static/Shared/jqueryui/images/ui-icons_82798d_256x240.png HTTP/1.1" 404 1089
186.67.172.234 - - [04/May/2017:13:23:40 -0300] "GET /cormun/static/Shared/jqueryui/images/ui-bg_highlight-soft_100_c6c2c8_1x100.png HTTP/1.1" 404 1117
186.67.172.234 - - [04/May/2017:13:23:41 -0300] "POST /cormun/servlet/trautorizarsolicitud?e24d6c77c1a36d5b4e9a65e30994c3c8,,gx-no-cache=1493915080987 HTTP/1.1" 200 4088
186.67.172.234 - - [04/May/2017:13:23:41 -0300] "GET /cormun/static/Shared/jqueryui/images/ui-icons_8d78a5_256x240.png HTTP/1.1" 404 1089
186.67.172.234 - - [04/May/2017:13:23:41 -0300] "GET /cormun/static/Shared/jqueryui/images/ui-bg_flat_55_fafafa_40x100.png HTTP/1.1" 404 1097
186.103.159.187 - - [04/May/2017:13:23:54 -0300] "POST /cormun/servlet/solicitudot?29cdd93c07368928964737fdc713a068,INS,0,0,,gx-no-cache=1493918691772 HTTP/1.1" 200 93
186.103.159.187 - - [04/May/2017:13:23:54 -0300] "GET /cormun/servlet/hpexe_return? HTTP/1.1" 200 1026
186.103.159.187 - - [04/May/2017:13:23:55 -0300] "GET /cormun/servlet/trsolicitudot?gx-no-cache=1493918246858 HTTP/1.1" 200 8875
186.103.159.187 - - [04/May/2017:13:23:56 -0300] "GET /cormun/servlet/trsolicitudot?gx-no-cache=1493918246858 HTTP/1.1" 200 8894
186.103.159.187 - - [04/May/2017:13:24:01 -0300] "POST /cormun/servlet/trsolicitudot?29cdd93c07368928964737fdc713a068,gx-no-cache=1493918246858,gx-no-cache=1493918698213 HTTP/1.1" 200 6350
186.103.159.187 - - [04/May/2017:13:24:01 -0300] "GET /cormun/static/Shared/jqueryui/images/ui-bg_highlight-soft_100_c6c2c8_1x100.png HTTP/1.1" 404 1117
186.103.159.187 - - [04/May/2017:13:24:01 -0300] "GET /cormun/static/Shared/jqueryui/images/ui-icons_82798d_256x240.png HTTP/1.1" 404 1089
186.103.159.187 - - [04/May/2017:13:24:01 -0300] "GET /cormun/static/Shared/jqueryui/images/ui-bg_flat_55_fafafa_40x100.png HTTP/1.1" 404 1097
186.103.159.187 - - [04/May/2017:13:24:01 -0300] "GET /cormun/static/Shared/jqueryui/images/ui-icons_8d78a5_256x240.png HTTP/1.1" 404 1089
186.103.159.187 - - [04/May/2017:13:24:11 -0300] "POST /cormun/servlet/trsolicitudot?29cdd93c07368928964737fdc713a068,gx-no-cache=1493918246858,gx-no-cache=1493918708625 HTTP/1.1" 200 106
186.103.159.187 - - [04/May/2017:13:24:11 -0300] "GET /cormun/servlet/trsolicitudadjuntos?2017,6306, HTTP/1.1" 200 5858
186.103.159.187 - - [04/May/2017:13:24:11 -0300] "GET /cormun/static/gxcfg.js?201731711504543 HTTP/1.1" 200 953
186.103.159.187 - - [04/May/2017:13:24:12 -0300] "GET /cormun/static/trsolicitudadjuntos.js?201731711504951 HTTP/1.1" 200 17913
186.103.159.187 - - [04/May/2017:13:24:12 -0300] "GET /cormun/servlet/trsolicitudadjuntos?2017,6306, HTTP/1.1" 200 5836
186.103.156.24 - - [04/May/2017:13:24:12 -0300] "GET /cormun/servlet/trsolicitudot? HTTP/1.1" 200 6973
186.103.156.24 - - [04/May/2017:13:24:13 -0300] "GET /cormun/servlet/trsolicitudot? HTTP/1.1" 200 6972
186.103.159.187 - - [04/May/2017:13:24:24 -0300] "GET /cormun/servlet/solicitudotadjuntos?INS,2017,6306,,1, HTTP/1.1" 200 5773
186.103.159.187 - - [04/May/2017:13:24:24 -0300] "GET /cormun/static/solicitudotadjuntos.js?201612218465969 HTTP/1.1" 200 11762
186.103.159.187 - - [04/May/2017:13:24:24 -0300] "GET /cormun/static/gxcfg.js?201612218465951 HTTP/1.1" 200 953
186.103.159.187 - - [04/May/2017:13:24:25 -0300] "GET /cormun/static/about:blank HTTP/1.1" 404 1011
186.103.159.187 - - [04/May/2017:13:24:25 -0300] "GET /cormun/servlet/solicitudotadjuntos?INS,2017,6306,,1, HTTP/1.1" 200 5767
186.103.159.187 - - [04/May/2017:13:24:26 -0300] "GET /cormun/servlet/solicitudotadjuntos?964d8e92849867c7547ce464f7c5d7bbed3a9c8351ba17e5306d16a937b81ab2256ecc6cfa37cc590585a8c8bab57cc7,gx-no-cache=1493918723345 HTTP/1.1" 200 30
186.103.159.187 - - [04/May/2017:13:24:26 -0300] "POST /cormun/servlet/solicitudotadjuntos?29cdd93c07368928964737fdc713a068,INS,2017,6306,,1,,gx-no-cache=1493918723405 HTTP/1.1" 200 3642
186.67.172.234 - - [04/May/2017:13:24:31 -0300] "GET /cormun/servlet/trsolicitudot HTTP/1.1" 200 8244
186.67.172.234 - - [04/May/2017:13:24:31 -0300] "GET /cormun/servlet/trsolicitudot HTTP/1.1" 200 8243
186.103.156.24 - - [04/May/2017:13:24:36 -0300] "GET /cormun/servlet/solicitudot?INS,0,0, HTTP/1.1" 200 12819
186.67.172.234 - - [04/May/2017:13:24:36 -0300] "GET /cormun/servlet/trpermisosgoce? HTTP/1.1" 200 6823
186.67.172.234 - - [04/May/2017:13:24:36 -0300] "GET /cormun/static/gxcfg.js?20174111153177 HTTP/1.1" 304 -
186.67.172.234 - - [04/May/2017:13:24:36 -0300] "GET /cormun/static/trpermisosgoce.js?20174111153217 HTTP/1.1" 304 -
186.67.172.234 - - [04/May/2017:13:24:36 -0300] "GET /cormun/servlet/trpermisosgoce? HTTP/1.1" 200 6823
186.103.156.24 - - [04/May/2017:13:24:36 -0300] "GET /cormun/servlet/solicitudot?INS,0,0, HTTP/1.1" 200 12824
186.67.172.234 - - [04/May/2017:13:24:38 -0300] "GET /cormun/servlet/permisogoce?INS,0,,, HTTP/1.1" 200 6817
186.67.172.234 - - [04/May/2017:13:24:39 -0300] "GET /cormun/static/gxcfg.js?201741111325459 HTTP/1.1" 200 953
186.67.172.234 - - [04/May/2017:13:24:39 -0300] "GET /cormun/static/permisogoce.js?20174111132557 HTTP/1.1" 200 26619
186.67.172.234 - - [04/May/2017:13:24:39 -0300] "GET /cormun/servlet/permisogoce?INS,0,,, HTTP/1.1" 200 6817
186.103.159.187 - - [04/May/2017:13:24:43 -0300] "POST /cormun/servlet/solicitudotadjuntos?gx-no-cache=1493918740751 HTTP/1.1" 200 26
186.67.172.234 - - [04/May/2017:13:24:49 -0300] "GET /cormun/servlet/permisogoce?b0d544494e11cbf3ee0c1fc1e42d1c69111fed61049f7728f74ec296e4144c28ebe3af78386516e4719813b56b408c06,gx-no-cache=1493915150074 HTTP/1.1" 200 67
186.67.172.234 - - [04/May/2017:13:24:50 -0300] "GET /cormun/static/menuarrow.gif HTTP/1.1" 404 1015
186.79.63.226 - - [04/May/2017:13:24:52 -0300] "POST /cormun/servlet/solicitudot?gx-no-cache=1493915151883 HTTP/1.1" 200 1280
186.79.63.226 - - [04/May/2017:13:24:52 -0300] "POST /cormun/servlet/solicitudot?gx-no-cache=1493915152596 HTTP/1.1" 200 1162
186.67.172.234 - - [04/May/2017:13:24:57 -0300] "GET /cormun/servlet/permisogoce?b0d544494e11cbf3ee0c1fc1e42d1c6942f1f083fd03947446dfde114be12d113df580ca9d3eab8d468f84a83efdbfe2b3c9dafc20fd3a87c70181b95d4b4a77,gx-no-cache=1493915157810 HTTP/1.1" 200 48
186.103.156.24 - - [04/May/2017:13:24:58 -0300] "POST /cormun/servlet/solicitudot?gx-no-cache=1493915161671 HTTP/1.1" 200 3204
186.103.156.24 - - [04/May/2017:13:24:58 -0300] "POST /cormun/servlet/solicitudot?866c1da8949d20e27a1d08cd22da5c2c,INS,0,0,,gx-no-cache=1493915162149 HTTP/1.1" 200 9981
186.67.172.234 - - [04/May/2017:13:25:08 -0300] "POST /cormun/servlet/permisogoce?e24d6c77c1a36d5b4e9a65e30994c3c8,INS,0,,,,gx-no-cache=1493915167682 HTTP/1.1" 200 93
186.67.172.234 - - [04/May/2017:13:25:08 -0300] "GET /cormun/servlet/hpexe_return? HTTP/1.1" 200 1001
186.67.172.234 - - [04/May/2017:13:25:08 -0300] "GET /cormun/servlet/trpermisosgoce HTTP/1.1" 200 7653
186.67.172.234 - - [04/May/2017:13:25:08 -0300] "GET /cormun/servlet/trpermisosgoce HTTP/1.1" 200 7649
186.103.156.24 - - [04/May/2017:13:25:23 -0300] "POST /cormun/servlet/renunciasadjuntos?3f31bd1681d697d624a008786f27956b,INS,41,, HTTP/1.1" 200 116
186.103.156.24 - - [04/May/2017:13:25:23 -0300] "GET /cormun/servlet/hpexe_return? HTTP/1.1" 200 1025
186.103.156.24 - - [04/May/2017:13:25:23 -0300] "GET /cormun/servlet/trrenunciasadjuntos?41,15109517, HTTP/1.1" 200 6416
186.103.156.24 - - [04/May/2017:13:25:24 -0300] "GET /cormun/servlet/trrenunciasadjuntos?41,15109517, HTTP/1.1" 200 6413
186.103.156.24 - - [04/May/2017:13:25:28 -0300] "GET /cormun/PublicTempStorage/renuncia_e._espinoza7803124.pdf HTTP/1.1" 200 433272
186.103.156.24 - - [04/May/2017:13:25:41 -0300] "GET /cormun/servlet/hlogin HTTP/1.1" 200 1725
186.103.156.24 - - [04/May/2017:13:25:42 -0300] "GET /cormun/static/hlogin.js?201741110203211 HTTP/1.1" 304 -
186.103.156.24 - - [04/May/2017:13:25:53 -0300] "POST /cormun/servlet/hlogin?6b31887b872bd6c5b347af9c1b815c71,gx-no-cache=1493915288807 HTTP/1.1" 200 428
186.103.156.24 - - [04/May/2017:13:26:08 -0300] "POST /cormun/servlet/hlogin?6b31887b872bd6c5b347af9c1b815c71,gx-no-cache=1493915305314 HTTP/1.1" 200 90
186.103.156.24 - - [04/May/2017:13:26:08 -0300] "GET /cormun/servlet/hpexe_link HTTP/1.1" 200 953
186.103.156.24 - - [04/May/2017:13:26:09 -0300] "GET /cormun/servlet/hhome HTTP/1.1" 200 4010
186.103.156.24 - - [04/May/2017:13:26:10 -0300] "GET /cormun/servlet/hhome HTTP/1.1" 200 4006
186.103.156.24 - - [04/May/2017:13:26:17 -0300] "GET /cormun/servlet/trrenuncias? HTTP/1.1" 200 7448
186.103.156.24 - - [04/May/2017:13:26:18 -0300] "GET /cormun/servlet/trrenuncias? HTTP/1.1" 200 7447
186.103.156.24 - - [04/May/2017:13:26:27 -0300] "GET /cormun/servlet/renuncias?INS,0, HTTP/1.1" 200 6128
186.103.156.24 - - [04/May/2017:13:26:27 -0300] "GET /cormun/servlet/renuncias?INS,0, HTTP/1.1" 200 6129
186.103.156.24 - - [04/May/2017:13:26:31 -0300] "GET /cormun/servlet/prfichaempleado?,MD,,gxPopupLevel%3D0%3B HTTP/1.1" 200 8839
186.67.172.234 - - [04/May/2017:13:26:32 -0300] "POST /cormun/servlet/trpermisosgoce?e24d6c77c1a36d5b4e9a65e30994c3c8,gx-no-cache=1493915252508 HTTP/1.1" 200 4166
186.67.172.234 - - [04/May/2017:13:26:32 -0300] "GET /cormun/static/Shared/jqueryui/images/ui-bg_highlight-soft_100_c6c2c8_1x100.png HTTP/1.1" 404 1117
186.67.172.234 - - [04/May/2017:13:26:32 -0300] "GET /cormun/static/Shared/jqueryui/images/ui-icons_82798d_256x240.png HTTP/1.1" 404 1089
186.67.172.234 - - [04/May/2017:13:26:32 -0300] "GET /cormun/static/Shared/jqueryui/images/ui-bg_flat_55_fafafa_40x100.png HTTP/1.1" 404 1097
186.67.172.234 - - [04/May/2017:13:26:32 -0300] "GET /cormun/static/Shared/jqueryui/images/ui-icons_8d78a5_256x240.png HTTP/1.1" 404 1089
186.103.159.187 - - [04/May/2017:13:26:42 -0300] "GET /cormun/servlet/solicitudotadjuntos?964d8e92849867c7547ce464f7c5d7bb394ab2a3e209190d017759c32d1d05c9,gx-no-cache=1493918858861 HTTP/1.1" 200 30
186.103.159.187 - - [04/May/2017:13:26:42 -0300] "GET /cormun/servlet/solicitudotadjuntos?964d8e92849867c7547ce464f7c5d7bb394ab2a3e209190d017759c32d1d05c9,gx-no-cache=1493918859287 HTTP/1.1" 200 30
186.103.159.187 - - [04/May/2017:13:26:44 -0300] "POST /cormun/servlet/solicitudotadjuntos?29cdd93c07368928964737fdc713a068,INS,2017,6306,,1, HTTP/1.1" 200 116
186.103.159.187 - - [04/May/2017:13:26:44 -0300] "GET /cormun/servlet/hpexe_return? HTTP/1.1" 200 1025
186.103.156.24 - - [04/May/2017:13:26:45 -0300] "POST /cormun/servlet/prfichaempleado?6b31887b872bd6c5b347af9c1b815c71,,MD,,gxPopupLevel%3D0%3B,gx-no-cache=1493915344186 HTTP/1.1" 200 3397
186.103.159.187 - - [04/May/2017:13:26:45 -0300] "GET /cormun/servlet/trsolicitudadjuntos?2017,6306, HTTP/1.1" 200 7956
186.67.172.234 - - [04/May/2017:13:26:46 -0300] "GET /cormun/servlet/trautorizarpermisogoce? HTTP/1.1" 200 7570
186.103.159.187 - - [04/May/2017:13:26:46 -0300] "GET /cormun/servlet/trsolicitudadjuntos?2017,6306, HTTP/1.1" 200 7952
186.67.172.234 - - [04/May/2017:13:26:46 -0300] "GET /cormun/static/gxcfg.js?20174111145711 HTTP/1.1" 200 953
186.67.172.234 - - [04/May/2017:13:26:46 -0300] "GET /cormun/static/trautorizarpermisogoce.js?201741111451072 HTTP/1.1" 200 32073
186.67.172.234 - - [04/May/2017:13:26:46 -0300] "GET /cormun/servlet/trautorizarpermisogoce? HTTP/1.1" 200 7569
186.103.156.24 - - [04/May/2017:13:26:48 -0300] "GET /cormun/servlet/renuncias?57f90f85c74268ce34a464fc112e32fa298bee003844422e6c05cf1a78e46824d7f645663b1123920c64faab2a4fc7db,gx-no-cache=1493915347679 HTTP/1.1" 200 33
186.103.156.24 - - [04/May/2017:13:26:50 -0300] "GET /cormun/servlet/prcontrato?15109517,,,MD,,gxPopupLevel%3D0%3B HTTP/1.1" 200 6021
186.67.172.234 - - [04/May/2017:13:26:53 -0300] "POST /cormun/servlet/trautorizarpermisogoce?e24d6c77c1a36d5b4e9a65e30994c3c8,,gx-no-cache=1493915273652 HTTP/1.1" 200 4863
186.103.156.24 - - [04/May/2017:13:26:55 -0300] "GET /cormun/servlet/renuncias?57f90f85c74268ce34a464fc112e32fa21f92d7ba50bc6d29a63dc274fec7baefa028a9a816b21ad173b420f92888e15,gx-no-cache=1493915355172 HTTP/1.1" 200 62
186.79.63.226 - - [04/May/2017:13:26:55 -0300] "POST /cormun/servlet/solicitudot?gx-no-cache=1493915275439 HTTP/1.1" 200 1280
186.79.63.226 - - [04/May/2017:13:26:55 -0300] "POST /cormun/servlet/solicitudot?gx-no-cache=1493915275834 HTTP/1.1" 200 1163
186.79.63.226 - - [04/May/2017:13:26:56 -0300] "GET /cormun/static/menuarrow.gif HTTP/1.1" 404 1015
186.79.63.226 - - [04/May/2017:13:26:58 -0300] "POST /cormun/servlet/solicitudot?gx-no-cache=1493915277778 HTTP/1.1" 200 1280
186.79.63.226 - - [04/May/2017:13:26:58 -0300] "POST /cormun/servlet/solicitudot?gx-no-cache=1493915278371 HTTP/1.1" 200 1163
186.103.159.187 - - [04/May/2017:13:26:58 -0300] "GET /cormun/servlet/solicitudotadjuntos?INS,2017,6306,,1, HTTP/1.1" 200 5774
186.103.159.187 - - [04/May/2017:13:26:59 -0300] "GET /cormun/static/about:blank HTTP/1.1" 404 1011
186.103.159.187 - - [04/May/2017:13:26:59 -0300] "GET /cormun/servlet/solicitudotadjuntos?INS,2017,6306,,1, HTTP/1.1" 200 5768
186.67.172.234 - - [04/May/2017:13:26:59 -0300] "GET /cormun/servlet/trpermisosadjuntos?15569821,20170504141934,P, HTTP/1.1" 200 6349
186.67.172.234 - - [04/May/2017:13:26:59 -0300] "GET /cormun/static/gxcfg.js?201731711542659 HTTP/1.1" 200 953
186.103.159.187 - - [04/May/2017:13:26:59 -0300] "GET /cormun/servlet/solicitudotadjuntos?964d8e92849867c7547ce464f7c5d7bbed3a9c8351ba17e5306d16a937b81ab2256ecc6cfa37cc590585a8c8bab57cc7,gx-no-cache=1493918877189 HTTP/1.1" 200 30
186.67.172.234 - - [04/May/2017:13:26:59 -0300] "GET /cormun/static/trpermisosadjuntos.js?201731711542990 HTTP/1.1" 200 20045
186.103.159.187 - - [04/May/2017:13:27:00 -0300] "POST /cormun/servlet/solicitudotadjuntos?29cdd93c07368928964737fdc713a068,INS,2017,6306,,1,,gx-no-cache=1493918877263 HTTP/1.1" 200 3642
186.67.172.234 - - [04/May/2017:13:27:00 -0300] "GET /cormun/servlet/trpermisosadjuntos?15569821,20170504141934,P, HTTP/1.1" 200 6349
186.67.172.234 - - [04/May/2017:13:27:02 -0300] "GET /cormun/servlet/permisosadjuntos?INS,15569821,P,20170504141934,, HTTP/1.1" 200 5674
186.67.172.234 - - [04/May/2017:13:27:03 -0300] "GET /cormun/static/gxcfg.js?201741111155774 HTTP/1.1" 200 953
186.67.172.234 - - [04/May/2017:13:27:03 -0300] "GET /cormun/static/permisosadjuntos.js?201741111155784 HTTP/1.1" 200 8724
186.67.172.234 - - [04/May/2017:13:27:03 -0300] "GET /cormun/static/about:blank HTTP/1.1" 404 1011
186.67.172.234 - - [04/May/2017:13:27:03 -0300] "GET /cormun/servlet/permisosadjuntos?INS,15569821,P,20170504141934,, HTTP/1.1" 200 5664
186.79.63.226 - - [04/May/2017:13:27:03 -0300] "GET /cormun/servlet/solicitudot?f946e3e167478d9b14ff6dd15088c761e0e7dcb4a360926e8a65a22524d10fdf2ccb611913ba822c4529a44cae97dbf5b29cca611fe1d02f591423d531d8b9a728ee4d02cce12f201d63f6e4da61c7bbb063004506d471982da2aaed84066bb329a6c571a17299bfb994ed7fa217fdc20671a56d64c84c25736f8becb9d9e27998cd1abedaa24dc9de93abd16312d23a16b7b47e5596642c7e8939899d7b507be2293249debd400309960ca51a30da3c,gx-no-cache=1493915283776 HTTP/1.1" 200 30
186.103.159.187 - - [04/May/2017:13:27:04 -0300] "POST /cormun/servlet/solicitudotadjuntos?gx-no-cache=1493918881694 HTTP/1.1" 200 26
186.103.156.24 - - [04/May/2017:13:27:13 -0300] "POST /cormun/servlet/renuncias?6b31887b872bd6c5b347af9c1b815c71,INS,0,,gx-no-cache=1493915374256 HTTP/1.1" 200 93
186.103.156.24 - - [04/May/2017:13:27:13 -0300] "GET /cormun/servlet/hpexe_return? HTTP/1.1" 200 1006
186.103.156.24 - - [04/May/2017:13:27:13 -0300] "GET /cormun/servlet/trrenuncias HTTP/1.1" 200 7627
186.103.156.24 - - [04/May/2017:13:27:14 -0300] "GET /cormun/servlet/trrenuncias HTTP/1.1" 200 7623
186.67.172.234 - - [04/May/2017:13:27:14 -0300] "POST /cormun/servlet/permisosadjuntos?e24d6c77c1a36d5b4e9a65e30994c3c8,INS,15569821,P,20170504141934,, HTTP/1.1" 200 116
186.103.156.24 - - [04/May/2017:13:27:19 -0300] "GET /cormun/servlet/trrenunciasadjuntos?42,15109517, HTTP/1.1" 200 6014
186.103.156.24 - - [04/May/2017:13:27:19 -0300] "GET /cormun/servlet/trrenunciasadjuntos?42,15109517, HTTP/1.1" 200 6014
186.103.156.24 - - [04/May/2017:13:27:21 -0300] "GET /cormun/servlet/renunciasadjuntos?INS,42,, HTTP/1.1" 200 5344
186.103.156.24 - - [04/May/2017:13:27:22 -0300] "GET /cormun/static/about:blank HTTP/1.1" 404 1011
186.103.156.24 - - [04/May/2017:13:27:22 -0300] "GET /cormun/servlet/renunciasadjuntos?INS,42,, HTTP/1.1" 200 5331
186.67.172.234 - - [04/May/2017:13:27:29 -0300] "GET /cormun/servlet/permisosadjuntos?INS,15569821,P,20170504141934,, HTTP/1.1" 200 5674
186.67.172.234 - - [04/May/2017:13:27:29 -0300] "GET /cormun/static/about:blank HTTP/1.1" 404 1011
186.67.172.234 - - [04/May/2017:13:27:29 -0300] "GET /cormun/servlet/permisosadjuntos?INS,15569821,P,20170504141934,, HTTP/1.1" 200 5664
186.67.172.234 - - [04/May/2017:13:27:29 -0300] "GET /favicon.ico HTTP/1.1" 200 21630
186.79.63.226 - - [04/May/2017:13:27:33 -0300] "POST /cormun/servlet/solicitudot?d868ce332e67019c0c3c26b13133853e,INS,0,0,,gx-no-cache=1493915313305 HTTP/1.1" 200 93
186.79.63.226 - - [04/May/2017:13:27:34 -0300] "GET /cormun/servlet/hpexe_return? HTTP/1.1" 200 1007
186.79.63.226 - - [04/May/2017:13:27:34 -0300] "GET /cormun/servlet/trsolicitudot HTTP/1.1" 200 8774
186.79.63.226 - - [04/May/2017:13:27:36 -0300] "GET /cormun/servlet/trsolicitudot HTTP/1.1" 200 8770
186.79.63.226 - - [04/May/2017:13:27:43 -0300] "GET /cormun/servlet/solicitudot?INS,0,0, HTTP/1.1" 200 12548
186.79.63.226 - - [04/May/2017:13:27:45 -0300] "GET /cormun/servlet/solicitudot?INS,0,0, HTTP/1.1" 200 12553
186.103.156.24 - - [04/May/2017:13:27:51 -0300] "POST /cormun/servlet/renunciasadjuntos?6b31887b872bd6c5b347af9c1b815c71,INS,42,, HTTP/1.1" 200 116
186.103.156.24 - - [04/May/2017:13:27:51 -0300] "GET /cormun/servlet/hpexe_return? HTTP/1.1" 200 1024
186.103.156.24 - - [04/May/2017:13:27:52 -0300] "GET /cormun/servlet/trrenunciasadjuntos?42,15109517, HTTP/1.1" 200 6417
186.103.156.24 - - [04/May/2017:13:27:53 -0300] "GET /cormun/servlet/trrenunciasadjuntos?42,15109517, HTTP/1.1" 200 6413
186.79.63.226 - - [04/May/2017:13:27:57 -0300] "POST /cormun/servlet/solicitudot?gx-no-cache=1493915336772 HTTP/1.1" 200 3182
186.79.63.226 - - [04/May/2017:13:27:57 -0300] "POST /cormun/servlet/solicitudot?d868ce332e67019c0c3c26b13133853e,INS,0,0,,gx-no-cache=1493915337287 HTTP/1.1" 200 9782
186.103.156.24 - - [04/May/2017:13:28:01 -0300] "POST /cormun/servlet/trrenunciasadjuntos?6b31887b872bd6c5b347af9c1b815c71,42,15109517,,gx-no-cache=1493915427367 HTTP/1.1" 200 90
186.103.156.24 - - [04/May/2017:13:28:02 -0300] "GET /cormun/servlet/hpexe_link HTTP/1.1" 200 973
186.79.63.226 - - [04/May/2017:13:28:02 -0300] "GET /cormun/servlet/solicitudot?f946e3e167478d9b14ff6dd15088c7619558b9abc9300d301dc1ce9491905b9938481e39eaf310a5b9da84e5b5eee26e,gx-no-cache=1493915342437 HTTP/1.1" 200 30
186.103.156.24 - - [04/May/2017:13:28:02 -0300] "GET /cormun/servlet/trrenuncias HTTP/1.1" 200 7625
186.79.63.226 - - [04/May/2017:13:28:02 -0300] "POST /cormun/servlet/solicitudot?gx-no-cache=1493915342581 HTTP/1.1" 200 255
186.79.63.226 - - [04/May/2017:13:28:02 -0300] "GET /cormun/servlet/solicitudot?f946e3e167478d9b14ff6dd15088c761e9092babfd38849370d96d499d2e40b0ee9c2912908c1dfdba3a61f90285e87f1b0a21990f8a9635648991ddda6714c85892b074cb08c7cbed4a493876f30c2067087c74750195e3db65aca3150270eb79e88d4fc4691893091cf721b7d1b2da3917112b50cc9c371295c450ad80f3593a3c7537ff24553ec4f66fee21833ef97e3875b395323f27ea08a388452ecc94900b15eb4882887836b85498a50f9aa34d1cc49e83426477b220fd6ebac7cb4c90d04dceea03996107e05a50a2e7aa3cbcbeeb5ad19b54e1143ec33f91da782d8414b8346359e192897b5fc673bc199608520b3861bec7ba6a207454076f0cc1dd14761a8e91018e2f64119facb88289d0c73b669c2eabec4f2ff79e7996292a292f3d2754174cbc1337f3f2d0554f5b677762ff1117b6c39f1e5b85b9a973fa10ecd22d508b0e3456ae115bc943ab7cfc79211ec155153b0ddd37b0aa687f5386658849d426bdcefdd8b8fa6a0aa00a5ae15db0dde2c7eb1d9a2841e815dda2,gx-no-cache=1493915342731 HTTP/1.1" 200 30
186.103.156.24 - - [04/May/2017:13:28:03 -0300] "GET /cormun/servlet/trrenuncias HTTP/1.1" 200 7623
186.67.172.234 - - [04/May/2017:13:28:07 -0300] "POST /cormun/servlet/permisosadjuntos?e24d6c77c1a36d5b4e9a65e30994c3c8,INS,15569821,P,20170504141934,, HTTP/1.1" 200 116
186.67.172.234 - - [04/May/2017:13:28:07 -0300] "GET /cormun/servlet/hpexe_return? HTTP/1.1" 200 1029
186.67.172.234 - - [04/May/2017:13:28:07 -0300] "GET /favicon.ico HTTP/1.1" 206 1
186.67.172.234 - - [04/May/2017:13:28:07 -0300] "GET /favicon.ico HTTP/1.1" 206 8663
186.67.172.234 - - [04/May/2017:13:28:07 -0300] "GET /cormun/servlet/trpermisosadjuntos?15569821,20170504141934,P, HTTP/1.1" 200 6933
186.67.172.234 - - [04/May/2017:13:28:08 -0300] "GET /cormun/servlet/trpermisosadjuntos?15569821,20170504141934,P, HTTP/1.1" 200 6927
186.103.156.24 - - [04/May/2017:13:28:09 -0300] "GET /cormun/servlet/renuncias?INS,0, HTTP/1.1" 200 6129
186.103.156.24 - - [04/May/2017:13:28:10 -0300] "GET /cormun/servlet/renuncias?INS,0, HTTP/1.1" 200 6130
186.79.63.226 - - [04/May/2017:13:28:11 -0300] "POST /cormun/servlet/solicitudot?gx-no-cache=1493915351548 HTTP/1.1" 200 30
186.103.156.24 - - [04/May/2017:13:28:13 -0300] "GET /cormun/servlet/prfichaempleado?,MD,,gxPopupLevel%3D0%3B HTTP/1.1" 200 8839
186.79.63.226 - - [04/May/2017:13:28:14 -0300] "GET /cormun/servlet/prcontratosol?10789448,,,,,MD,,gxPopupLevel%3D0%3B HTTP/1.1" 200 5887
186.67.172.234 - - [04/May/2017:13:28:14 -0300] "GET /cormun/servlet/permisosadjuntos?DLT,15569821,P,20170504141934,20170504142129, HTTP/1.1" 200 5721
186.67.172.234 - - [04/May/2017:13:28:15 -0300] "GET /cormun/PublicTempStorage/t._villa_%281%297979653.pdf HTTP/1.1" 200 412080
186.67.172.234 - - [04/May/2017:13:28:15 -0300] "GET /cormun/servlet/permisosadjuntos?DLT,15569821,P,20170504141934,20170504142129, HTTP/1.1" 200 5712
186.79.63.226 - - [04/May/2017:13:28:18 -0300] "POST /cormun/servlet/solicitudot?gx-no-cache=1493915358111 HTTP/1.1" 200 1297
186.79.63.226 - - [04/May/2017:13:28:18 -0300] "POST /cormun/servlet/solicitudot?gx-no-cache=1493915358282 HTTP/1.1" 200 38
186.79.63.226 - - [04/May/2017:13:28:18 -0300] "GET /cormun/servlet/solicitudot?f946e3e167478d9b14ff6dd15088c761352865a3aa699c86f89976a2ec226406452c0b91f61cf587f49f3b0c7354afbdf0bbb7790fc15ed01f6a5be1dfee572ac4b9eb10e51c8f4f72804a49c49ac7257d3af45a0f02bcd87508210a33947f03acaa316658f3223a03cb65a3b25c4c6b82216b92248109517699447268f2e667077b40353b9ae5e41c0de829552fb87885a6978890586ccc82a3a471816e665cd86fe265762f2d985a5d2a9ee4363e3b07f30803200a5e85659dca54f3b7a8f6ba55335bfb09ae392a53f5617d7750de,gx-no-cache=1493915358427 HTTP/1.1" 200 29
186.79.63.226 - - [04/May/2017:13:28:19 -0300] "POST /cormun/servlet/solicitudot?gx-no-cache=1493915358559 HTTP/1.1" 200 1280
186.79.63.226 - - [04/May/2017:13:28:19 -0300] "POST /cormun/servlet/solicitudot?gx-no-cache=1493915359162 HTTP/1.1" 200 1162
186.67.172.234 - - [04/May/2017:13:28:23 -0300] "GET /cormun/servlet/trautorizarpermisogoce? HTTP/1.1" 200 7583
186.67.172.234 - - [04/May/2017:13:28:24 -0300] "GET /cormun/servlet/trautorizarpermisogoce? HTTP/1.1" 200 7569
186.103.156.24 - - [04/May/2017:13:28:26 -0300] "POST /cormun/servlet/prfichaempleado?6b31887b872bd6c5b347af9c1b815c71,,MD,,gxPopupLevel%3D0%3B,gx-no-cache=1493915453261 HTTP/1.1" 200 3397
186.103.156.24 - - [04/May/2017:13:28:29 -0300] "GET /cormun/servlet/renuncias?57f90f85c74268ce34a464fc112e32fa298bee003844422e6c05cf1a78e46824d7f645663b1123920c64faab2a4fc7db,gx-no-cache=1493915456419 HTTP/1.1" 200 33
186.103.156.24 - - [04/May/2017:13:28:31 -0300] "GET /cormun/servlet/prcontrato?15109517,,,MD,,gxPopupLevel%3D0%3B HTTP/1.1" 200 6021
186.103.156.24 - - [04/May/2017:13:28:34 -0300] "GET /cormun/servlet/renuncias?57f90f85c74268ce34a464fc112e32fa21f92d7ba50bc6d29a63dc274fec7baefa028a9a816b21ad173b420f92888e15,gx-no-cache=1493915461148 HTTP/1.1" 200 62
186.67.172.234 - - [04/May/2017:13:28:34 -0300] "POST /cormun/servlet/trautorizarpermisogoce?e24d6c77c1a36d5b4e9a65e30994c3c8,,gx-no-cache=1493915374243 HTTP/1.1" 200 4179
186.79.63.226 - - [04/May/2017:13:28:35 -0300] "GET /cormun/servlet/solicitudot?f946e3e167478d9b14ff6dd15088c761352865a3aa699c86f89976a2ec226406452c0b91f61cf587f49f3b0c7354afbd61357d4a4298dc244d3002038ba7c805c4b9eb10e51c8f4f72804a49c49ac7257d3af45a0f02bcd87508210a33947f03acaa316658f3223a03cb65a3b25c4c6b82216b92248109517699447268f2e667077b40353b9ae5e41c0de829552fb87885a6978890586ccc82a3a471816e665cd86fe265762f2d985a5d2a9ee4363e3b07f30803200a5e85659dca54f3b7a8f6ba55335bfb09ae392a53f5617d7750de,gx-no-cache=1493915375892 HTTP/1.1" 200 29
186.79.63.226 - - [04/May/2017:13:28:38 -0300] "POST /cormun/servlet/solicitudot?gx-no-cache=1493915378628 HTTP/1.1" 200 1280
186.79.63.226 - - [04/May/2017:13:28:38 -0300] "POST /cormun/servlet/solicitudot?gx-no-cache=1493915378831 HTTP/1.1" 200 1162
186.79.63.226 - - [04/May/2017:13:28:39 -0300] "GET /cormun/static/menuarrow.gif HTTP/1.1" 404 1015
186.79.63.226 - - [04/May/2017:13:28:43 -0300] "POST /cormun/servlet/solicitudot?gx-no-cache=1493915383034 HTTP/1.1" 200 1280
186.79.63.226 - - [04/May/2017:13:28:43 -0300] "POST /cormun/servlet/solicitudot?gx-no-cache=1493915383261 HTTP/1.1" 200 1162
186.103.156.24 - - [04/May/2017:13:28:44 -0300] "POST /cormun/servlet/renuncias?6b31887b872bd6c5b347af9c1b815c71,INS,0,,gx-no-cache=1493915472760 HTTP/1.1" 200 3754
186.103.156.24 - - [04/May/2017:13:28:44 -0300] "GET /cormun/static/Shared/jqueryui/images/ui-bg_highlight-soft_100_c6c2c8_1x100.png HTTP/1.1" 404 1117
186.103.156.24 - - [04/May/2017:13:28:44 -0300] "GET /cormun/static/Shared/jqueryui/images/ui-icons_82798d_256x240.png HTTP/1.1" 404 1089
186.103.156.24 - - [04/May/2017:13:28:44 -0300] "GET /cormun/static/Shared/jqueryui/images/ui-bg_flat_55_994d53_40x100.png HTTP/1.1" 404 1097
186.103.156.24 - - [04/May/2017:13:28:44 -0300] "GET /cormun/static/Shared/jqueryui/images/ui-icons_ebccce_256x240.png HTTP/1.1" 404 1089
186.103.156.24 - - [04/May/2017:13:28:51 -0300] "POST /cormun/servlet/renuncias?6b31887b872bd6c5b347af9c1b815c71,INS,0,,gx-no-cache=1493915479853 HTTP/1.1" 200 93
186.103.156.24 - - [04/May/2017:13:28:51 -0300] "GET /cormun/servlet/hpexe_return? HTTP/1.1" 200 1006
186.103.156.24 - - [04/May/2017:13:28:51 -0300] "GET /cormun/servlet/trrenuncias HTTP/1.1" 200 7749
186.103.156.24 - - [04/May/2017:13:28:52 -0300] "GET /cormun/servlet/trrenuncias HTTP/1.1" 200 7745
186.103.156.24 - - [04/May/2017:13:28:56 -0300] "GET /cormun/servlet/trrenunciasadjuntos?43,15109517, HTTP/1.1" 200 6014
186.103.156.24 - - [04/May/2017:13:28:57 -0300] "GET /cormun/servlet/trrenunciasadjuntos?43,15109517, HTTP/1.1" 200 6014
186.103.156.24 - - [04/May/2017:13:29:00 -0300] "GET /cormun/servlet/renunciasadjuntos?INS,43,, HTTP/1.1" 200 5345
186.103.156.24 - - [04/May/2017:13:29:00 -0300] "GET /cormun/static/about:blank HTTP/1.1" 404 1011
186.103.156.24 - - [04/May/2017:13:29:01 -0300] "GET /cormun/servlet/renunciasadjuntos?INS,43,, HTTP/1.1" 200 5332
186.79.63.226 - - [04/May/2017:13:29:12 -0300] "GET /cormun/servlet/solicitudot?f946e3e167478d9b14ff6dd15088c761fc77fe4126057a92cb24873267a11ae495ed9f00d76b0b6d070cc84bb9a83f10b29cca611fe1d02f591423d531d8b9a728ee4d02cce12f201d63f6e4da61c7bbb063004506d471982da2aaed84066bb329a6c571a17299bfb994ed7fa217fdc20671a56d64c84c25736f8becb9d9e27998cd1abedaa24dc9de93abd16312d23a16b7b47e5596642c7e8939899d7b507be2293249debd400309960ca51a30da3c,gx-no-cache=1493915412837 HTTP/1.1" 200 30
186.103.156.24 - - [04/May/2017:13:29:24 -0300] "POST /cormun/servlet/renunciasadjuntos?6b31887b872bd6c5b347af9c1b815c71,INS,43,, HTTP/1.1" 200 116
186.103.156.24 - - [04/May/2017:13:29:24 -0300] "GET /cormun/servlet/hpexe_return? HTTP/1.1" 200 1025
186.103.156.24 - - [04/May/2017:13:29:25 -0300] "GET /cormun/servlet/trrenunciasadjuntos?43,15109517, HTTP/1.1" 200 6418
186.103.156.24 - - [04/May/2017:13:29:26 -0300] "GET /cormun/servlet/trrenunciasadjuntos?43,15109517, HTTP/1.1" 200 6414
186.103.159.187 - - [04/May/2017:13:29:29 -0300] "GET /cormun/servlet/solicitudotadjuntos?964d8e92849867c7547ce464f7c5d7bb394ab2a3e209190d017759c32d1d05c9,gx-no-cache=1493919026896 HTTP/1.1" 200 30
186.103.159.187 - - [04/May/2017:13:29:29 -0300] "GET /cormun/servlet/solicitudotadjuntos?964d8e92849867c7547ce464f7c5d7bb394ab2a3e209190d017759c32d1d05c9,gx-no-cache=1493919026935 HTTP/1.1" 200 30
186.103.159.187 - - [04/May/2017:13:29:31 -0300] "POST /cormun/servlet/solicitudotadjuntos?29cdd93c07368928964737fdc713a068,INS,2017,6306,,1, HTTP/1.1" 200 116
186.103.159.187 - - [04/May/2017:13:29:31 -0300] "GET /cormun/servlet/hpexe_return? HTTP/1.1" 200 1025
186.79.63.226 - - [04/May/2017:13:29:32 -0300] "POST /cormun/servlet/solicitudot?d868ce332e67019c0c3c26b13133853e,INS,0,0,,gx-no-cache=1493915431530 HTTP/1.1" 200 93
186.79.63.226 - - [04/May/2017:13:29:32 -0300] "GET /cormun/servlet/hpexe_return? HTTP/1.1" 200 1007
186.103.159.187 - - [04/May/2017:13:29:32 -0300] "GET /cormun/servlet/trsolicitudadjuntos?2017,6306, HTTP/1.1" 200 8176
186.79.63.226 - - [04/May/2017:13:29:32 -0300] "GET /cormun/servlet/trsolicitudot HTTP/1.1" 200 9122
186.103.159.187 - - [04/May/2017:13:29:33 -0300] "GET /cormun/servlet/trsolicitudadjuntos?2017,6306, HTTP/1.1" 200 8176
186.79.63.226 - - [04/May/2017:13:29:34 -0300] "GET /cormun/servlet/trsolicitudot HTTP/1.1" 200 9118
186.103.156.24 - - [04/May/2017:13:29:35 -0300] "POST /cormun/servlet/trrenunciasadjuntos?6b31887b872bd6c5b347af9c1b815c71,43,15109517,,gx-no-cache=1493915527710 HTTP/1.1" 200 90
186.103.156.24 - - [04/May/2017:13:29:35 -0300] "GET /cormun/servlet/hpexe_link HTTP/1.1" 200 974
186.103.156.24 - - [04/May/2017:13:29:35 -0300] "GET /cormun/servlet/trrenuncias HTTP/1.1" 200 7747
186.103.156.24 - - [04/May/2017:13:29:36 -0300] "GET /cormun/servlet/trrenuncias HTTP/1.1" 200 7745
186.79.63.226 - - [04/May/2017:13:29:37 -0300] "GET /cormun/servlet/solicitudot?INS,0,0, HTTP/1.1" 200 12548
186.79.63.226 - - [04/May/2017:13:29:39 -0300] "GET /cormun/servlet/solicitudot?INS,0,0, HTTP/1.1" 200 12553
186.103.159.187 - - [04/May/2017:13:29:47 -0300] "GET /cormun/servlet/solicitudotadjuntos?INS,2017,6306,,1, HTTP/1.1" 200 5773
186.103.159.187 - - [04/May/2017:13:29:47 -0300] "GET /cormun/static/about:blank HTTP/1.1" 404 1011
186.103.156.24 - - [04/May/2017:13:29:47 -0300] "GET /cormun/servlet/arenunciaprn?41,PU HTTP/1.1" 200 1565
186.103.159.187 - - [04/May/2017:13:29:47 -0300] "GET /cormun/servlet/solicitudotadjuntos?INS,2017,6306,,1, HTTP/1.1" 200 5767
186.103.159.187 - - [04/May/2017:13:29:48 -0300] "GET /cormun/servlet/solicitudotadjuntos?964d8e92849867c7547ce464f7c5d7bbed3a9c8351ba17e5306d16a937b81ab2256ecc6cfa37cc590585a8c8bab57cc7,gx-no-cache=1493919045629 HTTP/1.1" 200 30
186.103.159.187 - - [04/May/2017:13:29:48 -0300] "POST /cormun/servlet/solicitudotadjuntos?29cdd93c07368928964737fdc713a068,INS,2017,6306,,1,,gx-no-cache=1493919045706 HTTP/1.1" 200 3642
186.103.159.187 - - [04/May/2017:13:29:58 -0300] "POST /cormun/servlet/solicitudotadjuntos?gx-no-cache=1493919055360 HTTP/1.1" 200 26
186.79.63.226 - - [04/May/2017:13:29:59 -0300] "POST /cormun/servlet/solicitudot?gx-no-cache=1493915458867 HTTP/1.1" 200 3208
186.79.63.226 - - [04/May/2017:13:29:59 -0300] "POST /cormun/servlet/solicitudot?d868ce332e67019c0c3c26b13133853e,INS,0,0,,gx-no-cache=1493915459395 HTTP/1.1" 200 9804
186.79.63.226 - - [04/May/2017:13:30:02 -0300] "GET /cormun/servlet/solicitudot?f946e3e167478d9b14ff6dd15088c76174e648e8de2d42fd1b54758927665329f360019d8bf9d82aadcd81da61448129,gx-no-cache=1493915462623 HTTP/1.1" 200 30
186.79.63.226 - - [04/May/2017:13:30:02 -0300] "POST /cormun/servlet/solicitudot?gx-no-cache=1493915462766 HTTP/1.1" 200 255
186.79.63.226 - - [04/May/2017:13:30:02 -0300] "GET /cormun/servlet/solicitudot?f946e3e167478d9b14ff6dd15088c761e9092babfd38849370d96d499d2e40b0ee9c2912908c1dfdba3a61f90285e87f1b0a21990f8a9635648991ddda6714c85892b074cb08c7cbed4a493876f30c2067087c74750195e3db65aca3150270eb79e88d4fc4691893091cf721b7d1b2da3917112b50cc9c371295c450ad80f3593a3c7537ff24553ec4f66fee21833ef97e3875b395323f27ea08a388452ecc94900b15eb4882887836b85498a50f9aa34d1cc49e83426477b220fd6ebac7cb4c90d04dceea03996107e05a50a2e7aa3cbcbeeb5ad19b54e1143ec33f91da782d8414b8346359e192897b5fc673bc199608520b3861bec7ba6a207454076f0cc1dd14761a8e91018e2f64119facb88289d0c73b669c2eabec4f2ff79e7996292a292f3d2754174cbc1337f3f2d0554f5b677762ff1117b6c39f1e5b85b9a973fa10ecd22d508b0e3456ae115bc943ab7cfc79211ec155153b0ddd37b0aa687f5386658849d426bdcefdd8b8fa6a0aa00a5ae15db0dde2c7eb1d9a2841e815dda2,gx-no-cache=1493915462909 HTTP/1.1" 200 30
186.103.156.24 - - [04/May/2017:13:30:06 -0300] "GET /cormun/servlet/arenunciaprn?42,PU HTTP/1.1" 200 1553
186.103.156.24 - - [04/May/2017:13:30:18 -0300] "GET /cormun/servlet/arenunciaprn?43,PU HTTP/1.1" 200 1555
186.67.172.234 - - [04/May/2017:13:30:24 -0300] "GET /cormun/servlet/trautorizarpermisogoce? HTTP/1.1" 200 6812
186.67.172.234 - - [04/May/2017:13:30:24 -0300] "GET /cormun/servlet/trautorizarpermisogoce? HTTP/1.1" 200 6776
186.67.172.234 - - [04/May/2017:13:30:25 -0300] "GET /favicon.ico HTTP/1.1" 200 21630
186.79.63.226 - - [04/May/2017:13:30:30 -0300] "POST /cormun/servlet/solicitudot?gx-no-cache=1493915490876 HTTP/1.1" 200 30
186.67.172.234 - - [04/May/2017:13:30:31 -0300] "GET /cormun/servlet/trautorizarpermisogoce? HTTP/1.1" 200 6776
186.79.63.226 - - [04/May/2017:13:30:33 -0300] "GET /cormun/servlet/prcontratosol?7186906,,,,,MD,,gxPopupLevel%3D0%3B HTTP/1.1" 200 5884
186.79.63.226 - - [04/May/2017:13:30:39 -0300] "POST /cormun/servlet/solicitudot?gx-no-cache=1493915498991 HTTP/1.1" 200 1296
186.79.63.226 - - [04/May/2017:13:30:39 -0300] "POST /cormun/servlet/solicitudot?gx-no-cache=1493915499162 HTTP/1.1" 200 38
186.79.63.226 - - [04/May/2017:13:30:39 -0300] "GET /cormun/servlet/solicitudot?f946e3e167478d9b14ff6dd15088c761352865a3aa699c86f89976a2ec226406452c0b91f61cf587f49f3b0c7354afbdf0bbb7790fc15ed01f6a5be1dfee572ac4b9eb10e51c8f4f72804a49c49ac7257d3af45a0f02bcd87508210a33947f03acaa316658f3223a03cb65a3b25c4c6b82216b92248109517699447268f2e667077b40353b9ae5e41c0de829552fb87885a6978890586ccc82a3a471816e665cd86fe265762f2d985a5d2a9ee4363e3b07f30803200a5e85659dca54f3b7a8f6ba55335bfb09ae392a53f5617d7750de,gx-no-cache=1493915499285 HTTP/1.1" 200 29
186.79.63.226 - - [04/May/2017:13:30:39 -0300] "POST /cormun/servlet/solicitudot?gx-no-cache=1493915499386 HTTP/1.1" 200 1280
186.79.63.226 - - [04/May/2017:13:30:39 -0300] "POST /cormun/servlet/solicitudot?gx-no-cache=1493915499592 HTTP/1.1" 200 1161
186.103.156.24 - - [04/May/2017:13:30:46 -0300] "POST /cormun/servlet/trrenuncias?6b31887b872bd6c5b347af9c1b815c71,gx-no-cache=1493915602192 HTTP/1.1" 200 4851
186.103.156.24 - - [04/May/2017:13:30:46 -0300] "GET /cormun/static/Shared/jqueryui/images/ui-bg_highlight-soft_100_c6c2c8_1x100.png HTTP/1.1" 404 1117
186.103.156.24 - - [04/May/2017:13:30:46 -0300] "GET /cormun/static/Shared/jqueryui/images/ui-icons_82798d_256x240.png HTTP/1.1" 404 1089
186.103.156.24 - - [04/May/2017:13:30:46 -0300] "GET /cormun/static/Shared/jqueryui/images/ui-bg_flat_55_fafafa_40x100.png HTTP/1.1" 404 1097
186.103.156.24 - - [04/May/2017:13:30:46 -0300] "GET /cormun/static/Shared/jqueryui/images/ui-icons_8d78a5_256x240.png HTTP/1.1" 404 1089
186.103.156.24 - - [04/May/2017:13:30:48 -0300] "POST /cormun/servlet/trrenuncias?6b31887b872bd6c5b347af9c1b815c71,gx-no-cache=1493915604481 HTTP/1.1" 200 4700
186.103.156.24 - - [04/May/2017:13:30:50 -0300] "POST /cormun/servlet/trrenuncias?6b31887b872bd6c5b347af9c1b815c71,gx-no-cache=1493915605962 HTTP/1.1" 200 4120
186.79.63.226 - - [04/May/2017:13:30:52 -0300] "GET /cormun/servlet/solicitudot?f946e3e167478d9b14ff6dd15088c761352865a3aa699c86f89976a2ec226406452c0b91f61cf587f49f3b0c7354afbd61357d4a4298dc244d3002038ba7c805c4b9eb10e51c8f4f72804a49c49ac7257d3af45a0f02bcd87508210a33947f03acaa316658f3223a03cb65a3b25c4c6b82216b92248109517699447268f2e667077b40353b9ae5e41c0de829552fb87885a6978890586ccc82a3a471816e665cd86fe265762f2d985a5d2a9ee4363e3b07f30803200a5e85659dca54f3b7a8f6ba55335bfb09ae392a53f5617d7750de,gx-no-cache=1493915512504 HTTP/1.1" 200 29
186.103.156.24 - - [04/May/2017:13:30:56 -0300] "GET /cormun/servlet/trautorizarenuncias? HTTP/1.1" 200 7493
186.103.156.24 - - [04/May/2017:13:30:56 -0300] "GET /cormun/static/gxcfg.js?201731711565856 HTTP/1.1" 200 953
186.103.156.24 - - [04/May/2017:13:30:56 -0300] "GET /cormun/static/trautorizarenuncias.js?20173171157315 HTTP/1.1" 200 26451
186.103.156.24 - - [04/May/2017:13:30:57 -0300] "GET /cormun/servlet/trautorizarenuncias? HTTP/1.1" 200 7493
186.103.156.24 - - [04/May/2017:13:30:58 -0300] "POST /cormun/servlet/acontrolpreferencessavestate?None,GALVAREZ,true HTTP/1.1" 200 35
186.79.63.226 - - [04/May/2017:13:30:58 -0300] "POST /cormun/servlet/solicitudot?gx-no-cache=1493915518299 HTTP/1.1" 200 1280
186.79.63.226 - - [04/May/2017:13:30:58 -0300] "POST /cormun/servlet/solicitudot?gx-no-cache=1493915518504 HTTP/1.1" 200 1161
186.79.63.226 - - [04/May/2017:13:30:58 -0300] "GET /cormun/static/menuarrow.gif HTTP/1.1" 404 1015
186.79.63.226 - - [04/May/2017:13:31:04 -0300] "POST /cormun/servlet/solicitudot?gx-no-cache=1493915524000 HTTP/1.1" 200 1280
186.79.63.226 - - [04/May/2017:13:31:04 -0300] "POST /cormun/servlet/solicitudot?gx-no-cache=1493915524205 HTTP/1.1" 200 1161
186.103.156.24 - - [04/May/2017:13:31:07 -0300] "POST /cormun/servlet/trautorizarenuncias?6b31887b872bd6c5b347af9c1b815c71,,gx-no-cache=1493915624847 HTTP/1.1" 200 4667
186.103.156.24 - - [04/May/2017:13:31:07 -0300] "GET /cormun/static/Shared/jqueryui/images/ui-bg_highlight-soft_100_c6c2c8_1x100.png HTTP/1.1" 404 1117
186.103.156.24 - - [04/May/2017:13:31:08 -0300] "GET /cormun/static/Shared/jqueryui/images/ui-icons_82798d_256x240.png HTTP/1.1" 404 1089
186.103.156.24 - - [04/May/2017:13:31:08 -0300] "GET /cormun/static/Shared/jqueryui/images/ui-bg_flat_55_fafafa_40x100.png HTTP/1.1" 404 1097
186.103.156.24 - - [04/May/2017:13:31:08 -0300] "GET /cormun/static/Shared/jqueryui/images/ui-icons_8d78a5_256x240.png HTTP/1.1" 404 1089
186.67.172.234 - - [04/May/2017:13:31:09 -0300] "GET /cormun/servlet/trautorizarpermisogoce? HTTP/1.1" 200 6776
186.103.156.24 - - [04/May/2017:13:31:09 -0300] "POST /cormun/servlet/trautorizarenuncias?6b31887b872bd6c5b347af9c1b815c71,,gx-no-cache=1493915627105 HTTP/1.1" 200 4539
186.67.172.234 - - [04/May/2017:13:31:10 -0300] "GET /cormun/servlet/trautorizarpermisogoce? HTTP/1.1" 200 6776
186.103.156.24 - - [04/May/2017:13:31:12 -0300] "POST /cormun/servlet/trautorizarenuncias?6b31887b872bd6c5b347af9c1b815c71,,gx-no-cache=1493915629694 HTTP/1.1" 200 4049
186.79.63.226 - - [04/May/2017:13:31:15 -0300] "GET /cormun/servlet/solicitudot?f946e3e167478d9b14ff6dd15088c761928c1248927ac56ec048c232495f768d27e6910dd7e62cf3826b89b3f4c533e424facee1ebba34b0434668776055162bd2faf7dfc6687d78488ba279997e78ebd08077222adf264b01b291337d591e37650a9a8f01adcfb80da99e4ba5832f830234e37bb62ea232672b2a2c0899130bf412a40a0c74185370f1a716c038e5a94732ac6af10928a5b0ca90eaacd8e0862e1a1ee6987827d5a4bd1f786894eb95,gx-no-cache=1493915535476 HTTP/1.1" 200 30
186.103.156.24 - - [04/May/2017:13:31:21 -0300] "GET /cormun/servlet/trrenuncias? HTTP/1.1" 200 6761
186.103.156.24 - - [04/May/2017:13:31:21 -0300] "GET /cormun/servlet/trrenuncias? HTTP/1.1" 200 6761
186.103.156.24 - - [04/May/2017:13:31:25 -0300] "GET /cormun/servlet/renuncias?INS,0, HTTP/1.1" 200 6134
186.103.156.24 - - [04/May/2017:13:31:25 -0300] "GET /cormun/servlet/renuncias?INS,0, HTTP/1.1" 200 6135
186.103.159.187 - - [04/May/2017:13:31:26 -0300] "GET /cormun/servlet/solicitudotadjuntos?964d8e92849867c7547ce464f7c5d7bb394ab2a3e209190d017759c32d1d05c9,gx-no-cache=1493919143997 HTTP/1.1" 200 30
186.103.159.187 - - [04/May/2017:13:31:26 -0300] "GET /cormun/servlet/solicitudotadjuntos?964d8e92849867c7547ce464f7c5d7bb394ab2a3e209190d017759c32d1d05c9,gx-no-cache=1493919144031 HTTP/1.1" 200 30
186.103.159.187 - - [04/May/2017:13:31:27 -0300] "POST /cormun/servlet/solicitudotadjuntos?29cdd93c07368928964737fdc713a068,INS,2017,6306,,1, HTTP/1.1" 200 116
186.103.159.187 - - [04/May/2017:13:31:27 -0300] "GET /cormun/servlet/hpexe_return? HTTP/1.1" 200 1025
186.103.156.24 - - [04/May/2017:13:31:27 -0300] "GET /cormun/servlet/prfichaempleado?,MD,,gxPopupLevel%3D0%3B HTTP/1.1" 200 8846
186.103.159.187 - - [04/May/2017:13:31:28 -0300] "GET /cormun/servlet/trsolicitudadjuntos?2017,6306, HTTP/1.1" 200 8346
186.103.159.187 - - [04/May/2017:13:31:29 -0300] "GET /cormun/servlet/trsolicitudadjuntos?2017,6306, HTTP/1.1" 200 8344
186.103.159.187 - - [04/May/2017:13:31:32 -0300] "GET /cormun/servlet/solicitudotadjuntos?INS,2017,6306,,1, HTTP/1.1" 200 5773
186.103.159.187 - - [04/May/2017:13:31:33 -0300] "GET /cormun/static/about:blank HTTP/1.1" 404 1011
186.103.159.187 - - [04/May/2017:13:31:33 -0300] "GET /cormun/servlet/solicitudotadjuntos?INS,2017,6306,,1, HTTP/1.1" 200 5766
186.103.159.187 - - [04/May/2017:13:31:34 -0300] "GET /cormun/servlet/solicitudotadjuntos?964d8e92849867c7547ce464f7c5d7bbed3a9c8351ba17e5306d16a937b81ab2256ecc6cfa37cc590585a8c8bab57cc7,gx-no-cache=1493919151411 HTTP/1.1" 200 30
186.103.159.187 - - [04/May/2017:13:31:34 -0300] "POST /cormun/servlet/solicitudotadjuntos?29cdd93c07368928964737fdc713a068,INS,2017,6306,,1,,gx-no-cache=1493919151449 HTTP/1.1" 200 3642
186.103.159.187 - - [04/May/2017:13:31:52 -0300] "POST /cormun/servlet/solicitudotadjuntos?gx-no-cache=1493919169346 HTTP/1.1" 200 26
186.103.156.24 - - [04/May/2017:13:32:20 -0300] "POST /cormun/servlet/prfichaempleado?6b31887b872bd6c5b347af9c1b815c71,,MD,,gxPopupLevel%3D0%3B,gx-no-cache=1493915698889 HTTP/1.1" 200 3401
186.103.156.24 - - [04/May/2017:13:32:22 -0300] "GET /cormun/servlet/renuncias?57f90f85c74268ce34a464fc112e32fa298bee003844422e6c05cf1a78e46824d7f645663b1123920c64faab2a4fc7db,gx-no-cache=1493915701014 HTTP/1.1" 200 33
186.103.156.24 - - [04/May/2017:13:32:31 -0300] "GET /cormun/servlet/prcontrato?17943189,,,MD,,gxPopupLevel%3D0%3B HTTP/1.1" 200 5934
186.103.156.24 - - [04/May/2017:13:32:34 -0300] "GET /cormun/servlet/renuncias?57f90f85c74268ce34a464fc112e32faa146a2bb9c40e31ab53a070febc0ffe2fa028a9a816b21ad173b420f92888e15,gx-no-cache=1493915714625 HTTP/1.1" 200 66
186.79.63.226 - - [04/May/2017:13:32:42 -0300] "POST /cormun/servlet/solicitudot?d868ce332e67019c0c3c26b13133853e,INS,0,0,,gx-no-cache=1493915621493 HTTP/1.1" 200 93
186.79.63.226 - - [04/May/2017:13:32:42 -0300] "GET /cormun/servlet/hpexe_return? HTTP/1.1" 200 1007
186.79.63.226 - - [04/May/2017:13:32:42 -0300] "GET /cormun/servlet/trsolicitudot HTTP/1.1" 200 9484
186.79.63.226 - - [04/May/2017:13:32:44 -0300] "GET /cormun/servlet/trsolicitudot HTTP/1.1" 200 9479
186.79.63.226 - - [04/May/2017:13:32:52 -0300] "GET /cormun/servlet/solicitudot?INS,0,0, HTTP/1.1" 200 12547
186.79.63.226 - - [04/May/2017:13:32:54 -0300] "GET /cormun/servlet/solicitudot?INS,0,0, HTTP/1.1" 200 12552
186.103.159.187 - - [04/May/2017:13:32:54 -0300] "GET /cormun/servlet/solicitudotadjuntos?964d8e92849867c7547ce464f7c5d7bb394ab2a3e209190d017759c32d1d05c9,gx-no-cache=1493919231740 HTTP/1.1" 200 30
186.103.159.187 - - [04/May/2017:13:32:54 -0300] "GET /cormun/servlet/solicitudotadjuntos?964d8e92849867c7547ce464f7c5d7bb394ab2a3e209190d017759c32d1d05c9,gx-no-cache=1493919232135 HTTP/1.1" 200 30
186.103.159.187 - - [04/May/2017:13:32:56 -0300] "POST /cormun/servlet/solicitudotadjuntos?29cdd93c07368928964737fdc713a068,INS,2017,6306,,1, HTTP/1.1" 200 5892
186.103.159.187 - - [04/May/2017:13:32:56 -0300] "GET /cormun/static/Shared/jqueryui/images/ui-bg_highlight-soft_100_c6c2c8_1x100.png HTTP/1.1" 404 1117
186.103.159.187 - - [04/May/2017:13:32:56 -0300] "GET /cormun/static/Shared/jqueryui/images/ui-icons_82798d_256x240.png HTTP/1.1" 404 1089
186.103.159.187 - - [04/May/2017:13:32:56 -0300] "GET /cormun/static/Shared/jqueryui/images/ui-bg_flat_55_994d53_40x100.png HTTP/1.1" 404 1097
186.103.159.187 - - [04/May/2017:13:32:56 -0300] "GET /cormun/static/Shared/jqueryui/images/ui-icons_ebccce_256x240.png HTTP/1.1" 404 1089
186.103.159.187 - - [04/May/2017:13:32:56 -0300] "GET /cormun/PrivateTempStorage/upload_00006244.jpeg HTTP/1.1" 200 365655
186.103.159.187 - - [04/May/2017:13:33:03 -0300] "GET /cormun/servlet/trsolicitudadjuntos?2017,6306, HTTP/1.1" 200 8345
186.103.159.187 - - [04/May/2017:13:33:04 -0300] "GET /cormun/servlet/trsolicitudadjuntos?2017,6306, HTTP/1.1" 200 8346
186.103.159.187 - - [04/May/2017:13:33:08 -0300] "GET /cormun/servlet/solicitudotadjuntos?INS,2017,6306,,1, HTTP/1.1" 200 5772
186.103.159.187 - - [04/May/2017:13:33:09 -0300] "GET /cormun/static/about:blank HTTP/1.1" 404 1011
186.103.159.187 - - [04/May/2017:13:33:09 -0300] "GET /cormun/servlet/solicitudotadjuntos?INS,2017,6306,,1, HTTP/1.1" 200 5766
186.103.159.187 - - [04/May/2017:13:33:09 -0300] "GET /cormun/servlet/solicitudotadjuntos?964d8e92849867c7547ce464f7c5d7bbed3a9c8351ba17e5306d16a937b81ab2256ecc6cfa37cc590585a8c8bab57cc7,gx-no-cache=1493919247184 HTTP/1.1" 200 30
186.103.159.187 - - [04/May/2017:13:33:10 -0300] "POST /cormun/servlet/solicitudotadjuntos?29cdd93c07368928964737fdc713a068,INS,2017,6306,,1,,gx-no-cache=1493919247222 HTTP/1.1" 200 3640
186.103.159.187 - - [04/May/2017:13:33:16 -0300] "POST /cormun/servlet/solicitudotadjuntos?gx-no-cache=1493919253656 HTTP/1.1" 200 26
186.103.156.24 - - [04/May/2017:13:33:20 -0300] "POST /cormun/servlet/renuncias?6b31887b872bd6c5b347af9c1b815c71,INS,0,,gx-no-cache=1493915765155 HTTP/1.1" 200 93
186.103.156.24 - - [04/May/2017:13:33:20 -0300] "GET /cormun/servlet/hpexe_return? HTTP/1.1" 200 1006
186.103.156.24 - - [04/May/2017:13:33:20 -0300] "GET /cormun/servlet/trrenuncias HTTP/1.1" 200 7476
186.103.156.24 - - [04/May/2017:13:33:21 -0300] "GET /cormun/servlet/trrenuncias HTTP/1.1" 200 7472
186.103.159.187 - - [04/May/2017:13:34:36 -0300] "GET /cormun/servlet/solicitudotadjuntos?964d8e92849867c7547ce464f7c5d7bb394ab2a3e209190d017759c32d1d05c9,gx-no-cache=1493919334192 HTTP/1.1" 200 30
186.103.159.187 - - [04/May/2017:13:34:36 -0300] "GET /cormun/servlet/solicitudotadjuntos?964d8e92849867c7547ce464f7c5d7bb394ab2a3e209190d017759c32d1d05c9,gx-no-cache=1493919334238 HTTP/1.1" 200 30
186.103.159.187 - - [04/May/2017:13:34:37 -0300] "POST /cormun/servlet/solicitudotadjuntos?29cdd93c07368928964737fdc713a068,INS,2017,6306,,1, HTTP/1.1" 200 116
186.103.159.187 - - [04/May/2017:13:34:37 -0300] "GET /cormun/servlet/hpexe_return? HTTP/1.1" 200 1025
186.103.159.187 - - [04/May/2017:13:34:38 -0300] "GET /cormun/servlet/trsolicitudadjuntos?2017,6306, HTTP/1.1" 200 8491
186.103.159.187 - - [04/May/2017:13:34:39 -0300] "GET /cormun/servlet/trsolicitudadjuntos?2017,6306, HTTP/1.1" 200 8485
186.103.159.187 - - [04/May/2017:13:34:41 -0300] "GET /cormun/servlet/solicitudotadjuntos?INS,2017,6306,,1, HTTP/1.1" 200 5773
186.103.159.187 - - [04/May/2017:13:34:41 -0300] "GET /cormun/static/about:blank HTTP/1.1" 404 1011
