186.103.248.213 - - [03/May/2017:10:09:31 -0300] "GET /cormun/servlet/solicitudotadjuntos?754a818d5ee49d4cb7b00dd58ad15043e620f9372b4628bcbc016fbb49b052cd5900afa27f60331e66b1e5c180e6ce19,gx-no-cache=1493817030964 HTTP/1.1" 200 30
186.103.248.213 - - [03/May/2017:10:09:31 -0300] "POST /cormun/servlet/solicitudotadjuntos?b230f129c722f6c1f4c2caa9528dcd56,INS,2017,6287,,1,,gx-no-cache=1493817031053 HTTP/1.1" 200 3636
186.103.248.213 - - [03/May/2017:10:09:34 -0300] "POST /cormun/servlet/solicitudotadjuntos?gx-no-cache=1493817034517 HTTP/1.1" 200 26
186.103.248.213 - - [03/May/2017:10:09:38 -0300] "GET /cormun/servlet/solicitudotadjuntos?754a818d5ee49d4cb7b00dd58ad15043c5954f761f7149274afafaecf32cceb0,gx-no-cache=1493817038300 HTTP/1.1" 200 30
186.103.248.213 - - [03/May/2017:10:09:38 -0300] "GET /cormun/servlet/solicitudotadjuntos?754a818d5ee49d4cb7b00dd58ad15043c5954f761f7149274afafaecf32cceb0,gx-no-cache=1493817038400 HTTP/1.1" 200 30
186.103.248.213 - - [03/May/2017:10:09:56 -0300] "POST /cormun/servlet/solicitudotadjuntos?b230f129c722f6c1f4c2caa9528dcd56,INS,2017,6287,,1, HTTP/1.1" 200 116
186.103.248.213 - - [03/May/2017:10:09:57 -0300] "GET /cormun/servlet/hpexe_return? HTTP/1.1" 200 1019
186.103.248.213 - - [03/May/2017:10:09:57 -0300] "GET /cormun/servlet/trsolicitudadjuntos?2017,6287, HTTP/1.1" 200 7988
186.103.248.213 - - [03/May/2017:10:09:58 -0300] "GET /cormun/servlet/trsolicitudadjuntos?2017,6287, HTTP/1.1" 200 7984
186.103.248.213 - - [03/May/2017:10:10:10 -0300] "GET /cormun/servlet/solicitudotadjuntos?INS,2017,6287,,1, HTTP/1.1" 200 5804
186.103.248.213 - - [03/May/2017:10:10:11 -0300] "GET /cormun/static/about:blank HTTP/1.1" 404 1011
186.103.248.213 - - [03/May/2017:10:10:11 -0300] "GET /cormun/servlet/solicitudotadjuntos?754a818d5ee49d4cb7b00dd58ad15043e620f9372b4628bcbc016fbb49b052cd5900afa27f60331e66b1e5c180e6ce19,gx-no-cache=1493817071459 HTTP/1.1" 200 30
186.103.248.213 - - [03/May/2017:10:10:12 -0300] "POST /cormun/servlet/solicitudotadjuntos?b230f129c722f6c1f4c2caa9528dcd56,INS,2017,6287,,1,,gx-no-cache=1493817071541 HTTP/1.1" 200 3635
186.103.248.213 - - [03/May/2017:10:10:14 -0300] "POST /cormun/servlet/solicitudotadjuntos?gx-no-cache=1493817073693 HTTP/1.1" 200 26
200.112.49.114 - - [03/May/2017:10:10:20 -0300] "GET /cormun/servlet/hlogin HTTP/1.1" 200 1719
186.103.248.213 - - [03/May/2017:10:10:32 -0300] "GET /cormun/servlet/solicitudotadjuntos?INS,2017,6287,,1, HTTP/1.1" 200 5798
200.112.49.114 - - [03/May/2017:10:10:34 -0300] "POST /cormun/servlet/hlogin?2c0ae0daeab4bd8b9e83fb7a8280e3dc,gx-no-cache=1493817099250 HTTP/1.1" 200 90
200.112.49.114 - - [03/May/2017:10:10:34 -0300] "GET /cormun/servlet/hpexe_link HTTP/1.1" 200 946
200.112.49.114 - - [03/May/2017:10:10:35 -0300] "GET /cormun/servlet/hhome HTTP/1.1" 200 3963
200.112.49.114 - - [03/May/2017:10:10:37 -0300] "GET /cormun/servlet/hhome HTTP/1.1" 200 3959
200.112.49.114 - - [03/May/2017:10:10:45 -0300] "GET /cormun/servlet/trsolicitudot? HTTP/1.1" 200 6931
200.112.49.114 - - [03/May/2017:10:10:45 -0300] "GET /cormun/static/gxcfg.js?201731711505139 HTTP/1.1" 304 -
200.112.49.114 - - [03/May/2017:10:10:46 -0300] "GET /cormun/static/trsolicitudot.js?20173171151116 HTTP/1.1" 304 -
200.112.49.114 - - [03/May/2017:10:10:47 -0300] "GET /cormun/servlet/trsolicitudot? HTTP/1.1" 200 6931
186.103.156.24 - - [03/May/2017:10:10:50 -0300] "GET /cormun/servlet/licenciaspermisos?2dde53d340b191feb2a3c123eb2f1d889902bfc1557856c5349c8ed46266464288507a82c838d8cebc58b2dd1a7a934cc09a09e40f7d9dd9457e6fbb8418df61fd2a414b511d820d1e428f2fbb3303bcfef5f5326276ceff6ab650f91e6d62fefb8ea6d922a3d2811aeb6b036ea5df423ab2da0cc3a1e8b199335ced2c6dca00ad313d5fc2f1f2636f85ab7d5c7d8e1e8e7cecfdf1ebd81e60e007d23f955e0b113a802caecd25a8fb6644f27f5ffd77,gx-no-cache=1493817166802 HTTP/1.1" 200 30
186.103.156.24 - - [03/May/2017:10:10:50 -0300] "POST /cormun/servlet/licenciaspermisos?c9a32024014befc4d6b91256eb9a6ee1,INS,0,,,,gx-no-cache=1493817166894 HTTP/1.1" 200 4717
200.112.49.114 - - [03/May/2017:10:10:51 -0300] "GET /cormun/servlet/solicitudot?INS,0,0, HTTP/1.1" 200 12781
200.112.49.114 - - [03/May/2017:10:10:52 -0300] "GET /cormun/static/Resources/Spanish/PXTools.css?18365030 HTTP/1.1" 304 -
200.112.49.114 - - [03/May/2017:10:10:52 -0300] "GET /cormun/static/gxcfg.js?20171191042720 HTTP/1.1" 304 -
200.112.49.114 - - [03/May/2017:10:10:52 -0300] "GET /cormun/static/solicitudot.js?2017119104297 HTTP/1.1" 304 -
200.112.49.114 - - [03/May/2017:10:10:53 -0300] "GET /cormun/servlet/solicitudot?INS,0,0, HTTP/1.1" 200 12786
186.103.156.24 - - [03/May/2017:10:10:55 -0300] "GET /cormun/servlet/licenciaspermisos?2dde53d340b191feb2a3c123eb2f1d88ac92f1334edc09c9a140e6b1ec69229f4e6e7602165361a807e497cc7caede66f2e84e4958e01334cebf9f48750914399405af9d57037855cf275e3a677068bcce22d910c911828705b715e3ad92784cb370d8686f578192ad6a943ea1444bc976632bec091821f1661a198fa590bb53dc2b5e966c7b267e1ec2957a57cdb53c5eddf8befd32c0067c6151698b8ddd62164833febcb1faa775c8f116cb04a4290751bf91279dddaa75d3af4146ab506e5d18f97a67914cb394dec73362110fc48f4bfee7999dc6b38a02508b92dd4f03,gx-no-cache=1493817172645 HTTP/1.1" 200 108
186.103.156.24 - - [03/May/2017:10:10:56 -0300] "GET /cormun/static/Shared/jqueryui/images/ui-icons_82798d_256x240.png HTTP/1.1" 404 1089
186.103.156.24 - - [03/May/2017:10:10:56 -0300] "GET /cormun/static/Shared/jqueryui/images/ui-bg_flat_55_994d53_40x100.png HTTP/1.1" 404 1097
186.103.156.24 - - [03/May/2017:10:10:56 -0300] "GET /cormun/static/Shared/jqueryui/images/ui-icons_ebccce_256x240.png HTTP/1.1" 404 1089
186.103.156.24 - - [03/May/2017:10:10:56 -0300] "POST /cormun/servlet/licenciaspermisos?c9a32024014befc4d6b91256eb9a6ee1,INS,0,,,,gx-no-cache=1493817172752 HTTP/1.1" 200 4804
186.103.156.24 - - [03/May/2017:10:10:56 -0300] "GET /cormun/static/Shared/jqueryui/images/ui-bg_highlight-soft_100_c6c2c8_1x100.png HTTP/1.1" 404 1117
186.103.156.24 - - [03/May/2017:10:11:01 -0300] "GET /cormun/servlet/licenciaspermisos?2dde53d340b191feb2a3c123eb2f1d889902bfc1557856c5349c8ed462664642df01c78734a7fcb00957332418ab0bbdc09a09e40f7d9dd9457e6fbb8418df61fd2a414b511d820d1e428f2fbb3303bcfef5f5326276ceff6ab650f91e6d62fe0a75508535565b7cac97686a277004343ab2da0cc3a1e8b199335ced2c6dca00897b31792ce11df28456647da8d07c100ab7c88e398268601f4213886bdf17635a4192c444d37a66fc6867f4276a4005e4c8107d56904b52d74ccdf2b43651dd59c0bd9ea62ddbe3e2c45b9d961cc0a8c3379102c035c9c8401e967647b8038d,gx-no-cache=1493817179246 HTTP/1.1" 200 30
186.103.156.24 - - [03/May/2017:10:11:02 -0300] "POST /cormun/servlet/licenciaspermisos?c9a32024014befc4d6b91256eb9a6ee1,INS,0,,,,gx-no-cache=1493817179299 HTTP/1.1" 200 4715
186.103.156.24 - - [03/May/2017:10:11:11 -0300] "GET /cormun/servlet/licenciaspermisos?2dde53d340b191feb2a3c123eb2f1d88ac92f1334edc09c9a140e6b1ec69229ffaa012cbee7f66c1fc6f5c3cc1b3ddb2f2e84e4958e01334cebf9f48750914399405af9d57037855cf275e3a677068bcce22d910c911828705b715e3ad92784cb370d8686f578192ad6a943ea1444bc976632bec091821f1661a198fa590bb53dc2b5e966c7b267e1ec2957a57cdb53c5eddf8befd32c0067c6151698b8ddd62164833febcb1faa775c8f116cb04a4290751bf91279dddaa75d3af4146ab506e5d18f97a67914cb394dec73362110fc48f4bfee7999dc6b38a02508b92dd4f03,gx-no-cache=1493817189725 HTTP/1.1" 200 29
186.103.156.24 - - [03/May/2017:10:11:11 -0300] "POST /cormun/servlet/licenciaspermisos?c9a32024014befc4d6b91256eb9a6ee1,INS,0,,,,gx-no-cache=1493817189771 HTTP/1.1" 200 93
186.103.156.24 - - [03/May/2017:10:11:11 -0300] "GET /cormun/servlet/hpexe_return? HTTP/1.1" 200 1015
186.103.156.24 - - [03/May/2017:10:11:11 -0300] "GET /cormun/static/gxcfg.js?2016101716175148 HTTP/1.1" 200 953
186.103.156.24 - - [03/May/2017:10:11:11 -0300] "GET /cormun/static/hpexe_return.js?2016101716175153 HTTP/1.1" 200 1633
186.103.156.24 - - [03/May/2017:10:11:11 -0300] "GET /cormun/static/Resources/Spanish/PXTools.css?167811 HTTP/1.1" 200 89042
186.103.156.24 - - [03/May/2017:10:11:12 -0300] "GET /cormun/servlet/trlicencias HTTP/1.1" 200 8000
186.103.156.24 - - [03/May/2017:10:11:12 -0300] "GET /cormun//static/Resources/PXToolsGridUpdate.png HTTP/1.1" 200 2984
186.103.156.24 - - [03/May/2017:10:11:12 -0300] "GET /cormun//static/Resources/PXToolsGridDelete.png HTTP/1.1" 200 357
186.103.156.24 - - [03/May/2017:10:11:12 -0300] "GET /cormun//static/Resources/PXToolsActionPrint.png HTTP/1.1" 200 3317
186.103.156.24 - - [03/May/2017:10:11:12 -0300] "GET /cormun//static/Resources/PXToolsGridDisplay.png HTTP/1.1" 200 362
186.103.156.24 - - [03/May/2017:10:11:12 -0300] "GET /cormun//static/Resources/PXToolsHeaderHelp.png HTTP/1.1" 200 4055
186.103.156.24 - - [03/May/2017:10:11:13 -0300] "GET /cormun/servlet/trlicencias HTTP/1.1" 200 7995
186.103.156.24 - - [03/May/2017:10:11:13 -0300] "GET /cormun//static/Resources/PXToolsHeaderFavorites.png HTTP/1.1" 200 2744
186.103.156.24 - - [03/May/2017:10:11:13 -0300] "GET /cormun//static/Resources/PXTools/ActionInsert.png HTTP/1.1" 200 1482
186.103.161.206 - - [03/May/2017:10:11:33 -0300] "GET /cormun/servlet/trlicenciaspermisosadjuntos?11889825,20170503000000,L, HTTP/1.1" 200 6368
186.103.161.206 - - [03/May/2017:10:11:33 -0300] "GET /cormun/static/gxcfg.js?20173171154619 HTTP/1.1" 304 -
190.151.100.218 - - [03/May/2017:10:11:33 -0300] "GET /cormun/static/trlicenciaspermisosadjuntos.js?20173171154971 HTTP/1.1" 304 -
190.151.100.218 - - [03/May/2017:10:11:34 -0300] "GET /cormun/servlet/trlicenciaspermisosadjuntos?11889825,20170503000000,L, HTTP/1.1" 200 6368
186.103.161.206 - - [03/May/2017:10:11:48 -0300] "GET /cormun/servlet/trlicencias HTTP/1.1" 200 8028
186.103.161.206 - - [03/May/2017:10:11:49 -0300] "GET /cormun/servlet/trlicencias HTTP/1.1" 200 8024
192.168.10.96 - - [03/May/2017:10:11:56 -0300] "GET /cormun/servlet/trsolicitudgral? HTTP/1.1" 200 23987
192.168.10.96 - - [03/May/2017:10:11:57 -0300] "GET /cormun/servlet/hlogin HTTP/1.1" 200 1748
192.168.10.96 - - [03/May/2017:10:11:58 -0300] "GET /cormun/servlet/trsolicitudgral? HTTP/1.1" 200 23987
186.103.161.206 - - [03/May/2017:10:12:06 -0300] "GET /cormun/servlet/trlicenciaspermisosadjuntos?11889825,20170503000000,L, HTTP/1.1" 200 6368
186.103.161.206 - - [03/May/2017:10:12:06 -0300] "GET /cormun/servlet/trlicenciaspermisosadjuntos?11889825,20170503000000,L, HTTP/1.1" 200 6368
186.103.161.206 - - [03/May/2017:10:12:10 -0300] "GET /cormun/servlet/licenciaspermisosadjuntos?INS,11889825,L,20170503000000,, HTTP/1.1" 200 5666
186.103.161.206 - - [03/May/2017:10:12:10 -0300] "GET /cormun/static/gxcfg.js?201731711421170 HTTP/1.1" 304 -
186.103.161.206 - - [03/May/2017:10:12:11 -0300] "GET /cormun/static/licenciaspermisosadjuntos.js?201731711421181 HTTP/1.1" 304 -
186.103.161.206 - - [03/May/2017:10:12:11 -0300] "GET /cormun/static/about:blank HTTP/1.1" 404 1011
186.103.161.206 - - [03/May/2017:10:12:11 -0300] "GET /cormun/servlet/licenciaspermisosadjuntos?INS,11889825,L,20170503000000,, HTTP/1.1" 200 5657
200.112.49.114 - - [03/May/2017:10:12:14 -0300] "GET /cormun/servlet/prfichaempleado?,MD,,gxPopupLevel%3D0%3B HTTP/1.1" 200 8784
186.103.156.24 - - [03/May/2017:10:12:19 -0300] "GET /cormun/servlet/licenciaspermisos?DSP,9112746,L,20170503000000, HTTP/1.1" 200 7005
186.103.156.24 - - [03/May/2017:10:12:19 -0300] "GET /cormun/servlet/licenciaspermisos?DSP,9112746,L,20170503000000, HTTP/1.1" 200 7005
186.103.156.24 - - [03/May/2017:10:12:23 -0300] "GET /cormun/servlet/trlicencias HTTP/1.1" 200 8000
186.103.156.24 - - [03/May/2017:10:12:24 -0300] "GET /cormun/servlet/trlicencias HTTP/1.1" 200 7995
186.103.248.213 - - [03/May/2017:10:12:27 -0300] "GET /cormun/servlet/solicitudotadjuntos?754a818d5ee49d4cb7b00dd58ad15043c5954f761f7149274afafaecf32cceb0,gx-no-cache=1493817186532 HTTP/1.1" 200 30
186.103.248.213 - - [03/May/2017:10:12:28 -0300] "GET /cormun/servlet/solicitudotadjuntos?754a818d5ee49d4cb7b00dd58ad15043c5954f761f7149274afafaecf32cceb0,gx-no-cache=1493817207717 HTTP/1.1" 200 30
186.103.248.213 - - [03/May/2017:10:12:28 -0300] "GET /cormun/servlet/solicitudotadjuntos?INS,2017,6287,,1, HTTP/1.1" 200 5804
186.103.248.213 - - [03/May/2017:10:12:29 -0300] "GET /cormun/static/about:blank HTTP/1.1" 404 1011
186.103.248.213 - - [03/May/2017:10:12:29 -0300] "GET /cormun/servlet/solicitudotadjuntos?754a818d5ee49d4cb7b00dd58ad15043e620f9372b4628bcbc016fbb49b052cd5900afa27f60331e66b1e5c180e6ce19,gx-no-cache=1493817208959 HTTP/1.1" 200 30
186.103.248.213 - - [03/May/2017:10:12:29 -0300] "POST /cormun/servlet/solicitudotadjuntos?b230f129c722f6c1f4c2caa9528dcd56,INS,2017,6287,,1, HTTP/1.1" 200 116
186.103.248.213 - - [03/May/2017:10:12:29 -0300] "POST /cormun/servlet/solicitudotadjuntos?b230f129c722f6c1f4c2caa9528dcd56,INS,2017,6287,,1,,gx-no-cache=1493817209226 HTTP/1.1" 200 3636
200.112.49.114 - - [03/May/2017:10:12:30 -0300] "POST /cormun/servlet/prfichaempleado?2c0ae0daeab4bd8b9e83fb7a8280e3dc,,MD,,gxPopupLevel%3D0%3B,gx-no-cache=1493817214226 HTTP/1.1" 200 3458
186.103.156.24 - - [03/May/2017:10:12:30 -0300] "GET /cormun/servlet/alicenciaprn?9112746,L,20170503000000,PU HTTP/1.1" 200 1537
200.112.49.114 - - [03/May/2017:10:12:42 -0300] "GET /cormun/servlet/prfichaempleado?,MD,,gxPopupLevel%3D0%3B HTTP/1.1" 200 8784
200.112.49.114 - - [03/May/2017:10:12:50 -0300] "POST /cormun/servlet/solicitudot?gx-no-cache=1493817234611 HTTP/1.1" 200 3184
200.112.49.114 - - [03/May/2017:10:12:51 -0300] "POST /cormun/servlet/solicitudot?2c0ae0daeab4bd8b9e83fb7a8280e3dc,INS,0,0,,gx-no-cache=1493817235201 HTTP/1.1" 200 9963
200.112.49.114 - - [03/May/2017:10:12:51 -0300] "GET /cormun/servlet/solicitudot?417f323957249607074890057a98e982223582cc3e7af3229735824e937aecd80a0285ca0574bca1c193042f6ff97c8c,gx-no-cache=1493817236049 HTTP/1.1" 200 30
200.112.49.114 - - [03/May/2017:10:12:59 -0300] "POST /cormun/servlet/solicitudot?gx-no-cache=1493817244365 HTTP/1.1" 200 255
200.112.49.114 - - [03/May/2017:10:13:00 -0300] "GET /cormun/servlet/solicitudot?417f323957249607074890057a98e982aca7cc00eca460a4cbaa9e5890d88dc581c67c6c31f8c02eb850fb0e821ebfdfad4f7b3d9704b257cafdaddc01f0b5ff7b42b57214ab7dde9d7c7e7be1a40a8c516310ae20a080f4fa82b62cba4aa70e676a4fb49fe009de6925758b3067e6feb18fcda17faa06d79f6d4af6ff14848cf8f5d033db24f8245158c66db8b3f3cb49619b4788affbddba8654c0088c5de69ec9fd7cda9edf4b7c2dc7d551595cce1074be6a713988490d3d34b32b6774c0bd338b36f9eb47dd34e23f64a991f9e253e9d651951e792cf3d1df6e1a74b4804ba161fd56343f6494959419b17d388783208aa3b6a27ad7c4946778fe6c6e32ed3ad4a942e6102566af9f3b90501c85ae207ef8cbc429bfa86500c413aa3a9a5d19f7456cc74fddc541e4988feb19ac683d7d10adda6d193631f151161445c85cec369b3a8e3b3082b606cfc4ebe5d4e02193166023d04781a2b1f5cc12d5cfd817685f02eb7d8b7628c4d39512830dc16f5e4cc20741b27ea2ae726bcf70b5,gx-no-cache=1493817244649 HTTP/1.1" 200 30
200.112.49.114 - - [03/May/2017:10:13:18 -0300] "POST /cormun/servlet/solicitudot?gx-no-cache=1493817262721 HTTP/1.1" 200 30
200.112.49.114 - - [03/May/2017:10:13:23 -0300] "GET /cormun/servlet/prcontratosol?17909060,,,,,MD,,gxPopupLevel%3D0%3B HTTP/1.1" 200 5921
200.112.49.114 - - [03/May/2017:10:13:23 -0300] "GET /cormun/static/gxcfg.js?201731711522183 HTTP/1.1" 200 953
200.112.49.114 - - [03/May/2017:10:13:23 -0300] "GET /cormun/static/prcontratosol.js?201731711522419 HTTP/1.1" 304 -
200.112.49.114 - - [03/May/2017:10:13:23 -0300] "GET /cormun/static/Resources/PXToolsGridFirst.gif HTTP/1.1" 200 379
200.112.49.114 - - [03/May/2017:10:13:24 -0300] "GET /cormun/static/Resources/PXToolsGridLast.gif HTTP/1.1" 200 370
200.112.49.114 - - [03/May/2017:10:13:24 -0300] "GET /cormun/static/Resources/PXToolsGridPrevious.gif HTTP/1.1" 200 369
200.112.49.114 - - [03/May/2017:10:13:24 -0300] "GET /cormun/static/Resources/PXToolsGridNext.gif HTTP/1.1" 200 369
200.112.49.114 - - [03/May/2017:10:13:30 -0300] "POST /cormun/servlet/solicitudot?gx-no-cache=1493817274925 HTTP/1.1" 200 1297
200.112.49.114 - - [03/May/2017:10:13:30 -0300] "POST /cormun/servlet/solicitudot?gx-no-cache=1493817275088 HTTP/1.1" 200 38
186.103.132.155 - - [03/May/2017:10:13:30 -0300] "POST /cormun/servlet/licenciaspermisosadjuntos?87e746236c554de5757dd3f696b81342,INS,11889825,L,20170503000000,, HTTP/1.1" 200 116
200.112.49.114 - - [03/May/2017:10:13:30 -0300] "GET /cormun/servlet/solicitudot?417f323957249607074890057a98e9825b679a9d73562fb58648bb0bcf71be2a98cecce40cdbb62954752e1e0d98c906d590e8557b2d726c265c62f2f85c43adf04125eae1eb640a6b47b24e97a85375dbbd94e2a8f5116ae9c4275b00a046df0c623bf4abc7ef438925ee5ba9660f7ab85f0fca1e22ee9a69a12feef4f915dbf3f220073eb882905e3fd1b224bb09de06776e432e3a9fde776f00472ef28e76,gx-no-cache=1493817275362 HTTP/1.1" 200 29
186.103.132.155 - - [03/May/2017:10:13:30 -0300] "GET /cormun/servlet/hpexe_return? HTTP/1.1" 200 1049
200.112.49.114 - - [03/May/2017:10:13:31 -0300] "POST /cormun/servlet/solicitudot?gx-no-cache=1493817275511 HTTP/1.1" 200 1280
186.103.132.155 - - [03/May/2017:10:13:31 -0300] "GET /cormun/servlet/trlicenciaspermisosadjuntos?11889825,20170503000000,L, HTTP/1.1" 200 6841
200.112.49.114 - - [03/May/2017:10:13:31 -0300] "POST /cormun/servlet/solicitudot?gx-no-cache=1493817275705 HTTP/1.1" 200 1162
186.103.248.213 - - [03/May/2017:10:13:31 -0300] "GET /favicon.ico HTTP/1.1" 200 21630
186.103.132.155 - - [03/May/2017:10:13:32 -0300] "GET /cormun/servlet/trlicenciaspermisosadjuntos?11889825,20170503000000,L, HTTP/1.1" 200 6838
186.103.156.24 - - [03/May/2017:10:13:36 -0300] "GET /cormun/servlet/trlicenciaspermisosadjuntos?9112746,20170503000000,L, HTTP/1.1" 200 6352
186.103.156.24 - - [03/May/2017:10:13:37 -0300] "GET /cormun/static/gxcfg.js?20173171154619 HTTP/1.1" 200 953
186.103.156.24 - - [03/May/2017:10:13:37 -0300] "GET /cormun/static/trlicenciaspermisosadjuntos.js?20173171154971 HTTP/1.1" 200 21005
186.103.156.24 - - [03/May/2017:10:13:37 -0300] "GET /cormun/servlet/trlicenciaspermisosadjuntos?9112746,20170503000000,L, HTTP/1.1" 200 6352
186.103.156.24 - - [03/May/2017:10:13:40 -0300] "GET /cormun/servlet/licenciaspermisosadjuntos?INS,9112746,L,20170503000000,, HTTP/1.1" 200 5645
186.103.156.24 - - [03/May/2017:10:13:40 -0300] "GET /cormun/static/gxcfg.js?201731711421170 HTTP/1.1" 200 953
186.103.156.24 - - [03/May/2017:10:13:40 -0300] "GET /cormun/static/licenciaspermisosadjuntos.js?201731711421181 HTTP/1.1" 200 8757
186.103.156.24 - - [03/May/2017:10:13:40 -0300] "GET /cormun/static/about:blank HTTP/1.1" 404 1011
186.103.156.24 - - [03/May/2017:10:13:40 -0300] "GET /cormun/servlet/licenciaspermisosadjuntos?INS,9112746,L,20170503000000,, HTTP/1.1" 200 5633
190.151.100.218 - - [03/May/2017:10:13:46 -0300] "GET /cormun/servlet/licenciaspermisosadjuntos?INS,11889825,L,20170503000000,, HTTP/1.1" 200 5667
190.151.100.218 - - [03/May/2017:10:13:47 -0300] "GET /cormun/servlet/licenciaspermisosadjuntos?INS,11889825,L,20170503000000,, HTTP/1.1" 200 5656
186.103.248.213 - - [03/May/2017:10:13:52 -0300] "POST /cormun/servlet/solicitudotadjuntos?gx-no-cache=1493817292354 HTTP/1.1" 200 26
186.103.248.213 - - [03/May/2017:10:14:00 -0300] "GET /cormun/servlet/solicitudotadjuntos?754a818d5ee49d4cb7b00dd58ad15043c5954f761f7149274afafaecf32cceb0,gx-no-cache=1493817300543 HTTP/1.1" 200 30
186.103.248.213 - - [03/May/2017:10:14:00 -0300] "GET /cormun/servlet/solicitudotadjuntos?754a818d5ee49d4cb7b00dd58ad15043c5954f761f7149274afafaecf32cceb0,gx-no-cache=1493817300606 HTTP/1.1" 200 30
186.103.248.213 - - [03/May/2017:10:14:01 -0300] "POST /cormun/servlet/solicitudotadjuntos?b230f129c722f6c1f4c2caa9528dcd56,INS,2017,6287,,1, HTTP/1.1" 200 116
186.103.248.213 - - [03/May/2017:10:14:01 -0300] "GET /cormun/servlet/hpexe_return? HTTP/1.1" 200 1019
186.103.248.213 - - [03/May/2017:10:14:02 -0300] "GET /cormun/servlet/trsolicitudadjuntos?2017,6287, HTTP/1.1" 200 8400
186.103.248.213 - - [03/May/2017:10:14:02 -0300] "GET /cormun/servlet/trsolicitudadjuntos?2017,6287, HTTP/1.1" 200 8396
190.151.100.218 - - [03/May/2017:10:14:03 -0300] "GET /cormun/servlet/trlicenciaspermisosadjuntos?11889825,20170503000000,L, HTTP/1.1" 200 6837
190.151.100.218 - - [03/May/2017:10:14:04 -0300] "GET /cormun/servlet/trlicenciaspermisosadjuntos?11889825,20170503000000,L, HTTP/1.1" 200 6837
186.103.248.213 - - [03/May/2017:10:14:05 -0300] "GET /cormun/servlet/solicitudotadjuntos?INS,2017,6287,,1, HTTP/1.1" 200 5804
186.103.248.213 - - [03/May/2017:10:14:05 -0300] "GET /cormun/static/about:blank HTTP/1.1" 404 1011
186.103.248.213 - - [03/May/2017:10:14:05 -0300] "GET /cormun/servlet/solicitudotadjuntos?INS,2017,6287,,1, HTTP/1.1" 200 5798
186.103.248.213 - - [03/May/2017:10:14:06 -0300] "GET /cormun/servlet/solicitudotadjuntos?754a818d5ee49d4cb7b00dd58ad15043e620f9372b4628bcbc016fbb49b052cd5900afa27f60331e66b1e5c180e6ce19,gx-no-cache=1493817306176 HTTP/1.1" 200 30
186.103.248.213 - - [03/May/2017:10:14:06 -0300] "POST /cormun/servlet/solicitudotadjuntos?b230f129c722f6c1f4c2caa9528dcd56,INS,2017,6287,,1,,gx-no-cache=1493817306258 HTTP/1.1" 200 3636
186.103.248.213 - - [03/May/2017:10:14:09 -0300] "POST /cormun/servlet/solicitudotadjuntos?gx-no-cache=1493817309540 HTTP/1.1" 200 26
186.103.248.213 - - [03/May/2017:10:14:17 -0300] "GET /cormun/servlet/solicitudotadjuntos?754a818d5ee49d4cb7b00dd58ad15043c5954f761f7149274afafaecf32cceb0,gx-no-cache=1493817317036 HTTP/1.1" 200 30
186.103.248.213 - - [03/May/2017:10:14:17 -0300] "GET /cormun/servlet/solicitudotadjuntos?754a818d5ee49d4cb7b00dd58ad15043c5954f761f7149274afafaecf32cceb0,gx-no-cache=1493817317149 HTTP/1.1" 200 30
190.151.100.218 - - [03/May/2017:10:14:18 -0300] "GET /cormun/servlet/trlicencias HTTP/1.1" 200 8028
190.151.100.218 - - [03/May/2017:10:14:18 -0300] "GET /cormun/servlet/trlicencias HTTP/1.1" 200 8024
186.103.132.155 - - [03/May/2017:10:14:33 -0300] "POST /cormun/servlet/trlicencias?87e746236c554de5757dd3f696b81342,gx-no-cache=1493817333213 HTTP/1.1" 200 4250
186.103.132.155 - - [03/May/2017:10:14:33 -0300] "GET /cormun/static/Shared/jqueryui/images/ui-bg_highlight-soft_100_c6c2c8_1x100.png HTTP/1.1" 404 1117
186.103.132.155 - - [03/May/2017:10:14:33 -0300] "GET /cormun/static/Shared/jqueryui/images/ui-bg_flat_55_fafafa_40x100.png HTTP/1.1" 404 1097
186.103.132.155 - - [03/May/2017:10:14:33 -0300] "GET /cormun/static/Shared/jqueryui/images/ui-icons_8d78a5_256x240.png HTTP/1.1" 404 1089
186.103.161.206 - - [03/May/2017:10:14:33 -0300] "GET /cormun/static/Shared/jqueryui/images/ui-icons_82798d_256x240.png HTTP/1.1" 404 1089
186.103.248.213 - - [03/May/2017:10:14:41 -0300] "POST /cormun/servlet/solicitudotadjuntos?b230f129c722f6c1f4c2caa9528dcd56,INS,2017,6287,,1, HTTP/1.1" 200 116
186.103.248.213 - - [03/May/2017:10:14:41 -0300] "GET /cormun/servlet/hpexe_return? HTTP/1.1" 200 1019
186.103.248.213 - - [03/May/2017:10:14:41 -0300] "GET /cormun/servlet/trsolicitudadjuntos?2017,6287, HTTP/1.1" 200 8539
186.103.248.213 - - [03/May/2017:10:14:42 -0300] "GET /cormun/servlet/trsolicitudadjuntos?2017,6287, HTTP/1.1" 200 8536
186.103.248.213 - - [03/May/2017:10:14:49 -0300] "GET /cormun/servlet/solicitudotadjuntos?INS,2017,6287,,1, HTTP/1.1" 200 5804
186.103.248.213 - - [03/May/2017:10:14:50 -0300] "GET /cormun/static/about:blank HTTP/1.1" 404 1011
186.103.248.213 - - [03/May/2017:10:14:50 -0300] "GET /cormun/servlet/solicitudotadjuntos?754a818d5ee49d4cb7b00dd58ad15043e620f9372b4628bcbc016fbb49b052cd5900afa27f60331e66b1e5c180e6ce19,gx-no-cache=1493817350267 HTTP/1.1" 200 30
186.103.248.213 - - [03/May/2017:10:14:50 -0300] "POST /cormun/servlet/solicitudotadjuntos?b230f129c722f6c1f4c2caa9528dcd56,INS,2017,6287,,1,,gx-no-cache=1493817350360 HTTP/1.1" 200 3636
186.103.248.213 - - [03/May/2017:10:14:56 -0300] "POST /cormun/servlet/solicitudotadjuntos?gx-no-cache=1493817356317 HTTP/1.1" 200 26
200.86.10.241 - - [03/May/2017:10:15:03 -0300] "GET /cormun/servlet/hlogin HTTP/1.1" 200 1732
186.103.248.213 - - [03/May/2017:10:15:04 -0300] "GET /cormun/servlet/solicitudotadjuntos?754a818d5ee49d4cb7b00dd58ad15043c5954f761f7149274afafaecf32cceb0,gx-no-cache=1493817363726 HTTP/1.1" 200 30
186.103.248.213 - - [03/May/2017:10:15:04 -0300] "GET /cormun/servlet/solicitudotadjuntos?754a818d5ee49d4cb7b00dd58ad15043c5954f761f7149274afafaecf32cceb0,gx-no-cache=1493817363794 HTTP/1.1" 200 30
186.103.248.213 - - [03/May/2017:10:15:11 -0300] "GET /cormun/servlet/solicitudotadjuntos?INS,2017,6287,,1, HTTP/1.1" 200 5798
200.86.10.241 - - [03/May/2017:10:15:12 -0300] "POST /cormun/servlet/hlogin?c66e04dadf44df0a7b5f4e53a9672ef1,gx-no-cache=1493817373226 HTTP/1.1" 200 90
200.86.10.241 - - [03/May/2017:10:15:12 -0300] "GET /cormun/servlet/hpexe_link HTTP/1.1" 200 957
200.86.10.241 - - [03/May/2017:10:15:12 -0300] "GET /cormun/static/hpexe_link.js?201731711483384 HTTP/1.1" 200 625
200.86.10.241 - - [03/May/2017:10:15:12 -0300] "GET /cormun/servlet/hhome HTTP/1.1" 200 3786
200.86.10.241 - - [03/May/2017:10:15:13 -0300] "GET /cormun/servlet/hhome HTTP/1.1" 200 3783
200.86.10.241 - - [03/May/2017:10:15:19 -0300] "GET /cormun/servlet/trlicencias? HTTP/1.1" 200 6620
200.86.10.241 - - [03/May/2017:10:15:19 -0300] "GET /cormun/static/gxcfg.js?201741111445981 HTTP/1.1" 304 -
200.86.10.241 - - [03/May/2017:10:15:19 -0300] "GET /cormun/static/trlicencias.js?20174111145440 HTTP/1.1" 304 -
200.86.10.241 - - [03/May/2017:10:15:19 -0300] "GET /cormun/servlet/trlicencias? HTTP/1.1" 200 6619
200.111.191.210 - - [03/May/2017:10:15:20 -0300] "GET /cormun/servlet/trpermisosgoce? HTTP/1.1" 200 5893
200.111.191.210 - - [03/May/2017:10:15:20 -0300] "GET /cormun/servlet/hlogin HTTP/1.1" 200 1740
200.111.191.210 - - [03/May/2017:10:15:20 -0300] "GET /cormun/servlet/trpermisosgoce? HTTP/1.1" 200 5890
200.111.191.210 - - [03/May/2017:10:15:25 -0300] "POST /cormun/servlet/hlogin?08300a917bcf417be33fbf477cf054c6,gx-no-cache=1493820877924 HTTP/1.1" 200 90
200.111.191.210 - - [03/May/2017:10:15:25 -0300] "GET /cormun/servlet/hpexe_link HTTP/1.1" 200 958
200.111.191.210 - - [03/May/2017:10:15:25 -0300] "GET /cormun/servlet/trpermisosgoce HTTP/1.1" 200 7604
200.111.191.210 - - [03/May/2017:10:15:25 -0300] "GET /cormun/servlet/trpermisosgoce HTTP/1.1" 200 7603
200.111.191.210 - - [03/May/2017:10:15:30 -0300] "GET /cormun/servlet/permisogoce?INS,0,,, HTTP/1.1" 200 6551
200.111.191.210 - - [03/May/2017:10:15:34 -0300] "GET /cormun/servlet/permisogoce?INS,0,,, HTTP/1.1" 200 6550
186.103.248.213 - - [03/May/2017:10:15:34 -0300] "POST /cormun/servlet/solicitudotadjuntos?b230f129c722f6c1f4c2caa9528dcd56,INS,2017,6287,,1, HTTP/1.1" 200 116
186.103.248.213 - - [03/May/2017:10:15:34 -0300] "GET /cormun/servlet/hpexe_return? HTTP/1.1" 200 1019
186.103.248.213 - - [03/May/2017:10:15:35 -0300] "GET /cormun/servlet/trsolicitudadjuntos?2017,6287, HTTP/1.1" 200 8711
186.103.248.213 - - [03/May/2017:10:15:37 -0300] "GET /cormun/servlet/trsolicitudadjuntos?2017,6287, HTTP/1.1" 200 8707
200.111.191.210 - - [03/May/2017:10:15:37 -0300] "GET /cormun/servlet/permisogoce?53ca6ea8ac72610a18978a10f57c211ba6c84eadd0fc20a10c289736ca7dbe4e73f1ba0e314ca0364e5f47ba6eb6df9f,gx-no-cache=1493820889979 HTTP/1.1" 200 71
186.103.156.24 - - [03/May/2017:10:15:41 -0300] "POST /cormun/servlet/licenciaspermisosadjuntos?c9a32024014befc4d6b91256eb9a6ee1,INS,9112746,L,20170503000000,, HTTP/1.1" 200 116
186.103.156.24 - - [03/May/2017:10:15:41 -0300] "GET /cormun/servlet/hpexe_return? HTTP/1.1" 200 1044
186.103.248.213 - - [03/May/2017:10:15:43 -0300] "GET /cormun/servlet/solicitudotadjuntos?INS,2017,6287,,1, HTTP/1.1" 200 5804
186.103.156.24 - - [03/May/2017:10:15:44 -0300] "GET /cormun/servlet/trlicenciaspermisosadjuntos?9112746,20170503000000,L, HTTP/1.1" 200 6824
186.103.248.213 - - [03/May/2017:10:15:44 -0300] "GET /cormun/static/about:blank HTTP/1.1" 404 1011
186.103.248.213 - - [03/May/2017:10:15:44 -0300] "GET /cormun/servlet/solicitudotadjuntos?INS,2017,6287,,1, HTTP/1.1" 200 5798
186.103.248.213 - - [03/May/2017:10:15:45 -0300] "GET /cormun/servlet/solicitudotadjuntos?754a818d5ee49d4cb7b00dd58ad15043e620f9372b4628bcbc016fbb49b052cd5900afa27f60331e66b1e5c180e6ce19,gx-no-cache=1493817404525 HTTP/1.1" 200 30
186.103.248.213 - - [03/May/2017:10:15:46 -0300] "POST /cormun/servlet/solicitudotadjuntos?b230f129c722f6c1f4c2caa9528dcd56,INS,2017,6287,,1,,gx-no-cache=1493817404848 HTTP/1.1" 200 3636
186.103.156.24 - - [03/May/2017:10:15:46 -0300] "GET /cormun/servlet/trlicenciaspermisosadjuntos?9112746,20170503000000,L, HTTP/1.1" 200 6820
186.103.248.213 - - [03/May/2017:10:15:48 -0300] "POST /cormun/servlet/solicitudotadjuntos?gx-no-cache=1493817408535 HTTP/1.1" 200 26
200.111.191.210 - - [03/May/2017:10:15:49 -0300] "GET /cormun/servlet/permisogoce?53ca6ea8ac72610a18978a10f57c211b809d5fa53a34c596f8f83db307ffd8277336531a6065f0b626be0bc6eed114914fedbaf08091e3ea3bb156d587cab67c,gx-no-cache=1493820901616 HTTP/1.1" 200 44
200.111.191.210 - - [03/May/2017:10:15:54 -0300] "POST /cormun/servlet/permisogoce?08300a917bcf417be33fbf477cf054c6,INS,0,,,,gx-no-cache=1493820906855 HTTP/1.1" 200 93
200.111.191.210 - - [03/May/2017:10:15:54 -0300] "GET /cormun/servlet/hpexe_return? HTTP/1.1" 200 1009
200.111.191.210 - - [03/May/2017:10:15:54 -0300] "GET /cormun/servlet/trpermisosgoce HTTP/1.1" 200 7815
200.111.191.210 - - [03/May/2017:10:15:55 -0300] "GET /cormun/servlet/trpermisosgoce HTTP/1.1" 200 7811
200.111.191.210 - - [03/May/2017:10:15:57 -0300] "GET /cormun/servlet/apermisogoceprn?11736748,P,20170503111021,PU HTTP/1.1" 200 1635
200.86.10.241 - - [03/May/2017:10:15:59 -0300] "GET /cormun/servlet/licenciaspermisos?INS,0,,, HTTP/1.1" 200 7172
200.86.10.241 - - [03/May/2017:10:15:59 -0300] "GET /cormun/static/gxcfg.js?201741111445322 HTTP/1.1" 304 -
200.86.10.241 - - [03/May/2017:10:15:59 -0300] "GET /cormun/static/licenciaspermisos.js?201741111445392 HTTP/1.1" 304 -
200.86.10.241 - - [03/May/2017:10:16:00 -0300] "GET /cormun/servlet/licenciaspermisos?INS,0,,, HTTP/1.1" 200 7171
186.103.248.213 - - [03/May/2017:10:16:02 -0300] "GET /cormun/servlet/solicitudotadjuntos?754a818d5ee49d4cb7b00dd58ad15043c5954f761f7149274afafaecf32cceb0,gx-no-cache=1493817421948 HTTP/1.1" 200 30
186.103.248.213 - - [03/May/2017:10:16:02 -0300] "GET /cormun/servlet/solicitudotadjuntos?754a818d5ee49d4cb7b00dd58ad15043c5954f761f7149274afafaecf32cceb0,gx-no-cache=1493817422060 HTTP/1.1" 200 30
186.103.248.213 - - [03/May/2017:10:16:03 -0300] "POST /cormun/servlet/solicitudotadjuntos?b230f129c722f6c1f4c2caa9528dcd56,INS,2017,6287,,1, HTTP/1.1" 200 116
186.103.248.213 - - [03/May/2017:10:16:03 -0300] "GET /cormun/servlet/hpexe_return? HTTP/1.1" 200 1019
186.103.248.213 - - [03/May/2017:10:16:04 -0300] "GET /cormun/servlet/trsolicitudadjuntos?2017,6287, HTTP/1.1" 200 8953
186.103.248.213 - - [03/May/2017:10:16:05 -0300] "GET /cormun/servlet/trsolicitudadjuntos?2017,6287, HTTP/1.1" 200 8949
200.86.10.241 - - [03/May/2017:10:16:09 -0300] "GET /cormun/servlet/prfichaempleado?,MD,,gxPopupLevel%3D0%3B HTTP/1.1" 200 8796
186.103.156.24 - - [03/May/2017:10:16:12 -0300] "GET /cormun/servlet/licenciaspermisosadjuntos?INS,9112746,L,20170503000000,, HTTP/1.1" 200 5646
186.103.156.24 - - [03/May/2017:10:16:14 -0300] "GET /cormun/servlet/licenciaspermisosadjuntos?INS,9112746,L,20170503000000,, HTTP/1.1" 200 5634
186.103.248.213 - - [03/May/2017:10:16:16 -0300] "GET /cormun/servlet/solicitudotadjuntos?INS,2017,6287,,1, HTTP/1.1" 200 5804
186.103.248.213 - - [03/May/2017:10:16:16 -0300] "GET /cormun/static/about:blank HTTP/1.1" 404 1011
186.103.248.213 - - [03/May/2017:10:16:17 -0300] "GET /cormun/servlet/solicitudotadjuntos?INS,2017,6287,,1, HTTP/1.1" 200 5798
186.103.248.213 - - [03/May/2017:10:16:17 -0300] "GET /cormun/servlet/solicitudotadjuntos?754a818d5ee49d4cb7b00dd58ad15043e620f9372b4628bcbc016fbb49b052cd5900afa27f60331e66b1e5c180e6ce19,gx-no-cache=1493817437521 HTTP/1.1" 200 30
186.103.248.213 - - [03/May/2017:10:16:18 -0300] "POST /cormun/servlet/solicitudotadjuntos?b230f129c722f6c1f4c2caa9528dcd56,INS,2017,6287,,1,,gx-no-cache=1493817437639 HTTP/1.1" 200 3636
186.103.156.24 - - [03/May/2017:10:16:18 -0300] "GET /cormun/servlet/trlicencias? HTTP/1.1" 200 8004
186.103.156.24 - - [03/May/2017:10:16:19 -0300] "GET /cormun/servlet/trlicencias? HTTP/1.1" 200 7995
200.86.10.241 - - [03/May/2017:10:16:22 -0300] "POST /cormun/servlet/prfichaempleado?c66e04dadf44df0a7b5f4e53a9672ef1,,MD,,gxPopupLevel%3D0%3B,gx-no-cache=1493817443170 HTTP/1.1" 200 3416
200.86.10.241 - - [03/May/2017:10:16:27 -0300] "GET /cormun/servlet/licenciaspermisos?17b4cada293c4b22175569dca58548160cddd4ce1a020a02e754aa65779c68d71eec818f305c5c6147389aefaf5a6f36,gx-no-cache=1493817448178 HTTP/1.1" 200 64
200.86.10.241 - - [03/May/2017:10:16:27 -0300] "POST /cormun/servlet/licenciaspermisos?c66e04dadf44df0a7b5f4e53a9672ef1,INS,0,,,,gx-no-cache=1493817448240 HTTP/1.1" 200 4429
186.103.248.213 - - [03/May/2017:10:16:51 -0300] "GET /cormun/servlet/trsolicitudot? HTTP/1.1" 200 7973
186.103.159.188 - - [03/May/2017:10:16:51 -0300] "GET /cormun/static/menuarrow.gif HTTP/1.1" 404 1015
186.103.248.213 - - [03/May/2017:10:16:52 -0300] "GET /cormun/servlet/trsolicitudot? HTTP/1.1" 200 7962
200.112.49.114 - - [03/May/2017:10:18:03 -0300] "POST /cormun/servlet/solicitudot?gx-no-cache=1493817548207 HTTP/1.1" 200 1280
200.112.49.114 - - [03/May/2017:10:18:03 -0300] "POST /cormun/servlet/solicitudot?gx-no-cache=1493817548657 HTTP/1.1" 200 1162
200.112.49.114 - - [03/May/2017:10:18:03 -0300] "GET /cormun/static/menuarrow.gif HTTP/1.1" 404 1015
200.112.49.114 - - [03/May/2017:10:18:14 -0300] "POST /cormun/servlet/solicitudot?gx-no-cache=1493817559787 HTTP/1.1" 200 1280
200.112.49.114 - - [03/May/2017:10:18:15 -0300] "POST /cormun/servlet/solicitudot?gx-no-cache=1493817559976 HTTP/1.1" 200 1162
200.112.49.114 - - [03/May/2017:10:18:39 -0300] "POST /cormun/servlet/solicitudot?2c0ae0daeab4bd8b9e83fb7a8280e3dc,INS,0,0,,gx-no-cache=1493817583793 HTTP/1.1" 200 93
200.112.49.114 - - [03/May/2017:10:18:39 -0300] "GET /cormun/servlet/hpexe_return? HTTP/1.1" 200 999
200.112.49.114 - - [03/May/2017:10:18:40 -0300] "GET /cormun/servlet/trsolicitudot HTTP/1.1" 200 6935
200.112.49.114 - - [03/May/2017:10:18:41 -0300] "GET /cormun/servlet/trsolicitudot HTTP/1.1" 200 6930
200.112.49.114 - - [03/May/2017:10:18:48 -0300] "GET /cormun/servlet/trpermisosgoce? HTTP/1.1" 200 7830
200.112.49.114 - - [03/May/2017:10:18:49 -0300] "GET /cormun/servlet/trpermisosgoce? HTTP/1.1" 200 7830
200.112.49.114 - - [03/May/2017:10:18:54 -0300] "GET /cormun/servlet/permisogoce?INS,0,,, HTTP/1.1" 200 6739
200.112.49.114 - - [03/May/2017:10:18:55 -0300] "GET /cormun/servlet/permisogoce?INS,0,,, HTTP/1.1" 200 6739
200.112.49.114 - - [03/May/2017:10:18:59 -0300] "GET /cormun/servlet/prfichaempleado?,MD,,gxPopupLevel%3D0%3B HTTP/1.1" 200 8787
200.112.49.114 - - [03/May/2017:10:19:11 -0300] "POST /cormun/servlet/prfichaempleado?2c0ae0daeab4bd8b9e83fb7a8280e3dc,,MD,,gxPopupLevel%3D0%3B,gx-no-cache=1493817616519 HTTP/1.1" 200 3403
192.168.10.89 - - [03/May/2017:10:19:12 -0300] "POST /cormun/servlet/trsolicitudgral?c3b6256a2524c9411c98dbc14040d2db,,gx-no-cache=1493820819029 HTTP/1.1" 200 7808
200.112.49.114 - - [03/May/2017:10:19:39 -0300] "GET /cormun/servlet/permisogoce?ef9a89d2a4ef15e741be50251e48ed754ad2e4077710b74151ed5a7ad22663cc2fc72de3af494823e19cf52710002e3b,gx-no-cache=1493817644754 HTTP/1.1" 200 72
200.112.49.114 - - [03/May/2017:10:19:40 -0300] "GET /cormun/static/menuarrow.gif HTTP/1.1" 404 1015
200.112.49.114 - - [03/May/2017:10:19:52 -0300] "GET /cormun/servlet/permisogoce?ef9a89d2a4ef15e741be50251e48ed7573dc06bec83a42dfb7df35e554a1d9e3b1659e50d1a7ddd6362ac5698d0d365f4d66b389d7a372e8dc1048a23470686e,gx-no-cache=1493817657122 HTTP/1.1" 200 46
200.112.49.114 - - [03/May/2017:10:20:05 -0300] "POST /cormun/servlet/permisogoce?2c0ae0daeab4bd8b9e83fb7a8280e3dc,INS,0,,,,gx-no-cache=1493817669911 HTTP/1.1" 200 93
200.112.49.114 - - [03/May/2017:10:20:05 -0300] "GET /cormun/servlet/hpexe_return? HTTP/1.1" 200 1002
200.112.49.114 - - [03/May/2017:10:20:05 -0300] "GET /cormun/servlet/trpermisosgoce HTTP/1.1" 200 8032
200.112.49.114 - - [03/May/2017:10:20:07 -0300] "GET /cormun/servlet/trpermisosgoce HTTP/1.1" 200 8028
192.168.10.89 - - [03/May/2017:10:20:10 -0300] "GET /cormun/servlet/hlogin HTTP/1.1" 200 1740
200.112.49.114 - - [03/May/2017:10:20:12 -0300] "GET /cormun/servlet/apermisogoceprn?9362617,P,20170503111432,PU HTTP/1.1" 200 1654
186.103.248.213 - - [03/May/2017:10:20:40 -0300] "POST /cormun/servlet/trsolicitudot?b230f129c722f6c1f4c2caa9528dcd56,,gx-no-cache=1493817700173 HTTP/1.1" 200 4144
186.103.248.213 - - [03/May/2017:10:20:40 -0300] "GET /cormun/static/Shared/jqueryui/images/ui-bg_highlight-soft_100_c6c2c8_1x100.png HTTP/1.1" 404 1117
186.103.248.213 - - [03/May/2017:10:20:40 -0300] "GET /cormun/static/Shared/jqueryui/images/ui-bg_flat_55_fafafa_40x100.png HTTP/1.1" 404 1097
186.103.248.213 - - [03/May/2017:10:20:41 -0300] "POST /cormun/servlet/trsolicitudot?b230f129c722f6c1f4c2caa9528dcd56,,gx-no-cache=1493817700736 HTTP/1.1" 200 3935
200.86.10.241 - - [03/May/2017:10:20:52 -0300] "GET /cormun/servlet/licenciaspermisos?17b4cada293c4b22175569dca5854816b2f66db69859329b6bbee7887e83b0abc452d4fd84846853dd05751b3bb1d03c7555d594a06f061a4b8bb6d219c04c9de00e8f2c88a6688d89dfaca66db542e29e0b017d24f111d28be128a78578d472ffa76b2351c0bae136aa3556ded489a4b06183a16996a236b4979eabe27e6455551cd968a5bfaf143b1901db6c5e3ad7fbc790bf06457cd9208ae800a0aba9dae44dde3af3b1ccfa90cd8475975b6637,gx-no-cache=1493817713446 HTTP/1.1" 200 30
200.86.10.241 - - [03/May/2017:10:20:52 -0300] "GET /cormun/servlet/licenciaspermisos?17b4cada293c4b22175569dca58548161ba95946cf703ccb000717c339f8e48b491179ae442ac175d2ae07d49fb4c4e2e9b82074b0cc8d261134685180893a78709ae0f201000a7f5fd2f0dad41107babc7e76e0aa2f9ae608cf5d2dcb12403a32c024e817361145ce656af473d8c5f4feacdf7500544bac341a1bfe24cad324211ebad4f6222031570efd77ab2c18b464b7786ad2986152d7622a42c03b96b9d4e32cb4b685ff71205891058cfb4701,gx-no-cache=1493817713539 HTTP/1.1" 200 29
200.86.10.241 - - [03/May/2017:10:20:53 -0300] "POST /cormun/servlet/licenciaspermisos?c66e04dadf44df0a7b5f4e53a9672ef1,INS,0,,,,gx-no-cache=1493817713586 HTTP/1.1" 200 93
200.86.10.241 - - [03/May/2017:10:20:53 -0300] "GET /cormun/servlet/hpexe_return? HTTP/1.1" 200 1016
200.86.10.241 - - [03/May/2017:10:20:53 -0300] "GET /cormun/servlet/trlicencias HTTP/1.1" 200 7792
200.86.10.241 - - [03/May/2017:10:20:53 -0300] "GET /cormun/servlet/trlicencias HTTP/1.1" 200 7788
200.86.10.241 - - [03/May/2017:10:20:56 -0300] "GET /cormun/servlet/alicenciaprn?15114135,L,20170503000000,PU HTTP/1.1" 200 1535
186.103.248.213 - - [03/May/2017:10:21:02 -0300] "GET /cormun/static/Shared/jqueryui/images/ui-icons_8d78a5_256x240.png HTTP/1.1" 404 1089
186.103.248.213 - - [03/May/2017:10:21:22 -0300] "GET /cormun/static/Shared/jqueryui/images/ui-icons_82798d_256x240.png HTTP/1.1" 404 1089
186.103.157.39 - - [03/May/2017:10:21:38 -0300] "GET /cormun/servlet/hlogin HTTP/1.1" 200 1721
186.103.157.39 - - [03/May/2017:10:21:38 -0300] "GET /cormun/static/Resources/Spanish/PXTools.css?11294912 HTTP/1.1" 304 -
186.103.157.39 - - [03/May/2017:10:21:38 -0300] "GET /cormun/static/gxcfg.js?201741110203197 HTTP/1.1" 304 -
186.103.157.39 - - [03/May/2017:10:21:38 -0300] "GET /cormun/static/gxtimezone.js?85251 HTTP/1.1" 304 -
186.103.157.39 - - [03/May/2017:10:21:38 -0300] "GET /cormun/static/messages.spa.js?85251 HTTP/1.1" 304 -
186.103.157.39 - - [03/May/2017:10:21:38 -0300] "GET /cormun/static/hlogin.js?201741110203211 HTTP/1.1" 304 -
186.103.157.39 - - [03/May/2017:10:21:39 -0300] "GET /cormun/servlet/hlogin HTTP/1.1" 200 1733
186.103.157.39 - - [03/May/2017:10:21:49 -0300] "POST /cormun/servlet/hlogin?abbb865426e47c6361a1ff052b163596,gx-no-cache=1493817770697 HTTP/1.1" 200 90
186.103.157.39 - - [03/May/2017:10:21:49 -0300] "GET /cormun/servlet/hpexe_link HTTP/1.1" 200 953
186.103.157.39 - - [03/May/2017:10:21:49 -0300] "GET /cormun/static/gxcfg.js?201731711483381 HTTP/1.1" 304 -
186.103.157.39 - - [03/May/2017:10:21:49 -0300] "GET /cormun/static/hpexe_link.js?201731711483384 HTTP/1.1" 304 -
186.103.157.39 - - [03/May/2017:10:21:49 -0300] "GET /cormun/servlet/hhome HTTP/1.1" 200 3760
186.103.157.39 - - [03/May/2017:10:21:50 -0300] "GET /cormun/static/gxcfg.js?201731711483497 HTTP/1.1" 304 -
186.103.157.39 - - [03/May/2017:10:21:50 -0300] "GET /cormun/static/hhome.js?20173171148352 HTTP/1.1" 304 -
186.103.157.39 - - [03/May/2017:10:21:50 -0300] "GET /cormun/static/hwchdr01.js?201731711335950 HTTP/1.1" 304 -
186.103.157.39 - - [03/May/2017:10:21:50 -0300] "GET /cormun/static/hpexe_recentlink.js?201610171694390 HTTP/1.1" 304 -
186.103.157.39 - - [03/May/2017:10:21:50 -0300] "GET /cormun/static/hpexe_scripts.js?201731711335890 HTTP/1.1" 304 -
186.103.157.39 - - [03/May/2017:10:21:50 -0300] "GET /cormun/static/hpexe_messagecontroller.js?201610171694323 HTTP/1.1" 304 -
186.103.157.39 - - [03/May/2017:10:21:50 -0300] "GET /cormun/static/hpexe_messagepopupcomponent.js?20161017169425 HTTP/1.1" 304 -
186.103.157.39 - - [03/May/2017:10:21:50 -0300] "GET /cormun/static/hpexe_messagegenexuscomponent.js?201731711335537 HTTP/1.1" 304 -
186.103.157.39 - - [03/May/2017:10:21:50 -0300] "GET /cormun/static/cmcontrolpreferences.js?201731711335852 HTTP/1.1" 304 -
186.103.157.39 - - [03/May/2017:10:21:50 -0300] "GET /cormun/static/hmpwkw03.js?201731711485354 HTTP/1.1" 304 -
186.103.157.39 - - [03/May/2017:10:21:51 -0300] "GET /cormun/servlet/hhome HTTP/1.1" 200 3757
186.103.157.39 - - [03/May/2017:10:21:59 -0300] "GET /cormun/servlet/trsolicitudot? HTTP/1.1" 200 6695
186.103.157.39 - - [03/May/2017:10:21:59 -0300] "GET /cormun/static/calendar-setup.js?85251 HTTP/1.1" 304 -
186.103.157.39 - - [03/May/2017:10:21:59 -0300] "GET /cormun/static/gxcfg.js?201731711505139 HTTP/1.1" 304 -
186.103.157.39 - - [03/May/2017:10:21:59 -0300] "GET /cormun/static/calendar-es.js?85251 HTTP/1.1" 304 -
186.103.157.39 - - [03/May/2017:10:21:59 -0300] "GET /cormun/static/calendar.js?85251 HTTP/1.1" 304 -
186.103.157.39 - - [03/May/2017:10:21:59 -0300] "GET /cormun/static/gxdec.js?85251 HTTP/1.1" 304 -
186.103.157.39 - - [03/May/2017:10:21:59 -0300] "GET /cormun/static/trsolicitudot.js?20173171151116 HTTP/1.1" 304 -
186.103.157.39 - - [03/May/2017:10:22:01 -0300] "GET /cormun/servlet/trsolicitudot? HTTP/1.1" 200 6710
186.103.157.39 - - [03/May/2017:10:22:06 -0300] "GET /cormun/servlet/solicitudot?INS,0,0, HTTP/1.1" 200 12568
186.103.157.39 - - [03/May/2017:10:22:06 -0300] "GET /cormun/static/Resources/Spanish/PXTools.css?18365030 HTTP/1.1" 304 -
186.103.157.39 - - [03/May/2017:10:22:06 -0300] "GET /cormun/static/gxcfg.js?20171191042720 HTTP/1.1" 304 -
186.103.157.39 - - [03/May/2017:10:22:06 -0300] "GET /cormun/static/solicitudot.js?2017119104297 HTTP/1.1" 304 -
186.103.157.39 - - [03/May/2017:10:22:07 -0300] "GET /cormun/servlet/solicitudot?INS,0,0, HTTP/1.1" 200 12573
186.103.157.39 - - [03/May/2017:10:22:20 -0300] "POST /cormun/servlet/solicitudot?gx-no-cache=1493817801013 HTTP/1.1" 200 3203
186.103.157.39 - - [03/May/2017:10:22:20 -0300] "POST /cormun/servlet/solicitudot?abbb865426e47c6361a1ff052b163596,INS,0,0,,gx-no-cache=1493817801327 HTTP/1.1" 200 9817
186.103.157.39 - - [03/May/2017:10:22:27 -0300] "GET /cormun/servlet/solicitudot?c0c00b4dc4b84d3b0eabdc9e90f6ad79f1cad54b4db310f181e16f708168c951adb0387b0615092b7369892085534de9,gx-no-cache=1493817808201 HTTP/1.1" 200 30
186.103.157.39 - - [03/May/2017:10:22:27 -0300] "POST /cormun/servlet/solicitudot?gx-no-cache=1493817808371 HTTP/1.1" 200 297
186.103.157.39 - - [03/May/2017:10:22:29 -0300] "GET /cormun/servlet/solicitudot?c0c00b4dc4b84d3b0eabdc9e90f6ad79dc16ce04e9f8dc683ec76caea23b4641ff1826936bea296240988ee9bb76252346d9173fd024a9aa25c14985366d96fc943fa7c542c97bc6ece0f0d4edc1c31179458fe254ba5f432e93d692ca8f6ff5a3d642970bf9fd169f6e0dbe0e92049ade82408d0568d09f41c41075ae7d53ecd92ac9ada080d344be14da730ce977be5b17419c39c17dde9e7b669912f6fd8aec55e50f5e7e5e67afff9bbbd23162e900d9b15db9100b85da65e95fc64bc3ac7fdcebedb921340978e15c3f9d69095bf0f1303f18f842997b94982bf08a0e0a41f094cbecc538c14bcc71a6d0e587bc5ac474ea3e8598a9238bcc2c5dfb5161179d54016e80851c5a6796a350e34dc97cd58cb175bda0d7fbd07dff6f3290626cbf490b480c27ab243dd55cb1773cf48ac307993af0e99a3c1e3979def094f0f3352c3abf409cc4f7562f3a6da503516d8732828a2d357c3bbc15868f1e36f5779f6dd74a8a4ce2956ca2b6bcf3ca3519a6451eda854bd54da6807fd870f313a0cf01d0ab60adc659d31533cfce8105,gx-no-cache=1493817809080 HTTP/1.1" 200 30
186.103.157.39 - - [03/May/2017:10:22:34 -0300] "POST /cormun/servlet/solicitudot?gx-no-cache=1493817815900 HTTP/1.1" 200 30
186.103.157.39 - - [03/May/2017:10:22:36 -0300] "GET /cormun/servlet/prcontratosol?17502395,,,,,MD,,gxPopupLevel%3D0%3B HTTP/1.1" 200 5906
186.103.157.39 - - [03/May/2017:10:22:36 -0300] "GET /cormun/static/gxcfg.js?201731711522183 HTTP/1.1" 304 -
186.103.157.39 - - [03/May/2017:10:22:36 -0300] "GET /cormun/static/menusearch.js?201610171694467 HTTP/1.1" 304 -
186.103.157.39 - - [03/May/2017:10:22:36 -0300] "GET /cormun/static/hmpwkw011.js?201731711483558 HTTP/1.1" 304 -
186.103.157.39 - - [03/May/2017:10:22:36 -0300] "GET /cormun/static/prcontratosol.js?201731711522419 HTTP/1.1" 304 -
186.103.157.39 - - [03/May/2017:10:22:41 -0300] "POST /cormun/servlet/solicitudot?gx-no-cache=1493817821757 HTTP/1.1" 200 1297
186.103.157.39 - - [03/May/2017:10:22:41 -0300] "POST /cormun/servlet/solicitudot?gx-no-cache=1493817822445 HTTP/1.1" 200 38
186.103.157.39 - - [03/May/2017:10:22:41 -0300] "GET /cormun/servlet/solicitudot?c0c00b4dc4b84d3b0eabdc9e90f6ad793a34d12b73ee0bb25e75a5d0c7f6ac87098a960720be2968ad1dce66821cf39ebe0a4fc1c5cc5584e6b134ba36b347b4e6af98808a2850e9d98ebfaf80858913375ba37831c12f0fb49fa35ccaedf90c499b9925b735a7d94ac6238d86f74c3b,gx-no-cache=1493817822560 HTTP/1.1" 200 29
186.103.157.39 - - [03/May/2017:10:22:41 -0300] "POST /cormun/servlet/solicitudot?gx-no-cache=1493817822659 HTTP/1.1" 200 1280
186.103.157.39 - - [03/May/2017:10:22:41 -0300] "POST /cormun/servlet/solicitudot?gx-no-cache=1493817822854 HTTP/1.1" 200 1162
186.103.157.39 - - [03/May/2017:10:22:58 -0300] "POST /cormun/servlet/solicitudot?gx-no-cache=1493817839103 HTTP/1.1" 200 1279
186.103.157.39 - - [03/May/2017:10:22:58 -0300] "POST /cormun/servlet/solicitudot?gx-no-cache=1493817839228 HTTP/1.1" 200 1162
186.103.157.39 - - [03/May/2017:10:22:58 -0300] "GET /cormun/static/menuarrow.gif HTTP/1.1" 404 1015
186.103.157.39 - - [03/May/2017:10:23:00 -0300] "POST /cormun/servlet/solicitudot?gx-no-cache=1493817841641 HTTP/1.1" 200 1279
186.103.157.39 - - [03/May/2017:10:23:00 -0300] "POST /cormun/servlet/solicitudot?gx-no-cache=1493817841738 HTTP/1.1" 200 1162
192.168.10.89 - - [03/May/2017:10:23:07 -0300] "POST /cormun/servlet/hlogin?c3b6256a2524c9411c98dbc14040d2db,gx-no-cache=1493821054722 HTTP/1.1" 200 90
192.168.10.89 - - [03/May/2017:10:23:07 -0300] "GET /cormun/servlet/hpexe_link HTTP/1.1" 200 957
192.168.10.89 - - [03/May/2017:10:23:08 -0300] "GET /cormun/servlet/trsolicitudgral? HTTP/1.1" 200 11091
186.103.157.39 - - [03/May/2017:10:23:11 -0300] "GET /cormun/servlet/solicitudot?c0c00b4dc4b84d3b0eabdc9e90f6ad79345ae08bc3a862af6fcf290ab966adc47b707f84cc6a9a4169a2254f1bcb1de5eaac4925310c2396c2d70ccfd0842ee88d51e606a932307fdfb660256cc6324cce6a9c82a30ca5590e9ba4f544c4858816dc1f3d76c55bb25c77b252ed07eb7488b10b80d050d1d14877b32c1bf3573e7760b8ae95f6bde39858ca5a7d06e9fa9a1ae33f08ec50d18c32723a5c926493944d56da3cb7e6b7e1eee4d6e42411d0,gx-no-cache=1493817853010 HTTP/1.1" 200 30
186.103.157.39 - - [03/May/2017:10:23:55 -0300] "POST /cormun/servlet/solicitudot?abbb865426e47c6361a1ff052b163596,INS,0,0,,gx-no-cache=1493817896027 HTTP/1.1" 200 93
186.103.157.39 - - [03/May/2017:10:23:55 -0300] "GET /cormun/servlet/hpexe_return? HTTP/1.1" 200 1006
186.103.157.39 - - [03/May/2017:10:23:55 -0300] "GET /cormun/static/Resources/Spanish/PXTools.css?167811 HTTP/1.1" 304 -
186.103.157.39 - - [03/May/2017:10:23:55 -0300] "GET /cormun/static/gxcfg.js?2016101716175148 HTTP/1.1" 304 -
186.103.157.39 - - [03/May/2017:10:23:55 -0300] "GET /cormun/static/hpexe_return.js?2016101716175153 HTTP/1.1" 304 -
186.103.157.39 - - [03/May/2017:10:23:55 -0300] "GET /cormun/servlet/trsolicitudot HTTP/1.1" 200 7989
186.103.157.39 - - [03/May/2017:10:23:56 -0300] "GET /cormun/servlet/trsolicitudot HTTP/1.1" 200 7985
186.103.157.39 - - [03/May/2017:10:24:07 -0300] "POST /cormun/servlet/trsolicitudot?abbb865426e47c6361a1ff052b163596,gx-no-cache=1493817908512 HTTP/1.1" 200 4146
186.103.157.39 - - [03/May/2017:10:24:07 -0300] "GET /cormun/static/Shared/jqueryui/images/ui-bg_highlight-soft_100_c6c2c8_1x100.png HTTP/1.1" 404 1117
186.103.157.39 - - [03/May/2017:10:24:07 -0300] "GET /cormun/static/Shared/jqueryui/images/ui-icons_82798d_256x240.png HTTP/1.1" 404 1089
186.103.157.39 - - [03/May/2017:10:24:07 -0300] "GET /cormun/static/Shared/jqueryui/images/ui-bg_flat_55_fafafa_40x100.png HTTP/1.1" 404 1097
186.103.157.39 - - [03/May/2017:10:24:07 -0300] "GET /cormun/static/Shared/jqueryui/images/ui-icons_8d78a5_256x240.png HTTP/1.1" 404 1089
186.103.157.39 - - [03/May/2017:10:24:08 -0300] "POST /cormun/servlet/trsolicitudot?abbb865426e47c6361a1ff052b163596,gx-no-cache=1493817908995 HTTP/1.1" 200 3925
186.103.157.39 - - [03/May/2017:10:24:19 -0300] "GET /cormun/servlet/hlogin HTTP/1.1" 200 1739
186.103.157.39 - - [03/May/2017:10:24:39 -0300] "POST /cormun/servlet/hlogin?abbb865426e47c6361a1ff052b163596,gx-no-cache=1493817940176 HTTP/1.1" 200 90
186.103.157.39 - - [03/May/2017:10:24:39 -0300] "GET /cormun/servlet/hpexe_link HTTP/1.1" 200 953
186.103.157.39 - - [03/May/2017:10:24:39 -0300] "GET /cormun/servlet/hhome HTTP/1.1" 200 3951
186.103.157.39 - - [03/May/2017:10:24:40 -0300] "GET /cormun/servlet/hhome HTTP/1.1" 200 3948
186.103.157.39 - - [03/May/2017:10:24:45 -0300] "GET /cormun/servlet/trautorizarsolicitud? HTTP/1.1" 200 8110
186.103.157.39 - - [03/May/2017:10:24:45 -0300] "GET /cormun/static/gxcfg.js?2017259112829 HTTP/1.1" 304 -
186.103.157.39 - - [03/May/2017:10:24:45 -0300] "GET /cormun/static/trautorizarsolicitud.js?2017259113483 HTTP/1.1" 304 -
186.103.157.39 - - [03/May/2017:10:24:46 -0300] "GET /cormun/servlet/trautorizarsolicitud? HTTP/1.1" 200 8108
186.103.157.39 - - [03/May/2017:10:24:58 -0300] "POST /cormun/servlet/trautorizarsolicitud?abbb865426e47c6361a1ff052b163596,,gx-no-cache=1493817959146 HTTP/1.1" 200 4312
