186.103.248.213 - - [03/May/2017:16:15:12 -0300] "GET /cormun/static/gxcfg.js?201731711421170 HTTP/1.1" 200 953
186.103.248.213 - - [03/May/2017:16:15:12 -0300] "GET /cormun/static/licenciaspermisosadjuntos.js?201731711421181 HTTP/1.1" 200 8757
186.103.248.213 - - [03/May/2017:16:15:12 -0300] "GET /cormun/static/about:blank HTTP/1.1" 404 1011
186.103.248.213 - - [03/May/2017:16:15:13 -0300] "GET /cormun/servlet/licenciaspermisosadjuntos?INS,14583231,L,20170503000000,, HTTP/1.1" 200 5406
186.103.159.188 - - [03/May/2017:16:17:44 -0300] "GET /cormun/servlet/solicitudot?dc161ffba133d89456791b481f773e6bb77d5bfec7fd508356de6cf76220036d878746805f123f3f75d4f9e3a9ce586cf129e64a348df2bed3dc77ca3e5322adad378b8e02e62dc81511b4703c9f8a323eb5f902f9c226c5b3bc46c5ee352e58fc3c272591873fe8ac24c49191ea8c37,gx-no-cache=1493839125218 HTTP/1.1" 200 29
186.103.159.188 - - [03/May/2017:16:17:44 -0300] "POST /cormun/servlet/solicitudot?gx-no-cache=1493839125296 HTTP/1.1" 200 676
186.103.159.188 - - [03/May/2017:16:17:46 -0300] "POST /cormun/servlet/solicitudot?gx-no-cache=1493839126684 HTTP/1.1" 200 1162
200.86.10.241 - - [03/May/2017:16:18:12 -0300] "GET /cormun/servlet/solicitudot?dc161ffba133d89456791b481f773e6b097e3a5135033456fb6c5892eef0062106e69e360a81dfd89fd6546432ad6313a0155b9f418bfd69827940d7892260fbbb355ab0a9f38f237ca60dc79817b857cbd528a765751c54f5db194167f2ea710b74a3a8635d43d86942ca0296540cd7ec55917232b83c470f94f0c62faf30a1e48ca19801d38ed4c9a5137456c403562ec9df1d3d0304056cc7458b7f7e5e7b007f5d62bd4f58d0f0976b5a1607fbba,gx-no-cache=1493839153501 HTTP/1.1" 200 30
200.86.10.241 - - [03/May/2017:16:18:13 -0300] "POST /cormun/servlet/solicitudot?8692b2f805f78d32aad6e5b92a5105d4,INS,0,0,,gx-no-cache=1493839153626 HTTP/1.1" 200 93
200.86.10.241 - - [03/May/2017:16:18:13 -0300] "GET /cormun/servlet/hpexe_return? HTTP/1.1" 200 1007
200.86.10.241 - - [03/May/2017:16:18:13 -0300] "GET /cormun/servlet/trsolicitudot HTTP/1.1" 200 8827
200.86.10.241 - - [03/May/2017:16:18:13 -0300] "GET /cormun/servlet/trsolicitudot HTTP/1.1" 200 8822
186.103.248.213 - - [03/May/2017:16:20:24 -0300] "GET /cormun/servlet/hlogin HTTP/1.1" 200 1730
186.103.248.213 - - [03/May/2017:16:20:32 -0300] "POST /cormun/servlet/hlogin?cd6f57173219546d3fc4bb8363765cae,gx-no-cache=1493839290739 HTTP/1.1" 200 90
186.103.248.213 - - [03/May/2017:16:20:33 -0300] "GET /cormun/servlet/hpexe_link HTTP/1.1" 200 993
186.103.248.213 - - [03/May/2017:16:20:34 -0300] "GET /cormun/servlet/licenciaspermisosadjuntos?INS,14583231,L,20170503000000,, HTTP/1.1" 200 5408
186.103.248.213 - - [03/May/2017:16:20:35 -0300] "GET /cormun/static/about:blank HTTP/1.1" 404 1011
186.103.248.213 - - [03/May/2017:16:20:35 -0300] "GET /cormun/servlet/licenciaspermisosadjuntos?INS,14583231,L,20170503000000,, HTTP/1.1" 200 5406
186.103.248.213 - - [03/May/2017:16:20:52 -0300] "POST /cormun/servlet/licenciaspermisosadjuntos?cd6f57173219546d3fc4bb8363765cae,INS,14583231,L,20170503000000,, HTTP/1.1" 200 116
186.103.248.213 - - [03/May/2017:16:21:11 -0300] "POST /cormun/servlet/licenciaspermisosadjuntos?cd6f57173219546d3fc4bb8363765cae,INS,14583231,L,20170503000000,, HTTP/1.1" 200 6197
186.79.145.182 - - [03/May/2017:16:21:22 -0300] "GET /cormun/servlet/hhome HTTP/1.1" 200 3326
186.79.145.182 - - [03/May/2017:16:21:23 -0300] "GET /cormun/servlet/hhome HTTP/1.1" 200 3335
186.79.145.182 - - [03/May/2017:16:21:23 -0300] "GET /cormun/servlet/hlogin HTTP/1.1" 200 1735
186.79.145.182 - - [03/May/2017:16:21:25 -0300] "POST /cormun/servlet/hlogin?780dd9a2bda04de8a0aa70b21efef47c,gx-no-cache=1493839348176 HTTP/1.1" 200 90
186.79.145.182 - - [03/May/2017:16:21:25 -0300] "GET /cormun/servlet/hpexe_link HTTP/1.1" 200 955
186.79.145.182 - - [03/May/2017:16:21:25 -0300] "GET /cormun/servlet/hhome HTTP/1.1" 200 3747
186.79.145.182 - - [03/May/2017:16:21:27 -0300] "GET /cormun/servlet/hhome HTTP/1.1" 200 3744
186.79.145.182 - - [03/May/2017:16:22:16 -0300] "GET /cormun/servlet/trpermisosgoce? HTTP/1.1" 200 6509
186.79.145.182 - - [03/May/2017:16:22:17 -0300] "GET /cormun/servlet/trpermisosgoce? HTTP/1.1" 200 6508
186.79.145.182 - - [03/May/2017:16:22:19 -0300] "GET /cormun/servlet/permisogoce?INS,0,,, HTTP/1.1" 200 6534
186.79.145.182 - - [03/May/2017:16:22:20 -0300] "GET /cormun/servlet/permisogoce?INS,0,,, HTTP/1.1" 200 6534
186.79.145.182 - - [03/May/2017:16:25:08 -0300] "GET /cormun/servlet/permisogoce?725ab4b4ecec1f5088601d3992e6642e944fc77fe81ed192aac42bad3cc0e6dff70a5ef276a81152e2ac63770c2a24e2,gx-no-cache=1493839571422 HTTP/1.1" 200 66
192.168.10.89 - - [03/May/2017:16:25:47 -0300] "POST /cormun/servlet/trsolicitudgral?7aae8cfef42f5a8e815c318daf192fb9,,gx-no-cache=1493842814851 HTTP/1.1" 440 972
192.168.10.89 - - [03/May/2017:16:25:49 -0300] "GET /cormun/servlet/trsolicitudgral? HTTP/1.1" 200 24029
192.168.10.89 - - [03/May/2017:16:25:51 -0300] "GET /cormun/servlet/hlogin HTTP/1.1" 200 1742
192.168.10.89 - - [03/May/2017:16:25:57 -0300] "POST /cormun/servlet/hlogin?166201011b6a6f1238987da24e3d4052,gx-no-cache=1493842824304 HTTP/1.1" 200 90
192.168.10.89 - - [03/May/2017:16:25:57 -0300] "GET /cormun/servlet/hpexe_link HTTP/1.1" 200 960
192.168.10.89 - - [03/May/2017:16:25:58 -0300] "GET /cormun/servlet/trsolicitudgral HTTP/1.1" 200 25215
192.168.10.89 - - [03/May/2017:16:26:05 -0300] "GET /cormun/static/menuarrow.gif HTTP/1.1" 404 1015
186.79.145.182 - - [03/May/2017:16:26:11 -0300] "GET /cormun/servlet/permisogoce?725ab4b4ecec1f5088601d3992e6642e07d166af26774d8c933bb1d112d588755a8652da16ba4631f1aa04b061ca5cf0fcdf4b5a5130fdf0d05b716f6ba460a4,gx-no-cache=1493839634541 HTTP/1.1" 200 46
192.168.10.89 - - [03/May/2017:16:26:20 -0300] "POST /cormun/servlet/trsolicitudgral?166201011b6a6f1238987da24e3d4052,gx-no-cache=1493842846850 HTTP/1.1" 200 8865
192.168.10.89 - - [03/May/2017:16:26:45 -0300] "GET /cormun/servlet/solicitudgral?UPD,2017,6292, HTTP/1.1" 200 12238
186.79.145.182 - - [03/May/2017:16:26:45 -0300] "GET /cormun/servlet/puconsultapgoce?7448903,MD,gxPopupLevel%3D0%3B HTTP/1.1" 200 3764
186.79.145.182 - - [03/May/2017:16:26:45 -0300] "GET /cormun/static/gxcfg.js?201741110392772 HTTP/1.1" 200 953
186.79.145.182 - - [03/May/2017:16:26:45 -0300] "GET /cormun/pexe_menus.js HTTP/1.1" 404 1001
186.79.145.182 - - [03/May/2017:16:26:45 -0300] "GET /cormun/pexe_layers.js HTTP/1.1" 404 1003
186.79.145.182 - - [03/May/2017:16:26:45 -0300] "GET /cormun/pexe_windows.js HTTP/1.1" 404 1005
186.79.145.182 - - [03/May/2017:16:26:45 -0300] "GET /cormun/pexe_link.js HTTP/1.1" 404 999
186.79.145.182 - - [03/May/2017:16:26:45 -0300] "GET /cormun/pexe_cookies.js HTTP/1.1" 404 1005
186.79.145.182 - - [03/May/2017:16:26:45 -0300] "GET /cormun/pexe_grid.js HTTP/1.1" 404 999
186.79.145.182 - - [03/May/2017:16:26:45 -0300] "GET /cormun/pexe_griddivfix.js HTTP/1.1" 404 1011
186.79.145.182 - - [03/May/2017:16:26:45 -0300] "GET /cormun/pexe_picture.js HTTP/1.1" 404 1005
186.79.145.182 - - [03/May/2017:16:26:45 -0300] "GET /cormun/pexe_treedivfix.js HTTP/1.1" 404 1011
186.79.145.182 - - [03/May/2017:16:26:45 -0300] "GET /cormun/pexe_autoreload.js HTTP/1.1" 404 1011
186.79.145.182 - - [03/May/2017:16:26:45 -0300] "GET /cormun/pexe_menudivfix.js HTTP/1.1" 404 1011
186.79.145.182 - - [03/May/2017:16:26:45 -0300] "GET /cormun/pexe_tabdivfix.js HTTP/1.1" 404 1009
186.79.145.182 - - [03/May/2017:16:26:45 -0300] "GET /cormun/static/mpprompt.js?201731711513941 HTTP/1.1" 200 940
186.79.145.182 - - [03/May/2017:16:26:45 -0300] "GET /cormun/static/puconsultapgoce.js?201741110393027 HTTP/1.1" 200 22423
186.79.145.182 - - [03/May/2017:16:26:46 -0300] "GET /cormun/pexe_link.js HTTP/1.1" 404 999
186.79.145.182 - - [03/May/2017:16:26:46 -0300] "GET /cormun/pexe_cookies.js HTTP/1.1" 404 1005
186.79.145.182 - - [03/May/2017:16:26:46 -0300] "GET /cormun/pexe_grid.js HTTP/1.1" 404 999
186.79.145.182 - - [03/May/2017:16:26:46 -0300] "GET /cormun/pexe_griddivfix.js HTTP/1.1" 404 1011
186.79.145.182 - - [03/May/2017:16:26:46 -0300] "GET /cormun/pexe_picture.js HTTP/1.1" 404 1005
186.79.145.182 - - [03/May/2017:16:26:46 -0300] "GET /cormun/pexe_treedivfix.js HTTP/1.1" 404 1011
186.79.145.182 - - [03/May/2017:16:26:46 -0300] "GET /cormun/pexe_autoreload.js HTTP/1.1" 404 1011
186.79.145.182 - - [03/May/2017:16:26:46 -0300] "GET /cormun/pexe_menudivfix.js HTTP/1.1" 404 1011
186.79.145.182 - - [03/May/2017:16:26:46 -0300] "GET /cormun/pexe_tabdivfix.js HTTP/1.1" 404 1009
192.168.10.89 - - [03/May/2017:16:26:47 -0300] "POST /cormun/servlet/solicitudgral?gx-no-cache=1493842874044 HTTP/1.1" 200 3192
192.168.10.89 - - [03/May/2017:16:26:47 -0300] "GET /cormun/servlet/solicitudgral?ff339b452ae92c044fddfdafcbfbbc061be47f2ba462e3f1f9b4f5a832f61692b9990c6aa8112f38bf21abd024e80f6b38093754ffc52eb4392c92ec5e6bc41f145e33f97b78543dc0960f1f8c2b41d9eaeff2270c1ca49a4fc934c0f3acbba43dc608c6ddb4cffc8e565a60ead166c01091511d9285298525d32d90369bbf92e1f14daa93e99fb77743252aeb21ee4eacd07d6a372d703e14efd991a4ac8234c7b411ae5b5cebb578ac720bd062b4db68cb690c806f7dd602cdbb982029e3532995e408b66c1673dbca53248c08b3a36fd380361c2d0175a32f36b217285088d82a61eb671075b614f3f34987ac16a05499c661ba703432becc64dbc8968ee13d52588565820399f314849f9a1190c162483cec9b3adad5158205d504f8dd42e37a6211204e082ec5a2d8aae41f4eeced2d03fa488c8a5b60cffae26e03ba775e4b3d0ecf246e22ae764641a99fdd75,gx-no-cache=1493842874274 HTTP/1.1" 200 257
192.168.10.89 - - [03/May/2017:16:26:49 -0300] "GET /cormun/servlet/solicitudgral?ff339b452ae92c044fddfdafcbfbbc062ab7f4bb0fa6999ceaf2a8337c21e59972cb150640d212471663d794fd1b3d9e8616fb811498e6878c0e8a88fae471ce8f8b6ae0880cc3ad17be0668e2a33d3e380b7b9758d9420113ef88695f2927ca63019f7b6b83844e83aeb05dc72504c3b7bcdd190cc7c29d943959aa5fc95de435cff029668865d3cb8f1b29f41a938d2c3a094663ad39cdc6c058db33471ba74f1b85ac36a7697a0f70864d74bb35565dfed5a8f071edbb5f0a4aafd482fdf5cf88f46695850e47f207404fa63e63a0e0397539b94b06981e7840901f96ed9f164171e4b518046baf33c735ea8693e1032f5f0bf9e63d4d10cf73596eb22273aa464db7b2a0c5e00352542bd7cac7ffee7a7e97b1d49b9949ffda05a3d8dd1a33f900b5dfe354870a28b4123df7f6c09eaba572a79f07217e418b790d25c313207292de23954a7cdef300bebaa135108b6364ce55ecf07aa989d0396227685b4d0c0bae690f386bf817ec2a6bb0292b83f3a3fe0f9c08a0dedc6caff61aca995f54215863638251e86b9fa466f5ea2dbd5198d17e5706a8a07e94940ac8746442fcf3c63b15502c7b87a0ea1715cc4b3fb144b495eff84f02e4c28714719b6a455c2b97927feb733da49a51daae6711496a57f45ff6df1c8c54394e84c87c3ea996385ef99ae0386523b2a8b92711af405b9b45d2f44576ac008e6c1c6fd4ba12b353fead0df6836e574c14230f8e2dd47f35d0a1eb0023ee1665593e1af4f2cff5e38aa6642047ddcdecc566b79d8f,gx-no-cache=1493842876319 HTTP/1.1" 200 48
192.168.10.89 - - [03/May/2017:16:26:49 -0300] "POST /cormun/servlet/solicitudgral?166201011b6a6f1238987da24e3d4052,UPD,2017,6292,,gx-no-cache=1493842876674 HTTP/1.1" 200 10612
192.168.10.89 - - [03/May/2017:16:26:50 -0300] "GET /cormun/servlet/solicitudgral?ff339b452ae92c044fddfdafcbfbbc06568e302366c25a5cb5375c878cbe9867563aea67197e7aa001d398fdf75459c149ec83e2a283dd12f1c42700eb43b8c6f527a93e964c19fd3ba3f6b1f3261ad92020250d51946a9dbf900817a98a11c7c3878520ed45ccdc8e9a16266dabc95b1ac4c639bfc218d971ddafeb5a64dfa5a9390c1b44c7d459a7f694976cc45e26e2925eb35891b4925868e72fec673a46,gx-no-cache=1493842877432 HTTP/1.1" 200 29
192.168.10.89 - - [03/May/2017:16:26:50 -0300] "POST /cormun/servlet/solicitudgral?gx-no-cache=1493842877464 HTTP/1.1" 200 1255
192.168.10.89 - - [03/May/2017:16:26:50 -0300] "POST /cormun/servlet/solicitudgral?gx-no-cache=1493842877499 HTTP/1.1" 200 1160
186.79.145.182 - - [03/May/2017:16:26:56 -0300] "POST /cormun/servlet/puconsultapgoce?780dd9a2bda04de8a0aa70b21efef47c,7448903,MD,gxPopupLevel%3D0%3B,gx-no-cache=1493839679028 HTTP/1.1" 200 59
192.168.10.89 - - [03/May/2017:16:27:00 -0300] "POST /cormun/servlet/solicitudgral?166201011b6a6f1238987da24e3d4052,UPD,2017,6292,,gx-no-cache=1493842887230 HTTP/1.1" 200 93
192.168.10.89 - - [03/May/2017:16:27:00 -0300] "GET /cormun/servlet/hpexe_return? HTTP/1.1" 200 1036
192.168.10.89 - - [03/May/2017:16:27:01 -0300] "GET /cormun/servlet/trsolicitudgral?gx-no-cache=1493842846850 HTTP/1.1" 200 12230
192.168.10.89 - - [03/May/2017:16:27:05 -0300] "POST /cormun/servlet/trsolicitudgral?166201011b6a6f1238987da24e3d4052,gx-no-cache=1493842846850,gx-no-cache=1493842892468 HTTP/1.1" 200 8559
192.168.10.89 - - [03/May/2017:16:27:06 -0300] "GET /cormun/static/Shared/jqueryui/images/ui-bg_highlight-soft_100_c6c2c8_1x100.png HTTP/1.1" 404 1117
192.168.10.89 - - [03/May/2017:16:27:06 -0300] "GET /cormun/static/Shared/jqueryui/images/ui-bg_flat_55_fafafa_40x100.png HTTP/1.1" 404 1097
192.168.10.89 - - [03/May/2017:16:27:06 -0300] "GET /cormun/static/Shared/jqueryui/images/ui-icons_82798d_256x240.png HTTP/1.1" 404 1089
192.168.10.89 - - [03/May/2017:16:27:06 -0300] "GET /cormun/static/Shared/jqueryui/images/ui-icons_8d78a5_256x240.png HTTP/1.1" 404 1089
186.79.145.182 - - [03/May/2017:16:27:07 -0300] "POST /cormun/servlet/permisogoce?780dd9a2bda04de8a0aa70b21efef47c,INS,0,,,,gx-no-cache=1493839689576 HTTP/1.1" 200 93
186.79.145.182 - - [03/May/2017:16:27:07 -0300] "GET /cormun/servlet/hpexe_return? HTTP/1.1" 200 1012
186.79.145.182 - - [03/May/2017:16:27:07 -0300] "GET /cormun/servlet/trpermisosgoce HTTP/1.1" 200 7361
186.79.145.182 - - [03/May/2017:16:27:08 -0300] "GET /cormun/servlet/trpermisosgoce HTTP/1.1" 200 7357
186.79.145.182 - - [03/May/2017:16:27:20 -0300] "GET /cormun/servlet/apermisogoceprn?7448903,P,20170503172134,PU HTTP/1.1" 200 1651
46.174.191.32 - - [03/May/2017:16:27:54 -0300] "GET / HTTP/1.0" 200 11197
192.168.10.89 - - [03/May/2017:16:28:06 -0300] "GET /cormun/servlet/solicitudgral?UPD,2017,6263, HTTP/1.1" 200 12273
192.168.10.89 - - [03/May/2017:16:28:08 -0300] "POST /cormun/servlet/solicitudgral?gx-no-cache=1493842955590 HTTP/1.1" 200 3187
192.168.10.89 - - [03/May/2017:16:28:08 -0300] "GET /cormun/servlet/solicitudgral?ff339b452ae92c044fddfdafcbfbbc061be47f2ba462e3f1f9b4f5a832f61692b9990c6aa8112f38bf21abd024e80f6b38093754ffc52eb4392c92ec5e6bc41f145e33f97b78543dc0960f1f8c2b41d9eaeff2270c1ca49a4fc934c0f3acbba43dc608c6ddb4cffc8e565a60ead166c01091511d9285298525d32d90369bbf92e1f14daa93e99fb77743252aeb21ee4eacd07d6a372d703e14efd991a4ac8234c7b411ae5b5cebb578ac720bd062b4db68cb690c806f7dd602cdbb982029e3532995e408b66c1673dbca53248c08b3a36fd380361c2d0175a32f36b217285088d82a61eb671075b614f3f34987ac16a05499c661ba703432becc64dbc8968ee13d52588565820399f314849f9a1190c162483cec9b3adad5158205d504f8dd42e37a6211204e082ec5a2d8aae41f4eeced2d03fa488c8a5b60cffae26e03ba775e4b3d0ecf246e22ae764641a99fdd75,gx-no-cache=1493842955814 HTTP/1.1" 200 257
192.168.10.89 - - [03/May/2017:16:28:10 -0300] "GET /cormun/servlet/solicitudgral?ff339b452ae92c044fddfdafcbfbbc062ab7f4bb0fa6999ceaf2a8337c21e59972cb150640d212471663d794fd1b3d9e8616fb811498e6878c0e8a88fae471ce8f8b6ae0880cc3ad17be0668e2a33d3e380b7b9758d9420113ef88695f2927ca63019f7b6b83844e83aeb05dc72504c3b7bcdd190cc7c29d943959aa5fc95de435cff029668865d3cb8f1b29f41a938d2c3a094663ad39cdc6c058db33471ba74f1b85ac36a7697a0f70864d74bb35565dfed5a8f071edbb5f0a4aafd482fdf5cf88f46695850e47f207404fa63e63a0e0397539b94b06981e7840901f96ed9f164171e4b518046baf33c735ea8693e1032f5f0bf9e63d4d10cf73596eb22273aa464db7b2a0c5e00352542bd7cac7ffee7a7e97b1d49b9949ffda05a3d8dd1a33f900b5dfe354870a28b4123df7f6c09eaba572a79f07217e418b790d25c313207292de23954a7cdef300bebaa135108b6364ce55ecf07aa989d0396227685b4d0c0bae690f386bf817ec2a6bb0292b83f3a3fe0f9c08a0dedc6caff61aca995f54215863638251e86b9fa466f5ea2dbd5198d17e5706a8a07e94940ac8746442fcf3c63b15502c7b87a0ea1715cc4b3fb144b495eff84f02e4c28714719b6a455c2b97927feb733da49a51daae6711496a57f45ff6df1c8c54394e84c87c3ea996385ef99ae0386523b2a8b92711af405b9b45d2f44576ac008e6c1c6fd4ba12b353fead0df6836e574c14230f8e2dd47f35d0a1eb0023ee1665593e1af4f2cff5e38aa6642047ddcdecc566b79d8f,gx-no-cache=1493842957087 HTTP/1.1" 200 48
192.168.10.89 - - [03/May/2017:16:28:10 -0300] "POST /cormun/servlet/solicitudgral?166201011b6a6f1238987da24e3d4052,UPD,2017,6263,,gx-no-cache=1493842957394 HTTP/1.1" 200 10651
192.168.10.89 - - [03/May/2017:16:28:11 -0300] "GET /cormun/servlet/solicitudgral?ff339b452ae92c044fddfdafcbfbbc06814655404acc4577c3bf65cce69022c0563aea67197e7aa001d398fdf75459c1e05d2db30508e1084f5c39e3dc5a3148c66bf917a332d7b86c8b901dd2fd517e2020250d51946a9dbf900817a98a11c7050eb6591b576317b9694c103cfff43d517b07fa526bf0399625c7fd6a2eea192722430e8819378b21bcc13826f3ce918cbfe4f82144f1b32d615e88db7019ee1369728a4b5467aceb7386698a87981237a1c2a0936562ae7daf9ce08b08a352c67da61de21c52f23a1ac224f557914d,gx-no-cache=1493842958322 HTTP/1.1" 200 29
192.168.10.89 - - [03/May/2017:16:28:11 -0300] "POST /cormun/servlet/solicitudgral?gx-no-cache=1493842958348 HTTP/1.1" 200 1254
192.168.10.89 - - [03/May/2017:16:28:11 -0300] "POST /cormun/servlet/solicitudgral?gx-no-cache=1493842958382 HTTP/1.1" 200 1159
192.168.10.89 - - [03/May/2017:16:28:13 -0300] "GET /cormun/servlet/solicitudgral?ff339b452ae92c044fddfdafcbfbbc06814655404acc4577c3bf65cce69022c0563aea67197e7aa001d398fdf75459c149ec83e2a283dd12f1c42700eb43b8c6c66bf917a332d7b86c8b901dd2fd517e2020250d51946a9dbf900817a98a11c7050eb6591b576317b9694c103cfff43d517b07fa526bf0399625c7fd6a2eea192722430e8819378b21bcc13826f3ce918cbfe4f82144f1b32d615e88db7019ee1369728a4b5467aceb7386698a87981237a1c2a0936562ae7daf9ce08b08a352c67da61de21c52f23a1ac224f557914d,gx-no-cache=1493842960717 HTTP/1.1" 200 30
192.168.10.89 - - [03/May/2017:16:28:14 -0300] "POST /cormun/servlet/solicitudgral?gx-no-cache=1493842961553 HTTP/1.1" 200 1254
192.168.10.89 - - [03/May/2017:16:28:14 -0300] "POST /cormun/servlet/solicitudgral?gx-no-cache=1493842961613 HTTP/1.1" 200 1159
192.168.10.89 - - [03/May/2017:16:28:19 -0300] "POST /cormun/servlet/solicitudgral?166201011b6a6f1238987da24e3d4052,UPD,2017,6263,,gx-no-cache=1493842966359 HTTP/1.1" 200 93
192.168.10.89 - - [03/May/2017:16:28:19 -0300] "GET /cormun/servlet/hpexe_return? HTTP/1.1" 200 1036
192.168.10.89 - - [03/May/2017:16:28:20 -0300] "GET /cormun/servlet/trsolicitudgral?gx-no-cache=1493842846850 HTTP/1.1" 200 11915
192.168.10.89 - - [03/May/2017:16:28:25 -0300] "POST /cormun/servlet/trsolicitudgral?166201011b6a6f1238987da24e3d4052,gx-no-cache=1493842846850,gx-no-cache=1493842971895 HTTP/1.1" 200 8187
192.168.10.89 - - [03/May/2017:16:28:25 -0300] "GET /cormun/static/Shared/jqueryui/images/ui-bg_highlight-soft_100_c6c2c8_1x100.png HTTP/1.1" 404 1117
192.168.10.89 - - [03/May/2017:16:28:25 -0300] "GET /cormun/static/Shared/jqueryui/images/ui-icons_82798d_256x240.png HTTP/1.1" 404 1089
192.168.10.89 - - [03/May/2017:16:28:25 -0300] "GET /cormun/static/Shared/jqueryui/images/ui-icons_8d78a5_256x240.png HTTP/1.1" 404 1089
192.168.10.89 - - [03/May/2017:16:28:25 -0300] "GET /cormun/static/Shared/jqueryui/images/ui-bg_flat_55_fafafa_40x100.png HTTP/1.1" 404 1097
186.103.159.188 - - [03/May/2017:16:28:51 -0300] "GET /cormun/servlet/hlogin HTTP/1.1" 200 1731
186.103.248.213 - - [03/May/2017:16:28:52 -0300] "GET /cormun/servlet/hpexe_return? HTTP/1.1" 200 1021
186.103.248.213 - - [03/May/2017:16:28:53 -0300] "GET /cormun/servlet/trlicenciaspermisosadjuntos?14583231,20170503000000,L, HTTP/1.1" 200 6615
186.103.248.213 - - [03/May/2017:16:28:54 -0300] "GET /cormun/servlet/trlicenciaspermisosadjuntos?14583231,20170503000000,L, HTTP/1.1" 200 6613
186.103.248.213 - - [03/May/2017:16:28:57 -0300] "GET /cormun/servlet/licenciaspermisosadjuntos?INS,14583231,L,20170503000000,, HTTP/1.1" 200 5417
186.103.248.213 - - [03/May/2017:16:28:58 -0300] "GET /cormun/static/about:blank HTTP/1.1" 404 1011
186.103.248.213 - - [03/May/2017:16:28:58 -0300] "GET /cormun/servlet/licenciaspermisosadjuntos?INS,14583231,L,20170503000000,, HTTP/1.1" 200 5406
186.103.159.188 - - [03/May/2017:16:28:59 -0300] "POST /cormun/servlet/hlogin?0e42f859729adefddb5e916b077f9850,gx-no-cache=1493839799727 HTTP/1.1" 200 433
186.103.159.188 - - [03/May/2017:16:29:10 -0300] "POST /cormun/servlet/hlogin?0e42f859729adefddb5e916b077f9850,gx-no-cache=1493839811521 HTTP/1.1" 200 436
186.103.159.188 - - [03/May/2017:16:29:28 -0300] "POST /cormun/servlet/hlogin?0e42f859729adefddb5e916b077f9850,gx-no-cache=1493839828790 HTTP/1.1" 200 90
186.103.159.188 - - [03/May/2017:16:29:28 -0300] "GET /cormun/servlet/hpexe_link HTTP/1.1" 200 957
186.103.159.188 - - [03/May/2017:16:29:28 -0300] "GET /cormun/static/hpexe_link.js?201731711483384 HTTP/1.1" 200 625
200.86.10.241 - - [03/May/2017:16:29:28 -0300] "GET /cormun/servlet/hhome HTTP/1.1" 200 3787
200.86.10.241 - - [03/May/2017:16:29:28 -0300] "GET /cormun/servlet/hhome HTTP/1.1" 200 3783
200.86.10.241 - - [03/May/2017:16:29:32 -0300] "GET /cormun/servlet/trsolicitudot? HTTP/1.1" 200 8833
200.86.10.241 - - [03/May/2017:16:29:33 -0300] "GET /cormun/servlet/trsolicitudot? HTTP/1.1" 200 8831
200.86.10.241 - - [03/May/2017:16:29:37 -0300] "POST /cormun/servlet/trsolicitudot?0e42f859729adefddb5e916b077f9850,,gx-no-cache=1493839838478 HTTP/1.1" 200 107
200.86.10.241 - - [03/May/2017:16:29:37 -0300] "GET /cormun/servlet/trsolicitudadjuntos?2017,6298, HTTP/1.1" 200 5889
200.86.10.241 - - [03/May/2017:16:29:38 -0300] "GET /cormun/static/gxcfg.js?201731711504543 HTTP/1.1" 200 953
200.86.10.241 - - [03/May/2017:16:29:38 -0300] "GET /cormun/static/trsolicitudadjuntos.js?201731711504951 HTTP/1.1" 200 17913
200.86.10.241 - - [03/May/2017:16:29:38 -0300] "GET /cormun/servlet/trsolicitudadjuntos?2017,6298, HTTP/1.1" 200 5889
200.86.10.241 - - [03/May/2017:16:29:43 -0300] "GET /cormun/servlet/solicitudotadjuntos?INS,2017,6298,,2, HTTP/1.1" 200 5823
200.86.10.241 - - [03/May/2017:16:29:43 -0300] "GET /cormun/static/gxcfg.js?201612218465951 HTTP/1.1" 200 953
200.86.10.241 - - [03/May/2017:16:29:43 -0300] "GET /cormun/static/about:blank HTTP/1.1" 404 1011
200.86.10.241 - - [03/May/2017:16:29:43 -0300] "GET /cormun/static/solicitudotadjuntos.js?201612218465969 HTTP/1.1" 200 11762
200.86.10.241 - - [03/May/2017:16:29:44 -0300] "GET /cormun/servlet/solicitudotadjuntos?INS,2017,6298,,2, HTTP/1.1" 200 5817
200.86.10.241 - - [03/May/2017:16:29:44 -0300] "GET /cormun/servlet/solicitudotadjuntos?b4371787c0484a67fefc15e8a98df4f3b7a3d71372f68871374747dadf57ceb8ca9a9e3effef9908c5668ae055450718,gx-no-cache=1493839845154 HTTP/1.1" 200 30
200.86.10.241 - - [03/May/2017:16:29:44 -0300] "POST /cormun/servlet/solicitudotadjuntos?0e42f859729adefddb5e916b077f9850,INS,2017,6298,,2,,gx-no-cache=1493839845186 HTTP/1.1" 200 3862
200.86.10.241 - - [03/May/2017:16:30:02 -0300] "POST /cormun/servlet/solicitudotadjuntos?gx-no-cache=1493839863522 HTTP/1.1" 200 26
192.168.10.62 - - [03/May/2017:16:30:10 -0300] "POST /cormun/servlet/vesolicitudgral?9d9722290f942e6d8b222811c6f5bf51,2017,6285,,,gx-no-cache=1493843077761 HTTP/1.1" 200 90
192.168.10.62 - - [03/May/2017:16:30:10 -0300] "GET /cormun/servlet/hpexe_link HTTP/1.1" 200 960
192.168.10.62 - - [03/May/2017:16:30:11 -0300] "GET /cormun/servlet/trsolicitudgral? HTTP/1.1" 200 19474
192.168.10.62 - - [03/May/2017:16:30:12 -0300] "GET /cormun/servlet/trsolicitudgral? HTTP/1.1" 200 19472
186.103.159.188 - - [03/May/2017:16:30:38 -0300] "GET /cormun/servlet/solicitudotadjuntos?b4371787c0484a67fefc15e8a98df4f32e34092a2b1ba9c4305703e5c92d9dbd,gx-no-cache=1493839899059 HTTP/1.1" 200 30
186.103.159.188 - - [03/May/2017:16:30:38 -0300] "GET /cormun/servlet/solicitudotadjuntos?b4371787c0484a67fefc15e8a98df4f32e34092a2b1ba9c4305703e5c92d9dbd,gx-no-cache=1493839899137 HTTP/1.1" 200 30
186.103.159.188 - - [03/May/2017:16:30:39 -0300] "POST /cormun/servlet/solicitudotadjuntos?0e42f859729adefddb5e916b077f9850,INS,2017,6298,,2, HTTP/1.1" 200 116
186.103.159.188 - - [03/May/2017:16:30:39 -0300] "GET /cormun/servlet/hpexe_return? HTTP/1.1" 200 1031
186.103.159.188 - - [03/May/2017:16:30:39 -0300] "GET /cormun/servlet/trsolicitudadjuntos?2017,6298, HTTP/1.1" 200 7995
186.103.159.188 - - [03/May/2017:16:30:39 -0300] "GET /cormun/servlet/trsolicitudadjuntos?2017,6298, HTTP/1.1" 200 7998
186.103.159.188 - - [03/May/2017:16:30:43 -0300] "GET /cormun/servlet/solicitudotadjuntos?INS,2017,6298,,2, HTTP/1.1" 200 5823
186.103.159.188 - - [03/May/2017:16:30:43 -0300] "GET /cormun/static/about:blank HTTP/1.1" 404 1011
186.103.159.188 - - [03/May/2017:16:30:43 -0300] "GET /cormun/servlet/solicitudotadjuntos?INS,2017,6298,,2, HTTP/1.1" 200 5817
186.103.159.188 - - [03/May/2017:16:30:43 -0300] "GET /cormun/servlet/solicitudotadjuntos?b4371787c0484a67fefc15e8a98df4f3b7a3d71372f68871374747dadf57ceb8ca9a9e3effef9908c5668ae055450718,gx-no-cache=1493839904566 HTTP/1.1" 200 30
186.103.159.188 - - [03/May/2017:16:30:43 -0300] "POST /cormun/servlet/solicitudotadjuntos?0e42f859729adefddb5e916b077f9850,INS,2017,6298,,2,,gx-no-cache=1493839904581 HTTP/1.1" 200 3861
186.103.159.188 - - [03/May/2017:16:30:56 -0300] "GET /cormun/servlet/hhome HTTP/1.1" 200 3805
186.103.159.188 - - [03/May/2017:16:30:56 -0300] "GET /cormun/servlet/hhome HTTP/1.1" 200 3783
186.103.159.188 - - [03/May/2017:16:31:00 -0300] "GET /cormun/servlet/trsolicitudot? HTTP/1.1" 200 8833
186.103.159.188 - - [03/May/2017:16:31:00 -0300] "GET /cormun/servlet/trsolicitudot? HTTP/1.1" 200 8831
186.103.159.188 - - [03/May/2017:16:31:03 -0300] "GET /cormun/servlet/solicitudot?INS,0,0, HTTP/1.1" 200 12601
186.103.159.188 - - [03/May/2017:16:31:04 -0300] "GET /cormun/servlet/solicitudot?INS,0,0, HTTP/1.1" 200 12606
186.103.159.188 - - [03/May/2017:16:31:06 -0300] "GET /cormun/servlet/trsolicitudot? HTTP/1.1" 200 8833
186.103.159.188 - - [03/May/2017:16:31:07 -0300] "GET /cormun/servlet/trsolicitudot? HTTP/1.1" 200 8831
186.103.159.188 - - [03/May/2017:16:31:09 -0300] "POST /cormun/servlet/trsolicitudot?0e42f859729adefddb5e916b077f9850,,gx-no-cache=1493839930512 HTTP/1.1" 200 107
186.103.159.188 - - [03/May/2017:16:31:10 -0300] "GET /cormun/servlet/trsolicitudadjuntos?2017,6298, HTTP/1.1" 200 7991
186.103.159.188 - - [03/May/2017:16:31:10 -0300] "GET /cormun/servlet/trsolicitudadjuntos?2017,6298, HTTP/1.1" 200 7998
186.103.159.188 - - [03/May/2017:16:31:23 -0300] "GET /cormun/servlet/solicitudotadjuntos?INS,2017,6298,,1, HTTP/1.1" 200 5823
186.103.159.188 - - [03/May/2017:16:31:23 -0300] "GET /cormun/static/about:blank HTTP/1.1" 404 1011
186.103.159.188 - - [03/May/2017:16:31:23 -0300] "GET /cormun/servlet/solicitudotadjuntos?INS,2017,6298,,1, HTTP/1.1" 200 5817
186.103.159.188 - - [03/May/2017:16:31:24 -0300] "GET /cormun/servlet/solicitudotadjuntos?b4371787c0484a67fefc15e8a98df4f3b7a3d71372f68871374747dadf57ceb8ca9a9e3effef9908c5668ae055450718,gx-no-cache=1493839944801 HTTP/1.1" 200 30
186.103.159.188 - - [03/May/2017:16:31:24 -0300] "POST /cormun/servlet/solicitudotadjuntos?0e42f859729adefddb5e916b077f9850,INS,2017,6298,,1,,gx-no-cache=1493839944848 HTTP/1.1" 200 3648
186.103.159.188 - - [03/May/2017:16:31:27 -0300] "POST /cormun/servlet/solicitudotadjuntos?gx-no-cache=1493839948655 HTTP/1.1" 200 26
186.79.145.182 - - [03/May/2017:16:31:28 -0300] "GET /cormun/servlet/trpermisosadjuntos?7448903,20170503172134,P, HTTP/1.1" 200 6054
186.79.145.182 - - [03/May/2017:16:31:29 -0300] "GET /cormun/static/gxcfg.js?201731711542659 HTTP/1.1" 200 953
186.79.145.182 - - [03/May/2017:16:31:29 -0300] "GET /cormun/static/trpermisosadjuntos.js?201731711542990 HTTP/1.1" 200 20045
186.79.145.182 - - [03/May/2017:16:31:29 -0300] "GET /cormun/servlet/trpermisosadjuntos?7448903,20170503172134,P, HTTP/1.1" 200 6055
186.79.145.182 - - [03/May/2017:16:31:31 -0300] "GET /cormun/servlet/permisosadjuntos?INS,7448903,P,20170503172134,, HTTP/1.1" 200 5384
186.79.145.182 - - [03/May/2017:16:31:31 -0300] "GET /cormun/static/gxcfg.js?201741111155774 HTTP/1.1" 200 953
186.79.145.182 - - [03/May/2017:16:31:31 -0300] "GET /cormun/static/permisosadjuntos.js?201741111155784 HTTP/1.1" 200 8724
186.79.145.182 - - [03/May/2017:16:31:32 -0300] "GET /cormun/static/about:blank HTTP/1.1" 404 1011
186.79.145.182 - - [03/May/2017:16:31:32 -0300] "GET /cormun/servlet/permisosadjuntos?INS,7448903,P,20170503172134,, HTTP/1.1" 200 5374
186.103.159.188 - - [03/May/2017:16:31:35 -0300] "GET /cormun/servlet/solicitudotadjuntos?b4371787c0484a67fefc15e8a98df4f32e34092a2b1ba9c4305703e5c92d9dbd,gx-no-cache=1493839956345 HTTP/1.1" 200 30
186.103.159.188 - - [03/May/2017:16:31:35 -0300] "GET /cormun/servlet/solicitudotadjuntos?b4371787c0484a67fefc15e8a98df4f32e34092a2b1ba9c4305703e5c92d9dbd,gx-no-cache=1493839956361 HTTP/1.1" 200 30
186.103.159.188 - - [03/May/2017:16:31:36 -0300] "POST /cormun/servlet/solicitudotadjuntos?0e42f859729adefddb5e916b077f9850,INS,2017,6298,,1, HTTP/1.1" 200 116
186.103.159.188 - - [03/May/2017:16:31:36 -0300] "GET /cormun/servlet/hpexe_return? HTTP/1.1" 200 1031
186.103.159.188 - - [03/May/2017:16:31:36 -0300] "GET /cormun/servlet/trsolicitudadjuntos?2017,6298, HTTP/1.1" 200 8243
186.103.159.188 - - [03/May/2017:16:31:37 -0300] "GET /cormun/servlet/trsolicitudadjuntos?2017,6298, HTTP/1.1" 200 8241
186.103.159.188 - - [03/May/2017:16:31:40 -0300] "GET /cormun/servlet/solicitudotadjuntos?INS,2017,6298,,1, HTTP/1.1" 200 5824
186.103.159.188 - - [03/May/2017:16:31:40 -0300] "GET /cormun/static/about:blank HTTP/1.1" 404 1011
186.103.159.188 - - [03/May/2017:16:31:40 -0300] "GET /cormun/servlet/solicitudotadjuntos?INS,2017,6298,,1, HTTP/1.1" 200 5818
186.103.159.188 - - [03/May/2017:16:31:41 -0300] "GET /cormun/servlet/solicitudotadjuntos?b4371787c0484a67fefc15e8a98df4f3b7a3d71372f68871374747dadf57ceb8ca9a9e3effef9908c5668ae055450718,gx-no-cache=1493839961790 HTTP/1.1" 200 30
186.103.159.188 - - [03/May/2017:16:31:41 -0300] "POST /cormun/servlet/solicitudotadjuntos?0e42f859729adefddb5e916b077f9850,INS,2017,6298,,1,,gx-no-cache=1493839961805 HTTP/1.1" 200 3649
186.103.159.188 - - [03/May/2017:16:31:45 -0300] "POST /cormun/servlet/solicitudotadjuntos?gx-no-cache=1493839965861 HTTP/1.1" 200 26
186.103.159.188 - - [03/May/2017:16:31:51 -0300] "GET /cormun/servlet/solicitudotadjuntos?b4371787c0484a67fefc15e8a98df4f32e34092a2b1ba9c4305703e5c92d9dbd,gx-no-cache=1493839972226 HTTP/1.1" 200 30
186.103.159.188 - - [03/May/2017:16:31:51 -0300] "GET /cormun/servlet/solicitudotadjuntos?b4371787c0484a67fefc15e8a98df4f32e34092a2b1ba9c4305703e5c92d9dbd,gx-no-cache=1493839972257 HTTP/1.1" 200 30
186.103.159.188 - - [03/May/2017:16:31:52 -0300] "POST /cormun/servlet/solicitudotadjuntos?0e42f859729adefddb5e916b077f9850,INS,2017,6298,,1, HTTP/1.1" 200 116
186.103.159.188 - - [03/May/2017:16:31:52 -0300] "GET /cormun/servlet/hpexe_return? HTTP/1.1" 200 1031
186.103.159.188 - - [03/May/2017:16:31:52 -0300] "GET /cormun/servlet/trsolicitudadjuntos?2017,6298, HTTP/1.1" 200 8394
186.103.159.188 - - [03/May/2017:16:31:52 -0300] "GET /cormun/servlet/trsolicitudadjuntos?2017,6298, HTTP/1.1" 200 8391
192.168.10.89 - - [03/May/2017:16:31:53 -0300] "POST /cormun/servlet/trsolicitudgral?166201011b6a6f1238987da24e3d4052,gx-no-cache=1493842846850,gx-no-cache=1493843180557 HTTP/1.1" 200 7896
186.103.248.213 - - [03/May/2017:16:31:55 -0300] "POST /cormun/servlet/licenciaspermisosadjuntos?cd6f57173219546d3fc4bb8363765cae,INS,14583231,L,20170503000000,, HTTP/1.1" 200 116
186.103.248.213 - - [03/May/2017:16:31:55 -0300] "GET /cormun/servlet/hpexe_return? HTTP/1.1" 200 1044
186.103.248.213 - - [03/May/2017:16:31:56 -0300] "GET /cormun/servlet/trlicenciaspermisosadjuntos?14583231,20170503000000,L, HTTP/1.1" 200 6713
186.103.159.188 - - [03/May/2017:16:31:56 -0300] "GET /cormun/servlet/solicitudotadjuntos?INS,2017,6298,,1, HTTP/1.1" 200 5824
186.103.159.188 - - [03/May/2017:16:31:56 -0300] "GET /cormun/static/about:blank HTTP/1.1" 404 1011
186.103.159.188 - - [03/May/2017:16:31:56 -0300] "GET /cormun/servlet/solicitudotadjuntos?INS,2017,6298,,1, HTTP/1.1" 200 5818
186.103.159.188 - - [03/May/2017:16:31:57 -0300] "GET /cormun/servlet/solicitudotadjuntos?b4371787c0484a67fefc15e8a98df4f3b7a3d71372f68871374747dadf57ceb8ca9a9e3effef9908c5668ae055450718,gx-no-cache=1493839977530 HTTP/1.1" 200 30
186.103.248.213 - - [03/May/2017:16:31:57 -0300] "GET /cormun/servlet/trlicenciaspermisosadjuntos?14583231,20170503000000,L, HTTP/1.1" 200 6709
186.103.159.188 - - [03/May/2017:16:31:57 -0300] "POST /cormun/servlet/solicitudotadjuntos?0e42f859729adefddb5e916b077f9850,INS,2017,6298,,1,,gx-no-cache=1493839977811 HTTP/1.1" 200 3649
192.168.10.89 - - [03/May/2017:16:31:59 -0300] "POST /cormun/servlet/trsolicitudgral?166201011b6a6f1238987da24e3d4052,gx-no-cache=1493842846850,gx-no-cache=1493843185910 HTTP/1.1" 200 9627
186.103.159.188 - - [03/May/2017:16:32:00 -0300] "POST /cormun/servlet/solicitudotadjuntos?gx-no-cache=1493839980900 HTTP/1.1" 200 26
186.79.145.182 - - [03/May/2017:16:32:05 -0300] "POST /cormun/servlet/permisosadjuntos?780dd9a2bda04de8a0aa70b21efef47c,INS,7448903,P,20170503172134,, HTTP/1.1" 200 116
186.79.145.182 - - [03/May/2017:16:32:05 -0300] "GET /cormun/servlet/hpexe_return? HTTP/1.1" 200 1040
186.79.145.182 - - [03/May/2017:16:32:05 -0300] "GET /cormun/servlet/trpermisosadjuntos?7448903,20170503172134,P, HTTP/1.1" 200 6516
186.79.145.182 - - [03/May/2017:16:32:06 -0300] "GET /cormun/servlet/trpermisosadjuntos?7448903,20170503172134,P, HTTP/1.1" 200 6514
186.103.159.188 - - [03/May/2017:16:32:10 -0300] "POST /cormun/servlet/solicitudotadjuntos?gx-no-cache=1493839991443 HTTP/1.1" 200 26
186.103.132.155 - - [03/May/2017:16:32:11 -0300] "GET /cormun/PublicTempStorage/licencia_medica_karina_delgadillo9737738.jpg HTTP/1.1" 200 2622341
186.79.145.182 - - [03/May/2017:16:32:15 -0300] "GET /cormun/servlet/trpermisosgoce? HTTP/1.1" 200 7358
186.79.145.182 - - [03/May/2017:16:32:15 -0300] "GET /cormun/servlet/trpermisosgoce? HTTP/1.1" 200 7357
186.103.159.188 - - [03/May/2017:16:32:16 -0300] "GET /cormun/servlet/solicitudotadjuntos?b4371787c0484a67fefc15e8a98df4f32e34092a2b1ba9c4305703e5c92d9dbd,gx-no-cache=1493839997059 HTTP/1.1" 200 30
186.103.159.188 - - [03/May/2017:16:32:16 -0300] "GET /cormun/servlet/solicitudotadjuntos?b4371787c0484a67fefc15e8a98df4f32e34092a2b1ba9c4305703e5c92d9dbd,gx-no-cache=1493839997090 HTTP/1.1" 200 30
186.103.159.188 - - [03/May/2017:16:32:17 -0300] "POST /cormun/servlet/solicitudotadjuntos?0e42f859729adefddb5e916b077f9850,INS,2017,6298,,1, HTTP/1.1" 200 116
186.103.159.188 - - [03/May/2017:16:32:17 -0300] "GET /cormun/servlet/hpexe_return? HTTP/1.1" 200 1031
186.103.159.188 - - [03/May/2017:16:32:17 -0300] "GET /cormun/servlet/trsolicitudadjuntos?2017,6298, HTTP/1.1" 200 8527
186.103.159.188 - - [03/May/2017:16:32:17 -0300] "GET /cormun/servlet/trsolicitudadjuntos?2017,6298, HTTP/1.1" 200 8524
186.103.159.188 - - [03/May/2017:16:32:22 -0300] "GET /cormun/servlet/solicitudotadjuntos?INS,2017,6298,,1, HTTP/1.1" 200 5824
186.103.159.188 - - [03/May/2017:16:32:22 -0300] "GET /cormun/static/about:blank HTTP/1.1" 404 1011
186.103.159.188 - - [03/May/2017:16:32:22 -0300] "GET /cormun/servlet/solicitudotadjuntos?INS,2017,6298,,1, HTTP/1.1" 200 5818
186.103.159.188 - - [03/May/2017:16:32:22 -0300] "GET /cormun/servlet/solicitudotadjuntos?b4371787c0484a67fefc15e8a98df4f3b7a3d71372f68871374747dadf57ceb8ca9a9e3effef9908c5668ae055450718,gx-no-cache=1493840003533 HTTP/1.1" 200 30
186.103.159.188 - - [03/May/2017:16:32:23 -0300] "POST /cormun/servlet/solicitudotadjuntos?0e42f859729adefddb5e916b077f9850,INS,2017,6298,,1,,gx-no-cache=1493840003595 HTTP/1.1" 200 3649
186.103.159.188 - - [03/May/2017:16:32:26 -0300] "POST /cormun/servlet/solicitudotadjuntos?gx-no-cache=1493840006871 HTTP/1.1" 200 26
192.168.10.89 - - [03/May/2017:16:32:30 -0300] "POST /cormun/servlet/trsolicitudgral?166201011b6a6f1238987da24e3d4052,gx-no-cache=1493842846850,gx-no-cache=1493843217162 HTTP/1.1" 200 115
192.168.10.89 - - [03/May/2017:16:32:30 -0300] "GET /cormun/servlet/solicitudotlog?INS,2017,6268,0,REC, HTTP/1.1" 200 6249
186.103.159.188 - - [03/May/2017:16:32:31 -0300] "GET /cormun/servlet/solicitudotadjuntos?b4371787c0484a67fefc15e8a98df4f32e34092a2b1ba9c4305703e5c92d9dbd,gx-no-cache=1493840012191 HTTP/1.1" 200 30
186.103.159.188 - - [03/May/2017:16:32:31 -0300] "GET /cormun/servlet/solicitudotadjuntos?b4371787c0484a67fefc15e8a98df4f32e34092a2b1ba9c4305703e5c92d9dbd,gx-no-cache=1493840012206 HTTP/1.1" 200 30
192.168.10.89 - - [03/May/2017:16:32:31 -0300] "GET /cormun/servlet/solicitudotlog?ff339b452ae92c044fddfdafcbfbbc0640e20d4f40183b0efbcd45e3f95979ddc39608ad45e5ecc6849d6e1912b4d43cc95a909d08382d83ef8fe97a52ab71dd51cabc118c41d296ba7ae2297aa06c10eeb29e1c027458de280a68aee429b723d1e3fe718c9fc072a8756df8cb58c893fd62588e004e7055266694bef95a74cee34ad1048748a72d32548b2273e0dfbf3c7efd8902a09b37236be8ff1aba1e74,gx-no-cache=1493843218807 HTTP/1.1" 200 94
186.103.159.188 - - [03/May/2017:16:32:32 -0300] "POST /cormun/servlet/solicitudotadjuntos?0e42f859729adefddb5e916b077f9850,INS,2017,6298,,1, HTTP/1.1" 200 116
186.103.159.188 - - [03/May/2017:16:32:32 -0300] "GET /cormun/servlet/hpexe_return? HTTP/1.1" 200 1031
186.103.159.188 - - [03/May/2017:16:32:32 -0300] "GET /cormun/servlet/trsolicitudadjuntos?2017,6298, HTTP/1.1" 200 8696
186.103.159.188 - - [03/May/2017:16:32:33 -0300] "GET /cormun/servlet/trsolicitudadjuntos?2017,6298, HTTP/1.1" 200 8697
186.103.248.213 - - [03/May/2017:16:32:33 -0300] "GET /cormun/PublicTempStorage/licencia_medica_karina_delgadillo9860481.jpg HTTP/1.1" 200 2622341
192.168.10.89 - - [03/May/2017:16:32:35 -0300] "POST /cormun/servlet/solicitudotlog?166201011b6a6f1238987da24e3d4052,INS,2017,6268,0,REC,,gx-no-cache=1493843222295 HTTP/1.1" 200 93
192.168.10.89 - - [03/May/2017:16:32:35 -0300] "GET /cormun/servlet/hpexe_return? HTTP/1.1" 200 1045
192.168.10.89 - - [03/May/2017:16:32:36 -0300] "GET /cormun/servlet/trsolicitudgral?gx-no-cache=1493842846850 HTTP/1.1" 200 12790
186.103.159.188 - - [03/May/2017:16:32:39 -0300] "GET /cormun/servlet/solicitudotadjuntos?INS,2017,6298,,1, HTTP/1.1" 200 5825
186.103.159.188 - - [03/May/2017:16:32:39 -0300] "GET /cormun/static/about:blank HTTP/1.1" 404 1011
186.103.159.188 - - [03/May/2017:16:32:39 -0300] "GET /cormun/servlet/solicitudotadjuntos?INS,2017,6298,,1, HTTP/1.1" 200 5819
186.103.159.188 - - [03/May/2017:16:32:40 -0300] "GET /cormun/servlet/solicitudotadjuntos?b4371787c0484a67fefc15e8a98df4f3b7a3d71372f68871374747dadf57ceb8ca9a9e3effef9908c5668ae055450718,gx-no-cache=1493840020677 HTTP/1.1" 200 30
186.103.159.188 - - [03/May/2017:16:32:40 -0300] "POST /cormun/servlet/solicitudotadjuntos?0e42f859729adefddb5e916b077f9850,INS,2017,6298,,1,,gx-no-cache=1493840020708 HTTP/1.1" 200 3648
192.168.10.89 - - [03/May/2017:16:32:52 -0300] "POST /cormun/servlet/trsolicitudgral?166201011b6a6f1238987da24e3d4052,gx-no-cache=1493842846850,gx-no-cache=1493843239623 HTTP/1.1" 200 8978
192.168.10.89 - - [03/May/2017:16:32:53 -0300] "GET /cormun/static/Shared/jqueryui/images/ui-icons_82798d_256x240.png HTTP/1.1" 404 1089
192.168.10.89 - - [03/May/2017:16:32:53 -0300] "GET /cormun/static/Shared/jqueryui/images/ui-bg_flat_55_fafafa_40x100.png HTTP/1.1" 404 1097
192.168.10.89 - - [03/May/2017:16:32:53 -0300] "GET /cormun/static/Shared/jqueryui/images/ui-icons_8d78a5_256x240.png HTTP/1.1" 404 1089
192.168.10.89 - - [03/May/2017:16:32:53 -0300] "GET /cormun/static/Shared/jqueryui/images/ui-bg_highlight-soft_100_c6c2c8_1x100.png HTTP/1.1" 404 1117
186.103.159.188 - - [03/May/2017:16:32:58 -0300] "POST /cormun/servlet/solicitudotadjuntos?0e42f859729adefddb5e916b077f9850,INS,2017,6298,,1,,gx-no-cache=1493840038695 HTTP/1.1" 200 93
186.103.159.188 - - [03/May/2017:16:32:58 -0300] "GET /cormun/servlet/hpexe_return? HTTP/1.1" 200 1031
186.103.159.188 - - [03/May/2017:16:32:58 -0300] "GET /cormun/servlet/trsolicitudadjuntos?2017,6298, HTTP/1.1" 200 8701
186.103.159.188 - - [03/May/2017:16:32:58 -0300] "GET /cormun/servlet/trsolicitudadjuntos?2017,6298, HTTP/1.1" 200 8699
186.103.159.188 - - [03/May/2017:16:33:10 -0300] "GET /cormun/servlet/solicitudotadjuntos?INS,2017,6298,,1, HTTP/1.1" 200 5825
186.103.159.188 - - [03/May/2017:16:33:10 -0300] "GET /cormun/static/about:blank HTTP/1.1" 404 1011
186.103.159.188 - - [03/May/2017:16:33:10 -0300] "GET /cormun/servlet/solicitudotadjuntos?INS,2017,6298,,1, HTTP/1.1" 200 5819
186.103.159.188 - - [03/May/2017:16:33:11 -0300] "GET /cormun/servlet/solicitudotadjuntos?b4371787c0484a67fefc15e8a98df4f3b7a3d71372f68871374747dadf57ceb8ca9a9e3effef9908c5668ae055450718,gx-no-cache=1493840052033 HTTP/1.1" 200 30
186.103.159.188 - - [03/May/2017:16:33:11 -0300] "POST /cormun/servlet/solicitudotadjuntos?0e42f859729adefddb5e916b077f9850,INS,2017,6298,,1,,gx-no-cache=1493840052049 HTTP/1.1" 200 3648
186.103.159.188 - - [03/May/2017:16:33:16 -0300] "POST /cormun/servlet/solicitudotadjuntos?gx-no-cache=1493840057244 HTTP/1.1" 200 26
192.168.10.89 - - [03/May/2017:16:33:20 -0300] "GET /cormun/servlet/solicitudgral3?UPD,2017,6281, HTTP/1.1" 200 13085
192.168.10.89 - - [03/May/2017:16:33:20 -0300] "GET /cormun/static/gxcfg.js?201731711481654 HTTP/1.1" 304 -
192.168.10.89 - - [03/May/2017:16:33:20 -0300] "GET /cormun/static/solicitudgral3.js?201731711481732 HTTP/1.1" 304 -
192.168.10.89 - - [03/May/2017:16:33:22 -0300] "POST /cormun/servlet/solicitudgral3?gx-no-cache=1493843268893 HTTP/1.1" 200 3354
192.168.10.89 - - [03/May/2017:16:33:22 -0300] "GET /cormun/servlet/solicitudgral3?ff339b452ae92c044fddfdafcbfbbc061be47f2ba462e3f1f9b4f5a832f61692b9990c6aa8112f38bf21abd024e80f6b38093754ffc52eb4392c92ec5e6bc41f145e33f97b78543dc0960f1f8c2b41d9de29519f7505ffcf0a65d8446f0cf5633dc608c6ddb4cffc8e565a60ead166c01091511d9285298525d32d90369bbf92e1f14daa93e99fb77743252aeb21ee4eacd07d6a372d703e14efd991a4ac8234c7b411ae5b5cebb578ac720bd062b4db68cb690c806f7dd602cdbb982029e3532995e408b66c1673dbca53248c08b3a36fd380361c2d0175a32f36b217285088d82a61eb671075b614f3f34987ac16a05499c661ba703432becc64dbc8968ee13d52588565820399f314849f9a1190c162483cec9b3adad5158205d504f8dd42e37a6211204e082ec5a2d8aae41f4eeced2d03fa488c8a5b60cffae26e03ba775e4b3d0ecf246e22ae764641a99fdd75,gx-no-cache=1493843269112 HTTP/1.1" 200 242
192.168.10.89 - - [03/May/2017:16:33:22 -0300] "POST /cormun/servlet/solicitudgral3?gx-no-cache=1493843269141 HTTP/1.1" 200 1362
192.168.10.89 - - [03/May/2017:16:33:22 -0300] "GET /cormun/servlet/solicitudgral3?ff339b452ae92c044fddfdafcbfbbc06ebdf48073f19595d7c09dbac5ae80b6a2ae0f5254aad7f89461e8703b79e08f938093754ffc52eb4392c92ec5e6bc41fc259eb7b5a1b8b718294c76db5d3792cb671937cab0a236e31e4d53685b35017b8fa623e7cbad0aa80e855b4f444c0fbefd1a5942950d10313f26b51b2f8f7ba,gx-no-cache=1493843269221 HTTP/1.1" 200 41
186.103.159.188 - - [03/May/2017:16:33:22 -0300] "GET /cormun/servlet/solicitudotadjuntos?b4371787c0484a67fefc15e8a98df4f32e34092a2b1ba9c4305703e5c92d9dbd,gx-no-cache=1493840063047 HTTP/1.1" 200 30
186.103.159.188 - - [03/May/2017:16:33:22 -0300] "GET /cormun/servlet/solicitudotadjuntos?b4371787c0484a67fefc15e8a98df4f32e34092a2b1ba9c4305703e5c92d9dbd,gx-no-cache=1493840063109 HTTP/1.1" 200 30
186.103.159.188 - - [03/May/2017:16:33:23 -0300] "POST /cormun/servlet/solicitudotadjuntos?0e42f859729adefddb5e916b077f9850,INS,2017,6298,,1, HTTP/1.1" 200 116
186.103.159.188 - - [03/May/2017:16:33:23 -0300] "GET /cormun/servlet/hpexe_return? HTTP/1.1" 200 1031
186.103.159.188 - - [03/May/2017:16:33:23 -0300] "GET /cormun/servlet/trsolicitudadjuntos?2017,6298, HTTP/1.1" 200 8934
186.103.159.188 - - [03/May/2017:16:33:24 -0300] "GET /cormun/servlet/trsolicitudadjuntos?2017,6298, HTTP/1.1" 200 8930
192.168.10.89 - - [03/May/2017:16:33:24 -0300] "POST /cormun/servlet/solicitudgral3?166201011b6a6f1238987da24e3d4052,UPD,2017,6281,,gx-no-cache=1493843271272 HTTP/1.1" 200 11082
192.168.10.89 - - [03/May/2017:16:33:24 -0300] "GET /cormun/servlet/solicitudgral3?ff339b452ae92c044fddfdafcbfbbc06814655404acc4577c3bf65cce69022c0563aea67197e7aa001d398fdf75459c1e05d2db30508e1084f5c39e3dc5a3148c66bf917a332d7b86c8b901dd2fd517e2020250d51946a9dbf900817a98a11c7050eb6591b576317b9694c103cfff43d517b07fa526bf0399625c7fd6a2eea19a61d556f96adb851d2b4981c3db69ec5beaa52c784e35b82d2d88456a79f1211,gx-no-cache=1493843271667 HTTP/1.1" 200 29
192.168.10.89 - - [03/May/2017:16:33:24 -0300] "POST /cormun/servlet/solicitudgral3?gx-no-cache=1493843271690 HTTP/1.1" 200 1255
192.168.10.89 - - [03/May/2017:16:33:24 -0300] "POST /cormun/servlet/solicitudgral3?gx-no-cache=1493843271729 HTTP/1.1" 200 1159
192.168.10.89 - - [03/May/2017:16:33:26 -0300] "GET /cormun/servlet/solicitudgral3?ff339b452ae92c044fddfdafcbfbbc0693adb230d72e9ee75e2a2839d983b72b14558adf95137e8400d971f33953920023e41198c72b0a62c3c52092190c526aed2d03fa488c8a5b60cffae26e03ba77ac9820111a2e9f615ecb3200fa81d2bc758ecbda9f0f1db49082de18c2a17c266e2b3268262f4e840fda4d25603b4a0dde9a353542ad01a50d0633a8739bca46,gx-no-cache=1493843273729 HTTP/1.1" 200 30
186.79.145.182 - - [03/May/2017:16:33:32 -0300] "POST /cormun/servlet/trpermisosgoce?780dd9a2bda04de8a0aa70b21efef47c,,gx-no-cache=1493840074257 HTTP/1.1" 200 4014
186.79.145.182 - - [03/May/2017:16:33:32 -0300] "GET /cormun/static/Shared/jqueryui/images/ui-bg_highlight-soft_100_c6c2c8_1x100.png HTTP/1.1" 404 1117
186.79.145.182 - - [03/May/2017:16:33:32 -0300] "GET /cormun/static/Shared/jqueryui/images/ui-icons_82798d_256x240.png HTTP/1.1" 404 1089
186.79.145.182 - - [03/May/2017:16:33:32 -0300] "GET /cormun/static/Shared/jqueryui/images/ui-bg_flat_55_fafafa_40x100.png HTTP/1.1" 404 1097
186.79.145.182 - - [03/May/2017:16:33:32 -0300] "GET /cormun/static/Shared/jqueryui/images/ui-icons_8d78a5_256x240.png HTTP/1.1" 404 1089
192.168.10.89 - - [03/May/2017:16:33:34 -0300] "POST /cormun/servlet/solicitudgral3?166201011b6a6f1238987da24e3d4052,UPD,2017,6281,,gx-no-cache=1493843281260 HTTP/1.1" 200 93
192.168.10.89 - - [03/May/2017:16:33:34 -0300] "GET /cormun/servlet/hpexe_return? HTTP/1.1" 200 1037
192.168.10.89 - - [03/May/2017:16:33:35 -0300] "GET /cormun/servlet/trsolicitudgral?gx-no-cache=1493842846850 HTTP/1.1" 200 12374
186.103.159.188 - - [03/May/2017:16:33:36 -0300] "GET /cormun/servlet/hhome HTTP/1.1" 200 3798
186.103.159.188 - - [03/May/2017:16:33:36 -0300] "GET /cormun/servlet/hhome HTTP/1.1" 200 3783
186.103.159.188 - - [03/May/2017:16:33:41 -0300] "GET /cormun/servlet/trsolicitudot? HTTP/1.1" 200 8833
186.103.159.188 - - [03/May/2017:16:33:41 -0300] "GET /cormun/servlet/trsolicitudot? HTTP/1.1" 200 8831
192.168.10.89 - - [03/May/2017:16:33:41 -0300] "POST /cormun/servlet/trsolicitudgral?166201011b6a6f1238987da24e3d4052,gx-no-cache=1493842846850,gx-no-cache=1493843288718 HTTP/1.1" 200 8599
192.168.10.89 - - [03/May/2017:16:33:42 -0300] "GET /cormun/static/Shared/jqueryui/images/ui-icons_82798d_256x240.png HTTP/1.1" 404 1089
192.168.10.89 - - [03/May/2017:16:33:42 -0300] "GET /cormun/static/Shared/jqueryui/images/ui-icons_8d78a5_256x240.png HTTP/1.1" 404 1089
192.168.10.89 - - [03/May/2017:16:33:42 -0300] "GET /cormun/static/Shared/jqueryui/images/ui-bg_flat_55_fafafa_40x100.png HTTP/1.1" 404 1097
192.168.10.89 - - [03/May/2017:16:33:42 -0300] "GET /cormun/static/Shared/jqueryui/images/ui-bg_highlight-soft_100_c6c2c8_1x100.png HTTP/1.1" 404 1117
192.168.10.89 - - [03/May/2017:16:33:53 -0300] "POST /cormun/servlet/trsolicitudgral?166201011b6a6f1238987da24e3d4052,gx-no-cache=1493842846850,gx-no-cache=1493843299937 HTTP/1.1" 200 8275
200.86.10.241 - - [03/May/2017:16:34:03 -0300] "POST /cormun/servlet/trsolicitudot?0e42f859729adefddb5e916b077f9850,,gx-no-cache=1493840104060 HTTP/1.1" 200 106
200.86.10.241 - - [03/May/2017:16:34:03 -0300] "GET /cormun/servlet/solicitudot?UPD,2017,6298, HTTP/1.1" 200 14284
200.86.10.241 - - [03/May/2017:16:34:04 -0300] "GET /cormun/servlet/solicitudot?UPD,2017,6298, HTTP/1.1" 200 14294
200.86.10.241 - - [03/May/2017:16:34:04 -0300] "POST /cormun/servlet/solicitudot?gx-no-cache=1493840105183 HTTP/1.1" 200 3166
200.86.10.241 - - [03/May/2017:16:34:04 -0300] "POST /cormun/servlet/solicitudot?0e42f859729adefddb5e916b077f9850,UPD,2017,6298,,gx-no-cache=1493840105323 HTTP/1.1" 200 10851
200.86.10.241 - - [03/May/2017:16:34:04 -0300] "GET /cormun/servlet/solicitudot?b4371787c0484a67fefc15e8a98df4f37dfc0ad98e89e1200e1b66d600bc0661689fedee9560563532b33be9774ad53b,gx-no-cache=1493840105479 HTTP/1.1" 200 30
200.86.10.241 - - [03/May/2017:16:34:04 -0300] "POST /cormun/servlet/solicitudot?gx-no-cache=1493840105511 HTTP/1.1" 200 297
200.86.10.241 - - [03/May/2017:16:34:04 -0300] "GET /cormun/servlet/solicitudot?b4371787c0484a67fefc15e8a98df4f3d074f1baaab2afd856249464cce94da9baaf134c0f67b58ef9cc6a73cc444dc6e7e480299c8b51b810f95bde5c6729ff9464e2ed2bfd47db7777de42624f83c9351835daee31ff6a6476cced45293eb3b2f7d19ef90b2e7f144c6ebf91076b290fccb3716e5b8d19f3e1d8936e1c8c7d3e7231e62561b9a54913f4ecb40b2d6e5b6c71075f67dc382e8bdf86e7eed72e057377db1bf1fd2d5403c544612b7e42b5638242f47ce700fba4f095f140beb19c8ca8ffb7ac45e0718b74125199c576dd48ebda4bdcc0e718c31320d26690c537a63b4fc0d3d9e1d1b8acc926512a0048cd01dac917a873f1db4c025581d0dc121fa2db233f0e70f47b9eec6c327e4216ad5fe7ad9a4377d9e5d70f3f6a8373fc5ec861f3786b9b9143eed7a0e8d399c9660e635c41b4fe57cfb38b768992b860b6bbd4881928f0486a375391506f3e742a40a129362f7890f1f7bb14e0de0ca69451805d52958f5b1bdec6a7823eca16f45c4c7c2d49a566d7b8af5b1295b532e524e7acf912c2737849926743e2b2,gx-no-cache=1493840105557 HTTP/1.1" 200 30
200.86.10.241 - - [03/May/2017:16:34:04 -0300] "POST /cormun/servlet/solicitudot?gx-no-cache=1493840105604 HTTP/1.1" 200 30
200.86.10.241 - - [03/May/2017:16:34:05 -0300] "POST /cormun/servlet/solicitudot?gx-no-cache=1493840105635 HTTP/1.1" 200 1292
200.86.10.241 - - [03/May/2017:16:34:05 -0300] "POST /cormun/servlet/solicitudot?gx-no-cache=1493840105698 HTTP/1.1" 200 41
192.168.10.89 - - [03/May/2017:16:34:06 -0300] "POST /cormun/servlet/trsolicitudgral?166201011b6a6f1238987da24e3d4052,gx-no-cache=1493842846850,gx-no-cache=1493843313384 HTTP/1.1" 200 7915
200.86.10.241 - - [03/May/2017:16:34:07 -0300] "GET /cormun/servlet/solicitudot?b4371787c0484a67fefc15e8a98df4f3a9f190bc352bf66916b13360729c7ac520540f7d9181601243fb8ccd4403e4983526fd3799b55ece3716496807e5eb36c3f13b0c8bf9f3dcddbdc30354618548ba0139c26e271bdabc3153e767242f2dfd02a87691069c6ccc5228259922c75e,gx-no-cache=1493840108397 HTTP/1.1" 200 29
200.86.10.241 - - [03/May/2017:16:34:07 -0300] "POST /cormun/servlet/solicitudot?gx-no-cache=1493840108459 HTTP/1.1" 200 1280
200.86.10.241 - - [03/May/2017:16:34:07 -0300] "POST /cormun/servlet/solicitudot?gx-no-cache=1493840108506 HTTP/1.1" 200 1162
