186.103.159.46 - - [03/May/2017:11:28:00 -0300] "GET /cormun/servlet/trlicencias? HTTP/1.1" 200 6619
186.103.159.46 - - [03/May/2017:11:28:08 -0300] "GET /cormun/servlet/licenciaspermisos?INS,0,,, HTTP/1.1" 200 7173
186.103.159.46 - - [03/May/2017:11:28:09 -0300] "GET /cormun/servlet/licenciaspermisos?INS,0,,, HTTP/1.1" 200 7172
186.103.159.46 - - [03/May/2017:11:28:32 -0300] "GET /cormun/servlet/licenciaspermisos?8ef0f81512516c82a3b58033dfbc2bbc3b1ca648619490260733515945eb54a2fd1d8d7df4f7cbd73c25c3d65cb9032c,gx-no-cache=1493821772034 HTTP/1.1" 200 65
186.103.159.46 - - [03/May/2017:11:28:32 -0300] "POST /cormun/servlet/licenciaspermisos?8432e0b4700f674ac6f7640fc6a8e0ed,INS,0,,,,gx-no-cache=1493821772162 HTTP/1.1" 200 4418
186.103.159.46 - - [03/May/2017:11:28:34 -0300] "GET /cormun/static/Resources/resize.gif HTTP/1.1" 200 77
186.103.159.46 - - [03/May/2017:11:28:34 -0300] "GET /cormun/servlet/prfichaempleado?,MD,,gxPopupLevel%3D0%3B HTTP/1.1" 200 8797
186.103.159.46 - - [03/May/2017:11:28:35 -0300] "GET /cormun/static/Resources/PXToolsMenuSearch.png HTTP/1.1" 200 2914
186.103.159.46 - - [03/May/2017:11:28:35 -0300] "GET /cormun/static/gxcfg.js?2017319125415 HTTP/1.1" 200 953
186.103.159.46 - - [03/May/2017:11:28:35 -0300] "GET /cormun/static/menusearch.js?201610171694467 HTTP/1.1" 200 1424
186.103.159.46 - - [03/May/2017:11:28:35 -0300] "GET /cormun/static/hmpwkw011.js?201731711483558 HTTP/1.1" 200 1968
186.103.159.46 - - [03/May/2017:11:28:35 -0300] "GET /cormun/static/Resources/PXToolsMenuSearchCancel.png HTTP/1.1" 200 2972
186.103.159.46 - - [03/May/2017:11:28:35 -0300] "GET /cormun/static/prfichaempleado.js?20173191254344 HTTP/1.1" 200 15951
186.103.159.46 - - [03/May/2017:11:29:07 -0300] "GET /cormun/static/menuarrow.gif HTTP/1.1" 404 1015
200.54.247.69 - - [03/May/2017:11:29:52 -0300] "GET /cormun/servlet/hlogin HTTP/1.1" 200 1731
200.54.247.69 - - [03/May/2017:11:30:06 -0300] "POST /cormun/servlet/hlogin?c9701b7c8e833af1871a8bceec8903b5,gx-no-cache=1493821866068 HTTP/1.1" 200 90
200.54.247.69 - - [03/May/2017:11:30:06 -0300] "GET /cormun/servlet/hpexe_link HTTP/1.1" 200 981
200.54.247.69 - - [03/May/2017:11:30:06 -0300] "GET /cormun/servlet/trlicencias?gx-no-cache=1493821232766 HTTP/1.1" 200 7859
200.54.247.69 - - [03/May/2017:11:30:07 -0300] "GET /cormun/servlet/trlicencias?gx-no-cache=1493821232766 HTTP/1.1" 200 7879
200.54.247.69 - - [03/May/2017:11:30:18 -0300] "POST /cormun/servlet/trlicencias?c9701b7c8e833af1871a8bceec8903b5,gx-no-cache=1493821232766,gx-no-cache=1493821878574 HTTP/1.1" 200 3827
186.79.59.60 - - [03/May/2017:11:33:15 -0300] "GET /cormun/servlet/hlogin HTTP/1.1" 200 1724
186.79.59.60 - - [03/May/2017:11:33:16 -0300] "GET /cormun/servlet/hlogin HTTP/1.1" 200 1732
200.86.184.230 - - [03/May/2017:11:33:18 -0300] "GET /cormun/servlet/trpermisosingoceadjunto?100,16252974, HTTP/1.1" 200 5230
200.86.184.230 - - [03/May/2017:11:33:18 -0300] "GET /cormun/servlet/trpermisosingoceadjunto?100,16252974, HTTP/1.1" 200 5230
200.86.184.230 - - [03/May/2017:11:33:18 -0300] "GET /cormun/servlet/hlogin HTTP/1.1" 200 1756
186.103.159.46 - - [03/May/2017:11:33:19 -0300] "GET /cormun/servlet/licenciaspermisos?8ef0f81512516c82a3b58033dfbc2bbcf3482ea63cc0f8f05a01175ec9f98415bddfde7b52692797c5ff285fc7710bd2879832e398f2c99847827d55ebfdab54e2c43ee96ac4121a2b7208ec41daa4b961f5a1894f4ddaf84a3cafd61a7f773276e454812f179cdc68892fc54cadd637d1f9a6bd91aab4ebe958ee5790ff4072f4b2583cc2de5965167567b7d278d83f90b9106811255cd68ea20eaa05bfe6d77a1a42d2ecb8d809f9f86d58b1fec019,gx-no-cache=1493822059843 HTTP/1.1" 200 30
186.103.159.46 - - [03/May/2017:11:33:20 -0300] "POST /cormun/servlet/licenciaspermisos?8432e0b4700f674ac6f7640fc6a8e0ed,INS,0,,,,gx-no-cache=1493822059967 HTTP/1.1" 200 4523
186.103.159.46 - - [03/May/2017:11:33:24 -0300] "GET /cormun/servlet/licenciaspermisos?8ef0f81512516c82a3b58033dfbc2bbcf3482ea63cc0f8f05a01175ec9f9841583f860eb1580276c84a81bd7a1ebf712879832e398f2c99847827d55ebfdab54e2c43ee96ac4121a2b7208ec41daa4b961f5a1894f4ddaf84a3cafd61a7f7732fdfcb4d88ec6ae8b57f792cc82baccedd1f9a6bd91aab4ebe958ee5790ff4072398fd29404cd26aa01db3e6eaa8308c14112c3f9a1c7d62d90505ecfe46df4be993514abfb037e09ceb9256d23db3afead6ee77d37184b4609cad3357d6eb0758f54ddd32407dbdf164f7791e4dff6f5a62938f10a76f77b75450bf662803e8f,gx-no-cache=1493822064122 HTTP/1.1" 200 30
186.103.159.46 - - [03/May/2017:11:33:24 -0300] "POST /cormun/servlet/licenciaspermisos?8432e0b4700f674ac6f7640fc6a8e0ed,INS,0,,,,gx-no-cache=1493822064187 HTTP/1.1" 200 4520
186.79.59.60 - - [03/May/2017:11:33:27 -0300] "POST /cormun/servlet/hlogin?803676e8b2b6a13f178ee23991ee1d6f,gx-no-cache=1493822068704 HTTP/1.1" 200 90
186.79.59.60 - - [03/May/2017:11:33:27 -0300] "GET /cormun/servlet/hpexe_link HTTP/1.1" 200 951
186.79.59.60 - - [03/May/2017:11:33:27 -0300] "GET /cormun/servlet/hhome HTTP/1.1" 200 4012
186.79.59.60 - - [03/May/2017:11:33:29 -0300] "GET /cormun/servlet/hhome HTTP/1.1" 200 4008
200.86.184.230 - - [03/May/2017:11:33:29 -0300] "POST /cormun/servlet/hlogin?3b295c243465c39a77dd30774f00d216,gx-no-cache=1493822854646 HTTP/1.1" 200 90
200.86.184.230 - - [03/May/2017:11:33:29 -0300] "GET /cormun/servlet/hpexe_link HTTP/1.1" 200 976
200.86.184.230 - - [03/May/2017:11:33:29 -0300] "GET /cormun/servlet/trpermisosingoceadjunto?100,16252974, HTTP/1.1" 200 5742
200.86.184.230 - - [03/May/2017:11:33:30 -0300] "GET /cormun/servlet/trpermisosingoceadjunto?100,16252974, HTTP/1.1" 200 5740
200.86.184.230 - - [03/May/2017:11:33:36 -0300] "GET /cormun/servlet/trpermisosingoce? HTTP/1.1" 200 7421
200.86.184.230 - - [03/May/2017:11:33:36 -0300] "GET /cormun/servlet/trpermisosingoce? HTTP/1.1" 200 7420
186.79.59.60 - - [03/May/2017:11:33:37 -0300] "GET /cormun/servlet/trcontratounov2? HTTP/1.1" 200 16783
186.79.59.60 - - [03/May/2017:11:33:39 -0300] "GET /cormun/servlet/trcontratounov2? HTTP/1.1" 200 16776
200.86.184.230 - - [03/May/2017:11:33:44 -0300] "GET /cormun/servlet/trpermisosingoceadjunto?100,16252974, HTTP/1.1" 200 5740
200.86.184.230 - - [03/May/2017:11:33:44 -0300] "GET /cormun/servlet/trpermisosingoceadjunto?100,16252974, HTTP/1.1" 200 5740
186.103.159.46 - - [03/May/2017:11:33:46 -0300] "GET /cormun/servlet/licenciaspermisos?8ef0f81512516c82a3b58033dfbc2bbcf3482ea63cc0f8f05a01175ec9f98415bddfde7b52692797c5ff285fc7710bd2879832e398f2c99847827d55ebfdab54e2c43ee96ac4121a2b7208ec41daa4b961f5a1894f4ddaf84a3cafd61a7f7732fdfcb4d88ec6ae8b57f792cc82baccedd1f9a6bd91aab4ebe958ee5790ff4072398fd29404cd26aa01db3e6eaa8308c14112c3f9a1c7d62d90505ecfe46df4be993514abfb037e09ceb9256d23db3afead6ee77d37184b4609cad3357d6eb0758f54ddd32407dbdf164f7791e4dff6f5a62938f10a76f77b75450bf662803e8f,gx-no-cache=1493822086327 HTTP/1.1" 200 30
186.103.159.46 - - [03/May/2017:11:33:46 -0300] "POST /cormun/servlet/licenciaspermisos?8432e0b4700f674ac6f7640fc6a8e0ed,INS,0,,,,gx-no-cache=1493822086426 HTTP/1.1" 200 4523
200.86.184.230 - - [03/May/2017:11:33:46 -0300] "GET /cormun/servlet/permisosingoceadjunto?INS,100,, HTTP/1.1" 200 5228
200.86.184.230 - - [03/May/2017:11:33:47 -0300] "GET /cormun/static/about:blank HTTP/1.1" 404 1011
200.86.184.230 - - [03/May/2017:11:33:47 -0300] "GET /cormun/servlet/permisosingoceadjunto?INS,100,, HTTP/1.1" 200 5216
200.86.184.230 - - [03/May/2017:11:33:47 -0300] "GET /cormun/servlet/permisosingoceadjunto?afd45aa9616716bbdb838ae8bffdaa2d974580252961ab0d68ceb8d88de19947,gx-no-cache=1493822872849 HTTP/1.1" 200 26
186.79.59.60 - - [03/May/2017:11:33:58 -0300] "GET /cormun/servlet/trvisualizadoreventos? HTTP/1.1" 200 6761
186.79.59.60 - - [03/May/2017:11:33:59 -0300] "GET /cormun/static/gxcfg.js?201731711523419 HTTP/1.1" 200 953
186.79.59.60 - - [03/May/2017:11:33:59 -0300] "GET /cormun/static/trvisualizadoreventos.js?20173171152387 HTTP/1.1" 200 19309
186.79.59.60 - - [03/May/2017:11:33:59 -0300] "GET /cormun/static/Resources/PXToolsActionPrint.png HTTP/1.1" 200 3317
186.79.59.60 - - [03/May/2017:11:34:00 -0300] "GET /cormun/servlet/trvisualizadoreventos? HTTP/1.1" 200 6761
200.86.184.230 - - [03/May/2017:11:34:03 -0300] "POST /cormun/servlet/permisosingoceadjunto?3b295c243465c39a77dd30774f00d216,INS,100,, HTTP/1.1" 200 116
200.86.184.230 - - [03/May/2017:11:34:03 -0300] "GET /cormun/servlet/hpexe_return? HTTP/1.1" 200 1024
200.86.184.230 - - [03/May/2017:11:34:03 -0300] "GET /cormun/servlet/trpermisosingoceadjunto?100,16252974, HTTP/1.1" 200 6205
200.86.184.230 - - [03/May/2017:11:34:04 -0300] "GET /cormun/servlet/trpermisosingoceadjunto?100,16252974, HTTP/1.1" 200 6201
200.86.184.230 - - [03/May/2017:11:34:04 -0300] "GET /cormun/PublicTempStorage/20170503_111232_macarena_5_s_goce2869826.jpg HTTP/1.1" 200 842495
200.86.184.230 - - [03/May/2017:11:34:11 -0300] "GET /cormun/servlet/trpermisosingoce? HTTP/1.1" 200 7421
200.86.184.230 - - [03/May/2017:11:34:12 -0300] "GET /cormun/servlet/trpermisosingoce? HTTP/1.1" 200 7420
186.79.59.60 - - [03/May/2017:11:34:15 -0300] "GET /cormun/static/menuarrow.gif HTTP/1.1" 404 1015
186.79.59.60 - - [03/May/2017:11:34:21 -0300] "POST /cormun/servlet/trvisualizadoreventos?803676e8b2b6a13f178ee23991ee1d6f,,gx-no-cache=1493822122376 HTTP/1.1" 200 3972
200.86.184.230 - - [03/May/2017:11:34:22 -0300] "POST /cormun/servlet/trpermisosingoce?3b295c243465c39a77dd30774f00d216,,gx-no-cache=1493822907429 HTTP/1.1" 200 3992
200.86.184.230 - - [03/May/2017:11:34:22 -0300] "GET /cormun/static/Shared/jqueryui/images/ui-bg_highlight-soft_100_c6c2c8_1x100.png HTTP/1.1" 404 1117
200.86.184.230 - - [03/May/2017:11:34:22 -0300] "GET /cormun/static/Shared/jqueryui/images/ui-icons_82798d_256x240.png HTTP/1.1" 404 1089
200.86.184.230 - - [03/May/2017:11:34:22 -0300] "GET /cormun/static/Shared/jqueryui/images/ui-bg_flat_55_fafafa_40x100.png HTTP/1.1" 404 1097
200.86.184.230 - - [03/May/2017:11:34:22 -0300] "GET /cormun/static/Shared/jqueryui/images/ui-icons_8d78a5_256x240.png HTTP/1.1" 404 1089
186.103.159.46 - - [03/May/2017:11:34:25 -0300] "GET /cormun/servlet/licenciaspermisos?8ef0f81512516c82a3b58033dfbc2bbc13965be37b0d5d63019d241100a84682656522f7f0dec8996dbe4127e7ddafa05fc5760ca3a94f8c65f1ddf95b0977a3a89d66875ccf2da1898ebac00f33e02c4ce8dfab0f89021044a6cb40192dad7f4ba8e618e8ea8715f6d1196c574f77dcb0fc6e99318743184c22cebca75d57d54aec40d6a3f040e900e3350d55ddfae57b9432ff85c70c9c4769858b79311c5c89d55ca97dbdce62e7c38809056f6970ea014cfc8b082414dfe5e48d47c886885bbb9eaa565ca52b312f8671673817b9e22e3a9f77d33b2aa6c372aac628d0c642df5c5da2353b562b6b18072fd6ecee,gx-no-cache=1493822125565 HTTP/1.1" 200 66
186.103.159.46 - - [03/May/2017:11:34:25 -0300] "POST /cormun/servlet/licenciaspermisos?8432e0b4700f674ac6f7640fc6a8e0ed,INS,0,,,,gx-no-cache=1493822125665 HTTP/1.1" 200 93
186.103.159.46 - - [03/May/2017:11:34:25 -0300] "GET /cormun/servlet/hpexe_return? HTTP/1.1" 200 1012
186.103.159.46 - - [03/May/2017:11:34:26 -0300] "GET /cormun/static/gxcfg.js?2016101716175148 HTTP/1.1" 200 953
186.103.159.46 - - [03/May/2017:11:34:26 -0300] "GET /cormun/static/hpexe_return.js?2016101716175153 HTTP/1.1" 200 1633
186.103.159.46 - - [03/May/2017:11:34:26 -0300] "GET /cormun/static/Resources/Spanish/PXTools.css?167811 HTTP/1.1" 200 89042
186.103.159.46 - - [03/May/2017:11:34:26 -0300] "GET /cormun/servlet/trlicencias HTTP/1.1" 200 7827
186.79.59.60 - - [03/May/2017:11:34:27 -0300] "POST /cormun/servlet/trvisualizadoreventos?803676e8b2b6a13f178ee23991ee1d6f,,gx-no-cache=1493822128228 HTTP/1.1" 200 3977
186.103.159.46 - - [03/May/2017:11:34:28 -0300] "GET /cormun//static/Resources/PXToolsGridUpdate.png HTTP/1.1" 200 2984
186.103.159.46 - - [03/May/2017:11:34:28 -0300] "GET /cormun//static/Resources/PXToolsGridDelete.png HTTP/1.1" 200 357
186.103.159.46 - - [03/May/2017:11:34:28 -0300] "GET /cormun//static/Resources/PXToolsGridDisplay.png HTTP/1.1" 200 362
186.103.159.46 - - [03/May/2017:11:34:28 -0300] "GET /cormun//static/Resources/PXToolsHeaderFavorites.png HTTP/1.1" 200 2744
186.103.159.46 - - [03/May/2017:11:34:28 -0300] "GET /cormun//static/Resources/PXToolsActionPrint.png HTTP/1.1" 200 3317
186.103.159.46 - - [03/May/2017:11:34:28 -0300] "GET /cormun//static/Resources/PXTools/ActionInsert.png HTTP/1.1" 200 1482
186.103.159.46 - - [03/May/2017:11:34:28 -0300] "GET /cormun//static/Resources/PXToolsHeaderHelp.png HTTP/1.1" 200 4055
186.103.159.46 - - [03/May/2017:11:34:28 -0300] "GET /cormun/servlet/trlicencias HTTP/1.1" 200 7822
186.79.59.60 - - [03/May/2017:11:34:31 -0300] "GET /cormun/servlet/trsolicitudot? HTTP/1.1" 200 6980
186.79.59.60 - - [03/May/2017:11:34:33 -0300] "GET /cormun/servlet/trsolicitudot? HTTP/1.1" 200 6980
186.103.159.46 - - [03/May/2017:11:34:34 -0300] "GET /cormun/servlet/licenciaspermisos?INS,0,,, HTTP/1.1" 200 7173
186.103.159.46 - - [03/May/2017:11:34:35 -0300] "GET /cormun/servlet/licenciaspermisos?INS,0,,, HTTP/1.1" 200 7172
186.79.59.60 - - [03/May/2017:11:34:36 -0300] "GET /cormun/servlet/solicitudot?INS,0,0, HTTP/1.1" 200 12815
200.86.184.230 - - [03/May/2017:11:34:36 -0300] "GET /cormun/servlet/trpermisosingoce? HTTP/1.1" 200 6595
200.86.184.230 - - [03/May/2017:11:34:37 -0300] "GET /cormun/servlet/trpermisosingoce? HTTP/1.1" 200 6595
186.79.59.60 - - [03/May/2017:11:34:37 -0300] "GET /cormun/servlet/solicitudot?INS,0,0, HTTP/1.1" 200 12820
200.86.184.230 - - [03/May/2017:11:34:50 -0300] "POST /cormun/servlet/trpermisosingoce?3b295c243465c39a77dd30774f00d216,,gx-no-cache=1493822932954 HTTP/1.1" 200 105
200.86.184.230 - - [03/May/2017:11:34:50 -0300] "GET /cormun/PermisoSinGoce-800.xls HTTP/1.1" 200 4096
186.103.159.46 - - [03/May/2017:11:34:53 -0300] "GET /cormun/servlet/licenciaspermisos?8ef0f81512516c82a3b58033dfbc2bbc255acbc41d6a9c77e5c2d8b25cc981d80a31e45ca4e333f0d164b44eb343befe,gx-no-cache=1493822153282 HTTP/1.1" 200 62
186.103.159.46 - - [03/May/2017:11:34:53 -0300] "POST /cormun/servlet/licenciaspermisos?8432e0b4700f674ac6f7640fc6a8e0ed,INS,0,,,,gx-no-cache=1493822153384 HTTP/1.1" 200 4416
186.79.59.60 - - [03/May/2017:11:35:11 -0300] "POST /cormun/servlet/solicitudot?gx-no-cache=1493822172168 HTTP/1.1" 200 3188
186.79.59.60 - - [03/May/2017:11:35:11 -0300] "POST /cormun/servlet/solicitudot?803676e8b2b6a13f178ee23991ee1d6f,INS,0,0,,gx-no-cache=1493822172693 HTTP/1.1" 200 9963
186.79.59.60 - - [03/May/2017:11:35:15 -0300] "GET /cormun/servlet/solicitudot?dee7696f6e75f8213344b8b56be6738c68ee6b4822f29c6fdf559d9bdccffe54f9ce62f8bebe9c7f6e7826680b3d15a4,gx-no-cache=1493822176517 HTTP/1.1" 200 30
186.79.59.60 - - [03/May/2017:11:35:15 -0300] "POST /cormun/servlet/solicitudot?gx-no-cache=1493822176672 HTTP/1.1" 200 255
186.79.59.60 - - [03/May/2017:11:35:15 -0300] "GET /cormun/servlet/solicitudot?dee7696f6e75f8213344b8b56be6738cb2a505303241ec53914cc4e5fea7841b359546e6ebecd519e624ffda2878a1211bea5a3f0c4f7e0a6974c88e55be6d423d6fae956c57410658675f57adeab3fcf78a9489d744913c8ae1f3b9d0b68392b34e84e62f7b045c9cd5f7efa83086cca185a79fd1f71841303f5884e53657f7291526785fcf1d84af74d777a44d1431f319316aafddec5d557e43146592b1937a55ecae72482bf07847ae189b7d5a36a69898310c8d5e069f9456f636d1e11e01167131f6cc2e1155d6d18bd748ee721e51bb5eeaef9d6d20ecb5dc1cfb80085a5e48a88a0b9e7d3d8212cc37b6d95c9f8056091f040699c0cd302d3521f266fc516a8c9b61581d769111a1ae671d77a2125dcb863e8b57a48899306be8c77ad934df50d90c3c3c924e41b582482030801cd87e7d7bdb9c3383cd2afc1d8a7e5ca8a37499a1f6234dc51841b1348fe3a1e30bc639fb6951e05452221ed5601522eada5c549228f739d95cfb709aaa38b5c4b854ad6956b224193963cb1251b6,gx-no-cache=1493822176863 HTTP/1.1" 200 30
200.86.184.230 - - [03/May/2017:11:35:16 -0300] "GET /cormun/servlet/trpermisosingoce? HTTP/1.1" 200 6595
200.86.184.230 - - [03/May/2017:11:35:16 -0300] "GET /cormun/servlet/trpermisosingoce? HTTP/1.1" 200 6595
186.79.59.60 - - [03/May/2017:11:35:19 -0300] "POST /cormun/servlet/solicitudot?gx-no-cache=1493822180305 HTTP/1.1" 200 30
186.79.59.60 - - [03/May/2017:11:35:22 -0300] "POST /cormun/servlet/solicitudot?gx-no-cache=1493822183893 HTTP/1.1" 200 1297
186.79.59.60 - - [03/May/2017:11:35:22 -0300] "POST /cormun/servlet/solicitudot?gx-no-cache=1493822184059 HTTP/1.1" 200 38
186.103.159.46 - - [03/May/2017:11:35:25 -0300] "GET /cormun/static/menuarrow.gif HTTP/1.1" 404 1015
186.79.59.60 - - [03/May/2017:11:35:36 -0300] "GET /cormun/servlet/solicitudot?dee7696f6e75f8213344b8b56be6738c6beb6c1cabfb3f5d30cecded88d2cf5f92df3e4a06a22038eb93b4fb7b3b287940c213f83238af4fd4bd408cdd53ad94d92a036b1dec5dc068b7d11451404f031565c55d49dcf1d69c74e63f4845e08d28e2c0f4ad671a6f1f1d9efb74746c202bdcd68ce76bb1d8e93e6541bcc74ba70e1c775ff311731f527d1b5a74ab9156bd2de527922403803bb3576dbbeacccf,gx-no-cache=1493822198104 HTTP/1.1" 200 29
186.79.59.60 - - [03/May/2017:11:35:37 -0300] "POST /cormun/servlet/solicitudot?gx-no-cache=1493822198187 HTTP/1.1" 200 1279
186.79.59.60 - - [03/May/2017:11:35:37 -0300] "POST /cormun/servlet/solicitudot?gx-no-cache=1493822198395 HTTP/1.1" 200 1163
192.168.10.96 - - [03/May/2017:11:35:45 -0300] "GET /cormun/servlet/trsolicitudgral? HTTP/1.1" 200 11668
192.168.10.96 - - [03/May/2017:11:35:45 -0300] "GET /cormun/servlet/trsolicitudgral? HTTP/1.1" 200 11668
192.168.10.96 - - [03/May/2017:11:35:58 -0300] "POST /cormun/servlet/trsolicitudgral?c75aa38dafdb1492b314197da636c04f,,gx-no-cache=1493825425664 HTTP/1.1" 200 6752
186.79.59.60 - - [03/May/2017:11:35:59 -0300] "GET /cormun/static/menuarrow.gif HTTP/1.1" 404 1015
192.168.10.96 - - [03/May/2017:11:36:03 -0300] "POST /cormun/servlet/trsolicitudgral?c75aa38dafdb1492b314197da636c04f,,gx-no-cache=1493825430552 HTTP/1.1" 200 5465
192.168.10.96 - - [03/May/2017:11:36:07 -0300] "POST /cormun/servlet/trsolicitudgral?c75aa38dafdb1492b314197da636c04f,,gx-no-cache=1493825434406 HTTP/1.1" 200 5463
192.168.10.96 - - [03/May/2017:11:36:13 -0300] "POST /cormun/servlet/trsolicitudgral?c75aa38dafdb1492b314197da636c04f,,gx-no-cache=1493825440276 HTTP/1.1" 200 6751
192.168.10.96 - - [03/May/2017:11:36:18 -0300] "POST /cormun/servlet/trsolicitudgral?c75aa38dafdb1492b314197da636c04f,,gx-no-cache=1493825445049 HTTP/1.1" 200 5467
192.168.10.96 - - [03/May/2017:11:36:20 -0300] "POST /cormun/servlet/trsolicitudgral?c75aa38dafdb1492b314197da636c04f,,gx-no-cache=1493825447648 HTTP/1.1" 200 6756
192.168.10.96 - - [03/May/2017:11:36:27 -0300] "POST /cormun/servlet/trsolicitudgral?c75aa38dafdb1492b314197da636c04f,,gx-no-cache=1493825454399 HTTP/1.1" 200 6751
186.79.59.60 - - [03/May/2017:11:36:29 -0300] "GET /cormun/servlet/solicitudot?dee7696f6e75f8213344b8b56be6738cb32a7b5f96bdf559bbfc97a5ed8fb84d3606bad0771e3125f11c474a2f668a0850dec31b28728f127a900ce2a3550fafc1f84a460dbb0a194162ddb46a702e947446ac6f5d7bb810cc725c3b3e5db99cc1a686c94101a34094cd111052e2b11ee081d18dcf4bb4791330176f57647fcd0098df94a0fabbd45e5ead8d32dfff5a5eb68447af313aaa865009569ee478ddb57ec3b74153dce0de1dc46ba5784060,gx-no-cache=1493822250436 HTTP/1.1" 200 30
186.79.59.60 - - [03/May/2017:11:36:40 -0300] "POST /cormun/servlet/solicitudot?803676e8b2b6a13f178ee23991ee1d6f,INS,0,0,,gx-no-cache=1493822261595 HTTP/1.1" 200 93
186.79.59.60 - - [03/May/2017:11:36:41 -0300] "GET /cormun/servlet/hpexe_return? HTTP/1.1" 200 1006
186.79.59.60 - - [03/May/2017:11:36:41 -0300] "GET /cormun/servlet/trsolicitudot HTTP/1.1" 200 8233
186.79.59.60 - - [03/May/2017:11:36:43 -0300] "GET /cormun/servlet/trsolicitudot HTTP/1.1" 200 8229
186.79.59.60 - - [03/May/2017:11:36:48 -0300] "POST /cormun/servlet/trsolicitudot?803676e8b2b6a13f178ee23991ee1d6f,gx-no-cache=1493822269232 HTTP/1.1" 200 4314
186.79.59.60 - - [03/May/2017:11:36:48 -0300] "GET /cormun/static/Shared/jqueryui/images/ui-bg_highlight-soft_100_c6c2c8_1x100.png HTTP/1.1" 404 1117
186.79.59.60 - - [03/May/2017:11:36:48 -0300] "GET /cormun/static/Shared/jqueryui/images/ui-icons_82798d_256x240.png HTTP/1.1" 404 1089
186.79.59.60 - - [03/May/2017:11:36:48 -0300] "GET /cormun/static/Shared/jqueryui/images/ui-bg_flat_55_fafafa_40x100.png HTTP/1.1" 404 1097
186.79.59.60 - - [03/May/2017:11:36:48 -0300] "GET /cormun/static/Shared/jqueryui/images/ui-icons_8d78a5_256x240.png HTTP/1.1" 404 1089
186.79.59.60 - - [03/May/2017:11:36:48 -0300] "POST /cormun/servlet/trsolicitudot?803676e8b2b6a13f178ee23991ee1d6f,gx-no-cache=1493822269904 HTTP/1.1" 200 4120
200.86.184.230 - - [03/May/2017:11:36:49 -0300] "POST /cormun/servlet/trpermisosingoce?3b295c243465c39a77dd30774f00d216,,gx-no-cache=1493823054331 HTTP/1.1" 200 3894
186.79.59.60 - - [03/May/2017:11:36:50 -0300] "GET /cormun/servlet/trautorizarsolicitud? HTTP/1.1" 200 8154
200.86.184.230 - - [03/May/2017:11:36:51 -0300] "POST /cormun/servlet/trpermisosingoce?3b295c243465c39a77dd30774f00d216,,gx-no-cache=1493823056548 HTTP/1.1" 200 3895
186.79.59.60 - - [03/May/2017:11:36:52 -0300] "GET /cormun/servlet/trautorizarsolicitud? HTTP/1.1" 200 8154
186.79.59.60 - - [03/May/2017:11:36:55 -0300] "POST /cormun/servlet/trautorizarsolicitud?803676e8b2b6a13f178ee23991ee1d6f,,gx-no-cache=1493822276489 HTTP/1.1" 200 4289
186.79.59.60 - - [03/May/2017:11:36:55 -0300] "GET /cormun/static/Shared/jqueryui/images/ui-bg_highlight-soft_100_c6c2c8_1x100.png HTTP/1.1" 404 1117
186.79.59.60 - - [03/May/2017:11:36:55 -0300] "GET /cormun/static/Shared/jqueryui/images/ui-icons_82798d_256x240.png HTTP/1.1" 404 1089
186.79.59.60 - - [03/May/2017:11:36:55 -0300] "GET /cormun/static/Shared/jqueryui/images/ui-bg_flat_55_fafafa_40x100.png HTTP/1.1" 404 1097
186.79.59.60 - - [03/May/2017:11:36:55 -0300] "GET /cormun/static/Shared/jqueryui/images/ui-icons_8d78a5_256x240.png HTTP/1.1" 404 1089
186.79.59.60 - - [03/May/2017:11:36:56 -0300] "POST /cormun/servlet/trautorizarsolicitud?803676e8b2b6a13f178ee23991ee1d6f,,gx-no-cache=1493822277040 HTTP/1.1" 200 4098
186.103.159.46 - - [03/May/2017:11:39:06 -0300] "GET /cormun/servlet/licenciaspermisos?8ef0f81512516c82a3b58033dfbc2bbcf3482ea63cc0f8f05a01175ec9f9841583f860eb1580276c84a81bd7a1ebf712879832e398f2c99847827d55ebfdab54e2c43ee96ac4121a2b7208ec41daa4b961f5a1894f4ddaf84a3cafd61a7f773276e454812f179cdc68892fc54cadd637d1f9a6bd91aab4ebe958ee5790ff4072f4b2583cc2de5965167567b7d278d83f90b9106811255cd68ea20eaa05bfe6d77a1a42d2ecb8d809f9f86d58b1fec019,gx-no-cache=1493822406623 HTTP/1.1" 200 30
186.103.159.46 - - [03/May/2017:11:39:06 -0300] "GET /cormun/servlet/licenciaspermisos?8ef0f81512516c82a3b58033dfbc2bbc13965be37b0d5d63019d241100a84682f82c230aa92fbcc666bf2ab251307a5d5fc5760ca3a94f8c65f1ddf95b0977a3a89d66875ccf2da1898ebac00f33e02c4ce8dfab0f89021044a6cb40192dad7fd2aae97107325a8767f36b598a0c5f5db0fc6e99318743184c22cebca75d57d55a99d62843a065e74949363b87ccc44f8777afffdf36b6df03aaa374ae0a06d29dc6ed8ecad5bb94f71ca04899142ac6,gx-no-cache=1493822406751 HTTP/1.1" 200 29
186.103.159.46 - - [03/May/2017:11:39:07 -0300] "POST /cormun/servlet/licenciaspermisos?8432e0b4700f674ac6f7640fc6a8e0ed,INS,0,,,,gx-no-cache=1493822406809 HTTP/1.1" 200 93
186.103.159.46 - - [03/May/2017:11:39:07 -0300] "GET /cormun/servlet/hpexe_return? HTTP/1.1" 200 1012
186.103.159.46 - - [03/May/2017:11:39:07 -0300] "GET /cormun/servlet/trlicencias HTTP/1.1" 200 8156
186.103.159.46 - - [03/May/2017:11:39:09 -0300] "GET /cormun/servlet/trlicencias HTTP/1.1" 200 8151
186.103.159.46 - - [03/May/2017:11:39:13 -0300] "GET /cormun/servlet/licenciaspermisos?INS,0,,, HTTP/1.1" 200 7173
186.103.159.46 - - [03/May/2017:11:39:14 -0300] "GET /cormun/servlet/licenciaspermisos?INS,0,,, HTTP/1.1" 200 7172
186.103.159.46 - - [03/May/2017:11:40:05 -0300] "GET /cormun/servlet/licenciaspermisos?8ef0f81512516c82a3b58033dfbc2bbc830c0d071cb357bda810284db78042180a31e45ca4e333f0d164b44eb343befe,gx-no-cache=1493822465006 HTTP/1.1" 200 69
186.103.159.46 - - [03/May/2017:11:40:05 -0300] "POST /cormun/servlet/licenciaspermisos?8432e0b4700f674ac6f7640fc6a8e0ed,INS,0,,,,gx-no-cache=1493822465352 HTTP/1.1" 200 4433
186.79.59.60 - - [03/May/2017:11:40:17 -0300] "GET /cormun/servlet/hlogin HTTP/1.1" 200 1724
186.79.59.60 - - [03/May/2017:11:40:28 -0300] "POST /cormun/servlet/hlogin?803676e8b2b6a13f178ee23991ee1d6f,gx-no-cache=1493822489426 HTTP/1.1" 200 90
186.79.59.60 - - [03/May/2017:11:40:28 -0300] "GET /cormun/servlet/hpexe_link HTTP/1.1" 200 964
186.79.59.60 - - [03/May/2017:11:40:28 -0300] "GET /cormun/servlet/trautorizarsolicitud? HTTP/1.1" 200 6936
186.79.59.60 - - [03/May/2017:11:40:30 -0300] "GET /cormun/servlet/trautorizarsolicitud? HTTP/1.1" 200 6934
186.103.159.46 - - [03/May/2017:11:40:44 -0300] "GET /cormun/static/menuarrow.gif HTTP/1.1" 404 1015
186.79.59.60 - - [03/May/2017:11:40:44 -0300] "GET /cormun/servlet/trpermisosgoce? HTTP/1.1" 200 6791
186.79.59.60 - - [03/May/2017:11:40:45 -0300] "GET /cormun/servlet/trpermisosgoce? HTTP/1.1" 200 6791
186.79.59.60 - - [03/May/2017:11:40:48 -0300] "GET /cormun/servlet/permisogoce?INS,0,,, HTTP/1.1" 200 6784
186.79.59.60 - - [03/May/2017:11:40:49 -0300] "GET /cormun/servlet/permisogoce?INS,0,,, HTTP/1.1" 200 6784
186.79.59.60 - - [03/May/2017:11:40:59 -0300] "GET /cormun/servlet/permisogoce?5ec37c3fc327671fe4498fa4f2b2ba0e5ab8f125948d6121fd578500002144e4cf843b2be5f1ae99a9b602122197045c,gx-no-cache=1493822520058 HTTP/1.1" 200 71
186.79.59.60 - - [03/May/2017:11:40:59 -0300] "GET /cormun/static/menuarrow.gif HTTP/1.1" 404 1015
186.79.59.60 - - [03/May/2017:11:41:04 -0300] "GET /cormun/servlet/permisogoce?5ec37c3fc327671fe4498fa4f2b2ba0e6d41860ca5ee2e00d4e0805dd825fdff3042caae7ce9cc37ada349a1bfb8f6757e10d22715227ea26e5c8263d5f7cf24,gx-no-cache=1493822525766 HTTP/1.1" 200 47
186.79.59.60 - - [03/May/2017:11:41:17 -0300] "POST /cormun/servlet/permisogoce?803676e8b2b6a13f178ee23991ee1d6f,INS,0,,,,gx-no-cache=1493822538172 HTTP/1.1" 200 93
186.79.59.60 - - [03/May/2017:11:41:17 -0300] "GET /cormun/servlet/hpexe_return? HTTP/1.1" 200 1009
186.79.59.60 - - [03/May/2017:11:41:18 -0300] "GET /cormun/servlet/trpermisosgoce HTTP/1.1" 200 7626
186.79.59.60 - - [03/May/2017:11:41:19 -0300] "GET /cormun/servlet/trpermisosgoce HTTP/1.1" 200 7622
186.79.59.60 - - [03/May/2017:11:41:23 -0300] "GET /cormun/servlet/permisogoce?INS,0,,, HTTP/1.1" 200 6784
186.79.59.60 - - [03/May/2017:11:41:24 -0300] "GET /cormun/servlet/permisogoce?INS,0,,, HTTP/1.1" 200 6784
186.79.59.60 - - [03/May/2017:11:41:35 -0300] "GET /cormun/servlet/permisogoce?5ec37c3fc327671fe4498fa4f2b2ba0e8a711247b1dd7ea69a5d2a9350bea83dcf843b2be5f1ae99a9b602122197045c,gx-no-cache=1493822556924 HTTP/1.1" 200 83
186.79.59.60 - - [03/May/2017:11:41:35 -0300] "GET /cormun/static/menuarrow.gif HTTP/1.1" 404 1015
190.151.100.218 - - [03/May/2017:11:41:39 -0300] "GET /cormun/servlet/hlogin HTTP/1.1" 200 1722
186.79.59.60 - - [03/May/2017:11:41:43 -0300] "GET /cormun/servlet/permisogoce?5ec37c3fc327671fe4498fa4f2b2ba0ef14abdf147175a3541ae6f4164681b7a44973fdb2515fd1db916f3b1387ab3f77e10d22715227ea26e5c8263d5f7cf24,gx-no-cache=1493822564846 HTTP/1.1" 200 47
186.79.59.60 - - [03/May/2017:11:41:57 -0300] "POST /cormun/servlet/permisogoce?803676e8b2b6a13f178ee23991ee1d6f,INS,0,,,,gx-no-cache=1493822578471 HTTP/1.1" 200 93
186.79.59.60 - - [03/May/2017:11:41:57 -0300] "GET /cormun/servlet/hpexe_return? HTTP/1.1" 200 1009
190.151.100.218 - - [03/May/2017:11:41:58 -0300] "POST /cormun/servlet/hlogin?238b403d21630a422e93eeccf6e99e1f,gx-no-cache=1493822578668 HTTP/1.1" 200 90
186.79.59.60 - - [03/May/2017:11:41:58 -0300] "GET /cormun/servlet/trpermisosgoce HTTP/1.1" 200 7881
190.151.100.218 - - [03/May/2017:11:41:58 -0300] "GET /cormun/servlet/hpexe_link HTTP/1.1" 200 949
186.103.161.206 - - [03/May/2017:11:41:58 -0300] "GET /cormun/servlet/hhome HTTP/1.1" 200 4003
190.151.100.218 - - [03/May/2017:11:41:58 -0300] "GET /cormun/static/hpexe_link.js?201731711483384 HTTP/1.1" 200 625
186.103.161.206 - - [03/May/2017:11:41:59 -0300] "GET /cormun/servlet/hhome HTTP/1.1" 200 3999
186.79.59.60 - - [03/May/2017:11:41:59 -0300] "GET /cormun/servlet/trpermisosgoce HTTP/1.1" 200 7877
186.79.59.60 - - [03/May/2017:11:42:04 -0300] "GET /cormun/servlet/permisogoce?INS,0,,, HTTP/1.1" 200 6784
190.151.100.218 - - [03/May/2017:11:42:04 -0300] "GET /cormun/servlet/trsolicitudot? HTTP/1.1" 200 6973
190.151.100.218 - - [03/May/2017:11:42:05 -0300] "GET /cormun/static/trsolicitudot.js?20173171151116 HTTP/1.1" 304 -
190.151.100.218 - - [03/May/2017:11:42:05 -0300] "GET /cormun/static/gxcfg.js?201731711505139 HTTP/1.1" 304 -
190.151.100.218 - - [03/May/2017:11:42:05 -0300] "GET /cormun/servlet/trsolicitudot? HTTP/1.1" 200 6972
186.79.59.60 - - [03/May/2017:11:42:05 -0300] "GET /cormun/servlet/permisogoce?INS,0,,, HTTP/1.1" 200 6784
190.151.100.218 - - [03/May/2017:11:42:09 -0300] "GET /cormun/servlet/solicitudot?INS,0,0, HTTP/1.1" 200 12820
190.151.100.218 - - [03/May/2017:11:42:09 -0300] "GET /cormun/static/Resources/Spanish/PXTools.css?18365030 HTTP/1.1" 304 -
186.103.132.155 - - [03/May/2017:11:42:09 -0300] "GET /cormun/static/gxcfg.js?20171191042720 HTTP/1.1" 304 -
190.151.100.218 - - [03/May/2017:11:42:10 -0300] "GET /cormun/static/solicitudot.js?2017119104297 HTTP/1.1" 304 -
190.151.100.218 - - [03/May/2017:11:42:11 -0300] "GET /cormun/servlet/solicitudot?INS,0,0, HTTP/1.1" 200 12825
186.79.59.60 - - [03/May/2017:11:42:15 -0300] "GET /cormun/servlet/permisogoce?5ec37c3fc327671fe4498fa4f2b2ba0ecd5503614b7fb75223813f87c1240a17cf843b2be5f1ae99a9b602122197045c,gx-no-cache=1493822596680 HTTP/1.1" 200 75
186.79.59.60 - - [03/May/2017:11:42:15 -0300] "GET /cormun/static/menuarrow.gif HTTP/1.1" 404 1015
186.79.59.60 - - [03/May/2017:11:42:22 -0300] "GET /cormun/servlet/permisogoce?5ec37c3fc327671fe4498fa4f2b2ba0e14bbf8c7707c18ad67ed3220a5b491e062b2ced60adae09d6e0557ea0305ffd67e10d22715227ea26e5c8263d5f7cf24,gx-no-cache=1493822603620 HTTP/1.1" 200 46
186.103.132.155 - - [03/May/2017:11:42:29 -0300] "GET /cormun/servlet/trcontratosolicitud? HTTP/1.1" 200 12391
186.103.132.155 - - [03/May/2017:11:42:29 -0300] "GET /cormun/static/gxcfg.js?20171317451682 HTTP/1.1" 200 953
186.103.132.155 - - [03/May/2017:11:42:29 -0300] "GET /cormun/static/trcontratosolicitud.js?20171317452124 HTTP/1.1" 200 28173
190.151.100.218 - - [03/May/2017:11:42:30 -0300] "GET /cormun//static/Resources/PXToolsActionDisabled.gif HTTP/1.1" 200 53
186.103.161.206 - - [03/May/2017:11:42:30 -0300] "GET /cormun//static/Resources/PXToolsGridNew.png HTTP/1.1" 200 2949
186.103.132.155 - - [03/May/2017:11:42:30 -0300] "GET /cormun/servlet/trcontratosolicitud? HTTP/1.1" 200 12387
186.79.59.60 - - [03/May/2017:11:42:34 -0300] "POST /cormun/servlet/permisogoce?803676e8b2b6a13f178ee23991ee1d6f,INS,0,,,,gx-no-cache=1493822615584 HTTP/1.1" 200 93
186.79.59.60 - - [03/May/2017:11:42:34 -0300] "GET /cormun/servlet/hpexe_return? HTTP/1.1" 200 1009
186.79.59.60 - - [03/May/2017:11:42:35 -0300] "GET /cormun/servlet/trpermisosgoce HTTP/1.1" 200 8082
186.79.59.60 - - [03/May/2017:11:42:36 -0300] "GET /cormun/servlet/trpermisosgoce HTTP/1.1" 200 8078
186.79.59.60 - - [03/May/2017:11:42:41 -0300] "GET /cormun/servlet/permisogoce?INS,0,,, HTTP/1.1" 200 6784
186.79.59.60 - - [03/May/2017:11:42:42 -0300] "GET /cormun/servlet/permisogoce?INS,0,,, HTTP/1.1" 200 6784
186.79.59.60 - - [03/May/2017:11:42:50 -0300] "GET /cormun/servlet/permisogoce?5ec37c3fc327671fe4498fa4f2b2ba0e9624220ba43c8df5280e69e0e934ec7ccf843b2be5f1ae99a9b602122197045c,gx-no-cache=1493822631377 HTTP/1.1" 200 75
186.79.59.60 - - [03/May/2017:11:42:50 -0300] "GET /cormun/static/menuarrow.gif HTTP/1.1" 404 1015
186.103.159.46 - - [03/May/2017:11:42:54 -0300] "GET /cormun/servlet/licenciaspermisos?8ef0f81512516c82a3b58033dfbc2bbcf3482ea63cc0f8f05a01175ec9f9841583f860eb1580276c84a81bd7a1ebf712879832e398f2c99847827d55ebfdab54e2c43ee96ac4121a2b7208ec41daa4b961f5a1894f4ddaf84a3cafd61a7f7732fdfcb4d88ec6ae8b57f792cc82baccedd1f9a6bd91aab4ebe958ee5790ff4072398fd29404cd26aa01db3e6eaa8308c14112c3f9a1c7d62d90505ecfe46df4be993514abfb037e09ceb9256d23db3afead6ee77d37184b4609cad3357d6eb0758f54ddd32407dbdf164f7791e4dff6f51d5888bab1a0db340c3b437b10b880e2,gx-no-cache=1493822633821 HTTP/1.1" 200 30
186.103.159.46 - - [03/May/2017:11:42:54 -0300] "GET /cormun/servlet/licenciaspermisos?8ef0f81512516c82a3b58033dfbc2bbc13965be37b0d5d63019d241100a84682f82c230aa92fbcc666bf2ab251307a5d5fc5760ca3a94f8c65f1ddf95b0977a3a89d66875ccf2da1898ebac00f33e02c4ce8dfab0f89021044a6cb40192dad7f4ba8e618e8ea8715f6d1196c574f77dcb0fc6e99318743184c22cebca75d57d54aec40d6a3f040e900e3350d55ddfae57b9432ff85c70c9c4769858b79311c5c89d55ca97dbdce62e7c38809056f6970ea014cfc8b082414dfe5e48d47c886885bbb9eaa565ca52b312f8671673817b9d88f4fc5efc27e50d4bcd5ef967984fc,gx-no-cache=1493822633995 HTTP/1.1" 200 29
186.103.159.46 - - [03/May/2017:11:42:54 -0300] "POST /cormun/servlet/licenciaspermisos?8432e0b4700f674ac6f7640fc6a8e0ed,INS,0,,,,gx-no-cache=1493822634095 HTTP/1.1" 200 93
186.103.159.46 - - [03/May/2017:11:42:54 -0300] "GET /cormun/servlet/hpexe_return? HTTP/1.1" 200 1012
186.103.159.46 - - [03/May/2017:11:42:54 -0300] "GET /cormun/servlet/trlicencias HTTP/1.1" 200 8478
186.103.159.46 - - [03/May/2017:11:42:56 -0300] "GET /cormun/servlet/trlicencias HTTP/1.1" 200 8473
186.79.59.60 - - [03/May/2017:11:42:57 -0300] "GET /cormun/servlet/permisogoce?5ec37c3fc327671fe4498fa4f2b2ba0e776b11bb5e6ffe63459074e0cdb5b14957812b90c199520568b68374e0f22ab87e10d22715227ea26e5c8263d5f7cf24,gx-no-cache=1493822639065 HTTP/1.1" 200 46
186.103.159.46 - - [03/May/2017:11:43:03 -0300] "GET /cormun/servlet/alicenciaprn?16621149,L,20170503000000,PU HTTP/1.1" 200 1595
186.79.59.60 - - [03/May/2017:11:43:14 -0300] "POST /cormun/servlet/permisogoce?803676e8b2b6a13f178ee23991ee1d6f,INS,0,,,,gx-no-cache=1493822654782 HTTP/1.1" 200 93
186.79.59.60 - - [03/May/2017:11:43:14 -0300] "GET /cormun/servlet/hpexe_return? HTTP/1.1" 200 1009
186.79.59.60 - - [03/May/2017:11:43:14 -0300] "GET /cormun/servlet/trpermisosgoce HTTP/1.1" 200 8309
186.79.59.60 - - [03/May/2017:11:43:15 -0300] "GET /cormun/servlet/trpermisosgoce HTTP/1.1" 200 8304
186.79.59.60 - - [03/May/2017:11:43:23 -0300] "GET /cormun/servlet/trpermisosadjuntos?14550284,20170503123624,P, HTTP/1.1" 200 6336
186.79.59.60 - - [03/May/2017:11:43:24 -0300] "GET /cormun/servlet/trpermisosadjuntos?14550284,20170503123624,P, HTTP/1.1" 200 6336
186.79.59.60 - - [03/May/2017:11:43:26 -0300] "GET /cormun/servlet/permisosadjuntos?INS,14550284,P,20170503123624,, HTTP/1.1" 200 5667
186.79.59.60 - - [03/May/2017:11:43:26 -0300] "GET /cormun/static/about:blank HTTP/1.1" 404 1011
186.79.59.60 - - [03/May/2017:11:43:27 -0300] "GET /cormun/servlet/permisosadjuntos?INS,14550284,P,20170503123624,, HTTP/1.1" 200 5657
186.103.159.46 - - [03/May/2017:11:43:34 -0300] "GET /cormun/servlet/alicenciaprn?7650750,L,20170503000000,PU HTTP/1.1" 200 1527
186.79.59.60 - - [03/May/2017:11:43:52 -0300] "POST /cormun/servlet/permisosadjuntos?803676e8b2b6a13f178ee23991ee1d6f,INS,14550284,P,20170503123624,, HTTP/1.1" 200 116
186.79.59.60 - - [03/May/2017:11:43:52 -0300] "GET /cormun/servlet/hpexe_return? HTTP/1.1" 200 1039
186.79.59.60 - - [03/May/2017:11:43:53 -0300] "GET /cormun/servlet/trpermisosadjuntos?14550284,20170503123624,P, HTTP/1.1" 200 6807
186.79.59.60 - - [03/May/2017:11:43:54 -0300] "GET /cormun/servlet/trpermisosadjuntos?14550284,20170503123624,P, HTTP/1.1" 200 6804
186.79.59.60 - - [03/May/2017:11:43:57 -0300] "POST /cormun/servlet/trpermisosadjuntos?803676e8b2b6a13f178ee23991ee1d6f,14550284,20170503123624,P,,gx-no-cache=1493822698157 HTTP/1.1" 200 90
186.79.59.60 - - [03/May/2017:11:43:57 -0300] "GET /cormun/servlet/hpexe_link HTTP/1.1" 200 983
186.79.59.60 - - [03/May/2017:11:43:57 -0300] "GET /cormun/servlet/trpermisosgoce HTTP/1.1" 200 8306
186.79.59.60 - - [03/May/2017:11:43:58 -0300] "GET /cormun/servlet/trpermisosgoce HTTP/1.1" 200 8304
186.79.59.60 - - [03/May/2017:11:44:10 -0300] "GET /cormun/servlet/trpermisosadjuntos?15806809,20170503123701,P, HTTP/1.1" 200 6329
186.79.59.60 - - [03/May/2017:11:44:11 -0300] "GET /cormun/servlet/trpermisosadjuntos?15806809,20170503123701,P, HTTP/1.1" 200 6329
186.79.59.60 - - [03/May/2017:11:44:16 -0300] "GET /cormun/servlet/permisosadjuntos?INS,15806809,P,20170503123701,, HTTP/1.1" 200 5658
186.79.59.60 - - [03/May/2017:11:44:17 -0300] "GET /cormun/static/about:blank HTTP/1.1" 404 1011
186.79.59.60 - - [03/May/2017:11:44:18 -0300] "GET /cormun/servlet/permisosadjuntos?INS,15806809,P,20170503123701,, HTTP/1.1" 200 5648
186.103.159.46 - - [03/May/2017:11:44:26 -0300] "GET /cormun/servlet/alicenciaprn?16621149,L,20170503000000,PU HTTP/1.1" 200 1595
192.168.10.96 - - [03/May/2017:11:44:33 -0300] "GET /cormun/servlet/trpermisosingocecormun? HTTP/1.1" 200 9176
192.168.10.96 - - [03/May/2017:11:44:34 -0300] "GET /cormun/servlet/trpermisosingocecormun? HTTP/1.1" 200 9176
192.168.10.96 - - [03/May/2017:11:44:39 -0300] "POST /cormun/servlet/trpermisosingocecormun?c75aa38dafdb1492b314197da636c04f,,gx-no-cache=1493825946080 HTTP/1.1" 200 6797
200.54.247.69 - - [03/May/2017:11:44:40 -0300] "POST /cormun/servlet/trlicencias?c9701b7c8e833af1871a8bceec8903b5,gx-no-cache=1493821232766,gx-no-cache=1493822740044 HTTP/1.1" 200 3827
200.54.247.69 - - [03/May/2017:11:44:43 -0300] "GET /cormun/servlet/licenciaspermisos?INS,0,,, HTTP/1.1" 200 7460
186.79.59.60 - - [03/May/2017:11:44:43 -0300] "POST /cormun/servlet/permisosadjuntos?803676e8b2b6a13f178ee23991ee1d6f,INS,15806809,P,20170503123701,, HTTP/1.1" 200 116
186.79.59.60 - - [03/May/2017:11:44:43 -0300] "GET /cormun/servlet/hpexe_return? HTTP/1.1" 200 1037
200.54.247.69 - - [03/May/2017:11:44:43 -0300] "GET /cormun/servlet/licenciaspermisos?INS,0,,, HTTP/1.1" 200 7437
186.79.59.60 - - [03/May/2017:11:44:44 -0300] "GET /cormun/servlet/trpermisosadjuntos?15806809,20170503123701,P, HTTP/1.1" 200 6786
186.79.59.60 - - [03/May/2017:11:44:46 -0300] "GET /cormun/servlet/trpermisosadjuntos?15806809,20170503123701,P, HTTP/1.1" 200 6782
186.79.59.60 - - [03/May/2017:11:44:48 -0300] "POST /cormun/servlet/trpermisosadjuntos?803676e8b2b6a13f178ee23991ee1d6f,15806809,20170503123701,P,,gx-no-cache=1493822748782 HTTP/1.1" 200 90
186.79.59.60 - - [03/May/2017:11:44:48 -0300] "GET /cormun/servlet/hpexe_link HTTP/1.1" 200 983
186.79.59.60 - - [03/May/2017:11:44:48 -0300] "GET /cormun/servlet/trpermisosgoce HTTP/1.1" 200 8306
186.79.59.60 - - [03/May/2017:11:44:50 -0300] "GET /cormun/servlet/trpermisosgoce HTTP/1.1" 200 8304
186.79.59.60 - - [03/May/2017:11:44:53 -0300] "GET /cormun/servlet/trpermisosadjuntos?14049165,20170503123741,P, HTTP/1.1" 200 6328
186.79.59.60 - - [03/May/2017:11:44:54 -0300] "GET /cormun/servlet/trpermisosadjuntos?14049165,20170503123741,P, HTTP/1.1" 200 6329
186.79.59.60 - - [03/May/2017:11:44:58 -0300] "GET /cormun/servlet/permisosadjuntos?INS,14049165,P,20170503123741,, HTTP/1.1" 200 5658
186.79.59.60 - - [03/May/2017:11:44:58 -0300] "GET /cormun/static/about:blank HTTP/1.1" 404 1011
186.79.59.60 - - [03/May/2017:11:44:58 -0300] "GET /cormun/servlet/permisosadjuntos?INS,14049165,P,20170503123741,, HTTP/1.1" 200 5648
186.79.59.60 - - [03/May/2017:11:45:20 -0300] "POST /cormun/servlet/permisosadjuntos?803676e8b2b6a13f178ee23991ee1d6f,INS,14049165,P,20170503123741,, HTTP/1.1" 200 116
186.79.59.60 - - [03/May/2017:11:45:20 -0300] "GET /cormun/servlet/hpexe_return? HTTP/1.1" 200 1039
186.79.59.60 - - [03/May/2017:11:45:20 -0300] "GET /cormun/servlet/trpermisosadjuntos?14049165,20170503123741,P, HTTP/1.1" 200 6787
186.79.59.60 - - [03/May/2017:11:45:21 -0300] "GET /cormun/servlet/trpermisosadjuntos?14049165,20170503123741,P, HTTP/1.1" 200 6785
186.79.59.60 - - [03/May/2017:11:45:24 -0300] "POST /cormun/servlet/trpermisosadjuntos?803676e8b2b6a13f178ee23991ee1d6f,14049165,20170503123741,P,,gx-no-cache=1493822785044 HTTP/1.1" 200 90
186.79.59.60 - - [03/May/2017:11:45:24 -0300] "GET /cormun/servlet/hpexe_link HTTP/1.1" 200 983
186.79.59.60 - - [03/May/2017:11:45:24 -0300] "GET /cormun/servlet/trpermisosgoce HTTP/1.1" 200 8308
186.79.59.60 - - [03/May/2017:11:45:25 -0300] "GET /cormun/servlet/trpermisosgoce HTTP/1.1" 200 8306
186.79.59.60 - - [03/May/2017:11:45:29 -0300] "GET /cormun/servlet/trpermisosadjuntos?10613676,20170503123544,P, HTTP/1.1" 200 6326
186.79.59.60 - - [03/May/2017:11:45:30 -0300] "GET /cormun/servlet/trpermisosadjuntos?10613676,20170503123544,P, HTTP/1.1" 200 6326
186.79.59.60 - - [03/May/2017:11:45:32 -0300] "GET /cormun/servlet/permisosadjuntos?INS,10613676,P,20170503123544,, HTTP/1.1" 200 5655
186.79.59.60 - - [03/May/2017:11:45:32 -0300] "GET /cormun/static/about:blank HTTP/1.1" 404 1011
186.79.59.60 - - [03/May/2017:11:45:33 -0300] "GET /cormun/servlet/permisosadjuntos?INS,10613676,P,20170503123544,, HTTP/1.1" 200 5642
186.103.159.46 - - [03/May/2017:11:45:45 -0300] "GET /cormun/servlet/alicenciaprn?7650750,L,20170503000000,PU HTTP/1.1" 200 1527
186.79.59.60 - - [03/May/2017:11:45:52 -0300] "POST /cormun/servlet/permisosadjuntos?803676e8b2b6a13f178ee23991ee1d6f,INS,10613676,P,20170503123544,, HTTP/1.1" 200 116
186.79.59.60 - - [03/May/2017:11:45:52 -0300] "GET /cormun/servlet/hpexe_return? HTTP/1.1" 200 1039
200.54.247.69 - - [03/May/2017:11:45:53 -0300] "GET /cormun/servlet/prfichaempleado?,MD,,gxPopupLevel%3D0%3B HTTP/1.1" 200 8880
186.79.59.60 - - [03/May/2017:11:45:53 -0300] "GET /cormun/servlet/trpermisosadjuntos?10613676,20170503123544,P, HTTP/1.1" 200 6782
186.79.59.60 - - [03/May/2017:11:45:54 -0300] "GET /cormun/servlet/trpermisosadjuntos?10613676,20170503123544,P, HTTP/1.1" 200 6778
186.79.59.60 - - [03/May/2017:11:45:57 -0300] "POST /cormun/servlet/trpermisosadjuntos?803676e8b2b6a13f178ee23991ee1d6f,10613676,20170503123544,P,,gx-no-cache=1493822818289 HTTP/1.1" 200 90
186.79.59.60 - - [03/May/2017:11:45:57 -0300] "GET /cormun/servlet/hpexe_link HTTP/1.1" 200 983
186.79.59.60 - - [03/May/2017:11:45:57 -0300] "GET /cormun/servlet/trpermisosgoce HTTP/1.1" 200 8305
186.79.59.60 - - [03/May/2017:11:45:58 -0300] "GET /cormun/servlet/trpermisosgoce HTTP/1.1" 200 8306
186.79.59.60 - - [03/May/2017:11:46:02 -0300] "POST /cormun/servlet/trpermisosgoce?803676e8b2b6a13f178ee23991ee1d6f,gx-no-cache=1493822822219 HTTP/1.1" 200 5380
186.79.59.60 - - [03/May/2017:11:46:02 -0300] "GET /cormun/static/Shared/jqueryui/images/ui-bg_highlight-soft_100_c6c2c8_1x100.png HTTP/1.1" 404 1117
186.79.59.60 - - [03/May/2017:11:46:02 -0300] "GET /cormun/static/Shared/jqueryui/images/ui-icons_82798d_256x240.png HTTP/1.1" 404 1089
186.79.59.60 - - [03/May/2017:11:46:02 -0300] "GET /cormun/static/Shared/jqueryui/images/ui-bg_flat_55_fafafa_40x100.png HTTP/1.1" 404 1097
186.79.59.60 - - [03/May/2017:11:46:02 -0300] "GET /cormun/static/Shared/jqueryui/images/ui-icons_8d78a5_256x240.png HTTP/1.1" 404 1089
186.79.59.60 - - [03/May/2017:11:46:03 -0300] "POST /cormun/servlet/trpermisosgoce?803676e8b2b6a13f178ee23991ee1d6f,gx-no-cache=1493822824422 HTTP/1.1" 200 5177
200.54.247.69 - - [03/May/2017:11:46:04 -0300] "POST /cormun/servlet/prfichaempleado?c9701b7c8e833af1871a8bceec8903b5,,MD,,gxPopupLevel%3D0%3B,gx-no-cache=1493822824487 HTTP/1.1" 200 3417
186.79.59.60 - - [03/May/2017:11:46:04 -0300] "POST /cormun/servlet/trpermisosgoce?803676e8b2b6a13f178ee23991ee1d6f,gx-no-cache=1493822825644 HTTP/1.1" 200 4929
186.79.59.60 - - [03/May/2017:11:46:05 -0300] "POST /cormun/servlet/trpermisosgoce?803676e8b2b6a13f178ee23991ee1d6f,gx-no-cache=1493822826750 HTTP/1.1" 200 4183
200.54.247.69 - - [03/May/2017:11:46:06 -0300] "GET /cormun/servlet/licenciaspermisos?a0d781ee01c02a8f5a1f0f34879829924e3b2154234dd5e5c1835d3d42cf8983b825d5a258a1cc19ab7ee80c4c4bdf1e,gx-no-cache=1493822826934 HTTP/1.1" 200 70
200.54.247.69 - - [03/May/2017:11:46:07 -0300] "POST /cormun/servlet/licenciaspermisos?c9701b7c8e833af1871a8bceec8903b5,INS,0,,,,gx-no-cache=1493822827017 HTTP/1.1" 200 4651
186.79.59.60 - - [03/May/2017:11:46:09 -0300] "GET /cormun/servlet/trautorizarpermisogoce? HTTP/1.1" 200 8170
186.79.59.60 - - [03/May/2017:11:46:10 -0300] "GET /cormun/servlet/trautorizarpermisogoce? HTTP/1.1" 200 8169
186.79.59.60 - - [03/May/2017:11:46:13 -0300] "POST /cormun/servlet/trautorizarpermisogoce?803676e8b2b6a13f178ee23991ee1d6f,,gx-no-cache=1493822834471 HTTP/1.1" 200 5311
186.79.59.60 - - [03/May/2017:11:46:13 -0300] "GET /cormun/static/Shared/jqueryui/images/ui-bg_highlight-soft_100_c6c2c8_1x100.png HTTP/1.1" 404 1117
186.79.59.60 - - [03/May/2017:11:46:13 -0300] "GET /cormun/static/Shared/jqueryui/images/ui-icons_82798d_256x240.png HTTP/1.1" 404 1089
186.79.59.60 - - [03/May/2017:11:46:13 -0300] "GET /cormun/static/Shared/jqueryui/images/ui-bg_flat_55_fafafa_40x100.png HTTP/1.1" 404 1097
186.79.59.60 - - [03/May/2017:11:46:14 -0300] "GET /cormun/static/Shared/jqueryui/images/ui-icons_8d78a5_256x240.png HTTP/1.1" 404 1089
186.79.59.60 - - [03/May/2017:11:46:14 -0300] "POST /cormun/servlet/trautorizarpermisogoce?803676e8b2b6a13f178ee23991ee1d6f,,gx-no-cache=1493822835760 HTTP/1.1" 200 5127
186.79.59.60 - - [03/May/2017:11:46:16 -0300] "POST /cormun/servlet/trautorizarpermisogoce?803676e8b2b6a13f178ee23991ee1d6f,,gx-no-cache=1493822836983 HTTP/1.1" 200 4877
186.79.59.60 - - [03/May/2017:11:46:17 -0300] "POST /cormun/servlet/trautorizarpermisogoce?803676e8b2b6a13f178ee23991ee1d6f,,gx-no-cache=1493822838196 HTTP/1.1" 200 4155
186.79.189.250 - - [03/May/2017:11:46:47 -0300] "GET /cormun/servlet/hlogin HTTP/1.1" 200 1719
186.79.189.250 - - [03/May/2017:11:46:47 -0300] "GET /cormun/static/Resources/Spanish/PXTools.css?11294912 HTTP/1.1" 304 -
186.79.189.250 - - [03/May/2017:11:46:48 -0300] "GET /cormun/static/Resources/PXToolsLoginBackground.png HTTP/1.1" 200 1164
186.79.189.250 - - [03/May/2017:11:46:48 -0300] "GET /cormun/static/Resources/PXToolsLoginBottom.png HTTP/1.1" 200 1389
186.79.189.250 - - [03/May/2017:11:46:48 -0300] "GET /cormun/servlet/hlogin HTTP/1.1" 200 1727
186.79.189.250 - - [03/May/2017:11:47:56 -0300] "POST /cormun/servlet/hlogin?d7cda75f9a0af133c15abe8dcba9c554,gx-no-cache=1493822937605 HTTP/1.1" 200 90
186.79.189.250 - - [03/May/2017:11:47:56 -0300] "GET /cormun/servlet/hpexe_link HTTP/1.1" 200 950
186.79.189.250 - - [03/May/2017:11:47:57 -0300] "GET /cormun/static/hpexe_link.js?201731711483384 HTTP/1.1" 304 -
186.79.189.250 - - [03/May/2017:11:47:57 -0300] "GET /cormun/servlet/hhome HTTP/1.1" 200 3808
186.79.189.250 - - [03/May/2017:11:47:57 -0300] "GET /cormun/static/hwchdr01.js?201731711335950 HTTP/1.1" 304 -
186.79.189.250 - - [03/May/2017:11:47:57 -0300] "GET /cormun/static/hpexe_recentlink.js?201610171694390 HTTP/1.1" 304 -
186.79.189.250 - - [03/May/2017:11:47:57 -0300] "GET /cormun/static/hpexe_scripts.js?201731711335890 HTTP/1.1" 304 -
186.79.189.250 - - [03/May/2017:11:47:57 -0300] "GET /cormun/static/cmcontrolpreferences.js?201731711335852 HTTP/1.1" 304 -
186.79.189.250 - - [03/May/2017:11:47:57 -0300] "GET /cormun/static/hmpwkw03.js?201731711485354 HTTP/1.1" 304 -
186.79.189.250 - - [03/May/2017:11:47:57 -0300] "GET /cormun/servlet/hhome HTTP/1.1" 200 3805
186.79.189.250 - - [03/May/2017:11:48:01 -0300] "GET /cormun/servlet/trsolicitudot? HTTP/1.1" 200 6761
186.79.189.250 - - [03/May/2017:11:48:01 -0300] "GET /cormun/static/gxcfg.js?201731711505139 HTTP/1.1" 200 953
186.79.189.250 - - [03/May/2017:11:48:01 -0300] "GET /cormun/static/trsolicitudot.js?20173171151116 HTTP/1.1" 200 53117
186.79.189.250 - - [03/May/2017:11:48:02 -0300] "GET /cormun/servlet/trsolicitudot? HTTP/1.1" 200 6760
186.79.189.250 - - [03/May/2017:11:48:04 -0300] "GET /cormun/servlet/solicitudot?INS,0,0, HTTP/1.1" 200 12620
186.79.189.250 - - [03/May/2017:11:48:04 -0300] "GET /cormun/static/calendar-system.css?85620 HTTP/1.1" 200 5572
186.79.189.250 - - [03/May/2017:11:48:04 -0300] "GET /cormun/static/gxcfg.js?20171191042720 HTTP/1.1" 200 953
186.79.189.250 - - [03/May/2017:11:48:04 -0300] "GET /cormun/static/Resources/Spanish/PXTools.css?18365030 HTTP/1.1" 200 89042
186.79.189.250 - - [03/May/2017:11:48:04 -0300] "GET /cormun/static/solicitudot.js?2017119104297 HTTP/1.1" 200 63948
186.79.189.250 - - [03/May/2017:11:48:05 -0300] "GET /cormun/servlet/solicitudot?INS,0,0, HTTP/1.1" 200 12624
200.54.247.69 - - [03/May/2017:11:48:05 -0300] "GET /cormun/servlet/licenciaspermisos?a0d781ee01c02a8f5a1f0f34879829924b2a4a77dac3b816d4a378a700b2410631b71a091fad7a66dcd5a04eb9e6f79dfe5c06861b9f265041fcd8c751867dfc2b6e23dd3a33aabf46af629e9f0379327aba5159feaeed3b373c5c7e91a6f2df1b50f080aa62fdece986a6e23b9eb9bc1cf991f949e96931e2a623622e37bc41e4df8aa82bfe50c62b45facfb1a248196fc40f120c1c9edf14dc17c2be0d3dfa6fcac7eab65fef0030b874c13ad4c757,gx-no-cache=1493822945668 HTTP/1.1" 200 30
200.54.247.69 - - [03/May/2017:11:48:05 -0300] "POST /cormun/servlet/licenciaspermisos?c9701b7c8e833af1871a8bceec8903b5,INS,0,,,,gx-no-cache=1493822945751 HTTP/1.1" 200 4740
200.54.247.69 - - [03/May/2017:11:48:07 -0300] "GET /cormun/servlet/prfichaempleado?,MD,,gxPopupLevel%3D0%3B HTTP/1.1" 200 8880
186.79.189.250 - - [03/May/2017:11:48:22 -0300] "POST /cormun/servlet/solicitudot?gx-no-cache=1493822963133 HTTP/1.1" 200 3092
186.79.189.250 - - [03/May/2017:11:48:23 -0300] "POST /cormun/servlet/solicitudot?d7cda75f9a0af133c15abe8dcba9c554,INS,0,0,,gx-no-cache=1493822963547 HTTP/1.1" 200 9679
186.79.189.250 - - [03/May/2017:11:48:35 -0300] "GET /cormun/servlet/solicitudot?10af920d322e665df51e8dfb820aae8f38316e2ee692e026c7779006929e8a95087c0e901b9cd205d7fb3138109f3b06,gx-no-cache=1493822976718 HTTP/1.1" 200 30
200.54.247.69 - - [03/May/2017:11:49:03 -0300] "POST /cormun/servlet/prfichaempleado?c9701b7c8e833af1871a8bceec8903b5,,MD,,gxPopupLevel%3D0%3B,gx-no-cache=1493823003862 HTTP/1.1" 200 5910
200.54.247.69 - - [03/May/2017:11:49:04 -0300] "GET /cormun/static/Resources/PXToolsGridLast.gif HTTP/1.1" 200 370
200.54.247.69 - - [03/May/2017:11:49:04 -0300] "GET /cormun/static/Resources/PXToolsGridNext.gif HTTP/1.1" 200 369
200.54.247.69 - - [03/May/2017:11:49:14 -0300] "GET /cormun/servlet/licenciaspermisos?a0d781ee01c02a8f5a1f0f34879829924e3b2154234dd5e5c1835d3d42cf89833aefdb599923f50766bf55e85067de34b41a7bc257c165d9b2eace41cfb6942d67a463db5eac51e9d323bdc0a30dcbaa6fcac7eab65fef0030b874c13ad4c757,gx-no-cache=1493823014714 HTTP/1.1" 200 70
200.54.247.69 - - [03/May/2017:11:49:14 -0300] "POST /cormun/servlet/licenciaspermisos?c9701b7c8e833af1871a8bceec8903b5,INS,0,,,,gx-no-cache=1493823014748 HTTP/1.1" 200 4729
