200.54.247.69 - - [03/May/2017:11:49:16 -0300] "GET /cormun/servlet/licenciaspermisos?a0d781ee01c02a8f5a1f0f348798299271b4c7b5b5644109fe9273d650be3361a1979d9ec5fc1710615de2417ab55254eb5c67a88fea47c38facce9421a6b266cffddc21eabb7d145d57e155d3f0cfc50296a949617e8a38644ca6ea648b544f86ede5fa01a65bb76a830491d4978d8b4bbf85c3c25fd3896291766106e4881eaa793b99ec7652ed6f7010d54dc0936e363f28fd2d25af0288ae93b4570ed4827b3c5e2aca30471f4e946003d12676eb,gx-no-cache=1493823016307 HTTP/1.1" 200 65
200.54.247.69 - - [03/May/2017:11:49:16 -0300] "POST /cormun/servlet/licenciaspermisos?c9701b7c8e833af1871a8bceec8903b5,INS,0,,,,gx-no-cache=1493823016336 HTTP/1.1" 200 93
200.54.247.69 - - [03/May/2017:11:49:16 -0300] "GET /cormun/servlet/hpexe_return? HTTP/1.1" 200 1039
200.54.247.69 - - [03/May/2017:11:49:16 -0300] "GET /cormun/servlet/trlicencias?gx-no-cache=1493821232766 HTTP/1.1" 200 7961
200.54.247.69 - - [03/May/2017:11:49:17 -0300] "GET /cormun/servlet/trlicencias?gx-no-cache=1493821232766 HTTP/1.1" 200 7979
200.54.247.69 - - [03/May/2017:11:49:29 -0300] "GET /cormun/servlet/trlicenciaspermisosadjuntos?15806390,20170503000000,L, HTTP/1.1" 200 6411
200.54.247.69 - - [03/May/2017:11:49:29 -0300] "GET /cormun/servlet/trlicenciaspermisosadjuntos?15806390,20170503000000,L, HTTP/1.1" 200 6391
200.54.247.69 - - [03/May/2017:11:49:31 -0300] "GET /cormun/servlet/licenciaspermisosadjuntos?INS,15806390,L,20170503000000,, HTTP/1.1" 200 5689
200.54.247.69 - - [03/May/2017:11:49:31 -0300] "GET /cormun/static/about:blank HTTP/1.1" 404 1011
200.54.247.69 - - [03/May/2017:11:49:31 -0300] "GET /cormun/servlet/licenciaspermisosadjuntos?INS,15806390,L,20170503000000,, HTTP/1.1" 200 5678
200.54.247.69 - - [03/May/2017:11:49:42 -0300] "POST /cormun/servlet/licenciaspermisosadjuntos?c9701b7c8e833af1871a8bceec8903b5,INS,15806390,L,20170503000000,,,gx-no-cache=1493823042769 HTTP/1.1" 200 93
200.54.247.69 - - [03/May/2017:11:49:42 -0300] "GET /cormun/servlet/hpexe_return? HTTP/1.1" 200 1047
200.54.247.69 - - [03/May/2017:11:49:43 -0300] "GET /cormun/servlet/trlicenciaspermisosadjuntos?15806390,20170503000000,L, HTTP/1.1" 200 6744
200.54.247.69 - - [03/May/2017:11:49:43 -0300] "GET /cormun/servlet/trlicenciaspermisosadjuntos?15806390,20170503000000,L, HTTP/1.1" 200 6741
200.54.247.69 - - [03/May/2017:11:49:45 -0300] "GET /cormun/servlet/licenciaspermisosadjuntos?DLT,15806390,L,20170503000000,20170503124358, HTTP/1.1" 200 5645
200.54.247.69 - - [03/May/2017:11:49:46 -0300] "GET /cormun/static/about:blank HTTP/1.1" 404 1011
200.54.247.69 - - [03/May/2017:11:49:46 -0300] "GET /cormun/static/Shared/jqueryui/images/ui-bg_highlight-soft_100_c6c2c8_1x100.png HTTP/1.1" 404 1117
200.54.247.69 - - [03/May/2017:11:49:46 -0300] "GET /cormun/static/Shared/jqueryui/images/ui-icons_82798d_256x240.png HTTP/1.1" 404 1089
200.54.247.69 - - [03/May/2017:11:49:46 -0300] "GET /cormun/static/Shared/jqueryui/images/ui-bg_flat_55_fafafa_40x100.png HTTP/1.1" 404 1097
200.54.247.69 - - [03/May/2017:11:49:46 -0300] "GET /cormun/static/Shared/jqueryui/images/ui-icons_8d78a5_256x240.png HTTP/1.1" 404 1089
200.54.247.69 - - [03/May/2017:11:49:46 -0300] "GET /cormun/servlet/licenciaspermisosadjuntos?DLT,15806390,L,20170503000000,20170503124358, HTTP/1.1" 200 5634
200.54.247.69 - - [03/May/2017:11:49:47 -0300] "POST /cormun/servlet/licenciaspermisosadjuntos?c9701b7c8e833af1871a8bceec8903b5,DLT,15806390,L,20170503000000,20170503124358,,gx-no-cache=1493823047764 HTTP/1.1" 200 93
200.54.247.69 - - [03/May/2017:11:49:47 -0300] "GET /cormun/servlet/hpexe_return? HTTP/1.1" 200 1055
200.54.247.69 - - [03/May/2017:11:49:48 -0300] "GET /cormun/servlet/trlicenciaspermisosadjuntos?15806390,20170503000000,L, HTTP/1.1" 200 6744
200.54.247.69 - - [03/May/2017:11:49:48 -0300] "GET /cormun/servlet/trlicenciaspermisosadjuntos?15806390,20170503000000,L, HTTP/1.1" 200 6741
200.54.247.69 - - [03/May/2017:11:49:50 -0300] "GET /cormun/servlet/licenciaspermisosadjuntos?INS,15806390,L,20170503000000,, HTTP/1.1" 200 5689
200.54.247.69 - - [03/May/2017:11:49:50 -0300] "GET /cormun/static/about:blank HTTP/1.1" 404 1011
200.54.247.69 - - [03/May/2017:11:49:50 -0300] "GET /cormun/servlet/licenciaspermisosadjuntos?INS,15806390,L,20170503000000,, HTTP/1.1" 200 5679
186.103.159.46 - - [03/May/2017:11:50:04 -0300] "GET /cormun/servlet/hhome HTTP/1.1" 200 3324
186.103.159.46 - - [03/May/2017:11:50:07 -0300] "GET /cormun/servlet/hhome HTTP/1.1" 200 3333
186.103.159.46 - - [03/May/2017:11:50:08 -0300] "GET /cormun/servlet/hlogin HTTP/1.1" 200 1731
200.54.247.69 - - [03/May/2017:11:50:20 -0300] "POST /cormun/servlet/licenciaspermisosadjuntos?c9701b7c8e833af1871a8bceec8903b5,INS,15806390,L,20170503000000,, HTTP/1.1" 200 116
200.54.247.69 - - [03/May/2017:11:50:20 -0300] "GET /cormun/servlet/hpexe_return? HTTP/1.1" 200 1047
200.54.247.69 - - [03/May/2017:11:50:22 -0300] "GET /cormun/servlet/trlicenciaspermisosadjuntos?15806390,20170503000000,L, HTTP/1.1" 200 6957
200.54.247.69 - - [03/May/2017:11:50:24 -0300] "GET /cormun/servlet/trlicenciaspermisosadjuntos?15806390,20170503000000,L, HTTP/1.1" 200 6954
186.103.159.46 - - [03/May/2017:11:50:24 -0300] "POST /cormun/servlet/hlogin?30b92d83626f08253db10061f47e3e45,gx-no-cache=1493823085319 HTTP/1.1" 200 90
186.103.159.46 - - [03/May/2017:11:50:24 -0300] "GET /cormun/servlet/hpexe_link HTTP/1.1" 200 950
186.103.159.46 - - [03/May/2017:11:50:24 -0300] "GET /cormun/servlet/hhome HTTP/1.1" 200 3781
186.103.159.46 - - [03/May/2017:11:50:26 -0300] "GET /cormun/servlet/hhome HTTP/1.1" 200 3780
200.54.247.69 - - [03/May/2017:11:50:33 -0300] "GET /cormun/servlet/licenciaspermisosadjuntos?DLT,15806390,L,20170503000000,20170503124358, HTTP/1.1" 200 5645
200.54.247.69 - - [03/May/2017:11:50:33 -0300] "GET /cormun/static/about:blank HTTP/1.1" 404 1011
186.79.189.250 - - [03/May/2017:11:50:33 -0300] "POST /cormun/servlet/solicitudot?gx-no-cache=1493823094498 HTTP/1.1" 200 255
200.54.247.69 - - [03/May/2017:11:50:33 -0300] "GET /cormun/static/Shared/jqueryui/images/ui-bg_highlight-soft_100_c6c2c8_1x100.png HTTP/1.1" 404 1117
200.54.247.69 - - [03/May/2017:11:50:33 -0300] "GET /cormun/static/Shared/jqueryui/images/ui-icons_82798d_256x240.png HTTP/1.1" 404 1089
200.54.247.69 - - [03/May/2017:11:50:33 -0300] "GET /cormun/static/Shared/jqueryui/images/ui-bg_flat_55_fafafa_40x100.png HTTP/1.1" 404 1097
200.54.247.69 - - [03/May/2017:11:50:33 -0300] "GET /cormun/static/Shared/jqueryui/images/ui-icons_8d78a5_256x240.png HTTP/1.1" 404 1089
200.54.247.69 - - [03/May/2017:11:50:33 -0300] "GET /cormun/servlet/licenciaspermisosadjuntos?DLT,15806390,L,20170503000000,20170503124358, HTTP/1.1" 200 5634
200.54.247.69 - - [03/May/2017:11:50:35 -0300] "POST /cormun/servlet/licenciaspermisosadjuntos?c9701b7c8e833af1871a8bceec8903b5,DLT,15806390,L,20170503000000,20170503124358,,gx-no-cache=1493823095134 HTTP/1.1" 200 93
200.54.247.69 - - [03/May/2017:11:50:35 -0300] "GET /cormun/servlet/hpexe_return? HTTP/1.1" 200 1055
186.79.189.250 - - [03/May/2017:11:50:36 -0300] "GET /cormun/servlet/solicitudot?10af920d322e665df51e8dfb820aae8f3cb42b2be890808af7ed2b3bc56d2a04ec787dc071bccd80b0e17b56c3b758d70e3ae5fcd1b2f7d3cc5f1c7dfdcf2e2d7ebf52b7d1aa01138b4c69d9aa4b88dc53bc81b1865e9ae76eb764a599407f155ee9a532d7acaac3250f48fffb737f1020b1d8c28d70455b2dd30d921f232bd1c66105097bb9c14ecb1ad45bb072ae0ba4b664fce9a3b32fd6e5516a2acbb338a440017aa25a9a501f639c454312018d052dfd8df1fac57962dcf0cd7f77e41b8644a0c1cf6e12edf15d67922d27517ac9df252d33f68ce404f1c774e4058d9045d8997564889ff77b92f06fd54029a5268e1ccedd5ac5f96ed3d5613e7d2b6ef1b375f16f997b4eddf55c2224631f94d644179e023565a998e45122bf5994e0d494949927e065d156589a72685a5d39d8d17fc4f6d922c23a3384c53b900654993bec7eea6abf0625491f1b8c94486ea2e260c15a1665a59cc899c2edb6aef8e312ca627c8439c1d9a13e13c79e2d92af974aab4caa1cd23b29d640ec090c7b,gx-no-cache=1493823096593 HTTP/1.1" 200 30
200.54.247.69 - - [03/May/2017:11:50:36 -0300] "GET /cormun/servlet/trlicenciaspermisosadjuntos?15806390,20170503000000,L, HTTP/1.1" 200 6876
200.54.247.69 - - [03/May/2017:11:50:38 -0300] "GET /cormun/servlet/trlicenciaspermisosadjuntos?15806390,20170503000000,L, HTTP/1.1" 200 6873
186.79.189.250 - - [03/May/2017:11:50:39 -0300] "POST /cormun/servlet/solicitudot?gx-no-cache=1493823099872 HTTP/1.1" 200 30
200.54.247.69 - - [03/May/2017:11:50:39 -0300] "POST /cormun/servlet/trlicenciaspermisosadjuntos?c9701b7c8e833af1871a8bceec8903b5,15806390,20170503000000,L,,gx-no-cache=1493823099755 HTTP/1.1" 200 90
200.54.247.69 - - [03/May/2017:11:50:39 -0300] "GET /cormun/servlet/hpexe_link HTTP/1.1" 200 1011
200.54.247.69 - - [03/May/2017:11:50:40 -0300] "GET /cormun/servlet/trlicencias?gx-no-cache=1493821232766 HTTP/1.1" 200 7959
200.54.247.69 - - [03/May/2017:11:50:40 -0300] "GET /cormun/servlet/trlicencias?gx-no-cache=1493821232766 HTTP/1.1" 200 7979
186.103.159.46 - - [03/May/2017:11:50:41 -0300] "GET /cormun/servlet/trvisualizadoreventos? HTTP/1.1" 200 6514
200.54.247.69 - - [03/May/2017:11:50:42 -0300] "GET /cormun/servlet/alicenciaprn?15806390,L,20170503000000,PU HTTP/1.1" 200 1596
186.103.159.46 - - [03/May/2017:11:50:42 -0300] "GET /cormun/static/gxcfg.js?201731711523419 HTTP/1.1" 200 953
186.103.159.46 - - [03/May/2017:11:50:42 -0300] "GET /cormun/static/Resources/PXToolsActionPrint.png HTTP/1.1" 200 3317
186.103.159.46 - - [03/May/2017:11:50:42 -0300] "GET /cormun/static/trvisualizadoreventos.js?20173171152387 HTTP/1.1" 200 19309
186.103.159.46 - - [03/May/2017:11:50:43 -0300] "GET /cormun/servlet/trvisualizadoreventos? HTTP/1.1" 200 6514
186.103.159.46 - - [03/May/2017:11:50:50 -0300] "GET /cormun/servlet/trlicencias? HTTP/1.1" 200 8472
186.103.159.46 - - [03/May/2017:11:50:51 -0300] "GET /cormun/servlet/trlicencias? HTTP/1.1" 200 8471
186.103.159.46 - - [03/May/2017:11:50:59 -0300] "GET /cormun/servlet/alicenciaprn?9704881,L,20170503000000,PU HTTP/1.1" 200 1554
200.54.247.69 - - [03/May/2017:11:51:06 -0300] "POST /cormun/servlet/trlicencias?c9701b7c8e833af1871a8bceec8903b5,gx-no-cache=1493821232766,gx-no-cache=1493823126365 HTTP/1.1" 200 3989
200.54.247.69 - - [03/May/2017:11:51:06 -0300] "GET /cormun/static/Shared/jqueryui/images/ui-bg_highlight-soft_100_c6c2c8_1x100.png HTTP/1.1" 404 1117
200.54.247.69 - - [03/May/2017:11:51:06 -0300] "GET /cormun/static/Shared/jqueryui/images/ui-icons_82798d_256x240.png HTTP/1.1" 404 1089
200.54.247.69 - - [03/May/2017:11:51:06 -0300] "GET /cormun/static/Shared/jqueryui/images/ui-bg_flat_55_fafafa_40x100.png HTTP/1.1" 404 1097
200.54.247.69 - - [03/May/2017:11:51:06 -0300] "GET /cormun/static/Shared/jqueryui/images/ui-icons_8d78a5_256x240.png HTTP/1.1" 404 1089
186.79.59.60 - - [03/May/2017:11:51:19 -0300] "GET /cormun/servlet/tratrazos? HTTP/1.1" 200 6809
186.79.59.60 - - [03/May/2017:11:51:19 -0300] "GET /cormun/static/gxcfg.js?2016111619465317 HTTP/1.1" 200 953
186.79.59.60 - - [03/May/2017:11:51:19 -0300] "GET /cormun/static/tratrazos.js?2016111619465747 HTTP/1.1" 200 30414
186.79.59.60 - - [03/May/2017:11:51:29 -0300] "GET /cormun/servlet/tratrazos? HTTP/1.1" 200 6809
186.79.59.60 - - [03/May/2017:11:51:29 -0300] "POST /cormun/servlet/acontrolpreferencessavestate?None,GSAAVEDRA,true HTTP/1.1" 200 35
186.79.189.250 - - [03/May/2017:11:51:29 -0300] "POST /cormun/servlet/solicitudot?gx-no-cache=1493823146054 HTTP/1.1" 200 235
186.79.59.60 - - [03/May/2017:11:51:29 -0300] "GET /cormun/servlet/atrazos?INS,0, HTTP/1.1" 200 6752
186.79.189.250 - - [03/May/2017:11:51:29 -0300] "POST /cormun/servlet/solicitudot?gx-no-cache=1493823149972 HTTP/1.1" 200 38
186.79.59.60 - - [03/May/2017:11:51:29 -0300] "GET /cormun/static/gxcfg.js?201732912141335 HTTP/1.1" 200 953
186.79.59.60 - - [03/May/2017:11:51:29 -0300] "GET /cormun/static/atrazos.js?201732912141379 HTTP/1.1" 200 24012
186.79.59.60 - - [03/May/2017:11:51:30 -0300] "GET /cormun/servlet/atrazos?INS,0, HTTP/1.1" 200 6752
186.79.59.60 - - [03/May/2017:11:52:20 -0300] "GET /cormun/servlet/atrazos?dd7cde6be9e9343c30871392bb543fcc154ca3366a6b256e7594d64794c4a712ddd044d112a3e2ca551482df6df9eeee,gx-no-cache=1493823202086 HTTP/1.1" 200 66
186.79.59.60 - - [03/May/2017:11:52:21 -0300] "GET /cormun/static/menuarrow.gif HTTP/1.1" 404 1015
186.79.59.60 - - [03/May/2017:11:52:26 -0300] "GET /cormun/servlet/atrazos?dd7cde6be9e9343c30871392bb543fcc1df2257db13d8dc8cef879f84fdb7e89ffc601cf5afe1328320a514c692865e4,gx-no-cache=1493823208129 HTTP/1.1" 200 33
186.79.59.60 - - [03/May/2017:11:52:35 -0300] "GET /cormun/servlet/atrazos?dd7cde6be9e9343c30871392bb543fcceca56080ecb98cf22f03fb90f6fec0ec8bcc3e00809f129d3f3fb5ac4d7b6efa04071a78c90e2069a15ae078211e713d72fa342c2f8d04e48265eb6fa6b7fb6e5efcc22edb295c7e4280b895d1e55fdacf41206ce8f125e23aa226132ebdfdbdbfd05615507270ba4fe01d4bee3e064d6f5d7c1223fe2c169665a920640109920d7e554fed4e1f22229bd951eed5d94d,gx-no-cache=1493823216315 HTTP/1.1" 200 45
186.79.59.60 - - [03/May/2017:11:53:00 -0300] "POST /cormun/servlet/atrazos?803676e8b2b6a13f178ee23991ee1d6f,INS,0,,gx-no-cache=1493823241295 HTTP/1.1" 200 93
186.79.59.60 - - [03/May/2017:11:53:00 -0300] "GET /cormun/servlet/hpexe_return? HTTP/1.1" 200 1002
186.79.59.60 - - [03/May/2017:11:53:01 -0300] "GET /cormun/servlet/tratrazos HTTP/1.1" 200 7583
186.79.59.60 - - [03/May/2017:11:53:02 -0300] "GET /cormun/servlet/tratrazos HTTP/1.1" 200 7579
186.79.59.60 - - [03/May/2017:11:53:36 -0300] "GET /cormun/servlet/atrazos?INS,0, HTTP/1.1" 200 6752
186.79.59.60 - - [03/May/2017:11:53:37 -0300] "GET /cormun/servlet/atrazos?INS,0, HTTP/1.1" 200 6753
186.79.189.250 - - [03/May/2017:11:54:09 -0300] "GET /cormun/servlet/solicitudot?10af920d322e665df51e8dfb820aae8fc2666706670a140e17f3e2e060283c5608174336b0fe73e6ea149269f4a908f7717cb8f080f74eace116e2c51f39b60d4c32faef5ff210206771753e010e19d01056a2ca915c997ff4149a0d0ed4ffbc30d33f624fd07af7f5dd0e0b709fa68c,gx-no-cache=1493823310512 HTTP/1.1" 200 29
186.79.189.250 - - [03/May/2017:11:54:09 -0300] "POST /cormun/servlet/solicitudot?gx-no-cache=1493823310641 HTTP/1.1" 200 676
186.79.189.250 - - [03/May/2017:11:54:11 -0300] "POST /cormun/servlet/solicitudot?gx-no-cache=1493823311769 HTTP/1.1" 200 1162
186.79.189.250 - - [03/May/2017:11:54:21 -0300] "GET /cormun/static/menuarrow.gif HTTP/1.1" 404 1015
186.79.189.250 - - [03/May/2017:11:54:31 -0300] "GET /cormun/servlet/solicitudot?10af920d322e665df51e8dfb820aae8fb9f33776e214693e3b43a21cd551cf3cb682db5a43457aebb532131e271d55c0c09ee1334ce01a86f2826b497549fe5f6e5b4922ef2c9469a06c2ff8097b85050f8dd8ecf7af8b392388b1b367c42f9b7792d5d736aa51f4fb672e1afb6a5fc670775aa05d898788b2e386d810c8a0d4f2500fb36aee447a39d1916d218463995042ac4f054da410f0d104e3d5229081f44743fa3af8d07d1d5107ba4613845d,gx-no-cache=1493823332279 HTTP/1.1" 200 30
186.79.189.250 - - [03/May/2017:11:54:48 -0300] "POST /cormun/servlet/solicitudot?d7cda75f9a0af133c15abe8dcba9c554,INS,0,0,,gx-no-cache=1493823348268 HTTP/1.1" 200 93
186.79.189.250 - - [03/May/2017:11:54:48 -0300] "GET /cormun/servlet/hpexe_return? HTTP/1.1" 200 1003
186.79.189.250 - - [03/May/2017:11:54:48 -0300] "GET /cormun/static/Resources/Spanish/PXTools.css?167811 HTTP/1.1" 304 -
186.79.189.250 - - [03/May/2017:11:54:48 -0300] "GET /cormun/static/hpexe_return.js?2016101716175153 HTTP/1.1" 304 -
186.79.189.250 - - [03/May/2017:11:54:48 -0300] "GET /cormun/servlet/trsolicitudot HTTP/1.1" 200 8041
186.79.189.250 - - [03/May/2017:11:54:49 -0300] "GET /cormun//static/Resources/PXToolsActionView.png HTTP/1.1" 200 2995
186.79.189.250 - - [03/May/2017:11:54:49 -0300] "GET /cormun/servlet/trsolicitudot HTTP/1.1" 200 8037
186.79.189.250 - - [03/May/2017:11:54:49 -0300] "GET /cormun//static/Resources/PXToolsRemoveAllAction.png HTTP/1.1" 200 3558
186.79.189.250 - - [03/May/2017:11:55:00 -0300] "POST /cormun/servlet/trsolicitudot?d7cda75f9a0af133c15abe8dcba9c554,gx-no-cache=1493823361395 HTTP/1.1" 200 107
186.79.189.250 - - [03/May/2017:11:55:01 -0300] "GET /cormun/servlet/trsolicitudadjuntos?2017,6293, HTTP/1.1" 200 5910
186.79.189.250 - - [03/May/2017:11:55:01 -0300] "GET /cormun/static/gxcfg.js?201731711504543 HTTP/1.1" 200 953
186.79.189.250 - - [03/May/2017:11:55:01 -0300] "GET /cormun/static/trsolicitudadjuntos.js?201731711504951 HTTP/1.1" 200 17913
186.79.189.250 - - [03/May/2017:11:55:01 -0300] "GET /cormun/servlet/trsolicitudadjuntos?2017,6293, HTTP/1.1" 200 5910
186.79.189.250 - - [03/May/2017:11:55:05 -0300] "GET /cormun/servlet/solicitudotadjuntos?INS,2017,6293,,1, HTTP/1.1" 200 5845
186.79.189.250 - - [03/May/2017:11:55:05 -0300] "GET /cormun/static/gxcfg.js?201612218465951 HTTP/1.1" 200 953
186.79.189.250 - - [03/May/2017:11:55:05 -0300] "GET /cormun/static/solicitudotadjuntos.js?201612218465969 HTTP/1.1" 200 11762
186.79.189.250 - - [03/May/2017:11:55:05 -0300] "GET /cormun/static/about:blank HTTP/1.1" 404 1011
186.79.189.250 - - [03/May/2017:11:55:05 -0300] "GET /cormun/servlet/solicitudotadjuntos?INS,2017,6293,,1, HTTP/1.1" 200 5839
186.79.189.250 - - [03/May/2017:11:55:06 -0300] "GET /cormun/servlet/solicitudotadjuntos?10af920d322e665df51e8dfb820aae8f3fea438bd517c9543a4b2cb7199d1f986e5de475bbba2de25ec08a61f17ba2c1,gx-no-cache=1493823366780 HTTP/1.1" 200 30
186.79.189.250 - - [03/May/2017:11:55:06 -0300] "POST /cormun/servlet/solicitudotadjuntos?d7cda75f9a0af133c15abe8dcba9c554,INS,2017,6293,,1,,gx-no-cache=1493823366851 HTTP/1.1" 200 3683
186.79.189.250 - - [03/May/2017:11:55:09 -0300] "POST /cormun/servlet/solicitudotadjuntos?gx-no-cache=1493823369791 HTTP/1.1" 200 26
186.79.189.250 - - [03/May/2017:11:55:58 -0300] "GET /cormun/servlet/solicitudotadjuntos?10af920d322e665df51e8dfb820aae8f833b744933cfc8e6ce188cfdb5c9c48b,gx-no-cache=1493823419351 HTTP/1.1" 200 30
186.79.189.250 - - [03/May/2017:11:55:58 -0300] "GET /cormun/servlet/solicitudotadjuntos?10af920d322e665df51e8dfb820aae8f833b744933cfc8e6ce188cfdb5c9c48b,gx-no-cache=1493823419424 HTTP/1.1" 200 30
186.79.189.250 - - [03/May/2017:11:56:00 -0300] "POST /cormun/servlet/solicitudotadjuntos?d7cda75f9a0af133c15abe8dcba9c554,INS,2017,6293,,1, HTTP/1.1" 200 116
186.79.189.250 - - [03/May/2017:11:56:01 -0300] "GET /cormun/servlet/hpexe_return? HTTP/1.1" 200 1022
186.79.189.250 - - [03/May/2017:11:56:01 -0300] "GET /cormun/servlet/trsolicitudadjuntos?2017,6293, HTTP/1.1" 200 8074
186.79.189.250 - - [03/May/2017:11:56:01 -0300] "GET /cormun/servlet/trsolicitudadjuntos?2017,6293, HTTP/1.1" 200 8068
186.79.189.250 - - [03/May/2017:11:56:04 -0300] "GET /cormun/servlet/solicitudotadjuntos?INS,2017,6293,,1, HTTP/1.1" 200 5845
186.79.189.250 - - [03/May/2017:11:56:04 -0300] "GET /cormun/static/about:blank HTTP/1.1" 404 1011
186.79.189.250 - - [03/May/2017:11:56:04 -0300] "GET /cormun/servlet/solicitudotadjuntos?INS,2017,6293,,1, HTTP/1.1" 200 5839
186.79.189.250 - - [03/May/2017:11:56:05 -0300] "GET /cormun/servlet/solicitudotadjuntos?10af920d322e665df51e8dfb820aae8f3fea438bd517c9543a4b2cb7199d1f986e5de475bbba2de25ec08a61f17ba2c1,gx-no-cache=1493823425879 HTTP/1.1" 200 30
186.79.189.250 - - [03/May/2017:11:56:05 -0300] "POST /cormun/servlet/solicitudotadjuntos?d7cda75f9a0af133c15abe8dcba9c554,INS,2017,6293,,1,,gx-no-cache=1493823425974 HTTP/1.1" 200 3683
186.79.189.250 - - [03/May/2017:11:56:07 -0300] "POST /cormun/servlet/solicitudotadjuntos?gx-no-cache=1493823427897 HTTP/1.1" 200 26
186.79.189.250 - - [03/May/2017:11:56:14 -0300] "GET /cormun/servlet/solicitudotadjuntos?10af920d322e665df51e8dfb820aae8f833b744933cfc8e6ce188cfdb5c9c48b,gx-no-cache=1493823435690 HTTP/1.1" 200 30
186.79.189.250 - - [03/May/2017:11:56:15 -0300] "GET /cormun/servlet/solicitudotadjuntos?10af920d322e665df51e8dfb820aae8f833b744933cfc8e6ce188cfdb5c9c48b,gx-no-cache=1493823435795 HTTP/1.1" 200 30
186.79.189.250 - - [03/May/2017:11:56:16 -0300] "POST /cormun/servlet/solicitudotadjuntos?d7cda75f9a0af133c15abe8dcba9c554,INS,2017,6293,,1, HTTP/1.1" 200 116
186.79.189.250 - - [03/May/2017:11:56:16 -0300] "GET /cormun/servlet/hpexe_return? HTTP/1.1" 200 1022
186.79.189.250 - - [03/May/2017:11:56:16 -0300] "GET /cormun/servlet/trsolicitudadjuntos?2017,6293, HTTP/1.1" 200 8288
186.79.189.250 - - [03/May/2017:11:56:17 -0300] "GET /cormun/servlet/trsolicitudadjuntos?2017,6293, HTTP/1.1" 200 8288
186.79.189.250 - - [03/May/2017:11:56:19 -0300] "GET /cormun/servlet/solicitudotadjuntos?INS,2017,6293,,1, HTTP/1.1" 200 5845
186.79.189.250 - - [03/May/2017:11:56:19 -0300] "GET /cormun/static/about:blank HTTP/1.1" 404 1011
186.79.189.250 - - [03/May/2017:11:56:19 -0300] "GET /cormun/servlet/solicitudotadjuntos?INS,2017,6293,,1, HTTP/1.1" 200 5839
186.79.189.250 - - [03/May/2017:11:56:20 -0300] "GET /cormun/servlet/solicitudotadjuntos?10af920d322e665df51e8dfb820aae8f3fea438bd517c9543a4b2cb7199d1f986e5de475bbba2de25ec08a61f17ba2c1,gx-no-cache=1493823440957 HTTP/1.1" 200 30
186.79.189.250 - - [03/May/2017:11:56:20 -0300] "POST /cormun/servlet/solicitudotadjuntos?d7cda75f9a0af133c15abe8dcba9c554,INS,2017,6293,,1,,gx-no-cache=1493823441054 HTTP/1.1" 200 3683
186.79.189.250 - - [03/May/2017:11:56:26 -0300] "POST /cormun/servlet/solicitudotadjuntos?gx-no-cache=1493823446880 HTTP/1.1" 200 26
186.79.189.250 - - [03/May/2017:11:56:34 -0300] "GET /cormun/servlet/solicitudotadjuntos?10af920d322e665df51e8dfb820aae8f833b744933cfc8e6ce188cfdb5c9c48b,gx-no-cache=1493823455009 HTTP/1.1" 200 30
186.79.189.250 - - [03/May/2017:11:56:34 -0300] "GET /cormun/servlet/solicitudotadjuntos?10af920d322e665df51e8dfb820aae8f833b744933cfc8e6ce188cfdb5c9c48b,gx-no-cache=1493823455095 HTTP/1.1" 200 30
186.79.189.250 - - [03/May/2017:11:56:36 -0300] "POST /cormun/servlet/solicitudotadjuntos?d7cda75f9a0af133c15abe8dcba9c554,INS,2017,6293,,1, HTTP/1.1" 200 116
186.79.189.250 - - [03/May/2017:11:56:36 -0300] "GET /cormun/servlet/hpexe_return? HTTP/1.1" 200 1022
186.79.189.250 - - [03/May/2017:11:56:36 -0300] "GET /cormun/servlet/trsolicitudadjuntos?2017,6293, HTTP/1.1" 200 8452
186.79.189.250 - - [03/May/2017:11:56:37 -0300] "GET /cormun/servlet/trsolicitudadjuntos?2017,6293, HTTP/1.1" 200 8452
186.79.189.250 - - [03/May/2017:11:56:39 -0300] "GET /cormun/servlet/solicitudotadjuntos?INS,2017,6293,,1, HTTP/1.1" 200 5845
186.79.189.250 - - [03/May/2017:11:56:39 -0300] "GET /cormun/static/about:blank HTTP/1.1" 404 1011
186.79.189.250 - - [03/May/2017:11:56:39 -0300] "GET /cormun/servlet/solicitudotadjuntos?INS,2017,6293,,1, HTTP/1.1" 200 5839
186.79.189.250 - - [03/May/2017:11:56:40 -0300] "GET /cormun/servlet/solicitudotadjuntos?10af920d322e665df51e8dfb820aae8f3fea438bd517c9543a4b2cb7199d1f986e5de475bbba2de25ec08a61f17ba2c1,gx-no-cache=1493823461136 HTTP/1.1" 200 30
186.79.189.250 - - [03/May/2017:11:56:40 -0300] "POST /cormun/servlet/solicitudotadjuntos?d7cda75f9a0af133c15abe8dcba9c554,INS,2017,6293,,1,,gx-no-cache=1493823461211 HTTP/1.1" 200 3683
186.79.189.250 - - [03/May/2017:11:56:44 -0300] "POST /cormun/servlet/solicitudotadjuntos?gx-no-cache=1493823465294 HTTP/1.1" 200 26
186.79.189.250 - - [03/May/2017:11:56:52 -0300] "GET /cormun/servlet/solicitudotadjuntos?10af920d322e665df51e8dfb820aae8f833b744933cfc8e6ce188cfdb5c9c48b,gx-no-cache=1493823473090 HTTP/1.1" 200 30
186.79.189.250 - - [03/May/2017:11:56:52 -0300] "GET /cormun/servlet/solicitudotadjuntos?10af920d322e665df51e8dfb820aae8f833b744933cfc8e6ce188cfdb5c9c48b,gx-no-cache=1493823473183 HTTP/1.1" 200 30
186.79.189.250 - - [03/May/2017:11:56:54 -0300] "POST /cormun/servlet/solicitudotadjuntos?d7cda75f9a0af133c15abe8dcba9c554,INS,2017,6293,,1, HTTP/1.1" 200 116
186.79.189.250 - - [03/May/2017:11:56:54 -0300] "GET /cormun/servlet/hpexe_return? HTTP/1.1" 200 1022
186.79.189.250 - - [03/May/2017:11:56:55 -0300] "GET /cormun/servlet/trsolicitudadjuntos?2017,6293, HTTP/1.1" 200 8589
186.79.189.250 - - [03/May/2017:11:56:55 -0300] "GET /cormun/servlet/trsolicitudadjuntos?2017,6293, HTTP/1.1" 200 8584
186.79.189.250 - - [03/May/2017:11:56:57 -0300] "GET /cormun/servlet/solicitudotadjuntos?INS,2017,6293,,1, HTTP/1.1" 200 5845
186.79.189.250 - - [03/May/2017:11:56:58 -0300] "GET /cormun/static/about:blank HTTP/1.1" 404 1011
186.79.189.250 - - [03/May/2017:11:56:58 -0300] "GET /cormun/servlet/solicitudotadjuntos?INS,2017,6293,,1, HTTP/1.1" 200 5839
186.79.189.250 - - [03/May/2017:11:56:58 -0300] "GET /cormun/servlet/solicitudotadjuntos?10af920d322e665df51e8dfb820aae8f3fea438bd517c9543a4b2cb7199d1f986e5de475bbba2de25ec08a61f17ba2c1,gx-no-cache=1493823479539 HTTP/1.1" 200 30
186.79.189.250 - - [03/May/2017:11:56:59 -0300] "POST /cormun/servlet/solicitudotadjuntos?d7cda75f9a0af133c15abe8dcba9c554,INS,2017,6293,,1,,gx-no-cache=1493823479647 HTTP/1.1" 200 3683
186.79.189.250 - - [03/May/2017:11:57:02 -0300] "POST /cormun/servlet/solicitudotadjuntos?gx-no-cache=1493823483440 HTTP/1.1" 200 26
186.79.189.250 - - [03/May/2017:11:57:08 -0300] "GET /cormun/servlet/solicitudotadjuntos?10af920d322e665df51e8dfb820aae8f833b744933cfc8e6ce188cfdb5c9c48b,gx-no-cache=1493823488805 HTTP/1.1" 200 30
186.79.189.250 - - [03/May/2017:11:57:08 -0300] "GET /cormun/servlet/solicitudotadjuntos?10af920d322e665df51e8dfb820aae8f833b744933cfc8e6ce188cfdb5c9c48b,gx-no-cache=1493823488917 HTTP/1.1" 200 30
186.79.189.250 - - [03/May/2017:11:57:10 -0300] "POST /cormun/servlet/solicitudotadjuntos?d7cda75f9a0af133c15abe8dcba9c554,INS,2017,6293,,1, HTTP/1.1" 200 116
186.79.189.250 - - [03/May/2017:11:57:10 -0300] "GET /cormun/servlet/hpexe_return? HTTP/1.1" 200 1022
186.79.189.250 - - [03/May/2017:11:57:10 -0300] "GET /cormun/servlet/trsolicitudadjuntos?2017,6293, HTTP/1.1" 200 8760
186.79.189.250 - - [03/May/2017:11:57:10 -0300] "GET /cormun/servlet/trsolicitudadjuntos?2017,6293, HTTP/1.1" 200 8758
186.79.189.250 - - [03/May/2017:11:57:14 -0300] "GET /cormun/servlet/solicitudotadjuntos?INS,2017,6293,,1, HTTP/1.1" 200 5845
186.79.189.250 - - [03/May/2017:11:57:14 -0300] "GET /cormun/static/about:blank HTTP/1.1" 404 1011
186.79.189.250 - - [03/May/2017:11:57:14 -0300] "GET /cormun/servlet/solicitudotadjuntos?INS,2017,6293,,1, HTTP/1.1" 200 5839
186.79.189.250 - - [03/May/2017:11:57:14 -0300] "GET /cormun/servlet/solicitudotadjuntos?10af920d322e665df51e8dfb820aae8f3fea438bd517c9543a4b2cb7199d1f986e5de475bbba2de25ec08a61f17ba2c1,gx-no-cache=1493823495749 HTTP/1.1" 200 30
186.79.189.250 - - [03/May/2017:11:57:15 -0300] "POST /cormun/servlet/solicitudotadjuntos?d7cda75f9a0af133c15abe8dcba9c554,INS,2017,6293,,1,,gx-no-cache=1493823495842 HTTP/1.1" 200 3683
186.79.189.250 - - [03/May/2017:11:57:17 -0300] "POST /cormun/servlet/solicitudotadjuntos?gx-no-cache=1493823498745 HTTP/1.1" 200 26
186.79.189.250 - - [03/May/2017:11:57:32 -0300] "GET /cormun/servlet/solicitudotadjuntos?10af920d322e665df51e8dfb820aae8f833b744933cfc8e6ce188cfdb5c9c48b,gx-no-cache=1493823513481 HTTP/1.1" 200 30
186.79.189.250 - - [03/May/2017:11:57:32 -0300] "GET /cormun/servlet/solicitudotadjuntos?10af920d322e665df51e8dfb820aae8f833b744933cfc8e6ce188cfdb5c9c48b,gx-no-cache=1493823513588 HTTP/1.1" 200 30
186.79.189.250 - - [03/May/2017:11:57:34 -0300] "POST /cormun/servlet/solicitudotadjuntos?d7cda75f9a0af133c15abe8dcba9c554,INS,2017,6293,,1, HTTP/1.1" 200 116
186.79.189.250 - - [03/May/2017:11:57:34 -0300] "GET /cormun/servlet/hpexe_return? HTTP/1.1" 200 1022
186.79.189.250 - - [03/May/2017:11:57:34 -0300] "GET /cormun/servlet/trsolicitudadjuntos?2017,6293, HTTP/1.1" 200 8992
186.79.189.250 - - [03/May/2017:11:57:35 -0300] "GET /cormun/servlet/trsolicitudadjuntos?2017,6293, HTTP/1.1" 200 8990
186.79.189.250 - - [03/May/2017:11:57:39 -0300] "POST /cormun/servlet/trsolicitudadjuntos?d7cda75f9a0af133c15abe8dcba9c554,2017,6293,,gx-no-cache=1493823519923 HTTP/1.1" 200 90
186.79.189.250 - - [03/May/2017:11:57:39 -0300] "GET /cormun/servlet/hpexe_link HTTP/1.1" 200 966
186.79.189.250 - - [03/May/2017:11:57:39 -0300] "GET /cormun/servlet/trsolicitudot HTTP/1.1" 200 8038
186.79.189.250 - - [03/May/2017:11:57:40 -0300] "GET /cormun/servlet/trsolicitudot HTTP/1.1" 200 8037
186.79.59.60 - - [03/May/2017:11:57:40 -0300] "GET /cormun/servlet/atrazos?dd7cde6be9e9343c30871392bb543fcc799345deeb89a2188b7629d37a5e0ce1ddd044d112a3e2ca551482df6df9eeee,gx-no-cache=1493823522000 HTTP/1.1" 200 68
186.79.59.60 - - [03/May/2017:11:57:41 -0300] "GET /cormun/static/menuarrow.gif HTTP/1.1" 404 1015
186.79.59.60 - - [03/May/2017:11:57:45 -0300] "GET /cormun/servlet/atrazos?dd7cde6be9e9343c30871392bb543fcc1df2257db13d8dc8cef879f84fdb7e8918197e7cb372e550025a86ca058201cb,gx-no-cache=1493823526685 HTTP/1.1" 200 33
186.79.59.60 - - [03/May/2017:11:57:49 -0300] "GET /cormun/servlet/atrazos?dd7cde6be9e9343c30871392bb543fcceca56080ecb98cf22f03fb90f6fec0ec8bcc3e00809f129d3f3fb5ac4d7b6efa04071a78c90e2069a15ae078211e713d72fa342c2f8d04e48265eb6fa6b7fb6e5efcc22edb295c7e4280b895d1e55fdacf41206ce8f125e23aa226132ebdfdbdbfd05615507270ba4fe01d4bee3e064dd552bc22ac9a3cd931c20986ae6dafc90d7e554fed4e1f22229bd951eed5d94d,gx-no-cache=1493823530610 HTTP/1.1" 200 45
200.111.191.210 - - [03/May/2017:11:57:51 -0300] "GET /cormun/servlet/trlicencias? HTTP/1.1" 200 5971
200.111.191.210 - - [03/May/2017:11:57:51 -0300] "GET /cormun/servlet/trlicencias? HTTP/1.1" 200 5966
200.111.191.210 - - [03/May/2017:11:57:52 -0300] "GET /cormun/servlet/hlogin HTTP/1.1" 200 1732
186.79.59.60 - - [03/May/2017:11:57:57 -0300] "POST /cormun/servlet/atrazos?803676e8b2b6a13f178ee23991ee1d6f,INS,0,,gx-no-cache=1493823538359 HTTP/1.1" 200 93
186.79.59.60 - - [03/May/2017:11:57:57 -0300] "GET /cormun/servlet/hpexe_return? HTTP/1.1" 200 1002
186.79.59.60 - - [03/May/2017:11:57:58 -0300] "GET /cormun/servlet/tratrazos HTTP/1.1" 200 7794
186.79.59.60 - - [03/May/2017:11:57:59 -0300] "GET /cormun/servlet/tratrazos HTTP/1.1" 200 7790
186.79.59.60 - - [03/May/2017:11:58:02 -0300] "GET /cormun/servlet/atrazos?INS,0, HTTP/1.1" 200 6752
186.79.59.60 - - [03/May/2017:11:58:03 -0300] "GET /cormun/servlet/atrazos?INS,0, HTTP/1.1" 200 6752
186.103.159.46 - - [03/May/2017:11:58:05 -0300] "GET /cormun/servlet/trlicenciaspermisosadjuntos?16621149,20170503000000,L, HTTP/1.1" 200 6134
186.103.159.46 - - [03/May/2017:11:58:06 -0300] "GET /cormun/static/gxcfg.js?20173171154619 HTTP/1.1" 200 953
186.103.159.46 - - [03/May/2017:11:58:06 -0300] "GET /cormun/static/trlicenciaspermisosadjuntos.js?20173171154971 HTTP/1.1" 200 21005
200.111.191.210 - - [03/May/2017:11:58:07 -0300] "POST /cormun/servlet/hlogin?d9639168fe73b764d546200f83b135df,gx-no-cache=1493827039998 HTTP/1.1" 200 90
200.111.191.210 - - [03/May/2017:11:58:07 -0300] "GET /cormun/servlet/hpexe_link HTTP/1.1" 200 950
186.103.159.46 - - [03/May/2017:11:58:07 -0300] "GET /cormun/servlet/trlicenciaspermisosadjuntos?16621149,20170503000000,L, HTTP/1.1" 200 6135
200.111.191.210 - - [03/May/2017:11:58:07 -0300] "GET /cormun/servlet/trlicencias HTTP/1.1" 200 7641
200.111.191.210 - - [03/May/2017:11:58:08 -0300] "GET /cormun/servlet/trlicencias HTTP/1.1" 200 7639
186.103.159.46 - - [03/May/2017:11:58:13 -0300] "GET /cormun/servlet/licenciaspermisosadjuntos?INS,16621149,L,20170503000000,, HTTP/1.1" 200 5429
186.103.159.46 - - [03/May/2017:11:58:13 -0300] "GET /cormun/static/gxcfg.js?201731711421170 HTTP/1.1" 200 953
186.103.159.46 - - [03/May/2017:11:58:13 -0300] "GET /cormun/static/licenciaspermisosadjuntos.js?201731711421181 HTTP/1.1" 200 8757
186.103.159.46 - - [03/May/2017:11:58:13 -0300] "GET /cormun/static/about:blank HTTP/1.1" 404 1011
186.103.159.46 - - [03/May/2017:11:58:14 -0300] "GET /cormun/servlet/licenciaspermisosadjuntos?INS,16621149,L,20170503000000,, HTTP/1.1" 200 5420
186.79.59.60 - - [03/May/2017:11:58:15 -0300] "GET /cormun/servlet/atrazos?dd7cde6be9e9343c30871392bb543fcc3808e28a05f003e1238089b88753c7abddd044d112a3e2ca551482df6df9eeee,gx-no-cache=1493823557046 HTTP/1.1" 200 61
186.79.59.60 - - [03/May/2017:11:58:16 -0300] "GET /cormun/static/menuarrow.gif HTTP/1.1" 404 1015
186.79.59.60 - - [03/May/2017:11:58:19 -0300] "GET /cormun/servlet/atrazos?dd7cde6be9e9343c30871392bb543fcc1df2257db13d8dc8cef879f84fdb7e8918197e7cb372e550025a86ca058201cb,gx-no-cache=1493823560342 HTTP/1.1" 200 33
186.79.59.60 - - [03/May/2017:11:58:22 -0300] "GET /cormun/servlet/atrazos?dd7cde6be9e9343c30871392bb543fcceca56080ecb98cf22f03fb90f6fec0ec8bcc3e00809f129d3f3fb5ac4d7b6efa04071a78c90e2069a15ae078211e713d72fa342c2f8d04e48265eb6fa6b7fb6e5efcc22edb295c7e4280b895d1e55fdacf41206ce8f125e23aa226132ebdfdbdbfd05615507270ba4fe01d4bee3e064dabab13075fa83681afb257ba3fcf44ce6d12b5234eed10f6fc642324e9aa22cd,gx-no-cache=1493823564015 HTTP/1.1" 200 44
186.79.59.60 - - [03/May/2017:11:58:29 -0300] "POST /cormun/servlet/atrazos?803676e8b2b6a13f178ee23991ee1d6f,INS,0,,gx-no-cache=1493823570265 HTTP/1.1" 200 93
186.79.59.60 - - [03/May/2017:11:58:29 -0300] "GET /cormun/servlet/hpexe_return? HTTP/1.1" 200 1002
186.79.59.60 - - [03/May/2017:11:58:29 -0300] "GET /cormun/servlet/tratrazos HTTP/1.1" 200 7958
186.79.59.60 - - [03/May/2017:11:58:31 -0300] "GET /cormun/servlet/tratrazos HTTP/1.1" 200 7954
186.79.59.60 - - [03/May/2017:11:58:35 -0300] "GET /cormun/servlet/atrazos?INS,0, HTTP/1.1" 200 6752
186.79.59.60 - - [03/May/2017:11:58:37 -0300] "GET /cormun/servlet/atrazos?INS,0, HTTP/1.1" 200 6752
186.103.159.46 - - [03/May/2017:11:58:44 -0300] "POST /cormun/servlet/licenciaspermisosadjuntos?30b92d83626f08253db10061f47e3e45,INS,16621149,L,20170503000000,, HTTP/1.1" 200 116
186.103.159.46 - - [03/May/2017:11:58:45 -0300] "GET /cormun/servlet/hpexe_return? HTTP/1.1" 200 1039
186.103.159.46 - - [03/May/2017:11:58:45 -0300] "GET /cormun/servlet/trlicenciaspermisosadjuntos?16621149,20170503000000,L, HTTP/1.1" 200 6631
186.79.59.60 - - [03/May/2017:11:58:46 -0300] "GET /cormun/servlet/atrazos?dd7cde6be9e9343c30871392bb543fcc50b5f471b4a19201fba6a50accb09552ddd044d112a3e2ca551482df6df9eeee,gx-no-cache=1493823587541 HTTP/1.1" 200 63
186.79.59.60 - - [03/May/2017:11:58:46 -0300] "GET /cormun/static/menuarrow.gif HTTP/1.1" 404 1015
186.103.159.46 - - [03/May/2017:11:58:48 -0300] "GET /cormun/servlet/trlicenciaspermisosadjuntos?16621149,20170503000000,L, HTTP/1.1" 200 6626
186.79.59.60 - - [03/May/2017:11:58:50 -0300] "GET /cormun/servlet/atrazos?dd7cde6be9e9343c30871392bb543fcc1df2257db13d8dc8cef879f84fdb7e8918197e7cb372e550025a86ca058201cb,gx-no-cache=1493823591964 HTTP/1.1" 200 33
186.103.159.46 - - [03/May/2017:11:58:51 -0300] "POST /cormun/servlet/trlicenciaspermisosadjuntos?30b92d83626f08253db10061f47e3e45,16621149,20170503000000,L,,gx-no-cache=1493823592193 HTTP/1.1" 200 90
186.103.159.46 - - [03/May/2017:11:58:51 -0300] "GET /cormun/servlet/hpexe_link HTTP/1.1" 200 983
186.103.159.46 - - [03/May/2017:11:58:52 -0300] "GET /cormun/servlet/trlicencias HTTP/1.1" 200 8473
186.103.159.46 - - [03/May/2017:11:58:53 -0300] "GET /cormun/servlet/trlicencias HTTP/1.1" 200 8471
186.79.59.60 - - [03/May/2017:11:58:53 -0300] "GET /cormun/servlet/atrazos?dd7cde6be9e9343c30871392bb543fcceca56080ecb98cf22f03fb90f6fec0ec8bcc3e00809f129d3f3fb5ac4d7b6efa04071a78c90e2069a15ae078211e713d72fa342c2f8d04e48265eb6fa6b7fb6e5efcc22edb295c7e4280b895d1e55fdacf41206ce8f125e23aa226132ebdfdbdbfd05615507270ba4fe01d4bee3e064dabab13075fa83681afb257ba3fcf44ce6d12b5234eed10f6fc642324e9aa22cd,gx-no-cache=1493823595129 HTTP/1.1" 200 44
186.103.159.46 - - [03/May/2017:11:58:58 -0300] "GET /cormun/servlet/trlicenciaspermisosadjuntos?7650750,20170503000000,L, HTTP/1.1" 200 6123
186.103.159.46 - - [03/May/2017:11:59:00 -0300] "GET /cormun/servlet/trlicenciaspermisosadjuntos?7650750,20170503000000,L, HTTP/1.1" 200 6124
186.103.159.46 - - [03/May/2017:11:59:02 -0300] "GET /cormun/servlet/licenciaspermisosadjuntos?INS,7650750,L,20170503000000,, HTTP/1.1" 200 5422
186.103.159.46 - - [03/May/2017:11:59:02 -0300] "GET /cormun/static/about:blank HTTP/1.1" 404 1011
186.103.159.46 - - [03/May/2017:11:59:03 -0300] "GET /cormun/servlet/licenciaspermisosadjuntos?INS,7650750,L,20170503000000,, HTTP/1.1" 200 5409
186.79.59.60 - - [03/May/2017:11:59:04 -0300] "POST /cormun/servlet/atrazos?803676e8b2b6a13f178ee23991ee1d6f,INS,0,,gx-no-cache=1493823605784 HTTP/1.1" 200 93
186.79.59.60 - - [03/May/2017:11:59:05 -0300] "GET /cormun/servlet/hpexe_return? HTTP/1.1" 200 1002
186.79.59.60 - - [03/May/2017:11:59:05 -0300] "GET /cormun/servlet/tratrazos HTTP/1.1" 200 8128
186.79.59.60 - - [03/May/2017:11:59:06 -0300] "GET /cormun/servlet/tratrazos HTTP/1.1" 200 8124
186.79.59.60 - - [03/May/2017:11:59:09 -0300] "GET /cormun/servlet/atrazos?INS,0, HTTP/1.1" 200 6752
186.79.59.60 - - [03/May/2017:11:59:10 -0300] "GET /cormun/servlet/atrazos?INS,0, HTTP/1.1" 200 6752
186.103.159.46 - - [03/May/2017:11:59:16 -0300] "POST /cormun/servlet/licenciaspermisosadjuntos?30b92d83626f08253db10061f47e3e45,INS,7650750,L,20170503000000,, HTTP/1.1" 200 116
186.103.159.46 - - [03/May/2017:11:59:16 -0300] "GET /cormun/servlet/hpexe_return? HTTP/1.1" 200 1039
186.103.159.46 - - [03/May/2017:11:59:16 -0300] "GET /cormun/servlet/trlicenciaspermisosadjuntos?7650750,20170503000000,L, HTTP/1.1" 200 6616
186.103.159.46 - - [03/May/2017:11:59:18 -0300] "GET /cormun/servlet/trlicenciaspermisosadjuntos?7650750,20170503000000,L, HTTP/1.1" 200 6611
186.79.59.60 - - [03/May/2017:11:59:19 -0300] "GET /cormun/servlet/atrazos?dd7cde6be9e9343c30871392bb543fcc3fc8ff15d7f1fa667ce53d18eba4c815ddd044d112a3e2ca551482df6df9eeee,gx-no-cache=1493823620789 HTTP/1.1" 200 69
186.79.59.60 - - [03/May/2017:11:59:19 -0300] "GET /cormun/static/menuarrow.gif HTTP/1.1" 404 1015
186.103.159.46 - - [03/May/2017:11:59:20 -0300] "POST /cormun/servlet/trlicenciaspermisosadjuntos?30b92d83626f08253db10061f47e3e45,7650750,20170503000000,L,,gx-no-cache=1493823621501 HTTP/1.1" 200 90
186.103.159.46 - - [03/May/2017:11:59:20 -0300] "GET /cormun/servlet/hpexe_link HTTP/1.1" 200 983
186.103.159.46 - - [03/May/2017:11:59:21 -0300] "GET /cormun/servlet/trlicencias HTTP/1.1" 200 8473
186.103.159.46 - - [03/May/2017:11:59:22 -0300] "GET /cormun/servlet/trlicencias HTTP/1.1" 200 8471
186.79.59.60 - - [03/May/2017:11:59:24 -0300] "GET /cormun/servlet/atrazos?dd7cde6be9e9343c30871392bb543fcc1df2257db13d8dc8cef879f84fdb7e89ffc601cf5afe1328320a514c692865e4,gx-no-cache=1493823625443 HTTP/1.1" 200 33
186.103.159.46 - - [03/May/2017:11:59:25 -0300] "GET /cormun/servlet/trlicenciaspermisosadjuntos?9704881,20170503000000,L, HTTP/1.1" 200 6134
186.79.59.60 - - [03/May/2017:11:59:26 -0300] "GET /cormun/servlet/atrazos?dd7cde6be9e9343c30871392bb543fcceca56080ecb98cf22f03fb90f6fec0ec8bcc3e00809f129d3f3fb5ac4d7b6efa04071a78c90e2069a15ae078211e713d72fa342c2f8d04e48265eb6fa6b7fb6e5efcc22edb295c7e4280b895d1e55fdacf41206ce8f125e23aa226132ebdfdbdbfd05615507270ba4fe01d4bee3e064d6e24e2ca62cc366fcbbc6475dc34ef5f0d7e554fed4e1f22229bd951eed5d94d,gx-no-cache=1493823627975 HTTP/1.1" 200 45
186.103.159.46 - - [03/May/2017:11:59:27 -0300] "GET /cormun/servlet/trlicenciaspermisosadjuntos?9704881,20170503000000,L, HTTP/1.1" 200 6135
186.103.159.46 - - [03/May/2017:11:59:29 -0300] "GET /cormun/servlet/licenciaspermisosadjuntos?INS,9704881,L,20170503000000,, HTTP/1.1" 200 5430
186.103.159.46 - - [03/May/2017:11:59:30 -0300] "GET /cormun/static/about:blank HTTP/1.1" 404 1011
186.103.159.46 - - [03/May/2017:11:59:31 -0300] "GET /cormun/servlet/licenciaspermisosadjuntos?INS,9704881,L,20170503000000,, HTTP/1.1" 200 5419
186.79.59.60 - - [03/May/2017:11:59:51 -0300] "POST /cormun/servlet/atrazos?803676e8b2b6a13f178ee23991ee1d6f,INS,0,,gx-no-cache=1493823651962 HTTP/1.1" 200 93
186.79.59.60 - - [03/May/2017:11:59:51 -0300] "GET /cormun/servlet/hpexe_return? HTTP/1.1" 200 1002
186.79.59.60 - - [03/May/2017:11:59:51 -0300] "GET /cormun/servlet/tratrazos HTTP/1.1" 200 8329
186.79.59.60 - - [03/May/2017:11:59:53 -0300] "GET /cormun/servlet/tratrazos HTTP/1.1" 200 8325
186.79.59.60 - - [03/May/2017:11:59:55 -0300] "GET /cormun/servlet/atrazos?INS,0, HTTP/1.1" 200 6752
186.79.59.60 - - [03/May/2017:11:59:56 -0300] "GET /cormun/servlet/atrazos?INS,0, HTTP/1.1" 200 6752
186.79.59.60 - - [03/May/2017:12:00:05 -0300] "GET /cormun/servlet/atrazos?dd7cde6be9e9343c30871392bb543fcc3808e28a05f003e1238089b88753c7abddd044d112a3e2ca551482df6df9eeee,gx-no-cache=1493823667087 HTTP/1.1" 200 66
186.79.59.60 - - [03/May/2017:12:00:06 -0300] "GET /cormun/static/menuarrow.gif HTTP/1.1" 404 1015
186.79.59.60 - - [03/May/2017:12:00:09 -0300] "GET /cormun/servlet/atrazos?dd7cde6be9e9343c30871392bb543fcc1df2257db13d8dc8cef879f84fdb7e89ffc601cf5afe1328320a514c692865e4,gx-no-cache=1493823670906 HTTP/1.1" 200 33
186.79.59.60 - - [03/May/2017:12:00:12 -0300] "GET /cormun/servlet/atrazos?dd7cde6be9e9343c30871392bb543fcceca56080ecb98cf22f03fb90f6fec0ec8bcc3e00809f129d3f3fb5ac4d7b6efa04071a78c90e2069a15ae078211e713d72fa342c2f8d04e48265eb6fa6b7fb6e5efcc22edb295c7e4280b895d1e55fdacf41206ce8f125e23aa226132ebdfdbdbfd05615507270ba4fe01d4bee3e064d6f5d7c1223fe2c169665a920640109920d7e554fed4e1f22229bd951eed5d94d,gx-no-cache=1493823674208 HTTP/1.1" 200 45
186.103.159.46 - - [03/May/2017:12:00:15 -0300] "POST /cormun/servlet/licenciaspermisosadjuntos?30b92d83626f08253db10061f47e3e45,INS,9704881,L,20170503000000,, HTTP/1.1" 200 116
186.103.159.46 - - [03/May/2017:12:00:16 -0300] "GET /cormun/servlet/hpexe_return? HTTP/1.1" 200 1039
186.103.159.46 - - [03/May/2017:12:00:16 -0300] "GET /cormun/servlet/trlicenciaspermisosadjuntos?9704881,20170503000000,L, HTTP/1.1" 200 6624
186.103.159.46 - - [03/May/2017:12:00:17 -0300] "GET /cormun/servlet/trlicenciaspermisosadjuntos?9704881,20170503000000,L, HTTP/1.1" 200 6622
186.79.59.60 - - [03/May/2017:12:00:18 -0300] "POST /cormun/servlet/atrazos?803676e8b2b6a13f178ee23991ee1d6f,INS,0,,gx-no-cache=1493823679281 HTTP/1.1" 200 93
186.79.59.60 - - [03/May/2017:12:00:18 -0300] "GET /cormun/servlet/hpexe_return? HTTP/1.1" 200 1002
186.79.59.60 - - [03/May/2017:12:00:18 -0300] "GET /cormun/servlet/tratrazos HTTP/1.1" 200 8465
186.79.59.60 - - [03/May/2017:12:00:20 -0300] "GET /cormun/servlet/tratrazos HTTP/1.1" 200 8461
186.103.159.46 - - [03/May/2017:12:00:26 -0300] "POST /cormun/servlet/trlicenciaspermisosadjuntos?30b92d83626f08253db10061f47e3e45,9704881,20170503000000,L,,gx-no-cache=1493823686865 HTTP/1.1" 200 90
186.103.159.46 - - [03/May/2017:12:00:26 -0300] "GET /cormun/servlet/hpexe_link HTTP/1.1" 200 983
186.103.159.46 - - [03/May/2017:12:00:26 -0300] "GET /cormun/servlet/trlicencias HTTP/1.1" 200 8473
200.111.191.210 - - [03/May/2017:12:00:27 -0300] "GET /cormun/servlet/trlicenciaspermisosadjuntos?7907301,20170503000000,L, HTTP/1.1" 200 6126
200.111.191.210 - - [03/May/2017:12:00:28 -0300] "GET /cormun/servlet/trlicenciaspermisosadjuntos?7907301,20170503000000,L, HTTP/1.1" 200 6127
186.103.159.46 - - [03/May/2017:12:00:28 -0300] "GET /cormun/servlet/trlicencias HTTP/1.1" 200 8471
200.111.191.210 - - [03/May/2017:12:00:30 -0300] "GET /cormun/servlet/licenciaspermisosadjuntos?INS,7907301,L,20170503000000,, HTTP/1.1" 200 5420
200.111.191.210 - - [03/May/2017:12:00:30 -0300] "GET /cormun/static/about:blank HTTP/1.1" 404 1011
200.111.191.210 - - [03/May/2017:12:00:30 -0300] "GET /cormun/servlet/licenciaspermisosadjuntos?INS,7907301,L,20170503000000,, HTTP/1.1" 200 5409
186.103.159.46 - - [03/May/2017:12:00:34 -0300] "GET /cormun/servlet/licenciaspermisos?UPD,16621149,L,20170503000000, HTTP/1.1" 200 7372
186.79.59.60 - - [03/May/2017:12:00:35 -0300] "POST /cormun/servlet/tratrazos?803676e8b2b6a13f178ee23991ee1d6f,gx-no-cache=1493823696052 HTTP/1.1" 200 5592
186.79.59.60 - - [03/May/2017:12:00:35 -0300] "GET /cormun/static/Shared/jqueryui/images/ui-bg_highlight-soft_100_c6c2c8_1x100.png HTTP/1.1" 404 1117
186.79.59.60 - - [03/May/2017:12:00:35 -0300] "GET /cormun/static/Shared/jqueryui/images/ui-icons_82798d_256x240.png HTTP/1.1" 404 1089
186.79.59.60 - - [03/May/2017:12:00:35 -0300] "GET /cormun/static/Shared/jqueryui/images/ui-bg_flat_55_fafafa_40x100.png HTTP/1.1" 404 1097
186.79.59.60 - - [03/May/2017:12:00:35 -0300] "GET /cormun/static/Shared/jqueryui/images/ui-icons_8d78a5_256x240.png HTTP/1.1" 404 1089
186.103.159.46 - - [03/May/2017:12:00:35 -0300] "GET /cormun/servlet/licenciaspermisos?UPD,16621149,L,20170503000000, HTTP/1.1" 200 7372
186.103.159.46 - - [03/May/2017:12:00:36 -0300] "GET /cormun/servlet/licenciaspermisos?a4eced98cd0d5821b466acca1ea98f08ab6475bc3d9870f706cb885ce11f60a4b7424928be69b50eb970a57d0b171122,gx-no-cache=1493823697089 HTTP/1.1" 200 65
186.79.59.60 - - [03/May/2017:12:00:36 -0300] "POST /cormun/servlet/tratrazos?803676e8b2b6a13f178ee23991ee1d6f,gx-no-cache=1493823697752 HTTP/1.1" 200 5427
186.79.59.60 - - [03/May/2017:12:00:38 -0300] "POST /cormun/servlet/tratrazos?803676e8b2b6a13f178ee23991ee1d6f,gx-no-cache=1493823698942 HTTP/1.1" 200 5303
186.79.59.60 - - [03/May/2017:12:00:39 -0300] "POST /cormun/servlet/tratrazos?803676e8b2b6a13f178ee23991ee1d6f,gx-no-cache=1493823700046 HTTP/1.1" 200 5109
186.79.59.60 - - [03/May/2017:12:00:40 -0300] "POST /cormun/servlet/tratrazos?803676e8b2b6a13f178ee23991ee1d6f,gx-no-cache=1493823701104 HTTP/1.1" 200 4884
186.79.59.60 - - [03/May/2017:12:00:41 -0300] "POST /cormun/servlet/tratrazos?803676e8b2b6a13f178ee23991ee1d6f,gx-no-cache=1493823702146 HTTP/1.1" 200 4153
200.111.191.210 - - [03/May/2017:12:00:43 -0300] "POST /cormun/servlet/licenciaspermisosadjuntos?d9639168fe73b764d546200f83b135df,INS,7907301,L,20170503000000,, HTTP/1.1" 200 116
200.111.191.210 - - [03/May/2017:12:00:43 -0300] "GET /cormun/servlet/hpexe_return? HTTP/1.1" 200 1036
200.111.191.210 - - [03/May/2017:12:00:43 -0300] "GET /cormun/servlet/trlicenciaspermisosadjuntos?7907301,20170503000000,L, HTTP/1.1" 200 6600
200.111.191.210 - - [03/May/2017:12:00:43 -0300] "GET /cormun/servlet/trlicenciaspermisosadjuntos?7907301,20170503000000,L, HTTP/1.1" 200 6597
186.79.59.60 - - [03/May/2017:12:00:47 -0300] "GET /cormun/servlet/tratrazosautorizar? HTTP/1.1" 200 8154
186.79.59.60 - - [03/May/2017:12:00:48 -0300] "GET /cormun/static/gxcfg.js?20173171156169 HTTP/1.1" 200 953
186.79.59.60 - - [03/May/2017:12:00:48 -0300] "GET /cormun/static/tratrazosautorizar.js?201731711562096 HTTP/1.1" 200 28636
200.111.191.210 - - [03/May/2017:12:00:48 -0300] "GET /cormun/PublicTempStorage/0922055375103.PDF HTTP/1.1" 206 668681
186.79.59.60 - - [03/May/2017:12:00:49 -0300] "GET /cormun/servlet/tratrazosautorizar? HTTP/1.1" 200 8154
186.79.59.60 - - [03/May/2017:12:00:50 -0300] "POST /cormun/servlet/acontrolpreferencessavestate?None,GSAAVEDRA,true HTTP/1.1" 200 35
200.111.191.210 - - [03/May/2017:12:00:51 -0300] "GET /cormun/servlet/trlicenciaspermisosadjuntos?7907301,20170503000000,L, HTTP/1.1" 200 6600
200.111.191.210 - - [03/May/2017:12:00:52 -0300] "GET /cormun/servlet/trlicenciaspermisosadjuntos?7907301,20170503000000,L, HTTP/1.1" 200 6596
200.111.191.210 - - [03/May/2017:12:00:54 -0300] "GET /cormun/servlet/trlicencias? HTTP/1.1" 200 7640
186.103.159.46 - - [03/May/2017:12:00:54 -0300] "POST /cormun/servlet/licenciaspermisos?30b92d83626f08253db10061f47e3e45,UPD,16621149,L,20170503000000,,gx-no-cache=1493823715238 HTTP/1.1" 200 90
186.103.159.46 - - [03/May/2017:12:00:54 -0300] "GET /cormun/servlet/hpexe_link HTTP/1.1" 200 982
200.111.191.210 - - [03/May/2017:12:00:55 -0300] "GET /cormun/servlet/trlicencias? HTTP/1.1" 200 7639
186.103.159.46 - - [03/May/2017:12:00:55 -0300] "GET /cormun/servlet/trlicencias HTTP/1.1" 200 8473
186.103.159.46 - - [03/May/2017:12:00:56 -0300] "GET /cormun/servlet/trlicencias HTTP/1.1" 200 8471
200.111.191.210 - - [03/May/2017:12:00:56 -0300] "POST /cormun/servlet/trlicencias?d9639168fe73b764d546200f83b135df,,gx-no-cache=1493827209365 HTTP/1.1" 200 3765
200.111.191.210 - - [03/May/2017:12:00:56 -0300] "GET /cormun/static/Shared/jqueryui/images/ui-bg_highlight-soft_100_c6c2c8_1x100.png HTTP/1.1" 404 1117
200.111.191.210 - - [03/May/2017:12:00:56 -0300] "GET /cormun/static/Shared/jqueryui/images/ui-icons_82798d_256x240.png HTTP/1.1" 404 1089
200.111.191.210 - - [03/May/2017:12:00:56 -0300] "GET /cormun/static/Shared/jqueryui/images/ui-bg_flat_55_fafafa_40x100.png HTTP/1.1" 404 1097
200.111.191.210 - - [03/May/2017:12:00:56 -0300] "GET /cormun/static/Shared/jqueryui/images/ui-icons_8d78a5_256x240.png HTTP/1.1" 404 1089
186.103.159.46 - - [03/May/2017:12:01:14 -0300] "GET /cormun/servlet/trlicenciaspermisosadjuntos?16621149,20170503000000,L, HTTP/1.1" 200 6627
186.103.159.46 - - [03/May/2017:12:01:16 -0300] "GET /cormun/servlet/trlicenciaspermisosadjuntos?16621149,20170503000000,L, HTTP/1.1" 200 6627
186.103.159.46 - - [03/May/2017:12:01:21 -0300] "GET /cormun/servlet/licenciaspermisosadjuntos?DLT,16621149,L,20170503000000,20170503125240, HTTP/1.1" 200 5470
186.103.159.46 - - [03/May/2017:12:01:22 -0300] "GET /cormun/static/Shared/jqueryui/images/ui-bg_highlight-soft_100_c6c2c8_1x100.png HTTP/1.1" 404 1117
186.103.159.46 - - [03/May/2017:12:01:22 -0300] "GET /cormun/static/Shared/jqueryui/images/ui-icons_82798d_256x240.png HTTP/1.1" 404 1089
186.103.159.46 - - [03/May/2017:12:01:22 -0300] "GET /cormun/static/Shared/jqueryui/images/ui-icons_8d78a5_256x240.png HTTP/1.1" 404 1089
186.103.159.46 - - [03/May/2017:12:01:22 -0300] "GET /cormun/static/Shared/jqueryui/images/ui-bg_flat_55_fafafa_40x100.png HTTP/1.1" 404 1097
186.103.159.46 - - [03/May/2017:12:01:22 -0300] "GET /cormun/servlet/licenciaspermisosadjuntos?DLT,16621149,L,20170503000000,20170503125240, HTTP/1.1" 200 5463
186.79.59.60 - - [03/May/2017:12:01:22 -0300] "POST /cormun/servlet/tratrazosautorizar?803676e8b2b6a13f178ee23991ee1d6f,,gx-no-cache=1493823743281 HTTP/1.1" 200 5516
186.79.59.60 - - [03/May/2017:12:01:22 -0300] "GET /cormun/static/Shared/jqueryui/images/ui-bg_highlight-soft_100_c6c2c8_1x100.png HTTP/1.1" 404 1117
186.79.59.60 - - [03/May/2017:12:01:23 -0300] "GET /cormun/static/Shared/jqueryui/images/ui-icons_82798d_256x240.png HTTP/1.1" 404 1089
186.79.59.60 - - [03/May/2017:12:01:23 -0300] "GET /cormun/static/Shared/jqueryui/images/ui-bg_flat_55_fafafa_40x100.png HTTP/1.1" 404 1097
186.79.59.60 - - [03/May/2017:12:01:23 -0300] "GET /cormun/static/Shared/jqueryui/images/ui-icons_8d78a5_256x240.png HTTP/1.1" 404 1089
186.79.59.60 - - [03/May/2017:12:01:24 -0300] "POST /cormun/servlet/tratrazosautorizar?803676e8b2b6a13f178ee23991ee1d6f,,gx-no-cache=1493823745017 HTTP/1.1" 200 5514
186.103.159.46 - - [03/May/2017:12:01:26 -0300] "POST /cormun/servlet/licenciaspermisosadjuntos?30b92d83626f08253db10061f47e3e45,DLT,16621149,L,20170503000000,20170503125240,,gx-no-cache=1493823747342 HTTP/1.1" 200 93
