192.168.10.89 - - [26/Apr/2017:09:59:18 -0300] "GET /cormun/servlet/solicitudgral?UPD,2017,6107, HTTP/1.1" 200 12302
192.168.10.89 - - [26/Apr/2017:09:59:19 -0300] "POST /cormun/servlet/solicitudgral?gx-no-cache=1493214829262 HTTP/1.1" 200 3216
192.168.10.89 - - [26/Apr/2017:09:59:19 -0300] "GET /cormun/servlet/solicitudgral?11f5d27c1d4019b0c3d50d24db979cd76fba8f4139c06265ce7a76807a2b3e9f93af44fb5f6c2727e00fc9d9e0a72eda11c692ea545e9026ef198a39ba1e733b9558bdddaad09f8b12bc190d07209253ba86ec8f49881301f9f595c1b5815282b0fc021ab92c3759cab413902a32b9550528100e1eb71daedfdb00df71612fcb8259390f81aeeea7b0a2afff8a4a08203669eccf64441f8818978622044f501cc6970f9ca19d4f7d6a86c1e70ef5e0ff7e53f94921b7043d29822bbe4b2f1625cdebb05d64d481fa0956249822e5b7922f1b7affb1f2ce7386c61197ad41b958806dc43374ecffddf5ff0f43ef8629c179f37c391ced806a3d64d943028c67cd0e72046864872a6d6ba49ec0771bfd6f0d52322b8bdbe323b5e68dc45db7abd0c367c77e351057186bd4a9d5bf1c1bdb5898acf3921ee9ccce4b82299e6860e92933030910c1dc8ac752c7d5dca68797,gx-no-cache=1493214829470 HTTP/1.1" 200 257
192.168.10.89 - - [26/Apr/2017:09:59:20 -0300] "GET /cormun/servlet/solicitudgral?11f5d27c1d4019b0c3d50d24db979cd7ef0bb02e1b21e34a6116ef73e0d216dd9c8b65c4130d29cb4759915bc2bac48be8b8fa5e6d4b2b836235a09b26b44b29f650c081b4d83608d94a4583c0d712a4ba6e97393d8512cab20f7934c9cd1bdc79c5284a43e6d0c10b25d70f294b8b757ea63a20df69cc546f1330fcba13aaeadc223d4efea46f4865bc1e4108258f1a342bda743cf3ce461a629f2e74781eb360054a69186a159a8b75d871d39a41b004bd63e24c68fa875ac78f7359f3704123ab834d41e3ed913c9578d16694216a66dec376910f7541446834ed88efb2001bf36fe27742cf6c7ff591208f6b5656eee273e9a8b3b0f74f2717b316828cc8ec1cb450c591d69d258eecea6e6e0cf0bf9e40e8795e2b1f70febdceda24eb74a631d000717647209e6e24fe39c35562a40338b1f067e7ec10de826f26f87ac6193e8897ac995e31958af7d2b9f5d96e383f6190d2c15a273e3c670191bb466d557d599e4c2dc276e90d8b5570e1c19e52ce142a0ded635d62fb8f1402e087b5349b9e4492d5e53384be69f67ba780ce9fd1ecc6daa1bf1fa60e96a02cc8da0e80d38dad580be963081c61872ffd1a2c97d8da363144c74876daa9460b1d4aa79b765aeb87350658300cc3bf6cd8f3985c34341e2e369a2aaf8c6dd9917f12b6bc6c79c9f9b97ca02a1672cea050491ba50b12ebe48fe8b27de99cd7590c65ff6f60c6bed4651a6fd812ca8fea06a396821627ea076588b04efd5e68c96687f5e727b8fe42580ed3b768bef6cb614a4b,gx-no-cache=1493214830593 HTTP/1.1" 200 48
186.79.225.197 - - [26/Apr/2017:09:59:20 -0300] "GET /cormun/servlet/hlogin HTTP/1.1" 200 1718
192.168.10.89 - - [26/Apr/2017:09:59:21 -0300] "POST /cormun/servlet/solicitudgral?b48d78a1428414313bec07fc0a0c378f,UPD,2017,6107,,gx-no-cache=1493214831032 HTTP/1.1" 200 10640
192.168.10.89 - - [26/Apr/2017:09:59:21 -0300] "GET /cormun/servlet/solicitudgral?11f5d27c1d4019b0c3d50d24db979cd7a1bf41fdcd93e87df1224e400d9479528bf68dd9c16134685d1c017f6ecc3b4a13b27148dba042aad836ad99992582dfe0f816e3b788292cfd6f3fa20be925bc20ba3b08ed261d31e17a133dd6ce6ad4015716b752e5353193367aec5ce1313d681bef4eb49611246eb764167ce53083d6dd1e55f4d815dcd111e2babd81bfe74e56825f335ebcf664907d353b9034c6,gx-no-cache=1493214831372 HTTP/1.1" 200 29
192.168.10.89 - - [26/Apr/2017:09:59:21 -0300] "POST /cormun/servlet/solicitudgral?gx-no-cache=1493214831397 HTTP/1.1" 200 1255
192.168.10.89 - - [26/Apr/2017:09:59:21 -0300] "POST /cormun/servlet/solicitudgral?gx-no-cache=1493214831438 HTTP/1.1" 200 1159
186.79.101.51 - - [26/Apr/2017:09:59:27 -0300] "GET /cormun/servlet/licenciaspermisos?7d07bc6a8077f51bbbcb8b0fbd00314dfc4c1ec6a61f395c2e046cab5a0e091a5770a2bb3fa33d3f857cf981788eb505,gx-no-cache=1493211631458 HTTP/1.1" 200 69
186.79.101.51 - - [26/Apr/2017:09:59:27 -0300] "POST /cormun/servlet/licenciaspermisos?bc20dc9ce4d8d675c221862559120a00,INS,0,,,,gx-no-cache=1493211631623 HTTP/1.1" 200 4435
192.168.10.89 - - [26/Apr/2017:09:59:30 -0300] "POST /cormun/servlet/solicitudgral?b48d78a1428414313bec07fc0a0c378f,UPD,2017,6107,,gx-no-cache=1493214840201 HTTP/1.1" 200 93
192.168.10.89 - - [26/Apr/2017:09:59:30 -0300] "GET /cormun/servlet/hpexe_return? HTTP/1.1" 200 1031
192.168.10.89 - - [26/Apr/2017:09:59:31 -0300] "GET /cormun/servlet/trsolicitudgral?gx-no-cache=1493214570390 HTTP/1.1" 200 10609
186.79.225.197 - - [26/Apr/2017:09:59:31 -0300] "POST /cormun/servlet/hlogin?76ffd1b1c631582ebbc2df43dbbadb14,gx-no-cache=1493211634366 HTTP/1.1" 200 90
186.79.225.197 - - [26/Apr/2017:09:59:32 -0300] "GET /cormun/servlet/hpexe_link HTTP/1.1" 200 947
186.79.225.197 - - [26/Apr/2017:09:59:32 -0300] "GET /cormun/servlet/hhome HTTP/1.1" 200 4005
186.79.225.197 - - [26/Apr/2017:09:59:33 -0300] "GET /cormun/servlet/hhome HTTP/1.1" 200 4002
200.86.184.230 - - [26/Apr/2017:09:59:35 -0300] "GET /cormun/servlet/tratrazos? HTTP/1.1" 200 6764
200.86.184.230 - - [26/Apr/2017:09:59:36 -0300] "GET /cormun/servlet/tratrazos? HTTP/1.1" 200 6764
186.79.225.197 - - [26/Apr/2017:09:59:36 -0300] "GET /cormun/servlet/trlicencias? HTTP/1.1" 200 6868
186.79.225.197 - - [26/Apr/2017:09:59:36 -0300] "GET /cormun/static/gxcfg.js?201741111445981 HTTP/1.1" 304 -
186.79.225.197 - - [26/Apr/2017:09:59:36 -0300] "GET /cormun/static/trlicencias.js?20174111145440 HTTP/1.1" 304 -
186.79.225.197 - - [26/Apr/2017:09:59:37 -0300] "GET /cormun/servlet/trlicencias? HTTP/1.1" 200 6867
186.79.225.197 - - [26/Apr/2017:09:59:39 -0300] "GET /cormun/servlet/licenciaspermisos?INS,0,,, HTTP/1.1" 200 7406
186.79.225.197 - - [26/Apr/2017:09:59:40 -0300] "GET /cormun/static/gxcfg.js?201741111445322 HTTP/1.1" 304 -
186.79.225.197 - - [26/Apr/2017:09:59:40 -0300] "GET /cormun/static/licenciaspermisos.js?201741111445392 HTTP/1.1" 304 -
186.79.225.197 - - [26/Apr/2017:09:59:40 -0300] "GET /cormun/servlet/licenciaspermisos?INS,0,,, HTTP/1.1" 200 7405
192.168.10.89 - - [26/Apr/2017:09:59:44 -0300] "POST /cormun/servlet/trsolicitudgral?b48d78a1428414313bec07fc0a0c378f,gx-no-cache=1493214570390,gx-no-cache=1493214854576 HTTP/1.1" 200 6936
192.168.10.89 - - [26/Apr/2017:09:59:45 -0300] "GET /cormun/static/Shared/jqueryui/images/ui-icons_82798d_256x240.png HTTP/1.1" 404 1089
192.168.10.89 - - [26/Apr/2017:09:59:45 -0300] "GET /cormun/static/Shared/jqueryui/images/ui-bg_flat_55_fafafa_40x100.png HTTP/1.1" 404 1097
192.168.10.89 - - [26/Apr/2017:09:59:45 -0300] "GET /cormun/static/Shared/jqueryui/images/ui-bg_highlight-soft_100_c6c2c8_1x100.png HTTP/1.1" 404 1117
192.168.10.89 - - [26/Apr/2017:09:59:45 -0300] "GET /cormun/static/Shared/jqueryui/images/ui-icons_8d78a5_256x240.png HTTP/1.1" 404 1089
200.86.184.230 - - [26/Apr/2017:09:59:50 -0300] "GET /cormun/servlet/tratrazos? HTTP/1.1" 200 6764
200.86.184.230 - - [26/Apr/2017:09:59:51 -0300] "GET /cormun/servlet/tratrazos? HTTP/1.1" 200 6764
186.79.225.197 - - [26/Apr/2017:09:59:52 -0300] "GET /cormun/servlet/licenciaspermisos?3d9c2ae2fcd94a61ae26809544fb3c514efdffd5ae698f7baf45f2d2260f110a3439f5c232ca79709b02b712a0a1f5a2,gx-no-cache=1493211655070 HTTP/1.1" 200 67
186.79.225.197 - - [26/Apr/2017:09:59:52 -0300] "POST /cormun/servlet/licenciaspermisos?76ffd1b1c631582ebbc2df43dbbadb14,INS,0,,,,gx-no-cache=1493211655202 HTTP/1.1" 200 4627
192.168.10.13 - - [26/Apr/2017:10:00:01 -0300] "GET / HTTP/1.1" 200 11217
192.168.10.89 - - [26/Apr/2017:10:00:03 -0300] "GET /cormun/servlet/solicitudgral?UPD,2017,6110, HTTP/1.1" 200 12262
192.168.10.89 - - [26/Apr/2017:10:00:04 -0300] "POST /cormun/servlet/solicitudgral?gx-no-cache=1493214874573 HTTP/1.1" 200 3189
192.168.10.89 - - [26/Apr/2017:10:00:05 -0300] "GET /cormun/servlet/solicitudgral?11f5d27c1d4019b0c3d50d24db979cd76fba8f4139c06265ce7a76807a2b3e9f93af44fb5f6c2727e00fc9d9e0a72eda11c692ea545e9026ef198a39ba1e733b9558bdddaad09f8b12bc190d072092532caa11df1f2586ca2a8c7ff783afa95db0fc021ab92c3759cab413902a32b9550528100e1eb71daedfdb00df71612fcb8259390f81aeeea7b0a2afff8a4a08203669eccf64441f8818978622044f501cc6970f9ca19d4f7d6a86c1e70ef5e0ff7e53f94921b7043d29822bbe4b2f1625cdebb05d64d481fa0956249822e5b7922f1b7affb1f2ce7386c61197ad41b958806dc43374ecffddf5ff0f43ef8629c179f37c391ced806a3d64d943028c67cd0e72046864872a6d6ba49ec0771bfd6f0d52322b8bdbe323b5e68dc45db7abd0c367c77e351057186bd4a9d5bf1c1bdb5898acf3921ee9ccce4b82299e6860e92933030910c1dc8ac752c7d5dca68797,gx-no-cache=1493214874812 HTTP/1.1" 200 298
200.86.184.230 - - [26/Apr/2017:10:00:05 -0300] "GET /cormun/servlet/hlogin HTTP/1.1" 200 1725
192.168.10.89 - - [26/Apr/2017:10:00:06 -0300] "GET /cormun/servlet/solicitudgral?11f5d27c1d4019b0c3d50d24db979cd7ef0bb02e1b21e34a6116ef73e0d216dd9c8b65c4130d29cb4759915bc2bac48be8b8fa5e6d4b2b836235a09b26b44b29f650c081b4d83608d94a4583c0d712a4ba6e97393d8512cab20f7934c9cd1bdc79c5284a43e6d0c10b25d70f294b8b757ea63a20df69cc546f1330fcba13aaeadc223d4efea46f4865bc1e4108258f1a342bda743cf3ce461a629f2e74781eb360054a69186a159a8b75d871d39a41b004bd63e24c68fa875ac78f7359f3704123ab834d41e3ed913c9578d16694216a66dec376910f7541446834ed88efb2001bf36fe27742cf6c7ff591208f6b5656eee273e9a8b3b0f74f2717b316828cc8ec1cb450c591d69d258eecea6e6e0cf0bf9e40e8795e2b1f70febdceda24eb74a631d000717647209e6e24fe39c35562a40338b1f067e7ec10de826f26f87ac6193e8897ac995e31958af7d2b9f5d96e383f6190d2c15a273e3c670191bb466d557d599e4c2dc276e90d8b5570e1c19e52ce142a0ded635d62fb8f1402e087b5349b9e4492d5e53384be69f67ba780ce9fd1ecc6daa1bf1fa60e96a02cc8da0e80d38dad580be963081c61872ffd1a2c97d8da363144c74876daa9460b1d4aa79b765aeb87350658300cc3bf6cd8f3985c34341e2e369a2aaf8c6dd9917f12b6bc6c79c9f9b97ca02a1672cea050491ba50b12ebe48fe8b27de99cd7590c65ff6f60c6bed4651a6fd812ca8fea06a396821627ea076588b04efd5e68c96687f5e727b8fe42580ed3b768bef6cb614a4b,gx-no-cache=1493214876046 HTTP/1.1" 200 48
192.168.10.89 - - [26/Apr/2017:10:00:06 -0300] "POST /cormun/servlet/solicitudgral?b48d78a1428414313bec07fc0a0c378f,UPD,2017,6110,,gx-no-cache=1493214876503 HTTP/1.1" 200 10634
192.168.10.89 - - [26/Apr/2017:10:00:07 -0300] "GET /cormun/servlet/solicitudgral?11f5d27c1d4019b0c3d50d24db979cd7b90f493be73c62682e9239ea24fc8ef58bf68dd9c16134685d1c017f6ecc3b4a3ef6f763520c5619288341f180befc2f40350b49428a2c995a5f81b11c928669f9d8d62233bad0064d85037756dc12b2f239aa7ddd506bad2e0dcf9371ed5a2e,gx-no-cache=1493214877048 HTTP/1.1" 200 29
192.168.10.89 - - [26/Apr/2017:10:00:07 -0300] "POST /cormun/servlet/solicitudgral?gx-no-cache=1493214877094 HTTP/1.1" 200 1254
192.168.10.89 - - [26/Apr/2017:10:00:07 -0300] "POST /cormun/servlet/solicitudgral?gx-no-cache=1493214877135 HTTP/1.1" 200 1159
192.168.10.89 - - [26/Apr/2017:10:00:10 -0300] "POST /cormun/servlet/solicitudgral?b48d78a1428414313bec07fc0a0c378f,UPD,2017,6110,,gx-no-cache=1493214880203 HTTP/1.1" 200 93
192.168.10.89 - - [26/Apr/2017:10:00:10 -0300] "GET /cormun/servlet/hpexe_return? HTTP/1.1" 200 1031
192.168.10.89 - - [26/Apr/2017:10:00:11 -0300] "GET /cormun/servlet/trsolicitudgral?gx-no-cache=1493214570390 HTTP/1.1" 200 10297
192.168.10.89 - - [26/Apr/2017:10:00:15 -0300] "POST /cormun/servlet/trsolicitudgral?b48d78a1428414313bec07fc0a0c378f,gx-no-cache=1493214570390,gx-no-cache=1493214885122 HTTP/1.1" 200 6560
192.168.10.89 - - [26/Apr/2017:10:00:15 -0300] "GET /cormun/static/Shared/jqueryui/images/ui-icons_8d78a5_256x240.png HTTP/1.1" 404 1089
192.168.10.89 - - [26/Apr/2017:10:00:15 -0300] "GET /cormun/static/Shared/jqueryui/images/ui-bg_highlight-soft_100_c6c2c8_1x100.png HTTP/1.1" 404 1117
192.168.10.89 - - [26/Apr/2017:10:00:15 -0300] "GET /cormun/static/Shared/jqueryui/images/ui-bg_flat_55_fafafa_40x100.png HTTP/1.1" 404 1097
192.168.10.89 - - [26/Apr/2017:10:00:15 -0300] "GET /cormun/static/Shared/jqueryui/images/ui-icons_82798d_256x240.png HTTP/1.1" 404 1089
200.86.184.230 - - [26/Apr/2017:10:00:27 -0300] "POST /cormun/servlet/hlogin?a9bd60e9488a742958adc0d1259bd301,gx-no-cache=1493212462926 HTTP/1.1" 200 90
200.86.184.230 - - [26/Apr/2017:10:00:27 -0300] "GET /cormun/servlet/hpexe_link HTTP/1.1" 200 961
200.86.184.230 - - [26/Apr/2017:10:00:28 -0300] "GET /cormun/servlet/tratrazos HTTP/1.1" 200 6766
200.86.184.230 - - [26/Apr/2017:10:00:28 -0300] "GET /cormun/servlet/tratrazos HTTP/1.1" 200 6764
192.168.10.89 - - [26/Apr/2017:10:00:32 -0300] "GET /cormun/servlet/solicitudgral?UPD,2017,6112, HTTP/1.1" 200 12251
192.168.10.89 - - [26/Apr/2017:10:00:34 -0300] "POST /cormun/servlet/solicitudgral?gx-no-cache=1493214903882 HTTP/1.1" 200 3182
192.168.10.89 - - [26/Apr/2017:10:00:34 -0300] "GET /cormun/servlet/solicitudgral?11f5d27c1d4019b0c3d50d24db979cd76fba8f4139c06265ce7a76807a2b3e9f93af44fb5f6c2727e00fc9d9e0a72eda11c692ea545e9026ef198a39ba1e733b9558bdddaad09f8b12bc190d07209253ba86ec8f49881301f9f595c1b5815282b0fc021ab92c3759cab413902a32b9550528100e1eb71daedfdb00df71612fcb8259390f81aeeea7b0a2afff8a4a08203669eccf64441f8818978622044f501cc6970f9ca19d4f7d6a86c1e70ef5e0ff7e53f94921b7043d29822bbe4b2f1625cdebb05d64d481fa0956249822e5b7922f1b7affb1f2ce7386c61197ad41b958806dc43374ecffddf5ff0f43ef8629c179f37c391ced806a3d64d943028c67cd0e72046864872a6d6ba49ec0771bfd6f0d52322b8bdbe323b5e68dc45db7abd0c367c77e351057186bd4a9d5bf1c1bdb5898acf3921ee9ccce4b82299e6860e92933030910c1dc8ac752c7d5dca68797,gx-no-cache=1493214904101 HTTP/1.1" 200 257
192.168.10.89 - - [26/Apr/2017:10:00:34 -0300] "GET /cormun/servlet/solicitudgral?11f5d27c1d4019b0c3d50d24db979cd7ef0bb02e1b21e34a6116ef73e0d216dd9c8b65c4130d29cb4759915bc2bac48be8b8fa5e6d4b2b836235a09b26b44b29f650c081b4d83608d94a4583c0d712a4ba6e97393d8512cab20f7934c9cd1bdc79c5284a43e6d0c10b25d70f294b8b757ea63a20df69cc546f1330fcba13aaeadc223d4efea46f4865bc1e4108258f1a342bda743cf3ce461a629f2e74781eb360054a69186a159a8b75d871d39a41b004bd63e24c68fa875ac78f7359f3704123ab834d41e3ed913c9578d16694216a66dec376910f7541446834ed88efb2001bf36fe27742cf6c7ff591208f6b5656eee273e9a8b3b0f74f2717b316828cc8ec1cb450c591d69d258eecea6e6e0cf0bf9e40e8795e2b1f70febdceda24eb74a631d000717647209e6e24fe39c35562a40338b1f067e7ec10de826f26f87ac6193e8897ac995e31958af7d2b9f5d96e383f6190d2c15a273e3c670191bb466d557d599e4c2dc276e90d8b5570e1c19e52ce142a0ded635d62fb8f1402e087b5349b9e4492d5e53384be69f67ba780ce9fd1ecc6daa1bf1fa60e96a02cc8da0e80d38dad580be963081c61872ffd1a2c97d8da363144c74876daa9460b1d4aa79b765aeb87350658300cc3bf6cd8f3985c34341e2e369a2aaf8c6dd9917f12b6bc6c79c9f9b97ca02a1672cea050491ba50b12ebe48fe8b27de99cd7590c65ff6f60c6bed4651a6fd812ca8fea06a396821627ea076588b04efd5e68c96687f5e727b8fe42580ed3b768bef6cb614a4b,gx-no-cache=1493214904734 HTTP/1.1" 200 48
192.168.10.89 - - [26/Apr/2017:10:00:35 -0300] "POST /cormun/servlet/solicitudgral?b48d78a1428414313bec07fc0a0c378f,UPD,2017,6112,,gx-no-cache=1493214905056 HTTP/1.1" 200 10622
192.168.10.89 - - [26/Apr/2017:10:00:35 -0300] "GET /cormun/servlet/solicitudgral?11f5d27c1d4019b0c3d50d24db979cd7b90f493be73c62682e9239ea24fc8ef58bf68dd9c16134685d1c017f6ecc3b4a3ef6f763520c5619288341f180befc2fe0f816e3b788292cfd6f3fa20be925bc20ba3b08ed261d31e17a133dd6ce6ad4015716b752e5353193367aec5ce1313d681bef4eb49611246eb764167ce53083d6dd1e55f4d815dcd111e2babd81bfe74e56825f335ebcf664907d353b9034c6,gx-no-cache=1493214905654 HTTP/1.1" 200 29
192.168.10.89 - - [26/Apr/2017:10:00:35 -0300] "POST /cormun/servlet/solicitudgral?gx-no-cache=1493214905682 HTTP/1.1" 200 1255
192.168.10.89 - - [26/Apr/2017:10:00:35 -0300] "POST /cormun/servlet/solicitudgral?gx-no-cache=1493214905718 HTTP/1.1" 200 1159
200.86.184.230 - - [26/Apr/2017:10:00:39 -0300] "GET /cormun/servlet/tratrazos? HTTP/1.1" 200 6764
200.86.184.230 - - [26/Apr/2017:10:00:39 -0300] "GET /cormun/servlet/tratrazos? HTTP/1.1" 200 6764
192.168.10.89 - - [26/Apr/2017:10:00:39 -0300] "GET /cormun/servlet/solicitudgral?11f5d27c1d4019b0c3d50d24db979cd7b90f493be73c62682e9239ea24fc8ef58bf68dd9c16134685d1c017f6ecc3b4a13b27148dba042aad836ad99992582dfe0f816e3b788292cfd6f3fa20be925bc20ba3b08ed261d31e17a133dd6ce6ad4015716b752e5353193367aec5ce1313d681bef4eb49611246eb764167ce53083d6dd1e55f4d815dcd111e2babd81bfe74e56825f335ebcf664907d353b9034c6,gx-no-cache=1493214909538 HTTP/1.1" 200 30
192.168.10.89 - - [26/Apr/2017:10:00:45 -0300] "GET /cormun/servlet/solicitudgral?11f5d27c1d4019b0c3d50d24db979cd7b90f493be73c62682e9239ea24fc8ef58bf68dd9c16134685d1c017f6ecc3b4a3ef6f763520c5619288341f180befc2fe0f816e3b788292cfd6f3fa20be925bc20ba3b08ed261d31e17a133dd6ce6ad4015716b752e5353193367aec5ce1313d681bef4eb49611246eb764167ce53083d6dd1e55f4d815dcd111e2babd81bfe7adfa014ddbc5e528a957d4526d6d66b6,gx-no-cache=1493214915093 HTTP/1.1" 200 30
192.168.10.89 - - [26/Apr/2017:10:00:47 -0300] "GET /cormun/servlet/solicitudgral?11f5d27c1d4019b0c3d50d24db979cd7b90f493be73c62682e9239ea24fc8ef58bf68dd9c16134685d1c017f6ecc3b4a13b27148dba042aad836ad99992582dfe0f816e3b788292cfd6f3fa20be925bc20ba3b08ed261d31e17a133dd6ce6ad4015716b752e5353193367aec5ce1313d681bef4eb49611246eb764167ce53083d6dd1e55f4d815dcd111e2babd81bfe7adfa014ddbc5e528a957d4526d6d66b6,gx-no-cache=1493214917005 HTTP/1.1" 200 30
192.168.10.89 - - [26/Apr/2017:10:00:48 -0300] "POST /cormun/servlet/solicitudgral?gx-no-cache=1493214917784 HTTP/1.1" 200 1255
192.168.10.89 - - [26/Apr/2017:10:00:48 -0300] "POST /cormun/servlet/solicitudgral?gx-no-cache=1493214917820 HTTP/1.1" 200 1159
200.86.184.230 - - [26/Apr/2017:10:00:49 -0300] "GET /cormun/servlet/tratrazosautorizar? HTTP/1.1" 200 13197
200.86.184.230 - - [26/Apr/2017:10:00:50 -0300] "GET /cormun/servlet/tratrazosautorizar? HTTP/1.1" 200 13196
192.168.10.89 - - [26/Apr/2017:10:00:53 -0300] "POST /cormun/servlet/solicitudgral?b48d78a1428414313bec07fc0a0c378f,UPD,2017,6112,,gx-no-cache=1493214922855 HTTP/1.1" 200 93
192.168.10.89 - - [26/Apr/2017:10:00:53 -0300] "GET /cormun/servlet/hpexe_return? HTTP/1.1" 200 1032
192.168.10.89 - - [26/Apr/2017:10:00:53 -0300] "GET /cormun/servlet/trsolicitudgral?gx-no-cache=1493214570390 HTTP/1.1" 200 9906
192.168.10.13 - - [26/Apr/2017:10:01:01 -0300] "GET / HTTP/1.1" 200 11217
192.168.10.89 - - [26/Apr/2017:10:01:09 -0300] "POST /cormun/servlet/trsolicitudgral?b48d78a1428414313bec07fc0a0c378f,gx-no-cache=1493214570390,gx-no-cache=1493214939181 HTTP/1.1" 200 5386
192.168.10.89 - - [26/Apr/2017:10:01:09 -0300] "GET /cormun/static/Shared/jqueryui/images/ui-bg_highlight-soft_100_c6c2c8_1x100.png HTTP/1.1" 404 1117
192.168.10.89 - - [26/Apr/2017:10:01:09 -0300] "GET /cormun/static/Shared/jqueryui/images/ui-icons_8d78a5_256x240.png HTTP/1.1" 404 1089
192.168.10.89 - - [26/Apr/2017:10:01:09 -0300] "GET /cormun/static/Shared/jqueryui/images/ui-bg_flat_55_fafafa_40x100.png HTTP/1.1" 404 1097
192.168.10.89 - - [26/Apr/2017:10:01:09 -0300] "GET /cormun/static/Shared/jqueryui/images/ui-icons_82798d_256x240.png HTTP/1.1" 404 1089
192.168.10.89 - - [26/Apr/2017:10:01:14 -0300] "POST /cormun/servlet/trsolicitudgral?b48d78a1428414313bec07fc0a0c378f,gx-no-cache=1493214570390,gx-no-cache=1493214943901 HTTP/1.1" 200 7269
200.86.184.230 - - [26/Apr/2017:10:01:22 -0300] "GET /cormun/servlet/tratrazos? HTTP/1.1" 200 6764
200.86.184.230 - - [26/Apr/2017:10:01:23 -0300] "GET /cormun/servlet/tratrazos? HTTP/1.1" 200 6764
200.86.184.230 - - [26/Apr/2017:10:01:33 -0300] "POST /cormun/servlet/tratrazos?a9bd60e9488a742958adc0d1259bd301,,gx-no-cache=1493212528776 HTTP/1.1" 200 11388
192.168.10.89 - - [26/Apr/2017:10:01:35 -0300] "GET /cormun/servlet/solicitudgral?UPD,2017,6157, HTTP/1.1" 200 12268
192.168.10.89 - - [26/Apr/2017:10:01:37 -0300] "POST /cormun/servlet/solicitudgral?gx-no-cache=1493214967109 HTTP/1.1" 200 3175
192.168.10.89 - - [26/Apr/2017:10:01:37 -0300] "GET /cormun/servlet/solicitudgral?11f5d27c1d4019b0c3d50d24db979cd76fba8f4139c06265ce7a76807a2b3e9f93af44fb5f6c2727e00fc9d9e0a72eda11c692ea545e9026ef198a39ba1e733b9558bdddaad09f8b12bc190d072092532caa11df1f2586ca2a8c7ff783afa95db0fc021ab92c3759cab413902a32b9550528100e1eb71daedfdb00df71612fcb8259390f81aeeea7b0a2afff8a4a08203669eccf64441f8818978622044f501cc6970f9ca19d4f7d6a86c1e70ef5e0ff7e53f94921b7043d29822bbe4b2f1625cdebb05d64d481fa0956249822e5b7922f1b7affb1f2ce7386c61197ad41b958806dc43374ecffddf5ff0f43ef8629c179f37c391ced806a3d64d943028c67cd0e72046864872a6d6ba49ec0771bfd6f0d52322b8bdbe323b5e68dc45db7abd0c367c77e351057186bd4a9d5bf1c1bdb5898acf3921ee9ccce4b82299e6860e92933030910c1dc8ac752c7d5dca68797,gx-no-cache=1493214967363 HTTP/1.1" 200 298
192.168.10.89 - - [26/Apr/2017:10:01:38 -0300] "GET /cormun/servlet/solicitudgral?11f5d27c1d4019b0c3d50d24db979cd7ef0bb02e1b21e34a6116ef73e0d216dd9c8b65c4130d29cb4759915bc2bac48be8b8fa5e6d4b2b836235a09b26b44b29f650c081b4d83608d94a4583c0d712a4ba6e97393d8512cab20f7934c9cd1bdc79c5284a43e6d0c10b25d70f294b8b757ea63a20df69cc546f1330fcba13aaeadc223d4efea46f4865bc1e4108258f1a342bda743cf3ce461a629f2e74781eb360054a69186a159a8b75d871d39a41b004bd63e24c68fa875ac78f7359f3704123ab834d41e3ed913c9578d16694216a66dec376910f7541446834ed88efb2001bf36fe27742cf6c7ff591208f6b5656eee273e9a8b3b0f74f2717b316828cc8ec1cb450c591d69d258eecea6e6e0cf0bf9e40e8795e2b1f70febdceda24eb74a631d000717647209e6e24fe39c35562a40338b1f067e7ec10de826f26f87ac6193e8897ac995e31958af7d2b9f5d96e383f6190d2c15a273e3c670191bb466d557d599e4c2dc276e90d8b5570e1c19e52ce142a0ded635d62fb8f1402e087b5349b9e4492d5e53384be69f67ba780ce9fd1ecc6daa1bf1fa60e96a02cc8da0e80d38dad580be963081c61872ffd1a2c97d8da363144c74876daa9460b1d4aa79b765aeb87350658300cc3bf6cd8f3985c34341e2e369a2aaf8c6dd9917f12b6bc6c79c9f9b97ca02a1672cea050491ba50b12ebe48fe8b27de99cd7590c65ff6f60c6bed4651a6fd812ca8fea06a396821627ea076588b04efd5e68c96687f5e727b8fe42580ed3b768bef6cb614a4b,gx-no-cache=1493214968142 HTTP/1.1" 200 48
192.168.10.89 - - [26/Apr/2017:10:01:38 -0300] "POST /cormun/servlet/solicitudgral?b48d78a1428414313bec07fc0a0c378f,UPD,2017,6157,,gx-no-cache=1493214968468 HTTP/1.1" 200 10650
192.168.10.89 - - [26/Apr/2017:10:01:39 -0300] "GET /cormun/servlet/solicitudgral?11f5d27c1d4019b0c3d50d24db979cd7b90f493be73c62682e9239ea24fc8ef58bf68dd9c16134685d1c017f6ecc3b4a3ef6f763520c5619288341f180befc2f40350b49428a2c995a5f81b11c928669f9d8d62233bad0064d85037756dc12b2f239aa7ddd506bad2e0dcf9371ed5a2e,gx-no-cache=1493214969080 HTTP/1.1" 200 29
192.168.10.89 - - [26/Apr/2017:10:01:39 -0300] "POST /cormun/servlet/solicitudgral?gx-no-cache=1493214969108 HTTP/1.1" 200 1254
192.168.10.89 - - [26/Apr/2017:10:01:39 -0300] "POST /cormun/servlet/solicitudgral?gx-no-cache=1493214969145 HTTP/1.1" 200 1159
200.86.184.230 - - [26/Apr/2017:10:01:40 -0300] "GET /cormun/servlet/aatrasoprn?44,PU HTTP/1.1" 200 1580
192.168.10.89 - - [26/Apr/2017:10:01:46 -0300] "POST /cormun/servlet/solicitudgral?b48d78a1428414313bec07fc0a0c378f,UPD,2017,6157,,gx-no-cache=1493214976592 HTTP/1.1" 200 93
192.168.10.89 - - [26/Apr/2017:10:01:46 -0300] "GET /cormun/servlet/hpexe_return? HTTP/1.1" 200 1031
192.168.10.89 - - [26/Apr/2017:10:01:47 -0300] "GET /cormun/servlet/trsolicitudgral?gx-no-cache=1493214570390 HTTP/1.1" 200 10674
192.168.10.89 - - [26/Apr/2017:10:01:51 -0300] "POST /cormun/servlet/trsolicitudgral?b48d78a1428414313bec07fc0a0c378f,gx-no-cache=1493214570390,gx-no-cache=1493214980998 HTTP/1.1" 200 6965
186.79.225.197 - - [26/Apr/2017:10:01:51 -0300] "GET /cormun/static/menuarrow.gif HTTP/1.1" 404 1015
192.168.10.89 - - [26/Apr/2017:10:01:51 -0300] "GET /cormun/static/Shared/jqueryui/images/ui-bg_highlight-soft_100_c6c2c8_1x100.png HTTP/1.1" 404 1117
192.168.10.89 - - [26/Apr/2017:10:01:51 -0300] "GET /cormun/static/Shared/jqueryui/images/ui-icons_82798d_256x240.png HTTP/1.1" 404 1089
192.168.10.89 - - [26/Apr/2017:10:01:51 -0300] "GET /cormun/static/Shared/jqueryui/images/ui-icons_8d78a5_256x240.png HTTP/1.1" 404 1089
192.168.10.89 - - [26/Apr/2017:10:01:51 -0300] "GET /cormun/static/Shared/jqueryui/images/ui-bg_flat_55_fafafa_40x100.png HTTP/1.1" 404 1097
192.168.10.89 - - [26/Apr/2017:10:01:52 -0300] "GET /cormun/servlet/solicitudgral?UPD,2017,6104, HTTP/1.1" 200 12250
192.168.10.89 - - [26/Apr/2017:10:01:54 -0300] "POST /cormun/servlet/solicitudgral?gx-no-cache=1493214984189 HTTP/1.1" 200 3185
192.168.10.89 - - [26/Apr/2017:10:01:54 -0300] "GET /cormun/servlet/solicitudgral?11f5d27c1d4019b0c3d50d24db979cd76fba8f4139c06265ce7a76807a2b3e9f93af44fb5f6c2727e00fc9d9e0a72eda11c692ea545e9026ef198a39ba1e733b9558bdddaad09f8b12bc190d07209253ba86ec8f49881301f9f595c1b5815282b0fc021ab92c3759cab413902a32b9550528100e1eb71daedfdb00df71612fcb8259390f81aeeea7b0a2afff8a4a08203669eccf64441f8818978622044f501cc6970f9ca19d4f7d6a86c1e70ef5e0ff7e53f94921b7043d29822bbe4b2f1625cdebb05d64d481fa0956249822e5b7922f1b7affb1f2ce7386c61197ad41b958806dc43374ecffddf5ff0f43ef8629c179f37c391ced806a3d64d943028c67cd0e72046864872a6d6ba49ec0771bfd6f0d52322b8bdbe323b5e68dc45db7abd0c367c77e351057186bd4a9d5bf1c1bdb5898acf3921ee9ccce4b82299e6860e92933030910c1dc8ac752c7d5dca68797,gx-no-cache=1493214984419 HTTP/1.1" 200 257
192.168.10.13 - - [26/Apr/2017:10:02:01 -0300] "GET / HTTP/1.1" 200 11217
186.79.225.197 - - [26/Apr/2017:10:02:14 -0300] "POST /cormun/servlet/licenciaspermisos?76ffd1b1c631582ebbc2df43dbbadb14,INS,0,,,,gx-no-cache=1493211796980 HTTP/1.1" 200 93
186.79.225.197 - - [26/Apr/2017:10:02:15 -0300] "GET /cormun/servlet/hpexe_return? HTTP/1.1" 200 1006
186.79.225.197 - - [26/Apr/2017:10:02:15 -0300] "GET /cormun/servlet/trlicencias HTTP/1.1" 200 6871
186.79.225.197 - - [26/Apr/2017:10:02:16 -0300] "GET /cormun/servlet/trlicencias HTTP/1.1" 200 6867
192.168.10.89 - - [26/Apr/2017:10:02:17 -0300] "GET /cormun/servlet/solicitudgral?11f5d27c1d4019b0c3d50d24db979cd7ef0bb02e1b21e34a6116ef73e0d216dd9c8b65c4130d29cb4759915bc2bac48be8b8fa5e6d4b2b836235a09b26b44b29f650c081b4d83608d94a4583c0d712a4ba6e97393d8512cab20f7934c9cd1bdc79c5284a43e6d0c10b25d70f294b8b757ea63a20df69cc546f1330fcba13aaeadc223d4efea46f4865bc1e4108258f1a342bda743cf3ce461a629f2e74781eb360054a69186a159a8b75d871d39a41b004bd63e24c68fa875ac78f7359f3704123ab834d41e3ed913c9578d16694216a66dec376910f7541446834ed88efb2001bf36fe27742cf6c7ff591208f6b5656eee273e9a8b3b0f74f2717b316828cc8ec1cb450c591d69d258eecea6e6e0cf0bf9e40e8795e2b1f70febdceda24eb74a631d000717647209e6e24fe39c35562a40338b1f067e7ec10de826f26f87ac6193e8897ac995e31958af7d2b9f5d96e383f6190d2c15a273e3c670191bb466d557d599e4c2dc276e90d8b5570e1c19e52ce142a0ded635d62fb8f1402e087b5349b9e4492d5e53384be69f67ba780ce9fd1ecc6daa1bf1fa60e96a02cc8da0e80d38dad580be963081c61872ffd1a2c97d8da363144c74876daa9460b1d4aa79b765aeb87350658300cc3bf6cd8f3985c34341e2e369a2aaf8c6dd9917f12b6bc6c79c9f9b97ca02a1672cea050491ba50b12ebe48fe8b27de99cd7590c65ff6f60c6bed4651a6fd812ca8fea06a396821627ea076588b04efd5e68c96687f5e727b8fe42580ed3b768bef6cb614a4b,gx-no-cache=1493215007059 HTTP/1.1" 200 48
192.168.10.89 - - [26/Apr/2017:10:02:18 -0300] "POST /cormun/servlet/solicitudgral?b48d78a1428414313bec07fc0a0c378f,UPD,2017,6104,,gx-no-cache=1493215008345 HTTP/1.1" 200 10631
192.168.10.89 - - [26/Apr/2017:10:02:19 -0300] "GET /cormun/servlet/solicitudgral?11f5d27c1d4019b0c3d50d24db979cd7f67707a2c3c01eb068ce627c14e72a9b8bf68dd9c16134685d1c017f6ecc3b4af73b2581b18e2c0ca0e5d6147c879efbd4e80dce6bdab8b40422395a80d9b7a220ba3b08ed261d31e17a133dd6ce6ad46f392e1b148ab076a5ea4709df3d9472fcb9d4185f54d53d98a0f06a72c301864075fad549a1575751e910186206d292ae35b8be12631200db5af39cb312cb84ba7aab5c949d7dbb13eb96867052951886c882f8c846edeb5ef11a4bc64dc30043a7bbbbab6d71a079a779cf2200c7e2,gx-no-cache=1493215009153 HTTP/1.1" 200 29
192.168.10.89 - - [26/Apr/2017:10:02:19 -0300] "POST /cormun/servlet/solicitudgral?gx-no-cache=1493215009180 HTTP/1.1" 200 1254
192.168.10.89 - - [26/Apr/2017:10:02:19 -0300] "POST /cormun/servlet/solicitudgral?gx-no-cache=1493215009220 HTTP/1.1" 200 1159
192.168.10.89 - - [26/Apr/2017:10:02:22 -0300] "POST /cormun/servlet/solicitudgral?b48d78a1428414313bec07fc0a0c378f,UPD,2017,6104,,gx-no-cache=1493215011701 HTTP/1.1" 200 93
192.168.10.89 - - [26/Apr/2017:10:02:22 -0300] "GET /cormun/servlet/hpexe_return? HTTP/1.1" 200 1030
192.168.10.89 - - [26/Apr/2017:10:02:22 -0300] "GET /cormun/servlet/trsolicitudgral?gx-no-cache=1493214570390 HTTP/1.1" 200 10334
200.86.184.230 - - [26/Apr/2017:10:02:28 -0300] "GET /cormun/servlet/aatrasoprn?45,PU HTTP/1.1" 200 1590
192.168.10.89 - - [26/Apr/2017:10:02:48 -0300] "GET /cormun/servlet/solicitudgral?UPD,2017,6104, HTTP/1.1" 200 12250
192.168.10.89 - - [26/Apr/2017:10:02:49 -0300] "POST /cormun/servlet/solicitudgral?gx-no-cache=1493215039434 HTTP/1.1" 200 3185
192.168.10.89 - - [26/Apr/2017:10:02:49 -0300] "GET /cormun/servlet/solicitudgral?11f5d27c1d4019b0c3d50d24db979cd76fba8f4139c06265ce7a76807a2b3e9f93af44fb5f6c2727e00fc9d9e0a72eda11c692ea545e9026ef198a39ba1e733b9558bdddaad09f8b12bc190d07209253ba86ec8f49881301f9f595c1b5815282b0fc021ab92c3759cab413902a32b9550528100e1eb71daedfdb00df71612fcb8259390f81aeeea7b0a2afff8a4a08203669eccf64441f8818978622044f501cc6970f9ca19d4f7d6a86c1e70ef5e0ff7e53f94921b7043d29822bbe4b2f1625cdebb05d64d481fa0956249822e5b7922f1b7affb1f2ce7386c61197ad41b958806dc43374ecffddf5ff0f43ef8629c179f37c391ced806a3d64d943028c67cd0e72046864872a6d6ba49ec0771bfd6f0d52322b8bdbe323b5e68dc45db7abd0c367c77e351057186bd4a9d5bf1c1bdb5898acf3921ee9ccce4b82299e6860e92933030910c1dc8ac752c7d5dca68797,gx-no-cache=1493215039646 HTTP/1.1" 200 257
192.168.10.89 - - [26/Apr/2017:10:02:50 -0300] "GET /cormun/servlet/solicitudgral?11f5d27c1d4019b0c3d50d24db979cd7ef0bb02e1b21e34a6116ef73e0d216dd9c8b65c4130d29cb4759915bc2bac48be8b8fa5e6d4b2b836235a09b26b44b29f650c081b4d83608d94a4583c0d712a4ba6e97393d8512cab20f7934c9cd1bdc79c5284a43e6d0c10b25d70f294b8b757ea63a20df69cc546f1330fcba13aaeadc223d4efea46f4865bc1e4108258f1a342bda743cf3ce461a629f2e74781eb360054a69186a159a8b75d871d39a41b004bd63e24c68fa875ac78f7359f3704123ab834d41e3ed913c9578d16694216a66dec376910f7541446834ed88efb2001bf36fe27742cf6c7ff591208f6b5656eee273e9a8b3b0f74f2717b316828cc8ec1cb450c591d69d258eecea6e6e0cf0bf9e40e8795e2b1f70febdceda24eb74a631d000717647209e6e24fe39c35562a40338b1f067e7ec10de826f26f87ac6193e8897ac995e31958af7d2b9f5d96e383f6190d2c15a273e3c670191bb466d557d599e4c2dc276e90d8b5570e1c19e52ce142a0ded635d62fb8f1402e087b5349b9e4492d5e53384be69f67ba780ce9fd1ecc6daa1bf1fa60e96a02cc8da0e80d38dad580be963081c61872ffd1a2c97d8da363144c74876daa9460b1d4aa79b765aeb87350658300cc3bf6cd8f3985c34341e2e369a2aaf8c6dd9917f12b6bc6c79c9f9b97ca02a1672cea050491ba50b12ebe48fe8b27de99cd7590c65ff6f60c6bed4651a6fd812ca8fea06a396821627ea076588b04efd5e68c96687f5e727b8fe42580ed3b768bef6cb614a4b,gx-no-cache=1493215040242 HTTP/1.1" 200 48
192.168.10.89 - - [26/Apr/2017:10:02:50 -0300] "POST /cormun/servlet/solicitudgral?b48d78a1428414313bec07fc0a0c378f,UPD,2017,6104,,gx-no-cache=1493215040607 HTTP/1.1" 200 10631
192.168.10.89 - - [26/Apr/2017:10:02:51 -0300] "GET /cormun/servlet/solicitudgral?11f5d27c1d4019b0c3d50d24db979cd7f67707a2c3c01eb068ce627c14e72a9b8bf68dd9c16134685d1c017f6ecc3b4af73b2581b18e2c0ca0e5d6147c879efbd4e80dce6bdab8b40422395a80d9b7a220ba3b08ed261d31e17a133dd6ce6ad46f392e1b148ab076a5ea4709df3d9472fcb9d4185f54d53d98a0f06a72c301864075fad549a1575751e910186206d292ae35b8be12631200db5af39cb312cb84ba7aab5c949d7dbb13eb96867052951886c882f8c846edeb5ef11a4bc64dc30043a7bbbbab6d71a079a779cf2200c7e2,gx-no-cache=1493215041191 HTTP/1.1" 200 29
192.168.10.89 - - [26/Apr/2017:10:02:51 -0300] "POST /cormun/servlet/solicitudgral?gx-no-cache=1493215041221 HTTP/1.1" 200 1254
192.168.10.89 - - [26/Apr/2017:10:02:51 -0300] "POST /cormun/servlet/solicitudgral?gx-no-cache=1493215041258 HTTP/1.1" 200 1159
192.168.10.89 - - [26/Apr/2017:10:02:54 -0300] "GET /cormun/servlet/solicitudgral?11f5d27c1d4019b0c3d50d24db979cd7f67707a2c3c01eb068ce627c14e72a9b8bf68dd9c16134685d1c017f6ecc3b4a13b27148dba042aad836ad99992582dfd4e80dce6bdab8b40422395a80d9b7a220ba3b08ed261d31e17a133dd6ce6ad46f392e1b148ab076a5ea4709df3d9472fcb9d4185f54d53d98a0f06a72c301864075fad549a1575751e910186206d292ae35b8be12631200db5af39cb312cb84ba7aab5c949d7dbb13eb96867052951886c882f8c846edeb5ef11a4bc64dc30043a7bbbbab6d71a079a779cf2200c7e2,gx-no-cache=1493215044377 HTTP/1.1" 200 30
192.168.10.89 - - [26/Apr/2017:10:02:55 -0300] "POST /cormun/servlet/solicitudgral?gx-no-cache=1493215045547 HTTP/1.1" 200 1254
192.168.10.89 - - [26/Apr/2017:10:02:55 -0300] "POST /cormun/servlet/solicitudgral?gx-no-cache=1493215045589 HTTP/1.1" 200 1159
200.86.184.230 - - [26/Apr/2017:10:02:55 -0300] "GET /cormun/servlet/aatrasoprn?46,PU HTTP/1.1" 200 1582
192.168.10.89 - - [26/Apr/2017:10:02:58 -0300] "POST /cormun/servlet/solicitudgral?b48d78a1428414313bec07fc0a0c378f,UPD,2017,6104,,gx-no-cache=1493215047933 HTTP/1.1" 200 93
192.168.10.89 - - [26/Apr/2017:10:02:58 -0300] "GET /cormun/servlet/hpexe_return? HTTP/1.1" 200 1030
192.168.10.89 - - [26/Apr/2017:10:02:58 -0300] "GET /cormun/servlet/trsolicitudgral?gx-no-cache=1493214570390 HTTP/1.1" 200 10334
192.168.10.13 - - [26/Apr/2017:10:03:01 -0300] "GET / HTTP/1.1" 200 11217
192.168.10.89 - - [26/Apr/2017:10:03:03 -0300] "POST /cormun/servlet/trsolicitudgral?b48d78a1428414313bec07fc0a0c378f,gx-no-cache=1493214570390,gx-no-cache=1493215052976 HTTP/1.1" 200 6559
192.168.10.89 - - [26/Apr/2017:10:03:03 -0300] "GET /cormun/static/Shared/jqueryui/images/ui-icons_8d78a5_256x240.png HTTP/1.1" 404 1089
192.168.10.89 - - [26/Apr/2017:10:03:03 -0300] "GET /cormun/static/Shared/jqueryui/images/ui-icons_82798d_256x240.png HTTP/1.1" 404 1089
192.168.10.89 - - [26/Apr/2017:10:03:03 -0300] "GET /cormun/static/Shared/jqueryui/images/ui-bg_flat_55_fafafa_40x100.png HTTP/1.1" 404 1097
192.168.10.89 - - [26/Apr/2017:10:03:03 -0300] "GET /cormun/static/Shared/jqueryui/images/ui-bg_highlight-soft_100_c6c2c8_1x100.png HTTP/1.1" 404 1117
192.168.10.89 - - [26/Apr/2017:10:03:10 -0300] "POST /cormun/servlet/trsolicitudgral?b48d78a1428414313bec07fc0a0c378f,gx-no-cache=1493214570390,gx-no-cache=1493215059706 HTTP/1.1" 200 10211
200.86.184.230 - - [26/Apr/2017:10:03:21 -0300] "GET /cormun/servlet/aatrasoprn?47,PU HTTP/1.1" 200 1591
192.168.10.89 - - [26/Apr/2017:10:03:37 -0300] "POST /cormun/servlet/trsolicitudgral?b48d78a1428414313bec07fc0a0c378f,gx-no-cache=1493214570390,gx-no-cache=1493215087207 HTTP/1.1" 200 9156
200.86.184.230 - - [26/Apr/2017:10:03:40 -0300] "GET /cormun/servlet/aatrasoprn?48,PU HTTP/1.1" 200 1588
207.46.13.7 - - [26/Apr/2017:10:03:50 -0300] "GET /cormun/static/Shared/ext/ext-all.js HTTP/1.1" 200 1289687
200.86.184.230 - - [26/Apr/2017:10:03:57 -0300] "GET /cormun/servlet/aatrasoprn?49,PU HTTP/1.1" 200 1585
192.168.10.13 - - [26/Apr/2017:10:04:01 -0300] "GET / HTTP/1.1" 200 11217
200.86.184.230 - - [26/Apr/2017:10:04:13 -0300] "GET /cormun/servlet/aatrasoprn?50,PU HTTP/1.1" 200 1582
200.86.184.230 - - [26/Apr/2017:10:04:28 -0300] "GET /cormun/servlet/aatrasoprn?51,PU HTTP/1.1" 200 1583
200.86.184.230 - - [26/Apr/2017:10:04:43 -0300] "GET /cormun/servlet/trpermisosingoceadjunto?52,13957012, HTTP/1.1" 200 6084
200.86.184.230 - - [26/Apr/2017:10:04:43 -0300] "GET /cormun/static/gxcfg.js?2016101716221623 HTTP/1.1" 200 953
200.86.184.230 - - [26/Apr/2017:10:04:43 -0300] "GET /cormun/static/trpermisosingoceadjunto.js?2016101716221846 HTTP/1.1" 200 16824
200.86.184.230 - - [26/Apr/2017:10:04:44 -0300] "GET /cormun/servlet/trpermisosingoceadjunto?52,13957012, HTTP/1.1" 200 6085
200.86.184.230 - - [26/Apr/2017:10:04:47 -0300] "GET /cormun/servlet/tratrazos? HTTP/1.1" 200 13970
200.86.184.230 - - [26/Apr/2017:10:04:47 -0300] "GET /cormun/servlet/tratrazos? HTTP/1.1" 200 13970
200.86.184.230 - - [26/Apr/2017:10:04:50 -0300] "GET /cormun/servlet/aatrasoprn?52,PU HTTP/1.1" 200 1582
192.168.10.13 - - [26/Apr/2017:10:05:01 -0300] "GET / HTTP/1.1" 200 11217
200.86.184.230 - - [26/Apr/2017:10:05:18 -0300] "GET /cormun/servlet/aatrasoprn?53,PU HTTP/1.1" 200 1582
192.168.10.89 - - [26/Apr/2017:10:05:20 -0300] "GET /cormun/servlet/solicitudgral3?UPD,2017,6214, HTTP/1.1" 200 13102
192.168.10.89 - - [26/Apr/2017:10:05:20 -0300] "GET /cormun/static/gxcfg.js?201731711481654 HTTP/1.1" 304 -
192.168.10.89 - - [26/Apr/2017:10:05:20 -0300] "GET /cormun/static/Resources/prompt.gif HTTP/1.1" 200 902
192.168.10.89 - - [26/Apr/2017:10:05:22 -0300] "POST /cormun/servlet/solicitudgral3?gx-no-cache=1493215192354 HTTP/1.1" 200 3379
192.168.10.89 - - [26/Apr/2017:10:05:22 -0300] "GET /cormun/servlet/solicitudgral3?11f5d27c1d4019b0c3d50d24db979cd76fba8f4139c06265ce7a76807a2b3e9f93af44fb5f6c2727e00fc9d9e0a72eda11c692ea545e9026ef198a39ba1e733b9558bdddaad09f8b12bc190d072092534c2d8f51fbd7636c245768650b069ddfb0fc021ab92c3759cab413902a32b9550528100e1eb71daedfdb00df71612fcb8259390f81aeeea7b0a2afff8a4a08203669eccf64441f8818978622044f501cc6970f9ca19d4f7d6a86c1e70ef5e0ff7e53f94921b7043d29822bbe4b2f1625cdebb05d64d481fa0956249822e5b7922f1b7affb1f2ce7386c61197ad41b958806dc43374ecffddf5ff0f43ef8629c179f37c391ced806a3d64d943028c67cd0e72046864872a6d6ba49ec0771bfd6f0d52322b8bdbe323b5e68dc45db7abd0c367c77e351057186bd4a9d5bf1c1bdb5898acf3921ee9ccce4b82299e6860e92933030910c1dc8ac752c7d5dca68797,gx-no-cache=1493215192573 HTTP/1.1" 200 242
192.168.10.89 - - [26/Apr/2017:10:05:22 -0300] "POST /cormun/servlet/solicitudgral3?gx-no-cache=1493215192603 HTTP/1.1" 200 1362
192.168.10.89 - - [26/Apr/2017:10:05:22 -0300] "GET /cormun/servlet/solicitudgral3?11f5d27c1d4019b0c3d50d24db979cd7a3b6212ffe789e68eac9141a84538ccd63c50155ba8cd0906583b00dae3c4b0811c692ea545e9026ef198a39ba1e733b953efd7e463f66c4335393427f42531db589e5858d60811f02931ef62ce53861d42a76f32acb84efc6a71d572e7a23b5193c0ce85c06221d8aaf82abcdebbb4d,gx-no-cache=1493215192696 HTTP/1.1" 200 41
192.168.10.89 - - [26/Apr/2017:10:05:26 -0300] "POST /cormun/servlet/solicitudgral3?b48d78a1428414313bec07fc0a0c378f,UPD,2017,6214,,gx-no-cache=1493215196406 HTTP/1.1" 200 11096
192.168.10.89 - - [26/Apr/2017:10:05:27 -0300] "GET /cormun/servlet/solicitudgral3?11f5d27c1d4019b0c3d50d24db979cd7f67707a2c3c01eb068ce627c14e72a9b8bf68dd9c16134685d1c017f6ecc3b4af73b2581b18e2c0ca0e5d6147c879efbd4e80dce6bdab8b40422395a80d9b7a220ba3b08ed261d31e17a133dd6ce6ad46f392e1b148ab076a5ea4709df3d9472fcb9d4185f54d53d98a0f06a72c30186f3c0a53ecb5ac9d5a90d737b18333d9ae1f11a967cc99e9a43891672618b12b6,gx-no-cache=1493215197390 HTTP/1.1" 200 29
192.168.10.89 - - [26/Apr/2017:10:05:27 -0300] "POST /cormun/servlet/solicitudgral3?gx-no-cache=1493215197418 HTTP/1.1" 200 1255
192.168.10.89 - - [26/Apr/2017:10:05:27 -0300] "POST /cormun/servlet/solicitudgral3?gx-no-cache=1493215197477 HTTP/1.1" 200 1159
192.168.10.89 - - [26/Apr/2017:10:05:29 -0300] "GET /cormun/servlet/solicitudgral3?11f5d27c1d4019b0c3d50d24db979cd700f3027bcce330bf8a6901f829e683836bb71a8763946e1ae6d9ea25c3161ad47f72ac97ab6da676e3bf3df981b7a0775898acf3921ee9ccce4b82299e6860e9f954bd6dcddece868d91781be1263b63d39b84ca4f2571189c35228eb95fa3393116531b7a0eea3ddf0c949218e8d85828aa7e59de44e28ed22561d760b45e42,gx-no-cache=1493215198870 HTTP/1.1" 200 30
192.168.10.89 - - [26/Apr/2017:10:05:35 -0300] "POST /cormun/servlet/solicitudgral3?b48d78a1428414313bec07fc0a0c378f,UPD,2017,6214,,gx-no-cache=1493215205323 HTTP/1.1" 200 93
192.168.10.89 - - [26/Apr/2017:10:05:35 -0300] "GET /cormun/servlet/hpexe_return? HTTP/1.1" 200 1032
192.168.10.89 - - [26/Apr/2017:10:05:36 -0300] "GET /cormun/servlet/trsolicitudgral?gx-no-cache=1493214570390 HTTP/1.1" 200 12529
192.168.10.96 - - [26/Apr/2017:10:05:40 -0300] "GET /cormun/servlet/trsolicitudgral? HTTP/1.1" 200 9890
192.168.10.96 - - [26/Apr/2017:10:05:41 -0300] "GET /cormun/servlet/trsolicitudgral? HTTP/1.1" 200 9890
192.168.10.89 - - [26/Apr/2017:10:05:41 -0300] "POST /cormun/servlet/trsolicitudgral?b48d78a1428414313bec07fc0a0c378f,gx-no-cache=1493214570390,gx-no-cache=1493215210771 HTTP/1.1" 200 8745
192.168.10.89 - - [26/Apr/2017:10:05:41 -0300] "GET /cormun/static/Shared/jqueryui/images/ui-icons_8d78a5_256x240.png HTTP/1.1" 404 1089
192.168.10.89 - - [26/Apr/2017:10:05:41 -0300] "GET /cormun/static/Shared/jqueryui/images/ui-bg_highlight-soft_100_c6c2c8_1x100.png HTTP/1.1" 404 1117
192.168.10.89 - - [26/Apr/2017:10:05:41 -0300] "GET /cormun/static/Shared/jqueryui/images/ui-bg_flat_55_fafafa_40x100.png HTTP/1.1" 404 1097
192.168.10.89 - - [26/Apr/2017:10:05:41 -0300] "GET /cormun/static/Shared/jqueryui/images/ui-icons_82798d_256x240.png HTTP/1.1" 404 1089
192.168.10.96 - - [26/Apr/2017:10:05:46 -0300] "POST /cormun/servlet/trsolicitudgral?c48622f2525a639b106a9b22cfc80517,,gx-no-cache=1493215216119 HTTP/1.1" 200 5469
192.168.10.96 - - [26/Apr/2017:10:05:47 -0300] "POST /cormun/servlet/trsolicitudgral?c48622f2525a639b106a9b22cfc80517,,gx-no-cache=1493215216979 HTTP/1.1" 200 5470
192.168.10.96 - - [26/Apr/2017:10:05:47 -0300] "POST /cormun/servlet/trsolicitudgral?c48622f2525a639b106a9b22cfc80517,,gx-no-cache=1493215217288 HTTP/1.1" 200 5470
192.168.10.96 - - [26/Apr/2017:10:05:47 -0300] "POST /cormun/servlet/trsolicitudgral?c48622f2525a639b106a9b22cfc80517,,gx-no-cache=1493215217523 HTTP/1.1" 200 5469
192.168.10.96 - - [26/Apr/2017:10:05:56 -0300] "POST /cormun/servlet/trsolicitudgral?c48622f2525a639b106a9b22cfc80517,,gx-no-cache=1493215225463 HTTP/1.1" 200 19962
200.86.184.230 - - [26/Apr/2017:10:06:00 -0300] "GET /cormun/servlet/aatrasoprn?54,PU HTTP/1.1" 200 1613
192.168.10.96 - - [26/Apr/2017:10:06:01 -0300] "POST /cormun/servlet/trsolicitudgral?c48622f2525a639b106a9b22cfc80517,,gx-no-cache=1493215230743 HTTP/1.1" 200 12629
192.168.10.13 - - [26/Apr/2017:10:06:01 -0300] "GET / HTTP/1.1" 200 11217
200.86.184.230 - - [26/Apr/2017:10:06:15 -0300] "GET /cormun/servlet/aatrasoprn?55,PU HTTP/1.1" 200 1599
192.168.10.89 - - [26/Apr/2017:10:06:33 -0300] "GET /cormun/servlet/solicitudgral?UPD,2017,6229, HTTP/1.1" 200 12309
192.168.10.89 - - [26/Apr/2017:10:06:34 -0300] "POST /cormun/servlet/solicitudgral?gx-no-cache=1493215264614 HTTP/1.1" 200 3188
192.168.10.89 - - [26/Apr/2017:10:06:35 -0300] "GET /cormun/servlet/solicitudgral?11f5d27c1d4019b0c3d50d24db979cd76fba8f4139c06265ce7a76807a2b3e9f93af44fb5f6c2727e00fc9d9e0a72eda11c692ea545e9026ef198a39ba1e733b9558bdddaad09f8b12bc190d07209253ba86ec8f49881301f9f595c1b5815282b0fc021ab92c3759cab413902a32b9550528100e1eb71daedfdb00df71612fcb8259390f81aeeea7b0a2afff8a4a08203669eccf64441f8818978622044f501cc6970f9ca19d4f7d6a86c1e70ef5e0ff7e53f94921b7043d29822bbe4b2f1625cdebb05d64d481fa0956249822e5b7922f1b7affb1f2ce7386c61197ad41b958806dc43374ecffddf5ff0f43ef8629c179f37c391ced806a3d64d943028c67cd0e72046864872a6d6ba49ec0771bfd6f0d52322b8bdbe323b5e68dc45db7abd0c367c77e351057186bd4a9d5bf1c1bdb5898acf3921ee9ccce4b82299e6860e92933030910c1dc8ac752c7d5dca68797,gx-no-cache=1493215264842 HTTP/1.1" 200 257
192.168.10.89 - - [26/Apr/2017:10:06:35 -0300] "GET /cormun/servlet/solicitudgral?11f5d27c1d4019b0c3d50d24db979cd7ef0bb02e1b21e34a6116ef73e0d216dddf69da748aad3beaafb233aef0244fd9e8b8fa5e6d4b2b836235a09b26b44b29f650c081b4d83608d94a4583c0d712a4ba6e97393d8512cab20f7934c9cd1bdc79c5284a43e6d0c10b25d70f294b8b757ea63a20df69cc546f1330fcba13aaeadc223d4efea46f4865bc1e4108258f1a342bda743cf3ce461a629f2e74781eb360054a69186a159a8b75d871d39a41b004bd63e24c68fa875ac78f7359f3704123ab834d41e3ed913c9578d16694216a66dec376910f7541446834ed88efb2001bf36fe27742cf6c7ff591208f6b5656eee273e9a8b3b0f74f2717b316828cc8ec1cb450c591d69d258eecea6e6e0cf0bf9e40e8795e2b1f70febdceda24eb74a631d000717647209e6e24fe39c35562a40338b1f067e7ec10de826f26f87ac6193e8897ac995e31958af7d2b9f5d96e383f6190d2c15a273e3c670191bb466d557d599e4c2dc276e90d8b5570e1c19e52ce142a0ded635d62fb8f1402e087b5349b9e4492d5e53384be69f67ba780ce9fd1ecc6daa1bf1fa60e96a02cc8da0e80d38dad580be963081c61872ffd1a2c97d8da363144c74876daa9460b1d4aa79b765aeb87350658300cc3bf6cd8f3985c34341e2e369a2aaf8c6dd9917f12b6bc6c79c9f9b97ca02a1672cea050491ba50b12ebe48fe8b27de99cd7590c65ff6f60c6bed4651a6fd812ca8fea06a396821627ea076588b04efd5e68c96687f5e727b8fe42580ed3b768bef6cb614a4b,gx-no-cache=1493215265653 HTTP/1.1" 200 48
200.86.184.230 - - [26/Apr/2017:10:06:36 -0300] "GET /cormun/servlet/aatrasoprn?56,PU HTTP/1.1" 200 1614
192.168.10.89 - - [26/Apr/2017:10:06:36 -0300] "POST /cormun/servlet/solicitudgral?b48d78a1428414313bec07fc0a0c378f,UPD,2017,6229,,gx-no-cache=1493215266009 HTTP/1.1" 200 10665
192.168.10.89 - - [26/Apr/2017:10:06:36 -0300] "GET /cormun/servlet/solicitudgral?11f5d27c1d4019b0c3d50d24db979cd7f67707a2c3c01eb068ce627c14e72a9b8bf68dd9c16134685d1c017f6ecc3b4af73b2581b18e2c0ca0e5d6147c879efbd4e80dce6bdab8b40422395a80d9b7a220ba3b08ed261d31e17a133dd6ce6ad46f392e1b148ab076a5ea4709df3d9472fcb9d4185f54d53d98a0f06a72c30186f3c0a53ecb5ac9d5a90d737b18333d9ae1f11a967cc99e9a43891672618b12b6,gx-no-cache=1493215266640 HTTP/1.1" 200 29
192.168.10.89 - - [26/Apr/2017:10:06:36 -0300] "POST /cormun/servlet/solicitudgral?gx-no-cache=1493215266670 HTTP/1.1" 200 1255
192.168.10.89 - - [26/Apr/2017:10:06:36 -0300] "POST /cormun/servlet/solicitudgral?gx-no-cache=1493215266706 HTTP/1.1" 200 1159
192.168.10.89 - - [26/Apr/2017:10:06:40 -0300] "POST /cormun/servlet/solicitudgral?b48d78a1428414313bec07fc0a0c378f,UPD,2017,6229,,gx-no-cache=1493215270526 HTTP/1.1" 200 93
192.168.10.89 - - [26/Apr/2017:10:06:40 -0300] "GET /cormun/servlet/hpexe_return? HTTP/1.1" 200 1032
192.168.10.89 - - [26/Apr/2017:10:06:41 -0300] "GET /cormun/servlet/trsolicitudgral?gx-no-cache=1493214570390 HTTP/1.1" 200 12129
192.168.10.89 - - [26/Apr/2017:10:06:46 -0300] "POST /cormun/servlet/trsolicitudgral?b48d78a1428414313bec07fc0a0c378f,gx-no-cache=1493214570390,gx-no-cache=1493215275653 HTTP/1.1" 200 8406
192.168.10.89 - - [26/Apr/2017:10:06:46 -0300] "GET /cormun/static/Shared/jqueryui/images/ui-icons_8d78a5_256x240.png HTTP/1.1" 404 1089
192.168.10.89 - - [26/Apr/2017:10:06:46 -0300] "GET /cormun/static/Shared/jqueryui/images/ui-icons_82798d_256x240.png HTTP/1.1" 404 1089
192.168.10.89 - - [26/Apr/2017:10:06:46 -0300] "GET /cormun/static/Shared/jqueryui/images/ui-bg_highlight-soft_100_c6c2c8_1x100.png HTTP/1.1" 404 1117
192.168.10.89 - - [26/Apr/2017:10:06:46 -0300] "GET /cormun/static/Shared/jqueryui/images/ui-bg_flat_55_fafafa_40x100.png HTTP/1.1" 404 1097
200.86.184.230 - - [26/Apr/2017:10:06:57 -0300] "GET /cormun/servlet/aatrasoprn?57,PU HTTP/1.1" 200 1591
192.168.10.89 - - [26/Apr/2017:10:07:00 -0300] "GET /cormun/servlet/solicitudgral?UPD,2017,6239, HTTP/1.1" 200 12250
192.168.10.13 - - [26/Apr/2017:10:07:01 -0300] "GET / HTTP/1.1" 200 11217
192.168.10.89 - - [26/Apr/2017:10:07:02 -0300] "POST /cormun/servlet/solicitudgral?gx-no-cache=1493215292009 HTTP/1.1" 200 3189
192.168.10.89 - - [26/Apr/2017:10:07:02 -0300] "GET /cormun/servlet/solicitudgral?11f5d27c1d4019b0c3d50d24db979cd76fba8f4139c06265ce7a76807a2b3e9f93af44fb5f6c2727e00fc9d9e0a72eda11c692ea545e9026ef198a39ba1e733b9558bdddaad09f8b12bc190d072092532caa11df1f2586ca2a8c7ff783afa95db0fc021ab92c3759cab413902a32b9550528100e1eb71daedfdb00df71612fcb8259390f81aeeea7b0a2afff8a4a08203669eccf64441f8818978622044f501cc6970f9ca19d4f7d6a86c1e70ef5e0ff7e53f94921b7043d29822bbe4b2f1625cdebb05d64d481fa0956249822e5b7922f1b7affb1f2ce7386c61197ad41b958806dc43374ecffddf5ff0f43ef8629c179f37c391ced806a3d64d943028c67cd0e72046864872a6d6ba49ec0771bfd6f0d52322b8bdbe323b5e68dc45db7abd0c367c77e351057186bd4a9d5bf1c1bdb5898acf3921ee9ccce4b82299e6860e92933030910c1dc8ac752c7d5dca68797,gx-no-cache=1493215292236 HTTP/1.1" 200 298
192.168.10.89 - - [26/Apr/2017:10:07:07 -0300] "POST /cormun/servlet/solicitudgral?b48d78a1428414313bec07fc0a0c378f,UPD,2017,6239,,gx-no-cache=1493215297660 HTTP/1.1" 200 93
192.168.10.89 - - [26/Apr/2017:10:07:07 -0300] "GET /cormun/servlet/hpexe_return? HTTP/1.1" 200 1032
192.168.10.89 - - [26/Apr/2017:10:07:08 -0300] "GET /cormun/servlet/trsolicitudgral?gx-no-cache=1493214570390 HTTP/1.1" 200 11775
200.86.184.230 - - [26/Apr/2017:10:07:22 -0300] "GET /cormun/servlet/aatrasoprn?58,PU HTTP/1.1" 200 1582
200.86.184.230 - - [26/Apr/2017:10:07:51 -0300] "GET /cormun/servlet/aatrasoprn?59,PU HTTP/1.1" 200 1584
192.168.10.13 - - [26/Apr/2017:10:08:01 -0300] "GET / HTTP/1.1" 200 11217
192.168.10.89 - - [26/Apr/2017:10:08:05 -0300] "GET /cormun/servlet/solicitudgral?UPD,2017,6240, HTTP/1.1" 200 12265
192.168.10.89 - - [26/Apr/2017:10:08:07 -0300] "POST /cormun/servlet/solicitudgral?gx-no-cache=1493215357369 HTTP/1.1" 200 3182
192.168.10.89 - - [26/Apr/2017:10:08:07 -0300] "GET /cormun/servlet/solicitudgral?11f5d27c1d4019b0c3d50d24db979cd76fba8f4139c06265ce7a76807a2b3e9f93af44fb5f6c2727e00fc9d9e0a72eda11c692ea545e9026ef198a39ba1e733b9558bdddaad09f8b12bc190d072092534c2d8f51fbd7636c245768650b069ddfb0fc021ab92c3759cab413902a32b9550528100e1eb71daedfdb00df71612fcb8259390f81aeeea7b0a2afff8a4a08203669eccf64441f8818978622044f501cc6970f9ca19d4f7d6a86c1e70ef5e0ff7e53f94921b7043d29822bbe4b2f1625cdebb05d64d481fa0956249822e5b7922f1b7affb1f2ce7386c61197ad41b958806dc43374ecffddf5ff0f43ef8629c179f37c391ced806a3d64d943028c67cd0e72046864872a6d6ba49ec0771bfd6f0d52322b8bdbe323b5e68dc45db7abd0c367c77e351057186bd4a9d5bf1c1bdb5898acf3921ee9ccce4b82299e6860e92933030910c1dc8ac752c7d5dca68797,gx-no-cache=1493215357616 HTTP/1.1" 200 242
192.168.10.89 - - [26/Apr/2017:10:08:22 -0300] "POST /cormun/servlet/solicitudgral?b48d78a1428414313bec07fc0a0c378f,UPD,2017,6240,,gx-no-cache=1493215372195 HTTP/1.1" 200 93
192.168.10.89 - - [26/Apr/2017:10:08:22 -0300] "GET /cormun/servlet/hpexe_return? HTTP/1.1" 200 1031
192.168.10.89 - - [26/Apr/2017:10:08:23 -0300] "GET /cormun/servlet/trsolicitudgral?gx-no-cache=1493214570390 HTTP/1.1" 200 11775
200.86.184.230 - - [26/Apr/2017:10:08:33 -0300] "GET /cormun/servlet/aatrasoprn?60,PU HTTP/1.1" 200 1590
200.86.184.230 - - [26/Apr/2017:10:08:50 -0300] "GET /cormun/servlet/aatrasoprn?61,PU HTTP/1.1" 200 1581
192.168.10.13 - - [26/Apr/2017:10:09:01 -0300] "GET / HTTP/1.1" 200 11217
200.86.184.230 - - [26/Apr/2017:10:09:18 -0300] "GET /cormun/servlet/aatrasoprn?62,PU HTTP/1.1" 200 1580
186.79.101.51 - - [26/Apr/2017:10:09:21 -0300] "GET /cormun/servlet/licenciaspermisos?7d07bc6a8077f51bbbcb8b0fbd00314db06cea43c5b0de6998e08916f799fc26b6363b8889bf91dad68b2cfc8391cf53505948110d3fdae512fc30cf2c64451e27e2a336f2d66618affc9be48228497f68245e0b600cd8c6d2c228b9b7f2ed47048c2a7c22ad85340bfcfc020d30fec496f83ba178a3eb8bb80b090f4240463cb1f0a3c05ba624957465dd3af15815dc7fdbacfee68c830707842357cb090361fa7382d2cd4a0c3ba15d7b522093c950,gx-no-cache=1493212225584 HTTP/1.1" 200 30
186.79.101.51 - - [26/Apr/2017:10:09:21 -0300] "GET /cormun/servlet/licenciaspermisos?7d07bc6a8077f51bbbcb8b0fbd00314d071e5fc762acedb49eadbf4fda81d70f500071c471b70ecc0704ff8df57f0a94ddb14251f7611a41939a41bb35ffc1949badf4bcaa3011a3711e4ab0689a08c516cbf1b627ddfed34d17a2481b73a812c18dfbb809b91926670853e7140df9efc4835790dd28defb1fb93608df3bd9281bd50915c7d5328f8daedf554c1b0204e226346c2b2cbb016108f28700129650a7d0e4bc2440d4cd190902331c6d2a23,gx-no-cache=1493212225916 HTTP/1.1" 200 29
