186.79.120.20 - - [26/Apr/2017:10:50:35 -0300] "GET /cormun/static/trlicenciaspermisosadjuntos.js?20173171154971 HTTP/1.1" 200 21005
186.79.120.20 - - [26/Apr/2017:10:50:35 -0300] "GET /cormun/servlet/trlicenciaspermisosadjuntos?7141963,20170426000000,L, HTTP/1.1" 200 6369
186.79.120.20 - - [26/Apr/2017:10:50:41 -0300] "GET /cormun/servlet/licenciaspermisosadjuntos?INS,7141963,L,20170426000000,, HTTP/1.1" 200 5664
186.79.120.20 - - [26/Apr/2017:10:50:41 -0300] "GET /cormun/static/gxcfg.js?201731711421170 HTTP/1.1" 200 953
186.79.120.20 - - [26/Apr/2017:10:50:41 -0300] "GET /cormun/static/licenciaspermisosadjuntos.js?201731711421181 HTTP/1.1" 200 8757
186.79.120.20 - - [26/Apr/2017:10:50:41 -0300] "GET /cormun/static/about:blank HTTP/1.1" 404 1011
186.79.120.20 - - [26/Apr/2017:10:50:42 -0300] "GET /cormun/servlet/licenciaspermisosadjuntos?INS,7141963,L,20170426000000,, HTTP/1.1" 200 5652
192.168.10.13 - - [26/Apr/2017:10:51:01 -0300] "GET / HTTP/1.1" 200 11217
186.79.65.100 - - [26/Apr/2017:10:51:07 -0300] "GET /cormun/servlet/hlogin HTTP/1.1" 200 1722
186.103.159.46 - - [26/Apr/2017:10:51:15 -0300] "POST /cormun/servlet/permisogoce?a5eeba0891f522769a46aecf8d13ee72,INS,0,,,,gx-no-cache=1493218329827 HTTP/1.1" 200 93
186.103.159.46 - - [26/Apr/2017:10:51:15 -0300] "GET /cormun/servlet/hpexe_return? HTTP/1.1" 200 1012
186.103.159.46 - - [26/Apr/2017:10:51:15 -0300] "GET /cormun/servlet/trpermisosgoce HTTP/1.1" 200 12504
186.103.159.46 - - [26/Apr/2017:10:51:17 -0300] "GET /cormun/servlet/trpermisosgoce HTTP/1.1" 200 12500
186.103.159.46 - - [26/Apr/2017:10:51:23 -0300] "GET /cormun/servlet/apermisogoceprn?9704881,P,20170426114545,PU HTTP/1.1" 200 1657
186.79.120.20 - - [26/Apr/2017:10:51:37 -0300] "POST /cormun/servlet/licenciaspermisosadjuntos?28cca204ef3055fa49a1db914c4af0fc,INS,7141963,L,20170426000000,, HTTP/1.1" 200 116
186.79.120.20 - - [26/Apr/2017:10:51:37 -0300] "GET /cormun/servlet/hpexe_return? HTTP/1.1" 200 1045
186.79.120.20 - - [26/Apr/2017:10:51:37 -0300] "GET /cormun/servlet/trlicenciaspermisosadjuntos?7141963,20170426000000,L, HTTP/1.1" 200 6843
186.79.120.20 - - [26/Apr/2017:10:51:38 -0300] "GET /cormun/servlet/trlicenciaspermisosadjuntos?7141963,20170426000000,L, HTTP/1.1" 200 6841
186.79.120.20 - - [26/Apr/2017:10:51:44 -0300] "POST /cormun/servlet/trlicenciaspermisosadjuntos?28cca204ef3055fa49a1db914c4af0fc,7141963,20170426000000,L,,gx-no-cache=1493214768885 HTTP/1.1" 200 90
186.79.120.20 - - [26/Apr/2017:10:51:44 -0300] "GET /cormun/servlet/hpexe_link HTTP/1.1" 200 988
186.79.120.20 - - [26/Apr/2017:10:51:45 -0300] "GET /cormun/servlet/trlicencias HTTP/1.1" 200 8054
186.79.120.20 - - [26/Apr/2017:10:51:45 -0300] "GET /cormun/servlet/trlicencias HTTP/1.1" 200 8052
186.79.120.20 - - [26/Apr/2017:10:51:52 -0300] "POST /cormun/servlet/trlicencias?28cca204ef3055fa49a1db914c4af0fc,gx-no-cache=1493214776577 HTTP/1.1" 200 4242
186.79.120.20 - - [26/Apr/2017:10:51:52 -0300] "GET /cormun/static/Shared/jqueryui/images/ui-bg_highlight-soft_100_c6c2c8_1x100.png HTTP/1.1" 404 1117
186.79.120.20 - - [26/Apr/2017:10:51:52 -0300] "GET /cormun/static/Shared/jqueryui/images/ui-icons_82798d_256x240.png HTTP/1.1" 404 1089
186.79.120.20 - - [26/Apr/2017:10:51:52 -0300] "GET /cormun/static/Shared/jqueryui/images/ui-bg_flat_55_fafafa_40x100.png HTTP/1.1" 404 1097
186.79.120.20 - - [26/Apr/2017:10:51:52 -0300] "GET /cormun/static/Shared/jqueryui/images/ui-icons_8d78a5_256x240.png HTTP/1.1" 404 1089
192.168.10.13 - - [26/Apr/2017:10:52:01 -0300] "GET / HTTP/1.1" 200 11217
186.79.120.20 - - [26/Apr/2017:10:52:16 -0300] "POST /cormun/servlet/trlicencias?28cca204ef3055fa49a1db914c4af0fc,gx-no-cache=1493214800288 HTTP/1.1" 200 4088
186.79.120.20 - - [26/Apr/2017:10:52:21 -0300] "POST /cormun/servlet/trlicencias?28cca204ef3055fa49a1db914c4af0fc,gx-no-cache=1493214805786 HTTP/1.1" 200 5350
186.79.120.20 - - [26/Apr/2017:10:52:21 -0300] "GET /cormun//static/Resources/PXToolsActionDisabled.gif HTTP/1.1" 200 53
186.79.120.20 - - [26/Apr/2017:10:52:25 -0300] "GET /cormun/servlet/alicenciaprn?7141963,L,20170426000000,PU HTTP/1.1" 200 1612
192.168.10.13 - - [26/Apr/2017:10:53:01 -0300] "GET / HTTP/1.1" 200 11217
186.79.120.20 - - [26/Apr/2017:10:53:17 -0300] "GET /cormun/servlet/hlogin HTTP/1.1" 200 1740
192.168.10.13 - - [26/Apr/2017:10:54:01 -0300] "GET / HTTP/1.1" 200 11217
192.168.10.13 - - [26/Apr/2017:10:55:01 -0300] "GET / HTTP/1.1" 200 11217
186.103.159.46 - - [26/Apr/2017:10:55:21 -0300] "GET /cormun/servlet/permisogoce?INS,0,,, HTTP/1.1" 200 6557
186.103.159.46 - - [26/Apr/2017:10:55:23 -0300] "GET /cormun/servlet/permisogoce?INS,0,,, HTTP/1.1" 200 6556
192.168.10.13 - - [26/Apr/2017:10:56:01 -0300] "GET / HTTP/1.1" 200 11217
192.168.10.13 - - [26/Apr/2017:10:57:01 -0300] "GET / HTTP/1.1" 200 11217
186.103.159.46 - - [26/Apr/2017:10:57:02 -0300] "GET /cormun/servlet/permisogoce?c184cbc0bc88d23c6e953e7b21de7e1c2637f3f568e9368f930bc14cf52d512d4a1b360d5a1b94f73606b7e4816e8633,gx-no-cache=1493218677690 HTTP/1.1" 200 74
186.103.159.46 - - [26/Apr/2017:10:57:02 -0300] "GET /cormun/static/menuarrow.gif HTTP/1.1" 404 1015
186.103.159.46 - - [26/Apr/2017:10:57:17 -0300] "GET /cormun/servlet/permisogoce?c184cbc0bc88d23c6e953e7b21de7e1cba137f4df38cfb70f70690dfd37d303ec860fd7e8f915e3f5e6d95145b777dcf6e1d66109678237535001334e19f0687,gx-no-cache=1493218692996 HTTP/1.1" 200 47
186.79.65.100 - - [26/Apr/2017:10:57:24 -0300] "POST /cormun/servlet/hlogin?d5935e6e79dd4330733cdc164bb19282,gx-no-cache=1493215105854 HTTP/1.1" 200 421
186.79.65.100 - - [26/Apr/2017:10:57:30 -0300] "POST /cormun/servlet/hlogin?d5935e6e79dd4330733cdc164bb19282,gx-no-cache=1493215112397 HTTP/1.1" 200 419
186.103.159.46 - - [26/Apr/2017:10:57:49 -0300] "POST /cormun/servlet/permisogoce?a5eeba0891f522769a46aecf8d13ee72,INS,0,,,,gx-no-cache=1493218724006 HTTP/1.1" 200 93
186.103.159.46 - - [26/Apr/2017:10:57:49 -0300] "GET /cormun/servlet/hpexe_return? HTTP/1.1" 200 1012
186.103.159.46 - - [26/Apr/2017:10:57:50 -0300] "GET /cormun/servlet/trpermisosgoce HTTP/1.1" 200 12702
186.103.159.46 - - [26/Apr/2017:10:57:52 -0300] "GET /cormun/servlet/trpermisosgoce HTTP/1.1" 200 12697
186.103.159.46 - - [26/Apr/2017:10:58:01 -0300] "GET /cormun/servlet/apermisogoceprn?17458217,P,20170426114125,PU HTTP/1.1" 200 1654
192.168.10.13 - - [26/Apr/2017:10:58:01 -0300] "GET / HTTP/1.1" 200 11217
186.79.65.100 - - [26/Apr/2017:10:58:11 -0300] "POST /cormun/servlet/hlogin?d5935e6e79dd4330733cdc164bb19282,gx-no-cache=1493215153274 HTTP/1.1" 200 421
192.168.10.89 - - [26/Apr/2017:10:58:56 -0300] "GET /cormun/servlet/trrenunciasgenerales? HTTP/1.1" 200 7354
192.168.10.89 - - [26/Apr/2017:10:58:56 -0300] "GET /cormun/static/gxcfg.js?20173171157617 HTTP/1.1" 304 -
192.168.10.89 - - [26/Apr/2017:10:58:58 -0300] "GET /cormun/servlet/hlogin HTTP/1.1" 200 1748
192.168.10.13 - - [26/Apr/2017:10:59:01 -0300] "GET / HTTP/1.1" 200 11217
192.168.10.89 - - [26/Apr/2017:10:59:04 -0300] "POST /cormun/servlet/hlogin?df5ea3c7c61096be5bf6be99aa618160,gx-no-cache=1493218414589 HTTP/1.1" 200 90
192.168.10.89 - - [26/Apr/2017:10:59:04 -0300] "GET /cormun/servlet/hpexe_link HTTP/1.1" 200 966
192.168.10.89 - - [26/Apr/2017:10:59:05 -0300] "GET /cormun/servlet/trrenunciasgenerales HTTP/1.1" 200 8503
192.168.10.89 - - [26/Apr/2017:10:59:09 -0300] "GET /cormun/static/menuarrow.gif HTTP/1.1" 404 1015
192.168.10.89 - - [26/Apr/2017:10:59:14 -0300] "POST /cormun/servlet/trrenunciasgenerales?df5ea3c7c61096be5bf6be99aa618160,gx-no-cache=1493218423717 HTTP/1.1" 200 5895
192.168.10.89 - - [26/Apr/2017:10:59:14 -0300] "GET /cormun//static/Resources/PXToolsHeaderHelp.png HTTP/1.1" 200 4055
192.168.10.89 - - [26/Apr/2017:10:59:25 -0300] "POST /cormun/servlet/trrenunciasgenerales?df5ea3c7c61096be5bf6be99aa618160,gx-no-cache=1493218435509 HTTP/1.1" 200 7040
192.168.10.13 - - [26/Apr/2017:11:00:01 -0300] "GET / HTTP/1.1" 200 11217
192.168.10.89 - - [26/Apr/2017:11:00:31 -0300] "GET /cormun/servlet/trrenunciasadjuntos?33,18651273, HTTP/1.1" 200 6976
192.168.10.89 - - [26/Apr/2017:11:00:31 -0300] "GET /cormun/static/gxcfg.js?201731711565375 HTTP/1.1" 304 -
192.168.10.89 - - [26/Apr/2017:11:00:31 -0300] "GET /cormun/static/trrenunciasadjuntos.js?201731711565661 HTTP/1.1" 304 -
192.168.10.89 - - [26/Apr/2017:11:00:32 -0300] "GET /cormun/PublicTempStorage/renuncia_estibaliz5911541.jpg HTTP/1.1" 200 739927
192.168.10.89 - - [26/Apr/2017:11:00:32 -0300] "GET /cormun/PublicTempStorage/renuncia_estibaliz404267.jpg HTTP/1.1" 200 737789
192.168.10.89 - - [26/Apr/2017:11:00:47 -0300] "GET /cormun/servlet/trrenunciasadjuntos?33,18651273, HTTP/1.1" 200 6978
192.168.10.89 - - [26/Apr/2017:11:00:48 -0300] "GET /cormun/PublicTempStorage/renuncia_estibaliz8047732.jpg HTTP/1.1" 200 737789
192.168.10.89 - - [26/Apr/2017:11:00:48 -0300] "GET /cormun/PublicTempStorage/renuncia_estibaliz2795122.jpg HTTP/1.1" 200 739927
192.168.10.89 - - [26/Apr/2017:11:00:54 -0300] "GET /cormun/servlet/trrenunciasadjuntos?33,18651273, HTTP/1.1" 200 6975
192.168.10.89 - - [26/Apr/2017:11:00:55 -0300] "GET /cormun/PublicTempStorage/renuncia_estibaliz7599224.jpg HTTP/1.1" 200 739927
192.168.10.89 - - [26/Apr/2017:11:00:55 -0300] "GET /cormun/PublicTempStorage/renuncia_estibaliz719174.jpg HTTP/1.1" 200 737789
192.168.10.13 - - [26/Apr/2017:11:01:01 -0300] "GET / HTTP/1.1" 200 11217
186.79.65.100 - - [26/Apr/2017:11:01:03 -0300] "POST /cormun/servlet/hlogin?d5935e6e79dd4330733cdc164bb19282,gx-no-cache=1493215324986 HTTP/1.1" 200 421
186.103.159.46 - - [26/Apr/2017:11:01:06 -0300] "GET /cormun/servlet/apermisogoceprn?9882379,P,20170426115219,PU HTTP/1.1" 200 1660
186.79.65.100 - - [26/Apr/2017:11:01:08 -0300] "POST /cormun/servlet/hlogin?d5935e6e79dd4330733cdc164bb19282,gx-no-cache=1493215329884 HTTP/1.1" 200 419
186.79.65.100 - - [26/Apr/2017:11:01:08 -0300] "POST /cormun/servlet/hlogin?d5935e6e79dd4330733cdc164bb19282,gx-no-cache=1493215330148 HTTP/1.1" 200 419
186.79.65.100 - - [26/Apr/2017:11:01:31 -0300] "POST /cormun/servlet/hlogin?d5935e6e79dd4330733cdc164bb19282,gx-no-cache=1493215352885 HTTP/1.1" 200 421
192.168.10.89 - - [26/Apr/2017:11:01:52 -0300] "POST /cormun/servlet/trrenunciasadjuntos?df5ea3c7c61096be5bf6be99aa618160,33,18651273,,gx-no-cache=1493218582552 HTTP/1.1" 200 90
192.168.10.89 - - [26/Apr/2017:11:01:52 -0300] "GET /cormun/servlet/hpexe_link HTTP/1.1" 200 1001
192.168.10.89 - - [26/Apr/2017:11:01:53 -0300] "GET /cormun/servlet/trrenunciasgenerales?gx-no-cache=1493218435509 HTTP/1.1" 200 10255
186.79.65.100 - - [26/Apr/2017:11:01:55 -0300] "POST /cormun/servlet/hlogin?d5935e6e79dd4330733cdc164bb19282,gx-no-cache=1493215377604 HTTP/1.1" 200 421
186.79.65.100 - - [26/Apr/2017:11:01:58 -0300] "POST /cormun/servlet/hlogin?d5935e6e79dd4330733cdc164bb19282,gx-no-cache=1493215380716 HTTP/1.1" 200 419
192.168.10.13 - - [26/Apr/2017:11:02:01 -0300] "GET / HTTP/1.1" 200 11217
186.103.159.46 - - [26/Apr/2017:11:02:46 -0300] "GET /cormun/servlet/permisogoce?INS,0,,, HTTP/1.1" 200 6556
186.103.159.46 - - [26/Apr/2017:11:02:48 -0300] "GET /cormun/servlet/permisogoce?INS,0,,, HTTP/1.1" 200 6555
192.168.10.13 - - [26/Apr/2017:11:03:01 -0300] "GET / HTTP/1.1" 200 11217
186.103.159.46 - - [26/Apr/2017:11:03:16 -0300] "GET /cormun/servlet/permisogoce?c184cbc0bc88d23c6e953e7b21de7e1cf6cc203bf94f0abe26457b7012783df846e1a9ab84133de68f289427cf633a55,gx-no-cache=1493219051167 HTTP/1.1" 200 67
186.103.159.46 - - [26/Apr/2017:11:03:16 -0300] "GET /cormun/static/menuarrow.gif HTTP/1.1" 404 1015
186.103.159.46 - - [26/Apr/2017:11:03:34 -0300] "GET /cormun/servlet/permisogoce?c184cbc0bc88d23c6e953e7b21de7e1cb3e2cc7e7a5cb55cd636e2d4f3b7d05f53e30932d70034991178d556d02f5cb14334525fb4d38dfed1429b960c4df1e3,gx-no-cache=1493219069447 HTTP/1.1" 200 47
186.103.159.46 - - [26/Apr/2017:11:03:53 -0300] "POST /cormun/servlet/permisogoce?a5eeba0891f522769a46aecf8d13ee72,INS,0,,,,gx-no-cache=1493219087786 HTTP/1.1" 200 93
186.103.159.46 - - [26/Apr/2017:11:03:53 -0300] "GET /cormun/servlet/hpexe_return? HTTP/1.1" 200 1012
186.103.159.46 - - [26/Apr/2017:11:03:54 -0300] "GET /cormun/servlet/trpermisosgoce HTTP/1.1" 200 12885
186.103.159.46 - - [26/Apr/2017:11:03:55 -0300] "GET /cormun/servlet/trpermisosgoce HTTP/1.1" 200 12880
192.168.10.13 - - [26/Apr/2017:11:04:01 -0300] "GET / HTTP/1.1" 200 11217
186.103.159.46 - - [26/Apr/2017:11:04:03 -0300] "GET /cormun/servlet/apermisogoceprn?10481995,P,20170426115823,PU HTTP/1.1" 200 1647
192.168.10.89 - - [26/Apr/2017:11:04:20 -0300] "POST /cormun/servlet/trrenunciasgenerales?df5ea3c7c61096be5bf6be99aa618160,gx-no-cache=1493218435509,gx-no-cache=1493218730396 HTTP/1.1" 200 5892
190.45.55.254 - - [26/Apr/2017:11:04:43 -0300] "GET /cormun/servlet/hlogin HTTP/1.1" 200 1719
192.168.10.89 - - [26/Apr/2017:11:05:01 -0300] "POST /cormun/servlet/trrenunciasgenerales?df5ea3c7c61096be5bf6be99aa618160,gx-no-cache=1493218435509,gx-no-cache=1493218770753 HTTP/1.1" 200 7442
192.168.10.13 - - [26/Apr/2017:11:05:01 -0300] "GET / HTTP/1.1" 200 11217
192.168.10.13 - - [26/Apr/2017:11:06:01 -0300] "GET / HTTP/1.1" 200 11217
192.168.10.13 - - [26/Apr/2017:11:07:01 -0300] "GET / HTTP/1.1" 200 11217
192.168.10.89 - - [26/Apr/2017:11:07:47 -0300] "POST /cormun/servlet/trrenunciasgenerales?df5ea3c7c61096be5bf6be99aa618160,gx-no-cache=1493218435509,gx-no-cache=1493218937569 HTTP/1.1" 200 5372
192.168.10.89 - - [26/Apr/2017:11:07:55 -0300] "GET /cormun/servlet/trpermisosingocecormun? HTTP/1.1" 200 9405
192.168.10.89 - - [26/Apr/2017:11:07:55 -0300] "GET /cormun/static/gxcfg.js?201731711552690 HTTP/1.1" 304 -
192.168.10.89 - - [26/Apr/2017:11:07:55 -0300] "GET /cormun/static/trpermisosingocecormun.js?201731711553126 HTTP/1.1" 304 -
192.168.10.13 - - [26/Apr/2017:11:08:01 -0300] "GET / HTTP/1.1" 200 11217
192.168.10.89 - - [26/Apr/2017:11:08:02 -0300] "GET /cormun/servlet/trpermisosingoceadjunto?73,8896543, HTTP/1.1" 200 6562
192.168.10.89 - - [26/Apr/2017:11:08:02 -0300] "GET /cormun/static/gxcfg.js?2016101716221623 HTTP/1.1" 304 -
192.168.10.89 - - [26/Apr/2017:11:08:08 -0300] "GET /cormun/servlet/trpermisosingocecormun? HTTP/1.1" 200 9405
186.79.225.197 - - [26/Apr/2017:11:08:32 -0300] "GET /cormun/servlet/hlogin HTTP/1.1" 200 1720
186.79.225.197 - - [26/Apr/2017:11:08:43 -0300] "POST /cormun/servlet/hlogin?66ba0b5ed37a38c4ef6ab9467ff9c103,gx-no-cache=1493215785428 HTTP/1.1" 200 90
186.79.225.197 - - [26/Apr/2017:11:08:43 -0300] "GET /cormun/servlet/hpexe_link HTTP/1.1" 200 952
186.79.225.197 - - [26/Apr/2017:11:08:43 -0300] "GET /cormun/servlet/hhome HTTP/1.1" 200 4008
186.79.225.197 - - [26/Apr/2017:11:08:44 -0300] "GET /cormun/servlet/hhome HTTP/1.1" 200 4006
186.79.225.197 - - [26/Apr/2017:11:08:48 -0300] "GET /cormun/servlet/trsolicitudot? HTTP/1.1" 200 6985
186.79.225.197 - - [26/Apr/2017:11:08:49 -0300] "GET /cormun/servlet/trsolicitudot? HTTP/1.1" 200 6984
186.79.225.197 - - [26/Apr/2017:11:08:52 -0300] "GET /cormun/servlet/solicitudot?INS,0,0, HTTP/1.1" 200 12816
186.79.225.197 - - [26/Apr/2017:11:08:53 -0300] "GET /cormun/servlet/solicitudot?INS,0,0, HTTP/1.1" 200 12820
192.168.10.13 - - [26/Apr/2017:11:09:01 -0300] "GET / HTTP/1.1" 200 11217
186.79.225.197 - - [26/Apr/2017:11:09:06 -0300] "POST /cormun/servlet/solicitudot?gx-no-cache=1493215808037 HTTP/1.1" 200 3092
186.79.225.197 - - [26/Apr/2017:11:09:07 -0300] "POST /cormun/servlet/solicitudot?66ba0b5ed37a38c4ef6ab9467ff9c103,INS,0,0,,gx-no-cache=1493215808701 HTTP/1.1" 200 9872
186.79.225.197 - - [26/Apr/2017:11:09:11 -0300] "GET /cormun/servlet/solicitudot?2e18a25f6019b898b4141fddf5796a2583cb12d58c0accaefa6475d09549cb1a2efb95fdda2ebb1555f69ccac43f22b6,gx-no-cache=1493215814092 HTTP/1.1" 200 30
192.168.10.89 - - [26/Apr/2017:11:09:11 -0300] "POST /cormun/servlet/trpermisosingocecormun?df5ea3c7c61096be5bf6be99aa618160,,gx-no-cache=1493219021632 HTTP/1.1" 200 6641
192.168.10.89 - - [26/Apr/2017:11:09:20 -0300] "POST /cormun/servlet/trpermisosingocecormun?df5ea3c7c61096be5bf6be99aa618160,,gx-no-cache=1493219030353 HTTP/1.1" 200 5697
192.168.10.89 - - [26/Apr/2017:11:09:23 -0300] "POST /cormun/servlet/trpermisosingocecormun?df5ea3c7c61096be5bf6be99aa618160,,gx-no-cache=1493219033497 HTTP/1.1" 200 5697
192.168.10.89 - - [26/Apr/2017:11:09:26 -0300] "POST /cormun/servlet/trpermisosingocecormun?df5ea3c7c61096be5bf6be99aa618160,,gx-no-cache=1493219036577 HTTP/1.1" 200 6784
192.168.10.89 - - [26/Apr/2017:11:09:33 -0300] "GET /cormun/servlet/trpermisosingoceadjunto?67,8851094, HTTP/1.1" 200 6954
192.168.10.89 - - [26/Apr/2017:11:09:34 -0300] "GET /cormun/PublicTempStorage/img1583925649.jpg HTTP/1.1" 200 360692
192.168.10.89 - - [26/Apr/2017:11:09:48 -0300] "GET /cormun/servlet/trpermisosingoceadjunto?67,8851094, HTTP/1.1" 200 6957
192.168.10.89 - - [26/Apr/2017:11:09:49 -0300] "GET /cormun/PublicTempStorage/img1583750403.jpg HTTP/1.1" 200 360692
192.168.10.13 - - [26/Apr/2017:11:10:01 -0300] "GET / HTTP/1.1" 200 11217
186.79.225.197 - - [26/Apr/2017:11:10:53 -0300] "POST /cormun/servlet/solicitudot?gx-no-cache=1493215914536 HTTP/1.1" 200 297
186.79.225.197 - - [26/Apr/2017:11:10:56 -0300] "GET /cormun/servlet/solicitudot?2e18a25f6019b898b4141fddf5796a2533b6bc9f29384c335a737d0fdf826cfb76229e74ed89503ee2ffb8e1a3f0028be689f1af51a665e486361924b3e5da6c4cd7762d7a61c89b9e506eff144d818c951d65c3219dbfd83ca505d78ed1b76f56ef91548cc2e17f7877e2e429b42c8de49f4c5834c5b4356ccd25a62479b0a2b1dab7d6a78c9147ca1722080233b1ba17cc5f9c1f59a7287facd469dceec8250f024de6e703c5d77a84d5dbab6d1245c804d7512c9ebc802dd479f10bca570833400b376fcff9078fea595797c7ae9f00a4a6106a5ac1ac40dd23f68d8a2eff2a9ef36063961e87d3a624f1dc1a3c42adbd7cf02fa042910b25010eab37fad0bd4c1f87f324ffd1229771d5f8a839a33b05290083ba9fa429f6ba331a3a2a4f03c880e0d2a505bca35c2c360d02dcb9d1357b6b20c61b8d312c4e56445895e78d4217821b733d0f7a6b623d8569126246fd04ab589eb5915da0cef9cb42285db6bc67c3ee98d0a4d68d89cdf79a103dde7c4ed87b5142d6fcf785db1a463430f74a04132e0d3e8f48875e8c008a3ed0,gx-no-cache=1493215919340 HTTP/1.1" 200 30
192.168.10.13 - - [26/Apr/2017:11:11:01 -0300] "GET / HTTP/1.1" 200 11217
186.79.225.197 - - [26/Apr/2017:11:11:03 -0300] "POST /cormun/servlet/solicitudot?gx-no-cache=1493215924515 HTTP/1.1" 200 30
186.79.225.197 - - [26/Apr/2017:11:11:05 -0300] "POST /cormun/servlet/solicitudot?gx-no-cache=1493215928012 HTTP/1.1" 200 235
186.79.225.197 - - [26/Apr/2017:11:11:05 -0300] "POST /cormun/servlet/solicitudot?gx-no-cache=1493215928192 HTTP/1.1" 200 38
186.79.225.197 - - [26/Apr/2017:11:11:54 -0300] "GET /cormun/servlet/solicitudot?2e18a25f6019b898b4141fddf5796a25f7137db8aa0daa51dce4a28dc4e5c9aa92b2803c56c3c3e5be4cdb4d2f2c1140a331a421981b9c31fc960241816353ce655f458725f36c59e5d6eeac2caa9c3182783bb438389dfd406a1da809b5fcae7d3b5da814b776b3943f16df4cf2359e,gx-no-cache=1493215977194 HTTP/1.1" 200 29
186.79.225.197 - - [26/Apr/2017:11:11:55 -0300] "POST /cormun/servlet/solicitudot?gx-no-cache=1493215977501 HTTP/1.1" 200 675
186.79.225.197 - - [26/Apr/2017:11:11:56 -0300] "POST /cormun/servlet/solicitudot?gx-no-cache=1493215978956 HTTP/1.1" 200 1162
192.168.10.13 - - [26/Apr/2017:11:12:01 -0300] "GET / HTTP/1.1" 200 11217
186.79.225.197 - - [26/Apr/2017:11:12:09 -0300] "GET /cormun/static/menuarrow.gif HTTP/1.1" 404 1015
186.79.225.197 - - [26/Apr/2017:11:12:25 -0300] "GET /cormun/servlet/solicitudot?2e18a25f6019b898b4141fddf5796a25558bf9552cc2d077c80942678b28bfb6c90d7edd0af82774f041e4fd3f085ba2ca97ae3fe28b996562c8e3694357a789fbb466f1046bb0e5f3a91a99d7890a79768cb346bb76bf4ec974018b27c2863950d29ae72e17950ec394e10335f963b4e27561d9ea821966ef212d2657cef22196a5d4b94c41f52c301856913a899169e9777122e037d050ad0008b6baba0b5afc23d42cd1057ff095040df1ce2e6de9,gx-no-cache=1493216008321 HTTP/1.1" 200 30
186.79.225.197 - - [26/Apr/2017:11:12:46 -0300] "POST /cormun/servlet/solicitudot?66ba0b5ed37a38c4ef6ab9467ff9c103,INS,0,0,,gx-no-cache=1493216027636 HTTP/1.1" 200 93
186.79.225.197 - - [26/Apr/2017:11:12:46 -0300] "GET /cormun/servlet/hpexe_return? HTTP/1.1" 200 1006
186.79.225.197 - - [26/Apr/2017:11:12:46 -0300] "GET /cormun/servlet/trsolicitudot HTTP/1.1" 200 8254
186.79.225.197 - - [26/Apr/2017:11:12:48 -0300] "GET /cormun/servlet/trsolicitudot HTTP/1.1" 200 8250
186.79.225.197 - - [26/Apr/2017:11:12:51 -0300] "POST /cormun/servlet/trsolicitudot?66ba0b5ed37a38c4ef6ab9467ff9c103,gx-no-cache=1493216032768 HTTP/1.1" 200 107
186.79.225.197 - - [26/Apr/2017:11:12:51 -0300] "GET /cormun/servlet/trsolicitudadjuntos?2017,6243, HTTP/1.1" 200 6114
186.79.225.197 - - [26/Apr/2017:11:12:52 -0300] "GET /cormun/servlet/trsolicitudadjuntos?2017,6243, HTTP/1.1" 200 6114
186.79.225.197 - - [26/Apr/2017:11:12:53 -0300] "GET /cormun/servlet/solicitudotadjuntos?INS,2017,6243,,1, HTTP/1.1" 200 6053
186.79.225.197 - - [26/Apr/2017:11:12:54 -0300] "GET /cormun/static/about:blank HTTP/1.1" 404 1011
186.79.225.197 - - [26/Apr/2017:11:12:54 -0300] "GET /cormun/servlet/solicitudotadjuntos?INS,2017,6243,,1, HTTP/1.1" 200 6045
186.79.225.197 - - [26/Apr/2017:11:12:55 -0300] "GET /cormun/servlet/solicitudotadjuntos?2e18a25f6019b898b4141fddf5796a2538bf5ce7e9a34e6ca01cdc913aec77148440ab2485d5af4216fe0d985d9d0240,gx-no-cache=1493216037853 HTTP/1.1" 200 30
186.79.225.197 - - [26/Apr/2017:11:12:56 -0300] "POST /cormun/servlet/solicitudotadjuntos?66ba0b5ed37a38c4ef6ab9467ff9c103,INS,2017,6243,,1,,gx-no-cache=1493216038235 HTTP/1.1" 200 3827
186.79.225.197 - - [26/Apr/2017:11:12:58 -0300] "POST /cormun/servlet/solicitudotadjuntos?gx-no-cache=1493216041310 HTTP/1.1" 200 26
192.168.10.13 - - [26/Apr/2017:11:13:01 -0300] "GET / HTTP/1.1" 200 11217
186.79.225.197 - - [26/Apr/2017:11:13:13 -0300] "GET /cormun/servlet/solicitudotadjuntos?2e18a25f6019b898b4141fddf5796a25867b284f0c8bb174f62e00107170c605,gx-no-cache=1493216056311 HTTP/1.1" 200 30
186.79.225.197 - - [26/Apr/2017:11:13:13 -0300] "GET /cormun/servlet/solicitudotadjuntos?2e18a25f6019b898b4141fddf5796a25867b284f0c8bb174f62e00107170c605,gx-no-cache=1493216056470 HTTP/1.1" 200 30
186.79.225.197 - - [26/Apr/2017:11:13:18 -0300] "POST /cormun/servlet/solicitudotadjuntos?66ba0b5ed37a38c4ef6ab9467ff9c103,INS,2017,6243,,1, HTTP/1.1" 200 116
186.79.225.197 - - [26/Apr/2017:11:13:18 -0300] "GET /cormun/servlet/hpexe_return? HTTP/1.1" 200 1024
186.79.225.197 - - [26/Apr/2017:11:13:19 -0300] "GET /cormun/servlet/trsolicitudadjuntos?2017,6243, HTTP/1.1" 200 8282
186.79.225.197 - - [26/Apr/2017:11:13:20 -0300] "GET /cormun/servlet/trsolicitudadjuntos?2017,6243, HTTP/1.1" 200 8277
186.79.225.197 - - [26/Apr/2017:11:13:23 -0300] "GET /cormun/servlet/solicitudotadjuntos?INS,2017,6243,,1, HTTP/1.1" 200 6053
186.79.225.197 - - [26/Apr/2017:11:13:23 -0300] "GET /cormun/static/about:blank HTTP/1.1" 404 1011
186.79.225.197 - - [26/Apr/2017:11:13:24 -0300] "GET /cormun/servlet/solicitudotadjuntos?INS,2017,6243,,1, HTTP/1.1" 200 6045
186.79.225.197 - - [26/Apr/2017:11:13:24 -0300] "GET /cormun/servlet/solicitudotadjuntos?2e18a25f6019b898b4141fddf5796a2538bf5ce7e9a34e6ca01cdc913aec77148440ab2485d5af4216fe0d985d9d0240,gx-no-cache=1493216067227 HTTP/1.1" 200 30
186.79.225.197 - - [26/Apr/2017:11:13:25 -0300] "POST /cormun/servlet/solicitudotadjuntos?66ba0b5ed37a38c4ef6ab9467ff9c103,INS,2017,6243,,1,,gx-no-cache=1493216067344 HTTP/1.1" 200 3827
186.79.225.197 - - [26/Apr/2017:11:13:28 -0300] "POST /cormun/servlet/solicitudotadjuntos?gx-no-cache=1493216071018 HTTP/1.1" 200 26
186.79.225.197 - - [26/Apr/2017:11:13:34 -0300] "GET /cormun/servlet/solicitudotadjuntos?2e18a25f6019b898b4141fddf5796a25867b284f0c8bb174f62e00107170c605,gx-no-cache=1493216076548 HTTP/1.1" 200 30
186.79.225.197 - - [26/Apr/2017:11:13:34 -0300] "GET /cormun/servlet/solicitudotadjuntos?2e18a25f6019b898b4141fddf5796a25867b284f0c8bb174f62e00107170c605,gx-no-cache=1493216076808 HTTP/1.1" 200 30
192.168.10.89 - - [26/Apr/2017:11:13:40 -0300] "GET /cormun/servlet/trpermisosingocecormun? HTTP/1.1" 200 9777
192.168.10.89 - - [26/Apr/2017:11:13:45 -0300] "GET /cormun/servlet/trpermisosingoceadjunto?95,11366238, HTTP/1.1" 200 6982
192.168.10.89 - - [26/Apr/2017:11:13:47 -0300] "GET /cormun/PublicTempStorage/a_m_caceres_%281%298546694.pdf HTTP/1.1" 200 404645
186.79.225.197 - - [26/Apr/2017:11:13:54 -0300] "POST /cormun/servlet/solicitudotadjuntos?66ba0b5ed37a38c4ef6ab9467ff9c103,INS,2017,6243,,1, HTTP/1.1" 200 116
186.79.225.197 - - [26/Apr/2017:11:13:54 -0300] "GET /cormun/servlet/hpexe_return? HTTP/1.1" 200 1024
186.79.225.197 - - [26/Apr/2017:11:13:55 -0300] "GET /cormun/servlet/trsolicitudadjuntos?2017,6243, HTTP/1.1" 200 8460
186.79.225.197 - - [26/Apr/2017:11:13:57 -0300] "GET /cormun/servlet/trsolicitudadjuntos?2017,6243, HTTP/1.1" 200 8459
186.79.225.197 - - [26/Apr/2017:11:13:59 -0300] "GET /cormun/servlet/solicitudotadjuntos?INS,2017,6243,,1, HTTP/1.1" 200 6053
186.79.225.197 - - [26/Apr/2017:11:13:59 -0300] "GET /cormun/static/about:blank HTTP/1.1" 404 1011
186.79.225.197 - - [26/Apr/2017:11:14:00 -0300] "GET /cormun/servlet/solicitudotadjuntos?INS,2017,6243,,1, HTTP/1.1" 200 6046
186.79.225.197 - - [26/Apr/2017:11:14:01 -0300] "GET /cormun/servlet/solicitudotadjuntos?2e18a25f6019b898b4141fddf5796a2538bf5ce7e9a34e6ca01cdc913aec77148440ab2485d5af4216fe0d985d9d0240,gx-no-cache=1493216103540 HTTP/1.1" 200 30
192.168.10.13 - - [26/Apr/2017:11:14:01 -0300] "GET / HTTP/1.1" 200 11217
186.79.225.197 - - [26/Apr/2017:11:14:02 -0300] "POST /cormun/servlet/solicitudotadjuntos?66ba0b5ed37a38c4ef6ab9467ff9c103,INS,2017,6243,,1,,gx-no-cache=1493216104207 HTTP/1.1" 200 3827
186.79.225.197 - - [26/Apr/2017:11:14:06 -0300] "POST /cormun/servlet/solicitudotadjuntos?gx-no-cache=1493216107685 HTTP/1.1" 200 26
186.79.225.197 - - [26/Apr/2017:11:14:17 -0300] "GET /cormun/servlet/solicitudotadjuntos?2e18a25f6019b898b4141fddf5796a25867b284f0c8bb174f62e00107170c605,gx-no-cache=1493216119614 HTTP/1.1" 200 30
186.79.225.197 - - [26/Apr/2017:11:14:17 -0300] "GET /cormun/servlet/solicitudotadjuntos?2e18a25f6019b898b4141fddf5796a25867b284f0c8bb174f62e00107170c605,gx-no-cache=1493216119745 HTTP/1.1" 200 30
186.79.225.197 - - [26/Apr/2017:11:14:23 -0300] "POST /cormun/servlet/solicitudotadjuntos?66ba0b5ed37a38c4ef6ab9467ff9c103,INS,2017,6243,,1, HTTP/1.1" 200 116
186.79.225.197 - - [26/Apr/2017:11:14:23 -0300] "GET /cormun/servlet/hpexe_return? HTTP/1.1" 200 1024
186.79.225.197 - - [26/Apr/2017:11:14:23 -0300] "GET /cormun/servlet/trsolicitudadjuntos?2017,6243, HTTP/1.1" 200 8606
186.79.225.197 - - [26/Apr/2017:11:14:25 -0300] "GET /cormun/servlet/trsolicitudadjuntos?2017,6243, HTTP/1.1" 200 8607
186.79.225.197 - - [26/Apr/2017:11:14:27 -0300] "GET /cormun/servlet/solicitudotadjuntos?INS,2017,6243,,1, HTTP/1.1" 200 6053
186.79.225.197 - - [26/Apr/2017:11:14:28 -0300] "GET /cormun/static/about:blank HTTP/1.1" 404 1011
186.79.225.197 - - [26/Apr/2017:11:14:29 -0300] "GET /cormun/servlet/solicitudotadjuntos?INS,2017,6243,,1, HTTP/1.1" 200 6046
186.79.225.197 - - [26/Apr/2017:11:14:29 -0300] "GET /cormun/servlet/solicitudotadjuntos?2e18a25f6019b898b4141fddf5796a2538bf5ce7e9a34e6ca01cdc913aec77148440ab2485d5af4216fe0d985d9d0240,gx-no-cache=1493216131578 HTTP/1.1" 200 30
186.79.225.197 - - [26/Apr/2017:11:14:30 -0300] "POST /cormun/servlet/solicitudotadjuntos?66ba0b5ed37a38c4ef6ab9467ff9c103,INS,2017,6243,,1,,gx-no-cache=1493216132214 HTTP/1.1" 200 3827
186.79.225.197 - - [26/Apr/2017:11:14:34 -0300] "POST /cormun/servlet/solicitudotadjuntos?gx-no-cache=1493216136587 HTTP/1.1" 200 26
186.79.225.197 - - [26/Apr/2017:11:14:40 -0300] "GET /cormun/servlet/solicitudotadjuntos?2e18a25f6019b898b4141fddf5796a25867b284f0c8bb174f62e00107170c605,gx-no-cache=1493216142980 HTTP/1.1" 200 30
186.79.225.197 - - [26/Apr/2017:11:14:40 -0300] "GET /cormun/servlet/solicitudotadjuntos?2e18a25f6019b898b4141fddf5796a25867b284f0c8bb174f62e00107170c605,gx-no-cache=1493216143132 HTTP/1.1" 200 30
186.79.225.197 - - [26/Apr/2017:11:14:45 -0300] "POST /cormun/servlet/solicitudotadjuntos?66ba0b5ed37a38c4ef6ab9467ff9c103,INS,2017,6243,,1, HTTP/1.1" 200 116
186.79.225.197 - - [26/Apr/2017:11:14:45 -0300] "GET /cormun/servlet/hpexe_return? HTTP/1.1" 200 1024
186.79.225.197 - - [26/Apr/2017:11:14:46 -0300] "GET /cormun/servlet/trsolicitudadjuntos?2017,6243, HTTP/1.1" 200 8745
186.79.225.197 - - [26/Apr/2017:11:14:47 -0300] "GET /cormun/servlet/trsolicitudadjuntos?2017,6243, HTTP/1.1" 200 8746
186.79.225.197 - - [26/Apr/2017:11:14:50 -0300] "GET /cormun/servlet/solicitudotadjuntos?INS,2017,6243,,1, HTTP/1.1" 200 6053
186.79.225.197 - - [26/Apr/2017:11:14:50 -0300] "GET /cormun/static/about:blank HTTP/1.1" 404 1011
186.79.225.197 - - [26/Apr/2017:11:14:51 -0300] "GET /cormun/servlet/solicitudotadjuntos?INS,2017,6243,,1, HTTP/1.1" 200 6045
186.79.225.197 - - [26/Apr/2017:11:14:51 -0300] "GET /cormun/servlet/solicitudotadjuntos?2e18a25f6019b898b4141fddf5796a2538bf5ce7e9a34e6ca01cdc913aec77148440ab2485d5af4216fe0d985d9d0240,gx-no-cache=1493216154111 HTTP/1.1" 200 30
186.79.225.197 - - [26/Apr/2017:11:14:51 -0300] "POST /cormun/servlet/solicitudotadjuntos?66ba0b5ed37a38c4ef6ab9467ff9c103,INS,2017,6243,,1,,gx-no-cache=1493216154195 HTTP/1.1" 200 3827
186.79.225.197 - - [26/Apr/2017:11:14:55 -0300] "POST /cormun/servlet/solicitudotadjuntos?gx-no-cache=1493216158010 HTTP/1.1" 200 26
192.168.10.13 - - [26/Apr/2017:11:15:01 -0300] "GET / HTTP/1.1" 200 11217
186.79.225.197 - - [26/Apr/2017:11:15:02 -0300] "GET /cormun/servlet/solicitudotadjuntos?2e18a25f6019b898b4141fddf5796a25867b284f0c8bb174f62e00107170c605,gx-no-cache=1493216164885 HTTP/1.1" 200 30
186.79.225.197 - - [26/Apr/2017:11:15:02 -0300] "GET /cormun/servlet/solicitudotadjuntos?2e18a25f6019b898b4141fddf5796a25867b284f0c8bb174f62e00107170c605,gx-no-cache=1493216165083 HTTP/1.1" 200 30
186.79.225.197 - - [26/Apr/2017:11:15:09 -0300] "POST /cormun/servlet/solicitudotadjuntos?66ba0b5ed37a38c4ef6ab9467ff9c103,INS,2017,6243,,1, HTTP/1.1" 200 116
186.79.225.197 - - [26/Apr/2017:11:15:10 -0300] "GET /cormun/servlet/hpexe_return? HTTP/1.1" 200 1024
186.79.225.197 - - [26/Apr/2017:11:15:10 -0300] "GET /cormun/servlet/trsolicitudadjuntos?2017,6243, HTTP/1.1" 200 8949
186.79.225.197 - - [26/Apr/2017:11:15:12 -0300] "GET /cormun/servlet/trsolicitudadjuntos?2017,6243, HTTP/1.1" 200 8943
186.79.225.197 - - [26/Apr/2017:11:15:14 -0300] "GET /cormun/servlet/solicitudotadjuntos?INS,2017,6243,,1, HTTP/1.1" 200 6053
186.79.225.197 - - [26/Apr/2017:11:15:14 -0300] "GET /cormun/static/about:blank HTTP/1.1" 404 1011
186.79.225.197 - - [26/Apr/2017:11:15:15 -0300] "GET /cormun/servlet/solicitudotadjuntos?INS,2017,6243,,1, HTTP/1.1" 200 6045
186.79.225.197 - - [26/Apr/2017:11:15:15 -0300] "GET /cormun/servlet/solicitudotadjuntos?2e18a25f6019b898b4141fddf5796a2538bf5ce7e9a34e6ca01cdc913aec77148440ab2485d5af4216fe0d985d9d0240,gx-no-cache=1493216178364 HTTP/1.1" 200 30
186.79.225.197 - - [26/Apr/2017:11:15:16 -0300] "POST /cormun/servlet/solicitudotadjuntos?66ba0b5ed37a38c4ef6ab9467ff9c103,INS,2017,6243,,1,,gx-no-cache=1493216178487 HTTP/1.1" 200 3827
192.168.10.89 - - [26/Apr/2017:11:15:38 -0300] "GET /cormun/servlet/trpermisosingoceadjunto?95,11366238, HTTP/1.1" 200 6981
192.168.10.89 - - [26/Apr/2017:11:15:39 -0300] "GET /cormun/PublicTempStorage/a_m_caceres_%281%292428217.pdf HTTP/1.1" 200 404645
186.79.225.197 - - [26/Apr/2017:11:15:52 -0300] "POST /cormun/servlet/solicitudotadjuntos?gx-no-cache=1493216214460 HTTP/1.1" 200 26
186.79.225.197 - - [26/Apr/2017:11:15:58 -0300] "GET /cormun/servlet/solicitudotadjuntos?2e18a25f6019b898b4141fddf5796a25867b284f0c8bb174f62e00107170c605,gx-no-cache=1493216220220 HTTP/1.1" 200 30
186.79.225.197 - - [26/Apr/2017:11:15:58 -0300] "GET /cormun/servlet/solicitudotadjuntos?2e18a25f6019b898b4141fddf5796a25867b284f0c8bb174f62e00107170c605,gx-no-cache=1493216220715 HTTP/1.1" 200 30
192.168.10.13 - - [26/Apr/2017:11:16:01 -0300] "GET / HTTP/1.1" 200 11217
186.79.225.197 - - [26/Apr/2017:11:16:09 -0300] "POST /cormun/servlet/solicitudotadjuntos?66ba0b5ed37a38c4ef6ab9467ff9c103,INS,2017,6243,,1, HTTP/1.1" 200 116
186.79.225.197 - - [26/Apr/2017:11:16:09 -0300] "GET /cormun/servlet/hpexe_return? HTTP/1.1" 200 1024
186.79.225.197 - - [26/Apr/2017:11:16:10 -0300] "GET /cormun/servlet/trsolicitudadjuntos?2017,6243, HTTP/1.1" 200 9155
186.79.225.197 - - [26/Apr/2017:11:16:12 -0300] "GET /cormun/servlet/trsolicitudadjuntos?2017,6243, HTTP/1.1" 200 9150
192.168.10.89 - - [26/Apr/2017:11:16:17 -0300] "POST /cormun/servlet/trpermisosingoceadjunto?df5ea3c7c61096be5bf6be99aa618160,95,11366238,,gx-no-cache=1493219446752 HTTP/1.1" 200 90
192.168.10.89 - - [26/Apr/2017:11:16:17 -0300] "GET /cormun/servlet/hpexe_link HTTP/1.1" 200 982
192.168.10.89 - - [26/Apr/2017:11:16:18 -0300] "GET /cormun/servlet/trpermisosingocecormun HTTP/1.1" 200 9756
186.79.225.197 - - [26/Apr/2017:11:16:20 -0300] "POST /cormun/servlet/trsolicitudadjuntos?66ba0b5ed37a38c4ef6ab9467ff9c103,2017,6243,,gx-no-cache=1493216239357 HTTP/1.1" 200 90
186.79.225.197 - - [26/Apr/2017:11:16:20 -0300] "GET /cormun/servlet/hpexe_link HTTP/1.1" 200 968
186.79.225.197 - - [26/Apr/2017:11:16:21 -0300] "GET /cormun/servlet/trsolicitudot HTTP/1.1" 200 8252
186.79.225.197 - - [26/Apr/2017:11:16:22 -0300] "GET /cormun/servlet/trsolicitudot HTTP/1.1" 200 8250
192.168.10.89 - - [26/Apr/2017:11:16:24 -0300] "POST /cormun/servlet/trpermisosingocecormun?df5ea3c7c61096be5bf6be99aa618160,gx-no-cache=1493219453873 HTTP/1.1" 200 5685
192.168.10.89 - - [26/Apr/2017:11:16:29 -0300] "GET /cormun/servlet/trinasistenciacormun? HTTP/1.1" 200 9626
192.168.10.89 - - [26/Apr/2017:11:16:29 -0300] "GET /cormun/static/gxcfg.js?201731711564076 HTTP/1.1" 304 -
192.168.10.89 - - [26/Apr/2017:11:16:34 -0300] "POST /cormun/servlet/trinasistenciacormun?df5ea3c7c61096be5bf6be99aa618160,,gx-no-cache=1493219464304 HTTP/1.1" 200 6618
192.168.10.89 - - [26/Apr/2017:11:16:34 -0300] "POST /cormun/servlet/trinasistenciacormun?df5ea3c7c61096be5bf6be99aa618160,,gx-no-cache=1493219464673 HTTP/1.1" 200 6620
186.79.225.197 - - [26/Apr/2017:11:16:49 -0300] "POST /cormun/servlet/trsolicitudot?66ba0b5ed37a38c4ef6ab9467ff9c103,gx-no-cache=1493216271649 HTTP/1.1" 200 4355
186.79.225.197 - - [26/Apr/2017:11:16:49 -0300] "GET /cormun/static/Shared/jqueryui/images/ui-bg_highlight-soft_100_c6c2c8_1x100.png HTTP/1.1" 404 1117
186.79.225.197 - - [26/Apr/2017:11:16:49 -0300] "GET /cormun/static/Shared/jqueryui/images/ui-icons_82798d_256x240.png HTTP/1.1" 404 1089
186.79.225.197 - - [26/Apr/2017:11:16:49 -0300] "GET /cormun/static/Shared/jqueryui/images/ui-bg_flat_55_fafafa_40x100.png HTTP/1.1" 404 1097
186.79.225.197 - - [26/Apr/2017:11:16:49 -0300] "GET /cormun/static/Shared/jqueryui/images/ui-icons_8d78a5_256x240.png HTTP/1.1" 404 1089
186.79.225.197 - - [26/Apr/2017:11:16:50 -0300] "POST /cormun/servlet/trsolicitudot?66ba0b5ed37a38c4ef6ab9467ff9c103,gx-no-cache=1493216272495 HTTP/1.1" 200 4122
192.168.10.89 - - [26/Apr/2017:11:16:51 -0300] "POST /cormun/servlet/trinasistenciacormun?df5ea3c7c61096be5bf6be99aa618160,,gx-no-cache=1493219481331 HTTP/1.1" 200 6405
186.79.225.197 - - [26/Apr/2017:11:16:53 -0300] "GET /cormun/servlet/trautorizarsolicitud? HTTP/1.1" 200 8178
186.79.225.197 - - [26/Apr/2017:11:16:54 -0300] "GET /cormun/servlet/trautorizarsolicitud? HTTP/1.1" 200 8178
192.168.10.89 - - [26/Apr/2017:11:16:57 -0300] "POST /cormun/servlet/trinasistenciacormun?df5ea3c7c61096be5bf6be99aa618160,,gx-no-cache=1493219487198 HTTP/1.1" 200 6607
186.79.225.197 - - [26/Apr/2017:11:16:58 -0300] "POST /cormun/servlet/trautorizarsolicitud?66ba0b5ed37a38c4ef6ab9467ff9c103,,gx-no-cache=1493216281064 HTTP/1.1" 200 4331
186.79.225.197 - - [26/Apr/2017:11:16:59 -0300] "GET /cormun/static/Shared/jqueryui/images/ui-bg_highlight-soft_100_c6c2c8_1x100.png HTTP/1.1" 404 1117
186.79.225.197 - - [26/Apr/2017:11:16:59 -0300] "GET /cormun/static/Shared/jqueryui/images/ui-icons_82798d_256x240.png HTTP/1.1" 404 1089
186.79.225.197 - - [26/Apr/2017:11:16:59 -0300] "GET /cormun/static/Shared/jqueryui/images/ui-bg_flat_55_fafafa_40x100.png HTTP/1.1" 404 1097
186.79.225.197 - - [26/Apr/2017:11:16:59 -0300] "GET /cormun/static/Shared/jqueryui/images/ui-icons_8d78a5_256x240.png HTTP/1.1" 404 1089
186.79.225.197 - - [26/Apr/2017:11:16:59 -0300] "POST /cormun/servlet/trautorizarsolicitud?66ba0b5ed37a38c4ef6ab9467ff9c103,,gx-no-cache=1493216281649 HTTP/1.1" 200 4100
192.168.10.13 - - [26/Apr/2017:11:17:01 -0300] "GET / HTTP/1.1" 200 11217
192.168.10.89 - - [26/Apr/2017:11:17:03 -0300] "POST /cormun/servlet/trinasistenciacormun?df5ea3c7c61096be5bf6be99aa618160,,gx-no-cache=1493219493176 HTTP/1.1" 200 5677
192.168.10.89 - - [26/Apr/2017:11:17:07 -0300] "POST /cormun/servlet/trinasistenciacormun?df5ea3c7c61096be5bf6be99aa618160,,gx-no-cache=1493219497272 HTTP/1.1" 200 6616
192.168.10.13 - - [26/Apr/2017:11:18:01 -0300] "GET / HTTP/1.1" 200 11217
192.168.10.89 - - [26/Apr/2017:11:18:17 -0300] "GET /cormun/servlet/trpermisosingoceadjunto?71,16162972, HTTP/1.1" 200 6954
192.168.10.89 - - [26/Apr/2017:11:18:18 -0300] "GET /cormun/PublicTempStorage/lafuente9961077.pdf HTTP/1.1" 200 264678
192.168.10.89 - - [26/Apr/2017:11:18:33 -0300] "GET /cormun/servlet/trpermisosingoceadjunto?71,16162972, HTTP/1.1" 200 6954
192.168.10.89 - - [26/Apr/2017:11:18:33 -0300] "GET /cormun/PublicTempStorage/lafuente2597797.pdf HTTP/1.1" 200 264678
192.168.10.13 - - [26/Apr/2017:11:19:01 -0300] "GET / HTTP/1.1" 200 11217
192.168.10.89 - - [26/Apr/2017:11:19:08 -0300] "GET /cormun/servlet/trinasistenciacormun? HTTP/1.1" 200 9626
192.168.10.89 - - [26/Apr/2017:11:19:15 -0300] "GET /cormun/servlet/trpermisosingoceadjunto?72,13776601, HTTP/1.1" 200 7053
192.168.10.89 - - [26/Apr/2017:11:19:17 -0300] "GET /cormun/PublicTempStorage/meneses2355251.pdf HTTP/1.1" 200 441582
192.168.10.89 - - [26/Apr/2017:11:19:17 -0300] "GET /cormun/PublicTempStorage/meneses5144672.pdf HTTP/1.1" 200 257258
186.79.225.197 - - [26/Apr/2017:11:19:26 -0300] "GET /cormun/servlet/hlogin HTTP/1.1" 200 1720
192.168.10.89 - - [26/Apr/2017:11:19:26 -0300] "GET /cormun/servlet/trpermisosingoceadjunto?72,13776601, HTTP/1.1" 200 7054
192.168.10.89 - - [26/Apr/2017:11:19:27 -0300] "GET /cormun/PublicTempStorage/meneses5507207.pdf HTTP/1.1" 200 441582
192.168.10.89 - - [26/Apr/2017:11:19:27 -0300] "GET /cormun/PublicTempStorage/meneses1525549.pdf HTTP/1.1" 200 257258
192.168.10.89 - - [26/Apr/2017:11:19:35 -0300] "GET /cormun/servlet/trpermisosingoceadjunto?72,13776601, HTTP/1.1" 200 7055
186.79.225.197 - - [26/Apr/2017:11:19:35 -0300] "POST /cormun/servlet/hlogin?66ba0b5ed37a38c4ef6ab9467ff9c103,gx-no-cache=1493216438342 HTTP/1.1" 200 90
186.79.225.197 - - [26/Apr/2017:11:19:36 -0300] "GET /cormun/servlet/hpexe_link HTTP/1.1" 200 963
192.168.10.89 - - [26/Apr/2017:11:19:36 -0300] "GET /cormun/PublicTempStorage/meneses6369729.pdf HTTP/1.1" 200 257258
192.168.10.89 - - [26/Apr/2017:11:19:36 -0300] "GET /cormun/PublicTempStorage/meneses8526755.pdf HTTP/1.1" 200 441582
186.79.225.197 - - [26/Apr/2017:11:19:36 -0300] "GET /cormun/servlet/trautorizarsolicitud? HTTP/1.1" 200 6941
186.79.225.197 - - [26/Apr/2017:11:19:38 -0300] "GET /cormun/servlet/trautorizarsolicitud? HTTP/1.1" 200 6940
186.79.225.197 - - [26/Apr/2017:11:19:41 -0300] "GET /cormun/servlet/trlicencias? HTTP/1.1" 200 6872
186.79.225.197 - - [26/Apr/2017:11:19:42 -0300] "GET /cormun/servlet/trlicencias? HTTP/1.1" 200 6871
186.79.225.197 - - [26/Apr/2017:11:19:45 -0300] "GET /cormun/servlet/licenciaspermisos?INS,0,,, HTTP/1.1" 200 7412
186.79.225.197 - - [26/Apr/2017:11:19:46 -0300] "GET /cormun/servlet/licenciaspermisos?INS,0,,, HTTP/1.1" 200 7410
186.79.225.197 - - [26/Apr/2017:11:20:00 -0300] "GET /cormun/servlet/licenciaspermisos?ddb02f0446f4defb47b3da0129b97e5dc3655f7feeebf9c4f24be1bf94439390713e45a5b0b6fd5be0852427885a823e,gx-no-cache=1493216463231 HTTP/1.1" 200 67
186.79.225.197 - - [26/Apr/2017:11:20:01 -0300] "POST /cormun/servlet/licenciaspermisos?66ba0b5ed37a38c4ef6ab9467ff9c103,INS,0,,,,gx-no-cache=1493216463328 HTTP/1.1" 200 4631
192.168.10.13 - - [26/Apr/2017:11:20:01 -0300] "GET / HTTP/1.1" 200 11217
186.79.225.197 - - [26/Apr/2017:11:20:17 -0300] "GET /cormun/static/menuarrow.gif HTTP/1.1" 404 1015
192.168.10.89 - - [26/Apr/2017:11:20:46 -0300] "POST /cormun/servlet/trpermisosingoceadjunto?df5ea3c7c61096be5bf6be99aa618160,72,13776601,,gx-no-cache=1493219716429 HTTP/1.1" 200 90
192.168.10.89 - - [26/Apr/2017:11:20:46 -0300] "GET /cormun/servlet/hpexe_link HTTP/1.1" 200 988
192.168.10.89 - - [26/Apr/2017:11:20:47 -0300] "GET /cormun/servlet/trinasistenciacormun HTTP/1.1" 200 9626
192.168.10.89 - - [26/Apr/2017:11:20:52 -0300] "POST /cormun/servlet/trinasistenciacormun?df5ea3c7c61096be5bf6be99aa618160,gx-no-cache=1493219722469 HTTP/1.1" 200 5671
192.168.10.89 - - [26/Apr/2017:11:20:56 -0300] "GET /cormun/servlet/tratrazoscormun? HTTP/1.1" 200 9370
192.168.10.89 - - [26/Apr/2017:11:20:57 -0300] "GET /cormun/static/gxcfg.js?201731711563228 HTTP/1.1" 200 953
192.168.10.89 - - [26/Apr/2017:11:20:57 -0300] "GET /cormun/static/tratrazoscormun.js?201731711563783 HTTP/1.1" 304 -
192.168.10.13 - - [26/Apr/2017:11:21:01 -0300] "GET / HTTP/1.1" 200 11217
192.168.10.13 - - [26/Apr/2017:11:22:01 -0300] "GET / HTTP/1.1" 200 11217
192.168.10.13 - - [26/Apr/2017:11:23:01 -0300] "GET / HTTP/1.1" 200 11217
186.103.159.46 - - [26/Apr/2017:11:23:21 -0300] "GET /cormun/servlet/permisogoce?INS,0,,, HTTP/1.1" 200 6557
186.103.159.46 - - [26/Apr/2017:11:23:23 -0300] "GET /cormun/servlet/permisogoce?INS,0,,, HTTP/1.1" 200 6556
186.103.159.46 - - [26/Apr/2017:11:23:23 -0300] "GET /cormun/servlet/permisogoce?INS,0,,, HTTP/1.1" 200 6556
186.103.159.46 - - [26/Apr/2017:11:23:24 -0300] "GET /cormun/servlet/permisogoce?INS,0,,, HTTP/1.1" 200 6556
186.79.225.197 - - [26/Apr/2017:11:23:40 -0300] "GET /cormun/servlet/licenciaspermisos?ddb02f0446f4defb47b3da0129b97e5d66bb159de2343214967d244604b6c0a6adbd7cf02fa042910b25010eab37fad0bd4c1f87f324ffd1229771d5f8a839a30a3b018bdd7afd6e7bcb4bd920efa80d8792e0bb11633531bdaddbbb5757794a1e28de05df6f13522ba14064201094ce05b1145f2bf2fa0d360e5f3fb3f9d0184118684218d1681c2b6437b27e110366b34de4e39e674e87b358342753c2685fafa9168617f1807469571de6ded025e2b7517b82013584def7ab811fbc7a01f4021b9b63ec8ed4b379c766b3ffb710b44f3f7205347b8bfa02c5e6a5edbe58d1,gx-no-cache=1493216683431 HTTP/1.1" 200 30
186.79.225.197 - - [26/Apr/2017:11:23:41 -0300] "POST /cormun/servlet/licenciaspermisos?66ba0b5ed37a38c4ef6ab9467ff9c103,INS,0,,,,gx-no-cache=1493216683587 HTTP/1.1" 200 4720
186.103.159.46 - - [26/Apr/2017:11:23:50 -0300] "GET /cormun/servlet/permisogoce?c184cbc0bc88d23c6e953e7b21de7e1c31e8ddaa3b8abbbc3f84b90a63a9ac9a46e1a9ab84133de68f289427cf633a55,gx-no-cache=1493220285332 HTTP/1.1" 200 72
186.79.225.197 - - [26/Apr/2017:11:23:50 -0300] "GET /cormun/servlet/prfichaempleado?,MD,,gxPopupLevel%3D0%3B HTTP/1.1" 200 8844
186.103.159.46 - - [26/Apr/2017:11:23:50 -0300] "GET /cormun/static/menuarrow.gif HTTP/1.1" 404 1015
186.79.225.197 - - [26/Apr/2017:11:23:50 -0300] "GET /cormun/static/gxcfg.js?2017319125415 HTTP/1.1" 200 953
192.168.10.13 - - [26/Apr/2017:11:24:01 -0300] "GET / HTTP/1.1" 200 11217
186.103.159.46 - - [26/Apr/2017:11:24:05 -0300] "GET /cormun/servlet/permisogoce?c184cbc0bc88d23c6e953e7b21de7e1c8a4ef0a11c2e649d35269e8fcbe29457246c4c7f385cb5ead2ba5bd057f4158c8732b0f35c86d1f60df1dcc1ee2a68f9,gx-no-cache=1493220300575 HTTP/1.1" 200 48
186.79.225.197 - - [26/Apr/2017:11:24:11 -0300] "POST /cormun/servlet/prfichaempleado?66ba0b5ed37a38c4ef6ab9467ff9c103,,MD,,gxPopupLevel%3D0%3B,gx-no-cache=1493216713095 HTTP/1.1" 200 5986
186.79.225.197 - - [26/Apr/2017:11:24:41 -0300] "POST /cormun/servlet/prfichaempleado?66ba0b5ed37a38c4ef6ab9467ff9c103,,MD,,gxPopupLevel%3D0%3B,gx-no-cache=1493216743759 HTTP/1.1" 200 3464
186.79.225.197 - - [26/Apr/2017:11:24:56 -0300] "GET /cormun/servlet/licenciaspermisos?ddb02f0446f4defb47b3da0129b97e5db6b84fe798d8cccb366c033f5c771df0d448fb60c3975ce47d01321f3353e68a87e8197914b028023883b7aa3595f163765b0fe9f5f62e4c4fcf6a066529414659eb78d6f748e85dfde94198c2d973b767c7819b01435cc23faec7cbe32100f24c336690df90a90ba19299e5fcfe6311cecba10e097e27545209719e0fda37b39d3f8240b7d11a8a287441acbd78129c27f8adbc8af85fc69876f2cc8b9c853a53f4fbe753b3548fc49c3c7c4ea3a6fc540a75b316c6bc282e9390cb450b5022ca31f4aef52ac4abbb19164f1df4e465a9a617d16e349cabff883dcda625341e,gx-no-cache=1493216758485 HTTP/1.1" 200 59
186.79.225.197 - - [26/Apr/2017:11:24:56 -0300] "POST /cormun/servlet/licenciaspermisos?66ba0b5ed37a38c4ef6ab9467ff9c103,INS,0,,,,gx-no-cache=1493216758632 HTTP/1.1" 200 4799
186.79.225.197 - - [26/Apr/2017:11:24:56 -0300] "GET /cormun/static/Shared/jqueryui/images/ui-bg_highlight-soft_100_c6c2c8_1x100.png HTTP/1.1" 404 1117
186.79.225.197 - - [26/Apr/2017:11:24:56 -0300] "GET /cormun/static/Shared/jqueryui/images/ui-icons_82798d_256x240.png HTTP/1.1" 404 1089
186.79.225.197 - - [26/Apr/2017:11:24:56 -0300] "GET /cormun/static/Shared/jqueryui/images/ui-bg_flat_55_994d53_40x100.png HTTP/1.1" 404 1097
186.79.225.197 - - [26/Apr/2017:11:24:56 -0300] "GET /cormun/static/Shared/jqueryui/images/ui-icons_ebccce_256x240.png HTTP/1.1" 404 1089
192.168.10.13 - - [26/Apr/2017:11:25:01 -0300] "GET / HTTP/1.1" 200 11217
186.79.225.197 - - [26/Apr/2017:11:25:14 -0300] "POST /cormun/servlet/licenciaspermisos?66ba0b5ed37a38c4ef6ab9467ff9c103,INS,0,,,,gx-no-cache=1493216777110 HTTP/1.1" 200 93
186.79.225.197 - - [26/Apr/2017:11:25:15 -0300] "GET /cormun/servlet/hpexe_return? HTTP/1.1" 200 1011
186.79.225.197 - - [26/Apr/2017:11:25:15 -0300] "GET /cormun/servlet/trlicencias HTTP/1.1" 200 6875
186.79.225.197 - - [26/Apr/2017:11:25:16 -0300] "GET /cormun/servlet/trlicencias HTTP/1.1" 200 6871
192.168.10.13 - - [26/Apr/2017:11:26:01 -0300] "GET / HTTP/1.1" 200 11217
186.103.159.46 - - [26/Apr/2017:11:26:30 -0300] "POST /cormun/servlet/permisogoce?a5eeba0891f522769a46aecf8d13ee72,INS,0,,,,gx-no-cache=1493220444676 HTTP/1.1" 200 93
186.103.159.46 - - [26/Apr/2017:11:26:30 -0300] "GET /cormun/servlet/hpexe_return? HTTP/1.1" 200 1012
186.103.159.46 - - [26/Apr/2017:11:26:31 -0300] "GET /cormun/servlet/trpermisosgoce HTTP/1.1" 200 13080
186.103.159.46 - - [26/Apr/2017:11:26:32 -0300] "GET /cormun/servlet/trpermisosgoce HTTP/1.1" 200 13075
186.103.159.46 - - [26/Apr/2017:11:26:48 -0300] "GET /cormun/servlet/apermisogoceprn?11547957,P,20170426122100,PU HTTP/1.1" 200 1642
192.168.10.13 - - [26/Apr/2017:11:27:01 -0300] "GET / HTTP/1.1" 200 11217
192.168.10.13 - - [26/Apr/2017:11:28:01 -0300] "GET / HTTP/1.1" 200 11217
192.168.10.13 - - [26/Apr/2017:11:29:01 -0300] "GET / HTTP/1.1" 200 11217
192.168.10.13 - - [26/Apr/2017:11:30:01 -0300] "GET / HTTP/1.1" 200 11217
186.103.159.46 - - [26/Apr/2017:11:30:18 -0300] "GET /cormun/servlet/permisogoce?INS,0,,, HTTP/1.1" 200 6557
186.103.159.46 - - [26/Apr/2017:11:30:19 -0300] "GET /cormun/servlet/permisogoce?INS,0,,, HTTP/1.1" 200 6556
192.168.10.13 - - [26/Apr/2017:11:31:01 -0300] "GET / HTTP/1.1" 200 11217
186.103.159.46 - - [26/Apr/2017:11:31:04 -0300] "GET /cormun/servlet/permisogoce?c184cbc0bc88d23c6e953e7b21de7e1cd433de5a33d1e5a869f9c7b014b791044a1b360d5a1b94f73606b7e4816e8633,gx-no-cache=1493220720048 HTTP/1.1" 200 73
186.103.159.46 - - [26/Apr/2017:11:31:36 -0300] "GET /cormun/servlet/permisogoce?c184cbc0bc88d23c6e953e7b21de7e1c41c04679c100ad3489f761921d67895201bf1a2f05c517046596f1be8fcb3b3a6e1d66109678237535001334e19f0687,gx-no-cache=1493220751151 HTTP/1.1" 200 47
186.103.159.46 - - [26/Apr/2017:11:31:52 -0300] "POST /cormun/servlet/permisogoce?a5eeba0891f522769a46aecf8d13ee72,INS,0,,,,gx-no-cache=1493220767602 HTTP/1.1" 200 93
186.103.159.46 - - [26/Apr/2017:11:31:52 -0300] "GET /cormun/servlet/hpexe_return? HTTP/1.1" 200 1012
186.103.159.46 - - [26/Apr/2017:11:31:53 -0300] "GET /cormun/servlet/trpermisosgoce HTTP/1.1" 200 13265
186.103.159.46 - - [26/Apr/2017:11:31:55 -0300] "GET /cormun/servlet/trpermisosgoce HTTP/1.1" 200 13260
192.168.10.13 - - [26/Apr/2017:11:32:01 -0300] "GET / HTTP/1.1" 200 11217
186.103.159.46 - - [26/Apr/2017:11:32:05 -0300] "GET /cormun/servlet/apermisogoceprn?9187329,P,20170426122622,PU HTTP/1.1" 200 1648
192.168.10.13 - - [26/Apr/2017:11:33:01 -0300] "GET / HTTP/1.1" 200 11217
192.168.10.13 - - [26/Apr/2017:11:34:01 -0300] "GET / HTTP/1.1" 200 11217
192.168.10.13 - - [26/Apr/2017:11:35:01 -0300] "GET / HTTP/1.1" 200 11217
46.174.191.32 - - [26/Apr/2017:11:35:59 -0300] "GET / HTTP/1.0" 200 11197
192.168.10.13 - - [26/Apr/2017:11:36:01 -0300] "GET / HTTP/1.1" 200 11217
192.168.10.13 - - [26/Apr/2017:11:37:01 -0300] "GET / HTTP/1.1" 200 11217
186.79.225.197 - - [26/Apr/2017:11:37:32 -0300] "GET /cormun/servlet/hlogin HTTP/1.1" 200 1720
186.79.225.197 - - [26/Apr/2017:11:37:41 -0300] "POST /cormun/servlet/hlogin?66ba0b5ed37a38c4ef6ab9467ff9c103,gx-no-cache=1493217524214 HTTP/1.1" 200 90
186.79.225.197 - - [26/Apr/2017:11:37:41 -0300] "GET /cormun/servlet/hpexe_link HTTP/1.1" 200 956
186.79.225.197 - - [26/Apr/2017:11:37:42 -0300] "GET /cormun/servlet/trlicencias HTTP/1.1" 200 6873
186.79.225.197 - - [26/Apr/2017:11:37:44 -0300] "GET /cormun/servlet/trlicencias HTTP/1.1" 200 6871
186.79.225.197 - - [26/Apr/2017:11:37:46 -0300] "GET /cormun/servlet/trsolicitudot? HTTP/1.1" 200 6984
186.79.225.197 - - [26/Apr/2017:11:37:47 -0300] "GET /cormun/servlet/trsolicitudot? HTTP/1.1" 200 6984
186.79.225.197 - - [26/Apr/2017:11:37:49 -0300] "GET /cormun/servlet/solicitudot?INS,0,0, HTTP/1.1" 200 12815
186.79.225.197 - - [26/Apr/2017:11:37:50 -0300] "GET /cormun/servlet/solicitudot?INS,0,0, HTTP/1.1" 200 12820
192.168.10.13 - - [26/Apr/2017:11:38:01 -0300] "GET / HTTP/1.1" 200 11217
192.168.10.13 - - [26/Apr/2017:11:39:01 -0300] "GET / HTTP/1.1" 200 11217
192.168.10.13 - - [26/Apr/2017:11:40:01 -0300] "GET / HTTP/1.1" 200 11217
207.46.13.7 - - [26/Apr/2017:11:40:47 -0300] "GET /cormun/servlet/hhome HTTP/1.1" 200 3317
192.168.10.13 - - [26/Apr/2017:11:41:01 -0300] "GET / HTTP/1.1" 200 11217
192.168.10.13 - - [26/Apr/2017:11:42:01 -0300] "GET / HTTP/1.1" 200 11217
186.67.172.234 - - [26/Apr/2017:11:42:17 -0300] "GET /cormun/servlet/hlogin HTTP/1.1" 200 1730
186.67.172.234 - - [26/Apr/2017:11:42:17 -0300] "GET /cormun/static/gxcfg.js?201741110203197 HTTP/1.1" 304 -
186.67.172.234 - - [26/Apr/2017:11:42:17 -0300] "GET /cormun/static/messages.spa.js?85251 HTTP/1.1" 304 -
