186.79.101.51 - - [26/Apr/2017:10:09:22 -0300] "POST /cormun/servlet/licenciaspermisos?bc20dc9ce4d8d675c221862559120a00,INS,0,,,,gx-no-cache=1493212226081 HTTP/1.1" 200 4589
186.79.101.51 - - [26/Apr/2017:10:09:22 -0300] "GET /cormun/static/Shared/jqueryui/images/ui-bg_highlight-soft_100_c6c2c8_1x100.png HTTP/1.1" 404 1117
186.79.101.51 - - [26/Apr/2017:10:09:22 -0300] "GET /cormun/static/Shared/jqueryui/images/ui-icons_ebccce_256x240.png HTTP/1.1" 404 1089
186.79.101.51 - - [26/Apr/2017:10:09:22 -0300] "GET /cormun/static/Shared/jqueryui/images/ui-bg_flat_55_994d53_40x100.png HTTP/1.1" 404 1097
186.79.101.51 - - [26/Apr/2017:10:09:22 -0300] "GET /cormun/static/Shared/jqueryui/images/ui-icons_82798d_256x240.png HTTP/1.1" 404 1089
200.86.184.230 - - [26/Apr/2017:10:09:39 -0300] "GET /cormun/servlet/aatrasoprn?63,PU HTTP/1.1" 200 1581
192.168.10.13 - - [26/Apr/2017:10:10:01 -0300] "GET / HTTP/1.1" 200 11217
192.168.10.89 - - [26/Apr/2017:10:10:02 -0300] "GET /cormun/servlet/solicitudgral?UPD,2017,6239, HTTP/1.1" 200 12250
192.168.10.89 - - [26/Apr/2017:10:10:04 -0300] "POST /cormun/servlet/solicitudgral?gx-no-cache=1493215473816 HTTP/1.1" 200 3189
192.168.10.89 - - [26/Apr/2017:10:10:04 -0300] "GET /cormun/servlet/solicitudgral?11f5d27c1d4019b0c3d50d24db979cd76fba8f4139c06265ce7a76807a2b3e9f93af44fb5f6c2727e00fc9d9e0a72eda11c692ea545e9026ef198a39ba1e733b9558bdddaad09f8b12bc190d072092532caa11df1f2586ca2a8c7ff783afa95db0fc021ab92c3759cab413902a32b9550528100e1eb71daedfdb00df71612fcb8259390f81aeeea7b0a2afff8a4a08203669eccf64441f8818978622044f501cc6970f9ca19d4f7d6a86c1e70ef5e0ff7e53f94921b7043d29822bbe4b2f1625cdebb05d64d481fa0956249822e5b7922f1b7affb1f2ce7386c61197ad41b958806dc43374ecffddf5ff0f43ef8629c179f37c391ced806a3d64d943028c67cd0e72046864872a6d6ba49ec0771bfd6f0d52322b8bdbe323b5e68dc45db7abd0c367c77e351057186bd4a9d5bf1c1bdb5898acf3921ee9ccce4b82299e6860e92933030910c1dc8ac752c7d5dca68797,gx-no-cache=1493215474036 HTTP/1.1" 200 298
192.168.10.89 - - [26/Apr/2017:10:10:07 -0300] "GET /cormun/servlet/solicitudgral?11f5d27c1d4019b0c3d50d24db979cd7ef0bb02e1b21e34a6116ef73e0d216dd6495a0e4a6604273c1008f6e91bb089dc6ee0de6d708e3f9c90040f161b48b4517723301e542e411ce1f25b8ea388d79ce8b06e2371b5497738eb51963ea56b3ba358fc1c68b637d7ca289bc59f31ec253b172c759d7bb4990a3ca5a4929f03d33b548b2f106d72b511cfa1aa7f476efa4e567a9b7875b90720c2b57e63ef3c2fc9c06c3ccbd90f1e6604b3f5d378605cdebb05d64d481fa0956249822e5b7922f43024b8d5a5f509316df6b4a9884ff5b9ea755ec2371c84e52613624097ed69e309940b33962b62560a9cc1f50b9a3ff0ea81aa47ff5e7bcac3d2f6cd2773757bc1d547a4d931113cf1c0a098f4a2d432e959f3550ed1ebb27b29e0acf488d61ca5454d77dd3bb741c93e46152384f02f2f82b90b29cd70528fa0cd7fa9419a087be67d87585389b9a4ab2efb4320aec8b88e0bafe4c3331cb65d0511f96bd9f68a2f5eb58fe5561f5e0c5ecc3a15c15008e862a5c3fcffc4f7f3a53ceb0f83de31466de3772d2e8acb1ad72f3d565bbaf0938e84e3dfb463ea55b950ea8b14bdd3773ec287c4866f2854cfc8903b0fb353df0756d433a2e43f397384328e0243a11b0dcc5e0d7bd55f92fa0285b88df2efc1aa817c6272e7d7376c3917815279bb5ae710f882d4775cd3160aa0285bbaf0938e84e3dfb463ea55b950ea8b1e9bdd16743317ba221c43a5ff5a682c7d36401fc34f9ed08ca22a7e801c5ffcda17658dcf00a9ae572a690690547fb48,gx-no-cache=1493215477450 HTTP/1.1" 200 48
192.168.10.89 - - [26/Apr/2017:10:10:08 -0300] "POST /cormun/servlet/solicitudgral?b48d78a1428414313bec07fc0a0c378f,UPD,2017,6239,,gx-no-cache=1493215478449 HTTP/1.1" 200 10652
192.168.10.89 - - [26/Apr/2017:10:10:09 -0300] "GET /cormun/servlet/solicitudgral?11f5d27c1d4019b0c3d50d24db979cd7b90f493be73c62682e9239ea24fc8ef58bf68dd9c16134685d1c017f6ecc3b4a3ef6f763520c5619288341f180befc2f40350b49428a2c995a5f81b11c928669f9d8d62233bad0064d85037756dc12b2f239aa7ddd506bad2e0dcf9371ed5a2e,gx-no-cache=1493215479100 HTTP/1.1" 200 29
192.168.10.89 - - [26/Apr/2017:10:10:09 -0300] "POST /cormun/servlet/solicitudgral?gx-no-cache=1493215479127 HTTP/1.1" 200 1256
192.168.10.89 - - [26/Apr/2017:10:10:09 -0300] "POST /cormun/servlet/solicitudgral?gx-no-cache=1493215479166 HTTP/1.1" 200 1159
192.168.10.89 - - [26/Apr/2017:10:10:32 -0300] "POST /cormun/servlet/solicitudgral?b48d78a1428414313bec07fc0a0c378f,UPD,2017,6239,,gx-no-cache=1493215502527 HTTP/1.1" 200 93
192.168.10.89 - - [26/Apr/2017:10:10:32 -0300] "GET /cormun/servlet/hpexe_return? HTTP/1.1" 200 1032
192.168.10.89 - - [26/Apr/2017:10:10:33 -0300] "GET /cormun/servlet/trsolicitudgral?gx-no-cache=1493214570390 HTTP/1.1" 200 11415
192.168.10.13 - - [26/Apr/2017:10:11:01 -0300] "GET / HTTP/1.1" 200 11217
200.86.184.230 - - [26/Apr/2017:10:11:11 -0300] "GET /cormun/servlet/aatrasoprn?64,PU HTTP/1.1" 200 1595
200.86.184.230 - - [26/Apr/2017:10:11:45 -0300] "GET /cormun/servlet/aatrasoprn?74,PU HTTP/1.1" 200 1577
192.168.10.13 - - [26/Apr/2017:10:12:01 -0300] "GET / HTTP/1.1" 200 11217
200.86.184.230 - - [26/Apr/2017:10:12:08 -0300] "GET /cormun/servlet/aatrasoprn?75,PU HTTP/1.1" 200 1590
200.86.184.230 - - [26/Apr/2017:10:12:27 -0300] "GET /cormun/servlet/aatrasoprn?76,PU HTTP/1.1" 200 1571
192.168.10.13 - - [26/Apr/2017:10:13:01 -0300] "GET / HTTP/1.1" 200 11217
200.86.184.230 - - [26/Apr/2017:10:13:19 -0300] "GET /cormun/servlet/aatrasoprn?77,PU HTTP/1.1" 200 1574
200.86.184.230 - - [26/Apr/2017:10:13:47 -0300] "GET /cormun/servlet/aatrasoprn?78,PU HTTP/1.1" 200 1573
190.151.100.218 - - [26/Apr/2017:10:14:00 -0300] "GET /cormun/servlet/hpexe_return? HTTP/1.1" 200 983
190.151.100.218 - - [26/Apr/2017:10:14:00 -0300] "GET /cormun/servlet/hhome HTTP/1.1" 200 3339
190.151.100.218 - - [26/Apr/2017:10:14:00 -0300] "GET /cormun/static/gxcfg.js?201731711483497 HTTP/1.1" 304 -
190.151.100.218 - - [26/Apr/2017:10:14:00 -0300] "GET /cormun/servlet/hhome HTTP/1.1" 200 3335
192.168.10.13 - - [26/Apr/2017:10:14:01 -0300] "GET / HTTP/1.1" 200 11217
200.86.184.230 - - [26/Apr/2017:10:14:55 -0300] "GET /cormun/servlet/aatrasoprn?79,PU HTTP/1.1" 200 1589
192.168.10.13 - - [26/Apr/2017:10:15:01 -0300] "GET / HTTP/1.1" 200 11217
190.151.100.218 - - [26/Apr/2017:10:15:03 -0300] "GET /cormun/servlet/hlogin HTTP/1.1" 200 1735
190.151.100.218 - - [26/Apr/2017:10:15:07 -0300] "POST /cormun/servlet/hlogin?b1a34e601c6f4fe296e85e7c569c0d83,gx-no-cache=1493212566664 HTTP/1.1" 200 90
190.151.100.218 - - [26/Apr/2017:10:15:07 -0300] "GET /cormun/servlet/hpexe_link HTTP/1.1" 200 952
190.151.100.218 - - [26/Apr/2017:10:15:07 -0300] "GET /cormun/servlet/hhome HTTP/1.1" 200 3766
190.151.100.218 - - [26/Apr/2017:10:15:08 -0300] "GET /cormun/servlet/hhome HTTP/1.1" 200 3763
200.86.184.230 - - [26/Apr/2017:10:15:26 -0300] "GET /cormun/servlet/aatrasoprn?80,PU HTTP/1.1" 200 1589
192.168.10.89 - - [26/Apr/2017:10:15:33 -0300] "GET /cormun/servlet/solicitudgral?UPD,2017,6240, HTTP/1.1" 200 12265
192.168.10.89 - - [26/Apr/2017:10:15:35 -0300] "POST /cormun/servlet/solicitudgral?gx-no-cache=1493215805009 HTTP/1.1" 200 3182
192.168.10.89 - - [26/Apr/2017:10:15:35 -0300] "GET /cormun/servlet/solicitudgral?11f5d27c1d4019b0c3d50d24db979cd76fba8f4139c06265ce7a76807a2b3e9f93af44fb5f6c2727e00fc9d9e0a72eda11c692ea545e9026ef198a39ba1e733b9558bdddaad09f8b12bc190d072092534c2d8f51fbd7636c245768650b069ddfb0fc021ab92c3759cab413902a32b9550528100e1eb71daedfdb00df71612fcb8259390f81aeeea7b0a2afff8a4a08203669eccf64441f8818978622044f501cc6970f9ca19d4f7d6a86c1e70ef5e0ff7e53f94921b7043d29822bbe4b2f1625cdebb05d64d481fa0956249822e5b7922f1b7affb1f2ce7386c61197ad41b958806dc43374ecffddf5ff0f43ef8629c179f37c391ced806a3d64d943028c67cd0e72046864872a6d6ba49ec0771bfd6f0d52322b8bdbe323b5e68dc45db7abd0c367c77e351057186bd4a9d5bf1c1bdb5898acf3921ee9ccce4b82299e6860e92933030910c1dc8ac752c7d5dca68797,gx-no-cache=1493215805220 HTTP/1.1" 200 242
192.168.10.89 - - [26/Apr/2017:10:15:35 -0300] "GET /cormun/servlet/trsolicitudgral?gx-no-cache=1493214570390 HTTP/1.1" 200 11415
192.168.10.89 - - [26/Apr/2017:10:15:38 -0300] "GET /cormun/servlet/solicitudgral2?UPD,2017,6225, HTTP/1.1" 200 12418
192.168.10.89 - - [26/Apr/2017:10:15:40 -0300] "POST /cormun/servlet/solicitudgral2?gx-no-cache=1493215810560 HTTP/1.1" 200 3195
192.168.10.89 - - [26/Apr/2017:10:15:41 -0300] "GET /cormun/servlet/solicitudgral2?11f5d27c1d4019b0c3d50d24db979cd76fba8f4139c06265ce7a76807a2b3e9f93af44fb5f6c2727e00fc9d9e0a72eda11c692ea545e9026ef198a39ba1e733b9558bdddaad09f8b12bc190d072092532caa11df1f2586ca2a8c7ff783afa95db0fc021ab92c3759cab413902a32b9550528100e1eb71daedfdb00df71612fcb8259390f81aeeea7b0a2afff8a4a08203669eccf64441f8818978622044f501cc6970f9ca19d4f7d6a86c1e70ef5e0ff7e53f94921b7043d29822bbe4b2f1625cdebb05d64d481fa0956249822e5b7922f1b7affb1f2ce7386c61197ad41b958806dc43374ecffddf5ff0f43ef8629c179f37c391ced806a3d64d943028c67cd0e72046864872a6d6ba49ec0771bfd6f0d52322b8bdbe323b5e68dc45db7abd0c367c77e351057186bd4a9d5bf1c1bdb5898acf3921ee9ccce4b82299e6860e92933030910c1dc8ac752c7d5dca68797,gx-no-cache=1493215810771 HTTP/1.1" 200 298
192.168.10.89 - - [26/Apr/2017:10:15:41 -0300] "POST /cormun/servlet/solicitudgral2?gx-no-cache=1493215810827 HTTP/1.1" 200 1360
192.168.10.89 - - [26/Apr/2017:10:15:41 -0300] "GET /cormun/servlet/solicitudgral2?11f5d27c1d4019b0c3d50d24db979cd7a3b6212ffe789e68eac9141a84538ccd63c50155ba8cd0906583b00dae3c4b0811c692ea545e9026ef198a39ba1e733b953efd7e463f66c4335393427f42531d23dad530058df3de55f55e8d97d7542f273f984f1520ace59571b99afa520c3d,gx-no-cache=1493215810869 HTTP/1.1" 200 41
192.168.10.89 - - [26/Apr/2017:10:15:48 -0300] "POST /cormun/servlet/solicitudgral2?b48d78a1428414313bec07fc0a0c378f,UPD,2017,6225,,gx-no-cache=1493215818074 HTTP/1.1" 200 10694
192.168.10.89 - - [26/Apr/2017:10:15:49 -0300] "GET /cormun/servlet/solicitudgral2?11f5d27c1d4019b0c3d50d24db979cd7b90f493be73c62682e9239ea24fc8ef58bf68dd9c16134685d1c017f6ecc3b4a3ef6f763520c5619288341f180befc2f40350b49428a2c995a5f81b11c928669f9d8d62233bad0064d85037756dc12b2f239aa7ddd506bad2e0dcf9371ed5a2e,gx-no-cache=1493215818983 HTTP/1.1" 200 29
192.168.10.89 - - [26/Apr/2017:10:15:49 -0300] "POST /cormun/servlet/solicitudgral2?gx-no-cache=1493215819011 HTTP/1.1" 200 1254
192.168.10.89 - - [26/Apr/2017:10:15:49 -0300] "POST /cormun/servlet/solicitudgral2?gx-no-cache=1493215819052 HTTP/1.1" 200 1158
200.86.184.230 - - [26/Apr/2017:10:15:49 -0300] "GET /cormun/servlet/aatrasoprn?81,PU HTTP/1.1" 200 1593
192.168.10.89 - - [26/Apr/2017:10:15:50 -0300] "GET /cormun/servlet/solicitudgral2?11f5d27c1d4019b0c3d50d24db979cd700f3027bcce330bf8a6901f829e6838352846ccaa95c6d03323b63268e667108abb3a35797890f759f40cf6390a8e0663e6930728c83948ab4220eedac257e277b9cab119de74701eaf4a91c22d13f9d87f29d1a121bf699efb18b235d6a5b0b207800d855792af798605850914820ff,gx-no-cache=1493215820515 HTTP/1.1" 200 30
192.168.10.89 - - [26/Apr/2017:10:15:54 -0300] "POST /cormun/servlet/solicitudgral2?b48d78a1428414313bec07fc0a0c378f,UPD,2017,6225,,gx-no-cache=1493215823969 HTTP/1.1" 200 93
192.168.10.89 - - [26/Apr/2017:10:15:54 -0300] "GET /cormun/servlet/hpexe_return? HTTP/1.1" 200 1033
192.168.10.89 - - [26/Apr/2017:10:15:55 -0300] "GET /cormun/servlet/trsolicitudgral?gx-no-cache=1493214570390 HTTP/1.1" 200 11051
186.79.101.51 - - [26/Apr/2017:10:15:56 -0300] "GET /cormun/servlet/licenciaspermisos?7d07bc6a8077f51bbbcb8b0fbd00314db06cea43c5b0de6998e08916f799fc26b6363b8889bf91dad68b2cfc8391cf53505948110d3fdae512fc30cf2c64451e27e2a336f2d66618affc9be48228497f68245e0b600cd8c6d2c228b9b7f2ed4756034b357a7301bf3dd1ead64d48a18e96f83ba178a3eb8bb80b090f4240463c6af6ea69288e6e844acfb860d69f5b96c553894b51cd3e87bce166c3a8811b896cb19adbf39601ee1ecd481ae99f8c6cfa6936695a4cfe41ec448fbc41a207a4f860e6fc788bc36bc65f544e65061ca07b3c0fa55af940c466379ea4a1e49bcf,gx-no-cache=1493212620776 HTTP/1.1" 200 30
186.79.101.51 - - [26/Apr/2017:10:15:56 -0300] "GET /cormun/servlet/licenciaspermisos?7d07bc6a8077f51bbbcb8b0fbd00314d071e5fc762acedb49eadbf4fda81d70f500071c471b70ecc0704ff8df57f0a94ddb14251f7611a41939a41bb35ffc1949badf4bcaa3011a3711e4ab0689a08c516cbf1b627ddfed34d17a2481b73a812f92988c8da0e2377f5eed95033fb04aec4835790dd28defb1fb93608df3bd928f879ea05970c0c60be0cc7414e13484d8b3335f179a1775e99f0643088004d5d164dea8663409b2c99b69d1b147ab2df7080e6ad1d63f8bb7b6baa9c5a009de133e60b884f698c153f6d8b3fb57b54ba19d7608687292d541407796f97f91ca1,gx-no-cache=1493212621021 HTTP/1.1" 200 29
186.79.101.51 - - [26/Apr/2017:10:15:57 -0300] "POST /cormun/servlet/licenciaspermisos?bc20dc9ce4d8d675c221862559120a00,INS,0,,,,gx-no-cache=1493212621110 HTTP/1.1" 200 93
186.79.101.51 - - [26/Apr/2017:10:15:57 -0300] "GET /cormun/servlet/hpexe_return? HTTP/1.1" 200 1007
186.79.101.51 - - [26/Apr/2017:10:15:57 -0300] "GET /cormun/servlet/trlicencias HTTP/1.1" 200 7628
186.79.101.51 - - [26/Apr/2017:10:15:58 -0300] "GET /cormun/servlet/trlicencias HTTP/1.1" 200 7624
192.168.10.13 - - [26/Apr/2017:10:16:01 -0300] "GET / HTTP/1.1" 200 11217
200.86.184.230 - - [26/Apr/2017:10:16:02 -0300] "GET /cormun/servlet/aatrasoprn?82,PU HTTP/1.1" 200 1590
192.168.10.89 - - [26/Apr/2017:10:16:06 -0300] "POST /cormun/servlet/trsolicitudgral?b48d78a1428414313bec07fc0a0c378f,gx-no-cache=1493214570390,gx-no-cache=1493215836391 HTTP/1.1" 200 6934
192.168.10.89 - - [26/Apr/2017:10:16:13 -0300] "POST /cormun/servlet/trsolicitudgral?b48d78a1428414313bec07fc0a0c378f,gx-no-cache=1493214570390,gx-no-cache=1493215843616 HTTP/1.1" 200 6559
192.168.10.89 - - [26/Apr/2017:10:16:14 -0300] "GET /cormun/static/Shared/jqueryui/images/ui-icons_82798d_256x240.png HTTP/1.1" 404 1089
192.168.10.89 - - [26/Apr/2017:10:16:14 -0300] "GET /cormun/static/Shared/jqueryui/images/ui-icons_8d78a5_256x240.png HTTP/1.1" 404 1089
192.168.10.89 - - [26/Apr/2017:10:16:14 -0300] "GET /cormun/static/Shared/jqueryui/images/ui-bg_flat_55_fafafa_40x100.png HTTP/1.1" 404 1097
192.168.10.89 - - [26/Apr/2017:10:16:14 -0300] "GET /cormun/static/Shared/jqueryui/images/ui-bg_highlight-soft_100_c6c2c8_1x100.png HTTP/1.1" 404 1117
192.168.10.89 - - [26/Apr/2017:10:16:16 -0300] "POST /cormun/servlet/trsolicitudgral?b48d78a1428414313bec07fc0a0c378f,gx-no-cache=1493214570390,gx-no-cache=1493215846358 HTTP/1.1" 200 7651
192.168.10.89 - - [26/Apr/2017:10:16:26 -0300] "GET /cormun/servlet/solicitudgral2?UPD,2017,6223, HTTP/1.1" 200 12403
192.168.10.89 - - [26/Apr/2017:10:16:28 -0300] "POST /cormun/servlet/solicitudgral2?gx-no-cache=1493215858319 HTTP/1.1" 200 3179
192.168.10.89 - - [26/Apr/2017:10:16:28 -0300] "GET /cormun/servlet/solicitudgral2?11f5d27c1d4019b0c3d50d24db979cd76fba8f4139c06265ce7a76807a2b3e9f93af44fb5f6c2727e00fc9d9e0a72eda11c692ea545e9026ef198a39ba1e733b9558bdddaad09f8b12bc190d07209253ba86ec8f49881301f9f595c1b5815282b0fc021ab92c3759cab413902a32b9550528100e1eb71daedfdb00df71612fcb8259390f81aeeea7b0a2afff8a4a08203669eccf64441f8818978622044f501cc6970f9ca19d4f7d6a86c1e70ef5e0ff7e53f94921b7043d29822bbe4b2f1625cdebb05d64d481fa0956249822e5b7922f1b7affb1f2ce7386c61197ad41b958806dc43374ecffddf5ff0f43ef8629c179f37c391ced806a3d64d943028c67cd0e72046864872a6d6ba49ec0771bfd6f0d52322b8bdbe323b5e68dc45db7abd0c367c77e351057186bd4a9d5bf1c1bdb5898acf3921ee9ccce4b82299e6860e92933030910c1dc8ac752c7d5dca68797,gx-no-cache=1493215858523 HTTP/1.1" 200 257
192.168.10.89 - - [26/Apr/2017:10:16:28 -0300] "POST /cormun/servlet/solicitudgral2?gx-no-cache=1493215858556 HTTP/1.1" 200 1359
192.168.10.89 - - [26/Apr/2017:10:16:28 -0300] "GET /cormun/servlet/solicitudgral2?11f5d27c1d4019b0c3d50d24db979cd7a3b6212ffe789e68eac9141a84538ccd63c50155ba8cd0906583b00dae3c4b0811c692ea545e9026ef198a39ba1e733b953efd7e463f66c4335393427f42531d23dad530058df3de55f55e8d97d7542f842847c71d36d266bf303331cae24015,gx-no-cache=1493215858599 HTTP/1.1" 200 41
200.86.184.230 - - [26/Apr/2017:10:16:32 -0300] "GET /cormun/servlet/aatrasoprn?83,PU HTTP/1.1" 200 1587
192.168.10.89 - - [26/Apr/2017:10:16:35 -0300] "POST /cormun/servlet/solicitudgral2?b48d78a1428414313bec07fc0a0c378f,UPD,2017,6223,,gx-no-cache=1493215864982 HTTP/1.1" 200 10659
192.168.10.89 - - [26/Apr/2017:10:16:36 -0300] "GET /cormun/servlet/solicitudgral2?11f5d27c1d4019b0c3d50d24db979cd7f67707a2c3c01eb068ce627c14e72a9b8bf68dd9c16134685d1c017f6ecc3b4af73b2581b18e2c0ca0e5d6147c879efbd4e80dce6bdab8b40422395a80d9b7a220ba3b08ed261d31e17a133dd6ce6ad46f392e1b148ab076a5ea4709df3d9472fcb9d4185f54d53d98a0f06a72c30186f3c0a53ecb5ac9d5a90d737b18333d9ae1f11a967cc99e9a43891672618b12b6,gx-no-cache=1493215865944 HTTP/1.1" 200 29
192.168.10.89 - - [26/Apr/2017:10:16:36 -0300] "POST /cormun/servlet/solicitudgral2?gx-no-cache=1493215865995 HTTP/1.1" 200 1254
192.168.10.89 - - [26/Apr/2017:10:16:36 -0300] "POST /cormun/servlet/solicitudgral2?gx-no-cache=1493215866037 HTTP/1.1" 200 1159
192.168.10.89 - - [26/Apr/2017:10:16:43 -0300] "GET /cormun/servlet/solicitudgral2?11f5d27c1d4019b0c3d50d24db979cd700f3027bcce330bf8a6901f829e6838352846ccaa95c6d03323b63268e667108abb3a35797890f759f40cf6390a8e0663e6930728c83948ab4220eedac257e277b9cab119de74701eaf4a91c22d13f9dc503d6343f27d356945744ac0c3fccb4207800d855792af798605850914820ff,gx-no-cache=1493215872850 HTTP/1.1" 200 30
192.168.10.89 - - [26/Apr/2017:10:16:43 -0300] "POST /cormun/servlet/solicitudgral2?b48d78a1428414313bec07fc0a0c378f,UPD,2017,6223,,gx-no-cache=1493215872908 HTTP/1.1" 200 93
192.168.10.89 - - [26/Apr/2017:10:16:43 -0300] "GET /cormun/servlet/hpexe_return? HTTP/1.1" 200 1033
192.168.10.89 - - [26/Apr/2017:10:16:44 -0300] "GET /cormun/servlet/trsolicitudgral?gx-no-cache=1493214570390 HTTP/1.1" 200 10706
192.168.10.89 - - [26/Apr/2017:10:16:52 -0300] "POST /cormun/servlet/trsolicitudgral?b48d78a1428414313bec07fc0a0c378f,gx-no-cache=1493214570390,gx-no-cache=1493215881775 HTTP/1.1" 200 6963
200.86.184.230 - - [26/Apr/2017:10:16:52 -0300] "GET /cormun/servlet/aatrasoprn?84,PU HTTP/1.1" 200 1586
192.168.10.89 - - [26/Apr/2017:10:16:55 -0300] "POST /cormun/servlet/trsolicitudgral?b48d78a1428414313bec07fc0a0c378f,gx-no-cache=1493214570390,gx-no-cache=1493215884978 HTTP/1.1" 200 6559
192.168.10.89 - - [26/Apr/2017:10:16:55 -0300] "GET /cormun/static/Shared/jqueryui/images/ui-bg_highlight-soft_100_c6c2c8_1x100.png HTTP/1.1" 404 1117
192.168.10.89 - - [26/Apr/2017:10:16:55 -0300] "GET /cormun/static/Shared/jqueryui/images/ui-bg_flat_55_fafafa_40x100.png HTTP/1.1" 404 1097
192.168.10.89 - - [26/Apr/2017:10:16:55 -0300] "GET /cormun/static/Shared/jqueryui/images/ui-icons_82798d_256x240.png HTTP/1.1" 404 1089
192.168.10.89 - - [26/Apr/2017:10:16:55 -0300] "GET /cormun/static/Shared/jqueryui/images/ui-icons_8d78a5_256x240.png HTTP/1.1" 404 1089
192.168.10.13 - - [26/Apr/2017:10:17:01 -0300] "GET / HTTP/1.1" 200 11217
192.168.10.89 - - [26/Apr/2017:10:17:02 -0300] "POST /cormun/servlet/trsolicitudgral?b48d78a1428414313bec07fc0a0c378f,gx-no-cache=1493214570390,gx-no-cache=1493215892268 HTTP/1.1" 200 7302
200.86.184.230 - - [26/Apr/2017:10:17:09 -0300] "GET /cormun/servlet/aatrasoprn?85,PU HTTP/1.1" 200 1579
200.86.184.230 - - [26/Apr/2017:10:17:27 -0300] "GET /cormun/servlet/aatrasoprn?86,PU HTTP/1.1" 200 1584
200.86.184.230 - - [26/Apr/2017:10:17:42 -0300] "GET /cormun/servlet/aatrasoprn?87,PU HTTP/1.1" 200 1571
200.86.184.230 - - [26/Apr/2017:10:17:56 -0300] "GET /cormun/servlet/aatrasoprn?88,PU HTTP/1.1" 200 1580
192.168.10.13 - - [26/Apr/2017:10:18:01 -0300] "GET / HTTP/1.1" 200 11217
200.86.184.230 - - [26/Apr/2017:10:18:12 -0300] "GET /cormun/servlet/aatrasoprn?89,PU HTTP/1.1" 200 1595
192.168.10.89 - - [26/Apr/2017:10:18:13 -0300] "POST /cormun/servlet/trsolicitudgral?b48d78a1428414313bec07fc0a0c378f,gx-no-cache=1493214570390,gx-no-cache=1493215963465 HTTP/1.1" 200 6970
200.72.197.82 - - [26/Apr/2017:10:18:19 -0300] "GET /cormun/servlet/trpermisosgoce? HTTP/1.1" 200 7701
200.72.197.82 - - [26/Apr/2017:10:18:19 -0300] "GET /cormun/static/gxcfg.js?20174111153177 HTTP/1.1" 304 -
186.103.132.155 - - [26/Apr/2017:10:18:19 -0300] "GET /cormun/static/trpermisosgoce.js?20174111153217 HTTP/1.1" 304 -
186.103.132.155 - - [26/Apr/2017:10:18:20 -0300] "GET /cormun/servlet/trpermisosgoce? HTTP/1.1" 200 7712
200.72.197.82 - - [26/Apr/2017:10:18:20 -0300] "GET /cormun/servlet/trpermisosgoce? HTTP/1.1" 200 7712
200.72.197.82 - - [26/Apr/2017:10:18:20 -0300] "GET /cormun/servlet/trpermisosgoce? HTTP/1.1" 200 7712
200.86.184.230 - - [26/Apr/2017:10:18:25 -0300] "GET /cormun/servlet/aatrasoprn?90,PU HTTP/1.1" 200 1567
200.72.197.82 - - [26/Apr/2017:10:18:27 -0300] "POST /cormun/servlet/trpermisosgoce?b1a34e601c6f4fe296e85e7c569c0d83,,gx-no-cache=1493212766708 HTTP/1.1" 200 4742
186.103.132.155 - - [26/Apr/2017:10:18:27 -0300] "GET /cormun/static/Shared/jqueryui/images/ui-icons_8d78a5_256x240.png HTTP/1.1" 404 1089
200.72.197.82 - - [26/Apr/2017:10:18:27 -0300] "GET /cormun/static/Shared/jqueryui/images/ui-bg_highlight-soft_100_c6c2c8_1x100.png HTTP/1.1" 404 1117
186.103.132.155 - - [26/Apr/2017:10:18:27 -0300] "GET /cormun/static/Shared/jqueryui/images/ui-icons_82798d_256x240.png HTTP/1.1" 404 1089
186.103.132.155 - - [26/Apr/2017:10:18:28 -0300] "POST /cormun/servlet/trpermisosgoce?b1a34e601c6f4fe296e85e7c569c0d83,,gx-no-cache=1493212768020 HTTP/1.1" 200 4004
186.103.159.46 - - [26/Apr/2017:10:18:29 -0300] "POST /cormun/servlet/solicitudot?23f96e9f89d9500c035249c155f5719c,INS,0,0,,gx-no-cache=1493216364681 HTTP/1.1" 440 972
186.103.159.46 - - [26/Apr/2017:10:18:31 -0300] "GET /cormun/servlet/solicitudot?INS,0,0, HTTP/1.1" 200 11961
186.103.159.46 - - [26/Apr/2017:10:18:33 -0300] "GET /cormun/servlet/solicitudot?INS,0,0, HTTP/1.1" 200 11961
186.103.159.46 - - [26/Apr/2017:10:18:33 -0300] "GET /cormun/servlet/hlogin HTTP/1.1" 200 1747
200.86.184.230 - - [26/Apr/2017:10:18:42 -0300] "GET /cormun/servlet/aatrasoprn?91,PU HTTP/1.1" 200 1584
186.79.101.51 - - [26/Apr/2017:10:18:49 -0300] "GET /cormun/servlet/trlicenciaspermisosadjuntos?9421195,20170426000000,L, HTTP/1.1" 200 6095
186.79.101.51 - - [26/Apr/2017:10:18:49 -0300] "GET /cormun/static/gxcfg.js?20173171154619 HTTP/1.1" 200 953
186.79.101.51 - - [26/Apr/2017:10:18:49 -0300] "GET /cormun/static/trlicenciaspermisosadjuntos.js?20173171154971 HTTP/1.1" 200 21005
186.79.101.51 - - [26/Apr/2017:10:18:49 -0300] "GET /cormun/servlet/trlicenciaspermisosadjuntos?9421195,20170426000000,L, HTTP/1.1" 200 6095
186.79.101.51 - - [26/Apr/2017:10:19:00 -0300] "GET /cormun/servlet/licenciaspermisosadjuntos?INS,9421195,L,20170426000000,, HTTP/1.1" 200 5390
186.79.101.51 - - [26/Apr/2017:10:19:01 -0300] "GET /cormun/static/gxcfg.js?201731711421170 HTTP/1.1" 200 953
186.79.101.51 - - [26/Apr/2017:10:19:01 -0300] "GET /cormun/static/licenciaspermisosadjuntos.js?201731711421181 HTTP/1.1" 200 8757
186.79.101.51 - - [26/Apr/2017:10:19:01 -0300] "GET /cormun/static/about:blank HTTP/1.1" 404 1011
186.79.101.51 - - [26/Apr/2017:10:19:01 -0300] "GET /cormun/servlet/licenciaspermisosadjuntos?INS,9421195,L,20170426000000,, HTTP/1.1" 200 5379
192.168.10.13 - - [26/Apr/2017:10:19:01 -0300] "GET / HTTP/1.1" 200 11217
186.103.159.46 - - [26/Apr/2017:10:19:03 -0300] "POST /cormun/servlet/hlogin?a5eeba0891f522769a46aecf8d13ee72,gx-no-cache=1493216398638 HTTP/1.1" 200 90
186.103.159.46 - - [26/Apr/2017:10:19:03 -0300] "GET /cormun/servlet/hpexe_link HTTP/1.1" 200 965
186.103.159.46 - - [26/Apr/2017:10:19:03 -0300] "GET /cormun/servlet/solicitudot?INS,0,0, HTTP/1.1" 200 12424
186.103.159.46 - - [26/Apr/2017:10:19:06 -0300] "GET /cormun/servlet/solicitudot?INS,0,0, HTTP/1.1" 200 12429
186.79.101.51 - - [26/Apr/2017:10:19:22 -0300] "POST /cormun/servlet/licenciaspermisosadjuntos?bc20dc9ce4d8d675c221862559120a00,INS,9421195,L,20170426000000,, HTTP/1.1" 200 116
186.79.101.51 - - [26/Apr/2017:10:19:22 -0300] "GET /cormun/servlet/hpexe_return? HTTP/1.1" 200 1037
186.79.101.51 - - [26/Apr/2017:10:19:22 -0300] "GET /cormun/servlet/trlicenciaspermisosadjuntos?9421195,20170426000000,L, HTTP/1.1" 200 6591
186.79.101.51 - - [26/Apr/2017:10:19:23 -0300] "GET /cormun/servlet/trlicenciaspermisosadjuntos?9421195,20170426000000,L, HTTP/1.1" 200 6588
200.86.184.230 - - [26/Apr/2017:10:19:48 -0300] "GET /cormun/servlet/aatrasoprn?92,PU HTTP/1.1" 200 1565
192.168.10.13 - - [26/Apr/2017:10:20:01 -0300] "GET / HTTP/1.1" 200 11217
186.79.101.51 - - [26/Apr/2017:10:20:08 -0300] "GET /cormun/servlet/trlicencias? HTTP/1.1" 200 7625
186.79.101.51 - - [26/Apr/2017:10:20:09 -0300] "GET /cormun/servlet/trlicencias? HTTP/1.1" 200 7624
186.79.101.51 - - [26/Apr/2017:10:20:19 -0300] "GET /cormun/servlet/alicenciaprn?9421195,L,20170426000000,PU HTTP/1.1" 200 1540
186.79.225.197 - - [26/Apr/2017:10:20:38 -0300] "GET /cormun/servlet/licenciaspermisos?INS,0,,, HTTP/1.1" 200 7406
186.79.225.197 - - [26/Apr/2017:10:20:39 -0300] "GET /cormun/servlet/licenciaspermisos?INS,0,,, HTTP/1.1" 200 7405
186.79.39.86 - - [26/Apr/2017:10:20:45 -0300] "GET /cormun/servlet/hlogin HTTP/1.1" 200 1715
186.79.39.86 - - [26/Apr/2017:10:20:46 -0300] "GET /cormun/static/gxcfg.js?201741110203197 HTTP/1.1" 304 -
186.79.39.86 - - [26/Apr/2017:10:20:46 -0300] "GET /cormun/static/messages.spa.js?85251 HTTP/1.1" 304 -
186.79.39.86 - - [26/Apr/2017:10:20:46 -0300] "GET /cormun/static/hlogin.js?201741110203211 HTTP/1.1" 304 -
186.79.39.86 - - [26/Apr/2017:10:20:46 -0300] "GET /cormun/servlet/hlogin HTTP/1.1" 200 1725
200.86.184.230 - - [26/Apr/2017:10:20:51 -0300] "GET /cormun/servlet/aatrasoprn?92,PU HTTP/1.1" 200 1565
186.79.39.86 - - [26/Apr/2017:10:20:57 -0300] "POST /cormun/servlet/hlogin?88c0856f5af0f5be7ab5bf645137284b,gx-no-cache=1493212923666 HTTP/1.1" 200 90
186.79.39.86 - - [26/Apr/2017:10:20:58 -0300] "GET /cormun/servlet/hpexe_link HTTP/1.1" 200 945
186.79.39.86 - - [26/Apr/2017:10:20:58 -0300] "GET /cormun/static/gxcfg.js?201731711483381 HTTP/1.1" 304 -
186.79.39.86 - - [26/Apr/2017:10:20:58 -0300] "GET /cormun/servlet/hhome HTTP/1.1" 200 3798
186.79.39.86 - - [26/Apr/2017:10:20:58 -0300] "GET /cormun/static/gxcfg.js?201731711483497 HTTP/1.1" 304 -
186.79.39.86 - - [26/Apr/2017:10:20:58 -0300] "GET /cormun/servlet/hhome HTTP/1.1" 200 3798
186.79.225.197 - - [26/Apr/2017:10:20:59 -0300] "GET /cormun/servlet/hlogin HTTP/1.1" 200 1718
192.168.10.13 - - [26/Apr/2017:10:21:01 -0300] "GET / HTTP/1.1" 200 11217
186.79.39.86 - - [26/Apr/2017:10:21:01 -0300] "GET /cormun/servlet/trlicencias? HTTP/1.1" 200 6638
186.79.39.86 - - [26/Apr/2017:10:21:02 -0300] "GET /cormun/static/gxcfg.js?201741111445981 HTTP/1.1" 200 953
186.79.39.86 - - [26/Apr/2017:10:21:02 -0300] "GET /cormun/static/trlicencias.js?20174111145440 HTTP/1.1" 200 37913
186.79.39.86 - - [26/Apr/2017:10:21:02 -0300] "GET /cormun/servlet/trlicencias? HTTP/1.1" 200 6637
186.79.39.86 - - [26/Apr/2017:10:21:04 -0300] "GET /cormun/servlet/licenciaspermisos?INS,0,,, HTTP/1.1" 200 7191
186.79.39.86 - - [26/Apr/2017:10:21:04 -0300] "GET /cormun/static/gxcfg.js?201741111445322 HTTP/1.1" 200 953
186.79.39.86 - - [26/Apr/2017:10:21:04 -0300] "GET /cormun/static/licenciaspermisos.js?201741111445392 HTTP/1.1" 200 34444
200.86.184.230 - - [26/Apr/2017:10:21:04 -0300] "GET /cormun/servlet/aatrasoprn?93,PU HTTP/1.1" 200 1572
186.79.39.86 - - [26/Apr/2017:10:21:05 -0300] "GET /cormun/servlet/licenciaspermisos?INS,0,,, HTTP/1.1" 200 7191
192.168.10.96 - - [26/Apr/2017:10:21:17 -0300] "POST /cormun/servlet/trsolicitudgral?c48622f2525a639b106a9b22cfc80517,,gx-no-cache=1493216147421 HTTP/1.1" 200 13793
200.86.184.230 - - [26/Apr/2017:10:21:19 -0300] "GET /cormun/servlet/aatrasoprn?94,PU HTTP/1.1" 200 1574
186.79.39.86 - - [26/Apr/2017:10:21:27 -0300] "GET /cormun/servlet/licenciaspermisos?875725643e5596be54b686d01334cabdf6e9fc08ed5819c1c1db1ebac5599cd18763afcfe6dfadfaa44131ca3016c764,gx-no-cache=1493212953101 HTTP/1.1" 200 63
186.79.39.86 - - [26/Apr/2017:10:21:27 -0300] "POST /cormun/servlet/licenciaspermisos?88c0856f5af0f5be7ab5bf645137284b,INS,0,,,,gx-no-cache=1493212953236 HTTP/1.1" 200 4419
186.79.225.197 - - [26/Apr/2017:10:21:42 -0300] "POST /cormun/servlet/hlogin?76ffd1b1c631582ebbc2df43dbbadb14,gx-no-cache=1493212963321 HTTP/1.1" 200 90
186.79.225.197 - - [26/Apr/2017:10:21:43 -0300] "GET /cormun/servlet/hpexe_link HTTP/1.1" 200 964
186.79.225.197 - - [26/Apr/2017:10:21:44 -0300] "GET /cormun/servlet/licenciaspermisos?INS,0,,, HTTP/1.1" 200 7408
186.79.225.197 - - [26/Apr/2017:10:21:47 -0300] "GET /cormun/servlet/licenciaspermisos?INS,0,,, HTTP/1.1" 200 7405
186.79.225.197 - - [26/Apr/2017:10:21:58 -0300] "GET /cormun/servlet/licenciaspermisos?3d9c2ae2fcd94a61ae26809544fb3c514efdffd5ae698f7baf45f2d2260f110a3439f5c232ca79709b02b712a0a1f5a2,gx-no-cache=1493212979617 HTTP/1.1" 200 67
186.79.225.197 - - [26/Apr/2017:10:21:59 -0300] "POST /cormun/servlet/licenciaspermisos?76ffd1b1c631582ebbc2df43dbbadb14,INS,0,,,,gx-no-cache=1493212980712 HTTP/1.1" 200 4625
192.168.10.13 - - [26/Apr/2017:10:22:01 -0300] "GET / HTTP/1.1" 200 11217
186.79.225.197 - - [26/Apr/2017:10:22:17 -0300] "GET /cormun/static/menuarrow.gif HTTP/1.1" 404 1015
186.79.65.100 - - [26/Apr/2017:10:22:49 -0300] "GET /cormun/servlet/hlogin HTTP/1.1" 200 1722
186.79.65.100 - - [26/Apr/2017:10:22:50 -0300] "GET /cormun/static/gxcfg.js?201741110203197 HTTP/1.1" 304 -
186.79.65.100 - - [26/Apr/2017:10:22:50 -0300] "GET /cormun/static/messages.spa.js?85251 HTTP/1.1" 304 -
186.79.65.100 - - [26/Apr/2017:10:22:50 -0300] "GET /cormun/static/hlogin.js?201741110203211 HTTP/1.1" 304 -
186.79.65.100 - - [26/Apr/2017:10:22:51 -0300] "GET /cormun/servlet/hlogin HTTP/1.1" 200 1730
192.168.10.13 - - [26/Apr/2017:10:23:01 -0300] "GET / HTTP/1.1" 200 11217
186.79.39.86 - - [26/Apr/2017:10:23:11 -0300] "GET /cormun/static/menuarrow.gif HTTP/1.1" 404 1015
192.168.10.89 - - [26/Apr/2017:10:23:46 -0300] "GET /cormun/servlet/solicitudgral?UPD,2017,6206, HTTP/1.1" 200 12303
192.168.10.89 - - [26/Apr/2017:10:23:47 -0300] "POST /cormun/servlet/solicitudgral?gx-no-cache=1493216297635 HTTP/1.1" 200 3181
192.168.10.89 - - [26/Apr/2017:10:23:48 -0300] "GET /cormun/servlet/solicitudgral?11f5d27c1d4019b0c3d50d24db979cd76fba8f4139c06265ce7a76807a2b3e9f93af44fb5f6c2727e00fc9d9e0a72eda11c692ea545e9026ef198a39ba1e733b9558bdddaad09f8b12bc190d072092532caa11df1f2586ca2a8c7ff783afa95db0fc021ab92c3759cab413902a32b9550528100e1eb71daedfdb00df71612fcb8259390f81aeeea7b0a2afff8a4a08203669eccf64441f8818978622044f501cc6970f9ca19d4f7d6a86c1e70ef5e0ff7e53f94921b7043d29822bbe4b2f1625cdebb05d64d481fa0956249822e5b7922f1b7affb1f2ce7386c61197ad41b958806dc43374ecffddf5ff0f43ef8629c179f37c391ced806a3d64d943028c67cd0e72046864872a6d6ba49ec0771bfd6f0d52322b8bdbe323b5e68dc45db7abd0c367c77e351057186bd4a9d5bf1c1bdb5898acf3921ee9ccce4b82299e6860e92933030910c1dc8ac752c7d5dca68797,gx-no-cache=1493216297839 HTTP/1.1" 200 298
192.168.10.89 - - [26/Apr/2017:10:23:52 -0300] "GET /cormun/servlet/solicitudgral?11f5d27c1d4019b0c3d50d24db979cd7ef0bb02e1b21e34a6116ef73e0d216dd6495a0e4a6604273c1008f6e91bb089dc6ee0de6d708e3f9c90040f161b48b4517723301e542e411ce1f25b8ea388d79ce8b06e2371b5497738eb51963ea56b3ba358fc1c68b637d7ca289bc59f31ec253b172c759d7bb4990a3ca5a4929f03d33b548b2f106d72b511cfa1aa7f476efa4e567a9b7875b90720c2b57e63ef3c2fc9c06c3ccbd90f1e6604b3f5d378605cdebb05d64d481fa0956249822e5b7922f43024b8d5a5f509316df6b4a9884ff5b9ea755ec2371c84e52613624097ed69e309940b33962b62560a9cc1f50b9a3ff0ea81aa47ff5e7bcac3d2f6cd2773757bc1d547a4d931113cf1c0a098f4a2d432e959f3550ed1ebb27b29e0acf488d61ca5454d77dd3bb741c93e46152384f02f2f82b90b29cd70528fa0cd7fa9419a087be67d87585389b9a4ab2efb4320aec8b88e0bafe4c3331cb65d0511f96bd9f68a2f5eb58fe5561f5e0c5ecc3a15c15008e862a5c3fcffc4f7f3a53ceb0f83de31466de3772d2e8acb1ad72f3d565bbaf0938e84e3dfb463ea55b950ea8b14bdd3773ec287c4866f2854cfc8903b0fb353df0756d433a2e43f397384328e0243a11b0dcc5e0d7bd55f92fa0285b88df2efc1aa817c6272e7d7376c3917815279bb5ae710f882d4775cd3160aa0285bbaf0938e84e3dfb463ea55b950ea8b1e9bdd16743317ba221c43a5ff5a682c7d36401fc34f9ed08ca22a7e801c5ffcda17658dcf00a9ae572a690690547fb48,gx-no-cache=1493216302315 HTTP/1.1" 200 48
192.168.10.89 - - [26/Apr/2017:10:23:55 -0300] "POST /cormun/servlet/solicitudgral?b48d78a1428414313bec07fc0a0c378f,UPD,2017,6206,,gx-no-cache=1493216305097 HTTP/1.1" 200 10675
192.168.10.89 - - [26/Apr/2017:10:23:55 -0300] "GET /cormun/servlet/solicitudgral?11f5d27c1d4019b0c3d50d24db979cd7b90f493be73c62682e9239ea24fc8ef58bf68dd9c16134685d1c017f6ecc3b4a3ef6f763520c5619288341f180befc2f40350b49428a2c995a5f81b11c928669f9d8d62233bad0064d85037756dc12b2f239aa7ddd506bad2e0dcf9371ed5a2e,gx-no-cache=1493216305656 HTTP/1.1" 200 29
192.168.10.89 - - [26/Apr/2017:10:23:55 -0300] "POST /cormun/servlet/solicitudgral?gx-no-cache=1493216305677 HTTP/1.1" 200 1255
192.168.10.89 - - [26/Apr/2017:10:23:55 -0300] "POST /cormun/servlet/solicitudgral?gx-no-cache=1493216305712 HTTP/1.1" 200 1158
207.46.13.7 - - [26/Apr/2017:10:23:58 -0300] "GET /cormun/servlet/solicitudotadjuntos?5ad8dce57e94906bc54e7ac3e42a899c,INS,2017,5532,,1,&_escaped_fragment_= HTTP/1.1" 200 5071
192.168.10.13 - - [26/Apr/2017:10:24:01 -0300] "GET / HTTP/1.1" 200 11217
192.168.10.89 - - [26/Apr/2017:10:24:06 -0300] "POST /cormun/servlet/solicitudgral?b48d78a1428414313bec07fc0a0c378f,UPD,2017,6206,,gx-no-cache=1493216316175 HTTP/1.1" 200 93
192.168.10.89 - - [26/Apr/2017:10:24:06 -0300] "GET /cormun/servlet/hpexe_return? HTTP/1.1" 200 1032
192.168.10.89 - - [26/Apr/2017:10:24:07 -0300] "GET /cormun/servlet/trsolicitudgral?gx-no-cache=1493214570390 HTTP/1.1" 200 9932
192.168.10.89 - - [26/Apr/2017:10:24:12 -0300] "POST /cormun/servlet/trsolicitudgral?b48d78a1428414313bec07fc0a0c378f,gx-no-cache=1493214570390,gx-no-cache=1493216321992 HTTP/1.1" 200 6526
186.79.39.86 - - [26/Apr/2017:10:24:51 -0300] "GET /cormun/servlet/licenciaspermisos?875725643e5596be54b686d01334cabd3386fd262779d0a08907c645512bd6bc427275d9cab4352c28bc42103f79f36a17a5d3a75f8fe20dd4ba32431eec781ba50aaa221083f7e565edc5e9feb7f3014010daf42f751e46cc91d43c0b54f003de1c9bc938da05e56cb0f8fad0a4635721c8e62b9e359114445dfdbe967ecbec20c254f9b472d09888ef21823aebeb5b5ccf6c4a8b097e85a5a3466a06728cb3a3af9cce491f09ca470a8bfbec3a6f75,gx-no-cache=1493213157191 HTTP/1.1" 200 30
186.79.39.86 - - [26/Apr/2017:10:24:51 -0300] "GET /cormun/servlet/licenciaspermisos?875725643e5596be54b686d01334cabd8d82c912eb74e9caa6cfdc8b0491f6db77e7a481abe540320a3a8e8872e9b832611690e6915666d489a0f0f320698b0dcb8a68d00096db34d40ee9c0863bdcf4577ad343eabc83bc7dea4c8410c615378990f351891fb42ce37c6b9635824b1ba481485273534673f345d5edd18cb56a444347cc168f7f1757ca43e877e3c1521fa49fc431dc58e138260d4d4b8d015b70643a725cf83244d9ff4f88774458ad,gx-no-cache=1493213157383 HTTP/1.1" 200 29
186.79.39.86 - - [26/Apr/2017:10:24:52 -0300] "POST /cormun/servlet/licenciaspermisos?88c0856f5af0f5be7ab5bf645137284b,INS,0,,,,gx-no-cache=1493213157474 HTTP/1.1" 200 93
186.79.39.86 - - [26/Apr/2017:10:24:52 -0300] "GET /cormun/servlet/hpexe_return? HTTP/1.1" 200 1004
186.79.39.86 - - [26/Apr/2017:10:24:52 -0300] "GET /cormun/static/gxcfg.js?2016101716175148 HTTP/1.1" 304 -
186.79.39.86 - - [26/Apr/2017:10:24:52 -0300] "GET /cormun/servlet/trlicencias HTTP/1.1" 200 7804
186.79.39.86 - - [26/Apr/2017:10:24:53 -0300] "GET /cormun//static/Resources/PXToolsGridDisplay.png HTTP/1.1" 200 362
186.79.39.86 - - [26/Apr/2017:10:24:53 -0300] "GET /cormun//static/Resources/PXToolsHeaderFavorites.png HTTP/1.1" 200 2744
186.79.39.86 - - [26/Apr/2017:10:24:53 -0300] "GET /cormun//static/Resources/PXToolsHeaderHelp.png HTTP/1.1" 200 4055
186.79.39.86 - - [26/Apr/2017:10:24:53 -0300] "GET /cormun/servlet/trlicencias HTTP/1.1" 200 7800
186.79.39.86 - - [26/Apr/2017:10:24:53 -0300] "GET /cormun//static/Resources/PXToolsActionPrint.png HTTP/1.1" 200 3317
192.168.10.13 - - [26/Apr/2017:10:25:01 -0300] "GET / HTTP/1.1" 200 11217
186.79.39.86 - - [26/Apr/2017:10:25:29 -0300] "GET /cormun/servlet/alicenciaprn?15805497,L,20170426000000,PU HTTP/1.1" 200 1530
186.79.225.197 - - [26/Apr/2017:10:25:37 -0300] "GET /cormun/servlet/licenciaspermisos?3d9c2ae2fcd94a61ae26809544fb3c51aae9d4e225e92319fb4e6af4597a764e728d56e4b8ae1e32e5f3cf7493e468e7681b5fa03c928a49966a1b71a115f8dc6ddf14433ec204a241678fda5151bf977817f4b5d9f311decd2dae9936e72810c855971ad13b93f2f48ee9617efb60f88cb1031292fda004f37bea6084bfd5d996cedb94b6a288c612a9bb10d30290279c70dd8a082431f0407c5cbc17b1696e6ec579f660aaee19af4fb4143b604c35ae0b3dd49deec2c7a6ca11e7fbbdb828ff9d2d3448c4f25a6d64f0f466baad1233df8f85db227894eed3f5ed3035f5fa,gx-no-cache=1493213198730 HTTP/1.1" 200 30
186.79.225.197 - - [26/Apr/2017:10:25:40 -0300] "POST /cormun/servlet/licenciaspermisos?76ffd1b1c631582ebbc2df43dbbadb14,INS,0,,,,gx-no-cache=1493213199764 HTTP/1.1" 200 4714
186.79.39.86 - - [26/Apr/2017:10:25:41 -0300] "POST /cormun/servlet/trlicencias?88c0856f5af0f5be7ab5bf645137284b,gx-no-cache=1493213206995 HTTP/1.1" 200 5186
186.79.39.86 - - [26/Apr/2017:10:25:41 -0300] "GET /cormun/static/Shared/jqueryui/images/ui-bg_highlight-soft_100_c6c2c8_1x100.png HTTP/1.1" 404 1117
186.79.39.86 - - [26/Apr/2017:10:25:41 -0300] "GET /cormun/static/Shared/jqueryui/images/ui-icons_82798d_256x240.png HTTP/1.1" 404 1089
186.79.39.86 - - [26/Apr/2017:10:25:41 -0300] "GET /cormun/static/Shared/jqueryui/images/ui-bg_flat_55_fafafa_40x100.png HTTP/1.1" 404 1097
186.79.39.86 - - [26/Apr/2017:10:25:42 -0300] "GET /cormun/static/Shared/jqueryui/images/ui-icons_8d78a5_256x240.png HTTP/1.1" 404 1089
186.79.39.86 - - [26/Apr/2017:10:25:49 -0300] "GET /cormun/servlet/trlicenciaspermisosadjuntos?15805497,20170426000000,L, HTTP/1.1" 200 6150
186.79.39.86 - - [26/Apr/2017:10:25:49 -0300] "GET /cormun/static/gxcfg.js?20173171154619 HTTP/1.1" 200 953
186.79.39.86 - - [26/Apr/2017:10:25:49 -0300] "GET /cormun/static/trlicenciaspermisosadjuntos.js?20173171154971 HTTP/1.1" 200 21005
186.79.39.86 - - [26/Apr/2017:10:25:49 -0300] "GET /cormun/servlet/trlicenciaspermisosadjuntos?15805497,20170426000000,L, HTTP/1.1" 200 6151
186.79.39.86 - - [26/Apr/2017:10:25:51 -0300] "GET /cormun/servlet/licenciaspermisosadjuntos?INS,15805497,L,20170426000000,, HTTP/1.1" 200 5442
186.79.39.86 - - [26/Apr/2017:10:25:51 -0300] "GET /cormun/static/gxcfg.js?201731711421170 HTTP/1.1" 200 953
186.79.39.86 - - [26/Apr/2017:10:25:51 -0300] "GET /cormun/static/licenciaspermisosadjuntos.js?201731711421181 HTTP/1.1" 200 8757
186.79.39.86 - - [26/Apr/2017:10:25:51 -0300] "GET /cormun/static/about:blank HTTP/1.1" 404 1011
186.79.39.86 - - [26/Apr/2017:10:25:51 -0300] "GET /cormun/servlet/licenciaspermisosadjuntos?INS,15805497,L,20170426000000,, HTTP/1.1" 200 5431
186.79.225.197 - - [26/Apr/2017:10:25:56 -0300] "GET /cormun/servlet/licenciaspermisos?3d9c2ae2fcd94a61ae26809544fb3c51aae9d4e225e92319fb4e6af4597a764e8830ef12b308ea06f1fc3919f90fcb2a681b5fa03c928a49966a1b71a115f8dc6ddf14433ec204a241678fda5151bf977817f4b5d9f311decd2dae9936e72810c855971ad13b93f2f48ee9617efb60f88cb1031292fda004f37bea6084bfd5d996cedb94b6a288c612a9bb10d30290279c70dd8a082431f0407c5cbc17b1696e6ec579f660aaee19af4fb4143b604c35ae0b3dd49deec2c7a6ca11e7fbbdb828ff9d2d3448c4f25a6d64f0f466baad1233df8f85db227894eed3f5ed3035f5fa,gx-no-cache=1493213219018 HTTP/1.1" 200 30
192.168.10.89 - - [26/Apr/2017:10:25:56 -0300] "POST /cormun/servlet/trsolicitudgral?b48d78a1428414313bec07fc0a0c378f,gx-no-cache=1493214570390,gx-no-cache=1493216426678 HTTP/1.1" 200 115
192.168.10.89 - - [26/Apr/2017:10:25:57 -0300] "GET /cormun/servlet/solicitudotlog?INS,2017,6238,0,REC, HTTP/1.1" 200 6244
186.79.225.197 - - [26/Apr/2017:10:25:57 -0300] "POST /cormun/servlet/licenciaspermisos?76ffd1b1c631582ebbc2df43dbbadb14,INS,0,,,,gx-no-cache=1493213219145 HTTP/1.1" 200 4712
192.168.10.89 - - [26/Apr/2017:10:25:58 -0300] "GET /cormun/servlet/solicitudotlog?11f5d27c1d4019b0c3d50d24db979cd793380fcb4328e82c826fb05cccc53d5b6a2d57ac95e688f1c95d4153002d53f7cd45c89e0e0628a703844a422550ca98a1540850c0784da30ac71215b3e75c5f809ec76132362439f42db2e2f68c375058454d7528d2d661c22c1565b3e4c10f55a12b516fc009f3ef1c2108e0cd5acead4274a2553d794c6789dbcdd8dd2b7bd18269a4847fd9aa11b612bb97b91259,gx-no-cache=1493216428317 HTTP/1.1" 200 94
186.79.225.197 - - [26/Apr/2017:10:25:59 -0300] "GET /cormun/servlet/licenciaspermisos?3d9c2ae2fcd94a61ae26809544fb3c515dbd08f6cc9e272de98ada9ed7178bf01ebac46eb16c9e3669fd2466a8bd04dcb66f9029e8c58207887f81ba6cb33e684207fcf271ba4f9f275e37c23de810d6db8abca14fadc1421690a74df57a6362ac31f223f0c31cc055803384f7aa09a102f75a20ed819a16da6cc8a7135d691864b074dcbeb9a05395a82c41ecbaed9d85bd0e54628200f47318117072a6d09634224ade47bed2ce69dc6c6e7e18c720a99aaffb80a03aca1e9a226d2d01073f0f45a71e1bbed796211b99f41b6703a5e460e05089d14e1ce120c9cfe9a69deb,gx-no-cache=1493213221385 HTTP/1.1" 200 29
186.79.225.197 - - [26/Apr/2017:10:25:59 -0300] "POST /cormun/servlet/licenciaspermisos?76ffd1b1c631582ebbc2df43dbbadb14,INS,0,,,,gx-no-cache=1493213221624 HTTP/1.1" 200 93
186.79.225.197 - - [26/Apr/2017:10:26:00 -0300] "GET /cormun/servlet/hpexe_return? HTTP/1.1" 200 1006
186.79.225.197 - - [26/Apr/2017:10:26:00 -0300] "GET /cormun/servlet/trlicencias HTTP/1.1" 200 8024
192.168.10.13 - - [26/Apr/2017:10:26:01 -0300] "GET / HTTP/1.1" 200 11217
186.79.225.197 - - [26/Apr/2017:10:26:02 -0300] "GET /cormun/servlet/trlicencias HTTP/1.1" 200 8019
192.168.10.89 - - [26/Apr/2017:10:26:04 -0300] "POST /cormun/servlet/solicitudotlog?b48d78a1428414313bec07fc0a0c378f,INS,2017,6238,0,REC,,gx-no-cache=1493216434108 HTTP/1.1" 200 93
192.168.10.89 - - [26/Apr/2017:10:26:04 -0300] "GET /cormun/servlet/hpexe_return? HTTP/1.1" 200 1041
192.168.10.89 - - [26/Apr/2017:10:26:05 -0300] "GET /cormun/servlet/trsolicitudgral?gx-no-cache=1493214570390 HTTP/1.1" 200 8611
186.79.225.197 - - [26/Apr/2017:10:26:07 -0300] "GET /cormun/servlet/trlicenciaspermisosadjuntos?7755097,20170426000000,L, HTTP/1.1" 200 6363
186.79.225.197 - - [26/Apr/2017:10:26:08 -0300] "GET /cormun/static/gxcfg.js?20173171154619 HTTP/1.1" 304 -
186.79.225.197 - - [26/Apr/2017:10:26:10 -0300] "GET /cormun/servlet/trlicenciaspermisosadjuntos?7755097,20170426000000,L, HTTP/1.1" 200 6363
186.79.225.197 - - [26/Apr/2017:10:26:12 -0300] "GET /cormun/servlet/licenciaspermisosadjuntos?INS,7755097,L,20170426000000,, HTTP/1.1" 200 5658
186.79.225.197 - - [26/Apr/2017:10:26:13 -0300] "GET /cormun/static/gxcfg.js?201731711421170 HTTP/1.1" 304 -
186.79.225.197 - - [26/Apr/2017:10:26:13 -0300] "GET /cormun/static/about:blank HTTP/1.1" 404 1011
186.79.225.197 - - [26/Apr/2017:10:26:13 -0300] "GET /cormun/servlet/licenciaspermisosadjuntos?INS,7755097,L,20170426000000,, HTTP/1.1" 200 5647
186.79.39.86 - - [26/Apr/2017:10:26:42 -0300] "POST /cormun/servlet/licenciaspermisosadjuntos?88c0856f5af0f5be7ab5bf645137284b,INS,15805497,L,20170426000000,, HTTP/1.1" 200 116
186.79.39.86 - - [26/Apr/2017:10:26:42 -0300] "GET /cormun/servlet/hpexe_return? HTTP/1.1" 200 1036
186.79.39.86 - - [26/Apr/2017:10:26:43 -0300] "GET /cormun/servlet/trlicenciaspermisosadjuntos?15805497,20170426000000,L, HTTP/1.1" 200 6628
186.79.39.86 - - [26/Apr/2017:10:26:43 -0300] "GET /cormun/servlet/trlicenciaspermisosadjuntos?15805497,20170426000000,L, HTTP/1.1" 200 6624
186.79.39.86 - - [26/Apr/2017:10:26:49 -0300] "GET /cormun/servlet/trlicencias? HTTP/1.1" 200 7801
186.79.39.86 - - [26/Apr/2017:10:26:50 -0300] "GET /cormun/servlet/trlicencias? HTTP/1.1" 200 7800
186.79.39.86 - - [26/Apr/2017:10:26:53 -0300] "POST /cormun/servlet/trlicencias?88c0856f5af0f5be7ab5bf645137284b,,gx-no-cache=1493213278722 HTTP/1.1" 200 4050
186.79.39.86 - - [26/Apr/2017:10:26:53 -0300] "GET /cormun/static/Shared/jqueryui/images/ui-bg_highlight-soft_100_c6c2c8_1x100.png HTTP/1.1" 404 1117
186.79.39.86 - - [26/Apr/2017:10:26:53 -0300] "GET /cormun/static/Shared/jqueryui/images/ui-icons_82798d_256x240.png HTTP/1.1" 404 1089
186.79.39.86 - - [26/Apr/2017:10:26:53 -0300] "GET /cormun/static/Shared/jqueryui/images/ui-bg_flat_55_fafafa_40x100.png HTTP/1.1" 404 1097
186.79.39.86 - - [26/Apr/2017:10:26:53 -0300] "GET /cormun/static/Shared/jqueryui/images/ui-icons_8d78a5_256x240.png HTTP/1.1" 404 1089
192.168.10.13 - - [26/Apr/2017:10:27:01 -0300] "GET / HTTP/1.1" 200 11217
186.79.225.197 - - [26/Apr/2017:10:27:08 -0300] "POST /cormun/servlet/licenciaspermisosadjuntos?76ffd1b1c631582ebbc2df43dbbadb14,INS,7755097,L,20170426000000,, HTTP/1.1" 200 116
186.79.225.197 - - [26/Apr/2017:10:27:09 -0300] "GET /cormun/servlet/hpexe_return? HTTP/1.1" 200 1037
186.79.225.197 - - [26/Apr/2017:10:27:09 -0300] "GET /cormun/servlet/trlicenciaspermisosadjuntos?7755097,20170426000000,L, HTTP/1.1" 200 6836
186.79.225.197 - - [26/Apr/2017:10:27:11 -0300] "GET /cormun/servlet/trlicenciaspermisosadjuntos?7755097,20170426000000,L, HTTP/1.1" 200 6840
186.79.225.197 - - [26/Apr/2017:10:27:13 -0300] "POST /cormun/servlet/trlicenciaspermisosadjuntos?76ffd1b1c631582ebbc2df43dbbadb14,7755097,20170426000000,L,,gx-no-cache=1493213295788 HTTP/1.1" 200 90
186.79.225.197 - - [26/Apr/2017:10:27:13 -0300] "GET /cormun/servlet/hpexe_link HTTP/1.1" 200 980
186.79.225.197 - - [26/Apr/2017:10:27:14 -0300] "GET /cormun/servlet/trlicencias HTTP/1.1" 200 8021
186.79.225.197 - - [26/Apr/2017:10:27:15 -0300] "GET /cormun/servlet/trlicencias HTTP/1.1" 200 8019
186.79.225.197 - - [26/Apr/2017:10:27:17 -0300] "GET /cormun/servlet/alicenciaprn?7755097,L,20170426000000,PU HTTP/1.1" 200 1569
186.103.159.46 - - [26/Apr/2017:10:27:21 -0300] "GET /cormun/servlet/trpermisosgoce? HTTP/1.1" 200 11414
186.103.159.46 - - [26/Apr/2017:10:27:23 -0300] "GET /cormun/servlet/trpermisosgoce? HTTP/1.1" 200 11408
186.103.159.46 - - [26/Apr/2017:10:27:27 -0300] "GET /cormun/servlet/permisogoce?INS,0,,, HTTP/1.1" 200 6556
186.103.159.46 - - [26/Apr/2017:10:27:27 -0300] "GET /cormun/static/gxcfg.js?201741111325459 HTTP/1.1" 304 -
186.103.159.46 - - [26/Apr/2017:10:27:27 -0300] "GET /cormun/static/permisogoce.js?20174111132557 HTTP/1.1" 304 -
186.103.159.46 - - [26/Apr/2017:10:27:28 -0300] "GET /cormun/servlet/permisogoce?INS,0,,, HTTP/1.1" 200 6556
192.168.10.89 - - [26/Apr/2017:10:27:47 -0300] "POST /cormun/servlet/trsolicitudgral?b48d78a1428414313bec07fc0a0c378f,gx-no-cache=1493214570390,gx-no-cache=1493216536955 HTTP/1.1" 200 13516
192.168.10.89 - - [26/Apr/2017:10:27:58 -0300] "POST /cormun/servlet/trsolicitudgral?b48d78a1428414313bec07fc0a0c378f,gx-no-cache=1493214570390,gx-no-cache=1493216548423 HTTP/1.1" 200 5199
186.79.225.197 - - [26/Apr/2017:10:27:59 -0300] "POST /cormun/servlet/trlicencias?76ffd1b1c631582ebbc2df43dbbadb14,gx-no-cache=1493213338447 HTTP/1.1" 200 4220
186.79.225.197 - - [26/Apr/2017:10:28:00 -0300] "GET /cormun/static/Shared/jqueryui/images/ui-bg_highlight-soft_100_c6c2c8_1x100.png HTTP/1.1" 404 1117
186.79.225.197 - - [26/Apr/2017:10:28:00 -0300] "GET /cormun/static/Shared/jqueryui/images/ui-icons_82798d_256x240.png HTTP/1.1" 404 1089
186.79.225.197 - - [26/Apr/2017:10:28:01 -0300] "GET /cormun/static/Shared/jqueryui/images/ui-bg_flat_55_fafafa_40x100.png HTTP/1.1" 404 1097
186.79.225.197 - - [26/Apr/2017:10:28:01 -0300] "GET /cormun/static/Shared/jqueryui/images/ui-icons_8d78a5_256x240.png HTTP/1.1" 404 1089
192.168.10.13 - - [26/Apr/2017:10:28:01 -0300] "GET / HTTP/1.1" 200 11217
186.79.225.197 - - [26/Apr/2017:10:28:08 -0300] "GET /cormun/servlet/trsolicitudot? HTTP/1.1" 200 6974
186.79.225.197 - - [26/Apr/2017:10:28:09 -0300] "GET /cormun/servlet/trsolicitudot? HTTP/1.1" 200 6973
186.79.225.197 - - [26/Apr/2017:10:28:14 -0300] "GET /cormun/servlet/solicitudot?INS,0,0, HTTP/1.1" 200 12813
186.79.225.197 - - [26/Apr/2017:10:28:15 -0300] "GET /cormun/servlet/solicitudot?INS,0,0, HTTP/1.1" 200 12818
186.79.225.197 - - [26/Apr/2017:10:28:26 -0300] "POST /cormun/servlet/solicitudot?gx-no-cache=1493213368981 HTTP/1.1" 200 3189
186.79.225.197 - - [26/Apr/2017:10:28:27 -0300] "POST /cormun/servlet/solicitudot?76ffd1b1c631582ebbc2df43dbbadb14,INS,0,0,,gx-no-cache=1493213369500 HTTP/1.1" 200 9969
46.174.191.28 - - [26/Apr/2017:10:28:28 -0300] "GET / HTTP/1.0" 200 11197
186.79.225.197 - - [26/Apr/2017:10:28:29 -0300] "GET /cormun/servlet/solicitudot?bb6754443cc48d32b710fb88aea37cc17ea4ed63047681a728413c351a70a4954e833bfb2ada6ed83f9f9e609743488a,gx-no-cache=1493213371593 HTTP/1.1" 200 30
186.79.225.197 - - [26/Apr/2017:10:28:29 -0300] "POST /cormun/servlet/solicitudot?gx-no-cache=1493213371714 HTTP/1.1" 200 297
186.79.225.197 - - [26/Apr/2017:10:28:29 -0300] "GET /cormun/servlet/solicitudot?bb6754443cc48d32b710fb88aea37cc1d53a0fefd49d16a130c5e4bd7175efa00bceaee218a369eb47623d36d680cd7f7657d5bf5cd0fab609ab98b6dba5523d509c18426e4dc300a6303498fc855677987eb620dc5f62085b4837b4c96bab52b8487669d9f72194fadeecd3ee1a55b2ffd6b19ce2f9991ff00a0ca060f4890659aecd1d70aa30bfa5c9a07915eb7f7542024dccca1ae44957ebdc5157545b9c1334727cadd8f4f79f1fc3527a052af2dfafcb20d66c09bcaaa05340649748435c07640639f05e6130096c98b79b4a4df5ccbb307c9874f9c26a15afae6b34d4a51468a2bf4c60d08719beddb4364015728d56e4b8ae1e32e5f3cf7493e468e7681b5fa03c928a49966a1b71a115f8dc06f8baa4d7f7027cb3147a1fd19ebec8ce884e719ca13386e613943eb2241bb22000ccb56ee4c452b4481e3ac9b77537db77af3e292e0cc32660baa5f706c4c45572ab873390acb83c0efb7185b3a658829eb5cd58b8966c17c84a36dfecb13e2a3ecd8d7939f9e71faa7b9361765f9dd726ac3b0af236a18e89cf8f608fd758,gx-no-cache=1493213371896 HTTP/1.1" 200 30
186.79.225.197 - - [26/Apr/2017:10:28:36 -0300] "POST /cormun/servlet/solicitudot?gx-no-cache=1493213378920 HTTP/1.1" 200 30
186.79.225.197 - - [26/Apr/2017:10:28:56 -0300] "GET /cormun/servlet/prlicenciaspermisos?7755097,L,,MD,,gxPopupLevel%3D0%3B HTTP/1.1" 200 7399
186.79.225.197 - - [26/Apr/2017:10:29:01 -0300] "POST /cormun/servlet/solicitudot?gx-no-cache=1493213403722 HTTP/1.1" 200 1296
192.168.10.13 - - [26/Apr/2017:10:29:01 -0300] "GET / HTTP/1.1" 200 11217
186.79.225.197 - - [26/Apr/2017:10:29:04 -0300] "POST /cormun/servlet/solicitudot?gx-no-cache=1493213406767 HTTP/1.1" 200 41
186.79.225.197 - - [26/Apr/2017:10:29:20 -0300] "GET /cormun/servlet/solicitudot?bb6754443cc48d32b710fb88aea37cc1b0ea2a809a51b0d4a52bebab12b5264dea8e0e071b0cf5add9eb72ea45dae5974a62e6634a36bab6d01aa739a1aaf3f87f3f31727309d014a784b64ce2a1334d9efa59f7d4b7ad2b3449d25f18b025b529149d953420bd14463a940f4433d0be,gx-no-cache=1493213422491 HTTP/1.1" 200 29
186.79.225.197 - - [26/Apr/2017:10:29:21 -0300] "POST /cormun/servlet/solicitudot?gx-no-cache=1493213423145 HTTP/1.1" 200 1280
186.79.225.197 - - [26/Apr/2017:10:29:21 -0300] "POST /cormun/servlet/solicitudot?gx-no-cache=1493213423749 HTTP/1.1" 200 1162
186.79.225.197 - - [26/Apr/2017:10:29:22 -0300] "GET /cormun/static/menuarrow.gif HTTP/1.1" 404 1015
186.79.225.197 - - [26/Apr/2017:10:29:27 -0300] "POST /cormun/servlet/solicitudot?gx-no-cache=1493213426615 HTTP/1.1" 200 1280
