186.79.248.7 - - [25/Apr/2017:10:24:58 -0300] "GET /cormun/servlet/solicitudotadjuntos?d95fb2829ce44e3a20463d30526bf31025fcd0e3a66df1255130c08cae15e4c180930e349ee02aeee67da7d738d795d3,gx-no-cache=1493126761426 HTTP/1.1" 200 30
186.79.248.7 - - [25/Apr/2017:10:24:58 -0300] "POST /cormun/servlet/solicitudotadjuntos?c6317fc30cca244d7f889e5d01dfde17,INS,2017,6209,,2,,gx-no-cache=1493126761527 HTTP/1.1" 200 3861
192.168.10.13 - - [25/Apr/2017:10:25:02 -0300] "GET / HTTP/1.1" 200 11217
186.103.248.213 - - [25/Apr/2017:10:25:03 -0300] "POST /cormun/servlet/prfichaempleado?531c8b6c6fe43d30bbd4d0e83e796dbb,,MD,,gxPopupLevel%3D0%3B,gx-no-cache=1493126764071 HTTP/1.1" 200 3406
186.103.248.213 - - [25/Apr/2017:10:25:06 -0300] "GET /cormun/servlet/licenciaspermisos?00bc9649b24e791c22efadc242e3675ed32ad27acc455a1d5ee69b1e31dae6fed7086d7e6834b9866b0b97c64ad58104,gx-no-cache=1493126768105 HTTP/1.1" 200 63
186.103.248.213 - - [25/Apr/2017:10:25:07 -0300] "POST /cormun/servlet/licenciaspermisos?531c8b6c6fe43d30bbd4d0e83e796dbb,INS,0,,,,gx-no-cache=1493126768222 HTTP/1.1" 200 4429
186.79.248.7 - - [25/Apr/2017:10:25:32 -0300] "POST /cormun/servlet/solicitudotadjuntos?gx-no-cache=1493126795630 HTTP/1.1" 200 26
186.79.248.7 - - [25/Apr/2017:10:25:39 -0300] "GET /cormun/servlet/solicitudotadjuntos?d95fb2829ce44e3a20463d30526bf310ce375b03d973033678152fc462765437,gx-no-cache=1493126802671 HTTP/1.1" 200 30
186.79.248.7 - - [25/Apr/2017:10:25:39 -0300] "GET /cormun/servlet/solicitudotadjuntos?d95fb2829ce44e3a20463d30526bf310ce375b03d973033678152fc462765437,gx-no-cache=1493126802768 HTTP/1.1" 200 30
186.79.248.7 - - [25/Apr/2017:10:25:42 -0300] "POST /cormun/servlet/solicitudotadjuntos?c6317fc30cca244d7f889e5d01dfde17,INS,2017,6209,,2, HTTP/1.1" 200 116
186.79.248.7 - - [25/Apr/2017:10:25:42 -0300] "GET /cormun/servlet/hpexe_return? HTTP/1.1" 200 1023
186.79.248.7 - - [25/Apr/2017:10:25:43 -0300] "GET /cormun/servlet/trsolicitudadjuntos?2017,6209, HTTP/1.1" 200 9172
186.79.248.7 - - [25/Apr/2017:10:25:44 -0300] "GET /cormun/servlet/trsolicitudadjuntos?2017,6209, HTTP/1.1" 200 9170
186.79.248.7 - - [25/Apr/2017:10:25:50 -0300] "GET /cormun/servlet/trsolicitudot? HTTP/1.1" 200 7876
186.79.248.7 - - [25/Apr/2017:10:25:50 -0300] "GET /cormun/servlet/trsolicitudot? HTTP/1.1" 200 7870
192.168.10.13 - - [25/Apr/2017:10:26:02 -0300] "GET / HTTP/1.1" 200 11217
186.79.245.232 - - [25/Apr/2017:10:26:28 -0300] "GET /cormun/servlet/licenciaspermisos?1781b81d9f1d5d63e8895eea402b5159a8a43f376dec39cb0f058bdff14193c15d05686a8aa4223c7dffe218d5d23a840b566b4cd9d643952733c4c6e1a77324d74654b4577d8cb0b77b1494b79133926a9787946fb21200dbe6821bf293b3795ca10aba99d5f84734640ded234da98f217ee9bb8d2f9f0f3994707e12f26d9c0f8a51a8a63a6cb025a353d9fd37885082e6e81dc6da5b7a74d7ac5b5d22d7bf1810096c6f7e8eee9c5b4d4cb208ce21,gx-no-cache=1493126851841 HTTP/1.1" 200 30
186.79.245.232 - - [25/Apr/2017:10:26:28 -0300] "GET /cormun/servlet/licenciaspermisos?1781b81d9f1d5d63e8895eea402b5159dd9b0653dcac173b06ba2547b1ca9999ad9216179dda691f53e6d02a771e9960ce9c8497f675376ddb2a2315036568645129d5885dc0cbb0d87615bea2277f786be6e3d3b7266c20b817dfc25a46713cf2f5d7ca2fe0fcc6d73d2d652a7528c6007cb6b3c6c63b5ce21797896deb136c04b099f4ea1462113a5ef4605e53802d505ed6bf05883b8cd7294c9d9dee631f722bd1b7ec8a3243e4ce1c7e63ec9ccc,gx-no-cache=1493126851983 HTTP/1.1" 200 29
186.79.245.232 - - [25/Apr/2017:10:26:29 -0300] "POST /cormun/servlet/licenciaspermisos?97ebfbe1aa508304af0f512bd29e0e23,INS,0,,,,gx-no-cache=1493126852090 HTTP/1.1" 200 93
186.79.245.232 - - [25/Apr/2017:10:26:29 -0300] "GET /cormun/servlet/hpexe_return? HTTP/1.1" 200 1015
186.79.245.232 - - [25/Apr/2017:10:26:29 -0300] "GET /cormun/servlet/hhome HTTP/1.1" 200 3763
186.79.245.232 - - [25/Apr/2017:10:26:30 -0300] "GET /cormun/servlet/hhome HTTP/1.1" 200 3757
200.72.197.82 - - [25/Apr/2017:10:26:35 -0300] "GET /cormun/static/menuarrow.gif HTTP/1.1" 404 1015
186.79.245.232 - - [25/Apr/2017:10:26:48 -0300] "GET /cormun/servlet/trsolicitudot? HTTP/1.1" 200 6692
186.79.245.232 - - [25/Apr/2017:10:26:49 -0300] "GET /cormun/servlet/trsolicitudot? HTTP/1.1" 200 6691
192.168.10.13 - - [25/Apr/2017:10:27:02 -0300] "GET / HTTP/1.1" 200 11217
186.79.245.232 - - [25/Apr/2017:10:27:10 -0300] "GET /cormun/servlet/solicitudot?INS,0,0, HTTP/1.1" 200 12579
186.79.245.232 - - [25/Apr/2017:10:27:11 -0300] "GET /cormun/servlet/solicitudot?INS,0,0, HTTP/1.1" 200 12584
186.79.245.232 - - [25/Apr/2017:10:27:19 -0300] "GET /cormun/servlet/trlicencias? HTTP/1.1" 200 8102
186.79.245.232 - - [25/Apr/2017:10:27:19 -0300] "GET /cormun/servlet/trlicencias? HTTP/1.1" 200 8097
186.79.245.232 - - [25/Apr/2017:10:27:55 -0300] "GET /cormun/servlet/alicenciaprn?16663901,L,20170425000000,PU HTTP/1.1" 200 1530
192.168.10.13 - - [25/Apr/2017:10:28:02 -0300] "GET / HTTP/1.1" 200 11217
200.111.191.210 - - [25/Apr/2017:10:28:35 -0300] "GET /cormun/servlet/trlicenciaspermisosadjuntos?16838872,20170425000000,L, HTTP/1.1" 200 6134
186.103.248.213 - - [25/Apr/2017:10:28:36 -0300] "GET /cormun/servlet/licenciaspermisos?00bc9649b24e791c22efadc242e3675ec75e9efb27514532c5b90e076ddcac1d0edb9235bc9081e449c15a4b127176493fbb8e1fb5d385aeb977fa445992d3227cd4ae6d36f7bdd3b6585d2408c03a422fa285721fea22bac24be3743af6463569ca350e6f7b127aa0c1fb64f403ea48af8f0f8b47b6183c910ff3922001901e1be9faa2c1954333cc4e0be724cb59d8a57930a29d1e09dbcf3720c252af4e858b0f90a6700d5b587814aaf2a4970c0f,gx-no-cache=1493126976118 HTTP/1.1" 200 30
200.111.191.210 - - [25/Apr/2017:10:28:36 -0300] "GET /cormun/servlet/trlicenciaspermisosadjuntos?16838872,20170425000000,L, HTTP/1.1" 200 6135
186.103.248.213 - - [25/Apr/2017:10:28:36 -0300] "POST /cormun/servlet/licenciaspermisos?531c8b6c6fe43d30bbd4d0e83e796dbb,INS,0,,,,gx-no-cache=1493126977693 HTTP/1.1" 200 4530
200.111.191.210 - - [25/Apr/2017:10:28:38 -0300] "GET /cormun/servlet/licenciaspermisosadjuntos?INS,16838872,L,20170425000000,, HTTP/1.1" 200 5425
200.111.191.210 - - [25/Apr/2017:10:28:38 -0300] "GET /cormun/static/about:blank HTTP/1.1" 404 1011
200.111.191.210 - - [25/Apr/2017:10:28:39 -0300] "GET /cormun/servlet/licenciaspermisosadjuntos?INS,16838872,L,20170425000000,, HTTP/1.1" 200 5415
186.103.248.213 - - [25/Apr/2017:10:28:47 -0300] "GET /cormun/servlet/licenciaspermisos?00bc9649b24e791c22efadc242e3675ed32ad27acc455a1d5ee69b1e31dae6fe7fcd32d32a888477a8bdcd844d6afa1155c7f9c9b94b812571f17095e23587f539241b16184a4773555eabac6fdea963,gx-no-cache=1493126988646 HTTP/1.1" 200 63
186.103.248.213 - - [25/Apr/2017:10:28:47 -0300] "POST /cormun/servlet/licenciaspermisos?531c8b6c6fe43d30bbd4d0e83e796dbb,INS,0,,,,gx-no-cache=1493126988766 HTTP/1.1" 200 4520
186.103.248.213 - - [25/Apr/2017:10:28:49 -0300] "GET /cormun/servlet/licenciaspermisos?00bc9649b24e791c22efadc242e3675e8521074257e547ab81c7b7c86ec747004e7c8c51197ccff7870b70fec8cc2b57bea2dfa19fd010d76b3bf9f4f84b10c31110dfc9b08d36747817a7b729d48abb70cd797ee262cca123d26da644a2e9beb3a2669f5af78860a1c373bc9a8a5c7fff3a908896f0ffbe04d6dcc36905805fa1d9cf5ef2e58e622c6964e30c2da5f283e7d763d3ec8723bfd5323ad6d23609e6e4bf0abb108b509a3b5c782043f7d8,gx-no-cache=1493126990679 HTTP/1.1" 200 108
186.103.248.213 - - [25/Apr/2017:10:28:49 -0300] "GET /cormun/static/Shared/jqueryui/images/ui-bg_highlight-soft_100_c6c2c8_1x100.png HTTP/1.1" 404 1117
186.103.161.206 - - [25/Apr/2017:10:28:49 -0300] "GET /cormun/static/Shared/jqueryui/images/ui-icons_82798d_256x240.png HTTP/1.1" 404 1089
200.72.197.82 - - [25/Apr/2017:10:28:49 -0300] "GET /cormun/static/Shared/jqueryui/images/ui-icons_ebccce_256x240.png HTTP/1.1" 404 1089
186.103.248.213 - - [25/Apr/2017:10:28:49 -0300] "GET /cormun/static/Shared/jqueryui/images/ui-bg_flat_55_994d53_40x100.png HTTP/1.1" 404 1097
186.103.248.213 - - [25/Apr/2017:10:28:50 -0300] "POST /cormun/servlet/licenciaspermisos?531c8b6c6fe43d30bbd4d0e83e796dbb,INS,0,,,,gx-no-cache=1493126990863 HTTP/1.1" 200 4619
200.86.184.230 - - [25/Apr/2017:10:28:54 -0300] "GET /cormun/servlet/trsolicitudot HTTP/1.1" 200 6063
200.86.184.230 - - [25/Apr/2017:10:28:55 -0300] "GET /cormun/servlet/trsolicitudot HTTP/1.1" 200 6073
200.86.184.230 - - [25/Apr/2017:10:28:55 -0300] "GET /cormun/servlet/hlogin HTTP/1.1" 200 1739
186.79.245.232 - - [25/Apr/2017:10:28:55 -0300] "POST /cormun/servlet/trlicencias?97ebfbe1aa508304af0f512bd29e0e23,,gx-no-cache=1493126997826 HTTP/1.1" 200 5549
186.79.245.232 - - [25/Apr/2017:10:28:55 -0300] "GET /cormun/static/Shared/jqueryui/images/ui-bg_highlight-soft_100_c6c2c8_1x100.png HTTP/1.1" 404 1117
186.79.245.232 - - [25/Apr/2017:10:28:56 -0300] "GET /cormun/static/Shared/jqueryui/images/ui-icons_82798d_256x240.png HTTP/1.1" 404 1089
186.79.245.232 - - [25/Apr/2017:10:28:56 -0300] "GET /cormun/static/Shared/jqueryui/images/ui-bg_flat_55_fafafa_40x100.png HTTP/1.1" 404 1097
186.79.245.232 - - [25/Apr/2017:10:28:56 -0300] "GET /cormun/static/Shared/jqueryui/images/ui-icons_8d78a5_256x240.png HTTP/1.1" 404 1089
192.168.10.13 - - [25/Apr/2017:10:29:02 -0300] "GET / HTTP/1.1" 200 11217
186.79.245.232 - - [25/Apr/2017:10:29:04 -0300] "GET /cormun/servlet/trlicenciaspermisosadjuntos?16663901,20170425000000,L, HTTP/1.1" 200 6105
186.79.245.232 - - [25/Apr/2017:10:29:05 -0300] "GET /cormun/servlet/trlicenciaspermisosadjuntos?16663901,20170425000000,L, HTTP/1.1" 200 6106
200.111.191.210 - - [25/Apr/2017:10:29:05 -0300] "POST /cormun/servlet/licenciaspermisosadjuntos?671d711e6d2c1245ee9c30f8a05a9944,INS,16838872,L,20170425000000,, HTTP/1.1" 200 116
200.111.191.210 - - [25/Apr/2017:10:29:05 -0300] "GET /cormun/servlet/hpexe_return? HTTP/1.1" 200 1047
200.111.191.210 - - [25/Apr/2017:10:29:06 -0300] "GET /cormun/servlet/trlicenciaspermisosadjuntos?16838872,20170425000000,L, HTTP/1.1" 200 6603
200.72.197.82 - - [25/Apr/2017:10:29:06 -0300] "GET /cormun/servlet/hlogin HTTP/1.1" 200 1726
200.111.191.210 - - [25/Apr/2017:10:29:06 -0300] "GET /cormun/servlet/trlicenciaspermisosadjuntos?16838872,20170425000000,L, HTTP/1.1" 200 6600
200.72.197.82 - - [25/Apr/2017:10:29:07 -0300] "POST /cormun/servlet/hlogin?531c8b6c6fe43d30bbd4d0e83e796dbb,gx-no-cache=1493127008765 HTTP/1.1" 200 90
200.72.197.82 - - [25/Apr/2017:10:29:07 -0300] "GET /cormun/servlet/hpexe_link HTTP/1.1" 200 969
200.72.197.82 - - [25/Apr/2017:10:29:07 -0300] "GET /cormun/servlet/licenciaspermisos?INS,0,,, HTTP/1.1" 200 7158
186.79.245.232 - - [25/Apr/2017:10:29:08 -0300] "GET /cormun/servlet/licenciaspermisosadjuntos?INS,16663901,L,20170425000000,, HTTP/1.1" 200 5403
186.79.245.232 - - [25/Apr/2017:10:29:08 -0300] "GET /cormun/static/about:blank HTTP/1.1" 404 1011
186.79.245.232 - - [25/Apr/2017:10:29:08 -0300] "GET /cormun/servlet/licenciaspermisosadjuntos?INS,16663901,L,20170425000000,, HTTP/1.1" 200 5392
200.72.197.82 - - [25/Apr/2017:10:29:09 -0300] "GET /cormun/servlet/licenciaspermisos?INS,0,,, HTTP/1.1" 200 7156
200.111.191.210 - - [25/Apr/2017:10:29:10 -0300] "GET /cormun/PublicTempStorage/0750338641145.PDF HTTP/1.1" 206 543525
200.86.184.230 - - [25/Apr/2017:10:29:13 -0300] "POST /cormun/servlet/hlogin?daa7199604ab10702bca2fd0bb4e4948,gx-no-cache=1493127015543 HTTP/1.1" 200 90
200.86.184.230 - - [25/Apr/2017:10:29:13 -0300] "GET /cormun/servlet/hpexe_link HTTP/1.1" 200 955
200.86.184.230 - - [25/Apr/2017:10:29:13 -0300] "GET /cormun/servlet/trsolicitudot HTTP/1.1" 200 6757
200.86.184.230 - - [25/Apr/2017:10:29:14 -0300] "GET /cormun/servlet/trsolicitudot HTTP/1.1" 200 6755
200.111.191.210 - - [25/Apr/2017:10:29:14 -0300] "GET /cormun/servlet/trlicenciaspermisosadjuntos?16838872,20170425000000,L, HTTP/1.1" 200 6603
200.111.191.210 - - [25/Apr/2017:10:29:15 -0300] "GET /cormun/servlet/trlicenciaspermisosadjuntos?16838872,20170425000000,L, HTTP/1.1" 200 6600
200.72.197.82 - - [25/Apr/2017:10:29:15 -0300] "GET /cormun/servlet/licenciaspermisos?00bc9649b24e791c22efadc242e3675ec75e9efb27514532c5b90e076ddcac1d2086a43be41955b3f01f9e4f137e088f3fbb8e1fb5d385aeb977fa445992d3227cd4ae6d36f7bdd3b6585d2408c03a422fa285721fea22bac24be3743af64635ffb8b5a38f00f783add74c14716c1cc0af8f0f8b47b6183c910ff3922001901ee314f4611c87a43266d4d982fd81811227dfbb8ce4e5a225415e8f67634f1f964e9c32335e99ca5b029568b6d5ed279122d6eecbfce655248ed12efca212ee55bf07e398ebe29c4d9feeb211b494dc0f427f35bea8c79d2153eb0d5eced11277,gx-no-cache=1493127016925 HTTP/1.1" 200 30
200.72.197.82 - - [25/Apr/2017:10:29:17 -0300] "POST /cormun/servlet/licenciaspermisos?531c8b6c6fe43d30bbd4d0e83e796dbb,INS,0,,,,gx-no-cache=1493127018053 HTTP/1.1" 200 4530
200.111.191.210 - - [25/Apr/2017:10:29:17 -0300] "GET /cormun/servlet/trlicencias? HTTP/1.1" 200 7762
200.111.191.210 - - [25/Apr/2017:10:29:17 -0300] "GET /cormun/servlet/trlicencias? HTTP/1.1" 200 7761
200.111.191.210 - - [25/Apr/2017:10:29:19 -0300] "POST /cormun/servlet/trlicencias?671d711e6d2c1245ee9c30f8a05a9944,,gx-no-cache=1493130517096 HTTP/1.1" 200 4044
200.111.191.210 - - [25/Apr/2017:10:29:19 -0300] "GET /cormun/static/Shared/jqueryui/images/ui-icons_82798d_256x240.png HTTP/1.1" 404 1089
200.111.191.210 - - [25/Apr/2017:10:29:19 -0300] "GET /cormun/static/Shared/jqueryui/images/ui-bg_highlight-soft_100_c6c2c8_1x100.png HTTP/1.1" 404 1117
200.111.191.210 - - [25/Apr/2017:10:29:19 -0300] "GET /cormun/static/Shared/jqueryui/images/ui-bg_flat_55_fafafa_40x100.png HTTP/1.1" 404 1097
200.111.191.210 - - [25/Apr/2017:10:29:19 -0300] "GET /cormun/static/Shared/jqueryui/images/ui-icons_8d78a5_256x240.png HTTP/1.1" 404 1089
200.72.197.82 - - [25/Apr/2017:10:29:20 -0300] "GET /cormun/servlet/licenciaspermisos?00bc9649b24e791c22efadc242e3675ed32ad27acc455a1d5ee69b1e31dae6fe7fcd32d32a888477a8bdcd844d6afa1155c7f9c9b94b812571f17095e23587f539241b16184a4773555eabac6fdea963,gx-no-cache=1493127021387 HTTP/1.1" 200 63
200.72.197.82 - - [25/Apr/2017:10:29:20 -0300] "POST /cormun/servlet/licenciaspermisos?531c8b6c6fe43d30bbd4d0e83e796dbb,INS,0,,,,gx-no-cache=1493127021518 HTTP/1.1" 200 4518
200.72.197.82 - - [25/Apr/2017:10:29:20 -0300] "GET /cormun/servlet/licenciaspermisos?00bc9649b24e791c22efadc242e3675e8521074257e547ab81c7b7c86ec747006463b35f953aca516baa4c2e59763580bea2dfa19fd010d76b3bf9f4f84b10c31110dfc9b08d36747817a7b729d48abb70cd797ee262cca123d26da644a2e9beb3a2669f5af78860a1c373bc9a8a5c7fff3a908896f0ffbe04d6dcc36905805fa1d9cf5ef2e58e622c6964e30c2da5f283e7d763d3ec8723bfd5323ad6d23609e6e4bf0abb108b509a3b5c782043f7d8,gx-no-cache=1493127021880 HTTP/1.1" 200 29
200.72.197.82 - - [25/Apr/2017:10:29:20 -0300] "POST /cormun/servlet/licenciaspermisos?531c8b6c6fe43d30bbd4d0e83e796dbb,INS,0,,,,gx-no-cache=1493127021970 HTTP/1.1" 200 93
200.72.197.82 - - [25/Apr/2017:10:29:20 -0300] "GET /cormun/servlet/hpexe_return? HTTP/1.1" 200 1011
200.72.197.82 - - [25/Apr/2017:10:29:21 -0300] "GET /cormun/static/Resources/Spanish/PXTools.css?167811 HTTP/1.1" 304 -
186.103.132.155 - - [25/Apr/2017:10:29:21 -0300] "GET /cormun/static/hpexe_return.js?2016101716175153 HTTP/1.1" 304 -
186.103.248.213 - - [25/Apr/2017:10:29:21 -0300] "GET /cormun/static/gxcfg.js?2016101716175148 HTTP/1.1" 304 -
186.103.248.213 - - [25/Apr/2017:10:29:21 -0300] "GET /cormun/servlet/trlicencias HTTP/1.1" 200 7783
186.103.248.213 - - [25/Apr/2017:10:29:22 -0300] "GET /cormun/servlet/trlicencias HTTP/1.1" 200 7778
200.86.184.230 - - [25/Apr/2017:10:29:25 -0300] "GET /cormun/servlet/tratrazos? HTTP/1.1" 200 11254
200.86.184.230 - - [25/Apr/2017:10:29:26 -0300] "GET /cormun/servlet/tratrazos? HTTP/1.1" 200 11254
186.103.248.213 - - [25/Apr/2017:10:29:28 -0300] "GET /cormun/servlet/trlicenciaspermisosadjuntos?13720783,20170425000000,L, HTTP/1.1" 200 6118
186.103.248.213 - - [25/Apr/2017:10:29:29 -0300] "GET /cormun/static/gxcfg.js?20173171154619 HTTP/1.1" 304 -
186.103.132.155 - - [25/Apr/2017:10:29:29 -0300] "GET /cormun/static/trlicenciaspermisosadjuntos.js?20173171154971 HTTP/1.1" 304 -
186.103.132.155 - - [25/Apr/2017:10:29:30 -0300] "GET /cormun/servlet/trlicenciaspermisosadjuntos?13720783,20170425000000,L, HTTP/1.1" 200 6119
186.103.132.155 - - [25/Apr/2017:10:29:34 -0300] "GET /cormun/servlet/licenciaspermisosadjuntos?INS,13720783,L,20170425000000,, HTTP/1.1" 200 5410
186.103.248.213 - - [25/Apr/2017:10:29:34 -0300] "GET /cormun/static/licenciaspermisosadjuntos.js?201731711421181 HTTP/1.1" 304 -
186.103.132.155 - - [25/Apr/2017:10:29:35 -0300] "GET /cormun/static/gxcfg.js?201731711421170 HTTP/1.1" 304 -
186.103.132.155 - - [25/Apr/2017:10:29:35 -0300] "GET /cormun/static/about:blank HTTP/1.1" 404 1011
186.103.248.213 - - [25/Apr/2017:10:29:35 -0300] "GET /cormun/servlet/licenciaspermisosadjuntos?INS,13720783,L,20170425000000,, HTTP/1.1" 200 5400
192.168.10.13 - - [25/Apr/2017:10:30:02 -0300] "GET / HTTP/1.1" 200 11217
186.103.132.155 - - [25/Apr/2017:10:30:06 -0300] "POST /cormun/servlet/licenciaspermisosadjuntos?531c8b6c6fe43d30bbd4d0e83e796dbb,INS,13720783,L,20170425000000,, HTTP/1.1" 200 116
186.103.132.155 - - [25/Apr/2017:10:30:06 -0300] "GET /cormun/servlet/hpexe_return? HTTP/1.1" 200 1042
186.103.132.155 - - [25/Apr/2017:10:30:06 -0300] "GET /cormun/servlet/trlicenciaspermisosadjuntos?13720783,20170425000000,L, HTTP/1.1" 200 6608
186.103.132.155 - - [25/Apr/2017:10:30:07 -0300] "GET /cormun/servlet/trlicenciaspermisosadjuntos?13720783,20170425000000,L, HTTP/1.1" 200 6605
40.77.167.75 - - [25/Apr/2017:10:30:10 -0300] "GET /cormun/servlet/solicitudotadjuntos?INS,2016,2923,,1, HTTP/1.1" 200 5174
190.151.100.218 - - [25/Apr/2017:10:30:16 -0300] "GET /cormun/PublicTempStorage/licencia_medica_claudia_arce9384359.jpg HTTP/1.1" 200 1124849
200.86.184.230 - - [25/Apr/2017:10:30:19 -0300] "GET /cormun/servlet/atrazos?INS,0, HTTP/1.1" 200 6698
200.86.184.230 - - [25/Apr/2017:10:30:19 -0300] "GET /cormun/servlet/atrazos?INS,0, HTTP/1.1" 200 6698
200.86.184.230 - - [25/Apr/2017:10:30:25 -0300] "GET /cormun/servlet/tratrazos? HTTP/1.1" 200 11259
200.86.184.230 - - [25/Apr/2017:10:30:26 -0300] "GET /cormun/servlet/tratrazos? HTTP/1.1" 200 11254
200.86.184.230 - - [25/Apr/2017:10:30:39 -0300] "POST /cormun/servlet/tratrazos?daa7199604ab10702bca2fd0bb4e4948,,gx-no-cache=1493127101133 HTTP/1.1" 200 8465
200.86.184.230 - - [25/Apr/2017:10:30:39 -0300] "GET /cormun/static/Shared/jqueryui/images/ui-bg_highlight-soft_100_c6c2c8_1x100.png HTTP/1.1" 404 1117
200.86.184.230 - - [25/Apr/2017:10:30:39 -0300] "GET /cormun/static/Shared/jqueryui/images/ui-icons_82798d_256x240.png HTTP/1.1" 404 1089
200.86.184.230 - - [25/Apr/2017:10:30:39 -0300] "GET /cormun/static/Shared/jqueryui/images/ui-bg_flat_55_fafafa_40x100.png HTTP/1.1" 404 1097
200.86.184.230 - - [25/Apr/2017:10:30:39 -0300] "GET /cormun/static/Shared/jqueryui/images/ui-icons_8d78a5_256x240.png HTTP/1.1" 404 1089
200.86.184.230 - - [25/Apr/2017:10:30:42 -0300] "POST /cormun/servlet/tratrazos?daa7199604ab10702bca2fd0bb4e4948,,gx-no-cache=1493127104346 HTTP/1.1" 200 8329
200.86.184.230 - - [25/Apr/2017:10:30:43 -0300] "POST /cormun/servlet/tratrazos?daa7199604ab10702bca2fd0bb4e4948,,gx-no-cache=1493127105998 HTTP/1.1" 200 8166
200.86.184.230 - - [25/Apr/2017:10:30:45 -0300] "POST /cormun/servlet/tratrazos?daa7199604ab10702bca2fd0bb4e4948,,gx-no-cache=1493127107506 HTTP/1.1" 200 7999
200.86.184.230 - - [25/Apr/2017:10:30:46 -0300] "POST /cormun/servlet/tratrazos?daa7199604ab10702bca2fd0bb4e4948,,gx-no-cache=1493127108981 HTTP/1.1" 200 7873
200.86.184.230 - - [25/Apr/2017:10:30:48 -0300] "POST /cormun/servlet/tratrazos?daa7199604ab10702bca2fd0bb4e4948,,gx-no-cache=1493127110828 HTTP/1.1" 200 7735
186.79.245.232 - - [25/Apr/2017:10:30:50 -0300] "POST /cormun/servlet/licenciaspermisosadjuntos?97ebfbe1aa508304af0f512bd29e0e23,INS,16663901,L,20170425000000,, HTTP/1.1" 200 116
186.79.245.232 - - [25/Apr/2017:10:30:50 -0300] "GET /cormun/servlet/hpexe_return? HTTP/1.1" 200 1045
186.79.245.232 - - [25/Apr/2017:10:30:50 -0300] "GET /cormun/servlet/trlicenciaspermisosadjuntos?16663901,20170425000000,L, HTTP/1.1" 200 6590
200.86.184.230 - - [25/Apr/2017:10:30:50 -0300] "POST /cormun/servlet/tratrazos?daa7199604ab10702bca2fd0bb4e4948,,gx-no-cache=1493127112961 HTTP/1.1" 200 7531
186.79.245.232 - - [25/Apr/2017:10:30:51 -0300] "GET /cormun/servlet/trlicenciaspermisosadjuntos?16663901,20170425000000,L, HTTP/1.1" 200 6586
200.86.184.230 - - [25/Apr/2017:10:30:53 -0300] "POST /cormun/servlet/tratrazos?daa7199604ab10702bca2fd0bb4e4948,,gx-no-cache=1493127115767 HTTP/1.1" 200 7402
186.79.245.232 - - [25/Apr/2017:10:30:53 -0300] "GET /cormun/PublicTempStorage/licencia__m.jose5362318.jpg HTTP/1.1" 200 981561
200.86.184.230 - - [25/Apr/2017:10:30:56 -0300] "POST /cormun/servlet/tratrazos?daa7199604ab10702bca2fd0bb4e4948,,gx-no-cache=1493127118659 HTTP/1.1" 200 7272
200.86.184.230 - - [25/Apr/2017:10:31:00 -0300] "POST /cormun/servlet/tratrazos?daa7199604ab10702bca2fd0bb4e4948,,gx-no-cache=1493127122264 HTTP/1.1" 200 7115
192.168.10.13 - - [25/Apr/2017:10:31:02 -0300] "GET / HTTP/1.1" 200 11217
186.79.245.232 - - [25/Apr/2017:10:31:10 -0300] "GET /cormun/servlet/hlogin HTTP/1.1" 200 1721
200.86.184.230 - - [25/Apr/2017:10:31:12 -0300] "POST /cormun/servlet/tratrazos?daa7199604ab10702bca2fd0bb4e4948,,gx-no-cache=1493127134379 HTTP/1.1" 200 6930
186.79.245.232 - - [25/Apr/2017:10:31:13 -0300] "POST /cormun/servlet/hlogin?e95d7a1a3eded73b10ecacabbbd8af21,gx-no-cache=1493127136527 HTTP/1.1" 200 90
186.79.245.232 - - [25/Apr/2017:10:31:13 -0300] "GET /cormun/servlet/hpexe_link HTTP/1.1" 200 952
186.79.245.232 - - [25/Apr/2017:10:31:13 -0300] "GET /cormun/servlet/hhome HTTP/1.1" 200 3755
200.86.184.230 - - [25/Apr/2017:10:31:14 -0300] "POST /cormun/servlet/tratrazos?daa7199604ab10702bca2fd0bb4e4948,,gx-no-cache=1493127136143 HTTP/1.1" 200 6795
186.79.245.232 - - [25/Apr/2017:10:31:14 -0300] "GET /cormun/servlet/hhome HTTP/1.1" 200 3752
200.86.184.230 - - [25/Apr/2017:10:31:15 -0300] "POST /cormun/servlet/tratrazos?daa7199604ab10702bca2fd0bb4e4948,,gx-no-cache=1493127137655 HTTP/1.1" 200 6617
200.86.184.230 - - [25/Apr/2017:10:31:17 -0300] "POST /cormun/servlet/tratrazos?daa7199604ab10702bca2fd0bb4e4948,,gx-no-cache=1493127139428 HTTP/1.1" 200 6440
186.79.245.232 - - [25/Apr/2017:10:31:20 -0300] "GET /cormun/servlet/trlicencias? HTTP/1.1" 200 8088
186.79.245.232 - - [25/Apr/2017:10:31:21 -0300] "GET /cormun/servlet/trlicencias? HTTP/1.1" 200 8086
186.79.245.232 - - [25/Apr/2017:10:31:31 -0300] "GET /cormun/servlet/trlicenciaspermisosadjuntos?16663901,20170425000000,L, HTTP/1.1" 200 6580
186.79.245.232 - - [25/Apr/2017:10:31:32 -0300] "GET /cormun/servlet/trlicenciaspermisosadjuntos?16663901,20170425000000,L, HTTP/1.1" 200 6579
186.79.245.232 - - [25/Apr/2017:10:31:33 -0300] "GET /cormun/servlet/licenciaspermisosadjuntos?INS,16663901,L,20170425000000,, HTTP/1.1" 200 5397
186.79.245.232 - - [25/Apr/2017:10:31:34 -0300] "GET /cormun/static/about:blank HTTP/1.1" 404 1011
186.79.245.232 - - [25/Apr/2017:10:31:34 -0300] "GET /cormun/servlet/licenciaspermisosadjuntos?INS,16663901,L,20170425000000,, HTTP/1.1" 200 5387
200.112.4.154 - - [25/Apr/2017:10:31:36 -0300] "POST /cormun/servlet/trlicencias?9aa542977620ca4bcaf863eae4818504,gx-no-cache=1493124888917,gx-no-cache=1493127163435 HTTP/1.1" 200 4096
192.168.10.13 - - [25/Apr/2017:10:32:02 -0300] "GET / HTTP/1.1" 200 11217
186.79.245.232 - - [25/Apr/2017:10:32:16 -0300] "POST /cormun/servlet/licenciaspermisosadjuntos?e95d7a1a3eded73b10ecacabbbd8af21,INS,16663901,L,20170425000000,, HTTP/1.1" 200 116
186.79.245.232 - - [25/Apr/2017:10:32:16 -0300] "GET /cormun/servlet/hpexe_return? HTTP/1.1" 200 1041
186.79.245.232 - - [25/Apr/2017:10:32:16 -0300] "GET /cormun/servlet/trlicenciaspermisosadjuntos?16663901,20170425000000,L, HTTP/1.1" 200 6677
186.79.245.232 - - [25/Apr/2017:10:32:17 -0300] "GET /cormun/servlet/trlicenciaspermisosadjuntos?16663901,20170425000000,L, HTTP/1.1" 200 6673
200.86.184.230 - - [25/Apr/2017:10:32:57 -0300] "POST /cormun/servlet/tratrazos?daa7199604ab10702bca2fd0bb4e4948,,gx-no-cache=1493127239206 HTTP/1.1" 200 6282
200.86.184.230 - - [25/Apr/2017:10:32:59 -0300] "POST /cormun/servlet/tratrazos?daa7199604ab10702bca2fd0bb4e4948,,gx-no-cache=1493127241829 HTTP/1.1" 200 6113
200.86.184.230 - - [25/Apr/2017:10:33:01 -0300] "POST /cormun/servlet/tratrazos?daa7199604ab10702bca2fd0bb4e4948,,gx-no-cache=1493127243515 HTTP/1.1" 200 5978
192.168.10.13 - - [25/Apr/2017:10:33:02 -0300] "GET / HTTP/1.1" 200 11217
200.86.184.230 - - [25/Apr/2017:10:33:13 -0300] "GET /cormun/servlet/atrazos?UPD,76, HTTP/1.1" 200 6736
200.86.184.230 - - [25/Apr/2017:10:33:14 -0300] "GET /cormun/servlet/atrazos?UPD,76, HTTP/1.1" 200 6736
200.86.184.230 - - [25/Apr/2017:10:33:21 -0300] "GET /cormun/servlet/atrazos?57f38a13bc64d0b660a6249c66448f59d2ebc70811cbec59c28368cd52f75df1b23c62ff6e433e15b2cebc7f4d46c370,gx-no-cache=1493127263462 HTTP/1.1" 200 69
200.86.184.230 - - [25/Apr/2017:10:33:21 -0300] "GET /cormun/servlet/atrazos?57f38a13bc64d0b660a6249c66448f596773f5c2ba78ed07cbe6cae01df91de181fc1c03bbb12671d26bee41bd5c88dd,gx-no-cache=1493127263622 HTTP/1.1" 200 33
200.86.184.230 - - [25/Apr/2017:10:33:21 -0300] "GET /cormun/servlet/atrazos?57f38a13bc64d0b660a6249c66448f591119d7c7c6bd0a08d6091a0dd05f67c7905ee8fee5e165aa62ff09d5bbb67cb83fbfeaf1ab30417157cca71e62b12e3d0133449049a9d3eacabd07d34803f7a4f662d0c10a7dfcf492708463d90726496f5c9f2af6e6c40b6e163d1894fa28c90ff3c740fdca4afbba151e55ec757d07e9427fc46a6407c06a02692cd0755e4c817129090414449e83c51ab9e9bf6f49,gx-no-cache=1493127263981 HTTP/1.1" 200 44
200.86.184.230 - - [25/Apr/2017:10:33:21 -0300] "POST /cormun/servlet/atrazos?daa7199604ab10702bca2fd0bb4e4948,UPD,76,,gx-no-cache=1493127264057 HTTP/1.1" 200 93
200.86.184.230 - - [25/Apr/2017:10:33:22 -0300] "GET /cormun/servlet/hpexe_return? HTTP/1.1" 200 1000
200.86.184.230 - - [25/Apr/2017:10:33:22 -0300] "GET /cormun/servlet/tratrazos? HTTP/1.1" 200 8651
200.86.184.230 - - [25/Apr/2017:10:33:22 -0300] "GET /cormun/servlet/tratrazos? HTTP/1.1" 200 8647
200.86.184.230 - - [25/Apr/2017:10:33:26 -0300] "POST /cormun/servlet/tratrazos?daa7199604ab10702bca2fd0bb4e4948,,gx-no-cache=1493127269067 HTTP/1.1" 200 5830
200.86.184.230 - - [25/Apr/2017:10:33:26 -0300] "GET /cormun/static/Shared/jqueryui/images/ui-bg_highlight-soft_100_c6c2c8_1x100.png HTTP/1.1" 404 1117
200.86.184.230 - - [25/Apr/2017:10:33:27 -0300] "GET /cormun/static/Shared/jqueryui/images/ui-icons_8d78a5_256x240.png HTTP/1.1" 404 1089
200.86.184.230 - - [25/Apr/2017:10:33:27 -0300] "GET /cormun/static/Shared/jqueryui/images/ui-bg_flat_55_fafafa_40x100.png HTTP/1.1" 404 1097
200.86.184.230 - - [25/Apr/2017:10:33:27 -0300] "GET /cormun/static/Shared/jqueryui/images/ui-icons_82798d_256x240.png HTTP/1.1" 404 1089
200.86.184.230 - - [25/Apr/2017:10:33:28 -0300] "POST /cormun/servlet/tratrazos?daa7199604ab10702bca2fd0bb4e4948,,gx-no-cache=1493127270672 HTTP/1.1" 200 5675
192.168.10.13 - - [25/Apr/2017:10:34:02 -0300] "GET / HTTP/1.1" 200 11217
200.86.184.230 - - [25/Apr/2017:10:34:24 -0300] "GET /cormun/servlet/atrazos?INS,0, HTTP/1.1" 200 6698
200.86.184.230 - - [25/Apr/2017:10:34:25 -0300] "GET /cormun/servlet/atrazos?INS,0, HTTP/1.1" 200 6698
200.86.184.230 - - [25/Apr/2017:10:34:41 -0300] "GET /cormun/servlet/prfichaempleado?,MD,,gxPopupLevel%3D0%3B HTTP/1.1" 200 8786
200.86.184.230 - - [25/Apr/2017:10:34:50 -0300] "POST /cormun/servlet/prfichaempleado?daa7199604ab10702bca2fd0bb4e4948,,MD,,gxPopupLevel%3D0%3B,gx-no-cache=1493127352488 HTTP/1.1" 200 3450
200.86.184.230 - - [25/Apr/2017:10:34:54 -0300] "GET /cormun/servlet/atrazos?57f38a13bc64d0b660a6249c66448f59d2ebc70811cbec59c28368cd52f75df127cafa6329de687735579f71eb942935,gx-no-cache=1493127356326 HTTP/1.1" 200 69
200.86.184.230 - - [25/Apr/2017:10:34:54 -0300] "GET /cormun/static/menuarrow.gif HTTP/1.1" 404 1015
192.168.10.13 - - [25/Apr/2017:10:35:02 -0300] "GET / HTTP/1.1" 200 11217
200.86.184.230 - - [25/Apr/2017:10:35:03 -0300] "GET /cormun/servlet/atrazos?57f38a13bc64d0b660a6249c66448f596773f5c2ba78ed07cbe6cae01df91de1a3b33f691a694db989538be9c41bc433,gx-no-cache=1493127365663 HTTP/1.1" 200 33
200.86.184.230 - - [25/Apr/2017:10:35:12 -0300] "GET /cormun/servlet/atrazos?57f38a13bc64d0b660a6249c66448f591119d7c7c6bd0a08d6091a0dd05f67c7905ee8fee5e165aa62ff09d5bbb67cb83fbfeaf1ab30417157cca71e62b12e3d0133449049a9d3eacabd07d34803f7a4f662d0c10a7dfcf492708463d90726496f5c9f2af6e6c40b6e163d1894fa28c90ff3c740fdca4afbba151e55ec757d07a10008c3ab6993bcfb55ef0bfeb1caa314570d43e4151a2bc3d65063f4c866f0,gx-no-cache=1493127374718 HTTP/1.1" 200 44
200.86.184.230 - - [25/Apr/2017:10:35:12 -0300] "POST /cormun/servlet/atrazos?daa7199604ab10702bca2fd0bb4e4948,INS,0,,gx-no-cache=1493127374832 HTTP/1.1" 200 4222
200.86.184.230 - - [25/Apr/2017:10:35:12 -0300] "GET /cormun/static/Shared/jqueryui/images/ui-bg_highlight-soft_100_c6c2c8_1x100.png HTTP/1.1" 404 1117
200.86.184.230 - - [25/Apr/2017:10:35:12 -0300] "GET /cormun/static/Shared/jqueryui/images/ui-icons_82798d_256x240.png HTTP/1.1" 404 1089
200.86.184.230 - - [25/Apr/2017:10:35:12 -0300] "GET /cormun/static/Shared/jqueryui/images/ui-bg_flat_55_994d53_40x100.png HTTP/1.1" 404 1097
200.86.184.230 - - [25/Apr/2017:10:35:12 -0300] "GET /cormun/static/Shared/jqueryui/images/ui-icons_ebccce_256x240.png HTTP/1.1" 404 1089
200.86.184.230 - - [25/Apr/2017:10:35:33 -0300] "POST /cormun/servlet/atrazos?daa7199604ab10702bca2fd0bb4e4948,INS,0,,gx-no-cache=1493127395637 HTTP/1.1" 200 93
200.86.184.230 - - [25/Apr/2017:10:35:33 -0300] "GET /cormun/servlet/hpexe_return? HTTP/1.1" 200 999
200.86.184.230 - - [25/Apr/2017:10:35:33 -0300] "GET /cormun/servlet/tratrazos? HTTP/1.1" 200 8482
200.86.184.230 - - [25/Apr/2017:10:35:34 -0300] "GET /cormun/servlet/tratrazos? HTTP/1.1" 200 8478
200.86.184.230 - - [25/Apr/2017:10:35:51 -0300] "GET /cormun/servlet/atrazos?INS,0, HTTP/1.1" 200 6696
200.86.184.230 - - [25/Apr/2017:10:35:51 -0300] "GET /cormun/servlet/atrazos?INS,0, HTTP/1.1" 200 6697
200.86.184.230 - - [25/Apr/2017:10:35:59 -0300] "GET /cormun/servlet/tratrazosautorizar? HTTP/1.1" 200 10058
200.86.184.230 - - [25/Apr/2017:10:35:59 -0300] "GET /cormun/static/gxcfg.js?20173171156169 HTTP/1.1" 200 953
200.86.184.230 - - [25/Apr/2017:10:35:59 -0300] "GET /cormun/static/tratrazosautorizar.js?201731711562096 HTTP/1.1" 200 28636
200.86.184.230 - - [25/Apr/2017:10:35:59 -0300] "GET /cormun//static/Resources/PXToolsActionDisabled.gif HTTP/1.1" 200 53
200.86.184.230 - - [25/Apr/2017:10:36:00 -0300] "GET /cormun/servlet/tratrazosautorizar? HTTP/1.1" 200 10052
200.86.184.230 - - [25/Apr/2017:10:36:00 -0300] "POST /cormun/servlet/acontrolpreferencessavestate?None,GFAUNDEZ,true HTTP/1.1" 200 35
192.168.10.13 - - [25/Apr/2017:10:36:02 -0300] "GET / HTTP/1.1" 200 11217
200.86.184.230 - - [25/Apr/2017:10:36:18 -0300] "POST /cormun/servlet/tratrazosautorizar?daa7199604ab10702bca2fd0bb4e4948,,gx-no-cache=1493127440655 HTTP/1.1" 200 7462
200.86.184.230 - - [25/Apr/2017:10:36:18 -0300] "GET /cormun/static/Shared/jqueryui/images/ui-bg_highlight-soft_100_c6c2c8_1x100.png HTTP/1.1" 404 1117
200.86.184.230 - - [25/Apr/2017:10:36:18 -0300] "GET /cormun/static/Shared/jqueryui/images/ui-icons_82798d_256x240.png HTTP/1.1" 404 1089
200.86.184.230 - - [25/Apr/2017:10:36:18 -0300] "GET /cormun/static/Shared/jqueryui/images/ui-bg_flat_55_fafafa_40x100.png HTTP/1.1" 404 1097
200.86.184.230 - - [25/Apr/2017:10:36:18 -0300] "GET /cormun/static/Shared/jqueryui/images/ui-icons_8d78a5_256x240.png HTTP/1.1" 404 1089
200.86.184.230 - - [25/Apr/2017:10:36:26 -0300] "POST /cormun/servlet/tratrazosautorizar?daa7199604ab10702bca2fd0bb4e4948,,gx-no-cache=1493127448764 HTTP/1.1" 200 7461
200.86.184.230 - - [25/Apr/2017:10:36:29 -0300] "POST /cormun/servlet/tratrazosautorizar?daa7199604ab10702bca2fd0bb4e4948,,gx-no-cache=1493127451568 HTTP/1.1" 200 7461
200.86.184.230 - - [25/Apr/2017:10:36:32 -0300] "POST /cormun/servlet/tratrazosautorizar?daa7199604ab10702bca2fd0bb4e4948,,gx-no-cache=1493127454298 HTTP/1.1" 200 7461
200.86.184.230 - - [25/Apr/2017:10:36:33 -0300] "POST /cormun/servlet/tratrazosautorizar?daa7199604ab10702bca2fd0bb4e4948,,gx-no-cache=1493127455559 HTTP/1.1" 200 7461
200.86.184.230 - - [25/Apr/2017:10:36:35 -0300] "POST /cormun/servlet/tratrazosautorizar?daa7199604ab10702bca2fd0bb4e4948,,gx-no-cache=1493127457105 HTTP/1.1" 200 7461
200.86.184.230 - - [25/Apr/2017:10:36:36 -0300] "POST /cormun/servlet/tratrazosautorizar?daa7199604ab10702bca2fd0bb4e4948,,gx-no-cache=1493127458689 HTTP/1.1" 200 7462
200.86.184.230 - - [25/Apr/2017:10:36:38 -0300] "POST /cormun/servlet/tratrazosautorizar?daa7199604ab10702bca2fd0bb4e4948,,gx-no-cache=1493127460363 HTTP/1.1" 200 7461
200.86.184.230 - - [25/Apr/2017:10:36:39 -0300] "POST /cormun/servlet/tratrazosautorizar?daa7199604ab10702bca2fd0bb4e4948,,gx-no-cache=1493127461825 HTTP/1.1" 200 7462
200.86.184.230 - - [25/Apr/2017:10:36:41 -0300] "POST /cormun/servlet/tratrazosautorizar?daa7199604ab10702bca2fd0bb4e4948,,gx-no-cache=1493127463788 HTTP/1.1" 200 7461
200.86.184.230 - - [25/Apr/2017:10:36:43 -0300] "POST /cormun/servlet/tratrazosautorizar?daa7199604ab10702bca2fd0bb4e4948,,gx-no-cache=1493127465539 HTTP/1.1" 200 7461
200.86.184.230 - - [25/Apr/2017:10:36:45 -0300] "POST /cormun/servlet/tratrazosautorizar?daa7199604ab10702bca2fd0bb4e4948,,gx-no-cache=1493127467274 HTTP/1.1" 200 7460
200.86.184.230 - - [25/Apr/2017:10:36:58 -0300] "GET /cormun/servlet/tratrazos? HTTP/1.1" 200 8485
200.86.184.230 - - [25/Apr/2017:10:36:59 -0300] "GET /cormun/servlet/tratrazos? HTTP/1.1" 200 8485
200.86.184.230 - - [25/Apr/2017:10:37:02 -0300] "GET /cormun/servlet/atrazos?INS,0, HTTP/1.1" 200 6704
192.168.10.13 - - [25/Apr/2017:10:37:02 -0300] "GET / HTTP/1.1" 200 11217
200.86.184.230 - - [25/Apr/2017:10:37:02 -0300] "GET /cormun/servlet/atrazos?INS,0, HTTP/1.1" 200 6705
200.86.184.230 - - [25/Apr/2017:10:37:23 -0300] "GET /cormun/servlet/prfichaempleado?,MD,,gxPopupLevel%3D0%3B HTTP/1.1" 200 8795
200.86.184.230 - - [25/Apr/2017:10:37:45 -0300] "POST /cormun/servlet/prfichaempleado?daa7199604ab10702bca2fd0bb4e4948,,MD,,gxPopupLevel%3D0%3B,gx-no-cache=1493127527701 HTTP/1.1" 200 3402
200.86.184.230 - - [25/Apr/2017:10:37:49 -0300] "GET /cormun/servlet/atrazos?57f38a13bc64d0b660a6249c66448f59d074d97f5fbd9bf2bde1592158514cb827cafa6329de687735579f71eb942935,gx-no-cache=1493127531476 HTTP/1.1" 200 78
200.86.184.230 - - [25/Apr/2017:10:37:49 -0300] "GET /cormun/static/menuarrow.gif HTTP/1.1" 404 1015
200.86.184.230 - - [25/Apr/2017:10:37:56 -0300] "GET /cormun/servlet/atrazos?57f38a13bc64d0b660a6249c66448f596773f5c2ba78ed07cbe6cae01df91de19074f15b70622dcf5731887dde4dd0f9,gx-no-cache=1493127538787 HTTP/1.1" 200 33
200.86.184.230 - - [25/Apr/2017:10:37:56 -0300] "GET /cormun/servlet/atrazos?57f38a13bc64d0b660a6249c66448f591119d7c7c6bd0a08d6091a0dd05f67c7905ee8fee5e165aa62ff09d5bbb67cb83fbfeaf1ab30417157cca71e62b12e3d0133449049a9d3eacabd07d34803f7a4f662d0c10a7dfcf492708463d90726496f5c9f2af6e6c40b6e163d1894fa28c90ff3c740fdca4afbba151e55ec757d074a45077a3aefbd7fdfe433c4bb7fd46b0375b16c1290df62efe58e9403af89e4,gx-no-cache=1493127538843 HTTP/1.1" 200 124
200.86.184.230 - - [25/Apr/2017:10:37:56 -0300] "GET /cormun/static/Shared/jqueryui/images/ui-bg_highlight-soft_100_c6c2c8_1x100.png HTTP/1.1" 404 1117
200.86.184.230 - - [25/Apr/2017:10:37:56 -0300] "GET /cormun/static/Shared/jqueryui/images/ui-icons_82798d_256x240.png HTTP/1.1" 404 1089
200.86.184.230 - - [25/Apr/2017:10:37:56 -0300] "GET /cormun/static/Shared/jqueryui/images/ui-icons_ebccce_256x240.png HTTP/1.1" 404 1089
200.86.184.230 - - [25/Apr/2017:10:37:56 -0300] "GET /cormun/static/Shared/jqueryui/images/ui-bg_flat_55_994d53_40x100.png HTTP/1.1" 404 1097
192.168.10.13 - - [25/Apr/2017:10:38:02 -0300] "GET / HTTP/1.1" 200 11217
200.86.184.230 - - [25/Apr/2017:10:38:04 -0300] "POST /cormun/servlet/atrazos?daa7199604ab10702bca2fd0bb4e4948,INS,0,,gx-no-cache=1493127546409 HTTP/1.1" 200 4234
200.86.184.230 - - [25/Apr/2017:10:38:13 -0300] "GET /cormun/servlet/atrazos?57f38a13bc64d0b660a6249c66448f591119d7c7c6bd0a08d6091a0dd05f67c7905ee8fee5e165aa62ff09d5bbb67cb83fbfeaf1ab30417157cca71e62b12e3d0133449049a9d3eacabd07d34803f7a4f662d0c10a7dfcf492708463d90726496f5c9f2af6e6c40b6e163d1894fa28c90ff3c740fdca4afbba151e55ec757d07b273425d88adf10e13d75c02557668c76621050e15a341e1d5b4c3f883945eca,gx-no-cache=1493127555864 HTTP/1.1" 200 43
200.86.184.230 - - [25/Apr/2017:10:38:13 -0300] "POST /cormun/servlet/atrazos?daa7199604ab10702bca2fd0bb4e4948,INS,0,,gx-no-cache=1493127555911 HTTP/1.1" 200 93
200.86.184.230 - - [25/Apr/2017:10:38:13 -0300] "GET /cormun/servlet/hpexe_return? HTTP/1.1" 200 998
200.86.184.230 - - [25/Apr/2017:10:38:13 -0300] "GET /cormun/servlet/tratrazos HTTP/1.1" 200 8630
200.86.184.230 - - [25/Apr/2017:10:38:14 -0300] "GET /cormun/servlet/tratrazos HTTP/1.1" 200 8626
200.86.184.230 - - [25/Apr/2017:10:38:18 -0300] "GET /cormun/servlet/atrazos?INS,0, HTTP/1.1" 200 6704
200.86.184.230 - - [25/Apr/2017:10:38:18 -0300] "GET /cormun/servlet/atrazos?INS,0, HTTP/1.1" 200 6705
200.86.184.230 - - [25/Apr/2017:10:38:29 -0300] "GET /cormun/servlet/prfichaempleado?,MD,,gxPopupLevel%3D0%3B HTTP/1.1" 200 8795
200.86.184.230 - - [25/Apr/2017:10:38:38 -0300] "POST /cormun/servlet/prfichaempleado?daa7199604ab10702bca2fd0bb4e4948,,MD,,gxPopupLevel%3D0%3B,gx-no-cache=1493127580313 HTTP/1.1" 200 3402
200.86.184.230 - - [25/Apr/2017:10:38:43 -0300] "GET /cormun/servlet/atrazos?57f38a13bc64d0b660a6249c66448f59d074d97f5fbd9bf2bde1592158514cb827cafa6329de687735579f71eb942935,gx-no-cache=1493127585594 HTTP/1.1" 200 78
200.86.184.230 - - [25/Apr/2017:10:38:43 -0300] "GET /cormun/static/menuarrow.gif HTTP/1.1" 404 1015
200.86.184.230 - - [25/Apr/2017:10:38:45 -0300] "GET /cormun/servlet/atrazos?57f38a13bc64d0b660a6249c66448f596773f5c2ba78ed07cbe6cae01df91de1573e261983cdf6c3009073c78bb597f4,gx-no-cache=1493127588330 HTTP/1.1" 200 33
200.86.184.230 - - [25/Apr/2017:10:38:46 -0300] "GET /cormun/servlet/atrazos?57f38a13bc64d0b660a6249c66448f591119d7c7c6bd0a08d6091a0dd05f67c7905ee8fee5e165aa62ff09d5bbb67cb83fbfeaf1ab30417157cca71e62b12e3d0133449049a9d3eacabd07d34803f7a4f662d0c10a7dfcf492708463d90726496f5c9f2af6e6c40b6e163d1894fa28c90ff3c740fdca4afbba151e55ec757d07a71301580418f3ee711643b0e6d291df0375b16c1290df62efe58e9403af89e4,gx-no-cache=1493127588403 HTTP/1.1" 200 124
200.86.184.230 - - [25/Apr/2017:10:38:46 -0300] "GET /cormun/static/Shared/jqueryui/images/ui-bg_highlight-soft_100_c6c2c8_1x100.png HTTP/1.1" 404 1117
200.86.184.230 - - [25/Apr/2017:10:38:46 -0300] "GET /cormun/static/Shared/jqueryui/images/ui-bg_flat_55_994d53_40x100.png HTTP/1.1" 404 1097
200.86.184.230 - - [25/Apr/2017:10:38:46 -0300] "GET /cormun/static/Shared/jqueryui/images/ui-icons_82798d_256x240.png HTTP/1.1" 404 1089
200.86.184.230 - - [25/Apr/2017:10:38:46 -0300] "GET /cormun/static/Shared/jqueryui/images/ui-icons_ebccce_256x240.png HTTP/1.1" 404 1089
192.168.10.13 - - [25/Apr/2017:10:39:02 -0300] "GET / HTTP/1.1" 200 11217
207.46.13.77 - - [25/Apr/2017:10:39:09 -0300] "GET /cormun/static/gxcfg.js?201731711483497 HTTP/1.1" 200 953
207.46.13.77 - - [25/Apr/2017:10:39:10 -0300] "GET /cormun/static/gxcfg.js?201731711483497 HTTP/1.1" 200 953
157.55.39.185 - - [25/Apr/2017:10:39:13 -0300] "GET /cormun/static/PXToolsJavascripts/pexe_scrolldiv.js HTTP/1.1" 200 4138
192.168.10.13 - - [25/Apr/2017:10:40:02 -0300] "GET / HTTP/1.1" 200 11217
200.86.184.230 - - [25/Apr/2017:10:40:30 -0300] "POST /cormun/servlet/atrazos?daa7199604ab10702bca2fd0bb4e4948,INS,0,,gx-no-cache=1493127692445 HTTP/1.1" 200 4246
200.86.184.230 - - [25/Apr/2017:10:40:56 -0300] "GET /cormun/servlet/atrazos?57f38a13bc64d0b660a6249c66448f591119d7c7c6bd0a08d6091a0dd05f67c7905ee8fee5e165aa62ff09d5bbb67cb83fbfeaf1ab30417157cca71e62b12e3d0133449049a9d3eacabd07d34803f7a4f662d0c10a7dfcf492708463d90726496f5c9f2af6e6c40b6e163d1894fa28c90ff3c740fdca4afbba151e55ec757d079e89be3606d15022179015fe828c704729d0d8a056ef681fae3b180a7e15b6f8,gx-no-cache=1493127718269 HTTP/1.1" 200 44
200.86.184.230 - - [25/Apr/2017:10:40:56 -0300] "POST /cormun/servlet/atrazos?daa7199604ab10702bca2fd0bb4e4948,INS,0,,gx-no-cache=1493127718412 HTTP/1.1" 200 93
200.86.184.230 - - [25/Apr/2017:10:40:56 -0300] "GET /cormun/servlet/hpexe_return? HTTP/1.1" 200 998
200.86.184.230 - - [25/Apr/2017:10:40:56 -0300] "GET /cormun/servlet/tratrazos HTTP/1.1" 200 8770
200.86.184.230 - - [25/Apr/2017:10:40:57 -0300] "GET /cormun/servlet/tratrazos HTTP/1.1" 200 8766
200.86.184.230 - - [25/Apr/2017:10:41:02 -0300] "GET /cormun/servlet/atrazos?INS,0, HTTP/1.1" 200 6704
192.168.10.13 - - [25/Apr/2017:10:41:02 -0300] "GET / HTTP/1.1" 200 11217
200.86.184.230 - - [25/Apr/2017:10:41:02 -0300] "GET /cormun/servlet/atrazos?INS,0, HTTP/1.1" 200 6705
200.86.184.230 - - [25/Apr/2017:10:41:18 -0300] "GET /cormun/servlet/prfichaempleado?,MD,,gxPopupLevel%3D0%3B HTTP/1.1" 200 8795
200.86.184.230 - - [25/Apr/2017:10:41:24 -0300] "POST /cormun/servlet/prfichaempleado?daa7199604ab10702bca2fd0bb4e4948,,MD,,gxPopupLevel%3D0%3B,gx-no-cache=1493127747049 HTTP/1.1" 200 3402
192.168.10.13 - - [25/Apr/2017:10:42:02 -0300] "GET / HTTP/1.1" 200 11217
190.151.100.218 - - [25/Apr/2017:10:42:13 -0300] "GET /cormun/servlet/trlicencias? HTTP/1.1" 200 7780
190.151.100.218 - - [25/Apr/2017:10:42:14 -0300] "GET /cormun/servlet/trlicencias? HTTP/1.1" 200 7778
190.151.100.218 - - [25/Apr/2017:10:42:27 -0300] "GET /cormun/servlet/alicenciaprn?13720783,L,20170425000000,PU HTTP/1.1" 200 1536
192.168.10.13 - - [25/Apr/2017:10:43:02 -0300] "GET / HTTP/1.1" 200 11217
192.168.10.13 - - [25/Apr/2017:10:44:02 -0300] "GET / HTTP/1.1" 200 11217
192.168.10.13 - - [25/Apr/2017:10:45:02 -0300] "GET / HTTP/1.1" 200 11217
192.168.10.13 - - [25/Apr/2017:10:46:02 -0300] "GET / HTTP/1.1" 200 11217
192.168.10.13 - - [25/Apr/2017:10:47:02 -0300] "GET / HTTP/1.1" 200 11217
192.168.10.13 - - [25/Apr/2017:10:48:02 -0300] "GET / HTTP/1.1" 200 11217
186.79.118.23 - - [25/Apr/2017:10:48:08 -0300] "GET /cormun/servlet/hlogin HTTP/1.1" 200 1728
186.79.118.23 - - [25/Apr/2017:10:48:19 -0300] "POST /cormun/servlet/hlogin?4c935ffb1f88b91d3b9c6d91589b3f63,gx-no-cache=1493128163352 HTTP/1.1" 200 90
186.79.118.23 - - [25/Apr/2017:10:48:19 -0300] "GET /cormun/servlet/hpexe_link HTTP/1.1" 200 956
186.79.118.23 - - [25/Apr/2017:10:48:19 -0300] "GET /cormun/servlet/hhome HTTP/1.1" 200 4018
186.79.118.23 - - [25/Apr/2017:10:48:21 -0300] "GET /cormun/servlet/hhome HTTP/1.1" 200 4014
186.79.118.23 - - [25/Apr/2017:10:48:25 -0300] "GET /cormun/servlet/trcontratounov2? HTTP/1.1" 200 16802
186.79.118.23 - - [25/Apr/2017:10:48:25 -0300] "GET /cormun/static/gxcfg.js?201731711595461 HTTP/1.1" 200 953
186.79.118.23 - - [25/Apr/2017:10:48:25 -0300] "GET /cormun/static/Resources/PXToolsAddSelectedAction.png HTTP/1.1" 200 3660
186.79.118.23 - - [25/Apr/2017:10:48:26 -0300] "GET /cormun//static/Resources/PXToolsActionDisabled.gif HTTP/1.1" 200 53
186.79.118.23 - - [25/Apr/2017:10:48:26 -0300] "GET /cormun/servlet/trcontratounov2? HTTP/1.1" 200 16805
192.168.10.13 - - [25/Apr/2017:10:49:02 -0300] "GET / HTTP/1.1" 200 11217
186.79.118.23 - - [25/Apr/2017:10:49:40 -0300] "POST /cormun/servlet/trcontratounov2?4c935ffb1f88b91d3b9c6d91589b3f63,,gx-no-cache=1493128235767 HTTP/1.1" 200 16849
186.79.118.23 - - [25/Apr/2017:10:49:41 -0300] "GET /cormun/static/Resources/PXToolsGridLast.gif HTTP/1.1" 200 370
186.79.118.23 - - [25/Apr/2017:10:49:42 -0300] "GET /cormun/static/Resources/PXToolsGridNext.gif HTTP/1.1" 200 369
192.168.10.13 - - [25/Apr/2017:10:50:02 -0300] "GET / HTTP/1.1" 200 11217
186.79.118.23 - - [25/Apr/2017:10:50:03 -0300] "POST /cormun/servlet/trcontratounov2?4c935ffb1f88b91d3b9c6d91589b3f63,,gx-no-cache=1493128263317 HTTP/1.1" 200 10041
200.86.184.230 - - [25/Apr/2017:10:50:38 -0300] "GET /cormun/servlet/atrazos?57f38a13bc64d0b660a6249c66448f59d074d97f5fbd9bf2bde1592158514cb827cafa6329de687735579f71eb942935,gx-no-cache=1493128300459 HTTP/1.1" 200 78
200.86.184.230 - - [25/Apr/2017:10:50:38 -0300] "GET /cormun/static/menuarrow.gif HTTP/1.1" 404 1015
200.86.184.230 - - [25/Apr/2017:10:50:50 -0300] "GET /cormun/servlet/tratrazos? HTTP/1.1" 200 8767
200.86.184.230 - - [25/Apr/2017:10:50:51 -0300] "GET /cormun/servlet/tratrazos? HTTP/1.1" 200 8766
200.86.184.230 - - [25/Apr/2017:10:51:00 -0300] "GET /cormun/servlet/atrazos?INS,0, HTTP/1.1" 200 6704
200.86.184.230 - - [25/Apr/2017:10:51:00 -0300] "GET /cormun/servlet/atrazos?INS,0, HTTP/1.1" 200 6705
192.168.10.13 - - [25/Apr/2017:10:51:02 -0300] "GET / HTTP/1.1" 200 11217
200.86.184.230 - - [25/Apr/2017:10:51:07 -0300] "GET /cormun/servlet/prfichaempleado?,MD,,gxPopupLevel%3D0%3B HTTP/1.1" 200 8795
200.86.184.230 - - [25/Apr/2017:10:51:08 -0300] "GET /cormun/servlet/prfichaempleado?,MD,,gxPopupLevel%3D0%3B,gxPopupLevel%3D0%3B HTTP/1.1" 200 8806
200.86.184.230 - - [25/Apr/2017:10:51:15 -0300] "POST /cormun/servlet/prfichaempleado?daa7199604ab10702bca2fd0bb4e4948,,MD,,gxPopupLevel%3D0%3B,gxPopupLevel%3D0%3B,gx-no-cache=1493128337677 HTTP/1.1" 200 3418
200.86.184.230 - - [25/Apr/2017:10:51:18 -0300] "GET /cormun/servlet/atrazos?57f38a13bc64d0b660a6249c66448f59d074d97f5fbd9bf2bde1592158514cb827cafa6329de687735579f71eb942935,gx-no-cache=1493128341297 HTTP/1.1" 200 78
200.86.184.230 - - [25/Apr/2017:10:51:19 -0300] "GET /cormun/static/menuarrow.gif HTTP/1.1" 404 1015
200.86.184.230 - - [25/Apr/2017:10:51:22 -0300] "GET /cormun/servlet/atrazos?57f38a13bc64d0b660a6249c66448f596773f5c2ba78ed07cbe6cae01df91de180b36b663ed24cfac0044e2b9234c280,gx-no-cache=1493128344728 HTTP/1.1" 200 33
200.86.184.230 - - [25/Apr/2017:10:51:30 -0300] "GET /cormun/servlet/atrazos?57f38a13bc64d0b660a6249c66448f591119d7c7c6bd0a08d6091a0dd05f67c7905ee8fee5e165aa62ff09d5bbb67cb83fbfeaf1ab30417157cca71e62b12e3d0133449049a9d3eacabd07d34803f7a4f662d0c10a7dfcf492708463d90726496f5c9f2af6e6c40b6e163d1894fa28c90ff3c740fdca4afbba151e55ec757d075ed224dcde652af7c5269330d32d554914570d43e4151a2bc3d65063f4c866f0,gx-no-cache=1493128352438 HTTP/1.1" 200 44
200.86.184.230 - - [25/Apr/2017:10:51:49 -0300] "POST /cormun/servlet/atrazos?daa7199604ab10702bca2fd0bb4e4948,INS,0,,gx-no-cache=1493128371310 HTTP/1.1" 200 93
200.86.184.230 - - [25/Apr/2017:10:51:49 -0300] "GET /cormun/servlet/hpexe_return? HTTP/1.1" 200 998
200.86.184.230 - - [25/Apr/2017:10:51:49 -0300] "GET /cormun/servlet/tratrazos HTTP/1.1" 200 8904
200.86.184.230 - - [25/Apr/2017:10:51:50 -0300] "GET /cormun/servlet/tratrazos HTTP/1.1" 200 8900
200.86.184.230 - - [25/Apr/2017:10:51:54 -0300] "GET /cormun/servlet/atrazos?INS,0, HTTP/1.1" 200 6705
200.86.184.230 - - [25/Apr/2017:10:51:54 -0300] "GET /cormun/servlet/atrazos?INS,0, HTTP/1.1" 200 6705
192.168.10.13 - - [25/Apr/2017:10:52:02 -0300] "GET / HTTP/1.1" 200 11217
200.86.184.230 - - [25/Apr/2017:10:52:07 -0300] "GET /cormun/servlet/prfichaempleado?,MD,,gxPopupLevel%3D0%3B HTTP/1.1" 200 8795
200.86.184.230 - - [25/Apr/2017:10:52:13 -0300] "POST /cormun/servlet/prfichaempleado?daa7199604ab10702bca2fd0bb4e4948,,MD,,gxPopupLevel%3D0%3B,gx-no-cache=1493128396098 HTTP/1.1" 200 3402
200.86.184.230 - - [25/Apr/2017:10:52:17 -0300] "GET /cormun/servlet/atrazos?57f38a13bc64d0b660a6249c66448f59d074d97f5fbd9bf2bde1592158514cb827cafa6329de687735579f71eb942935,gx-no-cache=1493128399501 HTTP/1.1" 200 78
200.86.184.230 - - [25/Apr/2017:10:52:17 -0300] "GET /cormun/static/menuarrow.gif HTTP/1.1" 404 1015
200.86.184.230 - - [25/Apr/2017:10:52:20 -0300] "GET /cormun/servlet/atrazos?57f38a13bc64d0b660a6249c66448f596773f5c2ba78ed07cbe6cae01df91de19e52be26e3806cb29e1081c4ba39822c,gx-no-cache=1493128403182 HTTP/1.1" 200 33
200.86.184.230 - - [25/Apr/2017:10:52:28 -0300] "GET /cormun/servlet/atrazos?57f38a13bc64d0b660a6249c66448f591119d7c7c6bd0a08d6091a0dd05f67c7905ee8fee5e165aa62ff09d5bbb67cb83fbfeaf1ab30417157cca71e62b12e3d0133449049a9d3eacabd07d34803f7a4f662d0c10a7dfcf492708463d90726496f5c9f2af6e6c40b6e163d1894fa28c90ff3c740fdca4afbba151e55ec757d073342bed88788250aca0e2092bfad60e914570d43e4151a2bc3d65063f4c866f0,gx-no-cache=1493128411031 HTTP/1.1" 200 44
200.86.184.230 - - [25/Apr/2017:10:52:52 -0300] "POST /cormun/servlet/atrazos?daa7199604ab10702bca2fd0bb4e4948,INS,0,,gx-no-cache=1493128434936 HTTP/1.1" 200 93
200.86.184.230 - - [25/Apr/2017:10:52:52 -0300] "GET /cormun/servlet/hpexe_return? HTTP/1.1" 200 998
200.86.184.230 - - [25/Apr/2017:10:52:53 -0300] "GET /cormun/servlet/tratrazos HTTP/1.1" 200 9050
200.86.184.230 - - [25/Apr/2017:10:52:54 -0300] "GET /cormun/servlet/tratrazos HTTP/1.1" 200 9046
200.86.184.230 - - [25/Apr/2017:10:52:57 -0300] "GET /cormun/servlet/atrazos?INS,0, HTTP/1.1" 200 6705
200.86.184.230 - - [25/Apr/2017:10:52:57 -0300] "GET /cormun/servlet/atrazos?INS,0, HTTP/1.1" 200 6705
192.168.10.13 - - [25/Apr/2017:10:53:02 -0300] "GET / HTTP/1.1" 200 11217
200.86.184.230 - - [25/Apr/2017:10:53:07 -0300] "GET /cormun/servlet/atrazos?57f38a13bc64d0b660a6249c66448f59d074d97f5fbd9bf2bde1592158514cb827cafa6329de687735579f71eb942935,gx-no-cache=1493128449842 HTTP/1.1" 200 78
200.86.184.230 - - [25/Apr/2017:10:53:07 -0300] "GET /cormun/static/menuarrow.gif HTTP/1.1" 404 1015
200.86.184.230 - - [25/Apr/2017:10:53:14 -0300] "GET /cormun/servlet/atrazos?57f38a13bc64d0b660a6249c66448f596773f5c2ba78ed07cbe6cae01df91de1acdb1aaae56b877434010bf0a49418a2,gx-no-cache=1493128456445 HTTP/1.1" 200 33
200.86.184.230 - - [25/Apr/2017:10:53:23 -0300] "GET /cormun/servlet/atrazos?57f38a13bc64d0b660a6249c66448f591119d7c7c6bd0a08d6091a0dd05f67c7905ee8fee5e165aa62ff09d5bbb67cb83fbfeaf1ab30417157cca71e62b12e3d0133449049a9d3eacabd07d34803f7a4f662d0c10a7dfcf492708463d90726496f5c9f2af6e6c40b6e163d1894fa28c90ff3c740fdca4afbba151e55ec757d071a26f1aeeb0a5c0c97041462e48091c0d0e6445db789a007838b3305751ca2aa,gx-no-cache=1493128465601 HTTP/1.1" 200 44
200.86.184.230 - - [25/Apr/2017:10:53:39 -0300] "POST /cormun/servlet/atrazos?daa7199604ab10702bca2fd0bb4e4948,INS,0,,gx-no-cache=1493128482038 HTTP/1.1" 200 93
200.86.184.230 - - [25/Apr/2017:10:53:39 -0300] "GET /cormun/servlet/hpexe_return? HTTP/1.1" 200 998
200.86.184.230 - - [25/Apr/2017:10:53:40 -0300] "GET /cormun/servlet/tratrazos HTTP/1.1" 200 9186
200.86.184.230 - - [25/Apr/2017:10:53:40 -0300] "GET /cormun/servlet/tratrazos HTTP/1.1" 200 9182
200.86.184.230 - - [25/Apr/2017:10:53:43 -0300] "GET /cormun/servlet/atrazos?INS,0, HTTP/1.1" 200 6705
