200.86.95.220 - - [25/Apr/2017:13:38:15 -0300] "GET /cormun/servlet/hlogin HTTP/1.1" 200 1720
200.86.95.220 - - [25/Apr/2017:13:38:24 -0300] "POST /cormun/servlet/hlogin?388fbd59acb20b1e6bda95a40f9fc105,gx-no-cache=1493138368070 HTTP/1.1" 200 90
200.86.95.220 - - [25/Apr/2017:13:38:24 -0300] "GET /cormun/servlet/hpexe_link HTTP/1.1" 200 948
200.86.95.220 - - [25/Apr/2017:13:38:24 -0300] "GET /cormun/servlet/hhome HTTP/1.1" 200 3769
200.86.95.220 - - [25/Apr/2017:13:38:26 -0300] "GET /cormun/servlet/hhome HTTP/1.1" 200 3766
200.86.95.220 - - [25/Apr/2017:13:38:30 -0300] "GET /cormun/servlet/trsolicitudot? HTTP/1.1" 200 8001
200.86.95.220 - - [25/Apr/2017:13:38:31 -0300] "GET /cormun/servlet/trsolicitudot? HTTP/1.1" 200 7999
200.86.95.220 - - [25/Apr/2017:13:38:35 -0300] "POST /cormun/servlet/trsolicitudot?388fbd59acb20b1e6bda95a40f9fc105,,gx-no-cache=1493138378905 HTTP/1.1" 200 106
200.86.95.220 - - [25/Apr/2017:13:38:35 -0300] "GET /cormun/servlet/trsolicitudadjuntos?2017,6217, HTTP/1.1" 200 8352
186.79.34.25 - - [25/Apr/2017:13:38:36 -0300] "GET /cormun/servlet/licenciaspermisos?ee0112fef5276423617426082168ddad48360712c19950b4a575a5ba711e70d6410e7e5e50ea6ea0a7607d4a891fc882b4d104c29415470a9beb9ea7dd04dbe05fb1fe35ca23f12729e042aa1526cf9547580288943ae16c9e7f434020d0b0ce2fcbf5937e496cb8d63c93e56a316a7856e7c5a4790281d028d13edea6cbffa338ba31ff61dd09199988163d458a27aff71e6e048652d602e83e58b015c899c783a76a684dd25eea3e3b670806a5ca33,gx-no-cache=1493138378732 HTTP/1.1" 200 30
186.79.34.25 - - [25/Apr/2017:13:38:36 -0300] "POST /cormun/servlet/licenciaspermisos?5e2ccef7d967ad40d8dafde4c89d2111,INS,0,,,,gx-no-cache=1493138378858 HTTP/1.1" 200 4532
200.86.95.220 - - [25/Apr/2017:13:38:37 -0300] "GET /cormun/servlet/trsolicitudadjuntos?2017,6217, HTTP/1.1" 200 8356
200.86.95.220 - - [25/Apr/2017:13:38:47 -0300] "GET /cormun/servlet/solicitudotadjuntos?INS,2017,6217,,1, HTTP/1.1" 200 5808
200.86.95.220 - - [25/Apr/2017:13:38:47 -0300] "GET /cormun/static/about:blank HTTP/1.1" 404 1011
200.86.95.220 - - [25/Apr/2017:13:38:48 -0300] "GET /cormun/servlet/solicitudotadjuntos?INS,2017,6217,,1, HTTP/1.1" 200 5802
200.86.95.220 - - [25/Apr/2017:13:38:48 -0300] "GET /cormun/servlet/solicitudotadjuntos?04124e7b64348ffc61ae9e1a4099db30865cd2a7dbf321095bc12fd06c124569b75cd84cb68b5b2e67bb0b8109500529,gx-no-cache=1493138392225 HTTP/1.1" 200 30
200.86.95.220 - - [25/Apr/2017:13:38:49 -0300] "POST /cormun/servlet/solicitudotadjuntos?388fbd59acb20b1e6bda95a40f9fc105,INS,2017,6217,,1,,gx-no-cache=1493138392346 HTTP/1.1" 200 3638
200.86.95.220 - - [25/Apr/2017:13:38:56 -0300] "POST /cormun/servlet/solicitudotadjuntos?gx-no-cache=1493138398361 HTTP/1.1" 200 26
192.168.10.13 - - [25/Apr/2017:13:39:02 -0300] "GET / HTTP/1.1" 200 11217
200.86.95.220 - - [25/Apr/2017:13:39:04 -0300] "GET /cormun/servlet/solicitudotadjuntos?04124e7b64348ffc61ae9e1a4099db3025b44cf145e979dc92d1b980e6848ddd,gx-no-cache=1493138407532 HTTP/1.1" 200 30
200.86.95.220 - - [25/Apr/2017:13:39:04 -0300] "GET /cormun/servlet/solicitudotadjuntos?04124e7b64348ffc61ae9e1a4099db3025b44cf145e979dc92d1b980e6848ddd,gx-no-cache=1493138407578 HTTP/1.1" 200 30
200.86.95.220 - - [25/Apr/2017:13:39:05 -0300] "POST /cormun/servlet/solicitudotadjuntos?388fbd59acb20b1e6bda95a40f9fc105,INS,2017,6217,,1, HTTP/1.1" 200 116
200.86.95.220 - - [25/Apr/2017:13:39:05 -0300] "GET /cormun/servlet/hpexe_return? HTTP/1.1" 200 1022
200.86.95.220 - - [25/Apr/2017:13:39:06 -0300] "GET /cormun/servlet/trsolicitudadjuntos?2017,6217, HTTP/1.1" 200 8491
200.86.95.220 - - [25/Apr/2017:13:39:07 -0300] "GET /cormun/servlet/trsolicitudadjuntos?2017,6217, HTTP/1.1" 200 8488
186.79.34.25 - - [25/Apr/2017:13:39:08 -0300] "GET /cormun/servlet/licenciaspermisos?ee0112fef5276423617426082168ddad5a0ad8e96b441801a5a1ea4d887cd2313471d51b60270e16b64ba85f8729a1a85c016221e165055569ebe0d3292a1624e531069242d03e0430248a12d80ae5c432f09cafc7d9d2d95323a192d42df6a1dd9a0eeedc6f4aee1b00c19f2237d4fae641d88b7c2d2b2d233eb584007a8a9cdd49e50ff9f1b3712f53b637535bb27a32d85b30ef32c03293fb2433a5527e78bf17f07df9a72cda8b6f5e755ffd00b5dcb7b1259d978f92332410dbef826c26ca0e9c599747eecfe7ef8b328499bfdc9a1cf5ef9937665569dbb55396417f7d9eef4966596bae5e05905dfb4e789f03,gx-no-cache=1493138410848 HTTP/1.1" 200 58
200.86.95.220 - - [25/Apr/2017:13:39:10 -0300] "GET /cormun/servlet/solicitudotadjuntos?INS,2017,6217,,1, HTTP/1.1" 200 5808
186.79.34.25 - - [25/Apr/2017:13:39:10 -0300] "POST /cormun/servlet/licenciaspermisos?5e2ccef7d967ad40d8dafde4c89d2111,INS,0,,,,gx-no-cache=1493138412707 HTTP/1.1" 200 93
200.86.95.220 - - [25/Apr/2017:13:39:10 -0300] "GET /cormun/static/about:blank HTTP/1.1" 404 1011
186.79.34.25 - - [25/Apr/2017:13:39:10 -0300] "GET /cormun/servlet/hpexe_return? HTTP/1.1" 200 1010
186.79.34.25 - - [25/Apr/2017:13:39:10 -0300] "GET /cormun/static/Resources/Spanish/PXTools.css?167811 HTTP/1.1" 304 -
186.79.34.25 - - [25/Apr/2017:13:39:10 -0300] "GET /cormun/static/hpexe_return.js?2016101716175153 HTTP/1.1" 304 -
186.79.34.25 - - [25/Apr/2017:13:39:11 -0300] "GET /cormun/servlet/trlicencias HTTP/1.1" 200 7853
200.86.95.220 - - [25/Apr/2017:13:39:11 -0300] "GET /cormun/servlet/solicitudotadjuntos?INS,2017,6217,,1, HTTP/1.1" 200 5802
186.79.34.25 - - [25/Apr/2017:13:39:11 -0300] "GET /cormun/servlet/trlicencias HTTP/1.1" 200 7850
200.86.95.220 - - [25/Apr/2017:13:39:12 -0300] "GET /cormun/servlet/solicitudotadjuntos?04124e7b64348ffc61ae9e1a4099db30865cd2a7dbf321095bc12fd06c124569b75cd84cb68b5b2e67bb0b8109500529,gx-no-cache=1493138415239 HTTP/1.1" 200 30
200.86.95.220 - - [25/Apr/2017:13:39:12 -0300] "POST /cormun/servlet/solicitudotadjuntos?388fbd59acb20b1e6bda95a40f9fc105,INS,2017,6217,,1,,gx-no-cache=1493138415655 HTTP/1.1" 200 3638
200.86.95.220 - - [25/Apr/2017:13:39:16 -0300] "POST /cormun/servlet/solicitudotadjuntos?gx-no-cache=1493138419424 HTTP/1.1" 200 26
186.103.159.182 - - [25/Apr/2017:13:39:17 -0300] "POST /cormun/servlet/solicitudot?gx-no-cache=1493138420130 HTTP/1.1" 200 3222
186.103.159.182 - - [25/Apr/2017:13:39:17 -0300] "POST /cormun/servlet/solicitudot?4dd28546d2384a412022a15945983be0,INS,0,0,,gx-no-cache=1493138420535 HTTP/1.1" 200 9968
186.79.34.25 - - [25/Apr/2017:13:39:19 -0300] "GET /cormun/servlet/trlicenciaspermisosadjuntos?11672855,20170425000000,L, HTTP/1.1" 200 6159
186.79.34.25 - - [25/Apr/2017:13:39:19 -0300] "GET /cormun/servlet/trlicenciaspermisosadjuntos?11672855,20170425000000,L, HTTP/1.1" 200 6160
200.86.95.220 - - [25/Apr/2017:13:39:24 -0300] "GET /cormun/servlet/solicitudotadjuntos?04124e7b64348ffc61ae9e1a4099db3025b44cf145e979dc92d1b980e6848ddd,gx-no-cache=1493138427748 HTTP/1.1" 200 30
200.86.95.220 - - [25/Apr/2017:13:39:24 -0300] "GET /cormun/servlet/solicitudotadjuntos?04124e7b64348ffc61ae9e1a4099db3025b44cf145e979dc92d1b980e6848ddd,gx-no-cache=1493138427804 HTTP/1.1" 200 30
200.86.95.220 - - [25/Apr/2017:13:39:25 -0300] "POST /cormun/servlet/solicitudotadjuntos?388fbd59acb20b1e6bda95a40f9fc105,INS,2017,6217,,1, HTTP/1.1" 200 116
200.86.95.220 - - [25/Apr/2017:13:39:26 -0300] "GET /cormun/servlet/hpexe_return? HTTP/1.1" 200 1022
186.79.34.25 - - [25/Apr/2017:13:39:26 -0300] "GET /cormun/servlet/licenciaspermisosadjuntos?INS,11672855,L,20170425000000,, HTTP/1.1" 200 5451
200.86.95.220 - - [25/Apr/2017:13:39:26 -0300] "GET /cormun/servlet/trsolicitudadjuntos?2017,6217, HTTP/1.1" 200 8651
186.79.34.25 - - [25/Apr/2017:13:39:26 -0300] "GET /cormun/static/about:blank HTTP/1.1" 404 1011
186.79.34.25 - - [25/Apr/2017:13:39:27 -0300] "GET /cormun/servlet/licenciaspermisosadjuntos?INS,11672855,L,20170425000000,, HTTP/1.1" 200 5441
200.86.95.220 - - [25/Apr/2017:13:39:28 -0300] "GET /cormun/servlet/trsolicitudadjuntos?2017,6217, HTTP/1.1" 200 8645
200.86.95.220 - - [25/Apr/2017:13:39:30 -0300] "GET /cormun/servlet/solicitudotadjuntos?INS,2017,6217,,1, HTTP/1.1" 200 5809
200.86.95.220 - - [25/Apr/2017:13:39:30 -0300] "GET /cormun/static/about:blank HTTP/1.1" 404 1011
200.86.95.220 - - [25/Apr/2017:13:39:31 -0300] "GET /cormun/servlet/solicitudotadjuntos?INS,2017,6217,,1, HTTP/1.1" 200 5803
200.86.95.220 - - [25/Apr/2017:13:39:31 -0300] "GET /cormun/servlet/solicitudotadjuntos?04124e7b64348ffc61ae9e1a4099db30865cd2a7dbf321095bc12fd06c124569b75cd84cb68b5b2e67bb0b8109500529,gx-no-cache=1493138434850 HTTP/1.1" 200 30
200.86.95.220 - - [25/Apr/2017:13:39:31 -0300] "POST /cormun/servlet/solicitudotadjuntos?388fbd59acb20b1e6bda95a40f9fc105,INS,2017,6217,,1,,gx-no-cache=1493138434938 HTTP/1.1" 200 3638
200.86.95.220 - - [25/Apr/2017:13:39:34 -0300] "POST /cormun/servlet/solicitudotadjuntos?gx-no-cache=1493138438097 HTTP/1.1" 200 26
200.86.95.220 - - [25/Apr/2017:13:39:44 -0300] "GET /cormun/servlet/solicitudotadjuntos?04124e7b64348ffc61ae9e1a4099db3025b44cf145e979dc92d1b980e6848ddd,gx-no-cache=1493138448347 HTTP/1.1" 200 30
200.86.95.220 - - [25/Apr/2017:13:39:45 -0300] "GET /cormun/servlet/solicitudotadjuntos?04124e7b64348ffc61ae9e1a4099db3025b44cf145e979dc92d1b980e6848ddd,gx-no-cache=1493138448418 HTTP/1.1" 200 30
200.86.95.220 - - [25/Apr/2017:13:39:46 -0300] "POST /cormun/servlet/solicitudotadjuntos?388fbd59acb20b1e6bda95a40f9fc105,INS,2017,6217,,1, HTTP/1.1" 200 116
200.86.95.220 - - [25/Apr/2017:13:39:46 -0300] "GET /cormun/servlet/hpexe_return? HTTP/1.1" 200 1022
200.72.197.82 - - [25/Apr/2017:13:39:47 -0300] "GET /cormun/servlet/trrenuncias? HTTP/1.1" 200 5870
200.72.197.82 - - [25/Apr/2017:13:39:47 -0300] "GET /cormun/static/gxcfg.js?201731711553383 HTTP/1.1" 200 953
200.86.95.220 - - [25/Apr/2017:13:39:47 -0300] "GET /cormun/servlet/trsolicitudadjuntos?2017,6217, HTTP/1.1" 200 8877
186.103.248.213 - - [25/Apr/2017:13:39:47 -0300] "GET /cormun/static/trrenuncias.js?201731711553833 HTTP/1.1" 200 28329
200.72.197.82 - - [25/Apr/2017:13:39:47 -0300] "GET /cormun/servlet/hlogin HTTP/1.1" 200 1742
186.103.248.213 - - [25/Apr/2017:13:39:47 -0300] "GET /cormun/servlet/trrenuncias? HTTP/1.1" 200 5865
200.86.95.220 - - [25/Apr/2017:13:39:48 -0300] "GET /cormun/servlet/trsolicitudadjuntos?2017,6217, HTTP/1.1" 200 8877
200.72.197.82 - - [25/Apr/2017:13:39:49 -0300] "POST /cormun/servlet/hlogin?14e2865a13824d5cf4cbd33753101c91,gx-no-cache=1493138450578 HTTP/1.1" 200 90
200.72.197.82 - - [25/Apr/2017:13:39:49 -0300] "GET /cormun/servlet/hpexe_link HTTP/1.1" 200 960
200.72.197.82 - - [25/Apr/2017:13:39:49 -0300] "GET /cormun/servlet/trrenuncias HTTP/1.1" 200 6324
200.72.197.82 - - [25/Apr/2017:13:39:49 -0300] "GET /cormun/servlet/trrenuncias HTTP/1.1" 200 6322
200.72.197.82 - - [25/Apr/2017:13:39:51 -0300] "GET /cormun/servlet/renuncias?INS,0, HTTP/1.1" 200 5896
200.72.197.82 - - [25/Apr/2017:13:39:51 -0300] "GET /cormun/static/gxcfg.js?20173291217350 HTTP/1.1" 200 953
186.103.248.213 - - [25/Apr/2017:13:39:51 -0300] "GET /cormun/static/renuncias.js?20173291217362 HTTP/1.1" 200 14101
186.103.248.213 - - [25/Apr/2017:13:39:52 -0300] "GET /cormun/servlet/renuncias?INS,0, HTTP/1.1" 200 5897
200.86.95.220 - - [25/Apr/2017:13:39:52 -0300] "POST /cormun/servlet/trsolicitudadjuntos?388fbd59acb20b1e6bda95a40f9fc105,2017,6217,,gx-no-cache=1493138455023 HTTP/1.1" 200 90
200.86.95.220 - - [25/Apr/2017:13:39:52 -0300] "GET /cormun/servlet/hpexe_link HTTP/1.1" 200 962
200.86.95.220 - - [25/Apr/2017:13:39:52 -0300] "GET /cormun/servlet/trsolicitudot HTTP/1.1" 200 8000
200.86.95.220 - - [25/Apr/2017:13:39:53 -0300] "GET /cormun/servlet/trsolicitudot HTTP/1.1" 200 7999
186.103.159.182 - - [25/Apr/2017:13:39:56 -0300] "GET /cormun/servlet/solicitudot?503284666ba6e694021b7abeb97079dd5cf1c5ab310cafc3ff101d24cf6dc3059ed8429c6d6a1ce40d6dd7778ca89106,gx-no-cache=1493138459695 HTTP/1.1" 200 30
186.103.159.182 - - [25/Apr/2017:13:39:56 -0300] "POST /cormun/servlet/solicitudot?gx-no-cache=1493138459775 HTTP/1.1" 200 240
186.103.159.182 - - [25/Apr/2017:13:39:57 -0300] "GET /cormun/servlet/solicitudot?503284666ba6e694021b7abeb97079dde10ee0cd53a3905f60e11951452d35609d01b97163fd97679d38e1906b7fb68b4f0ba5b7c1a53e10cd511be3bc71bd740daff7af2af34c88f6b5582b8b6934ceafb729778a255aa5f182486b68987b07c79e2a3b33117a00769a447109b705087d01e411a79ebcac1146681c491b7b59dfd4618620430e1a84369b6d8e002b7b4cd17fdfbd978a9089de0f2858bdb43b3638015f1b17ab044b2f47ffcbc40e9a7a1145a5b868d846fd9fe0d0249eb95faf9882dc43df7ec6a846400d7d04c46f8807f18105d80bacbd551c6b4101215376eaa7e51c5d23b23d6574ad13afd82b6cf930693bfba9ac8b5db3121566270d3e4ae6da171282b020464c5dafe3a3b2c5a5fa383434f53440fe8d33a76badaf6ae74d6d9cc6e17b893eebdb59d71dd89a49001fe66e4ee1f5ae02d003ed6a5c55f6d5aa4d3e9a776eca22e0e329156d3ae78d8b105e18da344b972eccf3d28893439dabcd27806bce643ce5493b8908a9f23dcd73c966368448c910b7f466a5,gx-no-cache=1493138459831 HTTP/1.1" 200 30
192.168.10.13 - - [25/Apr/2017:13:40:02 -0300] "GET / HTTP/1.1" 200 11217
186.103.248.213 - - [25/Apr/2017:13:40:03 -0300] "GET /cormun/servlet/renuncias?1902f52876f0c0b80547f14291f654d6766c87e0d0f3b2416865e6f1cf634ab5351b51ab19c6aef3fb4f8223a3007a16,gx-no-cache=1493138464558 HTTP/1.1" 200 33
200.86.95.220 - - [25/Apr/2017:13:40:18 -0300] "POST /cormun/servlet/trsolicitudot?388fbd59acb20b1e6bda95a40f9fc105,gx-no-cache=1493138481683 HTTP/1.1" 200 4151
200.86.95.220 - - [25/Apr/2017:13:40:18 -0300] "GET /cormun/static/Shared/jqueryui/images/ui-bg_highlight-soft_100_c6c2c8_1x100.png HTTP/1.1" 404 1117
200.86.95.220 - - [25/Apr/2017:13:40:18 -0300] "GET /cormun/static/Shared/jqueryui/images/ui-bg_flat_55_fafafa_40x100.png HTTP/1.1" 404 1097
200.86.95.220 - - [25/Apr/2017:13:40:18 -0300] "GET /cormun/static/Shared/jqueryui/images/ui-icons_82798d_256x240.png HTTP/1.1" 404 1089
200.86.95.220 - - [25/Apr/2017:13:40:18 -0300] "GET /cormun/static/Shared/jqueryui/images/ui-icons_8d78a5_256x240.png HTTP/1.1" 404 1089
200.86.95.220 - - [25/Apr/2017:13:40:18 -0300] "POST /cormun/servlet/trsolicitudot?388fbd59acb20b1e6bda95a40f9fc105,gx-no-cache=1493138482131 HTTP/1.1" 200 3928
186.79.34.25 - - [25/Apr/2017:13:40:24 -0300] "POST /cormun/servlet/licenciaspermisosadjuntos?5e2ccef7d967ad40d8dafde4c89d2111,INS,11672855,L,20170425000000,, HTTP/1.1" 200 116
186.79.34.25 - - [25/Apr/2017:13:40:24 -0300] "GET /cormun/servlet/hpexe_return? HTTP/1.1" 200 1040
186.79.34.25 - - [25/Apr/2017:13:40:24 -0300] "GET /cormun/servlet/trlicenciaspermisosadjuntos?11672855,20170425000000,L, HTTP/1.1" 200 6648
200.86.95.220 - - [25/Apr/2017:13:40:25 -0300] "GET /cormun/servlet/trpermisosgoce? HTTP/1.1" 200 6540
186.79.34.25 - - [25/Apr/2017:13:40:25 -0300] "GET /cormun/servlet/trlicenciaspermisosadjuntos?11672855,20170425000000,L, HTTP/1.1" 200 6646
200.86.95.220 - - [25/Apr/2017:13:40:26 -0300] "GET /cormun/servlet/trpermisosgoce? HTTP/1.1" 200 6540
200.86.95.220 - - [25/Apr/2017:13:40:29 -0300] "GET /cormun/servlet/permisogoce?INS,0,,, HTTP/1.1" 200 6541
200.86.95.220 - - [25/Apr/2017:13:40:30 -0300] "GET /cormun/servlet/permisogoce?INS,0,,, HTTP/1.1" 200 6539
186.79.34.25 - - [25/Apr/2017:13:40:35 -0300] "POST /cormun/servlet/trlicenciaspermisosadjuntos?5e2ccef7d967ad40d8dafde4c89d2111,11672855,20170425000000,L,,gx-no-cache=1493138497746 HTTP/1.1" 200 90
186.79.34.25 - - [25/Apr/2017:13:40:35 -0300] "GET /cormun/servlet/hpexe_link HTTP/1.1" 200 984
186.79.34.25 - - [25/Apr/2017:13:40:35 -0300] "GET /cormun/servlet/trlicencias HTTP/1.1" 200 7851
186.79.34.25 - - [25/Apr/2017:13:40:36 -0300] "GET /cormun/servlet/trlicencias HTTP/1.1" 200 7850
186.79.34.25 - - [25/Apr/2017:13:40:38 -0300] "GET /cormun/servlet/alicenciaprn?11672855,L,20170425000000,PU HTTP/1.1" 200 1606
200.86.95.220 - - [25/Apr/2017:13:40:39 -0300] "GET /cormun/servlet/permisogoce?8f7dd2f6447c72798ab7fbbeadb0a41469f479d763d56c245cd436a315147e6ab4a5e72aba4c546398980b2eb0ae27d1,gx-no-cache=1493138503236 HTTP/1.1" 200 71
200.86.95.220 - - [25/Apr/2017:13:40:40 -0300] "GET /cormun/static/menuarrow.gif HTTP/1.1" 404 1015
200.86.95.220 - - [25/Apr/2017:13:40:47 -0300] "GET /cormun/servlet/permisogoce?8f7dd2f6447c72798ab7fbbeadb0a414e369093f3ed95f4d0e508078d1d1976ee4e03cbf93e430ca758c52eafec8f96b55c91814463af970bc930b3625468ad6,gx-no-cache=1493138511214 HTTP/1.1" 200 47
200.86.95.220 - - [25/Apr/2017:13:40:53 -0300] "POST /cormun/servlet/permisogoce?388fbd59acb20b1e6bda95a40f9fc105,INS,0,,,,gx-no-cache=1493138516133 HTTP/1.1" 200 93
200.86.95.220 - - [25/Apr/2017:13:40:53 -0300] "GET /cormun/servlet/hpexe_return? HTTP/1.1" 200 1006
200.86.95.220 - - [25/Apr/2017:13:40:53 -0300] "GET /cormun/servlet/trpermisosgoce HTTP/1.1" 200 7389
200.86.95.220 - - [25/Apr/2017:13:40:54 -0300] "GET /cormun/servlet/trpermisosgoce HTTP/1.1" 200 7385
186.103.159.182 - - [25/Apr/2017:13:40:55 -0300] "POST /cormun/servlet/solicitudot?gx-no-cache=1493138518609 HTTP/1.1" 200 30
200.86.95.220 - - [25/Apr/2017:13:41:00 -0300] "GET /cormun/servlet/apermisogoceprn?13793044,P,20170425143523,PU HTTP/1.1" 200 1646
192.168.10.13 - - [25/Apr/2017:13:41:02 -0300] "GET / HTTP/1.1" 200 11217
186.103.158.250 - - [25/Apr/2017:13:41:08 -0300] "GET /cormun/servlet/hlogin HTTP/1.1" 200 1723
186.103.158.250 - - [25/Apr/2017:13:41:08 -0300] "GET /cormun/static/gxtimezone.js?85251 HTTP/1.1" 200 5781
186.103.158.250 - - [25/Apr/2017:13:41:09 -0300] "GET /cormun/static/Resources/Spanish/PXTools.css?11294912 HTTP/1.1" 200 89042
186.103.158.250 - - [25/Apr/2017:13:41:09 -0300] "GET /cormun/static/gxcfg.js?201741110203197 HTTP/1.1" 200 953
186.103.158.250 - - [25/Apr/2017:13:41:09 -0300] "GET /cormun/static/gxgral.js?85251 HTTP/1.1" 200 384558
186.103.158.250 - - [25/Apr/2017:13:41:09 -0300] "GET /cormun/static/messages.spa.js?85251 HTTP/1.1" 200 30736
186.103.158.250 - - [25/Apr/2017:13:41:09 -0300] "GET /cormun/static/hlogin.js?201741110203211 HTTP/1.1" 200 2136
186.103.158.250 - - [25/Apr/2017:13:41:09 -0300] "GET /cormun/static/Resources/ComunLogin.png HTTP/1.1" 200 17326
186.103.158.250 - - [25/Apr/2017:13:41:09 -0300] "GET /cormun/static/Resources/PXToolsLoginTop.png HTTP/1.1" 200 1337
186.103.158.250 - - [25/Apr/2017:13:41:09 -0300] "GET /cormun/static/Resources/PXToolsLoginBackground.png HTTP/1.1" 200 1164
186.103.158.250 - - [25/Apr/2017:13:41:09 -0300] "GET /cormun/static/Resources/PXToolsButtonLeft21.png HTTP/1.1" 200 1287
186.103.158.250 - - [25/Apr/2017:13:41:09 -0300] "GET /cormun/static/Resources/PXToolsButtonBackground2.png HTTP/1.1" 200 1181
186.103.158.250 - - [25/Apr/2017:13:41:09 -0300] "GET /cormun/static/Resources/PXToolsLoginBottom.png HTTP/1.1" 200 1389
186.103.158.250 - - [25/Apr/2017:13:41:09 -0300] "GET /cormun/static/Resources/PXToolsButtonRight21.png HTTP/1.1" 200 1283
186.103.158.250 - - [25/Apr/2017:13:41:09 -0300] "GET /cormun/static/Resources/indicator.gif HTTP/1.1" 200 1553
186.103.158.250 - - [25/Apr/2017:13:41:09 -0300] "GET /cormun/servlet/hlogin HTTP/1.1" 200 1734
186.103.158.250 - - [25/Apr/2017:13:41:10 -0300] "GET /favicon.ico HTTP/1.1" 200 21630
192.168.10.13 - - [25/Apr/2017:13:42:02 -0300] "GET / HTTP/1.1" 200 11217
200.72.197.82 - - [25/Apr/2017:13:42:33 -0300] "GET /cormun/servlet/prfichaempleado?,MD,,gxPopupLevel%3D0%3B HTTP/1.1" 200 8769
186.103.159.182 - - [25/Apr/2017:13:42:57 -0300] "POST /cormun/servlet/solicitudot?gx-no-cache=1493138640087 HTTP/1.1" 200 1292
186.103.159.182 - - [25/Apr/2017:13:42:57 -0300] "POST /cormun/servlet/solicitudot?gx-no-cache=1493138640268 HTTP/1.1" 200 38
186.79.34.25 - - [25/Apr/2017:13:43:01 -0300] "POST /cormun/servlet/trlicencias?5e2ccef7d967ad40d8dafde4c89d2111,gx-no-cache=1493138643407 HTTP/1.1" 200 4076
186.79.34.25 - - [25/Apr/2017:13:43:01 -0300] "GET /cormun/static/Shared/jqueryui/images/ui-bg_highlight-soft_100_c6c2c8_1x100.png HTTP/1.1" 404 1117
186.79.34.25 - - [25/Apr/2017:13:43:01 -0300] "GET /cormun/static/Shared/jqueryui/images/ui-icons_82798d_256x240.png HTTP/1.1" 404 1089
186.79.34.25 - - [25/Apr/2017:13:43:01 -0300] "GET /cormun/static/Shared/jqueryui/images/ui-bg_flat_55_fafafa_40x100.png HTTP/1.1" 404 1097
186.79.34.25 - - [25/Apr/2017:13:43:01 -0300] "GET /cormun/static/Shared/jqueryui/images/ui-icons_8d78a5_256x240.png HTTP/1.1" 404 1089
192.168.10.13 - - [25/Apr/2017:13:43:02 -0300] "GET / HTTP/1.1" 200 11217
186.103.248.213 - - [25/Apr/2017:13:43:45 -0300] "POST /cormun/servlet/prfichaempleado?14e2865a13824d5cf4cbd33753101c91,,MD,,gxPopupLevel%3D0%3B,gx-no-cache=1493138686482 HTTP/1.1" 200 3400
186.103.248.213 - - [25/Apr/2017:13:43:50 -0300] "GET /cormun/servlet/prcontrato?18651273,,,MD,,gxPopupLevel%3D0%3B HTTP/1.1" 200 5864
186.103.248.213 - - [25/Apr/2017:13:43:50 -0300] "GET /cormun/static/gxcfg.js?201731711504186 HTTP/1.1" 200 953
186.103.132.155 - - [25/Apr/2017:13:43:50 -0300] "GET /cormun/static/prcontrato.js?20173171150446 HTTP/1.1" 200 13820
186.103.132.155 - - [25/Apr/2017:13:43:54 -0300] "GET /cormun/servlet/renuncias?1902f52876f0c0b80547f14291f654d6a4702b7b4241340ef4f74147de2c781249904b0a3b75d976f5ae10e9d135f384,gx-no-cache=1493138695131 HTTP/1.1" 200 64
192.168.10.13 - - [25/Apr/2017:13:44:02 -0300] "GET / HTTP/1.1" 200 11217
186.103.161.206 - - [25/Apr/2017:13:44:18 -0300] "POST /cormun/servlet/renuncias?14e2865a13824d5cf4cbd33753101c91,INS,0,,gx-no-cache=1493138719363 HTTP/1.1" 200 93
186.103.161.206 - - [25/Apr/2017:13:44:18 -0300] "GET /cormun/servlet/hpexe_return? HTTP/1.1" 200 1007
186.103.161.206 - - [25/Apr/2017:13:44:18 -0300] "GET /cormun/servlet/trrenuncias HTTP/1.1" 200 7090
186.103.161.206 - - [25/Apr/2017:13:44:19 -0300] "GET /cormun/servlet/trrenuncias HTTP/1.1" 200 7086
186.103.161.206 - - [25/Apr/2017:13:44:30 -0300] "GET /cormun/servlet/arenunciaprn?33,PU HTTP/1.1" 200 1559
186.103.159.204 - - [25/Apr/2017:13:45:01 -0300] "GET /cormun/servlet/trautorizarsolicitud? HTTP/1.1" 200 6926
192.168.10.13 - - [25/Apr/2017:13:45:02 -0300] "GET / HTTP/1.1" 200 11217
186.103.159.204 - - [25/Apr/2017:13:45:06 -0300] "GET /cormun/servlet/trautorizarsolicitud? HTTP/1.1" 200 6926
186.103.159.204 - - [25/Apr/2017:13:45:06 -0300] "GET /cormun/static/Resources/desc.gif HTTP/1.1" 200 65
186.103.159.204 - - [25/Apr/2017:13:45:06 -0300] "GET /cormun/static/Resources/asc.gif HTTP/1.1" 200 67
192.168.10.13 - - [25/Apr/2017:13:46:02 -0300] "GET / HTTP/1.1" 200 11217
186.103.159.182 - - [25/Apr/2017:13:46:48 -0300] "GET /cormun/servlet/solicitudot?503284666ba6e694021b7abeb97079dd86b3025dfee1b7cd93e266909aaf2dd58776f048ff21d68aa29dacaf26f69d03eda74c4ccc56f45008f9c86e519a6de848c5de2ce28a64d3fcb2ea3a2ce4c4f5f75d53a29d6df227ccafbda9dee85d397a44466b220b94f6f77c6558fd339ada,gx-no-cache=1493138871415 HTTP/1.1" 200 29
186.103.159.182 - - [25/Apr/2017:13:46:48 -0300] "POST /cormun/servlet/solicitudot?gx-no-cache=1493138871552 HTTP/1.1" 200 1275
186.103.159.182 - - [25/Apr/2017:13:46:48 -0300] "POST /cormun/servlet/solicitudot?gx-no-cache=1493138871645 HTTP/1.1" 200 1158
192.168.10.13 - - [25/Apr/2017:13:47:02 -0300] "GET / HTTP/1.1" 200 11217
192.168.10.13 - - [25/Apr/2017:13:48:02 -0300] "GET / HTTP/1.1" 200 11217
186.103.159.204 - - [25/Apr/2017:13:48:05 -0300] "GET /cormun/servlet/hlogin HTTP/1.1" 200 1751
186.103.159.204 - - [25/Apr/2017:13:48:37 -0300] "GET /cormun/servlet/trsolicitudot HTTP/1.1" 200 6065
186.103.159.204 - - [25/Apr/2017:13:48:37 -0300] "GET /cormun/static/calendar-system.css?75620 HTTP/1.1" 200 5572
186.103.159.204 - - [25/Apr/2017:13:48:37 -0300] "GET /cormun/static/gxui/gxui-all.css?110300 HTTP/1.1" 200 2179
186.103.159.204 - - [25/Apr/2017:13:48:37 -0300] "GET /cormun/static/SmoothNavMenu/resources/ddsmoothmenu.css?1012540 HTTP/1.1" 200 2223
186.103.159.204 - - [25/Apr/2017:13:48:37 -0300] "GET /cormun/static/Shared/jqueryui/jquery-ui.min.css?1245370 HTTP/1.1" 200 30288
186.103.159.204 - - [25/Apr/2017:13:48:37 -0300] "GET /cormun/static/Resources/Spanish/PXTools.css?11294912 HTTP/1.1" 200 89042
186.103.159.204 - - [25/Apr/2017:13:48:37 -0300] "GET /cormun/static/gxtimezone.js?85251 HTTP/1.1" 200 5781
186.103.159.204 - - [25/Apr/2017:13:48:37 -0300] "GET /cormun/static/scaMessage/css/jquery.pnotify.default.css?1716380 HTTP/1.1" 200 1707
186.103.159.204 - - [25/Apr/2017:13:48:37 -0300] "GET /cormun/static/SmoothNavMenu/resources/ddsmoothmenu-v.css?1012540 HTTP/1.1" 200 1188
186.103.159.204 - - [25/Apr/2017:13:48:37 -0300] "GET /cormun/static/calendar-setup.js?85251 HTTP/1.1" 200 2588
186.103.159.204 - - [25/Apr/2017:13:48:37 -0300] "GET /cormun/static/calendar.js?85251 HTTP/1.1" 200 26246
186.103.159.204 - - [25/Apr/2017:13:48:37 -0300] "GET /cormun/static/gxcfg.js?201731711505139 HTTP/1.1" 200 953
186.103.159.204 - - [25/Apr/2017:13:48:37 -0300] "GET /cormun/static/calendar-es.js?85251 HTTP/1.1" 200 1901
186.103.159.204 - - [25/Apr/2017:13:48:37 -0300] "GET /cormun/static/gxgral.js?85251 HTTP/1.1" 200 384558
186.103.159.204 - - [25/Apr/2017:13:48:37 -0300] "GET /cormun/static/Shared/ext/resources/css/ext-all.css?205870 HTTP/1.1" 200 416045
186.103.159.204 - - [25/Apr/2017:13:48:37 -0300] "GET /cormun/static/PXToolsJavascripts/pexe_autoreload.js HTTP/1.1" 200 1762
186.103.159.204 - - [25/Apr/2017:13:48:37 -0300] "GET /cormun/static/RunJS/RunJS.js HTTP/1.1" 200 288
186.103.159.204 - - [25/Apr/2017:13:48:37 -0300] "GET /cormun/static/PXToolsJavascripts/pexe_cookies.js HTTP/1.1" 200 792
186.103.159.204 - - [25/Apr/2017:13:48:37 -0300] "GET /cormun/static/gxui/gxui-all.js HTTP/1.1" 200 107772
186.103.159.204 - - [25/Apr/2017:13:48:37 -0300] "GET /cormun/static/PXToolsJavascripts/pexe_link.js HTTP/1.1" 200 5671
186.103.159.204 - - [25/Apr/2017:13:48:37 -0300] "GET /cormun/static/PXToolsJavascripts/pexe_windows.js HTTP/1.1" 200 15207
186.103.159.204 - - [25/Apr/2017:13:48:37 -0300] "GET /cormun/static/PXToolsJavascripts/pexe_grid.js HTTP/1.1" 200 7559
186.103.159.204 - - [25/Apr/2017:13:48:37 -0300] "GET /cormun/static/PXToolsJavascripts/pexe_griddivfix.js HTTP/1.1" 200 6644
186.103.159.204 - - [25/Apr/2017:13:48:37 -0300] "GET /cormun/static/PXToolsJavascripts/pexe_menudivfix.js HTTP/1.1" 200 333
186.103.159.204 - - [25/Apr/2017:13:48:38 -0300] "GET /cormun/static/PXToolsJavascripts/pexe_oav.js HTTP/1.1" 200 645
186.103.159.204 - - [25/Apr/2017:13:48:38 -0300] "GET /cormun/static/PXToolsJavascripts/pexe_layers.js HTTP/1.1" 200 4114
186.103.159.204 - - [25/Apr/2017:13:48:38 -0300] "GET /cormun/static/PXToolsJavascripts/pexe_oavdivfix.js HTTP/1.1" 200 639
186.103.159.204 - - [25/Apr/2017:13:48:38 -0300] "GET /cormun/static/PXToolsJavascripts/pexe_menus.js HTTP/1.1" 200 1286
186.103.159.204 - - [25/Apr/2017:13:48:38 -0300] "GET /cormun/static/PXToolsJavascripts/pexe_picture.js HTTP/1.1" 200 689
186.103.159.204 - - [25/Apr/2017:13:48:38 -0300] "GET /cormun/static/PXToolsJavascripts/pexe_upload.js HTTP/1.1" 200 1423
186.103.159.204 - - [25/Apr/2017:13:48:38 -0300] "GET /cormun/static/PXToolsJavascripts/pexe_scrolldiv.js HTTP/1.1" 200 4138
186.103.159.204 - - [25/Apr/2017:13:48:38 -0300] "GET /cormun/static/PXToolsJavascripts/pexe_tabs.js HTTP/1.1" 200 3748
186.103.159.204 - - [25/Apr/2017:13:48:38 -0300] "GET /cormun/static/PXToolsJavascripts/pexe_popup.js HTTP/1.1" 200 13458
186.103.159.204 - - [25/Apr/2017:13:48:38 -0300] "GET /cormun/static/PXToolsJavascripts/pexe_tabdivfix.js HTTP/1.1" 200 876
186.103.159.204 - - [25/Apr/2017:13:48:38 -0300] "GET /cormun/static/PXToolsJavascripts/PXToolsJavascriptsRender.js HTTP/1.1" 200 367
186.103.159.204 - - [25/Apr/2017:13:48:38 -0300] "GET /cormun/static/Shared/ext/locale/ext-lang-en.js HTTP/1.1" 200 10940
186.103.159.204 - - [25/Apr/2017:13:48:38 -0300] "GET /cormun/static/messages.spa.js?85251 HTTP/1.1" 200 30736
186.103.159.204 - - [25/Apr/2017:13:48:38 -0300] "GET /cormun/static/gxdec.js?85251 HTTP/1.1" 200 19579
186.103.159.204 - - [25/Apr/2017:13:48:38 -0300] "GET /cormun/static/trsolicitudot.js?20173171151116 HTTP/1.1" 200 53117
186.103.159.204 - - [25/Apr/2017:13:48:38 -0300] "GET /cormun/static/Shared/ext/ext-all.js HTTP/1.1" 200 1289687
186.103.159.204 - - [25/Apr/2017:13:48:38 -0300] "GET /cormun/static/hwchdr01.js?201731711335950 HTTP/1.1" 200 1183
186.103.159.204 - - [25/Apr/2017:13:48:38 -0300] "GET /cormun/static/hpexe_recentlink.js?201610171694390 HTTP/1.1" 200 2144
186.103.159.204 - - [25/Apr/2017:13:48:38 -0300] "GET /cormun/static/hpexe_scripts.js?201731711335890 HTTP/1.1" 200 1544
186.103.159.204 - - [25/Apr/2017:13:48:38 -0300] "GET /cormun/static/hpexe_messagecontroller.js?201610171694323 HTTP/1.1" 200 870
186.103.159.204 - - [25/Apr/2017:13:48:38 -0300] "GET /cormun/static/hpexe_messagepopupcomponent.js?20161017169425 HTTP/1.1" 200 605
186.103.159.204 - - [25/Apr/2017:13:48:38 -0300] "GET /cormun/static/hpexe_messagegenexuscomponent.js?201731711335537 HTTP/1.1" 200 587
186.103.159.204 - - [25/Apr/2017:13:48:38 -0300] "GET /cormun/static/cmcontrolpreferences.js?201731711335852 HTTP/1.1" 200 1375
186.103.159.204 - - [25/Apr/2017:13:48:38 -0300] "GET /cormun/static/Shared/jquery/jquery-1.4.2.min.js HTTP/1.1" 200 72174
186.103.159.204 - - [25/Apr/2017:13:48:38 -0300] "GET /cormun/static/SmoothNavMenu/resources/ddsmoothmenu.js HTTP/1.1" 200 12712
186.103.159.204 - - [25/Apr/2017:13:48:38 -0300] "GET /cormun/static/Shared/jqueryui/jquery-ui.min.js HTTP/1.1" 200 240427
186.103.159.204 - - [25/Apr/2017:13:48:38 -0300] "GET /cormun/static/SmoothNavMenu/resources/SmoothNavMenuRender.js HTTP/1.1" 200 5951
186.103.159.204 - - [25/Apr/2017:13:48:38 -0300] "GET /cormun/static/scaMessage/js/jquery.pnotify.min.js HTTP/1.1" 200 13038
186.103.159.204 - - [25/Apr/2017:13:48:38 -0300] "GET /cormun/static/scaMessage/scaMessageRender.js HTTP/1.1" 200 11977
186.103.159.204 - - [25/Apr/2017:13:48:38 -0300] "GET /cormun/static/hmpwkw03.js?201731711485354 HTTP/1.1" 200 3965
186.103.159.204 - - [25/Apr/2017:13:48:38 -0300] "GET /cormun/static/Shared/jquery/jquery-1.10.2.min.js HTTP/1.1" 200 273199
186.103.159.204 - - [25/Apr/2017:13:48:39 -0300] "GET /cormun/static/Resources/PXToolsHeaderHome.png HTTP/1.1" 200 4147
186.103.159.204 - - [25/Apr/2017:13:48:39 -0300] "GET /cormun/static/Resources/PXToolsHeaderSecurity.png HTTP/1.1" 200 4166
186.103.159.204 - - [25/Apr/2017:13:48:39 -0300] "GET /cormun/static/Resources/PXToolsHeaderActionsRight.png HTTP/1.1" 200 1201
186.103.159.204 - - [25/Apr/2017:13:48:39 -0300] "GET /cormun/static/Resources/PXToolsHeaderPreferences.png HTTP/1.1" 200 4189
186.103.159.204 - - [25/Apr/2017:13:48:39 -0300] "GET /cormun/static/Resources/logo4.png HTTP/1.1" 200 6582
186.103.159.204 - - [25/Apr/2017:13:48:39 -0300] "GET /cormun/static/Resources/PXToolsHeaderActionsLeft.png HTTP/1.1" 200 1118
186.103.159.204 - - [25/Apr/2017:13:48:39 -0300] "GET /cormun/static/Resources/PXToolsGridNew.png HTTP/1.1" 200 2949
186.103.159.204 - - [25/Apr/2017:13:48:39 -0300] "GET /cormun/static/Resources/PXTools/calendar.png HTTP/1.1" 200 1306
186.103.159.204 - - [25/Apr/2017:13:48:39 -0300] "GET /cormun/static/Resources/PXToolsDataSearch.png HTTP/1.1" 200 419
186.103.159.204 - - [25/Apr/2017:13:48:39 -0300] "GET /cormun/static/Resources/PXToolsGridFirstDisabled.gif HTTP/1.1" 200 100
186.103.159.204 - - [25/Apr/2017:13:48:39 -0300] "GET /cormun/static/Resources/PXToolsHeaderLogin.png HTTP/1.1" 200 4279
186.103.159.204 - - [25/Apr/2017:13:48:39 -0300] "GET /cormun/static/Resources/PXToolsGridNextDisabled.gif HTTP/1.1" 200 90
186.103.159.204 - - [25/Apr/2017:13:48:39 -0300] "GET /cormun/static/Resources/PXToolsGridPreviousDisabled.gif HTTP/1.1" 200 90
186.103.159.204 - - [25/Apr/2017:13:48:39 -0300] "GET /cormun/static/Resources/PXToolsGridLastDisabled.gif HTTP/1.1" 200 98
186.103.159.204 - - [25/Apr/2017:13:48:39 -0300] "GET /cormun/static/Resources/PXToolsGridPage.gif HTTP/1.1" 200 725
186.103.159.204 - - [25/Apr/2017:13:48:39 -0300] "GET /cormun/static/Resources/PXToolsActionExcel.png HTTP/1.1" 200 3187
186.103.159.204 - - [25/Apr/2017:13:48:39 -0300] "GET /cormun/static/Resources/PXToolsHeaderBackground2.png HTTP/1.1" 200 1174
186.103.159.204 - - [25/Apr/2017:13:48:39 -0300] "GET /cormun/static/Resources/PXToolsHeaderActionsBackground.png HTTP/1.1" 200 484
186.103.159.204 - - [25/Apr/2017:13:48:39 -0300] "GET /cormun/static/Resources/PXToolsDataTitle.png HTTP/1.1" 200 1173
186.103.159.204 - - [25/Apr/2017:13:48:39 -0300] "GET /cormun/static/Resources/PXToolsFooterBackground2.png HTTP/1.1" 200 1172
186.103.159.204 - - [25/Apr/2017:13:48:39 -0300] "GET /cormun/static/Resources/indicator.gif HTTP/1.1" 200 1553
186.103.159.204 - - [25/Apr/2017:13:48:39 -0300] "GET /cormun/static/Resources/desc.gif HTTP/1.1" 200 65
186.103.159.204 - - [25/Apr/2017:13:48:39 -0300] "GET /cormun/static/Resources/desc.gif HTTP/1.1" 200 65
186.103.159.204 - - [25/Apr/2017:13:48:39 -0300] "GET /cormun/static/Resources/asc.gif HTTP/1.1" 200 67
186.103.159.204 - - [25/Apr/2017:13:48:39 -0300] "GET /cormun/static/Resources/asc.gif HTTP/1.1" 200 67
186.103.159.204 - - [25/Apr/2017:13:48:39 -0300] "GET /cormun/static/Resources/asc.gif HTTP/1.1" 200 67
186.103.159.204 - - [25/Apr/2017:13:48:39 -0300] "GET /cormun/static/Resources/asc.gif HTTP/1.1" 200 67
186.103.159.204 - - [25/Apr/2017:13:48:39 -0300] "GET /cormun/servlet/trsolicitudot HTTP/1.1" 200 6077
192.168.10.13 - - [25/Apr/2017:13:49:02 -0300] "GET / HTTP/1.1" 200 11217
186.103.248.213 - - [25/Apr/2017:13:49:14 -0300] "GET /cormun/servlet/trrenunciasadjuntos?33,18651273, HTTP/1.1" 200 5783
186.103.248.213 - - [25/Apr/2017:13:49:14 -0300] "GET /cormun/static/gxcfg.js?201731711565375 HTTP/1.1" 200 953
186.103.132.155 - - [25/Apr/2017:13:49:14 -0300] "GET /cormun/static/trrenunciasadjuntos.js?201731711565661 HTTP/1.1" 200 15159
186.103.132.155 - - [25/Apr/2017:13:49:14 -0300] "GET /cormun/servlet/trrenunciasadjuntos?33,18651273, HTTP/1.1" 200 5783
186.103.132.155 - - [25/Apr/2017:13:49:16 -0300] "GET /cormun/servlet/renunciasadjuntos?INS,33,, HTTP/1.1" 200 5109
186.103.132.155 - - [25/Apr/2017:13:49:16 -0300] "GET /cormun/static/gxcfg.js?201731711431598 HTTP/1.1" 200 953
186.103.248.213 - - [25/Apr/2017:13:49:16 -0300] "GET /cormun/static/renunciasadjuntos.js?20173171143167 HTTP/1.1" 200 5937
186.103.132.155 - - [25/Apr/2017:13:49:16 -0300] "GET /cormun/static/about:blank HTTP/1.1" 404 1011
186.103.132.155 - - [25/Apr/2017:13:49:16 -0300] "GET /cormun/servlet/renunciasadjuntos?INS,33,, HTTP/1.1" 200 5095
186.103.132.155 - - [25/Apr/2017:13:49:43 -0300] "POST /cormun/servlet/renunciasadjuntos?14e2865a13824d5cf4cbd33753101c91,INS,33,, HTTP/1.1" 200 116
186.103.132.155 - - [25/Apr/2017:13:49:43 -0300] "GET /cormun/servlet/hpexe_return? HTTP/1.1" 200 1025
186.103.132.155 - - [25/Apr/2017:13:49:43 -0300] "GET /cormun/servlet/trrenunciasadjuntos?33,18651273, HTTP/1.1" 200 6181
186.103.132.155 - - [25/Apr/2017:13:49:44 -0300] "GET /cormun/servlet/trrenunciasadjuntos?33,18651273, HTTP/1.1" 200 6178
186.103.248.213 - - [25/Apr/2017:13:49:44 -0300] "GET /cormun/PublicTempStorage/renuncia_estibaliz6395406.jpg HTTP/1.1" 200 737789
192.168.10.13 - - [25/Apr/2017:13:50:02 -0300] "GET / HTTP/1.1" 200 11217
200.86.184.230 - - [25/Apr/2017:13:50:27 -0300] "GET /cormun/servlet/hlogin HTTP/1.1" 200 1717
200.86.184.230 - - [25/Apr/2017:13:50:27 -0300] "GET /cormun/servlet/hlogin HTTP/1.1" 200 1728
200.86.184.230 - - [25/Apr/2017:13:50:42 -0300] "POST /cormun/servlet/hlogin?711cf403f2cdfd250579af4278fe10c0,gx-no-cache=1493139875675 HTTP/1.1" 200 90
200.86.184.230 - - [25/Apr/2017:13:50:42 -0300] "GET /cormun/servlet/hpexe_link HTTP/1.1" 200 948
200.86.184.230 - - [25/Apr/2017:13:50:42 -0300] "GET /cormun/servlet/hhome HTTP/1.1" 200 3809
200.86.184.230 - - [25/Apr/2017:13:50:43 -0300] "GET /cormun/servlet/hhome HTTP/1.1" 200 3805
200.86.184.230 - - [25/Apr/2017:13:50:46 -0300] "GET /cormun/servlet/trlicencias? HTTP/1.1" 200 6647
200.86.184.230 - - [25/Apr/2017:13:50:47 -0300] "GET /cormun/servlet/trlicencias? HTTP/1.1" 200 6646
200.86.184.230 - - [25/Apr/2017:13:50:55 -0300] "GET /cormun/servlet/licenciaspermisos?INS,0,,, HTTP/1.1" 200 7199
200.86.184.230 - - [25/Apr/2017:13:50:55 -0300] "GET /cormun/servlet/licenciaspermisos?INS,0,,, HTTP/1.1" 200 7199
192.168.10.13 - - [25/Apr/2017:13:51:02 -0300] "GET / HTTP/1.1" 200 11217
200.86.184.230 - - [25/Apr/2017:13:51:12 -0300] "GET /cormun/servlet/licenciaspermisos?4b224f0a3d3ff6051ce84a6aad4915e9374edca42504ed352551e252620737832ba337220849eddff6aec1ef7f0a6c2a,gx-no-cache=1493139906349 HTTP/1.1" 200 67
200.86.184.230 - - [25/Apr/2017:13:51:12 -0300] "POST /cormun/servlet/licenciaspermisos?711cf403f2cdfd250579af4278fe10c0,INS,0,,,,gx-no-cache=1493139906426 HTTP/1.1" 200 4428
192.168.10.96 - - [25/Apr/2017:13:51:17 -0300] "GET /cormun/servlet/hlogin HTTP/1.1" 200 1715
192.168.10.96 - - [25/Apr/2017:13:51:25 -0300] "POST /cormun/servlet/hlogin?fa7e0f32ecea6f4538b4d58d2d5c12aa,gx-no-cache=1493142355528 HTTP/1.1" 200 90
192.168.10.96 - - [25/Apr/2017:13:51:25 -0300] "GET /cormun/servlet/hpexe_link HTTP/1.1" 200 946
192.168.10.96 - - [25/Apr/2017:13:51:25 -0300] "GET /cormun/servlet/hhome HTTP/1.1" 200 4263
192.168.10.96 - - [25/Apr/2017:13:51:26 -0300] "GET /cormun/servlet/hhome HTTP/1.1" 200 4259
200.86.95.220 - - [25/Apr/2017:13:51:27 -0300] "GET /cormun/servlet/hlogin HTTP/1.1" 200 1720
186.79.197.148 - - [25/Apr/2017:13:51:34 -0300] "GET /cormun/servlet/solicitudot?INS,0,0, HTTP/1.1" 200 11946
200.86.95.220 - - [25/Apr/2017:13:51:37 -0300] "POST /cormun/servlet/hlogin?388fbd59acb20b1e6bda95a40f9fc105,gx-no-cache=1493139160976 HTTP/1.1" 200 90
200.86.95.220 - - [25/Apr/2017:13:51:37 -0300] "GET /cormun/servlet/hpexe_link HTTP/1.1" 200 948
200.86.95.220 - - [25/Apr/2017:13:51:37 -0300] "GET /cormun/servlet/hhome HTTP/1.1" 200 3957
186.79.197.148 - - [25/Apr/2017:13:51:38 -0300] "GET /cormun/servlet/solicitudot?INS,0,0, HTTP/1.1" 200 11964
200.86.95.220 - - [25/Apr/2017:13:51:39 -0300] "GET /cormun/servlet/hhome HTTP/1.1" 200 3953
186.79.197.148 - - [25/Apr/2017:13:51:40 -0300] "GET /cormun/servlet/hlogin HTTP/1.1" 200 1748
186.79.197.148 - - [25/Apr/2017:13:51:41 -0300] "GET /cormun/servlet/trsolicitudot? HTTP/1.1" 200 6249
200.86.95.220 - - [25/Apr/2017:13:51:43 -0300] "GET /cormun/servlet/trautorizarsolicitud? HTTP/1.1" 200 8130
200.86.95.220 - - [25/Apr/2017:13:51:44 -0300] "GET /cormun/servlet/trautorizarsolicitud? HTTP/1.1" 200 8128
186.79.197.148 - - [25/Apr/2017:13:51:45 -0300] "GET /cormun/servlet/trsolicitudot? HTTP/1.1" 200 6244
186.79.197.148 - - [25/Apr/2017:13:51:46 -0300] "GET /cormun/servlet/hlogin HTTP/1.1" 200 1743
186.79.197.148 - - [25/Apr/2017:13:51:47 -0300] "GET /cormun/servlet/solicitudot?INS,0,0, HTTP/1.1" 200 11959
186.79.197.148 - - [25/Apr/2017:13:51:50 -0300] "GET /cormun/servlet/solicitudot?INS,0,0, HTTP/1.1" 200 11964
186.79.197.148 - - [25/Apr/2017:13:51:50 -0300] "GET /cormun/servlet/hlogin HTTP/1.1" 200 1748
200.86.95.220 - - [25/Apr/2017:13:52:00 -0300] "POST /cormun/servlet/trautorizarsolicitud?388fbd59acb20b1e6bda95a40f9fc105,,gx-no-cache=1493139184044 HTTP/1.1" 200 4313
200.86.95.220 - - [25/Apr/2017:13:52:00 -0300] "GET /cormun/static/Shared/jqueryui/images/ui-bg_highlight-soft_100_c6c2c8_1x100.png HTTP/1.1" 404 1117
200.86.95.220 - - [25/Apr/2017:13:52:00 -0300] "GET /cormun/static/Shared/jqueryui/images/ui-icons_82798d_256x240.png HTTP/1.1" 404 1089
200.86.95.220 - - [25/Apr/2017:13:52:00 -0300] "GET /cormun/static/Shared/jqueryui/images/ui-bg_flat_55_fafafa_40x100.png HTTP/1.1" 404 1097
200.86.95.220 - - [25/Apr/2017:13:52:00 -0300] "GET /cormun/static/Shared/jqueryui/images/ui-icons_8d78a5_256x240.png HTTP/1.1" 404 1089
200.86.95.220 - - [25/Apr/2017:13:52:01 -0300] "POST /cormun/servlet/trautorizarsolicitud?388fbd59acb20b1e6bda95a40f9fc105,,gx-no-cache=1493139184428 HTTP/1.1" 200 4090
192.168.10.13 - - [25/Apr/2017:13:52:02 -0300] "GET / HTTP/1.1" 200 11217
186.79.197.148 - - [25/Apr/2017:13:52:07 -0300] "POST /cormun/servlet/hlogin?090ea08f7b8c5cdbbb0fe9ee3f4d4d76,gx-no-cache=1493142617708 HTTP/1.1" 200 90
186.79.197.148 - - [25/Apr/2017:13:52:08 -0300] "GET /cormun/servlet/hpexe_link HTTP/1.1" 200 966
186.79.197.148 - - [25/Apr/2017:13:52:11 -0300] "GET /cormun/servlet/solicitudot?INS,0,0, HTTP/1.1" 200 12439
186.79.197.148 - - [25/Apr/2017:13:52:15 -0300] "GET /cormun/servlet/solicitudot?INS,0,0, HTTP/1.1" 200 12444
186.79.197.148 - - [25/Apr/2017:13:52:37 -0300] "POST /cormun/servlet/solicitudot?gx-no-cache=1493142641047 HTTP/1.1" 200 3186
186.79.197.148 - - [25/Apr/2017:13:52:40 -0300] "POST /cormun/servlet/solicitudot?090ea08f7b8c5cdbbb0fe9ee3f4d4d76,INS,0,0,,gx-no-cache=1493142650461 HTTP/1.1" 200 9523
192.168.10.13 - - [25/Apr/2017:13:53:02 -0300] "GET / HTTP/1.1" 200 11217
192.168.10.13 - - [25/Apr/2017:13:54:02 -0300] "GET / HTTP/1.1" 200 11217
192.168.10.13 - - [25/Apr/2017:13:55:02 -0300] "GET / HTTP/1.1" 200 11217
186.103.132.155 - - [25/Apr/2017:13:55:13 -0300] "GET /cormun/servlet/trrenuncias? HTTP/1.1" 200 7086
186.103.132.155 - - [25/Apr/2017:13:55:13 -0300] "GET /cormun/servlet/trrenuncias? HTTP/1.1" 200 7086
186.103.132.155 - - [25/Apr/2017:13:55:18 -0300] "GET /cormun/servlet/arenunciaprn?33,PU HTTP/1.1" 200 1558
192.168.10.13 - - [25/Apr/2017:13:56:02 -0300] "GET / HTTP/1.1" 200 11217
200.86.184.230 - - [25/Apr/2017:13:56:21 -0300] "GET /cormun/servlet/licenciaspermisos?4b224f0a3d3ff6051ce84a6aad4915e973a8c345a7578abb213acbced68430c3cc68a16016e5f34302ea238450d2361d4cf92ec85f2ace66d7a0a64badf530faefd69f3db0226b00f488359f9025a99d789b97138b2802077c9de8d3764cb0413fd1807202016a8e4a8f92d8b5b1c276d4e19065b00ddde12abd768f0f9ab6f21159c3f7bc3fe586f806b14e36793478e24b5c12ff7a6c27463276f1923d6f1e233e72d5ffddd90c324c04e45738e25ff0d4e5534c4849f3073a57eadb9bdefb90196712463fa02f75ab84cc781db09736249715ed471d7476a0a661580c6182,gx-no-cache=1493140214898 HTTP/1.1" 200 30
200.86.184.230 - - [25/Apr/2017:13:56:28 -0300] "GET /cormun/servlet/licenciaspermisos?4b224f0a3d3ff6051ce84a6aad4915e9ddc00d80a5c13520ef9d19b8c6117e2670eb4e5a9c74b1ed171f5048100b874bedac4c10834b4dc8a0204a3846b2f1f171ae5a120a7c61f0fb811bf264cd45cb118a2792cab822b9faedfe94cac08028a5f5ce06a5f2decda38fe2a45b6c51f250c7964ad062815179937d0a2ca28b17e7833446a28b1961da934ae63140c01aa5d0855fdc3129bbeae22a8004463618c1fcbf2d2b6cd49f21e5f7864bf8f84f99fda8cf897f3ce31a69064f27efa3d0eb1eea714d57409577bbe064642e8f8b1cb4196e98ab7d59d2870ecf2dc897b2,gx-no-cache=1493140222030 HTTP/1.1" 200 29
200.86.184.230 - - [25/Apr/2017:13:56:28 -0300] "POST /cormun/servlet/licenciaspermisos?711cf403f2cdfd250579af4278fe10c0,INS,0,,,,gx-no-cache=1493140222103 HTTP/1.1" 200 93
200.86.184.230 - - [25/Apr/2017:13:56:28 -0300] "GET /cormun/servlet/hpexe_return? HTTP/1.1" 200 1008
200.86.184.230 - - [25/Apr/2017:13:56:29 -0300] "GET /cormun/servlet/trlicencias HTTP/1.1" 200 7804
200.86.184.230 - - [25/Apr/2017:13:56:29 -0300] "GET /cormun/servlet/trlicencias HTTP/1.1" 200 7800
200.86.184.230 - - [25/Apr/2017:13:56:34 -0300] "GET /cormun/servlet/trlicenciaspermisosadjuntos?8212761,20170425000000,L, HTTP/1.1" 200 6162
200.86.184.230 - - [25/Apr/2017:13:56:35 -0300] "GET /cormun/servlet/trlicenciaspermisosadjuntos?8212761,20170425000000,L, HTTP/1.1" 200 6162
200.86.184.230 - - [25/Apr/2017:13:56:37 -0300] "GET /cormun/servlet/licenciaspermisosadjuntos?INS,8212761,L,20170425000000,, HTTP/1.1" 200 5454
200.86.184.230 - - [25/Apr/2017:13:56:37 -0300] "GET /cormun/static/about:blank HTTP/1.1" 404 1011
200.86.184.230 - - [25/Apr/2017:13:56:37 -0300] "GET /cormun/servlet/licenciaspermisosadjuntos?INS,8212761,L,20170425000000,, HTTP/1.1" 200 5443
200.86.184.230 - - [25/Apr/2017:13:56:57 -0300] "POST /cormun/servlet/licenciaspermisosadjuntos?711cf403f2cdfd250579af4278fe10c0,INS,8212761,L,20170425000000,, HTTP/1.1" 200 116
200.86.184.230 - - [25/Apr/2017:13:56:57 -0300] "GET /cormun/servlet/hpexe_return? HTTP/1.1" 200 1037
200.86.184.230 - - [25/Apr/2017:13:56:57 -0300] "GET /cormun/servlet/trlicenciaspermisosadjuntos?8212761,20170425000000,L, HTTP/1.1" 200 6647
200.86.184.230 - - [25/Apr/2017:13:56:58 -0300] "GET /cormun/servlet/trlicenciaspermisosadjuntos?8212761,20170425000000,L, HTTP/1.1" 200 6643
200.86.184.230 - - [25/Apr/2017:13:56:59 -0300] "GET /cormun/PublicTempStorage/20170425_134809_edith__172689486.jpg HTTP/1.1" 200 1161796
192.168.10.13 - - [25/Apr/2017:13:57:02 -0300] "GET / HTTP/1.1" 200 11217
186.79.247.223 - - [25/Apr/2017:13:57:10 -0300] "GET /cormun/servlet/hlogin HTTP/1.1" 200 1724
200.86.184.230 - - [25/Apr/2017:13:57:13 -0300] "GET /cormun/servlet/licenciaspermisosadjuntos?INS,8212761,L,20170425000000,, HTTP/1.1" 200 5454
200.86.184.230 - - [25/Apr/2017:13:57:13 -0300] "GET /cormun/servlet/licenciaspermisosadjuntos?INS,8212761,L,20170425000000,, HTTP/1.1" 200 5443
200.86.184.230 - - [25/Apr/2017:13:57:13 -0300] "GET /cormun/servlet/trlicenciaspermisosadjuntos?8212761,20170425000000,L, HTTP/1.1" 200 6642
200.86.184.230 - - [25/Apr/2017:13:57:14 -0300] "GET /cormun/servlet/trlicenciaspermisosadjuntos?8212761,20170425000000,L, HTTP/1.1" 200 6644
200.86.184.230 - - [25/Apr/2017:13:57:14 -0300] "GET /cormun/servlet/trlicencias HTTP/1.1" 200 7804
200.86.184.230 - - [25/Apr/2017:13:57:14 -0300] "GET /cormun/PublicTempStorage/20170425_134809_edith__179194134.jpg HTTP/1.1" 200 1161796
200.86.184.230 - - [25/Apr/2017:13:57:15 -0300] "GET /cormun/servlet/trlicencias HTTP/1.1" 200 7800
200.86.184.230 - - [25/Apr/2017:13:57:17 -0300] "GET /cormun/servlet/alicenciaprn?8212761,L,20170425000000,PU HTTP/1.1" 200 1554
200.86.95.220 - - [25/Apr/2017:13:57:52 -0300] "GET /cormun/servlet/hlogin HTTP/1.1" 200 1720
200.86.95.220 - - [25/Apr/2017:13:58:01 -0300] "POST /cormun/servlet/hlogin?388fbd59acb20b1e6bda95a40f9fc105,gx-no-cache=1493139544940 HTTP/1.1" 200 90
200.86.95.220 - - [25/Apr/2017:13:58:01 -0300] "GET /cormun/servlet/hpexe_link HTTP/1.1" 200 948
200.86.95.220 - - [25/Apr/2017:13:58:01 -0300] "GET /cormun/servlet/hhome HTTP/1.1" 200 3769
192.168.10.13 - - [25/Apr/2017:13:58:02 -0300] "GET / HTTP/1.1" 200 11217
200.86.95.220 - - [25/Apr/2017:13:58:02 -0300] "GET /cormun/servlet/hhome HTTP/1.1" 200 3766
200.86.95.220 - - [25/Apr/2017:13:58:08 -0300] "GET /cormun/servlet/trpermisosgoce? HTTP/1.1" 200 7377
200.86.95.220 - - [25/Apr/2017:13:58:09 -0300] "GET /cormun/servlet/trpermisosgoce? HTTP/1.1" 200 7376
200.86.95.220 - - [25/Apr/2017:13:58:15 -0300] "GET /cormun/servlet/trpermisosadjuntos?13793044,20170425143523,P, HTTP/1.1" 200 6086
200.86.95.220 - - [25/Apr/2017:13:58:15 -0300] "GET /cormun/static/trpermisosadjuntos.js?201731711542990 HTTP/1.1" 304 -
200.86.95.220 - - [25/Apr/2017:13:58:16 -0300] "GET /cormun/servlet/trpermisosadjuntos?13793044,20170425143523,P, HTTP/1.1" 200 6085
200.86.95.220 - - [25/Apr/2017:13:58:18 -0300] "GET /cormun/servlet/permisosadjuntos?INS,13793044,P,20170425143523,, HTTP/1.1" 200 5412
200.86.95.220 - - [25/Apr/2017:13:58:18 -0300] "GET /cormun/static/about:blank HTTP/1.1" 404 1011
200.86.95.220 - - [25/Apr/2017:13:58:19 -0300] "GET /cormun/servlet/permisosadjuntos?INS,13793044,P,20170425143523,, HTTP/1.1" 200 5402
200.86.95.220 - - [25/Apr/2017:13:58:28 -0300] "POST /cormun/servlet/permisosadjuntos?388fbd59acb20b1e6bda95a40f9fc105,INS,13793044,P,20170425143523,, HTTP/1.1" 200 116
200.86.95.220 - - [25/Apr/2017:13:58:29 -0300] "GET /cormun/servlet/hpexe_return? HTTP/1.1" 200 1034
200.86.95.220 - - [25/Apr/2017:13:58:29 -0300] "GET /cormun/servlet/trpermisosadjuntos?13793044,20170425143523,P, HTTP/1.1" 200 6534
200.86.95.220 - - [25/Apr/2017:13:58:30 -0300] "GET /cormun/servlet/trpermisosadjuntos?13793044,20170425143523,P, HTTP/1.1" 200 6528
200.86.95.220 - - [25/Apr/2017:13:58:30 -0300] "GET /cormun/PublicTempStorage/img1829279650.jpg HTTP/1.1" 200 569637
200.86.95.220 - - [25/Apr/2017:13:58:33 -0300] "POST /cormun/servlet/trpermisosadjuntos?388fbd59acb20b1e6bda95a40f9fc105,13793044,20170425143523,P,,gx-no-cache=1493139576836 HTTP/1.1" 200 90
200.86.95.220 - - [25/Apr/2017:13:58:33 -0300] "GET /cormun/servlet/hpexe_link HTTP/1.1" 200 979
200.86.95.220 - - [25/Apr/2017:13:58:33 -0300] "GET /cormun/servlet/trpermisosgoce HTTP/1.1" 200 7377
200.86.95.220 - - [25/Apr/2017:13:58:34 -0300] "GET /cormun/servlet/trpermisosgoce HTTP/1.1" 200 7376
200.86.95.220 - - [25/Apr/2017:13:58:42 -0300] "POST /cormun/servlet/trpermisosgoce?388fbd59acb20b1e6bda95a40f9fc105,gx-no-cache=1493139585932 HTTP/1.1" 200 3978
200.86.95.220 - - [25/Apr/2017:13:58:42 -0300] "GET /cormun/static/Shared/jqueryui/images/ui-bg_highlight-soft_100_c6c2c8_1x100.png HTTP/1.1" 404 1117
200.86.95.220 - - [25/Apr/2017:13:58:42 -0300] "GET /cormun/static/Shared/jqueryui/images/ui-icons_82798d_256x240.png HTTP/1.1" 404 1089
200.86.95.220 - - [25/Apr/2017:13:58:42 -0300] "GET /cormun/static/Shared/jqueryui/images/ui-bg_flat_55_fafafa_40x100.png HTTP/1.1" 404 1097
200.86.95.220 - - [25/Apr/2017:13:58:42 -0300] "GET /cormun/static/Shared/jqueryui/images/ui-icons_8d78a5_256x240.png HTTP/1.1" 404 1089
200.86.95.220 - - [25/Apr/2017:13:58:49 -0300] "GET /cormun/servlet/hlogin HTTP/1.1" 200 1720
200.86.95.220 - - [25/Apr/2017:13:59:00 -0300] "POST /cormun/servlet/hlogin?388fbd59acb20b1e6bda95a40f9fc105,gx-no-cache=1493139603951 HTTP/1.1" 200 90
200.86.95.220 - - [25/Apr/2017:13:59:00 -0300] "GET /cormun/servlet/hpexe_link HTTP/1.1" 200 948
200.86.95.220 - - [25/Apr/2017:13:59:00 -0300] "GET /cormun/servlet/hhome HTTP/1.1" 200 3957
200.86.95.220 - - [25/Apr/2017:13:59:02 -0300] "GET /cormun/servlet/hhome HTTP/1.1" 200 3953
192.168.10.13 - - [25/Apr/2017:13:59:02 -0300] "GET / HTTP/1.1" 200 11217
200.86.95.220 - - [25/Apr/2017:13:59:08 -0300] "GET /cormun/servlet/trautorizarpermisogoce? HTTP/1.1" 200 7495
200.86.95.220 - - [25/Apr/2017:13:59:09 -0300] "GET /cormun/servlet/trautorizarpermisogoce? HTTP/1.1" 200 7495
200.86.95.220 - - [25/Apr/2017:13:59:21 -0300] "POST /cormun/servlet/trautorizarpermisogoce?388fbd59acb20b1e6bda95a40f9fc105,,gx-no-cache=1493139624990 HTTP/1.1" 200 4161
200.86.95.220 - - [25/Apr/2017:13:59:21 -0300] "GET /cormun/static/Shared/jqueryui/images/ui-bg_highlight-soft_100_c6c2c8_1x100.png HTTP/1.1" 404 1117
200.86.95.220 - - [25/Apr/2017:13:59:21 -0300] "GET /cormun/static/Shared/jqueryui/images/ui-icons_82798d_256x240.png HTTP/1.1" 404 1089
200.86.95.220 - - [25/Apr/2017:13:59:21 -0300] "GET /cormun/static/Shared/jqueryui/images/ui-bg_flat_55_fafafa_40x100.png HTTP/1.1" 404 1097
200.86.95.220 - - [25/Apr/2017:13:59:21 -0300] "GET /cormun/static/Shared/jqueryui/images/ui-icons_8d78a5_256x240.png HTTP/1.1" 404 1089
