186.103.157.235 - - [25/Apr/2017:12:12:36 -0300] "GET /cormun/static/Resources/logo4.png HTTP/1.1" 200 6582
186.103.157.235 - - [25/Apr/2017:12:12:36 -0300] "GET /cormun/static/Resources/PXToolsHeaderLogin.png HTTP/1.1" 200 4279
186.103.157.235 - - [25/Apr/2017:12:12:36 -0300] "GET /cormun/static/Resources/PXToolsDataTitle.png HTTP/1.1" 200 1173
186.103.157.235 - - [25/Apr/2017:12:12:36 -0300] "GET /cormun/static/Resources/PXToolsHeaderActionsBackground.png HTTP/1.1" 200 484
186.103.157.235 - - [25/Apr/2017:12:12:36 -0300] "GET /cormun/static/Resources/PXToolsHeaderBackground2.png HTTP/1.1" 200 1174
186.103.157.235 - - [25/Apr/2017:12:12:36 -0300] "GET /cormun/static/Resources/PXToolsHeaderSecurity.png HTTP/1.1" 200 4166
186.103.157.235 - - [25/Apr/2017:12:12:36 -0300] "GET /cormun/static/Resources/PXToolsHeaderActionsRight.png HTTP/1.1" 200 1201
186.103.157.235 - - [25/Apr/2017:12:12:36 -0300] "GET /cormun/static/Resources/PXToolsHeaderPreferences.png HTTP/1.1" 200 4189
186.103.157.235 - - [25/Apr/2017:12:12:36 -0300] "GET /cormun/static/Resources/PXToolsHeaderHome.png HTTP/1.1" 200 4147
186.103.157.235 - - [25/Apr/2017:12:12:36 -0300] "GET /cormun/static/hpexe_messagecontroller.js?201610171694323 HTTP/1.1" 200 870
186.103.157.235 - - [25/Apr/2017:12:12:36 -0300] "GET /cormun/static/hpexe_messagepopupcomponent.js?20161017169425 HTTP/1.1" 200 605
186.103.157.235 - - [25/Apr/2017:12:12:36 -0300] "GET /cormun/static/hpexe_messagegenexuscomponent.js?201731711335537 HTTP/1.1" 200 587
186.103.157.235 - - [25/Apr/2017:12:12:36 -0300] "GET /cormun/static/cmcontrolpreferences.js?201731711335852 HTTP/1.1" 200 1375
186.103.157.235 - - [25/Apr/2017:12:12:36 -0300] "GET /cormun/static/Shared/jquery/jquery-1.4.2.min.js HTTP/1.1" 200 72174
186.103.157.235 - - [25/Apr/2017:12:12:36 -0300] "GET /cormun/static/Shared/ext/locale/ext-lang-en.js HTTP/1.1" 200 10940
186.103.157.235 - - [25/Apr/2017:12:12:36 -0300] "GET /cormun/static/SmoothNavMenu/resources/ddsmoothmenu.js HTTP/1.1" 200 12712
186.103.157.235 - - [25/Apr/2017:12:12:36 -0300] "GET /cormun/static/gxui/gxui-all.js HTTP/1.1" 200 107772
186.103.157.235 - - [25/Apr/2017:12:12:36 -0300] "GET /cormun/static/SmoothNavMenu/resources/SmoothNavMenuRender.js HTTP/1.1" 200 5951
186.103.157.235 - - [25/Apr/2017:12:12:36 -0300] "GET /cormun/static/scaMessage/js/jquery.pnotify.min.js HTTP/1.1" 200 13038
186.103.157.235 - - [25/Apr/2017:12:12:37 -0300] "GET /cormun/static/scaMessage/scaMessageRender.js HTTP/1.1" 200 11977
186.103.157.235 - - [25/Apr/2017:12:12:37 -0300] "GET /cormun/static/hmpwkw03.js?201731711485354 HTTP/1.1" 200 3965
186.103.157.235 - - [25/Apr/2017:12:12:37 -0300] "GET /cormun/static/Shared/jqueryui/jquery-ui.min.js HTTP/1.1" 200 240427
186.103.157.235 - - [25/Apr/2017:12:12:37 -0300] "GET /cormun/static/Shared/jquery/jquery-1.10.2.min.js HTTP/1.1" 200 273199
186.103.157.235 - - [25/Apr/2017:12:12:39 -0300] "GET /cormun/static/Shared/ext/ext-all.js HTTP/1.1" 200 1289687
186.103.157.235 - - [25/Apr/2017:12:12:39 -0300] "GET /cormun/servlet/hhome HTTP/1.1" 200 3986
186.103.157.235 - - [25/Apr/2017:12:12:39 -0300] "GET /cormun/static/SmoothNavMenu/resources/images/down.gif HTTP/1.1" 200 854
186.103.157.235 - - [25/Apr/2017:12:12:39 -0300] "GET /cormun/static/SmoothNavMenu/resources/images/right.gif HTTP/1.1" 200 860
186.103.156.166 - - [25/Apr/2017:12:12:43 -0300] "POST /cormun/servlet/hlogin?1b45eb989ff056010a3bff574ba1b933,gx-no-cache=1493133228333 HTTP/1.1" 200 90
186.103.156.166 - - [25/Apr/2017:12:12:43 -0300] "GET /cormun/servlet/hpexe_link HTTP/1.1" 200 953
186.103.156.166 - - [25/Apr/2017:12:12:43 -0300] "GET /cormun/servlet/hhome HTTP/1.1" 200 3979
186.103.156.166 - - [25/Apr/2017:12:12:44 -0300] "GET /cormun/servlet/hhome HTTP/1.1" 200 3976
186.103.157.235 - - [25/Apr/2017:12:12:46 -0300] "GET /cormun/servlet/trlicencias? HTTP/1.1" 200 6854
186.103.157.235 - - [25/Apr/2017:12:12:46 -0300] "GET /cormun/static/gxui/gxui-all.css?110300 HTTP/1.1" 200 2179
186.103.157.235 - - [25/Apr/2017:12:12:46 -0300] "GET /cormun/static/calendar-system.css?75620 HTTP/1.1" 200 5572
186.103.157.235 - - [25/Apr/2017:12:12:46 -0300] "GET /cormun/static/gxcfg.js?201741111445981 HTTP/1.1" 200 953
186.103.157.235 - - [25/Apr/2017:12:12:46 -0300] "GET /cormun/static/calendar.js?85251 HTTP/1.1" 200 26246
186.103.157.235 - - [25/Apr/2017:12:12:46 -0300] "GET /cormun/static/calendar-setup.js?85251 HTTP/1.1" 200 2588
186.103.157.235 - - [25/Apr/2017:12:12:46 -0300] "GET /cormun/static/calendar-es.js?85251 HTTP/1.1" 200 1901
186.103.157.235 - - [25/Apr/2017:12:12:46 -0300] "GET /cormun/static/gxdec.js?85251 HTTP/1.1" 200 19579
186.103.157.235 - - [25/Apr/2017:12:12:47 -0300] "GET /cormun/static/trlicencias.js?20174111145440 HTTP/1.1" 200 37913
186.103.157.235 - - [25/Apr/2017:12:12:47 -0300] "GET /cormun/static/Resources/PXTools/calendar.png HTTP/1.1" 200 1306
186.103.157.235 - - [25/Apr/2017:12:12:47 -0300] "GET /cormun/static/Shared/ext/resources/css/ext-all.css?205870 HTTP/1.1" 200 416045
186.103.157.235 - - [25/Apr/2017:12:12:47 -0300] "GET /cormun/static/Resources/PXToolsDataSearch.png HTTP/1.1" 200 419
186.103.157.235 - - [25/Apr/2017:12:12:47 -0300] "GET /cormun/static/Resources/PXToolsGridFirstDisabled.gif HTTP/1.1" 200 100
186.103.157.235 - - [25/Apr/2017:12:12:47 -0300] "GET /cormun/static/Resources/PXToolsGridPreviousDisabled.gif HTTP/1.1" 200 90
186.103.157.235 - - [25/Apr/2017:12:12:47 -0300] "GET /cormun/static/Resources/PXToolsGridNextDisabled.gif HTTP/1.1" 200 90
186.103.157.235 - - [25/Apr/2017:12:12:47 -0300] "GET /cormun/static/Resources/PXToolsGridLastDisabled.gif HTTP/1.1" 200 98
186.103.157.235 - - [25/Apr/2017:12:12:47 -0300] "GET /cormun/static/Resources/PXToolsGridPage.gif HTTP/1.1" 200 725
186.103.157.235 - - [25/Apr/2017:12:12:47 -0300] "GET /cormun/static/Resources/PXToolsActionExcel.png HTTP/1.1" 200 3187
186.103.157.235 - - [25/Apr/2017:12:12:47 -0300] "GET /cormun/static/Resources/PXToolsGridNew.png HTTP/1.1" 200 2949
186.103.157.235 - - [25/Apr/2017:12:12:47 -0300] "GET /cormun/static/Resources/asc.gif HTTP/1.1" 200 67
186.103.157.235 - - [25/Apr/2017:12:12:47 -0300] "GET /cormun/static/Resources/desc.gif HTTP/1.1" 200 65
186.103.157.235 - - [25/Apr/2017:12:12:47 -0300] "GET /cormun/static/Shared/ext/resources/themes/images/default/panel/bg-headersPanel.png HTTP/1.1" 200 255
186.103.157.235 - - [25/Apr/2017:12:12:47 -0300] "GET /cormun/static/Shared/ext/resources/themes/images/default/tools/tool-sprites.gif HTTP/1.1" 200 5434
186.103.157.235 - - [25/Apr/2017:12:12:47 -0300] "GET /cormun/servlet/trlicencias? HTTP/1.1" 200 6853
186.103.156.166 - - [25/Apr/2017:12:12:49 -0300] "GET /cormun/servlet/trsolicitudot? HTTP/1.1" 200 8686
186.103.157.235 - - [25/Apr/2017:12:12:50 -0300] "GET /cormun/servlet/licenciaspermisos?INS,0,,, HTTP/1.1" 200 7389
186.103.157.235 - - [25/Apr/2017:12:12:50 -0300] "GET /cormun/static/gxcfg.js?201741111445322 HTTP/1.1" 200 953
186.103.157.235 - - [25/Apr/2017:12:12:50 -0300] "GET /cormun/static/Resources/prompt.gif HTTP/1.1" 200 902
186.103.157.235 - - [25/Apr/2017:12:12:50 -0300] "GET /cormun/static/licenciaspermisos.js?201741111445392 HTTP/1.1" 200 34444
186.103.156.166 - - [25/Apr/2017:12:12:50 -0300] "GET /cormun/servlet/trsolicitudot? HTTP/1.1" 200 8685
186.103.157.235 - - [25/Apr/2017:12:12:50 -0300] "GET /cormun/servlet/licenciaspermisos?INS,0,,, HTTP/1.1" 200 7388
186.103.156.166 - - [25/Apr/2017:12:12:55 -0300] "GET /cormun/servlet/solicitudot?INS,0,0, HTTP/1.1" 200 12783
186.103.156.166 - - [25/Apr/2017:12:12:55 -0300] "GET /cormun/servlet/solicitudot?INS,0,0, HTTP/1.1" 200 12788
192.168.10.13 - - [25/Apr/2017:12:13:02 -0300] "GET / HTTP/1.1" 200 11217
186.103.157.235 - - [25/Apr/2017:12:13:03 -0300] "GET /cormun/servlet/licenciaspermisos?8d14cb5033786187c28acc58a4d52405300fa4a70b62f2a3719791ce9013cf243a577ed911ad36627989197df0b3396a,gx-no-cache=1493133247230 HTTP/1.1" 200 63
186.103.157.235 - - [25/Apr/2017:12:13:03 -0300] "POST /cormun/servlet/licenciaspermisos?c83a9a640453cc670647034a28b5cd99,INS,0,,,,gx-no-cache=1493133247272 HTTP/1.1" 200 4623
186.103.156.166 - - [25/Apr/2017:12:13:27 -0300] "POST /cormun/servlet/solicitudot?gx-no-cache=1493133271813 HTTP/1.1" 200 3092
186.103.156.166 - - [25/Apr/2017:12:13:27 -0300] "POST /cormun/servlet/solicitudot?1b45eb989ff056010a3bff574ba1b933,INS,0,0,,gx-no-cache=1493133272226 HTTP/1.1" 200 9869
186.103.156.166 - - [25/Apr/2017:12:13:29 -0300] "GET /cormun/servlet/solicitudot?106def0a75ed40d9919b8eaea08ba5bfe72e95aec7f9a8d79c7b6e736cbfbeb3c31976ba3d59b1ab40d399db8fd2a0ec,gx-no-cache=1493133274481 HTTP/1.1" 200 30
192.168.10.96 - - [25/Apr/2017:12:13:44 -0300] "GET /cormun/servlet/trsolicitudgral? HTTP/1.1" 200 18069
192.168.10.96 - - [25/Apr/2017:12:13:44 -0300] "GET /cormun/servlet/hlogin HTTP/1.1" 200 1749
192.168.10.96 - - [25/Apr/2017:12:13:45 -0300] "GET /cormun/servlet/trsolicitudgral? HTTP/1.1" 200 18063
186.103.157.235 - - [25/Apr/2017:12:13:46 -0300] "GET /cormun/static/menuarrow.gif HTTP/1.1" 404 1015
192.168.10.13 - - [25/Apr/2017:12:14:02 -0300] "GET / HTTP/1.1" 200 11217
192.168.10.13 - - [25/Apr/2017:12:15:02 -0300] "GET / HTTP/1.1" 200 11217
186.103.157.235 - - [25/Apr/2017:12:15:27 -0300] "GET /cormun/servlet/licenciaspermisos?8d14cb5033786187c28acc58a4d52405127a8d28d46105b85d18f16386f5c563d8ded01196af52687f2d22f99164f515f61cb44c43281e4e469fe16481562b8be93782ce2c9b58ac6cbc6b970d88fe9201a186ce23f261aa2ab706a0d3d891cd694ca5bc2eddb06d7eb71159d204e1d979f4622a878ac80a872b5685ebd41cce1f1e83b6f4d84c1e9b87600b32d05a27b5a8fb03abfc734f6edefa7fdf73f34190e2ed20d7cf9cf2a08de8151426ba0a,gx-no-cache=1493133391983 HTTP/1.1" 200 30
186.103.157.235 - - [25/Apr/2017:12:15:27 -0300] "GET /cormun/servlet/licenciaspermisos?8d14cb5033786187c28acc58a4d52405bb128e338a8bcf48cce057da29d3aaac3611087d221e6c5c94cf4eaeabf937390515df4dd55ba0272fa7de380b3962c2fcef6c0e5e361c705aef979dc4557c3f100e305c78846cf24c9fef13ebffd515629895e3e76fbfa3d4aec55d7538860d7858d22bafc4322ebdd98371339795002aafc90b3fb8a4538e6b66c01760ba9c925658c30a17de29003c4d822e3632ec8885b77d13c0d3ef805ed688d7c8dcbc,gx-no-cache=1493133392049 HTTP/1.1" 200 29
186.103.157.235 - - [25/Apr/2017:12:15:28 -0300] "POST /cormun/servlet/licenciaspermisos?c83a9a640453cc670647034a28b5cd99,INS,0,,,,gx-no-cache=1493133392096 HTTP/1.1" 200 93
186.103.157.235 - - [25/Apr/2017:12:15:28 -0300] "GET /cormun/servlet/hpexe_return? HTTP/1.1" 200 1016
186.103.157.235 - - [25/Apr/2017:12:15:28 -0300] "GET /cormun/static/Resources/Spanish/PXTools.css?167811 HTTP/1.1" 200 89042
186.103.157.235 - - [25/Apr/2017:12:15:28 -0300] "GET /cormun/static/gxcfg.js?2016101716175148 HTTP/1.1" 200 953
186.103.157.235 - - [25/Apr/2017:12:15:28 -0300] "GET /cormun/static/hpexe_return.js?2016101716175153 HTTP/1.1" 200 1633
186.103.157.235 - - [25/Apr/2017:12:15:29 -0300] "GET /cormun/servlet/trlicencias HTTP/1.1" 200 7997
186.103.157.235 - - [25/Apr/2017:12:15:29 -0300] "GET /cormun//static/Resources/PXToolsGridUpdate.png HTTP/1.1" 200 2984
186.103.157.235 - - [25/Apr/2017:12:15:29 -0300] "GET /cormun//static/Resources/PXTools/ActionInsert.png HTTP/1.1" 200 1482
186.103.157.235 - - [25/Apr/2017:12:15:29 -0300] "GET /cormun//static/Resources/PXToolsHeaderHelp.png HTTP/1.1" 200 4055
186.103.157.235 - - [25/Apr/2017:12:15:29 -0300] "GET /cormun//static/Resources/PXToolsActionPrint.png HTTP/1.1" 200 3317
186.103.157.235 - - [25/Apr/2017:12:15:29 -0300] "GET /cormun//static/Resources/PXToolsHeaderFavorites.png HTTP/1.1" 200 2744
186.103.157.235 - - [25/Apr/2017:12:15:29 -0300] "GET /cormun//static/Resources/PXToolsGridDelete.png HTTP/1.1" 200 357
186.103.157.235 - - [25/Apr/2017:12:15:29 -0300] "GET /cormun//static/Resources/PXToolsGridDisplay.png HTTP/1.1" 200 362
186.103.157.235 - - [25/Apr/2017:12:15:29 -0300] "GET /cormun/servlet/trlicencias HTTP/1.1" 200 7993
186.103.157.235 - - [25/Apr/2017:12:15:32 -0300] "GET /cormun/servlet/trlicenciaspermisosadjuntos?18261130,20170425000000,L, HTTP/1.1" 200 6340
186.103.157.235 - - [25/Apr/2017:12:15:32 -0300] "GET /cormun/static/gxcfg.js?20173171154619 HTTP/1.1" 200 953
186.103.157.235 - - [25/Apr/2017:12:15:32 -0300] "GET /cormun/static/trlicenciaspermisosadjuntos.js?20173171154971 HTTP/1.1" 200 21005
186.103.157.235 - - [25/Apr/2017:12:15:32 -0300] "GET /cormun/servlet/trlicenciaspermisosadjuntos?18261130,20170425000000,L, HTTP/1.1" 200 6341
186.103.157.235 - - [25/Apr/2017:12:15:48 -0300] "GET /cormun/servlet/licenciaspermisosadjuntos?INS,18261130,L,20170425000000,, HTTP/1.1" 200 5634
186.103.157.235 - - [25/Apr/2017:12:15:48 -0300] "GET /cormun/static/gxcfg.js?201731711421170 HTTP/1.1" 200 953
186.103.157.235 - - [25/Apr/2017:12:15:48 -0300] "GET /cormun/static/licenciaspermisosadjuntos.js?201731711421181 HTTP/1.1" 200 8757
186.103.157.235 - - [25/Apr/2017:12:15:48 -0300] "GET /cormun/static/about:blank HTTP/1.1" 404 1011
186.103.157.235 - - [25/Apr/2017:12:15:48 -0300] "GET /cormun/servlet/licenciaspermisosadjuntos?INS,18261130,L,20170425000000,, HTTP/1.1" 200 5623
186.103.156.166 - - [25/Apr/2017:12:15:58 -0300] "POST /cormun/servlet/solicitudot?gx-no-cache=1493133422704 HTTP/1.1" 200 255
192.168.10.13 - - [25/Apr/2017:12:16:02 -0300] "GET / HTTP/1.1" 200 11217
186.103.156.166 - - [25/Apr/2017:12:16:07 -0300] "GET /cormun/servlet/solicitudot?106def0a75ed40d9919b8eaea08ba5bf91fdcb43fdd48b0fd7d78bf4a8874b7615249d79de17baf688da79ae3e7f036b803b7f388611b274c05e6ca87e771073e785b7c182768ca2123997f2507832f51f4c8ba55d3c0cf8e795abba3d9d3e87529911715f90c6cc5b6d205758a4bd9115f31cf101621087bb37dcf7b3a1c29f9bb5ef267420094d1aa988af56260a5354bb4313669d4e63045fe88f04faa8e1cfc79a869b72e1a2c25fa8be6f85d96b12862101a94a45361e4bfb4d0f97bdf7b1763949e8c63230a1f603c4cc99a8ff8434b36e8c85eb118a5994b1ff7a7f0e6120b4739a6748651a2f6c7bbc97c62045c9195ad2402d56b02ae94522f062dfb6e98a3dd80906bb35bfdac0dbf3bebcc45a60f3f959b18ae57a809e919a3789b64bcb35eeede73cef0ec805ce3df561b7f2e7aa5b3a26a06688ed5d482f1ebb134d04f6365c77aba8f0640c7da1531c1ca4a77e09da0eaf95416c1d29ea6433182a2e99002a0fae1d13c2a45104239bdd22bb3672c907d4d75406e1283fd890,gx-no-cache=1493133432030 HTTP/1.1" 200 30
186.103.157.235 - - [25/Apr/2017:12:16:10 -0300] "POST /cormun/servlet/licenciaspermisosadjuntos?c83a9a640453cc670647034a28b5cd99,INS,18261130,L,20170425000000,, HTTP/1.1" 200 116
186.103.157.235 - - [25/Apr/2017:12:16:10 -0300] "GET /cormun/servlet/hpexe_return? HTTP/1.1" 200 1047
186.103.157.235 - - [25/Apr/2017:12:16:11 -0300] "GET /cormun/servlet/trlicenciaspermisosadjuntos?18261130,20170425000000,L, HTTP/1.1" 200 6825
186.103.157.235 - - [25/Apr/2017:12:16:11 -0300] "GET /cormun/servlet/trlicenciaspermisosadjuntos?18261130,20170425000000,L, HTTP/1.1" 200 6822
186.103.156.166 - - [25/Apr/2017:12:16:17 -0300] "POST /cormun/servlet/solicitudot?gx-no-cache=1493133442217 HTTP/1.1" 200 30
186.103.157.235 - - [25/Apr/2017:12:16:18 -0300] "POST /cormun/servlet/trlicenciaspermisosadjuntos?c83a9a640453cc670647034a28b5cd99,18261130,20170425000000,L,,gx-no-cache=1493133441858 HTTP/1.1" 200 90
186.103.157.235 - - [25/Apr/2017:12:16:18 -0300] "GET /cormun/servlet/hpexe_link HTTP/1.1" 200 990
186.103.157.235 - - [25/Apr/2017:12:16:18 -0300] "GET /cormun/servlet/trlicencias HTTP/1.1" 200 7995
186.103.157.235 - - [25/Apr/2017:12:16:18 -0300] "GET /cormun/servlet/trlicencias HTTP/1.1" 200 7993
186.103.156.166 - - [25/Apr/2017:12:16:25 -0300] "POST /cormun/servlet/solicitudot?gx-no-cache=1493133450396 HTTP/1.1" 200 235
186.103.156.166 - - [25/Apr/2017:12:16:25 -0300] "POST /cormun/servlet/solicitudot?gx-no-cache=1493133450453 HTTP/1.1" 200 38
186.103.157.235 - - [25/Apr/2017:12:16:44 -0300] "GET /cormun/servlet/alicenciaprn?18261130,L,20170425000000,PU HTTP/1.1" 200 1541
192.168.10.13 - - [25/Apr/2017:12:17:02 -0300] "GET / HTTP/1.1" 200 11217
186.103.157.235 - - [25/Apr/2017:12:17:30 -0300] "POST /cormun/servlet/trlicencias?c83a9a640453cc670647034a28b5cd99,gx-no-cache=1493133514638 HTTP/1.1" 200 4226
186.103.157.235 - - [25/Apr/2017:12:17:30 -0300] "GET /cormun/static/Shared/jqueryui/images/ui-bg_highlight-soft_100_c6c2c8_1x100.png HTTP/1.1" 404 1117
186.103.157.235 - - [25/Apr/2017:12:17:30 -0300] "GET /cormun/static/Shared/jqueryui/images/ui-icons_82798d_256x240.png HTTP/1.1" 404 1089
186.103.157.235 - - [25/Apr/2017:12:17:30 -0300] "GET /cormun/static/Shared/jqueryui/images/ui-bg_flat_55_fafafa_40x100.png HTTP/1.1" 404 1097
186.103.157.235 - - [25/Apr/2017:12:17:30 -0300] "GET /cormun/static/Shared/jqueryui/images/ui-icons_8d78a5_256x240.png HTTP/1.1" 404 1089
186.103.156.166 - - [25/Apr/2017:12:17:55 -0300] "GET /cormun/servlet/solicitudot?106def0a75ed40d9919b8eaea08ba5bf6fd174f2c3891311d8e35765084a827de83d3df90ad64faa1354c0a2f9c7abc2a65a8ccf45c28a5777906868df75f88cc79a111ea7a647f6fbda7e3ef58f1bb3d25bed776aa24055d414ae1590ff4e38f17e4d61689c99c658bac32562867580,gx-no-cache=1493133539902 HTTP/1.1" 200 29
186.103.156.166 - - [25/Apr/2017:12:17:55 -0300] "POST /cormun/servlet/solicitudot?gx-no-cache=1493133540090 HTTP/1.1" 200 674
186.103.156.166 - - [25/Apr/2017:12:17:55 -0300] "POST /cormun/servlet/solicitudot?gx-no-cache=1493133540175 HTTP/1.1" 200 552
186.103.156.166 - - [25/Apr/2017:12:17:55 -0300] "GET /cormun/static/menuarrow.gif HTTP/1.1" 404 1015
186.103.156.166 - - [25/Apr/2017:12:17:58 -0300] "POST /cormun/servlet/solicitudot?gx-no-cache=1493133542740 HTTP/1.1" 200 674
186.103.156.166 - - [25/Apr/2017:12:17:58 -0300] "POST /cormun/servlet/solicitudot?gx-no-cache=1493133542802 HTTP/1.1" 200 552
192.168.10.13 - - [25/Apr/2017:12:18:02 -0300] "GET / HTTP/1.1" 200 11217
186.103.156.166 - - [25/Apr/2017:12:18:14 -0300] "GET /cormun/servlet/solicitudot?106def0a75ed40d9919b8eaea08ba5bfe24748538b0fc347cfcf83f123fd79f66a3526b1e0e00f1fd09e7960e2716681d07c3ec8c7f52f6b235cf902e1cf301cb7bc211e5757b1a9ce30c1e2632ee86294952af7a71ba765bbf0b5df2288d90ed07007a43d2e81d0279a606188830eea55db73d479829f5cc62318d2d1fc03d7ebab559e5427c66d598fc2da1466d332d6fadadd3f223b85f76919f8038feaf75068577c90aff91f307abe627708cfb9,gx-no-cache=1493133559322 HTTP/1.1" 200 30
186.103.156.166 - - [25/Apr/2017:12:18:14 -0300] "POST /cormun/servlet/solicitudot?1b45eb989ff056010a3bff574ba1b933,INS,0,0,,gx-no-cache=1493133559369 HTTP/1.1" 200 93
186.103.156.166 - - [25/Apr/2017:12:18:14 -0300] "GET /cormun/servlet/hpexe_return? HTTP/1.1" 200 1007
186.103.156.166 - - [25/Apr/2017:12:18:15 -0300] "GET /cormun/servlet/trsolicitudot HTTP/1.1" 200 9064
186.103.156.166 - - [25/Apr/2017:12:18:15 -0300] "GET /cormun/servlet/trsolicitudot HTTP/1.1" 200 9060
192.168.10.13 - - [25/Apr/2017:12:19:02 -0300] "GET / HTTP/1.1" 200 11217
192.168.10.13 - - [25/Apr/2017:12:20:02 -0300] "GET / HTTP/1.1" 200 11217
192.168.10.13 - - [25/Apr/2017:12:21:02 -0300] "GET / HTTP/1.1" 200 11217
192.168.10.96 - - [25/Apr/2017:12:21:40 -0300] "POST /cormun/servlet/hlogin?6390c8cddd313b5dd787616bd9f2082a,gx-no-cache=1493136970794 HTTP/1.1" 200 457
192.168.10.96 - - [25/Apr/2017:12:21:44 -0300] "POST /cormun/servlet/hlogin?6390c8cddd313b5dd787616bd9f2082a,gx-no-cache=1493136974967 HTTP/1.1" 200 90
192.168.10.96 - - [25/Apr/2017:12:21:44 -0300] "GET /cormun/servlet/hpexe_link HTTP/1.1" 200 966
192.168.10.96 - - [25/Apr/2017:12:21:45 -0300] "GET /cormun/servlet/trsolicitudgral HTTP/1.1" 200 19044
192.168.10.96 - - [25/Apr/2017:12:21:46 -0300] "GET /cormun/servlet/trsolicitudgral HTTP/1.1" 200 19042
192.168.10.96 - - [25/Apr/2017:12:21:48 -0300] "GET /cormun/servlet/trsolicitudgral? HTTP/1.1" 200 19042
192.168.10.96 - - [25/Apr/2017:12:21:48 -0300] "GET /cormun/servlet/trsolicitudgral? HTTP/1.1" 200 19043
192.168.10.13 - - [25/Apr/2017:12:22:02 -0300] "GET / HTTP/1.1" 200 11217
192.168.10.96 - - [25/Apr/2017:12:22:05 -0300] "POST /cormun/servlet/trsolicitudgral?6390c8cddd313b5dd787616bd9f2082a,,gx-no-cache=1493136995049 HTTP/1.1" 200 5209
192.168.10.96 - - [25/Apr/2017:12:22:09 -0300] "POST /cormun/servlet/trsolicitudgral?6390c8cddd313b5dd787616bd9f2082a,,gx-no-cache=1493136999683 HTTP/1.1" 200 7182
192.168.10.13 - - [25/Apr/2017:12:23:02 -0300] "GET / HTTP/1.1" 200 11217
186.103.156.166 - - [25/Apr/2017:12:23:18 -0300] "POST /cormun/servlet/trsolicitudot?1b45eb989ff056010a3bff574ba1b933,gx-no-cache=1493133863197 HTTP/1.1" 200 106
186.103.156.166 - - [25/Apr/2017:12:23:18 -0300] "GET /cormun/servlet/trsolicitudadjuntos?2017,6213, HTTP/1.1" 200 6081
186.103.156.166 - - [25/Apr/2017:12:23:18 -0300] "GET /cormun/static/gxcfg.js?201731711504543 HTTP/1.1" 200 953
186.103.156.166 - - [25/Apr/2017:12:23:19 -0300] "GET /cormun/static/trsolicitudadjuntos.js?201731711504951 HTTP/1.1" 200 17913
186.103.156.166 - - [25/Apr/2017:12:23:19 -0300] "GET /cormun/servlet/trsolicitudadjuntos?2017,6213, HTTP/1.1" 200 6081
186.103.156.166 - - [25/Apr/2017:12:23:26 -0300] "GET /cormun/servlet/solicitudotadjuntos?INS,2017,6213,,1, HTTP/1.1" 200 6020
186.103.156.166 - - [25/Apr/2017:12:23:26 -0300] "GET /cormun/static/gxcfg.js?201612218465951 HTTP/1.1" 200 953
186.103.156.166 - - [25/Apr/2017:12:23:26 -0300] "GET /cormun/static/solicitudotadjuntos.js?201612218465969 HTTP/1.1" 200 11762
186.103.156.166 - - [25/Apr/2017:12:23:26 -0300] "GET /cormun/static/about:blank HTTP/1.1" 404 1011
186.103.156.166 - - [25/Apr/2017:12:23:26 -0300] "GET /cormun/servlet/solicitudotadjuntos?INS,2017,6213,,1, HTTP/1.1" 200 6013
186.103.156.166 - - [25/Apr/2017:12:23:27 -0300] "GET /cormun/servlet/solicitudotadjuntos?106def0a75ed40d9919b8eaea08ba5bffcc32568483a3eb02ff4db3819200c7b3b8c6febbc5b3ba7c5c403f03836808f,gx-no-cache=1493133871928 HTTP/1.1" 200 30
186.103.156.166 - - [25/Apr/2017:12:23:27 -0300] "POST /cormun/servlet/solicitudotadjuntos?1b45eb989ff056010a3bff574ba1b933,INS,2017,6213,,1,,gx-no-cache=1493133871989 HTTP/1.1" 200 3854
186.103.156.166 - - [25/Apr/2017:12:23:30 -0300] "POST /cormun/servlet/solicitudotadjuntos?gx-no-cache=1493133875578 HTTP/1.1" 200 26
186.103.156.166 - - [25/Apr/2017:12:23:48 -0300] "GET /cormun/servlet/solicitudotadjuntos?106def0a75ed40d9919b8eaea08ba5bf519540761665609cef3be1e7600ceb8b,gx-no-cache=1493133893022 HTTP/1.1" 200 30
186.103.156.166 - - [25/Apr/2017:12:23:48 -0300] "GET /cormun/servlet/solicitudotadjuntos?106def0a75ed40d9919b8eaea08ba5bf519540761665609cef3be1e7600ceb8b,gx-no-cache=1493133893056 HTTP/1.1" 200 30
186.103.156.166 - - [25/Apr/2017:12:23:48 -0300] "POST /cormun/servlet/solicitudotadjuntos?1b45eb989ff056010a3bff574ba1b933,INS,2017,6213,,1, HTTP/1.1" 200 116
186.103.156.166 - - [25/Apr/2017:12:23:48 -0300] "GET /cormun/servlet/hpexe_return? HTTP/1.1" 200 1026
186.103.156.166 - - [25/Apr/2017:12:23:49 -0300] "GET /cormun/servlet/trsolicitudadjuntos?2017,6213, HTTP/1.1" 200 8256
186.103.156.166 - - [25/Apr/2017:12:23:49 -0300] "GET /cormun/servlet/trsolicitudadjuntos?2017,6213, HTTP/1.1" 200 8253
186.103.156.166 - - [25/Apr/2017:12:23:51 -0300] "GET /cormun/servlet/solicitudotadjuntos?INS,2017,6213,,1, HTTP/1.1" 200 6020
186.103.156.166 - - [25/Apr/2017:12:23:51 -0300] "GET /cormun/static/about:blank HTTP/1.1" 404 1011
186.103.156.166 - - [25/Apr/2017:12:23:52 -0300] "GET /cormun/servlet/solicitudotadjuntos?INS,2017,6213,,1, HTTP/1.1" 200 6014
186.103.156.166 - - [25/Apr/2017:12:23:52 -0300] "GET /cormun/servlet/solicitudotadjuntos?106def0a75ed40d9919b8eaea08ba5bffcc32568483a3eb02ff4db3819200c7b3b8c6febbc5b3ba7c5c403f03836808f,gx-no-cache=1493133897200 HTTP/1.1" 200 30
186.103.156.166 - - [25/Apr/2017:12:23:52 -0300] "POST /cormun/servlet/solicitudotadjuntos?1b45eb989ff056010a3bff574ba1b933,INS,2017,6213,,1,,gx-no-cache=1493133897238 HTTP/1.1" 200 3855
186.103.156.166 - - [25/Apr/2017:12:23:55 -0300] "POST /cormun/servlet/solicitudotadjuntos?gx-no-cache=1493133900513 HTTP/1.1" 200 26
192.168.10.13 - - [25/Apr/2017:12:24:02 -0300] "GET / HTTP/1.1" 200 11217
186.103.156.166 - - [25/Apr/2017:12:24:03 -0300] "GET /cormun/servlet/solicitudotadjuntos?106def0a75ed40d9919b8eaea08ba5bf519540761665609cef3be1e7600ceb8b,gx-no-cache=1493133908475 HTTP/1.1" 200 30
186.103.156.166 - - [25/Apr/2017:12:24:03 -0300] "GET /cormun/servlet/solicitudotadjuntos?106def0a75ed40d9919b8eaea08ba5bf519540761665609cef3be1e7600ceb8b,gx-no-cache=1493133908534 HTTP/1.1" 200 30
186.103.156.166 - - [25/Apr/2017:12:24:04 -0300] "POST /cormun/servlet/solicitudotadjuntos?1b45eb989ff056010a3bff574ba1b933,INS,2017,6213,,1, HTTP/1.1" 200 116
186.103.156.166 - - [25/Apr/2017:12:24:04 -0300] "GET /cormun/servlet/hpexe_return? HTTP/1.1" 200 1026
186.103.156.166 - - [25/Apr/2017:12:24:04 -0300] "GET /cormun/servlet/trsolicitudadjuntos?2017,6213, HTTP/1.1" 200 8450
186.103.156.166 - - [25/Apr/2017:12:24:04 -0300] "GET /cormun/servlet/trsolicitudadjuntos?2017,6213, HTTP/1.1" 200 8447
186.103.156.166 - - [25/Apr/2017:12:24:07 -0300] "GET /cormun/servlet/solicitudotadjuntos?INS,2017,6213,,1, HTTP/1.1" 200 6020
186.103.156.166 - - [25/Apr/2017:12:24:07 -0300] "GET /cormun/static/about:blank HTTP/1.1" 404 1011
186.103.156.166 - - [25/Apr/2017:12:24:08 -0300] "GET /cormun/servlet/solicitudotadjuntos?INS,2017,6213,,1, HTTP/1.1" 200 6014
186.103.156.166 - - [25/Apr/2017:12:24:08 -0300] "GET /cormun/servlet/solicitudotadjuntos?106def0a75ed40d9919b8eaea08ba5bffcc32568483a3eb02ff4db3819200c7b3b8c6febbc5b3ba7c5c403f03836808f,gx-no-cache=1493133913245 HTTP/1.1" 200 30
186.103.156.166 - - [25/Apr/2017:12:24:08 -0300] "POST /cormun/servlet/solicitudotadjuntos?1b45eb989ff056010a3bff574ba1b933,INS,2017,6213,,1,,gx-no-cache=1493133913278 HTTP/1.1" 200 3855
186.103.156.166 - - [25/Apr/2017:12:24:10 -0300] "POST /cormun/servlet/solicitudotadjuntos?gx-no-cache=1493133915519 HTTP/1.1" 200 26
186.103.156.166 - - [25/Apr/2017:12:24:20 -0300] "GET /cormun/servlet/solicitudotadjuntos?106def0a75ed40d9919b8eaea08ba5bf519540761665609cef3be1e7600ceb8b,gx-no-cache=1493133925498 HTTP/1.1" 200 30
186.103.156.166 - - [25/Apr/2017:12:24:21 -0300] "GET /cormun/servlet/solicitudotadjuntos?106def0a75ed40d9919b8eaea08ba5bf519540761665609cef3be1e7600ceb8b,gx-no-cache=1493133925574 HTTP/1.1" 200 30
186.103.156.166 - - [25/Apr/2017:12:24:22 -0300] "POST /cormun/servlet/solicitudotadjuntos?1b45eb989ff056010a3bff574ba1b933,INS,2017,6213,,1, HTTP/1.1" 200 116
186.103.156.166 - - [25/Apr/2017:12:24:22 -0300] "GET /cormun/servlet/hpexe_return? HTTP/1.1" 200 1026
186.103.156.166 - - [25/Apr/2017:12:24:22 -0300] "GET /cormun/servlet/trsolicitudadjuntos?2017,6213, HTTP/1.1" 200 8601
186.103.156.166 - - [25/Apr/2017:12:24:22 -0300] "GET /cormun/servlet/trsolicitudadjuntos?2017,6213, HTTP/1.1" 200 8600
186.103.156.166 - - [25/Apr/2017:12:24:27 -0300] "GET /cormun/servlet/solicitudotadjuntos?INS,2017,6213,,1, HTTP/1.1" 200 6020
186.103.156.166 - - [25/Apr/2017:12:24:27 -0300] "GET /cormun/static/about:blank HTTP/1.1" 404 1011
186.103.156.166 - - [25/Apr/2017:12:24:28 -0300] "GET /cormun/servlet/solicitudotadjuntos?INS,2017,6213,,1, HTTP/1.1" 200 6014
186.103.156.166 - - [25/Apr/2017:12:24:28 -0300] "GET /cormun/servlet/solicitudotadjuntos?106def0a75ed40d9919b8eaea08ba5bffcc32568483a3eb02ff4db3819200c7b3b8c6febbc5b3ba7c5c403f03836808f,gx-no-cache=1493133932978 HTTP/1.1" 200 30
186.103.156.166 - - [25/Apr/2017:12:24:28 -0300] "POST /cormun/servlet/solicitudotadjuntos?1b45eb989ff056010a3bff574ba1b933,INS,2017,6213,,1,,gx-no-cache=1493133933050 HTTP/1.1" 200 3855
186.103.156.166 - - [25/Apr/2017:12:24:31 -0300] "POST /cormun/servlet/solicitudotadjuntos?gx-no-cache=1493133936159 HTTP/1.1" 200 26
186.103.156.166 - - [25/Apr/2017:12:24:48 -0300] "GET /cormun/servlet/solicitudotadjuntos?106def0a75ed40d9919b8eaea08ba5bf519540761665609cef3be1e7600ceb8b,gx-no-cache=1493133952804 HTTP/1.1" 200 30
186.103.156.166 - - [25/Apr/2017:12:24:48 -0300] "GET /cormun/servlet/solicitudotadjuntos?106def0a75ed40d9919b8eaea08ba5bf519540761665609cef3be1e7600ceb8b,gx-no-cache=1493133952881 HTTP/1.1" 200 30
186.103.156.166 - - [25/Apr/2017:12:24:48 -0300] "POST /cormun/servlet/solicitudotadjuntos?1b45eb989ff056010a3bff574ba1b933,INS,2017,6213,,1, HTTP/1.1" 200 116
186.103.156.166 - - [25/Apr/2017:12:24:48 -0300] "GET /cormun/servlet/hpexe_return? HTTP/1.1" 200 1026
186.103.156.166 - - [25/Apr/2017:12:24:48 -0300] "GET /cormun/servlet/trsolicitudadjuntos?2017,6213, HTTP/1.1" 200 8767
186.103.156.166 - - [25/Apr/2017:12:24:49 -0300] "GET /cormun/servlet/trsolicitudadjuntos?2017,6213, HTTP/1.1" 200 8763
186.103.156.166 - - [25/Apr/2017:12:24:51 -0300] "GET /cormun/servlet/solicitudotadjuntos?INS,2017,6213,,1, HTTP/1.1" 200 6021
186.103.156.166 - - [25/Apr/2017:12:24:51 -0300] "GET /cormun/static/about:blank HTTP/1.1" 404 1011
186.103.156.166 - - [25/Apr/2017:12:24:51 -0300] "GET /cormun/servlet/solicitudotadjuntos?INS,2017,6213,,1, HTTP/1.1" 200 6014
186.103.156.166 - - [25/Apr/2017:12:24:52 -0300] "GET /cormun/servlet/solicitudotadjuntos?106def0a75ed40d9919b8eaea08ba5bffcc32568483a3eb02ff4db3819200c7b3b8c6febbc5b3ba7c5c403f03836808f,gx-no-cache=1493133956844 HTTP/1.1" 200 30
186.103.156.166 - - [25/Apr/2017:12:24:52 -0300] "POST /cormun/servlet/solicitudotadjuntos?1b45eb989ff056010a3bff574ba1b933,INS,2017,6213,,1,,gx-no-cache=1493133956889 HTTP/1.1" 200 3855
186.103.156.166 - - [25/Apr/2017:12:24:57 -0300] "POST /cormun/servlet/solicitudotadjuntos?gx-no-cache=1493133961818 HTTP/1.1" 200 26
192.168.10.13 - - [25/Apr/2017:12:25:02 -0300] "GET / HTTP/1.1" 200 11217
186.103.156.166 - - [25/Apr/2017:12:25:07 -0300] "GET /cormun/servlet/solicitudotadjuntos?106def0a75ed40d9919b8eaea08ba5bf519540761665609cef3be1e7600ceb8b,gx-no-cache=1493133971732 HTTP/1.1" 200 30
186.103.156.166 - - [25/Apr/2017:12:25:07 -0300] "GET /cormun/servlet/solicitudotadjuntos?106def0a75ed40d9919b8eaea08ba5bf519540761665609cef3be1e7600ceb8b,gx-no-cache=1493133971774 HTTP/1.1" 200 30
186.103.156.166 - - [25/Apr/2017:12:25:07 -0300] "POST /cormun/servlet/solicitudotadjuntos?1b45eb989ff056010a3bff574ba1b933,INS,2017,6213,,1, HTTP/1.1" 200 116
186.103.156.166 - - [25/Apr/2017:12:25:07 -0300] "GET /cormun/servlet/hpexe_return? HTTP/1.1" 200 1026
186.103.156.166 - - [25/Apr/2017:12:25:07 -0300] "GET /cormun/servlet/trsolicitudadjuntos?2017,6213, HTTP/1.1" 200 9010
186.103.156.166 - - [25/Apr/2017:12:25:08 -0300] "GET /cormun/servlet/trsolicitudadjuntos?2017,6213, HTTP/1.1" 200 9011
186.103.156.166 - - [25/Apr/2017:12:25:10 -0300] "GET /cormun/servlet/solicitudotadjuntos?INS,2017,6213,,1, HTTP/1.1" 200 6021
186.103.156.166 - - [25/Apr/2017:12:25:10 -0300] "GET /cormun/static/about:blank HTTP/1.1" 404 1011
186.103.156.166 - - [25/Apr/2017:12:25:11 -0300] "GET /cormun/servlet/solicitudotadjuntos?INS,2017,6213,,1, HTTP/1.1" 200 6014
186.103.156.166 - - [25/Apr/2017:12:25:11 -0300] "GET /cormun/servlet/solicitudotadjuntos?106def0a75ed40d9919b8eaea08ba5bffcc32568483a3eb02ff4db3819200c7b3b8c6febbc5b3ba7c5c403f03836808f,gx-no-cache=1493133976229 HTTP/1.1" 200 30
186.103.156.166 - - [25/Apr/2017:12:25:11 -0300] "POST /cormun/servlet/solicitudotadjuntos?1b45eb989ff056010a3bff574ba1b933,INS,2017,6213,,1,,gx-no-cache=1493133976277 HTTP/1.1" 200 3855
186.103.156.166 - - [25/Apr/2017:12:25:14 -0300] "POST /cormun/servlet/solicitudotadjuntos?gx-no-cache=1493133978735 HTTP/1.1" 200 26
186.103.156.166 - - [25/Apr/2017:12:25:22 -0300] "GET /cormun/servlet/solicitudotadjuntos?106def0a75ed40d9919b8eaea08ba5bf519540761665609cef3be1e7600ceb8b,gx-no-cache=1493133987163 HTTP/1.1" 200 30
186.103.156.166 - - [25/Apr/2017:12:25:22 -0300] "GET /cormun/servlet/solicitudotadjuntos?106def0a75ed40d9919b8eaea08ba5bf519540761665609cef3be1e7600ceb8b,gx-no-cache=1493133987210 HTTP/1.1" 200 30
186.103.156.166 - - [25/Apr/2017:12:25:23 -0300] "POST /cormun/servlet/solicitudotadjuntos?1b45eb989ff056010a3bff574ba1b933,INS,2017,6213,,1, HTTP/1.1" 200 116
186.103.156.166 - - [25/Apr/2017:12:25:23 -0300] "GET /cormun/servlet/hpexe_return? HTTP/1.1" 200 1026
186.103.156.166 - - [25/Apr/2017:12:25:23 -0300] "GET /cormun/servlet/trsolicitudadjuntos?2017,6213, HTTP/1.1" 200 9203
186.103.156.166 - - [25/Apr/2017:12:25:24 -0300] "GET /cormun/servlet/trsolicitudadjuntos?2017,6213, HTTP/1.1" 200 9200
192.168.10.96 - - [25/Apr/2017:12:25:33 -0300] "GET /cormun/servlet/trsolicitudgral? HTTP/1.1" 200 10395
192.168.10.96 - - [25/Apr/2017:12:25:34 -0300] "GET /cormun/servlet/trsolicitudgral? HTTP/1.1" 200 10395
186.79.118.23 - - [25/Apr/2017:12:25:55 -0300] "GET /cormun/servlet/hlogin HTTP/1.1" 200 1725
186.79.118.23 - - [25/Apr/2017:12:25:56 -0300] "GET /favicon.ico HTTP/1.1" 200 21630
192.168.10.13 - - [25/Apr/2017:12:26:02 -0300] "GET / HTTP/1.1" 200 11217
186.79.118.23 - - [25/Apr/2017:12:26:03 -0300] "POST /cormun/servlet/hlogin?ef50c63ca2ff4c35b17c71d2929a77eb,gx-no-cache=1493134027951 HTTP/1.1" 200 90
186.79.118.23 - - [25/Apr/2017:12:26:03 -0300] "GET /cormun/servlet/hpexe_link HTTP/1.1" 200 960
186.79.118.23 - - [25/Apr/2017:12:26:04 -0300] "GET /cormun/servlet/trcontratounov2? HTTP/1.1" 200 16962
192.168.10.96 - - [25/Apr/2017:12:26:06 -0300] "POST /cormun/servlet/trsolicitudgral?6390c8cddd313b5dd787616bd9f2082a,,gx-no-cache=1493137236199 HTTP/1.1" 200 7039
186.79.118.23 - - [25/Apr/2017:12:26:06 -0300] "GET /cormun/servlet/trcontratounov2? HTTP/1.1" 200 16947
186.103.156.166 - - [25/Apr/2017:12:26:08 -0300] "POST /cormun/servlet/trsolicitudadjuntos?1b45eb989ff056010a3bff574ba1b933,2017,6213,,gx-no-cache=1493134032951 HTTP/1.1" 200 90
186.103.156.166 - - [25/Apr/2017:12:26:08 -0300] "GET /cormun/servlet/hpexe_link HTTP/1.1" 200 970
186.103.156.166 - - [25/Apr/2017:12:26:08 -0300] "GET /cormun/servlet/trsolicitudot HTTP/1.1" 200 9061
186.103.156.166 - - [25/Apr/2017:12:26:09 -0300] "GET /cormun/servlet/trsolicitudot HTTP/1.1" 200 9060
192.168.10.96 - - [25/Apr/2017:12:26:10 -0300] "POST /cormun/servlet/trsolicitudgral?6390c8cddd313b5dd787616bd9f2082a,,gx-no-cache=1493137240550 HTTP/1.1" 200 5210
186.103.156.166 - - [25/Apr/2017:12:26:11 -0300] "POST /cormun/servlet/trsolicitudot?1b45eb989ff056010a3bff574ba1b933,gx-no-cache=1493134035901 HTTP/1.1" 200 106
186.103.156.166 - - [25/Apr/2017:12:26:11 -0300] "GET /cormun/servlet/trsolicitudadjuntos?2017,6213, HTTP/1.1" 200 9198
186.79.118.23 - - [25/Apr/2017:12:26:11 -0300] "GET /cormun/servlet/trlicencias? HTTP/1.1" 200 6873
186.103.156.166 - - [25/Apr/2017:12:26:12 -0300] "GET /cormun/servlet/trsolicitudadjuntos?2017,6213, HTTP/1.1" 200 9202
186.79.118.23 - - [25/Apr/2017:12:26:12 -0300] "GET /cormun/servlet/trlicencias? HTTP/1.1" 200 6872
186.103.156.166 - - [25/Apr/2017:12:26:14 -0300] "POST /cormun/servlet/trsolicitudadjuntos?1b45eb989ff056010a3bff574ba1b933,2017,6213,,gx-no-cache=1493134038639 HTTP/1.1" 200 90
186.103.156.166 - - [25/Apr/2017:12:26:14 -0300] "GET /cormun/servlet/hpexe_link HTTP/1.1" 200 970
186.103.156.166 - - [25/Apr/2017:12:26:14 -0300] "GET /cormun/servlet/trsolicitudot HTTP/1.1" 200 9061
192.168.10.96 - - [25/Apr/2017:12:26:14 -0300] "POST /cormun/servlet/trsolicitudgral?6390c8cddd313b5dd787616bd9f2082a,,gx-no-cache=1493137244538 HTTP/1.1" 200 6588
186.103.156.166 - - [25/Apr/2017:12:26:14 -0300] "GET /cormun/servlet/trsolicitudot HTTP/1.1" 200 9060
186.79.118.23 - - [25/Apr/2017:12:26:14 -0300] "GET /cormun/servlet/licenciaspermisos?INS,0,,, HTTP/1.1" 200 7413
186.79.118.23 - - [25/Apr/2017:12:26:15 -0300] "GET /cormun/servlet/licenciaspermisos?INS,0,,, HTTP/1.1" 200 7411
186.79.118.23 - - [25/Apr/2017:12:26:45 -0300] "GET /cormun/servlet/licenciaspermisos?1572e0355e3357deacc58d87c6ad2e05bd14637fe0e889c4e454a9b3fa21fec5c6998bc4a28431aa962008650a830274,gx-no-cache=1493134069413 HTTP/1.1" 200 63
186.79.118.23 - - [25/Apr/2017:12:26:45 -0300] "POST /cormun/servlet/licenciaspermisos?ef50c63ca2ff4c35b17c71d2929a77eb,INS,0,,,,gx-no-cache=1493134069532 HTTP/1.1" 200 4629
192.168.10.13 - - [25/Apr/2017:12:27:02 -0300] "GET / HTTP/1.1" 200 11217
186.79.118.23 - - [25/Apr/2017:12:27:06 -0300] "GET /cormun/static/menuarrow.gif HTTP/1.1" 404 1015
186.103.156.166 - - [25/Apr/2017:12:27:08 -0300] "GET /cormun/servlet/vesolicitudot?2017,6173,, HTTP/1.1" 200 8155
186.103.156.166 - - [25/Apr/2017:12:27:08 -0300] "GET /cormun/static/gxcfg.js?201731711515882 HTTP/1.1" 200 953
186.103.156.166 - - [25/Apr/2017:12:27:08 -0300] "GET /cormun/pexe_scrolldiv.js HTTP/1.1" 404 1009
186.103.156.166 - - [25/Apr/2017:12:27:08 -0300] "GET /cormun/static/vesolicitudot.js?201731711515955 HTTP/1.1" 200 6091
186.103.156.166 - - [25/Apr/2017:12:27:08 -0300] "GET /cormun/static/hwcviewtabs.js?20173171133571 HTTP/1.1" 200 1074
186.103.156.166 - - [25/Apr/2017:12:27:08 -0300] "GET /cormun/static/Resources/PXToolsTabPrevious.gif HTTP/1.1" 200 172
186.103.156.166 - - [25/Apr/2017:12:27:08 -0300] "GET /cormun/static/hpexe_tabsview.js?201610171694228 HTTP/1.1" 200 1661
186.103.156.166 - - [25/Apr/2017:12:27:08 -0300] "GET /cormun/static/Resources/PXToolsTabFirstSelected.png HTTP/1.1" 200 1259
186.103.156.166 - - [25/Apr/2017:12:27:08 -0300] "GET /cormun/static/Resources/PXToolsTabNext.gif HTTP/1.1" 200 168
186.103.156.166 - - [25/Apr/2017:12:27:08 -0300] "GET /cormun/static/Resources/PXToolsTabLastUnselected.png HTTP/1.1" 200 1291
186.103.156.166 - - [25/Apr/2017:12:27:08 -0300] "GET /cormun/static/tbsolicitudot01.js?201731711332949 HTTP/1.1" 200 28340
186.103.156.166 - - [25/Apr/2017:12:27:08 -0300] "GET /cormun/static/calendar-system.css HTTP/1.1" 200 5572
186.103.156.166 - - [25/Apr/2017:12:27:08 -0300] "GET /cormun/static/Resources/PXToolsTabBackSelected.png HTTP/1.1" 200 1157
186.103.156.166 - - [25/Apr/2017:12:27:08 -0300] "GET /cormun/static/Resources/PXToolsTabBackUnselected.png HTTP/1.1" 200 1175
186.103.156.166 - - [25/Apr/2017:12:27:08 -0300] "GET /cormun/static/Resources/PXToolsTabUnselectedUnselected.png HTTP/1.1" 200 1459
186.103.156.166 - - [25/Apr/2017:12:27:08 -0300] "GET /cormun/static/Resources/PXToolsTabSelectedUnselected.png HTTP/1.1" 200 1428
186.103.156.166 - - [25/Apr/2017:12:27:08 -0300] "GET /cormun/servlet/vesolicitudot?2017,6173,, HTTP/1.1" 200 8155
186.103.156.166 - - [25/Apr/2017:12:27:25 -0300] "GET /cormun/servlet/vesolicitudot?2017,6173,,SolicitudOTAdjuntos HTTP/1.1" 200 7368
186.103.156.166 - - [25/Apr/2017:12:27:25 -0300] "GET /cormun/pexe_scrolldiv.js HTTP/1.1" 404 1009
186.103.156.166 - - [25/Apr/2017:12:27:25 -0300] "GET /cormun/static/tbsolicitudot02.js?20173171140975 HTTP/1.1" 200 15617
186.103.156.166 - - [25/Apr/2017:12:27:25 -0300] "GET /cormun/static/gxui/gxui-all.css HTTP/1.1" 200 2179
186.103.156.166 - - [25/Apr/2017:12:27:25 -0300] "GET /cormun/static/Resources/PXToolsTabFirstUnselected.png HTTP/1.1" 200 1264
186.103.156.166 - - [25/Apr/2017:12:27:25 -0300] "GET /cormun/static/Resources/PXToolsTabUnselectedSelected.png HTTP/1.1" 200 1444
186.103.156.166 - - [25/Apr/2017:12:27:26 -0300] "GET /cormun/servlet/vesolicitudot?2017,6173,,SolicitudOTAdjuntos HTTP/1.1" 200 7369
186.103.156.166 - - [25/Apr/2017:12:27:26 -0300] "GET /cormun/static/Shared/ext/resources/css/ext-all.css HTTP/1.1" 200 416045
186.103.156.166 - - [25/Apr/2017:12:27:27 -0300] "POST /cormun/servlet/acontrolpreferencessavestate?None,EBLANCO,true HTTP/1.1" 200 35
186.103.156.166 - - [25/Apr/2017:12:27:30 -0300] "GET /cormun/servlet/vesolicitudot?2017,6173,,General HTTP/1.1" 200 8164
186.103.156.166 - - [25/Apr/2017:12:27:30 -0300] "GET /cormun/pexe_scrolldiv.js HTTP/1.1" 404 1009
186.103.156.166 - - [25/Apr/2017:12:27:30 -0300] "GET /cormun/servlet/vesolicitudot?2017,6173,,General HTTP/1.1" 200 8164
186.103.156.166 - - [25/Apr/2017:12:27:36 -0300] "POST /cormun/servlet/vesolicitudot?1b45eb989ff056010a3bff574ba1b933,2017,6173,,General,gx-no-cache=1493134121076 HTTP/1.1" 200 90
186.103.156.166 - - [25/Apr/2017:12:27:36 -0300] "GET /cormun/servlet/hpexe_link HTTP/1.1" 200 970
186.103.156.166 - - [25/Apr/2017:12:27:36 -0300] "GET /cormun/servlet/trsolicitudot HTTP/1.1" 200 9061
186.103.156.166 - - [25/Apr/2017:12:27:37 -0300] "GET /cormun/servlet/trsolicitudot HTTP/1.1" 200 9060
186.103.156.166 - - [25/Apr/2017:12:27:39 -0300] "GET /cormun/servlet/vesolicitudot?2017,5941,, HTTP/1.1" 200 8124
186.103.156.166 - - [25/Apr/2017:12:27:39 -0300] "GET /cormun/pexe_scrolldiv.js HTTP/1.1" 404 1009
186.103.156.166 - - [25/Apr/2017:12:27:39 -0300] "GET /cormun/servlet/vesolicitudot?2017,5941,, HTTP/1.1" 200 8124
186.103.156.166 - - [25/Apr/2017:12:27:57 -0300] "POST /cormun/servlet/vesolicitudot?1b45eb989ff056010a3bff574ba1b933,2017,5941,,,gx-no-cache=1493134141829 HTTP/1.1" 200 93
186.103.156.166 - - [25/Apr/2017:12:27:57 -0300] "GET /cormun/servlet/hpexe_return? HTTP/1.1" 200 1011
186.103.156.166 - - [25/Apr/2017:12:27:57 -0300] "GET /cormun/servlet/trsolicitudot HTTP/1.1" 200 9064
186.103.156.166 - - [25/Apr/2017:12:27:57 -0300] "GET /cormun/servlet/trsolicitudot HTTP/1.1" 200 9060
192.168.10.13 - - [25/Apr/2017:12:28:02 -0300] "GET / HTTP/1.1" 200 11217
186.103.156.166 - - [25/Apr/2017:12:28:14 -0300] "GET /cormun/servlet/trsolicitudot? HTTP/1.1" 200 9060
186.103.156.166 - - [25/Apr/2017:12:28:15 -0300] "GET /cormun/servlet/trsolicitudot? HTTP/1.1" 200 9060
186.103.156.166 - - [25/Apr/2017:12:28:58 -0300] "GET /cormun/servlet/treventos?2017,6213, HTTP/1.1" 200 6043
186.103.156.166 - - [25/Apr/2017:12:28:59 -0300] "GET /cormun/servlet/treventos?2017,6213, HTTP/1.1" 200 6043
192.168.10.13 - - [25/Apr/2017:12:29:02 -0300] "GET / HTTP/1.1" 200 11217
186.103.156.166 - - [25/Apr/2017:12:29:02 -0300] "POST /cormun/servlet/treventos?1b45eb989ff056010a3bff574ba1b933,2017,6213,,gx-no-cache=1493134207260 HTTP/1.1" 200 90
186.103.156.166 - - [25/Apr/2017:12:29:02 -0300] "GET /cormun/servlet/hpexe_link HTTP/1.1" 200 966
186.103.156.166 - - [25/Apr/2017:12:29:02 -0300] "GET /cormun/servlet/trsolicitudot HTTP/1.1" 200 9061
186.103.156.166 - - [25/Apr/2017:12:29:03 -0300] "GET /cormun/servlet/trsolicitudot HTTP/1.1" 200 9060
186.103.156.166 - - [25/Apr/2017:12:29:06 -0300] "GET /cormun/servlet/treventos?2017,5941, HTTP/1.1" 200 6043
186.103.156.166 - - [25/Apr/2017:12:29:06 -0300] "GET /cormun/servlet/treventos?2017,5941, HTTP/1.1" 200 6043
186.103.156.166 - - [25/Apr/2017:12:29:11 -0300] "POST /cormun/servlet/treventos?1b45eb989ff056010a3bff574ba1b933,2017,5941,,gx-no-cache=1493134216615 HTTP/1.1" 200 90
186.103.156.166 - - [25/Apr/2017:12:29:12 -0300] "GET /cormun/servlet/hpexe_link HTTP/1.1" 200 966
186.103.156.166 - - [25/Apr/2017:12:29:12 -0300] "GET /cormun/servlet/trsolicitudot HTTP/1.1" 200 9061
186.103.156.166 - - [25/Apr/2017:12:29:12 -0300] "GET /cormun/servlet/trsolicitudot HTTP/1.1" 200 9060
186.103.132.155 - - [25/Apr/2017:12:29:25 -0300] "GET /cormun/servlet/hlogin HTTP/1.1" 200 1727
186.103.132.155 - - [25/Apr/2017:12:29:27 -0300] "POST /cormun/servlet/hlogin?a5201f45bf51ae17348fed6dddb31f36,gx-no-cache=1493134228471 HTTP/1.1" 200 90
186.103.132.155 - - [25/Apr/2017:12:29:27 -0300] "GET /cormun/servlet/hpexe_link HTTP/1.1" 200 953
186.103.132.155 - - [25/Apr/2017:12:29:27 -0300] "GET /cormun/servlet/hhome HTTP/1.1" 200 3767
186.103.132.155 - - [25/Apr/2017:12:29:28 -0300] "GET /cormun/servlet/hhome HTTP/1.1" 200 3763
186.103.132.155 - - [25/Apr/2017:12:29:31 -0300] "GET /cormun/servlet/trsolicitudot? HTTP/1.1" 200 6725
186.103.132.155 - - [25/Apr/2017:12:29:32 -0300] "GET /cormun/servlet/trsolicitudot? HTTP/1.1" 200 6724
186.103.132.155 - - [25/Apr/2017:12:29:33 -0300] "GET /cormun/servlet/solicitudot?INS,0,0, HTTP/1.1" 200 12589
190.151.100.218 - - [25/Apr/2017:12:29:33 -0300] "GET /cormun/static/Resources/Spanish/PXTools.css?18365030 HTTP/1.1" 304 -
186.103.248.213 - - [25/Apr/2017:12:29:33 -0300] "GET /cormun/static/gxcfg.js?20171191042720 HTTP/1.1" 200 953
190.151.100.218 - - [25/Apr/2017:12:29:34 -0300] "GET /cormun/static/solicitudot.js?2017119104297 HTTP/1.1" 200 63948
190.151.100.218 - - [25/Apr/2017:12:29:34 -0300] "GET /cormun/servlet/solicitudot?INS,0,0, HTTP/1.1" 200 12594
186.103.248.213 - - [25/Apr/2017:12:29:43 -0300] "POST /cormun/servlet/solicitudot?gx-no-cache=1493134244570 HTTP/1.1" 200 3170
186.103.248.213 - - [25/Apr/2017:12:29:44 -0300] "POST /cormun/servlet/solicitudot?a5201f45bf51ae17348fed6dddb31f36,INS,0,0,,gx-no-cache=1493134245095 HTTP/1.1" 200 9753
186.103.248.213 - - [25/Apr/2017:12:29:51 -0300] "GET /cormun/servlet/solicitudot?a7aa5db6cfc6556cd02f7b4b4ad85e8c7f2f4ddc6050a88bbfb24e8ddfc373e3cba9b07addb5d69aff4d896887358ee3,gx-no-cache=1493134252977 HTTP/1.1" 200 30
186.103.156.166 - - [25/Apr/2017:12:30:00 -0300] "GET /cormun/servlet/trsolicitudot? HTTP/1.1" 200 9060
186.103.156.166 - - [25/Apr/2017:12:30:01 -0300] "GET /cormun/servlet/trsolicitudot? HTTP/1.1" 200 9060
192.168.10.13 - - [25/Apr/2017:12:30:02 -0300] "GET / HTTP/1.1" 200 11217
186.103.156.166 - - [25/Apr/2017:12:30:06 -0300] "GET /cormun/servlet/solicitudot?INS,0,0, HTTP/1.1" 200 12785
186.103.156.166 - - [25/Apr/2017:12:30:07 -0300] "GET /cormun/servlet/solicitudot?INS,0,0, HTTP/1.1" 200 12790
186.103.248.213 - - [25/Apr/2017:12:30:09 -0300] "POST /cormun/servlet/solicitudot?gx-no-cache=1493134270533 HTTP/1.1" 200 240
186.103.248.213 - - [25/Apr/2017:12:30:09 -0300] "GET /cormun/servlet/solicitudot?a7aa5db6cfc6556cd02f7b4b4ad85e8c20b7ec0cb9a35158cfb9f231d0be1772b54c2079641c970fdbdd0920398fdb46c24b33658cd3852a8ae7ad7a6849fcc26e48757aee687ae2eba8c736f24f6ef74a5cc2a0774aa619b63ec399b2b118167abcd1dcd9c6323cc933f98100c9fd51a4e86df4a8ee7a59ce02b75280a7a85f25221836bb94d232783c79e9bbbd73987705bb15472ba63eb19cdb68b2deccb7316e3f996fa0dd7a28ff178f7c6cc14cd2e47acbd390ef32a054b53986aca0b4cc71e438262a85932ff5bf58aac3097768883df04f1afbc37b4ee7642a813307067e3583a00cfe487e0dff78e2486e603eb549965c81999645cbc8bae2e77653fc316523b5fb485d4d2583bd843aa1c4681c54d9242595fac593f18e21334350e4c9b64142b4b7eb67bf3796435ed1398a5491b2876deffa629b8e6b74dae82ba0c1c73689f357fc60865197362b35c29f47553c7baa1781ff550861b11f5d1815a29854c209a20368e5b677de1ee183e5aa04edb28a5ed703c89596571438c4,gx-no-cache=1493134270870 HTTP/1.1" 200 30
186.103.248.213 - - [25/Apr/2017:12:30:22 -0300] "POST /cormun/servlet/solicitudot?gx-no-cache=1493134283458 HTTP/1.1" 200 30
186.103.248.213 - - [25/Apr/2017:12:30:22 -0300] "POST /cormun/servlet/solicitudot?gx-no-cache=1493134283706 HTTP/1.1" 200 235
186.103.248.213 - - [25/Apr/2017:12:30:22 -0300] "POST /cormun/servlet/solicitudot?gx-no-cache=1493134283980 HTTP/1.1" 200 38
186.103.156.166 - - [25/Apr/2017:12:30:32 -0300] "POST /cormun/servlet/solicitudot?gx-no-cache=1493134297339 HTTP/1.1" 200 3196
186.103.156.166 - - [25/Apr/2017:12:30:32 -0300] "POST /cormun/servlet/solicitudot?1b45eb989ff056010a3bff574ba1b933,INS,0,0,,gx-no-cache=1493134297581 HTTP/1.1" 200 9987
186.103.156.166 - - [25/Apr/2017:12:30:33 -0300] "GET /cormun/servlet/solicitudot?106def0a75ed40d9919b8eaea08ba5bfd241884526d46350d8f1fb06f6195942c31976ba3d59b1ab40d399db8fd2a0ec,gx-no-cache=1493134297858 HTTP/1.1" 200 30
186.103.156.166 - - [25/Apr/2017:12:30:38 -0300] "POST /cormun/servlet/solicitudot?gx-no-cache=1493134303615 HTTP/1.1" 200 255
186.103.156.166 - - [25/Apr/2017:12:30:39 -0300] "GET /cormun/servlet/solicitudot?106def0a75ed40d9919b8eaea08ba5bf91fdcb43fdd48b0fd7d78bf4a8874b7615249d79de17baf688da79ae3e7f036b803b7f388611b274c05e6ca87e771073e785b7c182768ca2123997f2507832f51f4c8ba55d3c0cf8e795abba3d9d3e87529911715f90c6cc5b6d205758a4bd9115f31cf101621087bb37dcf7b3a1c29f9bb5ef267420094d1aa988af56260a5354bb4313669d4e63045fe88f04faa8e1cfc79a869b72e1a2c25fa8be6f85d96b12862101a94a45361e4bfb4d0f97bdf7b1763949e8c63230a1f603c4cc99a8ff8434b36e8c85eb118a5994b1ff7a7f0e6120b4739a6748651a2f6c7bbc97c62045c9195ad2402d56b02ae94522f062dfb6e98a3dd80906bb35bfdac0dbf3bebcc45a60f3f959b18ae57a809e919a3789b64bcb35eeede73cef0ec805ce3df561b7f2e7aa5b3a26a06688ed5d482f1ebb134d04f6365c77aba8f0640c7da1531c1ca4a77e09da0eaf95416c1d29ea6433182a2e99002a0fae1d13c2a45104239bdd22bb3672c907d4d75406e1283fd890,gx-no-cache=1493134303743 HTTP/1.1" 200 30
186.103.156.166 - - [25/Apr/2017:12:30:39 -0300] "POST /cormun/servlet/solicitudot?gx-no-cache=1493134304113 HTTP/1.1" 200 30
186.103.156.166 - - [25/Apr/2017:12:30:39 -0300] "POST /cormun/servlet/solicitudot?gx-no-cache=1493134304201 HTTP/1.1" 200 1291
186.103.156.166 - - [25/Apr/2017:12:30:39 -0300] "POST /cormun/servlet/solicitudot?gx-no-cache=1493134304328 HTTP/1.1" 200 38
186.79.118.23 - - [25/Apr/2017:12:30:44 -0300] "GET /cormun/servlet/licenciaspermisos?1572e0355e3357deacc58d87c6ad2e05da3603e36b05cca84c7b854a4803c0caa0ef73cee0d7b426231f5819e51da6d8b6edaa5229c2e5ecf2ae8cfc318ec1aef9134f522c8204b07724d00e50dc867525e99c620a7f4dc0042e7b5f31216b454da809288f6a92986dceb2f9236dcc519106219a4907d0d91f2f3a4021d43df864a34189fae10217fbb5e42e5935765f1b89eac9a2406fc6acebf1ffc13811dc763f5a4c83afb46bb1b9ddaf3599f2e8745fa00969d8c1420f2e5f5ca941b7817c3ab3c494da0c7498e7fb611c325f318b2639317aa88dc981877b4b73ae7423,gx-no-cache=1493134309140 HTTP/1.1" 200 30
186.79.118.23 - - [25/Apr/2017:12:30:45 -0300] "GET /cormun/servlet/licenciaspermisos?1572e0355e3357deacc58d87c6ad2e059199f8b3fe15e2704369e2c1afb7731309a3cedea25035a2dc2dd0b70ec4aa3444fcf76d9d7dda58f2967e0ca4d0807dd51c7f846f80af0232de402d0448c97ec724ad6fc804094f6b05a634a7818e268385feda9b5ac8b23972261ef71772f7c3e4929564d97332b2022b532d0ae7bba648b7004f6611cf2c7804a12eaf7d528698435cf72bdb2c85620f0ec4db92235e68deda29898a981ed46a9fc14dbab45355737f4d14ebae65400f3786f23b617c9b4ccf12dacf295591c0688d5eb66ee5bd8481c52869eb73858176f145a260,gx-no-cache=1493134309309 HTTP/1.1" 200 29
186.79.118.23 - - [25/Apr/2017:12:30:45 -0300] "POST /cormun/servlet/licenciaspermisos?ef50c63ca2ff4c35b17c71d2929a77eb,INS,0,,,,gx-no-cache=1493134309430 HTTP/1.1" 200 93
186.79.118.23 - - [25/Apr/2017:12:30:45 -0300] "GET /cormun/servlet/hpexe_return? HTTP/1.1" 200 1011
186.79.118.23 - - [25/Apr/2017:12:30:46 -0300] "GET /cormun/servlet/trlicencias HTTP/1.1" 200 8016
186.79.118.23 - - [25/Apr/2017:12:30:47 -0300] "GET /cormun/servlet/trlicencias HTTP/1.1" 200 8012
186.103.248.213 - - [25/Apr/2017:12:30:48 -0300] "GET /cormun/servlet/solicitudot?a7aa5db6cfc6556cd02f7b4b4ad85e8c757965b375766b7b983a77ee558157026a508b8f20853654e569fa3cf9b85d414d18c648e4351410b8bba947fc479f254817af17f9deaa2b1ebe3262d56bd259cacb0403dc0567e42ffba92b536de6d2f6f273cd774a8da5ab956e357965f8712f6cc81cd13dded262a9d257c4d2e66c3c58ea176e35862f9d62295c2f8f40c8a8f626d8557a6c54866a4651b0c3cd77,gx-no-cache=1493134310013 HTTP/1.1" 200 29
