186.103.248.213 - - [25/Apr/2017:12:30:49 -0300] "POST /cormun/servlet/solicitudot?gx-no-cache=1493134310271 HTTP/1.1" 200 676
186.103.248.213 - - [25/Apr/2017:12:30:49 -0300] "POST /cormun/servlet/solicitudot?gx-no-cache=1493134310560 HTTP/1.1" 200 552
186.103.248.213 - - [25/Apr/2017:12:30:49 -0300] "GET /cormun/static/menuarrow.gif HTTP/1.1" 404 1015
186.79.118.23 - - [25/Apr/2017:12:30:51 -0300] "GET /cormun/servlet/trlicenciaspermisosadjuntos?15106249,20170425000000,L, HTTP/1.1" 200 6365
186.79.118.23 - - [25/Apr/2017:12:30:52 -0300] "GET /cormun/servlet/trlicenciaspermisosadjuntos?15106249,20170425000000,L, HTTP/1.1" 200 6366
186.79.118.23 - - [25/Apr/2017:12:30:54 -0300] "GET /cormun/servlet/licenciaspermisosadjuntos?INS,15106249,L,20170425000000,, HTTP/1.1" 200 5657
186.79.118.23 - - [25/Apr/2017:12:30:54 -0300] "GET /cormun/static/about:blank HTTP/1.1" 404 1011
186.79.118.23 - - [25/Apr/2017:12:30:55 -0300] "GET /cormun/servlet/licenciaspermisosadjuntos?INS,15106249,L,20170425000000,, HTTP/1.1" 200 5646
192.168.10.13 - - [25/Apr/2017:12:31:02 -0300] "GET / HTTP/1.1" 200 11217
186.103.248.213 - - [25/Apr/2017:12:31:08 -0300] "POST /cormun/servlet/solicitudot?gx-no-cache=1493134329397 HTTP/1.1" 200 676
186.103.248.213 - - [25/Apr/2017:12:31:08 -0300] "POST /cormun/servlet/solicitudot?gx-no-cache=1493134329577 HTTP/1.1" 200 552
186.103.156.166 - - [25/Apr/2017:12:31:12 -0300] "POST /cormun/servlet/solicitudot?gx-no-cache=1493134336733 HTTP/1.1" 200 30
186.103.156.166 - - [25/Apr/2017:12:31:12 -0300] "POST /cormun/servlet/solicitudot?gx-no-cache=1493134336856 HTTP/1.1" 200 1290
186.103.156.166 - - [25/Apr/2017:12:31:12 -0300] "POST /cormun/servlet/solicitudot?gx-no-cache=1493134336983 HTTP/1.1" 200 38
186.103.156.166 - - [25/Apr/2017:12:31:12 -0300] "GET /cormun/servlet/solicitudot?106def0a75ed40d9919b8eaea08ba5bf6fd174f2c3891311d8e35765084a827de83d3df90ad64faa1354c0a2f9c7abc2a65a8ccf45c28a5777906868df75f88cc79a111ea7a647f6fbda7e3ef58f1bb39c7029728236717c40c1dbb876c1c92b5aef9b1c5e6175f88be9dad5fc6fc52c56648ab97d91826eae7c8e749e908b69aad21182d6ec768b80ad53fc3bb64b8e1983cdc3ae8fcd7e07d80fdfacdd6b66,gx-no-cache=1493134337033 HTTP/1.1" 200 29
186.103.156.166 - - [25/Apr/2017:12:31:12 -0300] "POST /cormun/servlet/solicitudot?gx-no-cache=1493134337095 HTTP/1.1" 200 1273
186.103.156.166 - - [25/Apr/2017:12:31:12 -0300] "POST /cormun/servlet/solicitudot?gx-no-cache=1493134337163 HTTP/1.1" 200 1157
186.103.156.166 - - [25/Apr/2017:12:31:21 -0300] "GET /cormun/static/menuarrow.gif HTTP/1.1" 404 1015
186.79.118.23 - - [25/Apr/2017:12:31:22 -0300] "POST /cormun/servlet/licenciaspermisosadjuntos?ef50c63ca2ff4c35b17c71d2929a77eb,INS,15106249,L,20170425000000,, HTTP/1.1" 200 116
186.79.118.23 - - [25/Apr/2017:12:31:22 -0300] "GET /cormun/servlet/hpexe_return? HTTP/1.1" 200 1043
186.79.118.23 - - [25/Apr/2017:12:31:22 -0300] "GET /cormun/servlet/trlicenciaspermisosadjuntos?15106249,20170425000000,L, HTTP/1.1" 200 6843
186.79.118.23 - - [25/Apr/2017:12:31:24 -0300] "GET /cormun/servlet/trlicenciaspermisosadjuntos?15106249,20170425000000,L, HTTP/1.1" 200 6846
186.79.118.23 - - [25/Apr/2017:12:31:27 -0300] "POST /cormun/servlet/trlicenciaspermisosadjuntos?ef50c63ca2ff4c35b17c71d2929a77eb,15106249,20170425000000,L,,gx-no-cache=1493134351378 HTTP/1.1" 200 90
186.79.118.23 - - [25/Apr/2017:12:31:27 -0300] "GET /cormun/servlet/hpexe_link HTTP/1.1" 200 986
186.79.118.23 - - [25/Apr/2017:12:31:27 -0300] "GET /cormun/servlet/trlicencias HTTP/1.1" 200 8014
186.79.118.23 - - [25/Apr/2017:12:31:28 -0300] "GET /cormun/servlet/trlicencias HTTP/1.1" 200 8012
186.103.248.213 - - [25/Apr/2017:12:31:30 -0300] "GET /cormun/servlet/solicitudot?a7aa5db6cfc6556cd02f7b4b4ad85e8c9c69245a4bce12f48e10267fc5b2e1e632294b88bf54bd5c487882cb0bedcba86f332fe9f2257718fc2289b9947eafe21fa77fd4954bd251b3c115e6f8724f2896ce3889972d47e063859e6ba970e59c55055511f658e245a2444a9dab32f68fded942618f302dfd1790757c71a4bd5294ec6fe87f72b32003255bf893dbc074e05338070e617e3aa11457cde07f2db9a9b141602224f384e1f18f6d2e32cf4a,gx-no-cache=1493134351408 HTTP/1.1" 200 30
186.79.118.23 - - [25/Apr/2017:12:31:31 -0300] "GET /cormun/servlet/alicenciaprn?15106249,L,20170425000000,PU HTTP/1.1" 200 1560
192.168.10.13 - - [25/Apr/2017:12:32:02 -0300] "GET / HTTP/1.1" 200 11217
186.103.156.166 - - [25/Apr/2017:12:32:25 -0300] "POST /cormun/servlet/solicitudot?1b45eb989ff056010a3bff574ba1b933,INS,0,0,,gx-no-cache=1493134409814 HTTP/1.1" 200 11298
186.103.156.166 - - [25/Apr/2017:12:32:25 -0300] "GET /cormun/static/Shared/jqueryui/images/ui-bg_highlight-soft_100_c6c2c8_1x100.png HTTP/1.1" 404 1117
186.103.156.166 - - [25/Apr/2017:12:32:25 -0300] "GET /cormun/static/Shared/jqueryui/images/ui-icons_82798d_256x240.png HTTP/1.1" 404 1089
186.103.156.166 - - [25/Apr/2017:12:32:25 -0300] "GET /cormun/static/Shared/jqueryui/images/ui-icons_ebccce_256x240.png HTTP/1.1" 404 1089
186.103.156.166 - - [25/Apr/2017:12:32:25 -0300] "GET /cormun/static/Shared/jqueryui/images/ui-bg_flat_55_994d53_40x100.png HTTP/1.1" 404 1097
186.103.156.166 - - [25/Apr/2017:12:32:39 -0300] "POST /cormun/servlet/solicitudot?1b45eb989ff056010a3bff574ba1b933,INS,0,0,,gx-no-cache=1493134424562 HTTP/1.1" 200 93
186.103.156.166 - - [25/Apr/2017:12:32:39 -0300] "GET /cormun/servlet/hpexe_return? HTTP/1.1" 200 1007
186.103.156.166 - - [25/Apr/2017:12:32:40 -0300] "GET /cormun/servlet/trsolicitudot HTTP/1.1" 200 9064
186.103.156.166 - - [25/Apr/2017:12:32:40 -0300] "GET /cormun/servlet/trsolicitudot HTTP/1.1" 200 9060
186.103.156.166 - - [25/Apr/2017:12:32:52 -0300] "GET /cormun/servlet/trvisualizadoreventos? HTTP/1.1" 200 6718
186.103.156.166 - - [25/Apr/2017:12:32:53 -0300] "GET /cormun/static/gxcfg.js?201731711523419 HTTP/1.1" 200 953
186.103.156.166 - - [25/Apr/2017:12:32:53 -0300] "GET /cormun/static/Resources/PXToolsActionPrint.png HTTP/1.1" 200 3317
186.103.156.166 - - [25/Apr/2017:12:32:53 -0300] "GET /cormun/static/trvisualizadoreventos.js?20173171152387 HTTP/1.1" 200 19309
186.103.156.166 - - [25/Apr/2017:12:32:53 -0300] "GET /cormun/servlet/trvisualizadoreventos? HTTP/1.1" 200 6718
186.103.156.166 - - [25/Apr/2017:12:33:00 -0300] "GET /cormun/servlet/trcontratounov2? HTTP/1.1" 200 16611
186.103.156.166 - - [25/Apr/2017:12:33:00 -0300] "GET /cormun/static/Resources/PXToolsAddSelectedAction.png HTTP/1.1" 200 3660
186.103.156.166 - - [25/Apr/2017:12:33:00 -0300] "GET /cormun/static/gxcfg.js?201731711595461 HTTP/1.1" 200 953
186.103.156.166 - - [25/Apr/2017:12:33:01 -0300] "GET /cormun/static/trcontratounov2.js?2017317120150 HTTP/1.1" 200 38423
186.103.156.166 - - [25/Apr/2017:12:33:01 -0300] "GET /cormun//static/Resources/PXToolsActionDisabled.gif HTTP/1.1" 200 53
186.103.156.166 - - [25/Apr/2017:12:33:01 -0300] "GET /cormun/servlet/trcontratounov2? HTTP/1.1" 200 16649
192.168.10.13 - - [25/Apr/2017:12:33:02 -0300] "GET / HTTP/1.1" 200 11217
186.79.118.23 - - [25/Apr/2017:12:33:23 -0300] "POST /cormun/servlet/trlicencias?ef50c63ca2ff4c35b17c71d2929a77eb,gx-no-cache=1493134466335 HTTP/1.1" 200 4219
186.79.118.23 - - [25/Apr/2017:12:33:23 -0300] "GET /cormun/static/Shared/jqueryui/images/ui-bg_highlight-soft_100_c6c2c8_1x100.png HTTP/1.1" 404 1117
186.79.118.23 - - [25/Apr/2017:12:33:23 -0300] "GET /cormun/static/Shared/jqueryui/images/ui-icons_82798d_256x240.png HTTP/1.1" 404 1089
186.79.118.23 - - [25/Apr/2017:12:33:23 -0300] "GET /cormun/static/Shared/jqueryui/images/ui-icons_8d78a5_256x240.png HTTP/1.1" 404 1089
186.79.118.23 - - [25/Apr/2017:12:33:23 -0300] "GET /cormun/static/Shared/jqueryui/images/ui-bg_flat_55_fafafa_40x100.png HTTP/1.1" 404 1097
190.151.100.218 - - [25/Apr/2017:12:33:30 -0300] "POST /cormun/servlet/solicitudot?gx-no-cache=1493134470674 HTTP/1.1" 200 30
190.151.100.218 - - [25/Apr/2017:12:33:33 -0300] "GET /cormun/servlet/prfichaempleado?,MD,,gxPopupLevel%3D0%3B HTTP/1.1" 200 8767
157.55.39.185 - - [25/Apr/2017:12:33:36 -0300] "GET /cormun/static/Resources/Spanish/PXTools.css?167811 HTTP/1.1" 200 89042
157.55.39.185 - - [25/Apr/2017:12:33:36 -0300] "GET /cormun/static/hpexe_return.js?2016101716175153 HTTP/1.1" 200 1633
190.151.100.218 - - [25/Apr/2017:12:33:42 -0300] "POST /cormun/servlet/prfichaempleado?a5201f45bf51ae17348fed6dddb31f36,,MD,,gxPopupLevel%3D0%3B,gx-no-cache=1493134484209 HTTP/1.1" 200 3394
190.151.100.218 - - [25/Apr/2017:12:33:49 -0300] "POST /cormun/servlet/solicitudot?gx-no-cache=1493134490835 HTTP/1.1" 200 1291
190.151.100.218 - - [25/Apr/2017:12:34:00 -0300] "POST /cormun/servlet/solicitudot?gx-no-cache=1493134501391 HTTP/1.1" 200 41
190.151.100.218 - - [25/Apr/2017:12:34:00 -0300] "POST /cormun/servlet/solicitudot?gx-no-cache=1493134501481 HTTP/1.1" 200 1274
190.151.100.218 - - [25/Apr/2017:12:34:00 -0300] "POST /cormun/servlet/solicitudot?gx-no-cache=1493134501613 HTTP/1.1" 200 1157
190.151.100.218 - - [25/Apr/2017:12:34:00 -0300] "GET /cormun/servlet/solicitudot?a7aa5db6cfc6556cd02f7b4b4ad85e8c9c69245a4bce12f48e10267fc5b2e1e6d154cbcf050bf4c90e48d9dc399cd33cd5446fb5fa83ea8d9c25de1186f9da65d2279b98958f73fba71fa10cbe51f9e23e9bbe14ef833e2fc82a10f581f922d2fcf69dc66d287ee40c8e50102e0677ab3c3796d76304ac63d5c4036824b7c11aec1c5ec9b855c04250abfa8a1dd8c9be2e6aa28c3f3a8d97f438964a3a206d5911d1836f1159ebfdc1b8b9d89e8c80891b84288ba4388621118e305496e1579c,gx-no-cache=1493134501774 HTTP/1.1" 200 30
190.151.100.218 - - [25/Apr/2017:12:34:00 -0300] "POST /cormun/servlet/solicitudot?a5201f45bf51ae17348fed6dddb31f36,INS,0,0,,gx-no-cache=1493134501880 HTTP/1.1" 200 93
190.151.100.218 - - [25/Apr/2017:12:34:00 -0300] "GET /cormun/servlet/hpexe_return? HTTP/1.1" 200 1006
192.168.10.13 - - [25/Apr/2017:12:34:02 -0300] "GET / HTTP/1.1" 200 11217
190.151.100.218 - - [25/Apr/2017:12:34:02 -0300] "GET /cormun/servlet/trsolicitudot HTTP/1.1" 200 8059
190.151.100.218 - - [25/Apr/2017:12:34:03 -0300] "GET /cormun/servlet/trsolicitudot HTTP/1.1" 200 8055
190.151.100.218 - - [25/Apr/2017:12:34:09 -0300] "POST /cormun/servlet/trsolicitudot?a5201f45bf51ae17348fed6dddb31f36,gx-no-cache=1493134509924 HTTP/1.1" 200 106
190.151.100.218 - - [25/Apr/2017:12:34:10 -0300] "GET /cormun/servlet/trsolicitudadjuntos?2017,6214, HTTP/1.1" 200 5871
190.151.100.218 - - [25/Apr/2017:12:34:10 -0300] "GET /cormun/static/gxcfg.js?201731711504543 HTTP/1.1" 200 953
186.103.132.155 - - [25/Apr/2017:12:34:10 -0300] "GET /cormun/static/trsolicitudadjuntos.js?201731711504951 HTTP/1.1" 200 17913
186.103.132.155 - - [25/Apr/2017:12:34:10 -0300] "GET /cormun/servlet/trsolicitudadjuntos?2017,6214, HTTP/1.1" 200 5871
192.168.10.96 - - [25/Apr/2017:12:34:10 -0300] "GET /cormun/servlet/trsolicitudgral? HTTP/1.1" 200 9811
192.168.10.96 - - [25/Apr/2017:12:34:11 -0300] "GET /cormun/servlet/trsolicitudgral? HTTP/1.1" 200 9811
186.103.132.155 - - [25/Apr/2017:12:34:12 -0300] "GET /cormun/servlet/solicitudotadjuntos?INS,2017,6214,,1, HTTP/1.1" 200 5809
186.103.132.155 - - [25/Apr/2017:12:34:12 -0300] "GET /cormun/static/gxcfg.js?201612218465951 HTTP/1.1" 200 953
190.151.100.218 - - [25/Apr/2017:12:34:12 -0300] "GET /cormun/static/solicitudotadjuntos.js?201612218465969 HTTP/1.1" 200 11762
186.103.132.155 - - [25/Apr/2017:12:34:12 -0300] "GET /cormun/static/about:blank HTTP/1.1" 404 1011
190.151.100.218 - - [25/Apr/2017:12:34:16 -0300] "GET /cormun/servlet/solicitudotadjuntos?INS,2017,6214,,1, HTTP/1.1" 200 5803
190.151.100.218 - - [25/Apr/2017:12:34:17 -0300] "GET /cormun/servlet/solicitudotadjuntos?a7aa5db6cfc6556cd02f7b4b4ad85e8c48695010893bcbc1cf7a16bcbf1b36fac2b3319a8310b8e06d13636ac4ccc4f3,gx-no-cache=1493134518734 HTTP/1.1" 200 30
190.151.100.218 - - [25/Apr/2017:12:34:18 -0300] "POST /cormun/servlet/solicitudotadjuntos?a5201f45bf51ae17348fed6dddb31f36,INS,2017,6214,,1,,gx-no-cache=1493134518847 HTTP/1.1" 200 3675
190.151.100.218 - - [25/Apr/2017:12:34:20 -0300] "POST /cormun/servlet/solicitudotadjuntos?gx-no-cache=1493134520843 HTTP/1.1" 200 26
190.151.100.218 - - [25/Apr/2017:12:34:38 -0300] "GET /cormun/servlet/solicitudotadjuntos?a7aa5db6cfc6556cd02f7b4b4ad85e8cb3cbcba9f0c101cefd486205863f06e0,gx-no-cache=1493134540009 HTTP/1.1" 200 30
190.151.100.218 - - [25/Apr/2017:12:34:38 -0300] "GET /cormun/servlet/solicitudotadjuntos?a7aa5db6cfc6556cd02f7b4b4ad85e8cb3cbcba9f0c101cefd486205863f06e0,gx-no-cache=1493134540067 HTTP/1.1" 200 30
186.103.156.166 - - [25/Apr/2017:12:34:47 -0300] "POST /cormun/servlet/trcontratounov2?1b45eb989ff056010a3bff574ba1b933,,gx-no-cache=1493134552175 HTTP/1.1" 200 14319
186.103.156.166 - - [25/Apr/2017:12:34:48 -0300] "GET /cormun/static/Resources/PXToolsGridNext.gif HTTP/1.1" 200 369
186.103.156.166 - - [25/Apr/2017:12:34:48 -0300] "GET /cormun/static/Resources/PXToolsGridLast.gif HTTP/1.1" 200 370
186.103.156.166 - - [25/Apr/2017:12:35:01 -0300] "GET /cormun/servlet/trsolicitudot? HTTP/1.1" 200 9061
192.168.10.13 - - [25/Apr/2017:12:35:02 -0300] "GET / HTTP/1.1" 200 11217
186.103.156.166 - - [25/Apr/2017:12:35:02 -0300] "GET /cormun/servlet/trsolicitudot? HTTP/1.1" 200 9060
186.103.248.213 - - [25/Apr/2017:12:35:08 -0300] "GET /cormun/servlet/hlogin HTTP/1.1" 200 1727
186.103.248.213 - - [25/Apr/2017:12:35:10 -0300] "POST /cormun/servlet/hlogin?a5201f45bf51ae17348fed6dddb31f36,gx-no-cache=1493134571933 HTTP/1.1" 200 90
186.103.248.213 - - [25/Apr/2017:12:35:10 -0300] "GET /cormun/servlet/hpexe_link HTTP/1.1" 200 978
186.103.248.213 - - [25/Apr/2017:12:35:11 -0300] "GET /cormun/servlet/solicitudotadjuntos?INS,2017,6214,,1, HTTP/1.1" 200 5803
186.103.248.213 - - [25/Apr/2017:12:35:11 -0300] "GET /cormun/static/about:blank HTTP/1.1" 404 1011
186.103.248.213 - - [25/Apr/2017:12:35:11 -0300] "GET /cormun/servlet/solicitudotadjuntos?INS,2017,6214,,1, HTTP/1.1" 200 5802
186.103.248.213 - - [25/Apr/2017:12:35:17 -0300] "GET /cormun/servlet/solicitudotadjuntos?a7aa5db6cfc6556cd02f7b4b4ad85e8c48695010893bcbc1cf7a16bcbf1b36fac2b3319a8310b8e06d13636ac4ccc4f3,gx-no-cache=1493134579253 HTTP/1.1" 200 30
186.103.248.213 - - [25/Apr/2017:12:35:18 -0300] "POST /cormun/servlet/solicitudotadjuntos?a5201f45bf51ae17348fed6dddb31f36,INS,2017,6214,,1,,gx-no-cache=1493134579359 HTTP/1.1" 200 3666
190.151.100.218 - - [25/Apr/2017:12:35:39 -0300] "POST /cormun/servlet/solicitudotadjuntos?a5201f45bf51ae17348fed6dddb31f36,INS,2017,6214,,1, HTTP/1.1" 200 116
190.151.100.218 - - [25/Apr/2017:12:35:39 -0300] "GET /cormun/servlet/hpexe_return? HTTP/1.1" 200 1025
190.151.100.218 - - [25/Apr/2017:12:35:39 -0300] "GET /cormun/servlet/trsolicitudadjuntos?2017,6214, HTTP/1.1" 200 7996
190.151.100.218 - - [25/Apr/2017:12:35:40 -0300] "GET /cormun/servlet/trsolicitudadjuntos?2017,6214, HTTP/1.1" 200 7992
192.168.10.96 - - [25/Apr/2017:12:35:42 -0300] "GET /cormun/servlet/trsolicitudgral? HTTP/1.1" 200 9811
192.168.10.96 - - [25/Apr/2017:12:35:42 -0300] "GET /cormun/servlet/trsolicitudgral? HTTP/1.1" 200 9811
190.151.100.218 - - [25/Apr/2017:12:35:49 -0300] "GET /cormun/servlet/solicitudotadjuntos?INS,2017,6214,,1, HTTP/1.1" 200 5809
190.151.100.218 - - [25/Apr/2017:12:35:50 -0300] "GET /cormun/static/about:blank HTTP/1.1" 404 1011
200.72.197.82 - - [25/Apr/2017:12:35:50 -0300] "GET /cormun/servlet/solicitudotadjuntos?INS,2017,6214,,1, HTTP/1.1" 200 5803
200.72.197.82 - - [25/Apr/2017:12:35:50 -0300] "GET /cormun/servlet/solicitudotadjuntos?a7aa5db6cfc6556cd02f7b4b4ad85e8c48695010893bcbc1cf7a16bcbf1b36fac2b3319a8310b8e06d13636ac4ccc4f3,gx-no-cache=1493134611935 HTTP/1.1" 200 30
200.72.197.82 - - [25/Apr/2017:12:35:51 -0300] "POST /cormun/servlet/solicitudotadjuntos?a5201f45bf51ae17348fed6dddb31f36,INS,2017,6214,,1,,gx-no-cache=1493134612108 HTTP/1.1" 200 3674
192.168.10.96 - - [25/Apr/2017:12:35:52 -0300] "POST /cormun/servlet/trsolicitudgral?6390c8cddd313b5dd787616bd9f2082a,,gx-no-cache=1493137822050 HTTP/1.1" 200 7630
200.72.197.82 - - [25/Apr/2017:12:35:53 -0300] "POST /cormun/servlet/solicitudotadjuntos?gx-no-cache=1493134614933 HTTP/1.1" 200 26
200.72.197.82 - - [25/Apr/2017:12:35:58 -0300] "GET /cormun/servlet/solicitudotadjuntos?a7aa5db6cfc6556cd02f7b4b4ad85e8cb3cbcba9f0c101cefd486205863f06e0,gx-no-cache=1493134620034 HTTP/1.1" 200 30
200.72.197.82 - - [25/Apr/2017:12:35:58 -0300] "GET /cormun/servlet/solicitudotadjuntos?a7aa5db6cfc6556cd02f7b4b4ad85e8cb3cbcba9f0c101cefd486205863f06e0,gx-no-cache=1493134620089 HTTP/1.1" 200 30
192.168.10.13 - - [25/Apr/2017:12:36:02 -0300] "GET / HTTP/1.1" 200 11217
192.168.10.96 - - [25/Apr/2017:12:36:05 -0300] "POST /cormun/servlet/trsolicitudgral?6390c8cddd313b5dd787616bd9f2082a,,gx-no-cache=1493137835149 HTTP/1.1" 200 6529
192.168.10.96 - - [25/Apr/2017:12:36:08 -0300] "POST /cormun/servlet/trsolicitudgral?6390c8cddd313b5dd787616bd9f2082a,,gx-no-cache=1493137838267 HTTP/1.1" 200 5208
192.168.10.96 - - [25/Apr/2017:12:36:14 -0300] "POST /cormun/servlet/trsolicitudgral?6390c8cddd313b5dd787616bd9f2082a,,gx-no-cache=1493137844883 HTTP/1.1" 200 7631
192.168.10.96 - - [25/Apr/2017:12:36:20 -0300] "POST /cormun/servlet/trsolicitudgral?6390c8cddd313b5dd787616bd9f2082a,,gx-no-cache=1493137850505 HTTP/1.1" 200 5211
200.72.197.82 - - [25/Apr/2017:12:36:22 -0300] "POST /cormun/servlet/solicitudotadjuntos?a5201f45bf51ae17348fed6dddb31f36,INS,2017,6214,,1, HTTP/1.1" 200 116
200.72.197.82 - - [25/Apr/2017:12:36:22 -0300] "GET /cormun/servlet/hpexe_return? HTTP/1.1" 200 1025
200.72.197.82 - - [25/Apr/2017:12:36:23 -0300] "GET /cormun/servlet/trsolicitudadjuntos?2017,6214, HTTP/1.1" 200 8224
200.72.197.82 - - [25/Apr/2017:12:36:24 -0300] "GET /cormun/servlet/trsolicitudadjuntos?2017,6214, HTTP/1.1" 200 8223
200.72.197.82 - - [25/Apr/2017:12:36:25 -0300] "GET /cormun/servlet/solicitudotadjuntos?INS,2017,6214,,1, HTTP/1.1" 200 5809
200.72.197.82 - - [25/Apr/2017:12:36:26 -0300] "GET /cormun/static/about:blank HTTP/1.1" 404 1011
200.72.197.82 - - [25/Apr/2017:12:36:26 -0300] "GET /cormun/servlet/solicitudotadjuntos?a7aa5db6cfc6556cd02f7b4b4ad85e8c48695010893bcbc1cf7a16bcbf1b36fac2b3319a8310b8e06d13636ac4ccc4f3,gx-no-cache=1493134647982 HTTP/1.1" 200 30
200.72.197.82 - - [25/Apr/2017:12:36:27 -0300] "POST /cormun/servlet/solicitudotadjuntos?a5201f45bf51ae17348fed6dddb31f36,INS,2017,6214,,1,,gx-no-cache=1493134648062 HTTP/1.1" 200 3674
186.103.132.155 - - [25/Apr/2017:12:36:29 -0300] "GET /cormun/servlet/solicitudotadjuntos?INS,2017,6214,,1, HTTP/1.1" 200 5803
186.103.132.155 - - [25/Apr/2017:12:36:31 -0300] "POST /cormun/servlet/solicitudotadjuntos?gx-no-cache=1493134653068 HTTP/1.1" 200 26
186.103.132.155 - - [25/Apr/2017:12:36:36 -0300] "GET /cormun/servlet/solicitudotadjuntos?a7aa5db6cfc6556cd02f7b4b4ad85e8cb3cbcba9f0c101cefd486205863f06e0,gx-no-cache=1493134658103 HTTP/1.1" 200 30
186.103.132.155 - - [25/Apr/2017:12:36:36 -0300] "GET /cormun/servlet/solicitudotadjuntos?a7aa5db6cfc6556cd02f7b4b4ad85e8cb3cbcba9f0c101cefd486205863f06e0,gx-no-cache=1493134658165 HTTP/1.1" 200 30
192.168.10.13 - - [25/Apr/2017:12:37:02 -0300] "GET / HTTP/1.1" 200 11217
46.174.191.29 - - [25/Apr/2017:12:37:17 -0300] "GET / HTTP/1.0" 200 11197
186.103.132.155 - - [25/Apr/2017:12:37:19 -0300] "POST /cormun/servlet/solicitudotadjuntos?a5201f45bf51ae17348fed6dddb31f36,INS,2017,6214,,1, HTTP/1.1" 200 116
186.103.132.155 - - [25/Apr/2017:12:37:19 -0300] "GET /cormun/servlet/hpexe_return? HTTP/1.1" 200 1025
186.103.132.155 - - [25/Apr/2017:12:37:20 -0300] "GET /cormun/servlet/trsolicitudadjuntos?2017,6214, HTTP/1.1" 200 8385
186.103.132.155 - - [25/Apr/2017:12:37:21 -0300] "GET /cormun/servlet/trsolicitudadjuntos?2017,6214, HTTP/1.1" 200 8383
186.103.132.155 - - [25/Apr/2017:12:37:24 -0300] "GET /cormun/servlet/solicitudotadjuntos?INS,2017,6214,,1, HTTP/1.1" 200 5808
186.103.132.155 - - [25/Apr/2017:12:37:24 -0300] "GET /cormun/static/about:blank HTTP/1.1" 404 1011
200.72.197.82 - - [25/Apr/2017:12:37:24 -0300] "GET /cormun/servlet/solicitudotadjuntos?INS,2017,6214,,1, HTTP/1.1" 200 5802
200.72.197.82 - - [25/Apr/2017:12:37:25 -0300] "GET /cormun/servlet/solicitudotadjuntos?a7aa5db6cfc6556cd02f7b4b4ad85e8c48695010893bcbc1cf7a16bcbf1b36fac2b3319a8310b8e06d13636ac4ccc4f3,gx-no-cache=1493134706260 HTTP/1.1" 200 30
200.72.197.82 - - [25/Apr/2017:12:37:25 -0300] "POST /cormun/servlet/solicitudotadjuntos?a5201f45bf51ae17348fed6dddb31f36,INS,2017,6214,,1,,gx-no-cache=1493134706489 HTTP/1.1" 200 3674
200.72.197.82 - - [25/Apr/2017:12:37:27 -0300] "POST /cormun/servlet/solicitudotadjuntos?gx-no-cache=1493134709180 HTTP/1.1" 200 26
200.72.197.82 - - [25/Apr/2017:12:37:33 -0300] "GET /cormun/servlet/solicitudotadjuntos?a7aa5db6cfc6556cd02f7b4b4ad85e8cb3cbcba9f0c101cefd486205863f06e0,gx-no-cache=1493134714964 HTTP/1.1" 200 30
200.72.197.82 - - [25/Apr/2017:12:37:33 -0300] "GET /cormun/servlet/solicitudotadjuntos?a7aa5db6cfc6556cd02f7b4b4ad85e8cb3cbcba9f0c101cefd486205863f06e0,gx-no-cache=1493134715318 HTTP/1.1" 200 30
192.168.10.13 - - [25/Apr/2017:12:38:02 -0300] "GET / HTTP/1.1" 200 11217
200.72.197.82 - - [25/Apr/2017:12:38:36 -0300] "POST /cormun/servlet/solicitudotadjuntos?a5201f45bf51ae17348fed6dddb31f36,INS,2017,6214,,1, HTTP/1.1" 200 116
200.72.197.82 - - [25/Apr/2017:12:38:36 -0300] "GET /cormun/servlet/hpexe_return? HTTP/1.1" 200 1025
200.72.197.82 - - [25/Apr/2017:12:38:37 -0300] "GET /cormun/servlet/trsolicitudadjuntos?2017,6214, HTTP/1.1" 200 8530
200.72.197.82 - - [25/Apr/2017:12:38:38 -0300] "GET /cormun/servlet/trsolicitudadjuntos?2017,6214, HTTP/1.1" 200 8528
192.168.10.13 - - [25/Apr/2017:12:39:02 -0300] "GET / HTTP/1.1" 200 11217
186.103.248.213 - - [25/Apr/2017:12:39:13 -0300] "GET /cormun/servlet/solicitudotadjuntos?INS,2017,6214,,1, HTTP/1.1" 200 5808
186.103.248.213 - - [25/Apr/2017:12:39:13 -0300] "GET /cormun/static/about:blank HTTP/1.1" 404 1011
186.103.248.213 - - [25/Apr/2017:12:39:14 -0300] "GET /cormun/servlet/solicitudotadjuntos?INS,2017,6214,,1, HTTP/1.1" 200 5802
186.103.248.213 - - [25/Apr/2017:12:39:14 -0300] "GET /cormun/servlet/solicitudotadjuntos?a7aa5db6cfc6556cd02f7b4b4ad85e8c48695010893bcbc1cf7a16bcbf1b36fac2b3319a8310b8e06d13636ac4ccc4f3,gx-no-cache=1493134815939 HTTP/1.1" 200 30
186.103.248.213 - - [25/Apr/2017:12:39:14 -0300] "POST /cormun/servlet/solicitudotadjuntos?a5201f45bf51ae17348fed6dddb31f36,INS,2017,6214,,1,,gx-no-cache=1493134816032 HTTP/1.1" 200 3675
186.103.248.213 - - [25/Apr/2017:12:39:17 -0300] "POST /cormun/servlet/solicitudotadjuntos?gx-no-cache=1493134818854 HTTP/1.1" 200 26
186.103.156.166 - - [25/Apr/2017:12:39:18 -0300] "POST /cormun/servlet/trsolicitudot?1b45eb989ff056010a3bff574ba1b933,,gx-no-cache=1493134822656 HTTP/1.1" 200 5906
186.103.156.166 - - [25/Apr/2017:12:39:18 -0300] "GET /cormun/static/Shared/jqueryui/images/ui-bg_highlight-soft_100_c6c2c8_1x100.png HTTP/1.1" 404 1117
186.103.156.166 - - [25/Apr/2017:12:39:18 -0300] "GET /cormun/static/Shared/jqueryui/images/ui-icons_82798d_256x240.png HTTP/1.1" 404 1089
186.103.156.166 - - [25/Apr/2017:12:39:18 -0300] "GET /cormun/static/Shared/jqueryui/images/ui-bg_flat_55_fafafa_40x100.png HTTP/1.1" 404 1097
186.103.156.166 - - [25/Apr/2017:12:39:18 -0300] "GET /cormun/static/Shared/jqueryui/images/ui-icons_8d78a5_256x240.png HTTP/1.1" 404 1089
186.103.156.166 - - [25/Apr/2017:12:39:18 -0300] "POST /cormun/servlet/trsolicitudot?1b45eb989ff056010a3bff574ba1b933,,gx-no-cache=1493134823090 HTTP/1.1" 200 5848
186.103.156.166 - - [25/Apr/2017:12:39:34 -0300] "POST /cormun/servlet/trsolicitudot?1b45eb989ff056010a3bff574ba1b933,,gx-no-cache=1493134839130 HTTP/1.1" 200 5423
186.103.156.166 - - [25/Apr/2017:12:39:35 -0300] "POST /cormun/servlet/trsolicitudot?1b45eb989ff056010a3bff574ba1b933,,gx-no-cache=1493134839460 HTTP/1.1" 200 5367
186.103.156.166 - - [25/Apr/2017:12:39:38 -0300] "GET /cormun/servlet/vesolicitudot?2017,5941,, HTTP/1.1" 200 8124
186.103.156.166 - - [25/Apr/2017:12:39:38 -0300] "GET /cormun/pexe_scrolldiv.js HTTP/1.1" 404 1009
186.103.156.166 - - [25/Apr/2017:12:39:38 -0300] "GET /cormun/pexe_scrolldiv.js HTTP/1.1" 404 1009
186.103.156.166 - - [25/Apr/2017:12:39:38 -0300] "GET /cormun/servlet/vesolicitudot?2017,5941,, HTTP/1.1" 200 8124
186.103.156.166 - - [25/Apr/2017:12:39:43 -0300] "POST /cormun/servlet/vesolicitudot?1b45eb989ff056010a3bff574ba1b933,2017,5941,,,gx-no-cache=1493134848215 HTTP/1.1" 200 93
186.103.156.166 - - [25/Apr/2017:12:39:43 -0300] "GET /cormun/servlet/hpexe_return? HTTP/1.1" 200 1012
186.103.156.166 - - [25/Apr/2017:12:39:44 -0300] "GET /cormun/servlet/trsolicitudot? HTTP/1.1" 200 8187
186.103.156.166 - - [25/Apr/2017:12:39:44 -0300] "GET /cormun/servlet/trsolicitudot? HTTP/1.1" 200 8183
186.103.248.213 - - [25/Apr/2017:12:39:45 -0300] "GET /cormun/servlet/solicitudotadjuntos?a7aa5db6cfc6556cd02f7b4b4ad85e8cb3cbcba9f0c101cefd486205863f06e0,gx-no-cache=1493134847159 HTTP/1.1" 200 30
186.103.248.213 - - [25/Apr/2017:12:39:45 -0300] "GET /cormun/servlet/solicitudotadjuntos?a7aa5db6cfc6556cd02f7b4b4ad85e8cb3cbcba9f0c101cefd486205863f06e0,gx-no-cache=1493134847323 HTTP/1.1" 200 30
186.103.156.166 - - [25/Apr/2017:12:39:47 -0300] "POST /cormun/servlet/trsolicitudot?1b45eb989ff056010a3bff574ba1b933,,gx-no-cache=1493134852049 HTTP/1.1" 200 4325
186.103.156.166 - - [25/Apr/2017:12:39:47 -0300] "GET /cormun/static/Shared/jqueryui/images/ui-bg_highlight-soft_100_c6c2c8_1x100.png HTTP/1.1" 404 1117
186.103.156.166 - - [25/Apr/2017:12:39:47 -0300] "GET /cormun/static/Shared/jqueryui/images/ui-icons_82798d_256x240.png HTTP/1.1" 404 1089
186.103.156.166 - - [25/Apr/2017:12:39:47 -0300] "GET /cormun/static/Shared/jqueryui/images/ui-bg_flat_55_fafafa_40x100.png HTTP/1.1" 404 1097
186.103.156.166 - - [25/Apr/2017:12:39:47 -0300] "GET /cormun/static/Shared/jqueryui/images/ui-icons_8d78a5_256x240.png HTTP/1.1" 404 1089
186.103.156.166 - - [25/Apr/2017:12:39:47 -0300] "POST /cormun/servlet/trsolicitudot?1b45eb989ff056010a3bff574ba1b933,,gx-no-cache=1493134852361 HTTP/1.1" 200 4117
186.103.156.166 - - [25/Apr/2017:12:39:51 -0300] "GET /cormun/servlet/trsolicitudot? HTTP/1.1" 200 6954
186.103.156.166 - - [25/Apr/2017:12:39:51 -0300] "GET /cormun/servlet/trsolicitudot? HTTP/1.1" 200 6954
192.168.10.13 - - [25/Apr/2017:12:40:02 -0300] "GET / HTTP/1.1" 200 11217
186.103.156.166 - - [25/Apr/2017:12:40:10 -0300] "GET /cormun/servlet/trautorizarsolicitud? HTTP/1.1" 200 10697
186.103.156.166 - - [25/Apr/2017:12:40:11 -0300] "GET /cormun/servlet/trautorizarsolicitud? HTTP/1.1" 200 10697
186.103.248.213 - - [25/Apr/2017:12:40:38 -0300] "POST /cormun/servlet/solicitudotadjuntos?a5201f45bf51ae17348fed6dddb31f36,INS,2017,6214,,1, HTTP/1.1" 200 116
186.103.248.213 - - [25/Apr/2017:12:40:38 -0300] "GET /cormun/servlet/hpexe_return? HTTP/1.1" 200 1025
186.103.248.213 - - [25/Apr/2017:12:40:39 -0300] "GET /cormun/servlet/trsolicitudadjuntos?2017,6214, HTTP/1.1" 200 8707
186.103.248.213 - - [25/Apr/2017:12:40:41 -0300] "GET /cormun/servlet/trsolicitudadjuntos?2017,6214, HTTP/1.1" 200 8705
186.103.156.166 - - [25/Apr/2017:12:40:41 -0300] "GET /cormun/servlet/veautorizarsolicitud?2017,6008,, HTTP/1.1" 200 8168
186.103.156.166 - - [25/Apr/2017:12:40:41 -0300] "GET /cormun/static/gxcfg.js?20161221854380 HTTP/1.1" 200 953
186.103.156.166 - - [25/Apr/2017:12:40:41 -0300] "GET /cormun/pexe_scrolldiv.js HTTP/1.1" 404 1009
186.103.156.166 - - [25/Apr/2017:12:40:41 -0300] "GET /cormun/static/veautorizarsolicitud.js?20161221854433 HTTP/1.1" 200 6140
186.103.156.166 - - [25/Apr/2017:12:40:41 -0300] "GET /cormun/static/tbautorizarsolicitud01.js?201731711331984 HTTP/1.1" 200 28355
186.103.156.166 - - [25/Apr/2017:12:40:42 -0300] "GET /cormun/servlet/veautorizarsolicitud?2017,6008,, HTTP/1.1" 200 8167
186.103.248.213 - - [25/Apr/2017:12:40:43 -0300] "GET /cormun/servlet/solicitudotadjuntos?INS,2017,6214,,1, HTTP/1.1" 200 5808
186.103.248.213 - - [25/Apr/2017:12:40:43 -0300] "GET /cormun/static/about:blank HTTP/1.1" 404 1011
186.103.248.213 - - [25/Apr/2017:12:40:43 -0300] "GET /cormun/servlet/solicitudotadjuntos?INS,2017,6214,,1, HTTP/1.1" 200 5802
186.103.248.213 - - [25/Apr/2017:12:40:44 -0300] "GET /cormun/servlet/solicitudotadjuntos?a7aa5db6cfc6556cd02f7b4b4ad85e8c48695010893bcbc1cf7a16bcbf1b36fac2b3319a8310b8e06d13636ac4ccc4f3,gx-no-cache=1493134905417 HTTP/1.1" 200 30
186.103.248.213 - - [25/Apr/2017:12:40:44 -0300] "POST /cormun/servlet/solicitudotadjuntos?a5201f45bf51ae17348fed6dddb31f36,INS,2017,6214,,1,,gx-no-cache=1493134905525 HTTP/1.1" 200 3675
186.103.248.213 - - [25/Apr/2017:12:40:47 -0300] "POST /cormun/servlet/solicitudotadjuntos?gx-no-cache=1493134908320 HTTP/1.1" 200 26
186.103.248.213 - - [25/Apr/2017:12:41:02 -0300] "GET /cormun/servlet/solicitudotadjuntos?a7aa5db6cfc6556cd02f7b4b4ad85e8cb3cbcba9f0c101cefd486205863f06e0,gx-no-cache=1493134923846 HTTP/1.1" 200 30
192.168.10.13 - - [25/Apr/2017:12:41:02 -0300] "GET / HTTP/1.1" 200 11217
186.103.248.213 - - [25/Apr/2017:12:41:02 -0300] "GET /cormun/servlet/solicitudotadjuntos?a7aa5db6cfc6556cd02f7b4b4ad85e8cb3cbcba9f0c101cefd486205863f06e0,gx-no-cache=1493134923983 HTTP/1.1" 200 30
186.103.156.166 - - [25/Apr/2017:12:41:13 -0300] "POST /cormun/servlet/veautorizarsolicitud?1b45eb989ff056010a3bff574ba1b933,2017,6008,,,gx-no-cache=1493134937852 HTTP/1.1" 200 90
186.103.156.166 - - [25/Apr/2017:12:41:13 -0300] "GET /cormun/servlet/hpexe_link HTTP/1.1" 200 972
186.103.156.166 - - [25/Apr/2017:12:41:13 -0300] "GET /cormun/servlet/trautorizarsolicitud HTTP/1.1" 200 10698
186.103.156.166 - - [25/Apr/2017:12:41:14 -0300] "GET /cormun/servlet/trautorizarsolicitud HTTP/1.1" 200 10697
186.103.248.213 - - [25/Apr/2017:12:41:21 -0300] "POST /cormun/servlet/solicitudotadjuntos?a5201f45bf51ae17348fed6dddb31f36,INS,2017,6214,,1, HTTP/1.1" 200 116
186.103.248.213 - - [25/Apr/2017:12:41:21 -0300] "GET /cormun/servlet/hpexe_return? HTTP/1.1" 200 1025
186.103.248.213 - - [25/Apr/2017:12:41:23 -0300] "GET /cormun/servlet/trsolicitudadjuntos?2017,6214, HTTP/1.1" 200 8943
186.103.248.213 - - [25/Apr/2017:12:41:24 -0300] "GET /cormun/servlet/trsolicitudadjuntos?2017,6214, HTTP/1.1" 200 8942
186.103.248.213 - - [25/Apr/2017:12:41:30 -0300] "GET /cormun/servlet/trsolicitudot? HTTP/1.1" 200 8061
186.103.248.213 - - [25/Apr/2017:12:41:30 -0300] "GET /cormun/servlet/trsolicitudot? HTTP/1.1" 200 8055
186.103.156.166 - - [25/Apr/2017:12:41:32 -0300] "GET /cormun/servlet/trsolicitudot? HTTP/1.1" 200 6954
186.103.156.166 - - [25/Apr/2017:12:41:32 -0300] "GET /cormun/servlet/trsolicitudot? HTTP/1.1" 200 6954
186.103.156.166 - - [25/Apr/2017:12:41:36 -0300] "GET /cormun/servlet/trsolicitudot? HTTP/1.1" 200 6954
186.103.156.166 - - [25/Apr/2017:12:41:37 -0300] "GET /cormun/servlet/trsolicitudot? HTTP/1.1" 200 6954
186.103.156.166 - - [25/Apr/2017:12:41:40 -0300] "GET /cormun/servlet/solicitudot?INS,0,0, HTTP/1.1" 200 12785
186.103.156.166 - - [25/Apr/2017:12:41:41 -0300] "GET /cormun/servlet/solicitudot?INS,0,0, HTTP/1.1" 200 12790
186.103.248.213 - - [25/Apr/2017:12:41:42 -0300] "POST /cormun/servlet/trsolicitudot?a5201f45bf51ae17348fed6dddb31f36,,gx-no-cache=1493134963601 HTTP/1.1" 200 4197
186.103.248.213 - - [25/Apr/2017:12:41:42 -0300] "GET /cormun/static/Shared/jqueryui/images/ui-bg_highlight-soft_100_c6c2c8_1x100.png HTTP/1.1" 404 1117
186.103.248.213 - - [25/Apr/2017:12:41:42 -0300] "GET /cormun/static/Shared/jqueryui/images/ui-bg_flat_55_fafafa_40x100.png HTTP/1.1" 404 1097
186.103.132.155 - - [25/Apr/2017:12:41:43 -0300] "GET /cormun/static/Shared/jqueryui/images/ui-icons_8d78a5_256x240.png HTTP/1.1" 404 1089
200.72.197.82 - - [25/Apr/2017:12:41:43 -0300] "GET /cormun/static/Shared/jqueryui/images/ui-icons_82798d_256x240.png HTTP/1.1" 404 1089
186.103.248.213 - - [25/Apr/2017:12:41:43 -0300] "POST /cormun/servlet/trsolicitudot?a5201f45bf51ae17348fed6dddb31f36,,gx-no-cache=1493134964278 HTTP/1.1" 200 3946
192.168.10.96 - - [25/Apr/2017:12:41:44 -0300] "POST /cormun/servlet/trsolicitudgral?6390c8cddd313b5dd787616bd9f2082a,,gx-no-cache=1493138174680 HTTP/1.1" 200 6589
186.103.156.166 - - [25/Apr/2017:12:41:54 -0300] "POST /cormun/servlet/solicitudot?gx-no-cache=1493134978721 HTTP/1.1" 200 3211
186.103.156.166 - - [25/Apr/2017:12:41:54 -0300] "POST /cormun/servlet/solicitudot?1b45eb989ff056010a3bff574ba1b933,INS,0,0,,gx-no-cache=1493134979093 HTTP/1.1" 200 10006
186.103.156.166 - - [25/Apr/2017:12:41:54 -0300] "GET /cormun/servlet/solicitudot?106def0a75ed40d9919b8eaea08ba5bfe3c922fd719309f4a2782a99acd75876c31976ba3d59b1ab40d399db8fd2a0ec,gx-no-cache=1493134979398 HTTP/1.1" 200 111
186.103.156.166 - - [25/Apr/2017:12:41:54 -0300] "GET /cormun/static/Shared/jqueryui/images/ui-bg_highlight-soft_100_c6c2c8_1x100.png HTTP/1.1" 404 1117
186.103.156.166 - - [25/Apr/2017:12:41:54 -0300] "GET /cormun/static/Shared/jqueryui/images/ui-icons_82798d_256x240.png HTTP/1.1" 404 1089
186.103.156.166 - - [25/Apr/2017:12:41:54 -0300] "GET /cormun/static/Shared/jqueryui/images/ui-bg_flat_55_994d53_40x100.png HTTP/1.1" 404 1097
186.103.156.166 - - [25/Apr/2017:12:41:54 -0300] "GET /cormun/static/Shared/jqueryui/images/ui-icons_ebccce_256x240.png HTTP/1.1" 404 1089
192.168.10.96 - - [25/Apr/2017:12:41:55 -0300] "GET /cormun/servlet/vesolicitudgral?2017,6205,, HTTP/1.1" 200 8704
192.168.10.96 - - [25/Apr/2017:12:41:55 -0300] "GET /cormun/static/gxcfg.js?201612218543032 HTTP/1.1" 304 -
192.168.10.96 - - [25/Apr/2017:12:41:55 -0300] "GET /cormun/pexe_scrolldiv.js HTTP/1.1" 404 1009
192.168.10.96 - - [25/Apr/2017:12:41:55 -0300] "GET /cormun/static/vesolicitudgral.js?201612218543091 HTTP/1.1" 304 -
192.168.10.96 - - [25/Apr/2017:12:41:55 -0300] "GET /cormun/static/tbsolicitudgral01.js?201731711414126 HTTP/1.1" 304 -
192.168.10.96 - - [25/Apr/2017:12:41:55 -0300] "GET /cormun/pexe_scrolldiv.js HTTP/1.1" 404 1009
192.168.10.96 - - [25/Apr/2017:12:41:55 -0300] "GET /cormun/servlet/vesolicitudgral?2017,6205,, HTTP/1.1" 200 8704
192.168.10.13 - - [25/Apr/2017:12:42:02 -0300] "GET / HTTP/1.1" 200 11217
186.103.156.166 - - [25/Apr/2017:12:42:02 -0300] "GET /cormun/servlet/solicitudot?106def0a75ed40d9919b8eaea08ba5bfdfce3d72564d4b9307feaf9a794ab8cbc31976ba3d59b1ab40d399db8fd2a0ec,gx-no-cache=1493134987677 HTTP/1.1" 200 30
186.103.248.213 - - [25/Apr/2017:12:42:03 -0300] "GET /cormun/servlet/trlicencias? HTTP/1.1" 200 7784
186.103.248.213 - - [25/Apr/2017:12:42:04 -0300] "GET /cormun/servlet/trlicencias? HTTP/1.1" 200 7783
186.103.248.213 - - [25/Apr/2017:12:42:08 -0300] "GET /cormun/servlet/licenciaspermisos?UPD,13720783,L,20170425000000, HTTP/1.1" 200 7347
186.103.248.213 - - [25/Apr/2017:12:42:09 -0300] "GET /cormun/servlet/licenciaspermisos?UPD,13720783,L,20170425000000, HTTP/1.1" 200 7347
186.103.248.213 - - [25/Apr/2017:12:42:09 -0300] "GET /cormun/servlet/licenciaspermisos?a7aa893ad589e7c7448005f81e3c7cc47253166530374c04601b6637f2b69f7878fc6a2fa0c098b6754d1fcdc7b61729,gx-no-cache=1493134990998 HTTP/1.1" 200 63
186.103.156.166 - - [25/Apr/2017:12:42:12 -0300] "POST /cormun/servlet/solicitudot?gx-no-cache=1493134997066 HTTP/1.1" 200 297
186.103.156.166 - - [25/Apr/2017:12:42:12 -0300] "GET /cormun/servlet/solicitudot?106def0a75ed40d9919b8eaea08ba5bf91fdcb43fdd48b0fd7d78bf4a8874b76fe5039fafe5fb7892efc1b9043e00ac7803b7f388611b274c05e6ca87e771073e785b7c182768ca2123997f2507832f51f4c8ba55d3c0cf8e795abba3d9d3e87529911715f90c6cc5b6d205758a4bd9115f31cf101621087bb37dcf7b3a1c29f9bb5ef267420094d1aa988af56260a5354bb4313669d4e63045fe88f04faa8e1cfc79a869b72e1a2c25fa8be6f85d96b12862101a94a45361e4bfb4d0f97bdf7b1763949e8c63230a1f603c4cc99a8ff8434b36e8c85eb118a5994b1ff7a7f0e6120b4739a6748651a2f6c7bbc97c62007f3fc1a7bca5dcc02264f17502a2a4bb6e98a3dd80906bb35bfdac0dbf3bebcded038860f8184970c4ff36c461981a5492bfb599f7dd082b2d8e3bdb31371b1cbab426924efc62838e24d60d86d227f925a4b1a36f982833096ec5729ecbad15f62583e438a4d9b02ee6b645ebe98d904b89b2af9f7c3e21394fd1775cf4b4f5a07ddfcd597327c9e42188f9c0cfcacc6d7a73d63889796e6767ee95e061491,gx-no-cache=1493134997183 HTTP/1.1" 200 30
186.103.248.213 - - [25/Apr/2017:12:42:13 -0300] "GET /cormun/servlet/licenciaspermisos?a7aa893ad589e7c7448005f81e3c7cc41a0c2201006a7127192527c3bf0ab586dfe8ebe0359a476e6f22eb369e070d68fc316523b5fb485d4d2583bd843aa1c4b1f1c9014fb713a2ab24bd438f5b26d5d9b1a919838b49280b46e5e3be36eb92b3b4517885b61b58d542bb9251857230099546a1f5df8a5102de32fcba1b1e06ba068af60615505787a2b42a4fc1e7c0e072e005c8d9032396ced4e5d3260101a4600deac85cb430a32e86753797ae388efdec938767043bbc33d059a6d90a5bfffc94d9d302f17e398f1827c3a400435ac3bfdf52150d29e884cc7d2fa4a914,gx-no-cache=1493134994520 HTTP/1.1" 200 30
186.103.248.213 - - [25/Apr/2017:12:42:13 -0300] "POST /cormun/servlet/licenciaspermisos?a5201f45bf51ae17348fed6dddb31f36,UPD,13720783,L,20170425000000,,gx-no-cache=1493134994638 HTTP/1.1" 200 4530
186.103.248.213 - - [25/Apr/2017:12:42:14 -0300] "GET /cormun/servlet/prfichaempleado?,MD,,gxPopupLevel%3D0%3B HTTP/1.1" 200 8786
186.103.156.166 - - [25/Apr/2017:12:42:21 -0300] "POST /cormun/servlet/solicitudot?gx-no-cache=1493135006367 HTTP/1.1" 200 30
186.103.156.166 - - [25/Apr/2017:12:42:24 -0300] "POST /cormun/servlet/solicitudot?gx-no-cache=1493135009536 HTTP/1.1" 200 1291
186.103.156.166 - - [25/Apr/2017:12:42:24 -0300] "POST /cormun/servlet/solicitudot?gx-no-cache=1493135009608 HTTP/1.1" 200 38
186.103.248.213 - - [25/Apr/2017:12:42:27 -0300] "POST /cormun/servlet/prfichaempleado?a5201f45bf51ae17348fed6dddb31f36,,MD,,gxPopupLevel%3D0%3B,gx-no-cache=1493135008798 HTTP/1.1" 200 3429
186.103.156.166 - - [25/Apr/2017:12:42:30 -0300] "GET /cormun/servlet/solicitudot?106def0a75ed40d9919b8eaea08ba5bf6fd174f2c3891311d8e35765084a827de83d3df90ad64faa1354c0a2f9c7abc2a65a8ccf45c28a5777906868df75f88cc79a111ea7a647f6fbda7e3ef58f1bb3d25bed776aa24055d414ae1590ff4e38f17e4d61689c99c658bac32562867580,gx-no-cache=1493135015684 HTTP/1.1" 200 29
186.103.156.166 - - [25/Apr/2017:12:42:31 -0300] "POST /cormun/servlet/solicitudot?gx-no-cache=1493135015772 HTTP/1.1" 200 1273
186.103.248.213 - - [25/Apr/2017:12:42:32 -0300] "GET /cormun/servlet/licenciaspermisos?a7aa893ad589e7c7448005f81e3c7cc4f4afc13ea95d9b2a38ca59c73f2a3ea43f30fe2d0d6cd73d4465155d8c6eb235886a694213fefacd7962adf5562e8f67f7d0bbb542e6159d1f43e404d4a221bfbd6a926e4aa1d82692619cd12814f0a346a4f263c8348c8a01aaf55c6644ea1986be67ac5e0c6f19c5d00081a38e22b28802ecc93230a4a53401dc5e2e65aa2df97cc2d217f56e253b6f509249ada0fcf993adef5fe723a57997af58f830e2852226cef1aeadcdab73079b5451f05aee0a6197b30999fd4276479122ab41cacc0b4e58d668e0208ba374cc5741de4b20f6249c54f5aa0d83bebc2799dd7e5398,gx-no-cache=1493135014317 HTTP/1.1" 200 65
186.103.248.213 - - [25/Apr/2017:12:42:33 -0300] "POST /cormun/servlet/licenciaspermisos?a5201f45bf51ae17348fed6dddb31f36,UPD,13720783,L,20170425000000,,gx-no-cache=1493135014437 HTTP/1.1" 200 93
186.103.248.213 - - [25/Apr/2017:12:42:33 -0300] "GET /cormun/servlet/hpexe_return? HTTP/1.1" 200 1029
186.103.156.166 - - [25/Apr/2017:12:42:33 -0300] "POST /cormun/servlet/solicitudot?gx-no-cache=1493135018585 HTTP/1.1" 200 1156
186.103.248.213 - - [25/Apr/2017:12:42:33 -0300] "GET /cormun/servlet/trlicencias HTTP/1.1" 200 7829
186.103.248.213 - - [25/Apr/2017:12:42:35 -0300] "GET /cormun/servlet/trlicencias HTTP/1.1" 200 7824
186.103.156.166 - - [25/Apr/2017:12:42:41 -0300] "GET /cormun/static/menuarrow.gif HTTP/1.1" 404 1015
186.103.248.213 - - [25/Apr/2017:12:42:42 -0300] "GET /cormun/servlet/trlicenciaspermisosadjuntos?13720783,20170425000000,L, HTTP/1.1" 200 6601
186.103.248.213 - - [25/Apr/2017:12:42:43 -0300] "GET /cormun/servlet/trlicenciaspermisosadjuntos?13720783,20170425000000,L, HTTP/1.1" 200 6603
186.103.248.213 - - [25/Apr/2017:12:42:45 -0300] "GET /cormun/servlet/licenciaspermisosadjuntos?INS,13720783,L,20170425000000,, HTTP/1.1" 200 5411
186.103.248.213 - - [25/Apr/2017:12:42:45 -0300] "GET /cormun/static/about:blank HTTP/1.1" 404 1011
186.103.248.213 - - [25/Apr/2017:12:42:45 -0300] "GET /cormun/servlet/licenciaspermisosadjuntos?INS,13720783,L,20170425000000,, HTTP/1.1" 200 5400
186.103.156.166 - - [25/Apr/2017:12:43:02 -0300] "GET /cormun/servlet/solicitudot?106def0a75ed40d9919b8eaea08ba5bf7255631184185686ac61e2288d89a75070108b024287e56e9a247227d5d2758fd07c3ec8c7f52f6b235cf902e1cf301cb7bc211e5757b1a9ce30c1e2632ee86294952af7a71ba765bbf0b5df2288d90ed07007a43d2e81d0279a606188830eea55db73d479829f5cc62318d2d1fc03d7ebab559e5427c66d598fc2da1466d332d6fadadd3f223b85f76919f8038feaf75068577c90aff91f307abe627708cfb9,gx-no-cache=1493135046897 HTTP/1.1" 200 30
186.103.156.166 - - [25/Apr/2017:12:43:02 -0300] "POST /cormun/servlet/solicitudot?1b45eb989ff056010a3bff574ba1b933,INS,0,0,,gx-no-cache=1493135047038 HTTP/1.1" 200 93
186.103.156.166 - - [25/Apr/2017:12:43:02 -0300] "GET /cormun/servlet/hpexe_return? HTTP/1.1" 200 1007
192.168.10.13 - - [25/Apr/2017:12:43:02 -0300] "GET / HTTP/1.1" 200 11217
186.103.156.166 - - [25/Apr/2017:12:43:02 -0300] "GET /cormun/servlet/trsolicitudot HTTP/1.1" 200 8190
186.103.156.166 - - [25/Apr/2017:12:43:03 -0300] "GET /cormun/servlet/trsolicitudot HTTP/1.1" 200 8186
186.103.156.166 - - [25/Apr/2017:12:43:09 -0300] "GET /cormun/servlet/trsolicitudot? HTTP/1.1" 200 8186
186.103.156.166 - - [25/Apr/2017:12:43:09 -0300] "GET /cormun/servlet/trsolicitudot? HTTP/1.1" 200 8186
186.103.156.166 - - [25/Apr/2017:12:43:14 -0300] "GET /cormun/servlet/trsolicitudot? HTTP/1.1" 200 8186
186.103.156.166 - - [25/Apr/2017:12:43:15 -0300] "GET /cormun/servlet/trsolicitudot? HTTP/1.1" 200 8186
186.103.248.213 - - [25/Apr/2017:12:43:26 -0300] "POST /cormun/servlet/licenciaspermisosadjuntos?a5201f45bf51ae17348fed6dddb31f36,INS,13720783,L,20170425000000,, HTTP/1.1" 200 116
186.103.248.213 - - [25/Apr/2017:12:43:26 -0300] "GET /cormun/servlet/hpexe_return? HTTP/1.1" 200 1043
186.103.248.213 - - [25/Apr/2017:12:43:27 -0300] "GET /cormun/servlet/trlicenciaspermisosadjuntos?13720783,20170425000000,L, HTTP/1.1" 200 6706
186.103.248.213 - - [25/Apr/2017:12:43:27 -0300] "GET /cormun/servlet/trlicenciaspermisosadjuntos?13720783,20170425000000,L, HTTP/1.1" 200 6701
186.103.156.166 - - [25/Apr/2017:12:43:28 -0300] "GET /cormun/servlet/solicitudot?INS,0,0, HTTP/1.1" 200 12784
186.103.156.166 - - [25/Apr/2017:12:43:28 -0300] "GET /cormun/servlet/solicitudot?INS,0,0, HTTP/1.1" 200 12789
200.72.197.82 - - [25/Apr/2017:12:43:29 -0300] "GET /cormun/PublicTempStorage/licencia_medica_claudia_arce8851699.jpg HTTP/1.1" 200 1124849
200.72.197.82 - - [25/Apr/2017:12:43:35 -0300] "GET /cormun/servlet/trlicencias? HTTP/1.1" 200 7826
200.72.197.82 - - [25/Apr/2017:12:43:35 -0300] "GET /cormun/servlet/trlicencias? HTTP/1.1" 200 7824
200.72.197.82 - - [25/Apr/2017:12:43:38 -0300] "GET /cormun/servlet/alicenciaprn?13720783,L,20170425000000,PU HTTP/1.1" 200 1597
186.103.156.166 - - [25/Apr/2017:12:43:39 -0300] "POST /cormun/servlet/solicitudot?gx-no-cache=1493135083812 HTTP/1.1" 200 3196
186.103.156.166 - - [25/Apr/2017:12:43:39 -0300] "POST /cormun/servlet/solicitudot?1b45eb989ff056010a3bff574ba1b933,INS,0,0,,gx-no-cache=1493135084037 HTTP/1.1" 200 9987
186.103.156.166 - - [25/Apr/2017:12:43:45 -0300] "GET /cormun/servlet/solicitudot?106def0a75ed40d9919b8eaea08ba5bfd241884526d46350d8f1fb06f6195942c31976ba3d59b1ab40d399db8fd2a0ec,gx-no-cache=1493135089893 HTTP/1.1" 200 30
186.103.156.166 - - [25/Apr/2017:12:43:45 -0300] "POST /cormun/servlet/solicitudot?gx-no-cache=1493135089960 HTTP/1.1" 200 255
186.103.156.166 - - [25/Apr/2017:12:43:45 -0300] "GET /cormun/servlet/solicitudot?106def0a75ed40d9919b8eaea08ba5bf91fdcb43fdd48b0fd7d78bf4a8874b7615249d79de17baf688da79ae3e7f036b803b7f388611b274c05e6ca87e771073e785b7c182768ca2123997f2507832f51f4c8ba55d3c0cf8e795abba3d9d3e87529911715f90c6cc5b6d205758a4bd9115f31cf101621087bb37dcf7b3a1c29f9bb5ef267420094d1aa988af56260a5354bb4313669d4e63045fe88f04faa8e1cfc79a869b72e1a2c25fa8be6f85d96b12862101a94a45361e4bfb4d0f97bdf7b1763949e8c63230a1f603c4cc99a8ff8434b36e8c85eb118a5994b1ff7a7f0e6120b4739a6748651a2f6c7bbc97c62045c9195ad2402d56b02ae94522f062dfb6e98a3dd80906bb35bfdac0dbf3bebcc45a60f3f959b18ae57a809e919a3789b64bcb35eeede73cef0ec805ce3df561b7f2e7aa5b3a26a06688ed5d482f1ebb134d04f6365c77aba8f0640c7da1531c1ca4a77e09da0eaf95416c1d29ea6433182a2e99002a0fae1d13c2a45104239bdd22bb3672c907d4d75406e1283fd890,gx-no-cache=1493135090003 HTTP/1.1" 200 30
200.72.197.82 - - [25/Apr/2017:12:43:49 -0300] "POST /cormun/servlet/trlicencias?a5201f45bf51ae17348fed6dddb31f36,,gx-no-cache=1493135090934 HTTP/1.1" 200 4100
200.72.197.82 - - [25/Apr/2017:12:43:49 -0300] "GET /cormun/static/Shared/jqueryui/images/ui-bg_highlight-soft_100_c6c2c8_1x100.png HTTP/1.1" 404 1117
190.151.100.218 - - [25/Apr/2017:12:43:50 -0300] "GET /cormun/static/Shared/jqueryui/images/ui-bg_flat_55_fafafa_40x100.png HTTP/1.1" 404 1097
186.103.248.213 - - [25/Apr/2017:12:43:50 -0300] "GET /cormun/static/Shared/jqueryui/images/ui-icons_82798d_256x240.png HTTP/1.1" 404 1089
186.103.248.213 - - [25/Apr/2017:12:43:50 -0300] "GET /cormun/static/Shared/jqueryui/images/ui-icons_8d78a5_256x240.png HTTP/1.1" 404 1089
186.103.156.166 - - [25/Apr/2017:12:43:50 -0300] "POST /cormun/servlet/solicitudot?gx-no-cache=1493135094863 HTTP/1.1" 200 30
186.103.156.166 - - [25/Apr/2017:12:43:53 -0300] "POST /cormun/servlet/solicitudot?gx-no-cache=1493135098110 HTTP/1.1" 200 1291
186.103.156.166 - - [25/Apr/2017:12:43:53 -0300] "POST /cormun/servlet/solicitudot?gx-no-cache=1493135098189 HTTP/1.1" 200 38
186.103.156.166 - - [25/Apr/2017:12:44:00 -0300] "GET /cormun/servlet/solicitudot?106def0a75ed40d9919b8eaea08ba5bf6fd174f2c3891311d8e35765084a827de83d3df90ad64faa1354c0a2f9c7abc2a65a8ccf45c28a5777906868df75f88cc79a111ea7a647f6fbda7e3ef58f1bb39c7029728236717c40c1dbb876c1c92b5aef9b1c5e6175f88be9dad5fc6fc52c56648ab97d91826eae7c8e749e908b69aad21182d6ec768b80ad53fc3bb64b8e1983cdc3ae8fcd7e07d80fdfacdd6b66,gx-no-cache=1493135105680 HTTP/1.1" 200 29
186.103.156.166 - - [25/Apr/2017:12:44:01 -0300] "POST /cormun/servlet/solicitudot?gx-no-cache=1493135105805 HTTP/1.1" 200 1275
186.103.156.166 - - [25/Apr/2017:12:44:01 -0300] "POST /cormun/servlet/solicitudot?gx-no-cache=1493135105970 HTTP/1.1" 200 1157
192.168.10.13 - - [25/Apr/2017:12:44:02 -0300] "GET / HTTP/1.1" 200 11217
186.103.156.166 - - [25/Apr/2017:12:44:03 -0300] "GET /cormun/static/menuarrow.gif HTTP/1.1" 404 1015
186.103.156.166 - - [25/Apr/2017:12:44:24 -0300] "GET /cormun/servlet/solicitudot?106def0a75ed40d9919b8eaea08ba5bf9f1430cdb44f82e4d9c316c7a021aca5326a32c0ce085ab2e20472be14c718a7d07c3ec8c7f52f6b235cf902e1cf301cb7bc211e5757b1a9ce30c1e2632ee86294952af7a71ba765bbf0b5df2288d90ed07007a43d2e81d0279a606188830eea55db73d479829f5cc62318d2d1fc03d7ebab559e5427c66d598fc2da1466d332d6fadadd3f223b85f76919f8038feaf75068577c90aff91f307abe627708cfb9,gx-no-cache=1493135128983 HTTP/1.1" 200 30
186.103.156.166 - - [25/Apr/2017:12:44:24 -0300] "POST /cormun/servlet/solicitudot?1b45eb989ff056010a3bff574ba1b933,INS,0,0,,gx-no-cache=1493135129074 HTTP/1.1" 200 93
186.103.156.166 - - [25/Apr/2017:12:44:24 -0300] "GET /cormun/servlet/hpexe_return? HTTP/1.1" 200 1007
186.103.156.166 - - [25/Apr/2017:12:44:24 -0300] "GET /cormun/servlet/trsolicitudot HTTP/1.1" 200 8659
186.103.156.166 - - [25/Apr/2017:12:44:25 -0300] "GET /cormun/servlet/trsolicitudot HTTP/1.1" 200 8655
186.103.156.166 - - [25/Apr/2017:12:44:35 -0300] "GET /cormun/servlet/vesolicitudot?2017,6216,, HTTP/1.1" 200 8168
186.103.156.166 - - [25/Apr/2017:12:44:35 -0300] "GET /cormun/pexe_scrolldiv.js HTTP/1.1" 404 1009
186.103.156.166 - - [25/Apr/2017:12:44:35 -0300] "GET /cormun/servlet/vesolicitudot?2017,6216,, HTTP/1.1" 200 8168
186.103.156.166 - - [25/Apr/2017:12:44:39 -0300] "POST /cormun/servlet/vesolicitudot?1b45eb989ff056010a3bff574ba1b933,2017,6216,,,gx-no-cache=1493135143361 HTTP/1.1" 200 93
186.103.156.166 - - [25/Apr/2017:12:44:39 -0300] "GET /cormun/servlet/hpexe_return? HTTP/1.1" 200 1011
186.103.156.166 - - [25/Apr/2017:12:44:39 -0300] "GET /cormun/servlet/trsolicitudot HTTP/1.1" 200 8659
186.103.156.166 - - [25/Apr/2017:12:44:39 -0300] "GET /cormun/servlet/trsolicitudot HTTP/1.1" 200 8655
186.103.156.166 - - [25/Apr/2017:12:44:45 -0300] "POST /cormun/servlet/trsolicitudot?1b45eb989ff056010a3bff574ba1b933,gx-no-cache=1493135149784 HTTP/1.1" 200 105
186.103.156.166 - - [25/Apr/2017:12:44:45 -0300] "GET /cormun/servlet/solicitudot?UPD,2017,6216, HTTP/1.1" 200 14458
186.103.156.166 - - [25/Apr/2017:12:44:45 -0300] "GET /cormun/servlet/solicitudot?UPD,2017,6216, HTTP/1.1" 200 14467
186.103.156.166 - - [25/Apr/2017:12:44:46 -0300] "POST /cormun/servlet/solicitudot?gx-no-cache=1493135150962 HTTP/1.1" 200 3196
186.103.156.166 - - [25/Apr/2017:12:44:46 -0300] "POST /cormun/servlet/solicitudot?1b45eb989ff056010a3bff574ba1b933,UPD,2017,6216,,gx-no-cache=1493135151343 HTTP/1.1" 200 11057
186.103.156.166 - - [25/Apr/2017:12:44:46 -0300] "GET /cormun/servlet/solicitudot?106def0a75ed40d9919b8eaea08ba5bfd241884526d46350d8f1fb06f61959429f2d8334da5caf84fb703e9c973d0f16,gx-no-cache=1493135151653 HTTP/1.1" 200 30
186.103.156.166 - - [25/Apr/2017:12:44:46 -0300] "POST /cormun/servlet/solicitudot?gx-no-cache=1493135151735 HTTP/1.1" 200 254
186.103.156.166 - - [25/Apr/2017:12:44:47 -0300] "GET /cormun/servlet/solicitudot?106def0a75ed40d9919b8eaea08ba5bf91fdcb43fdd48b0fd7d78bf4a8874b7615249d79de17baf688da79ae3e7f036b803b7f388611b274c05e6ca87e771073e785b7c182768ca2123997f2507832f51f4c8ba55d3c0cf8e795abba3d9d3e87529911715f90c6cc5b6d205758a4bd9115f31cf101621087bb37dcf7b3a1c29f9bb5ef267420094d1aa988af56260a5354bb4313669d4e63045fe88f04faa8e1cfc79a869b72e1a2c25fa8be6f85d96b12862101a94a45361e4bfb4d0f97bdf7b1763949e8c63230a1f603c4cc99a8ff8434b36e8c85eb118a5994b1ff7a7f0e6120b4739a6748651a2f6c7bbc97c62045c9195ad2402d56b02ae94522f062dfb6e98a3dd80906bb35bfdac0dbf3bebcc45a60f3f959b18ae57a809e919a3789b64bcb35eeede73cef0ec805ce3df561b7f2e7aa5b3a26a06688ed5d482f1ebb134d04f6365c77aba8f0640c7da1531c1ca4a77e09da0eaf95416c1d29ea6433182a2e99002a0fae1d13c2a45104239b6a7e2f111c6df070c6a383ba9bbad45d,gx-no-cache=1493135151830 HTTP/1.1" 200 30
186.103.156.166 - - [25/Apr/2017:12:44:47 -0300] "POST /cormun/servlet/solicitudot?gx-no-cache=1493135152185 HTTP/1.1" 200 30
186.103.156.166 - - [25/Apr/2017:12:44:47 -0300] "POST /cormun/servlet/solicitudot?gx-no-cache=1493135152264 HTTP/1.1" 200 1291
186.103.156.166 - - [25/Apr/2017:12:44:47 -0300] "POST /cormun/servlet/solicitudot?gx-no-cache=1493135152337 HTTP/1.1" 200 41
