186.79.197.148 - - [25/Apr/2017:08:33:36 -0300] "GET /cormun/servlet/solicitudotadjuntos?a031f1a778151443db38b5e22242af6c76c67dca26e477b8bf8b57f374691a5a,gx-no-cache=1493123506797 HTTP/1.1" 200 30
186.79.197.148 - - [25/Apr/2017:08:33:39 -0300] "POST /cormun/servlet/solicitudotadjuntos?f1928320394097134b70d5195897c4bf,INS,2017,6206,,1, HTTP/1.1" 200 116
186.79.197.148 - - [25/Apr/2017:08:33:40 -0300] "GET /cormun/servlet/hpexe_return? HTTP/1.1" 200 1025
186.79.197.148 - - [25/Apr/2017:08:33:40 -0300] "GET /cormun/servlet/trsolicitudadjuntos?2017,6206, HTTP/1.1" 200 8013
186.79.197.148 - - [25/Apr/2017:08:33:42 -0300] "GET /cormun/servlet/trsolicitudadjuntos?2017,6206, HTTP/1.1" 200 8010
186.79.197.148 - - [25/Apr/2017:08:33:44 -0300] "GET /cormun/servlet/solicitudotadjuntos?INS,2017,6206,,1, HTTP/1.1" 200 5825
186.79.197.148 - - [25/Apr/2017:08:33:44 -0300] "GET /cormun/static/about:blank HTTP/1.1" 404 1011
186.79.197.148 - - [25/Apr/2017:08:33:45 -0300] "GET /cormun/servlet/solicitudotadjuntos?INS,2017,6206,,1, HTTP/1.1" 200 5819
186.79.197.148 - - [25/Apr/2017:08:33:46 -0300] "GET /cormun/servlet/solicitudotadjuntos?a031f1a778151443db38b5e22242af6c5c26ee478382a1a165309ee5da4077a2b6e34e2ec409f1cc2cb481317c0dd780,gx-no-cache=1493123516253 HTTP/1.1" 200 30
186.79.197.148 - - [25/Apr/2017:08:33:47 -0300] "POST /cormun/servlet/solicitudotadjuntos?f1928320394097134b70d5195897c4bf,INS,2017,6206,,1,,gx-no-cache=1493123516359 HTTP/1.1" 200 3637
186.79.197.148 - - [25/Apr/2017:08:33:51 -0300] "POST /cormun/servlet/solicitudotadjuntos?gx-no-cache=1493123521961 HTTP/1.1" 200 26
192.168.10.13 - - [25/Apr/2017:08:34:02 -0300] "GET / HTTP/1.1" 200 11217
186.79.197.148 - - [25/Apr/2017:08:34:09 -0300] "GET /cormun/servlet/solicitudotadjuntos?a031f1a778151443db38b5e22242af6c76c67dca26e477b8bf8b57f374691a5a,gx-no-cache=1493123540057 HTTP/1.1" 200 30
186.79.197.148 - - [25/Apr/2017:08:34:09 -0300] "GET /cormun/servlet/solicitudotadjuntos?a031f1a778151443db38b5e22242af6c76c67dca26e477b8bf8b57f374691a5a,gx-no-cache=1493123540125 HTTP/1.1" 200 30
186.79.197.148 - - [25/Apr/2017:08:34:13 -0300] "POST /cormun/servlet/solicitudotadjuntos?f1928320394097134b70d5195897c4bf,INS,2017,6206,,1, HTTP/1.1" 200 116
186.79.197.148 - - [25/Apr/2017:08:34:14 -0300] "GET /cormun/servlet/hpexe_return? HTTP/1.1" 200 1025
186.79.197.148 - - [25/Apr/2017:08:34:14 -0300] "GET /cormun/servlet/trsolicitudadjuntos?2017,6206, HTTP/1.1" 200 8237
186.79.197.148 - - [25/Apr/2017:08:34:15 -0300] "GET /cormun/servlet/trsolicitudadjuntos?2017,6206, HTTP/1.1" 200 8236
186.79.197.148 - - [25/Apr/2017:08:34:19 -0300] "GET /cormun/servlet/solicitudotadjuntos?INS,2017,6206,,1, HTTP/1.1" 200 5825
186.79.197.148 - - [25/Apr/2017:08:34:20 -0300] "GET /cormun/static/about:blank HTTP/1.1" 404 1011
186.79.197.148 - - [25/Apr/2017:08:34:20 -0300] "GET /cormun/servlet/solicitudotadjuntos?INS,2017,6206,,1, HTTP/1.1" 200 5819
186.79.197.148 - - [25/Apr/2017:08:34:21 -0300] "GET /cormun/servlet/solicitudotadjuntos?a031f1a778151443db38b5e22242af6c5c26ee478382a1a165309ee5da4077a2b6e34e2ec409f1cc2cb481317c0dd780,gx-no-cache=1493123551686 HTTP/1.1" 200 30
186.79.197.148 - - [25/Apr/2017:08:34:21 -0300] "POST /cormun/servlet/solicitudotadjuntos?f1928320394097134b70d5195897c4bf,INS,2017,6206,,1,,gx-no-cache=1493123551781 HTTP/1.1" 200 3637
186.79.197.148 - - [25/Apr/2017:08:34:25 -0300] "POST /cormun/servlet/solicitudotadjuntos?gx-no-cache=1493123555987 HTTP/1.1" 200 26
192.168.10.13 - - [25/Apr/2017:08:35:02 -0300] "GET / HTTP/1.1" 200 11217
186.79.197.148 - - [25/Apr/2017:08:35:19 -0300] "GET /cormun/servlet/solicitudotadjuntos?a031f1a778151443db38b5e22242af6c76c67dca26e477b8bf8b57f374691a5a,gx-no-cache=1493123609658 HTTP/1.1" 200 30
186.79.197.148 - - [25/Apr/2017:08:35:19 -0300] "GET /cormun/servlet/solicitudotadjuntos?a031f1a778151443db38b5e22242af6c76c67dca26e477b8bf8b57f374691a5a,gx-no-cache=1493123609762 HTTP/1.1" 200 30
186.79.197.148 - - [25/Apr/2017:08:35:25 -0300] "POST /cormun/servlet/solicitudotadjuntos?f1928320394097134b70d5195897c4bf,INS,2017,6206,,1, HTTP/1.1" 200 116
186.79.197.148 - - [25/Apr/2017:08:35:25 -0300] "GET /cormun/servlet/hpexe_return? HTTP/1.1" 200 1025
186.79.197.148 - - [25/Apr/2017:08:35:25 -0300] "GET /cormun/servlet/trsolicitudadjuntos?2017,6206, HTTP/1.1" 200 8407
186.79.197.148 - - [25/Apr/2017:08:35:27 -0300] "GET /cormun/servlet/trsolicitudadjuntos?2017,6206, HTTP/1.1" 200 8405
186.79.197.148 - - [25/Apr/2017:08:35:30 -0300] "GET /cormun/servlet/solicitudotadjuntos?INS,2017,6206,,1, HTTP/1.1" 200 5827
186.79.197.148 - - [25/Apr/2017:08:35:30 -0300] "GET /cormun/static/about:blank HTTP/1.1" 404 1011
186.79.197.148 - - [25/Apr/2017:08:35:31 -0300] "GET /cormun/servlet/solicitudotadjuntos?INS,2017,6206,,1, HTTP/1.1" 200 5821
186.79.197.148 - - [25/Apr/2017:08:35:31 -0300] "GET /cormun/servlet/solicitudotadjuntos?a031f1a778151443db38b5e22242af6c5c26ee478382a1a165309ee5da4077a2b6e34e2ec409f1cc2cb481317c0dd780,gx-no-cache=1493123622055 HTTP/1.1" 200 30
186.79.197.148 - - [25/Apr/2017:08:35:33 -0300] "POST /cormun/servlet/solicitudotadjuntos?f1928320394097134b70d5195897c4bf,INS,2017,6206,,1,,gx-no-cache=1493123622157 HTTP/1.1" 200 3638
186.79.197.148 - - [25/Apr/2017:08:35:37 -0300] "POST /cormun/servlet/solicitudotadjuntos?gx-no-cache=1493123628146 HTTP/1.1" 200 26
192.168.10.89 - - [25/Apr/2017:08:35:39 -0300] "POST /cormun/servlet/trsolicitudgral?958b510dc15bc1f8773472814cdd8abb,,gx-no-cache=1493123409398 HTTP/1.1" 200 5476
186.79.197.148 - - [25/Apr/2017:08:35:42 -0300] "POST /cormun/servlet/solicitudotadjuntos?gx-no-cache=1493123632917 HTTP/1.1" 200 26
192.168.10.89 - - [25/Apr/2017:08:35:45 -0300] "POST /cormun/servlet/trsolicitudgral?958b510dc15bc1f8773472814cdd8abb,,gx-no-cache=1493123415384 HTTP/1.1" 200 13193
186.79.197.148 - - [25/Apr/2017:08:35:58 -0300] "GET /cormun/servlet/solicitudotadjuntos?a031f1a778151443db38b5e22242af6c76c67dca26e477b8bf8b57f374691a5a,gx-no-cache=1493123648343 HTTP/1.1" 200 30
186.79.197.148 - - [25/Apr/2017:08:35:58 -0300] "GET /cormun/servlet/solicitudotadjuntos?a031f1a778151443db38b5e22242af6c76c67dca26e477b8bf8b57f374691a5a,gx-no-cache=1493123648433 HTTP/1.1" 200 30
186.79.197.148 - - [25/Apr/2017:08:36:02 -0300] "POST /cormun/servlet/solicitudotadjuntos?f1928320394097134b70d5195897c4bf,INS,2017,6206,,1, HTTP/1.1" 200 116
186.79.197.148 - - [25/Apr/2017:08:36:02 -0300] "GET /cormun/servlet/hpexe_return? HTTP/1.1" 200 1025
192.168.10.13 - - [25/Apr/2017:08:36:02 -0300] "GET / HTTP/1.1" 200 11217
186.79.197.148 - - [25/Apr/2017:08:36:03 -0300] "GET /cormun/servlet/trsolicitudadjuntos?2017,6206, HTTP/1.1" 200 8561
186.79.197.148 - - [25/Apr/2017:08:36:04 -0300] "GET /cormun/servlet/trsolicitudadjuntos?2017,6206, HTTP/1.1" 200 8558
186.79.197.148 - - [25/Apr/2017:08:36:07 -0300] "GET /cormun/servlet/solicitudotadjuntos?INS,2017,6206,,1, HTTP/1.1" 200 5827
186.79.197.148 - - [25/Apr/2017:08:36:07 -0300] "GET /cormun/static/about:blank HTTP/1.1" 404 1011
186.79.197.148 - - [25/Apr/2017:08:36:08 -0300] "GET /cormun/servlet/solicitudotadjuntos?INS,2017,6206,,1, HTTP/1.1" 200 5821
186.79.197.148 - - [25/Apr/2017:08:36:08 -0300] "GET /cormun/servlet/solicitudotadjuntos?a031f1a778151443db38b5e22242af6c5c26ee478382a1a165309ee5da4077a2b6e34e2ec409f1cc2cb481317c0dd780,gx-no-cache=1493123659153 HTTP/1.1" 200 30
186.79.197.148 - - [25/Apr/2017:08:36:09 -0300] "POST /cormun/servlet/solicitudotadjuntos?f1928320394097134b70d5195897c4bf,INS,2017,6206,,1,,gx-no-cache=1493123659326 HTTP/1.1" 200 3638
186.79.197.148 - - [25/Apr/2017:08:36:13 -0300] "POST /cormun/servlet/solicitudotadjuntos?gx-no-cache=1493123664184 HTTP/1.1" 200 26
186.79.197.148 - - [25/Apr/2017:08:36:36 -0300] "GET /cormun/servlet/solicitudotadjuntos?a031f1a778151443db38b5e22242af6c76c67dca26e477b8bf8b57f374691a5a,gx-no-cache=1493123686805 HTTP/1.1" 200 30
186.79.197.148 - - [25/Apr/2017:08:36:37 -0300] "GET /cormun/servlet/solicitudotadjuntos?a031f1a778151443db38b5e22242af6c76c67dca26e477b8bf8b57f374691a5a,gx-no-cache=1493123687240 HTTP/1.1" 200 30
186.79.197.148 - - [25/Apr/2017:08:36:41 -0300] "POST /cormun/servlet/solicitudotadjuntos?f1928320394097134b70d5195897c4bf,INS,2017,6206,,1, HTTP/1.1" 200 116
186.79.197.148 - - [25/Apr/2017:08:36:41 -0300] "GET /cormun/servlet/hpexe_return? HTTP/1.1" 200 1025
186.79.197.148 - - [25/Apr/2017:08:36:42 -0300] "GET /cormun/servlet/trsolicitudadjuntos?2017,6206, HTTP/1.1" 200 8731
186.79.197.148 - - [25/Apr/2017:08:36:43 -0300] "GET /cormun/servlet/trsolicitudadjuntos?2017,6206, HTTP/1.1" 200 8728
186.79.197.148 - - [25/Apr/2017:08:36:45 -0300] "GET /cormun/servlet/solicitudotadjuntos?INS,2017,6206,,1, HTTP/1.1" 200 5826
186.79.197.148 - - [25/Apr/2017:08:36:45 -0300] "GET /cormun/static/about:blank HTTP/1.1" 404 1011
186.79.197.148 - - [25/Apr/2017:08:36:46 -0300] "GET /cormun/servlet/solicitudotadjuntos?INS,2017,6206,,1, HTTP/1.1" 200 5820
186.79.197.148 - - [25/Apr/2017:08:36:47 -0300] "GET /cormun/servlet/solicitudotadjuntos?a031f1a778151443db38b5e22242af6c5c26ee478382a1a165309ee5da4077a2b6e34e2ec409f1cc2cb481317c0dd780,gx-no-cache=1493123697405 HTTP/1.1" 200 30
186.79.197.148 - - [25/Apr/2017:08:36:47 -0300] "POST /cormun/servlet/solicitudotadjuntos?f1928320394097134b70d5195897c4bf,INS,2017,6206,,1,,gx-no-cache=1493123697509 HTTP/1.1" 200 3638
186.79.197.148 - - [25/Apr/2017:08:36:52 -0300] "POST /cormun/servlet/solicitudotadjuntos?gx-no-cache=1493123702632 HTTP/1.1" 200 26
192.168.10.13 - - [25/Apr/2017:08:37:02 -0300] "GET / HTTP/1.1" 200 11217
186.79.197.148 - - [25/Apr/2017:08:37:03 -0300] "GET /cormun/servlet/solicitudotadjuntos?a031f1a778151443db38b5e22242af6c76c67dca26e477b8bf8b57f374691a5a,gx-no-cache=1493123713409 HTTP/1.1" 200 30
186.79.197.148 - - [25/Apr/2017:08:37:03 -0300] "GET /cormun/servlet/solicitudotadjuntos?a031f1a778151443db38b5e22242af6c76c67dca26e477b8bf8b57f374691a5a,gx-no-cache=1493123713610 HTTP/1.1" 200 30
186.79.197.148 - - [25/Apr/2017:08:37:07 -0300] "POST /cormun/servlet/solicitudotadjuntos?f1928320394097134b70d5195897c4bf,INS,2017,6206,,1, HTTP/1.1" 200 116
186.79.197.148 - - [25/Apr/2017:08:37:07 -0300] "GET /cormun/servlet/hpexe_return? HTTP/1.1" 200 1025
186.79.197.148 - - [25/Apr/2017:08:37:07 -0300] "GET /cormun/servlet/trsolicitudadjuntos?2017,6206, HTTP/1.1" 200 8965
186.79.197.148 - - [25/Apr/2017:08:37:09 -0300] "GET /cormun/servlet/trsolicitudadjuntos?2017,6206, HTTP/1.1" 200 8965
186.79.197.148 - - [25/Apr/2017:08:37:11 -0300] "GET /cormun/servlet/solicitudotadjuntos?INS,2017,6206,,2, HTTP/1.1" 200 5823
186.79.197.148 - - [25/Apr/2017:08:37:11 -0300] "GET /cormun/static/about:blank HTTP/1.1" 404 1011
186.79.197.148 - - [25/Apr/2017:08:37:12 -0300] "GET /cormun/servlet/solicitudotadjuntos?INS,2017,6206,,2, HTTP/1.1" 200 5817
186.79.197.148 - - [25/Apr/2017:08:37:13 -0300] "GET /cormun/servlet/solicitudotadjuntos?a031f1a778151443db38b5e22242af6c5c26ee478382a1a165309ee5da4077a2b6e34e2ec409f1cc2cb481317c0dd780,gx-no-cache=1493123723564 HTTP/1.1" 200 30
186.79.197.148 - - [25/Apr/2017:08:37:13 -0300] "POST /cormun/servlet/solicitudotadjuntos?f1928320394097134b70d5195897c4bf,INS,2017,6206,,2,,gx-no-cache=1493123723642 HTTP/1.1" 200 3850
186.79.197.148 - - [25/Apr/2017:08:37:29 -0300] "POST /cormun/servlet/solicitudotadjuntos?gx-no-cache=1493123739861 HTTP/1.1" 200 26
186.79.197.148 - - [25/Apr/2017:08:37:31 -0300] "GET /cormun/servlet/solicitudotadjuntos?a031f1a778151443db38b5e22242af6c76c67dca26e477b8bf8b57f374691a5a,gx-no-cache=1493123741508 HTTP/1.1" 200 30
186.79.197.148 - - [25/Apr/2017:08:37:31 -0300] "GET /cormun/servlet/solicitudotadjuntos?a031f1a778151443db38b5e22242af6c76c67dca26e477b8bf8b57f374691a5a,gx-no-cache=1493123741644 HTTP/1.1" 200 30
186.79.197.148 - - [25/Apr/2017:08:37:31 -0300] "POST /cormun/servlet/solicitudotadjuntos?f1928320394097134b70d5195897c4bf,INS,2017,6206,,2,,gx-no-cache=1493123741803 HTTP/1.1" 200 93
186.79.197.148 - - [25/Apr/2017:08:37:31 -0300] "GET /cormun/servlet/hpexe_return? HTTP/1.1" 200 1025
186.79.197.148 - - [25/Apr/2017:08:37:32 -0300] "GET /cormun/servlet/trsolicitudadjuntos?2017,6206, HTTP/1.1" 200 9131
186.79.197.148 - - [25/Apr/2017:08:37:33 -0300] "GET /cormun/servlet/trsolicitudadjuntos?2017,6206, HTTP/1.1" 200 9126
192.168.10.13 - - [25/Apr/2017:08:38:02 -0300] "GET / HTTP/1.1" 200 11217
186.103.157.39 - - [25/Apr/2017:08:38:12 -0300] "GET /cormun/servlet/hlogin HTTP/1.1" 200 1720
186.103.157.39 - - [25/Apr/2017:08:38:24 -0300] "POST /cormun/servlet/hlogin?38803aff71531cb52334b379e86271e3,gx-no-cache=1493120366992 HTTP/1.1" 200 421
186.103.157.39 - - [25/Apr/2017:08:38:30 -0300] "POST /cormun/servlet/hlogin?38803aff71531cb52334b379e86271e3,gx-no-cache=1493120372431 HTTP/1.1" 200 90
186.103.157.39 - - [25/Apr/2017:08:38:30 -0300] "GET /cormun/servlet/hpexe_link HTTP/1.1" 200 949
186.103.157.39 - - [25/Apr/2017:08:38:30 -0300] "GET /cormun/servlet/hhome HTTP/1.1" 200 3757
186.103.157.39 - - [25/Apr/2017:08:38:31 -0300] "GET /cormun/servlet/hhome HTTP/1.1" 200 3754
186.103.157.39 - - [25/Apr/2017:08:38:36 -0300] "GET /cormun/servlet/trlicencias? HTTP/1.1" 200 6593
186.103.157.39 - - [25/Apr/2017:08:38:37 -0300] "GET /cormun/servlet/trlicencias? HTTP/1.1" 200 6592
186.103.157.39 - - [25/Apr/2017:08:38:42 -0300] "GET /cormun/servlet/licenciaspermisos?INS,0,,, HTTP/1.1" 200 7141
186.103.157.39 - - [25/Apr/2017:08:38:42 -0300] "GET /cormun/servlet/licenciaspermisos?INS,0,,, HTTP/1.1" 200 7141
192.168.10.13 - - [25/Apr/2017:08:39:02 -0300] "GET / HTTP/1.1" 200 11217
186.103.157.39 - - [25/Apr/2017:08:39:11 -0300] "GET /cormun/servlet/licenciaspermisos?1a50b6befd8652589666265d4153ac69928ce658a42cf9523f172e660b9bfddefd3e2574445b00475f9da974c240f6bb,gx-no-cache=1493120414254 HTTP/1.1" 200 64
186.103.157.39 - - [25/Apr/2017:08:39:12 -0300] "POST /cormun/servlet/licenciaspermisos?38803aff71531cb52334b379e86271e3,INS,0,,,,gx-no-cache=1493120414393 HTTP/1.1" 200 4418
186.103.157.39 - - [25/Apr/2017:08:39:31 -0300] "GET /cormun/static/menuarrow.gif HTTP/1.1" 404 1015
192.168.10.13 - - [25/Apr/2017:08:40:02 -0300] "GET / HTTP/1.1" 200 11217
192.168.10.13 - - [25/Apr/2017:08:41:02 -0300] "GET / HTTP/1.1" 200 11217
186.79.248.7 - - [25/Apr/2017:08:41:30 -0300] "GET /cormun/servlet/hhome HTTP/1.1" 200 3329
186.79.248.7 - - [25/Apr/2017:08:41:31 -0300] "GET /cormun/servlet/hhome HTTP/1.1" 200 3338
186.79.248.7 - - [25/Apr/2017:08:41:31 -0300] "GET /cormun/servlet/hlogin HTTP/1.1" 200 1738
186.79.248.7 - - [25/Apr/2017:08:41:53 -0300] "POST /cormun/servlet/hlogin?b9e8a6c3d451e7d84fa7376c256334e0,gx-no-cache=1493120576545 HTTP/1.1" 200 90
186.79.248.7 - - [25/Apr/2017:08:41:53 -0300] "GET /cormun/servlet/hpexe_link HTTP/1.1" 200 956
186.79.248.7 - - [25/Apr/2017:08:41:54 -0300] "GET /cormun/servlet/hhome HTTP/1.1" 200 3743
186.79.248.7 - - [25/Apr/2017:08:41:54 -0300] "GET /cormun/servlet/hhome HTTP/1.1" 200 3740
186.79.248.7 - - [25/Apr/2017:08:42:02 -0300] "GET /cormun/servlet/trpermisosgoce? HTTP/1.1" 200 6510
192.168.10.13 - - [25/Apr/2017:08:42:02 -0300] "GET / HTTP/1.1" 200 11217
186.79.248.7 - - [25/Apr/2017:08:42:03 -0300] "GET /cormun/servlet/trpermisosgoce? HTTP/1.1" 200 6509
186.79.197.148 - - [25/Apr/2017:08:42:17 -0300] "GET /cormun/servlet/solicitudotadjuntos?DLT,2017,6206,FOTO,0, HTTP/1.1" 200 5719
186.79.197.148 - - [25/Apr/2017:08:42:17 -0300] "GET /cormun/static/about:blank HTTP/1.1" 404 1011
186.79.197.148 - - [25/Apr/2017:08:42:19 -0300] "GET /cormun/static/Shared/jqueryui/images/ui-bg_highlight-soft_100_c6c2c8_1x100.png HTTP/1.1" 404 1117
186.79.197.148 - - [25/Apr/2017:08:42:19 -0300] "GET /cormun/static/Shared/jqueryui/images/ui-bg_flat_55_fafafa_40x100.png HTTP/1.1" 404 1097
186.79.197.148 - - [25/Apr/2017:08:42:19 -0300] "GET /cormun/static/Shared/jqueryui/images/ui-icons_8d78a5_256x240.png HTTP/1.1" 404 1089
186.79.197.148 - - [25/Apr/2017:08:42:19 -0300] "GET /cormun/static/Shared/jqueryui/images/ui-icons_82798d_256x240.png HTTP/1.1" 404 1089
186.79.197.148 - - [25/Apr/2017:08:42:19 -0300] "GET /cormun/servlet/solicitudotadjuntos?DLT,2017,6206,FOTO,0, HTTP/1.1" 200 5713
186.79.197.148 - - [25/Apr/2017:08:42:22 -0300] "POST /cormun/servlet/solicitudotadjuntos?f1928320394097134b70d5195897c4bf,DLT,2017,6206,FOTO,0,,gx-no-cache=1493124032417 HTTP/1.1" 200 93
186.79.197.148 - - [25/Apr/2017:08:42:22 -0300] "GET /cormun/servlet/hpexe_return? HTTP/1.1" 200 1029
186.79.197.148 - - [25/Apr/2017:08:42:23 -0300] "GET /cormun/servlet/trsolicitudadjuntos?2017,6206, HTTP/1.1" 200 8967
186.79.197.148 - - [25/Apr/2017:08:42:24 -0300] "GET /cormun/servlet/trsolicitudadjuntos?2017,6206, HTTP/1.1" 200 8965
186.103.159.188 - - [25/Apr/2017:08:42:26 -0300] "GET /cormun/servlet/hlogin HTTP/1.1" 200 1717
186.79.197.148 - - [25/Apr/2017:08:42:26 -0300] "GET /cormun/servlet/solicitudotadjuntos?INS,2017,6206,,2, HTTP/1.1" 200 5821
186.79.197.148 - - [25/Apr/2017:08:42:27 -0300] "GET /cormun/static/about:blank HTTP/1.1" 404 1011
186.79.197.148 - - [25/Apr/2017:08:42:28 -0300] "GET /cormun/servlet/solicitudotadjuntos?INS,2017,6206,,2, HTTP/1.1" 200 5815
186.79.197.148 - - [25/Apr/2017:08:42:28 -0300] "GET /cormun/servlet/solicitudotadjuntos?a031f1a778151443db38b5e22242af6c5c26ee478382a1a165309ee5da4077a2b6e34e2ec409f1cc2cb481317c0dd780,gx-no-cache=1493124038828 HTTP/1.1" 200 30
186.79.197.148 - - [25/Apr/2017:08:42:29 -0300] "POST /cormun/servlet/solicitudotadjuntos?f1928320394097134b70d5195897c4bf,INS,2017,6206,,2,,gx-no-cache=1493124039018 HTTP/1.1" 200 3849
186.79.197.148 - - [25/Apr/2017:08:42:32 -0300] "POST /cormun/servlet/solicitudotadjuntos?gx-no-cache=1493124042288 HTTP/1.1" 200 26
186.79.197.148 - - [25/Apr/2017:08:42:38 -0300] "GET /cormun/servlet/solicitudotadjuntos?a031f1a778151443db38b5e22242af6c76c67dca26e477b8bf8b57f374691a5a,gx-no-cache=1493124049146 HTTP/1.1" 200 30
186.103.159.188 - - [25/Apr/2017:08:42:39 -0300] "POST /cormun/servlet/hlogin?b9b2d7cef1b6de324ffa73afb2c8dced,gx-no-cache=1493120622009 HTTP/1.1" 200 90
186.79.197.148 - - [25/Apr/2017:08:42:39 -0300] "GET /cormun/servlet/solicitudotadjuntos?a031f1a778151443db38b5e22242af6c76c67dca26e477b8bf8b57f374691a5a,gx-no-cache=1493124049225 HTTP/1.1" 200 30
186.103.159.188 - - [25/Apr/2017:08:42:39 -0300] "GET /cormun/servlet/hpexe_link HTTP/1.1" 200 945
186.103.159.188 - - [25/Apr/2017:08:42:39 -0300] "GET /cormun/static/gxcfg.js?201731711483381 HTTP/1.1" 200 953
186.103.159.188 - - [25/Apr/2017:08:42:39 -0300] "GET /cormun/static/hpexe_link.js?201731711483384 HTTP/1.1" 200 625
186.103.159.188 - - [25/Apr/2017:08:42:39 -0300] "GET /cormun/servlet/hhome HTTP/1.1" 200 3929
186.103.159.188 - - [25/Apr/2017:08:42:39 -0300] "GET /cormun/static/gxcfg.js?201731711483497 HTTP/1.1" 200 953
186.103.159.188 - - [25/Apr/2017:08:42:39 -0300] "GET /cormun/static/hhome.js?20173171148352 HTTP/1.1" 200 777
186.103.159.188 - - [25/Apr/2017:08:42:39 -0300] "GET /cormun/servlet/hhome HTTP/1.1" 200 3925
186.103.159.188 - - [25/Apr/2017:08:42:39 -0300] "GET /cormun/static/SmoothNavMenu/resources/images/down.gif HTTP/1.1" 200 854
186.103.159.188 - - [25/Apr/2017:08:42:39 -0300] "GET /cormun/static/SmoothNavMenu/resources/images/right.gif HTTP/1.1" 200 860
186.79.197.148 - - [25/Apr/2017:08:42:41 -0300] "POST /cormun/servlet/solicitudotadjuntos?f1928320394097134b70d5195897c4bf,INS,2017,6206,,2, HTTP/1.1" 200 116
186.79.197.148 - - [25/Apr/2017:08:42:41 -0300] "GET /cormun/servlet/hpexe_return? HTTP/1.1" 200 1025
186.79.197.148 - - [25/Apr/2017:08:42:42 -0300] "GET /cormun/servlet/trsolicitudadjuntos?2017,6206, HTTP/1.1" 200 9183
186.79.197.148 - - [25/Apr/2017:08:42:43 -0300] "GET /cormun/servlet/trsolicitudadjuntos?2017,6206, HTTP/1.1" 200 9182
186.103.159.188 - - [25/Apr/2017:08:42:45 -0300] "GET /cormun/servlet/trautorizarpermisogoce? HTTP/1.1" 200 7481
186.103.159.188 - - [25/Apr/2017:08:42:45 -0300] "GET /cormun/static/gxcfg.js?20174111145711 HTTP/1.1" 200 953
186.103.159.188 - - [25/Apr/2017:08:42:45 -0300] "GET /cormun/static/trautorizarpermisogoce.js?201741111451072 HTTP/1.1" 200 32073
186.103.159.188 - - [25/Apr/2017:08:42:46 -0300] "GET /cormun//static/Resources/PXTools/ActionInsert.png HTTP/1.1" 200 1482
186.103.159.188 - - [25/Apr/2017:08:42:46 -0300] "GET /cormun//static/Resources/PXToolsGridDisplay.png HTTP/1.1" 200 362
186.103.159.188 - - [25/Apr/2017:08:42:46 -0300] "GET /cormun/servlet/trautorizarpermisogoce? HTTP/1.1" 200 7480
186.103.159.188 - - [25/Apr/2017:08:42:46 -0300] "GET /cormun//static/Resources/PXToolsHeaderHelp.png HTTP/1.1" 200 4055
200.86.10.241 - - [25/Apr/2017:08:42:46 -0300] "GET /cormun//static/Resources/PXToolsActionPrint.png HTTP/1.1" 200 3317
200.86.10.241 - - [25/Apr/2017:08:42:46 -0300] "GET /cormun//static/Resources/PXToolsHeaderFavorites.png HTTP/1.1" 200 2744
200.86.10.241 - - [25/Apr/2017:08:42:46 -0300] "GET /cormun//static/Resources/PXToolsGridDelete.png HTTP/1.1" 200 357
186.79.197.148 - - [25/Apr/2017:08:42:46 -0300] "GET /cormun/servlet/solicitudotadjuntos?INS,2017,6206,,2, HTTP/1.1" 200 5823
186.79.197.148 - - [25/Apr/2017:08:42:46 -0300] "GET /cormun/static/about:blank HTTP/1.1" 404 1011
186.79.197.148 - - [25/Apr/2017:08:42:47 -0300] "GET /cormun/servlet/solicitudotadjuntos?INS,2017,6206,,2, HTTP/1.1" 200 5817
186.79.197.148 - - [25/Apr/2017:08:42:48 -0300] "GET /cormun/servlet/solicitudotadjuntos?a031f1a778151443db38b5e22242af6c5c26ee478382a1a165309ee5da4077a2b6e34e2ec409f1cc2cb481317c0dd780,gx-no-cache=1493124058292 HTTP/1.1" 200 30
186.79.197.148 - - [25/Apr/2017:08:42:48 -0300] "POST /cormun/servlet/solicitudotadjuntos?f1928320394097134b70d5195897c4bf,INS,2017,6206,,2,,gx-no-cache=1493124058370 HTTP/1.1" 200 3849
186.103.159.46 - - [25/Apr/2017:08:42:52 -0300] "GET /cormun/servlet/hhome HTTP/1.1" 200 3324
186.103.159.46 - - [25/Apr/2017:08:42:54 -0300] "GET /cormun/servlet/hhome HTTP/1.1" 200 3334
186.103.159.46 - - [25/Apr/2017:08:42:54 -0300] "GET /cormun/servlet/hlogin HTTP/1.1" 200 1734
186.79.197.148 - - [25/Apr/2017:08:42:55 -0300] "POST /cormun/servlet/solicitudotadjuntos?gx-no-cache=1493124065551 HTTP/1.1" 200 26
192.168.10.13 - - [25/Apr/2017:08:43:02 -0300] "GET / HTTP/1.1" 200 11217
186.79.197.148 - - [25/Apr/2017:08:43:07 -0300] "GET /cormun/servlet/solicitudotadjuntos?a031f1a778151443db38b5e22242af6c76c67dca26e477b8bf8b57f374691a5a,gx-no-cache=1493124077181 HTTP/1.1" 200 30
186.79.197.148 - - [25/Apr/2017:08:43:07 -0300] "GET /cormun/servlet/solicitudotadjuntos?a031f1a778151443db38b5e22242af6c76c67dca26e477b8bf8b57f374691a5a,gx-no-cache=1493124077292 HTTP/1.1" 200 30
186.103.159.188 - - [25/Apr/2017:08:43:08 -0300] "POST /cormun/servlet/trautorizarpermisogoce?b9b2d7cef1b6de324ffa73afb2c8dced,,gx-no-cache=1493120651385 HTTP/1.1" 200 4163
186.103.159.188 - - [25/Apr/2017:08:43:08 -0300] "GET /cormun/static/Shared/jqueryui/images/ui-bg_highlight-soft_100_c6c2c8_1x100.png HTTP/1.1" 404 1117
186.103.159.188 - - [25/Apr/2017:08:43:08 -0300] "GET /cormun/static/Shared/jqueryui/images/ui-icons_82798d_256x240.png HTTP/1.1" 404 1089
186.103.159.188 - - [25/Apr/2017:08:43:08 -0300] "GET /cormun/static/Shared/jqueryui/images/ui-bg_flat_55_fafafa_40x100.png HTTP/1.1" 404 1097
200.86.10.241 - - [25/Apr/2017:08:43:08 -0300] "GET /cormun/static/Shared/jqueryui/images/ui-icons_8d78a5_256x240.png HTTP/1.1" 404 1089
186.79.248.7 - - [25/Apr/2017:08:43:10 -0300] "GET /cormun/servlet/permisogoce?INS,0,,, HTTP/1.1" 200 6531
186.79.197.148 - - [25/Apr/2017:08:43:11 -0300] "POST /cormun/servlet/solicitudotadjuntos?f1928320394097134b70d5195897c4bf,INS,2017,6206,,2, HTTP/1.1" 200 116
186.79.197.148 - - [25/Apr/2017:08:43:11 -0300] "GET /cormun/servlet/hpexe_return? HTTP/1.1" 200 1025
186.79.248.7 - - [25/Apr/2017:08:43:11 -0300] "GET /cormun/servlet/permisogoce?INS,0,,, HTTP/1.1" 200 6531
186.79.197.148 - - [25/Apr/2017:08:43:11 -0300] "GET /cormun/servlet/trsolicitudadjuntos?2017,6206, HTTP/1.1" 200 9303
186.79.197.148 - - [25/Apr/2017:08:43:13 -0300] "GET /cormun/servlet/trsolicitudadjuntos?2017,6206, HTTP/1.1" 200 9302
186.79.197.148 - - [25/Apr/2017:08:43:15 -0300] "GET /cormun/servlet/solicitudotadjuntos?INS,2017,6206,,2, HTTP/1.1" 200 5823
186.79.197.148 - - [25/Apr/2017:08:43:15 -0300] "GET /cormun/static/about:blank HTTP/1.1" 404 1011
186.79.197.148 - - [25/Apr/2017:08:43:16 -0300] "GET /cormun/servlet/solicitudotadjuntos?INS,2017,6206,,2, HTTP/1.1" 200 5817
186.79.197.148 - - [25/Apr/2017:08:43:17 -0300] "GET /cormun/servlet/solicitudotadjuntos?a031f1a778151443db38b5e22242af6c5c26ee478382a1a165309ee5da4077a2b6e34e2ec409f1cc2cb481317c0dd780,gx-no-cache=1493124087293 HTTP/1.1" 200 30
186.79.197.148 - - [25/Apr/2017:08:43:17 -0300] "POST /cormun/servlet/solicitudotadjuntos?f1928320394097134b70d5195897c4bf,INS,2017,6206,,2,,gx-no-cache=1493124087396 HTTP/1.1" 200 3849
186.79.248.7 - - [25/Apr/2017:08:43:25 -0300] "GET /cormun/servlet/permisogoce?9521674f29dac84e46dd91c551e26e2e83283bae1b9861c7ab1da46fc5f8fa0d85ad805629dd248ddab42819fb81b82a,gx-no-cache=1493120668134 HTTP/1.1" 200 71
186.103.159.46 - - [25/Apr/2017:08:43:32 -0300] "POST /cormun/servlet/hlogin?e5e393d9a4ecc4574d394081d5bf9c1e,gx-no-cache=1493120674614 HTTP/1.1" 200 90
186.103.159.46 - - [25/Apr/2017:08:43:32 -0300] "GET /cormun/servlet/hpexe_link HTTP/1.1" 200 954
186.103.159.46 - - [25/Apr/2017:08:43:32 -0300] "GET /cormun/servlet/hhome HTTP/1.1" 200 3782
186.79.197.148 - - [25/Apr/2017:08:43:33 -0300] "POST /cormun/servlet/solicitudotadjuntos?gx-no-cache=1493124103750 HTTP/1.1" 200 26
186.103.159.46 - - [25/Apr/2017:08:43:34 -0300] "GET /cormun/servlet/hhome HTTP/1.1" 200 3781
186.79.248.7 - - [25/Apr/2017:08:43:34 -0300] "GET /cormun/servlet/permisogoce?9521674f29dac84e46dd91c551e26e2e054278188b9b1e165d500e29cbdcccec1cc60c93d7055e85aaad8daaf4e290a1312942529606b4a773d4cf9e61d5af3a,gx-no-cache=1493120677901 HTTP/1.1" 200 47
186.103.157.39 - - [25/Apr/2017:08:43:41 -0300] "GET /cormun/servlet/licenciaspermisos?1a50b6befd8652589666265d4153ac69cb3733998fec659a58f6c59778e7d929b12814a840d0f43d86c29bcdaf855e30ec562b100c0ea98d20f07942f89eea225deb11e15d71a63eea5736f0ff1eeac5bb72fcb8a56972c57e374bdcc501059c74cfe28df2a9a5ec8936484ba0f927b1327d7e49fc11ed9ec0233462d0d2b45e25d212b632ab0c5990759e257659c97a7e4ee46df4d01e2cc3877a1c6284814208a03d7dffdffda38dd43c287cd1b356,gx-no-cache=1493120683844 HTTP/1.1" 200 30
186.103.157.39 - - [25/Apr/2017:08:43:41 -0300] "GET /cormun/servlet/licenciaspermisos?1a50b6befd8652589666265d4153ac69c6831950aa845a505aabbe101fc4efe02485180e8e7102f50ade849d31ba6f6103da3500548a2dd8813a4b4f67276d23e851cc56d5b709812e5158b84628958ee1462d46718946e8b5dda61be5933b8ceaf51bfe46e34cab788701589eed226026c821b1eada1876a06a8e745e4b03b18e887a2438a31f0d740ba3bea971d094f72c09b3217af155a1a44e9a0b93dfa3aef76de97d61097573f945eecf8fc674,gx-no-cache=1493120684112 HTTP/1.1" 200 29
186.103.157.39 - - [25/Apr/2017:08:43:42 -0300] "POST /cormun/servlet/licenciaspermisos?38803aff71531cb52334b379e86271e3,INS,0,,,,gx-no-cache=1493120684219 HTTP/1.1" 200 93
186.103.157.39 - - [25/Apr/2017:08:43:42 -0300] "GET /cormun/servlet/hpexe_return? HTTP/1.1" 200 1009
186.103.157.39 - - [25/Apr/2017:08:43:42 -0300] "GET /cormun/servlet/trlicencias HTTP/1.1" 200 7744
186.103.157.39 - - [25/Apr/2017:08:43:43 -0300] "GET /cormun/servlet/trlicencias HTTP/1.1" 200 7740
186.103.157.39 - - [25/Apr/2017:08:43:47 -0300] "GET /cormun/servlet/trlicenciaspermisosadjuntos?17129605,20170425000000,L, HTTP/1.1" 200 6105
186.79.248.7 - - [25/Apr/2017:08:43:48 -0300] "POST /cormun/servlet/permisogoce?b9e8a6c3d451e7d84fa7376c256334e0,INS,0,,,,gx-no-cache=1493120690572 HTTP/1.1" 200 93
186.79.248.7 - - [25/Apr/2017:08:43:48 -0300] "GET /cormun/servlet/hpexe_return? HTTP/1.1" 200 1014
186.79.248.7 - - [25/Apr/2017:08:43:48 -0300] "GET /cormun/servlet/trpermisosgoce HTTP/1.1" 200 7369
186.103.157.39 - - [25/Apr/2017:08:43:48 -0300] "GET /cormun/servlet/trlicenciaspermisosadjuntos?17129605,20170425000000,L, HTTP/1.1" 200 6105
186.79.248.7 - - [25/Apr/2017:08:43:49 -0300] "GET /cormun/servlet/trpermisosgoce HTTP/1.1" 200 7365
186.103.157.39 - - [25/Apr/2017:08:43:52 -0300] "GET /cormun/servlet/licenciaspermisosadjuntos?INS,17129605,L,20170425000000,, HTTP/1.1" 200 5405
186.103.157.39 - - [25/Apr/2017:08:43:52 -0300] "GET /cormun/static/about:blank HTTP/1.1" 404 1011
186.103.157.39 - - [25/Apr/2017:08:43:52 -0300] "GET /cormun/servlet/licenciaspermisosadjuntos?INS,17129605,L,20170425000000,, HTTP/1.1" 200 5394
186.79.248.7 - - [25/Apr/2017:08:44:01 -0300] "GET /cormun/servlet/apermisogoceprn?7920818,P,20170425093818,PU HTTP/1.1" 200 1657
192.168.10.13 - - [25/Apr/2017:08:44:02 -0300] "GET / HTTP/1.1" 200 11217
186.103.157.39 - - [25/Apr/2017:08:44:13 -0300] "POST /cormun/servlet/licenciaspermisosadjuntos?38803aff71531cb52334b379e86271e3,INS,17129605,L,20170425000000,, HTTP/1.1" 200 116
186.103.157.39 - - [25/Apr/2017:08:44:13 -0300] "GET /cormun/servlet/hpexe_return? HTTP/1.1" 200 1039
186.103.157.39 - - [25/Apr/2017:08:44:13 -0300] "GET /cormun/servlet/trlicenciaspermisosadjuntos?17129605,20170425000000,L, HTTP/1.1" 200 6574
186.103.157.39 - - [25/Apr/2017:08:44:14 -0300] "GET /cormun/servlet/trlicenciaspermisosadjuntos?17129605,20170425000000,L, HTTP/1.1" 200 6570
186.103.157.39 - - [25/Apr/2017:08:44:15 -0300] "GET /cormun/PublicTempStorage/fabian8266396.jpg HTTP/1.1" 200 604065
186.103.157.39 - - [25/Apr/2017:08:44:19 -0300] "GET /cormun/servlet/trlicencias? HTTP/1.1" 200 7741
186.103.157.39 - - [25/Apr/2017:08:44:20 -0300] "GET /cormun/servlet/trlicencias? HTTP/1.1" 200 7740
200.86.184.230 - - [25/Apr/2017:08:44:22 -0300] "GET /cormun/servlet/trsolicitudot HTTP/1.1" 200 6060
200.86.184.230 - - [25/Apr/2017:08:44:24 -0300] "GET /cormun/servlet/trsolicitudot HTTP/1.1" 200 6070
200.86.184.230 - - [25/Apr/2017:08:44:24 -0300] "GET /cormun/servlet/hlogin HTTP/1.1" 200 1734
186.103.157.39 - - [25/Apr/2017:08:44:24 -0300] "GET /cormun/servlet/alicenciaprn?17129605,L,20170425000000,PU HTTP/1.1" 200 1539
200.86.184.230 - - [25/Apr/2017:08:44:34 -0300] "POST /cormun/servlet/hlogin?c246b6c01c8cce6b1d935de68276bd16,gx-no-cache=1493120743927 HTTP/1.1" 200 90
200.86.184.230 - - [25/Apr/2017:08:44:35 -0300] "GET /cormun/servlet/hpexe_link HTTP/1.1" 200 953
200.86.184.230 - - [25/Apr/2017:08:44:35 -0300] "GET /cormun/servlet/trsolicitudot HTTP/1.1" 200 6754
200.86.184.230 - - [25/Apr/2017:08:44:35 -0300] "GET /cormun/servlet/trsolicitudot HTTP/1.1" 200 6752
200.86.184.230 - - [25/Apr/2017:08:44:50 -0300] "GET /cormun/servlet/trautorizarpermisogoce? HTTP/1.1" 200 6689
200.86.184.230 - - [25/Apr/2017:08:44:51 -0300] "GET /cormun/servlet/trautorizarpermisogoce? HTTP/1.1" 200 6689
192.168.10.13 - - [25/Apr/2017:08:45:02 -0300] "GET / HTTP/1.1" 200 11217
200.86.184.230 - - [25/Apr/2017:08:45:05 -0300] "POST /cormun/servlet/trautorizarpermisogoce?c246b6c01c8cce6b1d935de68276bd16,,gx-no-cache=1493120774900 HTTP/1.1" 200 4064
200.86.184.230 - - [25/Apr/2017:08:45:07 -0300] "POST /cormun/servlet/trautorizarpermisogoce?c246b6c01c8cce6b1d935de68276bd16,,gx-no-cache=1493120776184 HTTP/1.1" 200 4066
200.86.184.230 - - [25/Apr/2017:08:45:12 -0300] "POST /cormun/servlet/trautorizarpermisogoce?c246b6c01c8cce6b1d935de68276bd16,,gx-no-cache=1493120781644 HTTP/1.1" 200 4066
200.86.184.230 - - [25/Apr/2017:08:45:13 -0300] "POST /cormun/servlet/trautorizarpermisogoce?c246b6c01c8cce6b1d935de68276bd16,,gx-no-cache=1493120782602 HTTP/1.1" 200 4064
186.79.248.7 - - [25/Apr/2017:08:45:30 -0300] "POST /cormun/servlet/trpermisosgoce?b9e8a6c3d451e7d84fa7376c256334e0,gx-no-cache=1493120793432 HTTP/1.1" 200 4005
186.79.248.7 - - [25/Apr/2017:08:45:31 -0300] "GET /cormun/static/Shared/jqueryui/images/ui-bg_highlight-soft_100_c6c2c8_1x100.png HTTP/1.1" 404 1117
186.79.248.7 - - [25/Apr/2017:08:45:31 -0300] "GET /cormun/static/Shared/jqueryui/images/ui-icons_82798d_256x240.png HTTP/1.1" 404 1089
186.79.248.7 - - [25/Apr/2017:08:45:31 -0300] "GET /cormun/static/Shared/jqueryui/images/ui-bg_flat_55_fafafa_40x100.png HTTP/1.1" 404 1097
186.79.248.7 - - [25/Apr/2017:08:45:31 -0300] "GET /cormun/static/Shared/jqueryui/images/ui-icons_8d78a5_256x240.png HTTP/1.1" 404 1089
186.103.157.39 - - [25/Apr/2017:08:45:51 -0300] "POST /cormun/servlet/trlicencias?38803aff71531cb52334b379e86271e3,,gx-no-cache=1493120813316 HTTP/1.1" 200 4026
186.103.157.39 - - [25/Apr/2017:08:45:51 -0300] "GET /cormun/static/Shared/jqueryui/images/ui-icons_82798d_256x240.png HTTP/1.1" 404 1089
186.103.157.39 - - [25/Apr/2017:08:45:51 -0300] "GET /cormun/static/Shared/jqueryui/images/ui-bg_highlight-soft_100_c6c2c8_1x100.png HTTP/1.1" 404 1117
186.103.157.39 - - [25/Apr/2017:08:45:51 -0300] "GET /cormun/static/Shared/jqueryui/images/ui-icons_8d78a5_256x240.png HTTP/1.1" 404 1089
186.103.157.39 - - [25/Apr/2017:08:45:51 -0300] "GET /cormun/static/Shared/jqueryui/images/ui-bg_flat_55_fafafa_40x100.png HTTP/1.1" 404 1097
186.103.157.39 - - [25/Apr/2017:08:45:53 -0300] "GET /cormun/static/Shared/jqueryui/images/ui-bg_highlight-soft_100_eae6ea_1x100.png HTTP/1.1" 404 1117
186.79.197.148 - - [25/Apr/2017:08:46:00 -0300] "GET /cormun/servlet/solicitudotadjuntos?a031f1a778151443db38b5e22242af6c76c67dca26e477b8bf8b57f374691a5a,gx-no-cache=1493124250368 HTTP/1.1" 200 30
186.79.197.148 - - [25/Apr/2017:08:46:00 -0300] "GET /cormun/servlet/solicitudotadjuntos?a031f1a778151443db38b5e22242af6c76c67dca26e477b8bf8b57f374691a5a,gx-no-cache=1493124250479 HTTP/1.1" 200 30
192.168.10.13 - - [25/Apr/2017:08:46:02 -0300] "GET / HTTP/1.1" 200 11217
186.79.197.148 - - [25/Apr/2017:08:46:04 -0300] "POST /cormun/servlet/solicitudotadjuntos?f1928320394097134b70d5195897c4bf,INS,2017,6206,,2, HTTP/1.1" 200 116
186.79.197.148 - - [25/Apr/2017:08:46:04 -0300] "GET /cormun/servlet/hpexe_return? HTTP/1.1" 200 1025
186.79.197.148 - - [25/Apr/2017:08:46:05 -0300] "GET /cormun/servlet/trsolicitudadjuntos?2017,6206, HTTP/1.1" 200 9432
186.79.197.148 - - [25/Apr/2017:08:46:07 -0300] "GET /cormun/servlet/trsolicitudadjuntos?2017,6206, HTTP/1.1" 200 9431
192.168.10.13 - - [25/Apr/2017:08:47:02 -0300] "GET / HTTP/1.1" 200 11217
200.111.191.210 - - [25/Apr/2017:08:47:25 -0300] "GET /cormun/servlet/trlicencias? HTTP/1.1" 200 6609
200.111.191.210 - - [25/Apr/2017:08:47:26 -0300] "GET /cormun/servlet/trlicencias? HTTP/1.1" 200 6608
200.111.191.210 - - [25/Apr/2017:08:47:27 -0300] "GET /cormun/servlet/licenciaspermisos?INS,0,,, HTTP/1.1" 200 7164
200.111.191.210 - - [25/Apr/2017:08:47:28 -0300] "GET /cormun/servlet/licenciaspermisos?INS,0,,, HTTP/1.1" 200 7164
200.111.191.210 - - [25/Apr/2017:08:47:34 -0300] "GET /cormun/servlet/licenciaspermisos?35150cdc0e204a527e1a1d04d9dff462da40c266b497ec145260b7dd569a66d24e52fd6ad9ea3aa1c06ed625f731378d,gx-no-cache=1493124412589 HTTP/1.1" 200 68
200.111.191.210 - - [25/Apr/2017:08:47:34 -0300] "POST /cormun/servlet/licenciaspermisos?bb2e40897a349817326a28c4a4fe0e2c,INS,0,,,,gx-no-cache=1493124412684 HTTP/1.1" 200 4410
192.168.10.13 - - [25/Apr/2017:08:48:02 -0300] "GET / HTTP/1.1" 200 11217
200.111.191.210 - - [25/Apr/2017:08:48:56 -0300] "GET /cormun/servlet/licenciaspermisos?35150cdc0e204a527e1a1d04d9dff462e85e876c77a9c5fecbb5d9cee38dc70531e8c71851e2d97af78e1ad8a4f51f8a8c0c63c11135a7e3fe7e791e4d3e23da2fb7130a7c098b0e01465a33c5e9b792f0e36c3d3e0fb4706cb7208483f714c02602afaae246825c2da2c6a5733df205cd2450075ef91d2693225b7475e5d1c5801ef96508b3d31d4ed9e33874d28e32ac0541d99697e15972340925cdd0f07b2a2bbf347401a1eb93127d2a200ad354,gx-no-cache=1493124494422 HTTP/1.1" 200 30
200.111.191.210 - - [25/Apr/2017:08:48:56 -0300] "GET /cormun/servlet/licenciaspermisos?35150cdc0e204a527e1a1d04d9dff462134dbfe3d2ad0351903578df8f7134e4788a1828110cd5b954ecccb28d58c965260ae00c84b07b8024fd2828d2e8d4bdf8e56cd9bea2d7f8e936461a3e3e32dab330399340bb630ab472311cc1e53307c71a18b53d1079eb34314cf8ed136571f2547e204486511732f83c52b9a42606ef2249fedc8094fc5300e1b7b639f5d520154b8b5940db46b88c0ff9e9f2f0b294378ebd9257abf6608932fe48042718,gx-no-cache=1493124494454 HTTP/1.1" 200 29
200.111.191.210 - - [25/Apr/2017:08:48:56 -0300] "POST /cormun/servlet/licenciaspermisos?bb2e40897a349817326a28c4a4fe0e2c,INS,0,,,,gx-no-cache=1493124494473 HTTP/1.1" 200 4574
200.111.191.210 - - [25/Apr/2017:08:48:56 -0300] "GET /cormun/static/Shared/jqueryui/images/ui-bg_flat_55_994d53_40x100.png HTTP/1.1" 404 1097
200.111.191.210 - - [25/Apr/2017:08:48:56 -0300] "GET /cormun/static/Shared/jqueryui/images/ui-bg_highlight-soft_100_c6c2c8_1x100.png HTTP/1.1" 404 1117
200.111.191.210 - - [25/Apr/2017:08:48:56 -0300] "GET /cormun/static/Shared/jqueryui/images/ui-icons_82798d_256x240.png HTTP/1.1" 404 1089
200.111.191.210 - - [25/Apr/2017:08:48:56 -0300] "GET /cormun/static/Shared/jqueryui/images/ui-icons_ebccce_256x240.png HTTP/1.1" 404 1089
186.79.197.148 - - [25/Apr/2017:08:48:58 -0300] "GET /cormun/servlet/solicitudotadjuntos?DLT,2017,6206,CERTIF3,0, HTTP/1.1" 200 5837
186.79.197.148 - - [25/Apr/2017:08:48:59 -0300] "GET /cormun/PublicTempStorage/certificado_de_cotizaciones8300078.pdf HTTP/1.1" 200 345434
186.79.197.148 - - [25/Apr/2017:08:49:00 -0300] "GET /cormun/static/Shared/jqueryui/images/ui-bg_highlight-soft_100_c6c2c8_1x100.png HTTP/1.1" 404 1117
186.79.197.148 - - [25/Apr/2017:08:49:00 -0300] "GET /cormun/static/Shared/jqueryui/images/ui-icons_82798d_256x240.png HTTP/1.1" 404 1089
186.79.197.148 - - [25/Apr/2017:08:49:00 -0300] "GET /cormun/static/Shared/jqueryui/images/ui-bg_flat_55_fafafa_40x100.png HTTP/1.1" 404 1097
186.79.197.148 - - [25/Apr/2017:08:49:00 -0300] "GET /cormun/static/Shared/jqueryui/images/ui-icons_8d78a5_256x240.png HTTP/1.1" 404 1089
186.79.197.148 - - [25/Apr/2017:08:49:00 -0300] "GET /cormun/servlet/solicitudotadjuntos?DLT,2017,6206,CERTIF3,0, HTTP/1.1" 200 5829
192.168.10.13 - - [25/Apr/2017:08:49:02 -0300] "GET / HTTP/1.1" 200 11217
186.79.197.148 - - [25/Apr/2017:08:49:03 -0300] "POST /cormun/servlet/solicitudotadjuntos?f1928320394097134b70d5195897c4bf,DLT,2017,6206,CERTIF3,0,,gx-no-cache=1493124433457 HTTP/1.1" 200 93
186.79.197.148 - - [25/Apr/2017:08:49:03 -0300] "GET /cormun/servlet/hpexe_return? HTTP/1.1" 200 1031
186.79.197.148 - - [25/Apr/2017:08:49:04 -0300] "GET /cormun/servlet/trsolicitudadjuntos?2017,6206, HTTP/1.1" 200 9317
186.79.197.148 - - [25/Apr/2017:08:49:05 -0300] "GET /cormun/servlet/trsolicitudadjuntos?2017,6206, HTTP/1.1" 200 9317
186.79.197.148 - - [25/Apr/2017:08:49:12 -0300] "GET /cormun/servlet/solicitudotadjuntos?INS,2017,6206,,1, HTTP/1.1" 200 5826
186.79.197.148 - - [25/Apr/2017:08:49:12 -0300] "GET /cormun/static/about:blank HTTP/1.1" 404 1011
186.79.197.148 - - [25/Apr/2017:08:49:13 -0300] "GET /cormun/servlet/solicitudotadjuntos?INS,2017,6206,,1, HTTP/1.1" 200 5820
186.79.197.148 - - [25/Apr/2017:08:49:14 -0300] "GET /cormun/servlet/solicitudotadjuntos?a031f1a778151443db38b5e22242af6c5c26ee478382a1a165309ee5da4077a2b6e34e2ec409f1cc2cb481317c0dd780,gx-no-cache=1493124444285 HTTP/1.1" 200 30
186.79.197.148 - - [25/Apr/2017:08:49:14 -0300] "POST /cormun/servlet/solicitudotadjuntos?f1928320394097134b70d5195897c4bf,INS,2017,6206,,1,,gx-no-cache=1493124444383 HTTP/1.1" 200 3638
200.111.191.210 - - [25/Apr/2017:08:49:16 -0300] "GET /cormun/servlet/licenciaspermisos?35150cdc0e204a527e1a1d04d9dff462e85e876c77a9c5fecbb5d9cee38dc70531e8c71851e2d97af78e1ad8a4f51f8a8c0c63c11135a7e3fe7e791e4d3e23da2fb7130a7c098b0e01465a33c5e9b792f0e36c3d3e0fb4706cb7208483f714c0de9c4f52fd16f9b9f2b631e0553ef0e1cd2450075ef91d2693225b7475e5d1c5f8625a3c48d5e2a93512c21f72e35cf55cae45c76e38ef8bd41d102a395a831224a353f98b57cf8655cea0d253a3a06a0dc9bd8d7913cc6b21391b6f6d702d2d61981a2ac6066b0501a4ac804463698bb842590813a6721e6605377ae8421510,gx-no-cache=1493124514645 HTTP/1.1" 200 30
200.111.191.210 - - [25/Apr/2017:08:49:16 -0300] "GET /cormun/servlet/licenciaspermisos?35150cdc0e204a527e1a1d04d9dff462134dbfe3d2ad0351903578df8f7134e4788a1828110cd5b954ecccb28d58c965260ae00c84b07b8024fd2828d2e8d4bdf8e56cd9bea2d7f8e936461a3e3e32dab330399340bb630ab472311cc1e5330772d67b73ff56125b7c50933cfb7a1b41f2547e204486511732f83c52b9a4260689b194eb606a96193f06ad52df6135508e1382ed3a527184f5bf089803a313929806f6fdc01ac379f97b9810048fa3777a86c3440b931a6b0b4440431e3d88478a0db4b976a43886d15f5b4870fb391e734de31ad90109333e9db8481cd678de,gx-no-cache=1493124514666 HTTP/1.1" 200 29
200.111.191.210 - - [25/Apr/2017:08:49:16 -0300] "POST /cormun/servlet/licenciaspermisos?bb2e40897a349817326a28c4a4fe0e2c,INS,0,,,,gx-no-cache=1493124514689 HTTP/1.1" 200 93
200.111.191.210 - - [25/Apr/2017:08:49:16 -0300] "GET /cormun/servlet/hpexe_return? HTTP/1.1" 200 1006
200.111.191.210 - - [25/Apr/2017:08:49:17 -0300] "GET /cormun/servlet/trlicencias HTTP/1.1" 200 7766
200.111.191.210 - - [25/Apr/2017:08:49:17 -0300] "GET /cormun/servlet/trlicencias HTTP/1.1" 200 7761
200.111.191.210 - - [25/Apr/2017:08:49:22 -0300] "GET /cormun/servlet/alicenciaprn?15523885,L,20170425000000,PU HTTP/1.1" 200 1531
186.79.197.148 - - [25/Apr/2017:08:49:22 -0300] "POST /cormun/servlet/solicitudotadjuntos?gx-no-cache=1493124452913 HTTP/1.1" 200 26
186.79.197.148 - - [25/Apr/2017:08:49:40 -0300] "GET /cormun/servlet/solicitudotadjuntos?a031f1a778151443db38b5e22242af6c76c67dca26e477b8bf8b57f374691a5a,gx-no-cache=1493124470690 HTTP/1.1" 200 30
186.79.197.148 - - [25/Apr/2017:08:49:40 -0300] "GET /cormun/servlet/solicitudotadjuntos?a031f1a778151443db38b5e22242af6c76c67dca26e477b8bf8b57f374691a5a,gx-no-cache=1493124470770 HTTP/1.1" 200 30
186.79.197.148 - - [25/Apr/2017:08:49:43 -0300] "POST /cormun/servlet/solicitudotadjuntos?f1928320394097134b70d5195897c4bf,INS,2017,6206,,1, HTTP/1.1" 200 116
186.79.197.148 - - [25/Apr/2017:08:49:43 -0300] "GET /cormun/servlet/hpexe_return? HTTP/1.1" 200 1025
186.79.197.148 - - [25/Apr/2017:08:49:44 -0300] "GET /cormun/servlet/trsolicitudadjuntos?2017,6206, HTTP/1.1" 200 9433
186.79.197.148 - - [25/Apr/2017:08:49:47 -0300] "GET /cormun/servlet/trsolicitudadjuntos?2017,6206, HTTP/1.1" 200 9435
186.79.197.148 - - [25/Apr/2017:08:49:58 -0300] "POST /cormun/servlet/trsolicitudadjuntos?f1928320394097134b70d5195897c4bf,2017,6206,,gx-no-cache=1493124487898 HTTP/1.1" 200 90
186.79.197.148 - - [25/Apr/2017:08:49:58 -0300] "GET /cormun/servlet/hpexe_link HTTP/1.1" 200 969
186.79.197.148 - - [25/Apr/2017:08:49:58 -0300] "GET /cormun/servlet/trsolicitudot HTTP/1.1" 200 8015
186.79.197.148 - - [25/Apr/2017:08:49:59 -0300] "GET /cormun/servlet/trsolicitudot HTTP/1.1" 200 8014
192.168.10.13 - - [25/Apr/2017:08:50:02 -0300] "GET / HTTP/1.1" 200 11217
186.79.197.148 - - [25/Apr/2017:08:50:24 -0300] "POST /cormun/servlet/trsolicitudot?f1928320394097134b70d5195897c4bf,gx-no-cache=1493124513914 HTTP/1.1" 200 4154
186.79.197.148 - - [25/Apr/2017:08:50:24 -0300] "GET /cormun/static/Shared/jqueryui/images/ui-bg_highlight-soft_100_c6c2c8_1x100.png HTTP/1.1" 404 1117
186.79.197.148 - - [25/Apr/2017:08:50:24 -0300] "GET /cormun/static/Shared/jqueryui/images/ui-icons_82798d_256x240.png HTTP/1.1" 404 1089
186.79.197.148 - - [25/Apr/2017:08:50:24 -0300] "GET /cormun/static/Shared/jqueryui/images/ui-bg_flat_55_fafafa_40x100.png HTTP/1.1" 404 1097
186.79.197.148 - - [25/Apr/2017:08:50:24 -0300] "GET /cormun/static/Shared/jqueryui/images/ui-icons_8d78a5_256x240.png HTTP/1.1" 404 1089
186.79.197.148 - - [25/Apr/2017:08:50:24 -0300] "POST /cormun/servlet/trsolicitudot?f1928320394097134b70d5195897c4bf,gx-no-cache=1493124514601 HTTP/1.1" 200 3927
192.168.10.96 - - [25/Apr/2017:08:50:57 -0300] "GET /cormun/servlet/hlogin HTTP/1.1" 200 1726
192.168.10.96 - - [25/Apr/2017:08:50:57 -0300] "GET /cormun/static/Resources/Spanish/PXTools.css?11294912 HTTP/1.1" 304 -
192.168.10.96 - - [25/Apr/2017:08:50:57 -0300] "GET /cormun/servlet/hlogin HTTP/1.1" 200 1736
192.168.10.13 - - [25/Apr/2017:08:51:02 -0300] "GET / HTTP/1.1" 200 11217
192.168.10.96 - - [25/Apr/2017:08:51:08 -0300] "POST /cormun/servlet/hlogin?977fcacae0d907a77d32c9211b1fc965,gx-no-cache=1493124338960 HTTP/1.1" 200 449
192.168.10.96 - - [25/Apr/2017:08:51:12 -0300] "POST /cormun/servlet/hlogin?977fcacae0d907a77d32c9211b1fc965,gx-no-cache=1493124342257 HTTP/1.1" 200 90
192.168.10.96 - - [25/Apr/2017:08:51:12 -0300] "GET /cormun/servlet/hpexe_link HTTP/1.1" 200 956
192.168.10.96 - - [25/Apr/2017:08:51:12 -0300] "GET /cormun/static/hpexe_link.js?201731711483384 HTTP/1.1" 304 -
192.168.10.96 - - [25/Apr/2017:08:51:12 -0300] "GET /cormun/servlet/hhome HTTP/1.1" 200 4274
192.168.10.96 - - [25/Apr/2017:08:51:12 -0300] "GET /cormun/static/hpexe_recentlink.js?201610171694390 HTTP/1.1" 304 -
192.168.10.96 - - [25/Apr/2017:08:51:12 -0300] "GET /cormun/static/hwchdr01.js?201731711335950 HTTP/1.1" 304 -
192.168.10.96 - - [25/Apr/2017:08:51:12 -0300] "GET /cormun/static/hpexe_scripts.js?201731711335890 HTTP/1.1" 304 -
192.168.10.96 - - [25/Apr/2017:08:51:12 -0300] "GET /cormun/static/hpexe_messagecontroller.js?201610171694323 HTTP/1.1" 304 -
192.168.10.96 - - [25/Apr/2017:08:51:12 -0300] "GET /cormun/static/hpexe_messagepopupcomponent.js?20161017169425 HTTP/1.1" 304 -
192.168.10.96 - - [25/Apr/2017:08:51:12 -0300] "GET /cormun/static/hpexe_messagegenexuscomponent.js?201731711335537 HTTP/1.1" 304 -
192.168.10.96 - - [25/Apr/2017:08:51:12 -0300] "GET /cormun/static/cmcontrolpreferences.js?201731711335852 HTTP/1.1" 304 -
192.168.10.96 - - [25/Apr/2017:08:51:12 -0300] "GET /cormun/static/hmpwkw03.js?201731711485354 HTTP/1.1" 304 -
192.168.10.96 - - [25/Apr/2017:08:51:12 -0300] "GET /cormun/servlet/hhome HTTP/1.1" 200 4270
192.168.10.96 - - [25/Apr/2017:08:51:34 -0300] "GET /cormun/servlet/wbconsulta? HTTP/1.1" 200 5170
192.168.10.96 - - [25/Apr/2017:08:51:34 -0300] "GET /cormun/static/Resources/Spanish/PXTools.css?18365030 HTTP/1.1" 304 -
192.168.10.96 - - [25/Apr/2017:08:51:34 -0300] "GET /cormun/static/wbconsulta.js?201612218544265 HTTP/1.1" 304 -
192.168.10.96 - - [25/Apr/2017:08:51:34 -0300] "GET /cormun/servlet/wbconsulta? HTTP/1.1" 200 5171
192.168.10.96 - - [25/Apr/2017:08:51:43 -0300] "POST /cormun/servlet/wbconsulta?977fcacae0d907a77d32c9211b1fc965,,gx-no-cache=1493124373403 HTTP/1.1" 200 103
192.168.10.96 - - [25/Apr/2017:08:51:43 -0300] "GET /cormun/servlet/vevisualizador?2017,6188, HTTP/1.1" 200 8539
192.168.10.96 - - [25/Apr/2017:08:51:43 -0300] "GET /cormun/pexe_scrolldiv.js HTTP/1.1" 404 1009
192.168.10.96 - - [25/Apr/2017:08:51:43 -0300] "GET /cormun/static/vevisualizador.js?20173171158331 HTTP/1.1" 304 -
192.168.10.96 - - [25/Apr/2017:08:51:43 -0300] "GET /cormun/static/hwcviewtabs.js?20173171133571 HTTP/1.1" 304 -
192.168.10.96 - - [25/Apr/2017:08:51:43 -0300] "GET /cormun/static/hpexe_tabsview.js?201610171694228 HTTP/1.1" 304 -
192.168.10.96 - - [25/Apr/2017:08:51:43 -0300] "GET /cormun/static/tbvisualizador01.js?201711112363628 HTTP/1.1" 304 -
192.168.10.96 - - [25/Apr/2017:08:51:43 -0300] "GET /cormun/pexe_scrolldiv.js HTTP/1.1" 404 1009
192.168.10.96 - - [25/Apr/2017:08:51:43 -0300] "GET /cormun/servlet/vevisualizador?2017,6188, HTTP/1.1" 200 8539
192.168.10.96 - - [25/Apr/2017:08:51:53 -0300] "GET /cormun/servlet/vevisualizador?2017,6188,,SolicitudOTAdjuntos HTTP/1.1" 200 10357
192.168.10.96 - - [25/Apr/2017:08:51:53 -0300] "GET /cormun/pexe_scrolldiv.js HTTP/1.1" 404 1009
192.168.10.96 - - [25/Apr/2017:08:51:53 -0300] "GET /cormun/static/tbvisualizador02.js?20161221842021 HTTP/1.1" 304 -
192.168.10.96 - - [25/Apr/2017:08:51:53 -0300] "GET /cormun/pexe_scrolldiv.js HTTP/1.1" 404 1009
192.168.10.96 - - [25/Apr/2017:08:51:54 -0300] "GET /cormun/servlet/vevisualizador?2017,6188,,SolicitudOTAdjuntos HTTP/1.1" 200 10360
192.168.10.96 - - [25/Apr/2017:08:51:54 -0300] "POST /cormun/servlet/acontrolpreferencessavestate?None,DZAMUDIO,true HTTP/1.1" 200 35
192.168.10.96 - - [25/Apr/2017:08:51:56 -0300] "GET /cormun/PublicTempStorage/cert_estudios8743954.pdf HTTP/1.1" 200 1088619
192.168.10.13 - - [25/Apr/2017:08:52:02 -0300] "GET / HTTP/1.1" 200 11217
192.168.10.96 - - [25/Apr/2017:08:52:03 -0300] "GET /cormun/servlet/vevisualizador?2017,6188,,SolicitudOTAdjuntos HTTP/1.1" 200 10356
192.168.10.96 - - [25/Apr/2017:08:52:04 -0300] "GET /cormun/servlet/vevisualizador?2017,6188,,SolicitudOTAdjuntos HTTP/1.1" 200 10358
192.168.10.96 - - [25/Apr/2017:08:52:04 -0300] "POST /cormun/servlet/acontrolpreferencessavestate?None,DZAMUDIO,true HTTP/1.1" 200 35
192.168.10.96 - - [25/Apr/2017:08:52:06 -0300] "GET /cormun/PublicTempStorage/afp5888582.pdf HTTP/1.1" 200 768003
192.168.10.96 - - [25/Apr/2017:08:52:13 -0300] "GET /cormun/servlet/vevisualizador?2017,6188,,SolicitudOTAdjuntos HTTP/1.1" 200 10356
192.168.10.96 - - [25/Apr/2017:08:52:14 -0300] "GET /cormun/servlet/vevisualizador?2017,6188,,SolicitudOTAdjuntos HTTP/1.1" 200 10357
192.168.10.96 - - [25/Apr/2017:08:52:14 -0300] "POST /cormun/servlet/acontrolpreferencessavestate?None,DZAMUDIO,true HTTP/1.1" 200 35
192.168.10.96 - - [25/Apr/2017:08:52:15 -0300] "GET /cormun/PublicTempStorage/isapre1744470.pdf HTTP/1.1" 200 958867
192.168.10.96 - - [25/Apr/2017:08:52:26 -0300] "GET /cormun/servlet/vevisualizador?2017,6188,,SolicitudOTAdjuntos HTTP/1.1" 200 10356
192.168.10.96 - - [25/Apr/2017:08:52:28 -0300] "GET /cormun/servlet/vevisualizador?2017,6188,,SolicitudOTAdjuntos HTTP/1.1" 200 10356
192.168.10.96 - - [25/Apr/2017:08:52:28 -0300] "POST /cormun/servlet/acontrolpreferencessavestate?None,DZAMUDIO,true HTTP/1.1" 200 35
192.168.10.96 - - [25/Apr/2017:08:52:29 -0300] "GET /cormun/PublicTempStorage/cert_antecedentes3592701.pdf HTTP/1.1" 200 1140485
192.168.10.96 - - [25/Apr/2017:08:52:34 -0300] "GET /cormun/servlet/vevisualizador?2017,6188,,SolicitudOTAdjuntos HTTP/1.1" 200 10357
192.168.10.96 - - [25/Apr/2017:08:52:35 -0300] "GET /cormun/servlet/vevisualizador?2017,6188,,SolicitudOTAdjuntos HTTP/1.1" 200 10358
192.168.10.96 - - [25/Apr/2017:08:52:35 -0300] "POST /cormun/servlet/acontrolpreferencessavestate?None,DZAMUDIO,true HTTP/1.1" 200 35
192.168.10.96 - - [25/Apr/2017:08:52:36 -0300] "GET /cormun/PublicTempStorage/curriculum6812688.pdf HTTP/1.1" 200 1230777
192.168.10.96 - - [25/Apr/2017:08:52:57 -0300] "GET /cormun/servlet/vevisualizador?2017,6188,,SolicitudOTAdjuntos HTTP/1.1" 200 10355
192.168.10.96 - - [25/Apr/2017:08:52:58 -0300] "GET /cormun/servlet/vevisualizador?2017,6188,,SolicitudOTAdjuntos HTTP/1.1" 200 10358
