200.111.191.210 - - [24/Apr/2017:10:29:12 -0300] "POST /cormun/servlet/hlogin?ef27450bd2f4049d9c274a94d28a252f,gx-no-cache=1493044110708 HTTP/1.1" 200 90
200.111.191.210 - - [24/Apr/2017:10:29:12 -0300] "GET /cormun/servlet/hpexe_link HTTP/1.1" 200 953
200.111.191.210 - - [24/Apr/2017:10:29:12 -0300] "GET /cormun/servlet/hhome HTTP/1.1" 200 3782
200.111.191.210 - - [24/Apr/2017:10:29:13 -0300] "GET /cormun/servlet/hhome HTTP/1.1" 200 3779
186.67.172.234 - - [24/Apr/2017:10:29:14 -0300] "POST /cormun/servlet/trlicencias?400e3322a3a43a46c548ca3380cd848f,gx-no-cache=1493038539624,gx-no-cache=1493040616444 HTTP/1.1" 200 4047
186.67.172.234 - - [24/Apr/2017:10:29:14 -0300] "GET /cormun/static/Shared/jqueryui/images/ui-icons_8d78a5_256x240.png HTTP/1.1" 404 1089
186.67.172.234 - - [24/Apr/2017:10:29:14 -0300] "GET /cormun/static/Shared/jqueryui/images/ui-bg_flat_55_fafafa_40x100.png HTTP/1.1" 404 1097
186.67.172.234 - - [24/Apr/2017:10:29:14 -0300] "GET /cormun/static/Shared/jqueryui/images/ui-bg_highlight-soft_100_c6c2c8_1x100.png HTTP/1.1" 404 1117
186.67.172.234 - - [24/Apr/2017:10:29:14 -0300] "GET /cormun/static/Shared/jqueryui/images/ui-icons_82798d_256x240.png HTTP/1.1" 404 1089
200.111.191.210 - - [24/Apr/2017:10:29:29 -0300] "GET /cormun/servlet/trlicencias? HTTP/1.1" 200 7772
200.111.191.210 - - [24/Apr/2017:10:29:29 -0300] "GET /cormun/servlet/trlicencias? HTTP/1.1" 200 7770
200.111.191.210 - - [24/Apr/2017:10:29:33 -0300] "GET /cormun/servlet/trlicenciaspermisosadjuntos?17296006,20170424000000,L, HTTP/1.1" 200 6130
200.111.191.210 - - [24/Apr/2017:10:29:33 -0300] "GET /cormun/static/gxcfg.js?20173171154619 HTTP/1.1" 304 -
200.111.191.210 - - [24/Apr/2017:10:29:34 -0300] "GET /cormun/servlet/trlicenciaspermisosadjuntos?17296006,20170424000000,L, HTTP/1.1" 200 6131
200.111.191.210 - - [24/Apr/2017:10:29:35 -0300] "GET /cormun/servlet/licenciaspermisosadjuntos?INS,17296006,L,20170424000000,, HTTP/1.1" 200 5428
200.111.191.210 - - [24/Apr/2017:10:29:36 -0300] "GET /cormun/static/gxcfg.js?201731711421170 HTTP/1.1" 304 -
200.111.191.210 - - [24/Apr/2017:10:29:36 -0300] "GET /cormun/static/about:blank HTTP/1.1" 404 1011
200.111.191.210 - - [24/Apr/2017:10:29:36 -0300] "GET /cormun/servlet/licenciaspermisosadjuntos?INS,17296006,L,20170424000000,, HTTP/1.1" 200 5418
200.111.191.210 - - [24/Apr/2017:10:29:49 -0300] "POST /cormun/servlet/licenciaspermisosadjuntos?ef27450bd2f4049d9c274a94d28a252f,INS,17296006,L,20170424000000,, HTTP/1.1" 200 116
200.111.191.210 - - [24/Apr/2017:10:29:49 -0300] "GET /cormun/servlet/hpexe_return? HTTP/1.1" 200 1044
200.111.191.210 - - [24/Apr/2017:10:29:49 -0300] "GET /cormun/servlet/trlicenciaspermisosadjuntos?17296006,20170424000000,L, HTTP/1.1" 200 6604
200.111.191.210 - - [24/Apr/2017:10:29:49 -0300] "GET /cormun/servlet/trlicenciaspermisosadjuntos?17296006,20170424000000,L, HTTP/1.1" 200 6601
200.111.191.210 - - [24/Apr/2017:10:29:55 -0300] "GET /cormun/servlet/trlicencias? HTTP/1.1" 200 7771
200.111.191.210 - - [24/Apr/2017:10:29:55 -0300] "GET /cormun/servlet/trlicencias? HTTP/1.1" 200 7770
200.111.191.210 - - [24/Apr/2017:10:30:01 -0300] "POST /cormun/servlet/trlicencias?ef27450bd2f4049d9c274a94d28a252f,,gx-no-cache=1493044159103 HTTP/1.1" 200 4033
200.111.191.210 - - [24/Apr/2017:10:30:01 -0300] "GET /cormun/static/Shared/jqueryui/images/ui-bg_highlight-soft_100_c6c2c8_1x100.png HTTP/1.1" 404 1117
200.111.191.210 - - [24/Apr/2017:10:30:01 -0300] "GET /cormun/static/Shared/jqueryui/images/ui-icons_82798d_256x240.png HTTP/1.1" 404 1089
200.111.191.210 - - [24/Apr/2017:10:30:01 -0300] "GET /cormun/static/Shared/jqueryui/images/ui-bg_flat_55_fafafa_40x100.png HTTP/1.1" 404 1097
200.111.191.210 - - [24/Apr/2017:10:30:01 -0300] "GET /cormun/static/Shared/jqueryui/images/ui-icons_8d78a5_256x240.png HTTP/1.1" 404 1089
192.168.10.13 - - [24/Apr/2017:10:30:03 -0300] "GET / HTTP/1.1" 200 11217
200.111.191.210 - - [24/Apr/2017:10:30:04 -0300] "GET /cormun/servlet/trsolicitudot? HTTP/1.1" 200 8063
200.111.191.210 - - [24/Apr/2017:10:30:04 -0300] "GET /cormun/servlet/trsolicitudot? HTTP/1.1" 200 8064
200.111.191.210 - - [24/Apr/2017:10:30:07 -0300] "GET /cormun/servlet/hlogin HTTP/1.1" 200 1741
186.79.88.80 - - [24/Apr/2017:10:30:19 -0300] "GET /cormun/servlet/hlogin HTTP/1.1" 200 1725
186.79.88.80 - - [24/Apr/2017:10:30:19 -0300] "GET /cormun/static/gxcfg.js?201741110203197 HTTP/1.1" 200 953
186.79.88.80 - - [24/Apr/2017:10:30:19 -0300] "GET /cormun/static/gxtimezone.js?85251 HTTP/1.1" 200 5781
186.79.88.80 - - [24/Apr/2017:10:30:19 -0300] "GET /cormun/static/Resources/Spanish/PXTools.css?11294912 HTTP/1.1" 200 89042
186.79.88.80 - - [24/Apr/2017:10:30:20 -0300] "GET /cormun/static/messages.spa.js?85251 HTTP/1.1" 200 30736
186.79.88.80 - - [24/Apr/2017:10:30:20 -0300] "GET /cormun/static/hlogin.js?201741110203211 HTTP/1.1" 200 2136
186.79.88.80 - - [24/Apr/2017:10:30:20 -0300] "GET /cormun/static/Resources/ComunLogin.png HTTP/1.1" 200 17326
186.79.88.80 - - [24/Apr/2017:10:30:20 -0300] "GET /cormun/static/gxgral.js?85251 HTTP/1.1" 200 384558
186.79.88.80 - - [24/Apr/2017:10:30:21 -0300] "GET /cormun/static/Resources/PXToolsLoginTop.png HTTP/1.1" 200 1337
186.79.88.80 - - [24/Apr/2017:10:30:21 -0300] "GET /cormun/static/Resources/PXToolsLoginBackground.png HTTP/1.1" 200 1164
186.79.88.80 - - [24/Apr/2017:10:30:21 -0300] "GET /cormun/static/Resources/PXToolsButtonLeft21.png HTTP/1.1" 200 1287
186.79.88.80 - - [24/Apr/2017:10:30:21 -0300] "GET /cormun/static/Resources/PXToolsButtonRight21.png HTTP/1.1" 200 1283
186.79.88.80 - - [24/Apr/2017:10:30:21 -0300] "GET /cormun/static/Resources/PXToolsButtonBackground2.png HTTP/1.1" 200 1181
186.79.88.80 - - [24/Apr/2017:10:30:21 -0300] "GET /cormun/static/Resources/PXToolsLoginBottom.png HTTP/1.1" 200 1389
186.79.88.80 - - [24/Apr/2017:10:30:21 -0300] "GET /cormun/static/Resources/indicator.gif HTTP/1.1" 200 1553
186.79.88.80 - - [24/Apr/2017:10:30:21 -0300] "GET /cormun/servlet/hlogin HTTP/1.1" 200 1735
186.79.88.80 - - [24/Apr/2017:10:30:21 -0300] "GET /favicon.ico HTTP/1.1" 200 21630
46.174.191.29 - - [24/Apr/2017:10:30:55 -0300] "GET / HTTP/1.0" 200 11197
192.168.10.13 - - [24/Apr/2017:10:31:03 -0300] "GET / HTTP/1.1" 200 11217
186.67.172.234 - - [24/Apr/2017:10:31:17 -0300] "GET /cormun/servlet/trpermisosingoce? HTTP/1.1" 200 6572
186.67.172.234 - - [24/Apr/2017:10:31:17 -0300] "GET /cormun/static/gxcfg.js?2016111619312653 HTTP/1.1" 200 953
186.67.172.234 - - [24/Apr/2017:10:31:18 -0300] "GET /cormun/static/trpermisosingoce.js?2016111619313084 HTTP/1.1" 200 31498
186.67.172.234 - - [24/Apr/2017:10:31:22 -0300] "GET /cormun/servlet/trpermisosgoce? HTTP/1.1" 200 6540
186.67.172.234 - - [24/Apr/2017:10:31:22 -0300] "GET /cormun/static/gxcfg.js?20174111153177 HTTP/1.1" 200 953
186.67.172.234 - - [24/Apr/2017:10:31:22 -0300] "GET /cormun/static/trpermisosgoce.js?20174111153217 HTTP/1.1" 200 32899
192.168.10.13 - - [24/Apr/2017:10:32:03 -0300] "GET / HTTP/1.1" 200 11217
192.168.10.13 - - [24/Apr/2017:10:33:03 -0300] "GET / HTTP/1.1" 200 11217
192.168.10.13 - - [24/Apr/2017:10:34:03 -0300] "GET / HTTP/1.1" 200 11217
192.168.10.13 - - [24/Apr/2017:10:35:03 -0300] "GET / HTTP/1.1" 200 11217
192.168.10.13 - - [24/Apr/2017:10:36:03 -0300] "GET / HTTP/1.1" 200 11217
192.168.10.13 - - [24/Apr/2017:10:37:03 -0300] "GET / HTTP/1.1" 200 11217
192.168.10.13 - - [24/Apr/2017:10:38:03 -0300] "GET / HTTP/1.1" 200 11217
192.168.10.13 - - [24/Apr/2017:10:39:03 -0300] "GET / HTTP/1.1" 200 11217
192.168.10.96 - - [24/Apr/2017:10:40:02 -0300] "GET /cormun/servlet/hlogin HTTP/1.1" 200 1722
192.168.10.13 - - [24/Apr/2017:10:40:03 -0300] "GET / HTTP/1.1" 200 11217
192.168.10.96 - - [24/Apr/2017:10:40:07 -0300] "POST /cormun/servlet/hlogin?f686917922f4cbd3c0ebf2db5591fa2e,gx-no-cache=1493044478282 HTTP/1.1" 200 427
192.168.10.96 - - [24/Apr/2017:10:40:13 -0300] "POST /cormun/servlet/hlogin?f686917922f4cbd3c0ebf2db5591fa2e,gx-no-cache=1493044484057 HTTP/1.1" 200 90
192.168.10.96 - - [24/Apr/2017:10:40:13 -0300] "GET /cormun/servlet/hpexe_link HTTP/1.1" 200 951
192.168.10.96 - - [24/Apr/2017:10:40:13 -0300] "GET /cormun/servlet/hhome HTTP/1.1" 200 4267
192.168.10.96 - - [24/Apr/2017:10:40:14 -0300] "GET /cormun/servlet/hhome HTTP/1.1" 200 4264
192.168.10.96 - - [24/Apr/2017:10:40:24 -0300] "GET /cormun/servlet/wbconsulta? HTTP/1.1" 200 5164
192.168.10.96 - - [24/Apr/2017:10:40:24 -0300] "GET /cormun/servlet/wbconsulta? HTTP/1.1" 200 5165
192.168.10.96 - - [24/Apr/2017:10:40:35 -0300] "POST /cormun/servlet/wbconsulta?f686917922f4cbd3c0ebf2db5591fa2e,,gx-no-cache=1493044505612 HTTP/1.1" 200 103
192.168.10.96 - - [24/Apr/2017:10:40:35 -0300] "GET /cormun/servlet/vevisualizador?2017,6121, HTTP/1.1" 200 8573
192.168.10.96 - - [24/Apr/2017:10:40:35 -0300] "GET /cormun/pexe_scrolldiv.js HTTP/1.1" 404 1009
192.168.10.96 - - [24/Apr/2017:10:40:35 -0300] "GET /cormun/pexe_scrolldiv.js HTTP/1.1" 404 1009
192.168.10.96 - - [24/Apr/2017:10:40:35 -0300] "GET /cormun/servlet/vevisualizador?2017,6121, HTTP/1.1" 200 8573
192.168.10.96 - - [24/Apr/2017:10:40:37 -0300] "GET /cormun/servlet/vevisualizador?2017,6121,,SolicitudOTAdjuntos HTTP/1.1" 200 10472
192.168.10.96 - - [24/Apr/2017:10:40:37 -0300] "GET /cormun/pexe_scrolldiv.js HTTP/1.1" 404 1009
192.168.10.96 - - [24/Apr/2017:10:40:37 -0300] "GET /cormun/pexe_scrolldiv.js HTTP/1.1" 404 1009
192.168.10.96 - - [24/Apr/2017:10:40:37 -0300] "GET /cormun/servlet/vevisualizador?2017,6121,,SolicitudOTAdjuntos HTTP/1.1" 200 10473
192.168.10.96 - - [24/Apr/2017:10:40:38 -0300] "POST /cormun/servlet/acontrolpreferencessavestate?None,DZAMUDIO,true HTTP/1.1" 200 35
192.168.10.96 - - [24/Apr/2017:10:40:39 -0300] "GET /cormun/PublicTempStorage/tiare_ci100000.pdf HTTP/1.1" 200 158929
192.168.10.96 - - [24/Apr/2017:10:40:44 -0300] "GET /cormun/servlet/vevisualizador?2017,6121,,SolicitudOTAdjuntos HTTP/1.1" 200 10476
192.168.10.96 - - [24/Apr/2017:10:40:44 -0300] "GET /cormun/servlet/vevisualizador?2017,6121,,SolicitudOTAdjuntos HTTP/1.1" 200 10476
192.168.10.96 - - [24/Apr/2017:10:40:45 -0300] "POST /cormun/servlet/acontrolpreferencessavestate?None,DZAMUDIO,true HTTP/1.1" 200 35
192.168.10.96 - - [24/Apr/2017:10:40:45 -0300] "GET /cormun/PublicTempStorage/certificado_ense%F1anza_media.6958501.pdf HTTP/1.1" 200 60174
192.168.10.96 - - [24/Apr/2017:10:40:50 -0300] "GET /cormun/servlet/vevisualizador?2017,6121,,SolicitudOTAdjuntos HTTP/1.1" 200 10473
192.168.10.96 - - [24/Apr/2017:10:40:50 -0300] "GET /cormun/servlet/vevisualizador?2017,6121,,SolicitudOTAdjuntos HTTP/1.1" 200 10475
192.168.10.96 - - [24/Apr/2017:10:40:51 -0300] "POST /cormun/servlet/acontrolpreferencessavestate?None,DZAMUDIO,true HTTP/1.1" 200 35
192.168.10.96 - - [24/Apr/2017:10:40:52 -0300] "GET /cormun/PublicTempStorage/certificadoafphabitat_tiare6150685.pdf HTTP/1.1" 200 25773
192.168.10.96 - - [24/Apr/2017:10:40:56 -0300] "GET /cormun/servlet/vevisualizador?2017,6121,,SolicitudOTAdjuntos HTTP/1.1" 200 10474
192.168.10.96 - - [24/Apr/2017:10:40:57 -0300] "GET /cormun/servlet/vevisualizador?2017,6121,,SolicitudOTAdjuntos HTTP/1.1" 200 10477
192.168.10.96 - - [24/Apr/2017:10:40:58 -0300] "POST /cormun/servlet/acontrolpreferencessavestate?None,DZAMUDIO,true HTTP/1.1" 200 35
192.168.10.96 - - [24/Apr/2017:10:40:58 -0300] "GET /cormun/PublicTempStorage/fonasa_tiare_%281%29356579.pdf HTTP/1.1" 200 66855
192.168.10.96 - - [24/Apr/2017:10:41:01 -0300] "GET /cormun/servlet/vevisualizador?2017,6121,,SolicitudOTAdjuntos HTTP/1.1" 200 10473
192.168.10.96 - - [24/Apr/2017:10:41:02 -0300] "GET /cormun/servlet/vevisualizador?2017,6121,,SolicitudOTAdjuntos HTTP/1.1" 200 10476
192.168.10.96 - - [24/Apr/2017:10:41:03 -0300] "POST /cormun/servlet/acontrolpreferencessavestate?None,DZAMUDIO,true HTTP/1.1" 200 35
192.168.10.13 - - [24/Apr/2017:10:41:03 -0300] "GET / HTTP/1.1" 200 11217
192.168.10.96 - - [24/Apr/2017:10:41:03 -0300] "GET /cormun/PublicTempStorage/tiare_-_antecedentes_28005967.pdf HTTP/1.1" 200 46840
192.168.10.96 - - [24/Apr/2017:10:41:07 -0300] "GET /cormun/servlet/vevisualizador?2017,6121,,SolicitudOTAdjuntos HTTP/1.1" 200 10475
192.168.10.96 - - [24/Apr/2017:10:41:07 -0300] "GET /cormun/servlet/vevisualizador?2017,6121,,SolicitudOTAdjuntos HTTP/1.1" 200 10476
192.168.10.96 - - [24/Apr/2017:10:41:08 -0300] "POST /cormun/servlet/acontrolpreferencessavestate?None,DZAMUDIO,true HTTP/1.1" 200 35
192.168.10.96 - - [24/Apr/2017:10:41:09 -0300] "GET /cormun/PublicTempStorage/curriculum_artistico_tiare_contreras._%281%295788557.pdf HTTP/1.1" 200 89534
192.168.10.13 - - [24/Apr/2017:10:42:03 -0300] "GET / HTTP/1.1" 200 11217
192.168.10.13 - - [24/Apr/2017:10:43:03 -0300] "GET / HTTP/1.1" 200 11217
186.79.118.23 - - [24/Apr/2017:10:43:33 -0300] "GET /cormun/servlet/hlogin HTTP/1.1" 200 1726
186.79.118.23 - - [24/Apr/2017:10:43:44 -0300] "POST /cormun/servlet/hlogin?dd52e56ece240a6af8edfb71aad1e05d,gx-no-cache=1493041488586 HTTP/1.1" 200 90
186.79.118.23 - - [24/Apr/2017:10:43:45 -0300] "GET /cormun/servlet/hpexe_link HTTP/1.1" 200 953
186.79.118.23 - - [24/Apr/2017:10:43:45 -0300] "GET /cormun/servlet/hhome HTTP/1.1" 200 4013
186.79.118.23 - - [24/Apr/2017:10:43:46 -0300] "GET /cormun/servlet/hhome HTTP/1.1" 200 4009
186.79.118.23 - - [24/Apr/2017:10:43:50 -0300] "GET /cormun/servlet/trsolicitudot? HTTP/1.1" 200 6987
186.79.118.23 - - [24/Apr/2017:10:43:51 -0300] "GET /cormun/static/gxcfg.js?201731711505139 HTTP/1.1" 304 -
186.79.118.23 - - [24/Apr/2017:10:43:51 -0300] "GET /cormun/static/trsolicitudot.js?20173171151116 HTTP/1.1" 304 -
186.79.118.23 - - [24/Apr/2017:10:43:51 -0300] "GET /cormun/servlet/trsolicitudot? HTTP/1.1" 200 6987
186.79.118.23 - - [24/Apr/2017:10:43:55 -0300] "GET /cormun/servlet/solicitudot?INS,0,0, HTTP/1.1" 200 12817
186.79.118.23 - - [24/Apr/2017:10:43:55 -0300] "GET /cormun/static/Resources/Spanish/PXTools.css?18365030 HTTP/1.1" 304 -
186.79.118.23 - - [24/Apr/2017:10:43:55 -0300] "GET /cormun/static/gxcfg.js?20171191042720 HTTP/1.1" 304 -
186.79.118.23 - - [24/Apr/2017:10:43:55 -0300] "GET /cormun/static/solicitudot.js?2017119104297 HTTP/1.1" 304 -
186.79.118.23 - - [24/Apr/2017:10:43:56 -0300] "GET /cormun/servlet/solicitudot?INS,0,0, HTTP/1.1" 200 12822
192.168.10.13 - - [24/Apr/2017:10:44:03 -0300] "GET / HTTP/1.1" 200 11217
186.103.157.246 - - [24/Apr/2017:10:44:08 -0300] "GET /cormun/servlet/trsolicitudot? HTTP/1.1" 200 6052
186.103.157.246 - - [24/Apr/2017:10:44:08 -0300] "GET /cormun/static/Shared/ext/resources/css/ext-all.css?205870 HTTP/1.1" 304 -
186.103.157.246 - - [24/Apr/2017:10:44:08 -0300] "GET /cormun/static/gxui/gxui-all.css?110300 HTTP/1.1" 304 -
186.103.157.246 - - [24/Apr/2017:10:44:08 -0300] "GET /cormun/static/gxcfg.js?201731711505139 HTTP/1.1" 304 -
186.103.157.246 - - [24/Apr/2017:10:44:08 -0300] "GET /cormun/static/calendar.js?85251 HTTP/1.1" 304 -
186.103.157.246 - - [24/Apr/2017:10:44:08 -0300] "GET /cormun/static/calendar-setup.js?85251 HTTP/1.1" 304 -
186.103.157.246 - - [24/Apr/2017:10:44:08 -0300] "GET /cormun/static/calendar-system.css?75620 HTTP/1.1" 304 -
186.103.157.246 - - [24/Apr/2017:10:44:08 -0300] "GET /cormun/static/calendar-es.js?85251 HTTP/1.1" 304 -
186.103.157.246 - - [24/Apr/2017:10:44:08 -0300] "GET /cormun/static/Resources/PXTools/calendar.png HTTP/1.1" 304 -
186.103.157.246 - - [24/Apr/2017:10:44:08 -0300] "GET /cormun/static/Resources/PXToolsDataSearch.png HTTP/1.1" 304 -
186.103.157.246 - - [24/Apr/2017:10:44:08 -0300] "GET /cormun/static/Resources/PXToolsGridFirstDisabled.gif HTTP/1.1" 304 -
186.103.157.246 - - [24/Apr/2017:10:44:08 -0300] "GET /cormun/static/Resources/PXToolsGridPreviousDisabled.gif HTTP/1.1" 304 -
186.103.157.246 - - [24/Apr/2017:10:44:08 -0300] "GET /cormun/static/Resources/PXToolsGridNextDisabled.gif HTTP/1.1" 304 -
186.103.157.246 - - [24/Apr/2017:10:44:08 -0300] "GET /cormun/static/Resources/PXToolsGridLastDisabled.gif HTTP/1.1" 304 -
186.103.157.246 - - [24/Apr/2017:10:44:08 -0300] "GET /cormun/static/Resources/PXToolsGridPage.gif HTTP/1.1" 304 -
186.103.157.246 - - [24/Apr/2017:10:44:08 -0300] "GET /cormun/static/Resources/PXToolsActionExcel.png HTTP/1.1" 304 -
186.103.157.246 - - [24/Apr/2017:10:44:08 -0300] "GET /cormun/static/Resources/PXToolsGridNew.png HTTP/1.1" 304 -
186.103.157.246 - - [24/Apr/2017:10:44:08 -0300] "GET /cormun/static/gxdec.js?85251 HTTP/1.1" 304 -
186.103.157.246 - - [24/Apr/2017:10:44:08 -0300] "GET /cormun/static/trsolicitudot.js?20173171151116 HTTP/1.1" 304 -
186.103.157.246 - - [24/Apr/2017:10:44:08 -0300] "GET /cormun/static/Resources/asc.gif HTTP/1.1" 304 -
186.103.157.246 - - [24/Apr/2017:10:44:08 -0300] "GET /cormun/static/Resources/desc.gif HTTP/1.1" 304 -
186.103.157.246 - - [24/Apr/2017:10:44:08 -0300] "GET /cormun/servlet/hlogin HTTP/1.1" 200 1725
186.79.118.23 - - [24/Apr/2017:10:44:16 -0300] "POST /cormun/servlet/solicitudot?gx-no-cache=1493041520020 HTTP/1.1" 200 3182
186.79.118.23 - - [24/Apr/2017:10:44:17 -0300] "POST /cormun/servlet/solicitudot?dd52e56ece240a6af8edfb71aad1e05d,INS,0,0,,gx-no-cache=1493041520599 HTTP/1.1" 200 9928
186.67.172.234 - - [24/Apr/2017:10:44:20 -0300] "GET /cormun/servlet/trpermisosingoce? HTTP/1.1" 200 6551
186.103.157.246 - - [24/Apr/2017:10:44:23 -0300] "POST /cormun/servlet/hlogin?03531b459aa14442ba0126dd5c83f9e1,gx-no-cache=1493041526086 HTTP/1.1" 200 90
186.103.157.246 - - [24/Apr/2017:10:44:23 -0300] "GET /cormun/servlet/hpexe_link HTTP/1.1" 200 942
186.103.157.246 - - [24/Apr/2017:10:44:23 -0300] "GET /cormun/static/hpexe_link.js?201731711483384 HTTP/1.1" 304 -
186.103.157.246 - - [24/Apr/2017:10:44:23 -0300] "GET /cormun/servlet/trsolicitudot HTTP/1.1" 200 6471
186.103.157.246 - - [24/Apr/2017:10:44:24 -0300] "GET /cormun/static/Shared/ext/resources/themes/images/default/panel/bg-headersPanel.png HTTP/1.1" 304 -
186.103.157.246 - - [24/Apr/2017:10:44:24 -0300] "GET /cormun/static/Shared/ext/resources/themes/images/default/tools/tool-sprites.gif HTTP/1.1" 304 -
186.103.157.246 - - [24/Apr/2017:10:44:24 -0300] "GET /cormun/static/Shared/ext/resources/themes/images/default/tip/tip-corners.gif HTTP/1.1" 304 -
186.103.157.246 - - [24/Apr/2017:10:44:24 -0300] "GET /cormun/static/Shared/ext/resources/themes/images/default/tip/tip-sides.gif HTTP/1.1" 304 -
186.103.157.246 - - [24/Apr/2017:10:44:31 -0300] "GET /cormun/servlet/solicitudot?INS,0,0, HTTP/1.1" 200 12528
186.103.157.246 - - [24/Apr/2017:10:44:31 -0300] "GET /cormun/static/calendar-system.css?85620 HTTP/1.1" 304 -
186.103.157.246 - - [24/Apr/2017:10:44:31 -0300] "GET /cormun/static/Resources/Spanish/PXTools.css?18365030 HTTP/1.1" 304 -
186.103.157.246 - - [24/Apr/2017:10:44:31 -0300] "GET /cormun/static/gxcfg.js?20171191042720 HTTP/1.1" 304 -
186.103.157.246 - - [24/Apr/2017:10:44:31 -0300] "GET /cormun/static/Resources/prompt.gif HTTP/1.1" 304 -
186.103.157.246 - - [24/Apr/2017:10:44:31 -0300] "GET /cormun/static/solicitudot.js?2017119104297 HTTP/1.1" 304 -
186.79.118.23 - - [24/Apr/2017:10:44:32 -0300] "GET /cormun/servlet/solicitudot?d2d5bd0701de2da91f158db3fefd95549e145e9f10804f19fb974e1033cb2311a1ea11941e35e8cd09c19a3f67738638,gx-no-cache=1493041535789 HTTP/1.1" 200 30
186.79.118.23 - - [24/Apr/2017:10:44:32 -0300] "POST /cormun/servlet/solicitudot?gx-no-cache=1493041535896 HTTP/1.1" 200 240
186.79.118.23 - - [24/Apr/2017:10:44:32 -0300] "GET /cormun/servlet/solicitudot?d2d5bd0701de2da91f158db3fefd9554a1c6f46b5908280fcedf07ccfefc6dc6ca22a531a284b63bc5ad34e9e2f2d5628c3e4650a8fc3d249c4a7b0e825ab667b4fcdea699a5137d2e22dcae02f6f97d51f5cc82b4b082fd4bad565dafbcee5c48e3cf2eb7974540b3a80cab399fe8cc1fd176807b775b5f33ccde6ff274c7857f33ace9eea7b7efa80c8b4c9b18cd01afbb25e6864b2adc986dc2f66b084387d27559b9a1f8c3f1e71411874faa51dc91cf034c388f9f86412867b2d1ad47dfa5ec89282ce2e4472580e6aee76959e0d03802f9e7c75db581f256a13c137764d85364c72a04823641d9d50212c288a3bf0e2e065646702eea7210cceb589a9845040a6981f802489490354580310edb4dcc6f115d2b88df2d527cde7f3d8719ffbe5497d8dea49c5812c42603f0a6851d7acf889daddc294c09c9234b0a56b5b2c67401fd7eacbad85b78270d2c98bd565985527d733e40102c917710a21ff48b07833c3ec0a5a8308decb281d0df785e4e7c188aca39699c780248f123b779,gx-no-cache=1493041536022 HTTP/1.1" 200 30
186.79.118.23 - - [24/Apr/2017:10:44:32 -0300] "POST /cormun/servlet/solicitudot?gx-no-cache=1493041536116 HTTP/1.1" 200 30
186.79.118.23 - - [24/Apr/2017:10:44:32 -0300] "POST /cormun/servlet/solicitudot?gx-no-cache=1493041536220 HTTP/1.1" 200 235
186.79.118.23 - - [24/Apr/2017:10:44:32 -0300] "POST /cormun/servlet/solicitudot?gx-no-cache=1493041536392 HTTP/1.1" 200 38
186.67.172.234 - - [24/Apr/2017:10:44:32 -0300] "GET /cormun/servlet/permisosingoce?INS,0, HTTP/1.1" 200 6504
186.67.172.234 - - [24/Apr/2017:10:44:32 -0300] "GET /cormun/static/gxcfg.js?201732912123489 HTTP/1.1" 200 953
186.67.172.234 - - [24/Apr/2017:10:44:32 -0300] "GET /cormun/static/permisosingoce.js?201732912123526 HTTP/1.1" 200 24247
186.79.118.23 - - [24/Apr/2017:10:44:54 -0300] "POST /cormun/servlet/solicitudot?gx-no-cache=1493041557991 HTTP/1.1" 200 30
186.103.157.246 - - [24/Apr/2017:10:44:56 -0300] "POST /cormun/servlet/solicitudot?gx-no-cache=1493041558984 HTTP/1.1" 200 3177
186.103.157.246 - - [24/Apr/2017:10:44:57 -0300] "POST /cormun/servlet/solicitudot?03531b459aa14442ba0126dd5c83f9e1,INS,0,0,,gx-no-cache=1493041559429 HTTP/1.1" 200 9762
192.168.10.13 - - [24/Apr/2017:10:45:03 -0300] "GET / HTTP/1.1" 200 11217
186.103.157.246 - - [24/Apr/2017:10:45:07 -0300] "GET /cormun/servlet/solicitudot?c364c16cb9fb6d6648e26e76a0534ceb50045dcaeb64f91e1b1b16b4b98e815f9b3d59025e36ab3f96e9155fd65a9f12,gx-no-cache=1493041569808 HTTP/1.1" 200 30
186.103.157.246 - - [24/Apr/2017:10:45:38 -0300] "POST /cormun/servlet/solicitudot?gx-no-cache=1493041600920 HTTP/1.1" 200 255
186.103.157.246 - - [24/Apr/2017:10:45:38 -0300] "GET /cormun/servlet/solicitudot?c364c16cb9fb6d6648e26e76a0534ceb2a849bd31e6fdf294024904b87c0e3344ab96e96b8ee9f2ee4ff819d461fd3154ff1f622dff1066e96493cf3cfaa6576574f705ee76817826cf9f7dd1edb7efbb091c7294031cdb6a4b9d90a542e90728dcaba1ada5a599a51e44f84d68584248117ebf680939da1aa183e2f478319eb2018de7f558aa96766c99649eef2d6673e5efd6bf7c395f6cca4ea3ea137672fc4a76ab5e8d3a2b643cfcf4c48e0082cf07b8312d21e84071d1e755b04d581a0924e15936c881bf89f0bf6a6b7227ba9317ba304f0a124d2d65a560ff162c1b5247a7852d57ead404b40a25c159559f5ae4d96deb03c18431f94742f6e1de03f7f3a143939d8497496b46ffd5548bb8a3f6b80bc508df5c08c932f1ce8c3dbab117d02d9fc0ab83bc5fe4e1c6e201d28eb20dc60790de2e4ed3464cad3eaae5b1bafada6b4bc74d32b9acb86ddc01f5eebc426ceb55d121939b8c2bb61888d5387659e1a8efcec105b04581d08726e2fa93128c0a747ddf95421545219071869,gx-no-cache=1493041601132 HTTP/1.1" 200 30
186.103.157.246 - - [24/Apr/2017:10:45:39 -0300] "POST /cormun/servlet/solicitudot?gx-no-cache=1493041601539 HTTP/1.1" 200 30
186.103.157.246 - - [24/Apr/2017:10:45:39 -0300] "POST /cormun/servlet/solicitudot?gx-no-cache=1493041601688 HTTP/1.1" 200 235
186.103.157.246 - - [24/Apr/2017:10:45:39 -0300] "POST /cormun/servlet/solicitudot?gx-no-cache=1493041601847 HTTP/1.1" 200 38
186.79.118.23 - - [24/Apr/2017:10:46:03 -0300] "GET /cormun/static/Resources/resize.gif HTTP/1.1" 200 77
186.79.118.23 - - [24/Apr/2017:10:46:03 -0300] "GET /cormun/servlet/prlicenciaspermisos?15,L,,MD,,gxPopupLevel%3D0%3B HTTP/1.1" 200 5181
192.168.10.13 - - [24/Apr/2017:10:46:03 -0300] "GET / HTTP/1.1" 200 11217
186.79.118.23 - - [24/Apr/2017:10:46:03 -0300] "GET /cormun/static/gxcfg.js?201741111445743 HTTP/1.1" 200 953
186.79.118.23 - - [24/Apr/2017:10:46:03 -0300] "GET /cormun/static/Resources/PXToolsMenuSearch.png HTTP/1.1" 200 2914
186.79.118.23 - - [24/Apr/2017:10:46:03 -0300] "GET /cormun/static/Resources/PXToolsMenuSearchCancel.png HTTP/1.1" 200 2972
186.79.118.23 - - [24/Apr/2017:10:46:03 -0300] "GET /cormun/static/prlicenciaspermisos.js?201741111445890 HTTP/1.1" 200 13360
186.79.118.23 - - [24/Apr/2017:10:46:03 -0300] "GET /cormun/static/menusearch.js?201610171694467 HTTP/1.1" 304 -
186.79.118.23 - - [24/Apr/2017:10:46:03 -0300] "GET /cormun/static/hmpwkw011.js?201731711483558 HTTP/1.1" 304 -
186.79.118.23 - - [24/Apr/2017:10:46:34 -0300] "GET /cormun/servlet/prlicenciaspermisos?15106022,L,,MD,,gxPopupLevel%3D0%3B HTTP/1.1" 200 6470
186.79.118.23 - - [24/Apr/2017:10:46:46 -0300] "POST /cormun/servlet/solicitudot?gx-no-cache=1493041670361 HTTP/1.1" 200 1289
186.67.172.234 - - [24/Apr/2017:10:46:51 -0300] "GET /cormun/servlet/prfichaempleado?,MD,,gxPopupLevel%3D0%3B HTTP/1.1" 200 8784
186.79.118.23 - - [24/Apr/2017:10:46:51 -0300] "POST /cormun/servlet/solicitudot?gx-no-cache=1493041675296 HTTP/1.1" 200 41
186.79.118.23 - - [24/Apr/2017:10:47:00 -0300] "GET /cormun/servlet/solicitudot?d2d5bd0701de2da91f158db3fefd955417e709b7107d8a84e1f9601b774f97c0eb17853e8de8da1778ff37fe84f917d07e76a896afaf6fa44b3f106c544bfda5f831b80929304d5c34ed5f19ed29000ffd262fc00c633005f0a7adae64b130d82a328f561186f589749d16bc4df3c763,gx-no-cache=1493041684014 HTTP/1.1" 200 29
186.79.118.23 - - [24/Apr/2017:10:47:00 -0300] "POST /cormun/servlet/solicitudot?gx-no-cache=1493041684137 HTTP/1.1" 200 1273
186.79.118.23 - - [24/Apr/2017:10:47:00 -0300] "POST /cormun/servlet/solicitudot?gx-no-cache=1493041684425 HTTP/1.1" 200 1157
186.103.157.246 - - [24/Apr/2017:10:47:00 -0300] "POST /cormun/servlet/solicitudot?gx-no-cache=1493041683278 HTTP/1.1" 200 30
186.79.118.23 - - [24/Apr/2017:10:47:00 -0300] "GET /cormun/static/menuarrow.gif HTTP/1.1" 404 1015
192.168.10.13 - - [24/Apr/2017:10:47:03 -0300] "GET / HTTP/1.1" 200 11217
186.79.118.23 - - [24/Apr/2017:10:47:04 -0300] "POST /cormun/servlet/solicitudot?gx-no-cache=1493041687151 HTTP/1.1" 200 1273
186.79.118.23 - - [24/Apr/2017:10:47:04 -0300] "POST /cormun/servlet/solicitudot?gx-no-cache=1493041688128 HTTP/1.1" 200 1157
186.79.118.23 - - [24/Apr/2017:10:47:16 -0300] "GET /cormun/servlet/solicitudot?d2d5bd0701de2da91f158db3fefd9554539a1fe726caf3502e787abd78bc55b1e629883da872cf0614025840461157bb26711fa572bd3b62b321b11bd3df17ed74e8a6b8f99f632a8eb531f04670c75d0186308359b8d7351cefc716e3b1a33cd8822ead4cd92a9867811b3967e4ab0ccb9cd8706ee9834c76e8f39d6219033a38871b0246ff2e85977392e2acfeda090c173e3c54bcc06fb93e500b376a8ff40a0cc92926dbdafcc38076325c1c737e544944039bd29cb92696d128666537cb,gx-no-cache=1493041700168 HTTP/1.1" 200 30
186.79.118.23 - - [24/Apr/2017:10:47:30 -0300] "POST /cormun/servlet/solicitudot?dd52e56ece240a6af8edfb71aad1e05d,INS,0,0,,gx-no-cache=1493041712923 HTTP/1.1" 200 93
186.79.118.23 - - [24/Apr/2017:10:47:30 -0300] "GET /cormun/servlet/hpexe_return? HTTP/1.1" 200 1007
186.79.118.23 - - [24/Apr/2017:10:47:31 -0300] "GET /cormun/servlet/trsolicitudot HTTP/1.1" 200 8280
186.79.118.23 - - [24/Apr/2017:10:47:32 -0300] "GET /cormun/servlet/trsolicitudot HTTP/1.1" 200 8276
186.79.118.23 - - [24/Apr/2017:10:47:37 -0300] "POST /cormun/servlet/trsolicitudot?dd52e56ece240a6af8edfb71aad1e05d,gx-no-cache=1493041721288 HTTP/1.1" 200 106
186.79.118.23 - - [24/Apr/2017:10:47:38 -0300] "GET /cormun/servlet/trsolicitudadjuntos?2017,6177, HTTP/1.1" 200 6117
186.79.118.23 - - [24/Apr/2017:10:47:38 -0300] "GET /cormun/static/trsolicitudadjuntos.js?201731711504951 HTTP/1.1" 304 -
186.79.118.23 - - [24/Apr/2017:10:47:38 -0300] "GET /cormun/static/gxcfg.js?201731711504543 HTTP/1.1" 200 953
186.79.118.23 - - [24/Apr/2017:10:47:39 -0300] "GET /cormun/servlet/trsolicitudadjuntos?2017,6177, HTTP/1.1" 200 6117
186.79.118.23 - - [24/Apr/2017:10:47:41 -0300] "GET /cormun/servlet/solicitudotadjuntos?INS,2017,6177,,1, HTTP/1.1" 200 6055
186.79.118.23 - - [24/Apr/2017:10:47:41 -0300] "GET /cormun/static/gxcfg.js?201612218465951 HTTP/1.1" 304 -
186.79.118.23 - - [24/Apr/2017:10:47:41 -0300] "GET /cormun/static/solicitudotadjuntos.js?201612218465969 HTTP/1.1" 304 -
186.79.118.23 - - [24/Apr/2017:10:47:41 -0300] "GET /cormun/static/about:blank HTTP/1.1" 404 1011
186.79.118.23 - - [24/Apr/2017:10:47:42 -0300] "GET /cormun/servlet/solicitudotadjuntos?INS,2017,6177,,1, HTTP/1.1" 200 6048
186.79.118.23 - - [24/Apr/2017:10:47:43 -0300] "GET /cormun/servlet/solicitudotadjuntos?d2d5bd0701de2da91f158db3fefd955431207ac3fd35a6dedf8db2fde7a9406e82bcd68c9dd0035db3209e8a33e0b6cc,gx-no-cache=1493041726726 HTTP/1.1" 200 30
186.79.118.23 - - [24/Apr/2017:10:47:43 -0300] "POST /cormun/servlet/solicitudotadjuntos?dd52e56ece240a6af8edfb71aad1e05d,INS,2017,6177,,1,,gx-no-cache=1493041727257 HTTP/1.1" 200 3829
186.103.157.246 - - [24/Apr/2017:10:47:51 -0300] "POST /cormun/servlet/solicitudot?gx-no-cache=1493041733782 HTTP/1.1" 200 30
186.79.118.23 - - [24/Apr/2017:10:47:54 -0300] "POST /cormun/servlet/solicitudotadjuntos?gx-no-cache=1493041737924 HTTP/1.1" 200 26
192.168.10.13 - - [24/Apr/2017:10:48:03 -0300] "GET / HTTP/1.1" 200 11217
186.79.118.23 - - [24/Apr/2017:10:48:12 -0300] "GET /cormun/servlet/solicitudotadjuntos?d2d5bd0701de2da91f158db3fefd95540bacf0dfb5273f640ec9e1fadaf0c921,gx-no-cache=1493041756131 HTTP/1.1" 200 30
186.79.118.23 - - [24/Apr/2017:10:48:12 -0300] "GET /cormun/servlet/solicitudotadjuntos?d2d5bd0701de2da91f158db3fefd95540bacf0dfb5273f640ec9e1fadaf0c921,gx-no-cache=1493041756340 HTTP/1.1" 200 30
186.79.118.23 - - [24/Apr/2017:10:48:19 -0300] "POST /cormun/servlet/solicitudotadjuntos?dd52e56ece240a6af8edfb71aad1e05d,INS,2017,6177,,1, HTTP/1.1" 200 116
186.79.118.23 - - [24/Apr/2017:10:48:19 -0300] "GET /cormun/servlet/hpexe_return? HTTP/1.1" 200 1025
186.79.118.23 - - [24/Apr/2017:10:48:20 -0300] "GET /cormun/servlet/trsolicitudadjuntos?2017,6177, HTTP/1.1" 200 8285
186.79.118.23 - - [24/Apr/2017:10:48:21 -0300] "GET /cormun/servlet/trsolicitudadjuntos?2017,6177, HTTP/1.1" 200 8278
186.79.118.23 - - [24/Apr/2017:10:48:23 -0300] "GET /cormun/servlet/solicitudotadjuntos?INS,2017,6177,,1, HTTP/1.1" 200 6055
186.79.118.23 - - [24/Apr/2017:10:48:24 -0300] "GET /cormun/static/about:blank HTTP/1.1" 404 1011
186.79.118.23 - - [24/Apr/2017:10:48:25 -0300] "GET /cormun/servlet/solicitudotadjuntos?INS,2017,6177,,1, HTTP/1.1" 200 6048
186.79.118.23 - - [24/Apr/2017:10:48:25 -0300] "GET /cormun/servlet/solicitudotadjuntos?d2d5bd0701de2da91f158db3fefd955431207ac3fd35a6dedf8db2fde7a9406e82bcd68c9dd0035db3209e8a33e0b6cc,gx-no-cache=1493041769177 HTTP/1.1" 200 30
186.79.118.23 - - [24/Apr/2017:10:48:25 -0300] "POST /cormun/servlet/solicitudotadjuntos?dd52e56ece240a6af8edfb71aad1e05d,INS,2017,6177,,1,,gx-no-cache=1493041769326 HTTP/1.1" 200 3829
186.79.118.23 - - [24/Apr/2017:10:48:29 -0300] "POST /cormun/servlet/solicitudotadjuntos?gx-no-cache=1493041772729 HTTP/1.1" 200 26
186.79.133.3 - - [24/Apr/2017:10:48:37 -0300] "GET /cormun/servlet/hlogin HTTP/1.1" 200 1723
186.79.133.3 - - [24/Apr/2017:10:48:37 -0300] "GET /cormun/static/gxcfg.js?201741110203197 HTTP/1.1" 304 -
186.79.118.23 - - [24/Apr/2017:10:48:37 -0300] "GET /cormun/servlet/solicitudotadjuntos?d2d5bd0701de2da91f158db3fefd95540bacf0dfb5273f640ec9e1fadaf0c921,gx-no-cache=1493041780937 HTTP/1.1" 200 30
186.79.133.3 - - [24/Apr/2017:10:48:37 -0300] "GET /cormun/static/messages.spa.js?85251 HTTP/1.1" 304 -
186.79.133.3 - - [24/Apr/2017:10:48:37 -0300] "GET /cormun/static/hlogin.js?201741110203211 HTTP/1.1" 304 -
186.79.133.3 - - [24/Apr/2017:10:48:37 -0300] "GET /cormun/servlet/hlogin HTTP/1.1" 200 1734
186.79.118.23 - - [24/Apr/2017:10:48:37 -0300] "GET /cormun/servlet/solicitudotadjuntos?d2d5bd0701de2da91f158db3fefd95540bacf0dfb5273f640ec9e1fadaf0c921,gx-no-cache=1493041781157 HTTP/1.1" 200 30
186.79.133.3 - - [24/Apr/2017:10:48:43 -0300] "POST /cormun/servlet/hlogin?a8126957776879e8fcf4493ac4d6031b,gx-no-cache=1493041786139 HTTP/1.1" 200 90
186.79.133.3 - - [24/Apr/2017:10:48:43 -0300] "GET /cormun/servlet/hpexe_link HTTP/1.1" 200 954
186.79.133.3 - - [24/Apr/2017:10:48:43 -0300] "GET /cormun/static/gxcfg.js?201731711483381 HTTP/1.1" 304 -
186.79.133.3 - - [24/Apr/2017:10:48:44 -0300] "GET /cormun/servlet/hhome HTTP/1.1" 200 3812
186.79.133.3 - - [24/Apr/2017:10:48:44 -0300] "GET /cormun/static/gxcfg.js?201731711483497 HTTP/1.1" 304 -
186.79.133.3 - - [24/Apr/2017:10:48:44 -0300] "GET /cormun/servlet/hhome HTTP/1.1" 200 3809
186.67.172.234 - - [24/Apr/2017:10:48:46 -0300] "POST /cormun/servlet/prfichaempleado?400e3322a3a43a46c548ca3380cd848f,,MD,,gxPopupLevel%3D0%3B,gx-no-cache=1493041788987 HTTP/1.1" 200 4646
186.79.133.3 - - [24/Apr/2017:10:48:50 -0300] "GET /cormun/servlet/trsolicitudot? HTTP/1.1" 200 8062
186.79.133.3 - - [24/Apr/2017:10:48:51 -0300] "GET /cormun/static/gxcfg.js?201731711505139 HTTP/1.1" 304 -
186.79.133.3 - - [24/Apr/2017:10:48:51 -0300] "GET /cormun/servlet/trsolicitudot? HTTP/1.1" 200 8060
186.67.172.234 - - [24/Apr/2017:10:48:55 -0300] "GET /cormun/servlet/permisosingoce?5d0243e424ac9d14d14f70578bbbadfdb3b69d4a7f7df2ee7cbab2e785a6e134063256f9b22efbab0fee2c3c54a29be0,gx-no-cache=1493041797428 HTTP/1.1" 200 83
186.67.172.234 - - [24/Apr/2017:10:48:55 -0300] "GET /cormun/static/menuarrow.gif HTTP/1.1" 404 1015
192.168.10.13 - - [24/Apr/2017:10:49:03 -0300] "GET / HTTP/1.1" 200 11217
186.67.172.234 - - [24/Apr/2017:10:49:08 -0300] "GET /cormun/servlet/permisosingoce?5d0243e424ac9d14d14f70578bbbadfd67678afd9fe33245d7474361a696d34e15635917ce07eeb33349bce16c2b593d,gx-no-cache=1493041810388 HTTP/1.1" 200 33
186.67.172.234 - - [24/Apr/2017:10:49:13 -0300] "GET /cormun/servlet/permisosingoce?5d0243e424ac9d14d14f70578bbbadfde676109a8d82c73ed8a4c4f4ecf97a25baa47c32971362d648df4d8798a58c17599aa9eb2b140bb262a338bb85f79ec253312eb54cfe48d517b4930894a1d0e6cce9ba3c69d1cd4dbfc20b7255826d3ef935fb233136aea7e078b5125c0edc6d5e26debda6a451cc2ddf42ef0735399128f632da1188926c8fb1ca9bd48430120a7ed7bce57a3a2fe95953ed2ce41739,gx-no-cache=1493041816291 HTTP/1.1" 200 41
186.79.118.23 - - [24/Apr/2017:10:49:22 -0300] "POST /cormun/servlet/solicitudotadjuntos?dd52e56ece240a6af8edfb71aad1e05d,INS,2017,6177,,1, HTTP/1.1" 200 116
186.79.118.23 - - [24/Apr/2017:10:49:22 -0300] "GET /cormun/servlet/hpexe_return? HTTP/1.1" 200 1025
186.79.118.23 - - [24/Apr/2017:10:49:23 -0300] "GET /cormun/servlet/trsolicitudadjuntos?2017,6177, HTTP/1.1" 200 8463
186.79.118.23 - - [24/Apr/2017:10:49:24 -0300] "GET /cormun/servlet/trsolicitudadjuntos?2017,6177, HTTP/1.1" 200 8459
186.79.133.3 - - [24/Apr/2017:10:49:24 -0300] "GET /cormun/servlet/solicitudot?INS,0,0, HTTP/1.1" 200 12627
186.79.133.3 - - [24/Apr/2017:10:49:24 -0300] "GET /cormun/static/gxcfg.js?20171191042720 HTTP/1.1" 304 -
186.79.133.3 - - [24/Apr/2017:10:49:25 -0300] "GET /cormun/servlet/solicitudot?INS,0,0, HTTP/1.1" 200 12630
186.79.118.23 - - [24/Apr/2017:10:49:27 -0300] "GET /cormun/servlet/solicitudotadjuntos?INS,2017,6177,,1, HTTP/1.1" 200 6056
186.79.118.23 - - [24/Apr/2017:10:49:27 -0300] "GET /cormun/static/about:blank HTTP/1.1" 404 1011
186.79.118.23 - - [24/Apr/2017:10:49:28 -0300] "GET /cormun/servlet/solicitudotadjuntos?INS,2017,6177,,1, HTTP/1.1" 200 6049
186.79.118.23 - - [24/Apr/2017:10:49:28 -0300] "GET /cormun/servlet/solicitudotadjuntos?d2d5bd0701de2da91f158db3fefd955431207ac3fd35a6dedf8db2fde7a9406e82bcd68c9dd0035db3209e8a33e0b6cc,gx-no-cache=1493041832483 HTTP/1.1" 200 30
186.79.118.23 - - [24/Apr/2017:10:49:29 -0300] "POST /cormun/servlet/solicitudotadjuntos?dd52e56ece240a6af8edfb71aad1e05d,INS,2017,6177,,1,,gx-no-cache=1493041832626 HTTP/1.1" 200 3830
186.79.118.23 - - [24/Apr/2017:10:49:33 -0300] "POST /cormun/servlet/solicitudotadjuntos?gx-no-cache=1493041837514 HTTP/1.1" 200 26
186.67.172.234 - - [24/Apr/2017:10:49:37 -0300] "POST /cormun/servlet/permisosingoce?400e3322a3a43a46c548ca3380cd848f,INS,0,,gx-no-cache=1493041839385 HTTP/1.1" 200 4006
186.67.172.234 - - [24/Apr/2017:10:49:37 -0300] "POST /cormun/servlet/permisosingoce?400e3322a3a43a46c548ca3380cd848f,INS,0,,gx-no-cache=1493041839619 HTTP/1.1" 200 3956
186.79.118.23 - - [24/Apr/2017:10:49:39 -0300] "GET /cormun/servlet/solicitudotadjuntos?d2d5bd0701de2da91f158db3fefd95540bacf0dfb5273f640ec9e1fadaf0c921,gx-no-cache=1493041843571 HTTP/1.1" 200 30
186.79.118.23 - - [24/Apr/2017:10:49:39 -0300] "GET /cormun/servlet/solicitudotadjuntos?d2d5bd0701de2da91f158db3fefd95540bacf0dfb5273f640ec9e1fadaf0c921,gx-no-cache=1493041843681 HTTP/1.1" 200 30
186.79.118.23 - - [24/Apr/2017:10:49:44 -0300] "POST /cormun/servlet/solicitudotadjuntos?dd52e56ece240a6af8edfb71aad1e05d,INS,2017,6177,,1, HTTP/1.1" 200 116
186.79.118.23 - - [24/Apr/2017:10:49:44 -0300] "GET /cormun/servlet/hpexe_return? HTTP/1.1" 200 1025
186.67.172.234 - - [24/Apr/2017:10:49:44 -0300] "GET /cormun/servlet/permisosingoce?5d0243e424ac9d14d14f70578bbbadfd15bbcc7c0c8570fdabe637afb5dde633c001a6ad5812fc0391b4f967723e277a5969c575f03dd7355758b5861ac52c7b101e905b24a7565069f2f068c511fb917fae83d5d5b7d52ce7ebd5a6f02c54240a7ed7bce57a3a2fe95953ed2ce41739,gx-no-cache=1493041846971 HTTP/1.1" 200 83
186.67.172.234 - - [24/Apr/2017:10:49:44 -0300] "GET /cormun/servlet/permisosingoce?5d0243e424ac9d14d14f70578bbbadfde676109a8d82c73ed8a4c4f4ecf97a25baa47c32971362d648df4d8798a58c17599aa9eb2b140bb262a338bb85f79ec253312eb54cfe48d517b4930894a1d0e6cce9ba3c69d1cd4dbfc20b7255826d3ef935fb233136aea7e078b5125c0edc6d5e26debda6a451cc2ddf42ef073539914bf4021ee8cbe4f7d581480f1975d5033d9e30146c8eba381749ff7a148b54d9,gx-no-cache=1493041847089 HTTP/1.1" 200 41
186.79.118.23 - - [24/Apr/2017:10:49:45 -0300] "GET /cormun/servlet/trsolicitudadjuntos?2017,6177, HTTP/1.1" 200 8614
186.67.172.234 - - [24/Apr/2017:10:49:45 -0300] "POST /cormun/servlet/permisosingoce?400e3322a3a43a46c548ca3380cd848f,INS,0,,gx-no-cache=1493041847171 HTTP/1.1" 200 93
186.67.172.234 - - [24/Apr/2017:10:49:45 -0300] "GET /cormun/servlet/hpexe_return? HTTP/1.1" 200 1009
186.67.172.234 - - [24/Apr/2017:10:49:45 -0300] "GET /cormun/servlet/trpermisosingoce HTTP/1.1" 200 7399
186.79.118.23 - - [24/Apr/2017:10:49:46 -0300] "GET /cormun/servlet/trsolicitudadjuntos?2017,6177, HTTP/1.1" 200 8612
186.79.118.23 - - [24/Apr/2017:10:49:48 -0300] "GET /cormun/servlet/solicitudotadjuntos?INS,2017,6177,,1, HTTP/1.1" 200 6056
186.79.118.23 - - [24/Apr/2017:10:49:48 -0300] "GET /cormun/static/about:blank HTTP/1.1" 404 1011
186.79.118.23 - - [24/Apr/2017:10:49:49 -0300] "GET /cormun/servlet/solicitudotadjuntos?INS,2017,6177,,1, HTTP/1.1" 200 6049
186.79.118.23 - - [24/Apr/2017:10:49:50 -0300] "GET /cormun/servlet/solicitudotadjuntos?d2d5bd0701de2da91f158db3fefd955431207ac3fd35a6dedf8db2fde7a9406e82bcd68c9dd0035db3209e8a33e0b6cc,gx-no-cache=1493041853736 HTTP/1.1" 200 30
186.79.118.23 - - [24/Apr/2017:10:49:50 -0300] "POST /cormun/servlet/solicitudotadjuntos?dd52e56ece240a6af8edfb71aad1e05d,INS,2017,6177,,1,,gx-no-cache=1493041853922 HTTP/1.1" 200 3830
186.79.118.23 - - [24/Apr/2017:10:49:53 -0300] "POST /cormun/servlet/solicitudotadjuntos?gx-no-cache=1493041857200 HTTP/1.1" 200 26
186.79.133.3 - - [24/Apr/2017:10:49:55 -0300] "POST /cormun/servlet/solicitudot?gx-no-cache=1493041856857 HTTP/1.1" 200 3204
186.79.133.3 - - [24/Apr/2017:10:49:55 -0300] "POST /cormun/servlet/solicitudot?a8126957776879e8fcf4493ac4d6031b,INS,0,0,,gx-no-cache=1493041857791 HTTP/1.1" 200 9801
186.79.133.3 - - [24/Apr/2017:10:49:59 -0300] "GET /cormun/servlet/solicitudot?39dd0eb8ffc80dd2a1f289ff9f1b28b5d216efb293cecaff073a983aa970c62ec3867da7ce2572fd84dc31f7bf16ca0c,gx-no-cache=1493041861708 HTTP/1.1" 200 30
186.79.118.23 - - [24/Apr/2017:10:49:59 -0300] "GET /cormun/servlet/solicitudotadjuntos?d2d5bd0701de2da91f158db3fefd95540bacf0dfb5273f640ec9e1fadaf0c921,gx-no-cache=1493041863073 HTTP/1.1" 200 30
186.79.133.3 - - [24/Apr/2017:10:49:59 -0300] "POST /cormun/servlet/solicitudot?gx-no-cache=1493041861887 HTTP/1.1" 200 255
186.79.118.23 - - [24/Apr/2017:10:49:59 -0300] "GET /cormun/servlet/solicitudotadjuntos?d2d5bd0701de2da91f158db3fefd95540bacf0dfb5273f640ec9e1fadaf0c921,gx-no-cache=1493041863181 HTTP/1.1" 200 30
186.79.133.3 - - [24/Apr/2017:10:49:59 -0300] "GET /cormun/servlet/solicitudot?39dd0eb8ffc80dd2a1f289ff9f1b28b53736fd123dce61f3a85e6b98398d740d1a8f378f0bce0aec645dfe167f0dca13e385e98a89c88a8bbeae12c2afd71a7bde9eb0044bc4d6e7ae8d0e743a45b4107a3cf281ceb3fcc6b9d9ddc04523c5f0985d9d00a662baa1d0cead7f1fef770baee1326ed56e6cfc6746aeeb99a00795abc9b2d8ffe8f799c9f53be29e0ca4ac9b3213fc1c51e7ed047f7c2cb3ba780a88c0bacfc4de8582062111daca8b4c49b84f6a64b9446feffff7411dd12e605a699a0eb7f987ee47e3c89be1a075a669e89894519cecb2adf98729346f0bedb58d2037cfa25b2bd2f2caf3b4bf6382a5b73eb4d8c31658ddd9a6fe4f40f78391f52a830b34cd5402894c418c6f0d49e57d5cc1ea239a5ec178cb782aa04737159e9454e69e553f399863f983dcbd39f7f036618233774fad20329899b63d1292cd115c5653601d633d48ae8b67ad91007ba3f4b9eb1e5479b44389342b184a2f8471a1f419734074a973b2741bafda707b82335a2941070ca7d69a8d7feb22df,gx-no-cache=1493041862010 HTTP/1.1" 200 30
186.79.133.3 - - [24/Apr/2017:10:50:01 -0300] "POST /cormun/servlet/solicitudot?gx-no-cache=1493041864369 HTTP/1.1" 200 30
192.168.10.13 - - [24/Apr/2017:10:50:03 -0300] "GET / HTTP/1.1" 200 11217
186.79.118.23 - - [24/Apr/2017:10:50:03 -0300] "POST /cormun/servlet/solicitudotadjuntos?dd52e56ece240a6af8edfb71aad1e05d,INS,2017,6177,,1, HTTP/1.1" 200 116
186.79.118.23 - - [24/Apr/2017:10:50:03 -0300] "GET /cormun/servlet/hpexe_return? HTTP/1.1" 200 1025
186.79.118.23 - - [24/Apr/2017:10:50:04 -0300] "GET /cormun/servlet/trsolicitudadjuntos?2017,6177, HTTP/1.1" 200 8751
186.79.118.23 - - [24/Apr/2017:10:50:05 -0300] "GET /cormun/servlet/trsolicitudadjuntos?2017,6177, HTTP/1.1" 200 8746
186.79.133.3 - - [24/Apr/2017:10:50:06 -0300] "GET /cormun/servlet/prcontratosol?15370691,,,,,MD,,gxPopupLevel%3D0%3B HTTP/1.1" 200 5968
186.79.133.3 - - [24/Apr/2017:10:50:06 -0300] "GET /cormun/static/gxcfg.js?201731711522183 HTTP/1.1" 304 -
186.79.133.3 - - [24/Apr/2017:10:50:06 -0300] "GET /cormun/static/prcontratosol.js?201731711522419 HTTP/1.1" 304 -
186.79.118.23 - - [24/Apr/2017:10:50:08 -0300] "GET /cormun/servlet/solicitudotadjuntos?INS,2017,6177,,1, HTTP/1.1" 200 6056
186.79.133.3 - - [24/Apr/2017:10:50:08 -0300] "POST /cormun/servlet/solicitudot?gx-no-cache=1493041871096 HTTP/1.1" 200 1292
186.79.133.3 - - [24/Apr/2017:10:50:08 -0300] "POST /cormun/servlet/solicitudot?gx-no-cache=1493041871253 HTTP/1.1" 200 38
186.79.133.3 - - [24/Apr/2017:10:50:08 -0300] "GET /cormun/servlet/solicitudot?39dd0eb8ffc80dd2a1f289ff9f1b28b573a20ef87dbfe6ac12fac8d8facb98c83219cec5fff4bce50bb17949cc372c2e6d7c4599add95331ee1788efadb506c11883dc690c79472dfd037d8d6f50226840eb136def4b065dc32e5cb10ce5a91c2f45dea67178ab7549e3bc0c90293af81b8afc2ed5fb43c7b5fc0742bacff105cd2ae0a770fff83468710c2881d57822220513d7a2eddaa58afb435e18172893b49b7161ddb5ea29ce24fffdc531a8c54964c225a8f6457a4ce29ad87701ba7292be2986086e539fb160a74032c5a7c9,gx-no-cache=1493041871335 HTTP/1.1" 200 29
186.79.133.3 - - [24/Apr/2017:10:50:08 -0300] "POST /cormun/servlet/solicitudot?gx-no-cache=1493041871411 HTTP/1.1" 200 1275
186.79.133.3 - - [24/Apr/2017:10:50:09 -0300] "POST /cormun/servlet/solicitudot?gx-no-cache=1493041871579 HTTP/1.1" 200 1158
186.79.118.23 - - [24/Apr/2017:10:50:09 -0300] "GET /cormun/static/about:blank HTTP/1.1" 404 1011
186.79.118.23 - - [24/Apr/2017:10:50:09 -0300] "GET /cormun/servlet/solicitudotadjuntos?INS,2017,6177,,1, HTTP/1.1" 200 6049
186.79.118.23 - - [24/Apr/2017:10:50:10 -0300] "GET /cormun/servlet/solicitudotadjuntos?d2d5bd0701de2da91f158db3fefd955431207ac3fd35a6dedf8db2fde7a9406e82bcd68c9dd0035db3209e8a33e0b6cc,gx-no-cache=1493041873628 HTTP/1.1" 200 30
186.79.118.23 - - [24/Apr/2017:10:50:10 -0300] "POST /cormun/servlet/solicitudotadjuntos?dd52e56ece240a6af8edfb71aad1e05d,INS,2017,6177,,1,,gx-no-cache=1493041874158 HTTP/1.1" 200 3830
186.79.118.23 - - [24/Apr/2017:10:50:15 -0300] "POST /cormun/servlet/solicitudotadjuntos?gx-no-cache=1493041879143 HTTP/1.1" 200 26
186.79.118.23 - - [24/Apr/2017:10:50:21 -0300] "GET /cormun/servlet/solicitudotadjuntos?d2d5bd0701de2da91f158db3fefd95540bacf0dfb5273f640ec9e1fadaf0c921,gx-no-cache=1493041884881 HTTP/1.1" 200 30
186.79.133.3 - - [24/Apr/2017:10:50:21 -0300] "POST /cormun/servlet/solicitudot?gx-no-cache=1493041883581 HTTP/1.1" 200 1274
186.79.118.23 - - [24/Apr/2017:10:50:21 -0300] "GET /cormun/servlet/solicitudotadjuntos?d2d5bd0701de2da91f158db3fefd95540bacf0dfb5273f640ec9e1fadaf0c921,gx-no-cache=1493041884964 HTTP/1.1" 200 30
186.79.133.3 - - [24/Apr/2017:10:50:21 -0300] "POST /cormun/servlet/solicitudot?gx-no-cache=1493041883796 HTTP/1.1" 200 1158
186.79.118.23 - - [24/Apr/2017:10:50:28 -0300] "POST /cormun/servlet/solicitudotadjuntos?dd52e56ece240a6af8edfb71aad1e05d,INS,2017,6177,,1, HTTP/1.1" 200 116
186.79.118.23 - - [24/Apr/2017:10:50:28 -0300] "GET /cormun/servlet/hpexe_return? HTTP/1.1" 200 1025
186.79.133.3 - - [24/Apr/2017:10:50:28 -0300] "GET /cormun/static/menuarrow.gif HTTP/1.1" 404 1015
186.79.118.23 - - [24/Apr/2017:10:50:29 -0300] "GET /cormun/servlet/trsolicitudadjuntos?2017,6177, HTTP/1.1" 200 8948
186.79.118.23 - - [24/Apr/2017:10:50:30 -0300] "GET /cormun/servlet/trsolicitudadjuntos?2017,6177, HTTP/1.1" 200 8947
186.79.118.23 - - [24/Apr/2017:10:50:34 -0300] "GET /cormun/servlet/solicitudotadjuntos?INS,2017,6177,,1, HTTP/1.1" 200 6056
186.79.118.23 - - [24/Apr/2017:10:50:35 -0300] "GET /cormun/static/about:blank HTTP/1.1" 404 1011
186.79.118.23 - - [24/Apr/2017:10:50:35 -0300] "GET /cormun/servlet/solicitudotadjuntos?INS,2017,6177,,1, HTTP/1.1" 200 6049
186.79.118.23 - - [24/Apr/2017:10:50:36 -0300] "GET /cormun/servlet/solicitudotadjuntos?d2d5bd0701de2da91f158db3fefd955431207ac3fd35a6dedf8db2fde7a9406e82bcd68c9dd0035db3209e8a33e0b6cc,gx-no-cache=1493041900081 HTTP/1.1" 200 30
186.79.118.23 - - [24/Apr/2017:10:50:36 -0300] "POST /cormun/servlet/solicitudotadjuntos?dd52e56ece240a6af8edfb71aad1e05d,INS,2017,6177,,1,,gx-no-cache=1493041900179 HTTP/1.1" 200 3830
186.79.118.23 - - [24/Apr/2017:10:50:39 -0300] "POST /cormun/servlet/solicitudotadjuntos?gx-no-cache=1493041903186 HTTP/1.1" 200 26
186.79.133.3 - - [24/Apr/2017:10:50:43 -0300] "GET /cormun/servlet/solicitudot?39dd0eb8ffc80dd2a1f289ff9f1b28b526d7819f3f19a07c87483d6d2fe2673b3edb1720e9d18fe35c51167bed783374a8d3bd8dedd9281be72e1cd41f6f16b5262ff5dff450f56762c21fc6ad5e8e9dee5cf4faebe2c9bb7381d55c5c3eb5fb4c52100de22798fc30b15c9cc496993b200d0591594425405dd906f1ab1c21f07a5fbdb25b624fe15cfc7dd3f9c5a11b11893586496ac2260d088ae091d4d740b8a128440e6ccfc5165c7c2435c844d4,gx-no-cache=1493041905792 HTTP/1.1" 200 30
186.79.118.23 - - [24/Apr/2017:10:50:47 -0300] "GET /cormun/servlet/solicitudotadjuntos?d2d5bd0701de2da91f158db3fefd95540bacf0dfb5273f640ec9e1fadaf0c921,gx-no-cache=1493041911121 HTTP/1.1" 200 30
186.79.118.23 - - [24/Apr/2017:10:50:47 -0300] "GET /cormun/servlet/solicitudotadjuntos?d2d5bd0701de2da91f158db3fefd95540bacf0dfb5273f640ec9e1fadaf0c921,gx-no-cache=1493041911315 HTTP/1.1" 200 30
186.79.118.23 - - [24/Apr/2017:10:50:54 -0300] "POST /cormun/servlet/solicitudotadjuntos?dd52e56ece240a6af8edfb71aad1e05d,INS,2017,6177,,1, HTTP/1.1" 200 116
186.79.118.23 - - [24/Apr/2017:10:50:54 -0300] "GET /cormun/servlet/hpexe_return? HTTP/1.1" 200 1025
186.79.118.23 - - [24/Apr/2017:10:50:55 -0300] "GET /cormun/servlet/trsolicitudadjuntos?2017,6177, HTTP/1.1" 200 9155
186.79.118.23 - - [24/Apr/2017:10:50:56 -0300] "GET /cormun/servlet/trsolicitudadjuntos?2017,6177, HTTP/1.1" 200 9151
200.86.184.230 - - [24/Apr/2017:10:50:58 -0300] "GET /cormun/servlet/trsolicitudot HTTP/1.1" 200 6063
200.86.184.230 - - [24/Apr/2017:10:50:58 -0300] "GET /cormun/static/Resources/Spanish/PXTools.css?11294912 HTTP/1.1" 304 -
200.86.184.230 - - [24/Apr/2017:10:50:58 -0300] "GET /cormun/static/gxtimezone.js?85251 HTTP/1.1" 304 -
200.86.184.230 - - [24/Apr/2017:10:50:58 -0300] "GET /cormun/static/calendar.js?85251 HTTP/1.1" 304 -
200.86.184.230 - - [24/Apr/2017:10:50:58 -0300] "GET /cormun/static/gxcfg.js?201731711505139 HTTP/1.1" 200 953
200.86.184.230 - - [24/Apr/2017:10:50:58 -0300] "GET /cormun/static/calendar-es.js?85251 HTTP/1.1" 304 -
200.86.184.230 - - [24/Apr/2017:10:50:58 -0300] "GET /cormun/static/calendar-setup.js?85251 HTTP/1.1" 304 -
200.86.184.230 - - [24/Apr/2017:10:50:58 -0300] "GET /cormun/static/messages.spa.js?85251 HTTP/1.1" 200 30736
200.86.184.230 - - [24/Apr/2017:10:50:58 -0300] "GET /cormun/static/gxdec.js?85251 HTTP/1.1" 304 -
200.86.184.230 - - [24/Apr/2017:10:50:59 -0300] "GET /cormun/static/trsolicitudot.js?20173171151116 HTTP/1.1" 304 -
200.86.184.230 - - [24/Apr/2017:10:50:59 -0300] "GET /cormun/static/hpexe_recentlink.js?201610171694390 HTTP/1.1" 304 -
200.86.184.230 - - [24/Apr/2017:10:50:59 -0300] "GET /cormun/static/hpexe_messagecontroller.js?201610171694323 HTTP/1.1" 304 -
200.86.184.230 - - [24/Apr/2017:10:50:59 -0300] "GET /cormun/static/hpexe_messagegenexuscomponent.js?201731711335537 HTTP/1.1" 304 -
200.86.184.230 - - [24/Apr/2017:10:50:59 -0300] "GET /cormun/static/cmcontrolpreferences.js?201731711335852 HTTP/1.1" 304 -
200.86.184.230 - - [24/Apr/2017:10:50:59 -0300] "GET /cormun/static/hmpwkw03.js?201731711485354 HTTP/1.1" 304 -
200.86.184.230 - - [24/Apr/2017:10:50:59 -0300] "GET /cormun/static/hpexe_messagepopupcomponent.js?20161017169425 HTTP/1.1" 304 -
200.86.184.230 - - [24/Apr/2017:10:50:59 -0300] "GET /cormun/static/hwchdr01.js?201731711335950 HTTP/1.1" 304 -
200.86.184.230 - - [24/Apr/2017:10:50:59 -0300] "GET /cormun/static/hpexe_scripts.js?201731711335890 HTTP/1.1" 304 -
200.86.184.230 - - [24/Apr/2017:10:50:59 -0300] "GET /cormun/servlet/hlogin HTTP/1.1" 200 1737
200.86.184.230 - - [24/Apr/2017:10:50:59 -0300] "GET /cormun/servlet/trsolicitudot HTTP/1.1" 200 6074
200.86.184.230 - - [24/Apr/2017:10:50:59 -0300] "GET /cormun/static/gxcfg.js?201741110203197 HTTP/1.1" 200 953
200.86.184.230 - - [24/Apr/2017:10:50:59 -0300] "GET /cormun/static/hlogin.js?201741110203211 HTTP/1.1" 304 -
200.86.184.230 - - [24/Apr/2017:10:51:00 -0300] "GET /favicon.ico HTTP/1.1" 200 21630
192.168.10.13 - - [24/Apr/2017:10:51:03 -0300] "GET / HTTP/1.1" 200 11217
186.79.118.23 - - [24/Apr/2017:10:51:07 -0300] "POST /cormun/servlet/trsolicitudadjuntos?dd52e56ece240a6af8edfb71aad1e05d,2017,6177,,gx-no-cache=1493041930538 HTTP/1.1" 200 90
186.79.118.23 - - [24/Apr/2017:10:51:07 -0300] "GET /cormun/servlet/hpexe_link HTTP/1.1" 200 970
186.79.118.23 - - [24/Apr/2017:10:51:07 -0300] "GET /cormun/servlet/trsolicitudot HTTP/1.1" 200 8277
186.79.118.23 - - [24/Apr/2017:10:51:09 -0300] "GET /cormun/servlet/trsolicitudot HTTP/1.1" 200 8276
