186.67.172.234 - - [24/Apr/2017:17:22:22 -0300] "GET /cormun/servlet/solicitudot?6ccfff8bafac975881e8277bf2ea0929839211c9776175026134d16abb355c8260f146091b20c5a71b22df2c0782ba1ab6b47f71a550cc01e9a48fe26e30907ccc0f6af16ccca44df1b28e858bebe6b9eb09fd4527952b06599eabb761dad4a1f69928e79c06e838a3d1ba917f3a6e75f48d8bf6cfa15b5b25c05f31d18a80d230cd6cb87241a64ef758fd4264052ef6cd7fbab54fcce803cf841ecc9292cca70669c1ad4b9ae965465b7fb7440ff9cc92fdc9d77e33e77d08f1d95b756c845afb6322611c83d5ef58226928ab1f61b651f77e26aa7d05e6f02d2caba1358b01b039eb5143c2f21d76b70b28d377fd109db1cf6a56eb0c6f14caf5b10da760c75df9412eaafd0575b661a6ecf316d793540745987fca9f12ed1a1772e12f0fadf29a430199148a24f6bf17bda5c744f832b138a0f1e3694e445685b68da44df856c54832cf865187ffbcdbb36dc888d4fc89a883e5d33a97acd7ac94b96343f93ded578df6ca309f853ea6b0c06d1f355a802571b7d6f078abeb974dfc436063,gx-no-cache=1493065401658 HTTP/1.1" 200 30
192.168.10.89 - - [24/Apr/2017:17:22:23 -0300] "POST /cormun/servlet/solicitudgral2?2aec9aeab7c83b01f60ee89de91e5e06,UPD,2017,6172,,gx-no-cache=1493068613739 HTTP/1.1" 200 10704
192.168.10.89 - - [24/Apr/2017:17:22:24 -0300] "GET /cormun/servlet/solicitudgral2?4fcbc1dea8c3d019741065f9c465b3ec7712d41bc25e86a9336c261c9bcbe563dd2585f5a683ca5235aa0f013e09308511d28bd26b7483854ac2452b139f169a5daaca413432da6bb720d758d7824dd791b64a9d4ef6b1cac8e9a41681627e170a9417c3cfb78bda6c57ec0ac02406ce46307127be3f09ac676ca8ab0d28502f4706c4b990ba176ae62670abf0e575d9c6e121283ea4a2060b0143e9c17cdd39f3c8c032d85eef8abb648d8ee5bf1acc5d95d750bda8629e7bd85e177f3e5b353de181bd3c44cf814424f4132f6cf631,gx-no-cache=1493068614559 HTTP/1.1" 200 29
192.168.10.89 - - [24/Apr/2017:17:22:24 -0300] "POST /cormun/servlet/solicitudgral2?gx-no-cache=1493068614588 HTTP/1.1" 200 1249
192.168.10.89 - - [24/Apr/2017:17:22:24 -0300] "POST /cormun/servlet/solicitudgral2?gx-no-cache=1493068614632 HTTP/1.1" 200 1154
186.67.172.234 - - [24/Apr/2017:17:22:24 -0300] "POST /cormun/servlet/solicitudot?gx-no-cache=1493065404017 HTTP/1.1" 200 30
186.103.159.182 - - [24/Apr/2017:17:22:25 -0300] "POST /cormun/servlet/solicitudot?gx-no-cache=1493065408548 HTTP/1.1" 200 30
186.67.172.234 - - [24/Apr/2017:17:22:28 -0300] "POST /cormun/servlet/solicitudot?gx-no-cache=1493065407672 HTTP/1.1" 200 235
186.67.172.234 - - [24/Apr/2017:17:22:28 -0300] "POST /cormun/servlet/solicitudot?gx-no-cache=1493065407739 HTTP/1.1" 200 38
192.168.10.89 - - [24/Apr/2017:17:22:28 -0300] "GET /cormun/servlet/solicitudgral2?4fcbc1dea8c3d019741065f9c465b3ec5f34e512b6a87c8339992d2570408cb35dbd2da03adde6bdffd4ce7ba26dfedcc49252efeb1ac15f75d9a67b5c7c4279260999535cc9211c7be287ec3ec014105db83cceaddbe003beb3a8c5db7075e983c04867c55e8b63e4a4340282297aeeb2e5d633629f9af9d8a1952ba6cb505b,gx-no-cache=1493068618891 HTTP/1.1" 200 30
192.168.10.89 - - [24/Apr/2017:17:22:28 -0300] "POST /cormun/servlet/solicitudgral2?2aec9aeab7c83b01f60ee89de91e5e06,UPD,2017,6172,,gx-no-cache=1493068618925 HTTP/1.1" 200 93
192.168.10.89 - - [24/Apr/2017:17:22:28 -0300] "GET /cormun/servlet/hpexe_return? HTTP/1.1" 200 1035
192.168.10.89 - - [24/Apr/2017:17:22:28 -0300] "GET /cormun/servlet/trsolicitudgral?gx-no-cache=1493068560933 HTTP/1.1" 200 9919
192.168.10.89 - - [24/Apr/2017:17:22:32 -0300] "POST /cormun/servlet/trsolicitudgral?2aec9aeab7c83b01f60ee89de91e5e06,gx-no-cache=1493068560933,gx-no-cache=1493068622406 HTTP/1.1" 200 5398
192.168.10.89 - - [24/Apr/2017:17:22:32 -0300] "GET /cormun/static/Shared/jqueryui/images/ui-icons_82798d_256x240.png HTTP/1.1" 404 1089
192.168.10.89 - - [24/Apr/2017:17:22:32 -0300] "GET /cormun/static/Shared/jqueryui/images/ui-icons_8d78a5_256x240.png HTTP/1.1" 404 1089
192.168.10.89 - - [24/Apr/2017:17:22:32 -0300] "GET /cormun/static/Shared/jqueryui/images/ui-bg_highlight-soft_100_c6c2c8_1x100.png HTTP/1.1" 404 1117
192.168.10.89 - - [24/Apr/2017:17:22:32 -0300] "GET /cormun/static/Shared/jqueryui/images/ui-bg_flat_55_fafafa_40x100.png HTTP/1.1" 404 1097
186.103.159.204 - - [24/Apr/2017:17:22:32 -0300] "GET /cormun/static/menuarrow.gif HTTP/1.1" 404 1015
192.168.10.89 - - [24/Apr/2017:17:22:41 -0300] "POST /cormun/servlet/trsolicitudgral?2aec9aeab7c83b01f60ee89de91e5e06,gx-no-cache=1493068560933,gx-no-cache=1493068631761 HTTP/1.1" 200 14591
186.67.172.234 - - [24/Apr/2017:17:22:45 -0300] "GET /cormun/servlet/solicitudot?6ccfff8bafac975881e8277bf2ea0929b709c29a676e7be2f45c992adcc2bb589cb5fa76d922561a80eafe56d6a4d245c30fa739b2c299b46ad937405acc7f0d80a8052a153add74c2a2b15bdfe52511527b815df13d74607dd58dd837946de64f311d7966cb34044e3b7319c4e653b2,gx-no-cache=1493065424845 HTTP/1.1" 200 29
186.67.172.234 - - [24/Apr/2017:17:22:45 -0300] "POST /cormun/servlet/solicitudot?gx-no-cache=1493065424915 HTTP/1.1" 200 675
186.67.172.234 - - [24/Apr/2017:17:22:46 -0300] "POST /cormun/servlet/solicitudot?gx-no-cache=1493065426201 HTTP/1.1" 200 1157
186.103.159.182 - - [24/Apr/2017:17:22:47 -0300] "POST /cormun/servlet/solicitudot?gx-no-cache=1493065430618 HTTP/1.1" 200 1291
186.103.159.182 - - [24/Apr/2017:17:22:47 -0300] "GET /cormun/static/menuarrow.gif HTTP/1.1" 404 1015
186.103.159.182 - - [24/Apr/2017:17:22:52 -0300] "GET /cormun/servlet/prlicenciaspermisos?10108738,L,,MD,,gxPopupLevel%3D0%3B HTTP/1.1" 200 5507
186.103.159.182 - - [24/Apr/2017:17:22:52 -0300] "GET /cormun/static/gxcfg.js?201741111445743 HTTP/1.1" 200 953
186.103.159.182 - - [24/Apr/2017:17:22:52 -0300] "GET /cormun/static/prlicenciaspermisos.js?201741111445890 HTTP/1.1" 200 13360
192.168.10.89 - - [24/Apr/2017:17:22:54 -0300] "POST /cormun/servlet/trsolicitudgral?2aec9aeab7c83b01f60ee89de91e5e06,gx-no-cache=1493068560933,gx-no-cache=1493068645318 HTTP/1.1" 200 7215
186.67.172.234 - - [24/Apr/2017:17:22:59 -0300] "GET /cormun/static/menuarrow.gif HTTP/1.1" 404 1015
192.168.10.13 - - [24/Apr/2017:17:23:03 -0300] "GET / HTTP/1.1" 200 11217
192.168.10.89 - - [24/Apr/2017:17:23:07 -0300] "GET /cormun/servlet/solicitudgral?UPD,2017,6200, HTTP/1.1" 200 12219
192.168.10.89 - - [24/Apr/2017:17:23:09 -0300] "POST /cormun/servlet/solicitudgral?gx-no-cache=1493068659375 HTTP/1.1" 200 3178
192.168.10.89 - - [24/Apr/2017:17:23:09 -0300] "GET /cormun/servlet/solicitudgral?4fcbc1dea8c3d019741065f9c465b3ec0c48a3cd565ca2d0fdb57cbf2d359eb6e7f4faec75739056cbe2f58921d2931be4121e83017f9896a09c766f8745c276c1b2660824239dd28e7fdcde55310010e69b024f3dcdfea04be5bd201b8b652cfb10a908c0aca6454e94364549c097678f3b316ed1a4f7d4d2aca4bcc1e3bbb7be12ef8090056a3cc9cdca5516a5644d98fbd852559e8ec4a18ae0ef1a53bea3208f597e9344823dc62c4447e9e09e4efb428595fd57d970af3d06f7d04bc4e121777dd9a096921e4371eca8653cb449ff73b03966d931beb12724a79588a8d54c1bb474ff8b148ead29a2b51baa932f220451163dcb97c7604cec8b44ad85c894a6da0b21f2569336c594049efddf1b702fc645b8388c395daf19a6ec3ead50abccec8df46e88286a7fd0cc284e93e893af214930c6486559b5b9953e93d936dc5f522ce8af1b9e942432f9676d5a05,gx-no-cache=1493068659605 HTTP/1.1" 200 257
192.168.10.89 - - [24/Apr/2017:17:23:10 -0300] "GET /cormun/servlet/solicitudgral?4fcbc1dea8c3d019741065f9c465b3ecd02acd1f1a7d77508c77dcb6bbc3fadcaa7d6443d066d3ae5dde3f480a41efcdfe7f8f63145ccfac2dc682a91f60695cbfc1b601ca614ee684eacbdb6e9d654d1013be78cfcf0f4033c87aa04f1ed291c01d5e6621b84c933c3994b5e12137e752060adf5e74338ed5265023ab07bfd43e26d6d605b2d4eaf4477ed0fda248f2b6196c2ff74a2c53853b72cdcb95600c9f3d2dadebd02f78cc5723a48bbabc9c99dbcfc585d2bfeeec4d113263b01d2e4e0b61e8800127ac3530a85c44cccda3222e3a1dc6fc6679c4975d8f35ca01d5f06343a8cb33ad88cc04a8b17d98d0165d4179281443ad61240ae91f22435b0f2c321474efa87fbfe18581d76ab60c00f65d2a030989c4ead2d2132aeec689068b221674c2cab037dc278009994b57e7471219ca357cf2d0192ee6e9c8af8df619810e73d9bc31fe93bdefbf8d2e5e9fdbfb0fee7ebe5021eacc4dbed22f37b5c0483939498f91905880aff3fa4a94ebe393695a57b9a109170a54aa4209b04d3d2d53302cfd9f9ed2ba1976019ace5d832faf068766c61973e83fa3c4c21cc3a0884f430d7a69cf410abd65339fa8627e67faddcebc71bb89075d0141e30502cc552d7def4ce28c73db6d821265ef88ad0f7adec3404563f9bc1e9475086a2a41c996c3b16387b8606720e75ae7654e0b95f8998cb4c7a432a04ab1364136fcc3a80642a50f357c9074f6377c4e85a3ee88085a02199dafb47c117b055609404345d5f24b374776e87392c82c4aca39,gx-no-cache=1493068661378 HTTP/1.1" 200 48
192.168.10.89 - - [24/Apr/2017:17:23:11 -0300] "POST /cormun/servlet/solicitudgral?2aec9aeab7c83b01f60ee89de91e5e06,UPD,2017,6200,,gx-no-cache=1493068661722 HTTP/1.1" 200 10615
192.168.10.89 - - [24/Apr/2017:17:23:11 -0300] "GET /cormun/servlet/solicitudgral?4fcbc1dea8c3d019741065f9c465b3ec50a911af846b474e6eacafd7c951fb9cdd2585f5a683ca5235aa0f013e09308596f10319e9b0a17d67903bdf07e81eb1a7d1aa427cfaea159216adcc650e795391b64a9d4ef6b1cac8e9a41681627e178bdef9741ce34246aa7943261bdb52aa62ce896a58d45dd81efb186733accdcbc2a1b593bb77faae187388240aa5d3619a4667ff88b2c21cf51e7986cf3e9544f3c8c032d85eef8abb648d8ee5bf1acc5d95d750bda8629e7bd85e177f3e5b353de181bd3c44cf814424f4132f6cf631,gx-no-cache=1493068662333 HTTP/1.1" 200 29
192.168.10.89 - - [24/Apr/2017:17:23:12 -0300] "POST /cormun/servlet/solicitudgral?gx-no-cache=1493068662379 HTTP/1.1" 200 1249
192.168.10.89 - - [24/Apr/2017:17:23:12 -0300] "POST /cormun/servlet/solicitudgral?gx-no-cache=1493068662503 HTTP/1.1" 200 1154
192.168.10.89 - - [24/Apr/2017:17:23:13 -0300] "GET /cormun/servlet/solicitudgral?4fcbc1dea8c3d019741065f9c465b3ec50a911af846b474e6eacafd7c951fb9cdd2585f5a683ca5235aa0f013e09308511d28bd26b7483854ac2452b139f169aa7d1aa427cfaea159216adcc650e795391b64a9d4ef6b1cac8e9a41681627e178bdef9741ce34246aa7943261bdb52aa62ce896a58d45dd81efb186733accdcbc2a1b593bb77faae187388240aa5d3619a4667ff88b2c21cf51e7986cf3e9544f3c8c032d85eef8abb648d8ee5bf1acc5d95d750bda8629e7bd85e177f3e5b353de181bd3c44cf814424f4132f6cf631,gx-no-cache=1493068664294 HTTP/1.1" 200 30
192.168.10.89 - - [24/Apr/2017:17:23:14 -0300] "POST /cormun/servlet/solicitudgral?gx-no-cache=1493068664848 HTTP/1.1" 200 1249
192.168.10.89 - - [24/Apr/2017:17:23:14 -0300] "POST /cormun/servlet/solicitudgral?gx-no-cache=1493068664891 HTTP/1.1" 200 1154
186.67.172.234 - - [24/Apr/2017:17:23:14 -0300] "GET /cormun/servlet/solicitudot?6ccfff8bafac975881e8277bf2ea0929459f59429e28fb3a0dba82606ce49208bc1f59e2afe0c838238c15992aeb65878ca6c5e18d70871e4c541cd19ac8d942ea6faf7e6b7c59216268e79f1a4e326e4ba0e2ade0fd331838cf6eef2be22c771a1c3c9be1f2e510869d480206add5a26aa0b8593cfc76c34362258d50bcd09c0f739969e5273043346fe380641b01d91fc9c3260a5c0a4d31e417c0339975f7e2449dda6becc39f26bf5f0800def31c,gx-no-cache=1493065454035 HTTP/1.1" 200 30
192.168.10.89 - - [24/Apr/2017:17:23:24 -0300] "POST /cormun/servlet/solicitudgral?2aec9aeab7c83b01f60ee89de91e5e06,UPD,2017,6200,,gx-no-cache=1493068674498 HTTP/1.1" 200 93
192.168.10.89 - - [24/Apr/2017:17:23:24 -0300] "GET /cormun/servlet/hpexe_return? HTTP/1.1" 200 1034
192.168.10.89 - - [24/Apr/2017:17:23:24 -0300] "GET /cormun/servlet/trsolicitudgral?gx-no-cache=1493068560933 HTTP/1.1" 200 10607
192.168.10.89 - - [24/Apr/2017:17:23:28 -0300] "POST /cormun/servlet/trsolicitudgral?2aec9aeab7c83b01f60ee89de91e5e06,gx-no-cache=1493068560933,gx-no-cache=1493068679203 HTTP/1.1" 200 6946
192.168.10.89 - - [24/Apr/2017:17:23:29 -0300] "GET /cormun/static/Shared/jqueryui/images/ui-bg_highlight-soft_100_c6c2c8_1x100.png HTTP/1.1" 404 1117
192.168.10.89 - - [24/Apr/2017:17:23:29 -0300] "GET /cormun/static/Shared/jqueryui/images/ui-icons_8d78a5_256x240.png HTTP/1.1" 404 1089
192.168.10.89 - - [24/Apr/2017:17:23:29 -0300] "GET /cormun/static/Shared/jqueryui/images/ui-bg_flat_55_fafafa_40x100.png HTTP/1.1" 404 1097
192.168.10.89 - - [24/Apr/2017:17:23:29 -0300] "GET /cormun/static/Shared/jqueryui/images/ui-icons_82798d_256x240.png HTTP/1.1" 404 1089
186.67.172.234 - - [24/Apr/2017:17:23:32 -0300] "POST /cormun/servlet/solicitudot?ad18d19e7c2188ebaed3f9ff72537fef,INS,0,0,,gx-no-cache=1493065471468 HTTP/1.1" 200 93
186.67.172.234 - - [24/Apr/2017:17:23:32 -0300] "GET /cormun/servlet/hpexe_return? HTTP/1.1" 200 1011
186.67.172.234 - - [24/Apr/2017:17:23:32 -0300] "GET /cormun/servlet/trsolicitudot HTTP/1.1" 200 8643
186.67.172.234 - - [24/Apr/2017:17:23:32 -0300] "GET /cormun/servlet/trsolicitudot HTTP/1.1" 200 8639
186.103.159.182 - - [24/Apr/2017:17:23:39 -0300] "POST /cormun/servlet/solicitudot?gx-no-cache=1493065482462 HTTP/1.1" 200 41
192.168.10.89 - - [24/Apr/2017:17:23:41 -0300] "GET /cormun/servlet/solicitudgral?UPD,2017,6199, HTTP/1.1" 200 12242
192.168.10.89 - - [24/Apr/2017:17:23:43 -0300] "POST /cormun/servlet/solicitudgral?gx-no-cache=1493068693460 HTTP/1.1" 200 3197
192.168.10.89 - - [24/Apr/2017:17:23:43 -0300] "GET /cormun/servlet/solicitudgral?4fcbc1dea8c3d019741065f9c465b3ec0c48a3cd565ca2d0fdb57cbf2d359eb6e7f4faec75739056cbe2f58921d2931be4121e83017f9896a09c766f8745c276c1b2660824239dd28e7fdcde55310010998d64892dc6de8ebb9885c0d803331bfb10a908c0aca6454e94364549c097678f3b316ed1a4f7d4d2aca4bcc1e3bbb7be12ef8090056a3cc9cdca5516a5644d98fbd852559e8ec4a18ae0ef1a53bea3208f597e9344823dc62c4447e9e09e4efb428595fd57d970af3d06f7d04bc4e121777dd9a096921e4371eca8653cb449ff73b03966d931beb12724a79588a8d54c1bb474ff8b148ead29a2b51baa932f220451163dcb97c7604cec8b44ad85c894a6da0b21f2569336c594049efddf1b702fc645b8388c395daf19a6ec3ead50abccec8df46e88286a7fd0cc284e93e893af214930c6486559b5b9953e93d936dc5f522ce8af1b9e942432f9676d5a05,gx-no-cache=1493068693677 HTTP/1.1" 200 298
192.168.10.89 - - [24/Apr/2017:17:23:44 -0300] "GET /cormun/servlet/solicitudgral?4fcbc1dea8c3d019741065f9c465b3ecd02acd1f1a7d77508c77dcb6bbc3fadcaa7d6443d066d3ae5dde3f480a41efcdfe7f8f63145ccfac2dc682a91f60695cbfc1b601ca614ee684eacbdb6e9d654d1013be78cfcf0f4033c87aa04f1ed291c01d5e6621b84c933c3994b5e12137e752060adf5e74338ed5265023ab07bfd43e26d6d605b2d4eaf4477ed0fda248f2b6196c2ff74a2c53853b72cdcb95600c9f3d2dadebd02f78cc5723a48bbabc9c99dbcfc585d2bfeeec4d113263b01d2e4e0b61e8800127ac3530a85c44cccda3222e3a1dc6fc6679c4975d8f35ca01d5f06343a8cb33ad88cc04a8b17d98d0165d4179281443ad61240ae91f22435b0f2c321474efa87fbfe18581d76ab60c00f65d2a030989c4ead2d2132aeec689068b221674c2cab037dc278009994b57e7471219ca357cf2d0192ee6e9c8af8df619810e73d9bc31fe93bdefbf8d2e5e9fdbfb0fee7ebe5021eacc4dbed22f37b5c0483939498f91905880aff3fa4a94ebe393695a57b9a109170a54aa4209b04d3d2d53302cfd9f9ed2ba1976019ace5d832faf068766c61973e83fa3c4c21cc3a0884f430d7a69cf410abd65339fa8627e67faddcebc71bb89075d0141e30502cc552d7def4ce28c73db6d821265ef88ad0f7adec3404563f9bc1e9475086a2a41c996c3b16387b8606720e75ae7654e0b95f8998cb4c7a432a04ab1364136fcc3a80642a50f357c9074f6377c4e85a3ee88085a02199dafb47c117b055609404345d5f24b374776e87392c82c4aca39,gx-no-cache=1493068694450 HTTP/1.1" 200 48
192.168.10.89 - - [24/Apr/2017:17:23:44 -0300] "POST /cormun/servlet/solicitudgral?2aec9aeab7c83b01f60ee89de91e5e06,UPD,2017,6199,,gx-no-cache=1493068694477 HTTP/1.1" 200 10633
192.168.10.89 - - [24/Apr/2017:17:23:44 -0300] "GET /cormun/servlet/solicitudgral?4fcbc1dea8c3d019741065f9c465b3ec19095c7c69b3f6027e0b107f1a331e91dd2585f5a683ca5235aa0f013e093085ad55fda5dc6208615e49cd0dab401d84042014a4e6c6abd558879fd56488923d523cae0c44920eeeeff546c645f40df4e8a41cf73d166d9d76393606213bbfde,gx-no-cache=1493068694780 HTTP/1.1" 200 29
192.168.10.89 - - [24/Apr/2017:17:23:44 -0300] "POST /cormun/servlet/solicitudgral?gx-no-cache=1493068694800 HTTP/1.1" 200 1249
192.168.10.89 - - [24/Apr/2017:17:23:44 -0300] "POST /cormun/servlet/solicitudgral?gx-no-cache=1493068694836 HTTP/1.1" 200 1154
192.168.10.89 - - [24/Apr/2017:17:23:47 -0300] "POST /cormun/servlet/solicitudgral?2aec9aeab7c83b01f60ee89de91e5e06,UPD,2017,6199,,gx-no-cache=1493068697771 HTTP/1.1" 200 93
192.168.10.89 - - [24/Apr/2017:17:23:47 -0300] "GET /cormun/servlet/hpexe_return? HTTP/1.1" 200 1034
192.168.10.89 - - [24/Apr/2017:17:23:47 -0300] "GET /cormun/servlet/trsolicitudgral?gx-no-cache=1493068560933 HTTP/1.1" 200 10302
192.168.10.89 - - [24/Apr/2017:17:23:51 -0300] "POST /cormun/servlet/trsolicitudgral?2aec9aeab7c83b01f60ee89de91e5e06,gx-no-cache=1493068560933,gx-no-cache=1493068701789 HTTP/1.1" 200 6545
192.168.10.89 - - [24/Apr/2017:17:23:51 -0300] "GET /cormun/static/Shared/jqueryui/images/ui-bg_flat_55_fafafa_40x100.png HTTP/1.1" 404 1097
192.168.10.89 - - [24/Apr/2017:17:23:51 -0300] "GET /cormun/static/Shared/jqueryui/images/ui-icons_82798d_256x240.png HTTP/1.1" 404 1089
192.168.10.89 - - [24/Apr/2017:17:23:51 -0300] "GET /cormun/static/Shared/jqueryui/images/ui-bg_highlight-soft_100_c6c2c8_1x100.png HTTP/1.1" 404 1117
192.168.10.89 - - [24/Apr/2017:17:23:51 -0300] "GET /cormun/static/Shared/jqueryui/images/ui-icons_8d78a5_256x240.png HTTP/1.1" 404 1089
186.103.159.182 - - [24/Apr/2017:17:23:54 -0300] "GET /cormun/servlet/solicitudot?94b29bab41d84e5f04b12894ba4a265ef1f261a2c26a37ef6e87fb6a86f28c6cf595205921f4a70e81c21b7b78e1b328cba0268e5974760b68210aa7d664809dc74613094e70efcf46fec0d8f2b964f3fef646710e45ff1dc35437333874481e21d3223eec573cbfbe09571193416ed8,gx-no-cache=1493065498049 HTTP/1.1" 200 29
186.103.159.182 - - [24/Apr/2017:17:23:54 -0300] "POST /cormun/servlet/solicitudot?gx-no-cache=1493065498119 HTTP/1.1" 200 1274
186.103.159.182 - - [24/Apr/2017:17:23:55 -0300] "POST /cormun/servlet/solicitudot?gx-no-cache=1493065498276 HTTP/1.1" 200 1157
186.67.172.234 - - [24/Apr/2017:17:23:57 -0300] "GET /cormun/servlet/solicitudot?INS,0,0, HTTP/1.1" 200 12854
186.67.172.234 - - [24/Apr/2017:17:23:57 -0300] "GET /cormun/servlet/solicitudot?INS,0,0, HTTP/1.1" 200 12859
186.103.159.182 - - [24/Apr/2017:17:23:57 -0300] "POST /cormun/servlet/solicitudot?gx-no-cache=1493065501026 HTTP/1.1" 200 1274
186.103.159.182 - - [24/Apr/2017:17:23:57 -0300] "POST /cormun/servlet/solicitudot?gx-no-cache=1493065501217 HTTP/1.1" 200 1157
186.103.159.182 - - [24/Apr/2017:17:24:00 -0300] "GET /cormun/servlet/solicitudot?94b29bab41d84e5f04b12894ba4a265e2ffee6a509e04cb5cb7eff1e0aec14c72de2a0b3b41b21f62bc8a12a5b12f2c9e5b9203a9a79b47a01cbacec1fd0599193eb244fa77926a5d9260feccb2567046923722a5c994016e36d6b3cd5e1facbb35989a3f548d1964c0723b417458d7c8764b01eb5a7437d5f202eeb709bef43e245cb4c5ef6cd8776b1aeb9b38c34c59ec93c43d8c7b7c20f6ef4cfe6407115db87166b9c09eb41eb228517ed0a6e0acdf3054daf295d5e261c803c5e673fc5,gx-no-cache=1493065503576 HTTP/1.1" 200 30
192.168.10.13 - - [24/Apr/2017:17:24:03 -0300] "GET / HTTP/1.1" 200 11217
192.168.10.89 - - [24/Apr/2017:17:24:06 -0300] "POST /cormun/servlet/trsolicitudgral?2aec9aeab7c83b01f60ee89de91e5e06,gx-no-cache=1493068560933,gx-no-cache=1493068716330 HTTP/1.1" 200 14035
186.67.172.234 - - [24/Apr/2017:17:24:17 -0300] "POST /cormun/servlet/solicitudot?gx-no-cache=1493065516944 HTTP/1.1" 200 3186
186.67.172.234 - - [24/Apr/2017:17:24:17 -0300] "POST /cormun/servlet/solicitudot?ad18d19e7c2188ebaed3f9ff72537fef,INS,0,0,,gx-no-cache=1493065517151 HTTP/1.1" 200 9949
186.67.172.234 - - [24/Apr/2017:17:24:21 -0300] "GET /cormun/servlet/solicitudot?6ccfff8bafac975881e8277bf2ea092948ddcb77be7a54e1a74d31100a63652d0c26a6788006b9e280ddf37926dd62b6,gx-no-cache=1493065520607 HTTP/1.1" 200 30
186.67.172.234 - - [24/Apr/2017:17:24:21 -0300] "POST /cormun/servlet/solicitudot?gx-no-cache=1493065520691 HTTP/1.1" 200 256
186.67.172.234 - - [24/Apr/2017:17:24:21 -0300] "GET /cormun/servlet/solicitudot?6ccfff8bafac975881e8277bf2ea0929839211c9776175026134d16abb355c8260f146091b20c5a71b22df2c0782ba1ab6b47f71a550cc01e9a48fe26e30907ccc0f6af16ccca44df1b28e858bebe6b9eb09fd4527952b06599eabb761dad4a1f69928e79c06e838a3d1ba917f3a6e75f48d8bf6cfa15b5b25c05f31d18a80d230cd6cb87241a64ef758fd4264052ef6cd7fbab54fcce803cf841ecc9292cca70669c1ad4b9ae965465b7fb7440ff9cc92fdc9d77e33e77d08f1d95b756c845afb6322611c83d5ef58226928ab1f61b651f77e26aa7d05e6f02d2caba1358b01b039eb5143c2f21d76b70b28d377fd109db1cf6a56eb0c6f14caf5b10da760c75df9412eaafd0575b661a6ecf316d793540745987fca9f12ed1a1772e12f0fadf29a430199148a24f6bf17bda5c744f832b138a0f1e3694e445685b68da44df856c54832cf865187ffbcdbb36dc888d4fc89a883e5d33a97acd7ac94b96343f93ded578df6ca309f853ea6b0c06d1f355a802571b7d6f078abeb974dfc436063,gx-no-cache=1493065520757 HTTP/1.1" 200 30
186.67.172.234 - - [24/Apr/2017:17:24:23 -0300] "POST /cormun/servlet/solicitudot?gx-no-cache=1493065522561 HTTP/1.1" 200 30
192.168.10.89 - - [24/Apr/2017:17:24:26 -0300] "POST /cormun/servlet/trsolicitudgral?2aec9aeab7c83b01f60ee89de91e5e06,gx-no-cache=1493068560933,gx-no-cache=1493068737071 HTTP/1.1" 200 6915
192.168.10.89 - - [24/Apr/2017:17:24:40 -0300] "POST /cormun/servlet/trsolicitudgral?2aec9aeab7c83b01f60ee89de91e5e06,gx-no-cache=1493068560933,gx-no-cache=1493068750826 HTTP/1.1" 200 6574
192.168.10.89 - - [24/Apr/2017:17:24:47 -0300] "GET /cormun/servlet/solicitudgral?UPD,2017,6197, HTTP/1.1" 200 12284
192.168.10.89 - - [24/Apr/2017:17:24:49 -0300] "POST /cormun/servlet/solicitudgral?gx-no-cache=1493068759599 HTTP/1.1" 200 3175
192.168.10.89 - - [24/Apr/2017:17:24:49 -0300] "GET /cormun/servlet/solicitudgral?4fcbc1dea8c3d019741065f9c465b3ec0c48a3cd565ca2d0fdb57cbf2d359eb6e7f4faec75739056cbe2f58921d2931be4121e83017f9896a09c766f8745c276c1b2660824239dd28e7fdcde55310010998d64892dc6de8ebb9885c0d803331bfb10a908c0aca6454e94364549c097678f3b316ed1a4f7d4d2aca4bcc1e3bbb7be12ef8090056a3cc9cdca5516a5644d98fbd852559e8ec4a18ae0ef1a53bea3208f597e9344823dc62c4447e9e09e4efb428595fd57d970af3d06f7d04bc4e121777dd9a096921e4371eca8653cb449ff73b03966d931beb12724a79588a8d54c1bb474ff8b148ead29a2b51baa932f220451163dcb97c7604cec8b44ad85c894a6da0b21f2569336c594049efddf1b702fc645b8388c395daf19a6ec3ead50abccec8df46e88286a7fd0cc284e93e893af214930c6486559b5b9953e93d936dc5f522ce8af1b9e942432f9676d5a05,gx-no-cache=1493068759800 HTTP/1.1" 200 298
192.168.10.89 - - [24/Apr/2017:17:24:50 -0300] "GET /cormun/servlet/solicitudgral?4fcbc1dea8c3d019741065f9c465b3ecd02acd1f1a7d77508c77dcb6bbc3fadcaa7d6443d066d3ae5dde3f480a41efcdfe7f8f63145ccfac2dc682a91f60695cbfc1b601ca614ee684eacbdb6e9d654d1013be78cfcf0f4033c87aa04f1ed291c01d5e6621b84c933c3994b5e12137e752060adf5e74338ed5265023ab07bfd43e26d6d605b2d4eaf4477ed0fda248f2b6196c2ff74a2c53853b72cdcb95600c9f3d2dadebd02f78cc5723a48bbabc9c99dbcfc585d2bfeeec4d113263b01d2e4e0b61e8800127ac3530a85c44cccda3222e3a1dc6fc6679c4975d8f35ca01d5f06343a8cb33ad88cc04a8b17d98d0165d4179281443ad61240ae91f22435b0f2c321474efa87fbfe18581d76ab60c00f65d2a030989c4ead2d2132aeec689068b221674c2cab037dc278009994b57e7471219ca357cf2d0192ee6e9c8af8df619810e73d9bc31fe93bdefbf8d2e5e9fdbfb0fee7ebe5021eacc4dbed22f37b5c0483939498f91905880aff3fa4a94ebe393695a57b9a109170a54aa4209b04d3d2d53302cfd9f9ed2ba1976019ace5d832faf068766c61973e83fa3c4c21cc3a0884f430d7a69cf410abd65339fa8627e67faddcebc71bb89075d0141e30502cc552d7def4ce28c73db6d821265ef88ad0f7adec3404563f9bc1e9475086a2a41c996c3b16387b8606720e75ae7654e0b95f8998cb4c7a432a04ab1364136fcc3a80642a50f357c9074f6377c4e85a3ee88085a02199dafb47c117b055609404345d5f24b374776e87392c82c4aca39,gx-no-cache=1493068761305 HTTP/1.1" 200 48
192.168.10.89 - - [24/Apr/2017:17:24:51 -0300] "POST /cormun/servlet/solicitudgral?2aec9aeab7c83b01f60ee89de91e5e06,UPD,2017,6197,,gx-no-cache=1493068761332 HTTP/1.1" 200 10666
192.168.10.89 - - [24/Apr/2017:17:24:51 -0300] "GET /cormun/servlet/solicitudgral?4fcbc1dea8c3d019741065f9c465b3ec19095c7c69b3f6027e0b107f1a331e91dd2585f5a683ca5235aa0f013e093085ad55fda5dc6208615e49cd0dab401d84042014a4e6c6abd558879fd56488923d523cae0c44920eeeeff546c645f40df4e8a41cf73d166d9d76393606213bbfde,gx-no-cache=1493068761587 HTTP/1.1" 200 29
192.168.10.89 - - [24/Apr/2017:17:24:51 -0300] "POST /cormun/servlet/solicitudgral?gx-no-cache=1493068761608 HTTP/1.1" 200 1249
192.168.10.89 - - [24/Apr/2017:17:24:51 -0300] "POST /cormun/servlet/solicitudgral?gx-no-cache=1493068761643 HTTP/1.1" 200 1154
192.168.10.89 - - [24/Apr/2017:17:24:54 -0300] "POST /cormun/servlet/solicitudgral?2aec9aeab7c83b01f60ee89de91e5e06,UPD,2017,6197,,gx-no-cache=1493068765046 HTTP/1.1" 200 93
192.168.10.89 - - [24/Apr/2017:17:24:54 -0300] "GET /cormun/servlet/hpexe_return? HTTP/1.1" 200 1034
192.168.10.89 - - [24/Apr/2017:17:24:55 -0300] "GET /cormun/servlet/trsolicitudgral?gx-no-cache=1493068560933 HTTP/1.1" 200 9941
186.103.159.204 - - [24/Apr/2017:17:25:02 -0300] "GET /cormun/servlet/licenciaspermisos?5a861e866148c6dfaed2016f04f6e10cf8658f4460a4e84d5c0e8c2f0237b5e6b4281dc34202cb7314384ae3bc43eaa21e5f0a8a19656eee1bbae81ee98a9ac61984c9ca28407f20d9fa36afc42de74bf4fbef77ca7ccc53ccab5852d646d783fdc43c18c77e65d1e059b040aebadd4d3a8d69b0a37762177f111d2f202195732baf41e1f50ee236913a6507f34ebf10f7c762338edf64dd2d3353c4a9eedabbe0f89bd7dc115fffef162c70646fae95,gx-no-cache=1493065564181 HTTP/1.1" 200 30
186.103.159.204 - - [24/Apr/2017:17:25:02 -0300] "GET /cormun/servlet/licenciaspermisos?5a861e866148c6dfaed2016f04f6e10c9606fff6d46dd77d6abf0b5fa61417d688ac79b12e2e15caccd8d05e1bdc2044946cb8408849e5cd66c99baa7b7eefb18399db2f611fcf311b7d87cd16913bb741799eb003599041945c17f285b49c5be486a336518da5fa74a2809c01f6c41134e3b45d4740c334ff3ce6dc21c37616e30183e21c46cf2736ff615503620d0f9a99df46661e64309029f16dc4dc1246537a5ca3f4d54d83285153caccf87700,gx-no-cache=1493065564378 HTTP/1.1" 200 29
186.103.159.204 - - [24/Apr/2017:17:25:02 -0300] "POST /cormun/servlet/licenciaspermisos?9a7263e90c45f9e62e28f0d460470802,INS,0,,,,gx-no-cache=1493065564429 HTTP/1.1" 200 4801
186.103.159.204 - - [24/Apr/2017:17:25:02 -0300] "GET /cormun/static/Shared/jqueryui/images/ui-bg_highlight-soft_100_c6c2c8_1x100.png HTTP/1.1" 404 1117
186.103.159.204 - - [24/Apr/2017:17:25:02 -0300] "GET /cormun/static/Shared/jqueryui/images/ui-icons_82798d_256x240.png HTTP/1.1" 404 1089
186.103.159.204 - - [24/Apr/2017:17:25:02 -0300] "GET /cormun/static/Shared/jqueryui/images/ui-bg_flat_55_994d53_40x100.png HTTP/1.1" 404 1097
186.103.159.204 - - [24/Apr/2017:17:25:02 -0300] "GET /cormun/static/Shared/jqueryui/images/ui-icons_ebccce_256x240.png HTTP/1.1" 404 1089
192.168.10.13 - - [24/Apr/2017:17:25:03 -0300] "GET / HTTP/1.1" 200 11217
192.168.10.89 - - [24/Apr/2017:17:25:06 -0300] "POST /cormun/servlet/trsolicitudgral?2aec9aeab7c83b01f60ee89de91e5e06,gx-no-cache=1493068560933,gx-no-cache=1493068776821 HTTP/1.1" 200 5399
192.168.10.89 - - [24/Apr/2017:17:25:06 -0300] "GET /cormun/static/Shared/jqueryui/images/ui-bg_highlight-soft_100_c6c2c8_1x100.png HTTP/1.1" 404 1117
192.168.10.89 - - [24/Apr/2017:17:25:06 -0300] "GET /cormun/static/Shared/jqueryui/images/ui-bg_flat_55_fafafa_40x100.png HTTP/1.1" 404 1097
192.168.10.89 - - [24/Apr/2017:17:25:06 -0300] "GET /cormun/static/Shared/jqueryui/images/ui-icons_82798d_256x240.png HTTP/1.1" 404 1089
192.168.10.89 - - [24/Apr/2017:17:25:06 -0300] "GET /cormun/static/Shared/jqueryui/images/ui-icons_8d78a5_256x240.png HTTP/1.1" 404 1089
192.168.10.89 - - [24/Apr/2017:17:25:13 -0300] "POST /cormun/servlet/trsolicitudgral?2aec9aeab7c83b01f60ee89de91e5e06,gx-no-cache=1493068560933,gx-no-cache=1493068783979 HTTP/1.1" 200 13371
192.168.10.89 - - [24/Apr/2017:17:25:32 -0300] "POST /cormun/servlet/trsolicitudgral?2aec9aeab7c83b01f60ee89de91e5e06,gx-no-cache=1493068560933,gx-no-cache=1493068803221 HTTP/1.1" 200 6814
192.168.10.89 - - [24/Apr/2017:17:25:42 -0300] "GET /cormun/servlet/solicitudgral?UPD,2017,6196, HTTP/1.1" 200 12293
192.168.10.89 - - [24/Apr/2017:17:25:43 -0300] "POST /cormun/servlet/solicitudgral?gx-no-cache=1493068813720 HTTP/1.1" 200 3190
192.168.10.89 - - [24/Apr/2017:17:25:43 -0300] "GET /cormun/servlet/solicitudgral?4fcbc1dea8c3d019741065f9c465b3ec0c48a3cd565ca2d0fdb57cbf2d359eb6e7f4faec75739056cbe2f58921d2931be4121e83017f9896a09c766f8745c276c1b2660824239dd28e7fdcde55310010998d64892dc6de8ebb9885c0d803331bfb10a908c0aca6454e94364549c097678f3b316ed1a4f7d4d2aca4bcc1e3bbb7be12ef8090056a3cc9cdca5516a5644d98fbd852559e8ec4a18ae0ef1a53bea3208f597e9344823dc62c4447e9e09e4efb428595fd57d970af3d06f7d04bc4e121777dd9a096921e4371eca8653cb449ff73b03966d931beb12724a79588a8d54c1bb474ff8b148ead29a2b51baa932f220451163dcb97c7604cec8b44ad85c894a6da0b21f2569336c594049efddf1b702fc645b8388c395daf19a6ec3ead50abccec8df46e88286a7fd0cc284e93e893af214930c6486559b5b9953e93d936dc5f522ce8af1b9e942432f9676d5a05,gx-no-cache=1493068813925 HTTP/1.1" 200 298
192.168.10.89 - - [24/Apr/2017:17:25:44 -0300] "GET /cormun/servlet/solicitudgral?4fcbc1dea8c3d019741065f9c465b3ecd02acd1f1a7d77508c77dcb6bbc3fadcaa7d6443d066d3ae5dde3f480a41efcdfe7f8f63145ccfac2dc682a91f60695cbfc1b601ca614ee684eacbdb6e9d654d1013be78cfcf0f4033c87aa04f1ed291c01d5e6621b84c933c3994b5e12137e752060adf5e74338ed5265023ab07bfd43e26d6d605b2d4eaf4477ed0fda248f2b6196c2ff74a2c53853b72cdcb95600c9f3d2dadebd02f78cc5723a48bbabc9c99dbcfc585d2bfeeec4d113263b01d2e4e0b61e8800127ac3530a85c44cccda3222e3a1dc6fc6679c4975d8f35ca01d5f06343a8cb33ad88cc04a8b17d98d0165d4179281443ad61240ae91f22435b0f2c321474efa87fbfe18581d76ab60c00f65d2a030989c4ead2d2132aeec689068b221674c2cab037dc278009994b57e7471219ca357cf2d0192ee6e9c8af8df619810e73d9bc31fe93bdefbf8d2e5e9fdbfb0fee7ebe5021eacc4dbed22f37b5c0483939498f91905880aff3fa4a94ebe393695a57b9a109170a54aa4209b04d3d2d53302cfd9f9ed2ba1976019ace5d832faf068766c61973e83fa3c4c21cc3a0884f430d7a69cf410abd65339fa8627e67faddcebc71bb89075d0141e30502cc552d7def4ce28c73db6d821265ef88ad0f7adec3404563f9bc1e9475086a2a41c996c3b16387b8606720e75ae7654e0b95f8998cb4c7a432a04ab1364136fcc3a80642a50f357c9074f6377c4e85a3ee88085a02199dafb47c117b055609404345d5f24b374776e87392c82c4aca39,gx-no-cache=1493068815276 HTTP/1.1" 200 48
192.168.10.89 - - [24/Apr/2017:17:25:44 -0300] "POST /cormun/servlet/solicitudgral?2aec9aeab7c83b01f60ee89de91e5e06,UPD,2017,6196,,gx-no-cache=1493068815317 HTTP/1.1" 200 10684
192.168.10.89 - - [24/Apr/2017:17:25:45 -0300] "GET /cormun/servlet/solicitudgral?4fcbc1dea8c3d019741065f9c465b3ec19095c7c69b3f6027e0b107f1a331e91dd2585f5a683ca5235aa0f013e093085ad55fda5dc6208615e49cd0dab401d84042014a4e6c6abd558879fd56488923d523cae0c44920eeeeff546c645f40df4e8a41cf73d166d9d76393606213bbfde,gx-no-cache=1493068815574 HTTP/1.1" 200 29
192.168.10.89 - - [24/Apr/2017:17:25:45 -0300] "POST /cormun/servlet/solicitudgral?gx-no-cache=1493068815595 HTTP/1.1" 200 1249
192.168.10.89 - - [24/Apr/2017:17:25:45 -0300] "POST /cormun/servlet/solicitudgral?gx-no-cache=1493068815631 HTTP/1.1" 200 1154
192.168.10.89 - - [24/Apr/2017:17:25:45 -0300] "POST /cormun/servlet/solicitudgral?2aec9aeab7c83b01f60ee89de91e5e06,UPD,2017,6196,,gx-no-cache=1493068815669 HTTP/1.1" 200 93
192.168.10.89 - - [24/Apr/2017:17:25:45 -0300] "GET /cormun/servlet/hpexe_return? HTTP/1.1" 200 1034
192.168.10.89 - - [24/Apr/2017:17:25:45 -0300] "GET /cormun/servlet/trsolicitudgral?gx-no-cache=1493068560933 HTTP/1.1" 200 10207
192.168.10.89 - - [24/Apr/2017:17:25:49 -0300] "POST /cormun/servlet/trsolicitudgral?2aec9aeab7c83b01f60ee89de91e5e06,gx-no-cache=1493068560933,gx-no-cache=1493068819526 HTTP/1.1" 200 5407
192.168.10.89 - - [24/Apr/2017:17:25:49 -0300] "GET /cormun/static/Shared/jqueryui/images/ui-icons_8d78a5_256x240.png HTTP/1.1" 404 1089
192.168.10.89 - - [24/Apr/2017:17:25:49 -0300] "GET /cormun/static/Shared/jqueryui/images/ui-bg_highlight-soft_100_c6c2c8_1x100.png HTTP/1.1" 404 1117
192.168.10.89 - - [24/Apr/2017:17:25:49 -0300] "GET /cormun/static/Shared/jqueryui/images/ui-icons_82798d_256x240.png HTTP/1.1" 404 1089
192.168.10.89 - - [24/Apr/2017:17:25:49 -0300] "GET /cormun/static/Shared/jqueryui/images/ui-bg_flat_55_fafafa_40x100.png HTTP/1.1" 404 1097
192.168.10.89 - - [24/Apr/2017:17:25:59 -0300] "POST /cormun/servlet/trsolicitudgral?2aec9aeab7c83b01f60ee89de91e5e06,gx-no-cache=1493068560933,gx-no-cache=1493068829208 HTTP/1.1" 200 12840
192.168.10.13 - - [24/Apr/2017:17:26:03 -0300] "GET / HTTP/1.1" 200 11217
186.103.159.204 - - [24/Apr/2017:17:26:04 -0300] "GET /cormun/servlet/licenciaspermisos?5a861e866148c6dfaed2016f04f6e10cf8658f4460a4e84d5c0e8c2f0237b5e6b4281dc34202cb7314384ae3bc43eaa21e5f0a8a19656eee1bbae81ee98a9ac61984c9ca28407f20d9fa36afc42de74bf4fbef77ca7ccc53ccab5852d646d783a8135a038ad4e7cd0935d15b13c143bb3a8d69b0a37762177f111d2f20219573d6b42616de0962468fb05c1e1bd9e1cd52f03ade8356cae979b4d9c78bc2cafb90509fe14df98128711326d02aa18a259018383be9017ea4197f745063ba5e5ea8a857b06e8e7b9e4fdf7ce6390c120127c46a1a101dfd9bafd030e3a2b4ba48,gx-no-cache=1493065626117 HTTP/1.1" 200 30
186.103.159.204 - - [24/Apr/2017:17:26:04 -0300] "GET /cormun/servlet/licenciaspermisos?5a861e866148c6dfaed2016f04f6e10c9606fff6d46dd77d6abf0b5fa61417d688ac79b12e2e15caccd8d05e1bdc2044946cb8408849e5cd66c99baa7b7eefb18399db2f611fcf311b7d87cd16913bb741799eb003599041945c17f285b49c5b4c7287cf7f97543d42784f8d56b3504634e3b45d4740c334ff3ce6dc21c37616028d6cdcb91e39bce3e2ba5715e73e0892c6766d4ea377917f83708cbbd4424fb4624aa746f99312415fa51ba865422fdc77cf4d3fee50360b3a4440bb53156fdda36482e219ed0efd0d60d7c2b43b7b18263a48f1c7ec9b3c2b512e472845c6,gx-no-cache=1493065626233 HTTP/1.1" 200 29
186.103.159.204 - - [24/Apr/2017:17:26:04 -0300] "POST /cormun/servlet/licenciaspermisos?9a7263e90c45f9e62e28f0d460470802,INS,0,,,,gx-no-cache=1493065626263 HTTP/1.1" 200 93
186.103.159.204 - - [24/Apr/2017:17:26:04 -0300] "GET /cormun/servlet/hpexe_return? HTTP/1.1" 200 1011
186.103.159.182 - - [24/Apr/2017:17:26:04 -0300] "POST /cormun/servlet/solicitudot?gx-no-cache=1493065628143 HTTP/1.1" 200 1274
186.103.159.204 - - [24/Apr/2017:17:26:05 -0300] "GET /cormun/servlet/trlicencias HTTP/1.1" 200 8025
186.103.159.182 - - [24/Apr/2017:17:26:05 -0300] "POST /cormun/servlet/solicitudot?gx-no-cache=1493065628340 HTTP/1.1" 200 1157
186.103.159.182 - - [24/Apr/2017:17:26:05 -0300] "GET /cormun/servlet/solicitudot?94b29bab41d84e5f04b12894ba4a265e2ffee6a509e04cb5cb7eff1e0aec14c72de2a0b3b41b21f62bc8a12a5b12f2c9e5b9203a9a79b47a01cbacec1fd0599193eb244fa77926a5d9260feccb2567046923722a5c994016e36d6b3cd5e1facbb35989a3f548d1964c0723b417458d7c8764b01eb5a7437d5f202eeb709bef43e245cb4c5ef6cd8776b1aeb9b38c34c59ec93c43d8c7b7c20f6ef4cfe6407115db87166b9c09eb41eb228517ed0a6e0acdf3054daf295d5e261c803c5e673fc5,gx-no-cache=1493065628432 HTTP/1.1" 200 30
186.103.159.204 - - [24/Apr/2017:17:26:05 -0300] "GET /cormun/servlet/trlicencias HTTP/1.1" 200 8020
186.103.159.182 - - [24/Apr/2017:17:26:06 -0300] "POST /cormun/servlet/solicitudot?1090daaf3fb87695b0d6e75ebe3ed1f8,INS,0,0,,gx-no-cache=1493065628528 HTTP/1.1" 200 93
186.103.159.182 - - [24/Apr/2017:17:26:06 -0300] "GET /cormun/servlet/hpexe_return? HTTP/1.1" 200 1002
186.103.159.182 - - [24/Apr/2017:17:26:06 -0300] "GET /cormun/servlet/hhome HTTP/1.1" 200 4061
186.103.159.182 - - [24/Apr/2017:17:26:08 -0300] "GET /cormun/servlet/hhome HTTP/1.1" 200 4054
192.168.10.96 - - [24/Apr/2017:17:26:08 -0300] "GET /cormun/servlet/wbconsulta? HTTP/1.1" 200 5170
192.168.10.96 - - [24/Apr/2017:17:26:08 -0300] "GET /cormun/servlet/wbconsulta? HTTP/1.1" 200 5169
192.168.10.89 - - [24/Apr/2017:17:26:15 -0300] "POST /cormun/servlet/trsolicitudgral?2aec9aeab7c83b01f60ee89de91e5e06,gx-no-cache=1493068560933,gx-no-cache=1493068845554 HTTP/1.1" 200 8388
192.168.10.96 - - [24/Apr/2017:17:26:15 -0300] "POST /cormun/servlet/wbconsulta?96b0522e826f8520e9d06ef24983eedf,,gx-no-cache=1493068846319 HTTP/1.1" 200 103
192.168.10.96 - - [24/Apr/2017:17:26:16 -0300] "GET /cormun/servlet/vevisualizador?2017,5990, HTTP/1.1" 200 8565
192.168.10.96 - - [24/Apr/2017:17:26:16 -0300] "GET /cormun/pexe_scrolldiv.js HTTP/1.1" 404 1009
186.103.159.182 - - [24/Apr/2017:17:26:16 -0300] "GET /cormun/servlet/trlicencias? HTTP/1.1" 200 6927
192.168.10.96 - - [24/Apr/2017:17:26:16 -0300] "GET /cormun/pexe_scrolldiv.js HTTP/1.1" 404 1009
192.168.10.96 - - [24/Apr/2017:17:26:16 -0300] "GET /cormun/servlet/vevisualizador?2017,5990, HTTP/1.1" 200 8564
186.103.159.182 - - [24/Apr/2017:17:26:17 -0300] "GET /cormun/servlet/trlicencias? HTTP/1.1" 200 6926
192.168.10.96 - - [24/Apr/2017:17:26:20 -0300] "GET /cormun/servlet/vevisualizador?2017,5990,,SolicitudOTAdjuntos HTTP/1.1" 200 10426
192.168.10.96 - - [24/Apr/2017:17:26:20 -0300] "GET /cormun/pexe_scrolldiv.js HTTP/1.1" 404 1009
192.168.10.96 - - [24/Apr/2017:17:26:20 -0300] "GET /cormun/pexe_scrolldiv.js HTTP/1.1" 404 1009
192.168.10.96 - - [24/Apr/2017:17:26:21 -0300] "GET /cormun/servlet/vevisualizador?2017,5990,,SolicitudOTAdjuntos HTTP/1.1" 200 10431
192.168.10.96 - - [24/Apr/2017:17:26:21 -0300] "POST /cormun/servlet/acontrolpreferencessavestate?None,DZAMUDIO,true HTTP/1.1" 200 35
192.168.10.96 - - [24/Apr/2017:17:26:22 -0300] "GET /cormun/PublicTempStorage/ci_camila_moena944920.jpg HTTP/1.1" 200 707286
186.103.159.182 - - [24/Apr/2017:17:26:25 -0300] "GET /cormun/servlet/licenciaspermisos?INS,0,,, HTTP/1.1" 200 7466
186.103.159.182 - - [24/Apr/2017:17:26:26 -0300] "GET /cormun/servlet/licenciaspermisos?INS,0,,, HTTP/1.1" 200 7474
192.168.10.89 - - [24/Apr/2017:17:26:27 -0300] "GET /cormun/servlet/solicitudgral2?UPD,2017,6192, HTTP/1.1" 200 12383
192.168.10.96 - - [24/Apr/2017:17:26:27 -0300] "GET /cormun/servlet/vevisualizador?2017,5990,,SolicitudOTAdjuntos HTTP/1.1" 200 10428
192.168.10.96 - - [24/Apr/2017:17:26:27 -0300] "GET /cormun/servlet/vevisualizador?2017,5990,,SolicitudOTAdjuntos HTTP/1.1" 200 10430
192.168.10.96 - - [24/Apr/2017:17:26:28 -0300] "POST /cormun/servlet/acontrolpreferencessavestate?None,DZAMUDIO,true HTTP/1.1" 200 35
192.168.10.89 - - [24/Apr/2017:17:26:28 -0300] "POST /cormun/servlet/solicitudgral2?gx-no-cache=1493068858725 HTTP/1.1" 200 3174
192.168.10.89 - - [24/Apr/2017:17:26:28 -0300] "GET /cormun/servlet/solicitudgral2?4fcbc1dea8c3d019741065f9c465b3ec0c48a3cd565ca2d0fdb57cbf2d359eb6e7f4faec75739056cbe2f58921d2931be4121e83017f9896a09c766f8745c276c1b2660824239dd28e7fdcde55310010e69b024f3dcdfea04be5bd201b8b652cfb10a908c0aca6454e94364549c097678f3b316ed1a4f7d4d2aca4bcc1e3bbb7be12ef8090056a3cc9cdca5516a5644d98fbd852559e8ec4a18ae0ef1a53bea3208f597e9344823dc62c4447e9e09e4efb428595fd57d970af3d06f7d04bc4e121777dd9a096921e4371eca8653cb449ff73b03966d931beb12724a79588a8d54c1bb474ff8b148ead29a2b51baa932f220451163dcb97c7604cec8b44ad85c894a6da0b21f2569336c594049efddf1b702fc645b8388c395daf19a6ec3ead50abccec8df46e88286a7fd0cc284e93e893af214930c6486559b5b9953e93d936dc5f522ce8af1b9e942432f9676d5a05,gx-no-cache=1493068858973 HTTP/1.1" 200 257
192.168.10.89 - - [24/Apr/2017:17:26:28 -0300] "POST /cormun/servlet/solicitudgral2?gx-no-cache=1493068859024 HTTP/1.1" 200 1353
192.168.10.89 - - [24/Apr/2017:17:26:28 -0300] "GET /cormun/servlet/solicitudgral2?4fcbc1dea8c3d019741065f9c465b3eccdef2a8a63ea4f9ff11a5030e9d34bce96b53e2ab4fd38a5700f9313d7043affe4121e83017f9896a09c766f8745c2764b4989d6405c6a0460551484975196e9a305357a36e7ee2684e1330aea79171998495392b6e2cc308c3b0ba18f9f2b60,gx-no-cache=1493068859066 HTTP/1.1" 200 41
192.168.10.96 - - [24/Apr/2017:17:26:28 -0300] "GET /cormun/PublicTempStorage/titulo_camila_moena7430996.jpg HTTP/1.1" 200 836975
192.168.10.89 - - [24/Apr/2017:17:26:30 -0300] "POST /cormun/servlet/solicitudgral2?2aec9aeab7c83b01f60ee89de91e5e06,UPD,2017,6192,,gx-no-cache=1493068860888 HTTP/1.1" 200 10649
186.103.159.182 - - [24/Apr/2017:17:26:31 -0300] "GET /cormun/servlet/trsolicitudot? HTTP/1.1" 200 8336
192.168.10.89 - - [24/Apr/2017:17:26:31 -0300] "GET /cormun/servlet/solicitudgral2?4fcbc1dea8c3d019741065f9c465b3ec7712d41bc25e86a9336c261c9bcbe563dd2585f5a683ca5235aa0f013e09308511d28bd26b7483854ac2452b139f169a5daaca413432da6bb720d758d7824dd791b64a9d4ef6b1cac8e9a41681627e170a9417c3cfb78bda6c57ec0ac02406ce9850ca676a63ea059f465aa5f677bf6ce9ca20d507f4340ddfe69d8b68e8bee6ef43235ce71e8c889e0bbea0206102c1,gx-no-cache=1493068862180 HTTP/1.1" 200 29
192.168.10.89 - - [24/Apr/2017:17:26:31 -0300] "POST /cormun/servlet/solicitudgral2?gx-no-cache=1493068862231 HTTP/1.1" 200 1250
192.168.10.89 - - [24/Apr/2017:17:26:31 -0300] "POST /cormun/servlet/solicitudgral2?gx-no-cache=1493068862299 HTTP/1.1" 200 1155
186.103.159.182 - - [24/Apr/2017:17:26:32 -0300] "GET /cormun/servlet/trsolicitudot? HTTP/1.1" 200 8328
192.168.10.96 - - [24/Apr/2017:17:26:32 -0300] "GET /cormun/servlet/vevisualizador?2017,5990,,SolicitudOTAdjuntos HTTP/1.1" 200 10426
192.168.10.96 - - [24/Apr/2017:17:26:33 -0300] "GET /cormun/servlet/vevisualizador?2017,5990,,SolicitudOTAdjuntos HTTP/1.1" 200 10427
192.168.10.96 - - [24/Apr/2017:17:26:33 -0300] "POST /cormun/servlet/acontrolpreferencessavestate?None,DZAMUDIO,true HTTP/1.1" 200 35
192.168.10.96 - - [24/Apr/2017:17:26:34 -0300] "GET /cormun/PublicTempStorage/afp_camila_moena8346670.jpg HTTP/1.1" 200 689945
192.168.10.89 - - [24/Apr/2017:17:26:35 -0300] "GET /cormun/servlet/solicitudgral2?4fcbc1dea8c3d019741065f9c465b3ec8f0d9ab546243c6ac467b3311eabc4588185f8fd09bdab547740081992907846c49252efeb1ac15f75d9a67b5c7c4279260999535cc9211c7be287ec3ec014105db83cceaddbe003beb3a8c5db7075e983c04867c55e8b63e4a4340282297aeeb2e5d633629f9af9d8a1952ba6cb505b,gx-no-cache=1493068865949 HTTP/1.1" 200 30
186.103.159.204 - - [24/Apr/2017:17:26:35 -0300] "GET /cormun/servlet/alicenciaprn?16883414,L,20170424000000,PU HTTP/1.1" 200 1528
192.168.10.96 - - [24/Apr/2017:17:26:38 -0300] "GET /cormun/servlet/vevisualizador?2017,5990,,SolicitudOTAdjuntos HTTP/1.1" 200 10429
192.168.10.96 - - [24/Apr/2017:17:26:39 -0300] "GET /cormun/servlet/vevisualizador?2017,5990,,SolicitudOTAdjuntos HTTP/1.1" 200 10428
192.168.10.96 - - [24/Apr/2017:17:26:39 -0300] "POST /cormun/servlet/acontrolpreferencessavestate?None,DZAMUDIO,true HTTP/1.1" 200 35
192.168.10.96 - - [24/Apr/2017:17:26:40 -0300] "GET /cormun/PublicTempStorage/fonasa_camila_moena8101426.jpg HTTP/1.1" 200 634356
186.103.159.204 - - [24/Apr/2017:17:26:41 -0300] "GET /cormun/servlet/alicenciaprn?16883414,L,20170424000000,PU HTTP/1.1" 200 1527
192.168.10.89 - - [24/Apr/2017:17:26:41 -0300] "GET /cormun/servlet/solicitudgral2?4fcbc1dea8c3d019741065f9c465b3ec5f34e512b6a87c8339992d2570408cb3314a12fea85e521aa4973b79adc9c944c49252efeb1ac15f75d9a67b5c7c4279260999535cc9211c7be287ec3ec014105db83cceaddbe003beb3a8c5db7075e983c04867c55e8b63e4a4340282297aeeb2e5d633629f9af9d8a1952ba6cb505b,gx-no-cache=1493068871946 HTTP/1.1" 200 30
192.168.10.89 - - [24/Apr/2017:17:26:43 -0300] "POST /cormun/servlet/solicitudgral2?2aec9aeab7c83b01f60ee89de91e5e06,UPD,2017,6192,,gx-no-cache=1493068873488 HTTP/1.1" 200 93
192.168.10.89 - - [24/Apr/2017:17:26:43 -0300] "GET /cormun/servlet/hpexe_return? HTTP/1.1" 200 1036
192.168.10.89 - - [24/Apr/2017:17:26:43 -0300] "GET /cormun/servlet/trsolicitudgral?gx-no-cache=1493068560933 HTTP/1.1" 200 11771
192.168.10.96 - - [24/Apr/2017:17:26:44 -0300] "GET /cormun/servlet/vevisualizador?2017,5990,,SolicitudOTAdjuntos HTTP/1.1" 200 10426
192.168.10.96 - - [24/Apr/2017:17:26:45 -0300] "GET /cormun/servlet/vevisualizador?2017,5990,,SolicitudOTAdjuntos HTTP/1.1" 200 10429
192.168.10.96 - - [24/Apr/2017:17:26:45 -0300] "POST /cormun/servlet/acontrolpreferencessavestate?None,DZAMUDIO,true HTTP/1.1" 200 35
192.168.10.96 - - [24/Apr/2017:17:26:47 -0300] "GET /cormun/PublicTempStorage/antecedentes_camila_moena8344429.jpg HTTP/1.1" 200 992882
192.168.10.96 - - [24/Apr/2017:17:26:51 -0300] "GET /cormun/servlet/vevisualizador?2017,5990,,SolicitudOTAdjuntos HTTP/1.1" 200 10426
192.168.10.96 - - [24/Apr/2017:17:26:52 -0300] "GET /cormun/servlet/vevisualizador?2017,5990,,SolicitudOTAdjuntos HTTP/1.1" 200 10429
192.168.10.96 - - [24/Apr/2017:17:26:52 -0300] "POST /cormun/servlet/acontrolpreferencessavestate?None,DZAMUDIO,true HTTP/1.1" 200 35
192.168.10.89 - - [24/Apr/2017:17:26:52 -0300] "POST /cormun/servlet/trsolicitudgral?2aec9aeab7c83b01f60ee89de91e5e06,gx-no-cache=1493068560933,gx-no-cache=1493068883233 HTTP/1.1" 200 8077
192.168.10.89 - - [24/Apr/2017:17:26:53 -0300] "GET /cormun/static/Shared/jqueryui/images/ui-icons_82798d_256x240.png HTTP/1.1" 404 1089
192.168.10.89 - - [24/Apr/2017:17:26:53 -0300] "GET /cormun/static/Shared/jqueryui/images/ui-bg_highlight-soft_100_c6c2c8_1x100.png HTTP/1.1" 404 1117
192.168.10.89 - - [24/Apr/2017:17:26:53 -0300] "GET /cormun/static/Shared/jqueryui/images/ui-icons_8d78a5_256x240.png HTTP/1.1" 404 1089
192.168.10.89 - - [24/Apr/2017:17:26:53 -0300] "GET /cormun/static/Shared/jqueryui/images/ui-bg_flat_55_fafafa_40x100.png HTTP/1.1" 404 1097
192.168.10.96 - - [24/Apr/2017:17:26:54 -0300] "GET /cormun/PublicTempStorage/curriculum_camila_otro8680791.docx HTTP/1.1" 200 2137
192.168.10.13 - - [24/Apr/2017:17:27:03 -0300] "GET / HTTP/1.1" 200 11217
186.103.159.182 - - [24/Apr/2017:17:27:05 -0300] "POST /cormun/servlet/trsolicitudot?1090daaf3fb87695b0d6e75ebe3ed1f8,,gx-no-cache=1493065688584 HTTP/1.1" 200 106
186.103.159.182 - - [24/Apr/2017:17:27:05 -0300] "GET /cormun/servlet/trsolicitudadjuntos?2017,6204, HTTP/1.1" 200 6158
186.103.159.182 - - [24/Apr/2017:17:27:05 -0300] "GET /cormun/static/gxcfg.js?201731711504543 HTTP/1.1" 304 -
186.103.159.182 - - [24/Apr/2017:17:27:05 -0300] "GET /cormun/static/trsolicitudadjuntos.js?201731711504951 HTTP/1.1" 304 -
186.103.159.182 - - [24/Apr/2017:17:27:06 -0300] "GET /cormun/servlet/trsolicitudadjuntos?2017,6204, HTTP/1.1" 200 6158
192.168.10.96 - - [24/Apr/2017:17:27:07 -0300] "GET /cormun/PublicTempStorage/curriculum_camila_otro8680791.docx HTTP/1.1" 200 2137
186.103.159.182 - - [24/Apr/2017:17:27:09 -0300] "GET /cormun/servlet/solicitudotadjuntos?INS,2017,6204,,2, HTTP/1.1" 200 6093
186.103.159.182 - - [24/Apr/2017:17:27:09 -0300] "GET /cormun/static/gxcfg.js?201612218465951 HTTP/1.1" 304 -
186.103.159.182 - - [24/Apr/2017:17:27:09 -0300] "GET /cormun/static/solicitudotadjuntos.js?201612218465969 HTTP/1.1" 304 -
186.103.159.182 - - [24/Apr/2017:17:27:09 -0300] "GET /cormun/static/about:blank HTTP/1.1" 404 1011
186.103.159.182 - - [24/Apr/2017:17:27:10 -0300] "GET /cormun/servlet/solicitudotadjuntos?INS,2017,6204,,2, HTTP/1.1" 200 6087
186.103.159.182 - - [24/Apr/2017:17:27:10 -0300] "GET /cormun/servlet/solicitudotadjuntos?94b29bab41d84e5f04b12894ba4a265e0f73026aefe8e375234b2e0e69da7de28cbf78a0076018b67ac154ad3cc8a94b,gx-no-cache=1493065694056 HTTP/1.1" 200 30
186.103.159.182 - - [24/Apr/2017:17:27:11 -0300] "POST /cormun/servlet/solicitudotadjuntos?1090daaf3fb87695b0d6e75ebe3ed1f8,INS,2017,6204,,2,,gx-no-cache=1493065694148 HTTP/1.1" 200 4040
192.168.10.89 - - [24/Apr/2017:17:27:12 -0300] "GET /cormun/servlet/solicitudgral2?UPD,2017,6191, HTTP/1.1" 200 12438
192.168.10.89 - - [24/Apr/2017:17:27:13 -0300] "POST /cormun/servlet/solicitudgral2?gx-no-cache=1493068903680 HTTP/1.1" 200 3202
192.168.10.89 - - [24/Apr/2017:17:27:13 -0300] "GET /cormun/servlet/solicitudgral2?4fcbc1dea8c3d019741065f9c465b3ec0c48a3cd565ca2d0fdb57cbf2d359eb6e7f4faec75739056cbe2f58921d2931be4121e83017f9896a09c766f8745c276c1b2660824239dd28e7fdcde55310010e69b024f3dcdfea04be5bd201b8b652cfb10a908c0aca6454e94364549c097678f3b316ed1a4f7d4d2aca4bcc1e3bbb7be12ef8090056a3cc9cdca5516a5644d98fbd852559e8ec4a18ae0ef1a53bea3208f597e9344823dc62c4447e9e09e4efb428595fd57d970af3d06f7d04bc4e121777dd9a096921e4371eca8653cb449ff73b03966d931beb12724a79588a8d54c1bb474ff8b148ead29a2b51baa932f220451163dcb97c7604cec8b44ad85c894a6da0b21f2569336c594049efddf1b702fc645b8388c395daf19a6ec3ead50abccec8df46e88286a7fd0cc284e93e893af214930c6486559b5b9953e93d936dc5f522ce8af1b9e942432f9676d5a05,gx-no-cache=1493068903891 HTTP/1.1" 200 257
192.168.10.89 - - [24/Apr/2017:17:27:13 -0300] "POST /cormun/servlet/solicitudgral2?gx-no-cache=1493068903919 HTTP/1.1" 200 1353
192.168.10.89 - - [24/Apr/2017:17:27:13 -0300] "GET /cormun/servlet/solicitudgral2?4fcbc1dea8c3d019741065f9c465b3eccdef2a8a63ea4f9ff11a5030e9d34bce96b53e2ab4fd38a5700f9313d7043affe4121e83017f9896a09c766f8745c2764b4989d6405c6a0460551484975196e9a305357a36e7ee2684e1330aea79171998495392b6e2cc308c3b0ba18f9f2b60,gx-no-cache=1493068903963 HTTP/1.1" 200 41
192.168.10.89 - - [24/Apr/2017:17:27:15 -0300] "POST /cormun/servlet/solicitudgral2?2aec9aeab7c83b01f60ee89de91e5e06,UPD,2017,6191,,gx-no-cache=1493068906255 HTTP/1.1" 200 10676
192.168.10.89 - - [24/Apr/2017:17:27:16 -0300] "GET /cormun/servlet/solicitudgral2?4fcbc1dea8c3d019741065f9c465b3ec7712d41bc25e86a9336c261c9bcbe563dd2585f5a683ca5235aa0f013e09308511d28bd26b7483854ac2452b139f169a5daaca413432da6bb720d758d7824dd791b64a9d4ef6b1cac8e9a41681627e170a9417c3cfb78bda6c57ec0ac02406ce9850ca676a63ea059f465aa5f677bf6ce9ca20d507f4340ddfe69d8b68e8bee6ef43235ce71e8c889e0bbea0206102c1,gx-no-cache=1493068906870 HTTP/1.1" 200 29
192.168.10.89 - - [24/Apr/2017:17:27:16 -0300] "POST /cormun/servlet/solicitudgral2?gx-no-cache=1493068906900 HTTP/1.1" 200 1249
192.168.10.89 - - [24/Apr/2017:17:27:16 -0300] "POST /cormun/servlet/solicitudgral2?gx-no-cache=1493068906942 HTTP/1.1" 200 1154
192.168.10.89 - - [24/Apr/2017:17:27:22 -0300] "GET /cormun/servlet/solicitudgral2?4fcbc1dea8c3d019741065f9c465b3ec5f34e512b6a87c8339992d2570408cb3314a12fea85e521aa4973b79adc9c944c49252efeb1ac15f75d9a67b5c7c4279260999535cc9211c7be287ec3ec014105db83cceaddbe003beb3a8c5db7075e983c04867c55e8b63e4a4340282297aeeb2e5d633629f9af9d8a1952ba6cb505b,gx-no-cache=1493068913232 HTTP/1.1" 200 30
192.168.10.89 - - [24/Apr/2017:17:27:28 -0300] "POST /cormun/servlet/solicitudgral2?2aec9aeab7c83b01f60ee89de91e5e06,UPD,2017,6191,,gx-no-cache=1493068918743 HTTP/1.1" 200 93
192.168.10.89 - - [24/Apr/2017:17:27:28 -0300] "GET /cormun/servlet/hpexe_return? HTTP/1.1" 200 1036
192.168.10.89 - - [24/Apr/2017:17:27:28 -0300] "GET /cormun/servlet/trsolicitudgral?gx-no-cache=1493068560933 HTTP/1.1" 200 11445
192.168.10.89 - - [24/Apr/2017:17:27:31 -0300] "GET /cormun/servlet/solicitudgral2?UPD,2017,6190, HTTP/1.1" 200 12438
192.168.10.89 - - [24/Apr/2017:17:27:33 -0300] "POST /cormun/servlet/solicitudgral2?gx-no-cache=1493068923512 HTTP/1.1" 200 3202
192.168.10.89 - - [24/Apr/2017:17:27:33 -0300] "GET /cormun/servlet/solicitudgral2?4fcbc1dea8c3d019741065f9c465b3ec0c48a3cd565ca2d0fdb57cbf2d359eb6e7f4faec75739056cbe2f58921d2931be4121e83017f9896a09c766f8745c276c1b2660824239dd28e7fdcde55310010e69b024f3dcdfea04be5bd201b8b652cfb10a908c0aca6454e94364549c097678f3b316ed1a4f7d4d2aca4bcc1e3bbb7be12ef8090056a3cc9cdca5516a5644d98fbd852559e8ec4a18ae0ef1a53bea3208f597e9344823dc62c4447e9e09e4efb428595fd57d970af3d06f7d04bc4e121777dd9a096921e4371eca8653cb449ff73b03966d931beb12724a79588a8d54c1bb474ff8b148ead29a2b51baa932f220451163dcb97c7604cec8b44ad85c894a6da0b21f2569336c594049efddf1b702fc645b8388c395daf19a6ec3ead50abccec8df46e88286a7fd0cc284e93e893af214930c6486559b5b9953e93d936dc5f522ce8af1b9e942432f9676d5a05,gx-no-cache=1493068923778 HTTP/1.1" 200 257
192.168.10.89 - - [24/Apr/2017:17:27:33 -0300] "POST /cormun/servlet/solicitudgral2?gx-no-cache=1493068923825 HTTP/1.1" 200 1353
