186.103.159.182 - - [24/Apr/2017:12:38:11 -0300] "POST /cormun/servlet/renuncias?41643fecf1030ccdb648c979f2b0ad4c,INS,0,,gx-no-cache=1493048354753 HTTP/1.1" 200 93
186.103.159.182 - - [24/Apr/2017:12:38:11 -0300] "GET /cormun/servlet/hpexe_return? HTTP/1.1" 200 997
186.103.159.182 - - [24/Apr/2017:12:38:12 -0300] "GET /cormun/servlet/trrenuncias HTTP/1.1" 200 7503
186.103.159.182 - - [24/Apr/2017:12:38:13 -0300] "GET /cormun/servlet/trrenuncias HTTP/1.1" 200 7499
192.168.10.96 - - [24/Apr/2017:12:38:17 -0300] "GET /cormun/servlet/trpermisosingoceadjunto?67,8851094, HTTP/1.1" 200 6736
192.168.10.96 - - [24/Apr/2017:12:38:17 -0300] "GET /cormun/servlet/trpermisosingoceadjunto?67,8851094, HTTP/1.1" 200 6736
186.103.159.230 - - [24/Apr/2017:12:38:19 -0300] "GET /cormun/servlet/solicitudot?74cd0773b0135fb3cd90e7cec28bab7f4f4f389bd7519ccea4286e104e8da5d7d90b72eb6d64e549ba9a5ac42b28dd6f,gx-no-cache=1493048361128 HTTP/1.1" 200 30
186.103.159.230 - - [24/Apr/2017:12:38:19 -0300] "POST /cormun/servlet/solicitudot?gx-no-cache=1493048361172 HTTP/1.1" 200 297
186.103.159.230 - - [24/Apr/2017:12:38:19 -0300] "GET /cormun/servlet/solicitudot?74cd0773b0135fb3cd90e7cec28bab7fbba17db660bc5ba06c93f10257b67b6135605fe5e5057b049b601d8ceb1f6d07da607f6847bb5b7344595ba852e7fa87aec8bc498bde9f448ff7680dfead195e8036946701ef63047dfd4cd3e447289ab36ef596ac9097c237c32cfb8c78b2d673315552e91999d7cc37ec0e2f4352a18c2fb5d1196cb49c087c28a022ac56440fb237480f4e6b80b1ad4d65151129021f867bcbcbaa4a9f44c1198e7dbc3ec6472205db87094f6abd14dc2abd325326e1f67b4c3cf9e0c07106fae48f0b99c4c0ae28cafc5738989768db725d67e81996985d330a5cf5c57f3de21d2780d7edd376fc219bfafdda318b63fbe3fa3d7b7e6da80d88641ee92b7a29f363a5a3a4639e2145eda0d9f27db2f6bd50dfea7197ebef65150c723160026845498be9822391dd230e5a38d160b21dde36be0650cab2f65e06309c9d5113f684619653cc191e55be3593ab3cb73d8463097db1fa96e4797857b4a114a03bb7945ecbe9d9a0046f29d323d03daf517dd615ef239b68e8956d2c74682bee6caf0f663389d6,gx-no-cache=1493048361218 HTTP/1.1" 200 30
192.168.10.96 - - [24/Apr/2017:12:38:19 -0300] "GET /cormun/PublicTempStorage/img1581431279.jpg HTTP/1.1" 200 360692
186.103.159.230 - - [24/Apr/2017:12:38:22 -0300] "POST /cormun/servlet/solicitudot?gx-no-cache=1493048364897 HTTP/1.1" 200 30
186.103.157.246 - - [24/Apr/2017:12:38:36 -0300] "GET /cormun/servlet/licenciaspermisos?a295d06391d1062d0cd6a989255f4a2b752fe363d28c7ed3106ee181bbe769456e157045128b531a479b66be023fcded564de1725f40598569cbcec293b2f13100d574f8bcfb7fed6bd41ad593f2f9f44e5f3d9401be56d88fc9ef88d0d874d95d9cc80a6733f72d62fe34a1b211a6a564ab7e1cb4b06cfaaf0297df5af7d6b9380dc0983ee2789bd18bf67e5942de3bb5b01242629134d62cc8bab8841e9735c66c17dd4102642293073d51b8961a4da857a3e539cffe60e7b50eba6a129e10aba4d91ad87759301b55da291dd5daa67037b69cd339401f281f2d44a15c99cb8a91fc850e36f218b4fa99ae1f61d967,gx-no-cache=1493048382867 HTTP/1.1" 200 65
186.103.157.246 - - [24/Apr/2017:12:38:37 -0300] "POST /cormun/servlet/licenciaspermisos?75d5678355c259ebb9e826c0afdec3d8,INS,0,,,,gx-no-cache=1493048383263 HTTP/1.1" 200 93
186.103.157.246 - - [24/Apr/2017:12:38:37 -0300] "GET /cormun/servlet/hpexe_return? HTTP/1.1" 200 1012
186.103.157.246 - - [24/Apr/2017:12:38:37 -0300] "GET /cormun/static/Resources/Spanish/PXTools.css?167811 HTTP/1.1" 304 -
186.103.157.246 - - [24/Apr/2017:12:38:37 -0300] "GET /cormun/static/gxcfg.js?2016101716175148 HTTP/1.1" 304 -
186.103.157.246 - - [24/Apr/2017:12:38:37 -0300] "GET /cormun/static/hpexe_return.js?2016101716175153 HTTP/1.1" 304 -
186.103.157.246 - - [24/Apr/2017:12:38:37 -0300] "GET /cormun/servlet/trlicencias HTTP/1.1" 200 8011
186.103.157.246 - - [24/Apr/2017:12:38:38 -0300] "GET /cormun/servlet/trlicencias HTTP/1.1" 200 8007
192.168.10.13 - - [24/Apr/2017:12:39:03 -0300] "GET / HTTP/1.1" 200 11217
186.103.159.183 - - [24/Apr/2017:12:39:13 -0300] "POST /cormun/servlet/solicitudot?gx-no-cache=1493048417543 HTTP/1.1" 200 297
186.103.159.183 - - [24/Apr/2017:12:39:15 -0300] "GET /cormun/servlet/solicitudot?c214bcd315a8f26acb5daee28c8c3746922a156bffc9e9c3467fcb58bbcfcc833334ec337d9fe96ca47d84ccb6bc3b1361e3d4e6d117df6a55a87b2908122899e93885debb022f92c3e666517fcb6278290cef7e47c951308d968e5d6cd8845d2889f14cd020c6a4148976012173e13f40d666cee3f490f47350266db75ef0a58a3218a6ba34327a8fbbf2db1d8200823017a8143b79177b212da4804065b21205698d48c568d3863cdfe8a66e604c03fefdbe661b510e96be6c61b32d337c3392ec32b230fe5f4c04359f262ebb8f0bd7a8c0b9a5da11d616d1282ae614e3dffc3326426e3912c901b9892fcdf81a68f08a3b43f8809a22adec8b031a68d40397fed0d15b7c5f3f2189c2cdcbfec6dcf57347fdd5f26fc66e9aab0ed70c852080b45d0b0a62f2f104f9a79ce725d1c125b8fd0e47d3bf60e804c0d439a8f2ec5e1b8ebddc6cd9183695fd696666a4a9068798673d01fa412de63c446c5028444bed12b7a8e4be44386a931bf8fb5d23be265b885a29543d18216133f4265a097a7cb3be0986d5642197b8d8a842203a,gx-no-cache=1493048419404 HTTP/1.1" 200 30
186.103.159.183 - - [24/Apr/2017:12:39:19 -0300] "POST /cormun/servlet/solicitudot?gx-no-cache=1493048422907 HTTP/1.1" 200 30
186.103.159.183 - - [24/Apr/2017:12:39:22 -0300] "POST /cormun/servlet/solicitudot?gx-no-cache=1493048425872 HTTP/1.1" 200 235
186.103.159.183 - - [24/Apr/2017:12:39:22 -0300] "POST /cormun/servlet/solicitudot?gx-no-cache=1493048426111 HTTP/1.1" 200 38
186.103.159.183 - - [24/Apr/2017:12:39:59 -0300] "POST /cormun/servlet/solicitudot?gx-no-cache=1493048463622 HTTP/1.1" 200 30
186.103.159.183 - - [24/Apr/2017:12:40:00 -0300] "POST /cormun/servlet/solicitudot?gx-no-cache=1493048463903 HTTP/1.1" 200 690
186.103.159.183 - - [24/Apr/2017:12:40:00 -0300] "POST /cormun/servlet/solicitudot?gx-no-cache=1493048464063 HTTP/1.1" 200 38
192.168.10.13 - - [24/Apr/2017:12:40:03 -0300] "GET / HTTP/1.1" 200 11217
186.103.159.183 - - [24/Apr/2017:12:40:28 -0300] "POST /cormun/servlet/solicitudot?gx-no-cache=1493048492429 HTTP/1.1" 200 30
186.103.159.183 - - [24/Apr/2017:12:40:28 -0300] "POST /cormun/servlet/solicitudot?gx-no-cache=1493048492702 HTTP/1.1" 200 688
186.103.159.183 - - [24/Apr/2017:12:40:29 -0300] "POST /cormun/servlet/solicitudot?gx-no-cache=1493048492887 HTTP/1.1" 200 38
186.103.159.183 - - [24/Apr/2017:12:40:29 -0300] "GET /cormun/servlet/solicitudot?c214bcd315a8f26acb5daee28c8c374624f21408222ad2e29b16f43b6e662515c96206badecae1bbf14bfc4bc09557b7988916503bbca46c55b864a4781524ad33b90a176b1d67fb3594790d215bd019fa07316806934be8e51903a938fe5069f09d91a64bd466d2af3b53406a8ae32e,gx-no-cache=1493048493030 HTTP/1.1" 200 29
186.103.159.183 - - [24/Apr/2017:12:40:29 -0300] "POST /cormun/servlet/solicitudot?gx-no-cache=1493048493125 HTTP/1.1" 200 675
186.103.159.183 - - [24/Apr/2017:12:40:30 -0300] "POST /cormun/servlet/solicitudot?gx-no-cache=1493048493461 HTTP/1.1" 200 1157
186.103.159.183 - - [24/Apr/2017:12:40:30 -0300] "POST /cormun/servlet/solicitudot?gx-no-cache=1493048494246 HTTP/1.1" 200 552
186.103.159.230 - - [24/Apr/2017:12:40:31 -0300] "GET /cormun/servlet/prcontratosol?19083845,,,,,MD,,gxPopupLevel%3D0%3B HTTP/1.1" 200 5607
186.103.159.230 - - [24/Apr/2017:12:40:31 -0300] "GET /cormun/static/gxcfg.js?201731711522183 HTTP/1.1" 304 -
186.103.159.230 - - [24/Apr/2017:12:40:31 -0300] "GET /cormun/static/prcontratosol.js?201731711522419 HTTP/1.1" 304 -
186.103.159.230 - - [24/Apr/2017:12:40:31 -0300] "GET /cormun/static/menusearch.js?201610171694467 HTTP/1.1" 304 -
186.103.159.230 - - [24/Apr/2017:12:40:31 -0300] "GET /cormun/static/hmpwkw011.js?201731711483558 HTTP/1.1" 304 -
186.103.159.230 - - [24/Apr/2017:12:40:56 -0300] "POST /cormun/servlet/solicitudot?gx-no-cache=1493048518703 HTTP/1.1" 200 235
186.103.159.230 - - [24/Apr/2017:12:40:56 -0300] "POST /cormun/servlet/solicitudot?gx-no-cache=1493048518824 HTTP/1.1" 200 38
186.103.159.230 - - [24/Apr/2017:12:40:56 -0300] "GET /cormun/servlet/solicitudot?74cd0773b0135fb3cd90e7cec28bab7fbd774a691308e34f2455233fddb71816e2a20a115fbb4cdad4f310ab3fb24bcb3926fcd81e061b308c3145a2ac60539ab0476bddf85a9f793890d11f7b3a44edd572c70d0953adc302e3852dc9268a29423c3b31461a238092794a1e5df0ae32,gx-no-cache=1493048518897 HTTP/1.1" 200 29
186.103.159.230 - - [24/Apr/2017:12:40:57 -0300] "POST /cormun/servlet/solicitudot?gx-no-cache=1493048518968 HTTP/1.1" 200 676
186.103.159.230 - - [24/Apr/2017:12:40:57 -0300] "POST /cormun/servlet/solicitudot?gx-no-cache=1493048519053 HTTP/1.1" 200 552
186.103.159.230 - - [24/Apr/2017:12:40:59 -0300] "GET /cormun/servlet/prcontratosol?19083845,,,,,MD,,gxPopupLevel%3D0%3B HTTP/1.1" 200 5607
192.168.10.13 - - [24/Apr/2017:12:41:03 -0300] "GET / HTTP/1.1" 200 11217
186.103.159.46 - - [24/Apr/2017:12:41:36 -0300] "GET /cormun/servlet/hhome HTTP/1.1" 200 3327
186.103.159.46 - - [24/Apr/2017:12:41:38 -0300] "GET /cormun/servlet/hhome HTTP/1.1" 200 3337
186.103.159.46 - - [24/Apr/2017:12:41:39 -0300] "GET /cormun/servlet/hlogin HTTP/1.1" 200 1735
186.103.159.230 - - [24/Apr/2017:12:41:50 -0300] "POST /cormun/servlet/solicitudot?gx-no-cache=1493048572428 HTTP/1.1" 200 30
186.103.159.46 - - [24/Apr/2017:12:41:53 -0300] "POST /cormun/servlet/hlogin?0f187f4582de444076c42da7bbd7905d,gx-no-cache=1493052174120 HTTP/1.1" 200 90
186.103.159.46 - - [24/Apr/2017:12:41:53 -0300] "GET /cormun/servlet/hpexe_link HTTP/1.1" 200 954
186.103.159.46 - - [24/Apr/2017:12:41:53 -0300] "GET /cormun/servlet/hhome HTTP/1.1" 200 3785
186.103.159.46 - - [24/Apr/2017:12:41:54 -0300] "GET /cormun/servlet/hhome HTTP/1.1" 200 3784
186.103.159.230 - - [24/Apr/2017:12:41:56 -0300] "POST /cormun/servlet/solicitudot?gx-no-cache=1493048578293 HTTP/1.1" 200 690
186.103.159.230 - - [24/Apr/2017:12:41:56 -0300] "POST /cormun/servlet/solicitudot?gx-no-cache=1493048578401 HTTP/1.1" 200 38
186.103.159.183 - - [24/Apr/2017:12:42:01 -0300] "POST /cormun/servlet/solicitudot?gx-no-cache=1493048585353 HTTP/1.1" 200 675
186.103.159.183 - - [24/Apr/2017:12:42:01 -0300] "POST /cormun/servlet/solicitudot?gx-no-cache=1493048585572 HTTP/1.1" 200 552
192.168.10.13 - - [24/Apr/2017:12:42:03 -0300] "GET / HTTP/1.1" 200 11217
186.103.159.230 - - [24/Apr/2017:12:42:07 -0300] "POST /cormun/servlet/solicitudot?gx-no-cache=1493048589010 HTTP/1.1" 200 675
186.103.159.230 - - [24/Apr/2017:12:42:07 -0300] "POST /cormun/servlet/solicitudot?gx-no-cache=1493048589082 HTTP/1.1" 200 552
186.103.159.230 - - [24/Apr/2017:12:42:07 -0300] "GET /cormun/static/menuarrow.gif HTTP/1.1" 404 1015
186.103.159.230 - - [24/Apr/2017:12:42:08 -0300] "POST /cormun/servlet/solicitudot?gx-no-cache=1493048590948 HTTP/1.1" 200 675
186.103.159.230 - - [24/Apr/2017:12:42:09 -0300] "POST /cormun/servlet/solicitudot?gx-no-cache=1493048590995 HTTP/1.1" 200 552
186.103.159.46 - - [24/Apr/2017:12:42:10 -0300] "GET /cormun/servlet/trvisualizadoreventos? HTTP/1.1" 200 6518
186.103.159.46 - - [24/Apr/2017:12:42:10 -0300] "GET /cormun/static/gxcfg.js?201731711523419 HTTP/1.1" 304 -
186.103.159.46 - - [24/Apr/2017:12:42:10 -0300] "GET /cormun/static/trvisualizadoreventos.js?20173171152387 HTTP/1.1" 304 -
186.103.159.46 - - [24/Apr/2017:12:42:11 -0300] "GET /cormun/servlet/trvisualizadoreventos? HTTP/1.1" 200 6518
186.103.159.46 - - [24/Apr/2017:12:42:14 -0300] "GET /cormun/static/menuarrow.gif HTTP/1.1" 404 1015
186.103.159.46 - - [24/Apr/2017:12:42:19 -0300] "POST /cormun/servlet/trvisualizadoreventos?0f187f4582de444076c42da7bbd7905d,,gx-no-cache=1493052200181 HTTP/1.1" 200 3766
186.103.159.230 - - [24/Apr/2017:12:42:27 -0300] "GET /cormun/servlet/solicitudot?74cd0773b0135fb3cd90e7cec28bab7f3057f2bc5ff0aa646e74a797f90219e6e684fb14edc57fa921421438848886d3eb352eb4b8da31f669033840017e680b6c7910c7c5d5766591e65f989514a2c925d96f210842c2bd1eae9ec89a4e63764b6c60aaf1164a23ff503a2c6d1abb35bfb5cafc11e1fb727fddb21070d4509be6b89d27efa78d911ad49dcf1d8de96a687b782f831b1bef7a5403454e89c09465968fd552ace09a3ed512161d1318e7,gx-no-cache=1493048609450 HTTP/1.1" 200 30
186.103.159.46 - - [24/Apr/2017:12:42:31 -0300] "GET /cormun/servlet/trsolicitudot? HTTP/1.1" 200 6739
186.103.159.46 - - [24/Apr/2017:12:42:31 -0300] "GET /cormun/static/gxcfg.js?201731711505139 HTTP/1.1" 304 -
186.103.159.46 - - [24/Apr/2017:12:42:31 -0300] "GET /cormun/static/trsolicitudot.js?20173171151116 HTTP/1.1" 304 -
186.103.159.46 - - [24/Apr/2017:12:42:32 -0300] "GET /cormun/servlet/trsolicitudot? HTTP/1.1" 200 6739
186.103.159.46 - - [24/Apr/2017:12:42:35 -0300] "GET /cormun/servlet/solicitudot?INS,0,0, HTTP/1.1" 200 12594
186.103.159.46 - - [24/Apr/2017:12:42:35 -0300] "GET /cormun/static/Resources/Spanish/PXTools.css?18365030 HTTP/1.1" 304 -
186.103.159.46 - - [24/Apr/2017:12:42:35 -0300] "GET /cormun/static/gxcfg.js?20171191042720 HTTP/1.1" 304 -
186.103.159.46 - - [24/Apr/2017:12:42:35 -0300] "GET /cormun/static/solicitudot.js?2017119104297 HTTP/1.1" 304 -
186.103.159.46 - - [24/Apr/2017:12:42:37 -0300] "GET /cormun/servlet/solicitudot?INS,0,0, HTTP/1.1" 200 12599
186.103.157.246 - - [24/Apr/2017:12:42:46 -0300] "GET /cormun/servlet/hlogin HTTP/1.1" 200 1722
186.103.157.246 - - [24/Apr/2017:12:42:50 -0300] "GET /cormun/servlet/hlogin HTTP/1.1" 200 1728
192.168.10.13 - - [24/Apr/2017:12:43:03 -0300] "GET / HTTP/1.1" 200 11217
186.103.157.98 - - [24/Apr/2017:12:43:12 -0300] "GET /cormun/servlet/hlogin HTTP/1.1" 200 1722
186.103.157.98 - - [24/Apr/2017:12:43:12 -0300] "GET /cormun/static/gxtimezone.js?85251 HTTP/1.1" 200 5781
186.103.157.98 - - [24/Apr/2017:12:43:12 -0300] "GET /cormun/static/gxcfg.js?201741110203197 HTTP/1.1" 200 953
186.103.157.98 - - [24/Apr/2017:12:43:12 -0300] "GET /cormun/static/Resources/Spanish/PXTools.css?11294912 HTTP/1.1" 200 89042
186.103.157.98 - - [24/Apr/2017:12:43:12 -0300] "GET /cormun/static/messages.spa.js?85251 HTTP/1.1" 200 30736
186.103.157.98 - - [24/Apr/2017:12:43:12 -0300] "GET /cormun/static/hlogin.js?201741110203211 HTTP/1.1" 200 2136
186.103.157.98 - - [24/Apr/2017:12:43:12 -0300] "GET /cormun/static/Resources/ComunLogin.png HTTP/1.1" 200 17326
186.103.157.98 - - [24/Apr/2017:12:43:13 -0300] "GET /cormun/static/gxgral.js?85251 HTTP/1.1" 200 384558
186.103.157.98 - - [24/Apr/2017:12:43:13 -0300] "GET /cormun/static/Resources/PXToolsLoginTop.png HTTP/1.1" 200 1337
186.103.157.98 - - [24/Apr/2017:12:43:13 -0300] "GET /cormun/static/Resources/PXToolsLoginBackground.png HTTP/1.1" 200 1164
186.103.157.98 - - [24/Apr/2017:12:43:13 -0300] "GET /cormun/static/Resources/PXToolsButtonRight21.png HTTP/1.1" 200 1283
186.103.157.98 - - [24/Apr/2017:12:43:13 -0300] "GET /cormun/static/Resources/PXToolsButtonLeft21.png HTTP/1.1" 200 1287
186.103.157.98 - - [24/Apr/2017:12:43:13 -0300] "GET /cormun/static/Resources/indicator.gif HTTP/1.1" 200 1553
186.103.157.98 - - [24/Apr/2017:12:43:13 -0300] "GET /cormun/servlet/hlogin HTTP/1.1" 200 1728
186.103.157.98 - - [24/Apr/2017:12:43:13 -0300] "GET /cormun/static/Resources/PXToolsButtonBackground2.png HTTP/1.1" 200 1181
186.103.157.98 - - [24/Apr/2017:12:43:13 -0300] "GET /cormun/static/Resources/PXToolsLoginBottom.png HTTP/1.1" 200 1389
186.103.157.98 - - [24/Apr/2017:12:43:13 -0300] "GET /favicon.ico HTTP/1.1" 200 21630
186.103.157.98 - - [24/Apr/2017:12:43:13 -0300] "GET /cormun/static/Resources/PXToolsLoginBottom.png HTTP/1.1" 200 1389
186.103.157.98 - - [24/Apr/2017:12:43:13 -0300] "GET /cormun/static/Resources/PXToolsButtonBackground2.png HTTP/1.1" 200 1181
186.79.211.23 - - [24/Apr/2017:12:43:17 -0300] "POST /cormun/servlet/solicitudot?b1a022621194c2b7429ba6631837a646,INS,0,0,,gx-no-cache=1493048659487 HTTP/1.1" 200 93
186.79.211.23 - - [24/Apr/2017:12:43:17 -0300] "GET /cormun/servlet/hpexe_return? HTTP/1.1" 200 1011
186.103.157.246 - - [24/Apr/2017:12:43:18 -0300] "POST /cormun/servlet/hlogin?6257d66b473689535a02bfb6c8fa5f25,gx-no-cache=1493048660160 HTTP/1.1" 200 90
186.79.211.23 - - [24/Apr/2017:12:43:18 -0300] "GET /cormun/servlet/trsolicitudot HTTP/1.1" 200 8373
186.79.211.23 - - [24/Apr/2017:12:43:18 -0300] "GET /cormun/servlet/trsolicitudot HTTP/1.1" 200 8369
186.103.157.246 - - [24/Apr/2017:12:43:18 -0300] "GET /cormun/servlet/hpexe_link HTTP/1.1" 200 954
186.103.157.246 - - [24/Apr/2017:12:43:19 -0300] "GET /cormun/servlet/hhome HTTP/1.1" 200 3949
186.103.157.246 - - [24/Apr/2017:12:43:21 -0300] "GET /cormun/servlet/hhome HTTP/1.1" 200 3945
186.103.159.183 - - [24/Apr/2017:12:43:24 -0300] "GET /cormun/servlet/solicitudot?c214bcd315a8f26acb5daee28c8c3746922a156bffc9e9c3467fcb58bbcfcc833334ec337d9fe96ca47d84ccb6bc3b1361e3d4e6d117df6a55a87b2908122899e93885debb022f92c3e666517fcb6278290cef7e47c951308d968e5d6cd8845d2889f14cd020c6a4148976012173e13f40d666cee3f490f47350266db75ef0a58a3218a6ba34327a8fbbf2db1d8200823017a8143b79177b212da4804065b21205698d48c568d3863cdfe8a66e604c03fefdbe661b510e96be6c61b32d337c3392ec32b230fe5f4c04359f262ebb8f0bd7a8c0b9a5da11d616d1282ae614e3dffc3326426e3912c901b9892fcdf81a68f08a3b43f8809a22adec8b031a68d40397fed0d15b7c5f3f2189c2cdcbfec6dcf57347fdd5f26fc66e9aab0ed70c852080b45d0b0a62f2f104f9a79ce725d1c125b8fd0e47d3bf60e804c0d439a8f2ec5e1b8ebddc6cd9183695fd696666a4a9068798673d01fa412de63c446c5028444bed12b7a8e4be44386a931bf8fb5d23568b8f598dba5f6a09d741a8d19de7c27a7cb3be0986d5642197b8d8a842203a,gx-no-cache=1493048667759 HTTP/1.1" 200 30
186.103.159.183 - - [24/Apr/2017:12:43:24 -0300] "POST /cormun/servlet/solicitudot?gx-no-cache=1493048668269 HTTP/1.1" 200 30
186.103.159.183 - - [24/Apr/2017:12:43:24 -0300] "POST /cormun/servlet/solicitudot?gx-no-cache=1493048668527 HTTP/1.1" 200 689
186.103.159.183 - - [24/Apr/2017:12:43:24 -0300] "POST /cormun/servlet/solicitudot?gx-no-cache=1493048668763 HTTP/1.1" 200 38
186.103.159.183 - - [24/Apr/2017:12:43:24 -0300] "POST /cormun/servlet/solicitudot?gx-no-cache=1493048668849 HTTP/1.1" 200 676
186.103.157.98 - - [24/Apr/2017:12:43:25 -0300] "POST /cormun/servlet/hlogin?57f13bf2467d86397478f9bef1210ea9,gx-no-cache=1493048666964 HTTP/1.1" 200 445
192.168.10.96 - - [24/Apr/2017:12:43:27 -0300] "GET /cormun/servlet/wbconsulta? HTTP/1.1" 200 5180
186.103.159.230 - - [24/Apr/2017:12:43:27 -0300] "POST /cormun/servlet/solicitudot?a4fe62836d54272f7f24c3391121eb3d,INS,0,0,,gx-no-cache=1493048668999 HTTP/1.1" 200 93
186.103.159.230 - - [24/Apr/2017:12:43:27 -0300] "GET /cormun/servlet/hpexe_return? HTTP/1.1" 200 1009
192.168.10.96 - - [24/Apr/2017:12:43:27 -0300] "GET /cormun/servlet/wbconsulta? HTTP/1.1" 200 5165
186.103.159.230 - - [24/Apr/2017:12:43:27 -0300] "GET /cormun/servlet/trsolicitudot HTTP/1.1" 200 8182
186.103.159.230 - - [24/Apr/2017:12:43:28 -0300] "GET /cormun/servlet/trsolicitudot HTTP/1.1" 200 8177
186.103.159.183 - - [24/Apr/2017:12:43:29 -0300] "POST /cormun/servlet/solicitudot?gx-no-cache=1493048673484 HTTP/1.1" 200 1158
192.168.10.96 - - [24/Apr/2017:12:43:35 -0300] "POST /cormun/servlet/wbconsulta?f686917922f4cbd3c0ebf2db5591fa2e,,gx-no-cache=1493051886239 HTTP/1.1" 200 104
192.168.10.96 - - [24/Apr/2017:12:43:35 -0300] "GET /cormun/servlet/vevisualizador?2017,5859, HTTP/1.1" 200 8524
192.168.10.96 - - [24/Apr/2017:12:43:35 -0300] "GET /cormun/pexe_scrolldiv.js HTTP/1.1" 404 1009
192.168.10.96 - - [24/Apr/2017:12:43:35 -0300] "GET /cormun/pexe_scrolldiv.js HTTP/1.1" 404 1009
192.168.10.96 - - [24/Apr/2017:12:43:36 -0300] "GET /cormun/servlet/vevisualizador?2017,5859, HTTP/1.1" 200 8524
192.168.10.96 - - [24/Apr/2017:12:43:37 -0300] "GET /cormun/servlet/vevisualizador?2017,5859,,SolicitudOTAdjuntos HTTP/1.1" 200 10385
192.168.10.96 - - [24/Apr/2017:12:43:37 -0300] "GET /cormun/pexe_scrolldiv.js HTTP/1.1" 404 1009
192.168.10.96 - - [24/Apr/2017:12:43:38 -0300] "GET /cormun/servlet/vevisualizador?2017,5859,,SolicitudOTAdjuntos HTTP/1.1" 200 10385
192.168.10.96 - - [24/Apr/2017:12:43:38 -0300] "POST /cormun/servlet/acontrolpreferencessavestate?None,DZAMUDIO,true HTTP/1.1" 200 35
186.103.157.98 - - [24/Apr/2017:12:43:39 -0300] "POST /cormun/servlet/hlogin?57f13bf2467d86397478f9bef1210ea9,gx-no-cache=1493048680345 HTTP/1.1" 200 441
192.168.10.96 - - [24/Apr/2017:12:43:39 -0300] "GET /cormun/PublicTempStorage/c._de_identidad5391942.pdf HTTP/1.1" 200 151540
186.103.157.246 - - [24/Apr/2017:12:43:40 -0300] "GET /cormun/servlet/trlicencias? HTTP/1.1" 200 8007
186.103.157.246 - - [24/Apr/2017:12:43:41 -0300] "GET /cormun/servlet/trlicencias? HTTP/1.1" 200 8005
192.168.10.96 - - [24/Apr/2017:12:43:43 -0300] "GET /cormun/servlet/vevisualizador?2017,5859,,SolicitudOTAdjuntos HTTP/1.1" 200 10384
192.168.10.96 - - [24/Apr/2017:12:43:43 -0300] "GET /cormun/servlet/vevisualizador?2017,5859,,SolicitudOTAdjuntos HTTP/1.1" 200 10385
192.168.10.96 - - [24/Apr/2017:12:43:44 -0300] "POST /cormun/servlet/acontrolpreferencessavestate?None,DZAMUDIO,true HTTP/1.1" 200 35
192.168.10.96 - - [24/Apr/2017:12:43:44 -0300] "GET /cormun/PublicTempStorage/c._de_estuduios5897434.pdf HTTP/1.1" 200 217766
186.103.157.246 - - [24/Apr/2017:12:43:47 -0300] "GET /cormun/servlet/trlicenciaspermisosadjuntos?18044187,20170424000000,L, HTTP/1.1" 200 6302
186.103.159.183 - - [24/Apr/2017:12:43:48 -0300] "GET /cormun/static/menuarrow.gif HTTP/1.1" 404 1015
186.103.157.98 - - [24/Apr/2017:12:43:49 -0300] "POST /cormun/servlet/hlogin?57f13bf2467d86397478f9bef1210ea9,gx-no-cache=1493048690848 HTTP/1.1" 200 441
192.168.10.96 - - [24/Apr/2017:12:43:49 -0300] "GET /cormun/servlet/vevisualizador?2017,5859,,SolicitudOTAdjuntos HTTP/1.1" 200 10381
192.168.10.96 - - [24/Apr/2017:12:43:49 -0300] "GET /cormun/servlet/vevisualizador?2017,5859,,SolicitudOTAdjuntos HTTP/1.1" 200 10386
186.103.159.230 - - [24/Apr/2017:12:43:50 -0300] "POST /cormun/servlet/trsolicitudot?a4fe62836d54272f7f24c3391121eb3d,gx-no-cache=1493048692109 HTTP/1.1" 200 105
186.103.159.230 - - [24/Apr/2017:12:43:50 -0300] "GET /cormun/servlet/solicitudot?UPD,2017,6196, HTTP/1.1" 200 13899
192.168.10.96 - - [24/Apr/2017:12:43:50 -0300] "POST /cormun/servlet/acontrolpreferencessavestate?None,DZAMUDIO,true HTTP/1.1" 200 35
186.103.159.230 - - [24/Apr/2017:12:43:51 -0300] "GET /cormun/servlet/solicitudot?UPD,2017,6196, HTTP/1.1" 200 13908
192.168.10.96 - - [24/Apr/2017:12:43:51 -0300] "GET /cormun/PublicTempStorage/afp389952.pdf HTTP/1.1" 200 177209
186.103.159.230 - - [24/Apr/2017:12:43:51 -0300] "POST /cormun/servlet/solicitudot?gx-no-cache=1493048693590 HTTP/1.1" 200 3191
186.103.157.246 - - [24/Apr/2017:12:43:51 -0300] "GET /cormun/static/gxcfg.js?20173171154619 HTTP/1.1" 304 -
186.103.159.230 - - [24/Apr/2017:12:43:51 -0300] "POST /cormun/servlet/solicitudot?a4fe62836d54272f7f24c3391121eb3d,UPD,2017,6196,,gx-no-cache=1493048693832 HTTP/1.1" 200 10593
186.103.159.230 - - [24/Apr/2017:12:43:52 -0300] "GET /cormun/servlet/solicitudot?74cd0773b0135fb3cd90e7cec28bab7f4f4f389bd7519ccea4286e104e8da5d7b846270b6537376f58682b1df30dcdeb,gx-no-cache=1493048694083 HTTP/1.1" 200 30
186.103.159.230 - - [24/Apr/2017:12:43:52 -0300] "POST /cormun/servlet/solicitudot?gx-no-cache=1493048694160 HTTP/1.1" 200 297
186.103.159.230 - - [24/Apr/2017:12:43:52 -0300] "GET /cormun/servlet/solicitudot?74cd0773b0135fb3cd90e7cec28bab7fbba17db660bc5ba06c93f10257b67b6135605fe5e5057b049b601d8ceb1f6d07da607f6847bb5b7344595ba852e7fa87aec8bc498bde9f448ff7680dfead195e8036946701ef63047dfd4cd3e447289ab36ef596ac9097c237c32cfb8c78b2d673315552e91999d7cc37ec0e2f4352a18c2fb5d1196cb49c087c28a022ac56440fb237480f4e6b80b1ad4d65151129021f867bcbcbaa4a9f44c1198e7dbc3ec6472205db87094f6abd14dc2abd325326e1f67b4c3cf9e0c07106fae48f0b99c4c0ae28cafc5738989768db725d67e81996985d330a5cf5c57f3de21d2780d7edd376fc219bfafdda318b63fbe3fa3d7b7e6da80d88641ee92b7a29f363a5a3a4639e2145eda0d9f27db2f6bd50dfea7197ebef65150c723160026845498be9822391dd230e5a38d160b21dde36be0650cab2f65e06309c9d5113f684619653cc191e55be3593ab3cb73d8463097db1fa96e4797857b4a114a03bb7945ecbe9d9ad91639e0042d05520cea101dbfaa21468e8956d2c74682bee6caf0f663389d6,gx-no-cache=1493048694241 HTTP/1.1" 200 30
186.103.159.230 - - [24/Apr/2017:12:43:52 -0300] "POST /cormun/servlet/solicitudot?gx-no-cache=1493048694576 HTTP/1.1" 200 30
186.103.159.230 - - [24/Apr/2017:12:43:52 -0300] "POST /cormun/servlet/solicitudot?gx-no-cache=1493048694616 HTTP/1.1" 200 688
186.103.159.230 - - [24/Apr/2017:12:43:52 -0300] "POST /cormun/servlet/solicitudot?gx-no-cache=1493048694672 HTTP/1.1" 200 41
186.103.157.246 - - [24/Apr/2017:12:43:55 -0300] "GET /cormun/servlet/trlicenciaspermisosadjuntos?18044187,20170424000000,L, HTTP/1.1" 200 6302
192.168.10.96 - - [24/Apr/2017:12:43:55 -0300] "GET /cormun/servlet/vevisualizador?2017,5859,,SolicitudOTAdjuntos HTTP/1.1" 200 10381
186.103.159.230 - - [24/Apr/2017:12:43:56 -0300] "GET /cormun/servlet/solicitudot?74cd0773b0135fb3cd90e7cec28bab7f836569f5d331ab4198b694c22ddd69335b1b4a445c13222a5bfd141d9ae34a784bbbea99b85dca58b396ebc9f46b97d937bcd96395e0e3c09682f7518997770ca766605eab2af6d8265f6c61a180466d8910218b612acb43e992643d6a2c371b,gx-no-cache=1493048698424 HTTP/1.1" 200 29
186.103.159.230 - - [24/Apr/2017:12:43:56 -0300] "POST /cormun/servlet/solicitudot?gx-no-cache=1493048698474 HTTP/1.1" 200 675
192.168.10.96 - - [24/Apr/2017:12:43:56 -0300] "GET /cormun/servlet/vevisualizador?2017,5859,,SolicitudOTAdjuntos HTTP/1.1" 200 10384
192.168.10.96 - - [24/Apr/2017:12:43:57 -0300] "POST /cormun/servlet/acontrolpreferencessavestate?None,DZAMUDIO,true HTTP/1.1" 200 35
186.103.159.230 - - [24/Apr/2017:12:43:57 -0300] "POST /cormun/servlet/solicitudot?gx-no-cache=1493048699877 HTTP/1.1" 200 1157
192.168.10.96 - - [24/Apr/2017:12:43:58 -0300] "GET /cormun/PublicTempStorage/fonasa7106734.pdf HTTP/1.1" 200 181806
192.168.10.96 - - [24/Apr/2017:12:44:01 -0300] "GET /cormun/servlet/vevisualizador?2017,5859,,SolicitudOTAdjuntos HTTP/1.1" 200 10384
192.168.10.96 - - [24/Apr/2017:12:44:02 -0300] "GET /cormun/servlet/vevisualizador?2017,5859,,SolicitudOTAdjuntos HTTP/1.1" 200 10385
192.168.10.96 - - [24/Apr/2017:12:44:03 -0300] "POST /cormun/servlet/acontrolpreferencessavestate?None,DZAMUDIO,true HTTP/1.1" 200 35
192.168.10.13 - - [24/Apr/2017:12:44:03 -0300] "GET / HTTP/1.1" 200 11217
192.168.10.96 - - [24/Apr/2017:12:44:03 -0300] "GET /cormun/PublicTempStorage/c._de_antecedentes8445820.pdf HTTP/1.1" 200 271792
186.103.157.98 - - [24/Apr/2017:12:44:05 -0300] "POST /cormun/servlet/hlogin?57f13bf2467d86397478f9bef1210ea9,gx-no-cache=1493048707577 HTTP/1.1" 200 445
192.168.10.96 - - [24/Apr/2017:12:44:07 -0300] "GET /cormun/servlet/vevisualizador?2017,5859,,SolicitudOTAdjuntos HTTP/1.1" 200 10381
186.103.159.183 - - [24/Apr/2017:12:44:07 -0300] "GET /cormun/servlet/solicitudot?c214bcd315a8f26acb5daee28c8c374691e1178c150148d8dc6dcf99f661f8d593948df32adcfc6acfbe477bd3ab1a154b2d95606b367d2882e72887500840d1c37d3510fe8498a6704bae2a35ce1f3bcd10468b3374f5087be10b1e31588572b56f69ecbc9c653d4acf209e82b795ccdbbd2fe24cd7ad6109cbac6408b72180bc97e1c8b5d3c72b6f2fb7a85539597974329c161d0adf6cc3e861445a4e8c81a43521a7b6f05675024bf1aa35563105,gx-no-cache=1493048711575 HTTP/1.1" 200 30
192.168.10.96 - - [24/Apr/2017:12:44:08 -0300] "GET /cormun/servlet/vevisualizador?2017,5859,,SolicitudOTAdjuntos HTTP/1.1" 200 10385
192.168.10.96 - - [24/Apr/2017:12:44:08 -0300] "POST /cormun/servlet/acontrolpreferencessavestate?None,DZAMUDIO,true HTTP/1.1" 200 35
192.168.10.96 - - [24/Apr/2017:12:44:09 -0300] "GET /cormun/PublicTempStorage/curriculum6390356.pdf HTTP/1.1" 200 161423
186.103.157.98 - - [24/Apr/2017:12:44:13 -0300] "POST /cormun/servlet/hlogin?57f13bf2467d86397478f9bef1210ea9,gx-no-cache=1493048714825 HTTP/1.1" 200 445
186.103.157.246 - - [24/Apr/2017:12:44:13 -0300] "GET /cormun/servlet/licenciaspermisosadjuntos?INS,18044187,L,20170424000000,, HTTP/1.1" 200 5599
186.103.157.98 - - [24/Apr/2017:12:44:17 -0300] "POST /cormun/servlet/hlogin?57f13bf2467d86397478f9bef1210ea9,gx-no-cache=1493048719233 HTTP/1.1" 200 445
186.103.159.230 - - [24/Apr/2017:12:44:19 -0300] "GET /cormun/servlet/solicitudot?74cd0773b0135fb3cd90e7cec28bab7f3057f2bc5ff0aa646e74a797f90219e6e684fb14edc57fa921421438848886d3eb352eb4b8da31f669033840017e680b6c7910c7c5d5766591e65f989514a2c925d96f210842c2bd1eae9ec89a4e63764b6c60aaf1164a23ff503a2c6d1abb35bfb5cafc11e1fb727fddb21070d4509be6b89d27efa78d911ad49dcf1d8de96a687b782f831b1bef7a5403454e89c09465968fd552ace09a3ed512161d1318e7,gx-no-cache=1493048721800 HTTP/1.1" 200 30
186.103.159.230 - - [24/Apr/2017:12:44:20 -0300] "POST /cormun/servlet/solicitudot?a4fe62836d54272f7f24c3391121eb3d,UPD,2017,6196,,gx-no-cache=1493048721916 HTTP/1.1" 200 93
186.103.159.230 - - [24/Apr/2017:12:44:20 -0300] "GET /cormun/servlet/hpexe_return? HTTP/1.1" 200 1016
186.103.159.230 - - [24/Apr/2017:12:44:20 -0300] "GET /cormun/servlet/trsolicitudot HTTP/1.1" 200 8190
186.103.159.230 - - [24/Apr/2017:12:44:20 -0300] "GET /cormun/servlet/trsolicitudot HTTP/1.1" 200 8186
186.103.159.230 - - [24/Apr/2017:12:44:35 -0300] "POST /cormun/servlet/trsolicitudot?a4fe62836d54272f7f24c3391121eb3d,gx-no-cache=1493048736755 HTTP/1.1" 200 105
186.103.159.230 - - [24/Apr/2017:12:44:35 -0300] "GET /cormun/servlet/solicitudot?UPD,2017,6196, HTTP/1.1" 200 14532
186.103.159.230 - - [24/Apr/2017:12:44:35 -0300] "GET /cormun/servlet/solicitudot?UPD,2017,6196, HTTP/1.1" 200 14541
186.103.157.246 - - [24/Apr/2017:12:44:36 -0300] "GET /cormun/static/gxcfg.js?201731711421170 HTTP/1.1" 304 -
186.103.159.230 - - [24/Apr/2017:12:44:36 -0300] "POST /cormun/servlet/solicitudot?gx-no-cache=1493048738407 HTTP/1.1" 200 3191
186.103.159.230 - - [24/Apr/2017:12:44:36 -0300] "POST /cormun/servlet/solicitudot?a4fe62836d54272f7f24c3391121eb3d,UPD,2017,6196,,gx-no-cache=1493048738676 HTTP/1.1" 200 11111
186.103.159.230 - - [24/Apr/2017:12:44:36 -0300] "GET /cormun/servlet/solicitudot?74cd0773b0135fb3cd90e7cec28bab7f4f4f389bd7519ccea4286e104e8da5d7b846270b6537376f58682b1df30dcdeb,gx-no-cache=1493048738941 HTTP/1.1" 200 30
186.103.159.230 - - [24/Apr/2017:12:44:37 -0300] "POST /cormun/servlet/solicitudot?gx-no-cache=1493048739001 HTTP/1.1" 200 297
186.103.159.230 - - [24/Apr/2017:12:44:37 -0300] "GET /cormun/servlet/solicitudot?74cd0773b0135fb3cd90e7cec28bab7fbba17db660bc5ba06c93f10257b67b6135605fe5e5057b049b601d8ceb1f6d07da607f6847bb5b7344595ba852e7fa87aec8bc498bde9f448ff7680dfead195e8036946701ef63047dfd4cd3e447289ab36ef596ac9097c237c32cfb8c78b2d673315552e91999d7cc37ec0e2f4352a18c2fb5d1196cb49c087c28a022ac56440fb237480f4e6b80b1ad4d65151129021f867bcbcbaa4a9f44c1198e7dbc3ec6472205db87094f6abd14dc2abd325326e1f67b4c3cf9e0c07106fae48f0b99c4c0ae28cafc5738989768db725d67e81996985d330a5cf5c57f3de21d2780d7edd376fc219bfafdda318b63fbe3fa3d7b7e6da80d88641ee92b7a29f363a5a3a4639e2145eda0d9f27db2f6bd50dfea7197ebef65150c723160026845498be9822391dd230e5a38d160b21dde36be0650cab2f65e06309c9d5113f684619653cc191e55be3593ab3cb73d8463097db1fa96e4797857b4a114a03bb7945ecbe9d9ad91639e0042d05520cea101dbfaa21468e8956d2c74682bee6caf0f663389d6,gx-no-cache=1493048739057 HTTP/1.1" 200 30
186.103.159.230 - - [24/Apr/2017:12:44:37 -0300] "POST /cormun/servlet/solicitudot?gx-no-cache=1493048739419 HTTP/1.1" 200 30
186.103.159.230 - - [24/Apr/2017:12:44:37 -0300] "POST /cormun/servlet/solicitudot?gx-no-cache=1493048739487 HTTP/1.1" 200 1286
186.103.157.246 - - [24/Apr/2017:12:44:37 -0300] "GET /cormun/static/about:blank HTTP/1.1" 404 1011
186.103.159.230 - - [24/Apr/2017:12:44:37 -0300] "POST /cormun/servlet/solicitudot?gx-no-cache=1493048739558 HTTP/1.1" 200 41
186.103.157.246 - - [24/Apr/2017:12:44:38 -0300] "GET /cormun/servlet/licenciaspermisosadjuntos?INS,18044187,L,20170424000000,, HTTP/1.1" 200 5588
186.103.159.230 - - [24/Apr/2017:12:44:39 -0300] "GET /cormun/servlet/solicitudot?74cd0773b0135fb3cd90e7cec28bab7f836569f5d331ab4198b694c22ddd69335b1b4a445c13222a5bfd141d9ae34a784bbbea99b85dca58b396ebc9f46b97d937bcd96395e0e3c09682f7518997770ca766605eab2af6d8265f6c61a180466d8910218b612acb43e992643d6a2c371b,gx-no-cache=1493048741124 HTTP/1.1" 200 29
186.103.159.230 - - [24/Apr/2017:12:44:39 -0300] "POST /cormun/servlet/solicitudot?gx-no-cache=1493048741193 HTTP/1.1" 200 1273
186.103.159.230 - - [24/Apr/2017:12:44:39 -0300] "POST /cormun/servlet/solicitudot?gx-no-cache=1493048741320 HTTP/1.1" 200 1157
186.103.157.98 - - [24/Apr/2017:12:44:44 -0300] "POST /cormun/servlet/hlogin?57f13bf2467d86397478f9bef1210ea9,gx-no-cache=1493048746545 HTTP/1.1" 200 445
192.168.10.13 - - [24/Apr/2017:12:45:03 -0300] "GET / HTTP/1.1" 200 11217
186.103.159.46 - - [24/Apr/2017:12:45:06 -0300] "POST /cormun/servlet/solicitudot?gx-no-cache=1493052366699 HTTP/1.1" 200 3199
186.103.159.46 - - [24/Apr/2017:12:45:06 -0300] "POST /cormun/servlet/solicitudot?0f187f4582de444076c42da7bbd7905d,INS,0,0,,gx-no-cache=1493052367184 HTTP/1.1" 200 9795
186.103.159.182 - - [24/Apr/2017:12:45:10 -0300] "GET /cormun/servlet/trrenunciasadjuntos?32,15068040, HTTP/1.1" 200 5882
186.103.157.246 - - [24/Apr/2017:12:45:10 -0300] "POST /cormun/servlet/licenciaspermisosadjuntos?6257d66b473689535a02bfb6c8fa5f25,INS,18044187,L,20170424000000,, HTTP/1.1" 200 116
186.103.157.246 - - [24/Apr/2017:12:45:11 -0300] "GET /cormun/servlet/hpexe_return? HTTP/1.1" 200 1044
186.103.159.182 - - [24/Apr/2017:12:45:12 -0300] "GET /cormun/servlet/trrenunciasadjuntos?32,15068040, HTTP/1.1" 200 5882
186.103.157.246 - - [24/Apr/2017:12:45:12 -0300] "GET /cormun/servlet/trlicenciaspermisosadjuntos?18044187,20170424000000,L, HTTP/1.1" 200 6778
186.103.157.246 - - [24/Apr/2017:12:45:13 -0300] "GET /cormun/servlet/trlicenciaspermisosadjuntos?18044187,20170424000000,L, HTTP/1.1" 200 6774
186.103.159.182 - - [24/Apr/2017:12:45:15 -0300] "GET /cormun/servlet/renunciasadjuntos?INS,32,, HTTP/1.1" 200 5391
186.103.159.182 - - [24/Apr/2017:12:45:16 -0300] "GET /cormun/static/about:blank HTTP/1.1" 404 1011
186.103.159.182 - - [24/Apr/2017:12:45:16 -0300] "GET /cormun/servlet/renunciasadjuntos?INS,32,, HTTP/1.1" 200 5378
186.103.159.46 - - [24/Apr/2017:12:45:21 -0300] "GET /cormun/servlet/solicitudot?38ee67fd13acdd3a7cb5d9980bef45f690521cfaa53c3d9caec2403ef58d6b9240cb33097c40a8eb99d9c4aab62b3697,gx-no-cache=1493052382740 HTTP/1.1" 200 30
186.103.159.46 - - [24/Apr/2017:12:45:21 -0300] "POST /cormun/servlet/solicitudot?gx-no-cache=1493052382858 HTTP/1.1" 200 255
186.103.159.46 - - [24/Apr/2017:12:45:22 -0300] "GET /cormun/servlet/solicitudot?38ee67fd13acdd3a7cb5d9980bef45f61219cba5f4b5c2f54b6ecfa8a70be42e2004c8db2e63eb8b276da43eb8f261fb92dc3355773f0360cd59ff4eaf70f312393142ff61caf9921d6ceec1b43e3062ce5a8ee0b7a81a4936bf532790f4f4976bcbabf0c59ef7c1cac6c528fcfca33afd5546b528ba7b635559d3040c10679c1e408d845df04efb1b9101cfef43324bf10fbdbffc7891a7e6f24ca929b8016070e538e1ed6302af9cf6b32749dfe331be55b25942e2abd7b1ae554426a93b3a56dd466d66f82f962844b120133f38c975dabe6ae88ca1e33822080c5fde9e742ae2bc99b715244611ac79f4bded4614795c3d5818c182a1dbba4b09a354bd4390cd2deaccf6666fc74b8a950ee734cfa4fa594f7c2922a1ab5bf9e3d18434ccedb872f9430dbebcccd5cfea72b9fafead03434ae60b4fe3e333f0ed564a3bdc914f6cf88ae8c2c97df3cfef662e76906cffdeb2004e5016c36f2f6661d437307247cd48869ac702dcbfde9e0125b67ce89507a109050291eeabda2d24c5f88d,gx-no-cache=1493052382964 HTTP/1.1" 200 30
186.103.157.246 - - [24/Apr/2017:12:45:24 -0300] "GET /cormun/servlet/licenciaspermisosadjuntos?INS,18044187,L,20170424000000,, HTTP/1.1" 200 5599
186.103.157.246 - - [24/Apr/2017:12:45:25 -0300] "GET /cormun/servlet/licenciaspermisosadjuntos?INS,18044187,L,20170424000000,, HTTP/1.1" 200 5588
186.103.157.246 - - [24/Apr/2017:12:45:27 -0300] "GET /cormun/servlet/trlicenciaspermisosadjuntos?18044187,20170424000000,L, HTTP/1.1" 200 6774
186.103.159.182 - - [24/Apr/2017:12:45:27 -0300] "POST /cormun/servlet/renunciasadjuntos?41643fecf1030ccdb648c979f2b0ad4c,INS,32,, HTTP/1.1" 200 116
186.103.159.182 - - [24/Apr/2017:12:45:28 -0300] "GET /cormun/servlet/hpexe_return? HTTP/1.1" 200 1016
186.103.157.246 - - [24/Apr/2017:12:45:28 -0300] "GET /cormun/servlet/trlicenciaspermisosadjuntos?18044187,20170424000000,L, HTTP/1.1" 200 6774
186.103.159.182 - - [24/Apr/2017:12:45:28 -0300] "GET /cormun/servlet/trrenunciasadjuntos?32,15068040, HTTP/1.1" 200 6330
186.103.159.46 - - [24/Apr/2017:12:45:28 -0300] "POST /cormun/servlet/solicitudot?gx-no-cache=1493052389326 HTTP/1.1" 200 30
186.103.159.182 - - [24/Apr/2017:12:45:29 -0300] "GET /cormun/servlet/trrenunciasadjuntos?32,15068040, HTTP/1.1" 200 6326
186.103.159.46 - - [24/Apr/2017:12:45:37 -0300] "GET /cormun/servlet/prcontratosol?16535529,,,,,MD,,gxPopupLevel%3D0%3B HTTP/1.1" 200 5941
186.103.159.46 - - [24/Apr/2017:12:45:37 -0300] "GET /cormun/static/gxcfg.js?201731711522183 HTTP/1.1" 304 -
186.103.159.46 - - [24/Apr/2017:12:45:37 -0300] "GET /cormun/static/prcontratosol.js?201731711522419 HTTP/1.1" 304 -
186.79.211.23 - - [24/Apr/2017:12:45:39 -0300] "POST /cormun/servlet/trsolicitudot?b1a022621194c2b7429ba6631837a646,gx-no-cache=1493048801845 HTTP/1.1" 200 105
186.79.211.23 - - [24/Apr/2017:12:45:40 -0300] "GET /cormun/servlet/solicitudot?UPD,2017,6193, HTTP/1.1" 200 14354
186.79.211.23 - - [24/Apr/2017:12:45:40 -0300] "GET /cormun/servlet/solicitudot?UPD,2017,6193, HTTP/1.1" 200 14364
186.79.211.23 - - [24/Apr/2017:12:45:41 -0300] "POST /cormun/servlet/solicitudot?gx-no-cache=1493048803821 HTTP/1.1" 200 3205
186.103.159.46 - - [24/Apr/2017:12:45:42 -0300] "POST /cormun/servlet/solicitudot?gx-no-cache=1493052403493 HTTP/1.1" 200 1371
186.103.159.46 - - [24/Apr/2017:12:45:42 -0300] "GET /cormun/static/Shared/jqueryui/images/ui-bg_highlight-soft_100_c6c2c8_1x100.png HTTP/1.1" 404 1117
186.103.159.46 - - [24/Apr/2017:12:45:42 -0300] "GET /cormun/static/Shared/jqueryui/images/ui-icons_82798d_256x240.png HTTP/1.1" 404 1089
186.103.159.46 - - [24/Apr/2017:12:45:42 -0300] "GET /cormun/static/Shared/jqueryui/images/ui-bg_flat_55_994d53_40x100.png HTTP/1.1" 404 1097
186.103.159.46 - - [24/Apr/2017:12:45:42 -0300] "GET /cormun/static/Shared/jqueryui/images/ui-icons_ebccce_256x240.png HTTP/1.1" 404 1089
186.103.159.46 - - [24/Apr/2017:12:45:42 -0300] "POST /cormun/servlet/solicitudot?gx-no-cache=1493052403748 HTTP/1.1" 200 117
186.103.159.46 - - [24/Apr/2017:12:45:42 -0300] "GET /cormun/servlet/solicitudot?38ee67fd13acdd3a7cb5d9980bef45f614cc049ca4488b7c00fce2222e0ea4df309819031d90b40cc0d359d4bbfbaa9a6a1fd2268822c735ca207745b715022e229ccfd2c2845d34c709c137a84e6378d5f6629732d79bbf599607685e7d6241e4f57bf4a231cda36755216021db34b965e5324f5348d595d16df5c13cb0014119fc5546874ca03a1fb9a8738de747a45c6acf0b9109faf5eae045730c5253f4,gx-no-cache=1493052403849 HTTP/1.1" 200 29
186.103.159.46 - - [24/Apr/2017:12:45:43 -0300] "GET /cormun/servlet/solicitudot?38ee67fd13acdd3a7cb5d9980bef45f647bb5141eae8b2eab49cbcaf1fa61081af544263251d72549afff2d9c4c59e6b030b5ad1614ae61d9cf72c0890c51d7abac6c4d6ca79671f8cfe7f598e027968e11f0008157ac1eba88f4948537c7910c7cc271448f164c28bf85c4c406effc2ca9212708c7a24ea8fde6e06f5c462837ac17f2e254f51f5be4f2b2e0698fc49a18f54fb9a9255abeb426e224d0e3d91,gx-no-cache=1493052403944 HTTP/1.1" 200 57
186.79.211.23 - - [24/Apr/2017:12:45:43 -0300] "POST /cormun/servlet/solicitudot?b1a022621194c2b7429ba6631837a646,UPD,2017,6193,,gx-no-cache=1493048804677 HTTP/1.1" 200 10900
186.103.159.46 - - [24/Apr/2017:12:45:43 -0300] "GET /cormun/servlet/solicitudot?38ee67fd13acdd3a7cb5d9980bef45f6b12981b3ad77657bebed7ff0140343a6af544263251d72549afff2d9c4c59e6b030b5ad1614ae61d9cf72c0890c51d7a1c96af2a539e88fcffebbb5802269261255e43f35704c5c52d887e9742ca00320080f35e3ae99ac55a274e3218d4f205b6aed51507f76428f5dc769cdcb74c59,gx-no-cache=1493052404284 HTTP/1.1" 200 57
186.79.211.23 - - [24/Apr/2017:12:45:43 -0300] "GET /cormun/servlet/solicitudot?1ad92f40544c4e0b2f7fb0bba956a3ab69e2789e48f9100b727fdf3fd30582bccd3cfd8a23618b1b24230e813fdabcc3,gx-no-cache=1493048806075 HTTP/1.1" 200 30
186.79.211.23 - - [24/Apr/2017:12:45:43 -0300] "POST /cormun/servlet/solicitudot?gx-no-cache=1493048806198 HTTP/1.1" 200 297
186.103.159.182 - - [24/Apr/2017:12:45:43 -0300] "GET /cormun/servlet/trrenuncias? HTTP/1.1" 200 7499
186.79.211.23 - - [24/Apr/2017:12:45:43 -0300] "GET /cormun/servlet/solicitudot?1ad92f40544c4e0b2f7fb0bba956a3ab2ddc4944c9b83d05579c48373520a626798a39b7f52bdb91072cc9a433aad6c1b9cfde71248703d0a44c89f01b49b7d9afcb897c0080c82964a148b9e9df8bd4a70f8c8c9541576a03c259956bf840198f3f46ba98e92332cca911fc2d32d6e7270931246fc6a4dc44da378eefb8c17ce305fa32e7193cb9921efec1c9b0125436379ce0927d3897a09f989360550a91beef0cc140a4b1c5ff3248ce0f6956a8398d20ae755daddf6f22ad9e4858a75415004e3d8053add11340feb6739c820a468acc55293c2a55b3e31108baee4d4e74dd8daeb0ea38b1bb5e967e4b959813bfa4e4f362c9719bf7012fd2dac8c6c8d65a067db097fdfe16fe53d97d49e4017d0a1103a1dd3a7ed05d8726d849d29ac6773b18065c8f7ceba4c286a4f220dede0a90cdb4f6a04d3b1400a4962c07e1090b182ca623de5886bf5a4791bc5027f32a2f20f9642af1ee2cdc712d64ef4a58c907e2d6bb2458ec89daf4d21739b44181f5d0b46a35c8989c6b3726adfbb1e82c20d33045a2974b5461286146cd7d,gx-no-cache=1493048806342 HTTP/1.1" 200 30
186.79.211.23 - - [24/Apr/2017:12:45:43 -0300] "POST /cormun/servlet/solicitudot?gx-no-cache=1493048806466 HTTP/1.1" 200 30
186.79.211.23 - - [24/Apr/2017:12:45:44 -0300] "POST /cormun/servlet/solicitudot?gx-no-cache=1493048806597 HTTP/1.1" 200 1289
186.79.211.23 - - [24/Apr/2017:12:45:44 -0300] "POST /cormun/servlet/solicitudot?gx-no-cache=1493048806862 HTTP/1.1" 200 41
186.103.159.182 - - [24/Apr/2017:12:45:44 -0300] "GET /cormun/servlet/trrenuncias? HTTP/1.1" 200 7499
186.103.159.230 - - [24/Apr/2017:12:45:46 -0300] "GET /cormun/servlet/solicitudot?74cd0773b0135fb3cd90e7cec28bab7f3057f2bc5ff0aa646e74a797f90219e6e684fb14edc57fa921421438848886d3eb352eb4b8da31f669033840017e680b6c7910c7c5d5766591e65f989514a2c925d96f210842c2bd1eae9ec89a4e63764b6c60aaf1164a23ff503a2c6d1abb35bfb5cafc11e1fb727fddb21070d4509be6b89d27efa78d911ad49dcf1d8de96a687b782f831b1bef7a5403454e89c09465968fd552ace09a3ed512161d1318e7,gx-no-cache=1493048808684 HTTP/1.1" 200 30
186.103.159.230 - - [24/Apr/2017:12:45:47 -0300] "POST /cormun/servlet/solicitudot?a4fe62836d54272f7f24c3391121eb3d,UPD,2017,6196,,gx-no-cache=1493048808831 HTTP/1.1" 200 93
186.103.159.230 - - [24/Apr/2017:12:45:47 -0300] "GET /cormun/servlet/hpexe_return? HTTP/1.1" 200 1016
186.103.159.230 - - [24/Apr/2017:12:45:47 -0300] "GET /cormun/servlet/trsolicitudot HTTP/1.1" 200 8186
186.103.159.230 - - [24/Apr/2017:12:45:48 -0300] "GET /cormun/servlet/trsolicitudot HTTP/1.1" 200 8180
186.103.159.182 - - [24/Apr/2017:12:45:51 -0300] "GET /cormun/servlet/arenunciaprn?32,PU HTTP/1.1" 200 1547
186.79.211.23 - - [24/Apr/2017:12:45:57 -0300] "POST /cormun/servlet/solicitudot?gx-no-cache=1493048820245 HTTP/1.1" 200 30
186.79.211.23 - - [24/Apr/2017:12:46:01 -0300] "POST /cormun/servlet/solicitudot?gx-no-cache=1493048823746 HTTP/1.1" 200 30
186.79.211.23 - - [24/Apr/2017:12:46:03 -0300] "GET /cormun/servlet/prsolicitudot?13755909,,,,,MD,,gxPopupLevel%3D0%3B HTTP/1.1" 200 6106
192.168.10.13 - - [24/Apr/2017:12:46:03 -0300] "GET / HTTP/1.1" 200 11217
186.103.157.246 - - [24/Apr/2017:12:46:03 -0300] "POST /cormun/servlet/trlicenciaspermisosadjuntos?6257d66b473689535a02bfb6c8fa5f25,18044187,20170424000000,L,,gx-no-cache=1493048825077 HTTP/1.1" 200 4564
186.79.211.23 - - [24/Apr/2017:12:46:15 -0300] "POST /cormun/servlet/solicitudot?gx-no-cache=1493048838251 HTTP/1.1" 200 1289
186.79.211.23 - - [24/Apr/2017:12:46:16 -0300] "POST /cormun/servlet/solicitudot?gx-no-cache=1493048838529 HTTP/1.1" 200 41
186.79.211.23 - - [24/Apr/2017:12:46:16 -0300] "GET /cormun/servlet/solicitudot?1ad92f40544c4e0b2f7fb0bba956a3abe2183b13ee44905009af647fd0408dd919cf22995214568d1e6d856bee77a2bd36134f9d5e2c8239601470f6536f390fd93c93558458a38a0e34299c5df1bf344a88e6bc2479c88f59b0c8931ec5a0e8a7aee7195ac83a606ee5faff52147a3a,gx-no-cache=1493048838666 HTTP/1.1" 200 29
186.79.211.23 - - [24/Apr/2017:12:46:16 -0300] "POST /cormun/servlet/solicitudot?gx-no-cache=1493048838763 HTTP/1.1" 200 1273
186.79.211.23 - - [24/Apr/2017:12:46:16 -0300] "POST /cormun/servlet/solicitudot?gx-no-cache=1493048838956 HTTP/1.1" 200 1157
186.103.157.246 - - [24/Apr/2017:12:46:16 -0300] "POST /cormun/servlet/trlicenciaspermisosadjuntos?6257d66b473689535a02bfb6c8fa5f25,18044187,20170424000000,L,,gx-no-cache=1493048837780 HTTP/1.1" 200 90
186.79.211.23 - - [24/Apr/2017:12:46:17 -0300] "POST /cormun/servlet/solicitudot?b1a022621194c2b7429ba6631837a646,UPD,2017,6193,,gx-no-cache=1493048840070 HTTP/1.1" 200 93
186.79.211.23 - - [24/Apr/2017:12:46:18 -0300] "GET /cormun/servlet/hpexe_return? HTTP/1.1" 200 1016
186.103.157.246 - - [24/Apr/2017:12:46:18 -0300] "GET /cormun/servlet/hpexe_link HTTP/1.1" 200 986
186.79.211.23 - - [24/Apr/2017:12:46:18 -0300] "GET /cormun/servlet/trsolicitudot HTTP/1.1" 200 8373
186.79.211.23 - - [24/Apr/2017:12:46:18 -0300] "GET /cormun/servlet/trsolicitudot HTTP/1.1" 200 8369
186.103.157.246 - - [24/Apr/2017:12:46:22 -0300] "GET /cormun/servlet/trlicencias HTTP/1.1" 200 8006
186.103.157.246 - - [24/Apr/2017:12:46:28 -0300] "GET /cormun/servlet/trlicencias HTTP/1.1" 200 8005
190.45.55.254 - - [24/Apr/2017:12:46:37 -0300] "GET /cormun/servlet/hlogin HTTP/1.1" 200 1722
190.45.55.254 - - [24/Apr/2017:12:46:40 -0300] "POST /cormun/servlet/hlogin?86f5e927735297ffcac82ccff0613148,gx-no-cache=1493048862727 HTTP/1.1" 200 90
190.45.55.254 - - [24/Apr/2017:12:46:40 -0300] "GET /cormun/servlet/hpexe_link HTTP/1.1" 200 953
190.45.55.254 - - [24/Apr/2017:12:46:40 -0300] "GET /cormun/servlet/hhome HTTP/1.1" 200 4117
190.45.55.254 - - [24/Apr/2017:12:46:41 -0300] "GET /cormun/servlet/hhome HTTP/1.1" 200 4114
186.103.157.246 - - [24/Apr/2017:12:46:45 -0300] "POST /cormun/servlet/trlicencias?6257d66b473689535a02bfb6c8fa5f25,gx-no-cache=1493048871067 HTTP/1.1" 200 4264
186.103.157.246 - - [24/Apr/2017:12:46:45 -0300] "GET /cormun/static/Shared/jqueryui/images/ui-bg_highlight-soft_100_c6c2c8_1x100.png HTTP/1.1" 404 1117
186.103.157.246 - - [24/Apr/2017:12:46:45 -0300] "GET /cormun/static/Shared/jqueryui/images/ui-icons_82798d_256x240.png HTTP/1.1" 404 1089
186.103.157.246 - - [24/Apr/2017:12:46:45 -0300] "GET /cormun/static/Shared/jqueryui/images/ui-bg_flat_55_fafafa_40x100.png HTTP/1.1" 404 1097
186.103.157.246 - - [24/Apr/2017:12:46:45 -0300] "GET /cormun/static/Shared/jqueryui/images/ui-icons_8d78a5_256x240.png HTTP/1.1" 404 1089
186.103.159.230 - - [24/Apr/2017:12:46:56 -0300] "POST /cormun/servlet/trsolicitudot?a4fe62836d54272f7f24c3391121eb3d,gx-no-cache=1493048878481 HTTP/1.1" 200 105
190.45.55.254 - - [24/Apr/2017:12:46:56 -0300] "GET /cormun/servlet/trlicencias? HTTP/1.1" 200 6988
186.103.159.230 - - [24/Apr/2017:12:46:57 -0300] "GET /cormun/servlet/solicitudot?UPD,2017,6196, HTTP/1.1" 200 14532
190.45.55.254 - - [24/Apr/2017:12:46:57 -0300] "GET /cormun/servlet/trlicencias? HTTP/1.1" 200 6986
186.103.159.230 - - [24/Apr/2017:12:46:57 -0300] "GET /cormun/servlet/solicitudot?UPD,2017,6196, HTTP/1.1" 200 14541
186.103.159.230 - - [24/Apr/2017:12:46:58 -0300] "POST /cormun/servlet/solicitudot?gx-no-cache=1493048880044 HTTP/1.1" 200 3191
186.103.159.230 - - [24/Apr/2017:12:46:58 -0300] "POST /cormun/servlet/solicitudot?a4fe62836d54272f7f24c3391121eb3d,UPD,2017,6196,,gx-no-cache=1493048880390 HTTP/1.1" 200 11111
186.103.159.230 - - [24/Apr/2017:12:46:58 -0300] "GET /cormun/servlet/solicitudot?74cd0773b0135fb3cd90e7cec28bab7f4f4f389bd7519ccea4286e104e8da5d7b846270b6537376f58682b1df30dcdeb,gx-no-cache=1493048880668 HTTP/1.1" 200 30
186.103.159.230 - - [24/Apr/2017:12:46:58 -0300] "POST /cormun/servlet/solicitudot?gx-no-cache=1493048880750 HTTP/1.1" 200 297
186.103.159.230 - - [24/Apr/2017:12:46:59 -0300] "GET /cormun/servlet/solicitudot?74cd0773b0135fb3cd90e7cec28bab7fbba17db660bc5ba06c93f10257b67b6135605fe5e5057b049b601d8ceb1f6d07da607f6847bb5b7344595ba852e7fa87aec8bc498bde9f448ff7680dfead195e8036946701ef63047dfd4cd3e447289ab36ef596ac9097c237c32cfb8c78b2d673315552e91999d7cc37ec0e2f4352a18c2fb5d1196cb49c087c28a022ac56440fb237480f4e6b80b1ad4d65151129021f867bcbcbaa4a9f44c1198e7dbc3ec6472205db87094f6abd14dc2abd325326e1f67b4c3cf9e0c07106fae48f0b99c4c0ae28cafc5738989768db725d67e81996985d330a5cf5c57f3de21d2780d7edd376fc219bfafdda318b63fbe3fa3d7b7e6da80d88641ee92b7a29f363a5a3a4639e2145eda0d9f27db2f6bd50dfea7197ebef65150c723160026845498be9822391dd230e5a38d160b21dde36be0650cab2f65e06309c9d5113f684619653cc191e55be3593ab3cb73d8463097db1fa96e4797857b4a114a03bb7945ecbe9d9ad91639e0042d05520cea101dbfaa21468e8956d2c74682bee6caf0f663389d6,gx-no-cache=1493048880829 HTTP/1.1" 200 30
186.103.159.230 - - [24/Apr/2017:12:46:59 -0300] "POST /cormun/servlet/solicitudot?gx-no-cache=1493048881189 HTTP/1.1" 200 30
186.103.159.230 - - [24/Apr/2017:12:46:59 -0300] "POST /cormun/servlet/solicitudot?gx-no-cache=1493048881272 HTTP/1.1" 200 1286
186.103.159.230 - - [24/Apr/2017:12:46:59 -0300] "POST /cormun/servlet/solicitudot?gx-no-cache=1493048881409 HTTP/1.1" 200 41
192.168.10.13 - - [24/Apr/2017:12:47:03 -0300] "GET / HTTP/1.1" 200 11217
186.103.159.230 - - [24/Apr/2017:12:47:04 -0300] "GET /cormun/servlet/solicitudot?74cd0773b0135fb3cd90e7cec28bab7f836569f5d331ab4198b694c22ddd69335b1b4a445c13222a5bfd141d9ae34a784bbbea99b85dca58b396ebc9f46b97d937bcd96395e0e3c09682f7518997770ca766605eab2af6d8265f6c61a180466d8910218b612acb43e992643d6a2c371b,gx-no-cache=1493048886730 HTTP/1.1" 200 29
186.103.159.230 - - [24/Apr/2017:12:47:04 -0300] "POST /cormun/servlet/solicitudot?gx-no-cache=1493048886797 HTTP/1.1" 200 1273
186.103.159.182 - - [24/Apr/2017:12:47:05 -0300] "GET /cormun/servlet/renuncias?UPD,32, HTTP/1.1" 200 6234
186.103.159.182 - - [24/Apr/2017:12:47:07 -0300] "GET /cormun/servlet/renuncias?UPD,32, HTTP/1.1" 200 6235
186.103.159.182 - - [24/Apr/2017:12:47:10 -0300] "GET /cormun/servlet/prcontrato?15068040,,,MD,,gxPopupLevel%3D0%3B HTTP/1.1" 200 5982
186.103.159.182 - - [24/Apr/2017:12:47:15 -0300] "GET /cormun/servlet/renuncias?bcd77d324cf00466a66b1c5b90881aa4ebb0127f83cfb5f3bc68def1c414ba2cf76ab99a1c076de4556f7f3d4a258cb0,gx-no-cache=1493048898622 HTTP/1.1" 200 33
186.103.159.182 - - [24/Apr/2017:12:47:15 -0300] "GET /cormun/servlet/renuncias?bcd77d324cf00466a66b1c5b90881aa44d287f91b99b85ea382f1f3cfeb99f537a26462537a25f48b9c44fa1f852a37e,gx-no-cache=1493048898682 HTTP/1.1" 200 62
186.103.159.182 - - [24/Apr/2017:12:47:16 -0300] "POST /cormun/servlet/renuncias?41643fecf1030ccdb648c979f2b0ad4c,UPD,32,,gx-no-cache=1493048899691 HTTP/1.1" 200 93
186.103.159.182 - - [24/Apr/2017:12:47:16 -0300] "GET /cormun/servlet/hpexe_return? HTTP/1.1" 200 998
186.103.159.182 - - [24/Apr/2017:12:47:16 -0300] "GET /cormun/servlet/trrenuncias HTTP/1.1" 200 7503
186.103.159.182 - - [24/Apr/2017:12:47:17 -0300] "GET /cormun/servlet/trrenuncias HTTP/1.1" 200 7499
