186.103.159.182 - - [24/Apr/2017:12:47:21 -0300] "GET /cormun/servlet/trrenunciasadjuntos?32,15068040, HTTP/1.1" 200 6327
192.168.10.96 - - [24/Apr/2017:12:47:22 -0300] "GET /cormun/servlet/vevisualizador?2017,5859,,SolicitudOTAdjuntos HTTP/1.1" 200 10383
186.103.159.182 - - [24/Apr/2017:12:47:22 -0300] "GET /cormun/servlet/trrenunciasadjuntos?32,15068040, HTTP/1.1" 200 6326
192.168.10.96 - - [24/Apr/2017:12:47:23 -0300] "GET /cormun/servlet/vevisualizador?2017,5859,,SolicitudOTAdjuntos HTTP/1.1" 200 10385
192.168.10.96 - - [24/Apr/2017:12:47:24 -0300] "POST /cormun/servlet/acontrolpreferencessavestate?None,DZAMUDIO,true HTTP/1.1" 200 35
186.103.159.230 - - [24/Apr/2017:12:47:25 -0300] "POST /cormun/servlet/solicitudot?gx-no-cache=1493048907063 HTTP/1.1" 200 1157
186.103.159.230 - - [24/Apr/2017:12:47:25 -0300] "GET /cormun/servlet/solicitudot?74cd0773b0135fb3cd90e7cec28bab7f3057f2bc5ff0aa646e74a797f90219e6e684fb14edc57fa921421438848886d3eb352eb4b8da31f669033840017e680b6c7910c7c5d5766591e65f989514a2c925d96f210842c2bd1eae9ec89a4e63764b6c60aaf1164a23ff503a2c6d1abb35bfb5cafc11e1fb727fddb21070d4509be6b89d27efa78d911ad49dcf1d8de96a687b782f831b1bef7a5403454e89c09465968fd552ace09a3ed512161d1318e7,gx-no-cache=1493048907147 HTTP/1.1" 200 30
186.103.159.230 - - [24/Apr/2017:12:47:25 -0300] "POST /cormun/servlet/solicitudot?a4fe62836d54272f7f24c3391121eb3d,UPD,2017,6196,,gx-no-cache=1493048907204 HTTP/1.1" 200 93
186.103.159.230 - - [24/Apr/2017:12:47:25 -0300] "GET /cormun/servlet/hpexe_return? HTTP/1.1" 200 1016
186.103.159.230 - - [24/Apr/2017:12:47:25 -0300] "GET /cormun/servlet/trsolicitudot HTTP/1.1" 200 8186
186.103.159.230 - - [24/Apr/2017:12:47:26 -0300] "GET /cormun/servlet/trsolicitudot HTTP/1.1" 200 8180
186.103.159.182 - - [24/Apr/2017:12:47:28 -0300] "GET /cormun/servlet/trrenuncias? HTTP/1.1" 200 7499
186.103.159.182 - - [24/Apr/2017:12:47:29 -0300] "GET /cormun/servlet/trrenuncias? HTTP/1.1" 200 7499
186.103.159.182 - - [24/Apr/2017:12:47:32 -0300] "POST /cormun/servlet/trrenuncias?41643fecf1030ccdb648c979f2b0ad4c,,gx-no-cache=1493048915155 HTTP/1.1" 200 4136
186.103.159.182 - - [24/Apr/2017:12:47:32 -0300] "GET /cormun/static/Shared/jqueryui/images/ui-bg_highlight-soft_100_c6c2c8_1x100.png HTTP/1.1" 404 1117
186.103.159.182 - - [24/Apr/2017:12:47:32 -0300] "GET /cormun/static/Shared/jqueryui/images/ui-icons_82798d_256x240.png HTTP/1.1" 404 1089
186.103.159.182 - - [24/Apr/2017:12:47:32 -0300] "GET /cormun/static/Shared/jqueryui/images/ui-bg_flat_55_fafafa_40x100.png HTTP/1.1" 404 1097
186.103.159.182 - - [24/Apr/2017:12:47:32 -0300] "GET /cormun/static/Shared/jqueryui/images/ui-icons_8d78a5_256x240.png HTTP/1.1" 404 1089
186.103.159.182 - - [24/Apr/2017:12:47:38 -0300] "GET /cormun/servlet/trautorizarenuncias? HTTP/1.1" 200 7292
186.103.159.182 - - [24/Apr/2017:12:47:39 -0300] "GET /cormun/servlet/trautorizarenuncias? HTTP/1.1" 200 7292
186.103.159.230 - - [24/Apr/2017:12:47:41 -0300] "POST /cormun/servlet/trsolicitudot?a4fe62836d54272f7f24c3391121eb3d,gx-no-cache=1493048922917 HTTP/1.1" 200 4338
186.103.159.230 - - [24/Apr/2017:12:47:41 -0300] "GET /cormun/static/Shared/jqueryui/images/ui-bg_highlight-soft_100_c6c2c8_1x100.png HTTP/1.1" 404 1117
186.103.159.230 - - [24/Apr/2017:12:47:41 -0300] "GET /cormun/static/Shared/jqueryui/images/ui-icons_82798d_256x240.png HTTP/1.1" 404 1089
186.103.159.230 - - [24/Apr/2017:12:47:41 -0300] "GET /cormun/static/Shared/jqueryui/images/ui-bg_flat_55_fafafa_40x100.png HTTP/1.1" 404 1097
186.103.159.230 - - [24/Apr/2017:12:47:41 -0300] "GET /cormun/static/Shared/jqueryui/images/ui-icons_8d78a5_256x240.png HTTP/1.1" 404 1089
186.103.159.230 - - [24/Apr/2017:12:47:41 -0300] "POST /cormun/servlet/trsolicitudot?a4fe62836d54272f7f24c3391121eb3d,gx-no-cache=1493048923135 HTTP/1.1" 200 4125
186.103.159.182 - - [24/Apr/2017:12:47:42 -0300] "POST /cormun/servlet/trautorizarenuncias?41643fecf1030ccdb648c979f2b0ad4c,,gx-no-cache=1493048925654 HTTP/1.1" 200 4054
186.103.159.182 - - [24/Apr/2017:12:47:42 -0300] "GET /cormun/static/Shared/jqueryui/images/ui-bg_highlight-soft_100_c6c2c8_1x100.png HTTP/1.1" 404 1117
186.103.159.182 - - [24/Apr/2017:12:47:42 -0300] "GET /cormun/static/Shared/jqueryui/images/ui-icons_82798d_256x240.png HTTP/1.1" 404 1089
186.103.159.182 - - [24/Apr/2017:12:47:42 -0300] "GET /cormun/static/Shared/jqueryui/images/ui-bg_flat_55_fafafa_40x100.png HTTP/1.1" 404 1097
186.103.159.182 - - [24/Apr/2017:12:47:42 -0300] "GET /cormun/static/Shared/jqueryui/images/ui-icons_8d78a5_256x240.png HTTP/1.1" 404 1089
186.103.157.246 - - [24/Apr/2017:12:47:48 -0300] "GET /cormun/servlet/trlicencias? HTTP/1.1" 200 6813
186.103.157.246 - - [24/Apr/2017:12:47:49 -0300] "GET /cormun/servlet/trlicencias? HTTP/1.1" 200 6813
186.103.157.246 - - [24/Apr/2017:12:47:53 -0300] "GET /cormun/servlet/licenciaspermisos?INS,0,,, HTTP/1.1" 200 7358
186.103.157.246 - - [24/Apr/2017:12:47:53 -0300] "GET /cormun/servlet/licenciaspermisos?INS,0,,, HTTP/1.1" 200 7358
192.168.10.13 - - [24/Apr/2017:12:48:03 -0300] "GET / HTTP/1.1" 200 11217
186.103.159.230 - - [24/Apr/2017:12:48:06 -0300] "GET /cormun/servlet/trautorizarsolicitud? HTTP/1.1" 200 8129
186.103.159.230 - - [24/Apr/2017:12:48:06 -0300] "GET /cormun/servlet/trautorizarsolicitud? HTTP/1.1" 200 8128
190.45.55.254 - - [24/Apr/2017:12:48:09 -0300] "GET /cormun/static/menuarrow.gif HTTP/1.1" 404 1015
186.103.159.183 - - [24/Apr/2017:12:48:22 -0300] "POST /cormun/servlet/solicitudot?093a5c00088c5ed9367ed6448566b895,INS,0,0,,gx-no-cache=1493048965650 HTTP/1.1" 200 93
186.103.159.183 - - [24/Apr/2017:12:48:22 -0300] "GET /cormun/servlet/hpexe_return? HTTP/1.1" 200 1007
186.103.159.183 - - [24/Apr/2017:12:48:22 -0300] "GET /cormun/servlet/trsolicitudot HTTP/1.1" 200 9026
186.103.159.183 - - [24/Apr/2017:12:48:24 -0300] "GET /cormun/servlet/trsolicitudot HTTP/1.1" 200 9022
186.103.157.246 - - [24/Apr/2017:12:48:28 -0300] "GET /cormun/servlet/licenciaspermisos?b8e3805a0226f22b18c34e1789ffc057d17698d0ab1fe7070c164ac9f5c882db1f0750e26753b161f5dc1880555c1853,gx-no-cache=1493048975072 HTTP/1.1" 200 68
186.103.157.246 - - [24/Apr/2017:12:48:29 -0300] "POST /cormun/servlet/licenciaspermisos?6257d66b473689535a02bfb6c8fa5f25,INS,0,,,,gx-no-cache=1493048975329 HTTP/1.1" 200 4637
186.103.159.183 - - [24/Apr/2017:12:48:29 -0300] "POST /cormun/servlet/trsolicitudot?093a5c00088c5ed9367ed6448566b895,gx-no-cache=1493048973128 HTTP/1.1" 200 106
186.103.159.183 - - [24/Apr/2017:12:48:29 -0300] "GET /cormun/servlet/trsolicitudadjuntos?2017,6197, HTTP/1.1" 200 6092
186.103.159.183 - - [24/Apr/2017:12:48:30 -0300] "GET /cormun/static/gxcfg.js?201731711504543 HTTP/1.1" 200 953
186.103.159.183 - - [24/Apr/2017:12:48:30 -0300] "GET /cormun/static/trsolicitudadjuntos.js?201731711504951 HTTP/1.1" 200 17913
186.103.159.183 - - [24/Apr/2017:12:48:31 -0300] "GET /cormun/servlet/trsolicitudadjuntos?2017,6197, HTTP/1.1" 200 6092
186.103.159.230 - - [24/Apr/2017:12:48:32 -0300] "POST /cormun/servlet/trautorizarsolicitud?a4fe62836d54272f7f24c3391121eb3d,,gx-no-cache=1493048973573 HTTP/1.1" 200 4313
186.103.159.230 - - [24/Apr/2017:12:48:32 -0300] "GET /cormun/static/Shared/jqueryui/images/ui-bg_highlight-soft_100_c6c2c8_1x100.png HTTP/1.1" 404 1117
186.103.159.230 - - [24/Apr/2017:12:48:32 -0300] "GET /cormun/static/Shared/jqueryui/images/ui-bg_flat_55_fafafa_40x100.png HTTP/1.1" 404 1097
186.103.159.230 - - [24/Apr/2017:12:48:32 -0300] "GET /cormun/static/Shared/jqueryui/images/ui-icons_8d78a5_256x240.png HTTP/1.1" 404 1089
186.103.159.230 - - [24/Apr/2017:12:48:32 -0300] "GET /cormun/static/Shared/jqueryui/images/ui-icons_82798d_256x240.png HTTP/1.1" 404 1089
186.103.159.230 - - [24/Apr/2017:12:48:32 -0300] "POST /cormun/servlet/trautorizarsolicitud?a4fe62836d54272f7f24c3391121eb3d,,gx-no-cache=1493048974433 HTTP/1.1" 200 4099
186.103.159.183 - - [24/Apr/2017:12:48:33 -0300] "GET /cormun/servlet/solicitudotadjuntos?INS,2017,6197,,1, HTTP/1.1" 200 6032
186.103.159.183 - - [24/Apr/2017:12:48:33 -0300] "GET /cormun/static/gxcfg.js?201612218465951 HTTP/1.1" 200 953
186.103.159.183 - - [24/Apr/2017:12:48:33 -0300] "GET /cormun/static/solicitudotadjuntos.js?201612218465969 HTTP/1.1" 200 11762
186.103.159.183 - - [24/Apr/2017:12:48:34 -0300] "GET /cormun/static/about:blank HTTP/1.1" 404 1011
186.103.159.183 - - [24/Apr/2017:12:48:34 -0300] "GET /cormun/servlet/solicitudotadjuntos?INS,2017,6197,,1, HTTP/1.1" 200 6026
186.103.159.183 - - [24/Apr/2017:12:48:35 -0300] "GET /cormun/servlet/solicitudotadjuntos?c214bcd315a8f26acb5daee28c8c37468d581f82d7263bc4c4e8055e41a047373d2a325a03c25f9957cc3be3881707d1,gx-no-cache=1493048979012 HTTP/1.1" 200 30
186.103.159.183 - - [24/Apr/2017:12:48:35 -0300] "POST /cormun/servlet/solicitudotadjuntos?093a5c00088c5ed9367ed6448566b895,INS,2017,6197,,1,,gx-no-cache=1493048979111 HTTP/1.1" 200 3826
186.103.159.183 - - [24/Apr/2017:12:48:37 -0300] "POST /cormun/servlet/solicitudotadjuntos?gx-no-cache=1493048981199 HTTP/1.1" 200 26
186.103.159.183 - - [24/Apr/2017:12:48:47 -0300] "GET /cormun/servlet/solicitudotadjuntos?c214bcd315a8f26acb5daee28c8c3746f957d0044341a394e09a07af1350fca7,gx-no-cache=1493048991316 HTTP/1.1" 200 30
186.103.159.183 - - [24/Apr/2017:12:48:47 -0300] "GET /cormun/servlet/solicitudotadjuntos?c214bcd315a8f26acb5daee28c8c3746f957d0044341a394e09a07af1350fca7,gx-no-cache=1493048991394 HTTP/1.1" 200 30
190.45.55.254 - - [24/Apr/2017:12:48:47 -0300] "GET /cormun/servlet/licenciaspermisos?INS,0,,, HTTP/1.1" 200 7512
190.45.55.254 - - [24/Apr/2017:12:48:48 -0300] "GET /cormun/servlet/licenciaspermisos?INS,0,,, HTTP/1.1" 200 7520
186.103.159.183 - - [24/Apr/2017:12:48:51 -0300] "POST /cormun/servlet/solicitudotadjuntos?093a5c00088c5ed9367ed6448566b895,INS,2017,6197,,1, HTTP/1.1" 200 116
186.103.159.183 - - [24/Apr/2017:12:48:51 -0300] "GET /cormun/servlet/hpexe_return? HTTP/1.1" 200 1026
186.103.159.183 - - [24/Apr/2017:12:48:51 -0300] "GET /cormun/servlet/trsolicitudadjuntos?2017,6197, HTTP/1.1" 200 8254
186.103.159.183 - - [24/Apr/2017:12:48:53 -0300] "GET /cormun/servlet/trsolicitudadjuntos?2017,6197, HTTP/1.1" 200 8249
192.168.10.13 - - [24/Apr/2017:12:49:03 -0300] "GET / HTTP/1.1" 200 11217
190.45.55.254 - - [24/Apr/2017:12:49:06 -0300] "GET /cormun/servlet/licenciaspermisos?2826a976a89098df0e6b41b0837d37d778f7b84cd2f972c8cc55fd9528e7e3d016aa0ac7cbfaead1262e91d222294b81,gx-no-cache=1493049009042 HTTP/1.1" 200 63
190.45.55.254 - - [24/Apr/2017:12:49:06 -0300] "POST /cormun/servlet/licenciaspermisos?86f5e927735297ffcac82ccff0613148,INS,0,,,,gx-no-cache=1493049009122 HTTP/1.1" 200 4619
186.103.157.246 - - [24/Apr/2017:12:49:08 -0300] "GET /cormun/static/menuarrow.gif HTTP/1.1" 404 1015
186.103.159.46 - - [24/Apr/2017:12:49:20 -0300] "POST /cormun/servlet/solicitudot?gx-no-cache=1493052621666 HTTP/1.1" 200 1291
186.103.159.46 - - [24/Apr/2017:12:49:24 -0300] "GET /cormun/static/menuarrow.gif HTTP/1.1" 404 1015
186.103.159.46 - - [24/Apr/2017:12:49:28 -0300] "GET /cormun/servlet/prlicenciaspermisos?9882379,L,,MD,,gxPopupLevel%3D0%3B HTTP/1.1" 200 6376
186.103.159.46 - - [24/Apr/2017:12:49:28 -0300] "GET /cormun/static/gxcfg.js?201741111445743 HTTP/1.1" 304 -
186.103.159.46 - - [24/Apr/2017:12:49:28 -0300] "GET /cormun/static/prlicenciaspermisos.js?201741111445890 HTTP/1.1" 304 -
186.103.159.183 - - [24/Apr/2017:12:49:29 -0300] "GET /cormun/servlet/solicitudotadjuntos?INS,2017,6197,,1, HTTP/1.1" 200 6032
186.103.159.183 - - [24/Apr/2017:12:49:30 -0300] "GET /cormun/static/about:blank HTTP/1.1" 404 1011
186.103.159.183 - - [24/Apr/2017:12:49:31 -0300] "GET /cormun/servlet/solicitudotadjuntos?INS,2017,6197,,1, HTTP/1.1" 200 6026
186.103.159.183 - - [24/Apr/2017:12:49:31 -0300] "GET /cormun/servlet/solicitudotadjuntos?c214bcd315a8f26acb5daee28c8c37468d581f82d7263bc4c4e8055e41a047373d2a325a03c25f9957cc3be3881707d1,gx-no-cache=1493049035615 HTTP/1.1" 200 30
186.103.159.183 - - [24/Apr/2017:12:49:32 -0300] "POST /cormun/servlet/solicitudotadjuntos?093a5c00088c5ed9367ed6448566b895,INS,2017,6197,,1,,gx-no-cache=1493049035720 HTTP/1.1" 200 3826
190.45.55.254 - - [24/Apr/2017:12:49:48 -0300] "GET /cormun/static/menuarrow.gif HTTP/1.1" 404 1015
186.103.159.183 - - [24/Apr/2017:12:49:51 -0300] "POST /cormun/servlet/solicitudotadjuntos?gx-no-cache=1493049055088 HTTP/1.1" 200 26
192.168.10.13 - - [24/Apr/2017:12:50:03 -0300] "GET / HTTP/1.1" 200 11217
186.103.159.46 - - [24/Apr/2017:12:50:05 -0300] "GET /cormun/servlet/prlicenciaspermisos?9882379,L,,MD,,gxPopupLevel%3D0%3B HTTP/1.1" 200 6376
186.103.159.183 - - [24/Apr/2017:12:50:12 -0300] "POST /cormun/servlet/solicitudotadjuntos?093a5c00088c5ed9367ed6448566b895,INS,2017,6197,,1,,gx-no-cache=1493049076087 HTTP/1.1" 200 93
186.103.159.183 - - [24/Apr/2017:12:50:12 -0300] "GET /cormun/servlet/hpexe_return? HTTP/1.1" 200 1026
186.103.159.183 - - [24/Apr/2017:12:50:13 -0300] "GET /cormun/servlet/trsolicitudadjuntos?2017,6197, HTTP/1.1" 200 8254
186.103.159.183 - - [24/Apr/2017:12:50:14 -0300] "GET /cormun/servlet/trsolicitudadjuntos?2017,6197, HTTP/1.1" 200 8249
186.103.159.183 - - [24/Apr/2017:12:50:17 -0300] "GET /cormun/servlet/solicitudotadjuntos?DLT,2017,6197,CARNET,0, HTTP/1.1" 200 5986
157.55.39.146 - - [24/Apr/2017:12:50:18 -0300] "GET /cormunbeta/servlet/trrenuncias?_escaped_fragment_= HTTP/1.1" 200 5642
186.103.159.183 - - [24/Apr/2017:12:50:18 -0300] "GET /cormun/PublicTempStorage/carnet9996837.jpg HTTP/1.1" 200 533156
186.103.159.183 - - [24/Apr/2017:12:50:19 -0300] "GET /cormun/static/Shared/jqueryui/images/ui-icons_82798d_256x240.png HTTP/1.1" 404 1089
186.103.159.183 - - [24/Apr/2017:12:50:19 -0300] "GET /cormun/static/Shared/jqueryui/images/ui-bg_flat_55_fafafa_40x100.png HTTP/1.1" 404 1097
186.103.159.183 - - [24/Apr/2017:12:50:19 -0300] "GET /cormun/static/Shared/jqueryui/images/ui-bg_highlight-soft_100_c6c2c8_1x100.png HTTP/1.1" 404 1117
186.103.159.183 - - [24/Apr/2017:12:50:19 -0300] "GET /cormun/static/Shared/jqueryui/images/ui-icons_8d78a5_256x240.png HTTP/1.1" 404 1089
186.103.159.183 - - [24/Apr/2017:12:50:19 -0300] "GET /cormun/servlet/solicitudotadjuntos?DLT,2017,6197,CARNET,0, HTTP/1.1" 200 5978
186.103.159.183 - - [24/Apr/2017:12:50:21 -0300] "POST /cormun/servlet/solicitudotadjuntos?093a5c00088c5ed9367ed6448566b895,DLT,2017,6197,CARNET,0,,gx-no-cache=1493049084773 HTTP/1.1" 200 93
186.103.159.183 - - [24/Apr/2017:12:50:21 -0300] "GET /cormun/servlet/hpexe_return? HTTP/1.1" 200 1032
186.103.159.183 - - [24/Apr/2017:12:50:21 -0300] "GET /cormun/servlet/trsolicitudadjuntos?2017,6197, HTTP/1.1" 200 6095
186.103.159.183 - - [24/Apr/2017:12:50:23 -0300] "GET /cormun/servlet/trsolicitudadjuntos?2017,6197, HTTP/1.1" 200 6092
186.103.159.183 - - [24/Apr/2017:12:50:25 -0300] "GET /cormun/servlet/solicitudotadjuntos?INS,2017,6197,,1, HTTP/1.1" 200 6032
186.103.159.183 - - [24/Apr/2017:12:50:26 -0300] "GET /cormun/static/about:blank HTTP/1.1" 404 1011
186.103.159.183 - - [24/Apr/2017:12:50:27 -0300] "GET /cormun/servlet/solicitudotadjuntos?INS,2017,6197,,1, HTTP/1.1" 200 6026
186.103.159.183 - - [24/Apr/2017:12:50:27 -0300] "GET /cormun/servlet/solicitudotadjuntos?c214bcd315a8f26acb5daee28c8c37468d581f82d7263bc4c4e8055e41a047373d2a325a03c25f9957cc3be3881707d1,gx-no-cache=1493049091714 HTTP/1.1" 200 30
186.103.159.183 - - [24/Apr/2017:12:50:28 -0300] "POST /cormun/servlet/solicitudotadjuntos?093a5c00088c5ed9367ed6448566b895,INS,2017,6197,,1,,gx-no-cache=1493049091809 HTTP/1.1" 200 3826
186.79.211.23 - - [24/Apr/2017:12:50:30 -0300] "POST /cormun/servlet/trsolicitudot?b1a022621194c2b7429ba6631837a646,gx-no-cache=1493049092273 HTTP/1.1" 200 5273
186.79.211.23 - - [24/Apr/2017:12:50:30 -0300] "GET /cormun/static/Shared/jqueryui/images/ui-bg_highlight-soft_100_c6c2c8_1x100.png HTTP/1.1" 404 1117
186.79.211.23 - - [24/Apr/2017:12:50:30 -0300] "GET /cormun/static/Shared/jqueryui/images/ui-icons_82798d_256x240.png HTTP/1.1" 404 1089
186.79.211.23 - - [24/Apr/2017:12:50:30 -0300] "GET /cormun/static/Shared/jqueryui/images/ui-bg_flat_55_fafafa_40x100.png HTTP/1.1" 404 1097
186.79.211.23 - - [24/Apr/2017:12:50:30 -0300] "GET /cormun/static/Shared/jqueryui/images/ui-icons_8d78a5_256x240.png HTTP/1.1" 404 1089
186.103.159.183 - - [24/Apr/2017:12:50:30 -0300] "POST /cormun/servlet/solicitudotadjuntos?gx-no-cache=1493049094116 HTTP/1.1" 200 26
186.79.211.23 - - [24/Apr/2017:12:50:30 -0300] "POST /cormun/servlet/trsolicitudot?b1a022621194c2b7429ba6631837a646,gx-no-cache=1493049092769 HTTP/1.1" 200 5214
186.79.211.23 - - [24/Apr/2017:12:50:31 -0300] "POST /cormun/servlet/trsolicitudot?b1a022621194c2b7429ba6631837a646,gx-no-cache=1493049094150 HTTP/1.1" 200 4171
186.79.211.23 - - [24/Apr/2017:12:50:32 -0300] "POST /cormun/servlet/trsolicitudot?b1a022621194c2b7429ba6631837a646,gx-no-cache=1493049094602 HTTP/1.1" 200 3951
186.103.159.46 - - [24/Apr/2017:12:50:44 -0300] "POST /cormun/servlet/solicitudot?gx-no-cache=1493052705322 HTTP/1.1" 200 118
186.103.159.183 - - [24/Apr/2017:12:50:48 -0300] "GET /cormun/servlet/solicitudotadjuntos?c214bcd315a8f26acb5daee28c8c3746f957d0044341a394e09a07af1350fca7,gx-no-cache=1493049112211 HTTP/1.1" 200 30
186.103.159.183 - - [24/Apr/2017:12:50:48 -0300] "GET /cormun/servlet/solicitudotadjuntos?c214bcd315a8f26acb5daee28c8c3746f957d0044341a394e09a07af1350fca7,gx-no-cache=1493049112315 HTTP/1.1" 200 30
186.103.159.183 - - [24/Apr/2017:12:50:52 -0300] "POST /cormun/servlet/solicitudotadjuntos?093a5c00088c5ed9367ed6448566b895,INS,2017,6197,,1, HTTP/1.1" 200 116
186.103.159.183 - - [24/Apr/2017:12:50:52 -0300] "GET /cormun/servlet/hpexe_return? HTTP/1.1" 200 1026
186.103.159.183 - - [24/Apr/2017:12:50:52 -0300] "GET /cormun/servlet/trsolicitudadjuntos?2017,6197, HTTP/1.1" 200 8255
186.103.159.183 - - [24/Apr/2017:12:50:54 -0300] "GET /cormun/servlet/trsolicitudadjuntos?2017,6197, HTTP/1.1" 200 8250
186.103.159.46 - - [24/Apr/2017:12:51:00 -0300] "POST /cormun/servlet/solicitudot?gx-no-cache=1493052720656 HTTP/1.1" 200 1274
186.103.159.46 - - [24/Apr/2017:12:51:01 -0300] "POST /cormun/servlet/solicitudot?gx-no-cache=1493052721322 HTTP/1.1" 200 1156
186.103.159.183 - - [24/Apr/2017:12:51:03 -0300] "GET /cormun/servlet/solicitudotadjuntos?INS,2017,6197,,1, HTTP/1.1" 200 6031
192.168.10.13 - - [24/Apr/2017:12:51:03 -0300] "GET / HTTP/1.1" 200 11217
186.103.159.183 - - [24/Apr/2017:12:51:03 -0300] "GET /cormun/static/about:blank HTTP/1.1" 404 1011
186.103.159.183 - - [24/Apr/2017:12:51:04 -0300] "GET /cormun/servlet/solicitudotadjuntos?INS,2017,6197,,1, HTTP/1.1" 200 6025
186.103.159.183 - - [24/Apr/2017:12:51:05 -0300] "GET /cormun/servlet/solicitudotadjuntos?c214bcd315a8f26acb5daee28c8c37468d581f82d7263bc4c4e8055e41a047373d2a325a03c25f9957cc3be3881707d1,gx-no-cache=1493049128909 HTTP/1.1" 200 30
186.103.159.183 - - [24/Apr/2017:12:51:05 -0300] "POST /cormun/servlet/solicitudotadjuntos?093a5c00088c5ed9367ed6448566b895,INS,2017,6197,,1,,gx-no-cache=1493049129309 HTTP/1.1" 200 3825
186.103.159.46 - - [24/Apr/2017:12:51:07 -0300] "POST /cormun/servlet/solicitudot?gx-no-cache=1493052728274 HTTP/1.1" 200 1274
186.103.159.46 - - [24/Apr/2017:12:51:07 -0300] "POST /cormun/servlet/solicitudot?gx-no-cache=1493052728479 HTTP/1.1" 200 1156
186.103.159.183 - - [24/Apr/2017:12:51:09 -0300] "POST /cormun/servlet/solicitudotadjuntos?gx-no-cache=1493049133777 HTTP/1.1" 200 26
186.103.159.183 - - [24/Apr/2017:12:51:15 -0300] "GET /cormun/servlet/solicitudotadjuntos?c214bcd315a8f26acb5daee28c8c3746f957d0044341a394e09a07af1350fca7,gx-no-cache=1493049139649 HTTP/1.1" 200 30
186.103.159.183 - - [24/Apr/2017:12:51:15 -0300] "GET /cormun/servlet/solicitudotadjuntos?c214bcd315a8f26acb5daee28c8c3746f957d0044341a394e09a07af1350fca7,gx-no-cache=1493049139685 HTTP/1.1" 200 30
186.103.159.183 - - [24/Apr/2017:12:51:16 -0300] "POST /cormun/servlet/solicitudotadjuntos?093a5c00088c5ed9367ed6448566b895,INS,2017,6197,,1, HTTP/1.1" 200 116
186.103.159.183 - - [24/Apr/2017:12:51:16 -0300] "GET /cormun/servlet/hpexe_return? HTTP/1.1" 200 1026
186.103.159.183 - - [24/Apr/2017:12:51:16 -0300] "GET /cormun/servlet/trsolicitudadjuntos?2017,6197, HTTP/1.1" 200 8430
186.103.159.183 - - [24/Apr/2017:12:51:17 -0300] "GET /cormun/servlet/trsolicitudadjuntos?2017,6197, HTTP/1.1" 200 8429
186.103.159.46 - - [24/Apr/2017:12:51:23 -0300] "GET /cormun/servlet/prfichaempleado?,MD,,gxPopupLevel%3D0%3B HTTP/1.1" 200 8795
186.103.159.183 - - [24/Apr/2017:12:51:25 -0300] "GET /cormun/servlet/solicitudotadjuntos?INS,2017,6197,,1, HTTP/1.1" 200 6031
186.103.159.183 - - [24/Apr/2017:12:51:26 -0300] "GET /cormun/static/about:blank HTTP/1.1" 404 1011
186.103.159.183 - - [24/Apr/2017:12:51:27 -0300] "GET /cormun/servlet/solicitudotadjuntos?INS,2017,6197,,1, HTTP/1.1" 200 6025
186.103.159.183 - - [24/Apr/2017:12:51:27 -0300] "GET /cormun/servlet/solicitudotadjuntos?c214bcd315a8f26acb5daee28c8c37468d581f82d7263bc4c4e8055e41a047373d2a325a03c25f9957cc3be3881707d1,gx-no-cache=1493049151606 HTTP/1.1" 200 30
186.103.159.183 - - [24/Apr/2017:12:51:27 -0300] "POST /cormun/servlet/solicitudotadjuntos?093a5c00088c5ed9367ed6448566b895,INS,2017,6197,,1,,gx-no-cache=1493049151721 HTTP/1.1" 200 3825
186.103.159.183 - - [24/Apr/2017:12:51:32 -0300] "POST /cormun/servlet/solicitudotadjuntos?gx-no-cache=1493049156278 HTTP/1.1" 200 26
186.103.159.183 - - [24/Apr/2017:12:51:36 -0300] "GET /cormun/servlet/solicitudotadjuntos?c214bcd315a8f26acb5daee28c8c3746f957d0044341a394e09a07af1350fca7,gx-no-cache=1493049160541 HTTP/1.1" 200 30
186.103.159.183 - - [24/Apr/2017:12:51:36 -0300] "GET /cormun/servlet/solicitudotadjuntos?c214bcd315a8f26acb5daee28c8c3746f957d0044341a394e09a07af1350fca7,gx-no-cache=1493049160640 HTTP/1.1" 200 30
186.103.159.183 - - [24/Apr/2017:12:51:42 -0300] "POST /cormun/servlet/solicitudotadjuntos?093a5c00088c5ed9367ed6448566b895,INS,2017,6197,,1, HTTP/1.1" 200 116
186.103.159.183 - - [24/Apr/2017:12:51:42 -0300] "GET /cormun/servlet/hpexe_return? HTTP/1.1" 200 1026
186.103.159.183 - - [24/Apr/2017:12:51:43 -0300] "GET /cormun/servlet/trsolicitudadjuntos?2017,6197, HTTP/1.1" 200 8600
190.45.55.254 - - [24/Apr/2017:12:51:44 -0300] "GET /cormun/servlet/licenciaspermisos?2826a976a89098df0e6b41b0837d37d79dfad8cf1d91cfccb7a37c3c05dae046369a6a2fa1df410c4ba659165a3af7da8dab7491078d8c478da200bd4ae31a98322901ca3519802ac4824283bada419d67012555d88da515149035f2d20d5d91f832c744fb1611e081f11f7f387d82edbbf80ece046d2ec42ad363edd762c7d725a15b4aad7b3c1feb5b2292429a04a05332ec331c22f247ee329214d48db975c93e7d4f299fffddf57ff0f100e8406a,gx-no-cache=1493049166641 HTTP/1.1" 200 30
190.45.55.254 - - [24/Apr/2017:12:51:44 -0300] "GET /cormun/servlet/licenciaspermisos?2826a976a89098df0e6b41b0837d37d714b6ae7390bad21665d94f18398c27e03fe046f50034e8c3ef1c35edccec28bb9fe1f6e31a4487580bd475afee8a450bb91d45cc69990036222368ebeec31e486d2d34c5fcfaec60a26ad9645c070ce6d719a28318884cf6ea97e44a19c419eadf8997786e992ed37b373caaf66a8bb233d16f584e2065a10a3fa4a0942adb8378a6d85bb960907d449e4b9eac7900cb1050d1a006a8450169402a11e2687616,gx-no-cache=1493049166798 HTTP/1.1" 200 29
186.103.159.183 - - [24/Apr/2017:12:51:44 -0300] "GET /cormun/servlet/trsolicitudadjuntos?2017,6197, HTTP/1.1" 200 8599
190.45.55.254 - - [24/Apr/2017:12:51:45 -0300] "POST /cormun/servlet/licenciaspermisos?86f5e927735297ffcac82ccff0613148,INS,0,,,,gx-no-cache=1493049167182 HTTP/1.1" 200 93
190.45.55.254 - - [24/Apr/2017:12:51:45 -0300] "GET /cormun/servlet/hpexe_return? HTTP/1.1" 200 1013
190.45.55.254 - - [24/Apr/2017:12:51:45 -0300] "GET /cormun/servlet/trlicencias HTTP/1.1" 200 8126
190.45.55.254 - - [24/Apr/2017:12:51:46 -0300] "GET /cormun/servlet/trlicencias HTTP/1.1" 200 8121
186.103.159.182 - - [24/Apr/2017:12:51:51 -0300] "GET /cormun/servlet/trlicencias? HTTP/1.1" 200 6924
186.103.159.182 - - [24/Apr/2017:12:51:51 -0300] "GET /cormun/static/gxcfg.js?201741111445981 HTTP/1.1" 304 -
186.103.159.182 - - [24/Apr/2017:12:51:51 -0300] "GET /cormun/static/trlicencias.js?20174111145440 HTTP/1.1" 304 -
186.103.159.182 - - [24/Apr/2017:12:51:53 -0300] "GET /cormun/servlet/trlicencias? HTTP/1.1" 200 6922
186.103.159.46 - - [24/Apr/2017:12:51:53 -0300] "POST /cormun/servlet/prfichaempleado?0f187f4582de444076c42da7bbd7905d,,MD,,gxPopupLevel%3D0%3B,gx-no-cache=1493052774013 HTTP/1.1" 200 3504
186.103.159.183 - - [24/Apr/2017:12:51:54 -0300] "GET /cormun/servlet/solicitudotadjuntos?INS,2017,6197,,1, HTTP/1.1" 200 6032
186.103.159.183 - - [24/Apr/2017:12:51:55 -0300] "GET /cormun/static/about:blank HTTP/1.1" 404 1011
186.103.159.183 - - [24/Apr/2017:12:51:56 -0300] "GET /cormun/servlet/solicitudotadjuntos?INS,2017,6197,,1, HTTP/1.1" 200 6026
186.103.159.183 - - [24/Apr/2017:12:51:56 -0300] "GET /cormun/servlet/solicitudotadjuntos?c214bcd315a8f26acb5daee28c8c37468d581f82d7263bc4c4e8055e41a047373d2a325a03c25f9957cc3be3881707d1,gx-no-cache=1493049180379 HTTP/1.1" 200 30
186.103.159.183 - - [24/Apr/2017:12:51:57 -0300] "POST /cormun/servlet/solicitudotadjuntos?093a5c00088c5ed9367ed6448566b895,INS,2017,6197,,1,,gx-no-cache=1493049180580 HTTP/1.1" 200 3827
186.103.159.183 - - [24/Apr/2017:12:51:57 -0300] "GET /cormun/static/about:blank HTTP/1.1" 404 1011
190.45.55.254 - - [24/Apr/2017:12:51:58 -0300] "GET /cormun/servlet/trlicenciaspermisosadjuntos?15755864,20170424000000,L, HTTP/1.1" 200 6467
186.103.159.182 - - [24/Apr/2017:12:51:58 -0300] "GET /cormun/servlet/licenciaspermisos?INS,0,,, HTTP/1.1" 200 7463
186.103.159.182 - - [24/Apr/2017:12:51:58 -0300] "GET /cormun/static/gxcfg.js?201741111445322 HTTP/1.1" 304 -
186.103.159.182 - - [24/Apr/2017:12:51:58 -0300] "GET /cormun/static/licenciaspermisos.js?201741111445392 HTTP/1.1" 304 -
190.45.55.254 - - [24/Apr/2017:12:51:58 -0300] "GET /cormun/servlet/trlicenciaspermisosadjuntos?15755864,20170424000000,L, HTTP/1.1" 200 6467
192.168.10.89 - - [24/Apr/2017:12:51:59 -0300] "GET /cormun/servlet/hlogin HTTP/1.1" 200 1744
186.103.159.182 - - [24/Apr/2017:12:51:59 -0300] "GET /cormun/servlet/licenciaspermisos?INS,0,,, HTTP/1.1" 200 7471
186.103.159.183 - - [24/Apr/2017:12:52:01 -0300] "POST /cormun/servlet/solicitudotadjuntos?gx-no-cache=1493049185162 HTTP/1.1" 200 26
190.45.55.254 - - [24/Apr/2017:12:52:02 -0300] "GET /cormun/servlet/licenciaspermisosadjuntos?INS,15755864,L,20170424000000,, HTTP/1.1" 200 5758
190.45.55.254 - - [24/Apr/2017:12:52:02 -0300] "GET /cormun/static/about:blank HTTP/1.1" 404 1011
190.45.55.254 - - [24/Apr/2017:12:52:03 -0300] "GET /cormun/servlet/licenciaspermisosadjuntos?INS,15755864,L,20170424000000,, HTTP/1.1" 200 5748
192.168.10.13 - - [24/Apr/2017:12:52:03 -0300] "GET / HTTP/1.1" 200 11217
186.103.159.183 - - [24/Apr/2017:12:52:05 -0300] "GET /cormun/servlet/solicitudotadjuntos?c214bcd315a8f26acb5daee28c8c3746f957d0044341a394e09a07af1350fca7,gx-no-cache=1493049189706 HTTP/1.1" 200 30
186.103.159.183 - - [24/Apr/2017:12:52:05 -0300] "GET /cormun/servlet/solicitudotadjuntos?c214bcd315a8f26acb5daee28c8c3746f957d0044341a394e09a07af1350fca7,gx-no-cache=1493049189811 HTTP/1.1" 200 30
186.103.159.183 - - [24/Apr/2017:12:52:06 -0300] "POST /cormun/servlet/solicitudotadjuntos?093a5c00088c5ed9367ed6448566b895,INS,2017,6197,,1, HTTP/1.1" 200 116
186.103.159.183 - - [24/Apr/2017:12:52:07 -0300] "GET /cormun/servlet/hpexe_return? HTTP/1.1" 200 1026
186.103.159.183 - - [24/Apr/2017:12:52:07 -0300] "GET /cormun/servlet/trsolicitudadjuntos?2017,6197, HTTP/1.1" 200 8730
186.103.159.46 - - [24/Apr/2017:12:52:08 -0300] "GET /cormun/servlet/prsolicitudot?16535529,,,,,MD,,gxPopupLevel%3D0%3B HTTP/1.1" 200 6067
186.103.159.46 - - [24/Apr/2017:12:52:08 -0300] "GET /cormun/static/gxcfg.js?201731711522567 HTTP/1.1" 304 -
186.103.159.46 - - [24/Apr/2017:12:52:08 -0300] "GET /cormun/static/prsolicitudot.js?201731711522786 HTTP/1.1" 304 -
186.103.159.183 - - [24/Apr/2017:12:52:09 -0300] "GET /cormun/servlet/trsolicitudadjuntos?2017,6197, HTTP/1.1" 200 8728
186.103.159.46 - - [24/Apr/2017:12:52:25 -0300] "POST /cormun/servlet/solicitudot?gx-no-cache=1493052806665 HTTP/1.1" 200 1291
186.103.159.46 - - [24/Apr/2017:12:52:26 -0300] "POST /cormun/servlet/solicitudot?gx-no-cache=1493052806944 HTTP/1.1" 200 118
186.103.159.46 - - [24/Apr/2017:12:52:26 -0300] "POST /cormun/servlet/solicitudot?gx-no-cache=1493052807172 HTTP/1.1" 200 1274
190.45.55.254 - - [24/Apr/2017:12:52:26 -0300] "POST /cormun/servlet/licenciaspermisosadjuntos?86f5e927735297ffcac82ccff0613148,INS,15755864,L,20170424000000,, HTTP/1.1" 200 116
186.103.159.46 - - [24/Apr/2017:12:52:26 -0300] "POST /cormun/servlet/solicitudot?gx-no-cache=1493052807279 HTTP/1.1" 200 1156
190.45.55.254 - - [24/Apr/2017:12:52:26 -0300] "GET /cormun/servlet/hpexe_return? HTTP/1.1" 200 1043
190.45.55.254 - - [24/Apr/2017:12:52:26 -0300] "GET /cormun/servlet/trlicenciaspermisosadjuntos?15755864,20170424000000,L, HTTP/1.1" 200 6978
190.45.55.254 - - [24/Apr/2017:12:52:27 -0300] "GET /cormun/servlet/trlicenciaspermisosadjuntos?15755864,20170424000000,L, HTTP/1.1" 200 6974
190.45.55.254 - - [24/Apr/2017:12:52:34 -0300] "GET /cormun/servlet/trlicencias? HTTP/1.1" 200 8122
190.45.55.254 - - [24/Apr/2017:12:52:34 -0300] "GET /cormun/servlet/trlicencias? HTTP/1.1" 200 8121
190.45.55.254 - - [24/Apr/2017:12:52:38 -0300] "GET /cormun/servlet/alicenciaprn?15755864,L,20170424000000,PU HTTP/1.1" 200 1542
186.103.159.46 - - [24/Apr/2017:12:52:58 -0300] "POST /cormun/servlet/solicitudot?gx-no-cache=1493052839065 HTTP/1.1" 200 122
186.103.159.46 - - [24/Apr/2017:12:52:58 -0300] "POST /cormun/servlet/solicitudot?gx-no-cache=1493052839244 HTTP/1.1" 200 1274
186.103.159.46 - - [24/Apr/2017:12:52:58 -0300] "POST /cormun/servlet/solicitudot?gx-no-cache=1493052839376 HTTP/1.1" 200 1156
186.103.159.46 - - [24/Apr/2017:12:52:58 -0300] "GET /cormun/servlet/solicitudot?38ee67fd13acdd3a7cb5d9980bef45f61b0df6df9b684cc00e93eb8398a3dacd6505a15e1cc26802103ad66c7f5c6f6f866cfb2745eaa71eb3c877cd4428c35ce3a55614f8d6127f09b67e7a71ece45b7ac17f2e254f51f5be4f2b2e0698fc491672c7d8347af14f7f2f3b1ceebdca3facec82892ac1adfe3523bc17d86bd8cf80c9228837af9ed39a177d110a91ed77d929882e724ea0cff943d5aeab25b0e6f4e6ef0633cb7553bf0d06de144eceffd9af22d9dfe45971e9b18956434ca1f2,gx-no-cache=1493052839550 HTTP/1.1" 200 30
192.168.10.13 - - [24/Apr/2017:12:53:03 -0300] "GET / HTTP/1.1" 200 11217
190.45.55.254 - - [24/Apr/2017:12:53:04 -0300] "POST /cormun/servlet/trlicencias?86f5e927735297ffcac82ccff0613148,,gx-no-cache=1493049246225 HTTP/1.1" 200 4243
190.45.55.254 - - [24/Apr/2017:12:53:04 -0300] "GET /cormun/static/Shared/jqueryui/images/ui-bg_highlight-soft_100_c6c2c8_1x100.png HTTP/1.1" 404 1117
190.45.55.254 - - [24/Apr/2017:12:53:04 -0300] "GET /cormun/static/Shared/jqueryui/images/ui-icons_82798d_256x240.png HTTP/1.1" 404 1089
190.45.55.254 - - [24/Apr/2017:12:53:04 -0300] "GET /cormun/static/Shared/jqueryui/images/ui-icons_8d78a5_256x240.png HTTP/1.1" 404 1089
190.45.55.254 - - [24/Apr/2017:12:53:04 -0300] "GET /cormun/static/Shared/jqueryui/images/ui-bg_flat_55_fafafa_40x100.png HTTP/1.1" 404 1097
186.103.157.98 - - [24/Apr/2017:12:53:51 -0300] "POST /cormun/servlet/hlogin?57f13bf2467d86397478f9bef1210ea9,gx-no-cache=1493049293344 HTTP/1.1" 200 445
192.168.10.13 - - [24/Apr/2017:12:54:03 -0300] "GET / HTTP/1.1" 200 11217
186.103.157.98 - - [24/Apr/2017:12:54:06 -0300] "POST /cormun/servlet/hlogin?57f13bf2467d86397478f9bef1210ea9,gx-no-cache=1493049308103 HTTP/1.1" 200 445
186.103.159.182 - - [24/Apr/2017:12:54:27 -0300] "GET /cormun/servlet/licenciaspermisos?f7214a606ef0be266f9ee86a643eb1fe00fe3510c4402e8e68d63e4a28802f5605ae15e00ea357e1c74a5f8d56655555,gx-no-cache=1493049330238 HTTP/1.1" 200 69
186.103.159.182 - - [24/Apr/2017:12:54:27 -0300] "POST /cormun/servlet/licenciaspermisos?41643fecf1030ccdb648c979f2b0ad4c,INS,0,,,,gx-no-cache=1493049330399 HTTP/1.1" 200 4619
192.168.10.13 - - [24/Apr/2017:12:55:03 -0300] "GET / HTTP/1.1" 200 11217
186.103.159.183 - - [24/Apr/2017:12:55:49 -0300] "GET /cormun/servlet/solicitudotadjuntos?INS,2017,6197,,1, HTTP/1.1" 200 6032
186.103.159.183 - - [24/Apr/2017:12:55:50 -0300] "GET /cormun/static/about:blank HTTP/1.1" 404 1011
186.103.159.183 - - [24/Apr/2017:12:55:51 -0300] "GET /cormun/servlet/solicitudotadjuntos?INS,2017,6197,,1, HTTP/1.1" 200 6026
186.103.159.183 - - [24/Apr/2017:12:55:51 -0300] "GET /cormun/servlet/solicitudotadjuntos?c214bcd315a8f26acb5daee28c8c37468d581f82d7263bc4c4e8055e41a047373d2a325a03c25f9957cc3be3881707d1,gx-no-cache=1493049415411 HTTP/1.1" 200 30
186.103.159.183 - - [24/Apr/2017:12:55:51 -0300] "POST /cormun/servlet/solicitudotadjuntos?093a5c00088c5ed9367ed6448566b895,INS,2017,6197,,1,,gx-no-cache=1493049415591 HTTP/1.1" 200 3826
186.103.159.183 - - [24/Apr/2017:12:55:52 -0300] "GET /cormun/static/about:blank HTTP/1.1" 404 1011
186.103.159.183 - - [24/Apr/2017:12:55:54 -0300] "POST /cormun/servlet/solicitudotadjuntos?gx-no-cache=1493049418582 HTTP/1.1" 200 26
192.168.10.13 - - [24/Apr/2017:12:56:03 -0300] "GET / HTTP/1.1" 200 11217
190.45.55.254 - - [24/Apr/2017:12:56:06 -0300] "GET /cormun/servlet/trlicencias? HTTP/1.1" 200 7015
190.45.55.254 - - [24/Apr/2017:12:56:07 -0300] "GET /cormun/servlet/trlicencias? HTTP/1.1" 200 6986
190.45.55.254 - - [24/Apr/2017:12:56:07 -0300] "GET /cormun/servlet/trlicencias? HTTP/1.1" 200 6986
190.45.55.254 - - [24/Apr/2017:12:56:08 -0300] "GET /cormun/servlet/trlicencias? HTTP/1.1" 200 6986
186.103.159.182 - - [24/Apr/2017:12:56:20 -0300] "GET /cormun/static/menuarrow.gif HTTP/1.1" 404 1015
186.103.159.183 - - [24/Apr/2017:12:56:36 -0300] "GET /cormun/servlet/solicitudotadjuntos?c214bcd315a8f26acb5daee28c8c3746f957d0044341a394e09a07af1350fca7,gx-no-cache=1493049460642 HTTP/1.1" 200 30
186.103.159.183 - - [24/Apr/2017:12:56:36 -0300] "GET /cormun/servlet/solicitudotadjuntos?c214bcd315a8f26acb5daee28c8c3746f957d0044341a394e09a07af1350fca7,gx-no-cache=1493049460795 HTTP/1.1" 200 30
186.103.159.183 - - [24/Apr/2017:12:56:37 -0300] "POST /cormun/servlet/solicitudotadjuntos?093a5c00088c5ed9367ed6448566b895,INS,2017,6197,,1, HTTP/1.1" 200 116
186.103.159.183 - - [24/Apr/2017:12:56:37 -0300] "GET /cormun/servlet/hpexe_return? HTTP/1.1" 200 1026
186.103.159.183 - - [24/Apr/2017:12:56:38 -0300] "GET /cormun/servlet/trsolicitudadjuntos?2017,6197, HTTP/1.1" 200 8951
186.103.159.183 - - [24/Apr/2017:12:56:40 -0300] "GET /cormun/servlet/trsolicitudadjuntos?2017,6197, HTTP/1.1" 200 8948
186.103.159.183 - - [24/Apr/2017:12:56:46 -0300] "GET /cormun/servlet/solicitudotadjuntos?INS,2017,6197,,1, HTTP/1.1" 200 6032
186.103.159.183 - - [24/Apr/2017:12:56:46 -0300] "GET /cormun/static/about:blank HTTP/1.1" 404 1011
186.103.159.183 - - [24/Apr/2017:12:56:48 -0300] "GET /cormun/servlet/solicitudotadjuntos?c214bcd315a8f26acb5daee28c8c37468d581f82d7263bc4c4e8055e41a047373d2a325a03c25f9957cc3be3881707d1,gx-no-cache=1493049472142 HTTP/1.1" 200 30
186.103.159.183 - - [24/Apr/2017:12:56:48 -0300] "GET /cormun/servlet/solicitudotadjuntos?INS,2017,6197,,1, HTTP/1.1" 200 6026
186.103.159.183 - - [24/Apr/2017:12:56:49 -0300] "POST /cormun/servlet/solicitudotadjuntos?093a5c00088c5ed9367ed6448566b895,INS,2017,6197,,1,,gx-no-cache=1493049472607 HTTP/1.1" 200 3826
186.103.159.183 - - [24/Apr/2017:12:56:52 -0300] "POST /cormun/servlet/solicitudotadjuntos?gx-no-cache=1493049476307 HTTP/1.1" 200 26
186.103.159.183 - - [24/Apr/2017:12:57:00 -0300] "GET /cormun/servlet/solicitudotadjuntos?c214bcd315a8f26acb5daee28c8c3746f957d0044341a394e09a07af1350fca7,gx-no-cache=1493049484055 HTTP/1.1" 200 30
186.103.159.183 - - [24/Apr/2017:12:57:00 -0300] "GET /cormun/servlet/solicitudotadjuntos?c214bcd315a8f26acb5daee28c8c3746f957d0044341a394e09a07af1350fca7,gx-no-cache=1493049484158 HTTP/1.1" 200 30
186.103.159.183 - - [24/Apr/2017:12:57:01 -0300] "POST /cormun/servlet/solicitudotadjuntos?093a5c00088c5ed9367ed6448566b895,INS,2017,6197,,1, HTTP/1.1" 200 116
186.103.159.183 - - [24/Apr/2017:12:57:02 -0300] "GET /cormun/servlet/hpexe_return? HTTP/1.1" 200 1026
186.103.159.183 - - [24/Apr/2017:12:57:02 -0300] "GET /cormun/servlet/trsolicitudadjuntos?2017,6197, HTTP/1.1" 200 9165
192.168.10.13 - - [24/Apr/2017:12:57:03 -0300] "GET / HTTP/1.1" 200 11217
186.103.159.183 - - [24/Apr/2017:12:57:04 -0300] "GET /cormun/servlet/trsolicitudadjuntos?2017,6197, HTTP/1.1" 200 9163
186.103.159.183 - - [24/Apr/2017:12:57:14 -0300] "GET /cormun/servlet/solicitudotadjuntos?INS,2017,6197,,2, HTTP/1.1" 200 6032
186.103.159.183 - - [24/Apr/2017:12:57:14 -0300] "GET /cormun/static/about:blank HTTP/1.1" 404 1011
186.103.159.183 - - [24/Apr/2017:12:57:15 -0300] "GET /cormun/servlet/solicitudotadjuntos?INS,2017,6197,,2, HTTP/1.1" 200 6025
186.103.159.183 - - [24/Apr/2017:12:57:15 -0300] "GET /cormun/servlet/solicitudotadjuntos?c214bcd315a8f26acb5daee28c8c37468d581f82d7263bc4c4e8055e41a047373d2a325a03c25f9957cc3be3881707d1,gx-no-cache=1493049499800 HTTP/1.1" 200 30
186.103.159.183 - - [24/Apr/2017:12:57:16 -0300] "POST /cormun/servlet/solicitudotadjuntos?093a5c00088c5ed9367ed6448566b895,INS,2017,6197,,2,,gx-no-cache=1493049499941 HTTP/1.1" 200 4044
186.103.159.183 - - [24/Apr/2017:12:57:16 -0300] "GET /cormun/static/about:blank HTTP/1.1" 404 1011
186.103.159.183 - - [24/Apr/2017:12:57:45 -0300] "POST /cormun/servlet/solicitudotadjuntos?gx-no-cache=1493049528986 HTTP/1.1" 200 26
186.103.159.183 - - [24/Apr/2017:12:57:55 -0300] "GET /cormun/servlet/solicitudotadjuntos?c214bcd315a8f26acb5daee28c8c3746f957d0044341a394e09a07af1350fca7,gx-no-cache=1493049539017 HTTP/1.1" 200 30
186.103.159.183 - - [24/Apr/2017:12:57:55 -0300] "GET /cormun/servlet/solicitudotadjuntos?c214bcd315a8f26acb5daee28c8c3746f957d0044341a394e09a07af1350fca7,gx-no-cache=1493049539118 HTTP/1.1" 200 30
186.103.159.183 - - [24/Apr/2017:12:57:58 -0300] "POST /cormun/servlet/solicitudotadjuntos?093a5c00088c5ed9367ed6448566b895,INS,2017,6197,,2, HTTP/1.1" 200 116
186.103.159.183 - - [24/Apr/2017:12:57:58 -0300] "GET /cormun/servlet/hpexe_return? HTTP/1.1" 200 1026
186.103.159.183 - - [24/Apr/2017:12:57:59 -0300] "GET /cormun/servlet/trsolicitudadjuntos?2017,6197, HTTP/1.1" 200 9425
186.103.159.183 - - [24/Apr/2017:12:58:01 -0300] "GET /cormun/servlet/trsolicitudadjuntos?2017,6197, HTTP/1.1" 200 9422
192.168.10.13 - - [24/Apr/2017:12:58:03 -0300] "GET / HTTP/1.1" 200 11217
186.103.159.183 - - [24/Apr/2017:12:58:18 -0300] "GET /cormun/servlet/trsolicitudot? HTTP/1.1" 200 9029
186.103.159.183 - - [24/Apr/2017:12:58:20 -0300] "GET /cormun/servlet/trsolicitudot? HTTP/1.1" 200 9022
186.103.159.183 - - [24/Apr/2017:12:58:29 -0300] "POST /cormun/servlet/trsolicitudot?093a5c00088c5ed9367ed6448566b895,,gx-no-cache=1493049572827 HTTP/1.1" 200 5858
186.103.159.183 - - [24/Apr/2017:12:58:29 -0300] "GET /cormun/static/Shared/jqueryui/images/ui-bg_highlight-soft_100_c6c2c8_1x100.png HTTP/1.1" 404 1117
186.103.159.183 - - [24/Apr/2017:12:58:29 -0300] "GET /cormun/static/Shared/jqueryui/images/ui-icons_82798d_256x240.png HTTP/1.1" 404 1089
186.103.159.183 - - [24/Apr/2017:12:58:29 -0300] "GET /cormun/static/Shared/jqueryui/images/ui-bg_flat_55_fafafa_40x100.png HTTP/1.1" 404 1097
186.103.159.183 - - [24/Apr/2017:12:58:29 -0300] "GET /cormun/static/Shared/jqueryui/images/ui-icons_8d78a5_256x240.png HTTP/1.1" 404 1089
186.103.159.183 - - [24/Apr/2017:12:58:30 -0300] "POST /cormun/servlet/trsolicitudot?093a5c00088c5ed9367ed6448566b895,,gx-no-cache=1493049573766 HTTP/1.1" 200 5801
186.103.159.183 - - [24/Apr/2017:12:58:34 -0300] "GET /cormun/servlet/trautorizarsolicitud? HTTP/1.1" 200 8154
186.103.159.183 - - [24/Apr/2017:12:58:34 -0300] "GET /cormun/static/gxui/gxui-all.css?120300 HTTP/1.1" 200 2179
186.103.159.183 - - [24/Apr/2017:12:58:35 -0300] "GET /cormun/static/gxcfg.js?2017259112829 HTTP/1.1" 200 953
186.103.159.183 - - [24/Apr/2017:12:58:35 -0300] "GET /cormun/static/trautorizarsolicitud.js?2017259113483 HTTP/1.1" 200 53096
186.103.159.183 - - [24/Apr/2017:12:58:35 -0300] "GET /cormun/static/Shared/ext/resources/css/ext-all.css?215870 HTTP/1.1" 200 416045
186.103.159.183 - - [24/Apr/2017:12:58:36 -0300] "GET /cormun/servlet/trautorizarsolicitud? HTTP/1.1" 200 8153
186.103.159.183 - - [24/Apr/2017:12:58:53 -0300] "POST /cormun/servlet/trautorizarsolicitud?093a5c00088c5ed9367ed6448566b895,,gx-no-cache=1493049597414 HTTP/1.1" 200 4313
186.103.159.183 - - [24/Apr/2017:12:58:54 -0300] "GET /cormun/static/Shared/jqueryui/images/ui-icons_82798d_256x240.png HTTP/1.1" 404 1089
186.103.159.183 - - [24/Apr/2017:12:58:54 -0300] "GET /cormun/static/Shared/jqueryui/images/ui-icons_8d78a5_256x240.png HTTP/1.1" 404 1089
186.103.159.183 - - [24/Apr/2017:12:58:54 -0300] "GET /cormun/static/Shared/jqueryui/images/ui-bg_highlight-soft_100_c6c2c8_1x100.png HTTP/1.1" 404 1117
186.103.159.183 - - [24/Apr/2017:12:58:54 -0300] "GET /cormun/static/Shared/jqueryui/images/ui-bg_flat_55_fafafa_40x100.png HTTP/1.1" 404 1097
186.103.159.183 - - [24/Apr/2017:12:58:54 -0300] "POST /cormun/servlet/trautorizarsolicitud?093a5c00088c5ed9367ed6448566b895,,gx-no-cache=1493049597997 HTTP/1.1" 200 4099
186.103.159.183 - - [24/Apr/2017:12:58:59 -0300] "GET /cormun/servlet/trsolicitudot? HTTP/1.1" 200 8649
186.103.159.183 - - [24/Apr/2017:12:59:01 -0300] "GET /cormun/servlet/trsolicitudot? HTTP/1.1" 200 8648
186.103.157.246 - - [24/Apr/2017:12:59:02 -0300] "GET /cormun/servlet/licenciaspermisos?b8e3805a0226f22b18c34e1789ffc057d368c91ca5e73180a089e756ed485e49f4dd8cc34ab13ec4951f6ce238be309d61d161735baad97fe991a240adb6d7726c0f86a908eb3b45f41abcc5d5ee606de142df1e53ab36eef5523b25430ecb8e321fd0729301ec7aad1c288c0f957f5dd20e91e4c3afe3c6e20b33b3d039f54094a2be556cfcc12850ac989784a1dcc8787c6e029ac0770380a7beb0267f60dc40b8b39925aaa9a51299737ae089b832443e772b5dbfa45f52757eb6d0496fdfe5905886241c8bc28f6dd1937a79c8d85cdcf7d567dad60f427b9a2fcaef7034,gx-no-cache=1493049608905 HTTP/1.1" 200 30
186.103.157.246 - - [24/Apr/2017:12:59:02 -0300] "GET /cormun/servlet/licenciaspermisos?b8e3805a0226f22b18c34e1789ffc05701d6627e2edc8d544aeb25547827ca04e15c8dab900533bbd14785a531d9e4b9d65df434a64cc079dd48c44c1a8b0d720540078f7a5fd958f3a28456b0fcc2fa970fae5f2641fceec8a699654456093fb5bb84761a553a7f61fba6da856a613608f82fdc6ed9257a50dd0e638f373c4e1735079cba6f3b4995682ecf441e998344e9ab25d09a043863ec16fda16d71a098815341796027bddd30f9d3ca8cda5b5d0c09b9c1646cf4925e2d9e360dde3b63eb0dcf2a7ce75175decad7bf9b4245c8fd1f256658be59c93ebf6457ac798f,gx-no-cache=1493049608986 HTTP/1.1" 200 29
186.103.157.246 - - [24/Apr/2017:12:59:02 -0300] "POST /cormun/servlet/licenciaspermisos?6257d66b473689535a02bfb6c8fa5f25,INS,0,,,,gx-no-cache=1493049609091 HTTP/1.1" 200 93
186.103.157.246 - - [24/Apr/2017:12:59:03 -0300] "GET /cormun/servlet/hpexe_return? HTTP/1.1" 200 1012
186.103.157.246 - - [24/Apr/2017:12:59:03 -0300] "GET /cormun/servlet/trlicencias HTTP/1.1" 200 7983
192.168.10.13 - - [24/Apr/2017:12:59:03 -0300] "GET / HTTP/1.1" 200 11217
186.103.157.246 - - [24/Apr/2017:12:59:04 -0300] "GET /cormun/servlet/trlicencias HTTP/1.1" 200 7979
192.168.10.96 - - [24/Apr/2017:12:59:05 -0300] "GET /cormun/servlet/wbconsulta? HTTP/1.1" 200 5184
192.168.10.96 - - [24/Apr/2017:12:59:06 -0300] "GET /cormun/servlet/wbconsulta? HTTP/1.1" 200 5165
186.103.157.246 - - [24/Apr/2017:12:59:09 -0300] "GET /cormun/servlet/trlicenciaspermisosadjuntos?12778431,20170424000000,L, HTTP/1.1" 200 6305
186.103.157.246 - - [24/Apr/2017:12:59:10 -0300] "GET /cormun/servlet/trlicenciaspermisosadjuntos?12778431,20170424000000,L, HTTP/1.1" 200 6306
192.168.10.96 - - [24/Apr/2017:12:59:12 -0300] "POST /cormun/servlet/wbconsulta?f686917922f4cbd3c0ebf2db5591fa2e,,gx-no-cache=1493052823113 HTTP/1.1" 200 103
192.168.10.96 - - [24/Apr/2017:12:59:12 -0300] "GET /cormun/servlet/vevisualizador?2017,6078, HTTP/1.1" 200 8560
192.168.10.96 - - [24/Apr/2017:12:59:12 -0300] "GET /cormun/pexe_scrolldiv.js HTTP/1.1" 404 1009
192.168.10.96 - - [24/Apr/2017:12:59:12 -0300] "GET /cormun/pexe_scrolldiv.js HTTP/1.1" 404 1009
192.168.10.96 - - [24/Apr/2017:12:59:13 -0300] "GET /cormun/servlet/vevisualizador?2017,6078, HTTP/1.1" 200 8560
186.103.157.246 - - [24/Apr/2017:12:59:13 -0300] "GET /cormun/servlet/licenciaspermisosadjuntos?INS,12778431,L,20170424000000,, HTTP/1.1" 200 5602
186.103.157.246 - - [24/Apr/2017:12:59:13 -0300] "GET /cormun/static/about:blank HTTP/1.1" 404 1011
186.103.157.246 - - [24/Apr/2017:12:59:14 -0300] "GET /cormun/servlet/licenciaspermisosadjuntos?INS,12778431,L,20170424000000,, HTTP/1.1" 200 5591
192.168.10.96 - - [24/Apr/2017:12:59:15 -0300] "GET /cormun/servlet/vevisualizador?2017,6078,,SolicitudOTAdjuntos HTTP/1.1" 200 9567
192.168.10.96 - - [24/Apr/2017:12:59:15 -0300] "GET /cormun/pexe_scrolldiv.js HTTP/1.1" 404 1009
192.168.10.96 - - [24/Apr/2017:12:59:15 -0300] "GET /cormun/servlet/vevisualizador?2017,6078,,SolicitudOTAdjuntos HTTP/1.1" 200 9569
192.168.10.96 - - [24/Apr/2017:12:59:16 -0300] "POST /cormun/servlet/acontrolpreferencessavestate?None,DZAMUDIO,true HTTP/1.1" 200 35
192.168.10.96 - - [24/Apr/2017:12:59:17 -0300] "GET /cormun/PublicTempStorage/titulo_constanza_urzua411439.pdf HTTP/1.1" 200 228833
192.168.10.89 - - [24/Apr/2017:12:59:17 -0300] "POST /cormun/servlet/hlogin?afd9cf39cd590c517ce330f504d250f6,gx-no-cache=1493052828304 HTTP/1.1" 200 90
192.168.10.89 - - [24/Apr/2017:12:59:17 -0300] "GET /cormun/servlet/hpexe_link HTTP/1.1" 200 963
192.168.10.89 - - [24/Apr/2017:12:59:18 -0300] "GET /cormun/servlet/trpermisosgeneralesgoce HTTP/1.1" 200 15914
192.168.10.89 - - [24/Apr/2017:12:59:22 -0300] "GET /cormun/servlet/trsolicitudgral? HTTP/1.1" 200 21403
186.103.159.183 - - [24/Apr/2017:12:59:31 -0300] "GET /cormun/servlet/solicitudot?INS,0,0, HTTP/1.1" 200 12806
186.103.159.182 - - [24/Apr/2017:12:59:33 -0300] "GET /cormun/servlet/licenciaspermisos?f7214a606ef0be266f9ee86a643eb1feb432ab03976e4474d374b5d5bdfa8d04603db545177066435b1f1ecd83112094838074d29daa658f812b36f487d74b2b112e9dfc515d36c49d42adf1b1cd14697aea260d0a040c654c995fd3ff831107de8262eb752efcb5b373e2e58432026b4d91e58b3eb5656c87cf73ccb0b5124d85eb0d86e64414819c255707aff1e1826ce67bf29833415ada894849af8219cc1e54c0e2955c4b63e03ba1537ae3d292,gx-no-cache=1493049636227 HTTP/1.1" 200 30
186.103.159.182 - - [24/Apr/2017:12:59:33 -0300] "GET /cormun/servlet/licenciaspermisos?f7214a606ef0be266f9ee86a643eb1fe70f5b1e9f0156d17915b52100f0d3251809b1867aba6c891fb9d98fe2e5a8e90938a2941f01e19402643db25e8b39eed757a47ea83b190716871791cf05e9a52efb531a9ef8c94d0e7b546cd5c86515bb16d5c30ba859e114701991ba3c28fa5edb6d1c777a2562a336337399e80eb554ebad28dc5befb12aab0f0d6760ad692ecb4d97137d2af73e9ae7e19a8a42376477e8ea2167301fbdda0cf6c0eda9959,gx-no-cache=1493049636365 HTTP/1.1" 200 29
186.103.159.182 - - [24/Apr/2017:12:59:33 -0300] "POST /cormun/servlet/licenciaspermisos?41643fecf1030ccdb648c979f2b0ad4c,INS,0,,,,gx-no-cache=1493049636444 HTTP/1.1" 200 93
186.103.159.182 - - [24/Apr/2017:12:59:33 -0300] "GET /cormun/servlet/hpexe_return? HTTP/1.1" 200 1004
186.103.159.183 - - [24/Apr/2017:12:59:33 -0300] "GET /cormun/servlet/solicitudot?INS,0,0, HTTP/1.1" 200 12811
186.103.159.182 - - [24/Apr/2017:12:59:33 -0300] "GET /cormun/servlet/trlicencias HTTP/1.1" 200 8066
192.168.10.89 - - [24/Apr/2017:12:59:35 -0300] "POST /cormun/servlet/trsolicitudgral?afd9cf39cd590c517ce330f504d250f6,,gx-no-cache=1493052845426 HTTP/1.1" 200 8232
186.103.159.182 - - [24/Apr/2017:12:59:35 -0300] "GET /cormun/servlet/trlicencias HTTP/1.1" 200 8062
192.168.10.89 - - [24/Apr/2017:12:59:42 -0300] "POST /cormun/servlet/trsolicitudgral?afd9cf39cd590c517ce330f504d250f6,,gx-no-cache=1493052852500 HTTP/1.1" 200 8762
186.103.159.183 - - [24/Apr/2017:12:59:44 -0300] "POST /cormun/servlet/solicitudot?gx-no-cache=1493049647947 HTTP/1.1" 200 3187
186.103.159.183 - - [24/Apr/2017:12:59:44 -0300] "POST /cormun/servlet/solicitudot?093a5c00088c5ed9367ed6448566b895,INS,0,0,,gx-no-cache=1493049648255 HTTP/1.1" 200 9985
186.103.157.246 - - [24/Apr/2017:12:59:45 -0300] "POST /cormun/servlet/licenciaspermisosadjuntos?6257d66b473689535a02bfb6c8fa5f25,INS,12778431,L,20170424000000,, HTTP/1.1" 200 116
186.103.157.246 - - [24/Apr/2017:12:59:45 -0300] "GET /cormun/servlet/hpexe_return? HTTP/1.1" 200 1044
186.103.157.246 - - [24/Apr/2017:12:59:45 -0300] "GET /cormun/servlet/trlicenciaspermisosadjuntos?12778431,20170424000000,L, HTTP/1.1" 200 6785
186.103.157.246 - - [24/Apr/2017:12:59:46 -0300] "GET /cormun/servlet/trlicenciaspermisosadjuntos?12778431,20170424000000,L, HTTP/1.1" 200 6781
186.103.159.183 - - [24/Apr/2017:12:59:47 -0300] "GET /cormun/servlet/solicitudot?c214bcd315a8f26acb5daee28c8c37463b8e647e413e01132163cf1bc4a0022aaf118c2d80cbb3098ebfd74e916a5c13,gx-no-cache=1493049651093 HTTP/1.1" 200 30
186.103.159.183 - - [24/Apr/2017:12:59:47 -0300] "POST /cormun/servlet/solicitudot?gx-no-cache=1493049651195 HTTP/1.1" 200 297
186.103.159.183 - - [24/Apr/2017:12:59:47 -0300] "GET /cormun/servlet/solicitudot?c214bcd315a8f26acb5daee28c8c3746922a156bffc9e9c3467fcb58bbcfcc833334ec337d9fe96ca47d84ccb6bc3b1361e3d4e6d117df6a55a87b2908122899e93885debb022f92c3e666517fcb6278290cef7e47c951308d968e5d6cd8845d2889f14cd020c6a4148976012173e13f40d666cee3f490f47350266db75ef0a58a3218a6ba34327a8fbbf2db1d8200823017a8143b79177b212da4804065b21205698d48c568d3863cdfe8a66e604c03fefdbe661b510e96be6c61b32d337c3392ec32b230fe5f4c04359f262ebb8f0bd7a8c0b9a5da11d616d1282ae614e3dffc3326426e3912c901b9892fcdf81a68f08a3b43f8809a22adec8b031a68d40397fed0d15b7c5f3f2189c2cdcbfec6dcf57347fdd5f26fc66e9aab0ed70c852080b45d0b0a62f2f104f9a79ce725d1c125b8fd0e47d3bf60e804c0d439a8f2ec5e1b8ebddc6cd9183695fd696666a4a9068798673d01fa412de63c446c5028444bed12b7a8e4be44386a931bf8fb5d23be265b885a29543d18216133f4265a097a7cb3be0986d5642197b8d8a842203a,gx-no-cache=1493049651275 HTTP/1.1" 200 30
186.103.159.183 - - [24/Apr/2017:12:59:47 -0300] "POST /cormun/servlet/solicitudot?gx-no-cache=1493049651372 HTTP/1.1" 200 30
186.103.159.183 - - [24/Apr/2017:12:59:47 -0300] "POST /cormun/servlet/solicitudot?gx-no-cache=1493049651606 HTTP/1.1" 200 1291
186.103.159.183 - - [24/Apr/2017:12:59:47 -0300] "POST /cormun/servlet/solicitudot?gx-no-cache=1493049651840 HTTP/1.1" 200 38
186.103.157.246 - - [24/Apr/2017:12:59:51 -0300] "POST /cormun/servlet/trlicenciaspermisosadjuntos?6257d66b473689535a02bfb6c8fa5f25,12778431,20170424000000,L,,gx-no-cache=1493049657385 HTTP/1.1" 200 90
