192.168.10.89 - - [24/Apr/2017:17:38:00 -0300] "GET /cormun/servlet/solicitudgral?4fcbc1dea8c3d019741065f9c465b3ec19095c7c69b3f6027e0b107f1a331e91dd2585f5a683ca5235aa0f013e093085ad55fda5dc6208615e49cd0dab401d84042014a4e6c6abd558879fd56488923d523cae0c44920eeeeff546c645f40df4e8a41cf73d166d9d76393606213bbfde,gx-no-cache=1493069550694 HTTP/1.1" 200 29
192.168.10.89 - - [24/Apr/2017:17:38:00 -0300] "POST /cormun/servlet/solicitudgral?gx-no-cache=1493069550721 HTTP/1.1" 200 1249
192.168.10.89 - - [24/Apr/2017:17:38:00 -0300] "POST /cormun/servlet/solicitudgral?gx-no-cache=1493069550763 HTTP/1.1" 200 1154
192.168.10.13 - - [24/Apr/2017:17:38:03 -0300] "GET / HTTP/1.1" 200 11217
192.168.10.96 - - [24/Apr/2017:17:38:05 -0300] "GET /cormun/servlet/vevisualizador?2017,5993,,SolicitudOTAdjuntos HTTP/1.1" 200 10403
192.168.10.89 - - [24/Apr/2017:17:38:05 -0300] "POST /cormun/servlet/solicitudgral?2aec9aeab7c83b01f60ee89de91e5e06,UPD,2017,6171,,gx-no-cache=1493069555392 HTTP/1.1" 200 93
192.168.10.89 - - [24/Apr/2017:17:38:05 -0300] "GET /cormun/servlet/hpexe_return? HTTP/1.1" 200 1033
192.168.10.89 - - [24/Apr/2017:17:38:05 -0300] "GET /cormun/servlet/trsolicitudgral?gx-no-cache=1493068560933 HTTP/1.1" 200 10625
192.168.10.96 - - [24/Apr/2017:17:38:05 -0300] "GET /cormun/servlet/vevisualizador?2017,5993,,SolicitudOTAdjuntos HTTP/1.1" 200 10405
192.168.10.96 - - [24/Apr/2017:17:38:06 -0300] "POST /cormun/servlet/acontrolpreferencessavestate?None,DZAMUDIO,true HTTP/1.1" 200 35
192.168.10.96 - - [24/Apr/2017:17:38:07 -0300] "GET /cormun/PublicTempStorage/curric.5293223.pdf HTTP/1.1" 200 856002
192.168.10.96 - - [24/Apr/2017:17:38:11 -0300] "GET /cormun/servlet/vevisualizador?2017,5993,,SolicitudOTAdjuntos HTTP/1.1" 200 10403
192.168.10.96 - - [24/Apr/2017:17:38:12 -0300] "GET /cormun/servlet/vevisualizador?2017,5993,,SolicitudOTAdjuntos HTTP/1.1" 200 10406
192.168.10.96 - - [24/Apr/2017:17:38:12 -0300] "POST /cormun/servlet/acontrolpreferencessavestate?None,DZAMUDIO,true HTTP/1.1" 200 35
186.103.159.182 - - [24/Apr/2017:17:38:13 -0300] "POST /cormun/servlet/solicitudot?1090daaf3fb87695b0d6e75ebe3ed1f8,INS,0,0,,gx-no-cache=1493066355998 HTTP/1.1" 200 93
186.103.159.182 - - [24/Apr/2017:17:38:13 -0300] "GET /cormun/servlet/hpexe_return? HTTP/1.1" 200 1023
192.168.10.96 - - [24/Apr/2017:17:38:13 -0300] "GET /cormun/PublicTempStorage/titulo5827425.pdf HTTP/1.1" 200 498973
186.103.159.182 - - [24/Apr/2017:17:38:13 -0300] "GET /cormun/servlet/trsolicitudot?gx-no-cache=1493066018077 HTTP/1.1" 200 8352
186.103.159.182 - - [24/Apr/2017:17:38:15 -0300] "GET /cormun/servlet/trsolicitudot?gx-no-cache=1493066018077 HTTP/1.1" 200 8370
192.168.10.89 - - [24/Apr/2017:17:38:24 -0300] "POST /cormun/servlet/trsolicitudgral?2aec9aeab7c83b01f60ee89de91e5e06,gx-no-cache=1493068560933,gx-no-cache=1493069574709 HTTP/1.1" 200 6885
192.168.10.89 - - [24/Apr/2017:17:38:24 -0300] "GET /cormun/static/Shared/jqueryui/images/ui-icons_82798d_256x240.png HTTP/1.1" 404 1089
192.168.10.89 - - [24/Apr/2017:17:38:24 -0300] "GET /cormun/static/Shared/jqueryui/images/ui-icons_8d78a5_256x240.png HTTP/1.1" 404 1089
192.168.10.89 - - [24/Apr/2017:17:38:24 -0300] "GET /cormun/static/Shared/jqueryui/images/ui-bg_flat_55_fafafa_40x100.png HTTP/1.1" 404 1097
192.168.10.89 - - [24/Apr/2017:17:38:24 -0300] "GET /cormun/static/Shared/jqueryui/images/ui-bg_highlight-soft_100_c6c2c8_1x100.png HTTP/1.1" 404 1117
186.103.159.182 - - [24/Apr/2017:17:38:25 -0300] "POST /cormun/servlet/trsolicitudot?1090daaf3fb87695b0d6e75ebe3ed1f8,gx-no-cache=1493066018077,gx-no-cache=1493066368981 HTTP/1.1" 200 106
186.103.159.182 - - [24/Apr/2017:17:38:25 -0300] "GET /cormun/servlet/trsolicitudadjuntos?2017,6205, HTTP/1.1" 200 6179
186.103.159.182 - - [24/Apr/2017:17:38:27 -0300] "GET /cormun/servlet/trsolicitudadjuntos?2017,6205, HTTP/1.1" 200 6157
186.103.159.182 - - [24/Apr/2017:17:38:32 -0300] "GET /cormun/servlet/solicitudotadjuntos?INS,2017,6205,,2, HTTP/1.1" 200 6093
186.103.159.182 - - [24/Apr/2017:17:38:33 -0300] "GET /cormun/static/about:blank HTTP/1.1" 404 1011
186.103.159.182 - - [24/Apr/2017:17:38:33 -0300] "GET /cormun/servlet/solicitudotadjuntos?INS,2017,6205,,2, HTTP/1.1" 200 6086
186.103.159.182 - - [24/Apr/2017:17:38:34 -0300] "GET /cormun/servlet/solicitudotadjuntos?94b29bab41d84e5f04b12894ba4a265ea2abe6b00b734b34c55034d2e26333648cbf78a0076018b67ac154ad3cc8a94b,gx-no-cache=1493066377596 HTTP/1.1" 200 30
186.103.159.182 - - [24/Apr/2017:17:38:34 -0300] "POST /cormun/servlet/solicitudotadjuntos?1090daaf3fb87695b0d6e75ebe3ed1f8,INS,2017,6205,,2,,gx-no-cache=1493066377677 HTTP/1.1" 200 4040
192.168.10.89 - - [24/Apr/2017:17:38:34 -0300] "GET /cormun/servlet/solicitudgral?UPD,2017,6170, HTTP/1.1" 200 12287
192.168.10.89 - - [24/Apr/2017:17:38:36 -0300] "POST /cormun/servlet/solicitudgral?gx-no-cache=1493069586623 HTTP/1.1" 200 3196
192.168.10.89 - - [24/Apr/2017:17:38:36 -0300] "GET /cormun/servlet/solicitudgral?4fcbc1dea8c3d019741065f9c465b3ec0c48a3cd565ca2d0fdb57cbf2d359eb6e7f4faec75739056cbe2f58921d2931be4121e83017f9896a09c766f8745c276c1b2660824239dd28e7fdcde55310010e69b024f3dcdfea04be5bd201b8b652cfb10a908c0aca6454e94364549c097678f3b316ed1a4f7d4d2aca4bcc1e3bbb7be12ef8090056a3cc9cdca5516a5644d98fbd852559e8ec4a18ae0ef1a53bea3208f597e9344823dc62c4447e9e09e4efb428595fd57d970af3d06f7d04bc4e121777dd9a096921e4371eca8653cb449ff73b03966d931beb12724a79588a8d54c1bb474ff8b148ead29a2b51baa932f220451163dcb97c7604cec8b44ad85c894a6da0b21f2569336c594049efddf1b702fc645b8388c395daf19a6ec3ead50abccec8df46e88286a7fd0cc284e93e893af214930c6486559b5b9953e93d936dc5f522ce8af1b9e942432f9676d5a05,gx-no-cache=1493069586840 HTTP/1.1" 200 257
192.168.10.89 - - [24/Apr/2017:17:38:37 -0300] "GET /cormun/servlet/solicitudgral?4fcbc1dea8c3d019741065f9c465b3ecd02acd1f1a7d77508c77dcb6bbc3fadcaa7d6443d066d3ae5dde3f480a41efcdfe7f8f63145ccfac2dc682a91f60695cbfc1b601ca614ee684eacbdb6e9d654d1013be78cfcf0f4033c87aa04f1ed291c01d5e6621b84c933c3994b5e12137e752060adf5e74338ed5265023ab07bfd43e26d6d605b2d4eaf4477ed0fda248f2b6196c2ff74a2c53853b72cdcb95600c9f3d2dadebd02f78cc5723a48bbabc9c99dbcfc585d2bfeeec4d113263b01d2e4e0b61e8800127ac3530a85c44cccda3222e3a1dc6fc6679c4975d8f35ca01d5f06343a8cb33ad88cc04a8b17d98d0165d4179281443ad61240ae91f22435b0f2c321474efa87fbfe18581d76ab60c00f65d2a030989c4ead2d2132aeec689068b221674c2cab037dc278009994b57e7471219ca357cf2d0192ee6e9c8af8df619810e73d9bc31fe93bdefbf8d2e5e9fdbfb0fee7ebe5021eacc4dbed22f37b5c0483939498f91905880aff3fa4a94ebe393695a57b9a109170a54aa4209b04d3d2d53302cfd9f9ed2ba1976019ace5d832faf068766c61973e83fa3c4c21cc3a0884f430d7a69cf410abd65339fa8627e67faddcebc71bb89075d0141e30502cc552d7def4ce28c73db6d821265ef88ad0f7adec3404563f9bc1e9475086a2a41c996c3b16387b8606720e75ae7654e0b95f8998cb4c7a432a04ab1364136fcc3a80642a50f357c9074f6377c4e85a3ee88085a02199dafb47c117b055609404345d5f24b374776e87392c82c4aca39,gx-no-cache=1493069587536 HTTP/1.1" 200 48
192.168.10.89 - - [24/Apr/2017:17:38:37 -0300] "POST /cormun/servlet/solicitudgral?2aec9aeab7c83b01f60ee89de91e5e06,UPD,2017,6170,,gx-no-cache=1493069587884 HTTP/1.1" 200 10665
192.168.10.89 - - [24/Apr/2017:17:38:38 -0300] "GET /cormun/servlet/solicitudgral?4fcbc1dea8c3d019741065f9c465b3ec50a911af846b474e6eacafd7c951fb9cdd2585f5a683ca5235aa0f013e09308596f10319e9b0a17d67903bdf07e81eb1a7d1aa427cfaea159216adcc650e795391b64a9d4ef6b1cac8e9a41681627e178bdef9741ce34246aa7943261bdb52aa62ce896a58d45dd81efb186733accdcbc2a1b593bb77faae187388240aa5d3619a4667ff88b2c21cf51e7986cf3e9544f3c8c032d85eef8abb648d8ee5bf1acc5d95d750bda8629e7bd85e177f3e5b353de181bd3c44cf814424f4132f6cf631,gx-no-cache=1493069588866 HTTP/1.1" 200 29
192.168.10.89 - - [24/Apr/2017:17:38:38 -0300] "POST /cormun/servlet/solicitudgral?gx-no-cache=1493069588895 HTTP/1.1" 200 1249
192.168.10.89 - - [24/Apr/2017:17:38:38 -0300] "POST /cormun/servlet/solicitudgral?gx-no-cache=1493069588932 HTTP/1.1" 200 1154
186.103.159.182 - - [24/Apr/2017:17:38:47 -0300] "POST /cormun/servlet/solicitudotadjuntos?1090daaf3fb87695b0d6e75ebe3ed1f8,INS,2017,6205,,2,,gx-no-cache=1493066390307 HTTP/1.1" 200 93
186.103.159.182 - - [24/Apr/2017:17:38:47 -0300] "GET /cormun/servlet/hpexe_return? HTTP/1.1" 200 1022
186.103.159.182 - - [24/Apr/2017:17:38:47 -0300] "GET /cormun/servlet/trsolicitudadjuntos?2017,6205, HTTP/1.1" 200 6161
186.103.159.182 - - [24/Apr/2017:17:38:48 -0300] "GET /cormun/servlet/trsolicitudadjuntos?2017,6205, HTTP/1.1" 200 6157
186.103.159.182 - - [24/Apr/2017:17:38:50 -0300] "GET /cormun/servlet/solicitudotadjuntos?INS,2017,6205,,1, HTTP/1.1" 200 6093
186.103.159.182 - - [24/Apr/2017:17:38:50 -0300] "GET /cormun/static/about:blank HTTP/1.1" 404 1011
186.103.159.182 - - [24/Apr/2017:17:38:51 -0300] "GET /cormun/servlet/solicitudotadjuntos?INS,2017,6205,,1, HTTP/1.1" 200 6087
186.103.159.182 - - [24/Apr/2017:17:38:52 -0300] "GET /cormun/servlet/solicitudotadjuntos?94b29bab41d84e5f04b12894ba4a265ea2abe6b00b734b34c55034d2e26333648cbf78a0076018b67ac154ad3cc8a94b,gx-no-cache=1493066395447 HTTP/1.1" 200 30
186.103.159.182 - - [24/Apr/2017:17:38:52 -0300] "POST /cormun/servlet/solicitudotadjuntos?1090daaf3fb87695b0d6e75ebe3ed1f8,INS,2017,6205,,1,,gx-no-cache=1493066395519 HTTP/1.1" 200 3821
186.103.159.182 - - [24/Apr/2017:17:38:54 -0300] "POST /cormun/servlet/solicitudotadjuntos?gx-no-cache=1493066397965 HTTP/1.1" 200 26
192.168.10.13 - - [24/Apr/2017:17:39:03 -0300] "GET / HTTP/1.1" 200 11217
192.168.10.89 - - [24/Apr/2017:17:39:08 -0300] "POST /cormun/servlet/solicitudgral?2aec9aeab7c83b01f60ee89de91e5e06,UPD,2017,6170,,gx-no-cache=1493069619052 HTTP/1.1" 200 93
192.168.10.89 - - [24/Apr/2017:17:39:08 -0300] "GET /cormun/servlet/hpexe_return? HTTP/1.1" 200 1033
192.168.10.89 - - [24/Apr/2017:17:39:09 -0300] "GET /cormun/servlet/trsolicitudgral?gx-no-cache=1493068560933 HTTP/1.1" 200 10240
186.103.159.182 - - [24/Apr/2017:17:39:09 -0300] "GET /cormun/servlet/solicitudotadjuntos?94b29bab41d84e5f04b12894ba4a265e5ecd8940ecb8e1a8b70e6a1d66b59c9f,gx-no-cache=1493066412783 HTTP/1.1" 200 30
186.103.159.182 - - [24/Apr/2017:17:39:09 -0300] "GET /cormun/servlet/solicitudotadjuntos?94b29bab41d84e5f04b12894ba4a265e5ecd8940ecb8e1a8b70e6a1d66b59c9f,gx-no-cache=1493066412848 HTTP/1.1" 200 30
192.168.10.89 - - [24/Apr/2017:17:39:12 -0300] "POST /cormun/servlet/trsolicitudgral?2aec9aeab7c83b01f60ee89de91e5e06,gx-no-cache=1493068560933,gx-no-cache=1493069623052 HTTP/1.1" 200 6543
192.168.10.89 - - [24/Apr/2017:17:39:12 -0300] "GET /cormun/static/Shared/jqueryui/images/ui-icons_8d78a5_256x240.png HTTP/1.1" 404 1089
192.168.10.89 - - [24/Apr/2017:17:39:12 -0300] "GET /cormun/static/Shared/jqueryui/images/ui-bg_flat_55_fafafa_40x100.png HTTP/1.1" 404 1097
192.168.10.89 - - [24/Apr/2017:17:39:12 -0300] "GET /cormun/static/Shared/jqueryui/images/ui-bg_highlight-soft_100_c6c2c8_1x100.png HTTP/1.1" 404 1117
192.168.10.89 - - [24/Apr/2017:17:39:12 -0300] "GET /cormun/static/Shared/jqueryui/images/ui-icons_82798d_256x240.png HTTP/1.1" 404 1089
186.103.159.182 - - [24/Apr/2017:17:39:13 -0300] "POST /cormun/servlet/solicitudotadjuntos?1090daaf3fb87695b0d6e75ebe3ed1f8,INS,2017,6205,,1, HTTP/1.1" 200 116
186.103.159.182 - - [24/Apr/2017:17:39:13 -0300] "GET /cormun/servlet/hpexe_return? HTTP/1.1" 200 1022
186.103.159.182 - - [24/Apr/2017:17:39:13 -0300] "GET /cormun/servlet/trsolicitudadjuntos?2017,6205, HTTP/1.1" 200 8320
186.103.159.182 - - [24/Apr/2017:17:39:14 -0300] "GET /cormun/servlet/trsolicitudadjuntos?2017,6205, HTTP/1.1" 200 8316
186.103.159.182 - - [24/Apr/2017:17:39:17 -0300] "GET /cormun/servlet/solicitudotadjuntos?INS,2017,6205,,2, HTTP/1.1" 200 6093
186.103.159.182 - - [24/Apr/2017:17:39:18 -0300] "GET /cormun/static/about:blank HTTP/1.1" 404 1011
186.103.159.182 - - [24/Apr/2017:17:39:18 -0300] "GET /cormun/servlet/solicitudotadjuntos?INS,2017,6205,,2, HTTP/1.1" 200 6086
186.103.159.182 - - [24/Apr/2017:17:39:18 -0300] "GET /cormun/servlet/solicitudotadjuntos?94b29bab41d84e5f04b12894ba4a265ea2abe6b00b734b34c55034d2e26333648cbf78a0076018b67ac154ad3cc8a94b,gx-no-cache=1493066422080 HTTP/1.1" 200 30
186.103.159.182 - - [24/Apr/2017:17:39:19 -0300] "POST /cormun/servlet/solicitudotadjuntos?1090daaf3fb87695b0d6e75ebe3ed1f8,INS,2017,6205,,2,,gx-no-cache=1493066422141 HTTP/1.1" 200 4040
186.103.159.182 - - [24/Apr/2017:17:39:24 -0300] "POST /cormun/servlet/solicitudotadjuntos?1090daaf3fb87695b0d6e75ebe3ed1f8,INS,2017,6205,,2,,gx-no-cache=1493066427679 HTTP/1.1" 200 93
186.103.159.182 - - [24/Apr/2017:17:39:24 -0300] "GET /cormun/servlet/hpexe_return? HTTP/1.1" 200 1022
186.103.159.182 - - [24/Apr/2017:17:39:25 -0300] "GET /cormun/servlet/trsolicitudadjuntos?2017,6205, HTTP/1.1" 200 8319
186.103.159.182 - - [24/Apr/2017:17:39:26 -0300] "GET /cormun/servlet/trsolicitudadjuntos?2017,6205, HTTP/1.1" 200 8315
186.103.159.182 - - [24/Apr/2017:17:39:29 -0300] "GET /cormun/servlet/solicitudotadjuntos?INS,2017,6205,,1, HTTP/1.1" 200 6093
186.103.159.182 - - [24/Apr/2017:17:39:29 -0300] "GET /cormun/static/about:blank HTTP/1.1" 404 1011
186.103.159.182 - - [24/Apr/2017:17:39:30 -0300] "GET /cormun/servlet/solicitudotadjuntos?INS,2017,6205,,1, HTTP/1.1" 200 6087
186.103.159.182 - - [24/Apr/2017:17:39:30 -0300] "GET /cormun/servlet/solicitudotadjuntos?94b29bab41d84e5f04b12894ba4a265ea2abe6b00b734b34c55034d2e26333648cbf78a0076018b67ac154ad3cc8a94b,gx-no-cache=1493066433859 HTTP/1.1" 200 30
186.103.159.182 - - [24/Apr/2017:17:39:30 -0300] "POST /cormun/servlet/solicitudotadjuntos?1090daaf3fb87695b0d6e75ebe3ed1f8,INS,2017,6205,,1,,gx-no-cache=1493066433907 HTTP/1.1" 200 3821
186.103.159.182 - - [24/Apr/2017:17:39:33 -0300] "POST /cormun/servlet/solicitudotadjuntos?gx-no-cache=1493066437246 HTTP/1.1" 200 26
186.103.159.182 - - [24/Apr/2017:17:39:41 -0300] "GET /cormun/servlet/solicitudotadjuntos?94b29bab41d84e5f04b12894ba4a265e5ecd8940ecb8e1a8b70e6a1d66b59c9f,gx-no-cache=1493066444606 HTTP/1.1" 200 30
186.103.159.182 - - [24/Apr/2017:17:39:41 -0300] "GET /cormun/servlet/solicitudotadjuntos?94b29bab41d84e5f04b12894ba4a265e5ecd8940ecb8e1a8b70e6a1d66b59c9f,gx-no-cache=1493066444674 HTTP/1.1" 200 30
186.103.159.182 - - [24/Apr/2017:17:39:43 -0300] "POST /cormun/servlet/solicitudotadjuntos?1090daaf3fb87695b0d6e75ebe3ed1f8,INS,2017,6205,,1, HTTP/1.1" 200 116
186.103.159.182 - - [24/Apr/2017:17:39:43 -0300] "GET /cormun/servlet/hpexe_return? HTTP/1.1" 200 1022
186.103.159.182 - - [24/Apr/2017:17:39:44 -0300] "GET /cormun/servlet/trsolicitudadjuntos?2017,6205, HTTP/1.1" 200 8501
186.103.159.182 - - [24/Apr/2017:17:39:45 -0300] "GET /cormun/servlet/trsolicitudadjuntos?2017,6205, HTTP/1.1" 200 8500
186.103.159.182 - - [24/Apr/2017:17:39:48 -0300] "GET /cormun/servlet/solicitudotadjuntos?INS,2017,6205,,1, HTTP/1.1" 200 6093
186.103.159.182 - - [24/Apr/2017:17:39:48 -0300] "GET /cormun/static/about:blank HTTP/1.1" 404 1011
186.103.159.182 - - [24/Apr/2017:17:39:49 -0300] "GET /cormun/servlet/solicitudotadjuntos?INS,2017,6205,,1, HTTP/1.1" 200 6087
186.103.159.182 - - [24/Apr/2017:17:39:49 -0300] "GET /cormun/servlet/solicitudotadjuntos?94b29bab41d84e5f04b12894ba4a265ea2abe6b00b734b34c55034d2e26333648cbf78a0076018b67ac154ad3cc8a94b,gx-no-cache=1493066453155 HTTP/1.1" 200 30
186.103.159.182 - - [24/Apr/2017:17:39:50 -0300] "POST /cormun/servlet/solicitudotadjuntos?1090daaf3fb87695b0d6e75ebe3ed1f8,INS,2017,6205,,1,,gx-no-cache=1493066453213 HTTP/1.1" 200 3821
186.103.159.182 - - [24/Apr/2017:17:39:53 -0300] "POST /cormun/servlet/solicitudotadjuntos?gx-no-cache=1493066456885 HTTP/1.1" 200 26
186.103.159.182 - - [24/Apr/2017:17:40:00 -0300] "GET /cormun/servlet/solicitudotadjuntos?94b29bab41d84e5f04b12894ba4a265e5ecd8940ecb8e1a8b70e6a1d66b59c9f,gx-no-cache=1493066463840 HTTP/1.1" 200 30
186.103.159.182 - - [24/Apr/2017:17:40:00 -0300] "GET /cormun/servlet/solicitudotadjuntos?94b29bab41d84e5f04b12894ba4a265e5ecd8940ecb8e1a8b70e6a1d66b59c9f,gx-no-cache=1493066463899 HTTP/1.1" 200 30
192.168.10.13 - - [24/Apr/2017:17:40:03 -0300] "GET / HTTP/1.1" 200 11217
186.103.159.182 - - [24/Apr/2017:17:40:04 -0300] "POST /cormun/servlet/solicitudotadjuntos?1090daaf3fb87695b0d6e75ebe3ed1f8,INS,2017,6205,,1, HTTP/1.1" 200 116
186.103.159.182 - - [24/Apr/2017:17:40:04 -0300] "GET /cormun/servlet/hpexe_return? HTTP/1.1" 200 1022
186.103.159.182 - - [24/Apr/2017:17:40:04 -0300] "GET /cormun/servlet/trsolicitudadjuntos?2017,6205, HTTP/1.1" 200 8638
186.103.159.182 - - [24/Apr/2017:17:40:06 -0300] "GET /cormun/servlet/trsolicitudadjuntos?2017,6205, HTTP/1.1" 200 8636
186.103.159.182 - - [24/Apr/2017:17:40:08 -0300] "GET /cormun/servlet/solicitudotadjuntos?INS,2017,6205,,1, HTTP/1.1" 200 6093
186.103.159.182 - - [24/Apr/2017:17:40:08 -0300] "GET /cormun/static/about:blank HTTP/1.1" 404 1011
186.103.159.182 - - [24/Apr/2017:17:40:09 -0300] "GET /cormun/servlet/solicitudotadjuntos?INS,2017,6205,,1, HTTP/1.1" 200 6087
186.103.159.182 - - [24/Apr/2017:17:40:10 -0300] "GET /cormun/servlet/solicitudotadjuntos?94b29bab41d84e5f04b12894ba4a265ea2abe6b00b734b34c55034d2e26333648cbf78a0076018b67ac154ad3cc8a94b,gx-no-cache=1493066473281 HTTP/1.1" 200 30
186.103.159.182 - - [24/Apr/2017:17:40:11 -0300] "POST /cormun/servlet/solicitudotadjuntos?1090daaf3fb87695b0d6e75ebe3ed1f8,INS,2017,6205,,1,,gx-no-cache=1493066473359 HTTP/1.1" 200 3821
192.168.10.89 - - [24/Apr/2017:17:40:13 -0300] "POST /cormun/servlet/trsolicitudgral?2aec9aeab7c83b01f60ee89de91e5e06,gx-no-cache=1493068560933,gx-no-cache=1493069683653 HTTP/1.1" 200 5198
186.103.159.182 - - [24/Apr/2017:17:40:14 -0300] "POST /cormun/servlet/solicitudotadjuntos?gx-no-cache=1493066477839 HTTP/1.1" 200 26
186.67.172.234 - - [24/Apr/2017:17:40:15 -0300] "GET /cormun/servlet/hlogin HTTP/1.1" 200 1724
192.168.10.89 - - [24/Apr/2017:17:40:19 -0300] "POST /cormun/servlet/trsolicitudgral?2aec9aeab7c83b01f60ee89de91e5e06,gx-no-cache=1493068560933,gx-no-cache=1493069690202 HTTP/1.1" 200 5200
186.103.159.182 - - [24/Apr/2017:17:40:22 -0300] "GET /cormun/servlet/solicitudotadjuntos?94b29bab41d84e5f04b12894ba4a265e5ecd8940ecb8e1a8b70e6a1d66b59c9f,gx-no-cache=1493066485498 HTTP/1.1" 200 30
186.103.159.182 - - [24/Apr/2017:17:40:22 -0300] "GET /cormun/servlet/solicitudotadjuntos?94b29bab41d84e5f04b12894ba4a265e5ecd8940ecb8e1a8b70e6a1d66b59c9f,gx-no-cache=1493066485570 HTTP/1.1" 200 30
192.168.10.89 - - [24/Apr/2017:17:40:24 -0300] "POST /cormun/servlet/trsolicitudgral?2aec9aeab7c83b01f60ee89de91e5e06,gx-no-cache=1493068560933,gx-no-cache=1493069694983 HTTP/1.1" 200 5198
186.103.159.182 - - [24/Apr/2017:17:40:25 -0300] "POST /cormun/servlet/solicitudotadjuntos?1090daaf3fb87695b0d6e75ebe3ed1f8,INS,2017,6205,,1, HTTP/1.1" 200 116
186.103.159.182 - - [24/Apr/2017:17:40:25 -0300] "GET /cormun/servlet/hpexe_return? HTTP/1.1" 200 1022
186.103.159.182 - - [24/Apr/2017:17:40:26 -0300] "GET /cormun/servlet/trsolicitudadjuntos?2017,6205, HTTP/1.1" 200 8774
186.103.159.182 - - [24/Apr/2017:17:40:27 -0300] "GET /cormun/servlet/trsolicitudadjuntos?2017,6205, HTTP/1.1" 200 8774
192.168.10.89 - - [24/Apr/2017:17:40:28 -0300] "POST /cormun/servlet/trsolicitudgral?2aec9aeab7c83b01f60ee89de91e5e06,gx-no-cache=1493068560933,gx-no-cache=1493069698843 HTTP/1.1" 200 11538
186.67.172.234 - - [24/Apr/2017:17:40:29 -0300] "POST /cormun/servlet/hlogin?122968cfed10b65b73e4d8d19fc03afb,gx-no-cache=1493066488801 HTTP/1.1" 200 90
186.67.172.234 - - [24/Apr/2017:17:40:29 -0300] "GET /cormun/servlet/hpexe_link HTTP/1.1" 200 950
186.67.172.234 - - [24/Apr/2017:17:40:29 -0300] "GET /cormun/servlet/hhome HTTP/1.1" 200 4039
186.67.172.234 - - [24/Apr/2017:17:40:29 -0300] "GET /cormun/servlet/hhome HTTP/1.1" 200 4035
186.103.159.182 - - [24/Apr/2017:17:40:30 -0300] "GET /cormun/servlet/solicitudotadjuntos?INS,2017,6205,,1, HTTP/1.1" 200 6093
186.103.159.182 - - [24/Apr/2017:17:40:30 -0300] "GET /cormun/static/about:blank HTTP/1.1" 404 1011
186.103.159.182 - - [24/Apr/2017:17:40:31 -0300] "GET /cormun/servlet/solicitudotadjuntos?INS,2017,6205,,1, HTTP/1.1" 200 6087
186.103.159.182 - - [24/Apr/2017:17:40:32 -0300] "GET /cormun/servlet/solicitudotadjuntos?94b29bab41d84e5f04b12894ba4a265ea2abe6b00b734b34c55034d2e26333648cbf78a0076018b67ac154ad3cc8a94b,gx-no-cache=1493066495286 HTTP/1.1" 200 30
186.103.159.182 - - [24/Apr/2017:17:40:32 -0300] "POST /cormun/servlet/solicitudotadjuntos?1090daaf3fb87695b0d6e75ebe3ed1f8,INS,2017,6205,,1,,gx-no-cache=1493066495353 HTTP/1.1" 200 3820
186.103.159.182 - - [24/Apr/2017:17:40:35 -0300] "POST /cormun/servlet/solicitudotadjuntos?gx-no-cache=1493066498965 HTTP/1.1" 200 26
186.67.172.234 - - [24/Apr/2017:17:40:36 -0300] "GET /cormun/servlet/trsolicitudot? HTTP/1.1" 200 8634
186.67.172.234 - - [24/Apr/2017:17:40:37 -0300] "GET /cormun/servlet/trsolicitudot? HTTP/1.1" 200 8630
192.168.10.89 - - [24/Apr/2017:17:40:38 -0300] "POST /cormun/servlet/trsolicitudgral?2aec9aeab7c83b01f60ee89de91e5e06,gx-no-cache=1493068560933,gx-no-cache=1493069709207 HTTP/1.1" 200 6975
186.103.159.182 - - [24/Apr/2017:17:40:41 -0300] "GET /cormun/servlet/solicitudotadjuntos?94b29bab41d84e5f04b12894ba4a265e5ecd8940ecb8e1a8b70e6a1d66b59c9f,gx-no-cache=1493066504664 HTTP/1.1" 200 30
186.103.159.182 - - [24/Apr/2017:17:40:41 -0300] "GET /cormun/servlet/solicitudotadjuntos?94b29bab41d84e5f04b12894ba4a265e5ecd8940ecb8e1a8b70e6a1d66b59c9f,gx-no-cache=1493066504689 HTTP/1.1" 200 30
186.103.159.182 - - [24/Apr/2017:17:40:43 -0300] "POST /cormun/servlet/solicitudotadjuntos?1090daaf3fb87695b0d6e75ebe3ed1f8,INS,2017,6205,,1, HTTP/1.1" 200 116
186.103.159.182 - - [24/Apr/2017:17:40:43 -0300] "GET /cormun/servlet/hpexe_return? HTTP/1.1" 200 1022
186.103.159.182 - - [24/Apr/2017:17:40:44 -0300] "GET /cormun/servlet/trsolicitudadjuntos?2017,6205, HTTP/1.1" 200 8978
186.67.172.234 - - [24/Apr/2017:17:40:45 -0300] "POST /cormun/servlet/trsolicitudot?122968cfed10b65b73e4d8d19fc03afb,,gx-no-cache=1493066504546 HTTP/1.1" 200 106
186.103.159.182 - - [24/Apr/2017:17:40:45 -0300] "GET /cormun/servlet/trsolicitudadjuntos?2017,6205, HTTP/1.1" 200 8975
186.67.172.234 - - [24/Apr/2017:17:40:45 -0300] "GET /cormun/servlet/solicitudot?UPD,2017,6203, HTTP/1.1" 200 14521
186.103.159.182 - - [24/Apr/2017:17:40:50 -0300] "GET /cormun/servlet/solicitudotadjuntos?INS,2017,6205,,1, HTTP/1.1" 200 6093
186.103.159.182 - - [24/Apr/2017:17:40:50 -0300] "GET /cormun/static/about:blank HTTP/1.1" 404 1011
186.103.159.182 - - [24/Apr/2017:17:40:51 -0300] "GET /cormun/servlet/solicitudotadjuntos?INS,2017,6205,,1, HTTP/1.1" 200 6087
186.103.159.182 - - [24/Apr/2017:17:40:52 -0300] "GET /cormun/servlet/solicitudotadjuntos?94b29bab41d84e5f04b12894ba4a265ea2abe6b00b734b34c55034d2e26333648cbf78a0076018b67ac154ad3cc8a94b,gx-no-cache=1493066515369 HTTP/1.1" 200 30
186.103.159.182 - - [24/Apr/2017:17:40:52 -0300] "POST /cormun/servlet/solicitudotadjuntos?1090daaf3fb87695b0d6e75ebe3ed1f8,INS,2017,6205,,1,,gx-no-cache=1493066515435 HTTP/1.1" 200 3820
186.103.159.182 - - [24/Apr/2017:17:40:55 -0300] "POST /cormun/servlet/solicitudotadjuntos?gx-no-cache=1493066518461 HTTP/1.1" 200 26
186.103.159.182 - - [24/Apr/2017:17:41:02 -0300] "GET /cormun/servlet/solicitudotadjuntos?94b29bab41d84e5f04b12894ba4a265e5ecd8940ecb8e1a8b70e6a1d66b59c9f,gx-no-cache=1493066525672 HTTP/1.1" 200 30
186.103.159.182 - - [24/Apr/2017:17:41:02 -0300] "GET /cormun/servlet/solicitudotadjuntos?94b29bab41d84e5f04b12894ba4a265e5ecd8940ecb8e1a8b70e6a1d66b59c9f,gx-no-cache=1493066525725 HTTP/1.1" 200 30
192.168.10.13 - - [24/Apr/2017:17:41:03 -0300] "GET / HTTP/1.1" 200 11217
186.103.159.182 - - [24/Apr/2017:17:41:15 -0300] "POST /cormun/servlet/solicitudotadjuntos?1090daaf3fb87695b0d6e75ebe3ed1f8,INS,2017,6205,,1, HTTP/1.1" 200 116
186.103.159.182 - - [24/Apr/2017:17:41:15 -0300] "GET /cormun/servlet/hpexe_return? HTTP/1.1" 200 1022
186.103.159.182 - - [24/Apr/2017:17:41:16 -0300] "GET /cormun/servlet/trsolicitudadjuntos?2017,6205, HTTP/1.1" 200 9172
186.103.159.182 - - [24/Apr/2017:17:41:18 -0300] "GET /cormun/servlet/trsolicitudadjuntos?2017,6205, HTTP/1.1" 200 9167
186.103.159.182 - - [24/Apr/2017:17:41:22 -0300] "POST /cormun/servlet/trsolicitudadjuntos?1090daaf3fb87695b0d6e75ebe3ed1f8,2017,6205,,gx-no-cache=1493066545290 HTTP/1.1" 200 90
186.103.159.182 - - [24/Apr/2017:17:41:22 -0300] "GET /cormun/servlet/hpexe_link HTTP/1.1" 200 986
186.103.159.182 - - [24/Apr/2017:17:41:22 -0300] "GET /cormun/servlet/trsolicitudot?gx-no-cache=1493066018077 HTTP/1.1" 200 8349
186.103.159.182 - - [24/Apr/2017:17:41:23 -0300] "GET /cormun/servlet/trsolicitudot?gx-no-cache=1493066018077 HTTP/1.1" 200 8370
186.67.172.234 - - [24/Apr/2017:17:41:24 -0300] "GET /cormun/servlet/trsolicitudot? HTTP/1.1" 200 8634
186.67.172.234 - - [24/Apr/2017:17:41:25 -0300] "GET /cormun/servlet/trsolicitudot? HTTP/1.1" 200 8630
186.67.172.234 - - [24/Apr/2017:17:41:25 -0300] "GET /favicon.ico HTTP/1.1" 200 21630
186.67.172.234 - - [24/Apr/2017:17:41:33 -0300] "POST /cormun/servlet/trsolicitudot?122968cfed10b65b73e4d8d19fc03afb,,gx-no-cache=1493066553188 HTTP/1.1" 200 106
186.103.159.182 - - [24/Apr/2017:17:41:46 -0300] "POST /cormun/servlet/trsolicitudot?1090daaf3fb87695b0d6e75ebe3ed1f8,gx-no-cache=1493066018077,gx-no-cache=1493066569927 HTTP/1.1" 200 106
186.103.159.182 - - [24/Apr/2017:17:41:47 -0300] "GET /cormun/servlet/solicitudot?UPD,2017,6205, HTTP/1.1" 200 14653
186.103.159.182 - - [24/Apr/2017:17:41:52 -0300] "GET /cormun/servlet/solicitudot?UPD,2017,6205, HTTP/1.1" 200 14640
186.103.159.182 - - [24/Apr/2017:17:41:53 -0300] "POST /cormun/servlet/solicitudot?gx-no-cache=1493066576512 HTTP/1.1" 200 3210
186.103.159.182 - - [24/Apr/2017:17:41:54 -0300] "POST /cormun/servlet/solicitudot?1090daaf3fb87695b0d6e75ebe3ed1f8,UPD,2017,6205,,gx-no-cache=1493066577242 HTTP/1.1" 200 11133
186.103.159.182 - - [24/Apr/2017:17:41:54 -0300] "GET /cormun/servlet/solicitudot?94b29bab41d84e5f04b12894ba4a265e5ae8cc8646836c558808aefdce445b323ff8c608c136b4af105710770e72322f,gx-no-cache=1493066578147 HTTP/1.1" 200 30
186.103.159.182 - - [24/Apr/2017:17:41:55 -0300] "POST /cormun/servlet/solicitudot?gx-no-cache=1493066578269 HTTP/1.1" 200 295
186.103.159.182 - - [24/Apr/2017:17:41:55 -0300] "GET /cormun/servlet/solicitudot?94b29bab41d84e5f04b12894ba4a265ea8247ab5ad03b41cd017ff9ce9e5ad91c25ca9cb849c9535d36216a0809ed8df56d7150f6808ebd6782b60b6598a6ed26a60a6d14d1eb83f507a94a4ca8c29154e61a0f54e58dbde01b7c8f240c654db3eb5732d47caa8f7aca915924e06d03d47c79c2d6c2baf5bffc7cc9c5d24c14eae53ca594d274f52d9e5d566131ee822d09c0fb057d0a7ff0fd1fbf0059c8f437de05ba9b03660a7bcd22a6c4041a691abb9b61696837c6618d7e6715b058210b127a1130e16a6fe330a320e35da5f4ba5de268440ff4e368ca1e8274736da80b349d17686a9838af708eed68cda5c1dacf2066e40081096c9084e5b91aec9093c3ff005619c278a36e134be81303925adec2946d6ad6c899f80ade0b96500988516246a715ef5ee97d9097a1025e02cd50279d0b03dc0e6b8fb22a135cea17982e80ce75def4a644ed32419f7d6cfbf03446500791674ad9fa27a0084eb38ce2d7b8fdacb77339873204bd056e93a79bb833f61e4a5a67aedac76c387e733dfce72adb97c4747111236f989b2fde7c6,gx-no-cache=1493066578383 HTTP/1.1" 200 30
186.103.159.182 - - [24/Apr/2017:17:41:55 -0300] "POST /cormun/servlet/solicitudot?gx-no-cache=1493066578865 HTTP/1.1" 200 30
186.103.159.182 - - [24/Apr/2017:17:41:55 -0300] "POST /cormun/servlet/solicitudot?gx-no-cache=1493066578965 HTTP/1.1" 200 1291
186.103.159.182 - - [24/Apr/2017:17:41:55 -0300] "POST /cormun/servlet/solicitudot?gx-no-cache=1493066579127 HTTP/1.1" 200 40
201.214.54.252 - - [24/Apr/2017:17:42:00 -0300] "GET /cormun/servlet/hlogin HTTP/1.1" 200 1722
201.214.54.252 - - [24/Apr/2017:17:42:00 -0300] "GET /cormun/static/gxtimezone.js?85251 HTTP/1.1" 200 5781
201.214.54.252 - - [24/Apr/2017:17:42:00 -0300] "GET /cormun/static/gxcfg.js?201741110203197 HTTP/1.1" 200 953
201.214.54.252 - - [24/Apr/2017:17:42:00 -0300] "GET /cormun/static/hlogin.js?201741110203211 HTTP/1.1" 200 2136
201.214.54.252 - - [24/Apr/2017:17:42:00 -0300] "GET /cormun/static/messages.spa.js?85251 HTTP/1.1" 200 30736
201.214.54.252 - - [24/Apr/2017:17:42:00 -0300] "GET /cormun/static/Resources/ComunLogin.png HTTP/1.1" 200 17326
201.214.54.252 - - [24/Apr/2017:17:42:00 -0300] "GET /cormun/static/gxgral.js?85251 HTTP/1.1" 200 40960
201.214.54.252 - - [24/Apr/2017:17:42:00 -0300] "GET /cormun/static/Resources/Spanish/PXTools.css?11294912 HTTP/1.1" 200 89042
201.214.54.252 - - [24/Apr/2017:17:42:01 -0300] "GET /cormun/servlet/hlogin HTTP/1.1" 200 1731
201.214.54.252 - - [24/Apr/2017:17:42:01 -0300] "GET /cormun/static/Resources/indicator.gif HTTP/1.1" 200 1553
201.214.54.252 - - [24/Apr/2017:17:42:01 -0300] "GET /cormun/static/Resources/PXToolsLoginBackground.png HTTP/1.1" 200 1164
201.214.54.252 - - [24/Apr/2017:17:42:01 -0300] "GET /cormun/static/Resources/PXToolsButtonLeft21.png HTTP/1.1" 200 1287
201.214.54.252 - - [24/Apr/2017:17:42:01 -0300] "GET /cormun/static/Resources/PXToolsButtonRight21.png HTTP/1.1" 200 1283
201.214.54.252 - - [24/Apr/2017:17:42:01 -0300] "GET /cormun/static/Resources/PXToolsButtonBackground2.png HTTP/1.1" 200 1181
201.214.54.252 - - [24/Apr/2017:17:42:01 -0300] "GET /cormun/static/Resources/PXToolsLoginTop.png HTTP/1.1" 200 1337
201.214.54.252 - - [24/Apr/2017:17:42:01 -0300] "GET /cormun/static/Resources/PXToolsLoginBottom.png HTTP/1.1" 200 1389
201.214.54.252 - - [24/Apr/2017:17:42:01 -0300] "GET /cormun/static/Resources/PXToolsButtonLeft21.png HTTP/1.1" 200 1287
201.214.54.252 - - [24/Apr/2017:17:42:01 -0300] "GET /favicon.ico HTTP/1.1" 200 21630
201.214.54.252 - - [24/Apr/2017:17:42:01 -0300] "GET /cormun/static/Resources/PXToolsButtonBackground2.png HTTP/1.1" 200 1181
201.214.54.252 - - [24/Apr/2017:17:42:01 -0300] "GET /cormun/static/Resources/PXToolsButtonRight21.png HTTP/1.1" 200 1283
201.214.54.252 - - [24/Apr/2017:17:42:01 -0300] "GET /cormun/static/Resources/PXToolsLoginTop.png HTTP/1.1" 200 1337
201.214.54.252 - - [24/Apr/2017:17:42:01 -0300] "GET /cormun/static/Resources/PXToolsLoginBottom.png HTTP/1.1" 200 1389
192.168.10.13 - - [24/Apr/2017:17:42:03 -0300] "GET / HTTP/1.1" 200 11217
201.214.54.252 - - [24/Apr/2017:17:42:17 -0300] "POST /cormun/servlet/hlogin?f04e1707dfdf5a40529a64ed5636fe0c,gx-no-cache=1493066599908 HTTP/1.1" 200 90
201.214.54.252 - - [24/Apr/2017:17:42:17 -0300] "GET /cormun/servlet/hpexe_link HTTP/1.1" 200 951
201.214.54.252 - - [24/Apr/2017:17:42:17 -0300] "GET /cormun/static/gxcfg.js?201731711483381 HTTP/1.1" 200 953
201.214.54.252 - - [24/Apr/2017:17:42:17 -0300] "GET /cormun/static/hpexe_link.js?201731711483384 HTTP/1.1" 200 625
201.214.54.252 - - [24/Apr/2017:17:42:18 -0300] "GET /cormun/servlet/hhome HTTP/1.1" 200 3958
201.214.54.252 - - [24/Apr/2017:17:42:18 -0300] "GET /cormun/static/SmoothNavMenu/resources/ddsmoothmenu.css?1012540 HTTP/1.1" 200 2223
201.214.54.252 - - [24/Apr/2017:17:42:18 -0300] "GET /cormun/static/scaMessage/css/jquery.pnotify.default.css?1716380 HTTP/1.1" 200 1707
201.214.54.252 - - [24/Apr/2017:17:42:18 -0300] "GET /cormun/static/SmoothNavMenu/resources/ddsmoothmenu-v.css?1012540 HTTP/1.1" 200 1188
201.214.54.252 - - [24/Apr/2017:17:42:18 -0300] "GET /cormun/static/gxcfg.js?201731711483497 HTTP/1.1" 200 953
201.214.54.252 - - [24/Apr/2017:17:42:18 -0300] "GET /cormun/static/Shared/jqueryui/jquery-ui.min.css?1245370 HTTP/1.1" 200 30288
201.214.54.252 - - [24/Apr/2017:17:42:18 -0300] "GET /cormun/static/PXToolsJavascripts/pexe_autoreload.js HTTP/1.1" 200 1762
201.214.54.252 - - [24/Apr/2017:17:42:18 -0300] "GET /cormun/static/PXToolsJavascripts/pexe_cookies.js HTTP/1.1" 200 792
201.214.54.252 - - [24/Apr/2017:17:42:18 -0300] "GET /cormun/static/PXToolsJavascripts/pexe_windows.js HTTP/1.1" 200 15207
201.214.54.252 - - [24/Apr/2017:17:42:18 -0300] "GET /cormun/static/PXToolsJavascripts/pexe_grid.js HTTP/1.1" 200 7559
201.214.54.252 - - [24/Apr/2017:17:42:18 -0300] "GET /cormun/static/PXToolsJavascripts/pexe_griddivfix.js HTTP/1.1" 200 6644
201.214.54.252 - - [24/Apr/2017:17:42:18 -0300] "GET /cormun/static/PXToolsJavascripts/pexe_link.js HTTP/1.1" 200 5671
201.214.54.252 - - [24/Apr/2017:17:42:18 -0300] "GET /cormun/static/PXToolsJavascripts/pexe_menudivfix.js HTTP/1.1" 200 333
201.214.54.252 - - [24/Apr/2017:17:42:18 -0300] "GET /cormun/static/PXToolsJavascripts/pexe_menus.js HTTP/1.1" 200 1286
201.214.54.252 - - [24/Apr/2017:17:42:18 -0300] "GET /cormun/static/PXToolsJavascripts/pexe_layers.js HTTP/1.1" 200 4114
201.214.54.252 - - [24/Apr/2017:17:42:18 -0300] "GET /cormun/static/PXToolsJavascripts/pexe_oav.js HTTP/1.1" 200 645
201.214.54.252 - - [24/Apr/2017:17:42:18 -0300] "GET /cormun/static/PXToolsJavascripts/pexe_oavdivfix.js HTTP/1.1" 200 639
201.214.54.252 - - [24/Apr/2017:17:42:18 -0300] "GET /cormun/static/PXToolsJavascripts/pexe_picture.js HTTP/1.1" 200 689
201.214.54.252 - - [24/Apr/2017:17:42:18 -0300] "GET /cormun/static/PXToolsJavascripts/pexe_popup.js HTTP/1.1" 200 13458
201.214.54.252 - - [24/Apr/2017:17:42:18 -0300] "GET /cormun/static/PXToolsJavascripts/pexe_scrolldiv.js HTTP/1.1" 200 4138
201.214.54.252 - - [24/Apr/2017:17:42:18 -0300] "GET /cormun/static/PXToolsJavascripts/pexe_tabdivfix.js HTTP/1.1" 200 876
201.214.54.252 - - [24/Apr/2017:17:42:18 -0300] "GET /cormun/static/PXToolsJavascripts/pexe_tabs.js HTTP/1.1" 200 3748
201.214.54.252 - - [24/Apr/2017:17:42:18 -0300] "GET /cormun/static/PXToolsJavascripts/pexe_upload.js HTTP/1.1" 200 1423
201.214.54.252 - - [24/Apr/2017:17:42:18 -0300] "GET /cormun/static/PXToolsJavascripts/PXToolsJavascriptsRender.js HTTP/1.1" 200 367
201.214.54.252 - - [24/Apr/2017:17:42:18 -0300] "GET /cormun/static/RunJS/RunJS.js HTTP/1.1" 200 288
201.214.54.252 - - [24/Apr/2017:17:42:18 -0300] "GET /cormun/static/Shared/ext/locale/ext-lang-en.js HTTP/1.1" 200 10940
201.214.54.252 - - [24/Apr/2017:17:42:18 -0300] "GET /cormun/static/hhome.js?20173171148352 HTTP/1.1" 200 777
201.214.54.252 - - [24/Apr/2017:17:42:18 -0300] "GET /cormun/static/hwchdr01.js?201731711335950 HTTP/1.1" 200 1183
201.214.54.252 - - [24/Apr/2017:17:42:18 -0300] "GET /cormun/static/hpexe_recentlink.js?201610171694390 HTTP/1.1" 200 2144
201.214.54.252 - - [24/Apr/2017:17:42:18 -0300] "GET /cormun/static/hpexe_scripts.js?201731711335890 HTTP/1.1" 200 1544
201.214.54.252 - - [24/Apr/2017:17:42:18 -0300] "GET /cormun/static/hpexe_messagecontroller.js?201610171694323 HTTP/1.1" 200 870
201.214.54.252 - - [24/Apr/2017:17:42:18 -0300] "GET /cormun/static/hpexe_messagepopupcomponent.js?20161017169425 HTTP/1.1" 200 605
186.103.159.182 - - [24/Apr/2017:17:42:18 -0300] "GET /cormun/servlet/solicitudot?94b29bab41d84e5f04b12894ba4a265e2d8b42e5b9509c867375093e103319be0355dc094a6f7e30be7fc0f3ccd42c5da9c02a76657420f258b41a39fb496132cd80fe0e989c28235d479923b8738431a6b81086c3328f6eb5e8a4b5d189dd944098d12d3ba16eed3e80a0cbe787d30b,gx-no-cache=1493066602153 HTTP/1.1" 200 29
201.214.54.252 - - [24/Apr/2017:17:42:18 -0300] "GET /cormun/static/hpexe_messagegenexuscomponent.js?201731711335537 HTTP/1.1" 200 587
201.214.54.252 - - [24/Apr/2017:17:42:18 -0300] "GET /cormun/static/gxui/gxui-all.js HTTP/1.1" 200 107772
201.214.54.252 - - [24/Apr/2017:17:42:18 -0300] "GET /cormun/static/Resources/PXToolsDataTitle.png HTTP/1.1" 200 1173
201.214.54.252 - - [24/Apr/2017:17:42:19 -0300] "GET /cormun/static/Resources/PXToolsFooterBackground2.png HTTP/1.1" 200 1172
201.214.54.252 - - [24/Apr/2017:17:42:19 -0300] "GET /cormun/static/Resources/PXToolsHeaderBackground2.png HTTP/1.1" 200 1174
201.214.54.252 - - [24/Apr/2017:17:42:19 -0300] "GET /cormun/static/Resources/PXToolsHeaderActionsBackground.png HTTP/1.1" 200 484
201.214.54.252 - - [24/Apr/2017:17:42:19 -0300] "GET /cormun/static/cmcontrolpreferences.js?201731711335852 HTTP/1.1" 200 1375
201.214.54.252 - - [24/Apr/2017:17:42:19 -0300] "GET /cormun/static/Shared/jquery/jquery-1.4.2.min.js HTTP/1.1" 200 72174
201.214.54.252 - - [24/Apr/2017:17:42:19 -0300] "GET /cormun/static/SmoothNavMenu/resources/ddsmoothmenu.js HTTP/1.1" 200 12712
201.214.54.252 - - [24/Apr/2017:17:42:19 -0300] "GET /cormun/static/SmoothNavMenu/resources/SmoothNavMenuRender.js HTTP/1.1" 200 5951
201.214.54.252 - - [24/Apr/2017:17:42:19 -0300] "GET /cormun/static/scaMessage/js/jquery.pnotify.min.js HTTP/1.1" 200 13038
201.214.54.252 - - [24/Apr/2017:17:42:19 -0300] "GET /cormun/static/scaMessage/scaMessageRender.js HTTP/1.1" 200 11977
201.214.54.252 - - [24/Apr/2017:17:42:19 -0300] "GET /cormun/static/hmpwkw03.js?201731711485354 HTTP/1.1" 200 3965
201.214.54.252 - - [24/Apr/2017:17:42:19 -0300] "GET /cormun/static/Resources/PXToolsHeaderActionsLeft.png HTTP/1.1" 200 1118
201.214.54.252 - - [24/Apr/2017:17:42:19 -0300] "GET /cormun/static/Resources/PXToolsHeaderPreferences.png HTTP/1.1" 200 4189
201.214.54.252 - - [24/Apr/2017:17:42:19 -0300] "GET /cormun/static/Resources/logo4.png HTTP/1.1" 200 6582
201.214.54.252 - - [24/Apr/2017:17:42:19 -0300] "GET /cormun/static/Resources/PXToolsHeaderLogin.png HTTP/1.1" 200 4279
201.214.54.252 - - [24/Apr/2017:17:42:19 -0300] "GET /cormun/static/Resources/PXToolsHeaderSecurity.png HTTP/1.1" 200 4166
201.214.54.252 - - [24/Apr/2017:17:42:19 -0300] "GET /cormun/static/Resources/PXToolsHeaderActionsRight.png HTTP/1.1" 200 1201
186.103.159.182 - - [24/Apr/2017:17:42:19 -0300] "POST /cormun/servlet/solicitudot?gx-no-cache=1493066602282 HTTP/1.1" 200 1275
201.214.54.252 - - [24/Apr/2017:17:42:19 -0300] "GET /cormun/static/Resources/PXToolsHeaderHome.png HTTP/1.1" 200 4147
186.103.159.182 - - [24/Apr/2017:17:42:19 -0300] "POST /cormun/servlet/solicitudot?gx-no-cache=1493066602902 HTTP/1.1" 200 1157
186.103.159.182 - - [24/Apr/2017:17:42:19 -0300] "GET /cormun/servlet/solicitudot?94b29bab41d84e5f04b12894ba4a265e70ebdad169f42a7aedbe8b4466b9dbd62415bb8addc1a4586a12b8ec942ca2db402e4ed16843f0cc3a75c558ecd604a72651a82ee6afa41f99a0de8cc9d747d6f3dd5647c17eda8816bed521c8aa9a3ce65a33be10cd0953c6668482515e5d6366e0cb3715513a7653bee8166be770f9789fa25b0b54ffe3cd559bad8844b90dc498cd1732096cc06fcf065982fcafd60650d9d4d735e82620c7994b7cef808c275edde9f28517c3c59c45c28c851640,gx-no-cache=1493066603058 HTTP/1.1" 200 32
201.214.54.252 - - [24/Apr/2017:17:42:19 -0300] "GET /cormun/static/Shared/jquery/jquery-1.10.2.min.js HTTP/1.1" 200 273199
201.214.54.252 - - [24/Apr/2017:17:42:20 -0300] "GET /cormun/static/Shared/jqueryui/jquery-ui.min.js HTTP/1.1" 200 240427
201.214.54.252 - - [24/Apr/2017:17:42:20 -0300] "GET /cormun/static/Shared/ext/ext-all.js HTTP/1.1" 200 1289687
186.103.159.182 - - [24/Apr/2017:17:42:20 -0300] "POST /cormun/servlet/solicitudot?1090daaf3fb87695b0d6e75ebe3ed1f8,UPD,2017,6205,,gx-no-cache=1493066603153 HTTP/1.1" 200 93
186.103.159.182 - - [24/Apr/2017:17:42:20 -0300] "GET /cormun/servlet/hpexe_return? HTTP/1.1" 200 1031
186.103.159.182 - - [24/Apr/2017:17:42:20 -0300] "GET /cormun/servlet/trsolicitudot?gx-no-cache=1493066018077 HTTP/1.1" 200 8344
201.214.54.252 - - [24/Apr/2017:17:42:21 -0300] "GET /cormun/static/SmoothNavMenu/resources/images/down.gif HTTP/1.1" 200 854
201.214.54.252 - - [24/Apr/2017:17:42:21 -0300] "GET /cormun/static/SmoothNavMenu/resources/images/right.gif HTTP/1.1" 200 860
186.103.159.182 - - [24/Apr/2017:17:42:22 -0300] "GET /cormun/servlet/trsolicitudot?gx-no-cache=1493066018077 HTTP/1.1" 200 8362
186.103.159.182 - - [24/Apr/2017:17:42:50 -0300] "POST /cormun/servlet/trsolicitudot?1090daaf3fb87695b0d6e75ebe3ed1f8,gx-no-cache=1493066018077,gx-no-cache=1493066633188 HTTP/1.1" 200 4368
186.103.159.182 - - [24/Apr/2017:17:42:50 -0300] "GET /cormun/static/Shared/jqueryui/images/ui-bg_highlight-soft_100_c6c2c8_1x100.png HTTP/1.1" 404 1117
186.103.159.182 - - [24/Apr/2017:17:42:50 -0300] "GET /cormun/static/Shared/jqueryui/images/ui-icons_82798d_256x240.png HTTP/1.1" 404 1089
186.103.159.182 - - [24/Apr/2017:17:42:50 -0300] "GET /cormun/static/Shared/jqueryui/images/ui-bg_flat_55_fafafa_40x100.png HTTP/1.1" 404 1097
186.103.159.182 - - [24/Apr/2017:17:42:50 -0300] "GET /cormun/static/Shared/jqueryui/images/ui-icons_8d78a5_256x240.png HTTP/1.1" 404 1089
186.103.159.182 - - [24/Apr/2017:17:42:51 -0300] "POST /cormun/servlet/trsolicitudot?1090daaf3fb87695b0d6e75ebe3ed1f8,gx-no-cache=1493066018077,gx-no-cache=1493066634181 HTTP/1.1" 200 4114
192.168.10.89 - - [24/Apr/2017:17:42:58 -0300] "POST /cormun/servlet/trsolicitudgral?2aec9aeab7c83b01f60ee89de91e5e06,gx-no-cache=1493068560933,gx-no-cache=1493069849174 HTTP/1.1" 200 5198
186.103.159.182 - - [24/Apr/2017:17:43:01 -0300] "GET /cormun/servlet/trautorizarsolicitud? HTTP/1.1" 200 8742
186.103.159.182 - - [24/Apr/2017:17:43:01 -0300] "GET /cormun/static/gxcfg.js?2017259112829 HTTP/1.1" 304 -
186.103.159.182 - - [24/Apr/2017:17:43:01 -0300] "GET /cormun/static/trautorizarsolicitud.js?2017259113483 HTTP/1.1" 304 -
192.168.10.13 - - [24/Apr/2017:17:43:03 -0300] "GET / HTTP/1.1" 200 11217
186.103.159.182 - - [24/Apr/2017:17:43:03 -0300] "GET /cormun/servlet/trautorizarsolicitud? HTTP/1.1" 200 8720
192.168.10.89 - - [24/Apr/2017:17:43:03 -0300] "GET /cormun/servlet/hlogin HTTP/1.1" 200 1762
192.168.10.89 - - [24/Apr/2017:17:43:12 -0300] "POST /cormun/servlet/hlogin?2aec9aeab7c83b01f60ee89de91e5e06,gx-no-cache=1493069863376 HTTP/1.1" 200 90
192.168.10.89 - - [24/Apr/2017:17:43:13 -0300] "GET /cormun/servlet/hpexe_link HTTP/1.1" 200 979
192.168.10.89 - - [24/Apr/2017:17:43:13 -0300] "GET /cormun/servlet/trsolicitudgral?gx-no-cache=1493068560933 HTTP/1.1" 200 8603
201.214.54.252 - - [24/Apr/2017:17:43:15 -0300] "GET /cormun/servlet/trlicencias? HTTP/1.1" 200 6821
201.214.54.252 - - [24/Apr/2017:17:43:15 -0300] "GET /cormun/static/calendar-system.css?75620 HTTP/1.1" 200 5572
201.214.54.252 - - [24/Apr/2017:17:43:15 -0300] "GET /cormun/static/gxui/gxui-all.css?110300 HTTP/1.1" 200 2179
201.214.54.252 - - [24/Apr/2017:17:43:15 -0300] "GET /cormun/static/gxcfg.js?201741111445981 HTTP/1.1" 200 953
201.214.54.252 - - [24/Apr/2017:17:43:15 -0300] "GET /cormun/static/calendar-es.js?85251 HTTP/1.1" 200 1901
201.214.54.252 - - [24/Apr/2017:17:43:15 -0300] "GET /cormun/static/calendar-setup.js?85251 HTTP/1.1" 200 2588
201.214.54.252 - - [24/Apr/2017:17:43:15 -0300] "GET /cormun/static/Resources/PXTools/calendar.png HTTP/1.1" 200 1306
201.214.54.252 - - [24/Apr/2017:17:43:15 -0300] "GET /cormun/static/calendar.js?85251 HTTP/1.1" 200 26246
201.214.54.252 - - [24/Apr/2017:17:43:15 -0300] "GET /cormun/static/Shared/ext/resources/css/ext-all.css?205870 HTTP/1.1" 200 40960
201.214.54.252 - - [24/Apr/2017:17:43:15 -0300] "GET /cormun/static/Resources/PXToolsDataSearch.png HTTP/1.1" 200 419
201.214.54.252 - - [24/Apr/2017:17:43:15 -0300] "GET /cormun/static/Resources/PXToolsGridFirstDisabled.gif HTTP/1.1" 200 100
201.214.54.252 - - [24/Apr/2017:17:43:15 -0300] "GET /cormun/static/Resources/PXToolsGridPreviousDisabled.gif HTTP/1.1" 200 90
201.214.54.252 - - [24/Apr/2017:17:43:15 -0300] "GET /cormun/static/trlicencias.js?20174111145440 HTTP/1.1" 200 37913
201.214.54.252 - - [24/Apr/2017:17:43:15 -0300] "GET /cormun/static/gxdec.js?85251 HTTP/1.1" 200 19579
201.214.54.252 - - [24/Apr/2017:17:43:15 -0300] "GET /cormun/static/Resources/PXToolsGridLastDisabled.gif HTTP/1.1" 200 98
201.214.54.252 - - [24/Apr/2017:17:43:15 -0300] "GET /cormun/static/Resources/PXToolsGridPage.gif HTTP/1.1" 200 725
201.214.54.252 - - [24/Apr/2017:17:43:15 -0300] "GET /cormun/static/Resources/PXToolsActionExcel.png HTTP/1.1" 200 3187
201.214.54.252 - - [24/Apr/2017:17:43:15 -0300] "GET /cormun/static/Resources/PXToolsGridNew.png HTTP/1.1" 200 2949
201.214.54.252 - - [24/Apr/2017:17:43:16 -0300] "GET /cormun/static/Resources/PXToolsGridNextDisabled.gif HTTP/1.1" 200 90
201.214.54.252 - - [24/Apr/2017:17:43:17 -0300] "GET /cormun/static/Resources/desc.gif HTTP/1.1" 200 65
201.214.54.252 - - [24/Apr/2017:17:43:17 -0300] "GET /cormun/static/Resources/asc.gif HTTP/1.1" 200 67
201.214.54.252 - - [24/Apr/2017:17:43:18 -0300] "GET /cormun/static/Shared/ext/resources/themes/images/default/tools/tool-sprites.gif HTTP/1.1" 200 5434
201.214.54.252 - - [24/Apr/2017:17:43:18 -0300] "GET /cormun/static/Shared/ext/resources/themes/images/default/panel/bg-headersPanel.png HTTP/1.1" 200 255
192.168.10.89 - - [24/Apr/2017:17:43:19 -0300] "POST /cormun/servlet/trsolicitudgral?2aec9aeab7c83b01f60ee89de91e5e06,gx-no-cache=1493068560933,gx-no-cache=1493069870201 HTTP/1.1" 200 5197
201.214.54.252 - - [24/Apr/2017:17:43:20 -0300] "POST /cormun/servlet/trlicencias?f04e1707dfdf5a40529a64ed5636fe0c,,gx-no-cache=1493066663051 HTTP/1.1" 200 4090
192.168.10.89 - - [24/Apr/2017:17:43:26 -0300] "POST /cormun/servlet/trsolicitudgral?2aec9aeab7c83b01f60ee89de91e5e06,gx-no-cache=1493068560933,gx-no-cache=1493069876044 HTTP/1.1" 200 19877
186.103.159.182 - - [24/Apr/2017:17:43:31 -0300] "POST /cormun/servlet/trautorizarsolicitud?1090daaf3fb87695b0d6e75ebe3ed1f8,,gx-no-cache=1493066674487 HTTP/1.1" 200 5454
186.103.159.182 - - [24/Apr/2017:17:43:32 -0300] "GET /cormun/static/Shared/jqueryui/images/ui-bg_highlight-soft_100_c6c2c8_1x100.png HTTP/1.1" 404 1117
186.103.159.182 - - [24/Apr/2017:17:43:32 -0300] "GET /cormun/static/Shared/jqueryui/images/ui-icons_82798d_256x240.png HTTP/1.1" 404 1089
186.103.159.182 - - [24/Apr/2017:17:43:32 -0300] "GET /cormun/static/Shared/jqueryui/images/ui-bg_flat_55_fafafa_40x100.png HTTP/1.1" 404 1097
186.103.159.182 - - [24/Apr/2017:17:43:32 -0300] "GET /cormun/static/Shared/jqueryui/images/ui-icons_8d78a5_256x240.png HTTP/1.1" 404 1089
186.103.159.182 - - [24/Apr/2017:17:43:32 -0300] "POST /cormun/servlet/trautorizarsolicitud?1090daaf3fb87695b0d6e75ebe3ed1f8,,gx-no-cache=1493066675488 HTTP/1.1" 200 5400
186.103.159.182 - - [24/Apr/2017:17:43:38 -0300] "POST /cormun/servlet/trautorizarsolicitud?1090daaf3fb87695b0d6e75ebe3ed1f8,,gx-no-cache=1493066680881 HTTP/1.1" 200 4356
186.103.159.182 - - [24/Apr/2017:17:43:38 -0300] "POST /cormun/servlet/trautorizarsolicitud?1090daaf3fb87695b0d6e75ebe3ed1f8,,gx-no-cache=1493066681538 HTTP/1.1" 200 4106
192.168.10.13 - - [24/Apr/2017:17:44:03 -0300] "GET / HTTP/1.1" 200 11217
192.168.10.96 - - [24/Apr/2017:17:44:56 -0300] "GET /cormun/servlet/vevisualizador?2017,5993,,SolicitudOTAdjuntos HTTP/1.1" 200 10405
192.168.10.96 - - [24/Apr/2017:17:44:57 -0300] "GET /cormun/servlet/vevisualizador?2017,5993,,SolicitudOTAdjuntos HTTP/1.1" 200 10410
192.168.10.96 - - [24/Apr/2017:17:44:57 -0300] "POST /cormun/servlet/acontrolpreferencessavestate?None,DZAMUDIO,true HTTP/1.1" 200 35
192.168.10.96 - - [24/Apr/2017:17:44:58 -0300] "GET /cormun/servlet/trsolicitudgral? HTTP/1.1" 200 9919
192.168.10.96 - - [24/Apr/2017:17:44:58 -0300] "GET /cormun/servlet/trsolicitudgral? HTTP/1.1" 200 9905
192.168.10.13 - - [24/Apr/2017:17:45:03 -0300] "GET / HTTP/1.1" 200 11217
192.168.10.96 - - [24/Apr/2017:17:45:03 -0300] "POST /cormun/servlet/trsolicitudgral?96b0522e826f8520e9d06ef24983eedf,,gx-no-cache=1493069973660 HTTP/1.1" 200 5503
192.168.10.96 - - [24/Apr/2017:17:45:05 -0300] "POST /cormun/servlet/trsolicitudgral?96b0522e826f8520e9d06ef24983eedf,,gx-no-cache=1493069976150 HTTP/1.1" 200 5498
192.168.10.96 - - [24/Apr/2017:17:45:06 -0300] "POST /cormun/servlet/trsolicitudgral?96b0522e826f8520e9d06ef24983eedf,,gx-no-cache=1493069976870 HTTP/1.1" 200 5499
201.214.54.252 - - [24/Apr/2017:17:45:07 -0300] "POST /cormun/servlet/trlicencias?f04e1707dfdf5a40529a64ed5636fe0c,,gx-no-cache=1493066769448 HTTP/1.1" 200 4090
192.168.10.96 - - [24/Apr/2017:17:45:08 -0300] "POST /cormun/servlet/trsolicitudgral?96b0522e826f8520e9d06ef24983eedf,,gx-no-cache=1493069979188 HTTP/1.1" 200 7568
201.214.54.252 - - [24/Apr/2017:17:45:11 -0300] "POST /cormun/servlet/trlicencias?f04e1707dfdf5a40529a64ed5636fe0c,,gx-no-cache=1493066773996 HTTP/1.1" 200 4090
201.214.54.252 - - [24/Apr/2017:17:45:13 -0300] "POST /cormun/servlet/trlicencias?f04e1707dfdf5a40529a64ed5636fe0c,,gx-no-cache=1493066775346 HTTP/1.1" 200 4090
201.214.54.252 - - [24/Apr/2017:17:45:16 -0300] "GET /cormun/servlet/licenciaspermisos?INS,0,,, HTTP/1.1" 200 7355
201.214.54.252 - - [24/Apr/2017:17:45:16 -0300] "GET /cormun/static/gxcfg.js?201741111445322 HTTP/1.1" 200 953
201.214.54.252 - - [24/Apr/2017:17:45:16 -0300] "GET /cormun/static/Resources/prompt.gif HTTP/1.1" 200 902
201.214.54.252 - - [24/Apr/2017:17:45:16 -0300] "GET /cormun/static/licenciaspermisos.js?201741111445392 HTTP/1.1" 200 34444
201.214.54.252 - - [24/Apr/2017:17:45:20 -0300] "GET /cormun/static/Resources/resize.gif HTTP/1.1" 200 77
201.214.54.252 - - [24/Apr/2017:17:45:20 -0300] "GET /cormun/servlet/prfichaempleado?,MD,,gxPopupLevel%3D0%3B HTTP/1.1" 200 8779
201.214.54.252 - - [24/Apr/2017:17:45:20 -0300] "GET /cormun/static/gxcfg.js?2017319125415 HTTP/1.1" 200 953
201.214.54.252 - - [24/Apr/2017:17:45:21 -0300] "GET /cormun/static/Resources/PXToolsMenuSearchCancel.png HTTP/1.1" 200 2972
201.214.54.252 - - [24/Apr/2017:17:45:21 -0300] "GET /cormun/static/Resources/PXToolsMenuSearch.png HTTP/1.1" 200 2914
201.214.54.252 - - [24/Apr/2017:17:45:21 -0300] "GET /cormun/static/prfichaempleado.js?20173191254344 HTTP/1.1" 200 15951
201.214.54.252 - - [24/Apr/2017:17:45:21 -0300] "GET /cormun/static/menusearch.js?201610171694467 HTTP/1.1" 200 1424
201.214.54.252 - - [24/Apr/2017:17:45:21 -0300] "GET /cormun/static/hmpwkw011.js?201731711483558 HTTP/1.1" 200 1968
192.168.10.89 - - [24/Apr/2017:17:45:44 -0300] "GET /cormun/servlet/hlogin HTTP/1.1" 200 1762
201.214.54.252 - - [24/Apr/2017:17:45:52 -0300] "POST /cormun/servlet/prfichaempleado?f04e1707dfdf5a40529a64ed5636fe0c,,MD,,gxPopupLevel%3D0%3B,gx-no-cache=1493066814215 HTTP/1.1" 200 3404
201.214.54.252 - - [24/Apr/2017:17:45:56 -0300] "GET /cormun/servlet/licenciaspermisos?3c05d05ef11a8f7daa923a5755ece749d869572ad558f7b3328005b563026ce9e31465bd2caa9fb1710da7c855615e65,gx-no-cache=1493066819089 HTTP/1.1" 200 68
201.214.54.252 - - [24/Apr/2017:17:45:57 -0300] "POST /cormun/servlet/licenciaspermisos?f04e1707dfdf5a40529a64ed5636fe0c,INS,0,,,,gx-no-cache=1493066819218 HTTP/1.1" 200 4618
192.168.10.13 - - [24/Apr/2017:17:46:03 -0300] "GET / HTTP/1.1" 200 11217
192.168.10.13 - - [24/Apr/2017:17:47:03 -0300] "GET / HTTP/1.1" 200 11217
192.168.10.13 - - [24/Apr/2017:17:48:03 -0300] "GET / HTTP/1.1" 200 11217
201.214.54.252 - - [24/Apr/2017:17:48:55 -0300] "GET /cormun/static/menuarrow.gif HTTP/1.1" 404 1015
192.168.10.13 - - [24/Apr/2017:17:49:03 -0300] "GET / HTTP/1.1" 200 11217
