186.103.159.183 - - [24/Apr/2017:16:59:24 -0300] "GET /cormun//static/Resources/PXToolsGridUpdate.png HTTP/1.1" 200 2984
186.103.159.183 - - [24/Apr/2017:16:59:24 -0300] "GET /cormun//static/Resources/PXToolsGridDelete.png HTTP/1.1" 200 357
186.103.159.183 - - [24/Apr/2017:16:59:24 -0300] "GET /cormun//static/Resources/PXToolsGridDisplay.png HTTP/1.1" 200 362
186.103.159.183 - - [24/Apr/2017:16:59:24 -0300] "GET /cormun//static/Resources/PXTools/ActionInsert.png HTTP/1.1" 200 1482
186.103.159.183 - - [24/Apr/2017:16:59:24 -0300] "GET /cormun//static/Resources/PXToolsActionPrint.png HTTP/1.1" 200 3317
186.103.159.183 - - [24/Apr/2017:16:59:24 -0300] "GET /cormun//static/Resources/PXToolsHeaderHelp.png HTTP/1.1" 200 4055
186.103.159.183 - - [24/Apr/2017:16:59:24 -0300] "GET /cormun/servlet/trpermisosgoce? HTTP/1.1" 200 8071
186.103.159.183 - - [24/Apr/2017:16:59:25 -0300] "GET /cormun/static/Shared/ext/resources/themes/images/default/panel/bg-headersPanel.png HTTP/1.1" 200 255
186.103.159.183 - - [24/Apr/2017:16:59:25 -0300] "GET /cormun/static/Shared/ext/resources/themes/images/default/tools/tool-sprites.gif HTTP/1.1" 200 5434
200.86.184.230 - - [24/Apr/2017:16:59:33 -0300] "GET /cormun/servlet/licenciaspermisos?14f76573f41ce587839b183cf1ccb7c8c9d718af6996c3060e52c6beffb47540c90cd6cdd0a46e9e8df221e05a871d58a3d1c2eda0fb11fdab1b55694ae2fed4b73819d1724a0a66196564c8ac29d80ec8051e6a0c5c79d73c33a643680f239ba85da3d348418c756ac0af621e8026c4bdd88fe4da37128e1e2f9ad4f442bd4b54d5e01a5a17d3c6ae8dda7c35ebcc7b29436a8d11b8104131de52ec0fd0373895282b547ecd7b464f0f277d7b01eab31666d6e87ca9436ef0afe466de1904c33ca9ebc389bdae65765c8a1385f2a4695bc013d54f9b0416596c105f542d70aa,gx-no-cache=1493064806453 HTTP/1.1" 200 30
186.103.159.183 - - [24/Apr/2017:16:59:41 -0300] "GET /cormun/servlet/permisogoce?INS,0,,, HTTP/1.1" 200 6761
186.103.159.183 - - [24/Apr/2017:16:59:42 -0300] "GET /cormun/static/gxcfg.js?201741111325459 HTTP/1.1" 200 953
186.103.159.183 - - [24/Apr/2017:16:59:42 -0300] "GET /cormun/static/Resources/prompt.gif HTTP/1.1" 200 902
186.103.159.183 - - [24/Apr/2017:16:59:42 -0300] "GET /cormun/static/permisogoce.js?20174111132557 HTTP/1.1" 200 26619
186.103.159.183 - - [24/Apr/2017:16:59:42 -0300] "GET /cormun/static/gxdec.js?85251 HTTP/1.1" 200 19579
186.103.159.183 - - [24/Apr/2017:16:59:44 -0300] "GET /cormun/servlet/permisogoce?INS,0,,, HTTP/1.1" 200 6761
186.103.159.183 - - [24/Apr/2017:16:59:52 -0300] "GET /cormun/static/Resources/resize.gif HTTP/1.1" 200 77
186.103.159.183 - - [24/Apr/2017:16:59:53 -0300] "GET /cormun/servlet/prfichaempleado?,MD,,gxPopupLevel%3D0%3B HTTP/1.1" 200 8811
186.103.159.183 - - [24/Apr/2017:16:59:54 -0300] "GET /cormun/static/gxcfg.js?2017319125415 HTTP/1.1" 200 953
186.103.159.183 - - [24/Apr/2017:16:59:54 -0300] "GET /cormun/static/menusearch.js?201610171694467 HTTP/1.1" 200 1424
186.103.159.183 - - [24/Apr/2017:16:59:54 -0300] "GET /cormun/static/hmpwkw011.js?201731711483558 HTTP/1.1" 200 1968
186.103.159.183 - - [24/Apr/2017:16:59:54 -0300] "GET /cormun/static/prfichaempleado.js?20173191254344 HTTP/1.1" 200 15951
186.103.159.183 - - [24/Apr/2017:16:59:55 -0300] "GET /cormun/static/Resources/PXToolsMenuSearch.png HTTP/1.1" 200 2914
186.103.159.183 - - [24/Apr/2017:16:59:55 -0300] "GET /cormun/static/Resources/PXToolsMenuSearchCancel.png HTTP/1.1" 200 2972
192.168.10.13 - - [24/Apr/2017:17:00:03 -0300] "GET / HTTP/1.1" 200 11217
186.103.159.183 - - [24/Apr/2017:17:00:18 -0300] "POST /cormun/servlet/prfichaempleado?128ed2426c8d5bb70775571b7bdfbc88,,MD,,gxPopupLevel%3D0%3B,gx-no-cache=1493064082570 HTTP/1.1" 200 3454
186.103.159.183 - - [24/Apr/2017:17:00:51 -0300] "GET /cormun/servlet/permisogoce?90c1964daa4b07ad020692f6ef4d62403c2ec5919279265ff52d59755e26081ef1eefcc61c128ac9c81bce1cec9a9535,gx-no-cache=1493064115444 HTTP/1.1" 200 74
186.103.159.183 - - [24/Apr/2017:17:00:51 -0300] "GET /cormun/servlet/permisogoce?90c1964daa4b07ad020692f6ef4d62403080ec540f2d35de25f3550e6cafe88fb35adec4b8e03cc28229bcc71ae626a93eb675637422a13fd37f4d2743771d95,gx-no-cache=1493064115686 HTTP/1.1" 200 129
186.103.159.183 - - [24/Apr/2017:17:00:51 -0300] "GET /cormun/static/Shared/jqueryui/images/ui-bg_highlight-soft_100_c6c2c8_1x100.png HTTP/1.1" 404 1117
186.103.159.183 - - [24/Apr/2017:17:00:51 -0300] "GET /cormun/static/Shared/jqueryui/images/ui-icons_82798d_256x240.png HTTP/1.1" 404 1089
186.103.159.183 - - [24/Apr/2017:17:00:51 -0300] "GET /cormun/static/Shared/jqueryui/images/ui-bg_flat_55_994d53_40x100.png HTTP/1.1" 404 1097
186.103.159.183 - - [24/Apr/2017:17:00:51 -0300] "GET /cormun/static/Shared/jqueryui/images/ui-icons_ebccce_256x240.png HTTP/1.1" 404 1089
186.103.159.183 - - [24/Apr/2017:17:00:55 -0300] "GET /cormun/static/menuarrow.gif HTTP/1.1" 404 1015
186.103.159.183 - - [24/Apr/2017:17:01:00 -0300] "GET /cormun/servlet/permisogoce?90c1964daa4b07ad020692f6ef4d62403080ec540f2d35de25f3550e6cafe88fc30d88d4f6402c28982d2ba83a033b89127055afb77c15fe2355b30545d03a91,gx-no-cache=1493064123971 HTTP/1.1" 200 47
192.168.10.13 - - [24/Apr/2017:17:01:03 -0300] "GET / HTTP/1.1" 200 11217
186.103.159.183 - - [24/Apr/2017:17:01:13 -0300] "POST /cormun/servlet/permisogoce?128ed2426c8d5bb70775571b7bdfbc88,INS,0,,,,gx-no-cache=1493064137325 HTTP/1.1" 200 93
186.103.159.183 - - [24/Apr/2017:17:01:14 -0300] "GET /cormun/servlet/hpexe_return? HTTP/1.1" 200 1005
186.103.159.183 - - [24/Apr/2017:17:01:14 -0300] "GET /cormun/static/hpexe_return.js?2016101716175153 HTTP/1.1" 200 1633
186.103.159.183 - - [24/Apr/2017:17:01:14 -0300] "GET /cormun/static/Resources/Spanish/PXTools.css?167811 HTTP/1.1" 200 89042
186.103.159.183 - - [24/Apr/2017:17:01:14 -0300] "GET /cormun/static/gxcfg.js?2016101716175148 HTTP/1.1" 200 953
186.103.159.183 - - [24/Apr/2017:17:01:14 -0300] "GET /cormun/servlet/trpermisosgoce HTTP/1.1" 200 8316
186.103.159.183 - - [24/Apr/2017:17:01:17 -0300] "GET /cormun/servlet/trpermisosgoce HTTP/1.1" 200 8312
186.103.159.183 - - [24/Apr/2017:17:01:29 -0300] "GET /cormun/servlet/apermisogoceprn?11364628,P,20170424175544,PU HTTP/1.1" 200 1664
186.103.159.182 - - [24/Apr/2017:17:01:48 -0300] "POST /cormun/servlet/solicitudot?gx-no-cache=1493064171421 HTTP/1.1" 200 297
192.168.10.13 - - [24/Apr/2017:17:02:03 -0300] "GET / HTTP/1.1" 200 11217
200.86.184.230 - - [24/Apr/2017:17:02:07 -0300] "GET /cormun/servlet/trlicencias? HTTP/1.1" 200 6645
200.86.184.230 - - [24/Apr/2017:17:02:08 -0300] "GET /cormun/servlet/trlicencias? HTTP/1.1" 200 6644
200.86.184.230 - - [24/Apr/2017:17:02:10 -0300] "GET /cormun/servlet/licenciaspermisos?INS,0,,, HTTP/1.1" 200 7199
200.86.184.230 - - [24/Apr/2017:17:02:11 -0300] "GET /cormun/servlet/licenciaspermisos?INS,0,,, HTTP/1.1" 200 7199
200.86.184.230 - - [24/Apr/2017:17:02:29 -0300] "GET /cormun/servlet/licenciaspermisos?14f76573f41ce587839b183cf1ccb7c8c6925504a8c4e7efd15a32f904bc5cd5b38920b50348d750c7ccfacd302ccf97,gx-no-cache=1493064982371 HTTP/1.1" 200 63
200.86.184.230 - - [24/Apr/2017:17:02:29 -0300] "POST /cormun/servlet/licenciaspermisos?471f03e4960febed63deb4520fc18703,INS,0,,,,gx-no-cache=1493064982499 HTTP/1.1" 200 4413
192.168.10.96 - - [24/Apr/2017:17:02:38 -0300] "GET /cormun/servlet/wbconsulta? HTTP/1.1" 200 5187
192.168.10.96 - - [24/Apr/2017:17:02:38 -0300] "GET /cormun/servlet/wbconsulta? HTTP/1.1" 200 5169
192.168.10.96 - - [24/Apr/2017:17:02:45 -0300] "POST /cormun/servlet/wbconsulta?96b0522e826f8520e9d06ef24983eedf,,gx-no-cache=1493067435656 HTTP/1.1" 200 103
192.168.10.96 - - [24/Apr/2017:17:02:45 -0300] "GET /cormun/servlet/vevisualizador?2017,5991, HTTP/1.1" 200 8577
192.168.10.96 - - [24/Apr/2017:17:02:45 -0300] "GET /cormun/pexe_scrolldiv.js HTTP/1.1" 404 1009
192.168.10.96 - - [24/Apr/2017:17:02:45 -0300] "GET /cormun/pexe_scrolldiv.js HTTP/1.1" 404 1009
192.168.10.96 - - [24/Apr/2017:17:02:45 -0300] "GET /cormun/servlet/vevisualizador?2017,5991, HTTP/1.1" 200 8576
192.168.10.96 - - [24/Apr/2017:17:02:54 -0300] "GET /cormun/servlet/vevisualizador?2017,5991,,SolicitudOTAdjuntos HTTP/1.1" 200 10455
192.168.10.96 - - [24/Apr/2017:17:02:54 -0300] "GET /cormun/pexe_scrolldiv.js HTTP/1.1" 404 1009
192.168.10.96 - - [24/Apr/2017:17:02:54 -0300] "GET /cormun/pexe_scrolldiv.js HTTP/1.1" 404 1009
192.168.10.96 - - [24/Apr/2017:17:02:55 -0300] "GET /cormun/servlet/vevisualizador?2017,5991,,SolicitudOTAdjuntos HTTP/1.1" 200 10455
192.168.10.96 - - [24/Apr/2017:17:02:56 -0300] "POST /cormun/servlet/acontrolpreferencessavestate?None,DZAMUDIO,true HTTP/1.1" 200 35
192.168.10.96 - - [24/Apr/2017:17:02:57 -0300] "GET /cormun/PublicTempStorage/carnet_de_estrella5452552.jpeg HTTP/1.1" 200 507265
192.168.10.13 - - [24/Apr/2017:17:03:03 -0300] "GET / HTTP/1.1" 200 11217
192.168.10.96 - - [24/Apr/2017:17:03:11 -0300] "GET /cormun/servlet/vevisualizador?2017,5991,,SolicitudOTAdjuntos HTTP/1.1" 200 10455
192.168.10.96 - - [24/Apr/2017:17:03:12 -0300] "GET /cormun/servlet/vevisualizador?2017,5991,,SolicitudOTAdjuntos HTTP/1.1" 200 10456
192.168.10.96 - - [24/Apr/2017:17:03:13 -0300] "POST /cormun/servlet/acontrolpreferencessavestate?None,DZAMUDIO,true HTTP/1.1" 200 35
192.168.10.96 - - [24/Apr/2017:17:03:14 -0300] "GET /cormun/PublicTempStorage/certificado_afiliacion_afp_estrella9296699.jpeg HTTP/1.1" 200 375671
192.168.10.96 - - [24/Apr/2017:17:03:18 -0300] "GET /cormun/servlet/vevisualizador?2017,5991,,SolicitudOTAdjuntos HTTP/1.1" 200 10455
192.168.10.96 - - [24/Apr/2017:17:03:18 -0300] "GET /cormun/servlet/vevisualizador?2017,5991,,SolicitudOTAdjuntos HTTP/1.1" 200 10458
192.168.10.96 - - [24/Apr/2017:17:03:19 -0300] "POST /cormun/servlet/acontrolpreferencessavestate?None,DZAMUDIO,true HTTP/1.1" 200 35
192.168.10.96 - - [24/Apr/2017:17:03:19 -0300] "GET /cormun/PublicTempStorage/vertificado_fonasa_estrella1795613.jpeg HTTP/1.1" 200 388056
192.168.10.96 - - [24/Apr/2017:17:03:23 -0300] "GET /cormun/servlet/vevisualizador?2017,5991,,SolicitudOTAdjuntos HTTP/1.1" 200 10456
192.168.10.96 - - [24/Apr/2017:17:03:24 -0300] "GET /cormun/servlet/vevisualizador?2017,5991,,SolicitudOTAdjuntos HTTP/1.1" 200 10457
192.168.10.96 - - [24/Apr/2017:17:03:24 -0300] "POST /cormun/servlet/acontrolpreferencessavestate?None,DZAMUDIO,true HTTP/1.1" 200 35
192.168.10.96 - - [24/Apr/2017:17:03:25 -0300] "GET /cormun/PublicTempStorage/antecedentes_estrella5735213.jpeg HTTP/1.1" 200 626020
192.168.10.96 - - [24/Apr/2017:17:03:29 -0300] "GET /cormun/servlet/vevisualizador?2017,5991,,SolicitudOTAdjuntos HTTP/1.1" 200 10453
192.168.10.96 - - [24/Apr/2017:17:03:30 -0300] "GET /cormun/servlet/vevisualizador?2017,5991,,SolicitudOTAdjuntos HTTP/1.1" 200 10457
192.168.10.96 - - [24/Apr/2017:17:03:30 -0300] "POST /cormun/servlet/acontrolpreferencessavestate?None,DZAMUDIO,true HTTP/1.1" 200 35
192.168.10.96 - - [24/Apr/2017:17:03:31 -0300] "GET /cormun/PublicTempStorage/curriculum_estrella6849747.jpeg HTTP/1.1" 200 612622
192.168.10.96 - - [24/Apr/2017:17:03:35 -0300] "GET /cormun/servlet/vevisualizador?2017,5991,,SolicitudOTAdjuntos HTTP/1.1" 200 10453
192.168.10.96 - - [24/Apr/2017:17:03:36 -0300] "GET /cormun/servlet/vevisualizador?2017,5991,,SolicitudOTAdjuntos HTTP/1.1" 200 10457
192.168.10.96 - - [24/Apr/2017:17:03:36 -0300] "POST /cormun/servlet/acontrolpreferencessavestate?None,DZAMUDIO,true HTTP/1.1" 200 35
192.168.10.96 - - [24/Apr/2017:17:03:37 -0300] "GET /cormun/PublicTempStorage/certificado_de_titulo_estrella5456063.jpeg HTTP/1.1" 200 363777
192.168.10.13 - - [24/Apr/2017:17:04:03 -0300] "GET / HTTP/1.1" 200 11217
186.103.159.183 - - [24/Apr/2017:17:04:09 -0300] "GET /cormun/servlet/permisogoce?DLT,13098789,P,20170404182709, HTTP/1.1" 200 6727
186.103.159.183 - - [24/Apr/2017:17:04:11 -0300] "GET /cormun/static/Shared/jqueryui/images/ui-bg_highlight-soft_100_c6c2c8_1x100.png HTTP/1.1" 404 1117
186.103.159.183 - - [24/Apr/2017:17:04:11 -0300] "GET /cormun/static/Shared/jqueryui/images/ui-icons_82798d_256x240.png HTTP/1.1" 404 1089
186.103.159.183 - - [24/Apr/2017:17:04:11 -0300] "GET /cormun/static/Shared/jqueryui/images/ui-bg_flat_55_fafafa_40x100.png HTTP/1.1" 404 1097
186.103.159.183 - - [24/Apr/2017:17:04:11 -0300] "GET /cormun/static/Shared/jqueryui/images/ui-icons_8d78a5_256x240.png HTTP/1.1" 404 1089
186.103.159.183 - - [24/Apr/2017:17:04:11 -0300] "GET /cormun/servlet/permisogoce?DLT,13098789,P,20170404182709, HTTP/1.1" 200 6729
186.103.159.183 - - [24/Apr/2017:17:04:13 -0300] "POST /cormun/servlet/permisogoce?128ed2426c8d5bb70775571b7bdfbc88,DLT,13098789,P,20170404182709,,gx-no-cache=1493064317555 HTTP/1.1" 200 4411
186.103.159.183 - - [24/Apr/2017:17:04:14 -0300] "GET /cormun/static/Shared/jqueryui/images/ui-bg_flat_55_994d53_40x100.png HTTP/1.1" 404 1097
186.103.159.183 - - [24/Apr/2017:17:04:14 -0300] "GET /cormun/static/Shared/jqueryui/images/ui-icons_ebccce_256x240.png HTTP/1.1" 404 1089
186.103.159.183 - - [24/Apr/2017:17:04:18 -0300] "POST /cormun/servlet/permisogoce?128ed2426c8d5bb70775571b7bdfbc88,DLT,13098789,P,20170404182709,,gx-no-cache=1493064322365 HTTP/1.1" 200 93
186.103.159.183 - - [24/Apr/2017:17:04:18 -0300] "GET /cormun/servlet/hpexe_return? HTTP/1.1" 200 1024
186.103.159.183 - - [24/Apr/2017:17:04:19 -0300] "GET /cormun/servlet/trpermisosgoce HTTP/1.1" 200 8316
192.168.10.96 - - [24/Apr/2017:17:04:20 -0300] "GET /cormun/servlet/vevisualizador?2017,5991,,SolicitudOTAdjuntos HTTP/1.1" 200 10456
186.103.159.183 - - [24/Apr/2017:17:04:21 -0300] "GET /cormun/servlet/trpermisosgoce HTTP/1.1" 200 8312
192.168.10.96 - - [24/Apr/2017:17:04:21 -0300] "GET /cormun/servlet/vevisualizador?2017,5991,,SolicitudOTAdjuntos HTTP/1.1" 200 10456
192.168.10.96 - - [24/Apr/2017:17:04:21 -0300] "POST /cormun/servlet/acontrolpreferencessavestate?None,DZAMUDIO,true HTTP/1.1" 200 35
192.168.10.96 - - [24/Apr/2017:17:04:22 -0300] "GET /cormun/servlet/trsolicitudgral? HTTP/1.1" 200 11328
192.168.10.96 - - [24/Apr/2017:17:04:23 -0300] "GET /cormun/servlet/trsolicitudgral? HTTP/1.1" 200 11315
192.168.10.96 - - [24/Apr/2017:17:04:32 -0300] "POST /cormun/servlet/trsolicitudgral?96b0522e826f8520e9d06ef24983eedf,,gx-no-cache=1493067542499 HTTP/1.1" 200 5499
192.168.10.96 - - [24/Apr/2017:17:04:34 -0300] "POST /cormun/servlet/trsolicitudgral?96b0522e826f8520e9d06ef24983eedf,,gx-no-cache=1493067545187 HTTP/1.1" 200 5498
192.168.10.96 - - [24/Apr/2017:17:04:37 -0300] "POST /cormun/servlet/trsolicitudgral?96b0522e826f8520e9d06ef24983eedf,,gx-no-cache=1493067547797 HTTP/1.1" 200 5497
192.168.10.96 - - [24/Apr/2017:17:04:41 -0300] "POST /cormun/servlet/trsolicitudgral?96b0522e826f8520e9d06ef24983eedf,,gx-no-cache=1493067551800 HTTP/1.1" 200 6792
186.103.159.182 - - [24/Apr/2017:17:04:42 -0300] "GET /cormun/servlet/solicitudot?94b29bab41d84e5f04b12894ba4a265ea8247ab5ad03b41cd017ff9ce9e5ad91c25ca9cb849c9535d36216a0809ed8df56d7150f6808ebd6782b60b6598a6ed26a60a6d14d1eb83f507a94a4ca8c29154e61a0f54e58dbde01b7c8f240c654db3eb5732d47caa8f7aca915924e06d03d47c79c2d6c2baf5bffc7cc9c5d24c14eae53ca594d274f52d9e5d566131ee822d09c0fb057d0a7ff0fd1fbf0059c8f437de05ba9b03660a7bcd22a6c4041a691abb9b61696837c6618d7e6715b058210b127a1130e16a6fe330a320e35da5f4ba5de268440ff4e368ca1e8274736da80b349d17686a9838af708eed68cda5c1dacf2066e40081096c9084e5b91aec9093c3ff005619c278a36e134be81303925adec2946d6ad6c899f80ade0b96500988516246a715ef5ee97d9097a1025e02cd50279d0b03dc0e6b8fb22a135cea17982e80ce75def4a644ed32419f7d6cfbf03446500791674ad9fa27a0084eb38ce2d7b8fdacb77339873204bd056e93a799c5992eb800d01683685bfcaa7efe31cce72adb97c4747111236f989b2fde7c6,gx-no-cache=1493064344877 HTTP/1.1" 200 30
186.67.172.234 - - [24/Apr/2017:17:04:51 -0300] "GET /cormun/servlet/hlogin HTTP/1.1" 200 1723
186.67.172.234 - - [24/Apr/2017:17:05:02 -0300] "POST /cormun/servlet/hlogin?00307ea7a173fdae434f2d8406049a1d,gx-no-cache=1493064362351 HTTP/1.1" 200 90
186.67.172.234 - - [24/Apr/2017:17:05:02 -0300] "GET /cormun/servlet/hpexe_link HTTP/1.1" 200 948
186.67.172.234 - - [24/Apr/2017:17:05:03 -0300] "GET /cormun/servlet/hhome HTTP/1.1" 200 4037
192.168.10.13 - - [24/Apr/2017:17:05:03 -0300] "GET / HTTP/1.1" 200 11217
186.67.172.234 - - [24/Apr/2017:17:05:03 -0300] "GET /cormun/servlet/hhome HTTP/1.1" 200 4033
186.67.172.234 - - [24/Apr/2017:17:05:10 -0300] "GET /cormun/servlet/trpermisosgoce? HTTP/1.1" 200 6818
186.67.172.234 - - [24/Apr/2017:17:05:10 -0300] "GET /cormun/servlet/trpermisosgoce? HTTP/1.1" 200 6817
186.67.172.234 - - [24/Apr/2017:17:05:12 -0300] "GET /cormun/servlet/permisogoce?INS,0,,, HTTP/1.1" 200 6814
186.67.172.234 - - [24/Apr/2017:17:05:13 -0300] "GET /cormun/servlet/permisogoce?INS,0,,, HTTP/1.1" 200 6814
186.67.172.234 - - [24/Apr/2017:17:05:25 -0300] "GET /cormun/servlet/permisogoce?aeaebac07640b511e1b6c9de419bca84d3a9769d049225c9a7e77f6b7e03aacb56d9d338dba386de3c04a1c586b67260,gx-no-cache=1493064384598 HTTP/1.1" 200 71
186.67.172.234 - - [24/Apr/2017:17:05:25 -0300] "GET /cormun/static/menuarrow.gif HTTP/1.1" 404 1015
200.86.184.230 - - [24/Apr/2017:17:05:32 -0300] "GET /cormun/servlet/licenciaspermisos?14f76573f41ce587839b183cf1ccb7c8c9d718af6996c3060e52c6beffb47540c90cd6cdd0a46e9e8df221e05a871d58a3d1c2eda0fb11fdab1b55694ae2fed4b73819d1724a0a66196564c8ac29d80ec8051e6a0c5c79d73c33a643680f239bcccbc127c83c6ef01d7bef4d1d6c4012bdd88fe4da37128e1e2f9ad4f442bd4b72ad076942ff68f1448aded35fcdeb82b59f83701725880ba8bad25225b02ff6233255b620069f5c8942916d483a49fe,gx-no-cache=1493065162285 HTTP/1.1" 200 30
200.86.184.230 - - [24/Apr/2017:17:05:32 -0300] "GET /cormun/servlet/licenciaspermisos?14f76573f41ce587839b183cf1ccb7c85ee198e8e1a40beb60133b8e5fc029f14691574d7f2984dee9386d74c317aa38b13109a540107914830bc84043c489b71f0f745a9b90faccd623e05133dcab3448abebc96b9eb57369acccccde3c6b8f80b925ce5922d9f44f5edf8bb174aed9be72c16e847894c348f74849248e39743631b1c4ef14c0e476db414ffe2425391b741631c48541371732fb81d21ae1f7426e09af2562b3de255763128da1cbb1,gx-no-cache=1493065165966 HTTP/1.1" 200 29
200.86.184.230 - - [24/Apr/2017:17:05:33 -0300] "POST /cormun/servlet/licenciaspermisos?471f03e4960febed63deb4520fc18703,INS,0,,,,gx-no-cache=1493065166066 HTTP/1.1" 200 93
200.86.184.230 - - [24/Apr/2017:17:05:33 -0300] "GET /cormun/servlet/hpexe_return? HTTP/1.1" 200 1007
200.86.184.230 - - [24/Apr/2017:17:05:33 -0300] "GET /cormun/servlet/trlicencias HTTP/1.1" 200 7820
200.86.184.230 - - [24/Apr/2017:17:05:34 -0300] "GET /cormun/servlet/trlicencias HTTP/1.1" 200 7816
186.67.172.234 - - [24/Apr/2017:17:05:37 -0300] "GET /cormun/servlet/permisogoce?aeaebac07640b511e1b6c9de419bca84cc28732ab23bc8375ffe2c3e15f170f99a748d9b462158f721dbe66e0883d0c9eea9d69cf152c016ae6feeb8ac8b0c27,gx-no-cache=1493064397224 HTTP/1.1" 200 47
200.86.184.230 - - [24/Apr/2017:17:05:43 -0300] "GET /cormun/servlet/trlicenciaspermisosadjuntos?17522932,20170424000000,L, HTTP/1.1" 200 6158
200.86.184.230 - - [24/Apr/2017:17:05:43 -0300] "GET /cormun/static/gxcfg.js?20173171154619 HTTP/1.1" 304 -
200.86.184.230 - - [24/Apr/2017:17:05:43 -0300] "GET /cormun/static/trlicenciaspermisosadjuntos.js?20173171154971 HTTP/1.1" 304 -
200.86.184.230 - - [24/Apr/2017:17:05:44 -0300] "GET /cormun/servlet/trlicenciaspermisosadjuntos?17522932,20170424000000,L, HTTP/1.1" 200 6158
186.67.172.234 - - [24/Apr/2017:17:05:44 -0300] "POST /cormun/servlet/permisogoce?00307ea7a173fdae434f2d8406049a1d,INS,0,,,,gx-no-cache=1493064403839 HTTP/1.1" 200 93
186.67.172.234 - - [24/Apr/2017:17:05:44 -0300] "GET /cormun/servlet/hpexe_return? HTTP/1.1" 200 1004
186.67.172.234 - - [24/Apr/2017:17:05:44 -0300] "GET /cormun/servlet/trpermisosgoce HTTP/1.1" 200 7662
186.67.172.234 - - [24/Apr/2017:17:05:45 -0300] "GET /cormun/servlet/trpermisosgoce HTTP/1.1" 200 7658
200.86.184.230 - - [24/Apr/2017:17:05:46 -0300] "GET /cormun/servlet/licenciaspermisosadjuntos?INS,17522932,L,20170424000000,, HTTP/1.1" 200 5450
200.86.184.230 - - [24/Apr/2017:17:05:46 -0300] "GET /cormun/static/gxcfg.js?201731711421170 HTTP/1.1" 304 -
200.86.184.230 - - [24/Apr/2017:17:05:46 -0300] "GET /cormun/static/licenciaspermisosadjuntos.js?201731711421181 HTTP/1.1" 304 -
200.86.184.230 - - [24/Apr/2017:17:05:46 -0300] "GET /cormun/static/about:blank HTTP/1.1" 404 1011
200.86.184.230 - - [24/Apr/2017:17:05:46 -0300] "GET /cormun/servlet/licenciaspermisosadjuntos?INS,17522932,L,20170424000000,, HTTP/1.1" 200 5439
186.67.172.234 - - [24/Apr/2017:17:05:48 -0300] "GET /cormun/servlet/trpermisosadjuntos?17271496,20170424180014,P, HTTP/1.1" 200 6346
186.67.172.234 - - [24/Apr/2017:17:05:49 -0300] "GET /cormun/servlet/trpermisosadjuntos?17271496,20170424180014,P, HTTP/1.1" 200 6346
186.67.172.234 - - [24/Apr/2017:17:05:51 -0300] "GET /cormun/servlet/permisosadjuntos?INS,17271496,P,20170424180014,, HTTP/1.1" 200 5676
186.67.172.234 - - [24/Apr/2017:17:05:51 -0300] "GET /cormun/static/about:blank HTTP/1.1" 404 1011
186.67.172.234 - - [24/Apr/2017:17:05:51 -0300] "GET /cormun/servlet/permisosadjuntos?INS,17271496,P,20170424180014,, HTTP/1.1" 200 5666
192.168.10.13 - - [24/Apr/2017:17:06:03 -0300] "GET / HTTP/1.1" 200 11217
200.86.184.230 - - [24/Apr/2017:17:06:03 -0300] "POST /cormun/servlet/licenciaspermisosadjuntos?471f03e4960febed63deb4520fc18703,INS,17522932,L,20170424000000,, HTTP/1.1" 200 116
200.86.184.230 - - [24/Apr/2017:17:06:03 -0300] "GET /cormun/servlet/hpexe_return? HTTP/1.1" 200 1037
200.86.184.230 - - [24/Apr/2017:17:06:04 -0300] "GET /cormun/servlet/trlicenciaspermisosadjuntos?17522932,20170424000000,L, HTTP/1.1" 200 6650
200.86.184.230 - - [24/Apr/2017:17:06:04 -0300] "GET /cormun/servlet/trlicenciaspermisosadjuntos?17522932,20170424000000,L, HTTP/1.1" 200 6646
200.86.184.230 - - [24/Apr/2017:17:06:08 -0300] "GET /cormun/PublicTempStorage/20170424_164822maria_natalia_168049493.jpg HTTP/1.1" 200 1096154
186.67.172.234 - - [24/Apr/2017:17:06:14 -0300] "POST /cormun/servlet/permisosadjuntos?00307ea7a173fdae434f2d8406049a1d,INS,17271496,P,20170424180014,, HTTP/1.1" 200 116
186.67.172.234 - - [24/Apr/2017:17:06:15 -0300] "GET /cormun/servlet/hpexe_return? HTTP/1.1" 200 1032
186.67.172.234 - - [24/Apr/2017:17:06:15 -0300] "GET /cormun/servlet/trpermisosadjuntos?17271496,20170424180014,P, HTTP/1.1" 200 6796
186.67.172.234 - - [24/Apr/2017:17:06:15 -0300] "GET /cormun/servlet/trpermisosadjuntos?17271496,20170424180014,P, HTTP/1.1" 200 6794
186.67.172.234 - - [24/Apr/2017:17:06:28 -0300] "POST /cormun/servlet/trpermisosadjuntos?00307ea7a173fdae434f2d8406049a1d,17271496,20170424180014,P,,gx-no-cache=1493064447841 HTTP/1.1" 200 90
186.67.172.234 - - [24/Apr/2017:17:06:28 -0300] "GET /cormun/servlet/hpexe_link HTTP/1.1" 200 979
186.67.172.234 - - [24/Apr/2017:17:06:28 -0300] "GET /cormun/servlet/trpermisosgoce HTTP/1.1" 200 7660
186.67.172.234 - - [24/Apr/2017:17:06:29 -0300] "GET /cormun/servlet/trpermisosgoce HTTP/1.1" 200 7658
186.67.172.234 - - [24/Apr/2017:17:06:34 -0300] "POST /cormun/servlet/trpermisosgoce?00307ea7a173fdae434f2d8406049a1d,gx-no-cache=1493064453827 HTTP/1.1" 200 4174
186.67.172.234 - - [24/Apr/2017:17:06:34 -0300] "GET /cormun/static/Shared/jqueryui/images/ui-bg_highlight-soft_100_c6c2c8_1x100.png HTTP/1.1" 404 1117
186.67.172.234 - - [24/Apr/2017:17:06:34 -0300] "GET /cormun/static/Shared/jqueryui/images/ui-icons_82798d_256x240.png HTTP/1.1" 404 1089
186.67.172.234 - - [24/Apr/2017:17:06:34 -0300] "GET /cormun/static/Shared/jqueryui/images/ui-bg_flat_55_fafafa_40x100.png HTTP/1.1" 404 1097
186.67.172.234 - - [24/Apr/2017:17:06:34 -0300] "GET /cormun/static/Shared/jqueryui/images/ui-icons_8d78a5_256x240.png HTTP/1.1" 404 1089
200.86.184.230 - - [24/Apr/2017:17:06:42 -0300] "POST /cormun/servlet/trlicenciaspermisosadjuntos?471f03e4960febed63deb4520fc18703,17522932,20170424000000,L,,gx-no-cache=1493065235285 HTTP/1.1" 200 4378
200.86.184.230 - - [24/Apr/2017:17:06:44 -0300] "GET /cormun/PublicTempStorage/20170424_164822maria_natalia_165634797.jpg HTTP/1.1" 200 1096154
186.67.172.234 - - [24/Apr/2017:17:06:45 -0300] "GET /cormun/servlet/trautorizarpermisogoce? HTTP/1.1" 200 7585
186.67.172.234 - - [24/Apr/2017:17:06:45 -0300] "GET /cormun/servlet/trautorizarpermisogoce? HTTP/1.1" 200 7585
200.86.184.230 - - [24/Apr/2017:17:06:46 -0300] "GET /cormun/servlet/licenciaspermisosadjuntos?INS,17522932,L,20170424000000,, HTTP/1.1" 200 5452
200.86.184.230 - - [24/Apr/2017:17:06:47 -0300] "GET /cormun/servlet/licenciaspermisosadjuntos?INS,17522932,L,20170424000000,, HTTP/1.1" 200 5441
200.86.184.230 - - [24/Apr/2017:17:06:48 -0300] "GET /cormun/servlet/trlicenciaspermisosadjuntos?17522932,20170424000000,L, HTTP/1.1" 200 6646
200.86.184.230 - - [24/Apr/2017:17:06:49 -0300] "GET /cormun/servlet/trlicenciaspermisosadjuntos?17522932,20170424000000,L, HTTP/1.1" 200 6647
200.86.184.230 - - [24/Apr/2017:17:06:50 -0300] "GET /cormun/servlet/trlicencias HTTP/1.1" 200 7820
200.86.184.230 - - [24/Apr/2017:17:06:51 -0300] "GET /cormun/servlet/trlicencias HTTP/1.1" 200 7816
186.67.172.234 - - [24/Apr/2017:17:06:52 -0300] "POST /cormun/servlet/trautorizarpermisogoce?00307ea7a173fdae434f2d8406049a1d,,gx-no-cache=1493064471820 HTTP/1.1" 200 4164
186.67.172.234 - - [24/Apr/2017:17:06:52 -0300] "GET /cormun/static/Shared/jqueryui/images/ui-bg_highlight-soft_100_c6c2c8_1x100.png HTTP/1.1" 404 1117
186.67.172.234 - - [24/Apr/2017:17:06:52 -0300] "GET /cormun/static/Shared/jqueryui/images/ui-icons_82798d_256x240.png HTTP/1.1" 404 1089
186.67.172.234 - - [24/Apr/2017:17:06:52 -0300] "GET /cormun/static/Shared/jqueryui/images/ui-bg_flat_55_fafafa_40x100.png HTTP/1.1" 404 1097
186.67.172.234 - - [24/Apr/2017:17:06:52 -0300] "GET /cormun/static/Shared/jqueryui/images/ui-icons_8d78a5_256x240.png HTTP/1.1" 404 1089
200.86.184.230 - - [24/Apr/2017:17:06:54 -0300] "GET /cormun/servlet/alicenciaprn?17522932,L,20170424000000,PU HTTP/1.1" 200 1530
192.168.10.13 - - [24/Apr/2017:17:07:03 -0300] "GET / HTTP/1.1" 200 11217
186.67.172.234 - - [24/Apr/2017:17:07:05 -0300] "GET /cormun/servlet/trautorizarpermisogoce? HTTP/1.1" 200 6777
186.67.172.234 - - [24/Apr/2017:17:07:06 -0300] "GET /cormun/servlet/trautorizarpermisogoce? HTTP/1.1" 200 6777
186.67.172.234 - - [24/Apr/2017:17:07:09 -0300] "POST /cormun/servlet/trautorizarpermisogoce?00307ea7a173fdae434f2d8406049a1d,,gx-no-cache=1493064489211 HTTP/1.1" 200 111
186.67.172.234 - - [24/Apr/2017:17:07:09 -0300] "GET /cormun/AutorizarPermisoGoce-260.xls HTTP/1.1" 200 4096
200.86.184.230 - - [24/Apr/2017:17:07:49 -0300] "POST /cormun/servlet/trlicencias?471f03e4960febed63deb4520fc18703,gx-no-cache=1493065301883 HTTP/1.1" 200 4029
200.86.184.230 - - [24/Apr/2017:17:07:49 -0300] "GET /cormun/static/Shared/jqueryui/images/ui-bg_highlight-soft_100_c6c2c8_1x100.png HTTP/1.1" 404 1117
200.86.184.230 - - [24/Apr/2017:17:07:49 -0300] "GET /cormun/static/Shared/jqueryui/images/ui-icons_82798d_256x240.png HTTP/1.1" 404 1089
200.86.184.230 - - [24/Apr/2017:17:07:49 -0300] "GET /cormun/static/Shared/jqueryui/images/ui-bg_flat_55_fafafa_40x100.png HTTP/1.1" 404 1097
200.86.184.230 - - [24/Apr/2017:17:07:49 -0300] "GET /cormun/static/Shared/jqueryui/images/ui-icons_8d78a5_256x240.png HTTP/1.1" 404 1089
192.168.10.13 - - [24/Apr/2017:17:08:03 -0300] "GET / HTTP/1.1" 200 11217
200.86.184.230 - - [24/Apr/2017:17:08:05 -0300] "GET /cormun/servlet/licenciaspermisos?INS,0,,, HTTP/1.1" 200 7199
200.86.184.230 - - [24/Apr/2017:17:08:06 -0300] "GET /cormun/servlet/licenciaspermisos?INS,0,,, HTTP/1.1" 200 7199
200.86.184.230 - - [24/Apr/2017:17:08:10 -0300] "GET /cormun/servlet/trlicencias? HTTP/1.1" 200 6646
200.86.184.230 - - [24/Apr/2017:17:08:10 -0300] "GET /cormun/servlet/trlicencias? HTTP/1.1" 200 6644
200.86.184.230 - - [24/Apr/2017:17:08:14 -0300] "GET /cormun/servlet/trpermisosgoce? HTTP/1.1" 200 6568
200.86.184.230 - - [24/Apr/2017:17:08:15 -0300] "GET /cormun/servlet/trpermisosgoce? HTTP/1.1" 200 6568
192.168.10.13 - - [24/Apr/2017:17:09:03 -0300] "GET / HTTP/1.1" 200 11217
192.168.10.13 - - [24/Apr/2017:17:10:03 -0300] "GET / HTTP/1.1" 200 11217
192.168.10.13 - - [24/Apr/2017:17:11:03 -0300] "GET / HTTP/1.1" 200 11217
192.168.10.13 - - [24/Apr/2017:17:12:03 -0300] "GET / HTTP/1.1" 200 11217
192.168.10.13 - - [24/Apr/2017:17:13:03 -0300] "GET / HTTP/1.1" 200 11217
186.103.159.182 - - [24/Apr/2017:17:13:05 -0300] "POST /cormun/servlet/solicitudot?gx-no-cache=1493064848676 HTTP/1.1" 200 30
186.103.159.182 - - [24/Apr/2017:17:13:24 -0300] "GET /cormun/servlet/solicitudot?INS,0,0, HTTP/1.1" 200 12698
186.103.159.182 - - [24/Apr/2017:17:13:25 -0300] "GET /cormun/servlet/solicitudot?INS,0,0, HTTP/1.1" 200 12704
186.103.159.182 - - [24/Apr/2017:17:13:26 -0300] "GET /favicon.ico HTTP/1.1" 200 21630
192.168.10.13 - - [24/Apr/2017:17:14:03 -0300] "GET / HTTP/1.1" 200 11217
192.168.10.13 - - [24/Apr/2017:17:15:03 -0300] "GET / HTTP/1.1" 200 11217
192.168.10.13 - - [24/Apr/2017:17:16:03 -0300] "GET / HTTP/1.1" 200 11217
192.168.10.13 - - [24/Apr/2017:17:17:03 -0300] "GET / HTTP/1.1" 200 11217
186.103.159.204 - - [24/Apr/2017:17:17:07 -0300] "GET /cormun/servlet/hlogin HTTP/1.1" 200 1726
186.103.159.182 - - [24/Apr/2017:17:17:34 -0300] "POST /cormun/servlet/solicitudot?gx-no-cache=1493065117566 HTTP/1.1" 200 3092
186.103.159.182 - - [24/Apr/2017:17:17:34 -0300] "POST /cormun/servlet/solicitudot?1090daaf3fb87695b0d6e75ebe3ed1f8,INS,0,0,,gx-no-cache=1493065117931 HTTP/1.1" 200 9612
186.103.159.182 - - [24/Apr/2017:17:17:39 -0300] "GET /cormun/servlet/solicitudot?94b29bab41d84e5f04b12894ba4a265e6cf0a800c879a2383c258154d1dcbe5731a586bc9562b70995ef8c1501787f3b,gx-no-cache=1493065122281 HTTP/1.1" 200 30
192.168.10.13 - - [24/Apr/2017:17:18:03 -0300] "GET / HTTP/1.1" 200 11217
186.67.172.234 - - [24/Apr/2017:17:18:14 -0300] "GET /cormun/servlet/hlogin HTTP/1.1" 200 1731
186.67.172.234 - - [24/Apr/2017:17:18:24 -0300] "POST /cormun/servlet/hlogin?ad18d19e7c2188ebaed3f9ff72537fef,gx-no-cache=1493065163900 HTTP/1.1" 200 90
186.67.172.234 - - [24/Apr/2017:17:18:24 -0300] "GET /cormun/servlet/hpexe_link HTTP/1.1" 200 956
186.67.172.234 - - [24/Apr/2017:17:18:24 -0300] "GET /cormun/servlet/hhome HTTP/1.1" 200 4049
186.67.172.234 - - [24/Apr/2017:17:18:25 -0300] "GET /cormun/servlet/hhome HTTP/1.1" 200 4046
186.67.172.234 - - [24/Apr/2017:17:18:27 -0300] "GET /cormun/servlet/trsolicitudot? HTTP/1.1" 200 7020
186.67.172.234 - - [24/Apr/2017:17:18:27 -0300] "GET /cormun/servlet/trsolicitudot? HTTP/1.1" 200 7020
186.67.172.234 - - [24/Apr/2017:17:18:31 -0300] "GET /cormun/servlet/solicitudot?INS,0,0, HTTP/1.1" 200 12854
186.67.172.234 - - [24/Apr/2017:17:18:31 -0300] "GET /cormun/servlet/solicitudot?INS,0,0, HTTP/1.1" 200 12859
186.67.172.234 - - [24/Apr/2017:17:18:46 -0300] "POST /cormun/servlet/solicitudot?gx-no-cache=1493065186353 HTTP/1.1" 200 3183
186.67.172.234 - - [24/Apr/2017:17:18:47 -0300] "POST /cormun/servlet/solicitudot?ad18d19e7c2188ebaed3f9ff72537fef,INS,0,0,,gx-no-cache=1493065186571 HTTP/1.1" 200 9946
186.67.172.234 - - [24/Apr/2017:17:18:53 -0300] "GET /cormun/servlet/solicitudot?6ccfff8bafac975881e8277bf2ea0929e99ecb0c226fdbfeeea915eddac0e1fc0c26a6788006b9e280ddf37926dd62b6,gx-no-cache=1493065192530 HTTP/1.1" 200 30
186.67.172.234 - - [24/Apr/2017:17:18:53 -0300] "POST /cormun/servlet/solicitudot?gx-no-cache=1493065192596 HTTP/1.1" 200 256
186.67.172.234 - - [24/Apr/2017:17:18:53 -0300] "GET /cormun/servlet/solicitudot?6ccfff8bafac975881e8277bf2ea0929839211c9776175026134d16abb355c8260f146091b20c5a71b22df2c0782ba1ab6b47f71a550cc01e9a48fe26e30907ccc0f6af16ccca44df1b28e858bebe6b9eb09fd4527952b06599eabb761dad4a1f69928e79c06e838a3d1ba917f3a6e75f48d8bf6cfa15b5b25c05f31d18a80d230cd6cb87241a64ef758fd4264052ef6cd7fbab54fcce803cf841ecc9292cca70669c1ad4b9ae965465b7fb7440ff9cc92fdc9d77e33e77d08f1d95b756c845afb6322611c83d5ef58226928ab1f61b651f77e26aa7d05e6f02d2caba1358b01b039eb5143c2f21d76b70b28d377fd109db1cf6a56eb0c6f14caf5b10da760c75df9412eaafd0575b661a6ecf316d793540745987fca9f12ed1a1772e12f0fadf29a430199148a24f6bf17bda5c744f832b138a0f1e3694e445685b68da44df856c54832cf865187ffbcdbb36dc888d4fc89a883e5d33a97acd7ac94b96343f93ded578df6ca309f853ea6b0c06d1f355a802571b7d6f078abeb974dfc436063,gx-no-cache=1493065192653 HTTP/1.1" 200 30
186.67.172.234 - - [24/Apr/2017:17:18:54 -0300] "POST /cormun/servlet/solicitudot?gx-no-cache=1493065194273 HTTP/1.1" 200 30
192.168.10.89 - - [24/Apr/2017:17:18:56 -0300] "GET /cormun/servlet/trsolicitudgral? HTTP/1.1" 200 22927
192.168.10.89 - - [24/Apr/2017:17:18:57 -0300] "GET /cormun/servlet/hlogin HTTP/1.1" 200 1739
186.67.172.234 - - [24/Apr/2017:17:18:58 -0300] "POST /cormun/servlet/solicitudot?gx-no-cache=1493065197801 HTTP/1.1" 200 235
186.67.172.234 - - [24/Apr/2017:17:18:59 -0300] "POST /cormun/servlet/solicitudot?gx-no-cache=1493065198673 HTTP/1.1" 200 38
192.168.10.13 - - [24/Apr/2017:17:19:03 -0300] "GET / HTTP/1.1" 200 11217
192.168.10.89 - - [24/Apr/2017:17:19:04 -0300] "POST /cormun/servlet/hlogin?2aec9aeab7c83b01f60ee89de91e5e06,gx-no-cache=1493068415001 HTTP/1.1" 200 90
192.168.10.89 - - [24/Apr/2017:17:19:04 -0300] "GET /cormun/servlet/hpexe_link HTTP/1.1" 200 957
192.168.10.89 - - [24/Apr/2017:17:19:05 -0300] "GET /cormun/servlet/trsolicitudgral HTTP/1.1" 200 24093
186.103.159.204 - - [24/Apr/2017:17:19:09 -0300] "POST /cormun/servlet/hlogin?9a7263e90c45f9e62e28f0d460470802,gx-no-cache=1493065211260 HTTP/1.1" 200 90
186.103.159.204 - - [24/Apr/2017:17:19:09 -0300] "GET /cormun/servlet/hpexe_link HTTP/1.1" 200 951
186.103.159.204 - - [24/Apr/2017:17:19:10 -0300] "GET /cormun/servlet/hhome HTTP/1.1" 200 3993
186.103.159.204 - - [24/Apr/2017:17:19:10 -0300] "GET /cormun/servlet/hhome HTTP/1.1" 200 3989
192.168.10.89 - - [24/Apr/2017:17:19:11 -0300] "GET /cormun/static/menuarrow.gif HTTP/1.1" 404 1015
186.103.159.204 - - [24/Apr/2017:17:19:16 -0300] "GET /cormun/servlet/trlicencias? HTTP/1.1" 200 6857
186.103.159.204 - - [24/Apr/2017:17:19:17 -0300] "GET /cormun/servlet/trlicencias? HTTP/1.1" 200 6855
192.168.10.89 - - [24/Apr/2017:17:19:20 -0300] "POST /cormun/servlet/trsolicitudgral?2aec9aeab7c83b01f60ee89de91e5e06,gx-no-cache=1493068430205 HTTP/1.1" 200 15819
186.67.172.234 - - [24/Apr/2017:17:19:25 -0300] "GET /cormun/servlet/solicitudot?6ccfff8bafac975881e8277bf2ea0929b709c29a676e7be2f45c992adcc2bb589cb5fa76d922561a80eafe56d6a4d245c30fa739b2c299b46ad937405acc7f0d80a8052a153add74c2a2b15bdfe52511527b815df13d74607dd58dd837946de64f311d7966cb34044e3b7319c4e653b2,gx-no-cache=1493065224667 HTTP/1.1" 200 29
186.67.172.234 - - [24/Apr/2017:17:19:25 -0300] "POST /cormun/servlet/solicitudot?gx-no-cache=1493065224757 HTTP/1.1" 200 675
186.67.172.234 - - [24/Apr/2017:17:19:26 -0300] "POST /cormun/servlet/solicitudot?gx-no-cache=1493065225785 HTTP/1.1" 200 1157
192.168.10.89 - - [24/Apr/2017:17:19:40 -0300] "POST /cormun/servlet/trsolicitudgral?2aec9aeab7c83b01f60ee89de91e5e06,gx-no-cache=1493068450447 HTTP/1.1" 200 7609
186.67.172.234 - - [24/Apr/2017:17:19:44 -0300] "GET /cormun/static/menuarrow.gif HTTP/1.1" 404 1015
192.168.10.13 - - [24/Apr/2017:17:20:03 -0300] "GET / HTTP/1.1" 200 11217
186.67.172.234 - - [24/Apr/2017:17:20:12 -0300] "GET /cormun/servlet/solicitudot?6ccfff8bafac975881e8277bf2ea0929a73ffc75c447c0c6c9f48ac577a324cb9849b01edf60595bd098a96a1155a1ac8ca6c5e18d70871e4c541cd19ac8d942ea6faf7e6b7c59216268e79f1a4e326e4ba0e2ade0fd331838cf6eef2be22c771a1c3c9be1f2e510869d480206add5a26aa0b8593cfc76c34362258d50bcd09c0f739969e5273043346fe380641b01d91fc9c3260a5c0a4d31e417c0339975f7e2449dda6becc39f26bf5f0800def31c,gx-no-cache=1493065272371 HTTP/1.1" 200 30
186.103.159.204 - - [24/Apr/2017:17:20:29 -0300] "GET /cormun/static/menuarrow.gif HTTP/1.1" 404 1015
192.168.10.13 - - [24/Apr/2017:17:21:03 -0300] "GET / HTTP/1.1" 200 11217
186.67.172.234 - - [24/Apr/2017:17:21:20 -0300] "POST /cormun/servlet/solicitudot?ad18d19e7c2188ebaed3f9ff72537fef,INS,0,0,,gx-no-cache=1493065339061 HTTP/1.1" 200 93
186.67.172.234 - - [24/Apr/2017:17:21:20 -0300] "GET /cormun/servlet/hpexe_return? HTTP/1.1" 200 1011
186.67.172.234 - - [24/Apr/2017:17:21:20 -0300] "GET /cormun/servlet/trsolicitudot HTTP/1.1" 200 8271
186.67.172.234 - - [24/Apr/2017:17:21:20 -0300] "GET /cormun/servlet/trsolicitudot HTTP/1.1" 200 8267
186.67.172.234 - - [24/Apr/2017:17:21:23 -0300] "GET /cormun/servlet/solicitudot?INS,0,0, HTTP/1.1" 200 12854
186.67.172.234 - - [24/Apr/2017:17:21:23 -0300] "GET /cormun/servlet/solicitudot?INS,0,0, HTTP/1.1" 200 12859
192.168.10.89 - - [24/Apr/2017:17:21:30 -0300] "POST /cormun/servlet/trsolicitudgral?2aec9aeab7c83b01f60ee89de91e5e06,gx-no-cache=1493068560933 HTTP/1.1" 200 7263
192.168.10.89 - - [24/Apr/2017:17:21:31 -0300] "GET /cormun/static/Shared/jqueryui/images/ui-icons_8d78a5_256x240.png HTTP/1.1" 404 1089
192.168.10.89 - - [24/Apr/2017:17:21:31 -0300] "GET /cormun/static/Shared/jqueryui/images/ui-bg_highlight-soft_100_c6c2c8_1x100.png HTTP/1.1" 404 1117
192.168.10.89 - - [24/Apr/2017:17:21:31 -0300] "GET /cormun/static/Shared/jqueryui/images/ui-icons_82798d_256x240.png HTTP/1.1" 404 1089
192.168.10.89 - - [24/Apr/2017:17:21:31 -0300] "GET /cormun/static/Shared/jqueryui/images/ui-bg_flat_55_fafafa_40x100.png HTTP/1.1" 404 1097
186.67.172.234 - - [24/Apr/2017:17:21:37 -0300] "POST /cormun/servlet/solicitudot?gx-no-cache=1493065356569 HTTP/1.1" 200 3276
192.168.10.89 - - [24/Apr/2017:17:21:38 -0300] "GET /cormun/servlet/solicitudgral2?UPD,2017,6176, HTTP/1.1" 200 12392
192.168.10.89 - - [24/Apr/2017:17:21:39 -0300] "POST /cormun/servlet/solicitudgral2?gx-no-cache=1493068569930 HTTP/1.1" 200 3194
192.168.10.89 - - [24/Apr/2017:17:21:39 -0300] "GET /cormun/servlet/solicitudgral2?4fcbc1dea8c3d019741065f9c465b3ec0c48a3cd565ca2d0fdb57cbf2d359eb6e7f4faec75739056cbe2f58921d2931be4121e83017f9896a09c766f8745c276c1b2660824239dd28e7fdcde55310010e69b024f3dcdfea04be5bd201b8b652cfb10a908c0aca6454e94364549c097678f3b316ed1a4f7d4d2aca4bcc1e3bbb7be12ef8090056a3cc9cdca5516a5644d98fbd852559e8ec4a18ae0ef1a53bea3208f597e9344823dc62c4447e9e09e4efb428595fd57d970af3d06f7d04bc4e121777dd9a096921e4371eca8653cb449ff73b03966d931beb12724a79588a8d54c1bb474ff8b148ead29a2b51baa932f220451163dcb97c7604cec8b44ad85c894a6da0b21f2569336c594049efddf1b702fc645b8388c395daf19a6ec3ead50abccec8df46e88286a7fd0cc284e93e893af214930c6486559b5b9953e93d936dc5f522ce8af1b9e942432f9676d5a05,gx-no-cache=1493068570203 HTTP/1.1" 200 257
192.168.10.89 - - [24/Apr/2017:17:21:39 -0300] "POST /cormun/servlet/solicitudgral2?gx-no-cache=1493068570231 HTTP/1.1" 200 1354
192.168.10.89 - - [24/Apr/2017:17:21:39 -0300] "GET /cormun/servlet/solicitudgral2?4fcbc1dea8c3d019741065f9c465b3eccdef2a8a63ea4f9ff11a5030e9d34bce96b53e2ab4fd38a5700f9313d7043affe4121e83017f9896a09c766f8745c2764b4989d6405c6a0460551484975196e9a305357a36e7ee2684e1330aea79171998495392b6e2cc308c3b0ba18f9f2b60,gx-no-cache=1493068570274 HTTP/1.1" 200 41
186.103.159.204 - - [24/Apr/2017:17:21:40 -0300] "GET /cormun/servlet/licenciaspermisos?INS,0,,, HTTP/1.1" 200 7392
186.103.159.204 - - [24/Apr/2017:17:21:41 -0300] "GET /cormun/servlet/licenciaspermisos?INS,0,,, HTTP/1.1" 200 7391
192.168.10.89 - - [24/Apr/2017:17:21:41 -0300] "POST /cormun/servlet/solicitudgral2?2aec9aeab7c83b01f60ee89de91e5e06,UPD,2017,6176,,gx-no-cache=1493068571616 HTTP/1.1" 200 10665
192.168.10.89 - - [24/Apr/2017:17:21:41 -0300] "GET /cormun/servlet/solicitudgral2?4fcbc1dea8c3d019741065f9c465b3ec7712d41bc25e86a9336c261c9bcbe563dd2585f5a683ca5235aa0f013e09308511d28bd26b7483854ac2452b139f169a5daaca413432da6bb720d758d7824dd791b64a9d4ef6b1cac8e9a41681627e170a9417c3cfb78bda6c57ec0ac02406ce46307127be3f09ac676ca8ab0d28502f4706c4b990ba176ae62670abf0e575d9c6e121283ea4a2060b0143e9c17cdd39f3c8c032d85eef8abb648d8ee5bf1acc5d95d750bda8629e7bd85e177f3e5b353de181bd3c44cf814424f4132f6cf631,gx-no-cache=1493068571884 HTTP/1.1" 200 29
192.168.10.89 - - [24/Apr/2017:17:21:41 -0300] "POST /cormun/servlet/solicitudgral2?gx-no-cache=1493068571905 HTTP/1.1" 200 1250
192.168.10.89 - - [24/Apr/2017:17:21:41 -0300] "POST /cormun/servlet/solicitudgral2?gx-no-cache=1493068571941 HTTP/1.1" 200 1155
192.168.10.89 - - [24/Apr/2017:17:21:46 -0300] "GET /cormun/servlet/solicitudgral2?4fcbc1dea8c3d019741065f9c465b3ec5f34e512b6a87c8339992d2570408cb35dbd2da03adde6bdffd4ce7ba26dfedcc49252efeb1ac15f75d9a67b5c7c4279260999535cc9211c7be287ec3ec014105db83cceaddbe003beb3a8c5db7075e983c04867c55e8b63e4a4340282297aeeb2e5d633629f9af9d8a1952ba6cb505b,gx-no-cache=1493068576470 HTTP/1.1" 200 30
192.168.10.89 - - [24/Apr/2017:17:21:46 -0300] "POST /cormun/servlet/solicitudgral2?2aec9aeab7c83b01f60ee89de91e5e06,UPD,2017,6176,,gx-no-cache=1493068576530 HTTP/1.1" 200 93
192.168.10.89 - - [24/Apr/2017:17:21:46 -0300] "GET /cormun/servlet/hpexe_return? HTTP/1.1" 200 1036
192.168.10.89 - - [24/Apr/2017:17:21:46 -0300] "GET /cormun/servlet/trsolicitudgral?gx-no-cache=1493068560933 HTTP/1.1" 200 10609
192.168.10.89 - - [24/Apr/2017:17:21:51 -0300] "POST /cormun/servlet/trsolicitudgral?2aec9aeab7c83b01f60ee89de91e5e06,gx-no-cache=1493068560933,gx-no-cache=1493068581345 HTTP/1.1" 200 6932
192.168.10.89 - - [24/Apr/2017:17:21:51 -0300] "GET /cormun/static/Shared/jqueryui/images/ui-bg_highlight-soft_100_c6c2c8_1x100.png HTTP/1.1" 404 1117
192.168.10.89 - - [24/Apr/2017:17:21:51 -0300] "GET /cormun/static/Shared/jqueryui/images/ui-bg_flat_55_fafafa_40x100.png HTTP/1.1" 404 1097
192.168.10.89 - - [24/Apr/2017:17:21:51 -0300] "GET /cormun/static/Shared/jqueryui/images/ui-icons_8d78a5_256x240.png HTTP/1.1" 404 1089
192.168.10.89 - - [24/Apr/2017:17:21:51 -0300] "GET /cormun/static/Shared/jqueryui/images/ui-icons_82798d_256x240.png HTTP/1.1" 404 1089
186.103.159.182 - - [24/Apr/2017:17:21:53 -0300] "POST /cormun/servlet/solicitudot?gx-no-cache=1493065376723 HTTP/1.1" 200 297
186.103.159.182 - - [24/Apr/2017:17:21:53 -0300] "GET /cormun/servlet/solicitudot?94b29bab41d84e5f04b12894ba4a265ea8247ab5ad03b41cd017ff9ce9e5ad91c25ca9cb849c9535d36216a0809ed8df56d7150f6808ebd6782b60b6598a6ed26a60a6d14d1eb83f507a94a4ca8c29154e61a0f54e58dbde01b7c8f240c654db3eb5732d47caa8f7aca915924e06d03d47c79c2d6c2baf5bffc7cc9c5d24c14eae53ca594d274f52d9e5d566131ee822d09c0fb057d0a7ff0fd1fbf0059c8f437de05ba9b03660a7bcd22a6c4041a691abb9b61696837c6618d7e6715b058210b127a1130e16a6fe330a320e35da5f4ba5de268440ff4e368ca1e8274736da80b349d17686a9838af708eed68cda5c1dacf2066e40081096c9084e5b91aec9093c3ff005619c278a36e134be81303925adec2946d6ad6c899f80ade0b96500988516246a715ef5ee97d9097a1025e02cd50279d0b03dc0e6b8fb22a135cea17982e80ce75def4a644ed32419f7d6cfbf03446500791674ad9fa27a0084eb38ce2d7b8fdacb77339873204bd056e93a799c5992eb800d01683685bfcaa7efe31cce72adb97c4747111236f989b2fde7c6,gx-no-cache=1493065376796 HTTP/1.1" 200 30
186.67.172.234 - - [24/Apr/2017:17:21:55 -0300] "GET /cormun/static/Shared/jqueryui/images/ui-bg_highlight-soft_100_c6c2c8_1x100.png HTTP/1.1" 404 1117
186.67.172.234 - - [24/Apr/2017:17:21:55 -0300] "GET /cormun/static/Shared/jqueryui/images/ui-icons_82798d_256x240.png HTTP/1.1" 404 1089
186.67.172.234 - - [24/Apr/2017:17:21:55 -0300] "GET /cormun/static/Shared/jqueryui/images/ui-bg_flat_55_994d53_40x100.png HTTP/1.1" 404 1097
186.67.172.234 - - [24/Apr/2017:17:21:55 -0300] "GET /cormun/static/Shared/jqueryui/images/ui-icons_ebccce_256x240.png HTTP/1.1" 404 1089
186.67.172.234 - - [24/Apr/2017:17:21:57 -0300] "GET /cormun/servlet/solicitudot?INS,0,0, HTTP/1.1" 200 12854
186.67.172.234 - - [24/Apr/2017:17:21:57 -0300] "GET /cormun/servlet/solicitudot?INS,0,0, HTTP/1.1" 200 12859
186.67.172.234 - - [24/Apr/2017:17:21:58 -0300] "GET /favicon.ico HTTP/1.1" 200 21630
192.168.10.89 - - [24/Apr/2017:17:22:01 -0300] "GET /cormun/servlet/solicitudgral2?UPD,2017,6174, HTTP/1.1" 200 12414
192.168.10.89 - - [24/Apr/2017:17:22:02 -0300] "POST /cormun/servlet/solicitudgral2?gx-no-cache=1493068592879 HTTP/1.1" 200 3194
192.168.10.89 - - [24/Apr/2017:17:22:02 -0300] "GET /cormun/servlet/solicitudgral2?4fcbc1dea8c3d019741065f9c465b3ec0c48a3cd565ca2d0fdb57cbf2d359eb6e7f4faec75739056cbe2f58921d2931be4121e83017f9896a09c766f8745c276c1b2660824239dd28e7fdcde55310010e69b024f3dcdfea04be5bd201b8b652cfb10a908c0aca6454e94364549c097678f3b316ed1a4f7d4d2aca4bcc1e3bbb7be12ef8090056a3cc9cdca5516a5644d98fbd852559e8ec4a18ae0ef1a53bea3208f597e9344823dc62c4447e9e09e4efb428595fd57d970af3d06f7d04bc4e121777dd9a096921e4371eca8653cb449ff73b03966d931beb12724a79588a8d54c1bb474ff8b148ead29a2b51baa932f220451163dcb97c7604cec8b44ad85c894a6da0b21f2569336c594049efddf1b702fc645b8388c395daf19a6ec3ead50abccec8df46e88286a7fd0cc284e93e893af214930c6486559b5b9953e93d936dc5f522ce8af1b9e942432f9676d5a05,gx-no-cache=1493068593116 HTTP/1.1" 200 257
192.168.10.89 - - [24/Apr/2017:17:22:02 -0300] "POST /cormun/servlet/solicitudgral2?gx-no-cache=1493068593145 HTTP/1.1" 200 1353
192.168.10.89 - - [24/Apr/2017:17:22:02 -0300] "GET /cormun/servlet/solicitudgral2?4fcbc1dea8c3d019741065f9c465b3eccdef2a8a63ea4f9ff11a5030e9d34bce96b53e2ab4fd38a5700f9313d7043affe4121e83017f9896a09c766f8745c2764b4989d6405c6a0460551484975196e9a305357a36e7ee2684e1330aea79171998495392b6e2cc308c3b0ba18f9f2b60,gx-no-cache=1493068593187 HTTP/1.1" 200 41
192.168.10.13 - - [24/Apr/2017:17:22:03 -0300] "GET / HTTP/1.1" 200 11217
192.168.10.89 - - [24/Apr/2017:17:22:03 -0300] "POST /cormun/servlet/solicitudgral2?2aec9aeab7c83b01f60ee89de91e5e06,UPD,2017,6174,,gx-no-cache=1493068594322 HTTP/1.1" 200 10682
186.103.159.204 - - [24/Apr/2017:17:22:04 -0300] "GET /cormun/servlet/licenciaspermisos?5a861e866148c6dfaed2016f04f6e10cb6723f9e07eb7f3edf285f514ff9d323618b134bf67cfc5a8ce6b73294ba3c50,gx-no-cache=1493065386005 HTTP/1.1" 200 65
192.168.10.89 - - [24/Apr/2017:17:22:04 -0300] "GET /cormun/servlet/solicitudgral2?4fcbc1dea8c3d019741065f9c465b3ec7712d41bc25e86a9336c261c9bcbe563dd2585f5a683ca5235aa0f013e09308511d28bd26b7483854ac2452b139f169a5daaca413432da6bb720d758d7824dd791b64a9d4ef6b1cac8e9a41681627e170a9417c3cfb78bda6c57ec0ac02406ce46307127be3f09ac676ca8ab0d28502f4706c4b990ba176ae62670abf0e575d9c6e121283ea4a2060b0143e9c17cdd39f3c8c032d85eef8abb648d8ee5bf1acc5d95d750bda8629e7bd85e177f3e5b353de181bd3c44cf814424f4132f6cf631,gx-no-cache=1493068594588 HTTP/1.1" 200 29
192.168.10.89 - - [24/Apr/2017:17:22:04 -0300] "POST /cormun/servlet/solicitudgral2?gx-no-cache=1493068594608 HTTP/1.1" 200 1249
192.168.10.89 - - [24/Apr/2017:17:22:04 -0300] "POST /cormun/servlet/solicitudgral2?gx-no-cache=1493068594644 HTTP/1.1" 200 1154
186.103.159.204 - - [24/Apr/2017:17:22:04 -0300] "POST /cormun/servlet/licenciaspermisos?9a7263e90c45f9e62e28f0d460470802,INS,0,,,,gx-no-cache=1493065386097 HTTP/1.1" 200 4623
192.168.10.89 - - [24/Apr/2017:17:22:08 -0300] "GET /cormun/servlet/solicitudgral2?4fcbc1dea8c3d019741065f9c465b3ec5f34e512b6a87c8339992d2570408cb35dbd2da03adde6bdffd4ce7ba26dfedcc49252efeb1ac15f75d9a67b5c7c4279260999535cc9211c7be287ec3ec014105db83cceaddbe003beb3a8c5db7075e983c04867c55e8b63e4a4340282297aeeb2e5d633629f9af9d8a1952ba6cb505b,gx-no-cache=1493068599119 HTTP/1.1" 200 30
192.168.10.89 - - [24/Apr/2017:17:22:08 -0300] "POST /cormun/servlet/solicitudgral2?2aec9aeab7c83b01f60ee89de91e5e06,UPD,2017,6174,,gx-no-cache=1493068599154 HTTP/1.1" 200 93
192.168.10.89 - - [24/Apr/2017:17:22:08 -0300] "GET /cormun/servlet/hpexe_return? HTTP/1.1" 200 1035
192.168.10.89 - - [24/Apr/2017:17:22:09 -0300] "GET /cormun/servlet/trsolicitudgral?gx-no-cache=1493068560933 HTTP/1.1" 200 10281
192.168.10.89 - - [24/Apr/2017:17:22:12 -0300] "POST /cormun/servlet/trsolicitudgral?2aec9aeab7c83b01f60ee89de91e5e06,gx-no-cache=1493068560933,gx-no-cache=1493068602715 HTTP/1.1" 200 6567
192.168.10.89 - - [24/Apr/2017:17:22:12 -0300] "GET /cormun/static/Shared/jqueryui/images/ui-bg_flat_55_fafafa_40x100.png HTTP/1.1" 404 1097
192.168.10.89 - - [24/Apr/2017:17:22:12 -0300] "GET /cormun/static/Shared/jqueryui/images/ui-bg_highlight-soft_100_c6c2c8_1x100.png HTTP/1.1" 404 1117
192.168.10.89 - - [24/Apr/2017:17:22:12 -0300] "GET /cormun/static/Shared/jqueryui/images/ui-icons_8d78a5_256x240.png HTTP/1.1" 404 1089
192.168.10.89 - - [24/Apr/2017:17:22:12 -0300] "GET /cormun/static/Shared/jqueryui/images/ui-icons_82798d_256x240.png HTTP/1.1" 404 1089
186.67.172.234 - - [24/Apr/2017:17:22:19 -0300] "POST /cormun/servlet/solicitudot?gx-no-cache=1493065398527 HTTP/1.1" 200 3185
186.67.172.234 - - [24/Apr/2017:17:22:19 -0300] "POST /cormun/servlet/solicitudot?ad18d19e7c2188ebaed3f9ff72537fef,INS,0,0,,gx-no-cache=1493065398686 HTTP/1.1" 200 9949
192.168.10.89 - - [24/Apr/2017:17:22:19 -0300] "GET /cormun/servlet/solicitudgral2?UPD,2017,6172, HTTP/1.1" 200 12449
192.168.10.89 - - [24/Apr/2017:17:22:20 -0300] "POST /cormun/servlet/solicitudgral2?gx-no-cache=1493068611326 HTTP/1.1" 200 3207
192.168.10.89 - - [24/Apr/2017:17:22:21 -0300] "GET /cormun/servlet/solicitudgral2?4fcbc1dea8c3d019741065f9c465b3ec0c48a3cd565ca2d0fdb57cbf2d359eb6e7f4faec75739056cbe2f58921d2931be4121e83017f9896a09c766f8745c276c1b2660824239dd28e7fdcde55310010e69b024f3dcdfea04be5bd201b8b652cfb10a908c0aca6454e94364549c097678f3b316ed1a4f7d4d2aca4bcc1e3bbb7be12ef8090056a3cc9cdca5516a5644d98fbd852559e8ec4a18ae0ef1a53bea3208f597e9344823dc62c4447e9e09e4efb428595fd57d970af3d06f7d04bc4e121777dd9a096921e4371eca8653cb449ff73b03966d931beb12724a79588a8d54c1bb474ff8b148ead29a2b51baa932f220451163dcb97c7604cec8b44ad85c894a6da0b21f2569336c594049efddf1b702fc645b8388c395daf19a6ec3ead50abccec8df46e88286a7fd0cc284e93e893af214930c6486559b5b9953e93d936dc5f522ce8af1b9e942432f9676d5a05,gx-no-cache=1493068611527 HTTP/1.1" 200 257
192.168.10.89 - - [24/Apr/2017:17:22:21 -0300] "POST /cormun/servlet/solicitudgral2?gx-no-cache=1493068611566 HTTP/1.1" 200 1353
192.168.10.89 - - [24/Apr/2017:17:22:21 -0300] "GET /cormun/servlet/solicitudgral2?4fcbc1dea8c3d019741065f9c465b3eccdef2a8a63ea4f9ff11a5030e9d34bce96b53e2ab4fd38a5700f9313d7043affe4121e83017f9896a09c766f8745c2764b4989d6405c6a0460551484975196e9a305357a36e7ee2684e1330aea79171998495392b6e2cc308c3b0ba18f9f2b60,gx-no-cache=1493068611609 HTTP/1.1" 200 41
186.67.172.234 - - [24/Apr/2017:17:22:22 -0300] "GET /cormun/servlet/solicitudot?6ccfff8bafac975881e8277bf2ea092959040b1335cbd13fae65bd3d7fe7f2b00c26a6788006b9e280ddf37926dd62b6,gx-no-cache=1493065401559 HTTP/1.1" 200 30
186.67.172.234 - - [24/Apr/2017:17:22:22 -0300] "POST /cormun/servlet/solicitudot?gx-no-cache=1493065401612 HTTP/1.1" 200 256
