186.103.159.182 - - [24/Apr/2017:12:59:51 -0300] "GET /cormun/servlet/trlicenciaspermisosadjuntos?15125556,20170424000000,L, HTTP/1.1" 200 6407
186.103.157.246 - - [24/Apr/2017:12:59:51 -0300] "GET /cormun/servlet/hpexe_link HTTP/1.1" 200 986
186.103.159.182 - - [24/Apr/2017:12:59:51 -0300] "GET /cormun/static/gxcfg.js?20173171154619 HTTP/1.1" 304 -
186.103.157.246 - - [24/Apr/2017:12:59:51 -0300] "GET /cormun/servlet/trlicencias HTTP/1.1" 200 7980
186.103.159.182 - - [24/Apr/2017:12:59:51 -0300] "GET /cormun/static/trlicenciaspermisosadjuntos.js?20173171154971 HTTP/1.1" 304 -
186.103.157.246 - - [24/Apr/2017:12:59:52 -0300] "GET /cormun/servlet/trlicencias HTTP/1.1" 200 7979
186.103.159.182 - - [24/Apr/2017:12:59:52 -0300] "GET /cormun/servlet/trlicenciaspermisosadjuntos?15125556,20170424000000,L, HTTP/1.1" 200 6407
186.103.159.182 - - [24/Apr/2017:12:59:55 -0300] "GET /cormun/servlet/licenciaspermisosadjuntos?INS,15125556,L,20170424000000,, HTTP/1.1" 200 5710
186.103.159.182 - - [24/Apr/2017:12:59:55 -0300] "GET /cormun/static/gxcfg.js?201731711421170 HTTP/1.1" 304 -
186.103.159.182 - - [24/Apr/2017:12:59:55 -0300] "GET /cormun/static/licenciaspermisosadjuntos.js?201731711421181 HTTP/1.1" 304 -
186.103.159.182 - - [24/Apr/2017:12:59:55 -0300] "GET /cormun/static/about:blank HTTP/1.1" 404 1011
186.103.159.182 - - [24/Apr/2017:12:59:59 -0300] "GET /cormun/servlet/licenciaspermisosadjuntos?INS,15125556,L,20170424000000,, HTTP/1.1" 200 5697
192.168.10.13 - - [24/Apr/2017:13:00:03 -0300] "GET / HTTP/1.1" 200 11217
186.103.157.246 - - [24/Apr/2017:13:00:05 -0300] "POST /cormun/servlet/trlicencias?6257d66b473689535a02bfb6c8fa5f25,gx-no-cache=1493049669689 HTTP/1.1" 200 4239
186.103.157.246 - - [24/Apr/2017:13:00:06 -0300] "GET /cormun/static/Shared/jqueryui/images/ui-bg_highlight-soft_100_c6c2c8_1x100.png HTTP/1.1" 404 1117
186.103.157.246 - - [24/Apr/2017:13:00:06 -0300] "GET /cormun/static/Shared/jqueryui/images/ui-icons_82798d_256x240.png HTTP/1.1" 404 1089
186.103.157.246 - - [24/Apr/2017:13:00:06 -0300] "GET /cormun/static/Shared/jqueryui/images/ui-bg_flat_55_fafafa_40x100.png HTTP/1.1" 404 1097
186.103.157.246 - - [24/Apr/2017:13:00:06 -0300] "GET /cormun/static/Shared/jqueryui/images/ui-icons_8d78a5_256x240.png HTTP/1.1" 404 1089
186.103.159.182 - - [24/Apr/2017:13:00:26 -0300] "POST /cormun/servlet/licenciaspermisosadjuntos?41643fecf1030ccdb648c979f2b0ad4c,INS,15125556,L,20170424000000,, HTTP/1.1" 200 116
186.103.159.182 - - [24/Apr/2017:13:00:27 -0300] "GET /cormun/servlet/hpexe_return? HTTP/1.1" 200 1035
186.103.159.182 - - [24/Apr/2017:13:00:27 -0300] "GET /cormun/servlet/trlicenciaspermisosadjuntos?15125556,20170424000000,L, HTTP/1.1" 200 6904
186.103.159.182 - - [24/Apr/2017:13:00:29 -0300] "GET /cormun/servlet/trlicenciaspermisosadjuntos?15125556,20170424000000,L, HTTP/1.1" 200 6901
192.168.10.13 - - [24/Apr/2017:13:01:03 -0300] "GET / HTTP/1.1" 200 11217
186.103.159.183 - - [24/Apr/2017:13:01:13 -0300] "POST /cormun/servlet/solicitudot?gx-no-cache=1493049737493 HTTP/1.1" 200 30
186.103.159.183 - - [24/Apr/2017:13:01:18 -0300] "GET /cormun/static/Resources/resize.gif HTTP/1.1" 200 77
186.103.159.183 - - [24/Apr/2017:13:01:18 -0300] "GET /cormun/servlet/prsolicitudot?18379425,,,,,MD,,gxPopupLevel%3D0%3B HTTP/1.1" 200 6005
186.103.159.183 - - [24/Apr/2017:13:01:19 -0300] "GET /cormun/static/gxcfg.js?201731711522567 HTTP/1.1" 200 953
186.103.159.183 - - [24/Apr/2017:13:01:19 -0300] "GET /cormun/static/prsolicitudot.js?201731711522786 HTTP/1.1" 200 13680
186.103.159.183 - - [24/Apr/2017:13:01:19 -0300] "GET /cormun/static/menusearch.js?201610171694467 HTTP/1.1" 200 1424
186.103.159.183 - - [24/Apr/2017:13:01:19 -0300] "GET /cormun/static/hmpwkw011.js?201731711483558 HTTP/1.1" 200 1968
186.103.159.183 - - [24/Apr/2017:13:01:19 -0300] "GET /cormun/static/Resources/PXToolsMenuSearch.png HTTP/1.1" 200 2914
186.103.159.183 - - [24/Apr/2017:13:01:19 -0300] "GET /cormun/static/Resources/PXToolsMenuSearchCancel.png HTTP/1.1" 200 2972
192.168.10.13 - - [24/Apr/2017:13:02:03 -0300] "GET / HTTP/1.1" 200 11217
186.103.159.183 - - [24/Apr/2017:13:02:10 -0300] "POST /cormun/servlet/solicitudot?gx-no-cache=1493049794339 HTTP/1.1" 200 1289
186.103.159.183 - - [24/Apr/2017:13:02:10 -0300] "POST /cormun/servlet/solicitudot?gx-no-cache=1493049794516 HTTP/1.1" 200 38
186.103.159.183 - - [24/Apr/2017:13:02:10 -0300] "GET /cormun/servlet/solicitudot?c214bcd315a8f26acb5daee28c8c374624f21408222ad2e29b16f43b6e662515c96206badecae1bbf14bfc4bc09557b7988916503bbca46c55b864a4781524ad33b90a176b1d67fb3594790d215bd019fa07316806934be8e51903a938fe5069f09d91a64bd466d2af3b53406a8ae32e,gx-no-cache=1493049794680 HTTP/1.1" 200 29
186.103.159.183 - - [24/Apr/2017:13:02:10 -0300] "POST /cormun/servlet/solicitudot?gx-no-cache=1493049794787 HTTP/1.1" 200 1273
186.103.159.183 - - [24/Apr/2017:13:02:11 -0300] "POST /cormun/servlet/solicitudot?gx-no-cache=1493049794902 HTTP/1.1" 200 1157
186.103.159.183 - - [24/Apr/2017:13:02:16 -0300] "GET /cormun/servlet/prcontratosol?18379425,,,,,MD,,gxPopupLevel%3D0%3B HTTP/1.1" 200 5954
186.103.159.183 - - [24/Apr/2017:13:02:16 -0300] "GET /cormun/static/gxcfg.js?201731711522183 HTTP/1.1" 200 953
186.103.159.183 - - [24/Apr/2017:13:02:16 -0300] "GET /cormun/static/prcontratosol.js?201731711522419 HTTP/1.1" 200 14084
186.103.159.183 - - [24/Apr/2017:13:02:17 -0300] "GET /cormun/static/Resources/PXToolsGridFirst.gif HTTP/1.1" 200 379
186.103.159.183 - - [24/Apr/2017:13:02:17 -0300] "GET /cormun/static/Resources/PXToolsGridLast.gif HTTP/1.1" 200 370
186.103.159.183 - - [24/Apr/2017:13:02:17 -0300] "GET /cormun/static/Resources/PXToolsGridPrevious.gif HTTP/1.1" 200 369
186.103.159.183 - - [24/Apr/2017:13:02:17 -0300] "GET /cormun/static/Resources/PXToolsGridNext.gif HTTP/1.1" 200 369
186.103.159.183 - - [24/Apr/2017:13:02:24 -0300] "POST /cormun/servlet/solicitudot?gx-no-cache=1493049808067 HTTP/1.1" 200 1289
186.103.159.183 - - [24/Apr/2017:13:02:24 -0300] "POST /cormun/servlet/solicitudot?gx-no-cache=1493049808315 HTTP/1.1" 200 38
186.103.159.183 - - [24/Apr/2017:13:02:24 -0300] "POST /cormun/servlet/solicitudot?gx-no-cache=1493049808482 HTTP/1.1" 200 1273
186.103.159.183 - - [24/Apr/2017:13:02:24 -0300] "POST /cormun/servlet/solicitudot?gx-no-cache=1493049808623 HTTP/1.1" 200 1157
186.103.159.183 - - [24/Apr/2017:13:02:28 -0300] "GET /cormun/static/menuarrow.gif HTTP/1.1" 404 1015
186.103.159.182 - - [24/Apr/2017:13:02:31 -0300] "POST /cormun/servlet/trlicenciaspermisosadjuntos?41643fecf1030ccdb648c979f2b0ad4c,15125556,20170424000000,L,,gx-no-cache=1493049814858 HTTP/1.1" 200 90
186.103.159.182 - - [24/Apr/2017:13:02:31 -0300] "GET /cormun/servlet/hpexe_link HTTP/1.1" 200 980
186.103.159.182 - - [24/Apr/2017:13:02:32 -0300] "GET /cormun/servlet/trlicencias HTTP/1.1" 200 8064
186.103.159.182 - - [24/Apr/2017:13:02:33 -0300] "GET /cormun/servlet/trlicencias HTTP/1.1" 200 8062
186.103.159.183 - - [24/Apr/2017:13:02:35 -0300] "GET /cormun/servlet/solicitudot?c214bcd315a8f26acb5daee28c8c3746820e07e14b68dc869b6cbb82ffe1fd512a3d445be3db2379463fd3c347a81325fc423bb9af96723d3112b42addc59cfc7a71add0417a5020f9d1d5aa399d3aaadaf5e07150fbfb311810c485fbaefe61ce9698fd1a4fd2257651d959f4326c8c989cda85f9939b2f196e8d2891dd29a10569b9ef23c093ae04293bdfe5d59bd9c166debcb5a8c25e0590e20c77c9c9de6e3c4d2bdaa1c83b2863a508bdc01914,gx-no-cache=1493049819659 HTTP/1.1" 200 30
186.103.159.183 - - [24/Apr/2017:13:02:43 -0300] "GET /cormun/servlet/solicitudot?c214bcd315a8f26acb5daee28c8c3746820e07e14b68dc869b6cbb82ffe1fd512a3d445be3db2379463fd3c347a81325c60485f43c908ee5d8a749c1035f712a7a71add0417a5020f9d1d5aa399d3aaadaf5e07150fbfb311810c485fbaefe61ce9698fd1a4fd2257651d959f4326c8c989cda85f9939b2f196e8d2891dd29a10569b9ef23c093ae04293bdfe5d59bd9c166debcb5a8c25e0590e20c77c9c9de6e3c4d2bdaa1c83b2863a508bdc01914,gx-no-cache=1493049827818 HTTP/1.1" 200 30
186.103.159.182 - - [24/Apr/2017:13:02:47 -0300] "GET /cormun/servlet/trlicenciaspermisosadjuntos?15125556,20170424000000,L, HTTP/1.1" 200 6900
186.103.159.182 - - [24/Apr/2017:13:02:48 -0300] "GET /cormun/servlet/trlicenciaspermisosadjuntos?15125556,20170424000000,L, HTTP/1.1" 200 6901
186.103.159.182 - - [24/Apr/2017:13:02:51 -0300] "POST /cormun/servlet/trlicenciaspermisosadjuntos?41643fecf1030ccdb648c979f2b0ad4c,15125556,20170424000000,L,,gx-no-cache=1493049834179 HTTP/1.1" 200 90
186.103.159.182 - - [24/Apr/2017:13:02:51 -0300] "GET /cormun/servlet/hpexe_link HTTP/1.1" 200 980
186.103.159.182 - - [24/Apr/2017:13:02:51 -0300] "GET /cormun/servlet/trlicencias HTTP/1.1" 200 8064
186.103.159.182 - - [24/Apr/2017:13:02:52 -0300] "GET /cormun/servlet/trlicencias HTTP/1.1" 200 8062
192.168.10.13 - - [24/Apr/2017:13:03:03 -0300] "GET / HTTP/1.1" 200 11217
186.103.159.183 - - [24/Apr/2017:13:03:13 -0300] "POST /cormun/servlet/solicitudot?093a5c00088c5ed9367ed6448566b895,INS,0,0,,gx-no-cache=1493049857039 HTTP/1.1" 200 11357
186.103.159.183 - - [24/Apr/2017:13:03:13 -0300] "GET /cormun/static/Shared/jqueryui/images/ui-bg_highlight-soft_100_c6c2c8_1x100.png HTTP/1.1" 404 1117
186.103.159.183 - - [24/Apr/2017:13:03:13 -0300] "GET /cormun/static/Shared/jqueryui/images/ui-icons_82798d_256x240.png HTTP/1.1" 404 1089
186.103.159.183 - - [24/Apr/2017:13:03:13 -0300] "GET /cormun/static/Shared/jqueryui/images/ui-bg_flat_55_994d53_40x100.png HTTP/1.1" 404 1097
186.103.159.183 - - [24/Apr/2017:13:03:13 -0300] "GET /cormun/static/Shared/jqueryui/images/ui-icons_ebccce_256x240.png HTTP/1.1" 404 1089
186.103.159.182 - - [24/Apr/2017:13:03:23 -0300] "GET /cormun/servlet/alicenciaprn?15125556,L,20170424000000,PU HTTP/1.1" 200 1525
192.168.10.13 - - [24/Apr/2017:13:04:03 -0300] "GET / HTTP/1.1" 200 11217
186.103.159.183 - - [24/Apr/2017:13:04:49 -0300] "GET /cormun/servlet/solicitudot?c214bcd315a8f26acb5daee28c8c3746820e07e14b68dc869b6cbb82ffe1fd512a3d445be3db2379463fd3c347a81325c60485f43c908ee5d8a749c1035f712a7a71add0417a5020f9d1d5aa399d3aaadaf5e07150fbfb311810c485fbaefe61ce9698fd1a4fd2257651d959f4326c8c989cda85f9939b2f196e8d2891dd29a10569b9ef23c093ae04293bdfe5d59bd9c166debcb5a8c25e0590e20c77c9c9dece313b442a6a85db0119a36925e52249,gx-no-cache=1493049953449 HTTP/1.1" 200 30
186.103.159.183 - - [24/Apr/2017:13:04:52 -0300] "POST /cormun/servlet/solicitudot?093a5c00088c5ed9367ed6448566b895,INS,0,0,,gx-no-cache=1493049955322 HTTP/1.1" 200 93
186.103.159.183 - - [24/Apr/2017:13:04:52 -0300] "GET /cormun/servlet/hpexe_return? HTTP/1.1" 200 1007
186.103.159.183 - - [24/Apr/2017:13:04:52 -0300] "GET /cormun/servlet/trsolicitudot HTTP/1.1" 200 9047
186.103.159.183 - - [24/Apr/2017:13:04:54 -0300] "GET /cormun/servlet/trsolicitudot HTTP/1.1" 200 9043
192.168.10.13 - - [24/Apr/2017:13:05:03 -0300] "GET / HTTP/1.1" 200 11217
186.103.159.183 - - [24/Apr/2017:13:05:40 -0300] "POST /cormun/servlet/trsolicitudot?093a5c00088c5ed9367ed6448566b895,gx-no-cache=1493050003575 HTTP/1.1" 200 5845
186.103.159.183 - - [24/Apr/2017:13:05:40 -0300] "GET /cormun/static/Shared/jqueryui/images/ui-bg_highlight-soft_100_c6c2c8_1x100.png HTTP/1.1" 404 1117
186.103.159.183 - - [24/Apr/2017:13:05:40 -0300] "GET /cormun/static/Shared/jqueryui/images/ui-icons_82798d_256x240.png HTTP/1.1" 404 1089
186.103.159.183 - - [24/Apr/2017:13:05:40 -0300] "GET /cormun/static/Shared/jqueryui/images/ui-bg_flat_55_fafafa_40x100.png HTTP/1.1" 404 1097
186.103.159.183 - - [24/Apr/2017:13:05:40 -0300] "GET /cormun/static/Shared/jqueryui/images/ui-icons_8d78a5_256x240.png HTTP/1.1" 404 1089
186.103.159.183 - - [24/Apr/2017:13:05:40 -0300] "POST /cormun/servlet/trsolicitudot?093a5c00088c5ed9367ed6448566b895,gx-no-cache=1493050004194 HTTP/1.1" 200 5788
186.103.159.183 - - [24/Apr/2017:13:05:48 -0300] "GET /cormun/servlet/trautorizarsolicitud? HTTP/1.1" 200 8160
186.103.159.183 - - [24/Apr/2017:13:05:49 -0300] "GET /cormun/servlet/trautorizarsolicitud? HTTP/1.1" 200 8159
192.168.10.13 - - [24/Apr/2017:13:06:03 -0300] "GET / HTTP/1.1" 200 11217
186.103.159.183 - - [24/Apr/2017:13:06:08 -0300] "POST /cormun/servlet/trautorizarsolicitud?093a5c00088c5ed9367ed6448566b895,,gx-no-cache=1493050031837 HTTP/1.1" 200 4318
186.103.159.183 - - [24/Apr/2017:13:06:08 -0300] "GET /cormun/static/Shared/jqueryui/images/ui-bg_highlight-soft_100_c6c2c8_1x100.png HTTP/1.1" 404 1117
186.103.159.183 - - [24/Apr/2017:13:06:08 -0300] "GET /cormun/static/Shared/jqueryui/images/ui-icons_82798d_256x240.png HTTP/1.1" 404 1089
186.103.159.183 - - [24/Apr/2017:13:06:08 -0300] "GET /cormun/static/Shared/jqueryui/images/ui-icons_8d78a5_256x240.png HTTP/1.1" 404 1089
186.103.159.183 - - [24/Apr/2017:13:06:08 -0300] "POST /cormun/servlet/trautorizarsolicitud?093a5c00088c5ed9367ed6448566b895,,gx-no-cache=1493050032699 HTTP/1.1" 200 4099
186.103.159.183 - - [24/Apr/2017:13:06:09 -0300] "GET /cormun/static/Shared/jqueryui/images/ui-bg_flat_55_fafafa_40x100.png HTTP/1.1" 404 1097
186.103.159.182 - - [24/Apr/2017:13:06:14 -0300] "POST /cormun/servlet/trlicencias?41643fecf1030ccdb648c979f2b0ad4c,gx-no-cache=1493050037624 HTTP/1.1" 200 4218
186.103.159.182 - - [24/Apr/2017:13:06:14 -0300] "GET /cormun/static/Shared/jqueryui/images/ui-bg_highlight-soft_100_c6c2c8_1x100.png HTTP/1.1" 404 1117
186.103.159.182 - - [24/Apr/2017:13:06:14 -0300] "GET /cormun/static/Shared/jqueryui/images/ui-icons_82798d_256x240.png HTTP/1.1" 404 1089
186.103.159.182 - - [24/Apr/2017:13:06:14 -0300] "GET /cormun/static/Shared/jqueryui/images/ui-bg_flat_55_fafafa_40x100.png HTTP/1.1" 404 1097
186.103.159.182 - - [24/Apr/2017:13:06:14 -0300] "GET /cormun/static/Shared/jqueryui/images/ui-icons_8d78a5_256x240.png HTTP/1.1" 404 1089
192.168.10.13 - - [24/Apr/2017:13:07:03 -0300] "GET / HTTP/1.1" 200 11217
192.168.10.13 - - [24/Apr/2017:13:08:03 -0300] "GET / HTTP/1.1" 200 11217
192.168.10.13 - - [24/Apr/2017:13:09:03 -0300] "GET / HTTP/1.1" 200 11217
186.79.88.80 - - [24/Apr/2017:13:09:12 -0300] "GET /cormun/servlet/hlogin HTTP/1.1" 200 1725
186.79.88.80 - - [24/Apr/2017:13:09:12 -0300] "GET /cormun/static/gxtimezone.js?85251 HTTP/1.1" 200 5781
186.79.88.80 - - [24/Apr/2017:13:09:12 -0300] "GET /cormun/static/gxcfg.js?201741110203197 HTTP/1.1" 200 953
186.79.88.80 - - [24/Apr/2017:13:09:12 -0300] "GET /cormun/static/Resources/Spanish/PXTools.css?11294912 HTTP/1.1" 200 89042
186.79.88.80 - - [24/Apr/2017:13:09:12 -0300] "GET /cormun/static/messages.spa.js?85251 HTTP/1.1" 200 30736
186.79.88.80 - - [24/Apr/2017:13:09:13 -0300] "GET /cormun/static/hlogin.js?201741110203211 HTTP/1.1" 200 2136
186.79.88.80 - - [24/Apr/2017:13:09:13 -0300] "GET /cormun/static/Resources/ComunLogin.png HTTP/1.1" 200 17326
186.79.88.80 - - [24/Apr/2017:13:09:13 -0300] "GET /cormun/static/gxgral.js?85251 HTTP/1.1" 200 384558
186.79.88.80 - - [24/Apr/2017:13:09:13 -0300] "GET /cormun/static/Resources/PXToolsLoginTop.png HTTP/1.1" 200 1337
186.79.88.80 - - [24/Apr/2017:13:09:14 -0300] "GET /cormun/static/Resources/PXToolsLoginBackground.png HTTP/1.1" 200 1164
186.79.88.80 - - [24/Apr/2017:13:09:14 -0300] "GET /cormun/static/Resources/PXToolsButtonLeft21.png HTTP/1.1" 200 1287
186.79.88.80 - - [24/Apr/2017:13:09:14 -0300] "GET /cormun/static/Resources/PXToolsButtonRight21.png HTTP/1.1" 200 1283
186.79.88.80 - - [24/Apr/2017:13:09:14 -0300] "GET /cormun/static/Resources/PXToolsButtonBackground2.png HTTP/1.1" 200 1181
186.79.88.80 - - [24/Apr/2017:13:09:14 -0300] "GET /cormun/static/Resources/PXToolsLoginBottom.png HTTP/1.1" 200 1389
186.79.88.80 - - [24/Apr/2017:13:09:14 -0300] "GET /cormun/static/Resources/indicator.gif HTTP/1.1" 200 1553
186.79.88.80 - - [24/Apr/2017:13:09:14 -0300] "GET /cormun/servlet/hlogin HTTP/1.1" 200 1735
186.79.88.80 - - [24/Apr/2017:13:09:14 -0300] "GET /favicon.ico HTTP/1.1" 200 21630
186.79.88.80 - - [24/Apr/2017:13:09:17 -0300] "POST /cormun/servlet/hlogin?7926fe54fc9f0a71edd20c8e34bd7a7e,gx-no-cache=1493050219098 HTTP/1.1" 200 90
186.79.88.80 - - [24/Apr/2017:13:09:17 -0300] "GET /cormun/servlet/hpexe_link HTTP/1.1" 200 953
186.79.88.80 - - [24/Apr/2017:13:09:17 -0300] "GET /cormun/static/gxcfg.js?201731711483381 HTTP/1.1" 200 953
186.79.88.80 - - [24/Apr/2017:13:09:17 -0300] "GET /cormun/static/hpexe_link.js?201731711483384 HTTP/1.1" 200 625
186.79.88.80 - - [24/Apr/2017:13:09:17 -0300] "GET /cormun/servlet/hhome HTTP/1.1" 200 3976
186.79.88.80 - - [24/Apr/2017:13:09:18 -0300] "GET /cormun/static/SmoothNavMenu/resources/ddsmoothmenu.css?1012540 HTTP/1.1" 200 2223
186.79.88.80 - - [24/Apr/2017:13:09:18 -0300] "GET /cormun/static/SmoothNavMenu/resources/ddsmoothmenu-v.css?1012540 HTTP/1.1" 200 1188
186.79.88.80 - - [24/Apr/2017:13:09:18 -0300] "GET /cormun/static/scaMessage/css/jquery.pnotify.default.css?1716380 HTTP/1.1" 200 1707
186.79.88.80 - - [24/Apr/2017:13:09:18 -0300] "GET /cormun/static/gxcfg.js?201731711483497 HTTP/1.1" 200 953
186.79.88.80 - - [24/Apr/2017:13:09:18 -0300] "GET /cormun/static/PXToolsJavascripts/pexe_autoreload.js HTTP/1.1" 200 1762
186.79.88.80 - - [24/Apr/2017:13:09:18 -0300] "GET /cormun/static/Shared/jqueryui/jquery-ui.min.css?1245370 HTTP/1.1" 200 30288
186.79.88.80 - - [24/Apr/2017:13:09:18 -0300] "GET /cormun/static/PXToolsJavascripts/pexe_cookies.js HTTP/1.1" 200 792
186.79.88.80 - - [24/Apr/2017:13:09:18 -0300] "GET /cormun/static/PXToolsJavascripts/pexe_windows.js HTTP/1.1" 200 15207
186.79.88.80 - - [24/Apr/2017:13:09:18 -0300] "GET /cormun/static/PXToolsJavascripts/pexe_link.js HTTP/1.1" 200 5671
186.79.88.80 - - [24/Apr/2017:13:09:18 -0300] "GET /cormun/static/PXToolsJavascripts/pexe_grid.js HTTP/1.1" 200 7559
186.79.88.80 - - [24/Apr/2017:13:09:18 -0300] "GET /cormun/static/PXToolsJavascripts/pexe_griddivfix.js HTTP/1.1" 200 6644
186.79.88.80 - - [24/Apr/2017:13:09:18 -0300] "GET /cormun/static/PXToolsJavascripts/pexe_menudivfix.js HTTP/1.1" 200 333
186.79.88.80 - - [24/Apr/2017:13:09:18 -0300] "GET /cormun/static/PXToolsJavascripts/pexe_menus.js HTTP/1.1" 200 1286
186.79.88.80 - - [24/Apr/2017:13:09:18 -0300] "GET /cormun/static/PXToolsJavascripts/pexe_layers.js HTTP/1.1" 200 4114
186.79.88.80 - - [24/Apr/2017:13:09:18 -0300] "GET /cormun/static/PXToolsJavascripts/pexe_oav.js HTTP/1.1" 200 645
186.79.88.80 - - [24/Apr/2017:13:09:18 -0300] "GET /cormun/static/PXToolsJavascripts/pexe_oavdivfix.js HTTP/1.1" 200 639
186.79.88.80 - - [24/Apr/2017:13:09:18 -0300] "GET /cormun/static/PXToolsJavascripts/pexe_picture.js HTTP/1.1" 200 689
186.79.88.80 - - [24/Apr/2017:13:09:18 -0300] "GET /cormun/static/PXToolsJavascripts/pexe_popup.js HTTP/1.1" 200 13458
186.79.88.80 - - [24/Apr/2017:13:09:18 -0300] "GET /cormun/static/PXToolsJavascripts/pexe_scrolldiv.js HTTP/1.1" 200 4138
186.79.88.80 - - [24/Apr/2017:13:09:18 -0300] "GET /cormun/static/PXToolsJavascripts/pexe_tabdivfix.js HTTP/1.1" 200 876
186.79.88.80 - - [24/Apr/2017:13:09:18 -0300] "GET /cormun/static/PXToolsJavascripts/pexe_tabs.js HTTP/1.1" 200 3748
186.79.88.80 - - [24/Apr/2017:13:09:18 -0300] "GET /cormun/static/PXToolsJavascripts/pexe_upload.js HTTP/1.1" 200 1423
186.79.88.80 - - [24/Apr/2017:13:09:18 -0300] "GET /cormun/static/PXToolsJavascripts/PXToolsJavascriptsRender.js HTTP/1.1" 200 367
186.79.88.80 - - [24/Apr/2017:13:09:18 -0300] "GET /cormun/static/RunJS/RunJS.js HTTP/1.1" 200 288
186.79.88.80 - - [24/Apr/2017:13:09:18 -0300] "GET /cormun/static/hhome.js?20173171148352 HTTP/1.1" 200 777
186.79.88.80 - - [24/Apr/2017:13:09:18 -0300] "GET /cormun/static/hwchdr01.js?201731711335950 HTTP/1.1" 200 1183
186.79.88.80 - - [24/Apr/2017:13:09:18 -0300] "GET /cormun/static/gxui/gxui-all.js HTTP/1.1" 200 107772
186.79.88.80 - - [24/Apr/2017:13:09:18 -0300] "GET /cormun/static/Shared/ext/locale/ext-lang-en.js HTTP/1.1" 200 10940
186.79.88.80 - - [24/Apr/2017:13:09:18 -0300] "GET /cormun/static/Resources/PXToolsHeaderBackground2.png HTTP/1.1" 200 1174
186.79.88.80 - - [24/Apr/2017:13:09:19 -0300] "GET /cormun/static/Resources/logo4.png HTTP/1.1" 200 6582
186.79.88.80 - - [24/Apr/2017:13:09:19 -0300] "GET /cormun/static/Resources/PXToolsDataTitle.png HTTP/1.1" 200 1173
186.79.88.80 - - [24/Apr/2017:13:09:19 -0300] "GET /cormun/static/Resources/PXToolsHeaderActionsBackground.png HTTP/1.1" 200 484
186.79.88.80 - - [24/Apr/2017:13:09:19 -0300] "GET /cormun/static/Resources/PXToolsFooterBackground2.png HTTP/1.1" 200 1172
186.79.88.80 - - [24/Apr/2017:13:09:19 -0300] "GET /cormun/static/Resources/PXToolsHeaderActionsLeft.png HTTP/1.1" 200 1118
186.79.88.80 - - [24/Apr/2017:13:09:19 -0300] "GET /cormun/static/Resources/PXToolsHeaderLogin.png HTTP/1.1" 200 4279
186.79.88.80 - - [24/Apr/2017:13:09:19 -0300] "GET /cormun/static/Resources/PXToolsHeaderSecurity.png HTTP/1.1" 200 4166
186.79.88.80 - - [24/Apr/2017:13:09:19 -0300] "GET /cormun/static/Resources/PXToolsHeaderActionsRight.png HTTP/1.1" 200 1201
186.79.88.80 - - [24/Apr/2017:13:09:19 -0300] "GET /cormun/static/Resources/PXToolsHeaderHome.png HTTP/1.1" 200 4147
186.79.88.80 - - [24/Apr/2017:13:09:19 -0300] "GET /cormun/static/Resources/PXToolsHeaderPreferences.png HTTP/1.1" 200 4189
186.79.88.80 - - [24/Apr/2017:13:09:19 -0300] "GET /cormun/static/hpexe_recentlink.js?201610171694390 HTTP/1.1" 200 2144
186.79.88.80 - - [24/Apr/2017:13:09:19 -0300] "GET /cormun/static/hpexe_scripts.js?201731711335890 HTTP/1.1" 200 1544
186.79.88.80 - - [24/Apr/2017:13:09:19 -0300] "GET /cormun/static/hpexe_messagecontroller.js?201610171694323 HTTP/1.1" 200 870
186.79.88.80 - - [24/Apr/2017:13:09:19 -0300] "GET /cormun/static/hpexe_messagepopupcomponent.js?20161017169425 HTTP/1.1" 200 605
186.79.88.80 - - [24/Apr/2017:13:09:19 -0300] "GET /cormun/static/hpexe_messagegenexuscomponent.js?201731711335537 HTTP/1.1" 200 587
186.79.88.80 - - [24/Apr/2017:13:09:19 -0300] "GET /cormun/static/cmcontrolpreferences.js?201731711335852 HTTP/1.1" 200 1375
186.79.88.80 - - [24/Apr/2017:13:09:19 -0300] "GET /cormun/static/Shared/jquery/jquery-1.4.2.min.js HTTP/1.1" 200 72174
186.79.88.80 - - [24/Apr/2017:13:09:19 -0300] "GET /cormun/static/SmoothNavMenu/resources/ddsmoothmenu.js HTTP/1.1" 200 12712
186.79.88.80 - - [24/Apr/2017:13:09:19 -0300] "GET /cormun/static/SmoothNavMenu/resources/SmoothNavMenuRender.js HTTP/1.1" 200 5951
186.79.88.80 - - [24/Apr/2017:13:09:20 -0300] "GET /cormun/static/scaMessage/js/jquery.pnotify.min.js HTTP/1.1" 200 13038
186.79.88.80 - - [24/Apr/2017:13:09:20 -0300] "GET /cormun/static/scaMessage/scaMessageRender.js HTTP/1.1" 200 11977
186.79.88.80 - - [24/Apr/2017:13:09:20 -0300] "GET /cormun/static/Shared/jqueryui/jquery-ui.min.js HTTP/1.1" 200 240427
186.79.88.80 - - [24/Apr/2017:13:09:20 -0300] "GET /cormun/static/hmpwkw03.js?201731711485354 HTTP/1.1" 200 3965
186.79.88.80 - - [24/Apr/2017:13:09:21 -0300] "GET /cormun/static/Shared/jquery/jquery-1.10.2.min.js HTTP/1.1" 200 273199
186.79.88.80 - - [24/Apr/2017:13:09:22 -0300] "GET /cormun/static/Shared/ext/ext-all.js HTTP/1.1" 200 1289687
186.79.88.80 - - [24/Apr/2017:13:09:23 -0300] "GET /cormun/servlet/hhome HTTP/1.1" 200 3972
186.79.88.80 - - [24/Apr/2017:13:09:23 -0300] "GET /cormun/static/SmoothNavMenu/resources/images/right.gif HTTP/1.1" 200 860
186.79.88.80 - - [24/Apr/2017:13:09:23 -0300] "GET /cormun/static/SmoothNavMenu/resources/images/down.gif HTTP/1.1" 200 854
186.79.88.80 - - [24/Apr/2017:13:09:37 -0300] "GET /cormun/servlet/trautorizarsolicitud? HTTP/1.1" 200 10148
186.79.88.80 - - [24/Apr/2017:13:09:38 -0300] "GET /cormun/static/gxui/gxui-all.css?120300 HTTP/1.1" 200 2179
186.79.88.80 - - [24/Apr/2017:13:09:38 -0300] "GET /cormun/static/calendar-system.css?85620 HTTP/1.1" 200 5572
186.79.88.80 - - [24/Apr/2017:13:09:38 -0300] "GET /cormun/static/gxcfg.js?2017259112829 HTTP/1.1" 200 953
186.79.88.80 - - [24/Apr/2017:13:09:38 -0300] "GET /cormun/static/calendar-setup.js?85251 HTTP/1.1" 200 2588
186.79.88.80 - - [24/Apr/2017:13:09:38 -0300] "GET /cormun/static/calendar-es.js?85251 HTTP/1.1" 200 1901
186.79.88.80 - - [24/Apr/2017:13:09:38 -0300] "GET /cormun/static/calendar.js?85251 HTTP/1.1" 200 26246
186.79.88.80 - - [24/Apr/2017:13:09:38 -0300] "GET /cormun/static/Resources/Spanish/PXTools.css?18365030 HTTP/1.1" 200 89042
186.79.88.80 - - [24/Apr/2017:13:09:39 -0300] "GET /cormun/static/gxdec.js?85251 HTTP/1.1" 200 19579
186.79.88.80 - - [24/Apr/2017:13:09:39 -0300] "GET /cormun/static/trautorizarsolicitud.js?2017259113483 HTTP/1.1" 200 53096
186.79.88.80 - - [24/Apr/2017:13:09:39 -0300] "GET /cormun/static/Resources/PXTools/calendar.png HTTP/1.1" 200 1306
186.79.88.80 - - [24/Apr/2017:13:09:39 -0300] "GET /cormun/static/Resources/PXToolsDataSearch.png HTTP/1.1" 200 419
186.79.88.80 - - [24/Apr/2017:13:09:39 -0300] "GET /cormun/static/Shared/ext/resources/css/ext-all.css?215870 HTTP/1.1" 200 416045
186.79.88.80 - - [24/Apr/2017:13:09:40 -0300] "GET /cormun/static/Resources/PXToolsGridFirstDisabled.gif HTTP/1.1" 200 100
186.79.88.80 - - [24/Apr/2017:13:09:40 -0300] "GET /cormun/static/Resources/PXToolsGridPreviousDisabled.gif HTTP/1.1" 200 90
186.79.88.80 - - [24/Apr/2017:13:09:40 -0300] "GET /cormun/static/Resources/PXToolsGridNextDisabled.gif HTTP/1.1" 200 90
186.79.88.80 - - [24/Apr/2017:13:09:40 -0300] "GET /cormun/static/Resources/PXToolsGridLastDisabled.gif HTTP/1.1" 200 98
186.79.88.80 - - [24/Apr/2017:13:09:40 -0300] "GET /cormun/static/Resources/PXToolsGridPage.gif HTTP/1.1" 200 725
186.79.88.80 - - [24/Apr/2017:13:09:41 -0300] "GET /cormun/static/Resources/PXToolsActionExcel.png HTTP/1.1" 200 3187
186.79.88.80 - - [24/Apr/2017:13:09:41 -0300] "GET /cormun/static/Resources/asc.gif HTTP/1.1" 200 67
186.79.88.80 - - [24/Apr/2017:13:09:41 -0300] "GET /cormun//static/Resources/PXToolsActionView.png HTTP/1.1" 200 2995
186.79.88.80 - - [24/Apr/2017:13:09:41 -0300] "GET /cormun/static/Resources/desc.gif HTTP/1.1" 200 65
186.79.88.80 - - [24/Apr/2017:13:09:41 -0300] "GET /cormun//static/Resources/PXToolsGridDelete.png HTTP/1.1" 200 357
186.79.88.80 - - [24/Apr/2017:13:09:41 -0300] "GET /cormun//static/Resources/PXToolsRemoveAllAction.png HTTP/1.1" 200 3558
186.79.88.80 - - [24/Apr/2017:13:09:41 -0300] "GET /cormun/servlet/trautorizarsolicitud? HTTP/1.1" 200 10146
186.79.88.80 - - [24/Apr/2017:13:09:41 -0300] "GET /cormun//static/Resources/PXToolsGridUpdate.png HTTP/1.1" 200 2984
186.79.88.80 - - [24/Apr/2017:13:09:41 -0300] "GET /cormun/static/Shared/ext/resources/themes/images/default/panel/bg-headersPanel.png HTTP/1.1" 200 255
186.79.88.80 - - [24/Apr/2017:13:09:41 -0300] "GET /cormun/static/Shared/ext/resources/themes/images/default/tools/tool-sprites.gif HTTP/1.1" 200 5434
186.79.88.80 - - [24/Apr/2017:13:09:41 -0300] "GET /cormun//static/Resources/PXTools/ActionInsert.png HTTP/1.1" 200 1482
186.79.88.80 - - [24/Apr/2017:13:09:58 -0300] "POST /cormun/servlet/trautorizarsolicitud?7926fe54fc9f0a71edd20c8e34bd7a7e,,gx-no-cache=1493050258889 HTTP/1.1" 200 7022
186.79.88.80 - - [24/Apr/2017:13:09:58 -0300] "GET /cormun/static/Shared/jqueryui/images/ui-icons_82798d_256x240.png HTTP/1.1" 404 1089
186.79.88.80 - - [24/Apr/2017:13:09:58 -0300] "GET /cormun/static/Shared/jqueryui/images/ui-bg_highlight-soft_100_c6c2c8_1x100.png HTTP/1.1" 404 1117
186.79.88.80 - - [24/Apr/2017:13:09:58 -0300] "GET /cormun/static/Shared/jqueryui/images/ui-bg_flat_55_fafafa_40x100.png HTTP/1.1" 404 1097
186.79.88.80 - - [24/Apr/2017:13:09:58 -0300] "GET /cormun/static/Shared/jqueryui/images/ui-icons_8d78a5_256x240.png HTTP/1.1" 404 1089
186.79.88.80 - - [24/Apr/2017:13:09:59 -0300] "POST /cormun/servlet/trautorizarsolicitud?7926fe54fc9f0a71edd20c8e34bd7a7e,,gx-no-cache=1493050260249 HTTP/1.1" 200 6966
186.79.88.80 - - [24/Apr/2017:13:10:01 -0300] "POST /cormun/servlet/trautorizarsolicitud?7926fe54fc9f0a71edd20c8e34bd7a7e,,gx-no-cache=1493050262593 HTTP/1.1" 200 6781
186.79.88.80 - - [24/Apr/2017:13:10:02 -0300] "POST /cormun/servlet/trautorizarsolicitud?7926fe54fc9f0a71edd20c8e34bd7a7e,,gx-no-cache=1493050263400 HTTP/1.1" 200 6725
192.168.10.13 - - [24/Apr/2017:13:10:03 -0300] "GET / HTTP/1.1" 200 11217
186.79.88.80 - - [24/Apr/2017:13:10:03 -0300] "POST /cormun/servlet/trautorizarsolicitud?7926fe54fc9f0a71edd20c8e34bd7a7e,,gx-no-cache=1493050265224 HTTP/1.1" 200 6534
186.79.88.80 - - [24/Apr/2017:13:10:04 -0300] "POST /cormun/servlet/trautorizarsolicitud?7926fe54fc9f0a71edd20c8e34bd7a7e,,gx-no-cache=1493050265963 HTTP/1.1" 200 6477
186.79.88.80 - - [24/Apr/2017:13:10:06 -0300] "POST /cormun/servlet/trautorizarsolicitud?7926fe54fc9f0a71edd20c8e34bd7a7e,,gx-no-cache=1493050267624 HTTP/1.1" 200 6165
186.79.88.80 - - [24/Apr/2017:13:10:07 -0300] "POST /cormun/servlet/trautorizarsolicitud?7926fe54fc9f0a71edd20c8e34bd7a7e,,gx-no-cache=1493050268352 HTTP/1.1" 200 6106
186.79.88.80 - - [24/Apr/2017:13:10:08 -0300] "POST /cormun/servlet/trautorizarsolicitud?7926fe54fc9f0a71edd20c8e34bd7a7e,,gx-no-cache=1493050269784 HTTP/1.1" 200 5783
186.79.88.80 - - [24/Apr/2017:13:10:09 -0300] "POST /cormun/servlet/trautorizarsolicitud?7926fe54fc9f0a71edd20c8e34bd7a7e,,gx-no-cache=1493050270410 HTTP/1.1" 200 5729
186.79.88.80 - - [24/Apr/2017:13:10:10 -0300] "POST /cormun/servlet/trautorizarsolicitud?7926fe54fc9f0a71edd20c8e34bd7a7e,,gx-no-cache=1493050271929 HTTP/1.1" 200 5425
186.79.88.80 - - [24/Apr/2017:13:10:11 -0300] "POST /cormun/servlet/trautorizarsolicitud?7926fe54fc9f0a71edd20c8e34bd7a7e,,gx-no-cache=1493050272606 HTTP/1.1" 200 5370
186.79.88.80 - - [24/Apr/2017:13:10:12 -0300] "POST /cormun/servlet/trautorizarsolicitud?7926fe54fc9f0a71edd20c8e34bd7a7e,,gx-no-cache=1493050274121 HTTP/1.1" 200 4311
186.79.88.80 - - [24/Apr/2017:13:10:13 -0300] "POST /cormun/servlet/trautorizarsolicitud?7926fe54fc9f0a71edd20c8e34bd7a7e,,gx-no-cache=1493050274730 HTTP/1.1" 200 4090
192.168.10.13 - - [24/Apr/2017:13:11:03 -0300] "GET / HTTP/1.1" 200 11217
192.168.10.13 - - [24/Apr/2017:13:12:03 -0300] "GET / HTTP/1.1" 200 11217
186.103.159.182 - - [24/Apr/2017:13:12:05 -0300] "GET /cormun/servlet/licenciaspermisos?INS,0,,, HTTP/1.1" 200 7463
186.103.159.182 - - [24/Apr/2017:13:12:07 -0300] "GET /cormun/servlet/licenciaspermisos?INS,0,,, HTTP/1.1" 200 7471
186.103.159.182 - - [24/Apr/2017:13:12:38 -0300] "GET /cormun/servlet/licenciaspermisos?f7214a606ef0be266f9ee86a643eb1fe9226338376c8b71f379d9b944f8946e305ae15e00ea357e1c74a5f8d56655555,gx-no-cache=1493050421882 HTTP/1.1" 200 67
186.103.159.182 - - [24/Apr/2017:13:12:39 -0300] "POST /cormun/servlet/licenciaspermisos?41643fecf1030ccdb648c979f2b0ad4c,INS,0,,,,gx-no-cache=1493050422298 HTTP/1.1" 200 4617
186.103.159.188 - - [24/Apr/2017:13:12:58 -0300] "GET /cormun/servlet/trpermisosingoceautorizar? HTTP/1.1" 200 5825
186.103.159.188 - - [24/Apr/2017:13:12:58 -0300] "GET /cormun/static/gxcfg.js?201731711551926 HTTP/1.1" 200 953
186.103.159.188 - - [24/Apr/2017:13:12:58 -0300] "GET /cormun/static/trpermisosingoceautorizar.js?201731711552423 HTTP/1.1" 200 29726
186.103.159.188 - - [24/Apr/2017:13:12:58 -0300] "GET /cormun/servlet/trpermisosingoceautorizar? HTTP/1.1" 200 5790
200.86.10.241 - - [24/Apr/2017:13:12:58 -0300] "GET /cormun/servlet/hlogin HTTP/1.1" 200 1750
192.168.10.13 - - [24/Apr/2017:13:13:03 -0300] "GET / HTTP/1.1" 200 11217
200.86.10.241 - - [24/Apr/2017:13:13:09 -0300] "POST /cormun/servlet/hlogin?399cd2967d1be0d3f3cc84d7882d5859,gx-no-cache=1493050451096 HTTP/1.1" 200 90
200.86.10.241 - - [24/Apr/2017:13:13:09 -0300] "GET /cormun/servlet/hpexe_link HTTP/1.1" 200 970
200.86.10.241 - - [24/Apr/2017:13:13:09 -0300] "GET /cormun/servlet/trpermisosingoceautorizar HTTP/1.1" 200 6414
200.86.10.241 - - [24/Apr/2017:13:13:09 -0300] "GET /cormun/servlet/trpermisosingoceautorizar HTTP/1.1" 200 6412
186.103.159.188 - - [24/Apr/2017:13:13:10 -0300] "POST /cormun/servlet/acontrolpreferencessavestate?None,ASAAVEDRA,true HTTP/1.1" 200 35
186.103.159.188 - - [24/Apr/2017:13:13:18 -0300] "GET /cormun/servlet/trautorizarpermisogoce? HTTP/1.1" 200 7492
186.103.159.188 - - [24/Apr/2017:13:13:18 -0300] "GET /cormun/servlet/trautorizarpermisogoce? HTTP/1.1" 200 7492
186.103.159.182 - - [24/Apr/2017:13:13:22 -0300] "GET /cormun/static/menuarrow.gif HTTP/1.1" 404 1015
186.103.159.188 - - [24/Apr/2017:13:13:24 -0300] "POST /cormun/servlet/trautorizarpermisogoce?399cd2967d1be0d3f3cc84d7882d5859,,gx-no-cache=1493050466120 HTTP/1.1" 200 4889
186.103.159.188 - - [24/Apr/2017:13:13:24 -0300] "GET /cormun/static/Shared/jqueryui/images/ui-bg_highlight-soft_100_c6c2c8_1x100.png HTTP/1.1" 404 1117
186.103.159.188 - - [24/Apr/2017:13:13:24 -0300] "GET /cormun/static/Shared/jqueryui/images/ui-icons_82798d_256x240.png HTTP/1.1" 404 1089
186.103.159.188 - - [24/Apr/2017:13:13:24 -0300] "GET /cormun/static/Shared/jqueryui/images/ui-bg_flat_55_fafafa_40x100.png HTTP/1.1" 404 1097
186.103.159.188 - - [24/Apr/2017:13:13:24 -0300] "GET /cormun/static/Shared/jqueryui/images/ui-icons_8d78a5_256x240.png HTTP/1.1" 404 1089
186.103.159.183 - - [24/Apr/2017:13:13:48 -0300] "GET /cormun/servlet/hlogin HTTP/1.1" 200 1745
192.168.10.13 - - [24/Apr/2017:13:14:03 -0300] "GET / HTTP/1.1" 200 11217
192.168.10.13 - - [24/Apr/2017:13:15:03 -0300] "GET / HTTP/1.1" 200 11217
186.103.159.182 - - [24/Apr/2017:13:15:23 -0300] "GET /cormun/servlet/licenciaspermisos?f7214a606ef0be266f9ee86a643eb1feb432ab03976e4474d374b5d5bdfa8d04603db545177066435b1f1ecd83112094838074d29daa658f812b36f487d74b2b112e9dfc515d36c49d42adf1b1cd14697aea260d0a040c654c995fd3ff831107de8262eb752efcb5b373e2e58432026b4d91e58b3eb5656c87cf73ccb0b5124d85eb0d86e64414819c255707aff1e1826ce67bf29833415ada894849af8219cc1e54c0e2955c4b63e03ba1537ae3d292,gx-no-cache=1493050587165 HTTP/1.1" 200 30
186.103.159.182 - - [24/Apr/2017:13:15:23 -0300] "GET /cormun/servlet/licenciaspermisos?f7214a606ef0be266f9ee86a643eb1fe70f5b1e9f0156d17915b52100f0d3251809b1867aba6c891fb9d98fe2e5a8e90938a2941f01e19402643db25e8b39eed757a47ea83b190716871791cf05e9a52efb531a9ef8c94d0e7b546cd5c86515bb16d5c30ba859e114701991ba3c28fa5edb6d1c777a2562a336337399e80eb554ebad28dc5befb12aab0f0d6760ad692dbc241286d18fb97bdbd750c6d054da74598223ce71583e60c304bf71d5264d3,gx-no-cache=1493050587257 HTTP/1.1" 200 29
186.103.159.182 - - [24/Apr/2017:13:15:24 -0300] "POST /cormun/servlet/licenciaspermisos?41643fecf1030ccdb648c979f2b0ad4c,INS,0,,,,gx-no-cache=1493050587318 HTTP/1.1" 200 93
186.103.159.182 - - [24/Apr/2017:13:15:24 -0300] "GET /cormun/servlet/hpexe_return? HTTP/1.1" 200 1027
186.103.159.182 - - [24/Apr/2017:13:15:24 -0300] "GET /cormun/servlet/trlicencias?gx-no-cache=1493050037624 HTTP/1.1" 200 8086
186.103.159.182 - - [24/Apr/2017:13:15:26 -0300] "GET /cormun/servlet/trlicencias?gx-no-cache=1493050037624 HTTP/1.1" 200 8104
186.103.159.182 - - [24/Apr/2017:13:15:29 -0300] "GET /cormun/servlet/trlicenciaspermisosadjuntos?16493601,20170424000000,L, HTTP/1.1" 200 6424
186.103.159.182 - - [24/Apr/2017:13:15:31 -0300] "GET /cormun/servlet/trlicenciaspermisosadjuntos?16493601,20170424000000,L, HTTP/1.1" 200 6405
186.103.159.182 - - [24/Apr/2017:13:15:32 -0300] "GET /cormun/servlet/licenciaspermisosadjuntos?INS,16493601,L,20170424000000,, HTTP/1.1" 200 5704
186.103.159.182 - - [24/Apr/2017:13:15:32 -0300] "GET /cormun/static/about:blank HTTP/1.1" 404 1011
186.103.159.182 - - [24/Apr/2017:13:15:33 -0300] "GET /cormun/servlet/licenciaspermisosadjuntos?INS,16493601,L,20170424000000,, HTTP/1.1" 200 5693
186.103.159.188 - - [24/Apr/2017:13:15:37 -0300] "GET /cormun/servlet/hlogin HTTP/1.1" 200 1724
186.103.159.188 - - [24/Apr/2017:13:15:45 -0300] "POST /cormun/servlet/hlogin?85347713f41c0d3eab55087081e2ded0,gx-no-cache=1493050607382 HTTP/1.1" 200 90
186.103.159.188 - - [24/Apr/2017:13:15:45 -0300] "GET /cormun/servlet/hpexe_link HTTP/1.1" 200 950
186.103.159.188 - - [24/Apr/2017:13:15:45 -0300] "GET /cormun/static/hpexe_link.js?201731711483384 HTTP/1.1" 200 625
200.86.10.241 - - [24/Apr/2017:13:15:45 -0300] "GET /cormun/servlet/hhome HTTP/1.1" 200 3780
200.86.10.241 - - [24/Apr/2017:13:15:45 -0300] "GET /cormun/servlet/hhome HTTP/1.1" 200 3776
200.86.10.241 - - [24/Apr/2017:13:15:49 -0300] "GET /cormun/servlet/trpermisosgoce? HTTP/1.1" 200 7892
200.86.10.241 - - [24/Apr/2017:13:15:49 -0300] "GET /cormun/servlet/trpermisosgoce? HTTP/1.1" 200 7890
192.168.10.13 - - [24/Apr/2017:13:16:03 -0300] "GET / HTTP/1.1" 200 11217
186.103.159.182 - - [24/Apr/2017:13:16:09 -0300] "POST /cormun/servlet/licenciaspermisosadjuntos?41643fecf1030ccdb648c979f2b0ad4c,INS,16493601,L,20170424000000,, HTTP/1.1" 200 116
186.103.159.182 - - [24/Apr/2017:13:16:09 -0300] "GET /cormun/servlet/hpexe_return? HTTP/1.1" 200 1035
186.103.159.182 - - [24/Apr/2017:13:16:10 -0300] "GET /cormun/servlet/trlicenciaspermisosadjuntos?16493601,20170424000000,L, HTTP/1.1" 200 6899
186.103.159.182 - - [24/Apr/2017:13:16:11 -0300] "GET /cormun/servlet/trlicenciaspermisosadjuntos?16493601,20170424000000,L, HTTP/1.1" 200 6897
186.103.159.182 - - [24/Apr/2017:13:16:15 -0300] "POST /cormun/servlet/trlicenciaspermisosadjuntos?41643fecf1030ccdb648c979f2b0ad4c,16493601,20170424000000,L,,gx-no-cache=1493050638385 HTTP/1.1" 200 90
186.103.159.182 - - [24/Apr/2017:13:16:15 -0300] "GET /cormun/servlet/hpexe_link HTTP/1.1" 200 1000
186.103.159.182 - - [24/Apr/2017:13:16:15 -0300] "GET /cormun/servlet/trlicencias?gx-no-cache=1493050037624 HTTP/1.1" 200 8084
186.103.159.182 - - [24/Apr/2017:13:16:16 -0300] "GET /cormun/servlet/trlicencias?gx-no-cache=1493050037624 HTTP/1.1" 200 8104
186.103.159.182 - - [24/Apr/2017:13:16:36 -0300] "GET /cormun/servlet/alicenciaprn?16493601,L,20170424000000,PU HTTP/1.1" 200 1527
200.86.10.241 - - [24/Apr/2017:13:16:55 -0300] "GET /cormun/servlet/trpermisosgoce? HTTP/1.1" 200 7890
200.86.10.241 - - [24/Apr/2017:13:16:55 -0300] "GET /cormun/servlet/trpermisosgoce? HTTP/1.1" 200 7890
192.168.10.13 - - [24/Apr/2017:13:17:03 -0300] "GET / HTTP/1.1" 200 11217
186.103.159.182 - - [24/Apr/2017:13:17:50 -0300] "GET /cormun/servlet/trlicenciaspermisosadjuntos?16493601,20170424000000,L, HTTP/1.1" 200 6916
186.103.159.182 - - [24/Apr/2017:13:17:52 -0300] "GET /cormun/servlet/trlicenciaspermisosadjuntos?16493601,20170424000000,L, HTTP/1.1" 200 6895
186.103.159.182 - - [24/Apr/2017:13:17:54 -0300] "POST /cormun/servlet/trlicenciaspermisosadjuntos?41643fecf1030ccdb648c979f2b0ad4c,16493601,20170424000000,L,,gx-no-cache=1493050738134 HTTP/1.1" 200 90
186.103.159.182 - - [24/Apr/2017:13:17:55 -0300] "GET /cormun/servlet/hpexe_link HTTP/1.1" 200 1000
186.103.159.182 - - [24/Apr/2017:13:17:55 -0300] "GET /cormun/servlet/trlicencias?gx-no-cache=1493050037624 HTTP/1.1" 200 8084
186.103.159.182 - - [24/Apr/2017:13:17:56 -0300] "GET /cormun/servlet/trlicencias?gx-no-cache=1493050037624 HTTP/1.1" 200 8104
192.168.10.13 - - [24/Apr/2017:13:18:03 -0300] "GET / HTTP/1.1" 200 11217
186.103.159.182 - - [24/Apr/2017:13:18:27 -0300] "POST /cormun/servlet/trlicencias?41643fecf1030ccdb648c979f2b0ad4c,gx-no-cache=1493050037624,gx-no-cache=1493050770485 HTTP/1.1" 200 4234
186.103.159.182 - - [24/Apr/2017:13:18:27 -0300] "GET /cormun/static/Shared/jqueryui/images/ui-bg_highlight-soft_100_c6c2c8_1x100.png HTTP/1.1" 404 1117
186.103.159.182 - - [24/Apr/2017:13:18:27 -0300] "GET /cormun/static/Shared/jqueryui/images/ui-icons_82798d_256x240.png HTTP/1.1" 404 1089
186.103.159.182 - - [24/Apr/2017:13:18:27 -0300] "GET /cormun/static/Shared/jqueryui/images/ui-bg_flat_55_fafafa_40x100.png HTTP/1.1" 404 1097
186.103.159.182 - - [24/Apr/2017:13:18:27 -0300] "GET /cormun/static/Shared/jqueryui/images/ui-icons_8d78a5_256x240.png HTTP/1.1" 404 1089
186.103.159.182 - - [24/Apr/2017:13:18:55 -0300] "GET /cormun/servlet/trsolicitudot? HTTP/1.1" 200 7044
186.103.159.182 - - [24/Apr/2017:13:18:55 -0300] "GET /cormun/static/gxcfg.js?201731711505139 HTTP/1.1" 304 -
186.103.159.182 - - [24/Apr/2017:13:18:55 -0300] "GET /cormun/static/trsolicitudot.js?20173171151116 HTTP/1.1" 304 -
186.103.159.182 - - [24/Apr/2017:13:18:57 -0300] "GET /cormun/servlet/trsolicitudot? HTTP/1.1" 200 7024
192.168.10.13 - - [24/Apr/2017:13:19:03 -0300] "GET / HTTP/1.1" 200 11217
186.103.157.98 - - [24/Apr/2017:13:19:04 -0300] "POST /cormun/servlet/hlogin?57f13bf2467d86397478f9bef1210ea9,gx-no-cache=1493050806517 HTTP/1.1" 200 441
200.86.10.241 - - [24/Apr/2017:13:19:31 -0300] "GET /cormun/static/menuarrow.gif HTTP/1.1" 404 1015
200.86.10.241 - - [24/Apr/2017:13:19:39 -0300] "POST /cormun/servlet/trpermisosgoce?85347713f41c0d3eab55087081e2ded0,,gx-no-cache=1493050841467 HTTP/1.1" 200 5827
192.168.10.13 - - [24/Apr/2017:13:20:03 -0300] "GET / HTTP/1.1" 200 11217
192.168.10.13 - - [24/Apr/2017:13:21:03 -0300] "GET / HTTP/1.1" 200 11217
200.86.10.241 - - [24/Apr/2017:13:21:04 -0300] "POST /cormun/servlet/trpermisosgoce?85347713f41c0d3eab55087081e2ded0,,gx-no-cache=1493050925518 HTTP/1.1" 200 3885
200.86.10.241 - - [24/Apr/2017:13:21:10 -0300] "POST /cormun/servlet/trpermisosgoce?85347713f41c0d3eab55087081e2ded0,,gx-no-cache=1493050932491 HTTP/1.1" 200 3883
186.103.157.98 - - [24/Apr/2017:13:21:28 -0300] "POST /cormun/servlet/hlogin?57f13bf2467d86397478f9bef1210ea9,gx-no-cache=1493050950078 HTTP/1.1" 200 443
200.86.10.241 - - [24/Apr/2017:13:21:34 -0300] "POST /cormun/servlet/trpermisosgoce?85347713f41c0d3eab55087081e2ded0,,gx-no-cache=1493050956219 HTTP/1.1" 200 3883
200.86.10.241 - - [24/Apr/2017:13:21:40 -0300] "POST /cormun/servlet/trpermisosgoce?85347713f41c0d3eab55087081e2ded0,,gx-no-cache=1493050962256 HTTP/1.1" 200 3885
186.103.157.98 - - [24/Apr/2017:13:21:42 -0300] "POST /cormun/servlet/hlogin?57f13bf2467d86397478f9bef1210ea9,gx-no-cache=1493050964085 HTTP/1.1" 200 441
200.86.10.241 - - [24/Apr/2017:13:21:47 -0300] "POST /cormun/servlet/trpermisosgoce?85347713f41c0d3eab55087081e2ded0,,gx-no-cache=1493050969557 HTTP/1.1" 200 4649
200.86.10.241 - - [24/Apr/2017:13:21:47 -0300] "GET /cormun//static/Resources/PXToolsActionDisabled.gif HTTP/1.1" 200 53
186.103.157.98 - - [24/Apr/2017:13:21:49 -0300] "POST /cormun/servlet/hlogin?57f13bf2467d86397478f9bef1210ea9,gx-no-cache=1493050970669 HTTP/1.1" 200 445
186.103.157.98 - - [24/Apr/2017:13:21:52 -0300] "POST /cormun/servlet/hlogin?57f13bf2467d86397478f9bef1210ea9,gx-no-cache=1493050974349 HTTP/1.1" 200 445
200.86.10.241 - - [24/Apr/2017:13:21:56 -0300] "GET /cormun/servlet/trpermisosadjuntos?10113000,20170413113253,P, HTTP/1.1" 200 6095
200.86.10.241 - - [24/Apr/2017:13:21:56 -0300] "GET /cormun/servlet/trpermisosadjuntos?10113000,20170413113253,P, HTTP/1.1" 200 6093
200.86.10.241 - - [24/Apr/2017:13:21:58 -0300] "GET /cormun/servlet/permisosadjuntos?INS,10113000,P,20170413113253,, HTTP/1.1" 200 5426
200.86.10.241 - - [24/Apr/2017:13:21:58 -0300] "GET /cormun/static/about:blank HTTP/1.1" 404 1011
200.86.10.241 - - [24/Apr/2017:13:21:58 -0300] "GET /cormun/servlet/permisosadjuntos?INS,10113000,P,20170413113253,, HTTP/1.1" 200 5416
192.168.10.13 - - [24/Apr/2017:13:22:03 -0300] "GET / HTTP/1.1" 200 11217
186.103.157.98 - - [24/Apr/2017:13:22:03 -0300] "POST /cormun/servlet/hlogin?57f13bf2467d86397478f9bef1210ea9,gx-no-cache=1493050985142 HTTP/1.1" 200 445
186.103.157.98 - - [24/Apr/2017:13:22:14 -0300] "POST /cormun/servlet/hlogin?57f13bf2467d86397478f9bef1210ea9,gx-no-cache=1493050996367 HTTP/1.1" 200 441
200.86.10.241 - - [24/Apr/2017:13:22:15 -0300] "POST /cormun/servlet/permisosadjuntos?85347713f41c0d3eab55087081e2ded0,INS,10113000,P,20170413113253,, HTTP/1.1" 200 116
200.86.10.241 - - [24/Apr/2017:13:22:15 -0300] "GET /cormun/servlet/hpexe_return? HTTP/1.1" 200 1034
200.86.10.241 - - [24/Apr/2017:13:22:15 -0300] "GET /cormun/servlet/trpermisosadjuntos?10113000,20170413113253,P, HTTP/1.1" 200 6556
200.86.10.241 - - [24/Apr/2017:13:22:15 -0300] "GET /cormun/servlet/trpermisosadjuntos?10113000,20170413113253,P, HTTP/1.1" 200 6553
200.86.10.241 - - [24/Apr/2017:13:22:21 -0300] "GET /cormun/servlet/permisosadjuntos?INS,10113000,P,20170413113253,, HTTP/1.1" 200 5426
200.86.10.241 - - [24/Apr/2017:13:22:22 -0300] "GET /cormun/servlet/permisosadjuntos?INS,10113000,P,20170413113253,, HTTP/1.1" 200 5415
186.103.157.98 - - [24/Apr/2017:13:22:22 -0300] "POST /cormun/servlet/hlogin?57f13bf2467d86397478f9bef1210ea9,gx-no-cache=1493051004614 HTTP/1.1" 200 445
200.86.10.241 - - [24/Apr/2017:13:22:24 -0300] "GET /cormun/servlet/permisosadjuntos?INS,10113000,P,20170413113253,, HTTP/1.1" 200 5426
200.86.10.241 - - [24/Apr/2017:13:22:24 -0300] "GET /cormun/static/about:blank HTTP/1.1" 404 1011
200.86.10.241 - - [24/Apr/2017:13:22:24 -0300] "GET /cormun/servlet/permisosadjuntos?INS,10113000,P,20170413113253,, HTTP/1.1" 200 5416
200.86.10.241 - - [24/Apr/2017:13:22:35 -0300] "POST /cormun/servlet/permisosadjuntos?85347713f41c0d3eab55087081e2ded0,INS,10113000,P,20170413113253,, HTTP/1.1" 200 116
200.86.10.241 - - [24/Apr/2017:13:22:35 -0300] "GET /cormun/servlet/hpexe_return? HTTP/1.1" 200 1034
200.86.10.241 - - [24/Apr/2017:13:22:35 -0300] "GET /cormun/servlet/trpermisosadjuntos?10113000,20170413113253,P, HTTP/1.1" 200 6646
200.86.10.241 - - [24/Apr/2017:13:22:35 -0300] "GET /cormun/servlet/trpermisosadjuntos?10113000,20170413113253,P, HTTP/1.1" 200 6641
186.103.157.98 - - [24/Apr/2017:13:22:35 -0300] "POST /cormun/servlet/hlogin?57f13bf2467d86397478f9bef1210ea9,gx-no-cache=1493051017246 HTTP/1.1" 200 441
200.86.10.241 - - [24/Apr/2017:13:22:38 -0300] "GET /cormun/servlet/permisosadjuntos?DLT,10113000,P,20170413113253,20170424141655, HTTP/1.1" 200 5460
186.103.159.188 - - [24/Apr/2017:13:22:38 -0300] "GET /cormun/static/Shared/jqueryui/images/ui-bg_highlight-soft_100_c6c2c8_1x100.png HTTP/1.1" 404 1117
186.103.159.188 - - [24/Apr/2017:13:22:38 -0300] "GET /cormun/static/Shared/jqueryui/images/ui-icons_82798d_256x240.png HTTP/1.1" 404 1089
186.103.159.188 - - [24/Apr/2017:13:22:38 -0300] "GET /cormun/static/Shared/jqueryui/images/ui-bg_flat_55_fafafa_40x100.png HTTP/1.1" 404 1097
200.86.10.241 - - [24/Apr/2017:13:22:38 -0300] "GET /cormun/static/Shared/jqueryui/images/ui-icons_8d78a5_256x240.png HTTP/1.1" 404 1089
200.86.10.241 - - [24/Apr/2017:13:22:38 -0300] "GET /cormun/PublicTempStorage/jacqueline8469128.pdf HTTP/1.1" 200 49152
200.86.10.241 - - [24/Apr/2017:13:22:38 -0300] "GET /cormun/servlet/permisosadjuntos?DLT,10113000,P,20170413113253,20170424141655, HTTP/1.1" 200 5450
200.86.10.241 - - [24/Apr/2017:13:22:38 -0300] "GET /cormun/PublicTempStorage/jacqueline8469128.pdf HTTP/1.1" 206 32768
200.86.10.241 - - [24/Apr/2017:13:22:41 -0300] "GET /cormun/PublicTempStorage/jacqueline8469128.pdf HTTP/1.1" 206 143669
200.86.10.241 - - [24/Apr/2017:13:22:42 -0300] "POST /cormun/servlet/permisosadjuntos?85347713f41c0d3eab55087081e2ded0,DLT,10113000,P,20170413113253,20170424141655,,gx-no-cache=1493051024525 HTTP/1.1" 200 93
200.86.10.241 - - [24/Apr/2017:13:22:42 -0300] "GET /cormun/servlet/hpexe_return? HTTP/1.1" 200 1043
200.86.10.241 - - [24/Apr/2017:13:22:42 -0300] "GET /cormun/servlet/trpermisosadjuntos?10113000,20170413113253,P, HTTP/1.1" 200 6557
200.86.10.241 - - [24/Apr/2017:13:22:42 -0300] "GET /cormun/servlet/trpermisosadjuntos?10113000,20170413113253,P, HTTP/1.1" 200 6553
186.103.157.98 - - [24/Apr/2017:13:22:43 -0300] "POST /cormun/servlet/hlogin?57f13bf2467d86397478f9bef1210ea9,gx-no-cache=1493051025390 HTTP/1.1" 200 445
200.86.10.241 - - [24/Apr/2017:13:22:44 -0300] "POST /cormun/servlet/trpermisosadjuntos?85347713f41c0d3eab55087081e2ded0,10113000,20170413113253,P,,gx-no-cache=1493051026538 HTTP/1.1" 200 90
200.86.10.241 - - [24/Apr/2017:13:22:44 -0300] "GET /cormun/servlet/hpexe_link HTTP/1.1" 200 983
200.86.10.241 - - [24/Apr/2017:13:22:44 -0300] "GET /cormun/servlet/trpermisosgoce? HTTP/1.1" 200 7346
200.86.10.241 - - [24/Apr/2017:13:22:44 -0300] "GET /cormun/servlet/trpermisosgoce? HTTP/1.1" 200 7345
186.103.157.98 - - [24/Apr/2017:13:22:52 -0300] "POST /cormun/servlet/hlogin?57f13bf2467d86397478f9bef1210ea9,gx-no-cache=1493051034118 HTTP/1.1" 200 445
200.86.10.241 - - [24/Apr/2017:13:22:55 -0300] "POST /cormun/servlet/trpermisosgoce?85347713f41c0d3eab55087081e2ded0,,gx-no-cache=1493051037832 HTTP/1.1" 200 4626
186.103.157.98 - - [24/Apr/2017:13:23:00 -0300] "POST /cormun/servlet/hlogin?57f13bf2467d86397478f9bef1210ea9,gx-no-cache=1493051041974 HTTP/1.1" 200 445
192.168.10.13 - - [24/Apr/2017:13:23:03 -0300] "GET / HTTP/1.1" 200 11217
200.86.10.241 - - [24/Apr/2017:13:23:05 -0300] "POST /cormun/servlet/trpermisosgoce?85347713f41c0d3eab55087081e2ded0,,gx-no-cache=1493051047099 HTTP/1.1" 200 4626
186.103.157.98 - - [24/Apr/2017:13:23:11 -0300] "POST /cormun/servlet/hlogin?57f13bf2467d86397478f9bef1210ea9,gx-no-cache=1493051053581 HTTP/1.1" 200 441
186.103.157.98 - - [24/Apr/2017:13:23:16 -0300] "POST /cormun/servlet/hlogin?57f13bf2467d86397478f9bef1210ea9,gx-no-cache=1493051058549 HTTP/1.1" 200 441
200.86.10.241 - - [24/Apr/2017:13:23:20 -0300] "GET /cormun/servlet/permisogoce?INS,0,,, HTTP/1.1" 200 6547
200.86.10.241 - - [24/Apr/2017:13:23:21 -0300] "GET /cormun/servlet/permisogoce?INS,0,,, HTTP/1.1" 200 6546
200.86.10.241 - - [24/Apr/2017:13:23:36 -0300] "GET /cormun/servlet/hlogin HTTP/1.1" 200 1724
200.86.10.241 - - [24/Apr/2017:13:23:44 -0300] "POST /cormun/servlet/hlogin?85347713f41c0d3eab55087081e2ded0,gx-no-cache=1493051086261 HTTP/1.1" 200 90
200.86.10.241 - - [24/Apr/2017:13:23:44 -0300] "GET /cormun/servlet/hpexe_link HTTP/1.1" 200 963
200.86.10.241 - - [24/Apr/2017:13:23:44 -0300] "GET /cormun/static/hpexe_link.js?201731711483384 HTTP/1.1" 200 625
186.103.159.188 - - [24/Apr/2017:13:23:44 -0300] "GET /cormun/servlet/permisogoce?INS,0,,, HTTP/1.1" 200 6548
186.103.159.188 - - [24/Apr/2017:13:23:44 -0300] "GET /cormun/servlet/permisogoce?INS,0,,, HTTP/1.1" 200 6547
186.103.157.98 - - [24/Apr/2017:13:23:47 -0300] "GET /cormun/servlet/hlogin HTTP/1.1" 200 1722
186.103.159.188 - - [24/Apr/2017:13:23:48 -0300] "GET /cormun/servlet/trpermisosgoce? HTTP/1.1" 200 7346
186.103.159.188 - - [24/Apr/2017:13:23:49 -0300] "GET /cormun/servlet/trpermisosgoce? HTTP/1.1" 200 7345
186.103.157.98 - - [24/Apr/2017:13:23:58 -0300] "POST /cormun/servlet/hlogin?57f13bf2467d86397478f9bef1210ea9,gx-no-cache=1493051099960 HTTP/1.1" 200 430
186.103.159.188 - - [24/Apr/2017:13:23:58 -0300] "POST /cormun/servlet/trpermisosgoce?85347713f41c0d3eab55087081e2ded0,,gx-no-cache=1493051100333 HTTP/1.1" 200 4647
186.103.159.188 - - [24/Apr/2017:13:24:02 -0300] "GET /cormun/servlet/permisogoce?INS,0,,, HTTP/1.1" 200 6548
