192.168.10.89 - - [24/Apr/2017:17:27:33 -0300] "GET /cormun/servlet/solicitudgral2?4fcbc1dea8c3d019741065f9c465b3eccdef2a8a63ea4f9ff11a5030e9d34bce96b53e2ab4fd38a5700f9313d7043affe4121e83017f9896a09c766f8745c2764b4989d6405c6a0460551484975196e9a305357a36e7ee2684e1330aea79171998495392b6e2cc308c3b0ba18f9f2b60,gx-no-cache=1493068923869 HTTP/1.1" 200 41
192.168.10.89 - - [24/Apr/2017:17:27:35 -0300] "POST /cormun/servlet/solicitudgral2?2aec9aeab7c83b01f60ee89de91e5e06,UPD,2017,6190,,gx-no-cache=1493068925390 HTTP/1.1" 200 10675
192.168.10.89 - - [24/Apr/2017:17:27:36 -0300] "GET /cormun/servlet/solicitudgral2?4fcbc1dea8c3d019741065f9c465b3ec7712d41bc25e86a9336c261c9bcbe563dd2585f5a683ca5235aa0f013e09308511d28bd26b7483854ac2452b139f169a5daaca413432da6bb720d758d7824dd791b64a9d4ef6b1cac8e9a41681627e170a9417c3cfb78bda6c57ec0ac02406ce9850ca676a63ea059f465aa5f677bf6ce9ca20d507f4340ddfe69d8b68e8bee6ef43235ce71e8c889e0bbea0206102c1,gx-no-cache=1493068926763 HTTP/1.1" 200 29
192.168.10.89 - - [24/Apr/2017:17:27:36 -0300] "POST /cormun/servlet/solicitudgral2?gx-no-cache=1493068926797 HTTP/1.1" 200 1249
192.168.10.89 - - [24/Apr/2017:17:27:36 -0300] "POST /cormun/servlet/solicitudgral2?gx-no-cache=1493068926839 HTTP/1.1" 200 1154
186.103.159.182 - - [24/Apr/2017:17:27:40 -0300] "GET /cormun/servlet/trsolicitudot? HTTP/1.1" 200 8340
192.168.10.89 - - [24/Apr/2017:17:27:41 -0300] "GET /cormun/servlet/solicitudgral2?4fcbc1dea8c3d019741065f9c465b3ec5f34e512b6a87c8339992d2570408cb3314a12fea85e521aa4973b79adc9c944c49252efeb1ac15f75d9a67b5c7c4279260999535cc9211c7be287ec3ec014105db83cceaddbe003beb3a8c5db7075e983c04867c55e8b63e4a4340282297aeeb2e5d633629f9af9d8a1952ba6cb505b,gx-no-cache=1493068931849 HTTP/1.1" 200 30
186.103.159.182 - - [24/Apr/2017:17:27:41 -0300] "GET /cormun/servlet/trsolicitudot? HTTP/1.1" 200 8328
192.168.10.89 - - [24/Apr/2017:17:27:43 -0300] "POST /cormun/servlet/solicitudgral2?2aec9aeab7c83b01f60ee89de91e5e06,UPD,2017,6190,,gx-no-cache=1493068934085 HTTP/1.1" 200 93
192.168.10.89 - - [24/Apr/2017:17:27:43 -0300] "GET /cormun/servlet/hpexe_return? HTTP/1.1" 200 1036
192.168.10.89 - - [24/Apr/2017:17:27:44 -0300] "GET /cormun/servlet/trsolicitudgral?gx-no-cache=1493068560933 HTTP/1.1" 200 11443
192.168.10.89 - - [24/Apr/2017:17:27:47 -0300] "GET /cormun/servlet/solicitudgral2?UPD,2017,6189, HTTP/1.1" 200 12439
192.168.10.89 - - [24/Apr/2017:17:27:49 -0300] "POST /cormun/servlet/solicitudgral2?gx-no-cache=1493068939415 HTTP/1.1" 200 3202
192.168.10.89 - - [24/Apr/2017:17:27:49 -0300] "GET /cormun/servlet/solicitudgral2?4fcbc1dea8c3d019741065f9c465b3ec0c48a3cd565ca2d0fdb57cbf2d359eb6e7f4faec75739056cbe2f58921d2931be4121e83017f9896a09c766f8745c276c1b2660824239dd28e7fdcde55310010e69b024f3dcdfea04be5bd201b8b652cfb10a908c0aca6454e94364549c097678f3b316ed1a4f7d4d2aca4bcc1e3bbb7be12ef8090056a3cc9cdca5516a5644d98fbd852559e8ec4a18ae0ef1a53bea3208f597e9344823dc62c4447e9e09e4efb428595fd57d970af3d06f7d04bc4e121777dd9a096921e4371eca8653cb449ff73b03966d931beb12724a79588a8d54c1bb474ff8b148ead29a2b51baa932f220451163dcb97c7604cec8b44ad85c894a6da0b21f2569336c594049efddf1b702fc645b8388c395daf19a6ec3ead50abccec8df46e88286a7fd0cc284e93e893af214930c6486559b5b9953e93d936dc5f522ce8af1b9e942432f9676d5a05,gx-no-cache=1493068939627 HTTP/1.1" 200 257
192.168.10.89 - - [24/Apr/2017:17:27:49 -0300] "POST /cormun/servlet/solicitudgral2?gx-no-cache=1493068939655 HTTP/1.1" 200 1353
192.168.10.89 - - [24/Apr/2017:17:27:49 -0300] "GET /cormun/servlet/solicitudgral2?4fcbc1dea8c3d019741065f9c465b3eccdef2a8a63ea4f9ff11a5030e9d34bce96b53e2ab4fd38a5700f9313d7043affe4121e83017f9896a09c766f8745c2764b4989d6405c6a0460551484975196e9a305357a36e7ee2684e1330aea79171998495392b6e2cc308c3b0ba18f9f2b60,gx-no-cache=1493068939714 HTTP/1.1" 200 41
192.168.10.89 - - [24/Apr/2017:17:27:50 -0300] "POST /cormun/servlet/solicitudgral2?2aec9aeab7c83b01f60ee89de91e5e06,UPD,2017,6189,,gx-no-cache=1493068941083 HTTP/1.1" 200 10675
192.168.10.89 - - [24/Apr/2017:17:27:52 -0300] "GET /cormun/servlet/solicitudgral2?4fcbc1dea8c3d019741065f9c465b3ec7712d41bc25e86a9336c261c9bcbe563dd2585f5a683ca5235aa0f013e09308511d28bd26b7483854ac2452b139f169a5daaca413432da6bb720d758d7824dd791b64a9d4ef6b1cac8e9a41681627e170a9417c3cfb78bda6c57ec0ac02406ce9850ca676a63ea059f465aa5f677bf6ce9ca20d507f4340ddfe69d8b68e8bee6ef43235ce71e8c889e0bbea0206102c1,gx-no-cache=1493068942427 HTTP/1.1" 200 29
192.168.10.89 - - [24/Apr/2017:17:27:52 -0300] "POST /cormun/servlet/solicitudgral2?gx-no-cache=1493068942450 HTTP/1.1" 200 1249
192.168.10.89 - - [24/Apr/2017:17:27:52 -0300] "POST /cormun/servlet/solicitudgral2?gx-no-cache=1493068942487 HTTP/1.1" 200 1154
192.168.10.89 - - [24/Apr/2017:17:27:57 -0300] "GET /cormun/servlet/solicitudgral2?4fcbc1dea8c3d019741065f9c465b3ec5f34e512b6a87c8339992d2570408cb3314a12fea85e521aa4973b79adc9c944c49252efeb1ac15f75d9a67b5c7c4279260999535cc9211c7be287ec3ec014105db83cceaddbe003beb3a8c5db7075e983c04867c55e8b63e4a4340282297aeeb2e5d633629f9af9d8a1952ba6cb505b,gx-no-cache=1493068947934 HTTP/1.1" 200 30
192.168.10.89 - - [24/Apr/2017:17:27:59 -0300] "POST /cormun/servlet/solicitudgral2?2aec9aeab7c83b01f60ee89de91e5e06,UPD,2017,6189,,gx-no-cache=1493068949948 HTTP/1.1" 200 93
192.168.10.89 - - [24/Apr/2017:17:27:59 -0300] "GET /cormun/servlet/hpexe_return? HTTP/1.1" 200 1036
192.168.10.89 - - [24/Apr/2017:17:27:59 -0300] "GET /cormun/servlet/trsolicitudgral?gx-no-cache=1493068560933 HTTP/1.1" 200 11436
192.168.10.13 - - [24/Apr/2017:17:28:03 -0300] "GET / HTTP/1.1" 200 11217
192.168.10.89 - - [24/Apr/2017:17:28:19 -0300] "POST /cormun/servlet/trsolicitudgral?2aec9aeab7c83b01f60ee89de91e5e06,gx-no-cache=1493068560933,gx-no-cache=1493068969814 HTTP/1.1" 200 7255
192.168.10.89 - - [24/Apr/2017:17:28:19 -0300] "GET /cormun/static/Shared/jqueryui/images/ui-bg_flat_55_fafafa_40x100.png HTTP/1.1" 404 1097
192.168.10.89 - - [24/Apr/2017:17:28:19 -0300] "GET /cormun/static/Shared/jqueryui/images/ui-icons_8d78a5_256x240.png HTTP/1.1" 404 1089
192.168.10.89 - - [24/Apr/2017:17:28:19 -0300] "GET /cormun/static/Shared/jqueryui/images/ui-icons_82798d_256x240.png HTTP/1.1" 404 1089
192.168.10.89 - - [24/Apr/2017:17:28:19 -0300] "GET /cormun/static/Shared/jqueryui/images/ui-bg_highlight-soft_100_c6c2c8_1x100.png HTTP/1.1" 404 1117
186.103.159.182 - - [24/Apr/2017:17:28:21 -0300] "POST /cormun/servlet/trsolicitudot?1090daaf3fb87695b0d6e75ebe3ed1f8,,gx-no-cache=1493065764262 HTTP/1.1" 200 106
186.103.159.182 - - [24/Apr/2017:17:28:21 -0300] "GET /cormun/servlet/trsolicitudadjuntos?2017,6204, HTTP/1.1" 200 6158
186.103.159.182 - - [24/Apr/2017:17:28:23 -0300] "GET /cormun/servlet/trsolicitudadjuntos?2017,6204, HTTP/1.1" 200 6158
186.103.159.182 - - [24/Apr/2017:17:28:29 -0300] "GET /cormun/servlet/solicitudotadjuntos?INS,2017,6204,,1, HTTP/1.1" 200 6093
186.103.159.182 - - [24/Apr/2017:17:28:29 -0300] "GET /cormun/static/about:blank HTTP/1.1" 404 1011
186.103.159.182 - - [24/Apr/2017:17:28:30 -0300] "GET /cormun/servlet/solicitudotadjuntos?INS,2017,6204,,1, HTTP/1.1" 200 6087
186.103.159.182 - - [24/Apr/2017:17:28:31 -0300] "GET /cormun/servlet/solicitudotadjuntos?94b29bab41d84e5f04b12894ba4a265e0f73026aefe8e375234b2e0e69da7de28cbf78a0076018b67ac154ad3cc8a94b,gx-no-cache=1493065774362 HTTP/1.1" 200 30
186.103.159.182 - - [24/Apr/2017:17:28:31 -0300] "POST /cormun/servlet/solicitudotadjuntos?1090daaf3fb87695b0d6e75ebe3ed1f8,INS,2017,6204,,1,,gx-no-cache=1493065774460 HTTP/1.1" 200 3821
192.168.10.89 - - [24/Apr/2017:17:28:33 -0300] "GET /cormun/servlet/solicitudgral?UPD,2017,6188, HTTP/1.1" 200 12262
192.168.10.89 - - [24/Apr/2017:17:28:34 -0300] "POST /cormun/servlet/solicitudgral?gx-no-cache=1493068985198 HTTP/1.1" 200 3158
192.168.10.89 - - [24/Apr/2017:17:28:34 -0300] "GET /cormun/servlet/solicitudgral?4fcbc1dea8c3d019741065f9c465b3ec0c48a3cd565ca2d0fdb57cbf2d359eb6e7f4faec75739056cbe2f58921d2931be4121e83017f9896a09c766f8745c276c1b2660824239dd28e7fdcde55310010998d64892dc6de8ebb9885c0d803331bfb10a908c0aca6454e94364549c097678f3b316ed1a4f7d4d2aca4bcc1e3bbb7be12ef8090056a3cc9cdca5516a5644d98fbd852559e8ec4a18ae0ef1a53bea3208f597e9344823dc62c4447e9e09e4efb428595fd57d970af3d06f7d04bc4e121777dd9a096921e4371eca8653cb449ff73b03966d931beb12724a79588a8d54c1bb474ff8b148ead29a2b51baa932f220451163dcb97c7604cec8b44ad85c894a6da0b21f2569336c594049efddf1b702fc645b8388c395daf19a6ec3ead50abccec8df46e88286a7fd0cc284e93e893af214930c6486559b5b9953e93d936dc5f522ce8af1b9e942432f9676d5a05,gx-no-cache=1493068985367 HTTP/1.1" 200 298
186.103.159.182 - - [24/Apr/2017:17:28:35 -0300] "POST /cormun/servlet/solicitudotadjuntos?gx-no-cache=1493065778956 HTTP/1.1" 200 26
192.168.10.89 - - [24/Apr/2017:17:28:35 -0300] "GET /cormun/servlet/solicitudgral?4fcbc1dea8c3d019741065f9c465b3ecd02acd1f1a7d77508c77dcb6bbc3fadcaa7d6443d066d3ae5dde3f480a41efcdfe7f8f63145ccfac2dc682a91f60695cbfc1b601ca614ee684eacbdb6e9d654d1013be78cfcf0f4033c87aa04f1ed291c01d5e6621b84c933c3994b5e12137e752060adf5e74338ed5265023ab07bfd43e26d6d605b2d4eaf4477ed0fda248f2b6196c2ff74a2c53853b72cdcb95600c9f3d2dadebd02f78cc5723a48bbabc9c99dbcfc585d2bfeeec4d113263b01d2e4e0b61e8800127ac3530a85c44cccda3222e3a1dc6fc6679c4975d8f35ca01d5f06343a8cb33ad88cc04a8b17d98d0165d4179281443ad61240ae91f22435b0f2c321474efa87fbfe18581d76ab60c00f65d2a030989c4ead2d2132aeec689068b221674c2cab037dc278009994b57e7471219ca357cf2d0192ee6e9c8af8df619810e73d9bc31fe93bdefbf8d2e5e9fdbfb0fee7ebe5021eacc4dbed22f37b5c0483939498f91905880aff3fa4a94ebe393695a57b9a109170a54aa4209b04d3d2d53302cfd9f9ed2ba1976019ace5d832faf068766c61973e83fa3c4c21cc3a0884f430d7a69cf410abd65339fa8627e67faddcebc71bb89075d0141e30502cc552d7def4ce28c73db6d821265ef88ad0f7adec3404563f9bc1e9475086a2a41c996c3b16387b8606720e75ae7654e0b95f8998cb4c7a432a04ab1364136fcc3a80642a50f357c9074f6377c4e85a3ee88085a02199dafb47c117b055609404345d5f24b374776e87392c82c4aca39,gx-no-cache=1493068986190 HTTP/1.1" 200 48
192.168.10.89 - - [24/Apr/2017:17:28:36 -0300] "POST /cormun/servlet/solicitudgral?2aec9aeab7c83b01f60ee89de91e5e06,UPD,2017,6188,,gx-no-cache=1493068986673 HTTP/1.1" 200 10651
192.168.10.89 - - [24/Apr/2017:17:28:36 -0300] "GET /cormun/servlet/solicitudgral?4fcbc1dea8c3d019741065f9c465b3ec19095c7c69b3f6027e0b107f1a331e91dd2585f5a683ca5235aa0f013e093085ad55fda5dc6208615e49cd0dab401d84042014a4e6c6abd558879fd56488923d523cae0c44920eeeeff546c645f40df4e8a41cf73d166d9d76393606213bbfde,gx-no-cache=1493068987264 HTTP/1.1" 200 29
192.168.10.89 - - [24/Apr/2017:17:28:36 -0300] "POST /cormun/servlet/solicitudgral?gx-no-cache=1493068987288 HTTP/1.1" 200 1249
192.168.10.89 - - [24/Apr/2017:17:28:36 -0300] "POST /cormun/servlet/solicitudgral?gx-no-cache=1493068987330 HTTP/1.1" 200 1154
192.168.10.89 - - [24/Apr/2017:17:28:43 -0300] "POST /cormun/servlet/solicitudgral?2aec9aeab7c83b01f60ee89de91e5e06,UPD,2017,6188,,gx-no-cache=1493068993426 HTTP/1.1" 200 93
192.168.10.89 - - [24/Apr/2017:17:28:43 -0300] "GET /cormun/servlet/hpexe_return? HTTP/1.1" 200 1034
192.168.10.89 - - [24/Apr/2017:17:28:43 -0300] "GET /cormun/servlet/trsolicitudgral?gx-no-cache=1493068560933 HTTP/1.1" 200 10600
192.168.10.89 - - [24/Apr/2017:17:28:47 -0300] "POST /cormun/servlet/trsolicitudgral?2aec9aeab7c83b01f60ee89de91e5e06,gx-no-cache=1493068560933,gx-no-cache=1493068997847 HTTP/1.1" 200 6903
192.168.10.89 - - [24/Apr/2017:17:28:47 -0300] "GET /cormun/static/Shared/jqueryui/images/ui-icons_8d78a5_256x240.png HTTP/1.1" 404 1089
192.168.10.89 - - [24/Apr/2017:17:28:47 -0300] "GET /cormun/static/Shared/jqueryui/images/ui-bg_highlight-soft_100_c6c2c8_1x100.png HTTP/1.1" 404 1117
192.168.10.89 - - [24/Apr/2017:17:28:47 -0300] "GET /cormun/static/Shared/jqueryui/images/ui-bg_flat_55_fafafa_40x100.png HTTP/1.1" 404 1097
192.168.10.89 - - [24/Apr/2017:17:28:47 -0300] "GET /cormun/static/Shared/jqueryui/images/ui-icons_82798d_256x240.png HTTP/1.1" 404 1089
192.168.10.89 - - [24/Apr/2017:17:28:58 -0300] "GET /cormun/servlet/solicitudgral?UPD,2017,6185, HTTP/1.1" 200 12216
192.168.10.89 - - [24/Apr/2017:17:28:59 -0300] "POST /cormun/servlet/solicitudgral?gx-no-cache=1493069010292 HTTP/1.1" 200 3156
192.168.10.89 - - [24/Apr/2017:17:29:00 -0300] "GET /cormun/servlet/solicitudgral?4fcbc1dea8c3d019741065f9c465b3ec0c48a3cd565ca2d0fdb57cbf2d359eb6e7f4faec75739056cbe2f58921d2931be4121e83017f9896a09c766f8745c276c1b2660824239dd28e7fdcde55310010e69b024f3dcdfea04be5bd201b8b652cfb10a908c0aca6454e94364549c097678f3b316ed1a4f7d4d2aca4bcc1e3bbb7be12ef8090056a3cc9cdca5516a5644d98fbd852559e8ec4a18ae0ef1a53bea3208f597e9344823dc62c4447e9e09e4efb428595fd57d970af3d06f7d04bc4e121777dd9a096921e4371eca8653cb449ff73b03966d931beb12724a79588a8d54c1bb474ff8b148ead29a2b51baa932f220451163dcb97c7604cec8b44ad85c894a6da0b21f2569336c594049efddf1b702fc645b8388c395daf19a6ec3ead50abccec8df46e88286a7fd0cc284e93e893af214930c6486559b5b9953e93d936dc5f522ce8af1b9e942432f9676d5a05,gx-no-cache=1493069010466 HTTP/1.1" 200 257
192.168.10.89 - - [24/Apr/2017:17:29:00 -0300] "GET /cormun/servlet/solicitudgral?4fcbc1dea8c3d019741065f9c465b3ecd02acd1f1a7d77508c77dcb6bbc3fadcaa7d6443d066d3ae5dde3f480a41efcdfe7f8f63145ccfac2dc682a91f60695cbfc1b601ca614ee684eacbdb6e9d654d1013be78cfcf0f4033c87aa04f1ed291c01d5e6621b84c933c3994b5e12137e752060adf5e74338ed5265023ab07bfd43e26d6d605b2d4eaf4477ed0fda248f2b6196c2ff74a2c53853b72cdcb95600c9f3d2dadebd02f78cc5723a48bbabc9c99dbcfc585d2bfeeec4d113263b01d2e4e0b61e8800127ac3530a85c44cccda3222e3a1dc6fc6679c4975d8f35ca01d5f06343a8cb33ad88cc04a8b17d98d0165d4179281443ad61240ae91f22435b0f2c321474efa87fbfe18581d76ab60c00f65d2a030989c4ead2d2132aeec689068b221674c2cab037dc278009994b57e7471219ca357cf2d0192ee6e9c8af8df619810e73d9bc31fe93bdefbf8d2e5e9fdbfb0fee7ebe5021eacc4dbed22f37b5c0483939498f91905880aff3fa4a94ebe393695a57b9a109170a54aa4209b04d3d2d53302cfd9f9ed2ba1976019ace5d832faf068766c61973e83fa3c4c21cc3a0884f430d7a69cf410abd65339fa8627e67faddcebc71bb89075d0141e30502cc552d7def4ce28c73db6d821265ef88ad0f7adec3404563f9bc1e9475086a2a41c996c3b16387b8606720e75ae7654e0b95f8998cb4c7a432a04ab1364136fcc3a80642a50f357c9074f6377c4e85a3ee88085a02199dafb47c117b055609404345d5f24b374776e87392c82c4aca39,gx-no-cache=1493069011288 HTTP/1.1" 200 48
192.168.10.89 - - [24/Apr/2017:17:29:01 -0300] "POST /cormun/servlet/solicitudgral?2aec9aeab7c83b01f60ee89de91e5e06,UPD,2017,6185,,gx-no-cache=1493069011677 HTTP/1.1" 200 10613
192.168.10.89 - - [24/Apr/2017:17:29:02 -0300] "GET /cormun/servlet/solicitudgral?4fcbc1dea8c3d019741065f9c465b3ec7712d41bc25e86a9336c261c9bcbe563dd2585f5a683ca5235aa0f013e09308511d28bd26b7483854ac2452b139f169a5daaca413432da6bb720d758d7824dd791b64a9d4ef6b1cac8e9a41681627e170a9417c3cfb78bda6c57ec0ac02406ce9850ca676a63ea059f465aa5f677bf6ce9ca20d507f4340ddfe69d8b68e8bee6ef43235ce71e8c889e0bbea0206102c1,gx-no-cache=1493069012703 HTTP/1.1" 200 29
192.168.10.89 - - [24/Apr/2017:17:29:02 -0300] "POST /cormun/servlet/solicitudgral?gx-no-cache=1493069012733 HTTP/1.1" 200 1249
192.168.10.89 - - [24/Apr/2017:17:29:02 -0300] "POST /cormun/servlet/solicitudgral?gx-no-cache=1493069012769 HTTP/1.1" 200 1154
192.168.10.13 - - [24/Apr/2017:17:29:03 -0300] "GET / HTTP/1.1" 200 11217
186.103.159.182 - - [24/Apr/2017:17:29:04 -0300] "GET /cormun/servlet/solicitudotadjuntos?94b29bab41d84e5f04b12894ba4a265e5ecd8940ecb8e1a8b70e6a1d66b59c9f,gx-no-cache=1493065807807 HTTP/1.1" 200 30
186.103.159.182 - - [24/Apr/2017:17:29:04 -0300] "GET /cormun/servlet/solicitudotadjuntos?94b29bab41d84e5f04b12894ba4a265e5ecd8940ecb8e1a8b70e6a1d66b59c9f,gx-no-cache=1493065807923 HTTP/1.1" 200 30
186.103.159.182 - - [24/Apr/2017:17:29:10 -0300] "POST /cormun/servlet/solicitudotadjuntos?1090daaf3fb87695b0d6e75ebe3ed1f8,INS,2017,6204,,1, HTTP/1.1" 200 116
186.103.159.182 - - [24/Apr/2017:17:29:10 -0300] "GET /cormun/servlet/hpexe_return? HTTP/1.1" 200 1022
186.103.159.182 - - [24/Apr/2017:17:29:10 -0300] "GET /cormun/servlet/trsolicitudadjuntos?2017,6204, HTTP/1.1" 200 8321
186.103.159.182 - - [24/Apr/2017:17:29:12 -0300] "GET /cormun/servlet/trsolicitudadjuntos?2017,6204, HTTP/1.1" 200 8318
186.103.159.182 - - [24/Apr/2017:17:29:15 -0300] "GET /cormun/servlet/solicitudotadjuntos?INS,2017,6204,,1, HTTP/1.1" 200 6093
192.168.10.89 - - [24/Apr/2017:17:29:15 -0300] "POST /cormun/servlet/solicitudgral?2aec9aeab7c83b01f60ee89de91e5e06,UPD,2017,6185,,gx-no-cache=1493069025999 HTTP/1.1" 200 93
192.168.10.89 - - [24/Apr/2017:17:29:15 -0300] "GET /cormun/servlet/hpexe_return? HTTP/1.1" 200 1034
192.168.10.89 - - [24/Apr/2017:17:29:16 -0300] "GET /cormun/servlet/trsolicitudgral?gx-no-cache=1493068560933 HTTP/1.1" 200 10259
186.103.159.182 - - [24/Apr/2017:17:29:16 -0300] "GET /cormun/static/about:blank HTTP/1.1" 404 1011
186.103.159.182 - - [24/Apr/2017:17:29:16 -0300] "GET /cormun/servlet/solicitudotadjuntos?INS,2017,6204,,1, HTTP/1.1" 200 6087
186.103.159.182 - - [24/Apr/2017:17:29:16 -0300] "GET /cormun/servlet/solicitudotadjuntos?94b29bab41d84e5f04b12894ba4a265e0f73026aefe8e375234b2e0e69da7de28cbf78a0076018b67ac154ad3cc8a94b,gx-no-cache=1493065820005 HTTP/1.1" 200 30
186.103.159.182 - - [24/Apr/2017:17:29:17 -0300] "POST /cormun/servlet/solicitudotadjuntos?1090daaf3fb87695b0d6e75ebe3ed1f8,INS,2017,6204,,1,,gx-no-cache=1493065820091 HTTP/1.1" 200 3821
192.168.10.89 - - [24/Apr/2017:17:29:20 -0300] "POST /cormun/servlet/trsolicitudgral?2aec9aeab7c83b01f60ee89de91e5e06,gx-no-cache=1493068560933,gx-no-cache=1493069030701 HTTP/1.1" 200 6559
192.168.10.89 - - [24/Apr/2017:17:29:20 -0300] "GET /cormun/static/Shared/jqueryui/images/ui-icons_8d78a5_256x240.png HTTP/1.1" 404 1089
192.168.10.89 - - [24/Apr/2017:17:29:20 -0300] "GET /cormun/static/Shared/jqueryui/images/ui-icons_82798d_256x240.png HTTP/1.1" 404 1089
192.168.10.89 - - [24/Apr/2017:17:29:20 -0300] "GET /cormun/static/Shared/jqueryui/images/ui-bg_flat_55_fafafa_40x100.png HTTP/1.1" 404 1097
192.168.10.89 - - [24/Apr/2017:17:29:20 -0300] "GET /cormun/static/Shared/jqueryui/images/ui-bg_highlight-soft_100_c6c2c8_1x100.png HTTP/1.1" 404 1117
186.103.159.182 - - [24/Apr/2017:17:29:21 -0300] "POST /cormun/servlet/solicitudotadjuntos?gx-no-cache=1493065824508 HTTP/1.1" 200 26
186.103.159.204 - - [24/Apr/2017:17:29:21 -0300] "POST /cormun/servlet/trlicencias?9a7263e90c45f9e62e28f0d460470802,gx-no-cache=1493065823251 HTTP/1.1" 200 5410
186.103.159.204 - - [24/Apr/2017:17:29:21 -0300] "GET /cormun/static/Shared/jqueryui/images/ui-bg_highlight-soft_100_c6c2c8_1x100.png HTTP/1.1" 404 1117
186.103.159.204 - - [24/Apr/2017:17:29:21 -0300] "GET /cormun/static/Shared/jqueryui/images/ui-icons_82798d_256x240.png HTTP/1.1" 404 1089
186.103.159.204 - - [24/Apr/2017:17:29:21 -0300] "GET /cormun/static/Shared/jqueryui/images/ui-bg_flat_55_fafafa_40x100.png HTTP/1.1" 404 1097
186.103.159.204 - - [24/Apr/2017:17:29:21 -0300] "GET /cormun/static/Shared/jqueryui/images/ui-icons_8d78a5_256x240.png HTTP/1.1" 404 1089
192.168.10.96 - - [24/Apr/2017:17:29:25 -0300] "GET /cormun/PublicTempStorage/afp_camila_moena5415146.jpg HTTP/1.1" 200 689945
186.103.159.182 - - [24/Apr/2017:17:29:30 -0300] "GET /cormun/servlet/solicitudotadjuntos?94b29bab41d84e5f04b12894ba4a265e5ecd8940ecb8e1a8b70e6a1d66b59c9f,gx-no-cache=1493065833661 HTTP/1.1" 200 30
186.103.159.182 - - [24/Apr/2017:17:29:30 -0300] "GET /cormun/servlet/solicitudotadjuntos?94b29bab41d84e5f04b12894ba4a265e5ecd8940ecb8e1a8b70e6a1d66b59c9f,gx-no-cache=1493065833820 HTTP/1.1" 200 30
192.168.10.89 - - [24/Apr/2017:17:29:34 -0300] "GET /cormun/servlet/solicitudgral?UPD,2017,6183, HTTP/1.1" 200 12254
192.168.10.89 - - [24/Apr/2017:17:29:35 -0300] "POST /cormun/servlet/solicitudgral?gx-no-cache=1493069046308 HTTP/1.1" 200 3173
192.168.10.89 - - [24/Apr/2017:17:29:36 -0300] "GET /cormun/servlet/solicitudgral?4fcbc1dea8c3d019741065f9c465b3ec0c48a3cd565ca2d0fdb57cbf2d359eb6e7f4faec75739056cbe2f58921d2931be4121e83017f9896a09c766f8745c276c1b2660824239dd28e7fdcde55310010e69b024f3dcdfea04be5bd201b8b652cfb10a908c0aca6454e94364549c097678f3b316ed1a4f7d4d2aca4bcc1e3bbb7be12ef8090056a3cc9cdca5516a5644d98fbd852559e8ec4a18ae0ef1a53bea3208f597e9344823dc62c4447e9e09e4efb428595fd57d970af3d06f7d04bc4e121777dd9a096921e4371eca8653cb449ff73b03966d931beb12724a79588a8d54c1bb474ff8b148ead29a2b51baa932f220451163dcb97c7604cec8b44ad85c894a6da0b21f2569336c594049efddf1b702fc645b8388c395daf19a6ec3ead50abccec8df46e88286a7fd0cc284e93e893af214930c6486559b5b9953e93d936dc5f522ce8af1b9e942432f9676d5a05,gx-no-cache=1493069046548 HTTP/1.1" 200 257
186.103.159.182 - - [24/Apr/2017:17:29:36 -0300] "POST /cormun/servlet/solicitudotadjuntos?1090daaf3fb87695b0d6e75ebe3ed1f8,INS,2017,6204,,1, HTTP/1.1" 200 116
186.103.159.182 - - [24/Apr/2017:17:29:36 -0300] "GET /cormun/servlet/hpexe_return? HTTP/1.1" 200 1022
186.103.159.182 - - [24/Apr/2017:17:29:36 -0300] "GET /cormun/servlet/trsolicitudadjuntos?2017,6204, HTTP/1.1" 200 8501
192.168.10.89 - - [24/Apr/2017:17:29:37 -0300] "GET /cormun/servlet/solicitudgral?4fcbc1dea8c3d019741065f9c465b3ecd02acd1f1a7d77508c77dcb6bbc3fadcaa7d6443d066d3ae5dde3f480a41efcdfe7f8f63145ccfac2dc682a91f60695cbfc1b601ca614ee684eacbdb6e9d654d1013be78cfcf0f4033c87aa04f1ed291c01d5e6621b84c933c3994b5e12137e752060adf5e74338ed5265023ab07bfd43e26d6d605b2d4eaf4477ed0fda248f2b6196c2ff74a2c53853b72cdcb95600c9f3d2dadebd02f78cc5723a48bbabc9c99dbcfc585d2bfeeec4d113263b01d2e4e0b61e8800127ac3530a85c44cccda3222e3a1dc6fc6679c4975d8f35ca01d5f06343a8cb33ad88cc04a8b17d98d0165d4179281443ad61240ae91f22435b0f2c321474efa87fbfe18581d76ab60c00f65d2a030989c4ead2d2132aeec689068b221674c2cab037dc278009994b57e7471219ca357cf2d0192ee6e9c8af8df619810e73d9bc31fe93bdefbf8d2e5e9fdbfb0fee7ebe5021eacc4dbed22f37b5c0483939498f91905880aff3fa4a94ebe393695a57b9a109170a54aa4209b04d3d2d53302cfd9f9ed2ba1976019ace5d832faf068766c61973e83fa3c4c21cc3a0884f430d7a69cf410abd65339fa8627e67faddcebc71bb89075d0141e30502cc552d7def4ce28c73db6d821265ef88ad0f7adec3404563f9bc1e9475086a2a41c996c3b16387b8606720e75ae7654e0b95f8998cb4c7a432a04ab1364136fcc3a80642a50f357c9074f6377c4e85a3ee88085a02199dafb47c117b055609404345d5f24b374776e87392c82c4aca39,gx-no-cache=1493069047816 HTTP/1.1" 200 48
186.103.159.182 - - [24/Apr/2017:17:29:37 -0300] "GET /cormun/servlet/trsolicitudadjuntos?2017,6204, HTTP/1.1" 200 8501
192.168.10.89 - - [24/Apr/2017:17:29:37 -0300] "POST /cormun/servlet/solicitudgral?2aec9aeab7c83b01f60ee89de91e5e06,UPD,2017,6183,,gx-no-cache=1493069048234 HTTP/1.1" 200 10627
192.168.10.89 - - [24/Apr/2017:17:29:38 -0300] "GET /cormun/servlet/solicitudgral?4fcbc1dea8c3d019741065f9c465b3ec7712d41bc25e86a9336c261c9bcbe563dd2585f5a683ca5235aa0f013e09308511d28bd26b7483854ac2452b139f169a5daaca413432da6bb720d758d7824dd791b64a9d4ef6b1cac8e9a41681627e170a9417c3cfb78bda6c57ec0ac02406ce9850ca676a63ea059f465aa5f677bf6ce9ca20d507f4340ddfe69d8b68e8bee6ef43235ce71e8c889e0bbea0206102c1,gx-no-cache=1493069049202 HTTP/1.1" 200 29
192.168.10.89 - - [24/Apr/2017:17:29:38 -0300] "POST /cormun/servlet/solicitudgral?gx-no-cache=1493069049230 HTTP/1.1" 200 1249
192.168.10.89 - - [24/Apr/2017:17:29:38 -0300] "POST /cormun/servlet/solicitudgral?gx-no-cache=1493069049271 HTTP/1.1" 200 1154
186.103.159.182 - - [24/Apr/2017:17:29:39 -0300] "GET /cormun/servlet/solicitudotadjuntos?INS,2017,6204,,1, HTTP/1.1" 200 6092
186.103.159.182 - - [24/Apr/2017:17:29:40 -0300] "GET /cormun/static/about:blank HTTP/1.1" 404 1011
186.103.159.182 - - [24/Apr/2017:17:29:40 -0300] "GET /cormun/servlet/solicitudotadjuntos?INS,2017,6204,,1, HTTP/1.1" 200 6086
186.103.159.182 - - [24/Apr/2017:17:29:41 -0300] "GET /cormun/servlet/solicitudotadjuntos?94b29bab41d84e5f04b12894ba4a265e0f73026aefe8e375234b2e0e69da7de28cbf78a0076018b67ac154ad3cc8a94b,gx-no-cache=1493065844689 HTTP/1.1" 200 30
186.103.159.182 - - [24/Apr/2017:17:29:41 -0300] "POST /cormun/servlet/solicitudotadjuntos?1090daaf3fb87695b0d6e75ebe3ed1f8,INS,2017,6204,,1,,gx-no-cache=1493065844783 HTTP/1.1" 200 3820
186.103.159.204 - - [24/Apr/2017:17:29:46 -0300] "GET /cormun/servlet/trlicenciaspermisosadjuntos?16883414,20170424000000,L, HTTP/1.1" 200 6343
186.103.159.204 - - [24/Apr/2017:17:29:46 -0300] "GET /cormun/servlet/trlicenciaspermisosadjuntos?16883414,20170424000000,L, HTTP/1.1" 200 6344
192.168.10.89 - - [24/Apr/2017:17:29:48 -0300] "POST /cormun/servlet/solicitudgral?2aec9aeab7c83b01f60ee89de91e5e06,UPD,2017,6183,,gx-no-cache=1493069058914 HTTP/1.1" 200 93
192.168.10.89 - - [24/Apr/2017:17:29:48 -0300] "GET /cormun/servlet/hpexe_return? HTTP/1.1" 200 1034
192.168.10.89 - - [24/Apr/2017:17:29:48 -0300] "GET /cormun/servlet/trsolicitudgral?gx-no-cache=1493068560933 HTTP/1.1" 200 9909
186.103.159.182 - - [24/Apr/2017:17:29:53 -0300] "POST /cormun/servlet/solicitudotadjuntos?gx-no-cache=1493065856587 HTTP/1.1" 200 26
192.168.10.89 - - [24/Apr/2017:17:29:57 -0300] "POST /cormun/servlet/trsolicitudgral?2aec9aeab7c83b01f60ee89de91e5e06,gx-no-cache=1493068560933,gx-no-cache=1493069067543 HTTP/1.1" 200 5393
192.168.10.89 - - [24/Apr/2017:17:29:57 -0300] "GET /cormun/static/Shared/jqueryui/images/ui-bg_highlight-soft_100_c6c2c8_1x100.png HTTP/1.1" 404 1117
192.168.10.89 - - [24/Apr/2017:17:29:57 -0300] "GET /cormun/static/Shared/jqueryui/images/ui-icons_8d78a5_256x240.png HTTP/1.1" 404 1089
192.168.10.89 - - [24/Apr/2017:17:29:57 -0300] "GET /cormun/static/Shared/jqueryui/images/ui-bg_flat_55_fafafa_40x100.png HTTP/1.1" 404 1097
192.168.10.89 - - [24/Apr/2017:17:29:57 -0300] "GET /cormun/static/Shared/jqueryui/images/ui-icons_82798d_256x240.png HTTP/1.1" 404 1089
186.103.159.182 - - [24/Apr/2017:17:30:00 -0300] "GET /cormun/servlet/solicitudotadjuntos?94b29bab41d84e5f04b12894ba4a265e5ecd8940ecb8e1a8b70e6a1d66b59c9f,gx-no-cache=1493065863838 HTTP/1.1" 200 30
186.103.159.182 - - [24/Apr/2017:17:30:00 -0300] "GET /cormun/servlet/solicitudotadjuntos?94b29bab41d84e5f04b12894ba4a265e5ecd8940ecb8e1a8b70e6a1d66b59c9f,gx-no-cache=1493065863885 HTTP/1.1" 200 30
192.168.10.13 - - [24/Apr/2017:17:30:03 -0300] "GET / HTTP/1.1" 200 11217
186.103.159.182 - - [24/Apr/2017:17:30:04 -0300] "POST /cormun/servlet/solicitudotadjuntos?1090daaf3fb87695b0d6e75ebe3ed1f8,INS,2017,6204,,1, HTTP/1.1" 200 116
186.103.159.182 - - [24/Apr/2017:17:30:04 -0300] "GET /cormun/servlet/hpexe_return? HTTP/1.1" 200 1022
186.103.159.182 - - [24/Apr/2017:17:30:04 -0300] "GET /cormun/servlet/trsolicitudadjuntos?2017,6204, HTTP/1.1" 200 8640
186.103.159.182 - - [24/Apr/2017:17:30:05 -0300] "GET /cormun/servlet/trsolicitudadjuntos?2017,6204, HTTP/1.1" 200 8639
192.168.10.89 - - [24/Apr/2017:17:30:07 -0300] "POST /cormun/servlet/trsolicitudgral?2aec9aeab7c83b01f60ee89de91e5e06,gx-no-cache=1493068560933,gx-no-cache=1493069077392 HTTP/1.1" 200 10813
186.103.159.182 - - [24/Apr/2017:17:30:08 -0300] "GET /cormun/servlet/solicitudotadjuntos?INS,2017,6204,,1, HTTP/1.1" 200 6092
186.103.159.182 - - [24/Apr/2017:17:30:08 -0300] "GET /cormun/static/about:blank HTTP/1.1" 404 1011
186.103.159.182 - - [24/Apr/2017:17:30:09 -0300] "GET /cormun/servlet/solicitudotadjuntos?INS,2017,6204,,1, HTTP/1.1" 200 6086
186.103.159.182 - - [24/Apr/2017:17:30:09 -0300] "GET /cormun/servlet/solicitudotadjuntos?94b29bab41d84e5f04b12894ba4a265e0f73026aefe8e375234b2e0e69da7de28cbf78a0076018b67ac154ad3cc8a94b,gx-no-cache=1493065873164 HTTP/1.1" 200 30
186.103.159.182 - - [24/Apr/2017:17:30:10 -0300] "POST /cormun/servlet/solicitudotadjuntos?1090daaf3fb87695b0d6e75ebe3ed1f8,INS,2017,6204,,1,,gx-no-cache=1493065873244 HTTP/1.1" 200 3820
186.103.159.182 - - [24/Apr/2017:17:30:18 -0300] "POST /cormun/servlet/solicitudotadjuntos?gx-no-cache=1493065881962 HTTP/1.1" 200 26
192.168.10.89 - - [24/Apr/2017:17:30:24 -0300] "POST /cormun/servlet/trsolicitudgral?2aec9aeab7c83b01f60ee89de91e5e06,gx-no-cache=1493068560933,gx-no-cache=1493069094538 HTTP/1.1" 200 6543
192.168.10.89 - - [24/Apr/2017:17:30:31 -0300] "GET /cormun/servlet/solicitudgral?UPD,2017,6181, HTTP/1.1" 200 12260
192.168.10.89 - - [24/Apr/2017:17:30:32 -0300] "POST /cormun/servlet/solicitudgral?gx-no-cache=1493069102694 HTTP/1.1" 200 3180
192.168.10.89 - - [24/Apr/2017:17:30:32 -0300] "GET /cormun/servlet/solicitudgral?4fcbc1dea8c3d019741065f9c465b3ec0c48a3cd565ca2d0fdb57cbf2d359eb6e7f4faec75739056cbe2f58921d2931be4121e83017f9896a09c766f8745c276c1b2660824239dd28e7fdcde55310010e69b024f3dcdfea04be5bd201b8b652cfb10a908c0aca6454e94364549c097678f3b316ed1a4f7d4d2aca4bcc1e3bbb7be12ef8090056a3cc9cdca5516a5644d98fbd852559e8ec4a18ae0ef1a53bea3208f597e9344823dc62c4447e9e09e4efb428595fd57d970af3d06f7d04bc4e121777dd9a096921e4371eca8653cb449ff73b03966d931beb12724a79588a8d54c1bb474ff8b148ead29a2b51baa932f220451163dcb97c7604cec8b44ad85c894a6da0b21f2569336c594049efddf1b702fc645b8388c395daf19a6ec3ead50abccec8df46e88286a7fd0cc284e93e893af214930c6486559b5b9953e93d936dc5f522ce8af1b9e942432f9676d5a05,gx-no-cache=1493069102899 HTTP/1.1" 200 257
192.168.10.89 - - [24/Apr/2017:17:30:33 -0300] "GET /cormun/servlet/solicitudgral?4fcbc1dea8c3d019741065f9c465b3ecd02acd1f1a7d77508c77dcb6bbc3fadcaa7d6443d066d3ae5dde3f480a41efcdfe7f8f63145ccfac2dc682a91f60695cbfc1b601ca614ee684eacbdb6e9d654d1013be78cfcf0f4033c87aa04f1ed291c01d5e6621b84c933c3994b5e12137e752060adf5e74338ed5265023ab07bfd43e26d6d605b2d4eaf4477ed0fda248f2b6196c2ff74a2c53853b72cdcb95600c9f3d2dadebd02f78cc5723a48bbabc9c99dbcfc585d2bfeeec4d113263b01d2e4e0b61e8800127ac3530a85c44cccda3222e3a1dc6fc6679c4975d8f35ca01d5f06343a8cb33ad88cc04a8b17d98d0165d4179281443ad61240ae91f22435b0f2c321474efa87fbfe18581d76ab60c00f65d2a030989c4ead2d2132aeec689068b221674c2cab037dc278009994b57e7471219ca357cf2d0192ee6e9c8af8df619810e73d9bc31fe93bdefbf8d2e5e9fdbfb0fee7ebe5021eacc4dbed22f37b5c0483939498f91905880aff3fa4a94ebe393695a57b9a109170a54aa4209b04d3d2d53302cfd9f9ed2ba1976019ace5d832faf068766c61973e83fa3c4c21cc3a0884f430d7a69cf410abd65339fa8627e67faddcebc71bb89075d0141e30502cc552d7def4ce28c73db6d821265ef88ad0f7adec3404563f9bc1e9475086a2a41c996c3b16387b8606720e75ae7654e0b95f8998cb4c7a432a04ab1364136fcc3a80642a50f357c9074f6377c4e85a3ee88085a02199dafb47c117b055609404345d5f24b374776e87392c82c4aca39,gx-no-cache=1493069103984 HTTP/1.1" 200 48
192.168.10.89 - - [24/Apr/2017:17:30:34 -0300] "POST /cormun/servlet/solicitudgral?2aec9aeab7c83b01f60ee89de91e5e06,UPD,2017,6181,,gx-no-cache=1493069104408 HTTP/1.1" 200 10620
192.168.10.89 - - [24/Apr/2017:17:30:35 -0300] "GET /cormun/servlet/solicitudgral?4fcbc1dea8c3d019741065f9c465b3ec50a911af846b474e6eacafd7c951fb9cdd2585f5a683ca5235aa0f013e09308596f10319e9b0a17d67903bdf07e81eb1a7d1aa427cfaea159216adcc650e795391b64a9d4ef6b1cac8e9a41681627e178bdef9741ce34246aa7943261bdb52aa62ce896a58d45dd81efb186733accdcb1f169e8319e1d8d252b79fd27df488ff7cc22ddcff9a9c494e401ee1e087b11f,gx-no-cache=1493069105548 HTTP/1.1" 200 29
192.168.10.89 - - [24/Apr/2017:17:30:35 -0300] "POST /cormun/servlet/solicitudgral?gx-no-cache=1493069105609 HTTP/1.1" 200 1249
192.168.10.89 - - [24/Apr/2017:17:30:35 -0300] "POST /cormun/servlet/solicitudgral?gx-no-cache=1493069105651 HTTP/1.1" 200 1154
186.103.159.182 - - [24/Apr/2017:17:30:37 -0300] "GET /cormun/servlet/solicitudotadjuntos?94b29bab41d84e5f04b12894ba4a265e5ecd8940ecb8e1a8b70e6a1d66b59c9f,gx-no-cache=1493065900775 HTTP/1.1" 200 30
186.103.159.182 - - [24/Apr/2017:17:30:37 -0300] "GET /cormun/servlet/solicitudotadjuntos?94b29bab41d84e5f04b12894ba4a265e5ecd8940ecb8e1a8b70e6a1d66b59c9f,gx-no-cache=1493065900846 HTTP/1.1" 200 30
186.103.159.182 - - [24/Apr/2017:17:30:37 -0300] "POST /cormun/servlet/solicitudotadjuntos?1090daaf3fb87695b0d6e75ebe3ed1f8,INS,2017,6204,,1,,gx-no-cache=1493065900915 HTTP/1.1" 200 93
186.103.159.182 - - [24/Apr/2017:17:30:37 -0300] "GET /cormun/servlet/hpexe_return? HTTP/1.1" 200 1022
186.103.159.182 - - [24/Apr/2017:17:30:38 -0300] "GET /cormun/servlet/trsolicitudadjuntos?2017,6204, HTTP/1.1" 200 8729
186.103.159.182 - - [24/Apr/2017:17:30:39 -0300] "GET /cormun/servlet/trsolicitudadjuntos?2017,6204, HTTP/1.1" 200 8729
186.103.159.182 - - [24/Apr/2017:17:30:43 -0300] "GET /cormun/servlet/solicitudotadjuntos?INS,2017,6204,,1, HTTP/1.1" 200 6093
186.103.159.182 - - [24/Apr/2017:17:30:44 -0300] "GET /cormun/static/about:blank HTTP/1.1" 404 1011
186.103.159.182 - - [24/Apr/2017:17:30:44 -0300] "GET /cormun/servlet/solicitudotadjuntos?INS,2017,6204,,1, HTTP/1.1" 200 6087
186.103.159.182 - - [24/Apr/2017:17:30:44 -0300] "GET /cormun/servlet/solicitudotadjuntos?94b29bab41d84e5f04b12894ba4a265e0f73026aefe8e375234b2e0e69da7de28cbf78a0076018b67ac154ad3cc8a94b,gx-no-cache=1493065908244 HTTP/1.1" 200 30
186.103.159.182 - - [24/Apr/2017:17:30:45 -0300] "POST /cormun/servlet/solicitudotadjuntos?1090daaf3fb87695b0d6e75ebe3ed1f8,INS,2017,6204,,1,,gx-no-cache=1493065908323 HTTP/1.1" 200 3821
186.103.159.182 - - [24/Apr/2017:17:30:48 -0300] "POST /cormun/servlet/solicitudotadjuntos?gx-no-cache=1493065911387 HTTP/1.1" 200 26
192.168.10.89 - - [24/Apr/2017:17:30:51 -0300] "POST /cormun/servlet/solicitudgral?2aec9aeab7c83b01f60ee89de91e5e06,UPD,2017,6181,,gx-no-cache=1493069121764 HTTP/1.1" 200 93
192.168.10.89 - - [24/Apr/2017:17:30:51 -0300] "GET /cormun/servlet/hpexe_return? HTTP/1.1" 200 1034
192.168.10.89 - - [24/Apr/2017:17:30:51 -0300] "GET /cormun/servlet/trsolicitudgral?gx-no-cache=1493068560933 HTTP/1.1" 200 9932
186.103.159.182 - - [24/Apr/2017:17:30:56 -0300] "GET /cormun/servlet/solicitudotadjuntos?94b29bab41d84e5f04b12894ba4a265e5ecd8940ecb8e1a8b70e6a1d66b59c9f,gx-no-cache=1493065919333 HTTP/1.1" 200 30
186.103.159.182 - - [24/Apr/2017:17:30:56 -0300] "GET /cormun/servlet/solicitudotadjuntos?94b29bab41d84e5f04b12894ba4a265e5ecd8940ecb8e1a8b70e6a1d66b59c9f,gx-no-cache=1493065919385 HTTP/1.1" 200 30
192.168.10.89 - - [24/Apr/2017:17:30:59 -0300] "POST /cormun/servlet/trsolicitudgral?2aec9aeab7c83b01f60ee89de91e5e06,gx-no-cache=1493068560933,gx-no-cache=1493069129334 HTTP/1.1" 200 5411
192.168.10.89 - - [24/Apr/2017:17:30:59 -0300] "GET /cormun/static/Shared/jqueryui/images/ui-bg_flat_55_fafafa_40x100.png HTTP/1.1" 404 1097
192.168.10.89 - - [24/Apr/2017:17:30:59 -0300] "GET /cormun/static/Shared/jqueryui/images/ui-bg_highlight-soft_100_c6c2c8_1x100.png HTTP/1.1" 404 1117
192.168.10.89 - - [24/Apr/2017:17:30:59 -0300] "GET /cormun/static/Shared/jqueryui/images/ui-icons_82798d_256x240.png HTTP/1.1" 404 1089
192.168.10.89 - - [24/Apr/2017:17:30:59 -0300] "GET /cormun/static/Shared/jqueryui/images/ui-icons_8d78a5_256x240.png HTTP/1.1" 404 1089
186.103.159.182 - - [24/Apr/2017:17:31:01 -0300] "POST /cormun/servlet/solicitudotadjuntos?1090daaf3fb87695b0d6e75ebe3ed1f8,INS,2017,6204,,1, HTTP/1.1" 200 116
186.103.159.182 - - [24/Apr/2017:17:31:01 -0300] "GET /cormun/servlet/hpexe_return? HTTP/1.1" 200 1022
186.103.159.182 - - [24/Apr/2017:17:31:01 -0300] "GET /cormun/servlet/trsolicitudadjuntos?2017,6204, HTTP/1.1" 200 8961
186.103.159.182 - - [24/Apr/2017:17:31:03 -0300] "GET /cormun/servlet/trsolicitudadjuntos?2017,6204, HTTP/1.1" 200 8959
192.168.10.13 - - [24/Apr/2017:17:31:03 -0300] "GET / HTTP/1.1" 200 11217
186.103.159.204 - - [24/Apr/2017:17:31:03 -0300] "GET /cormun/servlet/trlicencias HTTP/1.1" 200 8025
186.103.159.204 - - [24/Apr/2017:17:31:03 -0300] "GET /cormun/servlet/trlicencias HTTP/1.1" 200 8020
186.103.159.182 - - [24/Apr/2017:17:31:05 -0300] "GET /cormun/servlet/solicitudotadjuntos?INS,2017,6204,,1, HTTP/1.1" 200 6093
186.103.159.182 - - [24/Apr/2017:17:31:05 -0300] "GET /cormun/static/about:blank HTTP/1.1" 404 1011
186.103.159.182 - - [24/Apr/2017:17:31:06 -0300] "GET /cormun/servlet/solicitudotadjuntos?INS,2017,6204,,1, HTTP/1.1" 200 6087
186.103.159.182 - - [24/Apr/2017:17:31:07 -0300] "GET /cormun/servlet/solicitudotadjuntos?94b29bab41d84e5f04b12894ba4a265e0f73026aefe8e375234b2e0e69da7de28cbf78a0076018b67ac154ad3cc8a94b,gx-no-cache=1493065930523 HTTP/1.1" 200 30
186.103.159.182 - - [24/Apr/2017:17:31:07 -0300] "POST /cormun/servlet/solicitudotadjuntos?1090daaf3fb87695b0d6e75ebe3ed1f8,INS,2017,6204,,1,,gx-no-cache=1493065930596 HTTP/1.1" 200 3821
186.103.159.182 - - [24/Apr/2017:17:31:11 -0300] "POST /cormun/servlet/solicitudotadjuntos?gx-no-cache=1493065933948 HTTP/1.1" 200 26
192.168.10.89 - - [24/Apr/2017:17:31:11 -0300] "POST /cormun/servlet/trsolicitudgral?2aec9aeab7c83b01f60ee89de91e5e06,gx-no-cache=1493068560933,gx-no-cache=1493069142164 HTTP/1.1" 200 10477
186.103.159.204 - - [24/Apr/2017:17:31:25 -0300] "GET /cormun/servlet/trlicenciaspermisosadjuntos?16883414,20170424000000,L, HTTP/1.1" 200 6343
186.103.159.204 - - [24/Apr/2017:17:31:25 -0300] "GET /cormun/servlet/trlicenciaspermisosadjuntos?16883414,20170424000000,L, HTTP/1.1" 200 6344
186.103.159.182 - - [24/Apr/2017:17:31:25 -0300] "GET /cormun/servlet/solicitudotadjuntos?94b29bab41d84e5f04b12894ba4a265e5ecd8940ecb8e1a8b70e6a1d66b59c9f,gx-no-cache=1493065949265 HTTP/1.1" 200 30
186.103.159.182 - - [24/Apr/2017:17:31:25 -0300] "GET /cormun/servlet/solicitudotadjuntos?94b29bab41d84e5f04b12894ba4a265e5ecd8940ecb8e1a8b70e6a1d66b59c9f,gx-no-cache=1493065949298 HTTP/1.1" 200 30
186.103.159.182 - - [24/Apr/2017:17:31:27 -0300] "POST /cormun/servlet/solicitudotadjuntos?1090daaf3fb87695b0d6e75ebe3ed1f8,INS,2017,6204,,1, HTTP/1.1" 200 116
186.103.159.182 - - [24/Apr/2017:17:31:27 -0300] "GET /cormun/servlet/hpexe_return? HTTP/1.1" 200 1022
186.103.159.182 - - [24/Apr/2017:17:31:28 -0300] "GET /cormun/servlet/trsolicitudadjuntos?2017,6204, HTTP/1.1" 200 9155
186.103.159.182 - - [24/Apr/2017:17:31:29 -0300] "GET /cormun/servlet/trsolicitudadjuntos?2017,6204, HTTP/1.1" 200 9153
192.168.10.89 - - [24/Apr/2017:17:31:29 -0300] "POST /cormun/servlet/trsolicitudgral?2aec9aeab7c83b01f60ee89de91e5e06,gx-no-cache=1493068560933,gx-no-cache=1493069160041 HTTP/1.1" 200 9195
186.103.159.182 - - [24/Apr/2017:17:31:38 -0300] "GET /cormun/servlet/solicitudotadjuntos?DLT,2017,6204,CERTIF4,0, HTTP/1.1" 200 5989
186.103.159.182 - - [24/Apr/2017:17:31:38 -0300] "GET /cormun/static/about:blank HTTP/1.1" 404 1011
186.103.159.182 - - [24/Apr/2017:17:31:39 -0300] "GET /cormun/static/Shared/jqueryui/images/ui-bg_highlight-soft_100_c6c2c8_1x100.png HTTP/1.1" 404 1117
186.103.159.182 - - [24/Apr/2017:17:31:39 -0300] "GET /cormun/static/Shared/jqueryui/images/ui-bg_flat_55_fafafa_40x100.png HTTP/1.1" 404 1097
186.103.159.182 - - [24/Apr/2017:17:31:39 -0300] "GET /cormun/static/Shared/jqueryui/images/ui-icons_82798d_256x240.png HTTP/1.1" 404 1089
186.103.159.182 - - [24/Apr/2017:17:31:39 -0300] "GET /cormun/static/Shared/jqueryui/images/ui-icons_8d78a5_256x240.png HTTP/1.1" 404 1089
186.103.159.182 - - [24/Apr/2017:17:31:39 -0300] "GET /cormun/servlet/solicitudotadjuntos?DLT,2017,6204,CERTIF4,0, HTTP/1.1" 200 5983
192.168.10.89 - - [24/Apr/2017:17:31:40 -0300] "GET /cormun/servlet/solicitudgral?UPD,2017,6180, HTTP/1.1" 200 12311
192.168.10.89 - - [24/Apr/2017:17:31:41 -0300] "POST /cormun/servlet/solicitudgral?gx-no-cache=1493069172075 HTTP/1.1" 200 3210
192.168.10.89 - - [24/Apr/2017:17:31:41 -0300] "GET /cormun/servlet/solicitudgral?4fcbc1dea8c3d019741065f9c465b3ec0c48a3cd565ca2d0fdb57cbf2d359eb6e7f4faec75739056cbe2f58921d2931be4121e83017f9896a09c766f8745c276c1b2660824239dd28e7fdcde55310010998d64892dc6de8ebb9885c0d803331bfb10a908c0aca6454e94364549c097678f3b316ed1a4f7d4d2aca4bcc1e3bbb7be12ef8090056a3cc9cdca5516a5644d98fbd852559e8ec4a18ae0ef1a53bea3208f597e9344823dc62c4447e9e09e4efb428595fd57d970af3d06f7d04bc4e121777dd9a096921e4371eca8653cb449ff73b03966d931beb12724a79588a8d54c1bb474ff8b148ead29a2b51baa932f220451163dcb97c7604cec8b44ad85c894a6da0b21f2569336c594049efddf1b702fc645b8388c395daf19a6ec3ead50abccec8df46e88286a7fd0cc284e93e893af214930c6486559b5b9953e93d936dc5f522ce8af1b9e942432f9676d5a05,gx-no-cache=1493069172289 HTTP/1.1" 200 298
192.168.10.89 - - [24/Apr/2017:17:31:42 -0300] "GET /cormun/servlet/solicitudgral?4fcbc1dea8c3d019741065f9c465b3ecd02acd1f1a7d77508c77dcb6bbc3fadcaa7d6443d066d3ae5dde3f480a41efcdfe7f8f63145ccfac2dc682a91f60695cbfc1b601ca614ee684eacbdb6e9d654d1013be78cfcf0f4033c87aa04f1ed291c01d5e6621b84c933c3994b5e12137e752060adf5e74338ed5265023ab07bfd43e26d6d605b2d4eaf4477ed0fda248f2b6196c2ff74a2c53853b72cdcb95600c9f3d2dadebd02f78cc5723a48bbabc9c99dbcfc585d2bfeeec4d113263b01d2e4e0b61e8800127ac3530a85c44cccda3222e3a1dc6fc6679c4975d8f35ca01d5f06343a8cb33ad88cc04a8b17d98d0165d4179281443ad61240ae91f22435b0f2c321474efa87fbfe18581d76ab60c00f65d2a030989c4ead2d2132aeec689068b221674c2cab037dc278009994b57e7471219ca357cf2d0192ee6e9c8af8df619810e73d9bc31fe93bdefbf8d2e5e9fdbfb0fee7ebe5021eacc4dbed22f37b5c0483939498f91905880aff3fa4a94ebe393695a57b9a109170a54aa4209b04d3d2d53302cfd9f9ed2ba1976019ace5d832faf068766c61973e83fa3c4c21cc3a0884f430d7a69cf410abd65339fa8627e67faddcebc71bb89075d0141e30502cc552d7def4ce28c73db6d821265ef88ad0f7adec3404563f9bc1e9475086a2a41c996c3b16387b8606720e75ae7654e0b95f8998cb4c7a432a04ab1364136fcc3a80642a50f357c9074f6377c4e85a3ee88085a02199dafb47c117b055609404345d5f24b374776e87392c82c4aca39,gx-no-cache=1493069172840 HTTP/1.1" 200 48
192.168.10.89 - - [24/Apr/2017:17:31:42 -0300] "POST /cormun/servlet/solicitudgral?2aec9aeab7c83b01f60ee89de91e5e06,UPD,2017,6180,,gx-no-cache=1493069173093 HTTP/1.1" 200 10671
192.168.10.89 - - [24/Apr/2017:17:31:42 -0300] "GET /cormun/servlet/solicitudgral?4fcbc1dea8c3d019741065f9c465b3ec19095c7c69b3f6027e0b107f1a331e91dd2585f5a683ca5235aa0f013e093085ad55fda5dc6208615e49cd0dab401d84042014a4e6c6abd558879fd56488923d523cae0c44920eeeeff546c645f40df4e8a41cf73d166d9d76393606213bbfde,gx-no-cache=1493069173354 HTTP/1.1" 200 29
192.168.10.89 - - [24/Apr/2017:17:31:42 -0300] "POST /cormun/servlet/solicitudgral?gx-no-cache=1493069173375 HTTP/1.1" 200 1249
192.168.10.89 - - [24/Apr/2017:17:31:42 -0300] "POST /cormun/servlet/solicitudgral?gx-no-cache=1493069173410 HTTP/1.1" 200 1154
192.168.10.89 - - [24/Apr/2017:17:31:46 -0300] "POST /cormun/servlet/solicitudgral?2aec9aeab7c83b01f60ee89de91e5e06,UPD,2017,6180,,gx-no-cache=1493069176543 HTTP/1.1" 200 93
192.168.10.89 - - [24/Apr/2017:17:31:46 -0300] "GET /cormun/servlet/hpexe_return? HTTP/1.1" 200 1034
192.168.10.89 - - [24/Apr/2017:17:31:46 -0300] "GET /cormun/servlet/trsolicitudgral?gx-no-cache=1493068560933 HTTP/1.1" 200 12568
186.103.159.182 - - [24/Apr/2017:17:31:51 -0300] "POST /cormun/servlet/solicitudotadjuntos?1090daaf3fb87695b0d6e75ebe3ed1f8,DLT,2017,6204,CERTIF4,0,,gx-no-cache=1493065974628 HTTP/1.1" 200 93
186.103.159.182 - - [24/Apr/2017:17:31:51 -0300] "GET /cormun/servlet/hpexe_return? HTTP/1.1" 200 1028
186.103.159.182 - - [24/Apr/2017:17:31:52 -0300] "GET /cormun/servlet/trsolicitudadjuntos?2017,6204, HTTP/1.1" 200 8983
186.103.159.182 - - [24/Apr/2017:17:31:53 -0300] "GET /cormun/servlet/trsolicitudadjuntos?2017,6204, HTTP/1.1" 200 8977
192.168.10.89 - - [24/Apr/2017:17:31:56 -0300] "POST /cormun/servlet/trsolicitudgral?2aec9aeab7c83b01f60ee89de91e5e06,gx-no-cache=1493068560933,gx-no-cache=1493069187034 HTTP/1.1" 200 8890
192.168.10.89 - - [24/Apr/2017:17:31:57 -0300] "GET /cormun/static/Shared/jqueryui/images/ui-icons_8d78a5_256x240.png HTTP/1.1" 404 1089
192.168.10.89 - - [24/Apr/2017:17:31:57 -0300] "GET /cormun/static/Shared/jqueryui/images/ui-bg_highlight-soft_100_c6c2c8_1x100.png HTTP/1.1" 404 1117
192.168.10.89 - - [24/Apr/2017:17:31:57 -0300] "GET /cormun/static/Shared/jqueryui/images/ui-bg_flat_55_fafafa_40x100.png HTTP/1.1" 404 1097
192.168.10.89 - - [24/Apr/2017:17:31:57 -0300] "GET /cormun/static/Shared/jqueryui/images/ui-icons_82798d_256x240.png HTTP/1.1" 404 1089
186.103.159.204 - - [24/Apr/2017:17:31:58 -0300] "GET /cormun/servlet/trlicencias HTTP/1.1" 200 8025
186.103.159.204 - - [24/Apr/2017:17:31:59 -0300] "GET /cormun/servlet/trlicencias HTTP/1.1" 200 8020
192.168.10.13 - - [24/Apr/2017:17:32:03 -0300] "GET / HTTP/1.1" 200 11217
186.103.159.182 - - [24/Apr/2017:17:32:03 -0300] "GET /cormun/servlet/solicitudotadjuntos?INS,2017,6204,,1, HTTP/1.1" 200 6093
186.103.159.182 - - [24/Apr/2017:17:32:03 -0300] "GET /cormun/static/about:blank HTTP/1.1" 404 1011
186.103.159.182 - - [24/Apr/2017:17:32:04 -0300] "GET /cormun/servlet/solicitudotadjuntos?INS,2017,6204,,1, HTTP/1.1" 200 6087
186.103.159.204 - - [24/Apr/2017:17:32:04 -0300] "GET /cormun/servlet/trlicenciaspermisosadjuntos?16883414,20170424000000,L, HTTP/1.1" 200 6343
186.103.159.182 - - [24/Apr/2017:17:32:05 -0300] "GET /cormun/servlet/solicitudotadjuntos?94b29bab41d84e5f04b12894ba4a265e0f73026aefe8e375234b2e0e69da7de28cbf78a0076018b67ac154ad3cc8a94b,gx-no-cache=1493065988284 HTTP/1.1" 200 30
186.103.159.182 - - [24/Apr/2017:17:32:05 -0300] "POST /cormun/servlet/solicitudotadjuntos?1090daaf3fb87695b0d6e75ebe3ed1f8,INS,2017,6204,,1,,gx-no-cache=1493065988361 HTTP/1.1" 200 3821
186.103.159.204 - - [24/Apr/2017:17:32:05 -0300] "GET /cormun/servlet/trlicenciaspermisosadjuntos?16883414,20170424000000,L, HTTP/1.1" 200 6344
186.103.159.182 - - [24/Apr/2017:17:32:09 -0300] "POST /cormun/servlet/solicitudotadjuntos?gx-no-cache=1493065992767 HTTP/1.1" 200 26
192.168.10.89 - - [24/Apr/2017:17:32:10 -0300] "GET /cormun/servlet/solicitudgral2?UPD,2017,6179, HTTP/1.1" 200 12478
192.168.10.89 - - [24/Apr/2017:17:32:11 -0300] "POST /cormun/servlet/solicitudgral2?gx-no-cache=1493069201884 HTTP/1.1" 200 3205
192.168.10.89 - - [24/Apr/2017:17:32:11 -0300] "GET /cormun/servlet/solicitudgral2?4fcbc1dea8c3d019741065f9c465b3ec0c48a3cd565ca2d0fdb57cbf2d359eb6e7f4faec75739056cbe2f58921d2931be4121e83017f9896a09c766f8745c276c1b2660824239dd28e7fdcde55310010e69b024f3dcdfea04be5bd201b8b652cfb10a908c0aca6454e94364549c097678f3b316ed1a4f7d4d2aca4bcc1e3bbb7be12ef8090056a3cc9cdca5516a5644d98fbd852559e8ec4a18ae0ef1a53bea3208f597e9344823dc62c4447e9e09e4efb428595fd57d970af3d06f7d04bc4e121777dd9a096921e4371eca8653cb449ff73b03966d931beb12724a79588a8d54c1bb474ff8b148ead29a2b51baa932f220451163dcb97c7604cec8b44ad85c894a6da0b21f2569336c594049efddf1b702fc645b8388c395daf19a6ec3ead50abccec8df46e88286a7fd0cc284e93e893af214930c6486559b5b9953e93d936dc5f522ce8af1b9e942432f9676d5a05,gx-no-cache=1493069202076 HTTP/1.1" 200 257
192.168.10.89 - - [24/Apr/2017:17:32:11 -0300] "POST /cormun/servlet/solicitudgral2?gx-no-cache=1493069202106 HTTP/1.1" 200 1353
192.168.10.89 - - [24/Apr/2017:17:32:11 -0300] "GET /cormun/servlet/solicitudgral2?4fcbc1dea8c3d019741065f9c465b3eccdef2a8a63ea4f9ff11a5030e9d34bce96b53e2ab4fd38a5700f9313d7043affe4121e83017f9896a09c766f8745c2764b4989d6405c6a0460551484975196e9a305357a36e7ee2684e1330aea79171998495392b6e2cc308c3b0ba18f9f2b60,gx-no-cache=1493069202166 HTTP/1.1" 200 41
186.103.159.204 - - [24/Apr/2017:17:32:13 -0300] "GET /cormun/servlet/licenciaspermisosadjuntos?INS,16883414,L,20170424000000,, HTTP/1.1" 200 5642
186.103.159.204 - - [24/Apr/2017:17:32:13 -0300] "GET /cormun/static/about:blank HTTP/1.1" 404 1011
186.103.159.204 - - [24/Apr/2017:17:32:14 -0300] "GET /cormun/servlet/licenciaspermisosadjuntos?INS,16883414,L,20170424000000,, HTTP/1.1" 200 5631
186.103.159.182 - - [24/Apr/2017:17:32:18 -0300] "GET /cormun/servlet/solicitudotadjuntos?94b29bab41d84e5f04b12894ba4a265e5ecd8940ecb8e1a8b70e6a1d66b59c9f,gx-no-cache=1493066002040 HTTP/1.1" 200 30
186.103.159.182 - - [24/Apr/2017:17:32:18 -0300] "GET /cormun/servlet/solicitudotadjuntos?94b29bab41d84e5f04b12894ba4a265e5ecd8940ecb8e1a8b70e6a1d66b59c9f,gx-no-cache=1493066002078 HTTP/1.1" 200 30
186.103.159.182 - - [24/Apr/2017:17:32:19 -0300] "POST /cormun/servlet/solicitudotadjuntos?1090daaf3fb87695b0d6e75ebe3ed1f8,INS,2017,6204,,1, HTTP/1.1" 200 116
186.103.159.182 - - [24/Apr/2017:17:32:20 -0300] "GET /cormun/servlet/hpexe_return? HTTP/1.1" 200 1022
186.103.159.182 - - [24/Apr/2017:17:32:20 -0300] "GET /cormun/servlet/trsolicitudadjuntos?2017,6204, HTTP/1.1" 200 9177
186.103.159.182 - - [24/Apr/2017:17:32:21 -0300] "GET /cormun/servlet/trsolicitudadjuntos?2017,6204, HTTP/1.1" 200 9175
192.168.10.89 - - [24/Apr/2017:17:32:24 -0300] "POST /cormun/servlet/solicitudgral2?2aec9aeab7c83b01f60ee89de91e5e06,UPD,2017,6179,,gx-no-cache=1493069214548 HTTP/1.1" 200 10708
186.103.159.182 - - [24/Apr/2017:17:32:25 -0300] "POST /cormun/servlet/trsolicitudadjuntos?1090daaf3fb87695b0d6e75ebe3ed1f8,2017,6204,,gx-no-cache=1493066007938 HTTP/1.1" 200 90
186.103.159.182 - - [24/Apr/2017:17:32:25 -0300] "GET /cormun/servlet/hpexe_link HTTP/1.1" 200 965
192.168.10.89 - - [24/Apr/2017:17:32:25 -0300] "GET /cormun/servlet/solicitudgral2?4fcbc1dea8c3d019741065f9c465b3ec7712d41bc25e86a9336c261c9bcbe563dd2585f5a683ca5235aa0f013e09308511d28bd26b7483854ac2452b139f169aa7d1aa427cfaea159216adcc650e795391b64a9d4ef6b1cac8e9a41681627e178bdef9741ce34246aa7943261bdb52aa62ce896a58d45dd81efb186733accdcbc2a1b593bb77faae187388240aa5d3619a4667ff88b2c21cf51e7986cf3e9544f3c8c032d85eef8abb648d8ee5bf1acc5d95d750bda8629e7bd85e177f3e5b353de181bd3c44cf814424f4132f6cf631,gx-no-cache=1493069215679 HTTP/1.1" 200 29
192.168.10.89 - - [24/Apr/2017:17:32:25 -0300] "POST /cormun/servlet/solicitudgral2?gx-no-cache=1493069215705 HTTP/1.1" 200 1249
192.168.10.89 - - [24/Apr/2017:17:32:25 -0300] "POST /cormun/servlet/solicitudgral2?gx-no-cache=1493069215744 HTTP/1.1" 200 1154
186.103.159.182 - - [24/Apr/2017:17:32:25 -0300] "GET /cormun/servlet/trsolicitudot HTTP/1.1" 200 8330
186.103.159.182 - - [24/Apr/2017:17:32:26 -0300] "GET /cormun/servlet/trsolicitudot HTTP/1.1" 200 8328
192.168.10.89 - - [24/Apr/2017:17:32:31 -0300] "GET /cormun/servlet/solicitudgral2?4fcbc1dea8c3d019741065f9c465b3ec5f34e512b6a87c8339992d2570408cb38185f8fd09bdab547740081992907846c49252efeb1ac15f75d9a67b5c7c4279260999535cc9211c7be287ec3ec014105db83cceaddbe003beb3a8c5db7075e983c04867c55e8b63e4a4340282297aeeb2e5d633629f9af9d8a1952ba6cb505b,gx-no-cache=1493069221572 HTTP/1.1" 200 30
186.103.159.182 - - [24/Apr/2017:17:32:34 -0300] "POST /cormun/servlet/trsolicitudot?1090daaf3fb87695b0d6e75ebe3ed1f8,gx-no-cache=1493066017574 HTTP/1.1" 200 4348
186.103.159.182 - - [24/Apr/2017:17:32:34 -0300] "GET /cormun/static/Shared/jqueryui/images/ui-bg_highlight-soft_100_c6c2c8_1x100.png HTTP/1.1" 404 1117
186.103.159.182 - - [24/Apr/2017:17:32:34 -0300] "GET /cormun/static/Shared/jqueryui/images/ui-icons_82798d_256x240.png HTTP/1.1" 404 1089
186.103.159.182 - - [24/Apr/2017:17:32:34 -0300] "GET /cormun/static/Shared/jqueryui/images/ui-bg_flat_55_fafafa_40x100.png HTTP/1.1" 404 1097
186.103.159.182 - - [24/Apr/2017:17:32:34 -0300] "GET /cormun/static/Shared/jqueryui/images/ui-icons_8d78a5_256x240.png HTTP/1.1" 404 1089
