186.103.156.24 - - [24/Apr/2017:11:30:03 -0300] "GET /cormun/servlet/solicitudot?e770896ea53b898968cdad7a73e48071c933a9c732df9ffd8b9bfdca0e7396600d6d03703814cc1bb178bbd09084bff4650d095bdbd62c78693cc02aa013faed17e03fe3bb149f12d43cfa3cd1ea0312d9acb1b62be87083c7424e9272eb5272ac4d53dfc45f5d587b80ecb870ed7e96919fa31b85cf64e8397d906a7c9b6696f5f2ed52067e39569498a7f3ea13f6044552abd474e74ee9dfddaf6c718afff155d18e07fad91fef4c9ca2660f412278bcc1e0243e30ac741e37814221d192813f354a433c50dc51d0fe1ae527858ac99127f376216f0f45d605f5a7f3cb3c7554ceb420a4f248c7c987f09348e0f6c81a77ddb1a6e5dbbac8ddcffcdce1ed8b84d1bb90f1c499b17046caf28d0cf1cc4eeb43b2e16085d0330d3ec2fb6f10dc47a623d0ac9307322e2afc1e5954e36292d01ba41adb1c733a8075809db501b8ea9a03cfc33ade12e4c896038a504e2e7597d76aab46bb374fbfbe678207a76d787f5c43e3220c8dffe0bb482c1d9afe21ffddf1b3f5665eb342d54f43c4f0000cff82c4e3ea7e72f21239b7a1b29805,gx-no-cache=1493044295163 HTTP/1.1" 200 30
192.168.10.13 - - [24/Apr/2017:11:30:03 -0300] "GET / HTTP/1.1" 200 11217
200.111.191.210 - - [24/Apr/2017:11:30:03 -0300] "POST /cormun/servlet/trsolicitudot?276bca7f04114fa9d7c035ecb55b44ea,,gx-no-cache=1493047760119 HTTP/1.1" 200 103
200.111.191.210 - - [24/Apr/2017:11:30:03 -0300] "GET /cormun/SolicitudOT-5839.xls HTTP/1.1" 200 54784
186.103.156.24 - - [24/Apr/2017:11:30:07 -0300] "POST /cormun/servlet/solicitudot?gx-no-cache=1493044299744 HTTP/1.1" 200 30
186.103.156.24 - - [24/Apr/2017:11:30:08 -0300] "POST /cormun/servlet/solicitudot?gx-no-cache=1493044301104 HTTP/1.1" 200 235
186.103.156.24 - - [24/Apr/2017:11:30:08 -0300] "POST /cormun/servlet/solicitudot?gx-no-cache=1493044301214 HTTP/1.1" 200 38
186.103.159.182 - - [24/Apr/2017:11:30:15 -0300] "GET /cormun/servlet/trautorizarenuncias? HTTP/1.1" 200 7304
186.103.159.182 - - [24/Apr/2017:11:30:15 -0300] "GET /cormun/static/gxcfg.js?201731711565856 HTTP/1.1" 200 953
186.103.159.182 - - [24/Apr/2017:11:30:16 -0300] "GET /cormun/static/trautorizarenuncias.js?20173171157315 HTTP/1.1" 200 26451
186.103.159.182 - - [24/Apr/2017:11:30:17 -0300] "GET /cormun/servlet/trautorizarenuncias? HTTP/1.1" 200 7303
186.103.156.24 - - [24/Apr/2017:11:30:31 -0300] "GET /cormun/servlet/solicitudot?e770896ea53b898968cdad7a73e48071c5b77fd7d028ad1df66b5ef87fc0c6c26b8e423d61eac955afce65507731bf6d91eb283cc7d830f8d0f44571d2a82d6bccca16352f80c00a31c7479bbc76b4974dceb127ee1e1767a2fc3d8b31c32cf35d8249af815da60df0ac8e027e7a525f,gx-no-cache=1493044325655 HTTP/1.1" 200 29
186.103.156.24 - - [24/Apr/2017:11:30:31 -0300] "POST /cormun/servlet/solicitudot?gx-no-cache=1493044326115 HTTP/1.1" 200 674
186.103.156.24 - - [24/Apr/2017:11:30:34 -0300] "POST /cormun/servlet/solicitudot?gx-no-cache=1493044330089 HTTP/1.1" 200 1157
186.103.156.24 - - [24/Apr/2017:11:30:49 -0300] "GET /cormun/static/menuarrow.gif HTTP/1.1" 404 1015
186.103.159.182 - - [24/Apr/2017:11:31:01 -0300] "GET /cormun/servlet/trrenunciasadjuntos?30,16162972, HTTP/1.1" 200 6077
186.103.159.182 - - [24/Apr/2017:11:31:01 -0300] "GET /cormun/static/gxcfg.js?201731711565375 HTTP/1.1" 200 953
186.103.159.182 - - [24/Apr/2017:11:31:01 -0300] "GET /cormun/static/trrenunciasadjuntos.js?201731711565661 HTTP/1.1" 200 15159
186.103.159.182 - - [24/Apr/2017:11:31:03 -0300] "GET /cormun/servlet/trrenunciasadjuntos?30,16162972, HTTP/1.1" 200 6077
192.168.10.13 - - [24/Apr/2017:11:31:03 -0300] "GET / HTTP/1.1" 200 11217
186.103.132.155 - - [24/Apr/2017:11:31:04 -0300] "POST /cormun/servlet/trsolicitudot?2a3d8bc5d0c760f5fc644564194f1cac,gx-no-cache=1493044328286 HTTP/1.1" 200 4343
186.103.132.155 - - [24/Apr/2017:11:31:04 -0300] "GET /cormun/static/Shared/jqueryui/images/ui-bg_highlight-soft_100_c6c2c8_1x100.png HTTP/1.1" 404 1117
190.151.100.218 - - [24/Apr/2017:11:31:04 -0300] "GET /cormun/static/Shared/jqueryui/images/ui-bg_flat_55_fafafa_40x100.png HTTP/1.1" 404 1097
186.103.132.155 - - [24/Apr/2017:11:31:04 -0300] "GET /cormun/static/Shared/jqueryui/images/ui-icons_8d78a5_256x240.png HTTP/1.1" 404 1089
200.72.197.82 - - [24/Apr/2017:11:31:04 -0300] "GET /cormun/static/Shared/jqueryui/images/ui-icons_82798d_256x240.png HTTP/1.1" 404 1089
186.103.132.155 - - [24/Apr/2017:11:31:05 -0300] "POST /cormun/servlet/trsolicitudot?2a3d8bc5d0c760f5fc644564194f1cac,gx-no-cache=1493044329126 HTTP/1.1" 200 4127
186.103.159.182 - - [24/Apr/2017:11:31:07 -0300] "POST /cormun/servlet/trrenunciasadjuntos?7da74264e966413eb900572dba1909c2,30,16162972,,gx-no-cache=1493044330301 HTTP/1.1" 200 90
186.103.159.182 - - [24/Apr/2017:11:31:07 -0300] "GET /cormun/servlet/hpexe_link HTTP/1.1" 200 982
186.103.159.182 - - [24/Apr/2017:11:31:07 -0300] "GET /cormun/servlet/trautorizarenuncias HTTP/1.1" 200 7305
186.103.159.182 - - [24/Apr/2017:11:31:09 -0300] "GET /cormun/servlet/trautorizarenuncias HTTP/1.1" 200 7303
192.168.10.96 - - [24/Apr/2017:11:31:09 -0300] "GET /cormun/servlet/wbconsulta? HTTP/1.1" 200 5184
192.168.10.96 - - [24/Apr/2017:11:31:09 -0300] "GET /cormun/servlet/wbconsulta? HTTP/1.1" 200 5165
186.103.159.182 - - [24/Apr/2017:11:31:11 -0300] "POST /cormun/servlet/trautorizarenuncias?7da74264e966413eb900572dba1909c2,gx-no-cache=1493044334466 HTTP/1.1" 200 104
186.103.159.182 - - [24/Apr/2017:11:31:11 -0300] "GET /cormun/servlet/renunciaslog?INS,30,0,NU, HTTP/1.1" 200 5627
186.103.159.182 - - [24/Apr/2017:11:31:11 -0300] "GET /cormun/static/gxcfg.js?201731711431775 HTTP/1.1" 200 953
186.103.159.182 - - [24/Apr/2017:11:31:11 -0300] "GET /cormun/static/renunciaslog.js?201731711431785 HTTP/1.1" 200 7172
186.103.159.182 - - [24/Apr/2017:11:31:12 -0300] "GET /cormun/servlet/renunciaslog?INS,30,0,NU, HTTP/1.1" 200 5627
186.103.159.182 - - [24/Apr/2017:11:31:13 -0300] "GET /cormun/servlet/renunciaslog?fb84a096cbea53607da9fb7cee93f9a03f2eda12d9adff30a4c6e50d9e32dc07,gx-no-cache=1493044336405 HTTP/1.1" 200 26
192.168.10.96 - - [24/Apr/2017:11:31:16 -0300] "POST /cormun/servlet/wbconsulta?f686917922f4cbd3c0ebf2db5591fa2e,,gx-no-cache=1493047546760 HTTP/1.1" 200 104
192.168.10.96 - - [24/Apr/2017:11:31:16 -0300] "GET /cormun/servlet/vevisualizador?2017,5845, HTTP/1.1" 200 8592
192.168.10.96 - - [24/Apr/2017:11:31:16 -0300] "GET /cormun/pexe_scrolldiv.js HTTP/1.1" 404 1009
192.168.10.96 - - [24/Apr/2017:11:31:16 -0300] "GET /cormun/pexe_scrolldiv.js HTTP/1.1" 404 1009
192.168.10.96 - - [24/Apr/2017:11:31:16 -0300] "GET /cormun/servlet/vevisualizador?2017,5845, HTTP/1.1" 200 8592
192.168.10.96 - - [24/Apr/2017:11:31:19 -0300] "GET /cormun/servlet/vevisualizador?2017,5845,,SolicitudOTAdjuntos HTTP/1.1" 200 10387
192.168.10.96 - - [24/Apr/2017:11:31:19 -0300] "GET /cormun/pexe_scrolldiv.js HTTP/1.1" 404 1009
192.168.10.96 - - [24/Apr/2017:11:31:19 -0300] "GET /cormun/pexe_scrolldiv.js HTTP/1.1" 404 1009
186.103.132.155 - - [24/Apr/2017:11:31:20 -0300] "GET /cormun/servlet/trsolicitudot? HTTP/1.1" 200 6965
186.103.156.24 - - [24/Apr/2017:11:31:20 -0300] "GET /cormun/servlet/solicitudot?e770896ea53b898968cdad7a73e48071b55620777f6ac92db7f9f45ab2b05ab3cf08fc0e46d626376570278183d741d9ebc426f68ec22bfa1f31a6bd7dd671952782742a6a7cf6c02408090953aae462721dfd2b3a5ccef29300d3c7637295905a2efe38743419ac48128623a80f3de66ff024bb9febfa7c323209d96c0e14f38d40cef33e984ff35373167d0c0096477ad99c072e60254b5f110f5f4993cf212bcfd8e0313d395f7746614e00dbb387,gx-no-cache=1493044380627 HTTP/1.1" 200 30
192.168.10.96 - - [24/Apr/2017:11:31:20 -0300] "GET /cormun/servlet/vevisualizador?2017,5845,,SolicitudOTAdjuntos HTTP/1.1" 200 10389
192.168.10.96 - - [24/Apr/2017:11:31:20 -0300] "POST /cormun/servlet/acontrolpreferencessavestate?None,DZAMUDIO,true HTTP/1.1" 200 35
186.103.132.155 - - [24/Apr/2017:11:31:21 -0300] "GET /cormun/servlet/trsolicitudot? HTTP/1.1" 200 6965
186.103.132.155 - - [24/Apr/2017:11:31:24 -0300] "GET /cormun/servlet/solicitudot?INS,0,0, HTTP/1.1" 200 12815
192.168.10.96 - - [24/Apr/2017:11:31:24 -0300] "GET /cormun/PublicTempStorage/cedula5470668.jpg HTTP/1.1" 200 1419986
186.103.161.206 - - [24/Apr/2017:11:31:24 -0300] "GET /cormun/servlet/solicitudot?INS,0,0, HTTP/1.1" 200 12819
192.168.10.96 - - [24/Apr/2017:11:31:36 -0300] "GET /cormun/servlet/vevisualizador?2017,5845,,SolicitudOTAdjuntos HTTP/1.1" 200 10388
186.103.132.155 - - [24/Apr/2017:11:31:37 -0300] "POST /cormun/servlet/solicitudot?gx-no-cache=1493044361261 HTTP/1.1" 200 3167
192.168.10.96 - - [24/Apr/2017:11:31:38 -0300] "POST /cormun/servlet/acontrolpreferencessavestate?None,DZAMUDIO,true HTTP/1.1" 200 35
192.168.10.96 - - [24/Apr/2017:11:31:38 -0300] "GET /cormun/servlet/vevisualizador?2017,5845,,SolicitudOTAdjuntos HTTP/1.1" 200 10387
186.103.132.155 - - [24/Apr/2017:11:31:38 -0300] "POST /cormun/servlet/solicitudot?2a3d8bc5d0c760f5fc644564194f1cac,INS,0,0,,gx-no-cache=1493044362107 HTTP/1.1" 200 9960
192.168.10.96 - - [24/Apr/2017:11:31:38 -0300] "GET /cormun/PublicTempStorage/licencia__media7004732.jpg HTTP/1.1" 200 1246404
192.168.10.96 - - [24/Apr/2017:11:31:42 -0300] "GET /cormun/servlet/vevisualizador?2017,5845,,SolicitudOTAdjuntos HTTP/1.1" 200 10386
192.168.10.96 - - [24/Apr/2017:11:31:44 -0300] "POST /cormun/servlet/acontrolpreferencessavestate?None,DZAMUDIO,true HTTP/1.1" 200 35
192.168.10.96 - - [24/Apr/2017:11:31:44 -0300] "GET /cormun/servlet/vevisualizador?2017,5845,,SolicitudOTAdjuntos HTTP/1.1" 200 10391
192.168.10.96 - - [24/Apr/2017:11:31:44 -0300] "GET /cormun/PublicTempStorage/afp4444799.jpg HTTP/1.1" 200 663275
186.103.159.182 - - [24/Apr/2017:11:31:47 -0300] "POST /cormun/servlet/renunciaslog?7da74264e966413eb900572dba1909c2,INS,30,0,NU,,gx-no-cache=1493044370568 HTTP/1.1" 200 93
186.103.156.24 - - [24/Apr/2017:11:31:47 -0300] "POST /cormun/servlet/solicitudot?d80fe2852a4ff652ecb75118af7b3086,INS,0,0,,gx-no-cache=1493044410487 HTTP/1.1" 200 93
186.103.159.182 - - [24/Apr/2017:11:31:47 -0300] "GET /cormun/servlet/hpexe_return? HTTP/1.1" 200 1021
186.103.156.24 - - [24/Apr/2017:11:31:47 -0300] "GET /cormun/servlet/hpexe_return? HTTP/1.1" 200 1004
186.103.159.182 - - [24/Apr/2017:11:31:48 -0300] "GET /cormun/servlet/trautorizarenuncias HTTP/1.1" 200 6718
200.72.197.82 - - [24/Apr/2017:11:31:48 -0300] "GET /cormun/servlet/solicitudot?1aa8757861dc400fd451f8b409fd57e7637197ba230d4dedb65bb302ed41dd79d71f150fea99b4c6500bab3b702da7e8,gx-no-cache=1493044372565 HTTP/1.1" 200 30
186.103.156.24 - - [24/Apr/2017:11:31:48 -0300] "GET /cormun/servlet/trsolicitudot HTTP/1.1" 200 7010
200.72.197.82 - - [24/Apr/2017:11:31:49 -0300] "POST /cormun/servlet/solicitudot?gx-no-cache=1493044372721 HTTP/1.1" 200 255
186.103.159.182 - - [24/Apr/2017:11:31:49 -0300] "GET /cormun/servlet/trautorizarenuncias HTTP/1.1" 200 6714
200.72.197.82 - - [24/Apr/2017:11:31:49 -0300] "GET /cormun/servlet/solicitudot?1aa8757861dc400fd451f8b409fd57e749f1181f9bff683c24162f67e549536ff36eb55a393956eebe01c60309bb733a0be72c43d12a89b2c2074f97a84d7af87d42e76c4598f700a4625fb8dc4566e9346afa11ec73f04f38c01b631c5189f77022f8fd1ed353506537911a7f0433df8cc42086c7dcd8958fa82e47ec4633f3b49fe38827780fc274c9ce71d41535c81044256b966ea42f51b9a0e5e37aef19fa5134a1ea0c98b82ba6cf40af92da13af7501673f77b08d06671fdd32f5c7d86aada05e96fecea2469e0a7cc07f0ff897b37d0b1c41eee180f7c14debac6d71d0163acf7b539e43058aac6a38d16f1cae26b4b8019b515322a8c15be953d909c4d0abca62e3e0ccf83d56a6cb9b3c69c819ba6897644b3a84aac27930fb3e8ee222f6ecc4c42513894c8b36f14cdec9e731a4483c21b4cbea3b207f2857bfab328ca0ef258e7e39b31bb314e4127a27e2e31dd096d2dff4c359de68bee0dc8ecb2f5b0cce086941da4d1085df389fd7930f1061f149c1ccea7301ecd7f2648c,gx-no-cache=1493044373705 HTTP/1.1" 200 30
186.103.156.24 - - [24/Apr/2017:11:31:49 -0300] "GET /cormun/servlet/trsolicitudot HTTP/1.1" 200 7006
192.168.10.96 - - [24/Apr/2017:11:31:49 -0300] "GET /cormun/servlet/vevisualizador?2017,5845,,SolicitudOTAdjuntos HTTP/1.1" 200 10387
192.168.10.96 - - [24/Apr/2017:11:31:50 -0300] "POST /cormun/servlet/acontrolpreferencessavestate?None,DZAMUDIO,true HTTP/1.1" 200 35
192.168.10.96 - - [24/Apr/2017:11:31:50 -0300] "GET /cormun/servlet/vevisualizador?2017,5845,,SolicitudOTAdjuntos HTTP/1.1" 200 10390
192.168.10.96 - - [24/Apr/2017:11:31:51 -0300] "GET /cormun/PublicTempStorage/isapre8157158.jpg HTTP/1.1" 200 780480
186.103.159.182 - - [24/Apr/2017:11:31:54 -0300] "GET /cormun/servlet/trrenuncias? HTTP/1.1" 200 6821
186.103.159.182 - - [24/Apr/2017:11:31:55 -0300] "GET /cormun/servlet/trrenuncias? HTTP/1.1" 200 6821
186.103.156.24 - - [24/Apr/2017:11:31:56 -0300] "POST /cormun/servlet/trsolicitudot?d80fe2852a4ff652ecb75118af7b3086,gx-no-cache=1493044420894 HTTP/1.1" 200 4169
186.103.159.182 - - [24/Apr/2017:11:31:57 -0300] "GET /cormun/servlet/renuncias?INS,0, HTTP/1.1" 200 6191
186.103.159.182 - - [24/Apr/2017:11:31:58 -0300] "GET /cormun/servlet/renuncias?INS,0, HTTP/1.1" 200 6192
186.103.156.24 - - [24/Apr/2017:11:31:58 -0300] "POST /cormun/servlet/trsolicitudot?d80fe2852a4ff652ecb75118af7b3086,gx-no-cache=1493044423150 HTTP/1.1" 200 4169
186.103.159.182 - - [24/Apr/2017:11:32:01 -0300] "GET /cormun/servlet/renuncias?fb84a096cbea53607da9fb7cee93f9a076c8fee66d9ca096ab9e10d309ab84e42274fee7af558ec9f0fb0782bf46570f,gx-no-cache=1493044384503 HTTP/1.1" 200 33
186.103.156.24 - - [24/Apr/2017:11:32:02 -0300] "GET /cormun/servlet/trautorizarsolicitud? HTTP/1.1" 200 6921
186.79.88.80 - - [24/Apr/2017:11:32:02 -0300] "POST /cormun/servlet/solicitudot?gx-no-cache=1493044383761 HTTP/1.1" 200 297
186.103.156.24 - - [24/Apr/2017:11:32:02 -0300] "GET /cormun/servlet/trautorizarsolicitud? HTTP/1.1" 200 6921
192.168.10.13 - - [24/Apr/2017:11:32:03 -0300] "GET / HTTP/1.1" 200 11217
192.168.10.96 - - [24/Apr/2017:11:32:04 -0300] "GET /cormun/servlet/vevisualizador?2017,5845,,SolicitudOTAdjuntos HTTP/1.1" 200 10386
186.79.88.80 - - [24/Apr/2017:11:32:05 -0300] "GET /cormun/servlet/solicitudot?81afabda9112e29bbba673e9233aba6cfda675e81889e94a229cdaaa301953712e016488303194e83bfa342a4db2726a637689b165e717f0f9cba8f9233431854ed2a738de71bc42ea3847b8d73d07bd0fee92b92ccc2c1adb8d598cd458948a267a54c02a87b2ff62076f2f93724aab2537f5e11192284f7e0b7dd949a818629a53e69c7f860bb6fc72f09e418c9e210f4112a96302049f4c3afbb8225517c3c63dd0af70db86907a5e0e2ccc0942e4734c8f14be736eb228cfc6197c81da8e7546150c2f87c4d6c25538214154d92ebe2a1a74841e74053b385153c84b6fb16d0d2f136a4147055bd702feefac47212b82867f6dd0f3172d22b574be702f76beb0e48811d187f1609385434562b5e73892965ef0c92a2f90bc457c20e82e094214c0d56e434577e36fc310d320697e7db2bc01a500d7e039801a8a25bf031c6f18a27b1ee1f6a7e4960075fb29c86789f847004531d97a09e7950c0758d6107893e38aff2146db16f012b5c2df0a530efaae89540f0f477dc81ef1389508daf363cdefd0aa09bca4ae0358221d8490,gx-no-cache=1493044387681 HTTP/1.1" 200 30
192.168.10.96 - - [24/Apr/2017:11:32:06 -0300] "GET /cormun/servlet/vevisualizador?2017,5845,,SolicitudOTAdjuntos HTTP/1.1" 200 10391
192.168.10.96 - - [24/Apr/2017:11:32:06 -0300] "POST /cormun/servlet/acontrolpreferencessavestate?None,DZAMUDIO,true HTTP/1.1" 200 35
186.103.156.24 - - [24/Apr/2017:11:32:06 -0300] "POST /cormun/servlet/trautorizarsolicitud?d80fe2852a4ff652ecb75118af7b3086,,gx-no-cache=1493044431862 HTTP/1.1" 200 110
186.103.156.24 - - [24/Apr/2017:11:32:07 -0300] "GET /cormun/AutorizarSolicitud-8993.xls HTTP/1.1" 200 4608
192.168.10.96 - - [24/Apr/2017:11:32:07 -0300] "GET /cormun/PublicTempStorage/anteced.9965586.jpg HTTP/1.1" 200 1199362
186.103.159.182 - - [24/Apr/2017:11:32:07 -0300] "GET /cormun/servlet/prfichaempleado?,MD,,gxPopupLevel%3D0%3B HTTP/1.1" 200 8915
186.79.88.80 - - [24/Apr/2017:11:32:08 -0300] "POST /cormun/servlet/solicitudot?gx-no-cache=1493044390272 HTTP/1.1" 200 30
186.103.156.24 - - [24/Apr/2017:11:32:10 -0300] "GET /cormun/servlet/trsolicitudot? HTTP/1.1" 200 7007
186.79.88.80 - - [24/Apr/2017:11:32:11 -0300] "POST /cormun/servlet/solicitudot?gx-no-cache=1493044392922 HTTP/1.1" 200 235
186.79.88.80 - - [24/Apr/2017:11:32:11 -0300] "POST /cormun/servlet/solicitudot?gx-no-cache=1493044393477 HTTP/1.1" 200 38
192.168.10.96 - - [24/Apr/2017:11:32:11 -0300] "GET /cormun/servlet/vevisualizador?2017,5845,,SolicitudOTAdjuntos HTTP/1.1" 200 10387
186.103.156.24 - - [24/Apr/2017:11:32:12 -0300] "GET /cormun/servlet/trsolicitudot? HTTP/1.1" 200 7006
192.168.10.96 - - [24/Apr/2017:11:32:13 -0300] "GET /cormun/servlet/vevisualizador?2017,5845,,SolicitudOTAdjuntos HTTP/1.1" 200 10391
192.168.10.96 - - [24/Apr/2017:11:32:13 -0300] "POST /cormun/servlet/acontrolpreferencessavestate?None,DZAMUDIO,true HTTP/1.1" 200 35
192.168.10.96 - - [24/Apr/2017:11:32:13 -0300] "GET /cormun/PublicTempStorage/curric.4489748.jpg HTTP/1.1" 200 1655573
186.103.156.24 - - [24/Apr/2017:11:32:14 -0300] "POST /cormun/servlet/trsolicitudot?d80fe2852a4ff652ecb75118af7b3086,,gx-no-cache=1493044440302 HTTP/1.1" 200 4171
190.45.55.254 - - [24/Apr/2017:11:32:15 -0300] "GET /cormun/servlet/trlicencias? HTTP/1.1" 200 7024
190.45.55.254 - - [24/Apr/2017:11:32:17 -0300] "GET /cormun/servlet/trlicencias? HTTP/1.1" 200 7024
186.103.159.182 - - [24/Apr/2017:11:32:19 -0300] "POST /cormun/servlet/prfichaempleado?7da74264e966413eb900572dba1909c2,,MD,,gxPopupLevel%3D0%3B,gx-no-cache=1493044401867 HTTP/1.1" 200 3396
190.151.100.218 - - [24/Apr/2017:11:32:20 -0300] "POST /cormun/servlet/solicitudot?gx-no-cache=1493044404403 HTTP/1.1" 200 30
190.151.100.218 - - [24/Apr/2017:11:32:24 -0300] "POST /cormun/servlet/solicitudot?gx-no-cache=1493044408549 HTTP/1.1" 200 1291
190.151.100.218 - - [24/Apr/2017:11:32:24 -0300] "POST /cormun/servlet/solicitudot?gx-no-cache=1493044408724 HTTP/1.1" 200 38
190.151.100.218 - - [24/Apr/2017:11:32:30 -0300] "GET /cormun/servlet/solicitudot?1aa8757861dc400fd451f8b409fd57e7a10f46c227e7b7b12ba03f63f0d0dccab6006e9747e079ef1c4d2ef491ef0006d9c50746828401df14ad18e6ff37f4e633cf34deeb8314c49f9cf0af95be159cffe0c319c85c6161bcddd9eda28e24d2e0df7bd0e1919358a5f4b9be7fcde8649c399ae91be520fc92db5fb5c045c2ff52572cd9f1ea167848be0ff68416e2b5ac9d147116910cedb3fc28d73ba2d1b6,gx-no-cache=1493044414635 HTTP/1.1" 200 29
190.45.55.254 - - [24/Apr/2017:11:32:30 -0300] "GET /cormun/servlet/hlogin HTTP/1.1" 200 1721
190.45.55.254 - - [24/Apr/2017:11:32:33 -0300] "POST /cormun/servlet/hlogin?b4ff3138ecda73871f7a7d6e74b3ed83,gx-no-cache=1493044416089 HTTP/1.1" 200 90
190.45.55.254 - - [24/Apr/2017:11:32:33 -0300] "GET /cormun/servlet/hpexe_link HTTP/1.1" 200 959
190.45.55.254 - - [24/Apr/2017:11:32:33 -0300] "GET /cormun/servlet/trlicencias HTTP/1.1" 200 7026
190.45.55.254 - - [24/Apr/2017:11:32:34 -0300] "GET /cormun/servlet/trlicencias HTTP/1.1" 200 7024
190.151.100.218 - - [24/Apr/2017:11:32:38 -0300] "POST /cormun/servlet/solicitudot?gx-no-cache=1493044422322 HTTP/1.1" 200 1274
190.151.100.218 - - [24/Apr/2017:11:32:38 -0300] "POST /cormun/servlet/solicitudot?gx-no-cache=1493044422567 HTTP/1.1" 200 1157
190.151.100.218 - - [24/Apr/2017:11:32:38 -0300] "GET /cormun/servlet/solicitudot?1aa8757861dc400fd451f8b409fd57e7f32a1df3434ae8aff3aa6ee945d463ffde73f13ddacffca834add783364d7610e1c9507079f6bbb7e8e6731e2555d00634901513823f42673a9fca19124b3b210470871ba1006d394124638359b76c4ac2c2e277fa9e7da085c4ed7157850c08e7f2f9e04516161dda51d56a7eae97ff4051f3b7c052e87645826fc9316f9200b7d04e5251b953f73ffe9a792be2f5fb,gx-no-cache=1493044422757 HTTP/1.1" 200 30
190.45.55.254 - - [24/Apr/2017:11:32:40 -0300] "POST /cormun/servlet/trlicencias?b4ff3138ecda73871f7a7d6e74b3ed83,gx-no-cache=1493044422808 HTTP/1.1" 200 4128
190.45.55.254 - - [24/Apr/2017:11:32:46 -0300] "POST /cormun/servlet/trlicencias?b4ff3138ecda73871f7a7d6e74b3ed83,gx-no-cache=1493044428127 HTTP/1.1" 200 4128
192.168.10.13 - - [24/Apr/2017:11:33:03 -0300] "GET / HTTP/1.1" 200 11217
200.86.10.241 - - [24/Apr/2017:11:33:09 -0300] "GET /cormun/servlet/hlogin HTTP/1.1" 200 1719
200.86.10.241 - - [24/Apr/2017:11:33:18 -0300] "POST /cormun/servlet/hlogin?0b442e782827852d051ee5d401b04de5,gx-no-cache=1493044460895 HTTP/1.1" 200 90
200.86.10.241 - - [24/Apr/2017:11:33:18 -0300] "GET /cormun/servlet/hpexe_link HTTP/1.1" 200 944
200.86.10.241 - - [24/Apr/2017:11:33:18 -0300] "GET /cormun/static/hpexe_link.js?201731711483384 HTTP/1.1" 200 625
186.103.159.188 - - [24/Apr/2017:11:33:18 -0300] "GET /cormun/servlet/hhome HTTP/1.1" 200 3770
186.103.159.188 - - [24/Apr/2017:11:33:19 -0300] "GET /cormun/servlet/hhome HTTP/1.1" 200 3766
186.103.159.188 - - [24/Apr/2017:11:33:22 -0300] "GET /cormun/servlet/trpermisosgoce? HTTP/1.1" 200 8115
186.103.159.188 - - [24/Apr/2017:11:33:22 -0300] "GET /cormun/servlet/trpermisosgoce? HTTP/1.1" 200 8113
186.103.159.188 - - [24/Apr/2017:11:33:30 -0300] "GET /cormun/servlet/trpermisosadjuntos?9221912,20170424085831,P, HTTP/1.1" 200 6081
186.103.159.188 - - [24/Apr/2017:11:33:30 -0300] "GET /cormun/static/gxcfg.js?201731711542659 HTTP/1.1" 200 953
186.103.159.188 - - [24/Apr/2017:11:33:30 -0300] "GET /cormun/static/trpermisosadjuntos.js?201731711542990 HTTP/1.1" 200 20045
186.103.159.188 - - [24/Apr/2017:11:33:30 -0300] "GET /cormun/servlet/trpermisosadjuntos?9221912,20170424085831,P, HTTP/1.1" 200 6082
186.103.159.188 - - [24/Apr/2017:11:33:32 -0300] "GET /cormun/servlet/permisosadjuntos?INS,9221912,P,20170424085831,, HTTP/1.1" 200 5407
186.103.159.188 - - [24/Apr/2017:11:33:32 -0300] "GET /cormun/static/gxcfg.js?201741111155774 HTTP/1.1" 200 953
186.103.159.188 - - [24/Apr/2017:11:33:32 -0300] "GET /cormun/static/about:blank HTTP/1.1" 404 1011
186.103.159.188 - - [24/Apr/2017:11:33:32 -0300] "GET /cormun/static/permisosadjuntos.js?201741111155784 HTTP/1.1" 200 8724
186.103.159.188 - - [24/Apr/2017:11:33:32 -0300] "GET /cormun/servlet/permisosadjuntos?INS,9221912,P,20170424085831,, HTTP/1.1" 200 5397
186.103.161.206 - - [24/Apr/2017:11:33:35 -0300] "GET /cormun/static/menuarrow.gif HTTP/1.1" 404 1015
186.103.159.188 - - [24/Apr/2017:11:33:43 -0300] "POST /cormun/servlet/permisosadjuntos?0b442e782827852d051ee5d401b04de5,INS,9221912,P,20170424085831,, HTTP/1.1" 200 116
186.103.159.188 - - [24/Apr/2017:11:33:43 -0300] "GET /cormun/servlet/hpexe_return? HTTP/1.1" 200 1028
186.103.159.188 - - [24/Apr/2017:11:33:44 -0300] "GET /cormun/servlet/trpermisosadjuntos?9221912,20170424085831,P, HTTP/1.1" 200 6537
186.103.159.188 - - [24/Apr/2017:11:33:44 -0300] "GET /cormun/servlet/trpermisosadjuntos?9221912,20170424085831,P, HTTP/1.1" 200 6534
186.103.159.188 - - [24/Apr/2017:11:33:49 -0300] "GET /cormun/servlet/trpermisosgoce? HTTP/1.1" 200 8114
186.103.159.188 - - [24/Apr/2017:11:33:49 -0300] "GET /cormun/servlet/trpermisosgoce? HTTP/1.1" 200 8113
186.103.161.206 - - [24/Apr/2017:11:33:52 -0300] "GET /cormun/servlet/solicitudot?1aa8757861dc400fd451f8b409fd57e7f32a1df3434ae8aff3aa6ee945d463ff247cae0ca543c632c281addcb0f045a90a0a699df4c23cc01836c67170066f2c38d06facdec96fffd68d016fc0bfd07a151b54244bcf88901c2ce9f76a9d74e3517b1740fb3791c552ca8e908c5c78278a6d60ea5bbbf46532fcd7d8bd3196b51ff4c7435d3a92f2de4d01559da6f9567fdd52fd8248872137ca00e3dde5c5d0784a6a76166d419b1296c3de5c09b1da,gx-no-cache=1493044497118 HTTP/1.1" 200 30
186.79.88.80 - - [24/Apr/2017:11:33:54 -0300] "GET /cormun/servlet/solicitudot?81afabda9112e29bbba673e9233aba6c9ad9fd32bc0913ffca1e5288f7e2403e2f53aab7130d5e40bab572cc4f3999d00ea351fafe8e906e1c4451aae10a6559c3f28eb9251e90dcfe4eb8978be790f2ac26dce6db91a4ee3e5033f0349536957b7a7f4a8a7a413fcd59662c4fa9a9da,gx-no-cache=1493044496259 HTTP/1.1" 200 29
186.79.88.80 - - [24/Apr/2017:11:33:54 -0300] "POST /cormun/servlet/solicitudot?gx-no-cache=1493044496440 HTTP/1.1" 200 675
186.79.88.80 - - [24/Apr/2017:11:33:55 -0300] "POST /cormun/servlet/solicitudot?gx-no-cache=1493044497764 HTTP/1.1" 200 1157
186.103.159.188 - - [24/Apr/2017:11:33:58 -0300] "POST /cormun/servlet/trpermisosgoce?0b442e782827852d051ee5d401b04de5,,gx-no-cache=1493044500504 HTTP/1.1" 200 5241
186.103.159.188 - - [24/Apr/2017:11:33:58 -0300] "GET /cormun/static/Shared/jqueryui/images/ui-bg_highlight-soft_100_c6c2c8_1x100.png HTTP/1.1" 404 1117
186.103.159.188 - - [24/Apr/2017:11:33:58 -0300] "GET /cormun/static/Shared/jqueryui/images/ui-icons_82798d_256x240.png HTTP/1.1" 404 1089
186.103.159.188 - - [24/Apr/2017:11:33:58 -0300] "GET /cormun/static/Shared/jqueryui/images/ui-bg_flat_55_fafafa_40x100.png HTTP/1.1" 404 1097
186.103.159.188 - - [24/Apr/2017:11:33:58 -0300] "GET /cormun/static/Shared/jqueryui/images/ui-icons_8d78a5_256x240.png HTTP/1.1" 404 1089
192.168.10.13 - - [24/Apr/2017:11:34:03 -0300] "GET / HTTP/1.1" 200 11217
186.79.88.80 - - [24/Apr/2017:11:34:05 -0300] "GET /cormun/static/menuarrow.gif HTTP/1.1" 404 1015
186.103.158.250 - - [24/Apr/2017:11:34:07 -0300] "GET /cormun/servlet/hlogin HTTP/1.1" 200 1723
186.103.158.250 - - [24/Apr/2017:11:34:07 -0300] "GET /cormun/static/gxtimezone.js?85251 HTTP/1.1" 200 5781
186.103.158.250 - - [24/Apr/2017:11:34:07 -0300] "GET /cormun/static/gxcfg.js?201741110203197 HTTP/1.1" 200 953
186.103.158.250 - - [24/Apr/2017:11:34:07 -0300] "GET /cormun/static/Resources/Spanish/PXTools.css?11294912 HTTP/1.1" 200 89042
186.103.158.250 - - [24/Apr/2017:11:34:08 -0300] "GET /cormun/static/messages.spa.js?85251 HTTP/1.1" 200 30736
186.103.158.250 - - [24/Apr/2017:11:34:08 -0300] "GET /cormun/static/hlogin.js?201741110203211 HTTP/1.1" 200 2136
186.103.158.250 - - [24/Apr/2017:11:34:08 -0300] "GET /cormun/static/Resources/ComunLogin.png HTTP/1.1" 200 17326
186.103.158.250 - - [24/Apr/2017:11:34:08 -0300] "GET /cormun/static/gxgral.js?85251 HTTP/1.1" 200 384558
186.103.158.250 - - [24/Apr/2017:11:34:08 -0300] "GET /cormun/static/Resources/PXToolsLoginBackground.png HTTP/1.1" 200 1164
186.103.158.250 - - [24/Apr/2017:11:34:08 -0300] "GET /cormun/static/Resources/PXToolsButtonLeft21.png HTTP/1.1" 200 1287
186.103.158.250 - - [24/Apr/2017:11:34:08 -0300] "GET /cormun/static/Resources/PXToolsLoginTop.png HTTP/1.1" 200 1337
186.103.158.250 - - [24/Apr/2017:11:34:08 -0300] "GET /cormun/static/Resources/PXToolsButtonRight21.png HTTP/1.1" 200 1283
186.103.158.250 - - [24/Apr/2017:11:34:08 -0300] "GET /cormun/static/Resources/PXToolsButtonBackground2.png HTTP/1.1" 200 1181
186.103.158.250 - - [24/Apr/2017:11:34:08 -0300] "GET /cormun/static/Resources/PXToolsLoginBottom.png HTTP/1.1" 200 1389
186.103.158.250 - - [24/Apr/2017:11:34:08 -0300] "GET /cormun/static/Resources/indicator.gif HTTP/1.1" 200 1553
186.103.158.250 - - [24/Apr/2017:11:34:09 -0300] "GET /cormun/servlet/hlogin HTTP/1.1" 200 1733
186.103.161.206 - - [24/Apr/2017:11:34:09 -0300] "POST /cormun/servlet/solicitudot?2a3d8bc5d0c760f5fc644564194f1cac,INS,0,0,,gx-no-cache=1493044512958 HTTP/1.1" 200 93
186.103.161.206 - - [24/Apr/2017:11:34:09 -0300] "GET /cormun/servlet/hpexe_return? HTTP/1.1" 200 1005
186.103.161.206 - - [24/Apr/2017:11:34:10 -0300] "GET /cormun/servlet/trsolicitudot HTTP/1.1" 200 8246
186.103.161.206 - - [24/Apr/2017:11:34:10 -0300] "GET /cormun/servlet/trsolicitudot HTTP/1.1" 200 8242
186.79.88.80 - - [24/Apr/2017:11:34:19 -0300] "GET /cormun/servlet/solicitudot?81afabda9112e29bbba673e9233aba6cba7a637b594ae7e80180df1aefed0e378d9933501b2bda7cf1c65490dd2463b218960fb8642735dca91917a55068a3efdb90e593f30bb2babbe784b0cf8aaec4cbb52fa27feb68f9fda901f21d8f09bcc99061fb8440e865055e4d82c08f2a532f94d7db258290f5f92ec903c8bc7714c9e060ed6ab4dc2e443f79d119e4c058389d6099807406f055e361169c24891795d0cb55a42cc9ba8ba7fabf043dc7bc,gx-no-cache=1493044521030 HTTP/1.1" 200 30
186.79.133.3 - - [24/Apr/2017:11:34:24 -0300] "GET /cormun/servlet/solicitudot?INS,0,0, HTTP/1.1" 200 12627
186.79.133.3 - - [24/Apr/2017:11:34:24 -0300] "GET /cormun/servlet/solicitudot?INS,0,0, HTTP/1.1" 200 12630
186.79.133.3 - - [24/Apr/2017:11:34:30 -0300] "POST /cormun/servlet/solicitudot?gx-no-cache=1493044533128 HTTP/1.1" 200 3205
186.79.133.3 - - [24/Apr/2017:11:34:31 -0300] "POST /cormun/servlet/solicitudot?a8126957776879e8fcf4493ac4d6031b,INS,0,0,,gx-no-cache=1493044533634 HTTP/1.1" 200 9811
186.79.88.80 - - [24/Apr/2017:11:34:32 -0300] "POST /cormun/servlet/solicitudot?a768a4d67fa529d4e84f3aae7ffa3af9,INS,0,0,,gx-no-cache=1493044534061 HTTP/1.1" 200 93
186.79.88.80 - - [24/Apr/2017:11:34:32 -0300] "GET /cormun/servlet/hpexe_return? HTTP/1.1" 200 1029
186.79.88.80 - - [24/Apr/2017:11:34:33 -0300] "GET /cormun/servlet/trsolicitudot?gx-no-cache=1493043949488 HTTP/1.1" 200 8019
186.79.88.80 - - [24/Apr/2017:11:34:33 -0300] "GET /cormun/servlet/trsolicitudot?gx-no-cache=1493043949488 HTTP/1.1" 200 8038
186.79.88.80 - - [24/Apr/2017:11:34:36 -0300] "POST /cormun/servlet/trsolicitudot?a768a4d67fa529d4e84f3aae7ffa3af9,gx-no-cache=1493043949488,gx-no-cache=1493044538023 HTTP/1.1" 200 106
186.79.88.80 - - [24/Apr/2017:11:34:36 -0300] "GET /cormun/servlet/trsolicitudadjuntos?2017,6188, HTTP/1.1" 200 5928
186.79.88.80 - - [24/Apr/2017:11:34:36 -0300] "GET /cormun/static/gxcfg.js?201731711504543 HTTP/1.1" 200 953
186.79.88.80 - - [24/Apr/2017:11:34:37 -0300] "GET /cormun/static/trsolicitudadjuntos.js?201731711504951 HTTP/1.1" 200 17913
186.79.88.80 - - [24/Apr/2017:11:34:37 -0300] "GET /cormun/servlet/trsolicitudadjuntos?2017,6188, HTTP/1.1" 200 5905
190.151.100.218 - - [24/Apr/2017:11:34:50 -0300] "POST /cormun/servlet/trsolicitudot?2a3d8bc5d0c760f5fc644564194f1cac,gx-no-cache=1493044552660 HTTP/1.1" 200 4344
190.151.100.218 - - [24/Apr/2017:11:34:50 -0300] "GET /cormun/static/Shared/jqueryui/images/ui-bg_highlight-soft_100_c6c2c8_1x100.png HTTP/1.1" 404 1117
186.103.161.206 - - [24/Apr/2017:11:34:50 -0300] "GET /cormun/static/Shared/jqueryui/images/ui-icons_8d78a5_256x240.png HTTP/1.1" 404 1089
190.151.100.218 - - [24/Apr/2017:11:34:50 -0300] "GET /cormun/static/Shared/jqueryui/images/ui-icons_82798d_256x240.png HTTP/1.1" 404 1089
190.151.100.218 - - [24/Apr/2017:11:34:50 -0300] "GET /cormun/static/Shared/jqueryui/images/ui-bg_flat_55_fafafa_40x100.png HTTP/1.1" 404 1097
200.72.197.82 - - [24/Apr/2017:11:34:51 -0300] "POST /cormun/servlet/trsolicitudot?2a3d8bc5d0c760f5fc644564194f1cac,gx-no-cache=1493044554521 HTTP/1.1" 200 4127
192.168.10.13 - - [24/Apr/2017:11:35:03 -0300] "GET / HTTP/1.1" 200 11217
200.86.10.241 - - [24/Apr/2017:11:35:05 -0300] "GET /cormun/servlet/hlogin HTTP/1.1" 200 1729
200.86.10.241 - - [24/Apr/2017:11:35:08 -0300] "GET /cormun/servlet/hlogin HTTP/1.1" 200 1729
200.86.10.241 - - [24/Apr/2017:11:35:08 -0300] "GET /cormun/static/Resources/Spanish/PXTools.css?11294912 HTTP/1.1" 304 -
200.86.10.241 - - [24/Apr/2017:11:35:08 -0300] "GET /cormun/static/gxcfg.js?201741110203197 HTTP/1.1" 304 -
200.86.10.241 - - [24/Apr/2017:11:35:08 -0300] "GET /cormun/static/messages.spa.js?85251 HTTP/1.1" 304 -
200.86.10.241 - - [24/Apr/2017:11:35:08 -0300] "GET /cormun/static/hlogin.js?201741110203211 HTTP/1.1" 304 -
200.86.10.241 - - [24/Apr/2017:11:35:08 -0300] "GET /cormun/servlet/hlogin HTTP/1.1" 200 1735
186.79.88.80 - - [24/Apr/2017:11:35:11 -0300] "GET /cormun/servlet/solicitudotadjuntos?INS,2017,6188,,1, HTTP/1.1" 200 5840
186.79.88.80 - - [24/Apr/2017:11:35:11 -0300] "GET /cormun/static/gxcfg.js?201612218465951 HTTP/1.1" 200 953
186.79.88.80 - - [24/Apr/2017:11:35:11 -0300] "GET /cormun/static/solicitudotadjuntos.js?201612218465969 HTTP/1.1" 200 11762
186.79.88.80 - - [24/Apr/2017:11:35:11 -0300] "GET /cormun/static/about:blank HTTP/1.1" 404 1011
186.79.88.80 - - [24/Apr/2017:11:35:11 -0300] "GET /cormun/servlet/solicitudotadjuntos?INS,2017,6188,,1, HTTP/1.1" 200 5834
186.79.88.80 - - [24/Apr/2017:11:35:12 -0300] "GET /cormun/servlet/solicitudotadjuntos?81afabda9112e29bbba673e9233aba6cafc8d44893bddb1ab2b8fb59561fdee1874ce3f6022bf113229741d374a82eb2,gx-no-cache=1493044573917 HTTP/1.1" 200 30
186.79.88.80 - - [24/Apr/2017:11:35:12 -0300] "POST /cormun/servlet/solicitudotadjuntos?a768a4d67fa529d4e84f3aae7ffa3af9,INS,2017,6188,,1,,gx-no-cache=1493044574028 HTTP/1.1" 200 3645
186.79.88.80 - - [24/Apr/2017:11:35:13 -0300] "POST /cormun/servlet/solicitudotadjuntos?gx-no-cache=1493044575805 HTTP/1.1" 200 26
200.86.10.241 - - [24/Apr/2017:11:35:17 -0300] "POST /cormun/servlet/hlogin?d9a00cbe2985b2f9c99a6f1c3701bd46,gx-no-cache=1493044579576 HTTP/1.1" 200 90
200.86.10.241 - - [24/Apr/2017:11:35:17 -0300] "GET /cormun/servlet/hpexe_link HTTP/1.1" 200 953
200.86.10.241 - - [24/Apr/2017:11:35:17 -0300] "GET /cormun/static/gxcfg.js?201731711483381 HTTP/1.1" 304 -
200.86.10.241 - - [24/Apr/2017:11:35:17 -0300] "GET /cormun/static/hpexe_link.js?201731711483384 HTTP/1.1" 304 -
200.86.10.241 - - [24/Apr/2017:11:35:17 -0300] "GET /cormun/servlet/hhome HTTP/1.1" 200 3926
200.86.10.241 - - [24/Apr/2017:11:35:17 -0300] "GET /cormun/static/gxcfg.js?201731711483497 HTTP/1.1" 304 -
200.86.10.241 - - [24/Apr/2017:11:35:17 -0300] "GET /cormun/static/hwchdr01.js?201731711335950 HTTP/1.1" 304 -
200.86.10.241 - - [24/Apr/2017:11:35:17 -0300] "GET /cormun/static/hhome.js?20173171148352 HTTP/1.1" 304 -
200.86.10.241 - - [24/Apr/2017:11:35:17 -0300] "GET /cormun/static/hpexe_recentlink.js?201610171694390 HTTP/1.1" 304 -
200.86.10.241 - - [24/Apr/2017:11:35:17 -0300] "GET /cormun/static/hpexe_scripts.js?201731711335890 HTTP/1.1" 304 -
200.86.10.241 - - [24/Apr/2017:11:35:18 -0300] "GET /cormun/static/hpexe_messagecontroller.js?201610171694323 HTTP/1.1" 304 -
200.86.10.241 - - [24/Apr/2017:11:35:18 -0300] "GET /cormun/static/hpexe_messagepopupcomponent.js?20161017169425 HTTP/1.1" 304 -
200.86.10.241 - - [24/Apr/2017:11:35:18 -0300] "GET /cormun/static/hpexe_messagegenexuscomponent.js?201731711335537 HTTP/1.1" 304 -
200.86.10.241 - - [24/Apr/2017:11:35:18 -0300] "GET /cormun/static/cmcontrolpreferences.js?201731711335852 HTTP/1.1" 304 -
200.86.10.241 - - [24/Apr/2017:11:35:18 -0300] "GET /cormun/static/hmpwkw03.js?201731711485354 HTTP/1.1" 304 -
200.86.10.241 - - [24/Apr/2017:11:35:18 -0300] "GET /cormun/servlet/hhome HTTP/1.1" 200 3923
200.72.197.82 - - [24/Apr/2017:11:35:21 -0300] "GET /cormun/servlet/trpermisosingoce? HTTP/1.1" 200 6797
186.103.132.155 - - [24/Apr/2017:11:35:21 -0300] "GET /cormun/static/gxcfg.js?2016111619312653 HTTP/1.1" 200 953
186.103.132.155 - - [24/Apr/2017:11:35:21 -0300] "GET /cormun/static/trpermisosingoce.js?2016111619313084 HTTP/1.1" 200 31498
200.72.197.82 - - [24/Apr/2017:11:35:21 -0300] "GET /cormun/static/gxui/gxui-all.css?120300 HTTP/1.1" 200 2179
200.72.197.82 - - [24/Apr/2017:11:35:22 -0300] "GET /cormun/servlet/trpermisosingoce? HTTP/1.1" 200 6796
200.72.197.82 - - [24/Apr/2017:11:35:23 -0300] "POST /cormun/servlet/acontrolpreferencessavestate?None,WPE%C3%91A,true HTTP/1.1" 200 35
186.79.88.80 - - [24/Apr/2017:11:35:25 -0300] "GET /cormun/servlet/solicitudotadjuntos?81afabda9112e29bbba673e9233aba6c979ed32700907c9f685e4086e1ed25cc,gx-no-cache=1493044586942 HTTP/1.1" 200 30
186.79.88.80 - - [24/Apr/2017:11:35:25 -0300] "GET /cormun/servlet/solicitudotadjuntos?81afabda9112e29bbba673e9233aba6c979ed32700907c9f685e4086e1ed25cc,gx-no-cache=1493044587050 HTTP/1.1" 200 30
186.79.88.80 - - [24/Apr/2017:11:35:26 -0300] "POST /cormun/servlet/solicitudotadjuntos?a768a4d67fa529d4e84f3aae7ffa3af9,INS,2017,6188,,1,,gx-no-cache=1493044587452 HTTP/1.1" 200 93
186.79.88.80 - - [24/Apr/2017:11:35:26 -0300] "GET /cormun/servlet/hpexe_return? HTTP/1.1" 200 1027
186.79.88.80 - - [24/Apr/2017:11:35:26 -0300] "GET /cormun/servlet/trsolicitudadjuntos?2017,6188, HTTP/1.1" 200 7908
186.79.88.80 - - [24/Apr/2017:11:35:26 -0300] "GET /cormun/servlet/trsolicitudadjuntos?2017,6188, HTTP/1.1" 200 7904
186.103.161.206 - - [24/Apr/2017:11:35:28 -0300] "GET /cormun/servlet/permisosingoce?INS,0, HTTP/1.1" 200 6729
186.103.161.206 - - [24/Apr/2017:11:35:28 -0300] "GET /cormun/static/gxcfg.js?201732912123489 HTTP/1.1" 200 953
200.72.197.82 - - [24/Apr/2017:11:35:28 -0300] "GET /cormun/static/permisosingoce.js?201732912123526 HTTP/1.1" 200 24247
200.72.197.82 - - [24/Apr/2017:11:35:29 -0300] "GET /cormun/servlet/permisosingoce?INS,0, HTTP/1.1" 200 6730
186.79.88.80 - - [24/Apr/2017:11:35:29 -0300] "GET /cormun/servlet/solicitudotadjuntos?INS,2017,6188,,1, HTTP/1.1" 200 5840
186.79.88.80 - - [24/Apr/2017:11:35:29 -0300] "GET /cormun/static/about:blank HTTP/1.1" 404 1011
186.79.88.80 - - [24/Apr/2017:11:35:29 -0300] "GET /cormun/servlet/solicitudotadjuntos?INS,2017,6188,,1, HTTP/1.1" 200 5836
200.86.10.241 - - [24/Apr/2017:11:35:29 -0300] "GET /cormun/servlet/trautorizarpermisogoce? HTTP/1.1" 200 7737
186.79.88.80 - - [24/Apr/2017:11:35:30 -0300] "GET /cormun/servlet/solicitudotadjuntos?81afabda9112e29bbba673e9233aba6cafc8d44893bddb1ab2b8fb59561fdee1874ce3f6022bf113229741d374a82eb2,gx-no-cache=1493044591798 HTTP/1.1" 200 30
200.86.10.241 - - [24/Apr/2017:11:35:30 -0300] "GET /cormun/static/gxcfg.js?20174111145711 HTTP/1.1" 200 953
200.86.10.241 - - [24/Apr/2017:11:35:30 -0300] "GET /cormun/static/trautorizarpermisogoce.js?201741111451072 HTTP/1.1" 200 32073
200.86.10.241 - - [24/Apr/2017:11:35:30 -0300] "GET /cormun//static/Resources/PXToolsGridDisplay.png HTTP/1.1" 200 362
200.86.10.241 - - [24/Apr/2017:11:35:30 -0300] "GET /cormun//static/Resources/PXToolsActionPrint.png HTTP/1.1" 200 3317
186.79.88.80 - - [24/Apr/2017:11:35:30 -0300] "POST /cormun/servlet/solicitudotadjuntos?a768a4d67fa529d4e84f3aae7ffa3af9,INS,2017,6188,,1,,gx-no-cache=1493044591994 HTTP/1.1" 200 3645
200.86.10.241 - - [24/Apr/2017:11:35:30 -0300] "GET /cormun/servlet/trautorizarpermisogoce? HTTP/1.1" 200 7735
186.79.88.80 - - [24/Apr/2017:11:35:34 -0300] "POST /cormun/servlet/solicitudotadjuntos?gx-no-cache=1493044596461 HTTP/1.1" 200 26
200.86.95.220 - - [24/Apr/2017:11:35:36 -0300] "GET /cormun/servlet/hlogin HTTP/1.1" 200 1719
186.79.88.80 - - [24/Apr/2017:11:35:44 -0300] "GET /cormun/servlet/solicitudotadjuntos?81afabda9112e29bbba673e9233aba6c979ed32700907c9f685e4086e1ed25cc,gx-no-cache=1493044606744 HTTP/1.1" 200 30
186.79.88.80 - - [24/Apr/2017:11:35:44 -0300] "GET /cormun/servlet/solicitudotadjuntos?81afabda9112e29bbba673e9233aba6c979ed32700907c9f685e4086e1ed25cc,gx-no-cache=1493044606857 HTTP/1.1" 200 30
200.86.10.241 - - [24/Apr/2017:11:35:49 -0300] "POST /cormun/servlet/trautorizarpermisogoce?d9a00cbe2985b2f9c99a6f1c3701bd46,,gx-no-cache=1493044611105 HTTP/1.1" 200 4882
200.86.10.241 - - [24/Apr/2017:11:35:49 -0300] "GET /cormun/static/Shared/jqueryui/images/ui-bg_highlight-soft_100_c6c2c8_1x100.png HTTP/1.1" 404 1117
200.86.10.241 - - [24/Apr/2017:11:35:49 -0300] "GET /cormun/static/Shared/jqueryui/images/ui-icons_82798d_256x240.png HTTP/1.1" 404 1089
200.86.10.241 - - [24/Apr/2017:11:35:49 -0300] "GET /cormun/static/Shared/jqueryui/images/ui-bg_flat_55_fafafa_40x100.png HTTP/1.1" 404 1097
200.86.10.241 - - [24/Apr/2017:11:35:49 -0300] "GET /cormun/static/Shared/jqueryui/images/ui-icons_8d78a5_256x240.png HTTP/1.1" 404 1089
200.86.10.241 - - [24/Apr/2017:11:35:50 -0300] "POST /cormun/servlet/trautorizarpermisogoce?d9a00cbe2985b2f9c99a6f1c3701bd46,,gx-no-cache=1493044612706 HTTP/1.1" 200 4878
200.86.10.241 - - [24/Apr/2017:11:35:54 -0300] "POST /cormun/servlet/trautorizarpermisogoce?d9a00cbe2985b2f9c99a6f1c3701bd46,,gx-no-cache=1493044616820 HTTP/1.1" 200 4877
192.168.10.13 - - [24/Apr/2017:11:36:03 -0300] "GET / HTTP/1.1" 200 11217
200.86.10.241 - - [24/Apr/2017:11:36:03 -0300] "POST /cormun/servlet/trautorizarpermisogoce?d9a00cbe2985b2f9c99a6f1c3701bd46,,gx-no-cache=1493044625236 HTTP/1.1" 200 4878
186.79.88.80 - - [24/Apr/2017:11:36:05 -0300] "POST /cormun/servlet/solicitudotadjuntos?a768a4d67fa529d4e84f3aae7ffa3af9,INS,2017,6188,,1, HTTP/1.1" 200 116
186.79.88.80 - - [24/Apr/2017:11:36:06 -0300] "GET /cormun/servlet/hpexe_return? HTTP/1.1" 200 1027
186.79.88.80 - - [24/Apr/2017:11:36:06 -0300] "GET /cormun/servlet/trsolicitudadjuntos?2017,6188, HTTP/1.1" 200 8228
186.79.88.80 - - [24/Apr/2017:11:36:07 -0300] "GET /cormun/servlet/trsolicitudadjuntos?2017,6188, HTTP/1.1" 200 8227
186.79.133.3 - - [24/Apr/2017:11:36:08 -0300] "GET /cormun/servlet/solicitudot?39dd0eb8ffc80dd2a1f289ff9f1b28b58d2896d8f77a2331b23294e5cb23760cc3867da7ce2572fd84dc31f7bf16ca0c,gx-no-cache=1493044631430 HTTP/1.1" 200 30
186.79.133.3 - - [24/Apr/2017:11:36:09 -0300] "POST /cormun/servlet/solicitudot?gx-no-cache=1493044631619 HTTP/1.1" 200 297
186.79.133.3 - - [24/Apr/2017:11:36:09 -0300] "GET /cormun/servlet/solicitudot?39dd0eb8ffc80dd2a1f289ff9f1b28b53736fd123dce61f3a85e6b98398d740df8afc8cb307cddf3d7b25769ddcf0d05e385e98a89c88a8bbeae12c2afd71a7bde9eb0044bc4d6e7ae8d0e743a45b4107a3cf281ceb3fcc6b9d9ddc04523c5f0985d9d00a662baa1d0cead7f1fef770baee1326ed56e6cfc6746aeeb99a00795abc9b2d8ffe8f799c9f53be29e0ca4ac9b3213fc1c51e7ed047f7c2cb3ba780a88c0bacfc4de8582062111daca8b4c49b84f6a64b9446feffff7411dd12e605a699a0eb7f987ee47e3c89be1a075a669e89894519cecb2adf98729346f0bedb58d2037cfa25b2bd2f2caf3b4bf6382a529f32a2857bec40681d4267e618da912f52a830b34cd5402894c418c6f0d49e54ad6e050b120cfe9f3accf2c0adfe953b78f6dc7f29591a8132bb0b388696fad2b5f8d88018033707269920b0fddfa9b65ae083bbec5ac8b6867029602983b6e13ab040a94105e0e6018eb9d0cf168e495bf58523a5ae73031ee3ced726ad6a9bd48a81f646f902a6c67b5db288ffc43ca9611c5a3e523efd8fe62084d718fc1,gx-no-cache=1493044631763 HTTP/1.1" 200 30
186.79.133.3 - - [24/Apr/2017:11:36:16 -0300] "POST /cormun/servlet/solicitudot?gx-no-cache=1493044638611 HTTP/1.1" 200 30
190.45.55.254 - - [24/Apr/2017:11:36:23 -0300] "GET /cormun/servlet/trlicencias HTTP/1.1" 200 7026
186.103.161.206 - - [24/Apr/2017:11:36:23 -0300] "GET /cormun/servlet/permisosingoce?ae56140e11cbe0917dd4d71ca60e9f5a8b918a7bf63587be3028272c16339756ea426a6d2019da19c6d29810daeb5264,gx-no-cache=1493044647628 HTTP/1.1" 200 78
190.45.55.254 - - [24/Apr/2017:11:36:24 -0300] "GET /cormun/servlet/trlicencias HTTP/1.1" 200 7024
186.103.159.188 - - [24/Apr/2017:11:36:28 -0300] "GET /cormun/static/menuarrow.gif HTTP/1.1" 404 1015
186.103.161.206 - - [24/Apr/2017:11:36:29 -0300] "GET /cormun/static/menuarrow.gif HTTP/1.1" 404 1015
186.103.161.206 - - [24/Apr/2017:11:36:36 -0300] "GET /cormun/servlet/permisosingoce?ae56140e11cbe0917dd4d71ca60e9f5a7b3eb887e9a80d29cdc1d20cca013eb48be3d76cf04f65f7a8cda3ae0c1bb759,gx-no-cache=1493044660972 HTTP/1.1" 200 33
200.86.10.241 - - [24/Apr/2017:11:36:50 -0300] "POST /cormun/servlet/trautorizarpermisogoce?d9a00cbe2985b2f9c99a6f1c3701bd46,,gx-no-cache=1493044672440 HTTP/1.1" 200 4848
200.86.10.241 - - [24/Apr/2017:11:36:54 -0300] "POST /cormun/servlet/trautorizarpermisogoce?d9a00cbe2985b2f9c99a6f1c3701bd46,,gx-no-cache=1493044675815 HTTP/1.1" 200 4867
186.103.132.155 - - [24/Apr/2017:11:36:56 -0300] "GET /cormun/servlet/permisosingoce?ae56140e11cbe0917dd4d71ca60e9f5a79e722321b0f29ad943e95e5e44857c1107632ef04caba46a4e8ee0a1118adb9436870a4bdaa34894c82002b34cc84ec2b0d7a1235bfc173a7516eb42afeeec094051c409824518f48c5477763f9a51d,gx-no-cache=1493044680648 HTTP/1.1" 200 235
186.103.132.155 - - [24/Apr/2017:11:36:56 -0300] "GET /cormun/static/Shared/jqueryui/images/ui-bg_highlight-soft_100_c6c2c8_1x100.png HTTP/1.1" 404 1117
200.72.197.82 - - [24/Apr/2017:11:36:56 -0300] "GET /cormun/static/Shared/jqueryui/images/ui-bg_flat_55_994d53_40x100.png HTTP/1.1" 404 1097
190.151.100.218 - - [24/Apr/2017:11:36:56 -0300] "GET /cormun/static/Shared/jqueryui/images/ui-icons_82798d_256x240.png HTTP/1.1" 404 1089
186.103.132.155 - - [24/Apr/2017:11:36:56 -0300] "GET /cormun/static/Shared/jqueryui/images/ui-icons_ebccce_256x240.png HTTP/1.1" 404 1089
190.45.55.254 - - [24/Apr/2017:11:36:58 -0300] "GET /cormun/servlet/hlogin HTTP/1.1" 200 1721
186.103.132.155 - - [24/Apr/2017:11:37:00 -0300] "POST /cormun/servlet/permisosingoce?2a3d8bc5d0c760f5fc644564194f1cac,INS,0,,gx-no-cache=1493044684176 HTTP/1.1" 200 93
186.103.132.155 - - [24/Apr/2017:11:37:00 -0300] "GET /cormun/servlet/hpexe_return? HTTP/1.1" 200 1007
186.103.132.155 - - [24/Apr/2017:11:37:01 -0300] "GET /cormun/servlet/trpermisosingoce HTTP/1.1" 200 6821
190.45.55.254 - - [24/Apr/2017:11:37:01 -0300] "POST /cormun/servlet/hlogin?b4ff3138ecda73871f7a7d6e74b3ed83,gx-no-cache=1493044683540 HTTP/1.1" 200 90
190.45.55.254 - - [24/Apr/2017:11:37:01 -0300] "GET /cormun/servlet/hpexe_link HTTP/1.1" 200 959
190.45.55.254 - - [24/Apr/2017:11:37:01 -0300] "GET /cormun/servlet/trlicencias HTTP/1.1" 200 7026
186.103.132.155 - - [24/Apr/2017:11:37:01 -0300] "GET /cormun/servlet/trpermisosingoce HTTP/1.1" 200 6817
190.45.55.254 - - [24/Apr/2017:11:37:02 -0300] "GET /cormun/servlet/trlicencias HTTP/1.1" 200 7024
192.168.10.13 - - [24/Apr/2017:11:37:03 -0300] "GET / HTTP/1.1" 200 11217
200.86.10.241 - - [24/Apr/2017:11:37:04 -0300] "POST /cormun/servlet/trautorizarpermisogoce?d9a00cbe2985b2f9c99a6f1c3701bd46,,gx-no-cache=1493044686480 HTTP/1.1" 200 129
200.86.10.241 - - [24/Apr/2017:11:37:04 -0300] "GET /cormun/servlet/licenciaspermisoslog?INS,10113000,P,20170413113200,0,NU, HTTP/1.1" 200 5785
200.86.10.241 - - [24/Apr/2017:11:37:04 -0300] "GET /cormun/static/gxcfg.js?201731711423236 HTTP/1.1" 200 953
186.103.159.188 - - [24/Apr/2017:11:37:04 -0300] "GET /cormun/static/licenciaspermisoslog.js?201731711423249 HTTP/1.1" 200 9246
186.103.159.188 - - [24/Apr/2017:11:37:05 -0300] "GET /cormun/servlet/licenciaspermisoslog?INS,10113000,P,20170413113200,0,NU, HTTP/1.1" 200 5785
186.79.133.3 - - [24/Apr/2017:11:37:22 -0300] "POST /cormun/servlet/solicitudot?gx-no-cache=1493044704424 HTTP/1.1" 200 1291
186.79.133.3 - - [24/Apr/2017:11:37:22 -0300] "POST /cormun/servlet/solicitudot?gx-no-cache=1493044704903 HTTP/1.1" 200 38
192.168.10.13 - - [24/Apr/2017:11:38:03 -0300] "GET / HTTP/1.1" 200 11217
200.111.191.210 - - [24/Apr/2017:11:38:41 -0300] "GET /cormun/servlet/hlogin HTTP/1.1" 200 1742
192.168.10.13 - - [24/Apr/2017:11:39:03 -0300] "GET / HTTP/1.1" 200 11217
186.103.159.188 - - [24/Apr/2017:11:39:18 -0300] "GET /cormun/servlet/hlogin HTTP/1.1" 200 1729
186.103.159.188 - - [24/Apr/2017:11:39:33 -0300] "POST /cormun/servlet/hlogin?02265e2f52acabee12c39d8174acce6f,gx-no-cache=1493044836150 HTTP/1.1" 200 90
186.103.159.188 - - [24/Apr/2017:11:39:34 -0300] "GET /cormun/servlet/hpexe_link HTTP/1.1" 200 955
186.103.159.188 - - [24/Apr/2017:11:39:34 -0300] "GET /cormun/static/hpexe_link.js?201731711483384 HTTP/1.1" 200 625
186.103.159.188 - - [24/Apr/2017:11:39:34 -0300] "GET /cormun/servlet/hhome HTTP/1.1" 200 3783
186.103.159.188 - - [24/Apr/2017:11:39:34 -0300] "GET /cormun/servlet/hhome HTTP/1.1" 200 3779
186.103.159.188 - - [24/Apr/2017:11:39:40 -0300] "GET /cormun/servlet/trrenuncias? HTTP/1.1" 200 6510
186.103.159.188 - - [24/Apr/2017:11:39:40 -0300] "GET /cormun/static/gxcfg.js?201731711553383 HTTP/1.1" 200 953
186.103.159.188 - - [24/Apr/2017:11:39:40 -0300] "GET /cormun/static/trrenuncias.js?201731711553833 HTTP/1.1" 200 28329
186.103.159.188 - - [24/Apr/2017:11:39:40 -0300] "GET /cormun/servlet/trrenuncias? HTTP/1.1" 200 6509
186.103.159.188 - - [24/Apr/2017:11:39:52 -0300] "GET /cormun/servlet/renuncias?INS,0, HTTP/1.1" 200 5896
186.103.159.188 - - [24/Apr/2017:11:39:52 -0300] "GET /cormun/static/gxcfg.js?20173291217350 HTTP/1.1" 200 953
186.103.159.188 - - [24/Apr/2017:11:39:52 -0300] "GET /cormun/static/renuncias.js?20173291217362 HTTP/1.1" 200 14101
186.103.159.188 - - [24/Apr/2017:11:39:52 -0300] "GET /cormun/servlet/renuncias?INS,0, HTTP/1.1" 200 5897
192.168.10.13 - - [24/Apr/2017:11:40:03 -0300] "GET / HTTP/1.1" 200 11217
186.79.211.23 - - [24/Apr/2017:11:40:12 -0300] "GET /cormun/servlet/solicitudot?39dd0eb8ffc80dd2a1f289ff9f1b28b573a20ef87dbfe6ac12fac8d8facb98c83219cec5fff4bce50bb17949cc372c2ef38c5e5aeb69ecc5df020cb214ebf39921eb3ee15bce09bc72918e400271665c282c2936d1667f98714c89d121743a520f1560c443db8750659e5f60f4d51f66,gx-no-cache=1493044874507 HTTP/1.1" 200 29
186.79.211.23 - - [24/Apr/2017:11:40:12 -0300] "POST /cormun/servlet/solicitudot?gx-no-cache=1493044874651 HTTP/1.1" 200 1273
186.79.211.23 - - [24/Apr/2017:11:40:12 -0300] "POST /cormun/servlet/solicitudot?gx-no-cache=1493044874895 HTTP/1.1" 200 1157
186.79.211.23 - - [24/Apr/2017:11:40:12 -0300] "GET /cormun/static/menuarrow.gif HTTP/1.1" 404 1015
186.79.211.23 - - [24/Apr/2017:11:40:15 -0300] "POST /cormun/servlet/solicitudot?gx-no-cache=1493044877144 HTTP/1.1" 200 1273
186.79.211.23 - - [24/Apr/2017:11:40:15 -0300] "POST /cormun/servlet/solicitudot?gx-no-cache=1493044878320 HTTP/1.1" 200 1157
186.79.88.80 - - [24/Apr/2017:11:40:18 -0300] "GET /cormun/servlet/solicitudotadjuntos?INS,2017,6188,,1, HTTP/1.1" 200 5841
186.79.88.80 - - [24/Apr/2017:11:40:18 -0300] "GET /cormun/static/about:blank HTTP/1.1" 404 1011
186.79.88.80 - - [24/Apr/2017:11:40:19 -0300] "GET /cormun/servlet/solicitudotadjuntos?INS,2017,6188,,1, HTTP/1.1" 200 5835
186.79.88.80 - - [24/Apr/2017:11:40:19 -0300] "GET /cormun/servlet/solicitudotadjuntos?81afabda9112e29bbba673e9233aba6cafc8d44893bddb1ab2b8fb59561fdee1874ce3f6022bf113229741d374a82eb2,gx-no-cache=1493044881253 HTTP/1.1" 200 30
186.79.88.80 - - [24/Apr/2017:11:40:19 -0300] "POST /cormun/servlet/solicitudotadjuntos?a768a4d67fa529d4e84f3aae7ffa3af9,INS,2017,6188,,1,,gx-no-cache=1493044881353 HTTP/1.1" 200 3645
186.79.88.80 - - [24/Apr/2017:11:40:21 -0300] "POST /cormun/servlet/solicitudotadjuntos?gx-no-cache=1493044883100 HTTP/1.1" 200 26
186.79.88.80 - - [24/Apr/2017:11:40:29 -0300] "POST /cormun/servlet/solicitudotadjuntos?gx-no-cache=1493044891673 HTTP/1.1" 200 26
186.103.159.188 - - [24/Apr/2017:11:40:33 -0300] "GET /cormun/static/menuarrow.gif HTTP/1.1" 404 1015
186.103.159.188 - - [24/Apr/2017:11:40:38 -0300] "GET /cormun/servlet/renuncias?a8bc0bdfadb159b33cd3b18aee127a4ece7654ae22a603451659b4ebb6940f0b05cca7c55fe88a82bd42431e633525f1,gx-no-cache=1493044900427 HTTP/1.1" 200 33
186.79.88.80 - - [24/Apr/2017:11:40:46 -0300] "GET /cormun/servlet/solicitudotadjuntos?81afabda9112e29bbba673e9233aba6c979ed32700907c9f685e4086e1ed25cc,gx-no-cache=1493044908678 HTTP/1.1" 200 30
186.79.88.80 - - [24/Apr/2017:11:40:46 -0300] "GET /cormun/servlet/solicitudotadjuntos?81afabda9112e29bbba673e9233aba6c979ed32700907c9f685e4086e1ed25cc,gx-no-cache=1493044908800 HTTP/1.1" 200 30
192.168.10.13 - - [24/Apr/2017:11:41:03 -0300] "GET / HTTP/1.1" 200 11217
186.79.88.80 - - [24/Apr/2017:11:41:05 -0300] "POST /cormun/servlet/solicitudotadjuntos?a768a4d67fa529d4e84f3aae7ffa3af9,INS,2017,6188,,1, HTTP/1.1" 200 116
186.79.88.80 - - [24/Apr/2017:11:41:05 -0300] "GET /cormun/servlet/hpexe_return? HTTP/1.1" 200 1027
186.79.88.80 - - [24/Apr/2017:11:41:06 -0300] "GET /cormun/servlet/trsolicitudadjuntos?2017,6188, HTTP/1.1" 200 8380
186.79.88.80 - - [24/Apr/2017:11:41:07 -0300] "GET /cormun/servlet/trsolicitudadjuntos?2017,6188, HTTP/1.1" 200 8378
