186.103.159.182 - - [24/Apr/2017:17:32:34 -0300] "POST /cormun/servlet/trsolicitudot?1090daaf3fb87695b0d6e75ebe3ed1f8,gx-no-cache=1493066018077 HTTP/1.1" 200 4112
186.103.159.204 - - [24/Apr/2017:17:32:46 -0300] "POST /cormun/servlet/licenciaspermisosadjuntos?9a7263e90c45f9e62e28f0d460470802,INS,16883414,L,20170424000000,, HTTP/1.1" 200 116
186.103.159.204 - - [24/Apr/2017:17:32:46 -0300] "GET /cormun/servlet/hpexe_return? HTTP/1.1" 200 1041
186.103.159.204 - - [24/Apr/2017:17:32:47 -0300] "GET /cormun/servlet/trlicenciaspermisosadjuntos?16883414,20170424000000,L, HTTP/1.1" 200 6831
186.103.159.204 - - [24/Apr/2017:17:32:47 -0300] "GET /cormun/servlet/trlicenciaspermisosadjuntos?16883414,20170424000000,L, HTTP/1.1" 200 6828
186.103.159.204 - - [24/Apr/2017:17:32:48 -0300] "GET /cormun/PublicTempStorage/daniela_heng24abril2277537564.jpg HTTP/1.1" 200 2467570
186.103.159.182 - - [24/Apr/2017:17:32:50 -0300] "GET /cormun/servlet/solicitudot?INS,0,0, HTTP/1.1" 200 12866
186.103.159.204 - - [24/Apr/2017:17:32:52 -0300] "GET /cormun/servlet/licenciaspermisosadjuntos?INS,16883414,L,20170424000000,, HTTP/1.1" 200 5642
186.103.159.182 - - [24/Apr/2017:17:32:52 -0300] "GET /cormun/servlet/solicitudot?INS,0,0, HTTP/1.1" 200 12871
186.103.159.204 - - [24/Apr/2017:17:32:52 -0300] "GET /cormun/servlet/licenciaspermisosadjuntos?INS,16883414,L,20170424000000,, HTTP/1.1" 200 5631
192.168.10.89 - - [24/Apr/2017:17:32:55 -0300] "POST /cormun/servlet/solicitudgral2?2aec9aeab7c83b01f60ee89de91e5e06,UPD,2017,6179,,gx-no-cache=1493069245576 HTTP/1.1" 200 93
192.168.10.89 - - [24/Apr/2017:17:32:55 -0300] "GET /cormun/servlet/hpexe_return? HTTP/1.1" 200 1035
192.168.10.89 - - [24/Apr/2017:17:32:55 -0300] "GET /cormun/servlet/trsolicitudgral?gx-no-cache=1493068560933 HTTP/1.1" 200 12231
186.103.159.204 - - [24/Apr/2017:17:32:56 -0300] "GET /cormun/servlet/trlicenciaspermisosadjuntos?16883414,20170424000000,L, HTTP/1.1" 200 6827
186.103.159.204 - - [24/Apr/2017:17:32:56 -0300] "GET /cormun/servlet/trlicenciaspermisosadjuntos?16883414,20170424000000,L, HTTP/1.1" 200 6827
186.103.159.204 - - [24/Apr/2017:17:32:57 -0300] "GET /cormun/PublicTempStorage/daniela_heng24abril2279781336.jpg HTTP/1.1" 200 2467570
192.168.10.89 - - [24/Apr/2017:17:32:59 -0300] "POST /cormun/servlet/trsolicitudgral?2aec9aeab7c83b01f60ee89de91e5e06,gx-no-cache=1493068560933,gx-no-cache=1493069249758 HTTP/1.1" 200 8631
192.168.10.89 - - [24/Apr/2017:17:32:59 -0300] "GET /cormun/static/Shared/jqueryui/images/ui-bg_highlight-soft_100_c6c2c8_1x100.png HTTP/1.1" 404 1117
192.168.10.89 - - [24/Apr/2017:17:32:59 -0300] "GET /cormun/static/Shared/jqueryui/images/ui-icons_82798d_256x240.png HTTP/1.1" 404 1089
192.168.10.89 - - [24/Apr/2017:17:32:59 -0300] "GET /cormun/static/Shared/jqueryui/images/ui-bg_flat_55_fafafa_40x100.png HTTP/1.1" 404 1097
192.168.10.89 - - [24/Apr/2017:17:32:59 -0300] "GET /cormun/static/Shared/jqueryui/images/ui-icons_8d78a5_256x240.png HTTP/1.1" 404 1089
186.103.159.204 - - [24/Apr/2017:17:33:01 -0300] "GET /cormun/servlet/trlicencias HTTP/1.1" 200 8025
186.103.159.204 - - [24/Apr/2017:17:33:01 -0300] "GET /cormun/servlet/trlicencias HTTP/1.1" 200 8020
192.168.10.89 - - [24/Apr/2017:17:33:02 -0300] "GET /cormun/servlet/solicitudgral2?UPD,2017,6178, HTTP/1.1" 200 12480
192.168.10.13 - - [24/Apr/2017:17:33:03 -0300] "GET / HTTP/1.1" 200 11217
192.168.10.89 - - [24/Apr/2017:17:33:03 -0300] "POST /cormun/servlet/solicitudgral2?gx-no-cache=1493069253785 HTTP/1.1" 200 3205
192.168.10.89 - - [24/Apr/2017:17:33:03 -0300] "GET /cormun/servlet/solicitudgral2?4fcbc1dea8c3d019741065f9c465b3ec0c48a3cd565ca2d0fdb57cbf2d359eb6e7f4faec75739056cbe2f58921d2931be4121e83017f9896a09c766f8745c276c1b2660824239dd28e7fdcde55310010e69b024f3dcdfea04be5bd201b8b652cfb10a908c0aca6454e94364549c097678f3b316ed1a4f7d4d2aca4bcc1e3bbb7be12ef8090056a3cc9cdca5516a5644d98fbd852559e8ec4a18ae0ef1a53bea3208f597e9344823dc62c4447e9e09e4efb428595fd57d970af3d06f7d04bc4e121777dd9a096921e4371eca8653cb449ff73b03966d931beb12724a79588a8d54c1bb474ff8b148ead29a2b51baa932f220451163dcb97c7604cec8b44ad85c894a6da0b21f2569336c594049efddf1b702fc645b8388c395daf19a6ec3ead50abccec8df46e88286a7fd0cc284e93e893af214930c6486559b5b9953e93d936dc5f522ce8af1b9e942432f9676d5a05,gx-no-cache=1493069253989 HTTP/1.1" 200 257
192.168.10.89 - - [24/Apr/2017:17:33:03 -0300] "POST /cormun/servlet/solicitudgral2?gx-no-cache=1493069254036 HTTP/1.1" 200 1353
192.168.10.89 - - [24/Apr/2017:17:33:03 -0300] "GET /cormun/servlet/solicitudgral2?4fcbc1dea8c3d019741065f9c465b3eccdef2a8a63ea4f9ff11a5030e9d34bce96b53e2ab4fd38a5700f9313d7043affe4121e83017f9896a09c766f8745c2764b4989d6405c6a0460551484975196e9a305357a36e7ee2684e1330aea79171998495392b6e2cc308c3b0ba18f9f2b60,gx-no-cache=1493069254078 HTTP/1.1" 200 41
186.103.159.204 - - [24/Apr/2017:17:33:05 -0300] "POST /cormun/servlet/trlicencias?9a7263e90c45f9e62e28f0d460470802,gx-no-cache=1493066047410 HTTP/1.1" 200 4247
186.103.159.204 - - [24/Apr/2017:17:33:05 -0300] "GET /cormun/static/Shared/jqueryui/images/ui-icons_82798d_256x240.png HTTP/1.1" 404 1089
186.103.159.204 - - [24/Apr/2017:17:33:05 -0300] "GET /cormun/static/Shared/jqueryui/images/ui-bg_highlight-soft_100_c6c2c8_1x100.png HTTP/1.1" 404 1117
186.103.159.204 - - [24/Apr/2017:17:33:05 -0300] "GET /cormun/static/Shared/jqueryui/images/ui-bg_flat_55_fafafa_40x100.png HTTP/1.1" 404 1097
186.103.159.204 - - [24/Apr/2017:17:33:05 -0300] "GET /cormun/static/Shared/jqueryui/images/ui-icons_8d78a5_256x240.png HTTP/1.1" 404 1089
192.168.10.89 - - [24/Apr/2017:17:33:06 -0300] "POST /cormun/servlet/solicitudgral2?2aec9aeab7c83b01f60ee89de91e5e06,UPD,2017,6178,,gx-no-cache=1493069257074 HTTP/1.1" 200 10711
192.168.10.89 - - [24/Apr/2017:17:33:13 -0300] "GET /cormun/servlet/solicitudgral2?4fcbc1dea8c3d019741065f9c465b3ec50a911af846b474e6eacafd7c951fb9cdd2585f5a683ca5235aa0f013e09308511d28bd26b7483854ac2452b139f169aa7d1aa427cfaea159216adcc650e795391b64a9d4ef6b1cac8e9a41681627e178bdef9741ce34246aa7943261bdb52aa62ce896a58d45dd81efb186733accdcbc2a1b593bb77faae187388240aa5d3619a4667ff88b2c21cf51e7986cf3e9544f3c8c032d85eef8abb648d8ee5bf1acc5d95d750bda8629e7bd85e177f3e5b353de181bd3c44cf814424f4132f6cf631,gx-no-cache=1493069264073 HTTP/1.1" 200 30
192.168.10.89 - - [24/Apr/2017:17:33:14 -0300] "POST /cormun/servlet/solicitudgral2?gx-no-cache=1493069264539 HTTP/1.1" 200 1249
192.168.10.89 - - [24/Apr/2017:17:33:14 -0300] "POST /cormun/servlet/solicitudgral2?gx-no-cache=1493069264583 HTTP/1.1" 200 1154
186.103.159.182 - - [24/Apr/2017:17:33:16 -0300] "POST /cormun/servlet/solicitudot?gx-no-cache=1493066059486 HTTP/1.1" 200 3210
186.103.159.182 - - [24/Apr/2017:17:33:16 -0300] "POST /cormun/servlet/solicitudot?1090daaf3fb87695b0d6e75ebe3ed1f8,INS,0,0,,gx-no-cache=1493066059737 HTTP/1.1" 200 10002
192.168.10.89 - - [24/Apr/2017:17:33:19 -0300] "GET /cormun/servlet/solicitudgral2?4fcbc1dea8c3d019741065f9c465b3ec5f34e512b6a87c8339992d2570408cb38185f8fd09bdab547740081992907846c49252efeb1ac15f75d9a67b5c7c4279260999535cc9211c7be287ec3ec014105db83cceaddbe003beb3a8c5db7075e983c04867c55e8b63e4a4340282297aeeb2e5d633629f9af9d8a1952ba6cb505b,gx-no-cache=1493069270398 HTTP/1.1" 200 30
192.168.10.89 - - [24/Apr/2017:17:33:21 -0300] "POST /cormun/servlet/solicitudgral2?2aec9aeab7c83b01f60ee89de91e5e06,UPD,2017,6178,,gx-no-cache=1493069272114 HTTP/1.1" 200 93
192.168.10.89 - - [24/Apr/2017:17:33:21 -0300] "GET /cormun/servlet/hpexe_return? HTTP/1.1" 200 1035
192.168.10.89 - - [24/Apr/2017:17:33:22 -0300] "GET /cormun/servlet/trsolicitudgral?gx-no-cache=1493068560933 HTTP/1.1" 200 11989
192.168.10.89 - - [24/Apr/2017:17:33:33 -0300] "POST /cormun/servlet/trsolicitudgral?2aec9aeab7c83b01f60ee89de91e5e06,gx-no-cache=1493068560933,gx-no-cache=1493069283688 HTTP/1.1" 200 8290
192.168.10.89 - - [24/Apr/2017:17:33:33 -0300] "GET /cormun/static/Shared/jqueryui/images/ui-bg_flat_55_fafafa_40x100.png HTTP/1.1" 404 1097
192.168.10.89 - - [24/Apr/2017:17:33:33 -0300] "GET /cormun/static/Shared/jqueryui/images/ui-icons_8d78a5_256x240.png HTTP/1.1" 404 1089
192.168.10.89 - - [24/Apr/2017:17:33:33 -0300] "GET /cormun/static/Shared/jqueryui/images/ui-icons_82798d_256x240.png HTTP/1.1" 404 1089
192.168.10.89 - - [24/Apr/2017:17:33:33 -0300] "GET /cormun/static/Shared/jqueryui/images/ui-bg_highlight-soft_100_c6c2c8_1x100.png HTTP/1.1" 404 1117
186.103.159.204 - - [24/Apr/2017:17:33:45 -0300] "GET /cormun/static/Shared/jqueryui/images/ui-bg_highlight-soft_100_eae6ea_1x100.png HTTP/1.1" 404 1117
192.168.10.89 - - [24/Apr/2017:17:33:47 -0300] "POST /cormun/servlet/trsolicitudgral?2aec9aeab7c83b01f60ee89de91e5e06,gx-no-cache=1493068560933,gx-no-cache=1493069298027 HTTP/1.1" 200 115
192.168.10.89 - - [24/Apr/2017:17:33:47 -0300] "GET /cormun/servlet/solicitudotlog?INS,2017,6169,0,REC, HTTP/1.1" 200 6240
192.168.10.89 - - [24/Apr/2017:17:33:47 -0300] "GET /cormun/static/gxcfg.js?201731711401563 HTTP/1.1" 304 -
192.168.10.89 - - [24/Apr/2017:17:33:48 -0300] "GET /cormun/servlet/solicitudotlog?4fcbc1dea8c3d019741065f9c465b3ecd21743659dce2d8b20cd82959df6f699e495c897a84d65bd46662a1b0aee2fed8469b45eb9a5f675875fb41fba69c80e7ac6be315aae972acf548cbd90dc091b5e1368892cfaa010b1639c19b40179bdcb4b3696fe8273a305c8bfe827a7e51fe5027b997e31e152e0f62d2b875f131ccdccd776566fe945a10b4fbc41a4ad53b989844d2534947762bfa46d8ce030a0,gx-no-cache=1493069299253 HTTP/1.1" 200 94
192.168.10.89 - - [24/Apr/2017:17:33:49 -0300] "POST /cormun/servlet/solicitudotlog?2aec9aeab7c83b01f60ee89de91e5e06,INS,2017,6169,0,REC,,gx-no-cache=1493069300278 HTTP/1.1" 200 93
192.168.10.89 - - [24/Apr/2017:17:33:49 -0300] "GET /cormun/servlet/hpexe_return? HTTP/1.1" 200 1044
192.168.10.89 - - [24/Apr/2017:17:33:50 -0300] "GET /cormun/servlet/trsolicitudgral?gx-no-cache=1493068560933 HTTP/1.1" 200 11639
186.103.159.182 - - [24/Apr/2017:17:33:51 -0300] "GET /cormun/servlet/solicitudot?94b29bab41d84e5f04b12894ba4a265e5ae8cc8646836c558808aefdce445b32fc3b3b9b6a821ba6df93a087d5be53b6,gx-no-cache=1493066095029 HTTP/1.1" 200 30
186.103.159.182 - - [24/Apr/2017:17:33:51 -0300] "POST /cormun/servlet/solicitudot?gx-no-cache=1493066095199 HTTP/1.1" 200 297
186.103.159.182 - - [24/Apr/2017:17:33:52 -0300] "GET /cormun/servlet/solicitudot?94b29bab41d84e5f04b12894ba4a265ea8247ab5ad03b41cd017ff9ce9e5ad91c25ca9cb849c9535d36216a0809ed8df56d7150f6808ebd6782b60b6598a6ed26a60a6d14d1eb83f507a94a4ca8c29154e61a0f54e58dbde01b7c8f240c654db3eb5732d47caa8f7aca915924e06d03d47c79c2d6c2baf5bffc7cc9c5d24c14eae53ca594d274f52d9e5d566131ee822d09c0fb057d0a7ff0fd1fbf0059c8f437de05ba9b03660a7bcd22a6c4041a691abb9b61696837c6618d7e6715b058210b127a1130e16a6fe330a320e35da5f4ba5de268440ff4e368ca1e8274736da80b349d17686a9838af708eed68cda5c1dacf2066e40081096c9084e5b91aec9093c3ff005619c278a36e134be81303925adec2946d6ad6c899f80ade0b96500988516246a715ef5ee97d9097a1025e02cd50279d0b03dc0e6b8fb22a135cea17982e80ce75def4a644ed32419f7d6cfbf03446500791674ad9fa27a0084eb38ce2d7b8fdacb77339873204bd056e93a799c5992eb800d01683685bfcaa7efe31cce72adb97c4747111236f989b2fde7c6,gx-no-cache=1493066095289 HTTP/1.1" 200 30
192.168.10.89 - - [24/Apr/2017:17:33:53 -0300] "GET /cormun/servlet/solicitudgral?UPD,2017,6169, HTTP/1.1" 200 12262
192.168.10.89 - - [24/Apr/2017:17:33:54 -0300] "POST /cormun/servlet/solicitudgral?gx-no-cache=1493069304959 HTTP/1.1" 200 3202
192.168.10.89 - - [24/Apr/2017:17:33:54 -0300] "GET /cormun/servlet/solicitudgral?4fcbc1dea8c3d019741065f9c465b3ec0c48a3cd565ca2d0fdb57cbf2d359eb6e7f4faec75739056cbe2f58921d2931be4121e83017f9896a09c766f8745c276c1b2660824239dd28e7fdcde55310010998d64892dc6de8ebb9885c0d803331bfb10a908c0aca6454e94364549c097678f3b316ed1a4f7d4d2aca4bcc1e3bbb7be12ef8090056a3cc9cdca5516a5644d98fbd852559e8ec4a18ae0ef1a53bea3208f597e9344823dc62c4447e9e09e4efb428595fd57d970af3d06f7d04bc4e121777dd9a096921e4371eca8653cb449ff73b03966d931beb12724a79588a8d54c1bb474ff8b148ead29a2b51baa932f220451163dcb97c7604cec8b44ad85c894a6da0b21f2569336c594049efddf1b702fc645b8388c395daf19a6ec3ead50abccec8df46e88286a7fd0cc284e93e893af214930c6486559b5b9953e93d936dc5f522ce8af1b9e942432f9676d5a05,gx-no-cache=1493069305187 HTTP/1.1" 200 298
186.103.159.182 - - [24/Apr/2017:17:33:57 -0300] "POST /cormun/servlet/solicitudot?gx-no-cache=1493066100478 HTTP/1.1" 200 30
192.168.10.89 - - [24/Apr/2017:17:33:57 -0300] "GET /cormun/servlet/solicitudgral?4fcbc1dea8c3d019741065f9c465b3ecd02acd1f1a7d77508c77dcb6bbc3fadcaa7d6443d066d3ae5dde3f480a41efcdfe7f8f63145ccfac2dc682a91f60695cbfc1b601ca614ee684eacbdb6e9d654d1013be78cfcf0f4033c87aa04f1ed291c01d5e6621b84c933c3994b5e12137e752060adf5e74338ed5265023ab07bfd43e26d6d605b2d4eaf4477ed0fda248f2b6196c2ff74a2c53853b72cdcb95600c9f3d2dadebd02f78cc5723a48bbabc9c99dbcfc585d2bfeeec4d113263b01d2e4e0b61e8800127ac3530a85c44cccda3222e3a1dc6fc6679c4975d8f35ca01d5f06343a8cb33ad88cc04a8b17d98d0165d4179281443ad61240ae91f22435b0f2c321474efa87fbfe18581d76ab60c00f65d2a030989c4ead2d2132aeec689068b221674c2cab037dc278009994b57e7471219ca357cf2d0192ee6e9c8af8df619810e73d9bc31fe93bdefbf8d2e5e9fdbfb0fee7ebe5021eacc4dbed22f37b5c0483939498f91905880aff3fa4a94ebe393695a57b9a109170a54aa4209b04d3d2d53302cfd9f9ed2ba1976019ace5d832faf068766c61973e83fa3c4c21cc3a0884f430d7a69cf410abd65339fa8627e67faddcebc71bb89075d0141e30502cc552d7def4ce28c73db6d821265ef88ad0f7adec3404563f9bc1e9475086a2a41c996c3b16387b8606720e75ae7654e0b95f8998cb4c7a432a04ab1364136fcc3a80642a50f357c9074f6377c4e85a3ee88085a02199dafb47c117b055609404345d5f24b374776e87392c82c4aca39,gx-no-cache=1493069307859 HTTP/1.1" 200 48
192.168.10.89 - - [24/Apr/2017:17:33:57 -0300] "POST /cormun/servlet/solicitudgral?2aec9aeab7c83b01f60ee89de91e5e06,UPD,2017,6169,,gx-no-cache=1493069307895 HTTP/1.1" 200 10652
192.168.10.89 - - [24/Apr/2017:17:33:57 -0300] "GET /cormun/servlet/solicitudgral?4fcbc1dea8c3d019741065f9c465b3ec19095c7c69b3f6027e0b107f1a331e91dd2585f5a683ca5235aa0f013e093085ad55fda5dc6208615e49cd0dab401d84042014a4e6c6abd558879fd56488923d523cae0c44920eeeeff546c645f40df4e8a41cf73d166d9d76393606213bbfde,gx-no-cache=1493069308149 HTTP/1.1" 200 29
192.168.10.89 - - [24/Apr/2017:17:33:57 -0300] "POST /cormun/servlet/solicitudgral?gx-no-cache=1493069308170 HTTP/1.1" 200 1249
192.168.10.89 - - [24/Apr/2017:17:33:57 -0300] "POST /cormun/servlet/solicitudgral?gx-no-cache=1493069308205 HTTP/1.1" 200 1154
192.168.10.89 - - [24/Apr/2017:17:33:57 -0300] "POST /cormun/servlet/solicitudgral?2aec9aeab7c83b01f60ee89de91e5e06,UPD,2017,6169,,gx-no-cache=1493069308242 HTTP/1.1" 200 93
192.168.10.89 - - [24/Apr/2017:17:33:57 -0300] "GET /cormun/servlet/hpexe_return? HTTP/1.1" 200 1034
192.168.10.89 - - [24/Apr/2017:17:33:58 -0300] "GET /cormun/servlet/trsolicitudgral?gx-no-cache=1493068560933 HTTP/1.1" 200 11639
192.168.10.13 - - [24/Apr/2017:17:34:03 -0300] "GET / HTTP/1.1" 200 11217
192.168.10.89 - - [24/Apr/2017:17:34:03 -0300] "POST /cormun/servlet/trsolicitudgral?2aec9aeab7c83b01f60ee89de91e5e06,gx-no-cache=1493068560933,gx-no-cache=1493069313921 HTTP/1.1" 200 7894
192.168.10.89 - - [24/Apr/2017:17:34:04 -0300] "GET /cormun/static/Shared/jqueryui/images/ui-icons_82798d_256x240.png HTTP/1.1" 404 1089
192.168.10.89 - - [24/Apr/2017:17:34:04 -0300] "GET /cormun/static/Shared/jqueryui/images/ui-icons_8d78a5_256x240.png HTTP/1.1" 404 1089
192.168.10.89 - - [24/Apr/2017:17:34:04 -0300] "GET /cormun/static/Shared/jqueryui/images/ui-bg_highlight-soft_100_c6c2c8_1x100.png HTTP/1.1" 404 1117
192.168.10.89 - - [24/Apr/2017:17:34:04 -0300] "GET /cormun/static/Shared/jqueryui/images/ui-bg_flat_55_fafafa_40x100.png HTTP/1.1" 404 1097
192.168.10.89 - - [24/Apr/2017:17:34:13 -0300] "GET /cormun/servlet/solicitudgral2?UPD,2017,6168, HTTP/1.1" 200 12436
192.168.10.89 - - [24/Apr/2017:17:34:14 -0300] "POST /cormun/servlet/solicitudgral2?gx-no-cache=1493069325086 HTTP/1.1" 200 3198
192.168.10.89 - - [24/Apr/2017:17:34:14 -0300] "GET /cormun/servlet/solicitudgral2?4fcbc1dea8c3d019741065f9c465b3ec0c48a3cd565ca2d0fdb57cbf2d359eb6e7f4faec75739056cbe2f58921d2931be4121e83017f9896a09c766f8745c276c1b2660824239dd28e7fdcde55310010e69b024f3dcdfea04be5bd201b8b652cfb10a908c0aca6454e94364549c097678f3b316ed1a4f7d4d2aca4bcc1e3bbb7be12ef8090056a3cc9cdca5516a5644d98fbd852559e8ec4a18ae0ef1a53bea3208f597e9344823dc62c4447e9e09e4efb428595fd57d970af3d06f7d04bc4e121777dd9a096921e4371eca8653cb449ff73b03966d931beb12724a79588a8d54c1bb474ff8b148ead29a2b51baa932f220451163dcb97c7604cec8b44ad85c894a6da0b21f2569336c594049efddf1b702fc645b8388c395daf19a6ec3ead50abccec8df46e88286a7fd0cc284e93e893af214930c6486559b5b9953e93d936dc5f522ce8af1b9e942432f9676d5a05,gx-no-cache=1493069325304 HTTP/1.1" 200 257
192.168.10.89 - - [24/Apr/2017:17:34:14 -0300] "POST /cormun/servlet/solicitudgral2?gx-no-cache=1493069325333 HTTP/1.1" 200 1353
192.168.10.89 - - [24/Apr/2017:17:34:14 -0300] "GET /cormun/servlet/solicitudgral2?4fcbc1dea8c3d019741065f9c465b3eccdef2a8a63ea4f9ff11a5030e9d34bce96b53e2ab4fd38a5700f9313d7043affe4121e83017f9896a09c766f8745c2764b4989d6405c6a0460551484975196e9a305357a36e7ee2684e1330aea79171998495392b6e2cc308c3b0ba18f9f2b60,gx-no-cache=1493069325393 HTTP/1.1" 200 41
186.103.159.46 - - [24/Apr/2017:17:34:15 -0300] "GET /cormun/servlet/tratrazos? HTTP/1.1" 200 5902
186.103.159.46 - - [24/Apr/2017:17:34:16 -0300] "GET /cormun/servlet/tratrazos? HTTP/1.1" 200 5902
192.168.10.89 - - [24/Apr/2017:17:34:16 -0300] "POST /cormun/servlet/solicitudgral2?2aec9aeab7c83b01f60ee89de91e5e06,UPD,2017,6168,,gx-no-cache=1493069326554 HTTP/1.1" 200 10692
186.103.159.46 - - [24/Apr/2017:17:34:16 -0300] "GET /cormun/servlet/hlogin HTTP/1.1" 200 1735
192.168.10.89 - - [24/Apr/2017:17:34:16 -0300] "GET /cormun/servlet/solicitudgral2?4fcbc1dea8c3d019741065f9c465b3ec7712d41bc25e86a9336c261c9bcbe563dd2585f5a683ca5235aa0f013e09308511d28bd26b7483854ac2452b139f169aa7d1aa427cfaea159216adcc650e795391b64a9d4ef6b1cac8e9a41681627e178bdef9741ce34246aa7943261bdb52aa62ce896a58d45dd81efb186733accdcbc2a1b593bb77faae187388240aa5d3619a4667ff88b2c21cf51e7986cf3e9544f3c8c032d85eef8abb648d8ee5bf1acc5d95d750bda8629e7bd85e177f3e5b353de181bd3c44cf814424f4132f6cf631,gx-no-cache=1493069327405 HTTP/1.1" 200 29
192.168.10.89 - - [24/Apr/2017:17:34:17 -0300] "POST /cormun/servlet/solicitudgral2?gx-no-cache=1493069327432 HTTP/1.1" 200 1250
192.168.10.89 - - [24/Apr/2017:17:34:17 -0300] "POST /cormun/servlet/solicitudgral2?gx-no-cache=1493069327472 HTTP/1.1" 200 1155
192.168.10.89 - - [24/Apr/2017:17:34:20 -0300] "GET /cormun/servlet/solicitudgral2?4fcbc1dea8c3d019741065f9c465b3ec5f34e512b6a87c8339992d2570408cb38185f8fd09bdab547740081992907846c49252efeb1ac15f75d9a67b5c7c4279260999535cc9211c7be287ec3ec014105db83cceaddbe003beb3a8c5db7075e983c04867c55e8b63e4a4340282297aeeb2e5d633629f9af9d8a1952ba6cb505b,gx-no-cache=1493069331383 HTTP/1.1" 200 30
192.168.10.89 - - [24/Apr/2017:17:34:22 -0300] "POST /cormun/servlet/solicitudgral2?2aec9aeab7c83b01f60ee89de91e5e06,UPD,2017,6168,,gx-no-cache=1493069332563 HTTP/1.1" 200 93
192.168.10.89 - - [24/Apr/2017:17:34:22 -0300] "GET /cormun/servlet/hpexe_return? HTTP/1.1" 200 1036
192.168.10.89 - - [24/Apr/2017:17:34:22 -0300] "GET /cormun/servlet/trsolicitudgral?gx-no-cache=1493068560933 HTTP/1.1" 200 11229
192.168.10.89 - - [24/Apr/2017:17:34:26 -0300] "POST /cormun/servlet/trsolicitudgral?2aec9aeab7c83b01f60ee89de91e5e06,gx-no-cache=1493068560933,gx-no-cache=1493069336673 HTTP/1.1" 200 7565
192.168.10.89 - - [24/Apr/2017:17:34:26 -0300] "GET /cormun/static/Shared/jqueryui/images/ui-bg_flat_55_fafafa_40x100.png HTTP/1.1" 404 1097
192.168.10.89 - - [24/Apr/2017:17:34:26 -0300] "GET /cormun/static/Shared/jqueryui/images/ui-icons_82798d_256x240.png HTTP/1.1" 404 1089
192.168.10.89 - - [24/Apr/2017:17:34:26 -0300] "GET /cormun/static/Shared/jqueryui/images/ui-icons_8d78a5_256x240.png HTTP/1.1" 404 1089
192.168.10.89 - - [24/Apr/2017:17:34:26 -0300] "GET /cormun/static/Shared/jqueryui/images/ui-bg_highlight-soft_100_c6c2c8_1x100.png HTTP/1.1" 404 1117
186.103.159.182 - - [24/Apr/2017:17:34:34 -0300] "GET /cormun/servlet/prlicenciaspermisos?13717343,L,,MD,,gxPopupLevel%3D0%3B HTTP/1.1" 200 5612
192.168.10.89 - - [24/Apr/2017:17:34:38 -0300] "GET /cormun/servlet/solicitudgral2?UPD,2017,6167, HTTP/1.1" 200 12440
192.168.10.89 - - [24/Apr/2017:17:34:40 -0300] "POST /cormun/servlet/solicitudgral2?gx-no-cache=1493069350416 HTTP/1.1" 200 3200
192.168.10.89 - - [24/Apr/2017:17:34:40 -0300] "GET /cormun/servlet/solicitudgral2?4fcbc1dea8c3d019741065f9c465b3ec0c48a3cd565ca2d0fdb57cbf2d359eb6e7f4faec75739056cbe2f58921d2931be4121e83017f9896a09c766f8745c276c1b2660824239dd28e7fdcde55310010e69b024f3dcdfea04be5bd201b8b652cfb10a908c0aca6454e94364549c097678f3b316ed1a4f7d4d2aca4bcc1e3bbb7be12ef8090056a3cc9cdca5516a5644d98fbd852559e8ec4a18ae0ef1a53bea3208f597e9344823dc62c4447e9e09e4efb428595fd57d970af3d06f7d04bc4e121777dd9a096921e4371eca8653cb449ff73b03966d931beb12724a79588a8d54c1bb474ff8b148ead29a2b51baa932f220451163dcb97c7604cec8b44ad85c894a6da0b21f2569336c594049efddf1b702fc645b8388c395daf19a6ec3ead50abccec8df46e88286a7fd0cc284e93e893af214930c6486559b5b9953e93d936dc5f522ce8af1b9e942432f9676d5a05,gx-no-cache=1493069350659 HTTP/1.1" 200 257
192.168.10.89 - - [24/Apr/2017:17:34:40 -0300] "POST /cormun/servlet/solicitudgral2?gx-no-cache=1493069350688 HTTP/1.1" 200 1352
192.168.10.89 - - [24/Apr/2017:17:34:40 -0300] "GET /cormun/servlet/solicitudgral2?4fcbc1dea8c3d019741065f9c465b3eccdef2a8a63ea4f9ff11a5030e9d34bce96b53e2ab4fd38a5700f9313d7043affe4121e83017f9896a09c766f8745c2764b4989d6405c6a0460551484975196e9a305357a36e7ee2684e1330aea79171998495392b6e2cc308c3b0ba18f9f2b60,gx-no-cache=1493069350750 HTTP/1.1" 200 41
192.168.10.89 - - [24/Apr/2017:17:34:42 -0300] "POST /cormun/servlet/solicitudgral2?2aec9aeab7c83b01f60ee89de91e5e06,UPD,2017,6167,,gx-no-cache=1493069352370 HTTP/1.1" 200 10691
192.168.10.89 - - [24/Apr/2017:17:34:42 -0300] "GET /cormun/servlet/solicitudgral2?4fcbc1dea8c3d019741065f9c465b3ec50a911af846b474e6eacafd7c951fb9cdd2585f5a683ca5235aa0f013e09308596f10319e9b0a17d67903bdf07e81eb1a7d1aa427cfaea159216adcc650e795391b64a9d4ef6b1cac8e9a41681627e178bdef9741ce34246aa7943261bdb52aa62ce896a58d45dd81efb186733accdcbc2a1b593bb77faae187388240aa5d3619a4667ff88b2c21cf51e7986cf3e9544f3c8c032d85eef8abb648d8ee5bf1acc5d95d750bda8629e7bd85e177f3e5b353de181bd3c44cf814424f4132f6cf631,gx-no-cache=1493069352923 HTTP/1.1" 200 29
192.168.10.89 - - [24/Apr/2017:17:34:42 -0300] "POST /cormun/servlet/solicitudgral2?gx-no-cache=1493069352967 HTTP/1.1" 200 1249
192.168.10.89 - - [24/Apr/2017:17:34:42 -0300] "POST /cormun/servlet/solicitudgral2?gx-no-cache=1493069353028 HTTP/1.1" 200 1154
186.103.159.46 - - [24/Apr/2017:17:34:45 -0300] "POST /cormun/servlet/hlogin?3641c9407446de4eb15eb143047b58bb,gx-no-cache=1493066148019 HTTP/1.1" 200 90
186.103.159.46 - - [24/Apr/2017:17:34:45 -0300] "GET /cormun/servlet/hpexe_link HTTP/1.1" 200 952
186.103.159.46 - - [24/Apr/2017:17:34:45 -0300] "GET /cormun/servlet/tratrazos HTTP/1.1" 200 6590
186.103.159.46 - - [24/Apr/2017:17:34:46 -0300] "GET /cormun/servlet/tratrazos HTTP/1.1" 200 6588
186.103.159.182 - - [24/Apr/2017:17:34:48 -0300] "POST /cormun/servlet/solicitudot?gx-no-cache=1493066151567 HTTP/1.1" 200 1291
192.168.10.89 - - [24/Apr/2017:17:34:49 -0300] "GET /cormun/servlet/solicitudgral2?4fcbc1dea8c3d019741065f9c465b3ec5f34e512b6a87c8339992d2570408cb38185f8fd09bdab547740081992907846c49252efeb1ac15f75d9a67b5c7c4279260999535cc9211c7be287ec3ec014105db83cceaddbe003beb3a8c5db7075e983c04867c55e8b63e4a4340282297aeeb2e5d633629f9af9d8a1952ba6cb505b,gx-no-cache=1493069359776 HTTP/1.1" 200 30
192.168.10.89 - - [24/Apr/2017:17:34:50 -0300] "POST /cormun/servlet/solicitudgral2?2aec9aeab7c83b01f60ee89de91e5e06,UPD,2017,6167,,gx-no-cache=1493069361032 HTTP/1.1" 200 93
192.168.10.89 - - [24/Apr/2017:17:34:50 -0300] "GET /cormun/servlet/hpexe_return? HTTP/1.1" 200 1036
192.168.10.89 - - [24/Apr/2017:17:34:51 -0300] "GET /cormun/servlet/trsolicitudgral?gx-no-cache=1493068560933 HTTP/1.1" 200 10918
186.103.159.46 - - [24/Apr/2017:17:34:57 -0300] "GET /cormun/servlet/tratrazos? HTTP/1.1" 200 6588
186.103.159.46 - - [24/Apr/2017:17:34:57 -0300] "GET /cormun/servlet/tratrazos? HTTP/1.1" 200 6589
192.168.10.89 - - [24/Apr/2017:17:34:58 -0300] "POST /cormun/servlet/trsolicitudgral?2aec9aeab7c83b01f60ee89de91e5e06,gx-no-cache=1493068560933,gx-no-cache=1493069368457 HTTP/1.1" 200 7255
192.168.10.89 - - [24/Apr/2017:17:34:58 -0300] "GET /cormun/static/Shared/jqueryui/images/ui-bg_flat_55_fafafa_40x100.png HTTP/1.1" 404 1097
192.168.10.89 - - [24/Apr/2017:17:34:58 -0300] "GET /cormun/static/Shared/jqueryui/images/ui-icons_82798d_256x240.png HTTP/1.1" 404 1089
192.168.10.89 - - [24/Apr/2017:17:34:58 -0300] "GET /cormun/static/Shared/jqueryui/images/ui-icons_8d78a5_256x240.png HTTP/1.1" 404 1089
192.168.10.89 - - [24/Apr/2017:17:34:58 -0300] "GET /cormun/static/Shared/jqueryui/images/ui-bg_highlight-soft_100_c6c2c8_1x100.png HTTP/1.1" 404 1117
192.168.10.13 - - [24/Apr/2017:17:35:03 -0300] "GET / HTTP/1.1" 200 11217
186.103.159.46 - - [24/Apr/2017:17:35:07 -0300] "GET /cormun/static/menuarrow.gif HTTP/1.1" 404 1015
192.168.10.89 - - [24/Apr/2017:17:35:08 -0300] "GET /cormun/servlet/solicitudgral2?UPD,2017,6166, HTTP/1.1" 200 12439
192.168.10.89 - - [24/Apr/2017:17:35:09 -0300] "POST /cormun/servlet/solicitudgral2?gx-no-cache=1493069380096 HTTP/1.1" 200 3205
192.168.10.89 - - [24/Apr/2017:17:35:09 -0300] "GET /cormun/servlet/solicitudgral2?4fcbc1dea8c3d019741065f9c465b3ec0c48a3cd565ca2d0fdb57cbf2d359eb6e7f4faec75739056cbe2f58921d2931be4121e83017f9896a09c766f8745c276c1b2660824239dd28e7fdcde55310010e69b024f3dcdfea04be5bd201b8b652cfb10a908c0aca6454e94364549c097678f3b316ed1a4f7d4d2aca4bcc1e3bbb7be12ef8090056a3cc9cdca5516a5644d98fbd852559e8ec4a18ae0ef1a53bea3208f597e9344823dc62c4447e9e09e4efb428595fd57d970af3d06f7d04bc4e121777dd9a096921e4371eca8653cb449ff73b03966d931beb12724a79588a8d54c1bb474ff8b148ead29a2b51baa932f220451163dcb97c7604cec8b44ad85c894a6da0b21f2569336c594049efddf1b702fc645b8388c395daf19a6ec3ead50abccec8df46e88286a7fd0cc284e93e893af214930c6486559b5b9953e93d936dc5f522ce8af1b9e942432f9676d5a05,gx-no-cache=1493069380292 HTTP/1.1" 200 257
192.168.10.89 - - [24/Apr/2017:17:35:09 -0300] "POST /cormun/servlet/solicitudgral2?gx-no-cache=1493069380323 HTTP/1.1" 200 1352
192.168.10.89 - - [24/Apr/2017:17:35:09 -0300] "GET /cormun/servlet/solicitudgral2?4fcbc1dea8c3d019741065f9c465b3eccdef2a8a63ea4f9ff11a5030e9d34bce96b53e2ab4fd38a5700f9313d7043affe4121e83017f9896a09c766f8745c2764b4989d6405c6a0460551484975196e9a305357a36e7ee2684e1330aea79171998495392b6e2cc308c3b0ba18f9f2b60,gx-no-cache=1493069380365 HTTP/1.1" 200 41
192.168.10.89 - - [24/Apr/2017:17:35:11 -0300] "POST /cormun/servlet/solicitudgral2?2aec9aeab7c83b01f60ee89de91e5e06,UPD,2017,6166,,gx-no-cache=1493069381865 HTTP/1.1" 200 10683
192.168.10.89 - - [24/Apr/2017:17:35:12 -0300] "GET /cormun/servlet/solicitudgral2?4fcbc1dea8c3d019741065f9c465b3ec7712d41bc25e86a9336c261c9bcbe563dd2585f5a683ca5235aa0f013e09308511d28bd26b7483854ac2452b139f169aa7d1aa427cfaea159216adcc650e795391b64a9d4ef6b1cac8e9a41681627e178bdef9741ce34246aa7943261bdb52aa62ce896a58d45dd81efb186733accdcbc2a1b593bb77faae187388240aa5d3619a4667ff88b2c21cf51e7986cf3e9544f3c8c032d85eef8abb648d8ee5bf1acc5d95d750bda8629e7bd85e177f3e5b353de181bd3c44cf814424f4132f6cf631,gx-no-cache=1493069383055 HTTP/1.1" 200 29
192.168.10.89 - - [24/Apr/2017:17:35:12 -0300] "POST /cormun/servlet/solicitudgral2?gx-no-cache=1493069383103 HTTP/1.1" 200 1249
192.168.10.89 - - [24/Apr/2017:17:35:12 -0300] "POST /cormun/servlet/solicitudgral2?gx-no-cache=1493069383144 HTTP/1.1" 200 1154
192.168.10.89 - - [24/Apr/2017:17:35:18 -0300] "GET /cormun/servlet/solicitudgral2?4fcbc1dea8c3d019741065f9c465b3ec5f34e512b6a87c8339992d2570408cb38185f8fd09bdab547740081992907846c49252efeb1ac15f75d9a67b5c7c4279260999535cc9211c7be287ec3ec014105db83cceaddbe003beb3a8c5db7075e983c04867c55e8b63e4a4340282297aeeb2e5d633629f9af9d8a1952ba6cb505b,gx-no-cache=1493069388936 HTTP/1.1" 200 30
192.168.10.89 - - [24/Apr/2017:17:35:18 -0300] "POST /cormun/servlet/solicitudgral2?2aec9aeab7c83b01f60ee89de91e5e06,UPD,2017,6166,,gx-no-cache=1493069388992 HTTP/1.1" 200 93
192.168.10.89 - - [24/Apr/2017:17:35:18 -0300] "GET /cormun/servlet/hpexe_return? HTTP/1.1" 200 1036
192.168.10.89 - - [24/Apr/2017:17:35:19 -0300] "GET /cormun/servlet/trsolicitudgral?gx-no-cache=1493068560933 HTTP/1.1" 200 10606
192.168.10.89 - - [24/Apr/2017:17:35:23 -0300] "POST /cormun/servlet/trsolicitudgral?2aec9aeab7c83b01f60ee89de91e5e06,gx-no-cache=1493068560933,gx-no-cache=1493069393966 HTTP/1.1" 200 6920
192.168.10.89 - - [24/Apr/2017:17:35:23 -0300] "GET /cormun/static/Shared/jqueryui/images/ui-icons_8d78a5_256x240.png HTTP/1.1" 404 1089
192.168.10.89 - - [24/Apr/2017:17:35:23 -0300] "GET /cormun/static/Shared/jqueryui/images/ui-icons_82798d_256x240.png HTTP/1.1" 404 1089
192.168.10.89 - - [24/Apr/2017:17:35:23 -0300] "GET /cormun/static/Shared/jqueryui/images/ui-bg_highlight-soft_100_c6c2c8_1x100.png HTTP/1.1" 404 1117
192.168.10.89 - - [24/Apr/2017:17:35:23 -0300] "GET /cormun/static/Shared/jqueryui/images/ui-bg_flat_55_fafafa_40x100.png HTTP/1.1" 404 1097
192.168.10.89 - - [24/Apr/2017:17:35:32 -0300] "GET /cormun/servlet/solicitudgral2?UPD,2017,6165, HTTP/1.1" 200 12441
192.168.10.89 - - [24/Apr/2017:17:35:33 -0300] "POST /cormun/servlet/solicitudgral2?gx-no-cache=1493069403915 HTTP/1.1" 200 3209
192.168.10.89 - - [24/Apr/2017:17:35:33 -0300] "GET /cormun/servlet/solicitudgral2?4fcbc1dea8c3d019741065f9c465b3ec0c48a3cd565ca2d0fdb57cbf2d359eb6e7f4faec75739056cbe2f58921d2931be4121e83017f9896a09c766f8745c276c1b2660824239dd28e7fdcde55310010e69b024f3dcdfea04be5bd201b8b652cfb10a908c0aca6454e94364549c097678f3b316ed1a4f7d4d2aca4bcc1e3bbb7be12ef8090056a3cc9cdca5516a5644d98fbd852559e8ec4a18ae0ef1a53bea3208f597e9344823dc62c4447e9e09e4efb428595fd57d970af3d06f7d04bc4e121777dd9a096921e4371eca8653cb449ff73b03966d931beb12724a79588a8d54c1bb474ff8b148ead29a2b51baa932f220451163dcb97c7604cec8b44ad85c894a6da0b21f2569336c594049efddf1b702fc645b8388c395daf19a6ec3ead50abccec8df46e88286a7fd0cc284e93e893af214930c6486559b5b9953e93d936dc5f522ce8af1b9e942432f9676d5a05,gx-no-cache=1493069404121 HTTP/1.1" 200 257
192.168.10.89 - - [24/Apr/2017:17:35:33 -0300] "POST /cormun/servlet/solicitudgral2?gx-no-cache=1493069404150 HTTP/1.1" 200 1353
192.168.10.89 - - [24/Apr/2017:17:35:33 -0300] "GET /cormun/servlet/solicitudgral2?4fcbc1dea8c3d019741065f9c465b3eccdef2a8a63ea4f9ff11a5030e9d34bce96b53e2ab4fd38a5700f9313d7043affe4121e83017f9896a09c766f8745c2764b4989d6405c6a0460551484975196e9a305357a36e7ee2684e1330aea79171998495392b6e2cc308c3b0ba18f9f2b60,gx-no-cache=1493069404213 HTTP/1.1" 200 41
192.168.10.89 - - [24/Apr/2017:17:35:34 -0300] "POST /cormun/servlet/solicitudgral2?2aec9aeab7c83b01f60ee89de91e5e06,UPD,2017,6165,,gx-no-cache=1493069405157 HTTP/1.1" 200 10686
192.168.10.89 - - [24/Apr/2017:17:35:35 -0300] "GET /cormun/servlet/solicitudgral2?4fcbc1dea8c3d019741065f9c465b3ec7712d41bc25e86a9336c261c9bcbe563dd2585f5a683ca5235aa0f013e09308511d28bd26b7483854ac2452b139f169aa7d1aa427cfaea159216adcc650e795391b64a9d4ef6b1cac8e9a41681627e178bdef9741ce34246aa7943261bdb52aa62ce896a58d45dd81efb186733accdcbc2a1b593bb77faae187388240aa5d3619a4667ff88b2c21cf51e7986cf3e9544f3c8c032d85eef8abb648d8ee5bf1acc5d95d750bda8629e7bd85e177f3e5b353de181bd3c44cf814424f4132f6cf631,gx-no-cache=1493069406237 HTTP/1.1" 200 29
192.168.10.89 - - [24/Apr/2017:17:35:35 -0300] "POST /cormun/servlet/solicitudgral2?gx-no-cache=1493069406270 HTTP/1.1" 200 1248
192.168.10.89 - - [24/Apr/2017:17:35:35 -0300] "POST /cormun/servlet/solicitudgral2?gx-no-cache=1493069406312 HTTP/1.1" 200 1153
186.103.159.182 - - [24/Apr/2017:17:35:36 -0300] "POST /cormun/servlet/solicitudot?gx-no-cache=1493066199363 HTTP/1.1" 200 40
192.168.10.89 - - [24/Apr/2017:17:35:39 -0300] "GET /cormun/servlet/solicitudgral2?4fcbc1dea8c3d019741065f9c465b3ec5f34e512b6a87c8339992d2570408cb38185f8fd09bdab547740081992907846c49252efeb1ac15f75d9a67b5c7c4279260999535cc9211c7be287ec3ec014105db83cceaddbe003beb3a8c5db7075e983c04867c55e8b63e4a4340282297aeeb2e5d633629f9af9d8a1952ba6cb505b,gx-no-cache=1493069409980 HTTP/1.1" 200 30
192.168.10.89 - - [24/Apr/2017:17:35:41 -0300] "POST /cormun/servlet/solicitudgral2?2aec9aeab7c83b01f60ee89de91e5e06,UPD,2017,6165,,gx-no-cache=1493069411406 HTTP/1.1" 200 93
192.168.10.89 - - [24/Apr/2017:17:35:41 -0300] "GET /cormun/servlet/hpexe_return? HTTP/1.1" 200 1036
192.168.10.89 - - [24/Apr/2017:17:35:41 -0300] "GET /cormun/servlet/trsolicitudgral?gx-no-cache=1493068560933 HTTP/1.1" 200 10266
192.168.10.89 - - [24/Apr/2017:17:35:44 -0300] "POST /cormun/servlet/trsolicitudgral?2aec9aeab7c83b01f60ee89de91e5e06,gx-no-cache=1493068560933,gx-no-cache=1493069414917 HTTP/1.1" 200 6567
192.168.10.89 - - [24/Apr/2017:17:35:44 -0300] "GET /cormun/static/Shared/jqueryui/images/ui-icons_82798d_256x240.png HTTP/1.1" 404 1089
192.168.10.89 - - [24/Apr/2017:17:35:44 -0300] "GET /cormun/static/Shared/jqueryui/images/ui-bg_flat_55_fafafa_40x100.png HTTP/1.1" 404 1097
192.168.10.89 - - [24/Apr/2017:17:35:44 -0300] "GET /cormun/static/Shared/jqueryui/images/ui-icons_8d78a5_256x240.png HTTP/1.1" 404 1089
192.168.10.89 - - [24/Apr/2017:17:35:44 -0300] "GET /cormun/static/Shared/jqueryui/images/ui-bg_highlight-soft_100_c6c2c8_1x100.png HTTP/1.1" 404 1117
192.168.10.89 - - [24/Apr/2017:17:35:52 -0300] "GET /cormun/servlet/solicitudgral2?UPD,2017,6164, HTTP/1.1" 200 12433
192.168.10.89 - - [24/Apr/2017:17:35:53 -0300] "POST /cormun/servlet/solicitudgral2?gx-no-cache=1493069424285 HTTP/1.1" 200 3194
192.168.10.89 - - [24/Apr/2017:17:35:54 -0300] "GET /cormun/servlet/solicitudgral2?4fcbc1dea8c3d019741065f9c465b3ec0c48a3cd565ca2d0fdb57cbf2d359eb6e7f4faec75739056cbe2f58921d2931be4121e83017f9896a09c766f8745c276c1b2660824239dd28e7fdcde55310010e69b024f3dcdfea04be5bd201b8b652cfb10a908c0aca6454e94364549c097678f3b316ed1a4f7d4d2aca4bcc1e3bbb7be12ef8090056a3cc9cdca5516a5644d98fbd852559e8ec4a18ae0ef1a53bea3208f597e9344823dc62c4447e9e09e4efb428595fd57d970af3d06f7d04bc4e121777dd9a096921e4371eca8653cb449ff73b03966d931beb12724a79588a8d54c1bb474ff8b148ead29a2b51baa932f220451163dcb97c7604cec8b44ad85c894a6da0b21f2569336c594049efddf1b702fc645b8388c395daf19a6ec3ead50abccec8df46e88286a7fd0cc284e93e893af214930c6486559b5b9953e93d936dc5f522ce8af1b9e942432f9676d5a05,gx-no-cache=1493069424480 HTTP/1.1" 200 257
192.168.10.89 - - [24/Apr/2017:17:35:54 -0300] "POST /cormun/servlet/solicitudgral2?gx-no-cache=1493069424510 HTTP/1.1" 200 1354
192.168.10.89 - - [24/Apr/2017:17:35:54 -0300] "GET /cormun/servlet/solicitudgral2?4fcbc1dea8c3d019741065f9c465b3eccdef2a8a63ea4f9ff11a5030e9d34bce96b53e2ab4fd38a5700f9313d7043affe4121e83017f9896a09c766f8745c2764b4989d6405c6a0460551484975196e9a305357a36e7ee2684e1330aea79171998495392b6e2cc308c3b0ba18f9f2b60,gx-no-cache=1493069424573 HTTP/1.1" 200 41
192.168.10.89 - - [24/Apr/2017:17:35:55 -0300] "POST /cormun/servlet/solicitudgral2?2aec9aeab7c83b01f60ee89de91e5e06,UPD,2017,6164,,gx-no-cache=1493069425530 HTTP/1.1" 200 10687
192.168.10.89 - - [24/Apr/2017:17:35:56 -0300] "GET /cormun/servlet/solicitudgral2?4fcbc1dea8c3d019741065f9c465b3ec7712d41bc25e86a9336c261c9bcbe563dd2585f5a683ca5235aa0f013e09308511d28bd26b7483854ac2452b139f169aa7d1aa427cfaea159216adcc650e795391b64a9d4ef6b1cac8e9a41681627e178bdef9741ce34246aa7943261bdb52aa62ce896a58d45dd81efb186733accdcbc2a1b593bb77faae187388240aa5d3619a4667ff88b2c21cf51e7986cf3e9544f3c8c032d85eef8abb648d8ee5bf1acc5d95d750bda8629e7bd85e177f3e5b353de181bd3c44cf814424f4132f6cf631,gx-no-cache=1493069426561 HTTP/1.1" 200 29
192.168.10.89 - - [24/Apr/2017:17:35:56 -0300] "POST /cormun/servlet/solicitudgral2?gx-no-cache=1493069426590 HTTP/1.1" 200 1250
192.168.10.89 - - [24/Apr/2017:17:35:56 -0300] "POST /cormun/servlet/solicitudgral2?gx-no-cache=1493069426627 HTTP/1.1" 200 1155
192.168.10.89 - - [24/Apr/2017:17:35:59 -0300] "GET /cormun/servlet/solicitudgral2?4fcbc1dea8c3d019741065f9c465b3ec5f34e512b6a87c8339992d2570408cb38185f8fd09bdab547740081992907846c49252efeb1ac15f75d9a67b5c7c4279260999535cc9211c7be287ec3ec014105db83cceaddbe003beb3a8c5db7075e983c04867c55e8b63e4a4340282297aeeb2e5d633629f9af9d8a1952ba6cb505b,gx-no-cache=1493069430335 HTTP/1.1" 200 30
192.168.10.89 - - [24/Apr/2017:17:36:00 -0300] "POST /cormun/servlet/solicitudgral2?2aec9aeab7c83b01f60ee89de91e5e06,UPD,2017,6164,,gx-no-cache=1493069430363 HTTP/1.1" 200 93
192.168.10.89 - - [24/Apr/2017:17:36:00 -0300] "GET /cormun/servlet/hpexe_return? HTTP/1.1" 200 1035
192.168.10.89 - - [24/Apr/2017:17:36:00 -0300] "GET /cormun/servlet/trsolicitudgral?gx-no-cache=1493068560933 HTTP/1.1" 200 9918
192.168.10.13 - - [24/Apr/2017:17:36:03 -0300] "GET / HTTP/1.1" 200 11217
192.168.10.89 - - [24/Apr/2017:17:36:03 -0300] "POST /cormun/servlet/trsolicitudgral?2aec9aeab7c83b01f60ee89de91e5e06,gx-no-cache=1493068560933,gx-no-cache=1493069434317 HTTP/1.1" 200 5396
192.168.10.89 - - [24/Apr/2017:17:36:04 -0300] "GET /cormun/static/Shared/jqueryui/images/ui-bg_highlight-soft_100_c6c2c8_1x100.png HTTP/1.1" 404 1117
192.168.10.89 - - [24/Apr/2017:17:36:04 -0300] "GET /cormun/static/Shared/jqueryui/images/ui-icons_82798d_256x240.png HTTP/1.1" 404 1089
192.168.10.89 - - [24/Apr/2017:17:36:04 -0300] "GET /cormun/static/Shared/jqueryui/images/ui-icons_8d78a5_256x240.png HTTP/1.1" 404 1089
192.168.10.89 - - [24/Apr/2017:17:36:04 -0300] "GET /cormun/static/Shared/jqueryui/images/ui-bg_flat_55_fafafa_40x100.png HTTP/1.1" 404 1097
186.103.159.182 - - [24/Apr/2017:17:36:36 -0300] "GET /cormun/servlet/solicitudot?94b29bab41d84e5f04b12894ba4a265ef1f261a2c26a37ef6e87fb6a86f28c6cf595205921f4a70e81c21b7b78e1b328cba0268e5974760b68210aa7d664809dc74613094e70efcf46fec0d8f2b964f3fef646710e45ff1dc35437333874481e21d3223eec573cbfbe09571193416ed8,gx-no-cache=1493066259479 HTTP/1.1" 200 29
186.103.159.182 - - [24/Apr/2017:17:36:36 -0300] "POST /cormun/servlet/solicitudot?gx-no-cache=1493066259621 HTTP/1.1" 200 1275
186.103.159.182 - - [24/Apr/2017:17:36:37 -0300] "POST /cormun/servlet/solicitudot?gx-no-cache=1493066260180 HTTP/1.1" 200 1157
186.103.159.182 - - [24/Apr/2017:17:36:37 -0300] "GET /cormun/static/menuarrow.gif HTTP/1.1" 404 1015
186.103.159.182 - - [24/Apr/2017:17:36:39 -0300] "POST /cormun/servlet/solicitudot?gx-no-cache=1493066262591 HTTP/1.1" 200 1275
192.168.10.89 - - [24/Apr/2017:17:36:39 -0300] "POST /cormun/servlet/trsolicitudgral?2aec9aeab7c83b01f60ee89de91e5e06,gx-no-cache=1493068560933,gx-no-cache=1493069469777 HTTP/1.1" 200 7547
186.103.159.182 - - [24/Apr/2017:17:36:39 -0300] "POST /cormun/servlet/solicitudot?gx-no-cache=1493066262756 HTTP/1.1" 200 1157
186.103.159.182 - - [24/Apr/2017:17:36:41 -0300] "GET /cormun/servlet/solicitudot?94b29bab41d84e5f04b12894ba4a265e70ebdad169f42a7aedbe8b4466b9dbd62415bb8addc1a4586a12b8ec942ca2db402e4ed16843f0cc3a75c558ecd604a72651a82ee6afa41f99a0de8cc9d747d6f3dd5647c17eda8816bed521c8aa9a3ce65a33be10cd0953c6668482515e5d6366e0cb3715513a7653bee8166be770f9789fa25b0b54ffe3cd559bad8844b90dc498cd1732096cc06fcf065982fcafd60650d9d4d735e82620c7994b7cef808c5a943f4fd7709de58ef736403f76e75e,gx-no-cache=1493066265174 HTTP/1.1" 200 30
192.168.10.89 - - [24/Apr/2017:17:37:01 -0300] "GET /cormun/servlet/solicitudgral?UPD,2017,6175, HTTP/1.1" 200 12290
192.168.10.89 - - [24/Apr/2017:17:37:02 -0300] "POST /cormun/servlet/solicitudgral?gx-no-cache=1493069493216 HTTP/1.1" 200 3175
192.168.10.89 - - [24/Apr/2017:17:37:03 -0300] "GET /cormun/servlet/solicitudgral?4fcbc1dea8c3d019741065f9c465b3ec0c48a3cd565ca2d0fdb57cbf2d359eb6e7f4faec75739056cbe2f58921d2931be4121e83017f9896a09c766f8745c276c1b2660824239dd28e7fdcde55310010998d64892dc6de8ebb9885c0d803331bfb10a908c0aca6454e94364549c097678f3b316ed1a4f7d4d2aca4bcc1e3bbb7be12ef8090056a3cc9cdca5516a5644d98fbd852559e8ec4a18ae0ef1a53bea3208f597e9344823dc62c4447e9e09e4efb428595fd57d970af3d06f7d04bc4e121777dd9a096921e4371eca8653cb449ff73b03966d931beb12724a79588a8d54c1bb474ff8b148ead29a2b51baa932f220451163dcb97c7604cec8b44ad85c894a6da0b21f2569336c594049efddf1b702fc645b8388c395daf19a6ec3ead50abccec8df46e88286a7fd0cc284e93e893af214930c6486559b5b9953e93d936dc5f522ce8af1b9e942432f9676d5a05,gx-no-cache=1493069493417 HTTP/1.1" 200 298
192.168.10.13 - - [24/Apr/2017:17:37:03 -0300] "GET / HTTP/1.1" 200 11217
192.168.10.89 - - [24/Apr/2017:17:37:09 -0300] "GET /cormun/servlet/solicitudgral?4fcbc1dea8c3d019741065f9c465b3ecd02acd1f1a7d77508c77dcb6bbc3fadcaa7d6443d066d3ae5dde3f480a41efcdfe7f8f63145ccfac2dc682a91f60695cbfc1b601ca614ee684eacbdb6e9d654d1013be78cfcf0f4033c87aa04f1ed291c01d5e6621b84c933c3994b5e12137e752060adf5e74338ed5265023ab07bfd43e26d6d605b2d4eaf4477ed0fda248f2b6196c2ff74a2c53853b72cdcb95600c9f3d2dadebd02f78cc5723a48bbabc9c99dbcfc585d2bfeeec4d113263b01d2e4e0b61e8800127ac3530a85c44cccda3222e3a1dc6fc6679c4975d8f35ca01d5f06343a8cb33ad88cc04a8b17d98d0165d4179281443ad61240ae91f22435b0f2c321474efa87fbfe18581d76ab60c00f65d2a030989c4ead2d2132aeec689068b221674c2cab037dc278009994b57e7471219ca357cf2d0192ee6e9c8af8df619810e73d9bc31fe93bdefbf8d2e5e9fdbfb0fee7ebe5021eacc4dbed22f37b5c0483939498f91905880aff3fa4a94ebe393695a57b9a109170a54aa4209b04d3d2d53302cfd9f9ed2ba1976019ace5d832faf068766c61973e83fa3c4c21cc3a0884f430d7a69cf410abd65339fa8627e67faddcebc71bb89075d0141e30502cc552d7def4ce28c73db6d821265ef88ad0f7adec3404563f9bc1e9475086a2a41c996c3b16387b8606720e75ae7654e0b95f8998cb4c7a432a04ab1364136fcc3a80642a50f357c9074f6377c4e85a3ee88085a02199dafb47c117b055609404345d5f24b374776e87392c82c4aca39,gx-no-cache=1493069499580 HTTP/1.1" 200 48
192.168.10.89 - - [24/Apr/2017:17:37:09 -0300] "POST /cormun/servlet/solicitudgral?2aec9aeab7c83b01f60ee89de91e5e06,UPD,2017,6175,,gx-no-cache=1493069500001 HTTP/1.1" 200 10659
192.168.10.89 - - [24/Apr/2017:17:37:09 -0300] "GET /cormun/servlet/solicitudgral?4fcbc1dea8c3d019741065f9c465b3ec19095c7c69b3f6027e0b107f1a331e91dd2585f5a683ca5235aa0f013e093085ad55fda5dc6208615e49cd0dab401d84042014a4e6c6abd558879fd56488923d523cae0c44920eeeeff546c645f40df4e8a41cf73d166d9d76393606213bbfde,gx-no-cache=1493069500389 HTTP/1.1" 200 29
192.168.10.89 - - [24/Apr/2017:17:37:10 -0300] "POST /cormun/servlet/solicitudgral?gx-no-cache=1493069500415 HTTP/1.1" 200 1249
192.168.10.89 - - [24/Apr/2017:17:37:10 -0300] "POST /cormun/servlet/solicitudgral?gx-no-cache=1493069500457 HTTP/1.1" 200 1154
192.168.10.96 - - [24/Apr/2017:17:37:19 -0300] "GET /cormun/servlet/vevisualizador?2017,5990,,SolicitudOTAdjuntos HTTP/1.1" 200 10431
192.168.10.96 - - [24/Apr/2017:17:37:20 -0300] "GET /cormun/servlet/vevisualizador?2017,5990,,SolicitudOTAdjuntos HTTP/1.1" 200 10436
192.168.10.96 - - [24/Apr/2017:17:37:20 -0300] "POST /cormun/servlet/acontrolpreferencessavestate?None,DZAMUDIO,true HTTP/1.1" 200 35
192.168.10.96 - - [24/Apr/2017:17:37:21 -0300] "GET /cormun/servlet/wbconsulta? HTTP/1.1" 200 5189
192.168.10.96 - - [24/Apr/2017:17:37:21 -0300] "GET /cormun/servlet/wbconsulta? HTTP/1.1" 200 5169
192.168.10.89 - - [24/Apr/2017:17:37:25 -0300] "POST /cormun/servlet/solicitudgral?2aec9aeab7c83b01f60ee89de91e5e06,UPD,2017,6175,,gx-no-cache=1493069516213 HTTP/1.1" 200 93
192.168.10.89 - - [24/Apr/2017:17:37:25 -0300] "GET /cormun/servlet/hpexe_return? HTTP/1.1" 200 1032
192.168.10.89 - - [24/Apr/2017:17:37:26 -0300] "GET /cormun/servlet/trsolicitudgral?gx-no-cache=1493068560933 HTTP/1.1" 200 10944
192.168.10.96 - - [24/Apr/2017:17:37:28 -0300] "POST /cormun/servlet/wbconsulta?96b0522e826f8520e9d06ef24983eedf,,gx-no-cache=1493069518737 HTTP/1.1" 200 104
192.168.10.96 - - [24/Apr/2017:17:37:28 -0300] "GET /cormun/servlet/vevisualizador?2017,5993, HTTP/1.1" 200 8572
192.168.10.96 - - [24/Apr/2017:17:37:28 -0300] "GET /cormun/pexe_scrolldiv.js HTTP/1.1" 404 1009
192.168.10.96 - - [24/Apr/2017:17:37:28 -0300] "GET /cormun/pexe_scrolldiv.js HTTP/1.1" 404 1009
192.168.10.96 - - [24/Apr/2017:17:37:28 -0300] "GET /cormun/servlet/vevisualizador?2017,5993, HTTP/1.1" 200 8572
192.168.10.96 - - [24/Apr/2017:17:37:30 -0300] "GET /cormun/servlet/vevisualizador?2017,5993,,SolicitudOTAdjuntos HTTP/1.1" 200 10404
192.168.10.96 - - [24/Apr/2017:17:37:30 -0300] "GET /cormun/pexe_scrolldiv.js HTTP/1.1" 404 1009
192.168.10.96 - - [24/Apr/2017:17:37:30 -0300] "GET /cormun/pexe_scrolldiv.js HTTP/1.1" 404 1009
192.168.10.96 - - [24/Apr/2017:17:37:31 -0300] "GET /cormun/servlet/vevisualizador?2017,5993,,SolicitudOTAdjuntos HTTP/1.1" 200 10405
192.168.10.96 - - [24/Apr/2017:17:37:31 -0300] "POST /cormun/servlet/acontrolpreferencessavestate?None,DZAMUDIO,true HTTP/1.1" 200 35
192.168.10.96 - - [24/Apr/2017:17:37:32 -0300] "GET /cormun/PublicTempStorage/fotoc._carnet7737925.pdf HTTP/1.1" 200 249250
192.168.10.96 - - [24/Apr/2017:17:37:37 -0300] "GET /cormun/servlet/vevisualizador?2017,5993,,SolicitudOTAdjuntos HTTP/1.1" 200 10404
192.168.10.89 - - [24/Apr/2017:17:37:38 -0300] "POST /cormun/servlet/trsolicitudgral?2aec9aeab7c83b01f60ee89de91e5e06,gx-no-cache=1493068560933,gx-no-cache=1493069528441 HTTP/1.1" 200 7264
192.168.10.89 - - [24/Apr/2017:17:37:38 -0300] "GET /cormun/static/Shared/jqueryui/images/ui-icons_8d78a5_256x240.png HTTP/1.1" 404 1089
192.168.10.89 - - [24/Apr/2017:17:37:38 -0300] "GET /cormun/static/Shared/jqueryui/images/ui-bg_flat_55_fafafa_40x100.png HTTP/1.1" 404 1097
192.168.10.89 - - [24/Apr/2017:17:37:38 -0300] "GET /cormun/static/Shared/jqueryui/images/ui-icons_82798d_256x240.png HTTP/1.1" 404 1089
192.168.10.89 - - [24/Apr/2017:17:37:38 -0300] "GET /cormun/static/Shared/jqueryui/images/ui-bg_highlight-soft_100_c6c2c8_1x100.png HTTP/1.1" 404 1117
192.168.10.96 - - [24/Apr/2017:17:37:38 -0300] "GET /cormun/servlet/vevisualizador?2017,5993,,SolicitudOTAdjuntos HTTP/1.1" 200 10405
192.168.10.96 - - [24/Apr/2017:17:37:39 -0300] "POST /cormun/servlet/acontrolpreferencessavestate?None,DZAMUDIO,true HTTP/1.1" 200 35
192.168.10.96 - - [24/Apr/2017:17:37:41 -0300] "GET /cormun/PublicTempStorage/cotiz._afp3288812.pdf HTTP/1.1" 200 1065397
192.168.10.96 - - [24/Apr/2017:17:37:45 -0300] "GET /cormun/servlet/vevisualizador?2017,5993,,SolicitudOTAdjuntos HTTP/1.1" 200 10401
192.168.10.96 - - [24/Apr/2017:17:37:46 -0300] "GET /cormun/servlet/vevisualizador?2017,5993,,SolicitudOTAdjuntos HTTP/1.1" 200 10405
192.168.10.96 - - [24/Apr/2017:17:37:46 -0300] "POST /cormun/servlet/acontrolpreferencessavestate?None,DZAMUDIO,true HTTP/1.1" 200 35
192.168.10.96 - - [24/Apr/2017:17:37:47 -0300] "GET /cormun/PublicTempStorage/fonasa433367.pdf HTTP/1.1" 200 308001
192.168.10.89 - - [24/Apr/2017:17:37:50 -0300] "GET /cormun/servlet/solicitudgral?UPD,2017,6171, HTTP/1.1" 200 12292
192.168.10.96 - - [24/Apr/2017:17:37:51 -0300] "GET /cormun/servlet/vevisualizador?2017,5993,,SolicitudOTAdjuntos HTTP/1.1" 200 10401
192.168.10.89 - - [24/Apr/2017:17:37:52 -0300] "POST /cormun/servlet/solicitudgral?gx-no-cache=1493069542578 HTTP/1.1" 200 3209
192.168.10.96 - - [24/Apr/2017:17:37:52 -0300] "GET /cormun/servlet/vevisualizador?2017,5993,,SolicitudOTAdjuntos HTTP/1.1" 200 10406
192.168.10.89 - - [24/Apr/2017:17:37:52 -0300] "GET /cormun/servlet/solicitudgral?4fcbc1dea8c3d019741065f9c465b3ec0c48a3cd565ca2d0fdb57cbf2d359eb6e7f4faec75739056cbe2f58921d2931be4121e83017f9896a09c766f8745c276c1b2660824239dd28e7fdcde55310010998d64892dc6de8ebb9885c0d803331bfb10a908c0aca6454e94364549c097678f3b316ed1a4f7d4d2aca4bcc1e3bbb7be12ef8090056a3cc9cdca5516a5644d98fbd852559e8ec4a18ae0ef1a53bea3208f597e9344823dc62c4447e9e09e4efb428595fd57d970af3d06f7d04bc4e121777dd9a096921e4371eca8653cb449ff73b03966d931beb12724a79588a8d54c1bb474ff8b148ead29a2b51baa932f220451163dcb97c7604cec8b44ad85c894a6da0b21f2569336c594049efddf1b702fc645b8388c395daf19a6ec3ead50abccec8df46e88286a7fd0cc284e93e893af214930c6486559b5b9953e93d936dc5f522ce8af1b9e942432f9676d5a05,gx-no-cache=1493069543062 HTTP/1.1" 200 298
192.168.10.96 - - [24/Apr/2017:17:37:53 -0300] "POST /cormun/servlet/acontrolpreferencessavestate?None,DZAMUDIO,true HTTP/1.1" 200 35
192.168.10.96 - - [24/Apr/2017:17:37:53 -0300] "GET /cormun/PublicTempStorage/cert._antec.2267417.pdf HTTP/1.1" 200 437573
192.168.10.96 - - [24/Apr/2017:17:37:57 -0300] "GET /cormun/servlet/vevisualizador?2017,5993,,SolicitudOTAdjuntos HTTP/1.1" 200 10404
192.168.10.96 - - [24/Apr/2017:17:37:58 -0300] "GET /cormun/servlet/vevisualizador?2017,5993,,SolicitudOTAdjuntos HTTP/1.1" 200 10406
192.168.10.96 - - [24/Apr/2017:17:37:58 -0300] "POST /cormun/servlet/acontrolpreferencessavestate?None,DZAMUDIO,true HTTP/1.1" 200 35
192.168.10.89 - - [24/Apr/2017:17:37:59 -0300] "GET /cormun/servlet/solicitudgral?4fcbc1dea8c3d019741065f9c465b3ecd02acd1f1a7d77508c77dcb6bbc3fadcaa7d6443d066d3ae5dde3f480a41efcdfe7f8f63145ccfac2dc682a91f60695cbfc1b601ca614ee684eacbdb6e9d654d1013be78cfcf0f4033c87aa04f1ed291c01d5e6621b84c933c3994b5e12137e752060adf5e74338ed5265023ab07bfd43e26d6d605b2d4eaf4477ed0fda248f2b6196c2ff74a2c53853b72cdcb95600c9f3d2dadebd02f78cc5723a48bbabc9c99dbcfc585d2bfeeec4d113263b01d2e4e0b61e8800127ac3530a85c44cccda3222e3a1dc6fc6679c4975d8f35ca01d5f06343a8cb33ad88cc04a8b17d98d0165d4179281443ad61240ae91f22435b0f2c321474efa87fbfe18581d76ab60c00f65d2a030989c4ead2d2132aeec689068b221674c2cab037dc278009994b57e7471219ca357cf2d0192ee6e9c8af8df619810e73d9bc31fe93bdefbf8d2e5e9fdbfb0fee7ebe5021eacc4dbed22f37b5c0483939498f91905880aff3fa4a94ebe393695a57b9a109170a54aa4209b04d3d2d53302cfd9f9ed2ba1976019ace5d832faf068766c61973e83fa3c4c21cc3a0884f430d7a69cf410abd65339fa8627e67faddcebc71bb89075d0141e30502cc552d7def4ce28c73db6d821265ef88ad0f7adec3404563f9bc1e9475086a2a41c996c3b16387b8606720e75ae7654e0b95f8998cb4c7a432a04ab1364136fcc3a80642a50f357c9074f6377c4e85a3ee88085a02199dafb47c117b055609404345d5f24b374776e87392c82c4aca39,gx-no-cache=1493069549599 HTTP/1.1" 200 48
192.168.10.89 - - [24/Apr/2017:17:37:59 -0300] "POST /cormun/servlet/solicitudgral?2aec9aeab7c83b01f60ee89de91e5e06,UPD,2017,6171,,gx-no-cache=1493069549987 HTTP/1.1" 200 10684
192.168.10.96 - - [24/Apr/2017:17:38:00 -0300] "GET /cormun/PublicTempStorage/cert._antec.3411065.pdf HTTP/1.1" 200 437573
