200.86.10.241 - - [24/Apr/2017:11:41:14 -0300] "GET /cormun/servlet/prfichaempleado?,MD,,gxPopupLevel%3D0%3B HTTP/1.1" 200 8790
200.86.10.241 - - [24/Apr/2017:11:41:25 -0300] "POST /cormun/servlet/prfichaempleado?02265e2f52acabee12c39d8174acce6f,,MD,,gxPopupLevel%3D0%3B,gx-no-cache=1493044947659 HTTP/1.1" 200 3182
186.103.158.250 - - [24/Apr/2017:11:41:51 -0300] "POST /cormun/servlet/hlogin?4f424312d89eb83c1df8ab0142d484f0,gx-no-cache=1493048444186 HTTP/1.1" 200 90
186.103.158.250 - - [24/Apr/2017:11:41:51 -0300] "GET /cormun/servlet/hpexe_link HTTP/1.1" 200 953
186.103.158.250 - - [24/Apr/2017:11:41:51 -0300] "GET /cormun/static/gxcfg.js?201731711483381 HTTP/1.1" 200 953
186.103.158.250 - - [24/Apr/2017:11:41:51 -0300] "GET /cormun/static/hpexe_link.js?201731711483384 HTTP/1.1" 200 625
186.103.158.250 - - [24/Apr/2017:11:41:52 -0300] "GET /cormun/servlet/hhome HTTP/1.1" 200 3777
186.103.158.250 - - [24/Apr/2017:11:41:52 -0300] "GET /cormun/static/Shared/jqueryui/jquery-ui.min.css?1245370 HTTP/1.1" 200 30288
186.103.158.250 - - [24/Apr/2017:11:41:52 -0300] "GET /cormun/static/SmoothNavMenu/resources/ddsmoothmenu.css?1012540 HTTP/1.1" 200 2223
186.103.158.250 - - [24/Apr/2017:11:41:52 -0300] "GET /cormun/static/gxcfg.js?201731711483497 HTTP/1.1" 200 953
186.103.158.250 - - [24/Apr/2017:11:41:52 -0300] "GET /cormun/static/SmoothNavMenu/resources/ddsmoothmenu-v.css?1012540 HTTP/1.1" 200 1188
186.103.158.250 - - [24/Apr/2017:11:41:52 -0300] "GET /cormun/static/PXToolsJavascripts/pexe_autoreload.js HTTP/1.1" 200 1762
186.103.158.250 - - [24/Apr/2017:11:41:52 -0300] "GET /cormun/static/PXToolsJavascripts/pexe_windows.js HTTP/1.1" 200 15207
186.103.158.250 - - [24/Apr/2017:11:41:52 -0300] "GET /cormun/static/scaMessage/css/jquery.pnotify.default.css?1716380 HTTP/1.1" 200 1707
186.103.158.250 - - [24/Apr/2017:11:41:52 -0300] "GET /cormun/static/PXToolsJavascripts/pexe_cookies.js HTTP/1.1" 200 792
186.103.158.250 - - [24/Apr/2017:11:41:52 -0300] "GET /cormun/static/PXToolsJavascripts/pexe_grid.js HTTP/1.1" 200 7559
186.103.158.250 - - [24/Apr/2017:11:41:52 -0300] "GET /cormun/static/PXToolsJavascripts/pexe_link.js HTTP/1.1" 200 5671
186.103.158.250 - - [24/Apr/2017:11:41:52 -0300] "GET /cormun/static/PXToolsJavascripts/pexe_griddivfix.js HTTP/1.1" 200 6644
186.103.158.250 - - [24/Apr/2017:11:41:52 -0300] "GET /cormun/static/PXToolsJavascripts/pexe_menudivfix.js HTTP/1.1" 200 333
186.103.158.250 - - [24/Apr/2017:11:41:52 -0300] "GET /cormun/static/PXToolsJavascripts/pexe_menus.js HTTP/1.1" 200 1286
186.103.158.250 - - [24/Apr/2017:11:41:52 -0300] "GET /cormun/static/PXToolsJavascripts/pexe_layers.js HTTP/1.1" 200 4114
186.103.158.250 - - [24/Apr/2017:11:41:52 -0300] "GET /cormun/static/PXToolsJavascripts/pexe_oav.js HTTP/1.1" 200 645
186.103.158.250 - - [24/Apr/2017:11:41:52 -0300] "GET /cormun/static/PXToolsJavascripts/pexe_oavdivfix.js HTTP/1.1" 200 639
186.103.158.250 - - [24/Apr/2017:11:41:52 -0300] "GET /cormun/static/PXToolsJavascripts/pexe_picture.js HTTP/1.1" 200 689
186.103.158.250 - - [24/Apr/2017:11:41:52 -0300] "GET /cormun/static/PXToolsJavascripts/pexe_popup.js HTTP/1.1" 200 13458
186.103.158.250 - - [24/Apr/2017:11:41:52 -0300] "GET /cormun/static/PXToolsJavascripts/pexe_scrolldiv.js HTTP/1.1" 200 4138
186.103.158.250 - - [24/Apr/2017:11:41:52 -0300] "GET /cormun/static/PXToolsJavascripts/pexe_tabdivfix.js HTTP/1.1" 200 876
186.103.158.250 - - [24/Apr/2017:11:41:52 -0300] "GET /cormun/static/PXToolsJavascripts/pexe_tabs.js HTTP/1.1" 200 3748
186.103.158.250 - - [24/Apr/2017:11:41:52 -0300] "GET /cormun/static/PXToolsJavascripts/pexe_upload.js HTTP/1.1" 200 1423
186.103.158.250 - - [24/Apr/2017:11:41:52 -0300] "GET /cormun/static/PXToolsJavascripts/PXToolsJavascriptsRender.js HTTP/1.1" 200 367
186.103.158.250 - - [24/Apr/2017:11:41:52 -0300] "GET /cormun/static/RunJS/RunJS.js HTTP/1.1" 200 288
186.103.158.250 - - [24/Apr/2017:11:41:52 -0300] "GET /cormun/static/Shared/ext/locale/ext-lang-en.js HTTP/1.1" 200 10940
186.103.158.250 - - [24/Apr/2017:11:41:52 -0300] "GET /cormun/static/hhome.js?20173171148352 HTTP/1.1" 200 777
186.103.158.250 - - [24/Apr/2017:11:41:52 -0300] "GET /cormun/static/hwchdr01.js?201731711335950 HTTP/1.1" 200 1183
186.103.158.250 - - [24/Apr/2017:11:41:52 -0300] "GET /cormun/static/Resources/PXToolsHeaderBackground2.png HTTP/1.1" 200 1174
186.103.158.250 - - [24/Apr/2017:11:41:52 -0300] "GET /cormun/static/Resources/PXToolsHeaderActionsLeft.png HTTP/1.1" 200 1118
186.103.158.250 - - [24/Apr/2017:11:41:52 -0300] "GET /cormun/static/Resources/logo4.png HTTP/1.1" 200 6582
186.103.158.250 - - [24/Apr/2017:11:41:52 -0300] "GET /cormun/static/Resources/PXToolsHeaderLogin.png HTTP/1.1" 200 4279
186.103.158.250 - - [24/Apr/2017:11:41:52 -0300] "GET /cormun/static/Resources/PXToolsHeaderActionsBackground.png HTTP/1.1" 200 484
186.103.158.250 - - [24/Apr/2017:11:41:52 -0300] "GET /cormun/static/Resources/PXToolsDataTitle.png HTTP/1.1" 200 1173
186.103.158.250 - - [24/Apr/2017:11:41:52 -0300] "GET /cormun/static/Resources/PXToolsFooterBackground2.png HTTP/1.1" 200 1172
186.103.158.250 - - [24/Apr/2017:11:41:52 -0300] "GET /cormun/static/gxui/gxui-all.js HTTP/1.1" 200 107772
186.103.158.250 - - [24/Apr/2017:11:41:52 -0300] "GET /cormun/static/Resources/PXToolsHeaderActionsRight.png HTTP/1.1" 200 1201
186.103.158.250 - - [24/Apr/2017:11:41:52 -0300] "GET /cormun/static/Resources/PXToolsHeaderSecurity.png HTTP/1.1" 200 4166
186.103.158.250 - - [24/Apr/2017:11:41:52 -0300] "GET /cormun/static/Resources/PXToolsHeaderPreferences.png HTTP/1.1" 200 4189
186.103.158.250 - - [24/Apr/2017:11:41:53 -0300] "GET /cormun/static/Resources/PXToolsHeaderHome.png HTTP/1.1" 200 4147
186.103.158.250 - - [24/Apr/2017:11:41:53 -0300] "GET /cormun/static/hpexe_recentlink.js?201610171694390 HTTP/1.1" 200 2144
186.103.158.250 - - [24/Apr/2017:11:41:53 -0300] "GET /cormun/static/hpexe_scripts.js?201731711335890 HTTP/1.1" 200 1544
186.103.158.250 - - [24/Apr/2017:11:41:53 -0300] "GET /cormun/static/hpexe_messagecontroller.js?201610171694323 HTTP/1.1" 200 870
186.103.158.250 - - [24/Apr/2017:11:41:53 -0300] "GET /cormun/static/hpexe_messagepopupcomponent.js?20161017169425 HTTP/1.1" 200 605
186.103.158.250 - - [24/Apr/2017:11:41:53 -0300] "GET /cormun/static/hpexe_messagegenexuscomponent.js?201731711335537 HTTP/1.1" 200 587
186.103.158.250 - - [24/Apr/2017:11:41:53 -0300] "GET /cormun/static/cmcontrolpreferences.js?201731711335852 HTTP/1.1" 200 1375
186.103.158.250 - - [24/Apr/2017:11:41:53 -0300] "GET /cormun/static/Shared/jquery/jquery-1.4.2.min.js HTTP/1.1" 200 72174
186.103.158.250 - - [24/Apr/2017:11:41:53 -0300] "GET /cormun/static/SmoothNavMenu/resources/ddsmoothmenu.js HTTP/1.1" 200 12712
186.103.158.250 - - [24/Apr/2017:11:41:53 -0300] "GET /cormun/static/SmoothNavMenu/resources/SmoothNavMenuRender.js HTTP/1.1" 200 5951
186.103.158.250 - - [24/Apr/2017:11:41:53 -0300] "GET /cormun/static/scaMessage/js/jquery.pnotify.min.js HTTP/1.1" 200 13038
186.103.158.250 - - [24/Apr/2017:11:41:53 -0300] "GET /cormun/static/hmpwkw03.js?201731711485354 HTTP/1.1" 200 3965
186.103.158.250 - - [24/Apr/2017:11:41:53 -0300] "GET /cormun/static/Shared/jquery/jquery-1.10.2.min.js HTTP/1.1" 200 273199
186.103.158.250 - - [24/Apr/2017:11:41:53 -0300] "GET /cormun/static/Shared/jqueryui/jquery-ui.min.js HTTP/1.1" 200 240427
186.103.158.250 - - [24/Apr/2017:11:41:53 -0300] "GET /cormun/static/scaMessage/scaMessageRender.js HTTP/1.1" 200 11977
190.45.55.254 - - [24/Apr/2017:11:41:54 -0300] "GET /cormun/servlet/trlicencias HTTP/1.1" 200 7026
186.103.158.250 - - [24/Apr/2017:11:41:54 -0300] "GET /cormun/static/Shared/ext/ext-all.js HTTP/1.1" 200 1289687
190.45.55.254 - - [24/Apr/2017:11:41:55 -0300] "GET /cormun/servlet/trlicencias HTTP/1.1" 200 7024
190.45.55.254 - - [24/Apr/2017:11:41:56 -0300] "GET /cormun/servlet/hlogin HTTP/1.1" 200 1721
186.103.158.250 - - [24/Apr/2017:11:41:56 -0300] "GET /cormun/servlet/hhome HTTP/1.1" 200 3773
186.103.158.250 - - [24/Apr/2017:11:41:56 -0300] "GET /cormun/static/SmoothNavMenu/resources/images/down.gif HTTP/1.1" 200 854
190.45.55.254 - - [24/Apr/2017:11:41:57 -0300] "POST /cormun/servlet/hlogin?b4ff3138ecda73871f7a7d6e74b3ed83,gx-no-cache=1493044980072 HTTP/1.1" 200 90
190.45.55.254 - - [24/Apr/2017:11:41:58 -0300] "GET /cormun/servlet/hpexe_link HTTP/1.1" 200 959
190.45.55.254 - - [24/Apr/2017:11:41:58 -0300] "GET /cormun/servlet/trlicencias HTTP/1.1" 200 7026
190.45.55.254 - - [24/Apr/2017:11:41:58 -0300] "GET /cormun/servlet/trlicencias HTTP/1.1" 200 7024
190.45.55.254 - - [24/Apr/2017:11:42:01 -0300] "GET /cormun/servlet/trlicencias? HTTP/1.1" 200 7024
190.45.55.254 - - [24/Apr/2017:11:42:02 -0300] "GET /cormun/servlet/trlicencias? HTTP/1.1" 200 7024
186.79.88.80 - - [24/Apr/2017:11:42:02 -0300] "GET /cormun/servlet/solicitudotadjuntos?INS,2017,6188,,1, HTTP/1.1" 200 5841
186.79.88.80 - - [24/Apr/2017:11:42:03 -0300] "GET /cormun/static/about:blank HTTP/1.1" 404 1011
186.79.88.80 - - [24/Apr/2017:11:42:03 -0300] "GET /cormun/servlet/solicitudotadjuntos?INS,2017,6188,,1, HTTP/1.1" 200 5835
192.168.10.13 - - [24/Apr/2017:11:42:03 -0300] "GET / HTTP/1.1" 200 11217
186.79.88.80 - - [24/Apr/2017:11:42:03 -0300] "GET /cormun/servlet/solicitudotadjuntos?81afabda9112e29bbba673e9233aba6cafc8d44893bddb1ab2b8fb59561fdee1874ce3f6022bf113229741d374a82eb2,gx-no-cache=1493044985588 HTTP/1.1" 200 30
186.79.88.80 - - [24/Apr/2017:11:42:04 -0300] "POST /cormun/servlet/solicitudotadjuntos?a768a4d67fa529d4e84f3aae7ffa3af9,INS,2017,6188,,1,,gx-no-cache=1493044985677 HTTP/1.1" 200 3645
186.79.88.80 - - [24/Apr/2017:11:42:06 -0300] "POST /cormun/servlet/solicitudotadjuntos?gx-no-cache=1493044988761 HTTP/1.1" 200 26
186.79.88.80 - - [24/Apr/2017:11:42:13 -0300] "GET /cormun/servlet/solicitudotadjuntos?81afabda9112e29bbba673e9233aba6c979ed32700907c9f685e4086e1ed25cc,gx-no-cache=1493044995768 HTTP/1.1" 200 30
186.79.88.80 - - [24/Apr/2017:11:42:13 -0300] "GET /cormun/servlet/solicitudotadjuntos?81afabda9112e29bbba673e9233aba6c979ed32700907c9f685e4086e1ed25cc,gx-no-cache=1493044995874 HTTP/1.1" 200 30
190.45.55.254 - - [24/Apr/2017:11:42:16 -0300] "POST /cormun/servlet/trlicencias?b4ff3138ecda73871f7a7d6e74b3ed83,,gx-no-cache=1493044998292 HTTP/1.1" 200 4131
190.45.55.254 - - [24/Apr/2017:11:42:20 -0300] "POST /cormun/servlet/trlicencias?b4ff3138ecda73871f7a7d6e74b3ed83,,gx-no-cache=1493045002673 HTTP/1.1" 200 4130
190.45.55.254 - - [24/Apr/2017:11:42:27 -0300] "POST /cormun/servlet/trlicencias?b4ff3138ecda73871f7a7d6e74b3ed83,,gx-no-cache=1493045009315 HTTP/1.1" 200 4132
186.103.158.250 - - [24/Apr/2017:11:42:29 -0300] "GET /cormun/servlet/trlicencias? HTTP/1.1" 200 6615
186.103.158.250 - - [24/Apr/2017:11:42:30 -0300] "GET /cormun/static/gxui/gxui-all.css?110300 HTTP/1.1" 200 2179
186.103.158.250 - - [24/Apr/2017:11:42:30 -0300] "GET /cormun/static/calendar-system.css?75620 HTTP/1.1" 200 5572
186.103.158.250 - - [24/Apr/2017:11:42:30 -0300] "GET /cormun/static/gxcfg.js?201741111445981 HTTP/1.1" 200 953
186.103.158.250 - - [24/Apr/2017:11:42:30 -0300] "GET /cormun/static/calendar-setup.js?85251 HTTP/1.1" 200 2588
186.103.158.250 - - [24/Apr/2017:11:42:30 -0300] "GET /cormun/static/calendar.js?85251 HTTP/1.1" 200 26246
186.103.158.250 - - [24/Apr/2017:11:42:30 -0300] "GET /cormun/static/calendar-es.js?85251 HTTP/1.1" 200 1901
186.103.158.250 - - [24/Apr/2017:11:42:30 -0300] "GET /cormun/static/gxdec.js?85251 HTTP/1.1" 200 19579
186.103.158.250 - - [24/Apr/2017:11:42:30 -0300] "GET /cormun/static/trlicencias.js?20174111145440 HTTP/1.1" 200 37913
186.103.158.250 - - [24/Apr/2017:11:42:30 -0300] "GET /cormun/static/Shared/ext/resources/css/ext-all.css?205870 HTTP/1.1" 200 416045
186.103.158.250 - - [24/Apr/2017:11:42:30 -0300] "GET /cormun/static/Resources/PXTools/calendar.png HTTP/1.1" 200 1306
186.103.158.250 - - [24/Apr/2017:11:42:30 -0300] "GET /cormun/static/Resources/PXToolsDataSearch.png HTTP/1.1" 200 419
186.103.158.250 - - [24/Apr/2017:11:42:31 -0300] "GET /cormun/static/Resources/PXToolsGridFirstDisabled.gif HTTP/1.1" 200 100
186.103.158.250 - - [24/Apr/2017:11:42:31 -0300] "GET /cormun/static/Resources/PXToolsGridPreviousDisabled.gif HTTP/1.1" 200 90
186.103.158.250 - - [24/Apr/2017:11:42:31 -0300] "GET /cormun/static/Resources/PXToolsGridNextDisabled.gif HTTP/1.1" 200 90
186.103.158.250 - - [24/Apr/2017:11:42:31 -0300] "GET /cormun/static/Resources/PXToolsGridLastDisabled.gif HTTP/1.1" 200 98
186.79.88.80 - - [24/Apr/2017:11:42:31 -0300] "POST /cormun/servlet/solicitudotadjuntos?a768a4d67fa529d4e84f3aae7ffa3af9,INS,2017,6188,,1, HTTP/1.1" 200 116
186.103.158.250 - - [24/Apr/2017:11:42:31 -0300] "GET /cormun/static/Resources/PXToolsGridPage.gif HTTP/1.1" 200 725
186.103.158.250 - - [24/Apr/2017:11:42:31 -0300] "GET /cormun/static/Resources/PXToolsActionExcel.png HTTP/1.1" 200 3187
186.79.88.80 - - [24/Apr/2017:11:42:31 -0300] "GET /cormun/servlet/hpexe_return? HTTP/1.1" 200 1027
186.103.158.250 - - [24/Apr/2017:11:42:31 -0300] "GET /cormun/static/Resources/PXToolsGridNew.png HTTP/1.1" 200 2949
186.79.88.80 - - [24/Apr/2017:11:42:32 -0300] "GET /cormun/servlet/trsolicitudadjuntos?2017,6188, HTTP/1.1" 200 8522
186.103.158.250 - - [24/Apr/2017:11:42:32 -0300] "GET /cormun/static/Resources/asc.gif HTTP/1.1" 200 67
186.103.158.250 - - [24/Apr/2017:11:42:32 -0300] "GET /cormun/static/Resources/desc.gif HTTP/1.1" 200 65
186.103.158.250 - - [24/Apr/2017:11:42:32 -0300] "GET /cormun/servlet/trlicencias? HTTP/1.1" 200 6614
186.103.158.250 - - [24/Apr/2017:11:42:32 -0300] "GET /cormun/static/Shared/ext/resources/themes/images/default/panel/bg-headersPanel.png HTTP/1.1" 200 255
186.103.158.250 - - [24/Apr/2017:11:42:32 -0300] "GET /cormun/static/Shared/ext/resources/themes/images/default/tools/tool-sprites.gif HTTP/1.1" 200 5434
186.79.88.80 - - [24/Apr/2017:11:42:32 -0300] "GET /cormun/servlet/trsolicitudadjuntos?2017,6188, HTTP/1.1" 200 8520
186.103.158.250 - - [24/Apr/2017:11:42:39 -0300] "GET /cormun/servlet/licenciaspermisos?INS,0,,, HTTP/1.1" 200 7172
186.103.158.250 - - [24/Apr/2017:11:42:39 -0300] "GET /cormun/static/gxcfg.js?201741111445322 HTTP/1.1" 200 953
186.103.158.250 - - [24/Apr/2017:11:42:39 -0300] "GET /cormun/static/licenciaspermisos.js?201741111445392 HTTP/1.1" 200 34444
186.103.158.250 - - [24/Apr/2017:11:42:39 -0300] "GET /cormun/static/Resources/prompt.gif HTTP/1.1" 200 902
186.103.158.250 - - [24/Apr/2017:11:42:41 -0300] "GET /cormun/servlet/licenciaspermisos?INS,0,,, HTTP/1.1" 200 7174
190.45.55.254 - - [24/Apr/2017:11:42:44 -0300] "POST /cormun/servlet/trlicencias?b4ff3138ecda73871f7a7d6e74b3ed83,,gx-no-cache=1493045026209 HTTP/1.1" 200 4129
190.45.55.254 - - [24/Apr/2017:11:42:45 -0300] "POST /cormun/servlet/trlicencias?b4ff3138ecda73871f7a7d6e74b3ed83,,gx-no-cache=1493045027708 HTTP/1.1" 200 4130
190.45.55.254 - - [24/Apr/2017:11:42:51 -0300] "POST /cormun/servlet/trlicencias?b4ff3138ecda73871f7a7d6e74b3ed83,,gx-no-cache=1493045033782 HTTP/1.1" 200 4132
190.45.55.254 - - [24/Apr/2017:11:42:54 -0300] "GET /cormun/servlet/trlicencias? HTTP/1.1" 200 7024
190.45.55.254 - - [24/Apr/2017:11:42:55 -0300] "GET /cormun/servlet/trlicencias? HTTP/1.1" 200 7024
190.45.55.254 - - [24/Apr/2017:11:42:58 -0300] "GET /cormun/servlet/trsolicitudot? HTTP/1.1" 200 7081
190.45.55.254 - - [24/Apr/2017:11:42:59 -0300] "GET /cormun/static/trsolicitudot.js?20173171151116 HTTP/1.1" 304 -
190.45.55.254 - - [24/Apr/2017:11:42:59 -0300] "GET /cormun/static/gxcfg.js?201731711505139 HTTP/1.1" 200 953
190.45.55.254 - - [24/Apr/2017:11:42:59 -0300] "GET /cormun/servlet/trsolicitudot? HTTP/1.1" 200 7082
190.45.55.254 - - [24/Apr/2017:11:43:02 -0300] "GET /cormun/servlet/trlicencias? HTTP/1.1" 200 7025
190.45.55.254 - - [24/Apr/2017:11:43:03 -0300] "GET /cormun/servlet/trlicencias? HTTP/1.1" 200 7024
192.168.10.13 - - [24/Apr/2017:11:43:03 -0300] "GET / HTTP/1.1" 200 11217
186.103.158.250 - - [24/Apr/2017:11:43:11 -0300] "GET /cormun/static/Resources/resize.gif HTTP/1.1" 200 77
186.103.158.250 - - [24/Apr/2017:11:43:12 -0300] "GET /cormun/servlet/prfichaempleado?,MD,,gxPopupLevel%3D0%3B HTTP/1.1" 200 8790
186.103.158.250 - - [24/Apr/2017:11:43:12 -0300] "GET /cormun/static/gxcfg.js?2017319125415 HTTP/1.1" 200 953
186.103.158.250 - - [24/Apr/2017:11:43:12 -0300] "GET /cormun/static/Resources/PXToolsMenuSearch.png HTTP/1.1" 200 2914
190.45.55.254 - - [24/Apr/2017:11:43:12 -0300] "GET /cormun/servlet/trlicencias? HTTP/1.1" 200 7024
186.103.158.250 - - [24/Apr/2017:11:43:12 -0300] "GET /cormun/static/menusearch.js?201610171694467 HTTP/1.1" 200 1424
186.103.158.250 - - [24/Apr/2017:11:43:12 -0300] "GET /cormun/static/hmpwkw011.js?201731711483558 HTTP/1.1" 200 1968
186.103.158.250 - - [24/Apr/2017:11:43:12 -0300] "GET /cormun/static/Resources/PXToolsMenuSearchCancel.png HTTP/1.1" 200 2972
190.45.55.254 - - [24/Apr/2017:11:43:12 -0300] "GET /cormun/servlet/trlicencias? HTTP/1.1" 200 7024
186.103.158.250 - - [24/Apr/2017:11:43:12 -0300] "GET /cormun/static/prfichaempleado.js?20173191254344 HTTP/1.1" 200 15951
186.103.158.250 - - [24/Apr/2017:11:43:19 -0300] "GET /cormun/servlet/licenciaspermisos?1257d3cba94ec1628650cc42f760e06fbc4384f0dee28520080f694ab6023f2544cdcf7a6e6a40ce4bf8089e0a4b73df,gx-no-cache=1493048532611 HTTP/1.1" 200 68
186.103.158.250 - - [24/Apr/2017:11:43:20 -0300] "POST /cormun/servlet/licenciaspermisos?4f424312d89eb83c1df8ab0142d484f0,INS,0,,,,gx-no-cache=1493048532809 HTTP/1.1" 200 4445
190.45.55.254 - - [24/Apr/2017:11:43:26 -0300] "GET /cormun/servlet/trlicencias? HTTP/1.1" 200 7024
190.45.55.254 - - [24/Apr/2017:11:43:27 -0300] "GET /cormun/servlet/trlicencias? HTTP/1.1" 200 7024
186.79.88.80 - - [24/Apr/2017:11:43:59 -0300] "GET /cormun/servlet/solicitudotadjuntos?INS,2017,6188,,1, HTTP/1.1" 200 5840
186.79.88.80 - - [24/Apr/2017:11:43:59 -0300] "GET /cormun/static/about:blank HTTP/1.1" 404 1011
186.79.88.80 - - [24/Apr/2017:11:44:00 -0300] "GET /cormun/servlet/solicitudotadjuntos?INS,2017,6188,,1, HTTP/1.1" 200 5834
186.79.88.80 - - [24/Apr/2017:11:44:00 -0300] "GET /cormun/servlet/solicitudotadjuntos?81afabda9112e29bbba673e9233aba6cafc8d44893bddb1ab2b8fb59561fdee1874ce3f6022bf113229741d374a82eb2,gx-no-cache=1493045102312 HTTP/1.1" 200 30
186.79.88.80 - - [24/Apr/2017:11:44:00 -0300] "POST /cormun/servlet/solicitudotadjuntos?a768a4d67fa529d4e84f3aae7ffa3af9,INS,2017,6188,,1,,gx-no-cache=1493045102440 HTTP/1.1" 200 3643
192.168.10.13 - - [24/Apr/2017:11:44:03 -0300] "GET / HTTP/1.1" 200 11217
186.79.88.80 - - [24/Apr/2017:11:44:03 -0300] "POST /cormun/servlet/solicitudotadjuntos?gx-no-cache=1493045105763 HTTP/1.1" 200 26
186.79.88.80 - - [24/Apr/2017:11:44:12 -0300] "GET /cormun/servlet/solicitudotadjuntos?81afabda9112e29bbba673e9233aba6c979ed32700907c9f685e4086e1ed25cc,gx-no-cache=1493045114066 HTTP/1.1" 200 30
186.79.88.80 - - [24/Apr/2017:11:44:12 -0300] "GET /cormun/servlet/solicitudotadjuntos?81afabda9112e29bbba673e9233aba6c979ed32700907c9f685e4086e1ed25cc,gx-no-cache=1493045114180 HTTP/1.1" 200 30
192.168.10.96 - - [24/Apr/2017:11:44:20 -0300] "GET /cormun/servlet/vevisualizador?2017,5845,,SolicitudOTAdjuntos HTTP/1.1" 200 10386
192.168.10.96 - - [24/Apr/2017:11:44:22 -0300] "GET /cormun/servlet/vevisualizador?2017,5845,,SolicitudOTAdjuntos HTTP/1.1" 200 10391
192.168.10.96 - - [24/Apr/2017:11:44:22 -0300] "POST /cormun/servlet/acontrolpreferencessavestate?None,DZAMUDIO,true HTTP/1.1" 200 35
192.168.10.96 - - [24/Apr/2017:11:44:24 -0300] "GET /cormun/servlet/trlicenciasgenerales? HTTP/1.1" 200 14670
192.168.10.96 - - [24/Apr/2017:11:44:24 -0300] "GET /cormun/static/gxcfg.js?201741111444020 HTTP/1.1" 304 -
192.168.10.96 - - [24/Apr/2017:11:44:24 -0300] "GET /cormun/static/trlicenciasgenerales.js?201741111444553 HTTP/1.1" 304 -
192.168.10.96 - - [24/Apr/2017:11:44:25 -0300] "GET /cormun/servlet/trlicenciasgenerales? HTTP/1.1" 200 14652
186.103.158.250 - - [24/Apr/2017:11:44:33 -0300] "GET /cormun/static/menuarrow.gif HTTP/1.1" 404 1015
186.79.88.80 - - [24/Apr/2017:11:44:35 -0300] "POST /cormun/servlet/solicitudotadjuntos?a768a4d67fa529d4e84f3aae7ffa3af9,INS,2017,6188,,1, HTTP/1.1" 200 116
186.79.88.80 - - [24/Apr/2017:11:44:35 -0300] "GET /cormun/servlet/hpexe_return? HTTP/1.1" 200 1027
186.79.88.80 - - [24/Apr/2017:11:44:36 -0300] "GET /cormun/servlet/trsolicitudadjuntos?2017,6188, HTTP/1.1" 200 8689
186.79.88.80 - - [24/Apr/2017:11:44:37 -0300] "GET /cormun/servlet/trsolicitudadjuntos?2017,6188, HTTP/1.1" 200 8687
186.79.88.80 - - [24/Apr/2017:11:44:42 -0300] "GET /cormun/servlet/solicitudotadjuntos?INS,2017,6188,,1, HTTP/1.1" 200 5841
186.79.88.80 - - [24/Apr/2017:11:44:42 -0300] "GET /cormun/static/about:blank HTTP/1.1" 404 1011
186.79.88.80 - - [24/Apr/2017:11:44:42 -0300] "GET /cormun/servlet/solicitudotadjuntos?INS,2017,6188,,1, HTTP/1.1" 200 5835
186.79.88.80 - - [24/Apr/2017:11:44:43 -0300] "GET /cormun/servlet/solicitudotadjuntos?81afabda9112e29bbba673e9233aba6cafc8d44893bddb1ab2b8fb59561fdee1874ce3f6022bf113229741d374a82eb2,gx-no-cache=1493045145155 HTTP/1.1" 200 30
186.79.88.80 - - [24/Apr/2017:11:44:46 -0300] "POST /cormun/servlet/solicitudotadjuntos?a768a4d67fa529d4e84f3aae7ffa3af9,INS,2017,6188,,1,,gx-no-cache=1493045145676 HTTP/1.1" 200 3645
190.45.55.254 - - [24/Apr/2017:11:44:47 -0300] "GET /cormun/servlet/trlicencias? HTTP/1.1" 200 7024
190.45.55.254 - - [24/Apr/2017:11:44:47 -0300] "GET /cormun/servlet/trlicencias? HTTP/1.1" 200 7024
186.79.88.80 - - [24/Apr/2017:11:44:49 -0300] "POST /cormun/servlet/solicitudotadjuntos?gx-no-cache=1493045151080 HTTP/1.1" 200 26
186.79.88.80 - - [24/Apr/2017:11:44:56 -0300] "GET /cormun/servlet/solicitudotadjuntos?81afabda9112e29bbba673e9233aba6c979ed32700907c9f685e4086e1ed25cc,gx-no-cache=1493045157940 HTTP/1.1" 200 30
186.79.88.80 - - [24/Apr/2017:11:44:56 -0300] "GET /cormun/servlet/solicitudotadjuntos?81afabda9112e29bbba673e9233aba6c979ed32700907c9f685e4086e1ed25cc,gx-no-cache=1493045158053 HTTP/1.1" 200 30
192.168.10.96 - - [24/Apr/2017:11:44:57 -0300] "POST /cormun/servlet/trlicenciasgenerales?f686917922f4cbd3c0ebf2db5591fa2e,,gx-no-cache=1493048367517 HTTP/1.1" 200 6889
192.168.10.96 - - [24/Apr/2017:11:45:02 -0300] "POST /cormun/servlet/trlicenciasgenerales?f686917922f4cbd3c0ebf2db5591fa2e,,gx-no-cache=1493048372627 HTTP/1.1" 200 6870
192.168.10.13 - - [24/Apr/2017:11:45:03 -0300] "GET / HTTP/1.1" 200 11217
186.79.88.80 - - [24/Apr/2017:11:45:19 -0300] "POST /cormun/servlet/solicitudotadjuntos?a768a4d67fa529d4e84f3aae7ffa3af9,INS,2017,6188,,1, HTTP/1.1" 200 116
186.79.88.80 - - [24/Apr/2017:11:45:19 -0300] "GET /cormun/servlet/hpexe_return? HTTP/1.1" 200 1027
192.168.10.96 - - [24/Apr/2017:11:45:19 -0300] "POST /cormun/servlet/trlicenciasgenerales?f686917922f4cbd3c0ebf2db5591fa2e,,gx-no-cache=1493048389901 HTTP/1.1" 200 6890
192.168.10.96 - - [24/Apr/2017:11:45:20 -0300] "GET /cormun/static/Shared/jqueryui/images/ui-bg_highlight-soft_100_c6c2c8_1x100.png HTTP/1.1" 404 1117
192.168.10.96 - - [24/Apr/2017:11:45:20 -0300] "GET /cormun/static/Shared/jqueryui/images/ui-icons_82798d_256x240.png HTTP/1.1" 404 1089
192.168.10.96 - - [24/Apr/2017:11:45:20 -0300] "GET /cormun/static/Shared/jqueryui/images/ui-bg_flat_55_fafafa_40x100.png HTTP/1.1" 404 1097
192.168.10.96 - - [24/Apr/2017:11:45:20 -0300] "GET /cormun/static/Shared/jqueryui/images/ui-icons_8d78a5_256x240.png HTTP/1.1" 404 1089
186.79.88.80 - - [24/Apr/2017:11:45:20 -0300] "GET /cormun/servlet/trsolicitudadjuntos?2017,6188, HTTP/1.1" 200 8920
186.79.88.80 - - [24/Apr/2017:11:45:21 -0300] "GET /cormun/servlet/trsolicitudadjuntos?2017,6188, HTTP/1.1" 200 8915
186.103.159.182 - - [24/Apr/2017:11:45:26 -0300] "GET /cormun/servlet/renuncias?fb84a096cbea53607da9fb7cee93f9a04e73a872cbe28fc4c4fcdcb1b57dd0ac6f97c3ef204a839d2f8af6ec74ce6322,gx-no-cache=1493045189424 HTTP/1.1" 200 63
186.79.88.80 - - [24/Apr/2017:11:45:26 -0300] "GET /cormun/servlet/trsolicitudot? HTTP/1.1" 200 8021
186.79.88.80 - - [24/Apr/2017:11:45:27 -0300] "GET /cormun/servlet/trsolicitudot? HTTP/1.1" 200 8015
192.168.10.96 - - [24/Apr/2017:11:45:29 -0300] "GET /cormun/servlet/hlogin HTTP/1.1" 200 1739
186.79.88.80 - - [24/Apr/2017:11:45:30 -0300] "POST /cormun/servlet/trsolicitudot?a768a4d67fa529d4e84f3aae7ffa3af9,,gx-no-cache=1493045190704 HTTP/1.1" 200 4164
186.79.88.80 - - [24/Apr/2017:11:45:30 -0300] "GET /cormun/static/Shared/jqueryui/images/ui-bg_highlight-soft_100_c6c2c8_1x100.png HTTP/1.1" 404 1117
186.79.88.80 - - [24/Apr/2017:11:45:30 -0300] "GET /cormun/static/Shared/jqueryui/images/ui-bg_flat_55_fafafa_40x100.png HTTP/1.1" 404 1097
186.79.88.80 - - [24/Apr/2017:11:45:30 -0300] "GET /cormun/static/Shared/jqueryui/images/ui-icons_8d78a5_256x240.png HTTP/1.1" 404 1089
186.79.88.80 - - [24/Apr/2017:11:45:30 -0300] "GET /cormun/static/Shared/jqueryui/images/ui-icons_82798d_256x240.png HTTP/1.1" 404 1089
186.79.88.80 - - [24/Apr/2017:11:45:30 -0300] "POST /cormun/servlet/trsolicitudot?a768a4d67fa529d4e84f3aae7ffa3af9,,gx-no-cache=1493045192371 HTTP/1.1" 200 3949
186.79.88.80 - - [24/Apr/2017:11:45:33 -0300] "GET /cormun/servlet/solicitudot?INS,0,0, HTTP/1.1" 200 12611
186.79.88.80 - - [24/Apr/2017:11:45:33 -0300] "GET /cormun/servlet/solicitudot?INS,0,0, HTTP/1.1" 200 12616
186.103.159.182 - - [24/Apr/2017:11:45:41 -0300] "GET /cormun/servlet/prcontrato?16162972,,,MD,,gxPopupLevel%3D0%3B HTTP/1.1" 200 5990
186.79.88.80 - - [24/Apr/2017:11:45:45 -0300] "GET /cormun/servlet/prfichaempleado?,MD,,gxPopupLevel%3D0%3B HTTP/1.1" 200 8828
190.45.55.254 - - [24/Apr/2017:11:45:51 -0300] "GET /cormun/servlet/hlogin HTTP/1.1" 200 1721
186.79.88.80 - - [24/Apr/2017:11:46:00 -0300] "POST /cormun/servlet/prfichaempleado?a768a4d67fa529d4e84f3aae7ffa3af9,,MD,,gxPopupLevel%3D0%3B,gx-no-cache=1493045221589 HTTP/1.1" 200 3406
192.168.10.96 - - [24/Apr/2017:11:46:02 -0300] "POST /cormun/servlet/hlogin?f686917922f4cbd3c0ebf2db5591fa2e,gx-no-cache=1493048433255 HTTP/1.1" 200 457
192.168.10.13 - - [24/Apr/2017:11:46:03 -0300] "GET / HTTP/1.1" 200 11217
192.168.10.96 - - [24/Apr/2017:11:46:07 -0300] "POST /cormun/servlet/hlogin?f686917922f4cbd3c0ebf2db5591fa2e,gx-no-cache=1493048437544 HTTP/1.1" 200 457
186.79.88.80 - - [24/Apr/2017:11:46:09 -0300] "POST /cormun/servlet/solicitudot?gx-no-cache=1493045229722 HTTP/1.1" 200 3201
186.79.88.80 - - [24/Apr/2017:11:46:09 -0300] "POST /cormun/servlet/solicitudot?a768a4d67fa529d4e84f3aae7ffa3af9,INS,0,0,,gx-no-cache=1493045231183 HTTP/1.1" 200 9805
192.168.10.96 - - [24/Apr/2017:11:46:13 -0300] "POST /cormun/servlet/hlogin?f686917922f4cbd3c0ebf2db5591fa2e,gx-no-cache=1493048443639 HTTP/1.1" 200 90
192.168.10.96 - - [24/Apr/2017:11:46:13 -0300] "GET /cormun/servlet/hpexe_link HTTP/1.1" 200 951
192.168.10.96 - - [24/Apr/2017:11:46:13 -0300] "GET /cormun/servlet/hhome HTTP/1.1" 200 4113
192.168.10.96 - - [24/Apr/2017:11:46:13 -0300] "GET /cormun/servlet/hhome HTTP/1.1" 200 4109
192.168.10.96 - - [24/Apr/2017:11:46:18 -0300] "GET /cormun/servlet/trlicencias? HTTP/1.1" 200 8119
192.168.10.96 - - [24/Apr/2017:11:46:18 -0300] "GET /cormun/static/gxcfg.js?201741111445981 HTTP/1.1" 200 953
192.168.10.96 - - [24/Apr/2017:11:46:18 -0300] "GET /cormun/static/trlicencias.js?20174111145440 HTTP/1.1" 200 37913
192.168.10.96 - - [24/Apr/2017:11:46:19 -0300] "GET /cormun/servlet/trlicencias? HTTP/1.1" 200 8116
190.45.55.254 - - [24/Apr/2017:11:46:29 -0300] "GET /cormun/servlet/hlogin HTTP/1.1" 200 1721
192.168.10.96 - - [24/Apr/2017:11:46:29 -0300] "GET /cormun/servlet/trlicencias? HTTP/1.1" 200 8116
192.168.10.96 - - [24/Apr/2017:11:46:29 -0300] "GET /cormun/servlet/trlicencias? HTTP/1.1" 200 8116
190.45.55.254 - - [24/Apr/2017:11:46:31 -0300] "POST /cormun/servlet/hlogin?b4ff3138ecda73871f7a7d6e74b3ed83,gx-no-cache=1493045253379 HTTP/1.1" 200 90
190.45.55.254 - - [24/Apr/2017:11:46:31 -0300] "GET /cormun/servlet/hpexe_link HTTP/1.1" 200 959
190.45.55.254 - - [24/Apr/2017:11:46:31 -0300] "GET /cormun/servlet/trlicencias HTTP/1.1" 200 7026
190.45.55.254 - - [24/Apr/2017:11:46:31 -0300] "GET /cormun/servlet/trlicencias HTTP/1.1" 200 7024
190.45.55.254 - - [24/Apr/2017:11:46:34 -0300] "GET /cormun/servlet/trlicencias? HTTP/1.1" 200 7024
190.45.55.254 - - [24/Apr/2017:11:46:34 -0300] "GET /cormun/servlet/trlicencias? HTTP/1.1" 200 7024
190.45.55.254 - - [24/Apr/2017:11:46:42 -0300] "POST /cormun/servlet/trlicencias?b4ff3138ecda73871f7a7d6e74b3ed83,,gx-no-cache=1493045264428 HTTP/1.1" 200 4128
186.103.159.182 - - [24/Apr/2017:11:46:47 -0300] "POST /cormun/servlet/renuncias?7da74264e966413eb900572dba1909c2,INS,0,,gx-no-cache=1493045270185 HTTP/1.1" 200 93
186.103.159.182 - - [24/Apr/2017:11:46:47 -0300] "GET /cormun/servlet/hpexe_return? HTTP/1.1" 200 1008
186.103.159.182 - - [24/Apr/2017:11:46:47 -0300] "GET /cormun/servlet/trrenuncias HTTP/1.1" 200 7517
186.103.159.182 - - [24/Apr/2017:11:46:48 -0300] "GET /cormun/servlet/trrenuncias HTTP/1.1" 200 7514
192.168.10.96 - - [24/Apr/2017:11:47:03 -0300] "POST /cormun/servlet/trlicencias?f686917922f4cbd3c0ebf2db5591fa2e,,gx-no-cache=1493048493826 HTTP/1.1" 200 5357
192.168.10.13 - - [24/Apr/2017:11:47:03 -0300] "GET / HTTP/1.1" 200 11217
186.79.88.80 - - [24/Apr/2017:11:47:11 -0300] "GET /cormun/servlet/solicitudot?81afabda9112e29bbba673e9233aba6c98132a9319f933e122ffb6d7e1c41884a65e2f23914acb7c52045e28e02b9b18,gx-no-cache=1493045292979 HTTP/1.1" 200 30
186.79.88.80 - - [24/Apr/2017:11:47:11 -0300] "POST /cormun/servlet/solicitudot?gx-no-cache=1493045293181 HTTP/1.1" 200 255
186.79.88.80 - - [24/Apr/2017:11:47:11 -0300] "GET /cormun/servlet/solicitudot?81afabda9112e29bbba673e9233aba6cfda675e81889e94a229cdaaa30195371b98b12fc2dda2313b09aca3bf55fa63f637689b165e717f0f9cba8f9233431854ed2a738de71bc42ea3847b8d73d07bd0fee92b92ccc2c1adb8d598cd458948a267a54c02a87b2ff62076f2f93724aab2537f5e11192284f7e0b7dd949a818629a53e69c7f860bb6fc72f09e418c9e210f4112a96302049f4c3afbb8225517c3c63dd0af70db86907a5e0e2ccc0942e4734c8f14be736eb228cfc6197c81da8e7546150c2f87c4d6c25538214154d92ebe2a1a74841e74053b385153c84b6fb16d0d2f136a4147055bd702feefac4721742f290ae6ff105a64c4883aa6c929d5beb0e48811d187f1609385434562b5e7789f2b7fa6a31f01a07cee724fec804dfcf120735b2ced9814bdf5f2c5e7456ccc7af6f9a8777a027beaccfa0908ad43988f6b2e6d40fd5b6719f9b76c93c2d2205771ab64a59facbde6d7c9e93646d400c132640db14d6f734b6ba1dc89140be352a798d28d6707683d6ab923a0cfb8,gx-no-cache=1493045293338 HTTP/1.1" 200 30
192.168.10.96 - - [24/Apr/2017:11:47:14 -0300] "POST /cormun/servlet/trlicencias?f686917922f4cbd3c0ebf2db5591fa2e,,gx-no-cache=1493048505003 HTTP/1.1" 200 5327
192.168.10.96 - - [24/Apr/2017:11:47:17 -0300] "POST /cormun/servlet/trlicencias?f686917922f4cbd3c0ebf2db5591fa2e,,gx-no-cache=1493048508293 HTTP/1.1" 200 4098
192.168.10.96 - - [24/Apr/2017:11:47:20 -0300] "POST /cormun/servlet/trlicencias?f686917922f4cbd3c0ebf2db5591fa2e,,gx-no-cache=1493048510484 HTTP/1.1" 200 5358
186.79.88.80 - - [24/Apr/2017:11:47:20 -0300] "POST /cormun/servlet/solicitudot?gx-no-cache=1493045302074 HTTP/1.1" 200 30
190.45.55.254 - - [24/Apr/2017:11:47:21 -0300] "POST /cormun/servlet/trlicencias?b4ff3138ecda73871f7a7d6e74b3ed83,,gx-no-cache=1493045303327 HTTP/1.1" 200 4132
190.45.55.254 - - [24/Apr/2017:11:47:23 -0300] "POST /cormun/servlet/trlicencias?b4ff3138ecda73871f7a7d6e74b3ed83,,gx-no-cache=1493045305895 HTTP/1.1" 200 4132
192.168.10.96 - - [24/Apr/2017:11:47:24 -0300] "POST /cormun/servlet/trlicencias?f686917922f4cbd3c0ebf2db5591fa2e,,gx-no-cache=1493048514954 HTTP/1.1" 200 5327
190.45.55.254 - - [24/Apr/2017:11:47:28 -0300] "POST /cormun/servlet/trlicencias?b4ff3138ecda73871f7a7d6e74b3ed83,,gx-no-cache=1493045310264 HTTP/1.1" 200 4132
192.168.10.96 - - [24/Apr/2017:11:47:30 -0300] "POST /cormun/servlet/trlicencias?f686917922f4cbd3c0ebf2db5591fa2e,,gx-no-cache=1493048521304 HTTP/1.1" 200 5326
190.45.55.254 - - [24/Apr/2017:11:47:34 -0300] "POST /cormun/servlet/trlicencias?b4ff3138ecda73871f7a7d6e74b3ed83,,gx-no-cache=1493045316592 HTTP/1.1" 200 4131
190.45.55.254 - - [24/Apr/2017:11:47:37 -0300] "POST /cormun/servlet/trlicencias?b4ff3138ecda73871f7a7d6e74b3ed83,,gx-no-cache=1493045319814 HTTP/1.1" 200 4132
186.79.88.80 - - [24/Apr/2017:11:47:38 -0300] "GET /cormun/servlet/prcontratosol?15993422,,,,,MD,,gxPopupLevel%3D0%3B HTTP/1.1" 200 5961
186.79.88.80 - - [24/Apr/2017:11:47:39 -0300] "GET /cormun/static/gxcfg.js?201731711522183 HTTP/1.1" 200 953
186.79.88.80 - - [24/Apr/2017:11:47:39 -0300] "GET /cormun/static/prcontratosol.js?201731711522419 HTTP/1.1" 200 14084
186.79.88.80 - - [24/Apr/2017:11:47:39 -0300] "GET /cormun/static/Resources/PXToolsGridFirst.gif HTTP/1.1" 200 379
186.79.88.80 - - [24/Apr/2017:11:47:39 -0300] "GET /cormun/static/Resources/PXToolsGridPrevious.gif HTTP/1.1" 200 369
186.79.88.80 - - [24/Apr/2017:11:47:39 -0300] "GET /cormun/static/Resources/PXToolsGridNext.gif HTTP/1.1" 200 369
186.79.88.80 - - [24/Apr/2017:11:47:39 -0300] "GET /cormun/static/Resources/PXToolsGridLast.gif HTTP/1.1" 200 370
192.168.10.96 - - [24/Apr/2017:11:47:40 -0300] "POST /cormun/servlet/trlicencias?f686917922f4cbd3c0ebf2db5591fa2e,,gx-no-cache=1493048530521 HTTP/1.1" 200 7252
190.45.55.254 - - [24/Apr/2017:11:47:41 -0300] "POST /cormun/servlet/trlicencias?b4ff3138ecda73871f7a7d6e74b3ed83,,gx-no-cache=1493045323879 HTTP/1.1" 200 4131
186.79.88.80 - - [24/Apr/2017:11:47:41 -0300] "POST /cormun/servlet/solicitudot?gx-no-cache=1493045323732 HTTP/1.1" 200 1292
186.79.88.80 - - [24/Apr/2017:11:47:42 -0300] "POST /cormun/servlet/solicitudot?gx-no-cache=1493045323897 HTTP/1.1" 200 38
186.79.88.80 - - [24/Apr/2017:11:47:42 -0300] "GET /cormun/servlet/solicitudot?81afabda9112e29bbba673e9233aba6c9ad9fd32bc0913ffca1e5288f7e2403e2f53aab7130d5e40bab572cc4f3999d0f8bf17a2aafc34cfc54e7e3806682db9d6421ea59961a25ae37ea09f72df2ebd78333935e4aa8c7cf38309e1f358a30c7191c50d9d953991704a61dcc06055ab1b7f432f12956278105474e85eefa8cccd6bbf2e71d77189675496f5058fb6fef3e4d83c9982b9c4eb4bda0662c84314,gx-no-cache=1493045324020 HTTP/1.1" 200 29
186.79.88.80 - - [24/Apr/2017:11:47:42 -0300] "POST /cormun/servlet/solicitudot?gx-no-cache=1493045324127 HTTP/1.1" 200 1275
186.79.88.80 - - [24/Apr/2017:11:47:42 -0300] "POST /cormun/servlet/solicitudot?gx-no-cache=1493045324395 HTTP/1.1" 200 1158
192.168.10.96 - - [24/Apr/2017:11:47:44 -0300] "POST /cormun/servlet/trlicencias?f686917922f4cbd3c0ebf2db5591fa2e,,gx-no-cache=1493048534964 HTTP/1.1" 200 4099
186.79.88.80 - - [24/Apr/2017:11:47:59 -0300] "POST /cormun/servlet/solicitudot?gx-no-cache=1493045340949 HTTP/1.1" 200 1274
186.79.88.80 - - [24/Apr/2017:11:48:01 -0300] "POST /cormun/servlet/solicitudot?gx-no-cache=1493045342825 HTTP/1.1" 200 1158
190.45.55.254 - - [24/Apr/2017:11:48:02 -0300] "GET /cormun/static/menuarrow.gif HTTP/1.1" 404 1015
192.168.10.13 - - [24/Apr/2017:11:48:03 -0300] "GET / HTTP/1.1" 200 11217
192.168.10.96 - - [24/Apr/2017:11:48:10 -0300] "POST /cormun/servlet/trlicencias?f686917922f4cbd3c0ebf2db5591fa2e,,gx-no-cache=1493048560911 HTTP/1.1" 200 5357
192.168.10.60 - - [24/Apr/2017:11:48:11 -0300] "GET /cormun/servlet/hlogin HTTP/1.1" 200 1719
190.45.55.254 - - [24/Apr/2017:11:48:12 -0300] "POST /cormun/servlet/trlicencias?b4ff3138ecda73871f7a7d6e74b3ed83,,gx-no-cache=1493045354985 HTTP/1.1" 200 5356
192.168.10.60 - - [24/Apr/2017:11:48:14 -0300] "POST /cormun/servlet/hlogin?a174db9c9b885fff9d91d3a83eb3fd74,gx-no-cache=1493044503137 HTTP/1.1" 200 90
192.168.10.60 - - [24/Apr/2017:11:48:14 -0300] "GET /cormun/servlet/hpexe_link HTTP/1.1" 200 950
192.168.10.60 - - [24/Apr/2017:11:48:14 -0300] "GET /cormun/servlet/hhome HTTP/1.1" 200 3752
192.168.10.60 - - [24/Apr/2017:11:48:15 -0300] "GET /cormun/servlet/hhome HTTP/1.1" 200 3749
192.168.10.60 - - [24/Apr/2017:11:48:20 -0300] "GET /cormun/servlet/trautorizarot? HTTP/1.1" 200 14038
192.168.10.60 - - [24/Apr/2017:11:48:21 -0300] "GET /cormun/servlet/trautorizarot? HTTP/1.1" 200 14036
192.168.10.60 - - [24/Apr/2017:11:48:24 -0300] "GET /cormun/static/menuarrow.gif HTTP/1.1" 404 1015
192.168.10.96 - - [24/Apr/2017:11:48:25 -0300] "GET /cormun/servlet/hlogin HTTP/1.1" 200 1736
186.79.88.80 - - [24/Apr/2017:11:48:27 -0300] "GET /cormun/static/menuarrow.gif HTTP/1.1" 404 1015
192.168.10.96 - - [24/Apr/2017:11:48:31 -0300] "POST /cormun/servlet/hlogin?f686917922f4cbd3c0ebf2db5591fa2e,gx-no-cache=1493048581921 HTTP/1.1" 200 90
192.168.10.96 - - [24/Apr/2017:11:48:31 -0300] "GET /cormun/servlet/hpexe_link HTTP/1.1" 200 951
192.168.10.96 - - [24/Apr/2017:11:48:31 -0300] "GET /cormun/servlet/hhome HTTP/1.1" 200 4267
192.168.10.96 - - [24/Apr/2017:11:48:31 -0300] "GET /cormun/servlet/hhome HTTP/1.1" 200 4264
192.168.10.60 - - [24/Apr/2017:11:48:35 -0300] "POST /cormun/servlet/trautorizarot?a174db9c9b885fff9d91d3a83eb3fd74,,gx-no-cache=1493044523220 HTTP/1.1" 200 11510
186.79.88.80 - - [24/Apr/2017:11:48:40 -0300] "GET /cormun/servlet/solicitudot?81afabda9112e29bbba673e9233aba6cee6b4f7882ee44b7edb1c9a509ec0a4a7a466a8b5e667739e2cf041b58396fe1188e7d2dc11fb68dcad8712b9ccada1167817fa96638b3dbe2375057685fd20f06e7ee18ac1fd55da5db3fed4e493dcc8cc6fd1d1af19daebd2b387f67f4e0cfbca67d1b7b1efbc5d55e3a9bd888d973da75dc5d7e3327aaef46e9e0d398d22f023b8e9f9e44dbf4fc0556e47824f1bd96ec36345af19623b3e128e529d7b984,gx-no-cache=1493045382621 HTTP/1.1" 200 30
192.168.10.60 - - [24/Apr/2017:11:48:42 -0300] "POST /cormun/servlet/trautorizarot?a174db9c9b885fff9d91d3a83eb3fd74,,gx-no-cache=1493044530435 HTTP/1.1" 200 6768
190.45.55.254 - - [24/Apr/2017:11:48:47 -0300] "GET /cormun/servlet/trlicenciaspermisosadjuntos?9462067,20170424000000,L, HTTP/1.1" 200 6472
190.45.55.254 - - [24/Apr/2017:11:48:47 -0300] "GET /cormun/servlet/trlicenciaspermisosadjuntos?9462067,20170424000000,L, HTTP/1.1" 200 6472
186.79.88.80 - - [24/Apr/2017:11:48:50 -0300] "POST /cormun/servlet/solicitudot?a768a4d67fa529d4e84f3aae7ffa3af9,INS,0,0,,gx-no-cache=1493045391943 HTTP/1.1" 200 11152
186.79.88.80 - - [24/Apr/2017:11:48:50 -0300] "GET /cormun/static/Shared/jqueryui/images/ui-bg_highlight-soft_100_c6c2c8_1x100.png HTTP/1.1" 404 1117
186.79.88.80 - - [24/Apr/2017:11:48:50 -0300] "GET /cormun/static/Shared/jqueryui/images/ui-icons_ebccce_256x240.png HTTP/1.1" 404 1089
186.79.88.80 - - [24/Apr/2017:11:48:50 -0300] "GET /cormun/static/Shared/jqueryui/images/ui-icons_82798d_256x240.png HTTP/1.1" 404 1089
186.79.88.80 - - [24/Apr/2017:11:48:50 -0300] "GET /cormun/static/Shared/jqueryui/images/ui-bg_flat_55_994d53_40x100.png HTTP/1.1" 404 1097
190.45.55.254 - - [24/Apr/2017:11:48:53 -0300] "GET /cormun/servlet/trlicencias? HTTP/1.1" 200 8118
190.45.55.254 - - [24/Apr/2017:11:48:53 -0300] "GET /cormun/servlet/trlicencias? HTTP/1.1" 200 8118
186.103.159.182 - - [24/Apr/2017:11:48:54 -0300] "GET /cormun/servlet/arenunciaprn?31,PU HTTP/1.1" 200 1550
192.168.10.60 - - [24/Apr/2017:11:48:59 -0300] "POST /cormun/servlet/trautorizarot?a174db9c9b885fff9d91d3a83eb3fd74,,gx-no-cache=1493044547521 HTTP/1.1" 200 5178
190.45.55.254 - - [24/Apr/2017:11:49:00 -0300] "GET /cormun/servlet/trlicenciaspermisosadjuntos?9462067,20170424000000,L, HTTP/1.1" 200 6472
190.45.55.254 - - [24/Apr/2017:11:49:00 -0300] "GET /cormun/servlet/trlicenciaspermisosadjuntos?9462067,20170424000000,L, HTTP/1.1" 200 6472
192.168.10.13 - - [24/Apr/2017:11:49:03 -0300] "GET / HTTP/1.1" 200 11217
192.168.10.60 - - [24/Apr/2017:11:49:06 -0300] "POST /cormun/servlet/trautorizarot?a174db9c9b885fff9d91d3a83eb3fd74,,gx-no-cache=1493044554340 HTTP/1.1" 200 5017
192.168.10.60 - - [24/Apr/2017:11:49:10 -0300] "POST /cormun/servlet/trautorizarot?a174db9c9b885fff9d91d3a83eb3fd74,,gx-no-cache=1493044558770 HTTP/1.1" 200 6313
190.45.55.254 - - [24/Apr/2017:11:49:39 -0300] "GET /cormun/servlet/trlicencias? HTTP/1.1" 200 8119
190.45.55.254 - - [24/Apr/2017:11:49:40 -0300] "GET /cormun/servlet/trlicencias? HTTP/1.1" 200 8118
186.79.88.80 - - [24/Apr/2017:11:49:44 -0300] "GET /cormun/servlet/solicitudot?81afabda9112e29bbba673e9233aba6cee6b4f7882ee44b7edb1c9a509ec0a4a7a466a8b5e667739e2cf041b58396fe1188e7d2dc11fb68dcad8712b9ccada1167817fa96638b3dbe2375057685fd20f06e7ee18ac1fd55da5db3fed4e493dcc8cc6fd1d1af19daebd2b387f67f4e0cfbca67d1b7b1efbc5d55e3a9bd888d973da75dc5d7e3327aaef46e9e0d398d22f023b8e9f9e44dbf4fc0556e47824f1bd8784c9a6dbef994b6077696a2b56b4f5,gx-no-cache=1493045443403 HTTP/1.1" 200 30
186.79.88.80 - - [24/Apr/2017:11:49:45 -0300] "POST /cormun/servlet/solicitudot?a768a4d67fa529d4e84f3aae7ffa3af9,INS,0,0,,gx-no-cache=1493045446615 HTTP/1.1" 200 93
186.79.88.80 - - [24/Apr/2017:11:49:45 -0300] "GET /cormun/servlet/hpexe_return? HTTP/1.1" 200 1008
186.79.88.80 - - [24/Apr/2017:11:49:45 -0300] "GET /cormun/servlet/trsolicitudot? HTTP/1.1" 200 8059
186.79.88.80 - - [24/Apr/2017:11:49:46 -0300] "GET /cormun/servlet/trsolicitudot? HTTP/1.1" 200 8055
186.79.88.80 - - [24/Apr/2017:11:49:49 -0300] "POST /cormun/servlet/trsolicitudot?a768a4d67fa529d4e84f3aae7ffa3af9,,gx-no-cache=1493045450829 HTTP/1.1" 200 4166
186.79.88.80 - - [24/Apr/2017:11:49:49 -0300] "GET /cormun/static/Shared/jqueryui/images/ui-bg_highlight-soft_100_c6c2c8_1x100.png HTTP/1.1" 404 1117
186.79.88.80 - - [24/Apr/2017:11:49:49 -0300] "GET /cormun/static/Shared/jqueryui/images/ui-icons_82798d_256x240.png HTTP/1.1" 404 1089
186.79.88.80 - - [24/Apr/2017:11:49:49 -0300] "GET /cormun/static/Shared/jqueryui/images/ui-bg_flat_55_fafafa_40x100.png HTTP/1.1" 404 1097
186.79.88.80 - - [24/Apr/2017:11:49:49 -0300] "GET /cormun/static/Shared/jqueryui/images/ui-icons_8d78a5_256x240.png HTTP/1.1" 404 1089
186.79.88.80 - - [24/Apr/2017:11:49:49 -0300] "POST /cormun/servlet/trsolicitudot?a768a4d67fa529d4e84f3aae7ffa3af9,,gx-no-cache=1493045451281 HTTP/1.1" 200 3937
186.79.88.80 - - [24/Apr/2017:11:49:53 -0300] "GET /cormun/servlet/solicitudot?INS,0,0, HTTP/1.1" 200 12612
186.79.88.80 - - [24/Apr/2017:11:49:53 -0300] "GET /cormun/servlet/solicitudot?INS,0,0, HTTP/1.1" 200 12617
190.45.55.254 - - [24/Apr/2017:11:49:57 -0300] "GET /cormun/servlet/trlicenciaspermisosadjuntos?9462067,20170424000000,L, HTTP/1.1" 200 6472
190.45.55.254 - - [24/Apr/2017:11:49:57 -0300] "GET /cormun/servlet/trlicenciaspermisosadjuntos?9462067,20170424000000,L, HTTP/1.1" 200 6472
190.45.55.254 - - [24/Apr/2017:11:50:01 -0300] "GET /cormun/servlet/licenciaspermisosadjuntos?INS,9462067,L,20170424000000,, HTTP/1.1" 200 5764
190.45.55.254 - - [24/Apr/2017:11:50:02 -0300] "GET /cormun/static/about:blank HTTP/1.1" 404 1011
190.45.55.254 - - [24/Apr/2017:11:50:02 -0300] "GET /cormun/servlet/licenciaspermisosadjuntos?INS,9462067,L,20170424000000,, HTTP/1.1" 200 5754
192.168.10.13 - - [24/Apr/2017:11:50:03 -0300] "GET / HTTP/1.1" 200 11217
186.79.88.80 - - [24/Apr/2017:11:50:08 -0300] "GET /cormun/servlet/prfichaempleado?,MD,,gxPopupLevel%3D0%3B HTTP/1.1" 200 8828
186.79.88.80 - - [24/Apr/2017:11:50:22 -0300] "POST /cormun/servlet/prfichaempleado?a768a4d67fa529d4e84f3aae7ffa3af9,,MD,,gxPopupLevel%3D0%3B,gx-no-cache=1493045484297 HTTP/1.1" 200 3406
186.79.88.80 - - [24/Apr/2017:11:50:34 -0300] "POST /cormun/servlet/solicitudot?gx-no-cache=1493045496308 HTTP/1.1" 200 3201
186.79.88.80 - - [24/Apr/2017:11:50:35 -0300] "POST /cormun/servlet/solicitudot?a768a4d67fa529d4e84f3aae7ffa3af9,INS,0,0,,gx-no-cache=1493045496709 HTTP/1.1" 200 9805
186.79.88.80 - - [24/Apr/2017:11:50:35 -0300] "GET /cormun/servlet/solicitudot?81afabda9112e29bbba673e9233aba6c98132a9319f933e122ffb6d7e1c41884a65e2f23914acb7c52045e28e02b9b18,gx-no-cache=1493045497237 HTTP/1.1" 200 30
190.45.55.254 - - [24/Apr/2017:11:51:02 -0300] "POST /cormun/servlet/licenciaspermisosadjuntos?b4ff3138ecda73871f7a7d6e74b3ed83,INS,9462067,L,20170424000000,, HTTP/1.1" 200 116
190.45.55.254 - - [24/Apr/2017:11:51:02 -0300] "GET /cormun/servlet/hpexe_return? HTTP/1.1" 200 1042
190.45.55.254 - - [24/Apr/2017:11:51:03 -0300] "GET /cormun/servlet/trlicenciaspermisosadjuntos?9462067,20170424000000,L, HTTP/1.1" 200 6981
192.168.10.13 - - [24/Apr/2017:11:51:03 -0300] "GET / HTTP/1.1" 200 11217
190.45.55.254 - - [24/Apr/2017:11:51:03 -0300] "GET /cormun/servlet/trlicenciaspermisosadjuntos?9462067,20170424000000,L, HTTP/1.1" 200 6979
190.45.55.254 - - [24/Apr/2017:11:51:12 -0300] "GET /cormun/servlet/trlicencias? HTTP/1.1" 200 8119
190.45.55.254 - - [24/Apr/2017:11:51:12 -0300] "GET /cormun/servlet/trlicencias? HTTP/1.1" 200 8118
190.45.55.254 - - [24/Apr/2017:11:51:18 -0300] "POST /cormun/servlet/trlicencias?b4ff3138ecda73871f7a7d6e74b3ed83,,gx-no-cache=1493045540769 HTTP/1.1" 200 4241
190.45.55.254 - - [24/Apr/2017:11:51:18 -0300] "GET /cormun/static/Shared/jqueryui/images/ui-bg_highlight-soft_100_c6c2c8_1x100.png HTTP/1.1" 404 1117
190.45.55.254 - - [24/Apr/2017:11:51:18 -0300] "GET /cormun/static/Shared/jqueryui/images/ui-icons_82798d_256x240.png HTTP/1.1" 404 1089
190.45.55.254 - - [24/Apr/2017:11:51:18 -0300] "GET /cormun/static/Shared/jqueryui/images/ui-bg_flat_55_fafafa_40x100.png HTTP/1.1" 404 1097
190.45.55.254 - - [24/Apr/2017:11:51:18 -0300] "GET /cormun/static/Shared/jqueryui/images/ui-icons_8d78a5_256x240.png HTTP/1.1" 404 1089
190.45.55.254 - - [24/Apr/2017:11:51:51 -0300] "GET /cormun/servlet/hlogin HTTP/1.1" 200 1721
190.45.55.254 - - [24/Apr/2017:11:51:53 -0300] "POST /cormun/servlet/hlogin?b4ff3138ecda73871f7a7d6e74b3ed83,gx-no-cache=1493045575463 HTTP/1.1" 200 90
190.45.55.254 - - [24/Apr/2017:11:51:53 -0300] "GET /cormun/servlet/hpexe_link HTTP/1.1" 200 960
190.45.55.254 - - [24/Apr/2017:11:51:53 -0300] "GET /cormun/servlet/trlicencias? HTTP/1.1" 200 6987
190.45.55.254 - - [24/Apr/2017:11:51:54 -0300] "GET /cormun/servlet/trlicencias? HTTP/1.1" 200 6985
190.45.55.254 - - [24/Apr/2017:11:52:03 -0300] "GET /cormun/servlet/trlicencias? HTTP/1.1" 200 6985
192.168.10.13 - - [24/Apr/2017:11:52:03 -0300] "GET / HTTP/1.1" 200 11217
190.45.55.254 - - [24/Apr/2017:11:52:03 -0300] "GET /cormun/servlet/trlicencias? HTTP/1.1" 200 6985
190.45.55.254 - - [24/Apr/2017:11:52:10 -0300] "POST /cormun/servlet/trlicencias?b4ff3138ecda73871f7a7d6e74b3ed83,,gx-no-cache=1493045591885 HTTP/1.1" 200 6720
190.45.55.254 - - [24/Apr/2017:11:52:21 -0300] "GET /cormun/servlet/alicenciaprn?9462067,L,20170411000000,PU HTTP/1.1" 200 1555
192.168.10.96 - - [24/Apr/2017:11:52:31 -0300] "GET /cormun/servlet/wbconsulta? HTTP/1.1" 200 5164
192.168.10.96 - - [24/Apr/2017:11:52:32 -0300] "GET /cormun/servlet/wbconsulta? HTTP/1.1" 200 5165
186.103.158.250 - - [24/Apr/2017:11:52:35 -0300] "GET /cormun/servlet/licenciaspermisos?1257d3cba94ec1628650cc42f760e06f5739e3662425f0ec23bea802bb048a525c06e49c563a63c3fb845ad19fec77531b7460ccd4ee4fed437f99d7b3fe99c8bd7813ebdf9d3eebcbfe684d0de5994bd1d410576a4d0bc22cc7eeecce8de28c8f659cb3173b48c19b7e977fcc5917124f9d8acab385da3b85b450f43651bdd02397176a4a0c19bd1ef4db1f0ff4f54b983aab80a3b04f83848072d52762ddbf832c39446e41dd3794c7e3735f59bb42a10ed716fef0c64f00df7c8435c8da7c9226b5588025890dc1f4de10e4399a48882d67fff45498a35d63a63d3b845877,gx-no-cache=1493049088136 HTTP/1.1" 200 30
186.103.158.250 - - [24/Apr/2017:11:52:35 -0300] "GET /cormun/servlet/licenciaspermisos?1257d3cba94ec1628650cc42f760e06f66f3e26da9d849e229c4631a9d051640ed265e66c098508e4f61b986dfd41565de2f84299bb853a229082f20871b8b726322fbb72d738c97979054145c610f67728a6c72a482257c134523dbf477862cdb64d2a394ea51fbbcd03dad05c053c76dab07798f5aa8314d327f4b66f1bc1067e0acda4e63b0012e95af50c62e6dcc4984edc17b9bc7ec57be60a1f0da0b3ac526e4f16c592c1cf1e3f6c1f57c6e0749c036c66e2c95ced72e44e1c188991509dcca5f5bb07f33d9a8aea450aed954a12374481717c1bc34c57503b853fe5c,gx-no-cache=1493049088720 HTTP/1.1" 200 29
186.103.158.250 - - [24/Apr/2017:11:52:35 -0300] "POST /cormun/servlet/licenciaspermisos?4f424312d89eb83c1df8ab0142d484f0,INS,0,,,,gx-no-cache=1493049088836 HTTP/1.1" 200 93
186.103.158.250 - - [24/Apr/2017:11:52:35 -0300] "GET /cormun/servlet/hpexe_return? HTTP/1.1" 200 1012
186.103.158.250 - - [24/Apr/2017:11:52:35 -0300] "GET /cormun/static/gxcfg.js?2016101716175148 HTTP/1.1" 200 953
186.103.158.250 - - [24/Apr/2017:11:52:35 -0300] "GET /cormun/static/hpexe_return.js?2016101716175153 HTTP/1.1" 200 1633
186.103.158.250 - - [24/Apr/2017:11:52:36 -0300] "GET /cormun/static/Resources/Spanish/PXTools.css?167811 HTTP/1.1" 200 89042
186.103.158.250 - - [24/Apr/2017:11:52:36 -0300] "GET /cormun/servlet/trlicencias HTTP/1.1" 200 7792
192.168.10.96 - - [24/Apr/2017:11:52:37 -0300] "POST /cormun/servlet/wbconsulta?f686917922f4cbd3c0ebf2db5591fa2e,,gx-no-cache=1493048827992 HTTP/1.1" 200 103
192.168.10.96 - - [24/Apr/2017:11:52:37 -0300] "GET /cormun/servlet/vevisualizador?2017,6010, HTTP/1.1" 200 8547
192.168.10.96 - - [24/Apr/2017:11:52:37 -0300] "GET /cormun/pexe_scrolldiv.js HTTP/1.1" 404 1009
192.168.10.96 - - [24/Apr/2017:11:52:37 -0300] "GET /cormun/pexe_scrolldiv.js HTTP/1.1" 404 1009
186.103.158.250 - - [24/Apr/2017:11:52:38 -0300] "GET /cormun//static/Resources/PXToolsGridUpdate.png HTTP/1.1" 200 2984
186.103.158.250 - - [24/Apr/2017:11:52:38 -0300] "GET /cormun//static/Resources/PXToolsGridDelete.png HTTP/1.1" 200 357
186.103.158.250 - - [24/Apr/2017:11:52:38 -0300] "GET /cormun//static/Resources/PXToolsHeaderHelp.png HTTP/1.1" 200 4055
186.103.158.250 - - [24/Apr/2017:11:52:38 -0300] "GET /cormun//static/Resources/PXToolsHeaderFavorites.png HTTP/1.1" 200 2744
186.103.158.250 - - [24/Apr/2017:11:52:38 -0300] "GET /cormun//static/Resources/PXToolsGridDisplay.png HTTP/1.1" 200 362
186.103.158.250 - - [24/Apr/2017:11:52:38 -0300] "GET /cormun//static/Resources/PXTools/ActionInsert.png HTTP/1.1" 200 1482
186.103.158.250 - - [24/Apr/2017:11:52:38 -0300] "GET /cormun//static/Resources/PXToolsActionPrint.png HTTP/1.1" 200 3317
186.103.158.250 - - [24/Apr/2017:11:52:38 -0300] "GET /cormun/servlet/trlicencias HTTP/1.1" 200 7788
192.168.10.96 - - [24/Apr/2017:11:52:38 -0300] "GET /cormun/servlet/vevisualizador?2017,6010, HTTP/1.1" 200 8546
192.168.10.96 - - [24/Apr/2017:11:52:39 -0300] "GET /cormun/servlet/vevisualizador?2017,6010,,SolicitudOTAdjuntos HTTP/1.1" 200 10523
192.168.10.96 - - [24/Apr/2017:11:52:39 -0300] "GET /cormun/pexe_scrolldiv.js HTTP/1.1" 404 1009
192.168.10.96 - - [24/Apr/2017:11:52:39 -0300] "GET /cormun/pexe_scrolldiv.js HTTP/1.1" 404 1009
192.168.10.96 - - [24/Apr/2017:11:52:40 -0300] "GET /cormun/servlet/vevisualizador?2017,6010,,SolicitudOTAdjuntos HTTP/1.1" 200 10521
