186.103.157.39 - - [24/Apr/2017:11:15:37 -0300] "GET /cormun/servlet/hhome HTTP/1.1" 200 3740
186.103.157.39 - - [24/Apr/2017:11:15:38 -0300] "GET /cormun/servlet/hhome HTTP/1.1" 200 3737
186.103.157.39 - - [24/Apr/2017:11:15:42 -0300] "GET /cormun/servlet/trlicencias? HTTP/1.1" 200 7711
186.103.157.39 - - [24/Apr/2017:11:15:43 -0300] "GET /cormun/servlet/trlicencias? HTTP/1.1" 200 7710
186.103.157.39 - - [24/Apr/2017:11:15:49 -0300] "GET /cormun/servlet/trlicenciaspermisosadjuntos?17515844,20170424000000,L, HTTP/1.1" 200 6661
186.103.157.39 - - [24/Apr/2017:11:15:50 -0300] "GET /cormun/PublicTempStorage/francisca_llanos4508213.jpg HTTP/1.1" 200 268555
186.103.157.39 - - [24/Apr/2017:11:15:50 -0300] "GET /cormun/PublicTempStorage/francisca_llanos4182241.jpg HTTP/1.1" 200 268555
186.103.157.39 - - [24/Apr/2017:11:15:50 -0300] "GET /cormun/servlet/trlicenciaspermisosadjuntos?17515844,20170424000000,L, HTTP/1.1" 200 6662
186.103.157.39 - - [24/Apr/2017:11:15:56 -0300] "GET /cormun/servlet/licenciaspermisosadjuntos?INS,17515844,L,20170424000000,, HTTP/1.1" 200 5388
186.103.157.39 - - [24/Apr/2017:11:15:57 -0300] "GET /cormun/static/about:blank HTTP/1.1" 404 1011
186.103.157.39 - - [24/Apr/2017:11:15:58 -0300] "GET /cormun/servlet/licenciaspermisosadjuntos?INS,17515844,L,20170424000000,, HTTP/1.1" 200 5377
192.168.10.13 - - [24/Apr/2017:11:16:03 -0300] "GET / HTTP/1.1" 200 11217
186.103.157.39 - - [24/Apr/2017:11:16:07 -0300] "POST /cormun/servlet/licenciaspermisosadjuntos?a7968f432bfd65a984ec4cd0112766ab,INS,17515844,L,20170424000000,, HTTP/1.1" 200 116
186.103.157.39 - - [24/Apr/2017:11:16:07 -0300] "GET /cormun/servlet/hpexe_return? HTTP/1.1" 200 1042
186.103.157.39 - - [24/Apr/2017:11:16:08 -0300] "GET /cormun/servlet/trlicenciaspermisosadjuntos?17515844,20170424000000,L, HTTP/1.1" 200 6744
186.103.157.39 - - [24/Apr/2017:11:16:09 -0300] "GET /cormun/servlet/trlicenciaspermisosadjuntos?17515844,20170424000000,L, HTTP/1.1" 200 6741
186.103.157.39 - - [24/Apr/2017:11:16:09 -0300] "GET /cormun/PublicTempStorage/francisca_llanos9930777.jpg HTTP/1.1" 200 268555
186.103.157.39 - - [24/Apr/2017:11:16:09 -0300] "GET /cormun/PublicTempStorage/francisca_llanos9456552.jpg HTTP/1.1" 200 268555
192.168.10.96 - - [24/Apr/2017:11:16:16 -0300] "GET /cormun/servlet/wbconsulta? HTTP/1.1" 200 5184
192.168.10.96 - - [24/Apr/2017:11:16:16 -0300] "GET /cormun/servlet/wbconsulta? HTTP/1.1" 200 5165
192.168.10.96 - - [24/Apr/2017:11:16:23 -0300] "POST /cormun/servlet/wbconsulta?f686917922f4cbd3c0ebf2db5591fa2e,,gx-no-cache=1493046654165 HTTP/1.1" 200 103
192.168.10.96 - - [24/Apr/2017:11:16:24 -0300] "GET /cormun/servlet/vevisualizador?2017,5785, HTTP/1.1" 200 8542
192.168.10.96 - - [24/Apr/2017:11:16:24 -0300] "GET /cormun/pexe_scrolldiv.js HTTP/1.1" 404 1009
192.168.10.96 - - [24/Apr/2017:11:16:24 -0300] "GET /cormun/pexe_scrolldiv.js HTTP/1.1" 404 1009
192.168.10.96 - - [24/Apr/2017:11:16:25 -0300] "GET /cormun/servlet/vevisualizador?2017,5785, HTTP/1.1" 200 8542
192.168.10.96 - - [24/Apr/2017:11:16:27 -0300] "GET /cormun/servlet/vevisualizador?2017,5785,,SolicitudOTAdjuntos HTTP/1.1" 200 10380
192.168.10.96 - - [24/Apr/2017:11:16:27 -0300] "GET /cormun/pexe_scrolldiv.js HTTP/1.1" 404 1009
192.168.10.96 - - [24/Apr/2017:11:16:27 -0300] "GET /cormun/pexe_scrolldiv.js HTTP/1.1" 404 1009
192.168.10.96 - - [24/Apr/2017:11:16:29 -0300] "POST /cormun/servlet/acontrolpreferencessavestate?None,DZAMUDIO,true HTTP/1.1" 200 35
192.168.10.96 - - [24/Apr/2017:11:16:29 -0300] "GET /cormun/servlet/vevisualizador?2017,5785,,SolicitudOTAdjuntos HTTP/1.1" 200 10385
190.45.55.254 - - [24/Apr/2017:11:16:43 -0300] "POST /cormun/servlet/trlicencias?b4ff3138ecda73871f7a7d6e74b3ed83,,gx-no-cache=1493043465524 HTTP/1.1" 200 4130
186.79.133.3 - - [24/Apr/2017:11:16:44 -0300] "POST /cormun/servlet/trsolicitudot?a8126957776879e8fcf4493ac4d6031b,gx-no-cache=1493043466226 HTTP/1.1" 200 4170
186.79.133.3 - - [24/Apr/2017:11:16:45 -0300] "POST /cormun/servlet/trsolicitudot?a8126957776879e8fcf4493ac4d6031b,gx-no-cache=1493043467251 HTTP/1.1" 200 3949
192.168.10.96 - - [24/Apr/2017:11:16:48 -0300] "GET /cormun/PublicTempStorage/cedula383053.jpg HTTP/1.1" 200 1312473
186.103.157.39 - - [24/Apr/2017:11:16:58 -0300] "GET /cormun/servlet/licenciaspermisosadjuntos?INS,17515844,L,20170424000000,, HTTP/1.1" 200 5389
186.103.157.39 - - [24/Apr/2017:11:16:58 -0300] "GET /cormun/static/about:blank HTTP/1.1" 404 1011
186.103.157.39 - - [24/Apr/2017:11:16:59 -0300] "GET /cormun/servlet/licenciaspermisosadjuntos?INS,17515844,L,20170424000000,, HTTP/1.1" 200 5376
192.168.10.13 - - [24/Apr/2017:11:17:03 -0300] "GET / HTTP/1.1" 200 11217
192.168.10.96 - - [24/Apr/2017:11:17:04 -0300] "GET /cormun/servlet/vevisualizador?2017,5785,,SolicitudOTAdjuntos HTTP/1.1" 200 10382
192.168.10.96 - - [24/Apr/2017:11:17:05 -0300] "POST /cormun/servlet/acontrolpreferencessavestate?None,DZAMUDIO,true HTTP/1.1" 200 35
192.168.10.96 - - [24/Apr/2017:11:17:06 -0300] "GET /cormun/servlet/vevisualizador?2017,5785,,SolicitudOTAdjuntos HTTP/1.1" 200 10385
192.168.10.96 - - [24/Apr/2017:11:17:06 -0300] "GET /cormun/PublicTempStorage/licencia_media6192946.jpg HTTP/1.1" 200 1113370
190.45.55.254 - - [24/Apr/2017:11:17:06 -0300] "POST /cormun/servlet/trlicencias?b4ff3138ecda73871f7a7d6e74b3ed83,,gx-no-cache=1493043488977 HTTP/1.1" 200 4130
186.67.172.234 - - [24/Apr/2017:11:17:09 -0300] "POST /cormun/servlet/hlogin?8a538ed2e36d31d7eb4e439c915017a3,gx-no-cache=1493043488627 HTTP/1.1" 200 90
190.45.55.254 - - [24/Apr/2017:11:17:10 -0300] "GET /cormun/servlet/licenciaspermisos?INS,0,,, HTTP/1.1" 200 7513
190.45.55.254 - - [24/Apr/2017:11:17:10 -0300] "GET /cormun/static/gxcfg.js?201741111445322 HTTP/1.1" 304 -
190.45.55.254 - - [24/Apr/2017:11:17:10 -0300] "GET /cormun/static/licenciaspermisos.js?201741111445392 HTTP/1.1" 304 -
192.168.10.96 - - [24/Apr/2017:11:17:11 -0300] "GET /cormun/servlet/vevisualizador?2017,5785,,SolicitudOTAdjuntos HTTP/1.1" 200 10383
190.45.55.254 - - [24/Apr/2017:11:17:11 -0300] "GET /cormun/servlet/licenciaspermisos?INS,0,,, HTTP/1.1" 200 7521
192.168.10.96 - - [24/Apr/2017:11:17:12 -0300] "POST /cormun/servlet/acontrolpreferencessavestate?None,DZAMUDIO,true HTTP/1.1" 200 35
192.168.10.96 - - [24/Apr/2017:11:17:13 -0300] "GET /cormun/servlet/vevisualizador?2017,5785,,SolicitudOTAdjuntos HTTP/1.1" 200 10384
186.67.172.234 - - [24/Apr/2017:11:17:13 -0300] "GET /cormun/servlet/hpexe_link HTTP/1.1" 200 955
186.67.172.234 - - [24/Apr/2017:11:17:13 -0300] "GET /cormun/static/gxcfg.js?201731711483381 HTTP/1.1" 200 953
186.67.172.234 - - [24/Apr/2017:11:17:13 -0300] "GET /cormun/static/hpexe_link.js?201731711483384 HTTP/1.1" 200 625
186.67.172.234 - - [24/Apr/2017:11:17:13 -0300] "GET /cormun/servlet/hhome HTTP/1.1" 200 4045
186.67.172.234 - - [24/Apr/2017:11:17:13 -0300] "GET /cormun/static/SmoothNavMenu/resources/ddsmoothmenu.css?1012540 HTTP/1.1" 200 2223
186.67.172.234 - - [24/Apr/2017:11:17:13 -0300] "GET /cormun/static/SmoothNavMenu/resources/ddsmoothmenu-v.css?1012540 HTTP/1.1" 200 1188
186.67.172.234 - - [24/Apr/2017:11:17:13 -0300] "GET /cormun/static/scaMessage/css/jquery.pnotify.default.css?1716380 HTTP/1.1" 200 1707
186.67.172.234 - - [24/Apr/2017:11:17:13 -0300] "GET /cormun/static/gxcfg.js?201731711483497 HTTP/1.1" 200 953
186.67.172.234 - - [24/Apr/2017:11:17:13 -0300] "GET /cormun/static/Shared/jqueryui/jquery-ui.min.css?1245370 HTTP/1.1" 200 30288
186.67.172.234 - - [24/Apr/2017:11:17:13 -0300] "GET /cormun/static/PXToolsJavascripts/pexe_autoreload.js HTTP/1.1" 200 1762
186.67.172.234 - - [24/Apr/2017:11:17:13 -0300] "GET /cormun/static/PXToolsJavascripts/pexe_cookies.js HTTP/1.1" 200 792
186.67.172.234 - - [24/Apr/2017:11:17:13 -0300] "GET /cormun/static/PXToolsJavascripts/pexe_windows.js HTTP/1.1" 200 15207
186.67.172.234 - - [24/Apr/2017:11:17:13 -0300] "GET /cormun/static/PXToolsJavascripts/pexe_grid.js HTTP/1.1" 200 7559
186.67.172.234 - - [24/Apr/2017:11:17:13 -0300] "GET /cormun/static/PXToolsJavascripts/pexe_griddivfix.js HTTP/1.1" 200 6644
186.67.172.234 - - [24/Apr/2017:11:17:13 -0300] "GET /cormun/static/PXToolsJavascripts/pexe_link.js HTTP/1.1" 200 5671
186.67.172.234 - - [24/Apr/2017:11:17:13 -0300] "GET /cormun/static/PXToolsJavascripts/pexe_menudivfix.js HTTP/1.1" 200 333
186.67.172.234 - - [24/Apr/2017:11:17:13 -0300] "GET /cormun/static/PXToolsJavascripts/pexe_menus.js HTTP/1.1" 200 1286
186.67.172.234 - - [24/Apr/2017:11:17:13 -0300] "GET /cormun/static/PXToolsJavascripts/pexe_layers.js HTTP/1.1" 200 4114
186.67.172.234 - - [24/Apr/2017:11:17:13 -0300] "GET /cormun/static/PXToolsJavascripts/pexe_oav.js HTTP/1.1" 200 645
186.67.172.234 - - [24/Apr/2017:11:17:13 -0300] "GET /cormun/static/PXToolsJavascripts/pexe_oavdivfix.js HTTP/1.1" 200 639
186.67.172.234 - - [24/Apr/2017:11:17:13 -0300] "GET /cormun/static/PXToolsJavascripts/pexe_picture.js HTTP/1.1" 200 689
186.67.172.234 - - [24/Apr/2017:11:17:13 -0300] "GET /cormun/static/PXToolsJavascripts/pexe_popup.js HTTP/1.1" 200 13458
186.67.172.234 - - [24/Apr/2017:11:17:13 -0300] "GET /cormun/static/PXToolsJavascripts/pexe_scrolldiv.js HTTP/1.1" 200 4138
186.67.172.234 - - [24/Apr/2017:11:17:13 -0300] "GET /cormun/static/PXToolsJavascripts/pexe_tabdivfix.js HTTP/1.1" 200 876
186.67.172.234 - - [24/Apr/2017:11:17:13 -0300] "GET /cormun/static/PXToolsJavascripts/pexe_tabs.js HTTP/1.1" 200 3748
186.67.172.234 - - [24/Apr/2017:11:17:13 -0300] "GET /cormun/static/PXToolsJavascripts/pexe_upload.js HTTP/1.1" 200 1423
192.168.10.96 - - [24/Apr/2017:11:17:13 -0300] "GET /cormun/PublicTempStorage/afp6669895.jpg HTTP/1.1" 200 701134
186.67.172.234 - - [24/Apr/2017:11:17:13 -0300] "GET /cormun/static/PXToolsJavascripts/PXToolsJavascriptsRender.js HTTP/1.1" 200 367
186.67.172.234 - - [24/Apr/2017:11:17:13 -0300] "GET /cormun/static/RunJS/RunJS.js HTTP/1.1" 200 288
186.67.172.234 - - [24/Apr/2017:11:17:14 -0300] "GET /cormun/static/hpexe_recentlink.js?201610171694390 HTTP/1.1" 200 2144
186.67.172.234 - - [24/Apr/2017:11:17:14 -0300] "GET /cormun/static/hwchdr01.js?201731711335950 HTTP/1.1" 200 1183
186.67.172.234 - - [24/Apr/2017:11:17:14 -0300] "GET /cormun/static/hhome.js?20173171148352 HTTP/1.1" 200 777
186.67.172.234 - - [24/Apr/2017:11:17:14 -0300] "GET /cormun/static/Shared/ext/locale/ext-lang-en.js HTTP/1.1" 200 10940
186.67.172.234 - - [24/Apr/2017:11:17:14 -0300] "GET /cormun/static/Resources/PXToolsHeaderBackground2.png HTTP/1.1" 200 1174
186.67.172.234 - - [24/Apr/2017:11:17:14 -0300] "GET /cormun/static/hpexe_scripts.js?201731711335890 HTTP/1.1" 200 1544
186.67.172.234 - - [24/Apr/2017:11:17:14 -0300] "GET /cormun/static/Resources/PXToolsHeaderActionsLeft.png HTTP/1.1" 200 1118
186.67.172.234 - - [24/Apr/2017:11:17:14 -0300] "GET /cormun/static/Resources/logo4.png HTTP/1.1" 200 6582
186.67.172.234 - - [24/Apr/2017:11:17:14 -0300] "GET /cormun/static/Resources/PXToolsHeaderLogin.png HTTP/1.1" 200 4279
186.67.172.234 - - [24/Apr/2017:11:17:14 -0300] "GET /cormun/static/Resources/PXToolsDataTitle.png HTTP/1.1" 200 1173
186.67.172.234 - - [24/Apr/2017:11:17:14 -0300] "GET /cormun/static/Resources/PXToolsHeaderActionsBackground.png HTTP/1.1" 200 484
186.67.172.234 - - [24/Apr/2017:11:17:14 -0300] "GET /cormun/static/Resources/PXToolsFooterBackground2.png HTTP/1.1" 200 1172
186.67.172.234 - - [24/Apr/2017:11:17:14 -0300] "GET /cormun/static/Resources/PXToolsHeaderSecurity.png HTTP/1.1" 200 4166
186.67.172.234 - - [24/Apr/2017:11:17:14 -0300] "GET /cormun/static/Resources/PXToolsHeaderPreferences.png HTTP/1.1" 200 4189
186.67.172.234 - - [24/Apr/2017:11:17:14 -0300] "GET /cormun/static/Resources/PXToolsHeaderActionsRight.png HTTP/1.1" 200 1201
186.67.172.234 - - [24/Apr/2017:11:17:14 -0300] "GET /cormun/static/Resources/PXToolsHeaderHome.png HTTP/1.1" 200 4147
186.67.172.234 - - [24/Apr/2017:11:17:14 -0300] "GET /cormun/static/hpexe_messagecontroller.js?201610171694323 HTTP/1.1" 200 870
186.67.172.234 - - [24/Apr/2017:11:17:14 -0300] "GET /cormun/static/hpexe_messagepopupcomponent.js?20161017169425 HTTP/1.1" 200 605
186.67.172.234 - - [24/Apr/2017:11:17:14 -0300] "GET /cormun/static/hpexe_messagegenexuscomponent.js?201731711335537 HTTP/1.1" 200 587
186.67.172.234 - - [24/Apr/2017:11:17:14 -0300] "GET /cormun/static/cmcontrolpreferences.js?201731711335852 HTTP/1.1" 200 1375
186.67.172.234 - - [24/Apr/2017:11:17:14 -0300] "GET /cormun/static/SmoothNavMenu/resources/ddsmoothmenu.js HTTP/1.1" 200 12712
186.67.172.234 - - [24/Apr/2017:11:17:14 -0300] "GET /cormun/static/Shared/jquery/jquery-1.4.2.min.js HTTP/1.1" 200 72174
186.67.172.234 - - [24/Apr/2017:11:17:14 -0300] "GET /cormun/static/gxui/gxui-all.js HTTP/1.1" 200 107772
186.67.172.234 - - [24/Apr/2017:11:17:14 -0300] "GET /cormun/static/SmoothNavMenu/resources/SmoothNavMenuRender.js HTTP/1.1" 200 5951
186.67.172.234 - - [24/Apr/2017:11:17:14 -0300] "GET /cormun/static/scaMessage/js/jquery.pnotify.min.js HTTP/1.1" 200 13038
186.67.172.234 - - [24/Apr/2017:11:17:14 -0300] "GET /cormun/static/scaMessage/scaMessageRender.js HTTP/1.1" 200 11977
186.67.172.234 - - [24/Apr/2017:11:17:14 -0300] "GET /cormun/static/hmpwkw03.js?201731711485354 HTTP/1.1" 200 3965
186.67.172.234 - - [24/Apr/2017:11:17:14 -0300] "GET /cormun/static/Shared/jquery/jquery-1.10.2.min.js HTTP/1.1" 200 273199
192.168.10.96 - - [24/Apr/2017:11:17:18 -0300] "GET /cormun/servlet/vevisualizador?2017,5785,,SolicitudOTAdjuntos HTTP/1.1" 200 10385
186.67.172.234 - - [24/Apr/2017:11:17:19 -0300] "GET /cormun/static/Shared/jqueryui/jquery-ui.min.js HTTP/1.1" 200 240427
192.168.10.96 - - [24/Apr/2017:11:17:20 -0300] "POST /cormun/servlet/acontrolpreferencessavestate?None,DZAMUDIO,true HTTP/1.1" 200 35
192.168.10.96 - - [24/Apr/2017:11:17:20 -0300] "GET /cormun/servlet/vevisualizador?2017,5785,,SolicitudOTAdjuntos HTTP/1.1" 200 10383
192.168.10.96 - - [24/Apr/2017:11:17:20 -0300] "GET /cormun/PublicTempStorage/fonasa4616491.jpg HTTP/1.1" 200 818711
186.103.156.24 - - [24/Apr/2017:11:17:22 -0300] "POST /cormun/servlet/trsolicitudot?d80fe2852a4ff652ecb75118af7b3086,,gx-no-cache=1493043602903 HTTP/1.1" 200 4168
186.103.157.39 - - [24/Apr/2017:11:17:24 -0300] "GET /cormun/servlet/hlogin HTTP/1.1" 200 1720
192.168.10.96 - - [24/Apr/2017:11:17:25 -0300] "GET /cormun/servlet/vevisualizador?2017,5785,,SolicitudOTAdjuntos HTTP/1.1" 200 10383
192.168.10.96 - - [24/Apr/2017:11:17:27 -0300] "POST /cormun/servlet/acontrolpreferencessavestate?None,DZAMUDIO,true HTTP/1.1" 200 35
192.168.10.96 - - [24/Apr/2017:11:17:27 -0300] "GET /cormun/servlet/vevisualizador?2017,5785,,SolicitudOTAdjuntos HTTP/1.1" 200 10385
190.45.55.254 - - [24/Apr/2017:11:17:27 -0300] "GET /cormun/servlet/licenciaspermisos?cab419455c5d6f5089ad6e25f0f5dacf70bd82c15351e4fa90ac4c596fdf6542a21a2d2d077bf5211ca483429a02add6,gx-no-cache=1493043510396 HTTP/1.1" 200 71
190.45.55.254 - - [24/Apr/2017:11:17:28 -0300] "POST /cormun/servlet/licenciaspermisos?b4ff3138ecda73871f7a7d6e74b3ed83,INS,0,,,,gx-no-cache=1493043510492 HTTP/1.1" 200 4635
186.103.156.24 - - [24/Apr/2017:11:17:28 -0300] "POST /cormun/servlet/trsolicitudot?d80fe2852a4ff652ecb75118af7b3086,,gx-no-cache=1493043609310 HTTP/1.1" 200 4168
192.168.10.96 - - [24/Apr/2017:11:17:28 -0300] "GET /cormun/PublicTempStorage/anteced.1603624.jpg HTTP/1.1" 200 998219
186.103.157.39 - - [24/Apr/2017:11:17:28 -0300] "GET /cormun/PublicTempStorage/francisca_llanos5029133.jpg HTTP/1.1" 200 237568
192.168.10.96 - - [24/Apr/2017:11:17:33 -0300] "GET /cormun/servlet/vevisualizador?2017,5785,,SolicitudOTAdjuntos HTTP/1.1" 200 10380
192.168.10.96 - - [24/Apr/2017:11:17:34 -0300] "POST /cormun/servlet/acontrolpreferencessavestate?None,DZAMUDIO,true HTTP/1.1" 200 35
192.168.10.96 - - [24/Apr/2017:11:17:35 -0300] "GET /cormun/servlet/vevisualizador?2017,5785,,SolicitudOTAdjuntos HTTP/1.1" 200 10386
192.168.10.96 - - [24/Apr/2017:11:17:35 -0300] "GET /cormun/PublicTempStorage/curric.4831004.jpg HTTP/1.1" 200 1038409
186.103.157.39 - - [24/Apr/2017:11:17:37 -0300] "POST /cormun/servlet/hlogin?1bf1f06d819576ce4b8d6423879bd3cd,gx-no-cache=1493043519616 HTTP/1.1" 200 90
186.103.157.39 - - [24/Apr/2017:11:17:37 -0300] "GET /cormun/servlet/hpexe_link HTTP/1.1" 200 951
186.103.157.39 - - [24/Apr/2017:11:17:37 -0300] "GET /cormun/servlet/hhome HTTP/1.1" 200 3741
186.103.157.39 - - [24/Apr/2017:11:17:38 -0300] "GET /cormun/servlet/hhome HTTP/1.1" 200 3737
186.103.157.39 - - [24/Apr/2017:11:17:43 -0300] "GET /cormun/servlet/trlicencias? HTTP/1.1" 200 7711
192.168.10.96 - - [24/Apr/2017:11:17:46 -0300] "GET /cormun/servlet/vevisualizador?2017,5785,,SolicitudOTAdjuntos HTTP/1.1" 200 10384
186.103.157.39 - - [24/Apr/2017:11:17:46 -0300] "GET /cormun/servlet/trlicencias? HTTP/1.1" 200 7709
186.103.156.24 - - [24/Apr/2017:11:17:46 -0300] "GET /cormun/servlet/solicitudot?INS,0,0, HTTP/1.1" 200 12809
186.103.156.24 - - [24/Apr/2017:11:17:47 -0300] "GET /cormun/static/gxcfg.js?20171191042720 HTTP/1.1" 200 953
186.103.156.24 - - [24/Apr/2017:11:17:47 -0300] "GET /cormun/static/Resources/prompt.gif HTTP/1.1" 200 902
186.103.156.24 - - [24/Apr/2017:11:17:47 -0300] "GET /cormun/static/solicitudot.js?2017119104297 HTTP/1.1" 200 63948
192.168.10.96 - - [24/Apr/2017:11:17:48 -0300] "POST /cormun/servlet/acontrolpreferencessavestate?None,DZAMUDIO,true HTTP/1.1" 200 35
192.168.10.96 - - [24/Apr/2017:11:17:48 -0300] "GET /cormun/servlet/vevisualizador?2017,5785,,SolicitudOTAdjuntos HTTP/1.1" 200 10387
186.103.156.24 - - [24/Apr/2017:11:17:48 -0300] "GET /cormun/servlet/solicitudot?INS,0,0, HTTP/1.1" 200 12813
190.45.55.254 - - [24/Apr/2017:11:18:01 -0300] "GET /cormun/static/menuarrow.gif HTTP/1.1" 404 1015
186.103.156.24 - - [24/Apr/2017:11:18:03 -0300] "POST /cormun/servlet/solicitudot?gx-no-cache=1493043647290 HTTP/1.1" 200 3092
192.168.10.13 - - [24/Apr/2017:11:18:03 -0300] "GET / HTTP/1.1" 200 11217
186.103.156.24 - - [24/Apr/2017:11:18:03 -0300] "POST /cormun/servlet/solicitudot?d80fe2852a4ff652ecb75118af7b3086,INS,0,0,,gx-no-cache=1493043647986 HTTP/1.1" 200 9873
186.103.156.24 - - [24/Apr/2017:11:18:06 -0300] "GET /cormun/servlet/solicitudot?e770896ea53b898968cdad7a73e48071dbb7437a48eadc0e36516f367fc45fda38e6e9eeaf354670b8105e1c6973184c,gx-no-cache=1493043651004 HTTP/1.1" 200 30
186.103.159.182 - - [24/Apr/2017:11:18:31 -0300] "GET /cormun/servlet/hlogin HTTP/1.1" 200 1727
186.103.159.182 - - [24/Apr/2017:11:18:31 -0300] "GET /cormun/static/Resources/Spanish/PXTools.css?11294912 HTTP/1.1" 304 -
186.103.159.182 - - [24/Apr/2017:11:18:32 -0300] "GET /cormun/static/gxcfg.js?201741110203197 HTTP/1.1" 304 -
186.103.159.182 - - [24/Apr/2017:11:18:32 -0300] "GET /cormun/static/messages.spa.js?85251 HTTP/1.1" 304 -
186.103.159.182 - - [24/Apr/2017:11:18:32 -0300] "GET /cormun/static/hlogin.js?201741110203211 HTTP/1.1" 304 -
186.103.159.182 - - [24/Apr/2017:11:18:32 -0300] "GET /cormun/servlet/hlogin HTTP/1.1" 200 1734
186.103.159.182 - - [24/Apr/2017:11:18:44 -0300] "POST /cormun/servlet/hlogin?7da74264e966413eb900572dba1909c2,gx-no-cache=1493043586664 HTTP/1.1" 200 90
186.103.159.182 - - [24/Apr/2017:11:18:45 -0300] "GET /cormun/servlet/hpexe_link HTTP/1.1" 200 956
186.103.159.182 - - [24/Apr/2017:11:18:45 -0300] "GET /cormun/static/hpexe_link.js?201731711483384 HTTP/1.1" 304 -
186.103.159.182 - - [24/Apr/2017:11:18:45 -0300] "GET /cormun/static/gxcfg.js?201731711483381 HTTP/1.1" 304 -
186.103.159.182 - - [24/Apr/2017:11:18:45 -0300] "GET /cormun/servlet/hhome HTTP/1.1" 200 4067
186.103.159.182 - - [24/Apr/2017:11:18:45 -0300] "GET /cormun/static/gxcfg.js?201731711483497 HTTP/1.1" 304 -
186.103.159.182 - - [24/Apr/2017:11:18:46 -0300] "GET /cormun/static/hhome.js?20173171148352 HTTP/1.1" 304 -
186.103.159.182 - - [24/Apr/2017:11:18:46 -0300] "GET /cormun/static/hwchdr01.js?201731711335950 HTTP/1.1" 304 -
186.103.159.182 - - [24/Apr/2017:11:18:46 -0300] "GET /cormun/static/hpexe_recentlink.js?201610171694390 HTTP/1.1" 304 -
186.103.159.182 - - [24/Apr/2017:11:18:46 -0300] "GET /cormun/static/hpexe_messagecontroller.js?201610171694323 HTTP/1.1" 304 -
186.103.159.182 - - [24/Apr/2017:11:18:46 -0300] "GET /cormun/static/hpexe_messagepopupcomponent.js?20161017169425 HTTP/1.1" 304 -
186.103.159.182 - - [24/Apr/2017:11:18:46 -0300] "GET /cormun/static/hpexe_scripts.js?201731711335890 HTTP/1.1" 304 -
186.103.159.182 - - [24/Apr/2017:11:18:46 -0300] "GET /cormun/static/cmcontrolpreferences.js?201731711335852 HTTP/1.1" 304 -
186.103.159.182 - - [24/Apr/2017:11:18:46 -0300] "GET /cormun/static/hpexe_messagegenexuscomponent.js?201731711335537 HTTP/1.1" 304 -
186.103.159.182 - - [24/Apr/2017:11:18:46 -0300] "GET /cormun/static/hmpwkw03.js?201731711485354 HTTP/1.1" 304 -
186.103.159.182 - - [24/Apr/2017:11:18:47 -0300] "GET /cormun/servlet/hhome HTTP/1.1" 200 4063
186.103.157.39 - - [24/Apr/2017:11:18:48 -0300] "GET /cormun/servlet/trlicenciaspermisosadjuntos?17515844,20170424000000,L, HTTP/1.1" 200 6739
192.168.10.13 - - [24/Apr/2017:11:19:03 -0300] "GET / HTTP/1.1" 200 11217
186.67.172.234 - - [24/Apr/2017:11:19:07 -0300] "GET /cormun/static/Shared/ext/ext-all.js HTTP/1.1" 200 1289687
186.67.172.234 - - [24/Apr/2017:11:19:08 -0300] "GET /cormun/servlet/hhome HTTP/1.1" 200 4042
186.103.157.39 - - [24/Apr/2017:11:19:14 -0300] "GET /cormun/servlet/hlogin HTTP/1.1" 200 1726
186.67.172.234 - - [24/Apr/2017:11:19:27 -0300] "GET /cormun/static/SmoothNavMenu/resources/images/right.gif HTTP/1.1" 200 860
186.67.172.234 - - [24/Apr/2017:11:19:27 -0300] "GET /cormun/static/SmoothNavMenu/resources/images/down.gif HTTP/1.1" 200 854
186.103.157.39 - - [24/Apr/2017:11:19:42 -0300] "POST /cormun/servlet/hlogin?53d85b8dfdffa51e73f200e8a318d8f2,gx-no-cache=1493043642812 HTTP/1.1" 200 90
186.103.157.39 - - [24/Apr/2017:11:19:42 -0300] "GET /cormun/servlet/hpexe_link HTTP/1.1" 200 957
186.103.157.39 - - [24/Apr/2017:11:19:42 -0300] "GET /cormun/servlet/hhome HTTP/1.1" 200 3746
186.103.157.39 - - [24/Apr/2017:11:19:43 -0300] "GET /cormun/servlet/hhome HTTP/1.1" 200 3742
186.103.157.39 - - [24/Apr/2017:11:19:47 -0300] "GET /cormun/servlet/trlicencias? HTTP/1.1" 200 7716
186.103.157.39 - - [24/Apr/2017:11:19:48 -0300] "GET /cormun/servlet/trlicencias? HTTP/1.1" 200 7715
186.103.157.39 - - [24/Apr/2017:11:19:55 -0300] "GET /cormun/servlet/trlicenciaspermisosadjuntos?17515844,20170424000000,L, HTTP/1.1" 200 6743
186.103.157.39 - - [24/Apr/2017:11:19:56 -0300] "GET /cormun/servlet/trlicenciaspermisosadjuntos?17515844,20170424000000,L, HTTP/1.1" 200 6745
186.103.157.39 - - [24/Apr/2017:11:19:56 -0300] "GET /cormun/PublicTempStorage/francisca_llanos9450090.jpg HTTP/1.1" 200 268555
186.103.157.39 - - [24/Apr/2017:11:19:56 -0300] "GET /cormun/PublicTempStorage/francisca_llanos9207576.jpg HTTP/1.1" 200 268555
186.103.157.39 - - [24/Apr/2017:11:19:56 -0300] "GET /cormun/PublicTempStorage/francisca_llanos1260654.jpg HTTP/1.1" 200 268555
186.103.159.182 - - [24/Apr/2017:11:19:58 -0300] "GET /cormun/servlet/trrenuncias? HTTP/1.1" 200 6821
186.103.159.182 - - [24/Apr/2017:11:19:59 -0300] "GET /cormun/static/gxcfg.js?201731711553383 HTTP/1.1" 200 953
186.103.159.182 - - [24/Apr/2017:11:19:59 -0300] "GET /cormun/static/trrenuncias.js?201731711553833 HTTP/1.1" 304 -
186.103.159.182 - - [24/Apr/2017:11:20:00 -0300] "GET /cormun/servlet/trrenuncias? HTTP/1.1" 200 6821
192.168.10.13 - - [24/Apr/2017:11:20:03 -0300] "GET / HTTP/1.1" 200 11217
186.103.157.39 - - [24/Apr/2017:11:20:04 -0300] "GET /cormun/servlet/licenciaspermisosadjuntos?INS,17515844,L,20170424000000,, HTTP/1.1" 200 5393
186.103.157.39 - - [24/Apr/2017:11:20:04 -0300] "GET /cormun/static/about:blank HTTP/1.1" 404 1011
186.103.157.39 - - [24/Apr/2017:11:20:05 -0300] "GET /cormun/servlet/licenciaspermisosadjuntos?INS,17515844,L,20170424000000,, HTTP/1.1" 200 5382
186.103.159.182 - - [24/Apr/2017:11:20:06 -0300] "GET /cormun/servlet/renuncias?INS,0, HTTP/1.1" 200 6191
186.103.159.182 - - [24/Apr/2017:11:20:06 -0300] "GET /cormun/static/gxcfg.js?20173291217350 HTTP/1.1" 200 953
186.103.159.182 - - [24/Apr/2017:11:20:06 -0300] "GET /cormun/static/renuncias.js?20173291217362 HTTP/1.1" 200 14101
186.103.159.182 - - [24/Apr/2017:11:20:07 -0300] "GET /cormun/servlet/renuncias?INS,0, HTTP/1.1" 200 6191
200.111.191.210 - - [24/Apr/2017:11:20:09 -0300] "POST /cormun/servlet/hlogin?ef27450bd2f4049d9c274a94d28a252f,gx-no-cache=1493047167973 HTTP/1.1" 440 972
200.111.191.210 - - [24/Apr/2017:11:20:11 -0300] "GET /cormun/servlet/hlogin HTTP/1.1" 200 1733
200.111.191.210 - - [24/Apr/2017:11:20:14 -0300] "POST /cormun/servlet/hlogin?276bca7f04114fa9d7c035ecb55b44ea,gx-no-cache=1493047173142 HTTP/1.1" 200 90
200.111.191.210 - - [24/Apr/2017:11:20:15 -0300] "GET /cormun/servlet/hpexe_link HTTP/1.1" 200 952
200.111.191.210 - - [24/Apr/2017:11:20:15 -0300] "GET /cormun/servlet/hhome HTTP/1.1" 200 3778
200.111.191.210 - - [24/Apr/2017:11:20:15 -0300] "GET /cormun/servlet/hhome HTTP/1.1" 200 3775
186.103.159.182 - - [24/Apr/2017:11:20:15 -0300] "GET /cormun/servlet/renuncias?fb84a096cbea53607da9fb7cee93f9a076c8fee66d9ca096ab9e10d309ab84e42274fee7af558ec9f0fb0782bf46570f,gx-no-cache=1493043679172 HTTP/1.1" 200 33
200.111.191.210 - - [24/Apr/2017:11:20:17 -0300] "GET /cormun/servlet/trpermisosgoce? HTTP/1.1" 200 6538
200.111.191.210 - - [24/Apr/2017:11:20:17 -0300] "GET /cormun/static/gxcfg.js?20174111153177 HTTP/1.1" 200 953
200.111.191.210 - - [24/Apr/2017:11:20:17 -0300] "GET /cormun/static/trpermisosgoce.js?20174111153217 HTTP/1.1" 200 32899
200.111.191.210 - - [24/Apr/2017:11:20:17 -0300] "GET /cormun/servlet/trpermisosgoce? HTTP/1.1" 200 6537
200.111.191.210 - - [24/Apr/2017:11:20:19 -0300] "GET /cormun/servlet/permisogoce?INS,0,,, HTTP/1.1" 200 6550
200.111.191.210 - - [24/Apr/2017:11:20:19 -0300] "GET /cormun/static/gxcfg.js?201741111325459 HTTP/1.1" 200 953
200.111.191.210 - - [24/Apr/2017:11:20:19 -0300] "GET /cormun/static/permisogoce.js?20174111132557 HTTP/1.1" 200 26619
200.111.191.210 - - [24/Apr/2017:11:20:20 -0300] "GET /cormun/servlet/permisogoce?INS,0,,, HTTP/1.1" 200 6550
200.111.191.210 - - [24/Apr/2017:11:20:24 -0300] "GET /cormun/servlet/permisogoce?982fa13be29794f0ce10e8812f73f6c3ff51fd58b180fef87b6c9c8997c790ef6bd58d7a825b79b1f96d2d99ee8b4437,gx-no-cache=1493047182861 HTTP/1.1" 200 76
200.111.191.210 - - [24/Apr/2017:11:20:33 -0300] "GET /cormun/servlet/permisogoce?982fa13be29794f0ce10e8812f73f6c32e23badd891e11a1c1baf790726edb02f9235db4c091b44bbab139289ec1bcd7045560283faf74fe4f044d1a12014bcd,gx-no-cache=1493047191219 HTTP/1.1" 200 47
186.103.156.24 - - [24/Apr/2017:11:20:38 -0300] "POST /cormun/servlet/solicitudot?gx-no-cache=1493043821213 HTTP/1.1" 200 297
186.79.88.80 - - [24/Apr/2017:11:20:39 -0300] "GET /cormun/static/Resources/resize.gif HTTP/1.1" 200 77
186.79.88.80 - - [24/Apr/2017:11:20:40 -0300] "GET /cormun/servlet/prfichaempleado?,MD,,gxPopupLevel%3D0%3B HTTP/1.1" 200 8828
186.79.88.80 - - [24/Apr/2017:11:20:40 -0300] "GET /cormun/static/gxcfg.js?2017319125415 HTTP/1.1" 200 953
186.79.88.80 - - [24/Apr/2017:11:20:40 -0300] "GET /cormun/static/Resources/PXToolsMenuSearch.png HTTP/1.1" 200 2914
186.79.88.80 - - [24/Apr/2017:11:20:40 -0300] "GET /cormun/static/hmpwkw011.js?201731711483558 HTTP/1.1" 200 1968
186.79.88.80 - - [24/Apr/2017:11:20:40 -0300] "GET /cormun/static/menusearch.js?201610171694467 HTTP/1.1" 200 1424
186.79.88.80 - - [24/Apr/2017:11:20:40 -0300] "GET /cormun/static/Resources/PXToolsMenuSearchCancel.png HTTP/1.1" 200 2972
186.79.88.80 - - [24/Apr/2017:11:20:41 -0300] "GET /cormun/static/prfichaempleado.js?20173191254344 HTTP/1.1" 200 15951
186.103.156.24 - - [24/Apr/2017:11:20:41 -0300] "GET /cormun/servlet/solicitudot?e770896ea53b898968cdad7a73e48071c933a9c732df9ffd8b9bfdca0e7396600d6d03703814cc1bb178bbd09084bff4650d095bdbd62c78693cc02aa013faed17e03fe3bb149f12d43cfa3cd1ea0312d9acb1b62be87083c7424e9272eb5272ac4d53dfc45f5d587b80ecb870ed7e96919fa31b85cf64e8397d906a7c9b6696f5f2ed52067e39569498a7f3ea13f6044552abd474e74ee9dfddaf6c718afff155d18e07fad91fef4c9ca2660f412278bcc1e0243e30ac741e37814221d192813f354a433c50dc51d0fe1ae527858ac99127f376216f0f45d605f5a7f3cb3c7554ceb420a4f248c7c987f09348e0f6c81a77ddb1a6e5dbbac8ddcffcdce1ed8b84d1bb90f1c499b17046caf28d0cf1cc4eeb43b2e16085d0330d3ec2fb6f10dc47a623d0ac9307322e2afc1e5954e36292d01ba41adb1c733a8075809db501b8ea9a03cfc33ade12e4c896038a504e2e7597d76aab46bb374fbfbe678207a76d787f5c43e3220c8dffe0bb482c1d9afe21ffddf1b3f5665eb342d54f43c4f0000cff82c4e3ea7e72f21239b7a1b29805,gx-no-cache=1493043823598 HTTP/1.1" 200 30
200.111.191.210 - - [24/Apr/2017:11:20:47 -0300] "POST /cormun/servlet/permisogoce?276bca7f04114fa9d7c035ecb55b44ea,INS,0,,,,gx-no-cache=1493047202876 HTTP/1.1" 200 93
200.111.191.210 - - [24/Apr/2017:11:20:47 -0300] "GET /cormun/servlet/hpexe_return? HTTP/1.1" 200 1009
200.111.191.210 - - [24/Apr/2017:11:20:48 -0300] "GET /cormun/servlet/trpermisosgoce HTTP/1.1" 200 7413
186.103.157.39 - - [24/Apr/2017:11:20:48 -0300] "POST /cormun/servlet/licenciaspermisosadjuntos?53d85b8dfdffa51e73f200e8a318d8f2,INS,17515844,L,20170424000000,, HTTP/1.1" 200 116
186.103.157.39 - - [24/Apr/2017:11:20:48 -0300] "GET /cormun/servlet/hpexe_return? HTTP/1.1" 200 1046
186.103.156.24 - - [24/Apr/2017:11:20:49 -0300] "POST /cormun/servlet/solicitudot?gx-no-cache=1493043832420 HTTP/1.1" 200 30
200.111.191.210 - - [24/Apr/2017:11:20:49 -0300] "GET /cormun/servlet/trpermisosgoce HTTP/1.1" 200 7409
186.103.157.39 - - [24/Apr/2017:11:20:49 -0300] "GET /cormun/servlet/trlicenciaspermisosadjuntos?17515844,20170424000000,L, HTTP/1.1" 200 6833
186.103.157.39 - - [24/Apr/2017:11:20:51 -0300] "GET /cormun/servlet/trlicenciaspermisosadjuntos?17515844,20170424000000,L, HTTP/1.1" 200 6834
200.111.191.210 - - [24/Apr/2017:11:20:51 -0300] "GET /cormun/servlet/apermisogoceprn?13501824,P,20170424121515,PU HTTP/1.1" 200 1663
186.103.156.24 - - [24/Apr/2017:11:20:51 -0300] "POST /cormun/servlet/solicitudot?gx-no-cache=1493043835278 HTTP/1.1" 200 235
186.103.156.24 - - [24/Apr/2017:11:20:51 -0300] "POST /cormun/servlet/solicitudot?gx-no-cache=1493043835565 HTTP/1.1" 200 38
186.103.157.39 - - [24/Apr/2017:11:20:52 -0300] "GET /cormun/PublicTempStorage/francisca_llanos3687649.jpg HTTP/1.1" 200 268555
186.103.157.39 - - [24/Apr/2017:11:20:52 -0300] "GET /cormun/PublicTempStorage/francisca_llanos1916307.jpg HTTP/1.1" 200 268555
186.103.157.39 - - [24/Apr/2017:11:20:52 -0300] "GET /cormun/PublicTempStorage/francisca_llanos_24682983.jpg HTTP/1.1" 200 613680
190.45.55.254 - - [24/Apr/2017:11:20:54 -0300] "GET /cormun/servlet/licenciaspermisos?cab419455c5d6f5089ad6e25f0f5dacf6dcf5f0ddcae455adf5ddebedeee60baf09fb9431a444297e209772527ed926bb6256cd560c4189d437a8a0f4b58d8c7886b316c01e4616886f5f6f43978b872f270f55613c8517b1fce04d8aa1e5f395a821a42cefc50156b3d6484c18b1ca2d46f23e0d3a3f806d586cad2f6b9fefa6e4618a771f9fb45d60e65c441c25c3a822b86033270e004ce5371b2efd702c78ab8a3da9de7f21ab8d8a846ae8d767cbf306335422641c850f2d1e114fc07b0110c1789c6f4a4f4eb5f5f66ce7e510ff42aa590123e4bcc49fc1c8a4a1de5b7,gx-no-cache=1493043716754 HTTP/1.1" 200 30
190.45.55.254 - - [24/Apr/2017:11:20:54 -0300] "GET /cormun/servlet/licenciaspermisos?cab419455c5d6f5089ad6e25f0f5dacfaf0c196a74d43b033437766aea1f8da07fc912a41a568861afe1eab9d9b3359143fa2e3726a6c4abe9b026888f7318116c81784d4525db948e8262899517f4ebec49ba5723b43ae9341a13b11a518f1ccb764b509bc99e2561c990d4f3a1acef45dba06167699b282c44decfa587ac116510cab3e53d13d30449b3d6e98b9d52757d55611ef5419f39ae19b03d8e3a3e92cb65319f4e88e7ebaf6c2fe1d384ae41a165558912f25d277005bbf2dc44049a1c311f566dd3e4cff672384bf68279da6ee7fc9f5fe4704afcad07220e5a57,gx-no-cache=1493043716938 HTTP/1.1" 200 29
186.79.88.80 - - [24/Apr/2017:11:20:54 -0300] "POST /cormun/servlet/prfichaempleado?a768a4d67fa529d4e84f3aae7ffa3af9,,MD,,gxPopupLevel%3D0%3B,gx-no-cache=1493043715819 HTTP/1.1" 200 3411
190.45.55.254 - - [24/Apr/2017:11:20:55 -0300] "POST /cormun/servlet/licenciaspermisos?b4ff3138ecda73871f7a7d6e74b3ed83,INS,0,,,,gx-no-cache=1493043717043 HTTP/1.1" 200 93
190.45.55.254 - - [24/Apr/2017:11:20:55 -0300] "GET /cormun/servlet/hpexe_return? HTTP/1.1" 200 1014
190.45.55.254 - - [24/Apr/2017:11:20:55 -0300] "GET /cormun/servlet/trlicencias? HTTP/1.1" 200 7028
190.45.55.254 - - [24/Apr/2017:11:20:56 -0300] "GET /cormun/servlet/trlicencias? HTTP/1.1" 200 7024
190.45.55.254 - - [24/Apr/2017:11:21:00 -0300] "GET /cormun/servlet/trlicencias? HTTP/1.1" 200 7024
190.45.55.254 - - [24/Apr/2017:11:21:00 -0300] "GET /cormun/servlet/trlicencias? HTTP/1.1" 200 7024
192.168.10.13 - - [24/Apr/2017:11:21:03 -0300] "GET / HTTP/1.1" 200 11217
190.45.55.254 - - [24/Apr/2017:11:21:11 -0300] "GET /cormun/servlet/trlicencias? HTTP/1.1" 200 7024
190.45.55.254 - - [24/Apr/2017:11:21:12 -0300] "GET /cormun/servlet/trlicencias? HTTP/1.1" 200 7024
186.79.88.80 - - [24/Apr/2017:11:21:15 -0300] "POST /cormun/servlet/solicitudot?gx-no-cache=1493043736875 HTTP/1.1" 200 3171
186.79.88.80 - - [24/Apr/2017:11:21:16 -0300] "POST /cormun/servlet/solicitudot?a768a4d67fa529d4e84f3aae7ffa3af9,INS,0,0,,gx-no-cache=1493043737718 HTTP/1.1" 200 9777
186.79.88.80 - - [24/Apr/2017:11:21:16 -0300] "GET /cormun/servlet/solicitudot?81afabda9112e29bbba673e9233aba6caaecb12d73bb3bd550d4145e2fb0596ba65e2f23914acb7c52045e28e02b9b18,gx-no-cache=1493043738561 HTTP/1.1" 200 30
186.67.172.234 - - [24/Apr/2017:11:21:23 -0300] "GET /cormun/servlet/trpermisosgoce? HTTP/1.1" 200 6828
186.79.88.80 - - [24/Apr/2017:11:21:23 -0300] "POST /cormun/servlet/solicitudot?gx-no-cache=1493043744961 HTTP/1.1" 200 255
186.79.88.80 - - [24/Apr/2017:11:21:24 -0300] "GET /cormun/servlet/solicitudot?81afabda9112e29bbba673e9233aba6cfda675e81889e94a229cdaaa30195371b98b12fc2dda2313b09aca3bf55fa63f637689b165e717f0f9cba8f9233431854ed2a738de71bc42ea3847b8d73d07bd0fee92b92ccc2c1adb8d598cd458948a267a54c02a87b2ff62076f2f93724aab2537f5e11192284f7e0b7dd949a818629a53e69c7f860bb6fc72f09e418c9e210f4112a96302049f4c3afbb8225517c3c63dd0af70db86907a5e0e2ccc0942e4734c8f14be736eb228cfc6197c81da8e7546150c2f87c4d6c25538214154d92ebe2a1a74841e74053b385153c84b6fb16d0d2f136a4147055bd702feefac4721742f290ae6ff105a64c4883aa6c929d5beb0e48811d187f1609385434562b5e7789f2b7fa6a31f01a07cee724fec804dfcf120735b2ced9814bdf5f2c5e7456ccc7af6f9a8777a027beaccfa0908ad43988f6b2e6d40fd5b6719f9b76c93c2d2205771ab64a59facbde6d7c9e93646d400c132640db14d6f734b6ba1dc89140be352a798d28d6707683d6ab923a0cfb8,gx-no-cache=1493043745694 HTTP/1.1" 200 30
190.45.55.254 - - [24/Apr/2017:11:21:24 -0300] "GET /cormun/servlet/trcontratounov2? HTTP/1.1" 200 16716
190.45.55.254 - - [24/Apr/2017:11:21:24 -0300] "GET /cormun/static/gxcfg.js?201731711595461 HTTP/1.1" 304 -
190.45.55.254 - - [24/Apr/2017:11:21:24 -0300] "GET /cormun/static/trcontratounov2.js?2017317120150 HTTP/1.1" 304 -
186.67.172.234 - - [24/Apr/2017:11:21:25 -0300] "GET /cormun/static/calendar-setup.js?85251 HTTP/1.1" 200 2588
186.67.172.234 - - [24/Apr/2017:11:21:25 -0300] "GET /cormun/static/gxui/gxui-all.css?110300 HTTP/1.1" 200 2179
186.67.172.234 - - [24/Apr/2017:11:21:25 -0300] "GET /cormun/static/calendar-system.css?75620 HTTP/1.1" 200 5572
186.67.172.234 - - [24/Apr/2017:11:21:25 -0300] "GET /cormun/static/gxcfg.js?20174111153177 HTTP/1.1" 200 953
186.67.172.234 - - [24/Apr/2017:11:21:25 -0300] "GET /cormun/static/calendar-es.js?85251 HTTP/1.1" 200 1901
186.67.172.234 - - [24/Apr/2017:11:21:25 -0300] "GET /cormun/static/calendar.js?85251 HTTP/1.1" 200 26246
190.45.55.254 - - [24/Apr/2017:11:21:25 -0300] "GET /cormun/servlet/trcontratounov2? HTTP/1.1" 200 16708
186.67.172.234 - - [24/Apr/2017:11:21:25 -0300] "GET /cormun/static/trpermisosgoce.js?20174111153217 HTTP/1.1" 200 32899
186.67.172.234 - - [24/Apr/2017:11:21:25 -0300] "GET /cormun/static/Resources/PXTools/calendar.png HTTP/1.1" 200 1306
186.67.172.234 - - [24/Apr/2017:11:21:26 -0300] "GET /cormun/static/Resources/PXToolsDataSearch.png HTTP/1.1" 200 419
186.67.172.234 - - [24/Apr/2017:11:21:26 -0300] "GET /cormun/static/Resources/PXToolsGridFirstDisabled.gif HTTP/1.1" 200 100
186.67.172.234 - - [24/Apr/2017:11:21:26 -0300] "GET /cormun/static/Resources/PXToolsGridPreviousDisabled.gif HTTP/1.1" 200 90
186.67.172.234 - - [24/Apr/2017:11:21:26 -0300] "GET /cormun/static/Resources/PXToolsGridNextDisabled.gif HTTP/1.1" 200 90
186.67.172.234 - - [24/Apr/2017:11:21:26 -0300] "GET /cormun/static/Resources/PXToolsGridLastDisabled.gif HTTP/1.1" 200 98
186.67.172.234 - - [24/Apr/2017:11:21:26 -0300] "GET /cormun/static/Resources/PXToolsGridPage.gif HTTP/1.1" 200 725
186.67.172.234 - - [24/Apr/2017:11:21:26 -0300] "GET /cormun/static/Resources/PXToolsActionExcel.png HTTP/1.1" 200 3187
186.67.172.234 - - [24/Apr/2017:11:21:26 -0300] "GET /cormun/static/Resources/PXToolsGridNew.png HTTP/1.1" 200 2949
186.67.172.234 - - [24/Apr/2017:11:21:26 -0300] "GET /cormun/static/Shared/ext/resources/css/ext-all.css?205870 HTTP/1.1" 200 416045
186.67.172.234 - - [24/Apr/2017:11:21:27 -0300] "GET /cormun/static/Resources/asc.gif HTTP/1.1" 200 67
186.67.172.234 - - [24/Apr/2017:11:21:27 -0300] "GET /cormun/static/Resources/desc.gif HTTP/1.1" 200 65
186.67.172.234 - - [24/Apr/2017:11:21:27 -0300] "GET /cormun/static/Shared/ext/resources/themes/images/default/panel/bg-headersPanel.png HTTP/1.1" 200 255
186.67.172.234 - - [24/Apr/2017:11:21:27 -0300] "GET /cormun/static/Shared/ext/resources/themes/images/default/tools/tool-sprites.gif HTTP/1.1" 200 5434
186.67.172.234 - - [24/Apr/2017:11:21:27 -0300] "GET /cormun/servlet/trpermisosgoce? HTTP/1.1" 200 6827
186.103.157.39 - - [24/Apr/2017:11:21:30 -0300] "POST /cormun/servlet/acontrolpreferencessavestate?None,CA-1,true HTTP/1.1" 200 35
186.67.172.234 - - [24/Apr/2017:11:21:31 -0300] "GET /cormun/servlet/permisogoce?INS,0,,, HTTP/1.1" 200 6823
186.67.172.234 - - [24/Apr/2017:11:21:31 -0300] "GET /cormun/static/gxcfg.js?201741111325459 HTTP/1.1" 200 953
186.67.172.234 - - [24/Apr/2017:11:21:31 -0300] "GET /cormun/static/gxdec.js?85251 HTTP/1.1" 200 19579
186.67.172.234 - - [24/Apr/2017:11:21:31 -0300] "GET /cormun/static/permisogoce.js?20174111132557 HTTP/1.1" 200 26619
186.67.172.234 - - [24/Apr/2017:11:21:31 -0300] "GET /cormun/static/Resources/prompt.gif HTTP/1.1" 200 902
186.67.172.234 - - [24/Apr/2017:11:21:31 -0300] "GET /cormun/servlet/permisogoce?INS,0,,, HTTP/1.1" 200 6823
190.45.55.254 - - [24/Apr/2017:11:21:35 -0300] "POST /cormun/servlet/trcontratounov2?b4ff3138ecda73871f7a7d6e74b3ed83,,gx-no-cache=1493043756768 HTTP/1.1" 200 5813
186.67.172.234 - - [24/Apr/2017:11:21:42 -0300] "GET /cormun/servlet/permisogoce?bed1ecf9e31f1cf14c4b41c1f767ffebe0916ca4a94cfc9e4843495c8fdf48fd20923cf064472a1355de3c05e5422f42,gx-no-cache=1493043761611 HTTP/1.1" 200 86
186.67.172.234 - - [24/Apr/2017:11:21:42 -0300] "GET /cormun/static/menuarrow.gif HTTP/1.1" 404 1015
186.79.88.80 - - [24/Apr/2017:11:21:42 -0300] "POST /cormun/servlet/solicitudot?gx-no-cache=1493043764046 HTTP/1.1" 200 30
190.45.55.254 - - [24/Apr/2017:11:21:44 -0300] "GET /cormun/servlet/trlicencias? HTTP/1.1" 200 7025
190.45.55.254 - - [24/Apr/2017:11:21:44 -0300] "GET /cormun/servlet/trlicencias? HTTP/1.1" 200 7024
186.79.88.80 - - [24/Apr/2017:11:21:45 -0300] "POST /cormun/servlet/solicitudot?gx-no-cache=1493043766806 HTTP/1.1" 200 235
186.79.88.80 - - [24/Apr/2017:11:21:45 -0300] "POST /cormun/servlet/solicitudot?gx-no-cache=1493043767247 HTTP/1.1" 200 38
186.67.172.234 - - [24/Apr/2017:11:21:51 -0300] "GET /cormun/servlet/permisogoce?bed1ecf9e31f1cf14c4b41c1f767ffeb906ecec7490abbe62a1eacdbd0b4651133d2a370f10314c69f04a3b03ea9c2befbb4945256b53b10b1a3a953cdb7a107,gx-no-cache=1493043771031 HTTP/1.1" 200 48
190.45.55.254 - - [24/Apr/2017:11:21:52 -0300] "POST /cormun/servlet/trlicencias?b4ff3138ecda73871f7a7d6e74b3ed83,,gx-no-cache=1493043774637 HTTP/1.1" 200 4132
186.103.156.24 - - [24/Apr/2017:11:21:53 -0300] "GET /cormun/servlet/solicitudot?e770896ea53b898968cdad7a73e48071c5b77fd7d028ad1df66b5ef87fc0c6c26b8e423d61eac955afce65507731bf6d91eb283cc7d830f8d0f44571d2a82d6bccca16352f80c00a31c7479bbc76b4974dceb127ee1e1767a2fc3d8b31c32cf35d8249af815da60df0ac8e027e7a525f,gx-no-cache=1493043904564 HTTP/1.1" 200 29
186.103.156.24 - - [24/Apr/2017:11:21:53 -0300] "POST /cormun/servlet/solicitudot?gx-no-cache=1493043904795 HTTP/1.1" 200 674
186.103.156.24 - - [24/Apr/2017:11:21:55 -0300] "POST /cormun/servlet/solicitudot?gx-no-cache=1493043906428 HTTP/1.1" 200 1157
190.45.55.254 - - [24/Apr/2017:11:21:56 -0300] "POST /cormun/servlet/trlicencias?b4ff3138ecda73871f7a7d6e74b3ed83,,gx-no-cache=1493043778466 HTTP/1.1" 200 4132
186.67.172.234 - - [24/Apr/2017:11:21:56 -0300] "POST /cormun/servlet/permisogoce?8a538ed2e36d31d7eb4e439c915017a3,INS,0,,,,gx-no-cache=1493043775460 HTTP/1.1" 200 93
186.67.172.234 - - [24/Apr/2017:11:21:56 -0300] "GET /cormun/servlet/hpexe_return? HTTP/1.1" 200 1012
186.67.172.234 - - [24/Apr/2017:11:21:56 -0300] "GET /cormun/static/gxcfg.js?2016101716175148 HTTP/1.1" 200 953
186.67.172.234 - - [24/Apr/2017:11:21:56 -0300] "GET /cormun/static/hpexe_return.js?2016101716175153 HTTP/1.1" 200 1633
186.67.172.234 - - [24/Apr/2017:11:21:56 -0300] "GET /cormun/static/Resources/Spanish/PXTools.css?167811 HTTP/1.1" 200 89042
186.67.172.234 - - [24/Apr/2017:11:21:57 -0300] "GET /cormun/servlet/trpermisosgoce HTTP/1.1" 200 7677
186.67.172.234 - - [24/Apr/2017:11:21:57 -0300] "GET /cormun//static/Resources/PXToolsGridDelete.png HTTP/1.1" 200 357
186.67.172.234 - - [24/Apr/2017:11:21:57 -0300] "GET /cormun//static/Resources/PXToolsGridUpdate.png HTTP/1.1" 200 2984
186.67.172.234 - - [24/Apr/2017:11:21:57 -0300] "GET /cormun//static/Resources/PXTools/ActionInsert.png HTTP/1.1" 200 1482
186.67.172.234 - - [24/Apr/2017:11:21:57 -0300] "GET /cormun//static/Resources/PXToolsActionPrint.png HTTP/1.1" 200 3317
186.67.172.234 - - [24/Apr/2017:11:21:57 -0300] "GET /cormun//static/Resources/PXToolsHeaderFavorites.png HTTP/1.1" 200 2744
186.67.172.234 - - [24/Apr/2017:11:21:57 -0300] "GET /cormun//static/Resources/PXToolsGridDisplay.png HTTP/1.1" 200 362
186.67.172.234 - - [24/Apr/2017:11:21:57 -0300] "GET /cormun//static/Resources/PXToolsHeaderHelp.png HTTP/1.1" 200 4055
186.67.172.234 - - [24/Apr/2017:11:21:57 -0300] "GET /cormun/servlet/trpermisosgoce HTTP/1.1" 200 7673
190.45.55.254 - - [24/Apr/2017:11:21:59 -0300] "GET /cormun/servlet/licenciaspermisos?INS,0,,, HTTP/1.1" 200 7513
190.45.55.254 - - [24/Apr/2017:11:21:59 -0300] "GET /cormun/servlet/licenciaspermisos?INS,0,,, HTTP/1.1" 200 7521
186.67.172.234 - - [24/Apr/2017:11:22:01 -0300] "GET /cormun/servlet/trpermisosadjuntos?8896543,20170424121626,P, HTTP/1.1" 200 6367
186.67.172.234 - - [24/Apr/2017:11:22:01 -0300] "GET /cormun/static/gxcfg.js?201731711542659 HTTP/1.1" 200 953
186.67.172.234 - - [24/Apr/2017:11:22:01 -0300] "GET /cormun/static/trpermisosadjuntos.js?201731711542990 HTTP/1.1" 200 20045
186.67.172.234 - - [24/Apr/2017:11:22:02 -0300] "GET /cormun/servlet/trpermisosadjuntos?8896543,20170424121626,P, HTTP/1.1" 200 6368
190.45.55.254 - - [24/Apr/2017:11:22:03 -0300] "POST /cormun/servlet/licenciaspermisos?b4ff3138ecda73871f7a7d6e74b3ed83,INS,0,,,,gx-no-cache=1493043785148 HTTP/1.1" 200 93
190.45.55.254 - - [24/Apr/2017:11:22:03 -0300] "GET /cormun/servlet/hpexe_return? HTTP/1.1" 200 1014
192.168.10.13 - - [24/Apr/2017:11:22:03 -0300] "GET / HTTP/1.1" 200 11217
190.45.55.254 - - [24/Apr/2017:11:22:03 -0300] "GET /cormun/servlet/trlicencias? HTTP/1.1" 200 7028
190.45.55.254 - - [24/Apr/2017:11:22:04 -0300] "GET /cormun/servlet/trlicencias? HTTP/1.1" 200 7024
186.67.172.234 - - [24/Apr/2017:11:22:04 -0300] "GET /cormun/servlet/permisosadjuntos?INS,8896543,P,20170424121626,, HTTP/1.1" 200 5692
186.67.172.234 - - [24/Apr/2017:11:22:04 -0300] "GET /cormun/static/gxcfg.js?201741111155774 HTTP/1.1" 200 953
186.67.172.234 - - [24/Apr/2017:11:22:04 -0300] "GET /cormun/static/permisosadjuntos.js?201741111155784 HTTP/1.1" 200 8724
186.67.172.234 - - [24/Apr/2017:11:22:04 -0300] "GET /cormun/static/about:blank HTTP/1.1" 404 1011
186.67.172.234 - - [24/Apr/2017:11:22:05 -0300] "GET /cormun/servlet/permisosadjuntos?INS,8896543,P,20170424121626,, HTTP/1.1" 200 5682
186.103.156.24 - - [24/Apr/2017:11:22:09 -0300] "GET /cormun/static/menuarrow.gif HTTP/1.1" 404 1015
190.45.55.254 - - [24/Apr/2017:11:22:09 -0300] "GET /cormun/servlet/hlogin HTTP/1.1" 200 1721
190.45.55.254 - - [24/Apr/2017:11:22:12 -0300] "POST /cormun/servlet/hlogin?b4ff3138ecda73871f7a7d6e74b3ed83,gx-no-cache=1493043794405 HTTP/1.1" 200 90
190.45.55.254 - - [24/Apr/2017:11:22:13 -0300] "GET /cormun/servlet/hpexe_link HTTP/1.1" 200 959
192.168.10.89 - - [24/Apr/2017:11:22:13 -0300] "GET /cormun/servlet/hlogin HTTP/1.1" 200 1741
190.45.55.254 - - [24/Apr/2017:11:22:13 -0300] "GET /cormun/servlet/trlicencias HTTP/1.1" 200 7026
190.45.55.254 - - [24/Apr/2017:11:22:14 -0300] "GET /cormun/servlet/trlicencias HTTP/1.1" 200 7024
200.111.191.210 - - [24/Apr/2017:11:22:14 -0300] "GET /cormun/servlet/trsolicitudot? HTTP/1.1" 200 8066
200.111.191.210 - - [24/Apr/2017:11:22:16 -0300] "GET /cormun/servlet/trsolicitudot? HTTP/1.1" 200 8065
186.103.157.39 - - [24/Apr/2017:11:22:16 -0300] "POST /cormun/servlet/trlicenciaspermisosadjuntos?53d85b8dfdffa51e73f200e8a318d8f2,17515844,20170424000000,L,,gx-no-cache=1493043798396 HTTP/1.1" 200 4647
186.67.172.234 - - [24/Apr/2017:11:22:17 -0300] "POST /cormun/servlet/permisosadjuntos?8a538ed2e36d31d7eb4e439c915017a3,INS,8896543,P,20170424121626,, HTTP/1.1" 200 116
186.67.172.234 - - [24/Apr/2017:11:22:17 -0300] "GET /cormun/servlet/hpexe_return? HTTP/1.1" 200 1038
186.67.172.234 - - [24/Apr/2017:11:22:17 -0300] "GET /cormun/servlet/trpermisosadjuntos?8896543,20170424121626,P, HTTP/1.1" 200 6831
190.45.55.254 - - [24/Apr/2017:11:22:17 -0300] "GET /cormun/servlet/trlicencias? HTTP/1.1" 200 7024
186.103.157.39 - - [24/Apr/2017:11:22:17 -0300] "GET /cormun/PublicTempStorage/francisca_llanos_23106574.jpg HTTP/1.1" 200 613680
186.67.172.234 - - [24/Apr/2017:11:22:18 -0300] "GET /cormun/servlet/trpermisosadjuntos?8896543,20170424121626,P, HTTP/1.1" 200 6828
190.45.55.254 - - [24/Apr/2017:11:22:18 -0300] "GET /cormun/servlet/trlicencias? HTTP/1.1" 200 7024
192.168.10.89 - - [24/Apr/2017:11:22:19 -0300] "POST /cormun/servlet/hlogin?807014771fc41262db654d2804f9f122,gx-no-cache=1493047010220 HTTP/1.1" 200 90
192.168.10.89 - - [24/Apr/2017:11:22:19 -0300] "GET /cormun/servlet/hpexe_link HTTP/1.1" 200 954
192.168.10.89 - - [24/Apr/2017:11:22:20 -0300] "GET /cormun/servlet/hhome HTTP/1.1" 200 4454
186.103.159.182 - - [24/Apr/2017:11:22:21 -0300] "GET /cormun/servlet/prfichaempleado?,MD,,gxPopupLevel%3D0%3B HTTP/1.1" 200 8915
186.103.159.182 - - [24/Apr/2017:11:22:21 -0300] "GET /cormun/static/menusearch.js?201610171694467 HTTP/1.1" 304 -
186.103.159.182 - - [24/Apr/2017:11:22:21 -0300] "GET /cormun/static/hmpwkw011.js?201731711483558 HTTP/1.1" 304 -
186.103.159.182 - - [24/Apr/2017:11:22:22 -0300] "GET /cormun/static/prfichaempleado.js?20173191254344 HTTP/1.1" 304 -
186.103.159.182 - - [24/Apr/2017:11:22:22 -0300] "GET /cormun/static/gxcfg.js?2017319125415 HTTP/1.1" 304 -
186.67.172.234 - - [24/Apr/2017:11:22:23 -0300] "POST /cormun/servlet/trpermisosadjuntos?8a538ed2e36d31d7eb4e439c915017a3,8896543,20170424121626,P,,gx-no-cache=1493043802798 HTTP/1.1" 200 90
186.67.172.234 - - [24/Apr/2017:11:22:23 -0300] "GET /cormun/servlet/hpexe_link HTTP/1.1" 200 985
186.67.172.234 - - [24/Apr/2017:11:22:24 -0300] "GET /cormun/servlet/trpermisosgoce HTTP/1.1" 200 7674
200.111.191.210 - - [24/Apr/2017:11:22:24 -0300] "POST /cormun/servlet/trsolicitudot?276bca7f04114fa9d7c035ecb55b44ea,,gx-no-cache=1493047301991 HTTP/1.1" 200 5223
186.67.172.234 - - [24/Apr/2017:11:22:25 -0300] "GET /cormun/servlet/trpermisosgoce HTTP/1.1" 200 7673
190.45.55.254 - - [24/Apr/2017:11:22:26 -0300] "GET /cormun/servlet/trlicencias? HTTP/1.1" 200 7024
190.45.55.254 - - [24/Apr/2017:11:22:27 -0300] "GET /cormun/servlet/trlicencias? HTTP/1.1" 200 7024
200.111.191.210 - - [24/Apr/2017:11:22:31 -0300] "GET /cormun/servlet/vesolicitudot?2017,5852,, HTTP/1.1" 200 7953
200.111.191.210 - - [24/Apr/2017:11:22:31 -0300] "GET /cormun/static/gxcfg.js?201731711515882 HTTP/1.1" 200 953
200.111.191.210 - - [24/Apr/2017:11:22:31 -0300] "GET /cormun/static/hwcviewtabs.js?20173171133571 HTTP/1.1" 200 1074
200.111.191.210 - - [24/Apr/2017:11:22:31 -0300] "GET /cormun/static/hpexe_tabsview.js?201610171694228 HTTP/1.1" 200 1661
200.111.191.210 - - [24/Apr/2017:11:22:31 -0300] "GET /cormun/static/Resources/PXToolsTabFirstSelected.png HTTP/1.1" 200 1259
200.111.191.210 - - [24/Apr/2017:11:22:31 -0300] "GET /cormun/static/Resources/PXToolsTabLastUnselected.png HTTP/1.1" 200 1291
200.111.191.210 - - [24/Apr/2017:11:22:31 -0300] "GET /cormun/static/Resources/PXToolsTabPrevious.gif HTTP/1.1" 200 172
200.111.191.210 - - [24/Apr/2017:11:22:31 -0300] "GET /cormun/static/tbsolicitudot01.js?201731711332949 HTTP/1.1" 200 28340
200.111.191.210 - - [24/Apr/2017:11:22:31 -0300] "GET /cormun/static/Resources/PXToolsTabNext.gif HTTP/1.1" 200 168
200.111.191.210 - - [24/Apr/2017:11:22:31 -0300] "GET /cormun/pexe_scrolldiv.js HTTP/1.1" 404 1009
200.111.191.210 - - [24/Apr/2017:11:22:31 -0300] "GET /cormun/static/vesolicitudot.js?201731711515955 HTTP/1.1" 200 6091
200.111.191.210 - - [24/Apr/2017:11:22:32 -0300] "GET /cormun/static/calendar-system.css HTTP/1.1" 200 5572
190.45.55.254 - - [24/Apr/2017:11:22:32 -0300] "POST /cormun/servlet/trlicencias?b4ff3138ecda73871f7a7d6e74b3ed83,,gx-no-cache=1493043813710 HTTP/1.1" 200 4125
200.111.191.210 - - [24/Apr/2017:11:22:32 -0300] "GET /cormun/static/Resources/PXToolsTabSelectedUnselected.png HTTP/1.1" 200 1428
200.111.191.210 - - [24/Apr/2017:11:22:32 -0300] "GET /cormun/static/Resources/PXToolsTabBackSelected.png HTTP/1.1" 200 1157
200.111.191.210 - - [24/Apr/2017:11:22:32 -0300] "GET /cormun/static/Resources/PXToolsTabBackUnselected.png HTTP/1.1" 200 1175
200.111.191.210 - - [24/Apr/2017:11:22:32 -0300] "GET /cormun/static/Resources/PXToolsTabUnselectedUnselected.png HTTP/1.1" 200 1459
186.67.172.234 - - [24/Apr/2017:11:22:32 -0300] "POST /cormun/servlet/trpermisosgoce?8a538ed2e36d31d7eb4e439c915017a3,gx-no-cache=1493043810598 HTTP/1.1" 200 4193
