186.103.159.46 - - [24/Apr/2017:09:45:11 -0300] "GET /cormun/servlet/permisogoce?cd2df357211b79c689cec98d1156e27923f0345bd18578cbd90a0f265b828b3b363512b14fecfb397b92399b95ac87c6a527dc7ec614c6767eb39d6c065aa99f,gx-no-cache=1493037973981 HTTP/1.1" 200 47
186.103.157.39 - - [24/Apr/2017:09:45:13 -0300] "GET /cormun/servlet/solicitudot?720b7d0545feca50652fac382905be2f7eccec2c52fb7746104f9e5019dbf7fcd7762ad5f5309efed616dbe370fb203c05a62d7fb7eb61fb34ca690a90b9d60efc21c58563e397cfa7c7cd64aa63c8bc560a8013811f447d9c7680224a7b3595cbc263c65c198875c4eae6b076f467d2772813c13bee2c56f30541962d65a851226c347d95f1b3f9852cfa59ee4ef88c92a0ffba25b33403d83afbc292666fc1b74af4678bb78aba78d0ab6d931a6bee,gx-no-cache=1493037975071 HTTP/1.1" 200 30
186.67.172.234 - - [24/Apr/2017:09:45:15 -0300] "GET /cormun/servlet/licenciaspermisos?INS,0,,, HTTP/1.1" 200 6541
186.67.172.234 - - [24/Apr/2017:09:45:19 -0300] "GET /cormun/servlet/hlogin HTTP/1.1" 200 1751
186.103.157.39 - - [24/Apr/2017:09:45:28 -0300] "POST /cormun/servlet/solicitudot?gx-no-cache=1493037989951 HTTP/1.1" 200 30
186.103.159.46 - - [24/Apr/2017:09:45:29 -0300] "POST /cormun/servlet/permisogoce?549f0e5c4dbd47e12f85977efa8c9004,INS,0,,,,gx-no-cache=1493037991918 HTTP/1.1" 200 93
186.103.159.46 - - [24/Apr/2017:09:45:32 -0300] "GET /cormun/servlet/hpexe_return? HTTP/1.1" 200 1013
186.103.159.46 - - [24/Apr/2017:09:45:32 -0300] "GET /cormun/servlet/trpermisosgoce HTTP/1.1" 200 11421
186.103.159.46 - - [24/Apr/2017:09:45:34 -0300] "GET /cormun/servlet/trpermisosgoce HTTP/1.1" 200 11412
186.103.157.39 - - [24/Apr/2017:09:45:34 -0300] "GET /cormun/static/Resources/resize.gif HTTP/1.1" 200 77
186.103.157.39 - - [24/Apr/2017:09:45:34 -0300] "GET /cormun/servlet/prsolicitudot?12517743,,,,,MD,,gxPopupLevel%3D0%3B HTTP/1.1" 200 5863
186.103.157.39 - - [24/Apr/2017:09:45:34 -0300] "GET /cormun/static/gxcfg.js?201731711522567 HTTP/1.1" 200 953
186.103.157.39 - - [24/Apr/2017:09:45:34 -0300] "GET /cormun/static/Resources/PXToolsMenuSearch.png HTTP/1.1" 200 2914
186.103.157.39 - - [24/Apr/2017:09:45:34 -0300] "GET /cormun/static/prsolicitudot.js?201731711522786 HTTP/1.1" 200 13680
186.103.157.39 - - [24/Apr/2017:09:45:34 -0300] "GET /cormun/static/menusearch.js?201610171694467 HTTP/1.1" 200 1424
186.103.157.39 - - [24/Apr/2017:09:45:34 -0300] "GET /cormun/static/hmpwkw011.js?201731711483558 HTTP/1.1" 200 1968
186.103.157.39 - - [24/Apr/2017:09:45:34 -0300] "GET /cormun/static/Resources/PXToolsMenuSearchCancel.png HTTP/1.1" 200 2972
186.103.157.39 - - [24/Apr/2017:09:45:38 -0300] "POST /cormun/servlet/solicitudot?gx-no-cache=1493038000636 HTTP/1.1" 200 1290
186.103.157.39 - - [24/Apr/2017:09:45:38 -0300] "POST /cormun/servlet/solicitudot?gx-no-cache=1493038000764 HTTP/1.1" 200 41
186.103.157.39 - - [24/Apr/2017:09:45:38 -0300] "POST /cormun/servlet/solicitudot?gx-no-cache=1493038000825 HTTP/1.1" 200 1273
186.103.157.39 - - [24/Apr/2017:09:45:39 -0300] "POST /cormun/servlet/solicitudot?gx-no-cache=1493038000916 HTTP/1.1" 200 1157
186.103.159.46 - - [24/Apr/2017:09:45:39 -0300] "GET /cormun/servlet/apermisogoceprn?8915413,P,20170424103959,PU HTTP/1.1" 200 1657
186.103.156.166 - - [24/Apr/2017:09:45:53 -0300] "GET /cormun/static/menuarrow.gif HTTP/1.1" 404 1015
186.67.172.234 - - [24/Apr/2017:09:45:59 -0300] "POST /cormun/servlet/hlogin?400e3322a3a43a46c548ca3380cd848f,gx-no-cache=1493038021394 HTTP/1.1" 200 90
186.67.172.234 - - [24/Apr/2017:09:45:59 -0300] "GET /cormun/servlet/hpexe_link HTTP/1.1" 200 970
186.67.172.234 - - [24/Apr/2017:09:45:59 -0300] "GET /cormun/servlet/licenciaspermisos?INS,0,,, HTTP/1.1" 200 7001
192.168.10.13 - - [24/Apr/2017:09:46:03 -0300] "GET / HTTP/1.1" 200 11217
186.79.247.57 - - [24/Apr/2017:09:46:18 -0300] "GET /cormun/servlet/hlogin HTTP/1.1" 200 1719
186.79.247.57 - - [24/Apr/2017:09:46:18 -0300] "GET /cormun/static/Resources/Spanish/PXTools.css?11294912 HTTP/1.1" 304 -
186.79.247.57 - - [24/Apr/2017:09:46:18 -0300] "GET /cormun/static/gxcfg.js?201741110203197 HTTP/1.1" 304 -
186.79.247.57 - - [24/Apr/2017:09:46:19 -0300] "GET /cormun/static/messages.spa.js?85251 HTTP/1.1" 304 -
186.79.247.57 - - [24/Apr/2017:09:46:19 -0300] "GET /cormun/static/hlogin.js?201741110203211 HTTP/1.1" 304 -
186.79.247.57 - - [24/Apr/2017:09:46:19 -0300] "GET /cormun/servlet/hlogin HTTP/1.1" 200 1732
186.79.247.57 - - [24/Apr/2017:09:46:21 -0300] "POST /cormun/servlet/hlogin?842f16d715512bf7a75830a45b7c44f4,gx-no-cache=1493038043981 HTTP/1.1" 200 90
186.79.247.57 - - [24/Apr/2017:09:46:21 -0300] "GET /cormun/servlet/hpexe_link HTTP/1.1" 200 949
186.79.247.57 - - [24/Apr/2017:09:46:21 -0300] "GET /cormun/static/hpexe_link.js?201731711483384 HTTP/1.1" 304 -
186.79.247.57 - - [24/Apr/2017:09:46:21 -0300] "GET /cormun/static/gxcfg.js?201731711483381 HTTP/1.1" 304 -
186.79.247.57 - - [24/Apr/2017:09:46:21 -0300] "GET /cormun/servlet/hhome HTTP/1.1" 200 3754
186.79.247.57 - - [24/Apr/2017:09:46:22 -0300] "GET /cormun/static/gxcfg.js?201731711483497 HTTP/1.1" 304 -
186.79.247.57 - - [24/Apr/2017:09:46:22 -0300] "GET /cormun/static/hhome.js?20173171148352 HTTP/1.1" 304 -
186.79.247.57 - - [24/Apr/2017:09:46:22 -0300] "GET /cormun/static/hwchdr01.js?201731711335950 HTTP/1.1" 304 -
186.79.247.57 - - [24/Apr/2017:09:46:22 -0300] "GET /cormun/static/hpexe_recentlink.js?201610171694390 HTTP/1.1" 304 -
186.79.247.57 - - [24/Apr/2017:09:46:22 -0300] "GET /cormun/static/hpexe_scripts.js?201731711335890 HTTP/1.1" 304 -
186.79.247.57 - - [24/Apr/2017:09:46:22 -0300] "GET /cormun/static/hpexe_messagecontroller.js?201610171694323 HTTP/1.1" 304 -
186.79.247.57 - - [24/Apr/2017:09:46:22 -0300] "GET /cormun/static/hpexe_messagepopupcomponent.js?20161017169425 HTTP/1.1" 304 -
186.79.247.57 - - [24/Apr/2017:09:46:22 -0300] "GET /cormun/static/hpexe_messagegenexuscomponent.js?201731711335537 HTTP/1.1" 304 -
186.79.247.57 - - [24/Apr/2017:09:46:22 -0300] "GET /cormun/static/cmcontrolpreferences.js?201731711335852 HTTP/1.1" 304 -
186.79.247.57 - - [24/Apr/2017:09:46:22 -0300] "GET /cormun/static/hmpwkw03.js?201731711485354 HTTP/1.1" 304 -
186.79.247.57 - - [24/Apr/2017:09:46:22 -0300] "GET /cormun/servlet/hhome HTTP/1.1" 200 3751
186.103.159.46 - - [24/Apr/2017:09:46:26 -0300] "GET /cormun/servlet/permisogoce?INS,0,,, HTTP/1.1" 200 6559
186.79.247.57 - - [24/Apr/2017:09:46:27 -0300] "GET /cormun/servlet/trsolicitudot? HTTP/1.1" 200 6686
186.79.247.57 - - [24/Apr/2017:09:46:27 -0300] "GET /cormun/static/gxcfg.js?201731711505139 HTTP/1.1" 304 -
186.79.247.57 - - [24/Apr/2017:09:46:27 -0300] "GET /cormun/static/trsolicitudot.js?20173171151116 HTTP/1.1" 304 -
186.103.159.46 - - [24/Apr/2017:09:46:27 -0300] "GET /cormun/servlet/permisogoce?INS,0,,, HTTP/1.1" 200 6558
186.79.247.57 - - [24/Apr/2017:09:46:28 -0300] "GET /cormun/servlet/trsolicitudot? HTTP/1.1" 200 6685
186.79.247.57 - - [24/Apr/2017:09:46:31 -0300] "GET /cormun/servlet/solicitudot?INS,0,0, HTTP/1.1" 200 12575
186.79.247.57 - - [24/Apr/2017:09:46:31 -0300] "GET /cormun/static/Resources/Spanish/PXTools.css?18365030 HTTP/1.1" 304 -
186.79.247.57 - - [24/Apr/2017:09:46:31 -0300] "GET /cormun/static/gxcfg.js?20171191042720 HTTP/1.1" 304 -
186.79.247.57 - - [24/Apr/2017:09:46:31 -0300] "GET /cormun/static/solicitudot.js?2017119104297 HTTP/1.1" 304 -
186.79.247.57 - - [24/Apr/2017:09:46:32 -0300] "GET /cormun/servlet/solicitudot?INS,0,0, HTTP/1.1" 200 12580
186.67.172.234 - - [24/Apr/2017:09:46:32 -0300] "GET /cormun/servlet/prfichaempleado?,MD,,gxPopupLevel%3D0%3B HTTP/1.1" 200 8784
186.103.157.39 - - [24/Apr/2017:09:46:39 -0300] "GET /cormun/servlet/solicitudot?720b7d0545feca50652fac382905be2f7eccec2c52fb7746104f9e5019dbf7fc2a1b917aaaab59a6cece36c41148beab507f5c4ab8b2a044ed5c3e28f07e73f4f266c8f5973adadd90ca1c60244c4eefe0323619dfaf6bf93b102d6a8b0ccc456b3929bc10a45d872d16bd3d7bc215fb775af8ce6104af1d5170c461d4a25ae077181295c4ab3db8a0c7543b76ee91936425101ec7a2b9ca9047a98e180e577db3333a9a2e351aa5bb464cb97468155d,gx-no-cache=1493038061410 HTTP/1.1" 200 30
186.103.159.46 - - [24/Apr/2017:09:46:58 -0300] "GET /cormun/servlet/permisogoce?cd2df357211b79c689cec98d1156e2799516cfd3384537cfae93403a546e107005fae3dbf13b35f0bf25c2d239f18328,gx-no-cache=1493038081405 HTTP/1.1" 200 81
186.103.159.46 - - [24/Apr/2017:09:46:58 -0300] "GET /cormun/static/menuarrow.gif HTTP/1.1" 404 1015
192.168.10.13 - - [24/Apr/2017:09:47:03 -0300] "GET / HTTP/1.1" 200 11217
186.103.159.46 - - [24/Apr/2017:09:47:08 -0300] "GET /cormun/servlet/permisogoce?cd2df357211b79c689cec98d1156e279f3ddcde6b19adeadc8fe1ce596ec5e57daae72c35cba7791d3965c7c7a175faba527dc7ec614c6767eb39d6c065aa99f,gx-no-cache=1493038092335 HTTP/1.1" 200 125
186.103.159.46 - - [24/Apr/2017:09:47:09 -0300] "GET /cormun/static/Shared/jqueryui/images/ui-bg_highlight-soft_100_c6c2c8_1x100.png HTTP/1.1" 404 1117
186.103.159.46 - - [24/Apr/2017:09:47:09 -0300] "GET /cormun/static/Shared/jqueryui/images/ui-icons_82798d_256x240.png HTTP/1.1" 404 1089
186.103.159.46 - - [24/Apr/2017:09:47:09 -0300] "GET /cormun/static/Shared/jqueryui/images/ui-bg_flat_55_994d53_40x100.png HTTP/1.1" 404 1097
186.103.159.46 - - [24/Apr/2017:09:47:09 -0300] "GET /cormun/static/Shared/jqueryui/images/ui-icons_ebccce_256x240.png HTTP/1.1" 404 1089
186.67.172.234 - - [24/Apr/2017:09:47:23 -0300] "POST /cormun/servlet/prfichaempleado?400e3322a3a43a46c548ca3380cd848f,,MD,,gxPopupLevel%3D0%3B,gx-no-cache=1493038105994 HTTP/1.1" 200 3401
186.67.172.234 - - [24/Apr/2017:09:47:29 -0300] "GET /cormun/servlet/licenciaspermisos?782ed6cbcadbe0d383627c043fdc3151e03b38ee39b36422dd2fbd7eb4188c4c494cf6bf89314eda115e9ed489d9d59e,gx-no-cache=1493038111700 HTTP/1.1" 200 60
186.67.172.234 - - [24/Apr/2017:09:47:29 -0300] "POST /cormun/servlet/licenciaspermisos?400e3322a3a43a46c548ca3380cd848f,INS,0,,,,gx-no-cache=1493038111814 HTTP/1.1" 200 4161
186.103.157.39 - - [24/Apr/2017:09:47:30 -0300] "POST /cormun/servlet/solicitudot?b0d6c07d76bde2e10654f2c535a2313a,INS,0,0,,gx-no-cache=1493038111040 HTTP/1.1" 200 93
186.103.157.39 - - [24/Apr/2017:09:47:30 -0300] "GET /cormun/servlet/hpexe_return? HTTP/1.1" 200 1006
186.103.157.39 - - [24/Apr/2017:09:47:30 -0300] "GET /cormun/static/Resources/Spanish/PXTools.css?167811 HTTP/1.1" 304 -
186.103.157.39 - - [24/Apr/2017:09:47:30 -0300] "GET /cormun/static/gxcfg.js?2016101716175148 HTTP/1.1" 200 953
186.103.157.39 - - [24/Apr/2017:09:47:30 -0300] "GET /cormun/static/hpexe_return.js?2016101716175153 HTTP/1.1" 304 -
186.103.157.39 - - [24/Apr/2017:09:47:30 -0300] "GET /cormun/servlet/trsolicitudot HTTP/1.1" 200 8001
186.103.157.39 - - [24/Apr/2017:09:47:31 -0300] "GET /cormun/servlet/trsolicitudot HTTP/1.1" 200 7997
186.103.159.46 - - [24/Apr/2017:09:47:37 -0300] "GET /cormun/servlet/permisogoce?cd2df357211b79c689cec98d1156e279f3ddcde6b19adeadc8fe1ce596ec5e57daae72c35cba7791d3965c7c7a175fab80cf1b262abd951335257e9c350064b2,gx-no-cache=1493038120656 HTTP/1.1" 200 153
186.79.247.57 - - [24/Apr/2017:09:47:39 -0300] "POST /cormun/servlet/solicitudot?gx-no-cache=1493038121249 HTTP/1.1" 200 3092
186.79.247.57 - - [24/Apr/2017:09:47:40 -0300] "POST /cormun/servlet/solicitudot?842f16d715512bf7a75830a45b7c44f4,INS,0,0,,gx-no-cache=1493038121932 HTTP/1.1" 200 9689
186.103.157.39 - - [24/Apr/2017:09:47:42 -0300] "POST /cormun/servlet/trsolicitudot?b0d6c07d76bde2e10654f2c535a2313a,gx-no-cache=1493038124537 HTTP/1.1" 200 4154
186.103.157.39 - - [24/Apr/2017:09:47:43 -0300] "GET /cormun/static/Shared/jqueryui/images/ui-bg_highlight-soft_100_c6c2c8_1x100.png HTTP/1.1" 404 1117
186.103.157.39 - - [24/Apr/2017:09:47:43 -0300] "GET /cormun/static/Shared/jqueryui/images/ui-icons_82798d_256x240.png HTTP/1.1" 404 1089
186.103.157.39 - - [24/Apr/2017:09:47:43 -0300] "GET /cormun/static/Shared/jqueryui/images/ui-bg_flat_55_fafafa_40x100.png HTTP/1.1" 404 1097
186.103.157.39 - - [24/Apr/2017:09:47:43 -0300] "GET /cormun/static/Shared/jqueryui/images/ui-icons_8d78a5_256x240.png HTTP/1.1" 404 1089
186.103.157.39 - - [24/Apr/2017:09:47:43 -0300] "POST /cormun/servlet/trsolicitudot?b0d6c07d76bde2e10654f2c535a2313a,gx-no-cache=1493038125017 HTTP/1.1" 200 3921
186.79.247.57 - - [24/Apr/2017:09:47:44 -0300] "GET /cormun/servlet/solicitudot?601f926e2ff181d211ce794ec4e90670f9623c0fb1b0c750f08f0fed45799293c2f087da2987029988b74538121e2e9d,gx-no-cache=1493038126826 HTTP/1.1" 200 30
186.103.156.166 - - [24/Apr/2017:09:47:45 -0300] "GET /cormun/servlet/solicitudot?3cf5b47bbd27d99d7e2d8f92d226e03763cb96b613650a649690cf6dfa0a5567127ec504e68b45b6142030f3226d5ff754bb66d83582b14ffcb5325f467286dcbbce4ee0dfe3db90b8745a48c49d584c241c09b9a7b8dcb141719e9d3a46146a683f3c25ef2349852ce8bcb4d3fdc8416b36cb84bf761f632491c435010e2d5e8b0815697c79f5af5f1fbd4520ac868b7939dd0f09bdade5323c4cea98c331c6bc451c0900a44f6220c05d70bc4085ac,gx-no-cache=1493038128178 HTTP/1.1" 200 30
186.103.156.166 - - [24/Apr/2017:09:47:45 -0300] "POST /cormun/servlet/solicitudot?3f12a1e588d9b3ccbdf9acba7b22d24a,INS,0,0,,gx-no-cache=1493038128340 HTTP/1.1" 200 93
186.103.156.166 - - [24/Apr/2017:09:47:45 -0300] "GET /cormun/servlet/hpexe_return? HTTP/1.1" 200 1007
186.103.156.166 - - [24/Apr/2017:09:47:45 -0300] "GET /cormun/static/gxcfg.js?2016101716175148 HTTP/1.1" 200 953
186.103.156.166 - - [24/Apr/2017:09:47:45 -0300] "GET /cormun/static/hpexe_return.js?2016101716175153 HTTP/1.1" 200 1633
186.103.156.166 - - [24/Apr/2017:09:47:46 -0300] "GET /cormun/static/Resources/Spanish/PXTools.css?167811 HTTP/1.1" 200 89042
186.103.156.166 - - [24/Apr/2017:09:47:46 -0300] "GET /cormun/servlet/trsolicitudot HTTP/1.1" 200 8689
186.103.156.166 - - [24/Apr/2017:09:47:47 -0300] "GET /cormun/servlet/trsolicitudot HTTP/1.1" 200 8685
192.168.10.13 - - [24/Apr/2017:09:48:03 -0300] "GET / HTTP/1.1" 200 11217
186.103.157.39 - - [24/Apr/2017:09:48:05 -0300] "GET /cormun/servlet/hlogin HTTP/1.1" 200 1738
186.67.172.234 - - [24/Apr/2017:09:48:16 -0300] "GET /cormun/static/menuarrow.gif HTTP/1.1" 404 1015
186.103.156.166 - - [24/Apr/2017:09:48:18 -0300] "GET /cormun/servlet/treventos?2017,5941, HTTP/1.1" 200 6043
186.103.156.166 - - [24/Apr/2017:09:48:18 -0300] "GET /cormun/static/gxcfg.js?2016101716195975 HTTP/1.1" 200 953
186.103.156.166 - - [24/Apr/2017:09:48:18 -0300] "GET /cormun/static/gxui/gxui-all.css?120300 HTTP/1.1" 200 2179
186.103.156.166 - - [24/Apr/2017:09:48:18 -0300] "GET /cormun/static/treventos.js?201610171620222 HTTP/1.1" 200 16055
186.103.156.166 - - [24/Apr/2017:09:48:18 -0300] "GET /cormun/static/Shared/ext/resources/css/ext-all.css?215870 HTTP/1.1" 200 416045
186.103.156.166 - - [24/Apr/2017:09:48:19 -0300] "GET /cormun/servlet/treventos?2017,5941, HTTP/1.1" 200 6043
186.103.156.166 - - [24/Apr/2017:09:48:24 -0300] "GET /cormun/servlet/trsolicitudot HTTP/1.1" 200 8689
186.103.156.166 - - [24/Apr/2017:09:48:25 -0300] "GET /cormun/servlet/trsolicitudot HTTP/1.1" 200 8685
186.103.157.39 - - [24/Apr/2017:09:48:36 -0300] "POST /cormun/servlet/hlogin?b0d6c07d76bde2e10654f2c535a2313a,gx-no-cache=1493038177899 HTTP/1.1" 200 90
186.103.157.39 - - [24/Apr/2017:09:48:36 -0300] "GET /cormun/servlet/hpexe_link HTTP/1.1" 200 951
186.103.157.39 - - [24/Apr/2017:09:48:36 -0300] "GET /cormun/servlet/hhome HTTP/1.1" 200 3948
186.103.157.39 - - [24/Apr/2017:09:48:37 -0300] "GET /cormun/servlet/hhome HTTP/1.1" 200 3944
186.103.156.166 - - [24/Apr/2017:09:48:39 -0300] "GET /cormun/servlet/treventos?2017,6173, HTTP/1.1" 200 6044
186.103.156.166 - - [24/Apr/2017:09:48:40 -0300] "GET /cormun/servlet/treventos?2017,6173, HTTP/1.1" 200 6043
186.103.157.39 - - [24/Apr/2017:09:48:41 -0300] "GET /cormun/servlet/trautorizarsolicitud? HTTP/1.1" 200 8138
186.103.157.39 - - [24/Apr/2017:09:48:42 -0300] "GET /cormun/static/gxcfg.js?2017259112829 HTTP/1.1" 200 953
186.103.157.39 - - [24/Apr/2017:09:48:42 -0300] "GET /cormun/static/trautorizarsolicitud.js?2017259113483 HTTP/1.1" 304 -
186.103.157.39 - - [24/Apr/2017:09:48:42 -0300] "GET /cormun/servlet/trautorizarsolicitud? HTTP/1.1" 200 8136
186.103.157.39 - - [24/Apr/2017:09:48:55 -0300] "POST /cormun/servlet/trautorizarsolicitud?b0d6c07d76bde2e10654f2c535a2313a,,gx-no-cache=1493038197099 HTTP/1.1" 200 4319
186.103.157.39 - - [24/Apr/2017:09:48:55 -0300] "GET /cormun/static/Shared/jqueryui/images/ui-bg_highlight-soft_100_c6c2c8_1x100.png HTTP/1.1" 404 1117
186.103.157.39 - - [24/Apr/2017:09:48:55 -0300] "GET /cormun/static/Shared/jqueryui/images/ui-icons_82798d_256x240.png HTTP/1.1" 404 1089
186.103.157.39 - - [24/Apr/2017:09:48:55 -0300] "GET /cormun/static/Shared/jqueryui/images/ui-bg_flat_55_fafafa_40x100.png HTTP/1.1" 404 1097
186.103.157.39 - - [24/Apr/2017:09:48:55 -0300] "GET /cormun/static/Shared/jqueryui/images/ui-icons_8d78a5_256x240.png HTTP/1.1" 404 1089
186.103.157.39 - - [24/Apr/2017:09:48:56 -0300] "POST /cormun/servlet/trautorizarsolicitud?b0d6c07d76bde2e10654f2c535a2313a,,gx-no-cache=1493038197538 HTTP/1.1" 200 4090
192.168.10.13 - - [24/Apr/2017:09:49:03 -0300] "GET / HTTP/1.1" 200 11217
186.103.157.39 - - [24/Apr/2017:09:49:08 -0300] "GET /cormun/servlet/hlogin HTTP/1.1" 200 1744
186.103.157.39 - - [24/Apr/2017:09:49:18 -0300] "POST /cormun/servlet/hlogin?b0d6c07d76bde2e10654f2c535a2313a,gx-no-cache=1493038220491 HTTP/1.1" 200 90
186.103.157.39 - - [24/Apr/2017:09:49:18 -0300] "GET /cormun/servlet/hpexe_link HTTP/1.1" 200 951
186.103.157.39 - - [24/Apr/2017:09:49:18 -0300] "GET /cormun/servlet/hhome HTTP/1.1" 200 3739
186.103.157.39 - - [24/Apr/2017:09:49:19 -0300] "GET /cormun/servlet/hhome HTTP/1.1" 200 3735
186.103.157.39 - - [24/Apr/2017:09:49:25 -0300] "GET /cormun/servlet/trsolicitudot? HTTP/1.1" 200 6676
186.103.157.39 - - [24/Apr/2017:09:49:26 -0300] "GET /cormun/servlet/trsolicitudot? HTTP/1.1" 200 6676
186.103.159.46 - - [24/Apr/2017:09:49:28 -0300] "GET /cormun/servlet/hlogin HTTP/1.1" 200 1731
186.103.159.46 - - [24/Apr/2017:09:49:28 -0300] "GET /cormun/static/Resources/Spanish/PXTools.css?11294912 HTTP/1.1" 304 -
186.103.159.46 - - [24/Apr/2017:09:49:28 -0300] "GET /cormun/static/messages.spa.js?85251 HTTP/1.1" 304 -
186.103.159.46 - - [24/Apr/2017:09:49:28 -0300] "GET /cormun/static/gxcfg.js?201741110203197 HTTP/1.1" 304 -
186.103.159.46 - - [24/Apr/2017:09:49:28 -0300] "GET /cormun/static/hlogin.js?201741110203211 HTTP/1.1" 304 -
186.103.159.46 - - [24/Apr/2017:09:49:28 -0300] "GET /cormun/servlet/hlogin HTTP/1.1" 200 1736
186.103.157.39 - - [24/Apr/2017:09:49:29 -0300] "GET /cormun/servlet/solicitudot?INS,0,0, HTTP/1.1" 200 12547
186.103.157.39 - - [24/Apr/2017:09:49:29 -0300] "GET /cormun/servlet/solicitudot?INS,0,0, HTTP/1.1" 200 12553
186.103.157.39 - - [24/Apr/2017:09:49:46 -0300] "POST /cormun/servlet/solicitudot?gx-no-cache=1493038248337 HTTP/1.1" 200 3190
186.103.157.39 - - [24/Apr/2017:09:49:46 -0300] "POST /cormun/servlet/solicitudot?b0d6c07d76bde2e10654f2c535a2313a,INS,0,0,,gx-no-cache=1493038248668 HTTP/1.1" 200 9802
186.103.157.39 - - [24/Apr/2017:09:49:51 -0300] "GET /cormun/servlet/solicitudot?720b7d0545feca50652fac382905be2fde553f59a3dcafc81c12e83516fbe15ccb99c59de36103790203443c279561ac,gx-no-cache=1493038252959 HTTP/1.1" 200 30
186.103.157.39 - - [24/Apr/2017:09:49:51 -0300] "POST /cormun/servlet/solicitudot?gx-no-cache=1493038253068 HTTP/1.1" 200 255
186.103.159.46 - - [24/Apr/2017:09:49:51 -0300] "POST /cormun/servlet/hlogin?3acc12e79187171aba83c5e379fd0e4a,gx-no-cache=1493038253938 HTTP/1.1" 200 90
186.103.159.46 - - [24/Apr/2017:09:49:51 -0300] "GET /cormun/servlet/hpexe_link HTTP/1.1" 200 954
186.103.159.46 - - [24/Apr/2017:09:49:51 -0300] "GET /cormun/static/gxcfg.js?201731711483381 HTTP/1.1" 304 -
186.103.159.46 - - [24/Apr/2017:09:49:51 -0300] "GET /cormun/static/hpexe_link.js?201731711483384 HTTP/1.1" 304 -
186.103.157.39 - - [24/Apr/2017:09:49:51 -0300] "GET /cormun/servlet/solicitudot?720b7d0545feca50652fac382905be2f143092b78c011eeb542150b76614abaffcd774783687d2e02628317e9f4df8c233b9cbb5401602acddec891074475bca91d78b61286602c8c5d3902e576fc08907675006f86433e4cb9bddc2c9829f7c4e1ada0548c3aeb888771cf9f4f11d429efd88e05baaa2cdf048f669089f0c6adbf618efd873f3d9460c6afba8f9a30768f9b816687c13a889e1f4ec61edede36eb846381fae26c62a4f1e7e6b3fc75efd564f581c125e1988f270b531c11f52d5a32f57f36b6aa8c5426a4680f755eb0f769d9fd4959615d236cd69ee2cff369e286b2f5402ffb4564ec8201ea9b6e84c3cf437c98b3a8b80e9587e85ddd85ea0cc9c8696d156163bd23751d00de7df42b0884d26d5993f1f2046b9bf2fcf3909313357f0187f5e0b6af1145689b4304957bd798668c858282db03d364a3169cf23df9e35df7326abe0027324bfbaea2f909a3fe56fdac2b303a79d17f33a6b1ad9ca7fcc5ca16e4bf1c886c6d739d93c2dfbb9a40dd6db3527ecd0ef655a06,gx-no-cache=1493038253162 HTTP/1.1" 200 30
186.103.159.46 - - [24/Apr/2017:09:49:51 -0300] "GET /cormun/servlet/hhome HTTP/1.1" 200 4005
186.103.157.39 - - [24/Apr/2017:09:49:51 -0300] "POST /cormun/servlet/solicitudot?gx-no-cache=1493038253327 HTTP/1.1" 200 30
186.103.159.46 - - [24/Apr/2017:09:49:51 -0300] "GET /cormun/static/gxcfg.js?201731711483497 HTTP/1.1" 304 -
186.103.157.39 - - [24/Apr/2017:09:49:51 -0300] "POST /cormun/servlet/solicitudot?gx-no-cache=1493038253415 HTTP/1.1" 200 1291
186.103.157.39 - - [24/Apr/2017:09:49:51 -0300] "POST /cormun/servlet/solicitudot?gx-no-cache=1493038253491 HTTP/1.1" 200 38
186.103.159.46 - - [24/Apr/2017:09:49:51 -0300] "GET /cormun/static/hhome.js?20173171148352 HTTP/1.1" 304 -
186.103.159.46 - - [24/Apr/2017:09:49:51 -0300] "GET /cormun/static/hwchdr01.js?201731711335950 HTTP/1.1" 304 -
186.103.159.46 - - [24/Apr/2017:09:49:51 -0300] "GET /cormun/static/hpexe_scripts.js?201731711335890 HTTP/1.1" 304 -
186.103.159.46 - - [24/Apr/2017:09:49:51 -0300] "GET /cormun/static/hpexe_messagegenexuscomponent.js?201731711335537 HTTP/1.1" 304 -
186.103.159.46 - - [24/Apr/2017:09:49:51 -0300] "GET /cormun/static/hpexe_messagepopupcomponent.js?20161017169425 HTTP/1.1" 304 -
186.103.159.46 - - [24/Apr/2017:09:49:51 -0300] "GET /cormun/static/hpexe_messagecontroller.js?201610171694323 HTTP/1.1" 304 -
186.103.159.46 - - [24/Apr/2017:09:49:51 -0300] "GET /cormun/static/cmcontrolpreferences.js?201731711335852 HTTP/1.1" 304 -
186.103.159.46 - - [24/Apr/2017:09:49:51 -0300] "GET /cormun/static/hmpwkw03.js?201731711485354 HTTP/1.1" 304 -
186.103.159.46 - - [24/Apr/2017:09:49:53 -0300] "GET /cormun/static/hpexe_recentlink.js?201610171694390 HTTP/1.1" 304 -
186.103.159.46 - - [24/Apr/2017:09:49:53 -0300] "GET /cormun/servlet/hhome HTTP/1.1" 200 4002
192.168.10.13 - - [24/Apr/2017:09:50:03 -0300] "GET / HTTP/1.1" 200 11217
186.103.157.39 - - [24/Apr/2017:09:50:07 -0300] "POST /cormun/servlet/solicitudot?gx-no-cache=1493038269417 HTTP/1.1" 200 30
186.103.157.39 - - [24/Apr/2017:09:50:10 -0300] "GET /cormun/servlet/prsolicitudot?15524660,,,,,MD,,gxPopupLevel%3D0%3B HTTP/1.1" 200 6165
186.103.157.39 - - [24/Apr/2017:09:50:22 -0300] "POST /cormun/servlet/solicitudot?gx-no-cache=1493038283890 HTTP/1.1" 200 1291
186.103.157.39 - - [24/Apr/2017:09:50:22 -0300] "POST /cormun/servlet/solicitudot?gx-no-cache=1493038284031 HTTP/1.1" 200 38
186.103.157.39 - - [24/Apr/2017:09:50:22 -0300] "GET /cormun/servlet/solicitudot?720b7d0545feca50652fac382905be2f03a52f90c49553f0a97474a743ce79f6feb692efa36cb3c92b581e4a0589e3cbe18d3dc7276869132965e85be6318c03d93021f466c8b8df4a8f6efda8bb97e83a800a1cb55102832884a8b1b03f7e4260f474bad35779d5a220be24464f20bc454dd05acd021a22d59418c8e1b095e4576da95f1c4f4882a28853f3e911180a9f0368fac53c81ab4bb3c009501c1bdb12e50114f3d45223b4f1e2a97d85434260c873dd67c935f10e4c34e6863d453209a6cde5bfbbcac45bd79c641c0789e5,gx-no-cache=1493038284159 HTTP/1.1" 200 29
186.103.157.39 - - [24/Apr/2017:09:50:22 -0300] "POST /cormun/servlet/solicitudot?gx-no-cache=1493038284254 HTTP/1.1" 200 1275
186.103.157.39 - - [24/Apr/2017:09:50:22 -0300] "POST /cormun/servlet/solicitudot?gx-no-cache=1493038284372 HTTP/1.1" 200 1157
186.67.172.234 - - [24/Apr/2017:09:50:28 -0300] "GET /cormun/servlet/licenciaspermisos?782ed6cbcadbe0d383627c043fdc3151dc8cd8c51d542c6d103d44657e9c5fa7d73dd9ecaf9be7629a404df87ebb2c668cfb7d869706b7fa9ef7aea4f4fe90ea37ce7c62d5049cc8183f1654983603799fba52ffcfcabf5d19a7e2c907829164e3068b6afff472437120ce9463fae0176123e41a57fb02030b5763767ca6163c1ab6b74fea8a88ec8c63e993c2d1f518f17be63b829f25f85fbfbea8ba83a6710a7ed7bce57a3a2fe95953ed2ce41739,gx-no-cache=1493038290675 HTTP/1.1" 200 30
186.67.172.234 - - [24/Apr/2017:09:50:28 -0300] "GET /cormun/servlet/licenciaspermisos?782ed6cbcadbe0d383627c043fdc3151ecd3cb22b7920ac910443ab1eff50a60359fd29a6e9ccf170dd20f1452b6bfe9255f6e8faa3109d05136262d93c01ac544e8cce7b11d39d93fb1b0ea14be034a03bda32e27f8b56b71915f27046453839f67745e78e77b18e1cfcbaa14ce368792142b7a2628e0859e450454fd14e400cb5f55383a8328f8c3f890535a87d460bf58eb38cadc0c2572f88e1e8a9d7dc2575fb84ad26a531d95f28341a252fa79,gx-no-cache=1493038290763 HTTP/1.1" 200 29
186.67.172.234 - - [24/Apr/2017:09:50:28 -0300] "POST /cormun/servlet/licenciaspermisos?400e3322a3a43a46c548ca3380cd848f,INS,0,,,,gx-no-cache=1493038290801 HTTP/1.1" 200 93
186.67.172.234 - - [24/Apr/2017:09:50:28 -0300] "GET /cormun/servlet/hpexe_return? HTTP/1.1" 200 1013
186.67.172.234 - - [24/Apr/2017:09:50:28 -0300] "GET /cormun/static/Resources/Spanish/PXTools.css?167811 HTTP/1.1" 304 -
186.67.172.234 - - [24/Apr/2017:09:50:28 -0300] "GET /cormun/static/gxcfg.js?2016101716175148 HTTP/1.1" 200 953
186.67.172.234 - - [24/Apr/2017:09:50:28 -0300] "GET /cormun/static/hpexe_return.js?2016101716175153 HTTP/1.1" 304 -
186.67.172.234 - - [24/Apr/2017:09:50:29 -0300] "GET /cormun/servlet/hhome HTTP/1.1" 200 3776
186.67.172.234 - - [24/Apr/2017:09:50:29 -0300] "GET /cormun/static/gxcfg.js?201731711483497 HTTP/1.1" 200 953
186.67.172.234 - - [24/Apr/2017:09:50:29 -0300] "GET /cormun/static/hhome.js?20173171148352 HTTP/1.1" 304 -
186.103.159.46 - - [24/Apr/2017:09:50:37 -0300] "GET /cormun/servlet/trautorizarpermisogoce? HTTP/1.1" 200 8622
186.103.159.46 - - [24/Apr/2017:09:50:37 -0300] "GET /cormun/static/gxcfg.js?20174111145711 HTTP/1.1" 304 -
186.103.159.46 - - [24/Apr/2017:09:50:37 -0300] "GET /cormun/static/trautorizarpermisogoce.js?201741111451072 HTTP/1.1" 304 -
186.103.159.46 - - [24/Apr/2017:09:50:37 -0300] "GET /cormun/servlet/trautorizarpermisogoce? HTTP/1.1" 200 8620
186.67.172.234 - - [24/Apr/2017:09:50:42 -0300] "GET /cormun/servlet/trlicencias? HTTP/1.1" 200 7795
186.103.157.39 - - [24/Apr/2017:09:50:46 -0300] "POST /cormun/servlet/solicitudot?gx-no-cache=1493038308493 HTTP/1.1" 200 1273
186.103.157.39 - - [24/Apr/2017:09:50:46 -0300] "POST /cormun/servlet/solicitudot?gx-no-cache=1493038308797 HTTP/1.1" 200 1157
186.103.157.39 - - [24/Apr/2017:09:50:47 -0300] "GET /cormun/static/menuarrow.gif HTTP/1.1" 404 1015
186.67.172.234 - - [24/Apr/2017:09:50:48 -0300] "GET /cormun/servlet/trlicenciaspermisosadjuntos?15569821,20170424000000,L, HTTP/1.1" 200 6118
186.67.172.234 - - [24/Apr/2017:09:50:48 -0300] "GET /cormun/static/gxcfg.js?20173171154619 HTTP/1.1" 200 953
186.67.172.234 - - [24/Apr/2017:09:50:48 -0300] "GET /cormun/static/trlicenciaspermisosadjuntos.js?20173171154971 HTTP/1.1" 304 -
186.103.157.39 - - [24/Apr/2017:09:50:49 -0300] "POST /cormun/servlet/solicitudot?gx-no-cache=1493038311240 HTTP/1.1" 200 1273
186.103.157.39 - - [24/Apr/2017:09:50:49 -0300] "POST /cormun/servlet/solicitudot?gx-no-cache=1493038311405 HTTP/1.1" 200 1157
186.67.172.234 - - [24/Apr/2017:09:50:52 -0300] "GET /cormun/servlet/licenciaspermisosadjuntos?INS,15569821,L,20170424000000,, HTTP/1.1" 200 5411
186.67.172.234 - - [24/Apr/2017:09:50:52 -0300] "GET /cormun/static/gxcfg.js?201731711421170 HTTP/1.1" 200 953
186.67.172.234 - - [24/Apr/2017:09:50:52 -0300] "GET /cormun/static/licenciaspermisosadjuntos.js?201731711421181 HTTP/1.1" 304 -
186.67.172.234 - - [24/Apr/2017:09:50:52 -0300] "HEAD /cormun/static/about:blank HTTP/1.1" 404 -
192.168.10.13 - - [24/Apr/2017:09:51:03 -0300] "GET / HTTP/1.1" 200 11217
186.103.157.39 - - [24/Apr/2017:09:51:23 -0300] "GET /cormun/servlet/solicitudot?720b7d0545feca50652fac382905be2f253f923cba9c2f3f3e7d2c0a518cbd9a30d6d323787eecce4240a7cc10abe5de507f5c4ab8b2a044ed5c3e28f07e73f4f266c8f5973adadd90ca1c60244c4eefe0323619dfaf6bf93b102d6a8b0ccc456b3929bc10a45d872d16bd3d7bc215fb775af8ce6104af1d5170c461d4a25ae077181295c4ab3db8a0c7543b76ee91936425101ec7a2b9ca9047a98e180e577db3333a9a2e351aa5bb464cb97468155d,gx-no-cache=1493038345457 HTTP/1.1" 200 30
186.67.172.234 - - [24/Apr/2017:09:51:44 -0300] "POST /cormun/servlet/licenciaspermisosadjuntos?400e3322a3a43a46c548ca3380cd848f,INS,15569821,L,20170424000000,, HTTP/1.1" 200 116
186.67.172.234 - - [24/Apr/2017:09:51:44 -0300] "GET /cormun/servlet/hpexe_return? HTTP/1.1" 200 1043
186.67.172.234 - - [24/Apr/2017:09:51:44 -0300] "GET /cormun/servlet/trlicenciaspermisosadjuntos?15569821,20170424000000,L, HTTP/1.1" 200 6600
186.67.172.234 - - [24/Apr/2017:09:51:45 -0300] "GET /cormun/PublicTempStorage/licencia_tania_villa7127551.pdf HTTP/1.1" 200 693612
186.103.156.166 - - [24/Apr/2017:09:51:49 -0300] "GET /cormun/servlet/trautorizarsolicitud? HTTP/1.1" 200 9573
186.103.156.166 - - [24/Apr/2017:09:51:49 -0300] "GET /cormun/static/gxcfg.js?2017259112829 HTTP/1.1" 200 953
186.103.156.166 - - [24/Apr/2017:09:51:49 -0300] "GET /cormun/static/trautorizarsolicitud.js?2017259113483 HTTP/1.1" 200 53096
186.103.156.166 - - [24/Apr/2017:09:51:50 -0300] "GET /cormun/servlet/trautorizarsolicitud? HTTP/1.1" 200 9570
200.111.191.210 - - [24/Apr/2017:09:51:51 -0300] "GET /cormun/servlet/hlogin HTTP/1.1" 200 1740
186.67.172.234 - - [24/Apr/2017:09:51:52 -0300] "GET /cormun/servlet/licenciaspermisosadjuntos?INS,15569821,L,20170424000000,, HTTP/1.1" 200 5411
186.67.172.234 - - [24/Apr/2017:09:51:52 -0300] "HEAD /cormun/static/about:blank HTTP/1.1" 404 -
186.67.172.234 - - [24/Apr/2017:09:51:58 -0300] "POST /cormun/servlet/licenciaspermisosadjuntos?400e3322a3a43a46c548ca3380cd848f,INS,15569821,L,20170424000000,,,gx-no-cache=1493038379479 HTTP/1.1" 200 90
186.67.172.234 - - [24/Apr/2017:09:51:58 -0300] "GET /cormun/servlet/hpexe_link HTTP/1.1" 200 998
200.111.191.210 - - [24/Apr/2017:09:51:58 -0300] "POST /cormun/servlet/hlogin?cfc30cf3885e9c6d1966a1b067b6f434,gx-no-cache=1493041876612 HTTP/1.1" 200 453
186.67.172.234 - - [24/Apr/2017:09:51:58 -0300] "GET /cormun/servlet/trlicenciaspermisosadjuntos?15569821,20170424000000,L, HTTP/1.1" 200 6596
186.67.172.234 - - [24/Apr/2017:09:51:59 -0300] "GET /cormun/PublicTempStorage/licencia_tania_villa5231893.pdf HTTP/1.1" 200 693612
186.67.172.234 - - [24/Apr/2017:09:52:01 -0300] "GET /cormun/PublicTempStorage/licencia_tania_villa5231893.pdf HTTP/1.1" 200 693612
186.67.172.234 - - [24/Apr/2017:09:52:01 -0300] "GET /cormun/PublicTempStorage/licencia_tania_villa5231893.pdf HTTP/1.1" 304 -
192.168.10.13 - - [24/Apr/2017:09:52:03 -0300] "GET / HTTP/1.1" 200 11217
186.103.157.39 - - [24/Apr/2017:09:52:07 -0300] "POST /cormun/servlet/solicitudot?b0d6c07d76bde2e10654f2c535a2313a,INS,0,0,,gx-no-cache=1493038387892 HTTP/1.1" 200 93
186.103.157.39 - - [24/Apr/2017:09:52:07 -0300] "GET /cormun/servlet/hpexe_return? HTTP/1.1" 200 1006
186.103.157.39 - - [24/Apr/2017:09:52:07 -0300] "GET /cormun/servlet/trsolicitudot HTTP/1.1" 200 7987
186.103.157.39 - - [24/Apr/2017:09:52:08 -0300] "GET /cormun/servlet/trsolicitudot HTTP/1.1" 200 7983
200.111.191.210 - - [24/Apr/2017:09:52:10 -0300] "POST /cormun/servlet/hlogin?cfc30cf3885e9c6d1966a1b067b6f434,gx-no-cache=1493041888648 HTTP/1.1" 200 90
200.111.191.210 - - [24/Apr/2017:09:52:10 -0300] "GET /cormun/servlet/hpexe_link HTTP/1.1" 200 953
200.111.191.210 - - [24/Apr/2017:09:52:10 -0300] "GET /cormun/servlet/hhome HTTP/1.1" 200 3946
200.111.191.210 - - [24/Apr/2017:09:52:11 -0300] "GET /cormun/servlet/hhome HTTP/1.1" 200 3942
200.111.191.210 - - [24/Apr/2017:09:52:11 -0300] "GET /cormun/static/SmoothNavMenu/resources/images/right.gif HTTP/1.1" 200 860
200.111.191.210 - - [24/Apr/2017:09:52:16 -0300] "GET /cormun/servlet/trautorizarsolicitud? HTTP/1.1" 200 8095
200.111.191.210 - - [24/Apr/2017:09:52:16 -0300] "GET /cormun/static/gxui/gxui-all.css?120300 HTTP/1.1" 200 2179
200.111.191.210 - - [24/Apr/2017:09:52:16 -0300] "GET /cormun/static/gxcfg.js?2017259112829 HTTP/1.1" 200 953
200.111.191.210 - - [24/Apr/2017:09:52:16 -0300] "GET /cormun/static/trautorizarsolicitud.js?2017259113483 HTTP/1.1" 200 53096
200.111.191.210 - - [24/Apr/2017:09:52:16 -0300] "GET /cormun/static/Shared/ext/resources/css/ext-all.css?215870 HTTP/1.1" 200 416045
200.111.191.210 - - [24/Apr/2017:09:52:17 -0300] "GET /cormun/servlet/trautorizarsolicitud? HTTP/1.1" 200 8093
186.67.172.234 - - [24/Apr/2017:09:52:17 -0300] "GET /cormun/servlet/trlicencias HTTP/1.1" 200 7784
186.103.157.39 - - [24/Apr/2017:09:52:18 -0300] "POST /cormun/servlet/trsolicitudot?b0d6c07d76bde2e10654f2c535a2313a,gx-no-cache=1493038398341 HTTP/1.1" 200 4142
186.103.157.39 - - [24/Apr/2017:09:52:18 -0300] "GET /cormun/static/Shared/jqueryui/images/ui-bg_highlight-soft_100_c6c2c8_1x100.png HTTP/1.1" 404 1117
186.103.157.39 - - [24/Apr/2017:09:52:18 -0300] "GET /cormun/static/Shared/jqueryui/images/ui-icons_82798d_256x240.png HTTP/1.1" 404 1089
186.103.157.39 - - [24/Apr/2017:09:52:18 -0300] "GET /cormun/static/Shared/jqueryui/images/ui-bg_flat_55_fafafa_40x100.png HTTP/1.1" 404 1097
186.103.157.39 - - [24/Apr/2017:09:52:18 -0300] "GET /cormun/static/Shared/jqueryui/images/ui-icons_8d78a5_256x240.png HTTP/1.1" 404 1089
186.103.157.39 - - [24/Apr/2017:09:52:18 -0300] "POST /cormun/servlet/trsolicitudot?b0d6c07d76bde2e10654f2c535a2313a,gx-no-cache=1493038400254 HTTP/1.1" 200 3922
200.111.191.210 - - [24/Apr/2017:09:52:20 -0300] "POST /cormun/servlet/trautorizarsolicitud?cfc30cf3885e9c6d1966a1b067b6f434,,gx-no-cache=1493041899015 HTTP/1.1" 200 4310
200.111.191.210 - - [24/Apr/2017:09:52:20 -0300] "GET /cormun/static/Shared/jqueryui/images/ui-bg_highlight-soft_100_c6c2c8_1x100.png HTTP/1.1" 404 1117
200.111.191.210 - - [24/Apr/2017:09:52:20 -0300] "GET /cormun/static/Shared/jqueryui/images/ui-icons_82798d_256x240.png HTTP/1.1" 404 1089
200.111.191.210 - - [24/Apr/2017:09:52:20 -0300] "GET /cormun/static/Shared/jqueryui/images/ui-icons_8d78a5_256x240.png HTTP/1.1" 404 1089
200.111.191.210 - - [24/Apr/2017:09:52:20 -0300] "GET /cormun/static/Shared/jqueryui/images/ui-bg_flat_55_fafafa_40x100.png HTTP/1.1" 404 1097
200.111.191.210 - - [24/Apr/2017:09:52:21 -0300] "POST /cormun/servlet/trautorizarsolicitud?cfc30cf3885e9c6d1966a1b067b6f434,,gx-no-cache=1493041899182 HTTP/1.1" 200 4092
186.67.172.234 - - [24/Apr/2017:09:52:23 -0300] "GET /cormun/servlet/trlicenciaspermisosadjuntos?15569821,20170424000000,L, HTTP/1.1" 200 6595
186.67.172.234 - - [24/Apr/2017:09:52:24 -0300] "GET /cormun/PublicTempStorage/licencia_tania_villa5307186.pdf HTTP/1.1" 200 693612
186.103.159.46 - - [24/Apr/2017:09:52:26 -0300] "POST /cormun/servlet/trautorizarpermisogoce?3acc12e79187171aba83c5e379fd0e4a,,gx-no-cache=1493038409175 HTTP/1.1" 200 129
186.103.159.46 - - [24/Apr/2017:09:52:26 -0300] "GET /cormun/servlet/licenciaspermisoslog?INS,9014931,P,20170413113700,0,NU, HTTP/1.1" 200 5869
186.103.159.46 - - [24/Apr/2017:09:52:26 -0300] "GET /cormun/static/gxcfg.js?201731711423236 HTTP/1.1" 200 953
186.103.159.46 - - [24/Apr/2017:09:52:26 -0300] "GET /cormun/static/licenciaspermisoslog.js?201731711423249 HTTP/1.1" 304 -
186.67.172.234 - - [24/Apr/2017:09:52:27 -0300] "GET /cormun/servlet/licenciaspermisosadjuntos?INS,15569821,L,20170424000000,, HTTP/1.1" 200 5411
186.103.159.46 - - [24/Apr/2017:09:52:27 -0300] "GET /cormun/servlet/licenciaspermisoslog?INS,9014931,P,20170413113700,0,NU, HTTP/1.1" 200 5868
186.67.172.234 - - [24/Apr/2017:09:52:27 -0300] "HEAD /cormun/static/about:blank HTTP/1.1" 404 -
200.111.191.210 - - [24/Apr/2017:09:52:27 -0300] "GET /cormun/servlet/trsolicitudot? HTTP/1.1" 200 8243
200.111.191.210 - - [24/Apr/2017:09:52:28 -0300] "GET /cormun/servlet/trsolicitudot? HTTP/1.1" 200 8243
200.111.191.210 - - [24/Apr/2017:09:52:30 -0300] "GET /cormun/servlet/solicitudot?INS,0,0, HTTP/1.1" 200 12751
186.103.157.39 - - [24/Apr/2017:09:52:30 -0300] "GET /cormun/servlet/hlogin HTTP/1.1" 200 1738
200.111.191.210 - - [24/Apr/2017:09:52:30 -0300] "GET /cormun/servlet/solicitudot?INS,0,0, HTTP/1.1" 200 12755
200.111.191.210 - - [24/Apr/2017:09:52:39 -0300] "GET /cormun/servlet/prfichaempleado?,MD,,gxPopupLevel%3D0%3B HTTP/1.1" 200 8771
186.67.172.234 - - [24/Apr/2017:09:52:40 -0300] "POST /cormun/servlet/licenciaspermisosadjuntos?400e3322a3a43a46c548ca3380cd848f,INS,15569821,L,20170424000000,, HTTP/1.1" 200 116
186.67.172.234 - - [24/Apr/2017:09:52:40 -0300] "GET /cormun/servlet/hpexe_return? HTTP/1.1" 200 1043
186.67.172.234 - - [24/Apr/2017:09:52:41 -0300] "GET /cormun/servlet/trlicenciaspermisosadjuntos?15569821,20170424000000,L, HTTP/1.1" 200 6691
186.67.172.234 - - [24/Apr/2017:09:52:42 -0300] "GET /cormun/PublicTempStorage/licencia_tania_villa4761102.pdf HTTP/1.1" 200 693612
186.67.172.234 - - [24/Apr/2017:09:52:42 -0300] "GET /cormun/PublicTempStorage/licencia_tania_villa8147302.pdf HTTP/1.1" 200 693612
186.103.159.204 - - [24/Apr/2017:09:52:48 -0300] "GET /cormun/servlet/hlogin HTTP/1.1" 200 1725
186.103.159.204 - - [24/Apr/2017:09:52:48 -0300] "GET /cormun/static/Resources/Spanish/PXTools.css?11294912 HTTP/1.1" 304 -
186.103.159.204 - - [24/Apr/2017:09:52:48 -0300] "GET /cormun/static/gxcfg.js?201741110203197 HTTP/1.1" 304 -
186.103.159.204 - - [24/Apr/2017:09:52:48 -0300] "GET /cormun/static/messages.spa.js?85251 HTTP/1.1" 304 -
186.103.159.204 - - [24/Apr/2017:09:52:48 -0300] "GET /cormun/static/hlogin.js?201741110203211 HTTP/1.1" 304 -
186.103.159.204 - - [24/Apr/2017:09:52:48 -0300] "GET /cormun/static/gxtimezone.js?85251 HTTP/1.1" 304 -
186.103.159.204 - - [24/Apr/2017:09:52:48 -0300] "GET /cormun/servlet/hlogin HTTP/1.1" 200 1730
200.111.191.210 - - [24/Apr/2017:09:52:49 -0300] "POST /cormun/servlet/prfichaempleado?cfc30cf3885e9c6d1966a1b067b6f434,,MD,,gxPopupLevel%3D0%3B,gx-no-cache=1493041927130 HTTP/1.1" 200 3179
186.67.172.234 - - [24/Apr/2017:09:52:49 -0300] "POST /cormun/servlet/trlicenciaspermisosadjuntos?400e3322a3a43a46c548ca3380cd848f,15569821,20170424000000,L,,gx-no-cache=1493038431652 HTTP/1.1" 200 90
186.67.172.234 - - [24/Apr/2017:09:52:49 -0300] "GET /cormun/servlet/hpexe_link HTTP/1.1" 200 986
186.67.172.234 - - [24/Apr/2017:09:52:49 -0300] "GET /cormun/servlet/trlicencias HTTP/1.1" 200 7796
186.103.157.39 - - [24/Apr/2017:09:52:50 -0300] "POST /cormun/servlet/hlogin?b0d6c07d76bde2e10654f2c535a2313a,gx-no-cache=1493038432147 HTTP/1.1" 200 90
186.103.157.39 - - [24/Apr/2017:09:52:50 -0300] "GET /cormun/servlet/hpexe_link HTTP/1.1" 200 951
186.103.157.39 - - [24/Apr/2017:09:52:50 -0300] "GET /cormun/servlet/hhome HTTP/1.1" 200 3948
186.103.157.39 - - [24/Apr/2017:09:52:51 -0300] "GET /cormun/servlet/hhome HTTP/1.1" 200 3944
200.111.191.210 - - [24/Apr/2017:09:52:53 -0300] "GET /cormun/servlet/hlogin HTTP/1.1" 200 1747
186.103.157.39 - - [24/Apr/2017:09:52:56 -0300] "GET /cormun/servlet/trautorizarsolicitud? HTTP/1.1" 200 8125
186.67.172.234 - - [24/Apr/2017:09:52:57 -0300] "GET /cormun/servlet/alicenciaprn?15569821,L,20170424000000,PU HTTP/1.1" 200 1538
186.67.172.234 - - [24/Apr/2017:09:52:57 -0300] "GET /cormun/servlet/alicenciaprn?15569821,L,20170424000000,PU HTTP/1.1" 200 1538
186.103.157.39 - - [24/Apr/2017:09:52:57 -0300] "GET /cormun/servlet/trautorizarsolicitud? HTTP/1.1" 200 8123
192.168.10.13 - - [24/Apr/2017:09:53:03 -0300] "GET / HTTP/1.1" 200 11217
186.103.157.39 - - [24/Apr/2017:09:53:18 -0300] "POST /cormun/servlet/trautorizarsolicitud?b0d6c07d76bde2e10654f2c535a2313a,,gx-no-cache=1493038460653 HTTP/1.1" 200 4308
186.103.157.39 - - [24/Apr/2017:09:53:19 -0300] "GET /cormun/static/Shared/jqueryui/images/ui-bg_highlight-soft_100_c6c2c8_1x100.png HTTP/1.1" 404 1117
186.103.157.39 - - [24/Apr/2017:09:53:19 -0300] "GET /cormun/static/Shared/jqueryui/images/ui-icons_8d78a5_256x240.png HTTP/1.1" 404 1089
186.103.157.39 - - [24/Apr/2017:09:53:19 -0300] "GET /cormun/static/Shared/jqueryui/images/ui-bg_flat_55_fafafa_40x100.png HTTP/1.1" 404 1097
186.103.157.39 - - [24/Apr/2017:09:53:19 -0300] "GET /cormun/static/Shared/jqueryui/images/ui-icons_82798d_256x240.png HTTP/1.1" 404 1089
186.103.157.39 - - [24/Apr/2017:09:53:19 -0300] "POST /cormun/servlet/trautorizarsolicitud?b0d6c07d76bde2e10654f2c535a2313a,,gx-no-cache=1493038461037 HTTP/1.1" 200 4090
186.103.159.46 - - [24/Apr/2017:09:53:25 -0300] "GET /cormun/servlet/licenciaspermisoslog?e14af49c3432ad29b6f32ac2b5def316015ddbde1cced52efd1c1082d7a82a071642c0932ec2e1c91345f784f225514f4c97e38ebcc3fe943085c7fd8f8528e4d4f97645384bb8df2f21fdc0e4b6569ab648987a9cb0d350a0c5b6185a325d5b,gx-no-cache=1493038468776 HTTP/1.1" 200 120
186.103.159.46 - - [24/Apr/2017:09:53:26 -0300] "GET /cormun/static/Shared/jqueryui/images/ui-bg_highlight-soft_100_c6c2c8_1x100.png HTTP/1.1" 404 1117
186.103.159.46 - - [24/Apr/2017:09:53:26 -0300] "GET /cormun/static/Shared/jqueryui/images/ui-icons_82798d_256x240.png HTTP/1.1" 404 1089
186.103.159.46 - - [24/Apr/2017:09:53:26 -0300] "GET /cormun/static/Shared/jqueryui/images/ui-bg_flat_55_994d53_40x100.png HTTP/1.1" 404 1097
186.103.159.46 - - [24/Apr/2017:09:53:26 -0300] "GET /cormun/static/Shared/jqueryui/images/ui-icons_ebccce_256x240.png HTTP/1.1" 404 1089
186.103.159.46 - - [24/Apr/2017:09:53:26 -0300] "GET /cormun/servlet/licenciaspermisoslog?e14af49c3432ad29b6f32ac2b5def316015ddbde1cced52efd1c1082d7a82a071642c0932ec2e1c91345f784f225514f4c97e38ebcc3fe943085c7fd8f8528e4d4f97645384bb8df2f21fdc0e4b6569ab648987a9cb0d350a0c5b6185a325d5b,gx-no-cache=1493038469083 HTTP/1.1" 200 120
186.103.159.46 - - [24/Apr/2017:09:53:26 -0300] "POST /cormun/servlet/licenciaspermisoslog?3acc12e79187171aba83c5e379fd0e4a,INS,9014931,P,20170413113700,0,NU,,gx-no-cache=1493038469180 HTTP/1.1" 200 3782
186.103.159.46 - - [24/Apr/2017:09:53:37 -0300] "GET /cormun/servlet/licenciaspermisoslog?e14af49c3432ad29b6f32ac2b5def316015ddbde1cced52efd1c1082d7a82a071642c0932ec2e1c91345f784f225514f4c97e38ebcc3fe943085c7fd8f8528e4d4f97645384bb8df2f21fdc0e4b6569ab648987a9cb0d350a0c5b6185a325d5b,gx-no-cache=1493038480552 HTTP/1.1" 200 120
186.103.159.46 - - [24/Apr/2017:09:53:38 -0300] "POST /cormun/servlet/licenciaspermisoslog?3acc12e79187171aba83c5e379fd0e4a,INS,9014931,P,20170413113700,0,NU,,gx-no-cache=1493038480635 HTTP/1.1" 200 3782
186.103.159.204 - - [24/Apr/2017:09:53:38 -0300] "POST /cormun/servlet/hlogin?40be510e816260ebee6939551a710902,gx-no-cache=1493038480406 HTTP/1.1" 200 445
186.103.159.46 - - [24/Apr/2017:09:53:41 -0300] "POST /cormun/servlet/licenciaspermisoslog?3acc12e79187171aba83c5e379fd0e4a,INS,9014931,P,20170413113700,0,NU,,gx-no-cache=1493038483835 HTTP/1.1" 200 93
186.103.159.46 - - [24/Apr/2017:09:53:41 -0300] "GET /cormun/servlet/hpexe_return? HTTP/1.1" 200 1047
186.103.159.46 - - [24/Apr/2017:09:53:41 -0300] "GET /cormun/static/Resources/Spanish/PXTools.css?167811 HTTP/1.1" 304 -
186.103.159.46 - - [24/Apr/2017:09:53:41 -0300] "GET /cormun/static/gxcfg.js?2016101716175148 HTTP/1.1" 304 -
186.103.159.46 - - [24/Apr/2017:09:53:41 -0300] "GET /cormun/static/hpexe_return.js?2016101716175153 HTTP/1.1" 304 -
186.103.159.46 - - [24/Apr/2017:09:53:41 -0300] "GET /cormun/servlet/trautorizarpermisogoce HTTP/1.1" 200 8624
186.103.159.46 - - [24/Apr/2017:09:53:42 -0300] "GET /cormun/servlet/trautorizarpermisogoce HTTP/1.1" 200 8620
186.103.159.204 - - [24/Apr/2017:09:53:55 -0300] "POST /cormun/servlet/hlogin?40be510e816260ebee6939551a710902,gx-no-cache=1493038498295 HTTP/1.1" 200 90
186.103.159.204 - - [24/Apr/2017:09:53:56 -0300] "GET /cormun/servlet/hpexe_link HTTP/1.1" 200 950
186.103.159.204 - - [24/Apr/2017:09:53:56 -0300] "GET /cormun/static/gxcfg.js?201731711483381 HTTP/1.1" 304 -
186.103.159.204 - - [24/Apr/2017:09:53:56 -0300] "GET /cormun/static/hpexe_link.js?201731711483384 HTTP/1.1" 304 -
186.103.159.204 - - [24/Apr/2017:09:53:56 -0300] "GET /cormun/servlet/hhome HTTP/1.1" 200 3992
186.103.159.204 - - [24/Apr/2017:09:53:56 -0300] "GET /cormun/static/gxcfg.js?201731711483497 HTTP/1.1" 304 -
186.103.159.204 - - [24/Apr/2017:09:53:56 -0300] "GET /cormun/static/hwchdr01.js?201731711335950 HTTP/1.1" 304 -
186.103.159.204 - - [24/Apr/2017:09:53:56 -0300] "GET /cormun/static/hhome.js?20173171148352 HTTP/1.1" 304 -
186.103.159.204 - - [24/Apr/2017:09:53:56 -0300] "GET /cormun/static/hpexe_recentlink.js?201610171694390 HTTP/1.1" 304 -
186.103.159.204 - - [24/Apr/2017:09:53:56 -0300] "GET /cormun/static/hpexe_scripts.js?201731711335890 HTTP/1.1" 304 -
186.103.159.204 - - [24/Apr/2017:09:53:56 -0300] "GET /cormun/static/hpexe_messagecontroller.js?201610171694323 HTTP/1.1" 304 -
186.103.159.204 - - [24/Apr/2017:09:53:56 -0300] "GET /cormun/static/hpexe_messagepopupcomponent.js?20161017169425 HTTP/1.1" 304 -
186.103.159.204 - - [24/Apr/2017:09:53:56 -0300] "GET /cormun/static/hpexe_messagegenexuscomponent.js?201731711335537 HTTP/1.1" 304 -
186.103.159.204 - - [24/Apr/2017:09:53:56 -0300] "GET /cormun/static/cmcontrolpreferences.js?201731711335852 HTTP/1.1" 304 -
186.103.159.204 - - [24/Apr/2017:09:53:56 -0300] "GET /cormun/static/hmpwkw03.js?201731711485354 HTTP/1.1" 304 -
186.103.159.204 - - [24/Apr/2017:09:53:56 -0300] "GET /cormun/servlet/hhome HTTP/1.1" 200 3988
186.103.159.46 - - [24/Apr/2017:09:53:57 -0300] "GET /cormun/servlet/trlicenciaspermisoslog?11888967,P,20170420094112, HTTP/1.1" 200 6541
186.103.159.46 - - [24/Apr/2017:09:53:57 -0300] "GET /cormun/static/gxcfg.js?201731711543185 HTTP/1.1" 200 953
186.103.159.46 - - [24/Apr/2017:09:53:57 -0300] "GET /cormun/static/trlicenciaspermisoslog.js?201731711543510 HTTP/1.1" 200 20014
186.103.159.46 - - [24/Apr/2017:09:53:58 -0300] "GET /cormun/servlet/trlicenciaspermisoslog?11888967,P,20170420094112, HTTP/1.1" 200 6541
186.79.247.57 - - [24/Apr/2017:09:54:02 -0300] "POST /cormun/servlet/solicitudot?gx-no-cache=1493038504624 HTTP/1.1" 200 297
186.79.247.57 - - [24/Apr/2017:09:54:02 -0300] "GET /cormun/servlet/solicitudot?601f926e2ff181d211ce794ec4e906709354a57e2aa0d93f17a88a8fa26e09f3ff7a627bd5aded6e810cb62099fffa56b501656d21074fe4d4203c7b41646ec1b810682bb2912df34ba10372120a0ba3538fabd98594b0fbe7e4c201ab135f4bea5249dacd786de9cdf7f434e839c29da14c019b66d76f9727c99b55d8a79ce9cb576305760bc2290b043e356c579a409a9afe999365a8dfe6806f2b4756a575328d0e3cd02bc08f629c07b1119186151a1467a154d1c46dc75d4eb4742544052221a2ea4920dbe51858fd1d9dbabdb2374f28dc50e132731c40ab9de498d4dcab0d8fb4e7b2e1109714d48f9c985fcb8e6bd0800e96097fb7b48aad644d9190b7dc498142a421a87dcac3ae9c2e4b63a7f34da54558da2ac6a0ddbcc193a7b3169e092bfe95de0a8c256bd9ef5b134a83d408caddd21e9f45d7eb29887ce1ace0d7f6ae0b28e1ad0c30a513eedfe850a487bedd0d3787cffd65100028015b9c86637d0336ab8e174e06177a00e8e3ea05d69b0a4096cda07a7eff1c1c92294ff8adff374a72d3e3154cf602323c73f8,gx-no-cache=1493038505048 HTTP/1.1" 200 30
192.168.10.13 - - [24/Apr/2017:09:54:03 -0300] "GET / HTTP/1.1" 200 11217
186.103.157.39 - - [24/Apr/2017:09:54:04 -0300] "GET /cormun/servlet/hlogin HTTP/1.1" 200 1744
186.79.247.57 - - [24/Apr/2017:09:54:04 -0300] "POST /cormun/servlet/solicitudot?gx-no-cache=1493038507164 HTTP/1.1" 200 30
186.103.159.204 - - [24/Apr/2017:09:54:05 -0300] "GET /cormun/servlet/trlicencias? HTTP/1.1" 200 6854
186.103.159.204 - - [24/Apr/2017:09:54:05 -0300] "GET /cormun/static/gxcfg.js?201741111445981 HTTP/1.1" 304 -
186.103.159.204 - - [24/Apr/2017:09:54:05 -0300] "GET /cormun/static/calendar.js?85251 HTTP/1.1" 304 -
186.103.159.204 - - [24/Apr/2017:09:54:05 -0300] "GET /cormun/static/calendar-setup.js?85251 HTTP/1.1" 304 -
186.103.159.204 - - [24/Apr/2017:09:54:05 -0300] "GET /cormun/static/calendar-es.js?85251 HTTP/1.1" 304 -
186.103.159.204 - - [24/Apr/2017:09:54:05 -0300] "GET /cormun/static/gxdec.js?85251 HTTP/1.1" 304 -
186.103.159.204 - - [24/Apr/2017:09:54:06 -0300] "GET /cormun/static/trlicencias.js?20174111145440 HTTP/1.1" 304 -
186.103.159.204 - - [24/Apr/2017:09:54:06 -0300] "GET /cormun/servlet/trlicencias? HTTP/1.1" 200 6853
186.79.247.57 - - [24/Apr/2017:09:54:07 -0300] "POST /cormun/servlet/solicitudot?gx-no-cache=1493038509563 HTTP/1.1" 200 235
186.79.247.57 - - [24/Apr/2017:09:54:07 -0300] "POST /cormun/servlet/solicitudot?gx-no-cache=1493038509738 HTTP/1.1" 200 38
186.103.159.46 - - [24/Apr/2017:09:54:07 -0300] "GET /cormun/servlet/trautorizarpermisogoce? HTTP/1.1" 200 8621
186.103.159.46 - - [24/Apr/2017:09:54:08 -0300] "GET /cormun/servlet/trautorizarpermisogoce? HTTP/1.1" 200 8620
186.103.159.46 - - [24/Apr/2017:09:54:14 -0300] "POST /cormun/servlet/trautorizarpermisogoce?3acc12e79187171aba83c5e379fd0e4a,,gx-no-cache=1493038516793 HTTP/1.1" 200 5734
186.103.159.46 - - [24/Apr/2017:09:54:14 -0300] "GET /cormun/static/Shared/jqueryui/images/ui-icons_82798d_256x240.png HTTP/1.1" 404 1089
186.103.159.46 - - [24/Apr/2017:09:54:14 -0300] "GET /cormun/static/Shared/jqueryui/images/ui-bg_highlight-soft_100_c6c2c8_1x100.png HTTP/1.1" 404 1117
186.103.159.46 - - [24/Apr/2017:09:54:14 -0300] "GET /cormun/static/Shared/jqueryui/images/ui-icons_8d78a5_256x240.png HTTP/1.1" 404 1089
186.103.159.46 - - [24/Apr/2017:09:54:14 -0300] "GET /cormun/static/Shared/jqueryui/images/ui-bg_flat_55_fafafa_40x100.png HTTP/1.1" 404 1097
186.103.157.39 - - [24/Apr/2017:09:54:18 -0300] "POST /cormun/servlet/hlogin?b0d6c07d76bde2e10654f2c535a2313a,gx-no-cache=1493038520342 HTTP/1.1" 200 90
186.103.157.39 - - [24/Apr/2017:09:54:18 -0300] "GET /cormun/servlet/hpexe_link HTTP/1.1" 200 951
186.103.157.39 - - [24/Apr/2017:09:54:18 -0300] "GET /cormun/servlet/hhome HTTP/1.1" 200 3739
186.103.157.39 - - [24/Apr/2017:09:54:19 -0300] "GET /cormun/servlet/hhome HTTP/1.1" 200 3735
186.103.159.46 - - [24/Apr/2017:09:54:20 -0300] "POST /cormun/servlet/trautorizarpermisogoce?3acc12e79187171aba83c5e379fd0e4a,,gx-no-cache=1493038523582 HTTP/1.1" 200 5534
186.103.157.39 - - [24/Apr/2017:09:54:25 -0300] "GET /cormun/servlet/trsolicitudot? HTTP/1.1" 200 6676
186.103.157.39 - - [24/Apr/2017:09:54:26 -0300] "GET /cormun/servlet/trsolicitudot? HTTP/1.1" 200 6676
186.103.159.46 - - [24/Apr/2017:09:54:33 -0300] "POST /cormun/servlet/trautorizarpermisogoce?3acc12e79187171aba83c5e379fd0e4a,,gx-no-cache=1493038535323 HTTP/1.1" 200 5173
186.67.172.234 - - [24/Apr/2017:09:54:37 -0300] "POST /cormun/servlet/trlicencias?400e3322a3a43a46c548ca3380cd848f,gx-no-cache=1493038539624 HTTP/1.1" 200 4062
