186.67.172.234 - - [24/Apr/2017:09:54:37 -0300] "GET /cormun/static/Shared/jqueryui/images/ui-icons_82798d_256x240.png HTTP/1.1" 404 1089
186.67.172.234 - - [24/Apr/2017:09:54:37 -0300] "GET /cormun/static/Shared/jqueryui/images/ui-bg_highlight-soft_100_c6c2c8_1x100.png HTTP/1.1" 404 1117
186.67.172.234 - - [24/Apr/2017:09:54:37 -0300] "GET /cormun/static/Shared/jqueryui/images/ui-bg_flat_55_fafafa_40x100.png HTTP/1.1" 404 1097
186.67.172.234 - - [24/Apr/2017:09:54:37 -0300] "GET /cormun/static/Shared/jqueryui/images/ui-icons_8d78a5_256x240.png HTTP/1.1" 404 1089
186.103.157.39 - - [24/Apr/2017:09:54:40 -0300] "GET /cormun/servlet/solicitudot?INS,0,0, HTTP/1.1" 200 12547
186.103.157.39 - - [24/Apr/2017:09:54:41 -0300] "GET /cormun/servlet/solicitudot?INS,0,0, HTTP/1.1" 200 12552
186.67.172.234 - - [24/Apr/2017:09:54:42 -0300] "GET /cormun/servlet/licenciaspermisos?INS,0,,, HTTP/1.1" 200 7164
186.103.159.46 - - [24/Apr/2017:09:54:45 -0300] "POST /cormun/servlet/trautorizarpermisogoce?3acc12e79187171aba83c5e379fd0e4a,,gx-no-cache=1493038547665 HTTP/1.1" 200 4911
186.79.247.57 - - [24/Apr/2017:09:54:50 -0300] "GET /cormun/servlet/solicitudot?601f926e2ff181d211ce794ec4e90670ee2f848d95e49e8cad36b00efbc7f5bfa1c9c7587af31388894c2d9db99350f0ff4e245d59f13155270c70dfac71d5b6b94dfabaea5f36a2ba3bbc1e74ea0cb503ed708b61203d8591fa95be3382d81a9c9371e096225f8493661591ce22946d,gx-no-cache=1493038552624 HTTP/1.1" 200 29
186.79.247.57 - - [24/Apr/2017:09:54:50 -0300] "POST /cormun/servlet/solicitudot?gx-no-cache=1493038552759 HTTP/1.1" 200 675
186.79.247.57 - - [24/Apr/2017:09:54:51 -0300] "POST /cormun/servlet/solicitudot?gx-no-cache=1493038554475 HTTP/1.1" 200 1157
186.103.159.204 - - [24/Apr/2017:09:54:52 -0300] "GET /cormun/static/menuarrow.gif HTTP/1.1" 404 1015
186.103.159.46 - - [24/Apr/2017:09:54:53 -0300] "POST /cormun/servlet/trautorizarpermisogoce?3acc12e79187171aba83c5e379fd0e4a,,gx-no-cache=1493038556131 HTTP/1.1" 200 129
186.103.159.46 - - [24/Apr/2017:09:54:53 -0300] "GET /cormun/servlet/licenciaspermisoslog?INS,9014931,P,20170413113700,0,NU, HTTP/1.1" 200 5869
186.103.159.46 - - [24/Apr/2017:09:54:54 -0300] "GET /cormun/servlet/licenciaspermisoslog?INS,9014931,P,20170413113700,0,NU, HTTP/1.1" 200 5869
186.103.157.39 - - [24/Apr/2017:09:54:58 -0300] "POST /cormun/servlet/solicitudot?gx-no-cache=1493038559974 HTTP/1.1" 200 3193
186.103.157.39 - - [24/Apr/2017:09:54:58 -0300] "POST /cormun/servlet/solicitudot?b0d6c07d76bde2e10654f2c535a2313a,INS,0,0,,gx-no-cache=1493038560345 HTTP/1.1" 200 9801
186.103.157.39 - - [24/Apr/2017:09:55:01 -0300] "GET /cormun/servlet/solicitudot?720b7d0545feca50652fac382905be2f63363e1cf91d678189608a4ad0e06feb22da027cd818be116586a855cb3da37d,gx-no-cache=1493038563729 HTTP/1.1" 200 30
186.103.157.39 - - [24/Apr/2017:09:55:01 -0300] "POST /cormun/servlet/solicitudot?gx-no-cache=1493038563856 HTTP/1.1" 200 255
186.103.157.39 - - [24/Apr/2017:09:55:02 -0300] "GET /cormun/servlet/solicitudot?720b7d0545feca50652fac382905be2f143092b78c011eeb542150b76614abaffcd774783687d2e02628317e9f4df8c233b9cbb5401602acddec891074475bca91d78b61286602c8c5d3902e576fc08907675006f86433e4cb9bddc2c9829f7c4e1ada0548c3aeb888771cf9f4f11d429efd88e05baaa2cdf048f669089f0c6adbf618efd873f3d9460c6afba8f9a30768f9b816687c13a889e1f4ec61edede36eb846381fae26c62a4f1e7e6b3fc75efd564f581c125e1988f270b531c11f52d5a32f57f36b6aa8c5426a4680f755eb0f769d9fd4959615d236cd69ee2cff369e286b2f5402ffb4564ec8201ea9b6e84c3cf437c98b3a8b80e9587e85ddd85ea0cc9c8696d156163bd23751d00de7df42b0884d26d5993f1f2046b9bf2fcf3909313357f0187f5e0b6af1145689b4304957bd798668c858282db03d364a3169cf23df9e35df7326abe0027324bfbaea2f909a3fe56fdac2b303a79d17f33a6b1ad9ca7fcc5ca16e4bf1c886c6d739d93c2dfbb9a40dd6db3527ecd0ef655a06,gx-no-cache=1493038563957 HTTP/1.1" 200 30
186.103.157.39 - - [24/Apr/2017:09:55:02 -0300] "POST /cormun/servlet/solicitudot?gx-no-cache=1493038564202 HTTP/1.1" 200 30
186.103.157.39 - - [24/Apr/2017:09:55:02 -0300] "POST /cormun/servlet/solicitudot?gx-no-cache=1493038564319 HTTP/1.1" 200 1292
186.103.157.39 - - [24/Apr/2017:09:55:02 -0300] "POST /cormun/servlet/solicitudot?gx-no-cache=1493038564442 HTTP/1.1" 200 38
186.103.159.46 - - [24/Apr/2017:09:55:02 -0300] "POST /cormun/servlet/licenciaspermisoslog?3acc12e79187171aba83c5e379fd0e4a,INS,9014931,P,20170413113700,0,NU,,gx-no-cache=1493038565734 HTTP/1.1" 200 93
186.103.159.46 - - [24/Apr/2017:09:55:03 -0300] "GET /cormun/servlet/hpexe_return? HTTP/1.1" 200 1048
186.103.159.46 - - [24/Apr/2017:09:55:03 -0300] "GET /cormun/servlet/trautorizarpermisogoce? HTTP/1.1" 200 7569
192.168.10.13 - - [24/Apr/2017:09:55:03 -0300] "GET / HTTP/1.1" 200 11217
186.103.159.46 - - [24/Apr/2017:09:55:03 -0300] "GET /cormun/servlet/trautorizarpermisogoce? HTTP/1.1" 200 7564
186.103.159.46 - - [24/Apr/2017:09:55:08 -0300] "GET /cormun/servlet/autorizarpermisogoce?DSP,9014931,P,20170413113721, HTTP/1.1" 200 5984
186.103.159.46 - - [24/Apr/2017:09:55:08 -0300] "GET /cormun/static/gxcfg.js?201741111324398 HTTP/1.1" 200 953
186.103.157.39 - - [24/Apr/2017:09:55:09 -0300] "POST /cormun/servlet/solicitudot?gx-no-cache=1493038571761 HTTP/1.1" 200 30
186.103.159.46 - - [24/Apr/2017:09:55:09 -0300] "GET /cormun/static/autorizarpermisogoce.js?201741111324419 HTTP/1.1" 200 15593
186.103.159.46 - - [24/Apr/2017:09:55:10 -0300] "GET /cormun/servlet/autorizarpermisogoce?DSP,9014931,P,20170413113721, HTTP/1.1" 200 5985
186.103.159.46 - - [24/Apr/2017:09:55:17 -0300] "POST /cormun/servlet/autorizarpermisogoce?3acc12e79187171aba83c5e379fd0e4a,DSP,9014931,P,20170413113721,,gx-no-cache=1493038580522 HTTP/1.1" 200 93
186.103.159.46 - - [24/Apr/2017:09:55:17 -0300] "GET /cormun/servlet/hpexe_return? HTTP/1.1" 200 1035
186.103.159.46 - - [24/Apr/2017:09:55:18 -0300] "GET /cormun/servlet/trautorizarpermisogoce HTTP/1.1" 200 7569
186.103.159.46 - - [24/Apr/2017:09:55:19 -0300] "GET /cormun/servlet/trautorizarpermisogoce HTTP/1.1" 200 7564
186.103.157.39 - - [24/Apr/2017:09:55:22 -0300] "GET /cormun/servlet/prsolicitudot?9712790,,,,,MD,,gxPopupLevel%3D0%3B HTTP/1.1" 200 5974
186.103.157.39 - - [24/Apr/2017:09:55:31 -0300] "POST /cormun/servlet/solicitudot?gx-no-cache=1493038593823 HTTP/1.1" 200 1290
186.103.159.46 - - [24/Apr/2017:09:55:32 -0300] "POST /cormun/servlet/trautorizarpermisogoce?3acc12e79187171aba83c5e379fd0e4a,gx-no-cache=1493038594674 HTTP/1.1" 200 129
186.103.157.39 - - [24/Apr/2017:09:55:32 -0300] "POST /cormun/servlet/solicitudot?gx-no-cache=1493038593971 HTTP/1.1" 200 38
186.103.157.39 - - [24/Apr/2017:09:55:32 -0300] "GET /cormun/servlet/solicitudot?720b7d0545feca50652fac382905be2f03a52f90c49553f0a97474a743ce79f6feb692efa36cb3c92b581e4a0589e3cbe18d3dc7276869132965e85be6318c03d93021f466c8b8df4a8f6efda8bb97e83a800a1cb55102832884a8b1b03f7e4260f474bad35779d5a220be24464f20bc454dd05acd021a22d59418c8e1b095e4576da95f1c4f4882a28853f3e911180a9f0368fac53c81ab4bb3c009501c1bdb12e50114f3d45223b4f1e2a97d85434260c873dd67c935f10e4c34e6863d453209a6cde5bfbbcac45bd79c641c0789e5,gx-no-cache=1493038594066 HTTP/1.1" 200 29
186.103.159.46 - - [24/Apr/2017:09:55:32 -0300] "GET /cormun/servlet/licenciaspermisoslog?INS,9014931,P,20170413113700,0,NU, HTTP/1.1" 200 5866
186.103.157.39 - - [24/Apr/2017:09:55:32 -0300] "POST /cormun/servlet/solicitudot?gx-no-cache=1493038594161 HTTP/1.1" 200 1274
186.103.157.39 - - [24/Apr/2017:09:55:32 -0300] "POST /cormun/servlet/solicitudot?gx-no-cache=1493038594277 HTTP/1.1" 200 1158
186.103.159.46 - - [24/Apr/2017:09:55:33 -0300] "GET /cormun/servlet/licenciaspermisoslog?INS,9014931,P,20170413113700,0,NU, HTTP/1.1" 200 5868
186.103.157.39 - - [24/Apr/2017:09:55:46 -0300] "POST /cormun/servlet/solicitudot?gx-no-cache=1493038608310 HTTP/1.1" 200 1274
186.103.157.39 - - [24/Apr/2017:09:55:46 -0300] "POST /cormun/servlet/solicitudot?gx-no-cache=1493038608421 HTTP/1.1" 200 1158
186.103.157.39 - - [24/Apr/2017:09:55:46 -0300] "GET /cormun/static/menuarrow.gif HTTP/1.1" 404 1015
186.103.157.39 - - [24/Apr/2017:09:55:51 -0300] "POST /cormun/servlet/solicitudot?gx-no-cache=1493038613324 HTTP/1.1" 200 1274
186.103.157.39 - - [24/Apr/2017:09:55:51 -0300] "POST /cormun/servlet/solicitudot?gx-no-cache=1493038613447 HTTP/1.1" 200 1158
192.168.10.13 - - [24/Apr/2017:09:56:03 -0300] "GET / HTTP/1.1" 200 11217
186.79.247.57 - - [24/Apr/2017:09:56:12 -0300] "GET /cormun/servlet/solicitudot?601f926e2ff181d211ce794ec4e90670fa8277e3f09dca1fc9bf279f8dc2bafda41addaae036acfd038b4652c4110b79d6b357e4f79c13c789a1243031c9100424d2f5697c3c05a23a3fbfacfd6e7db1229dda1e256862356d0a6b0d0586d0ce8cc2a879beb90b3a2860f92a210fd8b823a0679df3ad305d5d325000400450616192b8f5d8acdc6064736ed49cd2e460aca97b90e40f983ac07983c191cddc8784495607fffb22109dc3227eb4f0798e,gx-no-cache=1493038635423 HTTP/1.1" 200 30
186.103.159.204 - - [24/Apr/2017:09:56:22 -0300] "GET /cormun/servlet/licenciaspermisos?INS,0,,, HTTP/1.1" 200 7389
186.103.159.204 - - [24/Apr/2017:09:56:22 -0300] "GET /cormun/static/gxcfg.js?201741111445322 HTTP/1.1" 304 -
186.103.159.204 - - [24/Apr/2017:09:56:22 -0300] "GET /cormun/static/licenciaspermisos.js?201741111445392 HTTP/1.1" 304 -
186.103.159.204 - - [24/Apr/2017:09:56:22 -0300] "GET /cormun/servlet/licenciaspermisos?INS,0,,, HTTP/1.1" 200 7388
186.103.157.39 - - [24/Apr/2017:09:56:30 -0300] "GET /cormun/servlet/solicitudot?720b7d0545feca50652fac382905be2fbde5039108c57778cd4f5bc0b02a8164db1c8c7b96a9d1f8dc28c67c61ae4d9080804b257a2455696866e6a542e7edc819580a71fbd90b9dd2f32b5b42035a33c4b68bd0727d9ba9cb31809601487e66d24433abedbcf30455ed22617cede6ae0149825520dd5dd7e0e36a424c3aec3b30ef28760e70be90713b4a34a777bb0889efdf59fcfca08b2095ebff54b590e396edda8560e52555561f22990cbe891e,gx-no-cache=1493038652679 HTTP/1.1" 200 30
186.103.159.46 - - [24/Apr/2017:09:56:40 -0300] "GET /cormun/servlet/licenciaspermisoslog?e14af49c3432ad29b6f32ac2b5def316015ddbde1cced52efd1c1082d7a82a071642c0932ec2e1c91345f784f225514f4c97e38ebcc3fe943085c7fd8f8528e4d4f97645384bb8df2f21fdc0e4b6569ab648987a9cb0d350a0c5b6185a325d5b,gx-no-cache=1493038663538 HTTP/1.1" 200 120
186.103.159.46 - - [24/Apr/2017:09:56:40 -0300] "GET /cormun/static/Shared/jqueryui/images/ui-bg_highlight-soft_100_c6c2c8_1x100.png HTTP/1.1" 404 1117
186.103.159.46 - - [24/Apr/2017:09:56:40 -0300] "GET /cormun/static/Shared/jqueryui/images/ui-icons_82798d_256x240.png HTTP/1.1" 404 1089
186.103.159.46 - - [24/Apr/2017:09:56:40 -0300] "GET /cormun/static/Shared/jqueryui/images/ui-bg_flat_55_994d53_40x100.png HTTP/1.1" 404 1097
186.103.159.46 - - [24/Apr/2017:09:56:40 -0300] "GET /cormun/static/Shared/jqueryui/images/ui-icons_ebccce_256x240.png HTTP/1.1" 404 1089
186.103.159.46 - - [24/Apr/2017:09:56:40 -0300] "GET /cormun/servlet/licenciaspermisoslog?e14af49c3432ad29b6f32ac2b5def316015ddbde1cced52efd1c1082d7a82a071642c0932ec2e1c91345f784f225514f4c97e38ebcc3fe943085c7fd8f8528e4d4f97645384bb8df2f21fdc0e4b6569ab648987a9cb0d350a0c5b6185a325d5b,gx-no-cache=1493038663664 HTTP/1.1" 200 120
186.103.159.46 - - [24/Apr/2017:09:56:40 -0300] "POST /cormun/servlet/licenciaspermisoslog?3acc12e79187171aba83c5e379fd0e4a,INS,9014931,P,20170413113700,0,NU,,gx-no-cache=1493038663732 HTTP/1.1" 200 3783
186.79.247.57 - - [24/Apr/2017:09:56:49 -0300] "POST /cormun/servlet/solicitudot?842f16d715512bf7a75830a45b7c44f4,INS,0,0,,gx-no-cache=1493038671156 HTTP/1.1" 200 93
186.79.247.57 - - [24/Apr/2017:09:56:49 -0300] "GET /cormun/servlet/hpexe_return? HTTP/1.1" 200 1005
186.79.247.57 - - [24/Apr/2017:09:56:50 -0300] "GET /cormun/static/Resources/Spanish/PXTools.css?167811 HTTP/1.1" 304 -
186.79.247.57 - - [24/Apr/2017:09:56:50 -0300] "GET /cormun/static/gxcfg.js?2016101716175148 HTTP/1.1" 304 -
186.79.247.57 - - [24/Apr/2017:09:56:50 -0300] "GET /cormun/static/hpexe_return.js?2016101716175153 HTTP/1.1" 304 -
186.79.247.57 - - [24/Apr/2017:09:56:50 -0300] "GET /cormun/servlet/trsolicitudot HTTP/1.1" 200 7969
186.79.247.57 - - [24/Apr/2017:09:56:51 -0300] "GET /cormun/servlet/trsolicitudot HTTP/1.1" 200 7966
186.103.159.46 - - [24/Apr/2017:09:56:55 -0300] "POST /cormun/servlet/licenciaspermisoslog?3acc12e79187171aba83c5e379fd0e4a,INS,9014931,P,20170413113700,0,NU,,gx-no-cache=1493038678525 HTTP/1.1" 200 93
186.103.159.46 - - [24/Apr/2017:09:56:55 -0300] "GET /cormun/servlet/hpexe_return? HTTP/1.1" 200 1047
186.103.159.46 - - [24/Apr/2017:09:56:56 -0300] "GET /cormun/servlet/trautorizarpermisogoce HTTP/1.1" 200 7569
186.103.159.204 - - [24/Apr/2017:09:56:56 -0300] "GET /cormun/servlet/licenciaspermisos?eb4e13eeb54eb34e9145803919894b9e0eb364db3cb0392ec609e56cdb9d5f9a491a8c42ee60b39bf771fd2186d82aa9,gx-no-cache=1493038678910 HTTP/1.1" 200 68
186.103.159.46 - - [24/Apr/2017:09:56:56 -0300] "GET /cormun/servlet/trautorizarpermisogoce HTTP/1.1" 200 7564
186.103.159.204 - - [24/Apr/2017:09:56:57 -0300] "POST /cormun/servlet/licenciaspermisos?40be510e816260ebee6939551a710902,INS,0,,,,gx-no-cache=1493038679024 HTTP/1.1" 200 4625
186.103.157.39 - - [24/Apr/2017:09:57:00 -0300] "POST /cormun/servlet/solicitudot?b0d6c07d76bde2e10654f2c535a2313a,INS,0,0,,gx-no-cache=1493038681305 HTTP/1.1" 200 93
186.103.157.39 - - [24/Apr/2017:09:57:00 -0300] "GET /cormun/servlet/hpexe_return? HTTP/1.1" 200 1006
186.103.157.39 - - [24/Apr/2017:09:57:00 -0300] "GET /cormun/servlet/trsolicitudot HTTP/1.1" 200 7984
186.103.157.39 - - [24/Apr/2017:09:57:01 -0300] "GET /cormun/servlet/trsolicitudot HTTP/1.1" 200 7980
192.168.10.13 - - [24/Apr/2017:09:57:03 -0300] "GET / HTTP/1.1" 200 11217
186.103.159.46 - - [24/Apr/2017:09:57:09 -0300] "GET /cormun/servlet/trlicencias? HTTP/1.1" 200 6877
186.103.159.46 - - [24/Apr/2017:09:57:09 -0300] "GET /cormun/static/gxcfg.js?201741111445981 HTTP/1.1" 304 -
186.103.159.46 - - [24/Apr/2017:09:57:09 -0300] "GET /cormun/static/trlicencias.js?20174111145440 HTTP/1.1" 304 -
186.103.159.46 - - [24/Apr/2017:09:57:10 -0300] "GET /cormun/servlet/trlicencias? HTTP/1.1" 200 6876
186.103.157.39 - - [24/Apr/2017:09:57:16 -0300] "POST /cormun/servlet/trsolicitudot?b0d6c07d76bde2e10654f2c535a2313a,gx-no-cache=1493038698525 HTTP/1.1" 200 4138
186.103.157.39 - - [24/Apr/2017:09:57:17 -0300] "GET /cormun/static/Shared/jqueryui/images/ui-bg_highlight-soft_100_c6c2c8_1x100.png HTTP/1.1" 404 1117
186.103.157.39 - - [24/Apr/2017:09:57:17 -0300] "GET /cormun/static/Shared/jqueryui/images/ui-icons_82798d_256x240.png HTTP/1.1" 404 1089
186.103.157.39 - - [24/Apr/2017:09:57:17 -0300] "GET /cormun/static/Shared/jqueryui/images/ui-bg_flat_55_fafafa_40x100.png HTTP/1.1" 404 1097
186.103.157.39 - - [24/Apr/2017:09:57:17 -0300] "GET /cormun/static/Shared/jqueryui/images/ui-icons_8d78a5_256x240.png HTTP/1.1" 404 1089
186.103.157.39 - - [24/Apr/2017:09:57:17 -0300] "POST /cormun/servlet/trsolicitudot?b0d6c07d76bde2e10654f2c535a2313a,gx-no-cache=1493038699037 HTTP/1.1" 200 3925
186.103.159.46 - - [24/Apr/2017:09:57:17 -0300] "POST /cormun/servlet/trlicencias?3acc12e79187171aba83c5e379fd0e4a,,gx-no-cache=1493038699862 HTTP/1.1" 200 4109
186.103.159.46 - - [24/Apr/2017:09:57:20 -0300] "POST /cormun/servlet/trlicencias?3acc12e79187171aba83c5e379fd0e4a,,gx-no-cache=1493038703310 HTTP/1.1" 200 4109
186.103.159.46 - - [24/Apr/2017:09:57:24 -0300] "POST /cormun/servlet/trlicencias?3acc12e79187171aba83c5e379fd0e4a,,gx-no-cache=1493038707009 HTTP/1.1" 200 6542
186.103.157.39 - - [24/Apr/2017:09:57:30 -0300] "GET /cormun/servlet/hlogin HTTP/1.1" 200 1738
186.103.157.39 - - [24/Apr/2017:09:57:48 -0300] "POST /cormun/servlet/hlogin?b0d6c07d76bde2e10654f2c535a2313a,gx-no-cache=1493038730287 HTTP/1.1" 200 90
186.103.157.39 - - [24/Apr/2017:09:57:48 -0300] "GET /cormun/servlet/hpexe_link HTTP/1.1" 200 951
186.103.157.39 - - [24/Apr/2017:09:57:48 -0300] "GET /cormun/servlet/hhome HTTP/1.1" 200 3948
186.103.157.39 - - [24/Apr/2017:09:57:49 -0300] "GET /cormun/servlet/hhome HTTP/1.1" 200 3944
186.103.157.39 - - [24/Apr/2017:09:57:54 -0300] "GET /cormun/servlet/trautorizarsolicitud? HTTP/1.1" 200 8122
186.103.157.39 - - [24/Apr/2017:09:57:55 -0300] "GET /cormun/servlet/trautorizarsolicitud? HTTP/1.1" 200 8120
192.168.10.13 - - [24/Apr/2017:09:58:03 -0300] "GET / HTTP/1.1" 200 11217
186.103.157.39 - - [24/Apr/2017:09:58:04 -0300] "POST /cormun/servlet/trautorizarsolicitud?b0d6c07d76bde2e10654f2c535a2313a,,gx-no-cache=1493038746540 HTTP/1.1" 200 4303
186.103.157.39 - - [24/Apr/2017:09:58:04 -0300] "GET /cormun/static/Shared/jqueryui/images/ui-bg_highlight-soft_100_c6c2c8_1x100.png HTTP/1.1" 404 1117
186.103.157.39 - - [24/Apr/2017:09:58:04 -0300] "GET /cormun/static/Shared/jqueryui/images/ui-bg_flat_55_fafafa_40x100.png HTTP/1.1" 404 1097
186.103.157.39 - - [24/Apr/2017:09:58:04 -0300] "GET /cormun/static/Shared/jqueryui/images/ui-icons_8d78a5_256x240.png HTTP/1.1" 404 1089
186.103.157.39 - - [24/Apr/2017:09:58:04 -0300] "GET /cormun/static/Shared/jqueryui/images/ui-icons_82798d_256x240.png HTTP/1.1" 404 1089
186.103.157.39 - - [24/Apr/2017:09:58:05 -0300] "POST /cormun/servlet/trautorizarsolicitud?b0d6c07d76bde2e10654f2c535a2313a,,gx-no-cache=1493038746873 HTTP/1.1" 200 4090
186.79.247.57 - - [24/Apr/2017:09:58:08 -0300] "POST /cormun/servlet/trsolicitudot?842f16d715512bf7a75830a45b7c44f4,gx-no-cache=1493038750492 HTTP/1.1" 200 106
186.79.247.57 - - [24/Apr/2017:09:58:08 -0300] "GET /cormun/servlet/trsolicitudadjuntos?2017,6175, HTTP/1.1" 200 5851
186.79.247.57 - - [24/Apr/2017:09:58:08 -0300] "GET /cormun/static/gxcfg.js?201731711504543 HTTP/1.1" 200 953
186.79.247.57 - - [24/Apr/2017:09:58:08 -0300] "GET /cormun/static/trsolicitudadjuntos.js?201731711504951 HTTP/1.1" 304 -
186.79.247.57 - - [24/Apr/2017:09:58:09 -0300] "GET /cormun/servlet/trsolicitudadjuntos?2017,6175, HTTP/1.1" 200 5851
186.79.247.57 - - [24/Apr/2017:09:58:13 -0300] "GET /cormun/servlet/solicitudotadjuntos?INS,2017,6175,,1, HTTP/1.1" 200 5788
186.79.247.57 - - [24/Apr/2017:09:58:13 -0300] "GET /cormun/static/gxcfg.js?201612218465951 HTTP/1.1" 200 953
186.79.247.57 - - [24/Apr/2017:09:58:13 -0300] "GET /cormun/static/solicitudotadjuntos.js?201612218465969 HTTP/1.1" 304 -
186.79.247.57 - - [24/Apr/2017:09:58:13 -0300] "GET /cormun/static/about:blank HTTP/1.1" 404 1011
186.79.247.57 - - [24/Apr/2017:09:58:14 -0300] "GET /cormun/servlet/solicitudotadjuntos?INS,2017,6175,,1, HTTP/1.1" 200 5782
186.79.247.57 - - [24/Apr/2017:09:58:14 -0300] "GET /cormun/servlet/solicitudotadjuntos?601f926e2ff181d211ce794ec4e9067095e2074ce9819aed038addf4bd1fc0c80ed16c89dc08e9ee973e42ae2f973c36,gx-no-cache=1493038757055 HTTP/1.1" 200 30
186.79.247.57 - - [24/Apr/2017:09:58:15 -0300] "POST /cormun/servlet/solicitudotadjuntos?842f16d715512bf7a75830a45b7c44f4,INS,2017,6175,,1,,gx-no-cache=1493038757175 HTTP/1.1" 200 3639
186.79.247.57 - - [24/Apr/2017:09:58:17 -0300] "POST /cormun/servlet/solicitudotadjuntos?gx-no-cache=1493038760140 HTTP/1.1" 200 26
186.103.157.39 - - [24/Apr/2017:09:58:41 -0300] "GET /cormun/servlet/hlogin HTTP/1.1" 200 1744
186.103.157.39 - - [24/Apr/2017:09:59:01 -0300] "POST /cormun/servlet/hlogin?b0d6c07d76bde2e10654f2c535a2313a,gx-no-cache=1493038803056 HTTP/1.1" 200 90
186.103.157.39 - - [24/Apr/2017:09:59:01 -0300] "GET /cormun/servlet/hpexe_link HTTP/1.1" 200 951
186.103.157.39 - - [24/Apr/2017:09:59:01 -0300] "GET /cormun/servlet/hhome HTTP/1.1" 200 3739
186.103.157.39 - - [24/Apr/2017:09:59:02 -0300] "GET /cormun/servlet/hhome HTTP/1.1" 200 3735
192.168.10.13 - - [24/Apr/2017:09:59:03 -0300] "GET / HTTP/1.1" 200 11217
157.55.39.156 - - [24/Apr/2017:09:59:04 -0300] "GET /cormun/servlet/trlicenciaspermisosadjuntos?14479174,20170323000000,L, HTTP/1.1" 200 6038
186.103.157.39 - - [24/Apr/2017:09:59:08 -0300] "GET /cormun/servlet/trlicencias? HTTP/1.1" 200 6573
186.103.157.39 - - [24/Apr/2017:09:59:09 -0300] "GET /cormun/static/gxcfg.js?201741111445981 HTTP/1.1" 200 953
186.103.157.39 - - [24/Apr/2017:09:59:09 -0300] "GET /cormun/static/trlicencias.js?20174111145440 HTTP/1.1" 200 37913
186.103.157.39 - - [24/Apr/2017:09:59:09 -0300] "GET /cormun/servlet/trlicencias? HTTP/1.1" 200 6572
186.103.159.204 - - [24/Apr/2017:09:59:16 -0300] "GET /cormun/static/menuarrow.gif HTTP/1.1" 404 1015
192.168.10.13 - - [24/Apr/2017:10:00:03 -0300] "GET / HTTP/1.1" 200 11217
186.79.247.57 - - [24/Apr/2017:10:00:17 -0300] "GET /cormun/servlet/solicitudotadjuntos?601f926e2ff181d211ce794ec4e906701c4721d5c833019d7a98c192a85ff188,gx-no-cache=1493038880054 HTTP/1.1" 200 30
186.79.247.57 - - [24/Apr/2017:10:00:17 -0300] "GET /cormun/servlet/solicitudotadjuntos?601f926e2ff181d211ce794ec4e906701c4721d5c833019d7a98c192a85ff188,gx-no-cache=1493038880430 HTTP/1.1" 200 30
186.79.247.57 - - [24/Apr/2017:10:00:28 -0300] "POST /cormun/servlet/solicitudotadjuntos?842f16d715512bf7a75830a45b7c44f4,INS,2017,6175,,1, HTTP/1.1" 200 116
186.79.247.57 - - [24/Apr/2017:10:00:28 -0300] "GET /cormun/servlet/hpexe_return? HTTP/1.1" 200 1022
186.79.247.57 - - [24/Apr/2017:10:00:28 -0300] "GET /cormun/servlet/trsolicitudadjuntos?2017,6175, HTTP/1.1" 200 7958
186.79.247.57 - - [24/Apr/2017:10:00:29 -0300] "GET /cormun/servlet/trsolicitudadjuntos?2017,6175, HTTP/1.1" 200 7954
186.79.247.57 - - [24/Apr/2017:10:00:40 -0300] "GET /cormun/servlet/solicitudotadjuntos?INS,2017,6175,,1, HTTP/1.1" 200 5788
186.79.247.57 - - [24/Apr/2017:10:00:41 -0300] "GET /cormun/static/about:blank HTTP/1.1" 404 1011
186.79.247.57 - - [24/Apr/2017:10:00:41 -0300] "GET /cormun/servlet/solicitudotadjuntos?INS,2017,6175,,1, HTTP/1.1" 200 5782
186.79.247.57 - - [24/Apr/2017:10:00:41 -0300] "GET /cormun/servlet/solicitudotadjuntos?601f926e2ff181d211ce794ec4e9067095e2074ce9819aed038addf4bd1fc0c80ed16c89dc08e9ee973e42ae2f973c36,gx-no-cache=1493038904320 HTTP/1.1" 200 30
186.79.247.57 - - [24/Apr/2017:10:00:42 -0300] "POST /cormun/servlet/solicitudotadjuntos?842f16d715512bf7a75830a45b7c44f4,INS,2017,6175,,1,,gx-no-cache=1493038904449 HTTP/1.1" 200 3640
186.79.247.57 - - [24/Apr/2017:10:00:45 -0300] "POST /cormun/servlet/solicitudotadjuntos?gx-no-cache=1493038907974 HTTP/1.1" 200 26
186.79.247.57 - - [24/Apr/2017:10:00:53 -0300] "GET /cormun/servlet/solicitudotadjuntos?601f926e2ff181d211ce794ec4e906701c4721d5c833019d7a98c192a85ff188,gx-no-cache=1493038915399 HTTP/1.1" 200 30
186.79.247.57 - - [24/Apr/2017:10:00:53 -0300] "GET /cormun/servlet/solicitudotadjuntos?601f926e2ff181d211ce794ec4e906701c4721d5c833019d7a98c192a85ff188,gx-no-cache=1493038915921 HTTP/1.1" 200 30
192.168.10.13 - - [24/Apr/2017:10:01:03 -0300] "GET / HTTP/1.1" 200 11217
186.79.247.57 - - [24/Apr/2017:10:01:12 -0300] "POST /cormun/servlet/solicitudotadjuntos?842f16d715512bf7a75830a45b7c44f4,INS,2017,6175,,1, HTTP/1.1" 200 116
186.79.247.57 - - [24/Apr/2017:10:01:13 -0300] "GET /cormun/servlet/hpexe_return? HTTP/1.1" 200 1022
186.79.247.57 - - [24/Apr/2017:10:01:13 -0300] "GET /cormun/servlet/trsolicitudadjuntos?2017,6175, HTTP/1.1" 200 8187
186.79.247.57 - - [24/Apr/2017:10:01:14 -0300] "GET /cormun/servlet/trsolicitudadjuntos?2017,6175, HTTP/1.1" 200 8180
186.103.157.39 - - [24/Apr/2017:10:01:17 -0300] "GET /cormun/servlet/trlicencias? HTTP/1.1" 200 6572
186.103.157.39 - - [24/Apr/2017:10:01:18 -0300] "GET /cormun/servlet/trlicencias? HTTP/1.1" 200 6572
186.79.247.57 - - [24/Apr/2017:10:01:20 -0300] "GET /cormun/servlet/solicitudotadjuntos?INS,2017,6175,,1, HTTP/1.1" 200 5788
186.79.247.57 - - [24/Apr/2017:10:01:21 -0300] "GET /cormun/static/about:blank HTTP/1.1" 404 1011
186.79.247.57 - - [24/Apr/2017:10:01:21 -0300] "GET /cormun/servlet/solicitudotadjuntos?INS,2017,6175,,1, HTTP/1.1" 200 5782
186.79.247.57 - - [24/Apr/2017:10:01:21 -0300] "GET /cormun/servlet/solicitudotadjuntos?601f926e2ff181d211ce794ec4e9067095e2074ce9819aed038addf4bd1fc0c80ed16c89dc08e9ee973e42ae2f973c36,gx-no-cache=1493038944405 HTTP/1.1" 200 30
186.79.247.57 - - [24/Apr/2017:10:01:22 -0300] "POST /cormun/servlet/solicitudotadjuntos?842f16d715512bf7a75830a45b7c44f4,INS,2017,6175,,1,,gx-no-cache=1493038944527 HTTP/1.1" 200 3640
186.103.159.204 - - [24/Apr/2017:10:01:22 -0300] "GET /cormun/servlet/licenciaspermisos?eb4e13eeb54eb34e9145803919894b9e65e29a21446a4a46965126f304ded2b681df966c451b9b771cba6a0770e339533a9bc0bf10c275b2a89a57596eddbf23ec27aa87dc1668ac3778d3857edbb7dac22e50661c0531b0e6c41c4c00a7b1f735888a6830dfb659ec647e6e15335b3d411e0b06d7e4e4932c43f08526c1c49bdc812494bdef9eaba37477b29deab99806880ce8b16f34d57fd8e0270173ee948367630d5ed99cf00975bf7dafe7642c,gx-no-cache=1493038944710 HTTP/1.1" 200 30
186.103.159.204 - - [24/Apr/2017:10:01:23 -0300] "GET /cormun/servlet/licenciaspermisos?eb4e13eeb54eb34e9145803919894b9ec89b0304391fe1b63fac60d80d1e4f9280f2002bcf34474605db6c0506d3098c9aa00ea6f0919fbcbfb75fbbe1c839e2946644bab42c914bafc524c26d92c777734b8efb62b86941737ff7e1b1a53f739a5c23098360f73418e3ae0690ba686457d1595ef41a4b3742535e1811acaca724a28357761f4bde4df08d9655a2d784205a5042ddc8d759295a57af61675e092e427b4ed75fc3b98f6b3a5486c0b078,gx-no-cache=1493038945393 HTTP/1.1" 200 29
186.103.159.204 - - [24/Apr/2017:10:01:23 -0300] "POST /cormun/servlet/licenciaspermisos?40be510e816260ebee6939551a710902,INS,0,,,,gx-no-cache=1493038945752 HTTP/1.1" 200 4795
186.103.159.204 - - [24/Apr/2017:10:01:23 -0300] "GET /cormun/static/Shared/jqueryui/images/ui-bg_highlight-soft_100_c6c2c8_1x100.png HTTP/1.1" 404 1117
186.103.159.204 - - [24/Apr/2017:10:01:23 -0300] "GET /cormun/static/Shared/jqueryui/images/ui-icons_82798d_256x240.png HTTP/1.1" 404 1089
186.103.159.204 - - [24/Apr/2017:10:01:23 -0300] "GET /cormun/static/Shared/jqueryui/images/ui-bg_flat_55_994d53_40x100.png HTTP/1.1" 404 1097
186.103.159.204 - - [24/Apr/2017:10:01:23 -0300] "GET /cormun/static/Shared/jqueryui/images/ui-icons_ebccce_256x240.png HTTP/1.1" 404 1089
186.79.247.57 - - [24/Apr/2017:10:01:24 -0300] "POST /cormun/servlet/solicitudotadjuntos?gx-no-cache=1493038946871 HTTP/1.1" 200 26
186.79.247.57 - - [24/Apr/2017:10:01:35 -0300] "POST /cormun/servlet/solicitudotadjuntos?gx-no-cache=1493038958082 HTTP/1.1" 200 26
186.79.247.57 - - [24/Apr/2017:10:01:43 -0300] "GET /cormun/servlet/solicitudotadjuntos?601f926e2ff181d211ce794ec4e906701c4721d5c833019d7a98c192a85ff188,gx-no-cache=1493038965479 HTTP/1.1" 200 30
186.79.247.57 - - [24/Apr/2017:10:01:43 -0300] "GET /cormun/servlet/solicitudotadjuntos?601f926e2ff181d211ce794ec4e906701c4721d5c833019d7a98c192a85ff188,gx-no-cache=1493038966375 HTTP/1.1" 200 30
186.103.157.39 - - [24/Apr/2017:10:01:50 -0300] "GET /cormun/servlet/licenciaspermisos?INS,0,,, HTTP/1.1" 200 7123
186.103.157.39 - - [24/Apr/2017:10:01:50 -0300] "GET /cormun/static/gxcfg.js?201741111445322 HTTP/1.1" 200 953
186.103.157.39 - - [24/Apr/2017:10:01:50 -0300] "GET /cormun/static/licenciaspermisos.js?201741111445392 HTTP/1.1" 200 34444
186.103.157.39 - - [24/Apr/2017:10:01:51 -0300] "GET /cormun/servlet/licenciaspermisos?INS,0,,, HTTP/1.1" 200 7123
186.103.159.204 - - [24/Apr/2017:10:02:03 -0300] "GET /cormun/servlet/licenciaspermisos?eb4e13eeb54eb34e9145803919894b9e65e29a21446a4a46965126f304ded2b681df966c451b9b771cba6a0770e339533a9bc0bf10c275b2a89a57596eddbf23ec27aa87dc1668ac3778d3857edbb7dac22e50661c0531b0e6c41c4c00a7b1f7e70ed09d13946352a19a63e976c86ce5411e0b06d7e4e4932c43f08526c1c49bc36d91b1b13d6be61d0b33f0eab2664e389075a7b66d714a7f76a4c2139ab6517bd29ab3b5764e91b1b10ce54ad309bbffd2073d5ecb52f20082bd32ffe1ed3ed28d0e6794305180b1273af12f4d94bfeb3afd05dca661759633937aca1744b8,gx-no-cache=1493038985654 HTTP/1.1" 200 30
186.103.159.204 - - [24/Apr/2017:10:02:03 -0300] "GET /cormun/servlet/licenciaspermisos?eb4e13eeb54eb34e9145803919894b9ec89b0304391fe1b63fac60d80d1e4f9280f2002bcf34474605db6c0506d3098c9aa00ea6f0919fbcbfb75fbbe1c839e2946644bab42c914bafc524c26d92c777734b8efb62b86941737ff7e1b1a53f73d8b1bcf8296546fbed4b3ee1f85b298d57d1595ef41a4b3742535e1811acaca7b74ad5aa5c46fdcdd89f51ecf62716db46a5ea6856e771c557814c8f59ba6332180cbe299b15f5cc9f8d1dcf585ee77f804c361f90a2c0c77d158862a425dbf8a06c15732f2800cf71585bffaf467ce9e051f84d1e830b37c6fb5f6a04fb426d,gx-no-cache=1493038985792 HTTP/1.1" 200 29
192.168.10.13 - - [24/Apr/2017:10:02:03 -0300] "GET / HTTP/1.1" 200 11217
186.103.159.204 - - [24/Apr/2017:10:02:03 -0300] "POST /cormun/servlet/licenciaspermisos?40be510e816260ebee6939551a710902,INS,0,,,,gx-no-cache=1493038985831 HTTP/1.1" 200 4784
186.79.247.57 - - [24/Apr/2017:10:02:05 -0300] "POST /cormun/servlet/solicitudotadjuntos?842f16d715512bf7a75830a45b7c44f4,INS,2017,6175,,1, HTTP/1.1" 200 116
186.79.247.57 - - [24/Apr/2017:10:02:06 -0300] "GET /cormun/servlet/hpexe_return? HTTP/1.1" 200 1022
186.79.247.57 - - [24/Apr/2017:10:02:06 -0300] "GET /cormun/servlet/trsolicitudadjuntos?2017,6175, HTTP/1.1" 200 8351
186.79.247.57 - - [24/Apr/2017:10:02:09 -0300] "GET /cormun/servlet/trsolicitudadjuntos?2017,6175, HTTP/1.1" 200 8349
186.103.157.39 - - [24/Apr/2017:10:02:12 -0300] "GET /cormun/servlet/licenciaspermisos?5a85bf1434f7bc1c5d00835e00a768d3fcc63bf7abe1b641f4e0cf084b95e6c47334f67c194ea6babe17baccac16c1a8,gx-no-cache=1493038994038 HTTP/1.1" 200 68
186.103.157.39 - - [24/Apr/2017:10:02:12 -0300] "POST /cormun/servlet/licenciaspermisos?b0d6c07d76bde2e10654f2c535a2313a,INS,0,,,,gx-no-cache=1493038994137 HTTP/1.1" 200 4412
186.79.247.57 - - [24/Apr/2017:10:02:13 -0300] "GET /cormun/servlet/solicitudotadjuntos?INS,2017,6175,,1, HTTP/1.1" 200 5789
186.79.247.57 - - [24/Apr/2017:10:02:15 -0300] "GET /cormun/static/about:blank HTTP/1.1" 404 1011
186.79.247.57 - - [24/Apr/2017:10:02:16 -0300] "GET /cormun/servlet/solicitudotadjuntos?INS,2017,6175,,1, HTTP/1.1" 200 5783
186.79.247.57 - - [24/Apr/2017:10:02:16 -0300] "GET /cormun/servlet/solicitudotadjuntos?601f926e2ff181d211ce794ec4e9067095e2074ce9819aed038addf4bd1fc0c80ed16c89dc08e9ee973e42ae2f973c36,gx-no-cache=1493038999222 HTTP/1.1" 200 30
186.79.247.57 - - [24/Apr/2017:10:02:18 -0300] "POST /cormun/servlet/solicitudotadjuntos?842f16d715512bf7a75830a45b7c44f4,INS,2017,6175,,1,,gx-no-cache=1493039000325 HTTP/1.1" 200 3641
186.79.247.57 - - [24/Apr/2017:10:02:25 -0300] "POST /cormun/servlet/solicitudotadjuntos?gx-no-cache=1493039008079 HTTP/1.1" 200 26
186.79.247.57 - - [24/Apr/2017:10:02:34 -0300] "GET /cormun/servlet/solicitudotadjuntos?601f926e2ff181d211ce794ec4e906701c4721d5c833019d7a98c192a85ff188,gx-no-cache=1493039016587 HTTP/1.1" 200 30
186.79.247.57 - - [24/Apr/2017:10:02:34 -0300] "GET /cormun/servlet/solicitudotadjuntos?601f926e2ff181d211ce794ec4e906701c4721d5c833019d7a98c192a85ff188,gx-no-cache=1493039016933 HTTP/1.1" 200 30
186.79.247.57 - - [24/Apr/2017:10:02:47 -0300] "POST /cormun/servlet/solicitudotadjuntos?842f16d715512bf7a75830a45b7c44f4,INS,2017,6175,,1, HTTP/1.1" 200 116
186.79.247.57 - - [24/Apr/2017:10:02:47 -0300] "GET /cormun/servlet/hpexe_return? HTTP/1.1" 200 1022
186.79.247.57 - - [24/Apr/2017:10:02:48 -0300] "GET /cormun/servlet/trsolicitudadjuntos?2017,6175, HTTP/1.1" 200 8501
186.79.247.57 - - [24/Apr/2017:10:02:49 -0300] "GET /cormun/servlet/trsolicitudadjuntos?2017,6175, HTTP/1.1" 200 8496
186.103.157.39 - - [24/Apr/2017:10:02:51 -0300] "GET /cormun/static/menuarrow.gif HTTP/1.1" 404 1015
186.103.159.204 - - [24/Apr/2017:10:03:00 -0300] "GET /cormun/servlet/licenciaspermisos?eb4e13eeb54eb34e9145803919894b9e65e29a21446a4a46965126f304ded2b681df966c451b9b771cba6a0770e339533a9bc0bf10c275b2a89a57596eddbf23ec27aa87dc1668ac3778d3857edbb7dac22e50661c0531b0e6c41c4c00a7b1f7e70ed09d13946352a19a63e976c86ce5411e0b06d7e4e4932c43f08526c1c49bc36d91b1b13d6be61d0b33f0eab2664e389075a7b66d714a7f76a4c2139ab6517bd29ab3b5764e91b1b10ce54ad309bbffd2073d5ecb52f20082bd32ffe1ed3ed28d0e6794305180b1273af12f4d94bfeb3afd05dca661759633937aca1744b8,gx-no-cache=1493039042967 HTTP/1.1" 200 30
186.103.159.204 - - [24/Apr/2017:10:03:00 -0300] "GET /cormun/servlet/licenciaspermisos?eb4e13eeb54eb34e9145803919894b9ec89b0304391fe1b63fac60d80d1e4f9280f2002bcf34474605db6c0506d3098c9aa00ea6f0919fbcbfb75fbbe1c839e2946644bab42c914bafc524c26d92c777734b8efb62b86941737ff7e1b1a53f73d8b1bcf8296546fbed4b3ee1f85b298d57d1595ef41a4b3742535e1811acaca7b74ad5aa5c46fdcdd89f51ecf62716db46a5ea6856e771c557814c8f59ba6332180cbe299b15f5cc9f8d1dcf585ee77f804c361f90a2c0c77d158862a425dbf8a06c15732f2800cf71585bffaf467ce9e051f84d1e830b37c6fb5f6a04fb426d,gx-no-cache=1493039043048 HTTP/1.1" 200 29
186.103.159.204 - - [24/Apr/2017:10:03:01 -0300] "POST /cormun/servlet/licenciaspermisos?40be510e816260ebee6939551a710902,INS,0,,,,gx-no-cache=1493039043087 HTTP/1.1" 200 93
186.103.159.204 - - [24/Apr/2017:10:03:01 -0300] "GET /cormun/servlet/hpexe_return? HTTP/1.1" 200 1011
186.103.159.204 - - [24/Apr/2017:10:03:01 -0300] "GET /cormun/static/Resources/Spanish/PXTools.css?167811 HTTP/1.1" 304 -
186.103.159.204 - - [24/Apr/2017:10:03:01 -0300] "GET /cormun/static/gxcfg.js?2016101716175148 HTTP/1.1" 304 -
186.103.159.204 - - [24/Apr/2017:10:03:01 -0300] "GET /cormun/static/hpexe_return.js?2016101716175153 HTTP/1.1" 304 -
186.103.159.204 - - [24/Apr/2017:10:03:01 -0300] "GET /cormun/servlet/trlicencias HTTP/1.1" 200 7991
186.79.247.57 - - [24/Apr/2017:10:03:01 -0300] "GET /cormun/servlet/solicitudotadjuntos?INS,2017,6175,,1, HTTP/1.1" 200 5789
186.103.159.204 - - [24/Apr/2017:10:03:01 -0300] "GET /cormun/servlet/trlicencias HTTP/1.1" 200 7987
186.79.247.57 - - [24/Apr/2017:10:03:02 -0300] "GET /cormun/static/about:blank HTTP/1.1" 404 1011
186.79.247.57 - - [24/Apr/2017:10:03:02 -0300] "GET /cormun/servlet/solicitudotadjuntos?INS,2017,6175,,1, HTTP/1.1" 200 5783
186.79.247.57 - - [24/Apr/2017:10:03:02 -0300] "GET /cormun/servlet/solicitudotadjuntos?601f926e2ff181d211ce794ec4e9067095e2074ce9819aed038addf4bd1fc0c80ed16c89dc08e9ee973e42ae2f973c36,gx-no-cache=1493039045394 HTTP/1.1" 200 30
186.79.247.57 - - [24/Apr/2017:10:03:03 -0300] "POST /cormun/servlet/solicitudotadjuntos?842f16d715512bf7a75830a45b7c44f4,INS,2017,6175,,1,,gx-no-cache=1493039045506 HTTP/1.1" 200 3640
192.168.10.13 - - [24/Apr/2017:10:03:03 -0300] "GET / HTTP/1.1" 200 11217
186.79.247.57 - - [24/Apr/2017:10:03:06 -0300] "POST /cormun/servlet/solicitudotadjuntos?gx-no-cache=1493039048740 HTTP/1.1" 200 26
192.168.10.96 - - [24/Apr/2017:10:03:10 -0300] "GET /cormun/servlet/wbconsulta? HTTP/1.1" 200 5179
192.168.10.96 - - [24/Apr/2017:10:03:11 -0300] "GET /cormun/servlet/wbconsulta? HTTP/1.1" 200 5161
186.79.247.57 - - [24/Apr/2017:10:03:16 -0300] "POST /cormun/servlet/solicitudotadjuntos?gx-no-cache=1493039056927 HTTP/1.1" 200 26
192.168.10.96 - - [24/Apr/2017:10:03:16 -0300] "POST /cormun/servlet/wbconsulta?52e975a4eeafb5e076690d222b99afff,,gx-no-cache=1493042267290 HTTP/1.1" 200 104
192.168.10.96 - - [24/Apr/2017:10:03:16 -0300] "GET /cormun/servlet/vevisualizador?2017,6149, HTTP/1.1" 200 8547
192.168.10.96 - - [24/Apr/2017:10:03:16 -0300] "GET /cormun/pexe_scrolldiv.js HTTP/1.1" 404 1009
192.168.10.96 - - [24/Apr/2017:10:03:17 -0300] "GET /cormun/pexe_scrolldiv.js HTTP/1.1" 404 1009
192.168.10.96 - - [24/Apr/2017:10:03:17 -0300] "GET /cormun/servlet/vevisualizador?2017,6149, HTTP/1.1" 200 8547
192.168.10.96 - - [24/Apr/2017:10:03:18 -0300] "GET /cormun/servlet/vevisualizador?2017,6149,,SolicitudOTAdjuntos HTTP/1.1" 200 10340
192.168.10.96 - - [24/Apr/2017:10:03:18 -0300] "GET /cormun/pexe_scrolldiv.js HTTP/1.1" 404 1009
192.168.10.96 - - [24/Apr/2017:10:03:19 -0300] "GET /cormun/pexe_scrolldiv.js HTTP/1.1" 404 1009
192.168.10.96 - - [24/Apr/2017:10:03:19 -0300] "GET /cormun/servlet/vevisualizador?2017,6149,,SolicitudOTAdjuntos HTTP/1.1" 200 10337
192.168.10.96 - - [24/Apr/2017:10:03:20 -0300] "POST /cormun/servlet/acontrolpreferencessavestate?None,DZAMUDIO,true HTTP/1.1" 200 35
192.168.10.96 - - [24/Apr/2017:10:03:20 -0300] "GET /cormun/PublicTempStorage/c.i5854754.pdf HTTP/1.1" 200 394241
186.79.247.57 - - [24/Apr/2017:10:03:22 -0300] "GET /cormun/servlet/solicitudotadjuntos?601f926e2ff181d211ce794ec4e906701c4721d5c833019d7a98c192a85ff188,gx-no-cache=1493039064483 HTTP/1.1" 200 30
186.79.247.57 - - [24/Apr/2017:10:03:22 -0300] "GET /cormun/servlet/solicitudotadjuntos?601f926e2ff181d211ce794ec4e906701c4721d5c833019d7a98c192a85ff188,gx-no-cache=1493039064674 HTTP/1.1" 200 30
192.168.10.96 - - [24/Apr/2017:10:03:24 -0300] "GET /cormun/servlet/vevisualizador?2017,6149,,SolicitudOTAdjuntos HTTP/1.1" 200 10339
192.168.10.96 - - [24/Apr/2017:10:03:25 -0300] "GET /cormun/servlet/vevisualizador?2017,6149,,SolicitudOTAdjuntos HTTP/1.1" 200 10338
192.168.10.96 - - [24/Apr/2017:10:03:26 -0300] "POST /cormun/servlet/acontrolpreferencessavestate?None,DZAMUDIO,true HTTP/1.1" 200 35
192.168.10.96 - - [24/Apr/2017:10:03:27 -0300] "GET /cormun/PublicTempStorage/estudios6589845.pdf HTTP/1.1" 200 499434
192.168.10.96 - - [24/Apr/2017:10:03:32 -0300] "GET /cormun/servlet/vevisualizador?2017,6149,,SolicitudOTAdjuntos HTTP/1.1" 200 10340
192.168.10.96 - - [24/Apr/2017:10:03:32 -0300] "GET /cormun/servlet/vevisualizador?2017,6149,,SolicitudOTAdjuntos HTTP/1.1" 200 10340
192.168.10.96 - - [24/Apr/2017:10:03:33 -0300] "POST /cormun/servlet/acontrolpreferencessavestate?None,DZAMUDIO,true HTTP/1.1" 200 35
192.168.10.96 - - [24/Apr/2017:10:03:34 -0300] "GET /cormun/PublicTempStorage/afp8585699.pdf HTTP/1.1" 200 452826
192.168.10.96 - - [24/Apr/2017:10:03:40 -0300] "GET /cormun/servlet/vevisualizador?2017,6149,,SolicitudOTAdjuntos HTTP/1.1" 200 10340
192.168.10.96 - - [24/Apr/2017:10:03:41 -0300] "GET /cormun/servlet/vevisualizador?2017,6149,,SolicitudOTAdjuntos HTTP/1.1" 200 10339
192.168.10.96 - - [24/Apr/2017:10:03:41 -0300] "POST /cormun/servlet/acontrolpreferencessavestate?None,DZAMUDIO,true HTTP/1.1" 200 35
192.168.10.96 - - [24/Apr/2017:10:03:42 -0300] "GET /cormun/PublicTempStorage/afp3548096.pdf HTTP/1.1" 200 452826
192.168.10.96 - - [24/Apr/2017:10:03:49 -0300] "GET /cormun/servlet/vevisualizador?2017,6149,,SolicitudOTAdjuntos HTTP/1.1" 200 10339
192.168.10.96 - - [24/Apr/2017:10:03:50 -0300] "GET /cormun/servlet/vevisualizador?2017,6149,,SolicitudOTAdjuntos HTTP/1.1" 200 10340
192.168.10.96 - - [24/Apr/2017:10:03:50 -0300] "POST /cormun/servlet/acontrolpreferencessavestate?None,DZAMUDIO,true HTTP/1.1" 200 35
192.168.10.96 - - [24/Apr/2017:10:03:51 -0300] "GET /cormun/PublicTempStorage/antecedentes1967193.pdf HTTP/1.1" 200 356396
186.103.159.44 - - [24/Apr/2017:10:03:52 -0300] "GET /cormun/servlet/hlogin HTTP/1.1" 200 1726
186.103.159.44 - - [24/Apr/2017:10:03:52 -0300] "GET /cormun/static/Resources/Spanish/PXTools.css?11294912 HTTP/1.1" 304 -
186.103.159.44 - - [24/Apr/2017:10:03:52 -0300] "GET /cormun/static/gxcfg.js?201741110203197 HTTP/1.1" 304 -
186.103.159.44 - - [24/Apr/2017:10:03:52 -0300] "GET /cormun/static/messages.spa.js?85251 HTTP/1.1" 304 -
186.103.159.44 - - [24/Apr/2017:10:03:52 -0300] "GET /cormun/static/hlogin.js?201741110203211 HTTP/1.1" 304 -
186.103.159.44 - - [24/Apr/2017:10:03:54 -0300] "GET /cormun/servlet/hlogin HTTP/1.1" 200 1738
192.168.10.96 - - [24/Apr/2017:10:03:55 -0300] "GET /cormun/servlet/vevisualizador?2017,6149,,SolicitudOTAdjuntos HTTP/1.1" 200 10335
192.168.10.96 - - [24/Apr/2017:10:03:56 -0300] "GET /cormun/servlet/vevisualizador?2017,6149,,SolicitudOTAdjuntos HTTP/1.1" 200 10341
192.168.10.96 - - [24/Apr/2017:10:03:56 -0300] "POST /cormun/servlet/acontrolpreferencessavestate?None,DZAMUDIO,true HTTP/1.1" 200 35
192.168.10.96 - - [24/Apr/2017:10:03:57 -0300] "GET /cormun/PublicTempStorage/curriculum1923749.pdf HTTP/1.1" 200 972727
192.168.10.13 - - [24/Apr/2017:10:04:03 -0300] "GET / HTTP/1.1" 200 11217
186.79.247.57 - - [24/Apr/2017:10:04:15 -0300] "POST /cormun/servlet/solicitudotadjuntos?842f16d715512bf7a75830a45b7c44f4,INS,2017,6175,,1, HTTP/1.1" 200 116
186.79.247.57 - - [24/Apr/2017:10:04:15 -0300] "GET /cormun/servlet/hpexe_return? HTTP/1.1" 200 1022
186.79.247.57 - - [24/Apr/2017:10:04:16 -0300] "GET /cormun/servlet/trsolicitudadjuntos?2017,6175, HTTP/1.1" 200 8660
186.79.247.57 - - [24/Apr/2017:10:04:17 -0300] "GET /cormun/servlet/trsolicitudadjuntos?2017,6175, HTTP/1.1" 200 8659
186.103.159.44 - - [24/Apr/2017:10:04:19 -0300] "POST /cormun/servlet/hlogin?a9330d622ccaa9975315cc960c8e82e0,gx-no-cache=1493039121842 HTTP/1.1" 200 90
186.103.159.44 - - [24/Apr/2017:10:04:19 -0300] "GET /cormun/servlet/hpexe_link HTTP/1.1" 200 955
186.103.159.44 - - [24/Apr/2017:10:04:19 -0300] "GET /cormun/static/gxcfg.js?201731711483381 HTTP/1.1" 304 -
186.103.159.44 - - [24/Apr/2017:10:04:19 -0300] "GET /cormun/static/hpexe_link.js?201731711483384 HTTP/1.1" 304 -
186.103.159.44 - - [24/Apr/2017:10:04:20 -0300] "GET /cormun/servlet/hhome HTTP/1.1" 200 3784
186.103.159.44 - - [24/Apr/2017:10:04:20 -0300] "GET /cormun/static/gxcfg.js?201731711483497 HTTP/1.1" 304 -
186.103.159.44 - - [24/Apr/2017:10:04:20 -0300] "GET /cormun/static/PXToolsJavascripts/pexe_cookies.js HTTP/1.1" 304 -
186.103.159.44 - - [24/Apr/2017:10:04:20 -0300] "GET /cormun/static/PXToolsJavascripts/pexe_popup.js HTTP/1.1" 200 13458
186.103.159.44 - - [24/Apr/2017:10:04:20 -0300] "GET /cormun/static/PXToolsJavascripts/pexe_tabs.js HTTP/1.1" 200 3748
186.103.159.44 - - [24/Apr/2017:10:04:21 -0300] "GET /cormun/static/hhome.js?20173171148352 HTTP/1.1" 304 -
186.103.159.44 - - [24/Apr/2017:10:04:21 -0300] "GET /cormun/static/hwchdr01.js?201731711335950 HTTP/1.1" 304 -
186.103.159.44 - - [24/Apr/2017:10:04:21 -0300] "GET /cormun/static/hpexe_recentlink.js?201610171694390 HTTP/1.1" 304 -
186.103.159.44 - - [24/Apr/2017:10:04:21 -0300] "GET /cormun/static/hpexe_scripts.js?201731711335890 HTTP/1.1" 304 -
186.103.159.44 - - [24/Apr/2017:10:04:21 -0300] "GET /cormun/static/hpexe_messagecontroller.js?201610171694323 HTTP/1.1" 304 -
186.103.159.44 - - [24/Apr/2017:10:04:21 -0300] "GET /cormun/static/hpexe_messagepopupcomponent.js?20161017169425 HTTP/1.1" 304 -
186.103.159.44 - - [24/Apr/2017:10:04:21 -0300] "GET /cormun/static/hpexe_messagegenexuscomponent.js?201731711335537 HTTP/1.1" 304 -
186.103.159.44 - - [24/Apr/2017:10:04:21 -0300] "GET /cormun/static/cmcontrolpreferences.js?201731711335852 HTTP/1.1" 304 -
186.103.159.44 - - [24/Apr/2017:10:04:21 -0300] "GET /cormun/static/hmpwkw03.js?201731711485354 HTTP/1.1" 304 -
186.103.159.44 - - [24/Apr/2017:10:04:26 -0300] "GET /cormun/servlet/trpermisosgoce? HTTP/1.1" 200 8639
186.103.159.44 - - [24/Apr/2017:10:04:26 -0300] "GET /cormun/static/gxcfg.js?20174111153177 HTTP/1.1" 304 -
186.103.159.44 - - [24/Apr/2017:10:04:26 -0300] "GET /cormun/static/trpermisosgoce.js?20174111153217 HTTP/1.1" 304 -
186.103.159.44 - - [24/Apr/2017:10:04:30 -0300] "GET /cormun/servlet/permisogoce?INS,0,,, HTTP/1.1" 200 6556
186.103.159.44 - - [24/Apr/2017:10:04:31 -0300] "GET /cormun/static/gxcfg.js?201741111325459 HTTP/1.1" 304 -
186.103.159.44 - - [24/Apr/2017:10:04:31 -0300] "GET /cormun/static/permisogoce.js?20174111132557 HTTP/1.1" 304 -
186.79.247.57 - - [24/Apr/2017:10:04:32 -0300] "GET /cormun/servlet/solicitudotadjuntos?INS,2017,6175,,1, HTTP/1.1" 200 5789
186.79.247.57 - - [24/Apr/2017:10:04:33 -0300] "GET /cormun/static/about:blank HTTP/1.1" 404 1011
186.79.247.57 - - [24/Apr/2017:10:04:33 -0300] "GET /cormun/servlet/solicitudotadjuntos?INS,2017,6175,,1, HTTP/1.1" 200 5783
186.79.247.57 - - [24/Apr/2017:10:04:33 -0300] "GET /cormun/servlet/solicitudotadjuntos?601f926e2ff181d211ce794ec4e9067095e2074ce9819aed038addf4bd1fc0c80ed16c89dc08e9ee973e42ae2f973c36,gx-no-cache=1493039136496 HTTP/1.1" 200 30
186.79.247.57 - - [24/Apr/2017:10:04:34 -0300] "POST /cormun/servlet/solicitudotadjuntos?842f16d715512bf7a75830a45b7c44f4,INS,2017,6175,,1,,gx-no-cache=1493039136622 HTTP/1.1" 200 3641
186.79.247.57 - - [24/Apr/2017:10:04:37 -0300] "POST /cormun/servlet/solicitudotadjuntos?gx-no-cache=1493039139586 HTTP/1.1" 200 26
186.103.159.44 - - [24/Apr/2017:10:04:43 -0300] "GET /cormun/servlet/permisogoce?33d7e8c1be0e0c1ac1e683c8ce598fa3f93a661faa1afa746a712edb57dd4df7a112548eb49c04454b5b34498f74c544,gx-no-cache=1493039145770 HTTP/1.1" 200 67
186.79.247.57 - - [24/Apr/2017:10:04:43 -0300] "GET /cormun/servlet/solicitudotadjuntos?601f926e2ff181d211ce794ec4e906701c4721d5c833019d7a98c192a85ff188,gx-no-cache=1493039146247 HTTP/1.1" 200 30
186.79.247.57 - - [24/Apr/2017:10:04:43 -0300] "GET /cormun/servlet/solicitudotadjuntos?601f926e2ff181d211ce794ec4e906701c4721d5c833019d7a98c192a85ff188,gx-no-cache=1493039146338 HTTP/1.1" 200 30
186.79.247.57 - - [24/Apr/2017:10:04:50 -0300] "POST /cormun/servlet/solicitudotadjuntos?842f16d715512bf7a75830a45b7c44f4,INS,2017,6175,,1, HTTP/1.1" 200 116
186.79.247.57 - - [24/Apr/2017:10:04:50 -0300] "GET /cormun/servlet/hpexe_return? HTTP/1.1" 200 1022
186.79.247.57 - - [24/Apr/2017:10:04:51 -0300] "GET /cormun/servlet/trsolicitudadjuntos?2017,6175, HTTP/1.1" 200 8903
186.79.247.57 - - [24/Apr/2017:10:04:52 -0300] "GET /cormun/servlet/trsolicitudadjuntos?2017,6175, HTTP/1.1" 200 8900
186.67.172.234 - - [24/Apr/2017:10:04:56 -0300] "GET /cormun/servlet/prfichaempleado?,MD,,gxPopupLevel%3D0%3B HTTP/1.1" 200 8784
186.103.159.44 - - [24/Apr/2017:10:04:59 -0300] "GET /cormun/static/menuarrow.gif HTTP/1.1" 404 1015
192.168.10.13 - - [24/Apr/2017:10:05:03 -0300] "GET / HTTP/1.1" 200 11217
186.79.247.57 - - [24/Apr/2017:10:05:12 -0300] "GET /cormun/servlet/hlogin HTTP/1.1" 200 1721
186.79.247.57 - - [24/Apr/2017:10:05:13 -0300] "POST /cormun/servlet/hlogin?b7550d67ad13a5c93567deedd1635b35,gx-no-cache=1493039176389 HTTP/1.1" 200 90
186.79.247.57 - - [24/Apr/2017:10:05:14 -0300] "GET /cormun/servlet/hpexe_link HTTP/1.1" 200 952
186.79.247.57 - - [24/Apr/2017:10:05:14 -0300] "GET /cormun/servlet/hhome HTTP/1.1" 200 3756
186.79.247.57 - - [24/Apr/2017:10:05:15 -0300] "GET /cormun/servlet/hhome HTTP/1.1" 200 3753
186.79.247.57 - - [24/Apr/2017:10:05:17 -0300] "GET /cormun/servlet/trsolicitudot? HTTP/1.1" 200 7969
186.79.247.57 - - [24/Apr/2017:10:05:18 -0300] "GET /cormun/servlet/trsolicitudot? HTTP/1.1" 200 7967
186.67.172.234 - - [24/Apr/2017:10:05:20 -0300] "POST /cormun/servlet/prfichaempleado?400e3322a3a43a46c548ca3380cd848f,,MD,,gxPopupLevel%3D0%3B,gx-no-cache=1493039182762 HTTP/1.1" 200 3410
186.79.247.57 - - [24/Apr/2017:10:05:24 -0300] "POST /cormun/servlet/trsolicitudot?b7550d67ad13a5c93567deedd1635b35,,gx-no-cache=1493039186991 HTTP/1.1" 200 106
186.79.247.57 - - [24/Apr/2017:10:05:25 -0300] "GET /cormun/servlet/trsolicitudadjuntos?2017,6175, HTTP/1.1" 200 8897
186.67.172.234 - - [24/Apr/2017:10:05:25 -0300] "GET /cormun/servlet/licenciaspermisos?782ed6cbcadbe0d383627c043fdc31516f90547a911076b36c27f4190cc76125494cf6bf89314eda115e9ed489d9d59e,gx-no-cache=1493039188104 HTTP/1.1" 200 66
186.67.172.234 - - [24/Apr/2017:10:05:25 -0300] "POST /cormun/servlet/licenciaspermisos?400e3322a3a43a46c548ca3380cd848f,INS,0,,,,gx-no-cache=1493039188208 HTTP/1.1" 200 4442
186.79.247.57 - - [24/Apr/2017:10:05:26 -0300] "GET /cormun/servlet/trsolicitudadjuntos?2017,6175, HTTP/1.1" 200 8902
186.103.159.44 - - [24/Apr/2017:10:05:30 -0300] "GET /cormun/servlet/permisogoce?33d7e8c1be0e0c1ac1e683c8ce598fa377f4816935cf508c282e4a2279d509f9b5b03c78f09a4fa435bc8ca5fd09c7b7cfd7c0ed85c2038ba57e3e99fda14dd5,gx-no-cache=1493039193257 HTTP/1.1" 200 47
186.79.247.57 - - [24/Apr/2017:10:05:40 -0300] "GET /cormun/servlet/hlogin HTTP/1.1" 200 1721
186.79.247.57 - - [24/Apr/2017:10:05:43 -0300] "POST /cormun/servlet/hlogin?0eba99694a58fe9c125e3772efd951f2,gx-no-cache=1493039205533 HTTP/1.1" 200 90
186.79.247.57 - - [24/Apr/2017:10:05:43 -0300] "GET /cormun/servlet/hpexe_link HTTP/1.1" 200 951
186.79.247.57 - - [24/Apr/2017:10:05:43 -0300] "GET /cormun/servlet/hhome HTTP/1.1" 200 3755
186.79.247.57 - - [24/Apr/2017:10:05:44 -0300] "GET /cormun/servlet/hhome HTTP/1.1" 200 3751
186.79.247.57 - - [24/Apr/2017:10:05:48 -0300] "GET /cormun/servlet/trsolicitudot? HTTP/1.1" 200 7967
186.79.247.57 - - [24/Apr/2017:10:05:49 -0300] "GET /cormun/servlet/trsolicitudot? HTTP/1.1" 200 7965
186.67.172.234 - - [24/Apr/2017:10:05:59 -0300] "GET /cormun/static/menuarrow.gif HTTP/1.1" 404 1015
186.79.247.57 - - [24/Apr/2017:10:05:59 -0300] "POST /cormun/servlet/trsolicitudot?0eba99694a58fe9c125e3772efd951f2,,gx-no-cache=1493039221535 HTTP/1.1" 200 4148
186.79.247.57 - - [24/Apr/2017:10:05:59 -0300] "GET /cormun/static/Shared/jqueryui/images/ui-bg_highlight-soft_100_c6c2c8_1x100.png HTTP/1.1" 404 1117
186.79.247.57 - - [24/Apr/2017:10:05:59 -0300] "GET /cormun/static/Shared/jqueryui/images/ui-icons_82798d_256x240.png HTTP/1.1" 404 1089
186.79.247.57 - - [24/Apr/2017:10:05:59 -0300] "GET /cormun/static/Shared/jqueryui/images/ui-bg_flat_55_fafafa_40x100.png HTTP/1.1" 404 1097
186.79.247.57 - - [24/Apr/2017:10:05:59 -0300] "GET /cormun/static/Shared/jqueryui/images/ui-icons_8d78a5_256x240.png HTTP/1.1" 404 1089
186.79.247.57 - - [24/Apr/2017:10:05:59 -0300] "POST /cormun/servlet/trsolicitudot?0eba99694a58fe9c125e3772efd951f2,,gx-no-cache=1493039222179 HTTP/1.1" 200 3926
192.168.10.13 - - [24/Apr/2017:10:06:03 -0300] "GET / HTTP/1.1" 200 11217
186.103.159.44 - - [24/Apr/2017:10:06:38 -0300] "GET /cormun/servlet/puconsultapgoce?16935178,MD,gxPopupLevel%3D0%3B HTTP/1.1" 200 3769
186.103.159.44 - - [24/Apr/2017:10:06:38 -0300] "GET /cormun/static/gxcfg.js?201741110392772 HTTP/1.1" 200 953
186.103.159.44 - - [24/Apr/2017:10:06:38 -0300] "GET /cormun/pexe_menus.js HTTP/1.1" 404 1001
186.103.159.44 - - [24/Apr/2017:10:06:38 -0300] "GET /cormun/pexe_layers.js HTTP/1.1" 404 1003
186.103.159.44 - - [24/Apr/2017:10:06:38 -0300] "GET /cormun/pexe_link.js HTTP/1.1" 404 999
186.103.159.44 - - [24/Apr/2017:10:06:38 -0300] "GET /cormun/pexe_windows.js HTTP/1.1" 404 1005
186.103.159.44 - - [24/Apr/2017:10:06:38 -0300] "GET /cormun/pexe_cookies.js HTTP/1.1" 404 1005
186.103.159.44 - - [24/Apr/2017:10:06:38 -0300] "GET /cormun/pexe_picture.js HTTP/1.1" 404 1005
186.103.159.44 - - [24/Apr/2017:10:06:38 -0300] "GET /cormun/pexe_griddivfix.js HTTP/1.1" 404 1011
186.103.159.44 - - [24/Apr/2017:10:06:39 -0300] "GET /cormun/pexe_treedivfix.js HTTP/1.1" 404 1011
186.103.159.44 - - [24/Apr/2017:10:06:39 -0300] "GET /cormun/pexe_grid.js HTTP/1.1" 404 999
186.103.159.44 - - [24/Apr/2017:10:06:39 -0300] "GET /cormun/pexe_autoreload.js HTTP/1.1" 404 1011
186.103.159.44 - - [24/Apr/2017:10:06:39 -0300] "GET /cormun/pexe_menudivfix.js HTTP/1.1" 404 1011
186.103.159.44 - - [24/Apr/2017:10:06:39 -0300] "GET /cormun/pexe_tabdivfix.js HTTP/1.1" 404 1009
186.103.159.44 - - [24/Apr/2017:10:06:39 -0300] "GET /cormun/static/mpprompt.js?201731711513941 HTTP/1.1" 200 940
