192.168.10.89 - - [24/Apr/2017:11:22:32 -0300] "GET /cormun/servlet/trsolicitudgral? HTTP/1.1" 200 20337
200.111.191.210 - - [24/Apr/2017:11:22:33 -0300] "GET /cormun/servlet/vesolicitudot?2017,5852,, HTTP/1.1" 200 7953
186.103.157.39 - - [24/Apr/2017:11:22:35 -0300] "POST /cormun/servlet/acontrolpreferencessavestate?None,CA-1,true HTTP/1.1" 200 35
200.111.191.210 - - [24/Apr/2017:11:22:36 -0300] "GET /cormun/servlet/vesolicitudot?2017,5852,,SolicitudOTAdjuntos HTTP/1.1" 200 10234
200.111.191.210 - - [24/Apr/2017:11:22:36 -0300] "GET /cormun/pexe_scrolldiv.js HTTP/1.1" 404 1009
200.111.191.210 - - [24/Apr/2017:11:22:36 -0300] "GET /cormun/static/tbsolicitudot02.js?20173171140975 HTTP/1.1" 200 15617
200.111.191.210 - - [24/Apr/2017:11:22:36 -0300] "GET /cormun/static/gxui/gxui-all.css HTTP/1.1" 200 2179
200.111.191.210 - - [24/Apr/2017:11:22:36 -0300] "GET /cormun/static/Resources/PXToolsTabFirstUnselected.png HTTP/1.1" 200 1264
200.111.191.210 - - [24/Apr/2017:11:22:36 -0300] "GET /cormun/static/Resources/PXToolsTabUnselectedSelected.png HTTP/1.1" 200 1444
190.45.55.254 - - [24/Apr/2017:11:22:36 -0300] "POST /cormun/servlet/trlicencias?b4ff3138ecda73871f7a7d6e74b3ed83,,gx-no-cache=1493043817785 HTTP/1.1" 200 4128
186.103.157.39 - - [24/Apr/2017:11:22:36 -0300] "POST /cormun/servlet/acontrolpreferencessavestate?None,CA-1,true HTTP/1.1" 200 35
200.111.191.210 - - [24/Apr/2017:11:22:37 -0300] "GET /cormun/static/Shared/ext/resources/css/ext-all.css HTTP/1.1" 200 416045
200.111.191.210 - - [24/Apr/2017:11:22:38 -0300] "POST /cormun/servlet/acontrolpreferencessavestate?None,CA-7,true HTTP/1.1" 200 35
186.103.156.24 - - [24/Apr/2017:11:22:38 -0300] "GET /cormun/servlet/solicitudot?e770896ea53b898968cdad7a73e48071b55620777f6ac92db7f9f45ab2b05ab334f1393237e7667258758901fb2cacf0ebc426f68ec22bfa1f31a6bd7dd671952782742a6a7cf6c02408090953aae462721dfd2b3a5ccef29300d3c7637295905a2efe38743419ac48128623a80f3de66ff024bb9febfa7c323209d96c0e14f38d40cef33e984ff35373167d0c0096477ad99c072e60254b5f110f5f4993cf212bcfd8e0313d395f7746614e00dbb387,gx-no-cache=1493043953110 HTTP/1.1" 200 30
200.111.191.210 - - [24/Apr/2017:11:22:38 -0300] "GET /cormun/servlet/vesolicitudot?2017,5852,,SolicitudOTAdjuntos HTTP/1.1" 200 10235
200.111.191.210 - - [24/Apr/2017:11:22:39 -0300] "GET /cormun/servlet/vesolicitudot?2017,5852,,SolicitudOTLog HTTP/1.1" 200 8758
200.111.191.210 - - [24/Apr/2017:11:22:39 -0300] "GET /cormun/pexe_scrolldiv.js HTTP/1.1" 404 1009
200.111.191.210 - - [24/Apr/2017:11:22:39 -0300] "GET /cormun/static/Resources/PXToolsTabLastSelected.png HTTP/1.1" 200 1262
200.111.191.210 - - [24/Apr/2017:11:22:40 -0300] "GET /cormun/static/tbsolicitudot03.js?20173171133244 HTTP/1.1" 200 13323
200.111.191.210 - - [24/Apr/2017:11:22:40 -0300] "GET /cormun/servlet/vesolicitudot?2017,5852,,SolicitudOTLog HTTP/1.1" 200 8757
200.111.191.210 - - [24/Apr/2017:11:22:41 -0300] "POST /cormun/servlet/acontrolpreferencessavestate?None,CA-7,true HTTP/1.1" 200 35
190.45.55.254 - - [24/Apr/2017:11:22:43 -0300] "POST /cormun/servlet/trlicencias?b4ff3138ecda73871f7a7d6e74b3ed83,,gx-no-cache=1493043825170 HTTP/1.1" 200 101
190.45.55.254 - - [24/Apr/2017:11:22:43 -0300] "GET /cormun/Licencias-3790.xls HTTP/1.1" 200 4608
200.111.191.210 - - [24/Apr/2017:11:22:48 -0300] "GET /cormun/servlet/vesolicitudot?2017,5852,,General HTTP/1.1" 200 7959
200.111.191.210 - - [24/Apr/2017:11:22:48 -0300] "GET /cormun/pexe_scrolldiv.js HTTP/1.1" 404 1009
200.111.191.210 - - [24/Apr/2017:11:22:48 -0300] "GET /cormun/servlet/vesolicitudot?2017,5852,,General HTTP/1.1" 200 7959
200.111.191.210 - - [24/Apr/2017:11:22:51 -0300] "GET /cormun/servlet/vesolicitudot?2017,5852,,SolicitudOTLog HTTP/1.1" 200 8758
186.103.157.39 - - [24/Apr/2017:11:22:52 -0300] "GET /cormun/servlet/trlicenciaspermisosadjuntos?17515844,20170424000000,L, HTTP/1.1" 200 6852
200.111.191.210 - - [24/Apr/2017:11:22:52 -0300] "GET /cormun/servlet/vesolicitudot?2017,5852,,SolicitudOTLog HTTP/1.1" 200 8757
200.111.191.210 - - [24/Apr/2017:11:22:53 -0300] "POST /cormun/servlet/acontrolpreferencessavestate?None,CA-7,true HTTP/1.1" 200 35
186.103.157.39 - - [24/Apr/2017:11:22:53 -0300] "GET /cormun/servlet/trlicenciaspermisosadjuntos?17515844,20170424000000,L, HTTP/1.1" 200 6852
190.45.55.254 - - [24/Apr/2017:11:22:53 -0300] "GET /cormun/servlet/trcontratoobservaciondir? HTTP/1.1" 200 9429
190.45.55.254 - - [24/Apr/2017:11:22:53 -0300] "GET /cormun/static/gxcfg.js?201731711533885 HTTP/1.1" 304 -
190.45.55.254 - - [24/Apr/2017:11:22:53 -0300] "GET /cormun/static/trcontratoobservaciondir.js?201731711534245 HTTP/1.1" 304 -
186.103.157.39 - - [24/Apr/2017:11:22:53 -0300] "GET /cormun/PublicTempStorage/francisca_llanos2858675.jpg HTTP/1.1" 200 268555
186.103.157.39 - - [24/Apr/2017:11:22:54 -0300] "GET /cormun/PublicTempStorage/francisca_llanos304212.jpg HTTP/1.1" 200 268555
186.103.157.39 - - [24/Apr/2017:11:22:54 -0300] "GET /cormun/PublicTempStorage/francisca_llanos_22347707.jpg HTTP/1.1" 200 613680
186.103.159.182 - - [24/Apr/2017:11:22:54 -0300] "POST /cormun/servlet/prfichaempleado?7da74264e966413eb900572dba1909c2,,MD,,gxPopupLevel%3D0%3B,gx-no-cache=1493043837280 HTTP/1.1" 200 3183
200.111.191.210 - - [24/Apr/2017:11:22:54 -0300] "GET /cormun/servlet/vesolicitudot?2017,5852,,SolicitudOTAdjuntos HTTP/1.1" 200 10231
190.45.55.254 - - [24/Apr/2017:11:22:56 -0300] "GET /cormun/servlet/trcontratoobservaciondir? HTTP/1.1" 200 9429
200.111.191.210 - - [24/Apr/2017:11:22:56 -0300] "POST /cormun/servlet/acontrolpreferencessavestate?None,CA-7,true HTTP/1.1" 200 35
200.111.191.210 - - [24/Apr/2017:11:22:56 -0300] "GET /cormun/servlet/vesolicitudot?2017,5852,,SolicitudOTAdjuntos HTTP/1.1" 200 10234
200.111.191.210 - - [24/Apr/2017:11:22:56 -0300] "GET /cormun/servlet/vesolicitudot?2017,5852,, HTTP/1.1" 200 7953
200.111.191.210 - - [24/Apr/2017:11:22:57 -0300] "GET /cormun/servlet/vesolicitudot?2017,5852,, HTTP/1.1" 200 7953
200.111.191.210 - - [24/Apr/2017:11:22:58 -0300] "GET /cormun/servlet/trsolicitudot? HTTP/1.1" 200 8002
200.111.191.210 - - [24/Apr/2017:11:23:00 -0300] "GET /cormun/servlet/trsolicitudot? HTTP/1.1" 200 8001
186.103.159.182 - - [24/Apr/2017:11:23:00 -0300] "POST /cormun/servlet/prfichaempleado?7da74264e966413eb900572dba1909c2,,MD,,gxPopupLevel%3D0%3B,gx-no-cache=1493043843515 HTTP/1.1" 200 3399
192.168.10.13 - - [24/Apr/2017:11:23:03 -0300] "GET / HTTP/1.1" 200 11217
190.45.55.254 - - [24/Apr/2017:11:23:04 -0300] "GET /cormun/servlet/trlicencias? HTTP/1.1" 200 7025
190.45.55.254 - - [24/Apr/2017:11:23:04 -0300] "GET /cormun/servlet/trlicencias? HTTP/1.1" 200 7024
186.103.159.182 - - [24/Apr/2017:11:23:07 -0300] "GET /cormun/servlet/renuncias?fb84a096cbea53607da9fb7cee93f9a04e73a872cbe28fc4c4fcdcb1b57dd0ac6f97c3ef204a839d2f8af6ec74ce6322,gx-no-cache=1493043850393 HTTP/1.1" 200 63
200.111.191.210 - - [24/Apr/2017:11:23:10 -0300] "POST /cormun/servlet/trsolicitudot?276bca7f04114fa9d7c035ecb55b44ea,,gx-no-cache=1493047347881 HTTP/1.1" 200 3954
186.103.159.182 - - [24/Apr/2017:11:23:13 -0300] "GET /cormun/servlet/prcontrato?16162972,,,MD,,gxPopupLevel%3D0%3B HTTP/1.1" 200 5990
186.103.159.182 - - [24/Apr/2017:11:23:13 -0300] "GET /cormun/static/gxcfg.js?201731711504186 HTTP/1.1" 200 953
186.103.159.182 - - [24/Apr/2017:11:23:13 -0300] "GET /cormun/static/prcontrato.js?20173171150446 HTTP/1.1" 200 13820
200.111.191.210 - - [24/Apr/2017:11:23:14 -0300] "POST /cormun/servlet/trsolicitudot?276bca7f04114fa9d7c035ecb55b44ea,,gx-no-cache=1493047352854 HTTP/1.1" 200 5213
190.45.55.254 - - [24/Apr/2017:11:23:17 -0300] "GET /cormun/servlet/trpermisosgoce? HTTP/1.1" 200 9098
190.45.55.254 - - [24/Apr/2017:11:23:17 -0300] "GET /cormun/static/gxcfg.js?20174111153177 HTTP/1.1" 304 -
190.45.55.254 - - [24/Apr/2017:11:23:17 -0300] "GET /cormun/static/trpermisosgoce.js?20174111153217 HTTP/1.1" 304 -
190.45.55.254 - - [24/Apr/2017:11:23:18 -0300] "GET /cormun/servlet/trpermisosgoce? HTTP/1.1" 200 9097
186.103.157.39 - - [24/Apr/2017:11:23:18 -0300] "GET /cormun/servlet/trlicencias? HTTP/1.1" 200 7735
186.103.157.39 - - [24/Apr/2017:11:23:19 -0300] "GET /cormun/servlet/trlicencias? HTTP/1.1" 200 7734
186.103.157.39 - - [24/Apr/2017:11:23:23 -0300] "GET /cormun/PublicTempStorage/francisca_llanos1020052.jpg HTTP/1.1" 200 188416
186.103.157.39 - - [24/Apr/2017:11:23:23 -0300] "GET /cormun/PublicTempStorage/francisca_llanos8349538.jpg HTTP/1.1" 200 172032
186.103.157.39 - - [24/Apr/2017:11:23:24 -0300] "GET /cormun/PublicTempStorage/francisca_llanos2682848.jpg HTTP/1.1" 200 188416
186.103.157.39 - - [24/Apr/2017:11:23:26 -0300] "GET /cormun/servlet/alicenciaprn?17515844,L,20170424000000,PU HTTP/1.1" 200 1534
186.79.88.80 - - [24/Apr/2017:11:23:32 -0300] "GET /cormun/servlet/solicitudot?81afabda9112e29bbba673e9233aba6c9ad9fd32bc0913ffca1e5288f7e2403e2f53aab7130d5e40bab572cc4f3999d0f8bf17a2aafc34cfc54e7e3806682db9d6421ea59961a25ae37ea09f72df2ebd78333935e4aa8c7cf38309e1f358a30c7191c50d9d953991704a61dcc06055ab1b7f432f12956278105474e85eefa8cccd6bbf2e71d77189675496f5058fb6fef3e4d83c9982b9c4eb4bda0662c84314,gx-no-cache=1493043873968 HTTP/1.1" 200 29
186.79.88.80 - - [24/Apr/2017:11:23:32 -0300] "POST /cormun/servlet/solicitudot?gx-no-cache=1493043874399 HTTP/1.1" 200 675
190.45.55.254 - - [24/Apr/2017:11:23:33 -0300] "GET /cormun/servlet/trlicencias? HTTP/1.1" 200 7025
186.103.157.39 - - [24/Apr/2017:11:23:33 -0300] "GET /cormun/PublicTempStorage/francisca_llanos7241019.jpg HTTP/1.1" 200 172032
190.45.55.254 - - [24/Apr/2017:11:23:34 -0300] "GET /cormun/servlet/trlicencias? HTTP/1.1" 200 7024
186.79.88.80 - - [24/Apr/2017:11:23:34 -0300] "POST /cormun/servlet/solicitudot?gx-no-cache=1493043876300 HTTP/1.1" 200 1157
186.103.156.24 - - [24/Apr/2017:11:23:44 -0300] "POST /cormun/servlet/solicitudot?d80fe2852a4ff652ecb75118af7b3086,INS,0,0,,gx-no-cache=1493044025354 HTTP/1.1" 200 93
186.103.156.24 - - [24/Apr/2017:11:23:45 -0300] "GET /cormun/servlet/hpexe_return? HTTP/1.1" 200 1004
186.103.156.24 - - [24/Apr/2017:11:23:45 -0300] "GET /cormun/static/gxcfg.js?2016101716175148 HTTP/1.1" 200 953
186.103.156.24 - - [24/Apr/2017:11:23:45 -0300] "GET /cormun/static/hpexe_return.js?2016101716175153 HTTP/1.1" 200 1633
186.103.156.24 - - [24/Apr/2017:11:23:45 -0300] "GET /cormun/static/Resources/Spanish/PXTools.css?167811 HTTP/1.1" 200 89042
186.103.156.24 - - [24/Apr/2017:11:23:45 -0300] "GET /cormun/servlet/trsolicitudot? HTTP/1.1" 200 7010
186.103.156.24 - - [24/Apr/2017:11:23:46 -0300] "GET /cormun/servlet/trsolicitudot? HTTP/1.1" 200 7006
186.67.172.234 - - [24/Apr/2017:11:23:50 -0300] "GET /cormun/servlet/trpermisosgoce HTTP/1.1" 200 6829
186.67.172.234 - - [24/Apr/2017:11:23:50 -0300] "GET /cormun/servlet/trpermisosgoce HTTP/1.1" 200 6827
186.67.172.234 - - [24/Apr/2017:11:23:51 -0300] "GET /favicon.ico HTTP/1.1" 200 21630
186.67.172.234 - - [24/Apr/2017:11:23:55 -0300] "GET /cormun/servlet/permisogoce?INS,0,,, HTTP/1.1" 200 6823
186.67.172.234 - - [24/Apr/2017:11:23:56 -0300] "GET /cormun/servlet/permisogoce?INS,0,,, HTTP/1.1" 200 6823
186.103.157.39 - - [24/Apr/2017:11:23:58 -0300] "GET /cormun/PublicTempStorage/francisca_llanos8831471.jpg HTTP/1.1" 200 172032
186.103.157.39 - - [24/Apr/2017:11:24:01 -0300] "POST /cormun/servlet/trlicencias?53d85b8dfdffa51e73f200e8a318d8f2,,gx-no-cache=1493043903540 HTTP/1.1" 200 4030
186.103.157.39 - - [24/Apr/2017:11:24:01 -0300] "GET /cormun/static/Shared/jqueryui/images/ui-bg_highlight-soft_100_c6c2c8_1x100.png HTTP/1.1" 404 1117
186.103.157.39 - - [24/Apr/2017:11:24:01 -0300] "GET /cormun/static/Shared/jqueryui/images/ui-icons_82798d_256x240.png HTTP/1.1" 404 1089
186.103.157.39 - - [24/Apr/2017:11:24:01 -0300] "GET /cormun/static/Shared/jqueryui/images/ui-bg_flat_55_fafafa_40x100.png HTTP/1.1" 404 1097
186.103.157.39 - - [24/Apr/2017:11:24:01 -0300] "GET /cormun/static/Shared/jqueryui/images/ui-icons_8d78a5_256x240.png HTTP/1.1" 404 1089
192.168.10.13 - - [24/Apr/2017:11:24:03 -0300] "GET / HTTP/1.1" 200 11217
186.103.156.24 - - [24/Apr/2017:11:24:04 -0300] "GET /cormun/servlet/trautorizarsolicitud? HTTP/1.1" 200 6921
186.67.172.234 - - [24/Apr/2017:11:24:04 -0300] "GET /cormun/servlet/permisogoce?bed1ecf9e31f1cf14c4b41c1f767ffebe0916ca4a94cfc9e4843495c8fdf48fd20923cf064472a1355de3c05e5422f42,gx-no-cache=1493043904250 HTTP/1.1" 200 86
186.67.172.234 - - [24/Apr/2017:11:24:04 -0300] "GET /cormun/static/menuarrow.gif HTTP/1.1" 404 1015
186.103.156.24 - - [24/Apr/2017:11:24:04 -0300] "GET /cormun/servlet/trautorizarsolicitud? HTTP/1.1" 200 6921
186.79.88.80 - - [24/Apr/2017:11:24:07 -0300] "GET /cormun/servlet/solicitudot?81afabda9112e29bbba673e9233aba6c2c69997502a31c05d6b96a7ac0bc5aea6614daad3cd628b485cb07ba9fdfd08190ced05b778f3327e93806555112d36aea4c5f4e95a5334849bbf040b88af4950527adb8411b11061dce904b5a67acd4edc1f613c9a60fe5e4aeeead1c8a6047f4b56ccdf9b238ca3afced4c95f600e0bacd584000b5968fbb90e09bd5e1628c91c4fd06cf5fac42f732913404b10b94,gx-no-cache=1493043909372 HTTP/1.1" 200 30
186.67.172.234 - - [24/Apr/2017:11:24:13 -0300] "GET /cormun/servlet/permisogoce?bed1ecf9e31f1cf14c4b41c1f767ffeb906ecec7490abbe62a1eacdbd0b4651133d2a370f10314c69f04a3b03ea9c2befbb4945256b53b10b1a3a953cdb7a107,gx-no-cache=1493043912913 HTTP/1.1" 200 49
186.67.172.234 - - [24/Apr/2017:11:24:17 -0300] "POST /cormun/servlet/permisogoce?8a538ed2e36d31d7eb4e439c915017a3,INS,0,,,,gx-no-cache=1493043915676 HTTP/1.1" 200 93
186.67.172.234 - - [24/Apr/2017:11:24:17 -0300] "GET /cormun/servlet/hpexe_return? HTTP/1.1" 200 1012
186.67.172.234 - - [24/Apr/2017:11:24:17 -0300] "GET /cormun/servlet/trpermisosgoce HTTP/1.1" 200 7677
186.103.156.24 - - [24/Apr/2017:11:24:17 -0300] "GET /cormun/servlet/trautorizarsolicitud? HTTP/1.1" 200 6921
186.67.172.234 - - [24/Apr/2017:11:24:18 -0300] "GET /cormun/servlet/trpermisosgoce HTTP/1.1" 200 7673
186.103.156.24 - - [24/Apr/2017:11:24:18 -0300] "GET /cormun/servlet/trautorizarsolicitud? HTTP/1.1" 200 6921
186.79.88.80 - - [24/Apr/2017:11:24:21 -0300] "POST /cormun/servlet/solicitudot?a768a4d67fa529d4e84f3aae7ffa3af9,INS,0,0,,gx-no-cache=1493043921882 HTTP/1.1" 200 11217
192.168.10.60 - - [24/Apr/2017:11:24:21 -0300] "GET /cormun/servlet/hlogin HTTP/1.1" 200 1719
186.79.88.80 - - [24/Apr/2017:11:24:21 -0300] "GET /cormun/static/Shared/jqueryui/images/ui-bg_highlight-soft_100_c6c2c8_1x100.png HTTP/1.1" 404 1117
186.79.88.80 - - [24/Apr/2017:11:24:21 -0300] "GET /cormun/static/Shared/jqueryui/images/ui-icons_82798d_256x240.png HTTP/1.1" 404 1089
186.79.88.80 - - [24/Apr/2017:11:24:21 -0300] "GET /cormun/static/Shared/jqueryui/images/ui-bg_flat_55_994d53_40x100.png HTTP/1.1" 404 1097
186.79.88.80 - - [24/Apr/2017:11:24:21 -0300] "GET /cormun/static/Shared/jqueryui/images/ui-icons_ebccce_256x240.png HTTP/1.1" 404 1089
186.103.156.24 - - [24/Apr/2017:11:24:21 -0300] "POST /cormun/servlet/trautorizarsolicitud?d80fe2852a4ff652ecb75118af7b3086,,gx-no-cache=1493044067642 HTTP/1.1" 200 4114
186.67.172.234 - - [24/Apr/2017:11:24:21 -0300] "GET /cormun/servlet/trpermisosadjuntos?8896543,20170424121847,P, HTTP/1.1" 200 6367
186.67.172.234 - - [24/Apr/2017:11:24:22 -0300] "GET /cormun/servlet/trpermisosadjuntos?8896543,20170424121847,P, HTTP/1.1" 200 6368
186.67.172.234 - - [24/Apr/2017:11:24:24 -0300] "GET /cormun/servlet/permisosadjuntos?INS,8896543,P,20170424121847,, HTTP/1.1" 200 5692
186.67.172.234 - - [24/Apr/2017:11:24:24 -0300] "GET /cormun/static/about:blank HTTP/1.1" 404 1011
186.67.172.234 - - [24/Apr/2017:11:24:24 -0300] "GET /cormun/servlet/permisosadjuntos?INS,8896543,P,20170424121847,, HTTP/1.1" 200 5682
186.103.156.24 - - [24/Apr/2017:11:24:24 -0300] "POST /cormun/servlet/trautorizarsolicitud?d80fe2852a4ff652ecb75118af7b3086,,gx-no-cache=1493044071023 HTTP/1.1" 200 110
186.103.156.24 - - [24/Apr/2017:11:24:24 -0300] "GET /cormun/AutorizarSolicitud-6708.xls HTTP/1.1" 200 4608
192.168.10.60 - - [24/Apr/2017:11:24:24 -0300] "POST /cormun/servlet/hlogin?a174db9c9b885fff9d91d3a83eb3fd74,gx-no-cache=1493043072436 HTTP/1.1" 200 90
192.168.10.60 - - [24/Apr/2017:11:24:24 -0300] "GET /cormun/servlet/hpexe_link HTTP/1.1" 200 950
190.151.100.218 - - [24/Apr/2017:11:24:24 -0300] "GET /cormun/servlet/licenciaspermisos?INS,0,,, HTTP/1.1" 200 6524
192.168.10.60 - - [24/Apr/2017:11:24:24 -0300] "GET /cormun/servlet/hhome HTTP/1.1" 200 3752
186.79.88.80 - - [24/Apr/2017:11:24:25 -0300] "GET /cormun/static/menuarrow.gif HTTP/1.1" 404 1015
190.151.100.218 - - [24/Apr/2017:11:24:25 -0300] "GET /cormun/static/gxtimezone.js?85251 HTTP/1.1" 304 -
186.103.161.206 - - [24/Apr/2017:11:24:25 -0300] "GET /cormun/static/calendar-es.js?85251 HTTP/1.1" 304 -
186.103.161.206 - - [24/Apr/2017:11:24:25 -0300] "GET /cormun/static/calendar-setup.js?85251 HTTP/1.1" 304 -
190.151.100.218 - - [24/Apr/2017:11:24:25 -0300] "GET /cormun/static/gxcfg.js?201741111445322 HTTP/1.1" 200 953
186.103.161.206 - - [24/Apr/2017:11:24:25 -0300] "GET /cormun/static/calendar.js?85251 HTTP/1.1" 304 -
200.72.197.82 - - [24/Apr/2017:11:24:25 -0300] "GET /cormun/static/Resources/Spanish/PXTools.css?11294912 HTTP/1.1" 304 -
192.168.10.60 - - [24/Apr/2017:11:24:25 -0300] "GET /cormun/servlet/hhome HTTP/1.1" 200 3749
190.151.100.218 - - [24/Apr/2017:11:24:25 -0300] "GET /cormun/static/PXToolsJavascripts/pexe_griddivfix.js HTTP/1.1" 200 6644
200.72.197.82 - - [24/Apr/2017:11:24:25 -0300] "GET /cormun/static/PXToolsJavascripts/pexe_tabdivfix.js HTTP/1.1" 200 876
186.103.161.206 - - [24/Apr/2017:11:24:25 -0300] "GET /cormun/static/PXToolsJavascripts/pexe_layers.js HTTP/1.1" 200 4114
186.103.161.206 - - [24/Apr/2017:11:24:26 -0300] "GET /cormun/static/gxui/gxui-all.js HTTP/1.1" 200 107772
190.151.100.218 - - [24/Apr/2017:11:24:26 -0300] "GET /cormun/static/gxdec.js?85251 HTTP/1.1" 304 -
186.103.161.206 - - [24/Apr/2017:11:24:26 -0300] "GET /cormun/static/hwchdr01.js?201731711335950 HTTP/1.1" 304 -
186.103.161.206 - - [24/Apr/2017:11:24:26 -0300] "GET /cormun/static/hpexe_recentlink.js?201610171694390 HTTP/1.1" 304 -
186.103.161.206 - - [24/Apr/2017:11:24:26 -0300] "GET /cormun/static/hpexe_scripts.js?201731711335890 HTTP/1.1" 304 -
200.72.197.82 - - [24/Apr/2017:11:24:26 -0300] "GET /cormun/static/licenciaspermisos.js?201741111445392 HTTP/1.1" 200 34444
186.103.161.206 - - [24/Apr/2017:11:24:26 -0300] "GET /cormun/static/hpexe_messagepopupcomponent.js?20161017169425 HTTP/1.1" 304 -
186.103.161.206 - - [24/Apr/2017:11:24:26 -0300] "GET /cormun/static/hpexe_messagegenexuscomponent.js?201731711335537 HTTP/1.1" 304 -
190.151.100.218 - - [24/Apr/2017:11:24:26 -0300] "GET /cormun/static/cmcontrolpreferences.js?201731711335852 HTTP/1.1" 304 -
186.103.161.206 - - [24/Apr/2017:11:24:26 -0300] "GET /cormun/static/hpexe_messagecontroller.js?201610171694323 HTTP/1.1" 304 -
190.151.100.218 - - [24/Apr/2017:11:24:27 -0300] "GET /cormun/static/messages.spa.js?85251 HTTP/1.1" 200 30736
200.72.197.82 - - [24/Apr/2017:11:24:27 -0300] "GET /cormun/static/hmpwkw03.js?201731711485354 HTTP/1.1" 304 -
186.103.161.206 - - [24/Apr/2017:11:24:29 -0300] "GET /cormun/static/Shared/jqueryui/jquery-ui.min.js HTTP/1.1" 200 240427
190.151.100.218 - - [24/Apr/2017:11:24:29 -0300] "GET /cormun/static/Shared/jquery/jquery-1.10.2.min.js HTTP/1.1" 200 273199
186.103.161.206 - - [24/Apr/2017:11:24:30 -0300] "GET /cormun/servlet/hlogin HTTP/1.1" 200 1747
190.151.100.218 - - [24/Apr/2017:11:24:30 -0300] "GET /cormun/servlet/licenciaspermisos?INS,0,,, HTTP/1.1" 200 6535
186.103.161.206 - - [24/Apr/2017:11:24:30 -0300] "GET /cormun/static/gxcfg.js?201741110203197 HTTP/1.1" 200 953
200.72.197.82 - - [24/Apr/2017:11:24:30 -0300] "GET /cormun/static/hlogin.js?201741110203211 HTTP/1.1" 200 2136
200.72.197.82 - - [24/Apr/2017:11:24:30 -0300] "GET /favicon.ico HTTP/1.1" 200 21630
186.67.172.234 - - [24/Apr/2017:11:24:33 -0300] "POST /cormun/servlet/permisosadjuntos?8a538ed2e36d31d7eb4e439c915017a3,INS,8896543,P,20170424121847,, HTTP/1.1" 200 116
186.67.172.234 - - [24/Apr/2017:11:24:33 -0300] "GET /cormun/servlet/hpexe_return? HTTP/1.1" 200 1038
186.67.172.234 - - [24/Apr/2017:11:24:33 -0300] "GET /cormun/servlet/trpermisosadjuntos?8896543,20170424121847,P, HTTP/1.1" 200 6831
186.67.172.234 - - [24/Apr/2017:11:24:34 -0300] "GET /cormun/servlet/trpermisosadjuntos?8896543,20170424121847,P, HTTP/1.1" 200 6828
186.67.172.234 - - [24/Apr/2017:11:24:37 -0300] "POST /cormun/servlet/trpermisosadjuntos?8a538ed2e36d31d7eb4e439c915017a3,8896543,20170424121847,P,,gx-no-cache=1493043936458 HTTP/1.1" 200 90
186.79.88.80 - - [24/Apr/2017:11:24:37 -0300] "GET /cormun/servlet/solicitudot?81afabda9112e29bbba673e9233aba6c2c69997502a31c05d6b96a7ac0bc5aea947ec4d4ebda6195664469ac622caa2c18960fb8642735dca91917a55068a3efdb90e593f30bb2babbe784b0cf8aaec4cbb52fa27feb68f9fda901f21d8f09bcc99061fb8440e865055e4d82c08f2a532f94d7db258290f5f92ec903c8bc7714c9e060ed6ab4dc2e443f79d119e4c058389d6099807406f055e361169c24891795d0cb55a42cc9ba8ba7fabf043dc7bc,gx-no-cache=1493043939194 HTTP/1.1" 200 30
186.103.156.24 - - [24/Apr/2017:11:24:39 -0300] "GET /cormun/servlet/trvisualizadoreventos? HTTP/1.1" 200 6729
186.79.88.80 - - [24/Apr/2017:11:24:40 -0300] "POST /cormun/servlet/solicitudot?a768a4d67fa529d4e84f3aae7ffa3af9,INS,0,0,,gx-no-cache=1493043939486 HTTP/1.1" 200 93
186.79.88.80 - - [24/Apr/2017:11:24:40 -0300] "GET /cormun/servlet/hpexe_return? HTTP/1.1" 200 1008
186.79.88.80 - - [24/Apr/2017:11:24:40 -0300] "GET /cormun/static/gxcfg.js?2016101716175148 HTTP/1.1" 200 953
186.79.88.80 - - [24/Apr/2017:11:24:40 -0300] "GET /cormun/static/hpexe_return.js?2016101716175153 HTTP/1.1" 200 1633
186.79.88.80 - - [24/Apr/2017:11:24:40 -0300] "GET /cormun/static/Resources/Spanish/PXTools.css?167811 HTTP/1.1" 200 89042
186.103.156.24 - - [24/Apr/2017:11:24:40 -0300] "GET /cormun/servlet/trvisualizadoreventos? HTTP/1.1" 200 6728
186.79.88.80 - - [24/Apr/2017:11:24:41 -0300] "GET /cormun/servlet/trsolicitudot HTTP/1.1" 200 8042
186.79.88.80 - - [24/Apr/2017:11:24:41 -0300] "GET /cormun//static/Resources/PXToolsGridUpdate.png HTTP/1.1" 200 2984
186.79.88.80 - - [24/Apr/2017:11:24:41 -0300] "GET /cormun//static/Resources/PXToolsActionView.png HTTP/1.1" 200 2995
186.79.88.80 - - [24/Apr/2017:11:24:41 -0300] "GET /cormun//static/Resources/PXToolsRemoveAllAction.png HTTP/1.1" 200 3558
186.79.88.80 - - [24/Apr/2017:11:24:41 -0300] "GET /cormun//static/Resources/PXTools/ActionInsert.png HTTP/1.1" 200 1482
186.79.88.80 - - [24/Apr/2017:11:24:41 -0300] "GET /cormun//static/Resources/PXToolsGridDelete.png HTTP/1.1" 200 357
186.79.88.80 - - [24/Apr/2017:11:24:42 -0300] "GET /cormun/servlet/trsolicitudot HTTP/1.1" 200 8038
186.103.156.24 - - [24/Apr/2017:11:24:45 -0300] "POST /cormun/servlet/trvisualizadoreventos?d80fe2852a4ff652ecb75118af7b3086,,gx-no-cache=1493044093726 HTTP/1.1" 200 111
186.103.156.24 - - [24/Apr/2017:11:24:45 -0300] "GET /cormun/VisualizadorEventos-8459.xls HTTP/1.1" 200 4096
186.79.88.80 - - [24/Apr/2017:11:24:47 -0300] "POST /cormun/servlet/trsolicitudot?a768a4d67fa529d4e84f3aae7ffa3af9,gx-no-cache=1493043948857 HTTP/1.1" 200 4156
186.79.88.80 - - [24/Apr/2017:11:24:47 -0300] "GET /cormun/static/Shared/jqueryui/images/ui-bg_highlight-soft_100_c6c2c8_1x100.png HTTP/1.1" 404 1117
186.79.88.80 - - [24/Apr/2017:11:24:47 -0300] "GET /cormun/static/Shared/jqueryui/images/ui-icons_82798d_256x240.png HTTP/1.1" 404 1089
186.79.88.80 - - [24/Apr/2017:11:24:47 -0300] "GET /cormun/static/Shared/jqueryui/images/ui-icons_8d78a5_256x240.png HTTP/1.1" 404 1089
186.79.88.80 - - [24/Apr/2017:11:24:47 -0300] "GET /cormun/static/Shared/jqueryui/images/ui-bg_flat_55_fafafa_40x100.png HTTP/1.1" 404 1097
186.79.88.80 - - [24/Apr/2017:11:24:48 -0300] "POST /cormun/servlet/trsolicitudot?a768a4d67fa529d4e84f3aae7ffa3af9,gx-no-cache=1493043949488 HTTP/1.1" 200 3936
186.103.156.24 - - [24/Apr/2017:11:24:48 -0300] "GET /cormun/servlet/avisualizareventos?0,0,ING,20170424,20170424,PU HTTP/1.1" 200 1025
186.103.156.24 - - [24/Apr/2017:11:24:53 -0300] "GET /cormun/servlet/trsolicitudot? HTTP/1.1" 200 7007
186.67.172.234 - - [24/Apr/2017:11:24:53 -0300] "GET /cormun/servlet/hpexe_link HTTP/1.1" 200 984
186.67.172.234 - - [24/Apr/2017:11:24:54 -0300] "GET /cormun/servlet/trpermisosgoce HTTP/1.1" 200 7675
186.67.172.234 - - [24/Apr/2017:11:24:54 -0300] "GET /cormun/servlet/trpermisosgoce HTTP/1.1" 200 7673
186.103.156.24 - - [24/Apr/2017:11:24:54 -0300] "GET /cormun/servlet/trsolicitudot? HTTP/1.1" 200 7006
186.103.132.155 - - [24/Apr/2017:11:24:55 -0300] "POST /cormun/servlet/hlogin?2a3d8bc5d0c760f5fc644564194f1cac,gx-no-cache=1493043959696 HTTP/1.1" 200 90
186.103.132.155 - - [24/Apr/2017:11:24:55 -0300] "GET /cormun/servlet/hpexe_link HTTP/1.1" 200 969
186.103.132.155 - - [24/Apr/2017:11:24:55 -0300] "GET /cormun/static/gxcfg.js?201731711483381 HTTP/1.1" 200 953
186.103.132.155 - - [24/Apr/2017:11:24:55 -0300] "GET /cormun/static/hpexe_link.js?201731711483384 HTTP/1.1" 200 625
186.103.132.155 - - [24/Apr/2017:11:24:55 -0300] "GET /cormun/servlet/licenciaspermisos?INS,0,,, HTTP/1.1" 200 7236
186.103.132.155 - - [24/Apr/2017:11:24:56 -0300] "GET /cormun/servlet/licenciaspermisos?INS,0,,, HTTP/1.1" 200 7235
186.103.156.24 - - [24/Apr/2017:11:24:59 -0300] "POST /cormun/servlet/trsolicitudot?d80fe2852a4ff652ecb75118af7b3086,,gx-no-cache=1493044108003 HTTP/1.1" 200 4173
186.79.88.80 - - [24/Apr/2017:11:25:00 -0300] "GET /cormun/servlet/solicitudot?INS,0,0, HTTP/1.1" 200 12612
186.79.88.80 - - [24/Apr/2017:11:25:00 -0300] "GET /cormun/servlet/solicitudot?INS,0,0, HTTP/1.1" 200 12617
186.103.132.155 - - [24/Apr/2017:11:25:02 -0300] "GET /cormun/servlet/trsolicitudot? HTTP/1.1" 200 6973
186.103.132.155 - - [24/Apr/2017:11:25:02 -0300] "GET /cormun/static/gxcfg.js?201731711505139 HTTP/1.1" 200 953
186.103.132.155 - - [24/Apr/2017:11:25:02 -0300] "GET /cormun/static/trsolicitudot.js?20173171151116 HTTP/1.1" 304 -
186.103.132.155 - - [24/Apr/2017:11:25:03 -0300] "GET /cormun/servlet/trsolicitudot? HTTP/1.1" 200 6965
192.168.10.13 - - [24/Apr/2017:11:25:03 -0300] "GET / HTTP/1.1" 200 11217
186.103.132.155 - - [24/Apr/2017:11:25:07 -0300] "GET /cormun/servlet/solicitudot?INS,0,0, HTTP/1.1" 200 12815
186.103.132.155 - - [24/Apr/2017:11:25:07 -0300] "GET /cormun/static/Resources/Spanish/PXTools.css?18365030 HTTP/1.1" 304 -
200.72.197.82 - - [24/Apr/2017:11:25:07 -0300] "GET /cormun/static/gxcfg.js?20171191042720 HTTP/1.1" 200 953
186.103.132.155 - - [24/Apr/2017:11:25:07 -0300] "GET /cormun/static/solicitudot.js?2017119104297 HTTP/1.1" 304 -
186.103.156.24 - - [24/Apr/2017:11:25:07 -0300] "POST /cormun/servlet/trsolicitudot?d80fe2852a4ff652ecb75118af7b3086,,gx-no-cache=1493044117112 HTTP/1.1" 200 4173
186.103.132.155 - - [24/Apr/2017:11:25:08 -0300] "GET /cormun/servlet/solicitudot?INS,0,0, HTTP/1.1" 200 12819
186.67.172.234 - - [24/Apr/2017:11:25:08 -0300] "POST /cormun/servlet/trpermisosgoce?8a538ed2e36d31d7eb4e439c915017a3,gx-no-cache=1493043966972 HTTP/1.1" 200 4194
186.67.172.234 - - [24/Apr/2017:11:25:08 -0300] "GET /cormun/static/Shared/jqueryui/images/ui-bg_highlight-soft_100_c6c2c8_1x100.png HTTP/1.1" 404 1117
186.67.172.234 - - [24/Apr/2017:11:25:08 -0300] "GET /cormun/static/Shared/jqueryui/images/ui-icons_82798d_256x240.png HTTP/1.1" 404 1089
186.67.172.234 - - [24/Apr/2017:11:25:08 -0300] "GET /cormun/static/Shared/jqueryui/images/ui-icons_8d78a5_256x240.png HTTP/1.1" 404 1089
186.67.172.234 - - [24/Apr/2017:11:25:08 -0300] "GET /cormun/static/Shared/jqueryui/images/ui-bg_flat_55_fafafa_40x100.png HTTP/1.1" 404 1097
186.103.159.182 - - [24/Apr/2017:11:25:17 -0300] "POST /cormun/servlet/renuncias?7da74264e966413eb900572dba1909c2,INS,0,,gx-no-cache=1493043979281 HTTP/1.1" 200 93
186.103.159.182 - - [24/Apr/2017:11:25:17 -0300] "GET /cormun/servlet/hpexe_return? HTTP/1.1" 200 1008
186.103.159.182 - - [24/Apr/2017:11:25:17 -0300] "GET /cormun/static/Resources/Spanish/PXTools.css?167811 HTTP/1.1" 304 -
186.103.159.182 - - [24/Apr/2017:11:25:17 -0300] "GET /cormun/static/gxcfg.js?2016101716175148 HTTP/1.1" 304 -
186.103.159.182 - - [24/Apr/2017:11:25:17 -0300] "GET /cormun/static/hpexe_return.js?2016101716175153 HTTP/1.1" 304 -
186.103.159.182 - - [24/Apr/2017:11:25:17 -0300] "GET /cormun/servlet/trrenuncias HTTP/1.1" 200 7519
186.103.159.182 - - [24/Apr/2017:11:25:19 -0300] "GET /cormun/servlet/trrenuncias HTTP/1.1" 200 7515
186.67.172.234 - - [24/Apr/2017:11:25:19 -0300] "GET /cormun/servlet/permisogoce?INS,0,,, HTTP/1.1" 200 6823
186.67.172.234 - - [24/Apr/2017:11:25:20 -0300] "GET /cormun/servlet/permisogoce?INS,0,,, HTTP/1.1" 200 6823
186.103.156.24 - - [24/Apr/2017:11:25:23 -0300] "GET /cormun/servlet/trsolicitudot? HTTP/1.1" 200 7006
186.67.172.234 - - [24/Apr/2017:11:25:23 -0300] "GET /cormun/servlet/trpermisosgoce HTTP/1.1" 200 6829
186.67.172.234 - - [24/Apr/2017:11:25:24 -0300] "GET /cormun/servlet/trpermisosgoce HTTP/1.1" 200 6827
186.103.156.24 - - [24/Apr/2017:11:25:24 -0300] "GET /cormun/servlet/trsolicitudot? HTTP/1.1" 200 7006
186.67.172.234 - - [24/Apr/2017:11:25:25 -0300] "POST /cormun/servlet/trpermisosgoce?8a538ed2e36d31d7eb4e439c915017a3,gx-no-cache=1493043985541 HTTP/1.1" 200 90
186.67.172.234 - - [24/Apr/2017:11:25:26 -0300] "GET /cormun/servlet/hpexe_link HTTP/1.1" 200 961
186.67.172.234 - - [24/Apr/2017:11:25:26 -0300] "GET /cormun/servlet/hhome HTTP/1.1" 200 4045
186.67.172.234 - - [24/Apr/2017:11:25:26 -0300] "GET /cormun/servlet/hhome HTTP/1.1" 200 4042
186.103.156.24 - - [24/Apr/2017:11:25:28 -0300] "GET /cormun/servlet/solicitudot?INS,0,0, HTTP/1.1" 200 12809
186.103.156.24 - - [24/Apr/2017:11:25:29 -0300] "GET /cormun/servlet/solicitudot?INS,0,0, HTTP/1.1" 200 12814
186.103.156.24 - - [24/Apr/2017:11:25:32 -0300] "GET /cormun/static/Resources/resize.gif HTTP/1.1" 200 77
186.103.156.24 - - [24/Apr/2017:11:25:32 -0300] "GET /cormun/servlet/prfichaempleado?,MD,,gxPopupLevel%3D0%3B HTTP/1.1" 200 8826
186.103.156.24 - - [24/Apr/2017:11:25:33 -0300] "GET /cormun/static/Resources/PXToolsMenuSearch.png HTTP/1.1" 200 2914
186.103.156.24 - - [24/Apr/2017:11:25:33 -0300] "GET /cormun/static/menusearch.js?201610171694467 HTTP/1.1" 200 1424
186.103.156.24 - - [24/Apr/2017:11:25:33 -0300] "GET /cormun/static/hmpwkw011.js?201731711483558 HTTP/1.1" 200 1968
186.67.172.234 - - [24/Apr/2017:11:25:33 -0300] "GET /cormun/servlet/trautorizarpermisogoce? HTTP/1.1" 200 7795
186.103.156.24 - - [24/Apr/2017:11:25:33 -0300] "GET /cormun/static/gxcfg.js?2017319125415 HTTP/1.1" 200 953
186.103.156.24 - - [24/Apr/2017:11:25:33 -0300] "GET /cormun/static/Resources/PXToolsMenuSearchCancel.png HTTP/1.1" 200 2972
186.103.156.24 - - [24/Apr/2017:11:25:33 -0300] "GET /cormun/static/prfichaempleado.js?20173191254344 HTTP/1.1" 200 15951
186.79.88.80 - - [24/Apr/2017:11:25:36 -0300] "GET /cormun/servlet/prfichaempleado?,MD,,gxPopupLevel%3D0%3B HTTP/1.1" 200 8828
190.151.100.218 - - [24/Apr/2017:11:25:40 -0300] "POST /cormun/servlet/solicitudot?gx-no-cache=1493044003961 HTTP/1.1" 200 3194
190.151.100.218 - - [24/Apr/2017:11:25:41 -0300] "POST /cormun/servlet/solicitudot?2a3d8bc5d0c760f5fc644564194f1cac,INS,0,0,,gx-no-cache=1493044005047 HTTP/1.1" 200 9975
190.45.55.254 - - [24/Apr/2017:11:25:50 -0300] "GET /cormun/servlet/hlogin HTTP/1.1" 200 1721
190.45.55.254 - - [24/Apr/2017:11:25:55 -0300] "POST /cormun/servlet/hlogin?b4ff3138ecda73871f7a7d6e74b3ed83,gx-no-cache=1493044015190 HTTP/1.1" 200 90
190.45.55.254 - - [24/Apr/2017:11:25:55 -0300] "GET /cormun/servlet/hpexe_link HTTP/1.1" 200 959
190.151.100.218 - - [24/Apr/2017:11:25:56 -0300] "GET /cormun/servlet/solicitudot?1aa8757861dc400fd451f8b409fd57e7a569a04a1376594576366d8261d4c332d71f150fea99b4c6500bab3b702da7e8,gx-no-cache=1493044019978 HTTP/1.1" 200 30
190.45.55.254 - - [24/Apr/2017:11:25:56 -0300] "GET /cormun/servlet/trlicencias HTTP/1.1" 200 7026
190.151.100.218 - - [24/Apr/2017:11:25:56 -0300] "POST /cormun/servlet/solicitudot?gx-no-cache=1493044020557 HTTP/1.1" 200 255
190.151.100.218 - - [24/Apr/2017:11:25:57 -0300] "GET /cormun/servlet/solicitudot?1aa8757861dc400fd451f8b409fd57e749f1181f9bff683c24162f67e549536ff36eb55a393956eebe01c60309bb733a0be72c43d12a89b2c2074f97a84d7af87d42e76c4598f700a4625fb8dc4566e9346afa11ec73f04f38c01b631c5189f77022f8fd1ed353506537911a7f0433df8cc42086c7dcd8958fa82e47ec4633f3b49fe38827780fc274c9ce71d41535c81044256b966ea42f51b9a0e5e37aef19fa5134a1ea0c98b82ba6cf40af92da13af7501673f77b08d06671fdd32f5c7d86aada05e96fecea2469e0a7cc07f0ff897b37d0b1c41eee180f7c14debac6d71d0163acf7b539e43058aac6a38d16f1cae26b4b8019b515322a8c15be953d909c4d0abca62e3e0ccf83d56a6cb9b3c69c819ba6897644b3a84aac27930fb3e8ee222f6ecc4c42513894c8b36f14cdec9e731a4483c21b4cbea3b207f2857bfab328ca0ef258e7e39b31bb314e4127a27e2e31dd096d2dff4c359de68bee0dc8ecb2f5b0cce086941da4d1085df389fd7930f1061f149c1ccea7301ecd7f2648c,gx-no-cache=1493044021581 HTTP/1.1" 200 30
190.45.55.254 - - [24/Apr/2017:11:25:57 -0300] "GET /cormun/servlet/trlicencias HTTP/1.1" 200 7024
186.103.156.24 - - [24/Apr/2017:11:26:00 -0300] "POST /cormun/servlet/solicitudot?gx-no-cache=1493044024992 HTTP/1.1" 200 3092
186.79.88.80 - - [24/Apr/2017:11:26:01 -0300] "POST /cormun/servlet/prfichaempleado?a768a4d67fa529d4e84f3aae7ffa3af9,,MD,,gxPopupLevel%3D0%3B,gx-no-cache=1493044022913 HTTP/1.1" 200 3398
186.103.156.24 - - [24/Apr/2017:11:26:01 -0300] "POST /cormun/servlet/solicitudot?d80fe2852a4ff652ecb75118af7b3086,INS,0,0,,gx-no-cache=1493044026721 HTTP/1.1" 200 9874
192.168.10.13 - - [24/Apr/2017:11:26:03 -0300] "GET / HTTP/1.1" 200 11217
186.79.88.80 - - [24/Apr/2017:11:26:07 -0300] "POST /cormun/servlet/solicitudot?gx-no-cache=1493044028414 HTTP/1.1" 200 3155
186.79.88.80 - - [24/Apr/2017:11:26:08 -0300] "POST /cormun/servlet/solicitudot?a768a4d67fa529d4e84f3aae7ffa3af9,INS,0,0,,gx-no-cache=1493044029299 HTTP/1.1" 200 9760
186.79.88.80 - - [24/Apr/2017:11:26:08 -0300] "GET /cormun/servlet/solicitudot?81afabda9112e29bbba673e9233aba6c53ddcbf2ca076dc5ff92af7fd2788bcb506c85ea3229f73aec78f6cd67e05534,gx-no-cache=1493044030161 HTTP/1.1" 200 30
186.79.88.80 - - [24/Apr/2017:11:26:10 -0300] "POST /cormun/servlet/solicitudot?gx-no-cache=1493044032691 HTTP/1.1" 200 255
186.79.88.80 - - [24/Apr/2017:11:26:11 -0300] "GET /cormun/servlet/solicitudot?81afabda9112e29bbba673e9233aba6cfda675e81889e94a229cdaaa30195371b98b12fc2dda2313b09aca3bf55fa63f637689b165e717f0f9cba8f9233431854ed2a738de71bc42ea3847b8d73d07bd0fee92b92ccc2c1adb8d598cd458948a267a54c02a87b2ff62076f2f93724aab2537f5e11192284f7e0b7dd949a818629a53e69c7f860bb6fc72f09e418c9e210f4112a96302049f4c3afbb8225517c3c63dd0af70db86907a5e0e2ccc0942e4734c8f14be736eb228cfc6197c81da8e7546150c2f87c4d6c25538214154d92ebe2a1a74841e74053b385153c84b6fb16d0d2f136a4147055bd702feefac4721742f290ae6ff105a64c4883aa6c929d5beb0e48811d187f1609385434562b5e7789f2b7fa6a31f01a07cee724fec804dfcf120735b2ced9814bdf5f2c5e7456ccc7af6f9a8777a027beaccfa0908ad43988f6b2e6d40fd5b6719f9b76c93c2d2205771ab64a59facbde6d7c9e93646d400c132640db14d6f734b6ba1dc89140be352a798d28d6707683d6ab923a0cfb8,gx-no-cache=1493044032996 HTTP/1.1" 200 30
190.151.100.218 - - [24/Apr/2017:11:26:13 -0300] "POST /cormun/servlet/solicitudot?gx-no-cache=1493044037560 HTTP/1.1" 200 30
186.79.88.80 - - [24/Apr/2017:11:26:14 -0300] "POST /cormun/servlet/solicitudot?gx-no-cache=1493044036103 HTTP/1.1" 200 30
186.79.88.80 - - [24/Apr/2017:11:26:17 -0300] "POST /cormun/servlet/solicitudot?gx-no-cache=1493044038743 HTTP/1.1" 200 235
186.79.88.80 - - [24/Apr/2017:11:26:17 -0300] "POST /cormun/servlet/solicitudot?gx-no-cache=1493044039223 HTTP/1.1" 200 38
186.67.172.234 - - [24/Apr/2017:11:26:18 -0300] "GET /cormun/servlet/trautorizarpermisogoce? HTTP/1.1" 200 7795
186.67.172.234 - - [24/Apr/2017:11:26:18 -0300] "GET /cormun/static/gxcfg.js?20174111145711 HTTP/1.1" 200 953
186.67.172.234 - - [24/Apr/2017:11:26:18 -0300] "GET /cormun/static/trautorizarpermisogoce.js?201741111451072 HTTP/1.1" 200 32073
186.67.172.234 - - [24/Apr/2017:11:26:19 -0300] "GET /cormun/servlet/trautorizarpermisogoce? HTTP/1.1" 200 7793
190.151.100.218 - - [24/Apr/2017:11:26:19 -0300] "POST /cormun/servlet/solicitudot?gx-no-cache=1493044043452 HTTP/1.1" 200 1291
190.151.100.218 - - [24/Apr/2017:11:26:19 -0300] "POST /cormun/servlet/solicitudot?gx-no-cache=1493044043985 HTTP/1.1" 200 38
186.79.88.80 - - [24/Apr/2017:11:26:26 -0300] "GET /cormun/servlet/solicitudot?81afabda9112e29bbba673e9233aba6c9ad9fd32bc0913ffca1e5288f7e2403e2f53aab7130d5e40bab572cc4f3999d0f8bf17a2aafc34cfc54e7e3806682db9d6421ea59961a25ae37ea09f72df2ebd78333935e4aa8c7cf38309e1f358a30c7191c50d9d953991704a61dcc06055ab1b7f432f12956278105474e85eefa8cccd6bbf2e71d77189675496f5058fb6fef3e4d83c9982b9c4eb4bda0662c84314,gx-no-cache=1493044047633 HTTP/1.1" 200 29
190.151.100.218 - - [24/Apr/2017:11:26:26 -0300] "GET /cormun/servlet/solicitudot?1aa8757861dc400fd451f8b409fd57e7a10f46c227e7b7b12ba03f63f0d0dccab6006e9747e079ef1c4d2ef491ef00061b32e62ad5fda5b084be70d941acf70833cf34deeb8314c49f9cf0af95be159cffe0c319c85c6161bcddd9eda28e24d2e0df7bd0e1919358a5f4b9be7fcde8649c399ae91be520fc92db5fb5c045c2ff52572cd9f1ea167848be0ff68416e2b5ac9d147116910cedb3fc28d73ba2d1b6,gx-no-cache=1493044050527 HTTP/1.1" 200 29
186.79.88.80 - - [24/Apr/2017:11:26:26 -0300] "POST /cormun/servlet/solicitudot?gx-no-cache=1493044048432 HTTP/1.1" 200 675
190.151.100.218 - - [24/Apr/2017:11:26:27 -0300] "POST /cormun/servlet/solicitudot?gx-no-cache=1493044050893 HTTP/1.1" 200 1275
190.151.100.218 - - [24/Apr/2017:11:26:27 -0300] "POST /cormun/servlet/solicitudot?gx-no-cache=1493044051451 HTTP/1.1" 200 1157
186.79.88.80 - - [24/Apr/2017:11:26:30 -0300] "POST /cormun/servlet/solicitudot?gx-no-cache=1493044051467 HTTP/1.1" 200 1157
200.111.191.210 - - [24/Apr/2017:11:26:40 -0300] "GET /cormun/static/menuarrow.gif HTTP/1.1" 404 1015
190.151.100.218 - - [24/Apr/2017:11:26:42 -0300] "GET /cormun/static/menuarrow.gif HTTP/1.1" 404 1015
200.111.191.210 - - [24/Apr/2017:11:26:45 -0300] "POST /cormun/servlet/trsolicitudot?276bca7f04114fa9d7c035ecb55b44ea,,gx-no-cache=1493047563321 HTTP/1.1" 200 5213
186.67.172.234 - - [24/Apr/2017:11:26:50 -0300] "POST /cormun/servlet/trautorizarpermisogoce?8a538ed2e36d31d7eb4e439c915017a3,,gx-no-cache=1493044069224 HTTP/1.1" 200 4193
186.67.172.234 - - [24/Apr/2017:11:26:50 -0300] "GET /cormun/static/Shared/jqueryui/images/ui-bg_highlight-soft_100_c6c2c8_1x100.png HTTP/1.1" 404 1117
186.67.172.234 - - [24/Apr/2017:11:26:50 -0300] "GET /cormun/static/Shared/jqueryui/images/ui-icons_82798d_256x240.png HTTP/1.1" 404 1089
186.67.172.234 - - [24/Apr/2017:11:26:50 -0300] "GET /cormun/static/Shared/jqueryui/images/ui-bg_flat_55_fafafa_40x100.png HTTP/1.1" 404 1097
186.67.172.234 - - [24/Apr/2017:11:26:50 -0300] "GET /cormun/static/Shared/jqueryui/images/ui-icons_8d78a5_256x240.png HTTP/1.1" 404 1089
200.111.191.210 - - [24/Apr/2017:11:26:58 -0300] "POST /cormun/servlet/trsolicitudot?276bca7f04114fa9d7c035ecb55b44ea,,gx-no-cache=1493047576956 HTTP/1.1" 200 3954
192.168.10.13 - - [24/Apr/2017:11:27:03 -0300] "GET / HTTP/1.1" 200 11217
186.67.172.234 - - [24/Apr/2017:11:27:03 -0300] "GET /cormun/servlet/trsolicitudot? HTTP/1.1" 200 7022
186.67.172.234 - - [24/Apr/2017:11:27:03 -0300] "GET /cormun/static/gxcfg.js?201731711505139 HTTP/1.1" 200 953
186.67.172.234 - - [24/Apr/2017:11:27:03 -0300] "GET /cormun/static/trsolicitudot.js?20173171151116 HTTP/1.1" 200 53117
186.67.172.234 - - [24/Apr/2017:11:27:04 -0300] "GET /cormun/servlet/trsolicitudot? HTTP/1.1" 200 7022
200.72.197.82 - - [24/Apr/2017:11:27:06 -0300] "GET /cormun/servlet/solicitudot?1aa8757861dc400fd451f8b409fd57e7e4980ed4c851fdb40f15dd1fc1e5f1e4247cae0ca543c632c281addcb0f045a90a0a699df4c23cc01836c67170066f2c38d06facdec96fffd68d016fc0bfd07a151b54244bcf88901c2ce9f76a9d74e3517b1740fb3791c552ca8e908c5c78278a6d60ea5bbbf46532fcd7d8bd3196b51ff4c7435d3a92f2de4d01559da6f9567fdd52fd8248872137ca00e3dde5c5d0784a6a76166d419b1296c3de5c09b1da,gx-no-cache=1493044090210 HTTP/1.1" 200 30
200.111.191.210 - - [24/Apr/2017:11:27:09 -0300] "POST /cormun/servlet/trsolicitudot?276bca7f04114fa9d7c035ecb55b44ea,,gx-no-cache=1493047583276 HTTP/1.1" 200 15158
186.79.88.80 - - [24/Apr/2017:11:27:25 -0300] "GET /cormun/static/menuarrow.gif HTTP/1.1" 404 1015
186.67.172.234 - - [24/Apr/2017:11:27:33 -0300] "GET /cormun/servlet/solicitudot?INS,0,0, HTTP/1.1" 200 12851
186.67.172.234 - - [24/Apr/2017:11:27:34 -0300] "GET /cormun/static/calendar-system.css?85620 HTTP/1.1" 200 5572
186.67.172.234 - - [24/Apr/2017:11:27:34 -0300] "GET /cormun/static/gxcfg.js?20171191042720 HTTP/1.1" 200 953
186.67.172.234 - - [24/Apr/2017:11:27:34 -0300] "GET /cormun/static/Resources/Spanish/PXTools.css?18365030 HTTP/1.1" 200 89042
186.67.172.234 - - [24/Apr/2017:11:27:34 -0300] "GET /cormun/static/solicitudot.js?2017119104297 HTTP/1.1" 200 63948
186.67.172.234 - - [24/Apr/2017:11:27:35 -0300] "GET /cormun/servlet/solicitudot?INS,0,0, HTTP/1.1" 200 12856
186.79.88.80 - - [24/Apr/2017:11:27:38 -0300] "GET /cormun/servlet/solicitudot?81afabda9112e29bbba673e9233aba6c87e127ab059ed9e04b225be65048d7b4af3a95f073e719f5646fb3edbf6d86e1f6e915737d8d06186d55e51f84d217b51a26976d52e0547706e5c9233221e336ba61cd1cce5eff62c2342d5abd2844123fc17a37f53dfadf6694806a5434da34898d3354d72cb37851b8813e338f29469959b2ddfa7e3f1ca4a2ddcacac51822ac8bae8ef6a2bd2a8f7ac2b95742ab277fde7ea05ffb152effa4a8715a5ab88e,gx-no-cache=1493044120543 HTTP/1.1" 200 30
186.67.172.234 - - [24/Apr/2017:11:27:47 -0300] "POST /cormun/servlet/solicitudot?gx-no-cache=1493044126568 HTTP/1.1" 200 3177
186.67.172.234 - - [24/Apr/2017:11:27:47 -0300] "POST /cormun/servlet/solicitudot?8a538ed2e36d31d7eb4e439c915017a3,INS,0,0,,gx-no-cache=1493044127256 HTTP/1.1" 200 9965
186.103.156.24 - - [24/Apr/2017:11:27:48 -0300] "GET /cormun/servlet/solicitudot?e770896ea53b898968cdad7a73e48071dbb7437a48eadc0e36516f367fc45fda38e6e9eeaf354670b8105e1c6973184c,gx-no-cache=1493044145797 HTTP/1.1" 200 30
186.67.172.234 - - [24/Apr/2017:11:27:54 -0300] "GET /cormun/servlet/solicitudot?3a863026c0f7704feccf44743fc0e2c44537d25341af756a22ba68a821c267e5b25d4597e126b56ab6aa73aa54d15f44,gx-no-cache=1493044134090 HTTP/1.1" 200 30
186.67.172.234 - - [24/Apr/2017:11:27:54 -0300] "POST /cormun/servlet/solicitudot?gx-no-cache=1493044134395 HTTP/1.1" 200 255
186.67.172.234 - - [24/Apr/2017:11:27:55 -0300] "GET /cormun/servlet/solicitudot?3a863026c0f7704feccf44743fc0e2c40914b101c42a36c69d027e9ad9241efa8dce7d2063c6a503c6d205965961b50f529f67372f660acdebd74fa761aaf1c27b4d285feade3fe2373c2edf7e848d0345d1eea795056d9cb08e7f2bbc8941ec7f840a9921ee661ea285b05a5ec35a694c127f611da8525e2cefd5a161167e4c32a5c55cec4b30cc7b8efeab4beeb2d16b507c5e054f75741163fafaa1ff9b1bfd0fe87634a634bcaae22fa42847cc5bbeb9074aceef60efe5480da9b26763ef4836837e139c1678e5c0702e3a252ef3c87c98ba8dc78310cbcafb3abea569c3d0c08067473e2adf8d89fc0a63976e278ab14c0bc1069408c58c46eccdebcc9c80bfae1f060811b514b2e0dd9be68e0a905a7f0ea79b16954792b8d9b52690e9c2dc377460261f56bd70bfb1446be5bcca01b2998eb97a60d67290a62e1aa197fcdf6b673298341481efe78f23cb74a0321ccb5e7a3a4ab6377c845c4e3e150d4c8b37396f1c551fb25a97b557b79c59a2744d201c8a8eedfc40306c6686d8a6,gx-no-cache=1493044134739 HTTP/1.1" 200 30
192.168.10.13 - - [24/Apr/2017:11:28:03 -0300] "GET / HTTP/1.1" 200 11217
200.72.197.82 - - [24/Apr/2017:11:28:19 -0300] "POST /cormun/servlet/solicitudot?2a3d8bc5d0c760f5fc644564194f1cac,INS,0,0,,gx-no-cache=1493044163148 HTTP/1.1" 200 93
200.72.197.82 - - [24/Apr/2017:11:28:20 -0300] "GET /cormun/servlet/hpexe_return? HTTP/1.1" 200 1005
200.72.197.82 - - [24/Apr/2017:11:28:20 -0300] "GET /cormun/static/Resources/Spanish/PXTools.css?167811 HTTP/1.1" 304 -
200.72.197.82 - - [24/Apr/2017:11:28:20 -0300] "GET /cormun/static/gxcfg.js?2016101716175148 HTTP/1.1" 200 953
200.72.197.82 - - [24/Apr/2017:11:28:20 -0300] "GET /cormun/static/hpexe_return.js?2016101716175153 HTTP/1.1" 304 -
200.72.197.82 - - [24/Apr/2017:11:28:20 -0300] "GET /cormun/servlet/trsolicitudot HTTP/1.1" 200 8239
200.72.197.82 - - [24/Apr/2017:11:28:21 -0300] "GET /cormun//static/Resources/PXTools/ActionInsert.png HTTP/1.1" 200 1482
200.72.197.82 - - [24/Apr/2017:11:28:21 -0300] "GET /cormun/servlet/trsolicitudot HTTP/1.1" 200 8235
186.79.88.80 - - [24/Apr/2017:11:28:46 -0300] "POST /cormun/servlet/solicitudot?gx-no-cache=1493044187772 HTTP/1.1" 200 1273
186.79.88.80 - - [24/Apr/2017:11:28:46 -0300] "POST /cormun/servlet/solicitudot?gx-no-cache=1493044188097 HTTP/1.1" 200 1157
186.79.88.80 - - [24/Apr/2017:11:28:46 -0300] "GET /cormun/servlet/solicitudot?81afabda9112e29bbba673e9233aba6c87e127ab059ed9e04b225be65048d7b4af3a95f073e719f5646fb3edbf6d86e1f6e915737d8d06186d55e51f84d217b51a26976d52e0547706e5c9233221e336ba61cd1cce5eff62c2342d5abd2844123fc17a37f53dfadf6694806a5434da34898d3354d72cb37851b8813e338f29469959b2ddfa7e3f1ca4a2ddcacac51822ac8bae8ef6a2bd2a8f7ac2b95742ab277fde7ea05ffb152effa4a8715a5ab88e,gx-no-cache=1493044188392 HTTP/1.1" 200 30
199.30.25.15 - - [24/Apr/2017:11:28:55 -0300] "GET /cormun/servlet/trautorizarsolicitud HTTP/1.1" 200 31709
186.79.88.80 - - [24/Apr/2017:11:29:01 -0300] "POST /cormun/servlet/solicitudot?a768a4d67fa529d4e84f3aae7ffa3af9,INS,0,0,,gx-no-cache=1493044202207 HTTP/1.1" 200 93
186.79.88.80 - - [24/Apr/2017:11:29:01 -0300] "GET /cormun/servlet/hpexe_return? HTTP/1.1" 200 1029
186.79.88.80 - - [24/Apr/2017:11:29:01 -0300] "GET /cormun/servlet/trsolicitudot?gx-no-cache=1493043949488 HTTP/1.1" 200 8035
186.79.88.80 - - [24/Apr/2017:11:29:01 -0300] "GET /cormun/servlet/trsolicitudot?gx-no-cache=1493043949488 HTTP/1.1" 200 8053
192.168.10.13 - - [24/Apr/2017:11:29:03 -0300] "GET / HTTP/1.1" 200 11217
186.79.88.80 - - [24/Apr/2017:11:29:04 -0300] "POST /cormun/servlet/trsolicitudot?a768a4d67fa529d4e84f3aae7ffa3af9,gx-no-cache=1493043949488,gx-no-cache=1493044205792 HTTP/1.1" 200 4149
186.79.88.80 - - [24/Apr/2017:11:29:04 -0300] "GET /cormun/static/Shared/jqueryui/images/ui-bg_highlight-soft_100_c6c2c8_1x100.png HTTP/1.1" 404 1117
186.79.88.80 - - [24/Apr/2017:11:29:04 -0300] "GET /cormun/static/Shared/jqueryui/images/ui-icons_8d78a5_256x240.png HTTP/1.1" 404 1089
186.79.88.80 - - [24/Apr/2017:11:29:04 -0300] "GET /cormun/static/Shared/jqueryui/images/ui-icons_82798d_256x240.png HTTP/1.1" 404 1089
186.79.88.80 - - [24/Apr/2017:11:29:04 -0300] "GET /cormun/static/Shared/jqueryui/images/ui-bg_flat_55_fafafa_40x100.png HTTP/1.1" 404 1097
186.79.88.80 - - [24/Apr/2017:11:29:04 -0300] "POST /cormun/servlet/trsolicitudot?a768a4d67fa529d4e84f3aae7ffa3af9,gx-no-cache=1493043949488,gx-no-cache=1493044206339 HTTP/1.1" 200 3936
190.45.55.254 - - [24/Apr/2017:11:29:05 -0300] "GET /cormun/servlet/trlicencias HTTP/1.1" 200 7026
190.45.55.254 - - [24/Apr/2017:11:29:06 -0300] "GET /cormun/servlet/trlicencias HTTP/1.1" 200 7024
190.45.55.254 - - [24/Apr/2017:11:29:10 -0300] "GET /cormun/servlet/hlogin HTTP/1.1" 200 1721
190.45.55.254 - - [24/Apr/2017:11:29:12 -0300] "POST /cormun/servlet/hlogin?b4ff3138ecda73871f7a7d6e74b3ed83,gx-no-cache=1493044214651 HTTP/1.1" 200 90
190.45.55.254 - - [24/Apr/2017:11:29:12 -0300] "GET /cormun/servlet/hpexe_link HTTP/1.1" 200 959
190.45.55.254 - - [24/Apr/2017:11:29:13 -0300] "GET /cormun/servlet/trlicencias HTTP/1.1" 200 7026
190.45.55.254 - - [24/Apr/2017:11:29:13 -0300] "GET /cormun/servlet/trlicencias HTTP/1.1" 200 7024
186.79.88.80 - - [24/Apr/2017:11:29:15 -0300] "GET /cormun/servlet/solicitudot?INS,0,0, HTTP/1.1" 200 12633
186.79.88.80 - - [24/Apr/2017:11:29:15 -0300] "GET /cormun/servlet/solicitudot?INS,0,0, HTTP/1.1" 200 12617
190.45.55.254 - - [24/Apr/2017:11:29:35 -0300] "GET /cormun/servlet/trlicencias? HTTP/1.1" 200 7024
190.45.55.254 - - [24/Apr/2017:11:29:36 -0300] "GET /cormun/servlet/trlicencias? HTTP/1.1" 200 7024
186.79.88.80 - - [24/Apr/2017:11:29:44 -0300] "POST /cormun/servlet/solicitudot?gx-no-cache=1493044245342 HTTP/1.1" 200 3092
186.79.88.80 - - [24/Apr/2017:11:29:44 -0300] "POST /cormun/servlet/solicitudot?a768a4d67fa529d4e84f3aae7ffa3af9,INS,0,0,,gx-no-cache=1493044246193 HTTP/1.1" 200 9716
186.79.88.80 - - [24/Apr/2017:11:29:48 -0300] "GET /cormun/servlet/solicitudot?81afabda9112e29bbba673e9233aba6cd363c1b4fa82e118b11d4f917fdbb982a65e2f23914acb7c52045e28e02b9b18,gx-no-cache=1493044249996 HTTP/1.1" 200 30
186.103.159.182 - - [24/Apr/2017:11:29:49 -0300] "POST /cormun/servlet/trrenuncias?7da74264e966413eb900572dba1909c2,gx-no-cache=1493044253084 HTTP/1.1" 200 4145
186.103.159.182 - - [24/Apr/2017:11:29:50 -0300] "GET /cormun/static/Shared/jqueryui/images/ui-icons_82798d_256x240.png HTTP/1.1" 404 1089
186.103.159.182 - - [24/Apr/2017:11:29:50 -0300] "GET /cormun/static/Shared/jqueryui/images/ui-bg_highlight-soft_100_c6c2c8_1x100.png HTTP/1.1" 404 1117
186.103.159.182 - - [24/Apr/2017:11:29:50 -0300] "GET /cormun/static/Shared/jqueryui/images/ui-bg_flat_55_fafafa_40x100.png HTTP/1.1" 404 1097
186.103.159.182 - - [24/Apr/2017:11:29:50 -0300] "GET /cormun/static/Shared/jqueryui/images/ui-icons_8d78a5_256x240.png HTTP/1.1" 404 1089
200.111.191.210 - - [24/Apr/2017:11:29:56 -0300] "POST /cormun/servlet/trsolicitudot?276bca7f04114fa9d7c035ecb55b44ea,,gx-no-cache=1493047752545 HTTP/1.1" 200 21020
200.111.191.210 - - [24/Apr/2017:11:29:56 -0300] "GET /cormun/static/Resources/PXToolsGridNext.gif HTTP/1.1" 200 369
200.111.191.210 - - [24/Apr/2017:11:29:56 -0300] "GET /cormun/static/Resources/PXToolsGridLast.gif HTTP/1.1" 200 370
186.103.156.24 - - [24/Apr/2017:11:30:01 -0300] "POST /cormun/servlet/solicitudot?gx-no-cache=1493044292663 HTTP/1.1" 200 297
