186.79.18.181 - - [21/Apr/2017:10:02:47 -0300] "GET /cormun/servlet/hlogin HTTP/1.1" 200 1740
186.79.18.181 - - [21/Apr/2017:10:02:47 -0300] "GET /cormun/servlet/solicitudot?INS,0,0, HTTP/1.1" 200 11958
186.103.159.44 - - [21/Apr/2017:10:02:52 -0300] "GET /cormun/servlet/hlogin HTTP/1.1" 200 1722
186.79.18.181 - - [21/Apr/2017:10:02:53 -0300] "POST /cormun/servlet/hlogin?2f45ea1f8d5919ef3dec8e354bd0d812,gx-no-cache=1492779836017 HTTP/1.1" 200 90
186.79.18.181 - - [21/Apr/2017:10:02:53 -0300] "GET /cormun/servlet/hpexe_link HTTP/1.1" 200 961
186.79.18.181 - - [21/Apr/2017:10:02:53 -0300] "GET /cormun/servlet/solicitudot?INS,0,0, HTTP/1.1" 200 12455
186.79.18.181 - - [21/Apr/2017:10:02:54 -0300] "GET /cormun/servlet/solicitudot?INS,0,0, HTTP/1.1" 200 12461
186.103.159.44 - - [21/Apr/2017:10:03:10 -0300] "POST /cormun/servlet/hlogin?4a8a069a2ca4780fc3e5d22fc25b0f15,gx-no-cache=1492779845822 HTTP/1.1" 200 90
186.103.159.44 - - [21/Apr/2017:10:03:10 -0300] "GET /cormun/servlet/hpexe_link HTTP/1.1" 200 954
186.103.159.44 - - [21/Apr/2017:10:03:11 -0300] "GET /cormun/servlet/hhome HTTP/1.1" 200 3782
186.79.18.181 - - [21/Apr/2017:10:03:11 -0300] "POST /cormun/servlet/solicitudot?gx-no-cache=1492779853964 HTTP/1.1" 200 3207
186.79.18.181 - - [21/Apr/2017:10:03:12 -0300] "POST /cormun/servlet/solicitudot?2f45ea1f8d5919ef3dec8e354bd0d812,INS,0,0,,gx-no-cache=1492779854508 HTTP/1.1" 200 9539
186.79.18.181 - - [21/Apr/2017:10:03:15 -0300] "GET /cormun/servlet/solicitudot?663b23cf8662e39e5b73419fc64d5d506cdafc3b571513f678c3802edb1a01b81d1c461af6240d3d8679dad0aaa3185b,gx-no-cache=1492779858633 HTTP/1.1" 200 30
186.79.18.181 - - [21/Apr/2017:10:03:15 -0300] "POST /cormun/servlet/solicitudot?gx-no-cache=1492779858742 HTTP/1.1" 200 255
186.103.159.44 - - [21/Apr/2017:10:03:16 -0300] "GET /cormun/servlet/trlicencias? HTTP/1.1" 200 6626
186.79.18.181 - - [21/Apr/2017:10:03:16 -0300] "GET /cormun/servlet/solicitudot?663b23cf8662e39e5b73419fc64d5d509bd645a594d5ad455382dd5127a9d686d15cb1783d5bca72f9ec4573eb66faa461c461d40257f7ef207c8a51366d7125cf912ee0ad531fd43f8024cf7617c7c1fd9d6519ec90550fb0ab2aeb01a60752fd12c21b3a4b696f16bb239bfdc9ac4bbb33eebbf48e0bac0f24ea56cb81c1dc3b556b4c071cecc64aa840407c715c78552ac842e3d0acd8e32a1a624aba12daf45e15b7817ed9f806ce3a99886818ae9ac30105e2db4c1f413214a0b8f7e0ff40ffd7883f60d71314287355b22e9f2f99ec8d467ae3ca0e7d7800ef54a485a7642b7e2e2c94aa84d44b162fea579086d025f4a3ba32aec6f0e2aca47f93f61c2cb9ed4a45321a04aa22dc5d64dd75642314e6766d74188cb7235bd95f7480c76873a7df5417abad6dee524e3a50cf2ce6bc9196f364361951831f44af45dd8e38b96c62136b56c3a9ad03cea2203b3b224b135645d7eba3b18532acb3950ad1c61d068e5f1464e28a6f93a419eaa777693cba586c184612a5ea90f4e2f06bbd,gx-no-cache=1492779858882 HTTP/1.1" 200 30
186.79.18.181 - - [21/Apr/2017:10:03:19 -0300] "POST /cormun/servlet/solicitudot?gx-no-cache=1492779862407 HTTP/1.1" 200 30
186.103.159.44 - - [21/Apr/2017:10:03:21 -0300] "GET /cormun/servlet/licenciaspermisos?INS,0,,, HTTP/1.1" 200 7175
186.79.18.181 - - [21/Apr/2017:10:03:24 -0300] "GET /cormun/servlet/prcontratosol?13531148,,,,,MD,,gxPopupLevel%3D0%3B HTTP/1.1" 200 5960
186.79.18.181 - - [21/Apr/2017:10:03:24 -0300] "GET /cormun/static/gxcfg.js?201731711522183 HTTP/1.1" 304 -
186.79.18.181 - - [21/Apr/2017:10:03:24 -0300] "GET /cormun/static/menusearch.js?201610171694467 HTTP/1.1" 304 -
186.79.18.181 - - [21/Apr/2017:10:03:24 -0300] "GET /cormun/static/hmpwkw011.js?201731711483558 HTTP/1.1" 304 -
186.79.18.181 - - [21/Apr/2017:10:03:31 -0300] "POST /cormun/servlet/solicitudot?gx-no-cache=1492779874122 HTTP/1.1" 200 1291
186.79.18.181 - - [21/Apr/2017:10:03:31 -0300] "POST /cormun/servlet/solicitudot?gx-no-cache=1492779874281 HTTP/1.1" 200 38
186.79.18.181 - - [21/Apr/2017:10:03:31 -0300] "GET /cormun/servlet/solicitudot?663b23cf8662e39e5b73419fc64d5d5029b3015800b6c1a0e7c16a527eabf0ec8af2f54e849676515376dac546b2523c6502b08c1f8bddad2548ac7eb9637bb470b381d4d6e723f57a7db171f8bba7621cb29a2b03dbdf919b20e1af8bb04d55e79f9d7678d349745dd4e939c43e912baf802b45fbc293ec1a97a05bb47a95f9914741f21df6a40df9cfe31707fdc4d72a91fbb7134cfddc4af64db2fc7e21d20adb4cbe5b82a7e4145ea5cc06feb5c6a584de2066425ca07675fbe3b377532a41fe92c5c652990b9a6f1cea84d248c2,gx-no-cache=1492779874411 HTTP/1.1" 200 29
186.79.18.181 - - [21/Apr/2017:10:03:31 -0300] "POST /cormun/servlet/solicitudot?gx-no-cache=1492779874522 HTTP/1.1" 200 1274
186.79.18.181 - - [21/Apr/2017:10:03:31 -0300] "POST /cormun/servlet/solicitudot?gx-no-cache=1492779874718 HTTP/1.1" 200 1156
192.168.10.13 - - [21/Apr/2017:10:03:40 -0300] "GET / HTTP/1.1" 200 11217
186.79.18.181 - - [21/Apr/2017:10:04:01 -0300] "GET /cormun/servlet/solicitudot?663b23cf8662e39e5b73419fc64d5d5029b3015800b6c1a0e7c16a527eabf0ec8af2f54e849676515376dac546b2523cdaa1443d732c194fc891eaa1a6ea565f70b381d4d6e723f57a7db171f8bba7621cb29a2b03dbdf919b20e1af8bb04d55e79f9d7678d349745dd4e939c43e912baf802b45fbc293ec1a97a05bb47a95f9914741f21df6a40df9cfe31707fdc4d72a91fbb7134cfddc4af64db2fc7e21d20adb4cbe5b82a7e4145ea5cc06feb5c6a584de2066425ca07675fbe3b377532a41fe92c5c652990b9a6f1cea84d248c2,gx-no-cache=1492779903482 HTTP/1.1" 200 29
186.79.18.181 - - [21/Apr/2017:10:04:04 -0300] "POST /cormun/servlet/solicitudot?gx-no-cache=1492779907421 HTTP/1.1" 200 1275
186.79.18.181 - - [21/Apr/2017:10:04:04 -0300] "POST /cormun/servlet/solicitudot?gx-no-cache=1492779907678 HTTP/1.1" 200 1156
186.79.18.181 - - [21/Apr/2017:10:04:05 -0300] "GET /cormun/servlet/solicitudot?663b23cf8662e39e5b73419fc64d5d50503eb2a3479da016eacc635b8eaadafd0d68596df713952e671536d648b3daa9791a9d89f2c5502e3669ddf1c1e68f33302086c02e20632b31c94cc9efb890bb8d17440b2c5b1d96efc12a14a87eb9d09fe2946dba1dd2a25319f7405f40abac036ad4cf06ea6a128314eb28d669d20280db30f8941670fc37eb96bf3b6f7342692f76acea705855b5977afe25d0bbe5d5219d45b8cc66cda42ca5fed835ccb8,gx-no-cache=1492779907876 HTTP/1.1" 200 30
186.79.18.181 - - [21/Apr/2017:10:04:16 -0300] "POST /cormun/servlet/solicitudot?2f45ea1f8d5919ef3dec8e354bd0d812,INS,0,0,,gx-no-cache=1492779918185 HTTP/1.1" 200 93
186.79.18.181 - - [21/Apr/2017:10:04:16 -0300] "GET /cormun/servlet/hpexe_return? HTTP/1.1" 200 1004
186.79.18.181 - - [21/Apr/2017:10:04:16 -0300] "GET /cormun/static/gxcfg.js?2016101716175148 HTTP/1.1" 304 -
186.79.18.181 - - [21/Apr/2017:10:04:16 -0300] "GET /cormun/servlet/hhome HTTP/1.1" 200 3811
186.79.18.181 - - [21/Apr/2017:10:04:17 -0300] "GET /cormun/servlet/hhome HTTP/1.1" 200 3805
186.79.18.181 - - [21/Apr/2017:10:04:30 -0300] "GET /cormun/servlet/trsolicitudot? HTTP/1.1" 200 8545
186.79.18.181 - - [21/Apr/2017:10:04:31 -0300] "GET /cormun/servlet/trsolicitudot? HTTP/1.1" 200 8543
192.168.10.13 - - [21/Apr/2017:10:04:40 -0300] "GET / HTTP/1.1" 200 11217
186.103.159.44 - - [21/Apr/2017:10:05:26 -0300] "GET /cormun/servlet/licenciaspermisos?f6422d7fabc30e53581152100d3ad43aec42b4bd316dec08aeae0d592b5c19f251f94142ca6d6b8f173f9e0b785833d3,gx-no-cache=1492779981697 HTTP/1.1" 200 66
186.103.159.44 - - [21/Apr/2017:10:05:26 -0300] "POST /cormun/servlet/licenciaspermisos?4a8a069a2ca4780fc3e5d22fc25b0f15,INS,0,,,,gx-no-cache=1492779981882 HTTP/1.1" 200 4425
192.168.10.13 - - [21/Apr/2017:10:05:40 -0300] "GET / HTTP/1.1" 200 11217
186.79.183.135 - - [21/Apr/2017:10:06:05 -0300] "GET /cormun/servlet/solicitudot?4448f18329d5aabca2ac693a29977c991a7a49ad5ac9fc9fd2a078936658bf978a18ac4f3f995b809ac438f8e70a27e720f23643b1c6ae00e0acd7a7b5de9ef1537dee7cf8cb4ad22063083005f3a5485170e2f8be375245cd5a6b26bb8a9dfb9c7ca59588f3502a5e3f0120909889b41ae342b182e507d28b4da4e1f752d90681d6e379bd1a2a719f65d8aaa2f3a254c0c2d83e1608eab762d919085717232daaefde22850c2cb5ea557bb7b983e3a5f761c28850b15cee779b0f3e2f125c40fb53493c4b9b2103fa0746b2932db69bf8e6eedf4b9ab949ac0b051915d127c306b1be13800ed5794edaa1cdafdc6ce064b1f8aaa2dbcb2cea75f6f24fca9fe059de7ebe768eee9d5fdce1832baf4c5300e49f5b801dc6ed4779f5e062c574801b0f0305e6c0db53e021a7293570160b01436f97c574d52754fda142dfdb6abf2a218dd54043155b0ea26999b2a6096f,gx-no-cache=1492780033144 HTTP/1.1" 200 297
186.79.183.135 - - [21/Apr/2017:10:06:09 -0300] "GET /cormun/servlet/solicitudot?4448f18329d5aabca2ac693a29977c9908c6944c797aeab53525a43b3ee7c4adce8d1485233eb9ecc7df487ad4835c696c7e7374b64f7b8a12b8042d60986480cda53ce711003b430cb5e293328224b83a37173838bd211c5c308edc57bf6c7535958684828d3237fd073a215a96a4020a92b86885204c4e13a398230d339bec417c24e2392e82dbcbe40d3ca4d2923b691eb926c759764e2ff3d6a355833ff8d12794f7132bbb63a684c642fe7bb8af282bdda101015aa7b8f1a9aaa606937333f3336a609249d8888719033383f636f071255da2cb26fad9596faf8f9126cce9c8717fba60fa5dbbb718d449ee5c100a8f139ef7432c1f6b756249bf8c1f6a5df2462cb077da21057f8180a5cbb4d72582f67d8e180be0195c992df55d4dfef54809d5fcace3bd4c8d7374104982c452ad0755cfd1fe9f408e3bd21a03fa9d1bff7e687b08dbad0847ba689e54ca73656eee647f6516f0856d39fc488f1419ec52c6f28d279c7a6f91ca2cfb4c2ac6eb3478e8360899e3194ef1f1100825b1636e3d54addbafba6b77f851c3b3c6a0,gx-no-cache=1492780035983 HTTP/1.1" 200 30
186.79.183.135 - - [21/Apr/2017:10:06:38 -0300] "POST /cormun/servlet/solicitudot?gx-no-cache=1492780065655 HTTP/1.1" 200 30
192.168.10.13 - - [21/Apr/2017:10:06:40 -0300] "GET / HTTP/1.1" 200 11217
186.79.183.135 - - [21/Apr/2017:10:06:47 -0300] "POST /cormun/servlet/solicitudot?gx-no-cache=1492780074936 HTTP/1.1" 200 30
186.79.183.135 - - [21/Apr/2017:10:06:50 -0300] "POST /cormun/servlet/solicitudot?gx-no-cache=1492780077760 HTTP/1.1" 200 235
186.79.183.135 - - [21/Apr/2017:10:06:50 -0300] "POST /cormun/servlet/solicitudot?gx-no-cache=1492780077967 HTTP/1.1" 200 38
186.79.183.135 - - [21/Apr/2017:10:07:24 -0300] "GET /cormun/servlet/solicitudot?4448f18329d5aabca2ac693a29977c99d78bf44477e0abdf0f4640d798f039e764b1f8aaa2dbcb2cea75f6f24fca9fe059de7ebe768eee9d5fdce1832baf4c53bb6b419e89d581bbfd31f28e28ed92d5,gx-no-cache=1492780111445 HTTP/1.1" 200 29
186.79.183.135 - - [21/Apr/2017:10:07:24 -0300] "POST /cormun/servlet/solicitudot?gx-no-cache=1492780111617 HTTP/1.1" 200 676
186.79.183.135 - - [21/Apr/2017:10:07:24 -0300] "POST /cormun/servlet/solicitudot?gx-no-cache=1492780111746 HTTP/1.1" 200 552
186.103.159.44 - - [21/Apr/2017:10:07:39 -0300] "GET /cormun/static/menuarrow.gif HTTP/1.1" 404 1015
192.168.10.13 - - [21/Apr/2017:10:07:40 -0300] "GET / HTTP/1.1" 200 11217
186.79.183.135 - - [21/Apr/2017:10:08:32 -0300] "POST /cormun/servlet/solicitudot?gx-no-cache=1492780179782 HTTP/1.1" 200 30
186.79.183.135 - - [21/Apr/2017:10:08:32 -0300] "POST /cormun/servlet/solicitudot?gx-no-cache=1492780179955 HTTP/1.1" 200 690
186.79.183.135 - - [21/Apr/2017:10:08:32 -0300] "POST /cormun/servlet/solicitudot?gx-no-cache=1492780180115 HTTP/1.1" 200 41
192.168.10.13 - - [21/Apr/2017:10:08:40 -0300] "GET / HTTP/1.1" 200 11217
192.168.10.13 - - [21/Apr/2017:10:09:40 -0300] "GET / HTTP/1.1" 200 11217
186.79.183.135 - - [21/Apr/2017:10:09:52 -0300] "POST /cormun/servlet/solicitudot?gx-no-cache=1492780259621 HTTP/1.1" 200 674
186.79.183.135 - - [21/Apr/2017:10:09:57 -0300] "POST /cormun/servlet/solicitudot?gx-no-cache=1492780264462 HTTP/1.1" 200 1157
192.168.10.13 - - [21/Apr/2017:10:10:40 -0300] "GET / HTTP/1.1" 200 11217
192.168.10.13 - - [21/Apr/2017:10:11:40 -0300] "GET / HTTP/1.1" 200 11217
192.168.10.13 - - [21/Apr/2017:10:12:40 -0300] "GET / HTTP/1.1" 200 11217
186.79.183.135 - - [21/Apr/2017:10:12:56 -0300] "POST /cormun/servlet/solicitudot?gx-no-cache=1492780444151 HTTP/1.1" 200 256
186.79.183.135 - - [21/Apr/2017:10:13:01 -0300] "GET /cormun/servlet/solicitudot?4448f18329d5aabca2ac693a29977c9908c6944c797aeab53525a43b3ee7c4ade85cdbb5f7b6a53e40f2839b81f8ff706c7e7374b64f7b8a12b8042d60986480cda53ce711003b430cb5e293328224b83a37173838bd211c5c308edc57bf6c7535958684828d3237fd073a215a96a4020a92b86885204c4e13a398230d339bec417c24e2392e82dbcbe40d3ca4d2923b691eb926c759764e2ff3d6a355833ff8d12794f7132bbb63a684c642fe7bb8af282bdda101015aa7b8f1a9aaa606937333f3336a609249d8888719033383f636f071255da2cb26fad9596faf8f9126cce9c8717fba60fa5dbbb718d449ee5c105b1bc2dee4bd9a7e0b21343496a708df5df2462cb077da21057f8180a5cbb4d712e896e8a386aaf6351d3d52a4220a9c745d6700b198981cd8b19d0db39c42fcc3149f399bac1c5868eacf2739a6081a1572cb0ff09f4ac0b0360fd347a5e9ef71016163a7428171f3bf9d8bde0b8e46838ab11e664b64a0177fc1c009b056c56eebb13a8acf4afbec45477289bfa2e4,gx-no-cache=1492780448789 HTTP/1.1" 200 30
186.79.183.135 - - [21/Apr/2017:10:13:11 -0300] "POST /cormun/servlet/solicitudot?gx-no-cache=1492780458859 HTTP/1.1" 200 30
186.79.183.135 - - [21/Apr/2017:10:13:11 -0300] "POST /cormun/servlet/solicitudot?gx-no-cache=1492780459057 HTTP/1.1" 200 1286
186.79.183.135 - - [21/Apr/2017:10:13:12 -0300] "POST /cormun/servlet/solicitudot?gx-no-cache=1492780459311 HTTP/1.1" 200 41
186.79.183.135 - - [21/Apr/2017:10:13:12 -0300] "POST /cormun/servlet/solicitudot?gx-no-cache=1492780459416 HTTP/1.1" 200 1273
186.79.183.135 - - [21/Apr/2017:10:13:12 -0300] "POST /cormun/servlet/solicitudot?gx-no-cache=1492780459614 HTTP/1.1" 200 1157
192.168.10.13 - - [21/Apr/2017:10:13:40 -0300] "GET / HTTP/1.1" 200 11217
186.79.183.135 - - [21/Apr/2017:10:14:14 -0300] "GET /cormun/servlet/solicitudot?4448f18329d5aabca2ac693a29977c99701c19c638f4922a0c1341431dd97415cd5ed2c7dfc89059022e562819bc2d20bda73acd99991ea21b5ec47bc6fb179b59de7ebe768eee9d5fdce1832baf4c534c87bb2be1e22cacd14ddc97c04c5aed370f1fe2e3fa7d8262fea4596c233a73ea12b7506958f420d5e6d7667993ce7b1776de4bb3518ea3a4d957c37b8867e9515150361832c14324b4b59d1653ada732fca231a7249a43d2a757c6f0634e15,gx-no-cache=1492780521954 HTTP/1.1" 200 30
186.79.183.135 - - [21/Apr/2017:10:14:15 -0300] "POST /cormun/servlet/solicitudot?c3291217c26d3b0cabc66dd123e4021e,INS,0,0,,gx-no-cache=1492780522074 HTTP/1.1" 200 11060
192.168.10.13 - - [21/Apr/2017:10:14:40 -0300] "GET / HTTP/1.1" 200 11217
192.168.10.13 - - [21/Apr/2017:10:15:40 -0300] "GET / HTTP/1.1" 200 11217
192.168.10.13 - - [21/Apr/2017:10:16:40 -0300] "GET / HTTP/1.1" 200 11217
186.79.183.135 - - [21/Apr/2017:10:17:14 -0300] "GET /cormun/servlet/hlogin HTTP/1.1" 200 1727
186.79.183.135 - - [21/Apr/2017:10:17:14 -0300] "GET /cormun/static/gxcfg.js?201741110203197 HTTP/1.1" 304 -
186.79.183.135 - - [21/Apr/2017:10:17:14 -0300] "GET /cormun/static/Resources/Spanish/PXTools.css?11294912 HTTP/1.1" 304 -
186.79.183.135 - - [21/Apr/2017:10:17:14 -0300] "GET /cormun/static/messages.spa.js?85251 HTTP/1.1" 304 -
186.79.183.135 - - [21/Apr/2017:10:17:14 -0300] "GET /cormun/static/hlogin.js?201741110203211 HTTP/1.1" 304 -
186.79.183.135 - - [21/Apr/2017:10:17:15 -0300] "GET /cormun/servlet/hlogin HTTP/1.1" 200 1733
186.79.183.135 - - [21/Apr/2017:10:17:19 -0300] "POST /cormun/servlet/hlogin?9fa685e950ba4afa2e65f7d19bbf4c8a,gx-no-cache=1492784304914 HTTP/1.1" 200 90
186.79.183.135 - - [21/Apr/2017:10:17:19 -0300] "GET /cormun/servlet/hpexe_link HTTP/1.1" 200 953
186.79.183.135 - - [21/Apr/2017:10:17:19 -0300] "GET /cormun/static/gxcfg.js?201731711483381 HTTP/1.1" 304 -
186.79.183.135 - - [21/Apr/2017:10:17:19 -0300] "GET /cormun/static/hpexe_link.js?201731711483384 HTTP/1.1" 304 -
186.79.183.135 - - [21/Apr/2017:10:17:20 -0300] "GET /cormun/servlet/hhome HTTP/1.1" 200 3973
186.79.183.135 - - [21/Apr/2017:10:17:20 -0300] "GET /cormun/static/gxcfg.js?201731711483497 HTTP/1.1" 200 953
186.79.183.135 - - [21/Apr/2017:10:17:20 -0300] "GET /cormun/static/PXToolsJavascripts/pexe_cookies.js HTTP/1.1" 200 792
186.79.183.135 - - [21/Apr/2017:10:17:20 -0300] "GET /cormun/static/PXToolsJavascripts/pexe_menudivfix.js HTTP/1.1" 200 333
186.79.183.135 - - [21/Apr/2017:10:17:20 -0300] "GET /cormun/static/PXToolsJavascripts/pexe_oav.js HTTP/1.1" 200 645
186.79.183.135 - - [21/Apr/2017:10:17:20 -0300] "GET /cormun/static/PXToolsJavascripts/pexe_oavdivfix.js HTTP/1.1" 200 639
186.79.183.135 - - [21/Apr/2017:10:17:20 -0300] "GET /cormun/static/PXToolsJavascripts/pexe_picture.js HTTP/1.1" 200 689
186.79.183.135 - - [21/Apr/2017:10:17:20 -0300] "GET /cormun/static/PXToolsJavascripts/pexe_tabdivfix.js HTTP/1.1" 200 876
186.79.183.135 - - [21/Apr/2017:10:17:20 -0300] "GET /cormun/static/PXToolsJavascripts/PXToolsJavascriptsRender.js HTTP/1.1" 200 367
186.79.183.135 - - [21/Apr/2017:10:17:20 -0300] "GET /cormun/static/RunJS/RunJS.js HTTP/1.1" 200 288
186.79.183.135 - - [21/Apr/2017:10:17:20 -0300] "GET /cormun/static/hhome.js?20173171148352 HTTP/1.1" 200 777
186.79.183.135 - - [21/Apr/2017:10:17:20 -0300] "GET /cormun/static/hwchdr01.js?201731711335950 HTTP/1.1" 304 -
186.79.183.135 - - [21/Apr/2017:10:17:20 -0300] "GET /cormun/static/Resources/PXToolsHeaderActionsLeft.png HTTP/1.1" 200 1118
186.79.183.135 - - [21/Apr/2017:10:17:20 -0300] "GET /cormun/static/Resources/PXToolsFooterBackground2.png HTTP/1.1" 200 1172
186.79.183.135 - - [21/Apr/2017:10:17:20 -0300] "GET /cormun/static/Resources/logo4.png HTTP/1.1" 200 6582
186.79.183.135 - - [21/Apr/2017:10:17:20 -0300] "GET /cormun/static/Resources/PXToolsHeaderLogin.png HTTP/1.1" 200 4279
186.79.183.135 - - [21/Apr/2017:10:17:20 -0300] "GET /cormun/static/Resources/PXToolsDataTitle.png HTTP/1.1" 200 1173
186.79.183.135 - - [21/Apr/2017:10:17:20 -0300] "GET /cormun/static/Resources/PXToolsHeaderActionsBackground.png HTTP/1.1" 200 484
186.79.183.135 - - [21/Apr/2017:10:17:20 -0300] "GET /cormun/static/Resources/PXToolsHeaderBackground2.png HTTP/1.1" 200 1174
186.79.183.135 - - [21/Apr/2017:10:17:20 -0300] "GET /cormun/static/Resources/PXToolsHeaderSecurity.png HTTP/1.1" 200 4166
186.79.183.135 - - [21/Apr/2017:10:17:20 -0300] "GET /cormun/static/Resources/PXToolsHeaderActionsRight.png HTTP/1.1" 200 1201
186.79.183.135 - - [21/Apr/2017:10:17:20 -0300] "GET /cormun/static/Resources/PXToolsHeaderPreferences.png HTTP/1.1" 200 4189
186.79.183.135 - - [21/Apr/2017:10:17:20 -0300] "GET /cormun/static/hpexe_recentlink.js?201610171694390 HTTP/1.1" 304 -
186.79.183.135 - - [21/Apr/2017:10:17:20 -0300] "GET /cormun/static/Resources/PXToolsHeaderHome.png HTTP/1.1" 200 4147
186.79.183.135 - - [21/Apr/2017:10:17:20 -0300] "GET /cormun/static/hpexe_scripts.js?201731711335890 HTTP/1.1" 304 -
186.79.183.135 - - [21/Apr/2017:10:17:20 -0300] "GET /cormun/static/hpexe_messagecontroller.js?201610171694323 HTTP/1.1" 200 870
186.79.183.135 - - [21/Apr/2017:10:17:20 -0300] "GET /cormun/static/hpexe_messagepopupcomponent.js?20161017169425 HTTP/1.1" 200 605
186.79.183.135 - - [21/Apr/2017:10:17:20 -0300] "GET /cormun/static/hpexe_messagegenexuscomponent.js?201731711335537 HTTP/1.1" 200 587
186.79.183.135 - - [21/Apr/2017:10:17:20 -0300] "GET /cormun/static/cmcontrolpreferences.js?201731711335852 HTTP/1.1" 304 -
186.79.183.135 - - [21/Apr/2017:10:17:21 -0300] "GET /cormun/static/hmpwkw03.js?201731711485354 HTTP/1.1" 304 -
186.79.183.135 - - [21/Apr/2017:10:17:21 -0300] "GET /cormun/servlet/hhome HTTP/1.1" 200 3969
186.79.183.135 - - [21/Apr/2017:10:17:21 -0300] "GET /cormun/static/SmoothNavMenu/resources/images/down.gif HTTP/1.1" 200 854
186.79.183.135 - - [21/Apr/2017:10:17:21 -0300] "GET /cormun/static/SmoothNavMenu/resources/images/right.gif HTTP/1.1" 200 860
186.103.159.44 - - [21/Apr/2017:10:17:25 -0300] "GET /cormun/servlet/hlogin HTTP/1.1" 200 1722
192.168.10.13 - - [21/Apr/2017:10:17:40 -0300] "GET / HTTP/1.1" 200 11217
186.79.183.135 - - [21/Apr/2017:10:17:45 -0300] "GET /cormun/servlet/trautorizarsolicitud? HTTP/1.1" 200 9647
186.79.183.135 - - [21/Apr/2017:10:17:45 -0300] "GET /cormun/static/gxcfg.js?2017259112829 HTTP/1.1" 304 -
186.79.183.135 - - [21/Apr/2017:10:17:45 -0300] "GET /cormun/static/Resources/Spanish/PXTools.css?18365030 HTTP/1.1" 304 -
186.79.183.135 - - [21/Apr/2017:10:17:45 -0300] "GET /cormun/static/trautorizarsolicitud.js?2017259113483 HTTP/1.1" 304 -
186.79.183.135 - - [21/Apr/2017:10:17:46 -0300] "GET /cormun/servlet/trautorizarsolicitud? HTTP/1.1" 200 9645
186.79.183.135 - - [21/Apr/2017:10:17:58 -0300] "POST /cormun/servlet/trautorizarsolicitud?9fa685e950ba4afa2e65f7d19bbf4c8a,,gx-no-cache=1492784343695 HTTP/1.1" 200 6582
186.79.183.135 - - [21/Apr/2017:10:17:59 -0300] "GET /cormun/static/Shared/jqueryui/images/ui-icons_82798d_256x240.png HTTP/1.1" 404 1089
186.79.183.135 - - [21/Apr/2017:10:17:59 -0300] "GET /cormun/static/Shared/jqueryui/images/ui-bg_highlight-soft_100_c6c2c8_1x100.png HTTP/1.1" 404 1117
186.79.183.135 - - [21/Apr/2017:10:17:59 -0300] "GET /cormun/static/Shared/jqueryui/images/ui-bg_flat_55_fafafa_40x100.png HTTP/1.1" 404 1097
186.79.183.135 - - [21/Apr/2017:10:17:59 -0300] "GET /cormun/static/Shared/jqueryui/images/ui-icons_8d78a5_256x240.png HTTP/1.1" 404 1089
186.79.183.135 - - [21/Apr/2017:10:17:59 -0300] "POST /cormun/servlet/trautorizarsolicitud?9fa685e950ba4afa2e65f7d19bbf4c8a,,gx-no-cache=1492784344766 HTTP/1.1" 200 6527
186.79.183.135 - - [21/Apr/2017:10:18:03 -0300] "POST /cormun/servlet/trautorizarsolicitud?9fa685e950ba4afa2e65f7d19bbf4c8a,,gx-no-cache=1492784348002 HTTP/1.1" 200 6206
186.79.183.135 - - [21/Apr/2017:10:18:03 -0300] "POST /cormun/servlet/trautorizarsolicitud?9fa685e950ba4afa2e65f7d19bbf4c8a,,gx-no-cache=1492784348806 HTTP/1.1" 200 6151
186.79.183.135 - - [21/Apr/2017:10:18:06 -0300] "POST /cormun/servlet/trautorizarsolicitud?9fa685e950ba4afa2e65f7d19bbf4c8a,,gx-no-cache=1492784351025 HTTP/1.1" 200 5851
186.79.183.135 - - [21/Apr/2017:10:18:06 -0300] "POST /cormun/servlet/trautorizarsolicitud?9fa685e950ba4afa2e65f7d19bbf4c8a,,gx-no-cache=1492784351805 HTTP/1.1" 200 5795
186.79.183.135 - - [21/Apr/2017:10:18:08 -0300] "POST /cormun/servlet/trautorizarsolicitud?9fa685e950ba4afa2e65f7d19bbf4c8a,,gx-no-cache=1492784353966 HTTP/1.1" 200 5455
186.79.183.135 - - [21/Apr/2017:10:18:09 -0300] "POST /cormun/servlet/trautorizarsolicitud?9fa685e950ba4afa2e65f7d19bbf4c8a,,gx-no-cache=1492784354638 HTTP/1.1" 200 5400
186.79.183.135 - - [21/Apr/2017:10:18:14 -0300] "POST /cormun/servlet/trautorizarsolicitud?9fa685e950ba4afa2e65f7d19bbf4c8a,,gx-no-cache=1492784359883 HTTP/1.1" 200 4327
186.79.183.135 - - [21/Apr/2017:10:18:15 -0300] "POST /cormun/servlet/trautorizarsolicitud?9fa685e950ba4afa2e65f7d19bbf4c8a,,gx-no-cache=1492784360508 HTTP/1.1" 200 4105
192.168.10.13 - - [21/Apr/2017:10:18:40 -0300] "GET / HTTP/1.1" 200 11217
192.168.10.89 - - [21/Apr/2017:10:19:03 -0300] "POST /cormun/servlet/trsolicitudgral?d64970c800db5e33b9c1c4c93931044d,gx-no-cache=1492781572067,gx-no-cache=1492784015578 HTTP/1.1" 440 972
192.168.10.89 - - [21/Apr/2017:10:19:06 -0300] "GET /cormun/servlet/trsolicitudgral?gx-no-cache=1492781572067 HTTP/1.1" 200 24095
192.168.10.89 - - [21/Apr/2017:10:19:07 -0300] "GET /cormun/servlet/hlogin HTTP/1.1" 200 1763
186.103.156.24 - - [21/Apr/2017:10:19:11 -0300] "GET /cormun/servlet/hlogin HTTP/1.1" 200 1723
186.103.156.24 - - [21/Apr/2017:10:19:11 -0300] "GET /cormun/static/Resources/Spanish/PXTools.css?11294912 HTTP/1.1" 304 -
186.103.156.24 - - [21/Apr/2017:10:19:11 -0300] "GET /cormun/static/gxcfg.js?201741110203197 HTTP/1.1" 200 953
186.103.156.24 - - [21/Apr/2017:10:19:11 -0300] "GET /cormun/static/messages.spa.js?85251 HTTP/1.1" 304 -
186.103.156.24 - - [21/Apr/2017:10:19:11 -0300] "GET /cormun/static/hlogin.js?201741110203211 HTTP/1.1" 304 -
186.103.156.24 - - [21/Apr/2017:10:19:12 -0300] "GET /cormun/static/Resources/PXToolsLoginTop.png HTTP/1.1" 200 1337
186.103.156.24 - - [21/Apr/2017:10:19:12 -0300] "GET /cormun/static/Resources/PXToolsLoginBackground.png HTTP/1.1" 200 1164
186.103.156.24 - - [21/Apr/2017:10:19:12 -0300] "GET /cormun/static/Resources/PXToolsLoginBottom.png HTTP/1.1" 200 1389
186.103.156.24 - - [21/Apr/2017:10:19:12 -0300] "GET /cormun/static/Resources/ComunLogin.png HTTP/1.1" 200 17326
186.103.156.24 - - [21/Apr/2017:10:19:12 -0300] "GET /cormun/servlet/hlogin HTTP/1.1" 200 1733
192.168.10.89 - - [21/Apr/2017:10:19:13 -0300] "POST /cormun/servlet/hlogin?70ae9178444fb44e20252af819cf6d74,gx-no-cache=1492784025567 HTTP/1.1" 200 90
192.168.10.89 - - [21/Apr/2017:10:19:13 -0300] "GET /cormun/servlet/hpexe_link HTTP/1.1" 200 981
192.168.10.89 - - [21/Apr/2017:10:19:15 -0300] "GET /cormun/servlet/trsolicitudgral?gx-no-cache=1492781572067 HTTP/1.1" 200 25263
192.168.10.13 - - [21/Apr/2017:10:19:40 -0300] "GET / HTTP/1.1" 200 11217
186.103.156.24 - - [21/Apr/2017:10:19:47 -0300] "POST /cormun/servlet/hlogin?9ec057c1945009ca5c03f80323d9f139,gx-no-cache=1492780853635 HTTP/1.1" 200 90
186.103.156.24 - - [21/Apr/2017:10:19:48 -0300] "GET /cormun/servlet/hpexe_link HTTP/1.1" 200 953
186.103.156.24 - - [21/Apr/2017:10:19:48 -0300] "GET /cormun/static/gxcfg.js?201731711483381 HTTP/1.1" 200 953
186.103.156.24 - - [21/Apr/2017:10:19:48 -0300] "GET /cormun/static/hpexe_link.js?201731711483384 HTTP/1.1" 200 625
186.103.156.24 - - [21/Apr/2017:10:19:48 -0300] "GET /cormun/servlet/hhome HTTP/1.1" 200 4002
186.103.156.24 - - [21/Apr/2017:10:19:48 -0300] "GET /cormun/static/gxcfg.js?201731711483497 HTTP/1.1" 200 953
186.103.156.24 - - [21/Apr/2017:10:19:49 -0300] "GET /cormun/static/hhome.js?20173171148352 HTTP/1.1" 200 777
186.103.156.24 - - [21/Apr/2017:10:19:49 -0300] "GET /cormun/static/hwchdr01.js?201731711335950 HTTP/1.1" 304 -
186.103.156.24 - - [21/Apr/2017:10:19:49 -0300] "GET /cormun/static/hpexe_recentlink.js?201610171694390 HTTP/1.1" 304 -
186.103.156.24 - - [21/Apr/2017:10:19:49 -0300] "GET /cormun/static/hpexe_scripts.js?201731711335890 HTTP/1.1" 304 -
186.103.156.24 - - [21/Apr/2017:10:19:49 -0300] "GET /cormun/static/cmcontrolpreferences.js?201731711335852 HTTP/1.1" 304 -
186.103.156.24 - - [21/Apr/2017:10:19:49 -0300] "GET /cormun/static/hmpwkw03.js?201731711485354 HTTP/1.1" 304 -
186.103.156.24 - - [21/Apr/2017:10:19:49 -0300] "GET /cormun/servlet/hhome HTTP/1.1" 200 3998
186.103.156.24 - - [21/Apr/2017:10:20:18 -0300] "GET /cormun/servlet/hlogin HTTP/1.1" 200 1723
192.168.10.89 - - [21/Apr/2017:10:20:23 -0300] "GET /cormun/static/menuarrow.gif HTTP/1.1" 404 1015
192.168.10.89 - - [21/Apr/2017:10:20:32 -0300] "POST /cormun/servlet/trsolicitudgral?70ae9178444fb44e20252af819cf6d74,gx-no-cache=1492781572067,gx-no-cache=1492784103586 HTTP/1.1" 200 8275
186.79.183.135 - - [21/Apr/2017:10:20:32 -0300] "POST /cormun/servlet/solicitudot?c3291217c26d3b0cabc66dd123e4021e,INS,0,0,,gx-no-cache=1492780898747 HTTP/1.1" 200 93
186.79.183.135 - - [21/Apr/2017:10:20:32 -0300] "GET /cormun/servlet/hpexe_return? HTTP/1.1" 200 1010
186.79.183.135 - - [21/Apr/2017:10:20:32 -0300] "GET /cormun/servlet/trsolicitudot HTTP/1.1" 200 6680
186.103.159.44 - - [21/Apr/2017:10:20:32 -0300] "POST /cormun/servlet/hlogin?60d6cb58c97412eaeb80148632d8241d,gx-no-cache=1492780887918 HTTP/1.1" 200 90
186.103.159.44 - - [21/Apr/2017:10:20:32 -0300] "GET /cormun/servlet/hpexe_link HTTP/1.1" 200 951
186.103.159.44 - - [21/Apr/2017:10:20:33 -0300] "GET /cormun/servlet/hhome HTTP/1.1" 200 3781
186.79.183.135 - - [21/Apr/2017:10:20:33 -0300] "GET /cormun/servlet/trsolicitudot HTTP/1.1" 200 6677
186.103.159.44 - - [21/Apr/2017:10:20:37 -0300] "GET /cormun/servlet/trlicencias? HTTP/1.1" 200 6624
192.168.10.13 - - [21/Apr/2017:10:20:40 -0300] "GET / HTTP/1.1" 200 11217
186.79.183.135 - - [21/Apr/2017:10:20:41 -0300] "GET /cormun/servlet/solicitudot?INS,0,0, HTTP/1.1" 200 12570
186.79.183.135 - - [21/Apr/2017:10:20:42 -0300] "GET /cormun/servlet/solicitudot?INS,0,0, HTTP/1.1" 200 12575
186.103.159.44 - - [21/Apr/2017:10:20:49 -0300] "GET /cormun/servlet/licenciaspermisos?INS,0,,, HTTP/1.1" 200 7171
186.79.183.135 - - [21/Apr/2017:10:20:54 -0300] "POST /cormun/servlet/solicitudot?gx-no-cache=1492780921805 HTTP/1.1" 200 3198
186.79.183.135 - - [21/Apr/2017:10:20:55 -0300] "POST /cormun/servlet/solicitudot?c3291217c26d3b0cabc66dd123e4021e,INS,0,0,,gx-no-cache=1492780922376 HTTP/1.1" 200 9795
186.79.183.135 - - [21/Apr/2017:10:20:55 -0300] "GET /cormun/servlet/solicitudot?4448f18329d5aabca2ac693a29977c99596f82bcc8f7918295305bbe9b71ee2b7aad53afc4d1547a33ecea1c23caff7a,gx-no-cache=1492780923078 HTTP/1.1" 200 30
192.168.10.89 - - [21/Apr/2017:10:20:58 -0300] "POST /cormun/servlet/trsolicitudgral?70ae9178444fb44e20252af819cf6d74,gx-no-cache=1492781572067,gx-no-cache=1492784130093 HTTP/1.1" 200 7968
192.168.10.89 - - [21/Apr/2017:10:20:59 -0300] "GET /cormun/static/Shared/jqueryui/images/ui-bg_highlight-soft_100_c6c2c8_1x100.png HTTP/1.1" 404 1117
192.168.10.89 - - [21/Apr/2017:10:20:59 -0300] "GET /cormun/static/Shared/jqueryui/images/ui-icons_82798d_256x240.png HTTP/1.1" 404 1089
192.168.10.89 - - [21/Apr/2017:10:20:59 -0300] "GET /cormun/static/Shared/jqueryui/images/ui-bg_flat_55_fafafa_40x100.png HTTP/1.1" 404 1097
192.168.10.89 - - [21/Apr/2017:10:20:59 -0300] "GET /cormun/static/Shared/jqueryui/images/ui-icons_8d78a5_256x240.png HTTP/1.1" 404 1089
186.103.159.44 - - [21/Apr/2017:10:21:02 -0300] "GET /cormun/servlet/licenciaspermisos?4365df12579c4264a7b09d095681b200973abbcf20833d494dc7948e6c3548b608e17bce446f48ee70fe50ac11c8df18,gx-no-cache=1492780917866 HTTP/1.1" 200 66
186.103.159.44 - - [21/Apr/2017:10:21:02 -0300] "POST /cormun/servlet/licenciaspermisos?60d6cb58c97412eaeb80148632d8241d,INS,0,,,,gx-no-cache=1492780917980 HTTP/1.1" 200 4422
186.79.183.135 - - [21/Apr/2017:10:21:04 -0300] "POST /cormun/servlet/solicitudot?gx-no-cache=1492780931423 HTTP/1.1" 200 255
186.79.183.135 - - [21/Apr/2017:10:21:04 -0300] "GET /cormun/servlet/solicitudot?4448f18329d5aabca2ac693a29977c9908c6944c797aeab53525a43b3ee7c4ade85cdbb5f7b6a53e40f2839b81f8ff706c7e7374b64f7b8a12b8042d60986480cda53ce711003b430cb5e293328224b83a37173838bd211c5c308edc57bf6c7535958684828d3237fd073a215a96a4020a92b86885204c4e13a398230d339bec417c24e2392e82dbcbe40d3ca4d2923b691eb926c759764e2ff3d6a355833ff8d12794f7132bbb63a684c642fe7bb8af282bdda101015aa7b8f1a9aaa606937333f3336a609249d8888719033383f636f071255da2cb26fad9596faf8f9126cce9c8717fba60fa5dbbb718d449ee5c105b1bc2dee4bd9a7e0b21343496a708df5df2462cb077da21057f8180a5cbb4d712e896e8a386aaf6351d3d52a4220a9c745d6700b198981cd8b19d0db39c42fcc3149f399bac1c5868eacf2739a6081a1572cb0ff09f4ac0b0360fd347a5e9ef71016163a7428171f3bf9d8bde0b8e46838ab11e664b64a0177fc1c009b056c5a954887d4bc8338b4f25558bc4ea5c33,gx-no-cache=1492780931631 HTTP/1.1" 200 30
186.79.183.135 - - [21/Apr/2017:10:21:07 -0300] "POST /cormun/servlet/solicitudot?gx-no-cache=1492780934334 HTTP/1.1" 200 30
186.79.183.135 - - [21/Apr/2017:10:21:09 -0300] "POST /cormun/servlet/solicitudot?gx-no-cache=1492780936541 HTTP/1.1" 200 235
186.79.183.135 - - [21/Apr/2017:10:21:09 -0300] "POST /cormun/servlet/solicitudot?gx-no-cache=1492780936677 HTTP/1.1" 200 38
192.168.10.89 - - [21/Apr/2017:10:21:17 -0300] "POST /cormun/servlet/trsolicitudgral?70ae9178444fb44e20252af819cf6d74,gx-no-cache=1492781572067,gx-no-cache=1492784148827 HTTP/1.1" 200 7607
192.168.10.89 - - [21/Apr/2017:10:21:33 -0300] "POST /cormun/servlet/trsolicitudgral?70ae9178444fb44e20252af819cf6d74,gx-no-cache=1492781572067,gx-no-cache=1492784164868 HTTP/1.1" 200 7278
186.79.183.135 - - [21/Apr/2017:10:21:37 -0300] "GET /cormun/servlet/solicitudot?4448f18329d5aabca2ac693a29977c99d78bf44477e0abdf0f4640d798f039e764b1f8aaa2dbcb2cea75f6f24fca9fe03274129348fdb9477abb07c7c0983843b801d0934d35e9377c8b781ba92c2f5e55878bf50de3511fb57ae6a7e8c7f607276da3eae205e96dda69c72b942fad008f3a622258b4d0da11fba61ae0df3349aa8e9462ccae6b2c9b73be55555184b565fd90d99c564683d2f491a352ada3d8,gx-no-cache=1492780964478 HTTP/1.1" 200 29
186.79.183.135 - - [21/Apr/2017:10:21:37 -0300] "POST /cormun/servlet/solicitudot?gx-no-cache=1492780964661 HTTP/1.1" 200 674
192.168.10.13 - - [21/Apr/2017:10:21:40 -0300] "GET / HTTP/1.1" 200 11217
186.79.183.135 - - [21/Apr/2017:10:21:40 -0300] "POST /cormun/servlet/solicitudot?gx-no-cache=1492780967917 HTTP/1.1" 200 1157
192.168.10.89 - - [21/Apr/2017:10:21:45 -0300] "POST /cormun/servlet/trsolicitudgral?70ae9178444fb44e20252af819cf6d74,gx-no-cache=1492781572067,gx-no-cache=1492784177517 HTTP/1.1" 200 6947
192.168.10.89 - - [21/Apr/2017:10:21:59 -0300] "POST /cormun/servlet/trsolicitudgral?70ae9178444fb44e20252af819cf6d74,gx-no-cache=1492781572067,gx-no-cache=1492784190716 HTTP/1.1" 200 6544
186.79.183.135 - - [21/Apr/2017:10:22:13 -0300] "GET /cormun/servlet/solicitudot?4448f18329d5aabca2ac693a29977c99701c19c638f4922a0c1341431dd97415cd5ed2c7dfc89059022e562819bc2d20bda73acd99991ea21b5ec47bc6fb179b59de7ebe768eee9d5fdce1832baf4c534c87bb2be1e22cacd14ddc97c04c5aed370f1fe2e3fa7d8262fea4596c233a73ea12b7506958f420d5e6d7667993ce7b1776de4bb3518ea3a4d957c37b8867e9515150361832c14324b4b59d1653ada732fca231a7249a43d2a757c6f0634e15,gx-no-cache=1492781000586 HTTP/1.1" 200 30
186.79.183.135 - - [21/Apr/2017:10:22:14 -0300] "POST /cormun/servlet/solicitudot?c3291217c26d3b0cabc66dd123e4021e,INS,0,0,,gx-no-cache=1492781000784 HTTP/1.1" 200 93
186.79.183.135 - - [21/Apr/2017:10:22:14 -0300] "GET /cormun/servlet/hpexe_return? HTTP/1.1" 200 1010
186.79.183.135 - - [21/Apr/2017:10:22:14 -0300] "GET /cormun/servlet/trsolicitudot HTTP/1.1" 200 7977
186.79.183.135 - - [21/Apr/2017:10:22:15 -0300] "GET /cormun/servlet/trsolicitudot HTTP/1.1" 200 7974
186.103.159.44 - - [21/Apr/2017:10:22:19 -0300] "GET /cormun/static/menuarrow.gif HTTP/1.1" 404 1015
186.79.183.135 - - [21/Apr/2017:10:22:23 -0300] "POST /cormun/servlet/trsolicitudot?c3291217c26d3b0cabc66dd123e4021e,gx-no-cache=1492781010391 HTTP/1.1" 200 106
186.79.183.135 - - [21/Apr/2017:10:22:23 -0300] "GET /cormun/servlet/trsolicitudadjuntos?2017,6155, HTTP/1.1" 200 5845
186.79.183.135 - - [21/Apr/2017:10:22:23 -0300] "GET /cormun/static/gxcfg.js?201731711504543 HTTP/1.1" 304 -
186.79.183.135 - - [21/Apr/2017:10:22:23 -0300] "GET /cormun/static/trsolicitudadjuntos.js?201731711504951 HTTP/1.1" 304 -
186.79.183.135 - - [21/Apr/2017:10:22:24 -0300] "GET /cormun/servlet/trsolicitudadjuntos?2017,6155, HTTP/1.1" 200 5845
186.79.183.135 - - [21/Apr/2017:10:22:30 -0300] "GET /cormun/servlet/solicitudotadjuntos?INS,2017,6155,,1, HTTP/1.1" 200 5781
186.79.183.135 - - [21/Apr/2017:10:22:30 -0300] "GET /cormun/static/gxcfg.js?201612218465951 HTTP/1.1" 304 -
186.79.183.135 - - [21/Apr/2017:10:22:30 -0300] "GET /cormun/static/solicitudotadjuntos.js?201612218465969 HTTP/1.1" 304 -
186.79.183.135 - - [21/Apr/2017:10:22:30 -0300] "GET /cormun/static/about:blank HTTP/1.1" 404 1011
186.79.183.135 - - [21/Apr/2017:10:22:30 -0300] "GET /cormun/servlet/solicitudotadjuntos?INS,2017,6155,,1, HTTP/1.1" 200 5775
186.79.183.135 - - [21/Apr/2017:10:22:31 -0300] "GET /cormun/servlet/solicitudotadjuntos?4448f18329d5aabca2ac693a29977c99a3bdd3ee6c6708ecf6d90317c64d500662c904991c7784c7a3430d3116576146,gx-no-cache=1492781018596 HTTP/1.1" 200 30
186.79.183.135 - - [21/Apr/2017:10:22:31 -0300] "POST /cormun/servlet/solicitudotadjuntos?c3291217c26d3b0cabc66dd123e4021e,INS,2017,6155,,1,,gx-no-cache=1492781018680 HTTP/1.1" 200 3684
186.79.183.135 - - [21/Apr/2017:10:22:39 -0300] "POST /cormun/servlet/solicitudotadjuntos?gx-no-cache=1492781027121 HTTP/1.1" 200 26
192.168.10.13 - - [21/Apr/2017:10:22:40 -0300] "GET / HTTP/1.1" 200 11217
186.79.183.135 - - [21/Apr/2017:10:23:07 -0300] "GET /cormun/servlet/solicitudotadjuntos?4448f18329d5aabca2ac693a29977c99bf9a6f0fe54d2a529941202f0937a316,gx-no-cache=1492781055074 HTTP/1.1" 200 30
186.79.183.135 - - [21/Apr/2017:10:23:07 -0300] "GET /cormun/servlet/solicitudotadjuntos?4448f18329d5aabca2ac693a29977c99bf9a6f0fe54d2a529941202f0937a316,gx-no-cache=1492781055237 HTTP/1.1" 200 30
186.79.183.135 - - [21/Apr/2017:10:23:10 -0300] "POST /cormun/servlet/solicitudotadjuntos?c3291217c26d3b0cabc66dd123e4021e,INS,2017,6155,,1, HTTP/1.1" 200 116
186.79.183.135 - - [21/Apr/2017:10:23:10 -0300] "GET /cormun/servlet/hpexe_return? HTTP/1.1" 200 1028
186.79.183.135 - - [21/Apr/2017:10:23:11 -0300] "GET /cormun/servlet/trsolicitudadjuntos?2017,6155, HTTP/1.1" 200 7988
186.79.183.135 - - [21/Apr/2017:10:23:11 -0300] "GET /cormun/servlet/trsolicitudadjuntos?2017,6155, HTTP/1.1" 200 7983
186.79.183.135 - - [21/Apr/2017:10:23:15 -0300] "GET /cormun/servlet/solicitudotadjuntos?INS,2017,6155,,1, HTTP/1.1" 200 5781
186.79.183.135 - - [21/Apr/2017:10:23:15 -0300] "GET /cormun/static/about:blank HTTP/1.1" 404 1011
186.79.183.135 - - [21/Apr/2017:10:23:15 -0300] "GET /cormun/servlet/solicitudotadjuntos?INS,2017,6155,,1, HTTP/1.1" 200 5775
186.79.183.135 - - [21/Apr/2017:10:23:16 -0300] "GET /cormun/servlet/solicitudotadjuntos?4448f18329d5aabca2ac693a29977c99a3bdd3ee6c6708ecf6d90317c64d500662c904991c7784c7a3430d3116576146,gx-no-cache=1492781063647 HTTP/1.1" 200 30
186.79.183.135 - - [21/Apr/2017:10:23:16 -0300] "POST /cormun/servlet/solicitudotadjuntos?c3291217c26d3b0cabc66dd123e4021e,INS,2017,6155,,1,,gx-no-cache=1492781063751 HTTP/1.1" 200 3684
186.79.183.135 - - [21/Apr/2017:10:23:24 -0300] "POST /cormun/servlet/solicitudotadjuntos?gx-no-cache=1492781071682 HTTP/1.1" 200 26
186.79.183.135 - - [21/Apr/2017:10:23:40 -0300] "GET /cormun/servlet/solicitudotadjuntos?4448f18329d5aabca2ac693a29977c99bf9a6f0fe54d2a529941202f0937a316,gx-no-cache=1492781087632 HTTP/1.1" 200 30
186.79.183.135 - - [21/Apr/2017:10:23:40 -0300] "GET /cormun/servlet/solicitudotadjuntos?4448f18329d5aabca2ac693a29977c99bf9a6f0fe54d2a529941202f0937a316,gx-no-cache=1492781087796 HTTP/1.1" 200 30
192.168.10.13 - - [21/Apr/2017:10:23:40 -0300] "GET / HTTP/1.1" 200 11217
186.79.183.135 - - [21/Apr/2017:10:23:43 -0300] "POST /cormun/servlet/solicitudotadjuntos?c3291217c26d3b0cabc66dd123e4021e,INS,2017,6155,,1, HTTP/1.1" 200 116
186.79.183.135 - - [21/Apr/2017:10:23:43 -0300] "GET /cormun/servlet/hpexe_return? HTTP/1.1" 200 1028
186.79.183.135 - - [21/Apr/2017:10:23:43 -0300] "GET /cormun/servlet/trsolicitudadjuntos?2017,6155, HTTP/1.1" 200 8243
186.79.183.135 - - [21/Apr/2017:10:23:44 -0300] "GET /cormun/servlet/trsolicitudadjuntos?2017,6155, HTTP/1.1" 200 8240
186.79.183.135 - - [21/Apr/2017:10:23:47 -0300] "GET /cormun/servlet/solicitudotadjuntos?INS,2017,6155,,1, HTTP/1.1" 200 5782
186.79.183.135 - - [21/Apr/2017:10:23:47 -0300] "GET /cormun/static/about:blank HTTP/1.1" 404 1011
186.79.183.135 - - [21/Apr/2017:10:23:47 -0300] "GET /cormun/servlet/solicitudotadjuntos?INS,2017,6155,,1, HTTP/1.1" 200 5776
186.79.183.135 - - [21/Apr/2017:10:23:48 -0300] "GET /cormun/servlet/solicitudotadjuntos?4448f18329d5aabca2ac693a29977c99a3bdd3ee6c6708ecf6d90317c64d500662c904991c7784c7a3430d3116576146,gx-no-cache=1492781095603 HTTP/1.1" 200 30
186.79.183.135 - - [21/Apr/2017:10:23:49 -0300] "POST /cormun/servlet/solicitudotadjuntos?c3291217c26d3b0cabc66dd123e4021e,INS,2017,6155,,1,,gx-no-cache=1492781096015 HTTP/1.1" 200 3686
186.103.159.44 - - [21/Apr/2017:10:23:52 -0300] "GET /cormun/servlet/licenciaspermisos?4365df12579c4264a7b09d095681b200cd026d13bc43c7d6ae3088bace0df002e2349126ea58c2b93d5e4f013d37c5f66d30851791202509cef463fa78ec950e6682350c81cd67bd82d4d4b0f04c708203bededfb7eecd8efc7e9d113e5470e333163a84cf30a0e7de57140e3f08ae40d1bcb9f51dada4d7adcef5981e6d3afa67682545a5a05fe6cf80f7fb1630aa828f0d182a270665bba951d7464c9ca882cd0c25f67159e19a9732254d5adac3a6,gx-no-cache=1492781087452 HTTP/1.1" 200 30
186.103.159.44 - - [21/Apr/2017:10:23:53 -0300] "POST /cormun/servlet/licenciaspermisos?60d6cb58c97412eaeb80148632d8241d,INS,0,,,,gx-no-cache=1492781087941 HTTP/1.1" 200 4503
186.79.183.135 - - [21/Apr/2017:10:23:53 -0300] "POST /cormun/servlet/solicitudotadjuntos?gx-no-cache=1492781101129 HTTP/1.1" 200 26
186.79.183.135 - - [21/Apr/2017:10:24:01 -0300] "GET /cormun/servlet/solicitudotadjuntos?4448f18329d5aabca2ac693a29977c99bf9a6f0fe54d2a529941202f0937a316,gx-no-cache=1492781108480 HTTP/1.1" 200 30
186.79.183.135 - - [21/Apr/2017:10:24:01 -0300] "GET /cormun/servlet/solicitudotadjuntos?4448f18329d5aabca2ac693a29977c99bf9a6f0fe54d2a529941202f0937a316,gx-no-cache=1492781108611 HTTP/1.1" 200 30
186.79.183.135 - - [21/Apr/2017:10:24:03 -0300] "POST /cormun/servlet/solicitudotadjuntos?c3291217c26d3b0cabc66dd123e4021e,INS,2017,6155,,1, HTTP/1.1" 200 116
186.79.183.135 - - [21/Apr/2017:10:24:03 -0300] "GET /cormun/servlet/hpexe_return? HTTP/1.1" 200 1028
186.79.183.135 - - [21/Apr/2017:10:24:03 -0300] "GET /cormun/servlet/trsolicitudadjuntos?2017,6155, HTTP/1.1" 200 8399
186.79.183.135 - - [21/Apr/2017:10:24:04 -0300] "GET /cormun/servlet/trsolicitudadjuntos?2017,6155, HTTP/1.1" 200 8397
192.168.10.13 - - [21/Apr/2017:10:24:40 -0300] "GET / HTTP/1.1" 200 11217
186.79.183.135 - - [21/Apr/2017:10:24:41 -0300] "GET /cormun/servlet/solicitudotadjuntos?INS,2017,6155,,1, HTTP/1.1" 200 5782
186.79.183.135 - - [21/Apr/2017:10:24:42 -0300] "GET /cormun/static/about:blank HTTP/1.1" 404 1011
186.79.183.135 - - [21/Apr/2017:10:24:42 -0300] "GET /cormun/servlet/solicitudotadjuntos?INS,2017,6155,,1, HTTP/1.1" 200 5776
186.79.183.135 - - [21/Apr/2017:10:24:42 -0300] "GET /cormun/servlet/solicitudotadjuntos?4448f18329d5aabca2ac693a29977c99a3bdd3ee6c6708ecf6d90317c64d500662c904991c7784c7a3430d3116576146,gx-no-cache=1492781149981 HTTP/1.1" 200 30
186.79.183.135 - - [21/Apr/2017:10:24:43 -0300] "POST /cormun/servlet/solicitudotadjuntos?c3291217c26d3b0cabc66dd123e4021e,INS,2017,6155,,1,,gx-no-cache=1492781150103 HTTP/1.1" 200 3686
186.103.159.44 - - [21/Apr/2017:10:24:49 -0300] "GET /cormun/servlet/licenciaspermisos?4365df12579c4264a7b09d095681b20002fb4e516184b7de87626e5d1fb90ef83fba15dcda422a3c9468ed4510da10e588cf066908b2d23a27a84f0680953e8a479410510e92edefd883292c43fb24a4d35d2f2deabfc713fa01124fc5019e56623e7b457112133c735e20b7e366255c8c0c8670469db6bbfdbc6e2bc13c8000a0e8d912109b398b197a6db23d9e69ce41c2870b434b1ffd156144104c252e4081b1b1598871a73c198f4b1e3a73468fbdafaa6adc9e6fe4724fd50751e973e063fe1789ead2fa2b74652523de074b5c7c75b7553aae49ccd251764fe1d17a9b38f7b8445eb4bd68bb932b1fc11d2bab,gx-no-cache=1492781144013 HTTP/1.1" 200 61
186.103.159.44 - - [21/Apr/2017:10:24:52 -0300] "POST /cormun/servlet/licenciaspermisos?60d6cb58c97412eaeb80148632d8241d,INS,0,,,,gx-no-cache=1492781147643 HTTP/1.1" 200 93
186.103.159.44 - - [21/Apr/2017:10:24:52 -0300] "GET /cormun/servlet/hpexe_return? HTTP/1.1" 200 1010
186.103.159.44 - - [21/Apr/2017:10:24:53 -0300] "GET /cormun/servlet/trlicencias HTTP/1.1" 200 7820
186.79.183.135 - - [21/Apr/2017:10:24:55 -0300] "POST /cormun/servlet/solicitudotadjuntos?gx-no-cache=1492781163144 HTTP/1.1" 200 26
186.103.159.44 - - [21/Apr/2017:10:24:57 -0300] "GET /cormun/servlet/trlicenciaspermisosadjuntos?14070981,20170421000000,L, HTTP/1.1" 200 6131
186.103.159.44 - - [21/Apr/2017:10:25:03 -0300] "GET /cormun/servlet/licenciaspermisosadjuntos?INS,14070981,L,20170421000000,, HTTP/1.1" 200 5428
186.103.159.44 - - [21/Apr/2017:10:25:04 -0300] "HEAD /cormun/static/about:blank HTTP/1.1" 404 -
186.79.183.135 - - [21/Apr/2017:10:25:05 -0300] "GET /cormun/servlet/solicitudotadjuntos?4448f18329d5aabca2ac693a29977c99bf9a6f0fe54d2a529941202f0937a316,gx-no-cache=1492781172200 HTTP/1.1" 200 30
186.79.183.135 - - [21/Apr/2017:10:25:05 -0300] "GET /cormun/servlet/solicitudotadjuntos?4448f18329d5aabca2ac693a29977c99bf9a6f0fe54d2a529941202f0937a316,gx-no-cache=1492781172383 HTTP/1.1" 200 30
186.79.183.135 - - [21/Apr/2017:10:25:07 -0300] "POST /cormun/servlet/solicitudotadjuntos?c3291217c26d3b0cabc66dd123e4021e,INS,2017,6155,,1, HTTP/1.1" 200 116
186.79.183.135 - - [21/Apr/2017:10:25:07 -0300] "GET /cormun/servlet/hpexe_return? HTTP/1.1" 200 1028
186.79.183.135 - - [21/Apr/2017:10:25:08 -0300] "GET /cormun/servlet/trsolicitudadjuntos?2017,6155, HTTP/1.1" 200 8547
186.79.183.135 - - [21/Apr/2017:10:25:09 -0300] "GET /cormun/servlet/trsolicitudadjuntos?2017,6155, HTTP/1.1" 200 8544
186.79.183.135 - - [21/Apr/2017:10:25:12 -0300] "GET /cormun/servlet/solicitudotadjuntos?INS,2017,6155,,1, HTTP/1.1" 200 5782
186.79.183.135 - - [21/Apr/2017:10:25:13 -0300] "GET /cormun/static/about:blank HTTP/1.1" 404 1011
186.79.183.135 - - [21/Apr/2017:10:25:13 -0300] "GET /cormun/servlet/solicitudotadjuntos?INS,2017,6155,,1, HTTP/1.1" 200 5776
186.79.183.135 - - [21/Apr/2017:10:25:13 -0300] "GET /cormun/servlet/solicitudotadjuntos?4448f18329d5aabca2ac693a29977c99a3bdd3ee6c6708ecf6d90317c64d500662c904991c7784c7a3430d3116576146,gx-no-cache=1492781181042 HTTP/1.1" 200 30
186.79.183.135 - - [21/Apr/2017:10:25:14 -0300] "POST /cormun/servlet/solicitudotadjuntos?c3291217c26d3b0cabc66dd123e4021e,INS,2017,6155,,1,,gx-no-cache=1492781181142 HTTP/1.1" 200 3686
186.79.183.135 - - [21/Apr/2017:10:25:20 -0300] "POST /cormun/servlet/solicitudotadjuntos?gx-no-cache=1492781187913 HTTP/1.1" 200 26
186.79.183.135 - - [21/Apr/2017:10:25:31 -0300] "GET /cormun/servlet/solicitudotadjuntos?4448f18329d5aabca2ac693a29977c99bf9a6f0fe54d2a529941202f0937a316,gx-no-cache=1492781198975 HTTP/1.1" 200 30
186.79.183.135 - - [21/Apr/2017:10:25:31 -0300] "GET /cormun/servlet/solicitudotadjuntos?4448f18329d5aabca2ac693a29977c99bf9a6f0fe54d2a529941202f0937a316,gx-no-cache=1492781199154 HTTP/1.1" 200 30
186.79.183.135 - - [21/Apr/2017:10:25:36 -0300] "POST /cormun/servlet/solicitudotadjuntos?c3291217c26d3b0cabc66dd123e4021e,INS,2017,6155,,1, HTTP/1.1" 200 116
186.79.183.135 - - [21/Apr/2017:10:25:36 -0300] "GET /cormun/servlet/hpexe_return? HTTP/1.1" 200 1028
186.79.183.135 - - [21/Apr/2017:10:25:36 -0300] "GET /cormun/servlet/trsolicitudadjuntos?2017,6155, HTTP/1.1" 200 8714
186.79.183.135 - - [21/Apr/2017:10:25:37 -0300] "GET /cormun/servlet/trsolicitudadjuntos?2017,6155, HTTP/1.1" 200 8714
192.168.10.13 - - [21/Apr/2017:10:25:40 -0300] "GET / HTTP/1.1" 200 11217
186.103.159.44 - - [21/Apr/2017:10:25:49 -0300] "POST /cormun/servlet/licenciaspermisosadjuntos?60d6cb58c97412eaeb80148632d8241d,INS,14070981,L,20170421000000,, HTTP/1.1" 200 116
186.103.159.44 - - [21/Apr/2017:10:25:49 -0300] "GET /cormun/servlet/hpexe_return? HTTP/1.1" 200 1041
186.103.159.44 - - [21/Apr/2017:10:25:50 -0300] "GET /cormun/servlet/trlicenciaspermisosadjuntos?14070981,20170421000000,L, HTTP/1.1" 200 6622
186.79.183.135 - - [21/Apr/2017:10:25:51 -0300] "GET /cormun/servlet/solicitudotadjuntos?INS,2017,6155,,1, HTTP/1.1" 200 5783
186.79.183.135 - - [21/Apr/2017:10:25:52 -0300] "GET /cormun/static/about:blank HTTP/1.1" 404 1011
186.79.183.135 - - [21/Apr/2017:10:25:52 -0300] "GET /cormun/servlet/solicitudotadjuntos?INS,2017,6155,,1, HTTP/1.1" 200 5777
186.103.159.44 - - [21/Apr/2017:10:25:52 -0300] "GET /cormun/PublicTempStorage/licencia_carolina_aburto3003891.pdf HTTP/1.1" 200 941566
186.79.183.135 - - [21/Apr/2017:10:25:52 -0300] "GET /cormun/servlet/solicitudotadjuntos?4448f18329d5aabca2ac693a29977c99a3bdd3ee6c6708ecf6d90317c64d500662c904991c7784c7a3430d3116576146,gx-no-cache=1492781220185 HTTP/1.1" 200 30
186.79.183.135 - - [21/Apr/2017:10:25:53 -0300] "POST /cormun/servlet/solicitudotadjuntos?c3291217c26d3b0cabc66dd123e4021e,INS,2017,6155,,1,,gx-no-cache=1492781220302 HTTP/1.1" 200 3685
186.103.159.44 - - [21/Apr/2017:10:25:59 -0300] "GET /cormun/servlet/trlicencias? HTTP/1.1" 200 7817
186.79.183.135 - - [21/Apr/2017:10:26:00 -0300] "POST /cormun/servlet/solicitudotadjuntos?gx-no-cache=1492781227657 HTTP/1.1" 200 26
186.103.159.44 - - [21/Apr/2017:10:26:03 -0300] "GET /cormun/servlet/alicenciaprn?14070981,L,20170421000000,PU HTTP/1.1" 200 1582
186.79.183.135 - - [21/Apr/2017:10:26:27 -0300] "GET /cormun/servlet/solicitudotadjuntos?4448f18329d5aabca2ac693a29977c99bf9a6f0fe54d2a529941202f0937a316,gx-no-cache=1492781254753 HTTP/1.1" 200 30
186.79.183.135 - - [21/Apr/2017:10:26:27 -0300] "GET /cormun/servlet/solicitudotadjuntos?4448f18329d5aabca2ac693a29977c99bf9a6f0fe54d2a529941202f0937a316,gx-no-cache=1492781254877 HTTP/1.1" 200 30
186.79.183.135 - - [21/Apr/2017:10:26:30 -0300] "POST /cormun/servlet/solicitudotadjuntos?c3291217c26d3b0cabc66dd123e4021e,INS,2017,6155,,1, HTTP/1.1" 200 116
186.79.183.135 - - [21/Apr/2017:10:26:30 -0300] "GET /cormun/servlet/hpexe_return? HTTP/1.1" 200 1028
186.79.183.135 - - [21/Apr/2017:10:26:31 -0300] "GET /cormun/servlet/trsolicitudadjuntos?2017,6155, HTTP/1.1" 200 8971
186.79.183.135 - - [21/Apr/2017:10:26:31 -0300] "GET /cormun/servlet/trsolicitudadjuntos?2017,6155, HTTP/1.1" 200 8967
192.168.10.13 - - [21/Apr/2017:10:26:40 -0300] "GET / HTTP/1.1" 200 11217
186.103.161.206 - - [21/Apr/2017:10:27:11 -0300] "GET /cormun/static/Resources/resize.gif HTTP/1.1" 200 77
186.103.132.155 - - [21/Apr/2017:10:27:12 -0300] "GET /cormun/servlet/prfichaempleado?,MD,,gxPopupLevel%3D0%3B HTTP/1.1" 200 8800
186.103.161.206 - - [21/Apr/2017:10:27:12 -0300] "GET /cormun/static/gxcfg.js?2017319125415 HTTP/1.1" 200 953
190.151.100.218 - - [21/Apr/2017:10:27:12 -0300] "GET /cormun/static/hmpwkw011.js?201731711483558 HTTP/1.1" 304 -
190.151.100.218 - - [21/Apr/2017:10:27:12 -0300] "GET /cormun/static/Resources/PXToolsMenuSearch.png HTTP/1.1" 200 2914
186.103.161.206 - - [21/Apr/2017:10:27:13 -0300] "GET /cormun/static/prfichaempleado.js?20173191254344 HTTP/1.1" 200 15951
186.103.161.206 - - [21/Apr/2017:10:27:13 -0300] "GET /cormun/static/menusearch.js?201610171694467 HTTP/1.1" 304 -
186.103.132.155 - - [21/Apr/2017:10:27:13 -0300] "GET /cormun/static/Resources/PXToolsMenuSearchCancel.png HTTP/1.1" 200 2972
186.79.183.135 - - [21/Apr/2017:10:27:39 -0300] "GET /cormun/servlet/solicitudotadjuntos?INS,2017,6155,,2, HTTP/1.1" 200 5780
186.79.183.135 - - [21/Apr/2017:10:27:40 -0300] "GET /cormun/static/about:blank HTTP/1.1" 404 1011
192.168.10.13 - - [21/Apr/2017:10:27:40 -0300] "GET / HTTP/1.1" 200 11217
186.79.183.135 - - [21/Apr/2017:10:27:40 -0300] "GET /cormun/servlet/solicitudotadjuntos?INS,2017,6155,,2, HTTP/1.1" 200 5774
186.79.183.135 - - [21/Apr/2017:10:27:41 -0300] "GET /cormun/servlet/solicitudotadjuntos?4448f18329d5aabca2ac693a29977c99a3bdd3ee6c6708ecf6d90317c64d500662c904991c7784c7a3430d3116576146,gx-no-cache=1492781328431 HTTP/1.1" 200 30
186.79.183.135 - - [21/Apr/2017:10:27:41 -0300] "POST /cormun/servlet/solicitudotadjuntos?c3291217c26d3b0cabc66dd123e4021e,INS,2017,6155,,2,,gx-no-cache=1492781328534 HTTP/1.1" 200 3828
190.151.100.218 - - [21/Apr/2017:10:28:11 -0300] "GET /cormun/servlet/prfichaempleado?,MD,,gxPopupLevel%3D0%3B HTTP/1.1" 200 8800
186.79.183.135 - - [21/Apr/2017:10:28:22 -0300] "POST /cormun/servlet/solicitudotadjuntos?c3291217c26d3b0cabc66dd123e4021e,INS,2017,6155,,2,,gx-no-cache=1492781369651 HTTP/1.1" 200 93
186.79.183.135 - - [21/Apr/2017:10:28:22 -0300] "GET /cormun/servlet/hpexe_return? HTTP/1.1" 200 1028
186.79.183.135 - - [21/Apr/2017:10:28:23 -0300] "GET /cormun/servlet/trsolicitudadjuntos?2017,6155, HTTP/1.1" 200 8970
186.79.183.135 - - [21/Apr/2017:10:28:24 -0300] "GET /cormun/servlet/trsolicitudadjuntos?2017,6155, HTTP/1.1" 200 8967
