186.79.3.196 - - [21/Apr/2017:09:06:41 -0300] "GET /cormun/static/trpermisosgoce.js?20174111153217 HTTP/1.1" 304 -
186.79.3.196 - - [21/Apr/2017:09:06:44 -0300] "GET /cormun/servlet/trpermisosgoce? HTTP/1.1" 200 6789
186.79.3.196 - - [21/Apr/2017:09:06:46 -0300] "GET /cormun/servlet/permisogoce?INS,0,,, HTTP/1.1" 200 6783
186.79.3.196 - - [21/Apr/2017:09:06:46 -0300] "GET /cormun/static/gxcfg.js?201741111325459 HTTP/1.1" 304 -
186.79.3.196 - - [21/Apr/2017:09:06:53 -0300] "GET /cormun/static/permisogoce.js?20174111132557 HTTP/1.1" 304 -
186.79.3.196 - - [21/Apr/2017:09:06:53 -0300] "GET /cormun/servlet/permisogoce?INS,0,,, HTTP/1.1" 200 6783
186.79.3.196 - - [21/Apr/2017:09:07:02 -0300] "GET /cormun/servlet/permisogoce?7d89a2cc5cfe86d9c5ef15786dea0680540ba9a91094fac42760acd77bc2d5c1f3eed6544ebd18f2eea96e088b612831,gx-no-cache=1492776485492 HTTP/1.1" 200 74
186.79.3.196 - - [21/Apr/2017:09:07:02 -0300] "GET /cormun/static/menuarrow.gif HTTP/1.1" 404 1015
186.79.3.196 - - [21/Apr/2017:09:07:08 -0300] "GET /cormun/servlet/permisogoce?7d89a2cc5cfe86d9c5ef15786dea06802a99a77b5f40544adf373cba2b7f0291050ed9e80d252a19565d2640a2c6b85b03eec7db2ee588dca7ebeac1ca0364f4,gx-no-cache=1492776491326 HTTP/1.1" 200 48
186.79.3.196 - - [21/Apr/2017:09:07:24 -0300] "POST /cormun/servlet/permisogoce?eaa79f2d2661e20de098d138bf1ee82f,INS,0,,,,gx-no-cache=1492776505944 HTTP/1.1" 200 93
186.79.3.196 - - [21/Apr/2017:09:07:25 -0300] "GET /cormun/servlet/hpexe_return? HTTP/1.1" 200 1008
186.79.3.196 - - [21/Apr/2017:09:07:26 -0300] "GET /cormun/servlet/trpermisosgoce HTTP/1.1" 200 7624
186.79.3.196 - - [21/Apr/2017:09:07:28 -0300] "GET /cormun/servlet/trpermisosgoce HTTP/1.1" 200 7620
186.79.183.135 - - [21/Apr/2017:09:07:32 -0300] "GET /cormun/servlet/hhome HTTP/1.1" 200 3731
186.79.183.135 - - [21/Apr/2017:09:07:33 -0300] "GET /cormun/servlet/hhome HTTP/1.1" 200 3740
186.79.3.196 - - [21/Apr/2017:09:07:34 -0300] "GET /cormun/servlet/permisogoce?INS,0,,, HTTP/1.1" 200 6784
186.79.3.196 - - [21/Apr/2017:09:07:35 -0300] "GET /cormun/servlet/permisogoce?INS,0,,, HTTP/1.1" 200 6784
192.168.10.13 - - [21/Apr/2017:09:07:40 -0300] "GET / HTTP/1.1" 200 11217
186.79.183.135 - - [21/Apr/2017:09:07:43 -0300] "GET /cormun/servlet/trsolicitudot? HTTP/1.1" 200 6677
186.79.3.196 - - [21/Apr/2017:09:07:43 -0300] "GET /cormun/servlet/permisogoce?7d89a2cc5cfe86d9c5ef15786dea0680a77bf409d29528fc40e1d96aa44344a9f3eed6544ebd18f2eea96e088b612831,gx-no-cache=1492776526826 HTTP/1.1" 200 72
186.79.183.135 - - [21/Apr/2017:09:07:43 -0300] "GET /cormun/servlet/trsolicitudot? HTTP/1.1" 200 6676
186.79.3.196 - - [21/Apr/2017:09:07:43 -0300] "GET /cormun/static/menuarrow.gif HTTP/1.1" 404 1015
186.79.3.196 - - [21/Apr/2017:09:07:49 -0300] "GET /cormun/servlet/permisogoce?7d89a2cc5cfe86d9c5ef15786dea0680986f03f7f3b485e2cb2af4148ffb15a93ede2e9ad4986a0628092df5d00ae6c903eec7db2ee588dca7ebeac1ca0364f4,gx-no-cache=1492776532382 HTTP/1.1" 200 48
186.79.183.135 - - [21/Apr/2017:09:07:56 -0300] "GET /cormun/servlet/solicitudot?INS,0,0, HTTP/1.1" 200 12558
186.79.183.135 - - [21/Apr/2017:09:07:58 -0300] "GET /cormun/servlet/solicitudot?INS,0,0, HTTP/1.1" 200 12563
186.79.3.196 - - [21/Apr/2017:09:08:04 -0300] "POST /cormun/servlet/permisogoce?eaa79f2d2661e20de098d138bf1ee82f,INS,0,,,,gx-no-cache=1492776546955 HTTP/1.1" 200 93
186.79.3.196 - - [21/Apr/2017:09:08:04 -0300] "GET /cormun/servlet/hpexe_return? HTTP/1.1" 200 1008
186.79.3.196 - - [21/Apr/2017:09:08:05 -0300] "GET /cormun/servlet/trpermisosgoce HTTP/1.1" 200 7863
186.79.3.196 - - [21/Apr/2017:09:08:06 -0300] "GET /cormun/servlet/trpermisosgoce HTTP/1.1" 200 7859
186.79.3.196 - - [21/Apr/2017:09:08:13 -0300] "GET /cormun/servlet/permisogoce?INS,0,,, HTTP/1.1" 200 6784
186.79.3.196 - - [21/Apr/2017:09:08:14 -0300] "GET /cormun/servlet/permisogoce?INS,0,,, HTTP/1.1" 200 6784
186.79.183.135 - - [21/Apr/2017:09:08:16 -0300] "POST /cormun/servlet/solicitudot?gx-no-cache=1492776562788 HTTP/1.1" 200 3276
186.79.183.135 - - [21/Apr/2017:09:08:16 -0300] "GET /cormun/static/Shared/jqueryui/images/ui-bg_highlight-soft_100_c6c2c8_1x100.png HTTP/1.1" 404 1117
186.79.183.135 - - [21/Apr/2017:09:08:16 -0300] "GET /cormun/static/Shared/jqueryui/images/ui-icons_82798d_256x240.png HTTP/1.1" 404 1089
186.79.183.135 - - [21/Apr/2017:09:08:16 -0300] "GET /cormun/static/Shared/jqueryui/images/ui-bg_flat_55_994d53_40x100.png HTTP/1.1" 404 1097
186.79.183.135 - - [21/Apr/2017:09:08:17 -0300] "GET /cormun/static/Shared/jqueryui/images/ui-icons_ebccce_256x240.png HTTP/1.1" 404 1089
186.79.3.196 - - [21/Apr/2017:09:08:22 -0300] "GET /cormun/servlet/permisogoce?7d89a2cc5cfe86d9c5ef15786dea0680be5c5251d8396911dbab1cbdc616758df3eed6544ebd18f2eea96e088b612831,gx-no-cache=1492776564985 HTTP/1.1" 200 72
186.79.3.196 - - [21/Apr/2017:09:08:22 -0300] "GET /cormun/static/menuarrow.gif HTTP/1.1" 404 1015
192.168.10.13 - - [21/Apr/2017:09:08:40 -0300] "GET / HTTP/1.1" 200 11217
186.79.3.196 - - [21/Apr/2017:09:08:42 -0300] "POST /cormun/servlet/permisogoce?eaa79f2d2661e20de098d138bf1ee82f,INS,0,,,,gx-no-cache=1492776584379 HTTP/1.1" 200 93
186.79.3.196 - - [21/Apr/2017:09:08:43 -0300] "GET /cormun/servlet/hpexe_return? HTTP/1.1" 200 1008
186.79.3.196 - - [21/Apr/2017:09:08:43 -0300] "GET /cormun/servlet/trpermisosgoce HTTP/1.1" 200 7863
186.79.3.196 - - [21/Apr/2017:09:08:48 -0300] "GET /cormun/servlet/trpermisosgoce HTTP/1.1" 200 7859
186.79.183.135 - - [21/Apr/2017:09:08:50 -0300] "POST /cormun/servlet/solicitudot?gx-no-cache=1492776596720 HTTP/1.1" 200 3276
192.168.10.89 - - [21/Apr/2017:09:09:00 -0300] "POST /cormun/servlet/trsolicitudgral?db902e5415f960591fe75d79fd4d9fd4,,gx-no-cache=1492779812397 HTTP/1.1" 440 972
192.168.10.89 - - [21/Apr/2017:09:09:03 -0300] "GET /cormun/servlet/trsolicitudgral? HTTP/1.1" 200 24100
192.168.10.89 - - [21/Apr/2017:09:09:04 -0300] "GET /cormun/servlet/hlogin HTTP/1.1" 200 1749
186.79.183.135 - - [21/Apr/2017:09:09:06 -0300] "GET /cormun/servlet/trcontratoobservacion? HTTP/1.1" 200 9746
186.79.183.135 - - [21/Apr/2017:09:09:08 -0300] "GET /cormun/servlet/trcontratoobservacion? HTTP/1.1" 200 9741
192.168.10.89 - - [21/Apr/2017:09:09:10 -0300] "POST /cormun/servlet/hlogin?d64970c800db5e33b9c1c4c93931044d,gx-no-cache=1492779822614 HTTP/1.1" 200 90
192.168.10.89 - - [21/Apr/2017:09:09:10 -0300] "GET /cormun/servlet/hpexe_link HTTP/1.1" 200 965
186.79.183.135 - - [21/Apr/2017:09:09:11 -0300] "GET /cormun/servlet/trvisualizadoreventos? HTTP/1.1" 200 6470
186.79.183.135 - - [21/Apr/2017:09:09:12 -0300] "GET /cormun/static/gxcfg.js?201731711523419 HTTP/1.1" 304 -
192.168.10.89 - - [21/Apr/2017:09:09:12 -0300] "GET /cormun/servlet/trsolicitudgral HTTP/1.1" 200 25288
186.79.183.135 - - [21/Apr/2017:09:09:12 -0300] "GET /cormun/servlet/trvisualizadoreventos? HTTP/1.1" 200 6470
192.168.10.89 - - [21/Apr/2017:09:09:18 -0300] "GET /cormun/static/menuarrow.gif HTTP/1.1" 404 1015
192.168.10.89 - - [21/Apr/2017:09:09:26 -0300] "POST /cormun/servlet/trsolicitudgral?d64970c800db5e33b9c1c4c93931044d,gx-no-cache=1492779837814 HTTP/1.1" 200 6552
192.168.10.13 - - [21/Apr/2017:09:09:40 -0300] "GET / HTTP/1.1" 200 11217
207.46.13.155 - - [21/Apr/2017:09:09:45 -0300] "GET /cormun/static/Shared/ext/ext-all.js HTTP/1.1" 200 1289687
207.46.13.154 - - [21/Apr/2017:09:09:45 -0300] "GET /cormun/servlet/hpexe_link HTTP/1.1" 200 986
192.168.10.13 - - [21/Apr/2017:09:09:48 -0300] "GET /cormun/servlet/hlogin HTTP/1.1" 200 1728
192.168.10.13 - - [21/Apr/2017:09:09:48 -0300] "GET /cormun/static/gxtimezone.js?85251 HTTP/1.1" 200 5781
192.168.10.13 - - [21/Apr/2017:09:09:48 -0300] "GET /cormun/static/gxcfg.js?201741110203197 HTTP/1.1" 200 953
192.168.10.13 - - [21/Apr/2017:09:09:48 -0300] "GET /cormun/static/Resources/Spanish/PXTools.css?11294912 HTTP/1.1" 200 89042
192.168.10.13 - - [21/Apr/2017:09:09:48 -0300] "GET /cormun/static/gxgral.js?85251 HTTP/1.1" 200 384558
192.168.10.13 - - [21/Apr/2017:09:09:48 -0300] "GET /cormun/static/messages.spa.js?85251 HTTP/1.1" 200 30736
192.168.10.13 - - [21/Apr/2017:09:09:48 -0300] "GET /cormun/static/hlogin.js?201741110203211 HTTP/1.1" 200 2136
192.168.10.13 - - [21/Apr/2017:09:09:48 -0300] "GET /cormun/static/Resources/ComunLogin.png HTTP/1.1" 200 17326
192.168.10.13 - - [21/Apr/2017:09:09:48 -0300] "GET /cormun/static/Resources/PXToolsLoginTop.png HTTP/1.1" 200 1337
192.168.10.13 - - [21/Apr/2017:09:09:48 -0300] "GET /cormun/static/Resources/PXToolsLoginBackground.png HTTP/1.1" 200 1164
192.168.10.13 - - [21/Apr/2017:09:09:48 -0300] "GET /cormun/static/Resources/PXToolsButtonBackground2.png HTTP/1.1" 200 1181
192.168.10.13 - - [21/Apr/2017:09:09:48 -0300] "GET /cormun/static/Resources/PXToolsButtonRight21.png HTTP/1.1" 200 1283
192.168.10.13 - - [21/Apr/2017:09:09:48 -0300] "GET /cormun/static/Resources/PXToolsButtonLeft21.png HTTP/1.1" 200 1287
192.168.10.13 - - [21/Apr/2017:09:09:48 -0300] "GET /cormun/servlet/hlogin HTTP/1.1" 200 1734
192.168.10.13 - - [21/Apr/2017:09:09:48 -0300] "GET /cormun/static/Resources/PXToolsLoginBottom.png HTTP/1.1" 200 1389
192.168.10.13 - - [21/Apr/2017:09:09:49 -0300] "GET /cormun/static/Resources/indicator.gif HTTP/1.1" 200 1553
192.168.10.13 - - [21/Apr/2017:09:09:49 -0300] "GET /cormun/static/Resources/PXToolsButtonRight21.png HTTP/1.1" 200 1283
192.168.10.13 - - [21/Apr/2017:09:09:49 -0300] "GET /cormun/static/Resources/PXToolsButtonBackground2.png HTTP/1.1" 200 1181
192.168.10.13 - - [21/Apr/2017:09:09:49 -0300] "GET /cormun/static/Resources/PXToolsLoginBackground.png HTTP/1.1" 200 1164
192.168.10.13 - - [21/Apr/2017:09:09:49 -0300] "GET /cormun/static/Resources/PXToolsButtonLeft21.png HTTP/1.1" 200 1287
192.168.10.13 - - [21/Apr/2017:09:09:49 -0300] "GET /cormun/static/Resources/PXToolsLoginBottom.png HTTP/1.1" 200 1389
192.168.10.13 - - [21/Apr/2017:09:09:49 -0300] "GET /favicon.ico HTTP/1.1" 200 21630
186.79.183.135 - - [21/Apr/2017:09:09:58 -0300] "GET /cormun/servlet/trsolicitudot? HTTP/1.1" 200 6677
186.79.183.135 - - [21/Apr/2017:09:09:59 -0300] "GET /cormun/servlet/trsolicitudot? HTTP/1.1" 200 6676
192.168.10.10 - - [21/Apr/2017:09:10:20 -0300] "GET /cormun/servlet/hlogin HTTP/1.1" 200 1732
192.168.10.10 - - [21/Apr/2017:09:10:20 -0300] "GET /cormun/static/gxcfg.js?201741110203197 HTTP/1.1" 200 953
192.168.10.10 - - [21/Apr/2017:09:10:20 -0300] "GET /cormun/static/Resources/ComunLogin.png HTTP/1.1" 200 17326
192.168.10.10 - - [21/Apr/2017:09:10:20 -0300] "GET /cormun/static/Resources/PXToolsLoginTop.png HTTP/1.1" 200 1337
192.168.10.10 - - [21/Apr/2017:09:10:20 -0300] "GET /cormun/static/Resources/PXToolsButtonLeft21.png HTTP/1.1" 200 1287
192.168.10.10 - - [21/Apr/2017:09:10:20 -0300] "GET /cormun/static/Resources/PXToolsLoginBackground.png HTTP/1.1" 200 1164
192.168.10.10 - - [21/Apr/2017:09:10:20 -0300] "GET /cormun/static/Resources/PXToolsButtonBackground2.png HTTP/1.1" 200 1181
192.168.10.10 - - [21/Apr/2017:09:10:20 -0300] "GET /cormun/static/Resources/PXToolsLoginBottom.png HTTP/1.1" 200 1389
192.168.10.10 - - [21/Apr/2017:09:10:20 -0300] "GET /cormun/static/Resources/indicator.gif HTTP/1.1" 200 1553
192.168.10.13 - - [21/Apr/2017:09:10:40 -0300] "GET / HTTP/1.1" 200 11217
192.168.10.89 - - [21/Apr/2017:09:10:52 -0300] "POST /cormun/servlet/trsolicitudgral?d64970c800db5e33b9c1c4c93931044d,gx-no-cache=1492779923941 HTTP/1.1" 200 5423
192.168.10.89 - - [21/Apr/2017:09:10:52 -0300] "GET /cormun/static/Shared/jqueryui/images/ui-icons_8d78a5_256x240.png HTTP/1.1" 404 1089
192.168.10.89 - - [21/Apr/2017:09:10:52 -0300] "GET /cormun/static/Shared/jqueryui/images/ui-icons_82798d_256x240.png HTTP/1.1" 404 1089
192.168.10.89 - - [21/Apr/2017:09:10:52 -0300] "GET /cormun/static/Shared/jqueryui/images/ui-bg_flat_55_fafafa_40x100.png HTTP/1.1" 404 1097
192.168.10.89 - - [21/Apr/2017:09:10:52 -0300] "GET /cormun/static/Shared/jqueryui/images/ui-bg_highlight-soft_100_c6c2c8_1x100.png HTTP/1.1" 404 1117
192.168.10.13 - - [21/Apr/2017:09:11:40 -0300] "GET / HTTP/1.1" 200 11217
186.79.3.196 - - [21/Apr/2017:09:12:20 -0300] "GET /cormun/servlet/permisogoce?INS,0,,, HTTP/1.1" 200 6783
186.79.3.196 - - [21/Apr/2017:09:12:22 -0300] "GET /cormun/servlet/permisogoce?INS,0,,, HTTP/1.1" 200 6783
186.79.3.196 - - [21/Apr/2017:09:12:30 -0300] "GET /cormun/servlet/permisogoce?7d89a2cc5cfe86d9c5ef15786dea0680dd37852c496121107d83b6ae3f3efc70f3eed6544ebd18f2eea96e088b612831,gx-no-cache=1492776813219 HTTP/1.1" 200 66
186.79.3.196 - - [21/Apr/2017:09:12:30 -0300] "GET /cormun/static/menuarrow.gif HTTP/1.1" 404 1015
192.168.10.13 - - [21/Apr/2017:09:12:31 -0300] "GET /cormun/servlet/hlogin HTTP/1.1" 200 1734
192.168.10.13 - - [21/Apr/2017:09:12:31 -0300] "GET /cormun/static/gxtimezone.js?85251 HTTP/1.1" 200 5781
192.168.10.13 - - [21/Apr/2017:09:12:31 -0300] "GET /cormun/static/gxcfg.js?201741110203197 HTTP/1.1" 200 953
192.168.10.13 - - [21/Apr/2017:09:12:31 -0300] "GET /cormun/static/Resources/Spanish/PXTools.css?11294912 HTTP/1.1" 200 89042
192.168.10.13 - - [21/Apr/2017:09:12:31 -0300] "GET /cormun/static/messages.spa.js?85251 HTTP/1.1" 200 30736
192.168.10.13 - - [21/Apr/2017:09:12:31 -0300] "GET /cormun/static/gxgral.js?85251 HTTP/1.1" 200 384558
192.168.10.13 - - [21/Apr/2017:09:12:31 -0300] "GET /cormun/static/hlogin.js?201741110203211 HTTP/1.1" 200 2136
192.168.10.13 - - [21/Apr/2017:09:12:31 -0300] "GET /cormun/static/Resources/ComunLogin.png HTTP/1.1" 200 17326
192.168.10.13 - - [21/Apr/2017:09:12:31 -0300] "GET /cormun/static/Resources/PXToolsButtonLeft21.png HTTP/1.1" 200 1287
192.168.10.13 - - [21/Apr/2017:09:12:31 -0300] "GET /cormun/static/Resources/PXToolsLoginTop.png HTTP/1.1" 200 1337
192.168.10.13 - - [21/Apr/2017:09:12:31 -0300] "GET /cormun/static/Resources/PXToolsButtonRight21.png HTTP/1.1" 200 1283
192.168.10.13 - - [21/Apr/2017:09:12:31 -0300] "GET /cormun/static/Resources/PXToolsButtonBackground2.png HTTP/1.1" 200 1181
192.168.10.13 - - [21/Apr/2017:09:12:31 -0300] "GET /cormun/static/Resources/PXToolsLoginBottom.png HTTP/1.1" 200 1389
192.168.10.13 - - [21/Apr/2017:09:12:31 -0300] "GET /cormun/static/Resources/PXToolsLoginBackground.png HTTP/1.1" 200 1164
192.168.10.13 - - [21/Apr/2017:09:12:31 -0300] "GET /cormun/static/Resources/indicator.gif HTTP/1.1" 200 1553
192.168.10.13 - - [21/Apr/2017:09:12:31 -0300] "GET /cormun/servlet/hlogin HTTP/1.1" 200 1740
186.79.3.196 - - [21/Apr/2017:09:12:36 -0300] "GET /cormun/servlet/permisogoce?7d89a2cc5cfe86d9c5ef15786dea0680c7fa3e41b43ca13106268cd27ef6cee34adc38804495efa69d86a844e0db399303eec7db2ee588dca7ebeac1ca0364f4,gx-no-cache=1492776819573 HTTP/1.1" 200 47
192.168.10.13 - - [21/Apr/2017:09:12:40 -0300] "GET / HTTP/1.1" 200 11217
186.79.183.135 - - [21/Apr/2017:09:12:50 -0300] "GET /cormun/servlet/hhome HTTP/1.1" 200 3731
186.79.183.135 - - [21/Apr/2017:09:12:51 -0300] "GET /cormun/servlet/hhome HTTP/1.1" 200 3740
186.79.3.196 - - [21/Apr/2017:09:12:52 -0300] "POST /cormun/servlet/permisogoce?eaa79f2d2661e20de098d138bf1ee82f,INS,0,,,,gx-no-cache=1492776833843 HTTP/1.1" 200 93
186.79.3.196 - - [21/Apr/2017:09:12:53 -0300] "GET /cormun/servlet/hpexe_return? HTTP/1.1" 200 1008
186.79.3.196 - - [21/Apr/2017:09:12:54 -0300] "GET /cormun/servlet/trpermisosgoce HTTP/1.1" 200 8057
186.79.183.135 - - [21/Apr/2017:09:12:55 -0300] "GET /cormun/servlet/trsolicitudot? HTTP/1.1" 200 6677
186.79.183.135 - - [21/Apr/2017:09:12:56 -0300] "GET /cormun/servlet/trsolicitudot? HTTP/1.1" 200 6676
186.79.3.196 - - [21/Apr/2017:09:12:56 -0300] "GET /cormun/servlet/trpermisosgoce HTTP/1.1" 200 8053
186.79.183.135 - - [21/Apr/2017:09:13:02 -0300] "GET /cormun/servlet/solicitudot?INS,0,0, HTTP/1.1" 200 12569
186.79.183.135 - - [21/Apr/2017:09:13:03 -0300] "GET /cormun/servlet/solicitudot?INS,0,0, HTTP/1.1" 200 12574
186.79.183.135 - - [21/Apr/2017:09:13:37 -0300] "POST /cormun/servlet/solicitudot?gx-no-cache=1492776884757 HTTP/1.1" 200 3287
186.79.183.135 - - [21/Apr/2017:09:13:37 -0300] "GET /cormun/static/Shared/jqueryui/images/ui-bg_highlight-soft_100_c6c2c8_1x100.png HTTP/1.1" 404 1117
186.79.183.135 - - [21/Apr/2017:09:13:37 -0300] "GET /cormun/static/Shared/jqueryui/images/ui-icons_82798d_256x240.png HTTP/1.1" 404 1089
186.79.183.135 - - [21/Apr/2017:09:13:37 -0300] "GET /cormun/static/Shared/jqueryui/images/ui-bg_flat_55_994d53_40x100.png HTTP/1.1" 404 1097
186.79.183.135 - - [21/Apr/2017:09:13:37 -0300] "GET /cormun/static/Shared/jqueryui/images/ui-icons_ebccce_256x240.png HTTP/1.1" 404 1089
186.79.183.135 - - [21/Apr/2017:09:13:39 -0300] "GET /cormun/servlet/solicitudot?4448f18329d5aabca2ac693a29977c994150c5a07fb8a280cd21e3ff6cd4f6bad10d6dfacadff2aaef583dda707718df,gx-no-cache=1492776886902 HTTP/1.1" 200 111
207.46.13.156 - - [21/Apr/2017:09:13:40 -0300] "GET /cormun/servlet/trpermisosgoce?_escaped_fragment_= HTTP/1.1" 200 5729
192.168.10.13 - - [21/Apr/2017:09:13:40 -0300] "GET / HTTP/1.1" 200 11217
186.79.183.135 - - [21/Apr/2017:09:13:48 -0300] "GET /cormun/servlet/solicitudot?4448f18329d5aabca2ac693a29977c99596f82bcc8f7918295305bbe9b71ee2b7aad53afc4d1547a33ecea1c23caff7a,gx-no-cache=1492776895721 HTTP/1.1" 200 30
186.79.3.196 - - [21/Apr/2017:09:14:00 -0300] "GET /cormun/servlet/trpermisosadjuntos?14242088,20170421100156,P, HTTP/1.1" 200 6324
186.79.3.196 - - [21/Apr/2017:09:14:01 -0300] "GET /cormun/static/gxcfg.js?201731711542659 HTTP/1.1" 304 -
186.79.3.196 - - [21/Apr/2017:09:14:01 -0300] "GET /cormun/static/trpermisosadjuntos.js?201731711542990 HTTP/1.1" 304 -
186.79.3.196 - - [21/Apr/2017:09:14:02 -0300] "GET /cormun/servlet/trpermisosadjuntos?14242088,20170421100156,P, HTTP/1.1" 200 6324
186.79.3.196 - - [21/Apr/2017:09:14:04 -0300] "GET /cormun/servlet/permisosadjuntos?INS,14242088,P,20170421100156,, HTTP/1.1" 200 5653
186.79.3.196 - - [21/Apr/2017:09:14:05 -0300] "GET /cormun/static/gxcfg.js?201741111155774 HTTP/1.1" 304 -
186.79.3.196 - - [21/Apr/2017:09:14:05 -0300] "GET /cormun/static/permisosadjuntos.js?201741111155784 HTTP/1.1" 304 -
186.79.3.196 - - [21/Apr/2017:09:14:06 -0300] "GET /cormun/static/about:blank HTTP/1.1" 404 1011
186.79.3.196 - - [21/Apr/2017:09:14:08 -0300] "GET /cormun/servlet/permisosadjuntos?INS,14242088,P,20170421100156,, HTTP/1.1" 200 5642
192.168.10.13 - - [21/Apr/2017:09:14:40 -0300] "GET / HTTP/1.1" 200 11217
186.79.3.196 - - [21/Apr/2017:09:14:47 -0300] "POST /cormun/servlet/permisosadjuntos?eaa79f2d2661e20de098d138bf1ee82f,INS,14242088,P,20170421100156,, HTTP/1.1" 200 116
186.79.3.196 - - [21/Apr/2017:09:14:48 -0300] "GET /cormun/servlet/hpexe_return? HTTP/1.1" 200 1036
186.79.3.196 - - [21/Apr/2017:09:14:48 -0300] "GET /cormun/servlet/trpermisosadjuntos?14242088,20170421100156,P, HTTP/1.1" 200 6782
186.79.3.196 - - [21/Apr/2017:09:14:50 -0300] "GET /cormun/servlet/trpermisosadjuntos?14242088,20170421100156,P, HTTP/1.1" 200 6777
186.79.3.196 - - [21/Apr/2017:09:14:58 -0300] "POST /cormun/servlet/trpermisosadjuntos?eaa79f2d2661e20de098d138bf1ee82f,14242088,20170421100156,P,,gx-no-cache=1492776957344 HTTP/1.1" 200 90
186.79.3.196 - - [21/Apr/2017:09:14:58 -0300] "GET /cormun/servlet/hpexe_link HTTP/1.1" 200 983
186.79.3.196 - - [21/Apr/2017:09:14:59 -0300] "GET /cormun/servlet/trpermisosgoce HTTP/1.1" 200 8055
186.79.3.196 - - [21/Apr/2017:09:15:00 -0300] "GET /cormun/servlet/trpermisosgoce HTTP/1.1" 200 8053
186.79.3.196 - - [21/Apr/2017:09:15:07 -0300] "GET /cormun/servlet/trpermisosadjuntos?10386849,20170421100724,P, HTTP/1.1" 200 6324
186.79.3.196 - - [21/Apr/2017:09:15:09 -0300] "GET /cormun/servlet/trpermisosadjuntos?10386849,20170421100724,P, HTTP/1.1" 200 6324
186.79.3.196 - - [21/Apr/2017:09:15:11 -0300] "GET /cormun/servlet/permisosadjuntos?INS,10386849,P,20170421100724,, HTTP/1.1" 200 5649
186.79.3.196 - - [21/Apr/2017:09:15:11 -0300] "GET /cormun/static/about:blank HTTP/1.1" 404 1011
186.79.3.196 - - [21/Apr/2017:09:15:12 -0300] "GET /cormun/servlet/permisosadjuntos?INS,10386849,P,20170421100724,, HTTP/1.1" 200 5639
192.168.10.13 - - [21/Apr/2017:09:15:40 -0300] "GET / HTTP/1.1" 200 11217
192.168.10.89 - - [21/Apr/2017:09:15:43 -0300] "POST /cormun/servlet/trsolicitudgral?d64970c800db5e33b9c1c4c93931044d,gx-no-cache=1492780214112 HTTP/1.1" 200 22602
186.79.3.196 - - [21/Apr/2017:09:15:52 -0300] "POST /cormun/servlet/permisosadjuntos?eaa79f2d2661e20de098d138bf1ee82f,INS,10386849,P,20170421100724,, HTTP/1.1" 200 116
186.79.3.196 - - [21/Apr/2017:09:15:52 -0300] "GET /cormun/servlet/hpexe_return? HTTP/1.1" 200 1036
186.79.3.196 - - [21/Apr/2017:09:15:53 -0300] "GET /cormun/servlet/trpermisosadjuntos?10386849,20170421100724,P, HTTP/1.1" 200 6777
186.79.3.196 - - [21/Apr/2017:09:15:54 -0300] "GET /cormun/servlet/trpermisosadjuntos?10386849,20170421100724,P, HTTP/1.1" 200 6773
192.168.10.89 - - [21/Apr/2017:09:15:59 -0300] "POST /cormun/servlet/trsolicitudgral?d64970c800db5e33b9c1c4c93931044d,gx-no-cache=1492780230876 HTTP/1.1" 200 21468
186.79.3.196 - - [21/Apr/2017:09:16:00 -0300] "POST /cormun/servlet/trpermisosadjuntos?eaa79f2d2661e20de098d138bf1ee82f,10386849,20170421100724,P,,gx-no-cache=1492777020069 HTTP/1.1" 200 90
186.79.3.196 - - [21/Apr/2017:09:16:01 -0300] "GET /cormun/servlet/hpexe_link HTTP/1.1" 200 983
186.79.3.196 - - [21/Apr/2017:09:16:01 -0300] "GET /cormun/servlet/trpermisosgoce HTTP/1.1" 200 8055
186.79.3.196 - - [21/Apr/2017:09:16:02 -0300] "GET /cormun/servlet/trpermisosgoce HTTP/1.1" 200 8053
186.79.3.196 - - [21/Apr/2017:09:16:06 -0300] "GET /cormun/servlet/trpermisosadjuntos?11364480,20170421100236,P, HTTP/1.1" 200 6325
186.79.3.196 - - [21/Apr/2017:09:16:07 -0300] "GET /cormun/servlet/trpermisosadjuntos?11364480,20170421100236,P, HTTP/1.1" 200 6326
186.79.3.196 - - [21/Apr/2017:09:16:10 -0300] "GET /cormun/servlet/permisosadjuntos?INS,11364480,P,20170421100236,, HTTP/1.1" 200 5653
186.79.3.196 - - [21/Apr/2017:09:16:10 -0300] "GET /cormun/static/about:blank HTTP/1.1" 404 1011
186.79.3.196 - - [21/Apr/2017:09:16:11 -0300] "GET /cormun/servlet/permisosadjuntos?INS,11364480,P,20170421100236,, HTTP/1.1" 200 5643
192.168.10.89 - - [21/Apr/2017:09:16:12 -0300] "POST /cormun/servlet/trsolicitudgral?d64970c800db5e33b9c1c4c93931044d,gx-no-cache=1492780243164 HTTP/1.1" 200 22388
192.168.10.89 - - [21/Apr/2017:09:16:29 -0300] "POST /cormun/servlet/trsolicitudgral?d64970c800db5e33b9c1c4c93931044d,gx-no-cache=1492780260602 HTTP/1.1" 200 17190
186.79.3.196 - - [21/Apr/2017:09:16:37 -0300] "POST /cormun/servlet/permisosadjuntos?eaa79f2d2661e20de098d138bf1ee82f,INS,11364480,P,20170421100236,, HTTP/1.1" 200 116
186.79.3.196 - - [21/Apr/2017:09:16:38 -0300] "GET /cormun/servlet/hpexe_return? HTTP/1.1" 200 1036
186.79.3.196 - - [21/Apr/2017:09:16:38 -0300] "GET /cormun/servlet/trpermisosadjuntos?11364480,20170421100236,P, HTTP/1.1" 200 6782
192.168.10.13 - - [21/Apr/2017:09:16:40 -0300] "GET / HTTP/1.1" 200 11217
186.79.3.196 - - [21/Apr/2017:09:16:41 -0300] "GET /cormun/servlet/trpermisosadjuntos?11364480,20170421100236,P, HTTP/1.1" 200 6778
186.79.3.196 - - [21/Apr/2017:09:16:44 -0300] "POST /cormun/servlet/trpermisosadjuntos?eaa79f2d2661e20de098d138bf1ee82f,11364480,20170421100236,P,,gx-no-cache=1492777067094 HTTP/1.1" 200 90
186.79.3.196 - - [21/Apr/2017:09:16:45 -0300] "GET /cormun/servlet/hpexe_link HTTP/1.1" 200 983
186.79.3.196 - - [21/Apr/2017:09:16:46 -0300] "GET /cormun/servlet/trpermisosgoce HTTP/1.1" 200 8055
186.79.3.196 - - [21/Apr/2017:09:16:47 -0300] "GET /cormun/servlet/trpermisosgoce HTTP/1.1" 200 8053
186.79.183.135 - - [21/Apr/2017:09:16:52 -0300] "GET /cormun/servlet/solicitudot?4448f18329d5aabca2ac693a29977c991a7a49ad5ac9fc9fd2a078936658bf978a18ac4f3f995b809ac438f8e70a27e720f23643b1c6ae00e0acd7a7b5de9ef1537dee7cf8cb4ad22063083005f3a5485170e2f8be375245cd5a6b26bb8a9dfb9c7ca59588f3502a5e3f0120909889b41ae342b182e507d28b4da4e1f752d90681d6e379bd1a2a719f65d8aaa2f3a254c0c2d83e1608eab762d919085717232daaefde22850c2cb5ea557bb7b983e3a5f761c28850b15cee779b0f3e2f125c40fb53493c4b9b2103fa0746b2932db69bf8e6eedf4b9ab949ac0b051915d127c306b1be13800ed5794edaa1cdafdc6ce064b1f8aaa2dbcb2cea75f6f24fca9fe059de7ebe768eee9d5fdce1832baf4c5300e49f5b801dc6ed4779f5e062c574801b0f0305e6c0db53e021a7293570160b01436f97c574d52754fda142dfdb6abf2a218dd54043155b0ea26999b2a6096f,gx-no-cache=1492777079858 HTTP/1.1" 200 297
186.79.3.196 - - [21/Apr/2017:09:16:57 -0300] "POST /cormun/servlet/trpermisosgoce?eaa79f2d2661e20de098d138bf1ee82f,gx-no-cache=1492777078800 HTTP/1.1" 200 5138
186.79.3.196 - - [21/Apr/2017:09:16:58 -0300] "GET /cormun/static/Shared/jqueryui/images/ui-bg_highlight-soft_100_c6c2c8_1x100.png HTTP/1.1" 404 1117
186.79.3.196 - - [21/Apr/2017:09:16:58 -0300] "GET /cormun/static/Shared/jqueryui/images/ui-icons_82798d_256x240.png HTTP/1.1" 404 1089
186.79.3.196 - - [21/Apr/2017:09:16:58 -0300] "GET /cormun/static/Shared/jqueryui/images/ui-icons_8d78a5_256x240.png HTTP/1.1" 404 1089
186.79.3.196 - - [21/Apr/2017:09:16:59 -0300] "GET /cormun/static/Shared/jqueryui/images/ui-bg_flat_55_fafafa_40x100.png HTTP/1.1" 404 1097
186.79.3.196 - - [21/Apr/2017:09:17:01 -0300] "POST /cormun/servlet/trpermisosgoce?eaa79f2d2661e20de098d138bf1ee82f,gx-no-cache=1492777083401 HTTP/1.1" 200 4904
186.79.3.196 - - [21/Apr/2017:09:17:04 -0300] "POST /cormun/servlet/trpermisosgoce?eaa79f2d2661e20de098d138bf1ee82f,gx-no-cache=1492777086665 HTTP/1.1" 200 4164
191.96.249.97 - - [21/Apr/2017:09:17:04 -0300] "GET /setup.cgi HTTP/1.1" 404 979
186.79.3.196 - - [21/Apr/2017:09:17:10 -0300] "GET /cormun/servlet/trautorizarpermisogoce? HTTP/1.1" 200 7950
186.79.3.196 - - [21/Apr/2017:09:17:11 -0300] "GET /cormun/static/trautorizarpermisogoce.js?201741111451072 HTTP/1.1" 304 -
186.79.3.196 - - [21/Apr/2017:09:17:11 -0300] "GET /cormun/static/gxcfg.js?20174111145711 HTTP/1.1" 304 -
186.79.3.196 - - [21/Apr/2017:09:17:13 -0300] "GET /cormun/servlet/trautorizarpermisogoce? HTTP/1.1" 200 7950
186.79.3.196 - - [21/Apr/2017:09:17:25 -0300] "POST /cormun/servlet/trautorizarpermisogoce?eaa79f2d2661e20de098d138bf1ee82f,,gx-no-cache=1492777104757 HTTP/1.1" 200 5106
186.79.3.196 - - [21/Apr/2017:09:17:26 -0300] "GET /cormun/static/Shared/jqueryui/images/ui-bg_highlight-soft_100_c6c2c8_1x100.png HTTP/1.1" 404 1117
186.79.3.196 - - [21/Apr/2017:09:17:26 -0300] "GET /cormun/static/Shared/jqueryui/images/ui-icons_82798d_256x240.png HTTP/1.1" 404 1089
186.79.3.196 - - [21/Apr/2017:09:17:26 -0300] "GET /cormun/static/Shared/jqueryui/images/ui-icons_8d78a5_256x240.png HTTP/1.1" 404 1089
186.79.3.196 - - [21/Apr/2017:09:17:27 -0300] "GET /cormun/static/Shared/jqueryui/images/ui-bg_flat_55_fafafa_40x100.png HTTP/1.1" 404 1097
186.79.3.196 - - [21/Apr/2017:09:17:28 -0300] "POST /cormun/servlet/trautorizarpermisogoce?eaa79f2d2661e20de098d138bf1ee82f,,gx-no-cache=1492777109938 HTTP/1.1" 200 4875
186.79.3.196 - - [21/Apr/2017:09:17:30 -0300] "POST /cormun/servlet/trautorizarpermisogoce?eaa79f2d2661e20de098d138bf1ee82f,,gx-no-cache=1492777112551 HTTP/1.1" 200 4158
186.79.183.135 - - [21/Apr/2017:09:17:38 -0300] "GET /cormun/servlet/solicitudot?4448f18329d5aabca2ac693a29977c9908c6944c797aeab53525a43b3ee7c4adce8d1485233eb9ecc7df487ad4835c696c7e7374b64f7b8a12b8042d60986480cda53ce711003b430cb5e293328224b83a37173838bd211c5c308edc57bf6c7535958684828d3237fd073a215a96a4020a92b86885204c4e13a398230d339bec417c24e2392e82dbcbe40d3ca4d2923b691eb926c759764e2ff3d6a355833ff8d12794f7132bbb63a684c642fe7bb8af282bdda101015aa7b8f1a9aaa606937333f3336a609249d8888719033383f636f071255da2cb26fad9596faf8f9126cce9c8717fba60fa5dbbb718d449ee5c100a8f139ef7432c1f6b756249bf8c1f6a5df2462cb077da21057f8180a5cbb4d72582f67d8e180be0195c992df55d4dfef54809d5fcace3bd4c8d7374104982c452ad0755cfd1fe9f408e3bd21a03fa9d1bff7e687b08dbad0847ba689e54ca73656eee647f6516f0856d39fc488f1419ec52c6f28d279c7a6f91ca2cfb4c2ac6eb3478e8360899e3194ef1f1100825b1636e3d54addbafba6b77f851c3b3c6a0,gx-no-cache=1492777125389 HTTP/1.1" 200 30
186.79.183.135 - - [21/Apr/2017:09:17:38 -0300] "POST /cormun/servlet/solicitudot?gx-no-cache=1492777125537 HTTP/1.1" 200 30
186.79.183.135 - - [21/Apr/2017:09:17:38 -0300] "POST /cormun/servlet/solicitudot?gx-no-cache=1492777125637 HTTP/1.1" 200 235
186.79.183.135 - - [21/Apr/2017:09:17:38 -0300] "POST /cormun/servlet/solicitudot?gx-no-cache=1492777125741 HTTP/1.1" 200 38
192.168.10.13 - - [21/Apr/2017:09:17:40 -0300] "GET / HTTP/1.1" 200 11217
186.79.3.196 - - [21/Apr/2017:09:18:06 -0300] "GET /cormun/servlet/trsolicitudot? HTTP/1.1" 200 6990
186.79.3.196 - - [21/Apr/2017:09:18:07 -0300] "GET /cormun/static/gxcfg.js?201731711505139 HTTP/1.1" 304 -
186.79.183.135 - - [21/Apr/2017:09:18:08 -0300] "GET /cormun/servlet/solicitudot?4448f18329d5aabca2ac693a29977c99d78bf44477e0abdf0f4640d798f039e764b1f8aaa2dbcb2cea75f6f24fca9fe059de7ebe768eee9d5fdce1832baf4c53bb6b419e89d581bbfd31f28e28ed92d5,gx-no-cache=1492777155232 HTTP/1.1" 200 29
186.79.183.135 - - [21/Apr/2017:09:18:08 -0300] "POST /cormun/servlet/solicitudot?gx-no-cache=1492777155418 HTTP/1.1" 200 668
186.79.183.135 - - [21/Apr/2017:09:18:08 -0300] "POST /cormun/servlet/solicitudot?gx-no-cache=1492777155515 HTTP/1.1" 200 543
186.79.3.196 - - [21/Apr/2017:09:18:08 -0300] "GET /cormun/servlet/trsolicitudot? HTTP/1.1" 200 6989
186.79.3.196 - - [21/Apr/2017:09:18:11 -0300] "GET /cormun/servlet/solicitudot?INS,0,0, HTTP/1.1" 200 12815
186.79.3.196 - - [21/Apr/2017:09:18:12 -0300] "GET /cormun/static/gxcfg.js?20171191042720 HTTP/1.1" 200 953
186.79.3.196 - - [21/Apr/2017:09:18:14 -0300] "GET /cormun/servlet/solicitudot?INS,0,0, HTTP/1.1" 200 12820
192.168.10.96 - - [21/Apr/2017:09:18:17 -0300] "GET /cormun/servlet/vevisualizador?2017,5853,,SolicitudOTAdjuntos HTTP/1.1" 200 10422
186.79.183.135 - - [21/Apr/2017:09:18:18 -0300] "POST /cormun/servlet/solicitudot?gx-no-cache=1492777164803 HTTP/1.1" 200 1157
192.168.10.96 - - [21/Apr/2017:09:18:18 -0300] "GET /cormun/servlet/vevisualizador?2017,5853,,SolicitudOTAdjuntos HTTP/1.1" 200 10423
192.168.10.96 - - [21/Apr/2017:09:18:18 -0300] "POST /cormun/servlet/acontrolpreferencessavestate?None,DZAMUDIO,true HTTP/1.1" 200 35
192.168.10.96 - - [21/Apr/2017:09:18:19 -0300] "GET /cormun/servlet/wbconsulta? HTTP/1.1" 200 5183
192.168.10.96 - - [21/Apr/2017:09:18:20 -0300] "GET /cormun/servlet/wbconsulta? HTTP/1.1" 200 5165
186.79.3.196 - - [21/Apr/2017:09:18:25 -0300] "POST /cormun/servlet/solicitudot?gx-no-cache=1492777166062 HTTP/1.1" 200 3092
192.168.10.96 - - [21/Apr/2017:09:18:26 -0300] "POST /cormun/servlet/wbconsulta?f431e71b0fc494a0db6d5455599a8da5,,gx-no-cache=1492780378560 HTTP/1.1" 200 104
192.168.10.96 - - [21/Apr/2017:09:18:26 -0300] "GET /cormun/servlet/vevisualizador?2017,5981, HTTP/1.1" 200 8536
192.168.10.96 - - [21/Apr/2017:09:18:27 -0300] "GET /cormun/pexe_scrolldiv.js HTTP/1.1" 404 1009
192.168.10.96 - - [21/Apr/2017:09:18:27 -0300] "GET /cormun/pexe_scrolldiv.js HTTP/1.1" 404 1009
192.168.10.96 - - [21/Apr/2017:09:18:27 -0300] "GET /cormun/servlet/vevisualizador?2017,5981, HTTP/1.1" 200 8535
186.79.3.196 - - [21/Apr/2017:09:18:28 -0300] "POST /cormun/servlet/solicitudot?eaa79f2d2661e20de098d138bf1ee82f,INS,0,0,,gx-no-cache=1492777170299 HTTP/1.1" 200 9871
192.168.10.96 - - [21/Apr/2017:09:18:32 -0300] "GET /cormun/servlet/vevisualizador?2017,5981,,SolicitudOTAdjuntos HTTP/1.1" 200 10610
192.168.10.96 - - [21/Apr/2017:09:18:32 -0300] "GET /cormun/pexe_scrolldiv.js HTTP/1.1" 404 1009
192.168.10.96 - - [21/Apr/2017:09:18:32 -0300] "GET /cormun/pexe_scrolldiv.js HTTP/1.1" 404 1009
192.168.10.96 - - [21/Apr/2017:09:18:33 -0300] "GET /cormun/servlet/vevisualizador?2017,5981,,SolicitudOTAdjuntos HTTP/1.1" 200 10611
192.168.10.96 - - [21/Apr/2017:09:18:33 -0300] "POST /cormun/servlet/acontrolpreferencessavestate?None,DZAMUDIO,true HTTP/1.1" 200 35
192.168.10.96 - - [21/Apr/2017:09:18:36 -0300] "GET /cormun/PublicTempStorage/rut16375995.jpg HTTP/1.1" 200 2277385
186.79.3.196 - - [21/Apr/2017:09:18:37 -0300] "GET /cormun/servlet/solicitudot?5aa4faad6da32b410b711937f56c8104fd8c2dec6985fcdda4ca7185d6626944482e27bd416ab0337119471abda4f83a,gx-no-cache=1492777180144 HTTP/1.1" 200 30
192.168.10.13 - - [21/Apr/2017:09:18:40 -0300] "GET / HTTP/1.1" 200 11217
192.168.10.96 - - [21/Apr/2017:09:18:41 -0300] "GET /cormun/servlet/vevisualizador?2017,5981,,SolicitudOTAdjuntos HTTP/1.1" 200 10609
192.168.10.96 - - [21/Apr/2017:09:18:42 -0300] "GET /cormun/servlet/vevisualizador?2017,5981,,SolicitudOTAdjuntos HTTP/1.1" 200 10612
192.168.10.96 - - [21/Apr/2017:09:18:42 -0300] "POST /cormun/servlet/acontrolpreferencessavestate?None,DZAMUDIO,true HTTP/1.1" 200 35
192.168.10.96 - - [21/Apr/2017:09:18:44 -0300] "GET /cormun/PublicTempStorage/reconoctitulo3172928.jpg HTTP/1.1" 200 102845
192.168.10.96 - - [21/Apr/2017:09:18:50 -0300] "GET /cormun/servlet/vevisualizador?2017,5981,,SolicitudOTAdjuntos HTTP/1.1" 200 10610
192.168.10.96 - - [21/Apr/2017:09:18:51 -0300] "GET /cormun/servlet/vevisualizador?2017,5981,,SolicitudOTAdjuntos HTTP/1.1" 200 10612
192.168.10.96 - - [21/Apr/2017:09:18:51 -0300] "POST /cormun/servlet/acontrolpreferencessavestate?None,DZAMUDIO,true HTTP/1.1" 200 35
192.168.10.96 - - [21/Apr/2017:09:18:52 -0300] "GET /cormun/PublicTempStorage/titulo6546605.jpg HTTP/1.1" 200 103807
192.168.10.96 - - [21/Apr/2017:09:18:58 -0300] "GET /cormun/servlet/vevisualizador?2017,5981,,SolicitudOTAdjuntos HTTP/1.1" 200 10609
192.168.10.96 - - [21/Apr/2017:09:18:59 -0300] "GET /cormun/servlet/vevisualizador?2017,5981,,SolicitudOTAdjuntos HTTP/1.1" 200 10614
192.168.10.96 - - [21/Apr/2017:09:18:59 -0300] "POST /cormun/servlet/acontrolpreferencessavestate?None,DZAMUDIO,true HTTP/1.1" 200 35
192.168.10.96 - - [21/Apr/2017:09:19:00 -0300] "GET /cormun/PublicTempStorage/certificado_afiliacioncuprum6945422.pdf HTTP/1.1" 200 76946
192.168.10.96 - - [21/Apr/2017:09:19:07 -0300] "GET /cormun/servlet/vevisualizador?2017,5981,,SolicitudOTAdjuntos HTTP/1.1" 200 10608
192.168.10.96 - - [21/Apr/2017:09:19:08 -0300] "GET /cormun/servlet/vevisualizador?2017,5981,,SolicitudOTAdjuntos HTTP/1.1" 200 10612
192.168.10.96 - - [21/Apr/2017:09:19:09 -0300] "POST /cormun/servlet/acontrolpreferencessavestate?None,DZAMUDIO,true HTTP/1.1" 200 35
192.168.10.96 - - [21/Apr/2017:09:19:09 -0300] "GET /cormun/PublicTempStorage/certificado_afiliacioncuprum9821369.pdf HTTP/1.1" 200 76946
192.168.10.96 - - [21/Apr/2017:09:19:12 -0300] "GET /cormun/servlet/vevisualizador?2017,5981,,SolicitudOTAdjuntos HTTP/1.1" 200 10609
192.168.10.96 - - [21/Apr/2017:09:19:13 -0300] "GET /cormun/servlet/vevisualizador?2017,5981,,SolicitudOTAdjuntos HTTP/1.1" 200 10610
192.168.10.96 - - [21/Apr/2017:09:19:14 -0300] "POST /cormun/servlet/acontrolpreferencessavestate?None,DZAMUDIO,true HTTP/1.1" 200 35
192.168.10.96 - - [21/Apr/2017:09:19:14 -0300] "GET /cormun/PublicTempStorage/_20170407_1353235148541.JPG HTTP/1.1" 200 479342
192.168.10.96 - - [21/Apr/2017:09:19:20 -0300] "GET /cormun/servlet/vevisualizador?2017,5981,,SolicitudOTAdjuntos HTTP/1.1" 200 10610
192.168.10.96 - - [21/Apr/2017:09:19:21 -0300] "GET /cormun/servlet/vevisualizador?2017,5981,,SolicitudOTAdjuntos HTTP/1.1" 200 10611
186.79.183.135 - - [21/Apr/2017:09:19:21 -0300] "POST /cormun/servlet/solicitudot?gx-no-cache=1492777229033 HTTP/1.1" 200 543
192.168.10.96 - - [21/Apr/2017:09:19:22 -0300] "POST /cormun/servlet/acontrolpreferencessavestate?None,DZAMUDIO,true HTTP/1.1" 200 35
192.168.10.96 - - [21/Apr/2017:09:19:22 -0300] "GET /cormun/PublicTempStorage/cv-ccn20176737080.pdf HTTP/1.1" 200 62154
192.168.10.96 - - [21/Apr/2017:09:19:27 -0300] "GET /cormun/servlet/vevisualizador?2017,5981,,SolicitudOTAdjuntos HTTP/1.1" 200 10610
192.168.10.96 - - [21/Apr/2017:09:19:28 -0300] "GET /cormun/servlet/vevisualizador?2017,5981,,SolicitudOTAdjuntos HTTP/1.1" 200 10612
192.168.10.96 - - [21/Apr/2017:09:19:28 -0300] "POST /cormun/servlet/acontrolpreferencessavestate?None,DZAMUDIO,true HTTP/1.1" 200 35
192.168.10.13 - - [21/Apr/2017:09:19:40 -0300] "GET / HTTP/1.1" 200 11217
186.79.183.135 - - [21/Apr/2017:09:20:24 -0300] "GET /cormun/servlet/solicitudot?4448f18329d5aabca2ac693a29977c9908c6944c797aeab53525a43b3ee7c4adce8d1485233eb9ecc7df487ad4835c696c7e7374b64f7b8a12b8042d60986480cda53ce711003b430cb5e293328224b83a37173838bd211c5c308edc57bf6c7535958684828d3237fd073a215a96a4020a92b86885204c4e13a398230d339bec417c24e2392e82dbcbe40d3ca4d2923b691eb926c759764e2ff3d6a355833ff8d12794f7132bbb63a684c642fe7bb8af282bdda101015aa7b8f1a9aaa606937333f3336a609249d8888719033383f636f071255da2cb26fad9596faf8f9126cce9c8717fba60fa5dbbb718d449ee5c100a8f139ef7432c1f6b756249bf8c1f6a5df2462cb077da21057f8180a5cbb4d72582f67d8e180be0195c992df55d4dfef54809d5fcace3bd4c8d7374104982c452ad0755cfd1fe9f408e3bd21a03fa9d1bff7e687b08dbad0847ba689e54ca73656eee647f6516f0856d39fc488f1419ec52c6f28d279c7a6f91ca2cfb4c2ac61da3955b263aec5163056176b37c4dea636e3d54addbafba6b77f851c3b3c6a0,gx-no-cache=1492777291431 HTTP/1.1" 200 30
186.79.183.135 - - [21/Apr/2017:09:20:24 -0300] "POST /cormun/servlet/solicitudot?gx-no-cache=1492777291557 HTTP/1.1" 200 30
186.79.183.135 - - [21/Apr/2017:09:20:24 -0300] "POST /cormun/servlet/solicitudot?gx-no-cache=1492777291693 HTTP/1.1" 200 683
186.79.183.135 - - [21/Apr/2017:09:20:25 -0300] "POST /cormun/servlet/solicitudot?gx-no-cache=1492777292282 HTTP/1.1" 200 38
192.168.10.13 - - [21/Apr/2017:09:20:40 -0300] "GET / HTTP/1.1" 200 11217
186.79.3.196 - - [21/Apr/2017:09:21:00 -0300] "POST /cormun/servlet/solicitudot?gx-no-cache=1492777322758 HTTP/1.1" 200 255
186.79.3.196 - - [21/Apr/2017:09:21:06 -0300] "GET /cormun/servlet/solicitudot?5aa4faad6da32b410b711937f56c81045430b821b908285345ffb990dc0bdb644a577d7a187f8c26ddfefba706e17575cf56286b967ea0e6f2ca642eb2fe27480959be635e3de51a6f0bb02c8723a126aaeb6249d1f27185a63c3caf080cf8b9ec3c601282f7c3c6bed287fc8b8094b523c0d1db65c3c29d1bd2676d72fd5842a2f8403633a4f677e21bbb0552358a52cbf0443776125f9d54ff0f44226823d98aed4f9bbb0882c21c8314ee2672e0edbd962bb5584f267ea53bd5fa1c962e8c8fff1d85e0e19b35787987f5aa74d573ce8feb4688a8ccd11d4da1e426e8f80df4643d472dc7fd322fc50b5354046fcc58f7af6666b82ab5521cd18bc8e2e7b6ac6f3b51a291d150bfd348ee5c05a5dd968eb20134e1e9dce3fc8230ce9996484fd616af9d67b70601bebe0d8681f687a3e1fc68b124d0aba6eb343b9f6a8dc0d2ed5ccfe3f5f1c34a391894694a1c02532eca795ac71b90de62939cb0abd08bc14b34021450c836d9c337306d9f37a2f061fdd556b8386363784389ce20bce9,gx-no-cache=1492777328800 HTTP/1.1" 200 30
186.79.3.196 - - [21/Apr/2017:09:21:14 -0300] "POST /cormun/servlet/solicitudot?gx-no-cache=1492777337349 HTTP/1.1" 200 30
186.79.3.196 - - [21/Apr/2017:09:21:17 -0300] "POST /cormun/servlet/solicitudot?gx-no-cache=1492777339821 HTTP/1.1" 200 235
186.79.3.196 - - [21/Apr/2017:09:21:17 -0300] "POST /cormun/servlet/solicitudot?gx-no-cache=1492777340340 HTTP/1.1" 200 38
192.168.10.13 - - [21/Apr/2017:09:21:40 -0300] "GET / HTTP/1.1" 200 11217
192.168.10.13 - - [21/Apr/2017:09:22:40 -0300] "GET / HTTP/1.1" 200 11217
192.168.10.13 - - [21/Apr/2017:09:23:40 -0300] "GET / HTTP/1.1" 200 11217
186.79.3.196 - - [21/Apr/2017:09:23:56 -0300] "GET /cormun/servlet/solicitudot?5aa4faad6da32b410b711937f56c810447343715c0bd2ee9afc16ea4cf033f3fbdab2e231e6c9c1db0dae0d18252cbeb72e5b0bdc5ef11d85b0efb7944913de77fbd5641f76a4b8a8280e719471344093fcf9ba2fe813c8ec1ae5ce57df69bcd22ab943b624a2c40d430b0ed95d61160,gx-no-cache=1492777499468 HTTP/1.1" 200 29
186.79.3.196 - - [21/Apr/2017:09:23:57 -0300] "POST /cormun/servlet/solicitudot?gx-no-cache=1492777499706 HTTP/1.1" 200 668
186.79.3.196 - - [21/Apr/2017:09:23:58 -0300] "POST /cormun/servlet/solicitudot?gx-no-cache=1492777501878 HTTP/1.1" 200 1157
186.79.3.196 - - [21/Apr/2017:09:24:30 -0300] "GET /cormun/static/menuarrow.gif HTTP/1.1" 404 1015
192.168.10.13 - - [21/Apr/2017:09:24:40 -0300] "GET / HTTP/1.1" 200 11217
186.79.3.196 - - [21/Apr/2017:09:24:41 -0300] "GET /cormun/servlet/solicitudot?5aa4faad6da32b410b711937f56c8104c7c7b8cfbdee24cb1f6ef3cee70306bf85bab9df55fb8670c6910949ccb419f33a52c0a05637aa079efdec1e0dc4dcaebb011ca2d54d99ab457496dd3b5eca8567458fcce2e92fcab85cb2932b87094983158f10feea344fb666e3c361a772361688d2113f8f6d441c557d4e0a1e95c0f6faa93ba4b1ca4a32339536999d9919a7d6124bf26df3273f3f038aa8f7d227041d0fe77050630dbe7a9b6fe8b196aa,gx-no-cache=1492777544248 HTTP/1.1" 200 30
186.79.3.196 - - [21/Apr/2017:09:25:27 -0300] "POST /cormun/servlet/solicitudot?eaa79f2d2661e20de098d138bf1ee82f,INS,0,0,,gx-no-cache=1492777589770 HTTP/1.1" 200 93
186.79.3.196 - - [21/Apr/2017:09:25:27 -0300] "GET /cormun/servlet/hpexe_return? HTTP/1.1" 200 1005
186.79.3.196 - - [21/Apr/2017:09:25:28 -0300] "GET /cormun/servlet/trsolicitudot HTTP/1.1" 200 8264
186.79.3.196 - - [21/Apr/2017:09:25:30 -0300] "GET /cormun/servlet/trsolicitudot HTTP/1.1" 200 8260
192.168.10.13 - - [21/Apr/2017:09:25:40 -0300] "GET / HTTP/1.1" 200 11217
186.79.3.196 - - [21/Apr/2017:09:26:18 -0300] "POST /cormun/servlet/trsolicitudot?eaa79f2d2661e20de098d138bf1ee82f,gx-no-cache=1492777640403 HTTP/1.1" 200 107
186.79.3.196 - - [21/Apr/2017:09:26:18 -0300] "GET /cormun/servlet/trsolicitudadjuntos?2017,6153, HTTP/1.1" 200 6112
186.79.3.196 - - [21/Apr/2017:09:26:18 -0300] "GET /cormun/static/gxcfg.js?201731711504543 HTTP/1.1" 200 953
186.79.3.196 - - [21/Apr/2017:09:26:20 -0300] "GET /cormun/servlet/trsolicitudadjuntos?2017,6153, HTTP/1.1" 200 6112
186.79.3.196 - - [21/Apr/2017:09:26:21 -0300] "GET /cormun/servlet/solicitudotadjuntos?INS,2017,6153,,1, HTTP/1.1" 200 6053
186.79.3.196 - - [21/Apr/2017:09:26:22 -0300] "GET /cormun/static/gxcfg.js?201612218465951 HTTP/1.1" 304 -
186.79.3.196 - - [21/Apr/2017:09:26:22 -0300] "GET /cormun/static/about:blank HTTP/1.1" 404 1011
186.79.3.196 - - [21/Apr/2017:09:26:23 -0300] "GET /cormun/servlet/solicitudotadjuntos?INS,2017,6153,,1, HTTP/1.1" 200 6046
186.79.3.196 - - [21/Apr/2017:09:26:24 -0300] "GET /cormun/servlet/solicitudotadjuntos?5aa4faad6da32b410b711937f56c81043af1bff1150e8db6077f3cfa20ff921ed26b79180faced7f408c6ac5d1109a20,gx-no-cache=1492777646802 HTTP/1.1" 200 30
186.79.3.196 - - [21/Apr/2017:09:26:24 -0300] "POST /cormun/servlet/solicitudotadjuntos?eaa79f2d2661e20de098d138bf1ee82f,INS,2017,6153,,1,,gx-no-cache=1492777647428 HTTP/1.1" 200 3861
186.79.3.196 - - [21/Apr/2017:09:26:27 -0300] "POST /cormun/servlet/solicitudotadjuntos?gx-no-cache=1492777650156 HTTP/1.1" 200 26
192.168.10.13 - - [21/Apr/2017:09:26:40 -0300] "GET / HTTP/1.1" 200 11217
186.79.3.196 - - [21/Apr/2017:09:27:22 -0300] "GET /cormun/servlet/solicitudotadjuntos?5aa4faad6da32b410b711937f56c81040431d4ffb9eef60f3e3f94e9673f3b8d,gx-no-cache=1492777705736 HTTP/1.1" 200 30
186.79.3.196 - - [21/Apr/2017:09:27:22 -0300] "GET /cormun/servlet/solicitudotadjuntos?5aa4faad6da32b410b711937f56c81040431d4ffb9eef60f3e3f94e9673f3b8d,gx-no-cache=1492777705983 HTTP/1.1" 200 30
186.79.3.196 - - [21/Apr/2017:09:27:30 -0300] "POST /cormun/servlet/solicitudotadjuntos?eaa79f2d2661e20de098d138bf1ee82f,INS,2017,6153,,1, HTTP/1.1" 200 116
186.79.3.196 - - [21/Apr/2017:09:27:30 -0300] "GET /cormun/servlet/hpexe_return? HTTP/1.1" 200 1024
186.79.3.196 - - [21/Apr/2017:09:27:30 -0300] "GET /cormun/servlet/trsolicitudadjuntos?2017,6153, HTTP/1.1" 200 8280
186.79.3.196 - - [21/Apr/2017:09:27:32 -0300] "GET /cormun/servlet/trsolicitudadjuntos?2017,6153, HTTP/1.1" 200 8275
186.79.3.196 - - [21/Apr/2017:09:27:37 -0300] "GET /cormun/servlet/solicitudotadjuntos?INS,2017,6153,,1, HTTP/1.1" 200 6052
186.79.3.196 - - [21/Apr/2017:09:27:37 -0300] "GET /cormun/static/about:blank HTTP/1.1" 404 1011
186.79.3.196 - - [21/Apr/2017:09:27:38 -0300] "GET /cormun/servlet/solicitudotadjuntos?INS,2017,6153,,1, HTTP/1.1" 200 6045
186.79.3.196 - - [21/Apr/2017:09:27:39 -0300] "GET /cormun/servlet/solicitudotadjuntos?5aa4faad6da32b410b711937f56c81043af1bff1150e8db6077f3cfa20ff921ed26b79180faced7f408c6ac5d1109a20,gx-no-cache=1492777721790 HTTP/1.1" 200 30
186.79.3.196 - - [21/Apr/2017:09:27:39 -0300] "POST /cormun/servlet/solicitudotadjuntos?eaa79f2d2661e20de098d138bf1ee82f,INS,2017,6153,,1,,gx-no-cache=1492777722390 HTTP/1.1" 200 3859
192.168.10.13 - - [21/Apr/2017:09:27:40 -0300] "GET / HTTP/1.1" 200 11217
186.79.3.196 - - [21/Apr/2017:09:27:43 -0300] "POST /cormun/servlet/solicitudotadjuntos?gx-no-cache=1492777726216 HTTP/1.1" 200 26
186.79.3.196 - - [21/Apr/2017:09:27:50 -0300] "GET /cormun/servlet/solicitudotadjuntos?5aa4faad6da32b410b711937f56c81040431d4ffb9eef60f3e3f94e9673f3b8d,gx-no-cache=1492777733728 HTTP/1.1" 200 30
186.79.3.196 - - [21/Apr/2017:09:27:50 -0300] "GET /cormun/servlet/solicitudotadjuntos?5aa4faad6da32b410b711937f56c81040431d4ffb9eef60f3e3f94e9673f3b8d,gx-no-cache=1492777733934 HTTP/1.1" 200 30
186.79.3.196 - - [21/Apr/2017:09:27:54 -0300] "POST /cormun/servlet/solicitudotadjuntos?eaa79f2d2661e20de098d138bf1ee82f,INS,2017,6153,,1, HTTP/1.1" 200 116
186.79.3.196 - - [21/Apr/2017:09:27:54 -0300] "GET /cormun/servlet/hpexe_return? HTTP/1.1" 200 1024
186.79.3.196 - - [21/Apr/2017:09:27:55 -0300] "GET /cormun/servlet/trsolicitudadjuntos?2017,6153, HTTP/1.1" 200 8452
186.79.3.196 - - [21/Apr/2017:09:27:56 -0300] "GET /cormun/servlet/trsolicitudadjuntos?2017,6153, HTTP/1.1" 200 8451
186.79.3.196 - - [21/Apr/2017:09:28:00 -0300] "GET /cormun/servlet/solicitudotadjuntos?INS,2017,6153,,1, HTTP/1.1" 200 6052
186.79.3.196 - - [21/Apr/2017:09:28:01 -0300] "GET /cormun/static/about:blank HTTP/1.1" 404 1011
186.79.3.196 - - [21/Apr/2017:09:28:01 -0300] "GET /cormun/servlet/solicitudotadjuntos?INS,2017,6153,,1, HTTP/1.1" 200 6045
186.79.3.196 - - [21/Apr/2017:09:28:02 -0300] "GET /cormun/servlet/solicitudotadjuntos?5aa4faad6da32b410b711937f56c81043af1bff1150e8db6077f3cfa20ff921ed26b79180faced7f408c6ac5d1109a20,gx-no-cache=1492777745409 HTTP/1.1" 200 30
186.79.3.196 - - [21/Apr/2017:09:28:02 -0300] "POST /cormun/servlet/solicitudotadjuntos?eaa79f2d2661e20de098d138bf1ee82f,INS,2017,6153,,1,,gx-no-cache=1492777745577 HTTP/1.1" 200 3859
186.79.3.196 - - [21/Apr/2017:09:28:06 -0300] "POST /cormun/servlet/solicitudotadjuntos?gx-no-cache=1492777749237 HTTP/1.1" 200 26
186.79.3.196 - - [21/Apr/2017:09:28:13 -0300] "GET /cormun/servlet/solicitudotadjuntos?5aa4faad6da32b410b711937f56c81040431d4ffb9eef60f3e3f94e9673f3b8d,gx-no-cache=1492777756101 HTTP/1.1" 200 30
186.79.3.196 - - [21/Apr/2017:09:28:13 -0300] "GET /cormun/servlet/solicitudotadjuntos?5aa4faad6da32b410b711937f56c81040431d4ffb9eef60f3e3f94e9673f3b8d,gx-no-cache=1492777756309 HTTP/1.1" 200 30
186.79.3.196 - - [21/Apr/2017:09:28:18 -0300] "POST /cormun/servlet/solicitudotadjuntos?eaa79f2d2661e20de098d138bf1ee82f,INS,2017,6153,,1, HTTP/1.1" 200 116
186.79.3.196 - - [21/Apr/2017:09:28:19 -0300] "GET /cormun/servlet/hpexe_return? HTTP/1.1" 200 1024
186.79.3.196 - - [21/Apr/2017:09:28:19 -0300] "GET /cormun/servlet/trsolicitudadjuntos?2017,6153, HTTP/1.1" 200 8599
186.79.3.196 - - [21/Apr/2017:09:28:20 -0300] "GET /cormun/servlet/trsolicitudadjuntos?2017,6153, HTTP/1.1" 200 8600
186.79.3.196 - - [21/Apr/2017:09:28:23 -0300] "GET /cormun/servlet/solicitudotadjuntos?INS,2017,6153,,1, HTTP/1.1" 200 6052
186.79.3.196 - - [21/Apr/2017:09:28:23 -0300] "GET /cormun/static/about:blank HTTP/1.1" 404 1011
186.79.3.196 - - [21/Apr/2017:09:28:24 -0300] "GET /cormun/servlet/solicitudotadjuntos?INS,2017,6153,,1, HTTP/1.1" 200 6045
186.79.3.196 - - [21/Apr/2017:09:28:24 -0300] "GET /cormun/servlet/solicitudotadjuntos?5aa4faad6da32b410b711937f56c81043af1bff1150e8db6077f3cfa20ff921ed26b79180faced7f408c6ac5d1109a20,gx-no-cache=1492777767816 HTTP/1.1" 200 30
186.79.3.196 - - [21/Apr/2017:09:28:25 -0300] "POST /cormun/servlet/solicitudotadjuntos?eaa79f2d2661e20de098d138bf1ee82f,INS,2017,6153,,1,,gx-no-cache=1492777767982 HTTP/1.1" 200 3859
186.79.3.196 - - [21/Apr/2017:09:28:31 -0300] "POST /cormun/servlet/solicitudotadjuntos?gx-no-cache=1492777774084 HTTP/1.1" 200 26
192.168.10.13 - - [21/Apr/2017:09:28:40 -0300] "GET / HTTP/1.1" 200 11217
186.79.3.196 - - [21/Apr/2017:09:28:44 -0300] "GET /cormun/servlet/solicitudotadjuntos?5aa4faad6da32b410b711937f56c81040431d4ffb9eef60f3e3f94e9673f3b8d,gx-no-cache=1492777787358 HTTP/1.1" 200 30
186.79.3.196 - - [21/Apr/2017:09:28:44 -0300] "GET /cormun/servlet/solicitudotadjuntos?5aa4faad6da32b410b711937f56c81040431d4ffb9eef60f3e3f94e9673f3b8d,gx-no-cache=1492777787555 HTTP/1.1" 200 30
186.79.3.196 - - [21/Apr/2017:09:28:53 -0300] "POST /cormun/servlet/solicitudotadjuntos?eaa79f2d2661e20de098d138bf1ee82f,INS,2017,6153,,1, HTTP/1.1" 200 116
186.79.3.196 - - [21/Apr/2017:09:28:53 -0300] "GET /cormun/servlet/hpexe_return? HTTP/1.1" 200 1024
186.79.3.196 - - [21/Apr/2017:09:28:53 -0300] "GET /cormun/servlet/trsolicitudadjuntos?2017,6153, HTTP/1.1" 200 8742
186.79.3.196 - - [21/Apr/2017:09:28:55 -0300] "GET /cormun/servlet/trsolicitudadjuntos?2017,6153, HTTP/1.1" 200 8740
186.79.3.196 - - [21/Apr/2017:09:28:59 -0300] "GET /cormun/servlet/solicitudotadjuntos?INS,2017,6153,,1, HTTP/1.1" 200 6051
186.79.3.196 - - [21/Apr/2017:09:28:59 -0300] "GET /cormun/static/about:blank HTTP/1.1" 404 1011
186.79.3.196 - - [21/Apr/2017:09:29:00 -0300] "GET /cormun/servlet/solicitudotadjuntos?INS,2017,6153,,1, HTTP/1.1" 200 6045
186.79.3.196 - - [21/Apr/2017:09:29:01 -0300] "GET /cormun/servlet/solicitudotadjuntos?5aa4faad6da32b410b711937f56c81043af1bff1150e8db6077f3cfa20ff921ed26b79180faced7f408c6ac5d1109a20,gx-no-cache=1492777803767 HTTP/1.1" 200 30
186.79.3.196 - - [21/Apr/2017:09:29:01 -0300] "POST /cormun/servlet/solicitudotadjuntos?eaa79f2d2661e20de098d138bf1ee82f,INS,2017,6153,,1,,gx-no-cache=1492777804406 HTTP/1.1" 200 3860
186.79.3.196 - - [21/Apr/2017:09:29:06 -0300] "POST /cormun/servlet/solicitudotadjuntos?gx-no-cache=1492777809302 HTTP/1.1" 200 26
186.79.3.196 - - [21/Apr/2017:09:29:12 -0300] "GET /cormun/servlet/solicitudotadjuntos?5aa4faad6da32b410b711937f56c81040431d4ffb9eef60f3e3f94e9673f3b8d,gx-no-cache=1492777815839 HTTP/1.1" 200 30
186.79.3.196 - - [21/Apr/2017:09:29:12 -0300] "GET /cormun/servlet/solicitudotadjuntos?5aa4faad6da32b410b711937f56c81040431d4ffb9eef60f3e3f94e9673f3b8d,gx-no-cache=1492777815948 HTTP/1.1" 200 30
186.79.3.196 - - [21/Apr/2017:09:29:19 -0300] "POST /cormun/servlet/solicitudotadjuntos?eaa79f2d2661e20de098d138bf1ee82f,INS,2017,6153,,1, HTTP/1.1" 200 116
186.79.3.196 - - [21/Apr/2017:09:29:19 -0300] "GET /cormun/servlet/hpexe_return? HTTP/1.1" 200 1024
186.79.3.196 - - [21/Apr/2017:09:29:20 -0300] "GET /cormun/servlet/trsolicitudadjuntos?2017,6153, HTTP/1.1" 200 8941
