186.103.159.182 - - [20/Apr/2017:12:47:00 -0300] "GET /cormun/static/Shared/jqueryui/images/ui-icons_ebccce_256x240.png HTTP/1.1" 404 1089
186.103.159.182 - - [20/Apr/2017:12:47:09 -0300] "POST /cormun/servlet/permisogoce?5ef626123102a46716a3233f0af7da2d,DLT,11067642,P,20170411121314,,gx-no-cache=1492703292285 HTTP/1.1" 200 93
186.103.159.182 - - [20/Apr/2017:12:47:09 -0300] "GET /cormun/servlet/hpexe_return? HTTP/1.1" 200 1029
186.103.159.182 - - [20/Apr/2017:12:47:09 -0300] "GET /cormun/servlet/trpermisosgoce HTTP/1.1" 200 7700
186.103.159.182 - - [20/Apr/2017:12:47:10 -0300] "GET /cormun/servlet/trpermisosgoce HTTP/1.1" 200 7696
186.9.128.153 - - [20/Apr/2017:12:47:15 -0300] "POST /cormun/servlet/trsolicitudot?a59d7a0b30e6549dda78f60c27ab0162,gx-no-cache=1492703300280 HTTP/1.1" 200 105
186.9.128.153 - - [20/Apr/2017:12:47:15 -0300] "GET /cormun/servlet/solicitudot?UPD,2017,6146, HTTP/1.1" 200 14540
186.9.128.153 - - [20/Apr/2017:12:47:17 -0300] "GET /cormun/servlet/solicitudot?UPD,2017,6146, HTTP/1.1" 200 14549
186.9.128.153 - - [20/Apr/2017:12:47:17 -0300] "POST /cormun/servlet/solicitudot?gx-no-cache=1492703302754 HTTP/1.1" 200 3180
186.9.128.153 - - [20/Apr/2017:12:47:18 -0300] "POST /cormun/servlet/solicitudot?a59d7a0b30e6549dda78f60c27ab0162,UPD,2017,6146,,gx-no-cache=1492703303051 HTTP/1.1" 200 11123
186.9.128.153 - - [20/Apr/2017:12:47:18 -0300] "GET /cormun/servlet/solicitudot?0dc0b02e606fb6eeb399c8b8c1cfad1d9f71cb8c84fd14b5a30ce5e1c90d59036405a27cac84f34bed532834c6ffd0d7,gx-no-cache=1492703303476 HTTP/1.1" 200 30
186.9.128.153 - - [20/Apr/2017:12:47:18 -0300] "POST /cormun/servlet/solicitudot?gx-no-cache=1492703303596 HTTP/1.1" 200 297
186.9.128.153 - - [20/Apr/2017:12:47:18 -0300] "GET /cormun/servlet/solicitudot?0dc0b02e606fb6eeb399c8b8c1cfad1d6481357bc5f5adb368368f93b0f29aa12f54f935672790d7a3143d143c4f01b1689b2985b92f32f4bd50886800c7e92c481c98c950c70bcbc6aead1042f2269256293d5bf1566443742f6a709c366a5f65a694b030797369d8df379e609c739975609799adf76f08e1d6fc62a8bd9f4e40d65edf04bf98adf3211e9804ce2c74d99474e86f01dc83c595df1f359e2e944a90badba13d9bc3502d3d441de7774e15bf93edf43374a400c95b0db455426e7f7f8eeedad572f983e77f8e28fd440fb7eedb12c3ee5a30b58d6bb7a776f7bfb5852510926978f34c1a8788073343ed6e1490078882b8e7847884b7dfd034039402f73e54be1dc6efc3848b79e500fd033dbada1ec97d29c0c61ded295089acf1a7e6af898c4082d6bad7129b4db4cfadcec7c806d68a1aa65d9c05aaf59a4896c51e2d0e127905790b8119c0d41b65c28c01cd4b5ba3c8c9082e603edf0d83786629b9a9f6598c22e7acfcb17fb3baef45dd13cc378897e4615ce4398d034bdf0d6c2dbe6facc36adb135d84010f91,gx-no-cache=1492703303712 HTTP/1.1" 200 30
186.9.128.153 - - [20/Apr/2017:12:47:18 -0300] "POST /cormun/servlet/solicitudot?gx-no-cache=1492703303803 HTTP/1.1" 200 30
186.9.128.153 - - [20/Apr/2017:12:47:18 -0300] "POST /cormun/servlet/solicitudot?gx-no-cache=1492703303912 HTTP/1.1" 200 1291
186.9.128.153 - - [20/Apr/2017:12:47:19 -0300] "POST /cormun/servlet/solicitudot?gx-no-cache=1492703304046 HTTP/1.1" 200 40
186.9.128.153 - - [20/Apr/2017:12:47:25 -0300] "GET /cormun/servlet/solicitudot?0dc0b02e606fb6eeb399c8b8c1cfad1d22e70260b499d5384e93d91e9a900b21d87f3fc38ae63c61e361d3ec2a25987f81ca5cfc76e37c1777db5cb4b692dde2f98b52bfd60ea29f64a762f6420cc1b55e81ddb91c9133e3ecd508b85ed93104a6526f178d2d5788d9b7e185cef1bcf8,gx-no-cache=1492703310047 HTTP/1.1" 200 29
186.9.128.153 - - [20/Apr/2017:12:47:25 -0300] "POST /cormun/servlet/solicitudot?gx-no-cache=1492703310143 HTTP/1.1" 200 1275
186.9.128.153 - - [20/Apr/2017:12:47:25 -0300] "POST /cormun/servlet/solicitudot?gx-no-cache=1492703310250 HTTP/1.1" 200 1156
186.9.128.153 - - [20/Apr/2017:12:47:25 -0300] "GET /cormun/static/menuarrow.gif HTTP/1.1" 404 1015
186.9.128.153 - - [20/Apr/2017:12:47:27 -0300] "POST /cormun/servlet/solicitudot?gx-no-cache=1492703312101 HTTP/1.1" 200 1275
186.9.128.153 - - [20/Apr/2017:12:47:27 -0300] "POST /cormun/servlet/solicitudot?gx-no-cache=1492703312207 HTTP/1.1" 200 1156
186.103.159.182 - - [20/Apr/2017:12:47:29 -0300] "GET /cormun/servlet/apermisogoceprn?11067642,P,20170411121314,PU HTTP/1.1" 200 1658
192.168.10.13 - - [20/Apr/2017:12:47:41 -0300] "GET / HTTP/1.1" 200 11217
186.103.159.182 - - [20/Apr/2017:12:48:07 -0300] "GET /cormun/servlet/permisogoce?INS,0,,, HTTP/1.1" 200 6841
186.103.159.182 - - [20/Apr/2017:12:48:09 -0300] "GET /cormun/servlet/permisogoce?INS,0,,, HTTP/1.1" 200 6842
186.103.159.182 - - [20/Apr/2017:12:48:33 -0300] "GET /cormun/servlet/permisogoce?a58cd6095b80709ea6d553e18a092c1d0f38262cdccc6d1244d17cf998df49307437434daa9630bca0aff2c485621b38,gx-no-cache=1492703376704 HTTP/1.1" 200 69
186.103.159.182 - - [20/Apr/2017:12:48:33 -0300] "GET /cormun/static/menuarrow.gif HTTP/1.1" 404 1015
192.168.10.13 - - [20/Apr/2017:12:48:41 -0300] "GET / HTTP/1.1" 200 11217
186.103.159.182 - - [20/Apr/2017:12:48:42 -0300] "GET /cormun/servlet/permisogoce?a58cd6095b80709ea6d553e18a092c1d2ad469859c93adcb8a321e5af59ec35c4fea16aa5acbb3fdd6d79314b9d796fb16f20a5c467bca28958136abff8c098a,gx-no-cache=1492703385711 HTTP/1.1" 200 48
192.168.10.13 - - [20/Apr/2017:12:49:41 -0300] "GET / HTTP/1.1" 200 11217
186.103.159.182 - - [20/Apr/2017:12:50:22 -0300] "POST /cormun/servlet/permisogoce?5ef626123102a46716a3233f0af7da2d,INS,0,,,,gx-no-cache=1492703485580 HTTP/1.1" 200 93
186.103.159.182 - - [20/Apr/2017:12:50:22 -0300] "GET /cormun/servlet/hpexe_return? HTTP/1.1" 200 1009
186.103.159.182 - - [20/Apr/2017:12:50:22 -0300] "GET /cormun/servlet/trpermisosgoce HTTP/1.1" 200 7977
186.103.159.182 - - [20/Apr/2017:12:50:24 -0300] "GET /cormun/servlet/trpermisosgoce HTTP/1.1" 200 7973
192.168.10.13 - - [20/Apr/2017:12:50:41 -0300] "GET / HTTP/1.1" 200 11217
186.103.159.182 - - [20/Apr/2017:12:50:54 -0300] "POST /cormun/servlet/trpermisosgoce?5ef626123102a46716a3233f0af7da2d,gx-no-cache=1492703516892 HTTP/1.1" 200 4936
186.103.159.182 - - [20/Apr/2017:12:50:54 -0300] "GET /cormun/static/Shared/jqueryui/images/ui-bg_highlight-soft_100_c6c2c8_1x100.png HTTP/1.1" 404 1117
186.103.159.182 - - [20/Apr/2017:12:50:54 -0300] "GET /cormun/static/Shared/jqueryui/images/ui-icons_82798d_256x240.png HTTP/1.1" 404 1089
186.103.159.182 - - [20/Apr/2017:12:50:54 -0300] "GET /cormun/static/Shared/jqueryui/images/ui-bg_flat_55_fafafa_40x100.png HTTP/1.1" 404 1097
186.103.159.182 - - [20/Apr/2017:12:50:54 -0300] "GET /cormun/static/Shared/jqueryui/images/ui-icons_8d78a5_256x240.png HTTP/1.1" 404 1089
186.9.128.153 - - [20/Apr/2017:12:50:58 -0300] "GET /cormun/servlet/solicitudot?0dc0b02e606fb6eeb399c8b8c1cfad1d6ce5cb5b81b7e76ec5af0e3de1e93111eb7d79c7096c8f1f4be7a51295dee48db3683517500f84db4d33f741b31a28931e43ed107d39bdfcdd01a3a0094cb8db045abb352e1f9a51b3fb1b0dd50f3c62b0b3ff8ad4052f07ed3ea0307aad0938c86084ebec73239112ec734a52adba647fdbffa4dcd1ec7372cf39e03c1e63b90afa162c9d105a688b4527af7c5616537f1eb92b7b47e42a20e0448845808cf5,gx-no-cache=1492703523386 HTTP/1.1" 200 32
186.9.128.153 - - [20/Apr/2017:12:50:58 -0300] "POST /cormun/servlet/solicitudot?a59d7a0b30e6549dda78f60c27ab0162,UPD,2017,6146,,gx-no-cache=1492703523586 HTTP/1.1" 200 93
186.9.128.153 - - [20/Apr/2017:12:50:58 -0300] "GET /cormun/servlet/hpexe_return? HTTP/1.1" 200 1011
186.9.128.153 - - [20/Apr/2017:12:50:59 -0300] "GET /cormun/servlet/trsolicitudot HTTP/1.1" 200 8249
186.9.128.153 - - [20/Apr/2017:12:51:01 -0300] "GET /cormun/servlet/trsolicitudot HTTP/1.1" 200 8244
186.103.159.182 - - [20/Apr/2017:12:51:01 -0300] "GET /cormun/servlet/apermisogoceprn?16253381,P,20170420134454,PU HTTP/1.1" 200 1663
186.9.128.153 - - [20/Apr/2017:12:51:28 -0300] "POST /cormun/servlet/trsolicitudot?a59d7a0b30e6549dda78f60c27ab0162,gx-no-cache=1492703552851 HTTP/1.1" 200 4382
186.9.128.153 - - [20/Apr/2017:12:51:28 -0300] "GET /cormun/static/Shared/jqueryui/images/ui-bg_highlight-soft_100_c6c2c8_1x100.png HTTP/1.1" 404 1117
186.9.128.153 - - [20/Apr/2017:12:51:28 -0300] "GET /cormun/static/Shared/jqueryui/images/ui-icons_82798d_256x240.png HTTP/1.1" 404 1089
186.9.128.153 - - [20/Apr/2017:12:51:28 -0300] "GET /cormun/static/Shared/jqueryui/images/ui-bg_flat_55_fafafa_40x100.png HTTP/1.1" 404 1097
186.9.128.153 - - [20/Apr/2017:12:51:28 -0300] "GET /cormun/static/Shared/jqueryui/images/ui-icons_8d78a5_256x240.png HTTP/1.1" 404 1089
186.9.128.153 - - [20/Apr/2017:12:51:28 -0300] "POST /cormun/servlet/trsolicitudot?a59d7a0b30e6549dda78f60c27ab0162,gx-no-cache=1492703553441 HTTP/1.1" 200 4128
186.9.128.153 - - [20/Apr/2017:12:51:36 -0300] "GET /cormun/servlet/trautorizarsolicitud? HTTP/1.1" 200 10365
186.9.128.153 - - [20/Apr/2017:12:51:38 -0300] "GET /cormun/servlet/trautorizarsolicitud? HTTP/1.1" 200 10365
192.168.10.13 - - [20/Apr/2017:12:51:41 -0300] "GET / HTTP/1.1" 200 11217
186.9.128.153 - - [20/Apr/2017:12:51:47 -0300] "POST /cormun/servlet/trautorizarsolicitud?a59d7a0b30e6549dda78f60c27ab0162,,gx-no-cache=1492703572094 HTTP/1.1" 200 5421
186.103.159.182 - - [20/Apr/2017:12:51:53 -0300] "GET /cormun/servlet/trautorizarpermisogoce? HTTP/1.1" 200 7621
186.103.159.182 - - [20/Apr/2017:12:51:53 -0300] "GET /cormun/static/gxcfg.js?20174111145711 HTTP/1.1" 200 953
186.103.159.182 - - [20/Apr/2017:12:51:53 -0300] "GET /cormun/static/trautorizarpermisogoce.js?201741111451072 HTTP/1.1" 200 32073
186.103.159.182 - - [20/Apr/2017:12:51:55 -0300] "GET /cormun/servlet/trautorizarpermisogoce? HTTP/1.1" 200 7621
186.103.159.182 - - [20/Apr/2017:12:51:58 -0300] "POST /cormun/servlet/trautorizarpermisogoce?5ef626123102a46716a3233f0af7da2d,,gx-no-cache=1492703581057 HTTP/1.1" 200 130
186.103.159.182 - - [20/Apr/2017:12:51:58 -0300] "GET /cormun/servlet/licenciaspermisoslog?INS,11067642,P,20170411121300,0,NU, HTTP/1.1" 200 5933
186.103.159.182 - - [20/Apr/2017:12:51:58 -0300] "GET /cormun/static/gxcfg.js?201731711423236 HTTP/1.1" 200 953
186.103.159.182 - - [20/Apr/2017:12:51:58 -0300] "GET /cormun/static/licenciaspermisoslog.js?201731711423249 HTTP/1.1" 200 9246
186.103.159.182 - - [20/Apr/2017:12:51:59 -0300] "GET /cormun/servlet/licenciaspermisoslog?INS,11067642,P,20170411121300,0,NU, HTTP/1.1" 200 5934
186.9.128.153 - - [20/Apr/2017:12:52:05 -0300] "POST /cormun/servlet/trautorizarsolicitud?a59d7a0b30e6549dda78f60c27ab0162,,gx-no-cache=1492703589626 HTTP/1.1" 200 4357
186.9.128.153 - - [20/Apr/2017:12:52:05 -0300] "GET /cormun/static/Shared/jqueryui/images/ui-bg_highlight-soft_100_c6c2c8_1x100.png HTTP/1.1" 404 1117
186.9.128.153 - - [20/Apr/2017:12:52:05 -0300] "GET /cormun/static/Shared/jqueryui/images/ui-icons_82798d_256x240.png HTTP/1.1" 404 1089
186.9.128.153 - - [20/Apr/2017:12:52:05 -0300] "GET /cormun/static/Shared/jqueryui/images/ui-icons_8d78a5_256x240.png HTTP/1.1" 404 1089
186.9.128.153 - - [20/Apr/2017:12:52:05 -0300] "GET /cormun/static/Shared/jqueryui/images/ui-bg_flat_55_fafafa_40x100.png HTTP/1.1" 404 1097
186.9.128.153 - - [20/Apr/2017:12:52:05 -0300] "POST /cormun/servlet/trautorizarsolicitud?a59d7a0b30e6549dda78f60c27ab0162,,gx-no-cache=1492703590261 HTTP/1.1" 200 4107
186.9.128.153 - - [20/Apr/2017:12:52:14 -0300] "POST /cormun/servlet/trautorizarsolicitud?a59d7a0b30e6549dda78f60c27ab0162,,gx-no-cache=1492703599369 HTTP/1.1" 200 8042
186.9.128.153 - - [20/Apr/2017:12:52:18 -0300] "GET /cormun/servlet/veautorizarsolicitud?2017,6146,, HTTP/1.1" 200 8225
186.9.128.153 - - [20/Apr/2017:12:52:18 -0300] "GET /cormun/pexe_scrolldiv.js HTTP/1.1" 404 1009
186.9.128.153 - - [20/Apr/2017:12:52:19 -0300] "GET /cormun/pexe_scrolldiv.js HTTP/1.1" 404 1009
186.9.128.153 - - [20/Apr/2017:12:52:20 -0300] "GET /cormun/servlet/veautorizarsolicitud?2017,6146,, HTTP/1.1" 200 8224
192.168.10.13 - - [20/Apr/2017:12:52:41 -0300] "GET / HTTP/1.1" 200 11217
186.103.159.182 - - [20/Apr/2017:12:52:42 -0300] "GET /cormun/servlet/licenciaspermisoslog?a58cd6095b80709ea6d553e18a092c1dad650f36ca150f6e838fdbfbeb563f03482b9b3dc9409c8a1ff67fd8b44254739f59bff39e747b08c921258c101b7cda13a0224d4d3d39778429986c4d4f5043fba138e66b4c205fa740dc716a00df12,gx-no-cache=1492703625595 HTTP/1.1" 200 120
186.103.159.182 - - [20/Apr/2017:12:52:42 -0300] "GET /cormun/static/Shared/jqueryui/images/ui-bg_highlight-soft_100_c6c2c8_1x100.png HTTP/1.1" 404 1117
186.103.159.182 - - [20/Apr/2017:12:52:42 -0300] "GET /cormun/static/Shared/jqueryui/images/ui-icons_82798d_256x240.png HTTP/1.1" 404 1089
186.103.159.182 - - [20/Apr/2017:12:52:42 -0300] "GET /cormun/static/Shared/jqueryui/images/ui-bg_flat_55_994d53_40x100.png HTTP/1.1" 404 1097
186.103.159.182 - - [20/Apr/2017:12:52:42 -0300] "GET /cormun/static/Shared/jqueryui/images/ui-icons_ebccce_256x240.png HTTP/1.1" 404 1089
186.103.159.182 - - [20/Apr/2017:12:52:42 -0300] "GET /cormun/servlet/licenciaspermisoslog?a58cd6095b80709ea6d553e18a092c1dad650f36ca150f6e838fdbfbeb563f03482b9b3dc9409c8a1ff67fd8b44254739f59bff39e747b08c921258c101b7cda13a0224d4d3d39778429986c4d4f5043fba138e66b4c205fa740dc716a00df12,gx-no-cache=1492703625695 HTTP/1.1" 200 120
186.103.159.182 - - [20/Apr/2017:12:52:42 -0300] "POST /cormun/servlet/licenciaspermisoslog?5ef626123102a46716a3233f0af7da2d,INS,11067642,P,20170411121300,0,NU,,gx-no-cache=1492703625744 HTTP/1.1" 200 3755
186.9.128.153 - - [20/Apr/2017:12:52:45 -0300] "POST /cormun/servlet/veautorizarsolicitud?a59d7a0b30e6549dda78f60c27ab0162,2017,6146,,,gx-no-cache=1492703629859 HTTP/1.1" 200 90
186.9.128.153 - - [20/Apr/2017:12:52:45 -0300] "GET /cormun/servlet/hpexe_link HTTP/1.1" 200 971
186.9.128.153 - - [20/Apr/2017:12:52:45 -0300] "GET /cormun/servlet/trautorizarsolicitud? HTTP/1.1" 200 10817
186.9.128.153 - - [20/Apr/2017:12:52:47 -0300] "GET /cormun/servlet/trautorizarsolicitud? HTTP/1.1" 200 10816
186.9.128.153 - - [20/Apr/2017:12:52:51 -0300] "GET /cormun/servlet/trsolicitudot? HTTP/1.1" 200 6940
186.103.159.182 - - [20/Apr/2017:12:52:51 -0300] "GET /cormun/servlet/licenciaspermisoslog?a58cd6095b80709ea6d553e18a092c1dad650f36ca150f6e838fdbfbeb563f03482b9b3dc9409c8a1ff67fd8b44254739f59bff39e747b08c921258c101b7cda13a0224d4d3d39778429986c4d4f5043fba138e66b4c205fa740dc716a00df12,gx-no-cache=1492703635230 HTTP/1.1" 200 120
186.103.159.182 - - [20/Apr/2017:12:52:52 -0300] "POST /cormun/servlet/licenciaspermisoslog?5ef626123102a46716a3233f0af7da2d,INS,11067642,P,20170411121300,0,NU,,gx-no-cache=1492703635279 HTTP/1.1" 200 3755
186.9.128.153 - - [20/Apr/2017:12:52:52 -0300] "GET /cormun/servlet/trsolicitudot? HTTP/1.1" 200 6940
186.9.128.153 - - [20/Apr/2017:12:52:58 -0300] "GET /cormun/servlet/solicitudot?INS,0,0, HTTP/1.1" 200 12773
186.9.128.153 - - [20/Apr/2017:12:53:00 -0300] "GET /cormun/servlet/solicitudot?INS,0,0, HTTP/1.1" 200 12778
186.103.159.182 - - [20/Apr/2017:12:53:01 -0300] "POST /cormun/servlet/licenciaspermisoslog?5ef626123102a46716a3233f0af7da2d,INS,11067642,P,20170411121300,0,NU,,gx-no-cache=1492703644596 HTTP/1.1" 200 93
186.103.159.182 - - [20/Apr/2017:12:53:01 -0300] "GET /cormun/servlet/hpexe_return? HTTP/1.1" 200 1046
186.103.159.182 - - [20/Apr/2017:12:53:01 -0300] "GET /cormun/servlet/trautorizarpermisogoce HTTP/1.1" 200 7625
186.9.128.153 - - [20/Apr/2017:12:53:03 -0300] "POST /cormun/servlet/solicitudot?gx-no-cache=1492703648098 HTTP/1.1" 200 3141
186.103.159.182 - - [20/Apr/2017:12:53:03 -0300] "GET /cormun/servlet/trautorizarpermisogoce HTTP/1.1" 200 7621
186.9.128.153 - - [20/Apr/2017:12:53:03 -0300] "GET /cormun/servlet/solicitudot?0dc0b02e606fb6eeb399c8b8c1cfad1d1449c7d7899a1a09139853e4737bc97e,gx-no-cache=1492703648296 HTTP/1.1" 200 111
186.9.128.153 - - [20/Apr/2017:12:53:03 -0300] "GET /cormun/static/Shared/jqueryui/images/ui-icons_ebccce_256x240.png HTTP/1.1" 404 1089
186.9.128.153 - - [20/Apr/2017:12:53:03 -0300] "GET /cormun/static/Shared/jqueryui/images/ui-bg_flat_55_994d53_40x100.png HTTP/1.1" 404 1097
186.9.128.153 - - [20/Apr/2017:12:53:03 -0300] "GET /cormun/static/Shared/jqueryui/images/ui-icons_82798d_256x240.png HTTP/1.1" 404 1089
186.9.128.153 - - [20/Apr/2017:12:53:03 -0300] "GET /cormun/static/Shared/jqueryui/images/ui-bg_highlight-soft_100_c6c2c8_1x100.png HTTP/1.1" 404 1117
186.9.128.153 - - [20/Apr/2017:12:53:06 -0300] "GET /cormun/servlet/solicitudot?0dc0b02e606fb6eeb399c8b8c1cfad1d93f4e731a23d0693cf6c0aefc0db1460e4468cb080d839f23eb524347fa626ab696c995fc40df56f40837f52a38207d298c233c56fb792a87ac5b61bcfc2594cedfb5d33bc852357f4da6892e0771aedbdf88c6dd1743b90b811611ba1cffc3cba31735ab2bfdf8aa747482d2e53f98835daba9c373d83173ba404560411b4c572982d54565cadfef7510d9c65ce61e9cb5bd6e5897a005fa37210fb3ab5928b7cf444cf74e687e84b95b16e6f83180fa3c7ee2ecc5923e47cd321026231738f6510fe0048f0682f51989564a21dfe5db3eea06e24a77e8439995b64fdb1f97dc6b67d3c730656d86ebb41e47dcbc4175c6a425bd2bf502980994c55cdc0e7d32a146c7adac114e7c098c4a0593c12629bb6431439fb52dfbbd06ccf85e8eaf4fedcf39b65832cc6ebdee3a9a27d413131c97c27e98cb242444f2bde3589ae7c,gx-no-cache=1492703651028 HTTP/1.1" 200 240
186.103.159.182 - - [20/Apr/2017:12:53:11 -0300] "POST /cormun/servlet/trautorizarpermisogoce?5ef626123102a46716a3233f0af7da2d,gx-no-cache=1492703655207 HTTP/1.1" 200 130
186.103.159.182 - - [20/Apr/2017:12:53:12 -0300] "GET /cormun/servlet/licenciaspermisoslog?INS,11067642,P,20170411121300,0,NU, HTTP/1.1" 200 5932
186.103.159.182 - - [20/Apr/2017:12:53:13 -0300] "GET /cormun/servlet/licenciaspermisoslog?INS,11067642,P,20170411121300,0,NU, HTTP/1.1" 200 5934
186.9.128.153 - - [20/Apr/2017:12:53:15 -0300] "GET /cormun/servlet/prfichaempleado?,MD,,gxPopupLevel%3D0%3B HTTP/1.1" 200 8789
186.9.128.153 - - [20/Apr/2017:12:53:31 -0300] "POST /cormun/servlet/prfichaempleado?a59d7a0b30e6549dda78f60c27ab0162,,MD,,gxPopupLevel%3D0%3B,gx-no-cache=1492703675989 HTTP/1.1" 200 3185
186.9.128.153 - - [20/Apr/2017:12:53:40 -0300] "GET /cormun/servlet/trcontratosolicitud? HTTP/1.1" 200 13804
186.9.128.153 - - [20/Apr/2017:12:53:40 -0300] "GET /cormun/static/gxcfg.js?20171317451682 HTTP/1.1" 304 -
192.168.10.13 - - [20/Apr/2017:12:53:41 -0300] "GET / HTTP/1.1" 200 11217
186.9.128.153 - - [20/Apr/2017:12:53:42 -0300] "GET /cormun/servlet/trcontratosolicitud? HTTP/1.1" 200 13802
186.103.159.182 - - [20/Apr/2017:12:53:45 -0300] "GET /cormun/servlet/licenciaspermisoslog?a58cd6095b80709ea6d553e18a092c1dad650f36ca150f6e838fdbfbeb563f03482b9b3dc9409c8a1ff67fd8b44254739f59bff39e747b08c921258c101b7cda13a0224d4d3d39778429986c4d4f5043fba138e66b4c205fa740dc716a00df12,gx-no-cache=1492703689154 HTTP/1.1" 200 120
186.103.159.182 - - [20/Apr/2017:12:53:45 -0300] "GET /cormun/static/Shared/jqueryui/images/ui-bg_highlight-soft_100_c6c2c8_1x100.png HTTP/1.1" 404 1117
186.103.159.182 - - [20/Apr/2017:12:53:45 -0300] "GET /cormun/static/Shared/jqueryui/images/ui-icons_82798d_256x240.png HTTP/1.1" 404 1089
186.103.159.182 - - [20/Apr/2017:12:53:45 -0300] "GET /cormun/static/Shared/jqueryui/images/ui-icons_ebccce_256x240.png HTTP/1.1" 404 1089
186.103.159.182 - - [20/Apr/2017:12:53:45 -0300] "GET /cormun/static/Shared/jqueryui/images/ui-bg_flat_55_994d53_40x100.png HTTP/1.1" 404 1097
186.103.159.182 - - [20/Apr/2017:12:53:45 -0300] "GET /cormun/servlet/licenciaspermisoslog?a58cd6095b80709ea6d553e18a092c1dad650f36ca150f6e838fdbfbeb563f03482b9b3dc9409c8a1ff67fd8b44254739f59bff39e747b08c921258c101b7cda13a0224d4d3d39778429986c4d4f5043fba138e66b4c205fa740dc716a00df12,gx-no-cache=1492703689258 HTTP/1.1" 200 120
186.103.159.182 - - [20/Apr/2017:12:53:46 -0300] "POST /cormun/servlet/licenciaspermisoslog?5ef626123102a46716a3233f0af7da2d,INS,11067642,P,20170411121300,0,NU,,gx-no-cache=1492703689298 HTTP/1.1" 200 3757
186.103.159.182 - - [20/Apr/2017:12:53:48 -0300] "POST /cormun/servlet/licenciaspermisoslog?5ef626123102a46716a3233f0af7da2d,INS,11067642,P,20170411121300,0,NU,,gx-no-cache=1492703692290 HTTP/1.1" 200 93
186.103.159.182 - - [20/Apr/2017:12:53:49 -0300] "GET /cormun/servlet/hpexe_return? HTTP/1.1" 200 1046
186.103.159.182 - - [20/Apr/2017:12:53:49 -0300] "GET /cormun/servlet/trautorizarpermisogoce HTTP/1.1" 200 7625
186.103.159.182 - - [20/Apr/2017:12:53:50 -0300] "GET /cormun/servlet/trautorizarpermisogoce HTTP/1.1" 200 7621
186.103.159.182 - - [20/Apr/2017:12:53:58 -0300] "GET /cormun/servlet/trpermisosgoce? HTTP/1.1" 200 7699
186.103.159.182 - - [20/Apr/2017:12:53:59 -0300] "GET /cormun/servlet/trpermisosgoce? HTTP/1.1" 200 7698
192.168.10.13 - - [20/Apr/2017:12:54:41 -0300] "GET / HTTP/1.1" 200 11217
192.168.10.13 - - [20/Apr/2017:12:55:41 -0300] "GET / HTTP/1.1" 200 11217
157.55.39.86 - - [20/Apr/2017:12:56:01 -0300] "GET /cormun/static/gxcfg.js?201612216162538 HTTP/1.1" 200 953
192.168.10.13 - - [20/Apr/2017:12:56:41 -0300] "GET / HTTP/1.1" 200 11217
157.55.39.87 - - [20/Apr/2017:12:56:52 -0300] "GET /cormun/static/gxcfg.js?201632119342969 HTTP/1.1" 200 953
157.55.39.86 - - [20/Apr/2017:12:56:58 -0300] "GET /cormun/static/hlogin.js?201612216162555 HTTP/1.1" 200 2136
157.55.39.84 - - [20/Apr/2017:12:57:07 -0300] "GET /cormun/static/hlogin.js?201632119342986 HTTP/1.1" 200 2136
192.168.10.13 - - [20/Apr/2017:12:57:41 -0300] "GET / HTTP/1.1" 200 11217
192.168.10.13 - - [20/Apr/2017:12:58:41 -0300] "GET / HTTP/1.1" 200 11217
186.103.159.182 - - [20/Apr/2017:12:58:52 -0300] "GET /cormun/servlet/trinasistencia? HTTP/1.1" 200 7915
186.103.159.182 - - [20/Apr/2017:12:58:54 -0300] "GET /cormun/servlet/trinasistencia? HTTP/1.1" 200 7914
186.103.159.182 - - [20/Apr/2017:12:59:00 -0300] "GET /cormun/servlet/trpermisosingoceadjunto?71,16162972, HTTP/1.1" 200 6155
186.103.159.182 - - [20/Apr/2017:12:59:01 -0300] "GET /cormun/servlet/trpermisosingoceadjunto?71,16162972, HTTP/1.1" 200 6155
186.103.159.182 - - [20/Apr/2017:12:59:03 -0300] "GET /cormun/servlet/permisosingoceadjunto?INS,71,, HTTP/1.1" 200 5470
186.103.159.182 - - [20/Apr/2017:12:59:03 -0300] "GET /cormun/static/about:blank HTTP/1.1" 404 1011
186.103.159.182 - - [20/Apr/2017:12:59:04 -0300] "GET /cormun/servlet/permisosingoceadjunto?INS,71,, HTTP/1.1" 200 5457
186.103.159.182 - - [20/Apr/2017:12:59:05 -0300] "GET /cormun/servlet/permisosingoceadjunto?22b3aa0b9a1a7a9a3e5b6ac54c043926dcaf56c000a0554f535a72453c5e0aca,gx-no-cache=1492704008634 HTTP/1.1" 200 26
186.103.159.182 - - [20/Apr/2017:12:59:34 -0300] "POST /cormun/servlet/permisosingoceadjunto?5ef626123102a46716a3233f0af7da2d,INS,71,, HTTP/1.1" 200 116
186.103.159.182 - - [20/Apr/2017:12:59:34 -0300] "GET /cormun/servlet/hpexe_return? HTTP/1.1" 200 1026
186.103.159.182 - - [20/Apr/2017:12:59:34 -0300] "GET /cormun/servlet/trpermisosingoceadjunto?71,16162972, HTTP/1.1" 200 6529
186.103.159.182 - - [20/Apr/2017:12:59:35 -0300] "GET /cormun/servlet/trpermisosingoceadjunto?71,16162972, HTTP/1.1" 200 6526
192.168.10.13 - - [20/Apr/2017:12:59:41 -0300] "GET / HTTP/1.1" 200 11217
186.103.159.182 - - [20/Apr/2017:12:59:46 -0300] "POST /cormun/servlet/trpermisosingoceadjunto?5ef626123102a46716a3233f0af7da2d,71,16162972,,gx-no-cache=1492704049327 HTTP/1.1" 200 90
186.103.159.182 - - [20/Apr/2017:12:59:46 -0300] "GET /cormun/servlet/hpexe_link HTTP/1.1" 200 981
186.103.159.182 - - [20/Apr/2017:12:59:46 -0300] "GET /cormun/servlet/trinasistencia HTTP/1.1" 200 7916
186.103.159.182 - - [20/Apr/2017:12:59:47 -0300] "GET /cormun/servlet/trinasistencia HTTP/1.1" 200 7914
186.103.159.182 - - [20/Apr/2017:13:00:19 -0300] "POST /cormun/servlet/trinasistencia?5ef626123102a46716a3233f0af7da2d,gx-no-cache=1492704082257 HTTP/1.1" 200 4934
186.103.159.182 - - [20/Apr/2017:13:00:19 -0300] "GET /cormun/static/Shared/jqueryui/images/ui-bg_highlight-soft_100_c6c2c8_1x100.png HTTP/1.1" 404 1117
186.103.159.182 - - [20/Apr/2017:13:00:19 -0300] "GET /cormun/static/Shared/jqueryui/images/ui-icons_82798d_256x240.png HTTP/1.1" 404 1089
186.103.159.182 - - [20/Apr/2017:13:00:19 -0300] "GET /cormun/static/Shared/jqueryui/images/ui-bg_flat_55_fafafa_40x100.png HTTP/1.1" 404 1097
186.103.159.182 - - [20/Apr/2017:13:00:19 -0300] "GET /cormun/static/Shared/jqueryui/images/ui-icons_8d78a5_256x240.png HTTP/1.1" 404 1089
186.9.128.153 - - [20/Apr/2017:13:00:24 -0300] "GET /cormun/servlet/hlogin HTTP/1.1" 200 1730
192.168.10.13 - - [20/Apr/2017:13:00:41 -0300] "GET / HTTP/1.1" 200 11217
186.9.128.153 - - [20/Apr/2017:13:00:42 -0300] "POST /cormun/servlet/hlogin?4f394acf7775b2105c48bd3d6b21d2f5,gx-no-cache=1492704107770 HTTP/1.1" 200 90
186.9.128.153 - - [20/Apr/2017:13:00:43 -0300] "GET /cormun/servlet/hpexe_link HTTP/1.1" 200 954
186.9.128.153 - - [20/Apr/2017:13:00:43 -0300] "GET /cormun/servlet/hhome HTTP/1.1" 200 3970
186.9.128.153 - - [20/Apr/2017:13:00:44 -0300] "GET /cormun/servlet/hhome HTTP/1.1" 200 3967
186.9.128.153 - - [20/Apr/2017:13:00:49 -0300] "GET /cormun/servlet/trsolicitudot? HTTP/1.1" 200 6944
186.103.159.182 - - [20/Apr/2017:13:00:49 -0300] "GET /cormun/servlet/trpermisosgoce? HTTP/1.1" 200 7686
186.9.128.153 - - [20/Apr/2017:13:00:50 -0300] "GET /cormun/servlet/trsolicitudot? HTTP/1.1" 200 6942
186.103.159.182 - - [20/Apr/2017:13:00:51 -0300] "GET /cormun/servlet/trpermisosgoce? HTTP/1.1" 200 7686
186.9.128.153 - - [20/Apr/2017:13:00:53 -0300] "GET /cormun/servlet/solicitudot?INS,0,0, HTTP/1.1" 200 12776
186.9.128.153 - - [20/Apr/2017:13:00:55 -0300] "GET /cormun/servlet/solicitudot?INS,0,0, HTTP/1.1" 200 12780
186.9.128.153 - - [20/Apr/2017:13:01:02 -0300] "POST /cormun/servlet/solicitudot?gx-no-cache=1492704127317 HTTP/1.1" 200 3141
186.9.128.153 - - [20/Apr/2017:13:01:02 -0300] "GET /cormun/static/Shared/jqueryui/images/ui-bg_highlight-soft_100_c6c2c8_1x100.png HTTP/1.1" 404 1117
186.9.128.153 - - [20/Apr/2017:13:01:02 -0300] "GET /cormun/static/Shared/jqueryui/images/ui-icons_82798d_256x240.png HTTP/1.1" 404 1089
186.9.128.153 - - [20/Apr/2017:13:01:02 -0300] "GET /cormun/static/Shared/jqueryui/images/ui-bg_flat_55_994d53_40x100.png HTTP/1.1" 404 1097
186.9.128.153 - - [20/Apr/2017:13:01:02 -0300] "GET /cormun/static/Shared/jqueryui/images/ui-icons_ebccce_256x240.png HTTP/1.1" 404 1089
186.9.128.153 - - [20/Apr/2017:13:01:02 -0300] "GET /cormun/servlet/solicitudot?e2de740d2a98a36861388c245dc49ce6a5a3eb610fbf9b34a12cf50af344e1f6,gx-no-cache=1492704127608 HTTP/1.1" 200 111
186.9.128.153 - - [20/Apr/2017:13:01:06 -0300] "GET /cormun/servlet/solicitudot?e2de740d2a98a36861388c245dc49ce62cd85fd6172c8c19094399cd284ddf975f955094347c239310d54882b6e7aef3119699f2c2d1746418076315ba2256bba8786e85538f1b6712613fa93c2d5282beb57c9398d33d1b4b37eaee7cd2a2656999f48c2d9910b17cc9f34c0761fdad6b3ae525e9cf0b84d89eb7a98b858e6f10716a2e0202e8d4b19340079635ea3540be2f901308eca46a884d85111c6afb87c02ce9ca19054e2432b01b2e8dfa23bb2f612375fe8bf60511612f566b2d612d7fb03cee2699dfc111d614e716fa19476f53a5a490efa9c4da2c31a6ea76d2a05dd102192309e1cf93f6c110d27f4e19170e3e5bd06d1c760bdb28f2f216fc5e74322147a2f4596184613cfd8bab3436378659b61482739c810f317492db84b0b4013b8995993682eaccfa313cd00c237a83093c5ea368ea36772eb7b1bc9953966ddcc8b05ecd2ae8505e6843e4b0,gx-no-cache=1492704130959 HTTP/1.1" 200 240
192.168.10.13 - - [20/Apr/2017:13:01:41 -0300] "GET / HTTP/1.1" 200 11217
192.168.10.13 - - [20/Apr/2017:13:02:41 -0300] "GET / HTTP/1.1" 200 11217
186.9.128.153 - - [20/Apr/2017:13:03:11 -0300] "POST /cormun/servlet/solicitudot?gx-no-cache=1492704256129 HTTP/1.1" 200 3191
186.9.128.153 - - [20/Apr/2017:13:03:11 -0300] "POST /cormun/servlet/solicitudot?4f394acf7775b2105c48bd3d6b21d2f5,INS,0,0,,gx-no-cache=1492704256724 HTTP/1.1" 200 9972
186.9.128.153 - - [20/Apr/2017:13:03:25 -0300] "GET /cormun/servlet/solicitudot?e2de740d2a98a36861388c245dc49ce6c9ef22e71504f474408446419a48ba82c202b2b37664a151d52c4e7a95e1d176,gx-no-cache=1492704270754 HTTP/1.1" 200 30
186.9.128.153 - - [20/Apr/2017:13:03:25 -0300] "POST /cormun/servlet/solicitudot?gx-no-cache=1492704270858 HTTP/1.1" 200 240
186.9.128.153 - - [20/Apr/2017:13:03:26 -0300] "GET /cormun/servlet/solicitudot?e2de740d2a98a36861388c245dc49ce6842f9a39c43d7444b9dbe6443b391d4db733a3c94cd1c19beca8713f004f1d7b713a7789287b6ca84f123042729391850fb4aff836b45be03646f0d0d1299e712357ac0514de28707012aa3cd85334b60884b4bfa8fc648a254eb62fa1298a7dbbaeed4f6066a0418bddf1bd2bb4ddcf24a79be2b6786cd94f18f53a0068e2d7e9d4e6b3393e566d397ee2ceefeaa8cb1fd568fd2ba8cf994fd691b85b2a157b590022bf1fd7fe6653ef71613cf9081222b311fd31510e0e3d6f6a7f1c8333c984b31a96db46252c4be6b5b27b15246c350d29280233fc61a02214f4ccd60e8d754a615a22aecec1cdb20a7473e9b94332c0c5dae48133912597eaaee274164293644cadf33a0c35811feb78579b5b04a05790243b40f21a2f2c1ae19d9f824ac309ba68713928ac6769a1834c0b9dbecd225367961dc742760aff8aa6408570cc477462cdf952238f4f5cab758ab37a270f8fd9b62fa0b0b075c4aadb7ec0d89ce7e8fd8db619cb73f2d93b9f34b870,gx-no-cache=1492704270966 HTTP/1.1" 200 30
157.55.39.84 - - [20/Apr/2017:13:03:26 -0300] "GET /cormun/servlet/solicitudot?INS,0,0,&_escaped_fragment_= HTTP/1.1" 200 11785
186.9.128.153 - - [20/Apr/2017:13:03:33 -0300] "POST /cormun/servlet/solicitudot?gx-no-cache=1492704278086 HTTP/1.1" 200 30
186.9.128.153 - - [20/Apr/2017:13:03:35 -0300] "GET /cormun/servlet/prcontratosol?10325357,,,,,MD,,gxPopupLevel%3D0%3B HTTP/1.1" 200 5928
192.168.10.13 - - [20/Apr/2017:13:03:41 -0300] "GET / HTTP/1.1" 200 11217
186.9.128.153 - - [20/Apr/2017:13:03:43 -0300] "POST /cormun/servlet/solicitudot?gx-no-cache=1492704288683 HTTP/1.1" 200 1372
186.9.128.153 - - [20/Apr/2017:13:03:43 -0300] "POST /cormun/servlet/solicitudot?gx-no-cache=1492704288847 HTTP/1.1" 200 117
186.9.128.153 - - [20/Apr/2017:13:03:44 -0300] "GET /cormun/servlet/solicitudot?e2de740d2a98a36861388c245dc49ce6083a32c1a67a4c9054a24e4a9a496b2219170e3e5bd06d1c760bdb28f2f216fc7ace60500d02a4afdc3ff2dd16c47a753fe27b70189d7c16fd70ffa9b26b5aa9f242783d947a46577f08d0c71b03669dc5dbeb58526266a81dc88454616191e100b145f283bebba1e8f0619e05332bc88108fec50d8e08a122338c987bcbdb5ea2125a916ca1567f2d9877e30fd7227e,gx-no-cache=1492704288976 HTTP/1.1" 200 29
186.9.128.153 - - [20/Apr/2017:13:03:44 -0300] "GET /cormun/servlet/solicitudot?e2de740d2a98a36861388c245dc49ce648b4c15d5ee70919db3165c96810bfba1775522a82704984a46784811a6baa973c017036976e941d6ffd1a270de8909c029aebb04fec984d0ed7a25228c0227c22c49bb524f193cd54c10f469b4b97a44d9b1b0beaee02d1e6f023142adf42416f0d00bfcdd46630cb2e9595663983548e41fc59cdcf8382d3b73f76bb57ef0b806cc204ec4faa38dc3b8c30e0e764f9,gx-no-cache=1492704289087 HTTP/1.1" 200 57
186.9.128.153 - - [20/Apr/2017:13:03:44 -0300] "GET /cormun/servlet/solicitudot?e2de740d2a98a36861388c245dc49ce6dd4b6a2247020a6c38ca3f10d4ca4ea81775522a82704984a46784811a6baa973c017036976e941d6ffd1a270de8909ce0ec460609d0b61debcfb85444911f5c6957f78626add36976fde7df61cc2d1c8c33241d2c86e4a4ce888deef8809262393cd0adcc72b1ca031b88cb91e50e84,gx-no-cache=1492704289161 HTTP/1.1" 200 57
186.9.128.153 - - [20/Apr/2017:13:03:49 -0300] "GET /cormun/servlet/prfichaempleado?,MD,,gxPopupLevel%3D0%3B HTTP/1.1" 200 8790
186.9.128.153 - - [20/Apr/2017:13:04:00 -0300] "POST /cormun/servlet/prfichaempleado?4f394acf7775b2105c48bd3d6b21d2f5,,MD,,gxPopupLevel%3D0%3B,gx-no-cache=1492704305184 HTTP/1.1" 200 3402
186.9.128.153 - - [20/Apr/2017:13:04:07 -0300] "GET /cormun/servlet/prlicenciaspermisos?17235020,L,,MD,,gxPopupLevel%3D0%3B HTTP/1.1" 200 6344
186.9.128.153 - - [20/Apr/2017:13:04:08 -0300] "GET /cormun/static/gxcfg.js?201741111445743 HTTP/1.1" 200 953
186.9.128.153 - - [20/Apr/2017:13:04:09 -0300] "GET /cormun/static/prlicenciaspermisos.js?201741111445890 HTTP/1.1" 200 13360
192.168.10.13 - - [20/Apr/2017:13:04:41 -0300] "GET / HTTP/1.1" 200 11217
186.9.128.153 - - [20/Apr/2017:13:04:41 -0300] "POST /cormun/servlet/solicitudot?gx-no-cache=1492704346562 HTTP/1.1" 200 1291
186.9.128.153 - - [20/Apr/2017:13:04:44 -0300] "GET /cormun/servlet/prlicenciaspermisos?17235020,L,,MD,,gxPopupLevel%3D0%3B HTTP/1.1" 200 6344
186.9.128.153 - - [20/Apr/2017:13:05:13 -0300] "GET /cormun/servlet/prlicenciaspermisos?17235020,L,,MD,,gxPopupLevel%3D0%3B HTTP/1.1" 200 6344
192.168.10.13 - - [20/Apr/2017:13:05:41 -0300] "GET / HTTP/1.1" 200 11217
186.9.128.153 - - [20/Apr/2017:13:06:00 -0300] "POST /cormun/servlet/solicitudot?gx-no-cache=1492704425678 HTTP/1.1" 200 122
192.168.10.13 - - [20/Apr/2017:13:06:41 -0300] "GET / HTTP/1.1" 200 11217
186.9.128.153 - - [20/Apr/2017:13:06:48 -0300] "GET /cormun/servlet/hlogin HTTP/1.1" 200 1726
186.9.128.153 - - [20/Apr/2017:13:07:05 -0300] "POST /cormun/servlet/hlogin?89b9c21b7103dc1d2608155e020e639c,gx-no-cache=1492704490056 HTTP/1.1" 200 90
186.9.128.153 - - [20/Apr/2017:13:07:05 -0300] "GET /cormun/servlet/hpexe_link HTTP/1.1" 200 952
186.9.128.153 - - [20/Apr/2017:13:07:05 -0300] "GET /cormun/servlet/hhome HTTP/1.1" 200 3971
186.9.128.153 - - [20/Apr/2017:13:07:07 -0300] "GET /cormun/servlet/hhome HTTP/1.1" 200 3967
186.9.128.153 - - [20/Apr/2017:13:07:11 -0300] "GET /cormun/servlet/trsolicitudot? HTTP/1.1" 200 6942
186.9.128.153 - - [20/Apr/2017:13:07:13 -0300] "GET /cormun/servlet/trsolicitudot? HTTP/1.1" 200 6940
186.9.128.153 - - [20/Apr/2017:13:07:17 -0300] "POST /cormun/servlet/trsolicitudot?89b9c21b7103dc1d2608155e020e639c,,gx-no-cache=1492704501905 HTTP/1.1" 200 4143
186.9.128.153 - - [20/Apr/2017:13:07:20 -0300] "GET /cormun/servlet/solicitudot?INS,0,0, HTTP/1.1" 200 12773
186.9.128.153 - - [20/Apr/2017:13:07:22 -0300] "GET /cormun/servlet/solicitudot?INS,0,0, HTTP/1.1" 200 12778
192.168.10.13 - - [20/Apr/2017:13:07:41 -0300] "GET / HTTP/1.1" 200 11217
186.103.159.182 - - [20/Apr/2017:13:08:20 -0300] "GET /cormun/servlet/trpermisosadjuntos?16253381,20170420134454,P, HTTP/1.1" 200 6377
186.103.159.182 - - [20/Apr/2017:13:08:22 -0300] "GET /cormun/servlet/trpermisosadjuntos?16253381,20170420134454,P, HTTP/1.1" 200 6377
186.103.159.182 - - [20/Apr/2017:13:08:24 -0300] "GET /cormun/servlet/permisosadjuntos?INS,16253381,P,20170420134454,, HTTP/1.1" 200 5707
186.103.159.182 - - [20/Apr/2017:13:08:24 -0300] "GET /cormun/static/gxcfg.js?201741111155774 HTTP/1.1" 200 953
186.103.159.182 - - [20/Apr/2017:13:08:25 -0300] "GET /cormun/static/permisosadjuntos.js?201741111155784 HTTP/1.1" 200 8724
186.103.159.182 - - [20/Apr/2017:13:08:25 -0300] "GET /cormun/static/about:blank HTTP/1.1" 404 1011
186.103.159.182 - - [20/Apr/2017:13:08:25 -0300] "GET /cormun/servlet/permisosadjuntos?INS,16253381,P,20170420134454,, HTTP/1.1" 200 5697
186.9.128.153 - - [20/Apr/2017:13:08:31 -0300] "POST /cormun/servlet/solicitudot?gx-no-cache=1492704576578 HTTP/1.1" 200 3191
186.9.128.153 - - [20/Apr/2017:13:08:32 -0300] "POST /cormun/servlet/solicitudot?89b9c21b7103dc1d2608155e020e639c,INS,0,0,,gx-no-cache=1492704576984 HTTP/1.1" 200 9965
192.168.10.13 - - [20/Apr/2017:13:08:41 -0300] "GET / HTTP/1.1" 200 11217
186.9.128.153 - - [20/Apr/2017:13:08:42 -0300] "GET /cormun/servlet/solicitudot?71676326be96e1a27cbd9b733d1944283e7b94820044aad454b79a1173ab3329b290da3941b112735605bb4e9779a84e,gx-no-cache=1492704587640 HTTP/1.1" 200 30
186.9.128.153 - - [20/Apr/2017:13:08:43 -0300] "POST /cormun/servlet/solicitudot?gx-no-cache=1492704587907 HTTP/1.1" 200 240
186.9.128.153 - - [20/Apr/2017:13:08:43 -0300] "GET /cormun/servlet/solicitudot?71676326be96e1a27cbd9b733d194428478b34a156e2a751dfaafe7507a0a64772e0d7c4c54d1081ee7d8d047cbd22b0292cfa1782522722cb77bf4544961073c9676af1a3d4cad36cfb5811bb0cf9c5fc26f3cc331d3e4c8bc27cc1613c9228da706ec70f44cf37a3fa8a5615d0c1844ba697dc8260d78ef8227d0eec46d02e2489183b3e2aeb8a3846cf9300d29c958863cd2413835c31b82c76d0bcf64143ae59561ea6c8c187f0bc52965a5e5268d3ad24ac5b2da0ed4bcf3241526f31ed9bf1f3d4b533610f3c8801a342a70a7df4dc78de8e79606aca0267e31a047da71f2f7e901f1775c743f2089e2e11ed21cd8b0a0ddd665661633e92e28fbcf524c3930624219a2edb0bf3a2f1307a7188a86369b128fe3cc76d8877d0d70d6a6ad886395f5d60c21d79b648834e59fb16641198bd393ce2b436da0ff4ddc46e84e445b6d6b553cf37795fb4eeccc376a10159fd75e871e79f7a483e40deab839b161d271c68302720e8c1f77383978e24936de8045be3e82c7a1a10a9c1a7ebbb,gx-no-cache=1492704588049 HTTP/1.1" 200 30
186.103.159.182 - - [20/Apr/2017:13:08:43 -0300] "POST /cormun/servlet/permisosadjuntos?5ef626123102a46716a3233f0af7da2d,INS,16253381,P,20170420134454,, HTTP/1.1" 200 116
186.103.159.182 - - [20/Apr/2017:13:08:43 -0300] "GET /cormun/servlet/hpexe_return? HTTP/1.1" 200 1037
186.103.159.182 - - [20/Apr/2017:13:08:43 -0300] "GET /cormun/servlet/trpermisosadjuntos?16253381,20170420134454,P, HTTP/1.1" 200 6841
186.103.159.182 - - [20/Apr/2017:13:08:44 -0300] "GET /cormun/servlet/trpermisosadjuntos?16253381,20170420134454,P, HTTP/1.1" 200 6836
186.9.128.153 - - [20/Apr/2017:13:08:45 -0300] "POST /cormun/servlet/solicitudot?gx-no-cache=1492704590354 HTTP/1.1" 200 30
186.103.159.182 - - [20/Apr/2017:13:08:48 -0300] "POST /cormun/servlet/trpermisosadjuntos?5ef626123102a46716a3233f0af7da2d,16253381,20170420134454,P,,gx-no-cache=1492704591936 HTTP/1.1" 200 90
186.103.159.182 - - [20/Apr/2017:13:08:48 -0300] "GET /cormun/servlet/hpexe_link HTTP/1.1" 200 982
186.103.159.182 - - [20/Apr/2017:13:08:49 -0300] "GET /cormun/servlet/trpermisosgoce HTTP/1.1" 200 7687
186.103.159.182 - - [20/Apr/2017:13:08:50 -0300] "GET /cormun/servlet/trpermisosgoce HTTP/1.1" 200 7686
186.9.128.153 - - [20/Apr/2017:13:08:50 -0300] "GET /cormun/servlet/prcontratosol?10325357,,,,,MD,,gxPopupLevel%3D0%3B HTTP/1.1" 200 5927
157.55.39.87 - - [20/Apr/2017:13:08:54 -0300] "GET /cormun/static/RunJS/RunJS.js HTTP/1.1" 200 288
186.103.159.182 - - [20/Apr/2017:13:08:55 -0300] "POST /cormun/servlet/trpermisosgoce?5ef626123102a46716a3233f0af7da2d,gx-no-cache=1492704598126 HTTP/1.1" 200 4186
157.55.39.87 - - [20/Apr/2017:13:08:55 -0300] "GET /cormun/static/calendar.js?85251 HTTP/1.1" 200 26246
186.103.159.182 - - [20/Apr/2017:13:08:55 -0300] "GET /cormun/static/Shared/jqueryui/images/ui-bg_highlight-soft_100_c6c2c8_1x100.png HTTP/1.1" 404 1117
186.103.159.182 - - [20/Apr/2017:13:08:55 -0300] "GET /cormun/static/Shared/jqueryui/images/ui-icons_82798d_256x240.png HTTP/1.1" 404 1089
186.103.159.182 - - [20/Apr/2017:13:08:55 -0300] "GET /cormun/static/Shared/jqueryui/images/ui-bg_flat_55_fafafa_40x100.png HTTP/1.1" 404 1097
186.103.159.182 - - [20/Apr/2017:13:08:55 -0300] "GET /cormun/static/Shared/jqueryui/images/ui-icons_8d78a5_256x240.png HTTP/1.1" 404 1089
157.55.39.87 - - [20/Apr/2017:13:08:55 -0300] "GET /cormun/static/rijndaelSD.js?85251 HTTP/1.1" 200 6763
200.54.247.69 - - [20/Apr/2017:13:08:56 -0300] "GET /cormun/servlet/trlicencias? HTTP/1.1" 200 5993
186.9.128.153 - - [20/Apr/2017:13:08:57 -0300] "POST /cormun/servlet/solicitudot?gx-no-cache=1492704602060 HTTP/1.1" 200 1372
186.9.128.153 - - [20/Apr/2017:13:08:57 -0300] "GET /cormun/static/Shared/jqueryui/images/ui-bg_highlight-soft_100_c6c2c8_1x100.png HTTP/1.1" 404 1117
186.9.128.153 - - [20/Apr/2017:13:08:57 -0300] "GET /cormun/static/Shared/jqueryui/images/ui-icons_82798d_256x240.png HTTP/1.1" 404 1089
186.9.128.153 - - [20/Apr/2017:13:08:57 -0300] "GET /cormun/static/Shared/jqueryui/images/ui-bg_flat_55_994d53_40x100.png HTTP/1.1" 404 1097
186.9.128.153 - - [20/Apr/2017:13:08:57 -0300] "GET /cormun/static/Shared/jqueryui/images/ui-icons_ebccce_256x240.png HTTP/1.1" 404 1089
186.9.128.153 - - [20/Apr/2017:13:08:57 -0300] "POST /cormun/servlet/solicitudot?gx-no-cache=1492704602280 HTTP/1.1" 200 117
186.9.128.153 - - [20/Apr/2017:13:08:57 -0300] "GET /cormun/servlet/solicitudot?71676326be96e1a27cbd9b733d194428d7fa9c6dd78a85f988962fa7f25f37692eb16403bd0f3a92e7825fd442dcf43512a9ba50d68d0af90ae085fe289d002ef9488f918bb617e40f5ddbcf3dfde9230487df1bb1bd8a52f1842a3fa20fee7ca2d4f4670a75cc0def3df296af197c7d45ad4ebcb5b59c3f59150d8414decac9a85823793b232e935412e1524f9184a82ef0c59185e0d03ae00ec9a4fe05343b,gx-no-cache=1492704602377 HTTP/1.1" 200 29
186.9.128.153 - - [20/Apr/2017:13:08:57 -0300] "GET /cormun/servlet/solicitudot?71676326be96e1a27cbd9b733d19442866647e718a99fe6a5af3ac45ae66276e7f516ec7e92d046c41f937011c427c3c6803635c3099d917788daac807b24d346ec05c18e72629d2bafd1a5c4fab08455a9e1bbdf9aa40d18c79c78dc935329285f956305716240640084f3f707bcb5c560112dbbb5f27d433fbe2daa661aaf928652b8db8000e1a73cbd9c3eba275a06932913909b8fe4305e90a7c44978353,gx-no-cache=1492704602461 HTTP/1.1" 200 57
186.9.128.153 - - [20/Apr/2017:13:08:57 -0300] "GET /cormun/servlet/solicitudot?71676326be96e1a27cbd9b733d1944286c3c36798f4946eff8119cc687bba80e7f516ec7e92d046c41f937011c427c3c6803635c3099d917788daac807b24d3427eb4ed480f92083a3eec429f2f0d1b3292ea595d8077d69a9a81d913fd9751f1226cb46e60ef752140e1d6f3ede6991381813f98f90a1d9e0271c369231dd3f,gx-no-cache=1492704602546 HTTP/1.1" 200 57
200.54.247.69 - - [20/Apr/2017:13:08:58 -0300] "GET /cormun/servlet/hlogin HTTP/1.1" 200 1737
200.54.247.69 - - [20/Apr/2017:13:08:58 -0300] "GET /cormun/servlet/trlicencias? HTTP/1.1" 200 5973
157.55.39.86 - - [20/Apr/2017:13:08:59 -0300] "GET /cormun/static/gxapiSD.js?85251 HTTP/1.1" 200 78773
157.55.39.86 - - [20/Apr/2017:13:08:59 -0300] "GET /cormun/static/gxgralSD.js?85251 HTTP/1.1" 200 20927
157.55.39.86 - - [20/Apr/2017:13:08:59 -0300] "GET /cormun/static/gxtypesSD.js?85251 HTTP/1.1" 200 24551
186.103.159.182 - - [20/Apr/2017:13:09:01 -0300] "GET /cormun/servlet/trautorizarpermisogoce? HTTP/1.1" 200 7881
186.103.159.182 - - [20/Apr/2017:13:09:02 -0300] "GET /cormun/servlet/trautorizarpermisogoce? HTTP/1.1" 200 7881
186.9.128.153 - - [20/Apr/2017:13:09:03 -0300] "GET /cormun/servlet/prfichaempleado?,MD,,gxPopupLevel%3D0%3B HTTP/1.1" 200 8789
186.103.159.182 - - [20/Apr/2017:13:09:09 -0300] "POST /cormun/servlet/trautorizarpermisogoce?5ef626123102a46716a3233f0af7da2d,,gx-no-cache=1492704612450 HTTP/1.1" 200 130
186.103.159.182 - - [20/Apr/2017:13:09:09 -0300] "GET /cormun/servlet/licenciaspermisoslog?INS,11067642,P,20170411121300,0,NU, HTTP/1.1" 200 5935
157.55.39.84 - - [20/Apr/2017:13:09:10 -0300] "GET /cormun/static/gxcfg.js?20171191042720 HTTP/1.1" 200 953
157.55.39.84 - - [20/Apr/2017:13:09:10 -0300] "GET /cormun/static/gxfxSD.js?85251 HTTP/1.1" 200 15384
186.103.159.182 - - [20/Apr/2017:13:09:10 -0300] "GET /cormun/servlet/licenciaspermisoslog?INS,11067642,P,20170411121300,0,NU, HTTP/1.1" 200 5935
200.54.247.69 - - [20/Apr/2017:13:09:10 -0300] "POST /cormun/servlet/hlogin?3090a2a0a50b2a822e8e92f6698d566d,gx-no-cache=1492704615335 HTTP/1.1" 200 90
200.54.247.69 - - [20/Apr/2017:13:09:11 -0300] "GET /cormun/servlet/hpexe_link HTTP/1.1" 200 954
200.54.247.69 - - [20/Apr/2017:13:09:11 -0300] "GET /cormun/servlet/trlicencias HTTP/1.1" 200 6714
200.54.247.69 - - [20/Apr/2017:13:09:12 -0300] "GET /cormun/servlet/trlicencias HTTP/1.1" 200 6712
186.9.128.153 - - [20/Apr/2017:13:09:17 -0300] "POST /cormun/servlet/prfichaempleado?89b9c21b7103dc1d2608155e020e639c,,MD,,gxPopupLevel%3D0%3B,gx-no-cache=1492704622194 HTTP/1.1" 200 3402
200.54.247.69 - - [20/Apr/2017:13:09:20 -0300] "GET /cormun/servlet/licenciaspermisos?INS,0,,, HTTP/1.1" 200 7428
200.54.247.69 - - [20/Apr/2017:13:09:20 -0300] "GET /cormun/servlet/licenciaspermisos?INS,0,,, HTTP/1.1" 200 7426
200.54.247.69 - - [20/Apr/2017:13:09:22 -0300] "GET /cormun/servlet/prfichaempleado?,MD,,gxPopupLevel%3D0%3B HTTP/1.1" 200 8869
200.54.247.69 - - [20/Apr/2017:13:09:30 -0300] "POST /cormun/servlet/prfichaempleado?3090a2a0a50b2a822e8e92f6698d566d,,MD,,gxPopupLevel%3D0%3B,gx-no-cache=1492704634535 HTTP/1.1" 200 3402
186.9.128.153 - - [20/Apr/2017:13:09:30 -0300] "GET /cormun/servlet/prlicenciaspermisos?17235020,L,,MD,,gxPopupLevel%3D0%3B HTTP/1.1" 200 6338
200.54.247.69 - - [20/Apr/2017:13:09:38 -0300] "GET /cormun/servlet/licenciaspermisos?acb7dcc3af11d1886b4fd5e295600843b65f05df98d7025ae6bc643f9bc6eeb3be6f4bc35f8b0e5d9f9007b492325d00,gx-no-cache=1492704642628 HTTP/1.1" 200 63
200.54.247.69 - - [20/Apr/2017:13:09:38 -0300] "POST /cormun/servlet/licenciaspermisos?3090a2a0a50b2a822e8e92f6698d566d,INS,0,,,,gx-no-cache=1492704642669 HTTP/1.1" 200 4609
192.168.10.13 - - [20/Apr/2017:13:09:41 -0300] "GET / HTTP/1.1" 200 11217
186.9.128.153 - - [20/Apr/2017:13:09:43 -0300] "POST /cormun/servlet/solicitudot?gx-no-cache=1492704648658 HTTP/1.1" 200 1291
186.103.159.182 - - [20/Apr/2017:13:09:45 -0300] "GET /cormun/servlet/licenciaspermisoslog?a58cd6095b80709ea6d553e18a092c1dad650f36ca150f6e838fdbfbeb563f03482b9b3dc9409c8a1ff67fd8b44254739f59bff39e747b08c921258c101b7cda13a0224d4d3d39778429986c4d4f5043fba138e66b4c205fa740dc716a00df12,gx-no-cache=1492704648763 HTTP/1.1" 200 120
186.103.159.182 - - [20/Apr/2017:13:09:45 -0300] "GET /cormun/static/Shared/jqueryui/images/ui-bg_highlight-soft_100_c6c2c8_1x100.png HTTP/1.1" 404 1117
186.103.159.182 - - [20/Apr/2017:13:09:45 -0300] "GET /cormun/static/Shared/jqueryui/images/ui-icons_82798d_256x240.png HTTP/1.1" 404 1089
186.103.159.182 - - [20/Apr/2017:13:09:45 -0300] "GET /cormun/static/Shared/jqueryui/images/ui-icons_ebccce_256x240.png HTTP/1.1" 404 1089
186.103.159.182 - - [20/Apr/2017:13:09:45 -0300] "GET /cormun/servlet/licenciaspermisoslog?a58cd6095b80709ea6d553e18a092c1dad650f36ca150f6e838fdbfbeb563f03482b9b3dc9409c8a1ff67fd8b44254739f59bff39e747b08c921258c101b7cda13a0224d4d3d39778429986c4d4f5043fba138e66b4c205fa740dc716a00df12,gx-no-cache=1492704648879 HTTP/1.1" 200 120
186.103.159.182 - - [20/Apr/2017:13:09:45 -0300] "GET /cormun/static/Shared/jqueryui/images/ui-bg_flat_55_994d53_40x100.png HTTP/1.1" 404 1097
186.103.159.182 - - [20/Apr/2017:13:09:45 -0300] "POST /cormun/servlet/licenciaspermisoslog?5ef626123102a46716a3233f0af7da2d,INS,11067642,P,20170411121300,0,NU,,gx-no-cache=1492704648985 HTTP/1.1" 200 3752
186.103.159.182 - - [20/Apr/2017:13:09:48 -0300] "POST /cormun/servlet/licenciaspermisoslog?5ef626123102a46716a3233f0af7da2d,INS,11067642,P,20170411121300,0,NU,,gx-no-cache=1492704651418 HTTP/1.1" 200 93
186.103.159.182 - - [20/Apr/2017:13:09:48 -0300] "GET /cormun/servlet/hpexe_return? HTTP/1.1" 200 1046
186.103.159.182 - - [20/Apr/2017:13:09:48 -0300] "GET /cormun/servlet/trautorizarpermisogoce HTTP/1.1" 200 7885
186.103.159.182 - - [20/Apr/2017:13:09:50 -0300] "GET /cormun/servlet/trautorizarpermisogoce HTTP/1.1" 200 7881
186.103.159.182 - - [20/Apr/2017:13:09:55 -0300] "POST /cormun/servlet/trautorizarpermisogoce?5ef626123102a46716a3233f0af7da2d,gx-no-cache=1492704658973 HTTP/1.1" 200 4892
186.103.159.182 - - [20/Apr/2017:13:09:56 -0300] "GET /cormun/static/Shared/jqueryui/images/ui-bg_highlight-soft_100_c6c2c8_1x100.png HTTP/1.1" 404 1117
186.103.159.182 - - [20/Apr/2017:13:09:56 -0300] "GET /cormun/static/Shared/jqueryui/images/ui-icons_82798d_256x240.png HTTP/1.1" 404 1089
186.103.159.182 - - [20/Apr/2017:13:09:56 -0300] "GET /cormun/static/Shared/jqueryui/images/ui-bg_flat_55_fafafa_40x100.png HTTP/1.1" 404 1097
186.103.159.182 - - [20/Apr/2017:13:09:56 -0300] "GET /cormun/static/Shared/jqueryui/images/ui-icons_8d78a5_256x240.png HTTP/1.1" 404 1089
186.9.128.153 - - [20/Apr/2017:13:10:08 -0300] "POST /cormun/servlet/solicitudot?gx-no-cache=1492704672920 HTTP/1.1" 200 41
186.103.159.182 - - [20/Apr/2017:13:10:09 -0300] "GET /cormun/servlet/trinasistencia? HTTP/1.1" 200 7682
186.103.159.182 - - [20/Apr/2017:13:10:10 -0300] "GET /cormun/servlet/trinasistencia? HTTP/1.1" 200 7682
186.9.128.153 - - [20/Apr/2017:13:10:14 -0300] "POST /cormun/servlet/solicitudot?gx-no-cache=1492704679621 HTTP/1.1" 200 1274
186.9.128.153 - - [20/Apr/2017:13:10:14 -0300] "POST /cormun/servlet/solicitudot?gx-no-cache=1492704679748 HTTP/1.1" 200 1157
186.9.128.153 - - [20/Apr/2017:13:10:14 -0300] "GET /cormun/servlet/solicitudot?71676326be96e1a27cbd9b733d1944284b7b3753e447d42f8b308693abd068f6e9c7c0017ea855431ea0d7c1a3f489e9053fdbcdc44855f26fa03ec001906779867d33402ea6d4f369726ac38662656c28652b8db8000e1a73cbd9c3eba275a077fcb8d364e73d2e1fa343e5bb0be067dcda94d73573a9c9f08e26aced0da2ed98c8b6f76f3a154748d0727fa485710de8789c17306561542f21894f0362f9f7152329d0cd8726a4f4ecdf4d308f6580107558cf2c821fd9806985c6a24ce1d5,gx-no-cache=1492704679863 HTTP/1.1" 200 30
186.103.159.182 - - [20/Apr/2017:13:10:16 -0300] "GET /cormun/servlet/trinasistenciaautorizar? HTTP/1.1" 200 7707
186.103.159.182 - - [20/Apr/2017:13:10:16 -0300] "GET /cormun/static/gxcfg.js?201731711562389 HTTP/1.1" 304 -
186.103.159.182 - - [20/Apr/2017:13:10:17 -0300] "GET /cormun/servlet/trinasistenciaautorizar? HTTP/1.1" 200 7707
186.103.159.182 - - [20/Apr/2017:13:10:28 -0300] "GET /cormun/servlet/trpermisosingoceadjunto?71,16162972, HTTP/1.1" 200 6530
186.103.159.182 - - [20/Apr/2017:13:10:29 -0300] "GET /cormun/servlet/trpermisosingoceadjunto?71,16162972, HTTP/1.1" 200 6529
186.103.159.182 - - [20/Apr/2017:13:10:32 -0300] "POST /cormun/servlet/trpermisosingoceadjunto?5ef626123102a46716a3233f0af7da2d,71,16162972,,gx-no-cache=1492704695508 HTTP/1.1" 200 90
186.103.159.182 - - [20/Apr/2017:13:10:32 -0300] "GET /cormun/servlet/hpexe_link HTTP/1.1" 200 987
186.103.159.182 - - [20/Apr/2017:13:10:32 -0300] "GET /cormun/servlet/trinasistenciaautorizar HTTP/1.1" 200 7708
186.103.159.182 - - [20/Apr/2017:13:10:33 -0300] "GET /cormun/servlet/trinasistenciaautorizar HTTP/1.1" 200 7707
186.9.128.153 - - [20/Apr/2017:13:10:36 -0300] "GET /cormun/static/menuarrow.gif HTTP/1.1" 404 1015
192.168.10.13 - - [20/Apr/2017:13:10:41 -0300] "GET / HTTP/1.1" 200 11217
186.103.159.182 - - [20/Apr/2017:13:10:56 -0300] "POST /cormun/servlet/trinasistenciaautorizar?5ef626123102a46716a3233f0af7da2d,gx-no-cache=1492704719454 HTTP/1.1" 200 4778
186.103.159.182 - - [20/Apr/2017:13:10:56 -0300] "GET /cormun/static/Shared/jqueryui/images/ui-bg_highlight-soft_100_c6c2c8_1x100.png HTTP/1.1" 404 1117
186.103.159.182 - - [20/Apr/2017:13:10:56 -0300] "GET /cormun/static/Shared/jqueryui/images/ui-icons_82798d_256x240.png HTTP/1.1" 404 1089
186.103.159.182 - - [20/Apr/2017:13:10:56 -0300] "GET /cormun/static/Shared/jqueryui/images/ui-bg_flat_55_fafafa_40x100.png HTTP/1.1" 404 1097
186.103.159.182 - - [20/Apr/2017:13:10:56 -0300] "GET /cormun/static/Shared/jqueryui/images/ui-icons_8d78a5_256x240.png HTTP/1.1" 404 1089
186.9.128.153 - - [20/Apr/2017:13:11:18 -0300] "POST /cormun/servlet/solicitudot?gx-no-cache=1492704743151 HTTP/1.1" 200 1273
186.9.128.153 - - [20/Apr/2017:13:11:18 -0300] "POST /cormun/servlet/solicitudot?gx-no-cache=1492704743365 HTTP/1.1" 200 1157
186.9.128.153 - - [20/Apr/2017:13:11:18 -0300] "GET /cormun/servlet/solicitudot?71676326be96e1a27cbd9b733d1944284b7b3753e447d42f8b308693abd068f6e9c7c0017ea855431ea0d7c1a3f489e98b41b5a3650bcf5f0e4b20389a1962be867d33402ea6d4f369726ac38662656c28652b8db8000e1a73cbd9c3eba275a077fcb8d364e73d2e1fa343e5bb0be067dcda94d73573a9c9f08e26aced0da2ed98c8b6f76f3a154748d0727fa485710de8789c17306561542f21894f0362f9f7152329d0cd8726a4f4ecdf4d308f6580107558cf2c821fd9806985c6a24ce1d5,gx-no-cache=1492704743497 HTTP/1.1" 200 30
