192.168.10.13 - - [20/Apr/2017:09:30:41 -0300] "GET / HTTP/1.1" 200 11217
200.86.184.230 - - [20/Apr/2017:09:30:59 -0300] "GET /cormun/servlet/trlicencias? HTTP/1.1" 200 6649
200.111.191.210 - - [20/Apr/2017:09:30:59 -0300] "POST /cormun/servlet/hlogin?950196cc2f30b6e1f16868f56a096ce4,gx-no-cache=1492695019547 HTTP/1.1" 440 972
200.86.184.230 - - [20/Apr/2017:09:31:00 -0300] "GET /cormun/servlet/trlicencias? HTTP/1.1" 200 6648
200.111.191.210 - - [20/Apr/2017:09:31:01 -0300] "GET /cormun/servlet/hlogin HTTP/1.1" 200 1731
200.111.191.210 - - [20/Apr/2017:09:31:03 -0300] "POST /cormun/servlet/hlogin?0e52c817bd6c8ff270e7d3c867b854aa,gx-no-cache=1492695024185 HTTP/1.1" 200 443
200.86.184.230 - - [20/Apr/2017:09:31:05 -0300] "GET /cormun/servlet/licenciaspermisos?INS,0,,, HTTP/1.1" 200 7204
200.86.184.230 - - [20/Apr/2017:09:31:05 -0300] "GET /cormun/servlet/licenciaspermisos?INS,0,,, HTTP/1.1" 200 7204
200.111.191.210 - - [20/Apr/2017:09:31:07 -0300] "POST /cormun/servlet/hlogin?0e52c817bd6c8ff270e7d3c867b854aa,gx-no-cache=1492695027542 HTTP/1.1" 200 90
200.111.191.210 - - [20/Apr/2017:09:31:07 -0300] "GET /cormun/servlet/hpexe_link HTTP/1.1" 200 953
200.111.191.210 - - [20/Apr/2017:09:31:07 -0300] "GET /cormun/servlet/hhome HTTP/1.1" 200 3775
200.111.191.210 - - [20/Apr/2017:09:31:07 -0300] "GET /cormun/servlet/hhome HTTP/1.1" 200 3771
200.111.191.210 - - [20/Apr/2017:09:31:11 -0300] "GET /cormun/servlet/trsolicitudot? HTTP/1.1" 200 8062
200.111.191.210 - - [20/Apr/2017:09:31:11 -0300] "GET /cormun/static/gxcfg.js?201731711505139 HTTP/1.1" 304 -
200.111.191.210 - - [20/Apr/2017:09:31:11 -0300] "GET /cormun/servlet/trsolicitudot? HTTP/1.1" 200 8060
200.111.191.210 - - [20/Apr/2017:09:31:15 -0300] "GET /cormun/servlet/solicitudot?INS,0,0, HTTP/1.1" 200 12567
200.111.191.210 - - [20/Apr/2017:09:31:15 -0300] "GET /cormun/static/calendar-system.css?85620 HTTP/1.1" 200 5572
200.111.191.210 - - [20/Apr/2017:09:31:15 -0300] "GET /cormun/static/gxcfg.js?20171191042720 HTTP/1.1" 200 953
200.111.191.210 - - [20/Apr/2017:09:31:15 -0300] "GET /cormun/static/Resources/Spanish/PXTools.css?18365030 HTTP/1.1" 200 89042
200.111.191.210 - - [20/Apr/2017:09:31:15 -0300] "GET /cormun/static/solicitudot.js?2017119104297 HTTP/1.1" 200 63948
200.111.191.210 - - [20/Apr/2017:09:31:15 -0300] "GET /cormun/servlet/solicitudot?INS,0,0, HTTP/1.1" 200 12572
200.111.191.210 - - [20/Apr/2017:09:31:19 -0300] "GET /cormun/servlet/prfichaempleado?,MD,,gxPopupLevel%3D0%3B HTTP/1.1" 200 8788
200.111.191.210 - - [20/Apr/2017:09:31:19 -0300] "GET /cormun/static/gxcfg.js?2017319125415 HTTP/1.1" 304 -
200.111.191.210 - - [20/Apr/2017:09:31:19 -0300] "GET /cormun/static/prfichaempleado.js?20173191254344 HTTP/1.1" 304 -
200.86.184.230 - - [20/Apr/2017:09:31:26 -0300] "GET /cormun/servlet/licenciaspermisos?994b6e257f67f1581a2de20bda481708144f622b7e8aa82c890a31a937feab29fd2a9446777476244ad04615c742d9d9,gx-no-cache=1492692314108 HTTP/1.1" 200 69
200.86.184.230 - - [20/Apr/2017:09:31:27 -0300] "POST /cormun/servlet/licenciaspermisos?f4dc81b7715531d3c85548a3f55fe409,INS,0,,,,gx-no-cache=1492692314300 HTTP/1.1" 200 4425
200.111.191.210 - - [20/Apr/2017:09:31:32 -0300] "POST /cormun/servlet/prfichaempleado?0e52c817bd6c8ff270e7d3c867b854aa,,MD,,gxPopupLevel%3D0%3B,gx-no-cache=1492695052980 HTTP/1.1" 200 3390
200.111.191.210 - - [20/Apr/2017:09:31:35 -0300] "POST /cormun/servlet/solicitudot?gx-no-cache=1492695055825 HTTP/1.1" 200 3189
200.111.191.210 - - [20/Apr/2017:09:31:35 -0300] "POST /cormun/servlet/solicitudot?0e52c817bd6c8ff270e7d3c867b854aa,INS,0,0,,gx-no-cache=1492695056065 HTTP/1.1" 200 9786
200.111.191.210 - - [20/Apr/2017:09:31:35 -0300] "GET /cormun/servlet/solicitudot?2fea1e466efcea32e6d45dcc649a78f0e7c765d44c13a928daad03a93f004cdd96b79ad4477b43f2834872185d866685,gx-no-cache=1492695056304 HTTP/1.1" 200 30
200.111.191.210 - - [20/Apr/2017:09:31:41 -0300] "POST /cormun/servlet/solicitudot?gx-no-cache=1492695061626 HTTP/1.1" 200 297
200.111.191.210 - - [20/Apr/2017:09:31:41 -0300] "GET /cormun/servlet/solicitudot?2fea1e466efcea32e6d45dcc649a78f0d8c7fcf29f75fed8a1af8a55cd8c81a494e8afc40b020c881377ae7b4645b03649f60fd178fac5a085bd63ea8143d11c8a5ab3080e5d0501b21c8a7ff87be4f965b9691da27d088d010f4a283c9c8e652b47a310ced29aeddf4033a0c3a2f491ea2f3406bb489d4bfbae710bc3dff0d973e06bfce6697cf7008ae9a0dc55c0f155938f07b7a587ff2e9a72289bf4f329728d0f04d4c6803a4ae16f86bcc3b64a3f26c18d24be8a4b71b09cc7f4f8516634d30157716aefb48cba24b909764c111652a1d5e35c6a302af70bb59f23cd02f235c40fc0def9917d7812b8e76d333442e1672a4c7d489b65c2dfe1123956515086472560894e3490ff6a5cf9f86f32d9cbc1eb0d30e222ec084cd869cad102667bd285bb70fe8b9a1dcf81329527daf6361387e97faaabf9aed2491fbd8d0724dd19e7930ffdbf3204cd36ed28a56a811b7b4d3d1e2ff36e209654129bc449300a676455e64ba9ca96ba7b7c63093d978b0c21956dda180b8e30a06c84d5d338d575ae9f1804bc10bda029f3bb8470,gx-no-cache=1492695061713 HTTP/1.1" 200 30
192.168.10.13 - - [20/Apr/2017:09:31:41 -0300] "GET / HTTP/1.1" 200 11217
200.111.191.210 - - [20/Apr/2017:09:31:48 -0300] "POST /cormun/servlet/solicitudot?gx-no-cache=1492695068775 HTTP/1.1" 200 30
200.111.191.210 - - [20/Apr/2017:09:31:53 -0300] "POST /cormun/servlet/solicitudot?gx-no-cache=1492695073887 HTTP/1.1" 200 235
200.111.191.210 - - [20/Apr/2017:09:31:53 -0300] "POST /cormun/servlet/solicitudot?gx-no-cache=1492695074139 HTTP/1.1" 200 38
192.168.10.96 - - [20/Apr/2017:09:32:02 -0300] "GET /cormun/servlet/wbconsulta? HTTP/1.1" 200 5182
192.168.10.96 - - [20/Apr/2017:09:32:02 -0300] "GET /cormun/servlet/wbconsulta? HTTP/1.1" 200 5162
200.111.191.210 - - [20/Apr/2017:09:32:05 -0300] "GET /cormun/servlet/solicitudot?2fea1e466efcea32e6d45dcc649a78f007378e2c4ec43f95996d6aa49fef724bd17c1719dfcea325c20ef670a516de61049583695fe59d03796e61bb35ebb07934d685724c4d992258d121008be5e80acab50a1cac3f410ecdb36a0da81b68fbbdd27b8480ab57131d9f9305b445bf26,gx-no-cache=1492695085871 HTTP/1.1" 200 29
200.111.191.210 - - [20/Apr/2017:09:32:05 -0300] "POST /cormun/servlet/solicitudot?gx-no-cache=1492695085936 HTTP/1.1" 200 668
200.111.191.210 - - [20/Apr/2017:09:32:06 -0300] "POST /cormun/servlet/solicitudot?gx-no-cache=1492695087031 HTTP/1.1" 200 1157
192.168.10.96 - - [20/Apr/2017:09:32:17 -0300] "POST /cormun/servlet/wbconsulta?31605288ed983ef2ffb5878f772832ae,,gx-no-cache=1492694808874 HTTP/1.1" 200 103
192.168.10.96 - - [20/Apr/2017:09:32:17 -0300] "GET /cormun/servlet/vevisualizador?2017,6004, HTTP/1.1" 200 8533
192.168.10.96 - - [20/Apr/2017:09:32:17 -0300] "GET /cormun/pexe_scrolldiv.js HTTP/1.1" 404 1009
192.168.10.96 - - [20/Apr/2017:09:32:17 -0300] "GET /cormun/pexe_scrolldiv.js HTTP/1.1" 404 1009
192.168.10.96 - - [20/Apr/2017:09:32:17 -0300] "GET /cormun/servlet/vevisualizador?2017,6004, HTTP/1.1" 200 8532
192.168.10.96 - - [20/Apr/2017:09:32:22 -0300] "GET /cormun/servlet/vevisualizador?2017,6004,,SolicitudOTAdjuntos HTTP/1.1" 200 10368
192.168.10.96 - - [20/Apr/2017:09:32:23 -0300] "GET /cormun/pexe_scrolldiv.js HTTP/1.1" 404 1009
192.168.10.96 - - [20/Apr/2017:09:32:23 -0300] "GET /cormun/pexe_scrolldiv.js HTTP/1.1" 404 1009
192.168.10.96 - - [20/Apr/2017:09:32:23 -0300] "GET /cormun/servlet/vevisualizador?2017,6004,,SolicitudOTAdjuntos HTTP/1.1" 200 10373
192.168.10.96 - - [20/Apr/2017:09:32:24 -0300] "POST /cormun/servlet/acontrolpreferencessavestate?None,DZAMUDIO,true HTTP/1.1" 200 35
192.168.10.96 - - [20/Apr/2017:09:32:25 -0300] "GET /cormun/PublicTempStorage/v._pozo_-_c.i.1732039.pdf HTTP/1.1" 200 257142
192.168.10.96 - - [20/Apr/2017:09:32:29 -0300] "GET /cormun/servlet/vevisualizador?2017,6004,,SolicitudOTAdjuntos HTTP/1.1" 200 10370
192.168.10.96 - - [20/Apr/2017:09:32:30 -0300] "GET /cormun/servlet/vevisualizador?2017,6004,,SolicitudOTAdjuntos HTTP/1.1" 200 10372
192.168.10.96 - - [20/Apr/2017:09:32:31 -0300] "POST /cormun/servlet/acontrolpreferencessavestate?None,DZAMUDIO,true HTTP/1.1" 200 35
192.168.10.96 - - [20/Apr/2017:09:32:31 -0300] "GET /cormun/PublicTempStorage/v._pozo_-_titulo9247078.pdf HTTP/1.1" 200 847794
200.111.191.210 - - [20/Apr/2017:09:32:36 -0300] "GET /cormun/servlet/solicitudot?2fea1e466efcea32e6d45dcc649a78f083463f39abbe6618ebc6e1f54fdd397021ebadc24037b1dd1ff2848d7ddedcbe0c1cdae6b38291d129785d328954701de30729e62725ce7b7301d5fbd971e1279de83781753460c7e0ee1416b48500edf4683cc638b38305c0f15c15717e2fafc7b9ba4c681a802ee238b96438a91125b27f70b9fa563723758c7436967166786bfd9ad00a9a91e4907cdf91dde68702d88775a422a1ab0c350d21c3173ce2e3,gx-no-cache=1492695116516 HTTP/1.1" 200 30
192.168.10.96 - - [20/Apr/2017:09:32:36 -0300] "GET /cormun/servlet/vevisualizador?2017,6004,,SolicitudOTAdjuntos HTTP/1.1" 200 10369
192.168.10.96 - - [20/Apr/2017:09:32:36 -0300] "GET /cormun/servlet/vevisualizador?2017,6004,,SolicitudOTAdjuntos HTTP/1.1" 200 10371
192.168.10.96 - - [20/Apr/2017:09:32:37 -0300] "POST /cormun/servlet/acontrolpreferencessavestate?None,DZAMUDIO,true HTTP/1.1" 200 35
192.168.10.96 - - [20/Apr/2017:09:32:39 -0300] "GET /cormun/PublicTempStorage/v._pozo_-_afp4008608.pdf HTTP/1.1" 200 807055
192.168.10.13 - - [20/Apr/2017:09:32:41 -0300] "GET / HTTP/1.1" 200 11217
192.168.10.96 - - [20/Apr/2017:09:32:43 -0300] "GET /cormun/servlet/vevisualizador?2017,6004,,SolicitudOTAdjuntos HTTP/1.1" 200 10369
192.168.10.96 - - [20/Apr/2017:09:32:44 -0300] "GET /cormun/servlet/vevisualizador?2017,6004,,SolicitudOTAdjuntos HTTP/1.1" 200 10368
192.168.10.96 - - [20/Apr/2017:09:32:45 -0300] "POST /cormun/servlet/acontrolpreferencessavestate?None,DZAMUDIO,true HTTP/1.1" 200 35
192.168.10.96 - - [20/Apr/2017:09:32:46 -0300] "GET /cormun/PublicTempStorage/v._pozo_-_isapre4880769.pdf HTTP/1.1" 200 282674
200.111.191.210 - - [20/Apr/2017:09:32:50 -0300] "POST /cormun/servlet/solicitudot?0e52c817bd6c8ff270e7d3c867b854aa,INS,0,0,,gx-no-cache=1492695130137 HTTP/1.1" 200 93
200.111.191.210 - - [20/Apr/2017:09:32:50 -0300] "GET /cormun/servlet/hpexe_return? HTTP/1.1" 200 1007
200.111.191.210 - - [20/Apr/2017:09:32:50 -0300] "GET /cormun/static/gxcfg.js?2016101716175148 HTTP/1.1" 304 -
200.111.191.210 - - [20/Apr/2017:09:32:50 -0300] "GET /cormun/servlet/trsolicitudot HTTP/1.1" 200 8540
192.168.10.96 - - [20/Apr/2017:09:32:50 -0300] "GET /cormun/servlet/vevisualizador?2017,6004,,SolicitudOTAdjuntos HTTP/1.1" 200 10371
200.111.191.210 - - [20/Apr/2017:09:32:51 -0300] "GET /cormun/servlet/trsolicitudot HTTP/1.1" 200 8535
192.168.10.96 - - [20/Apr/2017:09:32:51 -0300] "GET /cormun/servlet/vevisualizador?2017,6004,,SolicitudOTAdjuntos HTTP/1.1" 200 10371
192.168.10.96 - - [20/Apr/2017:09:32:52 -0300] "POST /cormun/servlet/acontrolpreferencessavestate?None,DZAMUDIO,true HTTP/1.1" 200 35
192.168.10.96 - - [20/Apr/2017:09:32:52 -0300] "GET /cormun/PublicTempStorage/v._pozo_-_cert_ant9720279.pdf HTTP/1.1" 200 515655
192.168.10.96 - - [20/Apr/2017:09:32:56 -0300] "GET /cormun/servlet/vevisualizador?2017,6004,,SolicitudOTAdjuntos HTTP/1.1" 200 10369
192.168.10.96 - - [20/Apr/2017:09:32:57 -0300] "GET /cormun/servlet/vevisualizador?2017,6004,,SolicitudOTAdjuntos HTTP/1.1" 200 10370
192.168.10.96 - - [20/Apr/2017:09:32:58 -0300] "POST /cormun/servlet/acontrolpreferencessavestate?None,DZAMUDIO,true HTTP/1.1" 200 35
192.168.10.96 - - [20/Apr/2017:09:32:58 -0300] "GET /cormun/PublicTempStorage/v._pozo_-_cv9750228.pdf HTTP/1.1" 200 501782
200.111.191.210 - - [20/Apr/2017:09:33:06 -0300] "POST /cormun/servlet/trsolicitudot?0e52c817bd6c8ff270e7d3c867b854aa,gx-no-cache=1492695147192 HTTP/1.1" 200 5317
200.111.191.210 - - [20/Apr/2017:09:33:06 -0300] "GET /cormun/static/Shared/jqueryui/images/ui-bg_highlight-soft_100_c6c2c8_1x100.png HTTP/1.1" 404 1117
200.111.191.210 - - [20/Apr/2017:09:33:06 -0300] "GET /cormun/static/Shared/jqueryui/images/ui-icons_82798d_256x240.png HTTP/1.1" 404 1089
200.111.191.210 - - [20/Apr/2017:09:33:07 -0300] "GET /cormun/static/Shared/jqueryui/images/ui-bg_flat_55_fafafa_40x100.png HTTP/1.1" 404 1097
200.111.191.210 - - [20/Apr/2017:09:33:07 -0300] "GET /cormun/static/Shared/jqueryui/images/ui-icons_8d78a5_256x240.png HTTP/1.1" 404 1089
200.111.191.210 - - [20/Apr/2017:09:33:07 -0300] "POST /cormun/servlet/trsolicitudot?0e52c817bd6c8ff270e7d3c867b854aa,gx-no-cache=1492695147559 HTTP/1.1" 200 5261
200.111.191.210 - - [20/Apr/2017:09:33:09 -0300] "GET /cormun/servlet/solicitudot?INS,0,0, HTTP/1.1" 200 12566
200.111.191.210 - - [20/Apr/2017:09:33:10 -0300] "GET /cormun/servlet/solicitudot?INS,0,0, HTTP/1.1" 200 12571
200.111.191.210 - - [20/Apr/2017:09:33:18 -0300] "GET /cormun/servlet/prfichaempleado?,MD,,gxPopupLevel%3D0%3B HTTP/1.1" 200 8790
200.111.191.210 - - [20/Apr/2017:09:33:28 -0300] "POST /cormun/servlet/prfichaempleado?0e52c817bd6c8ff270e7d3c867b854aa,,MD,,gxPopupLevel%3D0%3B,gx-no-cache=1492695169190 HTTP/1.1" 200 3392
200.111.191.210 - - [20/Apr/2017:09:33:31 -0300] "POST /cormun/servlet/solicitudot?gx-no-cache=1492695171987 HTTP/1.1" 200 3189
200.111.191.210 - - [20/Apr/2017:09:33:31 -0300] "POST /cormun/servlet/solicitudot?0e52c817bd6c8ff270e7d3c867b854aa,INS,0,0,,gx-no-cache=1492695172161 HTTP/1.1" 200 9780
200.111.191.210 - - [20/Apr/2017:09:33:33 -0300] "GET /cormun/servlet/solicitudot?2fea1e466efcea32e6d45dcc649a78f006d5aa7409bd0eeeff748e8325318be196b79ad4477b43f2834872185d866685,gx-no-cache=1492695174129 HTTP/1.1" 200 30
200.111.191.210 - - [20/Apr/2017:09:33:33 -0300] "POST /cormun/servlet/solicitudot?gx-no-cache=1492695174212 HTTP/1.1" 200 297
200.111.191.210 - - [20/Apr/2017:09:33:33 -0300] "GET /cormun/servlet/solicitudot?2fea1e466efcea32e6d45dcc649a78f0d8c7fcf29f75fed8a1af8a55cd8c81a494e8afc40b020c881377ae7b4645b03649f60fd178fac5a085bd63ea8143d11c8a5ab3080e5d0501b21c8a7ff87be4f965b9691da27d088d010f4a283c9c8e652b47a310ced29aeddf4033a0c3a2f491ea2f3406bb489d4bfbae710bc3dff0d973e06bfce6697cf7008ae9a0dc55c0f155938f07b7a587ff2e9a72289bf4f329728d0f04d4c6803a4ae16f86bcc3b64a3f26c18d24be8a4b71b09cc7f4f8516634d30157716aefb48cba24b909764c111652a1d5e35c6a302af70bb59f23cd02f235c40fc0def9917d7812b8e76d333442e1672a4c7d489b65c2dfe1123956515086472560894e3490ff6a5cf9f86f32d9cbc1eb0d30e222ec084cd869cad102667bd285bb70fe8b9a1dcf81329527daf6361387e97faaabf9aed2491fbd8d0724dd19e7930ffdbf3204cd36ed28a56a811b7b4d3d1e2ff36e209654129bc449300a676455e64ba9ca96ba7b7c63093d978b0c21956dda180b8e30a06c84d5d338d575ae9f1804bc10bda029f3bb8470,gx-no-cache=1492695174286 HTTP/1.1" 200 30
200.111.191.210 - - [20/Apr/2017:09:33:35 -0300] "POST /cormun/servlet/solicitudot?gx-no-cache=1492695176115 HTTP/1.1" 200 30
200.111.191.210 - - [20/Apr/2017:09:33:38 -0300] "POST /cormun/servlet/solicitudot?gx-no-cache=1492695178643 HTTP/1.1" 200 235
200.111.191.210 - - [20/Apr/2017:09:33:38 -0300] "POST /cormun/servlet/solicitudot?gx-no-cache=1492695178733 HTTP/1.1" 200 38
192.168.10.13 - - [20/Apr/2017:09:33:41 -0300] "GET / HTTP/1.1" 200 11217
192.168.10.96 - - [20/Apr/2017:09:33:43 -0300] "GET /cormun/servlet/vevisualizador?2017,6004,,SolicitudOTAdjuntos HTTP/1.1" 200 10369
200.111.191.210 - - [20/Apr/2017:09:33:44 -0300] "GET /cormun/servlet/solicitudot?2fea1e466efcea32e6d45dcc649a78f007378e2c4ec43f95996d6aa49fef724bd17c1719dfcea325c20ef670a516de61049583695fe59d03796e61bb35ebb07934d685724c4d992258d121008be5e80acab50a1cac3f410ecdb36a0da81b68fbbdd27b8480ab57131d9f9305b445bf26,gx-no-cache=1492695185375 HTTP/1.1" 200 29
200.111.191.210 - - [20/Apr/2017:09:33:44 -0300] "POST /cormun/servlet/solicitudot?gx-no-cache=1492695185436 HTTP/1.1" 200 668
192.168.10.96 - - [20/Apr/2017:09:33:44 -0300] "GET /cormun/servlet/vevisualizador?2017,6004,,SolicitudOTAdjuntos HTTP/1.1" 200 10371
192.168.10.96 - - [20/Apr/2017:09:33:45 -0300] "POST /cormun/servlet/acontrolpreferencessavestate?None,DZAMUDIO,true HTTP/1.1" 200 35
200.111.191.210 - - [20/Apr/2017:09:33:47 -0300] "POST /cormun/servlet/solicitudot?gx-no-cache=1492695187388 HTTP/1.1" 200 1157
200.111.191.210 - - [20/Apr/2017:09:33:57 -0300] "GET /cormun/servlet/solicitudot?2fea1e466efcea32e6d45dcc649a78f086feaefd4be73078ca0f09db3b4c90b3d6e269732b8e4c0d72d1967864556f660c1cdae6b38291d129785d328954701de30729e62725ce7b7301d5fbd971e1279de83781753460c7e0ee1416b48500edf4683cc638b38305c0f15c15717e2fafc7b9ba4c681a802ee238b96438a91125b27f70b9fa563723758c7436967166786bfd9ad00a9a91e4907cdf91dde68702d88775a422a1ab0c350d21c3173ce2e3,gx-no-cache=1492695197963 HTTP/1.1" 200 30
200.86.184.230 - - [20/Apr/2017:09:34:07 -0300] "GET /cormun/servlet/licenciaspermisos?994b6e257f67f1581a2de20bda481708968affdc41ad8d981dbd3cbe06f28c5dcef33d7e43d538f5486dd4a1d73e46d132bfcb18acc83a9c244ba723c6ca60182c4c6a4b41943f998b76570ac69fdca0bf8793801fad79c6bcffc2e3905ae19a5ab75378221f72a683811e42fc6a2c893b7ad439c9212564526b59076b0b4a9a139dff123a7a90eb5e601618f06e0a640804701c462a58853828df7c9d4236f178dbbc867d9e9b2972607d81a2147821,gx-no-cache=1492692474336 HTTP/1.1" 200 30
200.86.184.230 - - [20/Apr/2017:09:34:07 -0300] "POST /cormun/servlet/licenciaspermisos?f4dc81b7715531d3c85548a3f55fe409,INS,0,,,,gx-no-cache=1492692474571 HTTP/1.1" 200 4530
200.111.191.210 - - [20/Apr/2017:09:34:08 -0300] "POST /cormun/servlet/solicitudot?0e52c817bd6c8ff270e7d3c867b854aa,INS,0,0,,gx-no-cache=1492695207832 HTTP/1.1" 200 93
200.111.191.210 - - [20/Apr/2017:09:34:08 -0300] "GET /cormun/servlet/hpexe_return? HTTP/1.1" 200 1028
200.111.191.210 - - [20/Apr/2017:09:34:08 -0300] "GET /cormun/servlet/trsolicitudot?gx-no-cache=1492695147559 HTTP/1.1" 200 8544
200.111.191.210 - - [20/Apr/2017:09:34:08 -0300] "GET /cormun/servlet/trsolicitudot?gx-no-cache=1492695147559 HTTP/1.1" 200 8562
200.111.191.210 - - [20/Apr/2017:09:34:23 -0300] "POST /cormun/servlet/trsolicitudot?0e52c817bd6c8ff270e7d3c867b854aa,gx-no-cache=1492695147559,gx-no-cache=1492695224168 HTTP/1.1" 200 5318
200.111.191.210 - - [20/Apr/2017:09:34:23 -0300] "GET /cormun/static/Shared/jqueryui/images/ui-bg_highlight-soft_100_c6c2c8_1x100.png HTTP/1.1" 404 1117
200.111.191.210 - - [20/Apr/2017:09:34:23 -0300] "GET /cormun/static/Shared/jqueryui/images/ui-icons_82798d_256x240.png HTTP/1.1" 404 1089
200.111.191.210 - - [20/Apr/2017:09:34:23 -0300] "GET /cormun/static/Shared/jqueryui/images/ui-icons_8d78a5_256x240.png HTTP/1.1" 404 1089
200.111.191.210 - - [20/Apr/2017:09:34:23 -0300] "GET /cormun/static/Shared/jqueryui/images/ui-bg_flat_55_fafafa_40x100.png HTTP/1.1" 404 1097
200.111.191.210 - - [20/Apr/2017:09:34:24 -0300] "POST /cormun/servlet/trsolicitudot?0e52c817bd6c8ff270e7d3c867b854aa,gx-no-cache=1492695147559,gx-no-cache=1492695224476 HTTP/1.1" 200 5261
200.111.191.210 - - [20/Apr/2017:09:34:26 -0300] "GET /cormun/servlet/solicitudot?INS,0,0, HTTP/1.1" 200 12590
200.111.191.210 - - [20/Apr/2017:09:34:27 -0300] "GET /cormun/servlet/solicitudot?INS,0,0, HTTP/1.1" 200 12572
200.111.191.210 - - [20/Apr/2017:09:34:31 -0300] "GET /cormun/servlet/prfichaempleado?,MD,,gxPopupLevel%3D0%3B HTTP/1.1" 200 8790
200.86.184.230 - - [20/Apr/2017:09:34:37 -0300] "GET /cormun/servlet/licenciaspermisos?994b6e257f67f1581a2de20bda4817087ca5067c8fb9ae644c950e3632318bf49fab555dfb44e4e7dc8c80e5643b52948e87c8f5e76c6e303e47100de5f7bc279442fb3eee54d8751bc660d6b6151b9e1ab492e8e6dfcce3c15c086eef8a65d2785c5c7a0e8a19cd51a40e8ee2487a8eb7c231c1034fb43f1a8b09cf56134fde0ac68bca4fc5b9e2a4c550372a1383be27e683f2378446b5c579a1831ff153849bc185717f24d8f09d1d3d4e268df1b7b78f0873414932d8c43055baf96cfd8614a289a116ccfa13cc0b4d196caaddbfd0d1879c4c3fd46792ab6df2f08eabd4bf04d287912010a7ca4e5322e84842ff,gx-no-cache=1492692504684 HTTP/1.1" 200 64
200.111.191.210 - - [20/Apr/2017:09:34:40 -0300] "POST /cormun/servlet/prfichaempleado?0e52c817bd6c8ff270e7d3c867b854aa,,MD,,gxPopupLevel%3D0%3B,gx-no-cache=1492695240954 HTTP/1.1" 200 3388
192.168.10.13 - - [20/Apr/2017:09:34:41 -0300] "GET / HTTP/1.1" 200 11217
200.86.184.230 - - [20/Apr/2017:09:34:41 -0300] "POST /cormun/servlet/licenciaspermisos?f4dc81b7715531d3c85548a3f55fe409,INS,0,,,,gx-no-cache=1492692508502 HTTP/1.1" 200 93
200.86.184.230 - - [20/Apr/2017:09:34:41 -0300] "GET /cormun/servlet/hpexe_return? HTTP/1.1" 200 1013
200.86.184.230 - - [20/Apr/2017:09:34:41 -0300] "GET /cormun/static/Resources/Spanish/PXTools.css?167811 HTTP/1.1" 304 -
200.86.184.230 - - [20/Apr/2017:09:34:41 -0300] "GET /cormun/static/gxcfg.js?2016101716175148 HTTP/1.1" 304 -
200.86.184.230 - - [20/Apr/2017:09:34:42 -0300] "GET /cormun/static/hpexe_return.js?2016101716175153 HTTP/1.1" 304 -
200.86.184.230 - - [20/Apr/2017:09:34:42 -0300] "GET /cormun/servlet/trlicencias HTTP/1.1" 200 7871
200.86.184.230 - - [20/Apr/2017:09:34:43 -0300] "GET /cormun/servlet/trlicencias HTTP/1.1" 200 7867
200.111.191.210 - - [20/Apr/2017:09:34:44 -0300] "POST /cormun/servlet/solicitudot?gx-no-cache=1492695244068 HTTP/1.1" 200 3186
200.111.191.210 - - [20/Apr/2017:09:34:44 -0300] "POST /cormun/servlet/solicitudot?0e52c817bd6c8ff270e7d3c867b854aa,INS,0,0,,gx-no-cache=1492695244764 HTTP/1.1" 200 9802
200.111.191.210 - - [20/Apr/2017:09:34:46 -0300] "GET /cormun/servlet/solicitudot?2fea1e466efcea32e6d45dcc649a78f047eae026aaff1af37c12e8f5a25bfa6996b79ad4477b43f2834872185d866685,gx-no-cache=1492695247516 HTTP/1.1" 200 30
200.111.191.210 - - [20/Apr/2017:09:34:47 -0300] "POST /cormun/servlet/solicitudot?gx-no-cache=1492695247601 HTTP/1.1" 200 297
200.111.191.210 - - [20/Apr/2017:09:34:47 -0300] "GET /cormun/servlet/solicitudot?2fea1e466efcea32e6d45dcc649a78f0d8c7fcf29f75fed8a1af8a55cd8c81a494e8afc40b020c881377ae7b4645b03649f60fd178fac5a085bd63ea8143d11c8a5ab3080e5d0501b21c8a7ff87be4f965b9691da27d088d010f4a283c9c8e652b47a310ced29aeddf4033a0c3a2f491ea2f3406bb489d4bfbae710bc3dff0d973e06bfce6697cf7008ae9a0dc55c0f155938f07b7a587ff2e9a72289bf4f329728d0f04d4c6803a4ae16f86bcc3b64a3f26c18d24be8a4b71b09cc7f4f8516634d30157716aefb48cba24b909764c111652a1d5e35c6a302af70bb59f23cd02f235c40fc0def9917d7812b8e76d333442e1672a4c7d489b65c2dfe1123956515086472560894e3490ff6a5cf9f86f32d9cbc1eb0d30e222ec084cd869cad102667bd285bb70fe8b9a1dcf81329527daf6361387e97faaabf9aed2491fbd8d0724dd19e7930ffdbf3204cd36ed28a56a811b7b4d3d1e2ff36e209654129bc449300a676455e64ba9ca96ba7b7c63093d978b0c21956dda180b8e30a06c84d5d338d575ae9f1804bc10bda029f3bb8470,gx-no-cache=1492695247677 HTTP/1.1" 200 30
200.111.191.210 - - [20/Apr/2017:09:34:56 -0300] "POST /cormun/servlet/solicitudot?gx-no-cache=1492695256692 HTTP/1.1" 200 297
200.111.191.210 - - [20/Apr/2017:09:34:56 -0300] "GET /cormun/servlet/solicitudot?2fea1e466efcea32e6d45dcc649a78f0d8c7fcf29f75fed8a1af8a55cd8c81a494e8afc40b020c881377ae7b4645b03649f60fd178fac5a085bd63ea8143d11c8a5ab3080e5d0501b21c8a7ff87be4f965b9691da27d088d010f4a283c9c8e652b47a310ced29aeddf4033a0c3a2f491ea2f3406bb489d4bfbae710bc3dff0d973e06bfce6697cf7008ae9a0dc55c0f155938f07b7a587ff2e9a72289bf4f329728d0f04d4c6803a4ae16f86bcc3b64a3f26c18d24be8a4b71b09cc7f4f8516634d30157716aefb48cba24b909764c111652a1d5e35c6a302af70bb59f23cd02f235c40fc0def9917d7812b8e76d333442e1672a4c7d489b65c2dfe1123956515086472560894e3490ff6a5cf9f86f32d9cbc1eb0d30e222ec084cd869cad102667bd285bb70fe8b9a1dcf81329527daf6361387e97faaabf9aed2491fbd8d0724dd19e7930ffdbf3204cd36ed28a56a811b7b4d3d1e2ff36e209654129bc449300a676455e64ba9ca96ba7b7c63093dd54384c150f53fa9baa8000cb8d56df938d575ae9f1804bc10bda029f3bb8470,gx-no-cache=1492695256776 HTTP/1.1" 200 30
200.111.191.210 - - [20/Apr/2017:09:35:00 -0300] "POST /cormun/servlet/solicitudot?gx-no-cache=1492695260986 HTTP/1.1" 200 30
200.111.191.210 - - [20/Apr/2017:09:35:01 -0300] "POST /cormun/servlet/solicitudot?gx-no-cache=1492695262163 HTTP/1.1" 200 235
200.111.191.210 - - [20/Apr/2017:09:35:01 -0300] "POST /cormun/servlet/solicitudot?gx-no-cache=1492695262253 HTTP/1.1" 200 38
200.111.191.210 - - [20/Apr/2017:09:35:09 -0300] "GET /cormun/servlet/solicitudot?2fea1e466efcea32e6d45dcc649a78f007378e2c4ec43f95996d6aa49fef724bd17c1719dfcea325c20ef670a516de61049583695fe59d03796e61bb35ebb07934d685724c4d992258d121008be5e80acab50a1cac3f410ecdb36a0da81b68fbbdd27b8480ab57131d9f9305b445bf26,gx-no-cache=1492695270236 HTTP/1.1" 200 29
200.111.191.210 - - [20/Apr/2017:09:35:09 -0300] "POST /cormun/servlet/solicitudot?gx-no-cache=1492695270306 HTTP/1.1" 200 668
200.111.191.210 - - [20/Apr/2017:09:35:10 -0300] "POST /cormun/servlet/solicitudot?gx-no-cache=1492695271306 HTTP/1.1" 200 1157
200.86.184.230 - - [20/Apr/2017:09:35:16 -0300] "GET /cormun/servlet/trlicenciaspermisosadjuntos?12515149,20170420000000,L, HTTP/1.1" 200 6169
200.86.184.230 - - [20/Apr/2017:09:35:16 -0300] "GET /cormun/static/gxcfg.js?20173171154619 HTTP/1.1" 304 -
200.86.184.230 - - [20/Apr/2017:09:35:16 -0300] "GET /cormun/static/trlicenciaspermisosadjuntos.js?20173171154971 HTTP/1.1" 304 -
200.86.184.230 - - [20/Apr/2017:09:35:17 -0300] "GET /cormun/servlet/trlicenciaspermisosadjuntos?12515149,20170420000000,L, HTTP/1.1" 200 6170
200.86.184.230 - - [20/Apr/2017:09:35:20 -0300] "GET /cormun/servlet/licenciaspermisosadjuntos?INS,12515149,L,20170420000000,, HTTP/1.1" 200 5461
200.86.184.230 - - [20/Apr/2017:09:35:20 -0300] "GET /cormun/static/gxcfg.js?201731711421170 HTTP/1.1" 304 -
200.86.184.230 - - [20/Apr/2017:09:35:20 -0300] "GET /cormun/static/licenciaspermisosadjuntos.js?201731711421181 HTTP/1.1" 304 -
200.86.184.230 - - [20/Apr/2017:09:35:21 -0300] "GET /cormun/static/about:blank HTTP/1.1" 404 1011
200.86.184.230 - - [20/Apr/2017:09:35:21 -0300] "GET /cormun/servlet/licenciaspermisosadjuntos?INS,12515149,L,20170420000000,, HTTP/1.1" 200 5450
200.111.191.210 - - [20/Apr/2017:09:35:26 -0300] "GET /cormun/servlet/solicitudot?2fea1e466efcea32e6d45dcc649a78f00be2e2f3b247b71655afa5089527c62718920ad482425688b57178587908f6860c1cdae6b38291d129785d328954701de30729e62725ce7b7301d5fbd971e1279de83781753460c7e0ee1416b48500edf4683cc638b38305c0f15c15717e2fafc7b9ba4c681a802ee238b96438a91125b27f70b9fa563723758c7436967166786bfd9ad00a9a91e4907cdf91dde68702d88775a422a1ab0c350d21c3173ce2e3,gx-no-cache=1492695287162 HTTP/1.1" 200 30
200.111.191.210 - - [20/Apr/2017:09:35:34 -0300] "POST /cormun/servlet/solicitudot?0e52c817bd6c8ff270e7d3c867b854aa,INS,0,0,,gx-no-cache=1492695294402 HTTP/1.1" 200 93
200.111.191.210 - - [20/Apr/2017:09:35:34 -0300] "GET /cormun/servlet/hpexe_return? HTTP/1.1" 200 1028
200.111.191.210 - - [20/Apr/2017:09:35:34 -0300] "GET /cormun/servlet/trsolicitudot?gx-no-cache=1492695147559 HTTP/1.1" 200 8534
200.111.191.210 - - [20/Apr/2017:09:35:34 -0300] "GET /cormun/servlet/trsolicitudot?gx-no-cache=1492695147559 HTTP/1.1" 200 8552
192.168.10.13 - - [20/Apr/2017:09:35:41 -0300] "GET / HTTP/1.1" 200 11217
200.86.184.230 - - [20/Apr/2017:09:35:42 -0300] "POST /cormun/servlet/licenciaspermisosadjuntos?f4dc81b7715531d3c85548a3f55fe409,INS,12515149,L,20170420000000,, HTTP/1.1" 200 116
200.86.184.230 - - [20/Apr/2017:09:35:43 -0300] "GET /cormun/servlet/hpexe_return? HTTP/1.1" 200 1041
200.86.184.230 - - [20/Apr/2017:09:35:43 -0300] "GET /cormun/servlet/trlicenciaspermisosadjuntos?12515149,20170420000000,L, HTTP/1.1" 200 6655
200.86.184.230 - - [20/Apr/2017:09:35:44 -0300] "GET /cormun/servlet/trlicenciaspermisosadjuntos?12515149,20170420000000,L, HTTP/1.1" 200 6651
200.86.184.230 - - [20/Apr/2017:09:35:45 -0300] "GET /cormun/PublicTempStorage/20170418_172814_olga_156458656.jpg HTTP/1.1" 200 1175908
200.86.184.230 - - [20/Apr/2017:09:35:54 -0300] "GET /cormun/servlet/licenciaspermisosadjuntos?INS,12515149,L,20170420000000,, HTTP/1.1" 200 5459
200.86.184.230 - - [20/Apr/2017:09:35:55 -0300] "GET /cormun/servlet/licenciaspermisosadjuntos?INS,12515149,L,20170420000000,, HTTP/1.1" 200 5448
200.86.184.230 - - [20/Apr/2017:09:35:56 -0300] "GET /cormun/servlet/trlicenciaspermisosadjuntos?12515149,20170420000000,L, HTTP/1.1" 200 6650
200.86.184.230 - - [20/Apr/2017:09:35:57 -0300] "GET /cormun/servlet/trlicenciaspermisosadjuntos?12515149,20170420000000,L, HTTP/1.1" 200 6650
200.86.184.230 - - [20/Apr/2017:09:35:57 -0300] "GET /cormun/PublicTempStorage/20170418_172814_olga_159795841.jpg HTTP/1.1" 200 1175908
200.86.184.230 - - [20/Apr/2017:09:35:57 -0300] "GET /cormun/servlet/trlicencias HTTP/1.1" 200 7871
200.86.184.230 - - [20/Apr/2017:09:35:58 -0300] "GET /cormun/servlet/trlicencias HTTP/1.1" 200 7867
200.86.184.230 - - [20/Apr/2017:09:36:05 -0300] "GET /cormun/servlet/alicenciaprn?12515149,L,20170420000000,PU HTTP/1.1" 200 1594
192.168.10.13 - - [20/Apr/2017:09:36:41 -0300] "GET / HTTP/1.1" 200 11217
207.46.13.181 - - [20/Apr/2017:09:36:43 -0300] "GET /cormun/static/PXToolsJavascripts/pexe_layers.js HTTP/1.1" 200 4114
207.46.13.182 - - [20/Apr/2017:09:36:48 -0300] "GET /cormun/servlet/licenciaspermisosadjuntos?INS,14479174,L,20170323000000,, HTTP/1.1" 200 4792
192.168.10.13 - - [20/Apr/2017:09:37:41 -0300] "GET / HTTP/1.1" 200 11217
192.168.10.13 - - [20/Apr/2017:09:38:41 -0300] "GET / HTTP/1.1" 200 11217
46.174.191.29 - - [20/Apr/2017:09:38:47 -0300] "GET / HTTP/1.0" 200 11197
200.86.184.230 - - [20/Apr/2017:09:39:25 -0300] "GET /cormun/servlet/alicenciaprn?12515149,L,20170420000000,PU HTTP/1.1" 200 1591
192.168.10.13 - - [20/Apr/2017:09:39:41 -0300] "GET / HTTP/1.1" 200 11217
207.46.13.180 - - [20/Apr/2017:09:40:26 -0300] "GET /cormunbeta/servlet/trlicencias?_escaped_fragment_= HTTP/1.1" 200 5786
192.168.10.13 - - [20/Apr/2017:09:40:41 -0300] "GET / HTTP/1.1" 200 11217
192.168.10.13 - - [20/Apr/2017:09:41:41 -0300] "GET / HTTP/1.1" 200 11217
200.86.184.230 - - [20/Apr/2017:09:42:10 -0300] "GET /cormun/servlet/alicenciaprn?12515149,L,20170420000000,PU HTTP/1.1" 200 1596
192.168.10.13 - - [20/Apr/2017:09:42:41 -0300] "GET / HTTP/1.1" 200 11217
192.168.10.13 - - [20/Apr/2017:09:43:41 -0300] "GET / HTTP/1.1" 200 11217
192.168.10.13 - - [20/Apr/2017:09:44:41 -0300] "GET / HTTP/1.1" 200 11217
200.111.191.210 - - [20/Apr/2017:09:44:58 -0300] "POST /cormun/servlet/trsolicitudot?0e52c817bd6c8ff270e7d3c867b854aa,gx-no-cache=1492695147559,gx-no-cache=1492695859048 HTTP/1.1" 200 5318
200.111.191.210 - - [20/Apr/2017:09:44:58 -0300] "GET /cormun/static/Shared/jqueryui/images/ui-bg_highlight-soft_100_c6c2c8_1x100.png HTTP/1.1" 404 1117
200.111.191.210 - - [20/Apr/2017:09:44:59 -0300] "GET /cormun/static/Shared/jqueryui/images/ui-icons_82798d_256x240.png HTTP/1.1" 404 1089
200.111.191.210 - - [20/Apr/2017:09:44:59 -0300] "GET /cormun/static/Shared/jqueryui/images/ui-icons_8d78a5_256x240.png HTTP/1.1" 404 1089
200.111.191.210 - - [20/Apr/2017:09:44:59 -0300] "GET /cormun/static/Shared/jqueryui/images/ui-bg_flat_55_fafafa_40x100.png HTTP/1.1" 404 1097
200.111.191.210 - - [20/Apr/2017:09:44:59 -0300] "POST /cormun/servlet/trsolicitudot?0e52c817bd6c8ff270e7d3c867b854aa,gx-no-cache=1492695147559,gx-no-cache=1492695859435 HTTP/1.1" 200 5261
192.168.10.96 - - [20/Apr/2017:09:45:01 -0300] "GET /cormun/servlet/wbconsulta? HTTP/1.1" 200 5180
192.168.10.96 - - [20/Apr/2017:09:45:01 -0300] "GET /cormun/servlet/wbconsulta? HTTP/1.1" 200 5162
200.111.191.210 - - [20/Apr/2017:09:45:02 -0300] "GET /cormun/servlet/solicitudot?INS,0,0, HTTP/1.1" 200 12590
200.111.191.210 - - [20/Apr/2017:09:45:03 -0300] "GET /cormun/servlet/solicitudot?INS,0,0, HTTP/1.1" 200 12573
192.168.10.96 - - [20/Apr/2017:09:45:10 -0300] "POST /cormun/servlet/wbconsulta?31605288ed983ef2ffb5878f772832ae,,gx-no-cache=1492695582229 HTTP/1.1" 200 103
192.168.10.96 - - [20/Apr/2017:09:45:10 -0300] "GET /cormun/servlet/vevisualizador?2017,6005, HTTP/1.1" 200 8545
192.168.10.96 - - [20/Apr/2017:09:45:10 -0300] "GET /cormun/pexe_scrolldiv.js HTTP/1.1" 404 1009
192.168.10.96 - - [20/Apr/2017:09:45:10 -0300] "GET /cormun/pexe_scrolldiv.js HTTP/1.1" 404 1009
192.168.10.96 - - [20/Apr/2017:09:45:11 -0300] "GET /cormun/servlet/vevisualizador?2017,6005, HTTP/1.1" 200 8544
192.168.10.96 - - [20/Apr/2017:09:45:13 -0300] "GET /cormun/servlet/vevisualizador?2017,6005,,SolicitudOTAdjuntos HTTP/1.1" 200 10393
192.168.10.96 - - [20/Apr/2017:09:45:13 -0300] "GET /cormun/pexe_scrolldiv.js HTTP/1.1" 404 1009
192.168.10.96 - - [20/Apr/2017:09:45:13 -0300] "GET /cormun/pexe_scrolldiv.js HTTP/1.1" 404 1009
200.111.191.210 - - [20/Apr/2017:09:45:13 -0300] "POST /cormun/servlet/solicitudot?gx-no-cache=1492695873069 HTTP/1.1" 200 3081
200.111.191.210 - - [20/Apr/2017:09:45:13 -0300] "POST /cormun/servlet/solicitudot?0e52c817bd6c8ff270e7d3c867b854aa,INS,0,0,,gx-no-cache=1492695873811 HTTP/1.1" 200 9699
192.168.10.96 - - [20/Apr/2017:09:45:13 -0300] "GET /cormun/servlet/vevisualizador?2017,6005,,SolicitudOTAdjuntos HTTP/1.1" 200 10396
192.168.10.96 - - [20/Apr/2017:09:45:14 -0300] "POST /cormun/servlet/acontrolpreferencessavestate?None,DZAMUDIO,true HTTP/1.1" 200 35
200.111.191.210 - - [20/Apr/2017:09:45:15 -0300] "GET /cormun/servlet/solicitudot?2fea1e466efcea32e6d45dcc649a78f0d88cbd1c948f6b8eafb920902867e9e496b79ad4477b43f2834872185d866685,gx-no-cache=1492695875915 HTTP/1.1" 200 30
192.168.10.96 - - [20/Apr/2017:09:45:18 -0300] "GET /cormun/PublicTempStorage/y.miranda_-_c.i.6260801.pdf HTTP/1.1" 200 326557
192.168.10.96 - - [20/Apr/2017:09:45:28 -0300] "GET /cormun/servlet/vevisualizador?2017,6005,,SolicitudOTAdjuntos HTTP/1.1" 200 10391
192.168.10.96 - - [20/Apr/2017:09:45:29 -0300] "GET /cormun/servlet/vevisualizador?2017,6005,,SolicitudOTAdjuntos HTTP/1.1" 200 10391
192.168.10.96 - - [20/Apr/2017:09:45:30 -0300] "POST /cormun/servlet/acontrolpreferencessavestate?None,DZAMUDIO,true HTTP/1.1" 200 35
192.168.10.96 - - [20/Apr/2017:09:45:32 -0300] "GET /cormun/PublicTempStorage/y.miranda_-_licencia1548221.pdf HTTP/1.1" 200 796769
192.168.10.96 - - [20/Apr/2017:09:45:36 -0300] "GET /cormun/servlet/vevisualizador?2017,6005,,SolicitudOTAdjuntos HTTP/1.1" 200 10395
192.168.10.96 - - [20/Apr/2017:09:45:37 -0300] "GET /cormun/servlet/vevisualizador?2017,6005,,SolicitudOTAdjuntos HTTP/1.1" 200 10393
192.168.10.96 - - [20/Apr/2017:09:45:38 -0300] "POST /cormun/servlet/acontrolpreferencessavestate?None,DZAMUDIO,true HTTP/1.1" 200 35
192.168.10.96 - - [20/Apr/2017:09:45:38 -0300] "GET /cormun/PublicTempStorage/y.miranda_-_afp_capital2128639.pdf HTTP/1.1" 200 767447
192.168.10.13 - - [20/Apr/2017:09:45:41 -0300] "GET / HTTP/1.1" 200 11217
192.168.10.96 - - [20/Apr/2017:09:45:43 -0300] "GET /cormun/servlet/vevisualizador?2017,6005,,SolicitudOTAdjuntos HTTP/1.1" 200 10394
192.168.10.96 - - [20/Apr/2017:09:45:44 -0300] "GET /cormun/servlet/vevisualizador?2017,6005,,SolicitudOTAdjuntos HTTP/1.1" 200 10394
192.168.10.96 - - [20/Apr/2017:09:45:44 -0300] "POST /cormun/servlet/acontrolpreferencessavestate?None,DZAMUDIO,true HTTP/1.1" 200 35
192.168.10.96 - - [20/Apr/2017:09:45:51 -0300] "GET /cormun/PublicTempStorage/y.miranda_-_fonasa5783760.pdf HTTP/1.1" 200 347209
192.168.10.96 - - [20/Apr/2017:09:45:57 -0300] "GET /cormun/servlet/vevisualizador?2017,6005,,SolicitudOTAdjuntos HTTP/1.1" 200 10392
192.168.10.96 - - [20/Apr/2017:09:45:58 -0300] "GET /cormun/servlet/vevisualizador?2017,6005,,SolicitudOTAdjuntos HTTP/1.1" 200 10396
192.168.10.96 - - [20/Apr/2017:09:45:58 -0300] "POST /cormun/servlet/acontrolpreferencessavestate?None,DZAMUDIO,true HTTP/1.1" 200 35
192.168.10.96 - - [20/Apr/2017:09:45:59 -0300] "GET /cormun/PublicTempStorage/y.miranda_-_cert_ant3259241.pdf HTTP/1.1" 200 511994
192.168.10.96 - - [20/Apr/2017:09:46:04 -0300] "GET /cormun/servlet/vevisualizador?2017,6005,,SolicitudOTAdjuntos HTTP/1.1" 200 10395
192.168.10.96 - - [20/Apr/2017:09:46:04 -0300] "GET /cormun/servlet/vevisualizador?2017,6005,,SolicitudOTAdjuntos HTTP/1.1" 200 10394
192.168.10.96 - - [20/Apr/2017:09:46:05 -0300] "POST /cormun/servlet/acontrolpreferencessavestate?None,DZAMUDIO,true HTTP/1.1" 200 35
192.168.10.96 - - [20/Apr/2017:09:46:05 -0300] "GET /cormun/PublicTempStorage/y.miranda_-__cv3692956.pdf HTTP/1.1" 200 468448
200.111.191.210 - - [20/Apr/2017:09:46:20 -0300] "POST /cormun/servlet/solicitudot?gx-no-cache=1492695941042 HTTP/1.1" 200 297
200.111.191.210 - - [20/Apr/2017:09:46:20 -0300] "GET /cormun/servlet/solicitudot?2fea1e466efcea32e6d45dcc649a78f0d8c7fcf29f75fed8a1af8a55cd8c81a494e8afc40b020c881377ae7b4645b03649f60fd178fac5a085bd63ea8143d11c8a5ab3080e5d0501b21c8a7ff87be4f965b9691da27d088d010f4a283c9c8e652b47a310ced29aeddf4033a0c3a2f491ea2f3406bb489d4bfbae710bc3dff0d973e06bfce6697cf7008ae9a0dc55c0f155938f07b7a587ff2e9a72289bf4f329728d0f04d4c6803a4ae16f86bcc3b64a3f26c18d24be8a4b71b09cc7f4f8516634d30157716aefb48cba24b909764c111652a1d5e35c6a302af70bb59f23cd02f235c40fc0def9917d7812b8e76d333442e1672a4c7d489b65c2dfe1123956515086472560894e3490ff6a5cf9f86f32d9cbc1eb0d30e222ec084cd869cad102667bd285bb70fe8b9a1dcf81329527daf6361387e97faaabf9aed2491fbd8d0724dd19e7930ffdbf3204cd36ed28a56a811b7b4d3d1e2ff36e209654129bc449300a676455e64ba9ca96ba7b7c63093d978b0c21956dda180b8e30a06c84d5d338d575ae9f1804bc10bda029f3bb8470,gx-no-cache=1492695941175 HTTP/1.1" 200 30
200.111.191.210 - - [20/Apr/2017:09:46:26 -0300] "POST /cormun/servlet/solicitudot?gx-no-cache=1492695947222 HTTP/1.1" 200 30
200.111.191.210 - - [20/Apr/2017:09:46:27 -0300] "POST /cormun/servlet/solicitudot?gx-no-cache=1492695948482 HTTP/1.1" 200 235
200.111.191.210 - - [20/Apr/2017:09:46:28 -0300] "POST /cormun/servlet/solicitudot?gx-no-cache=1492695948597 HTTP/1.1" 200 38
192.168.10.13 - - [20/Apr/2017:09:46:41 -0300] "GET / HTTP/1.1" 200 11217
200.111.191.210 - - [20/Apr/2017:09:47:05 -0300] "GET /cormun/servlet/solicitudot?2fea1e466efcea32e6d45dcc649a78f007378e2c4ec43f95996d6aa49fef724bd17c1719dfcea325c20ef670a516de61049583695fe59d03796e61bb35ebb07934d685724c4d992258d121008be5e80acab50a1cac3f410ecdb36a0da81b68fbbdd27b8480ab57131d9f9305b445bf26,gx-no-cache=1492695986335 HTTP/1.1" 200 29
200.111.191.210 - - [20/Apr/2017:09:47:05 -0300] "POST /cormun/servlet/solicitudot?gx-no-cache=1492695986431 HTTP/1.1" 200 668
200.111.191.210 - - [20/Apr/2017:09:47:07 -0300] "POST /cormun/servlet/solicitudot?gx-no-cache=1492695988341 HTTP/1.1" 200 1157
200.111.191.210 - - [20/Apr/2017:09:47:19 -0300] "GET /cormun/servlet/solicitudot?2fea1e466efcea32e6d45dcc649a78f0006c1c013b242217b51c698cd5430d8d427b99f008258caa231005ab07e04d590c1cdae6b38291d129785d328954701de30729e62725ce7b7301d5fbd971e1279de83781753460c7e0ee1416b48500edf4683cc638b38305c0f15c15717e2fafc7b9ba4c681a802ee238b96438a91125b27f70b9fa563723758c7436967166786bfd9ad00a9a91e4907cdf91dde68702d88775a422a1ab0c350d21c3173ce2e3,gx-no-cache=1492696000076 HTTP/1.1" 200 30
200.111.191.210 - - [20/Apr/2017:09:47:32 -0300] "POST /cormun/servlet/solicitudot?0e52c817bd6c8ff270e7d3c867b854aa,INS,0,0,,gx-no-cache=1492696013062 HTTP/1.1" 200 93
200.111.191.210 - - [20/Apr/2017:09:47:32 -0300] "GET /cormun/servlet/hpexe_return? HTTP/1.1" 200 1028
200.111.191.210 - - [20/Apr/2017:09:47:33 -0300] "GET /cormun/servlet/trsolicitudot?gx-no-cache=1492695147559 HTTP/1.1" 200 8536
200.111.191.210 - - [20/Apr/2017:09:47:33 -0300] "GET /cormun/servlet/trsolicitudot?gx-no-cache=1492695147559 HTTP/1.1" 200 8554
200.111.191.210 - - [20/Apr/2017:09:47:36 -0300] "POST /cormun/servlet/trsolicitudot?0e52c817bd6c8ff270e7d3c867b854aa,gx-no-cache=1492695147559,gx-no-cache=1492696016858 HTTP/1.1" 200 106
200.111.191.210 - - [20/Apr/2017:09:47:36 -0300] "GET /cormun/servlet/trsolicitudadjuntos?2017,6140, HTTP/1.1" 200 5897
200.111.191.210 - - [20/Apr/2017:09:47:36 -0300] "GET /cormun/static/gxcfg.js?201731711504543 HTTP/1.1" 200 953
200.111.191.210 - - [20/Apr/2017:09:47:36 -0300] "GET /cormun/static/trsolicitudadjuntos.js?201731711504951 HTTP/1.1" 200 17913
200.111.191.210 - - [20/Apr/2017:09:47:36 -0300] "GET /cormun/servlet/trsolicitudadjuntos?2017,6140, HTTP/1.1" 200 5875
200.111.191.210 - - [20/Apr/2017:09:47:38 -0300] "GET /cormun/servlet/solicitudotadjuntos?INS,2017,6140,,1, HTTP/1.1" 200 5811
200.111.191.210 - - [20/Apr/2017:09:47:38 -0300] "GET /cormun/static/gxcfg.js?201612218465951 HTTP/1.1" 200 953
200.111.191.210 - - [20/Apr/2017:09:47:38 -0300] "GET /cormun/static/solicitudotadjuntos.js?201612218465969 HTTP/1.1" 200 11762
200.111.191.210 - - [20/Apr/2017:09:47:38 -0300] "GET /cormun/static/about:blank HTTP/1.1" 404 1011
200.111.191.210 - - [20/Apr/2017:09:47:39 -0300] "GET /cormun/servlet/solicitudotadjuntos?INS,2017,6140,,1, HTTP/1.1" 200 5805
200.111.191.210 - - [20/Apr/2017:09:47:39 -0300] "GET /cormun/servlet/solicitudotadjuntos?2fea1e466efcea32e6d45dcc649a78f0758364310b9d892f16c6c60d1f97b4ecf4b929a2a1a4f68c944dcc5983d2d761,gx-no-cache=1492696019958 HTTP/1.1" 200 30
200.111.191.210 - - [20/Apr/2017:09:47:39 -0300] "POST /cormun/servlet/solicitudotadjuntos?0e52c817bd6c8ff270e7d3c867b854aa,INS,2017,6140,,1,,gx-no-cache=1492696020018 HTTP/1.1" 200 3635
200.111.191.210 - - [20/Apr/2017:09:47:40 -0300] "POST /cormun/servlet/solicitudotadjuntos?gx-no-cache=1492696021452 HTTP/1.1" 200 26
192.168.10.13 - - [20/Apr/2017:09:47:41 -0300] "GET / HTTP/1.1" 200 11217
201.214.54.252 - - [20/Apr/2017:09:47:45 -0300] "GET /cormun/servlet/hlogin HTTP/1.1" 200 1719
201.214.54.252 - - [20/Apr/2017:09:47:45 -0300] "GET /cormun/static/gxtimezone.js?85251 HTTP/1.1" 200 5781
201.214.54.252 - - [20/Apr/2017:09:47:46 -0300] "GET /cormun/static/gxcfg.js?201741110203197 HTTP/1.1" 200 953
201.214.54.252 - - [20/Apr/2017:09:47:46 -0300] "GET /cormun/static/hlogin.js?201741110203211 HTTP/1.1" 200 2136
201.214.54.252 - - [20/Apr/2017:09:47:46 -0300] "GET /cormun/static/Resources/ComunLogin.png HTTP/1.1" 200 17326
201.214.54.252 - - [20/Apr/2017:09:47:46 -0300] "GET /cormun/static/gxgral.js?85251 HTTP/1.1" 200 40960
201.214.54.252 - - [20/Apr/2017:09:47:46 -0300] "GET /cormun/static/messages.spa.js?85251 HTTP/1.1" 200 30736
201.214.54.252 - - [20/Apr/2017:09:47:46 -0300] "GET /cormun/static/Resources/Spanish/PXTools.css?11294912 HTTP/1.1" 200 89042
201.214.54.252 - - [20/Apr/2017:09:47:47 -0300] "GET /cormun/static/Resources/indicator.gif HTTP/1.1" 200 1553
201.214.54.252 - - [20/Apr/2017:09:47:47 -0300] "GET /cormun/servlet/hlogin HTTP/1.1" 200 1732
201.214.54.252 - - [20/Apr/2017:09:47:47 -0300] "GET /cormun/static/Resources/PXToolsLoginBackground.png HTTP/1.1" 200 1164
201.214.54.252 - - [20/Apr/2017:09:47:47 -0300] "GET /favicon.ico HTTP/1.1" 200 21630
201.214.54.252 - - [20/Apr/2017:09:47:47 -0300] "GET /cormun/static/Resources/PXToolsButtonLeft21.png HTTP/1.1" 200 1287
201.214.54.252 - - [20/Apr/2017:09:47:47 -0300] "GET /cormun/static/Resources/PXToolsButtonRight21.png HTTP/1.1" 200 1283
201.214.54.252 - - [20/Apr/2017:09:47:47 -0300] "GET /cormun/static/Resources/PXToolsButtonBackground2.png HTTP/1.1" 200 1181
201.214.54.252 - - [20/Apr/2017:09:47:47 -0300] "GET /cormun/static/Resources/PXToolsLoginTop.png HTTP/1.1" 200 1337
201.214.54.252 - - [20/Apr/2017:09:47:47 -0300] "GET /cormun/static/Resources/PXToolsLoginBottom.png HTTP/1.1" 200 1389
201.214.54.252 - - [20/Apr/2017:09:47:47 -0300] "GET /cormun/static/Resources/PXToolsButtonRight21.png HTTP/1.1" 200 1283
201.214.54.252 - - [20/Apr/2017:09:47:47 -0300] "GET /cormun/static/Resources/PXToolsLoginBottom.png HTTP/1.1" 200 1389
201.214.54.252 - - [20/Apr/2017:09:47:47 -0300] "GET /cormun/static/Resources/PXToolsButtonBackground2.png HTTP/1.1" 200 1181
201.214.54.252 - - [20/Apr/2017:09:47:47 -0300] "GET /cormun/static/Resources/PXToolsButtonLeft21.png HTTP/1.1" 200 1287
201.214.54.252 - - [20/Apr/2017:09:47:47 -0300] "GET /cormun/static/Resources/PXToolsLoginTop.png HTTP/1.1" 200 1337
200.54.247.69 - - [20/Apr/2017:09:47:48 -0300] "GET /cormun/servlet/hlogin HTTP/1.1" 200 1724
200.54.247.69 - - [20/Apr/2017:09:47:48 -0300] "GET /cormun/static/gxcfg.js?201741110203197 HTTP/1.1" 304 -
200.54.247.69 - - [20/Apr/2017:09:47:48 -0300] "GET /cormun/static/messages.spa.js?85251 HTTP/1.1" 304 -
200.54.247.69 - - [20/Apr/2017:09:47:48 -0300] "GET /cormun/static/hlogin.js?201741110203211 HTTP/1.1" 304 -
200.54.247.69 - - [20/Apr/2017:09:47:49 -0300] "GET /cormun/servlet/hlogin HTTP/1.1" 200 1730
200.111.191.210 - - [20/Apr/2017:09:48:18 -0300] "GET /cormun/servlet/solicitudotadjuntos?2fea1e466efcea32e6d45dcc649a78f0f803e69ac89ff74f8ed6650aa6fc29b2,gx-no-cache=1492696059177 HTTP/1.1" 200 30
200.111.191.210 - - [20/Apr/2017:09:48:18 -0300] "GET /cormun/servlet/solicitudotadjuntos?2fea1e466efcea32e6d45dcc649a78f0f803e69ac89ff74f8ed6650aa6fc29b2,gx-no-cache=1492696059282 HTTP/1.1" 200 30
200.111.191.210 - - [20/Apr/2017:09:48:20 -0300] "POST /cormun/servlet/solicitudotadjuntos?0e52c817bd6c8ff270e7d3c867b854aa,INS,2017,6140,,1, HTTP/1.1" 200 116
200.111.191.210 - - [20/Apr/2017:09:48:20 -0300] "GET /cormun/servlet/hpexe_return? HTTP/1.1" 200 1025
200.111.191.210 - - [20/Apr/2017:09:48:20 -0300] "GET /cormun/servlet/trsolicitudadjuntos?2017,6140, HTTP/1.1" 200 8017
200.111.191.210 - - [20/Apr/2017:09:48:21 -0300] "GET /cormun/servlet/trsolicitudadjuntos?2017,6140, HTTP/1.1" 200 8013
200.111.191.210 - - [20/Apr/2017:09:48:22 -0300] "GET /cormun/servlet/solicitudotadjuntos?INS,2017,6140,,1, HTTP/1.1" 200 5811
200.111.191.210 - - [20/Apr/2017:09:48:23 -0300] "GET /cormun/static/about:blank HTTP/1.1" 404 1011
200.111.191.210 - - [20/Apr/2017:09:48:23 -0300] "GET /cormun/servlet/solicitudotadjuntos?INS,2017,6140,,1, HTTP/1.1" 200 5805
200.111.191.210 - - [20/Apr/2017:09:48:23 -0300] "GET /cormun/servlet/solicitudotadjuntos?2fea1e466efcea32e6d45dcc649a78f0758364310b9d892f16c6c60d1f97b4ecf4b929a2a1a4f68c944dcc5983d2d761,gx-no-cache=1492696064335 HTTP/1.1" 200 30
200.111.191.210 - - [20/Apr/2017:09:48:23 -0300] "POST /cormun/servlet/solicitudotadjuntos?0e52c817bd6c8ff270e7d3c867b854aa,INS,2017,6140,,1,,gx-no-cache=1492696064408 HTTP/1.1" 200 3635
200.111.191.210 - - [20/Apr/2017:09:48:26 -0300] "POST /cormun/servlet/solicitudotadjuntos?gx-no-cache=1492696066636 HTTP/1.1" 200 26
200.111.191.210 - - [20/Apr/2017:09:48:31 -0300] "GET /cormun/servlet/solicitudotadjuntos?2fea1e466efcea32e6d45dcc649a78f0f803e69ac89ff74f8ed6650aa6fc29b2,gx-no-cache=1492696072205 HTTP/1.1" 200 30
200.111.191.210 - - [20/Apr/2017:09:48:31 -0300] "GET /cormun/servlet/solicitudotadjuntos?2fea1e466efcea32e6d45dcc649a78f0f803e69ac89ff74f8ed6650aa6fc29b2,gx-no-cache=1492696072271 HTTP/1.1" 200 30
200.111.191.210 - - [20/Apr/2017:09:48:38 -0300] "POST /cormun/servlet/solicitudotadjuntos?0e52c817bd6c8ff270e7d3c867b854aa,INS,2017,6140,,1, HTTP/1.1" 200 116
200.111.191.210 - - [20/Apr/2017:09:48:38 -0300] "GET /cormun/servlet/hpexe_return? HTTP/1.1" 200 1025
200.111.191.210 - - [20/Apr/2017:09:48:38 -0300] "GET /cormun/servlet/trsolicitudadjuntos?2017,6140, HTTP/1.1" 200 8231
200.111.191.210 - - [20/Apr/2017:09:48:39 -0300] "GET /cormun/servlet/trsolicitudadjuntos?2017,6140, HTTP/1.1" 200 8229
192.168.10.13 - - [20/Apr/2017:09:48:41 -0300] "GET / HTTP/1.1" 200 11217
200.111.191.210 - - [20/Apr/2017:09:48:43 -0300] "GET /cormun/servlet/solicitudotadjuntos?INS,2017,6140,,1, HTTP/1.1" 200 5811
200.111.191.210 - - [20/Apr/2017:09:48:43 -0300] "GET /cormun/static/about:blank HTTP/1.1" 404 1011
200.111.191.210 - - [20/Apr/2017:09:48:43 -0300] "GET /cormun/servlet/solicitudotadjuntos?INS,2017,6140,,1, HTTP/1.1" 200 5805
200.111.191.210 - - [20/Apr/2017:09:48:43 -0300] "GET /cormun/servlet/solicitudotadjuntos?2fea1e466efcea32e6d45dcc649a78f0758364310b9d892f16c6c60d1f97b4ecf4b929a2a1a4f68c944dcc5983d2d761,gx-no-cache=1492696084514 HTTP/1.1" 200 30
200.111.191.210 - - [20/Apr/2017:09:48:44 -0300] "POST /cormun/servlet/solicitudotadjuntos?0e52c817bd6c8ff270e7d3c867b854aa,INS,2017,6140,,1,,gx-no-cache=1492696084584 HTTP/1.1" 200 3635
200.111.191.210 - - [20/Apr/2017:09:48:46 -0300] "POST /cormun/servlet/solicitudotadjuntos?gx-no-cache=1492696086756 HTTP/1.1" 200 26
200.111.191.210 - - [20/Apr/2017:09:48:51 -0300] "GET /cormun/servlet/solicitudotadjuntos?2fea1e466efcea32e6d45dcc649a78f0f803e69ac89ff74f8ed6650aa6fc29b2,gx-no-cache=1492696092061 HTTP/1.1" 200 30
200.111.191.210 - - [20/Apr/2017:09:48:51 -0300] "GET /cormun/servlet/solicitudotadjuntos?2fea1e466efcea32e6d45dcc649a78f0f803e69ac89ff74f8ed6650aa6fc29b2,gx-no-cache=1492696092102 HTTP/1.1" 200 30
200.111.191.210 - - [20/Apr/2017:09:48:52 -0300] "POST /cormun/servlet/solicitudotadjuntos?0e52c817bd6c8ff270e7d3c867b854aa,INS,2017,6140,,1, HTTP/1.1" 200 116
200.111.191.210 - - [20/Apr/2017:09:48:53 -0300] "GET /cormun/servlet/hpexe_return? HTTP/1.1" 200 1025
200.111.191.210 - - [20/Apr/2017:09:48:53 -0300] "GET /cormun/servlet/trsolicitudadjuntos?2017,6140, HTTP/1.1" 200 8379
200.111.191.210 - - [20/Apr/2017:09:48:54 -0300] "GET /cormun/servlet/trsolicitudadjuntos?2017,6140, HTTP/1.1" 200 8378
200.111.191.210 - - [20/Apr/2017:09:48:55 -0300] "GET /cormun/servlet/solicitudotadjuntos?INS,2017,6140,,1, HTTP/1.1" 200 5811
200.111.191.210 - - [20/Apr/2017:09:48:55 -0300] "GET /cormun/static/about:blank HTTP/1.1" 404 1011
200.111.191.210 - - [20/Apr/2017:09:48:55 -0300] "GET /cormun/servlet/solicitudotadjuntos?INS,2017,6140,,1, HTTP/1.1" 200 5805
200.111.191.210 - - [20/Apr/2017:09:48:56 -0300] "GET /cormun/servlet/solicitudotadjuntos?2fea1e466efcea32e6d45dcc649a78f0758364310b9d892f16c6c60d1f97b4ecf4b929a2a1a4f68c944dcc5983d2d761,gx-no-cache=1492696096966 HTTP/1.1" 200 30
200.111.191.210 - - [20/Apr/2017:09:48:56 -0300] "POST /cormun/servlet/solicitudotadjuntos?0e52c817bd6c8ff270e7d3c867b854aa,INS,2017,6140,,1,,gx-no-cache=1492696097059 HTTP/1.1" 200 3635
200.111.191.210 - - [20/Apr/2017:09:48:58 -0300] "POST /cormun/servlet/solicitudotadjuntos?gx-no-cache=1492696099416 HTTP/1.1" 200 26
200.111.191.210 - - [20/Apr/2017:09:49:03 -0300] "GET /cormun/servlet/solicitudotadjuntos?2fea1e466efcea32e6d45dcc649a78f0f803e69ac89ff74f8ed6650aa6fc29b2,gx-no-cache=1492696104409 HTTP/1.1" 200 30
200.111.191.210 - - [20/Apr/2017:09:49:04 -0300] "GET /cormun/servlet/solicitudotadjuntos?2fea1e466efcea32e6d45dcc649a78f0f803e69ac89ff74f8ed6650aa6fc29b2,gx-no-cache=1492696104730 HTTP/1.1" 200 30
200.111.191.210 - - [20/Apr/2017:09:49:05 -0300] "POST /cormun/servlet/solicitudotadjuntos?0e52c817bd6c8ff270e7d3c867b854aa,INS,2017,6140,,1, HTTP/1.1" 200 116
200.111.191.210 - - [20/Apr/2017:09:49:05 -0300] "GET /cormun/servlet/hpexe_return? HTTP/1.1" 200 1025
200.111.191.210 - - [20/Apr/2017:09:49:06 -0300] "GET /cormun/servlet/trsolicitudadjuntos?2017,6140, HTTP/1.1" 200 8513
200.111.191.210 - - [20/Apr/2017:09:49:07 -0300] "GET /cormun/servlet/trsolicitudadjuntos?2017,6140, HTTP/1.1" 200 8512
200.111.191.210 - - [20/Apr/2017:09:49:08 -0300] "GET /cormun/servlet/solicitudotadjuntos?INS,2017,6140,,1, HTTP/1.1" 200 5811
200.111.191.210 - - [20/Apr/2017:09:49:09 -0300] "GET /cormun/static/about:blank HTTP/1.1" 404 1011
