200.111.191.210 - - [20/Apr/2017:09:49:09 -0300] "GET /cormun/servlet/solicitudotadjuntos?INS,2017,6140,,1, HTTP/1.1" 200 5805
200.111.191.210 - - [20/Apr/2017:09:49:09 -0300] "GET /cormun/servlet/solicitudotadjuntos?2fea1e466efcea32e6d45dcc649a78f0758364310b9d892f16c6c60d1f97b4ecf4b929a2a1a4f68c944dcc5983d2d761,gx-no-cache=1492696110150 HTTP/1.1" 200 30
200.111.191.210 - - [20/Apr/2017:09:49:09 -0300] "POST /cormun/servlet/solicitudotadjuntos?0e52c817bd6c8ff270e7d3c867b854aa,INS,2017,6140,,1,,gx-no-cache=1492696110203 HTTP/1.1" 200 3635
200.111.191.210 - - [20/Apr/2017:09:49:11 -0300] "POST /cormun/servlet/solicitudotadjuntos?gx-no-cache=1492696112251 HTTP/1.1" 200 26
201.214.54.252 - - [20/Apr/2017:09:49:15 -0300] "POST /cormun/servlet/hlogin?2c4375b9816126fe904ba2b0ecf14c99,gx-no-cache=1492692618842 HTTP/1.1" 200 90
201.214.54.252 - - [20/Apr/2017:09:49:15 -0300] "GET /cormun/servlet/hpexe_link HTTP/1.1" 200 951
201.214.54.252 - - [20/Apr/2017:09:49:16 -0300] "GET /cormun/static/gxcfg.js?201731711483381 HTTP/1.1" 200 953
201.214.54.252 - - [20/Apr/2017:09:49:16 -0300] "GET /cormun/static/hpexe_link.js?201731711483384 HTTP/1.1" 200 625
201.214.54.252 - - [20/Apr/2017:09:49:16 -0300] "GET /cormun/servlet/hhome HTTP/1.1" 200 3955
201.214.54.252 - - [20/Apr/2017:09:49:16 -0300] "GET /cormun/static/Shared/jqueryui/jquery-ui.min.css?1245370 HTTP/1.1" 200 30288
201.214.54.252 - - [20/Apr/2017:09:49:16 -0300] "GET /cormun/static/gxcfg.js?201731711483497 HTTP/1.1" 200 953
201.214.54.252 - - [20/Apr/2017:09:49:16 -0300] "GET /cormun/static/SmoothNavMenu/resources/ddsmoothmenu.css?1012540 HTTP/1.1" 200 2223
201.214.54.252 - - [20/Apr/2017:09:49:16 -0300] "GET /cormun/static/SmoothNavMenu/resources/ddsmoothmenu-v.css?1012540 HTTP/1.1" 200 1188
201.214.54.252 - - [20/Apr/2017:09:49:16 -0300] "GET /cormun/static/scaMessage/css/jquery.pnotify.default.css?1716380 HTTP/1.1" 200 1707
201.214.54.252 - - [20/Apr/2017:09:49:16 -0300] "GET /cormun/static/PXToolsJavascripts/pexe_cookies.js HTTP/1.1" 200 792
201.214.54.252 - - [20/Apr/2017:09:49:16 -0300] "GET /cormun/static/PXToolsJavascripts/pexe_autoreload.js HTTP/1.1" 200 1762
201.214.54.252 - - [20/Apr/2017:09:49:16 -0300] "GET /cormun/static/PXToolsJavascripts/pexe_windows.js HTTP/1.1" 200 15207
201.214.54.252 - - [20/Apr/2017:09:49:16 -0300] "GET /cormun/static/PXToolsJavascripts/pexe_grid.js HTTP/1.1" 200 7559
201.214.54.252 - - [20/Apr/2017:09:49:16 -0300] "GET /cormun/static/PXToolsJavascripts/pexe_griddivfix.js HTTP/1.1" 200 6644
201.214.54.252 - - [20/Apr/2017:09:49:16 -0300] "GET /cormun/static/PXToolsJavascripts/pexe_link.js HTTP/1.1" 200 5671
201.214.54.252 - - [20/Apr/2017:09:49:16 -0300] "GET /cormun/static/PXToolsJavascripts/pexe_menudivfix.js HTTP/1.1" 200 333
201.214.54.252 - - [20/Apr/2017:09:49:16 -0300] "GET /cormun/static/PXToolsJavascripts/pexe_menus.js HTTP/1.1" 200 1286
201.214.54.252 - - [20/Apr/2017:09:49:16 -0300] "GET /cormun/static/PXToolsJavascripts/pexe_layers.js HTTP/1.1" 200 4114
201.214.54.252 - - [20/Apr/2017:09:49:16 -0300] "GET /cormun/static/PXToolsJavascripts/pexe_oav.js HTTP/1.1" 200 645
201.214.54.252 - - [20/Apr/2017:09:49:16 -0300] "GET /cormun/static/PXToolsJavascripts/pexe_oavdivfix.js HTTP/1.1" 200 639
201.214.54.252 - - [20/Apr/2017:09:49:16 -0300] "GET /cormun/static/PXToolsJavascripts/pexe_picture.js HTTP/1.1" 200 689
201.214.54.252 - - [20/Apr/2017:09:49:16 -0300] "GET /cormun/static/PXToolsJavascripts/pexe_popup.js HTTP/1.1" 200 13458
201.214.54.252 - - [20/Apr/2017:09:49:16 -0300] "GET /cormun/static/PXToolsJavascripts/pexe_scrolldiv.js HTTP/1.1" 200 4138
201.214.54.252 - - [20/Apr/2017:09:49:16 -0300] "GET /cormun/static/PXToolsJavascripts/pexe_tabdivfix.js HTTP/1.1" 200 876
201.214.54.252 - - [20/Apr/2017:09:49:16 -0300] "GET /cormun/static/PXToolsJavascripts/pexe_tabs.js HTTP/1.1" 200 3748
201.214.54.252 - - [20/Apr/2017:09:49:16 -0300] "GET /cormun/static/PXToolsJavascripts/pexe_upload.js HTTP/1.1" 200 1423
201.214.54.252 - - [20/Apr/2017:09:49:16 -0300] "GET /cormun/static/PXToolsJavascripts/PXToolsJavascriptsRender.js HTTP/1.1" 200 367
201.214.54.252 - - [20/Apr/2017:09:49:16 -0300] "GET /cormun/static/RunJS/RunJS.js HTTP/1.1" 200 288
201.214.54.252 - - [20/Apr/2017:09:49:16 -0300] "GET /cormun/static/Shared/ext/locale/ext-lang-en.js HTTP/1.1" 200 10940
201.214.54.252 - - [20/Apr/2017:09:49:17 -0300] "GET /cormun/static/hhome.js?20173171148352 HTTP/1.1" 200 777
201.214.54.252 - - [20/Apr/2017:09:49:17 -0300] "GET /cormun/static/hwchdr01.js?201731711335950 HTTP/1.1" 200 1183
200.111.191.210 - - [20/Apr/2017:09:49:17 -0300] "GET /cormun/servlet/solicitudotadjuntos?2fea1e466efcea32e6d45dcc649a78f0f803e69ac89ff74f8ed6650aa6fc29b2,gx-no-cache=1492696117620 HTTP/1.1" 200 30
201.214.54.252 - - [20/Apr/2017:09:49:17 -0300] "GET /cormun/static/hpexe_scripts.js?201731711335890 HTTP/1.1" 200 1544
200.111.191.210 - - [20/Apr/2017:09:49:17 -0300] "GET /cormun/servlet/solicitudotadjuntos?2fea1e466efcea32e6d45dcc649a78f0f803e69ac89ff74f8ed6650aa6fc29b2,gx-no-cache=1492696117682 HTTP/1.1" 200 30
201.214.54.252 - - [20/Apr/2017:09:49:17 -0300] "GET /cormun/static/Resources/PXToolsDataTitle.png HTTP/1.1" 200 1173
201.214.54.252 - - [20/Apr/2017:09:49:17 -0300] "GET /cormun/static/Resources/PXToolsFooterBackground2.png HTTP/1.1" 200 1172
201.214.54.252 - - [20/Apr/2017:09:49:17 -0300] "GET /cormun/static/Resources/PXToolsHeaderBackground2.png HTTP/1.1" 200 1174
201.214.54.252 - - [20/Apr/2017:09:49:17 -0300] "GET /cormun/static/Resources/PXToolsHeaderActionsBackground.png HTTP/1.1" 200 484
201.214.54.252 - - [20/Apr/2017:09:49:17 -0300] "GET /cormun/static/hpexe_messagecontroller.js?201610171694323 HTTP/1.1" 200 870
201.214.54.252 - - [20/Apr/2017:09:49:17 -0300] "GET /cormun/static/gxui/gxui-all.js HTTP/1.1" 200 107772
201.214.54.252 - - [20/Apr/2017:09:49:17 -0300] "GET /cormun/static/hpexe_messagepopupcomponent.js?20161017169425 HTTP/1.1" 200 605
201.214.54.252 - - [20/Apr/2017:09:49:17 -0300] "GET /cormun/static/hpexe_messagegenexuscomponent.js?201731711335537 HTTP/1.1" 200 587
201.214.54.252 - - [20/Apr/2017:09:49:17 -0300] "GET /cormun/static/hpexe_recentlink.js?201610171694390 HTTP/1.1" 200 2144
201.214.54.252 - - [20/Apr/2017:09:49:17 -0300] "GET /cormun/static/cmcontrolpreferences.js?201731711335852 HTTP/1.1" 200 1375
201.214.54.252 - - [20/Apr/2017:09:49:17 -0300] "GET /cormun/static/SmoothNavMenu/resources/ddsmoothmenu.js HTTP/1.1" 200 12712
201.214.54.252 - - [20/Apr/2017:09:49:17 -0300] "GET /cormun/static/SmoothNavMenu/resources/SmoothNavMenuRender.js HTTP/1.1" 200 5951
201.214.54.252 - - [20/Apr/2017:09:49:17 -0300] "GET /cormun/static/scaMessage/js/jquery.pnotify.min.js HTTP/1.1" 200 13038
201.214.54.252 - - [20/Apr/2017:09:49:17 -0300] "GET /cormun/static/Shared/jquery/jquery-1.4.2.min.js HTTP/1.1" 200 72174
201.214.54.252 - - [20/Apr/2017:09:49:17 -0300] "GET /cormun/static/hmpwkw03.js?201731711485354 HTTP/1.1" 200 3965
201.214.54.252 - - [20/Apr/2017:09:49:17 -0300] "GET /cormun/static/Resources/PXToolsHeaderActionsLeft.png HTTP/1.1" 200 1118
201.214.54.252 - - [20/Apr/2017:09:49:17 -0300] "GET /cormun/static/Resources/PXToolsHeaderHome.png HTTP/1.1" 200 4147
201.214.54.252 - - [20/Apr/2017:09:49:17 -0300] "GET /cormun/static/Resources/PXToolsHeaderLogin.png HTTP/1.1" 200 4279
201.214.54.252 - - [20/Apr/2017:09:49:17 -0300] "GET /cormun/static/Shared/jquery/jquery-1.10.2.min.js HTTP/1.1" 200 273199
201.214.54.252 - - [20/Apr/2017:09:49:17 -0300] "GET /cormun/static/Resources/PXToolsHeaderPreferences.png HTTP/1.1" 200 4189
201.214.54.252 - - [20/Apr/2017:09:49:17 -0300] "GET /cormun/static/scaMessage/scaMessageRender.js HTTP/1.1" 200 11977
201.214.54.252 - - [20/Apr/2017:09:49:17 -0300] "GET /cormun/static/Resources/PXToolsHeaderActionsRight.png HTTP/1.1" 200 1201
201.214.54.252 - - [20/Apr/2017:09:49:18 -0300] "GET /cormun/static/Resources/PXToolsHeaderSecurity.png HTTP/1.1" 200 4166
201.214.54.252 - - [20/Apr/2017:09:49:18 -0300] "GET /cormun/static/Shared/jqueryui/jquery-ui.min.js HTTP/1.1" 200 240427
201.214.54.252 - - [20/Apr/2017:09:49:18 -0300] "GET /cormun/static/Resources/logo4.png HTTP/1.1" 200 6582
201.214.54.252 - - [20/Apr/2017:09:49:19 -0300] "GET /cormun/static/SmoothNavMenu/resources/images/down.gif HTTP/1.1" 200 854
201.214.54.252 - - [20/Apr/2017:09:49:19 -0300] "GET /cormun/static/SmoothNavMenu/resources/images/right.gif HTTP/1.1" 200 860
200.111.191.210 - - [20/Apr/2017:09:49:20 -0300] "POST /cormun/servlet/solicitudotadjuntos?0e52c817bd6c8ff270e7d3c867b854aa,INS,2017,6140,,1, HTTP/1.1" 200 116
200.111.191.210 - - [20/Apr/2017:09:49:20 -0300] "GET /cormun/servlet/hpexe_return? HTTP/1.1" 200 1025
200.111.191.210 - - [20/Apr/2017:09:49:21 -0300] "GET /cormun/servlet/trsolicitudadjuntos?2017,6140, HTTP/1.1" 200 8688
200.111.191.210 - - [20/Apr/2017:09:49:22 -0300] "GET /cormun/servlet/trsolicitudadjuntos?2017,6140, HTTP/1.1" 200 8687
200.111.191.210 - - [20/Apr/2017:09:49:23 -0300] "GET /cormun/servlet/solicitudotadjuntos?INS,2017,6140,,1, HTTP/1.1" 200 5811
200.111.191.210 - - [20/Apr/2017:09:49:23 -0300] "GET /cormun/static/about:blank HTTP/1.1" 404 1011
200.111.191.210 - - [20/Apr/2017:09:49:24 -0300] "GET /cormun/servlet/solicitudotadjuntos?INS,2017,6140,,1, HTTP/1.1" 200 5805
200.111.191.210 - - [20/Apr/2017:09:49:24 -0300] "GET /cormun/servlet/solicitudotadjuntos?2fea1e466efcea32e6d45dcc649a78f0758364310b9d892f16c6c60d1f97b4ecf4b929a2a1a4f68c944dcc5983d2d761,gx-no-cache=1492696125063 HTTP/1.1" 200 30
200.111.191.210 - - [20/Apr/2017:09:49:24 -0300] "POST /cormun/servlet/solicitudotadjuntos?0e52c817bd6c8ff270e7d3c867b854aa,INS,2017,6140,,1,,gx-no-cache=1492696125143 HTTP/1.1" 200 3635
200.111.191.210 - - [20/Apr/2017:09:49:26 -0300] "POST /cormun/servlet/solicitudotadjuntos?gx-no-cache=1492696126772 HTTP/1.1" 200 26
200.111.191.210 - - [20/Apr/2017:09:49:32 -0300] "GET /cormun/servlet/solicitudotadjuntos?2fea1e466efcea32e6d45dcc649a78f0f803e69ac89ff74f8ed6650aa6fc29b2,gx-no-cache=1492696133269 HTTP/1.1" 200 30
200.111.191.210 - - [20/Apr/2017:09:49:32 -0300] "GET /cormun/servlet/solicitudotadjuntos?2fea1e466efcea32e6d45dcc649a78f0f803e69ac89ff74f8ed6650aa6fc29b2,gx-no-cache=1492696133327 HTTP/1.1" 200 30
192.168.10.13 - - [20/Apr/2017:09:49:41 -0300] "GET / HTTP/1.1" 200 11217
200.111.191.210 - - [20/Apr/2017:09:49:41 -0300] "POST /cormun/servlet/solicitudotadjuntos?0e52c817bd6c8ff270e7d3c867b854aa,INS,2017,6140,,1, HTTP/1.1" 200 116
200.111.191.210 - - [20/Apr/2017:09:49:41 -0300] "GET /cormun/servlet/hpexe_return? HTTP/1.1" 200 1025
200.111.191.210 - - [20/Apr/2017:09:49:42 -0300] "GET /cormun/servlet/trsolicitudadjuntos?2017,6140, HTTP/1.1" 200 8939
200.111.191.210 - - [20/Apr/2017:09:49:43 -0300] "GET /cormun/servlet/trsolicitudadjuntos?2017,6140, HTTP/1.1" 200 8933
200.111.191.210 - - [20/Apr/2017:09:49:46 -0300] "GET /cormun/servlet/trsolicitudot? HTTP/1.1" 200 8538
200.111.191.210 - - [20/Apr/2017:09:49:46 -0300] "GET /cormun/servlet/trsolicitudot? HTTP/1.1" 200 8532
200.111.191.210 - - [20/Apr/2017:09:49:55 -0300] "POST /cormun/servlet/trsolicitudot?0e52c817bd6c8ff270e7d3c867b854aa,,gx-no-cache=1492696155722 HTTP/1.1" 200 106
200.111.191.210 - - [20/Apr/2017:09:49:56 -0300] "GET /cormun/servlet/trsolicitudadjuntos?2017,6140, HTTP/1.1" 200 8932
200.111.191.210 - - [20/Apr/2017:09:49:57 -0300] "GET /cormun/servlet/trsolicitudadjuntos?2017,6140, HTTP/1.1" 200 8935
200.111.191.210 - - [20/Apr/2017:09:50:01 -0300] "GET /cormun/servlet/trsolicitudot? HTTP/1.1" 200 8538
200.111.191.210 - - [20/Apr/2017:09:50:01 -0300] "GET /cormun/servlet/trsolicitudot? HTTP/1.1" 200 8532
200.111.191.210 - - [20/Apr/2017:09:50:07 -0300] "POST /cormun/servlet/trsolicitudot?0e52c817bd6c8ff270e7d3c867b854aa,,gx-no-cache=1492696167436 HTTP/1.1" 200 5329
200.111.191.210 - - [20/Apr/2017:09:50:07 -0300] "GET /cormun/static/Shared/jqueryui/images/ui-bg_highlight-soft_100_c6c2c8_1x100.png HTTP/1.1" 404 1117
200.111.191.210 - - [20/Apr/2017:09:50:07 -0300] "GET /cormun/static/Shared/jqueryui/images/ui-bg_flat_55_fafafa_40x100.png HTTP/1.1" 404 1097
200.111.191.210 - - [20/Apr/2017:09:50:07 -0300] "GET /cormun/static/Shared/jqueryui/images/ui-icons_82798d_256x240.png HTTP/1.1" 404 1089
200.111.191.210 - - [20/Apr/2017:09:50:07 -0300] "POST /cormun/servlet/trsolicitudot?0e52c817bd6c8ff270e7d3c867b854aa,,gx-no-cache=1492696167869 HTTP/1.1" 200 5272
200.111.191.210 - - [20/Apr/2017:09:50:07 -0300] "GET /cormun/static/Shared/jqueryui/images/ui-icons_8d78a5_256x240.png HTTP/1.1" 404 1089
201.214.54.252 - - [20/Apr/2017:09:50:34 -0300] "GET /cormun/servlet/trlicencias? HTTP/1.1" 200 6816
201.214.54.252 - - [20/Apr/2017:09:50:34 -0300] "GET /cormun/static/Shared/ext/resources/css/ext-all.css?205870 HTTP/1.1" 200 40960
201.214.54.252 - - [20/Apr/2017:09:50:34 -0300] "GET /cormun/static/gxui/gxui-all.css?110300 HTTP/1.1" 200 2179
201.214.54.252 - - [20/Apr/2017:09:50:34 -0300] "GET /cormun/static/gxcfg.js?201741111445981 HTTP/1.1" 200 953
201.214.54.252 - - [20/Apr/2017:09:50:34 -0300] "GET /cormun/static/calendar-system.css?75620 HTTP/1.1" 200 5572
201.214.54.252 - - [20/Apr/2017:09:50:35 -0300] "GET /cormun/static/calendar.js?85251 HTTP/1.1" 200 26246
201.214.54.252 - - [20/Apr/2017:09:50:35 -0300] "GET /cormun/static/calendar-setup.js?85251 HTTP/1.1" 200 2588
201.214.54.252 - - [20/Apr/2017:09:50:35 -0300] "GET /cormun/static/calendar-es.js?85251 HTTP/1.1" 200 1901
201.214.54.252 - - [20/Apr/2017:09:50:35 -0300] "GET /cormun/static/gxdec.js?85251 HTTP/1.1" 200 19579
201.214.54.252 - - [20/Apr/2017:09:50:35 -0300] "GET /cormun/static/Resources/PXTools/calendar.png HTTP/1.1" 200 1306
201.214.54.252 - - [20/Apr/2017:09:50:35 -0300] "GET /cormun/static/trlicencias.js?20174111145440 HTTP/1.1" 200 37913
201.214.54.252 - - [20/Apr/2017:09:50:35 -0300] "GET /cormun/static/Resources/PXToolsDataSearch.png HTTP/1.1" 200 419
201.214.54.252 - - [20/Apr/2017:09:50:35 -0300] "GET /cormun/static/Resources/PXToolsGridFirstDisabled.gif HTTP/1.1" 200 100
201.214.54.252 - - [20/Apr/2017:09:50:35 -0300] "GET /cormun/static/Resources/PXToolsGridPreviousDisabled.gif HTTP/1.1" 200 90
201.214.54.252 - - [20/Apr/2017:09:50:35 -0300] "GET /cormun/static/Resources/PXToolsGridNextDisabled.gif HTTP/1.1" 200 90
201.214.54.252 - - [20/Apr/2017:09:50:35 -0300] "GET /cormun/static/Resources/PXToolsGridLastDisabled.gif HTTP/1.1" 200 98
201.214.54.252 - - [20/Apr/2017:09:50:35 -0300] "GET /cormun/static/Resources/PXToolsGridPage.gif HTTP/1.1" 200 725
201.214.54.252 - - [20/Apr/2017:09:50:35 -0300] "GET /cormun/static/Resources/PXToolsGridNew.png HTTP/1.1" 200 2949
201.214.54.252 - - [20/Apr/2017:09:50:35 -0300] "GET /cormun/static/Resources/PXToolsActionExcel.png HTTP/1.1" 200 3187
201.214.54.252 - - [20/Apr/2017:09:50:37 -0300] "GET /cormun/static/Resources/asc.gif HTTP/1.1" 200 67
201.214.54.252 - - [20/Apr/2017:09:50:37 -0300] "GET /cormun/static/Resources/desc.gif HTTP/1.1" 200 65
201.214.54.252 - - [20/Apr/2017:09:50:37 -0300] "GET /cormun/static/Shared/ext/resources/themes/images/default/panel/bg-headersPanel.png HTTP/1.1" 200 255
201.214.54.252 - - [20/Apr/2017:09:50:38 -0300] "GET /cormun/static/Shared/ext/resources/themes/images/default/tools/tool-sprites.gif HTTP/1.1" 200 5434
201.214.54.252 - - [20/Apr/2017:09:50:41 -0300] "GET /cormun/servlet/licenciaspermisos?INS,0,,, HTTP/1.1" 200 7352
201.214.54.252 - - [20/Apr/2017:09:50:41 -0300] "GET /cormun/static/gxcfg.js?201741111445322 HTTP/1.1" 200 953
201.214.54.252 - - [20/Apr/2017:09:50:41 -0300] "GET /cormun/static/Resources/prompt.gif HTTP/1.1" 200 902
201.214.54.252 - - [20/Apr/2017:09:50:41 -0300] "GET /cormun/static/licenciaspermisos.js?201741111445392 HTTP/1.1" 200 34444
192.168.10.13 - - [20/Apr/2017:09:50:41 -0300] "GET / HTTP/1.1" 200 11217
201.214.54.252 - - [20/Apr/2017:09:51:01 -0300] "GET /cormun/static/Resources/resize.gif HTTP/1.1" 200 77
201.214.54.252 - - [20/Apr/2017:09:51:02 -0300] "GET /cormun/servlet/prfichaempleado?,MD,,gxPopupLevel%3D0%3B HTTP/1.1" 200 8780
201.214.54.252 - - [20/Apr/2017:09:51:02 -0300] "GET /cormun/static/gxcfg.js?2017319125415 HTTP/1.1" 200 953
201.214.54.252 - - [20/Apr/2017:09:51:02 -0300] "GET /cormun/static/Resources/PXToolsMenuSearch.png HTTP/1.1" 200 2914
201.214.54.252 - - [20/Apr/2017:09:51:02 -0300] "GET /cormun/static/Resources/PXToolsMenuSearchCancel.png HTTP/1.1" 200 2972
201.214.54.252 - - [20/Apr/2017:09:51:02 -0300] "GET /cormun/static/menusearch.js?201610171694467 HTTP/1.1" 200 1424
201.214.54.252 - - [20/Apr/2017:09:51:02 -0300] "GET /cormun/static/hmpwkw011.js?201731711483558 HTTP/1.1" 200 1968
201.214.54.252 - - [20/Apr/2017:09:51:02 -0300] "GET /cormun/static/prfichaempleado.js?20173191254344 HTTP/1.1" 200 15951
192.168.10.13 - - [20/Apr/2017:09:51:41 -0300] "GET / HTTP/1.1" 200 11217
201.214.54.252 - - [20/Apr/2017:09:52:10 -0300] "POST /cormun/servlet/prfichaempleado?2c4375b9816126fe904ba2b0ecf14c99,,MD,,gxPopupLevel%3D0%3B,gx-no-cache=1492692793985 HTTP/1.1" 200 3395
192.168.10.13 - - [20/Apr/2017:09:52:41 -0300] "GET / HTTP/1.1" 200 11217
201.214.54.252 - - [20/Apr/2017:09:53:11 -0300] "GET /cormun/servlet/licenciaspermisos?ea82f27486a81d51dd21b5d5ca08521fc3e9c70a242d8050dee1e060a7109a8873e0129b69755ddc55a9b49e9112bd1d,gx-no-cache=1492692854562 HTTP/1.1" 200 59
201.214.54.252 - - [20/Apr/2017:09:53:11 -0300] "POST /cormun/servlet/licenciaspermisos?2c4375b9816126fe904ba2b0ecf14c99,INS,0,,,,gx-no-cache=1492692854860 HTTP/1.1" 200 4605
192.168.10.13 - - [20/Apr/2017:09:53:41 -0300] "GET / HTTP/1.1" 200 11217
192.168.10.96 - - [20/Apr/2017:09:54:08 -0300] "GET /cormun/servlet/vevisualizador?2017,6005,,SolicitudOTAdjuntos HTTP/1.1" 200 10396
192.168.10.96 - - [20/Apr/2017:09:54:09 -0300] "GET /cormun/servlet/vevisualizador?2017,6005,,SolicitudOTAdjuntos HTTP/1.1" 200 10402
192.168.10.96 - - [20/Apr/2017:09:54:10 -0300] "POST /cormun/servlet/acontrolpreferencessavestate?None,DZAMUDIO,true HTTP/1.1" 200 35
192.168.10.96 - - [20/Apr/2017:09:54:12 -0300] "GET /cormun/servlet/wbconsulta? HTTP/1.1" 200 5181
192.168.10.96 - - [20/Apr/2017:09:54:12 -0300] "GET /cormun/servlet/wbconsulta? HTTP/1.1" 200 5162
200.86.184.230 - - [20/Apr/2017:09:54:13 -0300] "GET /cormun/servlet/alicenciaprn?12515149,L,20170420000000,PU HTTP/1.1" 200 1592
192.168.10.96 - - [20/Apr/2017:09:54:23 -0300] "POST /cormun/servlet/wbconsulta?31605288ed983ef2ffb5878f772832ae,,gx-no-cache=1492696135057 HTTP/1.1" 200 103
192.168.10.96 - - [20/Apr/2017:09:54:23 -0300] "GET /cormun/servlet/vevisualizador?2017,6029, HTTP/1.1" 200 8553
192.168.10.96 - - [20/Apr/2017:09:54:23 -0300] "GET /cormun/pexe_scrolldiv.js HTTP/1.1" 404 1009
192.168.10.96 - - [20/Apr/2017:09:54:23 -0300] "GET /cormun/pexe_scrolldiv.js HTTP/1.1" 404 1009
192.168.10.96 - - [20/Apr/2017:09:54:23 -0300] "GET /cormun/servlet/vevisualizador?2017,6029, HTTP/1.1" 200 8553
192.168.10.96 - - [20/Apr/2017:09:54:32 -0300] "GET /cormun/servlet/vevisualizador?2017,6029,,SolicitudOTAdjuntos HTTP/1.1" 200 10369
192.168.10.96 - - [20/Apr/2017:09:54:32 -0300] "GET /cormun/pexe_scrolldiv.js HTTP/1.1" 404 1009
192.168.10.96 - - [20/Apr/2017:09:54:32 -0300] "GET /cormun/pexe_scrolldiv.js HTTP/1.1" 404 1009
192.168.10.96 - - [20/Apr/2017:09:54:33 -0300] "GET /cormun/servlet/vevisualizador?2017,6029,,SolicitudOTAdjuntos HTTP/1.1" 200 10371
192.168.10.96 - - [20/Apr/2017:09:54:33 -0300] "POST /cormun/servlet/acontrolpreferencessavestate?None,DZAMUDIO,true HTTP/1.1" 200 35
192.168.10.96 - - [20/Apr/2017:09:54:35 -0300] "GET /cormun/PublicTempStorage/c.espejo_-_c.i.2463744.pdf HTTP/1.1" 200 373598
192.168.10.13 - - [20/Apr/2017:09:54:41 -0300] "GET / HTTP/1.1" 200 11217
192.168.10.96 - - [20/Apr/2017:09:54:41 -0300] "GET /cormun/servlet/vevisualizador?2017,6029,,SolicitudOTAdjuntos HTTP/1.1" 200 10367
192.168.10.96 - - [20/Apr/2017:09:54:42 -0300] "GET /cormun/servlet/vevisualizador?2017,6029,,SolicitudOTAdjuntos HTTP/1.1" 200 10369
192.168.10.96 - - [20/Apr/2017:09:54:43 -0300] "POST /cormun/servlet/acontrolpreferencessavestate?None,DZAMUDIO,true HTTP/1.1" 200 35
192.168.10.96 - - [20/Apr/2017:09:54:44 -0300] "GET /cormun/PublicTempStorage/c.espejo_-_licencia2348893.pdf HTTP/1.1" 200 601536
192.168.10.96 - - [20/Apr/2017:09:54:48 -0300] "GET /cormun/servlet/vevisualizador?2017,6029,,SolicitudOTAdjuntos HTTP/1.1" 200 10369
192.168.10.96 - - [20/Apr/2017:09:54:49 -0300] "GET /cormun/servlet/vevisualizador?2017,6029,,SolicitudOTAdjuntos HTTP/1.1" 200 10373
192.168.10.96 - - [20/Apr/2017:09:54:49 -0300] "POST /cormun/servlet/acontrolpreferencessavestate?None,DZAMUDIO,true HTTP/1.1" 200 35
192.168.10.96 - - [20/Apr/2017:09:54:50 -0300] "GET /cormun/PublicTempStorage/c.espejo_-_afp4826047.pdf HTTP/1.1" 200 593305
192.168.10.96 - - [20/Apr/2017:09:54:54 -0300] "GET /cormun/servlet/vevisualizador?2017,6029,,SolicitudOTAdjuntos HTTP/1.1" 200 10368
192.168.10.96 - - [20/Apr/2017:09:54:55 -0300] "GET /cormun/servlet/vevisualizador?2017,6029,,SolicitudOTAdjuntos HTTP/1.1" 200 10373
192.168.10.96 - - [20/Apr/2017:09:54:55 -0300] "POST /cormun/servlet/acontrolpreferencessavestate?None,DZAMUDIO,true HTTP/1.1" 200 35
192.168.10.96 - - [20/Apr/2017:09:54:56 -0300] "GET /cormun/PublicTempStorage/c.espejo_-_fonasa7752715.pdf HTTP/1.1" 200 357035
192.168.10.96 - - [20/Apr/2017:09:55:01 -0300] "GET /cormun/servlet/vevisualizador?2017,6029,,SolicitudOTAdjuntos HTTP/1.1" 200 10369
192.168.10.96 - - [20/Apr/2017:09:55:01 -0300] "GET /cormun/servlet/vevisualizador?2017,6029,,SolicitudOTAdjuntos HTTP/1.1" 200 10372
192.168.10.96 - - [20/Apr/2017:09:55:02 -0300] "POST /cormun/servlet/acontrolpreferencessavestate?None,DZAMUDIO,true HTTP/1.1" 200 35
192.168.10.96 - - [20/Apr/2017:09:55:03 -0300] "GET /cormun/PublicTempStorage/c.espejo_-_cert_ant9007249.pdf HTTP/1.1" 200 528717
192.168.10.96 - - [20/Apr/2017:09:55:13 -0300] "GET /cormun/servlet/vevisualizador?2017,6029,,SolicitudOTAdjuntos HTTP/1.1" 200 10370
192.168.10.96 - - [20/Apr/2017:09:55:14 -0300] "GET /cormun/servlet/vevisualizador?2017,6029,,SolicitudOTAdjuntos HTTP/1.1" 200 10373
192.168.10.96 - - [20/Apr/2017:09:55:15 -0300] "POST /cormun/servlet/acontrolpreferencessavestate?None,DZAMUDIO,true HTTP/1.1" 200 35
192.168.10.96 - - [20/Apr/2017:09:55:15 -0300] "GET /cormun/PublicTempStorage/c.espejo_-_cv8539428.pdf HTTP/1.1" 200 378640
200.111.191.210 - - [20/Apr/2017:09:55:22 -0300] "GET /cormun/servlet/solicitudot?INS,0,0, HTTP/1.1" 200 12568
200.111.191.210 - - [20/Apr/2017:09:55:23 -0300] "GET /cormun/servlet/solicitudot?INS,0,0, HTTP/1.1" 200 12573
192.168.10.96 - - [20/Apr/2017:09:55:24 -0300] "GET /cormun/servlet/vevisualizador?2017,6029,,SolicitudOTAdjuntos HTTP/1.1" 200 10370
192.168.10.96 - - [20/Apr/2017:09:55:25 -0300] "GET /cormun/servlet/vevisualizador?2017,6029,,SolicitudOTAdjuntos HTTP/1.1" 200 10373
192.168.10.96 - - [20/Apr/2017:09:55:25 -0300] "POST /cormun/servlet/acontrolpreferencessavestate?None,DZAMUDIO,true HTTP/1.1" 200 35
200.111.191.210 - - [20/Apr/2017:09:55:34 -0300] "POST /cormun/servlet/solicitudot?gx-no-cache=1492696494555 HTTP/1.1" 200 3081
200.111.191.210 - - [20/Apr/2017:09:55:34 -0300] "POST /cormun/servlet/solicitudot?0e52c817bd6c8ff270e7d3c867b854aa,INS,0,0,,gx-no-cache=1492696494801 HTTP/1.1" 200 9676
200.111.191.210 - - [20/Apr/2017:09:55:36 -0300] "GET /cormun/servlet/solicitudot?2fea1e466efcea32e6d45dcc649a78f0c83c0fd5076708135c27604210e36b1296b79ad4477b43f2834872185d866685,gx-no-cache=1492696497304 HTTP/1.1" 200 30
192.168.10.13 - - [20/Apr/2017:09:55:41 -0300] "GET / HTTP/1.1" 200 11217
200.54.247.69 - - [20/Apr/2017:09:56:29 -0300] "GET /cormun/servlet/hlogin HTTP/1.1" 200 1718
200.54.247.69 - - [20/Apr/2017:09:56:29 -0300] "GET /cormun/static/gxtimezone.js?85251 HTTP/1.1" 304 -
200.54.247.69 - - [20/Apr/2017:09:56:29 -0300] "GET /cormun/static/messages.spa.js?85251 HTTP/1.1" 304 -
200.54.247.69 - - [20/Apr/2017:09:56:29 -0300] "GET /cormun/static/gxcfg.js?201741110203197 HTTP/1.1" 304 -
200.54.247.69 - - [20/Apr/2017:09:56:29 -0300] "GET /cormun/static/gxgral.js?85251 HTTP/1.1" 304 -
200.54.247.69 - - [20/Apr/2017:09:56:29 -0300] "GET /cormun/static/Resources/ComunLogin.png HTTP/1.1" 304 -
200.54.247.69 - - [20/Apr/2017:09:56:29 -0300] "GET /cormun/static/Resources/Spanish/PXTools.css?11294912 HTTP/1.1" 304 -
200.54.247.69 - - [20/Apr/2017:09:56:29 -0300] "GET /cormun/static/hlogin.js?201741110203211 HTTP/1.1" 304 -
200.54.247.69 - - [20/Apr/2017:09:56:29 -0300] "GET /cormun/static/Resources/indicator.gif HTTP/1.1" 304 -
200.54.247.69 - - [20/Apr/2017:09:56:29 -0300] "GET /cormun/static/Resources/PXToolsLoginBackground.png HTTP/1.1" 304 -
200.54.247.69 - - [20/Apr/2017:09:56:29 -0300] "GET /cormun/servlet/hlogin HTTP/1.1" 200 1731
200.54.247.69 - - [20/Apr/2017:09:56:29 -0300] "GET /cormun/static/Resources/PXToolsButtonLeft21.png HTTP/1.1" 304 -
200.54.247.69 - - [20/Apr/2017:09:56:29 -0300] "GET /cormun/static/Resources/PXToolsButtonRight21.png HTTP/1.1" 304 -
200.54.247.69 - - [20/Apr/2017:09:56:29 -0300] "GET /cormun/static/Resources/PXToolsButtonBackground2.png HTTP/1.1" 304 -
200.54.247.69 - - [20/Apr/2017:09:56:29 -0300] "GET /cormun/static/Resources/PXToolsLoginTop.png HTTP/1.1" 304 -
200.54.247.69 - - [20/Apr/2017:09:56:29 -0300] "GET /cormun/static/Resources/PXToolsLoginBottom.png HTTP/1.1" 304 -
192.168.10.13 - - [20/Apr/2017:09:56:41 -0300] "GET / HTTP/1.1" 200 11217
200.54.247.69 - - [20/Apr/2017:09:56:42 -0300] "POST /cormun/servlet/hlogin?948695c5da9f1e9bcf4f75cdf1abe8db,gx-no-cache=1492693064576 HTTP/1.1" 200 90
200.54.247.69 - - [20/Apr/2017:09:56:42 -0300] "GET /cormun/servlet/hpexe_link HTTP/1.1" 200 949
200.54.247.69 - - [20/Apr/2017:09:56:42 -0300] "GET /cormun/static/gxcfg.js?201731711483381 HTTP/1.1" 304 -
200.54.247.69 - - [20/Apr/2017:09:56:42 -0300] "GET /cormun/servlet/hhome HTTP/1.1" 200 4028
200.54.247.69 - - [20/Apr/2017:09:56:42 -0300] "GET /cormun/static/gxcfg.js?201731711483497 HTTP/1.1" 304 -
200.54.247.69 - - [20/Apr/2017:09:56:42 -0300] "GET /cormun/static/SmoothNavMenu/resources/SmoothNavMenuRender.js HTTP/1.1" 200 5951
192.168.10.89 - - [20/Apr/2017:09:56:59 -0300] "GET /cormun/servlet/hlogin HTTP/1.1" 200 1739
200.54.247.69 - - [20/Apr/2017:09:57:14 -0300] "GET /cormun/servlet/trsolicitudot? HTTP/1.1" 200 8237
200.54.247.69 - - [20/Apr/2017:09:57:14 -0300] "GET /cormun/static/gxcfg.js?201731711505139 HTTP/1.1" 304 -
192.168.10.89 - - [20/Apr/2017:09:57:14 -0300] "POST /cormun/servlet/hlogin?d18dbc4e8ec9ab808492781cb77b7e31,gx-no-cache=1492696306977 HTTP/1.1" 200 453
192.168.10.89 - - [20/Apr/2017:09:57:20 -0300] "POST /cormun/servlet/hlogin?d18dbc4e8ec9ab808492781cb77b7e31,gx-no-cache=1492696312745 HTTP/1.1" 200 90
192.168.10.89 - - [20/Apr/2017:09:57:20 -0300] "GET /cormun/servlet/hpexe_link HTTP/1.1" 200 951
192.168.10.89 - - [20/Apr/2017:09:57:20 -0300] "GET /cormun/servlet/hhome HTTP/1.1" 200 3968
200.54.247.69 - - [20/Apr/2017:09:57:20 -0300] "POST /cormun/servlet/trsolicitudot?948695c5da9f1e9bcf4f75cdf1abe8db,,gx-no-cache=1492693102593 HTTP/1.1" 200 5590
200.54.247.69 - - [20/Apr/2017:09:57:21 -0300] "GET /cormun/static/Shared/jqueryui/images/ui-icons_82798d_256x240.png HTTP/1.1" 404 1089
200.54.247.69 - - [20/Apr/2017:09:57:21 -0300] "GET /cormun/static/Shared/jqueryui/images/ui-bg_flat_55_fafafa_40x100.png HTTP/1.1" 404 1097
200.54.247.69 - - [20/Apr/2017:09:57:21 -0300] "GET /cormun/static/Shared/jqueryui/images/ui-icons_8d78a5_256x240.png HTTP/1.1" 404 1089
200.54.247.69 - - [20/Apr/2017:09:57:21 -0300] "GET /cormun/static/Shared/jqueryui/images/ui-bg_highlight-soft_100_c6c2c8_1x100.png HTTP/1.1" 404 1117
192.168.10.89 - - [20/Apr/2017:09:57:29 -0300] "GET /cormun/servlet/trsolicitudot? HTTP/1.1" 200 6939
192.168.10.89 - - [20/Apr/2017:09:57:29 -0300] "GET /cormun/static/gxcfg.js?201731711505139 HTTP/1.1" 304 -
192.168.10.89 - - [20/Apr/2017:09:57:35 -0300] "GET /cormun/servlet/solicitudot?INS,0,0, HTTP/1.1" 200 12776
192.168.10.89 - - [20/Apr/2017:09:57:35 -0300] "GET /cormun/static/gxcfg.js?20171191042720 HTTP/1.1" 304 -
192.168.10.89 - - [20/Apr/2017:09:57:40 -0300] "GET /cormun/servlet/prfichaempleado?,MD,,gxPopupLevel%3D0%3B HTTP/1.1" 200 8791
192.168.10.89 - - [20/Apr/2017:09:57:40 -0300] "GET /cormun/static/gxcfg.js?2017319125415 HTTP/1.1" 304 -
192.168.10.13 - - [20/Apr/2017:09:57:41 -0300] "GET / HTTP/1.1" 200 11217
200.111.191.210 - - [20/Apr/2017:09:57:58 -0300] "POST /cormun/servlet/solicitudot?gx-no-cache=1492696639388 HTTP/1.1" 200 297
200.111.191.210 - - [20/Apr/2017:09:58:00 -0300] "GET /cormun/servlet/solicitudot?2fea1e466efcea32e6d45dcc649a78f0d8c7fcf29f75fed8a1af8a55cd8c81a494e8afc40b020c881377ae7b4645b03649f60fd178fac5a085bd63ea8143d11c8a5ab3080e5d0501b21c8a7ff87be4f965b9691da27d088d010f4a283c9c8e652b47a310ced29aeddf4033a0c3a2f491ea2f3406bb489d4bfbae710bc3dff0d973e06bfce6697cf7008ae9a0dc55c0f155938f07b7a587ff2e9a72289bf4f329728d0f04d4c6803a4ae16f86bcc3b64a3f26c18d24be8a4b71b09cc7f4f8516634d30157716aefb48cba24b909764c111652a1d5e35c6a302af70bb59f23cd02f235c40fc0def9917d7812b8e76d333442e1672a4c7d489b65c2dfe1123956515086472560894e3490ff6a5cf9f86f32d9cbc1eb0d30e222ec084cd869cad102667bd285bb70fe8b9a1dcf81329527daf6361387e97faaabf9aed2491fbd8d0724dd19e7930ffdbf3204cd36ed28a56a811b7b4d3d1e2ff36e209654129bc449300a676455e64ba9ca96ba7b7c63093d978b0c21956dda180b8e30a06c84d5d338d575ae9f1804bc10bda029f3bb8470,gx-no-cache=1492696640656 HTTP/1.1" 200 30
192.168.10.89 - - [20/Apr/2017:09:58:00 -0300] "POST /cormun/servlet/prfichaempleado?d18dbc4e8ec9ab808492781cb77b7e31,,MD,,gxPopupLevel%3D0%3B,gx-no-cache=1492696353012 HTTP/1.1" 200 3401
200.111.191.210 - - [20/Apr/2017:09:58:01 -0300] "POST /cormun/servlet/solicitudot?gx-no-cache=1492696641860 HTTP/1.1" 200 30
200.111.191.210 - - [20/Apr/2017:09:58:04 -0300] "POST /cormun/servlet/solicitudot?gx-no-cache=1492696644649 HTTP/1.1" 200 235
200.111.191.210 - - [20/Apr/2017:09:58:04 -0300] "POST /cormun/servlet/solicitudot?gx-no-cache=1492696644720 HTTP/1.1" 200 38
192.168.10.89 - - [20/Apr/2017:09:58:04 -0300] "POST /cormun/servlet/solicitudot?gx-no-cache=1492696356696 HTTP/1.1" 200 3176
192.168.10.89 - - [20/Apr/2017:09:58:04 -0300] "POST /cormun/servlet/solicitudot?d18dbc4e8ec9ab808492781cb77b7e31,INS,0,0,,gx-no-cache=1492696356942 HTTP/1.1" 200 9980
192.168.10.89 - - [20/Apr/2017:09:58:06 -0300] "GET /cormun/servlet/solicitudot?dab0bd195bd6e6a0d99287f862333492db7e8b89585dd6eb10c3c07a0c2799d382ae66bdfa9be0afed327fc9cf3c696d,gx-no-cache=1492696358796 HTTP/1.1" 200 30
192.168.10.89 - - [20/Apr/2017:09:58:06 -0300] "POST /cormun/servlet/solicitudot?gx-no-cache=1492696358835 HTTP/1.1" 200 297
192.168.10.89 - - [20/Apr/2017:09:58:06 -0300] "GET /cormun/servlet/solicitudot?dab0bd195bd6e6a0d99287f86233349223a0a4c38a3f560d0af3736385f9b8df145ccb9471dbcf970524ba1e69105da72f93d6363354f126c12b221e623101144d0fb4913f82ebd6d3697cebb874327a5cbc17346507d375d9c69e3be18f5b2784afc44230737466f45c6a863d9e0b1b5166f2b688baf970dc056eca005bf96456f100d45debfbe3e247de8f2c450016b3c1f753967e27ff282a0ad2c1c8a30124493c7ec8e3622add8533a56f8cbac0563375587172867b40bb183a2141d6df0bc28b093112c78ebff31847b25ec8a1e38b297f58be319634bea70b36c8cc2e379f3210fd8c1a80c902d02bf71ea6e439ea9b691308d3a36e1e7fd9814f1692227419d06cae286ac58387dbf24f1ad39407cbbe49b65378bf7129da8f9904674798d1083daacf71e5b8da511ed8cd2286759669918cf4532f26b35d63a021cf73d9d860a3f41fd58e9b6ae0189e6f3e56080ed33f283bac1505fe60abdbefccc93db072bd7577afe644a7e351f81f249c476457d83ba11504a8e23315e6efa228e82c6fee1d1efd5d3dd174e417131c,gx-no-cache=1492696358889 HTTP/1.1" 200 30
192.168.10.89 - - [20/Apr/2017:09:58:08 -0300] "POST /cormun/servlet/solicitudot?gx-no-cache=1492696360211 HTTP/1.1" 200 30
201.214.54.252 - - [20/Apr/2017:09:58:09 -0300] "GET /cormun/static/menuarrow.gif HTTP/1.1" 404 1015
192.168.10.89 - - [20/Apr/2017:09:58:09 -0300] "GET /cormun/servlet/prcontratosol?17322077,,,,,MD,,gxPopupLevel%3D0%3B HTTP/1.1" 200 5930
192.168.10.89 - - [20/Apr/2017:09:58:09 -0300] "GET /cormun/static/gxcfg.js?201731711522183 HTTP/1.1" 304 -
192.168.10.89 - - [20/Apr/2017:09:58:12 -0300] "POST /cormun/servlet/solicitudot?gx-no-cache=1492696364996 HTTP/1.1" 200 1291
192.168.10.89 - - [20/Apr/2017:09:58:13 -0300] "POST /cormun/servlet/solicitudot?gx-no-cache=1492696365158 HTTP/1.1" 200 38
192.168.10.89 - - [20/Apr/2017:09:58:13 -0300] "GET /cormun/servlet/solicitudot?dab0bd195bd6e6a0d99287f862333492c50789d29b80a3deaa6bb5f369b1ae789768734b0b142d08ef5a1f0932507d93615922c6ed3887a9cd1ec92a038f94d9283f7bc4aafdd8e2deb5070a870c9a4cda141e1ae1fbb9783833409c483f8580178e30b30660b78b4a82aea7cc140f9f,gx-no-cache=1492696365188 HTTP/1.1" 200 29
192.168.10.89 - - [20/Apr/2017:09:58:13 -0300] "POST /cormun/servlet/solicitudot?gx-no-cache=1492696365216 HTTP/1.1" 200 1274
192.168.10.89 - - [20/Apr/2017:09:58:13 -0300] "POST /cormun/servlet/solicitudot?gx-no-cache=1492696365261 HTTP/1.1" 200 1156
200.54.247.69 - - [20/Apr/2017:09:58:21 -0300] "POST /cormun/servlet/hlogin?d5b1f318e3e1e629f63c3199ece05ac1,gx-no-cache=1492693165279 HTTP/1.1" 200 90
200.54.247.69 - - [20/Apr/2017:09:58:21 -0300] "GET /cormun/servlet/hpexe_link HTTP/1.1" 200 949
200.54.247.69 - - [20/Apr/2017:09:58:21 -0300] "GET /cormun/static/gxcfg.js?201731711483381 HTTP/1.1" 304 -
200.54.247.69 - - [20/Apr/2017:09:58:21 -0300] "GET /cormun/servlet/hhome HTTP/1.1" 200 4028
200.54.247.69 - - [20/Apr/2017:09:58:21 -0300] "GET /cormun/static/gxcfg.js?201731711483497 HTTP/1.1" 304 -
200.54.247.69 - - [20/Apr/2017:09:58:22 -0300] "GET /cormun/servlet/hhome HTTP/1.1" 200 4024
200.111.191.210 - - [20/Apr/2017:09:58:22 -0300] "GET /cormun/servlet/solicitudot?2fea1e466efcea32e6d45dcc649a78f007378e2c4ec43f95996d6aa49fef724bd17c1719dfcea325c20ef670a516de61049583695fe59d03796e61bb35ebb07934d685724c4d992258d121008be5e80acab50a1cac3f410ecdb36a0da81b68fbbdd27b8480ab57131d9f9305b445bf26,gx-no-cache=1492696663135 HTTP/1.1" 200 29
200.111.191.210 - - [20/Apr/2017:09:58:22 -0300] "POST /cormun/servlet/solicitudot?gx-no-cache=1492696663206 HTTP/1.1" 200 668
192.168.10.89 - - [20/Apr/2017:09:58:23 -0300] "GET /cormun/servlet/solicitudot?dab0bd195bd6e6a0d99287f862333492c50789d29b80a3deaa6bb5f369b1ae789768734b0b142d08ef5a1f0932507d93615922c6ed3887a9cd1ec92a038f94d9283f7bc4aafdd8e2deb5070a870c9a4cda141e1ae1fbb9783833409c483f8580178e30b30660b78b4a82aea7cc140f9f,gx-no-cache=1492696375256 HTTP/1.1" 200 29
192.168.10.89 - - [20/Apr/2017:09:58:23 -0300] "POST /cormun/servlet/solicitudot?gx-no-cache=1492696375345 HTTP/1.1" 200 1273
192.168.10.89 - - [20/Apr/2017:09:58:23 -0300] "POST /cormun/servlet/solicitudot?gx-no-cache=1492696375779 HTTP/1.1" 200 1156
200.111.191.210 - - [20/Apr/2017:09:58:23 -0300] "POST /cormun/servlet/solicitudot?gx-no-cache=1492696664536 HTTP/1.1" 200 1157
192.168.10.89 - - [20/Apr/2017:09:58:24 -0300] "GET /cormun/servlet/solicitudot?dab0bd195bd6e6a0d99287f8623334929bbc0a871337aef712ddb10c2c7faf38fb1fe4825114d193a489770f5dfe6ceebf95f1c31d350f4e6b0d94db752e1efb6578094631e574a206811bc99231a2d8192c26c7eb3013f2a795e38bd9f6efc6d28b2f8a40fc35eb2aba7bd4713d29a83c648e974250610790d8da3ed43acead9863d9fe9799f60a458512490c78bc7bfc9a89bfeb9bc24ee1ba111a071b802e23323b4ed2353d9162324564cc6e373f,gx-no-cache=1492696376895 HTTP/1.1" 200 30
200.54.247.69 - - [20/Apr/2017:09:58:28 -0300] "GET /cormun/servlet/trcontratounov2? HTTP/1.1" 200 16495
200.54.247.69 - - [20/Apr/2017:09:58:28 -0300] "GET /cormun/static/gxcfg.js?201731711595461 HTTP/1.1" 200 953
200.54.247.69 - - [20/Apr/2017:09:58:28 -0300] "GET /cormun/static/trcontratounov2.js?2017317120150 HTTP/1.1" 200 38423
200.54.247.69 - - [20/Apr/2017:09:58:28 -0300] "GET /cormun/static/Resources/PXToolsAddSelectedAction.png HTTP/1.1" 200 3660
200.54.247.69 - - [20/Apr/2017:09:58:28 -0300] "GET /cormun/servlet/trcontratounov2? HTTP/1.1" 200 16479
200.111.191.210 - - [20/Apr/2017:09:58:35 -0300] "GET /cormun/servlet/solicitudot?2fea1e466efcea32e6d45dcc649a78f0393b6ee2f9337a24842a67817df5198aa3a7db63f09fae9d4c7d4cab474f336b0c1cdae6b38291d129785d328954701de30729e62725ce7b7301d5fbd971e1279de83781753460c7e0ee1416b48500edf4683cc638b38305c0f15c15717e2fafc7b9ba4c681a802ee238b96438a91125b27f70b9fa563723758c7436967166786bfd9ad00a9a91e4907cdf91dde68702d88775a422a1ab0c350d21c3173ce2e3,gx-no-cache=1492696676009 HTTP/1.1" 200 30
192.168.10.13 - - [20/Apr/2017:09:58:41 -0300] "GET / HTTP/1.1" 200 11217
200.54.247.69 - - [20/Apr/2017:09:58:45 -0300] "GET /cormun/servlet/trcontratosolicitud? HTTP/1.1" 200 13553
200.54.247.69 - - [20/Apr/2017:09:58:46 -0300] "GET /cormun/static/gxui/gxui-all.css?120300 HTTP/1.1" 200 2179
200.54.247.69 - - [20/Apr/2017:09:58:46 -0300] "GET /cormun/static/Resources/Spanish/PXTools.css?18365030 HTTP/1.1" 304 -
200.54.247.69 - - [20/Apr/2017:09:58:46 -0300] "GET /cormun/static/gxcfg.js?20171317451682 HTTP/1.1" 200 953
200.111.191.210 - - [20/Apr/2017:09:58:46 -0300] "POST /cormun/servlet/solicitudot?0e52c817bd6c8ff270e7d3c867b854aa,INS,0,0,,gx-no-cache=1492696686533 HTTP/1.1" 200 93
200.54.247.69 - - [20/Apr/2017:09:58:46 -0300] "GET /cormun/static/trcontratosolicitud.js?20171317452124 HTTP/1.1" 200 28173
200.111.191.210 - - [20/Apr/2017:09:58:46 -0300] "GET /cormun/servlet/hpexe_return? HTTP/1.1" 200 1007
200.54.247.69 - - [20/Apr/2017:09:58:46 -0300] "GET /cormun/static/Shared/ext/resources/css/ext-all.css?215870 HTTP/1.1" 200 416045
200.111.191.210 - - [20/Apr/2017:09:58:46 -0300] "GET /cormun/servlet/trsolicitudot? HTTP/1.1" 200 8532
200.54.247.69 - - [20/Apr/2017:09:58:46 -0300] "GET /cormun//static/Resources/PXToolsGridNew.png HTTP/1.1" 200 2949
200.111.191.210 - - [20/Apr/2017:09:58:47 -0300] "GET /cormun/servlet/trsolicitudot? HTTP/1.1" 200 8527
200.54.247.69 - - [20/Apr/2017:09:58:47 -0300] "GET /cormun/servlet/trcontratosolicitud? HTTP/1.1" 200 13545
192.168.10.89 - - [20/Apr/2017:09:58:49 -0300] "POST /cormun/servlet/solicitudot?d18dbc4e8ec9ab808492781cb77b7e31,INS,0,0,,gx-no-cache=1492696400863 HTTP/1.1" 200 93
192.168.10.89 - - [20/Apr/2017:09:58:49 -0300] "GET /cormun/servlet/hpexe_return? HTTP/1.1" 200 1004
192.168.10.89 - - [20/Apr/2017:09:58:49 -0300] "GET /cormun/static/gxcfg.js?2016101716175148 HTTP/1.1" 304 -
192.168.10.89 - - [20/Apr/2017:09:58:49 -0300] "GET /cormun/servlet/trsolicitudot HTTP/1.1" 200 8188
192.168.10.13 - - [20/Apr/2017:09:59:41 -0300] "GET / HTTP/1.1" 200 11217
192.168.10.89 - - [20/Apr/2017:09:59:45 -0300] "POST /cormun/servlet/trsolicitudot?d18dbc4e8ec9ab808492781cb77b7e31,gx-no-cache=1492696457727 HTTP/1.1" 200 4346
192.168.10.89 - - [20/Apr/2017:09:59:46 -0300] "POST /cormun/servlet/trsolicitudot?d18dbc4e8ec9ab808492781cb77b7e31,gx-no-cache=1492696458063 HTTP/1.1" 200 4121
192.168.10.89 - - [20/Apr/2017:09:59:46 -0300] "GET /cormun/static/Shared/jqueryui/images/ui-bg_highlight-soft_100_c6c2c8_1x100.png HTTP/1.1" 404 1117
192.168.10.89 - - [20/Apr/2017:09:59:46 -0300] "GET /cormun/static/Shared/jqueryui/images/ui-icons_82798d_256x240.png HTTP/1.1" 404 1089
192.168.10.89 - - [20/Apr/2017:09:59:46 -0300] "GET /cormun/static/Shared/jqueryui/images/ui-bg_flat_55_fafafa_40x100.png HTTP/1.1" 404 1097
192.168.10.89 - - [20/Apr/2017:09:59:46 -0300] "GET /cormun/static/Shared/jqueryui/images/ui-icons_8d78a5_256x240.png HTTP/1.1" 404 1089
192.168.10.89 - - [20/Apr/2017:09:59:47 -0300] "GET /cormun/servlet/trautorizarsolicitud? HTTP/1.1" 200 10288
192.168.10.89 - - [20/Apr/2017:09:59:48 -0300] "GET /cormun/static/gxcfg.js?2017259112829 HTTP/1.1" 304 -
192.168.10.89 - - [20/Apr/2017:09:59:48 -0300] "GET /cormun/static/trautorizarsolicitud.js?2017259113483 HTTP/1.1" 304 -
192.168.10.89 - - [20/Apr/2017:09:59:54 -0300] "POST /cormun/servlet/trautorizarsolicitud?d18dbc4e8ec9ab808492781cb77b7e31,,gx-no-cache=1492696466504 HTTP/1.1" 200 7283
192.168.10.89 - - [20/Apr/2017:09:59:55 -0300] "POST /cormun/servlet/trautorizarsolicitud?d18dbc4e8ec9ab808492781cb77b7e31,,gx-no-cache=1492696467102 HTTP/1.1" 200 7221
192.168.10.89 - - [20/Apr/2017:09:59:55 -0300] "GET /cormun/static/Shared/jqueryui/images/ui-icons_8d78a5_256x240.png HTTP/1.1" 404 1089
192.168.10.89 - - [20/Apr/2017:09:59:55 -0300] "GET /cormun/static/Shared/jqueryui/images/ui-bg_highlight-soft_100_c6c2c8_1x100.png HTTP/1.1" 404 1117
192.168.10.89 - - [20/Apr/2017:09:59:55 -0300] "GET /cormun/static/Shared/jqueryui/images/ui-bg_flat_55_fafafa_40x100.png HTTP/1.1" 404 1097
192.168.10.89 - - [20/Apr/2017:09:59:55 -0300] "GET /cormun/static/Shared/jqueryui/images/ui-icons_82798d_256x240.png HTTP/1.1" 404 1089
192.168.10.13 - - [20/Apr/2017:10:00:41 -0300] "GET / HTTP/1.1" 200 11217
192.168.10.89 - - [20/Apr/2017:10:01:07 -0300] "GET /cormun/servlet/trsolicitudot? HTTP/1.1" 200 6939
192.168.10.89 - - [20/Apr/2017:10:01:10 -0300] "GET /cormun/servlet/trautorizarsolicitud? HTTP/1.1" 200 10003
200.54.247.69 - - [20/Apr/2017:10:01:30 -0300] "GET /cormun/servlet/trlicencias? HTTP/1.1" 200 6883
200.54.247.69 - - [20/Apr/2017:10:01:30 -0300] "GET /cormun/static/gxcfg.js?201741111445981 HTTP/1.1" 200 953
200.54.247.69 - - [20/Apr/2017:10:01:31 -0300] "GET /cormun/static/trlicencias.js?20174111145440 HTTP/1.1" 200 37913
200.54.247.69 - - [20/Apr/2017:10:01:31 -0300] "GET /cormun/servlet/trlicencias? HTTP/1.1" 200 6882
192.168.10.89 - - [20/Apr/2017:10:01:35 -0300] "GET /cormun/servlet/trsolicitudot? HTTP/1.1" 200 6939
192.168.10.89 - - [20/Apr/2017:10:01:38 -0300] "GET /cormun/servlet/trautorizarsolicitud? HTTP/1.1" 200 10003
192.168.10.13 - - [20/Apr/2017:10:01:41 -0300] "GET / HTTP/1.1" 200 11217
192.168.10.89 - - [20/Apr/2017:10:01:42 -0300] "POST /cormun/servlet/trautorizarsolicitud?d18dbc4e8ec9ab808492781cb77b7e31,,gx-no-cache=1492696575053 HTTP/1.1" 200 115
192.168.10.89 - - [20/Apr/2017:10:01:43 -0300] "GET /cormun/servlet/solicitudotlog?INS,2017,6124,0,ANU, HTTP/1.1" 200 5750
192.168.10.89 - - [20/Apr/2017:10:01:43 -0300] "GET /cormun/static/gxcfg.js?201731711401563 HTTP/1.1" 304 -
192.168.10.89 - - [20/Apr/2017:10:01:44 -0300] "GET /cormun/servlet/solicitudotlog?dab0bd195bd6e6a0d99287f862333492e2269f3f3ea234f3266b9bc9130539689768734b0b142d08ef5a1f0932507d93efaa698001403043ada63811fae1443ba4d58d94b7f376a1b4aa6af9b6f7a03756de9bc0bfec5fdb8ea2e5ded033f470ffb1520d6b2868a107a5165f717b4fb5ee60a05dbf64423d9800c204bb41760c55a5d2adc31d25bcc7341a8a4d3dcf54350b76755206bef769711121665bac04,gx-no-cache=1492696576362 HTTP/1.1" 200 94
192.168.10.89 - - [20/Apr/2017:10:01:45 -0300] "GET /cormun/servlet/trautorizarsolicitud? HTTP/1.1" 200 10003
200.54.247.69 - - [20/Apr/2017:10:01:47 -0300] "GET /cormun/servlet/trlicencias? HTTP/1.1" 200 6882
200.54.247.69 - - [20/Apr/2017:10:01:48 -0300] "GET /cormun/servlet/trlicencias? HTTP/1.1" 200 6882
200.111.191.210 - - [20/Apr/2017:10:01:50 -0300] "POST /cormun/servlet/trsolicitudot?0e52c817bd6c8ff270e7d3c867b854aa,,gx-no-cache=1492696870184 HTTP/1.1" 200 106
200.111.191.210 - - [20/Apr/2017:10:01:50 -0300] "GET /cormun/servlet/trsolicitudadjuntos?2017,6141, HTTP/1.1" 200 5877
200.111.191.210 - - [20/Apr/2017:10:01:50 -0300] "GET /cormun/servlet/trsolicitudadjuntos?2017,6141, HTTP/1.1" 200 5877
200.111.191.210 - - [20/Apr/2017:10:01:52 -0300] "GET /cormun/servlet/solicitudotadjuntos?INS,2017,6141,,1, HTTP/1.1" 200 5810
200.111.191.210 - - [20/Apr/2017:10:01:52 -0300] "GET /cormun/static/about:blank HTTP/1.1" 404 1011
200.111.191.210 - - [20/Apr/2017:10:01:52 -0300] "GET /cormun/servlet/solicitudotadjuntos?INS,2017,6141,,1, HTTP/1.1" 200 5804
200.111.191.210 - - [20/Apr/2017:10:01:53 -0300] "GET /cormun/servlet/solicitudotadjuntos?2fea1e466efcea32e6d45dcc649a78f0359f87e29285019628e556bd360e6caef4b929a2a1a4f68c944dcc5983d2d761,gx-no-cache=1492696873845 HTTP/1.1" 200 30
200.111.191.210 - - [20/Apr/2017:10:01:53 -0300] "POST /cormun/servlet/solicitudotadjuntos?0e52c817bd6c8ff270e7d3c867b854aa,INS,2017,6141,,1,,gx-no-cache=1492696873914 HTTP/1.1" 200 3634
200.111.191.210 - - [20/Apr/2017:10:01:55 -0300] "POST /cormun/servlet/solicitudotadjuntos?gx-no-cache=1492696875720 HTTP/1.1" 200 26
200.54.247.69 - - [20/Apr/2017:10:01:55 -0300] "GET /cormun/servlet/trlicencias? HTTP/1.1" 200 6882
192.168.10.89 - - [20/Apr/2017:10:01:55 -0300] "POST /cormun/servlet/trautorizarsolicitud?d18dbc4e8ec9ab808492781cb77b7e31,,gx-no-cache=1492696587781 HTTP/1.1" 200 115
192.168.10.89 - - [20/Apr/2017:10:01:55 -0300] "GET /cormun/servlet/solicitudotlog?INS,2017,6124,0,REC, HTTP/1.1" 200 5749
200.54.247.69 - - [20/Apr/2017:10:01:56 -0300] "GET /cormun/servlet/trlicencias? HTTP/1.1" 200 6882
192.168.10.89 - - [20/Apr/2017:10:01:56 -0300] "GET /cormun/servlet/solicitudotlog?dab0bd195bd6e6a0d99287f862333492e2269f3f3ea234f3266b9bc9130539689768734b0b142d08ef5a1f0932507d93efaa698001403043ada63811fae1443ba4d58d94b7f376a1b4aa6af9b6f7a03756de9bc0bfec5fdb8ea2e5ded033f470ffb1520d6b2868a107a5165f717b4fb5ee60a05dbf64423d9800c204bb41760c55a5d2adc31d25bcc7341a8a4d3dcf54350b76755206bef769711121665bac04,gx-no-cache=1492696589105 HTTP/1.1" 200 94
200.54.247.69 - - [20/Apr/2017:10:01:57 -0300] "POST /cormun/servlet/trlicencias?d5b1f318e3e1e629f63c3199ece05ac1,,gx-no-cache=1492693381671 HTTP/1.1" 200 4079
192.168.10.89 - - [20/Apr/2017:10:02:00 -0300] "POST /cormun/servlet/solicitudotlog?d18dbc4e8ec9ab808492781cb77b7e31,INS,2017,6124,0,REC,,gx-no-cache=1492696592410 HTTP/1.1" 200 93
192.168.10.89 - - [20/Apr/2017:10:02:00 -0300] "GET /cormun/servlet/hpexe_return? HTTP/1.1" 200 1025
200.54.247.69 - - [20/Apr/2017:10:02:00 -0300] "POST /cormun/servlet/trlicencias?d5b1f318e3e1e629f63c3199ece05ac1,,gx-no-cache=1492693385130 HTTP/1.1" 200 4082
192.168.10.89 - - [20/Apr/2017:10:02:00 -0300] "GET /cormun/servlet/trautorizarsolicitud HTTP/1.1" 200 9672
200.54.247.69 - - [20/Apr/2017:10:02:03 -0300] "POST /cormun/servlet/trlicencias?d5b1f318e3e1e629f63c3199ece05ac1,,gx-no-cache=1492693387025 HTTP/1.1" 200 4081
192.168.10.89 - - [20/Apr/2017:10:02:04 -0300] "GET /cormun/servlet/trsolicitudot? HTTP/1.1" 200 8184
200.111.191.210 - - [20/Apr/2017:10:02:05 -0300] "GET /cormun/servlet/solicitudotadjuntos?2fea1e466efcea32e6d45dcc649a78f0f803e69ac89ff74f8ed6650aa6fc29b2,gx-no-cache=1492696886183 HTTP/1.1" 200 30
200.111.191.210 - - [20/Apr/2017:10:02:05 -0300] "GET /cormun/servlet/solicitudotadjuntos?2fea1e466efcea32e6d45dcc649a78f0f803e69ac89ff74f8ed6650aa6fc29b2,gx-no-cache=1492696886245 HTTP/1.1" 200 30
200.54.247.69 - - [20/Apr/2017:10:02:07 -0300] "POST /cormun/servlet/trlicencias?d5b1f318e3e1e629f63c3199ece05ac1,,gx-no-cache=1492693390106 HTTP/1.1" 200 4083
201.214.54.252 - - [20/Apr/2017:10:02:09 -0300] "GET /cormun/servlet/licenciaspermisos?ea82f27486a81d51dd21b5d5ca08521f7eefa573b643e777eac05308671bbdcc6af35fe2afeaa4357fcd2a8cefdbab75bd41733b0d0a89d74a73a616cf4d72cc82575a47217b5be0a8b076cfd691b05c850c9ebc74cd2772ccdbd06b12490d8d3441cfe3823a22c14a4ed677363cf62e562fbd671dcdb2dbf99ef5cceb378435fb0270a0c34d65443a977b5d6229d9bc276fef6423a6e2e3b32f4650e74ce3a19bb6a205cf6a28c5e852a1299e041650,gx-no-cache=1492693393038 HTTP/1.1" 200 30
201.214.54.252 - - [20/Apr/2017:10:02:09 -0300] "GET /cormun/servlet/licenciaspermisos?ea82f27486a81d51dd21b5d5ca08521f79dea907719a10ba08f2be98ec686ad8e2c611e86f1f83462eee4aee47d3b31c0286b0ed154eec7f3e753aacf8dee9ab032975fe5256ab9d2159190ede4899e567fe7161974ef3b8ee15f4dd44249b580f8eebbc927e886e3b853836852d74744564bf01d3442638387109d11c2a0bd007028fc1b6faec05012bd625d3e9bb46515fca80ac9afbd3ee8a59d637c82ef6d5e501cb6408dd629194bee76caf542d,gx-no-cache=1492693393244 HTTP/1.1" 200 29
200.54.247.69 - - [20/Apr/2017:10:02:10 -0300] "POST /cormun/servlet/trlicencias?d5b1f318e3e1e629f63c3199ece05ac1,,gx-no-cache=1492693395066 HTTP/1.1" 200 6967
200.111.191.210 - - [20/Apr/2017:10:02:10 -0300] "POST /cormun/servlet/solicitudotadjuntos?0e52c817bd6c8ff270e7d3c867b854aa,INS,2017,6141,,1, HTTP/1.1" 200 116
200.111.191.210 - - [20/Apr/2017:10:02:10 -0300] "GET /cormun/servlet/hpexe_return? HTTP/1.1" 200 1025
201.214.54.252 - - [20/Apr/2017:10:02:11 -0300] "POST /cormun/servlet/licenciaspermisos?2c4375b9816126fe904ba2b0ecf14c99,INS,0,,,,gx-no-cache=1492693393386 HTTP/1.1" 200 93
201.214.54.252 - - [20/Apr/2017:10:02:11 -0300] "GET /cormun/servlet/hpexe_return? HTTP/1.1" 200 1011
200.111.191.210 - - [20/Apr/2017:10:02:11 -0300] "GET /cormun/servlet/trsolicitudadjuntos?2017,6141, HTTP/1.1" 200 8016
201.214.54.252 - - [20/Apr/2017:10:02:11 -0300] "GET /cormun/static/gxcfg.js?2016101716175148 HTTP/1.1" 200 953
201.214.54.252 - - [20/Apr/2017:10:02:11 -0300] "GET /cormun/static/hpexe_return.js?2016101716175153 HTTP/1.1" 200 1633
201.214.54.252 - - [20/Apr/2017:10:02:11 -0300] "GET /cormun/static/Resources/Spanish/PXTools.css?167811 HTTP/1.1" 200 89042
200.111.191.210 - - [20/Apr/2017:10:02:11 -0300] "GET /cormun/servlet/trsolicitudadjuntos?2017,6141, HTTP/1.1" 200 8012
201.214.54.252 - - [20/Apr/2017:10:02:11 -0300] "GET /cormun/servlet/trlicencias HTTP/1.1" 200 7944
200.111.191.210 - - [20/Apr/2017:10:02:13 -0300] "GET /cormun/servlet/solicitudotadjuntos?INS,2017,6141,,1, HTTP/1.1" 200 5810
200.111.191.210 - - [20/Apr/2017:10:02:13 -0300] "GET /cormun/static/about:blank HTTP/1.1" 404 1011
200.111.191.210 - - [20/Apr/2017:10:02:13 -0300] "GET /cormun/servlet/solicitudotadjuntos?INS,2017,6141,,1, HTTP/1.1" 200 5804
201.214.54.252 - - [20/Apr/2017:10:02:14 -0300] "GET /cormun//static/Resources/PXToolsGridUpdate.png HTTP/1.1" 200 2984
201.214.54.252 - - [20/Apr/2017:10:02:14 -0300] "GET /cormun//static/Resources/PXToolsGridDisplay.png HTTP/1.1" 200 362
201.214.54.252 - - [20/Apr/2017:10:02:14 -0300] "GET /cormun//static/Resources/PXToolsGridDelete.png HTTP/1.1" 200 357
201.214.54.252 - - [20/Apr/2017:10:02:14 -0300] "GET /cormun//static/Resources/PXToolsActionPrint.png HTTP/1.1" 200 3317
201.214.54.252 - - [20/Apr/2017:10:02:14 -0300] "GET /cormun//static/Resources/PXTools/ActionInsert.png HTTP/1.1" 200 1482
201.214.54.252 - - [20/Apr/2017:10:02:14 -0300] "GET /cormun//static/Resources/PXToolsHeaderFavorites.png HTTP/1.1" 200 2744
200.111.191.210 - - [20/Apr/2017:10:02:14 -0300] "GET /cormun/servlet/solicitudotadjuntos?2fea1e466efcea32e6d45dcc649a78f0359f87e29285019628e556bd360e6caef4b929a2a1a4f68c944dcc5983d2d761,gx-no-cache=1492696894940 HTTP/1.1" 200 30
