186.103.159.182 - - [20/Apr/2017:12:26:01 -0300] "POST /cormun/servlet/trpermisosingoceadjunto?5ef626123102a46716a3233f0af7da2d,72,13776601,,gx-no-cache=1492702024490 HTTP/1.1" 200 90
186.103.159.182 - - [20/Apr/2017:12:26:01 -0300] "GET /cormun/servlet/hpexe_link HTTP/1.1" 200 981
186.103.159.182 - - [20/Apr/2017:12:26:01 -0300] "GET /cormun/servlet/trinasistencia HTTP/1.1" 200 7916
186.103.159.182 - - [20/Apr/2017:12:26:03 -0300] "GET /cormun/servlet/trinasistencia HTTP/1.1" 200 7914
186.103.159.182 - - [20/Apr/2017:12:26:10 -0300] "GET /cormun/servlet/ainasistenciaprn?72,PU HTTP/1.1" 200 1633
192.168.10.13 - - [20/Apr/2017:12:26:41 -0300] "GET / HTTP/1.1" 200 11217
192.168.10.13 - - [20/Apr/2017:12:27:41 -0300] "GET / HTTP/1.1" 200 11217
192.168.10.13 - - [20/Apr/2017:12:28:41 -0300] "GET / HTTP/1.1" 200 11217
186.103.159.46 - - [20/Apr/2017:12:28:53 -0300] "GET /cormun/servlet/hhome HTTP/1.1" 200 3323
186.103.159.46 - - [20/Apr/2017:12:28:54 -0300] "GET /cormun/static/hhome.js?20173171148352 HTTP/1.1" 304 -
186.103.159.46 - - [20/Apr/2017:12:28:55 -0300] "GET /cormun/servlet/hhome HTTP/1.1" 200 3333
186.103.159.46 - - [20/Apr/2017:12:28:55 -0300] "GET /cormun/servlet/hlogin HTTP/1.1" 200 1731
186.103.159.46 - - [20/Apr/2017:12:29:09 -0300] "POST /cormun/servlet/hlogin?8d7d5e1116e0ef349466b26fedd2784e,gx-no-cache=1492705810315 HTTP/1.1" 200 90
186.103.159.46 - - [20/Apr/2017:12:29:09 -0300] "GET /cormun/servlet/hpexe_link HTTP/1.1" 200 951
186.103.159.46 - - [20/Apr/2017:12:29:09 -0300] "GET /cormun/servlet/hhome HTTP/1.1" 200 3781
186.103.159.46 - - [20/Apr/2017:12:29:11 -0300] "GET /cormun/servlet/hhome HTTP/1.1" 200 3780
192.168.10.13 - - [20/Apr/2017:12:29:41 -0300] "GET / HTTP/1.1" 200 11217
186.9.128.153 - - [20/Apr/2017:12:29:49 -0300] "GET /cormun/servlet/hlogin HTTP/1.1" 200 1727
186.9.128.153 - - [20/Apr/2017:12:29:50 -0300] "GET /cormun/static/gxcfg.js?201741110203197 HTTP/1.1" 304 -
186.9.128.153 - - [20/Apr/2017:12:29:50 -0300] "GET /cormun/static/messages.spa.js?85251 HTTP/1.1" 304 -
186.9.128.153 - - [20/Apr/2017:12:29:51 -0300] "GET /cormun/static/hlogin.js?201741110203211 HTTP/1.1" 304 -
186.9.128.153 - - [20/Apr/2017:12:29:52 -0300] "GET /cormun/servlet/hlogin HTTP/1.1" 200 1733
186.9.128.153 - - [20/Apr/2017:12:30:07 -0300] "POST /cormun/servlet/hlogin?a59d7a0b30e6549dda78f60c27ab0162,gx-no-cache=1492702272195 HTTP/1.1" 200 90
186.9.128.153 - - [20/Apr/2017:12:30:07 -0300] "GET /cormun/servlet/hpexe_link HTTP/1.1" 200 950
186.9.128.153 - - [20/Apr/2017:12:30:07 -0300] "GET /cormun/static/gxcfg.js?201731711483381 HTTP/1.1" 304 -
186.9.128.153 - - [20/Apr/2017:12:30:07 -0300] "GET /cormun/servlet/hhome HTTP/1.1" 200 3970
186.9.128.153 - - [20/Apr/2017:12:30:08 -0300] "GET /cormun/static/gxcfg.js?201731711483497 HTTP/1.1" 304 -
186.9.128.153 - - [20/Apr/2017:12:30:10 -0300] "GET /cormun/servlet/hhome HTTP/1.1" 200 3967
186.103.159.182 - - [20/Apr/2017:12:30:23 -0300] "GET /cormun/servlet/inasistencia?UPD,71, HTTP/1.1" 200 6875
186.103.159.182 - - [20/Apr/2017:12:30:24 -0300] "GET /cormun/servlet/inasistencia?UPD,71, HTTP/1.1" 200 6876
192.168.10.13 - - [20/Apr/2017:12:30:41 -0300] "GET / HTTP/1.1" 200 11217
186.103.159.182 - - [20/Apr/2017:12:30:53 -0300] "POST /cormun/servlet/inasistencia?5ef626123102a46716a3233f0af7da2d,UPD,71,,gx-no-cache=1492702316429 HTTP/1.1" 200 93
186.103.159.182 - - [20/Apr/2017:12:30:53 -0300] "GET /cormun/servlet/hpexe_return? HTTP/1.1" 200 1007
186.103.159.182 - - [20/Apr/2017:12:30:53 -0300] "GET /cormun/servlet/trinasistencia HTTP/1.1" 200 7918
186.103.159.182 - - [20/Apr/2017:12:30:55 -0300] "GET /cormun/servlet/trinasistencia HTTP/1.1" 200 7914
186.9.128.153 - - [20/Apr/2017:12:30:57 -0300] "GET /cormun/servlet/trsolicitudot? HTTP/1.1" 200 6940
186.9.128.153 - - [20/Apr/2017:12:30:57 -0300] "GET /cormun/static/gxcfg.js?201731711505139 HTTP/1.1" 304 -
186.9.128.153 - - [20/Apr/2017:12:31:00 -0300] "GET /cormun/servlet/trsolicitudot? HTTP/1.1" 200 6940
186.9.128.153 - - [20/Apr/2017:12:31:03 -0300] "GET /cormun/servlet/solicitudot?INS,0,0, HTTP/1.1" 200 12774
186.9.128.153 - - [20/Apr/2017:12:31:04 -0300] "GET /cormun/static/gxcfg.js?20171191042720 HTTP/1.1" 304 -
186.9.128.153 - - [20/Apr/2017:12:31:06 -0300] "GET /cormun/servlet/solicitudot?INS,0,0, HTTP/1.1" 200 12779
186.9.128.153 - - [20/Apr/2017:12:31:18 -0300] "GET /cormun/servlet/prfichaempleado?,MD,,gxPopupLevel%3D0%3B HTTP/1.1" 200 8789
186.9.128.153 - - [20/Apr/2017:12:31:19 -0300] "GET /cormun/static/gxcfg.js?2017319125415 HTTP/1.1" 304 -
186.9.128.153 - - [20/Apr/2017:12:31:32 -0300] "POST /cormun/servlet/prfichaempleado?a59d7a0b30e6549dda78f60c27ab0162,,MD,,gxPopupLevel%3D0%3B,gx-no-cache=1492702357709 HTTP/1.1" 200 3403
186.103.159.182 - - [20/Apr/2017:12:31:36 -0300] "GET /cormun/servlet/trsolicitudot? HTTP/1.1" 200 7030
186.103.159.182 - - [20/Apr/2017:12:31:36 -0300] "GET /cormun/static/gxcfg.js?201731711505139 HTTP/1.1" 304 -
186.103.159.182 - - [20/Apr/2017:12:31:36 -0300] "GET /cormun/static/trsolicitudot.js?20173171151116 HTTP/1.1" 304 -
186.103.159.182 - - [20/Apr/2017:12:31:37 -0300] "GET /cormun/servlet/trsolicitudot? HTTP/1.1" 200 7030
192.168.10.13 - - [20/Apr/2017:12:31:41 -0300] "GET / HTTP/1.1" 200 11217
186.103.159.182 - - [20/Apr/2017:12:32:19 -0300] "GET /cormun/servlet/trautorizarsolicitud? HTTP/1.1" 200 6991
186.103.159.182 - - [20/Apr/2017:12:32:19 -0300] "GET /cormun/static/Resources/Spanish/PXTools.css?18365030 HTTP/1.1" 304 -
186.103.159.182 - - [20/Apr/2017:12:32:19 -0300] "GET /cormun/static/gxcfg.js?2017259112829 HTTP/1.1" 304 -
186.103.159.182 - - [20/Apr/2017:12:32:20 -0300] "GET /cormun/servlet/trautorizarsolicitud? HTTP/1.1" 200 6991
186.103.159.46 - - [20/Apr/2017:12:32:26 -0300] "GET /cormun/servlet/trsolicitudot? HTTP/1.1" 200 8010
186.103.159.46 - - [20/Apr/2017:12:32:28 -0300] "GET /cormun/servlet/trsolicitudot? HTTP/1.1" 200 8007
186.9.128.153 - - [20/Apr/2017:12:32:31 -0300] "POST /cormun/servlet/solicitudot?gx-no-cache=1492702416539 HTTP/1.1" 200 3168
186.103.159.46 - - [20/Apr/2017:12:32:32 -0300] "POST /cormun/servlet/trsolicitudot?8d7d5e1116e0ef349466b26fedd2784e,,gx-no-cache=1492706012668 HTTP/1.1" 200 106
186.9.128.153 - - [20/Apr/2017:12:32:32 -0300] "POST /cormun/servlet/solicitudot?a59d7a0b30e6549dda78f60c27ab0162,INS,0,0,,gx-no-cache=1492702417021 HTTP/1.1" 200 9958
186.103.159.46 - - [20/Apr/2017:12:32:32 -0300] "GET /cormun/servlet/trsolicitudadjuntos?2017,6112, HTTP/1.1" 200 8411
186.9.128.153 - - [20/Apr/2017:12:32:32 -0300] "GET /cormun/servlet/solicitudot?0dc0b02e606fb6eeb399c8b8c1cfad1dda18c052bf0cbe5a537069b800b21e4217d2c7ecbbd068ed891dc61ae98abbe9,gx-no-cache=1492702417517 HTTP/1.1" 200 30
186.103.159.46 - - [20/Apr/2017:12:32:33 -0300] "GET /cormun/servlet/trsolicitudadjuntos?2017,6112, HTTP/1.1" 200 8415
186.103.159.46 - - [20/Apr/2017:12:32:37 -0300] "GET /cormun/servlet/solicitudotadjuntos?INS,2017,6112,,1, HTTP/1.1" 200 5817
186.103.159.46 - - [20/Apr/2017:12:32:38 -0300] "GET /cormun/static/about:blank HTTP/1.1" 404 1011
186.103.159.46 - - [20/Apr/2017:12:32:38 -0300] "GET /cormun/servlet/solicitudotadjuntos?INS,2017,6112,,1, HTTP/1.1" 200 5811
186.103.159.46 - - [20/Apr/2017:12:32:39 -0300] "GET /cormun/servlet/solicitudotadjuntos?9620229294c70b2638d78a10fdec28219ea27dd7c4e1a8f039b9a01128cbaff14ff5477df42d6aa7bf2d825d3c96e382,gx-no-cache=1492706020547 HTTP/1.1" 200 30
186.103.159.46 - - [20/Apr/2017:12:32:39 -0300] "POST /cormun/servlet/solicitudotadjuntos?8d7d5e1116e0ef349466b26fedd2784e,INS,2017,6112,,1,,gx-no-cache=1492706020635 HTTP/1.1" 200 3669
192.168.10.13 - - [20/Apr/2017:12:32:41 -0300] "GET / HTTP/1.1" 200 11217
186.103.159.46 - - [20/Apr/2017:12:32:41 -0300] "POST /cormun/servlet/solicitudotadjuntos?gx-no-cache=1492706023118 HTTP/1.1" 200 26
186.9.128.153 - - [20/Apr/2017:12:32:43 -0300] "POST /cormun/servlet/solicitudot?gx-no-cache=1492702428373 HTTP/1.1" 200 255
186.9.128.153 - - [20/Apr/2017:12:32:43 -0300] "GET /cormun/servlet/solicitudot?0dc0b02e606fb6eeb399c8b8c1cfad1d6481357bc5f5adb368368f93b0f29aa166d64443ef782733ae9a8b8a025bc3d7689b2985b92f32f4bd50886800c7e92c481c98c950c70bcbc6aead1042f2269256293d5bf1566443742f6a709c366a5f65a694b030797369d8df379e609c739975609799adf76f08e1d6fc62a8bd9f4e40d65edf04bf98adf3211e9804ce2c74d99474e86f01dc83c595df1f359e2e944a90badba13d9bc3502d3d441de7774e15bf93edf43374a400c95b0db455426e7f7f8eeedad572f983e77f8e28fd440fb7eedb12c3ee5a30b58d6bb7a776f7bfb5852510926978f34c1a8788073343ed3a87512a81e6b8c13cc4745555bd894f9402f73e54be1dc6efc3848b79e500fded0354c6847cce204d0927c464dd92980bfa93b0a840ab514aa56e98ebf9f43e981c539092197f6bd9d33998a521e2c955d5f85dba48a5b89f39482acbd6bd43cc49328bd3d7df4f67bfba1d2395a90f0cedb3ffc59c7b253d18bdb61ee353ac4494cbdbc40ec54573efa09854845c27,gx-no-cache=1492702428529 HTTP/1.1" 200 30
186.9.128.153 - - [20/Apr/2017:12:32:56 -0300] "POST /cormun/servlet/solicitudot?gx-no-cache=1492702441427 HTTP/1.1" 200 30
186.9.128.153 - - [20/Apr/2017:12:33:00 -0300] "GET /cormun/servlet/prcontratosol?14201838,,,,,MD,,gxPopupLevel%3D0%3B HTTP/1.1" 200 5925
186.9.128.153 - - [20/Apr/2017:12:33:00 -0300] "GET /cormun/static/gxcfg.js?201731711522183 HTTP/1.1" 304 -
186.103.159.182 - - [20/Apr/2017:12:33:01 -0300] "GET /cormun/servlet/trsolicitudot? HTTP/1.1" 200 7030
186.103.159.182 - - [20/Apr/2017:12:33:03 -0300] "GET /cormun/servlet/trsolicitudot? HTTP/1.1" 200 7030
186.9.128.153 - - [20/Apr/2017:12:33:04 -0300] "POST /cormun/servlet/solicitudot?gx-no-cache=1492702449309 HTTP/1.1" 200 1291
186.9.128.153 - - [20/Apr/2017:12:33:04 -0300] "POST /cormun/servlet/solicitudot?gx-no-cache=1492702449490 HTTP/1.1" 200 38
186.9.128.153 - - [20/Apr/2017:12:33:04 -0300] "GET /cormun/servlet/solicitudot?0dc0b02e606fb6eeb399c8b8c1cfad1df7ac0cd961ebb68daa8223ff5c7eb6dfc6b67d3c730656d86ebb41e47dcbc41777c477599df47fd833322850db8b12cdd5c432e831229e4a9a64b7ef6404b373c8f32051c7d2f1ac7c68dedec413da193b506a01af2fcf6183b673399962021401ebd4d577eccbf7f2fc6085fb646a569be2ddc466a10fd862808259ca080fab3522da4dfdd7ed91679a83f74083a44b,gx-no-cache=1492702449614 HTTP/1.1" 200 29
186.9.128.153 - - [20/Apr/2017:12:33:04 -0300] "POST /cormun/servlet/solicitudot?gx-no-cache=1492702449734 HTTP/1.1" 200 1274
186.9.128.153 - - [20/Apr/2017:12:33:04 -0300] "POST /cormun/servlet/solicitudot?gx-no-cache=1492702449897 HTTP/1.1" 200 1157
186.103.159.182 - - [20/Apr/2017:12:33:07 -0300] "GET /cormun/servlet/solicitudot?INS,0,0, HTTP/1.1" 200 12856
186.103.159.182 - - [20/Apr/2017:12:33:07 -0300] "GET /cormun/static/gxcfg.js?20171191042720 HTTP/1.1" 304 -
186.103.159.182 - - [20/Apr/2017:12:33:07 -0300] "GET /cormun/static/solicitudot.js?2017119104297 HTTP/1.1" 304 -
186.103.159.182 - - [20/Apr/2017:12:33:09 -0300] "GET /cormun/servlet/solicitudot?INS,0,0, HTTP/1.1" 200 12861
186.103.159.46 - - [20/Apr/2017:12:33:26 -0300] "GET /cormun/servlet/solicitudotadjuntos?9620229294c70b2638d78a10fdec2821d587b1c0e58022df3fe2c3da0a121b3a,gx-no-cache=1492706068116 HTTP/1.1" 200 30
186.103.159.46 - - [20/Apr/2017:12:33:27 -0300] "GET /cormun/servlet/solicitudotadjuntos?9620229294c70b2638d78a10fdec2821d587b1c0e58022df3fe2c3da0a121b3a,gx-no-cache=1492706068187 HTTP/1.1" 200 30
186.103.159.46 - - [20/Apr/2017:12:33:28 -0300] "POST /cormun/servlet/solicitudotadjuntos?8d7d5e1116e0ef349466b26fedd2784e,INS,2017,6112,,1, HTTP/1.1" 200 116
186.103.159.46 - - [20/Apr/2017:12:33:28 -0300] "GET /cormun/servlet/hpexe_return? HTTP/1.1" 200 1024
186.103.159.46 - - [20/Apr/2017:12:33:29 -0300] "GET /cormun/servlet/trsolicitudadjuntos?2017,6112, HTTP/1.1" 200 8575
186.103.159.46 - - [20/Apr/2017:12:33:31 -0300] "GET /cormun/servlet/trsolicitudadjuntos?2017,6112, HTTP/1.1" 200 8574
186.103.159.46 - - [20/Apr/2017:12:33:34 -0300] "GET /cormun/servlet/solicitudotadjuntos?INS,2017,6112,,1, HTTP/1.1" 200 5818
186.9.128.153 - - [20/Apr/2017:12:33:35 -0300] "POST /cormun/servlet/solicitudot?gx-no-cache=1492702480235 HTTP/1.1" 200 1273
186.103.159.46 - - [20/Apr/2017:12:33:35 -0300] "GET /cormun/static/about:blank HTTP/1.1" 404 1011
186.103.159.46 - - [20/Apr/2017:12:33:35 -0300] "GET /cormun/servlet/solicitudotadjuntos?INS,2017,6112,,1, HTTP/1.1" 200 5812
186.9.128.153 - - [20/Apr/2017:12:33:35 -0300] "POST /cormun/servlet/solicitudot?gx-no-cache=1492702480468 HTTP/1.1" 200 1157
186.9.128.153 - - [20/Apr/2017:12:33:36 -0300] "GET /cormun/static/menuarrow.gif HTTP/1.1" 404 1015
186.103.159.46 - - [20/Apr/2017:12:33:36 -0300] "GET /cormun/servlet/solicitudotadjuntos?9620229294c70b2638d78a10fdec28219ea27dd7c4e1a8f039b9a01128cbaff14ff5477df42d6aa7bf2d825d3c96e382,gx-no-cache=1492706077539 HTTP/1.1" 200 30
186.103.159.46 - - [20/Apr/2017:12:33:36 -0300] "POST /cormun/servlet/solicitudotadjuntos?8d7d5e1116e0ef349466b26fedd2784e,INS,2017,6112,,1,,gx-no-cache=1492706077629 HTTP/1.1" 200 3671
186.9.128.153 - - [20/Apr/2017:12:33:37 -0300] "POST /cormun/servlet/solicitudot?gx-no-cache=1492702482600 HTTP/1.1" 200 1273
186.9.128.153 - - [20/Apr/2017:12:33:37 -0300] "POST /cormun/servlet/solicitudot?gx-no-cache=1492702482851 HTTP/1.1" 200 1157
192.168.10.13 - - [20/Apr/2017:12:33:41 -0300] "GET / HTTP/1.1" 200 11217
186.103.159.46 - - [20/Apr/2017:12:33:42 -0300] "POST /cormun/servlet/solicitudotadjuntos?gx-no-cache=1492706083838 HTTP/1.1" 200 26
186.9.128.153 - - [20/Apr/2017:12:33:52 -0300] "GET /cormun/servlet/solicitudot?0dc0b02e606fb6eeb399c8b8c1cfad1da37d1bc725f804f216b438d105f881d452521684389881c4f7a6c57903a2742aaeeecdef4d948231e2f12dcc58751e7a1e43ed107d39bdfcdd01a3a0094cb8db045abb352e1f9a51b3fb1b0dd50f3c62b0b3ff8ad4052f07ed3ea0307aad0938c86084ebec73239112ec734a52adba647fdbffa4dcd1ec7372cf39e03c1e63b90afa162c9d105a688b4527af7c56165322ae4f9a82c2eb2c7fd7f26e09718920,gx-no-cache=1492702497628 HTTP/1.1" 200 30
186.103.159.46 - - [20/Apr/2017:12:34:00 -0300] "GET /cormun/servlet/solicitudotadjuntos?9620229294c70b2638d78a10fdec2821d587b1c0e58022df3fe2c3da0a121b3a,gx-no-cache=1492706101651 HTTP/1.1" 200 30
186.103.159.46 - - [20/Apr/2017:12:34:00 -0300] "GET /cormun/servlet/solicitudotadjuntos?9620229294c70b2638d78a10fdec2821d587b1c0e58022df3fe2c3da0a121b3a,gx-no-cache=1492706101739 HTTP/1.1" 200 30
186.103.159.46 - - [20/Apr/2017:12:34:01 -0300] "POST /cormun/servlet/solicitudotadjuntos?8d7d5e1116e0ef349466b26fedd2784e,INS,2017,6112,,1, HTTP/1.1" 200 116
186.103.159.46 - - [20/Apr/2017:12:34:01 -0300] "GET /cormun/servlet/hpexe_return? HTTP/1.1" 200 1024
186.103.159.46 - - [20/Apr/2017:12:34:01 -0300] "GET /cormun/servlet/trsolicitudadjuntos?2017,6112, HTTP/1.1" 200 8742
186.103.159.46 - - [20/Apr/2017:12:34:03 -0300] "GET /cormun/servlet/trsolicitudadjuntos?2017,6112, HTTP/1.1" 200 8741
186.103.159.46 - - [20/Apr/2017:12:34:08 -0300] "GET /cormun/servlet/solicitudotadjuntos?INS,2017,6112,,1, HTTP/1.1" 200 5818
186.103.159.46 - - [20/Apr/2017:12:34:09 -0300] "GET /cormun/static/about:blank HTTP/1.1" 404 1011
186.103.159.46 - - [20/Apr/2017:12:34:09 -0300] "GET /cormun/servlet/solicitudotadjuntos?INS,2017,6112,,1, HTTP/1.1" 200 5812
186.103.159.46 - - [20/Apr/2017:12:34:10 -0300] "GET /cormun/servlet/solicitudotadjuntos?9620229294c70b2638d78a10fdec28219ea27dd7c4e1a8f039b9a01128cbaff14ff5477df42d6aa7bf2d825d3c96e382,gx-no-cache=1492706111301 HTTP/1.1" 200 30
186.103.159.46 - - [20/Apr/2017:12:34:10 -0300] "POST /cormun/servlet/solicitudotadjuntos?8d7d5e1116e0ef349466b26fedd2784e,INS,2017,6112,,1,,gx-no-cache=1492706111387 HTTP/1.1" 200 3671
186.103.159.46 - - [20/Apr/2017:12:34:16 -0300] "POST /cormun/servlet/solicitudotadjuntos?gx-no-cache=1492706117735 HTTP/1.1" 200 26
186.9.128.153 - - [20/Apr/2017:12:34:17 -0300] "POST /cormun/servlet/solicitudot?a59d7a0b30e6549dda78f60c27ab0162,INS,0,0,,gx-no-cache=1492702522145 HTTP/1.1" 200 93
186.9.128.153 - - [20/Apr/2017:12:34:17 -0300] "GET /cormun/servlet/hpexe_return? HTTP/1.1" 200 1004
186.9.128.153 - - [20/Apr/2017:12:34:18 -0300] "GET /cormun/static/gxcfg.js?2016101716175148 HTTP/1.1" 304 -
186.9.128.153 - - [20/Apr/2017:12:34:18 -0300] "GET /cormun/servlet/trsolicitudot HTTP/1.1" 200 8217
186.9.128.153 - - [20/Apr/2017:12:34:20 -0300] "GET /cormun/servlet/trsolicitudot HTTP/1.1" 200 8213
186.9.128.153 - - [20/Apr/2017:12:34:36 -0300] "POST /cormun/servlet/trsolicitudot?a59d7a0b30e6549dda78f60c27ab0162,gx-no-cache=1492702541081 HTTP/1.1" 200 4343
186.9.128.153 - - [20/Apr/2017:12:34:36 -0300] "GET /cormun/static/Shared/jqueryui/images/ui-bg_highlight-soft_100_c6c2c8_1x100.png HTTP/1.1" 404 1117
186.9.128.153 - - [20/Apr/2017:12:34:36 -0300] "GET /cormun/static/Shared/jqueryui/images/ui-icons_82798d_256x240.png HTTP/1.1" 404 1089
186.9.128.153 - - [20/Apr/2017:12:34:36 -0300] "GET /cormun/static/Shared/jqueryui/images/ui-bg_flat_55_fafafa_40x100.png HTTP/1.1" 404 1097
186.9.128.153 - - [20/Apr/2017:12:34:36 -0300] "GET /cormun/static/Shared/jqueryui/images/ui-icons_8d78a5_256x240.png HTTP/1.1" 404 1089
186.9.128.153 - - [20/Apr/2017:12:34:36 -0300] "POST /cormun/servlet/trsolicitudot?a59d7a0b30e6549dda78f60c27ab0162,gx-no-cache=1492702541659 HTTP/1.1" 200 4129
186.9.128.153 - - [20/Apr/2017:12:34:41 -0300] "GET /cormun/servlet/trautorizarsolicitud? HTTP/1.1" 200 8141
186.9.128.153 - - [20/Apr/2017:12:34:41 -0300] "GET /cormun/static/gxcfg.js?2017259112829 HTTP/1.1" 304 -
192.168.10.13 - - [20/Apr/2017:12:34:41 -0300] "GET / HTTP/1.1" 200 11217
186.9.128.153 - - [20/Apr/2017:12:34:42 -0300] "GET /cormun/servlet/trautorizarsolicitud? HTTP/1.1" 200 8142
186.9.128.153 - - [20/Apr/2017:12:34:47 -0300] "POST /cormun/servlet/trautorizarsolicitud?a59d7a0b30e6549dda78f60c27ab0162,,gx-no-cache=1492702552157 HTTP/1.1" 200 4318
186.9.128.153 - - [20/Apr/2017:12:34:47 -0300] "GET /cormun/static/Shared/jqueryui/images/ui-icons_82798d_256x240.png HTTP/1.1" 404 1089
186.9.128.153 - - [20/Apr/2017:12:34:47 -0300] "GET /cormun/static/Shared/jqueryui/images/ui-bg_highlight-soft_100_c6c2c8_1x100.png HTTP/1.1" 404 1117
186.9.128.153 - - [20/Apr/2017:12:34:47 -0300] "GET /cormun/static/Shared/jqueryui/images/ui-icons_8d78a5_256x240.png HTTP/1.1" 404 1089
186.9.128.153 - - [20/Apr/2017:12:34:47 -0300] "GET /cormun/static/Shared/jqueryui/images/ui-bg_flat_55_fafafa_40x100.png HTTP/1.1" 404 1097
186.9.128.153 - - [20/Apr/2017:12:34:47 -0300] "POST /cormun/servlet/trautorizarsolicitud?a59d7a0b30e6549dda78f60c27ab0162,,gx-no-cache=1492702552585 HTTP/1.1" 200 4106
186.9.128.153 - - [20/Apr/2017:12:35:03 -0300] "GET /cormun/static/menuarrow.gif HTTP/1.1" 404 1015
186.9.128.153 - - [20/Apr/2017:12:35:12 -0300] "POST /cormun/servlet/trautorizarsolicitud?a59d7a0b30e6549dda78f60c27ab0162,,gx-no-cache=1492702576632 HTTP/1.1" 200 7217
186.9.128.153 - - [20/Apr/2017:12:35:25 -0300] "GET /cormun/servlet/veautorizarsolicitud?2017,6144,, HTTP/1.1" 200 8160
186.9.128.153 - - [20/Apr/2017:12:35:25 -0300] "GET /cormun/static/gxcfg.js?20161221854380 HTTP/1.1" 304 -
186.9.128.153 - - [20/Apr/2017:12:35:25 -0300] "GET /cormun/pexe_scrolldiv.js HTTP/1.1" 404 1009
186.9.128.153 - - [20/Apr/2017:12:35:26 -0300] "GET /cormun/pexe_scrolldiv.js HTTP/1.1" 404 1009
186.9.128.153 - - [20/Apr/2017:12:35:27 -0300] "GET /cormun/servlet/veautorizarsolicitud?2017,6144,, HTTP/1.1" 200 8160
192.168.10.13 - - [20/Apr/2017:12:35:41 -0300] "GET / HTTP/1.1" 200 11217
186.103.159.46 - - [20/Apr/2017:12:35:44 -0300] "GET /cormun/servlet/solicitudotadjuntos?9620229294c70b2638d78a10fdec2821d587b1c0e58022df3fe2c3da0a121b3a,gx-no-cache=1492706204364 HTTP/1.1" 200 30
186.103.159.46 - - [20/Apr/2017:12:35:44 -0300] "GET /cormun/servlet/solicitudotadjuntos?9620229294c70b2638d78a10fdec2821d587b1c0e58022df3fe2c3da0a121b3a,gx-no-cache=1492706205478 HTTP/1.1" 200 30
186.103.159.46 - - [20/Apr/2017:12:35:44 -0300] "POST /cormun/servlet/solicitudotadjuntos?8d7d5e1116e0ef349466b26fedd2784e,INS,2017,6112,,1, HTTP/1.1" 200 116
186.103.159.46 - - [20/Apr/2017:12:35:44 -0300] "GET /cormun/servlet/hpexe_return? HTTP/1.1" 200 1024
186.103.159.46 - - [20/Apr/2017:12:35:45 -0300] "GET /cormun/servlet/trsolicitudadjuntos?2017,6112, HTTP/1.1" 200 8990
186.103.159.46 - - [20/Apr/2017:12:35:47 -0300] "GET /cormun/servlet/trsolicitudadjuntos?2017,6112, HTTP/1.1" 200 8992
186.103.159.46 - - [20/Apr/2017:12:35:50 -0300] "POST /cormun/servlet/trsolicitudadjuntos?8d7d5e1116e0ef349466b26fedd2784e,2017,6112,,gx-no-cache=1492706211992 HTTP/1.1" 200 90
186.103.159.46 - - [20/Apr/2017:12:35:50 -0300] "GET /cormun/servlet/hpexe_link HTTP/1.1" 200 967
186.103.159.46 - - [20/Apr/2017:12:35:51 -0300] "GET /cormun/servlet/trsolicitudot HTTP/1.1" 200 8009
186.103.159.46 - - [20/Apr/2017:12:35:52 -0300] "GET /cormun/servlet/trsolicitudot HTTP/1.1" 200 8008
186.9.128.153 - - [20/Apr/2017:12:36:02 -0300] "POST /cormun/servlet/veautorizarsolicitud?a59d7a0b30e6549dda78f60c27ab0162,2017,6144,,,gx-no-cache=1492702627322 HTTP/1.1" 200 90
186.9.128.153 - - [20/Apr/2017:12:36:02 -0300] "GET /cormun/servlet/hpexe_link HTTP/1.1" 200 972
186.9.128.153 - - [20/Apr/2017:12:36:03 -0300] "GET /cormun/servlet/trautorizarsolicitud? HTTP/1.1" 200 9943
186.9.128.153 - - [20/Apr/2017:12:36:04 -0300] "GET /cormun/servlet/trautorizarsolicitud? HTTP/1.1" 200 9942
186.103.159.46 - - [20/Apr/2017:12:36:19 -0300] "POST /cormun/servlet/trsolicitudot?8d7d5e1116e0ef349466b26fedd2784e,gx-no-cache=1492706240946 HTTP/1.1" 200 4139
186.103.159.46 - - [20/Apr/2017:12:36:20 -0300] "GET /cormun/static/Shared/jqueryui/images/ui-bg_highlight-soft_100_c6c2c8_1x100.png HTTP/1.1" 404 1117
186.103.159.46 - - [20/Apr/2017:12:36:20 -0300] "GET /cormun/static/Shared/jqueryui/images/ui-icons_82798d_256x240.png HTTP/1.1" 404 1089
186.103.159.46 - - [20/Apr/2017:12:36:20 -0300] "GET /cormun/static/Shared/jqueryui/images/ui-bg_flat_55_fafafa_40x100.png HTTP/1.1" 404 1097
186.103.159.46 - - [20/Apr/2017:12:36:20 -0300] "GET /cormun/static/Shared/jqueryui/images/ui-icons_8d78a5_256x240.png HTTP/1.1" 404 1089
186.103.159.46 - - [20/Apr/2017:12:36:20 -0300] "POST /cormun/servlet/trsolicitudot?8d7d5e1116e0ef349466b26fedd2784e,gx-no-cache=1492706241477 HTTP/1.1" 200 3925
186.9.128.153 - - [20/Apr/2017:12:36:22 -0300] "GET /cormun/servlet/trsolicitudot? HTTP/1.1" 200 6940
186.9.128.153 - - [20/Apr/2017:12:36:23 -0300] "GET /cormun/servlet/trsolicitudot? HTTP/1.1" 200 6940
186.9.128.153 - - [20/Apr/2017:12:36:27 -0300] "GET /cormun/servlet/solicitudot?INS,0,0, HTTP/1.1" 200 12773
186.9.128.153 - - [20/Apr/2017:12:36:29 -0300] "GET /cormun/servlet/solicitudot?INS,0,0, HTTP/1.1" 200 12779
186.9.128.153 - - [20/Apr/2017:12:36:31 -0300] "GET /cormun/servlet/prfichaempleado?,MD,,gxPopupLevel%3D0%3B HTTP/1.1" 200 8789
192.168.10.13 - - [20/Apr/2017:12:36:41 -0300] "GET / HTTP/1.1" 200 11217
186.9.128.153 - - [20/Apr/2017:12:36:45 -0300] "POST /cormun/servlet/prfichaempleado?a59d7a0b30e6549dda78f60c27ab0162,,MD,,gxPopupLevel%3D0%3B,gx-no-cache=1492702670392 HTTP/1.1" 200 3185
186.9.128.153 - - [20/Apr/2017:12:37:21 -0300] "GET /cormun/servlet/prfichaempleado?,MD,,gxPopupLevel%3D0%3B HTTP/1.1" 200 8789
186.9.128.153 - - [20/Apr/2017:12:37:36 -0300] "POST /cormun/servlet/prfichaempleado?a59d7a0b30e6549dda78f60c27ab0162,,MD,,gxPopupLevel%3D0%3B,gx-no-cache=1492702720870 HTTP/1.1" 200 3185
192.168.10.13 - - [20/Apr/2017:12:37:41 -0300] "GET / HTTP/1.1" 200 11217
186.9.128.153 - - [20/Apr/2017:12:38:13 -0300] "POST /cormun/servlet/solicitudot?a59d7a0b30e6549dda78f60c27ab0162,INS,0,0,,gx-no-cache=1492702757827 HTTP/1.1" 200 93
186.9.128.153 - - [20/Apr/2017:12:38:13 -0300] "GET /cormun/servlet/hpexe_return? HTTP/1.1" 200 1004
186.9.128.153 - - [20/Apr/2017:12:38:13 -0300] "GET /cormun/servlet/trsolicitudot HTTP/1.1" 200 6942
186.9.128.153 - - [20/Apr/2017:12:38:15 -0300] "GET /cormun/servlet/trsolicitudot HTTP/1.1" 200 6938
186.9.128.153 - - [20/Apr/2017:12:38:19 -0300] "GET /cormun/servlet/trsolicitudot? HTTP/1.1" 200 6938
186.9.128.153 - - [20/Apr/2017:12:38:20 -0300] "GET /cormun/servlet/trsolicitudot? HTTP/1.1" 200 6940
186.9.128.153 - - [20/Apr/2017:12:38:23 -0300] "GET /cormun/servlet/solicitudot?INS,0,0, HTTP/1.1" 200 12774
186.9.128.153 - - [20/Apr/2017:12:38:25 -0300] "GET /cormun/servlet/solicitudot?INS,0,0, HTTP/1.1" 200 12779
192.168.10.13 - - [20/Apr/2017:12:38:41 -0300] "GET / HTTP/1.1" 200 11217
186.9.128.153 - - [20/Apr/2017:12:39:04 -0300] "GET /cormun/servlet/prfichaempleado?,MD,,gxPopupLevel%3D0%3B HTTP/1.1" 200 8789
186.9.128.153 - - [20/Apr/2017:12:39:17 -0300] "POST /cormun/servlet/prfichaempleado?a59d7a0b30e6549dda78f60c27ab0162,,MD,,gxPopupLevel%3D0%3B,gx-no-cache=1492702822661 HTTP/1.1" 200 3403
186.79.62.25 - - [20/Apr/2017:12:39:24 -0300] "GET /cormun/servlet/hlogin HTTP/1.1" 200 1725
186.79.62.25 - - [20/Apr/2017:12:39:24 -0300] "GET /cormun/static/gxtimezone.js?85251 HTTP/1.1" 304 -
186.79.62.25 - - [20/Apr/2017:12:39:24 -0300] "GET /cormun/static/gxcfg.js?201741110203197 HTTP/1.1" 304 -
186.79.62.25 - - [20/Apr/2017:12:39:24 -0300] "GET /cormun/static/messages.spa.js?85251 HTTP/1.1" 304 -
186.79.62.25 - - [20/Apr/2017:12:39:24 -0300] "GET /cormun/static/hlogin.js?201741110203211 HTTP/1.1" 304 -
186.79.62.25 - - [20/Apr/2017:12:39:25 -0300] "GET /cormun/servlet/hlogin HTTP/1.1" 200 1735
186.9.128.153 - - [20/Apr/2017:12:39:26 -0300] "POST /cormun/servlet/solicitudot?gx-no-cache=1492702831037 HTTP/1.1" 200 3191
186.9.128.153 - - [20/Apr/2017:12:39:27 -0300] "POST /cormun/servlet/solicitudot?a59d7a0b30e6549dda78f60c27ab0162,INS,0,0,,gx-no-cache=1492702831356 HTTP/1.1" 200 9978
186.9.128.153 - - [20/Apr/2017:12:39:27 -0300] "GET /cormun/servlet/solicitudot?0dc0b02e606fb6eeb399c8b8c1cfad1dd2e3a6692bbb7ceef911451afe4c6bc517d2c7ecbbd068ed891dc61ae98abbe9,gx-no-cache=1492702832333 HTTP/1.1" 200 30
186.9.128.153 - - [20/Apr/2017:12:39:32 -0300] "POST /cormun/servlet/solicitudot?gx-no-cache=1492702837245 HTTP/1.1" 200 255
186.9.128.153 - - [20/Apr/2017:12:39:32 -0300] "GET /cormun/servlet/solicitudot?0dc0b02e606fb6eeb399c8b8c1cfad1d6481357bc5f5adb368368f93b0f29aa166d64443ef782733ae9a8b8a025bc3d7689b2985b92f32f4bd50886800c7e92c481c98c950c70bcbc6aead1042f2269256293d5bf1566443742f6a709c366a5f65a694b030797369d8df379e609c739975609799adf76f08e1d6fc62a8bd9f4e40d65edf04bf98adf3211e9804ce2c74d99474e86f01dc83c595df1f359e2e944a90badba13d9bc3502d3d441de7774e15bf93edf43374a400c95b0db455426e7f7f8eeedad572f983e77f8e28fd440fb7eedb12c3ee5a30b58d6bb7a776f7bfb5852510926978f34c1a8788073343ed3a87512a81e6b8c13cc4745555bd894f9402f73e54be1dc6efc3848b79e500fded0354c6847cce204d0927c464dd92980bfa93b0a840ab514aa56e98ebf9f43e981c539092197f6bd9d33998a521e2c955d5f85dba48a5b89f39482acbd6bd43cc49328bd3d7df4f67bfba1d2395a90f0cedb3ffc59c7b253d18bdb61ee353ac4494cbdbc40ec54573efa09854845c27,gx-no-cache=1492702837390 HTTP/1.1" 200 30
186.9.128.153 - - [20/Apr/2017:12:39:40 -0300] "POST /cormun/servlet/solicitudot?gx-no-cache=1492702844945 HTTP/1.1" 200 30
192.168.10.13 - - [20/Apr/2017:12:39:41 -0300] "GET / HTTP/1.1" 200 11217
186.9.128.153 - - [20/Apr/2017:12:39:43 -0300] "GET /cormun/servlet/prcontratosol?18040322,,,,,MD,,gxPopupLevel%3D0%3B HTTP/1.1" 200 5925
186.79.62.25 - - [20/Apr/2017:12:39:43 -0300] "POST /cormun/servlet/hlogin?0a378a3821e0faed65481e91f07a7e88,gx-no-cache=1492702846059 HTTP/1.1" 200 90
186.79.62.25 - - [20/Apr/2017:12:39:43 -0300] "GET /cormun/servlet/hpexe_link HTTP/1.1" 200 954
186.79.62.25 - - [20/Apr/2017:12:39:44 -0300] "GET /cormun/static/gxcfg.js?201731711483381 HTTP/1.1" 304 -
186.79.62.25 - - [20/Apr/2017:12:39:44 -0300] "GET /cormun/servlet/hhome HTTP/1.1" 200 3747
186.79.62.25 - - [20/Apr/2017:12:39:44 -0300] "GET /cormun/static/gxcfg.js?201731711483497 HTTP/1.1" 304 -
186.79.62.25 - - [20/Apr/2017:12:39:47 -0300] "GET /cormun/servlet/hhome HTTP/1.1" 200 3744
186.9.128.153 - - [20/Apr/2017:12:39:47 -0300] "POST /cormun/servlet/solicitudot?gx-no-cache=1492702852528 HTTP/1.1" 200 1291
186.9.128.153 - - [20/Apr/2017:12:39:47 -0300] "POST /cormun/servlet/solicitudot?gx-no-cache=1492702852722 HTTP/1.1" 200 38
186.9.128.153 - - [20/Apr/2017:12:39:47 -0300] "GET /cormun/servlet/solicitudot?0dc0b02e606fb6eeb399c8b8c1cfad1df7ac0cd961ebb68daa8223ff5c7eb6dfc6b67d3c730656d86ebb41e47dcbc41777c477599df47fd833322850db8b12cdd5c432e831229e4a9a64b7ef6404b373c8f32051c7d2f1ac7c68dedec413da193b506a01af2fcf6183b673399962021401ebd4d577eccbf7f2fc6085fb646a569be2ddc466a10fd862808259ca080fab3522da4dfdd7ed91679a83f74083a44b,gx-no-cache=1492702852862 HTTP/1.1" 200 29
186.9.128.153 - - [20/Apr/2017:12:39:48 -0300] "POST /cormun/servlet/solicitudot?gx-no-cache=1492702852978 HTTP/1.1" 200 1275
186.9.128.153 - - [20/Apr/2017:12:39:48 -0300] "POST /cormun/servlet/solicitudot?gx-no-cache=1492702853099 HTTP/1.1" 200 1157
186.79.62.25 - - [20/Apr/2017:12:39:51 -0300] "GET /cormun/servlet/trpermisosgoce? HTTP/1.1" 200 7583
186.79.62.25 - - [20/Apr/2017:12:39:51 -0300] "GET /cormun/static/gxcfg.js?20174111153177 HTTP/1.1" 304 -
186.79.62.25 - - [20/Apr/2017:12:39:51 -0300] "GET /cormun/static/calendar.js?85251 HTTP/1.1" 304 -
186.79.62.25 - - [20/Apr/2017:12:39:51 -0300] "GET /cormun/static/calendar-setup.js?85251 HTTP/1.1" 304 -
186.79.62.25 - - [20/Apr/2017:12:39:51 -0300] "GET /cormun/static/calendar-es.js?85251 HTTP/1.1" 304 -
186.79.62.25 - - [20/Apr/2017:12:39:51 -0300] "GET /cormun/static/trpermisosgoce.js?20174111153217 HTTP/1.1" 304 -
186.79.62.25 - - [20/Apr/2017:12:39:53 -0300] "GET /cormun/servlet/trpermisosgoce? HTTP/1.1" 200 7582
186.79.62.25 - - [20/Apr/2017:12:39:59 -0300] "GET /cormun/servlet/permisogoce?INS,0,,, HTTP/1.1" 200 6515
186.79.62.25 - - [20/Apr/2017:12:39:59 -0300] "GET /cormun/static/gxcfg.js?201741111325459 HTTP/1.1" 304 -
186.79.62.25 - - [20/Apr/2017:12:39:59 -0300] "GET /cormun/static/gxdec.js?85251 HTTP/1.1" 304 -
186.79.62.25 - - [20/Apr/2017:12:39:59 -0300] "GET /cormun/static/permisogoce.js?20174111132557 HTTP/1.1" 304 -
186.79.62.25 - - [20/Apr/2017:12:40:01 -0300] "GET /cormun/servlet/permisogoce?INS,0,,, HTTP/1.1" 200 6514
186.9.128.153 - - [20/Apr/2017:12:40:11 -0300] "POST /cormun/servlet/solicitudot?gx-no-cache=1492702876860 HTTP/1.1" 200 1273
186.9.128.153 - - [20/Apr/2017:12:40:12 -0300] "POST /cormun/servlet/solicitudot?gx-no-cache=1492702877045 HTTP/1.1" 200 1157
186.9.128.153 - - [20/Apr/2017:12:40:12 -0300] "GET /cormun/servlet/solicitudot?0dc0b02e606fb6eeb399c8b8c1cfad1d84d05b0fa9f5da54f3efd2043ea69893811a3a09d278d83f10c01672b38bb2a1ae1385754d5989280e05df3d01f89f391e43ed107d39bdfcdd01a3a0094cb8db045abb352e1f9a51b3fb1b0dd50f3c62b0b3ff8ad4052f07ed3ea0307aad0938c86084ebec73239112ec734a52adba647fdbffa4dcd1ec7372cf39e03c1e63b90afa162c9d105a688b4527af7c561653273686e1a8608d95b7572b209c3b6124,gx-no-cache=1492702877180 HTTP/1.1" 200 30
186.79.62.25 - - [20/Apr/2017:12:40:20 -0300] "GET /cormun/servlet/prfichaempleado?,MD,,gxPopupLevel%3D0%3B HTTP/1.1" 200 8753
186.79.62.25 - - [20/Apr/2017:12:40:20 -0300] "GET /cormun/static/gxcfg.js?2017319125415 HTTP/1.1" 304 -
186.79.62.25 - - [20/Apr/2017:12:40:21 -0300] "GET /cormun/static/prfichaempleado.js?20173191254344 HTTP/1.1" 304 -
186.79.62.25 - - [20/Apr/2017:12:40:32 -0300] "POST /cormun/servlet/prfichaempleado?0a378a3821e0faed65481e91f07a7e88,,MD,,gxPopupLevel%3D0%3B,gx-no-cache=1492702894763 HTTP/1.1" 200 3457
186.79.62.25 - - [20/Apr/2017:12:40:39 -0300] "GET /cormun/servlet/permisogoce?e4b97579cb40729bce96037068ca1146d6a5b8fbc729c31b5f833d0b4dac749f14e7cf8ccc630e8e95adb5cd7b84b179,gx-no-cache=1492702901362 HTTP/1.1" 200 69
186.79.62.25 - - [20/Apr/2017:12:40:39 -0300] "GET /cormun/static/menuarrow.gif HTTP/1.1" 404 1015
186.9.128.153 - - [20/Apr/2017:12:40:41 -0300] "POST /cormun/servlet/solicitudot?a59d7a0b30e6549dda78f60c27ab0162,INS,0,0,,gx-no-cache=1492702905995 HTTP/1.1" 200 93
192.168.10.13 - - [20/Apr/2017:12:40:41 -0300] "GET / HTTP/1.1" 200 11217
186.9.128.153 - - [20/Apr/2017:12:40:41 -0300] "GET /cormun/servlet/hpexe_return? HTTP/1.1" 200 1004
186.9.128.153 - - [20/Apr/2017:12:40:42 -0300] "GET /cormun/servlet/trsolicitudot HTTP/1.1" 200 8234
186.9.128.153 - - [20/Apr/2017:12:40:43 -0300] "GET /cormun/servlet/trsolicitudot HTTP/1.1" 200 8230
186.79.62.25 - - [20/Apr/2017:12:40:48 -0300] "GET /cormun/servlet/permisogoce?e4b97579cb40729bce96037068ca11466021b97c11d547a7919eef323a052204cfc56d04776a5ddeb8e1254aa486163c0484c29d678bf05f36375f3a8230348a,gx-no-cache=1492702910835 HTTP/1.1" 200 47
186.79.62.25 - - [20/Apr/2017:12:40:55 -0300] "POST /cormun/servlet/permisogoce?0a378a3821e0faed65481e91f07a7e88,INS,0,,,,gx-no-cache=1492702917374 HTTP/1.1" 200 93
186.79.62.25 - - [20/Apr/2017:12:40:55 -0300] "GET /cormun/servlet/hpexe_return? HTTP/1.1" 200 1010
186.79.62.25 - - [20/Apr/2017:12:40:55 -0300] "GET /cormun/static/gxcfg.js?2016101716175148 HTTP/1.1" 304 -
186.79.62.25 - - [20/Apr/2017:12:40:56 -0300] "GET /cormun/servlet/trpermisosgoce HTTP/1.1" 200 7806
186.9.128.153 - - [20/Apr/2017:12:40:57 -0300] "POST /cormun/servlet/trsolicitudot?a59d7a0b30e6549dda78f60c27ab0162,gx-no-cache=1492702922374 HTTP/1.1" 200 106
186.9.128.153 - - [20/Apr/2017:12:40:57 -0300] "GET /cormun/servlet/solicitudot?UPD,2017,6145, HTTP/1.1" 200 14476
186.79.62.25 - - [20/Apr/2017:12:40:58 -0300] "GET /cormun/servlet/trpermisosgoce HTTP/1.1" 200 7803
186.9.128.153 - - [20/Apr/2017:12:40:59 -0300] "GET /cormun/servlet/solicitudot?UPD,2017,6145, HTTP/1.1" 200 14485
186.9.128.153 - - [20/Apr/2017:12:41:00 -0300] "POST /cormun/servlet/solicitudot?gx-no-cache=1492702924835 HTTP/1.1" 200 3191
186.9.128.153 - - [20/Apr/2017:12:41:00 -0300] "POST /cormun/servlet/solicitudot?a59d7a0b30e6549dda78f60c27ab0162,UPD,2017,6145,,gx-no-cache=1492702925283 HTTP/1.1" 200 11086
186.9.128.153 - - [20/Apr/2017:12:41:01 -0300] "GET /cormun/servlet/solicitudot?0dc0b02e606fb6eeb399c8b8c1cfad1dd2e3a6692bbb7ceef911451afe4c6bc56405a27cac84f34bed532834c6ffd0d7,gx-no-cache=1492702926146 HTTP/1.1" 200 30
186.9.128.153 - - [20/Apr/2017:12:41:01 -0300] "POST /cormun/servlet/solicitudot?gx-no-cache=1492702926311 HTTP/1.1" 200 256
186.9.128.153 - - [20/Apr/2017:12:41:01 -0300] "GET /cormun/servlet/solicitudot?0dc0b02e606fb6eeb399c8b8c1cfad1d6481357bc5f5adb368368f93b0f29aa166d64443ef782733ae9a8b8a025bc3d7689b2985b92f32f4bd50886800c7e92c481c98c950c70bcbc6aead1042f2269256293d5bf1566443742f6a709c366a5f65a694b030797369d8df379e609c739975609799adf76f08e1d6fc62a8bd9f4e40d65edf04bf98adf3211e9804ce2c74d99474e86f01dc83c595df1f359e2e944a90badba13d9bc3502d3d441de7774e15bf93edf43374a400c95b0db455426e7f7f8eeedad572f983e77f8e28fd440fb7eedb12c3ee5a30b58d6bb7a776f7bfb5852510926978f34c1a8788073343ed3a87512a81e6b8c13cc4745555bd894f9402f73e54be1dc6efc3848b79e500fded0354c6847cce204d0927c464dd92980bfa93b0a840ab514aa56e98ebf9f43e981c539092197f6bd9d33998a521e2c955d5f85dba48a5b89f39482acbd6bd43cc49328bd3d7df4f67bfba1d2395a90f0cedb3ffc59c7b253d18bdb61ee353acd4d20d511594603c8ccfa945e6b1ddee,gx-no-cache=1492702926460 HTTP/1.1" 200 30
186.9.128.153 - - [20/Apr/2017:12:41:01 -0300] "POST /cormun/servlet/solicitudot?gx-no-cache=1492702926572 HTTP/1.1" 200 30
186.9.128.153 - - [20/Apr/2017:12:41:01 -0300] "POST /cormun/servlet/solicitudot?gx-no-cache=1492702926710 HTTP/1.1" 200 1290
186.9.128.153 - - [20/Apr/2017:12:41:01 -0300] "POST /cormun/servlet/solicitudot?gx-no-cache=1492702926874 HTTP/1.1" 200 41
186.79.62.25 - - [20/Apr/2017:12:41:03 -0300] "GET /cormun/servlet/apermisogoceprn?10144441,P,20170420133527,PU HTTP/1.1" 200 1652
186.9.128.153 - - [20/Apr/2017:12:41:17 -0300] "GET /cormun/servlet/solicitudot?0dc0b02e606fb6eeb399c8b8c1cfad1d875183683c48b9e1a505670de7f5a4b6d87f3fc38ae63c61e361d3ec2a25987f197aaf31f4e25ca9e21d8f41ec21a440b7d99ed5c7fa8b758690694193d81e0b4c0971ce37677fce81f80d82ed687a9bd4f90f9e0061f7b70d1c3b63edd40c880ed14be65f8abd9c37b91fa1bf4e7bb8f704f9d348c2abf0df21af6fb32946b68347ddea18004c4176e83940a6727f6c,gx-no-cache=1492702942909 HTTP/1.1" 200 29
186.9.128.153 - - [20/Apr/2017:12:41:18 -0300] "POST /cormun/servlet/solicitudot?gx-no-cache=1492702943034 HTTP/1.1" 200 1273
186.9.128.153 - - [20/Apr/2017:12:41:18 -0300] "POST /cormun/servlet/solicitudot?gx-no-cache=1492702943192 HTTP/1.1" 200 1157
186.9.128.153 - - [20/Apr/2017:12:41:18 -0300] "GET /cormun/static/menuarrow.gif HTTP/1.1" 404 1015
186.9.128.153 - - [20/Apr/2017:12:41:20 -0300] "POST /cormun/servlet/solicitudot?gx-no-cache=1492702945494 HTTP/1.1" 200 1273
186.9.128.153 - - [20/Apr/2017:12:41:21 -0300] "POST /cormun/servlet/solicitudot?gx-no-cache=1492702945651 HTTP/1.1" 200 1157
186.9.128.153 - - [20/Apr/2017:12:41:33 -0300] "GET /cormun/servlet/solicitudot?0dc0b02e606fb6eeb399c8b8c1cfad1d84d05b0fa9f5da54f3efd2043ea69893811a3a09d278d83f10c01672b38bb2a1b3683517500f84db4d33f741b31a28931e43ed107d39bdfcdd01a3a0094cb8db045abb352e1f9a51b3fb1b0dd50f3c62b0b3ff8ad4052f07ed3ea0307aad0938c86084ebec73239112ec734a52adba647fdbffa4dcd1ec7372cf39e03c1e63b90afa162c9d105a688b4527af7c56165396f510a99df5effb3ab40646db84786a,gx-no-cache=1492702958603 HTTP/1.1" 200 32
186.9.128.153 - - [20/Apr/2017:12:41:34 -0300] "POST /cormun/servlet/solicitudot?a59d7a0b30e6549dda78f60c27ab0162,UPD,2017,6145,,gx-no-cache=1492702958749 HTTP/1.1" 200 93
186.9.128.153 - - [20/Apr/2017:12:41:34 -0300] "GET /cormun/servlet/hpexe_return? HTTP/1.1" 200 1012
186.9.128.153 - - [20/Apr/2017:12:41:34 -0300] "GET /cormun/servlet/trsolicitudot HTTP/1.1" 200 8234
186.9.128.153 - - [20/Apr/2017:12:41:36 -0300] "GET /cormun/servlet/trsolicitudot HTTP/1.1" 200 8230
192.168.10.13 - - [20/Apr/2017:12:41:41 -0300] "GET / HTTP/1.1" 200 11217
186.9.128.153 - - [20/Apr/2017:12:42:01 -0300] "POST /cormun/servlet/trsolicitudot?a59d7a0b30e6549dda78f60c27ab0162,gx-no-cache=1492702986452 HTTP/1.1" 200 4350
186.9.128.153 - - [20/Apr/2017:12:42:01 -0300] "GET /cormun/static/Shared/jqueryui/images/ui-bg_highlight-soft_100_c6c2c8_1x100.png HTTP/1.1" 404 1117
186.9.128.153 - - [20/Apr/2017:12:42:01 -0300] "GET /cormun/static/Shared/jqueryui/images/ui-bg_flat_55_fafafa_40x100.png HTTP/1.1" 404 1097
186.9.128.153 - - [20/Apr/2017:12:42:01 -0300] "GET /cormun/static/Shared/jqueryui/images/ui-icons_82798d_256x240.png HTTP/1.1" 404 1089
186.9.128.153 - - [20/Apr/2017:12:42:01 -0300] "GET /cormun/static/Shared/jqueryui/images/ui-icons_8d78a5_256x240.png HTTP/1.1" 404 1089
186.9.128.153 - - [20/Apr/2017:12:42:02 -0300] "POST /cormun/servlet/trsolicitudot?a59d7a0b30e6549dda78f60c27ab0162,gx-no-cache=1492702987043 HTTP/1.1" 200 4127
186.9.128.153 - - [20/Apr/2017:12:42:07 -0300] "GET /cormun/servlet/trautorizarsolicitud? HTTP/1.1" 200 9942
186.9.128.153 - - [20/Apr/2017:12:42:09 -0300] "GET /cormun/servlet/trautorizarsolicitud? HTTP/1.1" 200 9942
186.103.159.182 - - [20/Apr/2017:12:42:17 -0300] "POST /cormun/servlet/solicitudot?gx-no-cache=1492703000318 HTTP/1.1" 200 3189
186.103.159.182 - - [20/Apr/2017:12:42:17 -0300] "POST /cormun/servlet/solicitudot?5ef626123102a46716a3233f0af7da2d,INS,0,0,,gx-no-cache=1492703000915 HTTP/1.1" 200 9981
186.9.128.153 - - [20/Apr/2017:12:42:26 -0300] "POST /cormun/servlet/trautorizarsolicitud?a59d7a0b30e6549dda78f60c27ab0162,,gx-no-cache=1492703011370 HTTP/1.1" 200 5420
192.168.10.13 - - [20/Apr/2017:12:42:41 -0300] "GET / HTTP/1.1" 200 11217
186.9.128.153 - - [20/Apr/2017:12:42:44 -0300] "POST /cormun/servlet/trautorizarsolicitud?a59d7a0b30e6549dda78f60c27ab0162,,gx-no-cache=1492703028606 HTTP/1.1" 200 4325
186.9.128.153 - - [20/Apr/2017:12:42:45 -0300] "GET /cormun/static/Shared/jqueryui/images/ui-bg_highlight-soft_100_c6c2c8_1x100.png HTTP/1.1" 404 1117
186.9.128.153 - - [20/Apr/2017:12:42:45 -0300] "GET /cormun/static/Shared/jqueryui/images/ui-icons_82798d_256x240.png HTTP/1.1" 404 1089
186.9.128.153 - - [20/Apr/2017:12:42:45 -0300] "GET /cormun/static/Shared/jqueryui/images/ui-bg_flat_55_fafafa_40x100.png HTTP/1.1" 404 1097
186.9.128.153 - - [20/Apr/2017:12:42:45 -0300] "GET /cormun/static/Shared/jqueryui/images/ui-icons_8d78a5_256x240.png HTTP/1.1" 404 1089
186.9.128.153 - - [20/Apr/2017:12:42:45 -0300] "POST /cormun/servlet/trautorizarsolicitud?a59d7a0b30e6549dda78f60c27ab0162,,gx-no-cache=1492703030169 HTTP/1.1" 200 4106
186.9.128.153 - - [20/Apr/2017:12:42:53 -0300] "POST /cormun/servlet/trautorizarsolicitud?a59d7a0b30e6549dda78f60c27ab0162,,gx-no-cache=1492703037269 HTTP/1.1" 200 7622
186.9.128.153 - - [20/Apr/2017:12:42:57 -0300] "GET /cormun/servlet/veautorizarsolicitud?2017,6145,, HTTP/1.1" 200 8182
186.9.128.153 - - [20/Apr/2017:12:42:57 -0300] "GET /cormun/pexe_scrolldiv.js HTTP/1.1" 404 1009
186.9.128.153 - - [20/Apr/2017:12:42:58 -0300] "GET /cormun/pexe_scrolldiv.js HTTP/1.1" 404 1009
186.9.128.153 - - [20/Apr/2017:12:42:59 -0300] "GET /cormun/servlet/veautorizarsolicitud?2017,6145,, HTTP/1.1" 200 8181
186.9.128.153 - - [20/Apr/2017:12:43:32 -0300] "POST /cormun/servlet/veautorizarsolicitud?a59d7a0b30e6549dda78f60c27ab0162,2017,6145,,,gx-no-cache=1492703077307 HTTP/1.1" 200 90
186.9.128.153 - - [20/Apr/2017:12:43:32 -0300] "GET /cormun/servlet/hpexe_link HTTP/1.1" 200 971
186.9.128.153 - - [20/Apr/2017:12:43:33 -0300] "GET /cormun/servlet/trautorizarsolicitud? HTTP/1.1" 200 10365
186.9.128.153 - - [20/Apr/2017:12:43:35 -0300] "GET /cormun/servlet/trautorizarsolicitud? HTTP/1.1" 200 10365
186.9.128.153 - - [20/Apr/2017:12:43:39 -0300] "GET /cormun/servlet/trsolicitudot? HTTP/1.1" 200 6940
186.9.128.153 - - [20/Apr/2017:12:43:40 -0300] "GET /cormun/servlet/trsolicitudot? HTTP/1.1" 200 6940
192.168.10.13 - - [20/Apr/2017:12:43:41 -0300] "GET / HTTP/1.1" 200 11217
186.9.128.153 - - [20/Apr/2017:12:43:49 -0300] "GET /cormun/servlet/solicitudot?INS,0,0, HTTP/1.1" 200 12774
186.9.128.153 - - [20/Apr/2017:12:43:51 -0300] "GET /cormun/servlet/solicitudot?INS,0,0, HTTP/1.1" 200 12779
186.103.159.182 - - [20/Apr/2017:12:43:51 -0300] "GET /cormun/servlet/solicitudot?68f69d1887499c50e86a3f8aa3fd2c5e89867e7c4e4524856f4555404f465cac73f6dd31ce67e791da678373f57262f6,gx-no-cache=1492703094539 HTTP/1.1" 200 30
186.103.159.182 - - [20/Apr/2017:12:43:51 -0300] "POST /cormun/servlet/solicitudot?gx-no-cache=1492703094627 HTTP/1.1" 200 297
186.103.159.182 - - [20/Apr/2017:12:43:51 -0300] "GET /cormun/servlet/solicitudot?68f69d1887499c50e86a3f8aa3fd2c5e4fe75862457afaaddf9b73e33a614b7b0f548c3c7668025114888b0f8ad379b51fdb1109c1edd5c9ac31060cf3f7c16ce80ebf50e8657e15c10c82e95a5375577a6480dea603d3e8de5668f15c7f6a536b573a7fdc62bb1b7be23e5e14c3d8d5172559fe014b0a3a5b32c4ec8b996abe8775268ddce4ddef731188004873e4bb7532f4690566b1a1c89ca7d81d7aa5a7b5fff321fa59a13be5f6865c47bafde63860d663873ef80fd2842e909a6652e77c43398615a70d2e11e0eb9c32150cc62c16e906f83bfef0483ffb6456a6a9d4a445ffa694ab8a54a94755de3d1f1a2ec7b504771c88971413e582663ebe7c4615c839e09e4b2c5829b307d2525511c4b679369f092cf59019eda3eb665165b4651243aa546d18a4a38e37fbe2d782797d6c3b4171e89fc06c6a0da2dfbd30226109cab33b812841730d2de262e45ada545a421557960001c3c9b50de801617ced5fc32f8696cbc47bb560b86e09d01690775c466d76ec667992ad58279574a9abc5ea7aaf71b1ded300cbf97b619635,gx-no-cache=1492703094697 HTTP/1.1" 200 30
186.9.128.153 - - [20/Apr/2017:12:43:53 -0300] "GET /cormun/servlet/prfichaempleado?,MD,,gxPopupLevel%3D0%3B HTTP/1.1" 200 8789
186.103.159.182 - - [20/Apr/2017:12:43:55 -0300] "POST /cormun/servlet/solicitudot?gx-no-cache=1492703098954 HTTP/1.1" 200 30
186.9.128.153 - - [20/Apr/2017:12:44:06 -0300] "POST /cormun/servlet/prfichaempleado?a59d7a0b30e6549dda78f60c27ab0162,,MD,,gxPopupLevel%3D0%3B,gx-no-cache=1492703110862 HTTP/1.1" 200 3458
186.9.128.153 - - [20/Apr/2017:12:44:14 -0300] "POST /cormun/servlet/solicitudot?gx-no-cache=1492703119176 HTTP/1.1" 200 3180
186.9.128.153 - - [20/Apr/2017:12:44:14 -0300] "POST /cormun/servlet/solicitudot?a59d7a0b30e6549dda78f60c27ab0162,INS,0,0,,gx-no-cache=1492703119443 HTTP/1.1" 200 9994
186.9.128.153 - - [20/Apr/2017:12:44:14 -0300] "GET /cormun/servlet/solicitudot?0dc0b02e606fb6eeb399c8b8c1cfad1d9f71cb8c84fd14b5a30ce5e1c90d590317d2c7ecbbd068ed891dc61ae98abbe9,gx-no-cache=1492703119849 HTTP/1.1" 200 30
186.9.128.153 - - [20/Apr/2017:12:44:21 -0300] "POST /cormun/servlet/solicitudot?gx-no-cache=1492703126842 HTTP/1.1" 200 297
186.9.128.153 - - [20/Apr/2017:12:44:21 -0300] "GET /cormun/servlet/solicitudot?0dc0b02e606fb6eeb399c8b8c1cfad1d6481357bc5f5adb368368f93b0f29aa12f54f935672790d7a3143d143c4f01b1689b2985b92f32f4bd50886800c7e92c481c98c950c70bcbc6aead1042f2269256293d5bf1566443742f6a709c366a5f65a694b030797369d8df379e609c739975609799adf76f08e1d6fc62a8bd9f4e40d65edf04bf98adf3211e9804ce2c74d99474e86f01dc83c595df1f359e2e944a90badba13d9bc3502d3d441de7774e15bf93edf43374a400c95b0db455426e7f7f8eeedad572f983e77f8e28fd440fb7eedb12c3ee5a30b58d6bb7a776f7bfb5852510926978f34c1a8788073343ed6e1490078882b8e7847884b7dfd034039402f73e54be1dc6efc3848b79e500fd033dbada1ec97d29c0c61ded295089acf1a7e6af898c4082d6bad7129b4db4cfadcec7c806d68a1aa65d9c05aaf59a4896c51e2d0e127905790b8119c0d41b65c28c01cd4b5ba3c8c9082e603edf0d83786629b9a9f6598c22e7acfcb17fb3ba1e5107040130ca5a2d2721c2ff322958df0d6c2dbe6facc36adb135d84010f91,gx-no-cache=1492703126949 HTTP/1.1" 200 30
186.9.128.153 - - [20/Apr/2017:12:44:33 -0300] "POST /cormun/servlet/solicitudot?gx-no-cache=1492703138880 HTTP/1.1" 200 30
186.9.128.153 - - [20/Apr/2017:12:44:38 -0300] "GET /cormun/servlet/prcontratosol?14337438,,,,,MD,,gxPopupLevel%3D0%3B HTTP/1.1" 200 5928
192.168.10.13 - - [20/Apr/2017:12:44:41 -0300] "GET / HTTP/1.1" 200 11217
186.9.128.153 - - [20/Apr/2017:12:44:43 -0300] "POST /cormun/servlet/solicitudot?gx-no-cache=1492703148069 HTTP/1.1" 200 1291
186.9.128.153 - - [20/Apr/2017:12:44:43 -0300] "POST /cormun/servlet/solicitudot?gx-no-cache=1492703148232 HTTP/1.1" 200 38
186.9.128.153 - - [20/Apr/2017:12:44:43 -0300] "GET /cormun/servlet/solicitudot?0dc0b02e606fb6eeb399c8b8c1cfad1df7ac0cd961ebb68daa8223ff5c7eb6dfc6b67d3c730656d86ebb41e47dcbc417678a193ebf3cd68d5a7f3faf8f4d94fa7a87d97c6d0d2a24ee6fb51b5ed4ff23fab9836a8908364612c4b613bbe1d291b66e00e7cc664c1a484125ad1bf08d3e,gx-no-cache=1492703148326 HTTP/1.1" 200 29
186.9.128.153 - - [20/Apr/2017:12:44:43 -0300] "POST /cormun/servlet/solicitudot?gx-no-cache=1492703148424 HTTP/1.1" 200 1274
186.9.128.153 - - [20/Apr/2017:12:44:43 -0300] "POST /cormun/servlet/solicitudot?gx-no-cache=1492703148525 HTTP/1.1" 200 1156
186.9.128.153 - - [20/Apr/2017:12:45:35 -0300] "POST /cormun/servlet/solicitudot?gx-no-cache=1492703200545 HTTP/1.1" 200 1275
186.9.128.153 - - [20/Apr/2017:12:45:35 -0300] "POST /cormun/servlet/solicitudot?gx-no-cache=1492703200913 HTTP/1.1" 200 1156
186.9.128.153 - - [20/Apr/2017:12:45:36 -0300] "GET /cormun/servlet/solicitudot?0dc0b02e606fb6eeb399c8b8c1cfad1d6ce5cb5b81b7e76ec5af0e3de1e93111471332f48107a44b88f018d5c94ed3c3dd177c2d57b2f6e4519bb497a6796f6a1e43ed107d39bdfcdd01a3a0094cb8db045abb352e1f9a51b3fb1b0dd50f3c62b0b3ff8ad4052f07ed3ea0307aad0938c86084ebec73239112ec734a52adba647fdbffa4dcd1ec7372cf39e03c1e63b90afa162c9d105a688b4527af7c5616530af9b386d736cff18d29c6a40fc6c2a8,gx-no-cache=1492703201018 HTTP/1.1" 200 30
192.168.10.13 - - [20/Apr/2017:12:45:41 -0300] "GET / HTTP/1.1" 200 11217
186.103.159.182 - - [20/Apr/2017:12:45:47 -0300] "GET /cormun/servlet/trpermisosgoce? HTTP/1.1" 200 7701
186.103.159.182 - - [20/Apr/2017:12:45:47 -0300] "GET /cormun/static/gxcfg.js?20174111153177 HTTP/1.1" 200 953
186.103.159.182 - - [20/Apr/2017:12:45:47 -0300] "GET /cormun/static/trpermisosgoce.js?20174111153217 HTTP/1.1" 304 -
186.103.159.182 - - [20/Apr/2017:12:45:49 -0300] "GET /cormun/servlet/trpermisosgoce? HTTP/1.1" 200 7696
186.103.159.182 - - [20/Apr/2017:12:46:29 -0300] "GET /cormun/servlet/trpermisosadjuntos?11067642,20170411121314,P, HTTP/1.1" 200 6379
186.103.159.182 - - [20/Apr/2017:12:46:30 -0300] "GET /cormun/static/gxcfg.js?201731711542659 HTTP/1.1" 200 953
186.103.159.182 - - [20/Apr/2017:12:46:30 -0300] "GET /cormun/static/trpermisosadjuntos.js?201731711542990 HTTP/1.1" 304 -
186.103.159.182 - - [20/Apr/2017:12:46:31 -0300] "GET /cormun/servlet/trpermisosadjuntos?11067642,20170411121314,P, HTTP/1.1" 200 6379
186.103.159.182 - - [20/Apr/2017:12:46:34 -0300] "POST /cormun/servlet/trpermisosadjuntos?5ef626123102a46716a3233f0af7da2d,11067642,20170411121314,P,,gx-no-cache=1492703257427 HTTP/1.1" 200 90
186.103.159.182 - - [20/Apr/2017:12:46:34 -0300] "GET /cormun/servlet/hpexe_link HTTP/1.1" 200 983
186.103.159.182 - - [20/Apr/2017:12:46:34 -0300] "GET /cormun/servlet/trpermisosgoce HTTP/1.1" 200 7697
186.103.159.182 - - [20/Apr/2017:12:46:35 -0300] "GET /cormun/servlet/trpermisosgoce HTTP/1.1" 200 7696
192.168.10.13 - - [20/Apr/2017:12:46:41 -0300] "GET / HTTP/1.1" 200 11217
186.103.159.182 - - [20/Apr/2017:12:46:54 -0300] "GET /cormun/servlet/permisogoce?DLT,11067642,P,20170411121314, HTTP/1.1" 200 6816
186.103.159.182 - - [20/Apr/2017:12:46:54 -0300] "GET /cormun/static/gxcfg.js?201741111325459 HTTP/1.1" 200 953
186.103.159.182 - - [20/Apr/2017:12:46:54 -0300] "GET /cormun/static/permisogoce.js?20174111132557 HTTP/1.1" 200 26619
186.9.128.153 - - [20/Apr/2017:12:46:55 -0300] "POST /cormun/servlet/solicitudot?a59d7a0b30e6549dda78f60c27ab0162,INS,0,0,,gx-no-cache=1492703279537 HTTP/1.1" 200 93
186.9.128.153 - - [20/Apr/2017:12:46:55 -0300] "GET /cormun/servlet/hpexe_return? HTTP/1.1" 200 1004
186.103.159.182 - - [20/Apr/2017:12:46:55 -0300] "GET /cormun/static/Shared/jqueryui/images/ui-bg_highlight-soft_100_c6c2c8_1x100.png HTTP/1.1" 404 1117
186.103.159.182 - - [20/Apr/2017:12:46:55 -0300] "GET /cormun/static/Shared/jqueryui/images/ui-icons_82798d_256x240.png HTTP/1.1" 404 1089
186.103.159.182 - - [20/Apr/2017:12:46:55 -0300] "GET /cormun/static/Shared/jqueryui/images/ui-icons_8d78a5_256x240.png HTTP/1.1" 404 1089
186.103.159.182 - - [20/Apr/2017:12:46:55 -0300] "GET /cormun/static/Shared/jqueryui/images/ui-bg_flat_55_fafafa_40x100.png HTTP/1.1" 404 1097
186.9.128.153 - - [20/Apr/2017:12:46:55 -0300] "GET /cormun/servlet/trsolicitudot HTTP/1.1" 200 8251
186.103.159.182 - - [20/Apr/2017:12:46:55 -0300] "GET /cormun/servlet/permisogoce?DLT,11067642,P,20170411121314, HTTP/1.1" 200 6818
186.9.128.153 - - [20/Apr/2017:12:46:57 -0300] "GET /cormun/servlet/trsolicitudot HTTP/1.1" 200 8247
186.103.159.182 - - [20/Apr/2017:12:47:00 -0300] "POST /cormun/servlet/permisogoce?5ef626123102a46716a3233f0af7da2d,DLT,11067642,P,20170411121314,,gx-no-cache=1492703283712 HTTP/1.1" 200 4432
186.103.159.182 - - [20/Apr/2017:12:47:00 -0300] "GET /cormun/static/Shared/jqueryui/images/ui-bg_flat_55_994d53_40x100.png HTTP/1.1" 404 1097
