201.214.54.252 - - [20/Apr/2017:10:02:14 -0300] "GET /cormun//static/Resources/PXToolsHeaderHelp.png HTTP/1.1" 200 4055
200.111.191.210 - - [20/Apr/2017:10:02:14 -0300] "POST /cormun/servlet/solicitudotadjuntos?0e52c817bd6c8ff270e7d3c867b854aa,INS,2017,6141,,1,,gx-no-cache=1492696895009 HTTP/1.1" 200 3634
200.111.191.210 - - [20/Apr/2017:10:02:16 -0300] "POST /cormun/servlet/solicitudotadjuntos?gx-no-cache=1492696896785 HTTP/1.1" 200 26
200.111.191.210 - - [20/Apr/2017:10:02:20 -0300] "GET /cormun/servlet/solicitudotadjuntos?2fea1e466efcea32e6d45dcc649a78f0f803e69ac89ff74f8ed6650aa6fc29b2,gx-no-cache=1492696901555 HTTP/1.1" 200 30
200.111.191.210 - - [20/Apr/2017:10:02:21 -0300] "GET /cormun/servlet/solicitudotadjuntos?2fea1e466efcea32e6d45dcc649a78f0f803e69ac89ff74f8ed6650aa6fc29b2,gx-no-cache=1492696901604 HTTP/1.1" 200 30
201.214.54.252 - - [20/Apr/2017:10:02:22 -0300] "GET /cormun/servlet/trlicenciaspermisosadjuntos?8741933,20170420000000,L, HTTP/1.1" 200 6297
201.214.54.252 - - [20/Apr/2017:10:02:22 -0300] "GET /cormun/static/gxcfg.js?20173171154619 HTTP/1.1" 200 953
201.214.54.252 - - [20/Apr/2017:10:02:23 -0300] "GET /cormun/static/trlicenciaspermisosadjuntos.js?20173171154971 HTTP/1.1" 200 21005
200.111.191.210 - - [20/Apr/2017:10:02:24 -0300] "POST /cormun/servlet/solicitudotadjuntos?0e52c817bd6c8ff270e7d3c867b854aa,INS,2017,6141,,1, HTTP/1.1" 200 116
200.111.191.210 - - [20/Apr/2017:10:02:25 -0300] "GET /cormun/servlet/hpexe_return? HTTP/1.1" 200 1025
200.111.191.210 - - [20/Apr/2017:10:02:25 -0300] "GET /cormun/servlet/trsolicitudadjuntos?2017,6141, HTTP/1.1" 200 8223
200.111.191.210 - - [20/Apr/2017:10:02:26 -0300] "GET /cormun/servlet/trsolicitudadjuntos?2017,6141, HTTP/1.1" 200 8224
200.111.191.210 - - [20/Apr/2017:10:02:27 -0300] "GET /cormun/servlet/solicitudotadjuntos?INS,2017,6141,,1, HTTP/1.1" 200 5810
200.111.191.210 - - [20/Apr/2017:10:02:28 -0300] "GET /cormun/static/about:blank HTTP/1.1" 404 1011
200.111.191.210 - - [20/Apr/2017:10:02:28 -0300] "GET /cormun/servlet/solicitudotadjuntos?INS,2017,6141,,1, HTTP/1.1" 200 5805
201.214.54.252 - - [20/Apr/2017:10:02:28 -0300] "GET /cormun/servlet/licenciaspermisosadjuntos?INS,8741933,L,20170420000000,, HTTP/1.1" 200 5593
200.111.191.210 - - [20/Apr/2017:10:02:28 -0300] "GET /cormun/servlet/solicitudotadjuntos?2fea1e466efcea32e6d45dcc649a78f0359f87e29285019628e556bd360e6caef4b929a2a1a4f68c944dcc5983d2d761,gx-no-cache=1492696909107 HTTP/1.1" 200 30
201.214.54.252 - - [20/Apr/2017:10:02:28 -0300] "GET /cormun/static/gxcfg.js?201731711421170 HTTP/1.1" 200 953
201.214.54.252 - - [20/Apr/2017:10:02:28 -0300] "GET /cormun/static/licenciaspermisosadjuntos.js?201731711421181 HTTP/1.1" 200 8757
200.111.191.210 - - [20/Apr/2017:10:02:28 -0300] "POST /cormun/servlet/solicitudotadjuntos?0e52c817bd6c8ff270e7d3c867b854aa,INS,2017,6141,,1,,gx-no-cache=1492696909191 HTTP/1.1" 200 3634
201.214.54.252 - - [20/Apr/2017:10:02:29 -0300] "HEAD /cormun/static/about:blank HTTP/1.1" 404 -
200.111.191.210 - - [20/Apr/2017:10:02:30 -0300] "POST /cormun/servlet/solicitudotadjuntos?gx-no-cache=1492696911377 HTTP/1.1" 200 26
200.86.184.230 - - [20/Apr/2017:10:02:35 -0300] "GET /cormun/servlet/alicenciaprn?12515149,L,20170420000000,PU HTTP/1.1" 200 1593
200.111.191.210 - - [20/Apr/2017:10:02:35 -0300] "GET /cormun/servlet/solicitudotadjuntos?2fea1e466efcea32e6d45dcc649a78f0f803e69ac89ff74f8ed6650aa6fc29b2,gx-no-cache=1492696916346 HTTP/1.1" 200 30
200.111.191.210 - - [20/Apr/2017:10:02:35 -0300] "GET /cormun/servlet/solicitudotadjuntos?2fea1e466efcea32e6d45dcc649a78f0f803e69ac89ff74f8ed6650aa6fc29b2,gx-no-cache=1492696916402 HTTP/1.1" 200 30
200.54.247.69 - - [20/Apr/2017:10:02:37 -0300] "GET /cormun/servlet/trlicencias? HTTP/1.1" 200 9555
200.111.191.210 - - [20/Apr/2017:10:02:38 -0300] "POST /cormun/servlet/solicitudotadjuntos?0e52c817bd6c8ff270e7d3c867b854aa,INS,2017,6141,,1, HTTP/1.1" 200 116
200.54.247.69 - - [20/Apr/2017:10:02:38 -0300] "GET /cormun/servlet/trlicencias? HTTP/1.1" 200 9555
200.111.191.210 - - [20/Apr/2017:10:02:38 -0300] "GET /cormun/servlet/hpexe_return? HTTP/1.1" 200 1025
200.111.191.210 - - [20/Apr/2017:10:02:38 -0300] "GET /cormun/servlet/trsolicitudadjuntos?2017,6141, HTTP/1.1" 200 8377
200.111.191.210 - - [20/Apr/2017:10:02:39 -0300] "GET /cormun/servlet/trsolicitudadjuntos?2017,6141, HTTP/1.1" 200 8374
200.111.191.210 - - [20/Apr/2017:10:02:41 -0300] "GET /cormun/servlet/solicitudotadjuntos?INS,2017,6141,,1, HTTP/1.1" 200 5811
200.111.191.210 - - [20/Apr/2017:10:02:41 -0300] "GET /cormun/static/about:blank HTTP/1.1" 404 1011
200.111.191.210 - - [20/Apr/2017:10:02:41 -0300] "GET /cormun/servlet/solicitudotadjuntos?INS,2017,6141,,1, HTTP/1.1" 200 5805
192.168.10.13 - - [20/Apr/2017:10:02:41 -0300] "GET / HTTP/1.1" 200 11217
200.111.191.210 - - [20/Apr/2017:10:02:41 -0300] "GET /cormun/servlet/solicitudotadjuntos?2fea1e466efcea32e6d45dcc649a78f0359f87e29285019628e556bd360e6caef4b929a2a1a4f68c944dcc5983d2d761,gx-no-cache=1492696922377 HTTP/1.1" 200 30
200.111.191.210 - - [20/Apr/2017:10:02:42 -0300] "POST /cormun/servlet/solicitudotadjuntos?0e52c817bd6c8ff270e7d3c867b854aa,INS,2017,6141,,1,,gx-no-cache=1492696922503 HTTP/1.1" 200 3635
200.111.191.210 - - [20/Apr/2017:10:02:44 -0300] "POST /cormun/servlet/solicitudotadjuntos?gx-no-cache=1492696925441 HTTP/1.1" 200 26
200.54.247.69 - - [20/Apr/2017:10:02:51 -0300] "GET /cormun/servlet/licenciaspermisos?INS,0,,, HTTP/1.1" 200 7428
200.54.247.69 - - [20/Apr/2017:10:02:51 -0300] "GET /cormun/static/gxcfg.js?201741111445322 HTTP/1.1" 200 953
200.54.247.69 - - [20/Apr/2017:10:02:51 -0300] "GET /cormun/static/licenciaspermisos.js?201741111445392 HTTP/1.1" 200 34444
200.54.247.69 - - [20/Apr/2017:10:02:52 -0300] "GET /cormun/servlet/licenciaspermisos?INS,0,,, HTTP/1.1" 200 7426
200.54.247.69 - - [20/Apr/2017:10:02:54 -0300] "GET /cormun/servlet/prfichaempleado?,MD,,gxPopupLevel%3D0%3B HTTP/1.1" 200 8870
200.54.247.69 - - [20/Apr/2017:10:02:55 -0300] "GET /cormun/static/gxcfg.js?2017319125415 HTTP/1.1" 304 -
200.111.191.210 - - [20/Apr/2017:10:03:04 -0300] "GET /cormun/servlet/solicitudotadjuntos?2fea1e466efcea32e6d45dcc649a78f0f803e69ac89ff74f8ed6650aa6fc29b2,gx-no-cache=1492696944650 HTTP/1.1" 200 30
200.111.191.210 - - [20/Apr/2017:10:03:04 -0300] "GET /cormun/servlet/solicitudotadjuntos?2fea1e466efcea32e6d45dcc649a78f0f803e69ac89ff74f8ed6650aa6fc29b2,gx-no-cache=1492696944678 HTTP/1.1" 200 30
200.111.191.210 - - [20/Apr/2017:10:03:05 -0300] "POST /cormun/servlet/solicitudotadjuntos?0e52c817bd6c8ff270e7d3c867b854aa,INS,2017,6141,,1, HTTP/1.1" 200 116
200.111.191.210 - - [20/Apr/2017:10:03:05 -0300] "GET /cormun/servlet/hpexe_return? HTTP/1.1" 200 1025
200.111.191.210 - - [20/Apr/2017:10:03:06 -0300] "GET /cormun/servlet/trsolicitudadjuntos?2017,6141, HTTP/1.1" 200 8513
200.54.247.69 - - [20/Apr/2017:10:03:06 -0300] "POST /cormun/servlet/prfichaempleado?d5b1f318e3e1e629f63c3199ece05ac1,,MD,,gxPopupLevel%3D0%3B,gx-no-cache=1492693450446 HTTP/1.1" 200 3404
200.111.191.210 - - [20/Apr/2017:10:03:07 -0300] "GET /cormun/servlet/trsolicitudadjuntos?2017,6141, HTTP/1.1" 200 8510
200.111.191.210 - - [20/Apr/2017:10:03:08 -0300] "GET /cormun/servlet/solicitudotadjuntos?INS,2017,6141,,1, HTTP/1.1" 200 5811
200.111.191.210 - - [20/Apr/2017:10:03:09 -0300] "GET /cormun/static/about:blank HTTP/1.1" 404 1011
200.111.191.210 - - [20/Apr/2017:10:03:09 -0300] "GET /cormun/servlet/solicitudotadjuntos?INS,2017,6141,,1, HTTP/1.1" 200 5805
200.111.191.210 - - [20/Apr/2017:10:03:09 -0300] "GET /cormun/servlet/solicitudotadjuntos?2fea1e466efcea32e6d45dcc649a78f0359f87e29285019628e556bd360e6caef4b929a2a1a4f68c944dcc5983d2d761,gx-no-cache=1492696950185 HTTP/1.1" 200 30
200.111.191.210 - - [20/Apr/2017:10:03:09 -0300] "POST /cormun/servlet/solicitudotadjuntos?0e52c817bd6c8ff270e7d3c867b854aa,INS,2017,6141,,1,,gx-no-cache=1492696950256 HTTP/1.1" 200 3635
200.54.247.69 - - [20/Apr/2017:10:03:10 -0300] "GET /cormun/servlet/licenciaspermisos?9c9ff8c1fb2c1235fc0717bd365676bd0a5a0a8ab9f9280f22285f64a4785e1abfe9dae2c5ee58d47299cb5201c87e5b,gx-no-cache=1492693455336 HTTP/1.1" 200 67
200.54.247.69 - - [20/Apr/2017:10:03:11 -0300] "POST /cormun/servlet/licenciaspermisos?d5b1f318e3e1e629f63c3199ece05ac1,INS,0,,,,gx-no-cache=1492693455656 HTTP/1.1" 200 4610
200.111.191.210 - - [20/Apr/2017:10:03:12 -0300] "POST /cormun/servlet/solicitudotadjuntos?gx-no-cache=1492696953361 HTTP/1.1" 200 26
192.168.10.89 - - [20/Apr/2017:10:03:15 -0300] "POST /cormun/servlet/trsolicitudot?d18dbc4e8ec9ab808492781cb77b7e31,,gx-no-cache=1492696667105 HTTP/1.1" 200 105
192.168.10.89 - - [20/Apr/2017:10:03:15 -0300] "GET /cormun/servlet/solicitudot?UPD,2017,6124, HTTP/1.1" 200 14476
192.168.10.89 - - [20/Apr/2017:10:03:16 -0300] "POST /cormun/servlet/solicitudot?gx-no-cache=1492696668707 HTTP/1.1" 200 3174
192.168.10.89 - - [20/Apr/2017:10:03:16 -0300] "POST /cormun/servlet/solicitudot?d18dbc4e8ec9ab808492781cb77b7e31,UPD,2017,6124,,gx-no-cache=1492696668963 HTTP/1.1" 200 11064
192.168.10.89 - - [20/Apr/2017:10:03:17 -0300] "GET /cormun/servlet/solicitudot?dab0bd195bd6e6a0d99287f8623334924d05b496853446be6cd631667e89120f5449e81f4d153906e560bc3420636331,gx-no-cache=1492696669245 HTTP/1.1" 200 30
192.168.10.89 - - [20/Apr/2017:10:03:17 -0300] "POST /cormun/servlet/solicitudot?gx-no-cache=1492696669323 HTTP/1.1" 200 297
192.168.10.89 - - [20/Apr/2017:10:03:17 -0300] "GET /cormun/servlet/solicitudot?dab0bd195bd6e6a0d99287f86233349223a0a4c38a3f560d0af3736385f9b8df145ccb9471dbcf970524ba1e69105da72f93d6363354f126c12b221e623101144d0fb4913f82ebd6d3697cebb874327a5cbc17346507d375d9c69e3be18f5b2784afc44230737466f45c6a863d9e0b1b5166f2b688baf970dc056eca005bf96456f100d45debfbe3e247de8f2c450016b3c1f753967e27ff282a0ad2c1c8a30124493c7ec8e3622add8533a56f8cbac0563375587172867b40bb183a2141d6df0bc28b093112c78ebff31847b25ec8a1e38b297f58be319634bea70b36c8cc2e379f3210fd8c1a80c902d02bf71ea6e439ea9b691308d3a36e1e7fd9814f1692227419d06cae286ac58387dbf24f1ad39407cbbe49b65378bf7129da8f9904674798d1083daacf71e5b8da511ed8cd2286759669918cf4532f26b35d63a021cf73d9d860a3f41fd58e9b6ae0189e6f3e56080ed33f283bac1505fe60abdbefccc93db072bd7577afe644a7e351f81f241fb5b0dd1fe9d5d20587ab39853267ae28e82c6fee1d1efd5d3dd174e417131c,gx-no-cache=1492696669356 HTTP/1.1" 200 30
192.168.10.89 - - [20/Apr/2017:10:03:17 -0300] "POST /cormun/servlet/solicitudot?gx-no-cache=1492696669379 HTTP/1.1" 200 30
192.168.10.89 - - [20/Apr/2017:10:03:17 -0300] "POST /cormun/servlet/solicitudot?gx-no-cache=1492696669424 HTTP/1.1" 200 1289
192.168.10.89 - - [20/Apr/2017:10:03:17 -0300] "POST /cormun/servlet/solicitudot?gx-no-cache=1492696669468 HTTP/1.1" 200 41
192.168.10.89 - - [20/Apr/2017:10:03:20 -0300] "GET /cormun/servlet/solicitudot?dab0bd195bd6e6a0d99287f862333492c6a4f86a28e5626b4661e7db5c93fb1e3d28603c7014af8b898ca43c23dc556d6268ebb13cc401f969e0500d6721a6f9d46087e375198ed4b03a325baafa7d7ab1263a4f1ab270c2b0f7840a9eabc3651482045b9e15223389da79332d2bf453,gx-no-cache=1492696672557 HTTP/1.1" 200 29
192.168.10.89 - - [20/Apr/2017:10:03:20 -0300] "POST /cormun/servlet/solicitudot?gx-no-cache=1492696672617 HTTP/1.1" 200 1273
192.168.10.89 - - [20/Apr/2017:10:03:20 -0300] "POST /cormun/servlet/solicitudot?gx-no-cache=1492696673048 HTTP/1.1" 200 1156
192.168.10.89 - - [20/Apr/2017:10:03:22 -0300] "GET /cormun/servlet/solicitudot?dab0bd195bd6e6a0d99287f862333492ca829cfb5921579690f57e41170c530601b7e40da1f748a9f719912c414573eebf95f1c31d350f4e6b0d94db752e1efb6578094631e574a206811bc99231a2d8192c26c7eb3013f2a795e38bd9f6efc6d28b2f8a40fc35eb2aba7bd4713d29a83c648e974250610790d8da3ed43acead9863d9fe9799f60a458512490c78bc7bfc9a89bfeb9bc24ee1ba111a071b802e4916b60fbb494ea1b857f92e647f2a50,gx-no-cache=1492696674666 HTTP/1.1" 200 32
192.168.10.89 - - [20/Apr/2017:10:03:27 -0300] "POST /cormun/servlet/solicitudot?d18dbc4e8ec9ab808492781cb77b7e31,UPD,2017,6124,,gx-no-cache=1492696679161 HTTP/1.1" 200 93
192.168.10.89 - - [20/Apr/2017:10:03:27 -0300] "GET /cormun/servlet/hpexe_return? HTTP/1.1" 200 1009
192.168.10.89 - - [20/Apr/2017:10:03:27 -0300] "GET /cormun/servlet/trsolicitudot HTTP/1.1" 200 8190
192.168.10.89 - - [20/Apr/2017:10:03:30 -0300] "POST /cormun/servlet/trsolicitudot?d18dbc4e8ec9ab808492781cb77b7e31,gx-no-cache=1492696682189 HTTP/1.1" 200 4350
192.168.10.89 - - [20/Apr/2017:10:03:30 -0300] "POST /cormun/servlet/trsolicitudot?d18dbc4e8ec9ab808492781cb77b7e31,gx-no-cache=1492696682520 HTTP/1.1" 200 4120
192.168.10.89 - - [20/Apr/2017:10:03:30 -0300] "GET /cormun/static/Shared/jqueryui/images/ui-icons_8d78a5_256x240.png HTTP/1.1" 404 1089
192.168.10.89 - - [20/Apr/2017:10:03:30 -0300] "GET /cormun/static/Shared/jqueryui/images/ui-bg_flat_55_fafafa_40x100.png HTTP/1.1" 404 1097
192.168.10.89 - - [20/Apr/2017:10:03:30 -0300] "GET /cormun/static/Shared/jqueryui/images/ui-icons_82798d_256x240.png HTTP/1.1" 404 1089
192.168.10.89 - - [20/Apr/2017:10:03:30 -0300] "GET /cormun/static/Shared/jqueryui/images/ui-bg_highlight-soft_100_c6c2c8_1x100.png HTTP/1.1" 404 1117
192.168.10.89 - - [20/Apr/2017:10:03:32 -0300] "GET /cormun/servlet/trautorizarsolicitud? HTTP/1.1" 200 10007
200.111.191.210 - - [20/Apr/2017:10:03:35 -0300] "GET /cormun/servlet/solicitudotadjuntos?2fea1e466efcea32e6d45dcc649a78f0f803e69ac89ff74f8ed6650aa6fc29b2,gx-no-cache=1492696975706 HTTP/1.1" 200 30
200.111.191.210 - - [20/Apr/2017:10:03:35 -0300] "GET /cormun/servlet/solicitudotadjuntos?2fea1e466efcea32e6d45dcc649a78f0f803e69ac89ff74f8ed6650aa6fc29b2,gx-no-cache=1492696975820 HTTP/1.1" 200 30
192.168.10.89 - - [20/Apr/2017:10:03:36 -0300] "POST /cormun/servlet/trautorizarsolicitud?d18dbc4e8ec9ab808492781cb77b7e31,,gx-no-cache=1492696688024 HTTP/1.1" 200 6943
192.168.10.89 - - [20/Apr/2017:10:03:36 -0300] "POST /cormun/servlet/trautorizarsolicitud?d18dbc4e8ec9ab808492781cb77b7e31,,gx-no-cache=1492696688625 HTTP/1.1" 200 6887
192.168.10.89 - - [20/Apr/2017:10:03:37 -0300] "GET /cormun/static/Shared/jqueryui/images/ui-bg_flat_55_fafafa_40x100.png HTTP/1.1" 404 1097
192.168.10.89 - - [20/Apr/2017:10:03:37 -0300] "GET /cormun/static/Shared/jqueryui/images/ui-icons_8d78a5_256x240.png HTTP/1.1" 404 1089
192.168.10.89 - - [20/Apr/2017:10:03:37 -0300] "GET /cormun/static/Shared/jqueryui/images/ui-icons_82798d_256x240.png HTTP/1.1" 404 1089
192.168.10.89 - - [20/Apr/2017:10:03:37 -0300] "GET /cormun/static/Shared/jqueryui/images/ui-bg_highlight-soft_100_c6c2c8_1x100.png HTTP/1.1" 404 1117
200.111.191.210 - - [20/Apr/2017:10:03:37 -0300] "POST /cormun/servlet/solicitudotadjuntos?0e52c817bd6c8ff270e7d3c867b854aa,INS,2017,6141,,1, HTTP/1.1" 200 116
200.111.191.210 - - [20/Apr/2017:10:03:37 -0300] "GET /cormun/servlet/hpexe_return? HTTP/1.1" 200 1025
200.111.191.210 - - [20/Apr/2017:10:03:37 -0300] "GET /cormun/servlet/trsolicitudadjuntos?2017,6141, HTTP/1.1" 200 8694
200.111.191.210 - - [20/Apr/2017:10:03:38 -0300] "GET /cormun/servlet/trsolicitudadjuntos?2017,6141, HTTP/1.1" 200 8690
200.111.191.210 - - [20/Apr/2017:10:03:40 -0300] "GET /cormun/servlet/solicitudotadjuntos?INS,2017,6141,,1, HTTP/1.1" 200 5811
200.111.191.210 - - [20/Apr/2017:10:03:40 -0300] "GET /cormun/static/about:blank HTTP/1.1" 404 1011
200.111.191.210 - - [20/Apr/2017:10:03:41 -0300] "GET /cormun/servlet/solicitudotadjuntos?INS,2017,6141,,1, HTTP/1.1" 200 5805
200.111.191.210 - - [20/Apr/2017:10:03:41 -0300] "GET /cormun/servlet/solicitudotadjuntos?2fea1e466efcea32e6d45dcc649a78f0359f87e29285019628e556bd360e6caef4b929a2a1a4f68c944dcc5983d2d761,gx-no-cache=1492696982012 HTTP/1.1" 200 30
192.168.10.13 - - [20/Apr/2017:10:03:41 -0300] "GET / HTTP/1.1" 200 11217
200.111.191.210 - - [20/Apr/2017:10:03:41 -0300] "POST /cormun/servlet/solicitudotadjuntos?0e52c817bd6c8ff270e7d3c867b854aa,INS,2017,6141,,1,,gx-no-cache=1492696982089 HTTP/1.1" 200 3635
200.111.191.210 - - [20/Apr/2017:10:03:43 -0300] "POST /cormun/servlet/solicitudotadjuntos?gx-no-cache=1492696984453 HTTP/1.1" 200 26
200.111.191.210 - - [20/Apr/2017:10:03:49 -0300] "GET /cormun/servlet/solicitudotadjuntos?2fea1e466efcea32e6d45dcc649a78f0f803e69ac89ff74f8ed6650aa6fc29b2,gx-no-cache=1492696990486 HTTP/1.1" 200 30
200.111.191.210 - - [20/Apr/2017:10:03:49 -0300] "GET /cormun/servlet/solicitudotadjuntos?2fea1e466efcea32e6d45dcc649a78f0f803e69ac89ff74f8ed6650aa6fc29b2,gx-no-cache=1492696990543 HTTP/1.1" 200 30
192.168.10.89 - - [20/Apr/2017:10:03:53 -0300] "GET /cormun/servlet/hlogin HTTP/1.1" 200 1742
200.111.191.210 - - [20/Apr/2017:10:03:54 -0300] "POST /cormun/servlet/solicitudotadjuntos?0e52c817bd6c8ff270e7d3c867b854aa,INS,2017,6141,,1, HTTP/1.1" 200 116
200.111.191.210 - - [20/Apr/2017:10:03:54 -0300] "GET /cormun/servlet/hpexe_return? HTTP/1.1" 200 1025
200.111.191.210 - - [20/Apr/2017:10:03:55 -0300] "GET /cormun/servlet/trsolicitudadjuntos?2017,6141, HTTP/1.1" 200 8929
200.111.191.210 - - [20/Apr/2017:10:03:56 -0300] "GET /cormun/servlet/trsolicitudadjuntos?2017,6141, HTTP/1.1" 200 8927
192.168.10.89 - - [20/Apr/2017:10:04:00 -0300] "POST /cormun/servlet/hlogin?d18dbc4e8ec9ab808492781cb77b7e31,gx-no-cache=1492696712851 HTTP/1.1" 200 90
192.168.10.89 - - [20/Apr/2017:10:04:00 -0300] "GET /cormun/servlet/hpexe_link HTTP/1.1" 200 951
192.168.10.89 - - [20/Apr/2017:10:04:01 -0300] "GET /cormun/servlet/hhome HTTP/1.1" 200 4451
200.111.191.210 - - [20/Apr/2017:10:04:04 -0300] "GET /cormun/servlet/trsolicitudot? HTTP/1.1" 200 8533
200.111.191.210 - - [20/Apr/2017:10:04:04 -0300] "GET /cormun/servlet/trsolicitudot? HTTP/1.1" 200 8527
192.168.10.89 - - [20/Apr/2017:10:04:06 -0300] "GET /cormun/servlet/trsolicitudgral? HTTP/1.1" 200 25420
200.111.191.210 - - [20/Apr/2017:10:04:07 -0300] "POST /cormun/servlet/trsolicitudot?0e52c817bd6c8ff270e7d3c867b854aa,,gx-no-cache=1492697007751 HTTP/1.1" 200 5329
200.111.191.210 - - [20/Apr/2017:10:04:07 -0300] "GET /cormun/static/Shared/jqueryui/images/ui-bg_highlight-soft_100_c6c2c8_1x100.png HTTP/1.1" 404 1117
200.111.191.210 - - [20/Apr/2017:10:04:07 -0300] "GET /cormun/static/Shared/jqueryui/images/ui-bg_flat_55_fafafa_40x100.png HTTP/1.1" 404 1097
200.111.191.210 - - [20/Apr/2017:10:04:07 -0300] "GET /cormun/static/Shared/jqueryui/images/ui-icons_8d78a5_256x240.png HTTP/1.1" 404 1089
200.111.191.210 - - [20/Apr/2017:10:04:07 -0300] "GET /cormun/static/Shared/jqueryui/images/ui-icons_82798d_256x240.png HTTP/1.1" 404 1089
200.111.191.210 - - [20/Apr/2017:10:04:07 -0300] "POST /cormun/servlet/trsolicitudot?0e52c817bd6c8ff270e7d3c867b854aa,,gx-no-cache=1492697008011 HTTP/1.1" 200 5272
192.168.10.89 - - [20/Apr/2017:10:04:20 -0300] "POST /cormun/servlet/trsolicitudgral?d18dbc4e8ec9ab808492781cb77b7e31,,gx-no-cache=1492696732202 HTTP/1.1" 200 7985
200.111.191.210 - - [20/Apr/2017:10:04:40 -0300] "GET /cormun/servlet/hlogin HTTP/1.1" 200 1742
192.168.10.13 - - [20/Apr/2017:10:04:41 -0300] "GET / HTTP/1.1" 200 11217
192.168.10.89 - - [20/Apr/2017:10:04:50 -0300] "POST /cormun/servlet/trsolicitudgral?d18dbc4e8ec9ab808492781cb77b7e31,,gx-no-cache=1492696762649 HTTP/1.1" 200 115
192.168.10.89 - - [20/Apr/2017:10:04:50 -0300] "GET /cormun/servlet/solicitudotlog?INS,2017,5754,0,REC, HTTP/1.1" 200 6213
192.168.10.89 - - [20/Apr/2017:10:04:51 -0300] "GET /cormun/servlet/solicitudotlog?dab0bd195bd6e6a0d99287f86233349200a555ebb5374925e2b7f16927a9ea419768734b0b142d08ef5a1f0932507d93efaa698001403043ada63811fae1443ba4d58d94b7f376a1b4aa6af9b6f7a03756de9bc0bfec5fdb8ea2e5ded033f470ffb1520d6b2868a107a5165f717b4fb5ee60a05dbf64423d9800c204bb41760c55a5d2adc31d25bcc7341a8a4d3dcf54350b76755206bef769711121665bac04,gx-no-cache=1492696764060 HTTP/1.1" 200 94
192.168.10.89 - - [20/Apr/2017:10:04:54 -0300] "POST /cormun/servlet/solicitudotlog?d18dbc4e8ec9ab808492781cb77b7e31,INS,2017,5754,0,REC,,gx-no-cache=1492696767027 HTTP/1.1" 200 93
192.168.10.89 - - [20/Apr/2017:10:04:54 -0300] "GET /cormun/servlet/hpexe_return? HTTP/1.1" 200 1021
192.168.10.89 - - [20/Apr/2017:10:04:55 -0300] "GET /cormun/servlet/trsolicitudgral? HTTP/1.1" 200 10841
200.111.191.210 - - [20/Apr/2017:10:05:33 -0300] "POST /cormun/servlet/hlogin?0e52c817bd6c8ff270e7d3c867b854aa,gx-no-cache=1492697094192 HTTP/1.1" 200 90
200.111.191.210 - - [20/Apr/2017:10:05:33 -0300] "GET /cormun/servlet/hpexe_link HTTP/1.1" 200 953
200.111.191.210 - - [20/Apr/2017:10:05:33 -0300] "GET /cormun/servlet/hhome HTTP/1.1" 200 3945
200.111.191.210 - - [20/Apr/2017:10:05:34 -0300] "GET /cormun/servlet/hhome HTTP/1.1" 200 3941
200.111.191.210 - - [20/Apr/2017:10:05:34 -0300] "GET /cormun/static/SmoothNavMenu/resources/images/right.gif HTTP/1.1" 200 860
200.111.191.210 - - [20/Apr/2017:10:05:37 -0300] "GET /cormun/servlet/trautorizarsolicitud? HTTP/1.1" 200 9368
200.111.191.210 - - [20/Apr/2017:10:05:37 -0300] "GET /cormun/static/gxui/gxui-all.css?120300 HTTP/1.1" 200 2179
200.111.191.210 - - [20/Apr/2017:10:05:37 -0300] "GET /cormun/static/gxcfg.js?2017259112829 HTTP/1.1" 200 953
200.111.191.210 - - [20/Apr/2017:10:05:37 -0300] "GET /cormun/static/trautorizarsolicitud.js?2017259113483 HTTP/1.1" 200 53096
200.111.191.210 - - [20/Apr/2017:10:05:37 -0300] "GET /cormun/static/Shared/ext/resources/css/ext-all.css?215870 HTTP/1.1" 200 416045
192.168.10.89 - - [20/Apr/2017:10:05:37 -0300] "POST /cormun/servlet/trsolicitudgral?d18dbc4e8ec9ab808492781cb77b7e31,,gx-no-cache=1492696809708 HTTP/1.1" 200 7162
200.111.191.210 - - [20/Apr/2017:10:05:37 -0300] "GET /cormun/servlet/trautorizarsolicitud? HTTP/1.1" 200 9366
192.168.10.89 - - [20/Apr/2017:10:05:37 -0300] "GET /cormun/static/Shared/jqueryui/images/ui-icons_82798d_256x240.png HTTP/1.1" 404 1089
192.168.10.89 - - [20/Apr/2017:10:05:38 -0300] "GET /cormun/static/Shared/jqueryui/images/ui-icons_8d78a5_256x240.png HTTP/1.1" 404 1089
192.168.10.89 - - [20/Apr/2017:10:05:38 -0300] "GET /cormun/static/Shared/jqueryui/images/ui-bg_highlight-soft_100_c6c2c8_1x100.png HTTP/1.1" 404 1117
192.168.10.89 - - [20/Apr/2017:10:05:38 -0300] "GET /cormun/static/Shared/jqueryui/images/ui-bg_flat_55_fafafa_40x100.png HTTP/1.1" 404 1097
200.111.191.210 - - [20/Apr/2017:10:05:40 -0300] "POST /cormun/servlet/trautorizarsolicitud?0e52c817bd6c8ff270e7d3c867b854aa,,gx-no-cache=1492697101323 HTTP/1.1" 200 6367
200.111.191.210 - - [20/Apr/2017:10:05:40 -0300] "GET /cormun/static/Shared/jqueryui/images/ui-icons_82798d_256x240.png HTTP/1.1" 404 1089
200.111.191.210 - - [20/Apr/2017:10:05:40 -0300] "GET /cormun/static/Shared/jqueryui/images/ui-bg_highlight-soft_100_c6c2c8_1x100.png HTTP/1.1" 404 1117
200.111.191.210 - - [20/Apr/2017:10:05:40 -0300] "GET /cormun/static/Shared/jqueryui/images/ui-bg_flat_55_fafafa_40x100.png HTTP/1.1" 404 1097
200.111.191.210 - - [20/Apr/2017:10:05:40 -0300] "GET /cormun/static/Shared/jqueryui/images/ui-icons_8d78a5_256x240.png HTTP/1.1" 404 1089
200.111.191.210 - - [20/Apr/2017:10:05:41 -0300] "POST /cormun/servlet/trautorizarsolicitud?0e52c817bd6c8ff270e7d3c867b854aa,,gx-no-cache=1492697101600 HTTP/1.1" 200 6310
192.168.10.13 - - [20/Apr/2017:10:05:41 -0300] "GET / HTTP/1.1" 200 11217
200.111.191.210 - - [20/Apr/2017:10:05:43 -0300] "POST /cormun/servlet/trautorizarsolicitud?0e52c817bd6c8ff270e7d3c867b854aa,,gx-no-cache=1492697104029 HTTP/1.1" 200 6067
200.111.191.210 - - [20/Apr/2017:10:05:43 -0300] "POST /cormun/servlet/trautorizarsolicitud?0e52c817bd6c8ff270e7d3c867b854aa,,gx-no-cache=1492697104398 HTTP/1.1" 200 6009
200.111.191.210 - - [20/Apr/2017:10:05:46 -0300] "POST /cormun/servlet/trautorizarsolicitud?0e52c817bd6c8ff270e7d3c867b854aa,,gx-no-cache=1492697106673 HTTP/1.1" 200 5747
200.111.191.210 - - [20/Apr/2017:10:05:46 -0300] "POST /cormun/servlet/trautorizarsolicitud?0e52c817bd6c8ff270e7d3c867b854aa,,gx-no-cache=1492697106939 HTTP/1.1" 200 5690
200.111.191.210 - - [20/Apr/2017:10:05:47 -0300] "POST /cormun/servlet/trautorizarsolicitud?0e52c817bd6c8ff270e7d3c867b854aa,,gx-no-cache=1492697108205 HTTP/1.1" 200 5398
200.111.191.210 - - [20/Apr/2017:10:05:47 -0300] "POST /cormun/servlet/trautorizarsolicitud?0e52c817bd6c8ff270e7d3c867b854aa,,gx-no-cache=1492697108424 HTTP/1.1" 200 5342
200.111.191.210 - - [20/Apr/2017:10:05:48 -0300] "POST /cormun/servlet/trautorizarsolicitud?0e52c817bd6c8ff270e7d3c867b854aa,,gx-no-cache=1492697109409 HTTP/1.1" 200 4303
200.111.191.210 - - [20/Apr/2017:10:05:49 -0300] "POST /cormun/servlet/trautorizarsolicitud?0e52c817bd6c8ff270e7d3c867b854aa,,gx-no-cache=1492697109584 HTTP/1.1" 200 4092
192.168.10.89 - - [20/Apr/2017:10:05:56 -0300] "POST /cormun/servlet/trsolicitudgral?d18dbc4e8ec9ab808492781cb77b7e31,,gx-no-cache=1492696826899 HTTP/1.1" 200 22769
192.168.10.89 - - [20/Apr/2017:10:06:17 -0300] "POST /cormun/servlet/trsolicitudgral?d18dbc4e8ec9ab808492781cb77b7e31,,gx-no-cache=1492696849915 HTTP/1.1" 200 5473
192.168.10.89 - - [20/Apr/2017:10:06:21 -0300] "GET /cormun/servlet/hlogin HTTP/1.1" 200 1739
192.168.10.89 - - [20/Apr/2017:10:06:30 -0300] "POST /cormun/servlet/hlogin?d18dbc4e8ec9ab808492781cb77b7e31,gx-no-cache=1492696862415 HTTP/1.1" 200 90
192.168.10.89 - - [20/Apr/2017:10:06:30 -0300] "GET /cormun/servlet/hpexe_link HTTP/1.1" 200 951
192.168.10.89 - - [20/Apr/2017:10:06:30 -0300] "GET /cormun/servlet/hhome HTTP/1.1" 200 3968
200.54.247.69 - - [20/Apr/2017:10:06:36 -0300] "GET /cormun/servlet/licenciaspermisos?9c9ff8c1fb2c1235fc0717bd365676bd9fbdaff5502021fb4431d2faec0860a628ba9ceecac88b394f4a58d7227a7f61c407ad4222811d513a7e255fe12caee77bff15daea5261f215bef99b74133517ad13eba5633345be535f437a16a1eb87f2bc9e22af2ed7a90a8c4bb04750f1652af831e0319f0527ebd7a4f2ae152b9589015144ec7f2505e59133c620ddaf62490ef8b0956a26cbe816d063d3432eade29e0253fdd7a1cf5d9d655ea7eb3653,gx-no-cache=1492693661012 HTTP/1.1" 200 30
200.54.247.69 - - [20/Apr/2017:10:06:36 -0300] "GET /cormun/servlet/licenciaspermisos?9c9ff8c1fb2c1235fc0717bd365676bdfd532ce4bbfd9d94b7fa5c3a6bbfa2b1445d85a888dd0f2da07301244dbb360bc68aac97833dc0b0eed1141e524d64d911d1eef378654b54c33baf1c93007fc171c9fc76f533cb400c8b0344dff87e1af9011d0965ae7513cd257233b8cc3586a26ec24098601db958977b36012d2dae83022041b1b9499c3ae49694875dbffef7fc4396f74232bb9636dd4f26bbe01d6aa9e94364efbf9ea3955e1e15defa75,gx-no-cache=1492693661121 HTTP/1.1" 200 29
200.54.247.69 - - [20/Apr/2017:10:06:37 -0300] "POST /cormun/servlet/licenciaspermisos?d5b1f318e3e1e629f63c3199ece05ac1,INS,0,,,,gx-no-cache=1492693661197 HTTP/1.1" 200 93
200.54.247.69 - - [20/Apr/2017:10:06:37 -0300] "GET /cormun/servlet/hpexe_return? HTTP/1.1" 200 1008
192.168.10.89 - - [20/Apr/2017:10:06:37 -0300] "GET /cormun/servlet/trsolicitudot? HTTP/1.1" 200 8272
200.54.247.69 - - [20/Apr/2017:10:06:37 -0300] "GET /cormun/static/gxcfg.js?2016101716175148 HTTP/1.1" 304 -
200.54.247.69 - - [20/Apr/2017:10:06:37 -0300] "GET /cormun/servlet/trlicencias HTTP/1.1" 200 9560
200.54.247.69 - - [20/Apr/2017:10:06:38 -0300] "GET /cormun/servlet/trlicencias HTTP/1.1" 200 9555
192.168.10.13 - - [20/Apr/2017:10:06:41 -0300] "GET / HTTP/1.1" 200 11217
192.168.10.89 - - [20/Apr/2017:10:06:46 -0300] "POST /cormun/servlet/trsolicitudot?d18dbc4e8ec9ab808492781cb77b7e31,,gx-no-cache=1492696878607 HTTP/1.1" 200 106
192.168.10.89 - - [20/Apr/2017:10:06:46 -0300] "GET /cormun/servlet/solicitudot?DLT,2017,5754, HTTP/1.1" 200 9500
192.168.10.89 - - [20/Apr/2017:10:06:47 -0300] "GET /cormun/static/Shared/jqueryui/images/ui-icons_8d78a5_256x240.png HTTP/1.1" 404 1089
192.168.10.89 - - [20/Apr/2017:10:06:47 -0300] "GET /cormun/static/Shared/jqueryui/images/ui-bg_highlight-soft_100_c6c2c8_1x100.png HTTP/1.1" 404 1117
192.168.10.89 - - [20/Apr/2017:10:06:47 -0300] "GET /cormun/static/Shared/jqueryui/images/ui-icons_82798d_256x240.png HTTP/1.1" 404 1089
192.168.10.89 - - [20/Apr/2017:10:06:47 -0300] "GET /cormun/static/Shared/jqueryui/images/ui-bg_flat_55_fafafa_40x100.png HTTP/1.1" 404 1097
192.168.10.89 - - [20/Apr/2017:10:06:51 -0300] "POST /cormun/servlet/solicitudot?d18dbc4e8ec9ab808492781cb77b7e31,DLT,2017,5754,,gx-no-cache=1492696883732 HTTP/1.1" 200 12548
192.168.10.89 - - [20/Apr/2017:10:06:51 -0300] "GET /cormun/static/Shared/jqueryui/images/ui-icons_ebccce_256x240.png HTTP/1.1" 404 1089
192.168.10.89 - - [20/Apr/2017:10:06:51 -0300] "GET /cormun/static/Shared/jqueryui/images/ui-bg_flat_55_994d53_40x100.png HTTP/1.1" 404 1097
192.168.10.89 - - [20/Apr/2017:10:06:54 -0300] "GET /cormun/servlet/trsolicitudot? HTTP/1.1" 200 8272
200.54.247.69 - - [20/Apr/2017:10:06:56 -0300] "POST /cormun/servlet/trlicencias?d5b1f318e3e1e629f63c3199ece05ac1,gx-no-cache=1492693680284 HTTP/1.1" 200 5347
200.54.247.69 - - [20/Apr/2017:10:06:58 -0300] "GET /cormun/servlet/trlicenciaspermisosadjuntos?17503939,20170420000000,L, HTTP/1.1" 200 6379
200.54.247.69 - - [20/Apr/2017:10:06:58 -0300] "GET /cormun/static/gxcfg.js?20173171154619 HTTP/1.1" 200 953
200.54.247.69 - - [20/Apr/2017:10:06:59 -0300] "GET /cormun/static/trlicenciaspermisosadjuntos.js?20173171154971 HTTP/1.1" 200 21005
200.54.247.69 - - [20/Apr/2017:10:06:59 -0300] "GET /cormun/servlet/trlicenciaspermisosadjuntos?17503939,20170420000000,L, HTTP/1.1" 200 6379
200.54.247.69 - - [20/Apr/2017:10:07:01 -0300] "GET /cormun/servlet/licenciaspermisosadjuntos?INS,17503939,L,20170420000000,, HTTP/1.1" 200 5674
200.54.247.69 - - [20/Apr/2017:10:07:01 -0300] "GET /cormun/static/gxcfg.js?201731711421170 HTTP/1.1" 200 953
200.54.247.69 - - [20/Apr/2017:10:07:01 -0300] "GET /cormun/static/licenciaspermisosadjuntos.js?201731711421181 HTTP/1.1" 200 8757
200.54.247.69 - - [20/Apr/2017:10:07:01 -0300] "GET /cormun/static/about:blank HTTP/1.1" 404 1011
200.54.247.69 - - [20/Apr/2017:10:07:01 -0300] "GET /cormun/servlet/licenciaspermisosadjuntos?INS,17503939,L,20170420000000,, HTTP/1.1" 200 5663
192.168.10.13 - - [20/Apr/2017:10:07:41 -0300] "GET / HTTP/1.1" 200 11217
192.168.10.89 - - [20/Apr/2017:10:07:53 -0300] "GET /cormun/servlet/trautorizarsolicitud? HTTP/1.1" 200 9669
200.54.247.69 - - [20/Apr/2017:10:08:06 -0300] "POST /cormun/servlet/licenciaspermisosadjuntos?d5b1f318e3e1e629f63c3199ece05ac1,INS,17503939,L,20170420000000,, HTTP/1.1" 200 116
200.54.247.69 - - [20/Apr/2017:10:08:06 -0300] "GET /cormun/servlet/hpexe_return? HTTP/1.1" 200 1038
200.54.247.69 - - [20/Apr/2017:10:08:09 -0300] "GET /cormun/servlet/trlicenciaspermisosadjuntos?17503939,20170420000000,L, HTTP/1.1" 200 6866
200.54.247.69 - - [20/Apr/2017:10:08:13 -0300] "GET /cormun/servlet/trlicenciaspermisosadjuntos?17503939,20170420000000,L, HTTP/1.1" 200 6863
200.54.247.69 - - [20/Apr/2017:10:08:23 -0300] "GET /cormun/servlet/licenciaspermisosadjuntos?DLT,17503939,L,20170420000000,20170420110133, HTTP/1.1" 200 5715
192.168.10.89 - - [20/Apr/2017:10:08:34 -0300] "POST /cormun/servlet/trautorizarsolicitud?d18dbc4e8ec9ab808492781cb77b7e31,,gx-no-cache=1492696986451 HTTP/1.1" 200 6609
192.168.10.89 - - [20/Apr/2017:10:08:34 -0300] "POST /cormun/servlet/trautorizarsolicitud?d18dbc4e8ec9ab808492781cb77b7e31,,gx-no-cache=1492696986967 HTTP/1.1" 200 6552
192.168.10.89 - - [20/Apr/2017:10:08:35 -0300] "GET /cormun/static/Shared/jqueryui/images/ui-icons_8d78a5_256x240.png HTTP/1.1" 404 1089
192.168.10.89 - - [20/Apr/2017:10:08:35 -0300] "GET /cormun/static/Shared/jqueryui/images/ui-icons_82798d_256x240.png HTTP/1.1" 404 1089
192.168.10.89 - - [20/Apr/2017:10:08:35 -0300] "GET /cormun/static/Shared/jqueryui/images/ui-bg_highlight-soft_100_c6c2c8_1x100.png HTTP/1.1" 404 1117
192.168.10.89 - - [20/Apr/2017:10:08:35 -0300] "GET /cormun/static/Shared/jqueryui/images/ui-bg_flat_55_fafafa_40x100.png HTTP/1.1" 404 1097
192.168.10.89 - - [20/Apr/2017:10:08:36 -0300] "POST /cormun/servlet/trautorizarsolicitud?d18dbc4e8ec9ab808492781cb77b7e31,,gx-no-cache=1492696988420 HTTP/1.1" 200 6271
200.54.247.69 - - [20/Apr/2017:10:08:36 -0300] "GET /cormun/PublicTempStorage/giselle_ingles6977900.pdf HTTP/1.1" 206 28823988
192.168.10.89 - - [20/Apr/2017:10:08:37 -0300] "POST /cormun/servlet/trautorizarsolicitud?d18dbc4e8ec9ab808492781cb77b7e31,,gx-no-cache=1492696989048 HTTP/1.1" 200 6214
192.168.10.89 - - [20/Apr/2017:10:08:38 -0300] "POST /cormun/servlet/trautorizarsolicitud?d18dbc4e8ec9ab808492781cb77b7e31,,gx-no-cache=1492696990733 HTTP/1.1" 200 5831
192.168.10.89 - - [20/Apr/2017:10:08:39 -0300] "POST /cormun/servlet/trautorizarsolicitud?d18dbc4e8ec9ab808492781cb77b7e31,,gx-no-cache=1492696991419 HTTP/1.1" 200 5774
192.168.10.13 - - [20/Apr/2017:10:08:41 -0300] "GET / HTTP/1.1" 200 11217
192.168.10.89 - - [20/Apr/2017:10:08:41 -0300] "POST /cormun/servlet/trautorizarsolicitud?d18dbc4e8ec9ab808492781cb77b7e31,,gx-no-cache=1492696993987 HTTP/1.1" 200 5415
192.168.10.89 - - [20/Apr/2017:10:08:42 -0300] "POST /cormun/servlet/trautorizarsolicitud?d18dbc4e8ec9ab808492781cb77b7e31,,gx-no-cache=1492696994720 HTTP/1.1" 200 5361
192.168.10.89 - - [20/Apr/2017:10:08:54 -0300] "GET /cormun/servlet/hlogin HTTP/1.1" 200 1742
201.214.54.252 - - [20/Apr/2017:10:09:02 -0300] "POST /cormun/servlet/licenciaspermisosadjuntos?2c4375b9816126fe904ba2b0ecf14c99,INS,8741933,L,20170420000000,, HTTP/1.1" 200 116
201.214.54.252 - - [20/Apr/2017:10:09:02 -0300] "GET /cormun/servlet/hpexe_return? HTTP/1.1" 200 1041
201.214.54.252 - - [20/Apr/2017:10:09:03 -0300] "GET /cormun/servlet/trlicenciaspermisosadjuntos?8741933,20170420000000,L, HTTP/1.1" 200 6810
201.214.54.252 - - [20/Apr/2017:10:09:05 -0300] "HEAD /cormun/PublicTempStorage/licencia_medica_maria_elena_diaz_180420178281950.pdf HTTP/1.1" 200 -
192.168.10.89 - - [20/Apr/2017:10:09:06 -0300] "POST /cormun/servlet/hlogin?d18dbc4e8ec9ab808492781cb77b7e31,gx-no-cache=1492697018494 HTTP/1.1" 200 90
192.168.10.89 - - [20/Apr/2017:10:09:06 -0300] "GET /cormun/servlet/hpexe_link HTTP/1.1" 200 951
192.168.10.89 - - [20/Apr/2017:10:09:07 -0300] "GET /cormun/servlet/hhome HTTP/1.1" 200 4451
201.214.54.252 - - [20/Apr/2017:10:09:07 -0300] "GET /cormun/PublicTempStorage/licencia_medica_maria_elena_diaz_180420178281950.pdf HTTP/1.1" 200 479006
192.168.10.89 - - [20/Apr/2017:10:09:10 -0300] "GET /cormun/servlet/trsolicitudgral? HTTP/1.1" 200 11126
200.54.247.69 - - [20/Apr/2017:10:09:17 -0300] "GET /cormun/servlet/trlicenciaspermisosadjuntos?17503939,20170420000000,L, HTTP/1.1" 200 6866
200.54.247.69 - - [20/Apr/2017:10:09:17 -0300] "GET /cormun/servlet/licenciaspermisosadjuntos?INS,17503939,L,20170420000000,, HTTP/1.1" 200 5675
200.54.247.69 - - [20/Apr/2017:10:09:18 -0300] "GET /cormun/servlet/licenciaspermisosadjuntos?INS,17503939,L,20170420000000,, HTTP/1.1" 200 5662
192.168.10.89 - - [20/Apr/2017:10:09:26 -0300] "POST /cormun/servlet/trsolicitudgral?d18dbc4e8ec9ab808492781cb77b7e31,,gx-no-cache=1492697038637 HTTP/1.1" 200 5680
192.168.10.89 - - [20/Apr/2017:10:09:26 -0300] "GET /cormun/static/Shared/jqueryui/images/ui-icons_82798d_256x240.png HTTP/1.1" 404 1089
192.168.10.89 - - [20/Apr/2017:10:09:26 -0300] "GET /cormun/static/Shared/jqueryui/images/ui-bg_highlight-soft_100_c6c2c8_1x100.png HTTP/1.1" 404 1117
192.168.10.89 - - [20/Apr/2017:10:09:26 -0300] "GET /cormun/static/Shared/jqueryui/images/ui-icons_8d78a5_256x240.png HTTP/1.1" 404 1089
192.168.10.89 - - [20/Apr/2017:10:09:26 -0300] "GET /cormun/static/Shared/jqueryui/images/ui-bg_flat_55_fafafa_40x100.png HTTP/1.1" 404 1097
201.214.54.252 - - [20/Apr/2017:10:09:29 -0300] "POST /cormun/servlet/trlicenciaspermisosadjuntos?2c4375b9816126fe904ba2b0ecf14c99,8741933,20170420000000,L,,gx-no-cache=1492693832905 HTTP/1.1" 200 90
201.214.54.252 - - [20/Apr/2017:10:09:29 -0300] "GET /cormun/servlet/hpexe_link HTTP/1.1" 200 982
201.214.54.252 - - [20/Apr/2017:10:09:30 -0300] "GET /cormun/static/hpexe_link.js?201731711483384 HTTP/1.1" 200 625
201.214.54.252 - - [20/Apr/2017:10:09:30 -0300] "GET /cormun/servlet/trlicencias HTTP/1.1" 200 7942
192.168.10.13 - - [20/Apr/2017:10:09:41 -0300] "GET / HTTP/1.1" 200 11217
201.214.54.252 - - [20/Apr/2017:10:09:43 -0300] "GET /cormun/servlet/alicenciaprn?8741933,L,20170420000000,PU HTTP/1.1" 200 1517
201.214.54.252 - - [20/Apr/2017:10:09:44 -0300] "GET /cormun/servlet/alicenciaprn?8741933,L,20170420000000,PU HTTP/1.1" 200 1518
192.168.10.13 - - [20/Apr/2017:10:10:41 -0300] "GET / HTTP/1.1" 200 11217
200.54.247.69 - - [20/Apr/2017:10:11:01 -0300] "POST /cormun/servlet/licenciaspermisosadjuntos?d5b1f318e3e1e629f63c3199ece05ac1,INS,17503939,L,20170420000000,, HTTP/1.1" 200 116
200.54.247.69 - - [20/Apr/2017:10:11:01 -0300] "GET /cormun/servlet/hpexe_return? HTTP/1.1" 200 1038
200.54.247.69 - - [20/Apr/2017:10:11:07 -0300] "GET /cormun/servlet/trlicenciaspermisosadjuntos?17503939,20170420000000,L, HTTP/1.1" 200 6976
200.54.247.69 - - [20/Apr/2017:10:11:13 -0300] "GET /cormun/servlet/trlicenciaspermisosadjuntos?17503939,20170420000000,L, HTTP/1.1" 200 6974
186.79.3.113 - - [20/Apr/2017:10:11:24 -0300] "GET /cormun/servlet/hlogin HTTP/1.1" 200 1728
186.79.3.113 - - [20/Apr/2017:10:11:25 -0300] "GET /cormun/static/gxcfg.js?201741110203197 HTTP/1.1" 304 -
186.79.3.113 - - [20/Apr/2017:10:11:25 -0300] "GET /cormun/static/messages.spa.js?85251 HTTP/1.1" 304 -
186.79.3.113 - - [20/Apr/2017:10:11:25 -0300] "GET /cormun/static/hlogin.js?201741110203211 HTTP/1.1" 304 -
186.79.3.113 - - [20/Apr/2017:10:11:25 -0300] "GET /cormun/servlet/hlogin HTTP/1.1" 200 1736
200.54.247.69 - - [20/Apr/2017:10:11:32 -0300] "GET /cormun/servlet/licenciaspermisosadjuntos?DLT,17503939,L,20170420000000,20170420110349, HTTP/1.1" 200 5715
200.54.247.69 - - [20/Apr/2017:10:11:32 -0300] "GET /cormun/static/Shared/jqueryui/images/ui-bg_highlight-soft_100_c6c2c8_1x100.png HTTP/1.1" 404 1117
200.54.247.69 - - [20/Apr/2017:10:11:32 -0300] "GET /cormun/static/Shared/jqueryui/images/ui-icons_82798d_256x240.png HTTP/1.1" 404 1089
200.54.247.69 - - [20/Apr/2017:10:11:32 -0300] "GET /cormun/static/Shared/jqueryui/images/ui-bg_flat_55_fafafa_40x100.png HTTP/1.1" 404 1097
200.54.247.69 - - [20/Apr/2017:10:11:32 -0300] "GET /cormun/static/Shared/jqueryui/images/ui-icons_8d78a5_256x240.png HTTP/1.1" 404 1089
200.54.247.69 - - [20/Apr/2017:10:11:38 -0300] "POST /cormun/servlet/licenciaspermisosadjuntos?d5b1f318e3e1e629f63c3199ece05ac1,DLT,17503939,L,20170420000000,20170420110349,,gx-no-cache=1492693961967 HTTP/1.1" 200 90
200.54.247.69 - - [20/Apr/2017:10:11:38 -0300] "GET /cormun/servlet/hpexe_link HTTP/1.1" 200 998
200.54.247.69 - - [20/Apr/2017:10:11:38 -0300] "GET /cormun/servlet/licenciaspermisosadjuntos?DLT,17503939,L,20170420000000,20170420110349, HTTP/1.1" 200 5780
192.168.10.13 - - [20/Apr/2017:10:11:41 -0300] "GET / HTTP/1.1" 200 11217
186.79.3.113 - - [20/Apr/2017:10:11:43 -0300] "POST /cormun/servlet/hlogin?ec7684936abd1ef10554cb65c60da6f7,gx-no-cache=1492693966610 HTTP/1.1" 200 90
186.79.3.113 - - [20/Apr/2017:10:11:43 -0300] "GET /cormun/servlet/hpexe_link HTTP/1.1" 200 956
200.54.247.69 - - [20/Apr/2017:10:11:43 -0300] "GET /cormun/servlet/trlicenciaspermisosadjuntos?17503939,20170420000000,L, HTTP/1.1" 200 6974
186.79.3.113 - - [20/Apr/2017:10:11:43 -0300] "GET /cormun/static/gxcfg.js?201731711483381 HTTP/1.1" 304 -
186.79.3.113 - - [20/Apr/2017:10:11:44 -0300] "GET /cormun/servlet/hhome HTTP/1.1" 200 4020
186.79.3.113 - - [20/Apr/2017:10:11:44 -0300] "GET /cormun/static/gxcfg.js?201731711483497 HTTP/1.1" 304 -
186.79.3.113 - - [20/Apr/2017:10:11:46 -0300] "GET /cormun/servlet/hhome HTTP/1.1" 200 4017
200.54.247.69 - - [20/Apr/2017:10:11:49 -0300] "GET /cormun/servlet/trlicenciaspermisosadjuntos?17503939,20170420000000,L, HTTP/1.1" 200 6972
186.79.3.113 - - [20/Apr/2017:10:11:53 -0300] "GET /cormun/servlet/trpermisosgoce? HTTP/1.1" 200 7628
186.79.3.113 - - [20/Apr/2017:10:11:53 -0300] "GET /cormun/static/gxcfg.js?20174111153177 HTTP/1.1" 304 -
186.79.3.113 - - [20/Apr/2017:10:11:54 -0300] "GET /cormun/static/trpermisosgoce.js?20174111153217 HTTP/1.1" 304 -
186.79.3.113 - - [20/Apr/2017:10:11:54 -0300] "GET /cormun/servlet/trpermisosgoce? HTTP/1.1" 200 7626
186.79.3.113 - - [20/Apr/2017:10:12:02 -0300] "GET /cormun/servlet/permisogoce?INS,0,,, HTTP/1.1" 200 6794
186.79.3.113 - - [20/Apr/2017:10:12:02 -0300] "GET /cormun/static/gxcfg.js?201741111325459 HTTP/1.1" 304 -
186.79.3.113 - - [20/Apr/2017:10:12:03 -0300] "GET /cormun/static/permisogoce.js?20174111132557 HTTP/1.1" 304 -
186.79.3.113 - - [20/Apr/2017:10:12:04 -0300] "GET /cormun/servlet/permisogoce?INS,0,,, HTTP/1.1" 200 6794
200.54.247.69 - - [20/Apr/2017:10:12:11 -0300] "GET /cormun/servlet/licenciaspermisosadjuntos?DLT,17503939,L,20170420000000,20170420110349, HTTP/1.1" 200 5715
200.54.247.69 - - [20/Apr/2017:10:12:12 -0300] "GET /cormun/static/Shared/jqueryui/images/ui-icons_8d78a5_256x240.png HTTP/1.1" 404 1089
200.54.247.69 - - [20/Apr/2017:10:12:12 -0300] "GET /cormun/static/Shared/jqueryui/images/ui-bg_flat_55_fafafa_40x100.png HTTP/1.1" 404 1097
200.54.247.69 - - [20/Apr/2017:10:12:12 -0300] "GET /cormun/static/Shared/jqueryui/images/ui-bg_highlight-soft_100_c6c2c8_1x100.png HTTP/1.1" 404 1117
200.54.247.69 - - [20/Apr/2017:10:12:12 -0300] "GET /cormun/static/Shared/jqueryui/images/ui-icons_82798d_256x240.png HTTP/1.1" 404 1089
200.54.247.69 - - [20/Apr/2017:10:12:17 -0300] "POST /cormun/servlet/licenciaspermisosadjuntos?d5b1f318e3e1e629f63c3199ece05ac1,DLT,17503939,L,20170420000000,20170420110349,,gx-no-cache=1492694001344 HTTP/1.1" 200 93
200.54.247.69 - - [20/Apr/2017:10:12:17 -0300] "GET /cormun/servlet/hpexe_return? HTTP/1.1" 200 1044
200.54.247.69 - - [20/Apr/2017:10:12:17 -0300] "GET /cormun/servlet/licenciaspermisosadjuntos?DLT,17503939,L,20170420000000,20170420110349, HTTP/1.1" 200 5704
200.54.247.69 - - [20/Apr/2017:10:12:23 -0300] "GET /cormun/servlet/trlicenciaspermisosadjuntos?17503939,20170420000000,L, HTTP/1.1" 200 6976
200.54.247.69 - - [20/Apr/2017:10:12:29 -0300] "GET /cormun/servlet/trlicenciaspermisosadjuntos?17503939,20170420000000,L, HTTP/1.1" 200 6973
200.54.247.69 - - [20/Apr/2017:10:12:40 -0300] "GET /cormun/servlet/licenciaspermisosadjuntos?DLT,17503939,L,20170420000000,20170420110349, HTTP/1.1" 200 5714
200.54.247.69 - - [20/Apr/2017:10:12:40 -0300] "GET /cormun/static/Shared/jqueryui/images/ui-icons_82798d_256x240.png HTTP/1.1" 404 1089
200.54.247.69 - - [20/Apr/2017:10:12:40 -0300] "GET /cormun/static/Shared/jqueryui/images/ui-bg_highlight-soft_100_c6c2c8_1x100.png HTTP/1.1" 404 1117
200.54.247.69 - - [20/Apr/2017:10:12:40 -0300] "GET /cormun/static/Shared/jqueryui/images/ui-icons_8d78a5_256x240.png HTTP/1.1" 404 1089
200.54.247.69 - - [20/Apr/2017:10:12:40 -0300] "GET /cormun/static/Shared/jqueryui/images/ui-bg_flat_55_fafafa_40x100.png HTTP/1.1" 404 1097
192.168.10.13 - - [20/Apr/2017:10:12:41 -0300] "GET / HTTP/1.1" 200 11217
200.54.247.69 - - [20/Apr/2017:10:12:46 -0300] "GET /cormun/servlet/licenciaspermisosadjuntos?DLT,17503939,L,20170420000000,20170420110349, HTTP/1.1" 200 5705
200.54.247.69 - - [20/Apr/2017:10:12:54 -0300] "POST /cormun/servlet/licenciaspermisosadjuntos?d5b1f318e3e1e629f63c3199ece05ac1,DLT,17503939,L,20170420000000,20170420110349,,gx-no-cache=1492694038946 HTTP/1.1" 200 90
200.54.247.69 - - [20/Apr/2017:10:12:54 -0300] "GET /cormun/servlet/hpexe_link HTTP/1.1" 200 998
200.54.247.69 - - [20/Apr/2017:10:13:00 -0300] "GET /cormun/servlet/trlicenciaspermisosadjuntos?17503939,20170420000000,L, HTTP/1.1" 200 6974
200.54.247.69 - - [20/Apr/2017:10:13:08 -0300] "GET /cormun/servlet/trlicenciaspermisosadjuntos?17503939,20170420000000,L, HTTP/1.1" 200 6974
200.54.247.69 - - [20/Apr/2017:10:13:19 -0300] "POST /cormun/servlet/trlicenciaspermisosadjuntos?d5b1f318e3e1e629f63c3199ece05ac1,17503939,20170420000000,L,,gx-no-cache=1492694063465 HTTP/1.1" 200 90
200.54.247.69 - - [20/Apr/2017:10:13:19 -0300] "GET /cormun/servlet/hpexe_link HTTP/1.1" 200 1001
200.54.247.69 - - [20/Apr/2017:10:13:19 -0300] "GET /cormun/servlet/trlicencias?gx-no-cache=1492693680284 HTTP/1.1" 200 8020
200.54.247.69 - - [20/Apr/2017:10:13:20 -0300] "GET /cormun/servlet/trlicencias?gx-no-cache=1492693680284 HTTP/1.1" 200 8039
200.54.247.69 - - [20/Apr/2017:10:13:38 -0300] "GET /cormun/servlet/alicenciaprn?17503939,L,20170420000000,PU HTTP/1.1" 200 1534
200.54.247.69 - - [20/Apr/2017:10:13:38 -0300] "GET /cormun/servlet/alicenciaprn?17503939,L,20170420000000,PU HTTP/1.1" 200 1536
186.79.3.113 - - [20/Apr/2017:10:13:38 -0300] "POST /cormun/servlet/permisogoce?ec7684936abd1ef10554cb65c60da6f7,INS,0,,,,gx-no-cache=1492694080731 HTTP/1.1" 200 4372
186.79.3.113 - - [20/Apr/2017:10:13:39 -0300] "GET /cormun/static/Shared/jqueryui/images/ui-bg_highlight-soft_100_c6c2c8_1x100.png HTTP/1.1" 404 1117
186.79.3.113 - - [20/Apr/2017:10:13:39 -0300] "GET /cormun/static/Shared/jqueryui/images/ui-icons_82798d_256x240.png HTTP/1.1" 404 1089
186.79.3.113 - - [20/Apr/2017:10:13:39 -0300] "GET /cormun/static/Shared/jqueryui/images/ui-icons_ebccce_256x240.png HTTP/1.1" 404 1089
186.79.3.113 - - [20/Apr/2017:10:13:39 -0300] "GET /cormun/static/Shared/jqueryui/images/ui-bg_flat_55_994d53_40x100.png HTTP/1.1" 404 1097
186.79.3.113 - - [20/Apr/2017:10:13:40 -0300] "GET /cormun/servlet/permisogoce?596b1151d071c112fb93d5d1dfccd27ee085a252fd3fbadfefff63220d775749601af5404ba60740ea803acf3d46340887fec4eb3d196c2bce23d3a9a07bd6cdaacec2c93d04427aa396d4c23fb5ff1c6716dad2de83d15e32232c0c048bade0,gx-no-cache=1492694084944 HTTP/1.1" 200 75
192.168.10.13 - - [20/Apr/2017:10:13:41 -0300] "GET / HTTP/1.1" 200 11217
186.79.3.113 - - [20/Apr/2017:10:13:48 -0300] "POST /cormun/servlet/permisogoce?ec7684936abd1ef10554cb65c60da6f7,INS,0,,,,gx-no-cache=1492694092062 HTTP/1.1" 200 93
186.79.3.113 - - [20/Apr/2017:10:13:48 -0300] "GET /cormun/servlet/hpexe_return? HTTP/1.1" 200 1014
186.79.3.113 - - [20/Apr/2017:10:13:49 -0300] "GET /cormun/static/gxcfg.js?2016101716175148 HTTP/1.1" 304 -
200.54.247.69 - - [20/Apr/2017:10:13:49 -0300] "GET /cormun/servlet/licenciaspermisos?DSP,17503939,L,20170420000000, HTTP/1.1" 200 7034
186.79.3.113 - - [20/Apr/2017:10:13:49 -0300] "GET /cormun/servlet/trpermisosgoce HTTP/1.1" 200 7888
200.54.247.69 - - [20/Apr/2017:10:13:49 -0300] "GET /cormun/servlet/licenciaspermisos?DSP,17503939,L,20170420000000, HTTP/1.1" 200 7012
186.79.3.113 - - [20/Apr/2017:10:13:49 -0300] "GET /cormun/servlet/trpermisosgoce HTTP/1.1" 200 7884
200.54.247.69 - - [20/Apr/2017:10:13:52 -0300] "POST /cormun/servlet/licenciaspermisos?d5b1f318e3e1e629f63c3199ece05ac1,DSP,17503939,L,20170420000000,,gx-no-cache=1492694096604 HTTP/1.1" 200 93
200.54.247.69 - - [20/Apr/2017:10:13:52 -0300] "GET /cormun/servlet/hpexe_return? HTTP/1.1" 200 1045
200.54.247.69 - - [20/Apr/2017:10:13:52 -0300] "GET /cormun/servlet/trlicencias?gx-no-cache=1492693680284 HTTP/1.1" 200 8022
200.54.247.69 - - [20/Apr/2017:10:13:53 -0300] "GET /cormun/servlet/trlicencias?gx-no-cache=1492693680284 HTTP/1.1" 200 8039
200.54.247.69 - - [20/Apr/2017:10:14:02 -0300] "GET /cormun/servlet/trlicenciaspermisosadjuntos?17503939,20170420000000,L, HTTP/1.1" 200 6993
200.54.247.69 - - [20/Apr/2017:10:14:08 -0300] "GET /cormun/servlet/trlicenciaspermisosadjuntos?17503939,20170420000000,L, HTTP/1.1" 200 6972
200.86.184.230 - - [20/Apr/2017:10:14:13 -0300] "GET /cormun/servlet/hlogin HTTP/1.1" 200 1721
200.54.247.69 - - [20/Apr/2017:10:14:16 -0300] "GET /cormun/servlet/licenciaspermisosadjuntos?DLT,17503939,L,20170420000000,20170420110133, HTTP/1.1" 200 5714
200.54.247.69 - - [20/Apr/2017:10:14:17 -0300] "GET /cormun/static/Shared/jqueryui/images/ui-icons_82798d_256x240.png HTTP/1.1" 404 1089
200.54.247.69 - - [20/Apr/2017:10:14:17 -0300] "GET /cormun/static/Shared/jqueryui/images/ui-bg_highlight-soft_100_c6c2c8_1x100.png HTTP/1.1" 404 1117
200.54.247.69 - - [20/Apr/2017:10:14:17 -0300] "GET /cormun/static/Shared/jqueryui/images/ui-bg_flat_55_fafafa_40x100.png HTTP/1.1" 404 1097
200.54.247.69 - - [20/Apr/2017:10:14:17 -0300] "GET /cormun/static/Shared/jqueryui/images/ui-icons_8d78a5_256x240.png HTTP/1.1" 404 1089
200.54.247.69 - - [20/Apr/2017:10:14:25 -0300] "POST /cormun/servlet/licenciaspermisosadjuntos?d5b1f318e3e1e629f63c3199ece05ac1,DLT,17503939,L,20170420000000,20170420110133,,gx-no-cache=1492694124431 HTTP/1.1" 200 93
200.54.247.69 - - [20/Apr/2017:10:14:25 -0300] "GET /cormun/servlet/hpexe_return? HTTP/1.1" 200 1045
200.54.247.69 - - [20/Apr/2017:10:14:25 -0300] "GET /cormun/servlet/licenciaspermisosadjuntos?DLT,17503939,L,20170420000000,20170420110133, HTTP/1.1" 200 5775
200.54.247.69 - - [20/Apr/2017:10:14:28 -0300] "GET /cormun/servlet/trlicenciaspermisosadjuntos?17503939,20170420000000,L, HTTP/1.1" 200 6865
200.86.184.230 - - [20/Apr/2017:10:14:31 -0300] "POST /cormun/servlet/hlogin?0eb98d35c890e6e96fd4e264d1eedb6f,gx-no-cache=1492694896510 HTTP/1.1" 200 90
200.54.247.69 - - [20/Apr/2017:10:14:31 -0300] "GET /cormun/servlet/trlicenciaspermisosadjuntos?17503939,20170420000000,L, HTTP/1.1" 200 6862
200.54.247.69 - - [20/Apr/2017:10:14:31 -0300] "POST /cormun/servlet/trlicenciaspermisosadjuntos?d5b1f318e3e1e629f63c3199ece05ac1,17503939,20170420000000,L,,gx-no-cache=1492694135823 HTTP/1.1" 200 90
200.54.247.69 - - [20/Apr/2017:10:14:31 -0300] "GET /cormun/servlet/hpexe_link HTTP/1.1" 200 1001
200.86.184.230 - - [20/Apr/2017:10:14:31 -0300] "GET /cormun/servlet/hpexe_link HTTP/1.1" 200 953
200.86.184.230 - - [20/Apr/2017:10:14:32 -0300] "GET /cormun/servlet/hhome HTTP/1.1" 200 3813
200.54.247.69 - - [20/Apr/2017:10:14:32 -0300] "GET /cormun/servlet/trlicencias?gx-no-cache=1492693680284 HTTP/1.1" 200 8020
200.54.247.69 - - [20/Apr/2017:10:14:32 -0300] "GET /cormun/servlet/trlicencias?gx-no-cache=1492693680284 HTTP/1.1" 200 8039
200.86.184.230 - - [20/Apr/2017:10:14:32 -0300] "GET /cormun/servlet/hhome HTTP/1.1" 200 3810
186.79.3.113 - - [20/Apr/2017:10:14:36 -0300] "GET /cormun/servlet/permisogoce?DSP,13719416,P,20170420110820, HTTP/1.1" 200 6654
186.79.3.113 - - [20/Apr/2017:10:14:36 -0300] "GET /cormun/servlet/permisogoce?DSP,13719416,P,20170420110820, HTTP/1.1" 200 6657
200.86.184.230 - - [20/Apr/2017:10:14:39 -0300] "GET /cormun/servlet/trlicencias? HTTP/1.1" 200 7870
200.54.247.69 - - [20/Apr/2017:10:14:39 -0300] "POST /cormun/servlet/trlicencias?d5b1f318e3e1e629f63c3199ece05ac1,gx-no-cache=1492693680284,gx-no-cache=1492694142201 HTTP/1.1" 200 4206
200.54.247.69 - - [20/Apr/2017:10:14:39 -0300] "GET /cormun/static/Shared/jqueryui/images/ui-bg_highlight-soft_100_c6c2c8_1x100.png HTTP/1.1" 404 1117
200.54.247.69 - - [20/Apr/2017:10:14:39 -0300] "GET /cormun/static/Shared/jqueryui/images/ui-icons_82798d_256x240.png HTTP/1.1" 404 1089
