192.168.10.96 - - [18/Apr/2017:11:44:24 -0300] "GET /cormun/static/solicitudot.js?2017119104297 HTTP/1.1" 304 -
192.168.10.96 - - [18/Apr/2017:11:44:24 -0300] "GET /cormun/servlet/solicitudot?INS,0,0, HTTP/1.1" 200 12621
192.168.10.96 - - [18/Apr/2017:11:44:26 -0300] "GET /cormun/servlet/prfichaempleado?,MD,,gxPopupLevel%3D0%3B HTTP/1.1" 200 8826
192.168.10.96 - - [18/Apr/2017:11:44:26 -0300] "GET /cormun/static/gxcfg.js?2017319125415 HTTP/1.1" 304 -
192.168.10.96 - - [18/Apr/2017:11:44:26 -0300] "GET /cormun/static/menusearch.js?201610171694467 HTTP/1.1" 304 -
192.168.10.96 - - [18/Apr/2017:11:44:26 -0300] "GET /cormun/static/prfichaempleado.js?20173191254344 HTTP/1.1" 304 -
192.168.10.96 - - [18/Apr/2017:11:44:26 -0300] "GET /cormun/static/hmpwkw011.js?201731711483558 HTTP/1.1" 304 -
190.151.124.170 - - [18/Apr/2017:11:44:27 -0300] "GET /cormun/servlet/hlogin HTTP/1.1" 200 1724
186.79.136.0 - - [18/Apr/2017:11:44:30 -0300] "GET /cormun/servlet/solicitudot?INS,0,0, HTTP/1.1" 200 12562
186.79.136.0 - - [18/Apr/2017:11:44:31 -0300] "GET /cormun/servlet/solicitudot?INS,0,0, HTTP/1.1" 200 12567
192.168.10.96 - - [18/Apr/2017:11:44:37 -0300] "POST /cormun/servlet/solicitudot?gx-no-cache=1492529950913 HTTP/1.1" 200 3194
192.168.10.96 - - [18/Apr/2017:11:44:37 -0300] "POST /cormun/servlet/solicitudot?7f7ea66d468d49f6e844d7247f566564,INS,0,0,,gx-no-cache=1492529951058 HTTP/1.1" 200 9787
192.168.10.96 - - [18/Apr/2017:11:44:38 -0300] "GET /cormun/servlet/solicitudot?99b0180ffa981ddd2a6d1e19d1b0168ac4014e76f335b85e871c908ca3ff158a05b7977def7f2dd6366c42be95edf3d0,gx-no-cache=1492529952475 HTTP/1.1" 200 30
192.168.10.96 - - [18/Apr/2017:11:44:38 -0300] "POST /cormun/servlet/solicitudot?gx-no-cache=1492529952549 HTTP/1.1" 200 240
192.168.10.96 - - [18/Apr/2017:11:44:38 -0300] "GET /cormun/servlet/solicitudot?99b0180ffa981ddd2a6d1e19d1b0168a40c3282e2699fc0589500337c4b675b682ecbfe46f3d7fe43a6fa99eb7f1fc4ea9de0966a318818b01ab50fb506d5d8c83413f88cbdeef387ab8d1de38fbb163800264f81bfa834ba009aa40f264d37935a1d62ae9788135089f0653a57b29f9998b4486e213153ef7ac79ba60a7475b01690578c2b320cd561803f8b03c65f12d892a6cdef782b0a9f43572e6ee25d6f1dba5dd751090331b4078c8d86e78b433ce2a16703b8b44d945ab774c3a1aeef825494a6849c4db8de108a83803a58a951e3ef77a184f8b2a4dc8e94852b2896101f26627e8d4324db6b4bb9ad8a461206294091362edc4fd7e8a56102534729030780952fc8909dcc972c46c27c3df7d10380cb4103537945edefecaf6b7809eed032cc5a15af01d937d2935095c12d0d793ac698416f264f10704e98733ebe4015b27861984bdc93a7ef96b38e4a7626a46c19e5c19f10911588dd26aa6d52a8210d24d9d3baf28b11bf368be054e1f1fb54e2403141d91276c28522c3a6e,gx-no-cache=1492529952578 HTTP/1.1" 200 30
192.168.10.96 - - [18/Apr/2017:11:44:40 -0300] "POST /cormun/servlet/solicitudot?gx-no-cache=1492529954558 HTTP/1.1" 200 30
192.168.10.96 - - [18/Apr/2017:11:44:42 -0300] "GET /cormun/servlet/prcontratosol?17135846,,,,,MD,,gxPopupLevel%3D0%3B HTTP/1.1" 200 5965
192.168.10.96 - - [18/Apr/2017:11:44:42 -0300] "GET /cormun/static/gxcfg.js?201731711522183 HTTP/1.1" 304 -
192.168.10.96 - - [18/Apr/2017:11:44:42 -0300] "GET /cormun/static/prcontratosol.js?201731711522419 HTTP/1.1" 304 -
192.168.10.96 - - [18/Apr/2017:11:44:44 -0300] "POST /cormun/servlet/solicitudot?gx-no-cache=1492529958332 HTTP/1.1" 200 1372
192.168.10.96 - - [18/Apr/2017:11:44:44 -0300] "GET /cormun/static/Shared/jqueryui/images/ui-icons_82798d_256x240.png HTTP/1.1" 404 1089
192.168.10.96 - - [18/Apr/2017:11:44:44 -0300] "GET /cormun/static/Shared/jqueryui/images/ui-bg_highlight-soft_100_c6c2c8_1x100.png HTTP/1.1" 404 1117
192.168.10.96 - - [18/Apr/2017:11:44:44 -0300] "GET /cormun/static/Shared/jqueryui/images/ui-icons_ebccce_256x240.png HTTP/1.1" 404 1089
192.168.10.96 - - [18/Apr/2017:11:44:44 -0300] "GET /cormun/static/Shared/jqueryui/images/ui-bg_flat_55_994d53_40x100.png HTTP/1.1" 404 1097
192.168.10.96 - - [18/Apr/2017:11:44:44 -0300] "POST /cormun/servlet/solicitudot?gx-no-cache=1492529958382 HTTP/1.1" 200 117
192.168.10.96 - - [18/Apr/2017:11:44:44 -0300] "GET /cormun/servlet/solicitudot?99b0180ffa981ddd2a6d1e19d1b0168a512cd1d06d7a4cf186da596468f4d1a3bb0becffc59aabb7f99e42dd709b31ffab87d7f6ceedfb5c94d96e6520fc91036c370fca5e1acd257c5ebcbff69889e56a6ac39cb34cbe6a6f5ee5b572ee04662740f1b83a7957712975dd88669089b77a0b0310c087505600742077adfe24d31d8a5b3d2fee3d52f0698662709beb5425274e1797b157e75e16115417b0b56f3bd096283afff61295c9a5b57d0a104c2060839a521177c9e2415918936bcefcfed9c5210b92fca5ed09e478d8b2c4e7,gx-no-cache=1492529958410 HTTP/1.1" 200 29
192.168.10.96 - - [18/Apr/2017:11:44:44 -0300] "GET /cormun/servlet/solicitudot?99b0180ffa981ddd2a6d1e19d1b0168aa1dcbe6d6464441a41bee59893f851299c1452c809520d2baca1cd6a6fd7525386bbcc6d3ff54a5b3bfe30392b9226ee85c7cde51b777b4a61d63b3512b4e0e4839f5095f684441b912955b2884129b2d85bbe2cc94ddcb9ea586b68866c03789fa96e1c703c56251392df9ad240bcabeeb36b9bac4bcebb033b9fba6dd40d666d0083e2ce7961056f3129a62e3f9d21,gx-no-cache=1492529958434 HTTP/1.1" 200 57
192.168.10.96 - - [18/Apr/2017:11:44:44 -0300] "GET /cormun/servlet/solicitudot?99b0180ffa981ddd2a6d1e19d1b0168ac44c8e4431067649ce6cea49b184cf899c1452c809520d2baca1cd6a6fd7525386bbcc6d3ff54a5b3bfe30392b9226ee97dad6fae90c7b41b0e424e6caad1aaff7ea986d8f90645591e807e29ca169347258e91f4a0ae91e50577a29b1fc46f523bb75b8d402fa37e7c2e9444aa9ae88,gx-no-cache=1492529958455 HTTP/1.1" 200 57
186.79.136.0 - - [18/Apr/2017:11:44:44 -0300] "POST /cormun/servlet/solicitudot?gx-no-cache=1492526749340 HTTP/1.1" 200 3185
186.79.136.0 - - [18/Apr/2017:11:44:45 -0300] "POST /cormun/servlet/solicitudot?cfc2e7cc71f4e1e67373df69446642dd,INS,0,0,,gx-no-cache=1492526749917 HTTP/1.1" 200 9780
186.79.136.0 - - [18/Apr/2017:11:44:49 -0300] "GET /cormun/servlet/solicitudot?c6a2bcab8cfbd53f224192090ecd2da449532c06f70f0afeb0fced02f54948a22ed4e769372faf3ee552b8ab9a618afb,gx-no-cache=1492526753816 HTTP/1.1" 200 30
186.79.136.0 - - [18/Apr/2017:11:44:49 -0300] "POST /cormun/servlet/solicitudot?gx-no-cache=1492526753990 HTTP/1.1" 200 255
186.79.136.0 - - [18/Apr/2017:11:44:49 -0300] "GET /cormun/servlet/solicitudot?c6a2bcab8cfbd53f224192090ecd2da4b20ef09b158df6c11dc251669666f6fc59fb5a716d73af988b48ad18e9cfefcfbb1b9e09aac3708aa6b32400b8cef6783fbaf8070bf043aea4ea24603254a8182db0786b51bb98e3b7b2fa82d09350dd25345fb07a783931b83e2ed4b4b403dd62add37583f564fb247a7666751537d4e674ff8c9f117134e0d81ebf21bc471a61eaaccdb74959468db40cb67ea1e71eb06a1e0ecabb96b94bac9e24b829537638be826c877bfdd05d8540079d43398ad1d8fa93bb1ef24b763aff242e919f237b103efd0532b84954ffdcf0a16c8f8907c4f7dccbf3a7631287d32a3109ef55fce86645f9db677efed74b3f299c050f8ace4824b83a4c6843630abdd6e8fdf60c964f63388631bdc7667cbff098150d04d304e8da32ab140c54c7f90f3058b2e85dbb1952e730529b994d10f7d1c50d183dbb405eb4be115feb494630a57ddf0c6626b5765187dc65b3acfca310ec134e50a99fba3539889e1bb268a82661a6393fad8f16fbb3ed919191e2347b5cb2,gx-no-cache=1492526754131 HTTP/1.1" 200 30
186.79.136.0 - - [18/Apr/2017:11:44:52 -0300] "POST /cormun/servlet/solicitudot?gx-no-cache=1492526757218 HTTP/1.1" 200 30
186.79.136.0 - - [18/Apr/2017:11:44:56 -0300] "GET /cormun/servlet/prcontratosol?17235253,,,,,MD,,gxPopupLevel%3D0%3B HTTP/1.1" 200 5896
192.168.10.96 - - [18/Apr/2017:11:44:57 -0300] "POST /cormun/servlet/solicitudot?gx-no-cache=1492529971595 HTTP/1.1" 200 1291
192.168.10.96 - - [18/Apr/2017:11:44:59 -0300] "GET /cormun/servlet/prlicenciaspermisos?14332226,L,,MD,,gxPopupLevel%3D0%3B HTTP/1.1" 200 6456
192.168.10.96 - - [18/Apr/2017:11:44:59 -0300] "GET /cormun/static/gxcfg.js?201741111445743 HTTP/1.1" 304 -
192.168.10.96 - - [18/Apr/2017:11:44:59 -0300] "GET /cormun/static/prlicenciaspermisos.js?201741111445890 HTTP/1.1" 304 -
186.79.136.0 - - [18/Apr/2017:11:44:59 -0300] "POST /cormun/servlet/solicitudot?gx-no-cache=1492526764592 HTTP/1.1" 200 1291
186.79.136.0 - - [18/Apr/2017:11:45:00 -0300] "POST /cormun/servlet/solicitudot?gx-no-cache=1492526764824 HTTP/1.1" 200 38
186.79.136.0 - - [18/Apr/2017:11:45:00 -0300] "GET /cormun/servlet/solicitudot?c6a2bcab8cfbd53f224192090ecd2da4447549414f37c9f070d292724664aa5bae1242dbf80d20a84390002c58057ee7ba03853b7d2c1a6777cb643f3751658c81f5b9da5461c93887ea4934099ffa1cfa78c8c82c91052c27c7d906328ee7424c950eac9cfc75365e1741bca149c6950dbaaaf348e2eb04c14a307612d9034a584afb8e2885242417cf574554a479e07772a1ea906be0f12fd0f32a428fc269,gx-no-cache=1492526764945 HTTP/1.1" 200 29
186.79.136.0 - - [18/Apr/2017:11:45:00 -0300] "POST /cormun/servlet/solicitudot?gx-no-cache=1492526765065 HTTP/1.1" 200 1274
186.79.136.0 - - [18/Apr/2017:11:45:00 -0300] "POST /cormun/servlet/solicitudot?gx-no-cache=1492526765279 HTTP/1.1" 200 1157
186.79.136.0 - - [18/Apr/2017:11:45:02 -0300] "GET /cormun/servlet/solicitudot?c6a2bcab8cfbd53f224192090ecd2da41b75ad5c8e322c188f0ad10adc6bcff79c5f1561863c0e1aefbd709161dcd294ab030c81b75c6627cae05b64489040c28a261fce2f2d64f85ed6612325265a4cc64c068abb4ef712c6220bbb35d568440785e2d1f4e803bb8534baa18993fb9393a7ee9479e3f1a2d1014313d824807b8f211fdecdea5d506d7ce0cf2e24b199bf44592ed11aaf470354ebb7719620c82f45583a3753c23ffeaff93113a23d7d,gx-no-cache=1492526766837 HTTP/1.1" 200 30
186.79.136.0 - - [18/Apr/2017:11:45:02 -0300] "POST /cormun/servlet/solicitudot?cfc2e7cc71f4e1e67373df69446642dd,INS,0,0,,gx-no-cache=1492526766954 HTTP/1.1" 200 11093
186.79.136.0 - - [18/Apr/2017:11:45:03 -0300] "GET /cormun/static/Shared/jqueryui/images/ui-bg_highlight-soft_100_c6c2c8_1x100.png HTTP/1.1" 404 1117
186.79.136.0 - - [18/Apr/2017:11:45:03 -0300] "GET /cormun/static/Shared/jqueryui/images/ui-bg_flat_55_994d53_40x100.png HTTP/1.1" 404 1097
186.79.136.0 - - [18/Apr/2017:11:45:03 -0300] "GET /cormun/static/Shared/jqueryui/images/ui-icons_ebccce_256x240.png HTTP/1.1" 404 1089
186.79.136.0 - - [18/Apr/2017:11:45:03 -0300] "GET /cormun/static/Shared/jqueryui/images/ui-icons_82798d_256x240.png HTTP/1.1" 404 1089
186.103.159.182 - - [18/Apr/2017:11:45:05 -0300] "GET /cormun/servlet/inasistencia?5da9b65941c39429a39b74fc49a231a439fdd78e17c7c2f825b0a92ed329836d8c2e747f5ff3991e67e8554f791c8810e7afd43064704ea308df1c8b5a883752850529ddae319611dc656c3df23e357878aa20d808a0b43bde3ae47fbcd8fc61f05a596629112071968d2fabd9261f3453802fbccc5c5cf2229fd2d9c2379e0c15d255607768f38273112d7032d9b77ba1beefbfeb816f3705197c551fcad8f4,gx-no-cache=1492526769349 HTTP/1.1" 200 131
186.103.159.182 - - [18/Apr/2017:11:45:05 -0300] "GET /cormun/servlet/inasistencia?5da9b65941c39429a39b74fc49a231a42d46b93f20f915e4232865fea20210449331ee9420850227fceab4855797b1fd,gx-no-cache=1492526769572 HTTP/1.1" 200 33
186.103.159.182 - - [18/Apr/2017:11:45:05 -0300] "GET /cormun/servlet/inasistencia?5da9b65941c39429a39b74fc49a231a4d588c9f12d4cd07776d589a29e7b98f814b85c49d77e0f6e5a1e162fde4e7af82b9f9ea43a13d5033feb852c73001fdd03adf678acaec789e3250971431e52f25fcf353d4e1659be6770d9d62c7026ca9618be1da5ddf8f6c964c0825add04a3bdb41836e0e36f0493651bc9280c2df3471956253840e2cf0d920fd9844e76be00be3594efb13d8a18a16ad15f95e901,gx-no-cache=1492526769645 HTTP/1.1" 200 46
192.168.10.13 - - [18/Apr/2017:11:45:05 -0300] "GET / HTTP/1.1" 200 11217
192.168.10.96 - - [18/Apr/2017:11:45:07 -0300] "POST /cormun/servlet/solicitudot?gx-no-cache=1492529981433 HTTP/1.1" 200 41
186.103.159.182 - - [18/Apr/2017:11:45:10 -0300] "GET /cormun/servlet/inasistencia?5da9b65941c39429a39b74fc49a231a4c578604621e101b8397abb56111647a10cabbb259877db89a7b9ca91c4f128d015cc7988371fae73135bb1c6b009434367b9249dbb37a4f9e3921f33e1f213825a3c93d659bca77971f95e900e45aac3c3fbb6c1a4fdc4de48957636943af311ca605f4977df6e57f525be832e90c51e1ac0132911276764a797999b6d71b6410048142b1d26b8221f0e03a82bfad5d72e843cf62f0bcd019e8527d77f8f1dad8320cf540575468d77f3e80b72bbcee8,gx-no-cache=1492526774744 HTTP/1.1" 200 268
186.103.159.182 - - [18/Apr/2017:11:45:10 -0300] "GET /cormun/static/Shared/jqueryui/images/ui-bg_highlight-soft_100_c6c2c8_1x100.png HTTP/1.1" 404 1117
186.103.159.182 - - [18/Apr/2017:11:45:10 -0300] "GET /cormun/static/Shared/jqueryui/images/ui-icons_82798d_256x240.png HTTP/1.1" 404 1089
186.103.159.182 - - [18/Apr/2017:11:45:10 -0300] "GET /cormun/static/Shared/jqueryui/images/ui-bg_flat_55_994d53_40x100.png HTTP/1.1" 404 1097
186.103.159.182 - - [18/Apr/2017:11:45:10 -0300] "GET /cormun/static/Shared/jqueryui/images/ui-icons_ebccce_256x240.png HTTP/1.1" 404 1089
186.103.159.182 - - [18/Apr/2017:11:45:12 -0300] "GET /cormun/servlet/inasistencia?5da9b65941c39429a39b74fc49a231a48e3990f411e3f5f571c4be0ada8f6b50,gx-no-cache=1492526776333 HTTP/1.1" 200 107
186.103.159.182 - - [18/Apr/2017:11:45:14 -0300] "GET /cormun/servlet/inasistencia?5da9b65941c39429a39b74fc49a231a4d588c9f12d4cd07776d589a29e7b98f814b85c49d77e0f6e5a1e162fde4e7af82b9f9ea43a13d5033feb852c73001fdd03adf678acaec789e3250971431e52f25fcf353d4e1659be6770d9d62c7026ca9618be1da5ddf8f6c964c0825add04a3687070ee290f1e09640da8a4d5d9ea88a767bf5d43499a230dcc6539d7c6da7c9854aab613b318eb59d477f65be243c1,gx-no-cache=1492526778161 HTTP/1.1" 200 126
192.168.10.96 - - [18/Apr/2017:11:45:18 -0300] "GET /cormun/servlet/solicitudot?99b0180ffa981ddd2a6d1e19d1b0168a512cd1d06d7a4cf186da596468f4d1a3bb0becffc59aabb7f99e42dd709b31ff87bbc7a15010e84b52438d4b0ca6ca686c370fca5e1acd257c5ebcbff69889e56a6ac39cb34cbe6a6f5ee5b572ee04662740f1b83a7957712975dd88669089b77a0b0310c087505600742077adfe24d31d8a5b3d2fee3d52f0698662709beb5425274e1797b157e75e16115417b0b56f3bd096283afff61295c9a5b57d0a104c2060839a521177c9e2415918936bcefcfed9c5210b92fca5ed09e478d8b2c4e7,gx-no-cache=1492529992301 HTTP/1.1" 200 29
192.168.10.96 - - [18/Apr/2017:11:45:20 -0300] "POST /cormun/servlet/solicitudot?gx-no-cache=1492529994517 HTTP/1.1" 200 1273
192.168.10.96 - - [18/Apr/2017:11:45:20 -0300] "POST /cormun/servlet/solicitudot?gx-no-cache=1492529994579 HTTP/1.1" 200 1157
186.103.159.46 - - [18/Apr/2017:11:45:21 -0300] "POST /cormun/servlet/trsolicitudot?3e1240f9e1b3cc8070cdd12fdb81eca0,gx-no-cache=1492524606156,gx-no-cache=1492530381089 HTTP/1.1" 200 106
186.103.159.46 - - [18/Apr/2017:11:45:22 -0300] "GET /cormun/servlet/trsolicitudadjuntos?2017,6112, HTTP/1.1" 200 5905
186.103.159.46 - - [18/Apr/2017:11:45:23 -0300] "GET /cormun/servlet/trsolicitudadjuntos?2017,6112, HTTP/1.1" 200 5884
186.79.136.0 - - [18/Apr/2017:11:45:25 -0300] "POST /cormun/servlet/solicitudot?gx-no-cache=1492526790151 HTTP/1.1" 200 1273
186.79.136.0 - - [18/Apr/2017:11:45:25 -0300] "POST /cormun/servlet/solicitudot?gx-no-cache=1492526790517 HTTP/1.1" 200 1157
186.103.159.46 - - [18/Apr/2017:11:45:26 -0300] "GET /cormun/servlet/solicitudotadjuntos?INS,2017,6112,,1, HTTP/1.1" 200 5822
186.103.159.46 - - [18/Apr/2017:11:45:27 -0300] "GET /cormun/static/about:blank HTTP/1.1" 404 1011
186.103.159.46 - - [18/Apr/2017:11:45:27 -0300] "GET /cormun/servlet/solicitudotadjuntos?INS,2017,6112,,1, HTTP/1.1" 200 5815
192.168.10.96 - - [18/Apr/2017:11:45:27 -0300] "GET /cormun/servlet/solicitudot?99b0180ffa981ddd2a6d1e19d1b0168a5b4521a1883ec1ca9afa82a508244769b6e94a1e96c270505467a3de712f967676933f4ba5d6548cd764944e9623d24e807c8fb3e4c5eba6b0023f7672a30c4ceeb36b9bac4bcebb033b9fba6dd40d66548cd62bcfd387fbb0bd709c46ac19375b18fc71826562fb5de21ca82d73a8b2e246607624871dc2aea595e4be21e748a325fe6b6fed533a665809c95b3f3e7e61c160b74b350745e345a04dffcdd4cf12ce2535170ccfb80d4b6f19820ec2cd,gx-no-cache=1492530001597 HTTP/1.1" 200 30
192.168.10.96 - - [18/Apr/2017:11:45:28 -0300] "POST /cormun/servlet/solicitudot?7f7ea66d468d49f6e844d7247f566564,INS,0,0,,gx-no-cache=1492530001649 HTTP/1.1" 200 93
192.168.10.96 - - [18/Apr/2017:11:45:28 -0300] "GET /cormun/servlet/hpexe_return? HTTP/1.1" 200 1007
192.168.10.96 - - [18/Apr/2017:11:45:28 -0300] "GET /cormun/static/Resources/Spanish/PXTools.css?167811 HTTP/1.1" 304 -
192.168.10.96 - - [18/Apr/2017:11:45:28 -0300] "GET /cormun/static/gxcfg.js?2016101716175148 HTTP/1.1" 304 -
192.168.10.96 - - [18/Apr/2017:11:45:28 -0300] "GET /cormun/static/hpexe_return.js?2016101716175153 HTTP/1.1" 304 -
186.103.159.46 - - [18/Apr/2017:11:45:28 -0300] "GET /cormun/servlet/solicitudotadjuntos?a2a092a7e89ecdc0304c7c975684494e3cbd3c3d941cf3f5400aeb37a9d74cce2726952f4ae11a53a8a597b65c6e8d92,gx-no-cache=1492530387670 HTTP/1.1" 200 30
192.168.10.96 - - [18/Apr/2017:11:45:28 -0300] "GET /cormun/servlet/trsolicitudot HTTP/1.1" 200 8604
186.103.159.46 - - [18/Apr/2017:11:45:28 -0300] "POST /cormun/servlet/solicitudotadjuntos?3e1240f9e1b3cc8070cdd12fdb81eca0,INS,2017,6112,,1,,gx-no-cache=1492530387768 HTTP/1.1" 200 3672
192.168.10.96 - - [18/Apr/2017:11:45:28 -0300] "GET /cormun/servlet/trsolicitudot HTTP/1.1" 200 8600
192.168.10.96 - - [18/Apr/2017:11:45:38 -0300] "GET /cormun/servlet/vesolicitudot?2017,6114,, HTTP/1.1" 200 7988
192.168.10.96 - - [18/Apr/2017:11:45:38 -0300] "GET /cormun/static/gxcfg.js?201731711515882 HTTP/1.1" 200 953
192.168.10.96 - - [18/Apr/2017:11:45:38 -0300] "GET /cormun/pexe_scrolldiv.js HTTP/1.1" 404 1009
192.168.10.96 - - [18/Apr/2017:11:45:38 -0300] "GET /cormun/static/vesolicitudot.js?201731711515955 HTTP/1.1" 200 6091
192.168.10.96 - - [18/Apr/2017:11:45:38 -0300] "GET /cormun/pexe_scrolldiv.js HTTP/1.1" 404 1009
192.168.10.96 - - [18/Apr/2017:11:45:38 -0300] "GET /cormun/static/tbsolicitudot01.js?201731711332949 HTTP/1.1" 200 28340
192.168.10.96 - - [18/Apr/2017:11:45:38 -0300] "GET /cormun/servlet/vesolicitudot?2017,6114,, HTTP/1.1" 200 7988
186.103.159.46 - - [18/Apr/2017:11:45:40 -0300] "POST /cormun/servlet/solicitudotadjuntos?gx-no-cache=1492530400074 HTTP/1.1" 200 26
192.168.10.96 - - [18/Apr/2017:11:45:42 -0300] "POST /cormun/servlet/vesolicitudot?7f7ea66d468d49f6e844d7247f566564,2017,6114,,,gx-no-cache=1492530015805 HTTP/1.1" 200 90
192.168.10.96 - - [18/Apr/2017:11:45:42 -0300] "GET /cormun/servlet/hpexe_link HTTP/1.1" 200 965
192.168.10.96 - - [18/Apr/2017:11:45:42 -0300] "GET /cormun/servlet/trsolicitudot HTTP/1.1" 200 8601
192.168.10.96 - - [18/Apr/2017:11:45:42 -0300] "GET /cormun/servlet/trsolicitudot HTTP/1.1" 200 8600
186.103.159.182 - - [18/Apr/2017:11:45:47 -0300] "GET /cormun/servlet/hlogin HTTP/1.1" 200 1716
186.103.159.182 - - [18/Apr/2017:11:45:49 -0300] "POST /cormun/servlet/hlogin?a0697e5d3e90b1783f8ca8acdbedbb4c,gx-no-cache=1492526813367 HTTP/1.1" 200 90
186.103.159.182 - - [18/Apr/2017:11:45:49 -0300] "GET /cormun/servlet/hpexe_link HTTP/1.1" 200 961
192.168.10.96 - - [18/Apr/2017:11:45:49 -0300] "POST /cormun/servlet/trsolicitudot?7f7ea66d468d49f6e844d7247f566564,gx-no-cache=1492530023287 HTTP/1.1" 200 105
186.103.159.182 - - [18/Apr/2017:11:45:49 -0300] "GET /cormun/servlet/inasistencia?UPD,69, HTTP/1.1" 200 6898
192.168.10.96 - - [18/Apr/2017:11:45:49 -0300] "GET /cormun/servlet/solicitudot?UPD,2017,6114, HTTP/1.1" 200 14287
192.168.10.96 - - [18/Apr/2017:11:45:50 -0300] "GET /cormun/servlet/solicitudot?UPD,2017,6114, HTTP/1.1" 200 14296
192.168.10.96 - - [18/Apr/2017:11:45:50 -0300] "POST /cormun/servlet/solicitudot?gx-no-cache=1492530024426 HTTP/1.1" 200 3194
192.168.10.96 - - [18/Apr/2017:11:45:50 -0300] "POST /cormun/servlet/solicitudot?7f7ea66d468d49f6e844d7247f566564,UPD,2017,6114,,gx-no-cache=1492530024569 HTTP/1.1" 200 10869
192.168.10.96 - - [18/Apr/2017:11:45:51 -0300] "GET /cormun/servlet/solicitudot?99b0180ffa981ddd2a6d1e19d1b0168ac4014e76f335b85e871c908ca3ff158aac529846f757e137b80c59acdb6d5da4,gx-no-cache=1492530024825 HTTP/1.1" 200 30
192.168.10.96 - - [18/Apr/2017:11:45:51 -0300] "POST /cormun/servlet/solicitudot?gx-no-cache=1492530024869 HTTP/1.1" 200 239
192.168.10.96 - - [18/Apr/2017:11:45:51 -0300] "GET /cormun/servlet/solicitudot?99b0180ffa981ddd2a6d1e19d1b0168a40c3282e2699fc0589500337c4b675b682ecbfe46f3d7fe43a6fa99eb7f1fc4ea9de0966a318818b01ab50fb506d5d8c83413f88cbdeef387ab8d1de38fbb163800264f81bfa834ba009aa40f264d37935a1d62ae9788135089f0653a57b29f9998b4486e213153ef7ac79ba60a7475b01690578c2b320cd561803f8b03c65f12d892a6cdef782b0a9f43572e6ee25d6f1dba5dd751090331b4078c8d86e78b433ce2a16703b8b44d945ab774c3a1aeef825494a6849c4db8de108a83803a58a951e3ef77a184f8b2a4dc8e94852b2896101f26627e8d4324db6b4bb9ad8a461206294091362edc4fd7e8a56102534729030780952fc8909dcc972c46c27c3df7d10380cb4103537945edefecaf6b7809eed032cc5a15af01d937d2935095c12d0d793ac698416f264f10704e98733ebe4015b27861984bdc93a7ef96b38e4a7626a46c19e5c19f10911588dd26aa6d52a8210d24d9d3baf28b11bf368be054eb6299a54f898b699f094c0d84a10c434,gx-no-cache=1492530024892 HTTP/1.1" 200 30
192.168.10.96 - - [18/Apr/2017:11:45:51 -0300] "POST /cormun/servlet/solicitudot?gx-no-cache=1492530024909 HTTP/1.1" 200 30
192.168.10.96 - - [18/Apr/2017:11:45:51 -0300] "POST /cormun/servlet/solicitudot?gx-no-cache=1492530024931 HTTP/1.1" 200 1290
192.168.10.96 - - [18/Apr/2017:11:45:51 -0300] "POST /cormun/servlet/solicitudot?gx-no-cache=1492530025033 HTTP/1.1" 200 41
186.103.159.182 - - [18/Apr/2017:11:45:51 -0300] "GET /cormun/servlet/inasistencia?UPD,69, HTTP/1.1" 200 6897
186.79.136.0 - - [18/Apr/2017:11:45:55 -0300] "GET /cormun/servlet/solicitudot?c6a2bcab8cfbd53f224192090ecd2da41b75ad5c8e322c188f0ad10adc6bcff79c5f1561863c0e1aefbd709161dcd294b335f51ac6909cbfe45fbd99b2026b428a261fce2f2d64f85ed6612325265a4cc64c068abb4ef712c6220bbb35d568440785e2d1f4e803bb8534baa18993fb9393a7ee9479e3f1a2d1014313d824807b8f211fdecdea5d506d7ce0cf2e24b199bf44592ed11aaf470354ebb7719620c8abd4740ad3b66ba10533a610251528be,gx-no-cache=1492526819871 HTTP/1.1" 200 32
192.168.10.96 - - [18/Apr/2017:11:46:00 -0300] "GET /cormun/servlet/prcontratosol?17135846,,,,,MD,,gxPopupLevel%3D0%3B HTTP/1.1" 200 5971
186.79.242.96 - - [18/Apr/2017:11:46:02 -0300] "GET /cormun/servlet/prcontratosol?17135846,,,,,MD,,gxPopupLevel%3D0%3B HTTP/1.1" 200 5962
186.79.242.96 - - [18/Apr/2017:11:46:02 -0300] "GET /cormun/static/gxcfg.js?201731711522183 HTTP/1.1" 200 953
186.79.242.96 - - [18/Apr/2017:11:46:02 -0300] "GET /cormun/static/prcontratosol.js?201731711522419 HTTP/1.1" 200 14084
186.79.242.96 - - [18/Apr/2017:11:46:02 -0300] "GET /cormun/static/Resources/PXToolsGridFirst.gif HTTP/1.1" 200 379
186.79.242.96 - - [18/Apr/2017:11:46:02 -0300] "GET /cormun/static/Resources/PXToolsGridPrevious.gif HTTP/1.1" 200 369
186.79.242.96 - - [18/Apr/2017:11:46:02 -0300] "GET /cormun/static/Resources/PXToolsGridNext.gif HTTP/1.1" 200 369
186.79.242.96 - - [18/Apr/2017:11:46:02 -0300] "GET /cormun/static/Resources/PXToolsGridLast.gif HTTP/1.1" 200 370
186.103.159.46 - - [18/Apr/2017:11:46:04 -0300] "GET /cormun/servlet/solicitudotadjuntos?a2a092a7e89ecdc0304c7c975684494e64d18baa8c80595718a4bf62fa0a7405,gx-no-cache=1492530423623 HTTP/1.1" 200 30
186.103.159.46 - - [18/Apr/2017:11:46:04 -0300] "GET /cormun/servlet/solicitudotadjuntos?a2a092a7e89ecdc0304c7c975684494e64d18baa8c80595718a4bf62fa0a7405,gx-no-cache=1492530424028 HTTP/1.1" 200 30
186.79.242.96 - - [18/Apr/2017:11:46:05 -0300] "POST /cormun/servlet/solicitudot?gx-no-cache=1492526828670 HTTP/1.1" 200 1273
186.79.242.96 - - [18/Apr/2017:11:46:05 -0300] "POST /cormun/servlet/solicitudot?gx-no-cache=1492526829030 HTTP/1.1" 200 1157
186.103.159.46 - - [18/Apr/2017:11:46:05 -0300] "POST /cormun/servlet/solicitudotadjuntos?3e1240f9e1b3cc8070cdd12fdb81eca0,INS,2017,6112,,1, HTTP/1.1" 200 116
186.103.159.46 - - [18/Apr/2017:11:46:05 -0300] "GET /cormun/servlet/hpexe_return? HTTP/1.1" 200 1025
192.168.10.13 - - [18/Apr/2017:11:46:05 -0300] "GET / HTTP/1.1" 200 11217
186.103.159.46 - - [18/Apr/2017:11:46:05 -0300] "GET /cormun/servlet/trsolicitudadjuntos?2017,6112, HTTP/1.1" 200 8045
186.103.159.46 - - [18/Apr/2017:11:46:07 -0300] "GET /cormun/servlet/trsolicitudadjuntos?2017,6112, HTTP/1.1" 200 8040
192.168.10.96 - - [18/Apr/2017:11:46:08 -0300] "GET /cormun/servlet/solicitudot?99b0180ffa981ddd2a6d1e19d1b0168a5d871c55dafc4ba1f31c4b45c06e22231edb9dcb1297905d392ac7c208245831b5fbc96a98a39b2cc1d87ccccb966747fc068ca02f2f65ba62afd20d368725ca7c616ba924e6af2340aab5d89f5768843a8c063d0993c5e4b1bbe13b0c19a2b118e67d66b978a2af2cda9a4cff1de85b91edf07342a7a5f7372118de20c007e305a026d135ac8241689d7e71b5acdc567449b194a3c0546ef9d111463320ebf322cdea819af7ce025061d917b784352620fb9d819ed0404d06cde5610f7d1111,gx-no-cache=1492530042143 HTTP/1.1" 200 29
192.168.10.96 - - [18/Apr/2017:11:46:08 -0300] "POST /cormun/servlet/solicitudot?gx-no-cache=1492530042160 HTTP/1.1" 200 1273
192.168.10.96 - - [18/Apr/2017:11:46:08 -0300] "POST /cormun/servlet/solicitudot?gx-no-cache=1492530042190 HTTP/1.1" 200 1157
186.103.159.46 - - [18/Apr/2017:11:46:10 -0300] "GET /cormun/servlet/solicitudotadjuntos?INS,2017,6112,,1, HTTP/1.1" 200 5822
186.103.159.46 - - [18/Apr/2017:11:46:11 -0300] "GET /cormun/static/about:blank HTTP/1.1" 404 1011
186.103.159.46 - - [18/Apr/2017:11:46:11 -0300] "GET /cormun/servlet/solicitudotadjuntos?INS,2017,6112,,1, HTTP/1.1" 200 5815
186.103.159.46 - - [18/Apr/2017:11:46:11 -0300] "GET /cormun/servlet/solicitudotadjuntos?a2a092a7e89ecdc0304c7c975684494e3cbd3c3d941cf3f5400aeb37a9d74cce2726952f4ae11a53a8a597b65c6e8d92,gx-no-cache=1492530431187 HTTP/1.1" 200 30
186.103.159.182 - - [18/Apr/2017:11:46:11 -0300] "POST /cormun/servlet/inasistencia?a0697e5d3e90b1783f8ca8acdbedbb4c,UPD,69,,gx-no-cache=1492526835457 HTTP/1.1" 200 90
186.103.159.182 - - [18/Apr/2017:11:46:11 -0300] "GET /cormun/servlet/hpexe_link HTTP/1.1" 200 960
186.103.159.46 - - [18/Apr/2017:11:46:12 -0300] "POST /cormun/servlet/solicitudotadjuntos?3e1240f9e1b3cc8070cdd12fdb81eca0,INS,2017,6112,,1,,gx-no-cache=1492530431275 HTTP/1.1" 200 3672
186.103.159.182 - - [18/Apr/2017:11:46:12 -0300] "GET /cormun/servlet/trinasistencia HTTP/1.1" 200 7682
192.168.10.96 - - [18/Apr/2017:11:46:12 -0300] "GET /cormun/servlet/trsolicitudot? HTTP/1.1" 200 8606
192.168.10.96 - - [18/Apr/2017:11:46:12 -0300] "GET /cormun/servlet/trsolicitudot? HTTP/1.1" 200 8600
186.103.159.182 - - [18/Apr/2017:11:46:13 -0300] "GET /cormun/servlet/trinasistencia HTTP/1.1" 200 7681
186.79.242.96 - - [18/Apr/2017:11:46:13 -0300] "GET /cormun/servlet/solicitudot?4870af0a92f6dfee04e4dcd418e9e9e18d2f756e87510526dcc88b7cd7973ad0a1c892ff76fc7ba3f754cbf103ce56c78a022215f5228c3496c894c58d00d3b1d5d787edc2726be951d6cf665263e93ad36c73ac6897986d99327a4f20c8859bad73b4877ed881db6b68a0cee1044f7469240e23485f626248f2c737fcd6730a9071fef6f653153efe46d7471aa9c82fa2053778d055ff214c3145a5b753451d27fe674a03dcf92037d6448f7f95bd3e2db8458bea3d00e8f86a077fc92df0dd,gx-no-cache=1492526837761 HTTP/1.1" 200 30
186.79.242.96 - - [18/Apr/2017:11:46:14 -0300] "POST /cormun/servlet/solicitudot?55f934123607200fe22ee15b80ed35bb,INS,0,0,,gx-no-cache=1492526837886 HTTP/1.1" 200 11192
186.103.159.182 - - [18/Apr/2017:11:46:16 -0300] "GET /cormun/servlet/inasistencia?DLT,69, HTTP/1.1" 200 6711
186.103.159.182 - - [18/Apr/2017:11:46:17 -0300] "GET /cormun/static/Shared/jqueryui/images/ui-bg_highlight-soft_100_c6c2c8_1x100.png HTTP/1.1" 404 1117
186.103.159.182 - - [18/Apr/2017:11:46:17 -0300] "GET /cormun/static/Shared/jqueryui/images/ui-icons_82798d_256x240.png HTTP/1.1" 404 1089
186.103.159.182 - - [18/Apr/2017:11:46:17 -0300] "GET /cormun/static/Shared/jqueryui/images/ui-bg_flat_55_fafafa_40x100.png HTTP/1.1" 404 1097
186.103.159.182 - - [18/Apr/2017:11:46:17 -0300] "GET /cormun/static/Shared/jqueryui/images/ui-icons_8d78a5_256x240.png HTTP/1.1" 404 1089
186.103.159.182 - - [18/Apr/2017:11:46:17 -0300] "GET /cormun/servlet/inasistencia?DLT,69, HTTP/1.1" 200 6712
186.103.159.46 - - [18/Apr/2017:11:46:24 -0300] "POST /cormun/servlet/solicitudotadjuntos?gx-no-cache=1492530443509 HTTP/1.1" 200 26
192.168.10.96 - - [18/Apr/2017:11:46:28 -0300] "GET /cormun/servlet/trsolicitudot? HTTP/1.1" 200 8600
192.168.10.96 - - [18/Apr/2017:11:46:28 -0300] "GET /cormun/servlet/trsolicitudot? HTTP/1.1" 200 8600
192.168.10.96 - - [18/Apr/2017:11:46:35 -0300] "POST /cormun/servlet/trsolicitudot?7f7ea66d468d49f6e844d7247f566564,,gx-no-cache=1492530068772 HTTP/1.1" 200 105
192.168.10.96 - - [18/Apr/2017:11:46:35 -0300] "GET /cormun/servlet/solicitudot?UPD,2017,6114, HTTP/1.1" 200 14287
192.168.10.96 - - [18/Apr/2017:11:46:35 -0300] "GET /cormun/servlet/solicitudot?UPD,2017,6114, HTTP/1.1" 200 14296
192.168.10.96 - - [18/Apr/2017:11:46:36 -0300] "POST /cormun/servlet/solicitudot?gx-no-cache=1492530069831 HTTP/1.1" 200 3194
186.79.136.0 - - [18/Apr/2017:11:46:36 -0300] "POST /cormun/servlet/solicitudot?cfc2e7cc71f4e1e67373df69446642dd,INS,0,0,,gx-no-cache=1492526859870 HTTP/1.1" 200 93
186.79.136.0 - - [18/Apr/2017:11:46:36 -0300] "GET /cormun/servlet/hpexe_return? HTTP/1.1" 200 1003
192.168.10.96 - - [18/Apr/2017:11:46:36 -0300] "POST /cormun/servlet/solicitudot?7f7ea66d468d49f6e844d7247f566564,UPD,2017,6114,,gx-no-cache=1492530070003 HTTP/1.1" 200 10869
192.168.10.96 - - [18/Apr/2017:11:46:36 -0300] "GET /cormun/servlet/solicitudot?99b0180ffa981ddd2a6d1e19d1b0168ac4014e76f335b85e871c908ca3ff158aac529846f757e137b80c59acdb6d5da4,gx-no-cache=1492530070208 HTTP/1.1" 200 30
192.168.10.96 - - [18/Apr/2017:11:46:36 -0300] "POST /cormun/servlet/solicitudot?gx-no-cache=1492530070233 HTTP/1.1" 200 239
192.168.10.96 - - [18/Apr/2017:11:46:36 -0300] "GET /cormun/servlet/solicitudot?99b0180ffa981ddd2a6d1e19d1b0168a40c3282e2699fc0589500337c4b675b682ecbfe46f3d7fe43a6fa99eb7f1fc4ea9de0966a318818b01ab50fb506d5d8c83413f88cbdeef387ab8d1de38fbb163800264f81bfa834ba009aa40f264d37935a1d62ae9788135089f0653a57b29f9998b4486e213153ef7ac79ba60a7475b01690578c2b320cd561803f8b03c65f12d892a6cdef782b0a9f43572e6ee25d6f1dba5dd751090331b4078c8d86e78b433ce2a16703b8b44d945ab774c3a1aeef825494a6849c4db8de108a83803a58a951e3ef77a184f8b2a4dc8e94852b2896101f26627e8d4324db6b4bb9ad8a461206294091362edc4fd7e8a56102534729030780952fc8909dcc972c46c27c3df7d10380cb4103537945edefecaf6b7809eed032cc5a15af01d937d2935095c12d0d793ac698416f264f10704e98733ebe4015b27861984bdc93a7ef96b38e4a7626a46c19e5c19f10911588dd26aa6d52a8210d24d9d3baf28b11bf368be054eb6299a54f898b699f094c0d84a10c434,gx-no-cache=1492530070257 HTTP/1.1" 200 30
192.168.10.96 - - [18/Apr/2017:11:46:36 -0300] "POST /cormun/servlet/solicitudot?gx-no-cache=1492530070275 HTTP/1.1" 200 30
192.168.10.96 - - [18/Apr/2017:11:46:36 -0300] "POST /cormun/servlet/solicitudot?gx-no-cache=1492530070296 HTTP/1.1" 200 1290
192.168.10.96 - - [18/Apr/2017:11:46:36 -0300] "POST /cormun/servlet/solicitudot?gx-no-cache=1492530070405 HTTP/1.1" 200 41
186.79.136.0 - - [18/Apr/2017:11:46:36 -0300] "GET /cormun/servlet/trsolicitudot HTTP/1.1" 200 8658
186.79.136.0 - - [18/Apr/2017:11:46:38 -0300] "GET /cormun/servlet/trsolicitudot HTTP/1.1" 200 8654
186.103.159.182 - - [18/Apr/2017:11:46:52 -0300] "POST /cormun/servlet/inasistencia?a0697e5d3e90b1783f8ca8acdbedbb4c,DLT,69,,gx-no-cache=1492526875917 HTTP/1.1" 200 4802
186.103.159.182 - - [18/Apr/2017:11:46:52 -0300] "GET /cormun/static/Shared/jqueryui/images/ui-bg_flat_55_994d53_40x100.png HTTP/1.1" 404 1097
186.103.159.182 - - [18/Apr/2017:11:46:52 -0300] "GET /cormun/static/Shared/jqueryui/images/ui-icons_ebccce_256x240.png HTTP/1.1" 404 1089
186.103.159.46 - - [18/Apr/2017:11:46:54 -0300] "GET /cormun/servlet/solicitudotadjuntos?a2a092a7e89ecdc0304c7c975684494e64d18baa8c80595718a4bf62fa0a7405,gx-no-cache=1492530474234 HTTP/1.1" 200 30
186.103.159.46 - - [18/Apr/2017:11:46:55 -0300] "GET /cormun/servlet/solicitudotadjuntos?a2a092a7e89ecdc0304c7c975684494e64d18baa8c80595718a4bf62fa0a7405,gx-no-cache=1492530474390 HTTP/1.1" 200 30
192.168.10.96 - - [18/Apr/2017:11:46:56 -0300] "GET /cormun/servlet/trsolicitudot? HTTP/1.1" 200 8606
192.168.10.96 - - [18/Apr/2017:11:46:57 -0300] "GET /cormun/servlet/trsolicitudot? HTTP/1.1" 200 8600
186.103.159.46 - - [18/Apr/2017:11:46:58 -0300] "POST /cormun/servlet/solicitudotadjuntos?3e1240f9e1b3cc8070cdd12fdb81eca0,INS,2017,6112,,1, HTTP/1.1" 200 116
186.103.159.46 - - [18/Apr/2017:11:46:58 -0300] "GET /cormun/servlet/hpexe_return? HTTP/1.1" 200 1025
186.103.159.46 - - [18/Apr/2017:11:46:59 -0300] "GET /cormun/servlet/trsolicitudadjuntos?2017,6112, HTTP/1.1" 200 8265
186.103.159.46 - - [18/Apr/2017:11:47:01 -0300] "GET /cormun/servlet/trsolicitudadjuntos?2017,6112, HTTP/1.1" 200 8264
186.103.159.182 - - [18/Apr/2017:11:47:01 -0300] "GET /cormun/servlet/trinasistenciaautorizar? HTTP/1.1" 200 7711
186.103.159.182 - - [18/Apr/2017:11:47:01 -0300] "GET /cormun/static/gxcfg.js?201731711562389 HTTP/1.1" 200 953
186.103.159.182 - - [18/Apr/2017:11:47:01 -0300] "GET /cormun/static/trinasistenciaautorizar.js?201731711562919 HTTP/1.1" 200 29703
186.79.242.96 - - [18/Apr/2017:11:47:01 -0300] "GET /cormun/servlet/trsolicitudot? HTTP/1.1" 200 8594
186.79.242.96 - - [18/Apr/2017:11:47:02 -0300] "GET /cormun/servlet/trsolicitudot? HTTP/1.1" 200 8593
186.103.159.46 - - [18/Apr/2017:11:47:03 -0300] "GET /cormun/servlet/solicitudotadjuntos?INS,2017,6112,,1, HTTP/1.1" 200 5821
186.103.159.182 - - [18/Apr/2017:11:47:03 -0300] "GET /cormun/servlet/trinasistenciaautorizar? HTTP/1.1" 200 7704
186.103.159.46 - - [18/Apr/2017:11:47:03 -0300] "GET /cormun/static/about:blank HTTP/1.1" 404 1011
186.103.159.46 - - [18/Apr/2017:11:47:04 -0300] "GET /cormun/servlet/solicitudotadjuntos?INS,2017,6112,,1, HTTP/1.1" 200 5814
186.103.159.46 - - [18/Apr/2017:11:47:04 -0300] "GET /cormun/servlet/solicitudotadjuntos?a2a092a7e89ecdc0304c7c975684494e3cbd3c3d941cf3f5400aeb37a9d74cce2726952f4ae11a53a8a597b65c6e8d92,gx-no-cache=1492530484110 HTTP/1.1" 200 30
186.103.159.46 - - [18/Apr/2017:11:47:04 -0300] "POST /cormun/servlet/solicitudotadjuntos?3e1240f9e1b3cc8070cdd12fdb81eca0,INS,2017,6112,,1,,gx-no-cache=1492530484202 HTTP/1.1" 200 3672
192.168.10.13 - - [18/Apr/2017:11:47:05 -0300] "GET / HTTP/1.1" 200 11217
186.103.159.46 - - [18/Apr/2017:11:47:10 -0300] "POST /cormun/servlet/solicitudotadjuntos?gx-no-cache=1492530489765 HTTP/1.1" 200 26
192.168.10.96 - - [18/Apr/2017:11:47:21 -0300] "POST /cormun/servlet/trsolicitudot?7f7ea66d468d49f6e844d7247f566564,,gx-no-cache=1492530114840 HTTP/1.1" 200 105
192.168.10.96 - - [18/Apr/2017:11:47:21 -0300] "GET /cormun/servlet/solicitudot?UPD,2017,6114, HTTP/1.1" 200 14287
186.79.242.96 - - [18/Apr/2017:11:47:21 -0300] "POST /cormun/servlet/trsolicitudot?55f934123607200fe22ee15b80ed35bb,,gx-no-cache=1492526905088 HTTP/1.1" 200 105
186.79.242.96 - - [18/Apr/2017:11:47:21 -0300] "GET /cormun/servlet/solicitudot?UPD,2017,6114, HTTP/1.1" 200 14282
192.168.10.96 - - [18/Apr/2017:11:47:21 -0300] "GET /cormun/servlet/solicitudot?UPD,2017,6114, HTTP/1.1" 200 14296
186.79.242.96 - - [18/Apr/2017:11:47:22 -0300] "GET /cormun/servlet/solicitudot?UPD,2017,6114, HTTP/1.1" 200 14291
192.168.10.96 - - [18/Apr/2017:11:47:22 -0300] "POST /cormun/servlet/solicitudot?gx-no-cache=1492530116120 HTTP/1.1" 200 3194
192.168.10.96 - - [18/Apr/2017:11:47:22 -0300] "POST /cormun/servlet/solicitudot?7f7ea66d468d49f6e844d7247f566564,UPD,2017,6114,,gx-no-cache=1492530116265 HTTP/1.1" 200 10869
186.79.242.96 - - [18/Apr/2017:11:47:23 -0300] "POST /cormun/servlet/solicitudot?gx-no-cache=1492526906685 HTTP/1.1" 200 3194
192.168.10.96 - - [18/Apr/2017:11:47:23 -0300] "GET /cormun/servlet/solicitudot?99b0180ffa981ddd2a6d1e19d1b0168ac4014e76f335b85e871c908ca3ff158aac529846f757e137b80c59acdb6d5da4,gx-no-cache=1492530117065 HTTP/1.1" 200 30
192.168.10.96 - - [18/Apr/2017:11:47:23 -0300] "POST /cormun/servlet/solicitudot?gx-no-cache=1492530117091 HTTP/1.1" 200 239
192.168.10.96 - - [18/Apr/2017:11:47:23 -0300] "GET /cormun/servlet/solicitudot?99b0180ffa981ddd2a6d1e19d1b0168a40c3282e2699fc0589500337c4b675b682ecbfe46f3d7fe43a6fa99eb7f1fc4ea9de0966a318818b01ab50fb506d5d8c83413f88cbdeef387ab8d1de38fbb163800264f81bfa834ba009aa40f264d37935a1d62ae9788135089f0653a57b29f9998b4486e213153ef7ac79ba60a7475b01690578c2b320cd561803f8b03c65f12d892a6cdef782b0a9f43572e6ee25d6f1dba5dd751090331b4078c8d86e78b433ce2a16703b8b44d945ab774c3a1aeef825494a6849c4db8de108a83803a58a951e3ef77a184f8b2a4dc8e94852b2896101f26627e8d4324db6b4bb9ad8a461206294091362edc4fd7e8a56102534729030780952fc8909dcc972c46c27c3df7d10380cb4103537945edefecaf6b7809eed032cc5a15af01d937d2935095c12d0d793ac698416f264f10704e98733ebe4015b27861984bdc93a7ef96b38e4a7626a46c19e5c19f10911588dd26aa6d52a8210d24d9d3baf28b11bf368be054eb6299a54f898b699f094c0d84a10c434,gx-no-cache=1492530117116 HTTP/1.1" 200 30
192.168.10.96 - - [18/Apr/2017:11:47:23 -0300] "POST /cormun/servlet/solicitudot?gx-no-cache=1492530117134 HTTP/1.1" 200 30
192.168.10.96 - - [18/Apr/2017:11:47:23 -0300] "POST /cormun/servlet/solicitudot?gx-no-cache=1492530117155 HTTP/1.1" 200 1290
192.168.10.96 - - [18/Apr/2017:11:47:23 -0300] "POST /cormun/servlet/solicitudot?gx-no-cache=1492530117248 HTTP/1.1" 200 41
186.79.242.96 - - [18/Apr/2017:11:47:23 -0300] "POST /cormun/servlet/solicitudot?55f934123607200fe22ee15b80ed35bb,UPD,2017,6114,,gx-no-cache=1492526907187 HTTP/1.1" 200 10864
186.79.242.96 - - [18/Apr/2017:11:47:23 -0300] "GET /cormun/servlet/solicitudot?4870af0a92f6dfee04e4dcd418e9e9e1d7bb56e94817998e7d010dd462351b477e07a1dfe3175b7f53bbea3776099735,gx-no-cache=1492526907735 HTTP/1.1" 200 30
186.79.242.96 - - [18/Apr/2017:11:47:23 -0300] "POST /cormun/servlet/solicitudot?gx-no-cache=1492526907847 HTTP/1.1" 200 239
186.79.242.96 - - [18/Apr/2017:11:47:24 -0300] "GET /cormun/servlet/solicitudot?4870af0a92f6dfee04e4dcd418e9e9e1c960cf564baf0374ad42c2637e8c567cf6aea516e63712d803641e2260e88a8990dca8fce2bf92098e1ce3cbca5875428ade14fbcfff635decc03bb96a60f83f3ffc68b5bea494ea76f06bbaa375ab0f8889368a51ff96fb1e33715d48e7447d8e001d9f185c51a066e0a34b626d72976ca568f39d1920edd54aecacc980acc1ab113aa0b8b57e1efce297825e00c5ae97e67a99f502fa105bfaff8d44dfbb682b25316bfb24044c0c626a693ba2da6760e84026503ba5584aa5d4a04c4838a72f7e0364376df61015dc073f8de8d5b843e9a349dce86381d9bd35d787df9f6cbe24cf9c4a8c4f319557fc34ad5595c934088f32eace73f7b4b4715f0abd0b387588b434fe9e1c08090d1508273f4bd45ecc33d1398672132d61271f54e7bad6e95fffa72e69aec4bd429e0de3fb325436e375f9f65d73ea167d4ad2502ce861b16009500d2270c5f061623bf9a6b64da87726416b6175029b6fbc2a694e02b488b9b5c6e1e4f663c9b2225c0436668a,gx-no-cache=1492526907969 HTTP/1.1" 200 30
186.79.242.96 - - [18/Apr/2017:11:47:24 -0300] "POST /cormun/servlet/solicitudot?gx-no-cache=1492526908075 HTTP/1.1" 200 30
186.79.242.96 - - [18/Apr/2017:11:47:24 -0300] "POST /cormun/servlet/solicitudot?gx-no-cache=1492526908200 HTTP/1.1" 200 1290
186.79.242.96 - - [18/Apr/2017:11:47:24 -0300] "POST /cormun/servlet/solicitudot?gx-no-cache=1492526908462 HTTP/1.1" 200 41
186.103.159.182 - - [18/Apr/2017:11:47:29 -0300] "POST /cormun/servlet/trinasistenciaautorizar?a0697e5d3e90b1783f8ca8acdbedbb4c,,gx-no-cache=1492526913547 HTTP/1.1" 200 110
186.103.159.46 - - [18/Apr/2017:11:47:41 -0300] "GET /cormun/servlet/solicitudotadjuntos?a2a092a7e89ecdc0304c7c975684494e64d18baa8c80595718a4bf62fa0a7405,gx-no-cache=1492530514618 HTTP/1.1" 200 30
192.168.10.96 - - [18/Apr/2017:11:47:41 -0300] "GET /cormun/servlet/solicitudot?99b0180ffa981ddd2a6d1e19d1b0168a5d871c55dafc4ba1f31c4b45c06e22231edb9dcb1297905d392ac7c208245831b5fbc96a98a39b2cc1d87ccccb966747fc068ca02f2f65ba62afd20d368725ca7c616ba924e6af2340aab5d89f5768843a8c063d0993c5e4b1bbe13b0c19a2b118e67d66b978a2af2cda9a4cff1de85b91edf07342a7a5f7372118de20c007e305a026d135ac8241689d7e71b5acdc567449b194a3c0546ef9d111463320ebf322cdea819af7ce025061d917b784352620fb9d819ed0404d06cde5610f7d1111,gx-no-cache=1492530132784 HTTP/1.1" 200 29
186.103.159.46 - - [18/Apr/2017:11:47:41 -0300] "GET /cormun/servlet/solicitudotadjuntos?a2a092a7e89ecdc0304c7c975684494e64d18baa8c80595718a4bf62fa0a7405,gx-no-cache=1492530521236 HTTP/1.1" 200 30
192.168.10.96 - - [18/Apr/2017:11:47:41 -0300] "POST /cormun/servlet/solicitudot?gx-no-cache=1492530135581 HTTP/1.1" 200 1273
186.79.242.96 - - [18/Apr/2017:11:47:41 -0300] "POST /cormun/servlet/solicitudot?55f934123607200fe22ee15b80ed35bb,UPD,2017,6114,,gx-no-cache=1492526921790 HTTP/1.1" 200 93
186.103.159.182 - - [18/Apr/2017:11:47:41 -0300] "GET /cormun/servlet/permisosingocelog?INS,68,0,NU, HTTP/1.1" 200 5757
192.168.10.96 - - [18/Apr/2017:11:47:41 -0300] "POST /cormun/servlet/solicitudot?gx-no-cache=1492530135679 HTTP/1.1" 200 1157
186.79.136.0 - - [18/Apr/2017:11:47:42 -0300] "GET /cormun/servlet/solicitudot?INS,0,0, HTTP/1.1" 200 12577
192.168.10.96 - - [18/Apr/2017:11:47:42 -0300] "GET /cormun/servlet/solicitudot?99b0180ffa981ddd2a6d1e19d1b0168a5b4521a1883ec1ca9afa82a508244769b6e94a1e96c270505467a3de712f967676933f4ba5d6548cd764944e9623d24e807c8fb3e4c5eba6b0023f7672a30c4ceeb36b9bac4bcebb033b9fba6dd40d66548cd62bcfd387fbb0bd709c46ac19375b18fc71826562fb5de21ca82d73a8b2e246607624871dc2aea595e4be21e748a325fe6b6fed533a665809c95b3f3e7e61c160b74b350745e345a04dffcdd4cf80e2ca2a32009ec956c654539ee33384,gx-no-cache=1492530135726 HTTP/1.1" 200 30
186.79.136.0 - - [18/Apr/2017:11:47:42 -0300] "GET /cormun/servlet/solicitudot?INS,0,0, HTTP/1.1" 200 12577
186.79.242.96 - - [18/Apr/2017:11:47:42 -0300] "GET /cormun/servlet/hpexe_return? HTTP/1.1" 200 1010
186.103.159.182 - - [18/Apr/2017:11:47:42 -0300] "GET /cormun/static/gxcfg.js?201731711424774 HTTP/1.1" 200 953
186.103.159.182 - - [18/Apr/2017:11:47:42 -0300] "GET /cormun/static/permisosingocelog.js?201731711424785 HTTP/1.1" 200 8159
192.168.10.96 - - [18/Apr/2017:11:47:42 -0300] "POST /cormun/servlet/solicitudot?7f7ea66d468d49f6e844d7247f566564,UPD,2017,6114,,gx-no-cache=1492530135758 HTTP/1.1" 200 93
192.168.10.96 - - [18/Apr/2017:11:47:42 -0300] "GET /cormun/servlet/hpexe_return? HTTP/1.1" 200 1014
186.79.242.96 - - [18/Apr/2017:11:47:42 -0300] "GET /cormun/servlet/trsolicitudot HTTP/1.1" 200 8597
192.168.10.96 - - [18/Apr/2017:11:47:42 -0300] "GET /cormun/servlet/trsolicitudot HTTP/1.1" 200 8604
186.79.136.0 - - [18/Apr/2017:11:47:42 -0300] "GET /cormun/servlet/solicitudot?INS,0,0, HTTP/1.1" 200 12567
186.79.242.96 - - [18/Apr/2017:11:47:43 -0300] "GET /cormun/servlet/trsolicitudot HTTP/1.1" 200 8593
192.168.10.96 - - [18/Apr/2017:11:47:43 -0300] "GET /cormun/servlet/trsolicitudot HTTP/1.1" 200 8600
186.103.159.182 - - [18/Apr/2017:11:47:43 -0300] "GET /cormun/servlet/permisosingocelog?INS,68,0,NU, HTTP/1.1" 200 5757
186.103.159.182 - - [18/Apr/2017:11:47:43 -0300] "GET /cormun/servlet/permisosingocelog?5da9b65941c39429a39b74fc49a231a4dc85ff967574c8166981db5593f205710df58ac9bc62028be758a9b20d9599c0,gx-no-cache=1492526928055 HTTP/1.1" 200 30
186.103.159.46 - - [18/Apr/2017:11:47:46 -0300] "POST /cormun/servlet/solicitudotadjuntos?3e1240f9e1b3cc8070cdd12fdb81eca0,INS,2017,6112,,1, HTTP/1.1" 200 116
186.103.159.46 - - [18/Apr/2017:11:47:46 -0300] "GET /cormun/servlet/hpexe_return? HTTP/1.1" 200 1025
186.103.159.46 - - [18/Apr/2017:11:47:46 -0300] "GET /cormun/servlet/trsolicitudadjuntos?2017,6112, HTTP/1.1" 200 8414
186.79.242.96 - - [18/Apr/2017:11:47:48 -0300] "POST /cormun/servlet/trsolicitudot?55f934123607200fe22ee15b80ed35bb,gx-no-cache=1492526931248 HTTP/1.1" 200 105
186.103.159.46 - - [18/Apr/2017:11:47:48 -0300] "GET /cormun/servlet/trsolicitudadjuntos?2017,6112, HTTP/1.1" 200 8414
186.79.242.96 - - [18/Apr/2017:11:47:48 -0300] "GET /cormun/servlet/solicitudot?UPD,2017,6114, HTTP/1.1" 200 14282
192.168.10.96 - - [18/Apr/2017:11:47:49 -0300] "GET /cormun/servlet/hlogin HTTP/1.1" 200 1739
186.79.242.96 - - [18/Apr/2017:11:47:50 -0300] "GET /cormun/servlet/solicitudot?UPD,2017,6114, HTTP/1.1" 200 14291
186.79.242.96 - - [18/Apr/2017:11:47:51 -0300] "POST /cormun/servlet/solicitudot?gx-no-cache=1492526934758 HTTP/1.1" 200 3194
186.79.242.96 - - [18/Apr/2017:11:47:52 -0300] "POST /cormun/servlet/solicitudot?55f934123607200fe22ee15b80ed35bb,UPD,2017,6114,,gx-no-cache=1492526935672 HTTP/1.1" 200 10864
186.79.242.96 - - [18/Apr/2017:11:47:52 -0300] "GET /cormun/servlet/solicitudot?4870af0a92f6dfee04e4dcd418e9e9e1d7bb56e94817998e7d010dd462351b477e07a1dfe3175b7f53bbea3776099735,gx-no-cache=1492526936273 HTTP/1.1" 200 30
186.79.242.96 - - [18/Apr/2017:11:47:52 -0300] "POST /cormun/servlet/solicitudot?gx-no-cache=1492526936394 HTTP/1.1" 200 239
186.79.242.96 - - [18/Apr/2017:11:47:52 -0300] "GET /cormun/servlet/solicitudot?4870af0a92f6dfee04e4dcd418e9e9e1c960cf564baf0374ad42c2637e8c567cf6aea516e63712d803641e2260e88a8990dca8fce2bf92098e1ce3cbca5875428ade14fbcfff635decc03bb96a60f83f3ffc68b5bea494ea76f06bbaa375ab0f8889368a51ff96fb1e33715d48e7447d8e001d9f185c51a066e0a34b626d72976ca568f39d1920edd54aecacc980acc1ab113aa0b8b57e1efce297825e00c5ae97e67a99f502fa105bfaff8d44dfbb682b25316bfb24044c0c626a693ba2da6760e84026503ba5584aa5d4a04c4838a72f7e0364376df61015dc073f8de8d5b843e9a349dce86381d9bd35d787df9f6cbe24cf9c4a8c4f319557fc34ad5595c934088f32eace73f7b4b4715f0abd0b387588b434fe9e1c08090d1508273f4bd45ecc33d1398672132d61271f54e7bad6e95fffa72e69aec4bd429e0de3fb325436e375f9f65d73ea167d4ad2502ce861b16009500d2270c5f061623bf9a6b64da87726416b6175029b6fbc2a694e02b488b9b5c6e1e4f663c9b2225c0436668a,gx-no-cache=1492526936547 HTTP/1.1" 200 30
186.79.242.96 - - [18/Apr/2017:11:47:52 -0300] "POST /cormun/servlet/solicitudot?gx-no-cache=1492526936839 HTTP/1.1" 200 30
186.79.242.96 - - [18/Apr/2017:11:47:53 -0300] "POST /cormun/servlet/solicitudot?gx-no-cache=1492526937460 HTTP/1.1" 200 1290
186.79.242.96 - - [18/Apr/2017:11:47:53 -0300] "POST /cormun/servlet/solicitudot?gx-no-cache=1492526937745 HTTP/1.1" 200 41
186.103.159.46 - - [18/Apr/2017:11:47:58 -0300] "POST /cormun/servlet/trsolicitudadjuntos?3e1240f9e1b3cc8070cdd12fdb81eca0,2017,6112,,gx-no-cache=1492530538147 HTTP/1.1" 200 90
186.103.159.46 - - [18/Apr/2017:11:47:59 -0300] "GET /cormun/servlet/hpexe_link HTTP/1.1" 200 990
186.103.159.46 - - [18/Apr/2017:11:47:59 -0300] "GET /cormun/servlet/trsolicitudot?gx-no-cache=1492524606156 HTTP/1.1" 200 8010
186.103.159.46 - - [18/Apr/2017:11:48:00 -0300] "GET /cormun/servlet/trsolicitudot?gx-no-cache=1492524606156 HTTP/1.1" 200 8031
192.168.10.13 - - [18/Apr/2017:11:48:05 -0300] "GET / HTTP/1.1" 200 11217
186.79.242.96 - - [18/Apr/2017:11:48:10 -0300] "POST /cormun/servlet/solicitudot?55f934123607200fe22ee15b80ed35bb,UPD,2017,6114,,gx-no-cache=1492526953954 HTTP/1.1" 200 93
186.79.242.96 - - [18/Apr/2017:11:48:10 -0300] "GET /cormun/servlet/hpexe_return? HTTP/1.1" 200 1010
186.79.242.96 - - [18/Apr/2017:11:48:10 -0300] "GET /cormun/servlet/trsolicitudot HTTP/1.1" 200 8597
186.79.242.96 - - [18/Apr/2017:11:48:11 -0300] "GET /cormun/servlet/trsolicitudot HTTP/1.1" 200 8593
186.79.242.96 - - [18/Apr/2017:11:48:15 -0300] "POST /cormun/servlet/trsolicitudot?55f934123607200fe22ee15b80ed35bb,gx-no-cache=1492526958803 HTTP/1.1" 200 5304
186.79.242.96 - - [18/Apr/2017:11:48:15 -0300] "GET /cormun/static/Shared/jqueryui/images/ui-bg_highlight-soft_100_c6c2c8_1x100.png HTTP/1.1" 404 1117
186.79.242.96 - - [18/Apr/2017:11:48:15 -0300] "GET /cormun/static/Shared/jqueryui/images/ui-icons_82798d_256x240.png HTTP/1.1" 404 1089
186.79.242.96 - - [18/Apr/2017:11:48:15 -0300] "GET /cormun/static/Shared/jqueryui/images/ui-bg_flat_55_fafafa_40x100.png HTTP/1.1" 404 1097
186.79.242.96 - - [18/Apr/2017:11:48:15 -0300] "GET /cormun/static/Shared/jqueryui/images/ui-icons_8d78a5_256x240.png HTTP/1.1" 404 1089
186.79.242.96 - - [18/Apr/2017:11:48:15 -0300] "POST /cormun/servlet/trsolicitudot?55f934123607200fe22ee15b80ed35bb,gx-no-cache=1492526959270 HTTP/1.1" 200 5247
186.103.159.182 - - [18/Apr/2017:11:48:22 -0300] "POST /cormun/servlet/permisosingocelog?a0697e5d3e90b1783f8ca8acdbedbb4c,INS,68,0,NU,,gx-no-cache=1492526966247 HTTP/1.1" 200 93
186.103.159.182 - - [18/Apr/2017:11:48:22 -0300] "GET /cormun/servlet/hpexe_return? HTTP/1.1" 200 1023
186.103.159.182 - - [18/Apr/2017:11:48:22 -0300] "GET /cormun/servlet/trinasistenciaautorizar HTTP/1.1" 200 7480
186.103.159.182 - - [18/Apr/2017:11:48:25 -0300] "GET /cormun/servlet/trinasistenciaautorizar HTTP/1.1" 200 7476
186.103.159.182 - - [18/Apr/2017:11:49:01 -0300] "GET /cormun/servlet/trinasistencia? HTTP/1.1" 200 7681
186.103.159.182 - - [18/Apr/2017:11:49:03 -0300] "GET /cormun/servlet/trinasistencia? HTTP/1.1" 200 7681
192.168.10.13 - - [18/Apr/2017:11:49:05 -0300] "GET / HTTP/1.1" 200 11217
186.103.159.182 - - [18/Apr/2017:11:49:06 -0300] "POST /cormun/servlet/trinasistencia?a0697e5d3e90b1783f8ca8acdbedbb4c,,gx-no-cache=1492527010704 HTTP/1.1" 200 4184
186.103.159.182 - - [18/Apr/2017:11:49:06 -0300] "GET /cormun/static/Shared/jqueryui/images/ui-bg_highlight-soft_100_c6c2c8_1x100.png HTTP/1.1" 404 1117
186.103.159.182 - - [18/Apr/2017:11:49:06 -0300] "GET /cormun/static/Shared/jqueryui/images/ui-icons_82798d_256x240.png HTTP/1.1" 404 1089
186.103.159.182 - - [18/Apr/2017:11:49:06 -0300] "GET /cormun/static/Shared/jqueryui/images/ui-bg_flat_55_fafafa_40x100.png HTTP/1.1" 404 1097
186.103.159.182 - - [18/Apr/2017:11:49:06 -0300] "GET /cormun/static/Shared/jqueryui/images/ui-icons_8d78a5_256x240.png HTTP/1.1" 404 1089
186.103.159.182 - - [18/Apr/2017:11:49:13 -0300] "GET /cormun/servlet/trinasistenciaautorizar? HTTP/1.1" 200 7724
186.103.159.182 - - [18/Apr/2017:11:49:14 -0300] "GET /cormun/servlet/trinasistenciaautorizar? HTTP/1.1" 200 7724
186.103.159.182 - - [18/Apr/2017:11:49:18 -0300] "POST /cormun/servlet/trinasistenciaautorizar?a0697e5d3e90b1783f8ca8acdbedbb4c,,gx-no-cache=1492527022460 HTTP/1.1" 200 110
186.103.159.182 - - [18/Apr/2017:11:49:18 -0300] "GET /cormun/servlet/permisosingocelog?INS,69,0,NU, HTTP/1.1" 200 5757
186.103.159.182 - - [18/Apr/2017:11:49:19 -0300] "GET /cormun/servlet/permisosingocelog?INS,69,0,NU, HTTP/1.1" 200 5757
186.103.159.182 - - [18/Apr/2017:11:49:20 -0300] "GET /cormun/servlet/permisosingocelog?5da9b65941c39429a39b74fc49a231a4336c122eeb66f65e374781009ebc58f60df58ac9bc62028be758a9b20d9599c0,gx-no-cache=1492527024239 HTTP/1.1" 200 30
200.54.247.69 - - [18/Apr/2017:11:49:23 -0300] "GET /cormun/servlet/hlogin HTTP/1.1" 200 1732
200.54.247.69 - - [18/Apr/2017:11:49:23 -0300] "GET /cormun/static/Resources/Spanish/PXTools.css?11294912 HTTP/1.1" 304 -
200.54.247.69 - - [18/Apr/2017:11:49:23 -0300] "GET /cormun/static/gxcfg.js?201741110203197 HTTP/1.1" 200 953
200.54.247.69 - - [18/Apr/2017:11:49:23 -0300] "GET /cormun/static/messages.spa.js?85251 HTTP/1.1" 304 -
200.54.247.69 - - [18/Apr/2017:11:49:23 -0300] "GET /cormun/static/hlogin.js?201741110203211 HTTP/1.1" 200 2136
200.54.247.69 - - [18/Apr/2017:11:49:23 -0300] "GET /cormun/servlet/hlogin HTTP/1.1" 200 1737
200.54.247.69 - - [18/Apr/2017:11:49:24 -0300] "GET /favicon.ico HTTP/1.1" 200 21630
186.103.159.182 - - [18/Apr/2017:11:49:35 -0300] "POST /cormun/servlet/permisosingocelog?a0697e5d3e90b1783f8ca8acdbedbb4c,INS,69,0,NU,,gx-no-cache=1492527039665 HTTP/1.1" 200 93
186.103.159.182 - - [18/Apr/2017:11:49:36 -0300] "GET /cormun/servlet/hpexe_return? HTTP/1.1" 200 1023
