186.103.159.46 - - [18/Apr/2017:10:36:25 -0300] "GET /cormun/static/Resources/Spanish/PXTools.css?18365030 HTTP/1.1" 304 -
186.103.159.46 - - [18/Apr/2017:10:36:25 -0300] "GET /cormun/static/gxcfg.js?2017259112829 HTTP/1.1" 200 953
186.103.159.46 - - [18/Apr/2017:10:36:25 -0300] "GET /cormun/static/calendar.js?85251 HTTP/1.1" 304 -
186.103.159.46 - - [18/Apr/2017:10:36:25 -0300] "GET /cormun/static/calendar-es.js?85251 HTTP/1.1" 304 -
186.103.159.46 - - [18/Apr/2017:10:36:25 -0300] "GET /cormun/static/calendar-setup.js?85251 HTTP/1.1" 304 -
186.103.159.46 - - [18/Apr/2017:10:36:25 -0300] "GET /cormun/static/gxdec.js?85251 HTTP/1.1" 304 -
186.103.159.46 - - [18/Apr/2017:10:36:25 -0300] "GET /cormun/static/trautorizarsolicitud.js?2017259113483 HTTP/1.1" 304 -
186.103.159.46 - - [18/Apr/2017:10:36:25 -0300] "GET /cormun/servlet/trautorizarsolicitud? HTTP/1.1" 200 6918
186.79.226.236 - - [18/Apr/2017:10:36:26 -0300] "GET /cormun/servlet/trsolicitudot? HTTP/1.1" 200 6652
186.79.226.236 - - [18/Apr/2017:10:36:26 -0300] "GET /cormun/static/gxcfg.js?201731711505139 HTTP/1.1" 304 -
186.79.226.236 - - [18/Apr/2017:10:36:27 -0300] "GET /cormun/servlet/trsolicitudot? HTTP/1.1" 200 6651
186.103.159.46 - - [18/Apr/2017:10:36:31 -0300] "POST /cormun/servlet/trautorizarsolicitud?8c6f98d1c65542b14bbe1625a695f9a8,,gx-no-cache=1492522654311 HTTP/1.1" 200 4109
186.103.159.46 - - [18/Apr/2017:10:36:41 -0300] "GET /cormun/servlet/trvisualizadoreventos? HTTP/1.1" 200 6719
186.103.159.46 - - [18/Apr/2017:10:36:41 -0300] "GET /cormun/static/gxcfg.js?201731711523419 HTTP/1.1" 200 953
186.103.159.46 - - [18/Apr/2017:10:36:41 -0300] "GET /cormun/static/trvisualizadoreventos.js?20173171152387 HTTP/1.1" 304 -
186.103.159.46 - - [18/Apr/2017:10:36:41 -0300] "GET /cormun/static/Resources/PXToolsActionPrint.png HTTP/1.1" 200 3317
186.79.234.100 - - [18/Apr/2017:10:36:42 -0300] "GET /cormun/servlet/hlogin HTTP/1.1" 200 1725
186.103.159.46 - - [18/Apr/2017:10:36:42 -0300] "GET /cormun/servlet/trvisualizadoreventos? HTTP/1.1" 200 6719
186.79.234.100 - - [18/Apr/2017:10:36:42 -0300] "GET /cormun/static/Resources/Spanish/PXTools.css?11294912 HTTP/1.1" 304 -
186.79.234.100 - - [18/Apr/2017:10:36:42 -0300] "GET /cormun/static/gxtimezone.js?85251 HTTP/1.1" 304 -
186.79.234.100 - - [18/Apr/2017:10:36:42 -0300] "GET /cormun/static/gxcfg.js?201741110203197 HTTP/1.1" 304 -
186.79.234.100 - - [18/Apr/2017:10:36:42 -0300] "GET /cormun/static/messages.spa.js?85251 HTTP/1.1" 304 -
186.79.234.100 - - [18/Apr/2017:10:36:42 -0300] "GET /cormun/static/hlogin.js?201741110203211 HTTP/1.1" 304 -
186.79.234.100 - - [18/Apr/2017:10:36:43 -0300] "GET /cormun/servlet/hlogin HTTP/1.1" 200 1736
186.79.234.100 - - [18/Apr/2017:10:36:43 -0300] "GET /favicon.ico HTTP/1.1" 200 21630
186.103.159.46 - - [18/Apr/2017:10:36:46 -0300] "GET /cormun/servlet/trlicencias? HTTP/1.1" 200 6854
186.103.159.46 - - [18/Apr/2017:10:36:46 -0300] "GET /cormun/static/gxcfg.js?201741111445981 HTTP/1.1" 200 953
186.103.159.46 - - [18/Apr/2017:10:36:46 -0300] "GET /cormun/static/trlicencias.js?20174111145440 HTTP/1.1" 200 37913
186.103.159.46 - - [18/Apr/2017:10:36:46 -0300] "GET /cormun/servlet/trlicencias? HTTP/1.1" 200 6853
186.103.159.46 - - [18/Apr/2017:10:36:52 -0300] "POST /cormun/servlet/trlicencias?8c6f98d1c65542b14bbe1625a695f9a8,,gx-no-cache=1492522675491 HTTP/1.1" 200 5361
186.79.234.100 - - [18/Apr/2017:10:36:53 -0300] "POST /cormun/servlet/hlogin?f146e01da1b62568a636681d5c8c9a18,gx-no-cache=1492526109869 HTTP/1.1" 200 446
192.168.10.13 - - [18/Apr/2017:10:37:05 -0300] "GET / HTTP/1.1" 200 11217
192.168.10.96 - - [18/Apr/2017:10:37:13 -0300] "GET /cormun/servlet/vevisualizador?2017,5883,,SolicitudOTAdjuntos HTTP/1.1" 200 10351
192.168.10.96 - - [18/Apr/2017:10:37:14 -0300] "GET /cormun/servlet/vevisualizador?2017,5883,,SolicitudOTAdjuntos HTTP/1.1" 200 10356
186.79.234.100 - - [18/Apr/2017:10:37:15 -0300] "POST /cormun/servlet/hlogin?f146e01da1b62568a636681d5c8c9a18,gx-no-cache=1492526131361 HTTP/1.1" 200 90
186.79.234.100 - - [18/Apr/2017:10:37:15 -0300] "GET /cormun/servlet/hpexe_link HTTP/1.1" 200 956
192.168.10.96 - - [18/Apr/2017:10:37:15 -0300] "POST /cormun/servlet/acontrolpreferencessavestate?None,DZAMUDIO,true HTTP/1.1" 200 35
186.79.234.100 - - [18/Apr/2017:10:37:15 -0300] "GET /cormun/static/gxcfg.js?201731711483381 HTTP/1.1" 304 -
186.79.234.100 - - [18/Apr/2017:10:37:15 -0300] "GET /cormun/static/hpexe_link.js?201731711483384 HTTP/1.1" 304 -
192.168.10.96 - - [18/Apr/2017:10:37:15 -0300] "GET /cormun/servlet/trsolicitudgral? HTTP/1.1" 200 9856
186.79.234.100 - - [18/Apr/2017:10:37:15 -0300] "GET /cormun/servlet/hhome HTTP/1.1" 200 3787
186.79.234.100 - - [18/Apr/2017:10:37:15 -0300] "GET /cormun/static/gxcfg.js?201731711483497 HTTP/1.1" 304 -
186.79.234.100 - - [18/Apr/2017:10:37:16 -0300] "GET /cormun/static/hhome.js?20173171148352 HTTP/1.1" 304 -
186.79.234.100 - - [18/Apr/2017:10:37:16 -0300] "GET /cormun/static/hwchdr01.js?201731711335950 HTTP/1.1" 304 -
192.168.10.96 - - [18/Apr/2017:10:37:16 -0300] "GET /cormun/servlet/trsolicitudgral? HTTP/1.1" 200 9841
186.79.234.100 - - [18/Apr/2017:10:37:16 -0300] "GET /cormun/static/hpexe_recentlink.js?201610171694390 HTTP/1.1" 304 -
186.79.234.100 - - [18/Apr/2017:10:37:16 -0300] "GET /cormun/static/hpexe_scripts.js?201731711335890 HTTP/1.1" 304 -
186.79.234.100 - - [18/Apr/2017:10:37:16 -0300] "GET /cormun/static/hpexe_messagecontroller.js?201610171694323 HTTP/1.1" 304 -
186.79.234.100 - - [18/Apr/2017:10:37:16 -0300] "GET /cormun/static/hpexe_messagepopupcomponent.js?20161017169425 HTTP/1.1" 304 -
186.79.234.100 - - [18/Apr/2017:10:37:16 -0300] "GET /cormun/static/hpexe_messagegenexuscomponent.js?201731711335537 HTTP/1.1" 304 -
186.79.234.100 - - [18/Apr/2017:10:37:16 -0300] "GET /cormun/static/cmcontrolpreferences.js?201731711335852 HTTP/1.1" 304 -
186.79.234.100 - - [18/Apr/2017:10:37:16 -0300] "GET /cormun/static/hmpwkw03.js?201731711485354 HTTP/1.1" 304 -
186.79.234.100 - - [18/Apr/2017:10:37:17 -0300] "GET /cormun/servlet/hhome HTTP/1.1" 200 3787
192.168.10.96 - - [18/Apr/2017:10:37:24 -0300] "POST /cormun/servlet/trsolicitudgral?8b6eabe52a967f6aa665ef4e18e07024,,gx-no-cache=1492525918100 HTTP/1.1" 200 5494
186.103.159.46 - - [18/Apr/2017:10:37:27 -0300] "GET /cormun/servlet/licenciaspermisos?DSP,9882379,L,20170418000000, HTTP/1.1" 200 7004
186.103.159.46 - - [18/Apr/2017:10:37:27 -0300] "GET /cormun/static/gxcfg.js?201741111445322 HTTP/1.1" 200 953
186.103.159.46 - - [18/Apr/2017:10:37:27 -0300] "GET /cormun/static/licenciaspermisos.js?201741111445392 HTTP/1.1" 200 34444
186.103.159.46 - - [18/Apr/2017:10:37:27 -0300] "GET /cormun/servlet/licenciaspermisos?DSP,9882379,L,20170418000000, HTTP/1.1" 200 7005
192.168.10.96 - - [18/Apr/2017:10:37:34 -0300] "POST /cormun/servlet/trsolicitudgral?8b6eabe52a967f6aa665ef4e18e07024,,gx-no-cache=1492525928031 HTTP/1.1" 200 5492
192.168.10.96 - - [18/Apr/2017:10:37:36 -0300] "POST /cormun/servlet/trsolicitudgral?8b6eabe52a967f6aa665ef4e18e07024,,gx-no-cache=1492525930627 HTTP/1.1" 200 5495
192.168.10.96 - - [18/Apr/2017:10:37:37 -0300] "POST /cormun/servlet/trsolicitudgral?8b6eabe52a967f6aa665ef4e18e07024,,gx-no-cache=1492525931615 HTTP/1.1" 200 5495
192.168.10.96 - - [18/Apr/2017:10:37:38 -0300] "POST /cormun/servlet/trsolicitudgral?8b6eabe52a967f6aa665ef4e18e07024,,gx-no-cache=1492525931832 HTTP/1.1" 200 5495
192.168.10.96 - - [18/Apr/2017:10:37:38 -0300] "POST /cormun/servlet/trsolicitudgral?8b6eabe52a967f6aa665ef4e18e07024,,gx-no-cache=1492525932062 HTTP/1.1" 200 5495
192.168.10.96 - - [18/Apr/2017:10:37:38 -0300] "POST /cormun/servlet/trsolicitudgral?8b6eabe52a967f6aa665ef4e18e07024,,gx-no-cache=1492525932350 HTTP/1.1" 200 5494
192.168.10.96 - - [18/Apr/2017:10:37:38 -0300] "POST /cormun/servlet/trsolicitudgral?8b6eabe52a967f6aa665ef4e18e07024,,gx-no-cache=1492525932581 HTTP/1.1" 200 5494
186.79.234.100 - - [18/Apr/2017:10:37:46 -0300] "GET /cormun/servlet/trpermisosgoce? HTTP/1.1" 200 6545
186.79.234.100 - - [18/Apr/2017:10:37:47 -0300] "GET /cormun/static/gxcfg.js?20174111153177 HTTP/1.1" 304 -
186.79.234.100 - - [18/Apr/2017:10:37:48 -0300] "GET /cormun/static/calendar.js?85251 HTTP/1.1" 304 -
186.79.234.100 - - [18/Apr/2017:10:37:48 -0300] "GET /cormun/static/calendar-setup.js?85251 HTTP/1.1" 304 -
186.79.234.100 - - [18/Apr/2017:10:37:48 -0300] "GET /cormun/static/calendar-es.js?85251 HTTP/1.1" 304 -
186.79.234.100 - - [18/Apr/2017:10:37:49 -0300] "GET /cormun/static/trpermisosgoce.js?20174111153217 HTTP/1.1" 304 -
186.79.234.100 - - [18/Apr/2017:10:37:50 -0300] "GET /cormun/servlet/trpermisosgoce? HTTP/1.1" 200 6544
192.168.10.96 - - [18/Apr/2017:10:37:50 -0300] "POST /cormun/servlet/trsolicitudgral?8b6eabe52a967f6aa665ef4e18e07024,,gx-no-cache=1492525944414 HTTP/1.1" 200 5495
192.168.10.96 - - [18/Apr/2017:10:37:54 -0300] "POST /cormun/servlet/trsolicitudgral?8b6eabe52a967f6aa665ef4e18e07024,,gx-no-cache=1492525948233 HTTP/1.1" 200 7219
186.79.234.100 - - [18/Apr/2017:10:37:59 -0300] "POST /cormun/servlet/trpermisosgoce?f146e01da1b62568a636681d5c8c9a18,,gx-no-cache=1492526175349 HTTP/1.1" 200 3875
186.79.234.100 - - [18/Apr/2017:10:38:04 -0300] "POST /cormun/servlet/trpermisosgoce?f146e01da1b62568a636681d5c8c9a18,,gx-no-cache=1492526180941 HTTP/1.1" 200 4907
192.168.10.13 - - [18/Apr/2017:10:38:05 -0300] "GET / HTTP/1.1" 200 11217
192.168.10.96 - - [18/Apr/2017:10:38:09 -0300] "POST /cormun/servlet/trsolicitudgral?8b6eabe52a967f6aa665ef4e18e07024,,gx-no-cache=1492525963256 HTTP/1.1" 200 7220
192.168.10.96 - - [18/Apr/2017:10:38:12 -0300] "POST /cormun/servlet/trsolicitudgral?8b6eabe52a967f6aa665ef4e18e07024,,gx-no-cache=1492525966330 HTTP/1.1" 200 5495
186.103.159.46 - - [18/Apr/2017:10:38:13 -0300] "POST /cormun/servlet/licenciaspermisos?8c6f98d1c65542b14bbe1625a695f9a8,DSP,9882379,L,20170418000000,,gx-no-cache=1492522755715 HTTP/1.1" 200 93
186.103.159.46 - - [18/Apr/2017:10:38:13 -0300] "GET /cormun/servlet/hpexe_return? HTTP/1.1" 200 1025
186.103.159.46 - - [18/Apr/2017:10:38:13 -0300] "GET /cormun/static/gxcfg.js?2016101716175148 HTTP/1.1" 304 -
186.103.159.46 - - [18/Apr/2017:10:38:13 -0300] "GET /cormun/servlet/trlicencias? HTTP/1.1" 200 7988
186.103.159.46 - - [18/Apr/2017:10:38:14 -0300] "GET /cormun/servlet/trlicencias? HTTP/1.1" 200 7984
186.79.234.100 - - [18/Apr/2017:10:38:15 -0300] "GET /cormun/servlet/trpermisosadjuntos?15105259,20170411090508,P, HTTP/1.1" 200 6588
192.168.10.96 - - [18/Apr/2017:10:38:16 -0300] "POST /cormun/servlet/trsolicitudgral?8b6eabe52a967f6aa665ef4e18e07024,,gx-no-cache=1492525969991 HTTP/1.1" 200 5494
192.168.10.96 - - [18/Apr/2017:10:38:19 -0300] "POST /cormun/servlet/trsolicitudgral?8b6eabe52a967f6aa665ef4e18e07024,,gx-no-cache=1492525972982 HTTP/1.1" 200 14989
192.168.10.96 - - [18/Apr/2017:10:38:36 -0300] "POST /cormun/servlet/trsolicitudgral?8b6eabe52a967f6aa665ef4e18e07024,,gx-no-cache=1492525990290 HTTP/1.1" 200 7184
186.79.234.100 - - [18/Apr/2017:10:38:41 -0300] "GET /cormun/static/trpermisosadjuntos.js?201731711542990 HTTP/1.1" 304 -
192.168.10.96 - - [18/Apr/2017:10:38:42 -0300] "POST /cormun/servlet/trsolicitudgral?8b6eabe52a967f6aa665ef4e18e07024,,gx-no-cache=1492525995773 HTTP/1.1" 200 7220
186.79.234.100 - - [18/Apr/2017:10:38:43 -0300] "GET /cormun/static/gxcfg.js?201731711542659 HTTP/1.1" 304 -
186.79.234.100 - - [18/Apr/2017:10:38:46 -0300] "GET /cormun/servlet/trpermisosadjuntos?15105259,20170411090508,P, HTTP/1.1" 200 6587
186.103.159.46 - - [18/Apr/2017:10:38:47 -0300] "POST /cormun/servlet/trlicencias?8c6f98d1c65542b14bbe1625a695f9a8,,gx-no-cache=1492522789884 HTTP/1.1" 200 5337
192.168.10.96 - - [18/Apr/2017:10:38:52 -0300] "POST /cormun/servlet/trsolicitudgral?8b6eabe52a967f6aa665ef4e18e07024,,gx-no-cache=1492526006639 HTTP/1.1" 200 7220
186.103.159.46 - - [18/Apr/2017:10:39:00 -0300] "POST /cormun/servlet/trlicencias?8c6f98d1c65542b14bbe1625a695f9a8,,gx-no-cache=1492522803014 HTTP/1.1" 200 6536
192.168.10.96 - - [18/Apr/2017:10:39:03 -0300] "POST /cormun/servlet/trsolicitudgral?8b6eabe52a967f6aa665ef4e18e07024,,gx-no-cache=1492526016982 HTTP/1.1" 200 5493
192.168.10.13 - - [18/Apr/2017:10:39:05 -0300] "GET / HTTP/1.1" 200 11217
192.168.10.96 - - [18/Apr/2017:10:39:07 -0300] "POST /cormun/servlet/trsolicitudgral?8b6eabe52a967f6aa665ef4e18e07024,,gx-no-cache=1492526020967 HTTP/1.1" 200 5494
186.103.159.46 - - [18/Apr/2017:10:39:08 -0300] "POST /cormun/servlet/solicitudot?gx-no-cache=1492522812700 HTTP/1.1" 200 122
192.168.10.96 - - [18/Apr/2017:10:39:11 -0300] "POST /cormun/servlet/trsolicitudgral?8b6eabe52a967f6aa665ef4e18e07024,,gx-no-cache=1492526025142 HTTP/1.1" 200 7219
192.168.10.96 - - [18/Apr/2017:10:39:15 -0300] "GET /cormun/servlet/hlogin HTTP/1.1" 200 1741
186.103.159.46 - - [18/Apr/2017:10:39:22 -0300] "POST /cormun/servlet/trlicencias?8c6f98d1c65542b14bbe1625a695f9a8,,gx-no-cache=1492522824434 HTTP/1.1" 200 4094
186.103.159.46 - - [18/Apr/2017:10:39:26 -0300] "POST /cormun/servlet/trlicencias?8c6f98d1c65542b14bbe1625a695f9a8,,gx-no-cache=1492522828834 HTTP/1.1" 200 5361
186.103.159.46 - - [18/Apr/2017:10:39:31 -0300] "POST /cormun/servlet/trlicencias?8c6f98d1c65542b14bbe1625a695f9a8,,gx-no-cache=1492522833884 HTTP/1.1" 200 4093
192.168.10.96 - - [18/Apr/2017:10:39:31 -0300] "POST /cormun/servlet/hlogin?8b6eabe52a967f6aa665ef4e18e07024,gx-no-cache=1492526045631 HTTP/1.1" 200 458
186.103.159.46 - - [18/Apr/2017:10:39:35 -0300] "POST /cormun/servlet/trlicencias?8c6f98d1c65542b14bbe1625a695f9a8,,gx-no-cache=1492522837840 HTTP/1.1" 200 5361
186.103.159.46 - - [18/Apr/2017:10:39:43 -0300] "POST /cormun/servlet/trlicencias?8c6f98d1c65542b14bbe1625a695f9a8,,gx-no-cache=1492522846335 HTTP/1.1" 200 5337
192.168.10.13 - - [18/Apr/2017:10:40:05 -0300] "GET / HTTP/1.1" 200 11217
192.168.10.96 - - [18/Apr/2017:10:40:17 -0300] "POST /cormun/servlet/hlogin?8b6eabe52a967f6aa665ef4e18e07024,gx-no-cache=1492526091219 HTTP/1.1" 200 90
192.168.10.96 - - [18/Apr/2017:10:40:17 -0300] "GET /cormun/servlet/hpexe_link HTTP/1.1" 200 963
192.168.10.96 - - [18/Apr/2017:10:40:17 -0300] "GET /cormun/servlet/trsolicitudgral? HTTP/1.1" 200 10305
192.168.10.96 - - [18/Apr/2017:10:40:18 -0300] "GET /cormun/servlet/trsolicitudgral? HTTP/1.1" 200 10303
186.79.234.100 - - [18/Apr/2017:10:40:43 -0300] "POST /cormun/servlet/trpermisosadjuntos?f146e01da1b62568a636681d5c8c9a18,15105259,20170411090508,P,,gx-no-cache=1492526339739 HTTP/1.1" 200 90
186.79.234.100 - - [18/Apr/2017:10:40:44 -0300] "GET /cormun/servlet/hpexe_link HTTP/1.1" 200 988
186.79.234.100 - - [18/Apr/2017:10:40:45 -0300] "GET /cormun/servlet/trpermisosgoce? HTTP/1.1" 200 7607
186.79.234.100 - - [18/Apr/2017:10:40:47 -0300] "GET /cormun/servlet/trpermisosgoce? HTTP/1.1" 200 7606
186.79.234.100 - - [18/Apr/2017:10:40:52 -0300] "POST /cormun/servlet/trpermisosgoce?f146e01da1b62568a636681d5c8c9a18,,gx-no-cache=1492526348243 HTTP/1.1" 200 4890
186.79.234.100 - - [18/Apr/2017:10:40:55 -0300] "POST /cormun/servlet/trpermisosgoce?f146e01da1b62568a636681d5c8c9a18,,gx-no-cache=1492526350870 HTTP/1.1" 200 4890
186.79.234.100 - - [18/Apr/2017:10:41:01 -0300] "GET /cormun/servlet/trpermisosadjuntos?12293195,20170411163748,P, HTTP/1.1" 200 6566
186.79.234.100 - - [18/Apr/2017:10:41:02 -0300] "GET /cormun/servlet/trpermisosadjuntos?12293195,20170411163748,P, HTTP/1.1" 200 6567
192.168.10.13 - - [18/Apr/2017:10:41:05 -0300] "GET / HTTP/1.1" 200 11217
186.79.234.100 - - [18/Apr/2017:10:41:07 -0300] "POST /cormun/servlet/trpermisosadjuntos?f146e01da1b62568a636681d5c8c9a18,12293195,20170411163748,P,,gx-no-cache=1492526363042 HTTP/1.1" 200 90
186.79.234.100 - - [18/Apr/2017:10:41:07 -0300] "GET /cormun/servlet/hpexe_link HTTP/1.1" 200 989
186.79.234.100 - - [18/Apr/2017:10:41:08 -0300] "GET /cormun/servlet/trpermisosgoce? HTTP/1.1" 200 7607
186.79.234.100 - - [18/Apr/2017:10:41:09 -0300] "GET /cormun/servlet/trpermisosgoce? HTTP/1.1" 200 7606
186.79.234.100 - - [18/Apr/2017:10:41:12 -0300] "POST /cormun/servlet/trpermisosgoce?f146e01da1b62568a636681d5c8c9a18,,gx-no-cache=1492526367972 HTTP/1.1" 200 4890
186.79.234.100 - - [18/Apr/2017:10:41:21 -0300] "GET /cormun/servlet/hlogin HTTP/1.1" 200 1725
186.79.226.236 - - [18/Apr/2017:10:41:21 -0300] "GET /cormun/servlet/solicitudot?INS,0,0, HTTP/1.1" 200 12531
186.79.226.236 - - [18/Apr/2017:10:41:21 -0300] "GET /cormun/static/gxcfg.js?20171191042720 HTTP/1.1" 304 -
186.79.226.236 - - [18/Apr/2017:10:41:22 -0300] "GET /cormun/servlet/solicitudot?INS,0,0, HTTP/1.1" 200 12536
186.79.234.100 - - [18/Apr/2017:10:41:50 -0300] "POST /cormun/servlet/hlogin?f146e01da1b62568a636681d5c8c9a18,gx-no-cache=1492526389728 HTTP/1.1" 200 90
186.79.234.100 - - [18/Apr/2017:10:41:51 -0300] "GET /cormun/servlet/hpexe_link HTTP/1.1" 200 956
186.79.234.100 - - [18/Apr/2017:10:41:51 -0300] "GET /cormun/servlet/hhome HTTP/1.1" 200 3975
186.79.234.100 - - [18/Apr/2017:10:41:53 -0300] "GET /cormun/servlet/hhome HTTP/1.1" 200 3971
186.79.234.100 - - [18/Apr/2017:10:42:00 -0300] "GET /cormun/servlet/trautorizarpermisogoce? HTTP/1.1" 200 7776
186.79.234.100 - - [18/Apr/2017:10:42:01 -0300] "GET /cormun/static/gxcfg.js?20174111145711 HTTP/1.1" 304 -
186.79.234.100 - - [18/Apr/2017:10:42:03 -0300] "GET /cormun/static/trautorizarpermisogoce.js?201741111451072 HTTP/1.1" 304 -
186.79.234.100 - - [18/Apr/2017:10:42:03 -0300] "GET /cormun/servlet/trautorizarpermisogoce? HTTP/1.1" 200 7774
192.168.10.13 - - [18/Apr/2017:10:42:05 -0300] "GET / HTTP/1.1" 200 11217
186.79.234.100 - - [18/Apr/2017:10:42:08 -0300] "POST /cormun/servlet/trautorizarpermisogoce?f146e01da1b62568a636681d5c8c9a18,,gx-no-cache=1492526424193 HTTP/1.1" 200 4890
186.79.234.100 - - [18/Apr/2017:10:42:09 -0300] "GET /cormun/static/Shared/jqueryui/images/ui-bg_highlight-soft_100_c6c2c8_1x100.png HTTP/1.1" 404 1117
186.79.234.100 - - [18/Apr/2017:10:42:10 -0300] "GET /cormun/static/Shared/jqueryui/images/ui-icons_82798d_256x240.png HTTP/1.1" 404 1089
186.79.234.100 - - [18/Apr/2017:10:42:10 -0300] "GET /cormun/static/Shared/jqueryui/images/ui-bg_flat_55_fafafa_40x100.png HTTP/1.1" 404 1097
186.79.234.100 - - [18/Apr/2017:10:42:10 -0300] "GET /cormun/static/Shared/jqueryui/images/ui-icons_8d78a5_256x240.png HTTP/1.1" 404 1089
186.79.234.100 - - [18/Apr/2017:10:42:13 -0300] "POST /cormun/servlet/trautorizarpermisogoce?f146e01da1b62568a636681d5c8c9a18,,gx-no-cache=1492526429260 HTTP/1.1" 200 4175
186.79.234.100 - - [18/Apr/2017:10:42:17 -0300] "GET /cormun/servlet/trlicencias? HTTP/1.1" 200 6841
186.79.234.100 - - [18/Apr/2017:10:42:17 -0300] "GET /cormun/static/gxcfg.js?201741111445981 HTTP/1.1" 304 -
186.79.234.100 - - [18/Apr/2017:10:42:17 -0300] "GET /cormun/static/gxdec.js?85251 HTTP/1.1" 304 -
186.79.234.100 - - [18/Apr/2017:10:42:17 -0300] "GET /cormun/static/trlicencias.js?20174111145440 HTTP/1.1" 304 -
186.79.234.100 - - [18/Apr/2017:10:42:19 -0300] "GET /cormun/servlet/trlicencias? HTTP/1.1" 200 6840
186.79.234.100 - - [18/Apr/2017:10:42:21 -0300] "POST /cormun/servlet/trlicencias?f146e01da1b62568a636681d5c8c9a18,,gx-no-cache=1492526437744 HTTP/1.1" 200 4105
186.79.234.100 - - [18/Apr/2017:10:42:27 -0300] "POST /cormun/servlet/trlicencias?f146e01da1b62568a636681d5c8c9a18,,gx-no-cache=1492526441392 HTTP/1.1" 200 4104
186.103.159.46 - - [18/Apr/2017:10:42:29 -0300] "GET /cormun/servlet/hhome HTTP/1.1" 200 3770
186.79.234.100 - - [18/Apr/2017:10:42:31 -0300] "POST /cormun/servlet/trlicencias?f146e01da1b62568a636681d5c8c9a18,,gx-no-cache=1492526447470 HTTP/1.1" 200 4107
186.103.159.46 - - [18/Apr/2017:10:42:31 -0300] "GET /cormun/servlet/hhome HTTP/1.1" 200 3779
186.79.234.100 - - [18/Apr/2017:10:42:36 -0300] "POST /cormun/servlet/trlicencias?f146e01da1b62568a636681d5c8c9a18,,gx-no-cache=1492526452442 HTTP/1.1" 200 6856
186.103.159.46 - - [18/Apr/2017:10:42:37 -0300] "GET /cormun/servlet/trsolicitudot? HTTP/1.1" 200 6740
186.103.159.46 - - [18/Apr/2017:10:42:39 -0300] "GET /cormun/servlet/trsolicitudot? HTTP/1.1" 200 6739
186.103.159.46 - - [18/Apr/2017:10:42:41 -0300] "GET /cormun/servlet/solicitudot?INS,0,0, HTTP/1.1" 200 12581
186.103.159.46 - - [18/Apr/2017:10:42:43 -0300] "GET /cormun/servlet/solicitudot?INS,0,0, HTTP/1.1" 200 12586
186.79.234.100 - - [18/Apr/2017:10:42:55 -0300] "POST /cormun/servlet/trlicencias?f146e01da1b62568a636681d5c8c9a18,,gx-no-cache=1492526471358 HTTP/1.1" 200 6831
192.168.10.96 - - [18/Apr/2017:10:42:57 -0300] "GET /cormun/servlet/hlogin HTTP/1.1" 200 1741
186.79.234.100 - - [18/Apr/2017:10:42:59 -0300] "POST /cormun/servlet/trlicencias?f146e01da1b62568a636681d5c8c9a18,,gx-no-cache=1492526475629 HTTP/1.1" 200 6832
186.103.159.46 - - [18/Apr/2017:10:43:01 -0300] "POST /cormun/servlet/solicitudot?gx-no-cache=1492523045601 HTTP/1.1" 200 3203
186.103.159.46 - - [18/Apr/2017:10:43:02 -0300] "POST /cormun/servlet/solicitudot?3e1240f9e1b3cc8070cdd12fdb81eca0,INS,0,0,,gx-no-cache=1492523045974 HTTP/1.1" 200 9784
186.79.234.100 - - [18/Apr/2017:10:43:03 -0300] "POST /cormun/servlet/trlicencias?f146e01da1b62568a636681d5c8c9a18,,gx-no-cache=1492526479045 HTTP/1.1" 200 6832
192.168.10.13 - - [18/Apr/2017:10:43:05 -0300] "GET / HTTP/1.1" 200 11217
186.79.234.100 - - [18/Apr/2017:10:43:06 -0300] "POST /cormun/servlet/trlicencias?f146e01da1b62568a636681d5c8c9a18,,gx-no-cache=1492526481837 HTTP/1.1" 200 6831
186.103.159.46 - - [18/Apr/2017:10:43:07 -0300] "GET /cormun/servlet/solicitudot?a2a092a7e89ecdc0304c7c975684494ea4ed2dd48ca9ad91ef3af4778a2e0587192b9b409d9f904239053844d2dc1025,gx-no-cache=1492523051556 HTTP/1.1" 200 30
186.103.159.46 - - [18/Apr/2017:10:43:07 -0300] "POST /cormun/servlet/solicitudot?gx-no-cache=1492523051684 HTTP/1.1" 200 255
186.103.159.46 - - [18/Apr/2017:10:43:08 -0300] "GET /cormun/servlet/solicitudot?a2a092a7e89ecdc0304c7c975684494e2fc5f0439f100eac2e2a2d901567bcd6ba669db62e335471256898b6e140aefc65a24e8d970b1a12af8161b2c8720c8d8e98002f9a6f96830cb93dc0e7f02b804f1b7963d7ccc5fdf187faa44da029da1e3c0bdc9270e472f0fa9448e477c63b586df13488afdf41c3c160c79f9fde642018d203c00163c01ef5b7c294a7e84ad5da147d3811276f7b046310f396d7862df9c67d539199fab86e4ddc3d75645f09f662fd2b9166f86ede27a0f87327df7f0435fd3416c7f4f50b7ad3aa1f6f62f39c7fd333a98b4672d44dcd6616ec05c7d7bcd6b87cb89f14664b107a5462364f7151192c5acade5f3da2b0b825192e41f6b5ab8d9f233ba2a46b6cff43f691c29c4384e3cf3466509d728a1c0d2d0ef6e3ac712a66489c8c1d0a8be72268d2d27c63b5592bb7e2675369bb5ccc573c9b87bef08e61abec076352de2315a671905fbf1475c3fccde5e7036fffe79432c999b8cb5b995e064c7cce33c26a70468fbfcdd3ee6ac815d11e5f2ef9a37747,gx-no-cache=1492523051795 HTTP/1.1" 200 30
186.103.159.46 - - [18/Apr/2017:10:43:08 -0300] "POST /cormun/servlet/solicitudot?gx-no-cache=1492523052183 HTTP/1.1" 200 30
186.103.159.46 - - [18/Apr/2017:10:43:08 -0300] "POST /cormun/servlet/solicitudot?gx-no-cache=1492523052305 HTTP/1.1" 200 235
186.79.234.100 - - [18/Apr/2017:10:43:08 -0300] "POST /cormun/servlet/trlicencias?f146e01da1b62568a636681d5c8c9a18,,gx-no-cache=1492526484221 HTTP/1.1" 200 6831
186.103.159.46 - - [18/Apr/2017:10:43:08 -0300] "POST /cormun/servlet/solicitudot?gx-no-cache=1492523052442 HTTP/1.1" 200 38
186.103.159.46 - - [18/Apr/2017:10:43:08 -0300] "GET /cormun/servlet/solicitudot?a2a092a7e89ecdc0304c7c975684494eaf1d8855c467f78ba680f730ce2716ee64d7a8aa9ecfece6174f39f4588b054d04dd4b4ae06d775a09237f9d24c550d368326e97d8c056369483a3776614ef685f3e8e839504926738025d5f394dacdcb44f00785f8897b1c027fd22aa34de16c978cf5f44998abaaebfc9a2921fb8458313a97049dca321eb23b9306c3c4908941af1512d13747bfa87f213be6fe82b,gx-no-cache=1492523052596 HTTP/1.1" 200 29
186.103.159.46 - - [18/Apr/2017:10:43:08 -0300] "POST /cormun/servlet/solicitudot?gx-no-cache=1492523052676 HTTP/1.1" 200 668
186.103.159.46 - - [18/Apr/2017:10:43:09 -0300] "POST /cormun/servlet/solicitudot?gx-no-cache=1492523052772 HTTP/1.1" 200 543
192.168.10.96 - - [18/Apr/2017:10:43:09 -0300] "POST /cormun/servlet/hlogin?8b6eabe52a967f6aa665ef4e18e07024,gx-no-cache=1492526263187 HTTP/1.1" 200 90
192.168.10.96 - - [18/Apr/2017:10:43:09 -0300] "GET /cormun/servlet/hpexe_link HTTP/1.1" 200 955
192.168.10.96 - - [18/Apr/2017:10:43:09 -0300] "GET /cormun/servlet/hhome HTTP/1.1" 200 4000
192.168.10.96 - - [18/Apr/2017:10:43:10 -0300] "GET /cormun/servlet/hhome HTTP/1.1" 200 3997
186.79.234.100 - - [18/Apr/2017:10:43:11 -0300] "POST /cormun/servlet/trlicencias?f146e01da1b62568a636681d5c8c9a18,,gx-no-cache=1492526486583 HTTP/1.1" 200 6831
192.168.10.96 - - [18/Apr/2017:10:43:12 -0300] "GET /cormun/servlet/trautorizarsolicitud? HTTP/1.1" 200 8671
192.168.10.96 - - [18/Apr/2017:10:43:12 -0300] "GET /cormun/static/gxcfg.js?2017259112829 HTTP/1.1" 304 -
192.168.10.96 - - [18/Apr/2017:10:43:12 -0300] "GET /cormun/static/trautorizarsolicitud.js?2017259113483 HTTP/1.1" 304 -
192.168.10.96 - - [18/Apr/2017:10:43:12 -0300] "GET /cormun/servlet/trautorizarsolicitud? HTTP/1.1" 200 8669
192.168.10.96 - - [18/Apr/2017:10:43:15 -0300] "POST /cormun/servlet/trautorizarsolicitud?8b6eabe52a967f6aa665ef4e18e07024,,gx-no-cache=1492526269509 HTTP/1.1" 200 5436
192.168.10.96 - - [18/Apr/2017:10:43:15 -0300] "GET /cormun/static/Shared/jqueryui/images/ui-bg_highlight-soft_100_c6c2c8_1x100.png HTTP/1.1" 404 1117
192.168.10.96 - - [18/Apr/2017:10:43:15 -0300] "GET /cormun/static/Shared/jqueryui/images/ui-icons_82798d_256x240.png HTTP/1.1" 404 1089
192.168.10.96 - - [18/Apr/2017:10:43:16 -0300] "GET /cormun/static/Shared/jqueryui/images/ui-bg_flat_55_fafafa_40x100.png HTTP/1.1" 404 1097
192.168.10.96 - - [18/Apr/2017:10:43:16 -0300] "GET /cormun/static/Shared/jqueryui/images/ui-icons_8d78a5_256x240.png HTTP/1.1" 404 1089
192.168.10.96 - - [18/Apr/2017:10:43:16 -0300] "POST /cormun/servlet/trautorizarsolicitud?8b6eabe52a967f6aa665ef4e18e07024,,gx-no-cache=1492526269940 HTTP/1.1" 200 5381
186.79.234.100 - - [18/Apr/2017:10:43:18 -0300] "GET /cormun/servlet/trautorizarsolicitud? HTTP/1.1" 200 8126
186.79.234.100 - - [18/Apr/2017:10:43:19 -0300] "GET /cormun/static/gxui/gxui-all.css?120300 HTTP/1.1" 200 2179
186.79.234.100 - - [18/Apr/2017:10:43:19 -0300] "GET /cormun/static/Resources/Spanish/PXTools.css?18365030 HTTP/1.1" 304 -
186.79.234.100 - - [18/Apr/2017:10:43:19 -0300] "GET /cormun/static/gxcfg.js?2017259112829 HTTP/1.1" 200 953
186.79.234.100 - - [18/Apr/2017:10:43:21 -0300] "GET /cormun/static/trautorizarsolicitud.js?2017259113483 HTTP/1.1" 304 -
186.103.159.204 - - [18/Apr/2017:10:43:21 -0300] "GET /cormun/servlet/solicitudotadjuntos?INS,2017,6011,,1, HTTP/1.1" 200 5185
186.103.159.204 - - [18/Apr/2017:10:43:21 -0300] "GET /cormun/static/calendar-system.css?85620 HTTP/1.1" 200 5572
186.103.159.204 - - [18/Apr/2017:10:43:21 -0300] "GET /cormun/static/gxtimezone.js?85251 HTTP/1.1" 200 5781
186.103.159.204 - - [18/Apr/2017:10:43:21 -0300] "GET /cormun/static/SmoothNavMenu/resources/ddsmoothmenu.css?1012540 HTTP/1.1" 200 2223
186.103.159.204 - - [18/Apr/2017:10:43:21 -0300] "GET /cormun/static/SmoothNavMenu/resources/ddsmoothmenu-v.css?1012540 HTTP/1.1" 200 1188
186.103.159.204 - - [18/Apr/2017:10:43:21 -0300] "GET /cormun/static/scaMessage/css/jquery.pnotify.default.css?1716380 HTTP/1.1" 200 1707
186.103.159.204 - - [18/Apr/2017:10:43:21 -0300] "GET /cormun/static/Shared/jqueryui/jquery-ui.min.css?1245370 HTTP/1.1" 200 30288
186.103.159.204 - - [18/Apr/2017:10:43:21 -0300] "GET /cormun/static/Resources/Spanish/PXTools.css?18365030 HTTP/1.1" 200 89042
186.103.159.204 - - [18/Apr/2017:10:43:22 -0300] "GET /cormun/static/gxcfg.js?201612218465951 HTTP/1.1" 200 953
186.103.159.204 - - [18/Apr/2017:10:43:22 -0300] "GET /cormun/static/calendar-es.js?85251 HTTP/1.1" 200 1901
186.103.159.204 - - [18/Apr/2017:10:43:22 -0300] "GET /cormun/static/calendar-setup.js?85251 HTTP/1.1" 200 2588
186.103.159.204 - - [18/Apr/2017:10:43:22 -0300] "GET /cormun/static/calendar.js?85251 HTTP/1.1" 200 26246
186.103.159.204 - - [18/Apr/2017:10:43:22 -0300] "GET /cormun/static/gxgral.js?85251 HTTP/1.1" 200 384558
186.103.159.204 - - [18/Apr/2017:10:43:22 -0300] "GET /cormun/static/RunJS/RunJS.js HTTP/1.1" 200 288
186.103.159.204 - - [18/Apr/2017:10:43:22 -0300] "GET /cormun/static/PXToolsJavascripts/pexe_autoreload.js HTTP/1.1" 200 1762
186.103.159.204 - - [18/Apr/2017:10:43:23 -0300] "GET /cormun/static/PXToolsJavascripts/pexe_cookies.js HTTP/1.1" 200 792
186.103.159.204 - - [18/Apr/2017:10:43:23 -0300] "GET /cormun/static/PXToolsJavascripts/pexe_windows.js HTTP/1.1" 200 15207
186.103.159.204 - - [18/Apr/2017:10:43:23 -0300] "GET /cormun/static/PXToolsJavascripts/pexe_grid.js HTTP/1.1" 200 7559
186.103.159.204 - - [18/Apr/2017:10:43:23 -0300] "GET /cormun/static/PXToolsJavascripts/pexe_menudivfix.js HTTP/1.1" 200 333
186.103.159.204 - - [18/Apr/2017:10:43:23 -0300] "GET /cormun/static/PXToolsJavascripts/pexe_griddivfix.js HTTP/1.1" 200 6644
186.103.159.204 - - [18/Apr/2017:10:43:23 -0300] "GET /cormun/static/PXToolsJavascripts/pexe_link.js HTTP/1.1" 200 5671
186.103.159.204 - - [18/Apr/2017:10:43:23 -0300] "GET /cormun/static/PXToolsJavascripts/pexe_layers.js HTTP/1.1" 200 4114
186.103.159.204 - - [18/Apr/2017:10:43:23 -0300] "GET /cormun/static/PXToolsJavascripts/pexe_menus.js HTTP/1.1" 200 1286
186.103.159.204 - - [18/Apr/2017:10:43:23 -0300] "GET /cormun/static/PXToolsJavascripts/pexe_oav.js HTTP/1.1" 200 645
186.103.159.204 - - [18/Apr/2017:10:43:24 -0300] "GET /cormun/static/PXToolsJavascripts/pexe_oavdivfix.js HTTP/1.1" 200 639
186.103.159.204 - - [18/Apr/2017:10:43:24 -0300] "GET /cormun/static/PXToolsJavascripts/pexe_popup.js HTTP/1.1" 200 13458
186.103.159.204 - - [18/Apr/2017:10:43:24 -0300] "GET /cormun/static/PXToolsJavascripts/pexe_tabdivfix.js HTTP/1.1" 200 876
186.103.159.204 - - [18/Apr/2017:10:43:24 -0300] "GET /cormun/static/PXToolsJavascripts/pexe_picture.js HTTP/1.1" 200 689
186.103.159.204 - - [18/Apr/2017:10:43:24 -0300] "GET /cormun/static/PXToolsJavascripts/pexe_scrolldiv.js HTTP/1.1" 200 4138
186.103.159.204 - - [18/Apr/2017:10:43:24 -0300] "GET /cormun/static/PXToolsJavascripts/pexe_tabs.js HTTP/1.1" 200 3748
186.103.159.204 - - [18/Apr/2017:10:43:24 -0300] "GET /cormun/static/PXToolsJavascripts/pexe_upload.js HTTP/1.1" 200 1423
186.103.159.204 - - [18/Apr/2017:10:43:24 -0300] "GET /cormun/static/PXToolsJavascripts/PXToolsJavascriptsRender.js HTTP/1.1" 200 367
186.103.159.204 - - [18/Apr/2017:10:43:24 -0300] "GET /cormun/static/Shared/ext/locale/ext-lang-en.js HTTP/1.1" 200 10940
186.103.159.204 - - [18/Apr/2017:10:43:24 -0300] "GET /cormun/static/messages.spa.js?85251 HTTP/1.1" 200 30736
186.103.159.204 - - [18/Apr/2017:10:43:24 -0300] "GET /cormun/static/gxdec.js?85251 HTTP/1.1" 200 19579
186.103.159.204 - - [18/Apr/2017:10:43:24 -0300] "GET /cormun/static/solicitudotadjuntos.js?201612218465969 HTTP/1.1" 200 11762
186.103.159.204 - - [18/Apr/2017:10:43:25 -0300] "GET /cormun/static/hwchdr01.js?201731711335950 HTTP/1.1" 200 1183
186.103.159.204 - - [18/Apr/2017:10:43:25 -0300] "GET /cormun/static/gxui/gxui-all.js HTTP/1.1" 200 107772
186.103.159.204 - - [18/Apr/2017:10:43:25 -0300] "GET /cormun/static/hpexe_recentlink.js?201610171694390 HTTP/1.1" 200 2144
186.103.159.204 - - [18/Apr/2017:10:43:25 -0300] "GET /cormun/static/hpexe_scripts.js?201731711335890 HTTP/1.1" 200 1544
186.103.159.204 - - [18/Apr/2017:10:43:25 -0300] "GET /cormun/static/hpexe_messagecontroller.js?201610171694323 HTTP/1.1" 200 870
186.103.159.204 - - [18/Apr/2017:10:43:25 -0300] "GET /cormun/static/hpexe_messagepopupcomponent.js?20161017169425 HTTP/1.1" 200 605
186.103.159.204 - - [18/Apr/2017:10:43:25 -0300] "GET /cormun/static/cmcontrolpreferences.js?201731711335852 HTTP/1.1" 200 1375
186.103.159.204 - - [18/Apr/2017:10:43:25 -0300] "GET /cormun/static/Shared/jquery/jquery-1.4.2.min.js HTTP/1.1" 200 72174
186.103.159.204 - - [18/Apr/2017:10:43:25 -0300] "GET /cormun/static/SmoothNavMenu/resources/ddsmoothmenu.js HTTP/1.1" 200 12712
186.103.159.204 - - [18/Apr/2017:10:43:25 -0300] "GET /cormun/static/SmoothNavMenu/resources/SmoothNavMenuRender.js HTTP/1.1" 200 5951
186.103.159.204 - - [18/Apr/2017:10:43:25 -0300] "GET /cormun/static/hpexe_messagegenexuscomponent.js?201731711335537 HTTP/1.1" 200 587
186.103.159.204 - - [18/Apr/2017:10:43:25 -0300] "GET /cormun/static/scaMessage/js/jquery.pnotify.min.js HTTP/1.1" 200 13038
186.103.159.204 - - [18/Apr/2017:10:43:25 -0300] "GET /cormun/static/Shared/jquery/jquery-1.10.2.min.js HTTP/1.1" 200 273199
186.103.159.204 - - [18/Apr/2017:10:43:25 -0300] "GET /cormun/static/scaMessage/scaMessageRender.js HTTP/1.1" 200 11977
186.103.159.204 - - [18/Apr/2017:10:43:25 -0300] "GET /cormun/static/hmpwkw03.js?201731711485354 HTTP/1.1" 200 3965
186.103.159.204 - - [18/Apr/2017:10:43:25 -0300] "GET /cormun/static/Shared/jqueryui/jquery-ui.min.js HTTP/1.1" 200 240427
186.103.159.204 - - [18/Apr/2017:10:43:26 -0300] "GET /cormun/static/Resources/PXToolsHeaderHome.png HTTP/1.1" 200 4147
186.103.159.204 - - [18/Apr/2017:10:43:26 -0300] "GET /cormun/static/Resources/PXToolsHeaderLogin.png HTTP/1.1" 200 4279
186.103.159.204 - - [18/Apr/2017:10:43:26 -0300] "GET /cormun/static/Resources/PXToolsHeaderActionsLeft.png HTTP/1.1" 200 1118
186.103.159.204 - - [18/Apr/2017:10:43:26 -0300] "GET /cormun/static/Resources/logo4.png HTTP/1.1" 200 6582
186.103.159.204 - - [18/Apr/2017:10:43:26 -0300] "GET /cormun/static/Resources/PXToolsHeaderSecurity.png HTTP/1.1" 200 4166
186.103.159.204 - - [18/Apr/2017:10:43:26 -0300] "GET /cormun/static/Resources/PXToolsHeaderActionsRight.png HTTP/1.1" 200 1201
186.103.159.204 - - [18/Apr/2017:10:43:26 -0300] "GET /cormun/static/Resources/PXToolsHeaderPreferences.png HTTP/1.1" 200 4189
186.103.159.204 - - [18/Apr/2017:10:43:26 -0300] "GET /cormun/static/Resources/PXToolsHeaderBackground2.png HTTP/1.1" 200 1174
186.103.159.204 - - [18/Apr/2017:10:43:26 -0300] "GET /cormun/static/about:blank HTTP/1.1" 404 1011
186.103.159.204 - - [18/Apr/2017:10:43:26 -0300] "GET /cormun/static/Resources/PXToolsFooterBackground2.png HTTP/1.1" 200 1172
186.103.159.204 - - [18/Apr/2017:10:43:26 -0300] "GET /cormun/static/Resources/PXTools/calendar.png HTTP/1.1" 200 1306
186.103.159.204 - - [18/Apr/2017:10:43:26 -0300] "GET /cormun/static/Resources/PXToolsHeaderActionsBackground.png HTTP/1.1" 200 484
186.103.159.204 - - [18/Apr/2017:10:43:26 -0300] "GET /cormun/static/Resources/PXToolsDataTitle.png HTTP/1.1" 200 1173
186.103.159.204 - - [18/Apr/2017:10:43:26 -0300] "GET /cormun/static/Resources/PXToolsButtonLeft21.png HTTP/1.1" 200 1287
186.103.159.204 - - [18/Apr/2017:10:43:26 -0300] "GET /cormun/static/Resources/PXToolsButtonRight21.png HTTP/1.1" 200 1283
186.103.159.204 - - [18/Apr/2017:10:43:26 -0300] "GET /cormun/static/Resources/PXToolsButtonBackground2.png HTTP/1.1" 200 1181
186.103.159.204 - - [18/Apr/2017:10:43:26 -0300] "GET /cormun/static/Shared/ext/ext-all.js HTTP/1.1" 200 1289687
186.103.159.204 - - [18/Apr/2017:10:43:27 -0300] "GET /cormun/static/Resources/indicator.gif HTTP/1.1" 200 1553
186.103.159.204 - - [18/Apr/2017:10:43:27 -0300] "GET /cormun/servlet/hlogin HTTP/1.1" 200 1761
186.103.159.204 - - [18/Apr/2017:10:43:27 -0300] "GET /cormun/servlet/solicitudotadjuntos?INS,2017,6011,,1, HTTP/1.1" 200 5199
192.168.10.96 - - [18/Apr/2017:10:43:28 -0300] "GET /cormun/static/Shared/jqueryui/images/ui-bg_highlight-soft_100_eae6ea_1x100.png HTTP/1.1" 404 1117
186.103.159.46 - - [18/Apr/2017:10:43:36 -0300] "POST /cormun/servlet/solicitudot?gx-no-cache=1492523080386 HTTP/1.1" 200 30
192.168.10.96 - - [18/Apr/2017:10:43:38 -0300] "GET /cormun/servlet/hlogin HTTP/1.1" 200 1744
186.103.159.46 - - [18/Apr/2017:10:43:40 -0300] "POST /cormun/servlet/solicitudot?gx-no-cache=1492523084104 HTTP/1.1" 200 254
186.103.159.46 - - [18/Apr/2017:10:43:40 -0300] "GET /cormun/servlet/solicitudot?a2a092a7e89ecdc0304c7c975684494e2fc5f0439f100eac2e2a2d901567bcd6ba669db62e335471256898b6e140aefc65a24e8d970b1a12af8161b2c8720c8d8e98002f9a6f96830cb93dc0e7f02b804f1b7963d7ccc5fdf187faa44da029da1e3c0bdc9270e472f0fa9448e477c63b586df13488afdf41c3c160c79f9fde642018d203c00163c01ef5b7c294a7e84ad5da147d3811276f7b046310f396d7862df9c67d539199fab86e4ddc3d75645f09f662fd2b9166f86ede27a0f87327df7f0435fd3416c7f4f50b7ad3aa1f6f62f39c7fd333a98b4672d44dcd6616ec05c7d7bcd6b87cb89f14664b107a5462364f7151192c5acade5f3da2b0b825192e41f6b5ab8d9f233ba2a46b6cff43f691c29c4384e3cf3466509d728a1c0d2d0ef6e3ac712a66489c8c1d0a8be72268d2d27c63b5592bb7e2675369bb5ccc573c9b87bef08e61abec076352de2315a671905fbf1475c3fccde5e7036fffe79432c999b8cb5b995e064c7cce33c26a7046d0f8fc87f973baead1495db0eb90a204,gx-no-cache=1492523084274 HTTP/1.1" 200 30
186.103.159.46 - - [18/Apr/2017:10:43:40 -0300] "POST /cormun/servlet/solicitudot?gx-no-cache=1492523084700 HTTP/1.1" 200 30
186.103.159.46 - - [18/Apr/2017:10:43:40 -0300] "POST /cormun/servlet/solicitudot?gx-no-cache=1492523084801 HTTP/1.1" 200 683
186.103.159.46 - - [18/Apr/2017:10:43:40 -0300] "POST /cormun/servlet/solicitudot?gx-no-cache=1492523084970 HTTP/1.1" 200 38
192.168.10.96 - - [18/Apr/2017:10:43:45 -0300] "POST /cormun/servlet/hlogin?8b6eabe52a967f6aa665ef4e18e07024,gx-no-cache=1492526298734 HTTP/1.1" 200 90
192.168.10.96 - - [18/Apr/2017:10:43:45 -0300] "GET /cormun/servlet/hpexe_link HTTP/1.1" 200 955
192.168.10.96 - - [18/Apr/2017:10:43:45 -0300] "GET /cormun/servlet/hhome HTTP/1.1" 200 4261
192.168.10.96 - - [18/Apr/2017:10:43:45 -0300] "GET /cormun/servlet/hhome HTTP/1.1" 200 4257
192.168.10.96 - - [18/Apr/2017:10:44:01 -0300] "GET /cormun/servlet/wbconsulta? HTTP/1.1" 200 5161
192.168.10.96 - - [18/Apr/2017:10:44:01 -0300] "GET /cormun/servlet/wbconsulta? HTTP/1.1" 200 5162
186.79.234.100 - - [18/Apr/2017:10:44:02 -0300] "GET /cormun/static/Shared/ext/resources/css/ext-all.css?215870 HTTP/1.1" 200 416045
192.168.10.13 - - [18/Apr/2017:10:44:05 -0300] "GET / HTTP/1.1" 200 11217
186.79.234.100 - - [18/Apr/2017:10:44:06 -0300] "GET /cormun/servlet/trautorizarsolicitud? HTTP/1.1" 200 8126
192.168.10.96 - - [18/Apr/2017:10:44:07 -0300] "POST /cormun/servlet/wbconsulta?8b6eabe52a967f6aa665ef4e18e07024,,gx-no-cache=1492526321320 HTTP/1.1" 200 103
192.168.10.96 - - [18/Apr/2017:10:44:07 -0300] "GET /cormun/servlet/vevisualizador?2017,5909, HTTP/1.1" 200 8528
192.168.10.96 - - [18/Apr/2017:10:44:07 -0300] "GET /cormun/pexe_scrolldiv.js HTTP/1.1" 404 1009
192.168.10.96 - - [18/Apr/2017:10:44:07 -0300] "GET /cormun/pexe_scrolldiv.js HTTP/1.1" 404 1009
192.168.10.96 - - [18/Apr/2017:10:44:08 -0300] "GET /cormun/servlet/vevisualizador?2017,5909, HTTP/1.1" 200 8528
192.168.10.96 - - [18/Apr/2017:10:44:09 -0300] "GET /cormun/servlet/vevisualizador?2017,5909,,SolicitudOTAdjuntos HTTP/1.1" 200 10346
192.168.10.96 - - [18/Apr/2017:10:44:09 -0300] "GET /cormun/pexe_scrolldiv.js HTTP/1.1" 404 1009
192.168.10.96 - - [18/Apr/2017:10:44:09 -0300] "GET /cormun/pexe_scrolldiv.js HTTP/1.1" 404 1009
192.168.10.96 - - [18/Apr/2017:10:44:10 -0300] "GET /cormun/servlet/vevisualizador?2017,5909,,SolicitudOTAdjuntos HTTP/1.1" 200 10349
192.168.10.96 - - [18/Apr/2017:10:44:11 -0300] "POST /cormun/servlet/acontrolpreferencessavestate?None,DZAMUDIO,true HTTP/1.1" 200 35
192.168.10.96 - - [18/Apr/2017:10:44:12 -0300] "GET /cormun/PublicTempStorage/c.i6060228.pdf HTTP/1.1" 200 291745
186.103.159.46 - - [18/Apr/2017:10:44:12 -0300] "POST /cormun/servlet/solicitudot?gx-no-cache=1492523116434 HTTP/1.1" 200 668
186.103.159.46 - - [18/Apr/2017:10:44:14 -0300] "POST /cormun/servlet/solicitudot?gx-no-cache=1492523118558 HTTP/1.1" 200 1157
192.168.10.96 - - [18/Apr/2017:10:44:16 -0300] "GET /cormun/servlet/vevisualizador?2017,5909,,SolicitudOTAdjuntos HTTP/1.1" 200 10343
192.168.10.96 - - [18/Apr/2017:10:44:17 -0300] "GET /cormun/servlet/vevisualizador?2017,5909,,SolicitudOTAdjuntos HTTP/1.1" 200 10347
192.168.10.96 - - [18/Apr/2017:10:44:17 -0300] "POST /cormun/servlet/acontrolpreferencessavestate?None,DZAMUDIO,true HTTP/1.1" 200 35
192.168.10.96 - - [18/Apr/2017:10:44:19 -0300] "GET /cormun/PublicTempStorage/afp7052452.pdf HTTP/1.1" 200 261805
186.79.234.100 - - [18/Apr/2017:10:44:23 -0300] "POST /cormun/servlet/trautorizarsolicitud?f146e01da1b62568a636681d5c8c9a18,,gx-no-cache=1492526559396 HTTP/1.1" 200 4312
192.168.10.96 - - [18/Apr/2017:10:44:23 -0300] "GET /cormun/servlet/vevisualizador?2017,5909,,SolicitudOTAdjuntos HTTP/1.1" 200 10347
186.79.234.100 - - [18/Apr/2017:10:44:24 -0300] "GET /cormun/static/Shared/jqueryui/images/ui-bg_highlight-soft_100_c6c2c8_1x100.png HTTP/1.1" 404 1117
192.168.10.96 - - [18/Apr/2017:10:44:24 -0300] "GET /cormun/servlet/vevisualizador?2017,5909,,SolicitudOTAdjuntos HTTP/1.1" 200 10347
186.79.234.100 - - [18/Apr/2017:10:44:24 -0300] "GET /cormun/static/Shared/jqueryui/images/ui-icons_82798d_256x240.png HTTP/1.1" 404 1089
186.79.234.100 - - [18/Apr/2017:10:44:24 -0300] "GET /cormun/static/Shared/jqueryui/images/ui-bg_flat_55_fafafa_40x100.png HTTP/1.1" 404 1097
186.79.234.100 - - [18/Apr/2017:10:44:24 -0300] "GET /cormun/static/Shared/jqueryui/images/ui-icons_8d78a5_256x240.png HTTP/1.1" 404 1089
192.168.10.96 - - [18/Apr/2017:10:44:24 -0300] "POST /cormun/servlet/acontrolpreferencessavestate?None,DZAMUDIO,true HTTP/1.1" 200 35
186.79.234.100 - - [18/Apr/2017:10:44:25 -0300] "POST /cormun/servlet/trautorizarsolicitud?f146e01da1b62568a636681d5c8c9a18,,gx-no-cache=1492526560576 HTTP/1.1" 200 4093
192.168.10.96 - - [18/Apr/2017:10:44:26 -0300] "GET /cormun/PublicTempStorage/salud3301801.pdf HTTP/1.1" 200 291771
192.168.10.96 - - [18/Apr/2017:10:44:31 -0300] "GET /cormun/servlet/vevisualizador?2017,5909,,SolicitudOTAdjuntos HTTP/1.1" 200 10344
192.168.10.96 - - [18/Apr/2017:10:44:32 -0300] "GET /cormun/servlet/vevisualizador?2017,5909,,SolicitudOTAdjuntos HTTP/1.1" 200 10347
192.168.10.96 - - [18/Apr/2017:10:44:32 -0300] "POST /cormun/servlet/acontrolpreferencessavestate?None,DZAMUDIO,true HTTP/1.1" 200 35
192.168.10.96 - - [18/Apr/2017:10:44:34 -0300] "GET /cormun/PublicTempStorage/antecedentes4983807.pdf HTTP/1.1" 200 430229
186.79.234.100 - - [18/Apr/2017:10:44:35 -0300] "GET /cormun/servlet/trcontratounov2? HTTP/1.1" 200 16514
186.79.234.100 - - [18/Apr/2017:10:44:35 -0300] "GET /cormun/static/gxcfg.js?201731711595461 HTTP/1.1" 200 953
186.79.234.100 - - [18/Apr/2017:10:44:36 -0300] "GET /cormun/static/Resources/PXToolsAddSelectedAction.png HTTP/1.1" 200 3660
186.79.234.100 - - [18/Apr/2017:10:44:36 -0300] "GET /cormun/static/trcontratounov2.js?2017317120150 HTTP/1.1" 200 38423
186.79.234.100 - - [18/Apr/2017:10:44:39 -0300] "GET /cormun/servlet/trcontratounov2? HTTP/1.1" 200 16515
192.168.10.96 - - [18/Apr/2017:10:44:41 -0300] "GET /cormun/servlet/vevisualizador?2017,5909,,SolicitudOTAdjuntos HTTP/1.1" 200 10346
192.168.10.96 - - [18/Apr/2017:10:44:42 -0300] "GET /cormun/servlet/vevisualizador?2017,5909,,SolicitudOTAdjuntos HTTP/1.1" 200 10348
192.168.10.96 - - [18/Apr/2017:10:44:42 -0300] "POST /cormun/servlet/acontrolpreferencessavestate?None,DZAMUDIO,true HTTP/1.1" 200 35
192.168.10.96 - - [18/Apr/2017:10:44:43 -0300] "GET /cormun/PublicTempStorage/curriculum1834945.pdf HTTP/1.1" 200 498211
186.103.159.46 - - [18/Apr/2017:10:44:44 -0300] "GET /cormun/static/menuarrow.gif HTTP/1.1" 404 1015
192.168.10.96 - - [18/Apr/2017:10:44:47 -0300] "GET /cormun/servlet/vevisualizador?2017,5909,,SolicitudOTAdjuntos HTTP/1.1" 200 10346
192.168.10.96 - - [18/Apr/2017:10:44:48 -0300] "GET /cormun/servlet/vevisualizador?2017,5909,,SolicitudOTAdjuntos HTTP/1.1" 200 10350
192.168.10.96 - - [18/Apr/2017:10:44:49 -0300] "POST /cormun/servlet/acontrolpreferencessavestate?None,DZAMUDIO,true HTTP/1.1" 200 35
192.168.10.96 - - [18/Apr/2017:10:44:49 -0300] "GET /cormun/PublicTempStorage/titulo7893934.pdf HTTP/1.1" 200 608901
192.168.10.13 - - [18/Apr/2017:10:45:05 -0300] "GET / HTTP/1.1" 200 11217
186.103.159.46 - - [18/Apr/2017:10:45:57 -0300] "GET /cormun/servlet/solicitudot?a2a092a7e89ecdc0304c7c975684494e50e145e64d0ccb0c9738d6a43a59d0586500b4fc4a318823df738e63cff2272179c030cd6f41277f9994f8cdc712ec5c333e7ffc98f3ffe1e1ad05c09c527927a310568f7dc5c61d59fc56e1d9408cbbbab5c2294f3dda364b1295ca55a9ad87633ec23f7b127c6729d70defa48eb7a7945f8c7541b521d07b3f9e07833c4596bf94e8436b52bff1bd17a00147904a326e995eda899510414f3735258ae94323,gx-no-cache=1492523221155 HTTP/1.1" 200 30
192.168.10.13 - - [18/Apr/2017:10:46:05 -0300] "GET / HTTP/1.1" 200 11217
186.103.159.204 - - [18/Apr/2017:10:46:41 -0300] "GET /cormun/servlet/solicitudotadjuntos?INS,2017,6011,,1, HTTP/1.1" 200 5187
186.103.159.204 - - [18/Apr/2017:10:46:41 -0300] "GET /cormun/static/calendar-system.css?85620 HTTP/1.1" 200 5572
186.103.159.204 - - [18/Apr/2017:10:46:41 -0300] "GET /cormun/static/SmoothNavMenu/resources/ddsmoothmenu.css?1012540 HTTP/1.1" 200 2223
186.103.159.204 - - [18/Apr/2017:10:46:41 -0300] "GET /cormun/static/SmoothNavMenu/resources/ddsmoothmenu-v.css?1012540 HTTP/1.1" 200 1188
186.103.159.204 - - [18/Apr/2017:10:46:41 -0300] "GET /cormun/static/scaMessage/css/jquery.pnotify.default.css?1716380 HTTP/1.1" 200 1707
186.103.159.204 - - [18/Apr/2017:10:46:41 -0300] "GET /cormun/static/Shared/jqueryui/jquery-ui.min.css?1245370 HTTP/1.1" 200 30288
186.103.159.204 - - [18/Apr/2017:10:46:41 -0300] "GET /cormun/static/Resources/Spanish/PXTools.css?18365030 HTTP/1.1" 200 89042
186.103.159.204 - - [18/Apr/2017:10:46:41 -0300] "GET /cormun/static/gxtimezone.js?85251 HTTP/1.1" 200 5781
186.103.159.204 - - [18/Apr/2017:10:46:41 -0300] "GET /cormun/static/gxcfg.js?201612218465951 HTTP/1.1" 200 953
186.103.159.204 - - [18/Apr/2017:10:46:41 -0300] "GET /cormun/static/calendar-setup.js?85251 HTTP/1.1" 200 2588
186.103.159.204 - - [18/Apr/2017:10:46:41 -0300] "GET /cormun/static/calendar.js?85251 HTTP/1.1" 200 26246
186.103.159.204 - - [18/Apr/2017:10:46:42 -0300] "GET /cormun/static/gxgral.js?85251 HTTP/1.1" 200 384558
186.103.159.204 - - [18/Apr/2017:10:46:42 -0300] "GET /cormun/static/calendar-es.js?85251 HTTP/1.1" 200 1901
186.103.159.204 - - [18/Apr/2017:10:46:42 -0300] "GET /cormun/static/PXToolsJavascripts/pexe_autoreload.js HTTP/1.1" 200 1762
186.103.159.204 - - [18/Apr/2017:10:46:42 -0300] "GET /cormun/static/PXToolsJavascripts/pexe_grid.js HTTP/1.1" 200 7559
186.103.159.204 - - [18/Apr/2017:10:46:42 -0300] "GET /cormun/static/PXToolsJavascripts/pexe_cookies.js HTTP/1.1" 200 792
186.103.159.204 - - [18/Apr/2017:10:46:42 -0300] "GET /cormun/static/PXToolsJavascripts/pexe_windows.js HTTP/1.1" 200 15207
186.103.159.204 - - [18/Apr/2017:10:46:42 -0300] "GET /cormun/static/RunJS/RunJS.js HTTP/1.1" 200 288
186.103.159.204 - - [18/Apr/2017:10:46:42 -0300] "GET /cormun/static/PXToolsJavascripts/pexe_griddivfix.js HTTP/1.1" 200 6644
186.103.159.204 - - [18/Apr/2017:10:46:42 -0300] "GET /cormun/static/PXToolsJavascripts/pexe_link.js HTTP/1.1" 200 5671
186.103.159.204 - - [18/Apr/2017:10:46:42 -0300] "GET /cormun/static/PXToolsJavascripts/pexe_menus.js HTTP/1.1" 200 1286
186.103.159.204 - - [18/Apr/2017:10:46:42 -0300] "GET /cormun/static/PXToolsJavascripts/pexe_menudivfix.js HTTP/1.1" 200 333
186.103.159.204 - - [18/Apr/2017:10:46:42 -0300] "GET /cormun/static/PXToolsJavascripts/pexe_layers.js HTTP/1.1" 200 4114
186.103.159.204 - - [18/Apr/2017:10:46:42 -0300] "GET /cormun/static/PXToolsJavascripts/pexe_oav.js HTTP/1.1" 200 645
186.103.159.204 - - [18/Apr/2017:10:46:43 -0300] "GET /cormun/static/PXToolsJavascripts/pexe_oavdivfix.js HTTP/1.1" 200 639
186.103.159.204 - - [18/Apr/2017:10:46:43 -0300] "GET /cormun/static/PXToolsJavascripts/pexe_picture.js HTTP/1.1" 200 689
186.103.159.204 - - [18/Apr/2017:10:46:43 -0300] "GET /cormun/static/PXToolsJavascripts/pexe_tabdivfix.js HTTP/1.1" 200 876
186.103.159.204 - - [18/Apr/2017:10:46:43 -0300] "GET /cormun/static/PXToolsJavascripts/pexe_scrolldiv.js HTTP/1.1" 200 4138
186.103.159.204 - - [18/Apr/2017:10:46:43 -0300] "GET /cormun/static/PXToolsJavascripts/pexe_tabs.js HTTP/1.1" 200 3748
186.103.159.204 - - [18/Apr/2017:10:46:43 -0300] "GET /cormun/static/PXToolsJavascripts/pexe_popup.js HTTP/1.1" 200 13458
186.103.159.204 - - [18/Apr/2017:10:46:43 -0300] "GET /cormun/static/PXToolsJavascripts/PXToolsJavascriptsRender.js HTTP/1.1" 200 367
186.103.159.204 - - [18/Apr/2017:10:46:43 -0300] "GET /cormun/static/PXToolsJavascripts/pexe_upload.js HTTP/1.1" 200 1423
186.103.159.204 - - [18/Apr/2017:10:46:43 -0300] "GET /cormun/static/Shared/ext/locale/ext-lang-en.js HTTP/1.1" 200 10940
186.103.159.204 - - [18/Apr/2017:10:46:43 -0300] "GET /cormun/static/messages.spa.js?85251 HTTP/1.1" 200 30736
186.103.159.204 - - [18/Apr/2017:10:46:43 -0300] "GET /cormun/static/gxdec.js?85251 HTTP/1.1" 200 19579
186.103.159.204 - - [18/Apr/2017:10:46:43 -0300] "GET /cormun/static/solicitudotadjuntos.js?201612218465969 HTTP/1.1" 200 11762
186.103.159.204 - - [18/Apr/2017:10:46:43 -0300] "GET /cormun/static/hwchdr01.js?201731711335950 HTTP/1.1" 200 1183
186.103.159.204 - - [18/Apr/2017:10:46:43 -0300] "GET /cormun/static/hpexe_recentlink.js?201610171694390 HTTP/1.1" 200 2144
186.103.159.204 - - [18/Apr/2017:10:46:43 -0300] "GET /cormun/static/hpexe_scripts.js?201731711335890 HTTP/1.1" 200 1544
186.103.159.204 - - [18/Apr/2017:10:46:43 -0300] "GET /cormun/static/hpexe_messagecontroller.js?201610171694323 HTTP/1.1" 200 870
186.103.159.204 - - [18/Apr/2017:10:46:43 -0300] "GET /cormun/static/hpexe_messagepopupcomponent.js?20161017169425 HTTP/1.1" 200 605
186.103.159.204 - - [18/Apr/2017:10:46:43 -0300] "GET /cormun/static/hpexe_messagegenexuscomponent.js?201731711335537 HTTP/1.1" 200 587
186.103.159.204 - - [18/Apr/2017:10:46:43 -0300] "GET /cormun/static/cmcontrolpreferences.js?201731711335852 HTTP/1.1" 200 1375
186.103.159.204 - - [18/Apr/2017:10:46:43 -0300] "GET /cormun/static/Shared/jquery/jquery-1.4.2.min.js HTTP/1.1" 200 72174
186.103.159.204 - - [18/Apr/2017:10:46:43 -0300] "GET /cormun/static/SmoothNavMenu/resources/ddsmoothmenu.js HTTP/1.1" 200 12712
186.103.159.204 - - [18/Apr/2017:10:46:43 -0300] "GET /cormun/static/Shared/jqueryui/jquery-ui.min.js HTTP/1.1" 200 240427
186.103.159.204 - - [18/Apr/2017:10:46:43 -0300] "GET /cormun/static/Resources/logo4.png HTTP/1.1" 200 6582
186.103.159.204 - - [18/Apr/2017:10:46:43 -0300] "GET /cormun/static/Shared/jquery/jquery-1.10.2.min.js HTTP/1.1" 200 273199
