186.9.135.70 - - [18/Apr/2017:16:20:28 -0300] "GET /cormun/pexe_scrolldiv.js HTTP/1.1" 404 1009
186.9.135.70 - - [18/Apr/2017:16:20:28 -0300] "GET /cormun/static/tbautorizarsolicitud01.js?201731711331984 HTTP/1.1" 304 -
186.9.135.70 - - [18/Apr/2017:16:20:28 -0300] "GET /cormun/static/hpexe_tabsview.js?201610171694228 HTTP/1.1" 304 -
186.9.135.70 - - [18/Apr/2017:16:20:28 -0300] "GET /cormun/static/hwcviewtabs.js?20173171133571 HTTP/1.1" 304 -
186.9.135.70 - - [18/Apr/2017:16:20:30 -0300] "GET /cormun/servlet/veautorizarsolicitud?2017,6134,, HTTP/1.1" 200 8175
186.9.135.70 - - [18/Apr/2017:16:20:41 -0300] "GET /cormun/servlet/veautorizarsolicitud?2017,6134,,SolicitudOTLog HTTP/1.1" 200 8708
186.103.157.246 - - [18/Apr/2017:16:20:41 -0300] "POST /cormun/servlet/hlogin?43aab8169eb7bec21bf1289336784533,gx-no-cache=1492543305729 HTTP/1.1" 200 90
186.103.157.246 - - [18/Apr/2017:16:20:41 -0300] "GET /cormun/servlet/hpexe_link HTTP/1.1" 200 953
186.9.135.70 - - [18/Apr/2017:16:20:41 -0300] "GET /cormun/pexe_scrolldiv.js HTTP/1.1" 404 1009
186.103.157.246 - - [18/Apr/2017:16:20:41 -0300] "GET /cormun/servlet/trlicencias HTTP/1.1" 200 6803
186.9.135.70 - - [18/Apr/2017:16:20:41 -0300] "GET /cormun/static/tbautorizarsolicitud03.js?201731711331013 HTTP/1.1" 200 13358
186.9.135.70 - - [18/Apr/2017:16:20:41 -0300] "GET /cormun/static/Resources/PXToolsTabLastSelected.png HTTP/1.1" 200 1262
186.103.157.246 - - [18/Apr/2017:16:20:42 -0300] "GET /cormun/servlet/trlicencias HTTP/1.1" 200 6801
186.9.135.70 - - [18/Apr/2017:16:20:42 -0300] "GET /cormun/static/gxui/gxui-all.css HTTP/1.1" 200 2179
186.9.135.70 - - [18/Apr/2017:16:20:42 -0300] "GET /cormun/static/Resources/PXToolsTabUnselectedSelected.png HTTP/1.1" 200 1444
186.9.135.70 - - [18/Apr/2017:16:20:42 -0300] "GET /cormun/static/Resources/PXToolsTabFirstUnselected.png HTTP/1.1" 200 1264
186.9.135.70 - - [18/Apr/2017:16:20:42 -0300] "GET /cormun/servlet/veautorizarsolicitud?2017,6134,,SolicitudOTLog HTTP/1.1" 200 8708
186.9.135.70 - - [18/Apr/2017:16:20:42 -0300] "GET /cormun/static/Shared/ext/resources/css/ext-all.css HTTP/1.1" 200 416045
186.9.135.70 - - [18/Apr/2017:16:20:43 -0300] "POST /cormun/servlet/acontrolpreferencessavestate?None,CALCAINO,true HTTP/1.1" 200 35
186.9.135.70 - - [18/Apr/2017:16:20:47 -0300] "GET /cormun/servlet/veautorizarsolicitud?2017,6134,,General HTTP/1.1" 200 8185
186.9.135.70 - - [18/Apr/2017:16:20:47 -0300] "GET /cormun/pexe_scrolldiv.js HTTP/1.1" 404 1009
186.9.135.70 - - [18/Apr/2017:16:20:48 -0300] "GET /cormun/pexe_scrolldiv.js HTTP/1.1" 404 1009
186.9.135.70 - - [18/Apr/2017:16:20:49 -0300] "GET /cormun/servlet/veautorizarsolicitud?2017,6134,,General HTTP/1.1" 200 8185
186.103.157.246 - - [18/Apr/2017:16:20:58 -0300] "GET /cormun/servlet/licenciaspermisos?INS,0,,, HTTP/1.1" 200 7355
186.103.157.246 - - [18/Apr/2017:16:20:59 -0300] "GET /cormun/servlet/licenciaspermisos?INS,0,,, HTTP/1.1" 200 7355
192.168.10.13 - - [18/Apr/2017:16:21:05 -0300] "GET / HTTP/1.1" 200 11217
186.103.157.246 - - [18/Apr/2017:16:21:07 -0300] "GET /cormun/servlet/trlicencias HTTP/1.1" 200 6803
186.103.157.246 - - [18/Apr/2017:16:21:07 -0300] "GET /cormun/servlet/trlicencias HTTP/1.1" 200 6801
186.103.157.246 - - [18/Apr/2017:16:21:15 -0300] "POST /cormun/servlet/acontrolpreferencessavestate?None,CANGELEV,true HTTP/1.1" 200 35
186.103.157.246 - - [18/Apr/2017:16:21:21 -0300] "POST /cormun/servlet/acontrolpreferencessavestate?None,CANGELEV,true HTTP/1.1" 200 35
186.103.157.246 - - [18/Apr/2017:16:21:23 -0300] "POST /cormun/servlet/acontrolpreferencessavestate?None,CANGELEV,true HTTP/1.1" 200 35
186.103.157.246 - - [18/Apr/2017:16:21:25 -0300] "POST /cormun/servlet/trlicencias?43aab8169eb7bec21bf1289336784533,gx-no-cache=1492543349886 HTTP/1.1" 200 4089
186.103.157.246 - - [18/Apr/2017:16:21:27 -0300] "POST /cormun/servlet/trlicencias?43aab8169eb7bec21bf1289336784533,gx-no-cache=1492543352049 HTTP/1.1" 200 4086
186.103.157.246 - - [18/Apr/2017:16:21:35 -0300] "POST /cormun/servlet/acontrolpreferencessavestate?None,CANGELEV,true HTTP/1.1" 200 35
186.103.157.246 - - [18/Apr/2017:16:21:48 -0300] "GET /cormun/servlet/trautorizarsolicitud? HTTP/1.1" 200 8102
186.103.157.246 - - [18/Apr/2017:16:21:48 -0300] "GET /cormun/static/gxcfg.js?2017259112829 HTTP/1.1" 304 -
186.103.157.246 - - [18/Apr/2017:16:21:49 -0300] "GET /cormun/servlet/trautorizarsolicitud? HTTP/1.1" 200 8102
192.168.10.13 - - [18/Apr/2017:16:22:05 -0300] "GET / HTTP/1.1" 200 11217
192.168.10.13 - - [18/Apr/2017:16:23:05 -0300] "GET / HTTP/1.1" 200 11217
186.103.157.246 - - [18/Apr/2017:16:23:09 -0300] "POST /cormun/servlet/trautorizarsolicitud?43aab8169eb7bec21bf1289336784533,,gx-no-cache=1492543453891 HTTP/1.1" 200 4302
186.103.157.246 - - [18/Apr/2017:16:23:09 -0300] "GET /cormun/static/Shared/jqueryui/images/ui-bg_highlight-soft_100_c6c2c8_1x100.png HTTP/1.1" 404 1117
186.103.157.246 - - [18/Apr/2017:16:23:09 -0300] "GET /cormun/static/Shared/jqueryui/images/ui-icons_82798d_256x240.png HTTP/1.1" 404 1089
186.103.157.246 - - [18/Apr/2017:16:23:10 -0300] "GET /cormun/static/Shared/jqueryui/images/ui-bg_flat_55_fafafa_40x100.png HTTP/1.1" 404 1097
186.103.157.246 - - [18/Apr/2017:16:23:10 -0300] "GET /cormun/static/Shared/jqueryui/images/ui-icons_8d78a5_256x240.png HTTP/1.1" 404 1089
186.103.157.246 - - [18/Apr/2017:16:23:10 -0300] "POST /cormun/servlet/trautorizarsolicitud?43aab8169eb7bec21bf1289336784533,,gx-no-cache=1492543455007 HTTP/1.1" 200 4088
186.103.157.246 - - [18/Apr/2017:16:23:34 -0300] "GET /cormun/Manuales/ManualContratos.pdf HTTP/1.1" 200 629147
192.168.10.13 - - [18/Apr/2017:16:24:05 -0300] "GET / HTTP/1.1" 200 11217
186.103.158.250 - - [18/Apr/2017:16:24:46 -0300] "GET /cormun/servlet/trlicencias? HTTP/1.1" 200 6825
186.103.158.250 - - [18/Apr/2017:16:24:48 -0300] "GET /cormun/servlet/trlicencias? HTTP/1.1" 200 6824
192.168.10.13 - - [18/Apr/2017:16:25:05 -0300] "GET / HTTP/1.1" 200 11217
186.103.158.250 - - [18/Apr/2017:16:25:34 -0300] "GET /cormun/servlet/licenciaspermisos?INS,0,,, HTTP/1.1" 200 7369
186.103.158.250 - - [18/Apr/2017:16:25:34 -0300] "GET /cormun/static/gxcfg.js?201741111445322 HTTP/1.1" 200 953
186.103.158.250 - - [18/Apr/2017:16:25:34 -0300] "GET /cormun/static/licenciaspermisos.js?201741111445392 HTTP/1.1" 304 -
186.103.158.250 - - [18/Apr/2017:16:25:36 -0300] "GET /cormun/servlet/licenciaspermisos?INS,0,,, HTTP/1.1" 200 7369
186.103.158.250 - - [18/Apr/2017:16:25:58 -0300] "GET /cormun/servlet/licenciaspermisos?0f7fbab8d6a446f970b6178f5aa8622777b56aedd9ae0ca484361399022a73a18c35f8c95bce55c087dc66779bb58c2d,gx-no-cache=1492547097016 HTTP/1.1" 200 63
186.103.158.250 - - [18/Apr/2017:16:25:58 -0300] "POST /cormun/servlet/licenciaspermisos?12b3cee4e8fed6f4ed07dcb857108797,INS,0,,,,gx-no-cache=1492547097091 HTTP/1.1" 200 4620
192.168.10.13 - - [18/Apr/2017:16:26:05 -0300] "GET / HTTP/1.1" 200 11217
186.103.158.250 - - [18/Apr/2017:16:26:27 -0300] "GET /cormun/static/menuarrow.gif HTTP/1.1" 404 1015
192.168.10.13 - - [18/Apr/2017:16:27:05 -0300] "GET / HTTP/1.1" 200 11217
192.168.10.96 - - [18/Apr/2017:16:27:38 -0300] "GET /cormun/servlet/tratrazoscormun? HTTP/1.1" 200 11647
192.168.10.96 - - [18/Apr/2017:16:27:38 -0300] "GET /cormun/static/gxcfg.js?201731711563228 HTTP/1.1" 200 953
192.168.10.96 - - [18/Apr/2017:16:27:38 -0300] "GET /cormun/static/tratrazoscormun.js?201731711563783 HTTP/1.1" 200 27963
192.168.10.96 - - [18/Apr/2017:16:27:39 -0300] "GET /cormun/servlet/tratrazoscormun? HTTP/1.1" 200 11646
192.168.10.13 - - [18/Apr/2017:16:28:05 -0300] "GET / HTTP/1.1" 200 11217
186.103.159.46 - - [18/Apr/2017:16:28:36 -0300] "POST /cormun/servlet/tratrazos?9f27d4cba6e4b1f62fcb720c2f4c1b66,gx-no-cache=1492543779203 HTTP/1.1" 200 3808
186.103.159.46 - - [18/Apr/2017:16:28:43 -0300] "GET /cormun/servlet/atrazos?INS,0, HTTP/1.1" 200 6732
186.103.159.46 - - [18/Apr/2017:16:28:43 -0300] "GET /cormun/static/gxcfg.js?201732912141335 HTTP/1.1" 200 953
186.103.159.46 - - [18/Apr/2017:16:28:43 -0300] "GET /cormun/static/atrazos.js?201732912141379 HTTP/1.1" 200 24012
186.103.159.46 - - [18/Apr/2017:16:28:44 -0300] "GET /cormun/servlet/atrazos?INS,0, HTTP/1.1" 200 6733
186.103.159.46 - - [18/Apr/2017:16:28:47 -0300] "GET /cormun/static/Resources/resize.gif HTTP/1.1" 200 77
186.103.159.46 - - [18/Apr/2017:16:28:48 -0300] "GET /cormun/servlet/prfichaempleado?,MD,,gxPopupLevel%3D0%3B HTTP/1.1" 200 8823
186.103.159.46 - - [18/Apr/2017:16:28:48 -0300] "GET /cormun/static/gxcfg.js?2017319125415 HTTP/1.1" 200 953
186.103.159.46 - - [18/Apr/2017:16:28:48 -0300] "GET /cormun/static/menusearch.js?201610171694467 HTTP/1.1" 200 1424
186.103.159.46 - - [18/Apr/2017:16:28:48 -0300] "GET /cormun/static/hmpwkw011.js?201731711483558 HTTP/1.1" 200 1968
186.103.159.46 - - [18/Apr/2017:16:28:48 -0300] "GET /cormun/static/Resources/PXToolsMenuSearch.png HTTP/1.1" 200 2914
186.103.159.46 - - [18/Apr/2017:16:28:48 -0300] "GET /cormun/static/Resources/PXToolsMenuSearchCancel.png HTTP/1.1" 200 2972
186.103.159.46 - - [18/Apr/2017:16:28:48 -0300] "GET /cormun/static/prfichaempleado.js?20173191254344 HTTP/1.1" 200 15951
186.103.159.46 - - [18/Apr/2017:16:28:56 -0300] "GET /cormun/servlet/atrazos?670a357d030bf1e3b036d9daeefc8b3a5bdd26393d1e1eff7429af5d12e92f0498d31cb585a8f568872d99996d0e4afc,gx-no-cache=1492543799342 HTTP/1.1" 200 67
186.103.159.46 - - [18/Apr/2017:16:28:56 -0300] "GET /cormun/static/menuarrow.gif HTTP/1.1" 404 1015
192.168.10.13 - - [18/Apr/2017:16:29:05 -0300] "GET / HTTP/1.1" 200 11217
186.103.159.46 - - [18/Apr/2017:16:29:12 -0300] "GET /cormun/servlet/atrazos?670a357d030bf1e3b036d9daeefc8b3adc3fdd41efa8816af41c9438d42f1caf0da1b7eaffbec4ac42129ea1d4a0f6b9,gx-no-cache=1492543815210 HTTP/1.1" 200 33
186.103.159.46 - - [18/Apr/2017:16:29:20 -0300] "GET /cormun/servlet/atrazos?670a357d030bf1e3b036d9daeefc8b3a87083a7eeb5cf540067a5698ddb811894c058db7824d9b8a6a901acf42e1903936c9e07897ee271d61dc5197d25b57ecb85b2d825e2c7aa0ba236c4f1e8d1db53e3f53b40b002fb55e1766b9c174cb3b3b67ead08ae97db31d2433123451dc17fe39736f222ce91e3ed1146b4e71cf64fb66afc4efe45ea6f07603355b02f10313cc13bf249a26eba93d1ac63f1986ad,gx-no-cache=1492543823328 HTTP/1.1" 200 43
186.103.159.46 - - [18/Apr/2017:16:29:49 -0300] "POST /cormun/servlet/atrazos?9f27d4cba6e4b1f62fcb720c2f4c1b66,INS,0,,gx-no-cache=1492543852308 HTTP/1.1" 200 93
186.103.159.46 - - [18/Apr/2017:16:29:49 -0300] "GET /cormun/servlet/hpexe_return? HTTP/1.1" 200 1024
186.103.159.46 - - [18/Apr/2017:16:29:49 -0300] "GET /cormun/servlet/tratrazos?gx-no-cache=1492543779203 HTTP/1.1" 200 6598
186.103.159.46 - - [18/Apr/2017:16:29:50 -0300] "GET /cormun/servlet/tratrazos?gx-no-cache=1492543779203 HTTP/1.1" 200 6616
192.168.10.13 - - [18/Apr/2017:16:30:05 -0300] "GET / HTTP/1.1" 200 11217
186.103.159.46 - - [18/Apr/2017:16:30:15 -0300] "GET /cormun/servlet/tratrazosautorizar? HTTP/1.1" 200 6650
186.103.159.46 - - [18/Apr/2017:16:30:15 -0300] "GET /cormun/static/gxcfg.js?20173171156169 HTTP/1.1" 200 953
186.103.159.46 - - [18/Apr/2017:16:30:15 -0300] "GET /cormun/static/tratrazosautorizar.js?201731711562096 HTTP/1.1" 200 28636
186.103.159.46 - - [18/Apr/2017:16:30:15 -0300] "GET /cormun/servlet/tratrazosautorizar? HTTP/1.1" 200 6628
186.103.159.46 - - [18/Apr/2017:16:30:16 -0300] "POST /cormun/servlet/acontrolpreferencessavestate?None,AQUEZADA,true HTTP/1.1" 200 35
192.168.10.96 - - [18/Apr/2017:16:30:31 -0300] "GET /cormun/servlet/hlogin HTTP/1.1" 200 1742
186.103.159.46 - - [18/Apr/2017:16:30:33 -0300] "GET /cormun/servlet/trvisualizadoreventos? HTTP/1.1" 200 6732
186.103.159.46 - - [18/Apr/2017:16:30:33 -0300] "GET /cormun/static/gxcfg.js?201731711523419 HTTP/1.1" 200 953
186.103.159.46 - - [18/Apr/2017:16:30:33 -0300] "GET /cormun/static/Resources/PXToolsActionPrint.png HTTP/1.1" 200 3317
186.103.159.46 - - [18/Apr/2017:16:30:34 -0300] "GET /cormun/servlet/trvisualizadoreventos? HTTP/1.1" 200 6734
186.103.159.46 - - [18/Apr/2017:16:30:41 -0300] "GET /cormun/servlet/tratrazos? HTTP/1.1" 200 6599
186.103.159.46 - - [18/Apr/2017:16:30:41 -0300] "GET /cormun/servlet/tratrazos? HTTP/1.1" 200 6599
186.103.159.46 - - [18/Apr/2017:16:30:51 -0300] "GET /cormun/servlet/atrazos?INS,0, HTTP/1.1" 200 6737
186.103.159.46 - - [18/Apr/2017:16:30:52 -0300] "GET /cormun/servlet/atrazos?INS,0, HTTP/1.1" 200 6737
192.168.10.96 - - [18/Apr/2017:16:30:53 -0300] "POST /cormun/servlet/hlogin?651616a0ba91d284491d235945f62301,gx-no-cache=1492547126879 HTTP/1.1" 200 90
192.168.10.96 - - [18/Apr/2017:16:30:53 -0300] "GET /cormun/servlet/hpexe_link HTTP/1.1" 200 955
192.168.10.96 - - [18/Apr/2017:16:30:53 -0300] "GET /cormun/servlet/hhome HTTP/1.1" 200 4005
192.168.10.96 - - [18/Apr/2017:16:30:53 -0300] "GET /cormun/servlet/hhome HTTP/1.1" 200 4003
186.103.159.46 - - [18/Apr/2017:16:30:56 -0300] "POST /cormun/servlet/atrazos?9f27d4cba6e4b1f62fcb720c2f4c1b66,INS,0,,gx-no-cache=1492543919542 HTTP/1.1" 200 93
186.103.159.46 - - [18/Apr/2017:16:30:56 -0300] "GET /cormun/servlet/hpexe_return? HTTP/1.1" 200 1003
186.103.159.46 - - [18/Apr/2017:16:30:57 -0300] "GET /cormun/servlet/tratrazos HTTP/1.1" 200 6603
186.103.159.46 - - [18/Apr/2017:16:30:57 -0300] "GET /cormun/servlet/tratrazos HTTP/1.1" 200 6599
192.168.10.96 - - [18/Apr/2017:16:30:57 -0300] "GET /cormun/servlet/tratrazos? HTTP/1.1" 200 7587
192.168.10.96 - - [18/Apr/2017:16:30:57 -0300] "GET /cormun/static/gxcfg.js?2016111619465317 HTTP/1.1" 200 953
192.168.10.96 - - [18/Apr/2017:16:30:57 -0300] "GET /cormun/static/tratrazos.js?2016111619465747 HTTP/1.1" 304 -
192.168.10.96 - - [18/Apr/2017:16:30:58 -0300] "GET /cormun/servlet/tratrazos? HTTP/1.1" 200 7586
186.103.159.46 - - [18/Apr/2017:16:31:04 -0300] "GET /cormun/servlet/trautorizarpermisogoce? HTTP/1.1" 200 7819
186.103.159.46 - - [18/Apr/2017:16:31:04 -0300] "GET /cormun/servlet/trautorizarpermisogoce? HTTP/1.1" 200 7818
192.168.10.13 - - [18/Apr/2017:16:31:05 -0300] "GET / HTTP/1.1" 200 11217
192.168.10.96 - - [18/Apr/2017:16:31:08 -0300] "GET /cormun/servlet/tratrazosautorizar? HTTP/1.1" 200 6633
192.168.10.96 - - [18/Apr/2017:16:31:08 -0300] "GET /cormun/static/gxcfg.js?20173171156169 HTTP/1.1" 200 953
192.168.10.96 - - [18/Apr/2017:16:31:08 -0300] "GET /cormun/static/tratrazosautorizar.js?201731711562096 HTTP/1.1" 200 28636
186.103.159.46 - - [18/Apr/2017:16:31:08 -0300] "GET /cormun/servlet/trpermisosgoce? HTTP/1.1" 200 12684
186.103.159.46 - - [18/Apr/2017:16:31:09 -0300] "GET /cormun/static/gxcfg.js?20174111153177 HTTP/1.1" 304 -
186.103.159.46 - - [18/Apr/2017:16:31:09 -0300] "GET /cormun/static/trpermisosgoce.js?20174111153217 HTTP/1.1" 304 -
192.168.10.96 - - [18/Apr/2017:16:31:09 -0300] "GET /cormun/servlet/tratrazosautorizar? HTTP/1.1" 200 6633
186.103.159.46 - - [18/Apr/2017:16:31:09 -0300] "GET /cormun/servlet/trpermisosgoce? HTTP/1.1" 200 12671
192.168.10.96 - - [18/Apr/2017:16:31:13 -0300] "GET /cormun/servlet/tratrazos? HTTP/1.1" 200 7587
192.168.10.96 - - [18/Apr/2017:16:31:13 -0300] "GET /cormun/servlet/tratrazos? HTTP/1.1" 200 7586
192.168.10.96 - - [18/Apr/2017:16:31:22 -0300] "GET /cormun/servlet/tratrazos? HTTP/1.1" 200 7586
192.168.10.96 - - [18/Apr/2017:16:31:22 -0300] "GET /cormun/servlet/tratrazos? HTTP/1.1" 200 7586
186.103.159.46 - - [18/Apr/2017:16:31:22 -0300] "GET /cormun/servlet/tratrazos? HTTP/1.1" 200 6599
186.103.159.46 - - [18/Apr/2017:16:31:23 -0300] "GET /cormun/servlet/tratrazos? HTTP/1.1" 200 6599
186.103.159.46 - - [18/Apr/2017:16:31:43 -0300] "GET /cormun/servlet/trpermisosingoceautorizar? HTTP/1.1" 200 7412
186.103.159.46 - - [18/Apr/2017:16:31:43 -0300] "GET /cormun/static/gxcfg.js?201731711551926 HTTP/1.1" 200 953
186.103.159.46 - - [18/Apr/2017:16:31:43 -0300] "GET /cormun/static/trpermisosingoceautorizar.js?201731711552423 HTTP/1.1" 200 29726
186.103.159.46 - - [18/Apr/2017:16:31:44 -0300] "GET /cormun/servlet/trpermisosingoceautorizar? HTTP/1.1" 200 7412
186.103.159.46 - - [18/Apr/2017:16:31:54 -0300] "GET /cormun/servlet/tratrazos? HTTP/1.1" 200 6599
186.103.159.46 - - [18/Apr/2017:16:31:54 -0300] "GET /cormun/servlet/tratrazos? HTTP/1.1" 200 6599
192.168.10.96 - - [18/Apr/2017:16:31:55 -0300] "GET /cormun/servlet/tratrazos? HTTP/1.1" 200 7586
192.168.10.96 - - [18/Apr/2017:16:31:56 -0300] "GET /cormun/servlet/tratrazos? HTTP/1.1" 200 7586
186.103.159.46 - - [18/Apr/2017:16:32:00 -0300] "POST /cormun/servlet/tratrazos?9f27d4cba6e4b1f62fcb720c2f4c1b66,,gx-no-cache=1492543982783 HTTP/1.1" 200 3820
192.168.10.96 - - [18/Apr/2017:16:32:03 -0300] "POST /cormun/servlet/tratrazos?651616a0ba91d284491d235945f62301,,gx-no-cache=1492547196768 HTTP/1.1" 200 4875
192.168.10.13 - - [18/Apr/2017:16:32:05 -0300] "GET / HTTP/1.1" 200 11217
186.103.159.46 - - [18/Apr/2017:16:32:05 -0300] "GET /cormun/servlet/tratrazosautorizar? HTTP/1.1" 200 6632
186.103.159.46 - - [18/Apr/2017:16:32:06 -0300] "GET /cormun/servlet/tratrazosautorizar? HTTP/1.1" 200 6632
186.103.159.46 - - [18/Apr/2017:16:32:18 -0300] "GET /cormun/servlet/tratrazos? HTTP/1.1" 200 6599
186.103.159.46 - - [18/Apr/2017:16:32:18 -0300] "GET /cormun/servlet/tratrazos? HTTP/1.1" 200 6599
192.168.10.96 - - [18/Apr/2017:16:32:19 -0300] "GET /cormun/servlet/tratrazos? HTTP/1.1" 200 7586
192.168.10.96 - - [18/Apr/2017:16:32:19 -0300] "GET /cormun/servlet/tratrazos? HTTP/1.1" 200 7586
186.103.159.46 - - [18/Apr/2017:16:32:37 -0300] "POST /cormun/servlet/tratrazos?9f27d4cba6e4b1f62fcb720c2f4c1b66,,gx-no-cache=1492544019778 HTTP/1.1" 200 3816
192.168.10.13 - - [18/Apr/2017:16:33:05 -0300] "GET / HTTP/1.1" 200 11217
186.103.159.46 - - [18/Apr/2017:16:33:17 -0300] "GET /cormun/servlet/tratrazos? HTTP/1.1" 200 6599
186.103.159.46 - - [18/Apr/2017:16:33:18 -0300] "GET /cormun/servlet/tratrazos? HTTP/1.1" 200 6599
192.168.10.96 - - [18/Apr/2017:16:33:21 -0300] "GET /cormun/servlet/tratrazos? HTTP/1.1" 200 7586
192.168.10.96 - - [18/Apr/2017:16:33:22 -0300] "GET /cormun/servlet/tratrazos? HTTP/1.1" 200 7586
192.168.10.96 - - [18/Apr/2017:16:33:38 -0300] "POST /cormun/servlet/tratrazos?651616a0ba91d284491d235945f62301,,gx-no-cache=1492547291650 HTTP/1.1" 200 4875
186.103.159.46 - - [18/Apr/2017:16:33:43 -0300] "POST /cormun/servlet/tratrazos?9f27d4cba6e4b1f62fcb720c2f4c1b66,,gx-no-cache=1492544085807 HTTP/1.1" 200 3803
192.168.10.96 - - [18/Apr/2017:16:33:44 -0300] "POST /cormun/servlet/tratrazos?651616a0ba91d284491d235945f62301,,gx-no-cache=1492547298083 HTTP/1.1" 200 4875
186.103.159.46 - - [18/Apr/2017:16:33:45 -0300] "POST /cormun/servlet/tratrazos?9f27d4cba6e4b1f62fcb720c2f4c1b66,,gx-no-cache=1492544087940 HTTP/1.1" 200 3804
192.168.10.96 - - [18/Apr/2017:16:33:46 -0300] "POST /cormun/servlet/tratrazos?651616a0ba91d284491d235945f62301,,gx-no-cache=1492547299700 HTTP/1.1" 200 4875
186.103.159.46 - - [18/Apr/2017:16:33:46 -0300] "POST /cormun/servlet/tratrazos?9f27d4cba6e4b1f62fcb720c2f4c1b66,,gx-no-cache=1492544089426 HTTP/1.1" 200 3803
192.168.10.96 - - [18/Apr/2017:16:33:48 -0300] "POST /cormun/servlet/tratrazos?651616a0ba91d284491d235945f62301,,gx-no-cache=1492547301964 HTTP/1.1" 200 4875
192.168.10.96 - - [18/Apr/2017:16:33:49 -0300] "POST /cormun/servlet/tratrazos?651616a0ba91d284491d235945f62301,,gx-no-cache=1492547302599 HTTP/1.1" 200 4875
192.168.10.96 - - [18/Apr/2017:16:33:49 -0300] "POST /cormun/servlet/tratrazos?651616a0ba91d284491d235945f62301,,gx-no-cache=1492547302828 HTTP/1.1" 200 4875
192.168.10.96 - - [18/Apr/2017:16:33:49 -0300] "POST /cormun/servlet/tratrazos?651616a0ba91d284491d235945f62301,,gx-no-cache=1492547303008 HTTP/1.1" 200 4875
186.103.159.46 - - [18/Apr/2017:16:33:50 -0300] "GET /cormun/servlet/trpermisosingoceautorizar? HTTP/1.1" 200 7412
186.103.159.46 - - [18/Apr/2017:16:33:51 -0300] "GET /cormun/servlet/trpermisosingoceautorizar? HTTP/1.1" 200 7412
192.168.10.96 - - [18/Apr/2017:16:33:54 -0300] "GET /cormun/servlet/tratrazos? HTTP/1.1" 200 7586
192.168.10.96 - - [18/Apr/2017:16:33:55 -0300] "GET /cormun/servlet/tratrazos? HTTP/1.1" 200 7586
186.103.159.46 - - [18/Apr/2017:16:33:56 -0300] "GET /cormun/servlet/tratrazosautorizar? HTTP/1.1" 200 6643
186.103.159.46 - - [18/Apr/2017:16:33:56 -0300] "GET /cormun/servlet/tratrazosautorizar? HTTP/1.1" 200 6643
192.168.10.96 - - [18/Apr/2017:16:33:59 -0300] "GET /cormun/servlet/tratrazos? HTTP/1.1" 200 7586
192.168.10.96 - - [18/Apr/2017:16:33:59 -0300] "GET /cormun/servlet/tratrazos? HTTP/1.1" 200 7586
186.103.159.46 - - [18/Apr/2017:16:34:01 -0300] "POST /cormun/servlet/tratrazosautorizar?9f27d4cba6e4b1f62fcb720c2f4c1b66,,gx-no-cache=1492544104063 HTTP/1.1" 200 3982
186.103.159.46 - - [18/Apr/2017:16:34:05 -0300] "GET /cormun/servlet/tratrazos? HTTP/1.1" 200 6591
192.168.10.13 - - [18/Apr/2017:16:34:05 -0300] "GET / HTTP/1.1" 200 11217
186.103.159.46 - - [18/Apr/2017:16:34:05 -0300] "GET /cormun/servlet/tratrazos? HTTP/1.1" 200 6591
186.103.159.46 - - [18/Apr/2017:16:34:16 -0300] "POST /cormun/servlet/tratrazos?9f27d4cba6e4b1f62fcb720c2f4c1b66,,gx-no-cache=1492544119181 HTTP/1.1" 200 3810
192.168.10.96 - - [18/Apr/2017:16:34:17 -0300] "POST /cormun/servlet/tratrazos?651616a0ba91d284491d235945f62301,,gx-no-cache=1492547330976 HTTP/1.1" 200 4875
186.103.159.46 - - [18/Apr/2017:16:34:23 -0300] "POST /cormun/servlet/tratrazos?9f27d4cba6e4b1f62fcb720c2f4c1b66,,gx-no-cache=1492544125818 HTTP/1.1" 200 3810
186.103.159.46 - - [18/Apr/2017:16:34:25 -0300] "POST /cormun/servlet/tratrazos?9f27d4cba6e4b1f62fcb720c2f4c1b66,,gx-no-cache=1492544128039 HTTP/1.1" 200 3806
186.103.159.46 - - [18/Apr/2017:16:34:48 -0300] "GET /cormun/servlet/tratrazosautorizar? HTTP/1.1" 200 6632
186.103.159.46 - - [18/Apr/2017:16:34:49 -0300] "GET /cormun/servlet/tratrazosautorizar? HTTP/1.1" 200 6632
186.103.159.46 - - [18/Apr/2017:16:34:53 -0300] "POST /cormun/servlet/tratrazosautorizar?9f27d4cba6e4b1f62fcb720c2f4c1b66,,gx-no-cache=1492544156130 HTTP/1.1" 200 3965
192.168.10.96 - - [18/Apr/2017:16:34:56 -0300] "GET /cormun/servlet/tratrazosautorizar? HTTP/1.1" 200 6633
192.168.10.96 - - [18/Apr/2017:16:34:57 -0300] "GET /cormun/servlet/tratrazosautorizar? HTTP/1.1" 200 6633
186.103.159.46 - - [18/Apr/2017:16:35:00 -0300] "GET /cormun/servlet/tratrazos? HTTP/1.1" 200 6591
186.103.159.46 - - [18/Apr/2017:16:35:01 -0300] "GET /cormun/servlet/tratrazos? HTTP/1.1" 200 6591
192.168.10.13 - - [18/Apr/2017:16:35:05 -0300] "GET / HTTP/1.1" 200 11217
192.168.10.96 - - [18/Apr/2017:16:35:08 -0300] "POST /cormun/servlet/tratrazosautorizar?651616a0ba91d284491d235945f62301,,gx-no-cache=1492547381892 HTTP/1.1" 200 3963
192.168.10.96 - - [18/Apr/2017:16:35:10 -0300] "GET /cormun/servlet/tratrazos? HTTP/1.1" 200 7587
192.168.10.96 - - [18/Apr/2017:16:35:10 -0300] "GET /cormun/servlet/tratrazos? HTTP/1.1" 200 7586
186.103.159.46 - - [18/Apr/2017:16:35:14 -0300] "POST /cormun/servlet/tratrazos?9f27d4cba6e4b1f62fcb720c2f4c1b66,,gx-no-cache=1492544176888 HTTP/1.1" 200 3811
192.168.10.96 - - [18/Apr/2017:16:35:20 -0300] "POST /cormun/servlet/tratrazos?651616a0ba91d284491d235945f62301,,gx-no-cache=1492547394134 HTTP/1.1" 200 4881
186.103.159.46 - - [18/Apr/2017:16:35:23 -0300] "GET /cormun/servlet/hlogin HTTP/1.1" 200 1727
186.103.159.46 - - [18/Apr/2017:16:35:36 -0300] "POST /cormun/servlet/hlogin?9f27d4cba6e4b1f62fcb720c2f4c1b66,gx-no-cache=1492544198968 HTTP/1.1" 200 90
186.103.159.46 - - [18/Apr/2017:16:35:36 -0300] "GET /cormun/servlet/hpexe_link HTTP/1.1" 200 958
186.103.159.46 - - [18/Apr/2017:16:35:36 -0300] "GET /cormun/servlet/tratrazos? HTTP/1.1" 200 6592
186.103.159.46 - - [18/Apr/2017:16:35:37 -0300] "GET /cormun/servlet/tratrazos? HTTP/1.1" 200 6591
186.103.159.46 - - [18/Apr/2017:16:35:40 -0300] "POST /cormun/servlet/tratrazos?9f27d4cba6e4b1f62fcb720c2f4c1b66,,gx-no-cache=1492544202578 HTTP/1.1" 200 3804
186.103.159.46 - - [18/Apr/2017:16:35:45 -0300] "GET /cormun/static/menuarrow.gif HTTP/1.1" 404 1015
186.103.159.46 - - [18/Apr/2017:16:35:48 -0300] "POST /cormun/servlet/tratrazos?9f27d4cba6e4b1f62fcb720c2f4c1b66,,gx-no-cache=1492544211669 HTTP/1.1" 200 4662
192.168.10.96 - - [18/Apr/2017:16:35:52 -0300] "POST /cormun/servlet/tratrazos?651616a0ba91d284491d235945f62301,,gx-no-cache=1492547425921 HTTP/1.1" 200 4881
192.168.10.62 - - [18/Apr/2017:16:36:02 -0300] "GET /cormun/servlet/hlogin HTTP/1.1" 200 1751
186.103.157.246 - - [18/Apr/2017:16:36:03 -0300] "GET /cormun/servlet/trautorizarsolicitud? HTTP/1.1" 200 6861
186.103.157.246 - - [18/Apr/2017:16:36:05 -0300] "GET /cormun/servlet/trautorizarsolicitud? HTTP/1.1" 200 6861
192.168.10.13 - - [18/Apr/2017:16:36:05 -0300] "GET / HTTP/1.1" 200 11217
192.168.10.96 - - [18/Apr/2017:16:36:16 -0300] "GET /cormun/servlet/aatrasoprn?70,PU HTTP/1.1" 200 1574
186.103.157.246 - - [18/Apr/2017:16:36:24 -0300] "GET /cormun/Manuales/InstructivoDirector.pdf HTTP/1.1" 200 352207
192.168.10.96 - - [18/Apr/2017:16:36:27 -0300] "GET /cormun/servlet/aatrasoprn?70,PU HTTP/1.1" 200 1576
192.168.10.13 - - [18/Apr/2017:16:37:05 -0300] "GET / HTTP/1.1" 200 11217
192.168.10.96 - - [18/Apr/2017:16:37:06 -0300] "GET /cormun/servlet/aatrasoprn?70,PU HTTP/1.1" 200 1573
192.168.10.96 - - [18/Apr/2017:16:37:17 -0300] "GET /cormun/servlet/aatrasoprn?70,PU HTTP/1.1" 200 1574
186.103.159.46 - - [18/Apr/2017:16:37:20 -0300] "GET /cormun/servlet/aatrasoprn?70,PU HTTP/1.1" 200 1574
192.168.10.89 - - [18/Apr/2017:16:37:47 -0300] "GET /cormun/servlet/hlogin HTTP/1.1" 200 1760
192.168.10.89 - - [18/Apr/2017:16:37:58 -0300] "POST /cormun/servlet/hlogin?618ca7cd6f130f2b6aba972c3c46edcf,gx-no-cache=1492547552078 HTTP/1.1" 200 90
192.168.10.89 - - [18/Apr/2017:16:37:58 -0300] "GET /cormun/servlet/hpexe_link HTTP/1.1" 200 950
192.168.10.89 - - [18/Apr/2017:16:37:59 -0300] "GET /cormun/servlet/hhome HTTP/1.1" 200 4447
192.168.10.96 - - [18/Apr/2017:16:38:01 -0300] "GET /cormun/servlet/aatrasoprn?70,PU HTTP/1.1" 200 1575
192.168.10.13 - - [18/Apr/2017:16:38:05 -0300] "GET / HTTP/1.1" 200 11217
192.168.10.89 - - [18/Apr/2017:16:38:13 -0300] "GET /cormun/servlet/trsolicitudgral? HTTP/1.1" 200 25460
192.168.10.89 - - [18/Apr/2017:16:38:26 -0300] "GET /cormun/static/menuarrow.gif HTTP/1.1" 404 1015
192.168.10.89 - - [18/Apr/2017:16:38:36 -0300] "POST /cormun/servlet/trsolicitudgral?618ca7cd6f130f2b6aba972c3c46edcf,,gx-no-cache=1492547590215 HTTP/1.1" 200 8156
192.168.10.96 - - [18/Apr/2017:16:38:42 -0300] "GET /cormun/servlet/atrazos?DLT,70, HTTP/1.1" 200 6612
192.168.10.96 - - [18/Apr/2017:16:38:42 -0300] "GET /cormun/static/gxcfg.js?201732912141335 HTTP/1.1" 200 953
192.168.10.96 - - [18/Apr/2017:16:38:42 -0300] "GET /cormun/static/atrazos.js?201732912141379 HTTP/1.1" 304 -
192.168.10.96 - - [18/Apr/2017:16:38:43 -0300] "GET /cormun/static/Shared/jqueryui/images/ui-icons_82798d_256x240.png HTTP/1.1" 404 1089
192.168.10.96 - - [18/Apr/2017:16:38:43 -0300] "GET /cormun/static/Shared/jqueryui/images/ui-bg_highlight-soft_100_c6c2c8_1x100.png HTTP/1.1" 404 1117
192.168.10.96 - - [18/Apr/2017:16:38:43 -0300] "GET /cormun/static/Shared/jqueryui/images/ui-bg_flat_55_fafafa_40x100.png HTTP/1.1" 404 1097
192.168.10.96 - - [18/Apr/2017:16:38:43 -0300] "GET /cormun/static/Shared/jqueryui/images/ui-icons_8d78a5_256x240.png HTTP/1.1" 404 1089
192.168.10.96 - - [18/Apr/2017:16:38:43 -0300] "GET /cormun/servlet/atrazos?DLT,70, HTTP/1.1" 200 6613
192.168.10.96 - - [18/Apr/2017:16:38:44 -0300] "POST /cormun/servlet/atrazos?651616a0ba91d284491d235945f62301,DLT,70,,gx-no-cache=1492547598531 HTTP/1.1" 200 93
192.168.10.96 - - [18/Apr/2017:16:38:45 -0300] "GET /cormun/servlet/hpexe_return? HTTP/1.1" 200 1007
192.168.10.96 - - [18/Apr/2017:16:38:45 -0300] "GET /cormun/servlet/tratrazos? HTTP/1.1" 200 6799
192.168.10.96 - - [18/Apr/2017:16:38:45 -0300] "GET /cormun/servlet/tratrazos? HTTP/1.1" 200 6795
186.103.159.46 - - [18/Apr/2017:16:38:49 -0300] "GET /cormun/servlet/trpermisosingoceautorizar? HTTP/1.1" 200 7412
186.103.159.46 - - [18/Apr/2017:16:38:50 -0300] "GET /cormun/servlet/trpermisosingoceautorizar? HTTP/1.1" 200 7412
192.168.10.96 - - [18/Apr/2017:16:38:56 -0300] "GET /cormun/servlet/trpermisosgoce? HTTP/1.1" 200 12661
192.168.10.96 - - [18/Apr/2017:16:38:56 -0300] "GET /cormun/static/gxcfg.js?20174111153177 HTTP/1.1" 304 -
192.168.10.96 - - [18/Apr/2017:16:38:56 -0300] "GET /cormun/static/trpermisosgoce.js?20174111153217 HTTP/1.1" 304 -
192.168.10.96 - - [18/Apr/2017:16:38:56 -0300] "GET /cormun/servlet/trpermisosgoce? HTTP/1.1" 200 12668
192.168.10.13 - - [18/Apr/2017:16:39:05 -0300] "GET / HTTP/1.1" 200 11217
186.103.159.46 - - [18/Apr/2017:16:39:07 -0300] "POST /cormun/servlet/trpermisosingoceautorizar?9f27d4cba6e4b1f62fcb720c2f4c1b66,,gx-no-cache=1492544409857 HTTP/1.1" 200 4780
186.103.159.46 - - [18/Apr/2017:16:39:07 -0300] "GET /cormun/static/Shared/jqueryui/images/ui-bg_highlight-soft_100_c6c2c8_1x100.png HTTP/1.1" 404 1117
186.103.159.46 - - [18/Apr/2017:16:39:07 -0300] "GET /cormun/static/Shared/jqueryui/images/ui-icons_82798d_256x240.png HTTP/1.1" 404 1089
186.103.159.46 - - [18/Apr/2017:16:39:07 -0300] "GET /cormun/static/Shared/jqueryui/images/ui-bg_flat_55_fafafa_40x100.png HTTP/1.1" 404 1097
186.103.159.46 - - [18/Apr/2017:16:39:07 -0300] "GET /cormun/static/Shared/jqueryui/images/ui-icons_8d78a5_256x240.png HTTP/1.1" 404 1089
192.168.10.96 - - [18/Apr/2017:16:39:13 -0300] "GET /cormun/servlet/hlogin HTTP/1.1" 200 1744
186.103.158.250 - - [18/Apr/2017:16:39:30 -0300] "GET /cormun/servlet/licenciaspermisos?0f7fbab8d6a446f970b6178f5aa862275fdc87c424482b15ce420a59e974b69dbfdc39af49f8ea5d7fa171df6b88d87dc77c5492f247b0f683ffb41054c65281e20e9197afbab669336674caf06566d3be720ed983f4243cf2ac38dd2b337fca42d3ac5caf197b16090537fc5d8f1b4215a89617d6075cdba8bb4aa4f626db31889de0199e017d551880fd6bc228b41bc39d3ba9acf0dec78455b045f8efd4cd5988f3f1620f92cd43c2596ff0111fc6,gx-no-cache=1492547909136 HTTP/1.1" 200 30
186.103.158.250 - - [18/Apr/2017:16:39:30 -0300] "GET /cormun/servlet/licenciaspermisos?0f7fbab8d6a446f970b6178f5aa86227737520d45717209b7f82cfd4a5e6c56482cbc3c570f4fc93e7b6edb95ece451adb40245c83c76602b100c552b990295ca32fd04a61f5f63b79cb9386644a64bafd99e858870030276cda28ae52e182a7f33186efb159370d9923ec71f27251a45b8ede4b63d321f9d46cc2295628d2293ff1b32ff7647897e2671bc80fdc216e41f876ab968fede115f76f97366b2bd7ac34dabd3dc0ae3371ec9023d7fae8b9,gx-no-cache=1492547909211 HTTP/1.1" 200 29
186.103.158.250 - - [18/Apr/2017:16:39:30 -0300] "POST /cormun/servlet/licenciaspermisos?12b3cee4e8fed6f4ed07dcb857108797,INS,0,,,,gx-no-cache=1492547909251 HTTP/1.1" 200 93
186.103.158.250 - - [18/Apr/2017:16:39:30 -0300] "GET /cormun/servlet/hpexe_return? HTTP/1.1" 200 1012
192.168.10.96 - - [18/Apr/2017:16:39:31 -0300] "POST /cormun/servlet/hlogin?651616a0ba91d284491d235945f62301,gx-no-cache=1492547644667 HTTP/1.1" 200 90
192.168.10.96 - - [18/Apr/2017:16:39:31 -0300] "GET /cormun/servlet/hpexe_link HTTP/1.1" 200 955
192.168.10.96 - - [18/Apr/2017:16:39:31 -0300] "GET /cormun/servlet/hhome HTTP/1.1" 200 4267
186.103.158.250 - - [18/Apr/2017:16:39:31 -0300] "GET /cormun/servlet/trlicencias HTTP/1.1" 200 8004
192.168.10.96 - - [18/Apr/2017:16:39:31 -0300] "GET /cormun/servlet/hhome HTTP/1.1" 200 4264
186.103.158.250 - - [18/Apr/2017:16:39:32 -0300] "GET /cormun/servlet/trlicencias HTTP/1.1" 200 8000
186.103.158.250 - - [18/Apr/2017:16:39:38 -0300] "GET /cormun/servlet/trlicenciaspermisosadjuntos?15125298,20170418000000,L, HTTP/1.1" 200 6322
186.103.158.250 - - [18/Apr/2017:16:39:39 -0300] "GET /cormun/static/gxcfg.js?20173171154619 HTTP/1.1" 304 -
192.168.10.89 - - [18/Apr/2017:16:39:39 -0300] "GET /cormun/servlet/solicitudgral?UPD,2017,6133, HTTP/1.1" 200 12247
186.103.158.250 - - [18/Apr/2017:16:39:40 -0300] "GET /cormun/servlet/trlicenciaspermisosadjuntos?15125298,20170418000000,L, HTTP/1.1" 200 6322
192.168.10.89 - - [18/Apr/2017:16:39:41 -0300] "POST /cormun/servlet/solicitudgral?gx-no-cache=1492547655164 HTTP/1.1" 200 3190
192.168.10.89 - - [18/Apr/2017:16:39:41 -0300] "GET /cormun/servlet/solicitudgral?927884923551670be2d6f82a1bb23c24688c90c446f0abe47b7780c475f59aba8fc0ff0f4196a9ee1d2fcf36c2c30b026902aa88fd9196547101deb15adf3b33c78bde56bff0d903ff35425d7c3ccd4cc8a2bbb53e90b3ba903105f36993e4e6a1235fb15c6dee776c45ee7e29467ea3d227d0c069925fe0747d88b54d98dfbe6bc90354b624760717195084aa2c121c00246e4f7c52ae93b653ef18af7c9fc8a4123436d8b1bc95bce61b0a88c1b6835ae709c489b835632c4887baed2aa7582839218cf3124d15fc44f66839eee9bc0cef4cfa07aaf3fbb7f82a283a66bd58db81b7e009ea8f4d29da7787faca84f343aec72c73ab68e7c7fd3bdc3bed505d348a2de7ff5d12f95a60d3db09f1f232b443ee3e285f8cdb44f5e9420c7b62f9ce4216aa9c6db2949f5ab677163f8c4c622331e36b9ce200ec2291cc518ec12ea864a50bcf2d02686933e6176443e060,gx-no-cache=1492547655369 HTTP/1.1" 200 298
186.103.159.46 - - [18/Apr/2017:16:39:45 -0300] "GET /cormun/static/menuarrow.gif HTTP/1.1" 404 1015
192.168.10.89 - - [18/Apr/2017:16:39:53 -0300] "GET /cormun/servlet/solicitudgral?927884923551670be2d6f82a1bb23c2455bc3889d402d8c16c9386c31c7280b365e6cb9d7bd20a76d9336cafa59c81078e0ad489f329401abf4f13f1f4a8c578970554461c0ba40c8f655ae1ba0e1c8407d2a24d79093711ace28398eb7bbfa07b2ddd4ae98921cda2937841515ecc3f230f9c26d64679ffaa8e25264aa346d21858a6f52357cdc258e6c2b00374700b822271f138a571fcd53d5b7c1aa04fa54042913fb18c195241ab731df230e55cae8647089cb8cc5e1bbaf24bc18543255e337f208d63dded8aee5801298ce3270a2812e231aa060b5631860cdc308370ec6fe3ceacb524401b02888bda3878ff3008d6521d212b200dbbe95d2891e666efa3544fac9c54d3450790db819a21e0d851ec05e9df61ba5877be70702246007f836330b6b857c888af813b6238ec41f5958e18fb74938b763441ef844ba97822425a1323c06a4781ad2d18397449c0d9982438f2636e4626226f844026691d9a5a91eeac7d24fca71ec9b568307bf7aa2b6afc1d251107a38eec3a3ac8378f88ce515c6d3bfb2bbc5205ae871f218880429f7482081e35254a5823c5e52306a39d39f0402a661b975ebb16157aefa00152933f74f25bb4bcd9476676a418d28280746ea142279584cac62b8eb18b4b14bf824b9623effd3324165b1698d5bdec1a821f3da2bc1af261d152c12117466bc38e987dc150cbe14cacefdbb894bba36dbd1cfbd100a2da98ac80057368a0fd764800f6cdd7fa211336b5a6d7ad011265e4930270502e5bd00e58b5970b5f,gx-no-cache=1492547667232 HTTP/1.1" 200 48
192.168.10.89 - - [18/Apr/2017:16:39:53 -0300] "POST /cormun/servlet/solicitudgral?618ca7cd6f130f2b6aba972c3c46edcf,UPD,2017,6133,,gx-no-cache=1492547667267 HTTP/1.1" 200 10634
192.168.10.89 - - [18/Apr/2017:16:39:53 -0300] "GET /cormun/servlet/solicitudgral?927884923551670be2d6f82a1bb23c24d3a08d1885c3aaa6b1a93e02b53693f31daa45df102c09f6b79b039ab222d550d479131fab2314bf5b9961fcd545d4b131249a22802c23f0d7205792b37a99c4b9c025fbcc60c3128400047e76f72eadb0eb0d0f0d556ef7348b299be01cf03f,gx-no-cache=1492547667477 HTTP/1.1" 200 29
192.168.10.89 - - [18/Apr/2017:16:39:53 -0300] "POST /cormun/servlet/solicitudgral?gx-no-cache=1492547667498 HTTP/1.1" 200 1249
192.168.10.89 - - [18/Apr/2017:16:39:53 -0300] "POST /cormun/servlet/solicitudgral?gx-no-cache=1492547667534 HTTP/1.1" 200 1154
192.168.10.89 - - [18/Apr/2017:16:39:54 -0300] "POST /cormun/servlet/solicitudgral?618ca7cd6f130f2b6aba972c3c46edcf,UPD,2017,6133,,gx-no-cache=1492547667574 HTTP/1.1" 200 93
192.168.10.89 - - [18/Apr/2017:16:39:54 -0300] "GET /cormun/servlet/hpexe_return? HTTP/1.1" 200 1011
192.168.10.89 - - [18/Apr/2017:16:39:54 -0300] "GET /cormun/servlet/trsolicitudgral? HTTP/1.1" 200 11454
192.168.10.13 - - [18/Apr/2017:16:40:05 -0300] "GET / HTTP/1.1" 200 11217
192.168.10.89 - - [18/Apr/2017:16:40:07 -0300] "POST /cormun/servlet/trsolicitudgral?618ca7cd6f130f2b6aba972c3c46edcf,,gx-no-cache=1492547681138 HTTP/1.1" 200 7867
192.168.10.89 - - [18/Apr/2017:16:40:07 -0300] "GET /cormun/static/Shared/jqueryui/images/ui-bg_flat_55_fafafa_40x100.png HTTP/1.1" 404 1097
192.168.10.89 - - [18/Apr/2017:16:40:07 -0300] "GET /cormun/static/Shared/jqueryui/images/ui-bg_highlight-soft_100_c6c2c8_1x100.png HTTP/1.1" 404 1117
192.168.10.89 - - [18/Apr/2017:16:40:07 -0300] "GET /cormun/static/Shared/jqueryui/images/ui-icons_8d78a5_256x240.png HTTP/1.1" 404 1089
192.168.10.89 - - [18/Apr/2017:16:40:07 -0300] "GET /cormun/static/Shared/jqueryui/images/ui-icons_82798d_256x240.png HTTP/1.1" 404 1089
192.168.10.89 - - [18/Apr/2017:16:41:00 -0300] "POST /cormun/servlet/trsolicitudgral?618ca7cd6f130f2b6aba972c3c46edcf,,gx-no-cache=1492547733864 HTTP/1.1" 200 7494
192.168.10.13 - - [18/Apr/2017:16:41:05 -0300] "GET / HTTP/1.1" 200 11217
186.9.135.70 - - [18/Apr/2017:16:41:38 -0300] "POST /cormun/servlet/veautorizarsolicitud?becd80ab57fb7f1f43f76336ace802de,2017,6134,,General,gx-no-cache=1492544562254 HTTP/1.1" 200 90
186.9.135.70 - - [18/Apr/2017:16:41:38 -0300] "GET /cormun/servlet/hpexe_link HTTP/1.1" 200 970
186.9.135.70 - - [18/Apr/2017:16:41:38 -0300] "GET /cormun/servlet/trautorizarsolicitud? HTTP/1.1" 200 10385
186.9.135.70 - - [18/Apr/2017:16:41:41 -0300] "GET /cormun/servlet/trautorizarsolicitud? HTTP/1.1" 200 10384
186.9.135.70 - - [18/Apr/2017:16:41:46 -0300] "GET /cormun/servlet/veautorizarsolicitud?2017,6130,, HTTP/1.1" 200 8170
186.9.135.70 - - [18/Apr/2017:16:41:46 -0300] "GET /cormun/pexe_scrolldiv.js HTTP/1.1" 404 1009
186.9.135.70 - - [18/Apr/2017:16:41:46 -0300] "GET /cormun/pexe_scrolldiv.js HTTP/1.1" 404 1009
186.9.135.70 - - [18/Apr/2017:16:41:47 -0300] "GET /cormun/servlet/veautorizarsolicitud?2017,6130,, HTTP/1.1" 200 8168
192.168.10.13 - - [18/Apr/2017:16:42:05 -0300] "GET / HTTP/1.1" 200 11217
192.168.10.13 - - [18/Apr/2017:16:43:05 -0300] "GET / HTTP/1.1" 200 11217
192.168.10.89 - - [18/Apr/2017:16:43:21 -0300] "GET /cormun/servlet/solicitudgral2?UPD,2017,6130, HTTP/1.1" 200 12370
192.168.10.89 - - [18/Apr/2017:16:43:23 -0300] "POST /cormun/servlet/solicitudgral2?gx-no-cache=1492547876699 HTTP/1.1" 200 3163
192.168.10.89 - - [18/Apr/2017:16:43:23 -0300] "GET /cormun/servlet/solicitudgral2?927884923551670be2d6f82a1bb23c24688c90c446f0abe47b7780c475f59aba8fc0ff0f4196a9ee1d2fcf36c2c30b026902aa88fd9196547101deb15adf3b33c78bde56bff0d903ff35425d7c3ccd4c7587f2974c216460711dcb4c11c7e43ca1235fb15c6dee776c45ee7e29467ea3d227d0c069925fe0747d88b54d98dfbe6bc90354b624760717195084aa2c121c00246e4f7c52ae93b653ef18af7c9fc8a4123436d8b1bc95bce61b0a88c1b6835ae709c489b835632c4887baed2aa7582839218cf3124d15fc44f66839eee9bc0cef4cfa07aaf3fbb7f82a283a66bd58db81b7e009ea8f4d29da7787faca84f343aec72c73ab68e7c7fd3bdc3bed505d348a2de7ff5d12f95a60d3db09f1f232b443ee3e285f8cdb44f5e9420c7b62f9ce4216aa9c6db2949f5ab677163f8c4c622331e36b9ce200ec2291cc518ec12ea864a50bcf2d02686933e6176443e060,gx-no-cache=1492547876954 HTTP/1.1" 200 257
192.168.10.89 - - [18/Apr/2017:16:43:23 -0300] "POST /cormun/servlet/solicitudgral2?gx-no-cache=1492547876995 HTTP/1.1" 200 1353
192.168.10.89 - - [18/Apr/2017:16:43:23 -0300] "GET /cormun/servlet/solicitudgral2?927884923551670be2d6f82a1bb23c24a8d43e795195953835c88e7ef82ff07d9d516a66292211c4172a38f3fd0ad5996902aa88fd9196547101deb15adf3b3371489f91dc66a640b810561853ed713a6ea71ce93579e4c6665e50b35184240e6e43fae1a61553c177a020753d3e7de4,gx-no-cache=1492547877038 HTTP/1.1" 200 41
192.168.10.89 - - [18/Apr/2017:16:43:36 -0300] "POST /cormun/servlet/solicitudgral2?618ca7cd6f130f2b6aba972c3c46edcf,UPD,2017,6130,,gx-no-cache=1492547890325 HTTP/1.1" 200 10636
192.168.10.89 - - [18/Apr/2017:16:43:38 -0300] "GET /cormun/servlet/solicitudgral2?927884923551670be2d6f82a1bb23c24fcc835bda6b146f27f6120d7c269aff51daa45df102c09f6b79b039ab222d550525ac55a14456bb40cfcc2484c101899d9360c8a71b41e2def42a8c795edcd189fea0aa6d7cb184cc375b702a558b13f5b979199b528ab6197a365ae049122a9458de454cb43f64af64f0ae9e362cb3329739f70ccb4fd6f5a251f75dd643cb409edab46068b90c79b63dafdfc628c5b,gx-no-cache=1492547892489 HTTP/1.1" 200 29
192.168.10.89 - - [18/Apr/2017:16:43:38 -0300] "POST /cormun/servlet/solicitudgral2?gx-no-cache=1492547892517 HTTP/1.1" 200 1249
192.168.10.89 - - [18/Apr/2017:16:43:38 -0300] "POST /cormun/servlet/solicitudgral2?gx-no-cache=1492547892558 HTTP/1.1" 200 1154
192.168.10.89 - - [18/Apr/2017:16:43:43 -0300] "GET /cormun/servlet/solicitudgral2?927884923551670be2d6f82a1bb23c248481fe6ebef7d748ddd079d8e3d90c471f0b47a02cf6aeb88e9bc483bdd3702ed63312deb888a4d320544e8503692d47d22adfafd33de6a51bfe8eca38585370bff191c240dee6435d35fe325b8714a49dd1fa97871fb3d68c3506785b17b0df0c19f98eff9d427002740d1639f7a3dc,gx-no-cache=1492547897526 HTTP/1.1" 200 30
192.168.10.89 - - [18/Apr/2017:16:43:44 -0300] "POST /cormun/servlet/solicitudgral2?618ca7cd6f130f2b6aba972c3c46edcf,UPD,2017,6130,,gx-no-cache=1492547897560 HTTP/1.1" 200 93
192.168.10.89 - - [18/Apr/2017:16:43:44 -0300] "GET /cormun/servlet/hpexe_return? HTTP/1.1" 200 1012
192.168.10.89 - - [18/Apr/2017:16:43:44 -0300] "GET /cormun/servlet/trsolicitudgral? HTTP/1.1" 200 10758
192.168.10.89 - - [18/Apr/2017:16:43:52 -0300] "POST /cormun/servlet/trsolicitudgral?618ca7cd6f130f2b6aba972c3c46edcf,,gx-no-cache=1492547906106 HTTP/1.1" 200 7174
192.168.10.89 - - [18/Apr/2017:16:43:52 -0300] "GET /cormun/static/Shared/jqueryui/images/ui-icons_82798d_256x240.png HTTP/1.1" 404 1089
192.168.10.89 - - [18/Apr/2017:16:43:52 -0300] "GET /cormun/static/Shared/jqueryui/images/ui-bg_highlight-soft_100_c6c2c8_1x100.png HTTP/1.1" 404 1117
192.168.10.89 - - [18/Apr/2017:16:43:52 -0300] "GET /cormun/static/Shared/jqueryui/images/ui-bg_flat_55_fafafa_40x100.png HTTP/1.1" 404 1097
192.168.10.89 - - [18/Apr/2017:16:43:52 -0300] "GET /cormun/static/Shared/jqueryui/images/ui-icons_8d78a5_256x240.png HTTP/1.1" 404 1089
192.168.10.13 - - [18/Apr/2017:16:44:05 -0300] "GET / HTTP/1.1" 200 11217
192.168.10.89 - - [18/Apr/2017:16:44:09 -0300] "GET /cormun/servlet/solicitudgral2?UPD,2017,6134, HTTP/1.1" 200 12397
192.168.10.89 - - [18/Apr/2017:16:44:11 -0300] "POST /cormun/servlet/solicitudgral2?gx-no-cache=1492547925453 HTTP/1.1" 200 3181
192.168.10.89 - - [18/Apr/2017:16:44:12 -0300] "GET /cormun/servlet/solicitudgral2?927884923551670be2d6f82a1bb23c24688c90c446f0abe47b7780c475f59aba8fc0ff0f4196a9ee1d2fcf36c2c30b026902aa88fd9196547101deb15adf3b33c78bde56bff0d903ff35425d7c3ccd4c6bdf71a798507561d02a67f73004ddf1a1235fb15c6dee776c45ee7e29467ea3d227d0c069925fe0747d88b54d98dfbe6bc90354b624760717195084aa2c121c00246e4f7c52ae93b653ef18af7c9fc8a4123436d8b1bc95bce61b0a88c1b6835ae709c489b835632c4887baed2aa7582839218cf3124d15fc44f66839eee9bc0cef4cfa07aaf3fbb7f82a283a66bd58db81b7e009ea8f4d29da7787faca84f343aec72c73ab68e7c7fd3bdc3bed505d348a2de7ff5d12f95a60d3db09f1f232b443ee3e285f8cdb44f5e9420c7b62f9ce4216aa9c6db2949f5ab677163f8c4c622331e36b9ce200ec2291cc518ec12ea864a50bcf2d02686933e6176443e060,gx-no-cache=1492547925696 HTTP/1.1" 200 258
192.168.10.89 - - [18/Apr/2017:16:44:12 -0300] "POST /cormun/servlet/solicitudgral2?gx-no-cache=1492547925725 HTTP/1.1" 200 1353
192.168.10.89 - - [18/Apr/2017:16:44:12 -0300] "GET /cormun/servlet/solicitudgral2?927884923551670be2d6f82a1bb23c24a8d43e795195953835c88e7ef82ff07d9d516a66292211c4172a38f3fd0ad5996902aa88fd9196547101deb15adf3b3371489f91dc66a640b810561853ed713a6ea71ce93579e4c6665e50b35184240e6e43fae1a61553c177a020753d3e7de4,gx-no-cache=1492547925767 HTTP/1.1" 200 41
192.168.10.89 - - [18/Apr/2017:16:44:18 -0300] "POST /cormun/servlet/solicitudgral2?618ca7cd6f130f2b6aba972c3c46edcf,UPD,2017,6134,,gx-no-cache=1492547932449 HTTP/1.1" 200 10636
192.168.10.89 - - [18/Apr/2017:16:44:19 -0300] "GET /cormun/servlet/solicitudgral2?927884923551670be2d6f82a1bb23c24fcc835bda6b146f27f6120d7c269aff51daa45df102c09f6b79b039ab222d550525ac55a14456bb40cfcc2484c101899d9360c8a71b41e2def42a8c795edcd189fea0aa6d7cb184cc375b702a558b13f5b979199b528ab6197a365ae049122a9458de454cb43f64af64f0ae9e362cb3329739f70ccb4fd6f5a251f75dd643cb409edab46068b90c79b63dafdfc628c5b,gx-no-cache=1492547932704 HTTP/1.1" 200 29
192.168.10.89 - - [18/Apr/2017:16:44:19 -0300] "POST /cormun/servlet/solicitudgral2?gx-no-cache=1492547932726 HTTP/1.1" 200 1248
192.168.10.89 - - [18/Apr/2017:16:44:19 -0300] "POST /cormun/servlet/solicitudgral2?gx-no-cache=1492547932761 HTTP/1.1" 200 1155
192.168.10.89 - - [18/Apr/2017:16:44:24 -0300] "GET /cormun/servlet/solicitudgral2?927884923551670be2d6f82a1bb23c248481fe6ebef7d748ddd079d8e3d90c471f0b47a02cf6aeb88e9bc483bdd3702ed63312deb888a4d320544e8503692d47d22adfafd33de6a51bfe8eca38585370bff191c240dee6435d35fe325b8714a49dd1fa97871fb3d68c3506785b17b0df0c19f98eff9d427002740d1639f7a3dc,gx-no-cache=1492547938324 HTTP/1.1" 200 30
192.168.10.89 - - [18/Apr/2017:16:44:24 -0300] "POST /cormun/servlet/solicitudgral2?618ca7cd6f130f2b6aba972c3c46edcf,UPD,2017,6134,,gx-no-cache=1492547938357 HTTP/1.1" 200 93
192.168.10.89 - - [18/Apr/2017:16:44:24 -0300] "GET /cormun/servlet/hpexe_return? HTTP/1.1" 200 1012
192.168.10.89 - - [18/Apr/2017:16:44:25 -0300] "GET /cormun/servlet/trsolicitudgral? HTTP/1.1" 200 10443
192.168.10.89 - - [18/Apr/2017:16:44:33 -0300] "POST /cormun/servlet/trsolicitudgral?618ca7cd6f130f2b6aba972c3c46edcf,,gx-no-cache=1492547947315 HTTP/1.1" 200 6757
192.168.10.89 - - [18/Apr/2017:16:44:34 -0300] "GET /cormun/static/Shared/jqueryui/images/ui-bg_highlight-soft_100_c6c2c8_1x100.png HTTP/1.1" 404 1117
192.168.10.89 - - [18/Apr/2017:16:44:34 -0300] "GET /cormun/static/Shared/jqueryui/images/ui-icons_82798d_256x240.png HTTP/1.1" 404 1089
192.168.10.89 - - [18/Apr/2017:16:44:34 -0300] "GET /cormun/static/Shared/jqueryui/images/ui-icons_8d78a5_256x240.png HTTP/1.1" 404 1089
192.168.10.89 - - [18/Apr/2017:16:44:34 -0300] "GET /cormun/static/Shared/jqueryui/images/ui-bg_flat_55_fafafa_40x100.png HTTP/1.1" 404 1097
192.168.10.89 - - [18/Apr/2017:16:44:47 -0300] "POST /cormun/servlet/trsolicitudgral?618ca7cd6f130f2b6aba972c3c46edcf,,gx-no-cache=1492547961238 HTTP/1.1" 200 8735
192.168.10.13 - - [18/Apr/2017:16:45:05 -0300] "GET / HTTP/1.1" 200 11217
192.168.10.13 - - [18/Apr/2017:16:46:05 -0300] "GET / HTTP/1.1" 200 11217
186.103.158.250 - - [18/Apr/2017:16:46:48 -0300] "GET /cormun/servlet/trlicencias HTTP/1.1" 200 8004
186.103.158.250 - - [18/Apr/2017:16:46:50 -0300] "GET /cormun/servlet/trlicencias HTTP/1.1" 200 8000
192.168.10.13 - - [18/Apr/2017:16:47:05 -0300] "GET / HTTP/1.1" 200 11217
192.168.10.89 - - [18/Apr/2017:16:47:48 -0300] "GET /cormun/servlet/hlogin HTTP/1.1" 200 1737
192.168.10.13 - - [18/Apr/2017:16:48:05 -0300] "GET / HTTP/1.1" 200 11217
192.168.10.13 - - [18/Apr/2017:16:49:05 -0300] "GET / HTTP/1.1" 200 11217
192.168.10.13 - - [18/Apr/2017:16:50:05 -0300] "GET / HTTP/1.1" 200 11217
192.168.10.13 - - [18/Apr/2017:16:51:05 -0300] "GET / HTTP/1.1" 200 11217
192.168.10.13 - - [18/Apr/2017:16:52:05 -0300] "GET / HTTP/1.1" 200 11217
200.111.191.210 - - [18/Apr/2017:16:52:36 -0300] "GET /cormun/servlet/hlogin HTTP/1.1" 200 1741
192.168.10.13 - - [18/Apr/2017:16:53:05 -0300] "GET / HTTP/1.1" 200 11217
192.168.10.13 - - [18/Apr/2017:16:54:05 -0300] "GET / HTTP/1.1" 200 11217
192.168.10.13 - - [18/Apr/2017:16:55:05 -0300] "GET / HTTP/1.1" 200 11217
192.168.10.13 - - [18/Apr/2017:16:56:05 -0300] "GET / HTTP/1.1" 200 11217
192.168.10.13 - - [18/Apr/2017:16:57:05 -0300] "GET / HTTP/1.1" 200 11217
186.79.75.41 - - [18/Apr/2017:16:57:28 -0300] "GET /cormun/servlet/hhome HTTP/1.1" 200 3320
186.79.75.41 - - [18/Apr/2017:16:57:29 -0300] "GET /cormun/servlet/hlogin HTTP/1.1" 200 1727
186.79.75.41 - - [18/Apr/2017:16:57:29 -0300] "GET /cormun/servlet/hhome HTTP/1.1" 200 3329
186.79.75.41 - - [18/Apr/2017:16:57:31 -0300] "POST /cormun/servlet/hlogin?a2786b8660883361c7159130cc85f679,gx-no-cache=1492545515574 HTTP/1.1" 200 90
186.79.75.41 - - [18/Apr/2017:16:57:31 -0300] "GET /cormun/servlet/hpexe_link HTTP/1.1" 200 947
186.79.75.41 - - [18/Apr/2017:16:57:31 -0300] "GET /cormun/servlet/hhome HTTP/1.1" 200 3734
186.79.75.41 - - [18/Apr/2017:16:57:32 -0300] "GET /cormun/servlet/hhome HTTP/1.1" 200 3731
186.79.75.41 - - [18/Apr/2017:16:57:36 -0300] "GET /cormun/servlet/trsolicitudot? HTTP/1.1" 200 8747
186.79.75.41 - - [18/Apr/2017:16:57:37 -0300] "GET /cormun/servlet/trsolicitudot? HTTP/1.1" 200 8744
186.79.75.41 - - [18/Apr/2017:16:57:45 -0300] "GET /cormun/servlet/solicitudot?INS,0,0, HTTP/1.1" 200 12551
186.79.75.41 - - [18/Apr/2017:16:57:46 -0300] "GET /cormun/servlet/solicitudot?INS,0,0, HTTP/1.1" 200 12556
186.79.75.41 - - [18/Apr/2017:16:57:57 -0300] "POST /cormun/servlet/solicitudot?gx-no-cache=1492545541928 HTTP/1.1" 200 3178
186.79.75.41 - - [18/Apr/2017:16:57:58 -0300] "POST /cormun/servlet/solicitudot?a2786b8660883361c7159130cc85f679,INS,0,0,,gx-no-cache=1492545542375 HTTP/1.1" 200 9754
186.79.75.41 - - [18/Apr/2017:16:57:58 -0300] "GET /cormun/servlet/solicitudot?5c72ea66fc6457b537e16a426c7bf51e5f9763cd25d2d28da76e76ddc90581ef36c546b73f2efc70a6d3f6c9a4415ae2,gx-no-cache=1492545542921 HTTP/1.1" 200 30
186.79.75.41 - - [18/Apr/2017:16:58:05 -0300] "POST /cormun/servlet/solicitudot?gx-no-cache=1492545549600 HTTP/1.1" 200 256
186.79.75.41 - - [18/Apr/2017:16:58:05 -0300] "GET /cormun/servlet/solicitudot?5c72ea66fc6457b537e16a426c7bf51e009f73bffc4c0a58822f3c56c6de9cffc2797ae395f61de11f059c82934f5f958ecd3e43a3608fb8b1eb076464ce63e786f124ea407e51b3916d12909c72a33889d49e47165930746c375aa8a357aaa69f59f4b2129e420520a381d9bc284767c22eec6944712525a9232c2471ebc165486515e7330eff3117a7c8543d4266ba6032e9bf849455db99a258bc20a069c15f638dd78f754d97c2fe25049fc07b7bfbe63d9b6d3f42c3fd5d478591a4c609f244db7d91a103ceabf541907d508c41778761849a52107799755f4586685e5007d5ec7a50115701e021ead9c7a3c29c16febb03cc9014cc830f106567f5b1997852b9cdf65a9c4137095c20d506b359fad55da5d07e7578108bc6ff4d8371f1e9fdd559cb96a5882a48d36bee2fc6a8a115a56734b28cf13301a7f3d71477a59cd501ff469499ebe84d6607bb02cbda7fdcdc26b580d959fa98f8281742d94a2951181124bcbd6e5f45b79aae2334ddcd0f1649c3f9c758b11a8de13767657e,gx-no-cache=1492545549731 HTTP/1.1" 200 30
192.168.10.13 - - [18/Apr/2017:16:58:05 -0300] "GET / HTTP/1.1" 200 11217
186.79.75.41 - - [18/Apr/2017:16:58:08 -0300] "POST /cormun/servlet/solicitudot?gx-no-cache=1492545552566 HTTP/1.1" 200 30
186.79.75.41 - - [18/Apr/2017:16:58:09 -0300] "GET /cormun/servlet/prcontratosol?17948281,,,,,MD,,gxPopupLevel%3D0%3B HTTP/1.1" 200 5876
186.79.75.41 - - [18/Apr/2017:16:58:11 -0300] "POST /cormun/servlet/solicitudot?gx-no-cache=1492545556231 HTTP/1.1" 200 1292
186.79.75.41 - - [18/Apr/2017:16:58:11 -0300] "POST /cormun/servlet/solicitudot?gx-no-cache=1492545556360 HTTP/1.1" 200 38
