186.67.172.234 - - [18/Apr/2017:09:39:58 -0300] "GET /cormun/servlet/trsolicitudot HTTP/1.1" 200 9402
186.67.172.234 - - [18/Apr/2017:09:39:58 -0300] "GET /cormun/servlet/trsolicitudot HTTP/1.1" 200 9401
192.168.10.96 - - [18/Apr/2017:09:40:03 -0300] "GET /cormun/servlet/wbconsulta? HTTP/1.1" 200 5162
192.168.10.96 - - [18/Apr/2017:09:40:03 -0300] "GET /cormun/static/gxcfg.js?201612218544239 HTTP/1.1" 304 -
192.168.10.96 - - [18/Apr/2017:09:40:03 -0300] "GET /cormun/static/wbconsulta.js?201612218544265 HTTP/1.1" 304 -
192.168.10.96 - - [18/Apr/2017:09:40:04 -0300] "GET /cormun/servlet/wbconsulta? HTTP/1.1" 200 5161
192.168.10.13 - - [18/Apr/2017:09:40:05 -0300] "GET / HTTP/1.1" 200 11217
186.67.172.234 - - [18/Apr/2017:09:40:06 -0300] "POST /cormun/servlet/trsolicitudot?e3786748a855387b67d1a2c8495cf8e6,gx-no-cache=1492519269618 HTTP/1.1" 200 106
186.67.172.234 - - [18/Apr/2017:09:40:07 -0300] "GET /cormun/servlet/trsolicitudadjuntos?2017,6105, HTTP/1.1" 200 6143
186.67.172.234 - - [18/Apr/2017:09:40:07 -0300] "GET /cormun/servlet/trsolicitudadjuntos?2017,6105, HTTP/1.1" 200 6142
186.103.159.182 - - [18/Apr/2017:09:40:08 -0300] "POST /cormun/servlet/inasistencia?56bd3cb9acc2ab31ebaac2a62ccad8d2,DLT,69,,gx-no-cache=1492519272578 HTTP/1.1" 200 4807
186.103.159.182 - - [18/Apr/2017:09:40:08 -0300] "GET /cormun/static/Shared/jqueryui/images/ui-bg_flat_55_994d53_40x100.png HTTP/1.1" 404 1097
186.103.159.182 - - [18/Apr/2017:09:40:08 -0300] "GET /cormun/static/Shared/jqueryui/images/ui-icons_ebccce_256x240.png HTTP/1.1" 404 1089
192.168.10.96 - - [18/Apr/2017:09:40:08 -0300] "POST /cormun/servlet/wbconsulta?8b6eabe52a967f6aa665ef4e18e07024,,gx-no-cache=1492522482516 HTTP/1.1" 200 104
192.168.10.96 - - [18/Apr/2017:09:40:08 -0300] "GET /cormun/servlet/vevisualizador?2017,5826, HTTP/1.1" 200 8532
192.168.10.96 - - [18/Apr/2017:09:40:08 -0300] "GET /cormun/static/gxcfg.js?20173171158251 HTTP/1.1" 304 -
192.168.10.96 - - [18/Apr/2017:09:40:09 -0300] "GET /cormun/pexe_scrolldiv.js HTTP/1.1" 404 1009
192.168.10.96 - - [18/Apr/2017:09:40:09 -0300] "GET /cormun/static/tbvisualizador01.js?201711112363628 HTTP/1.1" 304 -
192.168.10.96 - - [18/Apr/2017:09:40:09 -0300] "GET /cormun/pexe_scrolldiv.js HTTP/1.1" 404 1009
192.168.10.96 - - [18/Apr/2017:09:40:09 -0300] "GET /cormun/static/vevisualizador.js?20173171158331 HTTP/1.1" 304 -
192.168.10.96 - - [18/Apr/2017:09:40:09 -0300] "GET /cormun/servlet/vevisualizador?2017,5826, HTTP/1.1" 200 8531
186.67.172.234 - - [18/Apr/2017:09:40:10 -0300] "GET /cormun/servlet/solicitudotadjuntos?INS,2017,6105,,2, HTTP/1.1" 200 6081
186.67.172.234 - - [18/Apr/2017:09:40:10 -0300] "GET /cormun/static/about:blank HTTP/1.1" 404 1011
186.67.172.234 - - [18/Apr/2017:09:40:10 -0300] "GET /cormun/servlet/solicitudotadjuntos?INS,2017,6105,,2, HTTP/1.1" 200 6074
186.67.172.234 - - [18/Apr/2017:09:40:11 -0300] "GET /cormun/servlet/solicitudotadjuntos?22b812522db8d0c6cce9b900c079a1aa0538439a4f093a129789817025c025b5bc6fa9b7e4ac5cc88591bea7c2a85dcc,gx-no-cache=1492519274006 HTTP/1.1" 200 30
186.67.172.234 - - [18/Apr/2017:09:40:11 -0300] "POST /cormun/servlet/solicitudotadjuntos?e3786748a855387b67d1a2c8495cf8e6,INS,2017,6105,,2,,gx-no-cache=1492519274081 HTTP/1.1" 200 4046
186.67.172.234 - - [18/Apr/2017:09:40:14 -0300] "POST /cormun/servlet/solicitudotadjuntos?gx-no-cache=1492519277611 HTTP/1.1" 200 26
192.168.10.96 - - [18/Apr/2017:09:40:14 -0300] "GET /cormun/servlet/vevisualizador?2017,5826,,SolicitudOTAdjuntos HTTP/1.1" 200 10376
192.168.10.96 - - [18/Apr/2017:09:40:15 -0300] "GET /cormun/pexe_scrolldiv.js HTTP/1.1" 404 1009
192.168.10.96 - - [18/Apr/2017:09:40:15 -0300] "GET /cormun/static/tbvisualizador02.js?20161221842021 HTTP/1.1" 304 -
192.168.10.96 - - [18/Apr/2017:09:40:15 -0300] "GET /cormun/pexe_scrolldiv.js HTTP/1.1" 404 1009
192.168.10.96 - - [18/Apr/2017:09:40:16 -0300] "GET /cormun/servlet/vevisualizador?2017,5826,,SolicitudOTAdjuntos HTTP/1.1" 200 10381
192.168.10.96 - - [18/Apr/2017:09:40:16 -0300] "POST /cormun/servlet/acontrolpreferencessavestate?None,DZAMUDIO,true HTTP/1.1" 200 35
192.168.10.96 - - [18/Apr/2017:09:40:18 -0300] "GET /cormun/PublicTempStorage/cedula_identidad5682384.PDF HTTP/1.1" 200 673449
186.103.159.182 - - [18/Apr/2017:09:40:21 -0300] "POST /cormun/servlet/inasistencia?56bd3cb9acc2ab31ebaac2a62ccad8d2,DLT,69,,gx-no-cache=1492519284444 HTTP/1.1" 200 4843
192.168.10.96 - - [18/Apr/2017:09:40:23 -0300] "GET /cormun/servlet/vevisualizador?2017,5826,,SolicitudOTAdjuntos HTTP/1.1" 200 10376
192.168.10.96 - - [18/Apr/2017:09:40:25 -0300] "GET /cormun/servlet/vevisualizador?2017,5826,,SolicitudOTAdjuntos HTTP/1.1" 200 10379
192.168.10.96 - - [18/Apr/2017:09:40:25 -0300] "POST /cormun/servlet/acontrolpreferencessavestate?None,DZAMUDIO,true HTTP/1.1" 200 35
192.168.10.96 - - [18/Apr/2017:09:40:26 -0300] "GET /cormun/PublicTempStorage/certificados_de_estudios2198711.PDF HTTP/1.1" 200 828283
192.168.10.96 - - [18/Apr/2017:09:40:32 -0300] "GET /cormun/servlet/vevisualizador?2017,5826,,SolicitudOTAdjuntos HTTP/1.1" 200 10375
186.103.159.182 - - [18/Apr/2017:09:40:33 -0300] "GET /cormun/servlet/trpermisosingoce? HTTP/1.1" 200 6871
186.103.159.182 - - [18/Apr/2017:09:40:33 -0300] "GET /cormun/static/gxcfg.js?2016111619312653 HTTP/1.1" 200 953
186.103.159.182 - - [18/Apr/2017:09:40:33 -0300] "GET /cormun/static/trpermisosingoce.js?2016111619313084 HTTP/1.1" 200 31498
192.168.10.96 - - [18/Apr/2017:09:40:33 -0300] "GET /cormun/servlet/vevisualizador?2017,5826,,SolicitudOTAdjuntos HTTP/1.1" 200 10379
192.168.10.96 - - [18/Apr/2017:09:40:33 -0300] "POST /cormun/servlet/acontrolpreferencessavestate?None,DZAMUDIO,true HTTP/1.1" 200 35
186.103.159.182 - - [18/Apr/2017:09:40:34 -0300] "GET /cormun/servlet/trpermisosingoce? HTTP/1.1" 200 6864
192.168.10.96 - - [18/Apr/2017:09:40:34 -0300] "GET /cormun/PublicTempStorage/afp1960191.PDF HTTP/1.1" 200 663475
186.103.159.182 - - [18/Apr/2017:09:40:39 -0300] "GET /cormun/servlet/trinasistencia? HTTP/1.1" 200 7919
192.168.10.96 - - [18/Apr/2017:09:40:39 -0300] "GET /cormun/servlet/vevisualizador?2017,5826,,SolicitudOTAdjuntos HTTP/1.1" 200 10375
186.103.159.182 - - [18/Apr/2017:09:40:40 -0300] "GET /cormun/servlet/trinasistencia? HTTP/1.1" 200 7919
192.168.10.96 - - [18/Apr/2017:09:40:41 -0300] "GET /cormun/servlet/vevisualizador?2017,5826,,SolicitudOTAdjuntos HTTP/1.1" 200 10380
192.168.10.96 - - [18/Apr/2017:09:40:41 -0300] "POST /cormun/servlet/acontrolpreferencessavestate?None,DZAMUDIO,true HTTP/1.1" 200 35
192.168.10.96 - - [18/Apr/2017:09:40:42 -0300] "GET /cormun/PublicTempStorage/salud6820916.PDF HTTP/1.1" 200 670523
186.67.172.234 - - [18/Apr/2017:09:40:45 -0300] "POST /cormun/servlet/solicitudotadjuntos?e3786748a855387b67d1a2c8495cf8e6,INS,2017,6105,,2,,gx-no-cache=1492519308022 HTTP/1.1" 200 93
186.67.172.234 - - [18/Apr/2017:09:40:45 -0300] "GET /cormun/servlet/hpexe_return? HTTP/1.1" 200 1025
186.67.172.234 - - [18/Apr/2017:09:40:45 -0300] "GET /cormun/servlet/trsolicitudadjuntos?2017,6105, HTTP/1.1" 200 6147
186.67.172.234 - - [18/Apr/2017:09:40:46 -0300] "GET /cormun/servlet/trsolicitudadjuntos?2017,6105, HTTP/1.1" 200 6142
192.168.10.96 - - [18/Apr/2017:09:40:49 -0300] "GET /cormun/servlet/vevisualizador?2017,5826,,SolicitudOTAdjuntos HTTP/1.1" 200 10377
186.67.172.234 - - [18/Apr/2017:09:40:50 -0300] "POST /cormun/servlet/trsolicitudadjuntos?e3786748a855387b67d1a2c8495cf8e6,2017,6105,,gx-no-cache=1492519312761 HTTP/1.1" 200 90
186.67.172.234 - - [18/Apr/2017:09:40:50 -0300] "GET /cormun/servlet/hpexe_link HTTP/1.1" 200 969
192.168.10.96 - - [18/Apr/2017:09:40:50 -0300] "GET /cormun/servlet/vevisualizador?2017,5826,,SolicitudOTAdjuntos HTTP/1.1" 200 10381
192.168.10.96 - - [18/Apr/2017:09:40:50 -0300] "POST /cormun/servlet/acontrolpreferencessavestate?None,DZAMUDIO,true HTTP/1.1" 200 35
186.67.172.234 - - [18/Apr/2017:09:40:50 -0300] "GET /cormun/servlet/trsolicitudot HTTP/1.1" 200 9402
186.67.172.234 - - [18/Apr/2017:09:40:51 -0300] "GET /cormun/servlet/trsolicitudot HTTP/1.1" 200 9401
192.168.10.96 - - [18/Apr/2017:09:40:52 -0300] "GET /cormun/PublicTempStorage/certificado_antecedentes293849.PDF HTTP/1.1" 200 868400
192.168.10.96 - - [18/Apr/2017:09:40:56 -0300] "GET /cormun/servlet/vevisualizador?2017,5826,,SolicitudOTAdjuntos HTTP/1.1" 200 10379
192.168.10.96 - - [18/Apr/2017:09:40:58 -0300] "GET /cormun/servlet/vevisualizador?2017,5826,,SolicitudOTAdjuntos HTTP/1.1" 200 10380
192.168.10.96 - - [18/Apr/2017:09:40:58 -0300] "POST /cormun/servlet/acontrolpreferencessavestate?None,DZAMUDIO,true HTTP/1.1" 200 35
186.67.172.234 - - [18/Apr/2017:09:40:58 -0300] "POST /cormun/servlet/trsolicitudot?e3786748a855387b67d1a2c8495cf8e6,gx-no-cache=1492519321082 HTTP/1.1" 200 106
186.67.172.234 - - [18/Apr/2017:09:40:58 -0300] "GET /cormun/servlet/trsolicitudadjuntos?2017,6105, HTTP/1.1" 200 6143
192.168.10.96 - - [18/Apr/2017:09:40:59 -0300] "GET /cormun/PublicTempStorage/curriculum4278019.PDF HTTP/1.1" 206 1157113
186.67.172.234 - - [18/Apr/2017:09:40:59 -0300] "GET /cormun/servlet/trsolicitudadjuntos?2017,6105, HTTP/1.1" 200 6142
186.67.172.234 - - [18/Apr/2017:09:41:01 -0300] "GET /cormun/servlet/solicitudotadjuntos?INS,2017,6105,,2, HTTP/1.1" 200 6081
186.67.172.234 - - [18/Apr/2017:09:41:01 -0300] "GET /cormun/static/about:blank HTTP/1.1" 404 1011
186.67.172.234 - - [18/Apr/2017:09:41:02 -0300] "GET /cormun/servlet/solicitudotadjuntos?INS,2017,6105,,2, HTTP/1.1" 200 6074
186.67.172.234 - - [18/Apr/2017:09:41:02 -0300] "GET /cormun/servlet/solicitudotadjuntos?22b812522db8d0c6cce9b900c079a1aa0538439a4f093a129789817025c025b5bc6fa9b7e4ac5cc88591bea7c2a85dcc,gx-no-cache=1492519325248 HTTP/1.1" 200 30
186.67.172.234 - - [18/Apr/2017:09:41:02 -0300] "POST /cormun/servlet/solicitudotadjuntos?e3786748a855387b67d1a2c8495cf8e6,INS,2017,6105,,2,,gx-no-cache=1492519325355 HTTP/1.1" 200 4046
186.67.172.234 - - [18/Apr/2017:09:41:04 -0300] "POST /cormun/servlet/solicitudotadjuntos?gx-no-cache=1492519327099 HTTP/1.1" 200 26
192.168.10.13 - - [18/Apr/2017:09:41:05 -0300] "GET / HTTP/1.1" 200 11217
186.103.159.182 - - [18/Apr/2017:09:41:13 -0300] "GET /cormun/servlet/inasistencia?DLT,69, HTTP/1.1" 200 6714
186.103.159.182 - - [18/Apr/2017:09:41:14 -0300] "GET /cormun/static/Shared/jqueryui/images/ui-bg_highlight-soft_100_c6c2c8_1x100.png HTTP/1.1" 404 1117
186.103.159.182 - - [18/Apr/2017:09:41:14 -0300] "GET /cormun/static/Shared/jqueryui/images/ui-icons_82798d_256x240.png HTTP/1.1" 404 1089
186.103.159.182 - - [18/Apr/2017:09:41:14 -0300] "GET /cormun/static/Shared/jqueryui/images/ui-bg_flat_55_fafafa_40x100.png HTTP/1.1" 404 1097
186.103.159.182 - - [18/Apr/2017:09:41:14 -0300] "GET /cormun/static/Shared/jqueryui/images/ui-icons_8d78a5_256x240.png HTTP/1.1" 404 1089
186.103.159.182 - - [18/Apr/2017:09:41:14 -0300] "GET /cormun/servlet/inasistencia?DLT,69, HTTP/1.1" 200 6715
186.67.172.234 - - [18/Apr/2017:09:41:34 -0300] "GET /cormun/servlet/solicitudotadjuntos?22b812522db8d0c6cce9b900c079a1aa3665832ec12161d7ffaf28fc24317021,gx-no-cache=1492519357102 HTTP/1.1" 200 30
186.67.172.234 - - [18/Apr/2017:09:41:34 -0300] "GET /cormun/servlet/solicitudotadjuntos?22b812522db8d0c6cce9b900c079a1aa3665832ec12161d7ffaf28fc24317021,gx-no-cache=1492519357263 HTTP/1.1" 200 30
186.103.159.182 - - [18/Apr/2017:09:41:34 -0300] "POST /cormun/servlet/inasistencia?56bd3cb9acc2ab31ebaac2a62ccad8d2,DLT,69,,gx-no-cache=1492519358109 HTTP/1.1" 200 4808
186.103.159.182 - - [18/Apr/2017:09:41:34 -0300] "GET /cormun/static/Shared/jqueryui/images/ui-bg_flat_55_994d53_40x100.png HTTP/1.1" 404 1097
186.103.159.182 - - [18/Apr/2017:09:41:34 -0300] "GET /cormun/static/Shared/jqueryui/images/ui-icons_ebccce_256x240.png HTTP/1.1" 404 1089
186.67.172.234 - - [18/Apr/2017:09:41:40 -0300] "POST /cormun/servlet/solicitudotadjuntos?e3786748a855387b67d1a2c8495cf8e6,INS,2017,6105,,2, HTTP/1.1" 200 116
186.67.172.234 - - [18/Apr/2017:09:41:40 -0300] "GET /cormun/servlet/hpexe_return? HTTP/1.1" 200 1025
186.67.172.234 - - [18/Apr/2017:09:41:40 -0300] "GET /cormun/servlet/trsolicitudadjuntos?2017,6105, HTTP/1.1" 200 8306
186.67.172.234 - - [18/Apr/2017:09:41:41 -0300] "GET /cormun/servlet/trsolicitudadjuntos?2017,6105, HTTP/1.1" 200 8301
186.103.159.182 - - [18/Apr/2017:09:41:43 -0300] "POST /cormun/servlet/inasistencia?56bd3cb9acc2ab31ebaac2a62ccad8d2,DLT,69,,gx-no-cache=1492519364802 HTTP/1.1" 200 4844
186.67.172.234 - - [18/Apr/2017:09:41:45 -0300] "GET /cormun/servlet/solicitudotadjuntos?INS,2017,6105,,2, HTTP/1.1" 200 6082
186.67.172.234 - - [18/Apr/2017:09:41:45 -0300] "GET /cormun/static/about:blank HTTP/1.1" 404 1011
186.67.172.234 - - [18/Apr/2017:09:41:45 -0300] "GET /cormun/servlet/solicitudotadjuntos?INS,2017,6105,,2, HTTP/1.1" 200 6075
186.67.172.234 - - [18/Apr/2017:09:41:45 -0300] "GET /cormun/servlet/solicitudotadjuntos?22b812522db8d0c6cce9b900c079a1aa0538439a4f093a129789817025c025b5bc6fa9b7e4ac5cc88591bea7c2a85dcc,gx-no-cache=1492519368534 HTTP/1.1" 200 30
186.67.172.234 - - [18/Apr/2017:09:41:45 -0300] "POST /cormun/servlet/solicitudotadjuntos?e3786748a855387b67d1a2c8495cf8e6,INS,2017,6105,,2,,gx-no-cache=1492519368589 HTTP/1.1" 200 4047
186.103.159.182 - - [18/Apr/2017:09:41:48 -0300] "POST /cormun/servlet/inasistencia?56bd3cb9acc2ab31ebaac2a62ccad8d2,DLT,69,,gx-no-cache=1492519371829 HTTP/1.1" 200 93
186.103.159.182 - - [18/Apr/2017:09:41:48 -0300] "GET /cormun/servlet/hpexe_return? HTTP/1.1" 200 1008
186.103.159.182 - - [18/Apr/2017:09:41:48 -0300] "GET /cormun/servlet/trinasistencia HTTP/1.1" 200 7923
186.103.159.182 - - [18/Apr/2017:09:41:50 -0300] "GET /cormun/servlet/trinasistencia HTTP/1.1" 200 7919
192.168.10.13 - - [18/Apr/2017:09:42:05 -0300] "GET / HTTP/1.1" 200 11217
186.67.172.234 - - [18/Apr/2017:09:42:07 -0300] "POST /cormun/servlet/solicitudotadjuntos?e3786748a855387b67d1a2c8495cf8e6,INS,2017,6105,,2,,gx-no-cache=1492519390454 HTTP/1.1" 200 93
186.67.172.234 - - [18/Apr/2017:09:42:08 -0300] "GET /cormun/servlet/hpexe_return? HTTP/1.1" 200 1025
186.67.172.234 - - [18/Apr/2017:09:42:09 -0300] "GET /cormun/servlet/trsolicitudadjuntos?2017,6105, HTTP/1.1" 200 8306
186.67.172.234 - - [18/Apr/2017:09:42:10 -0300] "GET /cormun/servlet/trsolicitudadjuntos?2017,6105, HTTP/1.1" 200 8302
186.103.159.182 - - [18/Apr/2017:09:42:12 -0300] "GET /cormun/servlet/inasistencia?UPD,68, HTTP/1.1" 200 6878
186.103.159.182 - - [18/Apr/2017:09:42:14 -0300] "GET /cormun/servlet/inasistencia?UPD,68, HTTP/1.1" 200 6878
186.67.172.234 - - [18/Apr/2017:09:42:15 -0300] "GET /cormun/servlet/solicitudotadjuntos?INS,2017,6105,,2, HTTP/1.1" 200 6082
186.67.172.234 - - [18/Apr/2017:09:42:15 -0300] "GET /cormun/static/about:blank HTTP/1.1" 404 1011
186.67.172.234 - - [18/Apr/2017:09:42:15 -0300] "GET /cormun/servlet/solicitudotadjuntos?INS,2017,6105,,2, HTTP/1.1" 200 6075
186.67.172.234 - - [18/Apr/2017:09:42:15 -0300] "GET /cormun/servlet/solicitudotadjuntos?22b812522db8d0c6cce9b900c079a1aa0538439a4f093a129789817025c025b5bc6fa9b7e4ac5cc88591bea7c2a85dcc,gx-no-cache=1492519398624 HTTP/1.1" 200 30
186.67.172.234 - - [18/Apr/2017:09:42:16 -0300] "POST /cormun/servlet/solicitudotadjuntos?e3786748a855387b67d1a2c8495cf8e6,INS,2017,6105,,2,,gx-no-cache=1492519398708 HTTP/1.1" 200 4047
186.67.172.234 - - [18/Apr/2017:09:42:22 -0300] "POST /cormun/servlet/solicitudotadjuntos?e3786748a855387b67d1a2c8495cf8e6,INS,2017,6105,,2,,gx-no-cache=1492519404910 HTTP/1.1" 200 93
186.67.172.234 - - [18/Apr/2017:09:42:22 -0300] "GET /cormun/servlet/hpexe_return? HTTP/1.1" 200 1025
186.67.172.234 - - [18/Apr/2017:09:42:22 -0300] "GET /cormun/servlet/trsolicitudadjuntos?2017,6105, HTTP/1.1" 200 8306
186.67.172.234 - - [18/Apr/2017:09:42:22 -0300] "GET /cormun/servlet/trsolicitudadjuntos?2017,6105, HTTP/1.1" 200 8302
186.67.172.234 - - [18/Apr/2017:09:42:25 -0300] "GET /cormun/servlet/solicitudotadjuntos?INS,2017,6105,,1, HTTP/1.1" 200 6082
186.67.172.234 - - [18/Apr/2017:09:42:25 -0300] "GET /cormun/static/about:blank HTTP/1.1" 404 1011
186.67.172.234 - - [18/Apr/2017:09:42:25 -0300] "GET /cormun/servlet/solicitudotadjuntos?INS,2017,6105,,1, HTTP/1.1" 200 6076
186.67.172.234 - - [18/Apr/2017:09:42:25 -0300] "GET /cormun/servlet/solicitudotadjuntos?22b812522db8d0c6cce9b900c079a1aa0538439a4f093a129789817025c025b5bc6fa9b7e4ac5cc88591bea7c2a85dcc,gx-no-cache=1492519408612 HTTP/1.1" 200 30
186.67.172.234 - - [18/Apr/2017:09:42:26 -0300] "POST /cormun/servlet/solicitudotadjuntos?e3786748a855387b67d1a2c8495cf8e6,INS,2017,6105,,1,,gx-no-cache=1492519408690 HTTP/1.1" 200 3828
186.67.172.234 - - [18/Apr/2017:09:42:31 -0300] "POST /cormun/servlet/solicitudotadjuntos?gx-no-cache=1492519413922 HTTP/1.1" 200 26
186.67.172.234 - - [18/Apr/2017:09:42:46 -0300] "GET /cormun/servlet/solicitudotadjuntos?22b812522db8d0c6cce9b900c079a1aa3665832ec12161d7ffaf28fc24317021,gx-no-cache=1492519429693 HTTP/1.1" 200 30
186.67.172.234 - - [18/Apr/2017:09:42:46 -0300] "GET /cormun/servlet/solicitudotadjuntos?22b812522db8d0c6cce9b900c079a1aa3665832ec12161d7ffaf28fc24317021,gx-no-cache=1492519429730 HTTP/1.1" 200 30
186.67.172.234 - - [18/Apr/2017:09:42:49 -0300] "POST /cormun/servlet/solicitudotadjuntos?e3786748a855387b67d1a2c8495cf8e6,INS,2017,6105,,1, HTTP/1.1" 200 116
186.67.172.234 - - [18/Apr/2017:09:42:49 -0300] "GET /cormun/servlet/hpexe_return? HTTP/1.1" 200 1024
186.67.172.234 - - [18/Apr/2017:09:42:49 -0300] "GET /cormun/servlet/trsolicitudadjuntos?2017,6105, HTTP/1.1" 200 8488
186.67.172.234 - - [18/Apr/2017:09:42:50 -0300] "GET /cormun/servlet/trsolicitudadjuntos?2017,6105, HTTP/1.1" 200 8488
186.67.172.234 - - [18/Apr/2017:09:42:53 -0300] "GET /cormun/servlet/solicitudotadjuntos?INS,2017,6105,,2, HTTP/1.1" 200 6081
186.67.172.234 - - [18/Apr/2017:09:42:54 -0300] "GET /cormun/static/about:blank HTTP/1.1" 404 1011
186.67.172.234 - - [18/Apr/2017:09:42:54 -0300] "GET /cormun/servlet/solicitudotadjuntos?INS,2017,6105,,2, HTTP/1.1" 200 6075
186.67.172.234 - - [18/Apr/2017:09:42:54 -0300] "GET /cormun/servlet/solicitudotadjuntos?22b812522db8d0c6cce9b900c079a1aa0538439a4f093a129789817025c025b5bc6fa9b7e4ac5cc88591bea7c2a85dcc,gx-no-cache=1492519437406 HTTP/1.1" 200 30
186.67.172.234 - - [18/Apr/2017:09:42:54 -0300] "POST /cormun/servlet/solicitudotadjuntos?e3786748a855387b67d1a2c8495cf8e6,INS,2017,6105,,2,,gx-no-cache=1492519437487 HTTP/1.1" 200 4046
186.67.172.234 - - [18/Apr/2017:09:43:00 -0300] "POST /cormun/servlet/solicitudotadjuntos?e3786748a855387b67d1a2c8495cf8e6,INS,2017,6105,,2,,gx-no-cache=1492519443174 HTTP/1.1" 200 93
186.67.172.234 - - [18/Apr/2017:09:43:00 -0300] "GET /cormun/servlet/hpexe_return? HTTP/1.1" 200 1025
186.67.172.234 - - [18/Apr/2017:09:43:00 -0300] "GET /cormun/servlet/trsolicitudadjuntos?2017,6105, HTTP/1.1" 200 8488
186.67.172.234 - - [18/Apr/2017:09:43:01 -0300] "GET /cormun/servlet/trsolicitudadjuntos?2017,6105, HTTP/1.1" 200 8488
186.67.172.234 - - [18/Apr/2017:09:43:03 -0300] "GET /cormun/servlet/solicitudotadjuntos?INS,2017,6105,,1, HTTP/1.1" 200 6082
186.67.172.234 - - [18/Apr/2017:09:43:03 -0300] "GET /cormun/static/about:blank HTTP/1.1" 404 1011
186.67.172.234 - - [18/Apr/2017:09:43:03 -0300] "GET /cormun/servlet/solicitudotadjuntos?INS,2017,6105,,1, HTTP/1.1" 200 6076
186.67.172.234 - - [18/Apr/2017:09:43:04 -0300] "GET /cormun/servlet/solicitudotadjuntos?22b812522db8d0c6cce9b900c079a1aa0538439a4f093a129789817025c025b5bc6fa9b7e4ac5cc88591bea7c2a85dcc,gx-no-cache=1492519446950 HTTP/1.1" 200 30
186.67.172.234 - - [18/Apr/2017:09:43:04 -0300] "POST /cormun/servlet/solicitudotadjuntos?e3786748a855387b67d1a2c8495cf8e6,INS,2017,6105,,1,,gx-no-cache=1492519447080 HTTP/1.1" 200 3828
192.168.10.13 - - [18/Apr/2017:09:43:05 -0300] "GET / HTTP/1.1" 200 11217
186.67.172.234 - - [18/Apr/2017:09:43:10 -0300] "POST /cormun/servlet/solicitudotadjuntos?gx-no-cache=1492519453284 HTTP/1.1" 200 26
186.67.172.234 - - [18/Apr/2017:09:43:19 -0300] "GET /cormun/servlet/solicitudotadjuntos?22b812522db8d0c6cce9b900c079a1aa3665832ec12161d7ffaf28fc24317021,gx-no-cache=1492519462669 HTTP/1.1" 200 30
186.67.172.234 - - [18/Apr/2017:09:43:19 -0300] "GET /cormun/servlet/solicitudotadjuntos?22b812522db8d0c6cce9b900c079a1aa3665832ec12161d7ffaf28fc24317021,gx-no-cache=1492519462731 HTTP/1.1" 200 30
186.67.172.234 - - [18/Apr/2017:09:43:21 -0300] "POST /cormun/servlet/solicitudotadjuntos?e3786748a855387b67d1a2c8495cf8e6,INS,2017,6105,,1, HTTP/1.1" 200 116
186.67.172.234 - - [18/Apr/2017:09:43:21 -0300] "GET /cormun/servlet/hpexe_return? HTTP/1.1" 200 1024
186.67.172.234 - - [18/Apr/2017:09:43:21 -0300] "GET /cormun/servlet/trsolicitudadjuntos?2017,6105, HTTP/1.1" 200 8634
186.103.159.182 - - [18/Apr/2017:09:43:25 -0300] "POST /cormun/servlet/inasistencia?56bd3cb9acc2ab31ebaac2a62ccad8d2,UPD,68,,gx-no-cache=1492519468779 HTTP/1.1" 200 90
186.103.159.182 - - [18/Apr/2017:09:43:25 -0300] "GET /cormun/servlet/hpexe_link HTTP/1.1" 200 965
186.103.159.182 - - [18/Apr/2017:09:43:25 -0300] "GET /cormun/servlet/trinasistencia HTTP/1.1" 200 7920
186.103.159.182 - - [18/Apr/2017:09:43:27 -0300] "GET /cormun/servlet/trinasistencia HTTP/1.1" 200 7919
186.103.159.182 - - [18/Apr/2017:09:43:31 -0300] "GET /cormun/servlet/inasistencia?UPD,69, HTTP/1.1" 200 6901
186.103.159.182 - - [18/Apr/2017:09:43:32 -0300] "GET /cormun/servlet/inasistencia?UPD,69, HTTP/1.1" 200 6902
186.67.172.234 - - [18/Apr/2017:09:43:47 -0300] "GET /cormun/servlet/solicitudotadjuntos?INS,2017,6105,,1, HTTP/1.1" 200 6082
186.67.172.234 - - [18/Apr/2017:09:43:55 -0300] "GET /cormun/servlet/hpexe_return? HTTP/1.1" 200 1024
186.67.172.234 - - [18/Apr/2017:09:43:55 -0300] "GET /cormun/servlet/trsolicitudadjuntos?2017,6105, HTTP/1.1" 200 8636
186.67.172.234 - - [18/Apr/2017:09:43:56 -0300] "GET /cormun/servlet/trsolicitudadjuntos?2017,6105, HTTP/1.1" 200 8634
186.67.172.234 - - [18/Apr/2017:09:43:56 -0300] "GET /favicon.ico HTTP/1.1" 200 21630
186.67.172.234 - - [18/Apr/2017:09:44:01 -0300] "GET /cormun/servlet/solicitudotadjuntos?INS,2017,6105,,1, HTTP/1.1" 200 6082
186.67.172.234 - - [18/Apr/2017:09:44:02 -0300] "GET /cormun/static/about:blank HTTP/1.1" 404 1011
186.67.172.234 - - [18/Apr/2017:09:44:02 -0300] "GET /cormun/servlet/solicitudotadjuntos?INS,2017,6105,,1, HTTP/1.1" 200 6076
186.67.172.234 - - [18/Apr/2017:09:44:02 -0300] "GET /cormun/servlet/solicitudotadjuntos?22b812522db8d0c6cce9b900c079a1aa0538439a4f093a129789817025c025b5bc6fa9b7e4ac5cc88591bea7c2a85dcc,gx-no-cache=1492519505403 HTTP/1.1" 200 30
186.67.172.234 - - [18/Apr/2017:09:44:03 -0300] "POST /cormun/servlet/solicitudotadjuntos?e3786748a855387b67d1a2c8495cf8e6,INS,2017,6105,,1,,gx-no-cache=1492519505490 HTTP/1.1" 200 3829
192.168.10.13 - - [18/Apr/2017:09:44:05 -0300] "GET / HTTP/1.1" 200 11217
186.67.172.234 - - [18/Apr/2017:09:44:08 -0300] "POST /cormun/servlet/solicitudotadjuntos?gx-no-cache=1492519510868 HTTP/1.1" 200 26
186.67.172.234 - - [18/Apr/2017:09:44:14 -0300] "GET /cormun/servlet/solicitudotadjuntos?22b812522db8d0c6cce9b900c079a1aa3665832ec12161d7ffaf28fc24317021,gx-no-cache=1492519516836 HTTP/1.1" 200 30
186.67.172.234 - - [18/Apr/2017:09:44:14 -0300] "GET /cormun/servlet/solicitudotadjuntos?22b812522db8d0c6cce9b900c079a1aa3665832ec12161d7ffaf28fc24317021,gx-no-cache=1492519516905 HTTP/1.1" 200 30
186.67.172.234 - - [18/Apr/2017:09:44:15 -0300] "POST /cormun/servlet/solicitudotadjuntos?e3786748a855387b67d1a2c8495cf8e6,INS,2017,6105,,1, HTTP/1.1" 200 116
186.67.172.234 - - [18/Apr/2017:09:44:15 -0300] "GET /cormun/servlet/hpexe_return? HTTP/1.1" 200 1024
186.67.172.234 - - [18/Apr/2017:09:44:16 -0300] "GET /cormun/servlet/trsolicitudadjuntos?2017,6105, HTTP/1.1" 200 8772
186.67.172.234 - - [18/Apr/2017:09:44:16 -0300] "GET /cormun/servlet/trsolicitudadjuntos?2017,6105, HTTP/1.1" 200 8769
186.67.172.234 - - [18/Apr/2017:09:44:21 -0300] "GET /cormun/servlet/solicitudotadjuntos?INS,2017,6105,,1, HTTP/1.1" 200 6082
186.67.172.234 - - [18/Apr/2017:09:44:22 -0300] "GET /cormun/static/about:blank HTTP/1.1" 404 1011
186.67.172.234 - - [18/Apr/2017:09:44:22 -0300] "GET /cormun/servlet/solicitudotadjuntos?INS,2017,6105,,1, HTTP/1.1" 200 6076
186.67.172.234 - - [18/Apr/2017:09:44:23 -0300] "GET /cormun/servlet/solicitudotadjuntos?22b812522db8d0c6cce9b900c079a1aa0538439a4f093a129789817025c025b5bc6fa9b7e4ac5cc88591bea7c2a85dcc,gx-no-cache=1492519525800 HTTP/1.1" 200 30
186.67.172.234 - - [18/Apr/2017:09:44:23 -0300] "POST /cormun/servlet/solicitudotadjuntos?e3786748a855387b67d1a2c8495cf8e6,INS,2017,6105,,1,,gx-no-cache=1492519525855 HTTP/1.1" 200 3829
186.67.172.234 - - [18/Apr/2017:09:44:27 -0300] "POST /cormun/servlet/solicitudotadjuntos?gx-no-cache=1492519530356 HTTP/1.1" 200 26
186.103.157.98 - - [18/Apr/2017:09:44:28 -0300] "POST /cormun/servlet/trpermisosadjuntos?4914b2cfb149da558e0794c2be4712e8,11889122,20170417172829,P,,gx-no-cache=1492519533601 HTTP/1.1" 200 90
186.103.157.98 - - [18/Apr/2017:09:44:28 -0300] "GET /cormun/servlet/hpexe_link HTTP/1.1" 200 981
186.103.157.98 - - [18/Apr/2017:09:44:28 -0300] "GET /cormun/servlet/trpermisosgoce HTTP/1.1" 200 7914
186.103.157.98 - - [18/Apr/2017:09:44:29 -0300] "GET /cormun/servlet/trpermisosgoce HTTP/1.1" 200 7913
186.67.172.234 - - [18/Apr/2017:09:44:33 -0300] "GET /cormun/servlet/solicitudotadjuntos?22b812522db8d0c6cce9b900c079a1aa3665832ec12161d7ffaf28fc24317021,gx-no-cache=1492519536029 HTTP/1.1" 200 30
186.67.172.234 - - [18/Apr/2017:09:44:33 -0300] "GET /cormun/servlet/solicitudotadjuntos?22b812522db8d0c6cce9b900c079a1aa3665832ec12161d7ffaf28fc24317021,gx-no-cache=1492519536087 HTTP/1.1" 200 30
186.67.172.234 - - [18/Apr/2017:09:44:35 -0300] "POST /cormun/servlet/solicitudotadjuntos?e3786748a855387b67d1a2c8495cf8e6,INS,2017,6105,,1, HTTP/1.1" 200 116
186.67.172.234 - - [18/Apr/2017:09:44:35 -0300] "GET /cormun/servlet/hpexe_return? HTTP/1.1" 200 1024
186.67.172.234 - - [18/Apr/2017:09:44:36 -0300] "GET /cormun/servlet/trsolicitudadjuntos?2017,6105, HTTP/1.1" 200 8974
186.67.172.234 - - [18/Apr/2017:09:44:37 -0300] "GET /cormun/servlet/trsolicitudadjuntos?2017,6105, HTTP/1.1" 200 8971
186.67.172.234 - - [18/Apr/2017:09:44:39 -0300] "GET /cormun/servlet/solicitudotadjuntos?INS,2017,6105,,1, HTTP/1.1" 200 6082
186.67.172.234 - - [18/Apr/2017:09:44:39 -0300] "GET /cormun/static/about:blank HTTP/1.1" 404 1011
186.67.172.234 - - [18/Apr/2017:09:44:39 -0300] "GET /cormun/servlet/solicitudotadjuntos?INS,2017,6105,,1, HTTP/1.1" 200 6076
186.67.172.234 - - [18/Apr/2017:09:44:40 -0300] "GET /cormun/servlet/solicitudotadjuntos?22b812522db8d0c6cce9b900c079a1aa0538439a4f093a129789817025c025b5bc6fa9b7e4ac5cc88591bea7c2a85dcc,gx-no-cache=1492519542901 HTTP/1.1" 200 30
186.67.172.234 - - [18/Apr/2017:09:44:40 -0300] "POST /cormun/servlet/solicitudotadjuntos?e3786748a855387b67d1a2c8495cf8e6,INS,2017,6105,,1,,gx-no-cache=1492519542972 HTTP/1.1" 200 3828
186.67.172.234 - - [18/Apr/2017:09:44:44 -0300] "POST /cormun/servlet/solicitudotadjuntos?gx-no-cache=1492519547077 HTTP/1.1" 200 26
186.67.172.234 - - [18/Apr/2017:09:44:51 -0300] "GET /cormun/servlet/solicitudotadjuntos?22b812522db8d0c6cce9b900c079a1aa3665832ec12161d7ffaf28fc24317021,gx-no-cache=1492519554452 HTTP/1.1" 200 30
186.67.172.234 - - [18/Apr/2017:09:44:51 -0300] "GET /cormun/servlet/solicitudotadjuntos?22b812522db8d0c6cce9b900c079a1aa3665832ec12161d7ffaf28fc24317021,gx-no-cache=1492519554516 HTTP/1.1" 200 30
186.67.172.234 - - [18/Apr/2017:09:44:53 -0300] "POST /cormun/servlet/solicitudotadjuntos?e3786748a855387b67d1a2c8495cf8e6,INS,2017,6105,,1, HTTP/1.1" 200 116
186.67.172.234 - - [18/Apr/2017:09:44:53 -0300] "GET /cormun/servlet/hpexe_return? HTTP/1.1" 200 1024
186.67.172.234 - - [18/Apr/2017:09:44:54 -0300] "GET /cormun/servlet/trsolicitudadjuntos?2017,6105, HTTP/1.1" 200 9171
186.67.172.234 - - [18/Apr/2017:09:44:54 -0300] "GET /cormun/servlet/trsolicitudadjuntos?2017,6105, HTTP/1.1" 200 9164
186.67.172.234 - - [18/Apr/2017:09:45:00 -0300] "POST /cormun/servlet/trsolicitudadjuntos?e3786748a855387b67d1a2c8495cf8e6,2017,6105,,gx-no-cache=1492519562793 HTTP/1.1" 200 90
186.67.172.234 - - [18/Apr/2017:09:45:00 -0300] "GET /cormun/servlet/hpexe_link HTTP/1.1" 200 969
186.67.172.234 - - [18/Apr/2017:09:45:00 -0300] "GET /cormun/servlet/trsolicitudot HTTP/1.1" 200 9402
186.67.172.234 - - [18/Apr/2017:09:45:01 -0300] "GET /cormun/servlet/trsolicitudot HTTP/1.1" 200 9401
192.168.10.13 - - [18/Apr/2017:09:45:05 -0300] "GET / HTTP/1.1" 200 11217
186.103.157.98 - - [18/Apr/2017:09:45:09 -0300] "GET /cormun/servlet/trpermisosadjuntos?11889122,20170417172829,P, HTTP/1.1" 200 6845
186.103.157.98 - - [18/Apr/2017:09:45:09 -0300] "GET /cormun/servlet/trpermisosadjuntos?11889122,20170417172829,P, HTTP/1.1" 200 6842
186.67.172.234 - - [18/Apr/2017:09:45:47 -0300] "POST /cormun/servlet/trsolicitudot?e3786748a855387b67d1a2c8495cf8e6,gx-no-cache=1492519610468 HTTP/1.1" 200 106
186.67.172.234 - - [18/Apr/2017:09:45:48 -0300] "GET /cormun/servlet/trsolicitudadjuntos?2017,6104, HTTP/1.1" 200 6144
186.67.172.234 - - [18/Apr/2017:09:45:48 -0300] "GET /cormun/servlet/trsolicitudadjuntos?2017,6104, HTTP/1.1" 200 6143
186.67.172.234 - - [18/Apr/2017:09:45:51 -0300] "GET /cormun/servlet/solicitudotadjuntos?INS,2017,6104,,1, HTTP/1.1" 200 6082
186.67.172.234 - - [18/Apr/2017:09:45:51 -0300] "GET /cormun/static/about:blank HTTP/1.1" 404 1011
186.67.172.234 - - [18/Apr/2017:09:45:51 -0300] "GET /cormun/servlet/solicitudotadjuntos?INS,2017,6104,,1, HTTP/1.1" 200 6075
186.67.172.234 - - [18/Apr/2017:09:45:51 -0300] "GET /cormun/servlet/solicitudotadjuntos?22b812522db8d0c6cce9b900c079a1aa1ed3c0dc9951a0ac1f8b78ae7320d076c3373d6d4dea4af0cd869bc669ebbc23,gx-no-cache=1492519614714 HTTP/1.1" 200 30
186.67.172.234 - - [18/Apr/2017:09:45:52 -0300] "POST /cormun/servlet/solicitudotadjuntos?e3786748a855387b67d1a2c8495cf8e6,INS,2017,6104,,1,,gx-no-cache=1492519614808 HTTP/1.1" 200 3862
186.67.172.234 - - [18/Apr/2017:09:45:54 -0300] "POST /cormun/servlet/solicitudotadjuntos?gx-no-cache=1492519617154 HTTP/1.1" 200 26
192.168.10.13 - - [18/Apr/2017:09:46:05 -0300] "GET / HTTP/1.1" 200 11217
186.67.172.234 - - [18/Apr/2017:09:46:13 -0300] "GET /cormun/servlet/solicitudotadjuntos?22b812522db8d0c6cce9b900c079a1aa3665832ec12161d7ffaf28fc24317021,gx-no-cache=1492519636620 HTTP/1.1" 200 30
186.67.172.234 - - [18/Apr/2017:09:46:13 -0300] "GET /cormun/servlet/solicitudotadjuntos?22b812522db8d0c6cce9b900c079a1aa3665832ec12161d7ffaf28fc24317021,gx-no-cache=1492519636670 HTTP/1.1" 200 30
186.67.172.234 - - [18/Apr/2017:09:46:26 -0300] "POST /cormun/servlet/solicitudotadjuntos?e3786748a855387b67d1a2c8495cf8e6,INS,2017,6104,,1, HTTP/1.1" 200 116
186.67.172.234 - - [18/Apr/2017:09:46:26 -0300] "GET /cormun/servlet/hpexe_return? HTTP/1.1" 200 1024
186.67.172.234 - - [18/Apr/2017:09:46:26 -0300] "GET /cormun/servlet/trsolicitudadjuntos?2017,6104, HTTP/1.1" 200 8308
186.67.172.234 - - [18/Apr/2017:09:46:27 -0300] "GET /cormun/servlet/trsolicitudadjuntos?2017,6104, HTTP/1.1" 200 8304
186.67.172.234 - - [18/Apr/2017:09:46:30 -0300] "GET /cormun/servlet/solicitudotadjuntos?INS,2017,6104,,1, HTTP/1.1" 200 6081
186.67.172.234 - - [18/Apr/2017:09:46:30 -0300] "GET /cormun/static/about:blank HTTP/1.1" 404 1011
186.67.172.234 - - [18/Apr/2017:09:46:30 -0300] "GET /cormun/servlet/solicitudotadjuntos?INS,2017,6104,,1, HTTP/1.1" 200 6074
186.67.172.234 - - [18/Apr/2017:09:46:31 -0300] "GET /cormun/servlet/solicitudotadjuntos?22b812522db8d0c6cce9b900c079a1aa1ed3c0dc9951a0ac1f8b78ae7320d076c3373d6d4dea4af0cd869bc669ebbc23,gx-no-cache=1492519654115 HTTP/1.1" 200 30
186.67.172.234 - - [18/Apr/2017:09:46:31 -0300] "POST /cormun/servlet/solicitudotadjuntos?e3786748a855387b67d1a2c8495cf8e6,INS,2017,6104,,1,,gx-no-cache=1492519654232 HTTP/1.1" 200 3862
186.67.172.234 - - [18/Apr/2017:09:46:35 -0300] "POST /cormun/servlet/solicitudotadjuntos?gx-no-cache=1492519658372 HTTP/1.1" 200 26
186.67.172.234 - - [18/Apr/2017:09:46:42 -0300] "GET /cormun/servlet/solicitudotadjuntos?22b812522db8d0c6cce9b900c079a1aa3665832ec12161d7ffaf28fc24317021,gx-no-cache=1492519665124 HTTP/1.1" 200 30
186.67.172.234 - - [18/Apr/2017:09:46:42 -0300] "GET /cormun/servlet/solicitudotadjuntos?22b812522db8d0c6cce9b900c079a1aa3665832ec12161d7ffaf28fc24317021,gx-no-cache=1492519665440 HTTP/1.1" 200 30
186.67.172.234 - - [18/Apr/2017:09:46:49 -0300] "POST /cormun/servlet/solicitudotadjuntos?e3786748a855387b67d1a2c8495cf8e6,INS,2017,6104,,1, HTTP/1.1" 200 116
186.67.172.234 - - [18/Apr/2017:09:46:49 -0300] "GET /cormun/servlet/hpexe_return? HTTP/1.1" 200 1024
186.67.172.234 - - [18/Apr/2017:09:46:49 -0300] "GET /cormun/servlet/trsolicitudadjuntos?2017,6104, HTTP/1.1" 200 8483
186.67.172.234 - - [18/Apr/2017:09:46:50 -0300] "GET /cormun/servlet/trsolicitudadjuntos?2017,6104, HTTP/1.1" 200 8479
186.67.172.234 - - [18/Apr/2017:09:46:52 -0300] "GET /cormun/servlet/solicitudotadjuntos?INS,2017,6104,,1, HTTP/1.1" 200 6081
186.67.172.234 - - [18/Apr/2017:09:46:53 -0300] "GET /cormun/static/about:blank HTTP/1.1" 404 1011
186.103.159.46 - - [18/Apr/2017:09:46:53 -0300] "GET /cormun/servlet/hhome HTTP/1.1" 200 3325
186.67.172.234 - - [18/Apr/2017:09:46:53 -0300] "GET /cormun/servlet/solicitudotadjuntos?INS,2017,6104,,1, HTTP/1.1" 200 6074
186.103.159.46 - - [18/Apr/2017:09:46:53 -0300] "GET /cormun/static/gxtimezone.js?85251 HTTP/1.1" 304 -
186.103.159.46 - - [18/Apr/2017:09:46:53 -0300] "GET /cormun/static/gxcfg.js?201731711483497 HTTP/1.1" 304 -
186.67.172.234 - - [18/Apr/2017:09:46:53 -0300] "GET /cormun/servlet/solicitudotadjuntos?22b812522db8d0c6cce9b900c079a1aa1ed3c0dc9951a0ac1f8b78ae7320d076c3373d6d4dea4af0cd869bc669ebbc23,gx-no-cache=1492519676491 HTTP/1.1" 200 30
186.103.159.46 - - [18/Apr/2017:09:46:54 -0300] "GET /cormun/static/messages.spa.js?85251 HTTP/1.1" 304 -
186.67.172.234 - - [18/Apr/2017:09:46:54 -0300] "POST /cormun/servlet/solicitudotadjuntos?e3786748a855387b67d1a2c8495cf8e6,INS,2017,6104,,1,,gx-no-cache=1492519676633 HTTP/1.1" 200 3862
186.103.159.46 - - [18/Apr/2017:09:46:55 -0300] "GET /cormun/servlet/hhome HTTP/1.1" 200 3335
186.103.159.46 - - [18/Apr/2017:09:46:55 -0300] "GET /cormun/servlet/hlogin HTTP/1.1" 200 1733
186.103.159.46 - - [18/Apr/2017:09:46:56 -0300] "GET /cormun/static/hlogin.js?201741110203211 HTTP/1.1" 304 -
186.103.159.46 - - [18/Apr/2017:09:46:56 -0300] "GET /cormun/static/gxcfg.js?201741110203197 HTTP/1.1" 304 -
186.67.172.234 - - [18/Apr/2017:09:47:00 -0300] "POST /cormun/servlet/solicitudotadjuntos?gx-no-cache=1492519683708 HTTP/1.1" 200 26
192.168.10.13 - - [18/Apr/2017:09:47:05 -0300] "GET / HTTP/1.1" 200 11217
186.67.172.234 - - [18/Apr/2017:09:47:09 -0300] "GET /cormun/servlet/solicitudotadjuntos?22b812522db8d0c6cce9b900c079a1aa3665832ec12161d7ffaf28fc24317021,gx-no-cache=1492519691796 HTTP/1.1" 200 30
186.67.172.234 - - [18/Apr/2017:09:47:09 -0300] "GET /cormun/servlet/solicitudotadjuntos?22b812522db8d0c6cce9b900c079a1aa3665832ec12161d7ffaf28fc24317021,gx-no-cache=1492519691860 HTTP/1.1" 200 30
186.103.159.46 - - [18/Apr/2017:09:47:09 -0300] "POST /cormun/servlet/hlogin?3e1240f9e1b3cc8070cdd12fdb81eca0,gx-no-cache=1492519693345 HTTP/1.1" 200 90
186.103.159.46 - - [18/Apr/2017:09:47:09 -0300] "GET /cormun/servlet/hpexe_link HTTP/1.1" 200 953
186.103.159.46 - - [18/Apr/2017:09:47:10 -0300] "GET /cormun/static/gxcfg.js?201731711483381 HTTP/1.1" 304 -
186.103.159.46 - - [18/Apr/2017:09:47:10 -0300] "GET /cormun/servlet/hhome HTTP/1.1" 200 3782
186.103.159.46 - - [18/Apr/2017:09:47:11 -0300] "GET /cormun/servlet/hhome HTTP/1.1" 200 3779
186.67.172.234 - - [18/Apr/2017:09:47:13 -0300] "POST /cormun/servlet/solicitudotadjuntos?e3786748a855387b67d1a2c8495cf8e6,INS,2017,6104,,1, HTTP/1.1" 200 116
186.67.172.234 - - [18/Apr/2017:09:47:13 -0300] "GET /cormun/servlet/hpexe_return? HTTP/1.1" 200 1024
186.67.172.234 - - [18/Apr/2017:09:47:13 -0300] "GET /cormun/servlet/trsolicitudadjuntos?2017,6104, HTTP/1.1" 200 8630
186.103.159.46 - - [18/Apr/2017:09:47:14 -0300] "GET /cormun/servlet/trlicencias? HTTP/1.1" 200 6623
186.103.159.46 - - [18/Apr/2017:09:47:14 -0300] "GET /cormun/static/gxcfg.js?201741111445981 HTTP/1.1" 200 953
186.103.159.46 - - [18/Apr/2017:09:47:14 -0300] "GET /cormun/static/calendar.js?85251 HTTP/1.1" 304 -
186.103.159.46 - - [18/Apr/2017:09:47:14 -0300] "GET /cormun/static/calendar-es.js?85251 HTTP/1.1" 304 -
186.103.159.46 - - [18/Apr/2017:09:47:14 -0300] "GET /cormun/static/calendar-setup.js?85251 HTTP/1.1" 304 -
186.103.159.46 - - [18/Apr/2017:09:47:15 -0300] "GET /cormun/static/gxdec.js?85251 HTTP/1.1" 304 -
186.103.159.46 - - [18/Apr/2017:09:47:15 -0300] "GET /cormun/static/trlicencias.js?20174111145440 HTTP/1.1" 200 37913
186.103.159.46 - - [18/Apr/2017:09:47:16 -0300] "GET /cormun/servlet/trlicencias? HTTP/1.1" 200 6622
186.103.159.46 - - [18/Apr/2017:09:47:18 -0300] "GET /cormun/servlet/licenciaspermisos?INS,0,,, HTTP/1.1" 200 7172
186.103.159.46 - - [18/Apr/2017:09:47:19 -0300] "GET /cormun/static/gxcfg.js?201741111445322 HTTP/1.1" 200 953
186.103.159.46 - - [18/Apr/2017:09:47:19 -0300] "GET /cormun/static/licenciaspermisos.js?201741111445392 HTTP/1.1" 200 34444
186.103.159.46 - - [18/Apr/2017:09:47:20 -0300] "GET /cormun/servlet/licenciaspermisos?INS,0,,, HTTP/1.1" 200 7172
186.67.172.234 - - [18/Apr/2017:09:47:39 -0300] "GET /cormun/servlet/hpexe_return? HTTP/1.1" 200 1020
186.67.172.234 - - [18/Apr/2017:09:47:39 -0300] "GET /cormun/servlet/trsolicitudot HTTP/1.1" 200 9405
186.67.172.234 - - [18/Apr/2017:09:47:40 -0300] "GET /cormun/servlet/trsolicitudot HTTP/1.1" 200 9401
186.103.159.46 - - [18/Apr/2017:09:47:47 -0300] "GET /cormun/servlet/prfichaempleado?,MD,,gxPopupLevel%3D0%3B HTTP/1.1" 200 8799
186.103.159.46 - - [18/Apr/2017:09:47:47 -0300] "GET /cormun/static/gxcfg.js?2017319125415 HTTP/1.1" 304 -
186.103.159.46 - - [18/Apr/2017:09:48:04 -0300] "POST /cormun/servlet/prfichaempleado?3e1240f9e1b3cc8070cdd12fdb81eca0,,MD,,gxPopupLevel%3D0%3B,gx-no-cache=1492519748687 HTTP/1.1" 200 3509
192.168.10.13 - - [18/Apr/2017:09:48:05 -0300] "GET / HTTP/1.1" 200 11217
186.103.159.46 - - [18/Apr/2017:09:48:14 -0300] "GET /cormun/servlet/licenciaspermisos?c1c2d7495f12f3b497a09924619f7c4e463610fd20d96913b71ded288f268fc681132bc190ded1b8db72a47aefa7d024,gx-no-cache=1492519759076 HTTP/1.1" 200 65
186.103.159.46 - - [18/Apr/2017:09:48:15 -0300] "POST /cormun/servlet/licenciaspermisos?3e1240f9e1b3cc8070cdd12fdb81eca0,INS,0,,,,gx-no-cache=1492519759192 HTTP/1.1" 200 4417
186.67.172.234 - - [18/Apr/2017:09:48:32 -0300] "POST /cormun/servlet/trsolicitudot?e3786748a855387b67d1a2c8495cf8e6,gx-no-cache=1492519774412 HTTP/1.1" 200 106
186.67.172.234 - - [18/Apr/2017:09:48:32 -0300] "GET /cormun/servlet/trsolicitudadjuntos?2017,6104, HTTP/1.1" 200 8624
186.67.172.234 - - [18/Apr/2017:09:48:33 -0300] "GET /cormun/servlet/trsolicitudadjuntos?2017,6104, HTTP/1.1" 200 8626
186.67.172.234 - - [18/Apr/2017:09:48:36 -0300] "GET /cormun/servlet/solicitudotadjuntos?INS,2017,6104,,1, HTTP/1.1" 200 6081
186.67.172.234 - - [18/Apr/2017:09:48:37 -0300] "GET /cormun/static/about:blank HTTP/1.1" 404 1011
186.67.172.234 - - [18/Apr/2017:09:48:37 -0300] "GET /cormun/servlet/solicitudotadjuntos?INS,2017,6104,,1, HTTP/1.1" 200 6074
186.67.172.234 - - [18/Apr/2017:09:48:37 -0300] "GET /cormun/servlet/solicitudotadjuntos?22b812522db8d0c6cce9b900c079a1aa1ed3c0dc9951a0ac1f8b78ae7320d076c3373d6d4dea4af0cd869bc669ebbc23,gx-no-cache=1492519780433 HTTP/1.1" 200 30
186.67.172.234 - - [18/Apr/2017:09:48:38 -0300] "POST /cormun/servlet/solicitudotadjuntos?e3786748a855387b67d1a2c8495cf8e6,INS,2017,6104,,1,,gx-no-cache=1492519780518 HTTP/1.1" 200 3862
186.67.172.234 - - [18/Apr/2017:09:48:42 -0300] "POST /cormun/servlet/solicitudotadjuntos?gx-no-cache=1492519785715 HTTP/1.1" 200 26
186.67.172.234 - - [18/Apr/2017:09:48:48 -0300] "GET /cormun/servlet/solicitudotadjuntos?22b812522db8d0c6cce9b900c079a1aa3665832ec12161d7ffaf28fc24317021,gx-no-cache=1492519790844 HTTP/1.1" 200 30
186.67.172.234 - - [18/Apr/2017:09:48:48 -0300] "GET /cormun/servlet/solicitudotadjuntos?22b812522db8d0c6cce9b900c079a1aa3665832ec12161d7ffaf28fc24317021,gx-no-cache=1492519790876 HTTP/1.1" 200 30
186.67.172.234 - - [18/Apr/2017:09:48:53 -0300] "POST /cormun/servlet/solicitudotadjuntos?e3786748a855387b67d1a2c8495cf8e6,INS,2017,6104,,1, HTTP/1.1" 200 116
186.67.172.234 - - [18/Apr/2017:09:48:53 -0300] "GET /cormun/servlet/hpexe_return? HTTP/1.1" 200 1024
186.67.172.234 - - [18/Apr/2017:09:48:54 -0300] "GET /cormun/servlet/trsolicitudadjuntos?2017,6104, HTTP/1.1" 200 8764
186.67.172.234 - - [18/Apr/2017:09:48:54 -0300] "GET /cormun/servlet/trsolicitudadjuntos?2017,6104, HTTP/1.1" 200 8767
186.67.172.234 - - [18/Apr/2017:09:49:00 -0300] "GET /cormun/servlet/solicitudotadjuntos?INS,2017,6104,,1, HTTP/1.1" 200 6081
186.67.172.234 - - [18/Apr/2017:09:49:00 -0300] "GET /cormun/static/about:blank HTTP/1.1" 404 1011
186.67.172.234 - - [18/Apr/2017:09:49:00 -0300] "GET /cormun/servlet/solicitudotadjuntos?INS,2017,6104,,1, HTTP/1.1" 200 6074
186.67.172.234 - - [18/Apr/2017:09:49:01 -0300] "GET /cormun/servlet/solicitudotadjuntos?22b812522db8d0c6cce9b900c079a1aa1ed3c0dc9951a0ac1f8b78ae7320d076c3373d6d4dea4af0cd869bc669ebbc23,gx-no-cache=1492519804111 HTTP/1.1" 200 30
186.67.172.234 - - [18/Apr/2017:09:49:01 -0300] "POST /cormun/servlet/solicitudotadjuntos?e3786748a855387b67d1a2c8495cf8e6,INS,2017,6104,,1,,gx-no-cache=1492519804202 HTTP/1.1" 200 3862
186.67.172.234 - - [18/Apr/2017:09:49:05 -0300] "POST /cormun/servlet/solicitudotadjuntos?gx-no-cache=1492519807772 HTTP/1.1" 200 26
192.168.10.13 - - [18/Apr/2017:09:49:05 -0300] "GET / HTTP/1.1" 200 11217
186.67.172.234 - - [18/Apr/2017:09:49:13 -0300] "GET /cormun/servlet/solicitudotadjuntos?22b812522db8d0c6cce9b900c079a1aa3665832ec12161d7ffaf28fc24317021,gx-no-cache=1492519816492 HTTP/1.1" 200 30
186.67.172.234 - - [18/Apr/2017:09:49:13 -0300] "GET /cormun/servlet/solicitudotadjuntos?22b812522db8d0c6cce9b900c079a1aa3665832ec12161d7ffaf28fc24317021,gx-no-cache=1492519816542 HTTP/1.1" 200 30
186.67.172.234 - - [18/Apr/2017:09:49:20 -0300] "POST /cormun/servlet/solicitudotadjuntos?e3786748a855387b67d1a2c8495cf8e6,INS,2017,6104,,1, HTTP/1.1" 200 116
186.67.172.234 - - [18/Apr/2017:09:49:20 -0300] "GET /cormun/servlet/hpexe_return? HTTP/1.1" 200 1024
186.67.172.234 - - [18/Apr/2017:09:49:21 -0300] "GET /cormun/servlet/trsolicitudadjuntos?2017,6104, HTTP/1.1" 200 8963
186.67.172.234 - - [18/Apr/2017:09:49:22 -0300] "GET /cormun/servlet/trsolicitudadjuntos?2017,6104, HTTP/1.1" 200 8962
186.67.172.234 - - [18/Apr/2017:09:49:26 -0300] "GET /cormun/servlet/solicitudotadjuntos?INS,2017,6104,,1, HTTP/1.1" 200 6080
186.67.172.234 - - [18/Apr/2017:09:49:26 -0300] "GET /cormun/static/about:blank HTTP/1.1" 404 1011
186.67.172.234 - - [18/Apr/2017:09:49:27 -0300] "GET /cormun/servlet/solicitudotadjuntos?INS,2017,6104,,1, HTTP/1.1" 200 6073
186.67.172.234 - - [18/Apr/2017:09:49:27 -0300] "GET /cormun/servlet/solicitudotadjuntos?22b812522db8d0c6cce9b900c079a1aa1ed3c0dc9951a0ac1f8b78ae7320d076c3373d6d4dea4af0cd869bc669ebbc23,gx-no-cache=1492519830232 HTTP/1.1" 200 30
186.67.172.234 - - [18/Apr/2017:09:49:27 -0300] "POST /cormun/servlet/solicitudotadjuntos?e3786748a855387b67d1a2c8495cf8e6,INS,2017,6104,,1,,gx-no-cache=1492519830300 HTTP/1.1" 200 3861
186.67.172.234 - - [18/Apr/2017:09:49:31 -0300] "POST /cormun/servlet/solicitudotadjuntos?gx-no-cache=1492519834668 HTTP/1.1" 200 26
186.67.172.234 - - [18/Apr/2017:09:49:38 -0300] "GET /cormun/servlet/solicitudotadjuntos?22b812522db8d0c6cce9b900c079a1aa3665832ec12161d7ffaf28fc24317021,gx-no-cache=1492519841755 HTTP/1.1" 200 30
186.67.172.234 - - [18/Apr/2017:09:49:39 -0300] "GET /cormun/servlet/solicitudotadjuntos?22b812522db8d0c6cce9b900c079a1aa3665832ec12161d7ffaf28fc24317021,gx-no-cache=1492519841815 HTTP/1.1" 200 30
186.67.172.234 - - [18/Apr/2017:09:49:42 -0300] "POST /cormun/servlet/solicitudotadjuntos?e3786748a855387b67d1a2c8495cf8e6,INS,2017,6104,,1, HTTP/1.1" 200 116
186.67.172.234 - - [18/Apr/2017:09:49:42 -0300] "GET /cormun/servlet/hpexe_return? HTTP/1.1" 200 1024
186.103.159.46 - - [18/Apr/2017:09:50:00 -0300] "GET /cormun/static/menuarrow.gif HTTP/1.1" 404 1015
186.103.156.166 - - [18/Apr/2017:09:50:03 -0300] "GET /cormun/servlet/hhome HTTP/1.1" 200 3323
186.103.156.166 - - [18/Apr/2017:09:50:03 -0300] "GET /cormun/servlet/hhome HTTP/1.1" 200 3323
186.103.156.166 - - [18/Apr/2017:09:50:03 -0300] "GET /cormun/static/gxcfg.js?201731711483497 HTTP/1.1" 304 -
186.103.156.166 - - [18/Apr/2017:09:50:04 -0300] "GET /cormun/static/messages.spa.js?85251 HTTP/1.1" 304 -
186.103.156.166 - - [18/Apr/2017:09:50:04 -0300] "GET /cormun/servlet/hhome HTTP/1.1" 200 3334
186.103.156.166 - - [18/Apr/2017:09:50:04 -0300] "GET /cormun/servlet/hlogin HTTP/1.1" 200 1736
186.103.156.166 - - [18/Apr/2017:09:50:04 -0300] "GET /cormun/static/gxcfg.js?201741110203197 HTTP/1.1" 304 -
186.103.156.166 - - [18/Apr/2017:09:50:04 -0300] "GET /cormun/static/hlogin.js?201741110203211 HTTP/1.1" 304 -
192.168.10.13 - - [18/Apr/2017:09:50:05 -0300] "GET / HTTP/1.1" 200 11217
186.67.172.234 - - [18/Apr/2017:09:50:09 -0300] "GET /cormun/servlet/solicitudotadjuntos?INS,2017,6104,,1, HTTP/1.1" 200 6080
186.67.172.234 - - [18/Apr/2017:09:50:09 -0300] "GET /cormun/static/about:blank HTTP/1.1" 404 1011
186.67.172.234 - - [18/Apr/2017:09:50:09 -0300] "GET /cormun/servlet/solicitudotadjuntos?INS,2017,6104,,1, HTTP/1.1" 200 6073
186.67.172.234 - - [18/Apr/2017:09:50:09 -0300] "GET /favicon.ico HTTP/1.1" 200 21630
186.67.172.234 - - [18/Apr/2017:09:50:10 -0300] "GET /cormun/servlet/solicitudotadjuntos?22b812522db8d0c6cce9b900c079a1aa1ed3c0dc9951a0ac1f8b78ae7320d076c3373d6d4dea4af0cd869bc669ebbc23,gx-no-cache=1492519873141 HTTP/1.1" 200 30
186.67.172.234 - - [18/Apr/2017:09:50:18 -0300] "POST /cormun/servlet/solicitudotadjuntos?e3786748a855387b67d1a2c8495cf8e6,INS,2017,6104,,1,,gx-no-cache=1492519880972 HTTP/1.1" 200 3861
186.67.172.234 - - [18/Apr/2017:09:50:23 -0300] "POST /cormun/servlet/solicitudotadjuntos?gx-no-cache=1492519886403 HTTP/1.1" 200 26
186.103.159.182 - - [18/Apr/2017:09:50:26 -0300] "GET /cormun/servlet/trlicencias? HTTP/1.1" 200 6934
186.103.159.182 - - [18/Apr/2017:09:50:27 -0300] "GET /cormun/servlet/trlicencias? HTTP/1.1" 200 6927
186.67.172.234 - - [18/Apr/2017:09:50:29 -0300] "GET /cormun/servlet/solicitudotadjuntos?22b812522db8d0c6cce9b900c079a1aa3665832ec12161d7ffaf28fc24317021,gx-no-cache=1492519891964 HTTP/1.1" 200 30
186.67.172.234 - - [18/Apr/2017:09:50:29 -0300] "GET /cormun/servlet/solicitudotadjuntos?22b812522db8d0c6cce9b900c079a1aa3665832ec12161d7ffaf28fc24317021,gx-no-cache=1492519892023 HTTP/1.1" 200 30
186.67.172.234 - - [18/Apr/2017:09:50:31 -0300] "POST /cormun/servlet/solicitudotadjuntos?e3786748a855387b67d1a2c8495cf8e6,INS,2017,6104,,1, HTTP/1.1" 200 6103
186.67.172.234 - - [18/Apr/2017:09:50:31 -0300] "GET /home/sistema/apache-tomcat-7.0.65/webapps/cormun/PrivateTempStorage/upload_00002400.pdf HTTP/1.1" 404 1135
186.67.172.234 - - [18/Apr/2017:09:50:31 -0300] "GET /cormun/static/Shared/jqueryui/images/ui-icons_ebccce_256x240.png HTTP/1.1" 404 1089
186.67.172.234 - - [18/Apr/2017:09:50:31 -0300] "GET /cormun/static/Shared/jqueryui/images/ui-bg_highlight-soft_100_c6c2c8_1x100.png HTTP/1.1" 404 1117
186.67.172.234 - - [18/Apr/2017:09:50:31 -0300] "GET /cormun/static/Shared/jqueryui/images/ui-icons_82798d_256x240.png HTTP/1.1" 404 1089
186.67.172.234 - - [18/Apr/2017:09:50:31 -0300] "GET /cormun/static/Shared/jqueryui/images/ui-bg_flat_55_994d53_40x100.png HTTP/1.1" 404 1097
186.67.172.234 - - [18/Apr/2017:09:50:31 -0300] "GET /cormun/PrivateTempStorage/upload_00002400.pdf HTTP/1.1" 200 16384
186.67.172.234 - - [18/Apr/2017:09:50:31 -0300] "GET /cormun/PrivateTempStorage/upload_00002400.pdf HTTP/1.1" 200 512381
186.67.172.234 - - [18/Apr/2017:09:50:32 -0300] "GET /cormun/PrivateTempStorage/upload_00002400.pdf HTTP/1.1" 206 99219
186.103.159.182 - - [18/Apr/2017:09:50:35 -0300] "GET /cormun/servlet/licenciaspermisos?INS,0,,, HTTP/1.1" 200 7469
186.103.159.182 - - [18/Apr/2017:09:50:35 -0300] "GET /cormun/static/gxcfg.js?201741111445322 HTTP/1.1" 304 -
186.103.159.182 - - [18/Apr/2017:09:50:35 -0300] "GET /cormun/static/licenciaspermisos.js?201741111445392 HTTP/1.1" 304 -
186.103.159.182 - - [18/Apr/2017:09:50:36 -0300] "GET /cormun/servlet/licenciaspermisos?INS,0,,, HTTP/1.1" 200 7477
186.67.172.234 - - [18/Apr/2017:09:50:43 -0300] "GET /cormun/servlet/solicitudotadjuntos?22b812522db8d0c6cce9b900c079a1aace15389ac5742f1d2750a8543c97ae1707f75046a2f534e4a0a6b2be66954069,gx-no-cache=1492519906755 HTTP/1.1" 200 30
186.103.156.166 - - [18/Apr/2017:09:50:45 -0300] "POST /cormun/servlet/hlogin?542dda2488c0912c9ce35ea4a60bafce,gx-no-cache=1492523504733 HTTP/1.1" 200 90
186.103.156.166 - - [18/Apr/2017:09:50:45 -0300] "GET /cormun/servlet/hpexe_link HTTP/1.1" 200 952
186.103.156.166 - - [18/Apr/2017:09:50:45 -0300] "GET /cormun/static/gxcfg.js?201731711483381 HTTP/1.1" 304 -
186.103.156.166 - - [18/Apr/2017:09:50:46 -0300] "GET /cormun/servlet/hhome HTTP/1.1" 200 3722
186.103.156.166 - - [18/Apr/2017:09:50:47 -0300] "GET /cormun/servlet/hhome HTTP/1.1" 200 3722
186.67.172.234 - - [18/Apr/2017:09:50:54 -0300] "POST /cormun/servlet/solicitudotadjuntos?e3786748a855387b67d1a2c8495cf8e6,INS,2017,6104,,1, HTTP/1.1" 200 6104
186.67.172.234 - - [18/Apr/2017:09:50:54 -0300] "GET /home/sistema/apache-tomcat-7.0.65/webapps/cormun/PrivateTempStorage/upload_00002412.pdf HTTP/1.1" 404 1135
186.67.172.234 - - [18/Apr/2017:09:50:55 -0300] "GET /cormun/PrivateTempStorage/upload_00002412.pdf HTTP/1.1" 200 278528
186.67.172.234 - - [18/Apr/2017:09:50:55 -0300] "GET /cormun/PrivateTempStorage/upload_00002412.pdf HTTP/1.1" 206 360219
192.168.10.13 - - [18/Apr/2017:09:51:05 -0300] "GET / HTTP/1.1" 200 11217
186.67.172.234 - - [18/Apr/2017:09:51:10 -0300] "GET /cormun/servlet/solicitudotadjuntos?INS,2017,6104,,1, HTTP/1.1" 200 6081
186.67.172.234 - - [18/Apr/2017:09:51:10 -0300] "GET /cormun/static/about:blank HTTP/1.1" 404 1011
186.67.172.234 - - [18/Apr/2017:09:51:10 -0300] "GET /cormun/servlet/solicitudotadjuntos?INS,2017,6104,,1, HTTP/1.1" 200 6074
