186.79.136.0 - - [18/Apr/2017:11:32:35 -0300] "POST /cormun/servlet/solicitudot?gx-no-cache=1492526020093 HTTP/1.1" 200 1290
186.79.136.0 - - [18/Apr/2017:11:32:35 -0300] "POST /cormun/servlet/solicitudot?gx-no-cache=1492526020629 HTTP/1.1" 200 41
186.79.136.0 - - [18/Apr/2017:11:32:36 -0300] "POST /cormun/servlet/solicitudot?gx-no-cache=1492526020764 HTTP/1.1" 200 1273
186.103.159.46 - - [18/Apr/2017:11:32:36 -0300] "GET /cormun/servlet/solicitudotadjuntos?a2a092a7e89ecdc0304c7c975684494e64d18baa8c80595718a4bf62fa0a7405,gx-no-cache=1492529615299 HTTP/1.1" 200 30
186.79.136.0 - - [18/Apr/2017:11:32:36 -0300] "POST /cormun/servlet/solicitudot?gx-no-cache=1492526021088 HTTP/1.1" 200 1157
186.103.159.46 - - [18/Apr/2017:11:32:36 -0300] "GET /cormun/servlet/solicitudotadjuntos?a2a092a7e89ecdc0304c7c975684494e64d18baa8c80595718a4bf62fa0a7405,gx-no-cache=1492529615817 HTTP/1.1" 200 30
186.79.136.0 - - [18/Apr/2017:11:32:36 -0300] "GET /cormun/servlet/solicitudot?c6a2bcab8cfbd53f224192090ecd2da4ea90d8a95e561027c06620fe92735958057ee075aaefbe1fc1d7836c9c7164df69fadb6bdceca928ade6e8d3d0a9709cf354ebbdb57c9742d453315a7fae7eaaf778b35b314d20564b4a46ca8fab640a2695229061c2437e8b755e6396e31fb35d70dfb2b8c20613422f1ab79ac08f5f51469cedde7003272d763c30be5d8fcf63972b6852b17bb219cb9da404b5e1b90c2d7eb8fffb85d61152776ffb85db9d,gx-no-cache=1492526021334 HTTP/1.1" 200 30
186.79.136.0 - - [18/Apr/2017:11:32:37 -0300] "POST /cormun/servlet/solicitudot?cfc2e7cc71f4e1e67373df69446642dd,INS,0,0,,gx-no-cache=1492526021430 HTTP/1.1" 200 11131
186.79.136.0 - - [18/Apr/2017:11:32:37 -0300] "GET /cormun/static/Shared/jqueryui/images/ui-bg_highlight-soft_100_c6c2c8_1x100.png HTTP/1.1" 404 1117
186.79.136.0 - - [18/Apr/2017:11:32:37 -0300] "GET /cormun/static/Shared/jqueryui/images/ui-bg_flat_55_994d53_40x100.png HTTP/1.1" 404 1097
186.79.136.0 - - [18/Apr/2017:11:32:37 -0300] "GET /cormun/static/Shared/jqueryui/images/ui-icons_ebccce_256x240.png HTTP/1.1" 404 1089
186.79.136.0 - - [18/Apr/2017:11:32:37 -0300] "GET /cormun/static/Shared/jqueryui/images/ui-icons_82798d_256x240.png HTTP/1.1" 404 1089
186.103.159.46 - - [18/Apr/2017:11:32:40 -0300] "POST /cormun/servlet/solicitudotadjuntos?3e1240f9e1b3cc8070cdd12fdb81eca0,INS,2017,6110,,1, HTTP/1.1" 200 116
186.103.159.46 - - [18/Apr/2017:11:32:40 -0300] "GET /cormun/servlet/hpexe_return? HTTP/1.1" 200 1025
186.103.159.46 - - [18/Apr/2017:11:32:41 -0300] "GET /cormun/servlet/trsolicitudadjuntos?2017,6110, HTTP/1.1" 200 8295
186.103.159.46 - - [18/Apr/2017:11:32:43 -0300] "GET /cormun/servlet/trsolicitudadjuntos?2017,6110, HTTP/1.1" 200 8293
186.103.159.46 - - [18/Apr/2017:11:32:45 -0300] "GET /cormun/servlet/solicitudotadjuntos?INS,2017,6110,,1, HTTP/1.1" 200 5821
186.103.159.46 - - [18/Apr/2017:11:32:46 -0300] "GET /cormun/static/about:blank HTTP/1.1" 404 1011
186.103.159.46 - - [18/Apr/2017:11:32:46 -0300] "GET /cormun/servlet/solicitudotadjuntos?INS,2017,6110,,1, HTTP/1.1" 200 5815
186.103.159.46 - - [18/Apr/2017:11:32:47 -0300] "GET /cormun/servlet/solicitudotadjuntos?a2a092a7e89ecdc0304c7c975684494e426f9b6d486ecba443616ba38f1b81cd333ff6ba676a36831bdd7497c0c268f7,gx-no-cache=1492529626590 HTTP/1.1" 200 30
186.103.159.46 - - [18/Apr/2017:11:32:47 -0300] "POST /cormun/servlet/solicitudotadjuntos?3e1240f9e1b3cc8070cdd12fdb81eca0,INS,2017,6110,,1,,gx-no-cache=1492529626696 HTTP/1.1" 200 3638
186.79.136.0 - - [18/Apr/2017:11:32:53 -0300] "GET /cormun/static/menuarrow.gif HTTP/1.1" 404 1015
186.103.159.46 - - [18/Apr/2017:11:32:55 -0300] "POST /cormun/servlet/solicitudotadjuntos?gx-no-cache=1492529635242 HTTP/1.1" 200 26
192.168.10.13 - - [18/Apr/2017:11:33:05 -0300] "GET / HTTP/1.1" 200 11217
186.79.136.0 - - [18/Apr/2017:11:33:07 -0300] "GET /cormun/servlet/solicitudot?c6a2bcab8cfbd53f224192090ecd2da4ea90d8a95e561027c06620fe92735958057ee075aaefbe1fc1d7836c9c7164df69fadb6bdceca928ade6e8d3d0a9709cf354ebbdb57c9742d453315a7fae7eaaf778b35b314d20564b4a46ca8fab640a2695229061c2437e8b755e6396e31fb35d70dfb2b8c20613422f1ab79ac08f5f51469cedde7003272d763c30be5d8fcf63972b6852b17bb219cb9da404b5e1b90c2d7eb8fffb85d61152776ffb85db9d,gx-no-cache=1492526052114 HTTP/1.1" 200 30
186.79.136.0 - - [18/Apr/2017:11:33:08 -0300] "POST /cormun/servlet/solicitudot?cfc2e7cc71f4e1e67373df69446642dd,INS,0,0,,gx-no-cache=1492526052319 HTTP/1.1" 200 11176
186.103.159.46 - - [18/Apr/2017:11:33:09 -0300] "GET /cormun/servlet/solicitudotadjuntos?a2a092a7e89ecdc0304c7c975684494e64d18baa8c80595718a4bf62fa0a7405,gx-no-cache=1492529648414 HTTP/1.1" 200 30
186.103.159.46 - - [18/Apr/2017:11:33:09 -0300] "GET /cormun/servlet/solicitudotadjuntos?a2a092a7e89ecdc0304c7c975684494e64d18baa8c80595718a4bf62fa0a7405,gx-no-cache=1492529648487 HTTP/1.1" 200 30
186.103.159.46 - - [18/Apr/2017:11:33:16 -0300] "POST /cormun/servlet/solicitudotadjuntos?3e1240f9e1b3cc8070cdd12fdb81eca0,INS,2017,6110,,1, HTTP/1.1" 200 116
186.103.159.46 - - [18/Apr/2017:11:33:16 -0300] "GET /cormun/servlet/hpexe_return? HTTP/1.1" 200 1025
186.103.159.46 - - [18/Apr/2017:11:33:17 -0300] "GET /cormun/servlet/trsolicitudadjuntos?2017,6110, HTTP/1.1" 200 8457
186.103.159.46 - - [18/Apr/2017:11:33:19 -0300] "GET /cormun/servlet/trsolicitudadjuntos?2017,6110, HTTP/1.1" 200 8453
186.103.159.46 - - [18/Apr/2017:11:33:21 -0300] "GET /cormun/servlet/solicitudotadjuntos?INS,2017,6110,,1, HTTP/1.1" 200 5821
186.103.159.46 - - [18/Apr/2017:11:33:22 -0300] "GET /cormun/static/about:blank HTTP/1.1" 404 1011
186.103.159.46 - - [18/Apr/2017:11:33:23 -0300] "GET /cormun/servlet/solicitudotadjuntos?INS,2017,6110,,1, HTTP/1.1" 200 5815
186.103.159.46 - - [18/Apr/2017:11:33:23 -0300] "GET /cormun/servlet/solicitudotadjuntos?a2a092a7e89ecdc0304c7c975684494e426f9b6d486ecba443616ba38f1b81cd333ff6ba676a36831bdd7497c0c268f7,gx-no-cache=1492529662900 HTTP/1.1" 200 30
186.103.159.46 - - [18/Apr/2017:11:33:23 -0300] "POST /cormun/servlet/solicitudotadjuntos?3e1240f9e1b3cc8070cdd12fdb81eca0,INS,2017,6110,,1,,gx-no-cache=1492529663024 HTTP/1.1" 200 3638
186.103.159.46 - - [18/Apr/2017:11:33:28 -0300] "POST /cormun/servlet/solicitudotadjuntos?gx-no-cache=1492529667896 HTTP/1.1" 200 26
186.103.159.46 - - [18/Apr/2017:11:33:42 -0300] "GET /cormun/servlet/solicitudotadjuntos?a2a092a7e89ecdc0304c7c975684494e64d18baa8c80595718a4bf62fa0a7405,gx-no-cache=1492529680595 HTTP/1.1" 200 30
186.103.159.46 - - [18/Apr/2017:11:33:42 -0300] "GET /cormun/servlet/solicitudotadjuntos?a2a092a7e89ecdc0304c7c975684494e64d18baa8c80595718a4bf62fa0a7405,gx-no-cache=1492529681591 HTTP/1.1" 200 30
186.103.159.46 - - [18/Apr/2017:11:33:44 -0300] "POST /cormun/servlet/solicitudotadjuntos?3e1240f9e1b3cc8070cdd12fdb81eca0,INS,2017,6110,,1, HTTP/1.1" 200 116
186.103.159.46 - - [18/Apr/2017:11:33:44 -0300] "GET /cormun/servlet/hpexe_return? HTTP/1.1" 200 1025
186.103.159.46 - - [18/Apr/2017:11:33:45 -0300] "GET /cormun/servlet/trsolicitudadjuntos?2017,6110, HTTP/1.1" 200 8601
186.103.159.46 - - [18/Apr/2017:11:33:46 -0300] "GET /cormun/servlet/trsolicitudadjuntos?2017,6110, HTTP/1.1" 200 8597
186.103.159.46 - - [18/Apr/2017:11:33:49 -0300] "GET /cormun/servlet/solicitudotadjuntos?INS,2017,6110,,1, HTTP/1.1" 200 5823
186.103.159.46 - - [18/Apr/2017:11:33:50 -0300] "GET /cormun/static/about:blank HTTP/1.1" 404 1011
186.103.159.46 - - [18/Apr/2017:11:33:50 -0300] "GET /cormun/servlet/solicitudotadjuntos?INS,2017,6110,,1, HTTP/1.1" 200 5817
186.103.159.46 - - [18/Apr/2017:11:33:50 -0300] "GET /cormun/servlet/solicitudotadjuntos?a2a092a7e89ecdc0304c7c975684494e426f9b6d486ecba443616ba38f1b81cd333ff6ba676a36831bdd7497c0c268f7,gx-no-cache=1492529690226 HTTP/1.1" 200 30
186.103.159.46 - - [18/Apr/2017:11:33:51 -0300] "POST /cormun/servlet/solicitudotadjuntos?3e1240f9e1b3cc8070cdd12fdb81eca0,INS,2017,6110,,1,,gx-no-cache=1492529690311 HTTP/1.1" 200 3640
186.103.159.46 - - [18/Apr/2017:11:33:59 -0300] "POST /cormun/servlet/solicitudotadjuntos?gx-no-cache=1492529698605 HTTP/1.1" 200 26
192.168.10.13 - - [18/Apr/2017:11:34:05 -0300] "GET / HTTP/1.1" 200 11217
186.79.136.0 - - [18/Apr/2017:11:35:04 -0300] "GET /cormun/static/Resources/resize.gif HTTP/1.1" 200 77
186.79.136.0 - - [18/Apr/2017:11:35:04 -0300] "GET /cormun/servlet/prcontratosol?13098672,,,,,MD,,gxPopupLevel%3D0%3B HTTP/1.1" 200 5897
186.79.136.0 - - [18/Apr/2017:11:35:04 -0300] "GET /cormun/static/gxcfg.js?201731711522183 HTTP/1.1" 200 953
186.79.136.0 - - [18/Apr/2017:11:35:04 -0300] "GET /cormun/static/Resources/PXToolsMenuSearch.png HTTP/1.1" 200 2914
186.79.136.0 - - [18/Apr/2017:11:35:04 -0300] "GET /cormun/static/Resources/PXToolsMenuSearchCancel.png HTTP/1.1" 200 2972
186.79.136.0 - - [18/Apr/2017:11:35:04 -0300] "GET /cormun/static/Resources/PXToolsGridFirst.gif HTTP/1.1" 200 379
186.79.136.0 - - [18/Apr/2017:11:35:04 -0300] "GET /cormun/static/Resources/PXToolsGridPrevious.gif HTTP/1.1" 200 369
186.79.136.0 - - [18/Apr/2017:11:35:04 -0300] "GET /cormun/static/Resources/PXToolsGridNext.gif HTTP/1.1" 200 369
186.79.136.0 - - [18/Apr/2017:11:35:04 -0300] "GET /cormun/static/Resources/PXToolsGridLast.gif HTTP/1.1" 200 370
186.79.136.0 - - [18/Apr/2017:11:35:04 -0300] "GET /cormun/static/prcontratosol.js?201731711522419 HTTP/1.1" 200 14084
186.79.136.0 - - [18/Apr/2017:11:35:04 -0300] "GET /cormun/static/menusearch.js?201610171694467 HTTP/1.1" 200 1424
186.79.136.0 - - [18/Apr/2017:11:35:04 -0300] "GET /cormun/static/hmpwkw011.js?201731711483558 HTTP/1.1" 200 1968
192.168.10.13 - - [18/Apr/2017:11:35:05 -0300] "GET / HTTP/1.1" 200 11217
186.103.159.46 - - [18/Apr/2017:11:35:07 -0300] "GET /cormun/servlet/solicitudotadjuntos?a2a092a7e89ecdc0304c7c975684494e64d18baa8c80595718a4bf62fa0a7405,gx-no-cache=1492529766894 HTTP/1.1" 200 30
186.103.159.46 - - [18/Apr/2017:11:35:07 -0300] "GET /cormun/servlet/solicitudotadjuntos?a2a092a7e89ecdc0304c7c975684494e64d18baa8c80595718a4bf62fa0a7405,gx-no-cache=1492529767053 HTTP/1.1" 200 30
186.103.159.46 - - [18/Apr/2017:11:35:08 -0300] "POST /cormun/servlet/solicitudotadjuntos?3e1240f9e1b3cc8070cdd12fdb81eca0,INS,2017,6110,,1, HTTP/1.1" 200 116
186.103.159.46 - - [18/Apr/2017:11:35:08 -0300] "GET /cormun/servlet/hpexe_return? HTTP/1.1" 200 1025
186.103.159.46 - - [18/Apr/2017:11:35:09 -0300] "GET /cormun/servlet/trsolicitudadjuntos?2017,6110, HTTP/1.1" 200 8774
186.103.159.46 - - [18/Apr/2017:11:35:11 -0300] "GET /cormun/servlet/trsolicitudadjuntos?2017,6110, HTTP/1.1" 200 8781
186.79.136.0 - - [18/Apr/2017:11:35:13 -0300] "POST /cormun/servlet/solicitudot?gx-no-cache=1492526178481 HTTP/1.1" 200 1290
186.79.136.0 - - [18/Apr/2017:11:35:14 -0300] "POST /cormun/servlet/solicitudot?gx-no-cache=1492526178879 HTTP/1.1" 200 41
186.103.159.46 - - [18/Apr/2017:11:35:14 -0300] "GET /cormun/servlet/solicitudotadjuntos?INS,2017,6110,,1, HTTP/1.1" 200 5822
186.79.136.0 - - [18/Apr/2017:11:35:14 -0300] "POST /cormun/servlet/solicitudot?gx-no-cache=1492526179001 HTTP/1.1" 200 1273
186.79.136.0 - - [18/Apr/2017:11:35:14 -0300] "POST /cormun/servlet/solicitudot?gx-no-cache=1492526179568 HTTP/1.1" 200 1157
186.103.159.46 - - [18/Apr/2017:11:35:14 -0300] "GET /cormun/static/about:blank HTTP/1.1" 404 1011
186.103.159.46 - - [18/Apr/2017:11:35:15 -0300] "GET /cormun/servlet/solicitudotadjuntos?INS,2017,6110,,1, HTTP/1.1" 200 5816
186.103.159.46 - - [18/Apr/2017:11:35:16 -0300] "GET /cormun/servlet/solicitudotadjuntos?a2a092a7e89ecdc0304c7c975684494e426f9b6d486ecba443616ba38f1b81cd333ff6ba676a36831bdd7497c0c268f7,gx-no-cache=1492529775589 HTTP/1.1" 200 30
186.103.159.46 - - [18/Apr/2017:11:35:16 -0300] "POST /cormun/servlet/solicitudotadjuntos?3e1240f9e1b3cc8070cdd12fdb81eca0,INS,2017,6110,,1,,gx-no-cache=1492529775701 HTTP/1.1" 200 3640
186.103.159.46 - - [18/Apr/2017:11:35:19 -0300] "POST /cormun/servlet/solicitudotadjuntos?gx-no-cache=1492529778837 HTTP/1.1" 200 26
186.103.159.46 - - [18/Apr/2017:11:35:33 -0300] "GET /cormun/servlet/solicitudotadjuntos?a2a092a7e89ecdc0304c7c975684494e64d18baa8c80595718a4bf62fa0a7405,gx-no-cache=1492529792548 HTTP/1.1" 200 30
186.103.159.46 - - [18/Apr/2017:11:35:33 -0300] "GET /cormun/servlet/solicitudotadjuntos?a2a092a7e89ecdc0304c7c975684494e64d18baa8c80595718a4bf62fa0a7405,gx-no-cache=1492529792620 HTTP/1.1" 200 30
186.103.159.46 - - [18/Apr/2017:11:35:34 -0300] "POST /cormun/servlet/solicitudotadjuntos?3e1240f9e1b3cc8070cdd12fdb81eca0,INS,2017,6110,,1, HTTP/1.1" 200 116
186.103.159.46 - - [18/Apr/2017:11:35:34 -0300] "GET /cormun/servlet/hpexe_return? HTTP/1.1" 200 1025
186.103.159.46 - - [18/Apr/2017:11:35:35 -0300] "GET /cormun/servlet/trsolicitudadjuntos?2017,6110, HTTP/1.1" 200 9028
186.103.159.46 - - [18/Apr/2017:11:35:36 -0300] "GET /cormun/servlet/trsolicitudadjuntos?2017,6110, HTTP/1.1" 200 9031
186.103.159.46 - - [18/Apr/2017:11:35:40 -0300] "POST /cormun/servlet/trsolicitudadjuntos?3e1240f9e1b3cc8070cdd12fdb81eca0,2017,6110,,gx-no-cache=1492529798885 HTTP/1.1" 200 90
186.103.159.46 - - [18/Apr/2017:11:35:40 -0300] "GET /cormun/servlet/hpexe_link HTTP/1.1" 200 990
186.103.159.46 - - [18/Apr/2017:11:35:40 -0300] "GET /cormun/servlet/trsolicitudot?gx-no-cache=1492524606156 HTTP/1.1" 200 8005
186.103.159.46 - - [18/Apr/2017:11:35:41 -0300] "GET /cormun/servlet/trsolicitudot?gx-no-cache=1492524606156 HTTP/1.1" 200 8026
186.79.136.0 - - [18/Apr/2017:11:35:42 -0300] "GET /cormun/servlet/solicitudot?c6a2bcab8cfbd53f224192090ecd2da4ea90d8a95e561027c06620fe927359581daa2c2b45b0e913a1c6da98a3b9ffa2ab030c81b75c6627cae05b64489040c28a261fce2f2d64f85ed6612325265a4cc64c068abb4ef712c6220bbb35d568440785e2d1f4e803bb8534baa18993fb9393a7ee9479e3f1a2d1014313d824807b8f211fdecdea5d506d7ce0cf2e24b199bf44592ed11aaf470354ebb7719620c8ee87a8e572d107591e69f921013c5aba,gx-no-cache=1492526207077 HTTP/1.1" 200 30
186.79.136.0 - - [18/Apr/2017:11:35:43 -0300] "POST /cormun/servlet/solicitudot?cfc2e7cc71f4e1e67373df69446642dd,INS,0,0,,gx-no-cache=1492526207258 HTTP/1.1" 200 93
186.79.136.0 - - [18/Apr/2017:11:35:43 -0300] "GET /cormun/servlet/hpexe_return? HTTP/1.1" 200 1003
186.79.136.0 - - [18/Apr/2017:11:35:43 -0300] "GET /cormun/static/Resources/Spanish/PXTools.css?167811 HTTP/1.1" 304 -
186.79.136.0 - - [18/Apr/2017:11:35:43 -0300] "GET /cormun/static/gxcfg.js?2016101716175148 HTTP/1.1" 304 -
186.79.136.0 - - [18/Apr/2017:11:35:43 -0300] "GET /cormun/static/hpexe_return.js?2016101716175153 HTTP/1.1" 304 -
186.79.136.0 - - [18/Apr/2017:11:35:43 -0300] "GET /cormun/servlet/trsolicitudot? HTTP/1.1" 200 8001
186.79.136.0 - - [18/Apr/2017:11:35:44 -0300] "GET /cormun/servlet/trsolicitudot? HTTP/1.1" 200 7997
186.103.159.46 - - [18/Apr/2017:11:36:02 -0300] "POST /cormun/servlet/trsolicitudot?3e1240f9e1b3cc8070cdd12fdb81eca0,gx-no-cache=1492524606156,gx-no-cache=1492529821723 HTTP/1.1" 200 4148
186.103.159.46 - - [18/Apr/2017:11:36:02 -0300] "GET /cormun/static/Shared/jqueryui/images/ui-bg_highlight-soft_100_c6c2c8_1x100.png HTTP/1.1" 404 1117
186.103.159.46 - - [18/Apr/2017:11:36:02 -0300] "GET /cormun/static/Shared/jqueryui/images/ui-icons_82798d_256x240.png HTTP/1.1" 404 1089
186.103.159.46 - - [18/Apr/2017:11:36:02 -0300] "GET /cormun/static/Shared/jqueryui/images/ui-bg_flat_55_fafafa_40x100.png HTTP/1.1" 404 1097
186.103.159.46 - - [18/Apr/2017:11:36:02 -0300] "GET /cormun/static/Shared/jqueryui/images/ui-icons_8d78a5_256x240.png HTTP/1.1" 404 1089
186.103.159.46 - - [18/Apr/2017:11:36:03 -0300] "POST /cormun/servlet/trsolicitudot?3e1240f9e1b3cc8070cdd12fdb81eca0,gx-no-cache=1492524606156,gx-no-cache=1492529822376 HTTP/1.1" 200 3926
192.168.10.13 - - [18/Apr/2017:11:36:05 -0300] "GET / HTTP/1.1" 200 11217
186.103.159.46 - - [18/Apr/2017:11:36:12 -0300] "GET /cormun/servlet/solicitudot?INS,0,0, HTTP/1.1" 200 12604
186.103.159.46 - - [18/Apr/2017:11:36:14 -0300] "GET /cormun/servlet/solicitudot?INS,0,0, HTTP/1.1" 200 12587
186.103.159.46 - - [18/Apr/2017:11:36:42 -0300] "POST /cormun/servlet/solicitudot?gx-no-cache=1492529862035 HTTP/1.1" 200 3081
186.103.159.46 - - [18/Apr/2017:11:36:43 -0300] "POST /cormun/servlet/solicitudot?3e1240f9e1b3cc8070cdd12fdb81eca0,INS,0,0,,gx-no-cache=1492529862515 HTTP/1.1" 200 9697
186.103.159.46 - - [18/Apr/2017:11:36:45 -0300] "GET /cormun/servlet/solicitudot?a2a092a7e89ecdc0304c7c975684494e5db1aab554220537d8ee97f477eea934192b9b409d9f904239053844d2dc1025,gx-no-cache=1492529864703 HTTP/1.1" 200 111
186.103.159.46 - - [18/Apr/2017:11:36:45 -0300] "GET /cormun/static/Shared/jqueryui/images/ui-bg_highlight-soft_100_c6c2c8_1x100.png HTTP/1.1" 404 1117
186.103.159.46 - - [18/Apr/2017:11:36:45 -0300] "GET /cormun/static/Shared/jqueryui/images/ui-icons_82798d_256x240.png HTTP/1.1" 404 1089
186.103.159.46 - - [18/Apr/2017:11:36:45 -0300] "GET /cormun/static/Shared/jqueryui/images/ui-bg_flat_55_994d53_40x100.png HTTP/1.1" 404 1097
186.103.159.46 - - [18/Apr/2017:11:36:45 -0300] "GET /cormun/static/Shared/jqueryui/images/ui-icons_ebccce_256x240.png HTTP/1.1" 404 1089
186.103.159.46 - - [18/Apr/2017:11:36:59 -0300] "POST /cormun/servlet/solicitudot?gx-no-cache=1492529878290 HTTP/1.1" 200 3140
186.103.159.46 - - [18/Apr/2017:11:36:59 -0300] "POST /cormun/servlet/solicitudot?3e1240f9e1b3cc8070cdd12fdb81eca0,INS,0,0,,gx-no-cache=1492529878665 HTTP/1.1" 200 9809
186.103.159.46 - - [18/Apr/2017:11:36:59 -0300] "GET /cormun/servlet/solicitudot?a2a092a7e89ecdc0304c7c975684494e09f3be4cc659ac1167d0d35fc1501e4c192b9b409d9f904239053844d2dc1025,gx-no-cache=1492529879016 HTTP/1.1" 200 30
186.103.159.46 - - [18/Apr/2017:11:37:04 -0300] "POST /cormun/servlet/solicitudot?gx-no-cache=1492529883922 HTTP/1.1" 200 255
186.103.159.46 - - [18/Apr/2017:11:37:05 -0300] "GET /cormun/servlet/solicitudot?a2a092a7e89ecdc0304c7c975684494e2fc5f0439f100eac2e2a2d901567bcd6ba669db62e335471256898b6e140aefc65a24e8d970b1a12af8161b2c8720c8d8e98002f9a6f96830cb93dc0e7f02b804f1b7963d7ccc5fdf187faa44da029da1e3c0bdc9270e472f0fa9448e477c63b586df13488afdf41c3c160c79f9fde642018d203c00163c01ef5b7c294a7e84ad5da147d3811276f7b046310f396d7862df9c67d539199fab86e4ddc3d75645f09f662fd2b9166f86ede27a0f87327df7f0435fd3416c7f4f50b7ad3aa1f6f62f39c7fd333a98b4672d44dcd6616ec05c7d7bcd6b87cb89f14664b107a5462364f7151192c5acade5f3da2b0b825192e41f6b5ab8d9f233ba2a46b6cff43f691c29c4384e3cf3466509d728a1c0d2d0ef6e3ac712a66489c8c1d0a8be72268d2d27c63b5592bb7e2675369bb5ccc573c9b87bef08e61abec076352de2315a671905fbf1475c3fccde5e7036fffe79432c999b8cb5b995e064c7cce33c26a70468fbfcdd3ee6ac815d11e5f2ef9a37747,gx-no-cache=1492529884043 HTTP/1.1" 200 30
192.168.10.13 - - [18/Apr/2017:11:37:05 -0300] "GET / HTTP/1.1" 200 11217
186.103.159.46 - - [18/Apr/2017:11:37:08 -0300] "POST /cormun/servlet/solicitudot?gx-no-cache=1492529887877 HTTP/1.1" 200 30
186.103.159.46 - - [18/Apr/2017:11:37:11 -0300] "POST /cormun/servlet/solicitudot?gx-no-cache=1492529891144 HTTP/1.1" 200 235
186.103.159.46 - - [18/Apr/2017:11:37:11 -0300] "POST /cormun/servlet/solicitudot?gx-no-cache=1492529891288 HTTP/1.1" 200 38
186.79.136.0 - - [18/Apr/2017:11:37:18 -0300] "GET /cormun/servlet/solicitudot?INS,0,0, HTTP/1.1" 200 12562
186.79.136.0 - - [18/Apr/2017:11:37:19 -0300] "GET /cormun/servlet/solicitudot?INS,0,0, HTTP/1.1" 200 12567
186.103.159.46 - - [18/Apr/2017:11:37:22 -0300] "GET /cormun/servlet/solicitudot?a2a092a7e89ecdc0304c7c975684494eaf1d8855c467f78ba680f730ce2716ee64d7a8aa9ecfece6174f39f4588b054d99a087a3627b0c274efe349f35509f4268326e97d8c056369483a3776614ef685f3e8e839504926738025d5f394dacdcb44f00785f8897b1c027fd22aa34de16c978cf5f44998abaaebfc9a2921fb8458313a97049dca321eb23b9306c3c4908941af1512d13747bfa87f213be6fe82b,gx-no-cache=1492529901489 HTTP/1.1" 200 29
186.103.159.46 - - [18/Apr/2017:11:37:22 -0300] "POST /cormun/servlet/solicitudot?gx-no-cache=1492529901587 HTTP/1.1" 200 668
186.103.159.46 - - [18/Apr/2017:11:37:23 -0300] "POST /cormun/servlet/solicitudot?gx-no-cache=1492529903003 HTTP/1.1" 200 1157
186.103.159.46 - - [18/Apr/2017:11:37:29 -0300] "GET /cormun/static/menuarrow.gif HTTP/1.1" 404 1015
186.79.136.0 - - [18/Apr/2017:11:37:41 -0300] "POST /cormun/servlet/solicitudot?gx-no-cache=1492526325776 HTTP/1.1" 200 3185
186.103.159.46 - - [18/Apr/2017:11:37:42 -0300] "GET /cormun/servlet/solicitudot?a2a092a7e89ecdc0304c7c975684494e6d183a92849042c3b1356adb4a357bf1e2121f45effeebf4e3a780c96ff1cbec79c030cd6f41277f9994f8cdc712ec5c333e7ffc98f3ffe1e1ad05c09c527927a310568f7dc5c61d59fc56e1d9408cbbbab5c2294f3dda364b1295ca55a9ad87633ec23f7b127c6729d70defa48eb7a7945f8c7541b521d07b3f9e07833c4596bf94e8436b52bff1bd17a00147904a326e995eda899510414f3735258ae94323,gx-no-cache=1492529922076 HTTP/1.1" 200 30
186.79.136.0 - - [18/Apr/2017:11:37:42 -0300] "POST /cormun/servlet/solicitudot?cfc2e7cc71f4e1e67373df69446642dd,INS,0,0,,gx-no-cache=1492526326488 HTTP/1.1" 200 9780
186.103.156.166 - - [18/Apr/2017:11:37:54 -0300] "GET /cormun/servlet/hhome HTTP/1.1" 200 3327
186.103.156.166 - - [18/Apr/2017:11:37:54 -0300] "GET /cormun/servlet/hhome HTTP/1.1" 200 3325
186.103.156.166 - - [18/Apr/2017:11:37:55 -0300] "GET /cormun/servlet/hhome HTTP/1.1" 200 3337
186.103.156.166 - - [18/Apr/2017:11:37:55 -0300] "GET /cormun/servlet/hlogin HTTP/1.1" 200 1736
186.103.159.46 - - [18/Apr/2017:11:38:01 -0300] "POST /cormun/servlet/solicitudot?3e1240f9e1b3cc8070cdd12fdb81eca0,INS,0,0,,gx-no-cache=1492529939764 HTTP/1.1" 200 11106
192.168.10.13 - - [18/Apr/2017:11:38:05 -0300] "GET / HTTP/1.1" 200 11217
186.79.136.0 - - [18/Apr/2017:11:38:08 -0300] "GET /cormun/servlet/solicitudot?c6a2bcab8cfbd53f224192090ecd2da449532c06f70f0afeb0fced02f54948a22ed4e769372faf3ee552b8ab9a618afb,gx-no-cache=1492526353097 HTTP/1.1" 200 30
186.79.136.0 - - [18/Apr/2017:11:38:08 -0300] "POST /cormun/servlet/solicitudot?gx-no-cache=1492526353508 HTTP/1.1" 200 255
186.79.136.0 - - [18/Apr/2017:11:38:08 -0300] "GET /cormun/servlet/solicitudot?c6a2bcab8cfbd53f224192090ecd2da4b20ef09b158df6c11dc251669666f6fc59fb5a716d73af988b48ad18e9cfefcfbb1b9e09aac3708aa6b32400b8cef6783fbaf8070bf043aea4ea24603254a8182db0786b51bb98e3b7b2fa82d09350dd25345fb07a783931b83e2ed4b4b403dd62add37583f564fb247a7666751537d4e674ff8c9f117134e0d81ebf21bc471a61eaaccdb74959468db40cb67ea1e71eb06a1e0ecabb96b94bac9e24b829537638be826c877bfdd05d8540079d43398ad1d8fa93bb1ef24b763aff242e919f237b103efd0532b84954ffdcf0a16c8f8907c4f7dccbf3a7631287d32a3109ef55fce86645f9db677efed74b3f299c050f8ace4824b83a4c6843630abdd6e8fdf60c964f63388631bdc7667cbff098150d04d304e8da32ab140c54c7f90f3058b2e85dbb1952e730529b994d10f7d1c50d183dbb405eb4be115feb494630a57ddf0c6626b5765187dc65b3acfca310ec134e50a99fba3539889e1bb268a82661a6393fad8f16fbb3ed919191e2347b5cb2,gx-no-cache=1492526353656 HTTP/1.1" 200 30
186.103.156.166 - - [18/Apr/2017:11:38:13 -0300] "POST /cormun/servlet/hlogin?79214a5244c67cc7469852117d9aab99,gx-no-cache=1492529952392 HTTP/1.1" 200 90
186.103.156.166 - - [18/Apr/2017:11:38:13 -0300] "GET /cormun/servlet/hpexe_link HTTP/1.1" 200 952
186.79.136.0 - - [18/Apr/2017:11:38:13 -0300] "POST /cormun/servlet/solicitudot?gx-no-cache=1492526357583 HTTP/1.1" 200 30
186.103.156.166 - - [18/Apr/2017:11:38:13 -0300] "GET /cormun/servlet/hhome HTTP/1.1" 200 3724
186.103.156.166 - - [18/Apr/2017:11:38:14 -0300] "GET /cormun/servlet/hhome HTTP/1.1" 200 3724
186.103.156.166 - - [18/Apr/2017:11:38:19 -0300] "GET /cormun/servlet/trpermisosgoce? HTTP/1.1" 200 8048
186.103.156.166 - - [18/Apr/2017:11:38:20 -0300] "GET /cormun/servlet/trpermisosgoce? HTTP/1.1" 200 8046
186.103.156.166 - - [18/Apr/2017:11:38:24 -0300] "GET /cormun/servlet/permisogoce?INS,0,,, HTTP/1.1" 200 6498
186.103.156.166 - - [18/Apr/2017:11:38:24 -0300] "GET /cormun/servlet/permisogoce?INS,0,,, HTTP/1.1" 200 6498
186.79.136.0 - - [18/Apr/2017:11:38:29 -0300] "GET /cormun/servlet/prcontratosol?17235253,,,,,MD,,gxPopupLevel%3D0%3B HTTP/1.1" 200 5896
186.79.136.0 - - [18/Apr/2017:11:38:32 -0300] "POST /cormun/servlet/solicitudot?gx-no-cache=1492526377293 HTTP/1.1" 200 1291
186.79.136.0 - - [18/Apr/2017:11:38:33 -0300] "POST /cormun/servlet/solicitudot?gx-no-cache=1492526377848 HTTP/1.1" 200 38
186.79.136.0 - - [18/Apr/2017:11:38:33 -0300] "GET /cormun/servlet/solicitudot?c6a2bcab8cfbd53f224192090ecd2da4447549414f37c9f070d292724664aa5bae1242dbf80d20a84390002c58057ee7ba03853b7d2c1a6777cb643f3751658c81f5b9da5461c93887ea4934099ffa1cfa78c8c82c91052c27c7d906328ee7424c950eac9cfc75365e1741bca149c6950dbaaaf348e2eb04c14a307612d9034a584afb8e2885242417cf574554a479e07772a1ea906be0f12fd0f32a428fc269,gx-no-cache=1492526377990 HTTP/1.1" 200 29
186.79.136.0 - - [18/Apr/2017:11:38:33 -0300] "POST /cormun/servlet/solicitudot?gx-no-cache=1492526378118 HTTP/1.1" 200 1274
186.79.136.0 - - [18/Apr/2017:11:38:33 -0300] "POST /cormun/servlet/solicitudot?gx-no-cache=1492526378467 HTTP/1.1" 200 1157
186.79.136.0 - - [18/Apr/2017:11:38:34 -0300] "GET /cormun/servlet/solicitudot?c6a2bcab8cfbd53f224192090ecd2da41b75ad5c8e322c188f0ad10adc6bcff79c5f1561863c0e1aefbd709161dcd294ab030c81b75c6627cae05b64489040c28a261fce2f2d64f85ed6612325265a4cc64c068abb4ef712c6220bbb35d568440785e2d1f4e803bb8534baa18993fb9393a7ee9479e3f1a2d1014313d824807b8f211fdecdea5d506d7ce0cf2e24b199bf44592ed11aaf470354ebb7719620c82f45583a3753c23ffeaff93113a23d7d,gx-no-cache=1492526378926 HTTP/1.1" 200 30
186.79.136.0 - - [18/Apr/2017:11:38:34 -0300] "POST /cormun/servlet/solicitudot?cfc2e7cc71f4e1e67373df69446642dd,INS,0,0,,gx-no-cache=1492526379075 HTTP/1.1" 200 11092
186.79.136.0 - - [18/Apr/2017:11:38:35 -0300] "GET /cormun/static/Shared/jqueryui/images/ui-bg_highlight-soft_100_c6c2c8_1x100.png HTTP/1.1" 404 1117
186.79.136.0 - - [18/Apr/2017:11:38:35 -0300] "GET /cormun/static/Shared/jqueryui/images/ui-icons_ebccce_256x240.png HTTP/1.1" 404 1089
186.79.136.0 - - [18/Apr/2017:11:38:35 -0300] "GET /cormun/static/Shared/jqueryui/images/ui-icons_82798d_256x240.png HTTP/1.1" 404 1089
186.79.136.0 - - [18/Apr/2017:11:38:35 -0300] "GET /cormun/static/Shared/jqueryui/images/ui-bg_flat_55_994d53_40x100.png HTTP/1.1" 404 1097
186.103.156.166 - - [18/Apr/2017:11:38:41 -0300] "GET /cormun/servlet/permisogoce?1b93ace4ed5b50e2ab295c5ebf1da6ed2c3ef59300f0dc1755ec6cfa52af9740cf03e3c6095dba67d4d7e244f4c36d5f,gx-no-cache=1492529980499 HTTP/1.1" 200 63
186.103.156.166 - - [18/Apr/2017:11:38:48 -0300] "GET /cormun/static/menuarrow.gif HTTP/1.1" 404 1015
186.103.159.46 - - [18/Apr/2017:11:39:00 -0300] "POST /cormun/servlet/solicitudot?3e1240f9e1b3cc8070cdd12fdb81eca0,INS,0,0,,gx-no-cache=1492529999532 HTTP/1.1" 200 11156
192.168.10.13 - - [18/Apr/2017:11:39:05 -0300] "GET / HTTP/1.1" 200 11217
186.103.156.166 - - [18/Apr/2017:11:39:07 -0300] "GET /cormun/servlet/permisogoce?1b93ace4ed5b50e2ab295c5ebf1da6edf753034f107ae8ea314c86bea9d09e4f3b9de05305e1f6f10e00524cec4b3341d4e7bac11a93da4432055c4cdfb45793,gx-no-cache=1492530006545 HTTP/1.1" 200 47
186.79.242.96 - - [18/Apr/2017:11:39:07 -0300] "GET /cormun/servlet/hlogin HTTP/1.1" 200 1721
186.79.242.96 - - [18/Apr/2017:11:39:08 -0300] "GET /cormun/servlet/hlogin HTTP/1.1" 200 1730
186.79.242.96 - - [18/Apr/2017:11:39:13 -0300] "POST /cormun/servlet/hlogin?55f934123607200fe22ee15b80ed35bb,gx-no-cache=1492526417675 HTTP/1.1" 200 90
186.79.242.96 - - [18/Apr/2017:11:39:13 -0300] "GET /cormun/servlet/hpexe_link HTTP/1.1" 200 949
186.79.242.96 - - [18/Apr/2017:11:39:14 -0300] "GET /cormun/servlet/hhome HTTP/1.1" 200 3810
186.79.242.96 - - [18/Apr/2017:11:39:14 -0300] "GET /cormun/servlet/hhome HTTP/1.1" 200 3807
186.103.159.182 - - [18/Apr/2017:11:39:27 -0300] "GET /cormun/servlet/trpermisosingoceadjunto?69,13776601, HTTP/1.1" 200 6525
186.79.242.96 - - [18/Apr/2017:11:39:28 -0300] "GET /cormun/servlet/trlicencias? HTTP/1.1" 200 6652
186.79.242.96 - - [18/Apr/2017:11:39:28 -0300] "GET /cormun/servlet/trlicencias? HTTP/1.1" 200 6651
186.103.159.182 - - [18/Apr/2017:11:39:28 -0300] "GET /cormun/servlet/trpermisosingoceadjunto?69,13776601, HTTP/1.1" 200 6527
186.79.242.96 - - [18/Apr/2017:11:39:32 -0300] "GET /cormun/servlet/trsolicitudot? HTTP/1.1" 200 8055
186.79.242.96 - - [18/Apr/2017:11:39:32 -0300] "GET /cormun/static/gxcfg.js?201731711505139 HTTP/1.1" 304 -
186.79.242.96 - - [18/Apr/2017:11:39:32 -0300] "GET /cormun/servlet/trsolicitudot? HTTP/1.1" 200 8055
186.103.159.182 - - [18/Apr/2017:11:39:32 -0300] "POST /cormun/servlet/trpermisosingoceadjunto?a0697e5d3e90b1783f8ca8acdbedbb4c,69,13776601,,gx-no-cache=1492526436933 HTTP/1.1" 200 90
186.103.159.182 - - [18/Apr/2017:11:39:32 -0300] "GET /cormun/servlet/hpexe_link HTTP/1.1" 200 976
186.103.159.182 - - [18/Apr/2017:11:39:33 -0300] "GET /cormun/servlet/trinasistencia HTTP/1.1" 200 7682
186.103.159.182 - - [18/Apr/2017:11:39:34 -0300] "GET /cormun/servlet/trinasistencia HTTP/1.1" 200 7681
186.103.156.166 - - [18/Apr/2017:11:39:35 -0300] "POST /cormun/servlet/permisogoce?79214a5244c67cc7469852117d9aab99,INS,0,,,,gx-no-cache=1492530033751 HTTP/1.1" 200 93
186.103.156.166 - - [18/Apr/2017:11:39:35 -0300] "GET /cormun/servlet/hpexe_return? HTTP/1.1" 200 1011
186.79.242.96 - - [18/Apr/2017:11:39:35 -0300] "GET /cormun/servlet/solicitudot?INS,0,0, HTTP/1.1" 200 12611
186.79.242.96 - - [18/Apr/2017:11:39:35 -0300] "GET /cormun/static/gxcfg.js?20171191042720 HTTP/1.1" 304 -
186.103.156.166 - - [18/Apr/2017:11:39:35 -0300] "GET /cormun/servlet/trpermisosgoce HTTP/1.1" 200 8275
186.79.242.96 - - [18/Apr/2017:11:39:35 -0300] "GET /cormun/servlet/solicitudot?INS,0,0, HTTP/1.1" 200 12616
186.103.156.166 - - [18/Apr/2017:11:39:36 -0300] "GET /cormun/servlet/trpermisosgoce HTTP/1.1" 200 8271
186.103.159.182 - - [18/Apr/2017:11:39:37 -0300] "GET /cormun/servlet/ainasistenciaprn?69,PU HTTP/1.1" 200 1634
186.103.156.166 - - [18/Apr/2017:11:39:43 -0300] "GET /cormun/servlet/apermisogoceprn?9751801,P,20170418123408,PU HTTP/1.1" 200 1643
186.103.159.182 - - [18/Apr/2017:11:39:43 -0300] "GET /cormun/servlet/inasistencia?UPD,69, HTTP/1.1" 200 6896
186.79.242.96 - - [18/Apr/2017:11:39:43 -0300] "POST /cormun/servlet/solicitudot?gx-no-cache=1492526447495 HTTP/1.1" 200 3081
186.103.159.182 - - [18/Apr/2017:11:39:44 -0300] "GET /cormun/servlet/inasistencia?UPD,69, HTTP/1.1" 200 6897
186.79.242.96 - - [18/Apr/2017:11:39:44 -0300] "POST /cormun/servlet/solicitudot?55f934123607200fe22ee15b80ed35bb,INS,0,0,,gx-no-cache=1492526447992 HTTP/1.1" 200 9671
186.79.136.0 - - [18/Apr/2017:11:39:48 -0300] "POST /cormun/servlet/solicitudot?gx-no-cache=1492526453345 HTTP/1.1" 200 1273
186.79.136.0 - - [18/Apr/2017:11:39:48 -0300] "POST /cormun/servlet/solicitudot?gx-no-cache=1492526453647 HTTP/1.1" 200 1157
186.103.159.46 - - [18/Apr/2017:11:39:51 -0300] "POST /cormun/servlet/solicitudot?gx-no-cache=1492530051010 HTTP/1.1" 200 254
186.103.159.46 - - [18/Apr/2017:11:39:52 -0300] "GET /cormun/servlet/solicitudot?a2a092a7e89ecdc0304c7c975684494e2fc5f0439f100eac2e2a2d901567bcd6ba669db62e335471256898b6e140aefc65a24e8d970b1a12af8161b2c8720c8d8e98002f9a6f96830cb93dc0e7f02b804f1b7963d7ccc5fdf187faa44da029da1e3c0bdc9270e472f0fa9448e477c63b586df13488afdf41c3c160c79f9fde642018d203c00163c01ef5b7c294a7e84ad5da147d3811276f7b046310f396d7862df9c67d539199fab86e4ddc3d75645f09f662fd2b9166f86ede27a0f87327df7f0435fd3416c7f4f50b7ad3aa1f6f62f39c7fd333a98b4672d44dcd6616ec05c7d7bcd6b87cb89f14664b107a5462364f7151192c5acade5f3da2b0b825192e41f6b5ab8d9f233ba2a46b6cff43f691c29c4384e3cf3466509d728a1c0d2d0ef6e3ac712a66489c8c1d0a8be72268d2d27c63b5592bb7e2675369bb5ccc573c9b87bef08e61abec076352de2315a671905fbf1475c3fccde5e7036fffe79432c999b8cb5b995e064c7cce33c26a7046d0f8fc87f973baead1495db0eb90a204,gx-no-cache=1492530051171 HTTP/1.1" 200 30
186.103.159.46 - - [18/Apr/2017:11:39:52 -0300] "POST /cormun/servlet/solicitudot?gx-no-cache=1492530051559 HTTP/1.1" 200 30
186.103.159.46 - - [18/Apr/2017:11:39:52 -0300] "POST /cormun/servlet/solicitudot?gx-no-cache=1492530051665 HTTP/1.1" 200 1286
186.103.159.46 - - [18/Apr/2017:11:39:52 -0300] "POST /cormun/servlet/solicitudot?gx-no-cache=1492530052175 HTTP/1.1" 200 41
186.103.159.46 - - [18/Apr/2017:11:39:53 -0300] "POST /cormun/servlet/solicitudot?gx-no-cache=1492530052259 HTTP/1.1" 200 1273
186.103.159.46 - - [18/Apr/2017:11:39:53 -0300] "POST /cormun/servlet/solicitudot?gx-no-cache=1492530052447 HTTP/1.1" 200 1157
186.103.159.46 - - [18/Apr/2017:11:39:53 -0300] "GET /cormun/servlet/solicitudot?a2a092a7e89ecdc0304c7c975684494e6d183a92849042c3b1356adb4a357bf1e2121f45effeebf4e3a780c96ff1cbec79c030cd6f41277f9994f8cdc712ec5c333e7ffc98f3ffe1e1ad05c09c527927a310568f7dc5c61d59fc56e1d9408cbbbab5c2294f3dda364b1295ca55a9ad87633ec23f7b127c6729d70defa48eb7a7945f8c7541b521d07b3f9e07833c4596bf94e8436b52bff1bd17a00147904a326e995eda899510414f3735258ae94323,gx-no-cache=1492530052621 HTTP/1.1" 200 30
186.103.159.46 - - [18/Apr/2017:11:39:54 -0300] "POST /cormun/servlet/solicitudot?3e1240f9e1b3cc8070cdd12fdb81eca0,INS,0,0,,gx-no-cache=1492530053114 HTTP/1.1" 200 93
186.103.159.46 - - [18/Apr/2017:11:39:54 -0300] "GET /cormun/servlet/hpexe_return? HTTP/1.1" 200 1027
186.103.159.46 - - [18/Apr/2017:11:39:54 -0300] "GET /cormun/servlet/trsolicitudot?gx-no-cache=1492524606156 HTTP/1.1" 200 8012
186.103.159.46 - - [18/Apr/2017:11:39:56 -0300] "GET /cormun/servlet/trsolicitudot?gx-no-cache=1492524606156 HTTP/1.1" 200 8031
186.79.242.96 - - [18/Apr/2017:11:39:58 -0300] "POST /cormun/servlet/solicitudot?gx-no-cache=1492526461678 HTTP/1.1" 200 3194
186.79.242.96 - - [18/Apr/2017:11:39:58 -0300] "POST /cormun/servlet/solicitudot?55f934123607200fe22ee15b80ed35bb,INS,0,0,,gx-no-cache=1492526462211 HTTP/1.1" 200 9840
186.79.242.96 - - [18/Apr/2017:11:40:01 -0300] "GET /cormun/servlet/solicitudot?4870af0a92f6dfee04e4dcd418e9e9e1d7bb56e94817998e7d010dd462351b472e051b20aa9724f28409698756352784,gx-no-cache=1492526465236 HTTP/1.1" 200 30
186.79.242.96 - - [18/Apr/2017:11:40:01 -0300] "POST /cormun/servlet/solicitudot?gx-no-cache=1492526465347 HTTP/1.1" 200 240
186.79.242.96 - - [18/Apr/2017:11:40:02 -0300] "GET /cormun/servlet/solicitudot?4870af0a92f6dfee04e4dcd418e9e9e1c960cf564baf0374ad42c2637e8c567cf6aea516e63712d803641e2260e88a8990dca8fce2bf92098e1ce3cbca5875428ade14fbcfff635decc03bb96a60f83f3ffc68b5bea494ea76f06bbaa375ab0f8889368a51ff96fb1e33715d48e7447d8e001d9f185c51a066e0a34b626d72976ca568f39d1920edd54aecacc980acc1ab113aa0b8b57e1efce297825e00c5ae97e67a99f502fa105bfaff8d44dfbb682b25316bfb24044c0c626a693ba2da6760e84026503ba5584aa5d4a04c4838a72f7e0364376df61015dc073f8de8d5b843e9a349dce86381d9bd35d787df9f6cbe24cf9c4a8c4f319557fc34ad5595c934088f32eace73f7b4b4715f0abd0b387588b434fe9e1c08090d1508273f4bd45ecc33d1398672132d61271f54e7bad6e95fffa72e69aec4bd429e0de3fb325436e375f9f65d73ea167d4ad2502ce861b16009500d2270c5f061623bf9a6b64da87726416b6175029b6fbc2a694e02b48f70a219e2373b52287e08d58df14e5e,gx-no-cache=1492526465897 HTTP/1.1" 200 30
186.79.242.96 - - [18/Apr/2017:11:40:04 -0300] "POST /cormun/servlet/solicitudot?gx-no-cache=1492526468406 HTTP/1.1" 200 30
192.168.10.13 - - [18/Apr/2017:11:40:05 -0300] "GET / HTTP/1.1" 200 11217
186.79.242.96 - - [18/Apr/2017:11:40:05 -0300] "GET /cormun/servlet/prsolicitudot?17135846,,,,,MD,,gxPopupLevel%3D0%3B HTTP/1.1" 200 6245
186.79.242.96 - - [18/Apr/2017:11:40:05 -0300] "GET /cormun/static/gxcfg.js?201731711522567 HTTP/1.1" 304 -
186.79.242.96 - - [18/Apr/2017:11:40:08 -0300] "POST /cormun/servlet/solicitudot?gx-no-cache=1492526472605 HTTP/1.1" 200 1372
186.79.242.96 - - [18/Apr/2017:11:40:08 -0300] "GET /cormun/static/Shared/jqueryui/images/ui-bg_highlight-soft_100_c6c2c8_1x100.png HTTP/1.1" 404 1117
186.79.242.96 - - [18/Apr/2017:11:40:08 -0300] "GET /cormun/static/Shared/jqueryui/images/ui-icons_82798d_256x240.png HTTP/1.1" 404 1089
186.79.242.96 - - [18/Apr/2017:11:40:08 -0300] "POST /cormun/servlet/solicitudot?gx-no-cache=1492526472778 HTTP/1.1" 200 117
186.79.242.96 - - [18/Apr/2017:11:40:08 -0300] "GET /cormun/static/Shared/jqueryui/images/ui-bg_flat_55_994d53_40x100.png HTTP/1.1" 404 1097
186.79.242.96 - - [18/Apr/2017:11:40:08 -0300] "GET /cormun/static/Shared/jqueryui/images/ui-icons_ebccce_256x240.png HTTP/1.1" 404 1089
186.79.242.96 - - [18/Apr/2017:11:40:09 -0300] "GET /cormun/servlet/solicitudot?4870af0a92f6dfee04e4dcd418e9e9e1a28b04978488127dea13eb91a581e3490a3d91d51be6c35590b8d2d2691e53c55f7b13f64edae509688b3c640d97d81fc2b68f72ffbd8fabcf100acf58a71505d79e15dc29adf676485ce7aa44b2b2e344f99d141d3350f6af5e2251c512f0fd3f8a924409558535032972ab69c3c399fbb2a939f27eff6106ce726f69e7a9da5451ab57d09a268ebc52705ef7a6cbe80b3bb3d1bac96a18f671ae2c3661f3958c2628092f9e8b19f58a8f7e49532e5eec28087c8d942b01b4f41dc04192d694,gx-no-cache=1492526472964 HTTP/1.1" 200 29
186.79.242.96 - - [18/Apr/2017:11:40:09 -0300] "GET /cormun/servlet/solicitudot?4870af0a92f6dfee04e4dcd418e9e9e12219455a78ae014a8b6c1b9441b9ce18d81a3504cc4f384467ce1783f0a130cd7badeabe49d5c51ee9dce9b7f54f0da0f163c8581a688d10e2d6622cd4ae4dca8aacc2c759ef8507f8312e4b44b1dc1ff5bcfae2a274ed79332fdc0a86124b7d39a33f3f41a0672257d4767636b147d7d36c73ac6897986d99327a4f20c8859b36063e50f8e91a55aef011a27ff8d811,gx-no-cache=1492526473070 HTTP/1.1" 200 57
186.79.242.96 - - [18/Apr/2017:11:40:09 -0300] "GET /cormun/servlet/solicitudot?4870af0a92f6dfee04e4dcd418e9e9e19739d16db5cfaf43f3a9cf1585718109d81a3504cc4f384467ce1783f0a130cd7badeabe49d5c51ee9dce9b7f54f0da0132479dcb091a4cf1c6dc0f9b3c8e9da4378cdd79f1244204e511026ddd81823a0d0c1d0c04bc89c2667d003c60a1ac626c74827187031d88de43b7b2c4250cb,gx-no-cache=1492526473177 HTTP/1.1" 200 57
186.79.136.0 - - [18/Apr/2017:11:40:09 -0300] "POST /cormun/servlet/solicitudot?gx-no-cache=1492526473831 HTTP/1.1" 200 1273
186.79.136.0 - - [18/Apr/2017:11:40:10 -0300] "POST /cormun/servlet/solicitudot?gx-no-cache=1492526474608 HTTP/1.1" 200 1157
186.79.136.0 - - [18/Apr/2017:11:40:33 -0300] "GET /cormun/servlet/solicitudot?c6a2bcab8cfbd53f224192090ecd2da41b75ad5c8e322c188f0ad10adc6bcff79c5f1561863c0e1aefbd709161dcd294168100dbf0bdbbba009f97bb34acb6ee8a261fce2f2d64f85ed6612325265a4cc64c068abb4ef712c6220bbb35d568440785e2d1f4e803bb8534baa18993fb9393a7ee9479e3f1a2d1014313d824807b8f211fdecdea5d506d7ce0cf2e24b199bf44592ed11aaf470354ebb7719620c8abd4740ad3b66ba10533a610251528be,gx-no-cache=1492526498049 HTTP/1.1" 200 32
186.103.159.46 - - [18/Apr/2017:11:40:42 -0300] "GET /cormun/servlet/solicitudot?INS,0,0, HTTP/1.1" 200 12604
186.103.159.46 - - [18/Apr/2017:11:40:44 -0300] "GET /cormun/servlet/solicitudot?INS,0,0, HTTP/1.1" 200 12587
186.79.242.96 - - [18/Apr/2017:11:40:49 -0300] "POST /cormun/servlet/solicitudot?gx-no-cache=1492526512933 HTTP/1.1" 200 1291
186.79.242.96 - - [18/Apr/2017:11:40:51 -0300] "GET /cormun/servlet/prlicenciaspermisos?14332226,L,,MD,,gxPopupLevel%3D0%3B HTTP/1.1" 200 6453
186.79.242.96 - - [18/Apr/2017:11:40:51 -0300] "GET /cormun/static/gxcfg.js?201741111445743 HTTP/1.1" 304 -
186.79.242.96 - - [18/Apr/2017:11:40:51 -0300] "GET /cormun/static/prlicenciaspermisos.js?201741111445890 HTTP/1.1" 304 -
186.103.159.46 - - [18/Apr/2017:11:41:00 -0300] "POST /cormun/servlet/solicitudot?3e1240f9e1b3cc8070cdd12fdb81eca0,INS,0,0,,gx-no-cache=1492530119272 HTTP/1.1" 200 90
186.103.159.46 - - [18/Apr/2017:11:41:00 -0300] "GET /cormun/servlet/hpexe_link HTTP/1.1" 200 984
186.103.159.46 - - [18/Apr/2017:11:41:00 -0300] "GET /cormun/servlet/trsolicitudot?gx-no-cache=1492524606156 HTTP/1.1" 200 8010
186.103.159.46 - - [18/Apr/2017:11:41:01 -0300] "GET /cormun/servlet/trsolicitudot?gx-no-cache=1492524606156 HTTP/1.1" 200 8031
192.168.10.13 - - [18/Apr/2017:11:41:05 -0300] "GET / HTTP/1.1" 200 11217
192.168.10.96 - - [18/Apr/2017:11:41:17 -0300] "GET /cormun/servlet/vevisualizador?2017,6013,,SolicitudOTAdjuntos HTTP/1.1" 200 9311
192.168.10.96 - - [18/Apr/2017:11:41:17 -0300] "GET /cormun/servlet/hlogin HTTP/1.1" 200 1766
192.168.10.96 - - [18/Apr/2017:11:41:17 -0300] "GET /cormun/servlet/vevisualizador?2017,6013,,SolicitudOTAdjuntos HTTP/1.1" 200 9314
186.79.242.96 - - [18/Apr/2017:11:41:20 -0300] "POST /cormun/servlet/solicitudot?gx-no-cache=1492526544452 HTTP/1.1" 200 41
186.79.242.96 - - [18/Apr/2017:11:41:20 -0300] "POST /cormun/servlet/solicitudot?gx-no-cache=1492526544640 HTTP/1.1" 200 1275
186.79.242.96 - - [18/Apr/2017:11:41:21 -0300] "POST /cormun/servlet/solicitudot?gx-no-cache=1492526545000 HTTP/1.1" 200 1157
192.168.10.96 - - [18/Apr/2017:11:41:23 -0300] "POST /cormun/servlet/hlogin?7f7ea66d468d49f6e844d7247f566564,gx-no-cache=1492529756798 HTTP/1.1" 200 477
192.168.10.96 - - [18/Apr/2017:11:41:26 -0300] "POST /cormun/servlet/hlogin?7f7ea66d468d49f6e844d7247f566564,gx-no-cache=1492529760477 HTTP/1.1" 200 90
192.168.10.96 - - [18/Apr/2017:11:41:26 -0300] "GET /cormun/servlet/hpexe_link HTTP/1.1" 200 983
192.168.10.96 - - [18/Apr/2017:11:41:27 -0300] "GET /cormun/servlet/vevisualizador?2017,6013,,SolicitudOTAdjuntos HTTP/1.1" 200 10244
192.168.10.96 - - [18/Apr/2017:11:41:27 -0300] "GET /cormun/pexe_scrolldiv.js HTTP/1.1" 404 1009
192.168.10.96 - - [18/Apr/2017:11:41:27 -0300] "GET /cormun/pexe_scrolldiv.js HTTP/1.1" 404 1009
192.168.10.96 - - [18/Apr/2017:11:41:28 -0300] "GET /cormun/servlet/vevisualizador?2017,6013,,SolicitudOTAdjuntos HTTP/1.1" 200 10254
192.168.10.96 - - [18/Apr/2017:11:41:28 -0300] "POST /cormun/servlet/acontrolpreferencessavestate?None,DZAMUDIO,true HTTP/1.1" 200 35
192.168.10.96 - - [18/Apr/2017:11:41:30 -0300] "GET /cormun/servlet/trsolicitudgral? HTTP/1.1" 200 25095
192.168.10.96 - - [18/Apr/2017:11:41:31 -0300] "GET /cormun/servlet/trsolicitudgral? HTTP/1.1" 200 25081
192.168.10.96 - - [18/Apr/2017:11:41:35 -0300] "GET /cormun/servlet/wbconsulta? HTTP/1.1" 200 5151
192.168.10.96 - - [18/Apr/2017:11:41:35 -0300] "GET /cormun/servlet/wbconsulta? HTTP/1.1" 200 5151
186.79.242.96 - - [18/Apr/2017:11:41:35 -0300] "GET /cormun/servlet/solicitudot?4870af0a92f6dfee04e4dcd418e9e9e1a28b04978488127dea13eb91a581e3490a3d91d51be6c35590b8d2d2691e53c556255b73ee762a2cd5ea21d4ed5dd9dbc2b68f72ffbd8fabcf100acf58a71505d79e15dc29adf676485ce7aa44b2b2e344f99d141d3350f6af5e2251c512f0fd3f8a924409558535032972ab69c3c399fbb2a939f27eff6106ce726f69e7a9da5451ab57d09a268ebc52705ef7a6cbe80b3bb3d1bac96a18f671ae2c3661f3958c2628092f9e8b19f58a8f7e49532e5eec28087c8d942b01b4f41dc04192d694,gx-no-cache=1492526559754 HTTP/1.1" 200 29
186.79.136.0 - - [18/Apr/2017:11:41:39 -0300] "GET /cormun/servlet/solicitudot?c6a2bcab8cfbd53f224192090ecd2da41b75ad5c8e322c188f0ad10adc6bcff79c5f1561863c0e1aefbd709161dcd294b335f51ac6909cbfe45fbd99b2026b428a261fce2f2d64f85ed6612325265a4cc64c068abb4ef712c6220bbb35d568440785e2d1f4e803bb8534baa18993fb9393a7ee9479e3f1a2d1014313d824807b8f211fdecdea5d506d7ce0cf2e24b199bf44592ed11aaf470354ebb7719620c8abd4740ad3b66ba10533a610251528be,gx-no-cache=1492526564606 HTTP/1.1" 200 32
186.79.242.96 - - [18/Apr/2017:11:41:40 -0300] "GET /cormun/servlet/solicitudot?4870af0a92f6dfee04e4dcd418e9e9e1a28b04978488127dea13eb91a581e3490a3d91d51be6c35590b8d2d2691e53c5ca5c251cd61999644a5ab04ae208ef2dc2b68f72ffbd8fabcf100acf58a71505d79e15dc29adf676485ce7aa44b2b2e344f99d141d3350f6af5e2251c512f0fd3f8a924409558535032972ab69c3c399fbb2a939f27eff6106ce726f69e7a9da5451ab57d09a268ebc52705ef7a6cbe80b3bb3d1bac96a18f671ae2c3661f3958c2628092f9e8b19f58a8f7e49532e5eec28087c8d942b01b4f41dc04192d694,gx-no-cache=1492526564271 HTTP/1.1" 200 29
186.79.136.0 - - [18/Apr/2017:11:41:40 -0300] "POST /cormun/servlet/solicitudot?cfc2e7cc71f4e1e67373df69446642dd,INS,0,0,,gx-no-cache=1492526564800 HTTP/1.1" 200 93
186.79.136.0 - - [18/Apr/2017:11:41:41 -0300] "GET /cormun/servlet/hpexe_return? HTTP/1.1" 200 1003
186.79.136.0 - - [18/Apr/2017:11:41:41 -0300] "GET /cormun/servlet/trsolicitudot HTTP/1.1" 200 8403
186.79.136.0 - - [18/Apr/2017:11:41:42 -0300] "GET /cormun/servlet/trsolicitudot HTTP/1.1" 200 8399
192.168.10.96 - - [18/Apr/2017:11:41:44 -0300] "POST /cormun/servlet/wbconsulta?7f7ea66d468d49f6e844d7247f566564,,gx-no-cache=1492529777988 HTTP/1.1" 200 104
192.168.10.96 - - [18/Apr/2017:11:41:44 -0300] "GET /cormun/servlet/vevisualizador?2017,5836, HTTP/1.1" 200 8429
192.168.10.96 - - [18/Apr/2017:11:41:44 -0300] "GET /cormun/pexe_scrolldiv.js HTTP/1.1" 404 1009
192.168.10.96 - - [18/Apr/2017:11:41:44 -0300] "GET /cormun/pexe_scrolldiv.js HTTP/1.1" 404 1009
192.168.10.96 - - [18/Apr/2017:11:41:44 -0300] "GET /cormun/servlet/vevisualizador?2017,5836, HTTP/1.1" 200 8428
186.79.242.96 - - [18/Apr/2017:11:41:45 -0300] "POST /cormun/servlet/solicitudot?gx-no-cache=1492526568858 HTTP/1.1" 200 1273
186.79.242.96 - - [18/Apr/2017:11:41:45 -0300] "POST /cormun/servlet/solicitudot?gx-no-cache=1492526569061 HTTP/1.1" 200 1157
186.79.242.96 - - [18/Apr/2017:11:41:45 -0300] "GET /cormun/static/menuarrow.gif HTTP/1.1" 404 1015
186.79.242.96 - - [18/Apr/2017:11:41:47 -0300] "POST /cormun/servlet/solicitudot?gx-no-cache=1492526570845 HTTP/1.1" 200 1273
186.79.242.96 - - [18/Apr/2017:11:41:47 -0300] "POST /cormun/servlet/solicitudot?gx-no-cache=1492526571046 HTTP/1.1" 200 1157
192.168.10.96 - - [18/Apr/2017:11:41:49 -0300] "GET /cormun/servlet/vevisualizador?2017,5836,,SolicitudOTAdjuntos HTTP/1.1" 200 10229
192.168.10.96 - - [18/Apr/2017:11:41:49 -0300] "GET /cormun/pexe_scrolldiv.js HTTP/1.1" 404 1009
192.168.10.96 - - [18/Apr/2017:11:41:50 -0300] "GET /cormun/pexe_scrolldiv.js HTTP/1.1" 404 1009
192.168.10.96 - - [18/Apr/2017:11:41:50 -0300] "GET /cormun/servlet/vevisualizador?2017,5836,,SolicitudOTAdjuntos HTTP/1.1" 200 10233
192.168.10.96 - - [18/Apr/2017:11:41:51 -0300] "POST /cormun/servlet/acontrolpreferencessavestate?None,DZAMUDIO,true HTTP/1.1" 200 35
192.168.10.96 - - [18/Apr/2017:11:41:53 -0300] "GET /cormun/PublicTempStorage/c.i.7390119.pdf HTTP/1.1" 200 190687
186.79.242.96 - - [18/Apr/2017:11:41:57 -0300] "GET /cormun/servlet/solicitudot?4870af0a92f6dfee04e4dcd418e9e9e18d2f756e87510526dcc88b7cd7973ad0d8adb91dfbcc82216463e1c8ad559137dfcfe21a57661420d23fa5ce2323d4ead5d787edc2726be951d6cf665263e93ad36c73ac6897986d99327a4f20c8859bad73b4877ed881db6b68a0cee1044f7469240e23485f626248f2c737fcd6730a9071fef6f653153efe46d7471aa9c82fa2053778d055ff214c3145a5b753451d27fe674a03dcf92037d6448f7f95bd3e2db8458bea3d00e8f86a077fc92df0dd,gx-no-cache=1492526580889 HTTP/1.1" 200 30
192.168.10.96 - - [18/Apr/2017:11:41:57 -0300] "GET /cormun/servlet/vevisualizador?2017,5836,,SolicitudOTAdjuntos HTTP/1.1" 200 10225
192.168.10.96 - - [18/Apr/2017:11:41:58 -0300] "GET /cormun/servlet/vevisualizador?2017,5836,,SolicitudOTAdjuntos HTTP/1.1" 200 10232
192.168.10.96 - - [18/Apr/2017:11:41:58 -0300] "POST /cormun/servlet/acontrolpreferencessavestate?None,DZAMUDIO,true HTTP/1.1" 200 35
192.168.10.96 - - [18/Apr/2017:11:41:59 -0300] "GET /cormun/PublicTempStorage/titulo4663365.pdf HTTP/1.1" 200 433042
192.168.10.96 - - [18/Apr/2017:11:42:03 -0300] "GET /cormun/servlet/vevisualizador?2017,5836,,SolicitudOTAdjuntos HTTP/1.1" 200 10228
192.168.10.96 - - [18/Apr/2017:11:42:04 -0300] "GET /cormun/servlet/vevisualizador?2017,5836,,SolicitudOTAdjuntos HTTP/1.1" 200 10230
192.168.10.96 - - [18/Apr/2017:11:42:05 -0300] "POST /cormun/servlet/acontrolpreferencessavestate?None,DZAMUDIO,true HTTP/1.1" 200 35
192.168.10.96 - - [18/Apr/2017:11:42:05 -0300] "GET /cormun/PublicTempStorage/afp3097746.pdf HTTP/1.1" 200 351218
192.168.10.13 - - [18/Apr/2017:11:42:05 -0300] "GET / HTTP/1.1" 200 11217
192.168.10.96 - - [18/Apr/2017:11:42:09 -0300] "GET /cormun/servlet/vevisualizador?2017,5836,,SolicitudOTAdjuntos HTTP/1.1" 200 10228
192.168.10.96 - - [18/Apr/2017:11:42:10 -0300] "GET /cormun/servlet/vevisualizador?2017,5836,,SolicitudOTAdjuntos HTTP/1.1" 200 10229
192.168.10.96 - - [18/Apr/2017:11:42:11 -0300] "POST /cormun/servlet/acontrolpreferencessavestate?None,DZAMUDIO,true HTTP/1.1" 200 35
192.168.10.96 - - [18/Apr/2017:11:42:12 -0300] "GET /cormun/PublicTempStorage/fonasa2713852.pdf HTTP/1.1" 200 291518
192.168.10.96 - - [18/Apr/2017:11:42:16 -0300] "GET /cormun/servlet/vevisualizador?2017,5836,,SolicitudOTAdjuntos HTTP/1.1" 200 10226
192.168.10.96 - - [18/Apr/2017:11:42:17 -0300] "GET /cormun/servlet/vevisualizador?2017,5836,,SolicitudOTAdjuntos HTTP/1.1" 200 10229
192.168.10.96 - - [18/Apr/2017:11:42:17 -0300] "POST /cormun/servlet/acontrolpreferencessavestate?None,DZAMUDIO,true HTTP/1.1" 200 35
192.168.10.96 - - [18/Apr/2017:11:42:21 -0300] "GET /cormun/PublicTempStorage/aneteced.4942406.pdf HTTP/1.1" 200 467057
192.168.10.96 - - [18/Apr/2017:11:42:26 -0300] "GET /cormun/servlet/vevisualizador?2017,5836,,SolicitudOTAdjuntos HTTP/1.1" 200 10226
192.168.10.96 - - [18/Apr/2017:11:42:27 -0300] "GET /cormun/servlet/vevisualizador?2017,5836,,SolicitudOTAdjuntos HTTP/1.1" 200 10230
192.168.10.96 - - [18/Apr/2017:11:42:27 -0300] "POST /cormun/servlet/acontrolpreferencessavestate?None,DZAMUDIO,true HTTP/1.1" 200 35
192.168.10.96 - - [18/Apr/2017:11:42:28 -0300] "GET /cormun/PublicTempStorage/c.v.7444808.pdf HTTP/1.1" 200 278550
192.168.10.13 - - [18/Apr/2017:11:43:05 -0300] "GET / HTTP/1.1" 200 11217
192.168.10.13 - - [18/Apr/2017:11:44:05 -0300] "GET / HTTP/1.1" 200 11217
192.168.10.96 - - [18/Apr/2017:11:44:07 -0300] "GET /cormun/servlet/vevisualizador?2017,5836,,SolicitudOTAdjuntos HTTP/1.1" 200 10225
192.168.10.96 - - [18/Apr/2017:11:44:08 -0300] "GET /cormun/servlet/vevisualizador?2017,5836,,SolicitudOTAdjuntos HTTP/1.1" 200 10231
192.168.10.96 - - [18/Apr/2017:11:44:09 -0300] "POST /cormun/servlet/acontrolpreferencessavestate?None,DZAMUDIO,true HTTP/1.1" 200 35
192.168.10.96 - - [18/Apr/2017:11:44:09 -0300] "GET /cormun/servlet/hlogin HTTP/1.1" 200 1765
192.168.10.96 - - [18/Apr/2017:11:44:18 -0300] "POST /cormun/servlet/hlogin?7f7ea66d468d49f6e844d7247f566564,gx-no-cache=1492529932158 HTTP/1.1" 200 90
192.168.10.96 - - [18/Apr/2017:11:44:18 -0300] "GET /cormun/servlet/hpexe_link HTTP/1.1" 200 954
192.168.10.96 - - [18/Apr/2017:11:44:18 -0300] "GET /cormun/servlet/hhome HTTP/1.1" 200 3813
192.168.10.96 - - [18/Apr/2017:11:44:19 -0300] "GET /cormun/servlet/hhome HTTP/1.1" 200 3810
192.168.10.96 - - [18/Apr/2017:11:44:20 -0300] "GET /cormun/servlet/trsolicitudot? HTTP/1.1" 200 8063
192.168.10.96 - - [18/Apr/2017:11:44:20 -0300] "GET /cormun/static/gxcfg.js?201731711505139 HTTP/1.1" 304 -
192.168.10.96 - - [18/Apr/2017:11:44:20 -0300] "GET /cormun/static/trsolicitudot.js?20173171151116 HTTP/1.1" 304 -
192.168.10.96 - - [18/Apr/2017:11:44:20 -0300] "GET /cormun/servlet/trsolicitudot? HTTP/1.1" 200 8061
192.168.10.96 - - [18/Apr/2017:11:44:24 -0300] "GET /cormun/servlet/solicitudot?INS,0,0, HTTP/1.1" 200 12616
192.168.10.96 - - [18/Apr/2017:11:44:24 -0300] "GET /cormun/static/gxcfg.js?20171191042720 HTTP/1.1" 304 -
