200.54.247.69 - - [18/Apr/2017:12:15:40 -0300] "GET /cormun/servlet/hpexe_link HTTP/1.1" 200 955
200.54.247.69 - - [18/Apr/2017:12:15:40 -0300] "GET /cormun/static/gxcfg.js?201731711483381 HTTP/1.1" 304 -
200.54.247.69 - - [18/Apr/2017:12:15:40 -0300] "GET /cormun/servlet/hhome HTTP/1.1" 200 4035
200.54.247.69 - - [18/Apr/2017:12:15:40 -0300] "GET /cormun/static/gxcfg.js?201731711483497 HTTP/1.1" 304 -
192.168.10.89 - - [18/Apr/2017:12:15:46 -0300] "POST /cormun/servlet/prfichaempleado?3f13aae064e3c4cb591f76b72c6cbdec,,MD,,gxPopupLevel%3D0%3B,gx-no-cache=1492531819689 HTTP/1.1" 200 3428
192.168.10.89 - - [18/Apr/2017:12:15:52 -0300] "POST /cormun/servlet/solicitudot?gx-no-cache=1492531826553 HTTP/1.1" 200 1291
192.168.10.89 - - [18/Apr/2017:12:15:52 -0300] "GET /cormun/static/menuarrow.gif HTTP/1.1" 404 1015
192.168.10.89 - - [18/Apr/2017:12:15:56 -0300] "GET /cormun/servlet/prlicenciaspermisos?8400588,L,,MD,,gxPopupLevel%3D0%3B HTTP/1.1" 200 5728
192.168.10.89 - - [18/Apr/2017:12:15:56 -0300] "GET /cormun/static/gxcfg.js?201741111445743 HTTP/1.1" 200 953
192.168.10.89 - - [18/Apr/2017:12:15:56 -0300] "GET /cormun/static/prlicenciaspermisos.js?201741111445890 HTTP/1.1" 200 13360
192.168.10.13 - - [18/Apr/2017:12:16:05 -0300] "GET / HTTP/1.1" 200 11217
186.103.157.235 - - [18/Apr/2017:12:16:12 -0300] "GET /cormun/servlet/trpermisosgoce? HTTP/1.1" 200 8469
186.103.157.235 - - [18/Apr/2017:12:16:13 -0300] "GET /cormun/servlet/trpermisosgoce? HTTP/1.1" 200 8468
186.103.157.235 - - [18/Apr/2017:12:16:16 -0300] "GET /cormun/servlet/apermisogoceprn?11123819,P,20170418124902,PU HTTP/1.1" 200 1659
192.168.10.89 - - [18/Apr/2017:12:16:23 -0300] "POST /cormun/servlet/solicitudot?gx-no-cache=1492531857350 HTTP/1.1" 200 41
186.103.157.235 - - [18/Apr/2017:12:16:53 -0300] "GET /cormun/servlet/apermisogoceprn?11123819,P,20170418124950,PU HTTP/1.1" 200 1657
186.79.136.0 - - [18/Apr/2017:12:16:53 -0300] "POST /cormun/servlet/solicitudot?gx-no-cache=1492528677810 HTTP/1.1" 200 30
200.54.247.69 - - [18/Apr/2017:12:16:53 -0300] "GET /cormun/servlet/trsolicitudot? HTTP/1.1" 200 8245
200.54.247.69 - - [18/Apr/2017:12:16:53 -0300] "GET /cormun/static/gxcfg.js?201731711505139 HTTP/1.1" 304 -
200.54.247.69 - - [18/Apr/2017:12:16:53 -0300] "GET /cormun/static/calendar-setup.js?85251 HTTP/1.1" 304 -
200.54.247.69 - - [18/Apr/2017:12:16:53 -0300] "GET /cormun/static/calendar-es.js?85251 HTTP/1.1" 304 -
200.54.247.69 - - [18/Apr/2017:12:16:53 -0300] "GET /cormun/static/Resources/PXTools/calendar.png HTTP/1.1" 200 1306
186.79.136.0 - - [18/Apr/2017:12:16:53 -0300] "POST /cormun/servlet/solicitudot?gx-no-cache=1492528678393 HTTP/1.1" 200 1290
200.54.247.69 - - [18/Apr/2017:12:16:53 -0300] "GET /cormun/static/gxdec.js?85251 HTTP/1.1" 304 -
186.103.159.46 - - [18/Apr/2017:12:16:54 -0300] "GET /cormun/servlet/licenciaspermisosadjuntos?INS,7392062,L,20170418000000,, HTTP/1.1" 200 5420
186.79.136.0 - - [18/Apr/2017:12:16:54 -0300] "POST /cormun/servlet/solicitudot?gx-no-cache=1492528678859 HTTP/1.1" 200 38
200.54.247.69 - - [18/Apr/2017:12:16:54 -0300] "GET /cormun/static/calendar.js?85251 HTTP/1.1" 304 -
186.103.159.46 - - [18/Apr/2017:12:16:54 -0300] "GET /cormun/static/about:blank HTTP/1.1" 404 1011
186.103.159.46 - - [18/Apr/2017:12:16:55 -0300] "GET /cormun/servlet/licenciaspermisosadjuntos?INS,7392062,L,20170418000000,, HTTP/1.1" 200 5409
192.168.10.89 - - [18/Apr/2017:12:17:04 -0300] "POST /cormun/servlet/solicitudot?3f13aae064e3c4cb591f76b72c6cbdec,INS,0,0,,gx-no-cache=1492531898377 HTTP/1.1" 200 93
192.168.10.89 - - [18/Apr/2017:12:17:04 -0300] "GET /cormun/servlet/hpexe_return? HTTP/1.1" 200 1006
192.168.10.89 - - [18/Apr/2017:12:17:05 -0300] "GET /cormun/servlet/trsolicitudot HTTP/1.1" 200 8625
192.168.10.13 - - [18/Apr/2017:12:17:05 -0300] "GET / HTTP/1.1" 200 11217
186.79.136.0 - - [18/Apr/2017:12:17:07 -0300] "GET /cormun/servlet/solicitudot?bd56876b61f7e14dc37a5bd6445d65ae4d3df539e95dd877cd761c78f0477f6e087c9f55d180d3eac632aa9b46f31e816d71924ba17234ae0e9a6a2a24a24a7b45cbba8e7a38a3dd23ce6385a0f4a056f003d1431a0d39f045f2b7d8ca972b448e84badaaf0e6e6348228d662f21d702,gx-no-cache=1492528692567 HTTP/1.1" 200 29
186.79.136.0 - - [18/Apr/2017:12:17:08 -0300] "POST /cormun/servlet/solicitudot?gx-no-cache=1492528692824 HTTP/1.1" 200 1272
186.79.136.0 - - [18/Apr/2017:12:17:08 -0300] "POST /cormun/servlet/solicitudot?gx-no-cache=1492528693119 HTTP/1.1" 200 1156
186.79.136.0 - - [18/Apr/2017:12:17:30 -0300] "GET /cormun/servlet/solicitudot?bd56876b61f7e14dc37a5bd6445d65ae4ebb55f81d74f93cfd93f6574724a5b10cc525e0c399bcec2f45de0b436e7a83dbe5d4ac5499dbee6e30a9fe198e4592893cb9892ee71f2db37f2b199b8dd59e06c937c9350ac582b3aa5bbf3d4ccfab6dd78baa13e007c6655d7168fb1be84e11b49fd8504529b62b62e8a060b60ae200fa21530c3f5f486d1fd67dc33afe40adb5c040228a4e05dbce5b9ce823bc3fca5a920801c7e4931dc38b65e31259df,gx-no-cache=1492528715176 HTTP/1.1" 200 30
200.54.247.69 - - [18/Apr/2017:12:17:42 -0300] "GET /cormun/servlet/solicitudot?INS,0,0, HTTP/1.1" 200 12835
200.54.247.69 - - [18/Apr/2017:12:17:42 -0300] "GET /cormun/static/gxcfg.js?20171191042720 HTTP/1.1" 304 -
192.168.10.13 - - [18/Apr/2017:12:18:05 -0300] "GET / HTTP/1.1" 200 11217
186.103.159.46 - - [18/Apr/2017:12:18:15 -0300] "POST /cormun/servlet/licenciaspermisosadjuntos?3e1240f9e1b3cc8070cdd12fdb81eca0,INS,7392062,L,20170418000000,, HTTP/1.1" 200 116
186.103.159.46 - - [18/Apr/2017:12:18:16 -0300] "GET /cormun/servlet/hpexe_return? HTTP/1.1" 200 1041
186.103.159.46 - - [18/Apr/2017:12:18:16 -0300] "GET /cormun/servlet/trlicenciaspermisosadjuntos?7392062,20170418000000,L, HTTP/1.1" 200 6615
186.103.159.46 - - [18/Apr/2017:12:18:18 -0300] "GET /cormun/servlet/trlicenciaspermisosadjuntos?7392062,20170418000000,L, HTTP/1.1" 200 6611
186.103.159.46 - - [18/Apr/2017:12:18:24 -0300] "POST /cormun/servlet/trlicenciaspermisosadjuntos?3e1240f9e1b3cc8070cdd12fdb81eca0,7392062,20170418000000,L,,gx-no-cache=1492532363436 HTTP/1.1" 200 90
186.103.159.46 - - [18/Apr/2017:12:18:24 -0300] "GET /cormun/servlet/hpexe_link HTTP/1.1" 200 985
186.103.159.46 - - [18/Apr/2017:12:18:24 -0300] "GET /cormun/servlet/trlicencias HTTP/1.1" 200 7800
186.103.159.46 - - [18/Apr/2017:12:18:25 -0300] "GET /cormun/servlet/trlicencias HTTP/1.1" 200 7798
186.79.136.0 - - [18/Apr/2017:12:18:29 -0300] "POST /cormun/servlet/solicitudot?gx-no-cache=1492528773997 HTTP/1.1" 200 30
186.103.159.46 - - [18/Apr/2017:12:18:32 -0300] "POST /cormun/servlet/trlicencias?3e1240f9e1b3cc8070cdd12fdb81eca0,gx-no-cache=1492532371202 HTTP/1.1" 200 4042
186.103.159.46 - - [18/Apr/2017:12:18:32 -0300] "GET /cormun/static/Shared/jqueryui/images/ui-bg_highlight-soft_100_c6c2c8_1x100.png HTTP/1.1" 404 1117
186.103.159.46 - - [18/Apr/2017:12:18:32 -0300] "GET /cormun/static/Shared/jqueryui/images/ui-icons_82798d_256x240.png HTTP/1.1" 404 1089
186.103.159.46 - - [18/Apr/2017:12:18:32 -0300] "GET /cormun/static/Shared/jqueryui/images/ui-bg_flat_55_fafafa_40x100.png HTTP/1.1" 404 1097
186.103.159.46 - - [18/Apr/2017:12:18:32 -0300] "GET /cormun/static/Shared/jqueryui/images/ui-icons_8d78a5_256x240.png HTTP/1.1" 404 1089
186.79.136.0 - - [18/Apr/2017:12:18:39 -0300] "POST /cormun/servlet/solicitudot?gx-no-cache=1492528783731 HTTP/1.1" 200 1288
186.79.136.0 - - [18/Apr/2017:12:18:39 -0300] "POST /cormun/servlet/solicitudot?gx-no-cache=1492528784115 HTTP/1.1" 200 41
186.79.136.0 - - [18/Apr/2017:12:18:39 -0300] "POST /cormun/servlet/solicitudot?gx-no-cache=1492528784235 HTTP/1.1" 200 1272
186.79.136.0 - - [18/Apr/2017:12:18:39 -0300] "POST /cormun/servlet/solicitudot?gx-no-cache=1492528784468 HTTP/1.1" 200 1156
192.168.10.13 - - [18/Apr/2017:12:19:05 -0300] "GET / HTTP/1.1" 200 11217
200.54.247.69 - - [18/Apr/2017:12:19:28 -0300] "POST /cormun/servlet/solicitudot?gx-no-cache=1492528831876 HTTP/1.1" 200 3083
200.54.247.69 - - [18/Apr/2017:12:19:28 -0300] "GET /cormun/servlet/solicitudot?6579ae4a2e9efece8cd642a72c5d8d0b64724b5845855d1f505d52f0c2dbbb47c933a8fc91f5aefcd2df3e1f9feed6d8,gx-no-cache=1492528832246 HTTP/1.1" 200 30
186.103.157.98 - - [18/Apr/2017:12:19:50 -0300] "GET /cormun/servlet/licenciaspermisos?a45cff6d2af4389dde82c0dd117f7fd150ee2a9d8f75d045c0ae2e864b819e9afbe6a930944a02a88cbc0ec900cb6a74c075b3955e0052a93c733df0f2f25162ba2f971b7e54e7fcd5b6c4de5cf90cd0f6ebcc5d307aa4c858a72545b72b7354e618dc198da885dac9f079b0d2ee3d12d4390ffab95b0a7788bea7c81c3deb62bc3ca5ffaaa2a29ea4c3bc7fddf93d949cee267d54a8c5a2654491bcd670380022c3dfce60c6489225d0471204095ef8,gx-no-cache=1492528855463 HTTP/1.1" 200 30
186.103.157.98 - - [18/Apr/2017:12:20:00 -0300] "GET /cormun/servlet/licenciaspermisos?a45cff6d2af4389dde82c0dd117f7fd17776ca5aae63d4d10b23b450a39512725194440c66eeb1f56f36094b029aa47aab2b8737142d3db570ca64d4eb6eff0d2b00059f19bfe989526ea5f09bb279cdb47cea6bffe55f6aa2097c0947906da25dd49b65d76c985a4bccfdcdda14d04bebb53a03a890289563eda682adedf7eef6150532d3ae364005e247daf2cd6ac2baf1d29a433c04c0abb8d45de56083342c4ef1bdf65648dcdc2e09757716540c,gx-no-cache=1492528865983 HTTP/1.1" 200 29
186.103.157.98 - - [18/Apr/2017:12:20:00 -0300] "POST /cormun/servlet/licenciaspermisos?642ea05e42acbb49635da65a74f07078,INS,0,,,,gx-no-cache=1492528866074 HTTP/1.1" 200 93
186.103.157.98 - - [18/Apr/2017:12:20:00 -0300] "GET /cormun/servlet/hpexe_return? HTTP/1.1" 200 1014
186.103.157.98 - - [18/Apr/2017:12:20:01 -0300] "GET /cormun/servlet/trlicencias HTTP/1.1" 200 8034
186.103.157.98 - - [18/Apr/2017:12:20:01 -0300] "GET /cormun/servlet/trlicencias HTTP/1.1" 200 8030
186.103.157.98 - - [18/Apr/2017:12:20:04 -0300] "GET /cormun/servlet/trlicenciaspermisosadjuntos?15731333,20170418000000,L, HTTP/1.1" 200 6375
186.103.157.98 - - [18/Apr/2017:12:20:05 -0300] "GET /cormun/static/gxcfg.js?20173171154619 HTTP/1.1" 304 -
186.103.157.98 - - [18/Apr/2017:12:20:05 -0300] "GET /cormun/static/trlicenciaspermisosadjuntos.js?20173171154971 HTTP/1.1" 304 -
186.103.157.98 - - [18/Apr/2017:12:20:05 -0300] "GET /cormun/servlet/trlicenciaspermisosadjuntos?15731333,20170418000000,L, HTTP/1.1" 200 6376
192.168.10.13 - - [18/Apr/2017:12:20:05 -0300] "GET / HTTP/1.1" 200 11217
186.103.157.98 - - [18/Apr/2017:12:20:09 -0300] "GET /cormun/servlet/licenciaspermisosadjuntos?INS,15731333,L,20170418000000,, HTTP/1.1" 200 5672
186.103.157.98 - - [18/Apr/2017:12:20:09 -0300] "GET /cormun/static/gxcfg.js?201731711421170 HTTP/1.1" 304 -
186.103.157.98 - - [18/Apr/2017:12:20:09 -0300] "GET /cormun/static/licenciaspermisosadjuntos.js?201731711421181 HTTP/1.1" 304 -
186.103.157.98 - - [18/Apr/2017:12:20:09 -0300] "GET /cormun/static/about:blank HTTP/1.1" 404 1011
186.103.157.98 - - [18/Apr/2017:12:20:09 -0300] "GET /cormun/servlet/licenciaspermisosadjuntos?INS,15731333,L,20170418000000,, HTTP/1.1" 200 5661
186.103.157.98 - - [18/Apr/2017:12:20:20 -0300] "POST /cormun/servlet/licenciaspermisosadjuntos?642ea05e42acbb49635da65a74f07078,INS,15731333,L,20170418000000,, HTTP/1.1" 200 116
186.103.157.98 - - [18/Apr/2017:12:20:20 -0300] "GET /cormun/servlet/hpexe_return? HTTP/1.1" 200 1046
186.103.157.98 - - [18/Apr/2017:12:20:20 -0300] "GET /cormun/servlet/trlicenciaspermisosadjuntos?15731333,20170418000000,L, HTTP/1.1" 200 6887
186.103.157.98 - - [18/Apr/2017:12:20:20 -0300] "GET /cormun/servlet/trlicenciaspermisosadjuntos?15731333,20170418000000,L, HTTP/1.1" 200 6885
200.54.247.69 - - [18/Apr/2017:12:20:29 -0300] "GET /cormun/servlet/hhome HTTP/1.1" 200 4035
200.54.247.69 - - [18/Apr/2017:12:20:29 -0300] "GET /cormun/servlet/trsolicitudot? HTTP/1.1" 200 8167
200.54.247.69 - - [18/Apr/2017:12:20:30 -0300] "GET /cormun/servlet/hlogin HTTP/1.1" 200 1735
200.54.247.69 - - [18/Apr/2017:12:20:32 -0300] "GET /cormun/servlet/hlogin HTTP/1.1" 200 1727
200.54.247.69 - - [18/Apr/2017:12:20:32 -0300] "GET /cormun/static/gxtimezone.js?85251 HTTP/1.1" 304 -
200.54.247.69 - - [18/Apr/2017:12:20:32 -0300] "GET /cormun/static/Resources/Spanish/PXTools.css?11294912 HTTP/1.1" 304 -
200.54.247.69 - - [18/Apr/2017:12:20:32 -0300] "GET /cormun/static/gxgral.js?85251 HTTP/1.1" 304 -
200.54.247.69 - - [18/Apr/2017:12:20:32 -0300] "GET /cormun/static/messages.spa.js?85251 HTTP/1.1" 304 -
200.54.247.69 - - [18/Apr/2017:12:20:32 -0300] "GET /cormun/static/gxcfg.js?201741110203197 HTTP/1.1" 304 -
200.54.247.69 - - [18/Apr/2017:12:20:32 -0300] "GET /cormun/static/Resources/ComunLogin.png HTTP/1.1" 304 -
200.54.247.69 - - [18/Apr/2017:12:20:32 -0300] "GET /cormun/static/Resources/PXToolsLoginBottom.png HTTP/1.1" 304 -
200.54.247.69 - - [18/Apr/2017:12:20:32 -0300] "GET /cormun/static/Resources/PXToolsLoginTop.png HTTP/1.1" 304 -
200.54.247.69 - - [18/Apr/2017:12:20:32 -0300] "GET /cormun/static/Resources/PXToolsLoginBackground.png HTTP/1.1" 304 -
200.54.247.69 - - [18/Apr/2017:12:20:32 -0300] "GET /cormun/static/Resources/PXToolsButtonBackground2.png HTTP/1.1" 304 -
200.54.247.69 - - [18/Apr/2017:12:20:32 -0300] "GET /cormun/static/Resources/PXToolsButtonRight21.png HTTP/1.1" 304 -
200.54.247.69 - - [18/Apr/2017:12:20:32 -0300] "GET /cormun/static/Resources/PXToolsButtonLeft21.png HTTP/1.1" 304 -
200.54.247.69 - - [18/Apr/2017:12:20:33 -0300] "GET /cormun/static/hlogin.js?201741110203211 HTTP/1.1" 304 -
200.54.247.69 - - [18/Apr/2017:12:20:33 -0300] "GET /cormun/static/Resources/indicator.gif HTTP/1.1" 304 -
200.54.247.69 - - [18/Apr/2017:12:20:44 -0300] "POST /cormun/servlet/hlogin?a6e17e7c1fc20c41db7dd3f849319346,gx-no-cache=1492528908702 HTTP/1.1" 200 90
200.54.247.69 - - [18/Apr/2017:12:20:44 -0300] "GET /cormun/servlet/hpexe_link HTTP/1.1" 200 955
200.54.247.69 - - [18/Apr/2017:12:20:44 -0300] "GET /cormun/servlet/hhome HTTP/1.1" 200 4035
186.103.157.98 - - [18/Apr/2017:12:20:46 -0300] "POST /cormun/servlet/trlicenciaspermisosadjuntos?642ea05e42acbb49635da65a74f07078,15731333,20170418000000,L,,gx-no-cache=1492528911243 HTTP/1.1" 200 90
186.103.157.98 - - [18/Apr/2017:12:20:46 -0300] "GET /cormun/servlet/hpexe_link HTTP/1.1" 200 988
186.103.157.98 - - [18/Apr/2017:12:20:46 -0300] "GET /cormun/servlet/trlicencias HTTP/1.1" 200 8032
186.103.157.98 - - [18/Apr/2017:12:20:46 -0300] "GET /cormun/servlet/trlicencias HTTP/1.1" 200 8030
200.54.247.69 - - [18/Apr/2017:12:20:54 -0300] "GET /cormun/servlet/trsolicitudot? HTTP/1.1" 200 8245
200.54.247.69 - - [18/Apr/2017:12:20:57 -0300] "GET /cormun/servlet/solicitudot?INS,0,0, HTTP/1.1" 200 12835
192.168.10.13 - - [18/Apr/2017:12:21:05 -0300] "GET / HTTP/1.1" 200 11217
186.103.157.98 - - [18/Apr/2017:12:21:10 -0300] "POST /cormun/servlet/trlicencias?642ea05e42acbb49635da65a74f07078,gx-no-cache=1492528935833 HTTP/1.1" 200 4189
186.103.157.98 - - [18/Apr/2017:12:21:16 -0300] "GET /cormun/servlet/trlicenciaspermisosadjuntos?15731333,20170418000000,L, HTTP/1.1" 200 6805
186.103.157.98 - - [18/Apr/2017:12:21:16 -0300] "GET /cormun/servlet/trlicenciaspermisosadjuntos?15731333,20170418000000,L, HTTP/1.1" 200 6802
200.54.247.69 - - [18/Apr/2017:12:21:18 -0300] "POST /cormun/servlet/solicitudot?gx-no-cache=1492528942574 HTTP/1.1" 200 3141
200.54.247.69 - - [18/Apr/2017:12:21:18 -0300] "GET /cormun/static/Shared/jqueryui/images/ui-bg_highlight-soft_100_c6c2c8_1x100.png HTTP/1.1" 404 1117
200.54.247.69 - - [18/Apr/2017:12:21:18 -0300] "GET /cormun/static/Shared/jqueryui/images/ui-icons_82798d_256x240.png HTTP/1.1" 404 1089
200.54.247.69 - - [18/Apr/2017:12:21:18 -0300] "GET /cormun/static/Shared/jqueryui/images/ui-icons_ebccce_256x240.png HTTP/1.1" 404 1089
200.54.247.69 - - [18/Apr/2017:12:21:18 -0300] "GET /cormun/static/Shared/jqueryui/images/ui-bg_flat_55_994d53_40x100.png HTTP/1.1" 404 1097
200.54.247.69 - - [18/Apr/2017:12:21:30 -0300] "GET /cormun/servlet/prfichaempleado?,MD,,gxPopupLevel%3D0%3B HTTP/1.1" 200 8874
200.54.247.69 - - [18/Apr/2017:12:21:30 -0300] "GET /cormun/static/gxcfg.js?2017319125415 HTTP/1.1" 304 -
200.54.247.69 - - [18/Apr/2017:12:22:01 -0300] "POST /cormun/servlet/solicitudot?gx-no-cache=1492528985295 HTTP/1.1" 200 3081
200.54.247.69 - - [18/Apr/2017:12:22:01 -0300] "POST /cormun/servlet/solicitudot?a6e17e7c1fc20c41db7dd3f849319346,INS,0,0,,gx-no-cache=1492528985652 HTTP/1.1" 200 9872
192.168.10.13 - - [18/Apr/2017:12:22:05 -0300] "GET / HTTP/1.1" 200 11217
200.54.247.69 - - [18/Apr/2017:12:22:05 -0300] "GET /cormun/servlet/solicitudot?6579ae4a2e9efece8cd642a72c5d8d0b64724b5845855d1f505d52f0c2dbbb47c933a8fc91f5aefcd2df3e1f9feed6d8,gx-no-cache=1492528989796 HTTP/1.1" 200 30
186.103.159.46 - - [18/Apr/2017:12:22:39 -0300] "POST /cormun/servlet/trlicencias?8c6f98d1c65542b14bbe1625a695f9a8,,gx-no-cache=1492529021710 HTTP/1.1" 440 972
186.103.159.46 - - [18/Apr/2017:12:22:41 -0300] "GET /cormun/servlet/trlicencias? HTTP/1.1" 200 5967
186.103.159.46 - - [18/Apr/2017:12:22:42 -0300] "GET /cormun/servlet/trlicencias? HTTP/1.1" 200 5967
186.103.159.46 - - [18/Apr/2017:12:22:42 -0300] "GET /cormun/servlet/hlogin HTTP/1.1" 200 1732
192.168.10.13 - - [18/Apr/2017:12:23:05 -0300] "GET / HTTP/1.1" 200 11217
186.103.159.46 - - [18/Apr/2017:12:23:30 -0300] "POST /cormun/servlet/hlogin?c2e96d644056829e0c5f66b2db54b00a,gx-no-cache=1492529073469 HTTP/1.1" 200 90
186.103.159.46 - - [18/Apr/2017:12:23:30 -0300] "GET /cormun/servlet/hpexe_link HTTP/1.1" 200 951
186.103.159.46 - - [18/Apr/2017:12:23:31 -0300] "GET /cormun/servlet/trlicencias HTTP/1.1" 200 6672
186.103.159.46 - - [18/Apr/2017:12:23:31 -0300] "GET /cormun/servlet/trlicencias HTTP/1.1" 200 6670
186.103.159.46 - - [18/Apr/2017:12:23:42 -0300] "POST /cormun/servlet/trlicencias?c2e96d644056829e0c5f66b2db54b00a,gx-no-cache=1492529085064 HTTP/1.1" 200 3820
186.103.159.46 - - [18/Apr/2017:12:23:48 -0300] "GET /cormun/servlet/trautorizarpermisogoce? HTTP/1.1" 200 7805
186.103.159.46 - - [18/Apr/2017:12:23:48 -0300] "GET /cormun/static/gxcfg.js?20174111145711 HTTP/1.1" 304 -
186.103.159.46 - - [18/Apr/2017:12:23:48 -0300] "GET /cormun/static/trautorizarpermisogoce.js?201741111451072 HTTP/1.1" 304 -
186.103.159.46 - - [18/Apr/2017:12:23:48 -0300] "GET /cormun/servlet/trautorizarpermisogoce? HTTP/1.1" 200 7805
186.103.159.46 - - [18/Apr/2017:12:23:53 -0300] "GET /cormun/servlet/trlicencias? HTTP/1.1" 200 6671
186.103.159.46 - - [18/Apr/2017:12:23:54 -0300] "GET /cormun/servlet/trlicencias? HTTP/1.1" 200 6670
200.54.247.69 - - [18/Apr/2017:12:23:58 -0300] "POST /cormun/servlet/solicitudot?gx-no-cache=1492529102415 HTTP/1.1" 200 297
200.54.247.69 - - [18/Apr/2017:12:23:58 -0300] "GET /cormun/servlet/solicitudot?6579ae4a2e9efece8cd642a72c5d8d0b9923569caaa3f7bdaeab32828cca1a5e0e3317c26ffc4fe456e0d6c4d62ac9439c15a8038a6566f7bd16ca2bf5f65634f929b44a19eed9cda00e66e7d855d1034fc2240f711be88f9af5b8c24869e6dff104f4601f949239ff412af2906c61fa81183da286568ce273b5a60fbbbc0624c7b77311f33dfeeee58b2a6efa4b3177b861bc37e7e7237e8529f773028b4aad217df10f764829ae87b1ccaa6df289505bf488b12d968c6d1ee01be66d56968f273691e5340fae8043ce9f21b5b3e1b8ace4092d438c75a06d5a7dbbd32b45ee0497e67fc3207ed69f25395b6683c6d101ec3fe45f237500e6b384ff8fc92111b2bd995131f5aa8f01446b11db8bde35db086f1d4fc5c9560198a3446e9bf009b6d57049c8d27a065f990f76888748e54e7a2a4eacd9df1ce80d2b4f81d2122aa95900e4fd869a3829c338326c9f56972e31bab05613b1895f4c0c34d18d2144ed3bb42cb0e7b58cf931df29efba14420a240fbb04b6e6f8b66c11c80744aabe2aa34baedcbc52bf063a39cf9203f966,gx-no-cache=1492529102518 HTTP/1.1" 200 30
186.103.159.46 - - [18/Apr/2017:12:23:58 -0300] "POST /cormun/servlet/trlicencias?c2e96d644056829e0c5f66b2db54b00a,,gx-no-cache=1492529101250 HTTP/1.1" 200 5486
200.54.247.69 - - [18/Apr/2017:12:24:02 -0300] "POST /cormun/servlet/solicitudot?gx-no-cache=1492529106457 HTTP/1.1" 200 30
192.168.10.13 - - [18/Apr/2017:12:24:05 -0300] "GET / HTTP/1.1" 200 11217
186.103.159.46 - - [18/Apr/2017:12:24:17 -0300] "POST /cormun/servlet/trlicencias?c2e96d644056829e0c5f66b2db54b00a,,gx-no-cache=1492529119676 HTTP/1.1" 200 5463
186.103.159.46 - - [18/Apr/2017:12:24:22 -0300] "POST /cormun/servlet/trlicencias?c2e96d644056829e0c5f66b2db54b00a,,gx-no-cache=1492529125180 HTTP/1.1" 200 5463
200.54.247.69 - - [18/Apr/2017:12:24:28 -0300] "POST /cormun/servlet/solicitudot?gx-no-cache=1492529132136 HTTP/1.1" 200 235
200.54.247.69 - - [18/Apr/2017:12:24:28 -0300] "POST /cormun/servlet/solicitudot?gx-no-cache=1492529132277 HTTP/1.1" 200 38
186.103.156.166 - - [18/Apr/2017:12:24:28 -0300] "GET /cormun/servlet/permisogoce?INS,0,,, HTTP/1.1" 200 6498
186.103.159.46 - - [18/Apr/2017:12:24:29 -0300] "POST /cormun/servlet/trlicencias?c2e96d644056829e0c5f66b2db54b00a,,gx-no-cache=1492529131975 HTTP/1.1" 200 3833
186.103.156.166 - - [18/Apr/2017:12:24:29 -0300] "GET /cormun/servlet/permisogoce?INS,0,,, HTTP/1.1" 200 6498
186.103.159.46 - - [18/Apr/2017:12:24:35 -0300] "GET /cormun/servlet/trautorizarsolicitud? HTTP/1.1" 200 9333
186.103.159.46 - - [18/Apr/2017:12:24:35 -0300] "GET /cormun//static/Resources/PXToolsActionView.png HTTP/1.1" 200 2995
186.103.159.46 - - [18/Apr/2017:12:24:35 -0300] "GET /cormun//static/Resources/PXToolsRemoveAllAction.png HTTP/1.1" 200 3558
186.103.159.46 - - [18/Apr/2017:12:24:35 -0300] "GET /cormun/servlet/trautorizarsolicitud? HTTP/1.1" 200 9333
186.103.156.166 - - [18/Apr/2017:12:24:41 -0300] "GET /cormun/servlet/permisogoce?1b93ace4ed5b50e2ab295c5ebf1da6ed68b6200d70420dd22dfcf909704bb4a87039bd2ae20420d620b421535c7fd470,gx-no-cache=1492532740327 HTTP/1.1" 200 72
186.103.156.166 - - [18/Apr/2017:12:24:43 -0300] "GET /cormun/static/menuarrow.gif HTTP/1.1" 404 1015
186.103.156.166 - - [18/Apr/2017:12:25:00 -0300] "GET /cormun/servlet/permisogoce?1b93ace4ed5b50e2ab295c5ebf1da6ed73656a15086e4c09427d50965f53661792c155c0ea5bb358e2e39b928c5301151f17f70555a0dffaef6d02c442f347f4,gx-no-cache=1492532759442 HTTP/1.1" 200 47
192.168.10.13 - - [18/Apr/2017:12:25:05 -0300] "GET / HTTP/1.1" 200 11217
186.103.156.166 - - [18/Apr/2017:12:25:44 -0300] "POST /cormun/servlet/permisogoce?79214a5244c67cc7469852117d9aab99,INS,0,,,,gx-no-cache=1492532791851 HTTP/1.1" 200 93
186.103.156.166 - - [18/Apr/2017:12:25:44 -0300] "GET /cormun/servlet/hpexe_return? HTTP/1.1" 200 1033
186.103.156.166 - - [18/Apr/2017:12:25:44 -0300] "GET /cormun/servlet/trpermisosgoce?gx-no-cache=1492531989930 HTTP/1.1" 200 8280
186.103.156.166 - - [18/Apr/2017:12:25:45 -0300] "GET /cormun/servlet/trpermisosgoce?gx-no-cache=1492531989930 HTTP/1.1" 200 8297
192.168.10.96 - - [18/Apr/2017:12:25:45 -0300] "POST /cormun/servlet/hlogin?7f7ea66d468d49f6e844d7247f566564,gx-no-cache=1492532419489 HTTP/1.1" 440 972
200.54.247.69 - - [18/Apr/2017:12:25:50 -0300] "GET /cormun/servlet/solicitudot?6579ae4a2e9efece8cd642a72c5d8d0b6abd0a1a8b431e209ae6577ed5e87fba0bb85e39a5444652e3df2f22313f54197c1c863fd81e1038c5e16afedd516ba16857b0c3d608ce41b570e8a1da65ed193f8f4de603181f862978f82516357735e01b4ea8e72bf6e6f1583a91a403552d,gx-no-cache=1492529214075 HTTP/1.1" 200 29
200.54.247.69 - - [18/Apr/2017:12:25:50 -0300] "POST /cormun/servlet/solicitudot?gx-no-cache=1492529214497 HTTP/1.1" 200 668
200.54.247.69 - - [18/Apr/2017:12:25:51 -0300] "POST /cormun/servlet/solicitudot?gx-no-cache=1492529215568 HTTP/1.1" 200 1157
200.54.247.69 - - [18/Apr/2017:12:25:58 -0300] "GET /cormun/static/menuarrow.gif HTTP/1.1" 404 1015
186.103.156.166 - - [18/Apr/2017:12:26:00 -0300] "GET /cormun/servlet/apermisogoceprn?13500483,P,20170418132016,PU HTTP/1.1" 200 1649
192.168.10.13 - - [18/Apr/2017:12:26:05 -0300] "GET / HTTP/1.1" 200 11217
200.54.247.69 - - [18/Apr/2017:12:26:07 -0300] "GET /cormun/servlet/solicitudot?6579ae4a2e9efece8cd642a72c5d8d0bd3c58203308c8b058c33fd820685a694fe978e4c6919a40e2cd12c1b203dd1103b070e46b6a2e1fe98a4741f7373c7edef2cd21e8969450a83b94fc1a60c1d5a4aa539f01fe8dedbada3b272a67741d9a8880a794ab01a851250d0e62d58ced2fc9f46e95fa6d32be6bae341efcdc4cb83f460dddb6c4cd01ac17070b861ce2a51ec37e949f37ccae459ef05ea4e89da88d1c5e54fe8d293431f9b45c9f42680,gx-no-cache=1492529231436 HTTP/1.1" 200 30
192.168.10.13 - - [18/Apr/2017:12:27:05 -0300] "GET / HTTP/1.1" 200 11217
200.54.247.69 - - [18/Apr/2017:12:27:24 -0300] "POST /cormun/servlet/solicitudot?a6e17e7c1fc20c41db7dd3f849319346,INS,0,0,,gx-no-cache=1492529307546 HTTP/1.1" 200 93
200.54.247.69 - - [18/Apr/2017:12:27:24 -0300] "GET /cormun/servlet/hpexe_return? HTTP/1.1" 200 1010
200.54.247.69 - - [18/Apr/2017:12:27:24 -0300] "GET /cormun/static/gxcfg.js?2016101716175148 HTTP/1.1" 304 -
200.54.247.69 - - [18/Apr/2017:12:27:24 -0300] "GET /cormun/servlet/trsolicitudot HTTP/1.1" 200 8673
200.54.247.69 - - [18/Apr/2017:12:27:44 -0300] "POST /cormun/servlet/trsolicitudot?a6e17e7c1fc20c41db7dd3f849319346,gx-no-cache=1492529328275 HTTP/1.1" 200 106
200.54.247.69 - - [18/Apr/2017:12:27:44 -0300] "GET /cormun/servlet/trsolicitudadjuntos?2017,6121, HTTP/1.1" 200 6132
200.54.247.69 - - [18/Apr/2017:12:27:44 -0300] "GET /cormun/static/gxcfg.js?201731711504543 HTTP/1.1" 200 953
200.54.247.69 - - [18/Apr/2017:12:27:45 -0300] "GET /cormun/static/trsolicitudadjuntos.js?201731711504951 HTTP/1.1" 304 -
200.54.247.69 - - [18/Apr/2017:12:27:47 -0300] "GET /cormun/servlet/solicitudotadjuntos?INS,2017,6121,,1, HTTP/1.1" 200 6072
200.54.247.69 - - [18/Apr/2017:12:27:47 -0300] "GET /cormun/static/gxcfg.js?201612218465951 HTTP/1.1" 200 953
200.54.247.69 - - [18/Apr/2017:12:27:47 -0300] "GET /cormun/static/solicitudotadjuntos.js?201612218465969 HTTP/1.1" 304 -
200.54.247.69 - - [18/Apr/2017:12:27:48 -0300] "HEAD /cormun/static/about:blank HTTP/1.1" 404 -
200.54.247.69 - - [18/Apr/2017:12:27:48 -0300] "GET /cormun/servlet/solicitudotadjuntos?6579ae4a2e9efece8cd642a72c5d8d0b61f4e91bf83815ed8607d4ac9510206e1a4a789d02bfdc0cfa02f4cad9967a09,gx-no-cache=1492529332889 HTTP/1.1" 200 30
200.54.247.69 - - [18/Apr/2017:12:27:48 -0300] "POST /cormun/servlet/solicitudotadjuntos?a6e17e7c1fc20c41db7dd3f849319346,INS,2017,6121,,1,,gx-no-cache=1492529332961 HTTP/1.1" 200 3827
200.54.247.69 - - [18/Apr/2017:12:27:50 -0300] "POST /cormun/servlet/solicitudotadjuntos?gx-no-cache=1492529334784 HTTP/1.1" 200 26
192.168.10.13 - - [18/Apr/2017:12:28:05 -0300] "GET / HTTP/1.1" 200 11217
200.54.247.69 - - [18/Apr/2017:12:28:11 -0300] "GET /cormun/servlet/solicitudotadjuntos?6579ae4a2e9efece8cd642a72c5d8d0b46b1e72fc398c93e8a2a31427cb4e683,gx-no-cache=1492529355700 HTTP/1.1" 200 30
200.54.247.69 - - [18/Apr/2017:12:28:11 -0300] "GET /cormun/servlet/solicitudotadjuntos?6579ae4a2e9efece8cd642a72c5d8d0b46b1e72fc398c93e8a2a31427cb4e683,gx-no-cache=1492529355779 HTTP/1.1" 200 30
200.54.247.69 - - [18/Apr/2017:12:28:13 -0300] "POST /cormun/servlet/solicitudotadjuntos?a6e17e7c1fc20c41db7dd3f849319346,INS,2017,6121,,1, HTTP/1.1" 200 116
200.54.247.69 - - [18/Apr/2017:12:28:13 -0300] "GET /cormun/servlet/hpexe_return? HTTP/1.1" 200 1028
200.54.247.69 - - [18/Apr/2017:12:28:13 -0300] "GET /cormun/servlet/trsolicitudadjuntos?2017,6121, HTTP/1.1" 200 8301
200.54.247.69 - - [18/Apr/2017:12:28:19 -0300] "GET /cormun/servlet/solicitudotadjuntos?INS,2017,6121,,1, HTTP/1.1" 200 6072
200.54.247.69 - - [18/Apr/2017:12:28:19 -0300] "HEAD /cormun/static/about:blank HTTP/1.1" 404 -
200.54.247.69 - - [18/Apr/2017:12:28:20 -0300] "GET /cormun/servlet/solicitudotadjuntos?6579ae4a2e9efece8cd642a72c5d8d0b61f4e91bf83815ed8607d4ac9510206e1a4a789d02bfdc0cfa02f4cad9967a09,gx-no-cache=1492529364415 HTTP/1.1" 200 30
200.54.247.69 - - [18/Apr/2017:12:28:20 -0300] "POST /cormun/servlet/solicitudotadjuntos?a6e17e7c1fc20c41db7dd3f849319346,INS,2017,6121,,1,,gx-no-cache=1492529364483 HTTP/1.1" 200 3827
200.54.247.69 - - [18/Apr/2017:12:28:23 -0300] "POST /cormun/servlet/solicitudotadjuntos?gx-no-cache=1492529367947 HTTP/1.1" 200 26
200.54.247.69 - - [18/Apr/2017:12:28:34 -0300] "GET /cormun/servlet/solicitudotadjuntos?6579ae4a2e9efece8cd642a72c5d8d0b46b1e72fc398c93e8a2a31427cb4e683,gx-no-cache=1492529378562 HTTP/1.1" 200 30
200.54.247.69 - - [18/Apr/2017:12:28:34 -0300] "GET /cormun/servlet/solicitudotadjuntos?6579ae4a2e9efece8cd642a72c5d8d0b46b1e72fc398c93e8a2a31427cb4e683,gx-no-cache=1492529378628 HTTP/1.1" 200 30
200.54.247.69 - - [18/Apr/2017:12:28:35 -0300] "POST /cormun/servlet/solicitudotadjuntos?a6e17e7c1fc20c41db7dd3f849319346,INS,2017,6121,,1, HTTP/1.1" 200 116
200.54.247.69 - - [18/Apr/2017:12:28:35 -0300] "GET /cormun/servlet/hpexe_return? HTTP/1.1" 200 1028
200.54.247.69 - - [18/Apr/2017:12:28:35 -0300] "GET /cormun/servlet/trsolicitudadjuntos?2017,6121, HTTP/1.1" 200 8514
200.54.247.69 - - [18/Apr/2017:12:28:39 -0300] "GET /cormun/servlet/solicitudotadjuntos?INS,2017,6121,,1, HTTP/1.1" 200 6072
200.54.247.69 - - [18/Apr/2017:12:28:39 -0300] "HEAD /cormun/static/about:blank HTTP/1.1" 404 -
200.54.247.69 - - [18/Apr/2017:12:28:40 -0300] "GET /cormun/servlet/solicitudotadjuntos?6579ae4a2e9efece8cd642a72c5d8d0b61f4e91bf83815ed8607d4ac9510206e1a4a789d02bfdc0cfa02f4cad9967a09,gx-no-cache=1492529384326 HTTP/1.1" 200 30
200.54.247.69 - - [18/Apr/2017:12:28:40 -0300] "POST /cormun/servlet/solicitudotadjuntos?a6e17e7c1fc20c41db7dd3f849319346,INS,2017,6121,,1,,gx-no-cache=1492529384386 HTTP/1.1" 200 3827
200.54.247.69 - - [18/Apr/2017:12:28:43 -0300] "POST /cormun/servlet/solicitudotadjuntos?gx-no-cache=1492529387510 HTTP/1.1" 200 26
200.54.247.69 - - [18/Apr/2017:12:28:50 -0300] "GET /cormun/servlet/solicitudotadjuntos?6579ae4a2e9efece8cd642a72c5d8d0b46b1e72fc398c93e8a2a31427cb4e683,gx-no-cache=1492529394366 HTTP/1.1" 200 30
200.54.247.69 - - [18/Apr/2017:12:28:50 -0300] "GET /cormun/servlet/solicitudotadjuntos?6579ae4a2e9efece8cd642a72c5d8d0b46b1e72fc398c93e8a2a31427cb4e683,gx-no-cache=1492529394427 HTTP/1.1" 200 30
200.54.247.69 - - [18/Apr/2017:12:28:50 -0300] "POST /cormun/servlet/solicitudotadjuntos?a6e17e7c1fc20c41db7dd3f849319346,INS,2017,6121,,1, HTTP/1.1" 200 116
200.54.247.69 - - [18/Apr/2017:12:28:50 -0300] "GET /cormun/servlet/hpexe_return? HTTP/1.1" 200 1028
200.54.247.69 - - [18/Apr/2017:12:28:51 -0300] "GET /cormun/servlet/trsolicitudadjuntos?2017,6121, HTTP/1.1" 200 8675
200.54.247.69 - - [18/Apr/2017:12:28:53 -0300] "GET /cormun/servlet/solicitudotadjuntos?INS,2017,6121,,1, HTTP/1.1" 200 6072
200.54.247.69 - - [18/Apr/2017:12:28:54 -0300] "HEAD /cormun/static/about:blank HTTP/1.1" 404 -
200.54.247.69 - - [18/Apr/2017:12:28:54 -0300] "GET /cormun/servlet/solicitudotadjuntos?6579ae4a2e9efece8cd642a72c5d8d0b61f4e91bf83815ed8607d4ac9510206e1a4a789d02bfdc0cfa02f4cad9967a09,gx-no-cache=1492529398933 HTTP/1.1" 200 30
200.54.247.69 - - [18/Apr/2017:12:28:55 -0300] "POST /cormun/servlet/solicitudotadjuntos?a6e17e7c1fc20c41db7dd3f849319346,INS,2017,6121,,1,,gx-no-cache=1492529398993 HTTP/1.1" 200 3827
200.54.247.69 - - [18/Apr/2017:12:28:57 -0300] "POST /cormun/servlet/solicitudotadjuntos?gx-no-cache=1492529402023 HTTP/1.1" 200 26
192.168.10.13 - - [18/Apr/2017:12:29:05 -0300] "GET / HTTP/1.1" 200 11217
200.54.247.69 - - [18/Apr/2017:12:29:18 -0300] "GET /cormun/servlet/solicitudotadjuntos?6579ae4a2e9efece8cd642a72c5d8d0b46b1e72fc398c93e8a2a31427cb4e683,gx-no-cache=1492529422375 HTTP/1.1" 200 30
200.54.247.69 - - [18/Apr/2017:12:29:18 -0300] "GET /cormun/servlet/solicitudotadjuntos?6579ae4a2e9efece8cd642a72c5d8d0b46b1e72fc398c93e8a2a31427cb4e683,gx-no-cache=1492529422441 HTTP/1.1" 200 30
200.54.247.69 - - [18/Apr/2017:12:29:19 -0300] "POST /cormun/servlet/solicitudotadjuntos?a6e17e7c1fc20c41db7dd3f849319346,INS,2017,6121,,1, HTTP/1.1" 200 116
200.54.247.69 - - [18/Apr/2017:12:29:19 -0300] "GET /cormun/servlet/hpexe_return? HTTP/1.1" 200 1028
200.54.247.69 - - [18/Apr/2017:12:29:19 -0300] "GET /cormun/servlet/trsolicitudadjuntos?2017,6121, HTTP/1.1" 200 8831
200.54.247.69 - - [18/Apr/2017:12:29:26 -0300] "GET /cormun/servlet/solicitudotadjuntos?INS,2017,6121,,1, HTTP/1.1" 200 6072
200.54.247.69 - - [18/Apr/2017:12:29:26 -0300] "HEAD /cormun/static/about:blank HTTP/1.1" 404 -
200.54.247.69 - - [18/Apr/2017:12:29:27 -0300] "GET /cormun/servlet/solicitudotadjuntos?6579ae4a2e9efece8cd642a72c5d8d0b61f4e91bf83815ed8607d4ac9510206e1a4a789d02bfdc0cfa02f4cad9967a09,gx-no-cache=1492529431222 HTTP/1.1" 200 30
200.54.247.69 - - [18/Apr/2017:12:29:27 -0300] "POST /cormun/servlet/solicitudotadjuntos?a6e17e7c1fc20c41db7dd3f849319346,INS,2017,6121,,1,,gx-no-cache=1492529431292 HTTP/1.1" 200 3827
200.54.247.69 - - [18/Apr/2017:12:29:31 -0300] "POST /cormun/servlet/solicitudotadjuntos?gx-no-cache=1492529435746 HTTP/1.1" 200 26
192.168.10.96 - - [18/Apr/2017:12:29:36 -0300] "GET /cormun/servlet/hlogin HTTP/1.1" 200 1737
200.54.247.69 - - [18/Apr/2017:12:29:36 -0300] "GET /cormun/servlet/solicitudotadjuntos?6579ae4a2e9efece8cd642a72c5d8d0b46b1e72fc398c93e8a2a31427cb4e683,gx-no-cache=1492529440801 HTTP/1.1" 200 30
200.54.247.69 - - [18/Apr/2017:12:29:36 -0300] "GET /cormun/servlet/solicitudotadjuntos?6579ae4a2e9efece8cd642a72c5d8d0b46b1e72fc398c93e8a2a31427cb4e683,gx-no-cache=1492529440860 HTTP/1.1" 200 30
200.54.247.69 - - [18/Apr/2017:12:29:37 -0300] "POST /cormun/servlet/solicitudotadjuntos?a6e17e7c1fc20c41db7dd3f849319346,INS,2017,6121,,1, HTTP/1.1" 200 116
200.54.247.69 - - [18/Apr/2017:12:29:37 -0300] "GET /cormun/servlet/hpexe_return? HTTP/1.1" 200 1028
200.54.247.69 - - [18/Apr/2017:12:29:37 -0300] "GET /cormun/servlet/trsolicitudadjuntos?2017,6121, HTTP/1.1" 200 9034
200.54.247.69 - - [18/Apr/2017:12:29:40 -0300] "GET /cormun/servlet/solicitudotadjuntos?INS,2017,6121,,1, HTTP/1.1" 200 6072
200.54.247.69 - - [18/Apr/2017:12:29:41 -0300] "HEAD /cormun/static/about:blank HTTP/1.1" 404 -
200.54.247.69 - - [18/Apr/2017:12:29:41 -0300] "GET /cormun/servlet/solicitudotadjuntos?6579ae4a2e9efece8cd642a72c5d8d0b61f4e91bf83815ed8607d4ac9510206e1a4a789d02bfdc0cfa02f4cad9967a09,gx-no-cache=1492529446041 HTTP/1.1" 200 30
200.54.247.69 - - [18/Apr/2017:12:29:42 -0300] "POST /cormun/servlet/solicitudotadjuntos?a6e17e7c1fc20c41db7dd3f849319346,INS,2017,6121,,1,,gx-no-cache=1492529446111 HTTP/1.1" 200 3827
192.168.10.96 - - [18/Apr/2017:12:29:43 -0300] "POST /cormun/servlet/hlogin?cd24c114c7cf04bd378082d77d4eb9c9,gx-no-cache=1492532656997 HTTP/1.1" 200 90
192.168.10.96 - - [18/Apr/2017:12:29:43 -0300] "GET /cormun/servlet/hpexe_link HTTP/1.1" 200 958
192.168.10.96 - - [18/Apr/2017:12:29:43 -0300] "GET /cormun/servlet/hhome HTTP/1.1" 200 4264
192.168.10.96 - - [18/Apr/2017:12:29:43 -0300] "GET /cormun/servlet/hhome HTTP/1.1" 200 4261
200.54.247.69 - - [18/Apr/2017:12:29:45 -0300] "POST /cormun/servlet/solicitudotadjuntos?gx-no-cache=1492529449752 HTTP/1.1" 200 26
192.168.10.96 - - [18/Apr/2017:12:29:48 -0300] "GET /cormun/servlet/trsolicitudgral? HTTP/1.1" 200 25001
192.168.10.96 - - [18/Apr/2017:12:29:50 -0300] "GET /cormun/servlet/trsolicitudgral? HTTP/1.1" 200 24999
200.54.247.69 - - [18/Apr/2017:12:29:52 -0300] "GET /cormun/servlet/solicitudotadjuntos?6579ae4a2e9efece8cd642a72c5d8d0b46b1e72fc398c93e8a2a31427cb4e683,gx-no-cache=1492529456303 HTTP/1.1" 200 30
200.54.247.69 - - [18/Apr/2017:12:29:52 -0300] "GET /cormun/servlet/solicitudotadjuntos?6579ae4a2e9efece8cd642a72c5d8d0b46b1e72fc398c93e8a2a31427cb4e683,gx-no-cache=1492529456357 HTTP/1.1" 200 30
200.54.247.69 - - [18/Apr/2017:12:29:52 -0300] "POST /cormun/servlet/solicitudotadjuntos?a6e17e7c1fc20c41db7dd3f849319346,INS,2017,6121,,1, HTTP/1.1" 200 116
200.54.247.69 - - [18/Apr/2017:12:29:53 -0300] "GET /cormun/servlet/hpexe_return? HTTP/1.1" 200 1028
200.54.247.69 - - [18/Apr/2017:12:29:53 -0300] "GET /cormun/servlet/trsolicitudadjuntos?2017,6121, HTTP/1.1" 200 9267
200.54.247.69 - - [18/Apr/2017:12:29:59 -0300] "GET /cormun/servlet/trsolicitudot? HTTP/1.1" 200 8675
192.168.10.96 - - [18/Apr/2017:12:30:02 -0300] "POST /cormun/servlet/trsolicitudgral?cd24c114c7cf04bd378082d77d4eb9c9,,gx-no-cache=1492532675789 HTTP/1.1" 200 9909
200.54.247.69 - - [18/Apr/2017:12:30:05 -0300] "POST /cormun/servlet/trsolicitudot?a6e17e7c1fc20c41db7dd3f849319346,,gx-no-cache=1492529468997 HTTP/1.1" 200 5426
192.168.10.13 - - [18/Apr/2017:12:30:05 -0300] "GET / HTTP/1.1" 200 11217
200.54.247.69 - - [18/Apr/2017:12:30:05 -0300] "POST /cormun/servlet/trsolicitudot?a6e17e7c1fc20c41db7dd3f849319346,,gx-no-cache=1492529469450 HTTP/1.1" 200 5370
200.54.247.69 - - [18/Apr/2017:12:30:06 -0300] "GET /cormun/static/Shared/jqueryui/images/ui-icons_82798d_256x240.png HTTP/1.1" 404 1089
200.54.247.69 - - [18/Apr/2017:12:30:06 -0300] "GET /cormun/static/Shared/jqueryui/images/ui-bg_flat_55_fafafa_40x100.png HTTP/1.1" 404 1097
200.54.247.69 - - [18/Apr/2017:12:30:06 -0300] "GET /cormun/static/Shared/jqueryui/images/ui-bg_highlight-soft_100_c6c2c8_1x100.png HTTP/1.1" 404 1117
200.54.247.69 - - [18/Apr/2017:12:30:06 -0300] "GET /cormun/static/Shared/jqueryui/images/ui-icons_8d78a5_256x240.png HTTP/1.1" 404 1089
200.54.247.69 - - [18/Apr/2017:12:30:12 -0300] "POST /cormun/servlet/trsolicitudot?a6e17e7c1fc20c41db7dd3f849319346,,gx-no-cache=1492529476204 HTTP/1.1" 200 5610
200.54.247.69 - - [18/Apr/2017:12:30:21 -0300] "GET /cormun/servlet/trautorizarsolicitud? HTTP/1.1" 200 8625
200.54.247.69 - - [18/Apr/2017:12:30:21 -0300] "GET /cormun/static/gxcfg.js?2017259112829 HTTP/1.1" 304 -
200.54.247.69 - - [18/Apr/2017:12:30:28 -0300] "POST /cormun/servlet/trautorizarsolicitud?a6e17e7c1fc20c41db7dd3f849319346,,gx-no-cache=1492529492032 HTTP/1.1" 200 5404
200.54.247.69 - - [18/Apr/2017:12:30:28 -0300] "POST /cormun/servlet/trautorizarsolicitud?a6e17e7c1fc20c41db7dd3f849319346,,gx-no-cache=1492529492528 HTTP/1.1" 200 5347
200.54.247.69 - - [18/Apr/2017:12:30:28 -0300] "GET /cormun/static/Shared/jqueryui/images/ui-bg_flat_55_fafafa_40x100.png HTTP/1.1" 404 1097
200.54.247.69 - - [18/Apr/2017:12:30:28 -0300] "GET /cormun/static/Shared/jqueryui/images/ui-bg_highlight-soft_100_c6c2c8_1x100.png HTTP/1.1" 404 1117
200.54.247.69 - - [18/Apr/2017:12:30:28 -0300] "GET /cormun/static/Shared/jqueryui/images/ui-icons_82798d_256x240.png HTTP/1.1" 404 1089
200.54.247.69 - - [18/Apr/2017:12:30:28 -0300] "GET /cormun/static/Shared/jqueryui/images/ui-icons_8d78a5_256x240.png HTTP/1.1" 404 1089
192.168.10.13 - - [18/Apr/2017:12:31:05 -0300] "GET / HTTP/1.1" 200 11217
192.168.10.13 - - [18/Apr/2017:12:32:05 -0300] "GET / HTTP/1.1" 200 11217
192.168.10.96 - - [18/Apr/2017:12:32:34 -0300] "GET /cormun/servlet/wbconsulta? HTTP/1.1" 200 5157
192.168.10.96 - - [18/Apr/2017:12:32:34 -0300] "GET /cormun/servlet/wbconsulta? HTTP/1.1" 200 5156
192.168.10.96 - - [18/Apr/2017:12:32:40 -0300] "POST /cormun/servlet/wbconsulta?cd24c114c7cf04bd378082d77d4eb9c9,,gx-no-cache=1492532834664 HTTP/1.1" 200 103
192.168.10.96 - - [18/Apr/2017:12:32:41 -0300] "GET /cormun/servlet/vevisualizador?2017,5812, HTTP/1.1" 200 8544
192.168.10.96 - - [18/Apr/2017:12:32:41 -0300] "GET /cormun/pexe_scrolldiv.js HTTP/1.1" 404 1009
192.168.10.96 - - [18/Apr/2017:12:32:41 -0300] "GET /cormun/pexe_scrolldiv.js HTTP/1.1" 404 1009
192.168.10.96 - - [18/Apr/2017:12:32:41 -0300] "GET /cormun/servlet/vevisualizador?2017,5812, HTTP/1.1" 200 8543
192.168.10.96 - - [18/Apr/2017:12:32:45 -0300] "GET /cormun/servlet/vevisualizador?2017,5812,,SolicitudOTAdjuntos HTTP/1.1" 200 10349
192.168.10.96 - - [18/Apr/2017:12:32:45 -0300] "GET /cormun/pexe_scrolldiv.js HTTP/1.1" 404 1009
192.168.10.96 - - [18/Apr/2017:12:32:45 -0300] "GET /cormun/pexe_scrolldiv.js HTTP/1.1" 404 1009
192.168.10.96 - - [18/Apr/2017:12:32:46 -0300] "GET /cormun/servlet/vevisualizador?2017,5812,,SolicitudOTAdjuntos HTTP/1.1" 200 10351
192.168.10.96 - - [18/Apr/2017:12:32:46 -0300] "POST /cormun/servlet/acontrolpreferencessavestate?None,DZAMUDIO,true HTTP/1.1" 200 35
192.168.10.96 - - [18/Apr/2017:12:32:48 -0300] "GET /cormun/PublicTempStorage/carnet8365310.pdf HTTP/1.1" 200 50896
192.168.10.96 - - [18/Apr/2017:12:32:53 -0300] "GET /cormun/servlet/vevisualizador?2017,5812,,SolicitudOTAdjuntos HTTP/1.1" 200 10352
192.168.10.96 - - [18/Apr/2017:12:32:53 -0300] "GET /cormun/servlet/vevisualizador?2017,5812,,SolicitudOTAdjuntos HTTP/1.1" 200 10354
192.168.10.96 - - [18/Apr/2017:12:32:54 -0300] "POST /cormun/servlet/acontrolpreferencessavestate?None,DZAMUDIO,true HTTP/1.1" 200 35
192.168.10.96 - - [18/Apr/2017:12:32:54 -0300] "GET /cormun/PublicTempStorage/titulo3279124.pdf HTTP/1.1" 200 97930
192.168.10.96 - - [18/Apr/2017:12:32:59 -0300] "GET /cormun/servlet/vevisualizador?2017,5812,,SolicitudOTAdjuntos HTTP/1.1" 200 10352
192.168.10.96 - - [18/Apr/2017:12:33:00 -0300] "GET /cormun/servlet/vevisualizador?2017,5812,,SolicitudOTAdjuntos HTTP/1.1" 200 10354
192.168.10.96 - - [18/Apr/2017:12:33:00 -0300] "POST /cormun/servlet/acontrolpreferencessavestate?None,DZAMUDIO,true HTTP/1.1" 200 35
192.168.10.96 - - [18/Apr/2017:12:33:01 -0300] "GET /cormun/PublicTempStorage/afp6168393.pdf HTTP/1.1" 200 35356
192.168.10.96 - - [18/Apr/2017:12:33:04 -0300] "GET /cormun/servlet/vevisualizador?2017,5812,,SolicitudOTAdjuntos HTTP/1.1" 200 10350
192.168.10.96 - - [18/Apr/2017:12:33:05 -0300] "GET /cormun/servlet/vevisualizador?2017,5812,,SolicitudOTAdjuntos HTTP/1.1" 200 10354
192.168.10.13 - - [18/Apr/2017:12:33:05 -0300] "GET / HTTP/1.1" 200 11217
192.168.10.96 - - [18/Apr/2017:12:33:06 -0300] "POST /cormun/servlet/acontrolpreferencessavestate?None,DZAMUDIO,true HTTP/1.1" 200 35
192.168.10.96 - - [18/Apr/2017:12:33:06 -0300] "GET /cormun/PublicTempStorage/isapre4277782.pdf HTTP/1.1" 200 43556
192.168.10.96 - - [18/Apr/2017:12:33:10 -0300] "GET /cormun/servlet/vevisualizador?2017,5812,,SolicitudOTAdjuntos HTTP/1.1" 200 10352
192.168.10.96 - - [18/Apr/2017:12:33:10 -0300] "GET /cormun/servlet/vevisualizador?2017,5812,,SolicitudOTAdjuntos HTTP/1.1" 200 10354
192.168.10.96 - - [18/Apr/2017:12:33:11 -0300] "POST /cormun/servlet/acontrolpreferencessavestate?None,DZAMUDIO,true HTTP/1.1" 200 35
192.168.10.96 - - [18/Apr/2017:12:33:12 -0300] "GET /cormun/PublicTempStorage/antecedentes6991865.pdf HTTP/1.1" 200 111948
192.168.10.96 - - [18/Apr/2017:12:33:16 -0300] "GET /cormun/servlet/vevisualizador?2017,5812,,SolicitudOTAdjuntos HTTP/1.1" 200 10353
192.168.10.96 - - [18/Apr/2017:12:33:16 -0300] "GET /cormun/servlet/vevisualizador?2017,5812,,SolicitudOTAdjuntos HTTP/1.1" 200 10354
192.168.10.96 - - [18/Apr/2017:12:33:17 -0300] "POST /cormun/servlet/acontrolpreferencessavestate?None,DZAMUDIO,true HTTP/1.1" 200 35
192.168.10.96 - - [18/Apr/2017:12:33:18 -0300] "GET /cormun/PublicTempStorage/curriculum2194606.pdf HTTP/1.1" 200 43342
192.168.10.13 - - [18/Apr/2017:12:34:05 -0300] "GET / HTTP/1.1" 200 11217
186.103.156.166 - - [18/Apr/2017:12:34:51 -0300] "GET /cormun/servlet/trpermisosadjuntos?13500483,20170418132016,P, HTTP/1.1" 200 6065
186.103.156.166 - - [18/Apr/2017:12:34:52 -0300] "GET /cormun/servlet/trpermisosadjuntos?13500483,20170418132016,P, HTTP/1.1" 200 6045
186.103.156.166 - - [18/Apr/2017:12:34:55 -0300] "GET /cormun/servlet/permisosadjuntos?INS,13500483,P,20170418132016,, HTTP/1.1" 200 5377
186.103.156.166 - - [18/Apr/2017:12:34:56 -0300] "GET /cormun/static/about:blank HTTP/1.1" 404 1011
186.103.156.166 - - [18/Apr/2017:12:34:56 -0300] "GET /cormun/servlet/permisosadjuntos?INS,13500483,P,20170418132016,, HTTP/1.1" 200 5367
192.168.10.13 - - [18/Apr/2017:12:35:05 -0300] "GET / HTTP/1.1" 200 11217
192.168.10.13 - - [18/Apr/2017:12:36:05 -0300] "GET / HTTP/1.1" 200 11217
200.54.247.69 - - [18/Apr/2017:12:36:05 -0300] "GET /cormun/servlet/trvisualizadoreventos? HTTP/1.1" 200 6783
200.54.247.69 - - [18/Apr/2017:12:36:05 -0300] "GET /cormun/static/gxcfg.js?201731711523419 HTTP/1.1" 304 -
200.54.247.69 - - [18/Apr/2017:12:36:06 -0300] "GET /cormun/static/trvisualizadoreventos.js?20173171152387 HTTP/1.1" 304 -
200.54.247.69 - - [18/Apr/2017:12:36:12 -0300] "GET /cormun/servlet/trcontratosolicitud? HTTP/1.1" 200 13586
200.54.247.69 - - [18/Apr/2017:12:36:12 -0300] "GET /cormun/static/gxcfg.js?20171317451682 HTTP/1.1" 200 953
200.54.247.69 - - [18/Apr/2017:12:36:12 -0300] "GET /cormun/static/trcontratosolicitud.js?20171317452124 HTTP/1.1" 304 -
200.54.247.69 - - [18/Apr/2017:12:36:59 -0300] "POST /cormun/servlet/trcontratosolicitud?a6e17e7c1fc20c41db7dd3f849319346,,gx-no-cache=1492529883421 HTTP/1.1" 200 4795
192.168.10.13 - - [18/Apr/2017:12:37:05 -0300] "GET / HTTP/1.1" 200 11217
200.54.247.69 - - [18/Apr/2017:12:37:21 -0300] "GET /cormun/servlet/trsolicitudot? HTTP/1.1" 200 8242
200.54.247.69 - - [18/Apr/2017:12:37:24 -0300] "GET /cormun/servlet/solicitudot?INS,0,0, HTTP/1.1" 200 12836
200.54.247.69 - - [18/Apr/2017:12:37:35 -0300] "GET /cormun/servlet/prfichaempleado?,MD,,gxPopupLevel%3D0%3B HTTP/1.1" 200 8874
200.54.247.69 - - [18/Apr/2017:12:37:47 -0300] "POST /cormun/servlet/prfichaempleado?a6e17e7c1fc20c41db7dd3f849319346,,MD,,gxPopupLevel%3D0%3B,gx-no-cache=1492529931775 HTTP/1.1" 200 3404
200.54.247.69 - - [18/Apr/2017:12:37:52 -0300] "POST /cormun/servlet/solicitudot?gx-no-cache=1492529936361 HTTP/1.1" 200 3175
200.54.247.69 - - [18/Apr/2017:12:37:52 -0300] "POST /cormun/servlet/solicitudot?a6e17e7c1fc20c41db7dd3f849319346,INS,0,0,,gx-no-cache=1492529936595 HTTP/1.1" 200 9976
200.54.247.69 - - [18/Apr/2017:12:37:52 -0300] "GET /cormun/servlet/solicitudot?6579ae4a2e9efece8cd642a72c5d8d0b2bce674a45760493e359f958a05386d1c933a8fc91f5aefcd2df3e1f9feed6d8,gx-no-cache=1492529936821 HTTP/1.1" 200 30
200.54.247.69 - - [18/Apr/2017:12:37:56 -0300] "POST /cormun/servlet/solicitudot?gx-no-cache=1492529940106 HTTP/1.1" 200 297
200.54.247.69 - - [18/Apr/2017:12:37:56 -0300] "GET /cormun/servlet/solicitudot?6579ae4a2e9efece8cd642a72c5d8d0b9923569caaa3f7bdaeab32828cca1a5e0e3317c26ffc4fe456e0d6c4d62ac9439c15a8038a6566f7bd16ca2bf5f65634f929b44a19eed9cda00e66e7d855d1034fc2240f711be88f9af5b8c24869e6dff104f4601f949239ff412af2906c61fa81183da286568ce273b5a60fbbbc0624c7b77311f33dfeeee58b2a6efa4b3177b861bc37e7e7237e8529f773028b4aad217df10f764829ae87b1ccaa6df289505bf488b12d968c6d1ee01be66d56968f273691e5340fae8043ce9f21b5b3e1b8ace4092d438c75a06d5a7dbbd32b45ee0497e67fc3207ed69f25395b6683c6d101ec3fe45f237500e6b384ff8fc92111b2bd995131f5aa8f01446b11db8bde35db086f1d4fc5c9560198a3446e9bf009b6d57049c8d27a065f990f76888748e54e7a2a4eacd9df1ce80d2b4f81d2122aa95900e4fd869a3829c338326c9f56972e31bab05613b1895f4c0c34d18d2144ed3bb42cb0e7b58cf931df29efba14420a240fbb04b6e6f8b66c11c80744aabe2aa34baedcbc52bf063a39cf9203f966,gx-no-cache=1492529940195 HTTP/1.1" 200 30
200.54.247.69 - - [18/Apr/2017:12:37:57 -0300] "POST /cormun/servlet/solicitudot?gx-no-cache=1492529941710 HTTP/1.1" 200 30
200.54.247.69 - - [18/Apr/2017:12:38:00 -0300] "POST /cormun/servlet/solicitudot?gx-no-cache=1492529945006 HTTP/1.1" 200 1291
200.54.247.69 - - [18/Apr/2017:12:38:01 -0300] "POST /cormun/servlet/solicitudot?gx-no-cache=1492529945147 HTTP/1.1" 200 38
192.168.10.13 - - [18/Apr/2017:12:38:05 -0300] "GET / HTTP/1.1" 200 11217
200.54.247.69 - - [18/Apr/2017:12:38:24 -0300] "GET /cormun/servlet/solicitudot?6579ae4a2e9efece8cd642a72c5d8d0b6abd0a1a8b431e209ae6577ed5e87fba0bb85e39a5444652e3df2f22313f54197c1c863fd81e1038c5e16afedd516ba16857b0c3d608ce41b570e8a1da65ed193f8f4de603181f862978f82516357735e01b4ea8e72bf6e6f1583a91a403552d,gx-no-cache=1492529968885 HTTP/1.1" 200 29
200.54.247.69 - - [18/Apr/2017:12:38:24 -0300] "POST /cormun/servlet/solicitudot?gx-no-cache=1492529969003 HTTP/1.1" 200 1273
200.54.247.69 - - [18/Apr/2017:12:38:25 -0300] "POST /cormun/servlet/solicitudot?gx-no-cache=1492529969128 HTTP/1.1" 200 1157
200.54.247.69 - - [18/Apr/2017:12:38:35 -0300] "GET /cormun/static/menuarrow.gif HTTP/1.1" 404 1015
186.103.156.166 - - [18/Apr/2017:12:38:50 -0300] "POST /cormun/servlet/permisosadjuntos?79214a5244c67cc7469852117d9aab99,INS,13500483,P,20170418132016,, HTTP/1.1" 200 116
186.103.156.166 - - [18/Apr/2017:12:38:50 -0300] "GET /cormun/servlet/hpexe_return? HTTP/1.1" 200 1039
186.103.156.166 - - [18/Apr/2017:12:38:50 -0300] "GET /cormun/servlet/trpermisosadjuntos?13500483,20170418132016,P, HTTP/1.1" 200 6498
200.54.247.69 - - [18/Apr/2017:12:38:50 -0300] "GET /cormun/servlet/solicitudot?6579ae4a2e9efece8cd642a72c5d8d0b4679a579c09d7ef543e1afb658018c81c4e60059c0703dbb6d14bcbcbf3cd9453b070e46b6a2e1fe98a4741f7373c7edef2cd21e8969450a83b94fc1a60c1d5a4aa539f01fe8dedbada3b272a67741d9a8880a794ab01a851250d0e62d58ced2fc9f46e95fa6d32be6bae341efcdc4cb83f460dddb6c4cd01ac17070b861ce2a51ec37e949f37ccae459ef05ea4e89da88d1c5e54fe8d293431f9b45c9f42680,gx-no-cache=1492529994863 HTTP/1.1" 200 30
192.168.10.89 - - [18/Apr/2017:12:38:50 -0300] "GET /cormun/servlet/hlogin HTTP/1.1" 200 1742
186.103.156.166 - - [18/Apr/2017:12:38:51 -0300] "GET /cormun/servlet/trpermisosadjuntos?13500483,20170418132016,P, HTTP/1.1" 200 6495
192.168.10.89 - - [18/Apr/2017:12:38:58 -0300] "POST /cormun/servlet/hlogin?3f13aae064e3c4cb591f76b72c6cbdec,gx-no-cache=1492533212438 HTTP/1.1" 200 90
192.168.10.89 - - [18/Apr/2017:12:38:58 -0300] "GET /cormun/servlet/hpexe_link HTTP/1.1" 200 953
192.168.10.89 - - [18/Apr/2017:12:38:59 -0300] "GET /cormun/servlet/hhome HTTP/1.1" 200 4454
192.168.10.89 - - [18/Apr/2017:12:39:03 -0300] "GET /cormun/servlet/trsolicitudgral? HTTP/1.1" 200 25203
192.168.10.13 - - [18/Apr/2017:12:39:05 -0300] "GET / HTTP/1.1" 200 11217
186.103.156.166 - - [18/Apr/2017:12:39:07 -0300] "POST /cormun/servlet/trpermisosadjuntos?79214a5244c67cc7469852117d9aab99,13500483,20170418132016,P,,gx-no-cache=1492533606432 HTTP/1.1" 200 90
186.103.156.166 - - [18/Apr/2017:12:39:07 -0300] "GET /cormun/servlet/hpexe_link HTTP/1.1" 200 1004
186.103.156.166 - - [18/Apr/2017:12:39:07 -0300] "GET /cormun/servlet/trpermisosgoce?gx-no-cache=1492531989930 HTTP/1.1" 200 8277
186.103.156.166 - - [18/Apr/2017:12:39:07 -0300] "GET /cormun/servlet/trpermisosgoce?gx-no-cache=1492531989930 HTTP/1.1" 200 8297
192.168.10.89 - - [18/Apr/2017:12:39:10 -0300] "GET /cormun/static/menuarrow.gif HTTP/1.1" 404 1015
186.103.156.166 - - [18/Apr/2017:12:39:15 -0300] "POST /cormun/servlet/trpermisosgoce?79214a5244c67cc7469852117d9aab99,gx-no-cache=1492531989930,gx-no-cache=1492533614851 HTTP/1.1" 200 5427
186.103.156.166 - - [18/Apr/2017:12:39:16 -0300] "GET /cormun/static/Shared/jqueryui/images/ui-bg_highlight-soft_100_c6c2c8_1x100.png HTTP/1.1" 404 1117
186.103.156.166 - - [18/Apr/2017:12:39:16 -0300] "GET /cormun/static/Shared/jqueryui/images/ui-icons_82798d_256x240.png HTTP/1.1" 404 1089
186.103.156.166 - - [18/Apr/2017:12:39:16 -0300] "GET /cormun/static/Shared/jqueryui/images/ui-bg_flat_55_fafafa_40x100.png HTTP/1.1" 404 1097
186.103.156.166 - - [18/Apr/2017:12:39:16 -0300] "GET /cormun/static/Shared/jqueryui/images/ui-icons_8d78a5_256x240.png HTTP/1.1" 404 1089
