186.103.159.46 - - [18/Apr/2017:11:08:01 -0300] "POST /cormun/servlet/solicitudotadjuntos?3e1240f9e1b3cc8070cdd12fdb81eca0,INS,2017,6107,,1,,gx-no-cache=1492524545564 HTTP/1.1" 200 3671
192.168.10.96 - - [18/Apr/2017:11:08:04 -0300] "GET /cormun/servlet/vevisualizador?2017,6013,,SolicitudOTAdjuntos HTTP/1.1" 200 10355
192.168.10.96 - - [18/Apr/2017:11:08:05 -0300] "GET /cormun/servlet/vevisualizador?2017,6013,,SolicitudOTAdjuntos HTTP/1.1" 200 10358
192.168.10.13 - - [18/Apr/2017:11:08:05 -0300] "GET / HTTP/1.1" 200 11217
192.168.10.96 - - [18/Apr/2017:11:08:06 -0300] "POST /cormun/servlet/acontrolpreferencessavestate?None,DZAMUDIO,true HTTP/1.1" 200 35
192.168.10.96 - - [18/Apr/2017:11:08:11 -0300] "GET /cormun/PublicTempStorage/estudios1467327.pdf HTTP/1.1" 200 358130
186.103.159.46 - - [18/Apr/2017:11:08:15 -0300] "POST /cormun/servlet/solicitudotadjuntos?gx-no-cache=1492524559111 HTTP/1.1" 200 26
186.103.159.46 - - [18/Apr/2017:11:08:44 -0300] "GET /cormun/servlet/solicitudotadjuntos?a2a092a7e89ecdc0304c7c975684494e64d18baa8c80595718a4bf62fa0a7405,gx-no-cache=1492524587884 HTTP/1.1" 200 30
186.103.159.46 - - [18/Apr/2017:11:08:44 -0300] "GET /cormun/servlet/solicitudotadjuntos?a2a092a7e89ecdc0304c7c975684494e64d18baa8c80595718a4bf62fa0a7405,gx-no-cache=1492524588339 HTTP/1.1" 200 30
186.103.159.46 - - [18/Apr/2017:11:08:45 -0300] "POST /cormun/servlet/solicitudotadjuntos?3e1240f9e1b3cc8070cdd12fdb81eca0,INS,2017,6107,,1, HTTP/1.1" 200 116
186.103.159.46 - - [18/Apr/2017:11:08:45 -0300] "GET /cormun/servlet/hpexe_return? HTTP/1.1" 200 1025
186.103.159.46 - - [18/Apr/2017:11:08:46 -0300] "GET /cormun/servlet/trsolicitudadjuntos?2017,6107, HTTP/1.1" 200 8564
186.103.159.46 - - [18/Apr/2017:11:08:48 -0300] "GET /cormun/servlet/trsolicitudadjuntos?2017,6107, HTTP/1.1" 200 8562
192.168.10.96 - - [18/Apr/2017:11:08:51 -0300] "GET /cormun/servlet/vevisualizador?2017,6013,,SolicitudOTAdjuntos HTTP/1.1" 200 10352
192.168.10.96 - - [18/Apr/2017:11:08:51 -0300] "GET /cormun/servlet/vevisualizador?2017,6013,,SolicitudOTAdjuntos HTTP/1.1" 200 10357
192.168.10.96 - - [18/Apr/2017:11:08:52 -0300] "POST /cormun/servlet/acontrolpreferencessavestate?None,DZAMUDIO,true HTTP/1.1" 200 35
192.168.10.96 - - [18/Apr/2017:11:08:53 -0300] "GET /cormun/PublicTempStorage/afp4407549.pdf HTTP/1.1" 200 253186
186.103.159.46 - - [18/Apr/2017:11:08:53 -0300] "POST /cormun/servlet/trsolicitudadjuntos?3e1240f9e1b3cc8070cdd12fdb81eca0,2017,6107,,gx-no-cache=1492524597182 HTTP/1.1" 200 90
186.103.159.46 - - [18/Apr/2017:11:08:53 -0300] "GET /cormun/servlet/hpexe_link HTTP/1.1" 200 969
186.103.159.46 - - [18/Apr/2017:11:08:53 -0300] "GET /cormun/servlet/trsolicitudot HTTP/1.1" 200 8007
186.103.159.46 - - [18/Apr/2017:11:08:54 -0300] "GET /cormun/servlet/trsolicitudot HTTP/1.1" 200 8005
192.168.10.96 - - [18/Apr/2017:11:08:57 -0300] "GET /cormun/servlet/vevisualizador?2017,6013,,SolicitudOTAdjuntos HTTP/1.1" 200 10354
192.168.10.96 - - [18/Apr/2017:11:08:58 -0300] "GET /cormun/servlet/vevisualizador?2017,6013,,SolicitudOTAdjuntos HTTP/1.1" 200 10355
192.168.10.96 - - [18/Apr/2017:11:08:58 -0300] "POST /cormun/servlet/acontrolpreferencessavestate?None,DZAMUDIO,true HTTP/1.1" 200 35
192.168.10.96 - - [18/Apr/2017:11:08:59 -0300] "GET /cormun/PublicTempStorage/salud8988451.pdf HTTP/1.1" 200 295338
186.103.159.46 - - [18/Apr/2017:11:09:01 -0300] "POST /cormun/servlet/trsolicitudot?3e1240f9e1b3cc8070cdd12fdb81eca0,gx-no-cache=1492524605549 HTTP/1.1" 200 4141
186.103.159.46 - - [18/Apr/2017:11:09:01 -0300] "GET /cormun/static/Shared/jqueryui/images/ui-bg_highlight-soft_100_c6c2c8_1x100.png HTTP/1.1" 404 1117
186.103.159.46 - - [18/Apr/2017:11:09:01 -0300] "GET /cormun/static/Shared/jqueryui/images/ui-icons_82798d_256x240.png HTTP/1.1" 404 1089
186.103.159.46 - - [18/Apr/2017:11:09:01 -0300] "GET /cormun/static/Shared/jqueryui/images/ui-bg_flat_55_fafafa_40x100.png HTTP/1.1" 404 1097
186.103.159.46 - - [18/Apr/2017:11:09:01 -0300] "GET /cormun/static/Shared/jqueryui/images/ui-icons_8d78a5_256x240.png HTTP/1.1" 404 1089
186.103.159.46 - - [18/Apr/2017:11:09:02 -0300] "POST /cormun/servlet/trsolicitudot?3e1240f9e1b3cc8070cdd12fdb81eca0,gx-no-cache=1492524606156 HTTP/1.1" 200 3926
192.168.10.96 - - [18/Apr/2017:11:09:04 -0300] "GET /cormun/servlet/vevisualizador?2017,6013,,SolicitudOTAdjuntos HTTP/1.1" 200 10352
192.168.10.96 - - [18/Apr/2017:11:09:05 -0300] "GET /cormun/servlet/vevisualizador?2017,6013,,SolicitudOTAdjuntos HTTP/1.1" 200 10357
192.168.10.96 - - [18/Apr/2017:11:09:05 -0300] "POST /cormun/servlet/acontrolpreferencessavestate?None,DZAMUDIO,true HTTP/1.1" 200 35
192.168.10.13 - - [18/Apr/2017:11:09:05 -0300] "GET / HTTP/1.1" 200 11217
192.168.10.96 - - [18/Apr/2017:11:09:07 -0300] "GET /cormun/PublicTempStorage/antecedentes1813728.pdf HTTP/1.1" 200 414654
192.168.10.96 - - [18/Apr/2017:11:09:10 -0300] "GET /cormun/servlet/vevisualizador?2017,6013,,SolicitudOTAdjuntos HTTP/1.1" 200 10354
192.168.10.96 - - [18/Apr/2017:11:09:11 -0300] "GET /cormun/servlet/vevisualizador?2017,6013,,SolicitudOTAdjuntos HTTP/1.1" 200 10357
192.168.10.96 - - [18/Apr/2017:11:09:12 -0300] "POST /cormun/servlet/acontrolpreferencessavestate?None,DZAMUDIO,true HTTP/1.1" 200 35
192.168.10.96 - - [18/Apr/2017:11:09:12 -0300] "GET /cormun/PublicTempStorage/curriculum2594742.pdf HTTP/1.1" 200 209410
190.45.55.254 - - [18/Apr/2017:11:09:36 -0300] "GET /cormun/servlet/trlicencias? HTTP/1.1" 200 5983
190.45.55.254 - - [18/Apr/2017:11:09:36 -0300] "GET /cormun/servlet/hlogin HTTP/1.1" 200 1743
190.45.55.254 - - [18/Apr/2017:11:09:36 -0300] "GET /cormun/servlet/trlicencias? HTTP/1.1" 200 5978
40.77.167.8 - - [18/Apr/2017:11:10:04 -0300] "GET /cormun/servlet/solicitudotadjuntos?INS,2017,5675,,1, HTTP/1.1" 200 5173
192.168.10.13 - - [18/Apr/2017:11:10:05 -0300] "GET / HTTP/1.1" 200 11217
190.45.55.254 - - [18/Apr/2017:11:10:16 -0300] "POST /cormun/servlet/hlogin?ef201fe24a20cba396307062509941b4,gx-no-cache=1492524681031 HTTP/1.1" 200 90
190.45.55.254 - - [18/Apr/2017:11:10:17 -0300] "GET /cormun/servlet/hpexe_link HTTP/1.1" 200 958
190.45.55.254 - - [18/Apr/2017:11:10:17 -0300] "GET /cormun/servlet/trlicencias HTTP/1.1" 200 8017
190.45.55.254 - - [18/Apr/2017:11:10:17 -0300] "GET /cormun/servlet/trlicencias HTTP/1.1" 200 8015
186.79.226.236 - - [18/Apr/2017:11:10:27 -0300] "POST /cormun/servlet/solicitudot?gx-no-cache=1492524691533 HTTP/1.1" 200 3187
186.79.226.236 - - [18/Apr/2017:11:10:27 -0300] "POST /cormun/servlet/solicitudot?cc2bb3cf8000fc821d9350861b58fe50,INS,0,0,,gx-no-cache=1492524692162 HTTP/1.1" 200 9783
186.79.226.236 - - [18/Apr/2017:11:10:30 -0300] "GET /cormun/servlet/solicitudot?cf352a8b58e280ac22659010e5f38c189a956b8bf349768944d1ca3f48e0b1014f6fa0c1535eb1efcb97fefee88adc9e,gx-no-cache=1492524695129 HTTP/1.1" 200 30
186.79.226.236 - - [18/Apr/2017:11:10:30 -0300] "POST /cormun/servlet/solicitudot?gx-no-cache=1492524695236 HTTP/1.1" 200 255
186.79.226.236 - - [18/Apr/2017:11:10:30 -0300] "GET /cormun/servlet/solicitudot?cf352a8b58e280ac22659010e5f38c184815dab2358ff0fe488a8a88688db057e62c86d892d4927c04f99c5d0b436e5dfdf144776411b70a7c09bf36ffe2351605d13b766465c61c2a863a5ea1e25c7c417ec289cf7e9248adf3b76c0385b721ec9ad2686079dfa5fde26506883d8ac6ac96922fa6f0a05b27ab7ce5899c41520e6886aaa063cb114281b23f687e18fa3ebe143435e478c0589cddd8c28a31d9f0228ca4e6420b23992a6b57f5b311e8b8a01a1b15c526959cfb904ebda5760e4a06dcacc2d5c2d508bd608a80de21b6a4bb18a3c183ff961289601aa85d35ee2edde8a970c842731d8de33d2d7b7ae1f47fe98b417172b6fc9ea3f0cb9ef9612d51420fa664a6bd9cfdc6779affcb9b720495d16217c86484e5840df0363ef3de0b4cb1ef618704ba7d8152547feca6e87fabf0b9411f58b9aff4bc4a72212f494167635af461b87ba6fa43c2f4ec7a27b09ad708084629eec6ab2ce4f32b5c60166f3d2763f2778ba8899aefb86cb729aa68f1060492956c67fc9dbbf347d6,gx-no-cache=1492524695351 HTTP/1.1" 200 30
186.79.226.236 - - [18/Apr/2017:11:10:32 -0300] "POST /cormun/servlet/solicitudot?gx-no-cache=1492524697019 HTTP/1.1" 200 30
192.168.10.13 - - [18/Apr/2017:11:11:05 -0300] "GET / HTTP/1.1" 200 11217
190.45.55.254 - - [18/Apr/2017:11:11:08 -0300] "GET /cormun/servlet/trlicenciaspermisosadjuntos?15952029,20170418000000,L, HTTP/1.1" 200 6470
190.45.55.254 - - [18/Apr/2017:11:11:08 -0300] "GET /cormun/static/gxcfg.js?20173171154619 HTTP/1.1" 200 953
190.45.55.254 - - [18/Apr/2017:11:11:08 -0300] "GET /cormun/static/trlicenciaspermisosadjuntos.js?20173171154971 HTTP/1.1" 304 -
190.45.55.254 - - [18/Apr/2017:11:11:09 -0300] "GET /cormun/servlet/trlicenciaspermisosadjuntos?15952029,20170418000000,L, HTTP/1.1" 200 6470
190.45.55.254 - - [18/Apr/2017:11:11:10 -0300] "GET /cormun/servlet/licenciaspermisosadjuntos?INS,15952029,L,20170418000000,, HTTP/1.1" 200 5764
190.45.55.254 - - [18/Apr/2017:11:11:10 -0300] "GET /cormun/static/gxcfg.js?201731711421170 HTTP/1.1" 200 953
190.45.55.254 - - [18/Apr/2017:11:11:10 -0300] "GET /cormun/static/licenciaspermisosadjuntos.js?201731711421181 HTTP/1.1" 304 -
190.45.55.254 - - [18/Apr/2017:11:11:10 -0300] "GET /cormun/static/about:blank HTTP/1.1" 404 1011
190.45.55.254 - - [18/Apr/2017:11:11:11 -0300] "GET /cormun/servlet/licenciaspermisosadjuntos?INS,15952029,L,20170418000000,, HTTP/1.1" 200 5753
190.45.55.254 - - [18/Apr/2017:11:11:20 -0300] "POST /cormun/servlet/licenciaspermisosadjuntos?ef201fe24a20cba396307062509941b4,INS,15952029,L,20170418000000,, HTTP/1.1" 200 116
190.45.55.254 - - [18/Apr/2017:11:11:20 -0300] "GET /cormun/servlet/hpexe_return? HTTP/1.1" 200 1045
190.45.55.254 - - [18/Apr/2017:11:11:20 -0300] "GET /cormun/servlet/trlicenciaspermisosadjuntos?15952029,20170418000000,L, HTTP/1.1" 200 6989
190.45.55.254 - - [18/Apr/2017:11:11:21 -0300] "GET /cormun/servlet/trlicenciaspermisosadjuntos?15952029,20170418000000,L, HTTP/1.1" 200 6986
190.45.55.254 - - [18/Apr/2017:11:11:25 -0300] "POST /cormun/servlet/trlicenciaspermisosadjuntos?ef201fe24a20cba396307062509941b4,15952029,20170418000000,L,,gx-no-cache=1492524750191 HTTP/1.1" 200 90
190.45.55.254 - - [18/Apr/2017:11:11:25 -0300] "GET /cormun/servlet/hpexe_link HTTP/1.1" 200 987
190.45.55.254 - - [18/Apr/2017:11:11:26 -0300] "GET /cormun/servlet/trlicencias HTTP/1.1" 200 8017
190.45.55.254 - - [18/Apr/2017:11:11:26 -0300] "GET /cormun/servlet/trlicencias HTTP/1.1" 200 8015
186.103.159.46 - - [18/Apr/2017:11:11:29 -0300] "GET /cormun/servlet/solicitudot?INS,0,0, HTTP/1.1" 200 12582
186.103.159.46 - - [18/Apr/2017:11:11:31 -0300] "GET /cormun/servlet/solicitudot?INS,0,0, HTTP/1.1" 200 12587
201.214.54.252 - - [18/Apr/2017:11:11:32 -0300] "GET /cormun/servlet/hlogin HTTP/1.1" 200 1722
186.79.226.236 - - [18/Apr/2017:11:11:34 -0300] "POST /cormun/servlet/solicitudot?gx-no-cache=1492524758507 HTTP/1.1" 200 1291
186.79.226.236 - - [18/Apr/2017:11:11:34 -0300] "POST /cormun/servlet/solicitudot?gx-no-cache=1492524758786 HTTP/1.1" 200 38
190.45.55.254 - - [18/Apr/2017:11:11:37 -0300] "POST /cormun/servlet/trlicencias?ef201fe24a20cba396307062509941b4,gx-no-cache=1492524762028 HTTP/1.1" 200 3980
190.45.55.254 - - [18/Apr/2017:11:11:38 -0300] "GET /cormun/static/Shared/jqueryui/images/ui-bg_highlight-soft_100_c6c2c8_1x100.png HTTP/1.1" 404 1117
190.45.55.254 - - [18/Apr/2017:11:11:38 -0300] "GET /cormun/static/Shared/jqueryui/images/ui-icons_82798d_256x240.png HTTP/1.1" 404 1089
190.45.55.254 - - [18/Apr/2017:11:11:38 -0300] "GET /cormun/static/Shared/jqueryui/images/ui-bg_flat_55_fafafa_40x100.png HTTP/1.1" 404 1097
190.45.55.254 - - [18/Apr/2017:11:11:38 -0300] "GET /cormun/static/Shared/jqueryui/images/ui-icons_8d78a5_256x240.png HTTP/1.1" 404 1089
186.79.226.236 - - [18/Apr/2017:11:11:42 -0300] "GET /cormun/servlet/solicitudot?cf352a8b58e280ac22659010e5f38c189973a45c8dcda77392108974ef7a6b07acb787d309325c717a83fb97f63ae266678007b95a1eb5c96f021f17535091e47e2260c57b1b42a008470cfc5d8c12c066f3ede439a46b9d8b8a5fa3b02b866138310bfd43fc8ccff0bfd6c544a8b3f8518feb2ac82f2d253360e19bba1c4f0586e3010a4094e70ab9496c29062b66d7b5f0af76f25b8e361912774ed0219da8,gx-no-cache=1492524766965 HTTP/1.1" 200 29
186.79.226.236 - - [18/Apr/2017:11:11:42 -0300] "POST /cormun/servlet/solicitudot?gx-no-cache=1492524767083 HTTP/1.1" 200 1274
186.79.226.236 - - [18/Apr/2017:11:11:42 -0300] "POST /cormun/servlet/solicitudot?gx-no-cache=1492524767323 HTTP/1.1" 200 1157
186.103.159.46 - - [18/Apr/2017:11:11:50 -0300] "POST /cormun/servlet/solicitudot?gx-no-cache=1492524774615 HTTP/1.1" 200 3179
186.103.159.46 - - [18/Apr/2017:11:11:51 -0300] "POST /cormun/servlet/solicitudot?3e1240f9e1b3cc8070cdd12fdb81eca0,INS,0,0,,gx-no-cache=1492524775285 HTTP/1.1" 200 9767
186.103.159.46 - - [18/Apr/2017:11:11:55 -0300] "GET /cormun/servlet/solicitudot?a2a092a7e89ecdc0304c7c975684494e70f62bd8e06ea510129977806eda9571192b9b409d9f904239053844d2dc1025,gx-no-cache=1492524779666 HTTP/1.1" 200 30
186.103.159.46 - - [18/Apr/2017:11:11:55 -0300] "POST /cormun/servlet/solicitudot?gx-no-cache=1492524779797 HTTP/1.1" 200 297
186.103.159.46 - - [18/Apr/2017:11:11:56 -0300] "GET /cormun/servlet/solicitudot?a2a092a7e89ecdc0304c7c975684494e2fc5f0439f100eac2e2a2d901567bcd6e4a1f17155b985f7d27d001e24b162ff65a24e8d970b1a12af8161b2c8720c8d8e98002f9a6f96830cb93dc0e7f02b804f1b7963d7ccc5fdf187faa44da029da1e3c0bdc9270e472f0fa9448e477c63b586df13488afdf41c3c160c79f9fde642018d203c00163c01ef5b7c294a7e84ad5da147d3811276f7b046310f396d7862df9c67d539199fab86e4ddc3d75645f09f662fd2b9166f86ede27a0f87327df7f0435fd3416c7f4f50b7ad3aa1f6f62f39c7fd333a98b4672d44dcd6616ec05c7d7bcd6b87cb89f14664b107a546236ac032a872cb540e54607b6e575f23b0e41f6b5ab8d9f233ba2a46b6cff43f6912c8e038463262d1bdd5fada67423e861f25c33da48d9abdd746135040d2bbe079680f5a9e7b63eb5ea7a4b56c50aabe9496e9af2a88ffeb17c3a10fe4fe5647649d160abd481fcb2e08880ef8d070790e50fdadfe6f8ebc7c7973d36870a47f86ccb5c981f4e0d472f75c8aca8c0663c0f39819603aba2b3e99afbd1e396e8e9,gx-no-cache=1492524779909 HTTP/1.1" 200 30
186.103.159.46 - - [18/Apr/2017:11:11:58 -0300] "POST /cormun/servlet/solicitudot?gx-no-cache=1492524782597 HTTP/1.1" 200 30
186.103.159.46 - - [18/Apr/2017:11:12:00 -0300] "POST /cormun/servlet/solicitudot?gx-no-cache=1492524784431 HTTP/1.1" 200 235
186.103.159.46 - - [18/Apr/2017:11:12:00 -0300] "POST /cormun/servlet/solicitudot?gx-no-cache=1492524784531 HTTP/1.1" 200 38
192.168.10.13 - - [18/Apr/2017:11:12:05 -0300] "GET / HTTP/1.1" 200 11217
186.79.226.236 - - [18/Apr/2017:11:12:29 -0300] "GET /cormun/servlet/trvisualizadoreventos? HTTP/1.1" 200 6460
186.79.226.236 - - [18/Apr/2017:11:12:29 -0300] "GET /cormun/static/gxcfg.js?201731711523419 HTTP/1.1" 200 953
186.79.226.236 - - [18/Apr/2017:11:12:30 -0300] "GET /cormun/static/Resources/PXToolsActionPrint.png HTTP/1.1" 200 3317
186.79.226.236 - - [18/Apr/2017:11:12:30 -0300] "GET /cormun/static/trvisualizadoreventos.js?20173171152387 HTTP/1.1" 200 19309
186.79.226.236 - - [18/Apr/2017:11:12:30 -0300] "GET /cormun/servlet/trvisualizadoreventos? HTTP/1.1" 200 6454
186.79.226.236 - - [18/Apr/2017:11:12:31 -0300] "POST /cormun/servlet/acontrolpreferencessavestate?None,MRECIO,true HTTP/1.1" 200 35
192.168.10.13 - - [18/Apr/2017:11:13:05 -0300] "GET / HTTP/1.1" 200 11217
201.214.54.252 - - [18/Apr/2017:11:13:13 -0300] "POST /cormun/servlet/hlogin?02c99774286eb112ca99368aaf5e6434,gx-no-cache=1492524858878 HTTP/1.1" 200 90
201.214.54.252 - - [18/Apr/2017:11:13:13 -0300] "GET /cormun/servlet/hpexe_link HTTP/1.1" 200 954
201.214.54.252 - - [18/Apr/2017:11:13:13 -0300] "GET /cormun/servlet/hhome HTTP/1.1" 200 3956
201.214.54.252 - - [18/Apr/2017:11:13:18 -0300] "GET /cormun/servlet/trlicencias? HTTP/1.1" 200 6819
186.79.226.236 - - [18/Apr/2017:11:13:22 -0300] "POST /cormun/servlet/trvisualizadoreventos?cc2bb3cf8000fc821d9350861b58fe50,,gx-no-cache=1492524866747 HTTP/1.1" 200 3791
186.79.226.236 - - [18/Apr/2017:11:13:35 -0300] "GET /cormun/servlet/trsolicitudot? HTTP/1.1" 200 8377
186.79.226.236 - - [18/Apr/2017:11:13:36 -0300] "GET /cormun/servlet/trsolicitudot? HTTP/1.1" 200 8377
186.79.226.236 - - [18/Apr/2017:11:13:49 -0300] "GET /cormun/servlet/trsolicitudot? HTTP/1.1" 200 8377
186.79.226.236 - - [18/Apr/2017:11:13:49 -0300] "GET /cormun/servlet/trsolicitudot? HTTP/1.1" 200 8377
186.79.226.236 - - [18/Apr/2017:11:13:53 -0300] "GET /cormun/servlet/solicitudot?INS,0,0, HTTP/1.1" 200 12538
186.79.226.236 - - [18/Apr/2017:11:13:53 -0300] "GET /cormun/servlet/solicitudot?INS,0,0, HTTP/1.1" 200 12542
186.79.226.236 - - [18/Apr/2017:11:14:05 -0300] "POST /cormun/servlet/solicitudot?gx-no-cache=1492524908644 HTTP/1.1" 200 3187
192.168.10.13 - - [18/Apr/2017:11:14:05 -0300] "GET / HTTP/1.1" 200 11217
186.79.226.236 - - [18/Apr/2017:11:14:05 -0300] "POST /cormun/servlet/solicitudot?cc2bb3cf8000fc821d9350861b58fe50,INS,0,0,,gx-no-cache=1492524909971 HTTP/1.1" 200 9784
186.79.226.236 - - [18/Apr/2017:11:14:08 -0300] "GET /cormun/servlet/solicitudot?cf352a8b58e280ac22659010e5f38c189a956b8bf349768944d1ca3f48e0b1014f6fa0c1535eb1efcb97fefee88adc9e,gx-no-cache=1492524912721 HTTP/1.1" 200 30
186.79.226.236 - - [18/Apr/2017:11:14:08 -0300] "POST /cormun/servlet/solicitudot?gx-no-cache=1492524912841 HTTP/1.1" 200 255
186.79.226.236 - - [18/Apr/2017:11:14:08 -0300] "GET /cormun/servlet/solicitudot?cf352a8b58e280ac22659010e5f38c184815dab2358ff0fe488a8a88688db057e62c86d892d4927c04f99c5d0b436e5dfdf144776411b70a7c09bf36ffe2351605d13b766465c61c2a863a5ea1e25c7c417ec289cf7e9248adf3b76c0385b721ec9ad2686079dfa5fde26506883d8ac6ac96922fa6f0a05b27ab7ce5899c41520e6886aaa063cb114281b23f687e18fa3ebe143435e478c0589cddd8c28a31d9f0228ca4e6420b23992a6b57f5b311e8b8a01a1b15c526959cfb904ebda5760e4a06dcacc2d5c2d508bd608a80de21b6a4bb18a3c183ff961289601aa85d35ee2edde8a970c842731d8de33d2d7b7ae1f47fe98b417172b6fc9ea3f0cb9ef9612d51420fa664a6bd9cfdc6779affcb9b720495d16217c86484e5840df0363ef3de0b4cb1ef618704ba7d8152547feca6e87fabf0b9411f58b9aff4bc4a72212f494167635af461b87ba6fa43c2f4ec7a27b09ad708084629eec6ab2ce4f32b5c60166f3d2763f2778ba8899aefb86cb729aa68f1060492956c67fc9dbbf347d6,gx-no-cache=1492524912979 HTTP/1.1" 200 30
186.79.226.236 - - [18/Apr/2017:11:14:09 -0300] "POST /cormun/servlet/solicitudot?gx-no-cache=1492524914511 HTTP/1.1" 200 30
186.79.226.236 - - [18/Apr/2017:11:14:23 -0300] "POST /cormun/servlet/solicitudot?gx-no-cache=1492524927701 HTTP/1.1" 200 1291
186.79.226.236 - - [18/Apr/2017:11:14:23 -0300] "POST /cormun/servlet/solicitudot?gx-no-cache=1492524928231 HTTP/1.1" 200 38
186.79.226.236 - - [18/Apr/2017:11:14:57 -0300] "GET /cormun/servlet/solicitudot?cf352a8b58e280ac22659010e5f38c189973a45c8dcda77392108974ef7a6b07acb787d309325c717a83fb97f63ae266678007b95a1eb5c96f021f17535091e47e2260c57b1b42a008470cfc5d8c12c066f3ede439a46b9d8b8a5fa3b02b866138310bfd43fc8ccff0bfd6c544a8b3f8518feb2ac82f2d253360e19bba1c4f0586e3010a4094e70ab9496c29062b66d7b5f0af76f25b8e361912774ed0219da8,gx-no-cache=1492524962073 HTTP/1.1" 200 29
186.79.226.236 - - [18/Apr/2017:11:14:57 -0300] "POST /cormun/servlet/solicitudot?gx-no-cache=1492524962273 HTTP/1.1" 200 1274
186.79.226.236 - - [18/Apr/2017:11:14:58 -0300] "POST /cormun/servlet/solicitudot?gx-no-cache=1492524962547 HTTP/1.1" 200 1157
192.168.10.13 - - [18/Apr/2017:11:15:05 -0300] "GET / HTTP/1.1" 200 11217
186.79.226.236 - - [18/Apr/2017:11:15:27 -0300] "GET /cormun/servlet/solicitudot?cf352a8b58e280ac22659010e5f38c18ab11207b664ea76e91b3a94a7f6223e8b32a6dccc8c2417f6972fd532fde33c7217c03b9d770deeece21cae860989704d2f01976b96369d3a4e7d7989464aeba31c57776ff552d4d9adedcac70a3cff7f5c14ab02cd17e27a4317a54d9c28e8c6b2d34319516aa0a2b3c5f0daa0fc203c54cc962da657a0ec4fdd93017d294edebcb4840769e94b5d66d2d32223d22c3b8993eca07446d6e2f078076fd47853f,gx-no-cache=1492524991825 HTTP/1.1" 200 30
186.79.226.236 - - [18/Apr/2017:11:15:27 -0300] "POST /cormun/servlet/solicitudot?cc2bb3cf8000fc821d9350861b58fe50,INS,0,0,,gx-no-cache=1492524992016 HTTP/1.1" 200 11108
186.79.226.236 - - [18/Apr/2017:11:15:28 -0300] "GET /cormun/static/Shared/jqueryui/images/ui-bg_highlight-soft_100_c6c2c8_1x100.png HTTP/1.1" 404 1117
186.79.226.236 - - [18/Apr/2017:11:15:28 -0300] "GET /cormun/static/Shared/jqueryui/images/ui-icons_82798d_256x240.png HTTP/1.1" 404 1089
186.79.226.236 - - [18/Apr/2017:11:15:28 -0300] "GET /cormun/static/Shared/jqueryui/images/ui-bg_flat_55_994d53_40x100.png HTTP/1.1" 404 1097
186.79.226.236 - - [18/Apr/2017:11:15:28 -0300] "GET /cormun/static/Shared/jqueryui/images/ui-icons_ebccce_256x240.png HTTP/1.1" 404 1089
186.103.159.46 - - [18/Apr/2017:11:15:46 -0300] "GET /cormun/servlet/solicitudot?a2a092a7e89ecdc0304c7c975684494eaf1d8855c467f78ba680f730ce2716ee64d7a8aa9ecfece6174f39f4588b054d99a087a3627b0c274efe349f35509f426fe0838d2c9ffbb8c09028d08c593e8a2e7a8842fc6c3388713a35a28ceaad0046451212c1c65825c36b13db3f5d2dec,gx-no-cache=1492525010681 HTTP/1.1" 200 29
186.103.159.46 - - [18/Apr/2017:11:15:46 -0300] "POST /cormun/servlet/solicitudot?gx-no-cache=1492525010845 HTTP/1.1" 200 668
186.103.159.46 - - [18/Apr/2017:11:15:47 -0300] "POST /cormun/servlet/solicitudot?gx-no-cache=1492525010943 HTTP/1.1" 200 543
186.103.159.46 - - [18/Apr/2017:11:15:47 -0300] "GET /cormun/static/menuarrow.gif HTTP/1.1" 404 1015
186.103.159.46 - - [18/Apr/2017:11:15:52 -0300] "POST /cormun/servlet/solicitudot?gx-no-cache=1492525016290 HTTP/1.1" 200 668
186.103.159.46 - - [18/Apr/2017:11:15:52 -0300] "POST /cormun/servlet/solicitudot?gx-no-cache=1492525016432 HTTP/1.1" 200 543
186.79.226.236 - - [18/Apr/2017:11:16:02 -0300] "GET /cormun/servlet/solicitudot?cf352a8b58e280ac22659010e5f38c18ab11207b664ea76e91b3a94a7f6223e8b32a6dccc8c2417f6972fd532fde33c7217c03b9d770deeece21cae860989704d2f01976b96369d3a4e7d7989464aeba31c57776ff552d4d9adedcac70a3cff7f5c14ab02cd17e27a4317a54d9c28e8c6b2d34319516aa0a2b3c5f0daa0fc203c54cc962da657a0ec4fdd93017d294edebcb4840769e94b5d66d2d32223d22c3b8993eca07446d6e2f078076fd47853f,gx-no-cache=1492525027457 HTTP/1.1" 200 30
186.79.226.236 - - [18/Apr/2017:11:16:03 -0300] "POST /cormun/servlet/solicitudot?cc2bb3cf8000fc821d9350861b58fe50,INS,0,0,,gx-no-cache=1492525027638 HTTP/1.1" 200 11154
186.103.159.46 - - [18/Apr/2017:11:16:05 -0300] "GET /cormun/servlet/solicitudot?a2a092a7e89ecdc0304c7c975684494eac37e51a63316e93ca7b07778f6ffde41f191b5bbad2cbf81a2c05b46f2d583679c030cd6f41277f9994f8cdc712ec5c333e7ffc98f3ffe1e1ad05c09c527927a310568f7dc5c61d59fc56e1d9408cbbbab5c2294f3dda364b1295ca55a9ad87633ec23f7b127c6729d70defa48eb7a7945f8c7541b521d07b3f9e07833c4596bf94e8436b52bff1bd17a00147904a326e995eda899510414f3735258ae94323,gx-no-cache=1492525029657 HTTP/1.1" 200 30
192.168.10.13 - - [18/Apr/2017:11:16:05 -0300] "GET / HTTP/1.1" 200 11217
192.168.10.13 - - [18/Apr/2017:11:17:05 -0300] "GET / HTTP/1.1" 200 11217
192.168.10.13 - - [18/Apr/2017:11:18:05 -0300] "GET / HTTP/1.1" 200 11217
201.214.54.252 - - [18/Apr/2017:11:18:34 -0300] "POST /cormun/servlet/trlicencias?02c99774286eb112ca99368aaf5e6434,,gx-no-cache=1492525180500 HTTP/1.1" 200 4091
201.214.54.252 - - [18/Apr/2017:11:18:38 -0300] "POST /cormun/servlet/trlicencias?02c99774286eb112ca99368aaf5e6434,,gx-no-cache=1492525184103 HTTP/1.1" 200 4091
201.214.54.252 - - [18/Apr/2017:11:18:41 -0300] "GET /cormun/servlet/licenciaspermisos?INS,0,,, HTTP/1.1" 200 7355
201.214.54.252 - - [18/Apr/2017:11:18:46 -0300] "GET /cormun/servlet/prfichaempleado?,MD,,gxPopupLevel%3D0%3B HTTP/1.1" 200 8784
201.214.54.252 - - [18/Apr/2017:11:19:00 -0300] "POST /cormun/servlet/prfichaempleado?02c99774286eb112ca99368aaf5e6434,,MD,,gxPopupLevel%3D0%3B,gx-no-cache=1492525206278 HTTP/1.1" 200 3410
186.103.159.182 - - [18/Apr/2017:11:19:00 -0300] "GET /cormun/servlet/trlicenciaspermisosadjuntos?10875801,20170418000000,L, HTTP/1.1" 200 6895
186.103.159.182 - - [18/Apr/2017:11:19:02 -0300] "GET /cormun/servlet/trlicenciaspermisosadjuntos?10875801,20170418000000,L, HTTP/1.1" 200 6895
186.103.159.46 - - [18/Apr/2017:11:19:02 -0300] "POST /cormun/servlet/solicitudot?gx-no-cache=1492528801956 HTTP/1.1" 200 668
201.214.54.252 - - [18/Apr/2017:11:19:04 -0300] "GET /cormun/servlet/licenciaspermisos?599f0f9ff1cbd9bb18615cf5a94f51c25f62d2c338c1ae275a1a15629c378131f9ffcab4ba738cc830caa18fd1a7e069,gx-no-cache=1492525210352 HTTP/1.1" 200 66
186.103.159.46 - - [18/Apr/2017:11:19:04 -0300] "POST /cormun/servlet/solicitudot?gx-no-cache=1492528803878 HTTP/1.1" 200 1157
201.214.54.252 - - [18/Apr/2017:11:19:04 -0300] "POST /cormun/servlet/licenciaspermisos?02c99774286eb112ca99368aaf5e6434,INS,0,,,,gx-no-cache=1492525210601 HTTP/1.1" 200 4629
186.103.159.182 - - [18/Apr/2017:11:19:04 -0300] "POST /cormun/servlet/trlicenciaspermisosadjuntos?a0697e5d3e90b1783f8ca8acdbedbb4c,10875801,20170418000000,L,,gx-no-cache=1492525208988 HTTP/1.1" 200 90
186.103.159.182 - - [18/Apr/2017:11:19:04 -0300] "GET /cormun/servlet/hpexe_link HTTP/1.1" 200 979
186.103.159.182 - - [18/Apr/2017:11:19:05 -0300] "GET /cormun/servlet/trlicencias HTTP/1.1" 200 8087
192.168.10.13 - - [18/Apr/2017:11:19:05 -0300] "GET / HTTP/1.1" 200 11217
186.103.159.182 - - [18/Apr/2017:11:19:06 -0300] "GET /cormun/servlet/trlicencias HTTP/1.1" 200 8085
186.103.159.182 - - [18/Apr/2017:11:19:12 -0300] "POST /cormun/servlet/trlicencias?a0697e5d3e90b1783f8ca8acdbedbb4c,gx-no-cache=1492525216784 HTTP/1.1" 200 4232
186.103.159.182 - - [18/Apr/2017:11:19:12 -0300] "GET /cormun/static/Shared/jqueryui/images/ui-bg_highlight-soft_100_c6c2c8_1x100.png HTTP/1.1" 404 1117
186.103.159.182 - - [18/Apr/2017:11:19:12 -0300] "GET /cormun/static/Shared/jqueryui/images/ui-icons_82798d_256x240.png HTTP/1.1" 404 1089
186.103.159.182 - - [18/Apr/2017:11:19:12 -0300] "GET /cormun/static/Shared/jqueryui/images/ui-icons_8d78a5_256x240.png HTTP/1.1" 404 1089
186.103.159.182 - - [18/Apr/2017:11:19:12 -0300] "GET /cormun/static/Shared/jqueryui/images/ui-bg_flat_55_fafafa_40x100.png HTTP/1.1" 404 1097
192.168.10.13 - - [18/Apr/2017:11:20:05 -0300] "GET / HTTP/1.1" 200 11217
201.214.54.252 - - [18/Apr/2017:11:20:18 -0300] "GET /cormun/static/menuarrow.gif HTTP/1.1" 404 1015
186.103.159.46 - - [18/Apr/2017:11:20:23 -0300] "GET /cormun/servlet/solicitudot?a2a092a7e89ecdc0304c7c975684494eac37e51a63316e93ca7b07778f6ffde41f191b5bbad2cbf81a2c05b46f2d583679c030cd6f41277f9994f8cdc712ec5c333e7ffc98f3ffe1e1ad05c09c527927a310568f7dc5c61d59fc56e1d9408cbbbab5c2294f3dda364b1295ca55a9ad87633ec23f7b127c6729d70defa48eb7a7945f8c7541b521d07b3f9e07833c4596bf94e8436b52bff1bd17a00147904a326e995eda899510414f3735258ae94323,gx-no-cache=1492528882318 HTTP/1.1" 200 30
186.103.159.46 - - [18/Apr/2017:11:20:23 -0300] "POST /cormun/servlet/solicitudot?3e1240f9e1b3cc8070cdd12fdb81eca0,INS,0,0,,gx-no-cache=1492528882497 HTTP/1.1" 200 93
186.103.159.46 - - [18/Apr/2017:11:20:23 -0300] "GET /cormun/servlet/hpexe_return? HTTP/1.1" 200 1027
186.103.159.46 - - [18/Apr/2017:11:20:24 -0300] "GET /cormun/servlet/trsolicitudot?gx-no-cache=1492524606156 HTTP/1.1" 200 8008
186.103.159.46 - - [18/Apr/2017:11:20:26 -0300] "GET /cormun/servlet/trsolicitudot?gx-no-cache=1492524606156 HTTP/1.1" 200 8026
186.103.159.46 - - [18/Apr/2017:11:20:30 -0300] "POST /cormun/servlet/trsolicitudot?3e1240f9e1b3cc8070cdd12fdb81eca0,gx-no-cache=1492524606156,gx-no-cache=1492528889410 HTTP/1.1" 200 106
186.103.159.46 - - [18/Apr/2017:11:20:30 -0300] "GET /cormun/servlet/trsolicitudadjuntos?2017,6110, HTTP/1.1" 200 5904
186.103.159.46 - - [18/Apr/2017:11:20:31 -0300] "GET /cormun/servlet/trsolicitudadjuntos?2017,6110, HTTP/1.1" 200 5883
186.103.159.182 - - [18/Apr/2017:11:20:38 -0300] "GET /cormun/servlet/trinasistencia? HTTP/1.1" 200 7914
186.103.159.182 - - [18/Apr/2017:11:20:40 -0300] "GET /cormun/servlet/trinasistencia? HTTP/1.1" 200 7914
186.103.159.46 - - [18/Apr/2017:11:20:58 -0300] "GET /cormun/servlet/solicitudotadjuntos?INS,2017,6110,,1, HTTP/1.1" 200 5823
186.103.159.46 - - [18/Apr/2017:11:20:58 -0300] "GET /cormun/static/about:blank HTTP/1.1" 404 1011
186.103.159.46 - - [18/Apr/2017:11:20:59 -0300] "GET /cormun/servlet/solicitudotadjuntos?INS,2017,6110,,1, HTTP/1.1" 200 5817
186.103.159.46 - - [18/Apr/2017:11:21:00 -0300] "GET /cormun/servlet/solicitudotadjuntos?a2a092a7e89ecdc0304c7c975684494e426f9b6d486ecba443616ba38f1b81cd333ff6ba676a36831bdd7497c0c268f7,gx-no-cache=1492528919468 HTTP/1.1" 200 30
186.103.159.46 - - [18/Apr/2017:11:21:00 -0300] "POST /cormun/servlet/solicitudotadjuntos?3e1240f9e1b3cc8070cdd12fdb81eca0,INS,2017,6110,,1,,gx-no-cache=1492528919951 HTTP/1.1" 200 3640
186.103.159.46 - - [18/Apr/2017:11:21:03 -0300] "POST /cormun/servlet/solicitudotadjuntos?gx-no-cache=1492528923259 HTTP/1.1" 200 26
192.168.10.13 - - [18/Apr/2017:11:21:05 -0300] "GET / HTTP/1.1" 200 11217
186.103.159.46 - - [18/Apr/2017:11:21:56 -0300] "POST /cormun/servlet/solicitudotadjuntos?3e1240f9e1b3cc8070cdd12fdb81eca0,INS,2017,6110,,1, HTTP/1.1" 200 116
186.103.159.46 - - [18/Apr/2017:11:21:56 -0300] "GET /cormun/servlet/hpexe_return? HTTP/1.1" 200 1025
186.103.159.46 - - [18/Apr/2017:11:21:56 -0300] "GET /cormun/servlet/trsolicitudadjuntos?2017,6110, HTTP/1.1" 200 5886
186.103.159.46 - - [18/Apr/2017:11:21:58 -0300] "GET /cormun/servlet/trsolicitudadjuntos?2017,6110, HTTP/1.1" 200 5883
192.168.10.13 - - [18/Apr/2017:11:22:05 -0300] "GET / HTTP/1.1" 200 11217
192.168.10.13 - - [18/Apr/2017:11:23:05 -0300] "GET / HTTP/1.1" 200 11217
192.168.10.13 - - [18/Apr/2017:11:24:05 -0300] "GET / HTTP/1.1" 200 11217
201.214.54.252 - - [18/Apr/2017:11:24:51 -0300] "GET /cormun/servlet/licenciaspermisos?599f0f9ff1cbd9bb18615cf5a94f51c28ab41311d7af3552bbb713f783cd48769b0536f65203297c055a03ca4c42f11020cea233f4bf19a2c72fdf6270d1a670d949d16fb05554f2ffac4d2bbf89c53553fc52e1bc7ff7a3fc096027107fb64a6266ce558a694b245458c27ed2d1f112d5b04a554ff9ebe942d17b5409824deef0fd9ac2504c335397fa61ad7931f2a0b3248adbfc60e1db043ed616177ca6d08fdfc939c13a4ac01905cab32d1612e01b826fe56850b2834a2dffdad36f0d0be2aed8521cdbe19a239bf9575fd66f24811be085e0f519ebb5b72d9c152bf3a4,gx-no-cache=1492525557314 HTTP/1.1" 200 30
201.214.54.252 - - [18/Apr/2017:11:24:51 -0300] "GET /cormun/servlet/licenciaspermisos?599f0f9ff1cbd9bb18615cf5a94f51c20f03c4dc2a7a7818d0fc37278720aa5c65b267fcf0bb55daf0aa2e5afed581948146702e801ed4d48eba30268ed9562e54004ca43313a1c058c7ac09d7b13e5744b76083c2fb0b61ac8e4a7b2b814895646c9b167cc2b09d66775c36c78ed5ea040b3d68bff5f5a4713714cb85bd406b48e97300300e03537262abec7849f07f9d1d2cd192a33234e65ffd45566273430d1bcb833a7878b3bb785889f9e410f3119939da276588b45cb0a5581efa3689daa7c1067ef47ca09e7f9110a2946afd473a714ad17e149bb7769ba7bc544394,gx-no-cache=1492525557529 HTTP/1.1" 200 29
201.214.54.252 - - [18/Apr/2017:11:24:52 -0300] "POST /cormun/servlet/licenciaspermisos?02c99774286eb112ca99368aaf5e6434,INS,0,,,,gx-no-cache=1492525557670 HTTP/1.1" 200 93
201.214.54.252 - - [18/Apr/2017:11:24:52 -0300] "GET /cormun/servlet/hpexe_return? HTTP/1.1" 200 1014
201.214.54.252 - - [18/Apr/2017:11:24:53 -0300] "GET /cormun/servlet/trlicencias? HTTP/1.1" 200 7968
192.168.10.13 - - [18/Apr/2017:11:25:05 -0300] "GET / HTTP/1.1" 200 11217
201.214.54.252 - - [18/Apr/2017:11:25:07 -0300] "GET /cormun/servlet/trlicenciaspermisosadjuntos?16882639,20170418000000,L, HTTP/1.1" 200 6310
186.103.159.182 - - [18/Apr/2017:11:25:10 -0300] "GET /cormun/servlet/hlogin HTTP/1.1" 200 1716
201.214.54.252 - - [18/Apr/2017:11:25:12 -0300] "GET /cormun/servlet/licenciaspermisosadjuntos?INS,16882639,L,20170418000000,, HTTP/1.1" 200 5609
186.103.159.182 - - [18/Apr/2017:11:25:12 -0300] "POST /cormun/servlet/hlogin?a0697e5d3e90b1783f8ca8acdbedbb4c,gx-no-cache=1492525576749 HTTP/1.1" 200 90
186.103.159.182 - - [18/Apr/2017:11:25:12 -0300] "GET /cormun/servlet/hpexe_link HTTP/1.1" 200 954
186.103.159.182 - - [18/Apr/2017:11:25:13 -0300] "GET /cormun/servlet/trinasistencia HTTP/1.1" 200 7916
201.214.54.252 - - [18/Apr/2017:11:25:13 -0300] "HEAD /cormun/static/about:blank HTTP/1.1" 404 -
186.103.159.182 - - [18/Apr/2017:11:25:14 -0300] "GET /cormun/servlet/trinasistencia HTTP/1.1" 200 7914
186.103.159.182 - - [18/Apr/2017:11:25:21 -0300] "GET /cormun/servlet/trinasistencia? HTTP/1.1" 200 7914
186.103.159.182 - - [18/Apr/2017:11:25:22 -0300] "GET /cormun/servlet/trinasistencia? HTTP/1.1" 200 7914
201.214.54.252 - - [18/Apr/2017:11:25:30 -0300] "POST /cormun/servlet/licenciaspermisosadjuntos?02c99774286eb112ca99368aaf5e6434,INS,16882639,L,20170418000000,, HTTP/1.1" 200 116
201.214.54.252 - - [18/Apr/2017:11:25:30 -0300] "GET /cormun/servlet/hpexe_return? HTTP/1.1" 200 1043
201.214.54.252 - - [18/Apr/2017:11:25:30 -0300] "GET /cormun/servlet/trlicenciaspermisosadjuntos?16882639,20170418000000,L, HTTP/1.1" 200 6816
201.214.54.252 - - [18/Apr/2017:11:25:32 -0300] "HEAD /cormun/PublicTempStorage/licencia_medica_yasna_mu%F1oz3783085.pdf HTTP/1.1" 200 -
201.214.54.252 - - [18/Apr/2017:11:25:33 -0300] "GET /cormun/PublicTempStorage/licencia_medica_yasna_mu%F1oz3783085.pdf HTTP/1.1" 200 437230
201.214.54.252 - - [18/Apr/2017:11:25:39 -0300] "POST /cormun/servlet/trlicenciaspermisosadjuntos?02c99774286eb112ca99368aaf5e6434,16882639,20170418000000,L,,gx-no-cache=1492525605593 HTTP/1.1" 200 90
201.214.54.252 - - [18/Apr/2017:11:25:39 -0300] "GET /cormun/servlet/hpexe_link HTTP/1.1" 200 987
201.214.54.252 - - [18/Apr/2017:11:25:40 -0300] "GET /cormun/servlet/trlicencias HTTP/1.1" 200 7966
186.103.159.182 - - [18/Apr/2017:11:26:01 -0300] "POST /cormun/servlet/trinasistencia?a0697e5d3e90b1783f8ca8acdbedbb4c,,gx-no-cache=1492525624736 HTTP/1.1" 200 4933
186.103.159.182 - - [18/Apr/2017:11:26:01 -0300] "GET /cormun/static/Shared/jqueryui/images/ui-bg_highlight-soft_100_c6c2c8_1x100.png HTTP/1.1" 404 1117
186.103.159.182 - - [18/Apr/2017:11:26:01 -0300] "GET /cormun/static/Shared/jqueryui/images/ui-icons_82798d_256x240.png HTTP/1.1" 404 1089
186.103.159.182 - - [18/Apr/2017:11:26:01 -0300] "GET /cormun/static/Shared/jqueryui/images/ui-bg_flat_55_fafafa_40x100.png HTTP/1.1" 404 1097
186.103.159.182 - - [18/Apr/2017:11:26:01 -0300] "GET /cormun/static/Shared/jqueryui/images/ui-icons_8d78a5_256x240.png HTTP/1.1" 404 1089
201.214.54.252 - - [18/Apr/2017:11:26:05 -0300] "GET /cormun/servlet/alicenciaprn?16882639,L,20170418000000,PU HTTP/1.1" 200 1558
192.168.10.13 - - [18/Apr/2017:11:26:05 -0300] "GET / HTTP/1.1" 200 11217
201.214.54.252 - - [18/Apr/2017:11:26:05 -0300] "GET /cormun/servlet/alicenciaprn?16882639,L,20170418000000,PU HTTP/1.1" 200 1557
186.103.159.182 - - [18/Apr/2017:11:26:11 -0300] "GET /cormun/servlet/ainasistenciaprn?69,PU HTTP/1.1" 200 1637
186.103.159.182 - - [18/Apr/2017:11:26:29 -0300] "GET /cormun/servlet/inasistencia?UPD,69, HTTP/1.1" 200 6896
186.79.136.0 - - [18/Apr/2017:11:26:30 -0300] "GET /cormun/servlet/hlogin HTTP/1.1" 200 1718
186.79.136.0 - - [18/Apr/2017:11:26:30 -0300] "GET /cormun/static/gxtimezone.js?85251 HTTP/1.1" 304 -
186.79.136.0 - - [18/Apr/2017:11:26:30 -0300] "GET /cormun/static/gxcfg.js?201741110203197 HTTP/1.1" 304 -
186.79.136.0 - - [18/Apr/2017:11:26:30 -0300] "GET /cormun/static/Resources/Spanish/PXTools.css?11294912 HTTP/1.1" 304 -
186.79.136.0 - - [18/Apr/2017:11:26:30 -0300] "GET /cormun/static/messages.spa.js?85251 HTTP/1.1" 304 -
186.79.136.0 - - [18/Apr/2017:11:26:30 -0300] "GET /cormun/static/hlogin.js?201741110203211 HTTP/1.1" 304 -
186.79.136.0 - - [18/Apr/2017:11:26:30 -0300] "GET /cormun/servlet/hlogin HTTP/1.1" 200 1718
186.79.136.0 - - [18/Apr/2017:11:26:31 -0300] "GET /cormun/servlet/hlogin HTTP/1.1" 200 1729
186.79.136.0 - - [18/Apr/2017:11:26:31 -0300] "GET /cormun/servlet/hlogin HTTP/1.1" 200 1718
186.103.159.182 - - [18/Apr/2017:11:26:31 -0300] "GET /cormun/servlet/inasistencia?UPD,69, HTTP/1.1" 200 6897
186.79.136.0 - - [18/Apr/2017:11:26:33 -0300] "POST /cormun/servlet/hlogin?cfc2e7cc71f4e1e67373df69446642dd,gx-no-cache=1492525657761 HTTP/1.1" 200 90
186.79.136.0 - - [18/Apr/2017:11:26:33 -0300] "GET /cormun/servlet/hpexe_link HTTP/1.1" 200 948
186.79.136.0 - - [18/Apr/2017:11:26:33 -0300] "GET /cormun/static/gxcfg.js?201731711483381 HTTP/1.1" 304 -
186.79.136.0 - - [18/Apr/2017:11:26:33 -0300] "GET /cormun/static/hpexe_link.js?201731711483384 HTTP/1.1" 304 -
186.79.136.0 - - [18/Apr/2017:11:26:33 -0300] "GET /cormun/servlet/hhome HTTP/1.1" 200 3752
186.79.136.0 - - [18/Apr/2017:11:26:33 -0300] "GET /cormun/static/gxcfg.js?201731711483497 HTTP/1.1" 304 -
186.79.136.0 - - [18/Apr/2017:11:26:33 -0300] "GET /cormun/static/hhome.js?20173171148352 HTTP/1.1" 304 -
186.79.136.0 - - [18/Apr/2017:11:26:33 -0300] "GET /cormun/static/hwchdr01.js?201731711335950 HTTP/1.1" 304 -
186.79.136.0 - - [18/Apr/2017:11:26:33 -0300] "GET /cormun/static/hpexe_scripts.js?201731711335890 HTTP/1.1" 304 -
186.79.136.0 - - [18/Apr/2017:11:26:33 -0300] "GET /cormun/static/hpexe_messagecontroller.js?201610171694323 HTTP/1.1" 304 -
186.79.136.0 - - [18/Apr/2017:11:26:33 -0300] "GET /cormun/static/cmcontrolpreferences.js?201731711335852 HTTP/1.1" 304 -
186.79.136.0 - - [18/Apr/2017:11:26:33 -0300] "GET /cormun/static/hpexe_messagepopupcomponent.js?20161017169425 HTTP/1.1" 304 -
186.79.136.0 - - [18/Apr/2017:11:26:33 -0300] "GET /cormun/static/hpexe_messagegenexuscomponent.js?201731711335537 HTTP/1.1" 304 -
186.79.136.0 - - [18/Apr/2017:11:26:34 -0300] "GET /cormun/static/hpexe_recentlink.js?201610171694390 HTTP/1.1" 304 -
186.79.136.0 - - [18/Apr/2017:11:26:34 -0300] "GET /cormun/static/hmpwkw03.js?201731711485354 HTTP/1.1" 304 -
186.79.136.0 - - [18/Apr/2017:11:26:34 -0300] "GET /cormun/servlet/hhome HTTP/1.1" 200 3749
186.79.136.0 - - [18/Apr/2017:11:26:38 -0300] "GET /cormun/servlet/trsolicitudot? HTTP/1.1" 200 7989
186.79.136.0 - - [18/Apr/2017:11:26:38 -0300] "GET /cormun/static/gxcfg.js?201731711505139 HTTP/1.1" 304 -
186.79.136.0 - - [18/Apr/2017:11:26:39 -0300] "GET /cormun/static/trsolicitudot.js?20173171151116 HTTP/1.1" 304 -
186.79.136.0 - - [18/Apr/2017:11:26:39 -0300] "GET /cormun/servlet/trsolicitudot? HTTP/1.1" 200 7986
192.168.10.13 - - [18/Apr/2017:11:27:05 -0300] "GET / HTTP/1.1" 200 11217
186.79.136.0 - - [18/Apr/2017:11:27:08 -0300] "POST /cormun/servlet/trsolicitudot?cfc2e7cc71f4e1e67373df69446642dd,,gx-no-cache=1492525692583 HTTP/1.1" 200 4142
186.79.136.0 - - [18/Apr/2017:11:27:08 -0300] "GET /cormun/static/Shared/jqueryui/images/ui-bg_highlight-soft_100_c6c2c8_1x100.png HTTP/1.1" 404 1117
186.79.136.0 - - [18/Apr/2017:11:27:08 -0300] "GET /cormun/static/Shared/jqueryui/images/ui-icons_82798d_256x240.png HTTP/1.1" 404 1089
186.79.136.0 - - [18/Apr/2017:11:27:08 -0300] "GET /cormun/static/Shared/jqueryui/images/ui-bg_flat_55_fafafa_40x100.png HTTP/1.1" 404 1097
186.79.136.0 - - [18/Apr/2017:11:27:08 -0300] "GET /cormun/static/Shared/jqueryui/images/ui-icons_8d78a5_256x240.png HTTP/1.1" 404 1089
186.79.136.0 - - [18/Apr/2017:11:27:08 -0300] "POST /cormun/servlet/trsolicitudot?cfc2e7cc71f4e1e67373df69446642dd,,gx-no-cache=1492525693239 HTTP/1.1" 200 3927
186.79.226.236 - - [18/Apr/2017:11:27:13 -0300] "POST /cormun/servlet/solicitudot?cc2bb3cf8000fc821d9350861b58fe50,INS,0,0,,gx-no-cache=1492525697757 HTTP/1.1" 200 93
186.79.226.236 - - [18/Apr/2017:11:27:13 -0300] "GET /cormun/servlet/hpexe_return? HTTP/1.1" 200 1001
186.79.226.236 - - [18/Apr/2017:11:27:14 -0300] "GET /cormun/servlet/trsolicitudot HTTP/1.1" 200 8381
186.79.226.236 - - [18/Apr/2017:11:27:15 -0300] "GET /cormun/servlet/trsolicitudot HTTP/1.1" 200 8377
186.79.136.0 - - [18/Apr/2017:11:27:15 -0300] "GET /cormun/servlet/solicitudot?INS,0,0, HTTP/1.1" 200 12562
186.79.136.0 - - [18/Apr/2017:11:27:16 -0300] "GET /cormun/static/gxcfg.js?20171191042720 HTTP/1.1" 304 -
186.79.136.0 - - [18/Apr/2017:11:27:16 -0300] "GET /cormun/static/Resources/Spanish/PXTools.css?18365030 HTTP/1.1" 304 -
186.79.136.0 - - [18/Apr/2017:11:27:16 -0300] "GET /cormun/static/solicitudot.js?2017119104297 HTTP/1.1" 304 -
186.79.136.0 - - [18/Apr/2017:11:27:16 -0300] "GET /cormun/servlet/solicitudot?INS,0,0, HTTP/1.1" 200 12566
186.79.136.0 - - [18/Apr/2017:11:27:50 -0300] "POST /cormun/servlet/solicitudot?gx-no-cache=1492525735049 HTTP/1.1" 200 3177
186.79.136.0 - - [18/Apr/2017:11:27:51 -0300] "POST /cormun/servlet/solicitudot?cfc2e7cc71f4e1e67373df69446642dd,INS,0,0,,gx-no-cache=1492525735619 HTTP/1.1" 200 9772
192.168.10.13 - - [18/Apr/2017:11:28:05 -0300] "GET / HTTP/1.1" 200 11217
186.79.136.0 - - [18/Apr/2017:11:28:10 -0300] "GET /cormun/servlet/solicitudot?c6a2bcab8cfbd53f224192090ecd2da45227ccbf674f04f8657e12ea53cd70ab2ed4e769372faf3ee552b8ab9a618afb,gx-no-cache=1492525754848 HTTP/1.1" 200 30
186.79.136.0 - - [18/Apr/2017:11:28:10 -0300] "POST /cormun/servlet/solicitudot?gx-no-cache=1492525755045 HTTP/1.1" 200 255
186.79.136.0 - - [18/Apr/2017:11:28:10 -0300] "GET /cormun/servlet/solicitudot?c6a2bcab8cfbd53f224192090ecd2da4b20ef09b158df6c11dc251669666f6fc59fb5a716d73af988b48ad18e9cfefcfbb1b9e09aac3708aa6b32400b8cef6783fbaf8070bf043aea4ea24603254a8182db0786b51bb98e3b7b2fa82d09350dd25345fb07a783931b83e2ed4b4b403dd62add37583f564fb247a7666751537d4e674ff8c9f117134e0d81ebf21bc471a61eaaccdb74959468db40cb67ea1e71eb06a1e0ecabb96b94bac9e24b829537638be826c877bfdd05d8540079d43398ad1d8fa93bb1ef24b763aff242e919f237b103efd0532b84954ffdcf0a16c8f8907c4f7dccbf3a7631287d32a3109ef55fce86645f9db677efed74b3f299c050f8ace4824b83a4c6843630abdd6e8fdf60c964f63388631bdc7667cbff098150d04d304e8da32ab140c54c7f90f3058b2e85dbb1952e730529b994d10f7d1c50d183dbb405eb4be115feb494630a57ddf0c6626b5765187dc65b3acfca310ec134e50a99fba3539889e1bb268a82661a6393fad8f16fbb3ed919191e2347b5cb2,gx-no-cache=1492525755196 HTTP/1.1" 200 30
186.79.136.0 - - [18/Apr/2017:11:28:13 -0300] "POST /cormun/servlet/solicitudot?gx-no-cache=1492525758189 HTTP/1.1" 200 30
201.214.54.252 - - [18/Apr/2017:11:28:23 -0300] "POST /cormun/servlet/trlicencias?02c99774286eb112ca99368aaf5e6434,gx-no-cache=1492525769466 HTTP/1.1" 200 4222
201.214.54.252 - - [18/Apr/2017:11:28:24 -0300] "GET /cormun/static/Shared/jqueryui/images/ui-icons_82798d_256x240.png HTTP/1.1" 404 1089
201.214.54.252 - - [18/Apr/2017:11:28:24 -0300] "GET /cormun/static/Shared/jqueryui/images/ui-bg_flat_55_fafafa_40x100.png HTTP/1.1" 404 1097
201.214.54.252 - - [18/Apr/2017:11:28:24 -0300] "GET /cormun/static/Shared/jqueryui/images/ui-bg_highlight-soft_100_c6c2c8_1x100.png HTTP/1.1" 404 1117
201.214.54.252 - - [18/Apr/2017:11:28:24 -0300] "GET /cormun/static/Shared/jqueryui/images/ui-icons_8d78a5_256x240.png HTTP/1.1" 404 1089
201.214.54.252 - - [18/Apr/2017:11:28:29 -0300] "GET /cormun/servlet/hlogin HTTP/1.1" 200 1737
186.79.136.0 - - [18/Apr/2017:11:28:55 -0300] "POST /cormun/servlet/solicitudot?gx-no-cache=1492525800152 HTTP/1.1" 200 1291
186.79.136.0 - - [18/Apr/2017:11:28:55 -0300] "POST /cormun/servlet/solicitudot?gx-no-cache=1492525800412 HTTP/1.1" 200 38
192.168.10.13 - - [18/Apr/2017:11:29:05 -0300] "GET / HTTP/1.1" 200 11217
186.103.159.182 - - [18/Apr/2017:11:29:10 -0300] "POST /cormun/servlet/inasistencia?a0697e5d3e90b1783f8ca8acdbedbb4c,UPD,69,,gx-no-cache=1492525814133 HTTP/1.1" 200 93
186.103.159.182 - - [18/Apr/2017:11:29:10 -0300] "GET /cormun/servlet/hpexe_return? HTTP/1.1" 200 1002
186.103.159.182 - - [18/Apr/2017:11:29:10 -0300] "GET /cormun/servlet/trinasistencia? HTTP/1.1" 200 7685
186.103.159.182 - - [18/Apr/2017:11:29:12 -0300] "GET /cormun/servlet/trinasistencia? HTTP/1.1" 200 7681
186.103.159.182 - - [18/Apr/2017:11:29:16 -0300] "GET /cormun/servlet/inasistencia?DLT,69, HTTP/1.1" 200 6711
186.103.159.182 - - [18/Apr/2017:11:29:17 -0300] "GET /cormun/static/Shared/jqueryui/images/ui-bg_highlight-soft_100_c6c2c8_1x100.png HTTP/1.1" 404 1117
186.103.159.182 - - [18/Apr/2017:11:29:17 -0300] "GET /cormun/static/Shared/jqueryui/images/ui-bg_flat_55_fafafa_40x100.png HTTP/1.1" 404 1097
186.103.159.182 - - [18/Apr/2017:11:29:17 -0300] "GET /cormun/static/Shared/jqueryui/images/ui-icons_8d78a5_256x240.png HTTP/1.1" 404 1089
186.103.159.182 - - [18/Apr/2017:11:29:17 -0300] "GET /cormun/servlet/inasistencia?DLT,69, HTTP/1.1" 200 6712
186.103.159.182 - - [18/Apr/2017:11:29:17 -0300] "GET /cormun/static/Shared/jqueryui/images/ui-icons_82798d_256x240.png HTTP/1.1" 404 1089
186.103.159.182 - - [18/Apr/2017:11:29:23 -0300] "POST /cormun/servlet/inasistencia?a0697e5d3e90b1783f8ca8acdbedbb4c,DLT,69,,gx-no-cache=1492525827069 HTTP/1.1" 200 4803
186.103.159.182 - - [18/Apr/2017:11:29:23 -0300] "GET /cormun/static/Shared/jqueryui/images/ui-bg_flat_55_994d53_40x100.png HTTP/1.1" 404 1097
186.103.159.182 - - [18/Apr/2017:11:29:23 -0300] "GET /cormun/static/Shared/jqueryui/images/ui-icons_ebccce_256x240.png HTTP/1.1" 404 1089
186.103.159.182 - - [18/Apr/2017:11:29:25 -0300] "POST /cormun/servlet/inasistencia?a0697e5d3e90b1783f8ca8acdbedbb4c,DLT,69,,gx-no-cache=1492525829636 HTTP/1.1" 200 93
186.103.159.182 - - [18/Apr/2017:11:29:25 -0300] "GET /cormun/servlet/hpexe_return? HTTP/1.1" 200 1002
186.103.159.182 - - [18/Apr/2017:11:29:26 -0300] "GET /cormun/servlet/trinasistencia HTTP/1.1" 200 7685
186.103.159.182 - - [18/Apr/2017:11:29:27 -0300] "GET /cormun/servlet/trinasistencia HTTP/1.1" 200 7681
186.79.136.0 - - [18/Apr/2017:11:30:02 -0300] "GET /cormun/servlet/solicitudot?c6a2bcab8cfbd53f224192090ecd2da4447549414f37c9f070d292724664aa5bae1242dbf80d20a84390002c58057ee7ba03853b7d2c1a6777cb643f3751658c81f5b9da5461c93887ea4934099ffa1cfa78c8c82c91052c27c7d906328ee7424c950eac9cfc75365e1741bca149c6950dbaaaf348e2eb04c14a307612d9034a584afb8e2885242417cf574554a479e07772a1ea906be0f12fd0f32a428fc269,gx-no-cache=1492525867371 HTTP/1.1" 200 29
186.79.136.0 - - [18/Apr/2017:11:30:03 -0300] "POST /cormun/servlet/solicitudot?gx-no-cache=1492525867588 HTTP/1.1" 200 1273
186.79.136.0 - - [18/Apr/2017:11:30:03 -0300] "POST /cormun/servlet/solicitudot?gx-no-cache=1492525867901 HTTP/1.1" 200 1157
192.168.10.13 - - [18/Apr/2017:11:30:05 -0300] "GET / HTTP/1.1" 200 11217
186.79.136.0 - - [18/Apr/2017:11:30:25 -0300] "GET /cormun/servlet/solicitudot?c6a2bcab8cfbd53f224192090ecd2da4ea90d8a95e561027c06620fe927359585fb0295d31ea995b7bafca22521590ae1c54c6f7a31ee415d27415e74fd22de26b3b19c8a8ea26b3acf4a993b6bc7ef31457cd4cf520bbbd8a16bd806f26ec934c180d4a7418beaebc1f2fd30e9db03dfabde4a33e98a804efb40a8af8ffb588572dc56339b5ee1bed18e3d66b23cb6821c48c7ebb514fe996e121d666f6b39889ff21d02c78ed262f1f57a0b5453b75,gx-no-cache=1492525889566 HTTP/1.1" 200 30
186.103.159.46 - - [18/Apr/2017:11:30:39 -0300] "GET /cormun/servlet/solicitudotadjuntos?INS,2017,6110,,1, HTTP/1.1" 200 5823
186.103.159.46 - - [18/Apr/2017:11:30:41 -0300] "GET /cormun/static/about:blank HTTP/1.1" 404 1011
186.103.159.46 - - [18/Apr/2017:11:30:41 -0300] "GET /cormun/servlet/solicitudotadjuntos?INS,2017,6110,,1, HTTP/1.1" 200 5817
186.103.159.46 - - [18/Apr/2017:11:30:41 -0300] "GET /cormun/servlet/solicitudotadjuntos?a2a092a7e89ecdc0304c7c975684494e426f9b6d486ecba443616ba38f1b81cd333ff6ba676a36831bdd7497c0c268f7,gx-no-cache=1492529501078 HTTP/1.1" 200 30
186.103.159.46 - - [18/Apr/2017:11:30:42 -0300] "POST /cormun/servlet/solicitudotadjuntos?3e1240f9e1b3cc8070cdd12fdb81eca0,INS,2017,6110,,1,,gx-no-cache=1492529501187 HTTP/1.1" 200 3640
192.168.10.13 - - [18/Apr/2017:11:31:05 -0300] "GET / HTTP/1.1" 200 11217
186.103.159.46 - - [18/Apr/2017:11:31:10 -0300] "POST /cormun/servlet/solicitudotadjuntos?gx-no-cache=1492529529978 HTTP/1.1" 200 26
186.103.159.46 - - [18/Apr/2017:11:31:31 -0300] "GET /cormun/servlet/solicitudotadjuntos?a2a092a7e89ecdc0304c7c975684494e64d18baa8c80595718a4bf62fa0a7405,gx-no-cache=1492529550365 HTTP/1.1" 200 30
186.103.159.46 - - [18/Apr/2017:11:31:31 -0300] "GET /cormun/servlet/solicitudotadjuntos?a2a092a7e89ecdc0304c7c975684494e64d18baa8c80595718a4bf62fa0a7405,gx-no-cache=1492529550507 HTTP/1.1" 200 30
186.103.159.46 - - [18/Apr/2017:11:31:32 -0300] "POST /cormun/servlet/solicitudotadjuntos?3e1240f9e1b3cc8070cdd12fdb81eca0,INS,2017,6110,,1, HTTP/1.1" 200 116
186.103.159.46 - - [18/Apr/2017:11:31:32 -0300] "GET /cormun/servlet/hpexe_return? HTTP/1.1" 200 1025
186.103.159.46 - - [18/Apr/2017:11:31:32 -0300] "GET /cormun/servlet/trsolicitudadjuntos?2017,6110, HTTP/1.1" 200 8057
186.103.159.46 - - [18/Apr/2017:11:31:34 -0300] "GET /cormun/servlet/trsolicitudadjuntos?2017,6110, HTTP/1.1" 200 8054
186.103.159.46 - - [18/Apr/2017:11:31:36 -0300] "GET /cormun/servlet/solicitudotadjuntos?INS,2017,6110,,1, HTTP/1.1" 200 5823
186.103.159.46 - - [18/Apr/2017:11:31:36 -0300] "GET /cormun/static/about:blank HTTP/1.1" 404 1011
186.103.159.46 - - [18/Apr/2017:11:31:37 -0300] "GET /cormun/servlet/solicitudotadjuntos?INS,2017,6110,,1, HTTP/1.1" 200 5817
186.103.159.46 - - [18/Apr/2017:11:31:38 -0300] "GET /cormun/servlet/solicitudotadjuntos?a2a092a7e89ecdc0304c7c975684494e426f9b6d486ecba443616ba38f1b81cd333ff6ba676a36831bdd7497c0c268f7,gx-no-cache=1492529557344 HTTP/1.1" 200 30
186.103.159.46 - - [18/Apr/2017:11:31:38 -0300] "POST /cormun/servlet/solicitudotadjuntos?3e1240f9e1b3cc8070cdd12fdb81eca0,INS,2017,6110,,1,,gx-no-cache=1492529557469 HTTP/1.1" 200 3640
186.103.159.46 - - [18/Apr/2017:11:31:54 -0300] "POST /cormun/servlet/solicitudotadjuntos?3e1240f9e1b3cc8070cdd12fdb81eca0,INS,2017,6110,,1,,gx-no-cache=1492529573656 HTTP/1.1" 200 90
186.103.159.46 - - [18/Apr/2017:11:31:54 -0300] "GET /cormun/servlet/hpexe_link HTTP/1.1" 200 981
186.103.159.46 - - [18/Apr/2017:11:31:54 -0300] "GET /cormun/servlet/trsolicitudadjuntos?2017,6110, HTTP/1.1" 200 8055
186.103.159.46 - - [18/Apr/2017:11:31:56 -0300] "GET /cormun/servlet/trsolicitudadjuntos?2017,6110, HTTP/1.1" 200 8054
186.103.159.46 - - [18/Apr/2017:11:31:59 -0300] "GET /cormun/servlet/solicitudotadjuntos?INS,2017,6110,,1, HTTP/1.1" 200 5823
186.103.159.46 - - [18/Apr/2017:11:31:59 -0300] "GET /cormun/static/about:blank HTTP/1.1" 404 1011
186.103.159.46 - - [18/Apr/2017:11:32:00 -0300] "GET /cormun/servlet/solicitudotadjuntos?INS,2017,6110,,1, HTTP/1.1" 200 5817
186.103.159.46 - - [18/Apr/2017:11:32:00 -0300] "GET /cormun/servlet/solicitudotadjuntos?a2a092a7e89ecdc0304c7c975684494e426f9b6d486ecba443616ba38f1b81cd333ff6ba676a36831bdd7497c0c268f7,gx-no-cache=1492529580206 HTTP/1.1" 200 30
186.103.159.46 - - [18/Apr/2017:11:32:01 -0300] "POST /cormun/servlet/solicitudotadjuntos?3e1240f9e1b3cc8070cdd12fdb81eca0,INS,2017,6110,,1,,gx-no-cache=1492529580386 HTTP/1.1" 200 3640
192.168.10.13 - - [18/Apr/2017:11:32:05 -0300] "GET / HTTP/1.1" 200 11217
186.103.159.46 - - [18/Apr/2017:11:32:07 -0300] "POST /cormun/servlet/solicitudotadjuntos?gx-no-cache=1492529586767 HTTP/1.1" 200 26
