186.103.157.235 - - [18/Apr/2017:12:00:31 -0300] "GET /cormun/servlet/solicitudot?2db730edae8cbde7e09f1288f89ce7f60e33210c6a149c9f7e054809257913d03863fd297a6caaf40f8457e6f255242f8330252d37a06b155beecccf28bfff39bb351cce4bd6066faf4169ee388621f481afb0da4f62a76cfdba9eacd2319b8427f77095da837c515169a62d5eda21e878c951351a4ab4535a65d3296b95bff8e1727b722b8a6adf178b79b83f28297a511a9e4ed7e14ee4e6cb1542382984cbf30a1dff13280981cf1a8e6dd9cd7b5c25ef62d3cd3b670d70397cb2e31b4a121c166cd962d19c83255a4cf39ded5ad0c5c1519b43991119cdc1afe72aeca335e2f0fb46e63003a05d7b1e8ca41b21830f749299fbefdcf18394e7bc171079378d2a7a9f8a5fe5f13382e398804efaea249fb988c339871f4afcfcd155774abb8f5ac2a81627727a4b8eac5b597d9c08303002848a22b0fd00f3ceb0f6615f8f403be40770fb2499018f20e49020db3ed70533eeb2d2447f0e288df2ddd601764fb4c4f39154f9963906bc1edfba7b2ae96d3efcbd68d860b96eb1b179f6e8d43aba277791cd77f10aa6029025628cfd,gx-no-cache=1492527697344 HTTP/1.1" 200 30
186.103.157.235 - - [18/Apr/2017:12:00:33 -0300] "POST /cormun/servlet/solicitudot?gx-no-cache=1492527699187 HTTP/1.1" 200 30
186.103.157.235 - - [18/Apr/2017:12:00:35 -0300] "POST /cormun/servlet/solicitudot?gx-no-cache=1492527701863 HTTP/1.1" 200 235
186.103.157.235 - - [18/Apr/2017:12:00:35 -0300] "POST /cormun/servlet/solicitudot?gx-no-cache=1492527701956 HTTP/1.1" 200 38
200.111.191.210 - - [18/Apr/2017:12:00:46 -0300] "GET /cormun/servlet/trpermisosgoce? HTTP/1.1" 200 7636
186.103.157.235 - - [18/Apr/2017:12:00:46 -0300] "GET /cormun/servlet/solicitudot?2db730edae8cbde7e09f1288f89ce7f6e5676ea793938eeb1bacacfec72f8b52ae57112ca073f5d327ef8ba8253db2f62ad31f38eb8af65a11f89a884baa5f1a5fcb1a3e74387121581831c69e49b24f565edfa5b9645c02191585c019ced723cee98a60c2bce5932b0e42b74731d6e8,gx-no-cache=1492527712967 HTTP/1.1" 200 29
186.103.157.235 - - [18/Apr/2017:12:00:46 -0300] "POST /cormun/servlet/solicitudot?gx-no-cache=1492527713037 HTTP/1.1" 200 668
200.111.191.210 - - [18/Apr/2017:12:00:47 -0300] "GET /cormun/servlet/trpermisosgoce? HTTP/1.1" 200 7635
186.103.157.235 - - [18/Apr/2017:12:00:48 -0300] "POST /cormun/servlet/solicitudot?gx-no-cache=1492527714437 HTTP/1.1" 200 1157
186.103.159.46 - - [18/Apr/2017:12:00:50 -0300] "POST /cormun/servlet/solicitudot?gx-no-cache=1492531309892 HTTP/1.1" 200 30
186.103.159.46 - - [18/Apr/2017:12:00:50 -0300] "POST /cormun/servlet/solicitudot?gx-no-cache=1492531310137 HTTP/1.1" 200 1290
186.103.159.46 - - [18/Apr/2017:12:00:50 -0300] "POST /cormun/servlet/solicitudot?gx-no-cache=1492531310320 HTTP/1.1" 200 41
186.103.159.46 - - [18/Apr/2017:12:00:51 -0300] "POST /cormun/servlet/solicitudot?gx-no-cache=1492531310422 HTTP/1.1" 200 1273
186.103.156.166 - - [18/Apr/2017:12:00:51 -0300] "GET /cormun/servlet/trpermisosadjuntos?9751801,20170418123408,P, HTTP/1.1" 200 6034
186.103.156.166 - - [18/Apr/2017:12:00:52 -0300] "GET /cormun/servlet/trpermisosadjuntos?9751801,20170418123408,P, HTTP/1.1" 200 6034
186.103.159.46 - - [18/Apr/2017:12:00:58 -0300] "POST /cormun/servlet/solicitudot?gx-no-cache=1492531317069 HTTP/1.1" 200 1157
186.103.157.235 - - [18/Apr/2017:12:01:03 -0300] "GET /cormun/static/menuarrow.gif HTTP/1.1" 404 1015
192.168.10.13 - - [18/Apr/2017:12:01:05 -0300] "GET / HTTP/1.1" 200 11217
200.111.191.210 - - [18/Apr/2017:12:01:12 -0300] "POST /cormun/servlet/trpermisosgoce?ea801a16336c89dd3802c282064365a5,,gx-no-cache=1492531234991 HTTP/1.1" 200 4002
200.111.191.210 - - [18/Apr/2017:12:01:12 -0300] "GET /cormun/static/Shared/jqueryui/images/ui-bg_highlight-soft_100_c6c2c8_1x100.png HTTP/1.1" 404 1117
200.111.191.210 - - [18/Apr/2017:12:01:12 -0300] "GET /cormun/static/Shared/jqueryui/images/ui-icons_82798d_256x240.png HTTP/1.1" 404 1089
200.111.191.210 - - [18/Apr/2017:12:01:12 -0300] "GET /cormun/static/Shared/jqueryui/images/ui-bg_flat_55_fafafa_40x100.png HTTP/1.1" 404 1097
200.111.191.210 - - [18/Apr/2017:12:01:12 -0300] "GET /cormun/static/Shared/jqueryui/images/ui-icons_8d78a5_256x240.png HTTP/1.1" 404 1089
200.111.191.210 - - [18/Apr/2017:12:01:18 -0300] "GET /cormun/servlet/trpermisosgoce? HTTP/1.1" 200 6533
200.111.191.210 - - [18/Apr/2017:12:01:18 -0300] "GET /cormun/servlet/trpermisosgoce? HTTP/1.1" 200 6533
186.103.157.235 - - [18/Apr/2017:12:01:19 -0300] "GET /cormun/servlet/solicitudot?2db730edae8cbde7e09f1288f89ce7f699a5c5cee54b39f1cf71df0e53e4004b94f98ea4ddf4420557d13ea6787d920c0743710cc4b4ebd292245ed9890e9bd6514169f11d95170a9238d2cbc5fd479b2a347ecf0f06ed2ccc4faf1b0ce584b0e1e9a74c19434f94818f90eb1e1314fb44272b4f32e8f4a1d1b5ad16618248f1c4af5762a3b5de09f8fec5fc682aeb4d2878ef69f79104783ea135aa468533bfe99cabd2a04060fa0bf84b7cf002422e,gx-no-cache=1492527745205 HTTP/1.1" 200 30
186.103.157.235 - - [18/Apr/2017:12:01:19 -0300] "POST /cormun/servlet/solicitudot?a6d626c683518ee0290c83a9a70ae880,INS,0,0,,gx-no-cache=1492527745289 HTTP/1.1" 200 93
186.103.157.235 - - [18/Apr/2017:12:01:19 -0300] "GET /cormun/servlet/hpexe_return? HTTP/1.1" 200 1007
186.103.157.235 - - [18/Apr/2017:12:01:19 -0300] "GET /cormun/servlet/trsolicitudot HTTP/1.1" 200 8671
186.103.157.235 - - [18/Apr/2017:12:01:20 -0300] "GET /cormun/servlet/trsolicitudot HTTP/1.1" 200 8667
200.111.191.210 - - [18/Apr/2017:12:01:26 -0300] "GET /cormun/servlet/trsolicitudot? HTTP/1.1" 200 8064
200.111.191.210 - - [18/Apr/2017:12:01:26 -0300] "GET /cormun/static/gxcfg.js?201731711505139 HTTP/1.1" 200 953
200.111.191.210 - - [18/Apr/2017:12:01:26 -0300] "GET /cormun/static/trsolicitudot.js?20173171151116 HTTP/1.1" 200 53117
200.111.191.210 - - [18/Apr/2017:12:01:26 -0300] "GET /cormun//static/Resources/PXToolsActionView.png HTTP/1.1" 200 2995
200.111.191.210 - - [18/Apr/2017:12:01:26 -0300] "GET /cormun//static/Resources/PXToolsRemoveAllAction.png HTTP/1.1" 200 3558
200.111.191.210 - - [18/Apr/2017:12:01:26 -0300] "GET /cormun/servlet/trsolicitudot? HTTP/1.1" 200 8063
186.103.159.46 - - [18/Apr/2017:12:01:28 -0300] "GET /cormun/servlet/prsolicitudot?15938440,,,,,MD,,gxPopupLevel%3D0%3B HTTP/1.1" 200 5920
186.103.157.235 - - [18/Apr/2017:12:01:32 -0300] "POST /cormun/servlet/trsolicitudot?a6d626c683518ee0290c83a9a70ae880,gx-no-cache=1492527758157 HTTP/1.1" 200 5470
186.103.157.235 - - [18/Apr/2017:12:01:32 -0300] "GET /cormun/static/Shared/jqueryui/images/ui-bg_highlight-soft_100_c6c2c8_1x100.png HTTP/1.1" 404 1117
186.103.157.235 - - [18/Apr/2017:12:01:32 -0300] "GET /cormun/static/Shared/jqueryui/images/ui-icons_82798d_256x240.png HTTP/1.1" 404 1089
186.103.157.235 - - [18/Apr/2017:12:01:32 -0300] "GET /cormun/static/Shared/jqueryui/images/ui-bg_flat_55_fafafa_40x100.png HTTP/1.1" 404 1097
186.103.157.235 - - [18/Apr/2017:12:01:32 -0300] "GET /cormun/static/Shared/jqueryui/images/ui-icons_8d78a5_256x240.png HTTP/1.1" 404 1089
186.103.157.235 - - [18/Apr/2017:12:01:32 -0300] "POST /cormun/servlet/trsolicitudot?a6d626c683518ee0290c83a9a70ae880,gx-no-cache=1492527758438 HTTP/1.1" 200 5414
186.103.157.235 - - [18/Apr/2017:12:01:35 -0300] "POST /cormun/servlet/trsolicitudot?a6d626c683518ee0290c83a9a70ae880,gx-no-cache=1492527761612 HTTP/1.1" 200 4347
186.103.157.235 - - [18/Apr/2017:12:01:35 -0300] "POST /cormun/servlet/trsolicitudot?a6d626c683518ee0290c83a9a70ae880,gx-no-cache=1492527761801 HTTP/1.1" 200 4123
186.103.156.166 - - [18/Apr/2017:12:01:36 -0300] "GET /cormun/servlet/permisosadjuntos?INS,9751801,P,20170418123408,, HTTP/1.1" 200 5365
186.103.156.166 - - [18/Apr/2017:12:01:36 -0300] "GET /cormun/static/about:blank HTTP/1.1" 404 1011
186.103.156.166 - - [18/Apr/2017:12:01:37 -0300] "GET /cormun/servlet/permisosadjuntos?INS,9751801,P,20170418123408,, HTTP/1.1" 200 5356
186.103.159.46 - - [18/Apr/2017:12:01:41 -0300] "POST /cormun/servlet/solicitudot?gx-no-cache=1492531360943 HTTP/1.1" 200 1290
186.103.159.46 - - [18/Apr/2017:12:01:41 -0300] "POST /cormun/servlet/solicitudot?gx-no-cache=1492531361130 HTTP/1.1" 200 41
186.103.159.46 - - [18/Apr/2017:12:01:41 -0300] "POST /cormun/servlet/solicitudot?gx-no-cache=1492531361202 HTTP/1.1" 200 1273
186.103.159.46 - - [18/Apr/2017:12:01:42 -0300] "POST /cormun/servlet/solicitudot?gx-no-cache=1492531361320 HTTP/1.1" 200 1157
186.103.157.235 - - [18/Apr/2017:12:01:43 -0300] "GET /cormun/servlet/trautorizarsolicitud? HTTP/1.1" 200 8617
186.103.157.235 - - [18/Apr/2017:12:01:43 -0300] "GET /cormun/static/gxcfg.js?2017259112829 HTTP/1.1" 200 953
186.103.157.235 - - [18/Apr/2017:12:01:44 -0300] "GET /cormun/static/trautorizarsolicitud.js?2017259113483 HTTP/1.1" 200 53096
186.103.157.235 - - [18/Apr/2017:12:01:44 -0300] "GET /cormun/servlet/trautorizarsolicitud? HTTP/1.1" 200 8616
186.103.159.46 - - [18/Apr/2017:12:01:44 -0300] "POST /cormun/servlet/solicitudot?gx-no-cache=1492531363426 HTTP/1.1" 200 1290
186.103.159.46 - - [18/Apr/2017:12:01:44 -0300] "POST /cormun/servlet/solicitudot?gx-no-cache=1492531364050 HTTP/1.1" 200 41
186.103.159.46 - - [18/Apr/2017:12:01:44 -0300] "POST /cormun/servlet/solicitudot?gx-no-cache=1492531364138 HTTP/1.1" 200 1273
186.103.159.46 - - [18/Apr/2017:12:01:44 -0300] "POST /cormun/servlet/solicitudot?gx-no-cache=1492531364279 HTTP/1.1" 200 1157
186.103.157.235 - - [18/Apr/2017:12:01:49 -0300] "POST /cormun/servlet/trautorizarsolicitud?a6d626c683518ee0290c83a9a70ae880,,gx-no-cache=1492527775220 HTTP/1.1" 200 5440
186.103.157.235 - - [18/Apr/2017:12:01:49 -0300] "GET /cormun/static/Shared/jqueryui/images/ui-bg_highlight-soft_100_c6c2c8_1x100.png HTTP/1.1" 404 1117
186.103.157.235 - - [18/Apr/2017:12:01:49 -0300] "GET /cormun/static/Shared/jqueryui/images/ui-icons_82798d_256x240.png HTTP/1.1" 404 1089
186.103.157.235 - - [18/Apr/2017:12:01:49 -0300] "GET /cormun/static/Shared/jqueryui/images/ui-bg_flat_55_fafafa_40x100.png HTTP/1.1" 404 1097
186.103.157.235 - - [18/Apr/2017:12:01:49 -0300] "GET /cormun/static/Shared/jqueryui/images/ui-icons_8d78a5_256x240.png HTTP/1.1" 404 1089
186.103.157.235 - - [18/Apr/2017:12:01:49 -0300] "POST /cormun/servlet/trautorizarsolicitud?a6d626c683518ee0290c83a9a70ae880,,gx-no-cache=1492527775427 HTTP/1.1" 200 5385
186.103.157.235 - - [18/Apr/2017:12:01:52 -0300] "POST /cormun/servlet/trautorizarsolicitud?a6d626c683518ee0290c83a9a70ae880,,gx-no-cache=1492527778184 HTTP/1.1" 200 4322
186.103.157.235 - - [18/Apr/2017:12:01:52 -0300] "POST /cormun/servlet/trautorizarsolicitud?a6d626c683518ee0290c83a9a70ae880,,gx-no-cache=1492527778438 HTTP/1.1" 200 4103
186.103.159.46 - - [18/Apr/2017:12:01:59 -0300] "GET /cormun/servlet/prcontratosol?15938440,,,,,MD,,gxPopupLevel%3D0%3B HTTP/1.1" 200 5938
186.103.159.46 - - [18/Apr/2017:12:02:05 -0300] "POST /cormun/servlet/solicitudot?gx-no-cache=1492531384446 HTTP/1.1" 200 1273
186.103.159.46 - - [18/Apr/2017:12:02:05 -0300] "POST /cormun/servlet/solicitudot?gx-no-cache=1492531384661 HTTP/1.1" 200 1157
192.168.10.13 - - [18/Apr/2017:12:02:05 -0300] "GET / HTTP/1.1" 200 11217
186.103.159.46 - - [18/Apr/2017:12:02:20 -0300] "GET /cormun/servlet/prpersonalsolicitud?15938440,,,,,MD,,gxPopupLevel%3D0%3B HTTP/1.1" 200 5625
186.103.159.46 - - [18/Apr/2017:12:02:24 -0300] "POST /cormun/servlet/solicitudot?gx-no-cache=1492531404217 HTTP/1.1" 200 1290
186.103.159.46 - - [18/Apr/2017:12:02:25 -0300] "POST /cormun/servlet/solicitudot?gx-no-cache=1492531404390 HTTP/1.1" 200 41
186.103.159.46 - - [18/Apr/2017:12:02:25 -0300] "POST /cormun/servlet/solicitudot?gx-no-cache=1492531404481 HTTP/1.1" 200 1273
186.103.159.46 - - [18/Apr/2017:12:02:25 -0300] "POST /cormun/servlet/solicitudot?gx-no-cache=1492531404617 HTTP/1.1" 200 1157
192.168.10.13 - - [18/Apr/2017:12:03:05 -0300] "GET / HTTP/1.1" 200 11217
186.103.159.46 - - [18/Apr/2017:12:03:09 -0300] "GET /cormun/servlet/solicitudot?a2a092a7e89ecdc0304c7c975684494eeee7bc3500e68f565eef72acb3dd6ba2c99a5e4638ceaa7a66373ff68df04d9fc7bb7303e50d887d183c3413d3dbe6d3597fc4bbbf3877b4beebd0f0bce9be9a169837e27b76dc51fd4c04ee7a5637badd96f3e72306b4a5a40f706f2b64789e4f32cb1aa78373f5048692a78b8fef576398f8f1dabeea7042d856f7813ac57916e99afe54a957e0916a2058636178ce3c15b8f4c6c55ffe222635de99e221cd,gx-no-cache=1492531448584 HTTP/1.1" 200 30
186.103.159.46 - - [18/Apr/2017:12:03:10 -0300] "POST /cormun/servlet/solicitudot?3e1240f9e1b3cc8070cdd12fdb81eca0,INS,0,0,,gx-no-cache=1492531448814 HTTP/1.1" 200 93
186.103.159.46 - - [18/Apr/2017:12:03:10 -0300] "GET /cormun/servlet/hpexe_return? HTTP/1.1" 200 1007
186.103.159.46 - - [18/Apr/2017:12:03:11 -0300] "GET /cormun/servlet/trsolicitudot HTTP/1.1" 200 8809
186.103.159.46 - - [18/Apr/2017:12:03:12 -0300] "GET /cormun/servlet/trsolicitudot HTTP/1.1" 200 8805
192.168.10.13 - - [18/Apr/2017:12:04:05 -0300] "GET / HTTP/1.1" 200 11217
186.103.159.46 - - [18/Apr/2017:12:04:50 -0300] "POST /cormun/servlet/trsolicitudot?3e1240f9e1b3cc8070cdd12fdb81eca0,gx-no-cache=1492531549852 HTTP/1.1" 200 5680
186.103.159.46 - - [18/Apr/2017:12:04:51 -0300] "GET /cormun/static/Shared/jqueryui/images/ui-bg_highlight-soft_100_c6c2c8_1x100.png HTTP/1.1" 404 1117
186.103.159.46 - - [18/Apr/2017:12:04:51 -0300] "GET /cormun/static/Shared/jqueryui/images/ui-bg_flat_55_fafafa_40x100.png HTTP/1.1" 404 1097
186.103.159.46 - - [18/Apr/2017:12:04:51 -0300] "GET /cormun/static/Shared/jqueryui/images/ui-icons_8d78a5_256x240.png HTTP/1.1" 404 1089
186.103.159.46 - - [18/Apr/2017:12:04:51 -0300] "GET /cormun/static/Shared/jqueryui/images/ui-icons_82798d_256x240.png HTTP/1.1" 404 1089
186.103.159.46 - - [18/Apr/2017:12:04:51 -0300] "POST /cormun/servlet/trsolicitudot?3e1240f9e1b3cc8070cdd12fdb81eca0,gx-no-cache=1492531550684 HTTP/1.1" 200 5621
186.103.159.46 - - [18/Apr/2017:12:04:59 -0300] "POST /cormun/servlet/trsolicitudot?3e1240f9e1b3cc8070cdd12fdb81eca0,gx-no-cache=1492531558683 HTTP/1.1" 200 5263
186.103.159.46 - - [18/Apr/2017:12:05:00 -0300] "POST /cormun/servlet/trsolicitudot?3e1240f9e1b3cc8070cdd12fdb81eca0,gx-no-cache=1492531559188 HTTP/1.1" 200 5204
192.168.10.13 - - [18/Apr/2017:12:05:05 -0300] "GET / HTTP/1.1" 200 11217
186.103.159.46 - - [18/Apr/2017:12:05:09 -0300] "GET /cormun/servlet/trlicencias? HTTP/1.1" 200 6628
186.103.159.46 - - [18/Apr/2017:12:05:10 -0300] "GET /cormun/servlet/trlicencias? HTTP/1.1" 200 6627
186.103.159.46 - - [18/Apr/2017:12:05:13 -0300] "GET /cormun/servlet/licenciaspermisos?INS,0,,, HTTP/1.1" 200 7172
186.103.159.46 - - [18/Apr/2017:12:05:14 -0300] "GET /cormun/servlet/licenciaspermisos?INS,0,,, HTTP/1.1" 200 7172
186.103.159.46 - - [18/Apr/2017:12:05:37 -0300] "GET /cormun/servlet/prfichaempleado?,MD,,gxPopupLevel%3D0%3B HTTP/1.1" 200 8799
186.79.136.0 - - [18/Apr/2017:12:05:41 -0300] "GET /cormun/servlet/solicitudot?c6a2bcab8cfbd53f224192090ecd2da4b7aafe79fb3b9db5efbf2f7b1409453a811c8dfc7c175cfcc623c03bf44121e81c54c6f7a31ee415d27415e74fd22de26b3b19c8a8ea26b3acf4a993b6bc7ef31457cd4cf520bbbd8a16bd806f26ec934c180d4a7418beaebc1f2fd30e9db03dfabde4a33e98a804efb40a8af8ffb588572dc56339b5ee1bed18e3d66b23cb6821c48c7ebb514fe996e121d666f6b39889ff21d02c78ed262f1f57a0b5453b75,gx-no-cache=1492528005697 HTTP/1.1" 200 30
186.103.159.46 - - [18/Apr/2017:12:05:57 -0300] "POST /cormun/servlet/prfichaempleado?3e1240f9e1b3cc8070cdd12fdb81eca0,,MD,,gxPopupLevel%3D0%3B,gx-no-cache=1492531616133 HTTP/1.1" 200 3397
192.168.10.13 - - [18/Apr/2017:12:06:05 -0300] "GET / HTTP/1.1" 200 11217
186.79.234.116 - - [18/Apr/2017:12:06:10 -0300] "GET /cormun/servlet/hlogin HTTP/1.1" 200 1716
186.79.234.116 - - [18/Apr/2017:12:06:10 -0300] "GET /cormun/static/gxcfg.js?201741110203197 HTTP/1.1" 200 953
186.79.234.116 - - [18/Apr/2017:12:06:10 -0300] "GET /cormun/static/messages.spa.js?85251 HTTP/1.1" 304 -
186.79.234.116 - - [18/Apr/2017:12:06:10 -0300] "GET /cormun/static/hlogin.js?201741110203211 HTTP/1.1" 304 -
186.79.234.116 - - [18/Apr/2017:12:06:11 -0300] "GET /cormun/servlet/hlogin HTTP/1.1" 200 1728
186.103.157.98 - - [18/Apr/2017:12:06:11 -0300] "GET /cormun/servlet/hpexe_return? HTTP/1.1" 200 987
186.79.234.116 - - [18/Apr/2017:12:06:11 -0300] "GET /favicon.ico HTTP/1.1" 200 21630
186.103.157.98 - - [18/Apr/2017:12:06:11 -0300] "GET /cormun/servlet/hhome HTTP/1.1" 200 3342
186.103.157.98 - - [18/Apr/2017:12:06:12 -0300] "GET /cormun/servlet/hlogin HTTP/1.1" 200 1736
186.103.157.98 - - [18/Apr/2017:12:06:12 -0300] "GET /cormun/servlet/hhome HTTP/1.1" 200 3337
186.103.157.98 - - [18/Apr/2017:12:06:13 -0300] "POST /cormun/servlet/hlogin?642ea05e42acbb49635da65a74f07078,gx-no-cache=1492528038853 HTTP/1.1" 200 90
186.103.157.98 - - [18/Apr/2017:12:06:13 -0300] "GET /cormun/servlet/hpexe_link HTTP/1.1" 200 956
186.103.157.98 - - [18/Apr/2017:12:06:13 -0300] "GET /cormun/servlet/hhome HTTP/1.1" 200 4027
186.103.157.98 - - [18/Apr/2017:12:06:14 -0300] "GET /cormun/servlet/hhome HTTP/1.1" 200 4023
186.103.157.98 - - [18/Apr/2017:12:06:16 -0300] "GET /cormun/servlet/trlicencias? HTTP/1.1" 200 6892
186.103.157.98 - - [18/Apr/2017:12:06:17 -0300] "GET /cormun/static/trlicencias.js?20174111145440 HTTP/1.1" 304 -
186.103.157.98 - - [18/Apr/2017:12:06:17 -0300] "GET /cormun/static/gxcfg.js?201741111445981 HTTP/1.1" 304 -
186.103.157.98 - - [18/Apr/2017:12:06:17 -0300] "GET /cormun/servlet/trlicencias? HTTP/1.1" 200 6890
186.103.159.46 - - [18/Apr/2017:12:06:20 -0300] "GET /cormun/servlet/licenciaspermisos?c1c2d7495f12f3b497a09924619f7c4e5728491503b06c6811b7b1dea597edbd81132bc190ded1b8db72a47aefa7d024,gx-no-cache=1492531639563 HTTP/1.1" 200 62
186.103.159.46 - - [18/Apr/2017:12:06:20 -0300] "POST /cormun/servlet/licenciaspermisos?3e1240f9e1b3cc8070cdd12fdb81eca0,INS,0,,,,gx-no-cache=1492531639747 HTTP/1.1" 200 4414
186.79.234.116 - - [18/Apr/2017:12:06:21 -0300] "POST /cormun/servlet/hlogin?9eeee90cf108d998d2356544babbc406,gx-no-cache=1492528045880 HTTP/1.1" 200 90
186.103.157.98 - - [18/Apr/2017:12:06:21 -0300] "GET /cormun/servlet/licenciaspermisos?INS,0,,, HTTP/1.1" 200 7429
186.103.157.98 - - [18/Apr/2017:12:06:21 -0300] "GET /cormun/static/gxcfg.js?201741111445322 HTTP/1.1" 304 -
186.103.157.98 - - [18/Apr/2017:12:06:21 -0300] "GET /cormun/static/licenciaspermisos.js?201741111445392 HTTP/1.1" 304 -
186.79.234.116 - - [18/Apr/2017:12:06:22 -0300] "GET /cormun/servlet/hpexe_link HTTP/1.1" 200 949
186.103.157.98 - - [18/Apr/2017:12:06:22 -0300] "GET /cormun/servlet/licenciaspermisos?INS,0,,, HTTP/1.1" 200 7427
186.79.234.116 - - [18/Apr/2017:12:06:22 -0300] "GET /cormun/static/gxcfg.js?201731711483381 HTTP/1.1" 304 -
186.79.234.116 - - [18/Apr/2017:12:06:22 -0300] "GET /cormun/servlet/hhome HTTP/1.1" 200 4001
186.79.234.116 - - [18/Apr/2017:12:06:22 -0300] "GET /cormun/static/gxcfg.js?201731711483497 HTTP/1.1" 200 953
186.79.234.116 - - [18/Apr/2017:12:06:24 -0300] "GET /cormun/static/hhome.js?20173171148352 HTTP/1.1" 200 777
186.79.234.116 - - [18/Apr/2017:12:06:24 -0300] "GET /cormun/servlet/hhome HTTP/1.1" 200 3998
186.79.234.116 - - [18/Apr/2017:12:06:28 -0300] "GET /cormun/servlet/trlicencias? HTTP/1.1" 200 6860
186.79.234.116 - - [18/Apr/2017:12:06:29 -0300] "GET /cormun/static/gxcfg.js?201741111445981 HTTP/1.1" 200 953
186.79.234.116 - - [18/Apr/2017:12:06:29 -0300] "GET /cormun/static/gxdec.js?85251 HTTP/1.1" 304 -
186.79.234.116 - - [18/Apr/2017:12:06:29 -0300] "GET /cormun/static/trlicencias.js?20174111145440 HTTP/1.1" 200 37913
186.79.136.0 - - [18/Apr/2017:12:06:29 -0300] "POST /cormun/servlet/solicitudot?cfc2e7cc71f4e1e67373df69446642dd,INS,0,0,,gx-no-cache=1492528053777 HTTP/1.1" 200 93
186.79.136.0 - - [18/Apr/2017:12:06:29 -0300] "GET /cormun/servlet/hpexe_return? HTTP/1.1" 200 1003
186.79.136.0 - - [18/Apr/2017:12:06:30 -0300] "GET /cormun/servlet/trsolicitudot HTTP/1.1" 200 9072
186.79.234.116 - - [18/Apr/2017:12:06:30 -0300] "GET /cormun/servlet/trlicencias? HTTP/1.1" 200 6858
186.79.136.0 - - [18/Apr/2017:12:06:31 -0300] "GET /cormun/servlet/trsolicitudot HTTP/1.1" 200 9068
186.79.234.116 - - [18/Apr/2017:12:06:32 -0300] "GET /cormun/servlet/licenciaspermisos?INS,0,,, HTTP/1.1" 200 7399
186.79.234.116 - - [18/Apr/2017:12:06:33 -0300] "GET /cormun/static/gxcfg.js?201741111445322 HTTP/1.1" 200 953
186.79.234.116 - - [18/Apr/2017:12:06:33 -0300] "GET /cormun/static/licenciaspermisos.js?201741111445392 HTTP/1.1" 200 34444
186.79.234.116 - - [18/Apr/2017:12:06:34 -0300] "GET /cormun/servlet/licenciaspermisos?INS,0,,, HTTP/1.1" 200 7398
186.79.234.116 - - [18/Apr/2017:12:06:45 -0300] "GET /cormun/servlet/licenciaspermisos?96604ec30a0f16108f868020fd47afb4c375dd785817e3adc94a72386a0dcbec183860c5c6aa287864d15c887a9d706c,gx-no-cache=1492528070512 HTTP/1.1" 200 63
186.79.234.116 - - [18/Apr/2017:12:06:46 -0300] "POST /cormun/servlet/licenciaspermisos?9eeee90cf108d998d2356544babbc406,INS,0,,,,gx-no-cache=1492528070757 HTTP/1.1" 200 4623
186.103.159.46 - - [18/Apr/2017:12:06:47 -0300] "GET /cormun/static/menuarrow.gif HTTP/1.1" 404 1015
192.168.10.13 - - [18/Apr/2017:12:07:05 -0300] "GET / HTTP/1.1" 200 11217
186.79.234.116 - - [18/Apr/2017:12:07:15 -0300] "GET /cormun/static/menuarrow.gif HTTP/1.1" 404 1015
192.168.10.13 - - [18/Apr/2017:12:08:05 -0300] "GET / HTTP/1.1" 200 11217
186.103.157.98 - - [18/Apr/2017:12:08:23 -0300] "GET /cormun/servlet/prfichaempleado?,MD,,gxPopupLevel%3D0%3B HTTP/1.1" 200 8874
186.103.157.98 - - [18/Apr/2017:12:08:24 -0300] "GET /cormun/static/gxcfg.js?2017319125415 HTTP/1.1" 304 -
186.79.136.0 - - [18/Apr/2017:12:08:46 -0300] "GET /cormun/servlet/solicitudot?INS,0,0, HTTP/1.1" 200 12562
186.79.136.0 - - [18/Apr/2017:12:08:46 -0300] "GET /cormun/servlet/solicitudot?INS,0,0, HTTP/1.1" 200 12567
186.103.157.98 - - [18/Apr/2017:12:09:03 -0300] "POST /cormun/servlet/prfichaempleado?642ea05e42acbb49635da65a74f07078,,MD,,gxPopupLevel%3D0%3B,gx-no-cache=1492528208262 HTTP/1.1" 200 3410
192.168.10.13 - - [18/Apr/2017:12:09:05 -0300] "GET / HTTP/1.1" 200 11217
186.79.136.0 - - [18/Apr/2017:12:09:05 -0300] "POST /cormun/servlet/solicitudot?gx-no-cache=1492528210089 HTTP/1.1" 200 3212
186.79.136.0 - - [18/Apr/2017:12:09:07 -0300] "POST /cormun/servlet/solicitudot?cfc2e7cc71f4e1e67373df69446642dd,INS,0,0,,gx-no-cache=1492528210828 HTTP/1.1" 200 9768
186.79.136.0 - - [18/Apr/2017:12:09:11 -0300] "GET /cormun/servlet/solicitudot?c6a2bcab8cfbd53f224192090ecd2da45d4e4fe18e36580010f43f4d9125e58e2ed4e769372faf3ee552b8ab9a618afb,gx-no-cache=1492528216605 HTTP/1.1" 200 30
186.79.136.0 - - [18/Apr/2017:12:09:12 -0300] "POST /cormun/servlet/solicitudot?gx-no-cache=1492528216750 HTTP/1.1" 200 240
186.79.136.0 - - [18/Apr/2017:12:09:12 -0300] "GET /cormun/servlet/solicitudot?c6a2bcab8cfbd53f224192090ecd2da4b20ef09b158df6c11dc251669666f6fc2c0caf0faf353a32debc943a3c829b86bb1b9e09aac3708aa6b32400b8cef6783fbaf8070bf043aea4ea24603254a8182db0786b51bb98e3b7b2fa82d09350dd25345fb07a783931b83e2ed4b4b403dd62add37583f564fb247a7666751537d4e674ff8c9f117134e0d81ebf21bc471a61eaaccdb74959468db40cb67ea1e71eb06a1e0ecabb96b94bac9e24b829537638be826c877bfdd05d8540079d43398ad1d8fa93bb1ef24b763aff242e919f237b103efd0532b84954ffdcf0a16c8f8907c4f7dccbf3a7631287d32a3109ef55cd947425f8026d980114c60a57205dab8ace4824b83a4c6843630abdd6e8fdf61d0dc4e51cd9ce5e689c300c8139304b2e6851c92765ffda0639011eda4ba92c081965859a6c9c8d27bb59843066aabc8e5c2f8c120b7f1cfd38dc91fe1d8a6d8571b901f15ed8dfe2e5e01cf1abc33af2c28ff6d7b26f17033560d41040772ae0390e5c7cafa77a450524489e7085cf,gx-no-cache=1492528217290 HTTP/1.1" 200 30
186.103.157.98 - - [18/Apr/2017:12:09:12 -0300] "GET /cormun/servlet/licenciaspermisos?a45cff6d2af4389dde82c0dd117f7fd15b8d0aa2901026a6c59557a4bed05aedd120887f1a45845686f192f7aafb31c2,gx-no-cache=1492528218316 HTTP/1.1" 200 69
186.103.157.98 - - [18/Apr/2017:12:09:13 -0300] "POST /cormun/servlet/licenciaspermisos?642ea05e42acbb49635da65a74f07078,INS,0,,,,gx-no-cache=1492528218419 HTTP/1.1" 200 4624
186.103.159.46 - - [18/Apr/2017:12:09:29 -0300] "GET /cormun/servlet/licenciaspermisos?c1c2d7495f12f3b497a09924619f7c4e1724d091d67cb8258f0daa4422816b3e37bd57da453849c4401087eed5fb265741f6b5ab8d9f233ba2a46b6cff43f6913a02ef7f95b26e0b223224bc1353ec3fab7a25197eaa82d35adadc588f47dcaba27f4ed91f51155851ecf9362025ab8a599d9c25900a344afc7c461987d300342565590f531f51095b827cd0d8af702e9c50cb96a8748a68bd0883f90ebb75430f39819603aba2b3e99afbd1e396e8e9,gx-no-cache=1492531829167 HTTP/1.1" 200 30
186.103.159.46 - - [18/Apr/2017:12:09:30 -0300] "GET /cormun/servlet/licenciaspermisos?c1c2d7495f12f3b497a09924619f7c4ed3cbcf7556006db7b0ef805346e72adcb1f2282e45213bdad050f8b709f52a45f4f78652be669a378a83bdcd501889b5f67d2c5d9c7363e918462546f13f972a90732aa297309ef881772ff7c9e912c8a90d33cfec391ac5233bb7ec289305f7debe57de55724dc5cc535618541fcb2610cc44fd5458c4e7fbb6ec500f56927450570a34427895f2228373c59f68188faa75a23304222a51f5a226da52777009,gx-no-cache=1492531829409 HTTP/1.1" 200 29
186.103.159.46 - - [18/Apr/2017:12:09:30 -0300] "POST /cormun/servlet/licenciaspermisos?3e1240f9e1b3cc8070cdd12fdb81eca0,INS,0,,,,gx-no-cache=1492531829483 HTTP/1.1" 200 93
186.103.159.46 - - [18/Apr/2017:12:09:30 -0300] "GET /cormun/servlet/hpexe_return? HTTP/1.1" 200 1012
186.103.159.46 - - [18/Apr/2017:12:09:30 -0300] "GET /cormun/servlet/trlicencias HTTP/1.1" 200 7802
186.103.159.46 - - [18/Apr/2017:12:09:32 -0300] "GET /cormun/servlet/trlicencias HTTP/1.1" 200 7798
186.79.136.0 - - [18/Apr/2017:12:09:45 -0300] "POST /cormun/servlet/solicitudot?gx-no-cache=1492528250387 HTTP/1.1" 200 30
186.103.159.46 - - [18/Apr/2017:12:09:55 -0300] "GET /cormun/servlet/alicenciaprn?7392062,L,20170418000000,PU HTTP/1.1" 200 1540
186.79.136.0 - - [18/Apr/2017:12:09:58 -0300] "POST /cormun/servlet/solicitudot?gx-no-cache=1492528263341 HTTP/1.1" 200 1290
186.79.136.0 - - [18/Apr/2017:12:09:58 -0300] "POST /cormun/servlet/solicitudot?gx-no-cache=1492528263656 HTTP/1.1" 200 38
186.103.156.166 - - [18/Apr/2017:12:10:01 -0300] "GET /cormun/servlet/hlogin HTTP/1.1" 200 1727
186.103.156.166 - - [18/Apr/2017:12:10:01 -0300] "GET /cormun/static/gxtimezone.js?85251 HTTP/1.1" 200 5781
186.103.156.166 - - [18/Apr/2017:12:10:01 -0300] "GET /cormun/static/gxcfg.js?201741110203197 HTTP/1.1" 200 953
186.103.156.166 - - [18/Apr/2017:12:10:01 -0300] "GET /cormun/static/Resources/Spanish/PXTools.css?11294912 HTTP/1.1" 200 89042
186.103.156.166 - - [18/Apr/2017:12:10:01 -0300] "GET /cormun/static/messages.spa.js?85251 HTTP/1.1" 200 30736
186.103.156.166 - - [18/Apr/2017:12:10:01 -0300] "GET /cormun/static/hlogin.js?201741110203211 HTTP/1.1" 200 2136
186.103.156.166 - - [18/Apr/2017:12:10:01 -0300] "GET /cormun/static/Resources/ComunLogin.png HTTP/1.1" 200 17326
186.103.156.166 - - [18/Apr/2017:12:10:01 -0300] "GET /cormun/static/gxgral.js?85251 HTTP/1.1" 200 384558
186.103.156.166 - - [18/Apr/2017:12:10:01 -0300] "GET /cormun/static/Resources/PXToolsLoginBackground.png HTTP/1.1" 200 1164
186.103.156.166 - - [18/Apr/2017:12:10:01 -0300] "GET /cormun/static/Resources/PXToolsLoginTop.png HTTP/1.1" 200 1337
186.103.156.166 - - [18/Apr/2017:12:10:01 -0300] "GET /cormun/static/Resources/PXToolsButtonLeft21.png HTTP/1.1" 200 1287
186.103.156.166 - - [18/Apr/2017:12:10:01 -0300] "GET /cormun/static/Resources/PXToolsButtonRight21.png HTTP/1.1" 200 1283
186.103.156.166 - - [18/Apr/2017:12:10:01 -0300] "GET /cormun/static/Resources/PXToolsLoginBottom.png HTTP/1.1" 200 1389
186.103.156.166 - - [18/Apr/2017:12:10:01 -0300] "GET /cormun/static/Resources/PXToolsButtonBackground2.png HTTP/1.1" 200 1181
186.103.156.166 - - [18/Apr/2017:12:10:01 -0300] "GET /cormun/servlet/hlogin HTTP/1.1" 200 1734
186.103.156.166 - - [18/Apr/2017:12:10:01 -0300] "GET /cormun/static/Resources/indicator.gif HTTP/1.1" 200 1553
186.103.156.166 - - [18/Apr/2017:12:10:02 -0300] "GET /cormun/static/Resources/indicator.gif HTTP/1.1" 200 1553
192.168.10.13 - - [18/Apr/2017:12:10:05 -0300] "GET / HTTP/1.1" 200 11217
186.79.136.0 - - [18/Apr/2017:12:10:08 -0300] "GET /cormun/servlet/solicitudot?c6a2bcab8cfbd53f224192090ecd2da4447549414f37c9f070d292724664aa5bae1242dbf80d20a84390002c58057ee71e5e5a666aefab6c3b81ede9827957671ed4801dd947d49409786b8d8039826fc30d4e3088241374a428c790672deab98cc46ba7b35e94e7e835798722edba12,gx-no-cache=1492528273384 HTTP/1.1" 200 29
186.79.136.0 - - [18/Apr/2017:12:10:08 -0300] "POST /cormun/servlet/solicitudot?gx-no-cache=1492528273556 HTTP/1.1" 200 1272
186.103.156.166 - - [18/Apr/2017:12:10:09 -0300] "GET /cormun/servlet/hlogin HTTP/1.1" 200 1734
186.79.136.0 - - [18/Apr/2017:12:10:09 -0300] "POST /cormun/servlet/solicitudot?gx-no-cache=1492528273845 HTTP/1.1" 200 1156
186.103.157.98 - - [18/Apr/2017:12:10:16 -0300] "GET /cormun/static/menuarrow.gif HTTP/1.1" 404 1015
186.79.234.116 - - [18/Apr/2017:12:10:19 -0300] "GET /cormun/servlet/licenciaspermisos?96604ec30a0f16108f868020fd47afb400ff20c034d5de5ac9bc9ec7137d1fa8a8d3edfef64b45ad1f2726ded8c696ae478dc739b9dd8951b97cb26a5a4ed483fc5cbbab03b21e53cb20021ea58cb5520ae74abe7e87d86b8c13f5964f67029f54855ae7efdb7c58044f449df3f72239fd2f26a897d8b23629dc8423fc327932d343a61aac31e8d057aa85f79622517b1bf8c48661dd4fbd62fd4e81d3f73c073b43a99a1744d64b9cac3be2fc2811b9b2f542fa8c5774341be8059b1360469fd7b646fbf43b2a0db4ff1242255f6112b2445f681ab3f1ff3b059bf11ca0c116,gx-no-cache=1492528284278 HTTP/1.1" 200 30
186.79.234.116 - - [18/Apr/2017:12:10:19 -0300] "GET /cormun/servlet/licenciaspermisos?96604ec30a0f16108f868020fd47afb44894ca3d13a65d372a245b5bbd48b7aeccf64090137a152e49107d30aebeb50eb9e3f35c63adc585e25bdb87889bc860293c336411d390378586069ff36c2ace31c37d8877cd639e536b833a7ace180b79eeba9b699d1d3c04f088aeda412ed40488410ab79024e531182acc0eadce1bcbe2ba881904816ee474b5c33e349e4df231a941703442f78c1cf44cc29c8cb29669fd268e0067c11616e68ac526a4d0b0739cba6e9484960930bc80fea687980010e72ca4a0349ac7bab8d5da2913072b3c22b1d675fef19425d70ef7cee5a8,gx-no-cache=1492528284524 HTTP/1.1" 200 29
186.79.234.116 - - [18/Apr/2017:12:10:20 -0300] "POST /cormun/servlet/licenciaspermisos?9eeee90cf108d998d2356544babbc406,INS,0,,,,gx-no-cache=1492528284784 HTTP/1.1" 200 93
186.79.234.116 - - [18/Apr/2017:12:10:20 -0300] "GET /cormun/servlet/hpexe_return? HTTP/1.1" 200 1008
186.79.234.116 - - [18/Apr/2017:12:10:20 -0300] "GET /cormun/static/gxcfg.js?2016101716175148 HTTP/1.1" 304 -
186.79.234.116 - - [18/Apr/2017:12:10:21 -0300] "GET /cormun/servlet/trlicencias HTTP/1.1" 200 8009
186.79.234.116 - - [18/Apr/2017:12:10:22 -0300] "GET /cormun/servlet/trlicencias HTTP/1.1" 200 8005
186.79.234.116 - - [18/Apr/2017:12:10:26 -0300] "GET /cormun/servlet/trlicenciaspermisosadjuntos?15106249,20170418000000,L, HTTP/1.1" 200 6349
186.79.234.116 - - [18/Apr/2017:12:10:26 -0300] "GET /cormun/static/gxcfg.js?20173171154619 HTTP/1.1" 200 953
186.79.234.116 - - [18/Apr/2017:12:10:26 -0300] "GET /cormun/static/trlicenciaspermisosadjuntos.js?20173171154971 HTTP/1.1" 200 21005
186.79.234.116 - - [18/Apr/2017:12:10:27 -0300] "GET /cormun/servlet/trlicenciaspermisosadjuntos?15106249,20170418000000,L, HTTP/1.1" 200 6350
186.79.234.116 - - [18/Apr/2017:12:10:29 -0300] "GET /cormun/servlet/licenciaspermisosadjuntos?INS,15106249,L,20170418000000,, HTTP/1.1" 200 5647
186.79.234.116 - - [18/Apr/2017:12:10:30 -0300] "GET /cormun/static/gxcfg.js?201731711421170 HTTP/1.1" 200 953
186.79.234.116 - - [18/Apr/2017:12:10:31 -0300] "GET /cormun/static/about:blank HTTP/1.1" 404 1011
186.79.234.116 - - [18/Apr/2017:12:10:31 -0300] "GET /cormun/static/licenciaspermisosadjuntos.js?201731711421181 HTTP/1.1" 200 8757
186.79.234.116 - - [18/Apr/2017:12:10:32 -0300] "GET /cormun/servlet/licenciaspermisosadjuntos?INS,15106249,L,20170418000000,, HTTP/1.1" 200 5634
186.79.136.0 - - [18/Apr/2017:12:10:36 -0300] "GET /cormun/servlet/solicitudot?c6a2bcab8cfbd53f224192090ecd2da4b7aafe79fb3b9db5efbf2f7b1409453a811c8dfc7c175cfcc623c03bf44121e81c54c6f7a31ee415d27415e74fd22de26b3b19c8a8ea26b3acf4a993b6bc7ef31457cd4cf520bbbd8a16bd806f26ec934c180d4a7418beaebc1f2fd30e9db03dfabde4a33e98a804efb40a8af8ffb588572dc56339b5ee1bed18e3d66b23cb6821c48c7ebb514fe996e121d666f6b39889ff21d02c78ed262f1f57a0b5453b75,gx-no-cache=1492528300807 HTTP/1.1" 200 30
186.79.234.116 - - [18/Apr/2017:12:10:58 -0300] "POST /cormun/servlet/licenciaspermisosadjuntos?9eeee90cf108d998d2356544babbc406,INS,15106249,L,20170418000000,, HTTP/1.1" 200 116
186.79.234.116 - - [18/Apr/2017:12:10:59 -0300] "GET /cormun/servlet/hpexe_return? HTTP/1.1" 200 1037
186.79.234.116 - - [18/Apr/2017:12:11:00 -0300] "GET /cormun/servlet/trlicenciaspermisosadjuntos?15106249,20170418000000,L, HTTP/1.1" 200 6827
186.79.234.116 - - [18/Apr/2017:12:11:01 -0300] "GET /cormun/servlet/trlicenciaspermisosadjuntos?15106249,20170418000000,L, HTTP/1.1" 200 6824
186.79.234.116 - - [18/Apr/2017:12:11:05 -0300] "POST /cormun/servlet/trlicenciaspermisosadjuntos?9eeee90cf108d998d2356544babbc406,15106249,20170418000000,L,,gx-no-cache=1492528330096 HTTP/1.1" 200 90
192.168.10.13 - - [18/Apr/2017:12:11:05 -0300] "GET / HTTP/1.1" 200 11217
186.79.234.116 - - [18/Apr/2017:12:11:05 -0300] "GET /cormun/servlet/hpexe_link HTTP/1.1" 200 982
186.79.234.116 - - [18/Apr/2017:12:11:05 -0300] "GET /cormun/servlet/trlicencias HTTP/1.1" 200 8007
186.79.234.116 - - [18/Apr/2017:12:11:07 -0300] "GET /cormun/servlet/trlicencias HTTP/1.1" 200 8005
186.79.234.116 - - [18/Apr/2017:12:11:16 -0300] "POST /cormun/servlet/trlicencias?9eeee90cf108d998d2356544babbc406,gx-no-cache=1492528341140 HTTP/1.1" 200 4215
186.79.234.116 - - [18/Apr/2017:12:11:16 -0300] "GET /cormun/static/Shared/jqueryui/images/ui-bg_highlight-soft_100_c6c2c8_1x100.png HTTP/1.1" 404 1117
186.79.234.116 - - [18/Apr/2017:12:11:16 -0300] "GET /cormun/static/Shared/jqueryui/images/ui-icons_82798d_256x240.png HTTP/1.1" 404 1089
186.79.234.116 - - [18/Apr/2017:12:11:16 -0300] "GET /cormun/static/Shared/jqueryui/images/ui-bg_flat_55_fafafa_40x100.png HTTP/1.1" 404 1097
186.79.234.116 - - [18/Apr/2017:12:11:16 -0300] "GET /cormun/static/Shared/jqueryui/images/ui-icons_8d78a5_256x240.png HTTP/1.1" 404 1089
186.103.156.166 - - [18/Apr/2017:12:11:48 -0300] "POST /cormun/servlet/permisosadjuntos?79214a5244c67cc7469852117d9aab99,INS,9751801,P,20170418123408,, HTTP/1.1" 200 116
186.103.156.166 - - [18/Apr/2017:12:11:48 -0300] "GET /cormun/servlet/hpexe_return? HTTP/1.1" 200 1038
186.103.156.166 - - [18/Apr/2017:12:11:48 -0300] "GET /cormun/servlet/trpermisosadjuntos?9751801,20170418123408,P, HTTP/1.1" 200 6489
186.103.156.166 - - [18/Apr/2017:12:11:49 -0300] "GET /cormun/servlet/trpermisosadjuntos?9751801,20170418123408,P, HTTP/1.1" 200 6486
186.79.234.116 - - [18/Apr/2017:12:11:53 -0300] "POST /cormun/servlet/trlicencias?9eeee90cf108d998d2356544babbc406,gx-no-cache=1492528377520 HTTP/1.1" 200 4106
186.103.156.166 - - [18/Apr/2017:12:11:56 -0300] "POST /cormun/servlet/trpermisosadjuntos?79214a5244c67cc7469852117d9aab99,9751801,20170418123408,P,,gx-no-cache=1492531975851 HTTP/1.1" 200 90
186.103.156.166 - - [18/Apr/2017:12:11:56 -0300] "GET /cormun/servlet/hpexe_link HTTP/1.1" 200 983
186.103.156.166 - - [18/Apr/2017:12:11:57 -0300] "GET /cormun/servlet/trpermisosgoce HTTP/1.1" 200 8272
186.103.156.166 - - [18/Apr/2017:12:11:57 -0300] "GET /cormun/servlet/trpermisosgoce HTTP/1.1" 200 8271
192.168.10.13 - - [18/Apr/2017:12:12:05 -0300] "GET / HTTP/1.1" 200 11217
186.79.234.116 - - [18/Apr/2017:12:12:08 -0300] "POST /cormun/servlet/trlicencias?9eeee90cf108d998d2356544babbc406,gx-no-cache=1492528393519 HTTP/1.1" 200 4104
186.79.234.116 - - [18/Apr/2017:12:12:11 -0300] "POST /cormun/servlet/trlicencias?9eeee90cf108d998d2356544babbc406,gx-no-cache=1492528395492 HTTP/1.1" 200 4103
186.103.156.166 - - [18/Apr/2017:12:12:11 -0300] "POST /cormun/servlet/trpermisosgoce?79214a5244c67cc7469852117d9aab99,gx-no-cache=1492531989930 HTTP/1.1" 200 5427
186.103.156.166 - - [18/Apr/2017:12:12:11 -0300] "GET /cormun/static/Shared/jqueryui/images/ui-bg_highlight-soft_100_c6c2c8_1x100.png HTTP/1.1" 404 1117
186.103.156.166 - - [18/Apr/2017:12:12:11 -0300] "GET /cormun/static/Shared/jqueryui/images/ui-icons_82798d_256x240.png HTTP/1.1" 404 1089
186.103.156.166 - - [18/Apr/2017:12:12:11 -0300] "GET /cormun/static/Shared/jqueryui/images/ui-bg_flat_55_fafafa_40x100.png HTTP/1.1" 404 1097
186.103.156.166 - - [18/Apr/2017:12:12:11 -0300] "GET /cormun/static/Shared/jqueryui/images/ui-icons_8d78a5_256x240.png HTTP/1.1" 404 1089
186.79.234.116 - - [18/Apr/2017:12:12:12 -0300] "GET /cormun/servlet/licenciaspermisos?INS,0,,, HTTP/1.1" 200 7399
186.79.234.116 - - [18/Apr/2017:12:12:14 -0300] "GET /cormun/servlet/licenciaspermisos?INS,0,,, HTTP/1.1" 200 7398
186.79.234.116 - - [18/Apr/2017:12:12:18 -0300] "GET /cormun/servlet/trlicencias? HTTP/1.1" 200 6882
186.79.234.116 - - [18/Apr/2017:12:12:20 -0300] "GET /cormun/servlet/trlicencias? HTTP/1.1" 200 6880
186.79.136.0 - - [18/Apr/2017:12:12:23 -0300] "POST /cormun/servlet/solicitudot?gx-no-cache=1492528407535 HTTP/1.1" 200 30
186.79.234.116 - - [18/Apr/2017:12:12:25 -0300] "GET /cormun/static/menuarrow.gif HTTP/1.1" 404 1015
186.79.136.0 - - [18/Apr/2017:12:12:29 -0300] "GET /cormun/servlet/prcontratosol?15698849,,,,,MD,,gxPopupLevel%3D0%3B HTTP/1.1" 200 5896
186.79.136.0 - - [18/Apr/2017:12:12:33 -0300] "POST /cormun/servlet/solicitudot?gx-no-cache=1492528417596 HTTP/1.1" 200 1369
186.79.136.0 - - [18/Apr/2017:12:12:33 -0300] "GET /cormun/static/Shared/jqueryui/images/ui-bg_highlight-soft_100_c6c2c8_1x100.png HTTP/1.1" 404 1117
186.79.136.0 - - [18/Apr/2017:12:12:33 -0300] "POST /cormun/servlet/solicitudot?gx-no-cache=1492528418221 HTTP/1.1" 200 121
186.79.136.0 - - [18/Apr/2017:12:12:33 -0300] "GET /cormun/static/Shared/jqueryui/images/ui-icons_82798d_256x240.png HTTP/1.1" 404 1089
186.79.136.0 - - [18/Apr/2017:12:12:33 -0300] "GET /cormun/static/Shared/jqueryui/images/ui-bg_flat_55_994d53_40x100.png HTTP/1.1" 404 1097
186.79.136.0 - - [18/Apr/2017:12:12:33 -0300] "GET /cormun/static/Shared/jqueryui/images/ui-icons_ebccce_256x240.png HTTP/1.1" 404 1089
186.79.136.0 - - [18/Apr/2017:12:12:33 -0300] "POST /cormun/servlet/solicitudot?gx-no-cache=1492528418382 HTTP/1.1" 200 1273
186.79.136.0 - - [18/Apr/2017:12:12:33 -0300] "POST /cormun/servlet/solicitudot?gx-no-cache=1492528418611 HTTP/1.1" 200 1157
186.79.234.116 - - [18/Apr/2017:12:12:40 -0300] "POST /cormun/servlet/trlicencias?9eeee90cf108d998d2356544babbc406,,gx-no-cache=1492528424827 HTTP/1.1" 200 5311
186.79.234.116 - - [18/Apr/2017:12:12:40 -0300] "GET /cormun//static/Resources/PXToolsActionDisabled.gif HTTP/1.1" 200 53
192.168.10.89 - - [18/Apr/2017:12:12:41 -0300] "GET /cormun/servlet/hlogin HTTP/1.1" 200 1764
186.79.234.116 - - [18/Apr/2017:12:12:44 -0300] "GET /cormun/servlet/alicenciaprn?15106249,L,20170418000000,PU HTTP/1.1" 200 1557
192.168.10.89 - - [18/Apr/2017:12:12:50 -0300] "POST /cormun/servlet/hlogin?3f13aae064e3c4cb591f76b72c6cbdec,gx-no-cache=1492531643988 HTTP/1.1" 200 478
192.168.10.89 - - [18/Apr/2017:12:12:55 -0300] "POST /cormun/servlet/hlogin?3f13aae064e3c4cb591f76b72c6cbdec,gx-no-cache=1492531649587 HTTP/1.1" 200 90
192.168.10.89 - - [18/Apr/2017:12:12:55 -0300] "GET /cormun/servlet/hpexe_link HTTP/1.1" 200 953
192.168.10.89 - - [18/Apr/2017:12:12:56 -0300] "GET /cormun/servlet/hhome HTTP/1.1" 200 3973
192.168.10.89 - - [18/Apr/2017:12:12:59 -0300] "GET /cormun/servlet/trsolicitudot? HTTP/1.1" 200 8623
192.168.10.89 - - [18/Apr/2017:12:12:59 -0300] "GET /cormun/static/gxcfg.js?201731711505139 HTTP/1.1" 200 953
192.168.10.89 - - [18/Apr/2017:12:13:00 -0300] "GET /cormun/static/trsolicitudot.js?20173171151116 HTTP/1.1" 304 -
192.168.10.89 - - [18/Apr/2017:12:13:04 -0300] "GET /cormun/servlet/solicitudot?INS,0,0, HTTP/1.1" 200 12779
192.168.10.89 - - [18/Apr/2017:12:13:04 -0300] "GET /cormun/static/gxcfg.js?20171191042720 HTTP/1.1" 200 953
192.168.10.89 - - [18/Apr/2017:12:13:04 -0300] "GET /cormun/static/solicitudot.js?2017119104297 HTTP/1.1" 304 -
186.79.136.0 - - [18/Apr/2017:12:13:05 -0300] "GET /cormun/servlet/hlogin HTTP/1.1" 200 1725
192.168.10.13 - - [18/Apr/2017:12:13:05 -0300] "GET / HTTP/1.1" 200 11217
192.168.10.89 - - [18/Apr/2017:12:13:07 -0300] "GET /cormun/servlet/prfichaempleado?,MD,,gxPopupLevel%3D0%3B HTTP/1.1" 200 8794
192.168.10.89 - - [18/Apr/2017:12:13:07 -0300] "GET /cormun/static/gxcfg.js?2017319125415 HTTP/1.1" 304 -
192.168.10.89 - - [18/Apr/2017:12:13:07 -0300] "GET /cormun/static/prfichaempleado.js?20173191254344 HTTP/1.1" 304 -
192.168.10.89 - - [18/Apr/2017:12:13:07 -0300] "GET /cormun/static/menusearch.js?201610171694467 HTTP/1.1" 304 -
192.168.10.89 - - [18/Apr/2017:12:13:07 -0300] "GET /cormun/static/hmpwkw011.js?201731711483558 HTTP/1.1" 304 -
186.79.136.0 - - [18/Apr/2017:12:13:07 -0300] "POST /cormun/servlet/hlogin?1788dcaafc06a8c9738d514ac4f4128c,gx-no-cache=1492528452608 HTTP/1.1" 200 90
186.79.136.0 - - [18/Apr/2017:12:13:07 -0300] "GET /cormun/servlet/hpexe_link HTTP/1.1" 200 956
186.79.136.0 - - [18/Apr/2017:12:13:08 -0300] "GET /cormun/servlet/hhome HTTP/1.1" 200 3759
186.79.136.0 - - [18/Apr/2017:12:13:08 -0300] "GET /cormun/servlet/hhome HTTP/1.1" 200 3756
186.79.136.0 - - [18/Apr/2017:12:13:13 -0300] "GET /cormun/servlet/trsolicitudot? HTTP/1.1" 200 9078
186.79.136.0 - - [18/Apr/2017:12:13:14 -0300] "GET /cormun/servlet/trsolicitudot? HTTP/1.1" 200 9076
192.168.10.89 - - [18/Apr/2017:12:13:17 -0300] "POST /cormun/servlet/prfichaempleado?3f13aae064e3c4cb591f76b72c6cbdec,,MD,,gxPopupLevel%3D0%3B,gx-no-cache=1492531671137 HTTP/1.1" 200 3414
186.79.136.0 - - [18/Apr/2017:12:13:18 -0300] "GET /cormun/servlet/solicitudot?INS,0,0, HTTP/1.1" 200 12568
186.79.234.116 - - [18/Apr/2017:12:13:19 -0300] "POST /cormun/servlet/trlicencias?9eeee90cf108d998d2356544babbc406,,gx-no-cache=1492528463412 HTTP/1.1" 200 5287
186.79.136.0 - - [18/Apr/2017:12:13:19 -0300] "GET /cormun/servlet/solicitudot?INS,0,0, HTTP/1.1" 200 12572
192.168.10.89 - - [18/Apr/2017:12:13:23 -0300] "POST /cormun/servlet/solicitudot?gx-no-cache=1492531677339 HTTP/1.1" 200 3148
192.168.10.89 - - [18/Apr/2017:12:13:23 -0300] "POST /cormun/servlet/solicitudot?3f13aae064e3c4cb591f76b72c6cbdec,INS,0,0,,gx-no-cache=1492531677590 HTTP/1.1" 200 9939
186.79.234.116 - - [18/Apr/2017:12:13:24 -0300] "GET /cormun/servlet/hlogin HTTP/1.1" 200 1732
192.168.10.89 - - [18/Apr/2017:12:13:28 -0300] "GET /cormun/servlet/solicitudot?0aeae52f7bac6b8e2897a78f4b547b70f631f4130ee7c790ce22383fe068cfe6bdfaba881dec4fed94ddb89e340d51c0,gx-no-cache=1492531681992 HTTP/1.1" 200 30
192.168.10.89 - - [18/Apr/2017:12:13:28 -0300] "POST /cormun/servlet/solicitudot?gx-no-cache=1492531682029 HTTP/1.1" 200 255
192.168.10.89 - - [18/Apr/2017:12:13:28 -0300] "GET /cormun/servlet/solicitudot?0aeae52f7bac6b8e2897a78f4b547b70ed0269876e533fe2c4c101091e913319d19648519b950befca2ee061df525d19e54eb597a2de4431638de90ce8487c39c33d973c4ea6bbb8902b16fe756aaf2166ba3726be68e79badb8e4d639126c2e900dd22a9337d02b73a83d3020c8770832688ba5d86c0eb25042635d9119085223e43c66c75e8a07622963ccb2942a00e57703c575556434ed9913fe8fc36566c440a1417f9de7c2bccd3b69f56c025b5dca541cc8e19e9d5020203dc87b664d6689374cf02b5b21fff62ddab5b21c0720027dada687deb3173663b9d756de7cc841be321dc33387d413a5fc3652e76ec9e2788234deea16ce09dde8b04d42cabbbb71fc7d40f99321e48a3c93830902374009c8ebbd5b24ba4f06a38519866008e4db26e0a9bff7e640010b1d758222612b0602382473c87edbee115abb20246c8b5bd779b3baf1a0fd43049eafeac428e419ec3a3f9e914c4853aad8bb89bac17210bb9eaa57acfa8b5c3318f04f60e4069e7fda0f2a9568f4b364fc06ac66,gx-no-cache=1492531682057 HTTP/1.1" 200 30
192.168.10.89 - - [18/Apr/2017:12:13:29 -0300] "POST /cormun/servlet/solicitudot?gx-no-cache=1492531683374 HTTP/1.1" 200 30
192.168.10.89 - - [18/Apr/2017:12:13:33 -0300] "GET /cormun/servlet/prcontratosol?8382968,,,,,MD,,gxPopupLevel%3D0%3B HTTP/1.1" 200 5935
192.168.10.89 - - [18/Apr/2017:12:13:33 -0300] "GET /cormun/static/gxcfg.js?201731711522183 HTTP/1.1" 304 -
192.168.10.89 - - [18/Apr/2017:12:13:33 -0300] "GET /cormun/static/prcontratosol.js?201731711522419 HTTP/1.1" 304 -
186.79.136.0 - - [18/Apr/2017:12:13:34 -0300] "POST /cormun/servlet/solicitudot?gx-no-cache=1492528478531 HTTP/1.1" 200 3212
186.79.136.0 - - [18/Apr/2017:12:13:35 -0300] "POST /cormun/servlet/solicitudot?1788dcaafc06a8c9738d514ac4f4128c,INS,0,0,,gx-no-cache=1492528479675 HTTP/1.1" 200 9776
192.168.10.89 - - [18/Apr/2017:12:13:37 -0300] "POST /cormun/servlet/solicitudot?gx-no-cache=1492531690698 HTTP/1.1" 200 1292
192.168.10.89 - - [18/Apr/2017:12:13:37 -0300] "POST /cormun/servlet/solicitudot?gx-no-cache=1492531690833 HTTP/1.1" 200 38
192.168.10.89 - - [18/Apr/2017:12:13:37 -0300] "GET /cormun/servlet/solicitudot?0aeae52f7bac6b8e2897a78f4b547b7046aec37d3629273c9fe6f888c46c3157deff550fa1167f8b0d35daea0119ece5ec11300366a78e1c7165ccdc90ee2ce430d11ec73fbb888af626fdf1e6b68421c18772430dfda46117e84fb953b732fee51d4ef22b7c0ca49d913b4a60c3e1e908e6cf2b10e3522f47d1b93b7c1b2527ec1346dc1650f202213301fe9eba98ca7179d3f9af0632e7560c97914c88b0f9,gx-no-cache=1492531690917 HTTP/1.1" 200 29
192.168.10.89 - - [18/Apr/2017:12:13:37 -0300] "POST /cormun/servlet/solicitudot?gx-no-cache=1492531690959 HTTP/1.1" 200 1275
192.168.10.89 - - [18/Apr/2017:12:13:37 -0300] "POST /cormun/servlet/solicitudot?gx-no-cache=1492531691064 HTTP/1.1" 200 1158
186.79.136.0 - - [18/Apr/2017:12:13:39 -0300] "GET /cormun/servlet/solicitudot?bd56876b61f7e14dc37a5bd6445d65aea10fb73285cefa2974fd1d4981491184a9440e7077402a1f2e8582ace756d8c1,gx-no-cache=1492528484686 HTTP/1.1" 200 30
186.79.136.0 - - [18/Apr/2017:12:13:40 -0300] "POST /cormun/servlet/solicitudot?gx-no-cache=1492528484833 HTTP/1.1" 200 240
186.79.136.0 - - [18/Apr/2017:12:13:40 -0300] "GET /cormun/servlet/solicitudot?bd56876b61f7e14dc37a5bd6445d65ae45418cc950af228d211cb2111c9de27e204f31f974bde55a5418be81a2bfc744ff279a9d53b40a53049152b03ac88d1594a564ce672f6c61910e388a8c3a76e3c490c4ecc0c7113eb4d40aa7fcc1a69ed1b06fdd445d810459e416cebb1736d30599f241f57c3234cab143bed9c87d624ea988ac92550624c08d20635f1de3fbb50c125da7d3c94127b49cdf5b70af88b774a3a714e00027565f901787223fa8a5a68bd7ee8eb841ebee0ef1d1be67e0473dae30843a4915bb3df89e6581fc28ee5ba3242da08e1911ea361ca468ad20ebf8865521e7f4fb721e94dd31419807dc2ae4e6d11f51620e4437e92739fe2eec3ac07567a1aae67c7bad51c94624164059f9eea7ac00aa15e6c265edc63d8f9aa211742958f145d3720ba5f0ecfb55e5f02fac99b1162cce3f775bccb3a06136c837bf944c44dc0d909f2348a0410955241c0f1942673af8d4f25e1464c1ae735d0b27095cf7cc7c9bee6f0b9200bdeb2e175ef784d9cb35a0a67a28b78000,gx-no-cache=1492528484980 HTTP/1.1" 200 30
192.168.10.89 - - [18/Apr/2017:12:13:51 -0300] "POST /cormun/servlet/solicitudot?gx-no-cache=1492531705608 HTTP/1.1" 200 30
192.168.10.89 - - [18/Apr/2017:12:13:54 -0300] "GET /cormun/servlet/prcontratosol?8382968,,,,,MD,,gxPopupLevel%3D0%3B HTTP/1.1" 200 5935
186.79.136.0 - - [18/Apr/2017:12:13:55 -0300] "POST /cormun/servlet/solicitudot?gx-no-cache=1492528499718 HTTP/1.1" 200 30
186.79.136.0 - - [18/Apr/2017:12:13:55 -0300] "POST /cormun/servlet/solicitudot?gx-no-cache=1492528500216 HTTP/1.1" 200 1290
186.79.136.0 - - [18/Apr/2017:12:13:55 -0300] "POST /cormun/servlet/solicitudot?gx-no-cache=1492528500418 HTTP/1.1" 200 38
192.168.10.89 - - [18/Apr/2017:12:13:56 -0300] "POST /cormun/servlet/solicitudot?gx-no-cache=1492531710085 HTTP/1.1" 200 1373
192.168.10.89 - - [18/Apr/2017:12:13:56 -0300] "POST /cormun/servlet/solicitudot?gx-no-cache=1492531710146 HTTP/1.1" 200 119
192.168.10.89 - - [18/Apr/2017:12:13:56 -0300] "POST /cormun/servlet/solicitudot?gx-no-cache=1492531710183 HTTP/1.1" 200 1275
192.168.10.89 - - [18/Apr/2017:12:13:56 -0300] "POST /cormun/servlet/solicitudot?gx-no-cache=1492531710224 HTTP/1.1" 200 1158
192.168.10.89 - - [18/Apr/2017:12:13:56 -0300] "GET /cormun/static/Shared/jqueryui/images/ui-icons_82798d_256x240.png HTTP/1.1" 404 1089
192.168.10.89 - - [18/Apr/2017:12:13:56 -0300] "GET /cormun/static/Shared/jqueryui/images/ui-icons_ebccce_256x240.png HTTP/1.1" 404 1089
192.168.10.89 - - [18/Apr/2017:12:13:56 -0300] "GET /cormun/static/Shared/jqueryui/images/ui-bg_flat_55_994d53_40x100.png HTTP/1.1" 404 1097
192.168.10.89 - - [18/Apr/2017:12:13:56 -0300] "GET /cormun/static/Shared/jqueryui/images/ui-bg_highlight-soft_100_c6c2c8_1x100.png HTTP/1.1" 404 1117
192.168.10.89 - - [18/Apr/2017:12:14:04 -0300] "GET /cormun/servlet/prfichaempleado?,MD,,gxPopupLevel%3D0%3B HTTP/1.1" 200 8794
192.168.10.13 - - [18/Apr/2017:12:14:05 -0300] "GET / HTTP/1.1" 200 11217
192.168.10.13 - - [18/Apr/2017:12:15:05 -0300] "GET / HTTP/1.1" 200 11217
186.103.159.46 - - [18/Apr/2017:12:15:24 -0300] "GET /cormun/servlet/trlicenciaspermisosadjuntos?7392062,20170418000000,L, HTTP/1.1" 200 6127
186.103.159.46 - - [18/Apr/2017:12:15:25 -0300] "GET /cormun/servlet/trlicenciaspermisosadjuntos?7392062,20170418000000,L, HTTP/1.1" 200 6127
200.54.247.69 - - [18/Apr/2017:12:15:28 -0300] "GET /cormun/servlet/hlogin HTTP/1.1" 200 1727
200.54.247.69 - - [18/Apr/2017:12:15:28 -0300] "GET /cormun/static/Resources/Spanish/PXTools.css?11294912 HTTP/1.1" 304 -
200.54.247.69 - - [18/Apr/2017:12:15:28 -0300] "GET /cormun/static/gxtimezone.js?85251 HTTP/1.1" 304 -
200.54.247.69 - - [18/Apr/2017:12:15:28 -0300] "GET /cormun/static/gxgral.js?85251 HTTP/1.1" 304 -
200.54.247.69 - - [18/Apr/2017:12:15:28 -0300] "GET /cormun/static/gxcfg.js?201741110203197 HTTP/1.1" 304 -
200.54.247.69 - - [18/Apr/2017:12:15:28 -0300] "GET /cormun/static/Resources/ComunLogin.png HTTP/1.1" 304 -
200.54.247.69 - - [18/Apr/2017:12:15:28 -0300] "GET /cormun/static/messages.spa.js?85251 HTTP/1.1" 304 -
200.54.247.69 - - [18/Apr/2017:12:15:28 -0300] "GET /cormun/static/hlogin.js?201741110203211 HTTP/1.1" 304 -
200.54.247.69 - - [18/Apr/2017:12:15:28 -0300] "GET /cormun/static/Resources/indicator.gif HTTP/1.1" 304 -
200.54.247.69 - - [18/Apr/2017:12:15:28 -0300] "GET /cormun/servlet/hlogin HTTP/1.1" 200 1735
200.54.247.69 - - [18/Apr/2017:12:15:28 -0300] "GET /cormun/static/Resources/PXToolsLoginBackground.png HTTP/1.1" 304 -
200.54.247.69 - - [18/Apr/2017:12:15:28 -0300] "GET /cormun/static/Resources/PXToolsButtonLeft21.png HTTP/1.1" 304 -
200.54.247.69 - - [18/Apr/2017:12:15:28 -0300] "GET /cormun/static/Resources/PXToolsButtonRight21.png HTTP/1.1" 304 -
200.54.247.69 - - [18/Apr/2017:12:15:28 -0300] "GET /cormun/static/Resources/PXToolsLoginTop.png HTTP/1.1" 304 -
200.54.247.69 - - [18/Apr/2017:12:15:28 -0300] "GET /cormun/static/Resources/PXToolsButtonBackground2.png HTTP/1.1" 304 -
200.54.247.69 - - [18/Apr/2017:12:15:28 -0300] "GET /cormun/static/Resources/PXToolsLoginBottom.png HTTP/1.1" 304 -
200.54.247.69 - - [18/Apr/2017:12:15:40 -0300] "POST /cormun/servlet/hlogin?a6e17e7c1fc20c41db7dd3f849319346,gx-no-cache=1492528604464 HTTP/1.1" 200 90
