186.103.159.44 - - [18/Apr/2017:09:25:39 -0300] "POST /cormun/servlet/trsolicitudot?e2559f0d80f264d674479d3e69b2451e,gx-no-cache=1492518401397 HTTP/1.1" 200 5209
186.103.159.44 - - [18/Apr/2017:09:25:39 -0300] "GET /cormun/static/Shared/jqueryui/images/ui-icons_8d78a5_256x240.png HTTP/1.1" 404 1089
186.103.159.44 - - [18/Apr/2017:09:25:39 -0300] "GET /cormun/static/Shared/jqueryui/images/ui-bg_highlight-soft_100_c6c2c8_1x100.png HTTP/1.1" 404 1117
186.103.159.44 - - [18/Apr/2017:09:25:40 -0300] "GET /cormun/static/Shared/jqueryui/images/ui-bg_flat_55_fafafa_40x100.png HTTP/1.1" 404 1097
186.103.159.44 - - [18/Apr/2017:09:25:40 -0300] "GET /cormun/static/Shared/jqueryui/images/ui-icons_82798d_256x240.png HTTP/1.1" 404 1089
186.67.172.234 - - [18/Apr/2017:09:25:49 -0300] "POST /cormun/servlet/hlogin?e3786748a855387b67d1a2c8495cf8e6,gx-no-cache=1492518411706 HTTP/1.1" 200 90
186.67.172.234 - - [18/Apr/2017:09:25:49 -0300] "GET /cormun/servlet/hpexe_link HTTP/1.1" 200 952
186.67.172.234 - - [18/Apr/2017:09:25:49 -0300] "GET /cormun/static/gxcfg.js?201731711483381 HTTP/1.1" 304 -
186.67.172.234 - - [18/Apr/2017:09:25:50 -0300] "GET /cormun/servlet/hhome HTTP/1.1" 200 4044
186.67.172.234 - - [18/Apr/2017:09:25:50 -0300] "GET /cormun/static/gxcfg.js?201731711483497 HTTP/1.1" 304 -
186.67.172.234 - - [18/Apr/2017:09:25:50 -0300] "GET /cormun/servlet/hhome HTTP/1.1" 200 4040
186.67.172.234 - - [18/Apr/2017:09:25:59 -0300] "GET /cormun/servlet/trsolicitudot? HTTP/1.1" 200 8272
186.67.172.234 - - [18/Apr/2017:09:26:00 -0300] "GET /cormun/static/gxcfg.js?201731711505139 HTTP/1.1" 304 -
186.67.172.234 - - [18/Apr/2017:09:26:00 -0300] "GET /cormun/servlet/trsolicitudot? HTTP/1.1" 200 8270
186.103.159.182 - - [18/Apr/2017:09:26:03 -0300] "POST /cormun/servlet/hlogin?56bd3cb9acc2ab31ebaac2a62ccad8d2,gx-no-cache=1492518427460 HTTP/1.1" 200 90
186.103.159.182 - - [18/Apr/2017:09:26:03 -0300] "GET /cormun/servlet/hpexe_link HTTP/1.1" 200 952
186.103.159.182 - - [18/Apr/2017:09:26:03 -0300] "GET /cormun/static/gxcfg.js?201731711483381 HTTP/1.1" 304 -
186.103.159.182 - - [18/Apr/2017:09:26:03 -0300] "GET /cormun/servlet/hhome HTTP/1.1" 200 4062
186.103.159.182 - - [18/Apr/2017:09:26:03 -0300] "GET /cormun/static/gxcfg.js?201731711483497 HTTP/1.1" 304 -
186.67.172.234 - - [18/Apr/2017:09:26:04 -0300] "GET /cormun/servlet/solicitudot?INS,0,0, HTTP/1.1" 200 12836
186.67.172.234 - - [18/Apr/2017:09:26:04 -0300] "GET /cormun/static/gxcfg.js?20171191042720 HTTP/1.1" 304 -
186.67.172.234 - - [18/Apr/2017:09:26:05 -0300] "GET /cormun/servlet/solicitudot?INS,0,0, HTTP/1.1" 200 12841
186.103.159.182 - - [18/Apr/2017:09:26:05 -0300] "GET /cormun/servlet/hhome HTTP/1.1" 200 4058
192.168.10.13 - - [18/Apr/2017:09:26:05 -0300] "GET / HTTP/1.1" 200 11217
186.67.172.234 - - [18/Apr/2017:09:26:20 -0300] "POST /cormun/servlet/solicitudot?gx-no-cache=1492518443440 HTTP/1.1" 200 3172
186.67.172.234 - - [18/Apr/2017:09:26:20 -0300] "POST /cormun/servlet/solicitudot?e3786748a855387b67d1a2c8495cf8e6,INS,0,0,,gx-no-cache=1492518443657 HTTP/1.1" 200 9961
186.67.172.234 - - [18/Apr/2017:09:26:27 -0300] "GET /cormun/servlet/solicitudot?22b812522db8d0c6cce9b900c079a1aa2fe3d30bf07ebf5bf938857a1933d20b2abdf57a4f54bffb22589e8df4f08023,gx-no-cache=1492518449809 HTTP/1.1" 200 30
186.67.172.234 - - [18/Apr/2017:09:26:27 -0300] "POST /cormun/servlet/solicitudot?gx-no-cache=1492518450208 HTTP/1.1" 200 255
186.67.172.234 - - [18/Apr/2017:09:26:27 -0300] "GET /cormun/servlet/solicitudot?22b812522db8d0c6cce9b900c079a1aa9d3fdedab3b32ff34ba537a89a0993262f6b1f66f37272a3d69d3da5ddc001fe45ee521284c3d0d34eedab7742cb72bfbfe228ecd505efd3b48f7b815a43a7201fceba7fd74832bffaf912027e5f72fb9c98a97cc57d08162af25eab58ae0a4a050a867122cb5392cd1fcd8d9af6c46bbde015bc0bf3552813cb2c321e952cc8ab6c5ee48e09a3b7d3a4ab415baac647f629b73c04e14c87a9b8235aa7c6d55054caab0846293759055acb3e9a54b7ffa1a669f905016e8800a42c68b5fdc0b3d7f2db080d5f9029baf0856d2fdcb32b120257170114932e12c25ae3a15e55dad5dd8a38cd44a796cff19a0cbadac5196daff810ba45f94cf5de75cf49a32750e711760736f0e9728dfc6fcecf21eaaf29ee2ef6575b3aaf9922e2757138755af917f0f6469511d0506f5ac1e7d72ac4b583a131ae0e276c9393d209634b74ad62fd01b47ddba9c0eae56d8db61a6a648fcbfb302655771a81d52b218ac76141f8524a5d774bc906b7face1c964e5a39,gx-no-cache=1492518450284 HTTP/1.1" 200 30
186.67.172.234 - - [18/Apr/2017:09:26:30 -0300] "POST /cormun/servlet/solicitudot?gx-no-cache=1492518453007 HTTP/1.1" 200 30
186.67.172.234 - - [18/Apr/2017:09:26:33 -0300] "POST /cormun/servlet/solicitudot?gx-no-cache=1492518456311 HTTP/1.1" 200 1292
186.67.172.234 - - [18/Apr/2017:09:26:33 -0300] "POST /cormun/servlet/solicitudot?gx-no-cache=1492518456406 HTTP/1.1" 200 38
186.67.172.234 - - [18/Apr/2017:09:26:50 -0300] "GET /cormun/servlet/solicitudot?22b812522db8d0c6cce9b900c079a1aa08e443cf810416a6dc0124a0d6a6fd09cbd578d6bae75b0a7255124634dea2bd3e58e36ccae4041c2d2578b16cd77acf69f96096fdc9bfab03d4d6d050b76a9257cd1b1227eef9db5f418c173d605ae2a5fb6a70176e2319924fb115bb0fbd900f0e35f6fc254083c07617dff3f04cd6db39cf802586ab38be811500fcc11da37bf0b9ff874d9bba247d437cb0b1903f82b14490c6174fac1e35742b37410406caf2a11e88e7663b36b31f48b0fc9dba23762df34ac32058337090f288ed0d44,gx-no-cache=1492518473369 HTTP/1.1" 200 29
186.67.172.234 - - [18/Apr/2017:09:26:50 -0300] "POST /cormun/servlet/solicitudot?gx-no-cache=1492518473453 HTTP/1.1" 200 1274
186.67.172.234 - - [18/Apr/2017:09:26:50 -0300] "POST /cormun/servlet/solicitudot?gx-no-cache=1492518473541 HTTP/1.1" 200 1158
186.67.172.234 - - [18/Apr/2017:09:26:50 -0300] "GET /cormun/static/menuarrow.gif HTTP/1.1" 404 1015
186.103.159.182 - - [18/Apr/2017:09:26:59 -0300] "GET /cormun/servlet/trlicencias? HTTP/1.1" 200 6929
186.67.172.234 - - [18/Apr/2017:09:26:59 -0300] "POST /cormun/servlet/solicitudot?gx-no-cache=1492518481661 HTTP/1.1" 200 1274
186.103.159.182 - - [18/Apr/2017:09:27:00 -0300] "GET /cormun/static/gxcfg.js?201741111445981 HTTP/1.1" 304 -
186.67.172.234 - - [18/Apr/2017:09:27:00 -0300] "POST /cormun/servlet/solicitudot?gx-no-cache=1492518482790 HTTP/1.1" 200 1158
186.103.159.182 - - [18/Apr/2017:09:27:00 -0300] "GET /cormun/static/calendar.js?85251 HTTP/1.1" 304 -
186.103.159.182 - - [18/Apr/2017:09:27:00 -0300] "GET /cormun/static/calendar-setup.js?85251 HTTP/1.1" 304 -
186.103.159.182 - - [18/Apr/2017:09:27:00 -0300] "GET /cormun/static/calendar-es.js?85251 HTTP/1.1" 304 -
186.103.159.182 - - [18/Apr/2017:09:27:00 -0300] "GET /cormun/static/gxdec.js?85251 HTTP/1.1" 304 -
186.103.159.182 - - [18/Apr/2017:09:27:00 -0300] "GET /cormun/static/trlicencias.js?20174111145440 HTTP/1.1" 304 -
186.103.159.182 - - [18/Apr/2017:09:27:01 -0300] "GET /cormun/servlet/trlicencias? HTTP/1.1" 200 6927
192.168.10.13 - - [18/Apr/2017:09:27:05 -0300] "GET / HTTP/1.1" 200 11217
192.168.10.96 - - [18/Apr/2017:09:27:21 -0300] "GET /cormun/servlet/trconsultaempleado? HTTP/1.1" 200 9499
192.168.10.96 - - [18/Apr/2017:09:27:21 -0300] "GET /cormun/static/gxcfg.js?2017319127961 HTTP/1.1" 304 -
192.168.10.96 - - [18/Apr/2017:09:27:21 -0300] "GET /cormun/static/trconsultaempleado.js?20173191271215 HTTP/1.1" 304 -
192.168.10.96 - - [18/Apr/2017:09:27:22 -0300] "GET /cormun/servlet/trconsultaempleado? HTTP/1.1" 200 9498
192.168.10.96 - - [18/Apr/2017:09:27:30 -0300] "POST /cormun/servlet/trconsultaempleado?8b6eabe52a967f6aa665ef4e18e07024,,gx-no-cache=1492521724328 HTTP/1.1" 200 4474
192.168.10.96 - - [18/Apr/2017:09:27:36 -0300] "GET /cormun/servlet/trsolicitudnombre?15523072, HTTP/1.1" 200 7786
192.168.10.96 - - [18/Apr/2017:09:27:36 -0300] "GET /cormun/static/gxcfg.js?20173171153130 HTTP/1.1" 200 953
192.168.10.96 - - [18/Apr/2017:09:27:36 -0300] "GET /cormun/static/trsolicitudnombre.js?2017317115367 HTTP/1.1" 304 -
192.168.10.96 - - [18/Apr/2017:09:27:36 -0300] "GET /cormun/servlet/trsolicitudnombre?15523072, HTTP/1.1" 200 7789
192.168.10.96 - - [18/Apr/2017:09:27:46 -0300] "GET /cormun/servlet/vesolicitudnombre?2017,6088,, HTTP/1.1" 200 8514
192.168.10.96 - - [18/Apr/2017:09:27:46 -0300] "GET /cormun/static/gxcfg.js?20173171153010 HTTP/1.1" 200 953
192.168.10.96 - - [18/Apr/2017:09:27:46 -0300] "GET /cormun/pexe_scrolldiv.js HTTP/1.1" 404 1009
192.168.10.96 - - [18/Apr/2017:09:27:46 -0300] "GET /cormun/static/vesolicitudnombre.js?20173171153072 HTTP/1.1" 304 -
192.168.10.96 - - [18/Apr/2017:09:27:46 -0300] "GET /cormun/static/hwcviewtabs.js?20173171133571 HTTP/1.1" 304 -
192.168.10.96 - - [18/Apr/2017:09:27:46 -0300] "GET /cormun/static/hpexe_tabsview.js?201610171694228 HTTP/1.1" 304 -
192.168.10.96 - - [18/Apr/2017:09:27:46 -0300] "GET /cormun/static/tbsolicitudnombre01.js?2017110216261 HTTP/1.1" 304 -
192.168.10.96 - - [18/Apr/2017:09:27:46 -0300] "GET /cormun/pexe_scrolldiv.js HTTP/1.1" 404 1009
192.168.10.96 - - [18/Apr/2017:09:27:47 -0300] "GET /cormun/servlet/vesolicitudnombre?2017,6088,, HTTP/1.1" 200 8507
192.168.10.96 - - [18/Apr/2017:09:27:49 -0300] "GET /cormun/servlet/vesolicitudnombre?2017,6088,,SolicitudOTAdjuntos HTTP/1.1" 200 7476
192.168.10.96 - - [18/Apr/2017:09:27:49 -0300] "GET /cormun/pexe_scrolldiv.js HTTP/1.1" 404 1009
192.168.10.96 - - [18/Apr/2017:09:27:49 -0300] "GET /cormun/static/tbsolicitudnombre02.js?201612218422876 HTTP/1.1" 304 -
192.168.10.96 - - [18/Apr/2017:09:27:49 -0300] "GET /cormun/pexe_scrolldiv.js HTTP/1.1" 404 1009
192.168.10.96 - - [18/Apr/2017:09:27:50 -0300] "GET /cormun/servlet/vesolicitudnombre?2017,6088,,SolicitudOTAdjuntos HTTP/1.1" 200 7476
192.168.10.96 - - [18/Apr/2017:09:27:51 -0300] "POST /cormun/servlet/acontrolpreferencessavestate?None,DZAMUDIO,true HTTP/1.1" 200 35
192.168.10.96 - - [18/Apr/2017:09:27:54 -0300] "POST /cormun/servlet/vesolicitudnombre?8b6eabe52a967f6aa665ef4e18e07024,2017,6088,,SolicitudOTAdjuntos,gx-no-cache=1492521748405 HTTP/1.1" 200 90
192.168.10.96 - - [18/Apr/2017:09:27:54 -0300] "GET /cormun/servlet/hpexe_link HTTP/1.1" 200 991
192.168.10.96 - - [18/Apr/2017:09:27:54 -0300] "GET /cormun/servlet/trsolicitudnombre?15523072, HTTP/1.1" 200 7786
192.168.10.96 - - [18/Apr/2017:09:27:55 -0300] "GET /cormun/servlet/trsolicitudnombre?15523072, HTTP/1.1" 200 7789
192.168.10.96 - - [18/Apr/2017:09:27:57 -0300] "GET /cormun/servlet/vesolicitudnombre?2017,6089,, HTTP/1.1" 200 8502
192.168.10.96 - - [18/Apr/2017:09:27:57 -0300] "GET /cormun/pexe_scrolldiv.js HTTP/1.1" 404 1009
192.168.10.96 - - [18/Apr/2017:09:27:57 -0300] "GET /cormun/pexe_scrolldiv.js HTTP/1.1" 404 1009
192.168.10.96 - - [18/Apr/2017:09:27:57 -0300] "GET /cormun/servlet/vesolicitudnombre?2017,6089,, HTTP/1.1" 200 8496
192.168.10.96 - - [18/Apr/2017:09:27:59 -0300] "GET /cormun/servlet/vesolicitudnombre?2017,6089,,SolicitudOTAdjuntos HTTP/1.1" 200 7476
192.168.10.96 - - [18/Apr/2017:09:27:59 -0300] "GET /cormun/pexe_scrolldiv.js HTTP/1.1" 404 1009
192.168.10.96 - - [18/Apr/2017:09:27:59 -0300] "GET /cormun/pexe_scrolldiv.js HTTP/1.1" 404 1009
192.168.10.96 - - [18/Apr/2017:09:27:59 -0300] "GET /cormun/servlet/vesolicitudnombre?2017,6089,,SolicitudOTAdjuntos HTTP/1.1" 200 7476
192.168.10.96 - - [18/Apr/2017:09:28:00 -0300] "POST /cormun/servlet/acontrolpreferencessavestate?None,DZAMUDIO,true HTTP/1.1" 200 35
192.168.10.96 - - [18/Apr/2017:09:28:02 -0300] "POST /cormun/servlet/vesolicitudnombre?8b6eabe52a967f6aa665ef4e18e07024,2017,6089,,SolicitudOTAdjuntos,gx-no-cache=1492521755742 HTTP/1.1" 200 90
192.168.10.96 - - [18/Apr/2017:09:28:02 -0300] "GET /cormun/servlet/hpexe_link HTTP/1.1" 200 991
192.168.10.96 - - [18/Apr/2017:09:28:02 -0300] "GET /cormun/servlet/trsolicitudnombre?15523072, HTTP/1.1" 200 7785
192.168.10.96 - - [18/Apr/2017:09:28:02 -0300] "GET /cormun/servlet/trsolicitudnombre?15523072, HTTP/1.1" 200 7787
192.168.10.13 - - [18/Apr/2017:09:28:05 -0300] "GET / HTTP/1.1" 200 11217
192.168.10.13 - - [18/Apr/2017:09:29:05 -0300] "GET / HTTP/1.1" 200 11217
186.67.172.234 - - [18/Apr/2017:09:29:14 -0300] "GET /cormun/servlet/solicitudot?22b812522db8d0c6cce9b900c079a1aa7b0b6518381cfb47f2e326c9d420821fd7c1949e1718ac29b8ae6779ce06f210419b95ddaa986051c3031c7a108b9d5b27a6beddfd435e33c1196b56d9ee356374c5b20e9dd4f8c691a62f1fda85ead3c8371ac7778402a5907e56b57610528b2df6eae115ca035e296cb14d2eec4d24a5b015bc989e2c5126066e797b7007758948eb897a2890a7f617c59e41bfd7b6a9e2ce193b78d55580877ef65cffec00,gx-no-cache=1492518617225 HTTP/1.1" 200 30
192.168.10.96 - - [18/Apr/2017:09:29:20 -0300] "GET /cormun/servlet/trconsultaempleado? HTTP/1.1" 200 6760
192.168.10.96 - - [18/Apr/2017:09:29:20 -0300] "GET /cormun/servlet/trconsultaempleado? HTTP/1.1" 200 6760
192.168.10.96 - - [18/Apr/2017:09:29:28 -0300] "POST /cormun/servlet/trconsultaempleado?8b6eabe52a967f6aa665ef4e18e07024,,gx-no-cache=1492521841724 HTTP/1.1" 200 4406
192.168.10.96 - - [18/Apr/2017:09:29:29 -0300] "GET /cormun/servlet/trsolicitudnombre?11981545, HTTP/1.1" 200 7621
192.168.10.96 - - [18/Apr/2017:09:29:29 -0300] "GET /cormun/servlet/trsolicitudnombre?11981545, HTTP/1.1" 200 7624
186.67.172.234 - - [18/Apr/2017:09:29:30 -0300] "POST /cormun/servlet/solicitudot?e3786748a855387b67d1a2c8495cf8e6,INS,0,0,,gx-no-cache=1492518632649 HTTP/1.1" 200 93
186.67.172.234 - - [18/Apr/2017:09:29:30 -0300] "GET /cormun/servlet/hpexe_return? HTTP/1.1" 200 1006
186.67.172.234 - - [18/Apr/2017:09:29:30 -0300] "GET /cormun/static/gxcfg.js?2016101716175148 HTTP/1.1" 304 -
186.67.172.234 - - [18/Apr/2017:09:29:30 -0300] "GET /cormun/servlet/trsolicitudot HTTP/1.1" 200 8761
186.67.172.234 - - [18/Apr/2017:09:29:30 -0300] "GET /cormun/servlet/trsolicitudot HTTP/1.1" 200 8757
192.168.10.96 - - [18/Apr/2017:09:29:32 -0300] "GET /cormun/servlet/vesolicitudnombre?2017,6099,, HTTP/1.1" 200 8514
192.168.10.96 - - [18/Apr/2017:09:29:32 -0300] "GET /cormun/pexe_scrolldiv.js HTTP/1.1" 404 1009
192.168.10.96 - - [18/Apr/2017:09:29:32 -0300] "GET /cormun/pexe_scrolldiv.js HTTP/1.1" 404 1009
192.168.10.96 - - [18/Apr/2017:09:29:32 -0300] "GET /cormun/servlet/vesolicitudnombre?2017,6099,, HTTP/1.1" 200 8508
192.168.10.96 - - [18/Apr/2017:09:29:34 -0300] "GET /cormun/servlet/vesolicitudnombre?2017,6099,,SolicitudOTAdjuntos HTTP/1.1" 200 10295
192.168.10.96 - - [18/Apr/2017:09:29:34 -0300] "GET /cormun/pexe_scrolldiv.js HTTP/1.1" 404 1009
192.168.10.96 - - [18/Apr/2017:09:29:34 -0300] "GET /cormun/pexe_scrolldiv.js HTTP/1.1" 404 1009
192.168.10.96 - - [18/Apr/2017:09:29:35 -0300] "GET /cormun/servlet/vesolicitudnombre?2017,6099,,SolicitudOTAdjuntos HTTP/1.1" 200 10298
192.168.10.96 - - [18/Apr/2017:09:29:35 -0300] "POST /cormun/servlet/acontrolpreferencessavestate?None,DZAMUDIO,true HTTP/1.1" 200 35
186.67.172.234 - - [18/Apr/2017:09:29:37 -0300] "GET /cormun/servlet/solicitudot?INS,0,0, HTTP/1.1" 200 12838
192.168.10.96 - - [18/Apr/2017:09:29:37 -0300] "GET /cormun/PublicTempStorage/rut8653624.jpg HTTP/1.1" 200 1169167
186.67.172.234 - - [18/Apr/2017:09:29:37 -0300] "GET /cormun/servlet/solicitudot?INS,0,0, HTTP/1.1" 200 12842
186.103.159.182 - - [18/Apr/2017:09:29:39 -0300] "GET /cormun/servlet/trinasistencia? HTTP/1.1" 200 7658
186.103.159.182 - - [18/Apr/2017:09:29:39 -0300] "GET /cormun/static/gxcfg.js?201731711555068 HTTP/1.1" 304 -
186.103.159.182 - - [18/Apr/2017:09:29:39 -0300] "GET /cormun/static/trinasistencia.js?201731711555548 HTTP/1.1" 304 -
186.103.159.182 - - [18/Apr/2017:09:29:40 -0300] "GET /cormun/servlet/trinasistencia? HTTP/1.1" 200 7658
186.67.172.234 - - [18/Apr/2017:09:29:53 -0300] "POST /cormun/servlet/solicitudot?gx-no-cache=1492518656360 HTTP/1.1" 200 3081
186.67.172.234 - - [18/Apr/2017:09:29:53 -0300] "POST /cormun/servlet/solicitudot?e3786748a855387b67d1a2c8495cf8e6,INS,0,0,,gx-no-cache=1492518656610 HTTP/1.1" 200 9862
186.103.159.182 - - [18/Apr/2017:09:29:58 -0300] "GET /cormun/servlet/ainasistenciaprn?68,PU HTTP/1.1" 200 1617
186.67.172.234 - - [18/Apr/2017:09:30:00 -0300] "GET /cormun/servlet/solicitudot?22b812522db8d0c6cce9b900c079a1aa8863811368e794ccbb3e418dec4141cb2abdf57a4f54bffb22589e8df4f08023,gx-no-cache=1492518663516 HTTP/1.1" 200 30
192.168.10.13 - - [18/Apr/2017:09:30:05 -0300] "GET / HTTP/1.1" 200 11217
192.168.10.96 - - [18/Apr/2017:09:30:18 -0300] "GET /cormun/servlet/vesolicitudnombre?2017,6099,,SolicitudOTAdjuntos HTTP/1.1" 200 10299
192.168.10.96 - - [18/Apr/2017:09:30:19 -0300] "GET /cormun/servlet/vesolicitudnombre?2017,6099,,SolicitudOTAdjuntos HTTP/1.1" 200 10297
192.168.10.96 - - [18/Apr/2017:09:30:19 -0300] "POST /cormun/servlet/acontrolpreferencessavestate?None,DZAMUDIO,true HTTP/1.1" 200 35
192.168.10.96 - - [18/Apr/2017:09:30:20 -0300] "GET /cormun/PublicTempStorage/estudios1945008.jpg HTTP/1.1" 200 1074044
192.168.10.96 - - [18/Apr/2017:09:30:25 -0300] "GET /cormun/servlet/vesolicitudnombre?2017,6099,,SolicitudOTAdjuntos HTTP/1.1" 200 10298
192.168.10.96 - - [18/Apr/2017:09:30:26 -0300] "GET /cormun/servlet/vesolicitudnombre?2017,6099,,SolicitudOTAdjuntos HTTP/1.1" 200 10299
192.168.10.96 - - [18/Apr/2017:09:30:26 -0300] "POST /cormun/servlet/acontrolpreferencessavestate?None,DZAMUDIO,true HTTP/1.1" 200 35
192.168.10.96 - - [18/Apr/2017:09:30:27 -0300] "GET /cormun/PublicTempStorage/afp4598129.jpg HTTP/1.1" 200 1014621
192.168.10.96 - - [18/Apr/2017:09:30:31 -0300] "GET /cormun/servlet/vesolicitudnombre?2017,6099,,SolicitudOTAdjuntos HTTP/1.1" 200 10297
192.168.10.96 - - [18/Apr/2017:09:30:33 -0300] "GET /cormun/servlet/vesolicitudnombre?2017,6099,,SolicitudOTAdjuntos HTTP/1.1" 200 10299
192.168.10.96 - - [18/Apr/2017:09:30:33 -0300] "POST /cormun/servlet/acontrolpreferencessavestate?None,DZAMUDIO,true HTTP/1.1" 200 35
192.168.10.96 - - [18/Apr/2017:09:30:33 -0300] "GET /cormun/PublicTempStorage/fonasa4385869.jpg HTTP/1.1" 200 764937
192.168.10.96 - - [18/Apr/2017:09:30:38 -0300] "GET /cormun/servlet/vesolicitudnombre?2017,6099,,SolicitudOTAdjuntos HTTP/1.1" 200 10298
192.168.10.96 - - [18/Apr/2017:09:30:39 -0300] "GET /cormun/servlet/vesolicitudnombre?2017,6099,,SolicitudOTAdjuntos HTTP/1.1" 200 10296
192.168.10.96 - - [18/Apr/2017:09:30:39 -0300] "POST /cormun/servlet/acontrolpreferencessavestate?None,DZAMUDIO,true HTTP/1.1" 200 35
192.168.10.96 - - [18/Apr/2017:09:30:40 -0300] "GET /cormun/PublicTempStorage/antecedentes5446595.jpg HTTP/1.1" 200 1104768
192.168.10.96 - - [18/Apr/2017:09:30:45 -0300] "GET /cormun/servlet/vesolicitudnombre?2017,6099,,SolicitudOTAdjuntos HTTP/1.1" 200 10298
192.168.10.96 - - [18/Apr/2017:09:30:46 -0300] "GET /cormun/servlet/vesolicitudnombre?2017,6099,,SolicitudOTAdjuntos HTTP/1.1" 200 10294
192.168.10.96 - - [18/Apr/2017:09:30:46 -0300] "POST /cormun/servlet/acontrolpreferencessavestate?None,DZAMUDIO,true HTTP/1.1" 200 35
192.168.10.96 - - [18/Apr/2017:09:30:46 -0300] "GET /cormun/PublicTempStorage/cv9102403.jpg HTTP/1.1" 200 1030789
192.168.10.13 - - [18/Apr/2017:09:31:05 -0300] "GET / HTTP/1.1" 200 11217
186.67.172.234 - - [18/Apr/2017:09:32:02 -0300] "POST /cormun/servlet/solicitudot?gx-no-cache=1492518785023 HTTP/1.1" 200 297
192.168.10.13 - - [18/Apr/2017:09:32:05 -0300] "GET / HTTP/1.1" 200 11217
186.67.172.234 - - [18/Apr/2017:09:32:10 -0300] "GET /cormun/servlet/solicitudot?22b812522db8d0c6cce9b900c079a1aa9d3fdedab3b32ff34ba537a89a099326eab21452fcb2c31ad42c63e304e51d5b45ee521284c3d0d34eedab7742cb72bfbfe228ecd505efd3b48f7b815a43a7201fceba7fd74832bffaf912027e5f72fb9c98a97cc57d08162af25eab58ae0a4a050a867122cb5392cd1fcd8d9af6c46bbde015bc0bf3552813cb2c321e952cc8ab6c5ee48e09a3b7d3a4ab415baac647f629b73c04e14c87a9b8235aa7c6d55054caab0846293759055acb3e9a54b7ffa1a669f905016e8800a42c68b5fdc0b3d7f2db080d5f9029baf0856d2fdcb32b120257170114932e12c25ae3a15e55da3cc0a190502cb8b3be8dbd446f4a7a516daff810ba45f94cf5de75cf49a32750ad7175af5b62ed71d53e4be72ebc188224da3b0e2f7af474ef1cd478fc71dcf769c123d27fc212e1ff20ec14b4aee9d6021ae83e9cf2706e8f0f6d02efca73b93dd7b1ad372fd2d75ca93b747da00751a7a60b022a6079789a1ca05c9dff5e0c0294874b529a467d6428d7e88a773f5107f75046a2f534e4a0a6b2be66954069,gx-no-cache=1492518792904 HTTP/1.1" 200 30
186.67.172.234 - - [18/Apr/2017:09:32:13 -0300] "POST /cormun/servlet/solicitudot?gx-no-cache=1492518796599 HTTP/1.1" 200 30
186.67.172.234 - - [18/Apr/2017:09:32:16 -0300] "POST /cormun/servlet/solicitudot?gx-no-cache=1492518799350 HTTP/1.1" 200 235
186.67.172.234 - - [18/Apr/2017:09:32:16 -0300] "POST /cormun/servlet/solicitudot?gx-no-cache=1492518799488 HTTP/1.1" 200 38
186.103.159.182 - - [18/Apr/2017:09:32:23 -0300] "GET /cormun/servlet/trinasistencia? HTTP/1.1" 200 7658
186.103.159.182 - - [18/Apr/2017:09:32:25 -0300] "GET /cormun/servlet/trinasistencia? HTTP/1.1" 200 7658
186.67.172.234 - - [18/Apr/2017:09:32:29 -0300] "GET /cormun/servlet/solicitudot?22b812522db8d0c6cce9b900c079a1aa08e443cf810416a6dc0124a0d6a6fd09cbd578d6bae75b0a7255124634dea2bd231cfbddb3a65a387b0a3b411623d48957212d3cb8e856bb8932e9f7e326e5bff1a5cb509e78227c8fc43c85d31b8f0793696637ac578b8d16ecd6a70f0c2033,gx-no-cache=1492518812537 HTTP/1.1" 200 29
186.67.172.234 - - [18/Apr/2017:09:32:29 -0300] "POST /cormun/servlet/solicitudot?gx-no-cache=1492518812599 HTTP/1.1" 200 668
186.67.172.234 - - [18/Apr/2017:09:32:29 -0300] "POST /cormun/servlet/solicitudot?gx-no-cache=1492518812673 HTTP/1.1" 200 543
186.67.172.234 - - [18/Apr/2017:09:32:30 -0300] "GET /cormun/static/menuarrow.gif HTTP/1.1" 404 1015
186.67.172.234 - - [18/Apr/2017:09:32:35 -0300] "POST /cormun/servlet/solicitudot?gx-no-cache=1492518818366 HTTP/1.1" 200 668
186.67.172.234 - - [18/Apr/2017:09:32:35 -0300] "POST /cormun/servlet/solicitudot?gx-no-cache=1492518818455 HTTP/1.1" 200 543
186.67.172.234 - - [18/Apr/2017:09:32:51 -0300] "GET /cormun/servlet/solicitudot?22b812522db8d0c6cce9b900c079a1aad7a00cc2028155e65aa830709eeb277a8b9afa7a7a2f46f0be3792e4a4153632419b95ddaa986051c3031c7a108b9d5b27a6beddfd435e33c1196b56d9ee356374c5b20e9dd4f8c691a62f1fda85ead3c8371ac7778402a5907e56b57610528b2df6eae115ca035e296cb14d2eec4d24a5b015bc989e2c5126066e797b7007758948eb897a2890a7f617c59e41bfd7b6a9e2ce193b78d55580877ef65cffec00,gx-no-cache=1492518834464 HTTP/1.1" 200 30
192.168.10.13 - - [18/Apr/2017:09:33:05 -0300] "GET / HTTP/1.1" 200 11217
186.103.159.182 - - [18/Apr/2017:09:33:24 -0300] "GET /cormun/servlet/inasistencia?INS,0, HTTP/1.1" 200 6827
186.103.159.182 - - [18/Apr/2017:09:33:25 -0300] "GET /cormun/static/gxcfg.js?20173291215298 HTTP/1.1" 200 953
186.103.159.182 - - [18/Apr/2017:09:33:25 -0300] "GET /cormun/static/inasistencia.js?201732912152952 HTTP/1.1" 304 -
186.103.159.182 - - [18/Apr/2017:09:33:26 -0300] "GET /cormun/servlet/inasistencia?INS,0, HTTP/1.1" 200 6828
186.103.159.182 - - [18/Apr/2017:09:33:34 -0300] "GET /cormun/servlet/prfichaempleado?,MD,,gxPopupLevel%3D0%3B HTTP/1.1" 200 8909
186.103.159.182 - - [18/Apr/2017:09:33:34 -0300] "GET /cormun/static/gxcfg.js?2017319125415 HTTP/1.1" 304 -
186.103.159.182 - - [18/Apr/2017:09:33:48 -0300] "POST /cormun/servlet/prfichaempleado?56bd3cb9acc2ab31ebaac2a62ccad8d2,,MD,,gxPopupLevel%3D0%3B,gx-no-cache=1492518892666 HTTP/1.1" 200 3406
186.103.159.182 - - [18/Apr/2017:09:33:54 -0300] "GET /cormun/servlet/inasistencia?b0dc1a4cdfc41bd84fdac99874ae4a7a74879292bf793332698aba83aa3cb6ee5f8a75971265476a2d7eeb8339a672611bbb3ae05bd1b09f6282c73b6b5ac17d0fe2db0fc8e4a9b0082826007231d1845313c4579e8ea110384e86bd574f24afcdf1e5a9ec4e1a01d567841d17ab77ea735d3ce2545a08f9c1e4a6a1180eab12b4363025598d5d6997b0894c28b4fc249be629ba35107f813f6004bc4a83879e,gx-no-cache=1492518898419 HTTP/1.1" 200 127
186.103.159.182 - - [18/Apr/2017:09:33:54 -0300] "GET /cormun/static/menuarrow.gif HTTP/1.1" 404 1015
186.103.159.182 - - [18/Apr/2017:09:34:00 -0300] "GET /cormun/servlet/inasistencia?b0dc1a4cdfc41bd84fdac99874ae4a7ac4a5dd005cd1cdd5edb3394ff88793423724680089c0be5acb925827f820c947,gx-no-cache=1492518904908 HTTP/1.1" 200 33
186.103.159.182 - - [18/Apr/2017:09:34:02 -0300] "GET /cormun/servlet/inasistencia?b0dc1a4cdfc41bd84fdac99874ae4a7a0e8d1c6d9d579a058b3793e81d559e3c1ed8033f083f22927f1e719864f97bae7ebc7cf7af5e02a8475e96390f0a4bddb5837cee1f3c7bba7dc6a45f7dbe0bb19c9d4c8cd5e6c90993dd844d4e3974837daf45429f0bfa162c8afe90ebe29b84be725b57889e7f189b0563058989a5540c30ab1909bf0d97f143730f48b6589deba43d4681e9ac7862477d85f8c49b3e,gx-no-cache=1492518907089 HTTP/1.1" 200 46
192.168.10.13 - - [18/Apr/2017:09:34:05 -0300] "GET / HTTP/1.1" 200 11217
186.67.172.234 - - [18/Apr/2017:09:34:07 -0300] "POST /cormun/servlet/solicitudot?e3786748a855387b67d1a2c8495cf8e6,INS,0,0,,gx-no-cache=1492518909433 HTTP/1.1" 200 93
186.67.172.234 - - [18/Apr/2017:09:34:07 -0300] "GET /cormun/servlet/hpexe_return? HTTP/1.1" 200 1006
186.67.172.234 - - [18/Apr/2017:09:34:07 -0300] "GET /cormun/servlet/trsolicitudot HTTP/1.1" 200 9092
186.67.172.234 - - [18/Apr/2017:09:34:07 -0300] "GET /cormun/servlet/trsolicitudot HTTP/1.1" 200 9086
186.67.172.234 - - [18/Apr/2017:09:34:10 -0300] "GET /cormun/servlet/solicitudot?INS,0,0, HTTP/1.1" 200 12838
186.67.172.234 - - [18/Apr/2017:09:34:11 -0300] "GET /cormun/servlet/solicitudot?INS,0,0, HTTP/1.1" 200 12842
186.67.172.234 - - [18/Apr/2017:09:34:29 -0300] "POST /cormun/servlet/solicitudot?gx-no-cache=1492518932376 HTTP/1.1" 200 3186
186.67.172.234 - - [18/Apr/2017:09:34:29 -0300] "POST /cormun/servlet/solicitudot?e3786748a855387b67d1a2c8495cf8e6,INS,0,0,,gx-no-cache=1492518932641 HTTP/1.1" 200 9972
186.67.172.234 - - [18/Apr/2017:09:34:35 -0300] "GET /cormun/servlet/solicitudot?22b812522db8d0c6cce9b900c079a1aa835be0c0f217c6199d92ac835dd50aad2abdf57a4f54bffb22589e8df4f08023,gx-no-cache=1492518937972 HTTP/1.1" 200 30
186.67.172.234 - - [18/Apr/2017:09:34:35 -0300] "POST /cormun/servlet/solicitudot?gx-no-cache=1492518938051 HTTP/1.1" 200 297
186.67.172.234 - - [18/Apr/2017:09:34:35 -0300] "GET /cormun/servlet/solicitudot?22b812522db8d0c6cce9b900c079a1aa9d3fdedab3b32ff34ba537a89a099326eab21452fcb2c31ad42c63e304e51d5b45ee521284c3d0d34eedab7742cb72bfbfe228ecd505efd3b48f7b815a43a7201fceba7fd74832bffaf912027e5f72fb9c98a97cc57d08162af25eab58ae0a4a050a867122cb5392cd1fcd8d9af6c46bbde015bc0bf3552813cb2c321e952cc8ab6c5ee48e09a3b7d3a4ab415baac647f629b73c04e14c87a9b8235aa7c6d55054caab0846293759055acb3e9a54b7ffa1a669f905016e8800a42c68b5fdc0b3d7f2db080d5f9029baf0856d2fdcb32b120257170114932e12c25ae3a15e55da3cc0a190502cb8b3be8dbd446f4a7a516daff810ba45f94cf5de75cf49a32750ad7175af5b62ed71d53e4be72ebc188224da3b0e2f7af474ef1cd478fc71dcf769c123d27fc212e1ff20ec14b4aee9d6021ae83e9cf2706e8f0f6d02efca73b93dd7b1ad372fd2d75ca93b747da00751a7a60b022a6079789a1ca05c9dff5e0c0294874b529a467d6428d7e88a773f5107f75046a2f534e4a0a6b2be66954069,gx-no-cache=1492518938110 HTTP/1.1" 200 30
186.67.172.234 - - [18/Apr/2017:09:34:37 -0300] "POST /cormun/servlet/solicitudot?gx-no-cache=1492518940469 HTTP/1.1" 200 30
186.67.172.234 - - [18/Apr/2017:09:34:42 -0300] "POST /cormun/servlet/solicitudot?gx-no-cache=1492518945710 HTTP/1.1" 200 235
186.67.172.234 - - [18/Apr/2017:09:34:43 -0300] "POST /cormun/servlet/solicitudot?gx-no-cache=1492518945780 HTTP/1.1" 200 38
186.67.172.234 - - [18/Apr/2017:09:34:55 -0300] "GET /cormun/servlet/solicitudot?22b812522db8d0c6cce9b900c079a1aa08e443cf810416a6dc0124a0d6a6fd09cbd578d6bae75b0a7255124634dea2bd231cfbddb3a65a387b0a3b411623d48957212d3cb8e856bb8932e9f7e326e5bff1a5cb509e78227c8fc43c85d31b8f0793696637ac578b8d16ecd6a70f0c2033,gx-no-cache=1492518958303 HTTP/1.1" 200 29
186.67.172.234 - - [18/Apr/2017:09:34:56 -0300] "POST /cormun/servlet/solicitudot?gx-no-cache=1492518958374 HTTP/1.1" 200 668
186.67.172.234 - - [18/Apr/2017:09:34:56 -0300] "POST /cormun/servlet/solicitudot?gx-no-cache=1492518958837 HTTP/1.1" 200 543
186.67.172.234 - - [18/Apr/2017:09:34:56 -0300] "GET /cormun/static/menuarrow.gif HTTP/1.1" 404 1015
186.67.172.234 - - [18/Apr/2017:09:34:59 -0300] "POST /cormun/servlet/solicitudot?gx-no-cache=1492518962490 HTTP/1.1" 200 668
186.67.172.234 - - [18/Apr/2017:09:34:59 -0300] "POST /cormun/servlet/solicitudot?gx-no-cache=1492518962580 HTTP/1.1" 200 543
192.168.10.13 - - [18/Apr/2017:09:35:05 -0300] "GET / HTTP/1.1" 200 11217
186.103.159.182 - - [18/Apr/2017:09:35:08 -0300] "POST /cormun/servlet/inasistencia?56bd3cb9acc2ab31ebaac2a62ccad8d2,INS,0,,gx-no-cache=1492518972130 HTTP/1.1" 200 93
186.103.159.182 - - [18/Apr/2017:09:35:08 -0300] "GET /cormun/servlet/hpexe_return? HTTP/1.1" 200 1007
186.103.159.182 - - [18/Apr/2017:09:35:08 -0300] "GET /cormun/static/gxcfg.js?2016101716175148 HTTP/1.1" 304 -
186.103.159.182 - - [18/Apr/2017:09:35:09 -0300] "GET /cormun/servlet/trinasistencia HTTP/1.1" 200 7923
186.103.159.182 - - [18/Apr/2017:09:35:10 -0300] "GET /cormun/servlet/trinasistencia HTTP/1.1" 200 7919
186.67.172.234 - - [18/Apr/2017:09:35:13 -0300] "GET /cormun/servlet/solicitudot?22b812522db8d0c6cce9b900c079a1aad11505927db0614b1e66eae3495ab8acd7c1949e1718ac29b8ae6779ce06f210419b95ddaa986051c3031c7a108b9d5b27a6beddfd435e33c1196b56d9ee356374c5b20e9dd4f8c691a62f1fda85ead3c8371ac7778402a5907e56b57610528b2df6eae115ca035e296cb14d2eec4d24a5b015bc989e2c5126066e797b7007758948eb897a2890a7f617c59e41bfd7b6a9e2ce193b78d55580877ef65cffec00,gx-no-cache=1492518975873 HTTP/1.1" 200 30
186.103.159.182 - - [18/Apr/2017:09:35:40 -0300] "GET /cormun/servlet/trpermisosingoceadjunto?69,13776601, HTTP/1.1" 200 6159
186.103.159.182 - - [18/Apr/2017:09:35:40 -0300] "GET /cormun/static/gxcfg.js?2016101716221623 HTTP/1.1" 200 953
186.103.159.182 - - [18/Apr/2017:09:35:40 -0300] "GET /cormun/static/trpermisosingoceadjunto.js?2016101716221846 HTTP/1.1" 200 16824
186.103.159.182 - - [18/Apr/2017:09:35:41 -0300] "GET /cormun/servlet/trpermisosingoceadjunto?69,13776601, HTTP/1.1" 200 6159
186.103.157.98 - - [18/Apr/2017:09:35:43 -0300] "GET /cormun/servlet/hpexe_return? HTTP/1.1" 200 982
186.103.157.98 - - [18/Apr/2017:09:35:43 -0300] "GET /cormun/servlet/hhome HTTP/1.1" 200 3337
186.103.157.98 - - [18/Apr/2017:09:35:44 -0300] "GET /cormun/servlet/hlogin HTTP/1.1" 200 1734
186.103.157.98 - - [18/Apr/2017:09:35:44 -0300] "GET /cormun/servlet/hhome HTTP/1.1" 200 3333
186.103.157.98 - - [18/Apr/2017:09:35:45 -0300] "POST /cormun/servlet/hlogin?4914b2cfb149da558e0794c2be4712e8,gx-no-cache=1492519011055 HTTP/1.1" 200 90
186.103.157.98 - - [18/Apr/2017:09:35:45 -0300] "GET /cormun/servlet/hpexe_link HTTP/1.1" 200 950
186.103.159.182 - - [18/Apr/2017:09:35:45 -0300] "GET /cormun/servlet/permisosingoceadjunto?INS,69,, HTTP/1.1" 200 5471
186.103.159.182 - - [18/Apr/2017:09:35:46 -0300] "GET /cormun/static/gxcfg.js?201741111572723 HTTP/1.1" 200 953
186.103.157.98 - - [18/Apr/2017:09:35:46 -0300] "GET /cormun/servlet/hhome HTTP/1.1" 200 4023
186.103.159.182 - - [18/Apr/2017:09:35:46 -0300] "GET /cormun/static/permisosingoceadjunto.js?201741111572731 HTTP/1.1" 200 6883
186.103.159.182 - - [18/Apr/2017:09:35:46 -0300] "GET /cormun/static/about:blank HTTP/1.1" 404 1011
186.103.157.98 - - [18/Apr/2017:09:35:46 -0300] "GET /cormun/servlet/hhome HTTP/1.1" 200 4019
186.103.159.182 - - [18/Apr/2017:09:35:47 -0300] "GET /cormun/servlet/permisosingoceadjunto?INS,69,, HTTP/1.1" 200 5457
186.103.159.182 - - [18/Apr/2017:09:35:47 -0300] "GET /cormun/servlet/permisosingoceadjunto?b0dc1a4cdfc41bd84fdac99874ae4a7a519ca4b86b1c89972afe75500a5d2c52,gx-no-cache=1492519011715 HTTP/1.1" 200 26
192.168.10.13 - - [18/Apr/2017:09:36:05 -0300] "GET / HTTP/1.1" 200 11217
186.103.157.98 - - [18/Apr/2017:09:36:06 -0300] "GET /cormun/servlet/trpermisosgoce? HTTP/1.1" 200 7915
186.103.157.98 - - [18/Apr/2017:09:36:06 -0300] "GET /cormun/static/gxcfg.js?20174111153177 HTTP/1.1" 304 -
186.103.157.98 - - [18/Apr/2017:09:36:06 -0300] "GET /cormun/static/trpermisosgoce.js?20174111153217 HTTP/1.1" 304 -
186.103.157.98 - - [18/Apr/2017:09:36:06 -0300] "GET /cormun/servlet/trpermisosgoce? HTTP/1.1" 200 7913
186.103.159.182 - - [18/Apr/2017:09:36:12 -0300] "POST /cormun/servlet/permisosingoceadjunto?56bd3cb9acc2ab31ebaac2a62ccad8d2,INS,69,, HTTP/1.1" 200 116
186.103.159.182 - - [18/Apr/2017:09:36:12 -0300] "GET /cormun/servlet/hpexe_return? HTTP/1.1" 200 1026
186.103.159.182 - - [18/Apr/2017:09:36:12 -0300] "GET /cormun/servlet/trpermisosingoceadjunto?69,13776601, HTTP/1.1" 200 6535
186.103.159.182 - - [18/Apr/2017:09:36:13 -0300] "GET /cormun/servlet/trpermisosingoceadjunto?69,13776601, HTTP/1.1" 200 6533
186.103.157.98 - - [18/Apr/2017:09:36:16 -0300] "GET /cormun/servlet/trpermisosadjuntos?11889122,20170417172829,P, HTTP/1.1" 200 6333
186.103.157.98 - - [18/Apr/2017:09:36:17 -0300] "GET /cormun/static/gxcfg.js?201731711542659 HTTP/1.1" 200 953
186.103.157.98 - - [18/Apr/2017:09:36:17 -0300] "GET /cormun/static/trpermisosadjuntos.js?201731711542990 HTTP/1.1" 200 20045
186.103.157.98 - - [18/Apr/2017:09:36:17 -0300] "GET /cormun/servlet/trpermisosadjuntos?11889122,20170417172829,P, HTTP/1.1" 200 6334
186.103.157.98 - - [18/Apr/2017:09:36:20 -0300] "GET /cormun/servlet/permisosadjuntos?INS,11889122,P,20170417172829,, HTTP/1.1" 200 5666
186.103.157.98 - - [18/Apr/2017:09:36:20 -0300] "GET /cormun/static/gxcfg.js?201741111155774 HTTP/1.1" 200 953
186.103.157.98 - - [18/Apr/2017:09:36:20 -0300] "GET /cormun/static/permisosadjuntos.js?201741111155784 HTTP/1.1" 200 8724
186.103.157.98 - - [18/Apr/2017:09:36:20 -0300] "GET /cormun/static/about:blank HTTP/1.1" 404 1011
186.103.157.98 - - [18/Apr/2017:09:36:20 -0300] "GET /cormun/servlet/permisosadjuntos?INS,11889122,P,20170417172829,, HTTP/1.1" 200 5656
186.103.159.182 - - [18/Apr/2017:09:36:25 -0300] "POST /cormun/servlet/trpermisosingoceadjunto?56bd3cb9acc2ab31ebaac2a62ccad8d2,69,13776601,,gx-no-cache=1492519049158 HTTP/1.1" 200 90
186.103.159.182 - - [18/Apr/2017:09:36:25 -0300] "GET /cormun/servlet/hpexe_link HTTP/1.1" 200 982
186.103.159.182 - - [18/Apr/2017:09:36:25 -0300] "GET /cormun/servlet/trinasistencia HTTP/1.1" 200 7920
186.67.172.234 - - [18/Apr/2017:09:36:25 -0300] "POST /cormun/servlet/solicitudot?e3786748a855387b67d1a2c8495cf8e6,INS,0,0,,gx-no-cache=1492519048465 HTTP/1.1" 200 93
186.67.172.234 - - [18/Apr/2017:09:36:25 -0300] "GET /cormun/servlet/hpexe_return? HTTP/1.1" 200 1006
186.67.172.234 - - [18/Apr/2017:09:36:26 -0300] "GET /cormun/servlet/trsolicitudot HTTP/1.1" 200 9405
186.67.172.234 - - [18/Apr/2017:09:36:26 -0300] "GET /cormun/servlet/trsolicitudot HTTP/1.1" 200 9401
186.103.159.182 - - [18/Apr/2017:09:36:26 -0300] "GET /cormun/servlet/trinasistencia HTTP/1.1" 200 7919
186.103.159.182 - - [18/Apr/2017:09:36:30 -0300] "GET /cormun/servlet/ainasistenciaprn?69,PU HTTP/1.1" 200 1637
186.67.172.234 - - [18/Apr/2017:09:36:42 -0300] "POST /cormun/servlet/trsolicitudot?e3786748a855387b67d1a2c8495cf8e6,gx-no-cache=1492519064957 HTTP/1.1" 200 106
186.67.172.234 - - [18/Apr/2017:09:36:42 -0300] "GET /cormun/servlet/trsolicitudadjuntos?2017,6106, HTTP/1.1" 200 6143
186.67.172.234 - - [18/Apr/2017:09:36:42 -0300] "GET /cormun/static/gxcfg.js?201731711504543 HTTP/1.1" 200 953
186.67.172.234 - - [18/Apr/2017:09:36:42 -0300] "GET /cormun/static/trsolicitudadjuntos.js?201731711504951 HTTP/1.1" 200 17913
186.67.172.234 - - [18/Apr/2017:09:36:42 -0300] "GET /cormun/servlet/trsolicitudadjuntos?2017,6106, HTTP/1.1" 200 6143
186.67.172.234 - - [18/Apr/2017:09:36:46 -0300] "GET /cormun/servlet/solicitudotadjuntos?INS,2017,6106,,1, HTTP/1.1" 200 6082
186.67.172.234 - - [18/Apr/2017:09:36:46 -0300] "GET /cormun/static/gxcfg.js?201612218465951 HTTP/1.1" 200 953
186.67.172.234 - - [18/Apr/2017:09:36:46 -0300] "GET /cormun/static/solicitudotadjuntos.js?201612218465969 HTTP/1.1" 200 11762
186.67.172.234 - - [18/Apr/2017:09:36:46 -0300] "GET /cormun/static/about:blank HTTP/1.1" 404 1011
186.67.172.234 - - [18/Apr/2017:09:36:46 -0300] "GET /cormun/servlet/solicitudotadjuntos?INS,2017,6106,,1, HTTP/1.1" 200 6076
186.67.172.234 - - [18/Apr/2017:09:36:47 -0300] "GET /cormun/servlet/solicitudotadjuntos?22b812522db8d0c6cce9b900c079a1aa8842c032bfbaf728b59aaa496c07c499bc6fa9b7e4ac5cc88591bea7c2a85dcc,gx-no-cache=1492519070002 HTTP/1.1" 200 30
186.67.172.234 - - [18/Apr/2017:09:36:47 -0300] "POST /cormun/servlet/solicitudotadjuntos?e3786748a855387b67d1a2c8495cf8e6,INS,2017,6106,,1,,gx-no-cache=1492519070084 HTTP/1.1" 200 3830
186.67.172.234 - - [18/Apr/2017:09:36:53 -0300] "POST /cormun/servlet/solicitudotadjuntos?gx-no-cache=1492519076542 HTTP/1.1" 200 26
192.168.10.13 - - [18/Apr/2017:09:37:05 -0300] "GET / HTTP/1.1" 200 11217
186.103.157.98 - - [18/Apr/2017:09:37:20 -0300] "POST /cormun/servlet/permisosadjuntos?4914b2cfb149da558e0794c2be4712e8,INS,11889122,P,20170417172829,, HTTP/1.1" 200 116
186.103.157.98 - - [18/Apr/2017:09:37:20 -0300] "GET /cormun/servlet/hpexe_return? HTTP/1.1" 200 1035
186.103.157.98 - - [18/Apr/2017:09:37:21 -0300] "GET /cormun/servlet/trpermisosadjuntos?11889122,20170417172829,P, HTTP/1.1" 200 6845
186.103.157.98 - - [18/Apr/2017:09:37:21 -0300] "GET /cormun/servlet/trpermisosadjuntos?11889122,20170417172829,P, HTTP/1.1" 200 6842
192.168.10.13 - - [18/Apr/2017:09:38:05 -0300] "GET / HTTP/1.1" 200 11217
186.103.159.182 - - [18/Apr/2017:09:38:06 -0300] "GET /cormun/servlet/trlicencias? HTTP/1.1" 200 6928
186.103.159.182 - - [18/Apr/2017:09:38:07 -0300] "GET /cormun/servlet/trlicencias? HTTP/1.1" 200 6927
186.79.242.96 - - [18/Apr/2017:09:38:14 -0300] "GET /cormun/servlet/hlogin HTTP/1.1" 200 1723
186.79.242.96 - - [18/Apr/2017:09:38:14 -0300] "GET /cormun/static/gxcfg.js?201741110203197 HTTP/1.1" 304 -
186.79.242.96 - - [18/Apr/2017:09:38:14 -0300] "GET /cormun/static/messages.spa.js?85251 HTTP/1.1" 304 -
186.79.242.96 - - [18/Apr/2017:09:38:14 -0300] "GET /cormun/static/hlogin.js?201741110203211 HTTP/1.1" 304 -
186.103.159.182 - - [18/Apr/2017:09:38:19 -0300] "GET /cormun/servlet/trinasistencia? HTTP/1.1" 200 7919
186.79.242.96 - - [18/Apr/2017:09:38:20 -0300] "POST /cormun/servlet/hlogin?c09f42d8a49a8f6e765325d10fe68f4d,gx-no-cache=1492519164478 HTTP/1.1" 200 90
186.79.242.96 - - [18/Apr/2017:09:38:20 -0300] "GET /cormun/servlet/hpexe_link HTTP/1.1" 200 951
186.79.242.96 - - [18/Apr/2017:09:38:20 -0300] "GET /cormun/static/gxcfg.js?201731711483381 HTTP/1.1" 304 -
186.79.242.96 - - [18/Apr/2017:09:38:20 -0300] "GET /cormun/servlet/hhome HTTP/1.1" 200 3811
186.79.242.96 - - [18/Apr/2017:09:38:20 -0300] "GET /cormun/static/gxcfg.js?201731711483497 HTTP/1.1" 304 -
186.103.159.182 - - [18/Apr/2017:09:38:20 -0300] "GET /cormun/servlet/trinasistencia? HTTP/1.1" 200 7919
186.79.242.96 - - [18/Apr/2017:09:38:21 -0300] "GET /cormun/servlet/hhome HTTP/1.1" 200 3808
186.79.242.96 - - [18/Apr/2017:09:38:24 -0300] "GET /cormun/servlet/trlicencias? HTTP/1.1" 200 6651
186.79.242.96 - - [18/Apr/2017:09:38:24 -0300] "GET /cormun/static/gxcfg.js?201741111445981 HTTP/1.1" 304 -
186.79.242.96 - - [18/Apr/2017:09:38:24 -0300] "GET /cormun/static/trlicencias.js?20174111145440 HTTP/1.1" 304 -
186.79.242.96 - - [18/Apr/2017:09:38:24 -0300] "GET /cormun/servlet/trlicencias? HTTP/1.1" 200 6650
186.79.242.96 - - [18/Apr/2017:09:38:26 -0300] "GET /cormun/servlet/licenciaspermisos?INS,0,,, HTTP/1.1" 200 7196
186.79.242.96 - - [18/Apr/2017:09:38:26 -0300] "GET /cormun/static/gxcfg.js?201741111445322 HTTP/1.1" 304 -
186.79.242.96 - - [18/Apr/2017:09:38:26 -0300] "GET /cormun/static/licenciaspermisos.js?201741111445392 HTTP/1.1" 304 -
186.79.242.96 - - [18/Apr/2017:09:38:27 -0300] "GET /cormun/servlet/licenciaspermisos?INS,0,,, HTTP/1.1" 200 7196
186.79.242.96 - - [18/Apr/2017:09:38:35 -0300] "GET /cormun/servlet/licenciaspermisos?1d4a6f500485495d4962ee36715dac809ae83735520d15752870dcacd8e196ac22573859ef6e8e81be822383af894bf4,gx-no-cache=1492519179963 HTTP/1.1" 200 59
186.79.242.96 - - [18/Apr/2017:09:38:35 -0300] "POST /cormun/servlet/licenciaspermisos?c09f42d8a49a8f6e765325d10fe68f4d,INS,0,,,,gx-no-cache=1492519180050 HTTP/1.1" 200 4440
186.67.172.234 - - [18/Apr/2017:09:38:36 -0300] "GET /cormun/servlet/solicitudotadjuntos?22b812522db8d0c6cce9b900c079a1aa3665832ec12161d7ffaf28fc24317021,gx-no-cache=1492519178837 HTTP/1.1" 200 30
186.67.172.234 - - [18/Apr/2017:09:38:36 -0300] "GET /cormun/servlet/solicitudotadjuntos?22b812522db8d0c6cce9b900c079a1aa3665832ec12161d7ffaf28fc24317021,gx-no-cache=1492519178911 HTTP/1.1" 200 30
186.67.172.234 - - [18/Apr/2017:09:38:37 -0300] "POST /cormun/servlet/solicitudotadjuntos?e3786748a855387b67d1a2c8495cf8e6,INS,2017,6106,,1, HTTP/1.1" 200 116
186.67.172.234 - - [18/Apr/2017:09:38:38 -0300] "GET /cormun/servlet/hpexe_return? HTTP/1.1" 200 1024
186.67.172.234 - - [18/Apr/2017:09:38:38 -0300] "GET /cormun/servlet/trsolicitudadjuntos?2017,6106, HTTP/1.1" 200 8309
186.67.172.234 - - [18/Apr/2017:09:38:38 -0300] "GET /cormun/servlet/trsolicitudadjuntos?2017,6106, HTTP/1.1" 200 8306
186.103.159.182 - - [18/Apr/2017:09:38:40 -0300] "GET /cormun/servlet/inasistencia?UPD,69, HTTP/1.1" 200 6901
186.103.159.182 - - [18/Apr/2017:09:38:41 -0300] "GET /cormun/servlet/inasistencia?UPD,69, HTTP/1.1" 200 6902
186.67.172.234 - - [18/Apr/2017:09:38:43 -0300] "POST /cormun/servlet/acontrolpreferencessavestate?None,CSILVIA,true HTTP/1.1" 200 35
186.67.172.234 - - [18/Apr/2017:09:38:46 -0300] "GET /cormun/servlet/solicitudotadjuntos?INS,2017,6106,,2, HTTP/1.1" 200 6082
186.67.172.234 - - [18/Apr/2017:09:38:46 -0300] "GET /cormun/static/about:blank HTTP/1.1" 404 1011
186.67.172.234 - - [18/Apr/2017:09:38:46 -0300] "GET /cormun/servlet/solicitudotadjuntos?INS,2017,6106,,2, HTTP/1.1" 200 6075
186.67.172.234 - - [18/Apr/2017:09:38:47 -0300] "GET /cormun/servlet/solicitudotadjuntos?22b812522db8d0c6cce9b900c079a1aa8842c032bfbaf728b59aaa496c07c499bc6fa9b7e4ac5cc88591bea7c2a85dcc,gx-no-cache=1492519190087 HTTP/1.1" 200 30
186.67.172.234 - - [18/Apr/2017:09:38:47 -0300] "POST /cormun/servlet/solicitudotadjuntos?e3786748a855387b67d1a2c8495cf8e6,INS,2017,6106,,2,,gx-no-cache=1492519190216 HTTP/1.1" 200 4047
186.67.172.234 - - [18/Apr/2017:09:39:01 -0300] "GET /cormun/servlet/trsolicitudadjuntos?2017,6106, HTTP/1.1" 200 8311
186.67.172.234 - - [18/Apr/2017:09:39:01 -0300] "GET /cormun/servlet/trsolicitudadjuntos?2017,6106, HTTP/1.1" 200 8307
186.103.159.182 - - [18/Apr/2017:09:39:04 -0300] "GET /cormun/servlet/inasistencia?b0dc1a4cdfc41bd84fdac99874ae4a7a74879292bf793332698aba83aa3cb6eee6de6194d1c8f234d43519f029b27f1d4f5a247ba80e543fe8a3300f690a7cd80fe2db0fc8e4a9b0082826007231d1845313c4579e8ea110384e86bd574f24afcdf1e5a9ec4e1a01d567841d17ab77ea735d3ce2545a08f9c1e4a6a1180eab12d7bee0dfea1c62474cbf2520b4eead379be629ba35107f813f6004bc4a83879e,gx-no-cache=1492519208160 HTTP/1.1" 200 131
186.103.159.182 - - [18/Apr/2017:09:39:04 -0300] "GET /cormun/static/menuarrow.gif HTTP/1.1" 404 1015
192.168.10.13 - - [18/Apr/2017:09:39:05 -0300] "GET / HTTP/1.1" 200 11217
186.67.172.234 - - [18/Apr/2017:09:39:13 -0300] "POST /cormun/servlet/acontrolpreferencessavestate?None,CSILVIA,true HTTP/1.1" 200 35
186.67.172.234 - - [18/Apr/2017:09:39:15 -0300] "GET /cormun/servlet/solicitudotadjuntos?INS,2017,6106,,2, HTTP/1.1" 200 6081
186.67.172.234 - - [18/Apr/2017:09:39:16 -0300] "GET /cormun/static/about:blank HTTP/1.1" 404 1011
186.67.172.234 - - [18/Apr/2017:09:39:16 -0300] "GET /cormun/servlet/solicitudotadjuntos?INS,2017,6106,,2, HTTP/1.1" 200 6075
186.67.172.234 - - [18/Apr/2017:09:39:16 -0300] "GET /cormun/servlet/solicitudotadjuntos?22b812522db8d0c6cce9b900c079a1aa8842c032bfbaf728b59aaa496c07c499bc6fa9b7e4ac5cc88591bea7c2a85dcc,gx-no-cache=1492519219563 HTTP/1.1" 200 30
186.67.172.234 - - [18/Apr/2017:09:39:19 -0300] "POST /cormun/servlet/solicitudotadjuntos?e3786748a855387b67d1a2c8495cf8e6,INS,2017,6106,,2,,gx-no-cache=1492519219643 HTTP/1.1" 200 4047
186.103.159.182 - - [18/Apr/2017:09:39:28 -0300] "GET /cormun/servlet/inasistencia?b0dc1a4cdfc41bd84fdac99874ae4a7ac4a5dd005cd1cdd5edb3394ff8879342b078a8987da7cf6d09fe6841309cd1e8,gx-no-cache=1492519232500 HTTP/1.1" 200 33
186.67.172.234 - - [18/Apr/2017:09:39:31 -0300] "POST /cormun/servlet/solicitudotadjuntos?e3786748a855387b67d1a2c8495cf8e6,INS,2017,6106,,2,,gx-no-cache=1492519234088 HTTP/1.1" 200 93
186.67.172.234 - - [18/Apr/2017:09:39:31 -0300] "GET /cormun/servlet/hpexe_return? HTTP/1.1" 200 1025
186.67.172.234 - - [18/Apr/2017:09:39:31 -0300] "GET /cormun/servlet/trsolicitudadjuntos?2017,6106, HTTP/1.1" 200 8310
186.67.172.234 - - [18/Apr/2017:09:39:32 -0300] "GET /cormun/servlet/trsolicitudadjuntos?2017,6106, HTTP/1.1" 200 8306
186.103.159.182 - - [18/Apr/2017:09:39:34 -0300] "GET /cormun/servlet/inasistencia?b0dc1a4cdfc41bd84fdac99874ae4a7a0e8d1c6d9d579a058b3793e81d559e3c1ed8033f083f22927f1e719864f97bae7ebc7cf7af5e02a8475e96390f0a4bddb5837cee1f3c7bba7dc6a45f7dbe0bb19c9d4c8cd5e6c90993dd844d4e3974837daf45429f0bfa162c8afe90ebe29b84be725b57889e7f189b0563058989a554761c470aa6ecfd2fa8618a2758dfaa52ea6bf06cf64be68cf2f95538c52603e6,gx-no-cache=1492519238250 HTTP/1.1" 200 126
186.103.159.182 - - [18/Apr/2017:09:39:34 -0300] "GET /cormun/static/Shared/jqueryui/images/ui-bg_highlight-soft_100_c6c2c8_1x100.png HTTP/1.1" 404 1117
186.103.159.182 - - [18/Apr/2017:09:39:34 -0300] "GET /cormun/static/Shared/jqueryui/images/ui-icons_82798d_256x240.png HTTP/1.1" 404 1089
186.103.159.182 - - [18/Apr/2017:09:39:34 -0300] "GET /cormun/static/Shared/jqueryui/images/ui-bg_flat_55_994d53_40x100.png HTTP/1.1" 404 1097
186.103.159.182 - - [18/Apr/2017:09:39:34 -0300] "GET /cormun/static/Shared/jqueryui/images/ui-icons_ebccce_256x240.png HTTP/1.1" 404 1089
192.168.10.96 - - [18/Apr/2017:09:39:34 -0300] "GET /cormun/servlet/vesolicitudnombre?2017,6099,,SolicitudOTAdjuntos HTTP/1.1" 200 10302
186.103.159.182 - - [18/Apr/2017:09:39:34 -0300] "POST /cormun/servlet/inasistencia?56bd3cb9acc2ab31ebaac2a62ccad8d2,UPD,69,,gx-no-cache=1492519238777 HTTP/1.1" 200 4275
186.67.172.234 - - [18/Apr/2017:09:39:35 -0300] "GET /cormun/servlet/solicitudotadjuntos?INS,2017,6106,,1, HTTP/1.1" 200 6082
192.168.10.96 - - [18/Apr/2017:09:39:36 -0300] "GET /cormun/servlet/vesolicitudnombre?2017,6099,,SolicitudOTAdjuntos HTTP/1.1" 200 10305
186.67.172.234 - - [18/Apr/2017:09:39:36 -0300] "GET /cormun/static/about:blank HTTP/1.1" 404 1011
192.168.10.96 - - [18/Apr/2017:09:39:36 -0300] "POST /cormun/servlet/acontrolpreferencessavestate?None,DZAMUDIO,true HTTP/1.1" 200 35
186.67.172.234 - - [18/Apr/2017:09:39:36 -0300] "GET /cormun/servlet/solicitudotadjuntos?INS,2017,6106,,1, HTTP/1.1" 200 6075
186.67.172.234 - - [18/Apr/2017:09:39:36 -0300] "GET /cormun/servlet/solicitudotadjuntos?22b812522db8d0c6cce9b900c079a1aa8842c032bfbaf728b59aaa496c07c499bc6fa9b7e4ac5cc88591bea7c2a85dcc,gx-no-cache=1492519239364 HTTP/1.1" 200 30
186.67.172.234 - - [18/Apr/2017:09:39:36 -0300] "POST /cormun/servlet/solicitudotadjuntos?e3786748a855387b67d1a2c8495cf8e6,INS,2017,6106,,1,,gx-no-cache=1492519239435 HTTP/1.1" 200 3828
192.168.10.96 - - [18/Apr/2017:09:39:38 -0300] "GET /cormun/servlet/trconsultaempleado? HTTP/1.1" 200 6704
192.168.10.96 - - [18/Apr/2017:09:39:38 -0300] "GET /cormun/servlet/trconsultaempleado? HTTP/1.1" 200 6685
186.67.172.234 - - [18/Apr/2017:09:39:44 -0300] "POST /cormun/servlet/solicitudotadjuntos?e3786748a855387b67d1a2c8495cf8e6,INS,2017,6106,,1,,gx-no-cache=1492519247727 HTTP/1.1" 200 93
186.67.172.234 - - [18/Apr/2017:09:39:44 -0300] "GET /cormun/servlet/hpexe_return? HTTP/1.1" 200 1024
186.67.172.234 - - [18/Apr/2017:09:39:45 -0300] "GET /cormun/servlet/trsolicitudadjuntos?2017,6106, HTTP/1.1" 200 8310
186.67.172.234 - - [18/Apr/2017:09:39:45 -0300] "GET /cormun/servlet/trsolicitudadjuntos?2017,6106, HTTP/1.1" 200 8305
186.103.159.182 - - [18/Apr/2017:09:39:46 -0300] "POST /cormun/servlet/inasistencia?56bd3cb9acc2ab31ebaac2a62ccad8d2,UPD,69,,gx-no-cache=1492519250463 HTTP/1.1" 200 90
186.103.159.182 - - [18/Apr/2017:09:39:46 -0300] "GET /cormun/servlet/hpexe_link HTTP/1.1" 200 965
186.103.159.182 - - [18/Apr/2017:09:39:47 -0300] "GET /cormun/servlet/trinasistencia HTTP/1.1" 200 7920
192.168.10.96 - - [18/Apr/2017:09:39:47 -0300] "POST /cormun/servlet/trconsultaempleado?8b6eabe52a967f6aa665ef4e18e07024,,gx-no-cache=1492522461019 HTTP/1.1" 200 4491
186.67.172.234 - - [18/Apr/2017:09:39:47 -0300] "GET /cormun/servlet/solicitudotadjuntos?INS,2017,6106,,2, HTTP/1.1" 200 6081
186.67.172.234 - - [18/Apr/2017:09:39:48 -0300] "GET /cormun/static/about:blank HTTP/1.1" 404 1011
186.67.172.234 - - [18/Apr/2017:09:39:48 -0300] "GET /cormun/servlet/solicitudotadjuntos?INS,2017,6106,,2, HTTP/1.1" 200 6074
186.103.159.182 - - [18/Apr/2017:09:39:48 -0300] "GET /cormun/servlet/trinasistencia HTTP/1.1" 200 7919
186.67.172.234 - - [18/Apr/2017:09:39:48 -0300] "GET /cormun/servlet/solicitudotadjuntos?22b812522db8d0c6cce9b900c079a1aa8842c032bfbaf728b59aaa496c07c499bc6fa9b7e4ac5cc88591bea7c2a85dcc,gx-no-cache=1492519251508 HTTP/1.1" 200 30
186.67.172.234 - - [18/Apr/2017:09:39:48 -0300] "POST /cormun/servlet/solicitudotadjuntos?e3786748a855387b67d1a2c8495cf8e6,INS,2017,6106,,2,,gx-no-cache=1492519251582 HTTP/1.1" 200 4046
186.103.159.182 - - [18/Apr/2017:09:39:51 -0300] "GET /cormun/servlet/inasistencia?DLT,69, HTTP/1.1" 200 6714
186.103.159.182 - - [18/Apr/2017:09:39:52 -0300] "GET /cormun/static/Shared/jqueryui/images/ui-bg_highlight-soft_100_c6c2c8_1x100.png HTTP/1.1" 404 1117
186.103.159.182 - - [18/Apr/2017:09:39:52 -0300] "GET /cormun/static/Shared/jqueryui/images/ui-icons_82798d_256x240.png HTTP/1.1" 404 1089
186.103.159.182 - - [18/Apr/2017:09:39:52 -0300] "GET /cormun/static/Shared/jqueryui/images/ui-icons_8d78a5_256x240.png HTTP/1.1" 404 1089
186.103.159.182 - - [18/Apr/2017:09:39:52 -0300] "GET /cormun/static/Shared/jqueryui/images/ui-bg_flat_55_fafafa_40x100.png HTTP/1.1" 404 1097
186.103.159.182 - - [18/Apr/2017:09:39:52 -0300] "GET /cormun/servlet/inasistencia?DLT,69, HTTP/1.1" 200 6715
186.67.172.234 - - [18/Apr/2017:09:39:53 -0300] "POST /cormun/servlet/solicitudotadjuntos?e3786748a855387b67d1a2c8495cf8e6,INS,2017,6106,,2,,gx-no-cache=1492519256367 HTTP/1.1" 200 93
186.67.172.234 - - [18/Apr/2017:09:39:53 -0300] "GET /cormun/servlet/hpexe_return? HTTP/1.1" 200 1025
186.67.172.234 - - [18/Apr/2017:09:39:53 -0300] "GET /cormun/servlet/trsolicitudadjuntos?2017,6106, HTTP/1.1" 200 8310
186.67.172.234 - - [18/Apr/2017:09:39:54 -0300] "GET /cormun/servlet/trsolicitudadjuntos?2017,6106, HTTP/1.1" 200 8305
186.67.172.234 - - [18/Apr/2017:09:39:58 -0300] "POST /cormun/servlet/trsolicitudadjuntos?e3786748a855387b67d1a2c8495cf8e6,2017,6106,,gx-no-cache=1492519260679 HTTP/1.1" 200 90
186.67.172.234 - - [18/Apr/2017:09:39:58 -0300] "GET /cormun/servlet/hpexe_link HTTP/1.1" 200 969
