186.67.172.234 - - [18/Apr/2017:09:51:10 -0300] "GET /favicon.ico HTTP/1.1" 200 21630
186.67.172.234 - - [18/Apr/2017:09:51:11 -0300] "GET /cormun/servlet/solicitudotadjuntos?22b812522db8d0c6cce9b900c079a1aa1ed3c0dc9951a0ac1f8b78ae7320d076c3373d6d4dea4af0cd869bc669ebbc23,gx-no-cache=1492519933776 HTTP/1.1" 200 30
186.67.172.234 - - [18/Apr/2017:09:51:11 -0300] "POST /cormun/servlet/solicitudotadjuntos?e3786748a855387b67d1a2c8495cf8e6,INS,2017,6104,,1,,gx-no-cache=1492519933833 HTTP/1.1" 200 3862
186.103.159.44 - - [18/Apr/2017:09:51:12 -0300] "GET /cormun/servlet/hlogin HTTP/1.1" 200 1729
186.103.159.44 - - [18/Apr/2017:09:51:14 -0300] "GET /cormun/servlet/hlogin HTTP/1.1" 200 1739
186.103.156.166 - - [18/Apr/2017:09:51:39 -0300] "GET /cormun/servlet/trpermisosgoce? HTTP/1.1" 200 8046
186.103.156.166 - - [18/Apr/2017:09:51:39 -0300] "GET /cormun/static/gxcfg.js?20174111153177 HTTP/1.1" 304 -
186.103.156.166 - - [18/Apr/2017:09:51:39 -0300] "GET /cormun/static/trpermisosgoce.js?20174111153217 HTTP/1.1" 304 -
186.103.156.166 - - [18/Apr/2017:09:51:40 -0300] "GET /cormun/servlet/trpermisosgoce? HTTP/1.1" 200 8044
186.79.226.236 - - [18/Apr/2017:09:51:49 -0300] "GET /cormun/servlet/hhome HTTP/1.1" 200 3319
186.79.226.236 - - [18/Apr/2017:09:51:49 -0300] "GET /cormun/static/gxcfg.js?201731711483497 HTTP/1.1" 304 -
186.79.226.236 - - [18/Apr/2017:09:51:50 -0300] "GET /cormun/static/messages.spa.js?85251 HTTP/1.1" 304 -
186.79.226.236 - - [18/Apr/2017:09:51:50 -0300] "GET /cormun/servlet/hhome HTTP/1.1" 200 3328
186.79.226.236 - - [18/Apr/2017:09:51:50 -0300] "GET /cormun/servlet/hlogin HTTP/1.1" 200 1727
186.79.226.236 - - [18/Apr/2017:09:51:51 -0300] "GET /cormun/static/gxcfg.js?201741110203197 HTTP/1.1" 304 -
186.79.226.236 - - [18/Apr/2017:09:51:51 -0300] "GET /cormun/static/hlogin.js?201741110203211 HTTP/1.1" 304 -
186.103.156.166 - - [18/Apr/2017:09:51:51 -0300] "GET /cormun/servlet/permisogoce?INS,0,,, HTTP/1.1" 200 6495
186.103.156.166 - - [18/Apr/2017:09:51:51 -0300] "GET /cormun/static/gxcfg.js?201741111325459 HTTP/1.1" 304 -
186.103.156.166 - - [18/Apr/2017:09:51:51 -0300] "GET /cormun/static/permisogoce.js?20174111132557 HTTP/1.1" 304 -
186.103.156.166 - - [18/Apr/2017:09:51:52 -0300] "GET /cormun/servlet/permisogoce?INS,0,,, HTTP/1.1" 200 6495
186.79.226.236 - - [18/Apr/2017:09:51:52 -0300] "POST /cormun/servlet/hlogin?cc2bb3cf8000fc821d9350861b58fe50,gx-no-cache=1492519977222 HTTP/1.1" 200 90
186.79.226.236 - - [18/Apr/2017:09:51:52 -0300] "GET /cormun/servlet/hpexe_link HTTP/1.1" 200 946
186.79.226.236 - - [18/Apr/2017:09:51:52 -0300] "GET /cormun/static/gxcfg.js?201731711483381 HTTP/1.1" 304 -
186.79.226.236 - - [18/Apr/2017:09:51:53 -0300] "GET /cormun/servlet/hhome HTTP/1.1" 200 3718
186.79.226.236 - - [18/Apr/2017:09:51:53 -0300] "GET /cormun/servlet/hhome HTTP/1.1" 200 3714
192.168.10.13 - - [18/Apr/2017:09:52:05 -0300] "GET / HTTP/1.1" 200 11217
186.103.159.44 - - [18/Apr/2017:09:52:09 -0300] "POST /cormun/servlet/hlogin?2e3755e2560f4c57b92f5471685a4de4,gx-no-cache=1492519991393 HTTP/1.1" 200 90
186.103.159.44 - - [18/Apr/2017:09:52:09 -0300] "GET /cormun/servlet/hpexe_link HTTP/1.1" 200 958
186.103.159.44 - - [18/Apr/2017:09:52:09 -0300] "GET /cormun/servlet/hhome HTTP/1.1" 200 3787
186.79.226.236 - - [18/Apr/2017:09:52:14 -0300] "GET /cormun/servlet/trpermisosgoce? HTTP/1.1" 200 7341
186.103.159.44 - - [18/Apr/2017:09:52:14 -0300] "GET /cormun/servlet/trpermisosgoce? HTTP/1.1" 200 8857
186.79.226.236 - - [18/Apr/2017:09:52:14 -0300] "GET /cormun/static/gxcfg.js?20174111153177 HTTP/1.1" 304 -
186.79.226.236 - - [18/Apr/2017:09:52:14 -0300] "GET /cormun/static/trpermisosgoce.js?20174111153217 HTTP/1.1" 304 -
186.103.159.44 - - [18/Apr/2017:09:52:14 -0300] "GET /cormun/static/gxcfg.js?20174111153177 HTTP/1.1" 304 -
186.103.159.44 - - [18/Apr/2017:09:52:14 -0300] "GET /cormun/static/trpermisosgoce.js?20174111153217 HTTP/1.1" 304 -
186.79.226.236 - - [18/Apr/2017:09:52:14 -0300] "GET /cormun/servlet/trpermisosgoce? HTTP/1.1" 200 7341
186.103.159.44 - - [18/Apr/2017:09:52:22 -0300] "GET /cormun/servlet/trpermisosadjuntos?15991764,20170413155706,P, HTTP/1.1" 200 6105
186.103.159.44 - - [18/Apr/2017:09:52:22 -0300] "GET /cormun/static/gxcfg.js?201731711542659 HTTP/1.1" 304 -
186.103.159.44 - - [18/Apr/2017:09:52:22 -0300] "GET /cormun/static/trpermisosadjuntos.js?201731711542990 HTTP/1.1" 304 -
186.103.159.44 - - [18/Apr/2017:09:52:26 -0300] "GET /cormun/servlet/permisosadjuntos?INS,15991764,P,20170413155706,, HTTP/1.1" 200 5430
186.103.159.44 - - [18/Apr/2017:09:52:27 -0300] "GET /cormun/static/permisosadjuntos.js?201741111155784 HTTP/1.1" 200 8724
186.103.159.44 - - [18/Apr/2017:09:52:27 -0300] "GET /cormun/static/gxcfg.js?201741111155774 HTTP/1.1" 200 953
186.103.159.44 - - [18/Apr/2017:09:52:27 -0300] "HEAD /cormun/static/about:blank HTTP/1.1" 404 -
186.103.156.166 - - [18/Apr/2017:09:52:41 -0300] "GET /cormun/servlet/permisogoce?3c34dda91bde8d00484eddbdc2f4271006f1b528e35448594c23bc6cc0f4138135f6d81926da841f99cbfea9b752d689,gx-no-cache=1492523620297 HTTP/1.1" 200 70
186.103.156.166 - - [18/Apr/2017:09:52:47 -0300] "GET /cormun/static/menuarrow.gif HTTP/1.1" 404 1015
186.103.159.44 - - [18/Apr/2017:09:52:49 -0300] "POST /cormun/servlet/permisosadjuntos?2e3755e2560f4c57b92f5471685a4de4,INS,15991764,P,20170413155706,, HTTP/1.1" 200 116
186.103.159.44 - - [18/Apr/2017:09:52:49 -0300] "GET /cormun/servlet/hpexe_return? HTTP/1.1" 200 1045
186.103.159.44 - - [18/Apr/2017:09:52:50 -0300] "GET /cormun/servlet/trpermisosadjuntos?15991764,20170413155706,P, HTTP/1.1" 200 6599
186.103.159.44 - - [18/Apr/2017:09:52:52 -0300] "GET /cormun/PublicTempStorage/permiso_administrativo_natalia_perez6588096.pdf HTTP/1.1" 200 444570
186.103.159.44 - - [18/Apr/2017:09:52:56 -0300] "GET /cormun/servlet/trpermisosgoce? HTTP/1.1" 200 8859
186.79.226.236 - - [18/Apr/2017:09:53:03 -0300] "GET /cormun/servlet/permisogoce?INS,0,,, HTTP/1.1" 200 6500
186.79.226.236 - - [18/Apr/2017:09:53:03 -0300] "GET /cormun/static/gxcfg.js?201741111325459 HTTP/1.1" 304 -
186.79.226.236 - - [18/Apr/2017:09:53:03 -0300] "GET /cormun/static/permisogoce.js?20174111132557 HTTP/1.1" 304 -
186.79.226.236 - - [18/Apr/2017:09:53:04 -0300] "GET /cormun/servlet/permisogoce?INS,0,,, HTTP/1.1" 200 6500
192.168.10.13 - - [18/Apr/2017:09:53:05 -0300] "GET / HTTP/1.1" 200 11217
186.103.156.166 - - [18/Apr/2017:09:53:07 -0300] "GET /cormun/servlet/permisogoce?3c34dda91bde8d00484eddbdc2f4271004f1ab014a8cb48597c3203a1e89bed5835ac72d5301350653ef10eafc98f531778556f42758900a1cb7090bf9a74e71,gx-no-cache=1492523646505 HTTP/1.1" 200 47
186.103.159.44 - - [18/Apr/2017:09:53:11 -0300] "POST /cormun/servlet/trpermisosgoce?2e3755e2560f4c57b92f5471685a4de4,,gx-no-cache=1492520053003 HTTP/1.1" 200 5967
186.103.159.44 - - [18/Apr/2017:09:53:11 -0300] "GET /cormun/static/Shared/jqueryui/images/ui-icons_82798d_256x240.png HTTP/1.1" 404 1089
186.103.159.44 - - [18/Apr/2017:09:53:11 -0300] "GET /cormun/static/Shared/jqueryui/images/ui-bg_highlight-soft_100_c6c2c8_1x100.png HTTP/1.1" 404 1117
186.103.159.44 - - [18/Apr/2017:09:53:11 -0300] "GET /cormun/static/Shared/jqueryui/images/ui-bg_flat_55_fafafa_40x100.png HTTP/1.1" 404 1097
186.103.159.44 - - [18/Apr/2017:09:53:11 -0300] "GET /cormun/static/Shared/jqueryui/images/ui-icons_8d78a5_256x240.png HTTP/1.1" 404 1089
186.103.159.44 - - [18/Apr/2017:09:53:26 -0300] "GET /cormun/servlet/trlicencias? HTTP/1.1" 200 6628
186.103.159.44 - - [18/Apr/2017:09:53:26 -0300] "GET /cormun/static/gxcfg.js?201741111445981 HTTP/1.1" 304 -
186.103.159.44 - - [18/Apr/2017:09:53:26 -0300] "GET /cormun/static/trlicencias.js?20174111145440 HTTP/1.1" 304 -
186.103.159.44 - - [18/Apr/2017:09:53:31 -0300] "GET /cormun/servlet/licenciaspermisos?INS,0,,, HTTP/1.1" 200 7175
186.103.159.44 - - [18/Apr/2017:09:53:31 -0300] "GET /cormun/static/licenciaspermisos.js?201741111445392 HTTP/1.1" 304 -
186.103.159.44 - - [18/Apr/2017:09:53:31 -0300] "GET /cormun/static/gxcfg.js?201741111445322 HTTP/1.1" 304 -
186.103.156.166 - - [18/Apr/2017:09:53:51 -0300] "POST /cormun/servlet/permisogoce?542dda2488c0912c9ce35ea4a60bafce,INS,0,,,,gx-no-cache=1492523690451 HTTP/1.1" 200 93
186.103.156.166 - - [18/Apr/2017:09:53:51 -0300] "GET /cormun/servlet/hpexe_return? HTTP/1.1" 200 1010
186.103.156.166 - - [18/Apr/2017:09:53:51 -0300] "GET /cormun/static/gxcfg.js?2016101716175148 HTTP/1.1" 304 -
186.103.156.166 - - [18/Apr/2017:09:53:52 -0300] "GET /cormun/servlet/trpermisosgoce HTTP/1.1" 200 8278
186.103.156.166 - - [18/Apr/2017:09:53:52 -0300] "GET /cormun/servlet/trpermisosgoce HTTP/1.1" 200 8274
186.103.156.166 - - [18/Apr/2017:09:54:00 -0300] "GET /cormun/servlet/apermisogoceprn?10453079,P,20170418104825,PU HTTP/1.1" 200 1644
192.168.10.13 - - [18/Apr/2017:09:54:05 -0300] "GET / HTTP/1.1" 200 11217
186.79.226.236 - - [18/Apr/2017:09:54:09 -0300] "GET /cormun/servlet/permisogoce?35fa5de1218b38becd44c367d1b3e3c23915c8a644a0692b913ae87ba959e1fc52afab3d718ce44d1a8e0af75270ae87,gx-no-cache=1492520113977 HTTP/1.1" 200 74
186.103.159.46 - - [18/Apr/2017:09:54:22 -0300] "GET /cormun/servlet/licenciaspermisos?c1c2d7495f12f3b497a09924619f7c4e1724d091d67cb8258f0daa4422816b3eac032a872cb540e54607b6e575f23b0e41f6b5ab8d9f233ba2a46b6cff43f6913a02ef7f95b26e0b223224bc1353ec3fab7a25197eaa82d35adadc588f47dcaba27f4ed91f51155851ecf9362025ab8a599d9c25900a344afc7c461987d300342565590f531f51095b827cd0d8af702e9c50cb96a8748a68bd0883f90ebb75430f39819603aba2b3e99afbd1e396e8e9,gx-no-cache=1492520125752 HTTP/1.1" 200 30
186.103.159.46 - - [18/Apr/2017:09:54:22 -0300] "POST /cormun/servlet/licenciaspermisos?3e1240f9e1b3cc8070cdd12fdb81eca0,INS,0,,,,gx-no-cache=1492520126267 HTTP/1.1" 200 4519
186.103.159.46 - - [18/Apr/2017:09:54:24 -0300] "GET /cormun/servlet/licenciaspermisos?c1c2d7495f12f3b497a09924619f7c4e463610fd20d96913b71ded288f268fc65cf36e61c018b9b0383f5e726aef24fb130efdc53de62f699eb73f5f5b5498ba9165398584cd0a7b1197835a348801a3,gx-no-cache=1492520128526 HTTP/1.1" 200 65
186.103.159.46 - - [18/Apr/2017:09:54:24 -0300] "POST /cormun/servlet/licenciaspermisos?3e1240f9e1b3cc8070cdd12fdb81eca0,INS,0,,,,gx-no-cache=1492520128655 HTTP/1.1" 200 4509
186.79.226.236 - - [18/Apr/2017:09:54:32 -0300] "GET /cormun/servlet/permisogoce?35fa5de1218b38becd44c367d1b3e3c240b2322dfa6457456928239f6d94bf9d16efbd362df03b4c27be984487091874b1bde8273e87ba8cf44624a9f4fddc3c,gx-no-cache=1492520136556 HTTP/1.1" 200 48
186.103.159.44 - - [18/Apr/2017:09:54:52 -0300] "GET /cormun/servlet/licenciaspermisos?27799f86a124e1500b2747320b1e7a3c55c352a855dbd6d255ee18c206487db1e4d6145b64da2f41a2c360a0ea950605,gx-no-cache=1492520154042 HTTP/1.1" 200 63
186.103.159.44 - - [18/Apr/2017:09:54:52 -0300] "POST /cormun/servlet/licenciaspermisos?2e3755e2560f4c57b92f5471685a4de4,INS,0,,,,gx-no-cache=1492520154121 HTTP/1.1" 200 4425
186.79.226.236 - - [18/Apr/2017:09:55:00 -0300] "POST /cormun/servlet/permisogoce?cc2bb3cf8000fc821d9350861b58fe50,INS,0,,,,gx-no-cache=1492520164409 HTTP/1.1" 200 93
186.79.226.236 - - [18/Apr/2017:09:55:00 -0300] "GET /cormun/servlet/hpexe_return? HTTP/1.1" 200 1003
186.79.226.236 - - [18/Apr/2017:09:55:01 -0300] "GET /cormun/static/gxcfg.js?2016101716175148 HTTP/1.1" 304 -
186.79.226.236 - - [18/Apr/2017:09:55:01 -0300] "GET /cormun/servlet/trpermisosgoce HTTP/1.1" 200 7564
186.79.226.236 - - [18/Apr/2017:09:55:02 -0300] "GET /cormun/servlet/trpermisosgoce HTTP/1.1" 200 7560
192.168.10.13 - - [18/Apr/2017:09:55:05 -0300] "GET / HTTP/1.1" 200 11217
186.103.159.46 - - [18/Apr/2017:09:55:09 -0300] "GET /cormun/servlet/prfichaempleado?,MD,,gxPopupLevel%3D0%3B HTTP/1.1" 200 8799
186.103.159.44 - - [18/Apr/2017:09:55:12 -0300] "GET /cormun/static/menuarrow.gif HTTP/1.1" 404 1015
186.79.242.96 - - [18/Apr/2017:09:55:20 -0300] "GET /cormun/static/menuarrow.gif HTTP/1.1" 404 1015
186.103.159.46 - - [18/Apr/2017:09:55:31 -0300] "POST /cormun/servlet/prfichaempleado?3e1240f9e1b3cc8070cdd12fdb81eca0,,MD,,gxPopupLevel%3D0%3B,gx-no-cache=1492520195078 HTTP/1.1" 200 5893
186.103.159.46 - - [18/Apr/2017:09:55:31 -0300] "GET /cormun/static/Resources/PXToolsGridNext.gif HTTP/1.1" 200 369
186.103.159.46 - - [18/Apr/2017:09:55:31 -0300] "GET /cormun/static/Resources/PXToolsGridLast.gif HTTP/1.1" 200 370
186.79.226.236 - - [18/Apr/2017:09:55:40 -0300] "GET /cormun/servlet/apermisogoceprn?11364586,P,20170418104934,PU HTTP/1.1" 200 1653
186.103.159.46 - - [18/Apr/2017:09:55:48 -0300] "POST /cormun/servlet/prfichaempleado?3e1240f9e1b3cc8070cdd12fdb81eca0,,MD,,gxPopupLevel%3D0%3B,gx-no-cache=1492520211706 HTTP/1.1" 200 3427
192.168.10.13 - - [18/Apr/2017:09:56:05 -0300] "GET / HTTP/1.1" 200 11217
186.79.242.96 - - [18/Apr/2017:09:56:19 -0300] "GET /cormun/servlet/licenciaspermisos?1d4a6f500485495d4962ee36715dac80d00e9fa3cd84002617a1ffadaa69ab8b05909a4dc92fca03d3b58c8d3ac82639d03738f87c1b8dc963154cb03f6324afcc5ad1f9b22b911f461978018caa2c6e6ea99fd2e70315366036dbfc3f4e2ac086f48bdd95e396bdee0287dac1dbccbe8c5c92c7d475589f0e5ee5ccbcafcf19d6e8df6ff3d0e18bcd762a096c751653e174a176a8b9eabc00b4a0770d7e229201de60a2ad1a83076533086450f01e268557490a212e4e57e3066c16cc4548339ae7adad9880657737998a8987cc00ed65986fe445ca0776795471e0b3f3d078,gx-no-cache=1492520243933 HTTP/1.1" 200 30
186.79.242.96 - - [18/Apr/2017:09:56:19 -0300] "GET /cormun/servlet/licenciaspermisos?1d4a6f500485495d4962ee36715dac8073bba576064aa27b7ab8ba835de1c13d7017b2d47784ea3c8d8cb93542424d06c110ea7275685768e92844c017ed30623a13c849da47f6fd090bb94a3eadb54935fd54785b72b4d5b01b5c0a4e3b0e440587c9978eb783e29af5623f1b11cd9e3463fcaba8c36ebe6c1f14d0f53c7261c2b3ace7e9870ef3b532133a32e98965eea8454b10b947e3c0e3a6e830ed0d4c3591c3adfbdc3209920d25891230c7b66982ae4ec26b9f31f06a90b9466d762563a238b80d261649e3f86455c91f282ccfcd13a2483de7d59c9a02094247e5e8,gx-no-cache=1492520244025 HTTP/1.1" 200 29
186.79.242.96 - - [18/Apr/2017:09:56:19 -0300] "POST /cormun/servlet/licenciaspermisos?c09f42d8a49a8f6e765325d10fe68f4d,INS,0,,,,gx-no-cache=1492520244109 HTTP/1.1" 200 4600
186.79.242.96 - - [18/Apr/2017:09:56:20 -0300] "GET /cormun/static/Shared/jqueryui/images/ui-bg_highlight-soft_100_c6c2c8_1x100.png HTTP/1.1" 404 1117
186.79.242.96 - - [18/Apr/2017:09:56:20 -0300] "GET /cormun/static/Shared/jqueryui/images/ui-icons_82798d_256x240.png HTTP/1.1" 404 1089
186.79.242.96 - - [18/Apr/2017:09:56:20 -0300] "GET /cormun/static/Shared/jqueryui/images/ui-bg_flat_55_994d53_40x100.png HTTP/1.1" 404 1097
186.79.242.96 - - [18/Apr/2017:09:56:20 -0300] "GET /cormun/static/Shared/jqueryui/images/ui-icons_ebccce_256x240.png HTTP/1.1" 404 1089
186.103.159.46 - - [18/Apr/2017:09:56:41 -0300] "GET /cormun/servlet/licenciaspermisos?c1c2d7495f12f3b497a09924619f7c4ed3cbcf7556006db7b0ef805346e72adcf2f139c3035ca64df456036cbcdd9e64f4f78652be669a378a83bdcd501889b5f67d2c5d9c7363e918462546f13f972a90732aa297309ef881772ff7c9e912c8a90d33cfec391ac5233bb7ec289305f7debe57de55724dc5cc535618541fcb2610cc44fd5458c4e7fbb6ec500f5692748d9aeffcc71752b711fb4a3a29f84b67f402cc8f6918295f662214c193d54e5f,gx-no-cache=1492520265168 HTTP/1.1" 200 71
186.103.159.46 - - [18/Apr/2017:09:56:41 -0300] "POST /cormun/servlet/licenciaspermisos?3e1240f9e1b3cc8070cdd12fdb81eca0,INS,0,,,,gx-no-cache=1492520265297 HTTP/1.1" 200 93
186.103.159.46 - - [18/Apr/2017:09:56:41 -0300] "GET /cormun/servlet/hpexe_return? HTTP/1.1" 200 1012
186.103.159.46 - - [18/Apr/2017:09:56:41 -0300] "GET /cormun/static/gxcfg.js?2016101716175148 HTTP/1.1" 304 -
186.103.159.46 - - [18/Apr/2017:09:56:41 -0300] "GET /cormun/servlet/trlicencias HTTP/1.1" 200 7841
186.103.159.46 - - [18/Apr/2017:09:56:43 -0300] "GET /cormun/servlet/trlicencias HTTP/1.1" 200 7837
186.79.242.96 - - [18/Apr/2017:09:56:51 -0300] "GET /cormun/servlet/licenciaspermisos?1d4a6f500485495d4962ee36715dac80d00e9fa3cd84002617a1ffadaa69ab8b05909a4dc92fca03d3b58c8d3ac82639d03738f87c1b8dc963154cb03f6324afcc5ad1f9b22b911f461978018caa2c6e6ea99fd2e70315366036dbfc3f4e2ac086f48bdd95e396bdee0287dac1dbccbe8c5c92c7d475589f0e5ee5ccbcafcf19d6e8df6ff3d0e18bcd762a096c751653e174a176a8b9eabc00b4a0770d7e229201de60a2ad1a83076533086450f01e268557490a212e4e57e3066c16cc4548339ae7adad9880657737998a8987cc00ed65986fe445ca0776795471e0b3f3d078,gx-no-cache=1492520276032 HTTP/1.1" 200 30
186.79.242.96 - - [18/Apr/2017:09:56:51 -0300] "GET /cormun/servlet/licenciaspermisos?1d4a6f500485495d4962ee36715dac8073bba576064aa27b7ab8ba835de1c13d7017b2d47784ea3c8d8cb93542424d06c110ea7275685768e92844c017ed30623a13c849da47f6fd090bb94a3eadb54935fd54785b72b4d5b01b5c0a4e3b0e440587c9978eb783e29af5623f1b11cd9e3463fcaba8c36ebe6c1f14d0f53c7261c2b3ace7e9870ef3b532133a32e98965eea8454b10b947e3c0e3a6e830ed0d4c3591c3adfbdc3209920d25891230c7b66982ae4ec26b9f31f06a90b9466d762563a238b80d261649e3f86455c91f282ccfcd13a2483de7d59c9a02094247e5e8,gx-no-cache=1492520276166 HTTP/1.1" 200 29
186.79.242.96 - - [18/Apr/2017:09:56:52 -0300] "POST /cormun/servlet/licenciaspermisos?c09f42d8a49a8f6e765325d10fe68f4d,INS,0,,,,gx-no-cache=1492520276276 HTTP/1.1" 200 93
186.79.242.96 - - [18/Apr/2017:09:56:52 -0300] "GET /cormun/servlet/hpexe_return? HTTP/1.1" 200 1010
186.79.242.96 - - [18/Apr/2017:09:56:52 -0300] "GET /cormun/static/Resources/Spanish/PXTools.css?167811 HTTP/1.1" 304 -
186.79.242.96 - - [18/Apr/2017:09:56:52 -0300] "GET /cormun/static/gxcfg.js?2016101716175148 HTTP/1.1" 304 -
186.79.242.96 - - [18/Apr/2017:09:56:52 -0300] "GET /cormun/static/hpexe_return.js?2016101716175153 HTTP/1.1" 304 -
186.79.242.96 - - [18/Apr/2017:09:56:52 -0300] "GET /cormun/servlet/trlicencias HTTP/1.1" 200 7820
186.79.242.96 - - [18/Apr/2017:09:56:53 -0300] "GET /cormun/servlet/trlicencias HTTP/1.1" 200 7815
186.103.159.46 - - [18/Apr/2017:09:56:56 -0300] "GET /cormun/servlet/licenciaspermisos?DLT,9728353,L,20170418000000, HTTP/1.1" 200 6870
186.103.159.46 - - [18/Apr/2017:09:56:57 -0300] "GET /cormun/static/Shared/jqueryui/images/ui-bg_highlight-soft_100_c6c2c8_1x100.png HTTP/1.1" 404 1117
186.103.159.46 - - [18/Apr/2017:09:56:57 -0300] "GET /cormun/static/Shared/jqueryui/images/ui-icons_82798d_256x240.png HTTP/1.1" 404 1089
186.103.159.46 - - [18/Apr/2017:09:56:57 -0300] "GET /cormun/static/Shared/jqueryui/images/ui-bg_flat_55_fafafa_40x100.png HTTP/1.1" 404 1097
186.103.159.46 - - [18/Apr/2017:09:56:57 -0300] "GET /cormun/static/Shared/jqueryui/images/ui-icons_8d78a5_256x240.png HTTP/1.1" 404 1089
186.103.159.46 - - [18/Apr/2017:09:56:57 -0300] "GET /cormun/servlet/licenciaspermisos?DLT,9728353,L,20170418000000, HTTP/1.1" 200 6870
192.168.10.13 - - [18/Apr/2017:09:57:05 -0300] "GET / HTTP/1.1" 200 11217
186.103.159.46 - - [18/Apr/2017:09:57:24 -0300] "POST /cormun/servlet/licenciaspermisos?3e1240f9e1b3cc8070cdd12fdb81eca0,DLT,9728353,L,20170418000000,,gx-no-cache=1492520307944 HTTP/1.1" 200 93
186.103.159.46 - - [18/Apr/2017:09:57:24 -0300] "GET /cormun/servlet/hpexe_return? HTTP/1.1" 200 1028
186.103.159.46 - - [18/Apr/2017:09:57:24 -0300] "GET /cormun/servlet/trlicencias HTTP/1.1" 200 6626
186.103.159.46 - - [18/Apr/2017:09:57:26 -0300] "GET /cormun/servlet/trlicencias HTTP/1.1" 200 6621
186.103.159.46 - - [18/Apr/2017:09:57:30 -0300] "GET /cormun/servlet/licenciaspermisos?INS,0,,, HTTP/1.1" 200 7172
186.103.159.46 - - [18/Apr/2017:09:57:31 -0300] "GET /cormun/servlet/licenciaspermisos?INS,0,,, HTTP/1.1" 200 7172
186.103.159.46 - - [18/Apr/2017:09:58:01 -0300] "GET /cormun/servlet/licenciaspermisos?c1c2d7495f12f3b497a09924619f7c4eb19063b641cc0d2f268509f4dd865e0481132bc190ded1b8db72a47aefa7d024,gx-no-cache=1492520345536 HTTP/1.1" 200 69
186.103.159.46 - - [18/Apr/2017:09:58:01 -0300] "POST /cormun/servlet/licenciaspermisos?3e1240f9e1b3cc8070cdd12fdb81eca0,INS,0,,,,gx-no-cache=1492520345707 HTTP/1.1" 200 4421
186.79.242.96 - - [18/Apr/2017:09:58:04 -0300] "GET /cormun/servlet/trlicenciaspermisosadjuntos?7329371,20170418000000,L, HTTP/1.1" 200 6156
186.79.242.96 - - [18/Apr/2017:09:58:05 -0300] "GET /cormun/static/gxcfg.js?20173171154619 HTTP/1.1" 304 -
186.79.242.96 - - [18/Apr/2017:09:58:05 -0300] "GET /cormun/static/trlicenciaspermisosadjuntos.js?20173171154971 HTTP/1.1" 304 -
186.79.242.96 - - [18/Apr/2017:09:58:05 -0300] "GET /cormun/servlet/trlicenciaspermisosadjuntos?7329371,20170418000000,L, HTTP/1.1" 200 6156
192.168.10.13 - - [18/Apr/2017:09:58:05 -0300] "GET / HTTP/1.1" 200 11217
186.79.242.96 - - [18/Apr/2017:09:58:07 -0300] "GET /cormun/servlet/licenciaspermisosadjuntos?INS,7329371,L,20170418000000,, HTTP/1.1" 200 5447
186.79.242.96 - - [18/Apr/2017:09:58:07 -0300] "GET /cormun/static/gxcfg.js?201731711421170 HTTP/1.1" 304 -
186.79.242.96 - - [18/Apr/2017:09:58:07 -0300] "GET /cormun/static/licenciaspermisosadjuntos.js?201731711421181 HTTP/1.1" 304 -
186.79.242.96 - - [18/Apr/2017:09:58:07 -0300] "GET /cormun/static/about:blank HTTP/1.1" 404 1011
186.79.242.96 - - [18/Apr/2017:09:58:08 -0300] "GET /cormun/servlet/licenciaspermisosadjuntos?INS,7329371,L,20170418000000,, HTTP/1.1" 200 5437
186.79.226.236 - - [18/Apr/2017:09:58:14 -0300] "GET /cormun/servlet/permisogoce?INS,0,,, HTTP/1.1" 200 6500
186.79.226.236 - - [18/Apr/2017:09:58:15 -0300] "GET /cormun/servlet/permisogoce?INS,0,,, HTTP/1.1" 200 6500
186.79.226.236 - - [18/Apr/2017:09:58:28 -0300] "GET /cormun/servlet/permisogoce?35fa5de1218b38becd44c367d1b3e3c23915c8a644a0692b913ae87ba959e1fc52afab3d718ce44d1a8e0af75270ae87,gx-no-cache=1492520372725 HTTP/1.1" 200 75
186.79.226.236 - - [18/Apr/2017:09:58:44 -0300] "GET /cormun/servlet/permisogoce?35fa5de1218b38becd44c367d1b3e3c240b2322dfa6457456928239f6d94bf9d9d1b58161bcca8c5f60abc33a1ce1ab9b1bde8273e87ba8cf44624a9f4fddc3c,gx-no-cache=1492520388533 HTTP/1.1" 200 48
192.168.10.13 - - [18/Apr/2017:09:59:05 -0300] "GET / HTTP/1.1" 200 11217
186.79.242.96 - - [18/Apr/2017:09:59:12 -0300] "POST /cormun/servlet/licenciaspermisosadjuntos?c09f42d8a49a8f6e765325d10fe68f4d,INS,7329371,L,20170418000000,, HTTP/1.1" 200 116
186.79.242.96 - - [18/Apr/2017:09:59:12 -0300] "GET /cormun/servlet/hpexe_return? HTTP/1.1" 200 1040
186.79.226.236 - - [18/Apr/2017:09:59:12 -0300] "POST /cormun/servlet/permisogoce?cc2bb3cf8000fc821d9350861b58fe50,INS,0,,,,gx-no-cache=1492520416856 HTTP/1.1" 200 93
186.79.226.236 - - [18/Apr/2017:09:59:12 -0300] "GET /cormun/servlet/hpexe_return? HTTP/1.1" 200 1003
186.79.242.96 - - [18/Apr/2017:09:59:13 -0300] "GET /cormun/servlet/trlicenciaspermisosadjuntos?7329371,20170418000000,L, HTTP/1.1" 200 6640
186.79.226.236 - - [18/Apr/2017:09:59:13 -0300] "GET /cormun/servlet/trpermisosgoce HTTP/1.1" 200 7724
186.103.159.44 - - [18/Apr/2017:09:59:13 -0300] "GET /cormun/servlet/licenciaspermisos?27799f86a124e1500b2747320b1e7a3c581f989b9684ca78ca6cf6c12a02fe548f9eb5cc8709c191b24c9e1c7c55b80d3eb700a64add7d13d09f50c1f36c9a837df70403099d8768d11835d0af24c6c8ad78799ca248e073354dac68c7a5d0bf72fb05bcb86b7ddaa69be1bd83d5bffc8b59a9dbcfb57dd60ba47a8cd5920c2fed67e513c301fbb10a1f86d0ffd864fb7fc670ba7aa2a3f3e7c1c3f2635d3476051a67636c50e82cc6b1acfbfb7814f8,gx-no-cache=1492520415253 HTTP/1.1" 200 30
186.79.242.96 - - [18/Apr/2017:09:59:13 -0300] "GET /cormun/servlet/trlicenciaspermisosadjuntos?7329371,20170418000000,L, HTTP/1.1" 200 6636
186.103.159.44 - - [18/Apr/2017:09:59:13 -0300] "GET /cormun/servlet/licenciaspermisos?27799f86a124e1500b2747320b1e7a3cea2c6349b0fcdf3d7ba4b084b31da6930e245c366f85ca62d40072f582b1dc2d95924aafe7e76f5056ad266a88498e2041ae130430ed9837ce16f179c4088a620d5168aad25c51a8646d692c5d2a93cdd20c2730a92a617cf0d45ccd3800a6ee0b8f9f411245937e227df6c5545abf49e3d399fefa872876ffc09ca99afb3e6c32c0f377f2e1921fcb508af030d498075ba6699f3656090100a8f1c2056777b1,gx-no-cache=1492520415674 HTTP/1.1" 200 29
186.79.226.236 - - [18/Apr/2017:09:59:14 -0300] "GET /cormun/servlet/trpermisosgoce HTTP/1.1" 200 7720
186.103.159.44 - - [18/Apr/2017:09:59:14 -0300] "POST /cormun/servlet/licenciaspermisos?2e3755e2560f4c57b92f5471685a4de4,INS,0,,,,gx-no-cache=1492520416033 HTTP/1.1" 200 93
186.103.159.44 - - [18/Apr/2017:09:59:14 -0300] "GET /cormun/servlet/hpexe_return? HTTP/1.1" 200 1017
186.103.159.44 - - [18/Apr/2017:09:59:15 -0300] "GET /cormun/servlet/trlicencias HTTP/1.1" 200 7802
186.103.159.44 - - [18/Apr/2017:09:59:19 -0300] "GET /cormun/servlet/trlicenciaspermisosadjuntos?17235483,20170418000000,L, HTTP/1.1" 200 6135
186.103.159.44 - - [18/Apr/2017:09:59:19 -0300] "GET /cormun/static/gxcfg.js?20173171154619 HTTP/1.1" 304 -
186.103.159.44 - - [18/Apr/2017:09:59:23 -0300] "GET /cormun/servlet/licenciaspermisosadjuntos?INS,17235483,L,20170418000000,, HTTP/1.1" 200 5433
186.103.159.44 - - [18/Apr/2017:09:59:23 -0300] "GET /cormun/static/gxcfg.js?201731711421170 HTTP/1.1" 304 -
186.103.159.44 - - [18/Apr/2017:09:59:24 -0300] "HEAD /cormun/static/about:blank HTTP/1.1" 404 -
186.79.226.236 - - [18/Apr/2017:09:59:26 -0300] "GET /cormun/servlet/apermisogoceprn?11364586,P,20170418105346,PU HTTP/1.1" 200 1654
186.79.242.96 - - [18/Apr/2017:09:59:31 -0300] "POST /cormun/servlet/trlicenciaspermisosadjuntos?c09f42d8a49a8f6e765325d10fe68f4d,7329371,20170418000000,L,,gx-no-cache=1492520435366 HTTP/1.1" 200 90
186.79.242.96 - - [18/Apr/2017:09:59:31 -0300] "GET /cormun/servlet/hpexe_link HTTP/1.1" 200 984
186.79.242.96 - - [18/Apr/2017:09:59:31 -0300] "GET /cormun/servlet/trlicencias HTTP/1.1" 200 7817
186.79.242.96 - - [18/Apr/2017:09:59:32 -0300] "GET /cormun/servlet/trlicencias HTTP/1.1" 200 7815
186.103.159.46 - - [18/Apr/2017:09:59:32 -0300] "GET /cormun/static/menuarrow.gif HTTP/1.1" 404 1015
186.79.242.96 - - [18/Apr/2017:09:59:35 -0300] "GET /cormun/servlet/alicenciaprn?7329371,L,20170418000000,PU HTTP/1.1" 200 1580
186.103.159.44 - - [18/Apr/2017:09:59:45 -0300] "POST /cormun/servlet/licenciaspermisosadjuntos?2e3755e2560f4c57b92f5471685a4de4,INS,17235483,L,20170418000000,, HTTP/1.1" 200 116
186.103.159.44 - - [18/Apr/2017:09:59:45 -0300] "GET /cormun/servlet/hpexe_return? HTTP/1.1" 200 1048
186.103.159.44 - - [18/Apr/2017:09:59:46 -0300] "GET /cormun/servlet/trlicenciaspermisosadjuntos?17235483,20170418000000,L, HTTP/1.1" 200 6635
186.103.159.44 - - [18/Apr/2017:09:59:48 -0300] "GET /cormun/PublicTempStorage/licencia_medica_belen_miranda3934457.pdf HTTP/1.1" 200 887143
186.103.159.44 - - [18/Apr/2017:09:59:51 -0300] "GET /cormun/servlet/trlicencias? HTTP/1.1" 200 7798
186.103.159.44 - - [18/Apr/2017:10:00:03 -0300] "GET /cormun/servlet/alicenciaprn?17235483,L,20170418000000,PU HTTP/1.1" 200 1556
192.168.10.13 - - [18/Apr/2017:10:00:05 -0300] "GET / HTTP/1.1" 200 11217
186.79.242.96 - - [18/Apr/2017:10:00:20 -0300] "POST /cormun/servlet/trlicencias?c09f42d8a49a8f6e765325d10fe68f4d,gx-no-cache=1492520484822 HTTP/1.1" 200 4047
186.79.242.96 - - [18/Apr/2017:10:00:20 -0300] "GET /cormun/static/Shared/jqueryui/images/ui-bg_highlight-soft_100_c6c2c8_1x100.png HTTP/1.1" 404 1117
186.79.242.96 - - [18/Apr/2017:10:00:20 -0300] "GET /cormun/static/Shared/jqueryui/images/ui-bg_flat_55_fafafa_40x100.png HTTP/1.1" 404 1097
186.79.242.96 - - [18/Apr/2017:10:00:21 -0300] "GET /cormun/static/Shared/jqueryui/images/ui-icons_8d78a5_256x240.png HTTP/1.1" 404 1089
186.79.242.96 - - [18/Apr/2017:10:00:21 -0300] "GET /cormun/static/Shared/jqueryui/images/ui-icons_82798d_256x240.png HTTP/1.1" 404 1089
192.168.10.13 - - [18/Apr/2017:10:01:05 -0300] "GET / HTTP/1.1" 200 11217
186.103.159.46 - - [18/Apr/2017:10:01:28 -0300] "GET /cormun/servlet/licenciaspermisos?c1c2d7495f12f3b497a09924619f7c4e1724d091d67cb8258f0daa4422816b3eac032a872cb540e54607b6e575f23b0e41f6b5ab8d9f233ba2a46b6cff43f6913a02ef7f95b26e0b223224bc1353ec3fab7a25197eaa82d35adadc588f47dcaba27f4ed91f51155851ecf9362025ab8a599d9c25900a344afc7c461987d300342565590f531f51095b827cd0d8af702e9c50cb96a8748a68bd0883f90ebb75430f39819603aba2b3e99afbd1e396e8e9,gx-no-cache=1492520552790 HTTP/1.1" 200 30
186.103.159.46 - - [18/Apr/2017:10:01:29 -0300] "POST /cormun/servlet/licenciaspermisos?3e1240f9e1b3cc8070cdd12fdb81eca0,INS,0,,,,gx-no-cache=1492520553030 HTTP/1.1" 200 4524
186.103.159.46 - - [18/Apr/2017:10:01:47 -0300] "GET /cormun/servlet/prfichaempleado?,MD,,gxPopupLevel%3D0%3B HTTP/1.1" 200 8799
192.168.10.13 - - [18/Apr/2017:10:02:05 -0300] "GET / HTTP/1.1" 200 11217
186.103.159.46 - - [18/Apr/2017:10:02:07 -0300] "POST /cormun/servlet/prfichaempleado?3e1240f9e1b3cc8070cdd12fdb81eca0,,MD,,gxPopupLevel%3D0%3B,gx-no-cache=1492520591495 HTTP/1.1" 200 3517
186.103.159.44 - - [18/Apr/2017:10:02:37 -0300] "POST /cormun/servlet/trlicencias?2e3755e2560f4c57b92f5471685a4de4,,gx-no-cache=1492520618913 HTTP/1.1" 200 4051
186.103.159.44 - - [18/Apr/2017:10:02:37 -0300] "GET /cormun/static/Shared/jqueryui/images/ui-bg_highlight-soft_100_c6c2c8_1x100.png HTTP/1.1" 404 1117
186.103.159.44 - - [18/Apr/2017:10:02:37 -0300] "GET /cormun/static/Shared/jqueryui/images/ui-bg_flat_55_fafafa_40x100.png HTTP/1.1" 404 1097
186.103.159.44 - - [18/Apr/2017:10:02:37 -0300] "GET /cormun/static/Shared/jqueryui/images/ui-icons_8d78a5_256x240.png HTTP/1.1" 404 1089
186.103.159.44 - - [18/Apr/2017:10:02:38 -0300] "GET /cormun/static/Shared/jqueryui/images/ui-icons_82798d_256x240.png HTTP/1.1" 404 1089
186.103.159.44 - - [18/Apr/2017:10:02:40 -0300] "GET /cormun/servlet/trpermisosgoce? HTTP/1.1" 200 8638
186.103.159.46 - - [18/Apr/2017:10:03:02 -0300] "GET /cormun/servlet/prfichaempleado?,MD,,gxPopupLevel%3D0%3B HTTP/1.1" 200 8799
186.103.159.46 - - [18/Apr/2017:10:03:04 -0300] "GET /cormun/servlet/prfichaempleado?,MD,,gxPopupLevel%3D0%3B,gxPopupLevel%3D0%3B HTTP/1.1" 200 8805
192.168.10.13 - - [18/Apr/2017:10:03:05 -0300] "GET / HTTP/1.1" 200 11217
186.103.159.46 - - [18/Apr/2017:10:03:26 -0300] "GET /cormun/servlet/licenciaspermisos?c1c2d7495f12f3b497a09924619f7c4ed3cbcf7556006db7b0ef805346e72adcf2f139c3035ca64df456036cbcdd9e64f4f78652be669a378a83bdcd501889b5f67d2c5d9c7363e918462546f13f972a90732aa297309ef881772ff7c9e912c8dbac92eb33f16dfb1ffd3e4b3a4fe78adebe57de55724dc5cc535618541fcb26ebb33401b3e0fed3e6edd222d8b317291061b59d4b1d084759642098f8faef758e0e6d326c259290b423e1d7451eaf9c1696e2d21833145b464904755b2cdab0e34febb70c7a1ad39c19bd984b19b9d2a8aefce8ef949595df9efed4df7ea6e6a7e3124b126554349abdb72d460f1770,gx-no-cache=1492520669804 HTTP/1.1" 200 71
186.103.159.46 - - [18/Apr/2017:10:03:26 -0300] "POST /cormun/servlet/licenciaspermisos?3e1240f9e1b3cc8070cdd12fdb81eca0,INS,0,,,,gx-no-cache=1492520670273 HTTP/1.1" 200 93
186.103.159.46 - - [18/Apr/2017:10:03:26 -0300] "GET /cormun/servlet/hpexe_return? HTTP/1.1" 200 1012
186.103.159.46 - - [18/Apr/2017:10:03:27 -0300] "GET /cormun/servlet/trlicencias HTTP/1.1" 200 7831
186.103.159.46 - - [18/Apr/2017:10:03:28 -0300] "GET /cormun/servlet/trlicencias HTTP/1.1" 200 7827
186.103.159.46 - - [18/Apr/2017:10:03:44 -0300] "GET /cormun/servlet/trlicenciaspermisosadjuntos?9882379,20170418000000,L, HTTP/1.1" 200 6139
186.103.159.46 - - [18/Apr/2017:10:03:45 -0300] "GET /cormun/static/gxcfg.js?20173171154619 HTTP/1.1" 200 953
186.103.159.46 - - [18/Apr/2017:10:03:45 -0300] "GET /cormun/static/trlicenciaspermisosadjuntos.js?20173171154971 HTTP/1.1" 304 -
186.103.159.46 - - [18/Apr/2017:10:03:46 -0300] "GET /cormun/servlet/trlicenciaspermisosadjuntos?9882379,20170418000000,L, HTTP/1.1" 200 6140
186.103.159.46 - - [18/Apr/2017:10:03:50 -0300] "POST /cormun/servlet/trlicenciaspermisosadjuntos?3e1240f9e1b3cc8070cdd12fdb81eca0,9882379,20170418000000,L,,gx-no-cache=1492520694531 HTTP/1.1" 200 90
186.103.159.46 - - [18/Apr/2017:10:03:50 -0300] "GET /cormun/servlet/hpexe_link HTTP/1.1" 200 986
186.103.159.46 - - [18/Apr/2017:10:03:51 -0300] "GET /cormun/servlet/trlicencias HTTP/1.1" 200 7829
186.103.159.46 - - [18/Apr/2017:10:03:52 -0300] "GET /cormun/servlet/trlicencias HTTP/1.1" 200 7827
186.103.159.46 - - [18/Apr/2017:10:03:56 -0300] "GET /cormun/servlet/alicenciaprn?9882379,L,20170418000000,PU HTTP/1.1" 200 1606
192.168.10.13 - - [18/Apr/2017:10:04:05 -0300] "GET / HTTP/1.1" 200 11217
186.103.159.46 - - [18/Apr/2017:10:04:50 -0300] "GET /cormun/servlet/alicenciaprn?9882379,L,20170418000000,PU HTTP/1.1" 200 1605
192.168.10.13 - - [18/Apr/2017:10:05:05 -0300] "GET / HTTP/1.1" 200 11217
192.168.10.13 - - [18/Apr/2017:10:06:05 -0300] "GET / HTTP/1.1" 200 11217
186.79.226.236 - - [18/Apr/2017:10:07:00 -0300] "POST /cormun/servlet/trpermisosgoce?cc2bb3cf8000fc821d9350861b58fe50,gx-no-cache=1492520884242 HTTP/1.1" 200 4749
186.79.226.236 - - [18/Apr/2017:10:07:00 -0300] "GET /cormun/static/Shared/jqueryui/images/ui-bg_highlight-soft_100_c6c2c8_1x100.png HTTP/1.1" 404 1117
186.79.226.236 - - [18/Apr/2017:10:07:00 -0300] "GET /cormun/static/Shared/jqueryui/images/ui-icons_82798d_256x240.png HTTP/1.1" 404 1089
186.79.226.236 - - [18/Apr/2017:10:07:00 -0300] "GET /cormun/static/Shared/jqueryui/images/ui-icons_8d78a5_256x240.png HTTP/1.1" 404 1089
186.79.226.236 - - [18/Apr/2017:10:07:00 -0300] "GET /cormun/static/Shared/jqueryui/images/ui-bg_flat_55_fafafa_40x100.png HTTP/1.1" 404 1097
192.168.10.13 - - [18/Apr/2017:10:07:05 -0300] "GET / HTTP/1.1" 200 11217
186.79.226.236 - - [18/Apr/2017:10:07:06 -0300] "POST /cormun/servlet/trpermisosgoce?cc2bb3cf8000fc821d9350861b58fe50,gx-no-cache=1492520890851 HTTP/1.1" 200 3995
192.168.10.96 - - [18/Apr/2017:10:07:41 -0300] "GET /cormun/servlet/vevisualizador?2017,5826,,SolicitudOTAdjuntos HTTP/1.1" 200 10381
192.168.10.96 - - [18/Apr/2017:10:07:43 -0300] "GET /cormun/servlet/vevisualizador?2017,5826,,SolicitudOTAdjuntos HTTP/1.1" 200 10384
192.168.10.96 - - [18/Apr/2017:10:07:43 -0300] "POST /cormun/servlet/acontrolpreferencessavestate?None,DZAMUDIO,true HTTP/1.1" 200 35
192.168.10.96 - - [18/Apr/2017:10:07:44 -0300] "GET /cormun/servlet/trconsultaempleado? HTTP/1.1" 200 6775
192.168.10.96 - - [18/Apr/2017:10:07:44 -0300] "GET /cormun/servlet/trconsultaempleado? HTTP/1.1" 200 6758
192.168.10.96 - - [18/Apr/2017:10:07:51 -0300] "POST /cormun/servlet/trconsultaempleado?8b6eabe52a967f6aa665ef4e18e07024,,gx-no-cache=1492524144693 HTTP/1.1" 200 4184
192.168.10.96 - - [18/Apr/2017:10:08:04 -0300] "GET /cormun/servlet/wbconsulta? HTTP/1.1" 200 5162
192.168.10.96 - - [18/Apr/2017:10:08:04 -0300] "GET /cormun/servlet/wbconsulta? HTTP/1.1" 200 5161
192.168.10.13 - - [18/Apr/2017:10:08:05 -0300] "GET / HTTP/1.1" 200 11217
192.168.10.96 - - [18/Apr/2017:10:08:10 -0300] "POST /cormun/servlet/wbconsulta?8b6eabe52a967f6aa665ef4e18e07024,,gx-no-cache=1492524164230 HTTP/1.1" 200 103
192.168.10.96 - - [18/Apr/2017:10:08:10 -0300] "GET /cormun/servlet/vevisualizador?2017,5952, HTTP/1.1" 200 8548
192.168.10.96 - - [18/Apr/2017:10:08:10 -0300] "GET /cormun/pexe_scrolldiv.js HTTP/1.1" 404 1009
192.168.10.96 - - [18/Apr/2017:10:08:10 -0300] "GET /cormun/pexe_scrolldiv.js HTTP/1.1" 404 1009
192.168.10.96 - - [18/Apr/2017:10:08:11 -0300] "GET /cormun/servlet/vevisualizador?2017,5952, HTTP/1.1" 200 8547
192.168.10.96 - - [18/Apr/2017:10:08:52 -0300] "GET /cormun/servlet/vevisualizador?2017,5952,,SolicitudOTAdjuntos HTTP/1.1" 200 10425
192.168.10.96 - - [18/Apr/2017:10:08:52 -0300] "GET /cormun/pexe_scrolldiv.js HTTP/1.1" 404 1009
192.168.10.96 - - [18/Apr/2017:10:08:52 -0300] "GET /cormun/pexe_scrolldiv.js HTTP/1.1" 404 1009
192.168.10.96 - - [18/Apr/2017:10:08:53 -0300] "GET /cormun/servlet/vevisualizador?2017,5952,,SolicitudOTAdjuntos HTTP/1.1" 200 10428
192.168.10.96 - - [18/Apr/2017:10:08:54 -0300] "POST /cormun/servlet/acontrolpreferencessavestate?None,DZAMUDIO,true HTTP/1.1" 200 35
192.168.10.96 - - [18/Apr/2017:10:08:55 -0300] "GET /cormun/PublicTempStorage/carnet4525271.pdf HTTP/1.1" 200 330160
192.168.10.96 - - [18/Apr/2017:10:09:02 -0300] "GET /cormun/servlet/vevisualizador?2017,5952,,SolicitudOTAdjuntos HTTP/1.1" 200 10425
192.168.10.96 - - [18/Apr/2017:10:09:03 -0300] "GET /cormun/servlet/vevisualizador?2017,5952,,SolicitudOTAdjuntos HTTP/1.1" 200 10427
192.168.10.96 - - [18/Apr/2017:10:09:03 -0300] "POST /cormun/servlet/acontrolpreferencessavestate?None,DZAMUDIO,true HTTP/1.1" 200 35
192.168.10.96 - - [18/Apr/2017:10:09:04 -0300] "GET /cormun/PublicTempStorage/certificado_afp_%281%298521384.pdf HTTP/1.1" 200 29201
192.168.10.13 - - [18/Apr/2017:10:09:05 -0300] "GET / HTTP/1.1" 200 11217
192.168.10.96 - - [18/Apr/2017:10:09:08 -0300] "GET /cormun/servlet/vevisualizador?2017,5952,,SolicitudOTAdjuntos HTTP/1.1" 200 10428
192.168.10.96 - - [18/Apr/2017:10:09:09 -0300] "GET /cormun/servlet/vevisualizador?2017,5952,,SolicitudOTAdjuntos HTTP/1.1" 200 10430
192.168.10.96 - - [18/Apr/2017:10:09:10 -0300] "POST /cormun/servlet/acontrolpreferencessavestate?None,DZAMUDIO,true HTTP/1.1" 200 35
192.168.10.96 - - [18/Apr/2017:10:09:10 -0300] "GET /cormun/PublicTempStorage/fonasa9024425.pdf HTTP/1.1" 200 70825
192.168.10.96 - - [18/Apr/2017:10:09:14 -0300] "GET /cormun/servlet/vevisualizador?2017,5952,,SolicitudOTAdjuntos HTTP/1.1" 200 10427
192.168.10.96 - - [18/Apr/2017:10:09:15 -0300] "GET /cormun/servlet/vevisualizador?2017,5952,,SolicitudOTAdjuntos HTTP/1.1" 200 10429
192.168.10.96 - - [18/Apr/2017:10:09:16 -0300] "POST /cormun/servlet/acontrolpreferencessavestate?None,DZAMUDIO,true HTTP/1.1" 200 35
192.168.10.96 - - [18/Apr/2017:10:09:17 -0300] "GET /cormun/PublicTempStorage/certificado_antecedentes1910858.PDF HTTP/1.1" 200 912722
192.168.10.96 - - [18/Apr/2017:10:09:20 -0300] "GET /cormun/servlet/vevisualizador?2017,5952,,SolicitudOTAdjuntos HTTP/1.1" 200 10425
192.168.10.96 - - [18/Apr/2017:10:09:21 -0300] "GET /cormun/servlet/vevisualizador?2017,5952,,SolicitudOTAdjuntos HTTP/1.1" 200 10429
192.168.10.96 - - [18/Apr/2017:10:09:22 -0300] "POST /cormun/servlet/acontrolpreferencessavestate?None,DZAMUDIO,true HTTP/1.1" 200 35
192.168.10.96 - - [18/Apr/2017:10:09:23 -0300] "GET /cormun/PublicTempStorage/curriculum_simon_barra_csn7600732.docx HTTP/1.1" 200 19418
192.168.10.96 - - [18/Apr/2017:10:09:45 -0300] "GET /cormun/PublicTempStorage/certificado_%281%295014840.pdf HTTP/1.1" 200 119510
192.168.10.13 - - [18/Apr/2017:10:10:05 -0300] "GET / HTTP/1.1" 200 11217
186.103.159.46 - - [18/Apr/2017:10:10:10 -0300] "GET /cormun/servlet/trlicenciaspermisosadjuntos?9882379,20170418000000,L, HTTP/1.1" 200 6139
186.103.159.46 - - [18/Apr/2017:10:10:12 -0300] "GET /cormun/servlet/trlicenciaspermisosadjuntos?9882379,20170418000000,L, HTTP/1.1" 200 6140
186.103.159.46 - - [18/Apr/2017:10:10:14 -0300] "GET /cormun/servlet/licenciaspermisosadjuntos?INS,9882379,L,20170418000000,, HTTP/1.1" 200 5430
186.103.159.46 - - [18/Apr/2017:10:10:14 -0300] "GET /cormun/static/gxcfg.js?201731711421170 HTTP/1.1" 200 953
186.103.159.46 - - [18/Apr/2017:10:10:14 -0300] "GET /cormun/static/licenciaspermisosadjuntos.js?201731711421181 HTTP/1.1" 304 -
186.103.159.46 - - [18/Apr/2017:10:10:14 -0300] "GET /cormun/static/about:blank HTTP/1.1" 404 1011
186.103.159.46 - - [18/Apr/2017:10:10:15 -0300] "GET /cormun/servlet/licenciaspermisosadjuntos?INS,9882379,L,20170418000000,, HTTP/1.1" 200 5419
190.45.55.254 - - [18/Apr/2017:10:10:49 -0300] "GET /cormun/servlet/hlogin HTTP/1.1" 200 1723
186.103.159.46 - - [18/Apr/2017:10:10:50 -0300] "POST /cormun/servlet/licenciaspermisosadjuntos?3e1240f9e1b3cc8070cdd12fdb81eca0,INS,9882379,L,20170418000000,, HTTP/1.1" 200 116
186.103.159.46 - - [18/Apr/2017:10:10:50 -0300] "GET /cormun/servlet/hpexe_return? HTTP/1.1" 200 1042
186.103.159.46 - - [18/Apr/2017:10:10:50 -0300] "GET /cormun/servlet/trlicenciaspermisosadjuntos?9882379,20170418000000,L, HTTP/1.1" 200 6628
190.45.55.254 - - [18/Apr/2017:10:10:51 -0300] "POST /cormun/servlet/hlogin?271634a7d0ba430e5ee198a0e0eed7d4,gx-no-cache=1492521115654 HTTP/1.1" 200 90
190.45.55.254 - - [18/Apr/2017:10:10:51 -0300] "GET /cormun/servlet/hpexe_link HTTP/1.1" 200 956
190.45.55.254 - - [18/Apr/2017:10:10:51 -0300] "GET /cormun/servlet/hhome HTTP/1.1" 200 4120
190.45.55.254 - - [18/Apr/2017:10:10:51 -0300] "GET /cormun/static/gxcfg.js?201731711483497 HTTP/1.1" 304 -
186.103.159.46 - - [18/Apr/2017:10:10:52 -0300] "GET /cormun/servlet/trlicenciaspermisosadjuntos?9882379,20170418000000,L, HTTP/1.1" 200 6625
190.45.55.254 - - [18/Apr/2017:10:10:52 -0300] "GET /cormun/servlet/hhome HTTP/1.1" 200 4116
190.45.55.254 - - [18/Apr/2017:10:10:55 -0300] "GET /cormun/servlet/trpermisosgoce? HTTP/1.1" 200 9725
190.45.55.254 - - [18/Apr/2017:10:10:55 -0300] "GET /cormun/servlet/trpermisosgoce? HTTP/1.1" 200 9712
186.103.159.46 - - [18/Apr/2017:10:10:55 -0300] "POST /cormun/servlet/trlicenciaspermisosadjuntos?3e1240f9e1b3cc8070cdd12fdb81eca0,9882379,20170418000000,L,,gx-no-cache=1492521119770 HTTP/1.1" 200 90
186.103.159.46 - - [18/Apr/2017:10:10:55 -0300] "GET /cormun/servlet/hpexe_link HTTP/1.1" 200 986
186.103.159.46 - - [18/Apr/2017:10:10:56 -0300] "GET /cormun/servlet/trlicencias HTTP/1.1" 200 7829
186.103.159.46 - - [18/Apr/2017:10:10:57 -0300] "GET /cormun/servlet/trlicencias HTTP/1.1" 200 7827
190.45.55.254 - - [18/Apr/2017:10:10:57 -0300] "GET /cormun/servlet/permisogoce?INS,0,,, HTTP/1.1" 200 6889
190.45.55.254 - - [18/Apr/2017:10:10:57 -0300] "GET /cormun/static/gxcfg.js?201741111325459 HTTP/1.1" 304 -
190.45.55.254 - - [18/Apr/2017:10:10:57 -0300] "GET /cormun/static/permisogoce.js?20174111132557 HTTP/1.1" 304 -
190.45.55.254 - - [18/Apr/2017:10:10:57 -0300] "GET /cormun/servlet/permisogoce?INS,0,,, HTTP/1.1" 200 6889
186.103.159.46 - - [18/Apr/2017:10:11:05 -0300] "POST /cormun/servlet/trlicencias?3e1240f9e1b3cc8070cdd12fdb81eca0,gx-no-cache=1492521129278 HTTP/1.1" 200 4072
186.103.159.46 - - [18/Apr/2017:10:11:05 -0300] "GET /cormun/static/Shared/jqueryui/images/ui-icons_82798d_256x240.png HTTP/1.1" 404 1089
186.103.159.46 - - [18/Apr/2017:10:11:05 -0300] "GET /cormun/static/Shared/jqueryui/images/ui-icons_8d78a5_256x240.png HTTP/1.1" 404 1089
186.103.159.46 - - [18/Apr/2017:10:11:05 -0300] "GET /cormun/static/Shared/jqueryui/images/ui-bg_highlight-soft_100_c6c2c8_1x100.png HTTP/1.1" 404 1117
186.103.159.46 - - [18/Apr/2017:10:11:05 -0300] "GET /cormun/static/Shared/jqueryui/images/ui-bg_flat_55_fafafa_40x100.png HTTP/1.1" 404 1097
192.168.10.13 - - [18/Apr/2017:10:11:05 -0300] "GET / HTTP/1.1" 200 11217
190.45.55.254 - - [18/Apr/2017:10:11:06 -0300] "GET /cormun/servlet/permisogoce?1a1e0ef65a4f48f253ce033802edd2e5dbffe8bacd24db1f7f71fe1f892fb8da27afbcb31a61496547248b63fca158c1,gx-no-cache=1492521131322 HTTP/1.1" 200 75
190.45.55.254 - - [18/Apr/2017:10:11:06 -0300] "GET /cormun/static/menuarrow.gif HTTP/1.1" 404 1015
190.45.55.254 - - [18/Apr/2017:10:11:11 -0300] "GET /cormun/servlet/permisogoce?1a1e0ef65a4f48f253ce033802edd2e50b579f09c90e17c74555128e707fd3385aa154474f43d2d0d3a89e174f3e9e7800c70e1df0105fc81ef21117d1e418ba,gx-no-cache=1492521135874 HTTP/1.1" 200 48
190.45.55.254 - - [18/Apr/2017:10:11:14 -0300] "POST /cormun/servlet/permisogoce?271634a7d0ba430e5ee198a0e0eed7d4,INS,0,,,,gx-no-cache=1492521138853 HTTP/1.1" 200 93
190.45.55.254 - - [18/Apr/2017:10:11:14 -0300] "GET /cormun/servlet/hpexe_return? HTTP/1.1" 200 1013
190.45.55.254 - - [18/Apr/2017:10:11:14 -0300] "GET /cormun/servlet/trpermisosgoce HTTP/1.1" 200 9886
190.45.55.254 - - [18/Apr/2017:10:11:15 -0300] "GET /cormun/servlet/trpermisosgoce HTTP/1.1" 200 9887
190.45.55.254 - - [18/Apr/2017:10:11:18 -0300] "GET /cormun/servlet/apermisogoceprn?6039442,P,20170418110548,PU HTTP/1.1" 200 1634
190.45.55.254 - - [18/Apr/2017:10:11:26 -0300] "GET /cormun/servlet/permisogoce?INS,0,,, HTTP/1.1" 200 6889
190.45.55.254 - - [18/Apr/2017:10:11:27 -0300] "GET /cormun/servlet/permisogoce?INS,0,,, HTTP/1.1" 200 6889
186.103.156.166 - - [18/Apr/2017:10:11:33 -0300] "GET /cormun/servlet/trpermisosadjuntos?10453079,20170418104825,P, HTTP/1.1" 200 6037
186.103.156.166 - - [18/Apr/2017:10:11:33 -0300] "GET /cormun/static/gxcfg.js?201731711542659 HTTP/1.1" 304 -
186.103.156.166 - - [18/Apr/2017:10:11:33 -0300] "GET /cormun/servlet/trpermisosadjuntos?10453079,20170418104825,P, HTTP/1.1" 200 6037
190.45.55.254 - - [18/Apr/2017:10:11:35 -0300] "GET /cormun/servlet/permisogoce?1a1e0ef65a4f48f253ce033802edd2e5ab8496e8b24409e3054a4cb0a86d30d165f98802b0335867aa6105427a6f3ed3,gx-no-cache=1492521159755 HTTP/1.1" 200 77
190.45.55.254 - - [18/Apr/2017:10:11:35 -0300] "GET /cormun/static/menuarrow.gif HTTP/1.1" 404 1015
186.103.159.46 - - [18/Apr/2017:10:11:37 -0300] "GET /cormun/servlet/trsolicitudot? HTTP/1.1" 200 6734
186.103.159.46 - - [18/Apr/2017:10:11:37 -0300] "GET /cormun/static/gxcfg.js?201731711505139 HTTP/1.1" 200 953
186.103.159.46 - - [18/Apr/2017:10:11:37 -0300] "GET /cormun/static/trsolicitudot.js?20173171151116 HTTP/1.1" 304 -
186.103.159.46 - - [18/Apr/2017:10:11:38 -0300] "GET /cormun/servlet/trsolicitudot? HTTP/1.1" 200 6734
186.103.159.46 - - [18/Apr/2017:10:11:41 -0300] "GET /cormun/servlet/solicitudot?INS,0,0, HTTP/1.1" 200 12582
190.45.55.254 - - [18/Apr/2017:10:11:41 -0300] "GET /cormun/servlet/permisogoce?1a1e0ef65a4f48f253ce033802edd2e5823fa9e21d61fa9fc3032f0225af5bcd8ad565c1a29af5dee70ef3f9f1925aa0396c9cb85a5b268c7995de4ac51f310d,gx-no-cache=1492521165856 HTTP/1.1" 200 48
186.103.159.46 - - [18/Apr/2017:10:11:41 -0300] "GET /cormun/static/Resources/Spanish/PXTools.css?18365030 HTTP/1.1" 304 -
186.103.159.46 - - [18/Apr/2017:10:11:41 -0300] "GET /cormun/static/gxcfg.js?20171191042720 HTTP/1.1" 200 953
186.103.159.46 - - [18/Apr/2017:10:11:41 -0300] "GET /cormun/static/solicitudot.js?2017119104297 HTTP/1.1" 304 -
186.103.159.46 - - [18/Apr/2017:10:11:42 -0300] "GET /cormun/servlet/solicitudot?INS,0,0, HTTP/1.1" 200 12587
190.45.55.254 - - [18/Apr/2017:10:11:43 -0300] "POST /cormun/servlet/permisogoce?271634a7d0ba430e5ee198a0e0eed7d4,INS,0,,,,gx-no-cache=1492521167807 HTTP/1.1" 200 93
190.45.55.254 - - [18/Apr/2017:10:11:43 -0300] "GET /cormun/servlet/hpexe_return? HTTP/1.1" 200 1013
190.45.55.254 - - [18/Apr/2017:10:11:43 -0300] "GET /cormun/servlet/trpermisosgoce HTTP/1.1" 200 10053
190.45.55.254 - - [18/Apr/2017:10:11:44 -0300] "GET /cormun/servlet/trpermisosgoce HTTP/1.1" 200 10038
186.103.156.166 - - [18/Apr/2017:10:12:04 -0300] "GET /cormun/servlet/permisosadjuntos?INS,10453079,P,20170418104825,, HTTP/1.1" 200 5370
186.103.156.166 - - [18/Apr/2017:10:12:04 -0300] "GET /cormun/static/gxcfg.js?201741111155774 HTTP/1.1" 304 -
186.103.156.166 - - [18/Apr/2017:10:12:04 -0300] "GET /cormun/static/permisosadjuntos.js?201741111155784 HTTP/1.1" 304 -
186.103.156.166 - - [18/Apr/2017:10:12:04 -0300] "GET /cormun/static/about:blank HTTP/1.1" 404 1011
186.103.156.166 - - [18/Apr/2017:10:12:05 -0300] "GET /cormun/servlet/permisosadjuntos?INS,10453079,P,20170418104825,, HTTP/1.1" 200 5360
192.168.10.13 - - [18/Apr/2017:10:12:05 -0300] "GET / HTTP/1.1" 200 11217
186.103.159.46 - - [18/Apr/2017:10:12:12 -0300] "GET /cormun/servlet/prfichaempleado?,MD,,gxPopupLevel%3D0%3B HTTP/1.1" 200 8796
190.45.55.254 - - [18/Apr/2017:10:12:14 -0300] "GET /cormun/servlet/apermisogoceprn?16318761,P,20170418110617,PU HTTP/1.1" 200 1667
186.103.159.46 - - [18/Apr/2017:10:12:29 -0300] "POST /cormun/servlet/solicitudot?gx-no-cache=1492521213231 HTTP/1.1" 200 3188
186.103.159.46 - - [18/Apr/2017:10:12:29 -0300] "POST /cormun/servlet/solicitudot?3e1240f9e1b3cc8070cdd12fdb81eca0,INS,0,0,,gx-no-cache=1492521213565 HTTP/1.1" 200 9782
186.103.159.46 - - [18/Apr/2017:10:12:33 -0300] "GET /cormun/servlet/solicitudot?a2a092a7e89ecdc0304c7c975684494ecfa4598902bbbce4ce48b5d1825fb005192b9b409d9f904239053844d2dc1025,gx-no-cache=1492521218102 HTTP/1.1" 200 30
186.103.159.46 - - [18/Apr/2017:10:12:34 -0300] "POST /cormun/servlet/solicitudot?gx-no-cache=1492521218190 HTTP/1.1" 200 255
186.103.159.46 - - [18/Apr/2017:10:12:34 -0300] "GET /cormun/servlet/solicitudot?a2a092a7e89ecdc0304c7c975684494e2fc5f0439f100eac2e2a2d901567bcd6ba669db62e335471256898b6e140aefc65a24e8d970b1a12af8161b2c8720c8d8e98002f9a6f96830cb93dc0e7f02b804f1b7963d7ccc5fdf187faa44da029da1e3c0bdc9270e472f0fa9448e477c63b586df13488afdf41c3c160c79f9fde642018d203c00163c01ef5b7c294a7e84ad5da147d3811276f7b046310f396d7862df9c67d539199fab86e4ddc3d75645f09f662fd2b9166f86ede27a0f87327df7f0435fd3416c7f4f50b7ad3aa1f6f62f39c7fd333a98b4672d44dcd6616ec05c7d7bcd6b87cb89f14664b107a5462364f7151192c5acade5f3da2b0b825192e41f6b5ab8d9f233ba2a46b6cff43f691c29c4384e3cf3466509d728a1c0d2d0ef6e3ac712a66489c8c1d0a8be72268d2d27c63b5592bb7e2675369bb5ccc573c9b87bef08e61abec076352de2315a671905fbf1475c3fccde5e7036fffe79432c999b8cb5b995e064c7cce33c26a70468fbfcdd3ee6ac815d11e5f2ef9a37747,gx-no-cache=1492521218280 HTTP/1.1" 200 30
186.103.159.46 - - [18/Apr/2017:10:12:57 -0300] "POST /cormun/servlet/solicitudot?gx-no-cache=1492521241463 HTTP/1.1" 200 255
186.103.159.46 - - [18/Apr/2017:10:12:57 -0300] "GET /cormun/servlet/solicitudot?a2a092a7e89ecdc0304c7c975684494e2fc5f0439f100eac2e2a2d901567bcd6ba669db62e335471256898b6e140aefc65a24e8d970b1a12af8161b2c8720c8d8e98002f9a6f96830cb93dc0e7f02b804f1b7963d7ccc5fdf187faa44da029da1e3c0bdc9270e472f0fa9448e477c63b586df13488afdf41c3c160c79f9fde642018d203c00163c01ef5b7c294a7e84ad5da147d3811276f7b046310f396d7862df9c67d539199fab86e4ddc3d75645f09f662fd2b9166f86ede27a0f87327df7f0435fd3416c7f4f50b7ad3aa1f6f62f39c7fd333a98b4672d44dcd6616ec05c7d7bcd6b87cb89f14664b107a5462364f7151192c5acade5f3da2b0b825192e41f6b5ab8d9f233ba2a46b6cff43f691c29c4384e3cf3466509d728a1c0d2d0ef6e3ac712a66489c8c1d0a8be72268d2d27c63b5592bb7e2675369bb5ccc573c9b87bef08e61abec076352de2315a671905fbf1475c3fccde5e7036fffe79432c999b8cb5b995e064c7cce33c26a7046d0f8fc87f973baead1495db0eb90a204,gx-no-cache=1492521241580 HTTP/1.1" 200 30
186.103.156.166 - - [18/Apr/2017:10:12:58 -0300] "POST /cormun/servlet/permisosadjuntos?542dda2488c0912c9ce35ea4a60bafce,INS,10453079,P,20170418104825,, HTTP/1.1" 200 116
186.103.156.166 - - [18/Apr/2017:10:12:58 -0300] "GET /cormun/servlet/hpexe_return? HTTP/1.1" 200 1037
186.103.156.166 - - [18/Apr/2017:10:12:58 -0300] "GET /cormun/servlet/trpermisosadjuntos?10453079,20170418104825,P, HTTP/1.1" 200 6495
186.103.156.166 - - [18/Apr/2017:10:12:59 -0300] "GET /cormun/servlet/trpermisosadjuntos?10453079,20170418104825,P, HTTP/1.1" 200 6492
192.168.10.13 - - [18/Apr/2017:10:13:05 -0300] "GET / HTTP/1.1" 200 11217
186.103.156.166 - - [18/Apr/2017:10:13:14 -0300] "POST /cormun/servlet/trpermisosadjuntos?542dda2488c0912c9ce35ea4a60bafce,10453079,20170418104825,P,,gx-no-cache=1492524853616 HTTP/1.1" 200 90
186.103.156.166 - - [18/Apr/2017:10:13:14 -0300] "GET /cormun/servlet/hpexe_link HTTP/1.1" 200 983
