186.9.135.70 - - [18/Apr/2017:13:58:26 -0300] "GET /cormun/servlet/trsolicitudot? HTTP/1.1" 200 6913
186.9.135.70 - - [18/Apr/2017:13:58:49 -0300] "GET /cormun/servlet/solicitudot?INS,0,0, HTTP/1.1" 200 12749
186.9.135.70 - - [18/Apr/2017:13:58:49 -0300] "GET /cormun/static/Resources/Spanish/PXTools.css?18365030 HTTP/1.1" 304 -
186.9.135.70 - - [18/Apr/2017:13:58:50 -0300] "GET /cormun/static/gxcfg.js?20171191042720 HTTP/1.1" 200 953
186.9.135.70 - - [18/Apr/2017:13:58:50 -0300] "GET /cormun/static/solicitudot.js?2017119104297 HTTP/1.1" 304 -
186.9.135.70 - - [18/Apr/2017:13:58:52 -0300] "GET /cormun/servlet/solicitudot?INS,0,0, HTTP/1.1" 200 12754
186.9.135.70 - - [18/Apr/2017:13:58:55 -0300] "GET /cormun/servlet/prfichaempleado?,MD,,gxPopupLevel%3D0%3B HTTP/1.1" 200 8755
186.9.135.70 - - [18/Apr/2017:13:58:56 -0300] "GET /cormun/static/menusearch.js?201610171694467 HTTP/1.1" 304 -
186.9.135.70 - - [18/Apr/2017:13:58:56 -0300] "GET /cormun/static/hmpwkw011.js?201731711483558 HTTP/1.1" 304 -
186.9.135.70 - - [18/Apr/2017:13:58:56 -0300] "GET /cormun/static/gxcfg.js?2017319125415 HTTP/1.1" 200 953
186.9.135.70 - - [18/Apr/2017:13:58:56 -0300] "GET /cormun/static/prfichaempleado.js?20173191254344 HTTP/1.1" 304 -
192.168.10.13 - - [18/Apr/2017:13:59:05 -0300] "GET / HTTP/1.1" 200 11217
186.9.135.70 - - [18/Apr/2017:13:59:23 -0300] "POST /cormun/servlet/prfichaempleado?bbf4a8e3666278fe03dcac115701d4b8,,MD,,gxPopupLevel%3D0%3B,gx-no-cache=1492534827282 HTTP/1.1" 200 3405
186.9.135.70 - - [18/Apr/2017:13:59:44 -0300] "POST /cormun/servlet/solicitudot?gx-no-cache=1492534848241 HTTP/1.1" 200 3162
186.9.135.70 - - [18/Apr/2017:13:59:44 -0300] "POST /cormun/servlet/solicitudot?bbf4a8e3666278fe03dcac115701d4b8,INS,0,0,,gx-no-cache=1492534848585 HTTP/1.1" 200 9950
186.9.135.70 - - [18/Apr/2017:13:59:44 -0300] "GET /cormun/servlet/solicitudot?fc80dcfea38615a063ac2834bec53eb01dbfbd0225621aadcf42b9feef703224a743e8c19ae2b33ac8fab8be988811e7,gx-no-cache=1492534848992 HTTP/1.1" 200 30
186.9.135.70 - - [18/Apr/2017:13:59:50 -0300] "POST /cormun/servlet/solicitudot?gx-no-cache=1492534854903 HTTP/1.1" 200 255
186.9.135.70 - - [18/Apr/2017:13:59:50 -0300] "GET /cormun/servlet/solicitudot?fc80dcfea38615a063ac2834bec53eb0540827808725b808c2556e4f177581b1a63a26e8c41f493807230e5fb24feb1d41f970e861de5aff369d5e45ed3b41af76cd212bc70170f51377b29de3a721d8212ac8ba71d7d51ed01c8888ef08119c9a629464cf80ad1be7b87d1a742d3b3f66402f7ca4ed738de0bf90eef62d48af4bc09a704a5a99058c711bf15dedcd1b61ca61242838f5a8877b4ef0d448f7c9208610fc7429c87a287b1eb64992822606392ecd7ba4f1b6c37d60a568d085f0ea32f25190b6dedaf190b6050eec5b0a6feb398bc2b26352a8abac4fdf46c307a543098986aa68914bc3c54e0d793c66e638940f008451e3a3127d55f22ee4fefeda77c9bec875904557e9c4b6600f81b29b6881c09b27ac27abbf4ebd0a9b1960cc7bc3ca3715adc5a3d4f1c326fca1f23a5bc0070ea089e9f10737f6f1c3a43d0242b7fbf84a408617740ec0535fb0858dbd27369398779728791ecee55c86b939bc61c6fb2edb6d5aca9fe1dcfa99e97825b6511b53741d191580625b825a,gx-no-cache=1492534855012 HTTP/1.1" 200 30
192.168.10.13 - - [18/Apr/2017:14:00:05 -0300] "GET / HTTP/1.1" 200 11217
186.79.75.41 - - [18/Apr/2017:14:00:50 -0300] "GET /cormun/servlet/trsolicitudot? HTTP/1.1" 200 8749
186.9.135.70 - - [18/Apr/2017:14:00:50 -0300] "POST /cormun/servlet/solicitudot?gx-no-cache=1492534914782 HTTP/1.1" 200 30
186.79.75.41 - - [18/Apr/2017:14:00:51 -0300] "GET /cormun/servlet/trsolicitudot? HTTP/1.1" 200 8746
186.9.135.70 - - [18/Apr/2017:14:01:03 -0300] "POST /cormun/servlet/solicitudot?gx-no-cache=1492534927236 HTTP/1.1" 200 1292
186.9.135.70 - - [18/Apr/2017:14:01:03 -0300] "POST /cormun/servlet/solicitudot?gx-no-cache=1492534927418 HTTP/1.1" 200 38
192.168.10.13 - - [18/Apr/2017:14:01:05 -0300] "GET / HTTP/1.1" 200 11217
186.9.135.70 - - [18/Apr/2017:14:01:15 -0300] "GET /cormun/servlet/solicitudot?fc80dcfea38615a063ac2834bec53eb0ce8e0e7b6790c5e7ba9bc94067b97ee672e34470a48dfa80dfb96a33694737f5bbbf9505503b4722ad706c6237801001c57ab8a6e4869c55efaa24d537c69db56f9a0e3f72e115c1b64d0de2a6fd3b86e1f35d8777f9d30732fcce920ee4850478a1811d35d9eb24d93a8b2d73933d240726ee05b265a79808d49c92bb705c8b6adc6eaf58ace6c7fb308330021f16d8,gx-no-cache=1492534939329 HTTP/1.1" 200 29
186.9.135.70 - - [18/Apr/2017:14:01:15 -0300] "POST /cormun/servlet/solicitudot?gx-no-cache=1492534939459 HTTP/1.1" 200 1274
186.9.135.70 - - [18/Apr/2017:14:01:15 -0300] "POST /cormun/servlet/solicitudot?gx-no-cache=1492534939571 HTTP/1.1" 200 1158
186.9.135.70 - - [18/Apr/2017:14:01:31 -0300] "POST /cormun/servlet/solicitudot?gx-no-cache=1492534955011 HTTP/1.1" 200 1274
186.9.135.70 - - [18/Apr/2017:14:01:31 -0300] "POST /cormun/servlet/solicitudot?gx-no-cache=1492534955144 HTTP/1.1" 200 1158
186.9.135.70 - - [18/Apr/2017:14:01:31 -0300] "GET /cormun/static/menuarrow.gif HTTP/1.1" 404 1015
186.9.135.70 - - [18/Apr/2017:14:01:39 -0300] "POST /cormun/servlet/solicitudot?gx-no-cache=1492534963109 HTTP/1.1" 200 1274
186.9.135.70 - - [18/Apr/2017:14:01:39 -0300] "POST /cormun/servlet/solicitudot?gx-no-cache=1492534963222 HTTP/1.1" 200 1158
186.79.234.100 - - [18/Apr/2017:14:01:39 -0300] "GET /cormun/servlet/hlogin HTTP/1.1" 200 1721
186.79.75.41 - - [18/Apr/2017:14:01:48 -0300] "GET /cormun/servlet/solicitudot?INS,0,0, HTTP/1.1" 200 12552
186.79.75.41 - - [18/Apr/2017:14:01:49 -0300] "GET /cormun/servlet/solicitudot?INS,0,0, HTTP/1.1" 200 12557
186.79.234.100 - - [18/Apr/2017:14:01:52 -0300] "POST /cormun/servlet/hlogin?629ecbc158ab2feb1b8c4bd9898ef6c3,gx-no-cache=1492538408065 HTTP/1.1" 200 90
186.79.234.100 - - [18/Apr/2017:14:01:53 -0300] "GET /cormun/servlet/hpexe_link HTTP/1.1" 200 951
186.79.234.100 - - [18/Apr/2017:14:01:53 -0300] "GET /cormun/servlet/hhome HTTP/1.1" 200 3784
186.79.234.100 - - [18/Apr/2017:14:01:55 -0300] "GET /cormun/servlet/hhome HTTP/1.1" 200 3784
192.168.10.13 - - [18/Apr/2017:14:02:05 -0300] "GET / HTTP/1.1" 200 11217
186.79.234.100 - - [18/Apr/2017:14:02:07 -0300] "GET /cormun/servlet/trsolicitudot? HTTP/1.1" 200 6739
186.9.135.70 - - [18/Apr/2017:14:02:12 -0300] "GET /cormun/servlet/solicitudot?fc80dcfea38615a063ac2834bec53eb08636eba9220cc42db49693511e99ef779a702c583b553e9a3b121175aed186d26a2b4a55057ff367d34c7053bdc30d01490ac4b443e3cb2dc1d59120c5d3d3c4d49c56f9f99ca37c5e8d198001c1bd6391d6e01e09b8e66253a92a5da0852267e120b659b448d93b759af66aee78c78bebdf6a15334ec5065e58c63d1c325306c49e250abda5e26d9572b1c3e01ef8b1d6377e7fd4a7a8f1fdf4a6dc1591e70e,gx-no-cache=1492534996287 HTTP/1.1" 200 30
186.79.75.41 - - [18/Apr/2017:14:02:14 -0300] "POST /cormun/servlet/solicitudot?gx-no-cache=1492534998488 HTTP/1.1" 200 3187
186.79.75.41 - - [18/Apr/2017:14:02:14 -0300] "POST /cormun/servlet/solicitudot?99f53a53bfab5467780ea5be3308e579,INS,0,0,,gx-no-cache=1492534998992 HTTP/1.1" 200 9787
186.79.75.41 - - [18/Apr/2017:14:02:15 -0300] "GET /cormun/servlet/solicitudot?d7539e2c1e0a4919e3c9b1b424d9ec30fd9889a3a643b29a8a09cef731cf8a96d8a67b3ec7d10320b4ef204c0bb0decb,gx-no-cache=1492534999640 HTTP/1.1" 200 30
186.79.75.41 - - [18/Apr/2017:14:02:17 -0300] "POST /cormun/servlet/solicitudot?gx-no-cache=1492535001895 HTTP/1.1" 200 255
186.79.75.41 - - [18/Apr/2017:14:02:17 -0300] "GET /cormun/servlet/solicitudot?d7539e2c1e0a4919e3c9b1b424d9ec30f922e0b881e426a501df38b3367d205aa7eb19381053ab1bf732d970f0a1a549907b31af4245e3e8ff1bc9f643c58660210febe519cd2150be47c8c9257375bf1508a49c753c6b65f9d36cfdcfbb42f1da2a7e735c2d907578dcdce81c78493c20b886c2d2610eef053654e939d807077419420d5d94ee275d7a1e7f1b067caba221e885093aec7650cae4c75d180cc72b04cc0822eb02d161202526f9e95d778d7c5d630252ec146b7c5341952b18c999a927cd11a19a42742170f03bb2ed80712eb8f011f7ff7d0728dcb2b60cbc53b94fa4c29e260aac230668a195ab0f159715d007d9d74e81d341894fd9cd01367797a5bc8709a9749b18b31c91ff5c4649ffca78e455c4377aa12ab7073ac7b4011e5cef2481f2c3f09ca8b5aa882e419800d5f094564861f4ad31422648f5013131f2b313dcaba49378e1823b472a62e51ab48d9e078e8b7c3a81222b00897613913bd34757158dc3d368f8699cf4afa50424d79a5f24cfc1e2d4a3f923234a,gx-no-cache=1492535002138 HTTP/1.1" 200 30
186.79.234.100 - - [18/Apr/2017:14:02:19 -0300] "GET /cormun/servlet/trsolicitudot? HTTP/1.1" 200 6739
186.79.75.41 - - [18/Apr/2017:14:02:19 -0300] "POST /cormun/servlet/solicitudot?gx-no-cache=1492535004214 HTTP/1.1" 200 30
186.79.234.100 - - [18/Apr/2017:14:02:20 -0300] "GET /cormun/static/gxcfg.js?201731711505139 HTTP/1.1" 304 -
186.79.75.41 - - [18/Apr/2017:14:02:20 -0300] "GET /cormun/servlet/prcontratosol?10726376,,,,,MD,,gxPopupLevel%3D0%3B HTTP/1.1" 200 5877
186.79.234.100 - - [18/Apr/2017:14:02:21 -0300] "GET /cormun/static/trsolicitudot.js?20173171151116 HTTP/1.1" 304 -
186.79.234.100 - - [18/Apr/2017:14:02:22 -0300] "GET /cormun/servlet/trsolicitudot? HTTP/1.1" 200 6738
186.79.75.41 - - [18/Apr/2017:14:02:23 -0300] "POST /cormun/servlet/solicitudot?gx-no-cache=1492535008263 HTTP/1.1" 200 1291
186.79.75.41 - - [18/Apr/2017:14:02:23 -0300] "POST /cormun/servlet/solicitudot?gx-no-cache=1492535008377 HTTP/1.1" 200 38
186.79.75.41 - - [18/Apr/2017:14:02:23 -0300] "GET /cormun/servlet/solicitudot?d7539e2c1e0a4919e3c9b1b424d9ec308a01716717b9e3958c9e6046104723e51c7847a6e92ebdfc69c9346fa72cae20ef01761ee03bf7a79f59be860c15567970c927d5538a2743dfd7cd54bf8dcfcf7a5a33b48c9706df859003892400f870a9f7bb991a35652645f1857306dcdda0f1fd95fc366ed5962e90d0b9061e6f2020e0d14f45211fc1e6ed8f62dc0cbd0e6a5aa61c774f660ddd88073244a75de7,gx-no-cache=1492535008471 HTTP/1.1" 200 29
186.79.75.41 - - [18/Apr/2017:14:02:24 -0300] "POST /cormun/servlet/solicitudot?gx-no-cache=1492535008561 HTTP/1.1" 200 1274
186.79.75.41 - - [18/Apr/2017:14:02:24 -0300] "POST /cormun/servlet/solicitudot?gx-no-cache=1492535008742 HTTP/1.1" 200 1157
186.79.234.100 - - [18/Apr/2017:14:02:25 -0300] "GET /cormun/servlet/solicitudot?INS,0,0, HTTP/1.1" 200 12588
186.79.234.100 - - [18/Apr/2017:14:02:36 -0300] "GET /cormun/servlet/solicitudot?INS,0,0, HTTP/1.1" 200 12586
186.79.75.41 - - [18/Apr/2017:14:02:36 -0300] "POST /cormun/servlet/solicitudot?gx-no-cache=1492535021140 HTTP/1.1" 200 1273
186.79.234.100 - - [18/Apr/2017:14:02:37 -0300] "GET /cormun/static/gxcfg.js?20171191042720 HTTP/1.1" 304 -
186.79.234.100 - - [18/Apr/2017:14:02:37 -0300] "GET /cormun/static/solicitudot.js?2017119104297 HTTP/1.1" 304 -
186.79.75.41 - - [18/Apr/2017:14:02:37 -0300] "POST /cormun/servlet/solicitudot?gx-no-cache=1492535021684 HTTP/1.1" 200 1157
186.79.234.100 - - [18/Apr/2017:14:02:39 -0300] "GET /cormun/servlet/solicitudot?INS,0,0, HTTP/1.1" 200 12591
186.79.234.100 - - [18/Apr/2017:14:02:48 -0300] "GET /cormun/servlet/prfichaempleado?,MD,,gxPopupLevel%3D0%3B HTTP/1.1" 200 8785
186.79.234.100 - - [18/Apr/2017:14:03:04 -0300] "GET /cormun/static/gxcfg.js?2017319125415 HTTP/1.1" 304 -
186.79.234.100 - - [18/Apr/2017:14:03:05 -0300] "GET /cormun/static/menusearch.js?201610171694467 HTTP/1.1" 304 -
186.79.234.100 - - [18/Apr/2017:14:03:05 -0300] "GET /cormun/static/hmpwkw011.js?201731711483558 HTTP/1.1" 304 -
186.79.234.100 - - [18/Apr/2017:14:03:05 -0300] "GET /cormun/static/prfichaempleado.js?20173191254344 HTTP/1.1" 304 -
192.168.10.13 - - [18/Apr/2017:14:03:05 -0300] "GET / HTTP/1.1" 200 11217
186.79.75.41 - - [18/Apr/2017:14:03:15 -0300] "GET /cormun/servlet/solicitudot?d7539e2c1e0a4919e3c9b1b424d9ec30ecb30564e4b96bfb02eac014c41f6277f4c0c611f75f96d9c5c906bdade82a3f89ca5d65c67dcd9ff8d512a213400c06378a07510e8a9dda55aeb9b04822f900a1bb3a70bfc443b76920c75176d740f5171c0c94c428a6d0d3f6cea1e34440323057cd6e4f21735e640f4b121f7205bc62f29b43c9dbf1f65ef6878f65052adfc10de4bcf387f10fbb07075f4009f62ce1125ad8420cd6080f237637c3b4b59e,gx-no-cache=1492535059773 HTTP/1.1" 200 30
186.79.75.41 - - [18/Apr/2017:14:03:15 -0300] "POST /cormun/servlet/solicitudot?99f53a53bfab5467780ea5be3308e579,INS,0,0,,gx-no-cache=1492535059913 HTTP/1.1" 200 11115
186.79.75.41 - - [18/Apr/2017:14:03:16 -0300] "GET /cormun/static/Shared/jqueryui/images/ui-bg_highlight-soft_100_c6c2c8_1x100.png HTTP/1.1" 404 1117
186.79.75.41 - - [18/Apr/2017:14:03:16 -0300] "GET /cormun/static/Shared/jqueryui/images/ui-icons_82798d_256x240.png HTTP/1.1" 404 1089
186.79.75.41 - - [18/Apr/2017:14:03:16 -0300] "GET /cormun/static/Shared/jqueryui/images/ui-bg_flat_55_994d53_40x100.png HTTP/1.1" 404 1097
186.79.75.41 - - [18/Apr/2017:14:03:16 -0300] "GET /cormun/static/Shared/jqueryui/images/ui-icons_ebccce_256x240.png HTTP/1.1" 404 1089
186.79.234.100 - - [18/Apr/2017:14:03:26 -0300] "POST /cormun/servlet/prfichaempleado?629ecbc158ab2feb1b8c4bd9898ef6c3,,MD,,gxPopupLevel%3D0%3B,gx-no-cache=1492538498101 HTTP/1.1" 200 3446
186.79.234.100 - - [18/Apr/2017:14:03:45 -0300] "POST /cormun/servlet/solicitudot?gx-no-cache=1492538519486 HTTP/1.1" 200 3201
186.79.234.100 - - [18/Apr/2017:14:03:54 -0300] "POST /cormun/servlet/solicitudot?629ecbc158ab2feb1b8c4bd9898ef6c3,INS,0,0,,gx-no-cache=1492538529398 HTTP/1.1" 200 9775
186.79.234.100 - - [18/Apr/2017:14:03:54 -0300] "GET /cormun/servlet/solicitudot?f6efda812e0ce141a3d7eb9d3c1b54aaf7ed37c39607f97e199637afa2309f4a53ed7f57d4d01d8370a83414fe691ac4,gx-no-cache=1492538530643 HTTP/1.1" 200 30
186.79.234.100 - - [18/Apr/2017:14:04:01 -0300] "POST /cormun/servlet/solicitudot?gx-no-cache=1492538536782 HTTP/1.1" 200 256
186.79.234.100 - - [18/Apr/2017:14:04:01 -0300] "GET /cormun/servlet/solicitudot?f6efda812e0ce141a3d7eb9d3c1b54aadf4868cd2f8fed6ebd99d1afe32bb01c6371ebe84b4715f0fa9d9529f135ec654084994df1f246cf43e98d06cba2a9cbbf1e69b5bd3a1b2e347d5b7f05fba4766e1db6619239de5c7ecc69913dbc76cd4bd31448f97de6605a784ed5f18fdcaff056075d8a777651a0d31b67147cfdbbc66eba2b093b9fa655a23107981e4909d2aa0cc607cc8607100411c0a76b3767ef680c0eed2b50454f6b6c512f4f469a403fdc9cbac090a05e07f6526603e4b39a6afe91e74e91873ea1fe84f44a28a72c57326d12762e86dda61a902d7db88f08a9c729ebfe4713c367cc9dd680ce64d4d986a17063434df77862ab7bdab59049ccb34fe9d97e19df85cc334f0e44ad814e397ce091b9728735afcab84efdb4e9c7fc0803f0184e2e04830daea4b99890066fda87bf2d1ec5851c2763fe48b4c28c19ba60f3c93f2fe03ed919a4e1b2dbf89ebb3a43a9ad78b9f04a4770c644e5e545185baad60e26671ed0a2f75850c5774f9743b14b4964505c990bf9b94a,gx-no-cache=1492538537419 HTTP/1.1" 200 30
192.168.10.13 - - [18/Apr/2017:14:04:05 -0300] "GET / HTTP/1.1" 200 11217
186.79.234.100 - - [18/Apr/2017:14:04:07 -0300] "POST /cormun/servlet/solicitudot?gx-no-cache=1492538543425 HTTP/1.1" 200 30
186.79.234.100 - - [18/Apr/2017:14:04:10 -0300] "GET /cormun/servlet/prcontratosol?16817078,,,,,MD,,gxPopupLevel%3D0%3B HTTP/1.1" 200 5932
186.79.234.100 - - [18/Apr/2017:14:04:10 -0300] "GET /cormun/static/gxcfg.js?201731711522183 HTTP/1.1" 200 953
186.79.234.100 - - [18/Apr/2017:14:04:10 -0300] "GET /cormun/static/prcontratosol.js?201731711522419 HTTP/1.1" 200 14084
186.79.234.100 - - [18/Apr/2017:14:04:10 -0300] "GET /cormun/static/Resources/PXToolsGridFirst.gif HTTP/1.1" 200 379
186.79.234.100 - - [18/Apr/2017:14:04:10 -0300] "GET /cormun/static/Resources/PXToolsGridPrevious.gif HTTP/1.1" 200 369
186.79.234.100 - - [18/Apr/2017:14:04:10 -0300] "GET /cormun/static/Resources/PXToolsGridLast.gif HTTP/1.1" 200 370
186.79.234.100 - - [18/Apr/2017:14:04:10 -0300] "GET /cormun/static/Resources/PXToolsGridNext.gif HTTP/1.1" 200 369
186.79.234.100 - - [18/Apr/2017:14:04:15 -0300] "POST /cormun/servlet/solicitudot?gx-no-cache=1492538551167 HTTP/1.1" 200 1292
186.79.234.100 - - [18/Apr/2017:14:04:15 -0300] "POST /cormun/servlet/solicitudot?gx-no-cache=1492538551359 HTTP/1.1" 200 38
186.79.234.100 - - [18/Apr/2017:14:04:15 -0300] "GET /cormun/servlet/solicitudot?f6efda812e0ce141a3d7eb9d3c1b54aab11e7bbd7c8bf97c6e45afa80b07c008e44c29b395666aea598bfa5401c67441dca2581b1ae19724c285c0febd237327c9c5f686bc882128ec64c0358b4358891156b1676afa8ead4086bf302fb39274e42362d1d050ceb168993d3dbfad783d,gx-no-cache=1492538551473 HTTP/1.1" 200 29
186.79.234.100 - - [18/Apr/2017:14:04:15 -0300] "POST /cormun/servlet/solicitudot?gx-no-cache=1492538551571 HTTP/1.1" 200 1275
186.79.234.100 - - [18/Apr/2017:14:04:16 -0300] "POST /cormun/servlet/solicitudot?gx-no-cache=1492538551794 HTTP/1.1" 200 1157
186.79.234.100 - - [18/Apr/2017:14:04:27 -0300] "POST /cormun/servlet/solicitudot?gx-no-cache=1492538563333 HTTP/1.1" 200 1273
186.79.234.100 - - [18/Apr/2017:14:04:28 -0300] "POST /cormun/servlet/solicitudot?gx-no-cache=1492538564206 HTTP/1.1" 200 1157
186.79.234.100 - - [18/Apr/2017:14:04:29 -0300] "GET /cormun/servlet/solicitudot?f6efda812e0ce141a3d7eb9d3c1b54aad6eddf096fc4fdbe14f1be5225f75e4593098df57f0d197b11839e7237e1d3c204bde745e1408c72b3680b6f0172c87582d85b4ccac05bb9467e1921a1f5f9d12cb058c237129284ab6a21eb132085100acf51d62fac347340c51a7477b71eb1b74962dccaddc32b8a9850b64432ac3989cbfa1b5a63353948a6178999ad3f79d621bb0a351dca200b8ddec908f9cf3d6a26edd720e6032e3f4a440d13256911,gx-no-cache=1492538565118 HTTP/1.1" 200 30
186.79.234.100 - - [18/Apr/2017:14:04:40 -0300] "GET /cormun/static/menuarrow.gif HTTP/1.1" 404 1015
186.79.234.100 - - [18/Apr/2017:14:05:01 -0300] "GET /cormun/servlet/solicitudot?f6efda812e0ce141a3d7eb9d3c1b54aad6eddf096fc4fdbe14f1be5225f75e4593098df57f0d197b11839e7237e1d3c272d2740a8f7d54aeaf71716be66de1a582d85b4ccac05bb9467e1921a1f5f9d12cb058c237129284ab6a21eb132085100acf51d62fac347340c51a7477b71eb1b74962dccaddc32b8a9850b64432ac3989cbfa1b5a63353948a6178999ad3f79d621bb0a351dca200b8ddec908f9cf3d6a26edd720e6032e3f4a440d13256911,gx-no-cache=1492538596759 HTTP/1.1" 200 30
186.79.234.100 - - [18/Apr/2017:14:05:03 -0300] "POST /cormun/servlet/solicitudot?629ecbc158ab2feb1b8c4bd9898ef6c3,INS,0,0,,gx-no-cache=1492538598345 HTTP/1.1" 200 93
186.79.234.100 - - [18/Apr/2017:14:05:03 -0300] "GET /cormun/servlet/hpexe_return? HTTP/1.1" 200 1006
186.79.234.100 - - [18/Apr/2017:14:05:03 -0300] "GET /cormun/static/Resources/Spanish/PXTools.css?167811 HTTP/1.1" 304 -
186.79.234.100 - - [18/Apr/2017:14:05:03 -0300] "GET /cormun/static/gxcfg.js?2016101716175148 HTTP/1.1" 304 -
186.79.234.100 - - [18/Apr/2017:14:05:03 -0300] "GET /cormun/static/hpexe_return.js?2016101716175153 HTTP/1.1" 304 -
186.79.234.100 - - [18/Apr/2017:14:05:04 -0300] "GET /cormun/servlet/trsolicitudot HTTP/1.1" 200 8001
192.168.10.13 - - [18/Apr/2017:14:05:05 -0300] "GET / HTTP/1.1" 200 11217
186.79.234.100 - - [18/Apr/2017:14:05:06 -0300] "GET /cormun/servlet/trsolicitudot HTTP/1.1" 200 7997
186.79.75.41 - - [18/Apr/2017:14:05:23 -0300] "POST /cormun/servlet/solicitudot?99f53a53bfab5467780ea5be3308e579,INS,0,0,,gx-no-cache=1492535188078 HTTP/1.1" 200 93
186.79.75.41 - - [18/Apr/2017:14:05:24 -0300] "GET /cormun/servlet/hpexe_return? HTTP/1.1" 200 1000
186.79.75.41 - - [18/Apr/2017:14:05:24 -0300] "GET /cormun/servlet/trsolicitudot HTTP/1.1" 200 8751
186.79.75.41 - - [18/Apr/2017:14:05:25 -0300] "GET /cormun/servlet/trsolicitudot HTTP/1.1" 200 8747
192.168.10.13 - - [18/Apr/2017:14:06:05 -0300] "GET / HTTP/1.1" 200 11217
186.79.234.100 - - [18/Apr/2017:14:06:24 -0300] "POST /cormun/servlet/trsolicitudot?629ecbc158ab2feb1b8c4bd9898ef6c3,gx-no-cache=1492538680162 HTTP/1.1" 200 4146
186.79.234.100 - - [18/Apr/2017:14:06:24 -0300] "GET /cormun/static/Shared/jqueryui/images/ui-bg_highlight-soft_100_c6c2c8_1x100.png HTTP/1.1" 404 1117
186.79.234.100 - - [18/Apr/2017:14:06:24 -0300] "GET /cormun/static/Shared/jqueryui/images/ui-icons_82798d_256x240.png HTTP/1.1" 404 1089
186.79.234.100 - - [18/Apr/2017:14:06:24 -0300] "GET /cormun/static/Shared/jqueryui/images/ui-bg_flat_55_fafafa_40x100.png HTTP/1.1" 404 1097
186.79.234.100 - - [18/Apr/2017:14:06:25 -0300] "GET /cormun/static/Shared/jqueryui/images/ui-icons_8d78a5_256x240.png HTTP/1.1" 404 1089
186.79.234.100 - - [18/Apr/2017:14:06:25 -0300] "POST /cormun/servlet/trsolicitudot?629ecbc158ab2feb1b8c4bd9898ef6c3,gx-no-cache=1492538680873 HTTP/1.1" 200 3929
186.79.234.100 - - [18/Apr/2017:14:06:38 -0300] "POST /cormun/servlet/trsolicitudot?629ecbc158ab2feb1b8c4bd9898ef6c3,gx-no-cache=1492538693699 HTTP/1.1" 200 7812
186.79.234.100 - - [18/Apr/2017:14:06:57 -0300] "POST /cormun/servlet/trsolicitudot?629ecbc158ab2feb1b8c4bd9898ef6c3,gx-no-cache=1492538712420 HTTP/1.1" 200 6028
192.168.10.13 - - [18/Apr/2017:14:07:05 -0300] "GET / HTTP/1.1" 200 11217
186.79.234.100 - - [18/Apr/2017:14:07:08 -0300] "POST /cormun/servlet/trsolicitudot?629ecbc158ab2feb1b8c4bd9898ef6c3,gx-no-cache=1492538724309 HTTP/1.1" 200 6004
186.79.234.100 - - [18/Apr/2017:14:07:17 -0300] "POST /cormun/servlet/trsolicitudot?629ecbc158ab2feb1b8c4bd9898ef6c3,gx-no-cache=1492538732491 HTTP/1.1" 200 7813
186.79.234.100 - - [18/Apr/2017:14:07:25 -0300] "POST /cormun/servlet/trsolicitudot?629ecbc158ab2feb1b8c4bd9898ef6c3,gx-no-cache=1492538741030 HTTP/1.1" 200 3950
192.168.10.13 - - [18/Apr/2017:14:08:05 -0300] "GET / HTTP/1.1" 200 11217
192.168.10.13 - - [18/Apr/2017:14:09:05 -0300] "GET / HTTP/1.1" 200 11217
186.9.135.70 - - [18/Apr/2017:14:09:23 -0300] "GET /cormun/servlet/hlogin HTTP/1.1" 200 1729
186.9.135.70 - - [18/Apr/2017:14:09:37 -0300] "POST /cormun/servlet/hlogin?0fb735ef47a2473e784f180fa99fb082,gx-no-cache=1492535441738 HTTP/1.1" 200 90
186.9.135.70 - - [18/Apr/2017:14:09:37 -0300] "GET /cormun/servlet/hpexe_link HTTP/1.1" 200 955
186.9.135.70 - - [18/Apr/2017:14:09:38 -0300] "GET /cormun/servlet/hhome HTTP/1.1" 200 3950
186.9.135.70 - - [18/Apr/2017:14:09:40 -0300] "GET /cormun/servlet/hhome HTTP/1.1" 200 3947
186.9.135.70 - - [18/Apr/2017:14:09:53 -0300] "GET /cormun/servlet/trvisualizadoreventos? HTTP/1.1" 200 6681
186.9.135.70 - - [18/Apr/2017:14:09:53 -0300] "GET /cormun/static/gxcfg.js?201731711523419 HTTP/1.1" 200 953
186.9.135.70 - - [18/Apr/2017:14:09:53 -0300] "GET /cormun/static/trvisualizadoreventos.js?20173171152387 HTTP/1.1" 304 -
186.9.135.70 - - [18/Apr/2017:14:09:55 -0300] "GET /cormun/servlet/trvisualizadoreventos? HTTP/1.1" 200 6680
186.9.135.70 - - [18/Apr/2017:14:10:00 -0300] "GET /cormun/servlet/trcontratosolicitud? HTTP/1.1" 200 13766
186.9.135.70 - - [18/Apr/2017:14:10:01 -0300] "GET /cormun/static/gxcfg.js?20171317451682 HTTP/1.1" 200 953
186.9.135.70 - - [18/Apr/2017:14:10:01 -0300] "GET /cormun/static/trcontratosolicitud.js?20171317452124 HTTP/1.1" 304 -
186.79.234.100 - - [18/Apr/2017:14:10:01 -0300] "GET /cormun/servlet/hlogin HTTP/1.1" 200 1721
186.9.135.70 - - [18/Apr/2017:14:10:02 -0300] "GET /cormun/servlet/trcontratosolicitud? HTTP/1.1" 200 13781
192.168.10.13 - - [18/Apr/2017:14:10:05 -0300] "GET / HTTP/1.1" 200 11217
186.79.234.100 - - [18/Apr/2017:14:10:15 -0300] "POST /cormun/servlet/hlogin?629ecbc158ab2feb1b8c4bd9898ef6c3,gx-no-cache=1492538911263 HTTP/1.1" 200 90
186.79.234.100 - - [18/Apr/2017:14:10:16 -0300] "GET /cormun/servlet/hpexe_link HTTP/1.1" 200 951
186.79.234.100 - - [18/Apr/2017:14:10:16 -0300] "GET /cormun/servlet/hhome HTTP/1.1" 200 3970
186.79.234.100 - - [18/Apr/2017:14:10:18 -0300] "GET /cormun/servlet/hhome HTTP/1.1" 200 3966
186.79.234.100 - - [18/Apr/2017:14:10:42 -0300] "GET /cormun/servlet/trautorizarsolicitud? HTTP/1.1" 200 8124
186.79.234.100 - - [18/Apr/2017:14:10:44 -0300] "GET /cormun/servlet/trautorizarsolicitud? HTTP/1.1" 200 8122
186.79.234.100 - - [18/Apr/2017:14:11:01 -0300] "POST /cormun/servlet/trautorizarsolicitud?629ecbc158ab2feb1b8c4bd9898ef6c3,,gx-no-cache=1492538956227 HTTP/1.1" 200 115
186.79.234.100 - - [18/Apr/2017:14:11:01 -0300] "GET /cormun/servlet/solicitudotlog?INS,2017,6129,0,ANU, HTTP/1.1" 200 5767
186.79.234.100 - - [18/Apr/2017:14:11:01 -0300] "GET /cormun/static/gxcfg.js?201731711401563 HTTP/1.1" 200 953
186.79.234.100 - - [18/Apr/2017:14:11:01 -0300] "GET /cormun/static/solicitudotlog.js?201731711401579 HTTP/1.1" 200 8925
186.79.234.100 - - [18/Apr/2017:14:11:02 -0300] "GET /cormun/servlet/solicitudotlog?INS,2017,6129,0,ANU, HTTP/1.1" 200 5767
186.79.234.100 - - [18/Apr/2017:14:11:03 -0300] "GET /cormun/servlet/solicitudotlog?f6efda812e0ce141a3d7eb9d3c1b54aa363686e0fa2faf4fcaed11bc4f046ec2e44c29b395666aea598bfa5401c67441a2f085818c9e1d2e3018ac4ae04f7235abafdce2bea3d8d147da483d48a98c51af160af42b6565d0f34264f1ed7c1974aa690b1f310dd1df77939a993ecbabc89e445190f70991b143aa07316801b4f9407ac3bbc1be2fa1b9d93504bf1100b664ce23222dd7a06e049ba7c54fddc31c,gx-no-cache=1492538959125 HTTP/1.1" 200 94
192.168.10.13 - - [18/Apr/2017:14:11:05 -0300] "GET / HTTP/1.1" 200 11217
186.79.234.100 - - [18/Apr/2017:14:11:09 -0300] "POST /cormun/servlet/solicitudotlog?629ecbc158ab2feb1b8c4bd9898ef6c3,INS,2017,6129,0,ANU,,gx-no-cache=1492538965276 HTTP/1.1" 200 90
186.79.234.100 - - [18/Apr/2017:14:11:09 -0300] "GET /cormun/servlet/hpexe_link HTTP/1.1" 200 981
186.79.234.100 - - [18/Apr/2017:14:11:10 -0300] "GET /cormun/servlet/trautorizarsolicitud HTTP/1.1" 200 8124
186.79.234.100 - - [18/Apr/2017:14:11:12 -0300] "GET /cormun/servlet/trautorizarsolicitud HTTP/1.1" 200 8122
186.9.135.70 - - [18/Apr/2017:14:11:33 -0300] "GET /cormun/servlet/trsolicitudot? HTTP/1.1" 200 6919
186.9.135.70 - - [18/Apr/2017:14:11:35 -0300] "GET /cormun/servlet/trsolicitudot? HTTP/1.1" 200 6919
186.9.135.70 - - [18/Apr/2017:14:11:37 -0300] "GET /cormun/servlet/solicitudot?INS,0,0, HTTP/1.1" 200 12759
186.9.135.70 - - [18/Apr/2017:14:11:38 -0300] "GET /cormun/servlet/solicitudot?INS,0,0, HTTP/1.1" 200 12764
186.9.135.70 - - [18/Apr/2017:14:11:43 -0300] "GET /cormun/servlet/prfichaempleado?,MD,,gxPopupLevel%3D0%3B HTTP/1.1" 200 8767
186.9.135.70 - - [18/Apr/2017:14:11:55 -0300] "POST /cormun/servlet/prfichaempleado?0fb735ef47a2473e784f180fa99fb082,,MD,,gxPopupLevel%3D0%3B,gx-no-cache=1492535579892 HTTP/1.1" 200 3404
186.79.234.100 - - [18/Apr/2017:14:11:58 -0300] "POST /cormun/servlet/trautorizarsolicitud?629ecbc158ab2feb1b8c4bd9898ef6c3,gx-no-cache=1492539013607 HTTP/1.1" 200 4109
186.79.234.100 - - [18/Apr/2017:14:12:02 -0300] "POST /cormun/servlet/trautorizarsolicitud?629ecbc158ab2feb1b8c4bd9898ef6c3,gx-no-cache=1492539017641 HTTP/1.1" 200 5370
192.168.10.13 - - [18/Apr/2017:14:12:05 -0300] "GET / HTTP/1.1" 200 11217
186.9.135.70 - - [18/Apr/2017:14:12:06 -0300] "POST /cormun/servlet/solicitudot?gx-no-cache=1492535590265 HTTP/1.1" 200 3162
186.9.135.70 - - [18/Apr/2017:14:12:06 -0300] "POST /cormun/servlet/solicitudot?0fb735ef47a2473e784f180fa99fb082,INS,0,0,,gx-no-cache=1492535590540 HTTP/1.1" 200 9961
186.9.135.70 - - [18/Apr/2017:14:12:06 -0300] "GET /cormun/servlet/solicitudot?22ee34f7ae5d349e05a6ce2e045e0e21f16bb601990f19efdced95e2d03317a4e20ca90676ad6a85fa8d3059e67a090c,gx-no-cache=1492535590871 HTTP/1.1" 200 30
186.9.135.70 - - [18/Apr/2017:14:12:12 -0300] "POST /cormun/servlet/solicitudot?gx-no-cache=1492535596937 HTTP/1.1" 200 255
186.9.135.70 - - [18/Apr/2017:14:12:13 -0300] "GET /cormun/servlet/solicitudot?22ee34f7ae5d349e05a6ce2e045e0e2189d655ccf9de2cd655cbaed347be25445e6a6a23d57bc2753b19561311d06dab9faedf8b1b4f22c3277bca1fe771cf7e8cab72b0c105ab4c2bf92c5fde7a2a51c5b4e29aa99839b1b55ee32cd11ca4b28c1d165801bade043fd474b59966e663b2be195be16dbe46c9ac8ab7423fc324a7175a3240f4ad1dc9a9077b69787b0fe498f71cceaadc47f3ca1a0c8aade9110acaf456c2c574b060eb5a640c8af744ffd0d389f2c1d89ab61ab48893865e811885df53a885d7b85b1c4cb120e2fe3a5d050f4ee62cb94d25fe464dbb2db3c5da8d499f99b76adb9aa6f4feadbdb8612c0844c26df565912d20567a7660296cd9cb9980949ebf86135ecad6a759d357fbc31d488245a3430b43be2f0b8b13165793951e865e94fbe933bd5ef72cf5de7c9448937af3e51a6ca71b84149eb4447c3dc547b2b08d2c24fc5bb098f356838f3849048c041b80e408607c9755c8d0edd745494c0b4f33cfda260b6780dd39db168de89da308a187d4de95211a0b12,gx-no-cache=1492535597060 HTTP/1.1" 200 30
186.79.234.100 - - [18/Apr/2017:14:12:13 -0300] "GET /cormun/servlet/treventos?2017,6129, HTTP/1.1" 200 7430
186.79.234.100 - - [18/Apr/2017:14:12:14 -0300] "GET /cormun/static/gxcfg.js?2016101716195975 HTTP/1.1" 200 953
186.79.234.100 - - [18/Apr/2017:14:12:14 -0300] "GET /cormun/static/treventos.js?201610171620222 HTTP/1.1" 200 16055
186.79.234.100 - - [18/Apr/2017:14:12:15 -0300] "GET /cormun/servlet/treventos?2017,6129, HTTP/1.1" 200 7429
186.9.135.70 - - [18/Apr/2017:14:12:19 -0300] "POST /cormun/servlet/solicitudot?gx-no-cache=1492535603532 HTTP/1.1" 200 30
186.79.234.100 - - [18/Apr/2017:14:12:23 -0300] "POST /cormun/servlet/treventos?629ecbc158ab2feb1b8c4bd9898ef6c3,2017,6129,,gx-no-cache=1492539038731 HTTP/1.1" 200 90
186.79.234.100 - - [18/Apr/2017:14:12:23 -0300] "GET /cormun/servlet/hpexe_link HTTP/1.1" 200 989
186.79.234.100 - - [18/Apr/2017:14:12:23 -0300] "GET /cormun/servlet/trautorizarsolicitud?gx-no-cache=1492539017641 HTTP/1.1" 200 8124
186.79.234.100 - - [18/Apr/2017:14:12:25 -0300] "GET /cormun/servlet/trautorizarsolicitud?gx-no-cache=1492539017641 HTTP/1.1" 200 8143
186.79.234.100 - - [18/Apr/2017:14:12:38 -0300] "GET /cormun/servlet/hlogin HTTP/1.1" 200 1721
186.9.135.70 - - [18/Apr/2017:14:12:44 -0300] "POST /cormun/servlet/solicitudot?gx-no-cache=1492535628235 HTTP/1.1" 200 1292
186.9.135.70 - - [18/Apr/2017:14:12:44 -0300] "POST /cormun/servlet/solicitudot?gx-no-cache=1492535628419 HTTP/1.1" 200 38
186.79.234.100 - - [18/Apr/2017:14:12:46 -0300] "POST /cormun/servlet/hlogin?629ecbc158ab2feb1b8c4bd9898ef6c3,gx-no-cache=1492539062166 HTTP/1.1" 200 90
186.79.234.100 - - [18/Apr/2017:14:12:46 -0300] "GET /cormun/servlet/hpexe_link HTTP/1.1" 200 951
186.79.234.100 - - [18/Apr/2017:14:12:46 -0300] "GET /cormun/servlet/hhome HTTP/1.1" 200 3784
186.79.234.100 - - [18/Apr/2017:14:12:48 -0300] "GET /cormun/servlet/hhome HTTP/1.1" 200 3784
186.9.135.70 - - [18/Apr/2017:14:12:55 -0300] "GET /cormun/servlet/solicitudot?22ee34f7ae5d349e05a6ce2e045e0e213d18b0cdcfdb6ad0f15f38fba347b3084302207dede34d6edac1ab4e25f267b44db1785bad00e74d8d1853bc019735b0caf81e961ceec9e35faddd73363647028bdcc99209ee7cc170b9fbde93978832e0e903b998d64bfca394ccb9ff372c9cc004eec5e48ef9d27e975d8dd801be795172c83a71f4babb86ddd2c2d4c2131e4c8823ed933a6a96e5737303fba843a5,gx-no-cache=1492535639792 HTTP/1.1" 200 29
186.9.135.70 - - [18/Apr/2017:14:12:55 -0300] "POST /cormun/servlet/solicitudot?gx-no-cache=1492535639889 HTTP/1.1" 200 1274
186.79.234.100 - - [18/Apr/2017:14:12:55 -0300] "GET /cormun/servlet/trsolicitudot? HTTP/1.1" 200 6738
186.9.135.70 - - [18/Apr/2017:14:12:56 -0300] "POST /cormun/servlet/solicitudot?gx-no-cache=1492535640009 HTTP/1.1" 200 1158
186.9.135.70 - - [18/Apr/2017:14:12:56 -0300] "GET /cormun/static/menuarrow.gif HTTP/1.1" 404 1015
186.79.234.100 - - [18/Apr/2017:14:12:57 -0300] "GET /cormun/servlet/trsolicitudot? HTTP/1.1" 200 6737
186.9.135.70 - - [18/Apr/2017:14:12:57 -0300] "POST /cormun/servlet/solicitudot?gx-no-cache=1492535641603 HTTP/1.1" 200 1274
186.9.135.70 - - [18/Apr/2017:14:12:57 -0300] "POST /cormun/servlet/solicitudot?gx-no-cache=1492535641761 HTTP/1.1" 200 1158
186.79.234.100 - - [18/Apr/2017:14:13:03 -0300] "POST /cormun/servlet/trsolicitudot?629ecbc158ab2feb1b8c4bd9898ef6c3,,gx-no-cache=1492539078970 HTTP/1.1" 200 5213
192.168.10.13 - - [18/Apr/2017:14:13:05 -0300] "GET / HTTP/1.1" 200 11217
186.9.135.70 - - [18/Apr/2017:14:13:26 -0300] "GET /cormun/servlet/solicitudot?22ee34f7ae5d349e05a6ce2e045e0e212b9642474345d0a98a81cc387f35467e037c3811b2d0bcda11c4343dc15bc0efa73cbc056eae0d48e36c26604bf0a2477041a0fcafc76ce652cefb5add14b28d602c736d5c3fca7bc5a5f1f0ed98f19ab530b0b14c491046847dd71135115761f7a50e374560c972013df8d756b3370cd4faa209872031cb5f0391934f312da22e4b347145b3829ae1011f9769e9214fa420abf5bdfc5a85d3d5596d1c2b09df,gx-no-cache=1492535670469 HTTP/1.1" 200 30
186.79.234.100 - - [18/Apr/2017:14:13:29 -0300] "POST /cormun/servlet/trsolicitudot?629ecbc158ab2feb1b8c4bd9898ef6c3,,gx-no-cache=1492539104385 HTTP/1.1" 200 5190
186.79.234.100 - - [18/Apr/2017:14:13:40 -0300] "POST /cormun/servlet/trsolicitudot?629ecbc158ab2feb1b8c4bd9898ef6c3,,gx-no-cache=1492539115777 HTTP/1.1" 200 5189
186.79.234.100 - - [18/Apr/2017:14:13:44 -0300] "POST /cormun/servlet/trsolicitudot?629ecbc158ab2feb1b8c4bd9898ef6c3,,gx-no-cache=1492539119661 HTTP/1.1" 200 5189
186.79.234.100 - - [18/Apr/2017:14:13:47 -0300] "POST /cormun/servlet/trsolicitudot?629ecbc158ab2feb1b8c4bd9898ef6c3,,gx-no-cache=1492539122740 HTTP/1.1" 200 5190
186.79.234.100 - - [18/Apr/2017:14:13:56 -0300] "POST /cormun/servlet/trsolicitudot?629ecbc158ab2feb1b8c4bd9898ef6c3,,gx-no-cache=1492539132341 HTTP/1.1" 200 5189
186.79.234.100 - - [18/Apr/2017:14:14:05 -0300] "POST /cormun/servlet/trsolicitudot?629ecbc158ab2feb1b8c4bd9898ef6c3,,gx-no-cache=1492539140463 HTTP/1.1" 200 5189
192.168.10.13 - - [18/Apr/2017:14:14:05 -0300] "GET / HTTP/1.1" 200 11217
186.79.234.100 - - [18/Apr/2017:14:14:09 -0300] "POST /cormun/servlet/trsolicitudot?629ecbc158ab2feb1b8c4bd9898ef6c3,,gx-no-cache=1492539144430 HTTP/1.1" 200 5189
186.9.135.70 - - [18/Apr/2017:14:14:13 -0300] "POST /cormun/servlet/solicitudot?0fb735ef47a2473e784f180fa99fb082,INS,0,0,,gx-no-cache=1492535716837 HTTP/1.1" 200 11322
186.9.135.70 - - [18/Apr/2017:14:14:13 -0300] "GET /cormun/static/Shared/jqueryui/images/ui-bg_highlight-soft_100_c6c2c8_1x100.png HTTP/1.1" 404 1117
186.9.135.70 - - [18/Apr/2017:14:14:13 -0300] "GET /cormun/static/Shared/jqueryui/images/ui-icons_82798d_256x240.png HTTP/1.1" 404 1089
186.9.135.70 - - [18/Apr/2017:14:14:13 -0300] "GET /cormun/static/Shared/jqueryui/images/ui-icons_ebccce_256x240.png HTTP/1.1" 404 1089
186.9.135.70 - - [18/Apr/2017:14:14:13 -0300] "GET /cormun/static/Shared/jqueryui/images/ui-bg_flat_55_994d53_40x100.png HTTP/1.1" 404 1097
186.79.234.100 - - [18/Apr/2017:14:14:15 -0300] "POST /cormun/servlet/trsolicitudot?629ecbc158ab2feb1b8c4bd9898ef6c3,,gx-no-cache=1492539150488 HTTP/1.1" 200 5190
186.79.234.100 - - [18/Apr/2017:14:14:21 -0300] "POST /cormun/servlet/trsolicitudot?629ecbc158ab2feb1b8c4bd9898ef6c3,,gx-no-cache=1492539157282 HTTP/1.1" 200 5239
186.79.234.100 - - [18/Apr/2017:14:14:35 -0300] "POST /cormun/servlet/trsolicitudot?629ecbc158ab2feb1b8c4bd9898ef6c3,,gx-no-cache=1492539171401 HTTP/1.1" 200 5215
186.79.234.100 - - [18/Apr/2017:14:14:59 -0300] "POST /cormun/servlet/trautorizarsolicitud?629ecbc158ab2feb1b8c4bd9898ef6c3,gx-no-cache=1492539017641,gx-no-cache=1492539194969 HTTP/1.1" 200 4318
186.79.234.100 - - [18/Apr/2017:14:14:59 -0300] "GET /cormun/static/Shared/jqueryui/images/ui-bg_highlight-soft_100_c6c2c8_1x100.png HTTP/1.1" 404 1117
186.79.234.100 - - [18/Apr/2017:14:14:59 -0300] "GET /cormun/static/Shared/jqueryui/images/ui-icons_82798d_256x240.png HTTP/1.1" 404 1089
186.79.234.100 - - [18/Apr/2017:14:15:00 -0300] "GET /cormun/static/Shared/jqueryui/images/ui-bg_flat_55_fafafa_40x100.png HTTP/1.1" 404 1097
186.79.234.100 - - [18/Apr/2017:14:15:00 -0300] "GET /cormun/static/Shared/jqueryui/images/ui-icons_8d78a5_256x240.png HTTP/1.1" 404 1089
186.79.234.100 - - [18/Apr/2017:14:15:00 -0300] "POST /cormun/servlet/trautorizarsolicitud?629ecbc158ab2feb1b8c4bd9898ef6c3,gx-no-cache=1492539017641,gx-no-cache=1492539195840 HTTP/1.1" 200 4091
192.168.10.13 - - [18/Apr/2017:14:15:05 -0300] "GET / HTTP/1.1" 200 11217
186.79.234.100 - - [18/Apr/2017:14:15:20 -0300] "GET /cormun/servlet/trautorizarsolicitud? HTTP/1.1" 200 6715
186.79.234.100 - - [18/Apr/2017:14:15:23 -0300] "GET /cormun/servlet/trautorizarsolicitud? HTTP/1.1" 200 6694
186.79.234.100 - - [18/Apr/2017:14:15:24 -0300] "POST /cormun/servlet/acontrolpreferencessavestate?None,CD-16,true HTTP/1.1" 200 35
186.79.234.100 - - [18/Apr/2017:14:15:26 -0300] "POST /cormun/servlet/trautorizarsolicitud?629ecbc158ab2feb1b8c4bd9898ef6c3,,gx-no-cache=1492539221696 HTTP/1.1" 200 3933
186.9.135.70 - - [18/Apr/2017:14:15:28 -0300] "GET /cormun/servlet/solicitudot?22ee34f7ae5d349e05a6ce2e045e0e212b9642474345d0a98a81cc387f35467e037c3811b2d0bcda11c4343dc15bc0efa73cbc056eae0d48e36c26604bf0a2477041a0fcafc76ce652cefb5add14b28d602c736d5c3fca7bc5a5f1f0ed98f19ab530b0b14c491046847dd71135115761f7a50e374560c972013df8d756b3370cd4faa209872031cb5f0391934f312da22e4b347145b3829ae1011f9769e9214fa420abf5bdfc5a85d3d5596d1c2b09df,gx-no-cache=1492535792226 HTTP/1.1" 200 30
186.9.135.70 - - [18/Apr/2017:14:15:28 -0300] "POST /cormun/servlet/solicitudot?0fb735ef47a2473e784f180fa99fb082,INS,0,0,,gx-no-cache=1492535792383 HTTP/1.1" 200 11371
186.79.234.100 - - [18/Apr/2017:14:15:32 -0300] "POST /cormun/servlet/trautorizarsolicitud?629ecbc158ab2feb1b8c4bd9898ef6c3,,gx-no-cache=1492539227948 HTTP/1.1" 200 5679
186.103.157.246 - - [18/Apr/2017:14:15:40 -0300] "GET /cormun/servlet/hlogin HTTP/1.1" 200 1728
186.79.234.100 - - [18/Apr/2017:14:15:41 -0300] "POST /cormun/servlet/trautorizarsolicitud?629ecbc158ab2feb1b8c4bd9898ef6c3,,gx-no-cache=1492539236955 HTTP/1.1" 200 5691
186.79.234.100 - - [18/Apr/2017:14:15:42 -0300] "GET /cormun/static/Shared/jqueryui/images/ui-bg_highlight-soft_100_c6c2c8_1x100.png HTTP/1.1" 404 1117
186.103.157.246 - - [18/Apr/2017:14:15:42 -0300] "GET /cormun/servlet/hlogin HTTP/1.1" 200 1728
186.103.157.246 - - [18/Apr/2017:14:15:42 -0300] "GET /cormun/static/gxcfg.js?201741110203197 HTTP/1.1" 304 -
186.103.157.246 - - [18/Apr/2017:14:15:42 -0300] "GET /cormun/static/messages.spa.js?85251 HTTP/1.1" 304 -
186.103.157.246 - - [18/Apr/2017:14:15:42 -0300] "GET /cormun/static/hlogin.js?201741110203211 HTTP/1.1" 304 -
186.103.157.246 - - [18/Apr/2017:14:15:43 -0300] "GET /cormun/servlet/hlogin HTTP/1.1" 200 1734
186.79.234.100 - - [18/Apr/2017:14:15:43 -0300] "GET /cormun/static/Shared/jqueryui/images/ui-icons_82798d_256x240.png HTTP/1.1" 404 1089
186.79.234.100 - - [18/Apr/2017:14:15:45 -0300] "GET /cormun/static/Shared/jqueryui/images/ui-bg_flat_55_fafafa_40x100.png HTTP/1.1" 404 1097
186.79.234.100 - - [18/Apr/2017:14:15:45 -0300] "GET /cormun/static/Shared/jqueryui/images/ui-icons_8d78a5_256x240.png HTTP/1.1" 404 1089
186.79.234.100 - - [18/Apr/2017:14:15:48 -0300] "POST /cormun/servlet/trautorizarsolicitud?629ecbc158ab2feb1b8c4bd9898ef6c3,,gx-no-cache=1492539241991 HTTP/1.1" 200 5690
186.103.157.246 - - [18/Apr/2017:14:15:56 -0300] "POST /cormun/servlet/hlogin?703cbb84b5061490f268476274a2f608,gx-no-cache=1492535821219 HTTP/1.1" 200 90
186.103.157.246 - - [18/Apr/2017:14:15:56 -0300] "GET /cormun/servlet/hpexe_link HTTP/1.1" 200 953
186.103.157.246 - - [18/Apr/2017:14:15:56 -0300] "GET /cormun/static/gxcfg.js?201731711483381 HTTP/1.1" 304 -
186.103.157.246 - - [18/Apr/2017:14:15:56 -0300] "GET /cormun/servlet/hhome HTTP/1.1" 200 3952
186.103.157.246 - - [18/Apr/2017:14:15:57 -0300] "GET /cormun/static/gxcfg.js?201731711483497 HTTP/1.1" 304 -
186.103.157.246 - - [18/Apr/2017:14:15:57 -0300] "GET /cormun/servlet/hhome HTTP/1.1" 200 3948
186.79.234.100 - - [18/Apr/2017:14:15:57 -0300] "POST /cormun/servlet/trautorizarsolicitud?629ecbc158ab2feb1b8c4bd9898ef6c3,,gx-no-cache=1492539253389 HTTP/1.1" 200 5196
192.168.10.13 - - [18/Apr/2017:14:16:05 -0300] "GET / HTTP/1.1" 200 11217
186.79.234.100 - - [18/Apr/2017:14:16:06 -0300] "POST /cormun/servlet/trautorizarsolicitud?629ecbc158ab2feb1b8c4bd9898ef6c3,,gx-no-cache=1492539262045 HTTP/1.1" 200 5209
186.103.157.246 - - [18/Apr/2017:14:16:31 -0300] "GET /cormun/servlet/trlicencias? HTTP/1.1" 200 8037
186.103.157.246 - - [18/Apr/2017:14:16:32 -0300] "GET /cormun/static/gxcfg.js?201741111445981 HTTP/1.1" 304 -
186.103.157.246 - - [18/Apr/2017:14:16:32 -0300] "GET /cormun/static/trlicencias.js?20174111145440 HTTP/1.1" 304 -
186.103.157.246 - - [18/Apr/2017:14:16:33 -0300] "GET /cormun/servlet/trlicencias? HTTP/1.1" 200 8035
186.103.157.246 - - [18/Apr/2017:14:16:43 -0300] "GET /cormun/servlet/licenciaspermisos?UPD,11067737,L,20170417000000, HTTP/1.1" 200 7561
186.103.157.246 - - [18/Apr/2017:14:16:43 -0300] "GET /cormun/static/gxcfg.js?201741111445322 HTTP/1.1" 304 -
186.103.157.246 - - [18/Apr/2017:14:16:43 -0300] "GET /cormun/static/licenciaspermisos.js?201741111445392 HTTP/1.1" 304 -
186.103.157.246 - - [18/Apr/2017:14:16:43 -0300] "GET /cormun/servlet/licenciaspermisos?UPD,11067737,L,20170417000000, HTTP/1.1" 200 7561
186.103.157.246 - - [18/Apr/2017:14:16:44 -0300] "GET /cormun/servlet/licenciaspermisos?4c1f7f99aaf63c5a35fe46bee231c145b99fa4eae25b7a7b12b75cb5b264ccb7844adc5671f1b5a1421330c63713ad72,gx-no-cache=1492535868849 HTTP/1.1" 200 73
192.168.10.13 - - [18/Apr/2017:14:17:05 -0300] "GET / HTTP/1.1" 200 11217
186.9.135.70 - - [18/Apr/2017:14:17:56 -0300] "GET /cormun/servlet/solicitudot?22ee34f7ae5d349e05a6ce2e045e0e212b9642474345d0a98a81cc387f35467e037c3811b2d0bcda11c4343dc15bc0efa73cbc056eae0d48e36c26604bf0a2477041a0fcafc76ce652cefb5add14b28d602c736d5c3fca7bc5a5f1f0ed98f19ab530b0b14c491046847dd71135115761f7a50e374560c972013df8d756b3370cd4faa209872031cb5f0391934f312da22e4b347145b3829ae1011f9769e9214fa420abf5bdfc5a85d3d5596d1c2b09df,gx-no-cache=1492535940846 HTTP/1.1" 200 30
186.9.135.70 - - [18/Apr/2017:14:17:57 -0300] "POST /cormun/servlet/solicitudot?0fb735ef47a2473e784f180fa99fb082,INS,0,0,,gx-no-cache=1492535941052 HTTP/1.1" 200 11421
192.168.10.13 - - [18/Apr/2017:14:18:05 -0300] "GET / HTTP/1.1" 200 11217
186.103.157.246 - - [18/Apr/2017:14:18:40 -0300] "GET /cormun/static/menuarrow.gif HTTP/1.1" 404 1015
186.9.135.70 - - [18/Apr/2017:14:19:04 -0300] "GET /cormun/servlet/solicitudot?22ee34f7ae5d349e05a6ce2e045e0e212b9642474345d0a98a81cc387f35467e037c3811b2d0bcda11c4343dc15bc0efa73cbc056eae0d48e36c26604bf0a2477041a0fcafc76ce652cefb5add14b28d602c736d5c3fca7bc5a5f1f0ed98f19ab530b0b14c491046847dd71135115761f7a50e374560c972013df8d756b3370cd4faa209872031cb5f0391934f312da22e4b347145b3829ae1011f9769e9214ff5f7d348421fa36d80d27bc8dee838b5,gx-no-cache=1492536008216 HTTP/1.1" 200 30
186.9.135.70 - - [18/Apr/2017:14:19:04 -0300] "POST /cormun/servlet/solicitudot?0fb735ef47a2473e784f180fa99fb082,INS,0,0,,gx-no-cache=1492536008397 HTTP/1.1" 200 11463
192.168.10.13 - - [18/Apr/2017:14:19:05 -0300] "GET / HTTP/1.1" 200 11217
186.103.157.235 - - [18/Apr/2017:14:19:23 -0300] "GET /cormun/servlet/trlicencias? HTTP/1.1" 200 5979
186.103.157.235 - - [18/Apr/2017:14:19:23 -0300] "GET /cormun/static/gxcfg.js?201741111445981 HTTP/1.1" 200 953
186.103.157.235 - - [18/Apr/2017:14:19:23 -0300] "GET /cormun/static/trlicencias.js?20174111145440 HTTP/1.1" 200 37913
186.103.157.235 - - [18/Apr/2017:14:19:24 -0300] "GET /cormun/servlet/hlogin HTTP/1.1" 200 1738
186.103.157.235 - - [18/Apr/2017:14:19:24 -0300] "GET /cormun/servlet/trlicencias? HTTP/1.1" 200 5973
186.103.157.235 - - [18/Apr/2017:14:19:32 -0300] "POST /cormun/servlet/hlogin?860ece97b64c2129c8bc04a6352cf7e9,gx-no-cache=1492536038458 HTTP/1.1" 200 90
186.103.157.235 - - [18/Apr/2017:14:19:32 -0300] "GET /cormun/servlet/hpexe_link HTTP/1.1" 200 954
186.103.157.235 - - [18/Apr/2017:14:19:32 -0300] "GET /cormun/static/hpexe_link.js?201731711483384 HTTP/1.1" 200 625
186.103.157.235 - - [18/Apr/2017:14:19:32 -0300] "GET /cormun/servlet/trlicencias HTTP/1.1" 200 6669
186.103.157.235 - - [18/Apr/2017:14:19:32 -0300] "GET /cormun/servlet/trlicencias HTTP/1.1" 200 6666
186.103.157.235 - - [18/Apr/2017:14:19:36 -0300] "GET /cormun/servlet/trlicencias? HTTP/1.1" 200 6666
186.103.157.235 - - [18/Apr/2017:14:19:36 -0300] "GET /cormun/servlet/trlicencias? HTTP/1.1" 200 6666
186.103.157.235 - - [18/Apr/2017:14:19:38 -0300] "GET /cormun/servlet/licenciaspermisos?INS,0,,, HTTP/1.1" 200 7383
186.103.157.235 - - [18/Apr/2017:14:19:38 -0300] "GET /cormun/static/gxcfg.js?201741111445322 HTTP/1.1" 200 953
186.103.157.235 - - [18/Apr/2017:14:19:38 -0300] "GET /cormun/static/licenciaspermisos.js?201741111445392 HTTP/1.1" 200 34444
186.103.157.235 - - [18/Apr/2017:14:19:39 -0300] "GET /cormun/servlet/licenciaspermisos?INS,0,,, HTTP/1.1" 200 7382
186.9.135.70 - - [18/Apr/2017:14:19:41 -0300] "POST /cormun/servlet/solicitudot?0fb735ef47a2473e784f180fa99fb082,INS,0,0,,gx-no-cache=1492536045513 HTTP/1.1" 200 93
186.9.135.70 - - [18/Apr/2017:14:19:41 -0300] "GET /cormun/servlet/hpexe_return? HTTP/1.1" 200 1009
186.9.135.70 - - [18/Apr/2017:14:19:41 -0300] "GET /cormun/static/hpexe_return.js?2016101716175153 HTTP/1.1" 304 -
186.9.135.70 - - [18/Apr/2017:14:19:41 -0300] "GET /cormun/static/Resources/Spanish/PXTools.css?167811 HTTP/1.1" 304 -
186.9.135.70 - - [18/Apr/2017:14:19:41 -0300] "GET /cormun/static/gxcfg.js?2016101716175148 HTTP/1.1" 200 953
186.9.135.70 - - [18/Apr/2017:14:19:42 -0300] "GET /cormun/servlet/trsolicitudot HTTP/1.1" 200 6923
186.9.135.70 - - [18/Apr/2017:14:19:43 -0300] "GET /cormun/servlet/trsolicitudot HTTP/1.1" 200 6919
186.9.135.70 - - [18/Apr/2017:14:19:47 -0300] "GET /cormun/servlet/trvisualizadoreventos? HTTP/1.1" 200 6680
186.9.135.70 - - [18/Apr/2017:14:19:48 -0300] "GET /cormun/servlet/trvisualizadoreventos? HTTP/1.1" 200 6680
186.9.135.70 - - [18/Apr/2017:14:20:01 -0300] "GET /cormun/servlet/trvisualizadoreventos? HTTP/1.1" 200 6680
186.9.135.70 - - [18/Apr/2017:14:20:02 -0300] "GET /cormun/servlet/trvisualizadoreventos? HTTP/1.1" 200 6680
192.168.10.13 - - [18/Apr/2017:14:20:05 -0300] "GET / HTTP/1.1" 200 11217
186.9.135.70 - - [18/Apr/2017:14:20:10 -0300] "GET /cormun/servlet/trvisualizadoreventos? HTTP/1.1" 200 6680
186.9.135.70 - - [18/Apr/2017:14:20:11 -0300] "GET /cormun/servlet/trvisualizadoreventos? HTTP/1.1" 200 6680
186.9.135.70 - - [18/Apr/2017:14:20:16 -0300] "POST /cormun/servlet/trvisualizadoreventos?0fb735ef47a2473e784f180fa99fb082,,gx-no-cache=1492536079959 HTTP/1.1" 200 3970
186.103.157.235 - - [18/Apr/2017:14:20:21 -0300] "GET /cormun/servlet/prfichaempleado?,MD,,gxPopupLevel%3D0%3B HTTP/1.1" 200 8812
186.103.157.235 - - [18/Apr/2017:14:20:28 -0300] "POST /cormun/servlet/prfichaempleado?860ece97b64c2129c8bc04a6352cf7e9,,MD,,gxPopupLevel%3D0%3B,gx-no-cache=1492536094507 HTTP/1.1" 200 3785
186.9.135.70 - - [18/Apr/2017:14:20:34 -0300] "GET /cormun/servlet/hlogin HTTP/1.1" 200 1729
186.103.157.235 - - [18/Apr/2017:14:20:48 -0300] "GET /cormun/servlet/licenciaspermisos?89f4e51863453a7bd4a57a74faf278ad140c47290ec0ecca25df41d8ea3cc57a811c44d22ac6d1c91cbfd35d4244af78,gx-no-cache=1492536114815 HTTP/1.1" 200 68
186.103.157.235 - - [18/Apr/2017:14:20:48 -0300] "POST /cormun/servlet/licenciaspermisos?860ece97b64c2129c8bc04a6352cf7e9,INS,0,,,,gx-no-cache=1492536114869 HTTP/1.1" 200 4627
186.9.135.70 - - [18/Apr/2017:14:20:56 -0300] "POST /cormun/servlet/hlogin?075f1e3ed8b71331d7992d58ef10a0c8,gx-no-cache=1492536120074 HTTP/1.1" 200 90
186.9.135.70 - - [18/Apr/2017:14:20:56 -0300] "GET /cormun/servlet/hpexe_link HTTP/1.1" 200 952
186.9.135.70 - - [18/Apr/2017:14:20:56 -0300] "GET /cormun/servlet/hhome HTTP/1.1" 200 3947
186.9.135.70 - - [18/Apr/2017:14:20:58 -0300] "GET /cormun/servlet/hhome HTTP/1.1" 200 3944
157.55.39.222 - - [18/Apr/2017:14:20:59 -0300] "GET /cormun/static/SmoothNavMenu/resources/SmoothNavMenuRender.js HTTP/1.1" 200 5951
186.9.135.70 - - [18/Apr/2017:14:21:01 -0300] "GET /cormun/servlet/trvisualizadoreventos? HTTP/1.1" 200 6677
186.9.135.70 - - [18/Apr/2017:14:21:02 -0300] "GET /cormun/servlet/trvisualizadoreventos? HTTP/1.1" 200 6677
192.168.10.13 - - [18/Apr/2017:14:21:05 -0300] "GET / HTTP/1.1" 200 11217
186.9.135.70 - - [18/Apr/2017:14:21:07 -0300] "GET /cormun/servlet/trcontratosolicitud? HTTP/1.1" 200 13801
186.9.135.70 - - [18/Apr/2017:14:21:09 -0300] "GET /cormun/servlet/trcontratosolicitud? HTTP/1.1" 200 13778
186.103.157.235 - - [18/Apr/2017:14:21:28 -0300] "GET /cormun/static/menuarrow.gif HTTP/1.1" 404 1015
186.9.135.70 - - [18/Apr/2017:14:21:46 -0300] "GET /cormun/servlet/trsolicitudot? HTTP/1.1" 200 6915
186.9.135.70 - - [18/Apr/2017:14:21:47 -0300] "GET /cormun/servlet/trsolicitudot? HTTP/1.1" 200 6915
186.9.135.70 - - [18/Apr/2017:14:21:50 -0300] "GET /cormun/servlet/solicitudot?INS,0,0, HTTP/1.1" 200 12758
186.9.135.70 - - [18/Apr/2017:14:21:51 -0300] "GET /cormun/servlet/solicitudot?INS,0,0, HTTP/1.1" 200 12762
186.9.135.70 - - [18/Apr/2017:14:21:54 -0300] "GET /cormun/servlet/prfichaempleado?,MD,,gxPopupLevel%3D0%3B HTTP/1.1" 200 8761
192.168.10.13 - - [18/Apr/2017:14:22:05 -0300] "GET / HTTP/1.1" 200 11217
186.9.135.70 - - [18/Apr/2017:14:22:07 -0300] "POST /cormun/servlet/prfichaempleado?075f1e3ed8b71331d7992d58ef10a0c8,,MD,,gxPopupLevel%3D0%3B,gx-no-cache=1492536191508 HTTP/1.1" 200 3401
186.9.135.70 - - [18/Apr/2017:14:22:15 -0300] "POST /cormun/servlet/solicitudot?gx-no-cache=1492536198925 HTTP/1.1" 200 3162
186.9.135.70 - - [18/Apr/2017:14:22:16 -0300] "POST /cormun/servlet/solicitudot?075f1e3ed8b71331d7992d58ef10a0c8,INS,0,0,,gx-no-cache=1492536199235 HTTP/1.1" 200 9959
186.9.135.70 - - [18/Apr/2017:14:22:16 -0300] "GET /cormun/servlet/solicitudot?ca5896a789e2efe186e74059ba19199f3d89c7216e873aa597a9e5260f68dbad467576730b251c838c98eb614b243b98,gx-no-cache=1492536200417 HTTP/1.1" 200 30
186.9.135.70 - - [18/Apr/2017:14:22:18 -0300] "POST /cormun/servlet/solicitudot?gx-no-cache=1492536202673 HTTP/1.1" 200 255
186.9.135.70 - - [18/Apr/2017:14:22:18 -0300] "GET /cormun/servlet/solicitudot?ca5896a789e2efe186e74059ba19199fc9d3d9a81a9c36cd5ec7ef3a2f72e9a02ed6d99dcb8425ec14dbb6c74d2f462b6274c146cb29fb4e3b6ff8f5c61b019fc7b707410a4c76b294e2bd385f282397605a3193a0d8df812fa2db0c4bd7b321a952b17d7adfc42707a6f3474c5f97c6ad79b66f3d0f5f3b8be10159bf08a5328d114f347ce6455e6c71228171b846ff595ff19c21f78c65a5fce99f6fb96322c4635bda0527885a639124ebb531742f5ec3a7d611784b77160ad5d86cbdecc1d5a084fe5f400bb08946b0631b40929315872949403b649f321e83f78a737a64ede8278e166f8a288078fd3caea8ed6675e8703711c14727251b31758fd1b7dcd1e544882537919992f02c42ad75142b10982bfa2e0f262d455b0f53a31ac3f355af63304e0d5d2664f390b6638199d83ff5140d577a0df1f2607fb03f1385987873fc127b05dc8d4ce4b9d85a180ae7dd122def65ad8f5cba07d7ce122a934a6d5a185e23e029951374785251de92675d5a4d545507dfdd9f5bc04193ec5b11,gx-no-cache=1492536202849 HTTP/1.1" 200 30
186.9.135.70 - - [18/Apr/2017:14:22:22 -0300] "POST /cormun/servlet/solicitudot?gx-no-cache=1492536206881 HTTP/1.1" 200 30
186.9.135.70 - - [18/Apr/2017:14:22:46 -0300] "POST /cormun/servlet/solicitudot?gx-no-cache=1492536230796 HTTP/1.1" 200 1292
186.103.157.235 - - [18/Apr/2017:14:22:47 -0300] "GET /cormun/servlet/licenciaspermisos?89f4e51863453a7bd4a57a74faf278adef7bf28c5f8d7fd2c55da6718db67e299ecf4b5bc47def461df08ea37c5ec0e82518b8d6412d6a2d5df9e931a11e6d5b1f2f84c1bec2081948d207e9a221d5303b4abd29a8bd438c118b2c18e200bf6398ddb93d5a0a24748e84093e25cc4ddd115e072dcee60dfe702816c287e346567de5bcf7cde06943b49fda019ef016ebeaa07359d5dbcbc9eadba911fd806604c0d0fc9f2d914f74ff5951b03c541021447842fe366640d3cea6ae662b1601d3fe6816a5088d48a64b988cb10501348f31d625d82d9b58baaade3d053fb8f25f,gx-no-cache=1492536233185 HTTP/1.1" 200 30
186.9.135.70 - - [18/Apr/2017:14:22:47 -0300] "POST /cormun/servlet/solicitudot?gx-no-cache=1492536231071 HTTP/1.1" 200 38
