190.151.100.218 - - [17/Apr/2017:12:33:04 -0300] "POST /cormun/servlet/solicitudot?gx-no-cache=1492443248819 HTTP/1.1" 200 41
186.103.157.246 - - [17/Apr/2017:12:33:05 -0300] "GET /cormun/servlet/licenciaspermisosadjuntos?INS,11067737,L,20170417000000,, HTTP/1.1" 200 5597
186.103.159.187 - - [17/Apr/2017:12:33:07 -0300] "POST /cormun/servlet/solicitudot?gx-no-cache=1492446850184 HTTP/1.1" 200 1291
186.103.159.187 - - [17/Apr/2017:12:33:07 -0300] "POST /cormun/servlet/solicitudot?gx-no-cache=1492446850288 HTTP/1.1" 200 41
186.103.159.187 - - [17/Apr/2017:12:33:07 -0300] "POST /cormun/servlet/solicitudot?gx-no-cache=1492446850324 HTTP/1.1" 200 1274
186.103.159.187 - - [17/Apr/2017:12:33:07 -0300] "POST /cormun/servlet/solicitudot?gx-no-cache=1492446850373 HTTP/1.1" 200 1157
186.103.159.187 - - [17/Apr/2017:12:33:07 -0300] "GET /cormun/servlet/solicitudot?d1d3dc0825b10043544a2b9c3639f4bbf16d18d1eb984d0e37f7082c0218c837c774d8291f12ac0a3d0ada00a725f088d5b412896873c353008fb38faa6757b1c49bb838b37281a998800ce22a68355826908778dbb86396bb834a6051e91f793267f3427c6c13c32471780a5719d5a43866f1d823260bd7738b4f9498c2613751a9231769135f552f607b79c9d2eb3e1e2c362bb44e37c5c704a7a20eb1144b7b5ae799a65f9a16fa99139d92afcf6b39a1eab5364cc448ae5d92d256179716,gx-no-cache=1492446850443 HTTP/1.1" 200 32
186.103.159.187 - - [17/Apr/2017:12:33:07 -0300] "POST /cormun/servlet/solicitudot?2b225d0049f7092f1a8d68e42cf496c4,INS,0,0,,gx-no-cache=1492446850508 HTTP/1.1" 200 11661
186.103.157.246 - - [17/Apr/2017:12:33:09 -0300] "GET /cormun/servlet/trlicenciaspermisosadjuntos?11067737,20170417000000,L, HTTP/1.1" 200 6780
186.103.157.246 - - [17/Apr/2017:12:33:10 -0300] "GET /cormun/servlet/trlicenciaspermisosadjuntos?11067737,20170417000000,L, HTTP/1.1" 200 6780
192.168.10.13 - - [17/Apr/2017:12:33:14 -0300] "GET / HTTP/1.1" 200 11217
200.72.197.82 - - [17/Apr/2017:12:33:22 -0300] "POST /cormun/servlet/solicitudot?gx-no-cache=1492443266391 HTTP/1.1" 200 1273
200.72.197.82 - - [17/Apr/2017:12:33:22 -0300] "POST /cormun/servlet/solicitudot?gx-no-cache=1492443266604 HTTP/1.1" 200 1156
200.72.197.82 - - [17/Apr/2017:12:33:22 -0300] "GET /cormun/servlet/solicitudot?6738cf02df035d879a80773b3956f5cebcbac6c66661a89065ac84d86fcc375e50fe9cda794c1863307db562ca29aba5af40a8b9e24424b33b790c522987fa561c81d9a7b84ccf2552f7ea779a4b89edd5e74d7c37eff50f72038d83c948cc639774b110197fb7c44e6285ad76e6513180f4707f069cad232693449ef55292af96aafade9e635b16003e8e8d619edcd3af4eae31be7f77db933bbe5312a69949955315115c0079b8251e74e50c9f55b2,gx-no-cache=1492443266758 HTTP/1.1" 200 30
186.79.226.236 - - [17/Apr/2017:12:33:22 -0300] "GET /cormun/servlet/solicitudotadjuntos?15a468e31c3c35a0b7c2732f879aee683085ec88f3693edb17360a92dfc8a900,gx-no-cache=1492443266856 HTTP/1.1" 200 30
186.79.226.236 - - [17/Apr/2017:12:33:22 -0300] "GET /cormun/servlet/solicitudotadjuntos?15a468e31c3c35a0b7c2732f879aee683085ec88f3693edb17360a92dfc8a900,gx-no-cache=1492443266955 HTTP/1.1" 200 30
186.103.159.187 - - [17/Apr/2017:12:33:22 -0300] "POST /cormun/servlet/solicitudot?2b225d0049f7092f1a8d68e42cf496c4,INS,0,0,,gx-no-cache=1492446865564 HTTP/1.1" 200 93
186.103.159.187 - - [17/Apr/2017:12:33:22 -0300] "GET /cormun/servlet/hpexe_return? HTTP/1.1" 200 1007
186.103.159.187 - - [17/Apr/2017:12:33:23 -0300] "GET /cormun/servlet/trsolicitudot HTTP/1.1" 200 8045
200.72.197.82 - - [17/Apr/2017:12:33:23 -0300] "POST /cormun/servlet/solicitudot?3f32605df8a7ab797e7d107a1eb5ad48,INS,0,0,,gx-no-cache=1492443266882 HTTP/1.1" 200 93
200.72.197.82 - - [17/Apr/2017:12:33:24 -0300] "GET /cormun/servlet/hpexe_return? HTTP/1.1" 200 1009
186.103.159.187 - - [17/Apr/2017:12:33:24 -0300] "GET /cormun/servlet/trsolicitudot HTTP/1.1" 200 8041
200.72.197.82 - - [17/Apr/2017:12:33:24 -0300] "GET /cormun/static/hpexe_return.js?2016101716175153 HTTP/1.1" 200 1633
200.72.197.82 - - [17/Apr/2017:12:33:24 -0300] "GET /cormun/static/gxcfg.js?2016101716175148 HTTP/1.1" 200 953
200.72.197.82 - - [17/Apr/2017:12:33:24 -0300] "GET /cormun/static/Resources/Spanish/PXTools.css?167811 HTTP/1.1" 200 89042
186.103.161.206 - - [17/Apr/2017:12:33:25 -0300] "GET /cormun/servlet/trsolicitudot HTTP/1.1" 200 8182
186.79.226.236 - - [17/Apr/2017:12:33:25 -0300] "POST /cormun/servlet/solicitudotadjuntos?469fbf3c79950de23e9b625676ea966c,INS,2017,6090,,2, HTTP/1.1" 200 116
186.79.226.236 - - [17/Apr/2017:12:33:26 -0300] "GET /cormun/servlet/hpexe_return? HTTP/1.1" 200 1026
186.103.161.206 - - [17/Apr/2017:12:33:26 -0300] "GET /cormun/servlet/trsolicitudot HTTP/1.1" 200 8178
190.151.100.218 - - [17/Apr/2017:12:33:26 -0300] "GET /cormun//static/Resources/PXToolsActionView.png HTTP/1.1" 200 2995
186.103.132.155 - - [17/Apr/2017:12:33:26 -0300] "GET /cormun//static/Resources/PXTools/ActionInsert.png HTTP/1.1" 200 1482
200.72.197.82 - - [17/Apr/2017:12:33:26 -0300] "GET /cormun//static/Resources/PXToolsRemoveAllAction.png HTTP/1.1" 200 3558
200.72.197.82 - - [17/Apr/2017:12:33:26 -0300] "GET /cormun//static/Resources/PXToolsGridUpdate.png HTTP/1.1" 200 2984
200.72.197.82 - - [17/Apr/2017:12:33:26 -0300] "GET /cormun//static/Resources/PXToolsGridDelete.png HTTP/1.1" 200 357
186.79.226.236 - - [17/Apr/2017:12:33:26 -0300] "GET /cormun/servlet/trsolicitudadjuntos?2017,6090, HTTP/1.1" 200 9005
186.79.226.236 - - [17/Apr/2017:12:33:27 -0300] "GET /cormun/servlet/trsolicitudadjuntos?2017,6090, HTTP/1.1" 200 9000
186.103.159.187 - - [17/Apr/2017:12:33:29 -0300] "POST /cormun/servlet/trsolicitudot?2b225d0049f7092f1a8d68e42cf496c4,gx-no-cache=1492446872356 HTTP/1.1" 200 4192
186.103.159.187 - - [17/Apr/2017:12:33:29 -0300] "GET /cormun/static/Shared/jqueryui/images/ui-bg_highlight-soft_100_c6c2c8_1x100.png HTTP/1.1" 404 1117
186.103.159.187 - - [17/Apr/2017:12:33:29 -0300] "GET /cormun/static/Shared/jqueryui/images/ui-icons_8d78a5_256x240.png HTTP/1.1" 404 1089
186.103.159.187 - - [17/Apr/2017:12:33:29 -0300] "GET /cormun/static/Shared/jqueryui/images/ui-icons_82798d_256x240.png HTTP/1.1" 404 1089
186.103.159.187 - - [17/Apr/2017:12:33:29 -0300] "GET /cormun/static/Shared/jqueryui/images/ui-bg_flat_55_fafafa_40x100.png HTTP/1.1" 404 1097
186.103.159.187 - - [17/Apr/2017:12:33:29 -0300] "POST /cormun/servlet/trsolicitudot?2b225d0049f7092f1a8d68e42cf496c4,gx-no-cache=1492446872604 HTTP/1.1" 200 3933
192.168.10.93 - - [17/Apr/2017:12:33:31 -0300] "POST /cormunbeta/servlet/trvisualizadoreventossalud?ac8ce6caa217f8f405d0ac1fc9bf2962,,gx-no-cache=1492446485330 HTTP/1.1" 200 4282
186.79.226.236 - - [17/Apr/2017:12:33:31 -0300] "GET /cormun/servlet/solicitudotadjuntos?INS,2017,6090,,2, HTTP/1.1" 200 5765
186.79.226.236 - - [17/Apr/2017:12:33:32 -0300] "GET /cormun/static/about:blank HTTP/1.1" 404 1011
186.79.226.236 - - [17/Apr/2017:12:33:32 -0300] "GET /cormun/servlet/solicitudotadjuntos?INS,2017,6090,,2, HTTP/1.1" 200 5759
186.79.226.236 - - [17/Apr/2017:12:33:32 -0300] "GET /cormun/servlet/solicitudotadjuntos?15a468e31c3c35a0b7c2732f879aee68ddd188e628bbb5636a3bd661b8624aa1bd91744922db7ee55594b841d0564dc4,gx-no-cache=1492443276963 HTTP/1.1" 200 30
186.79.226.236 - - [17/Apr/2017:12:33:32 -0300] "POST /cormun/servlet/solicitudotadjuntos?469fbf3c79950de23e9b625676ea966c,INS,2017,6090,,2,,gx-no-cache=1492443277030 HTTP/1.1" 200 3865
186.103.159.187 - - [17/Apr/2017:12:33:34 -0300] "GET /cormun/servlet/trsolicitudot? HTTP/1.1" 200 6667
192.168.10.93 - - [17/Apr/2017:12:33:34 -0300] "POST /cormunbeta/servlet/trvisualizadoreventossalud?ac8ce6caa217f8f405d0ac1fc9bf2962,,gx-no-cache=1492446488720 HTTP/1.1" 200 4285
186.103.159.187 - - [17/Apr/2017:12:33:35 -0300] "GET /cormun/servlet/trsolicitudot? HTTP/1.1" 200 6667
192.168.10.93 - - [17/Apr/2017:12:33:35 -0300] "POST /cormunbeta/servlet/trvisualizadoreventossalud?ac8ce6caa217f8f405d0ac1fc9bf2962,,gx-no-cache=1492446489240 HTTP/1.1" 200 4284
192.168.10.93 - - [17/Apr/2017:12:33:37 -0300] "POST /cormunbeta/servlet/trvisualizadoreventossalud?ac8ce6caa217f8f405d0ac1fc9bf2962,,gx-no-cache=1492446491300 HTTP/1.1" 200 4280
186.103.159.187 - - [17/Apr/2017:12:33:37 -0300] "GET /cormun/servlet/solicitudot?INS,0,0, HTTP/1.1" 200 12545
186.103.159.187 - - [17/Apr/2017:12:33:38 -0300] "GET /cormun/servlet/solicitudot?INS,0,0, HTTP/1.1" 200 12550
192.168.10.93 - - [17/Apr/2017:12:33:39 -0300] "POST /cormunbeta/servlet/trvisualizadoreventossalud?ac8ce6caa217f8f405d0ac1fc9bf2962,,gx-no-cache=1492446493469 HTTP/1.1" 200 4282
192.168.10.93 - - [17/Apr/2017:12:33:41 -0300] "POST /cormunbeta/servlet/trvisualizadoreventossalud?ac8ce6caa217f8f405d0ac1fc9bf2962,,gx-no-cache=1492446495840 HTTP/1.1" 200 4281
192.168.10.93 - - [17/Apr/2017:12:33:42 -0300] "POST /cormunbeta/servlet/trvisualizadoreventossalud?ac8ce6caa217f8f405d0ac1fc9bf2962,,gx-no-cache=1492446496320 HTTP/1.1" 200 4282
192.168.10.93 - - [17/Apr/2017:12:33:45 -0300] "POST /cormunbeta/servlet/trvisualizadoreventossalud?ac8ce6caa217f8f405d0ac1fc9bf2962,,gx-no-cache=1492446499229 HTTP/1.1" 200 4282
192.168.10.93 - - [17/Apr/2017:12:33:48 -0300] "POST /cormunbeta/servlet/trvisualizadoreventossalud?ac8ce6caa217f8f405d0ac1fc9bf2962,,gx-no-cache=1492446502054 HTTP/1.1" 200 4282
200.72.197.82 - - [17/Apr/2017:12:33:50 -0300] "POST /cormun/servlet/trsolicitudot?3f32605df8a7ab797e7d107a1eb5ad48,gx-no-cache=1492443291015 HTTP/1.1" 200 4339
186.103.132.155 - - [17/Apr/2017:12:33:51 -0300] "GET /cormun/static/Shared/jqueryui/images/ui-icons_8d78a5_256x240.png HTTP/1.1" 404 1089
190.151.100.218 - - [17/Apr/2017:12:33:51 -0300] "GET /cormun/static/Shared/jqueryui/images/ui-bg_flat_55_fafafa_40x100.png HTTP/1.1" 404 1097
200.72.197.82 - - [17/Apr/2017:12:33:51 -0300] "GET /cormun/static/Shared/jqueryui/images/ui-icons_82798d_256x240.png HTTP/1.1" 404 1089
200.72.197.82 - - [17/Apr/2017:12:33:52 -0300] "GET /cormun/static/Shared/jqueryui/images/ui-bg_highlight-soft_100_c6c2c8_1x100.png HTTP/1.1" 404 1117
186.103.132.155 - - [17/Apr/2017:12:33:52 -0300] "POST /cormun/servlet/trsolicitudot?3f32605df8a7ab797e7d107a1eb5ad48,gx-no-cache=1492443295319 HTTP/1.1" 200 4124
192.168.10.93 - - [17/Apr/2017:12:33:56 -0300] "GET /cormunbeta/servlet/trautorizarsolicitudsalud? HTTP/1.1" 200 7207
192.168.10.93 - - [17/Apr/2017:12:33:56 -0300] "GET /cormunbeta/servlet/trautorizarsolicitudsalud? HTTP/1.1" 200 7206
192.168.10.93 - - [17/Apr/2017:12:34:01 -0300] "POST /cormunbeta/servlet/trautorizarsolicitudsalud?ac8ce6caa217f8f405d0ac1fc9bf2962,,gx-no-cache=1492446515168 HTTP/1.1" 200 4353
186.103.157.246 - - [17/Apr/2017:12:34:04 -0300] "GET /cormun/servlet/hlogin HTTP/1.1" 200 1722
192.168.10.93 - - [17/Apr/2017:12:34:05 -0300] "POST /cormunbeta/servlet/trautorizarsolicitudsalud?ac8ce6caa217f8f405d0ac1fc9bf2962,,gx-no-cache=1492446519688 HTTP/1.1" 200 4351
192.168.10.93 - - [17/Apr/2017:12:34:06 -0300] "POST /cormunbeta/servlet/trautorizarsolicitudsalud?ac8ce6caa217f8f405d0ac1fc9bf2962,,gx-no-cache=1492446520491 HTTP/1.1" 200 4351
192.168.10.93 - - [17/Apr/2017:12:34:06 -0300] "POST /cormunbeta/servlet/trautorizarsolicitudsalud?ac8ce6caa217f8f405d0ac1fc9bf2962,,gx-no-cache=1492446520677 HTTP/1.1" 200 4351
186.103.159.187 - - [17/Apr/2017:12:34:09 -0300] "POST /cormun/servlet/solicitudot?gx-no-cache=1492446912127 HTTP/1.1" 200 3189
186.103.159.187 - - [17/Apr/2017:12:34:09 -0300] "POST /cormun/servlet/solicitudot?2b225d0049f7092f1a8d68e42cf496c4,INS,0,0,,gx-no-cache=1492446912365 HTTP/1.1" 200 9764
192.168.10.93 - - [17/Apr/2017:12:34:11 -0300] "POST /cormunbeta/servlet/trautorizarsolicitudsalud?ac8ce6caa217f8f405d0ac1fc9bf2962,,gx-no-cache=1492446525046 HTTP/1.1" 200 4349
186.103.159.187 - - [17/Apr/2017:12:34:13 -0300] "GET /cormun/servlet/solicitudot?d1d3dc0825b10043544a2b9c3639f4bbd4f898831993d189487e00545ccbbe4560b6fb1b6dcb492c124e8e02d0d2a8e0,gx-no-cache=1492446916838 HTTP/1.1" 200 30
186.103.159.187 - - [17/Apr/2017:12:34:13 -0300] "POST /cormun/servlet/solicitudot?gx-no-cache=1492446916903 HTTP/1.1" 200 240
186.103.159.187 - - [17/Apr/2017:12:34:14 -0300] "GET /cormun/servlet/solicitudot?d1d3dc0825b10043544a2b9c3639f4bb3dbbc43823c399610cc20f6ac3a652226421a7a291f4ba8f9e97fa261f11f2352e1ca86c92fdd7b3a92c645076f1ac65e5e076dac122c0d6bfa893070c03573fd728a8228a09b9734750be79b4795231a6f734eb5fa63afe4897b6b0108320dfdaa5d51745f0cc396e3a7d17fd148a9ae87fb683591bbca9169acd3a4b9255cdec7311e8e4b96f62605cca8bcb1c9b39e9b2de4bade650cda2d570b7aba970112e833ecdfabe5b2e132d59e074b35a02463dd7245e9893c3b60b7939f0203fb7bd3479c29c2f0161db7cb3d48f854ace25898c06e62a4460918405b9e25399015e14f640c0e8a92ce75b21ff3b70c291234142e5a22de1461a89034edf24c64f5de38b875d33a378dbeed2c40bfcfd2bae44995ae454a9eb1d5861364d3dcb6363fc98576200731843be7c5d1597aee8a874c7099181294f9b0af78e2b192e2cf6edc8c05e58c5716192381f8cc86a550d89b5fe76961e793a9356ee4fcb17c896ae4e9ed4f47831f11c04c9507556d1,gx-no-cache=1492446916953 HTTP/1.1" 200 30
192.168.10.13 - - [17/Apr/2017:12:34:14 -0300] "GET / HTTP/1.1" 200 11217
192.168.10.93 - - [17/Apr/2017:12:34:15 -0300] "POST /cormunbeta/servlet/trautorizarsolicitudsalud?ac8ce6caa217f8f405d0ac1fc9bf2962,,gx-no-cache=1492446529709 HTTP/1.1" 200 4350
186.103.159.187 - - [17/Apr/2017:12:34:16 -0300] "POST /cormun/servlet/solicitudot?gx-no-cache=1492446919533 HTTP/1.1" 200 30
186.103.159.187 - - [17/Apr/2017:12:34:18 -0300] "GET /cormun/servlet/prcontratosol?18597010,,,,,MD,,gxPopupLevel%3D0%3B HTTP/1.1" 200 5554
192.168.10.93 - - [17/Apr/2017:12:34:19 -0300] "POST /cormunbeta/servlet/trautorizarsolicitudsalud?ac8ce6caa217f8f405d0ac1fc9bf2962,,gx-no-cache=1492446533115 HTTP/1.1" 200 4350
186.103.157.246 - - [17/Apr/2017:12:34:20 -0300] "POST /cormun/servlet/hlogin?d7d200df36dcefecc272dbe4001b68ed,gx-no-cache=1492443324545 HTTP/1.1" 200 90
186.103.157.246 - - [17/Apr/2017:12:34:21 -0300] "GET /cormun/servlet/hpexe_link HTTP/1.1" 200 949
186.103.157.246 - - [17/Apr/2017:12:34:21 -0300] "GET /cormun/servlet/hhome HTTP/1.1" 200 3945
192.168.10.93 - - [17/Apr/2017:12:34:22 -0300] "POST /cormunbeta/servlet/trautorizarsolicitudsalud?ac8ce6caa217f8f405d0ac1fc9bf2962,,gx-no-cache=1492446536831 HTTP/1.1" 200 4351
186.103.157.246 - - [17/Apr/2017:12:34:23 -0300] "GET /cormun/servlet/hhome HTTP/1.1" 200 3941
192.168.10.93 - - [17/Apr/2017:12:34:27 -0300] "POST /cormunbeta/servlet/trautorizarsolicitudsalud?ac8ce6caa217f8f405d0ac1fc9bf2962,,gx-no-cache=1492446541603 HTTP/1.1" 200 4354
186.103.157.246 - - [17/Apr/2017:12:34:29 -0300] "GET /cormun/servlet/trlicencias? HTTP/1.1" 200 8031
186.103.157.246 - - [17/Apr/2017:12:34:31 -0300] "GET /cormun/servlet/trlicencias? HTTP/1.1" 200 8029
192.168.10.93 - - [17/Apr/2017:12:34:31 -0300] "POST /cormunbeta/servlet/trautorizarsolicitudsalud?ac8ce6caa217f8f405d0ac1fc9bf2962,,gx-no-cache=1492446545068 HTTP/1.1" 200 4352
186.79.61.94 - - [17/Apr/2017:12:34:34 -0300] "GET /cormun/servlet/hlogin HTTP/1.1" 200 1719
192.168.10.93 - - [17/Apr/2017:12:34:37 -0300] "GET /cormunbeta/servlet/hlogin HTTP/1.1" 200 1747
186.103.159.187 - - [17/Apr/2017:12:34:38 -0300] "POST /cormun/servlet/solicitudot?gx-no-cache=1492446941416 HTTP/1.1" 200 296
186.103.159.187 - - [17/Apr/2017:12:34:38 -0300] "GET /cormun/static/Shared/jqueryui/images/ui-bg_flat_55_994d53_40x100.png HTTP/1.1" 404 1097
186.103.159.187 - - [17/Apr/2017:12:34:38 -0300] "GET /cormun/static/Shared/jqueryui/images/ui-icons_ebccce_256x240.png HTTP/1.1" 404 1089
186.103.159.187 - - [17/Apr/2017:12:34:38 -0300] "POST /cormun/servlet/solicitudot?gx-no-cache=1492446941794 HTTP/1.1" 200 117
186.103.159.187 - - [17/Apr/2017:12:34:38 -0300] "GET /cormun/servlet/solicitudot?d1d3dc0825b10043544a2b9c3639f4bb753604e22003cb6f55e8f39793ecee533615340bef5f0b9779832d13279b14b083d92e89fec96221448771106b0c224d6e5ce54059e086efc1bc9f11db9285836acca50e26623c081d4a6c3050e0b9d3eb724011f83b138c7e8ef5acc89cc03ff9d601113d0452da5bda85fcbbdb5274cac5d4add15aeae6263ccbc31cee72601ba6805501550efe5362ab6b06fa7c8c,gx-no-cache=1492446941854 HTTP/1.1" 200 29
186.103.159.187 - - [17/Apr/2017:12:34:38 -0300] "GET /cormun/servlet/solicitudot?d1d3dc0825b10043544a2b9c3639f4bba6b38b44095a68877f1bc3a783e918d3bb7e725904b0f8b4a105d8a2fff9e63d27c18cfcb4effd3e693c5f4b37a9964ca7b3b550bdf5fae84545a51422e199a5d073af1da2b0aaa599d04d895a3f982eb6363a8bf61db6b31066343f9c93ee3b0bd4a0be1b27b1ea031de72fa0fc8ad226908778dbb86396bb834a6051e91f79c05fa9353687c4ef87f54361e9e7c23b,gx-no-cache=1492446941890 HTTP/1.1" 200 57
186.103.159.187 - - [17/Apr/2017:12:34:39 -0300] "GET /cormun/servlet/solicitudot?d1d3dc0825b10043544a2b9c3639f4bbf6a20278855c1f246a5b48dde1123420bb7e725904b0f8b4a105d8a2fff9e63d27c18cfcb4effd3e693c5f4b37a9964cc0259bcbc50f6dc8209e3a44c790183561e9d56118acb3e2124fdff412b8813e885f16d589e4b9fbb084c77191df43c78f938d5eef33ac68da50839bbbd10d48,gx-no-cache=1492446941926 HTTP/1.1" 200 57
186.79.226.236 - - [17/Apr/2017:12:34:39 -0300] "POST /cormun/servlet/solicitudotadjuntos?gx-no-cache=1492443343489 HTTP/1.1" 200 26
192.168.10.93 - - [17/Apr/2017:12:34:42 -0300] "POST /cormunbeta/servlet/hlogin?ac8ce6caa217f8f405d0ac1fc9bf2962,gx-no-cache=1492446556463 HTTP/1.1" 200 90
192.168.10.93 - - [17/Apr/2017:12:34:42 -0300] "GET /cormunbeta/servlet/hpexe_link HTTP/1.1" 200 954
192.168.10.93 - - [17/Apr/2017:12:34:42 -0300] "GET /cormunbeta/servlet/hhome HTTP/1.1" 200 3758
192.168.10.93 - - [17/Apr/2017:12:34:43 -0300] "GET /cormunbeta/servlet/hhome HTTP/1.1" 200 3755
186.103.159.187 - - [17/Apr/2017:12:34:43 -0300] "GET /cormun/servlet/prcontratosol?18597010,,,,,MD,,gxPopupLevel%3D0%3B HTTP/1.1" 200 5554
192.168.10.93 - - [17/Apr/2017:12:34:48 -0300] "GET /cormunbeta/servlet/trsolicitudgralsalud? HTTP/1.1" 200 7820
192.168.10.93 - - [17/Apr/2017:12:34:49 -0300] "GET /cormunbeta/servlet/trsolicitudgralsalud? HTTP/1.1" 200 7819
192.168.10.93 - - [17/Apr/2017:12:34:52 -0300] "POST /cormunbeta/servlet/trsolicitudgralsalud?ac8ce6caa217f8f405d0ac1fc9bf2962,,gx-no-cache=1492446566322 HTTP/1.1" 200 4998
186.103.159.187 - - [17/Apr/2017:12:34:54 -0300] "GET /cormun/servlet/prsolicitudot?18597010,,,,,MD,,gxPopupLevel%3D0%3B HTTP/1.1" 200 6109
192.168.10.93 - - [17/Apr/2017:12:34:55 -0300] "POST /cormunbeta/servlet/trsolicitudgralsalud?ac8ce6caa217f8f405d0ac1fc9bf2962,,gx-no-cache=1492446569513 HTTP/1.1" 200 6492
186.79.226.236 - - [17/Apr/2017:12:34:58 -0300] "GET /cormun/servlet/solicitudotadjuntos?15a468e31c3c35a0b7c2732f879aee683085ec88f3693edb17360a92dfc8a900,gx-no-cache=1492443362334 HTTP/1.1" 200 30
186.79.226.236 - - [17/Apr/2017:12:34:58 -0300] "GET /cormun/servlet/solicitudotadjuntos?15a468e31c3c35a0b7c2732f879aee683085ec88f3693edb17360a92dfc8a900,gx-no-cache=1492443362427 HTTP/1.1" 200 30
186.79.226.236 - - [17/Apr/2017:12:35:00 -0300] "POST /cormun/servlet/solicitudotadjuntos?469fbf3c79950de23e9b625676ea966c,INS,2017,6090,,2, HTTP/1.1" 200 5844
186.79.226.236 - - [17/Apr/2017:12:35:00 -0300] "GET /home/sistema/apache-tomcat-7.0.65/webapps/cormun/PrivateTempStorage/upload_00001964.pdf HTTP/1.1" 404 1135
186.79.226.236 - - [17/Apr/2017:12:35:00 -0300] "GET /home/sistema/apache-tomcat-7.0.65/webapps/cormun/PrivateTempStorage/upload_00001964.pdf HTTP/1.1" 404 1135
186.79.226.236 - - [17/Apr/2017:12:35:00 -0300] "GET /cormun/PrivateTempStorage/upload_00001964.pdf HTTP/1.1" 200 117317
186.79.226.236 - - [17/Apr/2017:12:35:00 -0300] "GET /cormun/PrivateTempStorage/upload_00001964.pdf HTTP/1.1" 304 -
192.168.10.93 - - [17/Apr/2017:12:35:03 -0300] "GET /cormunbeta/servlet/vesolicitudgralsalud?2017,2938,, HTTP/1.1" 200 8092
192.168.10.93 - - [17/Apr/2017:12:35:03 -0300] "GET /cormunbeta/pexe_scrolldiv.js HTTP/1.1" 404 1017
192.168.10.93 - - [17/Apr/2017:12:35:03 -0300] "GET /cormunbeta/pexe_scrolldiv.js HTTP/1.1" 404 1017
192.168.10.93 - - [17/Apr/2017:12:35:03 -0300] "GET /cormunbeta/servlet/vesolicitudgralsalud?2017,2938,, HTTP/1.1" 200 8091
186.79.226.236 - - [17/Apr/2017:12:35:07 -0300] "GET /cormun/servlet/solicitudotadjuntos?15a468e31c3c35a0b7c2732f879aee68395f64caba21057cc2ce100521f0d78289f4597d256140dd7c83c35e42ad58c1,gx-no-cache=1492443372067 HTTP/1.1" 200 30
186.79.226.236 - - [17/Apr/2017:12:35:09 -0300] "POST /cormun/servlet/solicitudotadjuntos?469fbf3c79950de23e9b625676ea966c,INS,2017,6090,,2, HTTP/1.1" 200 5845
186.79.226.236 - - [17/Apr/2017:12:35:09 -0300] "GET /home/sistema/apache-tomcat-7.0.65/webapps/cormun/PrivateTempStorage/upload_00001976.pdf HTTP/1.1" 404 1135
186.79.226.236 - - [17/Apr/2017:12:35:10 -0300] "GET /home/sistema/apache-tomcat-7.0.65/webapps/cormun/PrivateTempStorage/upload_00001976.pdf HTTP/1.1" 404 1135
186.79.226.236 - - [17/Apr/2017:12:35:10 -0300] "GET /cormun/PrivateTempStorage/upload_00001976.pdf HTTP/1.1" 200 16384
186.79.226.236 - - [17/Apr/2017:12:35:10 -0300] "GET /cormun/PrivateTempStorage/upload_00001976.pdf HTTP/1.1" 200 117317
186.103.159.187 - - [17/Apr/2017:12:35:13 -0300] "GET /cormun/servlet/prsolicitudot?18597010,,,,,MD,,gxPopupLevel%3D0%3B HTTP/1.1" 200 6109
192.168.10.13 - - [17/Apr/2017:12:35:14 -0300] "GET / HTTP/1.1" 200 11217
186.79.226.236 - - [17/Apr/2017:12:35:15 -0300] "POST /cormun/servlet/solicitudotadjuntos?469fbf3c79950de23e9b625676ea966c,INS,2017,6090,,2, HTTP/1.1" 200 116
186.79.226.236 - - [17/Apr/2017:12:35:15 -0300] "GET /cormun/servlet/hpexe_return? HTTP/1.1" 200 1026
186.79.226.236 - - [17/Apr/2017:12:35:15 -0300] "GET /cormun/servlet/trsolicitudadjuntos?2017,6090, HTTP/1.1" 200 9002
186.79.226.236 - - [17/Apr/2017:12:35:16 -0300] "GET /cormun/servlet/trsolicitudadjuntos?2017,6090, HTTP/1.1" 200 9004
192.168.10.93 - - [17/Apr/2017:12:35:21 -0300] "GET /cormunbeta/servlet/hlogin HTTP/1.1" 200 1751
186.79.226.236 - - [17/Apr/2017:12:35:28 -0300] "GET /cormun/servlet/solicitudotadjuntos?INS,2017,6090,,2, HTTP/1.1" 200 5764
186.79.226.236 - - [17/Apr/2017:12:35:28 -0300] "GET /cormun/static/about:blank HTTP/1.1" 404 1011
186.79.226.236 - - [17/Apr/2017:12:35:28 -0300] "GET /cormun/servlet/solicitudotadjuntos?INS,2017,6090,,2, HTTP/1.1" 200 5758
186.79.226.236 - - [17/Apr/2017:12:35:29 -0300] "GET /cormun/servlet/solicitudotadjuntos?15a468e31c3c35a0b7c2732f879aee68ddd188e628bbb5636a3bd661b8624aa1bd91744922db7ee55594b841d0564dc4,gx-no-cache=1492443393545 HTTP/1.1" 200 30
186.103.159.187 - - [17/Apr/2017:12:35:29 -0300] "POST /cormun/servlet/solicitudot?gx-no-cache=1492446992457 HTTP/1.1" 200 296
186.79.226.236 - - [17/Apr/2017:12:35:29 -0300] "POST /cormun/servlet/solicitudotadjuntos?469fbf3c79950de23e9b625676ea966c,INS,2017,6090,,2,,gx-no-cache=1492443393627 HTTP/1.1" 200 3864
186.103.159.187 - - [17/Apr/2017:12:35:29 -0300] "POST /cormun/servlet/solicitudot?gx-no-cache=1492446992537 HTTP/1.1" 200 117
186.103.159.187 - - [17/Apr/2017:12:35:29 -0300] "GET /cormun/servlet/solicitudot?d1d3dc0825b10043544a2b9c3639f4bba6b38b44095a68877f1bc3a783e918d3bb7e725904b0f8b4a105d8a2fff9e63d27c18cfcb4effd3e693c5f4b37a9964ca7b3b550bdf5fae84545a51422e199a5d073af1da2b0aaa599d04d895a3f982eb6363a8bf61db6b31066343f9c93ee3b0bd4a0be1b27b1ea031de72fa0fc8ad226908778dbb86396bb834a6051e91f79c05fa9353687c4ef87f54361e9e7c23b,gx-no-cache=1492446992600 HTTP/1.1" 200 57
186.103.159.187 - - [17/Apr/2017:12:35:29 -0300] "GET /cormun/servlet/solicitudot?d1d3dc0825b10043544a2b9c3639f4bbf6a20278855c1f246a5b48dde1123420bb7e725904b0f8b4a105d8a2fff9e63d27c18cfcb4effd3e693c5f4b37a9964cc0259bcbc50f6dc8209e3a44c790183561e9d56118acb3e2124fdff412b8813e885f16d589e4b9fbb084c77191df43c78f938d5eef33ac68da50839bbbd10d48,gx-no-cache=1492446992668 HTTP/1.1" 200 57
192.168.10.93 - - [17/Apr/2017:12:35:30 -0300] "POST /cormunbeta/servlet/hlogin?ac8ce6caa217f8f405d0ac1fc9bf2962,gx-no-cache=1492446604787 HTTP/1.1" 200 90
192.168.10.93 - - [17/Apr/2017:12:35:30 -0300] "GET /cormunbeta/servlet/hpexe_link HTTP/1.1" 200 954
192.168.10.93 - - [17/Apr/2017:12:35:31 -0300] "GET /cormunbeta/servlet/hhome HTTP/1.1" 200 3662
192.168.10.93 - - [17/Apr/2017:12:35:31 -0300] "GET /cormunbeta/servlet/hhome HTTP/1.1" 200 3660
192.168.10.93 - - [17/Apr/2017:12:35:34 -0300] "GET /cormunbeta/servlet/trsolicitudsaludot? HTTP/1.1" 200 6610
192.168.10.93 - - [17/Apr/2017:12:35:35 -0300] "GET /cormunbeta/servlet/trsolicitudsaludot? HTTP/1.1" 200 6609
192.168.10.93 - - [17/Apr/2017:12:35:39 -0300] "GET /cormunbeta/servlet/solicitudsaludot?INS,0,0, HTTP/1.1" 200 12344
192.168.10.93 - - [17/Apr/2017:12:35:40 -0300] "GET /cormunbeta/servlet/solicitudsaludot?INS,0,0, HTTP/1.1" 200 12348
192.168.10.93 - - [17/Apr/2017:12:35:40 -0300] "GET /cormunbeta/servlet/solicitudsaludot?e926a4aa78cfdae0ee2481443fa9f5dea0bf1fae81e99027338a4a3bd8ac082b,gx-no-cache=1492446614577 HTTP/1.1" 200 30
186.103.159.187 - - [17/Apr/2017:12:35:45 -0300] "GET /cormun/servlet/prfichaempleado?,MD,,gxPopupLevel%3D0%3B HTTP/1.1" 200 8741
186.103.159.187 - - [17/Apr/2017:12:35:53 -0300] "POST /cormun/servlet/prfichaempleado?2b225d0049f7092f1a8d68e42cf496c4,,MD,,gxPopupLevel%3D0%3B,gx-no-cache=1492447016795 HTTP/1.1" 200 3742
186.103.159.187 - - [17/Apr/2017:12:36:00 -0300] "POST /cormun/servlet/solicitudot?gx-no-cache=1492447022871 HTTP/1.1" 200 1291
186.103.159.187 - - [17/Apr/2017:12:36:03 -0300] "GET /cormun/servlet/prlicenciaspermisos?9076382,L,,MD,,gxPopupLevel%3D0%3B HTTP/1.1" 200 6688
192.168.10.13 - - [17/Apr/2017:12:36:14 -0300] "GET / HTTP/1.1" 200 11217
192.168.10.93 - - [17/Apr/2017:12:36:15 -0300] "POST /cormunbeta/servlet/solicitudsaludot?gx-no-cache=1492446649298 HTTP/1.1" 200 3129
186.103.159.187 - - [17/Apr/2017:12:36:15 -0300] "POST /cormun/servlet/solicitudot?gx-no-cache=1492447038726 HTTP/1.1" 200 41
192.168.10.93 - - [17/Apr/2017:12:36:22 -0300] "GET /cormunbeta/servlet/solicitudsaludot?e926a4aa78cfdae0ee2481443fa9f5de8b58913de8b8935c4768cfea02088ba699306b67af18a02bafd51f2223959a76,gx-no-cache=1492446656696 HTTP/1.1" 200 30
186.103.159.187 - - [17/Apr/2017:12:36:26 -0300] "POST /cormun/servlet/solicitudot?gx-no-cache=1492447049418 HTTP/1.1" 200 1274
186.103.159.187 - - [17/Apr/2017:12:36:26 -0300] "POST /cormun/servlet/solicitudot?gx-no-cache=1492447049472 HTTP/1.1" 200 1157
186.103.159.187 - - [17/Apr/2017:12:36:26 -0300] "GET /cormun/static/menuarrow.gif HTTP/1.1" 404 1015
186.79.226.236 - - [17/Apr/2017:12:36:28 -0300] "POST /cormun/servlet/solicitudotadjuntos?gx-no-cache=1492443452741 HTTP/1.1" 200 26
186.103.159.187 - - [17/Apr/2017:12:36:29 -0300] "POST /cormun/servlet/solicitudot?gx-no-cache=1492447052671 HTTP/1.1" 200 1274
186.103.159.187 - - [17/Apr/2017:12:36:29 -0300] "POST /cormun/servlet/solicitudot?gx-no-cache=1492447052719 HTTP/1.1" 200 1157
186.103.159.187 - - [17/Apr/2017:12:36:35 -0300] "GET /cormun/servlet/solicitudot?d1d3dc0825b10043544a2b9c3639f4bbf16d18d1eb984d0e37f7082c0218c837e52d344aa929fcb25da4009cb056653a84a64a0a2a68dbe6d218cf389883f2a0c49bb838b37281a998800ce22a68355826908778dbb86396bb834a6051e91f793267f3427c6c13c32471780a5719d5a43866f1d823260bd7738b4f9498c2613751a9231769135f552f607b79c9d2eb3e1e2c362bb44e37c5c704a7a20eb1144b7b5ae799a65f9a16fa99139d92afcf6b3bacd4afd418d9ce5503c5bec3066641,gx-no-cache=1492447058693 HTTP/1.1" 200 30
192.168.10.93 - - [17/Apr/2017:12:36:36 -0300] "POST /cormunbeta/servlet/solicitudsaludot?ac8ce6caa217f8f405d0ac1fc9bf2962,INS,0,0,,gx-no-cache=1492446670422 HTTP/1.1" 200 10651
192.168.10.93 - - [17/Apr/2017:12:36:36 -0300] "GET /cormunbeta/static/Shared/jqueryui/images/ui-bg_highlight-soft_100_c6c2c8_1x100.png HTTP/1.1" 404 1125
192.168.10.93 - - [17/Apr/2017:12:36:36 -0300] "GET /cormunbeta/static/Shared/jqueryui/images/ui-icons_82798d_256x240.png HTTP/1.1" 404 1097
192.168.10.93 - - [17/Apr/2017:12:36:36 -0300] "GET /cormunbeta/static/Shared/jqueryui/images/ui-bg_flat_55_994d53_40x100.png HTTP/1.1" 404 1105
192.168.10.93 - - [17/Apr/2017:12:36:36 -0300] "GET /cormunbeta/static/Shared/jqueryui/images/ui-icons_ebccce_256x240.png HTTP/1.1" 404 1097
186.79.226.236 - - [17/Apr/2017:12:36:38 -0300] "GET /cormun/servlet/solicitudotadjuntos?15a468e31c3c35a0b7c2732f879aee683085ec88f3693edb17360a92dfc8a900,gx-no-cache=1492443462380 HTTP/1.1" 200 30
186.79.226.236 - - [17/Apr/2017:12:36:38 -0300] "GET /cormun/servlet/solicitudotadjuntos?15a468e31c3c35a0b7c2732f879aee683085ec88f3693edb17360a92dfc8a900,gx-no-cache=1492443462472 HTTP/1.1" 200 30
186.79.226.236 - - [17/Apr/2017:12:36:40 -0300] "POST /cormun/servlet/solicitudotadjuntos?469fbf3c79950de23e9b625676ea966c,INS,2017,6090,,2, HTTP/1.1" 200 116
186.79.226.236 - - [17/Apr/2017:12:36:40 -0300] "GET /cormun/servlet/hpexe_return? HTTP/1.1" 200 1026
186.79.226.236 - - [17/Apr/2017:12:36:40 -0300] "GET /cormun/servlet/trsolicitudadjuntos?2017,6090, HTTP/1.1" 200 9242
186.79.226.236 - - [17/Apr/2017:12:36:41 -0300] "GET /cormun/servlet/trsolicitudadjuntos?2017,6090, HTTP/1.1" 200 9238
186.103.159.187 - - [17/Apr/2017:12:36:53 -0300] "POST /cormun/servlet/solicitudot?2b225d0049f7092f1a8d68e42cf496c4,INS,0,0,,gx-no-cache=1492447076630 HTTP/1.1" 200 11164
192.168.10.93 - - [17/Apr/2017:12:36:54 -0300] "POST /cormunbeta/servlet/solicitudsaludot?gx-no-cache=1492446688069 HTTP/1.1" 200 258
192.168.10.93 - - [17/Apr/2017:12:36:54 -0300] "GET /cormunbeta/servlet/solicitudsaludot?e926a4aa78cfdae0ee2481443fa9f5de6c7d381db46a7716be52eba2258a7f220af7ceef93edf66c6490fab2b2fe51b2bbd44116ee3122a17d1eb51e1305e5efe3b1a2ea67a923745ef260b7b226ab68106a3d2e19b8c71732e470bd1b63de2d6a33d3bbf1ea88f45375761c9c329696ae707d1916fbbe350aa7cbf29d0b06c08e51628520ee3fb771080e448fe81c3f95690f8dd0a57be515210d5ab5bedfd563923b172b13ceba30fbc10346f422eaf284bd86282b897ffa87954b587c74bfa66a6836b51cfd052e4b8b42bce17a42747b7ace098a2ce1e34f60d40837eb3642269616967eb9e419f889885b1c860d,gx-no-cache=1492446688119 HTTP/1.1" 200 30
186.103.159.187 - - [17/Apr/2017:12:36:57 -0300] "POST /cormun/servlet/solicitudot?2b225d0049f7092f1a8d68e42cf496c4,INS,0,0,,gx-no-cache=1492447080070 HTTP/1.1" 200 11213
186.79.226.236 - - [17/Apr/2017:12:37:01 -0300] "GET /cormun/servlet/trsolicitudot? HTTP/1.1" 200 7846
186.79.226.236 - - [17/Apr/2017:12:37:02 -0300] "GET /cormun/servlet/trsolicitudot? HTTP/1.1" 200 7840
186.103.159.187 - - [17/Apr/2017:12:37:09 -0300] "GET /cormun/servlet/solicitudot?d1d3dc0825b10043544a2b9c3639f4bbf16d18d1eb984d0e37f7082c0218c837e52d344aa929fcb25da4009cb056653a84a64a0a2a68dbe6d218cf389883f2a0c49bb838b37281a998800ce22a68355826908778dbb86396bb834a6051e91f793267f3427c6c13c32471780a5719d5a43866f1d823260bd7738b4f9498c2613751a9231769135f552f607b79c9d2eb3e1e2c362bb44e37c5c704a7a20eb1144b7b5ae799a65f9a16fa99139d92afcf6b700b5d13beff708138e4e1e07ed51908,gx-no-cache=1492447092375 HTTP/1.1" 200 32
186.103.159.187 - - [17/Apr/2017:12:37:09 -0300] "POST /cormun/servlet/solicitudot?2b225d0049f7092f1a8d68e42cf496c4,INS,0,0,,gx-no-cache=1492447092430 HTTP/1.1" 200 11267
192.168.10.13 - - [17/Apr/2017:12:37:14 -0300] "GET / HTTP/1.1" 200 11217
192.168.10.93 - - [17/Apr/2017:12:37:24 -0300] "POST /cormunbeta/servlet/solicitudsaludot?gx-no-cache=1492446717997 HTTP/1.1" 200 258
192.168.10.93 - - [17/Apr/2017:12:37:24 -0300] "GET /cormunbeta/servlet/solicitudsaludot?e926a4aa78cfdae0ee2481443fa9f5de6c7d381db46a7716be52eba2258a7f220af7ceef93edf66c6490fab2b2fe51b2bbd44116ee3122a17d1eb51e1305e5efe3b1a2ea67a923745ef260b7b226ab68106a3d2e19b8c71732e470bd1b63de2d6a33d3bbf1ea88f45375761c9c329696ae707d1916fbbe350aa7cbf29d0b06c08e51628520ee3fb771080e448fe81c3f95690f8dd0a57be515210d5ab5bedfd563923b172b13ceba30fbc10346f422eaf284bd86282b897ffa87954b587c74bfa66a6836b51cfd052e4b8b42bce17a42747b7ace098a2ce1e34f60d40837eb3642269616967eb9e419f889885b1c860d,gx-no-cache=1492446718044 HTTP/1.1" 200 30
192.168.10.93 - - [17/Apr/2017:12:37:26 -0300] "POST /cormunbeta/servlet/solicitudsaludot?gx-no-cache=1492446720223 HTTP/1.1" 200 30
192.168.10.93 - - [17/Apr/2017:12:37:38 -0300] "POST /cormunbeta/servlet/solicitudsaludot?gx-no-cache=1492446732527 HTTP/1.1" 200 974
192.168.10.93 - - [17/Apr/2017:12:37:38 -0300] "POST /cormunbeta/servlet/solicitudsaludot?gx-no-cache=1492446732594 HTTP/1.1" 200 38
186.103.159.187 - - [17/Apr/2017:12:37:40 -0300] "POST /cormun/servlet/solicitudot?gx-no-cache=1492447122957 HTTP/1.1" 200 122
186.103.159.187 - - [17/Apr/2017:12:37:40 -0300] "POST /cormun/servlet/solicitudot?gx-no-cache=1492447123018 HTTP/1.1" 200 1274
186.103.159.187 - - [17/Apr/2017:12:37:40 -0300] "POST /cormun/servlet/solicitudot?gx-no-cache=1492447123083 HTTP/1.1" 200 1157
192.168.10.93 - - [17/Apr/2017:12:37:43 -0300] "POST /cormunbeta/servlet/solicitudsaludot?gx-no-cache=1492446737554 HTTP/1.1" 200 962
192.168.10.93 - - [17/Apr/2017:12:37:44 -0300] "POST /cormunbeta/servlet/solicitudsaludot?gx-no-cache=1492446738673 HTTP/1.1" 200 689
186.103.159.187 - - [17/Apr/2017:12:37:46 -0300] "POST /cormun/servlet/solicitudot?gx-no-cache=1492447129054 HTTP/1.1" 200 122
186.103.159.187 - - [17/Apr/2017:12:37:46 -0300] "POST /cormun/servlet/solicitudot?gx-no-cache=1492447129107 HTTP/1.1" 200 1274
186.103.159.187 - - [17/Apr/2017:12:37:46 -0300] "POST /cormun/servlet/solicitudot?gx-no-cache=1492447129157 HTTP/1.1" 200 1157
186.103.159.187 - - [17/Apr/2017:12:37:47 -0300] "GET /cormun/servlet/solicitudot?d1d3dc0825b10043544a2b9c3639f4bbf16d18d1eb984d0e37f7082c0218c837e52d344aa929fcb25da4009cb056653ad5b412896873c353008fb38faa6757b1c49bb838b37281a998800ce22a68355826908778dbb86396bb834a6051e91f793267f3427c6c13c32471780a5719d5a43866f1d823260bd7738b4f9498c2613751a9231769135f552f607b79c9d2eb3e1e2c362bb44e37c5c704a7a20eb1144b7b5ae799a65f9a16fa99139d92afcf6b700b5d13beff708138e4e1e07ed51908,gx-no-cache=1492447130757 HTTP/1.1" 200 32
186.103.159.187 - - [17/Apr/2017:12:37:48 -0300] "POST /cormun/servlet/solicitudot?2b225d0049f7092f1a8d68e42cf496c4,INS,0,0,,gx-no-cache=1492447130799 HTTP/1.1" 200 11328
192.168.10.93 - - [17/Apr/2017:12:37:59 -0300] "GET /cormunbeta/servlet/solicitudsaludot?e926a4aa78cfdae0ee2481443fa9f5de3b5699cdbe6e96f9da037364f1727fc61fec75aa9617b45464d92bf3e017f4790e6bfc9a49a97fd5ae30392c3475d7b1d84901b7cb2d4bdc40169e6991668768ea47c3bbff882f7a31a887ef031a012193cccddbbf35601e3d76cb9db1bbe08e111d5e2c61791f49596c6f82931ef0aeb334bed1a8b60d4dca453866cd7c7ae7766d19fa29dc4681cbba98bd01231e9f2ea13ec1ced1037b0972804673cc3c53,gx-no-cache=1492446753402 HTTP/1.1" 200 30
192.168.10.93 - - [17/Apr/2017:12:38:09 -0300] "POST /cormunbeta/servlet/solicitudsaludot?ac8ce6caa217f8f405d0ac1fc9bf2962,INS,0,0,,gx-no-cache=1492446763356 HTTP/1.1" 200 93
192.168.10.93 - - [17/Apr/2017:12:38:09 -0300] "GET /cormunbeta/servlet/hpexe_return? HTTP/1.1" 200 1012
192.168.10.93 - - [17/Apr/2017:12:38:09 -0300] "GET /cormunbeta/servlet/trsolicitudsaludot HTTP/1.1" 200 7846
192.168.10.93 - - [17/Apr/2017:12:38:10 -0300] "GET /cormunbeta/servlet/trsolicitudsaludot HTTP/1.1" 200 7843
186.103.159.187 - - [17/Apr/2017:12:38:11 -0300] "GET /cormun/servlet/prlicenciaspermisos?9076382,L,,MD,,gxPopupLevel%3D0%3B HTTP/1.1" 200 6688
192.168.10.13 - - [17/Apr/2017:12:38:14 -0300] "GET / HTTP/1.1" 200 11217
186.103.159.187 - - [17/Apr/2017:12:38:33 -0300] "POST /cormun/servlet/solicitudot?gx-no-cache=1492447176289 HTTP/1.1" 200 41
186.103.159.187 - - [17/Apr/2017:12:38:33 -0300] "POST /cormun/servlet/solicitudot?gx-no-cache=1492447176345 HTTP/1.1" 200 1274
186.103.159.187 - - [17/Apr/2017:12:38:33 -0300] "POST /cormun/servlet/solicitudot?gx-no-cache=1492447176413 HTTP/1.1" 200 1157
186.103.159.187 - - [17/Apr/2017:12:38:33 -0300] "GET /cormun/servlet/solicitudot?d1d3dc0825b10043544a2b9c3639f4bbf16d18d1eb984d0e37f7082c0218c837e52d344aa929fcb25da4009cb056653a84a64a0a2a68dbe6d218cf389883f2a0c49bb838b37281a998800ce22a68355826908778dbb86396bb834a6051e91f793267f3427c6c13c32471780a5719d5a43866f1d823260bd7738b4f9498c2613751a9231769135f552f607b79c9d2eb3e1e2c362bb44e37c5c704a7a20eb1144b7b5ae799a65f9a16fa99139d92afcf6b3bacd4afd418d9ce5503c5bec3066641,gx-no-cache=1492447176464 HTTP/1.1" 200 30
186.103.159.187 - - [17/Apr/2017:12:38:33 -0300] "POST /cormun/servlet/solicitudot?2b225d0049f7092f1a8d68e42cf496c4,INS,0,0,,gx-no-cache=1492447176501 HTTP/1.1" 200 11348
186.103.159.187 - - [17/Apr/2017:12:38:44 -0300] "GET /cormun/servlet/prfichaempleado?,MD,,gxPopupLevel%3D0%3B HTTP/1.1" 200 8741
192.168.10.93 - - [17/Apr/2017:12:38:48 -0300] "GET /cormunbeta/servlet/solicitudsaludot?INS,0,0, HTTP/1.1" 200 12344
192.168.10.93 - - [17/Apr/2017:12:38:48 -0300] "GET /cormunbeta/servlet/solicitudsaludot?INS,0,0, HTTP/1.1" 200 12349
192.168.10.93 - - [17/Apr/2017:12:38:49 -0300] "GET /cormunbeta/servlet/solicitudsaludot?e926a4aa78cfdae0ee2481443fa9f5dea0bf1fae81e99027338a4a3bd8ac082b,gx-no-cache=1492446803042 HTTP/1.1" 200 30
192.168.10.93 - - [17/Apr/2017:12:38:52 -0300] "GET /cormunbeta/servlet/prfichaempleado?,MD,,gxPopupLevel%3D0%3B HTTP/1.1" 200 8720
192.168.10.93 - - [17/Apr/2017:12:38:52 -0300] "GET /cormunbeta/static/gxcfg.js?2017319125415 HTTP/1.1" 200 953
192.168.10.93 - - [17/Apr/2017:12:38:52 -0300] "GET /cormunbeta/static/prfichaempleado.js?20173191254344 HTTP/1.1" 200 15951
192.168.10.93 - - [17/Apr/2017:12:38:54 -0300] "POST /cormunbeta/servlet/acontrolpreferencessavestate?None,ADMEST,true HTTP/1.1" 200 35
186.103.159.187 - - [17/Apr/2017:12:38:55 -0300] "POST /cormun/servlet/prfichaempleado?2b225d0049f7092f1a8d68e42cf496c4,,MD,,gxPopupLevel%3D0%3B,gx-no-cache=1492447198779 HTTP/1.1" 200 3396
192.168.10.93 - - [17/Apr/2017:12:39:04 -0300] "POST /cormunbeta/servlet/prfichaempleado?ac8ce6caa217f8f405d0ac1fc9bf2962,,MD,,gxPopupLevel%3D0%3B,gx-no-cache=1492446818158 HTTP/1.1" 200 3513
192.168.10.93 - - [17/Apr/2017:12:39:08 -0300] "POST /cormunbeta/servlet/solicitudsaludot?gx-no-cache=1492446822799 HTTP/1.1" 200 3171
192.168.10.93 - - [17/Apr/2017:12:39:11 -0300] "GET /cormunbeta/servlet/solicitudsaludot?e926a4aa78cfdae0ee2481443fa9f5de1deecaf55cc081b1a0fee99fca128fd099306b67af18a02bafd51f2223959a76,gx-no-cache=1492446825852 HTTP/1.1" 200 30
192.168.10.93 - - [17/Apr/2017:12:39:11 -0300] "GET /cormunbeta/servlet/solicitudsaludot?e926a4aa78cfdae0ee2481443fa9f5ded5b6fc2059e40376924958746ac002d5f24af3edac54b6324643efd8635de56c12e89ab74861ab35600a1fe21b368db406fafc1d4a7b5c19331b633367ad106c39082cc7570f6cbe654f147063e2895091b580e8e3a443e8a0da5b0b75fc86fbac92a03291694fd70d823475d03bfec8f6c6c92380abf1da31fb20d2917d66d153336b9be96568f28c7475656ceedd16441aa596a4824589d07a9b9070a7b08db62663d10c2dc52fa494c3b75c27fe3da94e7bcfc0262c18d3b49adfcd43ced0786ab1689f41a89bdf660662a3f59e224cf3a1f6b4dcd0e212160bcdf03c6494eb5092a4c5c9a62ca8af7d0848e23c955c37823272c1fed232f9c7b4fdc65c2b,gx-no-cache=1492446825889 HTTP/1.1" 200 256
192.168.10.93 - - [17/Apr/2017:12:39:11 -0300] "GET /cormunbeta/servlet/solicitudsaludot?e926a4aa78cfdae0ee2481443fa9f5de6c7d381db46a7716be52eba2258a7f220af7ceef93edf66c6490fab2b2fe51b2bbd44116ee3122a17d1eb51e1305e5efe3b1a2ea67a923745ef260b7b226ab68106a3d2e19b8c71732e470bd1b63de2d6a33d3bbf1ea88f45375761c9c329696ae707d1916fbbe350aa7cbf29d0b06c08e51628520ee3fb771080e448fe81c3f95690f8dd0a57be515210d5ab5bedfd563923b172b13ceba30fbc10346f422eaf284bd86282b897ffa87954b587c74bfa66a6836b51cfd052e4b8b42bce17a42747b7ace098a2ce1e34f60d40837eb36da97475bb69987a3cffdcee6a3920724,gx-no-cache=1492446825917 HTTP/1.1" 200 30
192.168.10.93 - - [17/Apr/2017:12:39:14 -0300] "POST /cormunbeta/servlet/solicitudsaludot?gx-no-cache=1492446827963 HTTP/1.1" 200 30
192.168.10.13 - - [17/Apr/2017:12:39:14 -0300] "GET / HTTP/1.1" 200 11217
192.168.10.93 - - [17/Apr/2017:12:39:21 -0300] "GET /cormunbeta/servlet/prfichaempleado?,MD,,gxPopupLevel%3D0%3B HTTP/1.1" 200 8724
186.103.159.187 - - [17/Apr/2017:12:39:22 -0300] "POST /cormun/servlet/solicitudot?gx-no-cache=1492447225196 HTTP/1.1" 200 30
186.103.159.187 - - [17/Apr/2017:12:39:28 -0300] "POST /cormun/servlet/solicitudot?gx-no-cache=1492447231574 HTTP/1.1" 200 1291
186.103.159.187 - - [17/Apr/2017:12:39:28 -0300] "POST /cormun/servlet/solicitudot?gx-no-cache=1492447231781 HTTP/1.1" 200 41
186.103.159.187 - - [17/Apr/2017:12:39:28 -0300] "POST /cormun/servlet/solicitudot?gx-no-cache=1492447231861 HTTP/1.1" 200 1274
186.103.159.187 - - [17/Apr/2017:12:39:29 -0300] "POST /cormun/servlet/solicitudot?gx-no-cache=1492447231943 HTTP/1.1" 200 1157
186.103.159.187 - - [17/Apr/2017:12:39:29 -0300] "GET /cormun/servlet/solicitudot?d1d3dc0825b10043544a2b9c3639f4bbf16d18d1eb984d0e37f7082c0218c837e52d344aa929fcb25da4009cb056653a84a64a0a2a68dbe6d218cf389883f2a0c49bb838b37281a998800ce22a68355826908778dbb86396bb834a6051e91f793267f3427c6c13c32471780a5719d5a43866f1d823260bd7738b4f9498c2613751a9231769135f552f607b79c9d2eb3e1e2c362bb44e37c5c704a7a20eb1144b7b5ae799a65f9a16fa99139d92afcf6b700b5d13beff708138e4e1e07ed51908,gx-no-cache=1492447232031 HTTP/1.1" 200 32
192.168.10.93 - - [17/Apr/2017:12:39:29 -0300] "POST /cormunbeta/servlet/prfichaempleado?ac8ce6caa217f8f405d0ac1fc9bf2962,,MD,,gxPopupLevel%3D0%3B,gx-no-cache=1492446843197 HTTP/1.1" 200 3398
186.103.159.187 - - [17/Apr/2017:12:39:29 -0300] "POST /cormun/servlet/solicitudot?2b225d0049f7092f1a8d68e42cf496c4,INS,0,0,,gx-no-cache=1492447232108 HTTP/1.1" 200 11512
186.103.159.187 - - [17/Apr/2017:12:39:40 -0300] "GET /cormun/servlet/solicitudot?d1d3dc0825b10043544a2b9c3639f4bbf16d18d1eb984d0e37f7082c0218c837e52d344aa929fcb25da4009cb056653a84a64a0a2a68dbe6d218cf389883f2a0c49bb838b37281a998800ce22a68355826908778dbb86396bb834a6051e91f793267f3427c6c13c32471780a5719d5a43866f1d823260bd7738b4f9498c2613751a9231769135f552f607b79c9d2eb3e1e2c362bb44e37c5c704a7a20eb1144b7b5ae799a65f9a16fa99139d92afcf6b700b5d13beff708138e4e1e07ed51908,gx-no-cache=1492447243556 HTTP/1.1" 200 32
186.103.159.187 - - [17/Apr/2017:12:39:40 -0300] "POST /cormun/servlet/solicitudot?2b225d0049f7092f1a8d68e42cf496c4,INS,0,0,,gx-no-cache=1492447243602 HTTP/1.1" 200 11574
192.168.10.93 - - [17/Apr/2017:12:39:41 -0300] "POST /cormunbeta/servlet/solicitudsaludot?gx-no-cache=1492446855727 HTTP/1.1" 200 1352
192.168.10.93 - - [17/Apr/2017:12:39:46 -0300] "GET /cormunbeta/servlet/prlicenciaspermisos?16881023,L,,MD,,gxPopupLevel%3D0%3B HTTP/1.1" 200 7555
192.168.10.93 - - [17/Apr/2017:12:39:46 -0300] "GET /cormunbeta/static/gxcfg.js?20173171152124 HTTP/1.1" 200 953
192.168.10.93 - - [17/Apr/2017:12:39:46 -0300] "GET /cormunbeta/static/prlicenciaspermisos.js?20173171152323 HTTP/1.1" 200 13360
192.168.10.93 - - [17/Apr/2017:12:39:48 -0300] "POST /cormunbeta/servlet/acontrolpreferencessavestate?None,ADMEST,true HTTP/1.1" 200 35
192.168.10.93 - - [17/Apr/2017:12:39:55 -0300] "POST /cormunbeta/servlet/solicitudsaludot?gx-no-cache=1492446869103 HTTP/1.1" 200 41
186.103.159.187 - - [17/Apr/2017:12:39:59 -0300] "POST /cormun/servlet/solicitudot?2b225d0049f7092f1a8d68e42cf496c4,INS,0,0,,gx-no-cache=1492447261735 HTTP/1.1" 200 11630
192.168.10.93 - - [17/Apr/2017:12:40:03 -0300] "POST /cormunbeta/servlet/solicitudsaludot?gx-no-cache=1492446877002 HTTP/1.1" 200 1333
192.168.10.93 - - [17/Apr/2017:12:40:08 -0300] "POST /cormunbeta/servlet/solicitudsaludot?gx-no-cache=1492446882856 HTTP/1.1" 200 688
192.168.10.62 - - [17/Apr/2017:12:40:09 -0300] "GET /cormun/servlet/hlogin HTTP/1.1" 200 1725
192.168.10.62 - - [17/Apr/2017:12:40:09 -0300] "GET /cormun/static/Resources/Spanish/PXTools.css?11294912 HTTP/1.1" 304 -
192.168.10.62 - - [17/Apr/2017:12:40:09 -0300] "GET /cormun/static/gxcfg.js?201741110203197 HTTP/1.1" 304 -
192.168.10.62 - - [17/Apr/2017:12:40:09 -0300] "GET /cormun/static/messages.spa.js?85251 HTTP/1.1" 304 -
192.168.10.62 - - [17/Apr/2017:12:40:09 -0300] "GET /cormun/static/hlogin.js?201741110203211 HTTP/1.1" 304 -
192.168.10.62 - - [17/Apr/2017:12:40:09 -0300] "GET /cormun/servlet/hlogin HTTP/1.1" 200 1735
192.168.10.13 - - [17/Apr/2017:12:40:14 -0300] "GET / HTTP/1.1" 200 11217
192.168.10.93 - - [17/Apr/2017:12:40:16 -0300] "GET /cormunbeta/servlet/solicitudsaludot?e926a4aa78cfdae0ee2481443fa9f5defab9af791bb87a94e63b092fb745077163ad0194895279a06f6f2d4cfe5874dea17b1249b002c89fe7a9c04f5d8eba4b4befd10c44c964ee823628d5d43c6b8f14e0022d0eac9a69ebd3e0341ce208aea758855351a372ba7a0692605b0ce7de78e1fbc7c0ff2a3c0486917f47409dc991b05c50a282d51c9f67e7172c294ec4b16dc64cbbce86a45aff76e6e62f4e07f6e431a6073dbd926a7cce5469e4b4f5ba44893e151b6a95eb53cd65f2e23dde,gx-no-cache=1492446890146 HTTP/1.1" 200 30
186.79.226.236 - - [17/Apr/2017:12:40:19 -0300] "POST /cormun/servlet/trsolicitudot?469fbf3c79950de23e9b625676ea966c,,gx-no-cache=1492443683664 HTTP/1.1" 200 105
186.79.226.236 - - [17/Apr/2017:12:40:19 -0300] "GET /cormun/servlet/solicitudot?UPD,2017,6090, HTTP/1.1" 200 14214
186.103.159.187 - - [17/Apr/2017:12:40:20 -0300] "POST /cormun/servlet/solicitudot?2b225d0049f7092f1a8d68e42cf496c4,INS,0,0,,gx-no-cache=1492447283333 HTTP/1.1" 200 90
186.103.159.187 - - [17/Apr/2017:12:40:20 -0300] "GET /cormun/servlet/hpexe_link HTTP/1.1" 200 963
186.79.226.236 - - [17/Apr/2017:12:40:20 -0300] "GET /cormun/servlet/solicitudot?UPD,2017,6090, HTTP/1.1" 200 14223
186.103.159.187 - - [17/Apr/2017:12:40:20 -0300] "GET /cormun/servlet/trsolicitudot HTTP/1.1" 200 6669
186.79.226.236 - - [17/Apr/2017:12:40:21 -0300] "POST /cormun/servlet/solicitudot?gx-no-cache=1492443685579 HTTP/1.1" 200 3164
186.103.159.187 - - [17/Apr/2017:12:40:21 -0300] "GET /cormun/servlet/trsolicitudot HTTP/1.1" 200 6667
186.79.226.236 - - [17/Apr/2017:12:40:22 -0300] "POST /cormun/servlet/solicitudot?469fbf3c79950de23e9b625676ea966c,UPD,2017,6090,,gx-no-cache=1492443686002 HTTP/1.1" 200 10836
186.79.226.236 - - [17/Apr/2017:12:40:22 -0300] "GET /cormun/servlet/solicitudot?15a468e31c3c35a0b7c2732f879aee6875297ca24db4ff57f1900cda1286955c3fa08ed0e9aa75288cfa24c61cb8b738,gx-no-cache=1492443686556 HTTP/1.1" 200 30
186.79.226.236 - - [17/Apr/2017:12:40:22 -0300] "POST /cormun/servlet/solicitudot?gx-no-cache=1492443686779 HTTP/1.1" 200 238
186.79.226.236 - - [17/Apr/2017:12:40:22 -0300] "GET /cormun/servlet/solicitudot?15a468e31c3c35a0b7c2732f879aee68a9024739acfe2902079ae157473912d629327d8db2a33ae57f87b24900d9c1d0d5fa868da797bacfaad32aa47399aa91c72110ca020cbfd6f03ffc66cf6bb949a30ed3b08990de28267bcbe6f2b9087f6cdaebfd42774e44740c6f907964e7b3facbdc6ccac38bd4b1005d586ecdabfb2309d2b800593b52e3bf7b4533aff9d5e9e37bacfa8816d609db3964381cc703b33588a4965a34753dc744946235302ee8301749075e0262912a8114b6c1dc920d6cc39c3099609ecd06f2bd4a107b1ec06686373d6ce95b52748d5bd0135002dae574f4c00387fff589bbd89632b807d563feddd961783fcd92cdbe4e776a8ac40ea0afbbb794e3d6ddea51ca8321d82bb6dde02caa51eb0b307424ea864ef583ec8fdb3dbae10b23bcfa050c073b1e8b23e3934a2be3d88b0de78cfdfef5722c8a60466acec8a450f8442ee2bfe4099474fb7e0f32d54e0aaec743dce7f3a39ea2e018a783793a03b971345ebf0744724fc3656d6631343038ad5a3719b2a1,gx-no-cache=1492443687019 HTTP/1.1" 200 30
186.79.226.236 - - [17/Apr/2017:12:40:22 -0300] "POST /cormun/servlet/solicitudot?gx-no-cache=1492443687093 HTTP/1.1" 200 30
186.79.226.236 - - [17/Apr/2017:12:40:23 -0300] "POST /cormun/servlet/solicitudot?gx-no-cache=1492443687180 HTTP/1.1" 200 1291
186.79.226.236 - - [17/Apr/2017:12:40:23 -0300] "POST /cormun/servlet/solicitudot?gx-no-cache=1492443687400 HTTP/1.1" 200 41
192.168.10.62 - - [17/Apr/2017:12:40:23 -0300] "POST /cormun/servlet/hlogin?fd61b665cc46a5b78f02e4bd6f93cf4d,gx-no-cache=1492446897835 HTTP/1.1" 200 90
192.168.10.62 - - [17/Apr/2017:12:40:23 -0300] "GET /cormun/servlet/hpexe_link HTTP/1.1" 200 956
192.168.10.62 - - [17/Apr/2017:12:40:24 -0300] "GET /cormun/static/hpexe_link.js?201731711483384 HTTP/1.1" 304 -
192.168.10.62 - - [17/Apr/2017:12:40:24 -0300] "GET /cormun/static/gxcfg.js?201731711483381 HTTP/1.1" 304 -
192.168.10.62 - - [17/Apr/2017:12:40:24 -0300] "GET /cormun/servlet/hhome HTTP/1.1" 200 3795
192.168.10.62 - - [17/Apr/2017:12:40:24 -0300] "GET /cormun/static/gxcfg.js?201731711483497 HTTP/1.1" 304 -
192.168.10.62 - - [17/Apr/2017:12:40:24 -0300] "GET /cormun/static/hwchdr01.js?201731711335950 HTTP/1.1" 304 -
192.168.10.62 - - [17/Apr/2017:12:40:24 -0300] "GET /cormun/static/hpexe_recentlink.js?201610171694390 HTTP/1.1" 304 -
192.168.10.62 - - [17/Apr/2017:12:40:24 -0300] "GET /cormun/static/hhome.js?20173171148352 HTTP/1.1" 304 -
192.168.10.62 - - [17/Apr/2017:12:40:24 -0300] "GET /cormun/static/hpexe_messagecontroller.js?201610171694323 HTTP/1.1" 304 -
192.168.10.62 - - [17/Apr/2017:12:40:24 -0300] "GET /cormun/static/hpexe_messagepopupcomponent.js?20161017169425 HTTP/1.1" 304 -
192.168.10.62 - - [17/Apr/2017:12:40:24 -0300] "GET /cormun/static/hpexe_scripts.js?201731711335890 HTTP/1.1" 304 -
192.168.10.62 - - [17/Apr/2017:12:40:24 -0300] "GET /cormun/static/hpexe_messagegenexuscomponent.js?201731711335537 HTTP/1.1" 304 -
192.168.10.62 - - [17/Apr/2017:12:40:24 -0300] "GET /cormun/static/cmcontrolpreferences.js?201731711335852 HTTP/1.1" 304 -
192.168.10.62 - - [17/Apr/2017:12:40:24 -0300] "GET /cormun/static/hmpwkw03.js?201731711485354 HTTP/1.1" 304 -
192.168.10.62 - - [17/Apr/2017:12:40:24 -0300] "GET /cormun/servlet/hhome HTTP/1.1" 200 3792
192.168.10.93 - - [17/Apr/2017:12:40:25 -0300] "POST /cormunbeta/servlet/solicitudsaludot?ac8ce6caa217f8f405d0ac1fc9bf2962,INS,0,0,,gx-no-cache=1492446899538 HTTP/1.1" 200 93
192.168.10.93 - - [17/Apr/2017:12:40:25 -0300] "GET /cormunbeta/servlet/hpexe_return? HTTP/1.1" 200 1012
192.168.10.93 - - [17/Apr/2017:12:40:26 -0300] "GET /cormunbeta/servlet/trsolicitudsaludot HTTP/1.1" 200 8325
192.168.10.93 - - [17/Apr/2017:12:40:26 -0300] "GET /cormunbeta/servlet/trsolicitudsaludot HTTP/1.1" 200 8321
192.168.10.93 - - [17/Apr/2017:12:40:30 -0300] "GET /cormunbeta/servlet/solicitudsaludot?INS,0,0, HTTP/1.1" 200 12363
192.168.10.93 - - [17/Apr/2017:12:40:31 -0300] "GET /cormunbeta/servlet/solicitudsaludot?INS,0,0, HTTP/1.1" 200 12367
192.168.10.93 - - [17/Apr/2017:12:40:31 -0300] "GET /cormunbeta/servlet/solicitudsaludot?e926a4aa78cfdae0ee2481443fa9f5dea0bf1fae81e99027338a4a3bd8ac082b,gx-no-cache=1492446905630 HTTP/1.1" 200 30
192.168.10.93 - - [17/Apr/2017:12:40:33 -0300] "GET /cormunbeta/servlet/prfichaempleado?,MD,,gxPopupLevel%3D0%3B HTTP/1.1" 200 8739
192.168.10.93 - - [17/Apr/2017:12:40:44 -0300] "POST /cormunbeta/servlet/prfichaempleado?ac8ce6caa217f8f405d0ac1fc9bf2962,,MD,,gxPopupLevel%3D0%3B,gx-no-cache=1492446917926 HTTP/1.1" 200 3399
192.168.10.62 - - [17/Apr/2017:12:40:45 -0300] "GET /cormun/servlet/trsolicitudgral? HTTP/1.1" 200 24309
192.168.10.62 - - [17/Apr/2017:12:40:45 -0300] "GET /cormun/static/Resources/Spanish/PXTools.css?18365030 HTTP/1.1" 304 -
192.168.10.62 - - [17/Apr/2017:12:40:45 -0300] "GET /cormun/static/gxcfg.js?201732110400 HTTP/1.1" 304 -
192.168.10.62 - - [17/Apr/2017:12:40:45 -0300] "GET /cormun/static/trsolicitudgral.js?2017321104863 HTTP/1.1" 304 -
