192.168.10.62 - - [17/Apr/2017:12:40:46 -0300] "GET /cormun/servlet/trsolicitudgral? HTTP/1.1" 200 24307
192.168.10.93 - - [17/Apr/2017:12:40:47 -0300] "POST /cormunbeta/servlet/solicitudsaludot?gx-no-cache=1492446921349 HTTP/1.1" 200 3139
186.103.159.187 - - [17/Apr/2017:12:40:48 -0300] "GET /cormun/servlet/hlogin HTTP/1.1" 200 1737
192.168.10.62 - - [17/Apr/2017:12:40:49 -0300] "GET /cormun/servlet/trconsultaempleado? HTTP/1.1" 200 9021
192.168.10.62 - - [17/Apr/2017:12:40:49 -0300] "GET /cormun/static/gxcfg.js?2017319127961 HTTP/1.1" 200 953
192.168.10.62 - - [17/Apr/2017:12:40:49 -0300] "GET /cormun/static/trconsultaempleado.js?20173191271215 HTTP/1.1" 304 -
192.168.10.93 - - [17/Apr/2017:12:40:50 -0300] "GET /cormunbeta/servlet/solicitudsaludot?e926a4aa78cfdae0ee2481443fa9f5deb0cd293263bc026f9417933e4bde0b4899306b67af18a02bafd51f2223959a76,gx-no-cache=1492446924378 HTTP/1.1" 200 30
192.168.10.93 - - [17/Apr/2017:12:40:50 -0300] "GET /cormunbeta/servlet/solicitudsaludot?e926a4aa78cfdae0ee2481443fa9f5ded5b6fc2059e40376924958746ac002d5f24af3edac54b6324643efd8635de56c12e89ab74861ab35600a1fe21b368db406fafc1d4a7b5c19331b633367ad106c39082cc7570f6cbe654f147063e2895091b580e8e3a443e8a0da5b0b75fc86fbac92a03291694fd70d823475d03bfec8f6c6c92380abf1da31fb20d2917d66d153336b9be96568f28c7475656ceedd16441aa596a4824589d07a9b9070a7b08db62663d10c2dc52fa494c3b75c27fe3da94e7bcfc0262c18d3b49adfcd43ced0786ab1689f41a89bdf660662a3f59e224cf3a1f6b4dcd0e212160bcdf03c6494eb5092a4c5c9a62ca8af7d0848e23c955c37823272c1fed232f9c7b4fdc65c2b,gx-no-cache=1492446924444 HTTP/1.1" 200 256
192.168.10.93 - - [17/Apr/2017:12:40:50 -0300] "GET /cormunbeta/servlet/solicitudsaludot?e926a4aa78cfdae0ee2481443fa9f5de6c7d381db46a7716be52eba2258a7f220af7ceef93edf66c6490fab2b2fe51b2bbd44116ee3122a17d1eb51e1305e5efe3b1a2ea67a923745ef260b7b226ab68106a3d2e19b8c71732e470bd1b63de2d6a33d3bbf1ea88f45375761c9c329696ae707d1916fbbe350aa7cbf29d0b06c08e51628520ee3fb771080e448fe81c3f95690f8dd0a57be515210d5ab5bedfd563923b172b13ceba30fbc10346f422eaf284bd86282b897ffa87954b587c74bfa66a6836b51cfd052e4b8b42bce17a42747b7ace098a2ce1e34f60d40837eb36da97475bb69987a3cffdcee6a3920724,gx-no-cache=1492446924480 HTTP/1.1" 200 30
192.168.10.62 - - [17/Apr/2017:12:40:50 -0300] "GET /cormun/servlet/trconsultaempleado? HTTP/1.1" 200 9020
186.103.159.46 - - [17/Apr/2017:12:40:52 -0300] "POST /cormun/servlet/trautorizarpermisogoce?d7422ab721ba9cd69ff8f2d47f81049b,,gx-no-cache=1492443716999 HTTP/1.1" 440 972
192.168.10.93 - - [17/Apr/2017:12:40:53 -0300] "POST /cormunbeta/servlet/solicitudsaludot?gx-no-cache=1492446927245 HTTP/1.1" 200 30
186.103.159.46 - - [17/Apr/2017:12:40:54 -0300] "GET /cormun/servlet/trautorizarpermisogoce? HTTP/1.1" 200 5851
186.103.159.46 - - [17/Apr/2017:12:40:55 -0300] "GET /cormun/servlet/trautorizarpermisogoce? HTTP/1.1" 200 5851
186.103.159.46 - - [17/Apr/2017:12:40:55 -0300] "GET /cormun/servlet/hlogin HTTP/1.1" 200 1738
186.79.226.236 - - [17/Apr/2017:12:40:56 -0300] "GET /cormun/servlet/solicitudot?15a468e31c3c35a0b7c2732f879aee6883821cee9385504900d55bb8b5ff4f6699c9a8f0ea4292c44b369dadfd3454623f8ec35928b0ba5363c2132e7fcfce38c1dcc57c00bfb9364054ea9d6258db5d7c505ec7ed41a9bc5e11e5eca89313d765a57f5436297cf2cd27c901d0a2cb01,gx-no-cache=1492443720306 HTTP/1.1" 200 29
186.79.226.236 - - [17/Apr/2017:12:40:56 -0300] "POST /cormun/servlet/solicitudot?gx-no-cache=1492443720408 HTTP/1.1" 200 1275
186.79.226.236 - - [17/Apr/2017:12:40:56 -0300] "POST /cormun/servlet/solicitudot?gx-no-cache=1492443720613 HTTP/1.1" 200 1157
186.79.226.236 - - [17/Apr/2017:12:40:56 -0300] "GET /cormun/servlet/solicitudot?15a468e31c3c35a0b7c2732f879aee68508c36220d7c0c3a41ad1bfc2811639257c527fac57df3a7a61f65815e59eb6fd3ceddbbbcecc1e00d51eae47278ca7af994f0bdac12a69382c7d6bc420de4e844c9424618a12eb8503ca72c82d2145522c4b931a1297e93eb19fb9118f37086dbf521545ca811b25816ef5330186e48d0c18ebd69e6f242c8fad7a76cfa7f7ae27fd4d24354bd2d6424c32c95a9420ab01283b8e8f65784f06842443df0385040d97cc653a6a1b81aff19eea9d63ab1,gx-no-cache=1492443720780 HTTP/1.1" 200 32
186.79.226.236 - - [17/Apr/2017:12:40:57 -0300] "POST /cormun/servlet/solicitudot?469fbf3c79950de23e9b625676ea966c,UPD,2017,6090,,gx-no-cache=1492443720857 HTTP/1.1" 200 93
186.79.226.236 - - [17/Apr/2017:12:40:57 -0300] "GET /cormun/servlet/hpexe_return? HTTP/1.1" 200 1013
186.103.159.187 - - [17/Apr/2017:12:40:57 -0300] "POST /cormun/servlet/hlogin?2b225d0049f7092f1a8d68e42cf496c4,gx-no-cache=1492447320158 HTTP/1.1" 200 448
186.79.226.236 - - [17/Apr/2017:12:40:57 -0300] "GET /cormun/servlet/trsolicitudot HTTP/1.1" 200 7844
186.79.226.236 - - [17/Apr/2017:12:40:58 -0300] "GET /cormun/servlet/trsolicitudot HTTP/1.1" 200 7840
192.168.10.93 - - [17/Apr/2017:12:40:58 -0300] "GET /cormunbeta/servlet/prcontratosol?13509617,,,,,MD,,gxPopupLevel%3D0%3B HTTP/1.1" 200 5839
192.168.10.93 - - [17/Apr/2017:12:41:00 -0300] "POST /cormunbeta/servlet/acontrolpreferencessavestate?None,ADMEST,true HTTP/1.1" 200 35
192.168.10.62 - - [17/Apr/2017:12:41:00 -0300] "POST /cormun/servlet/trconsultaempleado?fd61b665cc46a5b78f02e4bd6f93cf4d,,gx-no-cache=1492446934756 HTTP/1.1" 200 4000
192.168.10.93 - - [17/Apr/2017:12:41:01 -0300] "POST /cormunbeta/servlet/solicitudsaludot?gx-no-cache=1492446935412 HTTP/1.1" 200 1351
192.168.10.93 - - [17/Apr/2017:12:41:01 -0300] "POST /cormunbeta/servlet/solicitudsaludot?gx-no-cache=1492446935482 HTTP/1.1" 200 38
192.168.10.93 - - [17/Apr/2017:12:41:01 -0300] "POST /cormunbeta/servlet/solicitudsaludot?gx-no-cache=1492446935507 HTTP/1.1" 200 1334
192.168.10.93 - - [17/Apr/2017:12:41:01 -0300] "POST /cormunbeta/servlet/solicitudsaludot?gx-no-cache=1492446935558 HTTP/1.1" 200 689
186.103.159.187 - - [17/Apr/2017:12:41:02 -0300] "POST /cormun/servlet/hlogin?2b225d0049f7092f1a8d68e42cf496c4,gx-no-cache=1492447325577 HTTP/1.1" 200 90
186.103.159.187 - - [17/Apr/2017:12:41:02 -0300] "GET /cormun/servlet/hpexe_link HTTP/1.1" 200 952
186.103.159.187 - - [17/Apr/2017:12:41:03 -0300] "GET /cormun/servlet/hhome HTTP/1.1" 200 3951
186.103.159.187 - - [17/Apr/2017:12:41:04 -0300] "GET /cormun/servlet/hhome HTTP/1.1" 200 3947
186.103.159.46 - - [17/Apr/2017:12:41:08 -0300] "POST /cormun/servlet/hlogin?8801bc4ed4f92fcc811bd45e0ec24ad7,gx-no-cache=1492443732502 HTTP/1.1" 200 90
186.103.159.46 - - [17/Apr/2017:12:41:08 -0300] "GET /cormun/servlet/hpexe_link HTTP/1.1" 200 956
186.103.159.46 - - [17/Apr/2017:12:41:08 -0300] "GET /cormun/servlet/trautorizarpermisogoce HTTP/1.1" 200 6537
186.103.159.46 - - [17/Apr/2017:12:41:08 -0300] "GET /cormun/servlet/trautorizarpermisogoce HTTP/1.1" 200 6535
186.103.159.46 - - [17/Apr/2017:12:41:11 -0300] "POST /cormun/servlet/trautorizarpermisogoce?8801bc4ed4f92fcc811bd45e0ec24ad7,gx-no-cache=1492443735605 HTTP/1.1" 200 3794
192.168.10.13 - - [17/Apr/2017:12:41:14 -0300] "GET / HTTP/1.1" 200 11217
186.103.159.187 - - [17/Apr/2017:12:41:16 -0300] "GET /cormun/servlet/trautorizarsolicitud? HTTP/1.1" 200 8677
186.103.159.187 - - [17/Apr/2017:12:41:16 -0300] "GET /cormun/static/gxcfg.js?2017259112829 HTTP/1.1" 304 -
186.103.159.187 - - [17/Apr/2017:12:41:16 -0300] "GET /cormun/static/trautorizarsolicitud.js?2017259113483 HTTP/1.1" 304 -
186.103.159.187 - - [17/Apr/2017:12:41:17 -0300] "GET /cormun/servlet/trautorizarsolicitud? HTTP/1.1" 200 8675
192.168.10.62 - - [17/Apr/2017:12:41:17 -0300] "GET /cormun/servlet/trsolicitudnombre?17520495, HTTP/1.1" 200 7585
192.168.10.62 - - [17/Apr/2017:12:41:17 -0300] "GET /cormun/static/gxcfg.js?20173171153130 HTTP/1.1" 200 953
192.168.10.62 - - [17/Apr/2017:12:41:17 -0300] "GET /cormun/static/trsolicitudnombre.js?2017317115367 HTTP/1.1" 304 -
192.168.10.62 - - [17/Apr/2017:12:41:18 -0300] "GET /cormun/servlet/trsolicitudnombre?17520495, HTTP/1.1" 200 7588
192.168.10.93 - - [17/Apr/2017:12:41:19 -0300] "GET /cormunbeta/servlet/solicitudsaludot?e926a4aa78cfdae0ee2481443fa9f5de5c7014d77b1639f749d4c566e3438c75750049a24e0a57472d1ec97fab686cfa207ff6dcd70319262e6c936ed455666e8c701dcf8b08b39cdc3b78173a9fc038b941965b9fb961da4df95c204497d68957860946cfe849468a779b8f3d1f1fab348ead8987c1670767e34f640bf8bd0788739c2e49986a4de99e0f29a66e6473c9b032e9431372326578df4bd18f078eaaff7681220e8f53d41ca82200d2dcee,gx-no-cache=1492446953045 HTTP/1.1" 200 30
192.168.10.62 - - [17/Apr/2017:12:41:26 -0300] "GET /cormun/servlet/vesolicitudnombre?2017,3145,, HTTP/1.1" 200 8063
192.168.10.62 - - [17/Apr/2017:12:41:26 -0300] "GET /cormun/pexe_scrolldiv.js HTTP/1.1" 404 1009
192.168.10.62 - - [17/Apr/2017:12:41:26 -0300] "GET /cormun/static/gxcfg.js?20173171153010 HTTP/1.1" 200 953
192.168.10.62 - - [17/Apr/2017:12:41:26 -0300] "GET /cormun/static/vesolicitudnombre.js?20173171153072 HTTP/1.1" 304 -
192.168.10.62 - - [17/Apr/2017:12:41:26 -0300] "GET /cormun/pexe_scrolldiv.js HTTP/1.1" 404 1009
192.168.10.62 - - [17/Apr/2017:12:41:26 -0300] "GET /cormun/static/hwcviewtabs.js?20173171133571 HTTP/1.1" 304 -
192.168.10.62 - - [17/Apr/2017:12:41:26 -0300] "GET /cormun/static/hpexe_tabsview.js?201610171694228 HTTP/1.1" 304 -
192.168.10.62 - - [17/Apr/2017:12:41:26 -0300] "GET /cormun/static/tbsolicitudnombre01.js?2017110216261 HTTP/1.1" 304 -
192.168.10.62 - - [17/Apr/2017:12:41:26 -0300] "GET /cormun/servlet/vesolicitudnombre?2017,3145,, HTTP/1.1" 200 8057
192.168.10.93 - - [17/Apr/2017:12:41:27 -0300] "POST /cormunbeta/servlet/solicitudsaludot?ac8ce6caa217f8f405d0ac1fc9bf2962,INS,0,0,,gx-no-cache=1492446961242 HTTP/1.1" 200 11120
192.168.10.93 - - [17/Apr/2017:12:41:27 -0300] "GET /cormunbeta/static/Shared/jqueryui/images/ui-bg_highlight-soft_100_c6c2c8_1x100.png HTTP/1.1" 404 1125
192.168.10.93 - - [17/Apr/2017:12:41:27 -0300] "GET /cormunbeta/static/Shared/jqueryui/images/ui-icons_82798d_256x240.png HTTP/1.1" 404 1097
192.168.10.93 - - [17/Apr/2017:12:41:27 -0300] "GET /cormunbeta/static/Shared/jqueryui/images/ui-bg_flat_55_994d53_40x100.png HTTP/1.1" 404 1105
192.168.10.93 - - [17/Apr/2017:12:41:27 -0300] "GET /cormunbeta/static/Shared/jqueryui/images/ui-icons_ebccce_256x240.png HTTP/1.1" 404 1097
192.168.10.62 - - [17/Apr/2017:12:41:29 -0300] "POST /cormun/servlet/vesolicitudnombre?fd61b665cc46a5b78f02e4bd6f93cf4d,2017,3145,,,gx-no-cache=1492446963250 HTTP/1.1" 200 90
192.168.10.62 - - [17/Apr/2017:12:41:29 -0300] "GET /cormun/servlet/hpexe_link HTTP/1.1" 200 981
192.168.10.62 - - [17/Apr/2017:12:41:29 -0300] "GET /cormun/servlet/trsolicitudnombre?17520495, HTTP/1.1" 200 7586
192.168.10.62 - - [17/Apr/2017:12:41:29 -0300] "GET /cormun/servlet/trsolicitudnombre?17520495, HTTP/1.1" 200 7588
192.168.10.62 - - [17/Apr/2017:12:41:31 -0300] "GET /cormun/servlet/vesolicitudnombre?2017,3146,, HTTP/1.1" 200 8070
192.168.10.62 - - [17/Apr/2017:12:41:31 -0300] "GET /cormun/pexe_scrolldiv.js HTTP/1.1" 404 1009
192.168.10.62 - - [17/Apr/2017:12:41:31 -0300] "GET /cormun/pexe_scrolldiv.js HTTP/1.1" 404 1009
192.168.10.62 - - [17/Apr/2017:12:41:31 -0300] "GET /cormun/servlet/vesolicitudnombre?2017,3146,, HTTP/1.1" 200 8064
192.168.10.93 - - [17/Apr/2017:12:41:36 -0300] "POST /cormunbeta/servlet/solicitudsaludot?ac8ce6caa217f8f405d0ac1fc9bf2962,INS,0,0,,gx-no-cache=1492446970105 HTTP/1.1" 200 11160
192.168.10.93 - - [17/Apr/2017:12:41:43 -0300] "GET /cormunbeta/servlet/solicitudsaludot?e926a4aa78cfdae0ee2481443fa9f5de5c7014d77b1639f749d4c566e3438c75750049a24e0a57472d1ec97fab686cfa207ff6dcd70319262e6c936ed455666e8c701dcf8b08b39cdc3b78173a9fc038b941965b9fb961da4df95c204497d68957860946cfe849468a779b8f3d1f1fab348ead8987c1670767e34f640bf8bd0788739c2e49986a4de99e0f29a66e6473c9b032e9431372326578df4bd18f078ec60d550e6675218fe4af2245401a5344,gx-no-cache=1492446977849 HTTP/1.1" 200 30
192.168.10.93 - - [17/Apr/2017:12:41:44 -0300] "POST /cormunbeta/servlet/solicitudsaludot?ac8ce6caa217f8f405d0ac1fc9bf2962,INS,0,0,,gx-no-cache=1492446977879 HTTP/1.1" 200 11182
186.103.159.46 - - [17/Apr/2017:12:41:48 -0300] "POST /cormun/servlet/trautorizarpermisogoce?8801bc4ed4f92fcc811bd45e0ec24ad7,gx-no-cache=1492443771659 HTTP/1.1" 200 9889
192.168.10.93 - - [17/Apr/2017:12:41:50 -0300] "GET /cormunbeta/servlet/solicitudsaludot?e926a4aa78cfdae0ee2481443fa9f5de5c7014d77b1639f749d4c566e3438c7531e7d599c16c02c42e846da5db1e741d207ff6dcd70319262e6c936ed455666e8c701dcf8b08b39cdc3b78173a9fc038b941965b9fb961da4df95c204497d68957860946cfe849468a779b8f3d1f1fab348ead8987c1670767e34f640bf8bd0788739c2e49986a4de99e0f29a66e6473c9b032e9431372326578df4bd18f078e1e6e8888a2b912091da42c253ac12c68,gx-no-cache=1492446984523 HTTP/1.1" 200 32
192.168.10.93 - - [17/Apr/2017:12:41:50 -0300] "POST /cormunbeta/servlet/solicitudsaludot?ac8ce6caa217f8f405d0ac1fc9bf2962,INS,0,0,,gx-no-cache=1492446984589 HTTP/1.1" 200 93
192.168.10.93 - - [17/Apr/2017:12:41:50 -0300] "GET /cormunbeta/servlet/hpexe_return? HTTP/1.1" 200 1012
192.168.10.93 - - [17/Apr/2017:12:41:51 -0300] "GET /cormunbeta/servlet/trsolicitudsaludot HTTP/1.1" 200 8624
192.168.10.93 - - [17/Apr/2017:12:41:51 -0300] "GET /cormunbeta/servlet/trsolicitudsaludot HTTP/1.1" 200 8620
186.103.159.187 - - [17/Apr/2017:12:41:56 -0300] "POST /cormun/servlet/trautorizarsolicitud?2b225d0049f7092f1a8d68e42cf496c4,,gx-no-cache=1492447379111 HTTP/1.1" 200 115
186.103.159.187 - - [17/Apr/2017:12:41:56 -0300] "GET /cormun/servlet/solicitudotlog?INS,2017,6094,0,ANU, HTTP/1.1" 200 5737
186.103.159.187 - - [17/Apr/2017:12:41:56 -0300] "GET /cormun/static/gxcfg.js?201731711401563 HTTP/1.1" 200 953
186.103.159.187 - - [17/Apr/2017:12:41:56 -0300] "GET /cormun/static/solicitudotlog.js?201731711401579 HTTP/1.1" 200 8925
186.103.159.187 - - [17/Apr/2017:12:41:57 -0300] "GET /cormun/servlet/solicitudotlog?INS,2017,6094,0,ANU, HTTP/1.1" 200 5737
186.103.159.46 - - [17/Apr/2017:12:41:57 -0300] "POST /cormun/servlet/trautorizarpermisogoce?8801bc4ed4f92fcc811bd45e0ec24ad7,gx-no-cache=1492443781484 HTTP/1.1" 200 9889
186.103.159.187 - - [17/Apr/2017:12:41:57 -0300] "GET /cormun/servlet/solicitudotlog?d1d3dc0825b10043544a2b9c3639f4bb15497586af6552295e9e6495390266b33615340bef5f0b9779832d13279b14b0abbdb71ab82190e0fc6a3ca2e23aabf1acefd0961baff8ddedb503f415b40f72fafa99c14f4098a66456e23b9e5f859cd11b6ba9b2e069c16d4e764dea86fac9ed4cc82fc6ecdfa968cbb83a7e2b6d3da7060c8dae047c130df526c0502110a557d3d94880eff59e944a6ae4f7b66ef2,gx-no-cache=1492447380890 HTTP/1.1" 200 94
186.103.159.187 - - [17/Apr/2017:12:42:00 -0300] "POST /cormun/servlet/solicitudotlog?2b225d0049f7092f1a8d68e42cf496c4,INS,2017,6094,0,ANU,,gx-no-cache=1492447383130 HTTP/1.1" 200 93
186.103.159.187 - - [17/Apr/2017:12:42:00 -0300] "GET /cormun/servlet/hpexe_return? HTTP/1.1" 200 1027
186.103.159.187 - - [17/Apr/2017:12:42:00 -0300] "GET /cormun/servlet/trautorizarsolicitud HTTP/1.1" 200 8678
186.103.159.187 - - [17/Apr/2017:12:42:01 -0300] "GET /cormun/servlet/trautorizarsolicitud HTTP/1.1" 200 8675
192.168.10.13 - - [17/Apr/2017:12:42:14 -0300] "GET / HTTP/1.1" 200 11217
186.103.159.187 - - [17/Apr/2017:12:42:29 -0300] "POST /cormun/servlet/trautorizarsolicitud?2b225d0049f7092f1a8d68e42cf496c4,gx-no-cache=1492447412231 HTTP/1.1" 200 5498
186.103.159.187 - - [17/Apr/2017:12:42:29 -0300] "GET /cormun/static/Shared/jqueryui/images/ui-bg_highlight-soft_100_c6c2c8_1x100.png HTTP/1.1" 404 1117
186.103.159.187 - - [17/Apr/2017:12:42:29 -0300] "GET /cormun/static/Shared/jqueryui/images/ui-icons_82798d_256x240.png HTTP/1.1" 404 1089
186.103.159.187 - - [17/Apr/2017:12:42:29 -0300] "GET /cormun/static/Shared/jqueryui/images/ui-bg_flat_55_fafafa_40x100.png HTTP/1.1" 404 1097
186.103.159.187 - - [17/Apr/2017:12:42:29 -0300] "GET /cormun/static/Shared/jqueryui/images/ui-icons_8d78a5_256x240.png HTTP/1.1" 404 1089
186.103.159.187 - - [17/Apr/2017:12:42:29 -0300] "POST /cormun/servlet/trautorizarsolicitud?2b225d0049f7092f1a8d68e42cf496c4,gx-no-cache=1492447412620 HTTP/1.1" 200 5443
186.103.159.187 - - [17/Apr/2017:12:42:42 -0300] "POST /cormun/servlet/trautorizarsolicitud?2b225d0049f7092f1a8d68e42cf496c4,gx-no-cache=1492447425485 HTTP/1.1" 200 4355
186.103.159.187 - - [17/Apr/2017:12:42:42 -0300] "POST /cormun/servlet/trautorizarsolicitud?2b225d0049f7092f1a8d68e42cf496c4,gx-no-cache=1492447425701 HTTP/1.1" 200 4095
186.103.159.187 - - [17/Apr/2017:12:42:47 -0300] "POST /cormun/servlet/trautorizarsolicitud?2b225d0049f7092f1a8d68e42cf496c4,gx-no-cache=1492447430282 HTTP/1.1" 200 90
186.103.159.187 - - [17/Apr/2017:12:42:47 -0300] "GET /cormun/servlet/hpexe_link HTTP/1.1" 200 962
186.103.159.187 - - [17/Apr/2017:12:42:47 -0300] "GET /cormun/servlet/hhome HTTP/1.1" 200 3951
186.103.159.187 - - [17/Apr/2017:12:42:48 -0300] "GET /cormun/servlet/hhome HTTP/1.1" 200 3947
186.103.159.187 - - [17/Apr/2017:12:42:58 -0300] "GET /cormun/servlet/trsolicitudot? HTTP/1.1" 200 6917
186.103.159.187 - - [17/Apr/2017:12:42:59 -0300] "GET /cormun/servlet/trsolicitudot? HTTP/1.1" 200 6916
186.103.159.187 - - [17/Apr/2017:12:43:11 -0300] "GET /cormun/servlet/hlogin HTTP/1.1" 200 1740
192.168.10.13 - - [17/Apr/2017:12:43:14 -0300] "GET / HTTP/1.1" 200 11217
186.103.159.187 - - [17/Apr/2017:12:43:20 -0300] "POST /cormun/servlet/hlogin?2b225d0049f7092f1a8d68e42cf496c4,gx-no-cache=1492447463693 HTTP/1.1" 200 447
186.103.159.187 - - [17/Apr/2017:12:43:27 -0300] "POST /cormun/servlet/hlogin?2b225d0049f7092f1a8d68e42cf496c4,gx-no-cache=1492447470760 HTTP/1.1" 200 447
186.103.159.187 - - [17/Apr/2017:12:43:35 -0300] "POST /cormun/servlet/hlogin?2b225d0049f7092f1a8d68e42cf496c4,gx-no-cache=1492447478074 HTTP/1.1" 200 447
186.103.159.187 - - [17/Apr/2017:12:43:41 -0300] "POST /cormun/servlet/hlogin?2b225d0049f7092f1a8d68e42cf496c4,gx-no-cache=1492447484124 HTTP/1.1" 200 447
186.103.159.187 - - [17/Apr/2017:12:43:47 -0300] "POST /cormun/servlet/hlogin?2b225d0049f7092f1a8d68e42cf496c4,gx-no-cache=1492447490517 HTTP/1.1" 200 447
186.103.159.187 - - [17/Apr/2017:12:44:02 -0300] "GET /cormun/servlet/hlogin HTTP/1.1" 200 1725
186.103.159.187 - - [17/Apr/2017:12:44:11 -0300] "POST /cormun/servlet/hlogin?2b225d0049f7092f1a8d68e42cf496c4,gx-no-cache=1492447514806 HTTP/1.1" 200 90
186.103.159.187 - - [17/Apr/2017:12:44:11 -0300] "GET /cormun/servlet/hpexe_link HTTP/1.1" 200 952
186.103.159.187 - - [17/Apr/2017:12:44:12 -0300] "GET /cormun/servlet/hhome HTTP/1.1" 200 3735
186.103.159.187 - - [17/Apr/2017:12:44:13 -0300] "GET /cormun/servlet/hhome HTTP/1.1" 200 3735
192.168.10.13 - - [17/Apr/2017:12:44:14 -0300] "GET / HTTP/1.1" 200 11217
186.103.159.187 - - [17/Apr/2017:12:44:21 -0300] "GET /cormun/servlet/trsolicitudot? HTTP/1.1" 200 6668
186.103.159.187 - - [17/Apr/2017:12:44:22 -0300] "GET /cormun/servlet/trsolicitudot? HTTP/1.1" 200 6667
186.103.159.187 - - [17/Apr/2017:12:44:24 -0300] "GET /cormun/servlet/solicitudot?INS,0,0, HTTP/1.1" 200 12546
186.103.159.187 - - [17/Apr/2017:12:44:25 -0300] "GET /cormun/servlet/solicitudot?INS,0,0, HTTP/1.1" 200 12550
186.79.61.94 - - [17/Apr/2017:12:44:37 -0300] "GET /cormun/servlet/hlogin HTTP/1.1" 200 1719
186.103.159.187 - - [17/Apr/2017:12:44:40 -0300] "POST /cormun/servlet/solicitudot?gx-no-cache=1492447543715 HTTP/1.1" 200 3189
186.103.159.187 - - [17/Apr/2017:12:44:41 -0300] "POST /cormun/servlet/solicitudot?2b225d0049f7092f1a8d68e42cf496c4,INS,0,0,,gx-no-cache=1492447543874 HTTP/1.1" 200 9764
186.103.159.187 - - [17/Apr/2017:12:44:43 -0300] "GET /cormun/servlet/prfichaempleado?,MD,,gxPopupLevel%3D0%3B HTTP/1.1" 200 8741
186.79.61.94 - - [17/Apr/2017:12:44:58 -0300] "POST /cormun/servlet/hlogin?71dbd9dc39d1698f2a7600875f59c7c9,gx-no-cache=1492443961436 HTTP/1.1" 200 90
186.79.61.94 - - [17/Apr/2017:12:44:58 -0300] "GET /cormun/servlet/hpexe_link HTTP/1.1" 200 950
186.79.61.94 - - [17/Apr/2017:12:44:59 -0300] "GET /cormun/servlet/hhome HTTP/1.1" 200 3741
186.79.61.94 - - [17/Apr/2017:12:45:00 -0300] "GET /cormun/servlet/hhome HTTP/1.1" 200 3737
186.79.61.94 - - [17/Apr/2017:12:45:04 -0300] "GET /cormun/servlet/trsolicitudot? HTTP/1.1" 200 6680
186.79.61.94 - - [17/Apr/2017:12:45:05 -0300] "GET /cormun/servlet/trsolicitudot? HTTP/1.1" 200 6679
186.103.159.187 - - [17/Apr/2017:12:45:09 -0300] "POST /cormun/servlet/prfichaempleado?2b225d0049f7092f1a8d68e42cf496c4,,MD,,gxPopupLevel%3D0%3B,gx-no-cache=1492447571567 HTTP/1.1" 200 3393
186.79.61.94 - - [17/Apr/2017:12:45:12 -0300] "GET /cormun/servlet/solicitudot?INS,0,0, HTTP/1.1" 200 12535
186.79.61.94 - - [17/Apr/2017:12:45:13 -0300] "GET /cormun/servlet/solicitudot?INS,0,0, HTTP/1.1" 200 12540
192.168.10.13 - - [17/Apr/2017:12:45:14 -0300] "GET / HTTP/1.1" 200 11217
186.103.159.187 - - [17/Apr/2017:12:45:21 -0300] "POST /cormun/servlet/solicitudot?gx-no-cache=1492447584349 HTTP/1.1" 200 3189
186.103.159.187 - - [17/Apr/2017:12:45:21 -0300] "POST /cormun/servlet/solicitudot?2b225d0049f7092f1a8d68e42cf496c4,INS,0,0,,gx-no-cache=1492447584519 HTTP/1.1" 200 9820
186.103.159.187 - - [17/Apr/2017:12:45:21 -0300] "GET /cormun/servlet/solicitudot?d1d3dc0825b10043544a2b9c3639f4bbd4f898831993d189487e00545ccbbe4560b6fb1b6dcb492c124e8e02d0d2a8e0,gx-no-cache=1492447584738 HTTP/1.1" 200 30
186.103.159.187 - - [17/Apr/2017:12:45:21 -0300] "POST /cormun/servlet/solicitudot?gx-no-cache=1492447584792 HTTP/1.1" 200 240
186.103.159.187 - - [17/Apr/2017:12:45:21 -0300] "GET /cormun/servlet/solicitudot?d1d3dc0825b10043544a2b9c3639f4bb3dbbc43823c399610cc20f6ac3a652226421a7a291f4ba8f9e97fa261f11f2352e1ca86c92fdd7b3a92c645076f1ac65e5e076dac122c0d6bfa893070c03573fd728a8228a09b9734750be79b4795231a6f734eb5fa63afe4897b6b0108320dfdaa5d51745f0cc396e3a7d17fd148a9ae87fb683591bbca9169acd3a4b9255cdec7311e8e4b96f62605cca8bcb1c9b39e9b2de4bade650cda2d570b7aba970112e833ecdfabe5b2e132d59e074b35a02463dd7245e9893c3b60b7939f0203fb7bd3479c29c2f0161db7cb3d48f854ace25898c06e62a4460918405b9e25399015e14f640c0e8a92ce75b21ff3b70c291234142e5a22de1461a89034edf24c64f5de38b875d33a378dbeed2c40bfcfd2bae44995ae454a9eb1d5861364d3dcb6363fc98576200731843be7c5d1597aee8a874c7099181294f9b0af78e2b192e2cf6edc8c05e58c5716192381f8cc86a550d89b5fe76961e793a9356ee4fcb17c896ae4e9ed4f47831f11c04c9507556d1,gx-no-cache=1492447584836 HTTP/1.1" 200 30
186.103.159.187 - - [17/Apr/2017:12:45:24 -0300] "POST /cormun/servlet/solicitudot?gx-no-cache=1492447587305 HTTP/1.1" 200 30
186.103.159.187 - - [17/Apr/2017:12:45:26 -0300] "GET /cormun/servlet/prcontratosol?18597010,,,,,MD,,gxPopupLevel%3D0%3B HTTP/1.1" 200 5554
186.79.61.94 - - [17/Apr/2017:12:45:27 -0300] "POST /cormun/servlet/solicitudot?gx-no-cache=1492443990040 HTTP/1.1" 200 3158
186.79.61.94 - - [17/Apr/2017:12:45:28 -0300] "POST /cormun/servlet/solicitudot?71dbd9dc39d1698f2a7600875f59c7c9,INS,0,0,,gx-no-cache=1492443990566 HTTP/1.1" 200 9764
186.79.61.94 - - [17/Apr/2017:12:45:30 -0300] "GET /cormun/servlet/solicitudot?5c1c9fb63efe8d157b5ec31af18e2538e96acb854cdeefeab91bb511cf8e08be2f62824b55971c5d668e2dd61f2f26e3,gx-no-cache=1492443993814 HTTP/1.1" 200 30
186.79.61.94 - - [17/Apr/2017:12:45:31 -0300] "POST /cormun/servlet/solicitudot?gx-no-cache=1492443993992 HTTP/1.1" 200 297
186.79.61.94 - - [17/Apr/2017:12:45:31 -0300] "GET /cormun/servlet/solicitudot?5c1c9fb63efe8d157b5ec31af18e253852a881ca7858cf124a1681843c221891ce8ad13b7edf31c4137d217bca9b0f91359a4ee701ddd32d825eb06c516da2d9b94373e4b2aec80064a287fa241b7a21b487e4215b68dc69cebe728134f6b53ef4386ac02a080ee366194fbab2fa43c01ba4ba94b764fd923a0992ff35c8dbe932349bf75d029adf1b29d861a9c08b9dd71cb4cb55b04d07f43d21e0a3c05bb1d71f2ad9dea130bc7e56376dd92fb5450bfdcd812b83b98de0760ea1f3bbed8bd6ac7b5675b2c15803695c1dab5b263bb4d5d62586a4360518f2bcb93eae4cbeb140faac41f28044a380dcfdb45816a163114a6e5c679a4ec20e68e9637eaf269154529b87ae51ff016fd9f5457ae57237c6e5dbe52f39861ac114a856310d472289314b4f4ec76e30925397e06e131af44a91906be29528ddce9a089eda32252dddeaeb2320e44c809d0baf76c933c6b7e9e095652516bf07be1fc65d9573a7ff03ce8e0bf9acf5cc85efa9dd424f6d698196220f8d0a0a7d3a59f5291e5492a4ea0a2f85672b4d226a4150e6b49c8c,gx-no-cache=1492443994127 HTTP/1.1" 200 30
186.79.61.94 - - [17/Apr/2017:12:45:36 -0300] "POST /cormun/servlet/solicitudot?gx-no-cache=1492443999000 HTTP/1.1" 200 30
192.168.10.62 - - [17/Apr/2017:12:45:40 -0300] "GET /cormun/servlet/vesolicitudnombre?2017,3146,,SolicitudOTLog HTTP/1.1" 200 8587
192.168.10.62 - - [17/Apr/2017:12:45:40 -0300] "GET /cormun/pexe_scrolldiv.js HTTP/1.1" 404 1009
192.168.10.62 - - [17/Apr/2017:12:45:40 -0300] "GET /cormun/static/tbsolicitudnombre03.js?20173171132461 HTTP/1.1" 304 -
192.168.10.62 - - [17/Apr/2017:12:45:40 -0300] "GET /cormun/pexe_scrolldiv.js HTTP/1.1" 404 1009
186.79.61.94 - - [17/Apr/2017:12:45:40 -0300] "POST /cormun/servlet/solicitudot?gx-no-cache=1492444003394 HTTP/1.1" 200 235
192.168.10.62 - - [17/Apr/2017:12:45:40 -0300] "GET /cormun/servlet/vesolicitudnombre?2017,3146,,SolicitudOTLog HTTP/1.1" 200 8588
186.79.61.94 - - [17/Apr/2017:12:45:40 -0300] "POST /cormun/servlet/solicitudot?gx-no-cache=1492444003532 HTTP/1.1" 200 38
192.168.10.62 - - [17/Apr/2017:12:45:41 -0300] "POST /cormun/servlet/acontrolpreferencessavestate?None,FGONZALEZG,true HTTP/1.1" 200 35
186.79.61.94 - - [17/Apr/2017:12:45:53 -0300] "GET /cormun/servlet/solicitudot?5c1c9fb63efe8d157b5ec31af18e2538f7529da5c2b8f99529bf2caa0767d7b058c61a842fa05ef95f694864acbda7febcef9d9f42ec662b94843face7de02bbb70226f8976f338388fd195c4ea4056de584fa446fbf344c94921823dc2690ff4cb60e0cd81a2b53bc564e698d06a6ea,gx-no-cache=1492444016345 HTTP/1.1" 200 29
186.79.61.94 - - [17/Apr/2017:12:45:53 -0300] "POST /cormun/servlet/solicitudot?gx-no-cache=1492444016439 HTTP/1.1" 200 668
186.79.61.94 - - [17/Apr/2017:12:45:55 -0300] "POST /cormun/servlet/solicitudot?gx-no-cache=1492444018270 HTTP/1.1" 200 1157
186.103.159.187 - - [17/Apr/2017:12:46:05 -0300] "POST /cormun/servlet/solicitudot?gx-no-cache=1492447628418 HTTP/1.1" 200 296
186.103.159.187 - - [17/Apr/2017:12:46:05 -0300] "GET /cormun/static/Shared/jqueryui/images/ui-bg_highlight-soft_100_c6c2c8_1x100.png HTTP/1.1" 404 1117
186.103.159.187 - - [17/Apr/2017:12:46:05 -0300] "GET /cormun/static/Shared/jqueryui/images/ui-icons_82798d_256x240.png HTTP/1.1" 404 1089
186.103.159.187 - - [17/Apr/2017:12:46:05 -0300] "GET /cormun/static/Shared/jqueryui/images/ui-bg_flat_55_994d53_40x100.png HTTP/1.1" 404 1097
186.103.159.187 - - [17/Apr/2017:12:46:05 -0300] "GET /cormun/static/Shared/jqueryui/images/ui-icons_ebccce_256x240.png HTTP/1.1" 404 1089
186.103.159.187 - - [17/Apr/2017:12:46:05 -0300] "POST /cormun/servlet/solicitudot?gx-no-cache=1492447628538 HTTP/1.1" 200 117
186.103.159.187 - - [17/Apr/2017:12:46:05 -0300] "GET /cormun/servlet/solicitudot?d1d3dc0825b10043544a2b9c3639f4bb753604e22003cb6f55e8f39793ecee533615340bef5f0b9779832d13279b14b083d92e89fec96221448771106b0c224d6e5ce54059e086efc1bc9f11db9285836acca50e26623c081d4a6c3050e0b9d3eb724011f83b138c7e8ef5acc89cc03ff9d601113d0452da5bda85fcbbdb5274cac5d4add15aeae6263ccbc31cee72601ba6805501550efe5362ab6b06fa7c8c,gx-no-cache=1492447628588 HTTP/1.1" 200 29
186.103.159.187 - - [17/Apr/2017:12:46:05 -0300] "GET /cormun/servlet/solicitudot?d1d3dc0825b10043544a2b9c3639f4bba6b38b44095a68877f1bc3a783e918d3bb7e725904b0f8b4a105d8a2fff9e63d27c18cfcb4effd3e693c5f4b37a9964ca7b3b550bdf5fae84545a51422e199a5d073af1da2b0aaa599d04d895a3f982eb6363a8bf61db6b31066343f9c93ee3b0bd4a0be1b27b1ea031de72fa0fc8ad226908778dbb86396bb834a6051e91f79c05fa9353687c4ef87f54361e9e7c23b,gx-no-cache=1492447628625 HTTP/1.1" 200 57
186.103.159.187 - - [17/Apr/2017:12:46:05 -0300] "GET /cormun/servlet/solicitudot?d1d3dc0825b10043544a2b9c3639f4bbf6a20278855c1f246a5b48dde1123420bb7e725904b0f8b4a105d8a2fff9e63d27c18cfcb4effd3e693c5f4b37a9964cc0259bcbc50f6dc8209e3a44c790183561e9d56118acb3e2124fdff412b8813e885f16d589e4b9fbb084c77191df43c78f938d5eef33ac68da50839bbbd10d48,gx-no-cache=1492447628658 HTTP/1.1" 200 57
186.103.159.187 - - [17/Apr/2017:12:46:08 -0300] "GET /cormun/servlet/prsolicitudot?18597010,,,,,MD,,gxPopupLevel%3D0%3B HTTP/1.1" 200 6109
192.168.10.13 - - [17/Apr/2017:12:46:14 -0300] "GET / HTTP/1.1" 200 11217
186.103.159.187 - - [17/Apr/2017:12:46:15 -0300] "POST /cormun/servlet/solicitudot?gx-no-cache=1492447638838 HTTP/1.1" 200 296
186.103.159.187 - - [17/Apr/2017:12:46:15 -0300] "POST /cormun/servlet/solicitudot?gx-no-cache=1492447638892 HTTP/1.1" 200 117
186.103.159.187 - - [17/Apr/2017:12:46:15 -0300] "GET /cormun/servlet/solicitudot?d1d3dc0825b10043544a2b9c3639f4bba6b38b44095a68877f1bc3a783e918d3bb7e725904b0f8b4a105d8a2fff9e63d27c18cfcb4effd3e693c5f4b37a9964ca7b3b550bdf5fae84545a51422e199a5d073af1da2b0aaa599d04d895a3f982eb6363a8bf61db6b31066343f9c93ee3b0bd4a0be1b27b1ea031de72fa0fc8ad226908778dbb86396bb834a6051e91f79c05fa9353687c4ef87f54361e9e7c23b,gx-no-cache=1492447638943 HTTP/1.1" 200 57
186.103.159.187 - - [17/Apr/2017:12:46:16 -0300] "GET /cormun/servlet/solicitudot?d1d3dc0825b10043544a2b9c3639f4bbf6a20278855c1f246a5b48dde1123420bb7e725904b0f8b4a105d8a2fff9e63d27c18cfcb4effd3e693c5f4b37a9964cc0259bcbc50f6dc8209e3a44c790183561e9d56118acb3e2124fdff412b8813e885f16d589e4b9fbb084c77191df43c78f938d5eef33ac68da50839bbbd10d48,gx-no-cache=1492447638990 HTTP/1.1" 200 57
186.79.61.94 - - [17/Apr/2017:12:46:19 -0300] "GET /cormun/static/menuarrow.gif HTTP/1.1" 404 1015
186.79.61.94 - - [17/Apr/2017:12:46:35 -0300] "GET /cormun/servlet/solicitudot?5c1c9fb63efe8d157b5ec31af18e25389a5a9066511bd2ec69e96c2036722c605b6d0e0fe35547a12646e7efad66cacbd281a5e8f01b82d346597ab3320be4d7f2bf161c58b4196eccf91b4aa7a2fa1ffd85047cecb9523771d868ec0d200accccff131983d1d03a4fbf7aed1abbb1944f830fec6da1f2cfd3d0161dd3fbb6b6fe719326640d45ad0d0c7ce506cfd93a136d66d4ab55e3247893f33b201ce86ec603e7990924f913d4c439be4fa12805,gx-no-cache=1492444058471 HTTP/1.1" 200 30
207.46.13.27 - - [17/Apr/2017:12:46:36 -0300] "GET /cormun/servlet/solicitudotadjuntos?5ad8dce57e94906bc54e7ac3e42a899c,INS,2017,5531,,1, HTTP/1.1" 200 5236
186.103.159.187 - - [17/Apr/2017:12:46:57 -0300] "GET /cormun/servlet/prlicenciaspermisos?9076382,L,,MD,,gxPopupLevel%3D0%3B HTTP/1.1" 200 6688
186.103.159.187 - - [17/Apr/2017:12:47:01 -0300] "POST /cormun/servlet/solicitudot?gx-no-cache=1492447684501 HTTP/1.1" 200 1291
186.79.61.94 - - [17/Apr/2017:12:47:03 -0300] "POST /cormun/servlet/solicitudot?71dbd9dc39d1698f2a7600875f59c7c9,INS,0,0,,gx-no-cache=1492444085471 HTTP/1.1" 200 93
186.79.61.94 - - [17/Apr/2017:12:47:03 -0300] "GET /cormun/servlet/hpexe_return? HTTP/1.1" 200 1005
186.79.61.94 - - [17/Apr/2017:12:47:03 -0300] "GET /cormun/servlet/trsolicitudot HTTP/1.1" 200 7957
207.46.13.245 - - [17/Apr/2017:12:47:04 -0300] "GET /robots.txt HTTP/1.1" 404 981
186.79.61.94 - - [17/Apr/2017:12:47:05 -0300] "GET /cormun/servlet/trsolicitudot HTTP/1.1" 200 7953
207.46.13.27 - - [17/Apr/2017:12:47:06 -0300] "GET /cormun/servlet/solicitudotadjuntos?5ad8dce57e94906bc54e7ac3e42a899c,INS,2017,5531,,1, HTTP/1.1" 200 5243
207.46.13.27 - - [17/Apr/2017:12:47:07 -0300] "GET /cormun/static/PXToolsJavascripts/pexe_tabdivfix.js HTTP/1.1" 200 876
186.79.61.94 - - [17/Apr/2017:12:47:09 -0300] "POST /cormun/servlet/trsolicitudot?71dbd9dc39d1698f2a7600875f59c7c9,gx-no-cache=1492444092043 HTTP/1.1" 200 106
186.79.61.94 - - [17/Apr/2017:12:47:09 -0300] "GET /cormun/servlet/trsolicitudadjuntos?2017,6099, HTTP/1.1" 200 5842
186.79.61.94 - - [17/Apr/2017:12:47:09 -0300] "GET /cormun/static/gxcfg.js?201731711504543 HTTP/1.1" 200 953
186.79.61.94 - - [17/Apr/2017:12:47:09 -0300] "GET /cormun/static/trsolicitudadjuntos.js?201731711504951 HTTP/1.1" 200 17913
186.79.61.94 - - [17/Apr/2017:12:47:10 -0300] "GET /cormun/servlet/trsolicitudadjuntos?2017,6099, HTTP/1.1" 200 5842
207.46.13.27 - - [17/Apr/2017:12:47:11 -0300] "GET /cormun/servlet/solicitudotadjuntos?5ad8dce57e94906bc54e7ac3e42a899c,INS,2017,5531,,1, HTTP/1.1" 200 5234
207.46.13.27 - - [17/Apr/2017:12:47:12 -0300] "GET /cormun/static/PXToolsJavascripts/pexe_tabdivfix.js HTTP/1.1" 200 876
207.46.13.27 - - [17/Apr/2017:12:47:13 -0300] "GET /cormun/static/PXToolsJavascripts/pexe_popup.js HTTP/1.1" 200 13458
186.79.61.94 - - [17/Apr/2017:12:47:13 -0300] "GET /cormun/servlet/solicitudotadjuntos?INS,2017,6099,,1, HTTP/1.1" 200 5780
186.79.61.94 - - [17/Apr/2017:12:47:13 -0300] "GET /cormun/static/gxcfg.js?201612218465951 HTTP/1.1" 200 953
186.79.61.94 - - [17/Apr/2017:12:47:13 -0300] "GET /cormun/static/solicitudotadjuntos.js?201612218465969 HTTP/1.1" 200 11762
186.79.61.94 - - [17/Apr/2017:12:47:13 -0300] "GET /cormun/static/about:blank HTTP/1.1" 404 1011
186.103.159.187 - - [17/Apr/2017:12:47:14 -0300] "POST /cormun/servlet/solicitudot?gx-no-cache=1492447696971 HTTP/1.1" 200 41
192.168.10.13 - - [17/Apr/2017:12:47:14 -0300] "GET / HTTP/1.1" 200 11217
186.79.61.94 - - [17/Apr/2017:12:47:14 -0300] "GET /cormun/servlet/solicitudotadjuntos?INS,2017,6099,,1, HTTP/1.1" 200 5774
186.79.61.94 - - [17/Apr/2017:12:47:15 -0300] "GET /cormun/servlet/solicitudotadjuntos?5c1c9fb63efe8d157b5ec31af18e25383366e0189b9ec606ecf30aff9790ab720abd32de95f22c38c6ece7cac5486059,gx-no-cache=1492444098069 HTTP/1.1" 200 30
186.79.61.94 - - [17/Apr/2017:12:47:15 -0300] "POST /cormun/servlet/solicitudotadjuntos?71dbd9dc39d1698f2a7600875f59c7c9,INS,2017,6099,,1,,gx-no-cache=1492444098160 HTTP/1.1" 200 3635
192.168.10.62 - - [17/Apr/2017:12:47:16 -0300] "POST /cormun/servlet/vesolicitudnombre?fd61b665cc46a5b78f02e4bd6f93cf4d,2017,3146,,SolicitudOTLog,gx-no-cache=1492447310033 HTTP/1.1" 200 90
192.168.10.62 - - [17/Apr/2017:12:47:16 -0300] "GET /cormun/servlet/hpexe_link HTTP/1.1" 200 988
192.168.10.62 - - [17/Apr/2017:12:47:16 -0300] "GET /cormun/servlet/trsolicitudnombre?17520495, HTTP/1.1" 200 7587
192.168.10.62 - - [17/Apr/2017:12:47:16 -0300] "GET /cormun/servlet/trsolicitudnombre?17520495, HTTP/1.1" 200 7589
186.79.61.94 - - [17/Apr/2017:12:47:18 -0300] "POST /cormun/servlet/solicitudotadjuntos?gx-no-cache=1492444101721 HTTP/1.1" 200 26
186.103.159.187 - - [17/Apr/2017:12:47:21 -0300] "POST /cormun/servlet/solicitudot?gx-no-cache=1492447704581 HTTP/1.1" 200 1274
186.103.159.187 - - [17/Apr/2017:12:47:21 -0300] "POST /cormun/servlet/solicitudot?gx-no-cache=1492447704687 HTTP/1.1" 200 1157
186.103.159.187 - - [17/Apr/2017:12:47:21 -0300] "GET /cormun/static/menuarrow.gif HTTP/1.1" 404 1015
186.103.159.187 - - [17/Apr/2017:12:47:25 -0300] "POST /cormun/servlet/solicitudot?gx-no-cache=1492447708760 HTTP/1.1" 200 1274
186.103.159.187 - - [17/Apr/2017:12:47:25 -0300] "POST /cormun/servlet/solicitudot?gx-no-cache=1492447708839 HTTP/1.1" 200 1157
192.168.10.62 - - [17/Apr/2017:12:47:27 -0300] "GET /cormun/servlet/vesolicitudnombre?2017,3148,, HTTP/1.1" 200 8066
192.168.10.62 - - [17/Apr/2017:12:47:27 -0300] "GET /cormun/pexe_scrolldiv.js HTTP/1.1" 404 1009
192.168.10.62 - - [17/Apr/2017:12:47:27 -0300] "GET /cormun/pexe_scrolldiv.js HTTP/1.1" 404 1009
192.168.10.62 - - [17/Apr/2017:12:47:28 -0300] "GET /cormun/servlet/vesolicitudnombre?2017,3148,, HTTP/1.1" 200 8060
186.103.159.187 - - [17/Apr/2017:12:47:30 -0300] "GET /cormun/servlet/solicitudot?d1d3dc0825b10043544a2b9c3639f4bbf16d18d1eb984d0e37f7082c0218c837e52d344aa929fcb25da4009cb056653a84a64a0a2a68dbe6d218cf389883f2a0c49bb838b37281a998800ce22a68355826908778dbb86396bb834a6051e91f793267f3427c6c13c32471780a5719d5a43866f1d823260bd7738b4f9498c2613751a9231769135f552f607b79c9d2eb3e1e2c362bb44e37c5c704a7a20eb1144b7b5ae799a65f9a16fa99139d92afcf6b3bacd4afd418d9ce5503c5bec3066641,gx-no-cache=1492447713166 HTTP/1.1" 200 30
192.168.10.62 - - [17/Apr/2017:12:47:30 -0300] "POST /cormun/servlet/vesolicitudnombre?fd61b665cc46a5b78f02e4bd6f93cf4d,2017,3148,,,gx-no-cache=1492447324534 HTTP/1.1" 200 90
192.168.10.62 - - [17/Apr/2017:12:47:30 -0300] "GET /cormun/servlet/hpexe_link HTTP/1.1" 200 981
192.168.10.62 - - [17/Apr/2017:12:47:30 -0300] "GET /cormun/servlet/trsolicitudnombre?17520495, HTTP/1.1" 200 7586
192.168.10.62 - - [17/Apr/2017:12:47:31 -0300] "GET /cormun/servlet/trsolicitudnombre?17520495, HTTP/1.1" 200 7588
192.168.10.62 - - [17/Apr/2017:12:47:32 -0300] "GET /cormun/servlet/vesolicitudnombre?2017,5957,, HTTP/1.1" 200 8064
192.168.10.62 - - [17/Apr/2017:12:47:32 -0300] "GET /cormun/pexe_scrolldiv.js HTTP/1.1" 404 1009
192.168.10.62 - - [17/Apr/2017:12:47:32 -0300] "GET /cormun/pexe_scrolldiv.js HTTP/1.1" 404 1009
192.168.10.62 - - [17/Apr/2017:12:47:33 -0300] "GET /cormun/servlet/vesolicitudnombre?2017,5957,, HTTP/1.1" 200 8057
192.168.10.62 - - [17/Apr/2017:12:47:38 -0300] "GET /cormun/servlet/vesolicitudnombre?2017,5957,,SolicitudOTLog HTTP/1.1" 200 8542
192.168.10.62 - - [17/Apr/2017:12:47:38 -0300] "GET /cormun/pexe_scrolldiv.js HTTP/1.1" 404 1009
192.168.10.62 - - [17/Apr/2017:12:47:38 -0300] "GET /cormun/pexe_scrolldiv.js HTTP/1.1" 404 1009
192.168.10.62 - - [17/Apr/2017:12:47:38 -0300] "GET /cormun/servlet/vesolicitudnombre?2017,5957,,SolicitudOTLog HTTP/1.1" 200 8542
192.168.10.62 - - [17/Apr/2017:12:47:39 -0300] "POST /cormun/servlet/acontrolpreferencessavestate?None,FGONZALEZG,true HTTP/1.1" 200 35
186.79.61.94 - - [17/Apr/2017:12:47:43 -0300] "GET /cormun/servlet/solicitudotadjuntos?5c1c9fb63efe8d157b5ec31af18e25381e8e2be5adda01e44c1f8861c5fd2afe,gx-no-cache=1492444126223 HTTP/1.1" 200 30
186.79.61.94 - - [17/Apr/2017:12:47:43 -0300] "GET /cormun/servlet/solicitudotadjuntos?5c1c9fb63efe8d157b5ec31af18e25381e8e2be5adda01e44c1f8861c5fd2afe,gx-no-cache=1492444126388 HTTP/1.1" 200 30
192.168.10.62 - - [17/Apr/2017:12:47:48 -0300] "GET /cormun/servlet/trsolicitudgral? HTTP/1.1" 200 24323
186.103.159.187 - - [17/Apr/2017:12:47:48 -0300] "POST /cormun/servlet/solicitudot?2b225d0049f7092f1a8d68e42cf496c4,INS,0,0,,gx-no-cache=1492447731747 HTTP/1.1" 200 11211
192.168.10.62 - - [17/Apr/2017:12:47:49 -0300] "GET /cormun/servlet/trsolicitudgral? HTTP/1.1" 200 24307
186.79.61.94 - - [17/Apr/2017:12:48:01 -0300] "POST /cormun/servlet/solicitudotadjuntos?71dbd9dc39d1698f2a7600875f59c7c9,INS,2017,6099,,1, HTTP/1.1" 200 116
186.79.61.94 - - [17/Apr/2017:12:48:01 -0300] "GET /cormun/servlet/hpexe_return? HTTP/1.1" 200 1023
186.79.61.94 - - [17/Apr/2017:12:48:01 -0300] "GET /cormun/servlet/trsolicitudadjuntos?2017,6099, HTTP/1.1" 200 7943
186.79.61.94 - - [17/Apr/2017:12:48:03 -0300] "GET /cormun/servlet/trsolicitudadjuntos?2017,6099, HTTP/1.1" 200 7940
186.103.159.187 - - [17/Apr/2017:12:48:05 -0300] "GET /cormun/servlet/prlicenciaspermisos?9076382,L,,MD,,gxPopupLevel%3D0%3B HTTP/1.1" 200 6688
192.168.10.62 - - [17/Apr/2017:12:48:05 -0300] "POST /cormun/servlet/trsolicitudgral?fd61b665cc46a5b78f02e4bd6f93cf4d,,gx-no-cache=1492447359532 HTTP/1.1" 200 7395
186.79.61.94 - - [17/Apr/2017:12:48:06 -0300] "GET /cormun/servlet/solicitudotadjuntos?INS,2017,6099,,1, HTTP/1.1" 200 5780
186.79.61.94 - - [17/Apr/2017:12:48:06 -0300] "GET /cormun/static/about:blank HTTP/1.1" 404 1011
186.79.61.94 - - [17/Apr/2017:12:48:07 -0300] "GET /cormun/servlet/solicitudotadjuntos?INS,2017,6099,,1, HTTP/1.1" 200 5774
186.79.61.94 - - [17/Apr/2017:12:48:08 -0300] "GET /cormun/servlet/solicitudotadjuntos?5c1c9fb63efe8d157b5ec31af18e25383366e0189b9ec606ecf30aff9790ab720abd32de95f22c38c6ece7cac5486059,gx-no-cache=1492444150818 HTTP/1.1" 200 30
186.79.61.94 - - [17/Apr/2017:12:48:08 -0300] "POST /cormun/servlet/solicitudotadjuntos?71dbd9dc39d1698f2a7600875f59c7c9,INS,2017,6099,,1,,gx-no-cache=1492444150924 HTTP/1.1" 200 3635
192.168.10.13 - - [17/Apr/2017:12:48:14 -0300] "GET / HTTP/1.1" 200 11217
186.79.61.94 - - [17/Apr/2017:12:48:14 -0300] "POST /cormun/servlet/solicitudotadjuntos?gx-no-cache=1492444157404 HTTP/1.1" 200 26
186.79.61.94 - - [17/Apr/2017:12:48:22 -0300] "GET /cormun/servlet/solicitudotadjuntos?5c1c9fb63efe8d157b5ec31af18e25381e8e2be5adda01e44c1f8861c5fd2afe,gx-no-cache=1492444165251 HTTP/1.1" 200 30
186.79.61.94 - - [17/Apr/2017:12:48:22 -0300] "GET /cormun/servlet/solicitudotadjuntos?5c1c9fb63efe8d157b5ec31af18e25381e8e2be5adda01e44c1f8861c5fd2afe,gx-no-cache=1492444165327 HTTP/1.1" 200 30
186.103.159.187 - - [17/Apr/2017:12:48:40 -0300] "GET /cormun/servlet/prlicenciaspermisos?9076382,L,,MD,,gxPopupLevel%3D0%3B HTTP/1.1" 200 6688
186.79.61.94 - - [17/Apr/2017:12:48:41 -0300] "POST /cormun/servlet/solicitudotadjuntos?71dbd9dc39d1698f2a7600875f59c7c9,INS,2017,6099,,1, HTTP/1.1" 200 116
186.79.61.94 - - [17/Apr/2017:12:48:41 -0300] "GET /cormun/servlet/hpexe_return? HTTP/1.1" 200 1023
186.79.61.94 - - [17/Apr/2017:12:48:41 -0300] "GET /cormun/servlet/trsolicitudadjuntos?2017,6099, HTTP/1.1" 200 8164
186.79.61.94 - - [17/Apr/2017:12:48:43 -0300] "GET /cormun/servlet/trsolicitudadjuntos?2017,6099, HTTP/1.1" 200 8157
186.79.61.94 - - [17/Apr/2017:12:48:47 -0300] "GET /cormun/servlet/solicitudotadjuntos?INS,2017,6099,,1, HTTP/1.1" 200 5780
186.79.61.94 - - [17/Apr/2017:12:48:47 -0300] "GET /cormun/static/about:blank HTTP/1.1" 404 1011
186.79.61.94 - - [17/Apr/2017:12:48:48 -0300] "GET /cormun/servlet/solicitudotadjuntos?INS,2017,6099,,1, HTTP/1.1" 200 5774
186.79.61.94 - - [17/Apr/2017:12:48:48 -0300] "GET /cormun/servlet/solicitudotadjuntos?5c1c9fb63efe8d157b5ec31af18e25383366e0189b9ec606ecf30aff9790ab720abd32de95f22c38c6ece7cac5486059,gx-no-cache=1492444191366 HTTP/1.1" 200 30
186.79.61.94 - - [17/Apr/2017:12:48:49 -0300] "POST /cormun/servlet/solicitudotadjuntos?71dbd9dc39d1698f2a7600875f59c7c9,INS,2017,6099,,1,,gx-no-cache=1492444191634 HTTP/1.1" 200 3636
186.79.61.94 - - [17/Apr/2017:12:48:53 -0300] "POST /cormun/servlet/solicitudotadjuntos?gx-no-cache=1492444196520 HTTP/1.1" 200 26
186.103.159.187 - - [17/Apr/2017:12:48:54 -0300] "POST /cormun/servlet/solicitudot?gx-no-cache=1492447797415 HTTP/1.1" 200 41
186.103.159.187 - - [17/Apr/2017:12:48:54 -0300] "POST /cormun/servlet/solicitudot?gx-no-cache=1492447797467 HTTP/1.1" 200 1274
186.103.159.187 - - [17/Apr/2017:12:48:54 -0300] "POST /cormun/servlet/solicitudot?gx-no-cache=1492447797531 HTTP/1.1" 200 1157
186.79.61.94 - - [17/Apr/2017:12:49:00 -0300] "GET /cormun/servlet/solicitudotadjuntos?5c1c9fb63efe8d157b5ec31af18e25381e8e2be5adda01e44c1f8861c5fd2afe,gx-no-cache=1492444203619 HTTP/1.1" 200 30
186.79.61.94 - - [17/Apr/2017:12:49:00 -0300] "GET /cormun/servlet/solicitudotadjuntos?5c1c9fb63efe8d157b5ec31af18e25381e8e2be5adda01e44c1f8861c5fd2afe,gx-no-cache=1492444203695 HTTP/1.1" 200 30
192.168.10.13 - - [17/Apr/2017:12:49:14 -0300] "GET / HTTP/1.1" 200 11217
186.79.61.94 - - [17/Apr/2017:12:49:16 -0300] "POST /cormun/servlet/solicitudotadjuntos?71dbd9dc39d1698f2a7600875f59c7c9,INS,2017,6099,,1, HTTP/1.1" 200 116
186.79.61.94 - - [17/Apr/2017:12:49:17 -0300] "GET /cormun/servlet/hpexe_return? HTTP/1.1" 200 1023
186.79.61.94 - - [17/Apr/2017:12:49:17 -0300] "GET /cormun/servlet/trsolicitudadjuntos?2017,6099, HTTP/1.1" 200 8320
186.79.61.94 - - [17/Apr/2017:12:49:19 -0300] "GET /cormun/servlet/trsolicitudadjuntos?2017,6099, HTTP/1.1" 200 8317
186.103.159.187 - - [17/Apr/2017:12:49:19 -0300] "GET /cormun/servlet/solicitudot?d1d3dc0825b10043544a2b9c3639f4bbf16d18d1eb984d0e37f7082c0218c837e52d344aa929fcb25da4009cb056653a84a64a0a2a68dbe6d218cf389883f2a0c49bb838b37281a998800ce22a68355826908778dbb86396bb834a6051e91f793267f3427c6c13c32471780a5719d5a43866f1d823260bd7738b4f9498c2613751a9231769135f552f607b79c9d2eb3e1e2c362bb44e37c5c704a7a20eb1144b7b5ae799a65f9a16fa99139d92afcf6b700b5d13beff708138e4e1e07ed51908,gx-no-cache=1492447821974 HTTP/1.1" 200 32
186.79.61.94 - - [17/Apr/2017:12:49:22 -0300] "GET /cormun/servlet/solicitudotadjuntos?INS,2017,6099,,1, HTTP/1.1" 200 5780
186.79.61.94 - - [17/Apr/2017:12:49:22 -0300] "GET /cormun/static/about:blank HTTP/1.1" 404 1011
186.79.61.94 - - [17/Apr/2017:12:49:23 -0300] "GET /cormun/servlet/solicitudotadjuntos?INS,2017,6099,,1, HTTP/1.1" 200 5774
186.79.61.94 - - [17/Apr/2017:12:49:23 -0300] "GET /cormun/servlet/solicitudotadjuntos?5c1c9fb63efe8d157b5ec31af18e25383366e0189b9ec606ecf30aff9790ab720abd32de95f22c38c6ece7cac5486059,gx-no-cache=1492444226430 HTTP/1.1" 200 30
186.79.61.94 - - [17/Apr/2017:12:49:23 -0300] "POST /cormun/servlet/solicitudotadjuntos?71dbd9dc39d1698f2a7600875f59c7c9,INS,2017,6099,,1,,gx-no-cache=1492444226529 HTTP/1.1" 200 3636
186.103.159.187 - - [17/Apr/2017:12:49:25 -0300] "POST /cormun/servlet/solicitudot?2b225d0049f7092f1a8d68e42cf496c4,INS,0,0,,gx-no-cache=1492447828615 HTTP/1.1" 200 11264
186.79.61.94 - - [17/Apr/2017:12:49:29 -0300] "POST /cormun/servlet/solicitudotadjuntos?gx-no-cache=1492444232097 HTTP/1.1" 200 26
186.79.61.94 - - [17/Apr/2017:12:49:36 -0300] "GET /cormun/servlet/solicitudotadjuntos?5c1c9fb63efe8d157b5ec31af18e25381e8e2be5adda01e44c1f8861c5fd2afe,gx-no-cache=1492444238880 HTTP/1.1" 200 30
186.79.61.94 - - [17/Apr/2017:12:49:36 -0300] "GET /cormun/servlet/solicitudotadjuntos?5c1c9fb63efe8d157b5ec31af18e25381e8e2be5adda01e44c1f8861c5fd2afe,gx-no-cache=1492444238956 HTTP/1.1" 200 30
186.103.159.187 - - [17/Apr/2017:12:49:45 -0300] "GET /cormun/servlet/prlicenciaspermisos?9076382,L,,MD,,gxPopupLevel%3D0%3B HTTP/1.1" 200 6688
186.79.61.94 - - [17/Apr/2017:12:49:48 -0300] "POST /cormun/servlet/solicitudotadjuntos?71dbd9dc39d1698f2a7600875f59c7c9,INS,2017,6099,,1, HTTP/1.1" 200 116
186.79.61.94 - - [17/Apr/2017:12:49:48 -0300] "GET /cormun/servlet/hpexe_return? HTTP/1.1" 200 1023
186.79.61.94 - - [17/Apr/2017:12:49:49 -0300] "GET /cormun/servlet/trsolicitudadjuntos?2017,6099, HTTP/1.1" 200 8473
186.79.61.94 - - [17/Apr/2017:12:49:51 -0300] "GET /cormun/servlet/trsolicitudadjuntos?2017,6099, HTTP/1.1" 200 8468
186.79.61.94 - - [17/Apr/2017:12:49:54 -0300] "GET /cormun/servlet/solicitudotadjuntos?INS,2017,6099,,1, HTTP/1.1" 200 5780
186.79.61.94 - - [17/Apr/2017:12:49:54 -0300] "GET /cormun/static/about:blank HTTP/1.1" 404 1011
186.79.61.94 - - [17/Apr/2017:12:49:55 -0300] "GET /cormun/servlet/solicitudotadjuntos?INS,2017,6099,,1, HTTP/1.1" 200 5774
186.79.61.94 - - [17/Apr/2017:12:49:55 -0300] "GET /cormun/servlet/solicitudotadjuntos?5c1c9fb63efe8d157b5ec31af18e25383366e0189b9ec606ecf30aff9790ab720abd32de95f22c38c6ece7cac5486059,gx-no-cache=1492444258377 HTTP/1.1" 200 30
186.79.61.94 - - [17/Apr/2017:12:49:55 -0300] "POST /cormun/servlet/solicitudotadjuntos?71dbd9dc39d1698f2a7600875f59c7c9,INS,2017,6099,,1,,gx-no-cache=1492444258491 HTTP/1.1" 200 3636
186.79.61.94 - - [17/Apr/2017:12:50:00 -0300] "POST /cormun/servlet/solicitudotadjuntos?gx-no-cache=1492444263677 HTTP/1.1" 200 26
186.103.159.187 - - [17/Apr/2017:12:50:02 -0300] "POST /cormun/servlet/solicitudot?gx-no-cache=1492447865869 HTTP/1.1" 200 41
186.79.61.94 - - [17/Apr/2017:12:50:08 -0300] "GET /cormun/servlet/solicitudotadjuntos?5c1c9fb63efe8d157b5ec31af18e25381e8e2be5adda01e44c1f8861c5fd2afe,gx-no-cache=1492444271038 HTTP/1.1" 200 30
186.79.61.94 - - [17/Apr/2017:12:50:08 -0300] "GET /cormun/servlet/solicitudotadjuntos?5c1c9fb63efe8d157b5ec31af18e25381e8e2be5adda01e44c1f8861c5fd2afe,gx-no-cache=1492444271111 HTTP/1.1" 200 30
192.168.10.13 - - [17/Apr/2017:12:50:14 -0300] "GET / HTTP/1.1" 200 11217
186.103.159.187 - - [17/Apr/2017:12:50:15 -0300] "POST /cormun/servlet/solicitudot?gx-no-cache=1492447878079 HTTP/1.1" 200 1274
186.103.159.187 - - [17/Apr/2017:12:50:16 -0300] "POST /cormun/servlet/solicitudot?gx-no-cache=1492447879467 HTTP/1.1" 200 1157
186.79.61.94 - - [17/Apr/2017:12:50:25 -0300] "POST /cormun/servlet/solicitudotadjuntos?71dbd9dc39d1698f2a7600875f59c7c9,INS,2017,6099,,1, HTTP/1.1" 200 116
186.79.61.94 - - [17/Apr/2017:12:50:25 -0300] "GET /cormun/servlet/hpexe_return? HTTP/1.1" 200 1023
186.79.61.94 - - [17/Apr/2017:12:50:26 -0300] "GET /cormun/servlet/trsolicitudadjuntos?2017,6099, HTTP/1.1" 200 8625
186.79.61.94 - - [17/Apr/2017:12:50:28 -0300] "GET /cormun/servlet/trsolicitudadjuntos?2017,6099, HTTP/1.1" 200 8623
186.79.61.94 - - [17/Apr/2017:12:50:31 -0300] "GET /cormun/servlet/solicitudotadjuntos?INS,2017,6099,,1, HTTP/1.1" 200 5778
186.79.61.94 - - [17/Apr/2017:12:50:32 -0300] "GET /cormun/static/about:blank HTTP/1.1" 404 1011
186.79.61.94 - - [17/Apr/2017:12:50:32 -0300] "GET /cormun/servlet/solicitudotadjuntos?INS,2017,6099,,1, HTTP/1.1" 200 5772
186.79.61.94 - - [17/Apr/2017:12:50:33 -0300] "GET /cormun/servlet/solicitudotadjuntos?5c1c9fb63efe8d157b5ec31af18e25383366e0189b9ec606ecf30aff9790ab720abd32de95f22c38c6ece7cac5486059,gx-no-cache=1492444296009 HTTP/1.1" 200 30
186.79.61.94 - - [17/Apr/2017:12:50:33 -0300] "POST /cormun/servlet/solicitudotadjuntos?71dbd9dc39d1698f2a7600875f59c7c9,INS,2017,6099,,1,,gx-no-cache=1492444296119 HTTP/1.1" 200 3634
186.103.159.187 - - [17/Apr/2017:12:50:35 -0300] "GET /cormun/servlet/solicitudot?d1d3dc0825b10043544a2b9c3639f4bbf16d18d1eb984d0e37f7082c0218c837e52d344aa929fcb25da4009cb056653a943e5dd478c1c49ce392abbf6f5225dcc49bb838b37281a998800ce22a68355826908778dbb86396bb834a6051e91f793267f3427c6c13c32471780a5719d5a43866f1d823260bd7738b4f9498c2613751a9231769135f552f607b79c9d2eb3e1e2c362bb44e37c5c704a7a20eb1144b7b5ae799a65f9a16fa99139d92afcf6b700b5d13beff708138e4e1e07ed51908,gx-no-cache=1492447898431 HTTP/1.1" 200 32
186.79.61.94 - - [17/Apr/2017:12:50:37 -0300] "POST /cormun/servlet/solicitudotadjuntos?gx-no-cache=1492444300027 HTTP/1.1" 200 26
186.103.159.187 - - [17/Apr/2017:12:50:38 -0300] "POST /cormun/servlet/solicitudot?2b225d0049f7092f1a8d68e42cf496c4,INS,0,0,,gx-no-cache=1492447900825 HTTP/1.1" 200 11306
186.79.61.94 - - [17/Apr/2017:12:50:57 -0300] "GET /cormun/servlet/solicitudotadjuntos?5c1c9fb63efe8d157b5ec31af18e25381e8e2be5adda01e44c1f8861c5fd2afe,gx-no-cache=1492444319756 HTTP/1.1" 200 30
186.79.61.94 - - [17/Apr/2017:12:50:57 -0300] "GET /cormun/servlet/solicitudotadjuntos?5c1c9fb63efe8d157b5ec31af18e25381e8e2be5adda01e44c1f8861c5fd2afe,gx-no-cache=1492444319825 HTTP/1.1" 200 30
192.168.10.13 - - [17/Apr/2017:12:51:14 -0300] "GET / HTTP/1.1" 200 11217
186.103.159.187 - - [17/Apr/2017:12:51:28 -0300] "GET /cormun/servlet/prlicenciaspermisos?9076382,L,,MD,,gxPopupLevel%3D0%3B HTTP/1.1" 200 6688
192.168.10.13 - - [17/Apr/2017:12:52:14 -0300] "GET / HTTP/1.1" 200 11217
186.79.61.94 - - [17/Apr/2017:12:52:26 -0300] "POST /cormun/servlet/solicitudotadjuntos?71dbd9dc39d1698f2a7600875f59c7c9,INS,2017,6099,,1, HTTP/1.1" 200 116
186.79.61.94 - - [17/Apr/2017:12:52:27 -0300] "GET /cormun/servlet/hpexe_return? HTTP/1.1" 200 1023
186.79.61.94 - - [17/Apr/2017:12:52:29 -0300] "GET /cormun/servlet/trsolicitudadjuntos?2017,6099, HTTP/1.1" 200 8861
186.79.61.94 - - [17/Apr/2017:12:52:36 -0300] "GET /cormun/servlet/trsolicitudadjuntos?2017,6099, HTTP/1.1" 200 8862
186.79.61.94 - - [17/Apr/2017:12:52:44 -0300] "GET /cormun/servlet/trsolicitudot? HTTP/1.1" 200 7959
