186.103.159.182 - - [17/Apr/2017:12:12:28 -0300] "GET /cormun/servlet/solicitudotadjuntos?8b50d38d0e29047196d8c2ae283c187dc585a6c553dbdb668dffce30cf079565642f50fdf231e6824c14aa1574a218c6,gx-no-cache=1492442013678 HTTP/1.1" 200 30
186.103.159.182 - - [17/Apr/2017:12:12:28 -0300] "POST /cormun/servlet/solicitudotadjuntos?c7e6b191148a85f3d6aac5f50572edeb,INS,2017,6093,,1,,gx-no-cache=1492442013717 HTTP/1.1" 200 3859
186.103.159.187 - - [17/Apr/2017:12:12:33 -0300] "POST /cormun/servlet/solicitudot?gx-no-cache=1492445616116 HTTP/1.1" 200 1291
186.103.159.187 - - [17/Apr/2017:12:12:33 -0300] "POST /cormun/servlet/solicitudot?gx-no-cache=1492445616209 HTTP/1.1" 200 38
192.168.10.89 - - [17/Apr/2017:12:12:43 -0300] "POST /cormun/servlet/trlicenciasgenerales?95562ab5d252c670bddec40dd294f3f4,,gx-no-cache=1492445237360 HTTP/1.1" 200 8948
186.103.159.182 - - [17/Apr/2017:12:12:54 -0300] "POST /cormun/servlet/solicitudotadjuntos?gx-no-cache=1492442039060 HTTP/1.1" 200 26
192.168.10.89 - - [17/Apr/2017:12:12:58 -0300] "POST /cormun/servlet/trlicenciasgenerales?95562ab5d252c670bddec40dd294f3f4,,gx-no-cache=1492445251993 HTTP/1.1" 200 8942
192.168.10.89 - - [17/Apr/2017:12:13:05 -0300] "POST /cormun/servlet/trlicenciasgenerales?95562ab5d252c670bddec40dd294f3f4,,gx-no-cache=1492445259069 HTTP/1.1" 200 5713
186.103.159.182 - - [17/Apr/2017:12:13:07 -0300] "GET /cormun/servlet/solicitudotadjuntos?8b50d38d0e29047196d8c2ae283c187d52a5460a08b61dbc986ab62d086cd8c1,gx-no-cache=1492442052061 HTTP/1.1" 200 30
186.103.159.182 - - [17/Apr/2017:12:13:07 -0300] "GET /cormun/servlet/solicitudotadjuntos?8b50d38d0e29047196d8c2ae283c187d52a5460a08b61dbc986ab62d086cd8c1,gx-no-cache=1492442052090 HTTP/1.1" 200 30
192.168.10.89 - - [17/Apr/2017:12:13:09 -0300] "POST /cormun/servlet/trlicenciasgenerales?95562ab5d252c670bddec40dd294f3f4,,gx-no-cache=1492445263111 HTTP/1.1" 200 5712
186.103.159.182 - - [17/Apr/2017:12:13:10 -0300] "POST /cormun/servlet/solicitudotadjuntos?c7e6b191148a85f3d6aac5f50572edeb,INS,2017,6093,,1, HTTP/1.1" 200 116
186.103.159.182 - - [17/Apr/2017:12:13:10 -0300] "GET /cormun/servlet/hpexe_return? HTTP/1.1" 200 1028
186.103.159.182 - - [17/Apr/2017:12:13:10 -0300] "GET /cormun/servlet/trsolicitudadjuntos?2017,6093, HTTP/1.1" 200 8986
186.103.159.182 - - [17/Apr/2017:12:13:12 -0300] "GET /cormun/servlet/trsolicitudadjuntos?2017,6093, HTTP/1.1" 200 8984
192.168.10.89 - - [17/Apr/2017:12:13:13 -0300] "POST /cormun/servlet/trlicenciasgenerales?95562ab5d252c670bddec40dd294f3f4,,gx-no-cache=1492445267072 HTTP/1.1" 200 5710
186.103.159.182 - - [17/Apr/2017:12:13:14 -0300] "GET /cormun/servlet/solicitudotadjuntos?INS,2017,6093,,1, HTTP/1.1" 200 6101
192.168.10.13 - - [17/Apr/2017:12:13:14 -0300] "GET / HTTP/1.1" 200 11217
186.103.159.182 - - [17/Apr/2017:12:13:14 -0300] "GET /cormun/static/about:blank HTTP/1.1" 404 1011
186.103.159.182 - - [17/Apr/2017:12:13:15 -0300] "GET /cormun/servlet/solicitudotadjuntos?INS,2017,6093,,1, HTTP/1.1" 200 6094
186.103.159.182 - - [17/Apr/2017:12:13:15 -0300] "GET /cormun/servlet/solicitudotadjuntos?8b50d38d0e29047196d8c2ae283c187dc585a6c553dbdb668dffce30cf079565642f50fdf231e6824c14aa1574a218c6,gx-no-cache=1492442060941 HTTP/1.1" 200 30
186.103.159.182 - - [17/Apr/2017:12:13:16 -0300] "POST /cormun/servlet/solicitudotadjuntos?c7e6b191148a85f3d6aac5f50572edeb,INS,2017,6093,,1,,gx-no-cache=1492442061006 HTTP/1.1" 200 3859
186.103.159.182 - - [17/Apr/2017:12:13:22 -0300] "POST /cormun/servlet/solicitudotadjuntos?gx-no-cache=1492442067201 HTTP/1.1" 200 26
186.103.159.182 - - [17/Apr/2017:12:13:34 -0300] "GET /cormun/servlet/solicitudotadjuntos?8b50d38d0e29047196d8c2ae283c187d52a5460a08b61dbc986ab62d086cd8c1,gx-no-cache=1492442079348 HTTP/1.1" 200 30
186.103.159.182 - - [17/Apr/2017:12:13:34 -0300] "GET /cormun/servlet/solicitudotadjuntos?8b50d38d0e29047196d8c2ae283c187d52a5460a08b61dbc986ab62d086cd8c1,gx-no-cache=1492442079376 HTTP/1.1" 200 30
186.103.159.182 - - [17/Apr/2017:12:13:35 -0300] "POST /cormun/servlet/solicitudotadjuntos?c7e6b191148a85f3d6aac5f50572edeb,INS,2017,6093,,1, HTTP/1.1" 200 116
186.103.159.182 - - [17/Apr/2017:12:13:35 -0300] "GET /cormun/servlet/hpexe_return? HTTP/1.1" 200 1028
186.103.159.182 - - [17/Apr/2017:12:13:36 -0300] "GET /cormun/servlet/trsolicitudadjuntos?2017,6093, HTTP/1.1" 200 9182
186.103.159.182 - - [17/Apr/2017:12:13:37 -0300] "GET /cormun/servlet/trsolicitudadjuntos?2017,6093, HTTP/1.1" 200 9180
186.103.159.187 - - [17/Apr/2017:12:13:48 -0300] "GET /cormun/servlet/solicitudot?d1d3dc0825b10043544a2b9c3639f4bb753604e22003cb6f55e8f39793ecee533615340bef5f0b9779832d13279b14b083d92e89fec96221448771106b0c224d6e5ce54059e086efc1bc9f11db9285836acca50e26623c081d4a6c3050e0b9d3eb724011f83b138c7e8ef5acc89cc03ff9d601113d0452da5bda85fcbbdb5274cac5d4add15aeae6263ccbc31cee72601ba6805501550efe5362ab6b06fa7c8c,gx-no-cache=1492445691849 HTTP/1.1" 200 29
186.103.159.187 - - [17/Apr/2017:12:13:49 -0300] "POST /cormun/servlet/solicitudot?gx-no-cache=1492445691906 HTTP/1.1" 200 1274
186.103.159.187 - - [17/Apr/2017:12:13:49 -0300] "POST /cormun/servlet/solicitudot?gx-no-cache=1492445691966 HTTP/1.1" 200 1157
186.103.159.187 - - [17/Apr/2017:12:13:49 -0300] "GET /cormun/static/menuarrow.gif HTTP/1.1" 404 1015
186.103.159.187 - - [17/Apr/2017:12:13:51 -0300] "POST /cormun/servlet/solicitudot?gx-no-cache=1492445694620 HTTP/1.1" 200 1274
186.103.159.187 - - [17/Apr/2017:12:13:51 -0300] "POST /cormun/servlet/solicitudot?gx-no-cache=1492445694700 HTTP/1.1" 200 1157
186.103.159.182 - - [17/Apr/2017:12:13:57 -0300] "POST /cormun/servlet/trsolicitudadjuntos?c7e6b191148a85f3d6aac5f50572edeb,2017,6093,,gx-no-cache=1492442102838 HTTP/1.1" 200 90
186.103.159.182 - - [17/Apr/2017:12:13:57 -0300] "GET /cormun/servlet/hpexe_link HTTP/1.1" 200 971
186.103.159.182 - - [17/Apr/2017:12:13:58 -0300] "GET /cormun/servlet/trsolicitudot HTTP/1.1" 200 8381
186.103.159.182 - - [17/Apr/2017:12:13:59 -0300] "GET /cormun/servlet/trsolicitudot HTTP/1.1" 200 8380
186.103.159.187 - - [17/Apr/2017:12:14:04 -0300] "GET /cormun/servlet/solicitudot?d1d3dc0825b10043544a2b9c3639f4bb62833d6531655d9b2c50e3d9bc7f897a1123011616341b51a36c1c40f00cc7f93d89fb689e003cc05cd6c1d0879aae8bebe078e9a0d5cf01f043129944c96ff43ddee3916ba0d568907ddecb3b1e4e80d9217657f163fcdffff0b0ffdbea9ba56b1471bb61b0a0c10af64f1f5a9a407ac30963975a0ea103c4c7a2c285e8fcd36a0133a7233eaebf5adb584134de5dae734d239dec1717adafae6fd34d27c33b,gx-no-cache=1492445707475 HTTP/1.1" 200 30
186.103.159.182 - - [17/Apr/2017:12:14:09 -0300] "POST /cormun/servlet/trsolicitudot?c7e6b191148a85f3d6aac5f50572edeb,gx-no-cache=1492442113920 HTTP/1.1" 200 4366
186.103.159.182 - - [17/Apr/2017:12:14:09 -0300] "GET /cormun/static/Shared/jqueryui/images/ui-bg_highlight-soft_100_c6c2c8_1x100.png HTTP/1.1" 404 1117
186.103.159.182 - - [17/Apr/2017:12:14:09 -0300] "GET /cormun/static/Shared/jqueryui/images/ui-icons_82798d_256x240.png HTTP/1.1" 404 1089
186.103.159.182 - - [17/Apr/2017:12:14:09 -0300] "GET /cormun/static/Shared/jqueryui/images/ui-bg_flat_55_fafafa_40x100.png HTTP/1.1" 404 1097
186.103.159.182 - - [17/Apr/2017:12:14:09 -0300] "GET /cormun/static/Shared/jqueryui/images/ui-icons_8d78a5_256x240.png HTTP/1.1" 404 1089
186.103.159.182 - - [17/Apr/2017:12:14:09 -0300] "POST /cormun/servlet/trsolicitudot?c7e6b191148a85f3d6aac5f50572edeb,gx-no-cache=1492442114315 HTTP/1.1" 200 4115
192.168.10.13 - - [17/Apr/2017:12:14:14 -0300] "GET / HTTP/1.1" 200 11217
186.103.159.182 - - [17/Apr/2017:12:14:16 -0300] "GET /cormun/servlet/trsolicitudot? HTTP/1.1" 200 7032
186.103.159.182 - - [17/Apr/2017:12:14:17 -0300] "GET /cormun/servlet/trsolicitudot? HTTP/1.1" 200 7032
186.103.159.187 - - [17/Apr/2017:12:14:27 -0300] "POST /cormun/servlet/solicitudot?2b225d0049f7092f1a8d68e42cf496c4,INS,0,0,,gx-no-cache=1492445730481 HTTP/1.1" 200 11116
186.103.159.187 - - [17/Apr/2017:12:14:27 -0300] "GET /cormun/static/Shared/jqueryui/images/ui-bg_highlight-soft_100_c6c2c8_1x100.png HTTP/1.1" 404 1117
186.103.159.187 - - [17/Apr/2017:12:14:27 -0300] "GET /cormun/static/Shared/jqueryui/images/ui-icons_82798d_256x240.png HTTP/1.1" 404 1089
186.103.159.187 - - [17/Apr/2017:12:14:27 -0300] "GET /cormun/static/Shared/jqueryui/images/ui-bg_flat_55_994d53_40x100.png HTTP/1.1" 404 1097
186.103.159.187 - - [17/Apr/2017:12:14:27 -0300] "GET /cormun/static/Shared/jqueryui/images/ui-icons_ebccce_256x240.png HTTP/1.1" 404 1089
186.103.159.182 - - [17/Apr/2017:12:14:36 -0300] "GET /cormun/servlet/solicitudot?INS,0,0, HTTP/1.1" 200 12861
186.103.159.182 - - [17/Apr/2017:12:14:38 -0300] "GET /cormun/servlet/solicitudot?INS,0,0, HTTP/1.1" 200 12866
186.103.159.187 - - [17/Apr/2017:12:14:57 -0300] "POST /cormun/servlet/solicitudot?gx-no-cache=1492445760746 HTTP/1.1" 200 30
186.103.159.187 - - [17/Apr/2017:12:15:11 -0300] "POST /cormun/servlet/solicitudot?gx-no-cache=1492445774576 HTTP/1.1" 200 30
192.168.10.13 - - [17/Apr/2017:12:15:14 -0300] "GET / HTTP/1.1" 200 11217
186.103.159.187 - - [17/Apr/2017:12:15:34 -0300] "POST /cormun/servlet/solicitudot?gx-no-cache=1492445797896 HTTP/1.1" 200 30
186.103.159.187 - - [17/Apr/2017:12:15:39 -0300] "GET /cormun/servlet/prfichaempleado?,MD,,gxPopupLevel%3D0%3B HTTP/1.1" 200 8741
186.103.159.187 - - [17/Apr/2017:12:15:39 -0300] "GET /cormun/static/gxcfg.js?2017319125415 HTTP/1.1" 304 -
186.103.159.187 - - [17/Apr/2017:12:15:39 -0300] "GET /cormun/static/menusearch.js?201610171694467 HTTP/1.1" 304 -
186.103.159.187 - - [17/Apr/2017:12:15:39 -0300] "GET /cormun/static/hmpwkw011.js?201731711483558 HTTP/1.1" 304 -
186.103.159.187 - - [17/Apr/2017:12:15:39 -0300] "GET /cormun/static/prfichaempleado.js?20173191254344 HTTP/1.1" 304 -
186.103.159.187 - - [17/Apr/2017:12:15:51 -0300] "POST /cormun/servlet/prfichaempleado?2b225d0049f7092f1a8d68e42cf496c4,,MD,,gxPopupLevel%3D0%3B,gx-no-cache=1492445814780 HTTP/1.1" 200 3396
186.103.159.187 - - [17/Apr/2017:12:15:56 -0300] "POST /cormun/servlet/solicitudot?gx-no-cache=1492445819494 HTTP/1.1" 200 1291
186.103.159.187 - - [17/Apr/2017:12:16:06 -0300] "POST /cormun/servlet/solicitudot?gx-no-cache=1492445829701 HTTP/1.1" 200 122
192.168.10.13 - - [17/Apr/2017:12:16:14 -0300] "GET / HTTP/1.1" 200 11217
186.103.159.187 - - [17/Apr/2017:12:16:47 -0300] "POST /cormun/servlet/solicitudot?gx-no-cache=1492445870791 HTTP/1.1" 200 1274
186.103.159.187 - - [17/Apr/2017:12:16:47 -0300] "POST /cormun/servlet/solicitudot?gx-no-cache=1492445870877 HTTP/1.1" 200 1157
186.103.159.187 - - [17/Apr/2017:12:16:48 -0300] "GET /cormun/servlet/solicitudot?d1d3dc0825b10043544a2b9c3639f4bb62833d6531655d9b2c50e3d9bc7f897a655bb6c1f7a8266be6fbed520369002b8adf214e23820cfe213fc601ed5afd565237f664911939986ab1438da2344e7a52f9f55eaaaaf8043ebfee4bd06f7e8c121d06233c52223eb5447813017302923a2f7fbe7c8277d03b120bb5a3ccb7666ffaa9971c2c40cc85c6cc3e0dac9f0486777771bb68041d69e084fec9de3a199ab3835538f2afaaf9e72b99234d68267d091b8963defa8f56fcdb165a70d06b,gx-no-cache=1492445870934 HTTP/1.1" 200 30
186.103.159.187 - - [17/Apr/2017:12:16:48 -0300] "POST /cormun/servlet/solicitudot?2b225d0049f7092f1a8d68e42cf496c4,INS,0,0,,gx-no-cache=1492445870977 HTTP/1.1" 200 11219
186.103.159.182 - - [17/Apr/2017:12:16:49 -0300] "POST /cormun/servlet/solicitudot?gx-no-cache=1492442274114 HTTP/1.1" 200 3185
186.103.159.182 - - [17/Apr/2017:12:16:49 -0300] "POST /cormun/servlet/solicitudot?c7e6b191148a85f3d6aac5f50572edeb,INS,0,0,,gx-no-cache=1492442274368 HTTP/1.1" 200 9957
186.103.159.182 - - [17/Apr/2017:12:16:56 -0300] "GET /cormun/servlet/solicitudot?8b50d38d0e29047196d8c2ae283c187d4f8366c76bbbf1db072818f9759b9d7ccbfcaffe0bf56827bd93380995601b2f,gx-no-cache=1492442281228 HTTP/1.1" 200 30
186.103.159.182 - - [17/Apr/2017:12:16:56 -0300] "POST /cormun/servlet/solicitudot?gx-no-cache=1492442281298 HTTP/1.1" 200 240
186.103.159.182 - - [17/Apr/2017:12:16:56 -0300] "GET /cormun/servlet/solicitudot?8b50d38d0e29047196d8c2ae283c187d3643a768903a8a0ec8c44f473becd6c8145e9e15e972bc5cdb2cbd9e27ba9136b5374f4f70f050c5a8c965d3a1944dde2a2d1400856f4a912e7b04967a609e3cb099630723010de66ad19b4733f73544e0c8d3da7ae36cee1e2a0638db0ed6046b63f7d2cc007ff17a368d149872201b3947177924cd38d68d808c4943ef1aaa26878c7cb49c662552602697057b4826f63108fdeb430e6142240ade548974147c3812a4202b9fd3300b1b0a3c45e8e2b02c1f61288868413f7d14e044863dbd6f51fe95d746eb6f733a2dc4d1caab4147dfc633a44f18823a0af67100c040cf00e7893f88bf014af6ebf32044c96e39d840ad45dccbbb90a9bbb62c2763cd4fef3ddb5edbac59d71b629cf4e617efdaea236a3ea9bd5d7702e675968c6d6a0f3e3cb0b90a916b216cee6641c479b830c0bcda660b8fc7d136057fb9bdfaf5b11696f96f038ffecd2434a8d6174072bb1f15000f60c978c5c946b6f8ed06ae66b0f6cd9f5f9514a8bf28914a3a91c290,gx-no-cache=1492442281357 HTTP/1.1" 200 30
186.103.159.182 - - [17/Apr/2017:12:17:02 -0300] "POST /cormun/servlet/solicitudot?gx-no-cache=1492442287013 HTTP/1.1" 200 30
186.103.159.187 - - [17/Apr/2017:12:17:06 -0300] "POST /cormun/servlet/solicitudot?gx-no-cache=1492445889328 HTTP/1.1" 200 30
186.103.157.246 - - [17/Apr/2017:12:17:07 -0300] "GET /cormun/servlet/licenciaspermisos?e584d99498c6a6ca48d666e699a5b2072979de1b7c5aa42843c3681f243325def132025b302128a876e0d86f54738c50469fbcddc59d94a35c9e34a2e97a07d2103dd75c105b45766ff0ce8e6f12d54ac69d8e20c848093baec23363ba4ca2931bf78ec0cbd04b232d14bb2f351305d28f7e5d150b81e28dbe063953db78b8652a961388d38d5ae3d4e5500736b66616d184849ca7c8a85b567297e0e39ccc012c6d87759a6e50f573829ed32d608597ee51fd764a998cb5a7034c268f3d6bb29a13b50b9f71a14c375c4ea5296c3e67705504ddb06301517c325359b10af4e8,gx-no-cache=1492442289043 HTTP/1.1" 200 30
186.103.157.246 - - [17/Apr/2017:12:17:08 -0300] "POST /cormun/servlet/licenciaspermisos?78276b0b8ce59116bdfa81ecf8b6eecf,INS,0,,,,gx-no-cache=1492442292410 HTTP/1.1" 200 4730
192.168.10.13 - - [17/Apr/2017:12:17:14 -0300] "GET / HTTP/1.1" 200 11217
186.103.159.187 - - [17/Apr/2017:12:17:14 -0300] "POST /cormun/servlet/solicitudot?gx-no-cache=1492445897721 HTTP/1.1" 200 30
186.103.159.182 - - [17/Apr/2017:12:17:37 -0300] "GET /cormun/servlet/prlicenciaspermisos?10910955,L,,MD,,gxPopupLevel%3D0%3B HTTP/1.1" 200 7802
186.103.159.182 - - [17/Apr/2017:12:17:51 -0300] "POST /cormun/servlet/solicitudot?gx-no-cache=1492442336213 HTTP/1.1" 200 1291
186.103.159.182 - - [17/Apr/2017:12:17:57 -0300] "GET /cormun/servlet/prlicenciaspermisos?10910955,L,,MD,,gxPopupLevel%3D0%3B HTTP/1.1" 200 7802
186.103.159.182 - - [17/Apr/2017:12:18:06 -0300] "GET /cormun/servlet/prlicenciaspermisos?10910955,L,,MD,,gxPopupLevel%3D0%3B HTTP/1.1" 200 7802
186.103.159.187 - - [17/Apr/2017:12:18:09 -0300] "POST /cormun/servlet/solicitudot?gx-no-cache=1492445952639 HTTP/1.1" 200 30
192.168.10.13 - - [17/Apr/2017:12:18:14 -0300] "GET / HTTP/1.1" 200 11217
186.103.159.187 - - [17/Apr/2017:12:18:16 -0300] "GET /cormun/servlet/prlicenciaspermisos?9076382,L,,MD,,gxPopupLevel%3D0%3B HTTP/1.1" 200 6688
186.103.159.187 - - [17/Apr/2017:12:18:16 -0300] "GET /cormun/static/gxcfg.js?201741111445743 HTTP/1.1" 200 953
186.103.159.187 - - [17/Apr/2017:12:18:16 -0300] "GET /cormun/static/prlicenciaspermisos.js?201741111445890 HTTP/1.1" 200 13360
186.103.159.182 - - [17/Apr/2017:12:18:20 -0300] "POST /cormun/servlet/solicitudot?gx-no-cache=1492442365499 HTTP/1.1" 200 41
186.103.159.187 - - [17/Apr/2017:12:18:22 -0300] "POST /cormun/servlet/solicitudot?gx-no-cache=1492445965046 HTTP/1.1" 200 1291
186.103.159.187 - - [17/Apr/2017:12:18:26 -0300] "POST /cormun/servlet/solicitudot?gx-no-cache=1492445969837 HTTP/1.1" 200 41
186.103.159.187 - - [17/Apr/2017:12:18:26 -0300] "POST /cormun/servlet/solicitudot?gx-no-cache=1492445969889 HTTP/1.1" 200 1274
186.103.159.187 - - [17/Apr/2017:12:18:27 -0300] "POST /cormun/servlet/solicitudot?gx-no-cache=1492445969938 HTTP/1.1" 200 1157
186.103.159.187 - - [17/Apr/2017:12:18:27 -0300] "GET /cormun/servlet/solicitudot?d1d3dc0825b10043544a2b9c3639f4bb62833d6531655d9b2c50e3d9bc7f897a655bb6c1f7a8266be6fbed520369002b3e1833e998c72fc0473052e4d18d1a185237f664911939986ab1438da2344e7a52f9f55eaaaaf8043ebfee4bd06f7e8c121d06233c52223eb5447813017302923a2f7fbe7c8277d03b120bb5a3ccb7666ffaa9971c2c40cc85c6cc3e0dac9f0486777771bb68041d69e084fec9de3a199ab3835538f2afaaf9e72b99234d68267d091b8963defa8f56fcdb165a70d06b,gx-no-cache=1492445969991 HTTP/1.1" 200 30
186.103.159.187 - - [17/Apr/2017:12:18:27 -0300] "POST /cormun/servlet/solicitudot?2b225d0049f7092f1a8d68e42cf496c4,INS,0,0,,gx-no-cache=1492445970030 HTTP/1.1" 200 93
186.103.159.187 - - [17/Apr/2017:12:18:27 -0300] "GET /cormun/servlet/hpexe_return? HTTP/1.1" 200 1007
186.103.159.187 - - [17/Apr/2017:12:18:27 -0300] "GET /cormun/static/Resources/Spanish/PXTools.css?167811 HTTP/1.1" 304 -
186.103.159.187 - - [17/Apr/2017:12:18:27 -0300] "GET /cormun/static/gxcfg.js?2016101716175148 HTTP/1.1" 304 -
186.103.159.187 - - [17/Apr/2017:12:18:27 -0300] "GET /cormun/static/hpexe_return.js?2016101716175153 HTTP/1.1" 304 -
186.103.159.187 - - [17/Apr/2017:12:18:27 -0300] "GET /cormun/servlet/trsolicitudot HTTP/1.1" 200 8045
186.103.159.182 - - [17/Apr/2017:12:18:28 -0300] "GET /cormun/servlet/solicitudot?8b50d38d0e29047196d8c2ae283c187df682941de549817b154fc24d7a4146fc7ba1f6f3cb4b4a0f5c3748982f210d6028e90c5572506d3c04b401556379a1e8a2ebdb5cd0276fefdf814ceb8437cd9aa30b425396e581bf210442040abc5665e01e853970511358fcb88a7263e10a8fc1ff763f5b6acc6cc80fb5db509f50f8b420473fecfaafd245df34776474daa2c0f255ad433e0bf6ed111b7f40790c15,gx-no-cache=1492442373421 HTTP/1.1" 200 29
186.103.159.182 - - [17/Apr/2017:12:18:28 -0300] "POST /cormun/servlet/solicitudot?gx-no-cache=1492442373490 HTTP/1.1" 200 1275
186.103.159.182 - - [17/Apr/2017:12:18:28 -0300] "POST /cormun/servlet/solicitudot?gx-no-cache=1492442373566 HTTP/1.1" 200 1157
186.103.159.187 - - [17/Apr/2017:12:18:28 -0300] "GET /cormun/servlet/trsolicitudot HTTP/1.1" 200 8041
186.103.159.182 - - [17/Apr/2017:12:18:28 -0300] "GET /cormun/static/menuarrow.gif HTTP/1.1" 404 1015
186.103.159.182 - - [17/Apr/2017:12:18:30 -0300] "POST /cormun/servlet/solicitudot?gx-no-cache=1492442375295 HTTP/1.1" 200 1275
186.103.159.182 - - [17/Apr/2017:12:18:30 -0300] "POST /cormun/servlet/solicitudot?gx-no-cache=1492442375356 HTTP/1.1" 200 1157
186.103.159.187 - - [17/Apr/2017:12:18:34 -0300] "GET /cormun/servlet/trsolicitudot? HTTP/1.1" 200 8041
186.103.159.182 - - [17/Apr/2017:12:18:35 -0300] "GET /cormun/servlet/solicitudot?8b50d38d0e29047196d8c2ae283c187d5861b94a4f8329f5b19f51fbd57eacafe887d96b1ddac0eeec7af1a3413473eb970b41205c2d6c2e4c6ec25411bf4c4b986b65f1553ebbd4f7155e3069d94a73751accdd2af7d18503f4a53f27f06b90b21a620730e56bb5fc9b4b2c5b2216701687647b1fcc1278ed9ffe9ed77b6875f836c818e976fbbdc3ae0b595edc67c45d2d5a7f6169bb0cfc18377e63c2cd4c1314869e0aec100952d2848697b2164d695c5e9571c2f62389f3721f61f6fd4f,gx-no-cache=1492442380284 HTTP/1.1" 200 30
186.103.159.187 - - [17/Apr/2017:12:18:35 -0300] "GET /cormun/servlet/trsolicitudot? HTTP/1.1" 200 8041
186.103.159.187 - - [17/Apr/2017:12:18:38 -0300] "GET /cormun/servlet/solicitudot?INS,0,0, HTTP/1.1" 200 12545
186.103.159.187 - - [17/Apr/2017:12:18:39 -0300] "GET /cormun/servlet/solicitudot?INS,0,0, HTTP/1.1" 200 12550
186.103.159.182 - - [17/Apr/2017:12:18:57 -0300] "POST /cormun/servlet/solicitudot?c7e6b191148a85f3d6aac5f50572edeb,INS,0,0,,gx-no-cache=1492442402262 HTTP/1.1" 200 93
186.103.159.182 - - [17/Apr/2017:12:18:57 -0300] "GET /cormun/servlet/hpexe_return? HTTP/1.1" 200 1008
186.103.159.182 - - [17/Apr/2017:12:18:58 -0300] "GET /cormun/servlet/trsolicitudot HTTP/1.1" 200 8384
186.103.159.182 - - [17/Apr/2017:12:18:59 -0300] "GET /cormun/servlet/trsolicitudot HTTP/1.1" 200 8380
186.103.159.187 - - [17/Apr/2017:12:19:07 -0300] "POST /cormun/servlet/solicitudot?gx-no-cache=1492446009799 HTTP/1.1" 200 3189
186.103.159.187 - - [17/Apr/2017:12:19:07 -0300] "POST /cormun/servlet/solicitudot?2b225d0049f7092f1a8d68e42cf496c4,INS,0,0,,gx-no-cache=1492446010263 HTTP/1.1" 200 9764
192.168.10.13 - - [17/Apr/2017:12:19:14 -0300] "GET / HTTP/1.1" 200 11217
186.103.159.187 - - [17/Apr/2017:12:19:14 -0300] "GET /cormun/servlet/solicitudot?d1d3dc0825b10043544a2b9c3639f4bbd4f898831993d189487e00545ccbbe4560b6fb1b6dcb492c124e8e02d0d2a8e0,gx-no-cache=1492446017561 HTTP/1.1" 200 30
186.103.159.187 - - [17/Apr/2017:12:19:14 -0300] "POST /cormun/servlet/solicitudot?gx-no-cache=1492446017667 HTTP/1.1" 200 240
186.103.159.187 - - [17/Apr/2017:12:19:14 -0300] "GET /cormun/servlet/solicitudot?d1d3dc0825b10043544a2b9c3639f4bb3dbbc43823c399610cc20f6ac3a652226421a7a291f4ba8f9e97fa261f11f2352e1ca86c92fdd7b3a92c645076f1ac65e5e076dac122c0d6bfa893070c03573fd728a8228a09b9734750be79b4795231a6f734eb5fa63afe4897b6b0108320dfdaa5d51745f0cc396e3a7d17fd148a9ae87fb683591bbca9169acd3a4b9255cdec7311e8e4b96f62605cca8bcb1c9b39e9b2de4bade650cda2d570b7aba970112e833ecdfabe5b2e132d59e074b35a02463dd7245e9893c3b60b7939f0203fb7bd3479c29c2f0161db7cb3d48f854ace25898c06e62a4460918405b9e25399015e14f640c0e8a92ce75b21ff3b70c291234142e5a22de1461a89034edf24c64f5de38b875d33a378dbeed2c40bfcfd2bae44995ae454a9eb1d5861364d3dcb6363fc98576200731843be7c5d1597aee8a874c7099181294f9b0af78e2b192e2cf6edc8c05e58c5716192381f8cc86a550d89b5fe76961e793a9356ee4fcb17c896ae4e9ed4f47831f11c04c9507556d1,gx-no-cache=1492446017736 HTTP/1.1" 200 30
186.103.159.187 - - [17/Apr/2017:12:19:14 -0300] "POST /cormun/servlet/solicitudot?gx-no-cache=1492446017804 HTTP/1.1" 200 30
186.103.159.187 - - [17/Apr/2017:12:19:15 -0300] "POST /cormun/servlet/solicitudot?gx-no-cache=1492446017892 HTTP/1.1" 200 235
186.103.159.187 - - [17/Apr/2017:12:19:15 -0300] "POST /cormun/servlet/solicitudot?gx-no-cache=1492446017980 HTTP/1.1" 200 38
186.103.159.182 - - [17/Apr/2017:12:19:32 -0300] "POST /cormun/servlet/trsolicitudot?c7e6b191148a85f3d6aac5f50572edeb,gx-no-cache=1492442436687 HTTP/1.1" 200 4371
186.103.159.182 - - [17/Apr/2017:12:19:32 -0300] "GET /cormun/static/Shared/jqueryui/images/ui-bg_highlight-soft_100_c6c2c8_1x100.png HTTP/1.1" 404 1117
186.103.159.182 - - [17/Apr/2017:12:19:32 -0300] "GET /cormun/static/Shared/jqueryui/images/ui-icons_82798d_256x240.png HTTP/1.1" 404 1089
186.103.159.182 - - [17/Apr/2017:12:19:32 -0300] "GET /cormun/static/Shared/jqueryui/images/ui-bg_flat_55_fafafa_40x100.png HTTP/1.1" 404 1097
186.103.159.182 - - [17/Apr/2017:12:19:32 -0300] "GET /cormun/static/Shared/jqueryui/images/ui-icons_8d78a5_256x240.png HTTP/1.1" 404 1089
186.103.159.182 - - [17/Apr/2017:12:19:33 -0300] "POST /cormun/servlet/trsolicitudot?c7e6b191148a85f3d6aac5f50572edeb,gx-no-cache=1492442437630 HTTP/1.1" 200 4119
186.103.159.187 - - [17/Apr/2017:12:19:33 -0300] "POST /cormun/servlet/solicitudot?gx-no-cache=1492446036823 HTTP/1.1" 200 30
186.103.159.182 - - [17/Apr/2017:12:19:37 -0300] "GET /cormun/servlet/solicitudot?INS,0,0, HTTP/1.1" 200 12861
186.103.159.182 - - [17/Apr/2017:12:19:39 -0300] "GET /cormun/servlet/solicitudot?INS,0,0, HTTP/1.1" 200 12866
186.103.159.187 - - [17/Apr/2017:12:19:44 -0300] "POST /cormun/servlet/solicitudot?gx-no-cache=1492446047671 HTTP/1.1" 200 683
186.103.159.187 - - [17/Apr/2017:12:19:44 -0300] "POST /cormun/servlet/solicitudot?gx-no-cache=1492446047729 HTTP/1.1" 200 38
186.103.159.187 - - [17/Apr/2017:12:19:50 -0300] "GET /cormun/servlet/solicitudot?d1d3dc0825b10043544a2b9c3639f4bb753604e22003cb6f55e8f39793ecee533615340bef5f0b9779832d13279b14b083d92e89fec96221448771106b0c224d6e5ce54059e086efc1bc9f11db9285836acca50e26623c081d4a6c3050e0b9d3eb724011f83b138c7e8ef5acc89cc03ff9d601113d0452da5bda85fcbbdb5274cac5d4add15aeae6263ccbc31cee72601ba6805501550efe5362ab6b06fa7c8c,gx-no-cache=1492446053555 HTTP/1.1" 200 29
186.103.159.187 - - [17/Apr/2017:12:19:50 -0300] "POST /cormun/servlet/solicitudot?gx-no-cache=1492446053597 HTTP/1.1" 200 668
186.103.159.187 - - [17/Apr/2017:12:19:52 -0300] "POST /cormun/servlet/solicitudot?gx-no-cache=1492446055111 HTTP/1.1" 200 1157
186.103.159.182 - - [17/Apr/2017:12:19:53 -0300] "POST /cormun/servlet/solicitudot?gx-no-cache=1492442457632 HTTP/1.1" 200 3185
186.103.159.182 - - [17/Apr/2017:12:19:53 -0300] "POST /cormun/servlet/solicitudot?c7e6b191148a85f3d6aac5f50572edeb,INS,0,0,,gx-no-cache=1492442458197 HTTP/1.1" 200 9957
186.103.159.182 - - [17/Apr/2017:12:19:58 -0300] "GET /cormun/servlet/solicitudot?8b50d38d0e29047196d8c2ae283c187d4f8366c76bbbf1db072818f9759b9d7ccbfcaffe0bf56827bd93380995601b2f,gx-no-cache=1492442463267 HTTP/1.1" 200 30
186.103.159.182 - - [17/Apr/2017:12:19:58 -0300] "POST /cormun/servlet/solicitudot?gx-no-cache=1492442463347 HTTP/1.1" 200 240
186.103.159.182 - - [17/Apr/2017:12:19:58 -0300] "GET /cormun/servlet/solicitudot?8b50d38d0e29047196d8c2ae283c187d3643a768903a8a0ec8c44f473becd6c8145e9e15e972bc5cdb2cbd9e27ba9136b5374f4f70f050c5a8c965d3a1944dde2a2d1400856f4a912e7b04967a609e3cb099630723010de66ad19b4733f73544e0c8d3da7ae36cee1e2a0638db0ed6046b63f7d2cc007ff17a368d149872201b3947177924cd38d68d808c4943ef1aaa26878c7cb49c662552602697057b4826f63108fdeb430e6142240ade548974147c3812a4202b9fd3300b1b0a3c45e8e2b02c1f61288868413f7d14e044863dbd6f51fe95d746eb6f733a2dc4d1caab4147dfc633a44f18823a0af67100c040cf00e7893f88bf014af6ebf32044c96e39d840ad45dccbbb90a9bbb62c2763cd4fef3ddb5edbac59d71b629cf4e617efdaea236a3ea9bd5d7702e675968c6d6a0f3e3cb0b90a916b216cee6641c479b830c0bcda660b8fc7d136057fb9bdfaf5b11696f96f038ffecd2434a8d6174072bb1f15000f60c978c5c946b6f8ed06ae66b0f6cd9f5f9514a8bf28914a3a91c290,gx-no-cache=1492442463399 HTTP/1.1" 200 30
186.103.159.182 - - [17/Apr/2017:12:20:00 -0300] "POST /cormun/servlet/solicitudot?gx-no-cache=1492442465449 HTTP/1.1" 200 30
192.168.10.13 - - [17/Apr/2017:12:20:14 -0300] "GET / HTTP/1.1" 200 11217
186.103.159.182 - - [17/Apr/2017:12:20:20 -0300] "GET /cormun/servlet/prlicenciaspermisos?10910955,L,,MD,,gxPopupLevel%3D0%3B HTTP/1.1" 200 7802
186.103.159.187 - - [17/Apr/2017:12:20:23 -0300] "POST /cormun/servlet/solicitudot?gx-no-cache=1492446086207 HTTP/1.1" 200 30
186.103.159.187 - - [17/Apr/2017:12:20:25 -0300] "GET /cormun/servlet/prcontratosol?18597010,,,,,MD,,gxPopupLevel%3D0%3B HTTP/1.1" 200 5554
186.103.159.187 - - [17/Apr/2017:12:20:25 -0300] "GET /cormun/static/gxcfg.js?201731711522183 HTTP/1.1" 304 -
186.103.159.187 - - [17/Apr/2017:12:20:26 -0300] "GET /cormun/static/prcontratosol.js?201731711522419 HTTP/1.1" 304 -
186.103.159.182 - - [17/Apr/2017:12:20:38 -0300] "POST /cormun/servlet/solicitudot?gx-no-cache=1492442502965 HTTP/1.1" 200 1291
186.103.159.182 - - [17/Apr/2017:12:20:42 -0300] "POST /cormun/servlet/solicitudot?gx-no-cache=1492442507523 HTTP/1.1" 200 41
186.103.159.187 - - [17/Apr/2017:12:20:43 -0300] "POST /cormun/servlet/solicitudot?gx-no-cache=1492446106374 HTTP/1.1" 200 1368
186.103.159.187 - - [17/Apr/2017:12:20:43 -0300] "GET /cormun/static/Shared/jqueryui/images/ui-bg_highlight-soft_100_c6c2c8_1x100.png HTTP/1.1" 404 1117
186.103.159.187 - - [17/Apr/2017:12:20:43 -0300] "GET /cormun/static/Shared/jqueryui/images/ui-icons_82798d_256x240.png HTTP/1.1" 404 1089
186.103.159.187 - - [17/Apr/2017:12:20:43 -0300] "GET /cormun/static/Shared/jqueryui/images/ui-icons_ebccce_256x240.png HTTP/1.1" 404 1089
186.103.159.187 - - [17/Apr/2017:12:20:43 -0300] "GET /cormun/static/Shared/jqueryui/images/ui-bg_flat_55_994d53_40x100.png HTTP/1.1" 404 1097
186.103.159.187 - - [17/Apr/2017:12:20:43 -0300] "POST /cormun/servlet/solicitudot?gx-no-cache=1492446106473 HTTP/1.1" 200 117
186.103.159.187 - - [17/Apr/2017:12:20:43 -0300] "POST /cormun/servlet/solicitudot?gx-no-cache=1492446106546 HTTP/1.1" 200 1274
186.103.159.187 - - [17/Apr/2017:12:20:43 -0300] "POST /cormun/servlet/solicitudot?gx-no-cache=1492446106647 HTTP/1.1" 200 1157
186.103.159.182 - - [17/Apr/2017:12:20:51 -0300] "GET /cormun/servlet/solicitudot?8b50d38d0e29047196d8c2ae283c187df682941de549817b154fc24d7a4146fc7ba1f6f3cb4b4a0f5c3748982f210d6028e90c5572506d3c04b401556379a1e8a2ebdb5cd0276fefdf814ceb8437cd9aa30b425396e581bf210442040abc5665e01e853970511358fcb88a7263e10a8fc1ff763f5b6acc6cc80fb5db509f50f8b420473fecfaafd245df34776474daa2c0f255ad433e0bf6ed111b7f40790c15,gx-no-cache=1492442516231 HTTP/1.1" 200 29
186.103.159.182 - - [17/Apr/2017:12:20:51 -0300] "POST /cormun/servlet/solicitudot?gx-no-cache=1492442516311 HTTP/1.1" 200 1273
186.103.159.182 - - [17/Apr/2017:12:20:51 -0300] "POST /cormun/servlet/solicitudot?gx-no-cache=1492442516802 HTTP/1.1" 200 1157
186.103.159.182 - - [17/Apr/2017:12:20:52 -0300] "GET /cormun/static/menuarrow.gif HTTP/1.1" 404 1015
186.103.159.182 - - [17/Apr/2017:12:20:53 -0300] "POST /cormun/servlet/solicitudot?gx-no-cache=1492442518791 HTTP/1.1" 200 1273
186.103.159.182 - - [17/Apr/2017:12:20:53 -0300] "POST /cormun/servlet/solicitudot?gx-no-cache=1492442518859 HTTP/1.1" 200 1157
186.103.159.182 - - [17/Apr/2017:12:20:57 -0300] "GET /cormun/servlet/solicitudot?8b50d38d0e29047196d8c2ae283c187d5861b94a4f8329f5b19f51fbd57eacafe887d96b1ddac0eeec7af1a3413473eb970b41205c2d6c2e4c6ec25411bf4c4b986b65f1553ebbd4f7155e3069d94a73751accdd2af7d18503f4a53f27f06b90b21a620730e56bb5fc9b4b2c5b2216701687647b1fcc1278ed9ffe9ed77b6875f836c818e976fbbdc3ae0b595edc67c45d2d5a7f6169bb0cfc18377e63c2cd4c1314869e0aec100952d2848697b2164d695c5e9571c2f62389f3721f61f6fd4f,gx-no-cache=1492442522654 HTTP/1.1" 200 30
186.103.159.187 - - [17/Apr/2017:12:21:00 -0300] "GET /cormun/servlet/prfichaempleado?,MD,,gxPopupLevel%3D0%3B HTTP/1.1" 200 8741
186.103.159.187 - - [17/Apr/2017:12:21:14 -0300] "POST /cormun/servlet/prfichaempleado?2b225d0049f7092f1a8d68e42cf496c4,,MD,,gxPopupLevel%3D0%3B,gx-no-cache=1492446136922 HTTP/1.1" 200 3396
192.168.10.13 - - [17/Apr/2017:12:21:14 -0300] "GET / HTTP/1.1" 200 11217
186.103.159.182 - - [17/Apr/2017:12:21:21 -0300] "POST /cormun/servlet/solicitudot?c7e6b191148a85f3d6aac5f50572edeb,INS,0,0,,gx-no-cache=1492442546252 HTTP/1.1" 200 93
186.103.159.182 - - [17/Apr/2017:12:21:21 -0300] "GET /cormun/servlet/hpexe_return? HTTP/1.1" 200 1030
186.103.159.182 - - [17/Apr/2017:12:21:22 -0300] "GET /cormun/servlet/trsolicitudot?gx-no-cache=1492442437630 HTTP/1.1" 200 8387
186.103.159.182 - - [17/Apr/2017:12:21:23 -0300] "GET /cormun/servlet/trsolicitudot?gx-no-cache=1492442437630 HTTP/1.1" 200 8404
192.168.10.93 - - [17/Apr/2017:12:21:27 -0300] "GET /cormunbeta/servlet/trvisualizadoreventossalud? HTTP/1.1" 200 5841
192.168.10.93 - - [17/Apr/2017:12:21:27 -0300] "GET /cormunbeta/servlet/hlogin HTTP/1.1" 200 1750
192.168.10.93 - - [17/Apr/2017:12:21:27 -0300] "GET /cormunbeta/servlet/trvisualizadoreventossalud? HTTP/1.1" 200 5841
186.103.159.187 - - [17/Apr/2017:12:21:30 -0300] "GET /cormun/servlet/prsolicitudot?18597010,,,,,MD,,gxPopupLevel%3D0%3B HTTP/1.1" 200 6109
186.103.159.187 - - [17/Apr/2017:12:21:30 -0300] "GET /cormun/static/gxcfg.js?201731711522567 HTTP/1.1" 200 953
186.103.159.187 - - [17/Apr/2017:12:21:30 -0300] "GET /cormun/static/prsolicitudot.js?201731711522786 HTTP/1.1" 304 -
192.168.10.93 - - [17/Apr/2017:12:21:34 -0300] "POST /cormunbeta/servlet/hlogin?ac8ce6caa217f8f405d0ac1fc9bf2962,gx-no-cache=1492445768602 HTTP/1.1" 200 90
192.168.10.93 - - [17/Apr/2017:12:21:34 -0300] "GET /cormunbeta/servlet/hpexe_link HTTP/1.1" 200 954
192.168.10.93 - - [17/Apr/2017:12:21:34 -0300] "GET /cormunbeta/servlet/hhome HTTP/1.1" 200 3758
192.168.10.93 - - [17/Apr/2017:12:21:35 -0300] "GET /cormunbeta/servlet/hhome HTTP/1.1" 200 3755
192.168.10.93 - - [17/Apr/2017:12:21:40 -0300] "GET /cormunbeta/servlet/trvisualizadoreventossalud? HTTP/1.1" 200 6490
192.168.10.93 - - [17/Apr/2017:12:21:41 -0300] "GET /cormunbeta/servlet/trvisualizadoreventossalud? HTTP/1.1" 200 6489
186.103.159.182 - - [17/Apr/2017:12:21:43 -0300] "POST /cormun/servlet/trsolicitudot?c7e6b191148a85f3d6aac5f50572edeb,gx-no-cache=1492442437630,gx-no-cache=1492442568296 HTTP/1.1" 200 4371
186.103.159.182 - - [17/Apr/2017:12:21:43 -0300] "GET /cormun/static/Shared/jqueryui/images/ui-bg_highlight-soft_100_c6c2c8_1x100.png HTTP/1.1" 404 1117
186.103.159.182 - - [17/Apr/2017:12:21:43 -0300] "GET /cormun/static/Shared/jqueryui/images/ui-icons_82798d_256x240.png HTTP/1.1" 404 1089
186.103.159.182 - - [17/Apr/2017:12:21:43 -0300] "GET /cormun/static/Shared/jqueryui/images/ui-bg_flat_55_fafafa_40x100.png HTTP/1.1" 404 1097
186.103.159.182 - - [17/Apr/2017:12:21:43 -0300] "GET /cormun/static/Shared/jqueryui/images/ui-icons_8d78a5_256x240.png HTTP/1.1" 404 1089
186.103.159.182 - - [17/Apr/2017:12:21:43 -0300] "POST /cormun/servlet/trsolicitudot?c7e6b191148a85f3d6aac5f50572edeb,gx-no-cache=1492442437630,gx-no-cache=1492442568648 HTTP/1.1" 200 4119
192.168.10.93 - - [17/Apr/2017:12:21:46 -0300] "POST /cormunbeta/servlet/trvisualizadoreventossalud?ac8ce6caa217f8f405d0ac1fc9bf2962,,gx-no-cache=1492445780687 HTTP/1.1" 200 3920
186.103.159.187 - - [17/Apr/2017:12:21:50 -0300] "POST /cormun/servlet/solicitudot?gx-no-cache=1492446173309 HTTP/1.1" 200 1291
186.103.159.187 - - [17/Apr/2017:12:21:50 -0300] "POST /cormun/servlet/solicitudot?gx-no-cache=1492446173429 HTTP/1.1" 200 117
186.103.159.187 - - [17/Apr/2017:12:21:50 -0300] "POST /cormun/servlet/solicitudot?gx-no-cache=1492446173485 HTTP/1.1" 200 1274
186.103.159.187 - - [17/Apr/2017:12:21:50 -0300] "POST /cormun/servlet/solicitudot?gx-no-cache=1492446173536 HTTP/1.1" 200 1157
186.103.159.187 - - [17/Apr/2017:12:21:53 -0300] "GET /cormun/static/menuarrow.gif HTTP/1.1" 404 1015
186.103.159.182 - - [17/Apr/2017:12:21:58 -0300] "GET /cormun/servlet/trlicencias? HTTP/1.1" 200 6769
192.168.10.93 - - [17/Apr/2017:12:21:58 -0300] "GET /cormunbeta/servlet/trconsultaempleadosalud? HTTP/1.1" 200 9007
192.168.10.93 - - [17/Apr/2017:12:21:58 -0300] "GET /cormunbeta/static/gxcfg.js?20173191271354 HTTP/1.1" 200 953
192.168.10.93 - - [17/Apr/2017:12:21:58 -0300] "GET /cormunbeta/static/trconsultaempleadosalud.js?20173191271610 HTTP/1.1" 200 16763
192.168.10.93 - - [17/Apr/2017:12:21:59 -0300] "GET /cormunbeta/servlet/trconsultaempleadosalud? HTTP/1.1" 200 9007
186.103.159.182 - - [17/Apr/2017:12:22:00 -0300] "GET /cormun/servlet/trlicencias? HTTP/1.1" 200 6747
186.103.159.182 - - [17/Apr/2017:12:22:03 -0300] "GET /cormun/servlet/licenciaspermisos?INS,0,,, HTTP/1.1" 200 7467
186.103.159.182 - - [17/Apr/2017:12:22:04 -0300] "GET /cormun/servlet/licenciaspermisos?INS,0,,, HTTP/1.1" 200 7475
192.168.10.93 - - [17/Apr/2017:12:22:05 -0300] "GET /cormunbeta/servlet/trsolicitudgralsalud? HTTP/1.1" 200 7821
192.168.10.93 - - [17/Apr/2017:12:22:05 -0300] "GET /cormunbeta/servlet/trsolicitudgralsalud? HTTP/1.1" 200 7821
186.103.159.187 - - [17/Apr/2017:12:22:07 -0300] "POST /cormun/servlet/solicitudot?gx-no-cache=1492446190873 HTTP/1.1" 200 122
186.103.159.187 - - [17/Apr/2017:12:22:08 -0300] "POST /cormun/servlet/solicitudot?gx-no-cache=1492446190926 HTTP/1.1" 200 1274
186.103.159.187 - - [17/Apr/2017:12:22:08 -0300] "POST /cormun/servlet/solicitudot?gx-no-cache=1492446190987 HTTP/1.1" 200 1157
192.168.10.93 - - [17/Apr/2017:12:22:10 -0300] "POST /cormunbeta/servlet/trsolicitudgralsalud?ac8ce6caa217f8f405d0ac1fc9bf2962,,gx-no-cache=1492445804168 HTTP/1.1" 200 6492
186.103.159.187 - - [17/Apr/2017:12:22:12 -0300] "POST /cormun/servlet/solicitudot?gx-no-cache=1492446194996 HTTP/1.1" 200 122
186.103.159.187 - - [17/Apr/2017:12:22:12 -0300] "POST /cormun/servlet/solicitudot?gx-no-cache=1492446195356 HTTP/1.1" 200 1274
186.103.159.187 - - [17/Apr/2017:12:22:12 -0300] "POST /cormun/servlet/solicitudot?gx-no-cache=1492446195426 HTTP/1.1" 200 1157
192.168.10.13 - - [17/Apr/2017:12:22:14 -0300] "GET / HTTP/1.1" 200 11217
186.103.159.182 - - [17/Apr/2017:12:22:16 -0300] "GET /cormun/servlet/licenciaspermisos?d8f5b898ca2d59479e220ed7b7d0d1719819a462340268358c45ae8d222cb1c85054e826047acc2a38aa9cf5af348647,gx-no-cache=1492442601251 HTTP/1.1" 200 65
186.103.159.182 - - [17/Apr/2017:12:22:16 -0300] "POST /cormun/servlet/licenciaspermisos?c7e6b191148a85f3d6aac5f50572edeb,INS,0,,,,gx-no-cache=1492442601358 HTTP/1.1" 200 4614
186.103.157.98 - - [17/Apr/2017:12:22:17 -0300] "POST /cormun/servlet/solicitudot?gx-no-cache=1492442602070 HTTP/1.1" 200 297
186.103.157.98 - - [17/Apr/2017:12:22:17 -0300] "GET /cormun/servlet/solicitudot?10e8f7d346709c6728f984f3f5871919e376c778d7e464dc98a096ae04dcf7b254df72cdf3ac4b29e75e781b0ebb9519aef8761b8f90943844c190edc34b2e5be947818a191e2e5e46b623150b2d25e5728a325f802d351c505821dae9e6ada55d00b363c581940427ef8de9860dba3440500b191e17d58a06b841bf412e1e47555a334098e1dd154e0a3c23915f2fa978e7f28c0a9802799fa6ae0d1fc320f6486a2d061e932a493202460ad97e815e6707b7c47fb46a2c35963dfd9851e9bed3623f915a6361c7efb93aad56d335ef7e5117283b7434e54bf5d51bc399e9fdae7cd8a47d58f1eda6830e05169e27dfd7c092d9e86680a5944707f37f5deb9033666b8d2127defff01d3075d71ad2d9d758b2041aba4b41a4b6b1e97a49b7b353a6f9919da70112670a2ac331a9979045867894515d59bae18b418cdad72bea639a02f7de44f988f27daf2c9b9e9627daf3380d5ad8bd85464e683f9b924ee96ea0ffface73f5dbde33eb9bde7da548e969159c4c3ba9484c2dfb5d7169e1d1f973949c5c6bef6f86dd72dfbb3dbad3,gx-no-cache=1492442602232 HTTP/1.1" 200 30
186.103.157.98 - - [17/Apr/2017:12:22:17 -0300] "POST /cormun/servlet/solicitudot?gx-no-cache=1492442602312 HTTP/1.1" 200 30
186.103.157.98 - - [17/Apr/2017:12:22:17 -0300] "POST /cormun/servlet/solicitudot?gx-no-cache=1492442602402 HTTP/1.1" 200 1290
186.103.157.98 - - [17/Apr/2017:12:22:17 -0300] "POST /cormun/servlet/solicitudot?gx-no-cache=1492442602507 HTTP/1.1" 200 41
186.103.157.98 - - [17/Apr/2017:12:22:17 -0300] "POST /cormun/servlet/solicitudot?gx-no-cache=1492442602578 HTTP/1.1" 200 1273
186.103.157.98 - - [17/Apr/2017:12:22:18 -0300] "POST /cormun/servlet/solicitudot?gx-no-cache=1492442602660 HTTP/1.1" 200 1157
186.103.157.98 - - [17/Apr/2017:12:22:18 -0300] "GET /cormun/servlet/solicitudot?10e8f7d346709c6728f984f3f58719191a50ac1c2c01cf61be56bed846534caa57717d5cc4ec12790bd51bd5aef97fe76f5cf4eeda8827905af24a3de7138a2dcbabc8001d50d31f2f3e0f6f008417839a81dfb8b7f5dc2408848ef424a1af858f56aabf276952320a1e5fbc55366fc68dbf9905a253c8fbb5bf83282120e5af3bde8d4d59a6a7903f24dddaeee510f40ef7d7502f5f913338609e0ef3775fd9ea9330de4a5e1ed44fdbfb22703cd9d8,gx-no-cache=1492442602747 HTTP/1.1" 200 30
186.103.157.98 - - [17/Apr/2017:12:22:18 -0300] "POST /cormun/servlet/solicitudot?99d6954ba928678761cacd3a5117f0c5,INS,0,0,,gx-no-cache=1492442602820 HTTP/1.1" 200 93
186.103.157.98 - - [17/Apr/2017:12:22:18 -0300] "GET /cormun/servlet/hpexe_return? HTTP/1.1" 200 1008
186.103.157.98 - - [17/Apr/2017:12:22:18 -0300] "GET /cormun/servlet/trsolicitudot HTTP/1.1" 200 8251
186.103.157.98 - - [17/Apr/2017:12:22:19 -0300] "GET /cormun/servlet/trsolicitudot HTTP/1.1" 200 8246
186.103.157.98 - - [17/Apr/2017:12:22:23 -0300] "POST /cormun/servlet/trsolicitudot?99d6954ba928678761cacd3a5117f0c5,gx-no-cache=1492442608160 HTTP/1.1" 200 4337
186.103.157.98 - - [17/Apr/2017:12:22:23 -0300] "GET /cormun/static/Shared/jqueryui/images/ui-bg_highlight-soft_100_c6c2c8_1x100.png HTTP/1.1" 404 1117
186.103.157.98 - - [17/Apr/2017:12:22:23 -0300] "GET /cormun/static/Shared/jqueryui/images/ui-icons_82798d_256x240.png HTTP/1.1" 404 1089
186.103.157.98 - - [17/Apr/2017:12:22:23 -0300] "GET /cormun/static/Shared/jqueryui/images/ui-bg_flat_55_fafafa_40x100.png HTTP/1.1" 404 1097
186.103.157.98 - - [17/Apr/2017:12:22:23 -0300] "GET /cormun/static/Shared/jqueryui/images/ui-icons_8d78a5_256x240.png HTTP/1.1" 404 1089
186.103.157.98 - - [17/Apr/2017:12:22:24 -0300] "POST /cormun/servlet/trsolicitudot?99d6954ba928678761cacd3a5117f0c5,gx-no-cache=1492442608423 HTTP/1.1" 200 4127
192.168.10.93 - - [17/Apr/2017:12:22:24 -0300] "GET /cormunbeta/servlet/trvisualizadoreventossalud? HTTP/1.1" 200 6490
192.168.10.93 - - [17/Apr/2017:12:22:24 -0300] "GET /cormunbeta/servlet/trvisualizadoreventossalud? HTTP/1.1" 200 6489
192.168.10.93 - - [17/Apr/2017:12:22:29 -0300] "POST /cormunbeta/servlet/trvisualizadoreventossalud?ac8ce6caa217f8f405d0ac1fc9bf2962,,gx-no-cache=1492445823603 HTTP/1.1" 200 3925
186.103.159.187 - - [17/Apr/2017:12:22:29 -0300] "GET /cormun/servlet/solicitudot?d1d3dc0825b10043544a2b9c3639f4bbf16d18d1eb984d0e37f7082c0218c837c774d8291f12ac0a3d0ada00a725f088d5b412896873c353008fb38faa6757b1c49bb838b37281a998800ce22a68355826908778dbb86396bb834a6051e91f793267f3427c6c13c32471780a5719d5a43866f1d823260bd7738b4f9498c2613751a9231769135f552f607b79c9d2eb3e1e2c362bb44e37c5c704a7a20eb1144b7b5ae799a65f9a16fa99139d92afcf6b3bacd4afd418d9ce5503c5bec3066641,gx-no-cache=1492446212710 HTTP/1.1" 200 30
186.103.157.98 - - [17/Apr/2017:12:22:30 -0300] "GET /cormun/servlet/trautorizarsolicitud? HTTP/1.1" 200 8178
186.103.157.98 - - [17/Apr/2017:12:22:30 -0300] "GET /cormun/servlet/trautorizarsolicitud? HTTP/1.1" 200 8178
186.103.157.98 - - [17/Apr/2017:12:22:33 -0300] "POST /cormun/servlet/trautorizarsolicitud?99d6954ba928678761cacd3a5117f0c5,,gx-no-cache=1492442618104 HTTP/1.1" 200 4310
186.103.157.98 - - [17/Apr/2017:12:22:33 -0300] "GET /cormun/static/Shared/jqueryui/images/ui-icons_82798d_256x240.png HTTP/1.1" 404 1089
186.103.157.98 - - [17/Apr/2017:12:22:33 -0300] "GET /cormun/static/Shared/jqueryui/images/ui-bg_highlight-soft_100_c6c2c8_1x100.png HTTP/1.1" 404 1117
186.103.157.98 - - [17/Apr/2017:12:22:33 -0300] "GET /cormun/static/Shared/jqueryui/images/ui-bg_flat_55_fafafa_40x100.png HTTP/1.1" 404 1097
186.103.157.98 - - [17/Apr/2017:12:22:33 -0300] "GET /cormun/static/Shared/jqueryui/images/ui-icons_8d78a5_256x240.png HTTP/1.1" 404 1089
186.103.157.98 - - [17/Apr/2017:12:22:33 -0300] "POST /cormun/servlet/trautorizarsolicitud?99d6954ba928678761cacd3a5117f0c5,,gx-no-cache=1492442618339 HTTP/1.1" 200 4105
192.168.10.93 - - [17/Apr/2017:12:22:35 -0300] "POST /cormunbeta/servlet/trvisualizadoreventossalud?ac8ce6caa217f8f405d0ac1fc9bf2962,,gx-no-cache=1492445829252 HTTP/1.1" 200 3928
192.168.10.93 - - [17/Apr/2017:12:22:40 -0300] "POST /cormunbeta/servlet/trvisualizadoreventossalud?ac8ce6caa217f8f405d0ac1fc9bf2962,,gx-no-cache=1492445833979 HTTP/1.1" 200 3927
192.168.10.93 - - [17/Apr/2017:12:22:44 -0300] "POST /cormunbeta/servlet/trvisualizadoreventossalud?ac8ce6caa217f8f405d0ac1fc9bf2962,,gx-no-cache=1492445837922 HTTP/1.1" 200 3926
186.103.159.187 - - [17/Apr/2017:12:22:46 -0300] "GET /cormun/servlet/prcontratosol?18597010,,,,,MD,,gxPopupLevel%3D0%3B HTTP/1.1" 200 5554
192.168.10.93 - - [17/Apr/2017:12:22:46 -0300] "POST /cormunbeta/servlet/trvisualizadoreventossalud?ac8ce6caa217f8f405d0ac1fc9bf2962,,gx-no-cache=1492445840279 HTTP/1.1" 200 3926
192.168.10.93 - - [17/Apr/2017:12:22:48 -0300] "POST /cormunbeta/servlet/trvisualizadoreventossalud?ac8ce6caa217f8f405d0ac1fc9bf2962,,gx-no-cache=1492445842617 HTTP/1.1" 200 3923
186.103.159.182 - - [17/Apr/2017:12:22:53 -0300] "GET /cormun/static/menuarrow.gif HTTP/1.1" 404 1015
186.103.159.187 - - [17/Apr/2017:12:23:12 -0300] "POST /cormun/servlet/solicitudot?gx-no-cache=1492446255735 HTTP/1.1" 200 122
186.103.159.187 - - [17/Apr/2017:12:23:12 -0300] "POST /cormun/servlet/solicitudot?gx-no-cache=1492446255828 HTTP/1.1" 200 1274
186.103.159.187 - - [17/Apr/2017:12:23:12 -0300] "POST /cormun/servlet/solicitudot?gx-no-cache=1492446255889 HTTP/1.1" 200 1157
192.168.10.13 - - [17/Apr/2017:12:23:14 -0300] "GET / HTTP/1.1" 200 11217
192.168.10.93 - - [17/Apr/2017:12:23:15 -0300] "GET /cormunbeta/servlet/trvisualizadoreventossalud? HTTP/1.1" 200 6489
192.168.10.93 - - [17/Apr/2017:12:23:15 -0300] "GET /cormunbeta/servlet/trvisualizadoreventossalud? HTTP/1.1" 200 6489
186.103.159.187 - - [17/Apr/2017:12:23:23 -0300] "GET /cormun/servlet/prcontratosol?18597010,,,,,MD,,gxPopupLevel%3D0%3B HTTP/1.1" 200 5554
192.168.10.93 - - [17/Apr/2017:12:23:32 -0300] "GET /cormunbeta/servlet/trsolicitudgralsalud? HTTP/1.1" 200 9242
192.168.10.93 - - [17/Apr/2017:12:23:33 -0300] "GET /cormunbeta/servlet/trsolicitudgralsalud? HTTP/1.1" 200 9242
192.168.10.93 - - [17/Apr/2017:12:23:52 -0300] "GET /cormunbeta/servlet/trconsultaempleadosalud? HTTP/1.1" 200 9009
192.168.10.93 - - [17/Apr/2017:12:23:53 -0300] "GET /cormunbeta/servlet/trconsultaempleadosalud? HTTP/1.1" 200 9008
186.103.159.187 - - [17/Apr/2017:12:23:59 -0300] "POST /cormun/servlet/solicitudot?gx-no-cache=1492446302786 HTTP/1.1" 200 122
186.103.159.187 - - [17/Apr/2017:12:24:00 -0300] "POST /cormun/servlet/solicitudot?gx-no-cache=1492446302879 HTTP/1.1" 200 1274
186.103.159.187 - - [17/Apr/2017:12:24:00 -0300] "POST /cormun/servlet/solicitudot?gx-no-cache=1492446302995 HTTP/1.1" 200 1157
186.103.159.187 - - [17/Apr/2017:12:24:01 -0300] "GET /cormun/servlet/prfichaempleado?,MD,,gxPopupLevel%3D0%3B HTTP/1.1" 200 8741
186.103.159.187 - - [17/Apr/2017:12:24:13 -0300] "POST /cormun/servlet/prfichaempleado?2b225d0049f7092f1a8d68e42cf496c4,,MD,,gxPopupLevel%3D0%3B,gx-no-cache=1492446316156 HTTP/1.1" 200 3396
192.168.10.13 - - [17/Apr/2017:12:24:14 -0300] "GET / HTTP/1.1" 200 11217
192.168.10.93 - - [17/Apr/2017:12:24:15 -0300] "GET /cormunbeta/servlet/hlogin HTTP/1.1" 200 1746
192.168.10.93 - - [17/Apr/2017:12:24:24 -0300] "POST /cormunbeta/servlet/hlogin?ac8ce6caa217f8f405d0ac1fc9bf2962,gx-no-cache=1492445938144 HTTP/1.1" 200 457
186.103.157.246 - - [17/Apr/2017:12:24:34 -0300] "GET /cormun/servlet/licenciaspermisos?e584d99498c6a6ca48d666e699a5b207aedd47af4266e89d99571e7531b786bcd920034275d16f9af70597d4d4e693c108fb46e44930955bacf709add261f6a18ddbcb6867562c362651c07a79e15981295b7f8e7303615a2e94f3169c632009527df2bb2ebdb543987a592229e01c0d7f502477d50b7c84831ee20d33b84a5c1e3012e6d33c9287bfc7832dea999c40e126deae571010093580efcdbd324a4ea0b24194981f9550c5c7f777593befce74087661b020e12be2f3186155454f999a3165958fdb04673014b2fc22919f198a84932cb38af5f7c8dad267fffca9fd04a79cb9dacf1b470e2549773e9a93c4,gx-no-cache=1492442732264 HTTP/1.1" 200 65
186.103.159.187 - - [17/Apr/2017:12:24:34 -0300] "GET /cormun/servlet/prcontratosol?18597010,,,,,MD,,gxPopupLevel%3D0%3B HTTP/1.1" 200 5554
192.168.10.93 - - [17/Apr/2017:12:24:35 -0300] "POST /cormunbeta/servlet/hlogin?ac8ce6caa217f8f405d0ac1fc9bf2962,gx-no-cache=1492445949583 HTTP/1.1" 200 90
192.168.10.93 - - [17/Apr/2017:12:24:35 -0300] "GET /cormunbeta/servlet/hpexe_link HTTP/1.1" 200 954
192.168.10.93 - - [17/Apr/2017:12:24:35 -0300] "GET /cormunbeta/servlet/hhome HTTP/1.1" 200 3901
192.168.10.93 - - [17/Apr/2017:12:24:36 -0300] "GET /cormunbeta/static/SmoothNavMenu/resources/images/right.gif HTTP/1.1" 200 860
192.168.10.93 - - [17/Apr/2017:12:24:36 -0300] "GET /cormunbeta/servlet/hhome HTTP/1.1" 200 3897
192.168.10.93 - - [17/Apr/2017:12:24:40 -0300] "GET /cormunbeta/servlet/trautorizarsolicitudsalud? HTTP/1.1" 200 6804
192.168.10.93 - - [17/Apr/2017:12:24:40 -0300] "GET /cormunbeta/static/gxcfg.js?201612218583939 HTTP/1.1" 200 953
192.168.10.93 - - [17/Apr/2017:12:24:40 -0300] "GET /cormunbeta/static/trautorizarsolicitudsalud.js?201612218584475 HTTP/1.1" 200 44488
192.168.10.93 - - [17/Apr/2017:12:24:40 -0300] "GET /cormunbeta/servlet/trautorizarsolicitudsalud? HTTP/1.1" 200 6804
186.103.157.246 - - [17/Apr/2017:12:24:40 -0300] "POST /cormun/servlet/licenciaspermisos?78276b0b8ce59116bdfa81ecf8b6eecf,INS,0,,,,gx-no-cache=1492442739783 HTTP/1.1" 200 93
186.103.157.246 - - [17/Apr/2017:12:24:42 -0300] "GET /cormun/servlet/hpexe_return? HTTP/1.1" 200 1007
186.103.159.182 - - [17/Apr/2017:12:24:42 -0300] "GET /cormun/servlet/licenciaspermisos?d8f5b898ca2d59479e220ed7b7d0d1719f3d0a6fd7f18f3206eeee1ee86d60534da4d4d9e07bd065f2792dc8370a4bebd840ad45dccbbb90a9bbb62c2763cd4fdf784e369fc64030d898f16c1b13e6c862f4a13c8757f712248a4066e28827d105bc73243f9c75a87927431ac5afcf4c489052d412e2f8923c044cb7a63342a5e8ed2fb4425e17d817b683696d7640c054027d8c8d64d0253551561832bfe42600d3604dac9f559d7c4c42cc29923916,gx-no-cache=1492442747172 HTTP/1.1" 200 30
186.103.159.182 - - [17/Apr/2017:12:24:42 -0300] "POST /cormun/servlet/licenciaspermisos?c7e6b191148a85f3d6aac5f50572edeb,INS,0,,,,gx-no-cache=1492442747238 HTTP/1.1" 200 4703
192.168.10.93 - - [17/Apr/2017:12:24:45 -0300] "POST /cormunbeta/servlet/trautorizarsolicitudsalud?ac8ce6caa217f8f405d0ac1fc9bf2962,,gx-no-cache=1492445958944 HTTP/1.1" 200 5685
186.103.157.246 - - [17/Apr/2017:12:24:46 -0300] "GET /cormun/static/Resources/Spanish/PXTools.css?167811 HTTP/1.1" 304 -
186.103.157.246 - - [17/Apr/2017:12:24:48 -0300] "GET /cormun/static/gxcfg.js?2016101716175148 HTTP/1.1" 304 -
186.103.157.246 - - [17/Apr/2017:12:24:48 -0300] "GET /cormun/static/hpexe_return.js?2016101716175153 HTTP/1.1" 304 -
186.103.157.246 - - [17/Apr/2017:12:24:49 -0300] "GET /cormun/servlet/trlicencias HTTP/1.1" 200 8034
186.103.157.246 - - [17/Apr/2017:12:24:52 -0300] "GET /cormun/servlet/trlicencias HTTP/1.1" 200 8029
192.168.10.93 - - [17/Apr/2017:12:24:54 -0300] "POST /cormunbeta/servlet/trautorizarsolicitudsalud?ac8ce6caa217f8f405d0ac1fc9bf2962,,gx-no-cache=1492445968287 HTTP/1.1" 200 5694
192.168.10.93 - - [17/Apr/2017:12:24:54 -0300] "GET /cormunbeta/static/Shared/jqueryui/images/ui-bg_highlight-soft_100_c6c2c8_1x100.png HTTP/1.1" 404 1125
192.168.10.93 - - [17/Apr/2017:12:24:54 -0300] "GET /cormunbeta/static/Shared/jqueryui/images/ui-icons_82798d_256x240.png HTTP/1.1" 404 1097
192.168.10.93 - - [17/Apr/2017:12:24:54 -0300] "GET /cormunbeta/static/Shared/jqueryui/images/ui-bg_flat_55_fafafa_40x100.png HTTP/1.1" 404 1105
192.168.10.93 - - [17/Apr/2017:12:24:54 -0300] "GET /cormunbeta/static/Shared/jqueryui/images/ui-icons_8d78a5_256x240.png HTTP/1.1" 404 1097
192.168.10.93 - - [17/Apr/2017:12:24:58 -0300] "POST /cormunbeta/servlet/trautorizarsolicitudsalud?ac8ce6caa217f8f405d0ac1fc9bf2962,,gx-no-cache=1492445972310 HTTP/1.1" 200 5695
186.103.159.182 - - [17/Apr/2017:12:25:07 -0300] "GET /cormun/servlet/prfichaempleado?,MD,,gxPopupLevel%3D0%3B HTTP/1.1" 200 8915
192.168.10.13 - - [17/Apr/2017:12:25:14 -0300] "GET / HTTP/1.1" 200 11217
192.168.10.93 - - [17/Apr/2017:12:25:16 -0300] "POST /cormunbeta/servlet/trautorizarsolicitudsalud?ac8ce6caa217f8f405d0ac1fc9bf2962,,gx-no-cache=1492445990135 HTTP/1.1" 200 5695
186.103.159.182 - - [17/Apr/2017:12:25:23 -0300] "POST /cormun/servlet/prfichaempleado?c7e6b191148a85f3d6aac5f50572edeb,,MD,,gxPopupLevel%3D0%3B,gx-no-cache=1492442788086 HTTP/1.1" 200 3406
192.168.10.93 - - [17/Apr/2017:12:25:24 -0300] "GET /cormunbeta/servlet/trautorizarsolicitudsalud? HTTP/1.1" 200 8314
192.168.10.93 - - [17/Apr/2017:12:25:25 -0300] "GET /cormunbeta/servlet/trautorizarsolicitudsalud? HTTP/1.1" 200 8314
192.168.10.93 - - [17/Apr/2017:12:25:29 -0300] "GET /cormunbeta/servlet/veautorizarsolicitudsalud?2017,2938,, HTTP/1.1" 200 8040
