186.79.114.85 - - [17/Apr/2017:11:21:18 -0300] "GET /cormun/static/hpexe_messagecontroller.js?201610171694323 HTTP/1.1" 304 -
186.79.114.85 - - [17/Apr/2017:11:21:18 -0300] "GET /cormun/static/hpexe_messagepopupcomponent.js?20161017169425 HTTP/1.1" 304 -
186.79.114.85 - - [17/Apr/2017:11:21:18 -0300] "GET /cormun/static/hpexe_messagegenexuscomponent.js?201731711335537 HTTP/1.1" 304 -
186.79.114.85 - - [17/Apr/2017:11:21:18 -0300] "GET /cormun/static/cmcontrolpreferences.js?201731711335852 HTTP/1.1" 304 -
186.79.114.85 - - [17/Apr/2017:11:21:19 -0300] "GET /cormun/static/hmpwkw03.js?201731711485354 HTTP/1.1" 304 -
186.79.114.85 - - [17/Apr/2017:11:21:19 -0300] "GET /cormun/servlet/hhome HTTP/1.1" 200 4002
186.79.114.85 - - [17/Apr/2017:11:21:23 -0300] "GET /cormun/servlet/trpermisosgoce? HTTP/1.1" 200 9922
186.79.114.85 - - [17/Apr/2017:11:21:23 -0300] "GET /cormun/static/gxcfg.js?20174111153177 HTTP/1.1" 200 953
186.79.114.85 - - [17/Apr/2017:11:21:23 -0300] "GET /cormun/static/calendar.js?85251 HTTP/1.1" 304 -
186.79.114.85 - - [17/Apr/2017:11:21:23 -0300] "GET /cormun/static/calendar-setup.js?85251 HTTP/1.1" 304 -
186.79.114.85 - - [17/Apr/2017:11:21:23 -0300] "GET /cormun/static/calendar-es.js?85251 HTTP/1.1" 304 -
186.79.114.85 - - [17/Apr/2017:11:21:26 -0300] "GET /cormun/static/trpermisosgoce.js?20174111153217 HTTP/1.1" 304 -
186.79.114.85 - - [17/Apr/2017:11:21:27 -0300] "GET /cormun/servlet/trpermisosgoce? HTTP/1.1" 200 9921
186.79.114.85 - - [17/Apr/2017:11:21:34 -0300] "GET /cormun/servlet/permisogoce?INS,0,,, HTTP/1.1" 200 6776
186.79.114.85 - - [17/Apr/2017:11:21:34 -0300] "GET /cormun/static/gxcfg.js?201741111325459 HTTP/1.1" 200 953
186.79.114.85 - - [17/Apr/2017:11:21:35 -0300] "GET /cormun/static/permisogoce.js?20174111132557 HTTP/1.1" 200 26619
186.79.114.85 - - [17/Apr/2017:11:21:35 -0300] "GET /cormun/servlet/permisogoce?INS,0,,, HTTP/1.1" 200 6776
186.79.114.85 - - [17/Apr/2017:11:21:53 -0300] "GET /cormun/servlet/permisogoce?dd8431f0fc5a743be8349aa107ee398ecf6f0ed03c2f3923dec4e312d35b0fe383bb365bca222edef68c8413d9a50b0d,gx-no-cache=1492438981813 HTTP/1.1" 200 68
186.79.114.85 - - [17/Apr/2017:11:21:54 -0300] "GET /cormun/static/menuarrow.gif HTTP/1.1" 404 1015
186.79.114.85 - - [17/Apr/2017:11:22:06 -0300] "GET /cormun/servlet/permisogoce?dd8431f0fc5a743be8349aa107ee398e981be1cd9df4920ce8f15ce9cea9336ea34941d1428796cd98e80d6f0273f99ee88f9fcdf2af5941ef5f42312ae9fb17,gx-no-cache=1492438994382 HTTP/1.1" 200 47
192.168.10.13 - - [17/Apr/2017:11:22:14 -0300] "GET / HTTP/1.1" 200 11217
186.79.114.85 - - [17/Apr/2017:11:22:25 -0300] "POST /cormun/servlet/permisogoce?e4ac30ddff18ed3e01048b6c6c0ed3cc,INS,0,,,,gx-no-cache=1492439012834 HTTP/1.1" 200 93
186.79.114.85 - - [17/Apr/2017:11:22:25 -0300] "GET /cormun/servlet/hpexe_return? HTTP/1.1" 200 1009
186.79.114.85 - - [17/Apr/2017:11:22:25 -0300] "GET /cormun/static/Resources/Spanish/PXTools.css?167811 HTTP/1.1" 304 -
186.79.114.85 - - [17/Apr/2017:11:22:25 -0300] "GET /cormun/static/gxcfg.js?2016101716175148 HTTP/1.1" 304 -
186.79.114.85 - - [17/Apr/2017:11:22:25 -0300] "GET /cormun/static/hpexe_return.js?2016101716175153 HTTP/1.1" 304 -
186.79.114.85 - - [17/Apr/2017:11:22:25 -0300] "GET /cormun/servlet/trpermisosgoce HTTP/1.1" 200 10143
186.79.114.85 - - [17/Apr/2017:11:22:26 -0300] "GET /cormun/servlet/trpermisosgoce HTTP/1.1" 200 10133
186.79.246.208 - - [17/Apr/2017:11:22:29 -0300] "GET /cormun/static/menuarrow.gif HTTP/1.1" 404 1015
186.79.114.85 - - [17/Apr/2017:11:22:33 -0300] "GET /cormun/servlet/trpermisosadjuntos?8494476,20170417121659,P, HTTP/1.1" 200 6313
186.79.114.85 - - [17/Apr/2017:11:22:33 -0300] "GET /cormun/static/trpermisosadjuntos.js?201731711542990 HTTP/1.1" 304 -
186.79.114.85 - - [17/Apr/2017:11:22:33 -0300] "GET /cormun/static/gxcfg.js?201731711542659 HTTP/1.1" 304 -
186.79.114.85 - - [17/Apr/2017:11:22:34 -0300] "GET /cormun/servlet/trpermisosadjuntos?8494476,20170417121659,P, HTTP/1.1" 200 6314
186.79.114.85 - - [17/Apr/2017:11:22:36 -0300] "GET /cormun/servlet/permisosadjuntos?INS,8494476,P,20170417121659,, HTTP/1.1" 200 5644
186.79.114.85 - - [17/Apr/2017:11:22:37 -0300] "GET /cormun/static/gxcfg.js?201741111155774 HTTP/1.1" 200 953
186.79.114.85 - - [17/Apr/2017:11:22:37 -0300] "GET /cormun/static/permisosadjuntos.js?201741111155784 HTTP/1.1" 200 8724
186.79.114.85 - - [17/Apr/2017:11:22:37 -0300] "GET /cormun/static/about:blank HTTP/1.1" 404 1011
186.79.114.85 - - [17/Apr/2017:11:22:37 -0300] "GET /cormun/servlet/permisosadjuntos?INS,8494476,P,20170417121659,, HTTP/1.1" 200 5634
186.79.246.208 - - [17/Apr/2017:11:22:46 -0300] "GET /cormun/servlet/solicitudot?320f50e1c114f2998f3232607f1bebe2a724923087d805a8e31a5e201d986e563255bf7ab8e3603a5f665d8e9a366b8d77d94890035dd4baea9d7ae066a7e825f1e4a5405f3d35ce0f96a98e8da550eea8c597fc5d73ce0d095396de306baba464357dec96e8bdfb493772eb2cd40fab805c719842983d8a72029a4a1dac4852a6003c294dea434cc0c2a4fffa531091a7f4c88fbcaedfc98232a5331b8f97834918a1f746da46039576a5d2e4568c6e,gx-no-cache=1492439030266 HTTP/1.1" 200 30
46.174.191.30 - - [17/Apr/2017:11:22:49 -0300] "GET / HTTP/1.0" 200 11197
186.79.114.85 - - [17/Apr/2017:11:22:50 -0300] "POST /cormun/servlet/permisosadjuntos?e4ac30ddff18ed3e01048b6c6c0ed3cc,INS,8494476,P,20170417121659,, HTTP/1.1" 200 116
186.79.114.85 - - [17/Apr/2017:11:22:50 -0300] "GET /cormun/servlet/hpexe_return? HTTP/1.1" 200 1036
186.79.114.85 - - [17/Apr/2017:11:22:50 -0300] "GET /cormun/servlet/trpermisosadjuntos?8494476,20170417121659,P, HTTP/1.1" 200 6766
186.79.114.85 - - [17/Apr/2017:11:22:51 -0300] "GET /cormun/servlet/trpermisosadjuntos?8494476,20170417121659,P, HTTP/1.1" 200 6762
186.79.114.85 - - [17/Apr/2017:11:22:56 -0300] "POST /cormun/servlet/trpermisosadjuntos?e4ac30ddff18ed3e01048b6c6c0ed3cc,8494476,20170417121659,P,,gx-no-cache=1492439044128 HTTP/1.1" 200 90
186.79.114.85 - - [17/Apr/2017:11:22:56 -0300] "GET /cormun/servlet/hpexe_link HTTP/1.1" 200 980
186.79.114.85 - - [17/Apr/2017:11:22:56 -0300] "GET /cormun/servlet/trpermisosgoce HTTP/1.1" 200 10137
186.79.114.85 - - [17/Apr/2017:11:22:57 -0300] "GET /cormun/servlet/trpermisosgoce HTTP/1.1" 200 10144
186.79.114.85 - - [17/Apr/2017:11:23:00 -0300] "POST /cormun/servlet/trpermisosgoce?e4ac30ddff18ed3e01048b6c6c0ed3cc,gx-no-cache=1492439048305 HTTP/1.1" 200 7290
186.79.114.85 - - [17/Apr/2017:11:23:01 -0300] "GET /cormun/static/Shared/jqueryui/images/ui-bg_highlight-soft_100_c6c2c8_1x100.png HTTP/1.1" 404 1117
186.79.114.85 - - [17/Apr/2017:11:23:01 -0300] "GET /cormun/static/Shared/jqueryui/images/ui-icons_82798d_256x240.png HTTP/1.1" 404 1089
186.79.114.85 - - [17/Apr/2017:11:23:01 -0300] "GET /cormun/static/Shared/jqueryui/images/ui-bg_flat_55_fafafa_40x100.png HTTP/1.1" 404 1097
186.79.114.85 - - [17/Apr/2017:11:23:01 -0300] "GET /cormun/static/Shared/jqueryui/images/ui-icons_8d78a5_256x240.png HTTP/1.1" 404 1089
186.79.246.208 - - [17/Apr/2017:11:23:14 -0300] "POST /cormun/servlet/solicitudot?3f438139f3a2f6904890f774dba59a8a,INS,0,0,,gx-no-cache=1492439057301 HTTP/1.1" 200 93
186.79.246.208 - - [17/Apr/2017:11:23:14 -0300] "GET /cormun/servlet/hpexe_return? HTTP/1.1" 200 1003
192.168.10.13 - - [17/Apr/2017:11:23:14 -0300] "GET / HTTP/1.1" 200 11217
186.79.246.208 - - [17/Apr/2017:11:23:14 -0300] "GET /cormun/servlet/trsolicitudot HTTP/1.1" 200 9048
186.79.114.85 - - [17/Apr/2017:11:23:14 -0300] "GET /cormun/servlet/permisogoce?INS,0,,, HTTP/1.1" 200 6777
186.79.114.85 - - [17/Apr/2017:11:23:15 -0300] "GET /cormun/servlet/permisogoce?INS,0,,, HTTP/1.1" 200 6777
186.79.246.208 - - [17/Apr/2017:11:23:16 -0300] "GET /cormun/servlet/trsolicitudot HTTP/1.1" 200 9044
186.79.246.208 - - [17/Apr/2017:11:23:21 -0300] "GET /cormun/servlet/solicitudot?INS,0,0, HTTP/1.1" 200 12530
186.79.246.208 - - [17/Apr/2017:11:23:22 -0300] "GET /cormun/servlet/solicitudot?INS,0,0, HTTP/1.1" 200 12535
186.79.114.85 - - [17/Apr/2017:11:23:24 -0300] "GET /cormun/servlet/permisogoce?dd8431f0fc5a743be8349aa107ee398e91dd493cba4419efd13cbd64e0fa5cebeee37f360adcc9ddead6d4d8f6c122a1,gx-no-cache=1492439072603 HTTP/1.1" 200 74
186.79.114.85 - - [17/Apr/2017:11:23:24 -0300] "GET /cormun/static/menuarrow.gif HTTP/1.1" 404 1015
186.79.114.85 - - [17/Apr/2017:11:23:29 -0300] "GET /cormun/servlet/permisogoce?dd8431f0fc5a743be8349aa107ee398ef1d365f79b850aa70ef3e9e0edad980f6a7d20848ddf37d143604cdba8b50bc0716784c3bb7c2bf03b21041b010b0a4e,gx-no-cache=1492439077734 HTTP/1.1" 200 47
186.79.246.208 - - [17/Apr/2017:11:23:36 -0300] "POST /cormun/servlet/solicitudot?gx-no-cache=1492439080188 HTTP/1.1" 200 3183
186.79.246.208 - - [17/Apr/2017:11:23:37 -0300] "POST /cormun/servlet/solicitudot?3f438139f3a2f6904890f774dba59a8a,INS,0,0,,gx-no-cache=1492439080724 HTTP/1.1" 200 9773
186.79.114.85 - - [17/Apr/2017:11:23:39 -0300] "POST /cormun/servlet/permisogoce?e4ac30ddff18ed3e01048b6c6c0ed3cc,INS,0,,,,gx-no-cache=1492439086966 HTTP/1.1" 200 93
186.79.114.85 - - [17/Apr/2017:11:23:39 -0300] "GET /cormun/servlet/hpexe_return? HTTP/1.1" 200 1031
186.79.114.85 - - [17/Apr/2017:11:23:39 -0300] "GET /cormun/servlet/trpermisosgoce?gx-no-cache=1492439048305 HTTP/1.1" 200 10146
186.79.114.85 - - [17/Apr/2017:11:23:40 -0300] "GET /cormun/servlet/trpermisosgoce?gx-no-cache=1492439048305 HTTP/1.1" 200 10158
186.79.246.208 - - [17/Apr/2017:11:23:41 -0300] "GET /cormun/servlet/solicitudot?320f50e1c114f2998f3232607f1bebe2a610f997a65d4018cc1cbb7ad63b02b7008c3fb08325ba3d204a7d2afef29e84,gx-no-cache=1492439085057 HTTP/1.1" 200 30
186.79.246.208 - - [17/Apr/2017:11:23:41 -0300] "POST /cormun/servlet/solicitudot?gx-no-cache=1492439085187 HTTP/1.1" 200 255
186.79.246.208 - - [17/Apr/2017:11:23:41 -0300] "GET /cormun/servlet/solicitudot?320f50e1c114f2998f3232607f1bebe22450d382c6baffd7c45943e9e8ec2e583c8ff4ab3703fc5bce2738e946a21b615309f43f89a95a3f3daa2c7829a6ac1714b2f1d4b031618b94d74b335a3378cccbc50128fdaed7baf34cf609a350c9450507bc31149fafb03ee98a5db39da6d3a65689764c5b8ff4a33ebc9f5d47785d0df27f5659d5a73ee8bea1453a8e4d4838e08091850da5940b4e10c505fd5437a7b27eac3a7cc0656e068c33f85d756255726d7063826b7a0e021bf742dc5849c751d40cb488e6f66d079419be9f391abc36c4da95392f2513d8b44e6cd9474b6c2de5e552d82c797b3912319abee4456695d11bdac5cce487eddb3b977eae11696dd2500b7f48b5de377c43ca2339184dabf510fd31dc4d1729453377b7f7a227e36fb9108b527e1bfe7d9e2065bb263ecd929ec535ee61ea4da72e2ee53299b7d30bde387a9bba57d81ac7f86167cbab9ad6359de19044bcefed3cc61ee39aaf9eae1bb6678dceecbee87303e31f3324b9d3dbd2cdf20f6cdcfd40ed127b79,gx-no-cache=1492439085323 HTTP/1.1" 200 30
186.79.114.85 - - [17/Apr/2017:11:23:43 -0300] "GET /cormun/servlet/trpermisosadjuntos?15919893,20170417121813,P, HTTP/1.1" 200 6341
186.79.114.85 - - [17/Apr/2017:11:23:44 -0300] "GET /cormun/servlet/trpermisosadjuntos?15919893,20170417121813,P, HTTP/1.1" 200 6320
186.79.114.85 - - [17/Apr/2017:11:23:46 -0300] "GET /cormun/servlet/permisosadjuntos?INS,15919893,P,20170417121813,, HTTP/1.1" 200 5648
186.79.114.85 - - [17/Apr/2017:11:23:46 -0300] "GET /cormun/static/about:blank HTTP/1.1" 404 1011
186.79.114.85 - - [17/Apr/2017:11:23:46 -0300] "GET /cormun/servlet/permisosadjuntos?INS,15919893,P,20170417121813,, HTTP/1.1" 200 5639
186.79.246.208 - - [17/Apr/2017:11:23:56 -0300] "POST /cormun/servlet/solicitudot?gx-no-cache=1492439099945 HTTP/1.1" 200 30
186.79.226.236 - - [17/Apr/2017:11:24:00 -0300] "POST /cormun/servlet/solicitudot?gx-no-cache=1492439104727 HTTP/1.1" 200 238
186.79.114.85 - - [17/Apr/2017:11:24:00 -0300] "POST /cormun/servlet/permisosadjuntos?e4ac30ddff18ed3e01048b6c6c0ed3cc,INS,15919893,P,20170417121813,, HTTP/1.1" 200 116
186.79.114.85 - - [17/Apr/2017:11:24:00 -0300] "GET /cormun/servlet/hpexe_return? HTTP/1.1" 200 1036
186.79.114.85 - - [17/Apr/2017:11:24:01 -0300] "GET /cormun/servlet/trpermisosadjuntos?15919893,20170417121813,P, HTTP/1.1" 200 6770
186.79.246.208 - - [17/Apr/2017:11:24:01 -0300] "POST /cormun/servlet/solicitudot?gx-no-cache=1492439105333 HTTP/1.1" 200 235
186.79.246.208 - - [17/Apr/2017:11:24:01 -0300] "POST /cormun/servlet/solicitudot?gx-no-cache=1492439105467 HTTP/1.1" 200 38
186.79.226.236 - - [17/Apr/2017:11:24:02 -0300] "GET /cormun/servlet/solicitudot?f42b44e51093dfd0fd35c0ebfe589ed8a8e385f50bdd4c768b71261f7512003c806e518161bc29afe348398fdba3ebd89374692e3f1d430d46b43f81439c78829f04a5fb9084c4c8ee8190f4e1b8e38947a2caefd3d72ad295070ac7c1c8c57e3d3a454a2b4df3cb352bcb03f5bc2c9b612214ab3448117f6b52047c442bc65942061cbd29de421323048566de2c0f9200e0f3c2a4008b3f018c3c088a9a25b9f0349bd02d03230cfca61044d2031894a1189ef2889becd62749281ab7bf0e586b0a35e99851324ba301a4c486f45b8ce78e7456262014bcfd9892b6feab857d4d4e6d7f955eda24bbb8e1abbb0a76c60b472e9dd06b5a2e10f61823b37f529797b4f3043a2b006765f83ae8dfd547c11ebc189b883f8f09cddc610873acc39e1a039110417a9d6d406c32252e9e49895118f72a509f08270f562d529bfcc267cbe05ce8f8b2ca8ee707d50f017404034bd6602371d35faf817e995e132457a1e1c79057b85b50bdaad97aa9df1b5eac91f0d6312d1f9e5e9d860861a220f920,gx-no-cache=1492439106319 HTTP/1.1" 200 30
186.79.226.236 - - [17/Apr/2017:11:24:02 -0300] "POST /cormun/servlet/solicitudot?gx-no-cache=1492439106405 HTTP/1.1" 200 30
186.79.226.236 - - [17/Apr/2017:11:24:02 -0300] "POST /cormun/servlet/solicitudot?gx-no-cache=1492439106494 HTTP/1.1" 200 1291
186.79.226.236 - - [17/Apr/2017:11:24:02 -0300] "POST /cormun/servlet/solicitudot?gx-no-cache=1492439106712 HTTP/1.1" 200 41
186.79.114.85 - - [17/Apr/2017:11:24:02 -0300] "GET /cormun/servlet/trpermisosadjuntos?15919893,20170417121813,P, HTTP/1.1" 200 6766
186.79.226.236 - - [17/Apr/2017:11:24:02 -0300] "POST /cormun/servlet/solicitudot?gx-no-cache=1492439106876 HTTP/1.1" 200 1275
186.79.226.236 - - [17/Apr/2017:11:24:02 -0300] "POST /cormun/servlet/solicitudot?gx-no-cache=1492439107044 HTTP/1.1" 200 1157
186.79.114.85 - - [17/Apr/2017:11:24:04 -0300] "POST /cormun/servlet/trpermisosadjuntos?e4ac30ddff18ed3e01048b6c6c0ed3cc,15919893,20170417121813,P,,gx-no-cache=1492439112808 HTTP/1.1" 200 90
186.79.114.85 - - [17/Apr/2017:11:24:05 -0300] "GET /cormun/servlet/hpexe_link HTTP/1.1" 200 1004
186.79.114.85 - - [17/Apr/2017:11:24:05 -0300] "GET /cormun/servlet/trpermisosgoce?gx-no-cache=1492439048305 HTTP/1.1" 200 10136
186.79.114.85 - - [17/Apr/2017:11:24:07 -0300] "GET /cormun/servlet/trpermisosgoce?gx-no-cache=1492439048305 HTTP/1.1" 200 10166
186.79.114.85 - - [17/Apr/2017:11:24:10 -0300] "POST /cormun/servlet/trpermisosgoce?e4ac30ddff18ed3e01048b6c6c0ed3cc,gx-no-cache=1492439048305,gx-no-cache=1492439117960 HTTP/1.1" 200 7290
186.79.114.85 - - [17/Apr/2017:11:24:10 -0300] "GET /cormun/static/Shared/jqueryui/images/ui-bg_highlight-soft_100_c6c2c8_1x100.png HTTP/1.1" 404 1117
186.79.114.85 - - [17/Apr/2017:11:24:10 -0300] "GET /cormun/static/Shared/jqueryui/images/ui-icons_82798d_256x240.png HTTP/1.1" 404 1089
186.79.114.85 - - [17/Apr/2017:11:24:10 -0300] "GET /cormun/static/Shared/jqueryui/images/ui-bg_flat_55_fafafa_40x100.png HTTP/1.1" 404 1097
186.79.114.85 - - [17/Apr/2017:11:24:11 -0300] "GET /cormun/static/Shared/jqueryui/images/ui-icons_8d78a5_256x240.png HTTP/1.1" 404 1089
192.168.10.13 - - [17/Apr/2017:11:24:14 -0300] "GET / HTTP/1.1" 200 11217
186.79.114.85 - - [17/Apr/2017:11:24:15 -0300] "GET /cormun/servlet/trautorizarpermisogoce? HTTP/1.1" 200 8601
186.79.114.85 - - [17/Apr/2017:11:24:15 -0300] "GET /cormun/static/gxcfg.js?20174111145711 HTTP/1.1" 200 953
186.79.114.85 - - [17/Apr/2017:11:24:15 -0300] "GET /cormun/static/trautorizarpermisogoce.js?201741111451072 HTTP/1.1" 200 32073
186.79.114.85 - - [17/Apr/2017:11:24:16 -0300] "GET /cormun/servlet/trautorizarpermisogoce? HTTP/1.1" 200 8580
186.79.246.208 - - [17/Apr/2017:11:24:18 -0300] "GET /cormun/servlet/solicitudot?320f50e1c114f2998f3232607f1bebe21018a614a9cd5e66f17b3db84a7aba9f6b21c621f360d4e207f3df4257859ef328bb3b67cc6cf2c879fc10c5074001f06c247008507f11876a58b4fb1fb5bfbcdc93c5eed428c605f735a0bbc23d2e87e738bbcb2f8f21a3569fe23badb513650c6b695cce25ff17dc718abfb635f8ba839110e4cf9f65a6de266093299ae98a7eda9c232b9e09babbe14d2ecb7c6340cd58858a10369f439dbbb9a8c0e7dba9d5dfc8b45ffe0a856db07e8205910d9a0cab9e0d6628f0cd854f0ceda753e7fc,gx-no-cache=1492439122456 HTTP/1.1" 200 29
186.79.246.208 - - [17/Apr/2017:11:24:22 -0300] "POST /cormun/servlet/solicitudot?gx-no-cache=1492439125841 HTTP/1.1" 200 668
186.79.246.208 - - [17/Apr/2017:11:24:23 -0300] "POST /cormun/servlet/solicitudot?gx-no-cache=1492439127545 HTTP/1.1" 200 1157
186.79.114.85 - - [17/Apr/2017:11:24:24 -0300] "POST /cormun/servlet/trautorizarpermisogoce?e4ac30ddff18ed3e01048b6c6c0ed3cc,,gx-no-cache=1492439131855 HTTP/1.1" 200 5722
186.79.114.85 - - [17/Apr/2017:11:24:24 -0300] "GET /cormun/static/Shared/jqueryui/images/ui-bg_highlight-soft_100_c6c2c8_1x100.png HTTP/1.1" 404 1117
186.79.114.85 - - [17/Apr/2017:11:24:24 -0300] "GET /cormun/static/Shared/jqueryui/images/ui-icons_82798d_256x240.png HTTP/1.1" 404 1089
186.79.114.85 - - [17/Apr/2017:11:24:24 -0300] "GET /cormun/static/Shared/jqueryui/images/ui-bg_flat_55_fafafa_40x100.png HTTP/1.1" 404 1097
186.79.114.85 - - [17/Apr/2017:11:24:24 -0300] "GET /cormun/static/Shared/jqueryui/images/ui-icons_8d78a5_256x240.png HTTP/1.1" 404 1089
186.79.114.85 - - [17/Apr/2017:11:24:25 -0300] "POST /cormun/servlet/trautorizarpermisogoce?e4ac30ddff18ed3e01048b6c6c0ed3cc,,gx-no-cache=1492439133225 HTTP/1.1" 200 5527
186.79.114.85 - - [17/Apr/2017:11:24:27 -0300] "POST /cormun/servlet/trautorizarpermisogoce?e4ac30ddff18ed3e01048b6c6c0ed3cc,,gx-no-cache=1492439134702 HTTP/1.1" 200 5339
186.79.114.85 - - [17/Apr/2017:11:24:28 -0300] "POST /cormun/servlet/trautorizarpermisogoce?e4ac30ddff18ed3e01048b6c6c0ed3cc,,gx-no-cache=1492439136070 HTTP/1.1" 200 5118
186.79.114.85 - - [17/Apr/2017:11:24:30 -0300] "POST /cormun/servlet/trautorizarpermisogoce?e4ac30ddff18ed3e01048b6c6c0ed3cc,,gx-no-cache=1492439137730 HTTP/1.1" 200 4879
186.79.226.236 - - [17/Apr/2017:11:24:30 -0300] "GET /cormun/servlet/solicitudot?f42b44e51093dfd0fd35c0ebfe589ed8ec2587c1e8cda637832c51a4f17ca000aed4174214b44711b02c0442a94d353e4e10aee75eab9f267dde89cd8f0c2adb433ad607be1c3c66d088caeea43754f0054283a93dd6736ec705b3602d2ac1aa30685a9b17fbdbf433cf95f44a3d9a1b7083863b1e38acc5f1a7b8650622c53ace08af750b07acbc904dc72e621fff39c76e3f9aa2a5de798bd4df636f92d8e57d4f9886667b24a8d1976bcc7505d5cf563696c937451d35400dc9c1878b89eb,gx-no-cache=1492439134824 HTTP/1.1" 200 30
186.79.114.85 - - [17/Apr/2017:11:24:31 -0300] "POST /cormun/servlet/trautorizarpermisogoce?e4ac30ddff18ed3e01048b6c6c0ed3cc,,gx-no-cache=1492439139189 HTTP/1.1" 200 4166
186.79.246.208 - - [17/Apr/2017:11:24:35 -0300] "GET /cormun/static/menuarrow.gif HTTP/1.1" 404 1015
186.79.114.85 - - [17/Apr/2017:11:24:35 -0300] "GET /cormun/servlet/trpermisosgoce? HTTP/1.1" 200 9919
186.79.114.85 - - [17/Apr/2017:11:24:37 -0300] "GET /cormun/servlet/trpermisosgoce? HTTP/1.1" 200 9918
186.79.114.85 - - [17/Apr/2017:11:24:48 -0300] "POST /cormun/servlet/trpermisosgoce?e4ac30ddff18ed3e01048b6c6c0ed3cc,,gx-no-cache=1492439156032 HTTP/1.1" 200 7044
186.79.114.85 - - [17/Apr/2017:11:24:48 -0300] "GET /cormun/static/Shared/jqueryui/images/ui-bg_highlight-soft_100_c6c2c8_1x100.png HTTP/1.1" 404 1117
186.79.114.85 - - [17/Apr/2017:11:24:48 -0300] "GET /cormun/static/Shared/jqueryui/images/ui-icons_82798d_256x240.png HTTP/1.1" 404 1089
186.79.114.85 - - [17/Apr/2017:11:24:48 -0300] "GET /cormun/static/Shared/jqueryui/images/ui-bg_flat_55_fafafa_40x100.png HTTP/1.1" 404 1097
186.79.114.85 - - [17/Apr/2017:11:24:48 -0300] "GET /cormun/static/Shared/jqueryui/images/ui-icons_8d78a5_256x240.png HTTP/1.1" 404 1089
186.79.246.208 - - [17/Apr/2017:11:24:51 -0300] "GET /cormun/servlet/solicitudot?320f50e1c114f2998f3232607f1bebe2a724923087d805a8e31a5e201d986e563255bf7ab8e3603a5f665d8e9a366b8d77d94890035dd4baea9d7ae066a7e825f1e4a5405f3d35ce0f96a98e8da550eea8c597fc5d73ce0d095396de306baba464357dec96e8bdfb493772eb2cd40fab805c719842983d8a72029a4a1dac4852a6003c294dea434cc0c2a4fffa531091a7f4c88fbcaedfc98232a5331b8f97834918a1f746da46039576a5d2e4568c6e,gx-no-cache=1492439154951 HTTP/1.1" 200 30
186.79.114.85 - - [17/Apr/2017:11:24:53 -0300] "POST /cormun/servlet/trpermisosgoce?e4ac30ddff18ed3e01048b6c6c0ed3cc,,gx-no-cache=1492439161086 HTTP/1.1" 200 6853
186.79.114.85 - - [17/Apr/2017:11:24:55 -0300] "POST /cormun/servlet/trpermisosgoce?e4ac30ddff18ed3e01048b6c6c0ed3cc,,gx-no-cache=1492439163027 HTTP/1.1" 200 6641
186.79.114.85 - - [17/Apr/2017:11:24:57 -0300] "POST /cormun/servlet/trpermisosgoce?e4ac30ddff18ed3e01048b6c6c0ed3cc,,gx-no-cache=1492439164731 HTTP/1.1" 200 6433
186.79.114.85 - - [17/Apr/2017:11:24:58 -0300] "POST /cormun/servlet/trpermisosgoce?e4ac30ddff18ed3e01048b6c6c0ed3cc,,gx-no-cache=1492439166328 HTTP/1.1" 200 6251
186.79.114.85 - - [17/Apr/2017:11:25:00 -0300] "POST /cormun/servlet/trpermisosgoce?e4ac30ddff18ed3e01048b6c6c0ed3cc,,gx-no-cache=1492439167826 HTTP/1.1" 200 6060
186.79.114.85 - - [17/Apr/2017:11:25:01 -0300] "POST /cormun/servlet/trpermisosgoce?e4ac30ddff18ed3e01048b6c6c0ed3cc,,gx-no-cache=1492439169323 HTTP/1.1" 200 5824
186.79.114.85 - - [17/Apr/2017:11:25:03 -0300] "POST /cormun/servlet/trpermisosgoce?e4ac30ddff18ed3e01048b6c6c0ed3cc,,gx-no-cache=1492439170686 HTTP/1.1" 200 5618
186.79.114.85 - - [17/Apr/2017:11:25:04 -0300] "POST /cormun/servlet/trpermisosgoce?e4ac30ddff18ed3e01048b6c6c0ed3cc,,gx-no-cache=1492439172065 HTTP/1.1" 200 5385
186.79.114.85 - - [17/Apr/2017:11:25:05 -0300] "POST /cormun/servlet/trpermisosgoce?e4ac30ddff18ed3e01048b6c6c0ed3cc,,gx-no-cache=1492439173273 HTTP/1.1" 200 5166
186.79.114.85 - - [17/Apr/2017:11:25:06 -0300] "POST /cormun/servlet/trpermisosgoce?e4ac30ddff18ed3e01048b6c6c0ed3cc,,gx-no-cache=1492439174576 HTTP/1.1" 200 4918
186.79.246.208 - - [17/Apr/2017:11:25:08 -0300] "POST /cormun/servlet/solicitudot?3f438139f3a2f6904890f774dba59a8a,INS,0,0,,gx-no-cache=1492439171092 HTTP/1.1" 200 93
186.79.114.85 - - [17/Apr/2017:11:25:08 -0300] "POST /cormun/servlet/trpermisosgoce?e4ac30ddff18ed3e01048b6c6c0ed3cc,,gx-no-cache=1492439175779 HTTP/1.1" 200 4179
186.79.246.208 - - [17/Apr/2017:11:25:08 -0300] "GET /cormun/servlet/hpexe_return? HTTP/1.1" 200 1003
186.79.246.208 - - [17/Apr/2017:11:25:08 -0300] "GET /cormun/servlet/trsolicitudot HTTP/1.1" 200 9293
186.79.246.208 - - [17/Apr/2017:11:25:10 -0300] "GET /cormun/servlet/trsolicitudot HTTP/1.1" 200 9289
186.79.114.85 - - [17/Apr/2017:11:25:11 -0300] "GET /cormun/servlet/trautorizarpermisogoce? HTTP/1.1" 200 9750
186.79.114.85 - - [17/Apr/2017:11:25:12 -0300] "GET /cormun/servlet/trautorizarpermisogoce? HTTP/1.1" 200 9750
192.168.10.13 - - [17/Apr/2017:11:25:14 -0300] "GET / HTTP/1.1" 200 11217
186.79.114.85 - - [17/Apr/2017:11:25:16 -0300] "POST /cormun/servlet/trautorizarpermisogoce?e4ac30ddff18ed3e01048b6c6c0ed3cc,,gx-no-cache=1492439183549 HTTP/1.1" 200 6916
186.79.246.208 - - [17/Apr/2017:11:25:16 -0300] "POST /cormun/servlet/trsolicitudot?3f438139f3a2f6904890f774dba59a8a,gx-no-cache=1492439179588 HTTP/1.1" 200 106
186.79.246.208 - - [17/Apr/2017:11:25:16 -0300] "GET /cormun/servlet/solicitudot?UPD,2017,6088, HTTP/1.1" 200 14201
186.79.114.85 - - [17/Apr/2017:11:25:16 -0300] "GET /cormun/static/Shared/jqueryui/images/ui-bg_highlight-soft_100_c6c2c8_1x100.png HTTP/1.1" 404 1117
186.79.114.85 - - [17/Apr/2017:11:25:17 -0300] "GET /cormun/static/Shared/jqueryui/images/ui-icons_82798d_256x240.png HTTP/1.1" 404 1089
186.79.114.85 - - [17/Apr/2017:11:25:17 -0300] "GET /cormun/static/Shared/jqueryui/images/ui-bg_flat_55_fafafa_40x100.png HTTP/1.1" 404 1097
186.79.114.85 - - [17/Apr/2017:11:25:17 -0300] "GET /cormun/static/Shared/jqueryui/images/ui-icons_8d78a5_256x240.png HTTP/1.1" 404 1089
186.79.246.208 - - [17/Apr/2017:11:25:18 -0300] "GET /cormun/servlet/solicitudot?UPD,2017,6088, HTTP/1.1" 200 14211
186.79.114.85 - - [17/Apr/2017:11:25:18 -0300] "POST /cormun/servlet/trautorizarpermisogoce?e4ac30ddff18ed3e01048b6c6c0ed3cc,,gx-no-cache=1492439185999 HTTP/1.1" 200 6736
186.79.246.208 - - [17/Apr/2017:11:25:18 -0300] "POST /cormun/servlet/solicitudot?gx-no-cache=1492439182147 HTTP/1.1" 200 3183
186.79.246.208 - - [17/Apr/2017:11:25:19 -0300] "POST /cormun/servlet/solicitudot?3f438139f3a2f6904890f774dba59a8a,UPD,2017,6088,,gx-no-cache=1492439182695 HTTP/1.1" 200 10868
186.79.246.208 - - [17/Apr/2017:11:25:19 -0300] "GET /cormun/servlet/solicitudot?320f50e1c114f2998f3232607f1bebe2a610f997a65d4018cc1cbb7ad63b02b727692428b5afaaba9e5481c7aa7f84d2,gx-no-cache=1492439183397 HTTP/1.1" 200 30
186.79.246.208 - - [17/Apr/2017:11:25:19 -0300] "POST /cormun/servlet/solicitudot?gx-no-cache=1492439183540 HTTP/1.1" 200 254
186.79.246.208 - - [17/Apr/2017:11:25:20 -0300] "GET /cormun/servlet/solicitudot?320f50e1c114f2998f3232607f1bebe22450d382c6baffd7c45943e9e8ec2e583c8ff4ab3703fc5bce2738e946a21b615309f43f89a95a3f3daa2c7829a6ac1714b2f1d4b031618b94d74b335a3378cccbc50128fdaed7baf34cf609a350c9450507bc31149fafb03ee98a5db39da6d3a65689764c5b8ff4a33ebc9f5d47785d0df27f5659d5a73ee8bea1453a8e4d4838e08091850da5940b4e10c505fd5437a7b27eac3a7cc0656e068c33f85d756255726d7063826b7a0e021bf742dc5849c751d40cb488e6f66d079419be9f391abc36c4da95392f2513d8b44e6cd9474b6c2de5e552d82c797b3912319abee4456695d11bdac5cce487eddb3b977eae11696dd2500b7f48b5de377c43ca2339184dabf510fd31dc4d1729453377b7f7a227e36fb9108b527e1bfe7d9e2065bb263ecd929ec535ee61ea4da72e2ee53299b7d30bde387a9bba57d81ac7f86167cbab9ad6359de19044bcefed3cc61ee39aaf9eae1bb6678dceecbee87303e31f332e38467f3838b189f37e9535c18ac85c,gx-no-cache=1492439183667 HTTP/1.1" 200 30
186.79.114.85 - - [17/Apr/2017:11:25:20 -0300] "POST /cormun/servlet/trautorizarpermisogoce?e4ac30ddff18ed3e01048b6c6c0ed3cc,,gx-no-cache=1492439187530 HTTP/1.1" 200 6551
186.79.246.208 - - [17/Apr/2017:11:25:20 -0300] "POST /cormun/servlet/solicitudot?gx-no-cache=1492439183771 HTTP/1.1" 200 30
186.79.246.208 - - [17/Apr/2017:11:25:20 -0300] "POST /cormun/servlet/solicitudot?gx-no-cache=1492439183906 HTTP/1.1" 200 1287
186.79.246.208 - - [17/Apr/2017:11:25:20 -0300] "POST /cormun/servlet/solicitudot?gx-no-cache=1492439184126 HTTP/1.1" 200 41
186.79.114.85 - - [17/Apr/2017:11:25:21 -0300] "POST /cormun/servlet/trautorizarpermisogoce?e4ac30ddff18ed3e01048b6c6c0ed3cc,,gx-no-cache=1492439189011 HTTP/1.1" 200 6357
186.79.114.85 - - [17/Apr/2017:11:25:22 -0300] "POST /cormun/servlet/trautorizarpermisogoce?e4ac30ddff18ed3e01048b6c6c0ed3cc,,gx-no-cache=1492439190426 HTTP/1.1" 200 6162
186.79.114.85 - - [17/Apr/2017:11:25:24 -0300] "POST /cormun/servlet/trautorizarpermisogoce?e4ac30ddff18ed3e01048b6c6c0ed3cc,,gx-no-cache=1492439192066 HTTP/1.1" 200 5971
186.79.114.85 - - [17/Apr/2017:11:25:25 -0300] "POST /cormun/servlet/trautorizarpermisogoce?e4ac30ddff18ed3e01048b6c6c0ed3cc,,gx-no-cache=1492439193363 HTTP/1.1" 200 5754
186.79.114.85 - - [17/Apr/2017:11:25:27 -0300] "POST /cormun/servlet/trautorizarpermisogoce?e4ac30ddff18ed3e01048b6c6c0ed3cc,,gx-no-cache=1492439194812 HTTP/1.1" 200 5553
186.79.246.208 - - [17/Apr/2017:11:25:28 -0300] "GET /cormun/servlet/solicitudot?320f50e1c114f2998f3232607f1bebe20c5802e2b62cd1eed25e59998b5c2166d9c3ec3ea58ff8b6cc913338c80021f1ecf2d77d23729b2f305ea8390ce418f3b4ede462ce5b10177d82123f77df13331a6a9c1552c7cb64a92ce8d0e5e44ddf74a2c5c95625c4d31687c8ce0b378ea9102f7a5e0d1a29fa28d70ee2ecaca628752106d83fc8f4058ff3772d956648528eaa5597f7bfc2804b3bc699656e9edd3aac34946b8c4575757a8447e9c49c60973c0f76bbc071c570a5e11634f136c35cb28351237fefc5abbc33bece7a4027,gx-no-cache=1492439191739 HTTP/1.1" 200 29
186.79.246.208 - - [17/Apr/2017:11:25:28 -0300] "POST /cormun/servlet/solicitudot?gx-no-cache=1492439191840 HTTP/1.1" 200 1273
186.79.246.208 - - [17/Apr/2017:11:25:28 -0300] "POST /cormun/servlet/solicitudot?gx-no-cache=1492439192040 HTTP/1.1" 200 1157
186.79.114.85 - - [17/Apr/2017:11:25:28 -0300] "POST /cormun/servlet/trautorizarpermisogoce?e4ac30ddff18ed3e01048b6c6c0ed3cc,,gx-no-cache=1492439196234 HTTP/1.1" 200 5331
186.79.246.208 - - [17/Apr/2017:11:25:28 -0300] "GET /cormun/servlet/solicitudot?320f50e1c114f2998f3232607f1bebe2a724923087d805a8e31a5e201d986e563255bf7ab8e3603a5f665d8e9a366b8d77d94890035dd4baea9d7ae066a7e825f1e4a5405f3d35ce0f96a98e8da550eea8c597fc5d73ce0d095396de306baba464357dec96e8bdfb493772eb2cd40fab805c719842983d8a72029a4a1dac4852a6003c294dea434cc0c2a4fffa531091a7f4c88fbcaedfc98232a5331b8f97834918a1f746da46039576a5d2e4568c6e,gx-no-cache=1492439192252 HTTP/1.1" 200 30
186.79.246.208 - - [17/Apr/2017:11:25:29 -0300] "POST /cormun/servlet/solicitudot?3f438139f3a2f6904890f774dba59a8a,UPD,2017,6088,,gx-no-cache=1492439192368 HTTP/1.1" 200 93
186.79.246.208 - - [17/Apr/2017:11:25:29 -0300] "GET /cormun/servlet/hpexe_return? HTTP/1.1" 200 1010
186.79.246.208 - - [17/Apr/2017:11:25:29 -0300] "GET /cormun/servlet/trsolicitudot HTTP/1.1" 200 9294
186.79.114.85 - - [17/Apr/2017:11:25:30 -0300] "POST /cormun/servlet/trautorizarpermisogoce?e4ac30ddff18ed3e01048b6c6c0ed3cc,,gx-no-cache=1492439197786 HTTP/1.1" 200 5119
186.79.246.208 - - [17/Apr/2017:11:25:30 -0300] "GET /cormun/servlet/trsolicitudot HTTP/1.1" 200 9289
186.79.114.85 - - [17/Apr/2017:11:25:31 -0300] "POST /cormun/servlet/trautorizarpermisogoce?e4ac30ddff18ed3e01048b6c6c0ed3cc,,gx-no-cache=1492439199202 HTTP/1.1" 200 4877
186.79.114.85 - - [17/Apr/2017:11:25:32 -0300] "POST /cormun/servlet/trautorizarpermisogoce?e4ac30ddff18ed3e01048b6c6c0ed3cc,,gx-no-cache=1492439200577 HTTP/1.1" 200 4161
192.168.10.13 - - [17/Apr/2017:11:26:14 -0300] "GET / HTTP/1.1" 200 11217
186.79.246.208 - - [17/Apr/2017:11:26:50 -0300] "POST /cormun/servlet/trsolicitudot?3f438139f3a2f6904890f774dba59a8a,gx-no-cache=1492439274224 HTTP/1.1" 200 106
186.79.246.208 - - [17/Apr/2017:11:26:51 -0300] "GET /cormun/servlet/solicitudot?UPD,2017,6087, HTTP/1.1" 200 14227
186.79.246.208 - - [17/Apr/2017:11:26:52 -0300] "GET /cormun/servlet/solicitudot?UPD,2017,6087, HTTP/1.1" 200 14236
186.79.246.208 - - [17/Apr/2017:11:26:53 -0300] "POST /cormun/servlet/solicitudot?gx-no-cache=1492439276756 HTTP/1.1" 200 3197
186.79.246.208 - - [17/Apr/2017:11:26:54 -0300] "POST /cormun/servlet/solicitudot?3f438139f3a2f6904890f774dba59a8a,UPD,2017,6087,,gx-no-cache=1492439277263 HTTP/1.1" 200 10875
186.79.246.208 - - [17/Apr/2017:11:26:54 -0300] "GET /cormun/servlet/solicitudot?320f50e1c114f2998f3232607f1bebe278ab31fda360003b2c82ee5becab12d5ffdedb6c65db4d5bf63d3f64e44253bc,gx-no-cache=1492439277952 HTTP/1.1" 200 30
186.79.246.208 - - [17/Apr/2017:11:26:54 -0300] "POST /cormun/servlet/solicitudot?gx-no-cache=1492439278086 HTTP/1.1" 200 256
186.79.246.208 - - [17/Apr/2017:11:26:54 -0300] "GET /cormun/servlet/solicitudot?320f50e1c114f2998f3232607f1bebe22450d382c6baffd7c45943e9e8ec2e583c8ff4ab3703fc5bce2738e946a21b615309f43f89a95a3f3daa2c7829a6ac1714b2f1d4b031618b94d74b335a3378cccbc50128fdaed7baf34cf609a350c9450507bc31149fafb03ee98a5db39da6d3a65689764c5b8ff4a33ebc9f5d47785d0df27f5659d5a73ee8bea1453a8e4d4838e08091850da5940b4e10c505fd5437a7b27eac3a7cc0656e068c33f85d756255726d7063826b7a0e021bf742dc5849c751d40cb488e6f66d079419be9f391abc36c4da95392f2513d8b44e6cd9474b6c2de5e552d82c797b3912319abee4456695d11bdac5cce487eddb3b977eae11696dd2500b7f48b5de377c43ca2339184dabf510fd31dc4d1729453377b7f7a227e36fb9108b527e1bfe7d9e2065bb263ecd929ec535ee61ea4da72e2ee53299b7d30bde387a9bba57d81ac7f86167cbab9ad6359de19044bcefed3cc61ee39aaf9eae1bb6678dceecbee87303e31f332e38467f3838b189f37e9535c18ac85c,gx-no-cache=1492439278221 HTTP/1.1" 200 30
186.79.246.208 - - [17/Apr/2017:11:26:54 -0300] "POST /cormun/servlet/solicitudot?gx-no-cache=1492439278316 HTTP/1.1" 200 30
186.79.246.208 - - [17/Apr/2017:11:26:54 -0300] "POST /cormun/servlet/solicitudot?gx-no-cache=1492439278443 HTTP/1.1" 200 1291
186.79.246.208 - - [17/Apr/2017:11:26:55 -0300] "POST /cormun/servlet/solicitudot?gx-no-cache=1492439278666 HTTP/1.1" 200 41
186.79.226.236 - - [17/Apr/2017:11:27:01 -0300] "POST /cormun/servlet/solicitudot?c2828a1d9cb164aab8370ee09d45c4ab,INS,0,0,,gx-no-cache=1492439284914 HTTP/1.1" 200 93
186.79.226.236 - - [17/Apr/2017:11:27:01 -0300] "GET /cormun/servlet/hpexe_return? HTTP/1.1" 200 1004
186.79.226.236 - - [17/Apr/2017:11:27:01 -0300] "GET /cormun/static/Resources/Spanish/PXTools.css?167811 HTTP/1.1" 304 -
186.79.226.236 - - [17/Apr/2017:11:27:01 -0300] "GET /cormun/static/gxcfg.js?2016101716175148 HTTP/1.1" 304 -
186.79.226.236 - - [17/Apr/2017:11:27:01 -0300] "GET /cormun/static/hpexe_return.js?2016101716175153 HTTP/1.1" 304 -
186.79.226.236 - - [17/Apr/2017:11:27:02 -0300] "GET /cormun/servlet/trsolicitudot HTTP/1.1" 200 7961
186.79.226.236 - - [17/Apr/2017:11:27:03 -0300] "GET /cormun//static/Resources/PXToolsActionView.png HTTP/1.1" 200 2995
186.79.226.236 - - [17/Apr/2017:11:27:03 -0300] "GET /cormun//static/Resources/PXToolsRemoveAllAction.png HTTP/1.1" 200 3558
186.79.226.236 - - [17/Apr/2017:11:27:03 -0300] "GET /cormun/servlet/trsolicitudot HTTP/1.1" 200 7957
186.79.246.208 - - [17/Apr/2017:11:27:11 -0300] "GET /cormun/servlet/solicitudot?320f50e1c114f2998f3232607f1bebe20c5802e2b62cd1eed25e59998b5c2166d9c3ec3ea58ff8b6cc913338c80021f1ecf2d77d23729b2f305ea8390ce418f3b4ede462ce5b10177d82123f77df13331a6a9c1552c7cb64a92ce8d0e5e44ddf74a2c5c95625c4d31687c8ce0b378ea9102f7a5e0d1a29fa28d70ee2ecaca628752106d83fc8f4058ff3772d956648528eaa5597f7bfc2804b3bc699656e9edd3aac34946b8c4575757a8447e9c49c60973c0f76bbc071c570a5e11634f136c35cb28351237fefc5abbc33bece7a4027,gx-no-cache=1492439295141 HTTP/1.1" 200 29
186.79.246.208 - - [17/Apr/2017:11:27:11 -0300] "POST /cormun/servlet/solicitudot?gx-no-cache=1492439295267 HTTP/1.1" 200 1273
192.168.10.13 - - [17/Apr/2017:11:27:14 -0300] "GET / HTTP/1.1" 200 11217
186.79.246.208 - - [17/Apr/2017:11:27:19 -0300] "POST /cormun/servlet/solicitudot?gx-no-cache=1492439302722 HTTP/1.1" 200 1156
186.79.246.208 - - [17/Apr/2017:11:27:39 -0300] "GET /cormun/servlet/solicitudot?320f50e1c114f2998f3232607f1bebe23533771eb57c068cff9643f9706734fb527f0995749a2d99c0c16fec60d1317697f80c488fec5fa2c352c7acc8fc4e914ee2c5b949461f6d6ff9ceeb25c8eec1a8e2005f1045d968ca55c442aabe5c37c79914d393277b3202fba4f1efe30888102f7a5e0d1a29fa28d70ee2ecaca628212520cab08669130f2d5125fb0aeda82fdbde6e050854ddf52bd7afe71c03a054b39ec23fc8f5b1bba1c88ceb69bea0,gx-no-cache=1492439322957 HTTP/1.1" 200 32
186.79.246.208 - - [17/Apr/2017:11:27:40 -0300] "POST /cormun/servlet/solicitudot?3f438139f3a2f6904890f774dba59a8a,UPD,2017,6087,,gx-no-cache=1492439323140 HTTP/1.1" 200 93
186.79.246.208 - - [17/Apr/2017:11:27:40 -0300] "GET /cormun/servlet/hpexe_return? HTTP/1.1" 200 1010
186.79.246.208 - - [17/Apr/2017:11:27:40 -0300] "GET /cormun/servlet/trsolicitudot HTTP/1.1" 200 9294
186.79.246.208 - - [17/Apr/2017:11:27:42 -0300] "GET /cormun/servlet/trsolicitudot HTTP/1.1" 200 9289
186.79.246.208 - - [17/Apr/2017:11:27:55 -0300] "POST /cormun/servlet/trsolicitudot?3f438139f3a2f6904890f774dba59a8a,gx-no-cache=1492439338804 HTTP/1.1" 200 6327
186.79.246.208 - - [17/Apr/2017:11:27:55 -0300] "GET /cormun/static/Shared/jqueryui/images/ui-bg_highlight-soft_100_c6c2c8_1x100.png HTTP/1.1" 404 1117
186.79.246.208 - - [17/Apr/2017:11:27:55 -0300] "GET /cormun/static/Shared/jqueryui/images/ui-icons_82798d_256x240.png HTTP/1.1" 404 1089
186.79.246.208 - - [17/Apr/2017:11:27:55 -0300] "GET /cormun/static/Shared/jqueryui/images/ui-bg_flat_55_fafafa_40x100.png HTTP/1.1" 404 1097
186.79.246.208 - - [17/Apr/2017:11:27:55 -0300] "GET /cormun/static/Shared/jqueryui/images/ui-icons_8d78a5_256x240.png HTTP/1.1" 404 1089
186.79.246.208 - - [17/Apr/2017:11:27:56 -0300] "POST /cormun/servlet/trsolicitudot?3f438139f3a2f6904890f774dba59a8a,gx-no-cache=1492439339791 HTTP/1.1" 200 6269
186.79.246.208 - - [17/Apr/2017:11:27:59 -0300] "POST /cormun/servlet/trsolicitudot?3f438139f3a2f6904890f774dba59a8a,gx-no-cache=1492439343153 HTTP/1.1" 200 5971
186.79.246.208 - - [17/Apr/2017:11:28:00 -0300] "POST /cormun/servlet/trsolicitudot?3f438139f3a2f6904890f774dba59a8a,gx-no-cache=1492439343960 HTTP/1.1" 200 5912
186.79.246.208 - - [17/Apr/2017:11:28:04 -0300] "POST /cormun/servlet/trsolicitudot?3f438139f3a2f6904890f774dba59a8a,gx-no-cache=1492439347653 HTTP/1.1" 200 5583
186.79.246.208 - - [17/Apr/2017:11:28:05 -0300] "POST /cormun/servlet/trsolicitudot?3f438139f3a2f6904890f774dba59a8a,gx-no-cache=1492439348466 HTTP/1.1" 200 5523
186.79.246.208 - - [17/Apr/2017:11:28:08 -0300] "POST /cormun/servlet/trsolicitudot?3f438139f3a2f6904890f774dba59a8a,gx-no-cache=1492439351633 HTTP/1.1" 200 5291
186.79.246.208 - - [17/Apr/2017:11:28:09 -0300] "POST /cormun/servlet/trsolicitudot?3f438139f3a2f6904890f774dba59a8a,gx-no-cache=1492439352329 HTTP/1.1" 200 5233
192.168.10.13 - - [17/Apr/2017:11:28:14 -0300] "GET / HTTP/1.1" 200 11217
186.79.246.208 - - [17/Apr/2017:11:28:15 -0300] "POST /cormun/servlet/trsolicitudot?3f438139f3a2f6904890f774dba59a8a,gx-no-cache=1492439358343 HTTP/1.1" 200 4147
186.79.246.208 - - [17/Apr/2017:11:28:15 -0300] "POST /cormun/servlet/trsolicitudot?3f438139f3a2f6904890f774dba59a8a,gx-no-cache=1492439358929 HTTP/1.1" 200 3928
186.103.158.250 - - [17/Apr/2017:11:28:15 -0300] "GET /cormun/servlet/solicitudot?1aa9b66f219a4b900dc5855339515b573b71672e90d3fd906b2e85c970d24a23ab188fa90679a26f8d94889f77b7c1e2204144062330c87ea8769ac239fca3d44450fbf8bdd7aedd000fb7e65f125d2b8d0b8208fd962f10db0e8b304dc11690d553d156c7554c9e09d24ea3b23b13677cece63fc898b90bce03523e39e32afbaec033d74b4b7ba58512e911821fe77bcdb96f0e59ffce5c04b3b95469a6869b21b32f6434e4ebca6d7c8c931d47f263,gx-no-cache=1492442834754 HTTP/1.1" 200 30
186.79.246.208 - - [17/Apr/2017:11:29:14 -0300] "GET /cormun/servlet/hlogin HTTP/1.1" 200 1720
192.168.10.13 - - [17/Apr/2017:11:29:14 -0300] "GET / HTTP/1.1" 200 11217
186.103.156.24 - - [17/Apr/2017:11:29:52 -0300] "GET /cormun/servlet/hlogin HTTP/1.1" 200 1714
186.103.156.24 - - [17/Apr/2017:11:29:52 -0300] "GET /cormun/servlet/hlogin HTTP/1.1" 200 1720
186.103.156.24 - - [17/Apr/2017:11:29:52 -0300] "GET /cormun/servlet/hlogin HTTP/1.1" 200 1718
186.103.156.24 - - [17/Apr/2017:11:29:53 -0300] "GET /cormun/static/gxtimezone.js?85251 HTTP/1.1" 200 5781
186.103.156.24 - - [17/Apr/2017:11:29:53 -0300] "GET /cormun/static/gxcfg.js?201741110203197 HTTP/1.1" 200 953
186.103.156.24 - - [17/Apr/2017:11:29:53 -0300] "GET /cormun/static/gxgral.js?85251 HTTP/1.1" 200 384558
186.103.156.24 - - [17/Apr/2017:11:29:53 -0300] "GET /cormun/static/Resources/Spanish/PXTools.css?11294912 HTTP/1.1" 200 89042
186.103.156.24 - - [17/Apr/2017:11:29:53 -0300] "GET /cormun/static/messages.spa.js?85251 HTTP/1.1" 200 30736
186.103.156.24 - - [17/Apr/2017:11:29:53 -0300] "GET /cormun/static/hlogin.js?201741110203211 HTTP/1.1" 200 2136
186.103.156.24 - - [17/Apr/2017:11:29:53 -0300] "GET /cormun/static/Resources/ComunLogin.png HTTP/1.1" 200 17326
186.103.156.24 - - [17/Apr/2017:11:29:53 -0300] "GET /cormun/static/Resources/PXToolsLoginTop.png HTTP/1.1" 200 1337
186.103.156.24 - - [17/Apr/2017:11:29:53 -0300] "GET /cormun/static/Resources/PXToolsLoginBackground.png HTTP/1.1" 200 1164
186.103.156.24 - - [17/Apr/2017:11:29:53 -0300] "GET /cormun/static/Resources/PXToolsButtonLeft21.png HTTP/1.1" 200 1287
186.103.156.24 - - [17/Apr/2017:11:29:53 -0300] "GET /cormun/static/Resources/PXToolsButtonRight21.png HTTP/1.1" 200 1283
186.103.156.24 - - [17/Apr/2017:11:29:53 -0300] "GET /cormun/static/Resources/PXToolsButtonBackground2.png HTTP/1.1" 200 1181
186.103.156.24 - - [17/Apr/2017:11:29:53 -0300] "GET /cormun/static/Resources/indicator.gif HTTP/1.1" 200 1553
186.103.156.24 - - [17/Apr/2017:11:29:53 -0300] "GET /cormun/static/Resources/PXToolsLoginBottom.png HTTP/1.1" 200 1389
186.103.156.24 - - [17/Apr/2017:11:29:54 -0300] "GET /cormun/servlet/hlogin HTTP/1.1" 200 1726
186.103.156.24 - - [17/Apr/2017:11:29:54 -0300] "GET /favicon.ico HTTP/1.1" 200 21630
192.168.10.13 - - [17/Apr/2017:11:30:14 -0300] "GET / HTTP/1.1" 200 11217
186.103.156.24 - - [17/Apr/2017:11:30:41 -0300] "GET /cormun/servlet/hlogin HTTP/1.1" 200 1718
192.168.10.13 - - [17/Apr/2017:11:31:14 -0300] "GET / HTTP/1.1" 200 11217
186.103.158.250 - - [17/Apr/2017:11:32:14 -0300] "POST /cormun/servlet/solicitudot?d97b2cdcd94fb43b1f1e6d413e60a0ff,INS,0,0,,gx-no-cache=1492443073365 HTTP/1.1" 200 93
186.103.158.250 - - [17/Apr/2017:11:32:14 -0300] "GET /cormun/servlet/hpexe_return? HTTP/1.1" 200 1002
192.168.10.13 - - [17/Apr/2017:11:32:14 -0300] "GET / HTTP/1.1" 200 11217
186.103.158.250 - - [17/Apr/2017:11:32:14 -0300] "GET /cormun/servlet/trsolicitudot HTTP/1.1" 200 8168
186.103.158.250 - - [17/Apr/2017:11:32:16 -0300] "GET /cormun/servlet/trsolicitudot HTTP/1.1" 200 8164
186.103.158.250 - - [17/Apr/2017:11:32:19 -0300] "POST /cormun/servlet/trsolicitudot?d97b2cdcd94fb43b1f1e6d413e60a0ff,gx-no-cache=1492443079526 HTTP/1.1" 200 106
186.103.158.250 - - [17/Apr/2017:11:32:19 -0300] "GET /cormun/servlet/trsolicitudadjuntos?2017,6091, HTTP/1.1" 200 6063
186.103.158.250 - - [17/Apr/2017:11:32:20 -0300] "GET /cormun/servlet/trsolicitudadjuntos?2017,6091, HTTP/1.1" 200 6063
186.103.158.250 - - [17/Apr/2017:11:32:24 -0300] "GET /cormun/servlet/solicitudotadjuntos?INS,2017,6091,,1, HTTP/1.1" 200 6003
186.103.158.250 - - [17/Apr/2017:11:32:24 -0300] "GET /cormun/static/about:blank HTTP/1.1" 404 1011
186.103.158.250 - - [17/Apr/2017:11:32:25 -0300] "GET /cormun/servlet/solicitudotadjuntos?INS,2017,6091,,1, HTTP/1.1" 200 5995
186.103.158.250 - - [17/Apr/2017:11:32:26 -0300] "GET /cormun/servlet/solicitudotadjuntos?1aa9b66f219a4b900dc5855339515b5794f117a7a59428dc6d2e0a792b27a640e12e924cdf328a6738c90493bd94427d,gx-no-cache=1492443086149 HTTP/1.1" 200 30
186.103.158.250 - - [17/Apr/2017:11:32:26 -0300] "POST /cormun/servlet/solicitudotadjuntos?d97b2cdcd94fb43b1f1e6d413e60a0ff,INS,2017,6091,,1,,gx-no-cache=1492443086208 HTTP/1.1" 200 3826
186.103.158.250 - - [17/Apr/2017:11:32:30 -0300] "POST /cormun/servlet/solicitudotadjuntos?gx-no-cache=1492443090223 HTTP/1.1" 200 26
186.103.156.24 - - [17/Apr/2017:11:32:37 -0300] "GET /cormun/servlet/hlogin HTTP/1.1" 200 1721
186.103.156.24 - - [17/Apr/2017:11:32:37 -0300] "GET /cormun/static/Resources/Spanish/PXTools.css?11294912 HTTP/1.1" 304 -
186.103.156.24 - - [17/Apr/2017:11:32:37 -0300] "GET /cormun/static/gxcfg.js?201741110203197 HTTP/1.1" 304 -
186.103.156.24 - - [17/Apr/2017:11:32:37 -0300] "GET /cormun/static/messages.spa.js?85251 HTTP/1.1" 304 -
186.103.156.24 - - [17/Apr/2017:11:32:37 -0300] "GET /cormun/static/hlogin.js?201741110203211 HTTP/1.1" 304 -
186.103.156.24 - - [17/Apr/2017:11:32:38 -0300] "GET /cormun/servlet/hlogin HTTP/1.1" 200 1733
186.103.156.24 - - [17/Apr/2017:11:32:52 -0300] "POST /cormun/servlet/hlogin?e59c697921322b0cf0c418e67912e8d1,gx-no-cache=1492439651129 HTTP/1.1" 200 447
186.103.156.24 - - [17/Apr/2017:11:33:09 -0300] "GET /cormun/servlet/hlogin HTTP/1.1" 200 1721
192.168.10.13 - - [17/Apr/2017:11:33:14 -0300] "GET / HTTP/1.1" 200 11217
192.168.10.13 - - [17/Apr/2017:11:34:14 -0300] "GET / HTTP/1.1" 200 11217
186.79.61.94 - - [17/Apr/2017:11:34:22 -0300] "GET /cormun/servlet/hlogin HTTP/1.1" 200 1720
186.79.61.94 - - [17/Apr/2017:11:34:37 -0300] "POST /cormun/servlet/hlogin?3f438139f3a2f6904890f774dba59a8a,gx-no-cache=1492439741106 HTTP/1.1" 200 424
186.79.61.94 - - [17/Apr/2017:11:34:44 -0300] "POST /cormun/servlet/hlogin?3f438139f3a2f6904890f774dba59a8a,gx-no-cache=1492439748080 HTTP/1.1" 200 90
186.79.61.94 - - [17/Apr/2017:11:34:44 -0300] "GET /cormun/servlet/hpexe_link HTTP/1.1" 200 949
186.79.61.94 - - [17/Apr/2017:11:34:45 -0300] "GET /cormun/servlet/hhome HTTP/1.1" 200 3916
186.79.61.94 - - [17/Apr/2017:11:34:46 -0300] "GET /cormun/servlet/hhome HTTP/1.1" 200 3912
186.79.61.94 - - [17/Apr/2017:11:34:46 -0300] "GET /cormun/static/SmoothNavMenu/resources/images/right.gif HTTP/1.1" 200 860
192.168.10.13 - - [17/Apr/2017:11:35:14 -0300] "GET / HTTP/1.1" 200 11217
192.168.10.13 - - [17/Apr/2017:11:36:14 -0300] "GET / HTTP/1.1" 200 11217
186.79.122.175 - - [17/Apr/2017:11:37:13 -0300] "GET /cormun/servlet/hlogin HTTP/1.1" 200 1724
186.79.122.175 - - [17/Apr/2017:11:37:13 -0300] "GET /cormun/static/Resources/Spanish/PXTools.css?11294912 HTTP/1.1" 304 -
186.79.122.175 - - [17/Apr/2017:11:37:13 -0300] "GET /cormun/static/gxcfg.js?201741110203197 HTTP/1.1" 200 953
186.79.122.175 - - [17/Apr/2017:11:37:13 -0300] "GET /cormun/static/messages.spa.js?85251 HTTP/1.1" 304 -
186.79.122.175 - - [17/Apr/2017:11:37:13 -0300] "GET /cormun/static/hlogin.js?201741110203211 HTTP/1.1" 304 -
186.79.122.175 - - [17/Apr/2017:11:37:14 -0300] "GET /cormun/servlet/hlogin HTTP/1.1" 200 1732
186.79.122.175 - - [17/Apr/2017:11:37:14 -0300] "GET /favicon.ico HTTP/1.1" 200 21630
192.168.10.13 - - [17/Apr/2017:11:37:14 -0300] "GET / HTTP/1.1" 200 11217
186.79.122.175 - - [17/Apr/2017:11:37:19 -0300] "POST /cormun/servlet/hlogin?0ee4fa22f5f628a9de8f18624d8324c9,gx-no-cache=1492439904204 HTTP/1.1" 200 90
186.79.122.175 - - [17/Apr/2017:11:37:19 -0300] "GET /cormun/servlet/hpexe_link HTTP/1.1" 200 953
186.79.122.175 - - [17/Apr/2017:11:37:19 -0300] "GET /cormun/static/hpexe_link.js?201731711483384 HTTP/1.1" 304 -
186.79.122.175 - - [17/Apr/2017:11:37:19 -0300] "GET /cormun/static/gxcfg.js?201731711483381 HTTP/1.1" 304 -
186.79.122.175 - - [17/Apr/2017:11:37:19 -0300] "GET /cormun/servlet/hhome HTTP/1.1" 200 3811
186.79.122.175 - - [17/Apr/2017:11:37:19 -0300] "GET /cormun/static/gxcfg.js?201731711483497 HTTP/1.1" 304 -
186.79.122.175 - - [17/Apr/2017:11:37:19 -0300] "GET /cormun/static/hwchdr01.js?201731711335950 HTTP/1.1" 304 -
186.79.122.175 - - [17/Apr/2017:11:37:20 -0300] "GET /cormun/static/hhome.js?20173171148352 HTTP/1.1" 304 -
186.79.122.175 - - [17/Apr/2017:11:37:20 -0300] "GET /cormun/static/hpexe_recentlink.js?201610171694390 HTTP/1.1" 304 -
186.79.122.175 - - [17/Apr/2017:11:37:20 -0300] "GET /cormun/static/hpexe_scripts.js?201731711335890 HTTP/1.1" 304 -
186.79.122.175 - - [17/Apr/2017:11:37:20 -0300] "GET /cormun/static/hpexe_messagecontroller.js?201610171694323 HTTP/1.1" 304 -
186.79.122.175 - - [17/Apr/2017:11:37:20 -0300] "GET /cormun/static/hpexe_messagepopupcomponent.js?20161017169425 HTTP/1.1" 304 -
186.79.122.175 - - [17/Apr/2017:11:37:20 -0300] "GET /cormun/static/hpexe_messagegenexuscomponent.js?201731711335537 HTTP/1.1" 304 -
186.79.122.175 - - [17/Apr/2017:11:37:20 -0300] "GET /cormun/static/cmcontrolpreferences.js?201731711335852 HTTP/1.1" 304 -
186.79.122.175 - - [17/Apr/2017:11:37:20 -0300] "GET /cormun/static/hmpwkw03.js?201731711485354 HTTP/1.1" 304 -
186.79.122.175 - - [17/Apr/2017:11:37:20 -0300] "GET /cormun/servlet/hhome HTTP/1.1" 200 3809
186.103.158.250 - - [17/Apr/2017:11:37:22 -0300] "GET /cormun/servlet/solicitudotadjuntos?1aa9b66f219a4b900dc5855339515b57a3e8383dc1b60a0242d5be87cb96ca3b,gx-no-cache=1492443382905 HTTP/1.1" 200 30
186.103.158.250 - - [17/Apr/2017:11:37:22 -0300] "GET /cormun/servlet/solicitudotadjuntos?1aa9b66f219a4b900dc5855339515b57a3e8383dc1b60a0242d5be87cb96ca3b,gx-no-cache=1492443382958 HTTP/1.1" 200 30
186.79.122.175 - - [17/Apr/2017:11:37:23 -0300] "GET /cormun/servlet/trsolicitudot? HTTP/1.1" 200 8061
186.79.122.175 - - [17/Apr/2017:11:37:23 -0300] "GET /cormun/static/gxcfg.js?201731711505139 HTTP/1.1" 200 953
186.79.122.175 - - [17/Apr/2017:11:37:23 -0300] "GET /cormun/static/trsolicitudot.js?20173171151116 HTTP/1.1" 304 -
186.79.122.175 - - [17/Apr/2017:11:37:24 -0300] "GET /cormun/servlet/trsolicitudot? HTTP/1.1" 200 8060
186.103.158.250 - - [17/Apr/2017:11:37:24 -0300] "POST /cormun/servlet/solicitudotadjuntos?d97b2cdcd94fb43b1f1e6d413e60a0ff,INS,2017,6091,,1, HTTP/1.1" 200 116
186.103.158.250 - - [17/Apr/2017:11:37:24 -0300] "GET /cormun/servlet/hpexe_return? HTTP/1.1" 200 1020
186.103.158.250 - - [17/Apr/2017:11:37:25 -0300] "GET /cormun/servlet/trsolicitudadjuntos?2017,6091, HTTP/1.1" 200 8263
186.103.158.250 - - [17/Apr/2017:11:37:26 -0300] "GET /cormun/servlet/trsolicitudadjuntos?2017,6091, HTTP/1.1" 200 8257
186.103.158.250 - - [17/Apr/2017:11:37:30 -0300] "GET /cormun/servlet/solicitudotadjuntos?INS,2017,6091,,1, HTTP/1.1" 200 6002
186.103.158.250 - - [17/Apr/2017:11:37:30 -0300] "GET /cormun/static/about:blank HTTP/1.1" 404 1011
186.79.122.175 - - [17/Apr/2017:11:37:30 -0300] "GET /cormun/servlet/solicitudot?INS,0,0, HTTP/1.1" 200 12614
186.79.122.175 - - [17/Apr/2017:11:37:30 -0300] "GET /cormun/static/Resources/Spanish/PXTools.css?18365030 HTTP/1.1" 304 -
186.79.122.175 - - [17/Apr/2017:11:37:30 -0300] "GET /cormun/static/gxcfg.js?20171191042720 HTTP/1.1" 200 953
186.79.122.175 - - [17/Apr/2017:11:37:30 -0300] "GET /cormun/static/solicitudot.js?2017119104297 HTTP/1.1" 304 -
186.79.122.175 - - [17/Apr/2017:11:37:31 -0300] "GET /cormun/servlet/solicitudot?INS,0,0, HTTP/1.1" 200 12619
186.103.158.250 - - [17/Apr/2017:11:37:31 -0300] "GET /cormun/servlet/solicitudotadjuntos?INS,2017,6091,,1, HTTP/1.1" 200 5995
186.103.158.250 - - [17/Apr/2017:11:37:31 -0300] "GET /cormun/servlet/solicitudotadjuntos?1aa9b66f219a4b900dc5855339515b5794f117a7a59428dc6d2e0a792b27a640e12e924cdf328a6738c90493bd94427d,gx-no-cache=1492443391636 HTTP/1.1" 200 30
186.103.158.250 - - [17/Apr/2017:11:37:31 -0300] "POST /cormun/servlet/solicitudotadjuntos?d97b2cdcd94fb43b1f1e6d413e60a0ff,INS,2017,6091,,1,,gx-no-cache=1492443391686 HTTP/1.1" 200 3825
186.79.122.175 - - [17/Apr/2017:11:37:40 -0300] "POST /cormun/servlet/solicitudot?gx-no-cache=1492439924668 HTTP/1.1" 200 3194
186.79.122.175 - - [17/Apr/2017:11:37:41 -0300] "POST /cormun/servlet/solicitudot?0ee4fa22f5f628a9de8f18624d8324c9,INS,0,0,,gx-no-cache=1492439925089 HTTP/1.1" 200 9787
186.103.158.250 - - [17/Apr/2017:11:37:41 -0300] "POST /cormun/servlet/solicitudotadjuntos?gx-no-cache=1492443401160 HTTP/1.1" 200 26
186.79.122.175 - - [17/Apr/2017:11:37:49 -0300] "GET /cormun/servlet/solicitudot?dc4b00774288c6616b1ab6fbecb5db16d08c8e47c0d97b1793bda995d702bd44b81c61a18e30c4a88fea916d1434c7f6,gx-no-cache=1492439934309 HTTP/1.1" 200 30
186.79.122.175 - - [17/Apr/2017:11:37:49 -0300] "POST /cormun/servlet/solicitudot?gx-no-cache=1492439934392 HTTP/1.1" 200 240
