192.168.10.93 - - [17/Apr/2017:12:25:29 -0300] "GET /cormunbeta/static/gxcfg.js?201612218592494 HTTP/1.1" 200 953
192.168.10.93 - - [17/Apr/2017:12:25:29 -0300] "GET /cormunbeta/pexe_scrolldiv.js HTTP/1.1" 404 1017
192.168.10.93 - - [17/Apr/2017:12:25:29 -0300] "GET /cormunbeta/pexe_scrolldiv.js HTTP/1.1" 404 1017
192.168.10.93 - - [17/Apr/2017:12:25:29 -0300] "GET /cormunbeta/static/veautorizarsolicitudsalud.js?201612218592549 HTTP/1.1" 200 6509
192.168.10.93 - - [17/Apr/2017:12:25:29 -0300] "GET /cormunbeta/static/tbautorizarsolicitudsalud01.js?201711021305326 HTTP/1.1" 200 27564
192.168.10.93 - - [17/Apr/2017:12:25:30 -0300] "GET /cormunbeta/servlet/veautorizarsolicitudsalud?2017,2938,, HTTP/1.1" 200 8039
186.103.159.182 - - [17/Apr/2017:12:25:35 -0300] "GET /cormun/servlet/licenciaspermisos?d8f5b898ca2d59479e220ed7b7d0d1716eb4db9c42d09deb14754d6e928423803f0f3febaee8d68e6f16df3d596a1bac669b10b7047bfaa2fcc7094e929b6e52e5506ac9c81991d75fc57885432c6984f3fb01d3e4fd04a0f0eafaf03e6183bbe22ec0816794ac9167f20128f1cadb1d47b069954ac1204f23e4ccba845f83581d4525eedf913e97fb0e32453f3f7849cc15c4e556839eeb10f799cd74144b1d1016ac467b33bc30fea861aa56d7dd278a86d124c8e8314a9de9be797b1e0a3b1ed9b09cb0eaa99813a0a405262adf83b420f6954740437c23b334c3ad63299548b2dc8cab72a174ff5354d09e236ccc,gx-no-cache=1492442800068 HTTP/1.1" 200 62
186.103.159.182 - - [17/Apr/2017:12:25:35 -0300] "POST /cormun/servlet/licenciaspermisos?c7e6b191148a85f3d6aac5f50572edeb,INS,0,,,,gx-no-cache=1492442800424 HTTP/1.1" 200 4789
186.103.159.182 - - [17/Apr/2017:12:25:35 -0300] "GET /cormun/static/Shared/jqueryui/images/ui-bg_highlight-soft_100_c6c2c8_1x100.png HTTP/1.1" 404 1117
186.103.159.182 - - [17/Apr/2017:12:25:35 -0300] "GET /cormun/static/Shared/jqueryui/images/ui-icons_82798d_256x240.png HTTP/1.1" 404 1089
186.103.159.182 - - [17/Apr/2017:12:25:35 -0300] "GET /cormun/static/Shared/jqueryui/images/ui-bg_flat_55_994d53_40x100.png HTTP/1.1" 404 1097
186.103.159.182 - - [17/Apr/2017:12:25:35 -0300] "GET /cormun/static/Shared/jqueryui/images/ui-icons_ebccce_256x240.png HTTP/1.1" 404 1089
186.103.159.187 - - [17/Apr/2017:12:25:37 -0300] "POST /cormun/servlet/solicitudot?gx-no-cache=1492446399830 HTTP/1.1" 200 1291
186.103.159.187 - - [17/Apr/2017:12:25:37 -0300] "POST /cormun/servlet/solicitudot?gx-no-cache=1492446400125 HTTP/1.1" 200 122
186.103.159.187 - - [17/Apr/2017:12:25:37 -0300] "POST /cormun/servlet/solicitudot?gx-no-cache=1492446400186 HTTP/1.1" 200 1274
186.103.159.187 - - [17/Apr/2017:12:25:37 -0300] "POST /cormun/servlet/solicitudot?gx-no-cache=1492446400239 HTTP/1.1" 200 1157
192.168.10.93 - - [17/Apr/2017:12:25:38 -0300] "POST /cormunbeta/servlet/veautorizarsolicitudsalud?ac8ce6caa217f8f405d0ac1fc9bf2962,2017,2938,,,gx-no-cache=1492446012560 HTTP/1.1" 200 93
192.168.10.93 - - [17/Apr/2017:12:25:38 -0300] "GET /cormunbeta/servlet/hpexe_return? HTTP/1.1" 200 1022
192.168.10.93 - - [17/Apr/2017:12:25:38 -0300] "GET /cormunbeta/servlet/trautorizarsolicitudsalud HTTP/1.1" 200 8318
192.168.10.93 - - [17/Apr/2017:12:25:39 -0300] "GET /cormunbeta/servlet/trautorizarsolicitudsalud HTTP/1.1" 200 8314
192.168.10.93 - - [17/Apr/2017:12:25:40 -0300] "GET /cormunbeta/servlet/hlogin HTTP/1.1" 200 1745
192.168.10.93 - - [17/Apr/2017:12:25:47 -0300] "POST /cormunbeta/servlet/hlogin?ac8ce6caa217f8f405d0ac1fc9bf2962,gx-no-cache=1492446021217 HTTP/1.1" 200 90
192.168.10.93 - - [17/Apr/2017:12:25:47 -0300] "GET /cormunbeta/servlet/hpexe_link HTTP/1.1" 200 954
192.168.10.93 - - [17/Apr/2017:12:25:47 -0300] "GET /cormunbeta/servlet/hhome HTTP/1.1" 200 3634
192.168.10.93 - - [17/Apr/2017:12:25:47 -0300] "GET /cormunbeta/servlet/hhome HTTP/1.1" 200 3630
186.103.159.187 - - [17/Apr/2017:12:25:50 -0300] "GET /cormun/servlet/prsolicitudot?18597010,,,,,MD,,gxPopupLevel%3D0%3B HTTP/1.1" 200 6109
192.168.10.93 - - [17/Apr/2017:12:25:51 -0300] "GET /cormunbeta/servlet/trvisualizadoreventossalud? HTTP/1.1" 200 6386
192.168.10.93 - - [17/Apr/2017:12:25:52 -0300] "GET /cormunbeta/servlet/trvisualizadoreventossalud? HTTP/1.1" 200 6386
192.168.10.93 - - [17/Apr/2017:12:25:53 -0300] "POST /cormunbeta/servlet/acontrolpreferencessavestate?None,ADMEST,true HTTP/1.1" 200 35
186.103.159.182 - - [17/Apr/2017:12:25:53 -0300] "POST /cormun/servlet/licenciaspermisos?c7e6b191148a85f3d6aac5f50572edeb,INS,0,,,,gx-no-cache=1492442817725 HTTP/1.1" 200 93
186.103.159.182 - - [17/Apr/2017:12:25:53 -0300] "GET /cormun/servlet/hpexe_return? HTTP/1.1" 200 1013
186.103.159.182 - - [17/Apr/2017:12:25:53 -0300] "GET /cormun/servlet/trlicencias HTTP/1.1" 200 6751
186.103.159.182 - - [17/Apr/2017:12:25:54 -0300] "GET /cormun/servlet/trlicencias HTTP/1.1" 200 6747
192.168.10.93 - - [17/Apr/2017:12:25:55 -0300] "POST /cormunbeta/servlet/trvisualizadoreventossalud?ac8ce6caa217f8f405d0ac1fc9bf2962,,gx-no-cache=1492446029620 HTTP/1.1" 200 3847
186.103.159.187 - - [17/Apr/2017:12:25:58 -0300] "POST /cormun/servlet/solicitudot?gx-no-cache=1492446421569 HTTP/1.1" 200 122
186.103.159.187 - - [17/Apr/2017:12:25:58 -0300] "POST /cormun/servlet/solicitudot?gx-no-cache=1492446421613 HTTP/1.1" 200 1274
186.103.159.187 - - [17/Apr/2017:12:25:58 -0300] "POST /cormun/servlet/solicitudot?gx-no-cache=1492446421664 HTTP/1.1" 200 1157
192.168.10.93 - - [17/Apr/2017:12:26:06 -0300] "GET /cormunbeta/servlet/trvisualizadoreventossalud? HTTP/1.1" 200 6396
192.168.10.93 - - [17/Apr/2017:12:26:06 -0300] "GET /cormunbeta/servlet/trvisualizadoreventossalud? HTTP/1.1" 200 6396
186.103.159.187 - - [17/Apr/2017:12:26:09 -0300] "POST /cormun/servlet/solicitudot?gx-no-cache=1492446432307 HTTP/1.1" 200 122
186.103.159.187 - - [17/Apr/2017:12:26:09 -0300] "POST /cormun/servlet/solicitudot?gx-no-cache=1492446432365 HTTP/1.1" 200 1274
186.103.159.187 - - [17/Apr/2017:12:26:09 -0300] "POST /cormun/servlet/solicitudot?gx-no-cache=1492446432424 HTTP/1.1" 200 1157
186.103.159.187 - - [17/Apr/2017:12:26:09 -0300] "GET /cormun/servlet/solicitudot?d1d3dc0825b10043544a2b9c3639f4bbf16d18d1eb984d0e37f7082c0218c837c774d8291f12ac0a3d0ada00a725f088633c9e99cf5d089bf891ff5e85b93b51c49bb838b37281a998800ce22a68355826908778dbb86396bb834a6051e91f793267f3427c6c13c32471780a5719d5a43866f1d823260bd7738b4f9498c2613751a9231769135f552f607b79c9d2eb3e1e2c362bb44e37c5c704a7a20eb1144b7b5ae799a65f9a16fa99139d92afcf6b22e7cb809b18aae6fbfeb60d19fe9925,gx-no-cache=1492446432480 HTTP/1.1" 200 30
192.168.10.93 - - [17/Apr/2017:12:26:12 -0300] "POST /cormunbeta/servlet/trvisualizadoreventossalud?ac8ce6caa217f8f405d0ac1fc9bf2962,,gx-no-cache=1492446046758 HTTP/1.1" 200 3850
192.168.10.93 - - [17/Apr/2017:12:26:13 -0300] "POST /cormunbeta/servlet/trvisualizadoreventossalud?ac8ce6caa217f8f405d0ac1fc9bf2962,,gx-no-cache=1492446047583 HTTP/1.1" 200 3848
192.168.10.13 - - [17/Apr/2017:12:26:14 -0300] "GET / HTTP/1.1" 200 11217
192.168.10.93 - - [17/Apr/2017:12:26:16 -0300] "POST /cormunbeta/servlet/trvisualizadoreventossalud?ac8ce6caa217f8f405d0ac1fc9bf2962,,gx-no-cache=1492446050022 HTTP/1.1" 200 3850
192.168.10.93 - - [17/Apr/2017:12:26:18 -0300] "POST /cormunbeta/servlet/trvisualizadoreventossalud?ac8ce6caa217f8f405d0ac1fc9bf2962,,gx-no-cache=1492446052734 HTTP/1.1" 200 3850
192.168.10.93 - - [17/Apr/2017:12:26:23 -0300] "POST /cormunbeta/servlet/trvisualizadoreventossalud?ac8ce6caa217f8f405d0ac1fc9bf2962,,gx-no-cache=1492446057246 HTTP/1.1" 200 3852
192.168.10.93 - - [17/Apr/2017:12:26:26 -0300] "POST /cormunbeta/servlet/trvisualizadoreventossalud?ac8ce6caa217f8f405d0ac1fc9bf2962,,gx-no-cache=1492446059981 HTTP/1.1" 200 3848
192.168.10.93 - - [17/Apr/2017:12:26:32 -0300] "GET /cormunbeta/servlet/trvisualizadoreventossalud? HTTP/1.1" 200 6396
192.168.10.93 - - [17/Apr/2017:12:26:32 -0300] "GET /cormunbeta/servlet/trvisualizadoreventossalud? HTTP/1.1" 200 6396
192.168.10.93 - - [17/Apr/2017:12:26:39 -0300] "POST /cormunbeta/servlet/trvisualizadoreventossalud?ac8ce6caa217f8f405d0ac1fc9bf2962,,gx-no-cache=1492446073325 HTTP/1.1" 200 3849
192.168.10.93 - - [17/Apr/2017:12:26:44 -0300] "GET /cormunbeta/servlet/avisualizareventos?0,0,ING,20170417,20170417,PU HTTP/1.1" 200 1022
192.168.10.93 - - [17/Apr/2017:12:26:52 -0300] "GET /cormunbeta/servlet/trcontratoobservacion? HTTP/1.1" 200 5808
192.168.10.93 - - [17/Apr/2017:12:26:52 -0300] "GET /cormunbeta/static/gxcfg.js?20161221855213 HTTP/1.1" 200 953
192.168.10.93 - - [17/Apr/2017:12:26:52 -0300] "GET /cormunbeta/static/trcontratoobservacion.js?20161221855487 HTTP/1.1" 200 25085
192.168.10.93 - - [17/Apr/2017:12:26:53 -0300] "GET /cormunbeta/servlet/trcontratoobservacion? HTTP/1.1" 200 5807
192.168.10.93 - - [17/Apr/2017:12:26:54 -0300] "POST /cormunbeta/servlet/acontrolpreferencessavestate?None,ADMEST,true HTTP/1.1" 200 35
192.168.10.93 - - [17/Apr/2017:12:26:59 -0300] "GET /cormunbeta/servlet/trsolicitudsaludot? HTTP/1.1" 200 8130
192.168.10.93 - - [17/Apr/2017:12:26:59 -0300] "GET /cormunbeta/servlet/trsolicitudsaludot? HTTP/1.1" 200 8130
192.168.10.93 - - [17/Apr/2017:12:27:00 -0300] "POST /cormunbeta/servlet/acontrolpreferencessavestate?None,ADMEST,true HTTP/1.1" 200 35
186.103.159.187 - - [17/Apr/2017:12:27:01 -0300] "POST /cormun/servlet/solicitudot?2b225d0049f7092f1a8d68e42cf496c4,INS,0,0,,gx-no-cache=1492446484397 HTTP/1.1" 200 11173
192.168.10.93 - - [17/Apr/2017:12:27:02 -0300] "GET /cormunbeta/servlet/vesolicitudsaludot?2017,2938,, HTTP/1.1" 200 7803
192.168.10.93 - - [17/Apr/2017:12:27:03 -0300] "GET /cormunbeta/static/gxcfg.js?201612218592411 HTTP/1.1" 200 953
192.168.10.93 - - [17/Apr/2017:12:27:03 -0300] "GET /cormunbeta/pexe_scrolldiv.js HTTP/1.1" 404 1017
192.168.10.93 - - [17/Apr/2017:12:27:03 -0300] "GET /cormunbeta/static/vesolicitudsaludot.js?201612218592466 HTTP/1.1" 200 6453
192.168.10.93 - - [17/Apr/2017:12:27:03 -0300] "GET /cormunbeta/pexe_scrolldiv.js HTTP/1.1" 404 1017
192.168.10.93 - - [17/Apr/2017:12:27:03 -0300] "GET /cormunbeta/static/tbsolicitudsaludot01.js?201731711314956 HTTP/1.1" 200 27550
192.168.10.93 - - [17/Apr/2017:12:27:03 -0300] "GET /cormunbeta/servlet/vesolicitudsaludot?2017,2938,, HTTP/1.1" 200 7802
192.168.10.93 - - [17/Apr/2017:12:27:05 -0300] "POST /cormunbeta/servlet/vesolicitudsaludot?ac8ce6caa217f8f405d0ac1fc9bf2962,2017,2938,,,gx-no-cache=1492446099510 HTTP/1.1" 200 93
192.168.10.93 - - [17/Apr/2017:12:27:05 -0300] "GET /cormunbeta/servlet/hpexe_return? HTTP/1.1" 200 1016
192.168.10.93 - - [17/Apr/2017:12:27:05 -0300] "GET /cormunbeta/servlet/trsolicitudsaludot HTTP/1.1" 200 8139
192.168.10.93 - - [17/Apr/2017:12:27:06 -0300] "GET /cormunbeta/servlet/trsolicitudsaludot HTTP/1.1" 200 8135
186.103.159.187 - - [17/Apr/2017:12:27:10 -0300] "GET /cormun/servlet/prpersonalsolicitud?18597010,,,,,MD,,gxPopupLevel%3D0%3B HTTP/1.1" 200 5573
186.103.159.187 - - [17/Apr/2017:12:27:10 -0300] "GET /cormun/static/gxcfg.js?201731711525646 HTTP/1.1" 200 953
186.103.159.187 - - [17/Apr/2017:12:27:10 -0300] "GET /cormun/static/prpersonalsolicitud.js?201731711525838 HTTP/1.1" 200 13873
192.168.10.93 - - [17/Apr/2017:12:27:13 -0300] "POST /cormunbeta/servlet/trsolicitudsaludot?ac8ce6caa217f8f405d0ac1fc9bf2962,gx-no-cache=1492446107487 HTTP/1.1" 200 5309
192.168.10.93 - - [17/Apr/2017:12:27:13 -0300] "GET /cormunbeta/static/Shared/jqueryui/images/ui-bg_highlight-soft_100_c6c2c8_1x100.png HTTP/1.1" 404 1125
192.168.10.93 - - [17/Apr/2017:12:27:13 -0300] "GET /cormunbeta/static/Shared/jqueryui/images/ui-icons_82798d_256x240.png HTTP/1.1" 404 1097
192.168.10.93 - - [17/Apr/2017:12:27:13 -0300] "GET /cormunbeta/static/Shared/jqueryui/images/ui-bg_flat_55_fafafa_40x100.png HTTP/1.1" 404 1105
192.168.10.93 - - [17/Apr/2017:12:27:13 -0300] "GET /cormunbeta/static/Shared/jqueryui/images/ui-icons_8d78a5_256x240.png HTTP/1.1" 404 1097
192.168.10.93 - - [17/Apr/2017:12:27:13 -0300] "POST /cormunbeta/servlet/trsolicitudsaludot?ac8ce6caa217f8f405d0ac1fc9bf2962,gx-no-cache=1492446107824 HTTP/1.1" 200 5250
192.168.10.13 - - [17/Apr/2017:12:27:14 -0300] "GET / HTTP/1.1" 200 11217
192.168.10.93 - - [17/Apr/2017:12:27:17 -0300] "POST /cormunbeta/servlet/trsolicitudsaludot?ac8ce6caa217f8f405d0ac1fc9bf2962,gx-no-cache=1492446110861 HTTP/1.1" 200 4087
192.168.10.93 - - [17/Apr/2017:12:27:17 -0300] "POST /cormunbeta/servlet/trsolicitudsaludot?ac8ce6caa217f8f405d0ac1fc9bf2962,gx-no-cache=1492446111134 HTTP/1.1" 200 3943
186.103.159.187 - - [17/Apr/2017:12:27:21 -0300] "GET /cormun/servlet/prcontratosol?18597010,,,,,MD,,gxPopupLevel%3D0%3B HTTP/1.1" 200 5554
192.168.10.93 - - [17/Apr/2017:12:27:27 -0300] "GET /cormunbeta/servlet/hlogin HTTP/1.1" 200 1739
192.168.10.93 - - [17/Apr/2017:12:27:35 -0300] "POST /cormunbeta/servlet/hlogin?ac8ce6caa217f8f405d0ac1fc9bf2962,gx-no-cache=1492446129336 HTTP/1.1" 200 90
192.168.10.93 - - [17/Apr/2017:12:27:35 -0300] "GET /cormunbeta/servlet/hpexe_link HTTP/1.1" 200 954
192.168.10.93 - - [17/Apr/2017:12:27:35 -0300] "GET /cormunbeta/servlet/hhome HTTP/1.1" 200 3901
192.168.10.93 - - [17/Apr/2017:12:27:35 -0300] "GET /cormunbeta/servlet/hhome HTTP/1.1" 200 3897
200.72.197.82 - - [17/Apr/2017:12:27:40 -0300] "GET /cormun/servlet/hlogin HTTP/1.1" 200 1731
192.168.10.93 - - [17/Apr/2017:12:27:41 -0300] "GET /cormunbeta/servlet/trvisualizadoreventossalud? HTTP/1.1" 200 6643
192.168.10.93 - - [17/Apr/2017:12:27:41 -0300] "GET /cormunbeta/servlet/trvisualizadoreventossalud? HTTP/1.1" 200 6643
192.168.10.93 - - [17/Apr/2017:12:27:46 -0300] "POST /cormunbeta/servlet/trvisualizadoreventossalud?ac8ce6caa217f8f405d0ac1fc9bf2962,,gx-no-cache=1492446140060 HTTP/1.1" 200 4439
192.168.10.93 - - [17/Apr/2017:12:27:48 -0300] "POST /cormunbeta/servlet/trvisualizadoreventossalud?ac8ce6caa217f8f405d0ac1fc9bf2962,,gx-no-cache=1492446142796 HTTP/1.1" 200 4018
192.168.10.93 - - [17/Apr/2017:12:27:51 -0300] "POST /cormunbeta/servlet/trvisualizadoreventossalud?ac8ce6caa217f8f405d0ac1fc9bf2962,,gx-no-cache=1492446145476 HTTP/1.1" 200 4439
186.103.159.187 - - [17/Apr/2017:12:27:54 -0300] "POST /cormun/servlet/solicitudot?gx-no-cache=1492446537271 HTTP/1.1" 200 30
200.72.197.82 - - [17/Apr/2017:12:27:55 -0300] "POST /cormun/servlet/hlogin?3f32605df8a7ab797e7d107a1eb5ad48,gx-no-cache=1492442939162 HTTP/1.1" 200 90
200.72.197.82 - - [17/Apr/2017:12:27:55 -0300] "GET /cormun/servlet/hpexe_link HTTP/1.1" 200 953
200.72.197.82 - - [17/Apr/2017:12:27:55 -0300] "GET /cormun/static/hpexe_link.js?201731711483384 HTTP/1.1" 200 625
190.151.100.218 - - [17/Apr/2017:12:27:56 -0300] "GET /cormun/servlet/hhome HTTP/1.1" 200 3973
190.151.100.218 - - [17/Apr/2017:12:27:57 -0300] "GET /cormun/servlet/hhome HTTP/1.1" 200 3969
186.103.159.187 - - [17/Apr/2017:12:28:00 -0300] "POST /cormun/servlet/solicitudot?gx-no-cache=1492446543671 HTTP/1.1" 200 1291
186.103.159.187 - - [17/Apr/2017:12:28:00 -0300] "POST /cormun/servlet/solicitudot?gx-no-cache=1492446543790 HTTP/1.1" 200 41
186.103.159.187 - - [17/Apr/2017:12:28:00 -0300] "POST /cormun/servlet/solicitudot?gx-no-cache=1492446543826 HTTP/1.1" 200 1274
186.103.159.187 - - [17/Apr/2017:12:28:00 -0300] "POST /cormun/servlet/solicitudot?gx-no-cache=1492446543883 HTTP/1.1" 200 1157
186.103.159.187 - - [17/Apr/2017:12:28:04 -0300] "POST /cormun/servlet/solicitudot?gx-no-cache=1492446547518 HTTP/1.1" 200 30
186.103.159.187 - - [17/Apr/2017:12:28:04 -0300] "POST /cormun/servlet/solicitudot?gx-no-cache=1492446547559 HTTP/1.1" 200 1291
186.103.159.187 - - [17/Apr/2017:12:28:04 -0300] "POST /cormun/servlet/solicitudot?gx-no-cache=1492446547650 HTTP/1.1" 200 41
186.103.159.187 - - [17/Apr/2017:12:28:04 -0300] "POST /cormun/servlet/solicitudot?gx-no-cache=1492446547697 HTTP/1.1" 200 1274
186.103.159.187 - - [17/Apr/2017:12:28:04 -0300] "POST /cormun/servlet/solicitudot?gx-no-cache=1492446547745 HTTP/1.1" 200 1157
186.79.226.236 - - [17/Apr/2017:12:28:11 -0300] "POST /cormun/servlet/trsolicitudot?c2828a1d9cb164aab8370ee09d45c4ab,gx-no-cache=1492442956217 HTTP/1.1" 440 972
186.103.161.206 - - [17/Apr/2017:12:28:13 -0300] "GET /cormun/servlet/trsolicitudot? HTTP/1.1" 200 6945
192.168.10.13 - - [17/Apr/2017:12:28:14 -0300] "GET / HTTP/1.1" 200 11217
186.79.226.236 - - [17/Apr/2017:12:28:14 -0300] "GET /cormun/servlet/trsolicitudot HTTP/1.1" 200 6076
186.103.161.206 - - [17/Apr/2017:12:28:14 -0300] "GET /cormun/servlet/trsolicitudot? HTTP/1.1" 200 6944
186.79.226.236 - - [17/Apr/2017:12:28:15 -0300] "GET /cormun/servlet/trsolicitudot HTTP/1.1" 200 6076
186.79.226.236 - - [17/Apr/2017:12:28:15 -0300] "GET /cormun/servlet/hlogin HTTP/1.1" 200 1742
186.103.161.206 - - [17/Apr/2017:12:28:17 -0300] "GET /cormun/servlet/solicitudot?INS,0,0, HTTP/1.1" 200 12773
186.79.226.236 - - [17/Apr/2017:12:28:17 -0300] "POST /cormun/servlet/hlogin?469fbf3c79950de23e9b625676ea966c,gx-no-cache=1492442962120 HTTP/1.1" 200 90
186.79.226.236 - - [17/Apr/2017:12:28:17 -0300] "GET /cormun/servlet/hpexe_link HTTP/1.1" 200 959
186.103.161.206 - - [17/Apr/2017:12:28:17 -0300] "GET /cormun/servlet/solicitudot?INS,0,0, HTTP/1.1" 200 12778
186.79.226.236 - - [17/Apr/2017:12:28:18 -0300] "GET /cormun/servlet/trsolicitudot HTTP/1.1" 200 7835
186.79.226.236 - - [17/Apr/2017:12:28:18 -0300] "GET /cormun/servlet/trsolicitudot HTTP/1.1" 200 7834
186.79.226.236 - - [17/Apr/2017:12:28:22 -0300] "POST /cormun/servlet/trsolicitudot?469fbf3c79950de23e9b625676ea966c,gx-no-cache=1492442966663 HTTP/1.1" 200 106
186.79.226.236 - - [17/Apr/2017:12:28:22 -0300] "GET /cormun/servlet/trsolicitudadjuntos?2017,6090, HTTP/1.1" 200 5821
186.79.226.236 - - [17/Apr/2017:12:28:22 -0300] "GET /cormun/static/gxcfg.js?201731711504543 HTTP/1.1" 200 953
186.79.226.236 - - [17/Apr/2017:12:28:22 -0300] "GET /cormun/static/trsolicitudadjuntos.js?201731711504951 HTTP/1.1" 304 -
186.79.226.236 - - [17/Apr/2017:12:28:23 -0300] "GET /cormun/servlet/trsolicitudadjuntos?2017,6090, HTTP/1.1" 200 5821
186.79.226.236 - - [17/Apr/2017:12:28:24 -0300] "POST /cormun/servlet/acontrolpreferencessavestate?None,MRECIO,true HTTP/1.1" 200 35
190.151.100.218 - - [17/Apr/2017:12:28:26 -0300] "GET /cormun/servlet/trsolicitudot? HTTP/1.1" 200 6945
186.103.159.187 - - [17/Apr/2017:12:28:30 -0300] "GET /cormun/servlet/solicitudot?d1d3dc0825b10043544a2b9c3639f4bbf16d18d1eb984d0e37f7082c0218c837c774d8291f12ac0a3d0ada00a725f088d5b412896873c353008fb38faa6757b1c49bb838b37281a998800ce22a68355826908778dbb86396bb834a6051e91f793267f3427c6c13c32471780a5719d5a43866f1d823260bd7738b4f9498c2613751a9231769135f552f607b79c9d2eb3e1e2c362bb44e37c5c704a7a20eb1144b7b5ae799a65f9a16fa99139d92afcf6b39a1eab5364cc448ae5d92d256179716,gx-no-cache=1492446573334 HTTP/1.1" 200 32
186.103.159.187 - - [17/Apr/2017:12:28:31 -0300] "POST /cormun/servlet/solicitudot?2b225d0049f7092f1a8d68e42cf496c4,INS,0,0,,gx-no-cache=1492446573393 HTTP/1.1" 200 11299
200.72.197.82 - - [17/Apr/2017:12:28:32 -0300] "POST /cormun/servlet/solicitudot?gx-no-cache=1492442976414 HTTP/1.1" 200 3195
192.168.10.93 - - [17/Apr/2017:12:28:35 -0300] "GET /cormunbeta/servlet/trautorizarsolicitudsalud? HTTP/1.1" 200 6800
200.72.197.82 - - [17/Apr/2017:12:28:35 -0300] "POST /cormun/servlet/solicitudot?3f32605df8a7ab797e7d107a1eb5ad48,INS,0,0,,gx-no-cache=1492442977205 HTTP/1.1" 200 9997
192.168.10.93 - - [17/Apr/2017:12:28:35 -0300] "GET /cormunbeta/servlet/trautorizarsolicitudsalud? HTTP/1.1" 200 6799
186.79.226.236 - - [17/Apr/2017:12:28:41 -0300] "GET /cormun/servlet/solicitudotadjuntos?INS,2017,6090,,1, HTTP/1.1" 200 5766
186.79.226.236 - - [17/Apr/2017:12:28:41 -0300] "GET /cormun/static/gxcfg.js?201612218465951 HTTP/1.1" 200 953
186.79.226.236 - - [17/Apr/2017:12:28:41 -0300] "GET /cormun/static/solicitudotadjuntos.js?201612218465969 HTTP/1.1" 304 -
192.168.10.93 - - [17/Apr/2017:12:28:41 -0300] "POST /cormunbeta/servlet/trautorizarsolicitudsalud?ac8ce6caa217f8f405d0ac1fc9bf2962,,gx-no-cache=1492446195212 HTTP/1.1" 200 5690
186.79.226.236 - - [17/Apr/2017:12:28:41 -0300] "GET /cormun/static/about:blank HTTP/1.1" 404 1011
186.79.226.236 - - [17/Apr/2017:12:28:41 -0300] "GET /cormun/servlet/solicitudotadjuntos?INS,2017,6090,,1, HTTP/1.1" 200 5760
186.79.226.236 - - [17/Apr/2017:12:28:42 -0300] "GET /cormun/servlet/solicitudotadjuntos?15a468e31c3c35a0b7c2732f879aee68ddd188e628bbb5636a3bd661b8624aa1bd91744922db7ee55594b841d0564dc4,gx-no-cache=1492442986356 HTTP/1.1" 200 30
186.79.226.236 - - [17/Apr/2017:12:28:42 -0300] "POST /cormun/servlet/solicitudotadjuntos?469fbf3c79950de23e9b625676ea966c,INS,2017,6090,,1,,gx-no-cache=1492442986449 HTTP/1.1" 200 3652
200.72.197.82 - - [17/Apr/2017:12:28:42 -0300] "GET /cormun/servlet/solicitudot?6738cf02df035d879a80773b3956f5cec38e123d3f029e53b80f9d30b27e3a2b6fc49d0d833678eb41f1a55e928ff917,gx-no-cache=1492442986537 HTTP/1.1" 200 30
200.72.197.82 - - [17/Apr/2017:12:28:42 -0300] "POST /cormun/servlet/solicitudot?gx-no-cache=1492442986939 HTTP/1.1" 200 297
200.72.197.82 - - [17/Apr/2017:12:28:43 -0300] "GET /cormun/servlet/solicitudot?6738cf02df035d879a80773b3956f5ce0bc3fdea933b6c9bd78b7920c60856b7ec5d735f9d0bebd406a45e333ef7106dbb3abc34d56367bd6885784826ac37f7741440e1e99281196be5d66ca681535e85e478f6b2b4adf37ae14f5f487f4d89436793d812050e4238e01c003da70d7c96936c0c51c23fe0f34fe1be57164e30b4d696aa1a0c164761893f2ec83aa8f5d328023e00c8ab02c90b01022dc418b9ab206de817ba97172f55bf09b5d004b4cc69c088f2d395616e752ec27c7e53b4dac240d0f8c641f3706d69f3d4debf795dc08314c2ddd8cc2e63a9ece07f0dc5167463a763cf191f1f3c05fb19bbef7f85396897b0147ad2959e65f3cc5ccc2305217a4b7552992f2c23b5c88acc834b974656b65cd60524b76e0d97841e97c4f7b5b73fcc862a17f02a53306aa191abbea6868376ba3420c9632dad66bb71fc4bb12b7a98219f48102572c633c4fb7ad1a10eb44e564af14e9f4811df67d2fd4e4e0c5b9feaf32f82b3e91e7734de7a626c120cf7a4755100aca1b32c3a6bbc62cc38b15f695c977cc083aa60d39a34,gx-no-cache=1492442987206 HTTP/1.1" 200 30
192.168.10.93 - - [17/Apr/2017:12:28:43 -0300] "GET /cormunbeta/servlet/veautorizarsolicitudsalud?2017,2938,, HTTP/1.1" 200 8034
192.168.10.93 - - [17/Apr/2017:12:28:43 -0300] "GET /cormunbeta/pexe_scrolldiv.js HTTP/1.1" 404 1017
192.168.10.93 - - [17/Apr/2017:12:28:43 -0300] "GET /cormunbeta/pexe_scrolldiv.js HTTP/1.1" 404 1017
192.168.10.93 - - [17/Apr/2017:12:28:43 -0300] "GET /cormunbeta/servlet/veautorizarsolicitudsalud?2017,2938,, HTTP/1.1" 200 8033
192.168.10.93 - - [17/Apr/2017:12:28:48 -0300] "POST /cormunbeta/servlet/veautorizarsolicitudsalud?ac8ce6caa217f8f405d0ac1fc9bf2962,2017,2938,,,gx-no-cache=1492446202171 HTTP/1.1" 200 93
192.168.10.93 - - [17/Apr/2017:12:28:48 -0300] "GET /cormunbeta/servlet/hpexe_return? HTTP/1.1" 200 1023
192.168.10.93 - - [17/Apr/2017:12:28:48 -0300] "GET /cormunbeta/servlet/trautorizarsolicitudsalud? HTTP/1.1" 200 8317
192.168.10.93 - - [17/Apr/2017:12:28:48 -0300] "GET /cormunbeta/servlet/trautorizarsolicitudsalud? HTTP/1.1" 200 8313
186.103.159.187 - - [17/Apr/2017:12:28:49 -0300] "GET /cormun/servlet/solicitudot?d1d3dc0825b10043544a2b9c3639f4bbf16d18d1eb984d0e37f7082c0218c837c774d8291f12ac0a3d0ada00a725f088d5b412896873c353008fb38faa6757b1c49bb838b37281a998800ce22a68355826908778dbb86396bb834a6051e91f793267f3427c6c13c32471780a5719d5a43866f1d823260bd7738b4f9498c2613751a9231769135f552f607b79c9d2eb3e1e2c362bb44e37c5c704a7a20eb1144b7b5ae799a65f9a16fa99139d92afcf6b39a1eab5364cc448ae5d92d256179716,gx-no-cache=1492446592133 HTTP/1.1" 200 32
186.103.159.187 - - [17/Apr/2017:12:28:49 -0300] "POST /cormun/servlet/solicitudot?2b225d0049f7092f1a8d68e42cf496c4,INS,0,0,,gx-no-cache=1492446592178 HTTP/1.1" 200 11351
192.168.10.93 - - [17/Apr/2017:12:28:51 -0300] "POST /cormunbeta/servlet/trautorizarsolicitudsalud?ac8ce6caa217f8f405d0ac1fc9bf2962,,gx-no-cache=1492446205570 HTTP/1.1" 200 5437
192.168.10.93 - - [17/Apr/2017:12:28:51 -0300] "GET /cormunbeta/static/Shared/jqueryui/images/ui-bg_highlight-soft_100_c6c2c8_1x100.png HTTP/1.1" 404 1125
192.168.10.93 - - [17/Apr/2017:12:28:51 -0300] "GET /cormunbeta/static/Shared/jqueryui/images/ui-icons_82798d_256x240.png HTTP/1.1" 404 1097
192.168.10.93 - - [17/Apr/2017:12:28:51 -0300] "GET /cormunbeta/static/Shared/jqueryui/images/ui-bg_flat_55_fafafa_40x100.png HTTP/1.1" 404 1105
192.168.10.93 - - [17/Apr/2017:12:28:51 -0300] "GET /cormunbeta/static/Shared/jqueryui/images/ui-icons_8d78a5_256x240.png HTTP/1.1" 404 1097
192.168.10.93 - - [17/Apr/2017:12:28:51 -0300] "POST /cormunbeta/servlet/trautorizarsolicitudsalud?ac8ce6caa217f8f405d0ac1fc9bf2962,,gx-no-cache=1492446205831 HTTP/1.1" 200 5380
186.79.226.236 - - [17/Apr/2017:12:28:52 -0300] "POST /cormun/servlet/solicitudotadjuntos?gx-no-cache=1492442997037 HTTP/1.1" 200 26
192.168.10.93 - - [17/Apr/2017:12:28:54 -0300] "POST /cormunbeta/servlet/trautorizarsolicitudsalud?ac8ce6caa217f8f405d0ac1fc9bf2962,,gx-no-cache=1492446207852 HTTP/1.1" 200 4212
192.168.10.93 - - [17/Apr/2017:12:28:54 -0300] "POST /cormunbeta/servlet/trautorizarsolicitudsalud?ac8ce6caa217f8f405d0ac1fc9bf2962,,gx-no-cache=1492446208031 HTTP/1.1" 200 4067
186.103.159.187 - - [17/Apr/2017:12:29:07 -0300] "GET /cormun/servlet/solicitudot?d1d3dc0825b10043544a2b9c3639f4bbf16d18d1eb984d0e37f7082c0218c837c774d8291f12ac0a3d0ada00a725f088d5b412896873c353008fb38faa6757b1c49bb838b37281a998800ce22a68355826908778dbb86396bb834a6051e91f793267f3427c6c13c32471780a5719d5a43866f1d823260bd7738b4f9498c2613751a9231769135f552f607b79c9d2eb3e1e2c362bb44e37c5c704a7a20eb1144b7b5ae799a65f9a16fa99139d92afcf6b39a1eab5364cc448ae5d92d256179716,gx-no-cache=1492446610471 HTTP/1.1" 200 32
186.103.159.187 - - [17/Apr/2017:12:29:07 -0300] "POST /cormun/servlet/solicitudot?2b225d0049f7092f1a8d68e42cf496c4,INS,0,0,,gx-no-cache=1492446610520 HTTP/1.1" 200 11390
200.72.197.82 - - [17/Apr/2017:12:29:08 -0300] "POST /cormun/servlet/solicitudot?gx-no-cache=1492443012550 HTTP/1.1" 200 30
192.168.10.93 - - [17/Apr/2017:12:29:09 -0300] "GET /cormunbeta/servlet/hlogin HTTP/1.1" 200 1747
192.168.10.13 - - [17/Apr/2017:12:29:14 -0300] "GET / HTTP/1.1" 200 11217
192.168.10.93 - - [17/Apr/2017:12:29:14 -0300] "POST /cormunbeta/servlet/hlogin?ac8ce6caa217f8f405d0ac1fc9bf2962,gx-no-cache=1492446228650 HTTP/1.1" 200 90
192.168.10.93 - - [17/Apr/2017:12:29:14 -0300] "GET /cormunbeta/servlet/hpexe_link HTTP/1.1" 200 954
192.168.10.93 - - [17/Apr/2017:12:29:14 -0300] "GET /cormunbeta/servlet/hhome HTTP/1.1" 200 3758
192.168.10.93 - - [17/Apr/2017:12:29:15 -0300] "GET /cormunbeta/servlet/hhome HTTP/1.1" 200 3755
192.168.10.93 - - [17/Apr/2017:12:29:18 -0300] "GET /cormunbeta/servlet/trvisualizadoreventossalud? HTTP/1.1" 200 6490
192.168.10.93 - - [17/Apr/2017:12:29:18 -0300] "GET /cormunbeta/servlet/trvisualizadoreventossalud? HTTP/1.1" 200 6489
200.72.197.82 - - [17/Apr/2017:12:29:20 -0300] "POST /cormun/servlet/solicitudot?gx-no-cache=1492443024147 HTTP/1.1" 200 1291
186.79.226.236 - - [17/Apr/2017:12:29:20 -0300] "GET /cormun/servlet/solicitudotadjuntos?15a468e31c3c35a0b7c2732f879aee683085ec88f3693edb17360a92dfc8a900,gx-no-cache=1492443024461 HTTP/1.1" 200 30
186.79.226.236 - - [17/Apr/2017:12:29:20 -0300] "GET /cormun/servlet/solicitudotadjuntos?15a468e31c3c35a0b7c2732f879aee683085ec88f3693edb17360a92dfc8a900,gx-no-cache=1492443024606 HTTP/1.1" 200 30
200.72.197.82 - - [17/Apr/2017:12:29:20 -0300] "POST /cormun/servlet/solicitudot?gx-no-cache=1492443024518 HTTP/1.1" 200 38
192.168.10.93 - - [17/Apr/2017:12:29:20 -0300] "POST /cormunbeta/servlet/trvisualizadoreventossalud?ac8ce6caa217f8f405d0ac1fc9bf2962,,gx-no-cache=1492446234599 HTTP/1.1" 200 3921
200.72.197.82 - - [17/Apr/2017:12:29:20 -0300] "GET /cormun/servlet/solicitudot?6738cf02df035d879a80773b3956f5cea3e5e890eb72ad7540e40722f9582e6d6bbb67ddb5f5b4dd62bc48303bc042585391fb917072a23e7e8cb9b6c57697ceff6ce27c7a123ba50c99ad3c448e366683eb827f2e37749c3690e7156802e8c3da961184b8df98c3ed489e75e880e20a,gx-no-cache=1492443024721 HTTP/1.1" 200 29
200.72.197.82 - - [17/Apr/2017:12:29:22 -0300] "POST /cormun/servlet/solicitudot?gx-no-cache=1492443025251 HTTP/1.1" 200 1274
186.79.226.236 - - [17/Apr/2017:12:29:23 -0300] "POST /cormun/servlet/solicitudotadjuntos?469fbf3c79950de23e9b625676ea966c,INS,2017,6090,,1, HTTP/1.1" 200 116
186.79.226.236 - - [17/Apr/2017:12:29:23 -0300] "GET /cormun/servlet/hpexe_return? HTTP/1.1" 200 1026
200.72.197.82 - - [17/Apr/2017:12:29:23 -0300] "POST /cormun/servlet/solicitudot?gx-no-cache=1492443027030 HTTP/1.1" 200 1156
186.79.226.236 - - [17/Apr/2017:12:29:23 -0300] "GET /cormun/servlet/trsolicitudadjuntos?2017,6090, HTTP/1.1" 200 7982
192.168.10.93 - - [17/Apr/2017:12:29:24 -0300] "POST /cormunbeta/servlet/trvisualizadoreventossalud?ac8ce6caa217f8f405d0ac1fc9bf2962,,gx-no-cache=1492446237900 HTTP/1.1" 200 3923
200.72.197.82 - - [17/Apr/2017:12:29:24 -0300] "GET /cormun/static/menuarrow.gif HTTP/1.1" 404 1015
186.79.226.236 - - [17/Apr/2017:12:29:24 -0300] "GET /cormun/servlet/trsolicitudadjuntos?2017,6090, HTTP/1.1" 200 7978
200.72.197.82 - - [17/Apr/2017:12:29:27 -0300] "POST /cormun/servlet/solicitudot?gx-no-cache=1492443031326 HTTP/1.1" 200 1291
200.72.197.82 - - [17/Apr/2017:12:29:28 -0300] "POST /cormun/servlet/solicitudot?gx-no-cache=1492443031949 HTTP/1.1" 200 38
200.72.197.82 - - [17/Apr/2017:12:29:28 -0300] "POST /cormun/servlet/solicitudot?gx-no-cache=1492443032501 HTTP/1.1" 200 1274
192.168.10.93 - - [17/Apr/2017:12:29:28 -0300] "POST /cormunbeta/servlet/trvisualizadoreventossalud?ac8ce6caa217f8f405d0ac1fc9bf2962,,gx-no-cache=1492446242719 HTTP/1.1" 200 3920
200.72.197.82 - - [17/Apr/2017:12:29:29 -0300] "POST /cormun/servlet/solicitudot?gx-no-cache=1492443032702 HTTP/1.1" 200 1156
186.79.226.236 - - [17/Apr/2017:12:29:29 -0300] "GET /cormun/servlet/solicitudotadjuntos?INS,2017,6090,,1, HTTP/1.1" 200 5766
186.79.226.236 - - [17/Apr/2017:12:29:29 -0300] "GET /cormun/static/about:blank HTTP/1.1" 404 1011
186.79.226.236 - - [17/Apr/2017:12:29:30 -0300] "GET /cormun/servlet/solicitudotadjuntos?INS,2017,6090,,1, HTTP/1.1" 200 5760
192.168.10.89 - - [17/Apr/2017:12:29:30 -0300] "GET /cormun/servlet/trsolicitudgral? HTTP/1.1" 200 25167
186.79.226.236 - - [17/Apr/2017:12:29:30 -0300] "GET /cormun/servlet/solicitudotadjuntos?15a468e31c3c35a0b7c2732f879aee68ddd188e628bbb5636a3bd661b8624aa1bd91744922db7ee55594b841d0564dc4,gx-no-cache=1492443035048 HTTP/1.1" 200 30
186.79.226.236 - - [17/Apr/2017:12:29:31 -0300] "POST /cormun/servlet/solicitudotadjuntos?469fbf3c79950de23e9b625676ea966c,INS,2017,6090,,1,,gx-no-cache=1492443035213 HTTP/1.1" 200 3652
186.103.159.187 - - [17/Apr/2017:12:29:35 -0300] "GET /cormun/servlet/solicitudot?d1d3dc0825b10043544a2b9c3639f4bbf16d18d1eb984d0e37f7082c0218c837c774d8291f12ac0a3d0ada00a725f088d5b412896873c353008fb38faa6757b1c49bb838b37281a998800ce22a68355826908778dbb86396bb834a6051e91f793267f3427c6c13c32471780a5719d5a43866f1d823260bd7738b4f9498c2613751a9231769135f552f607b79c9d2eb3e1e2c362bb44e37c5c704a7a20eb1144b7b5ae799a65f9a16fa99139d92afcf6b39a1eab5364cc448ae5d92d256179716,gx-no-cache=1492446638792 HTTP/1.1" 200 32
186.103.159.187 - - [17/Apr/2017:12:29:36 -0300] "POST /cormun/servlet/solicitudot?2b225d0049f7092f1a8d68e42cf496c4,INS,0,0,,gx-no-cache=1492446638870 HTTP/1.1" 200 11441
192.168.10.93 - - [17/Apr/2017:12:29:38 -0300] "POST /cormunbeta/servlet/trvisualizadoreventossalud?ac8ce6caa217f8f405d0ac1fc9bf2962,,gx-no-cache=1492446252513 HTTP/1.1" 200 3922
192.168.10.89 - - [17/Apr/2017:12:29:40 -0300] "GET /cormun/static/menuarrow.gif HTTP/1.1" 404 1015
186.79.226.236 - - [17/Apr/2017:12:29:42 -0300] "POST /cormun/servlet/solicitudotadjuntos?gx-no-cache=1492443046963 HTTP/1.1" 200 26
192.168.10.89 - - [17/Apr/2017:12:29:50 -0300] "POST /cormun/servlet/trsolicitudgral?95562ab5d252c670bddec40dd294f3f4,,gx-no-cache=1492446264873 HTTP/1.1" 200 6742
186.103.161.206 - - [17/Apr/2017:12:29:51 -0300] "GET /cormun/servlet/solicitudot?6738cf02df035d879a80773b3956f5cebcbac6c66661a89065ac84d86fcc375e50fe9cda794c1863307db562ca29aba5af40a8b9e24424b33b790c522987fa561c81d9a7b84ccf2552f7ea779a4b89edd5e74d7c37eff50f72038d83c948cc639774b110197fb7c44e6285ad76e6513180f4707f069cad232693449ef55292af96aafade9e635b16003e8e8d619edcd3af4eae31be7f77db933bbe5312a69949955315115c0079b8251e74e50c9f55b2,gx-no-cache=1492443055854 HTTP/1.1" 200 30
186.79.226.236 - - [17/Apr/2017:12:30:02 -0300] "GET /cormun/servlet/solicitudotadjuntos?15a468e31c3c35a0b7c2732f879aee683085ec88f3693edb17360a92dfc8a900,gx-no-cache=1492443066333 HTTP/1.1" 200 30
186.79.226.236 - - [17/Apr/2017:12:30:02 -0300] "GET /cormun/servlet/solicitudotadjuntos?15a468e31c3c35a0b7c2732f879aee683085ec88f3693edb17360a92dfc8a900,gx-no-cache=1492443066426 HTTP/1.1" 200 30
186.79.226.236 - - [17/Apr/2017:12:30:04 -0300] "POST /cormun/servlet/solicitudotadjuntos?469fbf3c79950de23e9b625676ea966c,INS,2017,6090,,1, HTTP/1.1" 200 116
186.79.226.236 - - [17/Apr/2017:12:30:05 -0300] "GET /cormun/servlet/hpexe_return? HTTP/1.1" 200 1026
186.79.226.236 - - [17/Apr/2017:12:30:05 -0300] "GET /cormun/servlet/trsolicitudadjuntos?2017,6090, HTTP/1.1" 200 8235
186.79.226.236 - - [17/Apr/2017:12:30:06 -0300] "GET /cormun/servlet/trsolicitudadjuntos?2017,6090, HTTP/1.1" 200 8231
192.168.10.13 - - [17/Apr/2017:12:30:14 -0300] "GET / HTTP/1.1" 200 11217
186.79.226.236 - - [17/Apr/2017:12:30:21 -0300] "GET /cormun/servlet/solicitudotadjuntos?INS,2017,6090,,1, HTTP/1.1" 200 5766
186.79.226.236 - - [17/Apr/2017:12:30:21 -0300] "GET /cormun/static/about:blank HTTP/1.1" 404 1011
186.79.226.236 - - [17/Apr/2017:12:30:21 -0300] "GET /cormun/servlet/solicitudotadjuntos?INS,2017,6090,,1, HTTP/1.1" 200 5760
186.79.226.236 - - [17/Apr/2017:12:30:22 -0300] "GET /cormun/servlet/solicitudotadjuntos?15a468e31c3c35a0b7c2732f879aee68ddd188e628bbb5636a3bd661b8624aa1bd91744922db7ee55594b841d0564dc4,gx-no-cache=1492443086411 HTTP/1.1" 200 30
186.79.226.236 - - [17/Apr/2017:12:30:22 -0300] "POST /cormun/servlet/solicitudotadjuntos?469fbf3c79950de23e9b625676ea966c,INS,2017,6090,,1,,gx-no-cache=1492443086491 HTTP/1.1" 200 3652
186.79.226.236 - - [17/Apr/2017:12:30:31 -0300] "POST /cormun/servlet/solicitudotadjuntos?gx-no-cache=1492443095546 HTTP/1.1" 200 26
186.103.159.187 - - [17/Apr/2017:12:30:31 -0300] "GET /cormun/servlet/solicitudot?d1d3dc0825b10043544a2b9c3639f4bbf16d18d1eb984d0e37f7082c0218c837c774d8291f12ac0a3d0ada00a725f088d5b412896873c353008fb38faa6757b1c49bb838b37281a998800ce22a68355826908778dbb86396bb834a6051e91f793267f3427c6c13c32471780a5719d5a43866f1d823260bd7738b4f9498c2613751a9231769135f552f607b79c9d2eb3e1e2c362bb44e37c5c704a7a20eb1144b7b5ae799a65f9a16fa99139d92afcf6b39a1eab5364cc448ae5d92d256179716,gx-no-cache=1492446694847 HTTP/1.1" 200 32
186.103.159.187 - - [17/Apr/2017:12:30:32 -0300] "POST /cormun/servlet/solicitudot?2b225d0049f7092f1a8d68e42cf496c4,INS,0,0,,gx-no-cache=1492446694898 HTTP/1.1" 200 11511
186.79.226.236 - - [17/Apr/2017:12:30:49 -0300] "GET /cormun/servlet/solicitudotadjuntos?15a468e31c3c35a0b7c2732f879aee683085ec88f3693edb17360a92dfc8a900,gx-no-cache=1492443114095 HTTP/1.1" 200 30
186.79.226.236 - - [17/Apr/2017:12:30:49 -0300] "GET /cormun/servlet/solicitudotadjuntos?15a468e31c3c35a0b7c2732f879aee683085ec88f3693edb17360a92dfc8a900,gx-no-cache=1492443114238 HTTP/1.1" 200 30
186.79.226.236 - - [17/Apr/2017:12:30:52 -0300] "POST /cormun/servlet/solicitudotadjuntos?469fbf3c79950de23e9b625676ea966c,INS,2017,6090,,1, HTTP/1.1" 200 116
186.79.226.236 - - [17/Apr/2017:12:30:52 -0300] "GET /cormun/servlet/hpexe_return? HTTP/1.1" 200 1026
186.79.226.236 - - [17/Apr/2017:12:30:52 -0300] "GET /cormun/servlet/trsolicitudadjuntos?2017,6090, HTTP/1.1" 200 8395
186.79.226.236 - - [17/Apr/2017:12:30:53 -0300] "GET /cormun/servlet/trsolicitudadjuntos?2017,6090, HTTP/1.1" 200 8394
186.79.226.236 - - [17/Apr/2017:12:31:00 -0300] "GET /cormun/servlet/solicitudotadjuntos?INS,2017,6090,,1, HTTP/1.1" 200 5766
186.79.226.236 - - [17/Apr/2017:12:31:00 -0300] "GET /cormun/static/about:blank HTTP/1.1" 404 1011
186.79.226.236 - - [17/Apr/2017:12:31:01 -0300] "GET /cormun/servlet/solicitudotadjuntos?INS,2017,6090,,1, HTTP/1.1" 200 5760
186.79.226.236 - - [17/Apr/2017:12:31:01 -0300] "GET /cormun/servlet/solicitudotadjuntos?15a468e31c3c35a0b7c2732f879aee68ddd188e628bbb5636a3bd661b8624aa1bd91744922db7ee55594b841d0564dc4,gx-no-cache=1492443125854 HTTP/1.1" 200 30
186.79.226.236 - - [17/Apr/2017:12:31:01 -0300] "POST /cormun/servlet/solicitudotadjuntos?469fbf3c79950de23e9b625676ea966c,INS,2017,6090,,1,,gx-no-cache=1492443126030 HTTP/1.1" 200 3652
186.79.226.236 - - [17/Apr/2017:12:31:09 -0300] "POST /cormun/servlet/solicitudotadjuntos?gx-no-cache=1492443134178 HTTP/1.1" 200 26
192.168.10.13 - - [17/Apr/2017:12:31:14 -0300] "GET / HTTP/1.1" 200 11217
186.103.157.246 - - [17/Apr/2017:12:31:15 -0300] "GET /cormun/servlet/trlicenciaspermisosadjuntos?11067737,20170417000000,L, HTTP/1.1" 200 6304
186.103.159.187 - - [17/Apr/2017:12:31:19 -0300] "POST /cormun/servlet/solicitudot?gx-no-cache=1492446741357 HTTP/1.1" 200 1274
186.79.226.236 - - [17/Apr/2017:12:31:19 -0300] "GET /cormun/servlet/solicitudotadjuntos?15a468e31c3c35a0b7c2732f879aee683085ec88f3693edb17360a92dfc8a900,gx-no-cache=1492443143978 HTTP/1.1" 200 30
186.79.226.236 - - [17/Apr/2017:12:31:19 -0300] "GET /cormun/servlet/solicitudotadjuntos?15a468e31c3c35a0b7c2732f879aee683085ec88f3693edb17360a92dfc8a900,gx-no-cache=1492443144074 HTTP/1.1" 200 30
186.103.157.246 - - [17/Apr/2017:12:31:21 -0300] "GET /cormun/static/gxcfg.js?20173171154619 HTTP/1.1" 200 953
186.103.157.246 - - [17/Apr/2017:12:31:21 -0300] "GET /cormun/static/trlicenciaspermisosadjuntos.js?20173171154971 HTTP/1.1" 304 -
186.103.157.246 - - [17/Apr/2017:12:31:21 -0300] "GET /cormun/servlet/trlicenciaspermisosadjuntos?11067737,20170417000000,L, HTTP/1.1" 200 6304
186.79.226.236 - - [17/Apr/2017:12:31:22 -0300] "POST /cormun/servlet/solicitudotadjuntos?469fbf3c79950de23e9b625676ea966c,INS,2017,6090,,1, HTTP/1.1" 200 116
186.79.226.236 - - [17/Apr/2017:12:31:22 -0300] "GET /cormun/servlet/hpexe_return? HTTP/1.1" 200 1026
186.79.226.236 - - [17/Apr/2017:12:31:23 -0300] "GET /cormun/servlet/trsolicitudadjuntos?2017,6090, HTTP/1.1" 200 8556
186.79.226.236 - - [17/Apr/2017:12:31:23 -0300] "GET /cormun/servlet/trsolicitudadjuntos?2017,6090, HTTP/1.1" 200 8554
186.79.226.236 - - [17/Apr/2017:12:31:30 -0300] "GET /cormun/servlet/solicitudotadjuntos?INS,2017,6090,,1, HTTP/1.1" 200 5766
186.79.226.236 - - [17/Apr/2017:12:31:30 -0300] "GET /cormun/static/about:blank HTTP/1.1" 404 1011
186.79.226.236 - - [17/Apr/2017:12:31:30 -0300] "GET /cormun/servlet/solicitudotadjuntos?INS,2017,6090,,1, HTTP/1.1" 200 5760
186.79.226.236 - - [17/Apr/2017:12:31:31 -0300] "GET /cormun/servlet/solicitudotadjuntos?15a468e31c3c35a0b7c2732f879aee68ddd188e628bbb5636a3bd661b8624aa1bd91744922db7ee55594b841d0564dc4,gx-no-cache=1492443155384 HTTP/1.1" 200 30
186.79.226.236 - - [17/Apr/2017:12:31:31 -0300] "POST /cormun/servlet/solicitudotadjuntos?469fbf3c79950de23e9b625676ea966c,INS,2017,6090,,1,,gx-no-cache=1492443155491 HTTP/1.1" 200 3653
186.79.226.236 - - [17/Apr/2017:12:31:35 -0300] "POST /cormun/servlet/solicitudotadjuntos?gx-no-cache=1492443159393 HTTP/1.1" 200 26
190.151.100.218 - - [17/Apr/2017:12:31:40 -0300] "POST /cormun/servlet/solicitudot?gx-no-cache=1492443164358 HTTP/1.1" 200 30
186.103.157.246 - - [17/Apr/2017:12:31:56 -0300] "GET /cormun/servlet/licenciaspermisosadjuntos?INS,11067737,L,20170417000000,, HTTP/1.1" 200 5607
186.103.157.246 - - [17/Apr/2017:12:31:56 -0300] "GET /cormun/static/gxcfg.js?201731711421170 HTTP/1.1" 200 953
186.103.157.246 - - [17/Apr/2017:12:31:56 -0300] "GET /cormun/static/licenciaspermisosadjuntos.js?201731711421181 HTTP/1.1" 304 -
186.103.157.246 - - [17/Apr/2017:12:32:01 -0300] "GET /cormun/static/about:blank HTTP/1.1" 404 1011
186.103.157.246 - - [17/Apr/2017:12:32:02 -0300] "GET /cormun/servlet/licenciaspermisosadjuntos?INS,11067737,L,20170417000000,, HTTP/1.1" 200 5597
186.103.159.187 - - [17/Apr/2017:12:32:04 -0300] "POST /cormun/servlet/solicitudot?gx-no-cache=1492446787554 HTTP/1.1" 200 30
192.168.10.93 - - [17/Apr/2017:12:32:07 -0300] "GET /cormunbeta/servlet/trvisualizadoreventossalud? HTTP/1.1" 200 6490
192.168.10.93 - - [17/Apr/2017:12:32:07 -0300] "GET /cormunbeta/servlet/trvisualizadoreventossalud? HTTP/1.1" 200 6490
186.103.159.187 - - [17/Apr/2017:12:32:07 -0300] "POST /cormun/servlet/solicitudot?gx-no-cache=1492446790869 HTTP/1.1" 200 1291
186.103.159.187 - - [17/Apr/2017:12:32:08 -0300] "POST /cormun/servlet/solicitudot?gx-no-cache=1492446790987 HTTP/1.1" 200 38
186.103.159.187 - - [17/Apr/2017:12:32:08 -0300] "POST /cormun/servlet/solicitudot?gx-no-cache=1492446791027 HTTP/1.1" 200 1274
186.103.159.187 - - [17/Apr/2017:12:32:08 -0300] "POST /cormun/servlet/solicitudot?gx-no-cache=1492446791079 HTTP/1.1" 200 1157
186.103.159.187 - - [17/Apr/2017:12:32:09 -0300] "POST /cormun/servlet/solicitudot?gx-no-cache=1492446792384 HTTP/1.1" 200 30
186.103.159.187 - - [17/Apr/2017:12:32:09 -0300] "POST /cormun/servlet/solicitudot?gx-no-cache=1492446792431 HTTP/1.1" 200 1291
186.103.159.187 - - [17/Apr/2017:12:32:09 -0300] "POST /cormun/servlet/solicitudot?gx-no-cache=1492446792524 HTTP/1.1" 200 38
186.103.159.187 - - [17/Apr/2017:12:32:09 -0300] "POST /cormun/servlet/solicitudot?gx-no-cache=1492446792560 HTTP/1.1" 200 1274
186.103.159.187 - - [17/Apr/2017:12:32:09 -0300] "POST /cormun/servlet/solicitudot?gx-no-cache=1492446792609 HTTP/1.1" 200 1157
192.168.10.93 - - [17/Apr/2017:12:32:12 -0300] "POST /cormunbeta/servlet/trvisualizadoreventossalud?ac8ce6caa217f8f405d0ac1fc9bf2962,,gx-no-cache=1492446406665 HTTP/1.1" 200 3924
192.168.10.13 - - [17/Apr/2017:12:32:14 -0300] "GET / HTTP/1.1" 200 11217
186.103.159.187 - - [17/Apr/2017:12:32:15 -0300] "GET /cormun/servlet/solicitudot?d1d3dc0825b10043544a2b9c3639f4bbf16d18d1eb984d0e37f7082c0218c837c774d8291f12ac0a3d0ada00a725f088d5b412896873c353008fb38faa6757b1c49bb838b37281a998800ce22a68355826908778dbb86396bb834a6051e91f793267f3427c6c13c32471780a5719d5a43866f1d823260bd7738b4f9498c2613751a9231769135f552f607b79c9d2eb3e1e2c362bb44e37c5c704a7a20eb1144b7b5ae799a65f9a16fa99139d92afcf6b39a1eab5364cc448ae5d92d256179716,gx-no-cache=1492446798637 HTTP/1.1" 200 32
186.103.159.187 - - [17/Apr/2017:12:32:15 -0300] "POST /cormun/servlet/solicitudot?2b225d0049f7092f1a8d68e42cf496c4,INS,0,0,,gx-no-cache=1492446798694 HTTP/1.1" 200 11567
192.168.10.93 - - [17/Apr/2017:12:32:17 -0300] "POST /cormunbeta/servlet/trvisualizadoreventossalud?ac8ce6caa217f8f405d0ac1fc9bf2962,,gx-no-cache=1492446411353 HTTP/1.1" 200 3925
186.79.226.236 - - [17/Apr/2017:12:32:18 -0300] "GET /cormun/servlet/solicitudotadjuntos?15a468e31c3c35a0b7c2732f879aee683085ec88f3693edb17360a92dfc8a900,gx-no-cache=1492443202409 HTTP/1.1" 200 30
186.79.226.236 - - [17/Apr/2017:12:32:18 -0300] "GET /cormun/servlet/solicitudotadjuntos?15a468e31c3c35a0b7c2732f879aee683085ec88f3693edb17360a92dfc8a900,gx-no-cache=1492443202506 HTTP/1.1" 200 30
192.168.10.93 - - [17/Apr/2017:12:32:19 -0300] "POST /cormunbeta/servlet/trvisualizadoreventossalud?ac8ce6caa217f8f405d0ac1fc9bf2962,,gx-no-cache=1492446413493 HTTP/1.1" 200 3926
186.79.226.236 - - [17/Apr/2017:12:32:22 -0300] "POST /cormun/servlet/solicitudotadjuntos?469fbf3c79950de23e9b625676ea966c,INS,2017,6090,,1, HTTP/1.1" 200 116
186.79.226.236 - - [17/Apr/2017:12:32:22 -0300] "GET /cormun/servlet/hpexe_return? HTTP/1.1" 200 1026
186.79.226.236 - - [17/Apr/2017:12:32:22 -0300] "GET /cormun/servlet/trsolicitudadjuntos?2017,6090, HTTP/1.1" 200 8717
186.79.226.236 - - [17/Apr/2017:12:32:23 -0300] "GET /cormun/servlet/trsolicitudadjuntos?2017,6090, HTTP/1.1" 200 8713
192.168.10.93 - - [17/Apr/2017:12:32:25 -0300] "POST /cormunbeta/servlet/trvisualizadoreventossalud?ac8ce6caa217f8f405d0ac1fc9bf2962,,gx-no-cache=1492446419513 HTTP/1.1" 200 3921
192.168.10.93 - - [17/Apr/2017:12:32:28 -0300] "POST /cormunbeta/servlet/trvisualizadoreventossalud?ac8ce6caa217f8f405d0ac1fc9bf2962,,gx-no-cache=1492446422333 HTTP/1.1" 200 3923
186.79.226.236 - - [17/Apr/2017:12:32:30 -0300] "GET /cormun/servlet/solicitudotadjuntos?INS,2017,6090,,1, HTTP/1.1" 200 5766
186.79.226.236 - - [17/Apr/2017:12:32:30 -0300] "GET /cormun/static/about:blank HTTP/1.1" 404 1011
186.79.226.236 - - [17/Apr/2017:12:32:30 -0300] "GET /cormun/servlet/solicitudotadjuntos?INS,2017,6090,,1, HTTP/1.1" 200 5760
186.79.226.236 - - [17/Apr/2017:12:32:31 -0300] "GET /cormun/servlet/solicitudotadjuntos?15a468e31c3c35a0b7c2732f879aee68ddd188e628bbb5636a3bd661b8624aa1bd91744922db7ee55594b841d0564dc4,gx-no-cache=1492443215359 HTTP/1.1" 200 30
186.79.226.236 - - [17/Apr/2017:12:32:31 -0300] "POST /cormun/servlet/solicitudotadjuntos?469fbf3c79950de23e9b625676ea966c,INS,2017,6090,,1,,gx-no-cache=1492443215431 HTTP/1.1" 200 3652
186.103.157.246 - - [17/Apr/2017:12:32:31 -0300] "POST /cormun/servlet/licenciaspermisosadjuntos?78276b0b8ce59116bdfa81ecf8b6eecf,INS,11067737,L,20170417000000,, HTTP/1.1" 200 116
192.168.10.93 - - [17/Apr/2017:12:32:31 -0300] "POST /cormunbeta/servlet/trvisualizadoreventossalud?ac8ce6caa217f8f405d0ac1fc9bf2962,,gx-no-cache=1492446425823 HTTP/1.1" 200 3924
186.103.157.246 - - [17/Apr/2017:12:32:32 -0300] "GET /cormun/servlet/hpexe_return? HTTP/1.1" 200 1038
186.103.157.246 - - [17/Apr/2017:12:32:32 -0300] "GET /cormun/servlet/trlicenciaspermisosadjuntos?11067737,20170417000000,L, HTTP/1.1" 200 6784
186.103.159.187 - - [17/Apr/2017:12:32:32 -0300] "POST /cormun/servlet/solicitudot?gx-no-cache=1492446815688 HTTP/1.1" 200 30
186.103.157.246 - - [17/Apr/2017:12:32:33 -0300] "GET /cormun/servlet/trlicenciaspermisosadjuntos?11067737,20170417000000,L, HTTP/1.1" 200 6779
192.168.10.93 - - [17/Apr/2017:12:32:35 -0300] "GET /cormunbeta/servlet/hlogin HTTP/1.1" 200 1750
186.103.159.187 - - [17/Apr/2017:12:32:36 -0300] "POST /cormun/servlet/solicitudot?gx-no-cache=1492446818838 HTTP/1.1" 200 1291
186.103.159.187 - - [17/Apr/2017:12:32:36 -0300] "POST /cormun/servlet/solicitudot?gx-no-cache=1492446819278 HTTP/1.1" 200 118
186.103.159.187 - - [17/Apr/2017:12:32:36 -0300] "POST /cormun/servlet/solicitudot?gx-no-cache=1492446819336 HTTP/1.1" 200 1274
186.103.159.187 - - [17/Apr/2017:12:32:36 -0300] "POST /cormun/servlet/solicitudot?gx-no-cache=1492446819413 HTTP/1.1" 200 1157
186.103.159.187 - - [17/Apr/2017:12:32:42 -0300] "POST /cormun/servlet/solicitudot?gx-no-cache=1492446825441 HTTP/1.1" 200 30
186.103.159.187 - - [17/Apr/2017:12:32:42 -0300] "POST /cormun/servlet/solicitudot?gx-no-cache=1492446825495 HTTP/1.1" 200 1291
186.103.159.187 - - [17/Apr/2017:12:32:42 -0300] "POST /cormun/servlet/solicitudot?gx-no-cache=1492446825585 HTTP/1.1" 200 118
186.103.159.187 - - [17/Apr/2017:12:32:42 -0300] "POST /cormun/servlet/solicitudot?gx-no-cache=1492446825629 HTTP/1.1" 200 1274
186.103.159.187 - - [17/Apr/2017:12:32:42 -0300] "POST /cormun/servlet/solicitudot?gx-no-cache=1492446825679 HTTP/1.1" 200 1157
186.79.226.236 - - [17/Apr/2017:12:32:46 -0300] "POST /cormun/servlet/solicitudotadjuntos?469fbf3c79950de23e9b625676ea966c,INS,2017,6090,,1,,gx-no-cache=1492443230167 HTTP/1.1" 200 93
186.79.226.236 - - [17/Apr/2017:12:32:46 -0300] "GET /cormun/servlet/hpexe_return? HTTP/1.1" 200 1026
186.79.226.236 - - [17/Apr/2017:12:32:46 -0300] "GET /cormun/servlet/trsolicitudadjuntos?2017,6090, HTTP/1.1" 200 8717
186.79.226.236 - - [17/Apr/2017:12:32:47 -0300] "GET /cormun/servlet/trsolicitudadjuntos?2017,6090, HTTP/1.1" 200 8715
186.103.159.187 - - [17/Apr/2017:12:32:47 -0300] "GET /cormun/servlet/solicitudot?d1d3dc0825b10043544a2b9c3639f4bbf16d18d1eb984d0e37f7082c0218c837c774d8291f12ac0a3d0ada00a725f088d5b412896873c353008fb38faa6757b1c49bb838b37281a998800ce22a68355826908778dbb86396bb834a6051e91f793267f3427c6c13c32471780a5719d5a43866f1d823260bd7738b4f9498c2613751a9231769135f552f607b79c9d2eb3e1e2c362bb44e37c5c704a7a20eb1144b7b5ae799a65f9a16fa99139d92afcf6b39a1eab5364cc448ae5d92d256179716,gx-no-cache=1492446830554 HTTP/1.1" 200 32
186.103.159.187 - - [17/Apr/2017:12:32:47 -0300] "POST /cormun/servlet/solicitudot?2b225d0049f7092f1a8d68e42cf496c4,INS,0,0,,gx-no-cache=1492446830606 HTTP/1.1" 200 11603
186.79.226.236 - - [17/Apr/2017:12:32:49 -0300] "GET /cormun/servlet/solicitudotadjuntos?INS,2017,6090,,2, HTTP/1.1" 200 5765
192.168.10.93 - - [17/Apr/2017:12:32:50 -0300] "POST /cormunbeta/servlet/hlogin?ac8ce6caa217f8f405d0ac1fc9bf2962,gx-no-cache=1492446443997 HTTP/1.1" 200 90
192.168.10.93 - - [17/Apr/2017:12:32:50 -0300] "GET /cormunbeta/servlet/hpexe_link HTTP/1.1" 200 954
192.168.10.93 - - [17/Apr/2017:12:32:50 -0300] "GET /cormunbeta/servlet/hhome HTTP/1.1" 200 4290
186.79.226.236 - - [17/Apr/2017:12:32:50 -0300] "GET /cormun/static/about:blank HTTP/1.1" 404 1011
186.79.226.236 - - [17/Apr/2017:12:32:50 -0300] "GET /cormun/servlet/solicitudotadjuntos?INS,2017,6090,,2, HTTP/1.1" 200 5759
192.168.10.93 - - [17/Apr/2017:12:32:50 -0300] "GET /cormunbeta/servlet/hhome HTTP/1.1" 200 4286
186.79.226.236 - - [17/Apr/2017:12:32:50 -0300] "GET /cormun/servlet/solicitudotadjuntos?15a468e31c3c35a0b7c2732f879aee68ddd188e628bbb5636a3bd661b8624aa1bd91744922db7ee55594b841d0564dc4,gx-no-cache=1492443235213 HTTP/1.1" 200 30
186.79.226.236 - - [17/Apr/2017:12:32:51 -0300] "POST /cormun/servlet/solicitudotadjuntos?469fbf3c79950de23e9b625676ea966c,INS,2017,6090,,2,,gx-no-cache=1492443235278 HTTP/1.1" 200 3864
186.103.161.206 - - [17/Apr/2017:12:32:54 -0300] "POST /cormun/servlet/solicitudot?gx-no-cache=1492443236295 HTTP/1.1" 200 30
192.168.10.93 - - [17/Apr/2017:12:32:57 -0300] "GET /cormunbeta/servlet/trvisualizadoreventossalud? HTTP/1.1" 200 7057
192.168.10.93 - - [17/Apr/2017:12:32:57 -0300] "GET /cormunbeta/servlet/trvisualizadoreventossalud? HTTP/1.1" 200 7056
186.103.159.187 - - [17/Apr/2017:12:32:59 -0300] "POST /cormun/servlet/solicitudot?gx-no-cache=1492446842769 HTTP/1.1" 200 30
192.168.10.93 - - [17/Apr/2017:12:33:00 -0300] "POST /cormunbeta/servlet/trvisualizadoreventossalud?ac8ce6caa217f8f405d0ac1fc9bf2962,,gx-no-cache=1492446454491 HTTP/1.1" 200 4281
186.79.226.236 - - [17/Apr/2017:12:33:04 -0300] "POST /cormun/servlet/solicitudotadjuntos?gx-no-cache=1492443248629 HTTP/1.1" 200 26
190.151.100.218 - - [17/Apr/2017:12:33:04 -0300] "POST /cormun/servlet/solicitudot?gx-no-cache=1492443248014 HTTP/1.1" 200 1291
186.103.157.246 - - [17/Apr/2017:12:33:04 -0300] "GET /cormun/servlet/licenciaspermisosadjuntos?INS,11067737,L,20170417000000,, HTTP/1.1" 200 5608
