186.79.61.94 - - [17/Apr/2017:12:52:47 -0300] "GET /cormun/servlet/trsolicitudot? HTTP/1.1" 200 7953
186.79.61.94 - - [17/Apr/2017:12:52:56 -0300] "POST /cormun/servlet/trsolicitudot?71dbd9dc39d1698f2a7600875f59c7c9,,gx-no-cache=1492444435984 HTTP/1.1" 200 4153
186.79.61.94 - - [17/Apr/2017:12:52:57 -0300] "GET /cormun/static/Shared/jqueryui/images/ui-bg_highlight-soft_100_c6c2c8_1x100.png HTTP/1.1" 404 1117
186.79.61.94 - - [17/Apr/2017:12:52:58 -0300] "GET /cormun/static/Shared/jqueryui/images/ui-icons_82798d_256x240.png HTTP/1.1" 404 1089
186.79.61.94 - - [17/Apr/2017:12:52:58 -0300] "GET /cormun/static/Shared/jqueryui/images/ui-bg_flat_55_fafafa_40x100.png HTTP/1.1" 404 1097
186.79.61.94 - - [17/Apr/2017:12:52:58 -0300] "GET /cormun/static/Shared/jqueryui/images/ui-icons_8d78a5_256x240.png HTTP/1.1" 404 1089
186.79.61.94 - - [17/Apr/2017:12:52:59 -0300] "POST /cormun/servlet/trsolicitudot?71dbd9dc39d1698f2a7600875f59c7c9,,gx-no-cache=1492444439876 HTTP/1.1" 200 3939
186.79.61.94 - - [17/Apr/2017:12:53:09 -0300] "GET /cormun/servlet/hlogin HTTP/1.1" 200 1719
192.168.10.13 - - [17/Apr/2017:12:53:14 -0300] "GET / HTTP/1.1" 200 11217
192.168.10.89 - - [17/Apr/2017:12:53:24 -0300] "POST /cormun/servlet/trsolicitudgral?95562ab5d252c670bddec40dd294f3f4,,gx-no-cache=1492447678804 HTTP/1.1" 200 7707
186.79.61.94 - - [17/Apr/2017:12:53:29 -0300] "POST /cormun/servlet/hlogin?71dbd9dc39d1698f2a7600875f59c7c9,gx-no-cache=1492444472545 HTTP/1.1" 200 424
186.79.61.94 - - [17/Apr/2017:12:53:50 -0300] "POST /cormun/servlet/hlogin?71dbd9dc39d1698f2a7600875f59c7c9,gx-no-cache=1492444493217 HTTP/1.1" 200 424
186.79.61.94 - - [17/Apr/2017:12:54:03 -0300] "POST /cormun/servlet/hlogin?71dbd9dc39d1698f2a7600875f59c7c9,gx-no-cache=1492444505765 HTTP/1.1" 200 90
186.79.61.94 - - [17/Apr/2017:12:54:03 -0300] "GET /cormun/servlet/hpexe_link HTTP/1.1" 200 950
186.79.61.94 - - [17/Apr/2017:12:54:03 -0300] "GET /cormun/servlet/hhome HTTP/1.1" 200 3916
186.79.61.94 - - [17/Apr/2017:12:54:05 -0300] "GET /cormun/servlet/hhome HTTP/1.1" 200 3912
192.168.10.13 - - [17/Apr/2017:12:54:14 -0300] "GET / HTTP/1.1" 200 11217
192.168.10.89 - - [17/Apr/2017:12:54:17 -0300] "POST /cormun/servlet/trsolicitudgral?95562ab5d252c670bddec40dd294f3f4,,gx-no-cache=1492447731294 HTTP/1.1" 200 115
192.168.10.89 - - [17/Apr/2017:12:54:17 -0300] "GET /cormun/servlet/solicitudotlog?INS,2017,5955,0,REC, HTTP/1.1" 200 6218
192.168.10.89 - - [17/Apr/2017:12:54:18 -0300] "GET /cormun/servlet/solicitudotlog?9df12bd9bfb4072cf5fe8e9b0b289fb07853687de8265de93fa5119989716c00ce5cdd0a3768737ae7891a7ec128b5c3e9ba3b2f45dda7567d3abb6d160a744513faf20904f1f7aaf59db05d8133c9cc6a3c932b8797a3a142f9a48281c349afce3d7c200a38cd2611e0cba5d0256e43a69bbf65320035afd0b5f44e2b3e61e8d03a3aa2e6bcf7d55f453a0a4e6d2b0b98654916cea8f39e44fa8707079fb2c9,gx-no-cache=1492447732638 HTTP/1.1" 200 94
186.79.61.94 - - [17/Apr/2017:12:54:22 -0300] "GET /cormun/servlet/trautorizarsolicitud? HTTP/1.1" 200 8077
192.168.10.89 - - [17/Apr/2017:12:54:22 -0300] "POST /cormun/servlet/solicitudotlog?95562ab5d252c670bddec40dd294f3f4,INS,2017,5955,0,REC,,gx-no-cache=1492447736526 HTTP/1.1" 200 93
192.168.10.89 - - [17/Apr/2017:12:54:22 -0300] "GET /cormun/servlet/hpexe_return? HTTP/1.1" 200 1023
192.168.10.89 - - [17/Apr/2017:12:54:23 -0300] "GET /cormun/servlet/trsolicitudgral? HTTP/1.1" 200 10760
186.79.61.94 - - [17/Apr/2017:12:54:23 -0300] "GET /cormun/servlet/trautorizarsolicitud? HTTP/1.1" 200 8075
192.168.10.89 - - [17/Apr/2017:12:54:32 -0300] "POST /cormun/servlet/trsolicitudgral?95562ab5d252c670bddec40dd294f3f4,,gx-no-cache=1492447746503 HTTP/1.1" 200 115
192.168.10.89 - - [17/Apr/2017:12:54:32 -0300] "GET /cormun/servlet/solicitudotlog?INS,2017,5877,0,REC, HTTP/1.1" 200 6219
192.168.10.89 - - [17/Apr/2017:12:54:33 -0300] "GET /cormun/servlet/solicitudotlog?9df12bd9bfb4072cf5fe8e9b0b289fb0829ae4569799cbe4bd8ad250927ff191ce5cdd0a3768737ae7891a7ec128b5c3e9ba3b2f45dda7567d3abb6d160a744513faf20904f1f7aaf59db05d8133c9cc6a3c932b8797a3a142f9a48281c349afce3d7c200a38cd2611e0cba5d0256e43a69bbf65320035afd0b5f44e2b3e61e8d03a3aa2e6bcf7d55f453a0a4e6d2b0b98654916cea8f39e44fa8707079fb2c9,gx-no-cache=1492447747844 HTTP/1.1" 200 94
192.168.10.89 - - [17/Apr/2017:12:54:36 -0300] "POST /cormun/servlet/solicitudotlog?95562ab5d252c670bddec40dd294f3f4,INS,2017,5877,0,REC,,gx-no-cache=1492447750770 HTTP/1.1" 200 93
192.168.10.89 - - [17/Apr/2017:12:54:36 -0300] "GET /cormun/servlet/hpexe_return? HTTP/1.1" 200 1021
186.79.61.94 - - [17/Apr/2017:12:54:37 -0300] "POST /cormun/servlet/trautorizarsolicitud?71dbd9dc39d1698f2a7600875f59c7c9,,gx-no-cache=1492444539581 HTTP/1.1" 200 4300
192.168.10.89 - - [17/Apr/2017:12:54:37 -0300] "GET /cormun/servlet/trsolicitudgral HTTP/1.1" 200 10501
186.79.61.94 - - [17/Apr/2017:12:54:37 -0300] "GET /cormun/static/Shared/jqueryui/images/ui-bg_highlight-soft_100_c6c2c8_1x100.png HTTP/1.1" 404 1117
186.79.61.94 - - [17/Apr/2017:12:54:37 -0300] "GET /cormun/static/Shared/jqueryui/images/ui-icons_82798d_256x240.png HTTP/1.1" 404 1089
186.79.61.94 - - [17/Apr/2017:12:54:37 -0300] "GET /cormun/static/Shared/jqueryui/images/ui-bg_flat_55_fafafa_40x100.png HTTP/1.1" 404 1097
186.79.61.94 - - [17/Apr/2017:12:54:37 -0300] "GET /cormun/static/Shared/jqueryui/images/ui-icons_8d78a5_256x240.png HTTP/1.1" 404 1089
186.79.61.94 - - [17/Apr/2017:12:54:37 -0300] "POST /cormun/servlet/trautorizarsolicitud?71dbd9dc39d1698f2a7600875f59c7c9,,gx-no-cache=1492444540225 HTTP/1.1" 200 4088
186.103.159.182 - - [17/Apr/2017:12:55:05 -0300] "GET /cormun/static/menuarrow.gif HTTP/1.1" 404 1015
192.168.10.13 - - [17/Apr/2017:12:55:14 -0300] "GET / HTTP/1.1" 200 11217
186.103.159.187 - - [17/Apr/2017:12:55:16 -0300] "POST /cormun/servlet/solicitudot?2b225d0049f7092f1a8d68e42cf496c4,INS,0,0,,gx-no-cache=1492448179200 HTTP/1.1" 200 93
186.103.159.187 - - [17/Apr/2017:12:55:16 -0300] "GET /cormun/servlet/hpexe_return? HTTP/1.1" 200 1007
186.103.159.187 - - [17/Apr/2017:12:55:17 -0300] "GET /cormun/servlet/trsolicitudot HTTP/1.1" 200 8403
186.103.159.187 - - [17/Apr/2017:12:55:18 -0300] "GET /cormun/servlet/trsolicitudot HTTP/1.1" 200 8399
186.103.159.182 - - [17/Apr/2017:12:55:21 -0300] "GET /cormun/servlet/licenciaspermisos?INS,0,,, HTTP/1.1" 200 7467
192.168.10.89 - - [17/Apr/2017:12:55:23 -0300] "POST /cormun/servlet/trsolicitudgral?95562ab5d252c670bddec40dd294f3f4,gx-no-cache=1492447796998 HTTP/1.1" 200 6806
186.103.159.182 - - [17/Apr/2017:12:55:23 -0300] "GET /cormun/servlet/licenciaspermisos?INS,0,,, HTTP/1.1" 200 7475
192.168.10.89 - - [17/Apr/2017:12:55:28 -0300] "POST /cormun/servlet/trsolicitudgral?95562ab5d252c670bddec40dd294f3f4,gx-no-cache=1492447802586 HTTP/1.1" 200 115
192.168.10.89 - - [17/Apr/2017:12:55:28 -0300] "GET /cormun/servlet/solicitudotlog?INS,2017,6094,0,REC, HTTP/1.1" 200 6220
192.168.10.89 - - [17/Apr/2017:12:55:30 -0300] "GET /cormun/servlet/solicitudotlog?9df12bd9bfb4072cf5fe8e9b0b289fb05676eb2821860bf33401420176b78bb7ce5cdd0a3768737ae7891a7ec128b5c3e9ba3b2f45dda7567d3abb6d160a744513faf20904f1f7aaf59db05d8133c9cc6a3c932b8797a3a142f9a48281c349afce3d7c200a38cd2611e0cba5d0256e43a69bbf65320035afd0b5f44e2b3e61e8d03a3aa2e6bcf7d55f453a0a4e6d2b0b98654916cea8f39e44fa8707079fb2c9,gx-no-cache=1492447803969 HTTP/1.1" 200 94
192.168.10.89 - - [17/Apr/2017:12:55:32 -0300] "POST /cormun/servlet/solicitudotlog?95562ab5d252c670bddec40dd294f3f4,INS,2017,6094,0,REC,,gx-no-cache=1492447806724 HTTP/1.1" 200 93
192.168.10.89 - - [17/Apr/2017:12:55:32 -0300] "GET /cormun/servlet/hpexe_return? HTTP/1.1" 200 1044
192.168.10.89 - - [17/Apr/2017:12:55:33 -0300] "GET /cormun/servlet/trsolicitudgral?gx-no-cache=1492447796998 HTTP/1.1" 200 8797
186.103.159.182 - - [17/Apr/2017:12:55:45 -0300] "GET /cormun/servlet/trvisualizadoreventos? HTTP/1.1" 200 6844
186.103.159.182 - - [17/Apr/2017:12:55:46 -0300] "GET /cormun/servlet/trvisualizadoreventos? HTTP/1.1" 200 6832
186.103.159.182 - - [17/Apr/2017:12:56:03 -0300] "POST /cormun/servlet/trvisualizadoreventos?c7e6b191148a85f3d6aac5f50572edeb,,gx-no-cache=1492444627989 HTTP/1.1" 200 3987
186.103.159.182 - - [17/Apr/2017:12:56:12 -0300] "POST /cormun/servlet/trvisualizadoreventos?c7e6b191148a85f3d6aac5f50572edeb,,gx-no-cache=1492444637270 HTTP/1.1" 200 4338
192.168.10.13 - - [17/Apr/2017:12:56:14 -0300] "GET / HTTP/1.1" 200 11217
186.103.159.182 - - [17/Apr/2017:12:56:22 -0300] "POST /cormun/servlet/trvisualizadoreventos?c7e6b191148a85f3d6aac5f50572edeb,,gx-no-cache=1492444647668 HTTP/1.1" 200 4341
192.168.10.89 - - [17/Apr/2017:12:56:28 -0300] "POST /cormun/servlet/trsolicitudgral?95562ab5d252c670bddec40dd294f3f4,gx-no-cache=1492447796998,gx-no-cache=1492447861982 HTTP/1.1" 200 7190
192.168.10.89 - - [17/Apr/2017:12:56:42 -0300] "POST /cormun/servlet/trsolicitudgral?95562ab5d252c670bddec40dd294f3f4,gx-no-cache=1492447796998,gx-no-cache=1492447875994 HTTP/1.1" 200 6782
192.168.10.89 - - [17/Apr/2017:12:56:42 -0300] "GET /cormun/static/Shared/jqueryui/images/ui-icons_82798d_256x240.png HTTP/1.1" 404 1089
192.168.10.89 - - [17/Apr/2017:12:56:42 -0300] "GET /cormun/static/Shared/jqueryui/images/ui-icons_8d78a5_256x240.png HTTP/1.1" 404 1089
192.168.10.89 - - [17/Apr/2017:12:56:42 -0300] "GET /cormun/static/Shared/jqueryui/images/ui-bg_flat_55_fafafa_40x100.png HTTP/1.1" 404 1097
192.168.10.89 - - [17/Apr/2017:12:56:42 -0300] "GET /cormun/static/Shared/jqueryui/images/ui-bg_highlight-soft_100_c6c2c8_1x100.png HTTP/1.1" 404 1117
186.103.159.182 - - [17/Apr/2017:12:56:45 -0300] "POST /cormun/servlet/trvisualizadoreventos?c7e6b191148a85f3d6aac5f50572edeb,,gx-no-cache=1492444669666 HTTP/1.1" 200 3989
186.103.159.182 - - [17/Apr/2017:12:56:51 -0300] "POST /cormun/servlet/trvisualizadoreventos?c7e6b191148a85f3d6aac5f50572edeb,,gx-no-cache=1492444675850 HTTP/1.1" 200 3989
186.103.159.182 - - [17/Apr/2017:12:56:55 -0300] "POST /cormun/servlet/trvisualizadoreventos?c7e6b191148a85f3d6aac5f50572edeb,,gx-no-cache=1492444680827 HTTP/1.1" 200 3990
186.103.159.182 - - [17/Apr/2017:12:56:59 -0300] "POST /cormun/servlet/trvisualizadoreventos?c7e6b191148a85f3d6aac5f50572edeb,,gx-no-cache=1492444684098 HTTP/1.1" 200 3990
186.103.159.182 - - [17/Apr/2017:12:57:03 -0300] "POST /cormun/servlet/trvisualizadoreventos?c7e6b191148a85f3d6aac5f50572edeb,,gx-no-cache=1492444687987 HTTP/1.1" 200 3990
186.103.159.182 - - [17/Apr/2017:12:57:07 -0300] "POST /cormun/servlet/trvisualizadoreventos?c7e6b191148a85f3d6aac5f50572edeb,,gx-no-cache=1492444691948 HTTP/1.1" 200 3990
186.103.159.182 - - [17/Apr/2017:12:57:10 -0300] "POST /cormun/servlet/trvisualizadoreventos?c7e6b191148a85f3d6aac5f50572edeb,,gx-no-cache=1492444695158 HTTP/1.1" 200 3989
192.168.10.13 - - [17/Apr/2017:12:57:14 -0300] "GET / HTTP/1.1" 200 11217
186.103.159.182 - - [17/Apr/2017:12:57:18 -0300] "GET /cormun/servlet/trautorizarsolicitud? HTTP/1.1" 200 8887
186.103.159.182 - - [17/Apr/2017:12:57:18 -0300] "GET /cormun/static/gxcfg.js?2017259112829 HTTP/1.1" 304 -
186.103.159.182 - - [17/Apr/2017:12:57:18 -0300] "GET /cormun/static/trautorizarsolicitud.js?2017259113483 HTTP/1.1" 304 -
186.103.159.182 - - [17/Apr/2017:12:57:20 -0300] "GET /cormun/servlet/trautorizarsolicitud? HTTP/1.1" 200 8886
186.103.159.182 - - [17/Apr/2017:12:57:57 -0300] "POST /cormun/servlet/trautorizarsolicitud?c7e6b191148a85f3d6aac5f50572edeb,,gx-no-cache=1492444741683 HTTP/1.1" 200 5785
186.103.159.182 - - [17/Apr/2017:12:57:57 -0300] "GET /cormun/static/Shared/jqueryui/images/ui-bg_highlight-soft_100_c6c2c8_1x100.png HTTP/1.1" 404 1117
186.103.159.182 - - [17/Apr/2017:12:57:57 -0300] "GET /cormun/static/Shared/jqueryui/images/ui-icons_82798d_256x240.png HTTP/1.1" 404 1089
186.103.159.182 - - [17/Apr/2017:12:57:57 -0300] "GET /cormun/static/Shared/jqueryui/images/ui-bg_flat_55_fafafa_40x100.png HTTP/1.1" 404 1097
186.103.159.182 - - [17/Apr/2017:12:57:57 -0300] "GET /cormun/static/Shared/jqueryui/images/ui-icons_8d78a5_256x240.png HTTP/1.1" 404 1089
186.103.159.182 - - [17/Apr/2017:12:57:57 -0300] "POST /cormun/servlet/trautorizarsolicitud?c7e6b191148a85f3d6aac5f50572edeb,,gx-no-cache=1492444742441 HTTP/1.1" 200 5729
186.103.159.182 - - [17/Apr/2017:12:58:00 -0300] "POST /cormun/servlet/trautorizarsolicitud?c7e6b191148a85f3d6aac5f50572edeb,,gx-no-cache=1492444745616 HTTP/1.1" 200 5488
186.103.159.182 - - [17/Apr/2017:12:58:01 -0300] "POST /cormun/servlet/trautorizarsolicitud?c7e6b191148a85f3d6aac5f50572edeb,,gx-no-cache=1492444745965 HTTP/1.1" 200 5434
186.103.159.182 - - [17/Apr/2017:12:58:03 -0300] "POST /cormun/servlet/trautorizarsolicitud?c7e6b191148a85f3d6aac5f50572edeb,,gx-no-cache=1492444747635 HTTP/1.1" 200 4347
186.103.159.182 - - [17/Apr/2017:12:58:03 -0300] "POST /cormun/servlet/trautorizarsolicitud?c7e6b191148a85f3d6aac5f50572edeb,,gx-no-cache=1492444748261 HTTP/1.1" 200 4098
192.168.10.13 - - [17/Apr/2017:12:58:14 -0300] "GET / HTTP/1.1" 200 11217
186.103.159.182 - - [17/Apr/2017:12:58:20 -0300] "GET /cormun/servlet/trcontratosolicitud? HTTP/1.1" 200 13689
186.103.159.182 - - [17/Apr/2017:12:58:22 -0300] "GET /cormun/servlet/trcontratosolicitud? HTTP/1.1" 200 13696
186.103.159.182 - - [17/Apr/2017:12:58:43 -0300] "POST /cormun/servlet/trcontratosolicitud?c7e6b191148a85f3d6aac5f50572edeb,,gx-no-cache=1492444788640 HTTP/1.1" 200 3992
192.168.10.13 - - [17/Apr/2017:12:59:14 -0300] "GET / HTTP/1.1" 200 11217
192.168.10.13 - - [17/Apr/2017:13:00:14 -0300] "GET / HTTP/1.1" 200 11217
192.168.10.13 - - [17/Apr/2017:13:01:14 -0300] "GET / HTTP/1.1" 200 11217
192.168.10.13 - - [17/Apr/2017:13:02:14 -0300] "GET / HTTP/1.1" 200 11217
192.168.10.13 - - [17/Apr/2017:13:03:14 -0300] "GET / HTTP/1.1" 200 11217
186.103.159.187 - - [17/Apr/2017:13:03:21 -0300] "GET /cormun/servlet/hlogin HTTP/1.1" 200 1737
186.103.159.187 - - [17/Apr/2017:13:03:29 -0300] "POST /cormun/servlet/hlogin?2b225d0049f7092f1a8d68e42cf496c4,gx-no-cache=1492448672705 HTTP/1.1" 200 448
186.103.159.187 - - [17/Apr/2017:13:03:35 -0300] "POST /cormun/servlet/hlogin?2b225d0049f7092f1a8d68e42cf496c4,gx-no-cache=1492448678881 HTTP/1.1" 200 90
186.103.159.187 - - [17/Apr/2017:13:03:35 -0300] "GET /cormun/servlet/hpexe_link HTTP/1.1" 200 952
186.103.159.187 - - [17/Apr/2017:13:03:36 -0300] "GET /cormun/servlet/hhome HTTP/1.1" 200 3951
186.103.159.187 - - [17/Apr/2017:13:03:37 -0300] "GET /cormun/servlet/hhome HTTP/1.1" 200 3947
186.103.159.187 - - [17/Apr/2017:13:03:40 -0300] "GET /cormun/servlet/trautorizarsolicitud? HTTP/1.1" 200 6864
186.103.159.187 - - [17/Apr/2017:13:03:41 -0300] "GET /cormun/servlet/trautorizarsolicitud? HTTP/1.1" 200 6865
186.103.159.187 - - [17/Apr/2017:13:03:57 -0300] "POST /cormun/servlet/trautorizarsolicitud?2b225d0049f7092f1a8d68e42cf496c4,,gx-no-cache=1492448700466 HTTP/1.1" 200 110
186.103.159.187 - - [17/Apr/2017:13:03:57 -0300] "GET /cormun/AutorizarSolicitud-6973.xls HTTP/1.1" 200 6656
186.103.159.46 - - [17/Apr/2017:13:04:09 -0300] "GET /cormun/servlet/hhome HTTP/1.1" 200 3322
186.103.159.46 - - [17/Apr/2017:13:04:12 -0300] "GET /cormun/servlet/hhome HTTP/1.1" 200 3331
186.103.159.46 - - [17/Apr/2017:13:04:12 -0300] "GET /cormun/servlet/hlogin HTTP/1.1" 200 1733
192.168.10.13 - - [17/Apr/2017:13:04:14 -0300] "GET / HTTP/1.1" 200 11217
186.103.159.46 - - [17/Apr/2017:13:04:44 -0300] "POST /cormun/servlet/hlogin?c79225e53c98783523c250bb4c18827f,gx-no-cache=1492448743437 HTTP/1.1" 200 90
186.103.159.46 - - [17/Apr/2017:13:04:44 -0300] "GET /cormun/servlet/hpexe_link HTTP/1.1" 200 947
186.103.159.46 - - [17/Apr/2017:13:04:45 -0300] "GET /cormun/servlet/hhome HTTP/1.1" 200 3781
186.103.159.46 - - [17/Apr/2017:13:04:47 -0300] "GET /cormun/servlet/hhome HTTP/1.1" 200 3778
186.103.159.46 - - [17/Apr/2017:13:04:53 -0300] "GET /cormun/servlet/trpermisosgoce? HTTP/1.1" 200 12948
186.103.159.46 - - [17/Apr/2017:13:04:55 -0300] "GET /cormun/servlet/trpermisosgoce? HTTP/1.1" 200 12937
186.103.159.46 - - [17/Apr/2017:13:05:02 -0300] "GET /cormun/servlet/trpermisosadjuntos?7452197,20170413113448,P, HTTP/1.1" 200 6099
186.103.159.46 - - [17/Apr/2017:13:05:02 -0300] "GET /cormun/static/gxcfg.js?201731711542659 HTTP/1.1" 304 -
186.103.159.46 - - [17/Apr/2017:13:05:02 -0300] "GET /cormun/static/trpermisosadjuntos.js?201731711542990 HTTP/1.1" 304 -
186.103.159.46 - - [17/Apr/2017:13:05:04 -0300] "GET /cormun/servlet/trpermisosadjuntos?7452197,20170413113448,P, HTTP/1.1" 200 6097
186.103.159.46 - - [17/Apr/2017:13:05:08 -0300] "GET /cormun/servlet/permisosadjuntos?INS,7452197,P,20170413113448,, HTTP/1.1" 200 5427
186.103.159.46 - - [17/Apr/2017:13:05:08 -0300] "GET /cormun/static/gxcfg.js?201741111155774 HTTP/1.1" 304 -
186.103.159.46 - - [17/Apr/2017:13:05:08 -0300] "GET /cormun/static/permisosadjuntos.js?201741111155784 HTTP/1.1" 304 -
186.103.159.46 - - [17/Apr/2017:13:05:09 -0300] "GET /cormun/static/about:blank HTTP/1.1" 404 1011
186.103.159.46 - - [17/Apr/2017:13:05:09 -0300] "GET /cormun/servlet/permisosadjuntos?INS,7452197,P,20170413113448,, HTTP/1.1" 200 5417
192.168.10.13 - - [17/Apr/2017:13:05:14 -0300] "GET / HTTP/1.1" 200 11217
186.103.159.187 - - [17/Apr/2017:13:05:27 -0300] "GET /cormun/servlet/hlogin HTTP/1.1" 200 1745
186.103.159.187 - - [17/Apr/2017:13:05:36 -0300] "POST /cormun/servlet/hlogin?2b225d0049f7092f1a8d68e42cf496c4,gx-no-cache=1492448799782 HTTP/1.1" 200 455
186.103.159.187 - - [17/Apr/2017:13:05:38 -0300] "POST /cormun/servlet/hlogin?2b225d0049f7092f1a8d68e42cf496c4,gx-no-cache=1492448801943 HTTP/1.1" 200 454
186.103.159.187 - - [17/Apr/2017:13:05:43 -0300] "POST /cormun/servlet/hlogin?2b225d0049f7092f1a8d68e42cf496c4,gx-no-cache=1492448806373 HTTP/1.1" 200 90
186.103.159.187 - - [17/Apr/2017:13:05:43 -0300] "GET /cormun/servlet/hpexe_link HTTP/1.1" 200 952
186.103.159.187 - - [17/Apr/2017:13:05:43 -0300] "GET /cormun/servlet/hhome HTTP/1.1" 200 3735
186.103.159.187 - - [17/Apr/2017:13:05:44 -0300] "GET /cormun/servlet/hhome HTTP/1.1" 200 3735
186.103.159.46 - - [17/Apr/2017:13:05:46 -0300] "POST /cormun/servlet/permisosadjuntos?c79225e53c98783523c250bb4c18827f,INS,7452197,P,20170413113448,, HTTP/1.1" 200 116
186.103.159.46 - - [17/Apr/2017:13:05:47 -0300] "GET /cormun/servlet/hpexe_return? HTTP/1.1" 200 1033
186.103.159.46 - - [17/Apr/2017:13:05:47 -0300] "GET /cormun/servlet/trpermisosadjuntos?7452197,20170413113448,P, HTTP/1.1" 200 6577
186.103.159.46 - - [17/Apr/2017:13:05:49 -0300] "GET /cormun/servlet/trpermisosadjuntos?7452197,20170413113448,P, HTTP/1.1" 200 6574
186.103.159.187 - - [17/Apr/2017:13:05:53 -0300] "GET /cormun/servlet/trsolicitudot? HTTP/1.1" 200 8815
186.103.159.46 - - [17/Apr/2017:13:05:53 -0300] "POST /cormun/servlet/trpermisosadjuntos?c79225e53c98783523c250bb4c18827f,7452197,20170413113448,P,,gx-no-cache=1492448812653 HTTP/1.1" 200 90
186.103.159.46 - - [17/Apr/2017:13:05:54 -0300] "GET /cormun/servlet/hpexe_link HTTP/1.1" 200 979
186.103.159.187 - - [17/Apr/2017:13:05:54 -0300] "GET /cormun/servlet/trsolicitudot? HTTP/1.1" 200 8813
186.103.159.46 - - [17/Apr/2017:13:05:54 -0300] "GET /cormun/servlet/trpermisosgoce HTTP/1.1" 200 12957
186.103.159.46 - - [17/Apr/2017:13:05:55 -0300] "GET /cormun/servlet/trpermisosgoce HTTP/1.1" 200 12944
186.103.159.46 - - [17/Apr/2017:13:06:04 -0300] "GET /cormun/servlet/trpermisosadjuntos?9014931,20170413113721,P, HTTP/1.1" 200 6096
186.103.159.46 - - [17/Apr/2017:13:06:05 -0300] "GET /cormun/servlet/trpermisosadjuntos?9014931,20170413113721,P, HTTP/1.1" 200 6096
186.103.159.187 - - [17/Apr/2017:13:06:10 -0300] "POST /cormun/servlet/trsolicitudot?2b225d0049f7092f1a8d68e42cf496c4,,gx-no-cache=1492448833298 HTTP/1.1" 200 105
186.103.159.187 - - [17/Apr/2017:13:06:10 -0300] "GET /cormun/servlet/solicitudot?DLT,2017,5955, HTTP/1.1" 200 9310
186.103.159.187 - - [17/Apr/2017:13:06:11 -0300] "GET /cormun/static/Shared/jqueryui/images/ui-bg_highlight-soft_100_c6c2c8_1x100.png HTTP/1.1" 404 1117
186.103.159.187 - - [17/Apr/2017:13:06:11 -0300] "GET /cormun/static/Shared/jqueryui/images/ui-icons_82798d_256x240.png HTTP/1.1" 404 1089
186.103.159.187 - - [17/Apr/2017:13:06:11 -0300] "GET /cormun/static/Shared/jqueryui/images/ui-icons_8d78a5_256x240.png HTTP/1.1" 404 1089
186.103.159.187 - - [17/Apr/2017:13:06:11 -0300] "GET /cormun/static/Shared/jqueryui/images/ui-bg_flat_55_fafafa_40x100.png HTTP/1.1" 404 1097
186.103.159.187 - - [17/Apr/2017:13:06:11 -0300] "GET /cormun/servlet/solicitudot?DLT,2017,5955, HTTP/1.1" 200 9319
186.103.159.46 - - [17/Apr/2017:13:06:13 -0300] "POST /cormun/servlet/trpermisosadjuntos?c79225e53c98783523c250bb4c18827f,9014931,20170413113721,P,,gx-no-cache=1492448832640 HTTP/1.1" 200 90
186.103.159.46 - - [17/Apr/2017:13:06:14 -0300] "GET /cormun/servlet/hpexe_link HTTP/1.1" 200 979
186.103.159.46 - - [17/Apr/2017:13:06:14 -0300] "GET /cormun/servlet/trpermisosgoce HTTP/1.1" 200 12937
192.168.10.13 - - [17/Apr/2017:13:06:14 -0300] "GET / HTTP/1.1" 200 11217
186.103.159.187 - - [17/Apr/2017:13:06:15 -0300] "POST /cormun/servlet/solicitudot?2b225d0049f7092f1a8d68e42cf496c4,DLT,2017,5955,,gx-no-cache=1492448838497 HTTP/1.1" 200 12385
186.103.159.187 - - [17/Apr/2017:13:06:15 -0300] "GET /cormun/static/Shared/jqueryui/images/ui-icons_ebccce_256x240.png HTTP/1.1" 404 1089
186.103.159.187 - - [17/Apr/2017:13:06:15 -0300] "GET /cormun/static/Shared/jqueryui/images/ui-bg_flat_55_994d53_40x100.png HTTP/1.1" 404 1097
186.103.159.46 - - [17/Apr/2017:13:06:15 -0300] "GET /cormun/servlet/trpermisosgoce HTTP/1.1" 200 12945
186.103.159.46 - - [17/Apr/2017:13:06:21 -0300] "GET /cormun/servlet/trpermisosadjuntos?17458217,20170417110123,P, HTTP/1.1" 200 6088
186.103.159.187 - - [17/Apr/2017:13:06:21 -0300] "POST /cormun/servlet/solicitudot?2b225d0049f7092f1a8d68e42cf496c4,DLT,2017,5955,,gx-no-cache=1492448844444 HTTP/1.1" 200 12498
186.103.159.46 - - [17/Apr/2017:13:06:22 -0300] "GET /cormun/servlet/trpermisosadjuntos?17458217,20170417110123,P, HTTP/1.1" 200 6088
186.103.159.187 - - [17/Apr/2017:13:06:23 -0300] "POST /cormun/servlet/solicitudot?2b225d0049f7092f1a8d68e42cf496c4,DLT,2017,5955,,gx-no-cache=1492448846764 HTTP/1.1" 200 93
186.103.159.187 - - [17/Apr/2017:13:06:23 -0300] "GET /cormun/servlet/hpexe_return? HTTP/1.1" 200 1012
186.103.159.46 - - [17/Apr/2017:13:06:24 -0300] "GET /cormun/servlet/permisosadjuntos?INS,17458217,P,20170417110123,, HTTP/1.1" 200 5415
186.103.159.187 - - [17/Apr/2017:13:06:24 -0300] "GET /cormun/servlet/trsolicitudot HTTP/1.1" 200 8817
186.103.159.46 - - [17/Apr/2017:13:06:24 -0300] "GET /cormun/static/about:blank HTTP/1.1" 404 1011
186.103.159.187 - - [17/Apr/2017:13:06:25 -0300] "GET /cormun/servlet/trsolicitudot HTTP/1.1" 200 8813
186.103.159.46 - - [17/Apr/2017:13:06:25 -0300] "GET /cormun/servlet/permisosadjuntos?INS,17458217,P,20170417110123,, HTTP/1.1" 200 5405
186.103.159.187 - - [17/Apr/2017:13:06:34 -0300] "POST /cormun/servlet/trsolicitudot?2b225d0049f7092f1a8d68e42cf496c4,gx-no-cache=1492448857508 HTTP/1.1" 200 105
186.103.159.187 - - [17/Apr/2017:13:06:34 -0300] "GET /cormun/servlet/solicitudot?DLT,2017,5955, HTTP/1.1" 200 9310
186.103.159.187 - - [17/Apr/2017:13:06:35 -0300] "GET /cormun/static/Shared/jqueryui/images/ui-bg_highlight-soft_100_c6c2c8_1x100.png HTTP/1.1" 404 1117
186.103.159.187 - - [17/Apr/2017:13:06:35 -0300] "GET /cormun/static/Shared/jqueryui/images/ui-icons_82798d_256x240.png HTTP/1.1" 404 1089
186.103.159.187 - - [17/Apr/2017:13:06:35 -0300] "GET /cormun/static/Shared/jqueryui/images/ui-bg_flat_55_fafafa_40x100.png HTTP/1.1" 404 1097
186.103.159.187 - - [17/Apr/2017:13:06:35 -0300] "GET /cormun/static/Shared/jqueryui/images/ui-icons_8d78a5_256x240.png HTTP/1.1" 404 1089
186.103.159.187 - - [17/Apr/2017:13:06:35 -0300] "GET /cormun/servlet/solicitudot?DLT,2017,5955, HTTP/1.1" 200 9319
186.103.159.46 - - [17/Apr/2017:13:06:41 -0300] "POST /cormun/servlet/permisosadjuntos?c79225e53c98783523c250bb4c18827f,INS,17458217,P,20170417110123,, HTTP/1.1" 200 116
186.103.159.46 - - [17/Apr/2017:13:06:41 -0300] "GET /cormun/servlet/hpexe_return? HTTP/1.1" 200 1033
186.103.159.46 - - [17/Apr/2017:13:06:42 -0300] "GET /cormun/servlet/trpermisosadjuntos?17458217,20170417110123,P, HTTP/1.1" 200 6564
186.103.159.46 - - [17/Apr/2017:13:06:43 -0300] "GET /cormun/servlet/trpermisosadjuntos?17458217,20170417110123,P, HTTP/1.1" 200 6561
186.103.159.187 - - [17/Apr/2017:13:06:44 -0300] "POST /cormun/servlet/solicitudot?2b225d0049f7092f1a8d68e42cf496c4,DLT,2017,5955,,gx-no-cache=1492448867372 HTTP/1.1" 200 12385
186.103.159.187 - - [17/Apr/2017:13:06:44 -0300] "GET /cormun/static/Shared/jqueryui/images/ui-bg_flat_55_994d53_40x100.png HTTP/1.1" 404 1097
186.103.159.187 - - [17/Apr/2017:13:06:44 -0300] "GET /cormun/static/Shared/jqueryui/images/ui-icons_ebccce_256x240.png HTTP/1.1" 404 1089
186.103.159.46 - - [17/Apr/2017:13:06:50 -0300] "POST /cormun/servlet/trpermisosadjuntos?c79225e53c98783523c250bb4c18827f,17458217,20170417110123,P,,gx-no-cache=1492448868703 HTTP/1.1" 200 90
186.103.159.46 - - [17/Apr/2017:13:06:50 -0300] "GET /cormun/servlet/hpexe_link HTTP/1.1" 200 978
186.103.159.46 - - [17/Apr/2017:13:06:50 -0300] "GET /cormun/servlet/trpermisosgoce HTTP/1.1" 200 12951
186.103.159.187 - - [17/Apr/2017:13:06:51 -0300] "POST /cormun/servlet/solicitudot?2b225d0049f7092f1a8d68e42cf496c4,DLT,2017,5955,,gx-no-cache=1492448874021 HTTP/1.1" 200 93
186.103.159.187 - - [17/Apr/2017:13:06:51 -0300] "GET /cormun/servlet/hpexe_return? HTTP/1.1" 200 1012
186.103.159.187 - - [17/Apr/2017:13:06:51 -0300] "GET /cormun/servlet/trsolicitudot HTTP/1.1" 200 8817
186.103.159.46 - - [17/Apr/2017:13:06:52 -0300] "GET /cormun/servlet/trpermisosgoce HTTP/1.1" 200 12947
186.103.159.187 - - [17/Apr/2017:13:06:52 -0300] "GET /cormun/servlet/trsolicitudot HTTP/1.1" 200 8813
186.103.159.187 - - [17/Apr/2017:13:06:56 -0300] "POST /cormun/servlet/trsolicitudot?2b225d0049f7092f1a8d68e42cf496c4,gx-no-cache=1492448879219 HTTP/1.1" 200 106
186.103.159.187 - - [17/Apr/2017:13:06:56 -0300] "GET /cormun/servlet/solicitudot?DLT,2017,6094, HTTP/1.1" 200 9332
186.103.159.187 - - [17/Apr/2017:13:06:57 -0300] "GET /cormun/static/Shared/jqueryui/images/ui-bg_highlight-soft_100_c6c2c8_1x100.png HTTP/1.1" 404 1117
186.103.159.187 - - [17/Apr/2017:13:06:57 -0300] "GET /cormun/static/Shared/jqueryui/images/ui-icons_82798d_256x240.png HTTP/1.1" 404 1089
186.103.159.187 - - [17/Apr/2017:13:06:57 -0300] "GET /cormun/static/Shared/jqueryui/images/ui-icons_8d78a5_256x240.png HTTP/1.1" 404 1089
186.103.159.187 - - [17/Apr/2017:13:06:57 -0300] "GET /cormun/static/Shared/jqueryui/images/ui-bg_flat_55_fafafa_40x100.png HTTP/1.1" 404 1097
186.103.159.187 - - [17/Apr/2017:13:06:57 -0300] "GET /cormun/servlet/solicitudot?DLT,2017,6094, HTTP/1.1" 200 9341
186.103.159.46 - - [17/Apr/2017:13:06:58 -0300] "POST /cormun/servlet/trpermisosgoce?c79225e53c98783523c250bb4c18827f,gx-no-cache=1492448876819 HTTP/1.1" 200 10062
186.103.159.46 - - [17/Apr/2017:13:06:58 -0300] "GET /cormun/static/Shared/jqueryui/images/ui-bg_highlight-soft_100_c6c2c8_1x100.png HTTP/1.1" 404 1117
186.103.159.46 - - [17/Apr/2017:13:06:58 -0300] "GET /cormun/static/Shared/jqueryui/images/ui-icons_82798d_256x240.png HTTP/1.1" 404 1089
186.103.159.46 - - [17/Apr/2017:13:06:58 -0300] "GET /cormun/static/Shared/jqueryui/images/ui-bg_flat_55_fafafa_40x100.png HTTP/1.1" 404 1097
186.103.159.46 - - [17/Apr/2017:13:06:58 -0300] "GET /cormun/static/Shared/jqueryui/images/ui-icons_8d78a5_256x240.png HTTP/1.1" 404 1089
186.103.159.187 - - [17/Apr/2017:13:06:59 -0300] "POST /cormun/servlet/solicitudot?2b225d0049f7092f1a8d68e42cf496c4,DLT,2017,6094,,gx-no-cache=1492448882152 HTTP/1.1" 200 12430
186.103.159.187 - - [17/Apr/2017:13:06:59 -0300] "GET /cormun/static/Shared/jqueryui/images/ui-bg_flat_55_994d53_40x100.png HTTP/1.1" 404 1097
186.103.159.187 - - [17/Apr/2017:13:06:59 -0300] "GET /cormun/static/Shared/jqueryui/images/ui-icons_ebccce_256x240.png HTTP/1.1" 404 1089
186.103.159.187 - - [17/Apr/2017:13:07:03 -0300] "POST /cormun/servlet/solicitudot?2b225d0049f7092f1a8d68e42cf496c4,DLT,2017,6094,,gx-no-cache=1492448886455 HTTP/1.1" 200 12544
186.103.159.46 - - [17/Apr/2017:13:07:05 -0300] "POST /cormun/servlet/trpermisosgoce?c79225e53c98783523c250bb4c18827f,gx-no-cache=1492448884207 HTTP/1.1" 200 9827
186.103.159.187 - - [17/Apr/2017:13:07:08 -0300] "GET /cormun/servlet/trsolicitudot HTTP/1.1" 200 8817
186.103.159.187 - - [17/Apr/2017:13:07:09 -0300] "GET /cormun/servlet/trsolicitudot HTTP/1.1" 200 8813
192.168.10.13 - - [17/Apr/2017:13:07:14 -0300] "GET / HTTP/1.1" 200 11217
186.103.159.187 - - [17/Apr/2017:13:07:15 -0300] "POST /cormun/servlet/trsolicitudot?2b225d0049f7092f1a8d68e42cf496c4,gx-no-cache=1492448898110 HTTP/1.1" 200 105
186.103.159.187 - - [17/Apr/2017:13:07:15 -0300] "GET /cormun/servlet/solicitudot?DLT,2017,5877, HTTP/1.1" 200 9318
186.103.159.187 - - [17/Apr/2017:13:07:16 -0300] "GET /cormun/static/Shared/jqueryui/images/ui-bg_highlight-soft_100_c6c2c8_1x100.png HTTP/1.1" 404 1117
186.103.159.187 - - [17/Apr/2017:13:07:16 -0300] "GET /cormun/static/Shared/jqueryui/images/ui-icons_82798d_256x240.png HTTP/1.1" 404 1089
186.103.159.187 - - [17/Apr/2017:13:07:16 -0300] "GET /cormun/static/Shared/jqueryui/images/ui-bg_flat_55_fafafa_40x100.png HTTP/1.1" 404 1097
186.103.159.187 - - [17/Apr/2017:13:07:16 -0300] "GET /cormun/static/Shared/jqueryui/images/ui-icons_8d78a5_256x240.png HTTP/1.1" 404 1089
186.103.159.187 - - [17/Apr/2017:13:07:16 -0300] "GET /cormun/servlet/solicitudot?DLT,2017,5877, HTTP/1.1" 200 9328
186.103.159.187 - - [17/Apr/2017:13:07:27 -0300] "POST /cormun/servlet/solicitudot?2b225d0049f7092f1a8d68e42cf496c4,DLT,2017,5877,,gx-no-cache=1492448909853 HTTP/1.1" 200 93
186.103.159.187 - - [17/Apr/2017:13:07:27 -0300] "GET /cormun/servlet/hpexe_return? HTTP/1.1" 200 1013
186.103.159.187 - - [17/Apr/2017:13:07:27 -0300] "GET /cormun/servlet/trsolicitudot HTTP/1.1" 200 8817
186.103.159.187 - - [17/Apr/2017:13:07:28 -0300] "GET /cormun/servlet/trsolicitudot HTTP/1.1" 200 8813
192.168.10.13 - - [17/Apr/2017:13:08:14 -0300] "GET / HTTP/1.1" 200 11217
192.168.10.13 - - [17/Apr/2017:13:09:14 -0300] "GET / HTTP/1.1" 200 11217
186.103.159.182 - - [17/Apr/2017:13:09:54 -0300] "GET /cormun/servlet/trsolicitudot? HTTP/1.1" 200 7032
186.103.159.182 - - [17/Apr/2017:13:09:56 -0300] "GET /cormun/servlet/trsolicitudot? HTTP/1.1" 200 7032
186.103.159.182 - - [17/Apr/2017:13:09:59 -0300] "GET /cormun/servlet/solicitudot?INS,0,0, HTTP/1.1" 200 12862
186.103.159.182 - - [17/Apr/2017:13:10:00 -0300] "GET /cormun/servlet/solicitudot?INS,0,0, HTTP/1.1" 200 12867
192.168.10.13 - - [17/Apr/2017:13:10:14 -0300] "GET / HTTP/1.1" 200 11217
192.168.10.13 - - [17/Apr/2017:13:11:14 -0300] "GET / HTTP/1.1" 200 11217
186.103.159.46 - - [17/Apr/2017:13:12:05 -0300] "GET /cormun/servlet/permisogoce?DLT,9014931,P,20170413113721, HTTP/1.1" 200 6531
186.103.159.46 - - [17/Apr/2017:13:12:07 -0300] "GET /cormun/servlet/permisogoce?DLT,9014931,P,20170413113721, HTTP/1.1" 200 6533
186.103.159.46 - - [17/Apr/2017:13:12:11 -0300] "POST /cormun/servlet/permisogoce?c79225e53c98783523c250bb4c18827f,DLT,9014931,P,20170413113721,,gx-no-cache=1492449189748 HTTP/1.1" 200 4189
186.103.159.46 - - [17/Apr/2017:13:12:11 -0300] "GET /cormun/static/Shared/jqueryui/images/ui-bg_flat_55_994d53_40x100.png HTTP/1.1" 404 1097
186.103.159.46 - - [17/Apr/2017:13:12:11 -0300] "GET /cormun/static/Shared/jqueryui/images/ui-icons_ebccce_256x240.png HTTP/1.1" 404 1089
192.168.10.13 - - [17/Apr/2017:13:12:14 -0300] "GET / HTTP/1.1" 200 11217
186.103.159.46 - - [17/Apr/2017:13:12:19 -0300] "GET /cormun/servlet/trpermisosgoce HTTP/1.1" 200 12648
186.103.159.46 - - [17/Apr/2017:13:12:21 -0300] "GET /cormun/servlet/trpermisosgoce HTTP/1.1" 200 12647
186.103.159.46 - - [17/Apr/2017:13:12:28 -0300] "GET /cormun/servlet/permisogoce?UPD,9014931,P,20170413113721, HTTP/1.1" 200 6618
186.103.159.46 - - [17/Apr/2017:13:12:29 -0300] "GET /cormun/servlet/permisogoce?UPD,9014931,P,20170413113721, HTTP/1.1" 200 6618
186.103.159.46 - - [17/Apr/2017:13:12:30 -0300] "GET /cormun/servlet/permisogoce?3cab9996e235b98adf3d1facb7842a70204ab7efbd33b409ab4677ce866958cdf188b61fe6afe659bae2280bd1ba9319,gx-no-cache=1492449208715 HTTP/1.1" 200 81
186.103.159.46 - - [17/Apr/2017:13:12:34 -0300] "GET /cormun/static/menuarrow.gif HTTP/1.1" 404 1015
186.103.159.46 - - [17/Apr/2017:13:12:40 -0300] "GET /cormun/servlet/permisogoce?3cab9996e235b98adf3d1facb7842a705880dfe8754155b396fd93ac756f18e04107255c80998363d64d6e9ff578f5f8d44107d4529f8d70f0ba4b944dd39182bde81308ac5425d92350a69e1c652fdb,gx-no-cache=1492449219593 HTTP/1.1" 200 125
186.103.159.46 - - [17/Apr/2017:13:12:50 -0300] "GET /cormun/servlet/permisogoce?3cab9996e235b98adf3d1facb7842a705880dfe8754155b396fd93ac756f18e04107255c80998363d64d6e9ff578f5f8d44107d4529f8d70f0ba4b944dd39182bde81308ac5425d92350a69e1c652fdb,gx-no-cache=1492449228761 HTTP/1.1" 200 125
186.103.159.46 - - [17/Apr/2017:13:13:01 -0300] "GET /cormun/servlet/permisogoce?3cab9996e235b98adf3d1facb7842a705880dfe8754155b396fd93ac756f18e04107255c80998363d64d6e9ff578f5f8060cc565a5514dc879890a600d6f74a1bde81308ac5425d92350a69e1c652fdb,gx-no-cache=1492449239941 HTTP/1.1" 200 157
186.103.159.46 - - [17/Apr/2017:13:13:07 -0300] "GET /cormun/servlet/permisogoce?3cab9996e235b98adf3d1facb7842a705880dfe8754155b396fd93ac756f18e04107255c80998363d64d6e9ff578f5f880ea5cc524cbe5f6d4e552a1bc862d50bde81308ac5425d92350a69e1c652fdb,gx-no-cache=1492449246248 HTTP/1.1" 200 125
192.168.10.13 - - [17/Apr/2017:13:13:14 -0300] "GET / HTTP/1.1" 200 11217
186.103.159.46 - - [17/Apr/2017:13:13:28 -0300] "GET /cormun/servlet/trpermisosgoce HTTP/1.1" 200 12655
186.103.159.46 - - [17/Apr/2017:13:13:30 -0300] "GET /cormun/servlet/trpermisosgoce HTTP/1.1" 200 12650
186.103.159.46 - - [17/Apr/2017:13:13:42 -0300] "GET /cormun/servlet/trpermisosadjuntos?9014931,20170413113721,P, HTTP/1.1" 200 6096
186.103.159.46 - - [17/Apr/2017:13:13:43 -0300] "GET /cormun/servlet/trpermisosadjuntos?9014931,20170413113721,P, HTTP/1.1" 200 6096
186.103.159.46 - - [17/Apr/2017:13:13:49 -0300] "GET /cormun/servlet/permisosadjuntos?INS,9014931,P,20170413113721,, HTTP/1.1" 200 5427
186.103.159.46 - - [17/Apr/2017:13:13:50 -0300] "GET /cormun/static/about:blank HTTP/1.1" 404 1011
186.103.159.46 - - [17/Apr/2017:13:13:50 -0300] "GET /cormun/servlet/permisosadjuntos?INS,9014931,P,20170413113721,, HTTP/1.1" 200 5417
192.168.10.13 - - [17/Apr/2017:13:14:14 -0300] "GET / HTTP/1.1" 200 11217
186.103.159.46 - - [17/Apr/2017:13:14:21 -0300] "POST /cormun/servlet/permisosadjuntos?c79225e53c98783523c250bb4c18827f,INS,9014931,P,20170413113721,, HTTP/1.1" 200 116
186.103.159.46 - - [17/Apr/2017:13:14:21 -0300] "GET /cormun/servlet/hpexe_return? HTTP/1.1" 200 1033
186.103.159.46 - - [17/Apr/2017:13:14:22 -0300] "GET /cormun/servlet/trpermisosadjuntos?9014931,20170413113721,P, HTTP/1.1" 200 6570
186.103.159.46 - - [17/Apr/2017:13:14:23 -0300] "GET /cormun/servlet/trpermisosadjuntos?9014931,20170413113721,P, HTTP/1.1" 200 6567
186.103.159.46 - - [17/Apr/2017:13:14:28 -0300] "POST /cormun/servlet/trpermisosadjuntos?c79225e53c98783523c250bb4c18827f,9014931,20170413113721,P,,gx-no-cache=1492449327128 HTTP/1.1" 200 90
186.103.159.46 - - [17/Apr/2017:13:14:28 -0300] "GET /cormun/servlet/hpexe_link HTTP/1.1" 200 979
186.103.159.46 - - [17/Apr/2017:13:14:28 -0300] "GET /cormun/servlet/trpermisosgoce HTTP/1.1" 200 12649
186.103.159.46 - - [17/Apr/2017:13:14:30 -0300] "GET /cormun/servlet/trpermisosgoce HTTP/1.1" 200 12638
186.103.159.46 - - [17/Apr/2017:13:14:34 -0300] "POST /cormun/servlet/trpermisosgoce?c79225e53c98783523c250bb4c18827f,gx-no-cache=1492449333404 HTTP/1.1" 200 9648
192.168.10.13 - - [17/Apr/2017:13:15:14 -0300] "GET / HTTP/1.1" 200 11217
192.168.10.13 - - [17/Apr/2017:13:16:14 -0300] "GET / HTTP/1.1" 200 11217
192.168.10.13 - - [17/Apr/2017:13:17:14 -0300] "GET / HTTP/1.1" 200 11217
192.168.10.13 - - [17/Apr/2017:13:18:14 -0300] "GET / HTTP/1.1" 200 11217
186.103.159.182 - - [17/Apr/2017:13:18:58 -0300] "GET /cormun/servlet/prfichaempleado?,MD,,gxPopupLevel%3D0%3B HTTP/1.1" 200 8911
192.168.10.13 - - [17/Apr/2017:13:19:14 -0300] "GET / HTTP/1.1" 200 11217
186.103.159.182 - - [17/Apr/2017:13:19:17 -0300] "POST /cormun/servlet/prfichaempleado?c7e6b191148a85f3d6aac5f50572edeb,,MD,,gxPopupLevel%3D0%3B,gx-no-cache=1492446021430 HTTP/1.1" 200 3395
186.103.159.182 - - [17/Apr/2017:13:19:30 -0300] "POST /cormun/servlet/solicitudot?gx-no-cache=1492446034889 HTTP/1.1" 200 3162
186.103.159.182 - - [17/Apr/2017:13:19:30 -0300] "POST /cormun/servlet/solicitudot?c7e6b191148a85f3d6aac5f50572edeb,INS,0,0,,gx-no-cache=1492446035236 HTTP/1.1" 200 9952
186.103.159.182 - - [17/Apr/2017:13:19:36 -0300] "GET /cormun/servlet/solicitudot?8b50d38d0e29047196d8c2ae283c187d0c6bf296478e2df4202bd4aaae6dda54cbfcaffe0bf56827bd93380995601b2f,gx-no-cache=1492446041791 HTTP/1.1" 200 30
186.103.159.182 - - [17/Apr/2017:13:19:36 -0300] "POST /cormun/servlet/solicitudot?gx-no-cache=1492446041860 HTTP/1.1" 200 255
186.103.159.182 - - [17/Apr/2017:13:19:36 -0300] "GET /cormun/servlet/solicitudot?8b50d38d0e29047196d8c2ae283c187d3643a768903a8a0ec8c44f473becd6c8072f9468ce965b68059652aad940d89ab5374f4f70f050c5a8c965d3a1944dde2a2d1400856f4a912e7b04967a609e3cb099630723010de66ad19b4733f73544e0c8d3da7ae36cee1e2a0638db0ed6046b63f7d2cc007ff17a368d149872201b3947177924cd38d68d808c4943ef1aaa26878c7cb49c662552602697057b4826f63108fdeb430e6142240ade548974147c3812a4202b9fd3300b1b0a3c45e8e2b02c1f61288868413f7d14e044863dbd6f51fe95d746eb6f733a2dc4d1caab4147dfc633a44f18823a0af67100c040cf00e7893f88bf014af6ebf32044c96e39d840ad45dccbbb90a9bbb62c2763cd4fa54ed557525ae830e4b159ff0fddafc715dd7571c85a0682804c095497a3658605fe608f04c162a0786d635ed49d6ecb56d8c53db88a915ec9a119aa852e452425a43492a5361bd8598924182f22c9b9c44b4e3c015a6b73986f58615e0568fac4ad2d81d8d8fbd5740e6ebfd971bd73,gx-no-cache=1492446041915 HTTP/1.1" 200 30
192.168.10.13 - - [17/Apr/2017:13:20:14 -0300] "GET / HTTP/1.1" 200 11217
186.103.159.204 - - [17/Apr/2017:13:20:45 -0300] "GET /cormun/servlet/solicitudotadjuntos?INS,2017,6011,,1, HTTP/1.1" 200 5189
186.103.159.204 - - [17/Apr/2017:13:20:45 -0300] "GET /cormun/static/calendar-system.css?85620 HTTP/1.1" 200 5572
186.103.159.204 - - [17/Apr/2017:13:20:45 -0300] "GET /cormun/static/Shared/jqueryui/jquery-ui.min.css?1245370 HTTP/1.1" 200 30288
186.103.159.204 - - [17/Apr/2017:13:20:45 -0300] "GET /cormun/static/SmoothNavMenu/resources/ddsmoothmenu.css?1012540 HTTP/1.1" 200 2223
186.103.159.204 - - [17/Apr/2017:13:20:45 -0300] "GET /cormun/static/SmoothNavMenu/resources/ddsmoothmenu-v.css?1012540 HTTP/1.1" 200 1188
186.103.159.204 - - [17/Apr/2017:13:20:45 -0300] "GET /cormun/static/scaMessage/css/jquery.pnotify.default.css?1716380 HTTP/1.1" 200 1707
186.103.159.204 - - [17/Apr/2017:13:20:45 -0300] "GET /cormun/static/gxtimezone.js?85251 HTTP/1.1" 200 5781
186.103.159.204 - - [17/Apr/2017:13:20:45 -0300] "GET /cormun/static/gxcfg.js?201612218465951 HTTP/1.1" 200 953
186.103.159.204 - - [17/Apr/2017:13:20:45 -0300] "GET /cormun/static/Resources/Spanish/PXTools.css?18365030 HTTP/1.1" 200 89042
186.103.159.204 - - [17/Apr/2017:13:20:45 -0300] "GET /cormun/static/gxgral.js?85251 HTTP/1.1" 200 384558
186.103.159.204 - - [17/Apr/2017:13:20:46 -0300] "GET /cormun/static/calendar-setup.js?85251 HTTP/1.1" 200 2588
186.103.159.204 - - [17/Apr/2017:13:20:46 -0300] "GET /cormun/static/calendar-es.js?85251 HTTP/1.1" 200 1901
186.103.159.204 - - [17/Apr/2017:13:20:46 -0300] "GET /cormun/static/PXToolsJavascripts/pexe_autoreload.js HTTP/1.1" 200 1762
186.103.159.204 - - [17/Apr/2017:13:20:46 -0300] "GET /cormun/static/RunJS/RunJS.js HTTP/1.1" 200 288
186.103.159.204 - - [17/Apr/2017:13:20:46 -0300] "GET /cormun/static/calendar.js?85251 HTTP/1.1" 200 26246
186.103.159.204 - - [17/Apr/2017:13:20:46 -0300] "GET /cormun/static/PXToolsJavascripts/pexe_cookies.js HTTP/1.1" 200 792
186.103.159.204 - - [17/Apr/2017:13:20:46 -0300] "GET /cormun/static/PXToolsJavascripts/pexe_menudivfix.js HTTP/1.1" 200 333
186.103.159.204 - - [17/Apr/2017:13:20:46 -0300] "GET /cormun/static/PXToolsJavascripts/pexe_griddivfix.js HTTP/1.1" 200 6644
186.103.159.204 - - [17/Apr/2017:13:20:46 -0300] "GET /cormun/static/PXToolsJavascripts/pexe_link.js HTTP/1.1" 200 5671
186.103.159.204 - - [17/Apr/2017:13:20:46 -0300] "GET /cormun/static/PXToolsJavascripts/pexe_grid.js HTTP/1.1" 200 7559
186.103.159.204 - - [17/Apr/2017:13:20:46 -0300] "GET /cormun/static/PXToolsJavascripts/pexe_windows.js HTTP/1.1" 200 15207
186.103.159.204 - - [17/Apr/2017:13:20:47 -0300] "GET /cormun/static/PXToolsJavascripts/pexe_menus.js HTTP/1.1" 200 1286
186.103.159.204 - - [17/Apr/2017:13:20:47 -0300] "GET /cormun/static/PXToolsJavascripts/pexe_oavdivfix.js HTTP/1.1" 200 639
186.103.159.204 - - [17/Apr/2017:13:20:47 -0300] "GET /cormun/static/PXToolsJavascripts/pexe_popup.js HTTP/1.1" 200 13458
186.103.159.204 - - [17/Apr/2017:13:20:47 -0300] "GET /cormun/static/PXToolsJavascripts/pexe_picture.js HTTP/1.1" 200 689
186.103.159.204 - - [17/Apr/2017:13:20:47 -0300] "GET /cormun/static/PXToolsJavascripts/pexe_oav.js HTTP/1.1" 200 645
186.103.159.204 - - [17/Apr/2017:13:20:47 -0300] "GET /cormun/static/PXToolsJavascripts/pexe_layers.js HTTP/1.1" 200 4114
186.103.159.204 - - [17/Apr/2017:13:20:47 -0300] "GET /cormun/static/PXToolsJavascripts/pexe_scrolldiv.js HTTP/1.1" 200 4138
186.103.159.204 - - [17/Apr/2017:13:20:47 -0300] "GET /cormun/static/PXToolsJavascripts/PXToolsJavascriptsRender.js HTTP/1.1" 200 367
186.103.159.204 - - [17/Apr/2017:13:20:47 -0300] "GET /cormun/static/PXToolsJavascripts/pexe_upload.js HTTP/1.1" 200 1423
186.103.159.204 - - [17/Apr/2017:13:20:47 -0300] "GET /cormun/static/PXToolsJavascripts/pexe_tabs.js HTTP/1.1" 200 3748
186.103.159.204 - - [17/Apr/2017:13:20:47 -0300] "GET /cormun/static/PXToolsJavascripts/pexe_tabdivfix.js HTTP/1.1" 200 876
186.103.159.182 - - [17/Apr/2017:13:20:47 -0300] "POST /cormun/servlet/solicitudot?gx-no-cache=1492446112938 HTTP/1.1" 200 30
186.103.159.204 - - [17/Apr/2017:13:20:48 -0300] "GET /cormun/static/Shared/ext/locale/ext-lang-en.js HTTP/1.1" 200 10940
186.103.159.204 - - [17/Apr/2017:13:20:48 -0300] "GET /cormun/static/messages.spa.js?85251 HTTP/1.1" 200 30736
186.103.159.204 - - [17/Apr/2017:13:20:48 -0300] "GET /cormun/static/gxdec.js?85251 HTTP/1.1" 200 19579
186.103.159.204 - - [17/Apr/2017:13:20:48 -0300] "GET /cormun/static/Resources/logo4.png HTTP/1.1" 200 6582
186.103.159.204 - - [17/Apr/2017:13:20:48 -0300] "GET /cormun/static/solicitudotadjuntos.js?201612218465969 HTTP/1.1" 200 11762
186.103.159.204 - - [17/Apr/2017:13:20:48 -0300] "GET /cormun/static/Resources/PXToolsHeaderActionsLeft.png HTTP/1.1" 200 1118
186.103.159.204 - - [17/Apr/2017:13:20:48 -0300] "GET /cormun/static/Resources/PXToolsHeaderHome.png HTTP/1.1" 200 4147
186.103.159.204 - - [17/Apr/2017:13:20:48 -0300] "GET /cormun/static/Resources/PXToolsHeaderLogin.png HTTP/1.1" 200 4279
186.103.159.204 - - [17/Apr/2017:13:20:48 -0300] "GET /cormun/static/gxui/gxui-all.js HTTP/1.1" 200 107772
186.103.159.204 - - [17/Apr/2017:13:20:48 -0300] "GET /cormun/static/Resources/PXToolsHeaderPreferences.png HTTP/1.1" 200 4189
186.103.159.204 - - [17/Apr/2017:13:20:48 -0300] "GET /cormun/static/Resources/PXToolsHeaderSecurity.png HTTP/1.1" 200 4166
186.103.159.204 - - [17/Apr/2017:13:20:48 -0300] "GET /cormun/static/Resources/PXToolsHeaderActionsRight.png HTTP/1.1" 200 1201
186.103.159.204 - - [17/Apr/2017:13:20:48 -0300] "GET /cormun/static/Resources/PXTools/calendar.png HTTP/1.1" 200 1306
186.103.159.204 - - [17/Apr/2017:13:20:48 -0300] "GET /cormun/static/hwchdr01.js?201731711335950 HTTP/1.1" 200 1183
186.103.159.204 - - [17/Apr/2017:13:20:48 -0300] "GET /cormun/static/hpexe_scripts.js?201731711335890 HTTP/1.1" 200 1544
186.103.159.204 - - [17/Apr/2017:13:20:48 -0300] "GET /cormun/static/hpexe_recentlink.js?201610171694390 HTTP/1.1" 200 2144
186.103.159.204 - - [17/Apr/2017:13:20:48 -0300] "GET /cormun/static/hpexe_messagecontroller.js?201610171694323 HTTP/1.1" 200 870
186.103.159.204 - - [17/Apr/2017:13:20:48 -0300] "GET /cormun/static/hpexe_messagepopupcomponent.js?20161017169425 HTTP/1.1" 200 605
186.103.159.204 - - [17/Apr/2017:13:20:48 -0300] "GET /cormun/static/hpexe_messagegenexuscomponent.js?201731711335537 HTTP/1.1" 200 587
186.103.159.204 - - [17/Apr/2017:13:20:48 -0300] "GET /cormun/static/cmcontrolpreferences.js?201731711335852 HTTP/1.1" 200 1375
186.103.159.204 - - [17/Apr/2017:13:20:48 -0300] "GET /cormun/static/Shared/jquery/jquery-1.4.2.min.js HTTP/1.1" 200 72174
186.103.159.204 - - [17/Apr/2017:13:20:48 -0300] "GET /cormun/static/Shared/ext/ext-all.js HTTP/1.1" 200 1289687
186.103.159.204 - - [17/Apr/2017:13:20:48 -0300] "GET /cormun/static/SmoothNavMenu/resources/ddsmoothmenu.js HTTP/1.1" 200 12712
186.103.159.204 - - [17/Apr/2017:13:20:48 -0300] "GET /cormun/static/SmoothNavMenu/resources/SmoothNavMenuRender.js HTTP/1.1" 200 5951
186.103.159.204 - - [17/Apr/2017:13:20:48 -0300] "GET /cormun/static/scaMessage/js/jquery.pnotify.min.js HTTP/1.1" 200 13038
186.103.159.204 - - [17/Apr/2017:13:20:48 -0300] "GET /cormun/static/scaMessage/scaMessageRender.js HTTP/1.1" 200 11977
186.103.159.204 - - [17/Apr/2017:13:20:48 -0300] "GET /cormun/static/about:blank HTTP/1.1" 404 1011
186.103.159.204 - - [17/Apr/2017:13:20:48 -0300] "GET /cormun/static/hmpwkw03.js?201731711485354 HTTP/1.1" 200 3965
186.103.159.204 - - [17/Apr/2017:13:20:48 -0300] "GET /cormun/static/Shared/jquery/jquery-1.10.2.min.js HTTP/1.1" 200 273199
186.103.159.204 - - [17/Apr/2017:13:20:48 -0300] "GET /cormun/static/Resources/PXToolsFooterBackground2.png HTTP/1.1" 200 1172
186.103.159.204 - - [17/Apr/2017:13:20:48 -0300] "GET /cormun/static/Resources/PXToolsHeaderBackground2.png HTTP/1.1" 200 1174
186.103.159.204 - - [17/Apr/2017:13:20:48 -0300] "GET /cormun/static/Resources/PXToolsHeaderActionsBackground.png HTTP/1.1" 200 484
186.103.159.204 - - [17/Apr/2017:13:20:48 -0300] "GET /cormun/static/Resources/PXToolsDataTitle.png HTTP/1.1" 200 1173
186.103.159.204 - - [17/Apr/2017:13:20:48 -0300] "GET /cormun/static/Resources/PXToolsButtonLeft21.png HTTP/1.1" 200 1287
186.103.159.204 - - [17/Apr/2017:13:20:48 -0300] "GET /cormun/static/Resources/PXToolsButtonRight21.png HTTP/1.1" 200 1283
186.103.159.204 - - [17/Apr/2017:13:20:48 -0300] "GET /cormun/static/Resources/PXToolsButtonBackground2.png HTTP/1.1" 200 1181
186.103.159.204 - - [17/Apr/2017:13:20:48 -0300] "GET /cormun/static/Shared/jqueryui/jquery-ui.min.js HTTP/1.1" 200 240427
186.103.159.204 - - [17/Apr/2017:13:20:49 -0300] "GET /cormun/static/Resources/indicator.gif HTTP/1.1" 200 1553
186.103.159.204 - - [17/Apr/2017:13:20:49 -0300] "GET /cormun/servlet/hlogin HTTP/1.1" 200 1759
186.103.159.204 - - [17/Apr/2017:13:20:49 -0300] "GET /cormun/servlet/solicitudotadjuntos?INS,2017,6011,,1, HTTP/1.1" 200 5197
186.103.159.182 - - [17/Apr/2017:13:21:01 -0300] "POST /cormun/servlet/solicitudot?gx-no-cache=1492446126790 HTTP/1.1" 200 1291
186.103.159.182 - - [17/Apr/2017:13:21:01 -0300] "POST /cormun/servlet/solicitudot?gx-no-cache=1492446126896 HTTP/1.1" 200 38
192.168.10.13 - - [17/Apr/2017:13:21:14 -0300] "GET / HTTP/1.1" 200 11217
186.103.159.182 - - [17/Apr/2017:13:21:21 -0300] "GET /cormun/servlet/solicitudot?8b50d38d0e29047196d8c2ae283c187df682941de549817b154fc24d7a4146fc7ba1f6f3cb4b4a0f5c3748982f210d6028e90c5572506d3c04b401556379a1e8a2ebdb5cd0276fefdf814ceb8437cd9aa30b425396e581bf210442040abc5665e01e853970511358fcb88a7263e10a8fc1ff763f5b6acc6cc80fb5db509f50f8b420473fecfaafd245df34776474daa2c0f255ad433e0bf6ed111b7f40790c15,gx-no-cache=1492446146754 HTTP/1.1" 200 29
186.103.159.182 - - [17/Apr/2017:13:21:21 -0300] "POST /cormun/servlet/solicitudot?gx-no-cache=1492446146819 HTTP/1.1" 200 1273
186.103.159.182 - - [17/Apr/2017:13:21:21 -0300] "POST /cormun/servlet/solicitudot?gx-no-cache=1492446146903 HTTP/1.1" 200 1157
186.103.159.182 - - [17/Apr/2017:13:21:22 -0300] "GET /cormun/static/menuarrow.gif HTTP/1.1" 404 1015
186.103.159.182 - - [17/Apr/2017:13:21:23 -0300] "POST /cormun/servlet/solicitudot?gx-no-cache=1492446148422 HTTP/1.1" 200 1273
186.103.159.182 - - [17/Apr/2017:13:21:23 -0300] "POST /cormun/servlet/solicitudot?gx-no-cache=1492446148489 HTTP/1.1" 200 1157
186.103.159.182 - - [17/Apr/2017:13:21:34 -0300] "GET /cormun/servlet/solicitudot?8b50d38d0e29047196d8c2ae283c187d9e2dee8d730e466452f6e29dbcdb57dedb593ca753bc4b1e7f51576778028aea2624be55d66c9784f5fd7915791b3595eb38ff1213c76f53f19b3fa19bae97bfe1dde418f0c85d5c62c9c496ee7573a83d2d4e3c6c51499598cd7a7d5428c29555456516d284748c7c0dbeeed747db141e50b92f602697e7dbf53b80a7d1ff58b15c7d0dfe2d09709006f00b464bd173443fcc04aafe6aae612bbfe3c0ade1b8,gx-no-cache=1492446159270 HTTP/1.1" 200 30
192.168.10.13 - - [17/Apr/2017:13:22:14 -0300] "GET / HTTP/1.1" 200 11217
186.103.159.182 - - [17/Apr/2017:13:22:26 -0300] "POST /cormun/servlet/solicitudot?gx-no-cache=1492446211082 HTTP/1.1" 200 30
186.103.159.204 - - [17/Apr/2017:13:22:45 -0300] "GET /cormun/servlet/solicitudotadjuntos?INS,2017,6011,,1, HTTP/1.1" 200 5188
186.103.159.204 - - [17/Apr/2017:13:22:45 -0300] "GET /cormun/static/calendar-system.css?85620 HTTP/1.1" 200 5572
186.103.159.204 - - [17/Apr/2017:13:22:45 -0300] "GET /cormun/static/SmoothNavMenu/resources/ddsmoothmenu.css?1012540 HTTP/1.1" 200 2223
186.103.159.204 - - [17/Apr/2017:13:22:45 -0300] "GET /cormun/static/SmoothNavMenu/resources/ddsmoothmenu-v.css?1012540 HTTP/1.1" 200 1188
186.103.159.204 - - [17/Apr/2017:13:22:45 -0300] "GET /cormun/static/Shared/jqueryui/jquery-ui.min.css?1245370 HTTP/1.1" 200 30288
186.103.159.204 - - [17/Apr/2017:13:22:45 -0300] "GET /cormun/static/Resources/Spanish/PXTools.css?18365030 HTTP/1.1" 200 89042
186.103.159.204 - - [17/Apr/2017:13:22:45 -0300] "GET /cormun/static/gxtimezone.js?85251 HTTP/1.1" 200 5781
186.103.159.204 - - [17/Apr/2017:13:22:45 -0300] "GET /cormun/static/scaMessage/css/jquery.pnotify.default.css?1716380 HTTP/1.1" 200 1707
186.103.159.204 - - [17/Apr/2017:13:22:45 -0300] "GET /cormun/static/gxcfg.js?201612218465951 HTTP/1.1" 200 953
186.103.159.204 - - [17/Apr/2017:13:22:45 -0300] "GET /cormun/static/calendar.js?85251 HTTP/1.1" 200 26246
