186.79.122.175 - - [17/Apr/2017:11:37:50 -0300] "GET /cormun/servlet/solicitudot?dc4b00774288c6616b1ab6fbecb5db1625f4d47595c305126fcc48372a85bad28bd786337a6be0d7f8b92dd85baabb19dd76ec54999c55f34713f5e3b97502efd5efb260f7a18ceacdee3ca6d5ca50a682ea8f8aeea12542e897bbef3fc71123cf80c1d92700c2f982b065c7df238f2efcd97adafb6b111cf44d103804cff5f4b78da123df13416a5594987bde56710e1d57502245c196174a1d00c5addc1e3966339f7c55c5044948c963d9e55de91ec603ee75042732d5276d42d00e39950f46cf4fd1ec2fdaa3b7709d50c998a6f4fb863f6310058769be08efb99c892ec00128d8034d97a7b6af9e0f7152d321a088167286f4762dcde25f019598d3e026ddd320d74477ef4d960b6d3306f6655617dba5f2c4fc678ff33be149d86bfee55142a2ccc7aae680f00755cb1a2179de4a04906aa9846211d2ab06ebee60ae884166a9bda6f1ebcb582da0c32f03b9ea2659f4ccf6d50d87d781a8667e3958d04f518d2e90a2b3477f19c05dcb0677d39a3e2b7f1aba5c06664ad689c938e324,gx-no-cache=1492439934481 HTTP/1.1" 200 30
186.79.122.175 - - [17/Apr/2017:11:37:53 -0300] "POST /cormun/servlet/solicitudot?gx-no-cache=1492439938618 HTTP/1.1" 200 30
186.103.158.250 - - [17/Apr/2017:11:37:56 -0300] "GET /cormun/servlet/solicitudotadjuntos?1aa9b66f219a4b900dc5855339515b57a3e8383dc1b60a0242d5be87cb96ca3b,gx-no-cache=1492443416203 HTTP/1.1" 200 30
186.103.158.250 - - [17/Apr/2017:11:37:56 -0300] "GET /cormun/servlet/solicitudotadjuntos?1aa9b66f219a4b900dc5855339515b57a3e8383dc1b60a0242d5be87cb96ca3b,gx-no-cache=1492443416238 HTTP/1.1" 200 30
186.103.158.250 - - [17/Apr/2017:11:37:58 -0300] "POST /cormun/servlet/solicitudotadjuntos?d97b2cdcd94fb43b1f1e6d413e60a0ff,INS,2017,6091,,1, HTTP/1.1" 200 116
186.103.158.250 - - [17/Apr/2017:11:37:58 -0300] "GET /cormun/servlet/hpexe_return? HTTP/1.1" 200 1020
186.103.158.250 - - [17/Apr/2017:11:37:58 -0300] "GET /cormun/servlet/trsolicitudadjuntos?2017,6091, HTTP/1.1" 200 8443
186.103.158.250 - - [17/Apr/2017:11:38:00 -0300] "GET /cormun/servlet/trsolicitudadjuntos?2017,6091, HTTP/1.1" 200 8442
186.79.122.175 - - [17/Apr/2017:11:38:06 -0300] "POST /cormun/servlet/solicitudot?gx-no-cache=1492439951224 HTTP/1.1" 200 30
192.168.10.13 - - [17/Apr/2017:11:38:14 -0300] "GET / HTTP/1.1" 200 11217
186.79.122.175 - - [17/Apr/2017:11:38:36 -0300] "GET /cormun/servlet/prsolicitudot?17135846,,,,,MD,,gxPopupLevel%3D0%3B HTTP/1.1" 200 6246
186.79.122.175 - - [17/Apr/2017:11:38:36 -0300] "GET /cormun/static/gxcfg.js?201731711522567 HTTP/1.1" 200 953
186.79.122.175 - - [17/Apr/2017:11:38:36 -0300] "GET /cormun/static/prsolicitudot.js?201731711522786 HTTP/1.1" 200 13680
186.79.122.175 - - [17/Apr/2017:11:38:36 -0300] "GET /cormun/static/menusearch.js?201610171694467 HTTP/1.1" 304 -
186.79.122.175 - - [17/Apr/2017:11:38:36 -0300] "GET /cormun/static/hmpwkw011.js?201731711483558 HTTP/1.1" 304 -
186.79.122.175 - - [17/Apr/2017:11:38:39 -0300] "POST /cormun/servlet/solicitudot?gx-no-cache=1492439983742 HTTP/1.1" 200 1372
186.79.122.175 - - [17/Apr/2017:11:38:39 -0300] "GET /cormun/static/Shared/jqueryui/images/ui-bg_highlight-soft_100_c6c2c8_1x100.png HTTP/1.1" 404 1117
186.79.122.175 - - [17/Apr/2017:11:38:39 -0300] "GET /cormun/static/Shared/jqueryui/images/ui-icons_82798d_256x240.png HTTP/1.1" 404 1089
186.79.122.175 - - [17/Apr/2017:11:38:39 -0300] "GET /cormun/static/Shared/jqueryui/images/ui-bg_flat_55_994d53_40x100.png HTTP/1.1" 404 1097
186.79.122.175 - - [17/Apr/2017:11:38:39 -0300] "GET /cormun/static/Shared/jqueryui/images/ui-icons_ebccce_256x240.png HTTP/1.1" 404 1089
186.79.122.175 - - [17/Apr/2017:11:38:39 -0300] "POST /cormun/servlet/solicitudot?gx-no-cache=1492439983906 HTTP/1.1" 200 117
186.79.122.175 - - [17/Apr/2017:11:38:39 -0300] "GET /cormun/servlet/solicitudot?dc4b00774288c6616b1ab6fbecb5db168eaca74c6023c2bc480dd4b9031446601c34d87f405dc1a16ac41b25fed460a2585d3ea19bd53a665cad7467eeeb93aa24c053acf2b1117363ea26ea4fb05b3dedd757505a4194a8d09e55c696f98b7f56f0fbd3133eba28b7ff1787f0dc860748883b19ec8a821c8d6478a86de8e1eeecf6a2628dc23a37f50db5a9bf4797db3170d5f324f34d6b954e6566d73dcbcf53e4be53c0626f9e4bc4a02792039acb6ccb02f47746c6faf2b9c803b37a84ee6a12ebc605442a965f3ee299fc403701,gx-no-cache=1492439983982 HTTP/1.1" 200 29
186.79.122.175 - - [17/Apr/2017:11:38:39 -0300] "GET /cormun/servlet/solicitudot?dc4b00774288c6616b1ab6fbecb5db16247fba1085ce07190afddfdd25889baa5bb4e9efb8039b3aac293027d8d47d7bbbe190a5f587bb91eecc2e28462188a030e82dfb00e4e7798f3609c5d9756f482f00c2662047826fff0e416b0c768721764baac1544a16425940d57a2c7ea4df9becfe72d0abd188c10b18e1c8521e59d13ba37d5380d5756f26dc6b1f8ed98fb46edd9db2682425ce579a7a526e8567,gx-no-cache=1492439984048 HTTP/1.1" 200 57
186.79.122.175 - - [17/Apr/2017:11:38:39 -0300] "GET /cormun/servlet/solicitudot?dc4b00774288c6616b1ab6fbecb5db16f3eda5666a711ec0e0ce3508884b87cf5bb4e9efb8039b3aac293027d8d47d7bbbe190a5f587bb91eecc2e28462188a05af70cbaa6636af38f8f573c395ec703ecff72e376c68271f46c8b18111f0874a1cd7c50f6657d87526bbb9d26d880e742cf3737be3431cc29039fbbf90b1bb1,gx-no-cache=1492439984116 HTTP/1.1" 200 57
186.103.158.250 - - [17/Apr/2017:11:38:59 -0300] "GET /cormun/servlet/solicitudotadjuntos?INS,2017,6091,,1, HTTP/1.1" 200 6002
186.103.158.250 - - [17/Apr/2017:11:38:59 -0300] "GET /cormun/static/about:blank HTTP/1.1" 404 1011
186.103.158.250 - - [17/Apr/2017:11:39:00 -0300] "GET /cormun/servlet/solicitudotadjuntos?INS,2017,6091,,1, HTTP/1.1" 200 5995
186.103.158.250 - - [17/Apr/2017:11:39:01 -0300] "GET /cormun/servlet/solicitudotadjuntos?1aa9b66f219a4b900dc5855339515b5794f117a7a59428dc6d2e0a792b27a640e12e924cdf328a6738c90493bd94427d,gx-no-cache=1492443481261 HTTP/1.1" 200 30
186.103.158.250 - - [17/Apr/2017:11:39:01 -0300] "POST /cormun/servlet/solicitudotadjuntos?d97b2cdcd94fb43b1f1e6d413e60a0ff,INS,2017,6091,,1,,gx-no-cache=1492443481322 HTTP/1.1" 200 3824
186.103.157.98 - - [17/Apr/2017:11:39:12 -0300] "GET /cormun/servlet/hpexe_return? HTTP/1.1" 200 986
186.103.157.98 - - [17/Apr/2017:11:39:12 -0300] "GET /cormun/static/gxcfg.js?2016101716175148 HTTP/1.1" 304 -
186.103.157.98 - - [17/Apr/2017:11:39:12 -0300] "GET /cormun/static/gxtimezone.js?85251 HTTP/1.1" 304 -
186.103.157.98 - - [17/Apr/2017:11:39:12 -0300] "GET /cormun/static/Resources/Spanish/PXTools.css?167811 HTTP/1.1" 304 -
186.103.157.98 - - [17/Apr/2017:11:39:12 -0300] "GET /cormun/static/hpexe_return.js?2016101716175153 HTTP/1.1" 304 -
186.103.157.98 - - [17/Apr/2017:11:39:12 -0300] "GET /cormun/static/messages.spa.js?85251 HTTP/1.1" 304 -
186.103.157.98 - - [17/Apr/2017:11:39:12 -0300] "GET /cormun/servlet/hhome HTTP/1.1" 200 3341
186.103.157.98 - - [17/Apr/2017:11:39:12 -0300] "GET /cormun/static/Resources/Spanish/PXTools.css?11294912 HTTP/1.1" 304 -
186.103.157.98 - - [17/Apr/2017:11:39:12 -0300] "GET /cormun/static/gxcfg.js?201731711483497 HTTP/1.1" 304 -
186.103.157.98 - - [17/Apr/2017:11:39:12 -0300] "GET /cormun/static/hhome.js?20173171148352 HTTP/1.1" 304 -
186.103.157.98 - - [17/Apr/2017:11:39:12 -0300] "GET /cormun/static/hpexe_recentlink.js?201610171694390 HTTP/1.1" 304 -
186.103.157.98 - - [17/Apr/2017:11:39:12 -0300] "GET /cormun/static/hwchdr01.js?201731711335950 HTTP/1.1" 304 -
186.103.157.98 - - [17/Apr/2017:11:39:12 -0300] "GET /cormun/static/hpexe_messagecontroller.js?201610171694323 HTTP/1.1" 304 -
186.103.157.98 - - [17/Apr/2017:11:39:12 -0300] "GET /cormun/static/hpexe_scripts.js?201731711335890 HTTP/1.1" 304 -
186.103.157.98 - - [17/Apr/2017:11:39:12 -0300] "GET /cormun/static/hpexe_messagepopupcomponent.js?20161017169425 HTTP/1.1" 304 -
186.103.157.98 - - [17/Apr/2017:11:39:12 -0300] "GET /cormun/static/hpexe_messagegenexuscomponent.js?201731711335537 HTTP/1.1" 304 -
186.103.157.98 - - [17/Apr/2017:11:39:12 -0300] "GET /cormun/static/cmcontrolpreferences.js?201731711335852 HTTP/1.1" 304 -
186.103.157.98 - - [17/Apr/2017:11:39:12 -0300] "GET /cormun/static/hmpwkw03.js?201731711485354 HTTP/1.1" 304 -
186.103.157.98 - - [17/Apr/2017:11:39:12 -0300] "GET /cormun/servlet/hlogin HTTP/1.1" 200 1736
186.103.157.98 - - [17/Apr/2017:11:39:12 -0300] "GET /cormun/servlet/hhome HTTP/1.1" 200 3336
186.103.157.98 - - [17/Apr/2017:11:39:13 -0300] "GET /cormun/static/gxcfg.js?201741110203197 HTTP/1.1" 304 -
186.103.157.98 - - [17/Apr/2017:11:39:13 -0300] "GET /cormun/static/hlogin.js?201741110203211 HTTP/1.1" 304 -
186.103.157.98 - - [17/Apr/2017:11:39:14 -0300] "POST /cormun/servlet/hlogin?99d6954ba928678761cacd3a5117f0c5,gx-no-cache=1492440019171 HTTP/1.1" 200 90
192.168.10.13 - - [17/Apr/2017:11:39:14 -0300] "GET / HTTP/1.1" 200 11217
186.103.157.98 - - [17/Apr/2017:11:39:14 -0300] "GET /cormun/servlet/hpexe_link HTTP/1.1" 200 954
186.103.157.98 - - [17/Apr/2017:11:39:14 -0300] "GET /cormun/static/gxcfg.js?201731711483381 HTTP/1.1" 304 -
186.103.157.98 - - [17/Apr/2017:11:39:14 -0300] "GET /cormun/static/hpexe_link.js?201731711483384 HTTP/1.1" 304 -
186.103.157.98 - - [17/Apr/2017:11:39:14 -0300] "GET /cormun/servlet/hhome HTTP/1.1" 200 4029
186.103.157.98 - - [17/Apr/2017:11:39:15 -0300] "GET /cormun/servlet/hhome HTTP/1.1" 200 4025
186.79.122.175 - - [17/Apr/2017:11:39:18 -0300] "GET /cormun/servlet/prlicenciaspermisos?14332226,L,,MD,,gxPopupLevel%3D0%3B HTTP/1.1" 200 6455
186.79.122.175 - - [17/Apr/2017:11:39:18 -0300] "GET /cormun/static/gxcfg.js?201741111445743 HTTP/1.1" 200 953
186.79.122.175 - - [17/Apr/2017:11:39:18 -0300] "GET /cormun/static/prlicenciaspermisos.js?201741111445890 HTTP/1.1" 200 13360
186.103.158.250 - - [17/Apr/2017:11:39:19 -0300] "POST /cormun/servlet/solicitudotadjuntos?gx-no-cache=1492443499543 HTTP/1.1" 200 26
186.103.157.98 - - [17/Apr/2017:11:39:20 -0300] "GET /cormun/servlet/trsolicitudot? HTTP/1.1" 200 7004
186.103.157.98 - - [17/Apr/2017:11:39:20 -0300] "GET /cormun/static/gxcfg.js?201731711505139 HTTP/1.1" 304 -
186.103.157.98 - - [17/Apr/2017:11:39:20 -0300] "GET /cormun/static/calendar-setup.js?85251 HTTP/1.1" 304 -
186.103.157.98 - - [17/Apr/2017:11:39:20 -0300] "GET /cormun/static/calendar.js?85251 HTTP/1.1" 304 -
186.103.157.98 - - [17/Apr/2017:11:39:20 -0300] "GET /cormun/static/calendar-es.js?85251 HTTP/1.1" 304 -
186.103.157.98 - - [17/Apr/2017:11:39:20 -0300] "GET /cormun/static/gxdec.js?85251 HTTP/1.1" 304 -
186.103.157.98 - - [17/Apr/2017:11:39:20 -0300] "GET /cormun/static/trsolicitudot.js?20173171151116 HTTP/1.1" 304 -
186.103.157.98 - - [17/Apr/2017:11:39:21 -0300] "GET /cormun/servlet/trsolicitudot? HTTP/1.1" 200 7003
186.103.157.98 - - [17/Apr/2017:11:39:25 -0300] "GET /cormun/servlet/solicitudot?INS,0,0, HTTP/1.1" 200 12832
186.103.157.98 - - [17/Apr/2017:11:39:25 -0300] "GET /cormun/static/Resources/Spanish/PXTools.css?18365030 HTTP/1.1" 304 -
186.103.157.98 - - [17/Apr/2017:11:39:25 -0300] "GET /cormun/static/gxcfg.js?20171191042720 HTTP/1.1" 304 -
186.103.157.98 - - [17/Apr/2017:11:39:25 -0300] "GET /cormun/static/solicitudot.js?2017119104297 HTTP/1.1" 304 -
186.103.157.98 - - [17/Apr/2017:11:39:25 -0300] "GET /cormun/servlet/solicitudot?INS,0,0, HTTP/1.1" 200 12837
186.103.158.250 - - [17/Apr/2017:11:39:30 -0300] "GET /cormun/servlet/solicitudotadjuntos?1aa9b66f219a4b900dc5855339515b57a3e8383dc1b60a0242d5be87cb96ca3b,gx-no-cache=1492443510948 HTTP/1.1" 200 30
186.103.158.250 - - [17/Apr/2017:11:39:30 -0300] "GET /cormun/servlet/solicitudotadjuntos?1aa9b66f219a4b900dc5855339515b57a3e8383dc1b60a0242d5be87cb96ca3b,gx-no-cache=1492443510971 HTTP/1.1" 200 30
186.103.158.250 - - [17/Apr/2017:11:39:34 -0300] "POST /cormun/servlet/solicitudotadjuntos?d97b2cdcd94fb43b1f1e6d413e60a0ff,INS,2017,6091,,1, HTTP/1.1" 200 116
186.103.158.250 - - [17/Apr/2017:11:39:34 -0300] "GET /cormun/servlet/hpexe_return? HTTP/1.1" 200 1020
186.103.158.250 - - [17/Apr/2017:11:39:34 -0300] "GET /cormun/servlet/trsolicitudadjuntos?2017,6091, HTTP/1.1" 200 8603
186.103.158.250 - - [17/Apr/2017:11:39:36 -0300] "GET /cormun/servlet/trsolicitudadjuntos?2017,6091, HTTP/1.1" 200 8600
186.103.158.250 - - [17/Apr/2017:11:39:40 -0300] "GET /cormun/servlet/solicitudotadjuntos?INS,2017,6091,,1, HTTP/1.1" 200 6002
186.103.158.250 - - [17/Apr/2017:11:39:40 -0300] "GET /cormun/static/about:blank HTTP/1.1" 404 1011
186.103.158.250 - - [17/Apr/2017:11:39:41 -0300] "GET /cormun/servlet/solicitudotadjuntos?INS,2017,6091,,1, HTTP/1.1" 200 5995
186.103.158.250 - - [17/Apr/2017:11:39:41 -0300] "GET /cormun/servlet/solicitudotadjuntos?1aa9b66f219a4b900dc5855339515b5794f117a7a59428dc6d2e0a792b27a640e12e924cdf328a6738c90493bd94427d,gx-no-cache=1492443521865 HTTP/1.1" 200 30
186.103.158.250 - - [17/Apr/2017:11:39:42 -0300] "POST /cormun/servlet/solicitudotadjuntos?d97b2cdcd94fb43b1f1e6d413e60a0ff,INS,2017,6091,,1,,gx-no-cache=1492443521943 HTTP/1.1" 200 3825
186.79.122.175 - - [17/Apr/2017:11:39:47 -0300] "POST /cormun/servlet/solicitudot?gx-no-cache=1492440051756 HTTP/1.1" 200 41
186.103.158.250 - - [17/Apr/2017:11:39:47 -0300] "POST /cormun/servlet/solicitudotadjuntos?gx-no-cache=1492443527902 HTTP/1.1" 200 26
186.103.158.250 - - [17/Apr/2017:11:40:05 -0300] "GET /cormun/servlet/solicitudotadjuntos?1aa9b66f219a4b900dc5855339515b57a3e8383dc1b60a0242d5be87cb96ca3b,gx-no-cache=1492443545631 HTTP/1.1" 200 30
186.103.158.250 - - [17/Apr/2017:11:40:05 -0300] "GET /cormun/servlet/solicitudotadjuntos?1aa9b66f219a4b900dc5855339515b57a3e8383dc1b60a0242d5be87cb96ca3b,gx-no-cache=1492443545656 HTTP/1.1" 200 30
186.103.158.250 - - [17/Apr/2017:11:40:06 -0300] "POST /cormun/servlet/solicitudotadjuntos?d97b2cdcd94fb43b1f1e6d413e60a0ff,INS,2017,6091,,1, HTTP/1.1" 200 116
186.103.158.250 - - [17/Apr/2017:11:40:06 -0300] "GET /cormun/servlet/hpexe_return? HTTP/1.1" 200 1020
186.103.158.250 - - [17/Apr/2017:11:40:07 -0300] "GET /cormun/servlet/trsolicitudadjuntos?2017,6091, HTTP/1.1" 200 8747
186.103.158.250 - - [17/Apr/2017:11:40:08 -0300] "GET /cormun/servlet/trsolicitudadjuntos?2017,6091, HTTP/1.1" 200 8745
192.168.10.13 - - [17/Apr/2017:11:40:14 -0300] "GET / HTTP/1.1" 200 11217
186.103.158.250 - - [17/Apr/2017:11:40:15 -0300] "GET /cormun/servlet/solicitudotadjuntos?INS,2017,6091,,1, HTTP/1.1" 200 6002
186.103.158.250 - - [17/Apr/2017:11:40:15 -0300] "GET /cormun/static/about:blank HTTP/1.1" 404 1011
186.103.158.250 - - [17/Apr/2017:11:40:16 -0300] "GET /cormun/servlet/solicitudotadjuntos?INS,2017,6091,,1, HTTP/1.1" 200 5995
186.103.158.250 - - [17/Apr/2017:11:40:17 -0300] "GET /cormun/servlet/solicitudotadjuntos?1aa9b66f219a4b900dc5855339515b5794f117a7a59428dc6d2e0a792b27a640e12e924cdf328a6738c90493bd94427d,gx-no-cache=1492443557239 HTTP/1.1" 200 30
186.103.158.250 - - [17/Apr/2017:11:40:17 -0300] "POST /cormun/servlet/solicitudotadjuntos?d97b2cdcd94fb43b1f1e6d413e60a0ff,INS,2017,6091,,1,,gx-no-cache=1492443557296 HTTP/1.1" 200 3825
186.103.158.250 - - [17/Apr/2017:11:40:26 -0300] "POST /cormun/servlet/solicitudotadjuntos?gx-no-cache=1492443566835 HTTP/1.1" 200 26
186.103.157.42 - - [17/Apr/2017:11:40:31 -0300] "GET /cormun/servlet/trlicencias? HTTP/1.1" 200 6901
186.103.157.42 - - [17/Apr/2017:11:40:31 -0300] "GET /cormun/static/gxcfg.js?201741111445981 HTTP/1.1" 200 953
186.103.157.42 - - [17/Apr/2017:11:40:31 -0300] "GET /cormun/static/gxui/gxui-all.css?110300 HTTP/1.1" 200 2179
186.103.157.42 - - [17/Apr/2017:11:40:31 -0300] "GET /cormun/static/calendar-system.css?75620 HTTP/1.1" 200 5572
186.103.157.42 - - [17/Apr/2017:11:40:31 -0300] "GET /cormun/static/calendar-setup.js?85251 HTTP/1.1" 200 2588
186.103.157.42 - - [17/Apr/2017:11:40:31 -0300] "GET /cormun/static/calendar.js?85251 HTTP/1.1" 200 26246
186.103.157.42 - - [17/Apr/2017:11:40:31 -0300] "GET /cormun/static/calendar-es.js?85251 HTTP/1.1" 200 1901
186.103.157.42 - - [17/Apr/2017:11:40:31 -0300] "GET /cormun/static/gxdec.js?85251 HTTP/1.1" 200 19579
186.103.157.42 - - [17/Apr/2017:11:40:31 -0300] "GET /cormun/static/trlicencias.js?20174111145440 HTTP/1.1" 200 37913
186.103.157.42 - - [17/Apr/2017:11:40:31 -0300] "GET /cormun/static/Resources/PXTools/calendar.png HTTP/1.1" 200 1306
186.103.157.42 - - [17/Apr/2017:11:40:31 -0300] "GET /cormun/static/Resources/PXToolsDataSearch.png HTTP/1.1" 200 419
186.103.157.42 - - [17/Apr/2017:11:40:31 -0300] "GET /cormun/static/Resources/PXToolsGridFirstDisabled.gif HTTP/1.1" 200 100
186.103.157.42 - - [17/Apr/2017:11:40:31 -0300] "GET /cormun/static/Resources/PXToolsGridPreviousDisabled.gif HTTP/1.1" 200 90
186.103.157.42 - - [17/Apr/2017:11:40:31 -0300] "GET /cormun/static/Resources/PXToolsGridNextDisabled.gif HTTP/1.1" 200 90
186.103.157.42 - - [17/Apr/2017:11:40:31 -0300] "GET /cormun/static/Resources/PXToolsGridLastDisabled.gif HTTP/1.1" 200 98
186.103.157.42 - - [17/Apr/2017:11:40:31 -0300] "GET /cormun/static/Resources/PXToolsGridPage.gif HTTP/1.1" 200 725
186.103.157.42 - - [17/Apr/2017:11:40:31 -0300] "GET /cormun/static/Resources/PXToolsActionExcel.png HTTP/1.1" 200 3187
186.103.157.42 - - [17/Apr/2017:11:40:31 -0300] "GET /cormun/static/Shared/ext/resources/css/ext-all.css?205870 HTTP/1.1" 200 416045
186.103.157.42 - - [17/Apr/2017:11:40:31 -0300] "GET /cormun/static/Resources/PXToolsGridNew.png HTTP/1.1" 200 2949
186.103.157.42 - - [17/Apr/2017:11:40:32 -0300] "GET /cormun/static/Resources/asc.gif HTTP/1.1" 200 67
186.103.157.42 - - [17/Apr/2017:11:40:32 -0300] "GET /cormun/static/Resources/desc.gif HTTP/1.1" 200 65
186.103.157.42 - - [17/Apr/2017:11:40:32 -0300] "GET /cormun/static/Shared/ext/resources/themes/images/default/panel/bg-headersPanel.png HTTP/1.1" 200 255
186.103.157.42 - - [17/Apr/2017:11:40:32 -0300] "GET /cormun/static/Shared/ext/resources/themes/images/default/tools/tool-sprites.gif HTTP/1.1" 200 5434
186.103.157.42 - - [17/Apr/2017:11:40:32 -0300] "GET /cormun/servlet/trlicencias? HTTP/1.1" 200 6900
186.103.157.98 - - [17/Apr/2017:11:40:33 -0300] "POST /cormun/servlet/solicitudot?gx-no-cache=1492440097541 HTTP/1.1" 200 3181
186.103.157.98 - - [17/Apr/2017:11:40:33 -0300] "POST /cormun/servlet/solicitudot?99d6954ba928678761cacd3a5117f0c5,INS,0,0,,gx-no-cache=1492440097782 HTTP/1.1" 200 9967
186.103.157.98 - - [17/Apr/2017:11:40:36 -0300] "GET /cormun/servlet/solicitudot?10e8f7d346709c6728f984f3f587191963785a7ccac34b2e776af8e40e356f5e51329e595b31fb7edf96899cdeeaaea5,gx-no-cache=1492440100671 HTTP/1.1" 200 30
186.103.157.98 - - [17/Apr/2017:11:40:36 -0300] "POST /cormun/servlet/solicitudot?gx-no-cache=1492440100727 HTTP/1.1" 200 255
186.103.157.98 - - [17/Apr/2017:11:40:36 -0300] "GET /cormun/servlet/solicitudot?10e8f7d346709c6728f984f3f5871919e376c778d7e464dc98a096ae04dcf7b246f6062de96a21338c82e365fa98742eaef8761b8f90943844c190edc34b2e5be947818a191e2e5e46b623150b2d25e5728a325f802d351c505821dae9e6ada55d00b363c581940427ef8de9860dba3440500b191e17d58a06b841bf412e1e47555a334098e1dd154e0a3c23915f2fa978e7f28c0a9802799fa6ae0d1fc320f6486a2d061e932a493202460ad97e815e6707b7c47fb46a2c35963dfd9851e9bed3623f915a6361c7efb93aad56d335ef7e5117283b7434e54bf5d51bc399e9fdae7cd8a47d58f1eda6830e05169e27df5423ce89bc58c95a7f89ea59722acdd033666b8d2127defff01d3075d71ad2d91b3895c41fb9eb27317f664a38dae3d7011972e7b7bfb0ec001bb8f73c067bc659afa3e719facdb99da6bfc5bc19d82900095162eeb01aac08603b4c6d08563bbe960ac5ff96b09d6569a63687d67a56de3899d47895b79404640aaec756b1d0bd98def108d334ecf57fdc041adae711,gx-no-cache=1492440100781 HTTP/1.1" 200 30
186.103.157.42 - - [17/Apr/2017:11:40:38 -0300] "GET /cormun/servlet/licenciaspermisos?INS,0,,, HTTP/1.1" 200 7433
186.103.157.42 - - [17/Apr/2017:11:40:38 -0300] "GET /cormun/static/gxcfg.js?201741111445322 HTTP/1.1" 200 953
186.103.157.42 - - [17/Apr/2017:11:40:38 -0300] "GET /cormun/static/licenciaspermisos.js?201741111445392 HTTP/1.1" 200 34444
186.103.157.42 - - [17/Apr/2017:11:40:38 -0300] "GET /cormun/static/Resources/prompt.gif HTTP/1.1" 200 902
186.103.157.42 - - [17/Apr/2017:11:40:39 -0300] "GET /cormun/servlet/licenciaspermisos?INS,0,,, HTTP/1.1" 200 7431
186.103.157.42 - - [17/Apr/2017:11:40:49 -0300] "GET /cormun/servlet/licenciaspermisos?b40876cec1f356a263df3313216ca2c678767312a8e55fd88d035ba9d682044723b5b87434590f5df983090c35db6f2d,gx-no-cache=1492440113694 HTTP/1.1" 200 65
186.103.157.42 - - [17/Apr/2017:11:40:49 -0300] "POST /cormun/servlet/licenciaspermisos?3a1f1401872438568fc3d2c6fcb6e382,INS,0,,,,gx-no-cache=1492440113734 HTTP/1.1" 200 4607
186.103.157.42 - - [17/Apr/2017:11:41:07 -0300] "GET /cormun/static/menuarrow.gif HTTP/1.1" 404 1015
192.168.10.13 - - [17/Apr/2017:11:41:14 -0300] "GET / HTTP/1.1" 200 11217
186.79.122.175 - - [17/Apr/2017:11:41:16 -0300] "GET /cormun/servlet/solicitudot?dc4b00774288c6616b1ab6fbecb5db168eaca74c6023c2bc480dd4b9031446601c34d87f405dc1a16ac41b25fed460a27b57a9ba40c42e50e9e864063713328a24c053acf2b1117363ea26ea4fb05b3dedd757505a4194a8d09e55c696f98b7f56f0fbd3133eba28b7ff1787f0dc860748883b19ec8a821c8d6478a86de8e1eeecf6a2628dc23a37f50db5a9bf4797db3170d5f324f34d6b954e6566d73dcbcf53e4be53c0626f9e4bc4a02792039acb6ccb02f47746c6faf2b9c803b37a84ee6a12ebc605442a965f3ee299fc403701,gx-no-cache=1492440140826 HTTP/1.1" 200 29
186.79.122.175 - - [17/Apr/2017:11:41:22 -0300] "GET /cormun/servlet/solicitudot?dc4b00774288c6616b1ab6fbecb5db16247fba1085ce07190afddfdd25889baa5bb4e9efb8039b3aac293027d8d47d7bbbe190a5f587bb91eecc2e28462188a030e82dfb00e4e7798f3609c5d9756f482f00c2662047826fff0e416b0c768721764baac1544a16425940d57a2c7ea4df9becfe72d0abd188c10b18e1c8521e59d13ba37d5380d5756f26dc6b1f8ed98fb46edd9db2682425ce579a7a526e8567,gx-no-cache=1492440146794 HTTP/1.1" 200 57
186.79.122.175 - - [17/Apr/2017:11:41:22 -0300] "GET /cormun/servlet/solicitudot?dc4b00774288c6616b1ab6fbecb5db16f3eda5666a711ec0e0ce3508884b87cf5bb4e9efb8039b3aac293027d8d47d7bbbe190a5f587bb91eecc2e28462188a05af70cbaa6636af38f8f573c395ec703ecff72e376c68271f46c8b18111f0874a1cd7c50f6657d87526bbb9d26d880e742cf3737be3431cc29039fbbf90b1bb1,gx-no-cache=1492440146889 HTTP/1.1" 200 57
186.79.122.175 - - [17/Apr/2017:11:41:22 -0300] "GET /cormun/servlet/solicitudot?dc4b00774288c6616b1ab6fbecb5db16143549549dba1a6cec7bd4bd1007930fb3babe0d7467628b82b1f37e7b5a8d361f5ddc0a7fc28f9142b8eae990d92ad9ad1dba112bc1a7ae1db316f165bc8642d13ba37d5380d5756f26dc6b1f8ed98f5f18740ed8c862019747c07b6c9ea8a35dfc52c777f2f0fdf937eb5cf80fb65a8c55d08d4738ae368a7d5b6b52726eff2756816bbd33f32ebdd1119fb201d8a086f3a3a5a1059c271c18081acf1bbbe33455083594cf2d6f4dc3c7def12f0b25,gx-no-cache=1492440146996 HTTP/1.1" 200 30
192.168.10.13 - - [17/Apr/2017:11:42:14 -0300] "GET / HTTP/1.1" 200 11217
186.103.157.42 - - [17/Apr/2017:11:42:17 -0300] "GET /cormun/static/Resources/resize.gif HTTP/1.1" 200 77
186.103.157.42 - - [17/Apr/2017:11:42:18 -0300] "GET /cormun/servlet/prfichaempleado?,MD,,gxPopupLevel%3D0%3B HTTP/1.1" 200 8888
186.103.157.42 - - [17/Apr/2017:11:42:18 -0300] "GET /cormun/static/Resources/PXToolsMenuSearch.png HTTP/1.1" 200 2914
186.103.157.42 - - [17/Apr/2017:11:42:18 -0300] "GET /cormun/static/hmpwkw011.js?201731711483558 HTTP/1.1" 200 1968
186.103.157.42 - - [17/Apr/2017:11:42:18 -0300] "GET /cormun/static/menusearch.js?201610171694467 HTTP/1.1" 200 1424
186.103.157.42 - - [17/Apr/2017:11:42:18 -0300] "GET /cormun/static/Resources/PXToolsMenuSearchCancel.png HTTP/1.1" 200 2972
186.103.157.42 - - [17/Apr/2017:11:42:18 -0300] "GET /cormun/static/gxcfg.js?2017319125415 HTTP/1.1" 200 953
186.103.157.42 - - [17/Apr/2017:11:42:18 -0300] "GET /cormun/static/prfichaempleado.js?20173191254344 HTTP/1.1" 200 15951
186.103.157.42 - - [17/Apr/2017:11:42:30 -0300] "POST /cormun/servlet/prfichaempleado?3a1f1401872438568fc3d2c6fcb6e382,,MD,,gxPopupLevel%3D0%3B,gx-no-cache=1492440214639 HTTP/1.1" 200 3418
186.103.157.42 - - [17/Apr/2017:11:42:32 -0300] "GET /cormun/servlet/licenciaspermisos?b40876cec1f356a263df3313216ca2c66e07987c40e9ff9f71e5fd9edbd7bf19468a25a0c0e614d7a9a4f7e747a814f88b84683de9311c6ec9867586fef547343ccaa75ce40a8f597c38669026ad610c78ab6396c395312fb9fd9bb5540ce889409095fa53bb4c76d5e984ffaa803068b37f91f6c4077cc86a0700314c30395eb70239ee9c7da24327a21c68f51d24f93335c805f85f48e42fe57844074eb1d2fe94fa8a33ee3b85fb6a44d8446d3e5b,gx-no-cache=1492440216657 HTTP/1.1" 200 30
186.103.157.42 - - [17/Apr/2017:11:42:34 -0300] "GET /cormun/servlet/licenciaspermisos?b40876cec1f356a263df3313216ca2c66e07987c40e9ff9f71e5fd9edbd7bf1991752fa7b68ce7642d7fdf1cb0ddc26a8b84683de9311c6ec9867586fef547343ccaa75ce40a8f597c38669026ad610c78ab6396c395312fb9fd9bb5540ce889409095fa53bb4c76d5e984ffaa803068b37f91f6c4077cc86a0700314c30395eb70239ee9c7da24327a21c68f51d24f93335c805f85f48e42fe57844074eb1d2fe94fa8a33ee3b85fb6a44d8446d3e5b,gx-no-cache=1492440218472 HTTP/1.1" 200 30
186.103.157.42 - - [17/Apr/2017:11:42:34 -0300] "POST /cormun/servlet/licenciaspermisos?3a1f1401872438568fc3d2c6fcb6e382,INS,0,,,,gx-no-cache=1492440218520 HTTP/1.1" 200 4710
186.103.157.42 - - [17/Apr/2017:11:42:36 -0300] "GET /cormun/servlet/licenciaspermisos?b40876cec1f356a263df3313216ca2c65ebf06f36fe3cc3588fcc5dd3ac9188368c898024572d70671eda5de0ddcbf9dd661636161c3f9367ad151792fc69e7ae93837e35bce345b8645e9cd054095e911529b88a0d249f71907b2e719bf12824ea58f82457c629e77b2294729b372e03bbde686fdfdd96aa55025543d89e7c4474e2552126e400bab730988846d219176f3788a02eda3af7ecd749e070c5e879e74e3bbd6e75bc5b19517a71b2d0fa4070563c95d820dba4bb4e8810621fa0a40410557839cb9e4df1f4081f3a365b5745bfc4478fadf1b6a9e1f3b40c6dd8603a5ee43df1a22c76a0aac083fc2ff8a,gx-no-cache=1492440220628 HTTP/1.1" 200 66
186.103.157.42 - - [17/Apr/2017:11:42:36 -0300] "POST /cormun/servlet/licenciaspermisos?3a1f1401872438568fc3d2c6fcb6e382,INS,0,,,,gx-no-cache=1492440220664 HTTP/1.1" 200 93
186.103.157.42 - - [17/Apr/2017:11:42:36 -0300] "GET /cormun/servlet/hpexe_return? HTTP/1.1" 200 1008
186.103.157.42 - - [17/Apr/2017:11:42:36 -0300] "GET /cormun/static/gxcfg.js?2016101716175148 HTTP/1.1" 200 953
186.103.157.42 - - [17/Apr/2017:11:42:36 -0300] "GET /cormun/static/hpexe_return.js?2016101716175153 HTTP/1.1" 200 1633
186.103.157.42 - - [17/Apr/2017:11:42:36 -0300] "GET /cormun/static/Resources/Spanish/PXTools.css?167811 HTTP/1.1" 200 89042
186.103.157.42 - - [17/Apr/2017:11:42:37 -0300] "GET /cormun/servlet/trlicencias HTTP/1.1" 200 8087
186.103.157.42 - - [17/Apr/2017:11:42:37 -0300] "GET /cormun//static/Resources/PXToolsGridUpdate.png HTTP/1.1" 200 2984
186.103.157.42 - - [17/Apr/2017:11:42:37 -0300] "GET /cormun//static/Resources/PXToolsGridDelete.png HTTP/1.1" 200 357
186.103.157.42 - - [17/Apr/2017:11:42:37 -0300] "GET /cormun//static/Resources/PXToolsGridDisplay.png HTTP/1.1" 200 362
186.103.157.42 - - [17/Apr/2017:11:42:37 -0300] "GET /cormun//static/Resources/PXToolsActionPrint.png HTTP/1.1" 200 3317
186.103.157.42 - - [17/Apr/2017:11:42:37 -0300] "GET /cormun//static/Resources/PXToolsHeaderHelp.png HTTP/1.1" 200 4055
186.103.157.42 - - [17/Apr/2017:11:42:37 -0300] "GET /cormun//static/Resources/PXTools/ActionInsert.png HTTP/1.1" 200 1482
186.103.157.42 - - [17/Apr/2017:11:42:37 -0300] "GET /cormun//static/Resources/PXToolsHeaderFavorites.png HTTP/1.1" 200 2744
186.103.157.42 - - [17/Apr/2017:11:42:37 -0300] "GET /cormun/servlet/trlicencias HTTP/1.1" 200 8082
186.103.157.42 - - [17/Apr/2017:11:42:41 -0300] "GET /cormun/servlet/trlicenciaspermisosadjuntos?9178795,20170417000000,L, HTTP/1.1" 200 6385
186.103.157.42 - - [17/Apr/2017:11:42:41 -0300] "GET /cormun/static/gxcfg.js?20173171154619 HTTP/1.1" 200 953
186.103.157.42 - - [17/Apr/2017:11:42:41 -0300] "GET /cormun/static/trlicenciaspermisosadjuntos.js?20173171154971 HTTP/1.1" 200 21005
186.103.157.42 - - [17/Apr/2017:11:42:42 -0300] "GET /cormun/servlet/trlicenciaspermisosadjuntos?9178795,20170417000000,L, HTTP/1.1" 200 6386
186.79.122.175 - - [17/Apr/2017:11:42:43 -0300] "GET /cormun/servlet/prlicenciaspermisos?14332226,L,,MD,,gxPopupLevel%3D0%3B HTTP/1.1" 200 6455
186.103.157.42 - - [17/Apr/2017:11:42:43 -0300] "GET /cormun/servlet/licenciaspermisosadjuntos?INS,9178795,L,20170417000000,, HTTP/1.1" 200 5684
186.103.157.42 - - [17/Apr/2017:11:42:43 -0300] "GET /cormun/static/gxcfg.js?201731711421170 HTTP/1.1" 200 953
186.103.157.42 - - [17/Apr/2017:11:42:43 -0300] "GET /cormun/static/licenciaspermisosadjuntos.js?201731711421181 HTTP/1.1" 200 8757
186.103.157.42 - - [17/Apr/2017:11:42:43 -0300] "GET /cormun/static/about:blank HTTP/1.1" 404 1011
186.103.157.42 - - [17/Apr/2017:11:42:44 -0300] "GET /cormun/servlet/licenciaspermisosadjuntos?INS,9178795,L,20170417000000,, HTTP/1.1" 200 5673
186.103.159.182 - - [17/Apr/2017:11:42:47 -0300] "GET /cormun/servlet/trlicencias? HTTP/1.1" 200 5978
186.103.159.182 - - [17/Apr/2017:11:42:49 -0300] "GET /cormun/servlet/trlicencias? HTTP/1.1" 200 5977
186.103.159.182 - - [17/Apr/2017:11:42:49 -0300] "GET /cormun/servlet/hlogin HTTP/1.1" 200 1741
186.103.157.42 - - [17/Apr/2017:11:42:50 -0300] "POST /cormun/servlet/licenciaspermisosadjuntos?3a1f1401872438568fc3d2c6fcb6e382,INS,9178795,L,20170417000000,, HTTP/1.1" 200 116
186.103.157.42 - - [17/Apr/2017:11:42:50 -0300] "GET /cormun/servlet/hpexe_return? HTTP/1.1" 200 1038
186.103.157.42 - - [17/Apr/2017:11:42:51 -0300] "GET /cormun/servlet/trlicenciaspermisosadjuntos?9178795,20170417000000,L, HTTP/1.1" 200 6883
186.103.157.42 - - [17/Apr/2017:11:42:51 -0300] "GET /cormun/servlet/trlicenciaspermisosadjuntos?9178795,20170417000000,L, HTTP/1.1" 200 6880
186.103.157.42 - - [17/Apr/2017:11:42:52 -0300] "GET /cormun/PublicTempStorage/cristina_suarez1780137.jpg HTTP/1.1" 200 696362
186.103.159.182 - - [17/Apr/2017:11:42:53 -0300] "POST /cormun/servlet/hlogin?c7e6b191148a85f3d6aac5f50572edeb,gx-no-cache=1492440238279 HTTP/1.1" 200 90
186.103.159.182 - - [17/Apr/2017:11:42:53 -0300] "GET /cormun/servlet/hpexe_link HTTP/1.1" 200 959
186.103.159.182 - - [17/Apr/2017:11:42:53 -0300] "GET /cormun/servlet/trlicencias HTTP/1.1" 200 6749
186.103.157.42 - - [17/Apr/2017:11:42:55 -0300] "POST /cormun/servlet/trlicenciaspermisosadjuntos?3a1f1401872438568fc3d2c6fcb6e382,9178795,20170417000000,L,,gx-no-cache=1492440239359 HTTP/1.1" 200 90
186.103.157.42 - - [17/Apr/2017:11:42:55 -0300] "GET /cormun/servlet/hpexe_link HTTP/1.1" 200 981
186.103.159.182 - - [17/Apr/2017:11:42:55 -0300] "GET /cormun/servlet/trlicencias HTTP/1.1" 200 6747
186.103.157.42 - - [17/Apr/2017:11:42:55 -0300] "GET /cormun/servlet/trlicencias HTTP/1.1" 200 8084
186.103.157.42 - - [17/Apr/2017:11:42:55 -0300] "GET /cormun/servlet/trlicencias HTTP/1.1" 200 8082
186.103.157.42 - - [17/Apr/2017:11:42:58 -0300] "GET /cormun/servlet/alicenciaprn?9178795,L,20170417000000,PU HTTP/1.1" 200 1588
186.103.159.182 - - [17/Apr/2017:11:43:04 -0300] "GET /cormun/servlet/licenciaspermisos?INS,0,,, HTTP/1.1" 200 7467
186.103.159.182 - - [17/Apr/2017:11:43:05 -0300] "GET /cormun/servlet/licenciaspermisos?INS,0,,, HTTP/1.1" 200 7475
186.103.157.42 - - [17/Apr/2017:11:43:12 -0300] "POST /cormun/servlet/trlicencias?3a1f1401872438568fc3d2c6fcb6e382,gx-no-cache=1492440257023 HTTP/1.1" 200 4245
186.103.157.42 - - [17/Apr/2017:11:43:12 -0300] "GET /cormun/static/Shared/jqueryui/images/ui-bg_highlight-soft_100_c6c2c8_1x100.png HTTP/1.1" 404 1117
186.103.157.42 - - [17/Apr/2017:11:43:12 -0300] "GET /cormun/static/Shared/jqueryui/images/ui-icons_82798d_256x240.png HTTP/1.1" 404 1089
186.103.157.42 - - [17/Apr/2017:11:43:12 -0300] "GET /cormun/static/Shared/jqueryui/images/ui-icons_8d78a5_256x240.png HTTP/1.1" 404 1089
186.103.157.42 - - [17/Apr/2017:11:43:12 -0300] "GET /cormun/static/Shared/jqueryui/images/ui-bg_flat_55_fafafa_40x100.png HTTP/1.1" 404 1097
186.103.157.42 - - [17/Apr/2017:11:43:14 -0300] "GET /cormun/servlet/licenciaspermisos?INS,0,,, HTTP/1.1" 200 7433
192.168.10.13 - - [17/Apr/2017:11:43:14 -0300] "GET / HTTP/1.1" 200 11217
186.103.157.42 - - [17/Apr/2017:11:43:15 -0300] "GET /cormun/servlet/licenciaspermisos?INS,0,,, HTTP/1.1" 200 7431
186.103.157.42 - - [17/Apr/2017:11:43:32 -0300] "GET /cormun/servlet/licenciaspermisos?b40876cec1f356a263df3313216ca2c6746c578213dc10d665fecd2a0cdda07523b5b87434590f5df983090c35db6f2d,gx-no-cache=1492440277062 HTTP/1.1" 200 66
186.103.157.42 - - [17/Apr/2017:11:43:32 -0300] "POST /cormun/servlet/licenciaspermisos?3a1f1401872438568fc3d2c6fcb6e382,INS,0,,,,gx-no-cache=1492440277142 HTTP/1.1" 200 4616
186.103.157.42 - - [17/Apr/2017:11:43:48 -0300] "GET /cormun/static/menuarrow.gif HTTP/1.1" 404 1015
186.103.158.250 - - [17/Apr/2017:11:43:48 -0300] "GET /cormun/servlet/solicitudotadjuntos?1aa9b66f219a4b900dc5855339515b57a3e8383dc1b60a0242d5be87cb96ca3b,gx-no-cache=1492443768703 HTTP/1.1" 200 30
186.103.158.250 - - [17/Apr/2017:11:43:48 -0300] "GET /cormun/servlet/solicitudotadjuntos?1aa9b66f219a4b900dc5855339515b57a3e8383dc1b60a0242d5be87cb96ca3b,gx-no-cache=1492443768774 HTTP/1.1" 200 30
186.103.159.182 - - [17/Apr/2017:11:43:52 -0300] "GET /cormun/servlet/prfichaempleado?,MD,,gxPopupLevel%3D0%3B HTTP/1.1" 200 8915
186.103.158.250 - - [17/Apr/2017:11:43:58 -0300] "POST /cormun/servlet/solicitudotadjuntos?d97b2cdcd94fb43b1f1e6d413e60a0ff,INS,2017,6091,,1, HTTP/1.1" 200 116
186.103.158.250 - - [17/Apr/2017:11:43:59 -0300] "GET /cormun/servlet/hpexe_return? HTTP/1.1" 200 1020
186.103.158.250 - - [17/Apr/2017:11:43:59 -0300] "GET /cormun/servlet/trsolicitudadjuntos?2017,6091, HTTP/1.1" 200 8951
186.103.158.250 - - [17/Apr/2017:11:44:01 -0300] "GET /cormun/servlet/trsolicitudadjuntos?2017,6091, HTTP/1.1" 200 8950
186.103.158.250 - - [17/Apr/2017:11:44:05 -0300] "GET /cormun/servlet/solicitudotadjuntos?INS,2017,6091,,1, HTTP/1.1" 200 6002
186.103.158.250 - - [17/Apr/2017:11:44:05 -0300] "GET /cormun/static/about:blank HTTP/1.1" 404 1011
186.103.158.250 - - [17/Apr/2017:11:44:06 -0300] "GET /cormun/servlet/solicitudotadjuntos?INS,2017,6091,,1, HTTP/1.1" 200 5995
186.103.158.250 - - [17/Apr/2017:11:44:06 -0300] "GET /cormun/servlet/solicitudotadjuntos?1aa9b66f219a4b900dc5855339515b5794f117a7a59428dc6d2e0a792b27a640e12e924cdf328a6738c90493bd94427d,gx-no-cache=1492443786616 HTTP/1.1" 200 30
186.103.158.250 - - [17/Apr/2017:11:44:06 -0300] "POST /cormun/servlet/solicitudotadjuntos?d97b2cdcd94fb43b1f1e6d413e60a0ff,INS,2017,6091,,1,,gx-no-cache=1492443786670 HTTP/1.1" 200 3825
186.79.61.94 - - [17/Apr/2017:11:44:11 -0300] "GET /cormun/servlet/trautorizarsolicitud? HTTP/1.1" 200 9417
186.79.61.94 - - [17/Apr/2017:11:44:11 -0300] "GET /cormun/static/gxcfg.js?2017259112829 HTTP/1.1" 200 953
186.79.61.94 - - [17/Apr/2017:11:44:11 -0300] "GET /cormun/static/trautorizarsolicitud.js?2017259113483 HTTP/1.1" 200 53096
186.79.61.94 - - [17/Apr/2017:11:44:13 -0300] "GET /cormun/servlet/trautorizarsolicitud? HTTP/1.1" 200 9413
192.168.10.13 - - [17/Apr/2017:11:44:14 -0300] "GET / HTTP/1.1" 200 11217
186.103.158.250 - - [17/Apr/2017:11:44:20 -0300] "POST /cormun/servlet/solicitudotadjuntos?gx-no-cache=1492443800672 HTTP/1.1" 200 26
186.103.158.250 - - [17/Apr/2017:11:44:20 -0300] "GET /cormun/servlet/solicitudotadjuntos?1aa9b66f219a4b900dc5855339515b57a3e8383dc1b60a0242d5be87cb96ca3b,gx-no-cache=1492443800697 HTTP/1.1" 200 30
186.103.158.250 - - [17/Apr/2017:11:44:20 -0300] "GET /cormun/servlet/solicitudotadjuntos?1aa9b66f219a4b900dc5855339515b57a3e8383dc1b60a0242d5be87cb96ca3b,gx-no-cache=1492443800720 HTTP/1.1" 200 30
186.103.158.250 - - [17/Apr/2017:11:44:20 -0300] "POST /cormun/servlet/solicitudotadjuntos?d97b2cdcd94fb43b1f1e6d413e60a0ff,INS,2017,6091,,1,,gx-no-cache=1492443800752 HTTP/1.1" 200 3670
186.103.158.250 - - [17/Apr/2017:11:44:20 -0300] "GET /cormun/static/Shared/jqueryui/images/ui-bg_highlight-soft_100_c6c2c8_1x100.png HTTP/1.1" 404 1117
186.103.158.250 - - [17/Apr/2017:11:44:20 -0300] "GET /cormun/static/Shared/jqueryui/images/ui-icons_82798d_256x240.png HTTP/1.1" 404 1089
186.103.158.250 - - [17/Apr/2017:11:44:20 -0300] "GET /cormun/static/Shared/jqueryui/images/ui-bg_flat_55_994d53_40x100.png HTTP/1.1" 404 1097
186.103.158.250 - - [17/Apr/2017:11:44:20 -0300] "GET /cormun/static/Shared/jqueryui/images/ui-icons_ebccce_256x240.png HTTP/1.1" 404 1089
186.103.158.250 - - [17/Apr/2017:11:44:32 -0300] "POST /cormun/servlet/solicitudotadjuntos?d97b2cdcd94fb43b1f1e6d413e60a0ff,INS,2017,6091,,1,,gx-no-cache=1492443812427 HTTP/1.1" 200 93
186.103.158.250 - - [17/Apr/2017:11:44:32 -0300] "GET /cormun/servlet/hpexe_return? HTTP/1.1" 200 1020
186.103.158.250 - - [17/Apr/2017:11:44:33 -0300] "GET /cormun/servlet/trsolicitudadjuntos?2017,6091, HTTP/1.1" 200 8951
186.103.159.182 - - [17/Apr/2017:11:44:34 -0300] "POST /cormun/servlet/prfichaempleado?c7e6b191148a85f3d6aac5f50572edeb,,MD,,gxPopupLevel%3D0%3B,gx-no-cache=1492440338498 HTTP/1.1" 200 3400
186.103.158.250 - - [17/Apr/2017:11:44:34 -0300] "GET /cormun/servlet/trsolicitudadjuntos?2017,6091, HTTP/1.1" 200 8946
186.103.159.182 - - [17/Apr/2017:11:44:38 -0300] "GET /cormun/servlet/licenciaspermisos?d8f5b898ca2d59479e220ed7b7d0d1719819a462340268358c45ae8d222cb1c85054e826047acc2a38aa9cf5af348647,gx-no-cache=1492440343086 HTTP/1.1" 200 65
186.103.159.182 - - [17/Apr/2017:11:44:39 -0300] "POST /cormun/servlet/licenciaspermisos?c7e6b191148a85f3d6aac5f50572edeb,INS,0,,,,gx-no-cache=1492440343701 HTTP/1.1" 200 4613
186.103.158.250 - - [17/Apr/2017:11:44:46 -0300] "GET /cormun/servlet/solicitudotadjuntos?INS,2017,6091,,1, HTTP/1.1" 200 6002
186.103.158.250 - - [17/Apr/2017:11:44:47 -0300] "GET /cormun/static/about:blank HTTP/1.1" 404 1011
186.103.158.250 - - [17/Apr/2017:11:44:47 -0300] "GET /cormun/servlet/solicitudotadjuntos?INS,2017,6091,,1, HTTP/1.1" 200 5994
186.103.158.250 - - [17/Apr/2017:11:44:48 -0300] "GET /cormun/servlet/solicitudotadjuntos?1aa9b66f219a4b900dc5855339515b5794f117a7a59428dc6d2e0a792b27a640e12e924cdf328a6738c90493bd94427d,gx-no-cache=1492443828250 HTTP/1.1" 200 30
186.103.158.250 - - [17/Apr/2017:11:44:48 -0300] "POST /cormun/servlet/solicitudotadjuntos?d97b2cdcd94fb43b1f1e6d413e60a0ff,INS,2017,6091,,1,,gx-no-cache=1492443828295 HTTP/1.1" 200 3825
186.103.158.250 - - [17/Apr/2017:11:44:54 -0300] "POST /cormun/servlet/solicitudotadjuntos?gx-no-cache=1492443834693 HTTP/1.1" 200 26
186.103.157.42 - - [17/Apr/2017:11:44:56 -0300] "GET /cormun/servlet/licenciaspermisos?b40876cec1f356a263df3313216ca2c66e07987c40e9ff9f71e5fd9edbd7bf19468a25a0c0e614d7a9a4f7e747a814f88b84683de9311c6ec9867586fef547343ccaa75ce40a8f597c38669026ad610c78ab6396c395312fb9fd9bb5540ce8896c9dea09ddc11ed7f665fa7f74eb8081b37f91f6c4077cc86a0700314c30395ecaa683f9c4e97386ccdd6405193d41196ae274097cb3bd2712c3091e6f9b188bd3b44bdd463f37f71cdab34807a8a3b11885fca460ce065aac0c98a99e294ff240320149de5acf154af31eba51fce3e421638d15734e16a952f5b5a89463bc2e,gx-no-cache=1492440360666 HTTP/1.1" 200 30
186.103.157.42 - - [17/Apr/2017:11:44:56 -0300] "GET /cormun/servlet/licenciaspermisos?b40876cec1f356a263df3313216ca2c65ebf06f36fe3cc3588fcc5dd3ac918837383bd4ec8f487fdc8941469884d0edcd661636161c3f9367ad151792fc69e7ae93837e35bce345b8645e9cd054095e911529b88a0d249f71907b2e719bf12824ea58f82457c629e77b2294729b372e03bbde686fdfdd96aa55025543d89e7c4474e2552126e400bab730988846d219176f3788a02eda3af7ecd749e070c5e879e74e3bbd6e75bc5b19517a71b2d0fa4070563c95d820dba4bb4e8810621fa0a40410557839cb9e4df1f4081f3a365b5a707266671cd6e131cdd9a561d944bb0,gx-no-cache=1492440360726 HTTP/1.1" 200 29
186.103.157.42 - - [17/Apr/2017:11:44:56 -0300] "POST /cormun/servlet/licenciaspermisos?3a1f1401872438568fc3d2c6fcb6e382,INS,0,,,,gx-no-cache=1492440360767 HTTP/1.1" 200 93
186.103.157.42 - - [17/Apr/2017:11:44:56 -0300] "GET /cormun/servlet/hpexe_return? HTTP/1.1" 200 1030
186.103.157.42 - - [17/Apr/2017:11:44:56 -0300] "GET /cormun/servlet/trlicencias?gx-no-cache=1492440257023 HTTP/1.1" 200 8027
186.103.157.42 - - [17/Apr/2017:11:44:57 -0300] "GET /cormun/servlet/trlicencias?gx-no-cache=1492440257023 HTTP/1.1" 200 8045
186.103.158.250 - - [17/Apr/2017:11:45:03 -0300] "GET /cormun/servlet/solicitudotadjuntos?1aa9b66f219a4b900dc5855339515b57a3e8383dc1b60a0242d5be87cb96ca3b,gx-no-cache=1492443843695 HTTP/1.1" 200 30
186.103.158.250 - - [17/Apr/2017:11:45:03 -0300] "GET /cormun/servlet/solicitudotadjuntos?1aa9b66f219a4b900dc5855339515b57a3e8383dc1b60a0242d5be87cb96ca3b,gx-no-cache=1492443843745 HTTP/1.1" 200 30
186.103.158.250 - - [17/Apr/2017:11:45:05 -0300] "POST /cormun/servlet/solicitudotadjuntos?d97b2cdcd94fb43b1f1e6d413e60a0ff,INS,2017,6091,,1, HTTP/1.1" 200 116
186.103.158.250 - - [17/Apr/2017:11:45:05 -0300] "GET /cormun/servlet/hpexe_return? HTTP/1.1" 200 1020
186.103.158.250 - - [17/Apr/2017:11:45:06 -0300] "GET /cormun/servlet/trsolicitudadjuntos?2017,6091, HTTP/1.1" 200 9167
186.103.157.42 - - [17/Apr/2017:11:45:07 -0300] "GET /cormun/servlet/trlicenciaspermisosadjuntos?4009811,20170417000000,L, HTTP/1.1" 200 6407
186.103.158.250 - - [17/Apr/2017:11:45:07 -0300] "GET /cormun/servlet/trsolicitudadjuntos?2017,6091, HTTP/1.1" 200 9165
186.103.157.42 - - [17/Apr/2017:11:45:08 -0300] "GET /cormun/servlet/trlicenciaspermisosadjuntos?4009811,20170417000000,L, HTTP/1.1" 200 6385
186.103.157.42 - - [17/Apr/2017:11:45:09 -0300] "GET /cormun/servlet/licenciaspermisosadjuntos?INS,4009811,L,20170417000000,, HTTP/1.1" 200 5685
186.103.157.42 - - [17/Apr/2017:11:45:09 -0300] "GET /cormun/static/about:blank HTTP/1.1" 404 1011
186.103.157.42 - - [17/Apr/2017:11:45:09 -0300] "GET /cormun/servlet/licenciaspermisosadjuntos?INS,4009811,L,20170417000000,, HTTP/1.1" 200 5674
192.168.10.13 - - [17/Apr/2017:11:45:14 -0300] "GET / HTTP/1.1" 200 11217
186.103.158.250 - - [17/Apr/2017:11:45:14 -0300] "GET /cormun/servlet/solicitudotadjuntos?INS,2017,6091,,1, HTTP/1.1" 200 6002
186.103.157.42 - - [17/Apr/2017:11:45:15 -0300] "POST /cormun/servlet/licenciaspermisosadjuntos?3a1f1401872438568fc3d2c6fcb6e382,INS,4009811,L,20170417000000,, HTTP/1.1" 200 116
186.103.157.42 - - [17/Apr/2017:11:45:15 -0300] "GET /cormun/servlet/hpexe_return? HTTP/1.1" 200 1037
186.103.157.42 - - [17/Apr/2017:11:45:15 -0300] "GET /cormun/servlet/trlicenciaspermisosadjuntos?4009811,20170417000000,L, HTTP/1.1" 200 6886
186.103.158.250 - - [17/Apr/2017:11:45:15 -0300] "GET /cormun/servlet/solicitudotadjuntos?INS,2017,6091,,1, HTTP/1.1" 200 5994
186.103.157.42 - - [17/Apr/2017:11:45:15 -0300] "GET /cormun/servlet/trlicenciaspermisosadjuntos?4009811,20170417000000,L, HTTP/1.1" 200 6882
186.103.158.250 - - [17/Apr/2017:11:45:16 -0300] "GET /cormun/servlet/solicitudotadjuntos?1aa9b66f219a4b900dc5855339515b5794f117a7a59428dc6d2e0a792b27a640e12e924cdf328a6738c90493bd94427d,gx-no-cache=1492443856331 HTTP/1.1" 200 30
186.103.158.250 - - [17/Apr/2017:11:45:16 -0300] "POST /cormun/servlet/solicitudotadjuntos?d97b2cdcd94fb43b1f1e6d413e60a0ff,INS,2017,6091,,1,,gx-no-cache=1492443856371 HTTP/1.1" 200 3825
186.103.157.42 - - [17/Apr/2017:11:45:18 -0300] "POST /cormun/servlet/trlicenciaspermisosadjuntos?3a1f1401872438568fc3d2c6fcb6e382,4009811,20170417000000,L,,gx-no-cache=1492440382436 HTTP/1.1" 200 90
186.103.157.42 - - [17/Apr/2017:11:45:18 -0300] "GET /cormun/servlet/hpexe_link HTTP/1.1" 200 1002
186.103.157.42 - - [17/Apr/2017:11:45:18 -0300] "GET /cormun/servlet/trlicencias?gx-no-cache=1492440257023 HTTP/1.1" 200 8025
186.103.157.42 - - [17/Apr/2017:11:45:18 -0300] "GET /cormun/servlet/trlicencias?gx-no-cache=1492440257023 HTTP/1.1" 200 8045
186.103.157.42 - - [17/Apr/2017:11:45:20 -0300] "GET /cormun/servlet/alicenciaprn?4009811,L,20170417000000,PU HTTP/1.1" 200 1549
186.103.158.250 - - [17/Apr/2017:11:45:23 -0300] "GET /cormun/servlet/trsolicitudot? HTTP/1.1" 200 8175
186.103.158.250 - - [17/Apr/2017:11:45:24 -0300] "GET /cormun/servlet/trsolicitudot? HTTP/1.1" 200 8163
186.103.157.42 - - [17/Apr/2017:11:45:30 -0300] "POST /cormun/servlet/trlicencias?3a1f1401872438568fc3d2c6fcb6e382,gx-no-cache=1492440257023,gx-no-cache=1492440394855 HTTP/1.1" 200 4203
186.103.157.42 - - [17/Apr/2017:11:45:30 -0300] "GET /cormun/static/Shared/jqueryui/images/ui-bg_highlight-soft_100_c6c2c8_1x100.png HTTP/1.1" 404 1117
186.103.157.42 - - [17/Apr/2017:11:45:30 -0300] "GET /cormun/static/Shared/jqueryui/images/ui-icons_82798d_256x240.png HTTP/1.1" 404 1089
186.103.157.42 - - [17/Apr/2017:11:45:30 -0300] "GET /cormun/static/Shared/jqueryui/images/ui-bg_flat_55_fafafa_40x100.png HTTP/1.1" 404 1097
186.103.157.42 - - [17/Apr/2017:11:45:30 -0300] "GET /cormun/static/Shared/jqueryui/images/ui-icons_8d78a5_256x240.png HTTP/1.1" 404 1089
186.103.158.250 - - [17/Apr/2017:11:45:34 -0300] "POST /cormun/servlet/trsolicitudot?d97b2cdcd94fb43b1f1e6d413e60a0ff,,gx-no-cache=1492443874558 HTTP/1.1" 200 106
186.103.158.250 - - [17/Apr/2017:11:45:35 -0300] "GET /cormun/servlet/trsolicitudadjuntos?2017,6091, HTTP/1.1" 200 9165
186.103.158.250 - - [17/Apr/2017:11:45:36 -0300] "GET /cormun/servlet/trsolicitudadjuntos?2017,6091, HTTP/1.1" 200 9164
186.103.156.24 - - [17/Apr/2017:11:45:38 -0300] "GET /cormun/servlet/hlogin HTTP/1.1" 200 1721
186.103.156.24 - - [17/Apr/2017:11:45:38 -0300] "GET /cormun/static/gxtimezone.js?85251 HTTP/1.1" 200 5781
186.103.156.24 - - [17/Apr/2017:11:45:38 -0300] "GET /cormun/static/gxcfg.js?201741110203197 HTTP/1.1" 200 953
186.103.156.24 - - [17/Apr/2017:11:45:38 -0300] "GET /cormun/static/gxgral.js?85251 HTTP/1.1" 200 384558
186.103.156.24 - - [17/Apr/2017:11:45:39 -0300] "GET /cormun/static/Resources/Spanish/PXTools.css?11294912 HTTP/1.1" 200 89042
186.103.156.24 - - [17/Apr/2017:11:45:39 -0300] "GET /cormun/static/messages.spa.js?85251 HTTP/1.1" 200 30736
186.103.156.24 - - [17/Apr/2017:11:45:39 -0300] "GET /cormun/static/hlogin.js?201741110203211 HTTP/1.1" 200 2136
186.103.156.24 - - [17/Apr/2017:11:45:39 -0300] "GET /cormun/static/Resources/ComunLogin.png HTTP/1.1" 200 17326
186.103.156.24 - - [17/Apr/2017:11:45:39 -0300] "GET /cormun/static/Resources/PXToolsLoginTop.png HTTP/1.1" 200 1337
186.103.156.24 - - [17/Apr/2017:11:45:39 -0300] "GET /cormun/static/Resources/PXToolsButtonRight21.png HTTP/1.1" 200 1283
186.103.156.24 - - [17/Apr/2017:11:45:39 -0300] "GET /cormun/static/Resources/PXToolsButtonBackground2.png HTTP/1.1" 200 1181
186.103.156.24 - - [17/Apr/2017:11:45:39 -0300] "GET /cormun/static/Resources/PXToolsButtonLeft21.png HTTP/1.1" 200 1287
186.103.156.24 - - [17/Apr/2017:11:45:39 -0300] "GET /cormun/static/Resources/PXToolsLoginBottom.png HTTP/1.1" 200 1389
186.103.156.24 - - [17/Apr/2017:11:45:39 -0300] "GET /cormun/static/Resources/PXToolsLoginBackground.png HTTP/1.1" 200 1164
186.103.158.250 - - [17/Apr/2017:11:45:40 -0300] "GET /cormun/servlet/trsolicitudot? HTTP/1.1" 200 8175
186.103.156.24 - - [17/Apr/2017:11:45:41 -0300] "GET /cormun/static/Resources/indicator.gif HTTP/1.1" 200 1553
186.103.158.250 - - [17/Apr/2017:11:45:41 -0300] "GET /cormun/servlet/trsolicitudot? HTTP/1.1" 200 8163
186.103.158.250 - - [17/Apr/2017:11:45:49 -0300] "POST /cormun/servlet/trsolicitudot?d97b2cdcd94fb43b1f1e6d413e60a0ff,,gx-no-cache=1492443889418 HTTP/1.1" 200 4339
186.103.158.250 - - [17/Apr/2017:11:45:49 -0300] "GET /cormun/static/Shared/jqueryui/images/ui-bg_highlight-soft_100_c6c2c8_1x100.png HTTP/1.1" 404 1117
186.103.158.250 - - [17/Apr/2017:11:45:49 -0300] "GET /cormun/static/Shared/jqueryui/images/ui-icons_82798d_256x240.png HTTP/1.1" 404 1089
186.103.158.250 - - [17/Apr/2017:11:45:49 -0300] "GET /cormun/static/Shared/jqueryui/images/ui-bg_flat_55_fafafa_40x100.png HTTP/1.1" 404 1097
186.103.158.250 - - [17/Apr/2017:11:45:49 -0300] "GET /cormun/static/Shared/jqueryui/images/ui-icons_8d78a5_256x240.png HTTP/1.1" 404 1089
186.103.158.250 - - [17/Apr/2017:11:45:49 -0300] "POST /cormun/servlet/trsolicitudot?d97b2cdcd94fb43b1f1e6d413e60a0ff,,gx-no-cache=1492443889726 HTTP/1.1" 200 4126
186.103.157.98 - - [17/Apr/2017:11:45:51 -0300] "POST /cormun/servlet/solicitudot?gx-no-cache=1492440416118 HTTP/1.1" 200 30
186.103.157.98 - - [17/Apr/2017:11:45:55 -0300] "POST /cormun/servlet/solicitudot?gx-no-cache=1492440419932 HTTP/1.1" 200 1292
186.103.157.98 - - [17/Apr/2017:11:45:55 -0300] "POST /cormun/servlet/solicitudot?gx-no-cache=1492440420037 HTTP/1.1" 200 38
186.103.159.182 - - [17/Apr/2017:11:45:56 -0300] "GET /cormun/static/menuarrow.gif HTTP/1.1" 404 1015
186.103.158.250 - - [17/Apr/2017:11:46:05 -0300] "GET /cormun/servlet/hlogin HTTP/1.1" 200 1719
186.103.157.98 - - [17/Apr/2017:11:46:08 -0300] "GET /cormun/servlet/solicitudot?10e8f7d346709c6728f984f3f58719193fdb37f32fafb0b32ce51afd6bf61f3ab4344291cb6b259ca65481fd574ad63eefd7644fe4733b3d07aa690584b6b68c01d6f59b2529cf4388a984f0c8b229aee58f57ed519a8847a9d1035647cd38b137581eaabdc4556c62336ff7b64adc57cd1b1643238f9a6ecb77d54091984bcc1ce065f3a753fd76b4718b7a5e3213ec20b527f7ffb2abfe142b509598b6aa2b,gx-no-cache=1492440433298 HTTP/1.1" 200 29
186.103.157.98 - - [17/Apr/2017:11:46:08 -0300] "POST /cormun/servlet/solicitudot?gx-no-cache=1492440433332 HTTP/1.1" 200 1274
186.103.157.98 - - [17/Apr/2017:11:46:08 -0300] "POST /cormun/servlet/solicitudot?gx-no-cache=1492440433389 HTTP/1.1" 200 1158
192.168.10.13 - - [17/Apr/2017:11:46:14 -0300] "GET / HTTP/1.1" 200 11217
186.103.156.24 - - [17/Apr/2017:11:46:17 -0300] "POST /cormun/servlet/hlogin?e59c697921322b0cf0c418e67912e8d1,gx-no-cache=1492440444127 HTTP/1.1" 200 90
186.103.156.24 - - [17/Apr/2017:11:46:18 -0300] "GET /cormun/servlet/hpexe_link HTTP/1.1" 200 953
186.103.156.24 - - [17/Apr/2017:11:46:18 -0300] "GET /cormun/static/gxcfg.js?201731711483381 HTTP/1.1" 200 953
186.103.156.24 - - [17/Apr/2017:11:46:18 -0300] "GET /cormun/static/hpexe_link.js?201731711483384 HTTP/1.1" 200 625
186.103.156.24 - - [17/Apr/2017:11:46:19 -0300] "GET /cormun/servlet/hhome HTTP/1.1" 200 4001
186.103.156.24 - - [17/Apr/2017:11:46:19 -0300] "GET /cormun/static/SmoothNavMenu/resources/ddsmoothmenu.css?1012540 HTTP/1.1" 200 2223
186.103.156.24 - - [17/Apr/2017:11:46:19 -0300] "GET /cormun/static/SmoothNavMenu/resources/ddsmoothmenu-v.css?1012540 HTTP/1.1" 200 1188
186.103.156.24 - - [17/Apr/2017:11:46:19 -0300] "GET /cormun/static/gxcfg.js?201731711483497 HTTP/1.1" 200 953
186.103.156.24 - - [17/Apr/2017:11:46:19 -0300] "GET /cormun/static/scaMessage/css/jquery.pnotify.default.css?1716380 HTTP/1.1" 200 1707
186.103.156.24 - - [17/Apr/2017:11:46:19 -0300] "GET /cormun/static/PXToolsJavascripts/pexe_autoreload.js HTTP/1.1" 200 1762
186.103.156.24 - - [17/Apr/2017:11:46:19 -0300] "GET /cormun/static/Shared/jqueryui/jquery-ui.min.css?1245370 HTTP/1.1" 200 30288
186.103.156.24 - - [17/Apr/2017:11:46:19 -0300] "GET /cormun/static/PXToolsJavascripts/pexe_cookies.js HTTP/1.1" 200 792
186.103.156.24 - - [17/Apr/2017:11:46:19 -0300] "GET /cormun/static/PXToolsJavascripts/pexe_windows.js HTTP/1.1" 200 15207
186.103.156.24 - - [17/Apr/2017:11:46:19 -0300] "GET /cormun/static/PXToolsJavascripts/pexe_grid.js HTTP/1.1" 200 7559
