192.168.10.60 - - [13/Apr/2017:16:23:20 -0300] "GET /cormun/servlet/trautorizarot? HTTP/1.1" 200 22338
192.168.10.60 - - [13/Apr/2017:16:23:21 -0300] "GET /cormun/servlet/trautorizarot? HTTP/1.1" 200 22335
192.168.10.60 - - [13/Apr/2017:16:23:24 -0300] "GET /cormun/static/menuarrow.gif HTTP/1.1" 404 1015
192.168.10.60 - - [13/Apr/2017:16:23:32 -0300] "POST /cormun/servlet/trautorizarot?83de934390db87829bdc9167110a4173,,gx-no-cache=1492110633283 HTTP/1.1" 200 19817
192.168.10.13 - - [13/Apr/2017:16:23:43 -0300] "GET / HTTP/1.1" 200 11217
192.168.10.60 - - [13/Apr/2017:16:23:45 -0300] "POST /cormun/servlet/trautorizarot?83de934390db87829bdc9167110a4173,,gx-no-cache=1492110646817 HTTP/1.1" 200 17511
186.103.156.24 - - [13/Apr/2017:16:23:47 -0300] "POST /cormun/servlet/solicitudot?gx-no-cache=1492111566029 HTTP/1.1" 200 240
186.103.156.24 - - [13/Apr/2017:16:23:52 -0300] "GET /cormun/servlet/solicitudot?11d85d5e271a7a2cae8cb1a59e8649ddfa4c89e6c083d81329f6283bf55a3d3238043ba62f623d133317aa31e8650b5c2c20e659e1190b8b73b377a272f4cdc83e11846878081ddd2d7e04a81e2ee83303659661f412fcb68e4453f2b1e5522493434f5aabc704c49f363b5faf361d5d2ef8bfe0531f763da934ecdeb2d45f1f81a053e0d6fa566e13108c02ea73cc58fd42c1775bfef4575bcc69b86aea7c328abbac9774b7ed5b48b4384aa2deca234bd0bdbd423c0f7eb2bcb47f6b5d781f0bb631bf98f9a1d6ab0801cb9db20b25cfd611eb1f39949c83fc74b80d0dcf928447ee69ffa3be24ad4c1009c3dd21672d833469740ffdac78a4a130fe84adde936623e4f2aecaf468be82bca499a57d78bf50c3f749d7706d241c40ff791d0aee074d21e13b35961d7bc5043fca32b0a4832ecb11b22b546202b5b2d94105cee89b2290f7a03e72bbb4a038f8d08541fa1a25bba6dbfd2d793846c967338a32ef41db6265b7354d508f4f9146f7c43fc89b1242146264912567426a64fb917f,gx-no-cache=1492111571797 HTTP/1.1" 200 30
186.103.156.24 - - [13/Apr/2017:16:23:57 -0300] "POST /cormun/servlet/solicitudot?gx-no-cache=1492111577670 HTTP/1.1" 200 30
186.103.156.24 - - [13/Apr/2017:16:23:59 -0300] "GET /cormun/servlet/prfichaempleado?,MD,,gxPopupLevel%3D0%3B HTTP/1.1" 200 8819
192.168.10.60 - - [13/Apr/2017:16:24:00 -0300] "POST /cormun/servlet/trautorizarot?83de934390db87829bdc9167110a4173,,gx-no-cache=1492110661780 HTTP/1.1" 200 15680
192.168.10.60 - - [13/Apr/2017:16:24:11 -0300] "POST /cormun/servlet/trautorizarot?83de934390db87829bdc9167110a4173,,gx-no-cache=1492110672309 HTTP/1.1" 200 13922
186.79.194.25 - - [13/Apr/2017:16:24:13 -0300] "GET /cormun/servlet/hlogin HTTP/1.1" 200 1729
186.79.194.25 - - [13/Apr/2017:16:24:16 -0300] "POST /cormun/servlet/hlogin?82c9bd9defe5e0e458f38fc7a35b960d,gx-no-cache=1492111524266 HTTP/1.1" 200 90
186.79.194.25 - - [13/Apr/2017:16:24:16 -0300] "GET /cormun/servlet/hpexe_link HTTP/1.1" 200 957
186.79.194.25 - - [13/Apr/2017:16:24:16 -0300] "GET /cormun/servlet/hhome HTTP/1.1" 200 3760
186.103.156.24 - - [13/Apr/2017:16:24:17 -0300] "POST /cormun/servlet/prfichaempleado?77e52900689030a5fccbc6cb012a8144,,MD,,gxPopupLevel%3D0%3B,gx-no-cache=1492111596877 HTTP/1.1" 200 3400
186.79.194.25 - - [13/Apr/2017:16:24:17 -0300] "GET /cormun/servlet/hhome HTTP/1.1" 200 3757
192.168.10.60 - - [13/Apr/2017:16:24:20 -0300] "POST /cormun/servlet/trautorizarot?83de934390db87829bdc9167110a4173,,gx-no-cache=1492110681346 HTTP/1.1" 200 11736
186.79.194.25 - - [13/Apr/2017:16:24:21 -0300] "GET /cormun/servlet/trsolicitudot? HTTP/1.1" 200 8745
186.79.194.25 - - [13/Apr/2017:16:24:21 -0300] "GET /cormun/servlet/trsolicitudot? HTTP/1.1" 200 8744
186.103.156.24 - - [13/Apr/2017:16:24:23 -0300] "GET /cormun/servlet/prlicenciaspermisos?11365314,L,,MD,,gxPopupLevel%3D0%3B HTTP/1.1" 200 7856
186.79.194.25 - - [13/Apr/2017:16:24:25 -0300] "GET /cormun/servlet/solicitudot?INS,0,0, HTTP/1.1" 200 12568
186.79.194.25 - - [13/Apr/2017:16:24:26 -0300] "GET /cormun/servlet/solicitudot?INS,0,0, HTTP/1.1" 200 12573
186.103.156.24 - - [13/Apr/2017:16:24:28 -0300] "POST /cormun/servlet/solicitudot?gx-no-cache=1492111608212 HTTP/1.1" 200 1292
186.103.156.24 - - [13/Apr/2017:16:24:32 -0300] "POST /cormun/servlet/solicitudot?gx-no-cache=1492111613804 HTTP/1.1" 200 41
192.168.10.60 - - [13/Apr/2017:16:24:35 -0300] "POST /cormun/servlet/trautorizarot?83de934390db87829bdc9167110a4173,,gx-no-cache=1492110696814 HTTP/1.1" 200 7910
186.79.194.25 - - [13/Apr/2017:16:24:38 -0300] "POST /cormun/servlet/solicitudot?gx-no-cache=1492111546284 HTTP/1.1" 200 3081
186.79.194.25 - - [13/Apr/2017:16:24:41 -0300] "POST /cormun/servlet/solicitudot?82c9bd9defe5e0e458f38fc7a35b960d,INS,0,0,,gx-no-cache=1492111547080 HTTP/1.1" 200 9683
192.168.10.13 - - [13/Apr/2017:16:24:43 -0300] "GET / HTTP/1.1" 200 11217
192.168.10.60 - - [13/Apr/2017:16:24:46 -0300] "POST /cormun/servlet/trautorizarot?83de934390db87829bdc9167110a4173,,gx-no-cache=1492110707701 HTTP/1.1" 200 5192
186.79.194.25 - - [13/Apr/2017:16:25:00 -0300] "POST /cormun/servlet/solicitudot?gx-no-cache=1492111567369 HTTP/1.1" 200 3185
186.79.194.25 - - [13/Apr/2017:16:25:01 -0300] "POST /cormun/servlet/solicitudot?82c9bd9defe5e0e458f38fc7a35b960d,INS,0,0,,gx-no-cache=1492111568685 HTTP/1.1" 200 9844
186.79.194.25 - - [13/Apr/2017:16:25:09 -0300] "GET /cormun/servlet/solicitudot?77e28457fc29b04b47d92af9953fc440cc542720fe8d6eb16c9ae19fe275d9df591899ef4ffa20135fe1acfc635ea687,gx-no-cache=1492111576967 HTTP/1.1" 200 30
186.79.194.25 - - [13/Apr/2017:16:25:09 -0300] "POST /cormun/servlet/solicitudot?gx-no-cache=1492111577444 HTTP/1.1" 200 255
186.79.194.25 - - [13/Apr/2017:16:25:09 -0300] "GET /cormun/servlet/solicitudot?77e28457fc29b04b47d92af9953fc4402fc58cd2d1b62e50fd7b9a50e7e5d6e2163913f11e322b08fdbfdd401cb664ecd2653e67ab15075c334346afc58824378e21d794c385c593dac19e8dd298c6a244bb078e5952424b2b7dc589b8f18200385d837854f38926a70bf87fe9bd99662ac56a7371f931e96eb6741e5c03d5faf8776e032ba0d6fd58a62148d5a1e198284110d1ca6d2793f3a41145ddd3933d815ed62ea4bf2d3ceb80dc9b0ebc7af4eea41ad484247a3c769c46752328432e125b6a19fe486865993411ac76886a282f6c8d7e5ceb3f252c4644208645d2a87f96c0977e4cf12b5663823a9d96973582557ea3a95eecf3353ab5ea07942f1f7087b2198ca23fd3f5a12f9152788eaabf5f78aeec9a9280b1bd44f8be2013ec3f2f3bbe939f46983bc85b3335ce3b6e15001c20670c42fb495956d06aba1965f8a644b686f9f9e141a8b33f60b154305b84b81c3a6ee0bb88aba8528faa9b2fcf877a2e2bba9c60c4d4d392368c0a58ed655dd87986e1f99a757b0ca3c13187,gx-no-cache=1492111577593 HTTP/1.1" 200 30
186.79.194.25 - - [13/Apr/2017:16:25:15 -0300] "POST /cormun/servlet/solicitudot?gx-no-cache=1492111583015 HTTP/1.1" 200 30
186.79.194.25 - - [13/Apr/2017:16:25:38 -0300] "POST /cormun/servlet/solicitudot?gx-no-cache=1492111606371 HTTP/1.1" 200 1291
186.79.194.25 - - [13/Apr/2017:16:25:38 -0300] "POST /cormun/servlet/solicitudot?gx-no-cache=1492111606886 HTTP/1.1" 200 38
192.168.10.13 - - [13/Apr/2017:16:25:43 -0300] "GET / HTTP/1.1" 200 11217
186.103.156.24 - - [13/Apr/2017:16:25:48 -0300] "GET /cormun/servlet/solicitudot?11d85d5e271a7a2cae8cb1a59e8649ddc12e181ffcc1b3d6b0412d8f1a328797f622387d93da786cf2d92f5300900598c26b1ad9d5ff48c2b9a6aacaedc64fe8ad92a959c57896d083aa5064e8c3b123cc2414d31335d126b8a0c7b6daf852cc6a1a560ed017d58d393e8d999354f46f,gx-no-cache=1492111697462 HTTP/1.1" 200 29
186.103.156.24 - - [13/Apr/2017:16:25:48 -0300] "POST /cormun/servlet/solicitudot?gx-no-cache=1492111697609 HTTP/1.1" 200 1275
186.103.156.24 - - [13/Apr/2017:16:25:48 -0300] "POST /cormun/servlet/solicitudot?gx-no-cache=1492111697816 HTTP/1.1" 200 1157
186.79.194.25 - - [13/Apr/2017:16:26:03 -0300] "GET /cormun/servlet/solicitudot?77e28457fc29b04b47d92af9953fc4406cc1e138b3f380f51d11d4732af222d94b1333bddfea7f8ee0f59810d500fa35045c61bd8cd7c1002afe7599a506536d4846c4227bc77d0f4cf0e967c294f89df238fbf57aacc7b67b4263276c4eab47482c80884baf53a2c281f3ab5e0b608f30bc3d83b65a70be6875c61087e18d64bf4282a05a164dc032a98e6e8086c8a36b373c4b7b195242e53d84b52449a313,gx-no-cache=1492111629819 HTTP/1.1" 200 29
186.103.156.24 - - [13/Apr/2017:16:26:06 -0300] "POST /cormun/servlet/solicitudot?gx-no-cache=1492111718028 HTTP/1.1" 200 1275
186.103.156.24 - - [13/Apr/2017:16:26:06 -0300] "POST /cormun/servlet/solicitudot?gx-no-cache=1492111718139 HTTP/1.1" 200 1157
186.103.156.24 - - [13/Apr/2017:16:26:07 -0300] "GET /cormun/static/menuarrow.gif HTTP/1.1" 404 1015
186.79.194.25 - - [13/Apr/2017:16:26:08 -0300] "POST /cormun/servlet/solicitudot?gx-no-cache=1492111636195 HTTP/1.1" 200 1273
186.79.194.25 - - [13/Apr/2017:16:26:09 -0300] "POST /cormun/servlet/solicitudot?gx-no-cache=1492111636961 HTTP/1.1" 200 1157
186.103.156.24 - - [13/Apr/2017:16:26:10 -0300] "POST /cormun/servlet/solicitudot?gx-no-cache=1492111721909 HTTP/1.1" 200 1275
186.103.156.24 - - [13/Apr/2017:16:26:10 -0300] "POST /cormun/servlet/solicitudot?gx-no-cache=1492111722498 HTTP/1.1" 200 1157
186.103.156.24 - - [13/Apr/2017:16:26:28 -0300] "GET /cormun/servlet/solicitudot?11d85d5e271a7a2cae8cb1a59e8649dd7a05cd17d3130358cf54c397b11dc9ab4c27e85b18437f7b6b28b5698bfb3db03a98b0f64738eb356129164bf1ff8a7938cf0157c1b69dd0b7be5c1d0882dbe53d1b9b156fc66f0409887dcf927d026f9af20026b63c3a08358b52d1f062fed0ea2b3f3658b0fb5ca675d50c923337a7211952f372f228dab77139321a3def41cf5bcdf9031700ab416bc702c18bde62d29c5107005750892188af3a5b7f8d8b026ecf926511e29b9759f6b96e359487,gx-no-cache=1492111742120 HTTP/1.1" 200 30
186.79.194.25 - - [13/Apr/2017:16:26:32 -0300] "GET /cormun/servlet/solicitudot?77e28457fc29b04b47d92af9953fc440ee6749bde0bc94f211a33f16f9a0f15def1d26c7c502c9d279b3bbcb68cdf0816a0a31c7df77f9c32c7622e9d0f3f5e1914a3140542291a0e792b029834bcaf2218f7f3dc3ad49b30a94bd00ccce3f198750581929620dd7858a5096b5ae739ddf505f90b0ef6f2ab4ffeae250f19d2014a4bf609d06f266edaf90779792d76cea9fea39105879b565683154940698e917633065667231a83b3137136aeb9012,gx-no-cache=1492111659976 HTTP/1.1" 200 30
192.168.10.13 - - [13/Apr/2017:16:26:43 -0300] "GET / HTTP/1.1" 200 11217
186.79.194.25 - - [13/Apr/2017:16:26:44 -0300] "GET /cormun/servlet/solicitudot?77e28457fc29b04b47d92af9953fc440ee6749bde0bc94f211a33f16f9a0f15def1d26c7c502c9d279b3bbcb68cdf0816a0a31c7df77f9c32c7622e9d0f3f5e1914a3140542291a0e792b029834bcaf2218f7f3dc3ad49b30a94bd00ccce3f198750581929620dd7858a5096b5ae739ddf505f90b0ef6f2ab4ffeae250f19d2014a4bf609d06f266edaf90779792d76cea9fea39105879b565683154940698e917633065667231a83b3137136aeb9012,gx-no-cache=1492111672618 HTTP/1.1" 200 30
186.103.156.24 - - [13/Apr/2017:16:26:57 -0300] "POST /cormun/servlet/solicitudot?77e52900689030a5fccbc6cb012a8144,INS,0,0,,gx-no-cache=1492111774278 HTTP/1.1" 200 93
186.103.156.24 - - [13/Apr/2017:16:26:57 -0300] "GET /cormun/servlet/hpexe_return? HTTP/1.1" 200 1001
186.103.156.24 - - [13/Apr/2017:16:26:58 -0300] "GET /cormun/servlet/trsolicitudot HTTP/1.1" 200 8281
186.103.156.24 - - [13/Apr/2017:16:26:59 -0300] "GET /cormun/servlet/trsolicitudot HTTP/1.1" 200 8277
186.103.156.24 - - [13/Apr/2017:16:27:03 -0300] "POST /cormun/servlet/trsolicitudot?77e52900689030a5fccbc6cb012a8144,gx-no-cache=1492111779528 HTTP/1.1" 200 5714
186.103.156.24 - - [13/Apr/2017:16:27:03 -0300] "GET /cormun/static/Shared/jqueryui/images/ui-bg_highlight-soft_100_c6c2c8_1x100.png HTTP/1.1" 404 1117
186.103.156.24 - - [13/Apr/2017:16:27:04 -0300] "GET /cormun/static/Shared/jqueryui/images/ui-icons_82798d_256x240.png HTTP/1.1" 404 1089
186.103.156.24 - - [13/Apr/2017:16:27:04 -0300] "GET /cormun/static/Shared/jqueryui/images/ui-bg_flat_55_fafafa_40x100.png HTTP/1.1" 404 1097
186.103.156.24 - - [13/Apr/2017:16:27:04 -0300] "GET /cormun/static/Shared/jqueryui/images/ui-icons_8d78a5_256x240.png HTTP/1.1" 404 1089
192.168.10.13 - - [13/Apr/2017:16:27:43 -0300] "GET / HTTP/1.1" 200 11217
186.79.194.25 - - [13/Apr/2017:16:28:24 -0300] "POST /cormun/servlet/solicitudot?gx-no-cache=1492111771750 HTTP/1.1" 200 1290
186.79.194.25 - - [13/Apr/2017:16:28:24 -0300] "POST /cormun/servlet/solicitudot?gx-no-cache=1492111772520 HTTP/1.1" 200 41
186.79.194.25 - - [13/Apr/2017:16:28:24 -0300] "POST /cormun/servlet/solicitudot?gx-no-cache=1492111772647 HTTP/1.1" 200 1273
186.79.194.25 - - [13/Apr/2017:16:28:25 -0300] "POST /cormun/servlet/solicitudot?gx-no-cache=1492111772920 HTTP/1.1" 200 1157
186.79.194.25 - - [13/Apr/2017:16:28:25 -0300] "GET /cormun/servlet/solicitudot?77e28457fc29b04b47d92af9953fc440ee6749bde0bc94f211a33f16f9a0f15db07e33f36d044ee24da38b31a55c68706a0a31c7df77f9c32c7622e9d0f3f5e1914a3140542291a0e792b029834bcaf2218f7f3dc3ad49b30a94bd00ccce3f198750581929620dd7858a5096b5ae739ddf505f90b0ef6f2ab4ffeae250f19d2014a4bf609d06f266edaf90779792d76cea9fea39105879b565683154940698e917633065667231a83b3137136aeb9012,gx-no-cache=1492111773513 HTTP/1.1" 200 30
186.79.194.25 - - [13/Apr/2017:16:28:26 -0300] "POST /cormun/servlet/solicitudot?82c9bd9defe5e0e458f38fc7a35b960d,INS,0,0,,gx-no-cache=1492111773642 HTTP/1.1" 200 11215
186.79.194.25 - - [13/Apr/2017:16:28:26 -0300] "GET /cormun/static/Shared/jqueryui/images/ui-bg_highlight-soft_100_c6c2c8_1x100.png HTTP/1.1" 404 1117
186.79.194.25 - - [13/Apr/2017:16:28:26 -0300] "GET /cormun/static/Shared/jqueryui/images/ui-icons_82798d_256x240.png HTTP/1.1" 404 1089
186.79.194.25 - - [13/Apr/2017:16:28:26 -0300] "GET /cormun/static/Shared/jqueryui/images/ui-bg_flat_55_994d53_40x100.png HTTP/1.1" 404 1097
186.79.194.25 - - [13/Apr/2017:16:28:26 -0300] "GET /cormun/static/Shared/jqueryui/images/ui-icons_ebccce_256x240.png HTTP/1.1" 404 1089
192.168.10.13 - - [13/Apr/2017:16:28:43 -0300] "GET / HTTP/1.1" 200 11217
186.79.194.25 - - [13/Apr/2017:16:28:48 -0300] "POST /cormun/servlet/solicitudot?gx-no-cache=1492111796652 HTTP/1.1" 200 30
186.79.194.25 - - [13/Apr/2017:16:29:04 -0300] "POST /cormun/servlet/solicitudot?gx-no-cache=1492111811891 HTTP/1.1" 200 1290
186.79.194.25 - - [13/Apr/2017:16:29:04 -0300] "POST /cormun/servlet/solicitudot?gx-no-cache=1492111812314 HTTP/1.1" 200 41
186.79.194.25 - - [13/Apr/2017:16:29:04 -0300] "POST /cormun/servlet/solicitudot?gx-no-cache=1492111812457 HTTP/1.1" 200 1273
186.79.194.25 - - [13/Apr/2017:16:29:05 -0300] "POST /cormun/servlet/solicitudot?gx-no-cache=1492111812684 HTTP/1.1" 200 1157
186.79.194.25 - - [13/Apr/2017:16:29:05 -0300] "GET /cormun/servlet/solicitudot?77e28457fc29b04b47d92af9953fc440ee6749bde0bc94f211a33f16f9a0f15d5b97f3791c0223406932984e9f03a9a19855889b8ef15d67bc36e687a3beb5371d7bafa0066407e2936a887dea55f1ec9bef600b1e694782e6ee9d44134859b61e5b9d313e1efc25b67c782027e8c05ff6fc4105443f9f6ccfe11ba8fa72740b284376d5d348926d54fa59c37527cd79a7d875172eb5b7040a47ecc1c2602db6e7c1a52cc2018b69f7a47713a409cee3,gx-no-cache=1492111813454 HTTP/1.1" 200 30
186.79.194.25 - - [13/Apr/2017:16:29:06 -0300] "POST /cormun/servlet/solicitudot?82c9bd9defe5e0e458f38fc7a35b960d,INS,0,0,,gx-no-cache=1492111813902 HTTP/1.1" 200 11236
186.79.194.25 - - [13/Apr/2017:16:29:33 -0300] "GET /cormun/servlet/solicitudot?77e28457fc29b04b47d92af9953fc440ee6749bde0bc94f211a33f16f9a0f15d5b97f3791c0223406932984e9f03a9a19855889b8ef15d67bc36e687a3beb5371d7bafa0066407e2936a887dea55f1ec9bef600b1e694782e6ee9d44134859b61e5b9d313e1efc25b67c782027e8c05ff6fc4105443f9f6ccfe11ba8fa72740b284376d5d348926d54fa59c37527cd79a7d875172eb5b7040a47ecc1c2602db6e7c1a52cc2018b69f7a47713a409cee3,gx-no-cache=1492111841283 HTTP/1.1" 200 30
186.79.194.25 - - [13/Apr/2017:16:29:34 -0300] "POST /cormun/servlet/solicitudot?82c9bd9defe5e0e458f38fc7a35b960d,INS,0,0,,gx-no-cache=1492111841490 HTTP/1.1" 200 11278
186.79.194.25 - - [13/Apr/2017:16:29:40 -0300] "GET /cormun/static/menuarrow.gif HTTP/1.1" 404 1015
192.168.10.13 - - [13/Apr/2017:16:29:43 -0300] "GET / HTTP/1.1" 200 11217
186.79.194.25 - - [13/Apr/2017:16:30:40 -0300] "GET /cormun/servlet/solicitudot?77e28457fc29b04b47d92af9953fc440ee6749bde0bc94f211a33f16f9a0f15d5b97f3791c0223406932984e9f03a9a19855889b8ef15d67bc36e687a3beb5371d7bafa0066407e2936a887dea55f1ec9bef600b1e694782e6ee9d44134859b61e5b9d313e1efc25b67c782027e8c05ff6fc4105443f9f6ccfe11ba8fa72740b284376d5d348926d54fa59c37527cd79a7d875172eb5b7040a47ecc1c2602db6e7c1a52cc2018b69f7a47713a409cee3,gx-no-cache=1492111908651 HTTP/1.1" 200 30
186.79.194.25 - - [13/Apr/2017:16:30:42 -0300] "POST /cormun/servlet/solicitudot?82c9bd9defe5e0e458f38fc7a35b960d,INS,0,0,,gx-no-cache=1492111909149 HTTP/1.1" 200 11318
192.168.10.13 - - [13/Apr/2017:16:30:43 -0300] "GET / HTTP/1.1" 200 11217
186.79.194.25 - - [13/Apr/2017:16:31:23 -0300] "GET /cormun/servlet/solicitudot?77e28457fc29b04b47d92af9953fc440ee6749bde0bc94f211a33f16f9a0f15d5b97f3791c0223406932984e9f03a9a19855889b8ef15d67bc36e687a3beb5371d7bafa0066407e2936a887dea55f1ec9bef600b1e694782e6ee9d44134859b61e5b9d313e1efc25b67c782027e8c05ff6fc4105443f9f6ccfe11ba8fa72740b284376d5d348926d54fa59c37527cd79a7d875172eb5b7040a47ecc1c2602db6e7c1a52cc2018b69f7a47713a409cee3,gx-no-cache=1492111951021 HTTP/1.1" 200 30
186.79.194.25 - - [13/Apr/2017:16:31:24 -0300] "POST /cormun/servlet/solicitudot?82c9bd9defe5e0e458f38fc7a35b960d,INS,0,0,,gx-no-cache=1492111951230 HTTP/1.1" 200 11380
192.168.10.13 - - [13/Apr/2017:16:31:43 -0300] "GET / HTTP/1.1" 200 11217
186.79.194.25 - - [13/Apr/2017:16:32:00 -0300] "GET /cormun/servlet/solicitudot?77e28457fc29b04b47d92af9953fc440ee6749bde0bc94f211a33f16f9a0f15d5b97f3791c0223406932984e9f03a9a19855889b8ef15d67bc36e687a3beb5371d7bafa0066407e2936a887dea55f1ec9bef600b1e694782e6ee9d44134859b61e5b9d313e1efc25b67c782027e8c05ff6fc4105443f9f6ccfe11ba8fa72740b284376d5d348926d54fa59c37527cd79a7d875172eb5b7040a47ecc1c2602db6e7c1a52cc2018b69f7a47713a409cee3,gx-no-cache=1492111988169 HTTP/1.1" 200 30
186.79.194.25 - - [13/Apr/2017:16:32:02 -0300] "POST /cormun/servlet/solicitudot?82c9bd9defe5e0e458f38fc7a35b960d,INS,0,0,,gx-no-cache=1492111988381 HTTP/1.1" 200 11449
192.168.10.13 - - [13/Apr/2017:16:32:42 -0300] "GET / HTTP/1.1" 200 11217
192.168.10.13 - - [13/Apr/2017:16:33:43 -0300] "GET / HTTP/1.1" 200 11217
186.79.194.25 - - [13/Apr/2017:16:33:59 -0300] "GET /cormun/servlet/solicitudot?77e28457fc29b04b47d92af9953fc440ee6749bde0bc94f211a33f16f9a0f15d5b97f3791c0223406932984e9f03a9a19855889b8ef15d67bc36e687a3beb5371d7bafa0066407e2936a887dea55f1ec9bef600b1e694782e6ee9d44134859b61e5b9d313e1efc25b67c782027e8c05ff6fc4105443f9f6ccfe11ba8fa72740b284376d5d348926d54fa59c37527cd79a7d875172eb5b7040a47ecc1c2602db6e7c1a52cc2018b69f7a47713a409cee3,gx-no-cache=1492112104962 HTTP/1.1" 200 30
186.79.194.25 - - [13/Apr/2017:16:34:01 -0300] "POST /cormun/servlet/solicitudot?82c9bd9defe5e0e458f38fc7a35b960d,INS,0,0,,gx-no-cache=1492112107237 HTTP/1.1" 200 11499
186.103.159.230 - - [13/Apr/2017:16:34:19 -0300] "GET /cormun/servlet/hlogin HTTP/1.1" 200 1717
186.103.159.230 - - [13/Apr/2017:16:34:39 -0300] "POST /cormun/servlet/hlogin?2915d8784de67f9c66d6c40e0e2a93dd,gx-no-cache=1492112140635 HTTP/1.1" 200 90
186.103.159.230 - - [13/Apr/2017:16:34:39 -0300] "GET /cormun/servlet/hpexe_link HTTP/1.1" 200 946
186.103.159.230 - - [13/Apr/2017:16:34:40 -0300] "GET /cormun/servlet/hhome HTTP/1.1" 200 3964
186.103.159.230 - - [13/Apr/2017:16:34:40 -0300] "GET /cormun/static/gxcfg.js?201731711483497 HTTP/1.1" 304 -
186.103.159.230 - - [13/Apr/2017:16:34:40 -0300] "GET /cormun/servlet/hhome HTTP/1.1" 200 3961
192.168.10.13 - - [13/Apr/2017:16:34:43 -0300] "GET / HTTP/1.1" 200 11217
186.103.159.230 - - [13/Apr/2017:16:34:44 -0300] "GET /cormun/servlet/trsolicitudot? HTTP/1.1" 200 6937
186.103.159.230 - - [13/Apr/2017:16:34:44 -0300] "GET /cormun/static/gxcfg.js?201731711505139 HTTP/1.1" 304 -
186.103.159.230 - - [13/Apr/2017:16:34:44 -0300] "GET /cormun/servlet/trsolicitudot? HTTP/1.1" 200 6936
186.103.159.230 - - [13/Apr/2017:16:34:48 -0300] "GET /cormun/servlet/solicitudot?INS,0,0, HTTP/1.1" 200 12771
186.103.159.230 - - [13/Apr/2017:16:34:48 -0300] "GET /cormun/static/gxcfg.js?20171191042720 HTTP/1.1" 304 -
186.103.159.230 - - [13/Apr/2017:16:34:49 -0300] "GET /cormun/servlet/solicitudot?INS,0,0, HTTP/1.1" 200 12776
186.103.159.230 - - [13/Apr/2017:16:35:13 -0300] "POST /cormun/servlet/solicitudot?gx-no-cache=1492112173640 HTTP/1.1" 200 3170
186.79.194.25 - - [13/Apr/2017:16:35:13 -0300] "GET /cormun/servlet/solicitudot?77e28457fc29b04b47d92af9953fc440ee6749bde0bc94f211a33f16f9a0f15d5b97f3791c0223406932984e9f03a9a19855889b8ef15d67bc36e687a3beb5371d7bafa0066407e2936a887dea55f1ec9bef600b1e694782e6ee9d44134859b61e5b9d313e1efc25b67c782027e8c05ff6fc4105443f9f6ccfe11ba8fa72740b284376d5d348926d54fa59c37527cd79a7d875172eb5b7040a47ecc1c2602db6235641b099686effbccf4a9f000cc800,gx-no-cache=1492112181284 HTTP/1.1" 200 30
186.103.159.230 - - [13/Apr/2017:16:35:13 -0300] "POST /cormun/servlet/solicitudot?2915d8784de67f9c66d6c40e0e2a93dd,INS,0,0,,gx-no-cache=1492112174653 HTTP/1.1" 200 9913
192.168.10.13 - - [13/Apr/2017:16:35:43 -0300] "GET / HTTP/1.1" 200 11217
186.103.159.230 - - [13/Apr/2017:16:35:54 -0300] "POST /cormun/servlet/solicitudot?2915d8784de67f9c66d6c40e0e2a93dd,INS,0,0,,gx-no-cache=1492112206861 HTTP/1.1" 200 93
186.103.159.230 - - [13/Apr/2017:16:35:54 -0300] "GET /cormun/servlet/hpexe_return? HTTP/1.1" 200 1000
186.103.159.230 - - [13/Apr/2017:16:35:54 -0300] "GET /cormun/static/gxcfg.js?2016101716175148 HTTP/1.1" 304 -
186.103.159.230 - - [13/Apr/2017:16:35:55 -0300] "GET /cormun/servlet/trsolicitudot HTTP/1.1" 200 6940
186.103.159.230 - - [13/Apr/2017:16:35:55 -0300] "GET /cormun/servlet/trsolicitudot HTTP/1.1" 200 6936
192.168.10.13 - - [13/Apr/2017:16:36:43 -0300] "GET / HTTP/1.1" 200 11217
186.103.156.24 - - [13/Apr/2017:16:37:13 -0300] "GET /cormun/servlet/hlogin HTTP/1.1" 200 1728
186.103.156.24 - - [13/Apr/2017:16:37:14 -0300] "GET /cormun/static/gxcfg.js?201741110203197 HTTP/1.1" 200 953
186.103.156.24 - - [13/Apr/2017:16:37:14 -0300] "GET /cormun/static/gxtimezone.js?85251 HTTP/1.1" 200 5781
186.103.156.24 - - [13/Apr/2017:16:37:14 -0300] "GET /cormun/static/Resources/Spanish/PXTools.css?11294912 HTTP/1.1" 200 89042
186.103.156.24 - - [13/Apr/2017:16:37:14 -0300] "GET /cormun/static/messages.spa.js?85251 HTTP/1.1" 200 30736
186.103.156.24 - - [13/Apr/2017:16:37:14 -0300] "GET /cormun/static/gxgral.js?85251 HTTP/1.1" 200 384558
186.103.156.24 - - [13/Apr/2017:16:37:14 -0300] "GET /cormun/static/hlogin.js?201741110203211 HTTP/1.1" 200 2136
186.103.156.24 - - [13/Apr/2017:16:37:15 -0300] "GET /cormun/static/Resources/PXToolsLoginBackground.png HTTP/1.1" 200 1164
186.103.156.24 - - [13/Apr/2017:16:37:15 -0300] "GET /cormun/servlet/hlogin HTTP/1.1" 200 1737
186.103.156.24 - - [13/Apr/2017:16:37:15 -0300] "GET /cormun/static/Resources/PXToolsLoginBottom.png HTTP/1.1" 200 1389
186.103.156.24 - - [13/Apr/2017:16:37:15 -0300] "GET /cormun/static/Resources/PXToolsButtonRight21.png HTTP/1.1" 200 1283
186.103.156.24 - - [13/Apr/2017:16:37:15 -0300] "GET /cormun/static/Resources/PXToolsLoginTop.png HTTP/1.1" 200 1337
186.103.156.24 - - [13/Apr/2017:16:37:15 -0300] "GET /cormun/static/Resources/PXToolsButtonLeft21.png HTTP/1.1" 200 1287
186.103.156.24 - - [13/Apr/2017:16:37:15 -0300] "GET /cormun/static/Resources/PXToolsLoginTop.png HTTP/1.1" 200 1337
186.103.156.24 - - [13/Apr/2017:16:37:15 -0300] "GET /cormun/static/Resources/PXToolsButtonLeft21.png HTTP/1.1" 200 1287
186.103.156.24 - - [13/Apr/2017:16:37:15 -0300] "GET /cormun/static/Resources/PXToolsButtonRight21.png HTTP/1.1" 200 1283
186.103.156.24 - - [13/Apr/2017:16:37:15 -0300] "GET /cormun/static/Resources/PXToolsButtonBackground2.png HTTP/1.1" 200 1181
186.103.156.24 - - [13/Apr/2017:16:37:15 -0300] "GET /cormun/static/Resources/PXToolsLoginBottom.png HTTP/1.1" 200 1389
186.103.156.24 - - [13/Apr/2017:16:37:15 -0300] "GET /cormun/static/Resources/indicator.gif HTTP/1.1" 200 1553
186.103.156.24 - - [13/Apr/2017:16:37:15 -0300] "GET /cormun/static/Resources/ComunLogin.png HTTP/1.1" 200 17326
186.103.156.24 - - [13/Apr/2017:16:37:17 -0300] "GET /cormun/static/Resources/ComunLogin.png HTTP/1.1" 200 17326
186.103.159.230 - - [13/Apr/2017:16:37:24 -0300] "GET /cormun/servlet/hlogin HTTP/1.1" 200 1716
186.103.156.24 - - [13/Apr/2017:16:37:29 -0300] "POST /cormun/servlet/hlogin?2ae15a5e509b76da37425fbda8293660,gx-no-cache=1492112336387 HTTP/1.1" 200 90
186.103.156.24 - - [13/Apr/2017:16:37:30 -0300] "GET /cormun/servlet/hpexe_link HTTP/1.1" 200 956
186.103.156.24 - - [13/Apr/2017:16:37:30 -0300] "GET /cormun/static/hpexe_link.js?201731711483384 HTTP/1.1" 200 625
186.103.156.24 - - [13/Apr/2017:16:37:32 -0300] "GET /cormun/static/gxcfg.js?201731711483381 HTTP/1.1" 200 953
186.103.156.24 - - [13/Apr/2017:16:37:33 -0300] "GET /cormun/servlet/hhome HTTP/1.1" 200 4003
186.103.156.24 - - [13/Apr/2017:16:37:33 -0300] "GET /cormun/static/SmoothNavMenu/resources/ddsmoothmenu.css?1012540 HTTP/1.1" 200 2223
186.103.156.24 - - [13/Apr/2017:16:37:33 -0300] "GET /cormun/static/SmoothNavMenu/resources/ddsmoothmenu-v.css?1012540 HTTP/1.1" 200 1188
186.103.156.24 - - [13/Apr/2017:16:37:33 -0300] "GET /cormun/static/scaMessage/css/jquery.pnotify.default.css?1716380 HTTP/1.1" 200 1707
186.103.156.24 - - [13/Apr/2017:16:37:33 -0300] "GET /cormun/static/PXToolsJavascripts/pexe_autoreload.js HTTP/1.1" 200 1762
186.103.156.24 - - [13/Apr/2017:16:37:33 -0300] "GET /cormun/static/Shared/jqueryui/jquery-ui.min.css?1245370 HTTP/1.1" 200 30288
186.103.156.24 - - [13/Apr/2017:16:37:33 -0300] "GET /cormun/static/PXToolsJavascripts/pexe_cookies.js HTTP/1.1" 200 792
186.103.156.24 - - [13/Apr/2017:16:37:33 -0300] "GET /cormun/static/PXToolsJavascripts/pexe_windows.js HTTP/1.1" 200 15207
186.103.156.24 - - [13/Apr/2017:16:37:33 -0300] "GET /cormun/static/PXToolsJavascripts/pexe_grid.js HTTP/1.1" 200 7559
186.103.156.24 - - [13/Apr/2017:16:37:33 -0300] "GET /cormun/static/PXToolsJavascripts/pexe_griddivfix.js HTTP/1.1" 200 6644
186.103.156.24 - - [13/Apr/2017:16:37:33 -0300] "GET /cormun/static/PXToolsJavascripts/pexe_link.js HTTP/1.1" 200 5671
186.103.156.24 - - [13/Apr/2017:16:37:33 -0300] "GET /cormun/static/PXToolsJavascripts/pexe_menudivfix.js HTTP/1.1" 200 333
186.103.156.24 - - [13/Apr/2017:16:37:33 -0300] "GET /cormun/static/PXToolsJavascripts/pexe_menus.js HTTP/1.1" 200 1286
186.103.156.24 - - [13/Apr/2017:16:37:33 -0300] "GET /cormun/static/PXToolsJavascripts/pexe_layers.js HTTP/1.1" 200 4114
186.103.156.24 - - [13/Apr/2017:16:37:33 -0300] "GET /cormun/static/PXToolsJavascripts/pexe_oav.js HTTP/1.1" 200 645
186.103.156.24 - - [13/Apr/2017:16:37:33 -0300] "GET /cormun/static/PXToolsJavascripts/pexe_picture.js HTTP/1.1" 200 689
186.103.156.24 - - [13/Apr/2017:16:37:33 -0300] "GET /cormun/static/PXToolsJavascripts/pexe_scrolldiv.js HTTP/1.1" 200 4138
186.103.156.24 - - [13/Apr/2017:16:37:33 -0300] "GET /cormun/static/PXToolsJavascripts/pexe_popup.js HTTP/1.1" 200 13458
186.103.156.24 - - [13/Apr/2017:16:37:33 -0300] "GET /cormun/static/PXToolsJavascripts/pexe_tabdivfix.js HTTP/1.1" 200 876
186.103.156.24 - - [13/Apr/2017:16:37:34 -0300] "GET /cormun/static/PXToolsJavascripts/pexe_tabs.js HTTP/1.1" 200 3748
186.103.156.24 - - [13/Apr/2017:16:37:34 -0300] "GET /cormun/static/PXToolsJavascripts/pexe_upload.js HTTP/1.1" 200 1423
186.103.156.24 - - [13/Apr/2017:16:37:34 -0300] "GET /cormun/static/PXToolsJavascripts/pexe_oavdivfix.js HTTP/1.1" 200 639
186.103.156.24 - - [13/Apr/2017:16:37:34 -0300] "GET /cormun/static/gxcfg.js?201731711483497 HTTP/1.1" 200 953
186.103.156.24 - - [13/Apr/2017:16:37:34 -0300] "GET /cormun/static/RunJS/RunJS.js HTTP/1.1" 200 288
186.103.156.24 - - [13/Apr/2017:16:37:35 -0300] "GET /cormun/static/PXToolsJavascripts/PXToolsJavascriptsRender.js HTTP/1.1" 200 367
186.103.156.24 - - [13/Apr/2017:16:37:35 -0300] "GET /cormun/static/hhome.js?20173171148352 HTTP/1.1" 200 777
186.103.156.24 - - [13/Apr/2017:16:37:35 -0300] "GET /cormun/static/hwchdr01.js?201731711335950 HTTP/1.1" 200 1183
186.103.156.24 - - [13/Apr/2017:16:37:35 -0300] "GET /cormun/static/Shared/ext/locale/ext-lang-en.js HTTP/1.1" 200 10940
186.103.156.24 - - [13/Apr/2017:16:37:35 -0300] "GET /cormun/static/Resources/PXToolsHeaderActionsLeft.png HTTP/1.1" 200 1118
186.103.156.24 - - [13/Apr/2017:16:37:35 -0300] "GET /cormun/static/Resources/PXToolsFooterBackground2.png HTTP/1.1" 200 1172
186.103.156.24 - - [13/Apr/2017:16:37:35 -0300] "GET /cormun/static/gxui/gxui-all.js HTTP/1.1" 200 107772
186.103.156.24 - - [13/Apr/2017:16:37:35 -0300] "GET /cormun/static/Resources/logo4.png HTTP/1.1" 200 6582
186.103.156.24 - - [13/Apr/2017:16:37:35 -0300] "GET /cormun/static/Resources/PXToolsHeaderLogin.png HTTP/1.1" 200 4279
186.103.156.24 - - [13/Apr/2017:16:37:35 -0300] "GET /cormun/static/Shared/ext/ext-all.js HTTP/1.1" 200 1289687
186.103.156.24 - - [13/Apr/2017:16:37:35 -0300] "GET /cormun/static/Resources/PXToolsHeaderActionsBackground.png HTTP/1.1" 200 484
186.103.156.24 - - [13/Apr/2017:16:37:35 -0300] "GET /cormun/static/Resources/PXToolsHeaderBackground2.png HTTP/1.1" 200 1174
186.103.156.24 - - [13/Apr/2017:16:37:35 -0300] "GET /cormun/static/Resources/PXToolsHeaderSecurity.png HTTP/1.1" 200 4166
186.103.156.24 - - [13/Apr/2017:16:37:35 -0300] "GET /cormun/static/Resources/PXToolsHeaderActionsRight.png HTTP/1.1" 200 1201
186.103.156.24 - - [13/Apr/2017:16:37:35 -0300] "GET /cormun/static/hpexe_recentlink.js?201610171694390 HTTP/1.1" 200 2144
186.103.156.24 - - [13/Apr/2017:16:37:35 -0300] "GET /cormun/static/Resources/PXToolsHeaderPreferences.png HTTP/1.1" 200 4189
186.103.156.24 - - [13/Apr/2017:16:37:35 -0300] "GET /cormun/static/Resources/PXToolsHeaderHome.png HTTP/1.1" 200 4147
186.103.156.24 - - [13/Apr/2017:16:37:36 -0300] "GET /cormun/static/hpexe_messagecontroller.js?201610171694323 HTTP/1.1" 200 870
186.103.156.24 - - [13/Apr/2017:16:37:36 -0300] "GET /cormun/static/hpexe_messagegenexuscomponent.js?201731711335537 HTTP/1.1" 200 587
186.103.156.24 - - [13/Apr/2017:16:37:36 -0300] "GET /cormun/static/hpexe_messagepopupcomponent.js?20161017169425 HTTP/1.1" 200 605
186.103.156.24 - - [13/Apr/2017:16:37:36 -0300] "GET /cormun/static/Resources/PXToolsDataTitle.png HTTP/1.1" 200 1173
186.103.156.24 - - [13/Apr/2017:16:37:36 -0300] "GET /cormun/static/cmcontrolpreferences.js?201731711335852 HTTP/1.1" 200 1375
186.103.156.24 - - [13/Apr/2017:16:37:36 -0300] "GET /cormun/static/SmoothNavMenu/resources/ddsmoothmenu.js HTTP/1.1" 200 12712
186.103.156.24 - - [13/Apr/2017:16:37:36 -0300] "GET /cormun/static/SmoothNavMenu/resources/SmoothNavMenuRender.js HTTP/1.1" 200 5951
186.103.156.24 - - [13/Apr/2017:16:37:36 -0300] "GET /cormun/static/scaMessage/js/jquery.pnotify.min.js HTTP/1.1" 200 13038
186.103.156.24 - - [13/Apr/2017:16:37:36 -0300] "GET /cormun/static/hmpwkw03.js?201731711485354 HTTP/1.1" 200 3965
186.103.156.24 - - [13/Apr/2017:16:37:36 -0300] "GET /cormun/static/Shared/jqueryui/jquery-ui.min.js HTTP/1.1" 200 240427
186.103.156.24 - - [13/Apr/2017:16:37:36 -0300] "GET /cormun/static/Shared/jquery/jquery-1.4.2.min.js HTTP/1.1" 200 72174
186.103.156.24 - - [13/Apr/2017:16:37:36 -0300] "GET /cormun/static/scaMessage/scaMessageRender.js HTTP/1.1" 200 11977
186.103.156.24 - - [13/Apr/2017:16:37:36 -0300] "GET /cormun/static/Shared/jquery/jquery-1.10.2.min.js HTTP/1.1" 200 273199
186.103.159.230 - - [13/Apr/2017:16:37:39 -0300] "POST /cormun/servlet/hlogin?9a0b21c3d6c621a8d7295cf12608c124,gx-no-cache=1492112319757 HTTP/1.1" 200 90
186.103.159.230 - - [13/Apr/2017:16:37:40 -0300] "GET /cormun/servlet/hpexe_link HTTP/1.1" 200 948
186.103.159.230 - - [13/Apr/2017:16:37:40 -0300] "GET /cormun/servlet/hhome HTTP/1.1" 200 3968
186.103.156.24 - - [13/Apr/2017:16:37:40 -0300] "GET /cormun/static/hpexe_scripts.js?201731711335890 HTTP/1.1" 200 1544
186.103.159.230 - - [13/Apr/2017:16:37:40 -0300] "GET /cormun/servlet/hhome HTTP/1.1" 200 3965
186.103.156.24 - - [13/Apr/2017:16:37:41 -0300] "GET /cormun/static/SmoothNavMenu/resources/images/down.gif HTTP/1.1" 200 854
186.103.156.24 - - [13/Apr/2017:16:37:41 -0300] "GET /cormun/static/SmoothNavMenu/resources/images/right.gif HTTP/1.1" 200 860
186.103.156.24 - - [13/Apr/2017:16:37:41 -0300] "GET /cormun/servlet/hhome HTTP/1.1" 200 3999
192.168.10.13 - - [13/Apr/2017:16:37:43 -0300] "GET / HTTP/1.1" 200 11217
186.103.159.230 - - [13/Apr/2017:16:37:44 -0300] "GET /cormun/servlet/trsolicitudot? HTTP/1.1" 200 6939
186.103.159.230 - - [13/Apr/2017:16:37:45 -0300] "GET /cormun/servlet/trsolicitudot? HTTP/1.1" 200 6939
186.103.159.230 - - [13/Apr/2017:16:37:47 -0300] "GET /cormun/servlet/solicitudot?INS,0,0, HTTP/1.1" 200 12775
186.103.159.230 - - [13/Apr/2017:16:37:47 -0300] "GET /cormun/servlet/solicitudot?INS,0,0, HTTP/1.1" 200 12779
186.103.156.24 - - [13/Apr/2017:16:37:51 -0300] "GET /cormun/servlet/trsolicitudot? HTTP/1.1" 200 8289
186.103.156.24 - - [13/Apr/2017:16:37:51 -0300] "GET /cormun/static/gxui/gxui-all.css?110300 HTTP/1.1" 200 2179
186.103.156.24 - - [13/Apr/2017:16:37:51 -0300] "GET /cormun/static/calendar-system.css?75620 HTTP/1.1" 200 5572
186.103.156.24 - - [13/Apr/2017:16:37:51 -0300] "GET /cormun/static/gxcfg.js?201731711505139 HTTP/1.1" 200 953
186.103.156.24 - - [13/Apr/2017:16:37:51 -0300] "GET /cormun/static/calendar-setup.js?85251 HTTP/1.1" 200 2588
186.103.156.24 - - [13/Apr/2017:16:37:51 -0300] "GET /cormun/static/calendar.js?85251 HTTP/1.1" 200 26246
186.103.156.24 - - [13/Apr/2017:16:37:51 -0300] "GET /cormun/static/Shared/ext/resources/css/ext-all.css?205870 HTTP/1.1" 200 416045
186.103.156.24 - - [13/Apr/2017:16:37:51 -0300] "GET /cormun/static/calendar-es.js?85251 HTTP/1.1" 200 1901
186.103.156.24 - - [13/Apr/2017:16:37:52 -0300] "GET /cormun/static/gxdec.js?85251 HTTP/1.1" 200 19579
186.103.156.24 - - [13/Apr/2017:16:37:52 -0300] "GET /cormun/static/trsolicitudot.js?20173171151116 HTTP/1.1" 200 53117
186.103.156.24 - - [13/Apr/2017:16:37:52 -0300] "GET /cormun/static/Resources/PXTools/calendar.png HTTP/1.1" 200 1306
186.103.156.24 - - [13/Apr/2017:16:37:52 -0300] "GET /cormun/static/Resources/PXToolsDataSearch.png HTTP/1.1" 200 419
186.103.156.24 - - [13/Apr/2017:16:37:52 -0300] "GET /cormun/static/Resources/PXToolsGridFirstDisabled.gif HTTP/1.1" 200 100
186.103.156.24 - - [13/Apr/2017:16:37:52 -0300] "GET /cormun/static/Resources/PXToolsGridPreviousDisabled.gif HTTP/1.1" 200 90
186.103.156.24 - - [13/Apr/2017:16:37:52 -0300] "GET /cormun/static/Resources/PXToolsGridLastDisabled.gif HTTP/1.1" 200 98
186.103.156.24 - - [13/Apr/2017:16:37:52 -0300] "GET /cormun/static/Resources/PXToolsActionExcel.png HTTP/1.1" 200 3187
186.103.156.24 - - [13/Apr/2017:16:37:52 -0300] "GET /cormun/static/Resources/PXToolsGridPage.gif HTTP/1.1" 200 725
186.103.156.24 - - [13/Apr/2017:16:37:52 -0300] "GET /cormun/static/Resources/PXToolsGridNextDisabled.gif HTTP/1.1" 200 90
186.103.156.24 - - [13/Apr/2017:16:37:52 -0300] "GET /cormun/static/Resources/asc.gif HTTP/1.1" 200 67
186.103.156.24 - - [13/Apr/2017:16:37:52 -0300] "GET /cormun/static/Resources/desc.gif HTTP/1.1" 200 65
186.103.156.24 - - [13/Apr/2017:16:37:52 -0300] "GET /cormun//static/Resources/PXToolsActionView.png HTTP/1.1" 200 2995
186.103.156.24 - - [13/Apr/2017:16:37:52 -0300] "GET /cormun//static/Resources/PXToolsGridUpdate.png HTTP/1.1" 200 2984
186.103.156.24 - - [13/Apr/2017:16:37:52 -0300] "GET /cormun/servlet/trsolicitudot? HTTP/1.1" 200 8287
186.103.156.24 - - [13/Apr/2017:16:37:52 -0300] "GET /cormun/static/Resources/PXToolsGridNew.png HTTP/1.1" 200 2949
186.103.156.24 - - [13/Apr/2017:16:37:52 -0300] "GET /cormun//static/Resources/PXTools/ActionInsert.png HTTP/1.1" 200 1482
186.103.156.24 - - [13/Apr/2017:16:37:52 -0300] "GET /cormun//static/Resources/PXToolsRemoveAllAction.png HTTP/1.1" 200 3558
186.103.156.24 - - [13/Apr/2017:16:37:53 -0300] "GET /cormun/static/Shared/ext/resources/themes/images/default/tools/tool-sprites.gif HTTP/1.1" 200 5434
186.103.156.24 - - [13/Apr/2017:16:37:53 -0300] "GET /cormun//static/Resources/PXToolsGridDelete.png HTTP/1.1" 200 357
186.103.156.24 - - [13/Apr/2017:16:37:53 -0300] "GET /cormun/static/Shared/ext/resources/themes/images/default/panel/bg-headersPanel.png HTTP/1.1" 200 255
186.103.156.24 - - [13/Apr/2017:16:38:00 -0300] "POST /cormun/servlet/trsolicitudot?2ae15a5e509b76da37425fbda8293660,,gx-no-cache=1492112368701 HTTP/1.1" 200 106
186.103.156.24 - - [13/Apr/2017:16:38:01 -0300] "GET /cormun/servlet/trsolicitudadjuntos?2017,6074, HTTP/1.1" 200 6105
186.103.156.24 - - [13/Apr/2017:16:38:01 -0300] "GET /cormun/static/gxcfg.js?201731711504543 HTTP/1.1" 200 953
186.103.156.24 - - [13/Apr/2017:16:38:01 -0300] "GET /cormun/static/trsolicitudadjuntos.js?201731711504951 HTTP/1.1" 200 17913
186.103.156.24 - - [13/Apr/2017:16:38:01 -0300] "GET /cormun/servlet/trsolicitudadjuntos?2017,6074, HTTP/1.1" 200 6105
186.103.156.24 - - [13/Apr/2017:16:38:05 -0300] "GET /cormun/servlet/solicitudotadjuntos?INS,2017,6074,,1, HTTP/1.1" 200 6041
186.103.156.24 - - [13/Apr/2017:16:38:05 -0300] "GET /cormun/static/Resources/Spanish/PXTools.css?18365030 HTTP/1.1" 200 89042
186.103.156.24 - - [13/Apr/2017:16:38:06 -0300] "GET /cormun/static/gxcfg.js?201612218465951 HTTP/1.1" 200 953
186.103.156.24 - - [13/Apr/2017:16:38:06 -0300] "GET /cormun/static/solicitudotadjuntos.js?201612218465969 HTTP/1.1" 200 11762
186.103.156.24 - - [13/Apr/2017:16:38:08 -0300] "GET /cormun/static/calendar-system.css?85620 HTTP/1.1" 200 5572
186.103.156.24 - - [13/Apr/2017:16:38:08 -0300] "GET /cormun/static/about:blank HTTP/1.1" 404 1011
186.103.156.24 - - [13/Apr/2017:16:38:08 -0300] "GET /cormun/servlet/solicitudotadjuntos?INS,2017,6074,,1, HTTP/1.1" 200 6034
186.103.156.24 - - [13/Apr/2017:16:38:09 -0300] "GET /cormun/servlet/solicitudotadjuntos?8bf4579420714abd5bd07ff33f9a6a286daffaf812c5650c8d451f7937b1aa48d2c1744d61e60aa32966fea8a7297399,gx-no-cache=1492112378325 HTTP/1.1" 200 30
186.103.156.24 - - [13/Apr/2017:16:38:10 -0300] "POST /cormun/servlet/solicitudotadjuntos?2ae15a5e509b76da37425fbda8293660,INS,2017,6074,,1,,gx-no-cache=1492112378464 HTTP/1.1" 200 3866
186.103.156.24 - - [13/Apr/2017:16:38:13 -0300] "POST /cormun/servlet/solicitudotadjuntos?gx-no-cache=1492112382045 HTTP/1.1" 200 26
186.103.159.230 - - [13/Apr/2017:16:38:16 -0300] "POST /cormun/servlet/solicitudot?gx-no-cache=1492112354108 HTTP/1.1" 200 3081
186.103.159.230 - - [13/Apr/2017:16:38:17 -0300] "POST /cormun/servlet/solicitudot?9a0b21c3d6c621a8d7295cf12608c124,INS,0,0,,gx-no-cache=1492112357893 HTTP/1.1" 200 9863
186.103.156.24 - - [13/Apr/2017:16:38:20 -0300] "GET /cormun/servlet/solicitudotadjuntos?8bf4579420714abd5bd07ff33f9a6a28b2755d8bb9a5b1504817960f3f2180cd,gx-no-cache=1492112389714 HTTP/1.1" 200 30
186.103.156.24 - - [13/Apr/2017:16:38:20 -0300] "GET /cormun/servlet/solicitudotadjuntos?8bf4579420714abd5bd07ff33f9a6a28b2755d8bb9a5b1504817960f3f2180cd,gx-no-cache=1492112389856 HTTP/1.1" 200 30
186.103.159.230 - - [13/Apr/2017:16:38:26 -0300] "GET /cormun/servlet/solicitudot?2a586a6da71498e2c72794d0ea98aedc786af6996f888c8b4f4be5fc841a54ebf486fb8e1bfc309c08010ceeb09413af,gx-no-cache=1492112367418 HTTP/1.1" 200 111
186.103.159.230 - - [13/Apr/2017:16:38:26 -0300] "GET /cormun/static/Shared/jqueryui/images/ui-bg_highlight-soft_100_c6c2c8_1x100.png HTTP/1.1" 404 1117
186.103.159.230 - - [13/Apr/2017:16:38:26 -0300] "GET /cormun/static/Shared/jqueryui/images/ui-icons_82798d_256x240.png HTTP/1.1" 404 1089
186.103.159.230 - - [13/Apr/2017:16:38:26 -0300] "GET /cormun/static/Shared/jqueryui/images/ui-bg_flat_55_994d53_40x100.png HTTP/1.1" 404 1097
186.103.159.230 - - [13/Apr/2017:16:38:26 -0300] "GET /cormun/static/Shared/jqueryui/images/ui-icons_ebccce_256x240.png HTTP/1.1" 404 1089
186.103.156.24 - - [13/Apr/2017:16:38:28 -0300] "POST /cormun/servlet/solicitudotadjuntos?2ae15a5e509b76da37425fbda8293660,INS,2017,6074,,1, HTTP/1.1" 200 116
186.103.156.24 - - [13/Apr/2017:16:38:28 -0300] "GET /cormun/servlet/hpexe_return? HTTP/1.1" 200 1029
186.103.156.24 - - [13/Apr/2017:16:38:29 -0300] "GET /cormun/static/Resources/Spanish/PXTools.css?167811 HTTP/1.1" 200 89042
186.103.156.24 - - [13/Apr/2017:16:38:29 -0300] "GET /cormun/static/hpexe_return.js?2016101716175153 HTTP/1.1" 200 1633
186.103.156.24 - - [13/Apr/2017:16:38:29 -0300] "GET /cormun/static/gxcfg.js?2016101716175148 HTTP/1.1" 200 953
186.103.156.24 - - [13/Apr/2017:16:38:29 -0300] "GET /cormun/servlet/trsolicitudadjuntos?2017,6074, HTTP/1.1" 200 8274
186.103.156.24 - - [13/Apr/2017:16:38:30 -0300] "GET /cormun/servlet/trsolicitudadjuntos?2017,6074, HTTP/1.1" 200 8269
186.103.156.24 - - [13/Apr/2017:16:38:33 -0300] "GET /cormun/servlet/solicitudotadjuntos?INS,2017,6074,,1, HTTP/1.1" 200 6040
186.103.156.24 - - [13/Apr/2017:16:38:34 -0300] "GET /cormun/static/about:blank HTTP/1.1" 404 1011
186.103.156.24 - - [13/Apr/2017:16:38:34 -0300] "GET /cormun/servlet/solicitudotadjuntos?INS,2017,6074,,1, HTTP/1.1" 200 6034
186.103.156.24 - - [13/Apr/2017:16:38:36 -0300] "GET /cormun/servlet/solicitudotadjuntos?8bf4579420714abd5bd07ff33f9a6a286daffaf812c5650c8d451f7937b1aa48d2c1744d61e60aa32966fea8a7297399,gx-no-cache=1492112405249 HTTP/1.1" 200 30
186.103.156.24 - - [13/Apr/2017:16:38:39 -0300] "POST /cormun/servlet/solicitudotadjuntos?2ae15a5e509b76da37425fbda8293660,INS,2017,6074,,1,,gx-no-cache=1492112406237 HTTP/1.1" 200 3866
192.168.10.13 - - [13/Apr/2017:16:38:43 -0300] "GET / HTTP/1.1" 200 11217
186.103.156.24 - - [13/Apr/2017:16:38:44 -0300] "POST /cormun/servlet/solicitudotadjuntos?gx-no-cache=1492112415134 HTTP/1.1" 200 26
186.103.159.230 - - [13/Apr/2017:16:38:53 -0300] "POST /cormun/servlet/solicitudot?gx-no-cache=1492112393184 HTTP/1.1" 200 3080
186.103.159.230 - - [13/Apr/2017:16:38:54 -0300] "POST /cormun/servlet/solicitudot?9a0b21c3d6c621a8d7295cf12608c124,INS,0,0,,gx-no-cache=1492112394351 HTTP/1.1" 200 9917
186.103.156.24 - - [13/Apr/2017:16:38:57 -0300] "GET /cormun/servlet/solicitudotadjuntos?8bf4579420714abd5bd07ff33f9a6a28b2755d8bb9a5b1504817960f3f2180cd,gx-no-cache=1492112429637 HTTP/1.1" 200 30
186.103.156.24 - - [13/Apr/2017:16:38:57 -0300] "GET /cormun/servlet/solicitudotadjuntos?8bf4579420714abd5bd07ff33f9a6a28b2755d8bb9a5b1504817960f3f2180cd,gx-no-cache=1492112429734 HTTP/1.1" 200 30
186.103.156.24 - - [13/Apr/2017:16:39:06 -0300] "POST /cormun/servlet/solicitudotadjuntos?2ae15a5e509b76da37425fbda8293660,INS,2017,6074,,1, HTTP/1.1" 200 116
186.103.156.24 - - [13/Apr/2017:16:39:07 -0300] "GET /cormun/servlet/hpexe_return? HTTP/1.1" 200 1029
186.103.156.24 - - [13/Apr/2017:16:39:08 -0300] "GET /cormun/servlet/trsolicitudadjuntos?2017,6074, HTTP/1.1" 200 8458
186.103.159.230 - - [13/Apr/2017:16:39:15 -0300] "GET /cormun/servlet/solicitudot?2a586a6da71498e2c72794d0ea98aedc786af6996f888c8b4f4be5fc841a54ebf486fb8e1bfc309c08010ceeb09413af,gx-no-cache=1492112416673 HTTP/1.1" 200 111
186.103.156.24 - - [13/Apr/2017:16:39:17 -0300] "GET /cormun/servlet/trsolicitudadjuntos?2017,6074, HTTP/1.1" 200 8457
186.103.156.24 - - [13/Apr/2017:16:39:19 -0300] "GET /cormun/servlet/solicitudotadjuntos?INS,2017,6074,,1, HTTP/1.1" 200 6040
186.103.156.24 - - [13/Apr/2017:16:39:19 -0300] "GET /cormun/static/about:blank HTTP/1.1" 404 1011
186.103.156.24 - - [13/Apr/2017:16:39:19 -0300] "GET /cormun/servlet/solicitudotadjuntos?INS,2017,6074,,1, HTTP/1.1" 200 6034
186.103.156.24 - - [13/Apr/2017:16:39:21 -0300] "GET /cormun/servlet/solicitudotadjuntos?8bf4579420714abd5bd07ff33f9a6a286daffaf812c5650c8d451f7937b1aa48d2c1744d61e60aa32966fea8a7297399,gx-no-cache=1492112452610 HTTP/1.1" 200 30
186.103.159.230 - - [13/Apr/2017:16:39:21 -0300] "GET /cormun/servlet/prfichaempleado?,MD,,gxPopupLevel%3D0%3B HTTP/1.1" 200 8793
186.103.159.230 - - [13/Apr/2017:16:39:21 -0300] "GET /cormun/static/gxcfg.js?2017319125415 HTTP/1.1" 304 -
186.103.156.24 - - [13/Apr/2017:16:39:25 -0300] "POST /cormun/servlet/solicitudotadjuntos?2ae15a5e509b76da37425fbda8293660,INS,2017,6074,,1,,gx-no-cache=1492112453514 HTTP/1.1" 200 3866
186.103.156.24 - - [13/Apr/2017:16:39:32 -0300] "POST /cormun/servlet/solicitudotadjuntos?gx-no-cache=1492112464178 HTTP/1.1" 200 26
186.103.159.230 - - [13/Apr/2017:16:39:38 -0300] "POST /cormun/servlet/prfichaempleado?9a0b21c3d6c621a8d7295cf12608c124,,MD,,gxPopupLevel%3D0%3B,gx-no-cache=1492112433868 HTTP/1.1" 200 3500
186.103.156.24 - - [13/Apr/2017:16:39:39 -0300] "GET /cormun/servlet/solicitudotadjuntos?8bf4579420714abd5bd07ff33f9a6a28b2755d8bb9a5b1504817960f3f2180cd,gx-no-cache=1492112473187 HTTP/1.1" 200 30
186.103.156.24 - - [13/Apr/2017:16:39:40 -0300] "GET /cormun/servlet/solicitudotadjuntos?8bf4579420714abd5bd07ff33f9a6a28b2755d8bb9a5b1504817960f3f2180cd,gx-no-cache=1492112473294 HTTP/1.1" 200 30
192.168.10.13 - - [13/Apr/2017:16:39:43 -0300] "GET / HTTP/1.1" 200 11217
186.103.159.230 - - [13/Apr/2017:16:40:14 -0300] "POST /cormun/servlet/solicitudot?gx-no-cache=1492112475509 HTTP/1.1" 200 3167
186.103.159.230 - - [13/Apr/2017:16:40:15 -0300] "POST /cormun/servlet/solicitudot?9a0b21c3d6c621a8d7295cf12608c124,INS,0,0,,gx-no-cache=1492112475801 HTTP/1.1" 200 10036
186.103.159.230 - - [13/Apr/2017:16:40:16 -0300] "GET /cormun/servlet/solicitudot?2a586a6da71498e2c72794d0ea98aedceac0df118a376d5e3992ba35be8bf867f486fb8e1bfc309c08010ceeb09413af,gx-no-cache=1492112476422 HTTP/1.1" 200 30
186.103.156.24 - - [13/Apr/2017:16:40:37 -0300] "POST /cormun/servlet/solicitudotadjuntos?2ae15a5e509b76da37425fbda8293660,INS,2017,6074,,1, HTTP/1.1" 200 116
186.103.156.24 - - [13/Apr/2017:16:40:38 -0300] "GET /cormun/servlet/hpexe_return? HTTP/1.1" 200 1029
186.103.156.24 - - [13/Apr/2017:16:40:39 -0300] "GET /cormun/servlet/trsolicitudadjuntos?2017,6074, HTTP/1.1" 200 8616
186.103.156.24 - - [13/Apr/2017:16:40:40 -0300] "GET /cormun/servlet/trsolicitudadjuntos?2017,6074, HTTP/1.1" 200 8615
192.168.10.13 - - [13/Apr/2017:16:40:43 -0300] "GET / HTTP/1.1" 200 11217
186.103.156.24 - - [13/Apr/2017:16:40:43 -0300] "GET /cormun/servlet/solicitudotadjuntos?INS,2017,6074,,1, HTTP/1.1" 200 6040
186.103.156.24 - - [13/Apr/2017:16:40:43 -0300] "GET /cormun/static/about:blank HTTP/1.1" 404 1011
186.103.156.24 - - [13/Apr/2017:16:40:44 -0300] "GET /cormun/servlet/solicitudotadjuntos?INS,2017,6074,,1, HTTP/1.1" 200 6034
186.103.156.24 - - [13/Apr/2017:16:40:44 -0300] "GET /cormun/servlet/solicitudotadjuntos?8bf4579420714abd5bd07ff33f9a6a286daffaf812c5650c8d451f7937b1aa48d2c1744d61e60aa32966fea8a7297399,gx-no-cache=1492112538482 HTTP/1.1" 200 30
186.103.156.24 - - [13/Apr/2017:16:40:45 -0300] "POST /cormun/servlet/solicitudotadjuntos?2ae15a5e509b76da37425fbda8293660,INS,2017,6074,,1,,gx-no-cache=1492112538583 HTTP/1.1" 200 3866
186.103.156.24 - - [13/Apr/2017:16:40:51 -0300] "POST /cormun/servlet/solicitudotadjuntos?gx-no-cache=1492112544527 HTTP/1.1" 200 26
186.103.156.24 - - [13/Apr/2017:16:40:59 -0300] "GET /cormun/servlet/solicitudotadjuntos?8bf4579420714abd5bd07ff33f9a6a28b2755d8bb9a5b1504817960f3f2180cd,gx-no-cache=1492112550835 HTTP/1.1" 200 30
186.103.156.24 - - [13/Apr/2017:16:40:59 -0300] "GET /cormun/servlet/solicitudotadjuntos?8bf4579420714abd5bd07ff33f9a6a28b2755d8bb9a5b1504817960f3f2180cd,gx-no-cache=1492112553983 HTTP/1.1" 200 30
186.103.159.230 - - [13/Apr/2017:16:41:15 -0300] "POST /cormun/servlet/solicitudot?gx-no-cache=1492112536513 HTTP/1.1" 200 240
186.103.159.230 - - [13/Apr/2017:16:41:15 -0300] "GET /cormun/servlet/solicitudot?2a586a6da71498e2c72794d0ea98aedc090d2e2188487a4bf760a6411d7ea588a6096cfdc0f1feb93c30758957e8ce002a6dcf4d2c54dfc42913c04f42cbfc3de7f6e451221770f2d746df37f5d464b8fb342b1d506575504b7ec132c9be546c98c164e08476a58a50315eb566d42def5801f21cc2b4993fe778b6a4228ad3e6de5a97d26c2c204789f6ef090f3ea7f3f2262f8427c21f4b1118ef6bf9fad5b57f3969bff6bd28714d298d458b27ce59ebb8dd81d51c3e23b68868b74795534791b1f03968670ca7c9ff360db1db4f4151c05b72bb86d8419a0f02abfd767c318547a82da36b6db1e8423f65a705684e0ed89437fafa4139fa3588d5f3fbe5fe38b2115bdb23b7910ef3ebb6029e90df8a43293909aa3eca6259fcfb9d29d319bbf9ac10c52873129bebb7ea299a5cd6b6c6977df0f1aa7e3ad5d74358fa17fd4bb74a62f8734fbc872e63295dabd816c70e58d3bbe70eccdfaaed1995f4b8ae5ce3419ce98fdb119cb6cec4bb36fcd0588f23513b59d3c0a2aeeac4647c5ff3,gx-no-cache=1492112536697 HTTP/1.1" 200 30
186.103.159.230 - - [13/Apr/2017:16:41:18 -0300] "POST /cormun/servlet/solicitudot?gx-no-cache=1492112539999 HTTP/1.1" 200 30
186.103.156.24 - - [13/Apr/2017:16:41:21 -0300] "POST /cormun/servlet/solicitudotadjuntos?2ae15a5e509b76da37425fbda8293660,INS,2017,6074,,1, HTTP/1.1" 200 116
186.103.156.24 - - [13/Apr/2017:16:41:21 -0300] "GET /cormun/servlet/hpexe_return? HTTP/1.1" 200 1029
186.103.156.24 - - [13/Apr/2017:16:41:22 -0300] "GET /cormun/servlet/trsolicitudadjuntos?2017,6074, HTTP/1.1" 200 8754
186.103.156.24 - - [13/Apr/2017:16:41:23 -0300] "GET /cormun/servlet/trsolicitudadjuntos?2017,6074, HTTP/1.1" 200 8746
186.103.159.230 - - [13/Apr/2017:16:41:24 -0300] "POST /cormun/servlet/solicitudot?gx-no-cache=1492112544630 HTTP/1.1" 200 235
186.103.159.230 - - [13/Apr/2017:16:41:24 -0300] "POST /cormun/servlet/solicitudot?gx-no-cache=1492112545474 HTTP/1.1" 200 38
186.103.156.24 - - [13/Apr/2017:16:41:26 -0300] "GET /cormun/servlet/solicitudotadjuntos?INS,2017,6074,,1, HTTP/1.1" 200 6041
186.103.156.24 - - [13/Apr/2017:16:41:26 -0300] "GET /cormun/static/about:blank HTTP/1.1" 404 1011
186.103.156.24 - - [13/Apr/2017:16:41:27 -0300] "GET /cormun/servlet/solicitudotadjuntos?INS,2017,6074,,1, HTTP/1.1" 200 6035
186.103.156.24 - - [13/Apr/2017:16:41:27 -0300] "GET /cormun/servlet/solicitudotadjuntos?8bf4579420714abd5bd07ff33f9a6a286daffaf812c5650c8d451f7937b1aa48d2c1744d61e60aa32966fea8a7297399,gx-no-cache=1492112582803 HTTP/1.1" 200 30
186.103.156.24 - - [13/Apr/2017:16:41:29 -0300] "POST /cormun/servlet/solicitudotadjuntos?2ae15a5e509b76da37425fbda8293660,INS,2017,6074,,1,,gx-no-cache=1492112582943 HTTP/1.1" 200 3866
186.103.159.230 - - [13/Apr/2017:16:41:38 -0300] "GET /cormun/servlet/solicitudot?2a586a6da71498e2c72794d0ea98aedc29fdf1e1968373c7c8c84b0a0d8e78ee9a8b718a5b84843f9fdb069149a1af98fcb2054cd3eda5d476b98ecec4c4df594bf007aba1cc0eed7cd4a68da58c685ff1903f7c66f13c2e5279b43a61a81331f4a8d536b81dc5c10f173df753cb096d7625c1dd4dc409f80b5a64bf7f245302777040eef58f8b070be6db308c8f2179a92e4178b50afe15a6faa7f513240000,gx-no-cache=1492112559809 HTTP/1.1" 200 29
186.103.156.24 - - [13/Apr/2017:16:41:38 -0300] "POST /cormun/servlet/solicitudotadjuntos?gx-no-cache=1492112594942 HTTP/1.1" 200 26
186.103.159.230 - - [13/Apr/2017:16:41:39 -0300] "POST /cormun/servlet/solicitudot?gx-no-cache=1492112559866 HTTP/1.1" 200 669
186.103.159.230 - - [13/Apr/2017:16:41:42 -0300] "POST /cormun/servlet/solicitudot?gx-no-cache=1492112563245 HTTP/1.1" 200 1157
192.168.10.13 - - [13/Apr/2017:16:41:43 -0300] "GET / HTTP/1.1" 200 11217
