192.168.10.96 - - [13/Apr/2017:08:35:19 -0300] "GET /cormun/static/gxcfg.js?201732110400 HTTP/1.1" 304 -
192.168.10.96 - - [13/Apr/2017:08:35:20 -0300] "GET /cormun/static/trsolicitudgral.js?2017321104863 HTTP/1.1" 304 -
192.168.10.96 - - [13/Apr/2017:08:35:21 -0300] "GET /cormun/servlet/trsolicitudgral? HTTP/1.1" 200 25239
186.103.159.182 - - [13/Apr/2017:08:35:24 -0300] "GET /cormun/servlet/licenciaspermisos?INS,0,,, HTTP/1.1" 200 7477
186.79.74.147 - - [13/Apr/2017:08:35:28 -0300] "GET /cormun/servlet/permisogoce?08d898fea09baee592cff38ad839040731158393b293f805fddd181914a4ee8c726b95058a57c21e2babad4fea57b869254966a08ffa223b960398fa831c63e7cc09faab2f958381b87085ac58312b97,gx-no-cache=1492083389817 HTTP/1.1" 200 48
186.79.74.147 - - [13/Apr/2017:08:35:29 -0300] "POST /cormun/servlet/permisogoce?26081f38739bceb247424e73313af558,UPD,13694232,P,20170328092301,,gx-no-cache=1492083389930 HTTP/1.1" 200 4191
186.79.74.147 - - [13/Apr/2017:08:35:29 -0300] "GET /cormun/static/Shared/jqueryui/images/ui-bg_highlight-soft_100_c6c2c8_1x100.png HTTP/1.1" 404 1117
186.79.74.147 - - [13/Apr/2017:08:35:29 -0300] "GET /cormun/static/Shared/jqueryui/images/ui-icons_82798d_256x240.png HTTP/1.1" 404 1089
186.79.74.147 - - [13/Apr/2017:08:35:29 -0300] "GET /cormun/static/Shared/jqueryui/images/ui-bg_flat_55_994d53_40x100.png HTTP/1.1" 404 1097
186.79.74.147 - - [13/Apr/2017:08:35:29 -0300] "GET /cormun/static/Shared/jqueryui/images/ui-icons_ebccce_256x240.png HTTP/1.1" 404 1089
186.79.74.147 - - [13/Apr/2017:08:35:34 -0300] "POST /cormun/servlet/permisogoce?26081f38739bceb247424e73313af558,UPD,13694232,P,20170328092301,,gx-no-cache=1492083395111 HTTP/1.1" 200 93
186.79.74.147 - - [13/Apr/2017:08:35:34 -0300] "GET /cormun/servlet/hpexe_return? HTTP/1.1" 200 1051
186.79.74.147 - - [13/Apr/2017:08:35:34 -0300] "GET /cormun/servlet/trpermisosgoce?gx-no-cache=1492083364756 HTTP/1.1" 200 8599
186.79.74.147 - - [13/Apr/2017:08:35:36 -0300] "GET /cormun/servlet/trpermisosgoce?gx-no-cache=1492083364756 HTTP/1.1" 200 8617
192.168.10.13 - - [13/Apr/2017:08:35:43 -0300] "GET / HTTP/1.1" 200 11217
186.79.74.147 - - [13/Apr/2017:08:35:43 -0300] "POST /cormun/servlet/trpermisosgoce?26081f38739bceb247424e73313af558,gx-no-cache=1492083364756,gx-no-cache=1492083404754 HTTP/1.1" 200 5754
186.79.74.147 - - [13/Apr/2017:08:35:44 -0300] "GET /cormun/static/Shared/jqueryui/images/ui-icons_82798d_256x240.png HTTP/1.1" 404 1089
186.79.74.147 - - [13/Apr/2017:08:35:44 -0300] "GET /cormun/static/Shared/jqueryui/images/ui-bg_highlight-soft_100_c6c2c8_1x100.png HTTP/1.1" 404 1117
186.79.74.147 - - [13/Apr/2017:08:35:44 -0300] "GET /cormun/static/Shared/jqueryui/images/ui-bg_flat_55_fafafa_40x100.png HTTP/1.1" 404 1097
186.79.74.147 - - [13/Apr/2017:08:35:44 -0300] "GET /cormun/static/Shared/jqueryui/images/ui-icons_8d78a5_256x240.png HTTP/1.1" 404 1089
186.79.74.147 - - [13/Apr/2017:08:35:46 -0300] "POST /cormun/servlet/trpermisosgoce?26081f38739bceb247424e73313af558,gx-no-cache=1492083364756,gx-no-cache=1492083407328 HTTP/1.1" 200 5552
186.79.74.147 - - [13/Apr/2017:08:35:48 -0300] "POST /cormun/servlet/trpermisosgoce?26081f38739bceb247424e73313af558,gx-no-cache=1492083364756,gx-no-cache=1492083409511 HTTP/1.1" 200 5370
186.103.159.182 - - [13/Apr/2017:08:35:51 -0300] "GET /cormun/servlet/licenciaspermisos?db916ce5d7f1c41b2ab6a323ac91773e91472a6977f192f2df27fce32735c5593bb3a693b233834552a0b4be19e909f2,gx-no-cache=1492083417010 HTTP/1.1" 200 147
186.103.159.182 - - [13/Apr/2017:08:35:51 -0300] "GET /cormun/static/Shared/jqueryui/images/ui-icons_82798d_256x240.png HTTP/1.1" 404 1089
186.103.159.182 - - [13/Apr/2017:08:35:51 -0300] "GET /cormun/static/Shared/jqueryui/images/ui-bg_highlight-soft_100_c6c2c8_1x100.png HTTP/1.1" 404 1117
186.103.159.182 - - [13/Apr/2017:08:35:51 -0300] "GET /cormun/static/Shared/jqueryui/images/ui-icons_ebccce_256x240.png HTTP/1.1" 404 1089
186.103.159.182 - - [13/Apr/2017:08:35:51 -0300] "GET /cormun/static/Shared/jqueryui/images/ui-bg_flat_55_994d53_40x100.png HTTP/1.1" 404 1097
186.79.74.147 - - [13/Apr/2017:08:35:53 -0300] "POST /cormun/servlet/trpermisosgoce?26081f38739bceb247424e73313af558,gx-no-cache=1492083364756,gx-no-cache=1492083414661 HTTP/1.1" 200 5159
186.79.74.147 - - [13/Apr/2017:08:35:56 -0300] "POST /cormun/servlet/trpermisosgoce?26081f38739bceb247424e73313af558,gx-no-cache=1492083364756,gx-no-cache=1492083417282 HTTP/1.1" 200 4974
186.79.74.147 - - [13/Apr/2017:08:35:58 -0300] "POST /cormun/servlet/trpermisosgoce?26081f38739bceb247424e73313af558,gx-no-cache=1492083364756,gx-no-cache=1492083419163 HTTP/1.1" 200 4712
186.103.159.182 - - [13/Apr/2017:08:36:06 -0300] "GET /cormun/servlet/prfichaempleado?,MD,,gxPopupLevel%3D0%3B HTTP/1.1" 200 8919
186.103.159.182 - - [13/Apr/2017:08:36:06 -0300] "GET /cormun/static/hmpwkw011.js?201731711483558 HTTP/1.1" 304 -
186.103.159.182 - - [13/Apr/2017:08:36:06 -0300] "GET /cormun/static/menusearch.js?201610171694467 HTTP/1.1" 304 -
186.103.159.182 - - [13/Apr/2017:08:36:06 -0300] "GET /cormun/static/gxcfg.js?2017319125415 HTTP/1.1" 304 -
186.103.159.182 - - [13/Apr/2017:08:36:07 -0300] "GET /cormun/static/prfichaempleado.js?20173191254344 HTTP/1.1" 304 -
186.79.74.147 - - [13/Apr/2017:08:36:12 -0300] "GET /cormun/servlet/hlogin HTTP/1.1" 200 1724
186.103.159.182 - - [13/Apr/2017:08:36:25 -0300] "POST /cormun/servlet/prfichaempleado?6ef58480fe550bb4497da2db696350f0,,MD,,gxPopupLevel%3D0%3B,gx-no-cache=1492083451221 HTTP/1.1" 200 3186
186.79.74.147 - - [13/Apr/2017:08:36:34 -0300] "POST /cormun/servlet/hlogin?26081f38739bceb247424e73313af558,gx-no-cache=1492083456178 HTTP/1.1" 200 90
186.79.74.147 - - [13/Apr/2017:08:36:35 -0300] "GET /cormun/servlet/hpexe_link HTTP/1.1" 200 954
186.79.74.147 - - [13/Apr/2017:08:36:35 -0300] "GET /cormun/servlet/hhome HTTP/1.1" 200 3921
186.79.74.147 - - [13/Apr/2017:08:36:37 -0300] "GET /cormun/servlet/hhome HTTP/1.1" 200 3917
186.79.74.147 - - [13/Apr/2017:08:36:37 -0300] "GET /cormun/static/SmoothNavMenu/resources/images/right.gif HTTP/1.1" 200 860
100.43.85.9 - - [13/Apr/2017:08:36:39 -0300] "GET /examples/ HTTP/1.1" 200 1253
192.168.10.13 - - [13/Apr/2017:08:36:43 -0300] "GET / HTTP/1.1" 200 11217
186.79.74.147 - - [13/Apr/2017:08:36:45 -0300] "GET /cormun/servlet/trautorizarpermisogoce? HTTP/1.1" 200 8870
186.79.74.147 - - [13/Apr/2017:08:36:45 -0300] "GET /cormun/static/gxcfg.js?20174111145711 HTTP/1.1" 200 953
186.79.74.147 - - [13/Apr/2017:08:36:45 -0300] "GET /cormun/static/trautorizarpermisogoce.js?201741111451072 HTTP/1.1" 200 32073
186.103.159.182 - - [13/Apr/2017:08:36:46 -0300] "GET /cormun/servlet/licenciaspermisos?db916ce5d7f1c41b2ab6a323ac91773ed514d3e6309bc6dd03a6e983027099563bb3a693b233834552a0b4be19e909f2,gx-no-cache=1492083472487 HTTP/1.1" 200 64
186.103.159.182 - - [13/Apr/2017:08:36:46 -0300] "POST /cormun/servlet/licenciaspermisos?6ef58480fe550bb4497da2db696350f0,INS,0,,,,gx-no-cache=1492083472552 HTTP/1.1" 200 4625
186.79.74.147 - - [13/Apr/2017:08:36:46 -0300] "GET /cormun/servlet/trautorizarpermisogoce? HTTP/1.1" 200 8866
192.168.10.96 - - [13/Apr/2017:08:37:00 -0300] "GET /cormun/servlet/trsolicitudgral? HTTP/1.1" 200 25239
192.168.10.96 - - [13/Apr/2017:08:37:02 -0300] "GET /cormun/servlet/trsolicitudgral? HTTP/1.1" 200 25239
192.168.10.96 - - [13/Apr/2017:08:37:06 -0300] "GET /cormun/servlet/trconsultaempleado? HTTP/1.1" 200 9497
192.168.10.96 - - [13/Apr/2017:08:37:07 -0300] "GET /cormun/static/gxcfg.js?2017319127961 HTTP/1.1" 304 -
192.168.10.96 - - [13/Apr/2017:08:37:07 -0300] "GET /cormun/static/trconsultaempleado.js?20173191271215 HTTP/1.1" 304 -
192.168.10.96 - - [13/Apr/2017:08:37:08 -0300] "GET /cormun/servlet/trconsultaempleado? HTTP/1.1" 200 9497
186.79.74.147 - - [13/Apr/2017:08:37:10 -0300] "POST /cormun/servlet/trautorizarpermisogoce?26081f38739bceb247424e73313af558,,gx-no-cache=1492083491199 HTTP/1.1" 200 131
186.79.74.147 - - [13/Apr/2017:08:37:10 -0300] "GET /cormun/servlet/licenciaspermisoslog?INS,12692670,P,20170314120400,0,NU, HTTP/1.1" 200 5791
186.79.74.147 - - [13/Apr/2017:08:37:10 -0300] "GET /cormun/static/gxcfg.js?201731711423236 HTTP/1.1" 200 953
186.79.74.147 - - [13/Apr/2017:08:37:10 -0300] "GET /cormun/static/licenciaspermisoslog.js?201731711423249 HTTP/1.1" 200 9246
186.79.74.147 - - [13/Apr/2017:08:37:12 -0300] "GET /cormun/servlet/licenciaspermisoslog?INS,12692670,P,20170314120400,0,NU, HTTP/1.1" 200 5792
186.79.74.147 - - [13/Apr/2017:08:37:24 -0300] "GET /cormun/servlet/licenciaspermisoslog?08d898fea09baee592cff38ad8390407e709356f96342885721d2e88e60eac8e6d364c69dc6a7c958198521bc74246752638c82e6f62a0d053fcfea0ddd86f180f2440f09daa47d6b14604213b9e274e32636bbd09e9ed9cdb9f7da2d401b57b,gx-no-cache=1492083505424 HTTP/1.1" 200 120
186.79.74.147 - - [13/Apr/2017:08:37:24 -0300] "GET /cormun/static/Shared/jqueryui/images/ui-bg_highlight-soft_100_c6c2c8_1x100.png HTTP/1.1" 404 1117
186.79.74.147 - - [13/Apr/2017:08:37:24 -0300] "GET /cormun/static/Shared/jqueryui/images/ui-icons_82798d_256x240.png HTTP/1.1" 404 1089
186.79.74.147 - - [13/Apr/2017:08:37:24 -0300] "GET /cormun/servlet/licenciaspermisoslog?08d898fea09baee592cff38ad8390407e709356f96342885721d2e88e60eac8e6d364c69dc6a7c958198521bc74246752638c82e6f62a0d053fcfea0ddd86f180f2440f09daa47d6b14604213b9e274e32636bbd09e9ed9cdb9f7da2d401b57b,gx-no-cache=1492083505626 HTTP/1.1" 200 120
186.79.74.147 - - [13/Apr/2017:08:37:24 -0300] "GET /cormun/static/Shared/jqueryui/images/ui-bg_flat_55_994d53_40x100.png HTTP/1.1" 404 1097
186.79.74.147 - - [13/Apr/2017:08:37:24 -0300] "GET /cormun/static/Shared/jqueryui/images/ui-icons_ebccce_256x240.png HTTP/1.1" 404 1089
186.79.74.147 - - [13/Apr/2017:08:37:24 -0300] "POST /cormun/servlet/licenciaspermisoslog?26081f38739bceb247424e73313af558,INS,12692670,P,20170314120400,0,NU,,gx-no-cache=1492083505768 HTTP/1.1" 200 3742
192.168.10.13 - - [13/Apr/2017:08:37:43 -0300] "GET / HTTP/1.1" 200 11217
186.79.74.147 - - [13/Apr/2017:08:37:44 -0300] "GET /cormun/servlet/licenciaspermisoslog?08d898fea09baee592cff38ad8390407e709356f96342885721d2e88e60eac8e6d364c69dc6a7c958198521bc74246752638c82e6f62a0d053fcfea0ddd86f180f2440f09daa47d6b14604213b9e274e32636bbd09e9ed9cdb9f7da2d401b57b,gx-no-cache=1492083525484 HTTP/1.1" 200 120
186.79.74.147 - - [13/Apr/2017:08:37:44 -0300] "GET /cormun/servlet/licenciaspermisoslog?08d898fea09baee592cff38ad8390407e709356f96342885721d2e88e60eac8e6d364c69dc6a7c958198521bc74246752638c82e6f62a0d053fcfea0ddd86f180f2440f09daa47d6b14604213b9e274e32636bbd09e9ed9cdb9f7da2d401b57b,gx-no-cache=1492083525572 HTTP/1.1" 200 120
186.79.74.147 - - [13/Apr/2017:08:37:44 -0300] "POST /cormun/servlet/licenciaspermisoslog?26081f38739bceb247424e73313af558,INS,12692670,P,20170314120400,0,NU,,gx-no-cache=1492083525696 HTTP/1.1" 200 3742
186.79.74.147 - - [13/Apr/2017:08:37:47 -0300] "POST /cormun/servlet/licenciaspermisoslog?26081f38739bceb247424e73313af558,INS,12692670,P,20170314120400,0,NU,,gx-no-cache=1492083528116 HTTP/1.1" 200 93
186.79.74.147 - - [13/Apr/2017:08:37:47 -0300] "GET /cormun/servlet/hpexe_return? HTTP/1.1" 200 1048
186.79.74.147 - - [13/Apr/2017:08:37:47 -0300] "GET /cormun/servlet/trautorizarpermisogoce HTTP/1.1" 200 8871
186.79.74.147 - - [13/Apr/2017:08:37:49 -0300] "GET /cormun/servlet/trautorizarpermisogoce HTTP/1.1" 200 8866
186.79.74.147 - - [13/Apr/2017:08:38:06 -0300] "POST /cormun/servlet/trautorizarpermisogoce?26081f38739bceb247424e73313af558,gx-no-cache=1492083547313 HTTP/1.1" 200 6267
186.79.74.147 - - [13/Apr/2017:08:38:06 -0300] "GET /cormun/static/Shared/jqueryui/images/ui-bg_highlight-soft_100_c6c2c8_1x100.png HTTP/1.1" 404 1117
186.79.74.147 - - [13/Apr/2017:08:38:06 -0300] "GET /cormun/static/Shared/jqueryui/images/ui-icons_82798d_256x240.png HTTP/1.1" 404 1089
186.79.74.147 - - [13/Apr/2017:08:38:06 -0300] "GET /cormun/static/Shared/jqueryui/images/ui-bg_flat_55_fafafa_40x100.png HTTP/1.1" 404 1097
186.79.74.147 - - [13/Apr/2017:08:38:06 -0300] "GET /cormun/static/Shared/jqueryui/images/ui-icons_8d78a5_256x240.png HTTP/1.1" 404 1089
186.79.74.147 - - [13/Apr/2017:08:38:11 -0300] "POST /cormun/servlet/trautorizarpermisogoce?26081f38739bceb247424e73313af558,gx-no-cache=1492083551854 HTTP/1.1" 200 6074
186.79.74.147 - - [13/Apr/2017:08:38:17 -0300] "POST /cormun/servlet/trautorizarpermisogoce?26081f38739bceb247424e73313af558,gx-no-cache=1492083558570 HTTP/1.1" 200 5884
186.79.74.147 - - [13/Apr/2017:08:38:22 -0300] "POST /cormun/servlet/trautorizarpermisogoce?26081f38739bceb247424e73313af558,gx-no-cache=1492083562607 HTTP/1.1" 200 5880
186.103.196.90 - - [13/Apr/2017:08:38:23 -0300] "GET /cormun/servlet/hlogin HTTP/1.1" 200 1728
190.151.124.170 - - [13/Apr/2017:08:38:24 -0300] "GET /cormun/static/gxcfg.js?201741110203197 HTTP/1.1" 304 -
186.103.196.90 - - [13/Apr/2017:08:38:24 -0300] "GET /cormun/static/messages.spa.js?85251 HTTP/1.1" 304 -
186.103.196.90 - - [13/Apr/2017:08:38:24 -0300] "GET /cormun/static/hlogin.js?201741110203211 HTTP/1.1" 304 -
186.79.74.147 - - [13/Apr/2017:08:38:28 -0300] "POST /cormun/servlet/trautorizarpermisogoce?26081f38739bceb247424e73313af558,gx-no-cache=1492083568689 HTTP/1.1" 200 5726
186.79.74.147 - - [13/Apr/2017:08:38:32 -0300] "POST /cormun/servlet/trautorizarpermisogoce?26081f38739bceb247424e73313af558,gx-no-cache=1492083573294 HTTP/1.1" 200 5721
186.79.74.147 - - [13/Apr/2017:08:38:36 -0300] "POST /cormun/servlet/trautorizarpermisogoce?26081f38739bceb247424e73313af558,gx-no-cache=1492083577566 HTTP/1.1" 200 5722
186.103.159.182 - - [13/Apr/2017:08:38:38 -0300] "GET /cormun/static/menuarrow.gif HTTP/1.1" 404 1015
186.79.74.147 - - [13/Apr/2017:08:38:39 -0300] "POST /cormun/servlet/trautorizarpermisogoce?26081f38739bceb247424e73313af558,gx-no-cache=1492083580528 HTTP/1.1" 200 5722
192.168.10.13 - - [13/Apr/2017:08:38:43 -0300] "GET / HTTP/1.1" 200 11217
190.151.124.170 - - [13/Apr/2017:08:38:44 -0300] "POST /cormun/servlet/hlogin?adc5115c1db90cd83e146e50788ce9c7,gx-no-cache=1492083589909 HTTP/1.1" 200 90
190.151.124.170 - - [13/Apr/2017:08:38:45 -0300] "GET /cormun/servlet/hpexe_link HTTP/1.1" 200 955
190.151.124.170 - - [13/Apr/2017:08:38:45 -0300] "GET /cormun/static/gxcfg.js?201731711483381 HTTP/1.1" 304 -
190.151.124.170 - - [13/Apr/2017:08:38:45 -0300] "GET /cormun/servlet/hhome HTTP/1.1" 200 3973
190.151.99.26 - - [13/Apr/2017:08:38:45 -0300] "GET /cormun/static/gxcfg.js?201731711483497 HTTP/1.1" 304 -
190.151.99.26 - - [13/Apr/2017:08:38:46 -0300] "GET /cormun/servlet/hhome HTTP/1.1" 200 3969
186.67.84.234 - - [13/Apr/2017:08:39:13 -0300] "GET /cormun/servlet/trsolicitudot? HTTP/1.1" 200 6945
186.67.84.234 - - [13/Apr/2017:08:39:13 -0300] "GET /cormun/static/gxcfg.js?201731711505139 HTTP/1.1" 200 953
186.67.84.234 - - [13/Apr/2017:08:39:14 -0300] "GET /cormun/static/trsolicitudot.js?20173171151116 HTTP/1.1" 304 -
186.67.84.234 - - [13/Apr/2017:08:39:14 -0300] "GET /cormun/servlet/trsolicitudot? HTTP/1.1" 200 6944
186.79.74.147 - - [13/Apr/2017:08:39:21 -0300] "GET /cormun/static/Shared/jqueryui/images/ui-bg_highlight-soft_100_eae6ea_1x100.png HTTP/1.1" 404 1117
186.67.84.234 - - [13/Apr/2017:08:39:23 -0300] "GET /cormun/servlet/solicitudot?INS,0,0, HTTP/1.1" 200 12782
186.67.84.234 - - [13/Apr/2017:08:39:23 -0300] "GET /cormun/static/gxcfg.js?20171191042720 HTTP/1.1" 200 953
186.103.196.84 - - [13/Apr/2017:08:39:23 -0300] "GET /cormun/static/Resources/Spanish/PXTools.css?18365030 HTTP/1.1" 304 -
186.67.84.234 - - [13/Apr/2017:08:39:23 -0300] "GET /cormun/static/solicitudot.js?2017119104297 HTTP/1.1" 304 -
186.67.84.234 - - [13/Apr/2017:08:39:24 -0300] "GET /cormun/servlet/solicitudot?INS,0,0, HTTP/1.1" 200 12787
186.103.196.84 - - [13/Apr/2017:08:39:29 -0300] "GET /cormun/servlet/prfichaempleado?,MD,,gxPopupLevel%3D0%3B HTTP/1.1" 200 8801
190.151.99.26 - - [13/Apr/2017:08:39:29 -0300] "GET /cormun/static/gxcfg.js?2017319125415 HTTP/1.1" 200 953
186.103.196.84 - - [13/Apr/2017:08:39:29 -0300] "GET /cormun/static/menusearch.js?201610171694467 HTTP/1.1" 304 -
190.151.99.26 - - [13/Apr/2017:08:39:29 -0300] "GET /cormun/static/hmpwkw011.js?201731711483558 HTTP/1.1" 304 -
190.151.99.26 - - [13/Apr/2017:08:39:29 -0300] "GET /cormun/static/prfichaempleado.js?20173191254344 HTTP/1.1" 304 -
190.151.124.170 - - [13/Apr/2017:08:39:40 -0300] "POST /cormun/servlet/prfichaempleado?adc5115c1db90cd83e146e50788ce9c7,,MD,,gxPopupLevel%3D0%3B,gx-no-cache=1492083644912 HTTP/1.1" 200 3406
192.168.10.13 - - [13/Apr/2017:08:39:43 -0300] "GET / HTTP/1.1" 200 11217
186.103.196.90 - - [13/Apr/2017:08:40:02 -0300] "POST /cormun/servlet/solicitudot?gx-no-cache=1492083667469 HTTP/1.1" 200 3180
186.103.196.90 - - [13/Apr/2017:08:40:02 -0300] "POST /cormun/servlet/solicitudot?adc5115c1db90cd83e146e50788ce9c7,INS,0,0,,gx-no-cache=1492083667876 HTTP/1.1" 200 9979
186.103.196.90 - - [13/Apr/2017:08:40:03 -0300] "GET /cormun/servlet/solicitudot?6e0b64ae2b1cc21dc7ce1104ecc429805374cd3753c433190c20da4c9533958def1b4a91ed5ea693a2938294c284c833,gx-no-cache=1492083668170 HTTP/1.1" 200 30
186.103.196.90 - - [13/Apr/2017:08:40:03 -0300] "POST /cormun/servlet/solicitudot?gx-no-cache=1492083668313 HTTP/1.1" 200 297
186.103.196.90 - - [13/Apr/2017:08:40:03 -0300] "GET /cormun/servlet/solicitudot?6e0b64ae2b1cc21dc7ce1104ecc429808f3e4cf1b472576b0ef5e768de2893a0bd8b84bbdda31ffeaf85b0bafb47e159679bc0e093e21586c70248072d4856609632c5da4fe932eccea2d221b2f389f7fefdecfdfaad7a906ac21c5e01323312177b74e6b947f6874c6f72b9be2a8f5dbef0720479e285ee7f62162a10c6a1820d18a7805fd2a78a68e146f35e2394afbdfbb8041f7e25975d7bbe54a785d5ebb584ae910a8499a66ab03e2df0f7faf8cb972779eca0cdd8a445990bdc76db89826721bd20c1097b48ad06bd865f97a471c847022bfe8dae8921ec6e4d654d4993d38385b70be42bcdea1f969259cdf50687ed78a163d7590fe33b6d51d6a87d04d2f9c6530189ce0b1b4755a0bd74b890f2d5ff0796de1ff72a0d96a80654d1113acdabb654c25ee6f52e8fa3605a51f4cef315abbaf8ce18df1406c348f791ee563e04c6cffd2074b65f78fa77f6a0e17df7bb937168f792f26017305064392b35bffd4aafdf29e51ac10f48b1b3094f5e9c4406fbdf9d6dc0ebbd107bce63073ec588249b21c372d3ab3b38da3849,gx-no-cache=1492083668418 HTTP/1.1" 200 30
186.103.196.90 - - [13/Apr/2017:08:40:15 -0300] "POST /cormun/servlet/solicitudot?gx-no-cache=1492083680658 HTTP/1.1" 200 30
192.168.10.13 - - [13/Apr/2017:08:40:43 -0300] "GET / HTTP/1.1" 200 11217
186.103.159.182 - - [13/Apr/2017:08:40:45 -0300] "GET /cormun/servlet/licenciaspermisos?db916ce5d7f1c41b2ab6a323ac91773e2f54bfe7cb97b1bf12c3ab23ae09247046a373d43ff9e7a1d909cd0fe11e57085bdde8a2caabc4e3e0debac855c804b1a28ccd5d9751d7a0638f3e1fcfcb1220d9ddd9d84e08f9846e94416c071786843f49c25d35c428df878a0a5a8fc0c71852bc2d818b96b244b8c011ad91d315bfc66824a92fce2a0594ab14ecbdf50d01bc49af27965b923091a0385fb9b6e98efe9af4952a941a7dc97d87cf815e3ddf,gx-no-cache=1492083711134 HTTP/1.1" 200 30
186.103.159.182 - - [13/Apr/2017:08:40:45 -0300] "GET /cormun/servlet/licenciaspermisos?db916ce5d7f1c41b2ab6a323ac91773efcaf6588746f71c05fde61ce705885c08c58d784ff650a66a1657ef9aa816c748bd597f723a11b73bf1b8dbe0e245b01a3070865415809e5997a9dbf6012402913675f0de2002ab0001767c6befd3e0b84e9fb558516a0be4f47e865ba4edf8f8d7d7d2eca6cf3f4b91930f640fd1d42e2c947d057a2af0ce04a88ef1936def04e9cd23b22ac2e523ff5e46afa2d0c072052b2d832b272f65ecaa8ac2b73ea9f,gx-no-cache=1492083711447 HTTP/1.1" 200 29
186.103.159.182 - - [13/Apr/2017:08:40:45 -0300] "POST /cormun/servlet/licenciaspermisos?6ef58480fe550bb4497da2db696350f0,INS,0,,,,gx-no-cache=1492083711487 HTTP/1.1" 200 93
186.103.159.182 - - [13/Apr/2017:08:40:45 -0300] "GET /cormun/servlet/hpexe_return? HTTP/1.1" 200 1013
186.103.159.182 - - [13/Apr/2017:08:40:45 -0300] "GET /cormun/static/Resources/Spanish/PXTools.css?167811 HTTP/1.1" 304 -
186.103.159.182 - - [13/Apr/2017:08:40:45 -0300] "GET /cormun/static/gxcfg.js?2016101716175148 HTTP/1.1" 304 -
186.103.159.182 - - [13/Apr/2017:08:40:45 -0300] "GET /cormun/static/hpexe_return.js?2016101716175153 HTTP/1.1" 304 -
186.103.159.182 - - [13/Apr/2017:08:40:46 -0300] "GET /cormun/servlet/trlicencias HTTP/1.1" 200 8081
186.103.159.182 - - [13/Apr/2017:08:40:47 -0300] "GET /cormun/servlet/trlicencias HTTP/1.1" 200 8077
186.103.159.182 - - [13/Apr/2017:08:40:50 -0300] "GET /cormun/servlet/trlicenciaspermisosadjuntos?10875801,20170413000000,L, HTTP/1.1" 200 6411
186.103.159.182 - - [13/Apr/2017:08:40:50 -0300] "GET /cormun/static/gxcfg.js?20173171154619 HTTP/1.1" 304 -
186.103.159.182 - - [13/Apr/2017:08:40:50 -0300] "GET /cormun/static/trlicenciaspermisosadjuntos.js?20173171154971 HTTP/1.1" 304 -
186.103.159.182 - - [13/Apr/2017:08:40:51 -0300] "GET /cormun/servlet/trlicenciaspermisosadjuntos?10875801,20170413000000,L, HTTP/1.1" 200 6412
186.67.84.234 - - [13/Apr/2017:08:40:52 -0300] "POST /cormun/servlet/solicitudot?gx-no-cache=1492083717796 HTTP/1.1" 200 1291
186.67.84.234 - - [13/Apr/2017:08:40:53 -0300] "POST /cormun/servlet/solicitudot?gx-no-cache=1492083717973 HTTP/1.1" 200 38
186.103.159.182 - - [13/Apr/2017:08:40:57 -0300] "GET /cormun/servlet/licenciaspermisosadjuntos?INS,10875801,L,20170413000000,, HTTP/1.1" 200 5710
186.103.159.182 - - [13/Apr/2017:08:40:57 -0300] "GET /cormun/static/gxcfg.js?201731711421170 HTTP/1.1" 304 -
186.103.159.182 - - [13/Apr/2017:08:40:57 -0300] "GET /cormun/static/licenciaspermisosadjuntos.js?201731711421181 HTTP/1.1" 304 -
186.103.159.182 - - [13/Apr/2017:08:40:57 -0300] "GET /cormun/static/about:blank HTTP/1.1" 404 1011
186.103.159.182 - - [13/Apr/2017:08:40:58 -0300] "GET /cormun/servlet/licenciaspermisosadjuntos?INS,10875801,L,20170413000000,, HTTP/1.1" 200 5699
190.151.99.26 - - [13/Apr/2017:08:41:03 -0300] "POST /cormun/servlet/solicitudot?gx-no-cache=1492083728169 HTTP/1.1" 200 1290
190.151.99.26 - - [13/Apr/2017:08:41:03 -0300] "POST /cormun/servlet/solicitudot?gx-no-cache=1492083728428 HTTP/1.1" 200 38
186.103.159.182 - - [13/Apr/2017:08:41:12 -0300] "POST /cormun/servlet/licenciaspermisosadjuntos?6ef58480fe550bb4497da2db696350f0,INS,10875801,L,20170413000000,, HTTP/1.1" 200 116
186.103.159.182 - - [13/Apr/2017:08:41:13 -0300] "GET /cormun/servlet/hpexe_return? HTTP/1.1" 200 1043
186.103.159.182 - - [13/Apr/2017:08:41:13 -0300] "GET /cormun/servlet/trlicenciaspermisosadjuntos?10875801,20170413000000,L, HTTP/1.1" 200 6902
186.103.159.182 - - [13/Apr/2017:08:41:14 -0300] "GET /cormun/servlet/trlicenciaspermisosadjuntos?10875801,20170413000000,L, HTTP/1.1" 200 6899
186.103.159.182 - - [13/Apr/2017:08:41:17 -0300] "POST /cormun/servlet/trlicenciaspermisosadjuntos?6ef58480fe550bb4497da2db696350f0,10875801,20170413000000,L,,gx-no-cache=1492083743281 HTTP/1.1" 200 90
186.103.159.182 - - [13/Apr/2017:08:41:17 -0300] "GET /cormun/servlet/hpexe_link HTTP/1.1" 200 986
186.103.159.182 - - [13/Apr/2017:08:41:17 -0300] "GET /cormun/servlet/trlicencias HTTP/1.1" 200 8079
186.103.159.182 - - [13/Apr/2017:08:41:18 -0300] "GET /cormun/servlet/trlicencias HTTP/1.1" 200 8077
186.103.159.182 - - [13/Apr/2017:08:41:42 -0300] "POST /cormun/servlet/trlicencias?6ef58480fe550bb4497da2db696350f0,gx-no-cache=1492083768456 HTTP/1.1" 200 4236
186.103.159.182 - - [13/Apr/2017:08:41:42 -0300] "GET /cormun/static/Shared/jqueryui/images/ui-bg_highlight-soft_100_c6c2c8_1x100.png HTTP/1.1" 404 1117
186.103.159.182 - - [13/Apr/2017:08:41:42 -0300] "GET /cormun/static/Shared/jqueryui/images/ui-bg_flat_55_fafafa_40x100.png HTTP/1.1" 404 1097
186.103.159.182 - - [13/Apr/2017:08:41:42 -0300] "GET /cormun/static/Shared/jqueryui/images/ui-icons_8d78a5_256x240.png HTTP/1.1" 404 1089
186.103.159.182 - - [13/Apr/2017:08:41:42 -0300] "GET /cormun/static/Shared/jqueryui/images/ui-icons_82798d_256x240.png HTTP/1.1" 404 1089
192.168.10.13 - - [13/Apr/2017:08:41:43 -0300] "GET / HTTP/1.1" 200 11217
186.103.159.182 - - [13/Apr/2017:08:41:53 -0300] "GET /cormun/servlet/trpermisosgoce? HTTP/1.1" 200 7685
186.103.159.182 - - [13/Apr/2017:08:41:53 -0300] "GET /cormun/static/gxcfg.js?20174111153177 HTTP/1.1" 200 953
186.103.159.182 - - [13/Apr/2017:08:41:54 -0300] "GET /cormun/static/trpermisosgoce.js?20174111153217 HTTP/1.1" 200 32899
186.103.159.182 - - [13/Apr/2017:08:41:55 -0300] "GET /cormun/servlet/trpermisosgoce? HTTP/1.1" 200 7685
186.67.84.234 - - [13/Apr/2017:08:42:30 -0300] "POST /cormun/servlet/solicitudot?gx-no-cache=1492083815888 HTTP/1.1" 200 1290
186.67.84.234 - - [13/Apr/2017:08:42:31 -0300] "POST /cormun/servlet/solicitudot?gx-no-cache=1492083816058 HTTP/1.1" 200 38
186.67.84.234 - - [13/Apr/2017:08:42:37 -0300] "GET /cormun/servlet/solicitudot?6e0b64ae2b1cc21dc7ce1104ecc42980f7172d4d9c3ee412b97090a465a41bf77cf898ac24c91517a0136b7338e5d7d70fdf572cfa0fc755df1151b0a07648d4d36aa1151dd67b115e2b764b7fb3a06f12c8ab0d4260112abe32ed148944e4257e06578ce6898881576e17a51724e1ba,gx-no-cache=1492083822222 HTTP/1.1" 200 29
186.67.84.234 - - [13/Apr/2017:08:42:37 -0300] "POST /cormun/servlet/solicitudot?gx-no-cache=1492083822310 HTTP/1.1" 200 1273
186.67.84.234 - - [13/Apr/2017:08:42:37 -0300] "POST /cormun/servlet/solicitudot?gx-no-cache=1492083822432 HTTP/1.1" 200 1157
186.67.84.234 - - [13/Apr/2017:08:42:37 -0300] "GET /cormun/static/menuarrow.gif HTTP/1.1" 404 1015
192.168.10.13 - - [13/Apr/2017:08:42:43 -0300] "GET / HTTP/1.1" 200 11217
186.103.159.182 - - [13/Apr/2017:08:42:52 -0300] "GET /cormun/servlet/trsolicitudot? HTTP/1.1" 200 8287
186.103.159.182 - - [13/Apr/2017:08:42:52 -0300] "GET /cormun/static/gxcfg.js?201731711505139 HTTP/1.1" 304 -
186.103.159.182 - - [13/Apr/2017:08:42:52 -0300] "GET /cormun/static/trsolicitudot.js?20173171151116 HTTP/1.1" 304 -
186.103.159.182 - - [13/Apr/2017:08:42:54 -0300] "GET /cormun/servlet/trsolicitudot? HTTP/1.1" 200 8287
186.103.159.182 - - [13/Apr/2017:08:43:18 -0300] "GET /cormun/servlet/hlogin HTTP/1.1" 200 1722
192.168.10.13 - - [13/Apr/2017:08:43:43 -0300] "GET / HTTP/1.1" 200 11217
186.67.84.234 - - [13/Apr/2017:08:44:24 -0300] "POST /cormun/servlet/solicitudot?gx-no-cache=1492083929088 HTTP/1.1" 200 1273
186.67.84.234 - - [13/Apr/2017:08:44:24 -0300] "POST /cormun/servlet/solicitudot?gx-no-cache=1492083929291 HTTP/1.1" 200 1157
192.168.10.13 - - [13/Apr/2017:08:44:43 -0300] "GET / HTTP/1.1" 200 11217
186.103.196.84 - - [13/Apr/2017:08:45:04 -0300] "GET /cormun/servlet/solicitudot?6e0b64ae2b1cc21dc7ce1104ecc42980dcc1830d0f10225a5b479ef0164d0ffe140af165a9cd1349791ac638e4bf660e5e877f369627f766aa44ae912bf93992e19ebaee00adee291aea0afedb2b641f2175966049d79dbee4f9da6a8fd6e5fefcc9044e76d31052b1b5a0df61f06be317ca86e1f7ea1205e852881aefac857111a5c112442e5512e840ed39a98add53183417489081f2613e0e6b1d091a21dd7022d13b70a51134670825473e5e87d8,gx-no-cache=1492083969786 HTTP/1.1" 200 30
186.103.196.84 - - [13/Apr/2017:08:45:05 -0300] "POST /cormun/servlet/solicitudot?adc5115c1db90cd83e146e50788ce9c7,INS,0,0,,gx-no-cache=1492083969901 HTTP/1.1" 200 11334
190.151.124.170 - - [13/Apr/2017:08:45:05 -0300] "GET /cormun/static/Shared/jqueryui/images/ui-bg_flat_55_994d53_40x100.png HTTP/1.1" 404 1097
190.151.99.26 - - [13/Apr/2017:08:45:05 -0300] "GET /cormun/static/Shared/jqueryui/images/ui-icons_82798d_256x240.png HTTP/1.1" 404 1089
186.103.196.84 - - [13/Apr/2017:08:45:05 -0300] "GET /cormun/static/Shared/jqueryui/images/ui-bg_highlight-soft_100_c6c2c8_1x100.png HTTP/1.1" 404 1117
186.103.196.84 - - [13/Apr/2017:08:45:05 -0300] "GET /cormun/static/Shared/jqueryui/images/ui-icons_ebccce_256x240.png HTTP/1.1" 404 1089
190.151.99.26 - - [13/Apr/2017:08:45:40 -0300] "POST /cormun/servlet/solicitudot?adc5115c1db90cd83e146e50788ce9c7,INS,0,0,,gx-no-cache=1492084004971 HTTP/1.1" 200 11380
192.168.10.13 - - [13/Apr/2017:08:45:43 -0300] "GET / HTTP/1.1" 200 11217
200.54.247.69 - - [13/Apr/2017:08:45:56 -0300] "GET /cormun/servlet/hlogin HTTP/1.1" 200 1729
200.54.247.69 - - [13/Apr/2017:08:45:56 -0300] "GET /cormun/static/Resources/Spanish/PXTools.css?11294912 HTTP/1.1" 304 -
200.54.247.69 - - [13/Apr/2017:08:45:56 -0300] "GET /cormun/static/gxtimezone.js?85251 HTTP/1.1" 304 -
200.54.247.69 - - [13/Apr/2017:08:45:56 -0300] "GET /cormun/static/gxcfg.js?201741110203197 HTTP/1.1" 200 953
200.54.247.69 - - [13/Apr/2017:08:45:56 -0300] "GET /cormun/static/messages.spa.js?85251 HTTP/1.1" 200 30736
200.54.247.69 - - [13/Apr/2017:08:45:56 -0300] "GET /cormun/static/hlogin.js?201741110203211 HTTP/1.1" 304 -
186.103.196.84 - - [13/Apr/2017:08:46:03 -0300] "GET /cormun/servlet/solicitudot?6e0b64ae2b1cc21dc7ce1104ecc42980dcc1830d0f10225a5b479ef0164d0ffe140af165a9cd1349791ac638e4bf660e5e877f369627f766aa44ae912bf93992e19ebaee00adee291aea0afedb2b641f2175966049d79dbee4f9da6a8fd6e5fefcc9044e76d31052b1b5a0df61f06be317ca86e1f7ea1205e852881aefac857111a5c112442e5512e840ed39a98add53183417489081f2613e0e6b1d091a21dd3b7466efd9c39b96fa69ab1fd6619989,gx-no-cache=1492084028401 HTTP/1.1" 200 30
186.103.196.84 - - [13/Apr/2017:08:46:04 -0300] "POST /cormun/servlet/solicitudot?adc5115c1db90cd83e146e50788ce9c7,INS,0,0,,gx-no-cache=1492084028854 HTTP/1.1" 200 11430
200.54.247.69 - - [13/Apr/2017:08:46:06 -0300] "POST /cormun/servlet/hlogin?c426fa66390d3ab66a514d498a0139dd,gx-no-cache=1492084031921 HTTP/1.1" 200 90
200.54.247.69 - - [13/Apr/2017:08:46:06 -0300] "GET /cormun/servlet/hpexe_link HTTP/1.1" 200 956
200.54.247.69 - - [13/Apr/2017:08:46:06 -0300] "GET /cormun/static/gxcfg.js?201731711483381 HTTP/1.1" 304 -
200.54.247.69 - - [13/Apr/2017:08:46:06 -0300] "GET /cormun/static/hpexe_link.js?201731711483384 HTTP/1.1" 304 -
200.54.247.69 - - [13/Apr/2017:08:46:06 -0300] "GET /cormun/servlet/hhome HTTP/1.1" 200 4027
200.54.247.69 - - [13/Apr/2017:08:46:06 -0300] "GET /cormun/static/gxcfg.js?201731711483497 HTTP/1.1" 304 -
200.54.247.69 - - [13/Apr/2017:08:46:06 -0300] "GET /cormun/static/hhome.js?20173171148352 HTTP/1.1" 304 -
200.54.247.69 - - [13/Apr/2017:08:46:06 -0300] "GET /cormun/static/hwchdr01.js?201731711335950 HTTP/1.1" 304 -
200.54.247.69 - - [13/Apr/2017:08:46:06 -0300] "GET /cormun/static/hpexe_recentlink.js?201610171694390 HTTP/1.1" 304 -
200.54.247.69 - - [13/Apr/2017:08:46:06 -0300] "GET /cormun/static/hpexe_scripts.js?201731711335890 HTTP/1.1" 304 -
200.54.247.69 - - [13/Apr/2017:08:46:06 -0300] "GET /cormun/static/hpexe_messagepopupcomponent.js?20161017169425 HTTP/1.1" 304 -
200.54.247.69 - - [13/Apr/2017:08:46:06 -0300] "GET /cormun/static/hpexe_messagecontroller.js?201610171694323 HTTP/1.1" 304 -
200.54.247.69 - - [13/Apr/2017:08:46:06 -0300] "GET /cormun/static/hpexe_messagegenexuscomponent.js?201731711335537 HTTP/1.1" 304 -
200.54.247.69 - - [13/Apr/2017:08:46:06 -0300] "GET /cormun/static/cmcontrolpreferences.js?201731711335852 HTTP/1.1" 304 -
200.54.247.69 - - [13/Apr/2017:08:46:06 -0300] "GET /cormun/static/hmpwkw03.js?201731711485354 HTTP/1.1" 304 -
200.54.247.69 - - [13/Apr/2017:08:46:06 -0300] "GET /cormun/servlet/hhome HTTP/1.1" 200 4023
200.54.247.69 - - [13/Apr/2017:08:46:10 -0300] "GET /cormun/servlet/trpermisosgoce? HTTP/1.1" 200 13510
200.54.247.69 - - [13/Apr/2017:08:46:10 -0300] "GET /cormun/static/gxcfg.js?20174111153177 HTTP/1.1" 304 -
200.54.247.69 - - [13/Apr/2017:08:46:10 -0300] "GET /cormun/static/calendar.js?85251 HTTP/1.1" 304 -
200.54.247.69 - - [13/Apr/2017:08:46:10 -0300] "GET /cormun/static/calendar-setup.js?85251 HTTP/1.1" 304 -
200.54.247.69 - - [13/Apr/2017:08:46:10 -0300] "GET /cormun/static/calendar-es.js?85251 HTTP/1.1" 304 -
200.54.247.69 - - [13/Apr/2017:08:46:10 -0300] "GET /cormun/static/trpermisosgoce.js?20174111153217 HTTP/1.1" 304 -
200.54.247.69 - - [13/Apr/2017:08:46:11 -0300] "GET /cormun/servlet/trpermisosgoce? HTTP/1.1" 200 13511
200.54.247.69 - - [13/Apr/2017:08:46:12 -0300] "GET /cormun/servlet/permisogoce?INS,0,,, HTTP/1.1" 200 6797
200.54.247.69 - - [13/Apr/2017:08:46:12 -0300] "GET /cormun/static/gxcfg.js?201741111325459 HTTP/1.1" 304 -
200.54.247.69 - - [13/Apr/2017:08:46:12 -0300] "GET /cormun/static/gxdec.js?85251 HTTP/1.1" 304 -
200.54.247.69 - - [13/Apr/2017:08:46:13 -0300] "GET /cormun/static/permisogoce.js?20174111132557 HTTP/1.1" 304 -
200.54.247.69 - - [13/Apr/2017:08:46:13 -0300] "GET /cormun/servlet/permisogoce?INS,0,,, HTTP/1.1" 200 6797
200.54.247.69 - - [13/Apr/2017:08:46:14 -0300] "GET /cormun/servlet/prfichaempleado?,MD,,gxPopupLevel%3D0%3B HTTP/1.1" 200 8869
200.54.247.69 - - [13/Apr/2017:08:46:14 -0300] "GET /cormun/static/gxcfg.js?2017319125415 HTTP/1.1" 304 -
200.54.247.69 - - [13/Apr/2017:08:46:14 -0300] "GET /cormun/static/menusearch.js?201610171694467 HTTP/1.1" 304 -
200.54.247.69 - - [13/Apr/2017:08:46:14 -0300] "GET /cormun/static/hmpwkw011.js?201731711483558 HTTP/1.1" 304 -
200.54.247.69 - - [13/Apr/2017:08:46:14 -0300] "GET /cormun/static/prfichaempleado.js?20173191254344 HTTP/1.1" 304 -
200.54.247.69 - - [13/Apr/2017:08:46:23 -0300] "POST /cormun/servlet/prfichaempleado?c426fa66390d3ab66a514d498a0139dd,,MD,,gxPopupLevel%3D0%3B,gx-no-cache=1492084049251 HTTP/1.1" 200 3416
200.54.247.69 - - [13/Apr/2017:08:46:26 -0300] "GET /cormun/servlet/permisogoce?749c0c7b03dc97cf5c0ea0e1fc37fca4b29a3b5ac29ff2a36ea2975620be3de913aa09c06ff0addaa4cf7650d427c874,gx-no-cache=1492084051911 HTTP/1.1" 200 78
190.151.99.26 - - [13/Apr/2017:08:46:31 -0300] "GET /cormun/servlet/solicitudot?6e0b64ae2b1cc21dc7ce1104ecc42980dcc1830d0f10225a5b479ef0164d0ffe140af165a9cd1349791ac638e4bf660e5e877f369627f766aa44ae912bf93992e19ebaee00adee291aea0afedb2b641f2175966049d79dbee4f9da6a8fd6e5fefcc9044e76d31052b1b5a0df61f06be317ca86e1f7ea1205e852881aefac857111a5c112442e5512e840ed39a98add537bc786c47899b421167b519aad046ae0c559c7cf2ed8ad421dea377128a1ea96,gx-no-cache=1492084056312 HTTP/1.1" 200 30
190.151.99.26 - - [13/Apr/2017:08:46:31 -0300] "POST /cormun/servlet/solicitudot?adc5115c1db90cd83e146e50788ce9c7,INS,0,0,,gx-no-cache=1492084056412 HTTP/1.1" 200 11457
200.54.247.69 - - [13/Apr/2017:08:46:35 -0300] "GET /cormun/servlet/permisogoce?749c0c7b03dc97cf5c0ea0e1fc37fca42da4619ac4f9da016301552fae7167b08f51c3a2a6a353828c6ba51306df88429cf87c97c98398a51080c188afbedce9,gx-no-cache=1492084061885 HTTP/1.1" 200 48
186.103.159.230 - - [13/Apr/2017:08:46:40 -0300] "GET /cormun/servlet/hlogin HTTP/1.1" 200 1723
186.103.159.230 - - [13/Apr/2017:08:46:40 -0300] "GET /cormun/static/Resources/Spanish/PXTools.css?11294912 HTTP/1.1" 304 -
186.103.159.230 - - [13/Apr/2017:08:46:40 -0300] "GET /cormun/static/gxtimezone.js?85251 HTTP/1.1" 304 -
186.103.159.230 - - [13/Apr/2017:08:46:40 -0300] "GET /cormun/static/gxcfg.js?201741110203197 HTTP/1.1" 200 953
186.103.159.230 - - [13/Apr/2017:08:46:41 -0300] "GET /cormun/static/messages.spa.js?85251 HTTP/1.1" 200 30736
186.103.159.230 - - [13/Apr/2017:08:46:41 -0300] "GET /cormun/static/hlogin.js?201741110203211 HTTP/1.1" 200 2136
192.168.10.13 - - [13/Apr/2017:08:46:43 -0300] "GET / HTTP/1.1" 200 11217
186.103.159.230 - - [13/Apr/2017:08:46:43 -0300] "GET /cormun/servlet/hlogin HTTP/1.1" 200 1723
200.54.247.69 - - [13/Apr/2017:08:46:49 -0300] "POST /cormun/servlet/permisogoce?c426fa66390d3ab66a514d498a0139dd,INS,0,,,,gx-no-cache=1492084075490 HTTP/1.1" 200 93
200.54.247.69 - - [13/Apr/2017:08:46:49 -0300] "GET /cormun/servlet/hpexe_return? HTTP/1.1" 200 1013
200.54.247.69 - - [13/Apr/2017:08:46:50 -0300] "GET /cormun/static/Resources/Spanish/PXTools.css?167811 HTTP/1.1" 304 -
200.54.247.69 - - [13/Apr/2017:08:46:50 -0300] "GET /cormun/static/gxcfg.js?2016101716175148 HTTP/1.1" 304 -
200.54.247.69 - - [13/Apr/2017:08:46:50 -0300] "GET /cormun/static/hpexe_return.js?2016101716175153 HTTP/1.1" 304 -
200.54.247.69 - - [13/Apr/2017:08:46:50 -0300] "GET /cormun/servlet/trpermisosgoce HTTP/1.1" 200 13698
200.54.247.69 - - [13/Apr/2017:08:46:51 -0300] "GET /cormun/servlet/trpermisosgoce HTTP/1.1" 200 13718
200.54.247.69 - - [13/Apr/2017:08:46:55 -0300] "GET /cormun/servlet/trpermisosadjuntos?15124809,20170413094124,P, HTTP/1.1" 200 6340
200.54.247.69 - - [13/Apr/2017:08:46:55 -0300] "GET /cormun/static/gxcfg.js?201731711542659 HTTP/1.1" 304 -
200.54.247.69 - - [13/Apr/2017:08:46:55 -0300] "GET /cormun/static/trpermisosadjuntos.js?201731711542990 HTTP/1.1" 304 -
200.54.247.69 - - [13/Apr/2017:08:46:55 -0300] "GET /cormun/servlet/trpermisosadjuntos?15124809,20170413094124,P, HTTP/1.1" 200 6340
200.54.247.69 - - [13/Apr/2017:08:46:56 -0300] "GET /cormun/servlet/permisosadjuntos?INS,15124809,P,20170413094124,, HTTP/1.1" 200 5668
200.54.247.69 - - [13/Apr/2017:08:46:56 -0300] "GET /cormun/static/gxcfg.js?201741111155774 HTTP/1.1" 304 -
200.54.247.69 - - [13/Apr/2017:08:46:56 -0300] "GET /cormun/static/permisosadjuntos.js?201741111155784 HTTP/1.1" 304 -
200.54.247.69 - - [13/Apr/2017:08:46:56 -0300] "GET /cormun/static/about:blank HTTP/1.1" 404 1011
186.103.159.230 - - [13/Apr/2017:08:46:57 -0300] "POST /cormun/servlet/hlogin?c45909cfd3d5905c3dda5dbb3e0adcd3,gx-no-cache=1492084078719 HTTP/1.1" 200 90
186.103.159.230 - - [13/Apr/2017:08:46:57 -0300] "GET /cormun/servlet/hpexe_link HTTP/1.1" 200 953
200.54.247.69 - - [13/Apr/2017:08:46:57 -0300] "GET /cormun/servlet/permisosadjuntos?INS,15124809,P,20170413094124,, HTTP/1.1" 200 5658
186.103.159.230 - - [13/Apr/2017:08:46:57 -0300] "GET /cormun/static/gxcfg.js?201731711483381 HTTP/1.1" 200 953
186.103.159.230 - - [13/Apr/2017:08:46:57 -0300] "GET /cormun/static/hpexe_link.js?201731711483384 HTTP/1.1" 304 -
186.103.159.230 - - [13/Apr/2017:08:46:57 -0300] "GET /cormun/servlet/hhome HTTP/1.1" 200 3973
186.103.159.230 - - [13/Apr/2017:08:46:57 -0300] "GET /cormun/static/gxcfg.js?201731711483497 HTTP/1.1" 200 953
186.103.159.230 - - [13/Apr/2017:08:46:57 -0300] "GET /cormun/static/hhome.js?20173171148352 HTTP/1.1" 304 -
186.103.159.230 - - [13/Apr/2017:08:46:57 -0300] "GET /cormun/static/hwchdr01.js?201731711335950 HTTP/1.1" 304 -
186.103.159.230 - - [13/Apr/2017:08:46:57 -0300] "GET /cormun/static/hpexe_recentlink.js?201610171694390 HTTP/1.1" 304 -
186.103.159.230 - - [13/Apr/2017:08:46:57 -0300] "GET /cormun/static/hpexe_scripts.js?201731711335890 HTTP/1.1" 304 -
186.103.159.230 - - [13/Apr/2017:08:46:57 -0300] "GET /cormun/static/hpexe_messagecontroller.js?201610171694323 HTTP/1.1" 304 -
186.103.159.230 - - [13/Apr/2017:08:46:57 -0300] "GET /cormun/static/hpexe_messagepopupcomponent.js?20161017169425 HTTP/1.1" 304 -
186.103.159.230 - - [13/Apr/2017:08:46:57 -0300] "GET /cormun/static/hpexe_messagegenexuscomponent.js?201731711335537 HTTP/1.1" 304 -
186.103.159.230 - - [13/Apr/2017:08:46:57 -0300] "GET /cormun/static/cmcontrolpreferences.js?201731711335852 HTTP/1.1" 304 -
186.103.159.230 - - [13/Apr/2017:08:46:57 -0300] "GET /cormun/static/hmpwkw03.js?201731711485354 HTTP/1.1" 304 -
186.103.159.230 - - [13/Apr/2017:08:46:58 -0300] "GET /cormun/servlet/hhome HTTP/1.1" 200 3971
186.67.84.234 - - [13/Apr/2017:08:47:00 -0300] "GET /cormun/servlet/solicitudot?6e0b64ae2b1cc21dc7ce1104ecc42980dcc1830d0f10225a5b479ef0164d0ffe140af165a9cd1349791ac638e4bf660e5e877f369627f766aa44ae912bf93992e19ebaee00adee291aea0afedb2b641f2175966049d79dbee4f9da6a8fd6e5fefcc9044e76d31052b1b5a0df61f06be317ca86e1f7ea1205e852881aefac857111a5c112442e5512e840ed39a98add53183417489081f2613e0e6b1d091a21dd4bd89283dedb9261d830dbeac9c29f0b,gx-no-cache=1492084085638 HTTP/1.1" 200 30
186.67.84.234 - - [13/Apr/2017:08:47:00 -0300] "POST /cormun/servlet/solicitudot?adc5115c1db90cd83e146e50788ce9c7,INS,0,0,,gx-no-cache=1492084085703 HTTP/1.1" 200 11533
186.103.159.230 - - [13/Apr/2017:08:47:01 -0300] "GET /cormun/servlet/trsolicitudot? HTTP/1.1" 200 6945
186.103.159.230 - - [13/Apr/2017:08:47:01 -0300] "GET /cormun/static/gxcfg.js?201731711505139 HTTP/1.1" 200 953
186.103.159.230 - - [13/Apr/2017:08:47:01 -0300] "GET /cormun/static/trsolicitudot.js?20173171151116 HTTP/1.1" 304 -
186.103.159.230 - - [13/Apr/2017:08:47:01 -0300] "GET /cormun/servlet/trsolicitudot? HTTP/1.1" 200 6944
186.103.159.230 - - [13/Apr/2017:08:47:04 -0300] "GET /cormun/servlet/solicitudot?INS,0,0, HTTP/1.1" 200 12777
186.103.159.230 - - [13/Apr/2017:08:47:05 -0300] "GET /cormun/static/Resources/Spanish/PXTools.css?18365030 HTTP/1.1" 304 -
186.103.159.230 - - [13/Apr/2017:08:47:05 -0300] "GET /cormun/static/gxcfg.js?20171191042720 HTTP/1.1" 200 953
186.103.159.230 - - [13/Apr/2017:08:47:05 -0300] "GET /cormun/static/solicitudot.js?2017119104297 HTTP/1.1" 304 -
186.103.159.230 - - [13/Apr/2017:08:47:05 -0300] "GET /cormun/servlet/solicitudot?INS,0,0, HTTP/1.1" 200 12782
190.151.124.170 - - [13/Apr/2017:08:47:14 -0300] "GET /cormun/servlet/solicitudot?6e0b64ae2b1cc21dc7ce1104ecc42980dcc1830d0f10225a5b479ef0164d0ffe140af165a9cd1349791ac638e4bf660e5e877f369627f766aa44ae912bf93992e19ebaee00adee291aea0afedb2b641f2175966049d79dbee4f9da6a8fd6e5fefcc9044e76d31052b1b5a0df61f06be317ca86e1f7ea1205e852881aefac857111a5c112442e5512e840ed39a98add53183417489081f2613e0e6b1d091a21dd6d96c126993d4a9b57af2b7c83f448f6,gx-no-cache=1492084099854 HTTP/1.1" 200 30
190.151.124.170 - - [13/Apr/2017:08:47:15 -0300] "POST /cormun/servlet/solicitudot?adc5115c1db90cd83e146e50788ce9c7,INS,0,0,,gx-no-cache=1492084099974 HTTP/1.1" 200 11585
200.54.247.69 - - [13/Apr/2017:08:47:22 -0300] "POST /cormun/servlet/permisosadjuntos?c426fa66390d3ab66a514d498a0139dd,INS,15124809,P,20170413094124,, HTTP/1.1" 200 116
200.54.247.69 - - [13/Apr/2017:08:47:22 -0300] "GET /cormun/servlet/hpexe_return? HTTP/1.1" 200 1039
200.54.247.69 - - [13/Apr/2017:08:47:23 -0300] "GET /cormun/servlet/trpermisosadjuntos?15124809,20170413094124,P, HTTP/1.1" 200 6789
186.103.196.84 - - [13/Apr/2017:08:47:23 -0300] "GET /cormun/servlet/solicitudot?6e0b64ae2b1cc21dc7ce1104ecc42980dcc1830d0f10225a5b479ef0164d0ffe140af165a9cd1349791ac638e4bf660e5e877f369627f766aa44ae912bf93992e19ebaee00adee291aea0afedb2b641f2175966049d79dbee4f9da6a8fd6e5fefcc9044e76d31052b1b5a0df61f06be317ca86e1f7ea1205e852881aefac857111a5c112442e5512e840ed39a98add53183417489081f2613e0e6b1d091a21dd2cd98c16b7be176c9742826b9beeaa99,gx-no-cache=1492084108465 HTTP/1.1" 200 30
200.54.247.69 - - [13/Apr/2017:08:47:24 -0300] "GET /cormun/servlet/trpermisosadjuntos?15124809,20170413094124,P, HTTP/1.1" 200 6786
186.103.196.84 - - [13/Apr/2017:08:47:24 -0300] "POST /cormun/servlet/solicitudot?adc5115c1db90cd83e146e50788ce9c7,INS,0,0,,gx-no-cache=1492084108654 HTTP/1.1" 200 11650
200.54.247.69 - - [13/Apr/2017:08:47:26 -0300] "POST /cormun/servlet/trpermisosadjuntos?c426fa66390d3ab66a514d498a0139dd,15124809,20170413094124,P,,gx-no-cache=1492084112476 HTTP/1.1" 200 90
200.54.247.69 - - [13/Apr/2017:08:47:26 -0300] "GET /cormun/servlet/hpexe_link HTTP/1.1" 200 986
200.54.247.69 - - [13/Apr/2017:08:47:27 -0300] "GET /cormun/servlet/trpermisosgoce HTTP/1.1" 200 13719
200.54.247.69 - - [13/Apr/2017:08:47:27 -0300] "GET /cormun/servlet/trpermisosgoce HTTP/1.1" 200 13707
200.54.247.69 - - [13/Apr/2017:08:47:30 -0300] "POST /cormun/servlet/trpermisosgoce?c426fa66390d3ab66a514d498a0139dd,gx-no-cache=1492084116131 HTTP/1.1" 200 10801
200.54.247.69 - - [13/Apr/2017:08:47:31 -0300] "GET /cormun/static/Shared/jqueryui/images/ui-bg_highlight-soft_100_c6c2c8_1x100.png HTTP/1.1" 404 1117
200.54.247.69 - - [13/Apr/2017:08:47:31 -0300] "GET /cormun/static/Shared/jqueryui/images/ui-icons_82798d_256x240.png HTTP/1.1" 404 1089
200.54.247.69 - - [13/Apr/2017:08:47:31 -0300] "GET /cormun/static/Shared/jqueryui/images/ui-bg_flat_55_fafafa_40x100.png HTTP/1.1" 404 1097
200.54.247.69 - - [13/Apr/2017:08:47:31 -0300] "GET /cormun/static/Shared/jqueryui/images/ui-icons_8d78a5_256x240.png HTTP/1.1" 404 1089
192.168.10.13 - - [13/Apr/2017:08:47:43 -0300] "GET / HTTP/1.1" 200 11217
186.103.196.90 - - [13/Apr/2017:08:47:44 -0300] "GET /cormun/servlet/solicitudot?6e0b64ae2b1cc21dc7ce1104ecc42980dcc1830d0f10225a5b479ef0164d0ffe140af165a9cd1349791ac638e4bf660e5e877f369627f766aa44ae912bf93992e19ebaee00adee291aea0afedb2b641f2175966049d79dbee4f9da6a8fd6e5fefcc9044e76d31052b1b5a0df61f06be317ca86e1f7ea1205e852881aefac857111a5c112442e5512e840ed39a98add53183417489081f2613e0e6b1d091a21dd7022d13b70a51134670825473e5e87d8,gx-no-cache=1492084129128 HTTP/1.1" 200 30
186.103.196.90 - - [13/Apr/2017:08:47:45 -0300] "POST /cormun/servlet/solicitudot?adc5115c1db90cd83e146e50788ce9c7,INS,0,0,,gx-no-cache=1492084129372 HTTP/1.1" 200 11700
190.151.99.26 - - [13/Apr/2017:08:48:21 -0300] "GET /cormun/servlet/solicitudot?6e0b64ae2b1cc21dc7ce1104ecc42980dcc1830d0f10225a5b479ef0164d0ffe140af165a9cd1349791ac638e4bf660e5e877f369627f766aa44ae912bf93992e19ebaee00adee291aea0afedb2b641f2175966049d79dbee4f9da6a8fd6e5fefcc9044e76d31052b1b5a0df61f06be317ca86e1f7ea1205e852881aefac857111a5c112442e5512e840ed39a98add53183417489081f2613e0e6b1d091a21dd0a2bcf917c87cc5349f9bab2061fa1f8,gx-no-cache=1492084166521 HTTP/1.1" 200 30
190.151.99.26 - - [13/Apr/2017:08:48:22 -0300] "POST /cormun/servlet/solicitudot?adc5115c1db90cd83e146e50788ce9c7,INS,0,0,,gx-no-cache=1492084166654 HTTP/1.1" 200 11736
192.168.10.13 - - [13/Apr/2017:08:48:43 -0300] "GET / HTTP/1.1" 200 11217
186.103.196.90 - - [13/Apr/2017:08:48:45 -0300] "GET /cormun/servlet/solicitudot?6e0b64ae2b1cc21dc7ce1104ecc42980dcc1830d0f10225a5b479ef0164d0ffe140af165a9cd1349791ac638e4bf660e5e877f369627f766aa44ae912bf93992e19ebaee00adee291aea0afedb2b641f2175966049d79dbee4f9da6a8fd6e5fefcc9044e76d31052b1b5a0df61f06be317ca86e1f7ea1205e852881aefac857111a5c112442e5512e840ed39a98add53183417489081f2613e0e6b1d091a21dde498e711f842abc4231ea11c2c2e2449,gx-no-cache=1492084190353 HTTP/1.1" 200 30
192.168.10.96 - - [13/Apr/2017:08:48:45 -0300] "GET /cormun/servlet/trlicenciasgenerales? HTTP/1.1" 200 13085
192.168.10.96 - - [13/Apr/2017:08:48:45 -0300] "GET /cormun/static/gxcfg.js?201741111444020 HTTP/1.1" 200 953
192.168.10.96 - - [13/Apr/2017:08:48:45 -0300] "GET /cormun/static/trlicenciasgenerales.js?201741111444553 HTTP/1.1" 200 34807
186.103.196.90 - - [13/Apr/2017:08:48:45 -0300] "POST /cormun/servlet/solicitudot?adc5115c1db90cd83e146e50788ce9c7,INS,0,0,,gx-no-cache=1492084190538 HTTP/1.1" 200 11773
192.168.10.96 - - [13/Apr/2017:08:48:46 -0300] "GET /cormun/servlet/trlicenciasgenerales? HTTP/1.1" 200 13091
192.168.10.96 - - [13/Apr/2017:08:48:50 -0300] "POST /cormun/servlet/trlicenciasgenerales?c9ed4330b797d469d7382897de005c87,,gx-no-cache=1492087405522 HTTP/1.1" 200 7102
200.86.184.230 - - [13/Apr/2017:08:48:54 -0300] "GET /cormun/servlet/hlogin HTTP/1.1" 200 1719
200.86.184.230 - - [13/Apr/2017:08:48:54 -0300] "GET /cormun/static/gxcfg.js?201741110203197 HTTP/1.1" 304 -
200.86.184.230 - - [13/Apr/2017:08:48:54 -0300] "GET /cormun/static/messages.spa.js?85251 HTTP/1.1" 304 -
200.86.184.230 - - [13/Apr/2017:08:48:54 -0300] "GET /cormun/static/hlogin.js?201741110203211 HTTP/1.1" 304 -
192.168.10.96 - - [13/Apr/2017:08:48:54 -0300] "POST /cormun/servlet/trlicenciasgenerales?c9ed4330b797d469d7382897de005c87,,gx-no-cache=1492087409466 HTTP/1.1" 200 10567
190.151.99.26 - - [13/Apr/2017:08:49:00 -0300] "GET /cormun/servlet/solicitudot?6e0b64ae2b1cc21dc7ce1104ecc42980dcc1830d0f10225a5b479ef0164d0ffe140af165a9cd1349791ac638e4bf660e5e877f369627f766aa44ae912bf93992e19ebaee00adee291aea0afedb2b641f2175966049d79dbee4f9da6a8fd6e5fefcc9044e76d31052b1b5a0df61f06be317ca86e1f7ea1205e852881aefac857111a5c112442e5512e840ed39a98add53183417489081f2613e0e6b1d091a21dd2317ca0b6b77b4f16cc1f0af764a5434,gx-no-cache=1492084205575 HTTP/1.1" 200 30
190.151.99.26 - - [13/Apr/2017:08:49:00 -0300] "POST /cormun/servlet/solicitudot?adc5115c1db90cd83e146e50788ce9c7,INS,0,0,,gx-no-cache=1492084205690 HTTP/1.1" 200 11840
192.168.10.96 - - [13/Apr/2017:08:49:16 -0300] "POST /cormun/servlet/trlicenciasgenerales?c9ed4330b797d469d7382897de005c87,,gx-no-cache=1492087431339 HTTP/1.1" 200 10567
200.54.247.69 - - [13/Apr/2017:08:49:19 -0300] "GET /cormun/servlet/trpermisosgoce? HTTP/1.1" 200 13501
200.54.247.69 - - [13/Apr/2017:08:49:20 -0300] "GET /cormun/servlet/trpermisosgoce? HTTP/1.1" 200 13506
192.168.10.13 - - [13/Apr/2017:08:49:43 -0300] "GET / HTTP/1.1" 200 11217
190.151.124.170 - - [13/Apr/2017:08:49:47 -0300] "GET /cormun/servlet/solicitudot?6e0b64ae2b1cc21dc7ce1104ecc42980dcc1830d0f10225a5b479ef0164d0ffe140af165a9cd1349791ac638e4bf660e5e877f369627f766aa44ae912bf93992e19ebaee00adee291aea0afedb2b641f2175966049d79dbee4f9da6a8fd6e5fefcc9044e76d31052b1b5a0df61f06be317ca86e1f7ea1205e852881aefac857111a5c112442e5512e840ed39a98add53183417489081f2613e0e6b1d091a21dde498e711f842abc4231ea11c2c2e2449,gx-no-cache=1492084252479 HTTP/1.1" 200 30
190.151.124.170 - - [13/Apr/2017:08:49:47 -0300] "POST /cormun/servlet/solicitudot?adc5115c1db90cd83e146e50788ce9c7,INS,0,0,,gx-no-cache=1492084252648 HTTP/1.1" 200 11969
200.54.247.69 - - [13/Apr/2017:08:49:50 -0300] "GET /cormun/servlet/hlogin HTTP/1.1" 200 1729
200.54.247.69 - - [13/Apr/2017:08:50:07 -0300] "POST /cormun/servlet/hlogin?c426fa66390d3ab66a514d498a0139dd,gx-no-cache=1492084273607 HTTP/1.1" 200 90
200.54.247.69 - - [13/Apr/2017:08:50:07 -0300] "GET /cormun/servlet/hpexe_link HTTP/1.1" 200 961
200.54.247.69 - - [13/Apr/2017:08:50:08 -0300] "GET /cormun/servlet/trpermisosgoce HTTP/1.1" 200 13509
200.54.247.69 - - [13/Apr/2017:08:50:08 -0300] "GET /cormun/servlet/trpermisosgoce HTTP/1.1" 200 13509
190.151.124.170 - - [13/Apr/2017:08:50:09 -0300] "GET /cormun/servlet/solicitudot?6e0b64ae2b1cc21dc7ce1104ecc42980dcc1830d0f10225a5b479ef0164d0ffe140af165a9cd1349791ac638e4bf660e5e877f369627f766aa44ae912bf93992e19ebaee00adee291aea0afedb2b641f2175966049d79dbee4f9da6a8fd6e5fefcc9044e76d31052b1b5a0df61f06be317ca86e1f7ea1205e852881aefac857111a5c112442e5512e840ed39a98add53183417489081f2613e0e6b1d091a21dd7022d13b70a51134670825473e5e87d8,gx-no-cache=1492084274339 HTTP/1.1" 200 30
190.151.124.170 - - [13/Apr/2017:08:50:09 -0300] "POST /cormun/servlet/solicitudot?adc5115c1db90cd83e146e50788ce9c7,INS,0,0,,gx-no-cache=1492084274432 HTTP/1.1" 200 12025
200.54.247.69 - - [13/Apr/2017:08:50:17 -0300] "GET /cormun/servlet/permisogoce?INS,0,,, HTTP/1.1" 200 6798
200.54.247.69 - - [13/Apr/2017:08:50:18 -0300] "GET /cormun/servlet/permisogoce?INS,0,,, HTTP/1.1" 200 6798
200.54.247.69 - - [13/Apr/2017:08:50:20 -0300] "GET /cormun/servlet/prfichaempleado?,MD,,gxPopupLevel%3D0%3B HTTP/1.1" 200 8869
200.54.247.69 - - [13/Apr/2017:08:50:24 -0300] "POST /cormun/servlet/prfichaempleado?c426fa66390d3ab66a514d498a0139dd,,MD,,gxPopupLevel%3D0%3B,gx-no-cache=1492084290786 HTTP/1.1" 200 3746
