186.103.156.166 - - [13/Apr/2017:09:29:44 -0300] "POST /cormun/servlet/solicitudot?gx-no-cache=1492090251467 HTTP/1.1" 200 30
186.103.157.42 - - [13/Apr/2017:09:29:53 -0300] "POST /cormun/servlet/solicitudot?gx-no-cache=1492086514322 HTTP/1.1" 200 1273
186.103.157.42 - - [13/Apr/2017:09:29:53 -0300] "POST /cormun/servlet/solicitudot?gx-no-cache=1492086514424 HTTP/1.1" 200 1157
186.103.157.42 - - [13/Apr/2017:09:29:57 -0300] "GET /cormun/static/menuarrow.gif HTTP/1.1" 404 1015
186.103.157.42 - - [13/Apr/2017:09:30:02 -0300] "GET /cormun/servlet/solicitudot?f4e0bf361d0ca47c5506dff3bcf7a5ac80c75236dd55afc23969257916e96a39bd65d9867fddad126cf857a7a3d9c3dda90d6c1ecf4758bfffa3fd4611a3861079cccd7edce096149e4c7bb6c751a1592a53bd1535648c496b0ea743fdd5bee24e22db34e4caf152c1bf56d0e8e2384ccbd18b31f4dcc52f98d4dc2998c77ff92ec309ecccac2d7224786312b32153503dbdd5307b63c5006d0c9214637c61b00504baa4be3fcdf46178b28da55ed5e2,gx-no-cache=1492086524009 HTTP/1.1" 200 30
186.103.156.166 - - [13/Apr/2017:09:30:10 -0300] "POST /cormun/servlet/solicitudot?gx-no-cache=1492090277683 HTTP/1.1" 200 1292
186.103.156.166 - - [13/Apr/2017:09:30:10 -0300] "POST /cormun/servlet/solicitudot?gx-no-cache=1492090277843 HTTP/1.1" 200 38
186.103.156.166 - - [13/Apr/2017:09:30:38 -0300] "GET /cormun/servlet/solicitudot?a294885fbe6113816b73b1141860c42004cd7861413c2e9e662b13ee3ded4aec353e442277ea0ab8cab82f76e79e27e874baabb2b9a3444848ee51bea39adc42584d49241ada3621eaa63b057dd07e0fe05a7606ab67d598159299a04c98717c156980245ec862769827bfc432a9b106b8a69f004df0ffdb6fda4970f302a681fa060f7fafb0e0fc1e871c9eade17af597fb5298fe917775f987fedba055d504,gx-no-cache=1492090305799 HTTP/1.1" 200 29
186.103.156.166 - - [13/Apr/2017:09:30:38 -0300] "POST /cormun/servlet/solicitudot?gx-no-cache=1492090305874 HTTP/1.1" 200 1273
186.103.156.166 - - [13/Apr/2017:09:30:38 -0300] "POST /cormun/servlet/solicitudot?gx-no-cache=1492090305989 HTTP/1.1" 200 1157
200.86.10.241 - - [13/Apr/2017:09:30:40 -0300] "POST /cormun/servlet/solicitudot?gx-no-cache=1492086705148 HTTP/1.1" 200 3197
200.86.10.241 - - [13/Apr/2017:09:30:40 -0300] "POST /cormun/servlet/solicitudot?b8999c86f7625eeb7a7cd4443e4b1b76,INS,0,0,,gx-no-cache=1492086705523 HTTP/1.1" 200 10305
192.168.10.13 - - [13/Apr/2017:09:30:43 -0300] "GET / HTTP/1.1" 200 11217
200.86.10.241 - - [13/Apr/2017:09:30:52 -0300] "GET /cormun/static/Shared/jqueryui/images/ui-bg_highlight-soft_100_eae6ea_1x100.png HTTP/1.1" 404 1117
200.86.10.241 - - [13/Apr/2017:09:31:17 -0300] "GET /cormun/servlet/hlogin HTTP/1.1" 200 1731
186.103.157.42 - - [13/Apr/2017:09:31:19 -0300] "GET /cormun/servlet/solicitudot?f4e0bf361d0ca47c5506dff3bcf7a5ac80c75236dd55afc23969257916e96a39bd65d9867fddad126cf857a7a3d9c3dda90d6c1ecf4758bfffa3fd4611a3861079cccd7edce096149e4c7bb6c751a1592a53bd1535648c496b0ea743fdd5bee24e22db34e4caf152c1bf56d0e8e2384ccbd18b31f4dcc52f98d4dc2998c77ff92ec309ecccac2d7224786312b32153503dbdd5307b63c5006d0c9214637c61b02e09469b32821f03293697d57c674c61,gx-no-cache=1492086600558 HTTP/1.1" 200 30
186.103.157.42 - - [13/Apr/2017:09:31:19 -0300] "POST /cormun/servlet/solicitudot?e67ff0c61a40b42c855a304364921981,INS,0,0,,gx-no-cache=1492086600606 HTTP/1.1" 200 93
186.103.157.42 - - [13/Apr/2017:09:31:19 -0300] "GET /cormun/servlet/hpexe_return? HTTP/1.1" 200 1004
186.103.157.42 - - [13/Apr/2017:09:31:19 -0300] "GET /cormun/static/gxcfg.js?2016101716175148 HTTP/1.1" 200 953
186.103.157.42 - - [13/Apr/2017:09:31:20 -0300] "GET /cormun/servlet/trsolicitudot HTTP/1.1" 200 8304
186.103.157.42 - - [13/Apr/2017:09:31:20 -0300] "GET /cormun/servlet/trsolicitudot HTTP/1.1" 200 8300
186.103.156.166 - - [13/Apr/2017:09:31:27 -0300] "GET /cormun/servlet/solicitudot?a294885fbe6113816b73b1141860c420875aa7f979f3ed2f5125c6c4df61ef0d85ca4febab88dbd17608655dea97f79875d86402b422539730dc336e3a03a460631e447917153d38a022e245c1a92b705bebc15b7a09feb2fe275831cc4e2f118423bf141b276e3f20f12fce2d880685119555f8003a0a7ff8c0b3b4a35b2d3c363db4b29663d5fdf81f664542875970fb4af58b4ef81ae4c483d01105c501c9c74ec496bc2c0ba0853e0a48487c5c24,gx-no-cache=1492090354529 HTTP/1.1" 200 30
186.103.156.166 - - [13/Apr/2017:09:31:27 -0300] "POST /cormun/servlet/solicitudot?782c720d48cc62ef1525ab4b347a4cae,INS,0,0,,gx-no-cache=1492090354637 HTTP/1.1" 200 11280
186.103.156.166 - - [13/Apr/2017:09:31:27 -0300] "GET /cormun/static/Shared/jqueryui/images/ui-bg_highlight-soft_100_c6c2c8_1x100.png HTTP/1.1" 404 1117
186.103.156.166 - - [13/Apr/2017:09:31:27 -0300] "GET /cormun/static/Shared/jqueryui/images/ui-icons_82798d_256x240.png HTTP/1.1" 404 1089
186.103.156.166 - - [13/Apr/2017:09:31:27 -0300] "GET /cormun/static/Shared/jqueryui/images/ui-bg_flat_55_994d53_40x100.png HTTP/1.1" 404 1097
186.103.156.166 - - [13/Apr/2017:09:31:28 -0300] "GET /cormun/static/Shared/jqueryui/images/ui-icons_ebccce_256x240.png HTTP/1.1" 404 1089
186.103.157.42 - - [13/Apr/2017:09:31:33 -0300] "GET /cormun/servlet/solicitudot?INS,0,0, HTTP/1.1" 200 12843
186.103.157.42 - - [13/Apr/2017:09:31:34 -0300] "GET /cormun/servlet/solicitudot?INS,0,0, HTTP/1.1" 200 12848
186.103.157.42 - - [13/Apr/2017:09:31:35 -0300] "GET /cormun/servlet/prfichaempleado?,MD,,gxPopupLevel%3D0%3B HTTP/1.1" 200 8892
186.103.157.42 - - [13/Apr/2017:09:31:42 -0300] "POST /cormun/servlet/prfichaempleado?e67ff0c61a40b42c855a304364921981,,MD,,gxPopupLevel%3D0%3B,gx-no-cache=1492086623959 HTTP/1.1" 200 3460
192.168.10.13 - - [13/Apr/2017:09:31:43 -0300] "GET / HTTP/1.1" 200 11217
186.103.157.42 - - [13/Apr/2017:09:31:47 -0300] "POST /cormun/servlet/solicitudot?gx-no-cache=1492086628320 HTTP/1.1" 200 3208
186.103.157.42 - - [13/Apr/2017:09:31:47 -0300] "POST /cormun/servlet/solicitudot?e67ff0c61a40b42c855a304364921981,INS,0,0,,gx-no-cache=1492086628465 HTTP/1.1" 200 9978
186.103.157.42 - - [13/Apr/2017:09:31:47 -0300] "GET /cormun/servlet/solicitudot?f4e0bf361d0ca47c5506dff3bcf7a5aca548130addd6225814a9c1541752ee1086869a07059f217dccec76871bd7c506,gx-no-cache=1492086628642 HTTP/1.1" 200 30
186.103.157.42 - - [13/Apr/2017:09:31:49 -0300] "POST /cormun/servlet/solicitudot?gx-no-cache=1492086630798 HTTP/1.1" 200 255
186.103.157.42 - - [13/Apr/2017:09:31:49 -0300] "GET /cormun/servlet/solicitudot?f4e0bf361d0ca47c5506dff3bcf7a5ac0048c52640776bfcca95294a66fb06751d1be1d2600767149b5a1de194d667d61b9aa4ae4f168218db33c6360e44eda0f73b0b6f8aa46ba2639ac64b8396ca4893363f3c4ac373b6cafa1db3fb70b8c71875c214ccf960da8ea28a961c08ff6bff42fe1edcb177185953b09992717272996e805688d5cf9f72eccbbf46b085b18bd66603b3d6b59020df2da9fdfefa48284a3ed81f4de3dba5bd90803395d14c71d6c85430be2efcabe32b09859caffe253052bf60fcae83ff0b29a9b3368d56ab22183af44658a12f02f90bafd4e6b92cc39ea61e6dad9aa2bb6956f7293c09d153d124737660fe03d0799cbb96537572a9e580ce0644677c655289f85945b6ec0e72be426f66be9a478d1623582eb0d05d18945f7f3ddfc439c34270a55db62078e698fd467fe9997706e7282b69223f963f1b2051cb5c9f664f61e7cfe7d61e6fbe20d952341c93d4cc4406f87fc3d132f2e545788d04382d9686cd360860bd47e8baecbce46d698a0d5629e40b4d,gx-no-cache=1492086630834 HTTP/1.1" 200 30
186.103.157.42 - - [13/Apr/2017:09:31:51 -0300] "POST /cormun/servlet/solicitudot?gx-no-cache=1492086632842 HTTP/1.1" 200 30
186.103.157.42 - - [13/Apr/2017:09:31:54 -0300] "GET /cormun/servlet/prcontratosol?16792637,,,,,MD,,gxPopupLevel%3D0%3B HTTP/1.1" 200 6019
186.103.157.42 - - [13/Apr/2017:09:31:56 -0300] "POST /cormun/servlet/solicitudot?gx-no-cache=1492086637431 HTTP/1.1" 200 1292
186.103.157.42 - - [13/Apr/2017:09:31:56 -0300] "POST /cormun/servlet/solicitudot?gx-no-cache=1492086637478 HTTP/1.1" 200 38
186.103.157.42 - - [13/Apr/2017:09:31:56 -0300] "GET /cormun/servlet/solicitudot?f4e0bf361d0ca47c5506dff3bcf7a5ac9b358a685155ab1edc9f070ab06d72bdfb9183a229dca6b42d1f4b2570226c34ea37bc717a443f0d6e51de89046c9eed0b0d4a88e914cfd8382b080c03d2c438c7f3e1a6e84ef69ea571c213732607ddd233d057a8858e5cf35b193e8fa91774ad813aa57fed47f25f4ebcb65953862f6ae8d5650f654ad98ca75dfbf2716e99032b61d02e75333eb2bb315becdf98dd,gx-no-cache=1492086637507 HTTP/1.1" 200 29
186.103.157.42 - - [13/Apr/2017:09:31:56 -0300] "POST /cormun/servlet/solicitudot?gx-no-cache=1492086637532 HTTP/1.1" 200 1275
186.103.157.42 - - [13/Apr/2017:09:31:56 -0300] "POST /cormun/servlet/solicitudot?gx-no-cache=1492086637577 HTTP/1.1" 200 1158
186.103.156.166 - - [13/Apr/2017:09:32:03 -0300] "GET /cormun/servlet/solicitudot?a294885fbe6113816b73b1141860c420875aa7f979f3ed2f5125c6c4df61ef0d85ca4febab88dbd17608655dea97f79875d86402b422539730dc336e3a03a460631e447917153d38a022e245c1a92b705bebc15b7a09feb2fe275831cc4e2f118423bf141b276e3f20f12fce2d880685119555f8003a0a7ff8c0b3b4a35b2d3c363db4b29663d5fdf81f664542875970fb4af58b4ef81ae4c483d01105c501c968e5109b98107ec108fcccf7853aefeb,gx-no-cache=1492090390369 HTTP/1.1" 200 30
186.103.156.166 - - [13/Apr/2017:09:32:04 -0300] "POST /cormun/servlet/solicitudot?782c720d48cc62ef1525ab4b347a4cae,INS,0,0,,gx-no-cache=1492090390857 HTTP/1.1" 200 11330
186.103.157.42 - - [13/Apr/2017:09:32:08 -0300] "POST /cormun/servlet/solicitudot?gx-no-cache=1492086649578 HTTP/1.1" 200 1274
186.103.157.42 - - [13/Apr/2017:09:32:08 -0300] "POST /cormun/servlet/solicitudot?gx-no-cache=1492086649620 HTTP/1.1" 200 1158
186.103.157.42 - - [13/Apr/2017:09:32:08 -0300] "GET /cormun/static/menuarrow.gif HTTP/1.1" 404 1015
186.103.157.42 - - [13/Apr/2017:09:32:10 -0300] "POST /cormun/servlet/solicitudot?gx-no-cache=1492086651470 HTTP/1.1" 200 1274
186.103.157.42 - - [13/Apr/2017:09:32:10 -0300] "POST /cormun/servlet/solicitudot?gx-no-cache=1492086651558 HTTP/1.1" 200 1158
186.103.157.42 - - [13/Apr/2017:09:32:20 -0300] "GET /cormun/servlet/solicitudot?f4e0bf361d0ca47c5506dff3bcf7a5ac5bcc433318946024a2acc51d7489abb43b9e3384ed3b292d76ce448c61b74ae4a90d6c1ecf4758bfffa3fd4611a3861079cccd7edce096149e4c7bb6c751a1592a53bd1535648c496b0ea743fdd5bee24e22db34e4caf152c1bf56d0e8e2384ccbd18b31f4dcc52f98d4dc2998c77ff92ec309ecccac2d7224786312b32153503dbdd5307b63c5006d0c9214637c61b02e09469b32821f03293697d57c674c61,gx-no-cache=1492086661908 HTTP/1.1" 200 30
192.168.10.13 - - [13/Apr/2017:09:32:43 -0300] "GET / HTTP/1.1" 200 11217
186.103.156.166 - - [13/Apr/2017:09:32:46 -0300] "GET /cormun/servlet/solicitudot?a294885fbe6113816b73b1141860c420875aa7f979f3ed2f5125c6c4df61ef0d339243a6e9c50f272c05d761f5829eac2e8c9ebb89610feccc01d1c75c27b9f0631e447917153d38a022e245c1a92b705bebc15b7a09feb2fe275831cc4e2f118423bf141b276e3f20f12fce2d880685119555f8003a0a7ff8c0b3b4a35b2d3c363db4b29663d5fdf81f664542875970fb4af58b4ef81ae4c483d01105c501c9c74ec496bc2c0ba0853e0a48487c5c24,gx-no-cache=1492090433826 HTTP/1.1" 200 30
186.103.156.166 - - [13/Apr/2017:09:32:47 -0300] "POST /cormun/servlet/solicitudot?782c720d48cc62ef1525ab4b347a4cae,INS,0,0,,gx-no-cache=1492090433925 HTTP/1.1" 200 11376
186.103.157.42 - - [13/Apr/2017:09:32:47 -0300] "POST /cormun/servlet/solicitudot?e67ff0c61a40b42c855a304364921981,INS,0,0,,gx-no-cache=1492086688191 HTTP/1.1" 200 93
186.103.157.42 - - [13/Apr/2017:09:32:47 -0300] "GET /cormun/servlet/hpexe_return? HTTP/1.1" 200 1004
186.103.157.42 - - [13/Apr/2017:09:32:47 -0300] "GET /cormun/servlet/trsolicitudot HTTP/1.1" 200 8714
186.103.157.42 - - [13/Apr/2017:09:32:48 -0300] "GET /cormun/servlet/trsolicitudot HTTP/1.1" 200 8710
186.103.156.166 - - [13/Apr/2017:09:32:58 -0300] "GET /cormun/static/menuarrow.gif HTTP/1.1" 404 1015
186.103.157.42 - - [13/Apr/2017:09:33:10 -0300] "GET /cormun/servlet/solicitudot?INS,0,0, HTTP/1.1" 200 12842
186.103.157.42 - - [13/Apr/2017:09:33:11 -0300] "GET /cormun/servlet/solicitudot?INS,0,0, HTTP/1.1" 200 12847
186.103.156.166 - - [13/Apr/2017:09:33:13 -0300] "GET /cormun/servlet/solicitudot?a294885fbe6113816b73b1141860c420875aa7f979f3ed2f5125c6c4df61ef0d339243a6e9c50f272c05d761f5829eac2e8c9ebb89610feccc01d1c75c27b9f0631e447917153d38a022e245c1a92b705bebc15b7a09feb2fe275831cc4e2f118423bf141b276e3f20f12fce2d880685119555f8003a0a7ff8c0b3b4a35b2d3c363db4b29663d5fdf81f664542875970fb4af58b4ef81ae4c483d01105c501c968e5109b98107ec108fcccf7853aefeb,gx-no-cache=1492090460008 HTTP/1.1" 200 30
186.103.156.166 - - [13/Apr/2017:09:33:13 -0300] "POST /cormun/servlet/solicitudot?782c720d48cc62ef1525ab4b347a4cae,INS,0,0,,gx-no-cache=1492090460141 HTTP/1.1" 200 11420
186.103.157.42 - - [13/Apr/2017:09:33:15 -0300] "GET /cormun/servlet/prfichaempleado?,MD,,gxPopupLevel%3D0%3B HTTP/1.1" 200 8892
186.103.157.42 - - [13/Apr/2017:09:33:23 -0300] "POST /cormun/servlet/prfichaempleado?e67ff0c61a40b42c855a304364921981,,MD,,gxPopupLevel%3D0%3B,gx-no-cache=1492086724544 HTTP/1.1" 200 3394
186.103.156.166 - - [13/Apr/2017:09:33:24 -0300] "GET /cormun/servlet/solicitudot?a294885fbe6113816b73b1141860c420875aa7f979f3ed2f5125c6c4df61ef0d339243a6e9c50f272c05d761f5829eac2e8c9ebb89610feccc01d1c75c27b9f0631e447917153d38a022e245c1a92b705bebc15b7a09feb2fe275831cc4e2f118423bf141b276e3f20f12fce2d880685119555f8003a0a7ff8c0b3b4a35b2d3c363db4b29663d5fdf81f664542875970fb4af58b4ef81ae4c483d01105c501c9c74ec496bc2c0ba0853e0a48487c5c24,gx-no-cache=1492090471638 HTTP/1.1" 200 30
186.103.156.166 - - [13/Apr/2017:09:33:25 -0300] "POST /cormun/servlet/solicitudot?782c720d48cc62ef1525ab4b347a4cae,INS,0,0,,gx-no-cache=1492090471805 HTTP/1.1" 200 11472
186.103.157.42 - - [13/Apr/2017:09:33:26 -0300] "POST /cormun/servlet/solicitudot?gx-no-cache=1492086727730 HTTP/1.1" 200 3189
186.103.157.42 - - [13/Apr/2017:09:33:26 -0300] "POST /cormun/servlet/solicitudot?e67ff0c61a40b42c855a304364921981,INS,0,0,,gx-no-cache=1492086727851 HTTP/1.1" 200 9972
186.103.157.42 - - [13/Apr/2017:09:33:26 -0300] "GET /cormun/servlet/solicitudot?f4e0bf361d0ca47c5506dff3bcf7a5ace6c480c094d9c4950bd92590d033918d86869a07059f217dccec76871bd7c506,gx-no-cache=1492086728030 HTTP/1.1" 200 30
186.103.157.42 - - [13/Apr/2017:09:33:28 -0300] "POST /cormun/servlet/solicitudot?gx-no-cache=1492086729924 HTTP/1.1" 200 297
186.103.157.42 - - [13/Apr/2017:09:33:28 -0300] "GET /cormun/servlet/solicitudot?f4e0bf361d0ca47c5506dff3bcf7a5ac0048c52640776bfcca95294a66fb06759d0ca15874fd07b680469c8abe6649ed1b9aa4ae4f168218db33c6360e44eda0f73b0b6f8aa46ba2639ac64b8396ca4893363f3c4ac373b6cafa1db3fb70b8c71875c214ccf960da8ea28a961c08ff6bff42fe1edcb177185953b09992717272996e805688d5cf9f72eccbbf46b085b18bd66603b3d6b59020df2da9fdfefa48284a3ed81f4de3dba5bd90803395d14c71d6c85430be2efcabe32b09859caffe253052bf60fcae83ff0b29a9b3368d56ab22183af44658a12f02f90bafd4e6b92cc39ea61e6dad9aa2bb6956f7293c094b424f33050050ded044ec0c775edaaa72a9e580ce0644677c655289f85945b6433ee5657ee2a49224852734a372da3b381375dd445647dc6a9e46693b63973cbad31dd9e9537aad606cd7fffe1c48526a45f6a5ab66513972281b8eedfd83dbe410f59d1de5d9707e77dd65ae094af782d785ded9c1372a21518654470dd98513cfdccdc70011179b8a7be98a9c27e998f2e7aa9ebda85bdb8c597d66b1e5e8,gx-no-cache=1492086729960 HTTP/1.1" 200 30
186.103.157.42 - - [13/Apr/2017:09:33:28 -0300] "POST /cormun/servlet/solicitudot?gx-no-cache=1492086729987 HTTP/1.1" 200 30
186.103.157.42 - - [13/Apr/2017:09:33:28 -0300] "POST /cormun/servlet/solicitudot?gx-no-cache=1492086730021 HTTP/1.1" 200 1291
186.103.157.42 - - [13/Apr/2017:09:33:28 -0300] "POST /cormun/servlet/solicitudot?gx-no-cache=1492086730067 HTTP/1.1" 200 38
186.103.156.166 - - [13/Apr/2017:09:33:40 -0300] "GET /cormun/servlet/solicitudot?a294885fbe6113816b73b1141860c420875aa7f979f3ed2f5125c6c4df61ef0d339243a6e9c50f272c05d761f5829eac2e8c9ebb89610feccc01d1c75c27b9f0631e447917153d38a022e245c1a92b705bebc15b7a09feb2fe275831cc4e2f118423bf141b276e3f20f12fce2d880685119555f8003a0a7ff8c0b3b4a35b2d3c363db4b29663d5fdf81f664542875970fb4af58b4ef81ae4c483d01105c501c9e2eb394e6512d32bfc83590631a6773b,gx-no-cache=1492090487217 HTTP/1.1" 200 30
186.103.156.166 - - [13/Apr/2017:09:33:40 -0300] "POST /cormun/servlet/solicitudot?782c720d48cc62ef1525ab4b347a4cae,INS,0,0,,gx-no-cache=1492090487291 HTTP/1.1" 200 11524
192.168.10.13 - - [13/Apr/2017:09:33:43 -0300] "GET / HTTP/1.1" 200 11217
186.103.157.42 - - [13/Apr/2017:09:33:48 -0300] "GET /cormun/servlet/solicitudot?f4e0bf361d0ca47c5506dff3bcf7a5ac9b358a685155ab1edc9f070ab06d72bdfb9183a229dca6b42d1f4b2570226c34be51a63d0dc1f2602e2578ef4efb689072215f558e02b6c59aad49fa427834e31814d4bf02e81b8116a2026c8de825f7c1bdc225873b8b3af0855658c54864bc,gx-no-cache=1492086749342 HTTP/1.1" 200 29
186.103.157.42 - - [13/Apr/2017:09:33:48 -0300] "POST /cormun/servlet/solicitudot?gx-no-cache=1492086749367 HTTP/1.1" 200 1273
186.103.157.42 - - [13/Apr/2017:09:33:48 -0300] "POST /cormun/servlet/solicitudot?gx-no-cache=1492086749411 HTTP/1.1" 200 1156
186.103.157.42 - - [13/Apr/2017:09:33:48 -0300] "GET /cormun/static/menuarrow.gif HTTP/1.1" 404 1015
186.103.159.188 - - [13/Apr/2017:09:33:50 -0300] "POST /cormun/servlet/hlogin?e332556fe76f41fac59cd556d39a6605,gx-no-cache=1492086894141 HTTP/1.1" 200 90
186.103.159.188 - - [13/Apr/2017:09:33:50 -0300] "GET /cormun/servlet/hpexe_link HTTP/1.1" 200 955
186.103.159.188 - - [13/Apr/2017:09:33:50 -0300] "GET /cormun/static/hpexe_link.js?201731711483384 HTTP/1.1" 200 625
186.103.159.188 - - [13/Apr/2017:09:33:50 -0300] "GET /cormun/servlet/hhome HTTP/1.1" 200 3782
186.103.159.188 - - [13/Apr/2017:09:33:50 -0300] "GET /cormun/servlet/hhome HTTP/1.1" 200 3779
186.103.157.42 - - [13/Apr/2017:09:33:51 -0300] "POST /cormun/servlet/solicitudot?gx-no-cache=1492086752220 HTTP/1.1" 200 1273
186.103.157.42 - - [13/Apr/2017:09:33:51 -0300] "POST /cormun/servlet/solicitudot?gx-no-cache=1492086752269 HTTP/1.1" 200 1156
186.103.159.188 - - [13/Apr/2017:09:33:54 -0300] "GET /cormun/servlet/trlicencias? HTTP/1.1" 200 6619
186.103.159.188 - - [13/Apr/2017:09:33:54 -0300] "GET /cormun/static/gxcfg.js?201741111445981 HTTP/1.1" 304 -
186.103.159.188 - - [13/Apr/2017:09:33:54 -0300] "GET /cormun/static/trlicencias.js?20174111145440 HTTP/1.1" 304 -
186.103.159.188 - - [13/Apr/2017:09:33:55 -0300] "GET /cormun/servlet/trlicencias? HTTP/1.1" 200 6618
186.103.157.42 - - [13/Apr/2017:09:33:57 -0300] "GET /cormun/servlet/solicitudot?f4e0bf361d0ca47c5506dff3bcf7a5ac1c66963ec9a37fae526a88cb356bceaa11f049dce49fbd5ddf8dd046edc36cc02be28a68d25367d31df1b18b1e840f18c1edafa8f3e76638b3695efc706b2aa97db654edef3aaa7342855e527ffbcb7fde4285f9ac0d8690ea500ff74c83ae7ed97fe3dc567b0be041aeab9d7c36dfb59cb34389a57aaba75d51bccf173df9ed7cc419566ba622ef04dc2812517b932ff50c4f5f83a26d68b442121f6ec3f3ca,gx-no-cache=1492086758663 HTTP/1.1" 200 30
192.168.10.13 - - [13/Apr/2017:09:34:43 -0300] "GET / HTTP/1.1" 200 11217
192.168.10.89 - - [13/Apr/2017:09:34:43 -0300] "GET /cormunbeta/servlet/hlogin HTTP/1.1" 200 1725
192.168.10.89 - - [13/Apr/2017:09:34:43 -0300] "GET /cormunbeta/static/Resources/Spanish/PXTools.css?11294912 HTTP/1.1" 304 -
192.168.10.89 - - [13/Apr/2017:09:34:43 -0300] "GET /cormunbeta/static/hlogin.js?201731711485490 HTTP/1.1" 304 -
192.168.10.89 - - [13/Apr/2017:09:34:46 -0300] "GET /cormun/servlet/hlogin HTTP/1.1" 200 1719
192.168.10.89 - - [13/Apr/2017:09:34:46 -0300] "GET /cormun/static/gxcfg.js?201741110203197 HTTP/1.1" 304 -
192.168.10.89 - - [13/Apr/2017:09:34:46 -0300] "GET /cormun/static/messages.spa.js?85251 HTTP/1.1" 304 -
192.168.10.89 - - [13/Apr/2017:09:34:46 -0300] "GET /cormun/static/hlogin.js?201741110203211 HTTP/1.1" 304 -
192.168.10.89 - - [13/Apr/2017:09:34:52 -0300] "POST /cormun/servlet/hlogin?3484f334161fd2d611feb0ea4c1bd0de,gx-no-cache=1492090167404 HTTP/1.1" 200 90
192.168.10.89 - - [13/Apr/2017:09:34:52 -0300] "GET /cormun/servlet/hpexe_link HTTP/1.1" 200 951
192.168.10.89 - - [13/Apr/2017:09:34:52 -0300] "GET /cormun/static/gxcfg.js?201731711483381 HTTP/1.1" 200 953
192.168.10.89 - - [13/Apr/2017:09:34:52 -0300] "GET /cormun/servlet/hhome HTTP/1.1" 200 4450
192.168.10.89 - - [13/Apr/2017:09:34:52 -0300] "GET /cormun/static/gxcfg.js?201731711483497 HTTP/1.1" 200 953
192.168.10.89 - - [13/Apr/2017:09:34:53 -0300] "GET /cormun/static/hhome.js?20173171148352 HTTP/1.1" 304 -
200.86.10.241 - - [13/Apr/2017:09:35:03 -0300] "GET /cormun/servlet/licenciaspermisos?INS,0,,, HTTP/1.1" 200 7169
200.86.10.241 - - [13/Apr/2017:09:35:03 -0300] "GET /cormun/static/gxcfg.js?201741111445322 HTTP/1.1" 304 -
200.86.10.241 - - [13/Apr/2017:09:35:03 -0300] "GET /cormun/static/licenciaspermisos.js?201741111445392 HTTP/1.1" 304 -
200.86.10.241 - - [13/Apr/2017:09:35:03 -0300] "GET /cormun/servlet/licenciaspermisos?INS,0,,, HTTP/1.1" 200 7168
186.103.157.42 - - [13/Apr/2017:09:35:09 -0300] "GET /cormun/servlet/solicitudot?f4e0bf361d0ca47c5506dff3bcf7a5ac1c66963ec9a37fae526a88cb356bceaa11f049dce49fbd5ddf8dd046edc36cc02be28a68d25367d31df1b18b1e840f18c1edafa8f3e76638b3695efc706b2aa97db654edef3aaa7342855e527ffbcb7fde4285f9ac0d8690ea500ff74c83ae7ed97fe3dc567b0be041aeab9d7c36dfb59cb34389a57aaba75d51bccf173df9ed7cc419566ba622ef04dc2812517b932ff50c4f5f83a26d68b442121f6ec3f3ca,gx-no-cache=1492086830247 HTTP/1.1" 200 30
186.103.157.42 - - [13/Apr/2017:09:35:09 -0300] "POST /cormun/servlet/solicitudot?e67ff0c61a40b42c855a304364921981,INS,0,0,,gx-no-cache=1492086830288 HTTP/1.1" 200 93
186.103.157.42 - - [13/Apr/2017:09:35:09 -0300] "GET /cormun/servlet/hpexe_return? HTTP/1.1" 200 1004
186.103.157.42 - - [13/Apr/2017:09:35:09 -0300] "GET /cormun/servlet/trsolicitudot HTTP/1.1" 200 9126
186.103.157.42 - - [13/Apr/2017:09:35:10 -0300] "GET /cormun/servlet/trsolicitudot HTTP/1.1" 200 9122
200.86.10.241 - - [13/Apr/2017:09:35:23 -0300] "GET /cormun/servlet/prfichaempleado?,MD,,gxPopupLevel%3D0%3B HTTP/1.1" 200 8797
200.86.10.241 - - [13/Apr/2017:09:35:23 -0300] "GET /cormun/static/gxcfg.js?2017319125415 HTTP/1.1" 304 -
186.103.157.42 - - [13/Apr/2017:09:35:23 -0300] "GET /cormun/servlet/solicitudot?INS,0,0, HTTP/1.1" 200 12843
186.103.157.42 - - [13/Apr/2017:09:35:24 -0300] "GET /cormun/servlet/solicitudot?INS,0,0, HTTP/1.1" 200 12848
186.103.157.42 - - [13/Apr/2017:09:35:29 -0300] "GET /cormun/servlet/prfichaempleado?,MD,,gxPopupLevel%3D0%3B HTTP/1.1" 200 8892
186.103.157.42 - - [13/Apr/2017:09:35:36 -0300] "POST /cormun/servlet/prfichaempleado?e67ff0c61a40b42c855a304364921981,,MD,,gxPopupLevel%3D0%3B,gx-no-cache=1492086857044 HTTP/1.1" 200 4535
186.103.157.42 - - [13/Apr/2017:09:35:40 -0300] "POST /cormun/servlet/solicitudot?gx-no-cache=1492086861870 HTTP/1.1" 200 3201
186.103.157.42 - - [13/Apr/2017:09:35:40 -0300] "POST /cormun/servlet/solicitudot?e67ff0c61a40b42c855a304364921981,INS,0,0,,gx-no-cache=1492086861989 HTTP/1.1" 200 9964
186.103.157.42 - - [13/Apr/2017:09:35:41 -0300] "GET /cormun/servlet/solicitudot?f4e0bf361d0ca47c5506dff3bcf7a5ace64e16adea6b8c8b67dca3ad3a15b4d086869a07059f217dccec76871bd7c506,gx-no-cache=1492086862173 HTTP/1.1" 200 30
200.86.10.241 - - [13/Apr/2017:09:35:42 -0300] "POST /cormun/servlet/prfichaempleado?e332556fe76f41fac59cd556d39a6605,,MD,,gxPopupLevel%3D0%3B,gx-no-cache=1492087007529 HTTP/1.1" 200 3403
192.168.10.13 - - [13/Apr/2017:09:35:43 -0300] "GET / HTTP/1.1" 200 11217
186.103.157.42 - - [13/Apr/2017:09:35:45 -0300] "POST /cormun/servlet/solicitudot?gx-no-cache=1492086866731 HTTP/1.1" 200 240
186.103.157.42 - - [13/Apr/2017:09:35:45 -0300] "GET /cormun/servlet/solicitudot?f4e0bf361d0ca47c5506dff3bcf7a5ac0048c52640776bfcca95294a66fb067593bfd0727de6c741dd6e47ab9bdab5ab1b9aa4ae4f168218db33c6360e44eda0f73b0b6f8aa46ba2639ac64b8396ca4893363f3c4ac373b6cafa1db3fb70b8c71875c214ccf960da8ea28a961c08ff6bff42fe1edcb177185953b09992717272996e805688d5cf9f72eccbbf46b085b18bd66603b3d6b59020df2da9fdfefa48284a3ed81f4de3dba5bd90803395d14c71d6c85430be2efcabe32b09859caffe253052bf60fcae83ff0b29a9b3368d56ab22183af44658a12f02f90bafd4e6b92cc39ea61e6dad9aa2bb6956f7293c09d153d124737660fe03d0799cbb96537572a9e580ce0644677c655289f85945b6433ee5657ee2a49224852734a372da3b381375dd445647dc6a9e46693b63973cbad31dd9e9537aad606cd7fffe1c48529dc81accb48243e068d09086fae3f009c534288ca332481b2e6ccc158dee2629252b6fbea036225bdf8a917ed97301e777c0e74ea6c1412367f1603c5ca4c8b9,gx-no-cache=1492086866802 HTTP/1.1" 200 30
192.168.10.89 - - [13/Apr/2017:09:35:56 -0300] "GET /cormun/servlet/trsolicitudgral? HTTP/1.1" 200 25516
192.168.10.89 - - [13/Apr/2017:09:35:56 -0300] "GET /cormun/static/Resources/Spanish/PXTools.css?18365030 HTTP/1.1" 304 -
192.168.10.89 - - [13/Apr/2017:09:35:56 -0300] "GET /cormun/static/gxcfg.js?201732110400 HTTP/1.1" 304 -
192.168.10.89 - - [13/Apr/2017:09:35:56 -0300] "GET /cormun/static/trsolicitudgral.js?2017321104863 HTTP/1.1" 304 -
200.86.10.241 - - [13/Apr/2017:09:36:00 -0300] "GET /cormun/servlet/licenciaspermisos?809f35694fcf8df7585ee320d00e82d6374dfdca2516b14e18252f185cfc58960102322b62cea976e49110235c28efbd,gx-no-cache=1492087025110 HTTP/1.1" 200 61
200.86.10.241 - - [13/Apr/2017:09:36:00 -0300] "POST /cormun/servlet/licenciaspermisos?e332556fe76f41fac59cd556d39a6605,INS,0,,,,gx-no-cache=1492087025188 HTTP/1.1" 200 4421
192.168.10.89 - - [13/Apr/2017:09:36:04 -0300] "GET /cormun/static/menuarrow.gif HTTP/1.1" 404 1015
192.168.10.89 - - [13/Apr/2017:09:36:14 -0300] "POST /cormun/servlet/trsolicitudgral?3484f334161fd2d611feb0ea4c1bd0de,,gx-no-cache=1492090249738 HTTP/1.1" 200 6770
186.103.157.42 - - [13/Apr/2017:09:36:17 -0300] "GET /cormun/servlet/prfichaempleado?,MD,,gxPopupLevel%3D0%3B HTTP/1.1" 200 8892
186.103.156.166 - - [13/Apr/2017:09:36:21 -0300] "GET /cormun/servlet/solicitudot?a294885fbe6113816b73b1141860c420875aa7f979f3ed2f5125c6c4df61ef0d339243a6e9c50f272c05d761f5829eac2e8c9ebb89610feccc01d1c75c27b9f0631e447917153d38a022e245c1a92b705bebc15b7a09feb2fe275831cc4e2f118423bf141b276e3f20f12fce2d880685119555f8003a0a7ff8c0b3b4a35b2d3c363db4b29663d5fdf81f664542875970fb4af58b4ef81ae4c483d01105c501c9c74ec496bc2c0ba0853e0a48487c5c24,gx-no-cache=1492090648031 HTTP/1.1" 200 30
186.103.156.166 - - [13/Apr/2017:09:36:21 -0300] "POST /cormun/servlet/solicitudot?782c720d48cc62ef1525ab4b347a4cae,INS,0,0,,gx-no-cache=1492090648109 HTTP/1.1" 200 11586
192.168.10.13 - - [13/Apr/2017:09:36:43 -0300] "GET / HTTP/1.1" 200 11217
186.103.159.188 - - [13/Apr/2017:09:36:50 -0300] "GET /cormun/static/menuarrow.gif HTTP/1.1" 404 1015
186.103.157.42 - - [13/Apr/2017:09:36:50 -0300] "POST /cormun/servlet/solicitudot?gx-no-cache=1492086931354 HTTP/1.1" 200 240
186.103.157.42 - - [13/Apr/2017:09:36:50 -0300] "GET /cormun/servlet/solicitudot?f4e0bf361d0ca47c5506dff3bcf7a5ac0048c52640776bfcca95294a66fb067593bfd0727de6c741dd6e47ab9bdab5ab1b9aa4ae4f168218db33c6360e44eda0f73b0b6f8aa46ba2639ac64b8396ca4893363f3c4ac373b6cafa1db3fb70b8c71875c214ccf960da8ea28a961c08ff6bff42fe1edcb177185953b09992717272996e805688d5cf9f72eccbbf46b085b18bd66603b3d6b59020df2da9fdfefa48284a3ed81f4de3dba5bd90803395d14c71d6c85430be2efcabe32b09859caffe253052bf60fcae83ff0b29a9b3368d56ab22183af44658a12f02f90bafd4e6b92cc39ea61e6dad9aa2bb6956f7293c09d153d124737660fe03d0799cbb96537572a9e580ce0644677c655289f85945b6433ee5657ee2a49224852734a372da3b381375dd445647dc6a9e46693b63973cbad31dd9e9537aad606cd7fffe1c48529dc81accb48243e068d09086fae3f009c534288ca332481b2e6ccc158dee2629252b6fbea036225bdf8a917ed97301e79373b91acdefeee1b8cb0aa899f40d2a,gx-no-cache=1492086931433 HTTP/1.1" 200 30
186.103.157.42 - - [13/Apr/2017:09:36:53 -0300] "POST /cormun/servlet/solicitudot?gx-no-cache=1492086934985 HTTP/1.1" 200 30
186.103.157.42 - - [13/Apr/2017:09:36:55 -0300] "GET /cormun/servlet/prcontratosol?17815963,,,,,MD,,gxPopupLevel%3D0%3B HTTP/1.1" 200 6015
186.103.157.42 - - [13/Apr/2017:09:36:57 -0300] "POST /cormun/servlet/solicitudot?gx-no-cache=1492086938854 HTTP/1.1" 200 1373
186.103.157.42 - - [13/Apr/2017:09:36:57 -0300] "GET /cormun/static/Shared/jqueryui/images/ui-bg_highlight-soft_100_c6c2c8_1x100.png HTTP/1.1" 404 1117
186.103.157.42 - - [13/Apr/2017:09:36:57 -0300] "GET /cormun/static/Shared/jqueryui/images/ui-icons_82798d_256x240.png HTTP/1.1" 404 1089
186.103.157.42 - - [13/Apr/2017:09:36:57 -0300] "GET /cormun/static/Shared/jqueryui/images/ui-icons_ebccce_256x240.png HTTP/1.1" 404 1089
186.103.157.42 - - [13/Apr/2017:09:36:57 -0300] "GET /cormun/static/Shared/jqueryui/images/ui-bg_flat_55_994d53_40x100.png HTTP/1.1" 404 1097
186.103.157.42 - - [13/Apr/2017:09:36:57 -0300] "POST /cormun/servlet/solicitudot?gx-no-cache=1492086938955 HTTP/1.1" 200 117
186.103.157.42 - - [13/Apr/2017:09:36:57 -0300] "GET /cormun/servlet/solicitudot?f4e0bf361d0ca47c5506dff3bcf7a5ac9b358a685155ab1edc9f070ab06d72bdfb9183a229dca6b42d1f4b2570226c34ea37bc717a443f0d6e51de89046c9eed0b0d4a88e914cfd8382b080c03d2c438c7f3e1a6e84ef69ea571c213732607ddd233d057a8858e5cf35b193e8fa91774ad813aa57fed47f25f4ebcb65953862f6ae8d5650f654ad98ca75dfbf2716e99032b61d02e75333eb2bb315becdf98dd,gx-no-cache=1492086939005 HTTP/1.1" 200 29
186.103.157.42 - - [13/Apr/2017:09:36:57 -0300] "GET /cormun/servlet/solicitudot?f4e0bf361d0ca47c5506dff3bcf7a5acc083aac4725f64b3e17f7ef3a99aafc4825ce2af5d7885209c01d14772a6d421cad38602fd13a0ec053959df0bc923c7059e01e03a77ece28c4b6c42e1ccdc79a5dbf8c5affae56cfa40c86e0073a53a8329269b1c72766501c85f1d88afa28b9ffdbee669a50199d6f9cea5d0817a6817584a7698d1bcffb3f6dd5e895d40d34c11582700d90b50a91fa53f5d0272df,gx-no-cache=1492086939047 HTTP/1.1" 200 57
186.103.157.42 - - [13/Apr/2017:09:36:58 -0300] "GET /cormun/servlet/solicitudot?f4e0bf361d0ca47c5506dff3bcf7a5ac7f2f6c9fd6986825c33dab62db711536825ce2af5d7885209c01d14772a6d421cad38602fd13a0ec053959df0bc923c70ae2ea88ea24c995e692808970165d9a622d4ac447ba2b63a418b5b48f39f1ccc9b450935ecc0948b1a7719e96aaf54798f2e7aa9ebda85bdb8c597d66b1e5e8,gx-no-cache=1492086939102 HTTP/1.1" 200 57
186.103.156.166 - - [13/Apr/2017:09:37:12 -0300] "GET /cormun/servlet/solicitudot?a294885fbe6113816b73b1141860c420875aa7f979f3ed2f5125c6c4df61ef0d5291d33be1133d205063f7adaaa169022e8c9ebb89610feccc01d1c75c27b9f0631e447917153d38a022e245c1a92b705bebc15b7a09feb2fe275831cc4e2f118423bf141b276e3f20f12fce2d880685119555f8003a0a7ff8c0b3b4a35b2d3c363db4b29663d5fdf81f664542875970fb4af58b4ef81ae4c483d01105c501c9c74ec496bc2c0ba0853e0a48487c5c24,gx-no-cache=1492090699649 HTTP/1.1" 200 30
186.103.156.166 - - [13/Apr/2017:09:37:13 -0300] "POST /cormun/servlet/solicitudot?782c720d48cc62ef1525ab4b347a4cae,INS,0,0,,gx-no-cache=1492090699719 HTTP/1.1" 200 11641
192.168.10.13 - - [13/Apr/2017:09:37:43 -0300] "GET / HTTP/1.1" 200 11217
192.168.10.89 - - [13/Apr/2017:09:38:10 -0300] "GET /cormun/servlet/solicitudgral2?UPD,2017,5986, HTTP/1.1" 200 12399
192.168.10.89 - - [13/Apr/2017:09:38:10 -0300] "GET /cormun/static/gxcfg.js?201731711475340 HTTP/1.1" 200 953
192.168.10.89 - - [13/Apr/2017:09:38:10 -0300] "GET /cormun/static/solicitudgral2.js?201731711475418 HTTP/1.1" 304 -
192.168.10.89 - - [13/Apr/2017:09:38:12 -0300] "POST /cormun/servlet/solicitudgral2?gx-no-cache=1492090366835 HTTP/1.1" 200 3184
192.168.10.89 - - [13/Apr/2017:09:38:12 -0300] "GET /cormun/servlet/solicitudgral2?5a4aa948cdbe65cd3d9c4212ce231d4b79a81b86d6036ad6567881c445e048df18539a408c97f547a351ad3b57868e85897ee4ec964789f66f4d36df84174bfd769a33fd1021d51e56f1e7f0f9aade5882c911ccf4f5087a3ba1120eb8618b35ca5303612579d37c8ae757214d1cf5ad88c69b9b8fb51572065f21d45618baac0cfe68aa0a237eecbcbd88d7df8733c4e8ee2b60936e8f97f13fb50c337f5a2b6b5b3c4f5ff31bbc1ec2bd2e2c398388501b8250b2fd467ee3a62dd33b5df553d4b2e574c43aecae4553dfa0522efbbddfb99b7cbbaee73cf14fd61076e15cee11b921beaa6c61ba5a80706ae45a19e92cad13162b6dca18ec1f2fa022a814f5b43f8e2b480ebd19b856ef40bd464cd1557e67064821530fa3e9285876e346b3c3999515123a27225160f7d0bc1d6873d663f781b9bd259268fabee7d06caffa636ecda1f1d915cecf1849bd4a33ff34,gx-no-cache=1492090367035 HTTP/1.1" 200 257
192.168.10.89 - - [13/Apr/2017:09:38:12 -0300] "POST /cormun/servlet/solicitudgral2?gx-no-cache=1492090367077 HTTP/1.1" 200 1353
192.168.10.89 - - [13/Apr/2017:09:38:12 -0300] "GET /cormun/servlet/solicitudgral2?5a4aa948cdbe65cd3d9c4212ce231d4b4aede0a8a1860a97da2dbfa1b2d3bc2eed594586383fe08d7e957f9e39649658897ee4ec964789f66f4d36df84174bfdb2d22ee28d10070ab72b0197895be9471a36e87312310d2c5719f2cbd3002fc975f4a6e1e4cb13940302aab948e42b14,gx-no-cache=1492090367135 HTTP/1.1" 200 41
186.103.156.166 - - [13/Apr/2017:09:38:13 -0300] "GET /cormun/servlet/solicitudot?a294885fbe6113816b73b1141860c420875aa7f979f3ed2f5125c6c4df61ef0d5291d33be1133d205063f7adaaa169022e8c9ebb89610feccc01d1c75c27b9f0631e447917153d38a022e245c1a92b705bebc15b7a09feb2fe275831cc4e2f118423bf141b276e3f20f12fce2d880685119555f8003a0a7ff8c0b3b4a35b2d3c363db4b29663d5fdf81f664542875970fb4af58b4ef81ae4c483d01105c501c9c74ec496bc2c0ba0853e0a48487c5c24,gx-no-cache=1492090760613 HTTP/1.1" 200 30
186.103.156.166 - - [13/Apr/2017:09:38:13 -0300] "POST /cormun/servlet/solicitudot?782c720d48cc62ef1525ab4b347a4cae,INS,0,0,,gx-no-cache=1492090760778 HTTP/1.1" 200 11676
192.168.10.89 - - [13/Apr/2017:09:38:19 -0300] "POST /cormun/servlet/solicitudgral2?3484f334161fd2d611feb0ea4c1bd0de,UPD,2017,5986,,gx-no-cache=1492090374255 HTTP/1.1" 200 10642
192.168.10.89 - - [13/Apr/2017:09:38:22 -0300] "GET /cormun/servlet/solicitudgral2?5a4aa948cdbe65cd3d9c4212ce231d4bb9baf27b9c10512cc7ea2d916907ccab3b9167e7e4e6734f2dd95ac696c7928c1298cf4ac8938b5634270267a01688ff9ae59e5d9a57d19ee26bbbc147632b1f48aaefb9b1bc227b22a9dbd2cc39a6a2ecb679d6fa2338384853a701ac0467da2318216935915e84e1b1306b649e6fd1901712b65620a5fd7884e8ba42a2054efe11b8a81d5a861e2390ba96e7692b71,gx-no-cache=1492090377387 HTTP/1.1" 200 29
192.168.10.89 - - [13/Apr/2017:09:38:22 -0300] "POST /cormun/servlet/solicitudgral2?gx-no-cache=1492090377416 HTTP/1.1" 200 1249
192.168.10.89 - - [13/Apr/2017:09:38:22 -0300] "POST /cormun/servlet/solicitudgral2?gx-no-cache=1492090377475 HTTP/1.1" 200 1154
192.168.10.89 - - [13/Apr/2017:09:38:27 -0300] "GET /cormun/servlet/solicitudgral2?5a4aa948cdbe65cd3d9c4212ce231d4b86f0c90fc480f7ae72c3a5387d8fd089de96fe59890ccc1d429af71f6fca39fd880f3b1bce8010936f26bfa6b82336e53820f23c817b701ce02dd7cd1d3c50fc91cb49bb7cebd965dc79f38bf8d8d55f3721e68e9e3cbc2ad10e611b0c9f9e5a72a96bdc70fc6652ac47d7606bdf6bda,gx-no-cache=1492090382384 HTTP/1.1" 200 30
192.168.10.13 - - [13/Apr/2017:09:38:43 -0300] "GET / HTTP/1.1" 200 11217
186.103.156.166 - - [13/Apr/2017:09:39:21 -0300] "GET /cormun/servlet/solicitudot?a294885fbe6113816b73b1141860c420875aa7f979f3ed2f5125c6c4df61ef0d85ca4febab88dbd17608655dea97f7989d6a697772b5b008f66be8089408e0a3631e447917153d38a022e245c1a92b705bebc15b7a09feb2fe275831cc4e2f118423bf141b276e3f20f12fce2d880685119555f8003a0a7ff8c0b3b4a35b2d3c363db4b29663d5fdf81f664542875970fb4af58b4ef81ae4c483d01105c501c9e2eb394e6512d32bfc83590631a6773b,gx-no-cache=1492090827326 HTTP/1.1" 200 30
186.103.156.166 - - [13/Apr/2017:09:39:21 -0300] "POST /cormun/servlet/solicitudot?782c720d48cc62ef1525ab4b347a4cae,INS,0,0,,gx-no-cache=1492090828424 HTTP/1.1" 200 11708
186.103.157.42 - - [13/Apr/2017:09:39:38 -0300] "GET /cormun/servlet/prfichaempleado?,MD,,gxPopupLevel%3D0%3B HTTP/1.1" 200 8892
192.168.10.13 - - [13/Apr/2017:09:39:43 -0300] "GET / HTTP/1.1" 200 11217
186.103.156.166 - - [13/Apr/2017:09:39:46 -0300] "POST /cormun/servlet/solicitudot?gx-no-cache=1492090853542 HTTP/1.1" 200 30
200.86.10.241 - - [13/Apr/2017:09:39:53 -0300] "GET /cormun/servlet/licenciaspermisos?809f35694fcf8df7585ee320d00e82d6fdb5547cb069f699a421056cd7cc4d85747816c6c24879119fbb1457dac8c2a6185befc019f6a978ce75ba5209ff975f1079835fc43429b54ee6a6f6e9cb1e28e294e6caf76e6ab17024449f4a625d4833b83e8d61515edd6026099022b573be72156ac36c3885716bfefb7e8063074814cdfccd001e8886a0fe763f2edac907622e1d6f5f706e685da2d9e0eb4db788f19de6a57ac30d9ed3de26e42c5be528,gx-no-cache=1492087258552 HTTP/1.1" 200 30
200.86.10.241 - - [13/Apr/2017:09:39:53 -0300] "GET /cormun/servlet/licenciaspermisos?809f35694fcf8df7585ee320d00e82d65f0f6e0b45a938080c465b450d08495c342009d3df2a360f3f048cc4cca13f79ff07c69c6f97b95efafc4d3d4eecc9c0b66d1a0e2b04f71240a30a56bf442a6444d0a7d89a321cc031dd46ca1f2da1b1b6ba081b65c42bcfbb6f8856447654fdc06a2ae8a71cc3e0688c398ac9e9bb4b4456a6dd3ca770016cf9bc93d2e4116237d7f507fee14fa47146fd951c66c503655da32291b9f8b5495fcd5a9385e197,gx-no-cache=1492087258646 HTTP/1.1" 200 29
186.103.157.42 - - [13/Apr/2017:09:39:54 -0300] "POST /cormun/servlet/prfichaempleado?e67ff0c61a40b42c855a304364921981,,MD,,gxPopupLevel%3D0%3B,gx-no-cache=1492087115074 HTTP/1.1" 200 3390
200.86.10.241 - - [13/Apr/2017:09:39:54 -0300] "POST /cormun/servlet/licenciaspermisos?e332556fe76f41fac59cd556d39a6605,INS,0,,,,gx-no-cache=1492087258677 HTTP/1.1" 200 93
200.86.10.241 - - [13/Apr/2017:09:39:54 -0300] "GET /cormun/servlet/hpexe_return? HTTP/1.1" 200 1015
200.86.10.241 - - [13/Apr/2017:09:39:54 -0300] "GET /cormun/static/gxcfg.js?2016101716175148 HTTP/1.1" 304 -
200.86.10.241 - - [13/Apr/2017:09:39:54 -0300] "GET /cormun/servlet/trlicencias HTTP/1.1" 200 7762
200.86.10.241 - - [13/Apr/2017:09:39:54 -0300] "GET /cormun/servlet/trlicencias HTTP/1.1" 200 7758
186.103.156.166 - - [13/Apr/2017:09:39:56 -0300] "POST /cormun/servlet/solicitudot?gx-no-cache=1492090863048 HTTP/1.1" 200 1290
186.103.156.166 - - [13/Apr/2017:09:39:56 -0300] "POST /cormun/servlet/solicitudot?gx-no-cache=1492090863207 HTTP/1.1" 200 41
186.103.156.166 - - [13/Apr/2017:09:39:56 -0300] "POST /cormun/servlet/solicitudot?gx-no-cache=1492090863271 HTTP/1.1" 200 1273
186.103.156.166 - - [13/Apr/2017:09:39:56 -0300] "POST /cormun/servlet/solicitudot?gx-no-cache=1492090863334 HTTP/1.1" 200 1157
186.103.157.42 - - [13/Apr/2017:09:39:58 -0300] "GET /cormun/servlet/prlicenciaspermisos?16490969,L,,MD,,gxPopupLevel%3D0%3B HTTP/1.1" 200 5935
186.103.157.42 - - [13/Apr/2017:09:39:58 -0300] "GET /cormun/static/gxcfg.js?201741111445743 HTTP/1.1" 200 953
186.103.157.42 - - [13/Apr/2017:09:39:58 -0300] "GET /cormun/static/prlicenciaspermisos.js?201741111445890 HTTP/1.1" 200 13360
186.103.157.42 - - [13/Apr/2017:09:40:01 -0300] "POST /cormun/servlet/solicitudot?gx-no-cache=1492087122690 HTTP/1.1" 200 1292
186.103.156.166 - - [13/Apr/2017:09:40:02 -0300] "POST /cormun/servlet/solicitudot?gx-no-cache=1492090869661 HTTP/1.1" 200 30
186.103.156.166 - - [13/Apr/2017:09:40:02 -0300] "POST /cormun/servlet/solicitudot?gx-no-cache=1492090869760 HTTP/1.1" 200 1290
186.103.156.166 - - [13/Apr/2017:09:40:02 -0300] "POST /cormun/servlet/solicitudot?gx-no-cache=1492090869855 HTTP/1.1" 200 41
186.103.156.166 - - [13/Apr/2017:09:40:02 -0300] "POST /cormun/servlet/solicitudot?gx-no-cache=1492090869905 HTTP/1.1" 200 1273
186.103.156.166 - - [13/Apr/2017:09:40:02 -0300] "POST /cormun/servlet/solicitudot?gx-no-cache=1492090869987 HTTP/1.1" 200 1157
186.103.157.42 - - [13/Apr/2017:09:40:07 -0300] "POST /cormun/servlet/solicitudot?gx-no-cache=1492087128704 HTTP/1.1" 200 41
200.86.10.241 - - [13/Apr/2017:09:40:08 -0300] "GET /cormun/servlet/trlicenciaspermisosadjuntos?8654897,20170413000000,L, HTTP/1.1" 200 6128
200.86.10.241 - - [13/Apr/2017:09:40:08 -0300] "GET /cormun/static/gxcfg.js?20173171154619 HTTP/1.1" 304 -
200.86.10.241 - - [13/Apr/2017:09:40:09 -0300] "GET /cormun/servlet/trlicenciaspermisosadjuntos?8654897,20170413000000,L, HTTP/1.1" 200 6128
200.86.10.241 - - [13/Apr/2017:09:40:11 -0300] "GET /cormun/servlet/licenciaspermisosadjuntos?INS,8654897,L,20170413000000,, HTTP/1.1" 200 5425
200.86.10.241 - - [13/Apr/2017:09:40:11 -0300] "GET /cormun/static/gxcfg.js?201731711421170 HTTP/1.1" 304 -
200.86.10.241 - - [13/Apr/2017:09:40:11 -0300] "GET /cormun/static/about:blank HTTP/1.1" 404 1011
200.86.10.241 - - [13/Apr/2017:09:40:11 -0300] "GET /cormun/servlet/licenciaspermisosadjuntos?INS,8654897,L,20170413000000,, HTTP/1.1" 200 5414
186.103.156.166 - - [13/Apr/2017:09:40:11 -0300] "GET /cormun/servlet/solicitudot?a294885fbe6113816b73b1141860c420875aa7f979f3ed2f5125c6c4df61ef0d339243a6e9c50f272c05d761f5829eac0ede382ef77981c3a9f084923554be98631e447917153d38a022e245c1a92b705bebc15b7a09feb2fe275831cc4e2f118423bf141b276e3f20f12fce2d880685119555f8003a0a7ff8c0b3b4a35b2d3c363db4b29663d5fdf81f664542875970fb4af58b4ef81ae4c483d01105c501c9c74ec496bc2c0ba0853e0a48487c5c24,gx-no-cache=1492090878429 HTTP/1.1" 200 30
186.103.156.166 - - [13/Apr/2017:09:40:12 -0300] "POST /cormun/servlet/solicitudot?782c720d48cc62ef1525ab4b347a4cae,INS,0,0,,gx-no-cache=1492090878846 HTTP/1.1" 200 93
186.103.156.166 - - [13/Apr/2017:09:40:12 -0300] "GET /cormun/servlet/hpexe_return? HTTP/1.1" 200 1007
186.103.156.166 - - [13/Apr/2017:09:40:12 -0300] "GET /cormun/static/Resources/Spanish/PXTools.css?167811 HTTP/1.1" 304 -
186.103.156.166 - - [13/Apr/2017:09:40:12 -0300] "GET /cormun/static/gxcfg.js?2016101716175148 HTTP/1.1" 200 953
186.103.156.166 - - [13/Apr/2017:09:40:12 -0300] "GET /cormun/static/hpexe_return.js?2016101716175153 HTTP/1.1" 304 -
186.103.156.166 - - [13/Apr/2017:09:40:12 -0300] "GET /cormun/servlet/trsolicitudot HTTP/1.1" 200 8675
186.103.156.166 - - [13/Apr/2017:09:40:13 -0300] "GET /cormun/servlet/trsolicitudot HTTP/1.1" 200 8671
192.168.10.89 - - [13/Apr/2017:09:40:23 -0300] "POST /cormun/servlet/solicitudgral2?3484f334161fd2d611feb0ea4c1bd0de,UPD,2017,5986,,gx-no-cache=1492090498235 HTTP/1.1" 200 10644
192.168.10.89 - - [13/Apr/2017:09:40:23 -0300] "POST /cormun/servlet/solicitudgral2?gx-no-cache=1492090498508 HTTP/1.1" 200 1249
192.168.10.89 - - [13/Apr/2017:09:40:23 -0300] "POST /cormun/servlet/solicitudgral2?gx-no-cache=1492090498544 HTTP/1.1" 200 1154
192.168.10.89 - - [13/Apr/2017:09:40:23 -0300] "GET /cormun/servlet/solicitudgral2?5a4aa948cdbe65cd3d9c4212ce231d4b86f0c90fc480f7ae72c3a5387d8fd089de96fe59890ccc1d429af71f6fca39fd880f3b1bce8010936f26bfa6b82336e53820f23c817b701ce02dd7cd1d3c50fc91cb49bb7cebd965dc79f38bf8d8d55f3721e68e9e3cbc2ad10e611b0c9f9e5a72a96bdc70fc6652ac47d7606bdf6bda,gx-no-cache=1492090498574 HTTP/1.1" 200 30
192.168.10.89 - - [13/Apr/2017:09:40:23 -0300] "POST /cormun/servlet/solicitudgral2?3484f334161fd2d611feb0ea4c1bd0de,UPD,2017,5986,,gx-no-cache=1492090498595 HTTP/1.1" 200 93
192.168.10.89 - - [13/Apr/2017:09:40:23 -0300] "GET /cormun/servlet/hpexe_return? HTTP/1.1" 200 1011
192.168.10.89 - - [13/Apr/2017:09:40:23 -0300] "GET /cormun/static/Resources/Spanish/PXTools.css?167811 HTTP/1.1" 304 -
192.168.10.89 - - [13/Apr/2017:09:40:23 -0300] "GET /cormun/static/gxcfg.js?2016101716175148 HTTP/1.1" 304 -
192.168.10.89 - - [13/Apr/2017:09:40:23 -0300] "GET /cormun/static/hpexe_return.js?2016101716175153 HTTP/1.1" 304 -
192.168.10.89 - - [13/Apr/2017:09:40:24 -0300] "GET /cormun/servlet/trsolicitudgral? HTTP/1.1" 200 10075
200.86.10.241 - - [13/Apr/2017:09:40:31 -0300] "POST /cormun/servlet/licenciaspermisosadjuntos?e332556fe76f41fac59cd556d39a6605,INS,8654897,L,20170413000000,, HTTP/1.1" 200 116
200.86.10.241 - - [13/Apr/2017:09:40:31 -0300] "GET /cormun/servlet/hpexe_return? HTTP/1.1" 200 1045
200.86.10.241 - - [13/Apr/2017:09:40:31 -0300] "GET /cormun/servlet/trlicenciaspermisosadjuntos?8654897,20170413000000,L, HTTP/1.1" 200 6613
200.86.10.241 - - [13/Apr/2017:09:40:32 -0300] "GET /cormun/servlet/trlicenciaspermisosadjuntos?8654897,20170413000000,L, HTTP/1.1" 200 6611
186.103.156.166 - - [13/Apr/2017:09:40:34 -0300] "POST /cormun/servlet/trsolicitudot?782c720d48cc62ef1525ab4b347a4cae,gx-no-cache=1492090899946 HTTP/1.1" 200 5423
186.103.156.166 - - [13/Apr/2017:09:40:34 -0300] "GET /cormun/static/Shared/jqueryui/images/ui-bg_highlight-soft_100_c6c2c8_1x100.png HTTP/1.1" 404 1117
186.103.156.166 - - [13/Apr/2017:09:40:34 -0300] "GET /cormun/static/Shared/jqueryui/images/ui-icons_82798d_256x240.png HTTP/1.1" 404 1089
186.103.156.166 - - [13/Apr/2017:09:40:34 -0300] "GET /cormun/static/Shared/jqueryui/images/ui-bg_flat_55_fafafa_40x100.png HTTP/1.1" 404 1097
186.103.156.166 - - [13/Apr/2017:09:40:34 -0300] "GET /cormun/static/Shared/jqueryui/images/ui-icons_8d78a5_256x240.png HTTP/1.1" 404 1089
186.103.156.166 - - [13/Apr/2017:09:40:34 -0300] "POST /cormun/servlet/trsolicitudot?782c720d48cc62ef1525ab4b347a4cae,gx-no-cache=1492090901646 HTTP/1.1" 200 5364
186.103.156.166 - - [13/Apr/2017:09:40:42 -0300] "GET /cormun/servlet/treventos?2017,5941, HTTP/1.1" 200 6036
186.103.156.166 - - [13/Apr/2017:09:40:42 -0300] "GET /cormun/static/gxcfg.js?2016101716195975 HTTP/1.1" 200 953
186.103.156.166 - - [13/Apr/2017:09:40:42 -0300] "GET /cormun/static/treventos.js?201610171620222 HTTP/1.1" 304 -
186.103.156.166 - - [13/Apr/2017:09:40:43 -0300] "GET /cormun/servlet/treventos?2017,5941, HTTP/1.1" 200 6035
192.168.10.13 - - [13/Apr/2017:09:40:43 -0300] "GET / HTTP/1.1" 200 11217
200.86.10.241 - - [13/Apr/2017:09:40:44 -0300] "GET /cormun/servlet/hhome HTTP/1.1" 200 3808
200.86.10.241 - - [13/Apr/2017:09:40:45 -0300] "GET /cormun/servlet/hhome HTTP/1.1" 200 3779
200.86.10.241 - - [13/Apr/2017:09:40:48 -0300] "GET /cormun/servlet/trlicencias? HTTP/1.1" 200 7759
200.86.10.241 - - [13/Apr/2017:09:40:48 -0300] "GET /cormun/servlet/trlicencias? HTTP/1.1" 200 7758
200.86.10.241 - - [13/Apr/2017:09:40:50 -0300] "GET /cormun/servlet/alicenciaprn?8654897,L,20170413000000,PU HTTP/1.1" 200 1524
186.103.159.188 - - [13/Apr/2017:09:41:21 -0300] "POST /cormun/servlet/trlicencias?e332556fe76f41fac59cd556d39a6605,,gx-no-cache=1492087346190 HTTP/1.1" 200 4018
186.103.159.188 - - [13/Apr/2017:09:41:21 -0300] "GET /cormun/static/Shared/jqueryui/images/ui-bg_highlight-soft_100_c6c2c8_1x100.png HTTP/1.1" 404 1117
186.103.159.188 - - [13/Apr/2017:09:41:21 -0300] "GET /cormun/static/Shared/jqueryui/images/ui-icons_82798d_256x240.png HTTP/1.1" 404 1089
200.86.10.241 - - [13/Apr/2017:09:41:21 -0300] "GET /cormun/static/Shared/jqueryui/images/ui-bg_flat_55_fafafa_40x100.png HTTP/1.1" 404 1097
186.103.159.188 - - [13/Apr/2017:09:41:21 -0300] "GET /cormun/static/Shared/jqueryui/images/ui-icons_8d78a5_256x240.png HTTP/1.1" 404 1089
186.103.157.42 - - [13/Apr/2017:09:41:36 -0300] "POST /cormun/servlet/solicitudot?gx-no-cache=1492087217408 HTTP/1.1" 200 1274
186.103.157.42 - - [13/Apr/2017:09:41:36 -0300] "POST /cormun/servlet/solicitudot?gx-no-cache=1492087217470 HTTP/1.1" 200 1158
186.103.157.42 - - [13/Apr/2017:09:41:36 -0300] "GET /cormun/static/menuarrow.gif HTTP/1.1" 404 1015
186.103.157.42 - - [13/Apr/2017:09:41:38 -0300] "POST /cormun/servlet/solicitudot?gx-no-cache=1492087219274 HTTP/1.1" 200 1274
186.103.157.42 - - [13/Apr/2017:09:41:38 -0300] "POST /cormun/servlet/solicitudot?gx-no-cache=1492087219326 HTTP/1.1" 200 1158
186.103.157.42 - - [13/Apr/2017:09:41:41 -0300] "GET /cormun/servlet/solicitudot?f4e0bf361d0ca47c5506dff3bcf7a5acf4763baad4ec1db4c799d8f8b1e81e4bdc17ec81e42835f2fead2e7a5804e8b715a2a83032bf8f44ec41728241c22d45bbd7e3a4452bbeeb54b6ef9d44114caf17584a7698d1bcffb3f6dd5e895d40d3f84853125a27a5461cb49357b3be1734ceb61de776a2be3cd7649ad2abe71244f3e5c03360ae63c79b8b55b4e6989d064065335cc87dfdb1195317ca3b78c066175abc1da622904951decf5bcf9a2943a9dac18467092d2a6a2bbc4862bee7a9,gx-no-cache=1492087222927 HTTP/1.1" 200 30
192.168.10.13 - - [13/Apr/2017:09:41:43 -0300] "GET / HTTP/1.1" 200 11217
200.86.10.241 - - [13/Apr/2017:09:41:59 -0300] "GET /cormun/servlet/trsolicitudot? HTTP/1.1" 200 6733
200.86.10.241 - - [13/Apr/2017:09:41:59 -0300] "GET /cormun/servlet/trsolicitudot? HTTP/1.1" 200 6733
200.86.10.241 - - [13/Apr/2017:09:42:17 -0300] "GET /cormun/servlet/solicitudot?INS,0,0, HTTP/1.1" 200 12588
200.86.10.241 - - [13/Apr/2017:09:42:18 -0300] "GET /cormun/servlet/solicitudot?INS,0,0, HTTP/1.1" 200 12593
200.86.10.241 - - [13/Apr/2017:09:42:25 -0300] "POST /cormun/servlet/solicitudot?gx-no-cache=1492087410242 HTTP/1.1" 200 3189
200.86.10.241 - - [13/Apr/2017:09:42:26 -0300] "POST /cormun/servlet/solicitudot?e332556fe76f41fac59cd556d39a6605,INS,0,0,,gx-no-cache=1492087410772 HTTP/1.1" 200 9792
192.168.10.13 - - [13/Apr/2017:09:42:43 -0300] "GET / HTTP/1.1" 200 11217
200.86.10.241 - - [13/Apr/2017:09:43:00 -0300] "GET /cormun/servlet/solicitudot?4f8d7bd252a2569cb60a7330d398d67f46bf508fe17cb8c52bc103be2169e96670e806e57a88d667cafb059d05c57226,gx-no-cache=1492087445439 HTTP/1.1" 200 30
200.86.10.241 - - [13/Apr/2017:09:43:00 -0300] "POST /cormun/servlet/solicitudot?gx-no-cache=1492087445611 HTTP/1.1" 200 255
200.86.10.241 - - [13/Apr/2017:09:43:00 -0300] "GET /cormun/servlet/solicitudot?4f8d7bd252a2569cb60a7330d398d67fb2d383c88a782dbbb9bf8180d93920f630255cf2b8758389613e1123a81a866c8cb7ccf9e29f1e1b63374510c31249020c6ce0ed4aa46e0f6412555a67e482cff2bb04e7c676b0df6dc280498620277f10680c6c49e72fbad34c192aae8ad7c860173fbc10a0978ff82bed369fbe05cbf0078166a01f24df570c954297c1b1f8bf3c346d3dda6b3105b62b2dc4f942d81545a64add1b1f35de0bf114dbce64462ee46ede1383ac9f645ebeee2a0213ee8bf6827d467b4423a4619be674f45d66846218103a050bbb96f23df4befbe01e65f659fa197cb8cc66326159639b1a23b7dbcac80950aed3e89ae4c14043b2e9185befc019f6a978ce75ba5209ff975f62e4b245c0fe59b9a18d3869394784bed5723e5888ad46b652a2af3ec13844c2b13a1b45e4a6a65d3a99ef815ae82c6814e1250f344045042c106aecb23ae6c933e81c88044b1db03773327d95a8339e0e6275b48db4b563c9aeb204a4b81716bd6c5768e51a270067bb858b953e195c,gx-no-cache=1492087445689 HTTP/1.1" 200 30
200.86.10.241 - - [13/Apr/2017:09:43:03 -0300] "POST /cormun/servlet/solicitudot?gx-no-cache=1492087448185 HTTP/1.1" 200 30
200.86.10.241 - - [13/Apr/2017:09:43:05 -0300] "GET /cormun/servlet/prcontratosol?16884126,,,,,MD,,gxPopupLevel%3D0%3B HTTP/1.1" 200 5930
200.86.10.241 - - [13/Apr/2017:09:43:09 -0300] "POST /cormun/servlet/solicitudot?gx-no-cache=1492087454316 HTTP/1.1" 200 1291
200.86.10.241 - - [13/Apr/2017:09:43:09 -0300] "POST /cormun/servlet/solicitudot?gx-no-cache=1492087454378 HTTP/1.1" 200 38
200.86.10.241 - - [13/Apr/2017:09:43:09 -0300] "GET /cormun/servlet/solicitudot?4f8d7bd252a2569cb60a7330d398d67f2648e1b966a877735551896e7b40a9274b579809708c7be5c3b3d1d66e838523a577b937baa0daa4905b84040599ae8d294c5140df1e88d24b0410dd60dbdb021b42d33143d19c4cd9e918061300a52497590132983a9d5428d305ed0d73b47e95da4e99cfb3c6ee38c8866df34efc01c9e3f1bb241cdf2cd913c8c8e00e10a8c670d60191e950fde03850ddab8ed6b1,gx-no-cache=1492087454409 HTTP/1.1" 200 29
200.86.10.241 - - [13/Apr/2017:09:43:09 -0300] "POST /cormun/servlet/solicitudot?gx-no-cache=1492087454456 HTTP/1.1" 200 1274
200.86.10.241 - - [13/Apr/2017:09:43:09 -0300] "POST /cormun/servlet/solicitudot?gx-no-cache=1492087454518 HTTP/1.1" 200 1157
186.103.157.42 - - [13/Apr/2017:09:43:28 -0300] "POST /cormun/servlet/solicitudot?e67ff0c61a40b42c855a304364921981,INS,0,0,,gx-no-cache=1492087328999 HTTP/1.1" 200 11341
192.168.10.13 - - [13/Apr/2017:09:43:43 -0300] "GET / HTTP/1.1" 200 11217
186.103.157.42 - - [13/Apr/2017:09:44:05 -0300] "POST /cormun/servlet/solicitudot?e67ff0c61a40b42c855a304364921981,INS,0,0,,gx-no-cache=1492087366125 HTTP/1.1" 200 11388
