192.168.10.89 - - [13/Apr/2017:12:38:45 -0300] "GET /cormun/static/Shared/jqueryui/images/ui-icons_8d78a5_256x240.png HTTP/1.1" 404 1089
186.79.194.25 - - [13/Apr/2017:12:38:45 -0300] "GET /cormun/servlet/solicitudot?INS,0,0, HTTP/1.1" 200 12568
192.168.10.89 - - [13/Apr/2017:12:39:02 -0300] "POST /cormun/servlet/trsolicitudgral?fd1ab147bdf825a382306fb2efb915c7,,gx-no-cache=1492101217339 HTTP/1.1" 200 7201
192.168.10.89 - - [13/Apr/2017:12:39:09 -0300] "POST /cormun/servlet/trsolicitudgral?fd1ab147bdf825a382306fb2efb915c7,,gx-no-cache=1492101223895 HTTP/1.1" 200 6787
192.168.10.89 - - [13/Apr/2017:12:39:20 -0300] "POST /cormun/servlet/trsolicitudgral?fd1ab147bdf825a382306fb2efb915c7,,gx-no-cache=1492101235074 HTTP/1.1" 200 6771
186.79.194.25 - - [13/Apr/2017:12:39:24 -0300] "POST /cormun/servlet/solicitudot?gx-no-cache=1492098031638 HTTP/1.1" 200 3179
186.79.194.25 - - [13/Apr/2017:12:39:24 -0300] "POST /cormun/servlet/solicitudot?ffad2f09905405a07c2127e804fc250a,INS,0,0,,gx-no-cache=1492098032097 HTTP/1.1" 200 9794
192.168.10.89 - - [13/Apr/2017:12:39:28 -0300] "GET /cormun/servlet/solicitudgral?UPD,2017,6003, HTTP/1.1" 200 12295
192.168.10.89 - - [13/Apr/2017:12:39:30 -0300] "POST /cormun/servlet/solicitudgral?gx-no-cache=1492101245152 HTTP/1.1" 200 3185
192.168.10.89 - - [13/Apr/2017:12:39:30 -0300] "GET /cormun/servlet/solicitudgral?f914243d5362574ad6efd9c76683d293edd9acc3c41a6f3015e45500f56259710c0ecfb68d41566eb301e59ce0807ceded7bcdebe78613beddd7246d00185d0f83ed73d7d4c9ed9534990992c5d25e3586795eddb4e4b3282871e318f589d274ce6e24f5ab6452fe896edaff706e12e8ca683cd2de5cd717fa71c95a900012f46269188754a476e2397ae4cfa789e00d4eca33bda7dcf6d7f1be5e90e8c4b9edb334918928a2bf466489f79d0880e7ba26545e08314939881ff5a5a89bce94a58e67fbf977d97dc2b969c1fd86b03805f847f8605b4b417a37d0cb4ef8d9eef667398e81e7f72ee3b0c0e0264bdc6a22878422daefb860e59141c4646cf370712b08bbe64cf30d77f852516a92005eeb5be982608bf24a5c90b7abbd2d56930c5ab34eeaa5f87ba524070b1898950feccb01b97421296ebb47eeedd996075f0aa5d1ca7eacc2da600b7a75c1d58a7257,gx-no-cache=1492101245362 HTTP/1.1" 200 258
186.103.159.187 - - [13/Apr/2017:12:39:34 -0300] "GET /cormun/servlet/licenciaspermisos?bee90cab1af4150b73f7efd2324a2559854adbfd573f3fa5e1129c10c4ffcca7964d2245c56cb322367413ec03a547777faca6c88d2530cc5ab5d230ccd74cc4e0ab1d7e339a91989bf6cd8b0a3213a6fd7e95020516810a92822b3a8b00dbec08ebf406c906da3abaf7c60a4d034c58b642b021bdd4847c535bd9257efbf5abc20c393a65fef2e860f009e5dc66342bd4567ad21051c6737635058eb92582ce29e0762da5bd123c4b69ee3a718d0911,gx-no-cache=1492101634540 HTTP/1.1" 200 30
186.103.159.187 - - [13/Apr/2017:12:39:34 -0300] "GET /cormun/servlet/licenciaspermisos?bee90cab1af4150b73f7efd2324a25598b82dcbce752c6ab3ae8c6df327b581db6d5e0bbf78ad4e83d847fee6a370a54908972f33e0007a7f02946044df031bf7b4894b5e8ee3f346318ee2b58907b04a1176ea823df942ce3d8c8cfab587802264c632186d769acb605830f4abed06711e5442432f9be65bc5206f058bf50f575f184ab1a281fd5c16b4fcdb06e25c22363bababb8018a360a7292dbaab90f0db1d275b980ef4d92a93dfb46f3545d5,gx-no-cache=1492101634611 HTTP/1.1" 200 29
186.103.159.187 - - [13/Apr/2017:12:39:34 -0300] "POST /cormun/servlet/licenciaspermisos?a4d267a7eb1186ce60fb3d682ce37ef9,INS,0,,,,gx-no-cache=1492101634649 HTTP/1.1" 200 93
186.103.159.187 - - [13/Apr/2017:12:39:34 -0300] "GET /cormun/servlet/hpexe_return? HTTP/1.1" 200 1014
186.103.159.187 - - [13/Apr/2017:12:39:34 -0300] "GET /cormun/static/Resources/Spanish/PXTools.css?167811 HTTP/1.1" 304 -
186.103.159.187 - - [13/Apr/2017:12:39:34 -0300] "GET /cormun/static/gxcfg.js?2016101716175148 HTTP/1.1" 304 -
186.103.159.187 - - [13/Apr/2017:12:39:34 -0300] "GET /cormun/static/hpexe_return.js?2016101716175153 HTTP/1.1" 304 -
186.103.159.187 - - [13/Apr/2017:12:39:34 -0300] "GET /cormun/servlet/trlicencias HTTP/1.1" 200 7763
186.103.159.187 - - [13/Apr/2017:12:39:36 -0300] "GET /cormun/servlet/trlicencias HTTP/1.1" 200 7758
186.79.194.25 - - [13/Apr/2017:12:39:37 -0300] "GET /cormun/servlet/solicitudot?ae81be26bca1ae8b8316f8430e97da0772c38693b029350bb1a32b1aba5de9e95591383b53404a11d2990fa066854e0a,gx-no-cache=1492098045729 HTTP/1.1" 200 30
186.79.194.25 - - [13/Apr/2017:12:39:37 -0300] "POST /cormun/servlet/solicitudot?gx-no-cache=1492098045831 HTTP/1.1" 200 297
186.79.194.25 - - [13/Apr/2017:12:39:38 -0300] "GET /cormun/servlet/solicitudot?ae81be26bca1ae8b8316f8430e97da072d0b5dc37d3f78ae60166aa2b3f228af7040a8eab6acf26745f82f3b317277a8e0438acd009b09349d4f0978251baab5f97f39406c8d37079b9604ad99787e8979ff2c598e046b4cace9e8c80ce8351d6eca02811988dffab2e6ac2ff177a0bc592569ce8478925d0428e4903c7e2c12754bc25f81dc735bfa74b69e769ba735b09d3fa97d99e2af571134797ce7e99898cb737934b795be15b8649a8494fe05d3cb03ec70c878ff97526a8a7134e662985fde3208ad46e482ec00ae5be6199cf9e4a8a87e924a2a2bbc40b0eb32fedc3f386986f8e5dc6db80cfb729be2603a392e3158508d98b659126c7e545fb60a591bbf0d0dbd6e1fb4424c93113d6733a90b1c4bc6eb320c79f76b44e74b35394fd8c60542d630d3b9c51b4f456039b72e42d36d94a8894d02df257a3f691bd506791035e18fa3b563b29437da3b7feef10eb1ecae143e200a937b9f9e141ba3e8a9c8c6d8554fada40cdc64768cd3fa623237c591189f745852b8667f2ae530176e55a1bb66e845822df4587cc399e2,gx-no-cache=1492098045946 HTTP/1.1" 200 30
186.79.194.25 - - [13/Apr/2017:12:39:40 -0300] "POST /cormun/servlet/solicitudot?gx-no-cache=1492098048667 HTTP/1.1" 200 30
192.168.10.89 - - [13/Apr/2017:12:39:41 -0300] "GET /cormun/servlet/solicitudgral?f914243d5362574ad6efd9c76683d293ef3de806d44ed47118c6f5951de9b3455865bedcbdf61903c9c240359c57d7f747416381f50c5c9f249c8c9d9a412c82e5dbc2d7d33e610bd60377cb4974f5fda313537fbd2f558fa63c8fdf598ce4df8a0959890d71f05274d828272377024c05cd16c05976f3f45bde61ada14b4bbf62f9360f8be25d7ac1128fe372722e2a928e33f97e06bd7fcd8c3557bae5e4c487b0dc23fd679ddb95f9e6bbdecec77fffc93e00286d322ae3afd930f185d757daa85c0c8436f63f31643633b53bfa39a6be82e6f5cecc68eeb8e8b184abf1675815605c49be9b45c2c75dd4b5d1ce0e96c678db364dc179baaace76f0e501b236479b5e4168270d13221887213d13da1630811d9cb1929d4d2ab9b750091b7f1ba1aaee13abc6e5bbe280252539ebd3a1bef0fa5fd03c67545e12c77b61e7aa1fdc78f94a6cb4a839e1baf98b18b6eb9ce484d355fe3528fff147a599c426a15a1fa4460ac15e617465dd7b6394835f8463685100373aab0cfed24499ca94d6f910c4c5d49e77638cf2dcfb92df746cba721afb57751ef71753520ac6f13466b3549dbf857ce557430f23f3ac0c46ac74ecffc312f0447d12a7273e123cf6591b18b7e59666bc9f9066f749000ec8e3f01dc6e730f50ac0f2a7f52fceeb2dc86e6e2e20d7cef2732eb5a2c9a7d00a6b719cc90017826a9a551f42d7c760fa67408e86cd155d15613f42f687b0fba636e553b773f63669f0fccec9774e31e6169ce7fd7c41b1a7fc9034c90a352c3c72,gx-no-cache=1492101256367 HTTP/1.1" 200 48
192.168.10.89 - - [13/Apr/2017:12:39:41 -0300] "POST /cormun/servlet/solicitudgral?fd1ab147bdf825a382306fb2efb915c7,UPD,2017,6003,,gx-no-cache=1492101256674 HTTP/1.1" 200 10617
192.168.10.89 - - [13/Apr/2017:12:39:42 -0300] "GET /cormun/servlet/solicitudgral?f914243d5362574ad6efd9c76683d2932d6305dd94162eb09f5fd45f1354adcc475157aa42f48f0658141b6c4c0189013dc4270aa76f2b524a9e9e1a3e4e6915d858a80e4fc35ab65e204a13eaf1a8dcab991788159a6df1e73c4555e4bac5deb0a98f49943116b8ddcf9f42f8473b1c,gx-no-cache=1492101257124 HTTP/1.1" 200 29
192.168.10.89 - - [13/Apr/2017:12:39:42 -0300] "POST /cormun/servlet/solicitudgral?gx-no-cache=1492101257150 HTTP/1.1" 200 1250
192.168.10.89 - - [13/Apr/2017:12:39:42 -0300] "POST /cormun/servlet/solicitudgral?gx-no-cache=1492101257190 HTTP/1.1" 200 1153
192.168.10.13 - - [13/Apr/2017:12:39:43 -0300] "GET / HTTP/1.1" 200 11217
186.79.194.25 - - [13/Apr/2017:12:39:43 -0300] "POST /cormun/servlet/solicitudot?gx-no-cache=1492098051751 HTTP/1.1" 200 1291
186.79.194.25 - - [13/Apr/2017:12:39:44 -0300] "POST /cormun/servlet/solicitudot?gx-no-cache=1492098051997 HTTP/1.1" 200 38
192.168.10.89 - - [13/Apr/2017:12:39:54 -0300] "POST /cormun/servlet/solicitudgral?fd1ab147bdf825a382306fb2efb915c7,UPD,2017,6003,,gx-no-cache=1492101269435 HTTP/1.1" 200 93
192.168.10.89 - - [13/Apr/2017:12:39:54 -0300] "GET /cormun/servlet/hpexe_return? HTTP/1.1" 200 1014
192.168.10.89 - - [13/Apr/2017:12:39:55 -0300] "GET /cormun/servlet/trsolicitudgral? HTTP/1.1" 200 10079
186.79.194.25 - - [13/Apr/2017:12:39:57 -0300] "GET /cormun/servlet/solicitudot?ae81be26bca1ae8b8316f8430e97da074007b909f6c13946cc6801f46a81fcedaf44932deedbc76ea5c8533ded0892263dd92406e6709247d61c7487a33877cad14b8628c964de2d9ef3c48f225f294f0be3a1143a0411812f5f74bddec132905f3c45ff4d9370fa72f8c2cd39b776f7,gx-no-cache=1492098065122 HTTP/1.1" 200 29
186.79.194.25 - - [13/Apr/2017:12:39:57 -0300] "POST /cormun/servlet/solicitudot?gx-no-cache=1492098065294 HTTP/1.1" 200 1274
186.79.194.25 - - [13/Apr/2017:12:39:57 -0300] "POST /cormun/servlet/solicitudot?gx-no-cache=1492098065517 HTTP/1.1" 200 1156
192.168.10.89 - - [13/Apr/2017:12:39:59 -0300] "POST /cormun/servlet/trsolicitudgral?fd1ab147bdf825a382306fb2efb915c7,,gx-no-cache=1492101274738 HTTP/1.1" 200 5675
192.168.10.89 - - [13/Apr/2017:12:40:00 -0300] "GET /cormun/static/Shared/jqueryui/images/ui-icons_82798d_256x240.png HTTP/1.1" 404 1089
192.168.10.89 - - [13/Apr/2017:12:40:00 -0300] "GET /cormun/static/Shared/jqueryui/images/ui-bg_flat_55_fafafa_40x100.png HTTP/1.1" 404 1097
192.168.10.89 - - [13/Apr/2017:12:40:00 -0300] "GET /cormun/static/Shared/jqueryui/images/ui-icons_8d78a5_256x240.png HTTP/1.1" 404 1089
192.168.10.89 - - [13/Apr/2017:12:40:00 -0300] "GET /cormun/static/Shared/jqueryui/images/ui-bg_highlight-soft_100_c6c2c8_1x100.png HTTP/1.1" 404 1117
186.103.159.230 - - [13/Apr/2017:12:40:09 -0300] "GET /cormun/servlet/hlogin HTTP/1.1" 200 1726
186.103.159.230 - - [13/Apr/2017:12:40:25 -0300] "POST /cormun/servlet/hlogin?9d2e75307d56dbcb16c51d4813892ea1,gx-no-cache=1492098086823 HTTP/1.1" 200 90
186.103.159.230 - - [13/Apr/2017:12:40:25 -0300] "GET /cormun/servlet/hpexe_link HTTP/1.1" 200 954
186.103.159.230 - - [13/Apr/2017:12:40:25 -0300] "GET /cormun/servlet/hhome HTTP/1.1" 200 3975
186.103.159.230 - - [13/Apr/2017:12:40:25 -0300] "GET /cormun/servlet/hhome HTTP/1.1" 200 3971
192.168.10.89 - - [13/Apr/2017:12:40:26 -0300] "POST /cormun/servlet/trsolicitudgral?fd1ab147bdf825a382306fb2efb915c7,,gx-no-cache=1492101301459 HTTP/1.1" 200 6766
192.168.10.89 - - [13/Apr/2017:12:40:28 -0300] "GET /cormun/servlet/solicitudgral?UPD,2017,5978, HTTP/1.1" 200 12240
192.168.10.89 - - [13/Apr/2017:12:40:29 -0300] "POST /cormun/servlet/solicitudgral?gx-no-cache=1492101304745 HTTP/1.1" 200 3149
192.168.10.89 - - [13/Apr/2017:12:40:30 -0300] "GET /cormun/servlet/solicitudgral?f914243d5362574ad6efd9c76683d293edd9acc3c41a6f3015e45500f56259710c0ecfb68d41566eb301e59ce0807ceded7bcdebe78613beddd7246d00185d0f83ed73d7d4c9ed9534990992c5d25e35d3b7ec9a2de2a4e50bf249c7151d3f7ace6e24f5ab6452fe896edaff706e12e8ca683cd2de5cd717fa71c95a900012f46269188754a476e2397ae4cfa789e00d4eca33bda7dcf6d7f1be5e90e8c4b9edb334918928a2bf466489f79d0880e7ba26545e08314939881ff5a5a89bce94a58e67fbf977d97dc2b969c1fd86b03805f847f8605b4b417a37d0cb4ef8d9eef667398e81e7f72ee3b0c0e0264bdc6a22878422daefb860e59141c4646cf370712b08bbe64cf30d77f852516a92005eeb5be982608bf24a5c90b7abbd2d56930c5ab34eeaa5f87ba524070b1898950feccb01b97421296ebb47eeedd996075f0aa5d1ca7eacc2da600b7a75c1d58a7257,gx-no-cache=1492101304956 HTTP/1.1" 200 298
192.168.10.89 - - [13/Apr/2017:12:40:34 -0300] "GET /cormun/servlet/solicitudgral?f914243d5362574ad6efd9c76683d293ef3de806d44ed47118c6f5951de9b3455865bedcbdf61903c9c240359c57d7f747416381f50c5c9f249c8c9d9a412c82e5dbc2d7d33e610bd60377cb4974f5fda313537fbd2f558fa63c8fdf598ce4df8a0959890d71f05274d828272377024c05cd16c05976f3f45bde61ada14b4bbf62f9360f8be25d7ac1128fe372722e2a928e33f97e06bd7fcd8c3557bae5e4c487b0dc23fd679ddb95f9e6bbdecec77fffc93e00286d322ae3afd930f185d757daa85c0c8436f63f31643633b53bfa39a6be82e6f5cecc68eeb8e8b184abf1675815605c49be9b45c2c75dd4b5d1ce0e96c678db364dc179baaace76f0e501b236479b5e4168270d13221887213d13da1630811d9cb1929d4d2ab9b750091b7f1ba1aaee13abc6e5bbe280252539ebd3a1bef0fa5fd03c67545e12c77b61e7aa1fdc78f94a6cb4a839e1baf98b18b6eb9ce484d355fe3528fff147a599c426a15a1fa4460ac15e617465dd7b6394835f8463685100373aab0cfed24499ca94d6f910c4c5d49e77638cf2dcfb92df746cba721afb57751ef71753520ac6f13466b3549dbf857ce557430f23f3ac0c46ac74ecffc312f0447d12a7273e123cf6591b18b7e59666bc9f9066f749000ec8e3f01dc6e730f50ac0f2a7f52fceeb2dc86e6e2e20d7cef2732eb5a2c9a7d00a6b719cc90017826a9a551f42d7c760fa67408e86cd155d15613f42f687b0fba636e553b773f63669f0fccec9774e31e6169ce7fd7c41b1a7fc9034c90a352c3c72,gx-no-cache=1492101309548 HTTP/1.1" 200 48
192.168.10.89 - - [13/Apr/2017:12:40:34 -0300] "POST /cormun/servlet/solicitudgral?fd1ab147bdf825a382306fb2efb915c7,UPD,2017,5978,,gx-no-cache=1492101309579 HTTP/1.1" 200 10640
192.168.10.89 - - [13/Apr/2017:12:40:34 -0300] "GET /cormun/servlet/solicitudgral?f914243d5362574ad6efd9c76683d2932d6305dd94162eb09f5fd45f1354adcc475157aa42f48f0658141b6c4c0189013dc4270aa76f2b524a9e9e1a3e4e6915d858a80e4fc35ab65e204a13eaf1a8dcab991788159a6df1e73c4555e4bac5deb0a98f49943116b8ddcf9f42f8473b1c,gx-no-cache=1492101309822 HTTP/1.1" 200 29
192.168.10.89 - - [13/Apr/2017:12:40:35 -0300] "POST /cormun/servlet/solicitudgral?gx-no-cache=1492101309842 HTTP/1.1" 200 1250
192.168.10.89 - - [13/Apr/2017:12:40:35 -0300] "POST /cormun/servlet/solicitudgral?gx-no-cache=1492101309902 HTTP/1.1" 200 1154
192.168.10.89 - - [13/Apr/2017:12:40:35 -0300] "POST /cormun/servlet/solicitudgral?fd1ab147bdf825a382306fb2efb915c7,UPD,2017,5978,,gx-no-cache=1492101309948 HTTP/1.1" 200 93
192.168.10.89 - - [13/Apr/2017:12:40:35 -0300] "GET /cormun/servlet/hpexe_return? HTTP/1.1" 200 1014
192.168.10.89 - - [13/Apr/2017:12:40:35 -0300] "GET /cormun/servlet/trsolicitudgral? HTTP/1.1" 200 10081
186.79.194.25 - - [13/Apr/2017:12:40:37 -0300] "POST /cormun/servlet/solicitudot?gx-no-cache=1492098105672 HTTP/1.1" 200 1273
186.79.194.25 - - [13/Apr/2017:12:40:38 -0300] "POST /cormun/servlet/solicitudot?gx-no-cache=1492098105925 HTTP/1.1" 200 1156
186.79.194.25 - - [13/Apr/2017:12:40:38 -0300] "GET /cormun/servlet/solicitudot?ae81be26bca1ae8b8316f8430e97da07a0aaf20a35dc23829155e70bca4c50bd2b237505a696c05095eab90c87384d61d842b84c382b1dc92eb6dc6ecdd7031894745c259fc61a26c784a69b3bf7a222a327dc1d64c8d86f2006ea88e76bd766566b70422b2ecab3ad2059ff62f9c4be3a1733f1462e4669bb6a238f35242a59326e42a5dba716a43a845b759f18a8fb46baaedc055e3eae0487bd7dc6c7ca20da4cf3407de45a2ac185a865176494bc,gx-no-cache=1492098106114 HTTP/1.1" 200 30
192.168.10.89 - - [13/Apr/2017:12:40:38 -0300] "POST /cormun/servlet/trsolicitudgral?fd1ab147bdf825a382306fb2efb915c7,,gx-no-cache=1492101313251 HTTP/1.1" 200 5680
192.168.10.89 - - [13/Apr/2017:12:40:38 -0300] "GET /cormun/static/Shared/jqueryui/images/ui-bg_highlight-soft_100_c6c2c8_1x100.png HTTP/1.1" 404 1117
192.168.10.89 - - [13/Apr/2017:12:40:38 -0300] "GET /cormun/static/Shared/jqueryui/images/ui-icons_82798d_256x240.png HTTP/1.1" 404 1089
192.168.10.89 - - [13/Apr/2017:12:40:38 -0300] "GET /cormun/static/Shared/jqueryui/images/ui-bg_flat_55_fafafa_40x100.png HTTP/1.1" 404 1097
192.168.10.89 - - [13/Apr/2017:12:40:38 -0300] "GET /cormun/static/Shared/jqueryui/images/ui-icons_8d78a5_256x240.png HTTP/1.1" 404 1089
186.103.159.230 - - [13/Apr/2017:12:40:42 -0300] "GET /cormun/servlet/trsolicitudot? HTTP/1.1" 200 6947
186.103.159.230 - - [13/Apr/2017:12:40:42 -0300] "GET /cormun/servlet/trsolicitudot? HTTP/1.1" 200 6946
192.168.10.13 - - [13/Apr/2017:12:40:43 -0300] "GET / HTTP/1.1" 200 11217
186.103.159.230 - - [13/Apr/2017:12:40:47 -0300] "GET /cormun/servlet/solicitudot?INS,0,0, HTTP/1.1" 200 12780
186.103.159.230 - - [13/Apr/2017:12:40:47 -0300] "GET /cormun/servlet/solicitudot?INS,0,0, HTTP/1.1" 200 12785
192.168.10.89 - - [13/Apr/2017:12:40:48 -0300] "POST /cormun/servlet/trsolicitudgral?fd1ab147bdf825a382306fb2efb915c7,,gx-no-cache=1492101322850 HTTP/1.1" 200 6754
192.168.10.89 - - [13/Apr/2017:12:40:57 -0300] "POST /cormun/servlet/trsolicitudgral?fd1ab147bdf825a382306fb2efb915c7,,gx-no-cache=1492101332702 HTTP/1.1" 200 5668
186.103.159.230 - - [13/Apr/2017:12:41:06 -0300] "POST /cormun/servlet/solicitudot?gx-no-cache=1492098127808 HTTP/1.1" 200 3180
186.103.159.230 - - [13/Apr/2017:12:41:06 -0300] "POST /cormun/servlet/solicitudot?9d2e75307d56dbcb16c51d4813892ea1,INS,0,0,,gx-no-cache=1492098128115 HTTP/1.1" 200 9980
186.79.194.25 - - [13/Apr/2017:12:41:11 -0300] "POST /cormun/servlet/solicitudot?ffad2f09905405a07c2127e804fc250a,INS,0,0,,gx-no-cache=1492098139260 HTTP/1.1" 200 93
186.79.194.25 - - [13/Apr/2017:12:41:12 -0300] "GET /cormun/servlet/hpexe_return? HTTP/1.1" 200 1005
186.79.194.25 - - [13/Apr/2017:12:41:12 -0300] "GET /cormun/static/Resources/Spanish/PXTools.css?167811 HTTP/1.1" 304 -
186.79.194.25 - - [13/Apr/2017:12:41:12 -0300] "GET /cormun/static/gxcfg.js?2016101716175148 HTTP/1.1" 200 953
186.79.194.25 - - [13/Apr/2017:12:41:12 -0300] "GET /cormun/static/hpexe_return.js?2016101716175153 HTTP/1.1" 304 -
186.79.194.25 - - [13/Apr/2017:12:41:12 -0300] "GET /cormun/servlet/trsolicitudot HTTP/1.1" 200 9129
186.79.194.25 - - [13/Apr/2017:12:41:13 -0300] "GET /cormun/servlet/trsolicitudot HTTP/1.1" 200 9125
186.103.159.230 - - [13/Apr/2017:12:41:14 -0300] "GET /cormun/servlet/solicitudot?827ae77a0dbd92461fb6abed12d052c6ab90a3f91ebd438521004ee4c7619037b7802870223bd85bb9a84bafc3765ab7,gx-no-cache=1492098136530 HTTP/1.1" 200 30
186.103.159.230 - - [13/Apr/2017:12:41:14 -0300] "POST /cormun/servlet/solicitudot?gx-no-cache=1492098136586 HTTP/1.1" 200 297
186.103.159.230 - - [13/Apr/2017:12:41:15 -0300] "GET /cormun/servlet/solicitudot?827ae77a0dbd92461fb6abed12d052c62b81172d9d551be308c7ca83aa864f234e29d3ebe75a481dfdf413b9930c4c11e8c8fedf97216142b0c27057a1bd9c604fa53ae5acb3e72fc655312c5409a84e5d440f9bc51ca83c167f89336edaf8edad327abf21c2a9ade09de7146c934814e49b0b31cbd42f09c2506ddf714aaeb55e471b45bbfd1ef0d7ab27e18bd0d70ed6f5b5c82071a3158f1f58236a8f9d8fb788a1772c526d418878bb5f6f4ce4f2197adc7998fb63327e1687966cf802428c0d2253ec8a30bd76691041bcaa2e7f8d23deaf16fa458fd0c23f6d0d6c4fa8eb4ceb0653c3347d20fb5b27c25377775b36139d71d6a5af47105fecdb1c167d1d00ee6ba5a94b9225da9fe3d8aef86bc907772fdade76dcc267e8dc8df415d6985587a5831e61c0959f02ac1c150dd722826d7579e836220cd5724ddee933d43917d0d0603a483a67f4e25647dbd195656c63aafa8728995eafbac54e387f4b1c1c29c5aa203665b255481d37bd33384f64c3b508e271d2ff9c5a3232e01b98026469c61d42ba1d96842c53b25d1d9d,gx-no-cache=1492098136622 HTTP/1.1" 200 30
186.103.159.230 - - [13/Apr/2017:12:41:18 -0300] "POST /cormun/servlet/solicitudot?gx-no-cache=1492098140644 HTTP/1.1" 200 30
186.103.159.230 - - [13/Apr/2017:12:41:38 -0300] "POST /cormun/servlet/solicitudot?gx-no-cache=1492098160122 HTTP/1.1" 200 235
186.103.159.230 - - [13/Apr/2017:12:41:38 -0300] "POST /cormun/servlet/solicitudot?gx-no-cache=1492098160183 HTTP/1.1" 200 38
192.168.10.13 - - [13/Apr/2017:12:41:43 -0300] "GET / HTTP/1.1" 200 11217
186.79.194.25 - - [13/Apr/2017:12:41:47 -0300] "POST /cormun/servlet/trsolicitudot?ffad2f09905405a07c2127e804fc250a,gx-no-cache=1492098174789 HTTP/1.1" 200 6000
186.79.194.25 - - [13/Apr/2017:12:41:47 -0300] "GET /cormun/static/Shared/jqueryui/images/ui-bg_highlight-soft_100_c6c2c8_1x100.png HTTP/1.1" 404 1117
186.79.194.25 - - [13/Apr/2017:12:41:47 -0300] "GET /cormun/static/Shared/jqueryui/images/ui-icons_82798d_256x240.png HTTP/1.1" 404 1089
186.79.194.25 - - [13/Apr/2017:12:41:47 -0300] "GET /cormun/static/Shared/jqueryui/images/ui-bg_flat_55_fafafa_40x100.png HTTP/1.1" 404 1097
186.79.194.25 - - [13/Apr/2017:12:41:47 -0300] "GET /cormun/static/Shared/jqueryui/images/ui-icons_8d78a5_256x240.png HTTP/1.1" 404 1089
186.79.194.25 - - [13/Apr/2017:12:41:48 -0300] "POST /cormun/servlet/trsolicitudot?ffad2f09905405a07c2127e804fc250a,gx-no-cache=1492098175635 HTTP/1.1" 200 5943
186.103.159.230 - - [13/Apr/2017:12:41:54 -0300] "GET /cormun/servlet/solicitudot?827ae77a0dbd92461fb6abed12d052c67c2fb0372027dfbbc6f2355de3443631450e546f94d183bf8ebaa65d3db84c84062b468b2dcafe982abe270114e1df86ac1234c485772a41f58871826e65d2f8efb9e7242dbbd4b0db13e93589998e9648916782f84a9bcdec06a38bad8734d4,gx-no-cache=1492098175836 HTTP/1.1" 200 29
186.103.159.230 - - [13/Apr/2017:12:41:54 -0300] "POST /cormun/servlet/solicitudot?gx-no-cache=1492098175900 HTTP/1.1" 200 668
186.103.159.230 - - [13/Apr/2017:12:41:57 -0300] "POST /cormun/servlet/solicitudot?gx-no-cache=1492098179026 HTTP/1.1" 200 543
186.103.159.187 - - [13/Apr/2017:12:42:11 -0300] "POST /cormun/servlet/trlicencias?a4d267a7eb1186ce60fb3d682ce37ef9,gx-no-cache=1492101791930 HTTP/1.1" 200 5214
186.103.159.187 - - [13/Apr/2017:12:42:11 -0300] "GET /cormun/static/Shared/jqueryui/images/ui-bg_highlight-soft_100_c6c2c8_1x100.png HTTP/1.1" 404 1117
186.103.159.187 - - [13/Apr/2017:12:42:11 -0300] "GET /cormun/static/Shared/jqueryui/images/ui-icons_82798d_256x240.png HTTP/1.1" 404 1089
186.103.159.187 - - [13/Apr/2017:12:42:11 -0300] "GET /cormun/static/Shared/jqueryui/images/ui-bg_flat_55_fafafa_40x100.png HTTP/1.1" 404 1097
186.103.159.187 - - [13/Apr/2017:12:42:11 -0300] "GET /cormun/static/Shared/jqueryui/images/ui-icons_8d78a5_256x240.png HTTP/1.1" 404 1089
186.103.159.187 - - [13/Apr/2017:12:42:17 -0300] "GET /cormun/servlet/trlicenciaspermisosadjuntos?9076382,20170413000000,L, HTTP/1.1" 200 6091
186.103.159.187 - - [13/Apr/2017:12:42:17 -0300] "GET /cormun/static/gxcfg.js?20173171154619 HTTP/1.1" 200 953
186.103.159.187 - - [13/Apr/2017:12:42:17 -0300] "GET /cormun/static/trlicenciaspermisosadjuntos.js?20173171154971 HTTP/1.1" 304 -
192.168.10.89 - - [13/Apr/2017:12:42:17 -0300] "POST /cormun/servlet/trsolicitudgral?fd1ab147bdf825a382306fb2efb915c7,,gx-no-cache=1492101412489 HTTP/1.1" 200 7192
186.103.159.187 - - [13/Apr/2017:12:42:18 -0300] "GET /cormun/servlet/trlicenciaspermisosadjuntos?9076382,20170413000000,L, HTTP/1.1" 200 6091
186.103.159.187 - - [13/Apr/2017:12:42:20 -0300] "GET /cormun/servlet/licenciaspermisosadjuntos?INS,9076382,L,20170413000000,, HTTP/1.1" 200 5387
186.103.159.187 - - [13/Apr/2017:12:42:21 -0300] "GET /cormun/static/gxcfg.js?201731711421170 HTTP/1.1" 200 953
186.103.159.187 - - [13/Apr/2017:12:42:21 -0300] "GET /cormun/static/licenciaspermisosadjuntos.js?201731711421181 HTTP/1.1" 200 8757
186.103.159.187 - - [13/Apr/2017:12:42:21 -0300] "GET /cormun/static/about:blank HTTP/1.1" 404 1011
186.103.159.187 - - [13/Apr/2017:12:42:21 -0300] "GET /cormun/servlet/licenciaspermisosadjuntos?INS,9076382,L,20170413000000,, HTTP/1.1" 200 5377
192.168.10.89 - - [13/Apr/2017:12:42:23 -0300] "POST /cormun/servlet/trsolicitudgral?fd1ab147bdf825a382306fb2efb915c7,,gx-no-cache=1492101418562 HTTP/1.1" 200 6802
186.103.159.187 - - [13/Apr/2017:12:42:36 -0300] "POST /cormun/servlet/licenciaspermisosadjuntos?a4d267a7eb1186ce60fb3d682ce37ef9,INS,9076382,L,20170413000000,, HTTP/1.1" 200 116
186.103.159.187 - - [13/Apr/2017:12:42:36 -0300] "GET /cormun/servlet/hpexe_return? HTTP/1.1" 200 1045
186.103.159.187 - - [13/Apr/2017:12:42:36 -0300] "GET /cormun/servlet/trlicenciaspermisosadjuntos?9076382,20170413000000,L, HTTP/1.1" 200 6558
186.103.159.187 - - [13/Apr/2017:12:42:37 -0300] "GET /cormun/servlet/trlicenciaspermisosadjuntos?9076382,20170413000000,L, HTTP/1.1" 200 6553
186.103.159.187 - - [13/Apr/2017:12:42:37 -0300] "GET /cormun/PublicTempStorage/licencia_17799262.jpeg HTTP/1.1" 200 614577
186.103.159.187 - - [13/Apr/2017:12:42:40 -0300] "GET /cormun/servlet/licenciaspermisosadjuntos?INS,9076382,L,20170413000000,, HTTP/1.1" 200 5387
186.103.159.187 - - [13/Apr/2017:12:42:40 -0300] "GET /cormun/static/about:blank HTTP/1.1" 404 1011
186.103.159.187 - - [13/Apr/2017:12:42:41 -0300] "GET /cormun/servlet/licenciaspermisosadjuntos?INS,9076382,L,20170413000000,, HTTP/1.1" 200 5376
192.168.10.13 - - [13/Apr/2017:12:42:43 -0300] "GET / HTTP/1.1" 200 11217
186.79.194.25 - - [13/Apr/2017:12:42:47 -0300] "GET /cormun/servlet/hlogin HTTP/1.1" 200 1725
186.79.194.25 - - [13/Apr/2017:12:42:49 -0300] "POST /cormun/servlet/hlogin?bcf5c44dadd0722ae98bbeb9b02be822,gx-no-cache=1492098229859 HTTP/1.1" 200 90
186.79.194.25 - - [13/Apr/2017:12:42:49 -0300] "GET /cormun/servlet/hpexe_link HTTP/1.1" 200 956
186.79.194.25 - - [13/Apr/2017:12:42:49 -0300] "GET /cormun/servlet/hhome HTTP/1.1" 200 3962
186.79.194.25 - - [13/Apr/2017:12:42:50 -0300] "GET /cormun/servlet/hhome HTTP/1.1" 200 3958
186.103.159.187 - - [13/Apr/2017:12:42:53 -0300] "POST /cormun/servlet/licenciaspermisosadjuntos?a4d267a7eb1186ce60fb3d682ce37ef9,INS,9076382,L,20170413000000,, HTTP/1.1" 200 116
186.103.159.187 - - [13/Apr/2017:12:42:53 -0300] "GET /cormun/servlet/hpexe_return? HTTP/1.1" 200 1045
186.103.159.187 - - [13/Apr/2017:12:42:54 -0300] "GET /cormun/servlet/trlicenciaspermisosadjuntos?9076382,20170413000000,L, HTTP/1.1" 200 6657
186.79.194.25 - - [13/Apr/2017:12:42:54 -0300] "GET /cormun/servlet/trautorizarsolicitud? HTTP/1.1" 200 8106
186.103.159.187 - - [13/Apr/2017:12:42:55 -0300] "GET /cormun/servlet/trlicenciaspermisosadjuntos?9076382,20170413000000,L, HTTP/1.1" 200 6653
186.79.194.25 - - [13/Apr/2017:12:42:55 -0300] "GET /cormun//static/Resources/PXToolsActionView.png HTTP/1.1" 200 2995
186.79.194.25 - - [13/Apr/2017:12:42:55 -0300] "GET /cormun/servlet/trautorizarsolicitud? HTTP/1.1" 200 8104
186.103.159.187 - - [13/Apr/2017:12:42:55 -0300] "GET /cormun/PublicTempStorage/licencia_29697483.jpeg HTTP/1.1" 200 566748
186.79.194.25 - - [13/Apr/2017:12:42:55 -0300] "GET /cormun//static/Resources/PXToolsRemoveAllAction.png HTTP/1.1" 200 3558
186.103.159.187 - - [13/Apr/2017:12:42:55 -0300] "GET /cormun/PublicTempStorage/licencia_13466261.jpeg HTTP/1.1" 200 614577
186.79.194.25 - - [13/Apr/2017:12:42:55 -0300] "GET /cormun//static/Resources/PXToolsGridDelete.png HTTP/1.1" 200 357
186.79.194.25 - - [13/Apr/2017:12:42:55 -0300] "GET /cormun//static/Resources/PXToolsGridUpdate.png HTTP/1.1" 200 2984
186.79.194.25 - - [13/Apr/2017:12:42:55 -0300] "GET /cormun//static/Resources/PXTools/ActionInsert.png HTTP/1.1" 200 1482
186.103.159.187 - - [13/Apr/2017:12:42:56 -0300] "GET /cormun/servlet/licenciaspermisosadjuntos?INS,9076382,L,20170413000000,, HTTP/1.1" 200 5387
186.103.159.187 - - [13/Apr/2017:12:42:57 -0300] "GET /cormun/static/about:blank HTTP/1.1" 404 1011
186.103.159.187 - - [13/Apr/2017:12:42:57 -0300] "GET /cormun/servlet/licenciaspermisosadjuntos?INS,9076382,L,20170413000000,, HTTP/1.1" 200 5377
186.79.194.25 - - [13/Apr/2017:12:43:00 -0300] "POST /cormun/servlet/trautorizarsolicitud?bcf5c44dadd0722ae98bbeb9b02be822,,gx-no-cache=1492098241268 HTTP/1.1" 200 4308
186.79.194.25 - - [13/Apr/2017:12:43:01 -0300] "GET /cormun/static/Shared/jqueryui/images/ui-bg_highlight-soft_100_c6c2c8_1x100.png HTTP/1.1" 404 1117
186.79.194.25 - - [13/Apr/2017:12:43:01 -0300] "GET /cormun/static/Shared/jqueryui/images/ui-icons_82798d_256x240.png HTTP/1.1" 404 1089
186.79.194.25 - - [13/Apr/2017:12:43:01 -0300] "GET /cormun/static/Shared/jqueryui/images/ui-bg_flat_55_fafafa_40x100.png HTTP/1.1" 404 1097
186.79.194.25 - - [13/Apr/2017:12:43:01 -0300] "GET /cormun/static/Shared/jqueryui/images/ui-icons_8d78a5_256x240.png HTTP/1.1" 404 1089
186.79.194.25 - - [13/Apr/2017:12:43:01 -0300] "POST /cormun/servlet/trautorizarsolicitud?bcf5c44dadd0722ae98bbeb9b02be822,,gx-no-cache=1492098241754 HTTP/1.1" 200 4101
186.103.159.187 - - [13/Apr/2017:12:43:06 -0300] "POST /cormun/servlet/licenciaspermisosadjuntos?a4d267a7eb1186ce60fb3d682ce37ef9,INS,9076382,L,20170413000000,, HTTP/1.1" 200 116
186.103.159.187 - - [13/Apr/2017:12:43:07 -0300] "GET /cormun/servlet/hpexe_return? HTTP/1.1" 200 1045
186.103.159.187 - - [13/Apr/2017:12:43:07 -0300] "GET /cormun/servlet/trlicenciaspermisosadjuntos?9076382,20170413000000,L, HTTP/1.1" 200 6728
186.103.159.187 - - [13/Apr/2017:12:43:08 -0300] "GET /cormun/servlet/trlicenciaspermisosadjuntos?9076382,20170413000000,L, HTTP/1.1" 200 6724
186.103.159.187 - - [13/Apr/2017:12:43:08 -0300] "GET /cormun/PublicTempStorage/licencia_21051683.jpeg HTTP/1.1" 200 566748
186.103.159.187 - - [13/Apr/2017:12:43:08 -0300] "GET /cormun/PublicTempStorage/licencia_12979484.jpeg HTTP/1.1" 200 614577
186.103.159.187 - - [13/Apr/2017:12:43:09 -0300] "GET /cormun/PublicTempStorage/licencia_38546884.jpeg HTTP/1.1" 200 623461
186.103.159.187 - - [13/Apr/2017:12:43:12 -0300] "POST /cormun/servlet/trlicenciaspermisosadjuntos?a4d267a7eb1186ce60fb3d682ce37ef9,9076382,20170413000000,L,,gx-no-cache=1492101853096 HTTP/1.1" 200 90
186.103.159.187 - - [13/Apr/2017:12:43:12 -0300] "GET /cormun/servlet/hpexe_link HTTP/1.1" 200 1008
186.103.159.187 - - [13/Apr/2017:12:43:13 -0300] "GET /cormun/servlet/trlicencias?gx-no-cache=1492101791930 HTTP/1.1" 200 7760
186.103.159.187 - - [13/Apr/2017:12:43:14 -0300] "GET /cormun/servlet/trlicencias?gx-no-cache=1492101791930 HTTP/1.1" 200 7779
192.168.10.89 - - [13/Apr/2017:12:43:16 -0300] "POST /cormun/servlet/trsolicitudgral?fd1ab147bdf825a382306fb2efb915c7,,gx-no-cache=1492101471114 HTTP/1.1" 200 6733
186.103.159.187 - - [13/Apr/2017:12:43:17 -0300] "GET /cormun/servlet/alicenciaprn?9076382,L,20170413000000,PU HTTP/1.1" 200 1535
192.168.10.89 - - [13/Apr/2017:12:43:23 -0300] "GET /cormun/servlet/solicitudgral?UPD,2017,5732, HTTP/1.1" 200 11590
192.168.10.89 - - [13/Apr/2017:12:43:25 -0300] "POST /cormun/servlet/solicitudgral?gx-no-cache=1492101480182 HTTP/1.1" 200 3177
192.168.10.89 - - [13/Apr/2017:12:43:25 -0300] "GET /cormun/servlet/solicitudgral?f914243d5362574ad6efd9c76683d293edd9acc3c41a6f3015e45500f56259710c0ecfb68d41566eb301e59ce0807ceded7bcdebe78613beddd7246d00185d0f83ed73d7d4c9ed9534990992c5d25e355e4cd989fcc696d5a3cb8283ea01cb9ece6e24f5ab6452fe896edaff706e12e8ca683cd2de5cd717fa71c95a900012f46269188754a476e2397ae4cfa789e00d4eca33bda7dcf6d7f1be5e90e8c4b9edb334918928a2bf466489f79d0880e7ba26545e08314939881ff5a5a89bce94a58e67fbf977d97dc2b969c1fd86b03805f847f8605b4b417a37d0cb4ef8d9eef667398e81e7f72ee3b0c0e0264bdc6a22878422daefb860e59141c4646cf370712b08bbe64cf30d77f852516a92005eeb5be982608bf24a5c90b7abbd2d56930c5ab34eeaa5f87ba524070b1898950feccb01b97421296ebb47eeedd996075f0aa5d1ca7eacc2da600b7a75c1d58a7257,gx-no-cache=1492101480389 HTTP/1.1" 200 257
192.168.10.89 - - [13/Apr/2017:12:43:27 -0300] "GET /cormun/servlet/solicitudgral?f914243d5362574ad6efd9c76683d293ef3de806d44ed47118c6f5951de9b3455865bedcbdf61903c9c240359c57d7f747416381f50c5c9f249c8c9d9a412c82e5dbc2d7d33e610bd60377cb4974f5fda313537fbd2f558fa63c8fdf598ce4df8a0959890d71f05274d828272377024c05cd16c05976f3f45bde61ada14b4bbf62f9360f8be25d7ac1128fe372722e2a928e33f97e06bd7fcd8c3557bae5e4c487b0dc23fd679ddb95f9e6bbdecec77fffc93e00286d322ae3afd930f185d757daa85c0c8436f63f31643633b53bfa39a6be82e6f5cecc68eeb8e8b184abf1675815605c49be9b45c2c75dd4b5d1ce0e96c678db364dc179baaace76f0e501b236479b5e4168270d13221887213d13da1630811d9cb1929d4d2ab9b750091b7f1ba1aaee13abc6e5bbe280252539ebd3a1bef0fa5fd03c67545e12c77b61e7aa1fdc78f94a6cb4a839e1baf98b18b6eb9ce484d355fe3528fff147a599c426a15a1fa4460ac15e617465dd7b6394835f8463685100373aab0cfed24499ca94d6f910c4c5d49e77638cf2dcfb92df746cba721afb57751ef71753520ac6f13466b3549dbf857ce557430f23f3ac0c46ac74ecffc312f0447d12a7273e123cf6591b18b7e59666bc9f9066f749000ec8e3f01dc6e730f50ac0f2a7f52fceeb2dc86e6e2e20d7cef2732eb5a2c9a7d00a6b719cc90017826a9a551f42d7c760fa67408e86cd155d15613f42f687b0fba636e553b773f63669f0fccec9774e31e6169ce7fd7c41b1a7fc9034c90a352c3c72,gx-no-cache=1492101482627 HTTP/1.1" 200 48
192.168.10.89 - - [13/Apr/2017:12:43:27 -0300] "POST /cormun/servlet/solicitudgral?fd1ab147bdf825a382306fb2efb915c7,UPD,2017,5732,,gx-no-cache=1492101482657 HTTP/1.1" 200 10090
192.168.10.89 - - [13/Apr/2017:12:43:28 -0300] "GET /cormun/servlet/solicitudgral?f914243d5362574ad6efd9c76683d293059d3cb0b9f22cdbc063da28d2312a75475157aa42f48f0658141b6c4c0189014b1dff45353d984bba3a3a00815be2b77e65e670e44b1e3ebbe2db8f2fc627e2b0c316989bc9a720509507426770d40918299658c63f0a159614f75025a019761b8ce73eed10a4d1236ab4b6f37000215aefe13517e56e9f87b31673ed90bd3c5bd6abfa6882590d72a02f480cf3eea011dc10b6925ee7197611b9a897a93eb030834a7a85a858ad6acfaca055d0902c28206a1f9bd6d239d746286224c7accc,gx-no-cache=1492101482895 HTTP/1.1" 200 29
192.168.10.89 - - [13/Apr/2017:12:43:28 -0300] "POST /cormun/servlet/solicitudgral?gx-no-cache=1492101482912 HTTP/1.1" 200 636
192.168.10.89 - - [13/Apr/2017:12:43:28 -0300] "POST /cormun/servlet/solicitudgral?gx-no-cache=1492101482935 HTTP/1.1" 200 540
192.168.10.89 - - [13/Apr/2017:12:43:35 -0300] "POST /cormun/servlet/solicitudgral?fd1ab147bdf825a382306fb2efb915c7,UPD,2017,5732,,gx-no-cache=1492101489881 HTTP/1.1" 200 93
192.168.10.89 - - [13/Apr/2017:12:43:35 -0300] "GET /cormun/servlet/hpexe_return? HTTP/1.1" 200 1014
192.168.10.89 - - [13/Apr/2017:12:43:35 -0300] "GET /cormun/servlet/trsolicitudgral? HTTP/1.1" 200 10040
192.168.10.89 - - [13/Apr/2017:12:43:38 -0300] "POST /cormun/servlet/trsolicitudgral?fd1ab147bdf825a382306fb2efb915c7,,gx-no-cache=1492101493656 HTTP/1.1" 200 5674
192.168.10.89 - - [13/Apr/2017:12:43:39 -0300] "GET /cormun/static/Shared/jqueryui/images/ui-icons_8d78a5_256x240.png HTTP/1.1" 404 1089
192.168.10.89 - - [13/Apr/2017:12:43:39 -0300] "GET /cormun/static/Shared/jqueryui/images/ui-bg_highlight-soft_100_c6c2c8_1x100.png HTTP/1.1" 404 1117
192.168.10.89 - - [13/Apr/2017:12:43:39 -0300] "GET /cormun/static/Shared/jqueryui/images/ui-bg_flat_55_fafafa_40x100.png HTTP/1.1" 404 1097
192.168.10.89 - - [13/Apr/2017:12:43:39 -0300] "GET /cormun/static/Shared/jqueryui/images/ui-icons_82798d_256x240.png HTTP/1.1" 404 1089
192.168.10.13 - - [13/Apr/2017:12:43:43 -0300] "GET / HTTP/1.1" 200 11217
192.168.10.89 - - [13/Apr/2017:12:44:01 -0300] "POST /cormun/servlet/trsolicitudgral?fd1ab147bdf825a382306fb2efb915c7,,gx-no-cache=1492101515995 HTTP/1.1" 200 7213
186.103.159.187 - - [13/Apr/2017:12:44:01 -0300] "POST /cormun/servlet/trlicencias?a4d267a7eb1186ce60fb3d682ce37ef9,gx-no-cache=1492101791930,gx-no-cache=1492101901721 HTTP/1.1" 200 4045
186.103.159.187 - - [13/Apr/2017:12:44:01 -0300] "GET /cormun/static/Shared/jqueryui/images/ui-bg_highlight-soft_100_c6c2c8_1x100.png HTTP/1.1" 404 1117
186.103.159.187 - - [13/Apr/2017:12:44:01 -0300] "GET /cormun/static/Shared/jqueryui/images/ui-icons_82798d_256x240.png HTTP/1.1" 404 1089
186.103.159.187 - - [13/Apr/2017:12:44:01 -0300] "GET /cormun/static/Shared/jqueryui/images/ui-bg_flat_55_fafafa_40x100.png HTTP/1.1" 404 1097
186.103.159.187 - - [13/Apr/2017:12:44:01 -0300] "GET /cormun/static/Shared/jqueryui/images/ui-icons_8d78a5_256x240.png HTTP/1.1" 404 1089
192.168.10.89 - - [13/Apr/2017:12:44:06 -0300] "POST /cormun/servlet/trsolicitudgral?fd1ab147bdf825a382306fb2efb915c7,,gx-no-cache=1492101521428 HTTP/1.1" 200 6797
192.168.10.89 - - [13/Apr/2017:12:44:20 -0300] "POST /cormun/servlet/trsolicitudgral?fd1ab147bdf825a382306fb2efb915c7,,gx-no-cache=1492101534915 HTTP/1.1" 200 6764
192.168.10.89 - - [13/Apr/2017:12:44:28 -0300] "POST /cormun/servlet/trsolicitudgral?fd1ab147bdf825a382306fb2efb915c7,,gx-no-cache=1492101543147 HTTP/1.1" 200 5681
192.168.10.13 - - [13/Apr/2017:12:44:43 -0300] "GET / HTTP/1.1" 200 11217
192.168.10.89 - - [13/Apr/2017:12:45:00 -0300] "POST /cormun/servlet/trsolicitudgral?fd1ab147bdf825a382306fb2efb915c7,,gx-no-cache=1492101575111 HTTP/1.1" 200 6806
192.168.10.89 - - [13/Apr/2017:12:45:02 -0300] "GET /cormun/servlet/solicitudgral3?UPD,2017,5952, HTTP/1.1" 200 13047
192.168.10.89 - - [13/Apr/2017:12:45:02 -0300] "GET /cormun/static/gxcfg.js?201731711481654 HTTP/1.1" 200 953
192.168.10.89 - - [13/Apr/2017:12:45:02 -0300] "GET /cormun/static/solicitudgral3.js?201731711481732 HTTP/1.1" 304 -
192.168.10.89 - - [13/Apr/2017:12:45:03 -0300] "POST /cormun/servlet/solicitudgral3?gx-no-cache=1492101578777 HTTP/1.1" 200 3324
192.168.10.89 - - [13/Apr/2017:12:45:04 -0300] "GET /cormun/servlet/solicitudgral3?f914243d5362574ad6efd9c76683d293edd9acc3c41a6f3015e45500f56259710c0ecfb68d41566eb301e59ce0807ceded7bcdebe78613beddd7246d00185d0f83ed73d7d4c9ed9534990992c5d25e35f2dceb2c2d80bcf8c7eb612793120da8ce6e24f5ab6452fe896edaff706e12e8ca683cd2de5cd717fa71c95a900012f46269188754a476e2397ae4cfa789e00d4eca33bda7dcf6d7f1be5e90e8c4b9edb334918928a2bf466489f79d0880e7ba26545e08314939881ff5a5a89bce94a58e67fbf977d97dc2b969c1fd86b03805f847f8605b4b417a37d0cb4ef8d9eef667398e81e7f72ee3b0c0e0264bdc6a22878422daefb860e59141c4646cf370712b08bbe64cf30d77f852516a92005eeb5be982608bf24a5c90b7abbd2d56930c5ab34eeaa5f87ba524070b1898950feccb01b97421296ebb47eeedd996075f0aa5d1ca7eacc2da600b7a75c1d58a7257,gx-no-cache=1492101578996 HTTP/1.1" 200 242
192.168.10.89 - - [13/Apr/2017:12:45:04 -0300] "POST /cormun/servlet/solicitudgral3?gx-no-cache=1492101579026 HTTP/1.1" 200 1356
192.168.10.89 - - [13/Apr/2017:12:45:04 -0300] "GET /cormun/servlet/solicitudgral3?f914243d5362574ad6efd9c76683d2939778706aac87f10b758b16f91c311edd5142fcc4b48b5f6f5af7ff2029f081bbed7bcdebe78613beddd7246d00185d0fefba22eca96b9d6a410d9c9eb0be061dae600d164f963c635d76199da19894486aef7c80969d6c094815684616c52d9627c3d6d6c5c8942111e26a58fbdbfccd,gx-no-cache=1492101579106 HTTP/1.1" 200 41
192.168.10.13 - - [13/Apr/2017:12:45:43 -0300] "GET / HTTP/1.1" 200 11217
186.103.159.187 - - [13/Apr/2017:12:45:50 -0300] "GET /cormun/servlet/licenciaspermisos?INS,0,,, HTTP/1.1" 200 7144
186.103.159.187 - - [13/Apr/2017:12:45:51 -0300] "GET /cormun/servlet/licenciaspermisos?INS,0,,, HTTP/1.1" 200 7123
186.103.159.187 - - [13/Apr/2017:12:45:57 -0300] "POST /cormun/servlet/licenciaspermisos?a4d267a7eb1186ce60fb3d682ce37ef9,INS,0,,,,gx-no-cache=1492102017814 HTTP/1.1" 200 90
186.103.159.187 - - [13/Apr/2017:12:45:57 -0300] "GET /cormun/servlet/hpexe_link HTTP/1.1" 200 992
186.103.159.187 - - [13/Apr/2017:12:45:57 -0300] "GET /cormun/servlet/trlicencias?gx-no-cache=1492101791930 HTTP/1.1" 200 6581
186.103.159.187 - - [13/Apr/2017:12:45:58 -0300] "GET /cormun/servlet/trlicencias?gx-no-cache=1492101791930 HTTP/1.1" 200 6599
186.103.159.187 - - [13/Apr/2017:12:46:04 -0300] "GET /cormun/servlet/hlogin HTTP/1.1" 200 1762
192.168.10.89 - - [13/Apr/2017:12:46:12 -0300] "POST /cormun/servlet/solicitudgral3?fd1ab147bdf825a382306fb2efb915c7,UPD,2017,5952,,gx-no-cache=1492101647096 HTTP/1.1" 200 11051
192.168.10.89 - - [13/Apr/2017:12:46:16 -0300] "GET /cormun/servlet/solicitudgral3?f914243d5362574ad6efd9c76683d2932d6305dd94162eb09f5fd45f1354adcc475157aa42f48f0658141b6c4c0189014b1dff45353d984bba3a3a00815be2b77e65e670e44b1e3ebbe2db8f2fc627e2b0c316989bc9a720509507426770d40918299658c63f0a159614f75025a019762272ed1c95e6d54050ce2afcb12507758379e1ff3247a64743803f463d9b5ece96320e7919f2617335afddd3cec9ada2,gx-no-cache=1492101650877 HTTP/1.1" 200 30
192.168.10.89 - - [13/Apr/2017:12:46:17 -0300] "POST /cormun/servlet/solicitudgral3?gx-no-cache=1492101651860 HTTP/1.1" 200 1250
192.168.10.89 - - [13/Apr/2017:12:46:17 -0300] "POST /cormun/servlet/solicitudgral3?gx-no-cache=1492101651898 HTTP/1.1" 200 1154
192.168.10.89 - - [13/Apr/2017:12:46:19 -0300] "GET /cormun/servlet/solicitudgral3?f914243d5362574ad6efd9c76683d293c7cfb3a9eab4ce82e9fe298cc3a16dbc3f5673d41a5eba898a03146cdea4ddd3843fdab21105831071b52aaded3ccaa0cb01b97421296ebb47eeedd996075f0a6be53a619409637dd9c0e4ee121311e0ab55598624216819cbba20030994cb4760fa974f359e1afb80e82bb23cbd73bc527ac1b8df3488ab32241055d8bc8844,gx-no-cache=1492101654259 HTTP/1.1" 200 30
192.168.10.89 - - [13/Apr/2017:12:46:28 -0300] "POST /cormun/servlet/solicitudgral3?fd1ab147bdf825a382306fb2efb915c7,UPD,2017,5952,,gx-no-cache=1492101662827 HTTP/1.1" 200 93
192.168.10.89 - - [13/Apr/2017:12:46:28 -0300] "GET /cormun/servlet/hpexe_return? HTTP/1.1" 200 1016
192.168.10.89 - - [13/Apr/2017:12:46:28 -0300] "GET /cormun/servlet/trsolicitudgral? HTTP/1.1" 200 10105
192.168.10.89 - - [13/Apr/2017:12:46:32 -0300] "POST /cormun/servlet/trsolicitudgral?fd1ab147bdf825a382306fb2efb915c7,,gx-no-cache=1492101666748 HTTP/1.1" 200 5706
192.168.10.89 - - [13/Apr/2017:12:46:32 -0300] "GET /cormun/static/Shared/jqueryui/images/ui-bg_flat_55_fafafa_40x100.png HTTP/1.1" 404 1097
192.168.10.89 - - [13/Apr/2017:12:46:32 -0300] "GET /cormun/static/Shared/jqueryui/images/ui-bg_highlight-soft_100_c6c2c8_1x100.png HTTP/1.1" 404 1117
192.168.10.89 - - [13/Apr/2017:12:46:32 -0300] "GET /cormun/static/Shared/jqueryui/images/ui-icons_82798d_256x240.png HTTP/1.1" 404 1089
192.168.10.89 - - [13/Apr/2017:12:46:32 -0300] "GET /cormun/static/Shared/jqueryui/images/ui-icons_8d78a5_256x240.png HTTP/1.1" 404 1089
186.103.159.230 - - [13/Apr/2017:12:46:35 -0300] "GET /cormun/servlet/hlogin HTTP/1.1" 200 1723
186.103.159.230 - - [13/Apr/2017:12:46:35 -0300] "GET /cormun/static/gxtimezone.js?85251 HTTP/1.1" 200 5781
186.103.159.230 - - [13/Apr/2017:12:46:35 -0300] "GET /cormun/static/gxcfg.js?201741110203197 HTTP/1.1" 200 953
186.103.159.230 - - [13/Apr/2017:12:46:35 -0300] "GET /cormun/static/Resources/Spanish/PXTools.css?11294912 HTTP/1.1" 200 89042
186.103.159.230 - - [13/Apr/2017:12:46:35 -0300] "GET /cormun/static/messages.spa.js?85251 HTTP/1.1" 200 30736
186.103.159.230 - - [13/Apr/2017:12:46:35 -0300] "GET /cormun/static/hlogin.js?201741110203211 HTTP/1.1" 200 2136
186.103.159.230 - - [13/Apr/2017:12:46:35 -0300] "GET /cormun/static/Resources/ComunLogin.png HTTP/1.1" 200 17326
186.103.159.230 - - [13/Apr/2017:12:46:36 -0300] "GET /cormun/static/gxgral.js?85251 HTTP/1.1" 200 384558
186.103.159.230 - - [13/Apr/2017:12:46:36 -0300] "GET /cormun/static/Resources/PXToolsLoginTop.png HTTP/1.1" 200 1337
186.103.159.230 - - [13/Apr/2017:12:46:36 -0300] "GET /cormun/static/Resources/PXToolsLoginBackground.png HTTP/1.1" 200 1164
186.103.159.230 - - [13/Apr/2017:12:46:36 -0300] "GET /cormun/static/Resources/PXToolsButtonRight21.png HTTP/1.1" 200 1283
186.103.159.230 - - [13/Apr/2017:12:46:36 -0300] "GET /cormun/static/Resources/PXToolsButtonBackground2.png HTTP/1.1" 200 1181
186.103.159.230 - - [13/Apr/2017:12:46:36 -0300] "GET /cormun/static/Resources/PXToolsButtonLeft21.png HTTP/1.1" 200 1287
186.103.159.230 - - [13/Apr/2017:12:46:36 -0300] "GET /cormun/static/Resources/PXToolsLoginBottom.png HTTP/1.1" 200 1389
186.103.159.230 - - [13/Apr/2017:12:46:36 -0300] "GET /cormun/static/Resources/indicator.gif HTTP/1.1" 200 1553
186.103.159.230 - - [13/Apr/2017:12:46:36 -0300] "GET /cormun/servlet/hlogin HTTP/1.1" 200 1736
192.168.10.89 - - [13/Apr/2017:12:46:40 -0300] "POST /cormun/servlet/trsolicitudgral?fd1ab147bdf825a382306fb2efb915c7,,gx-no-cache=1492101675242 HTTP/1.1" 200 6752
192.168.10.13 - - [13/Apr/2017:12:46:43 -0300] "GET / HTTP/1.1" 200 11217
192.168.10.89 - - [13/Apr/2017:12:46:44 -0300] "GET /cormun/servlet/solicitudgral?UPD,2017,5950, HTTP/1.1" 200 12228
192.168.10.89 - - [13/Apr/2017:12:46:45 -0300] "POST /cormun/servlet/solicitudgral?gx-no-cache=1492101680673 HTTP/1.1" 200 3177
192.168.10.89 - - [13/Apr/2017:12:46:46 -0300] "GET /cormun/servlet/solicitudgral?f914243d5362574ad6efd9c76683d293edd9acc3c41a6f3015e45500f56259710c0ecfb68d41566eb301e59ce0807ceded7bcdebe78613beddd7246d00185d0f83ed73d7d4c9ed9534990992c5d25e355e4cd989fcc696d5a3cb8283ea01cb9ece6e24f5ab6452fe896edaff706e12e8ca683cd2de5cd717fa71c95a900012f46269188754a476e2397ae4cfa789e00d4eca33bda7dcf6d7f1be5e90e8c4b9edb334918928a2bf466489f79d0880e7ba26545e08314939881ff5a5a89bce94a58e67fbf977d97dc2b969c1fd86b03805f847f8605b4b417a37d0cb4ef8d9eef667398e81e7f72ee3b0c0e0264bdc6a22878422daefb860e59141c4646cf370712b08bbe64cf30d77f852516a92005eeb5be982608bf24a5c90b7abbd2d56930c5ab34eeaa5f87ba524070b1898950feccb01b97421296ebb47eeedd996075f0aa5d1ca7eacc2da600b7a75c1d58a7257,gx-no-cache=1492101680904 HTTP/1.1" 200 257
192.168.10.89 - - [13/Apr/2017:12:46:48 -0300] "GET /cormun/servlet/solicitudgral?f914243d5362574ad6efd9c76683d293ef3de806d44ed47118c6f5951de9b3455865bedcbdf61903c9c240359c57d7f747416381f50c5c9f249c8c9d9a412c82e5dbc2d7d33e610bd60377cb4974f5fda313537fbd2f558fa63c8fdf598ce4df8a0959890d71f05274d828272377024c05cd16c05976f3f45bde61ada14b4bbf62f9360f8be25d7ac1128fe372722e2a928e33f97e06bd7fcd8c3557bae5e4c487b0dc23fd679ddb95f9e6bbdecec77fffc93e00286d322ae3afd930f185d757daa85c0c8436f63f31643633b53bfa39a6be82e6f5cecc68eeb8e8b184abf1675815605c49be9b45c2c75dd4b5d1ce0e96c678db364dc179baaace76f0e501b236479b5e4168270d13221887213d13da1630811d9cb1929d4d2ab9b750091b7f1ba1aaee13abc6e5bbe280252539ebd3a1bef0fa5fd03c67545e12c77b61e7aa1fdc78f94a6cb4a839e1baf98b18b6eb9ce484d355fe3528fff147a599c426a15a1fa4460ac15e617465dd7b6394835f8463685100373aab0cfed24499ca94d6f910c4c5d49e77638cf2dcfb92df746cba721afb57751ef71753520ac6f13466b3549dbf857ce557430f23f3ac0c46ac74ecffc312f0447d12a7273e123cf6591b18b7e59666bc9f9066f749000ec8e3f01dc6e730f50ac0f2a7f52fceeb2dc86e6e2e20d7cef2732eb5a2c9a7d00a6b719cc90017826a9a551f42d7c760fa67408e86cd155d15613f42f687b0fba636e553b773f63669f0fccec9774e31e6169ce7fd7c41b1a7fc9034c90a352c3c72,gx-no-cache=1492101682956 HTTP/1.1" 200 48
192.168.10.89 - - [13/Apr/2017:12:46:48 -0300] "POST /cormun/servlet/solicitudgral?fd1ab147bdf825a382306fb2efb915c7,UPD,2017,5950,,gx-no-cache=1492101683441 HTTP/1.1" 200 10597
192.168.10.89 - - [13/Apr/2017:12:46:49 -0300] "GET /cormun/servlet/solicitudgral?f914243d5362574ad6efd9c76683d293059d3cb0b9f22cdbc063da28d2312a75475157aa42f48f0658141b6c4c0189014b1dff45353d984bba3a3a00815be2b77e65e670e44b1e3ebbe2db8f2fc627e2b0c316989bc9a720509507426770d40918299658c63f0a159614f75025a019762272ed1c95e6d54050ce2afcb12507758379e1ff3247a64743803f463d9b5ece96320e7919f2617335afddd3cec9ada2,gx-no-cache=1492101684293 HTTP/1.1" 200 29
192.168.10.89 - - [13/Apr/2017:12:46:49 -0300] "POST /cormun/servlet/solicitudgral?gx-no-cache=1492101684322 HTTP/1.1" 200 1250
192.168.10.89 - - [13/Apr/2017:12:46:49 -0300] "POST /cormun/servlet/solicitudgral?gx-no-cache=1492101684363 HTTP/1.1" 200 1154
186.103.159.230 - - [13/Apr/2017:12:46:53 -0300] "POST /cormun/servlet/hlogin?c83af5e3827eee360af51da2aa1c74c6,gx-no-cache=1492098483739 HTTP/1.1" 200 90
186.103.159.230 - - [13/Apr/2017:12:46:53 -0300] "GET /cormun/servlet/hpexe_link HTTP/1.1" 200 955
186.103.159.230 - - [13/Apr/2017:12:46:53 -0300] "GET /cormun/static/hpexe_link.js?201731711483384 HTTP/1.1" 200 625
186.103.159.230 - - [13/Apr/2017:12:46:53 -0300] "GET /cormun/static/gxcfg.js?201731711483381 HTTP/1.1" 200 953
186.103.159.230 - - [13/Apr/2017:12:46:53 -0300] "GET /cormun/servlet/hhome HTTP/1.1" 200 3977
186.103.159.230 - - [13/Apr/2017:12:46:53 -0300] "GET /cormun/static/gxcfg.js?201731711483497 HTTP/1.1" 200 953
186.103.159.230 - - [13/Apr/2017:12:46:53 -0300] "GET /cormun/static/SmoothNavMenu/resources/ddsmoothmenu-v.css?1012540 HTTP/1.1" 200 1188
186.103.159.230 - - [13/Apr/2017:12:46:53 -0300] "GET /cormun/static/PXToolsJavascripts/pexe_autoreload.js HTTP/1.1" 200 1762
186.103.159.230 - - [13/Apr/2017:12:46:53 -0300] "GET /cormun/static/scaMessage/css/jquery.pnotify.default.css?1716380 HTTP/1.1" 200 1707
186.103.159.230 - - [13/Apr/2017:12:46:53 -0300] "GET /cormun/static/SmoothNavMenu/resources/ddsmoothmenu.css?1012540 HTTP/1.1" 200 2223
186.103.159.230 - - [13/Apr/2017:12:46:53 -0300] "GET /cormun/static/PXToolsJavascripts/pexe_cookies.js HTTP/1.1" 200 792
186.103.159.230 - - [13/Apr/2017:12:46:53 -0300] "GET /cormun/static/Shared/jqueryui/jquery-ui.min.css?1245370 HTTP/1.1" 200 30288
186.103.159.230 - - [13/Apr/2017:12:46:53 -0300] "GET /cormun/static/PXToolsJavascripts/pexe_windows.js HTTP/1.1" 200 15207
186.103.159.230 - - [13/Apr/2017:12:46:53 -0300] "GET /cormun/static/PXToolsJavascripts/pexe_grid.js HTTP/1.1" 200 7559
186.103.159.230 - - [13/Apr/2017:12:46:53 -0300] "GET /cormun/static/PXToolsJavascripts/pexe_griddivfix.js HTTP/1.1" 200 6644
186.103.159.230 - - [13/Apr/2017:12:46:53 -0300] "GET /cormun/static/PXToolsJavascripts/pexe_link.js HTTP/1.1" 200 5671
186.103.159.230 - - [13/Apr/2017:12:46:53 -0300] "GET /cormun/static/PXToolsJavascripts/pexe_menudivfix.js HTTP/1.1" 200 333
186.103.159.230 - - [13/Apr/2017:12:46:53 -0300] "GET /cormun/static/PXToolsJavascripts/pexe_menus.js HTTP/1.1" 200 1286
186.103.159.230 - - [13/Apr/2017:12:46:53 -0300] "GET /cormun/static/PXToolsJavascripts/pexe_layers.js HTTP/1.1" 200 4114
186.103.159.230 - - [13/Apr/2017:12:46:53 -0300] "GET /cormun/static/PXToolsJavascripts/pexe_oav.js HTTP/1.1" 200 645
186.103.159.230 - - [13/Apr/2017:12:46:53 -0300] "GET /cormun/static/PXToolsJavascripts/pexe_oavdivfix.js HTTP/1.1" 200 639
186.103.159.230 - - [13/Apr/2017:12:46:53 -0300] "GET /cormun/static/PXToolsJavascripts/pexe_scrolldiv.js HTTP/1.1" 200 4138
186.103.159.230 - - [13/Apr/2017:12:46:53 -0300] "GET /cormun/static/PXToolsJavascripts/pexe_popup.js HTTP/1.1" 200 13458
186.103.159.230 - - [13/Apr/2017:12:46:53 -0300] "GET /cormun/static/PXToolsJavascripts/pexe_picture.js HTTP/1.1" 200 689
186.103.159.230 - - [13/Apr/2017:12:46:53 -0300] "GET /cormun/static/PXToolsJavascripts/pexe_tabdivfix.js HTTP/1.1" 200 876
186.103.159.230 - - [13/Apr/2017:12:46:53 -0300] "GET /cormun/static/PXToolsJavascripts/pexe_tabs.js HTTP/1.1" 200 3748
186.103.159.230 - - [13/Apr/2017:12:46:53 -0300] "GET /cormun/static/PXToolsJavascripts/pexe_upload.js HTTP/1.1" 200 1423
186.103.159.230 - - [13/Apr/2017:12:46:53 -0300] "GET /cormun/static/PXToolsJavascripts/PXToolsJavascriptsRender.js HTTP/1.1" 200 367
186.103.159.230 - - [13/Apr/2017:12:46:53 -0300] "GET /cormun/static/RunJS/RunJS.js HTTP/1.1" 200 288
186.103.159.230 - - [13/Apr/2017:12:46:53 -0300] "GET /cormun/static/Shared/ext/locale/ext-lang-en.js HTTP/1.1" 200 10940
186.103.159.230 - - [13/Apr/2017:12:46:53 -0300] "GET /cormun/static/hhome.js?20173171148352 HTTP/1.1" 200 777
186.103.159.230 - - [13/Apr/2017:12:46:53 -0300] "GET /cormun/static/hwchdr01.js?201731711335950 HTTP/1.1" 200 1183
186.103.159.230 - - [13/Apr/2017:12:46:53 -0300] "GET /cormun/static/hpexe_recentlink.js?201610171694390 HTTP/1.1" 200 2144
186.103.159.230 - - [13/Apr/2017:12:46:53 -0300] "GET /cormun/static/Resources/PXToolsHeaderActionsLeft.png HTTP/1.1" 200 1118
192.168.10.89 - - [13/Apr/2017:12:46:53 -0300] "POST /cormun/servlet/solicitudgral?fd1ab147bdf825a382306fb2efb915c7,UPD,2017,5950,,gx-no-cache=1492101688324 HTTP/1.1" 200 93
186.103.159.230 - - [13/Apr/2017:12:46:53 -0300] "GET /cormun/static/Resources/PXToolsFooterBackground2.png HTTP/1.1" 200 1172
186.103.159.230 - - [13/Apr/2017:12:46:53 -0300] "GET /cormun/static/Resources/logo4.png HTTP/1.1" 200 6582
192.168.10.89 - - [13/Apr/2017:12:46:53 -0300] "GET /cormun/servlet/hpexe_return? HTTP/1.1" 200 1014
186.103.159.230 - - [13/Apr/2017:12:46:53 -0300] "GET /cormun/static/gxui/gxui-all.js HTTP/1.1" 200 107772
