186.103.157.98 - - [13/Apr/2017:11:10:24 -0300] "GET /cormun/static/hpexe_messagepopupcomponent.js?20161017169425 HTTP/1.1" 304 -
186.103.157.98 - - [13/Apr/2017:11:10:25 -0300] "GET /cormun/static/hmpwkw03.js?201731711485354 HTTP/1.1" 304 -
186.103.157.98 - - [13/Apr/2017:11:10:25 -0300] "GET /cormun/servlet/hlogin HTTP/1.1" 200 1733
186.103.157.98 - - [13/Apr/2017:11:10:25 -0300] "GET /cormun/servlet/hhome HTTP/1.1" 200 3332
186.103.157.98 - - [13/Apr/2017:11:10:25 -0300] "GET /cormun/static/gxcfg.js?201741110203197 HTTP/1.1" 304 -
186.103.157.98 - - [13/Apr/2017:11:10:25 -0300] "GET /cormun/static/hlogin.js?201741110203211 HTTP/1.1" 304 -
186.103.159.44 - - [13/Apr/2017:11:10:30 -0300] "POST /cormun/servlet/renuncias?054019c1e98afefd312e204ca037f701,INS,0,,gx-no-cache=1492079150453 HTTP/1.1" 200 93
186.103.159.44 - - [13/Apr/2017:11:10:30 -0300] "GET /cormun/servlet/hpexe_return? HTTP/1.1" 200 1005
186.103.159.44 - - [13/Apr/2017:11:10:31 -0300] "GET /cormun/servlet/trrenuncias? HTTP/1.1" 200 6521
186.79.140.232 - - [13/Apr/2017:11:10:33 -0300] "GET /cormun/servlet/permisogoce?8bd20b69815b7660edb55d679493f949753546d30352307f2644b4192f5fb5e4b1da8d93b9ef66090b70a9b78cf3ec4660e93a8148ba6655d1d99b1645640632,gx-no-cache=1492092697885 HTTP/1.1" 200 47
186.79.140.232 - - [13/Apr/2017:11:10:33 -0300] "POST /cormun/servlet/permisogoce?d3ea028516982f02efd22c66229b7dad,INS,0,,,,gx-no-cache=1492092697981 HTTP/1.1" 200 93
186.79.140.232 - - [13/Apr/2017:11:10:33 -0300] "GET /cormun/servlet/hpexe_return? HTTP/1.1" 200 1006
186.79.140.232 - - [13/Apr/2017:11:10:34 -0300] "GET /cormun/servlet/trpermisosgoce HTTP/1.1" 200 10030
186.79.140.232 - - [13/Apr/2017:11:10:34 -0300] "GET /cormun/servlet/trpermisosgoce HTTP/1.1" 200 10027
186.103.159.44 - - [13/Apr/2017:11:10:35 -0300] "GET /cormun/servlet/trlicencias? HTTP/1.1" 200 6619
186.103.159.44 - - [13/Apr/2017:11:10:35 -0300] "GET /cormun/static/gxcfg.js?201741111445981 HTTP/1.1" 304 -
186.103.159.44 - - [13/Apr/2017:11:10:35 -0300] "GET /cormun/static/trlicencias.js?20174111145440 HTTP/1.1" 304 -
186.103.159.44 - - [13/Apr/2017:11:10:39 -0300] "GET /cormun/servlet/licenciaspermisos?INS,0,,, HTTP/1.1" 200 7171
186.103.159.44 - - [13/Apr/2017:11:10:39 -0300] "GET /cormun/static/gxcfg.js?201741111445322 HTTP/1.1" 304 -
186.103.159.44 - - [13/Apr/2017:11:10:39 -0300] "GET /cormun/static/licenciaspermisos.js?201741111445392 HTTP/1.1" 304 -
192.168.10.13 - - [13/Apr/2017:11:10:43 -0300] "GET / HTTP/1.1" 200 11217
186.79.140.232 - - [13/Apr/2017:11:10:44 -0300] "GET /cormun/servlet/trpermisosadjuntos?16804595,20170413120508,P, HTTP/1.1" 200 6122
186.79.140.232 - - [13/Apr/2017:11:10:44 -0300] "GET /cormun/static/gxcfg.js?201731711542659 HTTP/1.1" 200 953
186.79.140.232 - - [13/Apr/2017:11:10:44 -0300] "GET /cormun/static/trpermisosadjuntos.js?201731711542990 HTTP/1.1" 304 -
186.79.140.232 - - [13/Apr/2017:11:10:44 -0300] "GET /cormun/servlet/trpermisosadjuntos?16804595,20170413120508,P, HTTP/1.1" 200 6122
186.79.140.232 - - [13/Apr/2017:11:10:46 -0300] "GET /cormun/servlet/permisosadjuntos?INS,16804595,P,20170413120508,, HTTP/1.1" 200 5448
186.79.140.232 - - [13/Apr/2017:11:10:47 -0300] "GET /cormun/static/gxcfg.js?201741111155774 HTTP/1.1" 200 953
186.79.140.232 - - [13/Apr/2017:11:10:47 -0300] "GET /cormun/static/permisosadjuntos.js?201741111155784 HTTP/1.1" 200 8724
186.79.140.232 - - [13/Apr/2017:11:10:47 -0300] "GET /cormun/static/about:blank HTTP/1.1" 404 1011
186.79.140.232 - - [13/Apr/2017:11:10:47 -0300] "GET /cormun/servlet/permisosadjuntos?INS,16804595,P,20170413120508,, HTTP/1.1" 200 5439
186.103.159.44 - - [13/Apr/2017:11:10:49 -0300] "GET /cormun/servlet/licenciaspermisos?688e9670bc1435a67a81763545a5a7d1acd2379b3e6e120d6a7f1f3cb26d0297987d2348601c1cfdd92ef0f15fb2857e,gx-no-cache=1492079170014 HTTP/1.1" 200 64
186.103.159.44 - - [13/Apr/2017:11:10:49 -0300] "POST /cormun/servlet/licenciaspermisos?054019c1e98afefd312e204ca037f701,INS,0,,,,gx-no-cache=1492079170105 HTTP/1.1" 200 4421
186.103.159.230 - - [13/Apr/2017:11:10:49 -0300] "POST /cormun/servlet/solicitudot?87590ba77a1f1717d23ed807b269b045,INS,0,0,,gx-no-cache=1492092711018 HTTP/1.1" 200 93
186.103.159.230 - - [13/Apr/2017:11:10:49 -0300] "GET /cormun/servlet/hpexe_return? HTTP/1.1" 200 1006
186.103.159.230 - - [13/Apr/2017:11:10:49 -0300] "GET /cormun/servlet/trsolicitudot HTTP/1.1" 200 6948
186.103.159.230 - - [13/Apr/2017:11:10:50 -0300] "GET /cormun/servlet/trsolicitudot HTTP/1.1" 200 6945
186.103.158.250 - - [13/Apr/2017:11:10:53 -0300] "POST /cormun/servlet/solicitudot?gx-no-cache=1492096195481 HTTP/1.1" 200 1292
186.103.158.250 - - [13/Apr/2017:11:10:53 -0300] "POST /cormun/servlet/solicitudot?gx-no-cache=1492096196653 HTTP/1.1" 200 38
186.103.158.250 - - [13/Apr/2017:11:10:53 -0300] "GET /cormun/servlet/solicitudot?07d47b0f9357796a57e1bdd1bb3882965a7aace419598b7cd68a291ba5df73ff2dfec815fb5f128758f82e4559f40abd59fa01c920da7a8361a5cbd2a8dcabf4900cb99699fb35f991439986377a9f3d9e0660606e3e568b6c200f4d2560c7a1991e5a14910c9b6d4ee2789fcd7706087ae115230ae5fab5f2ad00e104be9dd60f16aee80fbd3338805efb436c70924a30d16169b1ec80287f4e8eb3351c3a0f,gx-no-cache=1492096196703 HTTP/1.1" 200 29
186.103.158.250 - - [13/Apr/2017:11:10:53 -0300] "POST /cormun/servlet/solicitudot?gx-no-cache=1492096196744 HTTP/1.1" 200 1275
186.103.158.250 - - [13/Apr/2017:11:10:53 -0300] "POST /cormun/servlet/solicitudot?gx-no-cache=1492096196810 HTTP/1.1" 200 1158
186.103.159.230 - - [13/Apr/2017:11:10:56 -0300] "GET /cormun/servlet/trsolicitudot? HTTP/1.1" 200 6945
186.103.159.230 - - [13/Apr/2017:11:10:56 -0300] "GET /cormun/servlet/trsolicitudot? HTTP/1.1" 200 6944
186.103.158.250 - - [13/Apr/2017:11:11:22 -0300] "POST /cormun/servlet/solicitudot?gx-no-cache=1492096225869 HTTP/1.1" 200 1292
186.103.158.250 - - [13/Apr/2017:11:11:22 -0300] "POST /cormun/servlet/solicitudot?gx-no-cache=1492096226271 HTTP/1.1" 200 38
186.103.159.230 - - [13/Apr/2017:11:11:25 -0300] "GET /cormun/servlet/solicitudot?INS,0,0, HTTP/1.1" 200 12778
186.103.159.230 - - [13/Apr/2017:11:11:26 -0300] "GET /cormun/servlet/solicitudot?INS,0,0, HTTP/1.1" 200 12783
186.79.140.232 - - [13/Apr/2017:11:11:31 -0300] "POST /cormun/servlet/permisosadjuntos?d3ea028516982f02efd22c66229b7dad,INS,16804595,P,20170413120508,, HTTP/1.1" 200 116
186.79.140.232 - - [13/Apr/2017:11:11:32 -0300] "GET /cormun/servlet/hpexe_return? HTTP/1.1" 200 1034
186.79.140.232 - - [13/Apr/2017:11:11:33 -0300] "GET /cormun/servlet/trpermisosadjuntos?16804595,20170413120508,P, HTTP/1.1" 200 6580
186.79.140.232 - - [13/Apr/2017:11:11:34 -0300] "GET /cormun/servlet/trpermisosadjuntos?16804595,20170413120508,P, HTTP/1.1" 200 6577
186.103.159.44 - - [13/Apr/2017:11:11:38 -0300] "GET /cormun/static/menuarrow.gif HTTP/1.1" 404 1015
192.168.10.13 - - [13/Apr/2017:11:11:43 -0300] "GET / HTTP/1.1" 200 11217
186.103.159.230 - - [13/Apr/2017:11:11:44 -0300] "POST /cormun/servlet/solicitudot?gx-no-cache=1492092766560 HTTP/1.1" 200 3207
186.103.159.230 - - [13/Apr/2017:11:11:44 -0300] "POST /cormun/servlet/solicitudot?87590ba77a1f1717d23ed807b269b045,INS,0,0,,gx-no-cache=1492092766737 HTTP/1.1" 200 10006
186.103.159.230 - - [13/Apr/2017:11:11:50 -0300] "GET /cormun/servlet/solicitudot?f31dee7143a8d60ebbfb0625a814f8115b6f015ffaacfe7e2878ac094d8c9d7b048ada7e0e0f1c7977ba38c3a85575e8,gx-no-cache=1492092772790 HTTP/1.1" 200 30
186.103.159.230 - - [13/Apr/2017:11:11:51 -0300] "POST /cormun/servlet/solicitudot?gx-no-cache=1492092772868 HTTP/1.1" 200 297
186.103.159.230 - - [13/Apr/2017:11:11:51 -0300] "GET /cormun/servlet/solicitudot?f31dee7143a8d60ebbfb0625a814f811cdcaf54a0af485980a1e89ac3a8f9cc56c31d11088eba8af137f09e55adb9927942fbab927a728fb325efb99cac83f30d548425b92c0c1bb1321dc7b037ba1a4ffd0ac7f78bd96e68f5a033bed6215b8bf2317a84f15e558fec2b0f1d6088eb0662264ffd5267b0fbee891a84dc3d79492823b0e68f4e7c1ff8d8e223e4d1905479942fe502bd78bcfb346f46960e3f2d48064e278f1e8fa456c8ad50f05b51c21c33ad6f9f72745d71e867b5abf54349bcdf507961a1de9a728c2a91a82d8440bba47b1ac99908f5a87d3051b1aa76c74e388b1dbabde1f11e75dab6accbdad009ea56005d9cdfee8ccab574bfa375c1c301fc562244679877201f6eb642f72b74c041cacd641115ec3efebef9f3fa08fae8d07221c772bba4e763b1bf4e5424f6540ff05fe4896dcafe38793d45aee49f08f2c304124f4e7ef60e58f718937a345e13aae3d23c5aec1065b8e0ded67af803a5eefbc3cbbdda8ffbc9c60ed372614d18c1dc4cded966c5268bf08f71896539879b499784c0da475c4576a8d42,gx-no-cache=1492092772922 HTTP/1.1" 200 30
186.103.159.230 - - [13/Apr/2017:11:11:51 -0300] "POST /cormun/servlet/solicitudot?gx-no-cache=1492092773245 HTTP/1.1" 200 30
186.103.159.230 - - [13/Apr/2017:11:11:51 -0300] "POST /cormun/servlet/solicitudot?gx-no-cache=1492092773284 HTTP/1.1" 200 1291
186.103.159.230 - - [13/Apr/2017:11:11:51 -0300] "POST /cormun/servlet/solicitudot?gx-no-cache=1492092773369 HTTP/1.1" 200 38
186.79.140.232 - - [13/Apr/2017:11:12:16 -0300] "POST /cormun/servlet/trpermisosadjuntos?d3ea028516982f02efd22c66229b7dad,16804595,20170413120508,P,,gx-no-cache=1492092800514 HTTP/1.1" 200 90
186.79.140.232 - - [13/Apr/2017:11:12:16 -0300] "GET /cormun/servlet/hpexe_link HTTP/1.1" 200 980
186.79.140.232 - - [13/Apr/2017:11:12:16 -0300] "GET /cormun/servlet/trpermisosgoce HTTP/1.1" 200 10029
186.79.140.232 - - [13/Apr/2017:11:12:17 -0300] "GET /cormun/servlet/trpermisosgoce HTTP/1.1" 200 10027
186.103.159.230 - - [13/Apr/2017:11:12:18 -0300] "POST /cormun/servlet/solicitudot?gx-no-cache=1492092799932 HTTP/1.1" 200 30
186.79.140.232 - - [13/Apr/2017:11:12:20 -0300] "GET /cormun/servlet/apermisogoceprn?16804595,P,20170413120508,PU HTTP/1.1" 200 1672
192.168.10.13 - - [13/Apr/2017:11:12:43 -0300] "GET / HTTP/1.1" 200 11217
186.103.158.250 - - [13/Apr/2017:11:12:43 -0300] "POST /cormun/servlet/solicitudot?gx-no-cache=1492096306486 HTTP/1.1" 200 1274
186.103.158.250 - - [13/Apr/2017:11:12:43 -0300] "POST /cormun/servlet/solicitudot?gx-no-cache=1492096306720 HTTP/1.1" 200 1158
186.103.159.230 - - [13/Apr/2017:11:12:53 -0300] "POST /cormun/servlet/solicitudot?gx-no-cache=1492092834885 HTTP/1.1" 200 1289
186.103.159.230 - - [13/Apr/2017:11:12:53 -0300] "POST /cormun/servlet/solicitudot?gx-no-cache=1492092835019 HTTP/1.1" 200 38
186.103.159.230 - - [13/Apr/2017:11:12:53 -0300] "GET /cormun/servlet/solicitudot?f31dee7143a8d60ebbfb0625a814f81143c52918746cad1a0bb1ac19118073c7ad654d951ce953266664a9c0f0ddd5052d789e2f6daac453489d6b4eb8808406394f604effd84f095a7fdfbe1e1c2872be7317c1f8293c700b3ee8cbe91304a1ee5b594c69cd8e7e080572be72e8d535,gx-no-cache=1492092835066 HTTP/1.1" 200 29
186.103.159.230 - - [13/Apr/2017:11:12:53 -0300] "POST /cormun/servlet/solicitudot?gx-no-cache=1492092835112 HTTP/1.1" 200 1273
186.103.159.230 - - [13/Apr/2017:11:12:53 -0300] "POST /cormun/servlet/solicitudot?gx-no-cache=1492092835174 HTTP/1.1" 200 1156
186.103.159.230 - - [13/Apr/2017:11:12:53 -0300] "GET /cormun/static/menuarrow.gif HTTP/1.1" 404 1015
186.103.159.230 - - [13/Apr/2017:11:12:56 -0300] "POST /cormun/servlet/solicitudot?gx-no-cache=1492092838399 HTTP/1.1" 200 30
186.103.159.230 - - [13/Apr/2017:11:12:56 -0300] "POST /cormun/servlet/solicitudot?gx-no-cache=1492092838446 HTTP/1.1" 200 1289
186.103.159.230 - - [13/Apr/2017:11:12:56 -0300] "POST /cormun/servlet/solicitudot?gx-no-cache=1492092838528 HTTP/1.1" 200 38
186.103.159.230 - - [13/Apr/2017:11:12:56 -0300] "POST /cormun/servlet/solicitudot?gx-no-cache=1492092838593 HTTP/1.1" 200 1273
186.103.159.230 - - [13/Apr/2017:11:12:56 -0300] "POST /cormun/servlet/solicitudot?gx-no-cache=1492092838661 HTTP/1.1" 200 1156
186.103.158.250 - - [13/Apr/2017:11:12:57 -0300] "GET /cormun/static/menuarrow.gif HTTP/1.1" 404 1015
186.79.140.232 - - [13/Apr/2017:11:12:59 -0300] "GET /cormun/servlet/permisogoce?INS,0,,, HTTP/1.1" 200 6577
186.79.140.232 - - [13/Apr/2017:11:13:00 -0300] "GET /cormun/servlet/permisogoce?INS,0,,, HTTP/1.1" 200 6577
186.79.140.232 - - [13/Apr/2017:11:13:04 -0300] "GET /cormun/servlet/permisogoce?8bd20b69815b7660edb55d679493f9491883f49225ec856f74ec3491afa079ee13977516834b3e230e216f8f13ffdc20,gx-no-cache=1492092849121 HTTP/1.1" 200 72
186.79.140.232 - - [13/Apr/2017:11:13:06 -0300] "GET /cormun/static/menuarrow.gif HTTP/1.1" 404 1015
186.79.140.232 - - [13/Apr/2017:11:13:12 -0300] "GET /cormun/servlet/permisogoce?8bd20b69815b7660edb55d679493f949fa972e20cf78047663db6207ec0a6a950ecb89248e14ef658f88eb117bf3cc289736890b76e5b701e5ab608785b4bc80,gx-no-cache=1492092856948 HTTP/1.1" 200 47
186.79.140.232 - - [13/Apr/2017:11:13:12 -0300] "POST /cormun/servlet/permisogoce?d3ea028516982f02efd22c66229b7dad,INS,0,,,,gx-no-cache=1492092857058 HTTP/1.1" 200 93
186.79.140.232 - - [13/Apr/2017:11:13:12 -0300] "GET /cormun/servlet/hpexe_return? HTTP/1.1" 200 1006
186.79.140.232 - - [13/Apr/2017:11:13:13 -0300] "GET /cormun/servlet/trpermisosgoce HTTP/1.1" 200 10199
186.79.140.232 - - [13/Apr/2017:11:13:13 -0300] "GET /cormun/servlet/trpermisosgoce HTTP/1.1" 200 10199
186.79.140.232 - - [13/Apr/2017:11:13:17 -0300] "GET /cormun/servlet/trpermisosadjuntos?8063398,20170413120747,P, HTTP/1.1" 200 6127
186.79.140.232 - - [13/Apr/2017:11:13:17 -0300] "GET /cormun/servlet/trpermisosadjuntos?8063398,20170413120747,P, HTTP/1.1" 200 6128
186.79.140.232 - - [13/Apr/2017:11:13:19 -0300] "GET /cormun/servlet/permisosadjuntos?INS,8063398,P,20170413120747,, HTTP/1.1" 200 5450
186.79.140.232 - - [13/Apr/2017:11:13:20 -0300] "GET /cormun/static/about:blank HTTP/1.1" 404 1011
186.79.140.232 - - [13/Apr/2017:11:13:20 -0300] "GET /cormun/servlet/permisosadjuntos?INS,8063398,P,20170413120747,, HTTP/1.1" 200 5440
186.103.158.250 - - [13/Apr/2017:11:13:26 -0300] "GET /cormun/servlet/solicitudot?07d47b0f9357796a57e1bdd1bb388296551df119f2d2f304db5dc8b0d15aa7dba54cad3521ca287b23d51fcc634d30e56703b14da04cb5c79c4c27e6da97deb053204b6761de43cb000dbf4d164c42ee2b889a83e7bc8ec1071399e49fa9d398aae8bd8ca86722f77cf94e9e1e121d93fad117d0d606dfe3105f76c474a09f34e582cf1fa4d910d1be06a7878aa2cb10cd8bd4996c297630ca816cbc12518bf5ad6b89d0987ea463b1f8c7ab116ba304,gx-no-cache=1492096349298 HTTP/1.1" 200 30
186.79.140.232 - - [13/Apr/2017:11:13:40 -0300] "POST /cormun/servlet/permisosadjuntos?d3ea028516982f02efd22c66229b7dad,INS,8063398,P,20170413120747,, HTTP/1.1" 200 116
186.79.140.232 - - [13/Apr/2017:11:13:40 -0300] "GET /cormun/servlet/hpexe_return? HTTP/1.1" 200 1034
186.79.140.232 - - [13/Apr/2017:11:13:40 -0300] "GET /cormun/servlet/trpermisosadjuntos?8063398,20170413120747,P, HTTP/1.1" 200 6601
186.79.140.232 - - [13/Apr/2017:11:13:41 -0300] "GET /cormun/servlet/trpermisosadjuntos?8063398,20170413120747,P, HTTP/1.1" 200 6597
192.168.10.13 - - [13/Apr/2017:11:13:43 -0300] "GET / HTTP/1.1" 200 11217
186.79.140.232 - - [13/Apr/2017:11:14:06 -0300] "POST /cormun/servlet/trpermisosadjuntos?d3ea028516982f02efd22c66229b7dad,8063398,20170413120747,P,,gx-no-cache=1492092911234 HTTP/1.1" 200 90
186.79.140.232 - - [13/Apr/2017:11:14:06 -0300] "GET /cormun/servlet/hpexe_link HTTP/1.1" 200 979
186.79.140.232 - - [13/Apr/2017:11:14:07 -0300] "GET /cormun/servlet/trpermisosgoce HTTP/1.1" 200 10204
186.79.140.232 - - [13/Apr/2017:11:14:07 -0300] "GET /cormun/servlet/trpermisosgoce HTTP/1.1" 200 10198
186.79.140.232 - - [13/Apr/2017:11:14:15 -0300] "GET /cormun/servlet/apermisogoceprn?8063398,P,20170413120747,PU HTTP/1.1" 200 1651
186.103.158.250 - - [13/Apr/2017:11:14:26 -0300] "POST /cormun/servlet/solicitudot?97d4b3316238f114fbdd85a0bd5daf74,INS,0,0,,gx-no-cache=1492096409255 HTTP/1.1" 200 93
186.103.158.250 - - [13/Apr/2017:11:14:26 -0300] "GET /cormun/servlet/hpexe_return? HTTP/1.1" 200 1009
186.103.158.250 - - [13/Apr/2017:11:14:26 -0300] "GET /cormun/servlet/trsolicitudot HTTP/1.1" 200 8036
186.103.158.250 - - [13/Apr/2017:11:14:28 -0300] "GET /cormun/servlet/trsolicitudot HTTP/1.1" 200 8033
186.103.158.250 - - [13/Apr/2017:11:14:32 -0300] "POST /cormun/servlet/trsolicitudot?97d4b3316238f114fbdd85a0bd5daf74,gx-no-cache=1492096416153 HTTP/1.1" 200 5280
186.103.158.250 - - [13/Apr/2017:11:14:33 -0300] "GET /cormun/static/Shared/jqueryui/images/ui-bg_highlight-soft_100_c6c2c8_1x100.png HTTP/1.1" 404 1117
186.103.158.250 - - [13/Apr/2017:11:14:33 -0300] "GET /cormun/static/Shared/jqueryui/images/ui-icons_82798d_256x240.png HTTP/1.1" 404 1089
186.103.158.250 - - [13/Apr/2017:11:14:33 -0300] "GET /cormun/static/Shared/jqueryui/images/ui-bg_flat_55_fafafa_40x100.png HTTP/1.1" 404 1097
186.103.158.250 - - [13/Apr/2017:11:14:33 -0300] "GET /cormun/static/Shared/jqueryui/images/ui-icons_8d78a5_256x240.png HTTP/1.1" 404 1089
192.168.10.13 - - [13/Apr/2017:11:14:43 -0300] "GET / HTTP/1.1" 200 11217
186.103.159.230 - - [13/Apr/2017:11:14:56 -0300] "GET /cormun/servlet/solicitudot?f31dee7143a8d60ebbfb0625a814f811bec3eb62aa268b093969b98c92ddd073dc39fdc8ff3f0a234de25a956e606eef2004d5f7aa2f6e9c87c76a807e46210f495883e72907c04609e8703ae7c27cbb0dc3ccde889fd8c054560a4f6f8663c98c8dee84222da75f11224f05877baff1c1fbf9c088c2b12399b41d4fe116439b2acef3e9bc4783b37ba49fc2b876ed7ddb513d1bb319f56ea686c24821430c40694decf3e3275550da2de48064e031c5,gx-no-cache=1492092957473 HTTP/1.1" 200 30
186.103.158.250 - - [13/Apr/2017:11:15:05 -0300] "GET /cormun/servlet/treventos?2017,6060, HTTP/1.1" 200 5841
186.103.158.250 - - [13/Apr/2017:11:15:05 -0300] "GET /cormun/static/gxcfg.js?2016101716195975 HTTP/1.1" 304 -
186.103.158.250 - - [13/Apr/2017:11:15:06 -0300] "GET /cormun/servlet/treventos?2017,6060, HTTP/1.1" 200 5841
186.103.158.250 - - [13/Apr/2017:11:15:10 -0300] "GET /cormun/servlet/trsolicitudot HTTP/1.1" 200 8036
186.103.158.250 - - [13/Apr/2017:11:15:11 -0300] "GET /cormun/servlet/trsolicitudot HTTP/1.1" 200 8033
186.103.158.250 - - [13/Apr/2017:11:15:17 -0300] "POST /cormun/servlet/trsolicitudot?97d4b3316238f114fbdd85a0bd5daf74,gx-no-cache=1492096460271 HTTP/1.1" 200 105
186.103.158.250 - - [13/Apr/2017:11:15:17 -0300] "GET /cormun/servlet/solicitudot?UPD,2017,6060, HTTP/1.1" 200 14328
186.103.158.250 - - [13/Apr/2017:11:15:18 -0300] "GET /cormun/servlet/solicitudot?UPD,2017,6060, HTTP/1.1" 200 14337
186.103.158.250 - - [13/Apr/2017:11:15:18 -0300] "POST /cormun/servlet/solicitudot?gx-no-cache=1492096462144 HTTP/1.1" 200 3204
186.103.158.250 - - [13/Apr/2017:11:15:19 -0300] "POST /cormun/servlet/solicitudot?97d4b3316238f114fbdd85a0bd5daf74,UPD,2017,6060,,gx-no-cache=1492096462376 HTTP/1.1" 200 10924
186.103.158.250 - - [13/Apr/2017:11:15:19 -0300] "GET /cormun/servlet/solicitudot?07d47b0f9357796a57e1bdd1bb38829662088916ae55b1d322cc215eaa5faa0518ed8f9ec17cf1e4912eb9e3253eff48,gx-no-cache=1492096462698 HTTP/1.1" 200 30
186.103.158.250 - - [13/Apr/2017:11:15:19 -0300] "POST /cormun/servlet/solicitudot?gx-no-cache=1492096462793 HTTP/1.1" 200 256
186.103.158.250 - - [13/Apr/2017:11:15:19 -0300] "GET /cormun/servlet/solicitudot?07d47b0f9357796a57e1bdd1bb38829639345d692898d773a9e46b181dd1361d3c209a8f5d255151c5a1e0ff65f6261dbf2787e1d42756b8e082e0866f4e740c03e27ee121c659688b33b363f8abc6acc38ec786229475fd5e4656615e0c5d0df8ccf14539a95159f8a6d9ed50be5460a98686fb617863cd550a044ed52531c48524735c9543b237db812f507f5ea65aa619a4519958ac0af0c89f973c2fa6050af129903a851f3b11c5010affea3e8ef277f00e5ecfdce9583cd6f115ad0285eff6dd618d3d4ccc74379de680ffa1e711d7d470d02f6d2eb516293907125fc13185a0a8cfff2698890618f65f947b3b4fea80e10a9d33716a4b3ffa5772cf7fe4198df8d881a496b7dd06846fe7a49761db480bc20ef0c3c02ed9265a88365144aee18d43331b7c4bc4ae62b149bb42b1de516903754fea2e8ee7fc83ca7c464a8e14de87c6c2111bcfcac2712fc36ab3b7955a6c5d1a18b4f93ed9ce018584728f8c889d2003df96c89139e75e50a57f38c7b7612ee308b83f53882152e59d,gx-no-cache=1492096462859 HTTP/1.1" 200 30
186.103.158.250 - - [13/Apr/2017:11:15:19 -0300] "POST /cormun/servlet/solicitudot?gx-no-cache=1492096463204 HTTP/1.1" 200 30
186.103.158.250 - - [13/Apr/2017:11:15:20 -0300] "POST /cormun/servlet/solicitudot?gx-no-cache=1492096463290 HTTP/1.1" 200 1290
186.103.158.250 - - [13/Apr/2017:11:15:20 -0300] "POST /cormun/servlet/solicitudot?gx-no-cache=1492096463370 HTTP/1.1" 200 41
186.103.159.44 - - [13/Apr/2017:11:15:39 -0300] "GET /cormun/servlet/licenciaspermisos?688e9670bc1435a67a81763545a5a7d1645c5d3c4431b4a3a64371b9163416466e6564723b627ccabf66896c3b2fdc315dfa5d80b2f2cb41e535c5902a59ead64845d7020fc7f9583838b59fdc02e67ddeebe42059bc4b067fb32bd710dc0e8f98c75c9af677ade3e3b1d3121e972ba51e4d2c1c0db2dc892e51e261b25caa900bf81b205c3af671ca92755c1c98913921abeaa5628c20862d6c481ade3d7b1b8355a06960e1fd84db7ab769ed270cf7,gx-no-cache=1492079459907 HTTP/1.1" 200 30
186.103.159.44 - - [13/Apr/2017:11:15:39 -0300] "POST /cormun/servlet/licenciaspermisos?054019c1e98afefd312e204ca037f701,INS,0,,,,gx-no-cache=1492079460310 HTTP/1.1" 200 4515
192.168.10.13 - - [13/Apr/2017:11:15:43 -0300] "GET / HTTP/1.1" 200 11217
186.103.158.250 - - [13/Apr/2017:11:15:49 -0300] "GET /cormun/servlet/solicitudot?07d47b0f9357796a57e1bdd1bb3882964de50a2490d4aeaa7aeadbbea0df3c8be05660bc8a52f94160a61f537e6683d274ace5abc20a068bfeb034f31b8e20e155a9b4d5db3882a4c9b9b73e2e425593b03c3140049cc09f6068cbc270ce2d70765262f5eb456cc4e3eb8fb021584efad5a2b11670a2621df1a638cbb33c814449d2b10d90276e277c218b5496c3350e0bf512ede51607c51b17c0293d63e14e,gx-no-cache=1492096492330 HTTP/1.1" 200 29
186.103.158.250 - - [13/Apr/2017:11:15:49 -0300] "POST /cormun/servlet/solicitudot?gx-no-cache=1492096492439 HTTP/1.1" 200 1274
186.103.158.250 - - [13/Apr/2017:11:15:49 -0300] "POST /cormun/servlet/solicitudot?gx-no-cache=1492096492557 HTTP/1.1" 200 1158
186.103.158.250 - - [13/Apr/2017:11:15:49 -0300] "GET /cormun/servlet/solicitudot?07d47b0f9357796a57e1bdd1bb388296551df119f2d2f304db5dc8b0d15aa7dba54cad3521ca287b23d51fcc634d30e56703b14da04cb5c79c4c27e6da97deb053204b6761de43cb000dbf4d164c42ee2b889a83e7bc8ec1071399e49fa9d398aae8bd8ca86722f77cf94e9e1e121d93fad117d0d606dfe3105f76c474a09f34e582cf1fa4d910d1be06a7878aa2cb10cd8bd4996c297630ca816cbc12518bf55d67ff12927998a92d5b75e0d6330dae,gx-no-cache=1492096492641 HTTP/1.1" 200 32
186.103.158.250 - - [13/Apr/2017:11:15:49 -0300] "POST /cormun/servlet/solicitudot?97d4b3316238f114fbdd85a0bd5daf74,UPD,2017,6060,,gx-no-cache=1492096492713 HTTP/1.1" 200 93
186.103.158.250 - - [13/Apr/2017:11:15:49 -0300] "GET /cormun/servlet/hpexe_return? HTTP/1.1" 200 1016
186.103.158.250 - - [13/Apr/2017:11:15:49 -0300] "GET /cormun/servlet/trsolicitudot HTTP/1.1" 200 8036
186.103.158.250 - - [13/Apr/2017:11:15:50 -0300] "GET /cormun/servlet/trsolicitudot HTTP/1.1" 200 8033
186.79.140.232 - - [13/Apr/2017:11:15:57 -0300] "GET /cormun/servlet/trlicencias? HTTP/1.1" 200 6648
186.79.140.232 - - [13/Apr/2017:11:15:58 -0300] "GET /cormun/servlet/trlicencias? HTTP/1.1" 200 6647
186.103.157.98 - - [13/Apr/2017:11:16:00 -0300] "POST /cormun/servlet/hlogin?929ecb77bd790de6ce978d790985ac37,gx-no-cache=1492093026149 HTTP/1.1" 200 90
186.79.140.232 - - [13/Apr/2017:11:16:00 -0300] "GET /cormun/servlet/licenciaspermisos?INS,0,,, HTTP/1.1" 200 7196
186.103.157.98 - - [13/Apr/2017:11:16:00 -0300] "GET /cormun/servlet/hpexe_link HTTP/1.1" 200 950
186.103.157.98 - - [13/Apr/2017:11:16:00 -0300] "GET /cormun/static/gxcfg.js?201731711483381 HTTP/1.1" 304 -
186.103.157.98 - - [13/Apr/2017:11:16:00 -0300] "GET /cormun/static/hpexe_link.js?201731711483384 HTTP/1.1" 304 -
186.103.157.98 - - [13/Apr/2017:11:16:00 -0300] "GET /cormun/servlet/hhome HTTP/1.1" 200 4024
186.79.140.232 - - [13/Apr/2017:11:16:00 -0300] "GET /cormun/servlet/licenciaspermisos?INS,0,,, HTTP/1.1" 200 7196
186.103.157.98 - - [13/Apr/2017:11:16:00 -0300] "GET /cormun/servlet/hhome HTTP/1.1" 200 4021
186.103.157.98 - - [13/Apr/2017:11:16:02 -0300] "GET /cormun/servlet/trsolicitudot? HTTP/1.1" 200 6999
186.103.157.98 - - [13/Apr/2017:11:16:02 -0300] "GET /cormun/static/gxcfg.js?201731711505139 HTTP/1.1" 304 -
186.103.157.98 - - [13/Apr/2017:11:16:02 -0300] "GET /cormun/static/trsolicitudot.js?20173171151116 HTTP/1.1" 304 -
186.103.157.98 - - [13/Apr/2017:11:16:03 -0300] "GET /cormun/servlet/trsolicitudot? HTTP/1.1" 200 6999
186.103.157.98 - - [13/Apr/2017:11:16:06 -0300] "GET /cormun/servlet/solicitudot?INS,0,0, HTTP/1.1" 200 12827
186.103.157.98 - - [13/Apr/2017:11:16:06 -0300] "GET /cormun/static/Resources/Spanish/PXTools.css?18365030 HTTP/1.1" 304 -
186.103.157.98 - - [13/Apr/2017:11:16:06 -0300] "GET /cormun/static/gxcfg.js?20171191042720 HTTP/1.1" 200 953
186.103.157.98 - - [13/Apr/2017:11:16:06 -0300] "GET /cormun/static/solicitudot.js?2017119104297 HTTP/1.1" 304 -
186.103.157.98 - - [13/Apr/2017:11:16:06 -0300] "GET /cormun/servlet/solicitudot?INS,0,0, HTTP/1.1" 200 12832
186.79.140.232 - - [13/Apr/2017:11:16:07 -0300] "GET /cormun/servlet/licenciaspermisos?8bd20b69815b7660edb55d679493f94908c7e2762b1dfeb321f66db9139a883c0bff2105d9192e3a7940b99513c5c0fe,gx-no-cache=1492093031856 HTTP/1.1" 200 61
186.103.159.230 - - [13/Apr/2017:11:16:07 -0300] "POST /cormun/servlet/solicitudot?gx-no-cache=1492093029345 HTTP/1.1" 200 1273
186.79.140.232 - - [13/Apr/2017:11:16:07 -0300] "POST /cormun/servlet/licenciaspermisos?d3ea028516982f02efd22c66229b7dad,INS,0,,,,gx-no-cache=1492093032064 HTTP/1.1" 200 4429
186.103.159.230 - - [13/Apr/2017:11:16:07 -0300] "POST /cormun/servlet/solicitudot?gx-no-cache=1492093029447 HTTP/1.1" 200 1156
186.103.159.230 - - [13/Apr/2017:11:16:07 -0300] "GET /cormun/servlet/solicitudot?f31dee7143a8d60ebbfb0625a814f811bec3eb62aa268b093969b98c92ddd073dc39fdc8ff3f0a234de25a956e606eef2004d5f7aa2f6e9c87c76a807e46210f495883e72907c04609e8703ae7c27cbb0dc3ccde889fd8c054560a4f6f8663c98c8dee84222da75f11224f05877baff1c1fbf9c088c2b12399b41d4fe116439b2acef3e9bc4783b37ba49fc2b876ed7ddb513d1bb319f56ea686c24821430c40694decf3e3275550da2de48064e031c5,gx-no-cache=1492093029502 HTTP/1.1" 200 30
186.103.159.230 - - [13/Apr/2017:11:16:07 -0300] "POST /cormun/servlet/solicitudot?87590ba77a1f1717d23ed807b269b045,INS,0,0,,gx-no-cache=1492093029542 HTTP/1.1" 200 93
186.103.159.230 - - [13/Apr/2017:11:16:07 -0300] "GET /cormun/servlet/hpexe_return? HTTP/1.1" 200 1006
186.103.159.230 - - [13/Apr/2017:11:16:08 -0300] "GET /cormun/servlet/trsolicitudot HTTP/1.1" 200 8187
186.103.159.230 - - [13/Apr/2017:11:16:08 -0300] "GET /cormun/servlet/trsolicitudot HTTP/1.1" 200 8183
186.103.158.250 - - [13/Apr/2017:11:16:17 -0300] "POST /cormun/servlet/trsolicitudot?97d4b3316238f114fbdd85a0bd5daf74,gx-no-cache=1492096519912 HTTP/1.1" 200 4162
186.103.158.250 - - [13/Apr/2017:11:16:17 -0300] "GET /cormun/static/Shared/jqueryui/images/ui-bg_highlight-soft_100_c6c2c8_1x100.png HTTP/1.1" 404 1117
186.103.158.250 - - [13/Apr/2017:11:16:17 -0300] "GET /cormun/static/Shared/jqueryui/images/ui-icons_82798d_256x240.png HTTP/1.1" 404 1089
186.103.158.250 - - [13/Apr/2017:11:16:17 -0300] "GET /cormun/static/Shared/jqueryui/images/ui-bg_flat_55_fafafa_40x100.png HTTP/1.1" 404 1097
186.103.158.250 - - [13/Apr/2017:11:16:17 -0300] "GET /cormun/static/Shared/jqueryui/images/ui-icons_8d78a5_256x240.png HTTP/1.1" 404 1089
186.103.158.250 - - [13/Apr/2017:11:16:17 -0300] "POST /cormun/servlet/trsolicitudot?97d4b3316238f114fbdd85a0bd5daf74,gx-no-cache=1492096520515 HTTP/1.1" 200 3935
186.103.158.250 - - [13/Apr/2017:11:16:28 -0300] "GET /cormun/servlet/trsolicitudot? HTTP/1.1" 200 6733
186.103.159.230 - - [13/Apr/2017:11:16:28 -0300] "POST /cormun/servlet/trsolicitudot?87590ba77a1f1717d23ed807b269b045,gx-no-cache=1492093050269 HTTP/1.1" 200 4335
186.103.159.230 - - [13/Apr/2017:11:16:28 -0300] "GET /cormun/static/Shared/jqueryui/images/ui-bg_highlight-soft_100_c6c2c8_1x100.png HTTP/1.1" 404 1117
186.103.159.230 - - [13/Apr/2017:11:16:28 -0300] "GET /cormun/static/Shared/jqueryui/images/ui-icons_82798d_256x240.png HTTP/1.1" 404 1089
186.103.159.230 - - [13/Apr/2017:11:16:28 -0300] "GET /cormun/static/Shared/jqueryui/images/ui-bg_flat_55_fafafa_40x100.png HTTP/1.1" 404 1097
186.103.159.230 - - [13/Apr/2017:11:16:28 -0300] "GET /cormun/static/Shared/jqueryui/images/ui-icons_8d78a5_256x240.png HTTP/1.1" 404 1089
186.103.159.230 - - [13/Apr/2017:11:16:28 -0300] "POST /cormun/servlet/trsolicitudot?87590ba77a1f1717d23ed807b269b045,gx-no-cache=1492093050464 HTTP/1.1" 200 4120
186.103.157.98 - - [13/Apr/2017:11:16:28 -0300] "POST /cormun/servlet/solicitudot?gx-no-cache=1492093055010 HTTP/1.1" 200 3081
186.103.157.98 - - [13/Apr/2017:11:16:29 -0300] "POST /cormun/servlet/solicitudot?929ecb77bd790de6ce978d790985ac37,INS,0,0,,gx-no-cache=1492093055172 HTTP/1.1" 200 9862
186.79.140.232 - - [13/Apr/2017:11:16:29 -0300] "GET /cormun/static/menuarrow.gif HTTP/1.1" 404 1015
186.103.158.250 - - [13/Apr/2017:11:16:29 -0300] "GET /cormun/servlet/trsolicitudot? HTTP/1.1" 200 6732
186.103.157.98 - - [13/Apr/2017:11:16:32 -0300] "GET /cormun/servlet/solicitudot?74dd64c2616b9522071756257162c85d958532acd465a4539ecefd30751b3353970f9cee4ca1d059d157c7a9f4087636,gx-no-cache=1492093058898 HTTP/1.1" 200 30
186.103.159.44 - - [13/Apr/2017:11:16:41 -0300] "GET /cormun/servlet/licenciaspermisos?688e9670bc1435a67a81763545a5a7d11578a982920e367cd227b64e04e255cce48d07143ad715908ebd054aa1d0ccf789f802a0ba0eda3a9a3d8a3d13c2b1c401d85b2315599ff0e02100a97db1dea0256ae6c344f3e1b3aec5ceb2f87c54002c841db0788d3c67a857c824d94ba7fb24e577bb5e2b682d663014f2fa764ada21dc9ff3007f44ccc5c812d4babc9b97b334a53d94c9da9ee36f733376bb25891f1a06521bc3f1b584e6e9a0f5d643bc25a0ad876623f2f36f558d5614aacb2876f4b95fc552cc9604fd12b9cb3ed53907a21092169fbb82f01a54e608909c7ecce4dfd333745728463b7fcd1ed6c822,gx-no-cache=1492079522225 HTTP/1.1" 200 61
192.168.10.13 - - [13/Apr/2017:11:16:43 -0300] "GET / HTTP/1.1" 200 11217
186.103.159.44 - - [13/Apr/2017:11:16:45 -0300] "POST /cormun/servlet/licenciaspermisos?054019c1e98afefd312e204ca037f701,INS,0,,,,gx-no-cache=1492079526090 HTTP/1.1" 200 93
186.103.159.44 - - [13/Apr/2017:11:16:45 -0300] "GET /cormun/servlet/hpexe_return? HTTP/1.1" 200 1013
186.103.159.44 - - [13/Apr/2017:11:16:46 -0300] "GET /cormun/servlet/trlicencias HTTP/1.1" 200 7828
186.103.159.230 - - [13/Apr/2017:11:16:47 -0300] "GET /cormun/servlet/trautorizarsolicitud? HTTP/1.1" 200 8133
186.103.159.230 - - [13/Apr/2017:11:16:48 -0300] "GET /cormun/servlet/trautorizarsolicitud? HTTP/1.1" 200 8133
186.103.159.44 - - [13/Apr/2017:11:16:51 -0300] "GET /cormun/servlet/trlicenciaspermisosadjuntos?15995869,20170413000000,L, HTTP/1.1" 200 6134
186.103.159.44 - - [13/Apr/2017:11:16:51 -0300] "GET /cormun/static/gxcfg.js?20173171154619 HTTP/1.1" 304 -
186.103.159.44 - - [13/Apr/2017:11:16:54 -0300] "GET /cormun/servlet/licenciaspermisosadjuntos?INS,15995869,L,20170413000000,, HTTP/1.1" 200 5430
186.103.159.44 - - [13/Apr/2017:11:16:54 -0300] "GET /cormun/static/gxcfg.js?201731711421170 HTTP/1.1" 304 -
186.103.159.44 - - [13/Apr/2017:11:16:55 -0300] "HEAD /cormun/static/about:blank HTTP/1.1" 404 -
186.103.159.230 - - [13/Apr/2017:11:17:16 -0300] "POST /cormun/servlet/trautorizarsolicitud?87590ba77a1f1717d23ed807b269b045,,gx-no-cache=1492093097547 HTTP/1.1" 200 4312
186.103.159.230 - - [13/Apr/2017:11:17:16 -0300] "GET /cormun/static/Shared/jqueryui/images/ui-bg_highlight-soft_100_c6c2c8_1x100.png HTTP/1.1" 404 1117
186.103.159.230 - - [13/Apr/2017:11:17:16 -0300] "GET /cormun/static/Shared/jqueryui/images/ui-bg_flat_55_fafafa_40x100.png HTTP/1.1" 404 1097
186.103.159.230 - - [13/Apr/2017:11:17:16 -0300] "GET /cormun/static/Shared/jqueryui/images/ui-icons_8d78a5_256x240.png HTTP/1.1" 404 1089
186.103.159.230 - - [13/Apr/2017:11:17:16 -0300] "GET /cormun/static/Shared/jqueryui/images/ui-icons_82798d_256x240.png HTTP/1.1" 404 1089
186.103.159.230 - - [13/Apr/2017:11:17:16 -0300] "POST /cormun/servlet/trautorizarsolicitud?87590ba77a1f1717d23ed807b269b045,,gx-no-cache=1492093098023 HTTP/1.1" 200 4098
192.168.10.13 - - [13/Apr/2017:11:17:43 -0300] "GET / HTTP/1.1" 200 11217
186.79.140.232 - - [13/Apr/2017:11:17:44 -0300] "GET /cormun/servlet/licenciaspermisos?8bd20b69815b7660edb55d679493f9490c91ed139e41d9e94f4de4a6d52f29bd5848c3d3a64923a1a9d892ded0b8ddeeba2f024deac723655f180d9d50bcc5133e782a51bd4c18372f87e0b8b6b6e549376acc8c641743910a2a4425d8e45db6f4a51c5960530f176544c52bd5dfc40695880fbd627174dce34c1e41997f6578fef248cf4d26c8e2ddb1bb63b8577a025c9e897c0f951c208f5a01d3cbbe88a6cdcae6c059359629eeb9ef73a742dc5a,gx-no-cache=1492093129541 HTTP/1.1" 200 30
186.79.140.232 - - [13/Apr/2017:11:17:44 -0300] "GET /cormun/servlet/licenciaspermisos?8bd20b69815b7660edb55d679493f949a64f0dcecc7f1db7f0242aaf31b38e0d70aed6f024331afcff51d2f7136576bcac38cdc9a11f303aa81a0636d9a1255020d9fff3db6ae37eb41e483c0152795e91771814b3b728839dfd1d8b7248db48d0ad949d8cda64e9e9af3de629ea55cac74bdb876997086affeff2d7c6495e81fb39210652f36d6831713b6005f7fdf31e66ad90588bc43d1ca050f4512aa105aa14de54ce82d68b2dcd9422614de618,gx-no-cache=1492093129645 HTTP/1.1" 200 29
186.79.140.232 - - [13/Apr/2017:11:17:45 -0300] "POST /cormun/servlet/licenciaspermisos?d3ea028516982f02efd22c66229b7dad,INS,0,,,,gx-no-cache=1492093129766 HTTP/1.1" 200 93
186.79.140.232 - - [13/Apr/2017:11:17:45 -0300] "GET /cormun/servlet/hpexe_return? HTTP/1.1" 200 1008
186.79.140.232 - - [13/Apr/2017:11:17:45 -0300] "GET /cormun/servlet/trlicencias HTTP/1.1" 200 7811
186.79.140.232 - - [13/Apr/2017:11:17:46 -0300] "GET /cormun/servlet/trlicencias HTTP/1.1" 200 7808
186.79.140.232 - - [13/Apr/2017:11:17:49 -0300] "GET /cormun/servlet/trlicenciaspermisosadjuntos?17503006,20170413000000,L, HTTP/1.1" 200 6153
186.79.140.232 - - [13/Apr/2017:11:17:49 -0300] "GET /cormun/servlet/trlicenciaspermisosadjuntos?17503006,20170413000000,L, HTTP/1.1" 200 6153
186.79.140.232 - - [13/Apr/2017:11:17:51 -0300] "GET /cormun/servlet/licenciaspermisosadjuntos?INS,17503006,L,20170413000000,, HTTP/1.1" 200 5449
186.79.140.232 - - [13/Apr/2017:11:17:51 -0300] "GET /cormun/static/about:blank HTTP/1.1" 404 1011
186.79.140.232 - - [13/Apr/2017:11:17:51 -0300] "GET /cormun/servlet/licenciaspermisosadjuntos?INS,17503006,L,20170413000000,, HTTP/1.1" 200 5438
186.103.159.230 - - [13/Apr/2017:11:17:57 -0300] "GET /cormun/servlet/trsolicitudot? HTTP/1.1" 200 6945
186.103.159.230 - - [13/Apr/2017:11:17:57 -0300] "GET /cormun/servlet/trsolicitudot? HTTP/1.1" 200 6944
186.103.159.230 - - [13/Apr/2017:11:18:01 -0300] "GET /cormun/servlet/solicitudot?INS,0,0, HTTP/1.1" 200 12778
186.103.159.230 - - [13/Apr/2017:11:18:01 -0300] "GET /cormun/servlet/solicitudot?INS,0,0, HTTP/1.1" 200 12783
186.103.159.230 - - [13/Apr/2017:11:18:24 -0300] "POST /cormun/servlet/solicitudot?gx-no-cache=1492093166012 HTTP/1.1" 200 3153
186.103.159.230 - - [13/Apr/2017:11:18:24 -0300] "POST /cormun/servlet/solicitudot?87590ba77a1f1717d23ed807b269b045,INS,0,0,,gx-no-cache=1492093166201 HTTP/1.1" 200 9922
186.103.159.230 - - [13/Apr/2017:11:18:29 -0300] "GET /cormun/servlet/solicitudot?f31dee7143a8d60ebbfb0625a814f8113bc96988de461b7691f17df08807c614048ada7e0e0f1c7977ba38c3a85575e8,gx-no-cache=1492093171075 HTTP/1.1" 200 30
186.103.159.230 - - [13/Apr/2017:11:18:29 -0300] "POST /cormun/servlet/solicitudot?gx-no-cache=1492093171161 HTTP/1.1" 200 240
186.103.159.230 - - [13/Apr/2017:11:18:29 -0300] "GET /cormun/servlet/solicitudot?f31dee7143a8d60ebbfb0625a814f811cdcaf54a0af485980a1e89ac3a8f9cc5a160532461eddfd790732795ebf9766d942fbab927a728fb325efb99cac83f30d548425b92c0c1bb1321dc7b037ba1a4ffd0ac7f78bd96e68f5a033bed6215b8bf2317a84f15e558fec2b0f1d6088eb0662264ffd5267b0fbee891a84dc3d79492823b0e68f4e7c1ff8d8e223e4d1905479942fe502bd78bcfb346f46960e3f2d48064e278f1e8fa456c8ad50f05b51c21c33ad6f9f72745d71e867b5abf54349bcdf507961a1de9a728c2a91a82d8440bba47b1ac99908f5a87d3051b1aa76c74e388b1dbabde1f11e75dab6accbdad009ea56005d9cdfee8ccab574bfa375c1c301fc562244679877201f6eb642f72b74c041cacd641115ec3efebef9f3fa08fae8d07221c772bba4e763b1bf4e5424f6540ff05fe4896dcafe38793d45aee5f8c1a6e43569da9275971bb92a3e68d54b002d20ccfc8b01e34cd7aeed6f5b08f43d185a67b6c1591d386eb1bfd2665fdf13a531804435d42707ea6cee27513,gx-no-cache=1492093171205 HTTP/1.1" 200 30
186.103.159.230 - - [13/Apr/2017:11:18:37 -0300] "POST /cormun/servlet/solicitudot?gx-no-cache=1492093179487 HTTP/1.1" 200 30
186.103.159.230 - - [13/Apr/2017:11:18:40 -0300] "GET /cormun/servlet/prcontratosol?13477280,,,,,MD,,gxPopupLevel%3D0%3B HTTP/1.1" 200 5931
192.168.10.13 - - [13/Apr/2017:11:18:43 -0300] "GET / HTTP/1.1" 200 11217
186.103.159.230 - - [13/Apr/2017:11:18:45 -0300] "POST /cormun/servlet/solicitudot?gx-no-cache=1492093187695 HTTP/1.1" 200 1372
186.103.159.230 - - [13/Apr/2017:11:18:45 -0300] "GET /cormun/static/Shared/jqueryui/images/ui-bg_highlight-soft_100_c6c2c8_1x100.png HTTP/1.1" 404 1117
186.103.159.230 - - [13/Apr/2017:11:18:46 -0300] "GET /cormun/static/Shared/jqueryui/images/ui-icons_82798d_256x240.png HTTP/1.1" 404 1089
186.103.159.230 - - [13/Apr/2017:11:18:46 -0300] "GET /cormun/static/Shared/jqueryui/images/ui-bg_flat_55_994d53_40x100.png HTTP/1.1" 404 1097
186.103.159.230 - - [13/Apr/2017:11:18:46 -0300] "GET /cormun/static/Shared/jqueryui/images/ui-icons_ebccce_256x240.png HTTP/1.1" 404 1089
186.103.159.230 - - [13/Apr/2017:11:18:46 -0300] "POST /cormun/servlet/solicitudot?gx-no-cache=1492093187813 HTTP/1.1" 200 117
186.103.159.230 - - [13/Apr/2017:11:18:46 -0300] "GET /cormun/servlet/solicitudot?f31dee7143a8d60ebbfb0625a814f81143c52918746cad1a0bb1ac19118073c7ad654d951ce953266664a9c0f0ddd5052d789e2f6daac453489d6b4eb8808406394f604effd84f095a7fdfbe1e1c2872be7317c1f8293c700b3ee8cbe91304a1ee5b594c69cd8e7e080572be72e8d535,gx-no-cache=1492093187890 HTTP/1.1" 200 29
186.103.159.230 - - [13/Apr/2017:11:18:46 -0300] "GET /cormun/servlet/solicitudot?f31dee7143a8d60ebbfb0625a814f811bf0eff12267b06d45bbe3a20daae8f8c613c1dfff6dee306387244ba54f688951fd3bcf92c51694214a35241482a3a6b86d9c38491d15cd273e78bfcefe38429b187c0e47ad757369cbabbc01f592f4439525e65ed6d3ffc379f14a01b7e4e0eefcbb1dd2a8fb86ac565bf4a22d0aa042210665ec5645f6d06b756c8725ec41dd3e89a5bcc473bd200058f2170576022,gx-no-cache=1492093187939 HTTP/1.1" 200 57
186.103.159.230 - - [13/Apr/2017:11:18:46 -0300] "GET /cormun/servlet/solicitudot?f31dee7143a8d60ebbfb0625a814f811bef802359ce4f1b20bdaf3db778679aa613c1dfff6dee306387244ba54f688951fd3bcf92c51694214a35241482a3a6baa2c780cabd7361c0792669d421c3b947c6773c6a868cbd08958e00003d010054f438ad43718d341f214bf2b04240caf96539879b499784c0da475c4576a8d42,gx-no-cache=1492093187971 HTTP/1.1" 200 57
186.103.159.46 - - [13/Apr/2017:11:18:47 -0300] "POST /cormun/servlet/trautorizarpermisogoce?5508ccaef378329c8d30e78cba3f4510,,gx-no-cache=1492093188887 HTTP/1.1" 440 972
186.79.140.232 - - [13/Apr/2017:11:18:48 -0300] "POST /cormun/servlet/licenciaspermisosadjuntos?d3ea028516982f02efd22c66229b7dad,INS,17503006,L,20170413000000,, HTTP/1.1" 200 116
186.79.140.232 - - [13/Apr/2017:11:18:48 -0300] "GET /cormun/servlet/hpexe_return? HTTP/1.1" 200 1038
186.79.140.232 - - [13/Apr/2017:11:18:49 -0300] "GET /cormun/servlet/trlicenciaspermisosadjuntos?17503006,20170413000000,L, HTTP/1.1" 200 6639
186.103.159.46 - - [13/Apr/2017:11:18:49 -0300] "GET /cormun/servlet/trautorizarpermisogoce? HTTP/1.1" 200 5864
186.79.140.232 - - [13/Apr/2017:11:18:50 -0300] "GET /cormun/servlet/trlicenciaspermisosadjuntos?17503006,20170413000000,L, HTTP/1.1" 200 6634
186.103.159.46 - - [13/Apr/2017:11:18:50 -0300] "GET /cormun/servlet/hlogin HTTP/1.1" 200 1753
186.103.159.46 - - [13/Apr/2017:11:18:50 -0300] "GET /cormun/servlet/trautorizarpermisogoce? HTTP/1.1" 200 5864
186.103.159.230 - - [13/Apr/2017:11:18:55 -0300] "GET /cormun/servlet/prlicenciaspermisos?0,L,,MD,,gxPopupLevel%3D0%3B HTTP/1.1" 200 5137
186.103.159.46 - - [13/Apr/2017:11:19:04 -0300] "POST /cormun/servlet/hlogin?dae410ba50d8ad41949b3b37c3c586df,gx-no-cache=1492093205882 HTTP/1.1" 200 90
186.103.159.46 - - [13/Apr/2017:11:19:04 -0300] "GET /cormun/servlet/hpexe_link HTTP/1.1" 200 968
186.103.159.46 - - [13/Apr/2017:11:19:04 -0300] "GET /cormun/servlet/trautorizarpermisogoce HTTP/1.1" 200 6551
186.103.159.46 - - [13/Apr/2017:11:19:05 -0300] "GET /cormun/servlet/trautorizarpermisogoce HTTP/1.1" 200 6549
186.103.157.98 - - [13/Apr/2017:11:19:07 -0300] "POST /cormun/servlet/solicitudot?gx-no-cache=1492093213728 HTTP/1.1" 200 297
186.103.157.98 - - [13/Apr/2017:11:19:07 -0300] "GET /cormun/servlet/solicitudot?74dd64c2616b9522071756257162c85d7459f0c1c8d48e583eb41f2742f4a043fd1512689fbd1637c99e5144c97a7cea186cd32631a07ba3c9a21ea853e1984bd70398cf9b2dde80bf1253f8110c2145156e2acfdd6ce9fc7e273575e0509a37dbb323d251a8f8b9273ccf895a2e188a5444fcbb7ebe4b0371c8dde93d931943098850c5ecc5ee1a833d28a6960694d953700748a75e773f163e241caa5b128ef6ae1d16e95306d4024a579cf473af4e89f7a60f9f8b9924fbc1dfb00cd47194e088bb1b3ccfc17c91cca90d1df08f9a1a382b50b689cac963f533d8dba8249fae9e8267317c05fc575344dee620e5bef2534e0e95787a4475f7b45bff366a5e579da050f2effe3fe4bfb3bc826f785d3ca431e74f7da390528263fccc7739700cb9e0eb047d0bcfe36efcea77d61d8dc785e9340fb47f2f4b25a3d00f49ea00608be701ed47105bec31febacd1c4e746cde663058aa9a0aad1261c058b56936c31b2763bf9ac29e94461d2b1f9211f2a85b4d0778eaea85c2521c26e25d77f16ea2957014c6297175bb6f4fc8fd7bfa,gx-no-cache=1492093213809 HTTP/1.1" 200 30
186.103.157.98 - - [13/Apr/2017:11:19:11 -0300] "POST /cormun/servlet/solicitudot?gx-no-cache=1492093217364 HTTP/1.1" 200 30
186.103.159.230 - - [13/Apr/2017:11:19:11 -0300] "GET /cormun/servlet/prlicenciaspermisos?0,L,,MD,,gxPopupLevel%3D0%3B HTTP/1.1" 200 5137
186.103.157.98 - - [13/Apr/2017:11:19:12 -0300] "POST /cormun/servlet/solicitudot?gx-no-cache=1492093218957 HTTP/1.1" 200 235
186.103.157.98 - - [13/Apr/2017:11:19:12 -0300] "POST /cormun/servlet/solicitudot?gx-no-cache=1492093219016 HTTP/1.1" 200 38
186.103.159.230 - - [13/Apr/2017:11:19:16 -0300] "GET /cormun/static/menuarrow.gif HTTP/1.1" 404 1015
186.103.159.230 - - [13/Apr/2017:11:19:38 -0300] "POST /cormun/servlet/solicitudot?gx-no-cache=1492093240325 HTTP/1.1" 200 122
192.168.10.13 - - [13/Apr/2017:11:19:43 -0300] "GET / HTTP/1.1" 200 11217
186.103.157.98 - - [13/Apr/2017:11:20:06 -0300] "GET /cormun/servlet/solicitudot?74dd64c2616b9522071756257162c85dd0cdeb5783ac69b75b381dbdd191d394bd44b028f9a28b7099ac7bfb75fd824122308b14e604c40df2ee441037ee1c9da0926cf0522203cdeffc05a5329d887e569f36c4ead294d48ea8d6f9eb41f0426a606e95714efb9df4ef765537df7250,gx-no-cache=1492093272665 HTTP/1.1" 200 29
186.103.157.98 - - [13/Apr/2017:11:20:06 -0300] "POST /cormun/servlet/solicitudot?gx-no-cache=1492093272721 HTTP/1.1" 200 669
186.103.157.98 - - [13/Apr/2017:11:20:07 -0300] "POST /cormun/servlet/solicitudot?gx-no-cache=1492093273906 HTTP/1.1" 200 1157
186.103.157.98 - - [13/Apr/2017:11:20:15 -0300] "GET /cormun/static/menuarrow.gif HTTP/1.1" 404 1015
186.79.140.232 - - [13/Apr/2017:11:20:21 -0300] "POST /cormun/servlet/trlicenciaspermisosadjuntos?d3ea028516982f02efd22c66229b7dad,17503006,20170413000000,L,,gx-no-cache=1492093286395 HTTP/1.1" 200 90
186.79.140.232 - - [13/Apr/2017:11:20:22 -0300] "GET /cormun/servlet/hpexe_link HTTP/1.1" 200 982
186.79.140.232 - - [13/Apr/2017:11:20:22 -0300] "GET /cormun/servlet/trlicencias HTTP/1.1" 200 7808
186.79.140.232 - - [13/Apr/2017:11:20:22 -0300] "GET /cormun/servlet/trlicencias HTTP/1.1" 200 7808
186.79.140.232 - - [13/Apr/2017:11:20:26 -0300] "GET /cormun/servlet/alicenciaprn?17503006,L,20170413000000,PU HTTP/1.1" 200 1554
192.168.10.13 - - [13/Apr/2017:11:20:43 -0300] "GET / HTTP/1.1" 200 11217
186.103.157.98 - - [13/Apr/2017:11:20:43 -0300] "GET /cormun/servlet/solicitudot?74dd64c2616b9522071756257162c85d6e09595b412dd8bfce705253d48624017446bc3e77718e537085c7751e1df7897c1377633e2e497c214a69cd19e6fad2b5dbe86cf8a7c7e684402afd77fd0aaacdfb7c897dd7abbf079a5891ad941b51523bdcc8c7ce329fadcfc1719ddfefba487cbd38243bc7c239a3d8f4fd33a6256a61850cc75b43a38220892fee403699660b84b34fe1c3501e58dc7c8f5f1aa8589d776ae2f449fd78265e7234f09f40,gx-no-cache=1492093309937 HTTP/1.1" 200 30
186.103.158.250 - - [13/Apr/2017:11:20:53 -0300] "GET /cormun/servlet/solicitudot?INS,0,0, HTTP/1.1" 200 12582
186.103.158.250 - - [13/Apr/2017:11:20:54 -0300] "GET /cormun/servlet/solicitudot?INS,0,0, HTTP/1.1" 200 12587
186.103.157.98 - - [13/Apr/2017:11:21:03 -0300] "GET /cormun/servlet/solicitudot?74dd64c2616b9522071756257162c85d7459f0c1c8d48e583eb41f2742f4a043fd1512689fbd1637c99e5144c97a7cea186cd32631a07ba3c9a21ea853e1984bd70398cf9b2dde80bf1253f8110c2145156e2acfdd6ce9fc7e273575e0509a37dbb323d251a8f8b9273ccf895a2e188a5444fcbb7ebe4b0371c8dde93d931943098850c5ecc5ee1a833d28a6960694d953700748a75e773f163e241caa5b128ef6ae1d16e95306d4024a579cf473af4e89f7a60f9f8b9924fbc1dfb00cd47194e088bb1b3ccfc17c91cca90d1df08f9a1a382b50b689cac963f533d8dba8249fae9e8267317c05fc575344dee620e5bef2534e0e95787a4475f7b45bff366a5e579da050f2effe3fe4bfb3bc826f785d3ca431e74f7da390528263fccc7739700cb9e0eb047d0bcfe36efcea77d61d8dc785e9340fb47f2f4b25a3d00f49ea00608be701ed47105bec31febacd1c4e746cde663058aa9a0aad1261c058b56936c31b2763bf9ac29e94461d2b1f9211f233f5bda20a4b9728e7c1f2533f6992af6ea2957014c6297175bb6f4fc8fd7bfa,gx-no-cache=1492093329705 HTTP/1.1" 200 30
186.103.157.98 - - [13/Apr/2017:11:21:03 -0300] "POST /cormun/servlet/solicitudot?gx-no-cache=1492093329787 HTTP/1.1" 200 30
186.103.157.98 - - [13/Apr/2017:11:21:03 -0300] "POST /cormun/servlet/solicitudot?gx-no-cache=1492093329870 HTTP/1.1" 200 1287
186.103.157.98 - - [13/Apr/2017:11:21:03 -0300] "POST /cormun/servlet/solicitudot?gx-no-cache=1492093329997 HTTP/1.1" 200 41
186.103.157.98 - - [13/Apr/2017:11:21:04 -0300] "POST /cormun/servlet/solicitudot?gx-no-cache=1492093330065 HTTP/1.1" 200 1275
186.103.157.98 - - [13/Apr/2017:11:21:04 -0300] "POST /cormun/servlet/solicitudot?gx-no-cache=1492093330193 HTTP/1.1" 200 1158
186.103.157.98 - - [13/Apr/2017:11:21:04 -0300] "GET /cormun/servlet/solicitudot?74dd64c2616b9522071756257162c85d6e09595b412dd8bfce705253d48624017446bc3e77718e537085c7751e1df7897c1377633e2e497c214a69cd19e6fad2b5dbe86cf8a7c7e684402afd77fd0aaacdfb7c897dd7abbf079a5891ad941b51523bdcc8c7ce329fadcfc1719ddfefba487cbd38243bc7c239a3d8f4fd33a6256a61850cc75b43a38220892fee403699660b84b34fe1c3501e58dc7c8f5f1aa8589d776ae2f449fd78265e7234f09f40,gx-no-cache=1492093330283 HTTP/1.1" 200 30
186.103.157.98 - - [13/Apr/2017:11:21:04 -0300] "POST /cormun/servlet/solicitudot?929ecb77bd790de6ce978d790985ac37,INS,0,0,,gx-no-cache=1492093330331 HTTP/1.1" 200 93
186.103.157.98 - - [13/Apr/2017:11:21:04 -0300] "GET /cormun/servlet/hpexe_return? HTTP/1.1" 200 1004
186.103.157.98 - - [13/Apr/2017:11:21:04 -0300] "GET /cormun/servlet/trsolicitudot HTTP/1.1" 200 8255
186.103.157.98 - - [13/Apr/2017:11:21:05 -0300] "GET /cormun/servlet/trsolicitudot HTTP/1.1" 200 8251
186.103.157.98 - - [13/Apr/2017:11:21:10 -0300] "POST /cormun/servlet/trsolicitudot?929ecb77bd790de6ce978d790985ac37,gx-no-cache=1492093336819 HTTP/1.1" 200 106
186.103.157.98 - - [13/Apr/2017:11:21:10 -0300] "GET /cormun/servlet/trsolicitudadjuntos?2017,6062, HTTP/1.1" 200 6123
186.103.157.98 - - [13/Apr/2017:11:21:10 -0300] "GET /cormun/static/gxcfg.js?201731711504543 HTTP/1.1" 200 953
186.103.157.98 - - [13/Apr/2017:11:21:10 -0300] "GET /cormun/static/trsolicitudadjuntos.js?201731711504951 HTTP/1.1" 304 -
186.103.157.98 - - [13/Apr/2017:11:21:11 -0300] "GET /cormun/servlet/trsolicitudadjuntos?2017,6062, HTTP/1.1" 200 6123
186.103.158.250 - - [13/Apr/2017:11:21:12 -0300] "POST /cormun/servlet/solicitudot?gx-no-cache=1492096815203 HTTP/1.1" 200 3204
186.103.158.250 - - [13/Apr/2017:11:21:12 -0300] "POST /cormun/servlet/solicitudot?97d4b3316238f114fbdd85a0bd5daf74,INS,0,0,,gx-no-cache=1492096815511 HTTP/1.1" 200 9814
186.103.157.98 - - [13/Apr/2017:11:21:16 -0300] "GET /cormun/servlet/solicitudotadjuntos?INS,2017,6062,,1, HTTP/1.1" 200 6063
186.103.157.98 - - [13/Apr/2017:11:21:16 -0300] "GET /cormun/static/gxcfg.js?201612218465951 HTTP/1.1" 200 953
186.103.157.98 - - [13/Apr/2017:11:21:16 -0300] "GET /cormun/static/solicitudotadjuntos.js?201612218465969 HTTP/1.1" 304 -
186.103.157.98 - - [13/Apr/2017:11:21:16 -0300] "GET /cormun/static/about:blank HTTP/1.1" 404 1011
186.103.157.98 - - [13/Apr/2017:11:21:16 -0300] "GET /cormun/servlet/solicitudotadjuntos?INS,2017,6062,,1, HTTP/1.1" 200 6057
186.103.157.98 - - [13/Apr/2017:11:21:16 -0300] "GET /cormun/servlet/solicitudotadjuntos?74dd64c2616b9522071756257162c85d210790263f6644e64047ef978a20482e331781050ea7e3dc868bf760f441ccb4,gx-no-cache=1492093343033 HTTP/1.1" 200 30
186.103.157.98 - - [13/Apr/2017:11:21:17 -0300] "POST /cormun/servlet/solicitudotadjuntos?929ecb77bd790de6ce978d790985ac37,INS,2017,6062,,1,,gx-no-cache=1492093343109 HTTP/1.1" 200 3828
186.103.157.98 - - [13/Apr/2017:11:21:21 -0300] "POST /cormun/servlet/solicitudotadjuntos?gx-no-cache=1492093347284 HTTP/1.1" 200 26
186.103.158.250 - - [13/Apr/2017:11:21:29 -0300] "GET /cormun/servlet/solicitudot?07d47b0f9357796a57e1bdd1bb388296f4407c6dd8cbb5876e62991e1eb924649f4c1811443d632b654715c515f0c52d,gx-no-cache=1492096832582 HTTP/1.1" 200 30
186.103.158.250 - - [13/Apr/2017:11:21:29 -0300] "POST /cormun/servlet/solicitudot?gx-no-cache=1492096832650 HTTP/1.1" 200 297
186.103.158.250 - - [13/Apr/2017:11:21:29 -0300] "GET /cormun/servlet/solicitudot?07d47b0f9357796a57e1bdd1bb38829639345d692898d773a9e46b181dd1361d72211f7e655b9b2128b71cb0055e49fabf2787e1d42756b8e082e0866f4e740c03e27ee121c659688b33b363f8abc6acc38ec786229475fd5e4656615e0c5d0df8ccf14539a95159f8a6d9ed50be5460a98686fb617863cd550a044ed52531c48524735c9543b237db812f507f5ea65aa619a4519958ac0af0c89f973c2fa6050af129903a851f3b11c5010affea3e8ef277f00e5ecfdce9583cd6f115ad0285eff6dd618d3d4ccc74379de680ffa1e711d7d470d02f6d2eb516293907125fc13185a0a8cfff2698890618f65f947b3bc9a4dc57277316becc439d23980d1430e4198df8d881a496b7dd06846fe7a4972764cd5900533012d52ca5870c2c88c66f1e74b6e9655044a136bf921ca59461eee9f5d102c9193096747ffb8748c62d41f1755b75833102ad7e909cb6ff9dc660575722f5eca18cc95ff9cf5454f72fd3acd1cef2fb4611e498ef9c8c9bc5cfb831f39d8777e3bd1e128b0e65a01da5b8b28c7cffe5f1515931c2ac1a59906c,gx-no-cache=1492096832711 HTTP/1.1" 200 30
186.103.158.250 - - [13/Apr/2017:11:21:35 -0300] "POST /cormun/servlet/solicitudot?gx-no-cache=1492096838284 HTTP/1.1" 200 30
192.168.10.13 - - [13/Apr/2017:11:21:43 -0300] "GET / HTTP/1.1" 200 11217
186.103.157.98 - - [13/Apr/2017:11:21:57 -0300] "POST /cormun/servlet/solicitudotadjuntos?gx-no-cache=1492093383434 HTTP/1.1" 200 26
192.168.10.62 - - [13/Apr/2017:11:21:58 -0300] "GET /cormun/servlet/vesolicitudgral?2017,5865,, HTTP/1.1" 200 7622
192.168.10.62 - - [13/Apr/2017:11:21:58 -0300] "GET /cormun/static/gxcfg.js?201612218543032 HTTP/1.1" 200 953
