186.79.74.147 - - [13/Apr/2017:10:50:45 -0300] "POST /cormun/servlet/solicitudot?f2bc8b2c2a2d510bd3f44877301a0a4b,INS,0,0,,gx-no-cache=1492091505900 HTTP/1.1" 200 93
186.79.74.147 - - [13/Apr/2017:10:50:45 -0300] "GET /cormun/servlet/hpexe_return? HTTP/1.1" 200 1007
186.79.74.147 - - [13/Apr/2017:10:50:45 -0300] "GET /cormun/servlet/trsolicitudot HTTP/1.1" 200 6686
186.79.74.147 - - [13/Apr/2017:10:50:47 -0300] "GET /cormun/servlet/trsolicitudot HTTP/1.1" 200 6682
186.103.158.250 - - [13/Apr/2017:10:50:50 -0300] "POST /cormun/servlet/trvisualizadoreventos?97d4b3316238f114fbdd85a0bd5daf74,,gx-no-cache=1492094994201 HTTP/1.1" 200 3775
186.103.158.250 - - [13/Apr/2017:10:50:56 -0300] "GET /cormun/servlet/trsolicitudot? HTTP/1.1" 200 6733
186.103.158.250 - - [13/Apr/2017:10:50:57 -0300] "GET /cormun/servlet/trsolicitudot? HTTP/1.1" 200 6732
186.103.158.250 - - [13/Apr/2017:10:51:05 -0300] "GET /cormun/servlet/solicitudot?INS,0,0, HTTP/1.1" 200 12583
186.103.158.250 - - [13/Apr/2017:10:51:06 -0300] "GET /cormun/servlet/solicitudot?INS,0,0, HTTP/1.1" 200 12588
186.103.159.46 - - [13/Apr/2017:10:51:35 -0300] "GET /cormun/servlet/apermisogoceprn?9014931,P,20170413113721,PU HTTP/1.1" 200 1656
192.168.10.13 - - [13/Apr/2017:10:51:43 -0300] "GET / HTTP/1.1" 200 11217
186.103.158.250 - - [13/Apr/2017:10:52:06 -0300] "POST /cormun/servlet/solicitudot?gx-no-cache=1492095066768 HTTP/1.1" 200 3204
186.103.158.250 - - [13/Apr/2017:10:52:07 -0300] "POST /cormun/servlet/solicitudot?97d4b3316238f114fbdd85a0bd5daf74,INS,0,0,,gx-no-cache=1492095070311 HTTP/1.1" 200 9808
186.103.158.250 - - [13/Apr/2017:10:52:14 -0300] "GET /cormun/servlet/solicitudot?07d47b0f9357796a57e1bdd1bb38829662088916ae55b1d322cc215eaa5faa059f4c1811443d632b654715c515f0c52d,gx-no-cache=1492095077761 HTTP/1.1" 200 30
186.103.158.250 - - [13/Apr/2017:10:52:14 -0300] "POST /cormun/servlet/solicitudot?gx-no-cache=1492095077826 HTTP/1.1" 200 255
186.103.158.250 - - [13/Apr/2017:10:52:14 -0300] "GET /cormun/servlet/solicitudot?07d47b0f9357796a57e1bdd1bb38829639345d692898d773a9e46b181dd1361d3c209a8f5d255151c5a1e0ff65f6261dbf2787e1d42756b8e082e0866f4e740c03e27ee121c659688b33b363f8abc6acc38ec786229475fd5e4656615e0c5d0df8ccf14539a95159f8a6d9ed50be5460a98686fb617863cd550a044ed52531c48524735c9543b237db812f507f5ea65aa619a4519958ac0af0c89f973c2fa6050af129903a851f3b11c5010affea3e8ef277f00e5ecfdce9583cd6f115ad0285eff6dd618d3d4ccc74379de680ffa1e711d7d470d02f6d2eb516293907125fc13185a0a8cfff2698890618f65f947b3b4fea80e10a9d33716a4b3ffa5772cf7fe4198df8d881a496b7dd06846fe7a49761db480bc20ef0c3c02ed9265a88365144aee18d43331b7c4bc4ae62b149bb42b1de516903754fea2e8ee7fc83ca7c464a8e14de87c6c2111bcfcac2712fc36ab3b7955a6c5d1a18b4f93ed9ce018584728f8c889d2003df96c89139e75e50a5cd0666de3be0165c3a2580f9e1113bf3,gx-no-cache=1492095077883 HTTP/1.1" 200 30
192.168.10.13 - - [13/Apr/2017:10:52:43 -0300] "GET / HTTP/1.1" 200 11217
186.103.159.46 - - [13/Apr/2017:10:53:11 -0300] "GET /cormun/servlet/permisogoce?DLT,9014931,P,20170413113721, HTTP/1.1" 200 6533
186.103.159.46 - - [13/Apr/2017:10:53:12 -0300] "GET /cormun/static/Shared/jqueryui/images/ui-bg_highlight-soft_100_c6c2c8_1x100.png HTTP/1.1" 404 1117
186.103.159.46 - - [13/Apr/2017:10:53:12 -0300] "GET /cormun/static/Shared/jqueryui/images/ui-icons_82798d_256x240.png HTTP/1.1" 404 1089
186.103.159.46 - - [13/Apr/2017:10:53:12 -0300] "GET /cormun/static/Shared/jqueryui/images/ui-icons_8d78a5_256x240.png HTTP/1.1" 404 1089
186.103.159.46 - - [13/Apr/2017:10:53:12 -0300] "GET /cormun/static/Shared/jqueryui/images/ui-bg_flat_55_fafafa_40x100.png HTTP/1.1" 404 1097
186.103.159.46 - - [13/Apr/2017:10:53:13 -0300] "GET /cormun/servlet/permisogoce?DLT,9014931,P,20170413113721, HTTP/1.1" 200 6535
186.103.159.46 - - [13/Apr/2017:10:53:22 -0300] "POST /cormun/servlet/permisogoce?b816f82d509b7c08d02f6851ad65f1c6,DLT,9014931,P,20170413113721,,gx-no-cache=1492091667570 HTTP/1.1" 200 4189
186.103.159.46 - - [13/Apr/2017:10:53:22 -0300] "GET /cormun/static/Shared/jqueryui/images/ui-bg_flat_55_994d53_40x100.png HTTP/1.1" 404 1097
186.103.159.46 - - [13/Apr/2017:10:53:22 -0300] "GET /cormun/static/Shared/jqueryui/images/ui-icons_ebccce_256x240.png HTTP/1.1" 404 1089
186.103.159.230 - - [13/Apr/2017:10:53:29 -0300] "GET /cormun/servlet/prlicenciaspermisos?0,L,,MD,,gxPopupLevel%3D0%3B HTTP/1.1" 200 5130
186.103.159.230 - - [13/Apr/2017:10:53:29 -0300] "GET /cormun/static/gxcfg.js?201741111445743 HTTP/1.1" 200 953
186.103.159.230 - - [13/Apr/2017:10:53:29 -0300] "GET /cormun/static/prlicenciaspermisos.js?201741111445890 HTTP/1.1" 200 13360
186.103.159.46 - - [13/Apr/2017:10:53:30 -0300] "GET /cormun/servlet/trpermisosgoce HTTP/1.1" 200 13420
186.103.159.46 - - [13/Apr/2017:10:53:32 -0300] "GET /cormun/servlet/trpermisosgoce HTTP/1.1" 200 13369
186.103.159.46 - - [13/Apr/2017:10:53:34 -0300] "GET /cormun/servlet/permisogoce?INS,0,,, HTTP/1.1" 200 6553
186.103.159.46 - - [13/Apr/2017:10:53:35 -0300] "GET /cormun/servlet/permisogoce?INS,0,,, HTTP/1.1" 200 6552
186.103.159.46 - - [13/Apr/2017:10:53:40 -0300] "GET /cormun/servlet/trpermisosgoce HTTP/1.1" 200 13377
186.103.159.46 - - [13/Apr/2017:10:53:42 -0300] "GET /cormun/servlet/trpermisosgoce HTTP/1.1" 200 13394
192.168.10.13 - - [13/Apr/2017:10:53:43 -0300] "GET / HTTP/1.1" 200 11217
186.103.159.46 - - [13/Apr/2017:10:53:48 -0300] "GET /cormun/servlet/permisogoce?UPD,9014931,P,20170413113721, HTTP/1.1" 200 6621
186.103.159.46 - - [13/Apr/2017:10:53:49 -0300] "GET /cormun/servlet/permisogoce?UPD,9014931,P,20170413113721, HTTP/1.1" 200 6621
186.103.159.46 - - [13/Apr/2017:10:53:50 -0300] "GET /cormun/servlet/permisogoce?0ed405ea3f0c2b126e955a7fb6e30cc7b47873368d8c8ba6b7fa0863a23d6dca216424e810857b30eba8c12a5be632d7,gx-no-cache=1492091695019 HTTP/1.1" 200 81
186.103.159.230 - - [13/Apr/2017:10:53:57 -0300] "GET /cormun/servlet/prlicenciaspermisos?0,L,,MD,,gxPopupLevel%3D0%3B HTTP/1.1" 200 5130
186.103.159.46 - - [13/Apr/2017:10:54:02 -0300] "GET /cormun/servlet/permisogoce?0ed405ea3f0c2b126e955a7fb6e30cc79acf7ed1fdc630ac4e678f21925348d0af62c0eaaef636ed020493190d9628bba32211d61f9864b542ab365ad3b38b744451b6db61f1738b040f359c4c76eff2,gx-no-cache=1492091707820 HTTP/1.1" 200 157
186.103.159.46 - - [13/Apr/2017:10:54:02 -0300] "GET /cormun/static/Shared/jqueryui/images/ui-bg_highlight-soft_100_c6c2c8_1x100.png HTTP/1.1" 404 1117
186.103.159.46 - - [13/Apr/2017:10:54:02 -0300] "GET /cormun/static/Shared/jqueryui/images/ui-icons_82798d_256x240.png HTTP/1.1" 404 1089
186.103.159.46 - - [13/Apr/2017:10:54:02 -0300] "GET /cormun/static/Shared/jqueryui/images/ui-bg_flat_55_994d53_40x100.png HTTP/1.1" 404 1097
186.103.159.46 - - [13/Apr/2017:10:54:02 -0300] "GET /cormun/static/Shared/jqueryui/images/ui-icons_ebccce_256x240.png HTTP/1.1" 404 1089
186.103.159.44 - - [13/Apr/2017:10:54:08 -0300] "GET /cormun/servlet/trsolicitudot? HTTP/1.1" 200 9181
186.103.159.46 - - [13/Apr/2017:10:54:13 -0300] "GET /cormun/servlet/permisogoce?0ed405ea3f0c2b126e955a7fb6e30cc79acf7ed1fdc630ac4e678f21925348d0af62c0eaaef636ed020493190d9628bbc9e31a2a0d7bad8d6068131e6cf520074451b6db61f1738b040f359c4c76eff2,gx-no-cache=1492091718143 HTTP/1.1" 200 125
186.103.159.44 - - [13/Apr/2017:10:54:13 -0300] "GET /cormun/servlet/solicitudot?INS,0,0, HTTP/1.1" 200 12585
186.103.159.46 - - [13/Apr/2017:10:54:21 -0300] "GET /cormun/static/menuarrow.gif HTTP/1.1" 404 1015
186.103.159.46 - - [13/Apr/2017:10:54:28 -0300] "GET /cormun/servlet/permisogoce?0ed405ea3f0c2b126e955a7fb6e30cc79acf7ed1fdc630ac4e678f21925348d0af62c0eaaef636ed020493190d9628bba32211d61f9864b542ab365ad3b38b744451b6db61f1738b040f359c4c76eff2,gx-no-cache=1492091733805 HTTP/1.1" 200 157
186.103.159.44 - - [13/Apr/2017:10:54:32 -0300] "POST /cormun/servlet/solicitudot?gx-no-cache=1492078192846 HTTP/1.1" 200 3262
186.103.159.44 - - [13/Apr/2017:10:54:32 -0300] "GET /cormun/static/Shared/jqueryui/images/ui-bg_flat_55_994d53_40x100.png HTTP/1.1" 404 1097
186.103.159.44 - - [13/Apr/2017:10:54:32 -0300] "GET /cormun/static/Shared/jqueryui/images/ui-icons_ebccce_256x240.png HTTP/1.1" 404 1089
186.103.159.44 - - [13/Apr/2017:10:54:32 -0300] "GET /cormun/static/Shared/jqueryui/images/ui-icons_82798d_256x240.png HTTP/1.1" 404 1089
186.103.159.44 - - [13/Apr/2017:10:54:32 -0300] "GET /cormun/static/Shared/jqueryui/images/ui-bg_highlight-soft_100_c6c2c8_1x100.png HTTP/1.1" 404 1117
186.103.159.44 - - [13/Apr/2017:10:54:41 -0300] "GET /cormun/servlet/prfichaempleado?,MD,,gxPopupLevel%3D0%3B HTTP/1.1" 200 8796
186.103.159.44 - - [13/Apr/2017:10:54:41 -0300] "GET /cormun/static/gxcfg.js?2017319125415 HTTP/1.1" 304 -
192.168.10.13 - - [13/Apr/2017:10:54:43 -0300] "GET / HTTP/1.1" 200 11217
186.103.159.46 - - [13/Apr/2017:10:54:57 -0300] "GET /cormun/servlet/permisogoce?0ed405ea3f0c2b126e955a7fb6e30cc79acf7ed1fdc630ac4e678f21925348d0af62c0eaaef636ed020493190d9628bb9b7f33d4d2145ab081058d53f25bfa83e23ef51dc259ec3a437226f2083d4b6d,gx-no-cache=1492091761264 HTTP/1.1" 200 125
186.103.159.44 - - [13/Apr/2017:10:55:05 -0300] "GET /cormun/servlet/prfichaempleado?,MD,,gxPopupLevel%3D0%3B HTTP/1.1" 200 8796
186.103.159.46 - - [13/Apr/2017:10:55:10 -0300] "GET /cormun/servlet/permisogoce?0ed405ea3f0c2b126e955a7fb6e30cc79acf7ed1fdc630ac4e678f21925348d0af62c0eaaef636ed020493190d9628bb9b7f33d4d2145ab081058d53f25bfa83e23ef51dc259ec3a437226f2083d4b6d,gx-no-cache=1492091775575 HTTP/1.1" 200 125
157.55.39.76 - - [13/Apr/2017:10:55:21 -0300] "GET /cormun/servlet/alicenciaprn?14479174,L,20170323000000,PU HTTP/1.1" 200 1542
186.103.159.44 - - [13/Apr/2017:10:55:24 -0300] "POST /cormun/servlet/solicitudot?gx-no-cache=1492078245324 HTTP/1.1" 200 3262
186.103.159.46 - - [13/Apr/2017:10:55:25 -0300] "GET /cormun/servlet/trpermisosgoce? HTTP/1.1" 200 13395
186.103.159.46 - - [13/Apr/2017:10:55:27 -0300] "GET /cormun/servlet/trpermisosgoce? HTTP/1.1" 200 13394
192.168.10.13 - - [13/Apr/2017:10:55:43 -0300] "GET / HTTP/1.1" 200 11217
186.103.159.46 - - [13/Apr/2017:10:55:50 -0300] "GET /cormun/servlet/trlicenciaspermisoslog?9014931,P,20170413113721, HTTP/1.1" 200 6008
186.103.159.46 - - [13/Apr/2017:10:55:50 -0300] "GET /cormun/static/gxcfg.js?201731711543185 HTTP/1.1" 200 953
186.103.159.46 - - [13/Apr/2017:10:55:50 -0300] "GET /cormun/static/trlicenciaspermisoslog.js?201731711543510 HTTP/1.1" 304 -
186.103.159.46 - - [13/Apr/2017:10:55:51 -0300] "GET /cormun/servlet/trlicenciaspermisoslog?9014931,P,20170413113721, HTTP/1.1" 200 6009
186.103.159.46 - - [13/Apr/2017:10:55:55 -0300] "POST /cormun/servlet/trlicenciaspermisoslog?b816f82d509b7c08d02f6851ad65f1c6,9014931,P,20170413113721,,gx-no-cache=1492091819899 HTTP/1.1" 200 3760
186.103.159.230 - - [13/Apr/2017:10:56:08 -0300] "GET /cormun/servlet/hlogin HTTP/1.1" 200 1724
186.103.159.46 - - [13/Apr/2017:10:56:09 -0300] "POST /cormun/servlet/trlicenciaspermisoslog?b816f82d509b7c08d02f6851ad65f1c6,9014931,P,20170413113721,,gx-no-cache=1492091833936 HTTP/1.1" 200 3758
186.103.159.46 - - [13/Apr/2017:10:56:15 -0300] "POST /cormun/servlet/trlicenciaspermisoslog?b816f82d509b7c08d02f6851ad65f1c6,9014931,P,20170413113721,,gx-no-cache=1492091839966 HTTP/1.1" 200 3758
186.103.159.46 - - [13/Apr/2017:10:56:19 -0300] "POST /cormun/servlet/trlicenciaspermisoslog?b816f82d509b7c08d02f6851ad65f1c6,9014931,P,20170413113721,,gx-no-cache=1492091844637 HTTP/1.1" 200 3758
186.103.159.46 - - [13/Apr/2017:10:56:23 -0300] "GET /cormun/servlet/trpermisosgoce? HTTP/1.1" 200 13369
186.103.159.46 - - [13/Apr/2017:10:56:25 -0300] "GET /cormun/servlet/trpermisosgoce? HTTP/1.1" 200 13393
186.103.159.46 - - [13/Apr/2017:10:56:31 -0300] "GET /cormun/servlet/permisogoce?DSP,7452197,P,20170413113448, HTTP/1.1" 200 6423
186.103.159.46 - - [13/Apr/2017:10:56:32 -0300] "GET /cormun/servlet/permisogoce?DSP,7452197,P,20170413113448, HTTP/1.1" 200 6424
186.103.159.230 - - [13/Apr/2017:10:56:37 -0300] "POST /cormun/servlet/hlogin?87590ba77a1f1717d23ed807b269b045,gx-no-cache=1492091859179 HTTP/1.1" 200 90
186.103.159.230 - - [13/Apr/2017:10:56:37 -0300] "GET /cormun/servlet/hpexe_link HTTP/1.1" 200 951
186.103.159.230 - - [13/Apr/2017:10:56:37 -0300] "GET /cormun/servlet/hhome HTTP/1.1" 200 3972
186.103.159.230 - - [13/Apr/2017:10:56:37 -0300] "GET /cormun/servlet/hhome HTTP/1.1" 200 3969
186.103.159.230 - - [13/Apr/2017:10:56:41 -0300] "GET /cormun/servlet/trsolicitudot? HTTP/1.1" 200 6946
186.103.159.230 - - [13/Apr/2017:10:56:41 -0300] "GET /cormun/servlet/trsolicitudot? HTTP/1.1" 200 6944
192.168.10.13 - - [13/Apr/2017:10:56:43 -0300] "GET / HTTP/1.1" 200 11217
186.103.159.46 - - [13/Apr/2017:10:56:43 -0300] "GET /cormun/servlet/trpermisosgoce? HTTP/1.1" 200 13390
186.103.159.230 - - [13/Apr/2017:10:56:44 -0300] "GET /cormun/servlet/solicitudot?INS,0,0, HTTP/1.1" 200 12778
186.103.159.230 - - [13/Apr/2017:10:56:44 -0300] "GET /cormun/servlet/solicitudot?INS,0,0, HTTP/1.1" 200 12783
186.103.159.46 - - [13/Apr/2017:10:56:44 -0300] "GET /cormun/servlet/trpermisosgoce? HTTP/1.1" 200 13397
186.103.159.46 - - [13/Apr/2017:10:56:49 -0300] "GET /cormun/servlet/permisogoce?DLT,9014931,P,20170413113721, HTTP/1.1" 200 6535
186.103.159.46 - - [13/Apr/2017:10:56:50 -0300] "GET /cormun/static/Shared/jqueryui/images/ui-bg_flat_55_fafafa_40x100.png HTTP/1.1" 404 1097
186.103.159.46 - - [13/Apr/2017:10:56:50 -0300] "GET /cormun/static/Shared/jqueryui/images/ui-icons_8d78a5_256x240.png HTTP/1.1" 404 1089
186.103.159.46 - - [13/Apr/2017:10:56:50 -0300] "GET /cormun/servlet/permisogoce?DLT,9014931,P,20170413113721, HTTP/1.1" 200 6535
186.103.159.230 - - [13/Apr/2017:10:57:08 -0300] "POST /cormun/servlet/solicitudot?gx-no-cache=1492091888627 HTTP/1.1" 200 3153
186.103.159.230 - - [13/Apr/2017:10:57:08 -0300] "POST /cormun/servlet/solicitudot?87590ba77a1f1717d23ed807b269b045,INS,0,0,,gx-no-cache=1492091890260 HTTP/1.1" 200 9921
186.103.159.44 - - [13/Apr/2017:10:57:13 -0300] "POST /cormun/servlet/solicitudot?gx-no-cache=1492078352549 HTTP/1.1" 200 3186
186.103.159.44 - - [13/Apr/2017:10:57:13 -0300] "POST /cormun/servlet/solicitudot?054019c1e98afefd312e204ca037f701,INS,0,0,,gx-no-cache=1492078354227 HTTP/1.1" 200 9793
186.103.159.230 - - [13/Apr/2017:10:57:13 -0300] "GET /cormun/servlet/solicitudot?f31dee7143a8d60ebbfb0625a814f8113bc96988de461b7691f17df08807c614048ada7e0e0f1c7977ba38c3a85575e8,gx-no-cache=1492091895717 HTTP/1.1" 200 30
186.103.159.230 - - [13/Apr/2017:10:57:13 -0300] "POST /cormun/servlet/solicitudot?gx-no-cache=1492091895760 HTTP/1.1" 200 240
186.103.159.46 - - [13/Apr/2017:10:57:16 -0300] "GET /cormun/servlet/hhome HTTP/1.1" 200 3806
186.103.159.230 - - [13/Apr/2017:10:57:16 -0300] "GET /cormun/servlet/solicitudot?f31dee7143a8d60ebbfb0625a814f811cdcaf54a0af485980a1e89ac3a8f9cc5a160532461eddfd790732795ebf9766d942fbab927a728fb325efb99cac83f30d548425b92c0c1bb1321dc7b037ba1a4ffd0ac7f78bd96e68f5a033bed6215b8bf2317a84f15e558fec2b0f1d6088eb0662264ffd5267b0fbee891a84dc3d79492823b0e68f4e7c1ff8d8e223e4d1905479942fe502bd78bcfb346f46960e3f2d48064e278f1e8fa456c8ad50f05b51c21c33ad6f9f72745d71e867b5abf54349bcdf507961a1de9a728c2a91a82d8440bba47b1ac99908f5a87d3051b1aa76c74e388b1dbabde1f11e75dab6accbdad009ea56005d9cdfee8ccab574bfa375c1c301fc562244679877201f6eb642f72b74c041cacd641115ec3efebef9f3fa08fae8d07221c772bba4e763b1bf4e5424f6540ff05fe4896dcafe38793d45aee5f8c1a6e43569da9275971bb92a3e68d54b002d20ccfc8b01e34cd7aeed6f5b08f43d185a67b6c1591d386eb1bfd2665fdf13a531804435d42707ea6cee27513,gx-no-cache=1492091895804 HTTP/1.1" 200 30
186.103.159.46 - - [13/Apr/2017:10:57:17 -0300] "GET /cormun/servlet/hhome HTTP/1.1" 200 3780
186.103.159.230 - - [13/Apr/2017:10:57:21 -0300] "POST /cormun/servlet/solicitudot?gx-no-cache=1492091903644 HTTP/1.1" 200 30
186.103.159.46 - - [13/Apr/2017:10:57:22 -0300] "GET /cormun/servlet/trpermisosgoce? HTTP/1.1" 200 13395
186.103.159.46 - - [13/Apr/2017:10:57:24 -0300] "GET /cormun/servlet/trpermisosgoce? HTTP/1.1" 200 13394
186.103.159.44 - - [13/Apr/2017:10:57:28 -0300] "GET /cormun/servlet/solicitudot?39f46c07b40d256cd68c28ec410bdca341e3e3d93526953df1f005cb7b7db9556e9659238b054e27ae140c00a2958917,gx-no-cache=1492078368853 HTTP/1.1" 200 30
186.103.159.44 - - [13/Apr/2017:10:57:28 -0300] "POST /cormun/servlet/solicitudot?gx-no-cache=1492078368932 HTTP/1.1" 200 297
186.103.159.44 - - [13/Apr/2017:10:57:31 -0300] "GET /cormun/servlet/solicitudot?39f46c07b40d256cd68c28ec410bdca3544e0d482f2f14ed5d296acd9a9d16621cbac0ef21c393e2f1b6bc4d2e563491ed32d11831f3a6f76575d75eef6c9099184530af87f59d0151cf9df0477e6e4023651aa80b9ea41e5dbcb438e681b82fc0b38e93b9533d81fbfb67883a8225f518f84b01b30dcc894e96250f2ca8eef090416b4c3b84d281004da748e3d1370320fe18d72b893a5f6212e668f6cea928bfa3cc03a854ea9ebe746b6934783bcb8957d26182d239901074e0a37854875dd0222392f5c3a9918ba5542d1bc212853351cf5c3389790c7d5b98a7fb361cb1eabbff53e3a9024d689056950504d7256e6564723b627ccabf66896c3b2fdc315dfa5d80b2f2cb41e535c5902a59ead6439ae29173dad61912336c51cfe38c2974f2f0cd6acb5cc5f9df315eb90c17c0a7e201d1688432d7d799fc35ac42e75c3b8ce411ae72f4899f595f40b61c577851a5ae082bd03b9f86847ecfb43ccc13f10db4b1373291892cef4a6f6d718df4ff368b49af15001e08655c9cd92472fc8355a06960e1fd84db7ab769ed270cf7,gx-no-cache=1492078369023 HTTP/1.1" 200 30
186.103.159.44 - - [13/Apr/2017:10:57:33 -0300] "POST /cormun/servlet/solicitudot?gx-no-cache=1492078373967 HTTP/1.1" 200 30
186.103.159.44 - - [13/Apr/2017:10:57:35 -0300] "POST /cormun/servlet/solicitudot?gx-no-cache=1492078376404 HTTP/1.1" 200 235
186.103.159.44 - - [13/Apr/2017:10:57:35 -0300] "POST /cormun/servlet/solicitudot?gx-no-cache=1492078376506 HTTP/1.1" 200 38
186.103.159.230 - - [13/Apr/2017:10:57:37 -0300] "GET /cormun/servlet/prcontratosol?13477280,,,,,MD,,gxPopupLevel%3D0%3B HTTP/1.1" 200 5931
192.168.10.13 - - [13/Apr/2017:10:57:43 -0300] "GET / HTTP/1.1" 200 11217
186.103.159.230 - - [13/Apr/2017:10:57:52 -0300] "POST /cormun/servlet/solicitudot?gx-no-cache=1492091933868 HTTP/1.1" 200 1372
186.103.159.230 - - [13/Apr/2017:10:57:52 -0300] "GET /cormun/static/Shared/jqueryui/images/ui-bg_highlight-soft_100_c6c2c8_1x100.png HTTP/1.1" 404 1117
186.103.159.230 - - [13/Apr/2017:10:57:52 -0300] "GET /cormun/static/Shared/jqueryui/images/ui-icons_82798d_256x240.png HTTP/1.1" 404 1089
186.103.159.230 - - [13/Apr/2017:10:57:52 -0300] "GET /cormun/static/Shared/jqueryui/images/ui-bg_flat_55_994d53_40x100.png HTTP/1.1" 404 1097
186.103.159.230 - - [13/Apr/2017:10:57:52 -0300] "POST /cormun/servlet/solicitudot?gx-no-cache=1492091933935 HTTP/1.1" 200 117
186.103.159.230 - - [13/Apr/2017:10:57:52 -0300] "GET /cormun/static/Shared/jqueryui/images/ui-icons_ebccce_256x240.png HTTP/1.1" 404 1089
186.103.159.230 - - [13/Apr/2017:10:57:52 -0300] "GET /cormun/servlet/solicitudot?f31dee7143a8d60ebbfb0625a814f81143c52918746cad1a0bb1ac19118073c7ad654d951ce953266664a9c0f0ddd5052d789e2f6daac453489d6b4eb8808406394f604effd84f095a7fdfbe1e1c2872be7317c1f8293c700b3ee8cbe91304a1ee5b594c69cd8e7e080572be72e8d535,gx-no-cache=1492091933978 HTTP/1.1" 200 29
186.103.159.230 - - [13/Apr/2017:10:57:52 -0300] "GET /cormun/servlet/solicitudot?f31dee7143a8d60ebbfb0625a814f811bf0eff12267b06d45bbe3a20daae8f8c613c1dfff6dee306387244ba54f688951fd3bcf92c51694214a35241482a3a6b86d9c38491d15cd273e78bfcefe38429b187c0e47ad757369cbabbc01f592f4439525e65ed6d3ffc379f14a01b7e4e0eefcbb1dd2a8fb86ac565bf4a22d0aa042210665ec5645f6d06b756c8725ec41dd3e89a5bcc473bd200058f2170576022,gx-no-cache=1492091934005 HTTP/1.1" 200 57
186.103.159.230 - - [13/Apr/2017:10:57:52 -0300] "GET /cormun/servlet/solicitudot?f31dee7143a8d60ebbfb0625a814f811bef802359ce4f1b20bdaf3db778679aa613c1dfff6dee306387244ba54f688951fd3bcf92c51694214a35241482a3a6baa2c780cabd7361c0792669d421c3b947c6773c6a868cbd08958e00003d010054f438ad43718d341f214bf2b04240caf96539879b499784c0da475c4576a8d42,gx-no-cache=1492091934032 HTTP/1.1" 200 57
186.103.159.44 - - [13/Apr/2017:10:57:57 -0300] "GET /cormun/servlet/solicitudot?39f46c07b40d256cd68c28ec410bdca3d7c06e9bd7d4b1c88c89e5afe9c424f382926cc01efa3b4246782a622994d576daf8be9436a3806012f12febaf1a3a5c8ec7f36c4dbb4a36ef35eef71c8e8e93dd299432bfb69e89b8612675fbaf67b54fb43a9b56242a7a286068294f250d35,gx-no-cache=1492078397669 HTTP/1.1" 200 29
186.103.159.44 - - [13/Apr/2017:10:57:57 -0300] "POST /cormun/servlet/solicitudot?gx-no-cache=1492078398074 HTTP/1.1" 200 669
186.103.159.44 - - [13/Apr/2017:10:57:58 -0300] "POST /cormun/servlet/solicitudot?gx-no-cache=1492078399286 HTTP/1.1" 200 1157
186.103.159.230 - - [13/Apr/2017:10:58:01 -0300] "GET /cormun/static/menuarrow.gif HTTP/1.1" 404 1015
186.103.159.44 - - [13/Apr/2017:10:58:12 -0300] "GET /cormun/static/menuarrow.gif HTTP/1.1" 404 1015
186.103.159.44 - - [13/Apr/2017:10:58:24 -0300] "GET /cormun/servlet/solicitudot?39f46c07b40d256cd68c28ec410bdca30ef1ff9fabaf2f6fdb656b9772fd97c77f44fe68b1479eedba86c82d7cb63d728630b2ae357bb847069ea3640f7dc0594822fad039f2d33770ae3bc800ed9d1a74a57e55d423f1e3e0b77d9451b70bb2bb895634a91486f702b01f232b9e87c05e76b987832bbd1f1e4ad878af8d71caf62bf526a24ec6c97c767b277208b4bc950fb0afe088a5b11f6eea70107e1a849a54ea562b0230bfa92fda4c19445d22,gx-no-cache=1492078425304 HTTP/1.1" 200 30
186.103.159.230 - - [13/Apr/2017:10:58:34 -0300] "GET /cormun/servlet/prcontratosol?13477280,,,,,MD,,gxPopupLevel%3D0%3B HTTP/1.1" 200 5931
186.103.159.44 - - [13/Apr/2017:10:58:37 -0300] "POST /cormun/servlet/solicitudot?054019c1e98afefd312e204ca037f701,INS,0,0,,gx-no-cache=1492078438384 HTTP/1.1" 200 93
186.103.159.44 - - [13/Apr/2017:10:58:37 -0300] "GET /cormun/servlet/hpexe_return? HTTP/1.1" 200 1008
186.103.159.44 - - [13/Apr/2017:10:58:38 -0300] "GET /cormun/servlet/trsolicitudot HTTP/1.1" 200 9597
186.103.159.230 - - [13/Apr/2017:10:58:41 -0300] "POST /cormun/servlet/solicitudot?gx-no-cache=1492091983315 HTTP/1.1" 200 122
186.103.159.230 - - [13/Apr/2017:10:58:41 -0300] "GET /cormun/servlet/solicitudot?f31dee7143a8d60ebbfb0625a814f811bf0eff12267b06d45bbe3a20daae8f8c613c1dfff6dee306387244ba54f688951fd3bcf92c51694214a35241482a3a6b86d9c38491d15cd273e78bfcefe38429b187c0e47ad757369cbabbc01f592f4439525e65ed6d3ffc379f14a01b7e4e0eefcbb1dd2a8fb86ac565bf4a22d0aa042210665ec5645f6d06b756c8725ec41dd3e89a5bcc473bd200058f2170576022,gx-no-cache=1492091983366 HTTP/1.1" 200 57
186.103.159.230 - - [13/Apr/2017:10:58:41 -0300] "GET /cormun/servlet/solicitudot?f31dee7143a8d60ebbfb0625a814f811bef802359ce4f1b20bdaf3db778679aa613c1dfff6dee306387244ba54f688951fd3bcf92c51694214a35241482a3a6baa2c780cabd7361c0792669d421c3b947c6773c6a868cbd08958e00003d010054f438ad43718d341f214bf2b04240caf96539879b499784c0da475c4576a8d42,gx-no-cache=1492091983401 HTTP/1.1" 200 57
192.168.10.13 - - [13/Apr/2017:10:58:43 -0300] "GET / HTTP/1.1" 200 11217
186.103.159.44 - - [13/Apr/2017:10:58:45 -0300] "POST /cormun/servlet/trsolicitudot?054019c1e98afefd312e204ca037f701,gx-no-cache=1492078446592 HTTP/1.1" 200 107
186.103.159.44 - - [13/Apr/2017:10:58:45 -0300] "GET /cormun/servlet/trsolicitudadjuntos?2017,6059, HTTP/1.1" 200 5885
186.103.159.44 - - [13/Apr/2017:10:58:46 -0300] "GET /cormun/static/gxcfg.js?201731711504543 HTTP/1.1" 304 -
186.103.159.44 - - [13/Apr/2017:10:58:50 -0300] "GET /cormun/servlet/solicitudotadjuntos?INS,2017,6059,,1, HTTP/1.1" 200 5821
186.103.159.44 - - [13/Apr/2017:10:58:50 -0300] "GET /cormun/static/gxcfg.js?201612218465951 HTTP/1.1" 304 -
186.103.159.44 - - [13/Apr/2017:10:58:50 -0300] "HEAD /cormun/static/about:blank HTTP/1.1" 404 -
186.103.159.44 - - [13/Apr/2017:10:58:51 -0300] "GET /cormun/servlet/solicitudotadjuntos?39f46c07b40d256cd68c28ec410bdca3b34f3f83371a6c35aaeaf0ca718fa98f13a351ac3969a273ca878184ec365f65,gx-no-cache=1492078452674 HTTP/1.1" 200 30
186.103.159.44 - - [13/Apr/2017:10:58:52 -0300] "POST /cormun/servlet/solicitudotadjuntos?054019c1e98afefd312e204ca037f701,INS,2017,6059,,1,,gx-no-cache=1492078452733 HTTP/1.1" 200 3642
186.103.159.44 - - [13/Apr/2017:10:59:01 -0300] "POST /cormun/servlet/solicitudotadjuntos?gx-no-cache=1492078462764 HTTP/1.1" 200 26
186.103.159.44 - - [13/Apr/2017:10:59:17 -0300] "GET /cormun/servlet/solicitudotadjuntos?39f46c07b40d256cd68c28ec410bdca3d6bce0fab85a0800c46710d2813b1233,gx-no-cache=1492078478008 HTTP/1.1" 200 30
186.103.159.44 - - [13/Apr/2017:10:59:17 -0300] "GET /cormun/servlet/solicitudotadjuntos?39f46c07b40d256cd68c28ec410bdca3d6bce0fab85a0800c46710d2813b1233,gx-no-cache=1492078478042 HTTP/1.1" 200 30
186.103.159.44 - - [13/Apr/2017:10:59:17 -0300] "POST /cormun/servlet/solicitudotadjuntos?054019c1e98afefd312e204ca037f701,INS,2017,6059,,1, HTTP/1.1" 200 116
186.103.159.44 - - [13/Apr/2017:10:59:17 -0300] "GET /cormun/servlet/hpexe_return? HTTP/1.1" 200 1027
186.103.159.44 - - [13/Apr/2017:10:59:18 -0300] "GET /cormun/servlet/trsolicitudadjuntos?2017,6059, HTTP/1.1" 200 8038
186.103.159.44 - - [13/Apr/2017:10:59:22 -0300] "GET /cormun/servlet/solicitudotadjuntos?INS,2017,6059,,1, HTTP/1.1" 200 5821
186.103.159.44 - - [13/Apr/2017:10:59:23 -0300] "HEAD /cormun/static/about:blank HTTP/1.1" 404 -
186.103.159.44 - - [13/Apr/2017:10:59:24 -0300] "GET /cormun/servlet/solicitudotadjuntos?39f46c07b40d256cd68c28ec410bdca3b34f3f83371a6c35aaeaf0ca718fa98f13a351ac3969a273ca878184ec365f65,gx-no-cache=1492078485079 HTTP/1.1" 200 30
186.103.159.44 - - [13/Apr/2017:10:59:24 -0300] "POST /cormun/servlet/solicitudotadjuntos?054019c1e98afefd312e204ca037f701,INS,2017,6059,,1,,gx-no-cache=1492078485140 HTTP/1.1" 200 3642
186.103.159.44 - - [13/Apr/2017:10:59:27 -0300] "POST /cormun/servlet/solicitudotadjuntos?gx-no-cache=1492078488257 HTTP/1.1" 200 26
192.168.10.13 - - [13/Apr/2017:10:59:43 -0300] "GET / HTTP/1.1" 200 11217
186.79.140.232 - - [13/Apr/2017:10:59:49 -0300] "POST /cormun/servlet/permisogoce?d3ea028516982f02efd22c66229b7dad,INS,0,,,,gx-no-cache=1492092053554 HTTP/1.1" 200 4207
186.79.140.232 - - [13/Apr/2017:10:59:49 -0300] "GET /cormun/static/Shared/jqueryui/images/ui-bg_highlight-soft_100_c6c2c8_1x100.png HTTP/1.1" 404 1117
186.79.140.232 - - [13/Apr/2017:10:59:49 -0300] "GET /cormun/static/Shared/jqueryui/images/ui-icons_82798d_256x240.png HTTP/1.1" 404 1089
186.79.140.232 - - [13/Apr/2017:10:59:49 -0300] "GET /cormun/static/Shared/jqueryui/images/ui-bg_flat_55_994d53_40x100.png HTTP/1.1" 404 1097
186.79.140.232 - - [13/Apr/2017:10:59:49 -0300] "GET /cormun/static/Shared/jqueryui/images/ui-icons_ebccce_256x240.png HTTP/1.1" 404 1089
186.79.140.232 - - [13/Apr/2017:11:00:07 -0300] "GET /cormun/servlet/permisogoce?8bd20b69815b7660edb55d679493f949b9a253ddf8e118b1acc945394ed30aee9c8600894cc85b1229cf15c818e52d4e,gx-no-cache=1492092072028 HTTP/1.1" 200 69
186.79.140.232 - - [13/Apr/2017:11:00:14 -0300] "GET /cormun/static/menuarrow.gif HTTP/1.1" 404 1015
192.168.10.13 - - [13/Apr/2017:11:00:43 -0300] "GET / HTTP/1.1" 200 11217
192.168.10.13 - - [13/Apr/2017:11:01:43 -0300] "GET / HTTP/1.1" 200 11217
186.103.159.44 - - [13/Apr/2017:11:01:54 -0300] "GET /cormun/servlet/solicitudotadjuntos?39f46c07b40d256cd68c28ec410bdca3d6bce0fab85a0800c46710d2813b1233,gx-no-cache=1492078633839 HTTP/1.1" 200 30
186.103.159.44 - - [13/Apr/2017:11:01:54 -0300] "GET /cormun/servlet/solicitudotadjuntos?39f46c07b40d256cd68c28ec410bdca3d6bce0fab85a0800c46710d2813b1233,gx-no-cache=1492078634914 HTTP/1.1" 200 30
186.103.159.44 - - [13/Apr/2017:11:01:54 -0300] "POST /cormun/servlet/solicitudotadjuntos?054019c1e98afefd312e204ca037f701,INS,2017,6059,,1, HTTP/1.1" 200 116
186.103.159.44 - - [13/Apr/2017:11:01:54 -0300] "GET /cormun/servlet/hpexe_return? HTTP/1.1" 200 1027
186.103.159.44 - - [13/Apr/2017:11:01:58 -0300] "GET /cormun/servlet/trsolicitudadjuntos?2017,6059, HTTP/1.1" 200 8260
186.103.159.44 - - [13/Apr/2017:11:02:08 -0300] "GET /cormun/servlet/solicitudotadjuntos?INS,2017,6059,,1, HTTP/1.1" 200 5821
186.103.159.44 - - [13/Apr/2017:11:02:08 -0300] "HEAD /cormun/static/about:blank HTTP/1.1" 404 -
186.103.159.44 - - [13/Apr/2017:11:02:10 -0300] "GET /cormun/servlet/solicitudotadjuntos?39f46c07b40d256cd68c28ec410bdca3b34f3f83371a6c35aaeaf0ca718fa98f13a351ac3969a273ca878184ec365f65,gx-no-cache=1492078650922 HTTP/1.1" 200 30
186.103.159.44 - - [13/Apr/2017:11:02:10 -0300] "POST /cormun/servlet/solicitudotadjuntos?054019c1e98afefd312e204ca037f701,INS,2017,6059,,1,,gx-no-cache=1492078651028 HTTP/1.1" 200 3641
186.103.159.44 - - [13/Apr/2017:11:02:12 -0300] "POST /cormun/servlet/solicitudotadjuntos?gx-no-cache=1492078653581 HTTP/1.1" 200 26
186.103.159.44 - - [13/Apr/2017:11:02:21 -0300] "GET /cormun/servlet/solicitudotadjuntos?39f46c07b40d256cd68c28ec410bdca3d6bce0fab85a0800c46710d2813b1233,gx-no-cache=1492078662580 HTTP/1.1" 200 30
186.103.159.44 - - [13/Apr/2017:11:02:21 -0300] "GET /cormun/servlet/solicitudotadjuntos?39f46c07b40d256cd68c28ec410bdca3d6bce0fab85a0800c46710d2813b1233,gx-no-cache=1492078662637 HTTP/1.1" 200 30
186.103.159.44 - - [13/Apr/2017:11:02:22 -0300] "POST /cormun/servlet/solicitudotadjuntos?054019c1e98afefd312e204ca037f701,INS,2017,6059,,1, HTTP/1.1" 200 116
186.103.159.44 - - [13/Apr/2017:11:02:22 -0300] "GET /cormun/servlet/hpexe_return? HTTP/1.1" 200 1027
186.103.159.44 - - [13/Apr/2017:11:02:23 -0300] "GET /cormun/servlet/trsolicitudadjuntos?2017,6059, HTTP/1.1" 200 8409
186.103.159.44 - - [13/Apr/2017:11:02:27 -0300] "GET /cormun/servlet/solicitudotadjuntos?INS,2017,6059,,1, HTTP/1.1" 200 5821
186.103.159.44 - - [13/Apr/2017:11:02:27 -0300] "HEAD /cormun/static/about:blank HTTP/1.1" 404 -
186.103.159.44 - - [13/Apr/2017:11:02:29 -0300] "GET /cormun/servlet/solicitudotadjuntos?39f46c07b40d256cd68c28ec410bdca3b34f3f83371a6c35aaeaf0ca718fa98f13a351ac3969a273ca878184ec365f65,gx-no-cache=1492078669914 HTTP/1.1" 200 30
186.103.159.44 - - [13/Apr/2017:11:02:29 -0300] "POST /cormun/servlet/solicitudotadjuntos?054019c1e98afefd312e204ca037f701,INS,2017,6059,,1,,gx-no-cache=1492078670018 HTTP/1.1" 200 3642
186.103.159.44 - - [13/Apr/2017:11:02:32 -0300] "POST /cormun/servlet/solicitudotadjuntos?gx-no-cache=1492078673314 HTTP/1.1" 200 26
186.103.159.44 - - [13/Apr/2017:11:02:40 -0300] "GET /cormun/servlet/solicitudotadjuntos?39f46c07b40d256cd68c28ec410bdca3d6bce0fab85a0800c46710d2813b1233,gx-no-cache=1492078680889 HTTP/1.1" 200 30
186.103.159.44 - - [13/Apr/2017:11:02:40 -0300] "GET /cormun/servlet/solicitudotadjuntos?39f46c07b40d256cd68c28ec410bdca3d6bce0fab85a0800c46710d2813b1233,gx-no-cache=1492078680967 HTTP/1.1" 200 30
186.103.159.44 - - [13/Apr/2017:11:02:42 -0300] "POST /cormun/servlet/solicitudotadjuntos?054019c1e98afefd312e204ca037f701,INS,2017,6059,,1, HTTP/1.1" 200 116
186.103.159.44 - - [13/Apr/2017:11:02:42 -0300] "GET /cormun/servlet/hpexe_return? HTTP/1.1" 200 1027
192.168.10.13 - - [13/Apr/2017:11:02:43 -0300] "GET / HTTP/1.1" 200 11217
186.103.159.44 - - [13/Apr/2017:11:02:43 -0300] "GET /cormun/servlet/trsolicitudadjuntos?2017,6059, HTTP/1.1" 200 8553
186.103.159.44 - - [13/Apr/2017:11:02:47 -0300] "GET /cormun/servlet/solicitudotadjuntos?INS,2017,6059,,1, HTTP/1.1" 200 5821
186.103.159.44 - - [13/Apr/2017:11:02:47 -0300] "HEAD /cormun/static/about:blank HTTP/1.1" 404 -
186.103.159.44 - - [13/Apr/2017:11:02:48 -0300] "GET /cormun/servlet/solicitudotadjuntos?39f46c07b40d256cd68c28ec410bdca3b34f3f83371a6c35aaeaf0ca718fa98f13a351ac3969a273ca878184ec365f65,gx-no-cache=1492078689725 HTTP/1.1" 200 30
186.103.159.44 - - [13/Apr/2017:11:02:49 -0300] "POST /cormun/servlet/solicitudotadjuntos?054019c1e98afefd312e204ca037f701,INS,2017,6059,,1,,gx-no-cache=1492078689841 HTTP/1.1" 200 3642
186.103.159.44 - - [13/Apr/2017:11:02:52 -0300] "POST /cormun/servlet/solicitudotadjuntos?gx-no-cache=1492078693192 HTTP/1.1" 200 26
186.103.159.44 - - [13/Apr/2017:11:03:01 -0300] "GET /cormun/servlet/solicitudotadjuntos?39f46c07b40d256cd68c28ec410bdca3d6bce0fab85a0800c46710d2813b1233,gx-no-cache=1492078702081 HTTP/1.1" 200 30
186.103.159.44 - - [13/Apr/2017:11:03:01 -0300] "GET /cormun/servlet/solicitudotadjuntos?39f46c07b40d256cd68c28ec410bdca3d6bce0fab85a0800c46710d2813b1233,gx-no-cache=1492078702165 HTTP/1.1" 200 30
186.103.159.44 - - [13/Apr/2017:11:03:03 -0300] "POST /cormun/servlet/solicitudotadjuntos?054019c1e98afefd312e204ca037f701,INS,2017,6059,,1, HTTP/1.1" 200 116
186.103.159.44 - - [13/Apr/2017:11:03:03 -0300] "GET /cormun/servlet/hpexe_return? HTTP/1.1" 200 1027
186.103.159.44 - - [13/Apr/2017:11:03:04 -0300] "GET /cormun/servlet/trsolicitudadjuntos?2017,6059, HTTP/1.1" 200 8720
186.103.159.44 - - [13/Apr/2017:11:03:09 -0300] "GET /cormun/servlet/solicitudotadjuntos?INS,2017,6059,,1, HTTP/1.1" 200 5821
186.103.159.44 - - [13/Apr/2017:11:03:09 -0300] "HEAD /cormun/static/about:blank HTTP/1.1" 404 -
186.103.159.44 - - [13/Apr/2017:11:03:10 -0300] "GET /cormun/servlet/solicitudotadjuntos?39f46c07b40d256cd68c28ec410bdca3b34f3f83371a6c35aaeaf0ca718fa98f13a351ac3969a273ca878184ec365f65,gx-no-cache=1492078711708 HTTP/1.1" 200 30
186.103.159.44 - - [13/Apr/2017:11:03:11 -0300] "POST /cormun/servlet/solicitudotadjuntos?054019c1e98afefd312e204ca037f701,INS,2017,6059,,1,,gx-no-cache=1492078711760 HTTP/1.1" 200 3642
186.103.159.44 - - [13/Apr/2017:11:03:13 -0300] "POST /cormun/servlet/solicitudotadjuntos?gx-no-cache=1492078714310 HTTP/1.1" 200 26
186.103.159.44 - - [13/Apr/2017:11:03:18 -0300] "GET /cormun/servlet/solicitudotadjuntos?39f46c07b40d256cd68c28ec410bdca3d6bce0fab85a0800c46710d2813b1233,gx-no-cache=1492078718958 HTTP/1.1" 200 30
186.103.159.44 - - [13/Apr/2017:11:03:18 -0300] "GET /cormun/servlet/solicitudotadjuntos?39f46c07b40d256cd68c28ec410bdca3d6bce0fab85a0800c46710d2813b1233,gx-no-cache=1492078719020 HTTP/1.1" 200 30
186.103.159.44 - - [13/Apr/2017:11:03:19 -0300] "POST /cormun/servlet/solicitudotadjuntos?054019c1e98afefd312e204ca037f701,INS,2017,6059,,1, HTTP/1.1" 200 116
186.103.159.44 - - [13/Apr/2017:11:03:19 -0300] "GET /cormun/servlet/hpexe_return? HTTP/1.1" 200 1027
186.103.159.44 - - [13/Apr/2017:11:03:20 -0300] "GET /cormun/servlet/trsolicitudadjuntos?2017,6059, HTTP/1.1" 200 8959
186.103.159.44 - - [13/Apr/2017:11:03:24 -0300] "GET /cormun/servlet/solicitudotadjuntos?INS,2017,6059,,2, HTTP/1.1" 200 5821
186.103.159.44 - - [13/Apr/2017:11:03:25 -0300] "HEAD /cormun/static/about:blank HTTP/1.1" 404 -
186.103.159.44 - - [13/Apr/2017:11:03:26 -0300] "GET /cormun/servlet/solicitudotadjuntos?39f46c07b40d256cd68c28ec410bdca3b34f3f83371a6c35aaeaf0ca718fa98f13a351ac3969a273ca878184ec365f65,gx-no-cache=1492078727272 HTTP/1.1" 200 30
186.103.159.44 - - [13/Apr/2017:11:03:26 -0300] "POST /cormun/servlet/solicitudotadjuntos?054019c1e98afefd312e204ca037f701,INS,2017,6059,,2,,gx-no-cache=1492078727383 HTTP/1.1" 200 3855
186.103.159.44 - - [13/Apr/2017:11:03:29 -0300] "POST /cormun/servlet/solicitudotadjuntos?gx-no-cache=1492078730118 HTTP/1.1" 200 26
192.168.10.96 - - [13/Apr/2017:11:03:30 -0300] "GET /cormun/servlet/trpermisosgeneralesgoce? HTTP/1.1" 200 15109
192.168.10.96 - - [13/Apr/2017:11:03:30 -0300] "GET /cormun/static/gxcfg.js?201731711541967 HTTP/1.1" 304 -
192.168.10.96 - - [13/Apr/2017:11:03:30 -0300] "GET /cormun/static/trpermisosgeneralesgoce.js?201731711542424 HTTP/1.1" 304 -
186.103.159.46 - - [13/Apr/2017:11:03:30 -0300] "GET /cormun/servlet/permisogoce?DLT,9014931,P,20170413113721, HTTP/1.1" 200 6535
192.168.10.96 - - [13/Apr/2017:11:03:30 -0300] "GET /cormun/servlet/hlogin HTTP/1.1" 200 1745
192.168.10.96 - - [13/Apr/2017:11:03:31 -0300] "GET /cormun/servlet/trpermisosgeneralesgoce? HTTP/1.1" 200 15103
186.103.159.46 - - [13/Apr/2017:11:03:32 -0300] "GET /cormun/servlet/permisogoce?DLT,9014931,P,20170413113721, HTTP/1.1" 200 6535
186.103.159.44 - - [13/Apr/2017:11:03:34 -0300] "GET /cormun/servlet/solicitudotadjuntos?39f46c07b40d256cd68c28ec410bdca3d6bce0fab85a0800c46710d2813b1233,gx-no-cache=1492078735477 HTTP/1.1" 200 30
186.103.159.44 - - [13/Apr/2017:11:03:34 -0300] "GET /cormun/servlet/solicitudotadjuntos?39f46c07b40d256cd68c28ec410bdca3d6bce0fab85a0800c46710d2813b1233,gx-no-cache=1492078735511 HTTP/1.1" 200 30
186.103.159.44 - - [13/Apr/2017:11:03:34 -0300] "POST /cormun/servlet/solicitudotadjuntos?054019c1e98afefd312e204ca037f701,INS,2017,6059,,2, HTTP/1.1" 200 116
186.103.159.44 - - [13/Apr/2017:11:03:34 -0300] "GET /cormun/servlet/hpexe_return? HTTP/1.1" 200 1027
186.103.159.44 - - [13/Apr/2017:11:03:36 -0300] "GET /cormun/servlet/trsolicitudadjuntos?2017,6059, HTTP/1.1" 200 9171
186.103.159.46 - - [13/Apr/2017:11:03:40 -0300] "POST /cormun/servlet/permisogoce?b816f82d509b7c08d02f6851ad65f1c6,DLT,9014931,P,20170413113721,,gx-no-cache=1492092285083 HTTP/1.1" 200 4190
186.103.159.44 - - [13/Apr/2017:11:03:41 -0300] "GET /cormun/servlet/trsolicitudot? HTTP/1.1" 200 9598
192.168.10.96 - - [13/Apr/2017:11:03:42 -0300] "POST /cormun/servlet/hlogin?ff808431b4ead9d7ac82cd4c8f2b5e11,gx-no-cache=1492095497008 HTTP/1.1" 200 90
192.168.10.96 - - [13/Apr/2017:11:03:42 -0300] "GET /cormun/servlet/hpexe_link HTTP/1.1" 200 960
192.168.10.96 - - [13/Apr/2017:11:03:42 -0300] "GET /cormun/servlet/trpermisosgeneralesgoce HTTP/1.1" 200 16066
192.168.10.13 - - [13/Apr/2017:11:03:43 -0300] "GET / HTTP/1.1" 200 11217
192.168.10.96 - - [13/Apr/2017:11:03:43 -0300] "GET /cormun/servlet/trpermisosgeneralesgoce HTTP/1.1" 200 16065
186.103.159.46 - - [13/Apr/2017:11:03:48 -0300] "POST /cormun/servlet/permisogoce?b816f82d509b7c08d02f6851ad65f1c6,DLT,9014931,P,20170413113721,,gx-no-cache=1492092293658 HTTP/1.1" 200 4192
192.168.10.96 - - [13/Apr/2017:11:03:48 -0300] "GET /cormun/servlet/trpermisosgeneralesgoce? HTTP/1.1" 200 16065
192.168.10.96 - - [13/Apr/2017:11:03:49 -0300] "GET /cormun/servlet/trpermisosgeneralesgoce? HTTP/1.1" 200 16065
186.103.159.44 - - [13/Apr/2017:11:03:50 -0300] "GET /cormun/servlet/trrenuncias? HTTP/1.1" 200 7225
186.103.159.44 - - [13/Apr/2017:11:03:50 -0300] "GET /cormun/static/gxcfg.js?201731711553383 HTTP/1.1" 304 -
186.103.159.44 - - [13/Apr/2017:11:03:56 -0300] "GET /cormun/servlet/trrenunciasadjuntos?24,17416984, HTTP/1.1" 200 5792
186.103.159.44 - - [13/Apr/2017:11:03:56 -0300] "GET /cormun/static/gxcfg.js?201731711565375 HTTP/1.1" 200 953
186.103.159.44 - - [13/Apr/2017:11:03:56 -0300] "GET /cormun/static/trrenunciasadjuntos.js?201731711565661 HTTP/1.1" 200 15159
192.168.10.96 - - [13/Apr/2017:11:03:58 -0300] "POST /cormun/servlet/trpermisosgeneralesgoce?ff808431b4ead9d7ac82cd4c8f2b5e11,,gx-no-cache=1492095513200 HTTP/1.1" 200 6780
186.103.159.46 - - [13/Apr/2017:11:03:59 -0300] "GET /cormun/servlet/trpermisosgoce? HTTP/1.1" 200 13371
186.103.159.44 - - [13/Apr/2017:11:04:00 -0300] "GET /cormun/servlet/renunciasadjuntos?INS,24,, HTTP/1.1" 200 5118
186.103.159.44 - - [13/Apr/2017:11:04:00 -0300] "GET /cormun/static/gxcfg.js?201731711431598 HTTP/1.1" 200 953
186.103.159.44 - - [13/Apr/2017:11:04:00 -0300] "GET /cormun/static/renunciasadjuntos.js?20173171143167 HTTP/1.1" 200 5937
186.103.159.44 - - [13/Apr/2017:11:04:01 -0300] "HEAD /cormun/static/about:blank HTTP/1.1" 404 -
186.103.159.46 - - [13/Apr/2017:11:04:01 -0300] "GET /cormun/servlet/trpermisosgoce? HTTP/1.1" 200 13357
192.168.10.96 - - [13/Apr/2017:11:04:07 -0300] "GET /cormun/servlet/trpermisosadjuntos?15739045,20170411131809,P, HTTP/1.1" 200 6574
192.168.10.96 - - [13/Apr/2017:11:04:07 -0300] "GET /cormun/static/gxcfg.js?201731711542659 HTTP/1.1" 304 -
192.168.10.96 - - [13/Apr/2017:11:04:08 -0300] "GET /cormun/servlet/trpermisosadjuntos?15739045,20170411131809,P, HTTP/1.1" 200 6574
192.168.10.96 - - [13/Apr/2017:11:04:11 -0300] "POST /cormun/servlet/trpermisosadjuntos?ff808431b4ead9d7ac82cd4c8f2b5e11,15739045,20170411131809,P,,gx-no-cache=1492095526784 HTTP/1.1" 200 90
192.168.10.96 - - [13/Apr/2017:11:04:11 -0300] "GET /cormun/servlet/hpexe_link HTTP/1.1" 200 989
192.168.10.96 - - [13/Apr/2017:11:04:12 -0300] "GET /cormun/servlet/trpermisosgeneralesgoce? HTTP/1.1" 200 9701
186.103.159.46 - - [13/Apr/2017:11:04:12 -0300] "GET /cormun/servlet/permisogoce?UPD,9014931,P,20170413113721, HTTP/1.1" 200 6621
192.168.10.96 - - [13/Apr/2017:11:04:12 -0300] "GET /cormun/servlet/trpermisosgeneralesgoce? HTTP/1.1" 200 9699
186.103.159.46 - - [13/Apr/2017:11:04:13 -0300] "GET /cormun/servlet/permisogoce?UPD,9014931,P,20170413113721, HTTP/1.1" 200 6621
186.103.159.46 - - [13/Apr/2017:11:04:14 -0300] "GET /cormun/servlet/permisogoce?0ed405ea3f0c2b126e955a7fb6e30cc7b47873368d8c8ba6b7fa0863a23d6dca216424e810857b30eba8c12a5be632d7,gx-no-cache=1492092319289 HTTP/1.1" 200 81
192.168.10.96 - - [13/Apr/2017:11:04:19 -0300] "GET /cormun/servlet/trpermisosadjuntos?15739045,20170411105420,P, HTTP/1.1" 200 7044
192.168.10.96 - - [13/Apr/2017:11:04:19 -0300] "GET /cormun/PublicTempStorage/francisca_rosales_18-04-2017126705.jpg HTTP/1.1" 200 798022
192.168.10.96 - - [13/Apr/2017:11:04:19 -0300] "GET /cormun/servlet/trpermisosadjuntos?15739045,20170411105420,P, HTTP/1.1" 200 7045
192.168.10.96 - - [13/Apr/2017:11:04:21 -0300] "GET /cormun/PublicTempStorage/francisca_rosales_18-04-2017126705.jpg HTTP/1.1" 304 -
192.168.10.96 - - [13/Apr/2017:11:04:30 -0300] "GET /cormun/servlet/trpermisosadjuntos?15739045,20170411105420,P, HTTP/1.1" 200 7044
192.168.10.96 - - [13/Apr/2017:11:04:30 -0300] "GET /cormun/PublicTempStorage/francisca_rosales_18-04-20173431537.jpg HTTP/1.1" 200 798022
192.168.10.96 - - [13/Apr/2017:11:04:30 -0300] "GET /cormun/servlet/trpermisosadjuntos?15739045,20170411105420,P, HTTP/1.1" 200 7042
186.103.159.230 - - [13/Apr/2017:11:04:31 -0300] "POST /cormun/servlet/solicitudot?gx-no-cache=1492092332487 HTTP/1.1" 200 122
186.103.159.44 - - [13/Apr/2017:11:04:32 -0300] "POST /cormun/servlet/renunciasadjuntos?054019c1e98afefd312e204ca037f701,INS,24,, HTTP/1.1" 200 116
186.103.159.44 - - [13/Apr/2017:11:04:32 -0300] "GET /cormun/servlet/hpexe_return? HTTP/1.1" 200 1021
192.168.10.96 - - [13/Apr/2017:11:04:33 -0300] "POST /cormun/servlet/trpermisosadjuntos?ff808431b4ead9d7ac82cd4c8f2b5e11,15739045,20170411105420,P,,gx-no-cache=1492095548033 HTTP/1.1" 200 90
186.103.159.44 - - [13/Apr/2017:11:04:33 -0300] "GET /cormun/servlet/trrenunciasadjuntos?24,17416984, HTTP/1.1" 200 6188
192.168.10.96 - - [13/Apr/2017:11:04:33 -0300] "GET /cormun/servlet/hpexe_link HTTP/1.1" 200 988
192.168.10.96 - - [13/Apr/2017:11:04:33 -0300] "GET /cormun/servlet/trpermisosgeneralesgoce HTTP/1.1" 200 9701
192.168.10.96 - - [13/Apr/2017:11:04:33 -0300] "GET /cormun/servlet/trpermisosgeneralesgoce HTTP/1.1" 200 9700
186.103.159.44 - - [13/Apr/2017:11:04:34 -0300] "HEAD /cormun/PublicTempStorage/carta_renuncia8435329.docx HTTP/1.1" 200 -
192.168.10.96 - - [13/Apr/2017:11:04:38 -0300] "GET /cormun/servlet/trpermisosadjuntos?15739045,20170411131809,P, HTTP/1.1" 200 6574
192.168.10.96 - - [13/Apr/2017:11:04:38 -0300] "GET /cormun/servlet/trpermisosadjuntos?15739045,20170411131809,P, HTTP/1.1" 200 6574
186.103.159.44 - - [13/Apr/2017:11:04:40 -0300] "GET /cormun/servlet/trrenuncias? HTTP/1.1" 200 7225
186.103.159.46 - - [13/Apr/2017:11:04:42 -0300] "GET /cormun/servlet/permisogoce?0ed405ea3f0c2b126e955a7fb6e30cc79acf7ed1fdc630ac4e678f21925348d0af62c0eaaef636ed020493190d9628bb9b7f33d4d2145ab081058d53f25bfa83e23ef51dc259ec3a437226f2083d4b6d,gx-no-cache=1492092346782 HTTP/1.1" 200 125
192.168.10.13 - - [13/Apr/2017:11:04:43 -0300] "GET / HTTP/1.1" 200 11217
186.103.159.44 - - [13/Apr/2017:11:04:45 -0300] "GET /cormun/servlet/arenunciaprn?24,PU HTTP/1.1" 200 1545
192.168.10.96 - - [13/Apr/2017:11:04:46 -0300] "POST /cormun/servlet/trpermisosadjuntos?ff808431b4ead9d7ac82cd4c8f2b5e11,15739045,20170411131809,P,,gx-no-cache=1492095561179 HTTP/1.1" 200 90
192.168.10.96 - - [13/Apr/2017:11:04:46 -0300] "GET /cormun/servlet/hpexe_link HTTP/1.1" 200 987
192.168.10.96 - - [13/Apr/2017:11:04:46 -0300] "GET /cormun/servlet/trpermisosgeneralesgoce HTTP/1.1" 200 9701
192.168.10.96 - - [13/Apr/2017:11:04:46 -0300] "GET /cormun/servlet/trpermisosgeneralesgoce HTTP/1.1" 200 9700
186.103.159.230 - - [13/Apr/2017:11:04:47 -0300] "POST /cormun/servlet/solicitudot?gx-no-cache=1492092349129 HTTP/1.1" 200 122
186.103.159.46 - - [13/Apr/2017:11:04:52 -0300] "GET /cormun/servlet/permisogoce?0ed405ea3f0c2b126e955a7fb6e30cc79acf7ed1fdc630ac4e678f21925348d0af62c0eaaef636ed020493190d9628bb9b7f33d4d2145ab081058d53f25bfa83e23ef51dc259ec3a437226f2083d4b6d,gx-no-cache=1492092357175 HTTP/1.1" 200 125
192.168.10.96 - - [13/Apr/2017:11:04:59 -0300] "GET /cormun/servlet/trpermisosadjuntos?15739045,20170411131809,P, HTTP/1.1" 200 6574
192.168.10.96 - - [13/Apr/2017:11:05:00 -0300] "GET /cormun/servlet/trpermisosadjuntos?15739045,20170411131809,P, HTTP/1.1" 200 6574
186.103.159.230 - - [13/Apr/2017:11:05:01 -0300] "GET /cormun/servlet/prlicenciaspermisos?0,L,,MD,,gxPopupLevel%3D0%3B HTTP/1.1" 200 5137
192.168.10.96 - - [13/Apr/2017:11:05:03 -0300] "POST /cormun/servlet/trpermisosadjuntos?ff808431b4ead9d7ac82cd4c8f2b5e11,15739045,20170411131809,P,,gx-no-cache=1492095578297 HTTP/1.1" 200 90
192.168.10.96 - - [13/Apr/2017:11:05:03 -0300] "GET /cormun/servlet/hpexe_link HTTP/1.1" 200 987
192.168.10.96 - - [13/Apr/2017:11:05:03 -0300] "GET /cormun/servlet/trpermisosgeneralesgoce HTTP/1.1" 200 9701
192.168.10.96 - - [13/Apr/2017:11:05:04 -0300] "GET /cormun/servlet/trpermisosgeneralesgoce HTTP/1.1" 200 9700
186.103.159.230 - - [13/Apr/2017:11:05:28 -0300] "POST /cormun/servlet/solicitudot?gx-no-cache=1492092388350 HTTP/1.1" 200 122
186.103.159.230 - - [13/Apr/2017:11:05:41 -0300] "GET /cormun/servlet/solicitudot?f31dee7143a8d60ebbfb0625a814f811bf0eff12267b06d45bbe3a20daae8f8c613c1dfff6dee306387244ba54f688951fd3bcf92c51694214a35241482a3a6b86d9c38491d15cd273e78bfcefe38429b187c0e47ad757369cbabbc01f592f4439525e65ed6d3ffc379f14a01b7e4e0eefcbb1dd2a8fb86ac565bf4a22d0aa042210665ec5645f6d06b756c8725ec41dd3e89a5bcc473bd200058f2170576022,gx-no-cache=1492092403312 HTTP/1.1" 200 57
192.168.10.13 - - [13/Apr/2017:11:05:43 -0300] "GET / HTTP/1.1" 200 11217
186.103.159.230 - - [13/Apr/2017:11:05:49 -0300] "GET /cormun/servlet/prlicenciaspermisos?0,L,,MD,,gxPopupLevel%3D0%3B HTTP/1.1" 200 5137
186.103.158.250 - - [13/Apr/2017:11:06:31 -0300] "POST /cormun/servlet/solicitudot?gx-no-cache=1492095934917 HTTP/1.1" 200 30
186.103.158.250 - - [13/Apr/2017:11:06:31 -0300] "POST /cormun/servlet/solicitudot?gx-no-cache=1492095934999 HTTP/1.1" 200 1292
186.103.158.250 - - [13/Apr/2017:11:06:31 -0300] "POST /cormun/servlet/solicitudot?gx-no-cache=1492095935095 HTTP/1.1" 200 38
192.168.10.13 - - [13/Apr/2017:11:06:43 -0300] "GET / HTTP/1.1" 200 11217
186.103.158.250 - - [13/Apr/2017:11:06:56 -0300] "POST /cormun/servlet/solicitudot?gx-no-cache=1492095959379 HTTP/1.1" 200 30
186.103.158.250 - - [13/Apr/2017:11:07:00 -0300] "POST /cormun/servlet/solicitudot?gx-no-cache=1492095963835 HTTP/1.1" 200 30
186.103.158.250 - - [13/Apr/2017:11:07:03 -0300] "GET /cormun/servlet/prcontratosol?15125298,,,,,MD,,gxPopupLevel%3D0%3B HTTP/1.1" 200 5926
186.103.158.250 - - [13/Apr/2017:11:07:03 -0300] "GET /cormun/static/gxcfg.js?201731711522183 HTTP/1.1" 304 -
186.103.158.250 - - [13/Apr/2017:11:07:05 -0300] "GET /cormun/servlet/prcontratosol?15125298,,,,,MD,,gxPopupLevel%3D0%3B,gxPopupLevel%3D0%3B HTTP/1.1" 200 5935
192.168.10.13 - - [13/Apr/2017:11:07:43 -0300] "GET / HTTP/1.1" 200 11217
186.103.159.44 - - [13/Apr/2017:11:07:53 -0300] "POST /cormun/servlet/trrenuncias?054019c1e98afefd312e204ca037f701,,gx-no-cache=1492078993770 HTTP/1.1" 200 3959
186.103.159.44 - - [13/Apr/2017:11:07:53 -0300] "GET /cormun/static/Shared/jqueryui/images/ui-icons_8d78a5_256x240.png HTTP/1.1" 404 1089
186.103.159.44 - - [13/Apr/2017:11:07:53 -0300] "GET /cormun/static/Shared/jqueryui/images/ui-bg_highlight-soft_100_c6c2c8_1x100.png HTTP/1.1" 404 1117
186.103.159.44 - - [13/Apr/2017:11:07:53 -0300] "GET /cormun/static/Shared/jqueryui/images/ui-icons_82798d_256x240.png HTTP/1.1" 404 1089
186.103.159.44 - - [13/Apr/2017:11:07:53 -0300] "GET /cormun/static/Shared/jqueryui/images/ui-bg_flat_55_fafafa_40x100.png HTTP/1.1" 404 1097
186.103.159.44 - - [13/Apr/2017:11:08:18 -0300] "GET /cormun/servlet/renuncias?INS,0, HTTP/1.1" 200 5900
186.103.159.44 - - [13/Apr/2017:11:08:18 -0300] "GET /cormun/static/gxcfg.js?20173291217350 HTTP/1.1" 304 -
192.168.10.13 - - [13/Apr/2017:11:08:43 -0300] "GET / HTTP/1.1" 200 11217
186.103.159.44 - - [13/Apr/2017:11:09:20 -0300] "GET /cormun/servlet/renuncias?384f7a8a1a46a5746ba0fde1da2a63df613f78f078741a45b272695b8a442038ad736a6e390dd19e7f5cfeec974b7719,gx-no-cache=1492079081668 HTTP/1.1" 200 33
186.103.159.44 - - [13/Apr/2017:11:09:37 -0300] "GET /cormun/servlet/renuncias?384f7a8a1a46a5746ba0fde1da2a63df3843b560ae637dccd39e09ac6697cf74d59165450e08a94cabacd8a967d19a06,gx-no-cache=1492079098240 HTTP/1.1" 200 62
192.168.10.13 - - [13/Apr/2017:11:09:43 -0300] "GET / HTTP/1.1" 200 11217
186.103.157.98 - - [13/Apr/2017:11:10:24 -0300] "GET /cormun/servlet/hpexe_return? HTTP/1.1" 200 982
186.103.157.98 - - [13/Apr/2017:11:10:24 -0300] "GET /cormun/static/gxcfg.js?2016101716175148 HTTP/1.1" 304 -
186.103.157.98 - - [13/Apr/2017:11:10:24 -0300] "GET /cormun/static/Resources/Spanish/PXTools.css?167811 HTTP/1.1" 304 -
186.103.157.98 - - [13/Apr/2017:11:10:24 -0300] "GET /cormun/static/hpexe_return.js?2016101716175153 HTTP/1.1" 304 -
186.103.157.98 - - [13/Apr/2017:11:10:24 -0300] "GET /cormun/static/messages.spa.js?85251 HTTP/1.1" 200 30736
186.103.157.98 - - [13/Apr/2017:11:10:24 -0300] "GET /cormun/servlet/hhome HTTP/1.1" 200 3336
186.103.157.98 - - [13/Apr/2017:11:10:24 -0300] "GET /cormun/static/Resources/Spanish/PXTools.css?11294912 HTTP/1.1" 304 -
186.103.157.98 - - [13/Apr/2017:11:10:24 -0300] "GET /cormun/static/gxcfg.js?201731711483497 HTTP/1.1" 304 -
186.103.157.98 - - [13/Apr/2017:11:10:24 -0300] "GET /cormun/static/hpexe_recentlink.js?201610171694390 HTTP/1.1" 304 -
186.103.157.98 - - [13/Apr/2017:11:10:24 -0300] "GET /cormun/static/hwchdr01.js?201731711335950 HTTP/1.1" 304 -
186.103.157.98 - - [13/Apr/2017:11:10:24 -0300] "GET /cormun/static/hhome.js?20173171148352 HTTP/1.1" 304 -
186.103.157.98 - - [13/Apr/2017:11:10:24 -0300] "GET /cormun/static/hpexe_scripts.js?201731711335890 HTTP/1.1" 304 -
186.103.157.98 - - [13/Apr/2017:11:10:24 -0300] "GET /cormun/static/hpexe_messagecontroller.js?201610171694323 HTTP/1.1" 304 -
186.103.157.98 - - [13/Apr/2017:11:10:24 -0300] "GET /cormun/static/hpexe_messagegenexuscomponent.js?201731711335537 HTTP/1.1" 304 -
186.103.157.98 - - [13/Apr/2017:11:10:24 -0300] "GET /cormun/static/cmcontrolpreferences.js?201731711335852 HTTP/1.1" 304 -
