186.103.159.44 - - [13/Apr/2017:10:28:34 -0300] "GET /cormun/servlet/solicitudot?39f46c07b40d256cd68c28ec410bdca32f04717f57fedaefe9e18859e53df31c84f03c11d7d2818505a3ec5f290d9f478474660d27eac46269bc6f73b075bd0a559c729b2166c4a14ec904bf9c5565dcaff3647342a30730d13c15996d4e8ae5106573dfb39636d3041cf9e308145a819272c8d3496fb35d7377efb7f0e0f5e84b35512c3e8a1c2185c831a916002ee05c1e6785379493d3d46377f6a9ee517e4dd5858d5d0d7d1c12726608cc18e616,gx-no-cache=1492076634732 HTTP/1.1" 200 30
186.103.159.44 - - [13/Apr/2017:10:28:34 -0300] "POST /cormun/servlet/solicitudot?054019c1e98afefd312e204ca037f701,INS,0,0,,gx-no-cache=1492076635145 HTTP/1.1" 200 93
186.103.159.44 - - [13/Apr/2017:10:28:34 -0300] "GET /cormun/servlet/hpexe_return? HTTP/1.1" 200 1008
100.43.85.9 - - [13/Apr/2017:10:28:39 -0300] "GET / HTTP/1.1" 200 11217
192.168.10.13 - - [13/Apr/2017:10:28:43 -0300] "GET / HTTP/1.1" 200 11217
186.103.159.44 - - [13/Apr/2017:10:28:44 -0300] "GET /cormun/static/gxcfg.js?2016101716175148 HTTP/1.1" 304 -
186.103.159.44 - - [13/Apr/2017:10:28:45 -0300] "GET /cormun/servlet/trsolicitudot HTTP/1.1" 200 8034
186.103.159.44 - - [13/Apr/2017:10:29:20 -0300] "GET /cormun/servlet/solicitudot?INS,0,0, HTTP/1.1" 200 12585
192.168.10.13 - - [13/Apr/2017:10:29:43 -0300] "GET / HTTP/1.1" 200 11217
186.103.159.46 - - [13/Apr/2017:10:30:05 -0300] "GET /cormun/servlet/hhome HTTP/1.1" 200 3323
186.103.159.46 - - [13/Apr/2017:10:30:07 -0300] "GET /cormun/servlet/hhome HTTP/1.1" 200 3333
186.103.159.46 - - [13/Apr/2017:10:30:07 -0300] "GET /cormun/servlet/hlogin HTTP/1.1" 200 1735
186.79.139.153 - - [13/Apr/2017:10:30:38 -0300] "GET /cormun/servlet/hlogin HTTP/1.1" 200 1739
192.168.10.13 - - [13/Apr/2017:10:30:43 -0300] "GET / HTTP/1.1" 200 11217
186.103.159.44 - - [13/Apr/2017:10:30:45 -0300] "POST /cormun/servlet/solicitudot?gx-no-cache=1492076764596 HTTP/1.1" 200 3181
186.103.159.44 - - [13/Apr/2017:10:30:45 -0300] "POST /cormun/servlet/solicitudot?054019c1e98afefd312e204ca037f701,INS,0,0,,gx-no-cache=1492076766391 HTTP/1.1" 200 9763
186.103.159.44 - - [13/Apr/2017:10:30:55 -0300] "GET /cormun/servlet/solicitudot?39f46c07b40d256cd68c28ec410bdca387c965551eae10cbc98c4429af3d4ca76e9659238b054e27ae140c00a2958917,gx-no-cache=1492076776745 HTTP/1.1" 200 30
186.103.159.44 - - [13/Apr/2017:10:30:56 -0300] "POST /cormun/servlet/solicitudot?gx-no-cache=1492076776816 HTTP/1.1" 200 255
186.103.159.44 - - [13/Apr/2017:10:30:56 -0300] "GET /cormun/servlet/solicitudot?39f46c07b40d256cd68c28ec410bdca3544e0d482f2f14ed5d296acd9a9d1662c5a962603c5215c6373ce7c8c5be46a3ed32d11831f3a6f76575d75eef6c9099184530af87f59d0151cf9df0477e6e4023651aa80b9ea41e5dbcb438e681b82fc0b38e93b9533d81fbfb67883a8225f518f84b01b30dcc894e96250f2ca8eef090416b4c3b84d281004da748e3d1370320fe18d72b893a5f6212e668f6cea928bfa3cc03a854ea9ebe746b6934783bcb8957d26182d239901074e0a37854875dd0222392f5c3a9918ba5542d1bc212853351cf5c3389790c7d5b98a7fb361cb1eabbff53e3a9024d689056950504d725018599b6eb680a2af2b61e41d6c1808b5dfa5d80b2f2cb41e535c5902a59ead68f25ee59001e93a3211cca15a45f958756361e5b7be5373d3f7ac50efba4016c904a035c027d114ad3a2883398d16595aac3a2a6efc6af9c8600e388031c70e7e233d0f3683bc1ac49a8cda37d771048e8e9629873d6525de044ec86279bc6eafe3b0374e278b0228d5aed4a506770d6,gx-no-cache=1492076776874 HTTP/1.1" 200 30
186.103.159.44 - - [13/Apr/2017:10:30:58 -0300] "POST /cormun/servlet/solicitudot?gx-no-cache=1492076778839 HTTP/1.1" 200 30
186.103.159.44 - - [13/Apr/2017:10:30:59 -0300] "GET /cormun/servlet/prcontratosol?17235483,,,,,MD,,gxPopupLevel%3D0%3B HTTP/1.1" 200 5930
186.103.159.44 - - [13/Apr/2017:10:31:05 -0300] "POST /cormun/servlet/solicitudot?gx-no-cache=1492076786646 HTTP/1.1" 200 1291
186.103.159.44 - - [13/Apr/2017:10:31:06 -0300] "POST /cormun/servlet/solicitudot?gx-no-cache=1492076786955 HTTP/1.1" 200 38
186.103.159.44 - - [13/Apr/2017:10:31:06 -0300] "GET /cormun/servlet/solicitudot?39f46c07b40d256cd68c28ec410bdca3d7c06e9bd7d4b1c88c89e5afe9c424f382926cc01efa3b4246782a622994d576878f6f42e00a7b0bbad3441d9c765becc40bce2d7f154b80dba5b7e8358ebaa66630dacca805f590c339a33a132a38c047d05f9a2d7b55fd3fbc0a5e56772fed630d1a70bac3ec16f174d0e53650a9112c7519212d0e965362ae22d9ec6342cdcc6eb2ce28fd4aafb00ddc7f5b9afa88,gx-no-cache=1492076787014 HTTP/1.1" 200 29
186.103.159.44 - - [13/Apr/2017:10:31:06 -0300] "POST /cormun/servlet/solicitudot?gx-no-cache=1492076787354 HTTP/1.1" 200 1274
186.103.159.44 - - [13/Apr/2017:10:31:06 -0300] "POST /cormun/servlet/solicitudot?gx-no-cache=1492076787473 HTTP/1.1" 200 1157
186.103.159.44 - - [13/Apr/2017:10:31:20 -0300] "POST /cormun/servlet/solicitudot?gx-no-cache=1492076801697 HTTP/1.1" 200 1291
186.103.159.44 - - [13/Apr/2017:10:31:21 -0300] "POST /cormun/servlet/solicitudot?gx-no-cache=1492076801818 HTTP/1.1" 200 38
186.103.159.44 - - [13/Apr/2017:10:31:36 -0300] "POST /cormun/servlet/solicitudot?gx-no-cache=1492076817354 HTTP/1.1" 200 1273
186.103.159.44 - - [13/Apr/2017:10:31:36 -0300] "POST /cormun/servlet/solicitudot?gx-no-cache=1492076817480 HTTP/1.1" 200 1157
192.168.10.13 - - [13/Apr/2017:10:31:43 -0300] "GET / HTTP/1.1" 200 11217
186.103.159.44 - - [13/Apr/2017:10:31:46 -0300] "GET /cormun/static/menuarrow.gif HTTP/1.1" 404 1015
186.103.159.44 - - [13/Apr/2017:10:32:07 -0300] "GET /cormun/servlet/solicitudot?39f46c07b40d256cd68c28ec410bdca36858133f2a2c7eab1ceefd3ae46c178b72c51e6ed1e9efbfff90d4a1505aa0668474660d27eac46269bc6f73b075bd0a559c729b2166c4a14ec904bf9c5565dcaff3647342a30730d13c15996d4e8ae5106573dfb39636d3041cf9e308145a819272c8d3496fb35d7377efb7f0e0f5e84b35512c3e8a1c2185c831a916002ee05c1e6785379493d3d46377f6a9ee517e69f6fff238372a416db65cc21d4729ef,gx-no-cache=1492076848316 HTTP/1.1" 200 30
186.103.159.44 - - [13/Apr/2017:10:32:22 -0300] "POST /cormun/servlet/solicitudot?054019c1e98afefd312e204ca037f701,INS,0,0,,gx-no-cache=1492076863358 HTTP/1.1" 200 93
186.103.159.44 - - [13/Apr/2017:10:32:22 -0300] "GET /cormun/servlet/hpexe_return? HTTP/1.1" 200 1008
186.103.159.44 - - [13/Apr/2017:10:32:24 -0300] "GET /cormun/servlet/trsolicitudot HTTP/1.1" 200 8447
186.103.159.44 - - [13/Apr/2017:10:32:38 -0300] "GET /cormun/servlet/solicitudot?INS,0,0, HTTP/1.1" 200 12584
192.168.10.13 - - [13/Apr/2017:10:32:43 -0300] "GET / HTTP/1.1" 200 11217
186.79.140.232 - - [13/Apr/2017:10:33:06 -0300] "POST /cormun/servlet/trlicencias?d3ea028516982f02efd22c66229b7dad,gx-no-cache=1492090450721 HTTP/1.1" 200 4074
186.79.140.232 - - [13/Apr/2017:10:33:06 -0300] "GET /cormun/static/Shared/jqueryui/images/ui-bg_highlight-soft_100_c6c2c8_1x100.png HTTP/1.1" 404 1117
186.79.140.232 - - [13/Apr/2017:10:33:06 -0300] "GET /cormun/static/Shared/jqueryui/images/ui-icons_82798d_256x240.png HTTP/1.1" 404 1089
186.79.140.232 - - [13/Apr/2017:10:33:06 -0300] "GET /cormun/static/Shared/jqueryui/images/ui-bg_flat_55_fafafa_40x100.png HTTP/1.1" 404 1097
186.79.140.232 - - [13/Apr/2017:10:33:06 -0300] "GET /cormun/static/Shared/jqueryui/images/ui-icons_8d78a5_256x240.png HTTP/1.1" 404 1089
192.168.10.13 - - [13/Apr/2017:10:33:43 -0300] "GET / HTTP/1.1" 200 11217
186.103.159.46 - - [13/Apr/2017:10:34:10 -0300] "POST /cormun/servlet/hlogin?b816f82d509b7c08d02f6851ad65f1c6,gx-no-cache=1492090515534 HTTP/1.1" 200 90
186.103.159.46 - - [13/Apr/2017:10:34:10 -0300] "GET /cormun/servlet/hpexe_link HTTP/1.1" 200 952
186.103.159.46 - - [13/Apr/2017:10:34:10 -0300] "GET /cormun/servlet/hhome HTTP/1.1" 200 3783
186.103.159.46 - - [13/Apr/2017:10:34:12 -0300] "GET /cormun/servlet/hhome HTTP/1.1" 200 3780
192.168.10.13 - - [13/Apr/2017:10:34:43 -0300] "GET / HTTP/1.1" 200 11217
186.103.159.46 - - [13/Apr/2017:10:34:44 -0300] "GET /cormun/servlet/trpermisosgoce? HTTP/1.1" 200 13042
186.103.159.46 - - [13/Apr/2017:10:34:46 -0300] "GET /cormun/servlet/trpermisosgoce? HTTP/1.1" 200 13040
186.103.159.44 - - [13/Apr/2017:10:34:50 -0300] "POST /cormun/servlet/solicitudot?gx-no-cache=1492077010714 HTTP/1.1" 200 3186
190.45.55.254 - - [13/Apr/2017:10:34:50 -0300] "GET /cormun/servlet/hlogin HTTP/1.1" 200 1718
186.103.159.44 - - [13/Apr/2017:10:34:50 -0300] "POST /cormun/servlet/solicitudot?054019c1e98afefd312e204ca037f701,INS,0,0,,gx-no-cache=1492077011118 HTTP/1.1" 200 9768
190.45.55.254 - - [13/Apr/2017:10:34:51 -0300] "POST /cormun/servlet/hlogin?13142ac6f3773f54dc06f277b787d2dd,gx-no-cache=1492090559495 HTTP/1.1" 200 90
190.45.55.254 - - [13/Apr/2017:10:34:51 -0300] "GET /cormun/servlet/hpexe_link HTTP/1.1" 200 948
190.45.55.254 - - [13/Apr/2017:10:34:52 -0300] "GET /cormun/servlet/hhome HTTP/1.1" 200 4109
190.45.55.254 - - [13/Apr/2017:10:34:52 -0300] "GET /cormun/servlet/hhome HTTP/1.1" 200 4107
186.103.159.46 - - [13/Apr/2017:10:34:52 -0300] "GET /cormun/servlet/permisogoce?INS,0,,, HTTP/1.1" 200 6552
186.103.159.46 - - [13/Apr/2017:10:34:53 -0300] "GET /cormun/static/gxcfg.js?201741111325459 HTTP/1.1" 304 -
186.103.159.46 - - [13/Apr/2017:10:34:53 -0300] "GET /cormun/static/permisogoce.js?20174111132557 HTTP/1.1" 304 -
186.103.159.46 - - [13/Apr/2017:10:34:54 -0300] "GET /cormun/servlet/permisogoce?INS,0,,, HTTP/1.1" 200 6552
186.103.159.44 - - [13/Apr/2017:10:34:54 -0300] "GET /cormun/servlet/solicitudot?39f46c07b40d256cd68c28ec410bdca3cccac128634310ed52e101c037bdf0596e9659238b054e27ae140c00a2958917,gx-no-cache=1492077015545 HTTP/1.1" 200 30
186.103.159.44 - - [13/Apr/2017:10:34:54 -0300] "POST /cormun/servlet/solicitudot?gx-no-cache=1492077015618 HTTP/1.1" 200 240
186.103.159.44 - - [13/Apr/2017:10:34:55 -0300] "GET /cormun/servlet/solicitudot?39f46c07b40d256cd68c28ec410bdca3544e0d482f2f14ed5d296acd9a9d16627978fb7f2d82a902e356a756b92969f1ed32d11831f3a6f76575d75eef6c9099184530af87f59d0151cf9df0477e6e4023651aa80b9ea41e5dbcb438e681b82fc0b38e93b9533d81fbfb67883a8225f518f84b01b30dcc894e96250f2ca8eef090416b4c3b84d281004da748e3d1370320fe18d72b893a5f6212e668f6cea928bfa3cc03a854ea9ebe746b6934783bcb8957d26182d239901074e0a37854875dd0222392f5c3a9918ba5542d1bc212853351cf5c3389790c7d5b98a7fb361cb1eabbff53e3a9024d689056950504d725018599b6eb680a2af2b61e41d6c1808b5dfa5d80b2f2cb41e535c5902a59ead6439ae29173dad61912336c51cfe38c2974f2f0cd6acb5cc5f9df315eb90c17c0a7e201d1688432d7d799fc35ac42e75cf75a702d472fa200a4bb61c7f2a6c2b659bee4875e953f7d617935018c59c81b646dafb5bd3ca93ab4d6e374e612f42c4133de924fcf8e0bee55de5be2f1bffa,gx-no-cache=1492077015679 HTTP/1.1" 200 30
190.45.55.254 - - [13/Apr/2017:10:34:57 -0300] "GET /cormun/servlet/trrenuncias? HTTP/1.1" 200 6862
190.45.55.254 - - [13/Apr/2017:10:34:57 -0300] "GET /cormun/static/gxcfg.js?201731711553383 HTTP/1.1" 200 953
190.45.55.254 - - [13/Apr/2017:10:34:57 -0300] "GET /cormun/static/trrenuncias.js?201731711553833 HTTP/1.1" 200 28329
190.45.55.254 - - [13/Apr/2017:10:34:58 -0300] "GET /cormun/servlet/trrenuncias? HTTP/1.1" 200 6861
190.45.55.254 - - [13/Apr/2017:10:35:01 -0300] "GET /cormun/servlet/renuncias?INS,0, HTTP/1.1" 200 6229
190.45.55.254 - - [13/Apr/2017:10:35:01 -0300] "GET /cormun/static/gxcfg.js?20173291217350 HTTP/1.1" 200 953
190.45.55.254 - - [13/Apr/2017:10:35:01 -0300] "GET /cormun/static/renuncias.js?20173291217362 HTTP/1.1" 200 14101
190.45.55.254 - - [13/Apr/2017:10:35:02 -0300] "GET /cormun/servlet/renuncias?INS,0, HTTP/1.1" 200 6230
190.45.55.254 - - [13/Apr/2017:10:35:10 -0300] "GET /cormun/servlet/trrenuncias? HTTP/1.1" 200 6863
190.45.55.254 - - [13/Apr/2017:10:35:11 -0300] "GET /cormun/servlet/trrenuncias? HTTP/1.1" 200 6861
190.45.55.254 - - [13/Apr/2017:10:35:12 -0300] "GET /cormun/servlet/renuncias?INS,0, HTTP/1.1" 200 6229
190.45.55.254 - - [13/Apr/2017:10:35:13 -0300] "GET /cormun/servlet/renuncias?INS,0, HTTP/1.1" 200 6230
190.45.55.254 - - [13/Apr/2017:10:35:17 -0300] "GET /cormun/servlet/renuncias?6fe027e9780b82062bdb4a06e150ae5968f251a0b257d5f541d52dfe8e900d36494aa364001e47ae6bfb3c4e5d55ab31,gx-no-cache=1492090585158 HTTP/1.1" 200 33
190.45.55.254 - - [13/Apr/2017:10:35:36 -0300] "GET /cormun/servlet/renuncias?6fe027e9780b82062bdb4a06e150ae59669b11bd172ef37336fddadc8b5a55443fc7ad0e23264c9c2be0eb908a5ce404,gx-no-cache=1492090603983 HTTP/1.1" 200 194
190.45.55.254 - - [13/Apr/2017:10:35:36 -0300] "GET /cormun/static/Shared/jqueryui/images/ui-bg_highlight-soft_100_c6c2c8_1x100.png HTTP/1.1" 404 1117
190.45.55.254 - - [13/Apr/2017:10:35:36 -0300] "GET /cormun/static/Shared/jqueryui/images/ui-icons_82798d_256x240.png HTTP/1.1" 404 1089
190.45.55.254 - - [13/Apr/2017:10:35:36 -0300] "GET /cormun/static/Shared/jqueryui/images/ui-bg_flat_55_994d53_40x100.png HTTP/1.1" 404 1097
190.45.55.254 - - [13/Apr/2017:10:35:36 -0300] "GET /cormun/static/Shared/jqueryui/images/ui-icons_ebccce_256x240.png HTTP/1.1" 404 1089
192.168.10.13 - - [13/Apr/2017:10:35:43 -0300] "GET / HTTP/1.1" 200 11217
186.103.159.44 - - [13/Apr/2017:10:35:52 -0300] "POST /cormun/servlet/solicitudot?gx-no-cache=1492077073203 HTTP/1.1" 200 30
186.103.159.44 - - [13/Apr/2017:10:35:59 -0300] "GET /cormun/servlet/prcontratosol?17234536,,,,,MD,,gxPopupLevel%3D0%3B HTTP/1.1" 200 5928
186.103.159.44 - - [13/Apr/2017:10:36:07 -0300] "POST /cormun/servlet/solicitudot?gx-no-cache=1492077088646 HTTP/1.1" 200 1372
186.103.159.44 - - [13/Apr/2017:10:36:08 -0300] "POST /cormun/servlet/solicitudot?gx-no-cache=1492077088829 HTTP/1.1" 200 117
186.103.159.44 - - [13/Apr/2017:10:36:08 -0300] "GET /cormun/servlet/solicitudot?39f46c07b40d256cd68c28ec410bdca3d7c06e9bd7d4b1c88c89e5afe9c424f382926cc01efa3b4246782a622994d576878f6f42e00a7b0bbad3441d9c765becc40bce2d7f154b80dba5b7e8358ebaa66630dacca805f590c339a33a132a38c047d05f9a2d7b55fd3fbc0a5e56772fed630d1a70bac3ec16f174d0e53650a9112c7519212d0e965362ae22d9ec6342cdcc6eb2ce28fd4aafb00ddc7f5b9afa88,gx-no-cache=1492077088898 HTTP/1.1" 200 29
186.103.159.44 - - [13/Apr/2017:10:36:08 -0300] "GET /cormun/servlet/solicitudot?39f46c07b40d256cd68c28ec410bdca3ae81ba89c13d1b3fce279432c4e236458cac682815f9eb886e04699719a64e0176a73db5bd34464c52dd173167a11c597becfdb58e29fda4f4b48613170e15085b664c5e6c0cb443c7d2ccc03f38ec5bac62a7cca8d02d8bd68bcc469ae442651f4c21e8bee08edfc235ddd4288195df3449cad02750d684a703b746b81f9cbb8310b85660ba6604d6a34010cde7b523,gx-no-cache=1492077089254 HTTP/1.1" 200 57
186.103.159.44 - - [13/Apr/2017:10:36:09 -0300] "GET /cormun/servlet/solicitudot?39f46c07b40d256cd68c28ec410bdca30883cb3a3ff7a477e89ffeb1be99667c8cac682815f9eb886e04699719a64e0176a73db5bd34464c52dd173167a11c59c94197c26b8447e9ddf0c681d1b55ead53552cce5ff3c9b9781840d1d89886f5a997e9c089d431dfabb167f36385badc8355a06960e1fd84db7ab769ed270cf7,gx-no-cache=1492077089617 HTTP/1.1" 200 57
186.103.159.44 - - [13/Apr/2017:10:36:09 -0300] "GET /cormun/static/Shared/jqueryui/images/ui-bg_highlight-soft_100_c6c2c8_1x100.png HTTP/1.1" 404 1117
186.103.159.44 - - [13/Apr/2017:10:36:09 -0300] "GET /cormun/static/Shared/jqueryui/images/ui-bg_flat_55_994d53_40x100.png HTTP/1.1" 404 1097
186.103.159.44 - - [13/Apr/2017:10:36:09 -0300] "GET /cormun/static/Shared/jqueryui/images/ui-icons_ebccce_256x240.png HTTP/1.1" 404 1089
186.103.159.44 - - [13/Apr/2017:10:36:09 -0300] "GET /cormun/static/Shared/jqueryui/images/ui-icons_82798d_256x240.png HTTP/1.1" 404 1089
186.103.159.46 - - [13/Apr/2017:10:36:11 -0300] "GET /cormun/servlet/permisogoce?0ed405ea3f0c2b126e955a7fb6e30cc707af28b1675af199cc28762956c2e5f6d54eef832157451d7f58c86000077729,gx-no-cache=1492090636529 HTTP/1.1" 200 79
186.103.159.46 - - [13/Apr/2017:10:36:11 -0300] "GET /cormun/static/menuarrow.gif HTTP/1.1" 404 1015
186.103.159.46 - - [13/Apr/2017:10:36:39 -0300] "GET /cormun/servlet/permisogoce?0ed405ea3f0c2b126e955a7fb6e30cc7c2fe62d75bbbdad871f9e3470de9a5ec5209aecd3131cec8da8ffadad5936502a9c12f2eb42b90d0306a2ff7bcad6e55,gx-no-cache=1492090663075 HTTP/1.1" 200 129
186.103.159.46 - - [13/Apr/2017:10:36:39 -0300] "GET /cormun/static/Shared/jqueryui/images/ui-bg_highlight-soft_100_c6c2c8_1x100.png HTTP/1.1" 404 1117
186.103.159.46 - - [13/Apr/2017:10:36:39 -0300] "GET /cormun/static/Shared/jqueryui/images/ui-bg_flat_55_994d53_40x100.png HTTP/1.1" 404 1097
186.103.159.46 - - [13/Apr/2017:10:36:39 -0300] "GET /cormun/static/Shared/jqueryui/images/ui-icons_82798d_256x240.png HTTP/1.1" 404 1089
186.103.159.46 - - [13/Apr/2017:10:36:39 -0300] "GET /cormun/static/Shared/jqueryui/images/ui-icons_ebccce_256x240.png HTTP/1.1" 404 1089
192.168.10.13 - - [13/Apr/2017:10:36:43 -0300] "GET / HTTP/1.1" 200 11217
200.86.10.241 - - [13/Apr/2017:10:36:49 -0300] "GET /cormun/servlet/hlogin HTTP/1.1" 200 1731
200.86.10.241 - - [13/Apr/2017:10:37:04 -0300] "POST /cormun/servlet/hlogin?8eaab8ce5584a1b394cb855f1c51d8e9,gx-no-cache=1492090689180 HTTP/1.1" 200 90
200.86.10.241 - - [13/Apr/2017:10:37:04 -0300] "GET /cormun/servlet/hpexe_link HTTP/1.1" 200 955
200.86.10.241 - - [13/Apr/2017:10:37:04 -0300] "GET /cormun/static/hpexe_link.js?201731711483384 HTTP/1.1" 200 625
200.86.10.241 - - [13/Apr/2017:10:37:04 -0300] "GET /cormun/servlet/hhome HTTP/1.1" 200 3786
200.86.10.241 - - [13/Apr/2017:10:37:05 -0300] "GET /cormun/servlet/hhome HTTP/1.1" 200 3782
200.86.10.241 - - [13/Apr/2017:10:37:15 -0300] "GET /cormun/servlet/trpermisosgoce? HTTP/1.1" 200 8760
200.86.10.241 - - [13/Apr/2017:10:37:15 -0300] "GET /cormun/static/gxcfg.js?20174111153177 HTTP/1.1" 200 953
200.86.10.241 - - [13/Apr/2017:10:37:16 -0300] "GET /cormun/static/trpermisosgoce.js?20174111153217 HTTP/1.1" 200 32899
200.86.10.241 - - [13/Apr/2017:10:37:16 -0300] "GET /cormun/servlet/trpermisosgoce? HTTP/1.1" 200 8760
200.86.10.241 - - [13/Apr/2017:10:37:32 -0300] "GET /cormun/servlet/permisogoce?INS,0,,, HTTP/1.1" 200 6553
200.86.10.241 - - [13/Apr/2017:10:37:32 -0300] "GET /cormun/static/gxcfg.js?201741111325459 HTTP/1.1" 200 953
200.86.10.241 - - [13/Apr/2017:10:37:32 -0300] "GET /cormun/static/permisogoce.js?20174111132557 HTTP/1.1" 200 26619
200.86.10.241 - - [13/Apr/2017:10:37:32 -0300] "GET /cormun/servlet/permisogoce?INS,0,,, HTTP/1.1" 200 6552
186.103.159.46 - - [13/Apr/2017:10:37:33 -0300] "GET /cormun/servlet/permisogoce?0ed405ea3f0c2b126e955a7fb6e30cc7c2fe62d75bbbdad871f9e3470de9a5ec5209aecd3131cec8da8ffadad5936502a9c12f2eb42b90d0306a2ff7bcad6e55,gx-no-cache=1492090717230 HTTP/1.1" 200 129
200.86.10.241 - - [13/Apr/2017:10:37:43 -0300] "GET /cormun/servlet/prfichaempleado?,MD,,gxPopupLevel%3D0%3B HTTP/1.1" 200 8800
192.168.10.13 - - [13/Apr/2017:10:37:43 -0300] "GET / HTTP/1.1" 200 11217
200.86.10.241 - - [13/Apr/2017:10:37:53 -0300] "GET /cormun/servlet/permisogoce?6d4019a0971023f6d028688587535b6145034e758c1f34def3bc1f50bb4a9a4b7e5a7b10d3871889008c31ad83eea572,gx-no-cache=1492090738188 HTTP/1.1" 200 76
200.86.10.241 - - [13/Apr/2017:10:37:54 -0300] "GET /cormun/static/menuarrow.gif HTTP/1.1" 404 1015
200.86.10.241 - - [13/Apr/2017:10:37:59 -0300] "GET /cormun/servlet/permisogoce?6d4019a0971023f6d028688587535b61f7661329c00b250ac45c20d0c4da465897918ce24a8ff1b32d03ec0c2113e541b9b5ada21a19b564686afeca7bb519e7,gx-no-cache=1492090744631 HTTP/1.1" 200 47
200.86.10.241 - - [13/Apr/2017:10:38:18 -0300] "POST /cormun/servlet/permisogoce?8eaab8ce5584a1b394cb855f1c51d8e9,INS,0,,,,gx-no-cache=1492090763149 HTTP/1.1" 200 93
200.86.10.241 - - [13/Apr/2017:10:38:18 -0300] "GET /cormun/servlet/hpexe_return? HTTP/1.1" 200 1014
200.86.10.241 - - [13/Apr/2017:10:38:19 -0300] "GET /cormun/servlet/trpermisosgoce HTTP/1.1" 200 8962
200.86.10.241 - - [13/Apr/2017:10:38:19 -0300] "GET /cormun/servlet/trpermisosgoce HTTP/1.1" 200 8957
200.86.10.241 - - [13/Apr/2017:10:38:30 -0300] "GET /cormun/servlet/apermisogoceprn?10113000,P,20170413113253,PU HTTP/1.1" 200 1662
192.168.10.13 - - [13/Apr/2017:10:38:43 -0300] "GET / HTTP/1.1" 200 11217
186.103.159.44 - - [13/Apr/2017:10:38:52 -0300] "POST /cormun/servlet/solicitudot?gx-no-cache=1492077250217 HTTP/1.1" 200 1291
192.168.10.62 - - [13/Apr/2017:10:38:53 -0300] "POST /cormun/servlet/trsolicitudgral?06b6a8a1137976007a5fb87fd2c4e901,gx-no-cache=1492094008246 HTTP/1.1" 200 21317
192.168.10.62 - - [13/Apr/2017:10:38:58 -0300] "POST /cormun/servlet/trsolicitudgral?06b6a8a1137976007a5fb87fd2c4e901,gx-no-cache=1492094012544 HTTP/1.1" 200 21318
192.168.10.62 - - [13/Apr/2017:10:39:00 -0300] "POST /cormun/servlet/trsolicitudgral?06b6a8a1137976007a5fb87fd2c4e901,gx-no-cache=1492094014903 HTTP/1.1" 200 103
192.168.10.62 - - [13/Apr/2017:10:39:00 -0300] "GET /cormun/SolicitudGral-69.xls HTTP/1.1" 200 27648
186.103.159.46 - - [13/Apr/2017:10:39:05 -0300] "GET /cormun/servlet/permisogoce?0ed405ea3f0c2b126e955a7fb6e30cc7c2fe62d75bbbdad871f9e3470de9a5ec5209aecd3131cec8da8ffadad5936502a50bfc0065e1559ce9122146704ab8b7,gx-no-cache=1492090810108 HTTP/1.1" 200 48
186.103.159.46 - - [13/Apr/2017:10:39:37 -0300] "GET /cormun/servlet/permisogoce?0ed405ea3f0c2b126e955a7fb6e30cc7c2fe62d75bbbdad871f9e3470de9a5ec5209aecd3131cec8da8ffadad5936502bfc0e339609414355e72b5745abd3174379c5ffe16a7e5e8258125e5f135fab5,gx-no-cache=1492090842947 HTTP/1.1" 200 48
192.168.10.13 - - [13/Apr/2017:10:39:43 -0300] "GET / HTTP/1.1" 200 11217
186.103.159.44 - - [13/Apr/2017:10:40:02 -0300] "GET /cormun/static/menuarrow.gif HTTP/1.1" 404 1015
186.103.159.46 - - [13/Apr/2017:10:40:13 -0300] "POST /cormun/servlet/permisogoce?b816f82d509b7c08d02f6851ad65f1c6,INS,0,,,,gx-no-cache=1492090878003 HTTP/1.1" 200 93
186.103.159.46 - - [13/Apr/2017:10:40:13 -0300] "GET /cormun/servlet/hpexe_return? HTTP/1.1" 200 1009
186.103.159.46 - - [13/Apr/2017:10:40:13 -0300] "GET /cormun/static/Resources/Spanish/PXTools.css?167811 HTTP/1.1" 304 -
186.103.159.46 - - [13/Apr/2017:10:40:14 -0300] "GET /cormun/static/gxcfg.js?2016101716175148 HTTP/1.1" 304 -
186.103.159.46 - - [13/Apr/2017:10:40:14 -0300] "GET /cormun/static/hpexe_return.js?2016101716175153 HTTP/1.1" 304 -
186.103.159.46 - - [13/Apr/2017:10:40:14 -0300] "GET /cormun/servlet/trpermisosgoce HTTP/1.1" 200 13184
186.103.159.46 - - [13/Apr/2017:10:40:16 -0300] "GET /cormun/servlet/trpermisosgoce HTTP/1.1" 200 13187
186.103.159.44 - - [13/Apr/2017:10:40:23 -0300] "POST /cormun/servlet/solicitudot?gx-no-cache=1492077344416 HTTP/1.1" 200 118
186.103.159.44 - - [13/Apr/2017:10:40:40 -0300] "POST /cormun/servlet/solicitudot?gx-no-cache=1492077361283 HTTP/1.1" 200 118
192.168.10.13 - - [13/Apr/2017:10:40:43 -0300] "GET / HTTP/1.1" 200 11217
186.103.159.46 - - [13/Apr/2017:10:40:50 -0300] "GET /cormun/servlet/apermisogoceprn?7452197,P,20170413113448,PU HTTP/1.1" 200 1658
186.103.159.46 - - [13/Apr/2017:10:41:19 -0300] "GET /cormun/servlet/permisogoce?INS,0,,, HTTP/1.1" 200 6552
186.103.159.46 - - [13/Apr/2017:10:41:21 -0300] "GET /cormun/servlet/permisogoce?INS,0,,, HTTP/1.1" 200 6552
186.103.159.44 - - [13/Apr/2017:10:41:40 -0300] "GET /cormun/servlet/prlicenciaspermisos?14070981,L,,MD,,gxPopupLevel%3D0%3B HTTP/1.1" 200 6937
186.103.159.44 - - [13/Apr/2017:10:41:40 -0300] "GET /cormun/static/gxcfg.js?201741111445743 HTTP/1.1" 200 953
186.103.159.44 - - [13/Apr/2017:10:41:40 -0300] "GET /cormun/static/prlicenciaspermisos.js?201741111445890 HTTP/1.1" 200 13360
192.168.10.13 - - [13/Apr/2017:10:41:43 -0300] "GET / HTTP/1.1" 200 11217
186.103.159.46 - - [13/Apr/2017:10:42:07 -0300] "GET /cormun/servlet/permisogoce?0ed405ea3f0c2b126e955a7fb6e30cc7b47873368d8c8ba6b7fa0863a23d6dcad54eef832157451d7f58c86000077729,gx-no-cache=1492090991273 HTTP/1.1" 200 79
186.103.159.46 - - [13/Apr/2017:10:42:07 -0300] "GET /cormun/static/menuarrow.gif HTTP/1.1" 404 1015
186.103.159.46 - - [13/Apr/2017:10:42:13 -0300] "GET /cormun/servlet/permisogoce?0ed405ea3f0c2b126e955a7fb6e30cc79acf7ed1fdc630ac4e678f21925348d0eda4204c7f8937e93c61b713e322328ea50bfc0065e1559ce9122146704ab8b7,gx-no-cache=1492090998800 HTTP/1.1" 200 47
186.103.159.44 - - [13/Apr/2017:10:42:24 -0300] "POST /cormun/servlet/solicitudot?gx-no-cache=1492077464952 HTTP/1.1" 200 41
186.103.159.44 - - [13/Apr/2017:10:42:24 -0300] "POST /cormun/servlet/solicitudot?gx-no-cache=1492077465064 HTTP/1.1" 200 1273
186.103.159.44 - - [13/Apr/2017:10:42:24 -0300] "POST /cormun/servlet/solicitudot?gx-no-cache=1492077465169 HTTP/1.1" 200 1157
186.103.159.44 - - [13/Apr/2017:10:42:42 -0300] "GET /cormun/servlet/solicitudot?39f46c07b40d256cd68c28ec410bdca394e29fa04cd79a6f3322e604515497bbc5e6b8f5afbfef36c6b59bf04f9d3d7b95b774da5097bc7c09fad79d6a22724494fbbce600c1cb3dea00a7fc9a30b1393449cad02750d684a703b746b81f9cbb74636e07e52a05e7beec5da6d13712d1d0a0ac2b2133894fbb557c8a30ce6cf0553189d69645c3a5d632fe93b188d0658d28c4690f1bc7f1087330be761a7f84bf0c604cd772e90013844affb4a3bbb50e446e3cb44b2711f39f94c556ddf0d1,gx-no-cache=1492077482497 HTTP/1.1" 200 30
192.168.10.13 - - [13/Apr/2017:10:42:43 -0300] "GET / HTTP/1.1" 200 11217
186.103.159.46 - - [13/Apr/2017:10:42:47 -0300] "POST /cormun/servlet/permisogoce?b816f82d509b7c08d02f6851ad65f1c6,INS,0,,,,gx-no-cache=1492091031727 HTTP/1.1" 200 93
186.103.159.46 - - [13/Apr/2017:10:42:47 -0300] "GET /cormun/servlet/hpexe_return? HTTP/1.1" 200 1009
186.103.159.46 - - [13/Apr/2017:10:42:47 -0300] "GET /cormun/servlet/trpermisosgoce HTTP/1.1" 200 13388
186.103.159.46 - - [13/Apr/2017:10:42:49 -0300] "GET /cormun/servlet/trpermisosgoce HTTP/1.1" 200 13386
186.103.159.44 - - [13/Apr/2017:10:43:16 -0300] "POST /cormun/servlet/solicitudot?054019c1e98afefd312e204ca037f701,INS,0,0,,gx-no-cache=1492077516790 HTTP/1.1" 200 93
186.103.159.44 - - [13/Apr/2017:10:43:16 -0300] "GET /cormun/servlet/hpexe_return? HTTP/1.1" 200 1008
186.103.159.44 - - [13/Apr/2017:10:43:20 -0300] "GET /cormun/servlet/trsolicitudot HTTP/1.1" 200 8866
186.103.159.44 - - [13/Apr/2017:10:43:38 -0300] "GET /cormun/servlet/solicitudot?INS,0,0, HTTP/1.1" 200 12585
192.168.10.13 - - [13/Apr/2017:10:43:43 -0300] "GET / HTTP/1.1" 200 11217
186.103.159.44 - - [13/Apr/2017:10:44:04 -0300] "POST /cormun/servlet/solicitudot?gx-no-cache=1492077565133 HTTP/1.1" 200 3172
186.103.159.44 - - [13/Apr/2017:10:44:04 -0300] "POST /cormun/servlet/solicitudot?054019c1e98afefd312e204ca037f701,INS,0,0,,gx-no-cache=1492077565599 HTTP/1.1" 200 9779
186.103.159.44 - - [13/Apr/2017:10:44:34 -0300] "GET /cormun/servlet/solicitudot?39f46c07b40d256cd68c28ec410bdca3b8423222cdfb7ab62b622a3ef1bf2ae46e9659238b054e27ae140c00a2958917,gx-no-cache=1492077595238 HTTP/1.1" 200 30
186.103.159.44 - - [13/Apr/2017:10:44:34 -0300] "POST /cormun/servlet/solicitudot?gx-no-cache=1492077595372 HTTP/1.1" 200 255
186.103.159.44 - - [13/Apr/2017:10:44:34 -0300] "GET /cormun/servlet/solicitudot?39f46c07b40d256cd68c28ec410bdca3544e0d482f2f14ed5d296acd9a9d1662c5a962603c5215c6373ce7c8c5be46a3ed32d11831f3a6f76575d75eef6c9099184530af87f59d0151cf9df0477e6e4023651aa80b9ea41e5dbcb438e681b82fc0b38e93b9533d81fbfb67883a8225f518f84b01b30dcc894e96250f2ca8eef090416b4c3b84d281004da748e3d1370320fe18d72b893a5f6212e668f6cea928bfa3cc03a854ea9ebe746b6934783bcb8957d26182d239901074e0a37854875dd0222392f5c3a9918ba5542d1bc212853351cf5c3389790c7d5b98a7fb361cb1eabbff53e3a9024d689056950504d725018599b6eb680a2af2b61e41d6c1808b5dfa5d80b2f2cb41e535c5902a59ead68f25ee59001e93a3211cca15a45f958756361e5b7be5373d3f7ac50efba4016c904a035c027d114ad3a2883398d16595aac3a2a6efc6af9c8600e388031c70e7e233d0f3683bc1ac49a8cda37d771048e8e9629873d6525de044ec86279bc6eafe3b0374e278b0228d5aed4a506770d6,gx-no-cache=1492077595470 HTTP/1.1" 200 30
186.103.159.44 - - [13/Apr/2017:10:44:38 -0300] "POST /cormun/servlet/solicitudot?gx-no-cache=1492077599651 HTTP/1.1" 200 30
186.103.159.44 - - [13/Apr/2017:10:44:40 -0300] "GET /cormun/servlet/prcontratosol?16252434,,,,,MD,,gxPopupLevel%3D0%3B HTTP/1.1" 200 5929
192.168.10.13 - - [13/Apr/2017:10:44:43 -0300] "GET / HTTP/1.1" 200 11217
186.103.159.44 - - [13/Apr/2017:10:44:54 -0300] "POST /cormun/servlet/solicitudot?gx-no-cache=1492077614904 HTTP/1.1" 200 1291
186.103.159.44 - - [13/Apr/2017:10:44:54 -0300] "POST /cormun/servlet/solicitudot?gx-no-cache=1492077615217 HTTP/1.1" 200 38
186.103.159.44 - - [13/Apr/2017:10:44:54 -0300] "GET /cormun/servlet/solicitudot?39f46c07b40d256cd68c28ec410bdca3d7c06e9bd7d4b1c88c89e5afe9c424f382926cc01efa3b4246782a622994d576878f6f42e00a7b0bbad3441d9c765becc40bce2d7f154b80dba5b7e8358ebaa66630dacca805f590c339a33a132a38c047d05f9a2d7b55fd3fbc0a5e56772fed630d1a70bac3ec16f174d0e53650a9112c7519212d0e965362ae22d9ec6342cdcc6eb2ce28fd4aafb00ddc7f5b9afa88,gx-no-cache=1492077615272 HTTP/1.1" 200 29
186.103.159.44 - - [13/Apr/2017:10:44:54 -0300] "POST /cormun/servlet/solicitudot?gx-no-cache=1492077615640 HTTP/1.1" 200 1274
186.103.159.44 - - [13/Apr/2017:10:44:55 -0300] "POST /cormun/servlet/solicitudot?gx-no-cache=1492077615835 HTTP/1.1" 200 1157
186.103.159.44 - - [13/Apr/2017:10:45:31 -0300] "POST /cormun/servlet/solicitudot?gx-no-cache=1492077648789 HTTP/1.1" 200 1291
186.103.159.44 - - [13/Apr/2017:10:45:31 -0300] "POST /cormun/servlet/solicitudot?gx-no-cache=1492077652030 HTTP/1.1" 200 38
192.168.10.13 - - [13/Apr/2017:10:45:43 -0300] "GET / HTTP/1.1" 200 11217
186.103.159.44 - - [13/Apr/2017:10:45:56 -0300] "POST /cormun/servlet/solicitudot?gx-no-cache=1492077677632 HTTP/1.1" 200 1273
186.103.159.44 - - [13/Apr/2017:10:45:57 -0300] "POST /cormun/servlet/solicitudot?gx-no-cache=1492077677889 HTTP/1.1" 200 1157
186.79.74.147 - - [13/Apr/2017:10:45:57 -0300] "GET /cormun/servlet/hlogin HTTP/1.1" 200 1723
186.103.159.44 - - [13/Apr/2017:10:46:03 -0300] "GET /cormun/static/menuarrow.gif HTTP/1.1" 404 1015
186.79.74.147 - - [13/Apr/2017:10:46:07 -0300] "POST /cormun/servlet/hlogin?f2bc8b2c2a2d510bd3f44877301a0a4b,gx-no-cache=1492091228689 HTTP/1.1" 200 90
186.79.74.147 - - [13/Apr/2017:10:46:07 -0300] "GET /cormun/servlet/hpexe_link HTTP/1.1" 200 954
186.79.74.147 - - [13/Apr/2017:10:46:07 -0300] "GET /cormun/servlet/hhome HTTP/1.1" 200 3743
186.79.74.147 - - [13/Apr/2017:10:46:10 -0300] "GET /cormun/servlet/hhome HTTP/1.1" 200 3740
186.79.74.147 - - [13/Apr/2017:10:46:19 -0300] "GET /cormun/servlet/trsolicitudot? HTTP/1.1" 200 6683
186.79.74.147 - - [13/Apr/2017:10:46:19 -0300] "GET /cormun/static/gxcfg.js?201731711505139 HTTP/1.1" 200 953
186.79.74.147 - - [13/Apr/2017:10:46:19 -0300] "GET /cormun/static/trsolicitudot.js?20173171151116 HTTP/1.1" 304 -
186.79.74.147 - - [13/Apr/2017:10:46:20 -0300] "GET /cormun/servlet/trsolicitudot? HTTP/1.1" 200 6682
157.55.39.58 - - [13/Apr/2017:10:46:24 -0300] "GET /cormun/servlet/trlicenciaspermisosadjuntos?210940820,20170316000000,L, HTTP/1.1" 200 5430
186.79.74.147 - - [13/Apr/2017:10:46:26 -0300] "GET /cormun/servlet/solicitudot?INS,0,0, HTTP/1.1" 200 12537
186.79.74.147 - - [13/Apr/2017:10:46:26 -0300] "GET /cormun/static/gxcfg.js?20171191042720 HTTP/1.1" 200 953
186.79.74.147 - - [13/Apr/2017:10:46:27 -0300] "GET /cormun/static/solicitudot.js?2017119104297 HTTP/1.1" 200 63948
186.79.74.147 - - [13/Apr/2017:10:46:28 -0300] "GET /cormun/servlet/solicitudot?INS,0,0, HTTP/1.1" 200 12542
186.79.140.232 - - [13/Apr/2017:10:46:40 -0300] "GET /cormun/servlet/trpermisosgoce? HTTP/1.1" 200 9815
186.79.140.232 - - [13/Apr/2017:10:46:40 -0300] "GET /cormun/static/gxcfg.js?20174111153177 HTTP/1.1" 200 953
186.79.140.232 - - [13/Apr/2017:10:46:40 -0300] "GET /cormun/static/trpermisosgoce.js?20174111153217 HTTP/1.1" 200 32899
186.79.140.232 - - [13/Apr/2017:10:46:41 -0300] "GET /cormun/servlet/trpermisosgoce? HTTP/1.1" 200 9803
192.168.10.13 - - [13/Apr/2017:10:46:43 -0300] "GET / HTTP/1.1" 200 11217
186.79.140.232 - - [13/Apr/2017:10:46:44 -0300] "GET /cormun/servlet/permisogoce?INS,0,,, HTTP/1.1" 200 6576
186.79.140.232 - - [13/Apr/2017:10:46:44 -0300] "GET /cormun/static/gxcfg.js?201741111325459 HTTP/1.1" 200 953
186.79.140.232 - - [13/Apr/2017:10:46:44 -0300] "GET /cormun/static/permisogoce.js?20174111132557 HTTP/1.1" 200 26619
186.79.140.232 - - [13/Apr/2017:10:46:44 -0300] "GET /cormun/servlet/permisogoce?INS,0,,, HTTP/1.1" 200 6576
186.103.158.250 - - [13/Apr/2017:10:46:47 -0300] "POST /cormun/servlet/hlogin?21d92cc9f7b5e23b75240e9af6d56f94,gx-no-cache=1492094750354 HTTP/1.1" 440 972
186.103.159.44 - - [13/Apr/2017:10:47:00 -0300] "GET /cormun/servlet/solicitudot?39f46c07b40d256cd68c28ec410bdca3130d84d2e209a5e0eb09bcf987c83fa84e525c4c8d91280af86773bf2130dc248474660d27eac46269bc6f73b075bd0a559c729b2166c4a14ec904bf9c5565dcaff3647342a30730d13c15996d4e8ae5106573dfb39636d3041cf9e308145a819272c8d3496fb35d7377efb7f0e0f5e84b35512c3e8a1c2185c831a916002ee05c1e6785379493d3d46377f6a9ee517e69f6fff238372a416db65cc21d4729ef,gx-no-cache=1492077740702 HTTP/1.1" 200 30
186.79.74.147 - - [13/Apr/2017:10:47:02 -0300] "GET /cormun/servlet/prfichaempleado?,MD,,gxPopupLevel%3D0%3B HTTP/1.1" 200 8755
186.103.158.250 - - [13/Apr/2017:10:47:04 -0300] "POST /cormun/servlet/trsolicitudot?21d92cc9f7b5e23b75240e9af6d56f94,,gx-no-cache=1492094767411 HTTP/1.1" 440 972
186.103.158.250 - - [13/Apr/2017:10:47:07 -0300] "GET /cormun/servlet/trsolicitudot? HTTP/1.1" 200 6080
186.103.158.250 - - [13/Apr/2017:10:47:09 -0300] "GET /cormun/servlet/trsolicitudot? HTTP/1.1" 200 6080
186.103.158.250 - - [13/Apr/2017:10:47:09 -0300] "GET /cormun/servlet/hlogin HTTP/1.1" 200 1742
186.79.74.147 - - [13/Apr/2017:10:47:21 -0300] "POST /cormun/servlet/prfichaempleado?f2bc8b2c2a2d510bd3f44877301a0a4b,,MD,,gxPopupLevel%3D0%3B,gx-no-cache=1492091302292 HTTP/1.1" 200 3394
186.103.158.250 - - [13/Apr/2017:10:47:21 -0300] "POST /cormun/servlet/hlogin?0054b40ab14ac88d8b7791427410bdd6,gx-no-cache=1492094784848 HTTP/1.1" 200 90
186.103.158.250 - - [13/Apr/2017:10:47:21 -0300] "GET /cormun/servlet/hpexe_link HTTP/1.1" 200 961
186.103.158.250 - - [13/Apr/2017:10:47:21 -0300] "GET /cormun/servlet/trsolicitudot HTTP/1.1" 200 7909
186.103.158.250 - - [13/Apr/2017:10:47:22 -0300] "GET /cormun/servlet/trsolicitudot HTTP/1.1" 200 7907
186.103.158.250 - - [13/Apr/2017:10:47:26 -0300] "POST /cormun/servlet/trsolicitudot?0054b40ab14ac88d8b7791427410bdd6,gx-no-cache=1492094789471 HTTP/1.1" 200 5068
186.103.158.250 - - [13/Apr/2017:10:47:26 -0300] "GET /cormun/static/Shared/jqueryui/images/ui-bg_highlight-soft_100_c6c2c8_1x100.png HTTP/1.1" 404 1117
186.103.158.250 - - [13/Apr/2017:10:47:26 -0300] "GET /cormun/static/Shared/jqueryui/images/ui-icons_82798d_256x240.png HTTP/1.1" 404 1089
186.103.158.250 - - [13/Apr/2017:10:47:26 -0300] "GET /cormun/static/Shared/jqueryui/images/ui-bg_flat_55_fafafa_40x100.png HTTP/1.1" 404 1097
186.103.158.250 - - [13/Apr/2017:10:47:26 -0300] "GET /cormun/static/Shared/jqueryui/images/ui-icons_8d78a5_256x240.png HTTP/1.1" 404 1089
186.79.74.147 - - [13/Apr/2017:10:47:34 -0300] "POST /cormun/servlet/solicitudot?gx-no-cache=1492091315198 HTTP/1.1" 200 3197
186.79.74.147 - - [13/Apr/2017:10:47:34 -0300] "POST /cormun/servlet/solicitudot?f2bc8b2c2a2d510bd3f44877301a0a4b,INS,0,0,,gx-no-cache=1492091315747 HTTP/1.1" 200 9792
186.103.158.250 - - [13/Apr/2017:10:47:38 -0300] "GET /cormun/servlet/hlogin HTTP/1.1" 200 1724
186.79.74.147 - - [13/Apr/2017:10:47:38 -0300] "GET /cormun/servlet/solicitudot?3e6b20c60945e8db0043b4feff83e956fb468eb85aaf54b7b684b3aab848d44b857feb385cd67c5ce23fed054c1f0247,gx-no-cache=1492091320203 HTTP/1.1" 200 30
186.79.74.147 - - [13/Apr/2017:10:47:39 -0300] "POST /cormun/servlet/solicitudot?gx-no-cache=1492091320345 HTTP/1.1" 200 255
186.79.74.147 - - [13/Apr/2017:10:47:39 -0300] "GET /cormun/servlet/solicitudot?3e6b20c60945e8db0043b4feff83e956e4b48db09557d1405ac8a81b3315adaddaeee20f1acb793e8579e914d20d689149af66495d7e80d603e8837f5272954fa28561b8878e422a2f23e9c03375261c5965b7f0bec35b73fc3b0cb390db837cd433287960a06d9f9f8df62f88b0f366e03fee44aef9037d360f87631f5bdb1135ec6c29ac107747f509757795f66c65928f7967e0a7a8436047a4c946d513b1edd04374c27c55ae4d0d0f30e2dc7ca4681206e2b9cd34f9b35cdc98d66cbcf25672256bd3ed9be50584d39a7f7d7ef304d04f7496151f296b93f8ffaa8f58bfbf12e24210651081c029e9eae402a9756720c7dbee02ae32e0a06f3c68030b41b17ebeac9a1ce7a674e6807390cd9535d1cf5fa23fec0912baf8d3376b5f074860e8aba531d3dee869e7f80605c52584ef4654a5e0b1a488a7669402f9cdd4f23ea98a4f3b40a36e0e89503133609d0dd76b01210ffc2c7fca7d898fdffefaba16d2b280038642fc88045d4819f4de5a8a8b003d95ffd0bde31112ad2967e71c,gx-no-cache=1492091320493 HTTP/1.1" 200 30
192.168.10.13 - - [13/Apr/2017:10:47:43 -0300] "GET / HTTP/1.1" 200 11217
186.103.158.250 - - [13/Apr/2017:10:47:53 -0300] "POST /cormun/servlet/hlogin?0054b40ab14ac88d8b7791427410bdd6,gx-no-cache=1492094816537 HTTP/1.1" 200 428
186.79.74.147 - - [13/Apr/2017:10:47:56 -0300] "POST /cormun/servlet/solicitudot?gx-no-cache=1492091337529 HTTP/1.1" 200 30
186.103.158.250 - - [13/Apr/2017:10:48:04 -0300] "POST /cormun/servlet/hlogin?0054b40ab14ac88d8b7791427410bdd6,gx-no-cache=1492094827438 HTTP/1.1" 200 90
186.103.158.250 - - [13/Apr/2017:10:48:04 -0300] "GET /cormun/servlet/hpexe_link HTTP/1.1" 200 955
186.103.158.250 - - [13/Apr/2017:10:48:04 -0300] "GET /cormun/servlet/hhome HTTP/1.1" 200 3968
186.103.158.250 - - [13/Apr/2017:10:48:06 -0300] "GET /cormun/servlet/hhome HTTP/1.1" 200 3964
186.103.158.250 - - [13/Apr/2017:10:48:06 -0300] "GET /cormun/static/SmoothNavMenu/resources/images/right.gif HTTP/1.1" 200 860
186.79.74.147 - - [13/Apr/2017:10:48:08 -0300] "GET /cormun/servlet/prcontratosol?7186906,,,,,MD,,gxPopupLevel%3D0%3B HTTP/1.1" 200 5884
186.79.74.147 - - [13/Apr/2017:10:48:08 -0300] "GET /cormun/static/gxcfg.js?201731711522183 HTTP/1.1" 200 953
186.79.74.147 - - [13/Apr/2017:10:48:08 -0300] "GET /cormun/static/prcontratosol.js?201731711522419 HTTP/1.1" 200 14084
186.79.74.147 - - [13/Apr/2017:10:48:08 -0300] "GET /cormun/static/Resources/PXToolsGridFirst.gif HTTP/1.1" 200 379
186.79.74.147 - - [13/Apr/2017:10:48:08 -0300] "GET /cormun/static/Resources/PXToolsGridNext.gif HTTP/1.1" 200 369
186.79.74.147 - - [13/Apr/2017:10:48:08 -0300] "GET /cormun/static/Resources/PXToolsGridLast.gif HTTP/1.1" 200 370
186.79.74.147 - - [13/Apr/2017:10:48:08 -0300] "GET /cormun/static/Resources/PXToolsGridPrevious.gif HTTP/1.1" 200 369
186.103.159.230 - - [13/Apr/2017:10:48:11 -0300] "POST /cormun/servlet/solicitudot?a2553c59b49c7db23ca5ab57a2bb4d8a,INS,0,0,,gx-no-cache=1492091352702 HTTP/1.1" 440 972
186.79.74.147 - - [13/Apr/2017:10:48:13 -0300] "POST /cormun/servlet/solicitudot?gx-no-cache=1492091354509 HTTP/1.1" 200 1291
186.79.74.147 - - [13/Apr/2017:10:48:13 -0300] "POST /cormun/servlet/solicitudot?gx-no-cache=1492091354687 HTTP/1.1" 200 38
186.79.74.147 - - [13/Apr/2017:10:48:13 -0300] "GET /cormun/servlet/solicitudot?3e6b20c60945e8db0043b4feff83e956d1d6c74add2ce7803c20a549507be396c4c362826720be0c71f760b07691e5b928b208fdf22f135020fd13a80eb996dda544ac417c783b4adb30f8fac8b958cd90a6ff4d0c4f0f346873dd8804396d511f8ce1fa0b81027916039bb8062a625ce1cead921fc2476ab1f74a40451d51f49e278302f2f9642a1499c8c927844379522cf26e20519c8e01c46fb8c6a91e6ee82581eff990eadf2ee58c54730eee5f34a36624c757d91ba1cd3d8a5d5d6f43342cda5fe3e72840b6cb0fcd233dc749,gx-no-cache=1492091354807 HTTP/1.1" 200 29
186.79.74.147 - - [13/Apr/2017:10:48:13 -0300] "POST /cormun/servlet/solicitudot?gx-no-cache=1492091354936 HTTP/1.1" 200 1274
186.79.74.147 - - [13/Apr/2017:10:48:13 -0300] "POST /cormun/servlet/solicitudot?gx-no-cache=1492091355133 HTTP/1.1" 200 1156
186.103.158.250 - - [13/Apr/2017:10:48:14 -0300] "GET /cormun/servlet/trsolicitudot? HTTP/1.1" 200 8244
186.103.158.250 - - [13/Apr/2017:10:48:15 -0300] "GET /cormun/servlet/trsolicitudot? HTTP/1.1" 200 8241
186.103.159.230 - - [13/Apr/2017:10:48:17 -0300] "GET /cormun/servlet/solicitudot?INS,0,0, HTTP/1.1" 200 11944
186.103.159.230 - - [13/Apr/2017:10:48:17 -0300] "GET /cormun/servlet/solicitudot?INS,0,0, HTTP/1.1" 200 11944
186.103.159.230 - - [13/Apr/2017:10:48:17 -0300] "GET /cormun/servlet/hlogin HTTP/1.1" 200 1741
186.103.159.44 - - [13/Apr/2017:10:48:18 -0300] "POST /cormun/servlet/solicitudot?054019c1e98afefd312e204ca037f701,INS,0,0,,gx-no-cache=1492077818909 HTTP/1.1" 200 11120
186.103.159.44 - - [13/Apr/2017:10:48:18 -0300] "GET /cormun/static/Shared/jqueryui/images/ui-bg_highlight-soft_100_c6c2c8_1x100.png HTTP/1.1" 404 1117
186.103.159.44 - - [13/Apr/2017:10:48:18 -0300] "GET /cormun/static/Shared/jqueryui/images/ui-icons_ebccce_256x240.png HTTP/1.1" 404 1089
186.103.159.44 - - [13/Apr/2017:10:48:18 -0300] "GET /cormun/static/Shared/jqueryui/images/ui-icons_82798d_256x240.png HTTP/1.1" 404 1089
186.103.159.44 - - [13/Apr/2017:10:48:18 -0300] "GET /cormun/static/Shared/jqueryui/images/ui-bg_flat_55_994d53_40x100.png HTTP/1.1" 404 1097
186.103.158.250 - - [13/Apr/2017:10:48:21 -0300] "POST /cormun/servlet/trsolicitudot?0054b40ab14ac88d8b7791427410bdd6,,gx-no-cache=1492094845237 HTTP/1.1" 200 105
186.103.158.250 - - [13/Apr/2017:10:48:22 -0300] "GET /cormun/servlet/solicitudot?DLT,2017,6016, HTTP/1.1" 200 9594
186.103.158.250 - - [13/Apr/2017:10:48:22 -0300] "GET /cormun/static/gxcfg.js?20171191042720 HTTP/1.1" 304 -
186.103.158.250 - - [13/Apr/2017:10:48:23 -0300] "GET /cormun/static/Shared/jqueryui/images/ui-bg_highlight-soft_100_c6c2c8_1x100.png HTTP/1.1" 404 1117
186.103.158.250 - - [13/Apr/2017:10:48:23 -0300] "GET /cormun/static/Shared/jqueryui/images/ui-icons_82798d_256x240.png HTTP/1.1" 404 1089
186.103.158.250 - - [13/Apr/2017:10:48:23 -0300] "GET /cormun/static/Shared/jqueryui/images/ui-bg_flat_55_fafafa_40x100.png HTTP/1.1" 404 1097
186.103.158.250 - - [13/Apr/2017:10:48:23 -0300] "GET /cormun/static/Shared/jqueryui/images/ui-icons_8d78a5_256x240.png HTTP/1.1" 404 1089
186.103.158.250 - - [13/Apr/2017:10:48:23 -0300] "GET /cormun/servlet/solicitudot?DLT,2017,6016, HTTP/1.1" 200 9603
186.103.158.250 - - [13/Apr/2017:10:48:28 -0300] "POST /cormun/servlet/solicitudot?0054b40ab14ac88d8b7791427410bdd6,DLT,2017,6016,,gx-no-cache=1492094851565 HTTP/1.1" 200 93
186.103.158.250 - - [13/Apr/2017:10:48:28 -0300] "GET /cormun/servlet/hpexe_return? HTTP/1.1" 200 1015
186.103.158.250 - - [13/Apr/2017:10:48:28 -0300] "GET /cormun/static/Resources/Spanish/PXTools.css?167811 HTTP/1.1" 304 -
186.103.158.250 - - [13/Apr/2017:10:48:28 -0300] "GET /cormun/static/gxcfg.js?2016101716175148 HTTP/1.1" 304 -
186.103.158.250 - - [13/Apr/2017:10:48:28 -0300] "GET /cormun/static/hpexe_return.js?2016101716175153 HTTP/1.1" 304 -
186.103.158.250 - - [13/Apr/2017:10:48:28 -0300] "GET /cormun/servlet/trsolicitudot HTTP/1.1" 200 6944
186.103.158.250 - - [13/Apr/2017:10:48:29 -0300] "GET /cormun/servlet/trsolicitudot HTTP/1.1" 200 6940
186.103.159.230 - - [13/Apr/2017:10:48:31 -0300] "POST /cormun/servlet/hlogin?8026bc0eae6b72cf867c50878a9db4ce,gx-no-cache=1492091372885 HTTP/1.1" 200 90
186.103.159.230 - - [13/Apr/2017:10:48:31 -0300] "GET /cormun/servlet/hpexe_link HTTP/1.1" 200 960
186.103.159.230 - - [13/Apr/2017:10:48:31 -0300] "GET /cormun/servlet/solicitudot?INS,0,0, HTTP/1.1" 200 12602
186.103.159.230 - - [13/Apr/2017:10:48:32 -0300] "GET /cormun/servlet/solicitudot?INS,0,0, HTTP/1.1" 200 12607
186.103.158.250 - - [13/Apr/2017:10:48:37 -0300] "POST /cormun/servlet/trsolicitudot?0054b40ab14ac88d8b7791427410bdd6,gx-no-cache=1492094860299 HTTP/1.1" 200 4155
186.103.158.250 - - [13/Apr/2017:10:48:41 -0300] "GET /cormun/servlet/hlogin HTTP/1.1" 200 1742
192.168.10.13 - - [13/Apr/2017:10:48:43 -0300] "GET / HTTP/1.1" 200 11217
186.103.159.44 - - [13/Apr/2017:10:48:50 -0300] "POST /cormun/servlet/solicitudot?054019c1e98afefd312e204ca037f701,INS,0,0,,gx-no-cache=1492077851128 HTTP/1.1" 200 11169
186.79.74.147 - - [13/Apr/2017:10:48:55 -0300] "GET /cormun/servlet/solicitudot?3e6b20c60945e8db0043b4feff83e956d1d6c74add2ce7803c20a549507be396c4c362826720be0c71f760b07691e5b915510e98de65226740f1a556cffdbcb4a544ac417c783b4adb30f8fac8b958cd90a6ff4d0c4f0f346873dd8804396d511f8ce1fa0b81027916039bb8062a625ce1cead921fc2476ab1f74a40451d51f49e278302f2f9642a1499c8c927844379522cf26e20519c8e01c46fb8c6a91e6ee82581eff990eadf2ee58c54730eee5f34a36624c757d91ba1cd3d8a5d5d6f43342cda5fe3e72840b6cb0fcd233dc749,gx-no-cache=1492091397048 HTTP/1.1" 200 29
186.103.159.230 - - [13/Apr/2017:10:48:56 -0300] "POST /cormun/servlet/solicitudot?gx-no-cache=1492091397547 HTTP/1.1" 200 3153
186.103.159.230 - - [13/Apr/2017:10:48:56 -0300] "POST /cormun/servlet/solicitudot?8026bc0eae6b72cf867c50878a9db4ce,INS,0,0,,gx-no-cache=1492091397986 HTTP/1.1" 200 9651
186.103.159.230 - - [13/Apr/2017:10:48:59 -0300] "GET /cormun/servlet/solicitudot?82d2f135fe0bb123e1588e00a96987e3510af458b0726564dbb81fdcf27839dee0db40c328f2dc136f671c8bdc5f1dd1,gx-no-cache=1492091401712 HTTP/1.1" 200 30
186.103.159.230 - - [13/Apr/2017:10:48:59 -0300] "POST /cormun/servlet/solicitudot?gx-no-cache=1492091401763 HTTP/1.1" 200 240
186.103.159.230 - - [13/Apr/2017:10:49:00 -0300] "GET /cormun/servlet/solicitudot?82d2f135fe0bb123e1588e00a96987e38372d5a1eec79a5291930d5a9fdda754cbadedb805dfc301017b47faad0b016ed09ef4f4a21a55731dfb7c292b4714aa6cc2b92ee84a5c91e5913bbb1735acabfd322b4925cd3dc3f47642756e841449cb3b870287b22911d9d315476048c334a50f4901b575099236b3756c7283188849430a8c0d8f73c535e7d83645b5336f8c0790bdcd3f0ea056eb81de29a05be646dc9dc6109104150a628213986f1f6214021cfcd8f87fdf50e89fc1ac14f20028020eb73027b98cad284300933af379c4ae19034fb6f921154979429eef8b082ef693b713f765879c4e711fedbe07cfe46b8172a4fc6c0030fad5d38f7e5ee22caaf8b67ae90ffacc59428a5d7a2e5a5980991bac9611a505dadfadaa155f2fd9c30a4f9f275ad18c57148eb6ff85dbf9b757b73d83f9a203f62c0d8f003e994c33b782fd43488f25dc145bd8162e41e90ba3f01ba1db8986ba2bfca3deea426cbb8ada672d013c03eb757b73b537f9b16ecdc71782becd7f256166bbb0a36d,gx-no-cache=1492091401812 HTTP/1.1" 200 30
186.79.74.147 - - [13/Apr/2017:10:49:01 -0300] "POST /cormun/servlet/solicitudot?gx-no-cache=1492091402144 HTTP/1.1" 200 1273
186.79.74.147 - - [13/Apr/2017:10:49:05 -0300] "POST /cormun/servlet/solicitudot?gx-no-cache=1492091406332 HTTP/1.1" 200 1156
186.103.159.230 - - [13/Apr/2017:10:49:09 -0300] "POST /cormun/servlet/solicitudot?gx-no-cache=1492091410911 HTTP/1.1" 200 30
186.103.159.230 - - [13/Apr/2017:10:49:10 -0300] "GET /cormun/servlet/prcontratosol?13477280,,,,,MD,,gxPopupLevel%3D0%3B HTTP/1.1" 200 5926
186.103.159.230 - - [13/Apr/2017:10:49:13 -0300] "POST /cormun/servlet/solicitudot?gx-no-cache=1492091415368 HTTP/1.1" 200 1372
186.103.159.230 - - [13/Apr/2017:10:49:13 -0300] "GET /cormun/static/Shared/jqueryui/images/ui-bg_highlight-soft_100_c6c2c8_1x100.png HTTP/1.1" 404 1117
186.103.159.230 - - [13/Apr/2017:10:49:13 -0300] "GET /cormun/static/Shared/jqueryui/images/ui-icons_82798d_256x240.png HTTP/1.1" 404 1089
186.103.159.230 - - [13/Apr/2017:10:49:13 -0300] "GET /cormun/static/Shared/jqueryui/images/ui-bg_flat_55_994d53_40x100.png HTTP/1.1" 404 1097
186.103.159.230 - - [13/Apr/2017:10:49:13 -0300] "GET /cormun/static/Shared/jqueryui/images/ui-icons_ebccce_256x240.png HTTP/1.1" 404 1089
186.103.159.230 - - [13/Apr/2017:10:49:13 -0300] "POST /cormun/servlet/solicitudot?gx-no-cache=1492091415438 HTTP/1.1" 200 117
186.103.159.230 - - [13/Apr/2017:10:49:13 -0300] "GET /cormun/servlet/solicitudot?82d2f135fe0bb123e1588e00a96987e3b579894e1b604d83ede2b6329e01163b15e69cbed7f36a20bf7f21c4f3ac8307d538c72cfa22071ad19054300a8b09dd999a8bc576f3d76fde9d8456272e564e1bdbdd929fea31058956b230f558432eda89df3911e01be6745f49a713b6c7dd,gx-no-cache=1492091415479 HTTP/1.1" 200 29
186.103.159.230 - - [13/Apr/2017:10:49:13 -0300] "GET /cormun/servlet/solicitudot?82d2f135fe0bb123e1588e00a96987e36bfa868add0fdd93d12fa5b9ba2bf1ab7ebd07f8c1f2ec5c7719603a4f37666295b6d718a38f6d38d5b20857411f4444fb6ce5aa78b210797d44592ec6de982e80a028a91851c18ff04b50dd569caa6216c5f68ef10868bc846b468703ca46babb257466e9cc20f1ebb1330f48367aa779869902fa70573cc6f042884c6e1fa2a4508c98241890849bf43b42bae8cb0d,gx-no-cache=1492091415505 HTTP/1.1" 200 57
186.103.159.230 - - [13/Apr/2017:10:49:13 -0300] "GET /cormun/servlet/solicitudot?82d2f135fe0bb123e1588e00a96987e324ec47b3153639dd7e8ccbf59e7eb4197ebd07f8c1f2ec5c7719603a4f37666295b6d718a38f6d38d5b20857411f4444d463045682464248ceaa868e27df9c9815a9675f4bef46eaa1aa9fef78f9d9d924ecb02ca051c8b6456abe3a77b0c2b3f0c1623514b0f4b47fa7341d51f312bf,gx-no-cache=1492091415533 HTTP/1.1" 200 57
186.103.159.230 - - [13/Apr/2017:10:49:20 -0300] "GET /cormun/static/menuarrow.gif HTTP/1.1" 404 1015
192.168.10.13 - - [13/Apr/2017:10:49:43 -0300] "GET / HTTP/1.1" 200 11217
186.79.74.147 - - [13/Apr/2017:10:50:02 -0300] "GET /cormun/static/menuarrow.gif HTTP/1.1" 404 1015
186.103.158.250 - - [13/Apr/2017:10:50:04 -0300] "GET /cormun/servlet/hlogin HTTP/1.1" 200 1722
186.103.158.250 - - [13/Apr/2017:10:50:17 -0300] "POST /cormun/servlet/hlogin?97d4b3316238f114fbdd85a0bd5daf74,gx-no-cache=1492094960824 HTTP/1.1" 200 90
186.103.158.250 - - [13/Apr/2017:10:50:17 -0300] "GET /cormun/servlet/hpexe_link HTTP/1.1" 200 955
186.103.158.250 - - [13/Apr/2017:10:50:17 -0300] "GET /cormun/servlet/hhome HTTP/1.1" 200 3779
186.103.158.250 - - [13/Apr/2017:10:50:19 -0300] "GET /cormun/servlet/hhome HTTP/1.1" 200 3775
186.103.158.250 - - [13/Apr/2017:10:50:23 -0300] "GET /cormun/servlet/trsolicitudot? HTTP/1.1" 200 6733
186.103.158.250 - - [13/Apr/2017:10:50:24 -0300] "GET /cormun/servlet/trsolicitudot? HTTP/1.1" 200 6732
186.103.158.250 - - [13/Apr/2017:10:50:32 -0300] "GET /cormun/servlet/trvisualizadoreventos? HTTP/1.1" 200 6515
186.103.158.250 - - [13/Apr/2017:10:50:32 -0300] "GET /cormun/static/gxcfg.js?201731711523419 HTTP/1.1" 200 953
186.103.158.250 - - [13/Apr/2017:10:50:33 -0300] "GET /cormun/servlet/trvisualizadoreventos? HTTP/1.1" 200 6515
186.103.159.44 - - [13/Apr/2017:10:50:36 -0300] "GET /cormun/servlet/solicitudot?39f46c07b40d256cd68c28ec410bdca3130d84d2e209a5e0eb09bcf987c83fa84e525c4c8d91280af86773bf2130dc248474660d27eac46269bc6f73b075bd0a559c729b2166c4a14ec904bf9c5565dcaff3647342a30730d13c15996d4e8ae5106573dfb39636d3041cf9e308145a819272c8d3496fb35d7377efb7f0e0f5e84b35512c3e8a1c2185c831a916002ee05c1e6785379493d3d46377f6a9ee517e4dd5858d5d0d7d1c12726608cc18e616,gx-no-cache=1492077956505 HTTP/1.1" 200 30
186.103.159.44 - - [13/Apr/2017:10:50:36 -0300] "POST /cormun/servlet/solicitudot?054019c1e98afefd312e204ca037f701,INS,0,0,,gx-no-cache=1492077956946 HTTP/1.1" 200 93
186.103.159.44 - - [13/Apr/2017:10:50:36 -0300] "GET /cormun/servlet/hpexe_return? HTTP/1.1" 200 1008
186.103.159.44 - - [13/Apr/2017:10:50:37 -0300] "GET /cormun/servlet/trsolicitudot HTTP/1.1" 200 9185
186.103.158.250 - - [13/Apr/2017:10:50:39 -0300] "GET /cormun/static/menuarrow.gif HTTP/1.1" 404 1015
192.168.10.13 - - [13/Apr/2017:10:50:43 -0300] "GET / HTTP/1.1" 200 11217
186.103.158.250 - - [13/Apr/2017:10:50:44 -0300] "POST /cormun/servlet/trvisualizadoreventos?97d4b3316238f114fbdd85a0bd5daf74,,gx-no-cache=1492094987964 HTTP/1.1" 200 3775
