192.168.10.62 - - [13/Apr/2017:11:21:58 -0300] "GET /cormun/pexe_scrolldiv.js HTTP/1.1" 404 1009
192.168.10.62 - - [13/Apr/2017:11:21:58 -0300] "GET /cormun/static/hwcviewtabs.js?20173171133571 HTTP/1.1" 304 -
192.168.10.62 - - [13/Apr/2017:11:21:58 -0300] "GET /cormun/static/hpexe_tabsview.js?201610171694228 HTTP/1.1" 304 -
192.168.10.62 - - [13/Apr/2017:11:21:58 -0300] "GET /cormun/pexe_scrolldiv.js HTTP/1.1" 404 1009
192.168.10.62 - - [13/Apr/2017:11:21:58 -0300] "GET /cormun/static/vesolicitudgral.js?201612218543091 HTTP/1.1" 304 -
192.168.10.62 - - [13/Apr/2017:11:21:58 -0300] "GET /cormun/static/tbsolicitudgral01.js?201731711414126 HTTP/1.1" 304 -
192.168.10.62 - - [13/Apr/2017:11:21:58 -0300] "GET /cormun/servlet/hlogin HTTP/1.1" 200 1748
192.168.10.62 - - [13/Apr/2017:11:21:58 -0300] "GET /cormun/servlet/vesolicitudgral?2017,5865,, HTTP/1.1" 200 7621
186.103.157.98 - - [13/Apr/2017:11:22:16 -0300] "GET /cormun/servlet/solicitudotadjuntos?74dd64c2616b9522071756257162c85d86d59e186c000b318c3f6dfa5bf25a3d,gx-no-cache=1492093402167 HTTP/1.1" 200 30
186.103.157.98 - - [13/Apr/2017:11:22:16 -0300] "GET /cormun/servlet/solicitudotadjuntos?74dd64c2616b9522071756257162c85d86d59e186c000b318c3f6dfa5bf25a3d,gx-no-cache=1492093402201 HTTP/1.1" 200 30
186.103.157.98 - - [13/Apr/2017:11:22:18 -0300] "POST /cormun/servlet/solicitudotadjuntos?929ecb77bd790de6ce978d790985ac37,INS,2017,6062,,1, HTTP/1.1" 200 116
186.103.157.98 - - [13/Apr/2017:11:22:18 -0300] "GET /cormun/servlet/hpexe_return? HTTP/1.1" 200 1022
186.103.157.98 - - [13/Apr/2017:11:22:19 -0300] "GET /cormun/servlet/trsolicitudadjuntos?2017,6062, HTTP/1.1" 200 8330
186.103.157.98 - - [13/Apr/2017:11:22:19 -0300] "GET /cormun/servlet/trsolicitudadjuntos?2017,6062, HTTP/1.1" 200 8326
186.103.157.98 - - [13/Apr/2017:11:22:27 -0300] "GET /cormun/servlet/solicitudotadjuntos?INS,2017,6062,,1, HTTP/1.1" 200 6064
186.103.157.98 - - [13/Apr/2017:11:22:27 -0300] "GET /cormun/static/about:blank HTTP/1.1" 404 1011
186.103.157.98 - - [13/Apr/2017:11:22:27 -0300] "GET /cormun/servlet/solicitudotadjuntos?INS,2017,6062,,1, HTTP/1.1" 200 6057
186.103.157.98 - - [13/Apr/2017:11:22:27 -0300] "GET /cormun/servlet/solicitudotadjuntos?74dd64c2616b9522071756257162c85d210790263f6644e64047ef978a20482e331781050ea7e3dc868bf760f441ccb4,gx-no-cache=1492093414086 HTTP/1.1" 200 30
186.103.157.98 - - [13/Apr/2017:11:22:28 -0300] "POST /cormun/servlet/solicitudotadjuntos?929ecb77bd790de6ce978d790985ac37,INS,2017,6062,,1,,gx-no-cache=1492093414167 HTTP/1.1" 200 3827
186.103.157.98 - - [13/Apr/2017:11:22:35 -0300] "POST /cormun/servlet/solicitudotadjuntos?gx-no-cache=1492093421346 HTTP/1.1" 200 26
192.168.10.13 - - [13/Apr/2017:11:22:43 -0300] "GET / HTTP/1.1" 200 11217
186.103.157.98 - - [13/Apr/2017:11:22:48 -0300] "GET /cormun/servlet/solicitudotadjuntos?74dd64c2616b9522071756257162c85d86d59e186c000b318c3f6dfa5bf25a3d,gx-no-cache=1492093434338 HTTP/1.1" 200 30
186.103.157.98 - - [13/Apr/2017:11:22:48 -0300] "GET /cormun/servlet/solicitudotadjuntos?74dd64c2616b9522071756257162c85d86d59e186c000b318c3f6dfa5bf25a3d,gx-no-cache=1492093434365 HTTP/1.1" 200 30
186.103.157.98 - - [13/Apr/2017:11:22:48 -0300] "POST /cormun/servlet/solicitudotadjuntos?929ecb77bd790de6ce978d790985ac37,INS,2017,6062,,1, HTTP/1.1" 200 116
186.103.157.98 - - [13/Apr/2017:11:22:48 -0300] "GET /cormun/servlet/hpexe_return? HTTP/1.1" 200 1022
186.103.157.98 - - [13/Apr/2017:11:22:48 -0300] "GET /cormun/servlet/trsolicitudadjuntos?2017,6062, HTTP/1.1" 200 8545
186.103.157.98 - - [13/Apr/2017:11:22:49 -0300] "GET /cormun/servlet/trsolicitudadjuntos?2017,6062, HTTP/1.1" 200 8544
186.103.157.98 - - [13/Apr/2017:11:22:51 -0300] "GET /cormun/servlet/solicitudotadjuntos?INS,2017,6062,,1, HTTP/1.1" 200 6064
186.103.157.98 - - [13/Apr/2017:11:22:51 -0300] "GET /cormun/static/about:blank HTTP/1.1" 404 1011
186.103.157.98 - - [13/Apr/2017:11:22:52 -0300] "GET /cormun/servlet/solicitudotadjuntos?INS,2017,6062,,1, HTTP/1.1" 200 6057
186.103.157.98 - - [13/Apr/2017:11:22:52 -0300] "GET /cormun/servlet/solicitudotadjuntos?74dd64c2616b9522071756257162c85d210790263f6644e64047ef978a20482e331781050ea7e3dc868bf760f441ccb4,gx-no-cache=1492093438743 HTTP/1.1" 200 30
186.103.157.98 - - [13/Apr/2017:11:22:52 -0300] "POST /cormun/servlet/solicitudotadjuntos?929ecb77bd790de6ce978d790985ac37,INS,2017,6062,,1,,gx-no-cache=1492093438801 HTTP/1.1" 200 3827
186.103.157.98 - - [13/Apr/2017:11:22:53 -0300] "POST /cormun/servlet/solicitudotadjuntos?gx-no-cache=1492093439960 HTTP/1.1" 200 26
186.103.159.230 - - [13/Apr/2017:11:22:58 -0300] "POST /cormun/servlet/solicitudot?gx-no-cache=1492093439866 HTTP/1.1" 200 122
186.103.157.98 - - [13/Apr/2017:11:23:00 -0300] "POST /cormun/servlet/solicitudotadjuntos?gx-no-cache=1492093446380 HTTP/1.1" 200 26
186.103.157.98 - - [13/Apr/2017:11:23:08 -0300] "GET /cormun/servlet/solicitudotadjuntos?74dd64c2616b9522071756257162c85d86d59e186c000b318c3f6dfa5bf25a3d,gx-no-cache=1492093454982 HTTP/1.1" 200 30
186.103.157.98 - - [13/Apr/2017:11:23:08 -0300] "GET /cormun/servlet/solicitudotadjuntos?74dd64c2616b9522071756257162c85d86d59e186c000b318c3f6dfa5bf25a3d,gx-no-cache=1492093454998 HTTP/1.1" 200 30
186.103.157.98 - - [13/Apr/2017:11:23:09 -0300] "POST /cormun/servlet/solicitudotadjuntos?929ecb77bd790de6ce978d790985ac37,INS,2017,6062,,1, HTTP/1.1" 200 6182
186.103.157.98 - - [13/Apr/2017:11:23:09 -0300] "GET /home/sistema/apache-tomcat-7.0.65/webapps/cormun/PrivateTempStorage/upload_00001099.PDF HTTP/1.1" 404 1135
186.103.157.98 - - [13/Apr/2017:11:23:09 -0300] "GET /home/sistema/apache-tomcat-7.0.65/webapps/cormun/PrivateTempStorage/upload_00001099.PDF HTTP/1.1" 404 1135
186.103.157.98 - - [13/Apr/2017:11:23:09 -0300] "GET /cormun/static/Shared/jqueryui/images/ui-bg_highlight-soft_100_c6c2c8_1x100.png HTTP/1.1" 404 1117
186.103.157.98 - - [13/Apr/2017:11:23:09 -0300] "GET /cormun/static/Shared/jqueryui/images/ui-icons_82798d_256x240.png HTTP/1.1" 404 1089
186.103.157.98 - - [13/Apr/2017:11:23:09 -0300] "GET /cormun/PrivateTempStorage/upload_00001099.PDF HTTP/1.1" 200 28223
186.103.157.98 - - [13/Apr/2017:11:23:09 -0300] "GET /cormun/static/Shared/jqueryui/images/ui-bg_flat_55_994d53_40x100.png HTTP/1.1" 404 1097
186.103.157.98 - - [13/Apr/2017:11:23:09 -0300] "GET /cormun/PrivateTempStorage/upload_00001099.PDF HTTP/1.1" 304 -
186.103.157.98 - - [13/Apr/2017:11:23:09 -0300] "GET /cormun/static/Shared/jqueryui/images/ui-icons_ebccce_256x240.png HTTP/1.1" 404 1089
186.103.159.230 - - [13/Apr/2017:11:23:09 -0300] "POST /cormun/servlet/solicitudot?gx-no-cache=1492093451288 HTTP/1.1" 200 122
186.103.157.98 - - [13/Apr/2017:11:23:12 -0300] "GET /cormun/servlet/solicitudotadjuntos?74dd64c2616b9522071756257162c85d27ffa1eae66fbf7f014ad31a590700026ea2957014c6297175bb6f4fc8fd7bfa,gx-no-cache=1492093458538 HTTP/1.1" 200 30
186.103.157.98 - - [13/Apr/2017:11:23:12 -0300] "POST /cormun/servlet/solicitudotadjuntos?929ecb77bd790de6ce978d790985ac37,INS,2017,6062,,1, HTTP/1.1" 200 6184
186.103.157.98 - - [13/Apr/2017:11:23:12 -0300] "GET /home/sistema/apache-tomcat-7.0.65/webapps/cormun/PrivateTempStorage/upload_00001111.PDF HTTP/1.1" 404 1135
186.103.157.98 - - [13/Apr/2017:11:23:12 -0300] "GET /home/sistema/apache-tomcat-7.0.65/webapps/cormun/PrivateTempStorage/upload_00001111.PDF HTTP/1.1" 404 1135
186.103.157.98 - - [13/Apr/2017:11:23:12 -0300] "GET /cormun/PrivateTempStorage/upload_00001111.PDF HTTP/1.1" 200 28223
186.103.157.98 - - [13/Apr/2017:11:23:12 -0300] "GET /cormun/PrivateTempStorage/upload_00001111.PDF HTTP/1.1" 200 28223
186.103.159.230 - - [13/Apr/2017:11:23:19 -0300] "POST /cormun/servlet/solicitudot?gx-no-cache=1492093461747 HTTP/1.1" 200 122
186.103.157.98 - - [13/Apr/2017:11:23:21 -0300] "POST /cormun/servlet/solicitudotadjuntos?gx-no-cache=1492093468009 HTTP/1.1" 200 26
186.103.159.204 - - [13/Apr/2017:11:23:26 -0300] "GET /cormun/servlet/hlogin HTTP/1.1" 200 1719
186.103.159.204 - - [13/Apr/2017:11:23:28 -0300] "GET /cormun/servlet/hlogin HTTP/1.1" 200 1729
186.103.157.98 - - [13/Apr/2017:11:23:29 -0300] "POST /cormun/servlet/solicitudotadjuntos?gx-no-cache=1492093475416 HTTP/1.1" 200 26
192.168.10.96 - - [13/Apr/2017:11:23:30 -0300] "GET /cormun/servlet/hlogin HTTP/1.1" 200 1742
186.103.157.98 - - [13/Apr/2017:11:23:34 -0300] "GET /cormun/servlet/solicitudotadjuntos?74dd64c2616b9522071756257162c85de5b2e9d87117b6e2f294117b70d0920a6ea2957014c6297175bb6f4fc8fd7bfa,gx-no-cache=1492093481063 HTTP/1.1" 200 30
186.103.157.98 - - [13/Apr/2017:11:23:34 -0300] "GET /cormun/servlet/solicitudotadjuntos?74dd64c2616b9522071756257162c85de5b2e9d87117b6e2f294117b70d0920a6ea2957014c6297175bb6f4fc8fd7bfa,gx-no-cache=1492093481101 HTTP/1.1" 200 30
186.103.157.98 - - [13/Apr/2017:11:23:35 -0300] "POST /cormun/servlet/solicitudotadjuntos?929ecb77bd790de6ce978d790985ac37,INS,2017,6062,,1, HTTP/1.1" 200 6184
186.103.157.98 - - [13/Apr/2017:11:23:35 -0300] "GET /home/sistema/apache-tomcat-7.0.65/webapps/cormun/PrivateTempStorage/upload_00001123.PDF HTTP/1.1" 404 1135
186.103.157.98 - - [13/Apr/2017:11:23:35 -0300] "GET /cormun/PrivateTempStorage/upload_00001123.PDF HTTP/1.1" 200 28223
186.103.157.98 - - [13/Apr/2017:11:23:35 -0300] "GET /home/sistema/apache-tomcat-7.0.65/webapps/cormun/PrivateTempStorage/upload_00001123.PDF HTTP/1.1" 404 1135
186.103.157.98 - - [13/Apr/2017:11:23:35 -0300] "GET /cormun/PrivateTempStorage/upload_00001123.PDF HTTP/1.1" 200 28223
192.168.10.13 - - [13/Apr/2017:11:23:43 -0300] "GET / HTTP/1.1" 200 11217
192.168.10.96 - - [13/Apr/2017:11:23:45 -0300] "POST /cormun/servlet/hlogin?ff808431b4ead9d7ac82cd4c8f2b5e11,gx-no-cache=1492096700198 HTTP/1.1" 200 90
192.168.10.96 - - [13/Apr/2017:11:23:45 -0300] "GET /cormun/servlet/hpexe_link HTTP/1.1" 200 951
192.168.10.96 - - [13/Apr/2017:11:23:45 -0300] "GET /cormun/servlet/hhome HTTP/1.1" 200 3973
186.103.157.98 - - [13/Apr/2017:11:23:45 -0300] "POST /cormun/servlet/solicitudotadjuntos?929ecb77bd790de6ce978d790985ac37,INS,2017,6062,,1, HTTP/1.1" 200 116
192.168.10.96 - - [13/Apr/2017:11:23:45 -0300] "GET /cormun/servlet/hhome HTTP/1.1" 200 3970
186.103.157.98 - - [13/Apr/2017:11:23:45 -0300] "GET /cormun/servlet/hpexe_return? HTTP/1.1" 200 1022
186.103.157.98 - - [13/Apr/2017:11:23:46 -0300] "GET /cormun/servlet/trsolicitudadjuntos?2017,6062, HTTP/1.1" 200 8546
186.103.157.98 - - [13/Apr/2017:11:23:47 -0300] "GET /cormun/servlet/trsolicitudadjuntos?2017,6062, HTTP/1.1" 200 8543
192.168.10.96 - - [13/Apr/2017:11:23:48 -0300] "GET /cormun/servlet/trsolicitudot? HTTP/1.1" 200 6943
192.168.10.96 - - [13/Apr/2017:11:23:48 -0300] "GET /cormun/static/gxcfg.js?201731711505139 HTTP/1.1" 200 953
192.168.10.96 - - [13/Apr/2017:11:23:49 -0300] "GET /cormun/servlet/trsolicitudot? HTTP/1.1" 200 6943
186.103.157.98 - - [13/Apr/2017:11:23:51 -0300] "GET /cormun/servlet/solicitudotadjuntos?INS,2017,6062,,1, HTTP/1.1" 200 6065
186.103.157.98 - - [13/Apr/2017:11:23:51 -0300] "GET /cormun/static/about:blank HTTP/1.1" 404 1011
186.103.157.98 - - [13/Apr/2017:11:23:51 -0300] "GET /cormun/servlet/solicitudotadjuntos?INS,2017,6062,,1, HTTP/1.1" 200 6058
192.168.10.96 - - [13/Apr/2017:11:23:51 -0300] "GET /cormun/servlet/solicitudot?INS,0,0, HTTP/1.1" 200 12776
192.168.10.96 - - [13/Apr/2017:11:23:51 -0300] "GET /cormun/static/gxcfg.js?20171191042720 HTTP/1.1" 200 953
192.168.10.96 - - [13/Apr/2017:11:23:51 -0300] "GET /cormun/static/solicitudot.js?2017119104297 HTTP/1.1" 304 -
186.103.157.98 - - [13/Apr/2017:11:23:52 -0300] "GET /cormun/servlet/solicitudotadjuntos?74dd64c2616b9522071756257162c85d210790263f6644e64047ef978a20482e331781050ea7e3dc868bf760f441ccb4,gx-no-cache=1492093498222 HTTP/1.1" 200 30
186.103.157.98 - - [13/Apr/2017:11:23:52 -0300] "POST /cormun/servlet/solicitudotadjuntos?929ecb77bd790de6ce978d790985ac37,INS,2017,6062,,1,,gx-no-cache=1492093498284 HTTP/1.1" 200 3829
192.168.10.96 - - [13/Apr/2017:11:23:52 -0300] "GET /cormun/servlet/solicitudot?INS,0,0, HTTP/1.1" 200 12781
186.103.157.98 - - [13/Apr/2017:11:23:56 -0300] "POST /cormun/servlet/solicitudotadjuntos?gx-no-cache=1492093502637 HTTP/1.1" 200 26
192.168.10.96 - - [13/Apr/2017:11:24:07 -0300] "POST /cormun/servlet/solicitudot?gx-no-cache=1492096721929 HTTP/1.1" 200 3153
192.168.10.96 - - [13/Apr/2017:11:24:07 -0300] "POST /cormun/servlet/solicitudot?ff808431b4ead9d7ac82cd4c8f2b5e11,INS,0,0,,gx-no-cache=1492096722105 HTTP/1.1" 200 9919
186.103.157.98 - - [13/Apr/2017:11:24:09 -0300] "GET /cormun/servlet/solicitudotadjuntos?74dd64c2616b9522071756257162c85d86d59e186c000b318c3f6dfa5bf25a3d,gx-no-cache=1492093515838 HTTP/1.1" 200 30
186.103.157.98 - - [13/Apr/2017:11:24:09 -0300] "GET /cormun/servlet/solicitudotadjuntos?74dd64c2616b9522071756257162c85d86d59e186c000b318c3f6dfa5bf25a3d,gx-no-cache=1492093515860 HTTP/1.1" 200 30
192.168.10.96 - - [13/Apr/2017:11:24:09 -0300] "GET /cormun/servlet/solicitudot?9aa37d4d86cd13f4b1334ad23e5196003d925b7a3b5f68687bfb2edd56178aef68f4d5ea28f550e59b54aea70bdf0013,gx-no-cache=1492096724599 HTTP/1.1" 200 30
192.168.10.96 - - [13/Apr/2017:11:24:09 -0300] "POST /cormun/servlet/solicitudot?gx-no-cache=1492096724654 HTTP/1.1" 200 240
192.168.10.96 - - [13/Apr/2017:11:24:09 -0300] "GET /cormun/servlet/solicitudot?9aa37d4d86cd13f4b1334ad23e5196005c981a1b4543b35d4fb8cba1c4517dc39f972f1c15f0ebd859a567259e913016340e3b91957515f9fb6ec0c892747e90fd5f3e802acc2553d516e3183ec1c5128fac7c316f29869084adaeee4b0d8d140a693b7ada5f1f815c7361b8e9152cf4eb6dc4130e537a8c5a2f8f00dd3d4eb90e7fe427648737d52f90d9a75142fba218c8e39d1fb0361904f8bdff911cbe67fd1692ac27e6419353884cf0ccb2d2313aad81517c6855ded01fbe534ffd8912f4210fe0df37d69066492257cc8cd2b33577fcf5aa5ee9de9082b1a4fbb5b168139133aefb48842c11edde4ffb6e06279a9f629a4504b289d33cdc7d7bd5a5e95d6289dcf92e50bf5630622fd8e526a4ccf3289b6c3305e17e0158c47c3bdd70f1e9832d9508353ddb15e6aebd2d6bbfa2cd120530accb342d6d8a657f6f0e719788bf59b3151728fbae984339f16950fb6e9f74e2688929258014036f9a8df5593b63ca4a34cfe7305b9447597e08b7ef88744a138f183b1f5d0630a9efab6f,gx-no-cache=1492096724743 HTTP/1.1" 200 30
186.103.157.98 - - [13/Apr/2017:11:24:09 -0300] "POST /cormun/servlet/solicitudotadjuntos?929ecb77bd790de6ce978d790985ac37,INS,2017,6062,,1, HTTP/1.1" 200 116
186.103.157.98 - - [13/Apr/2017:11:24:09 -0300] "GET /cormun/servlet/hpexe_return? HTTP/1.1" 200 1022
186.103.157.98 - - [13/Apr/2017:11:24:10 -0300] "GET /cormun/servlet/trsolicitudadjuntos?2017,6062, HTTP/1.1" 200 8721
186.103.157.98 - - [13/Apr/2017:11:24:11 -0300] "GET /cormun/servlet/trsolicitudadjuntos?2017,6062, HTTP/1.1" 200 8720
192.168.10.96 - - [13/Apr/2017:11:24:11 -0300] "POST /cormun/servlet/solicitudot?gx-no-cache=1492096726763 HTTP/1.1" 200 30
192.168.10.96 - - [13/Apr/2017:11:24:14 -0300] "GET /cormun/servlet/prcontratosol?13477280,,,,,MD,,gxPopupLevel%3D0%3B HTTP/1.1" 200 5929
192.168.10.96 - - [13/Apr/2017:11:24:14 -0300] "GET /cormun/static/gxcfg.js?201731711522183 HTTP/1.1" 200 953
192.168.10.96 - - [13/Apr/2017:11:24:14 -0300] "GET /cormun/static/prcontratosol.js?201731711522419 HTTP/1.1" 304 -
186.103.157.98 - - [13/Apr/2017:11:24:15 -0300] "GET /cormun/servlet/solicitudotadjuntos?INS,2017,6062,,1, HTTP/1.1" 200 6065
186.103.157.98 - - [13/Apr/2017:11:24:15 -0300] "GET /cormun/static/about:blank HTTP/1.1" 404 1011
186.103.157.98 - - [13/Apr/2017:11:24:15 -0300] "GET /cormun/servlet/solicitudotadjuntos?INS,2017,6062,,1, HTTP/1.1" 200 6058
186.103.157.98 - - [13/Apr/2017:11:24:15 -0300] "GET /cormun/servlet/solicitudotadjuntos?74dd64c2616b9522071756257162c85d210790263f6644e64047ef978a20482e331781050ea7e3dc868bf760f441ccb4,gx-no-cache=1492093522054 HTTP/1.1" 200 30
186.103.157.98 - - [13/Apr/2017:11:24:16 -0300] "POST /cormun/servlet/solicitudotadjuntos?929ecb77bd790de6ce978d790985ac37,INS,2017,6062,,1,,gx-no-cache=1492093522104 HTTP/1.1" 200 3829
192.168.10.96 - - [13/Apr/2017:11:24:16 -0300] "POST /cormun/servlet/solicitudot?gx-no-cache=1492096731216 HTTP/1.1" 200 1372
192.168.10.96 - - [13/Apr/2017:11:24:16 -0300] "GET /cormun/static/Shared/jqueryui/images/ui-icons_82798d_256x240.png HTTP/1.1" 404 1089
192.168.10.96 - - [13/Apr/2017:11:24:16 -0300] "GET /cormun/static/Shared/jqueryui/images/ui-bg_highlight-soft_100_c6c2c8_1x100.png HTTP/1.1" 404 1117
192.168.10.96 - - [13/Apr/2017:11:24:16 -0300] "GET /cormun/static/Shared/jqueryui/images/ui-bg_flat_55_994d53_40x100.png HTTP/1.1" 404 1097
192.168.10.96 - - [13/Apr/2017:11:24:16 -0300] "GET /cormun/static/Shared/jqueryui/images/ui-icons_ebccce_256x240.png HTTP/1.1" 404 1089
192.168.10.96 - - [13/Apr/2017:11:24:16 -0300] "POST /cormun/servlet/solicitudot?gx-no-cache=1492096731349 HTTP/1.1" 200 117
192.168.10.96 - - [13/Apr/2017:11:24:16 -0300] "GET /cormun/servlet/solicitudot?9aa37d4d86cd13f4b1334ad23e5196006961d1ac1f83901e842f992b28eb29b3163461916af41794817a9dfa28604f7915b4c95d5d03cd75df07dbb684ccc08169f3d3a5f65179d2d6c3d2deeb10fc9e7a0753f07bf157edb6d607f21beb0ad7508390ba2f95e7423bacd518e7ca2ea5,gx-no-cache=1492096731459 HTTP/1.1" 200 29
192.168.10.96 - - [13/Apr/2017:11:24:16 -0300] "GET /cormun/servlet/solicitudot?9aa37d4d86cd13f4b1334ad23e519600376dd4c401e43ead7a3b81395c574831725db677a3d464b9ff3436308c9c85ed8f8fed312ff2ed0b786a3ad2c88b17746b8ef383e0ad7b841b6d3b54ca66b5f1d20a320e1ba0ec7b57a74de301de7c46009e0fd0681cfd1588a344b88748922767f197399247e2265e16a9a6db1776b260a46513805e37d3cf7e37a3329ab4eb4294e44bc9f0bd6de63f2a67629b7fd0,gx-no-cache=1492096731478 HTTP/1.1" 200 57
192.168.10.96 - - [13/Apr/2017:11:24:16 -0300] "GET /cormun/servlet/solicitudot?9aa37d4d86cd13f4b1334ad23e519600e43bb3a6437f18d933c7ef689f181062725db677a3d464b9ff3436308c9c85ed8f8fed312ff2ed0b786a3ad2c88b1774eb9dc80bd92827144d582682532da3fca9e6ae494a66cfd765c0415ee3403f8fead62cb289ed4bac0c426077cfa84ad14ff51280b12ae64012b51b02bcbf8ff8,gx-no-cache=1492096731498 HTTP/1.1" 200 57
186.103.158.250 - - [13/Apr/2017:11:24:17 -0300] "POST /cormun/servlet/solicitudot?gx-no-cache=1492096996746 HTTP/1.1" 200 235
186.103.158.250 - - [13/Apr/2017:11:24:17 -0300] "POST /cormun/servlet/solicitudot?gx-no-cache=1492097000892 HTTP/1.1" 200 38
186.103.157.98 - - [13/Apr/2017:11:24:19 -0300] "POST /cormun/servlet/solicitudotadjuntos?gx-no-cache=1492093525064 HTTP/1.1" 200 26
186.103.157.98 - - [13/Apr/2017:11:24:29 -0300] "GET /cormun/servlet/solicitudotadjuntos?74dd64c2616b9522071756257162c85d86d59e186c000b318c3f6dfa5bf25a3d,gx-no-cache=1492093535238 HTTP/1.1" 200 30
186.103.157.98 - - [13/Apr/2017:11:24:29 -0300] "GET /cormun/servlet/solicitudotadjuntos?74dd64c2616b9522071756257162c85d86d59e186c000b318c3f6dfa5bf25a3d,gx-no-cache=1492093535265 HTTP/1.1" 200 30
186.103.157.98 - - [13/Apr/2017:11:24:29 -0300] "POST /cormun/servlet/solicitudotadjuntos?929ecb77bd790de6ce978d790985ac37,INS,2017,6062,,1, HTTP/1.1" 200 116
186.103.157.98 - - [13/Apr/2017:11:24:29 -0300] "GET /cormun/servlet/hpexe_return? HTTP/1.1" 200 1022
186.103.157.98 - - [13/Apr/2017:11:24:30 -0300] "GET /cormun/servlet/trsolicitudadjuntos?2017,6062, HTTP/1.1" 200 8864
186.103.157.98 - - [13/Apr/2017:11:24:31 -0300] "GET /cormun/servlet/trsolicitudadjuntos?2017,6062, HTTP/1.1" 200 8861
186.103.159.230 - - [13/Apr/2017:11:24:34 -0300] "GET /cormun/servlet/prfichaempleado?,MD,,gxPopupLevel%3D0%3B HTTP/1.1" 200 8800
186.103.157.98 - - [13/Apr/2017:11:24:35 -0300] "GET /cormun/servlet/solicitudotadjuntos?INS,2017,6062,,1, HTTP/1.1" 200 6064
186.103.157.98 - - [13/Apr/2017:11:24:36 -0300] "GET /cormun/static/about:blank HTTP/1.1" 404 1011
186.103.157.98 - - [13/Apr/2017:11:24:36 -0300] "GET /cormun/servlet/solicitudotadjuntos?INS,2017,6062,,1, HTTP/1.1" 200 6058
186.103.157.98 - - [13/Apr/2017:11:24:36 -0300] "GET /cormun/servlet/solicitudotadjuntos?74dd64c2616b9522071756257162c85d210790263f6644e64047ef978a20482e331781050ea7e3dc868bf760f441ccb4,gx-no-cache=1492093542863 HTTP/1.1" 200 30
186.103.157.98 - - [13/Apr/2017:11:24:36 -0300] "POST /cormun/servlet/solicitudotadjuntos?929ecb77bd790de6ce978d790985ac37,INS,2017,6062,,1,,gx-no-cache=1492093542953 HTTP/1.1" 200 3828
186.103.157.98 - - [13/Apr/2017:11:24:39 -0300] "POST /cormun/servlet/solicitudotadjuntos?gx-no-cache=1492093545931 HTTP/1.1" 200 26
192.168.10.13 - - [13/Apr/2017:11:24:43 -0300] "GET / HTTP/1.1" 200 11217
186.103.159.44 - - [13/Apr/2017:11:24:48 -0300] "POST /cormun/servlet/licenciaspermisosadjuntos?054019c1e98afefd312e204ca037f701,INS,15995869,L,20170413000000,, HTTP/1.1" 200 116
186.103.159.44 - - [13/Apr/2017:11:24:48 -0300] "GET /cormun/servlet/hpexe_return? HTTP/1.1" 200 1043
186.103.159.44 - - [13/Apr/2017:11:24:49 -0300] "GET /cormun/servlet/trlicenciaspermisosadjuntos?15995869,20170413000000,L, HTTP/1.1" 200 6637
186.103.157.98 - - [13/Apr/2017:11:24:49 -0300] "GET /cormun/servlet/solicitudotadjuntos?74dd64c2616b9522071756257162c85d86d59e186c000b318c3f6dfa5bf25a3d,gx-no-cache=1492093555951 HTTP/1.1" 200 30
186.103.157.98 - - [13/Apr/2017:11:24:49 -0300] "GET /cormun/servlet/solicitudotadjuntos?74dd64c2616b9522071756257162c85d86d59e186c000b318c3f6dfa5bf25a3d,gx-no-cache=1492093556001 HTTP/1.1" 200 30
186.103.157.98 - - [13/Apr/2017:11:24:50 -0300] "POST /cormun/servlet/solicitudotadjuntos?929ecb77bd790de6ce978d790985ac37,INS,2017,6062,,1, HTTP/1.1" 200 116
186.103.157.98 - - [13/Apr/2017:11:24:50 -0300] "GET /cormun/servlet/hpexe_return? HTTP/1.1" 200 1022
186.103.159.44 - - [13/Apr/2017:11:24:50 -0300] "GET /cormun/PublicTempStorage/licencia_medica_rocio_sanchez_34532071.pdf HTTP/1.1" 200 911887
186.103.157.98 - - [13/Apr/2017:11:24:50 -0300] "GET /cormun/servlet/trsolicitudadjuntos?2017,6062, HTTP/1.1" 200 9073
186.103.157.98 - - [13/Apr/2017:11:24:51 -0300] "GET /cormun/servlet/trsolicitudadjuntos?2017,6062, HTTP/1.1" 200 9071
186.103.159.230 - - [13/Apr/2017:11:24:51 -0300] "POST /cormun/servlet/prfichaempleado?87590ba77a1f1717d23ed807b269b045,,MD,,gxPopupLevel%3D0%3B,gx-no-cache=1492093553558 HTTP/1.1" 200 5080
186.103.159.44 - - [13/Apr/2017:11:24:55 -0300] "GET /cormun/servlet/trlicencias? HTTP/1.1" 200 7825
186.103.157.98 - - [13/Apr/2017:11:24:55 -0300] "GET /cormun/servlet/solicitudotadjuntos?INS,2017,6062,,1, HTTP/1.1" 200 6064
186.103.157.98 - - [13/Apr/2017:11:24:56 -0300] "GET /cormun/static/about:blank HTTP/1.1" 404 1011
186.103.157.98 - - [13/Apr/2017:11:24:56 -0300] "GET /cormun/servlet/solicitudotadjuntos?INS,2017,6062,,1, HTTP/1.1" 200 6058
186.103.157.98 - - [13/Apr/2017:11:24:56 -0300] "GET /cormun/servlet/solicitudotadjuntos?74dd64c2616b9522071756257162c85d210790263f6644e64047ef978a20482e331781050ea7e3dc868bf760f441ccb4,gx-no-cache=1492093562879 HTTP/1.1" 200 30
186.103.157.98 - - [13/Apr/2017:11:24:56 -0300] "POST /cormun/servlet/solicitudotadjuntos?929ecb77bd790de6ce978d790985ac37,INS,2017,6062,,1,,gx-no-cache=1492093562946 HTTP/1.1" 200 3828
192.168.10.96 - - [13/Apr/2017:11:24:58 -0300] "POST /cormun/servlet/solicitudot?gx-no-cache=1492096773645 HTTP/1.1" 200 1291
192.168.10.96 - - [13/Apr/2017:11:25:02 -0300] "GET /cormun/servlet/prlicenciaspermisos?16792137,L,,MD,,gxPopupLevel%3D0%3B HTTP/1.1" 200 5534
192.168.10.96 - - [13/Apr/2017:11:25:02 -0300] "GET /cormun/static/gxcfg.js?201741111445743 HTTP/1.1" 200 953
192.168.10.96 - - [13/Apr/2017:11:25:02 -0300] "GET /cormun/static/prlicenciaspermisos.js?201741111445890 HTTP/1.1" 200 13360
186.103.159.44 - - [13/Apr/2017:11:25:02 -0300] "GET /cormun/servlet/alicenciaprn?15995869,L,20170413000000,PU HTTP/1.1" 200 1582
186.103.159.230 - - [13/Apr/2017:11:25:03 -0300] "POST /cormun/servlet/solicitudot?gx-no-cache=1492093564872 HTTP/1.1" 200 1291
186.103.159.230 - - [13/Apr/2017:11:25:03 -0300] "POST /cormun/servlet/solicitudot?gx-no-cache=1492093564979 HTTP/1.1" 200 122
186.103.159.230 - - [13/Apr/2017:11:25:24 -0300] "POST /cormun/servlet/solicitudot?gx-no-cache=1492093585951 HTTP/1.1" 200 41
192.168.10.96 - - [13/Apr/2017:11:25:24 -0300] "POST /cormun/servlet/solicitudot?gx-no-cache=1492096799739 HTTP/1.1" 200 41
186.103.159.230 - - [13/Apr/2017:11:25:40 -0300] "POST /cormun/servlet/solicitudot?gx-no-cache=1492093601834 HTTP/1.1" 200 1273
186.103.159.230 - - [13/Apr/2017:11:25:40 -0300] "POST /cormun/servlet/solicitudot?gx-no-cache=1492093601934 HTTP/1.1" 200 1157
186.103.159.230 - - [13/Apr/2017:11:25:40 -0300] "GET /cormun/servlet/solicitudot?f31dee7143a8d60ebbfb0625a814f8111df3a33b84978a540ef08c766b6b2a2f01eb43380c89b6cc7c2c931e8a562d24948a338d5c8056fde7d6b501ea88351dc1c9ffb453e9dd4ffc13349e1901902e2210665ec5645f6d06b756c8725ec41d4095a01b4b1489a779ef700dbeef9081e8875e40886224d16466661ed26f1d7df92a0574f2854f256cb413e82de82e31301c3f50a6da60902005e55cae03032bccbb4ec261984bf946753bb64e4193610bc73fb7a860ba58a4bdd3f2204ca5c9,gx-no-cache=1492093601984 HTTP/1.1" 200 30
192.168.10.13 - - [13/Apr/2017:11:25:43 -0300] "GET / HTTP/1.1" 200 11217
192.168.10.96 - - [13/Apr/2017:11:25:56 -0300] "GET /cormun/servlet/prlicenciaspermisos?16792137,L,,MD,,gxPopupLevel%3D0%3B HTTP/1.1" 200 5534
186.103.159.230 - - [13/Apr/2017:11:26:12 -0300] "GET /cormun/servlet/solicitudot?f31dee7143a8d60ebbfb0625a814f8111df3a33b84978a540ef08c766b6b2a2f01eb43380c89b6cc7c2c931e8a562d240421ebda78671419851ff6c4570c7913c1c9ffb453e9dd4ffc13349e1901902e2210665ec5645f6d06b756c8725ec41d4095a01b4b1489a779ef700dbeef9081e8875e40886224d16466661ed26f1d7df92a0574f2854f256cb413e82de82e31301c3f50a6da60902005e55cae03032bccbb4ec261984bf946753bb64e4193610bc73fb7a860ba58a4bdd3f2204ca5c9,gx-no-cache=1492093634115 HTTP/1.1" 200 30
186.103.159.46 - - [13/Apr/2017:11:26:29 -0300] "POST /cormun/servlet/trautorizarpermisogoce?dae410ba50d8ad41949b3b37c3c586df,gx-no-cache=1492093650778 HTTP/1.1" 200 3807
186.103.159.46 - - [13/Apr/2017:11:26:31 -0300] "POST /cormun/servlet/trautorizarpermisogoce?dae410ba50d8ad41949b3b37c3c586df,gx-no-cache=1492093653118 HTTP/1.1" 200 3808
192.168.10.96 - - [13/Apr/2017:11:26:33 -0300] "GET /cormun/servlet/trsolicitudot? HTTP/1.1" 200 6944
192.168.10.96 - - [13/Apr/2017:11:26:34 -0300] "GET /cormun/servlet/trsolicitudot? HTTP/1.1" 200 6943
186.103.159.46 - - [13/Apr/2017:11:26:37 -0300] "POST /cormun/servlet/trautorizarpermisogoce?dae410ba50d8ad41949b3b37c3c586df,gx-no-cache=1492093659092 HTTP/1.1" 200 10353
186.103.159.230 - - [13/Apr/2017:11:26:39 -0300] "POST /cormun/servlet/solicitudot?87590ba77a1f1717d23ed807b269b045,INS,0,0,,gx-no-cache=1492093661043 HTTP/1.1" 200 93
186.103.159.230 - - [13/Apr/2017:11:26:39 -0300] "GET /cormun/servlet/hpexe_return? HTTP/1.1" 200 1006
186.103.159.230 - - [13/Apr/2017:11:26:39 -0300] "GET /cormun/servlet/trsolicitudot HTTP/1.1" 200 8247
186.103.159.230 - - [13/Apr/2017:11:26:40 -0300] "GET /cormun/servlet/trsolicitudot HTTP/1.1" 200 8243
192.168.10.96 - - [13/Apr/2017:11:26:41 -0300] "GET /cormun/servlet/trsolicitudot? HTTP/1.1" 200 8242
192.168.10.96 - - [13/Apr/2017:11:26:41 -0300] "GET /cormun/servlet/trsolicitudot? HTTP/1.1" 200 8242
192.168.10.13 - - [13/Apr/2017:11:26:43 -0300] "GET / HTTP/1.1" 200 11217
186.103.159.46 - - [13/Apr/2017:11:26:48 -0300] "POST /cormun/servlet/trautorizarpermisogoce?dae410ba50d8ad41949b3b37c3c586df,gx-no-cache=1492093670379 HTTP/1.1" 200 3807
186.103.159.46 - - [13/Apr/2017:11:26:50 -0300] "POST /cormun/servlet/trautorizarpermisogoce?dae410ba50d8ad41949b3b37c3c586df,gx-no-cache=1492093671780 HTTP/1.1" 200 3808
186.103.159.230 - - [13/Apr/2017:11:26:54 -0300] "POST /cormun/servlet/trsolicitudot?87590ba77a1f1717d23ed807b269b045,gx-no-cache=1492093676681 HTTP/1.1" 200 4364
186.103.159.230 - - [13/Apr/2017:11:26:55 -0300] "GET /cormun/static/Shared/jqueryui/images/ui-bg_highlight-soft_100_c6c2c8_1x100.png HTTP/1.1" 404 1117
186.103.159.230 - - [13/Apr/2017:11:26:55 -0300] "GET /cormun/static/Shared/jqueryui/images/ui-icons_82798d_256x240.png HTTP/1.1" 404 1089
186.103.159.230 - - [13/Apr/2017:11:26:55 -0300] "GET /cormun/static/Shared/jqueryui/images/ui-bg_flat_55_fafafa_40x100.png HTTP/1.1" 404 1097
186.103.159.230 - - [13/Apr/2017:11:26:55 -0300] "GET /cormun/static/Shared/jqueryui/images/ui-icons_8d78a5_256x240.png HTTP/1.1" 404 1089
186.103.159.230 - - [13/Apr/2017:11:26:55 -0300] "POST /cormun/servlet/trsolicitudot?87590ba77a1f1717d23ed807b269b045,gx-no-cache=1492093676864 HTTP/1.1" 200 4120
192.168.10.62 - - [13/Apr/2017:11:26:58 -0300] "POST /cormun/servlet/hlogin?d2fd61a2d7d3ddc3d824e59e6ea2d22a,gx-no-cache=1492096892979 HTTP/1.1" 200 90
192.168.10.62 - - [13/Apr/2017:11:26:58 -0300] "GET /cormun/servlet/hpexe_link HTTP/1.1" 200 965
192.168.10.62 - - [13/Apr/2017:11:26:58 -0300] "GET /cormun/servlet/vesolicitudgral?2017,5865,, HTTP/1.1" 200 8088
192.168.10.62 - - [13/Apr/2017:11:26:58 -0300] "GET /cormun/pexe_scrolldiv.js HTTP/1.1" 404 1009
192.168.10.62 - - [13/Apr/2017:11:26:58 -0300] "GET /cormun/pexe_scrolldiv.js HTTP/1.1" 404 1009
192.168.10.62 - - [13/Apr/2017:11:26:58 -0300] "GET /cormun/servlet/vesolicitudgral?2017,5865,, HTTP/1.1" 200 8086
192.168.10.96 - - [13/Apr/2017:11:26:59 -0300] "GET /cormun/servlet/trautorizarsolicitud? HTTP/1.1" 200 8173
192.168.10.96 - - [13/Apr/2017:11:27:00 -0300] "GET /cormun/static/gxcfg.js?2017259112829 HTTP/1.1" 200 953
186.103.159.230 - - [13/Apr/2017:11:27:00 -0300] "GET /cormun/servlet/trautorizarsolicitud? HTTP/1.1" 200 8172
192.168.10.96 - - [13/Apr/2017:11:27:00 -0300] "GET /cormun/servlet/trautorizarsolicitud? HTTP/1.1" 200 8173
186.103.159.230 - - [13/Apr/2017:11:27:01 -0300] "GET /cormun/servlet/trautorizarsolicitud? HTTP/1.1" 200 8171
186.103.159.44 - - [13/Apr/2017:11:27:02 -0300] "POST /cormun/servlet/trlicencias?054019c1e98afefd312e204ca037f701,,gx-no-cache=1492080139555 HTTP/1.1" 200 4080
186.103.159.44 - - [13/Apr/2017:11:27:02 -0300] "GET /cormun/static/Shared/jqueryui/images/ui-icons_8d78a5_256x240.png HTTP/1.1" 404 1089
186.103.159.44 - - [13/Apr/2017:11:27:02 -0300] "GET /cormun/static/Shared/jqueryui/images/ui-icons_82798d_256x240.png HTTP/1.1" 404 1089
186.103.159.44 - - [13/Apr/2017:11:27:03 -0300] "GET /cormun/static/Shared/jqueryui/images/ui-bg_highlight-soft_100_c6c2c8_1x100.png HTTP/1.1" 404 1117
186.103.159.44 - - [13/Apr/2017:11:27:03 -0300] "GET /cormun/static/Shared/jqueryui/images/ui-bg_flat_55_fafafa_40x100.png HTTP/1.1" 404 1097
192.168.10.96 - - [13/Apr/2017:11:27:03 -0300] "GET /cormun/servlet/trautorizarsolicitud? HTTP/1.1" 200 8173
192.168.10.96 - - [13/Apr/2017:11:27:04 -0300] "GET /cormun/servlet/trautorizarsolicitud? HTTP/1.1" 200 8173
186.103.159.44 - - [13/Apr/2017:11:27:05 -0300] "GET /cormun/servlet/trsolicitudot? HTTP/1.1" 200 9592
192.168.10.96 - - [13/Apr/2017:11:27:06 -0300] "GET /cormun/servlet/trautorizarsolicitud? HTTP/1.1" 200 8173
192.168.10.96 - - [13/Apr/2017:11:27:06 -0300] "GET /cormun/servlet/trautorizarsolicitud? HTTP/1.1" 200 8173
186.103.159.230 - - [13/Apr/2017:11:27:06 -0300] "POST /cormun/servlet/trautorizarsolicitud?87590ba77a1f1717d23ed807b269b045,,gx-no-cache=1492093688720 HTTP/1.1" 200 4338
186.103.159.230 - - [13/Apr/2017:11:27:07 -0300] "GET /cormun/static/Shared/jqueryui/images/ui-bg_highlight-soft_100_c6c2c8_1x100.png HTTP/1.1" 404 1117
186.103.159.230 - - [13/Apr/2017:11:27:07 -0300] "GET /cormun/static/Shared/jqueryui/images/ui-icons_82798d_256x240.png HTTP/1.1" 404 1089
186.103.159.230 - - [13/Apr/2017:11:27:07 -0300] "GET /cormun/static/Shared/jqueryui/images/ui-bg_flat_55_fafafa_40x100.png HTTP/1.1" 404 1097
186.103.159.230 - - [13/Apr/2017:11:27:07 -0300] "GET /cormun/static/Shared/jqueryui/images/ui-icons_8d78a5_256x240.png HTTP/1.1" 404 1089
186.103.159.230 - - [13/Apr/2017:11:27:07 -0300] "POST /cormun/servlet/trautorizarsolicitud?87590ba77a1f1717d23ed807b269b045,,gx-no-cache=1492093688892 HTTP/1.1" 200 4098
192.168.10.96 - - [13/Apr/2017:11:27:08 -0300] "GET /cormun/servlet/trautorizarsolicitud? HTTP/1.1" 200 6899
192.168.10.96 - - [13/Apr/2017:11:27:09 -0300] "GET /cormun/servlet/trautorizarsolicitud? HTTP/1.1" 200 6899
192.168.10.62 - - [13/Apr/2017:11:27:16 -0300] "POST /cormun/servlet/vesolicitudgral?d2fd61a2d7d3ddc3d824e59e6ea2d22a,2017,5865,,,gx-no-cache=1492096910937 HTTP/1.1" 200 115
192.168.10.62 - - [13/Apr/2017:11:27:16 -0300] "GET /cormun/servlet/solicitudotlog?INS,2017,5865,0,REC, HTTP/1.1" 200 5588
192.168.10.62 - - [13/Apr/2017:11:27:16 -0300] "GET /cormun/static/gxcfg.js?201731711401563 HTTP/1.1" 200 953
186.103.159.44 - - [13/Apr/2017:11:27:16 -0300] "POST /cormun/servlet/trsolicitudot?054019c1e98afefd312e204ca037f701,,gx-no-cache=1492080156838 HTTP/1.1" 200 6515
192.168.10.62 - - [13/Apr/2017:11:27:16 -0300] "GET /cormun/servlet/solicitudotlog?INS,2017,5865,0,REC, HTTP/1.1" 200 5582
192.168.10.62 - - [13/Apr/2017:11:27:17 -0300] "GET /cormun/servlet/solicitudotlog?10aad7165af72b477d0cf5a96e8c9719fb1661e1eb077a4490379a29095d206f9fadaae680bd4f62c756979109cfa528b39a14c3352359a102c7e3e4aaca5e437f44621e49868ab4c462ba75773c44abb82b890d48996200ef0103e1faf47c44d0145bb37f1b7a78c023c27cd0b367c84c6dd04a3b56f22ec81b9b8ce70938d2363864bca4e5c3fced3ae1047fd39cf3e6dc689ed808cbb7917225eb8cb4d46f,gx-no-cache=1492096912071 HTTP/1.1" 200 94
186.103.159.44 - - [13/Apr/2017:11:27:23 -0300] "POST /cormun/servlet/trsolicitudot?054019c1e98afefd312e204ca037f701,,gx-no-cache=1492080158231 HTTP/1.1" 200 6456
186.103.159.44 - - [13/Apr/2017:11:27:23 -0300] "GET /cormun/static/Shared/jqueryui/images/ui-icons_8d78a5_256x240.png HTTP/1.1" 404 1089
186.103.159.44 - - [13/Apr/2017:11:27:23 -0300] "GET /cormun/static/Shared/jqueryui/images/ui-icons_82798d_256x240.png HTTP/1.1" 404 1089
186.103.159.44 - - [13/Apr/2017:11:27:23 -0300] "GET /cormun/static/Shared/jqueryui/images/ui-bg_highlight-soft_100_c6c2c8_1x100.png HTTP/1.1" 404 1117
186.103.159.44 - - [13/Apr/2017:11:27:23 -0300] "GET /cormun/static/Shared/jqueryui/images/ui-bg_flat_55_fafafa_40x100.png HTTP/1.1" 404 1097
192.168.10.62 - - [13/Apr/2017:11:27:25 -0300] "POST /cormun/servlet/solicitudotlog?d2fd61a2d7d3ddc3d824e59e6ea2d22a,INS,2017,5865,0,REC,,gx-no-cache=1492096920430 HTTP/1.1" 200 93
192.168.10.62 - - [13/Apr/2017:11:27:25 -0300] "GET /cormun/servlet/hpexe_return? HTTP/1.1" 200 1024
192.168.10.62 - - [13/Apr/2017:11:27:25 -0300] "GET /cormun/static/gxcfg.js?2016101716175148 HTTP/1.1" 200 953
192.168.10.62 - - [13/Apr/2017:11:27:25 -0300] "GET /cormun/servlet/vesolicitudgral?2017,5865,, HTTP/1.1" 200 8102
192.168.10.62 - - [13/Apr/2017:11:27:25 -0300] "GET /cormun/pexe_scrolldiv.js HTTP/1.1" 404 1009
192.168.10.62 - - [13/Apr/2017:11:27:25 -0300] "GET /cormun/pexe_scrolldiv.js HTTP/1.1" 404 1009
192.168.10.62 - - [13/Apr/2017:11:27:26 -0300] "GET /cormun/servlet/vesolicitudgral?2017,5865,, HTTP/1.1" 200 8098
186.103.159.44 - - [13/Apr/2017:11:27:30 -0300] "POST /cormun/servlet/trsolicitudot?054019c1e98afefd312e204ca037f701,,gx-no-cache=1492080171392 HTTP/1.1" 200 6163
186.103.159.44 - - [13/Apr/2017:11:27:31 -0300] "POST /cormun/servlet/trsolicitudot?054019c1e98afefd312e204ca037f701,,gx-no-cache=1492080172463 HTTP/1.1" 200 6106
186.103.159.44 - - [13/Apr/2017:11:27:35 -0300] "POST /cormun/servlet/trsolicitudot?054019c1e98afefd312e204ca037f701,,gx-no-cache=1492080175745 HTTP/1.1" 200 5746
186.103.159.44 - - [13/Apr/2017:11:27:36 -0300] "POST /cormun/servlet/trsolicitudot?054019c1e98afefd312e204ca037f701,,gx-no-cache=1492080177036 HTTP/1.1" 200 5688
192.168.10.13 - - [13/Apr/2017:11:27:43 -0300] "GET / HTTP/1.1" 200 11217
186.103.159.44 - - [13/Apr/2017:11:27:50 -0300] "POST /cormun/servlet/trsolicitudot?054019c1e98afefd312e204ca037f701,,gx-no-cache=1492080191405 HTTP/1.1" 200 5258
186.103.159.44 - - [13/Apr/2017:11:27:52 -0300] "POST /cormun/servlet/trsolicitudot?054019c1e98afefd312e204ca037f701,,gx-no-cache=1492080192716 HTTP/1.1" 200 5199
186.103.159.44 - - [13/Apr/2017:11:27:56 -0300] "POST /cormun/servlet/trsolicitudot?054019c1e98afefd312e204ca037f701,,gx-no-cache=1492080196774 HTTP/1.1" 200 4155
186.103.159.44 - - [13/Apr/2017:11:27:57 -0300] "POST /cormun/servlet/trsolicitudot?054019c1e98afefd312e204ca037f701,,gx-no-cache=1492080198035 HTTP/1.1" 200 3931
186.103.157.98 - - [13/Apr/2017:11:28:06 -0300] "POST /cormun/servlet/solicitudotadjuntos?gx-no-cache=1492093752999 HTTP/1.1" 200 26
186.103.157.98 - - [13/Apr/2017:11:28:17 -0300] "GET /cormun/servlet/solicitudotadjuntos?74dd64c2616b9522071756257162c85d86d59e186c000b318c3f6dfa5bf25a3d,gx-no-cache=1492093763808 HTTP/1.1" 200 30
186.103.157.98 - - [13/Apr/2017:11:28:17 -0300] "GET /cormun/servlet/solicitudotadjuntos?74dd64c2616b9522071756257162c85d86d59e186c000b318c3f6dfa5bf25a3d,gx-no-cache=1492093763849 HTTP/1.1" 200 30
186.103.157.98 - - [13/Apr/2017:11:28:18 -0300] "POST /cormun/servlet/solicitudotadjuntos?929ecb77bd790de6ce978d790985ac37,INS,2017,6062,,1, HTTP/1.1" 200 116
186.103.157.98 - - [13/Apr/2017:11:28:18 -0300] "GET /cormun/servlet/hpexe_return? HTTP/1.1" 200 1022
186.103.157.98 - - [13/Apr/2017:11:28:19 -0300] "GET /cormun/servlet/trsolicitudadjuntos?2017,6062, HTTP/1.1" 200 9278
186.103.157.98 - - [13/Apr/2017:11:28:19 -0300] "GET /cormun/servlet/trsolicitudadjuntos?2017,6062, HTTP/1.1" 200 9275
186.103.157.98 - - [13/Apr/2017:11:28:30 -0300] "POST /cormun/servlet/trsolicitudadjuntos?929ecb77bd790de6ce978d790985ac37,2017,6062,,gx-no-cache=1492093776973 HTTP/1.1" 200 90
186.103.157.98 - - [13/Apr/2017:11:28:30 -0300] "GET /cormun/servlet/hpexe_link HTTP/1.1" 200 966
186.103.157.98 - - [13/Apr/2017:11:28:31 -0300] "GET /cormun/servlet/trsolicitudot HTTP/1.1" 200 8252
186.103.157.98 - - [13/Apr/2017:11:28:31 -0300] "GET /cormun/servlet/trsolicitudot HTTP/1.1" 200 8251
186.103.157.98 - - [13/Apr/2017:11:28:40 -0300] "POST /cormun/servlet/trsolicitudot?929ecb77bd790de6ce978d790985ac37,gx-no-cache=1492093786604 HTTP/1.1" 200 4340
186.103.157.98 - - [13/Apr/2017:11:28:40 -0300] "GET /cormun/static/Shared/jqueryui/images/ui-bg_highlight-soft_100_c6c2c8_1x100.png HTTP/1.1" 404 1117
186.103.157.98 - - [13/Apr/2017:11:28:40 -0300] "GET /cormun/static/Shared/jqueryui/images/ui-icons_82798d_256x240.png HTTP/1.1" 404 1089
186.103.157.98 - - [13/Apr/2017:11:28:40 -0300] "GET /cormun/static/Shared/jqueryui/images/ui-bg_flat_55_fafafa_40x100.png HTTP/1.1" 404 1097
186.103.157.98 - - [13/Apr/2017:11:28:40 -0300] "GET /cormun/static/Shared/jqueryui/images/ui-icons_8d78a5_256x240.png HTTP/1.1" 404 1089
186.103.157.98 - - [13/Apr/2017:11:28:40 -0300] "POST /cormun/servlet/trsolicitudot?929ecb77bd790de6ce978d790985ac37,gx-no-cache=1492093786791 HTTP/1.1" 200 4120
192.168.10.13 - - [13/Apr/2017:11:28:43 -0300] "GET / HTTP/1.1" 200 11217
186.103.157.98 - - [13/Apr/2017:11:28:45 -0300] "GET /cormun/servlet/trautorizarsolicitud? HTTP/1.1" 200 8183
186.103.157.98 - - [13/Apr/2017:11:28:45 -0300] "GET /cormun/static/gxcfg.js?2017259112829 HTTP/1.1" 200 953
186.103.157.98 - - [13/Apr/2017:11:28:45 -0300] "GET /cormun/static/trautorizarsolicitud.js?2017259113483 HTTP/1.1" 304 -
186.103.157.98 - - [13/Apr/2017:11:28:45 -0300] "GET /cormun/servlet/trautorizarsolicitud? HTTP/1.1" 200 8182
186.103.157.98 - - [13/Apr/2017:11:28:49 -0300] "POST /cormun/servlet/trautorizarsolicitud?929ecb77bd790de6ce978d790985ac37,,gx-no-cache=1492093795253 HTTP/1.1" 200 4317
186.103.157.98 - - [13/Apr/2017:11:28:49 -0300] "GET /cormun/static/Shared/jqueryui/images/ui-bg_highlight-soft_100_c6c2c8_1x100.png HTTP/1.1" 404 1117
186.103.157.98 - - [13/Apr/2017:11:28:49 -0300] "GET /cormun/static/Shared/jqueryui/images/ui-icons_82798d_256x240.png HTTP/1.1" 404 1089
186.103.157.98 - - [13/Apr/2017:11:28:49 -0300] "GET /cormun/static/Shared/jqueryui/images/ui-bg_flat_55_fafafa_40x100.png HTTP/1.1" 404 1097
186.103.157.98 - - [13/Apr/2017:11:28:49 -0300] "GET /cormun/static/Shared/jqueryui/images/ui-icons_8d78a5_256x240.png HTTP/1.1" 404 1089
186.103.157.98 - - [13/Apr/2017:11:28:49 -0300] "POST /cormun/servlet/trautorizarsolicitud?929ecb77bd790de6ce978d790985ac37,,gx-no-cache=1492093795446 HTTP/1.1" 200 4100
186.79.140.232 - - [13/Apr/2017:11:29:15 -0300] "POST /cormun/servlet/trlicencias?d3ea028516982f02efd22c66229b7dad,gx-no-cache=1492093819987 HTTP/1.1" 200 4037
186.79.140.232 - - [13/Apr/2017:11:29:15 -0300] "GET /cormun/static/Shared/jqueryui/images/ui-bg_highlight-soft_100_c6c2c8_1x100.png HTTP/1.1" 404 1117
186.79.140.232 - - [13/Apr/2017:11:29:15 -0300] "GET /cormun/static/Shared/jqueryui/images/ui-icons_82798d_256x240.png HTTP/1.1" 404 1089
186.79.140.232 - - [13/Apr/2017:11:29:15 -0300] "GET /cormun/static/Shared/jqueryui/images/ui-bg_flat_55_fafafa_40x100.png HTTP/1.1" 404 1097
186.79.140.232 - - [13/Apr/2017:11:29:15 -0300] "GET /cormun/static/Shared/jqueryui/images/ui-icons_8d78a5_256x240.png HTTP/1.1" 404 1089
192.168.10.13 - - [13/Apr/2017:11:29:43 -0300] "GET / HTTP/1.1" 200 11217
192.168.10.13 - - [13/Apr/2017:11:30:43 -0300] "GET / HTTP/1.1" 200 11217
192.168.10.13 - - [13/Apr/2017:11:31:43 -0300] "GET / HTTP/1.1" 200 11217
192.168.10.13 - - [13/Apr/2017:11:32:43 -0300] "GET / HTTP/1.1" 200 11217
192.168.10.13 - - [13/Apr/2017:11:33:43 -0300] "GET / HTTP/1.1" 200 11217
192.168.10.13 - - [13/Apr/2017:11:34:43 -0300] "GET / HTTP/1.1" 200 11217
192.168.10.13 - - [13/Apr/2017:11:35:43 -0300] "GET / HTTP/1.1" 200 11217
46.174.191.32 - - [13/Apr/2017:11:35:53 -0300] "GET / HTTP/1.0" 200 11197
192.168.10.13 - - [13/Apr/2017:11:36:43 -0300] "GET / HTTP/1.1" 200 11217
186.103.159.46 - - [13/Apr/2017:11:36:58 -0300] "GET /cormun/servlet/hhome HTTP/1.1" 200 3332
186.103.159.46 - - [13/Apr/2017:11:37:00 -0300] "GET /cormun/servlet/hhome HTTP/1.1" 200 3342
186.103.159.46 - - [13/Apr/2017:11:37:00 -0300] "GET /cormun/servlet/hlogin HTTP/1.1" 200 1743
186.103.159.46 - - [13/Apr/2017:11:37:15 -0300] "POST /cormun/servlet/hlogin?795bcf95cf5323c068684683e381230b,gx-no-cache=1492094299947 HTTP/1.1" 200 90
186.103.159.46 - - [13/Apr/2017:11:37:15 -0300] "GET /cormun/servlet/hpexe_link HTTP/1.1" 200 959
186.103.159.46 - - [13/Apr/2017:11:37:15 -0300] "GET /cormun/servlet/hhome HTTP/1.1" 200 3789
186.103.159.46 - - [13/Apr/2017:11:37:16 -0300] "GET /cormun/servlet/hhome HTTP/1.1" 200 3785
186.103.159.46 - - [13/Apr/2017:11:37:20 -0300] "GET /cormun/servlet/trpermisosgoce? HTTP/1.1" 200 13406
186.103.159.46 - - [13/Apr/2017:11:37:21 -0300] "GET /cormun/servlet/trpermisosgoce? HTTP/1.1" 200 13402
186.103.159.183 - - [13/Apr/2017:11:37:23 -0300] "GET /cormun/servlet/hlogin HTTP/1.1" 200 1726
186.103.159.183 - - [13/Apr/2017:11:37:23 -0300] "GET /cormun/static/gxcfg.js?201741110203197 HTTP/1.1" 200 953
186.103.159.183 - - [13/Apr/2017:11:37:23 -0300] "GET /cormun/static/hlogin.js?201741110203211 HTTP/1.1" 200 2136
186.103.159.183 - - [13/Apr/2017:11:37:23 -0300] "GET /cormun/static/messages.spa.js?85251 HTTP/1.1" 200 30736
186.103.159.183 - - [13/Apr/2017:11:37:23 -0300] "GET /cormun/static/Resources/Spanish/PXTools.css?11294912 HTTP/1.1" 200 89042
186.103.159.183 - - [13/Apr/2017:11:37:24 -0300] "GET /cormun/static/gxgral.js?85251 HTTP/1.1" 200 384558
186.103.159.183 - - [13/Apr/2017:11:37:24 -0300] "GET /cormun/static/gxtimezone.js?85251 HTTP/1.1" 200 5781
186.103.159.183 - - [13/Apr/2017:11:37:24 -0300] "GET /cormun/static/Resources/ComunLogin.png HTTP/1.1" 200 17326
186.103.159.183 - - [13/Apr/2017:11:37:24 -0300] "GET /cormun/static/Resources/PXToolsLoginTop.png HTTP/1.1" 200 1337
186.103.159.183 - - [13/Apr/2017:11:37:24 -0300] "GET /cormun/static/Resources/PXToolsLoginBackground.png HTTP/1.1" 200 1164
186.103.159.183 - - [13/Apr/2017:11:37:24 -0300] "GET /cormun/static/Resources/PXToolsButtonLeft21.png HTTP/1.1" 200 1287
186.103.159.183 - - [13/Apr/2017:11:37:24 -0300] "GET /cormun/static/Resources/PXToolsButtonRight21.png HTTP/1.1" 200 1283
186.103.159.183 - - [13/Apr/2017:11:37:24 -0300] "GET /cormun/static/Resources/PXToolsButtonBackground2.png HTTP/1.1" 200 1181
186.103.159.183 - - [13/Apr/2017:11:37:24 -0300] "GET /cormun/static/Resources/PXToolsLoginBottom.png HTTP/1.1" 200 1389
186.103.159.183 - - [13/Apr/2017:11:37:24 -0300] "GET /favicon.ico HTTP/1.1" 200 21630
186.103.159.183 - - [13/Apr/2017:11:37:24 -0300] "GET /favicon.ico HTTP/1.1" 200 21630
186.103.159.183 - - [13/Apr/2017:11:37:24 -0300] "GET /cormun/servlet/hlogin HTTP/1.1" 200 1739
186.103.159.183 - - [13/Apr/2017:11:37:24 -0300] "GET /cormun/static/Resources/indicator.gif HTTP/1.1" 200 1553
186.103.159.183 - - [13/Apr/2017:11:37:25 -0300] "GET /favicon.ico HTTP/1.1" 200 21630
186.103.159.183 - - [13/Apr/2017:11:37:25 -0300] "GET /favicon.ico HTTP/1.1" 200 21630
186.103.159.46 - - [13/Apr/2017:11:37:26 -0300] "POST /cormun/servlet/trpermisosgoce?795bcf95cf5323c068684683e381230b,,gx-no-cache=1492094310834 HTTP/1.1" 200 104
186.103.159.46 - - [13/Apr/2017:11:37:26 -0300] "GET /cormun/PermisosGoce-5124.xls HTTP/1.1" 200 11264
186.103.159.183 - - [13/Apr/2017:11:37:39 -0300] "POST /cormun/servlet/hlogin?13c82b0ba9bbcc5b0805fa3ee47ff124,gx-no-cache=1492094324526 HTTP/1.1" 200 90
186.103.159.183 - - [13/Apr/2017:11:37:39 -0300] "GET /cormun/servlet/hpexe_link HTTP/1.1" 200 957
186.103.159.183 - - [13/Apr/2017:11:37:39 -0300] "GET /cormun/static/gxcfg.js?201731711483381 HTTP/1.1" 200 953
186.103.159.183 - - [13/Apr/2017:11:37:39 -0300] "GET /cormun/static/hpexe_link.js?201731711483384 HTTP/1.1" 200 625
186.103.159.183 - - [13/Apr/2017:11:37:39 -0300] "GET /cormun/servlet/hhome HTTP/1.1" 200 3999
186.103.159.183 - - [13/Apr/2017:11:37:40 -0300] "GET /cormun/static/Shared/jqueryui/jquery-ui.min.css?1245370 HTTP/1.1" 200 30288
186.103.159.183 - - [13/Apr/2017:11:37:40 -0300] "GET /cormun/static/SmoothNavMenu/resources/ddsmoothmenu-v.css?1012540 HTTP/1.1" 200 1188
186.103.159.183 - - [13/Apr/2017:11:37:40 -0300] "GET /cormun/static/SmoothNavMenu/resources/ddsmoothmenu.css?1012540 HTTP/1.1" 200 2223
186.103.159.183 - - [13/Apr/2017:11:37:40 -0300] "GET /cormun/static/gxcfg.js?201731711483497 HTTP/1.1" 200 953
186.103.159.183 - - [13/Apr/2017:11:37:40 -0300] "GET /cormun/static/scaMessage/css/jquery.pnotify.default.css?1716380 HTTP/1.1" 200 1707
186.103.159.183 - - [13/Apr/2017:11:37:40 -0300] "GET /cormun/static/PXToolsJavascripts/pexe_autoreload.js HTTP/1.1" 200 1762
186.103.159.183 - - [13/Apr/2017:11:37:40 -0300] "GET /cormun/static/PXToolsJavascripts/pexe_cookies.js HTTP/1.1" 200 792
186.103.159.183 - - [13/Apr/2017:11:37:40 -0300] "GET /cormun/static/PXToolsJavascripts/pexe_windows.js HTTP/1.1" 200 15207
186.103.159.183 - - [13/Apr/2017:11:37:40 -0300] "GET /cormun/static/PXToolsJavascripts/pexe_grid.js HTTP/1.1" 200 7559
186.103.159.183 - - [13/Apr/2017:11:37:40 -0300] "GET /cormun/static/PXToolsJavascripts/pexe_griddivfix.js HTTP/1.1" 200 6644
186.103.159.183 - - [13/Apr/2017:11:37:40 -0300] "GET /cormun/static/PXToolsJavascripts/pexe_link.js HTTP/1.1" 200 5671
186.103.159.183 - - [13/Apr/2017:11:37:40 -0300] "GET /cormun/static/PXToolsJavascripts/pexe_menudivfix.js HTTP/1.1" 200 333
186.103.159.183 - - [13/Apr/2017:11:37:40 -0300] "GET /cormun/static/PXToolsJavascripts/pexe_menus.js HTTP/1.1" 200 1286
186.103.159.183 - - [13/Apr/2017:11:37:40 -0300] "GET /cormun/static/PXToolsJavascripts/pexe_layers.js HTTP/1.1" 200 4114
186.103.159.183 - - [13/Apr/2017:11:37:40 -0300] "GET /cormun/static/PXToolsJavascripts/pexe_oav.js HTTP/1.1" 200 645
186.103.159.183 - - [13/Apr/2017:11:37:40 -0300] "GET /cormun/static/PXToolsJavascripts/pexe_oavdivfix.js HTTP/1.1" 200 639
186.103.159.183 - - [13/Apr/2017:11:37:40 -0300] "GET /cormun/static/PXToolsJavascripts/pexe_picture.js HTTP/1.1" 200 689
186.103.159.183 - - [13/Apr/2017:11:37:40 -0300] "GET /cormun/static/PXToolsJavascripts/pexe_popup.js HTTP/1.1" 200 13458
186.103.159.183 - - [13/Apr/2017:11:37:40 -0300] "GET /cormun/static/PXToolsJavascripts/pexe_scrolldiv.js HTTP/1.1" 200 4138
186.103.159.183 - - [13/Apr/2017:11:37:40 -0300] "GET /cormun/static/PXToolsJavascripts/pexe_tabdivfix.js HTTP/1.1" 200 876
186.103.159.183 - - [13/Apr/2017:11:37:40 -0300] "GET /cormun/static/PXToolsJavascripts/pexe_tabs.js HTTP/1.1" 200 3748
186.103.159.183 - - [13/Apr/2017:11:37:40 -0300] "GET /cormun/static/PXToolsJavascripts/pexe_upload.js HTTP/1.1" 200 1423
186.103.159.183 - - [13/Apr/2017:11:37:40 -0300] "GET /cormun/static/PXToolsJavascripts/PXToolsJavascriptsRender.js HTTP/1.1" 200 367
186.103.159.183 - - [13/Apr/2017:11:37:40 -0300] "GET /cormun/static/RunJS/RunJS.js HTTP/1.1" 200 288
186.103.159.183 - - [13/Apr/2017:11:37:40 -0300] "GET /cormun/static/Shared/ext/locale/ext-lang-en.js HTTP/1.1" 200 10940
186.103.159.183 - - [13/Apr/2017:11:37:40 -0300] "GET /cormun/static/hhome.js?20173171148352 HTTP/1.1" 200 777
186.103.159.183 - - [13/Apr/2017:11:37:40 -0300] "GET /cormun/static/Resources/logo4.png HTTP/1.1" 200 6582
186.103.159.183 - - [13/Apr/2017:11:37:40 -0300] "GET /cormun/static/Resources/PXToolsHeaderActionsLeft.png HTTP/1.1" 200 1118
186.103.159.183 - - [13/Apr/2017:11:37:40 -0300] "GET /cormun/static/Resources/PXToolsHeaderHome.png HTTP/1.1" 200 4147
186.103.159.183 - - [13/Apr/2017:11:37:40 -0300] "GET /cormun/static/Resources/PXToolsFooterBackground2.png HTTP/1.1" 200 1172
186.103.159.183 - - [13/Apr/2017:11:37:40 -0300] "GET /cormun/static/Resources/PXToolsHeaderBackground2.png HTTP/1.1" 200 1174
186.103.159.183 - - [13/Apr/2017:11:37:40 -0300] "GET /cormun/static/gxui/gxui-all.js HTTP/1.1" 200 107772
186.103.159.183 - - [13/Apr/2017:11:37:40 -0300] "GET /cormun/static/Resources/PXToolsHeaderActionsBackground.png HTTP/1.1" 200 484
186.103.159.183 - - [13/Apr/2017:11:37:40 -0300] "GET /cormun/static/Resources/PXToolsDataTitle.png HTTP/1.1" 200 1173
186.103.159.183 - - [13/Apr/2017:11:37:40 -0300] "GET /cormun/static/Resources/PXToolsHeaderLogin.png HTTP/1.1" 200 4279
186.103.159.183 - - [13/Apr/2017:11:37:40 -0300] "GET /cormun/static/Resources/PXToolsHeaderPreferences.png HTTP/1.1" 200 4189
186.103.159.183 - - [13/Apr/2017:11:37:41 -0300] "GET /cormun/static/Resources/PXToolsHeaderSecurity.png HTTP/1.1" 200 4166
186.103.159.183 - - [13/Apr/2017:11:37:41 -0300] "GET /cormun/static/Resources/PXToolsHeaderActionsRight.png HTTP/1.1" 200 1201
186.103.159.183 - - [13/Apr/2017:11:37:41 -0300] "GET /cormun/static/hwchdr01.js?201731711335950 HTTP/1.1" 200 1183
186.103.159.183 - - [13/Apr/2017:11:37:41 -0300] "GET /cormun/static/hpexe_recentlink.js?201610171694390 HTTP/1.1" 200 2144
186.103.159.183 - - [13/Apr/2017:11:37:41 -0300] "GET /cormun/static/hpexe_scripts.js?201731711335890 HTTP/1.1" 200 1544
