186.103.156.24 - - [13/Apr/2017:16:41:45 -0300] "GET /cormun/servlet/solicitudotadjuntos?8bf4579420714abd5bd07ff33f9a6a28b2755d8bb9a5b1504817960f3f2180cd,gx-no-cache=1492112601765 HTTP/1.1" 200 30
186.103.156.24 - - [13/Apr/2017:16:41:45 -0300] "GET /cormun/servlet/solicitudotadjuntos?8bf4579420714abd5bd07ff33f9a6a28b2755d8bb9a5b1504817960f3f2180cd,gx-no-cache=1492112602250 HTTP/1.1" 200 30
186.103.156.24 - - [13/Apr/2017:16:41:57 -0300] "POST /cormun/servlet/solicitudotadjuntos?2ae15a5e509b76da37425fbda8293660,INS,2017,6074,,1, HTTP/1.1" 200 116
186.103.156.24 - - [13/Apr/2017:16:41:57 -0300] "GET /cormun/servlet/hpexe_return? HTTP/1.1" 200 1029
186.103.156.24 - - [13/Apr/2017:16:41:58 -0300] "GET /cormun/servlet/trsolicitudadjuntos?2017,6074, HTTP/1.1" 200 8961
186.103.156.24 - - [13/Apr/2017:16:41:59 -0300] "GET /cormun/servlet/trsolicitudadjuntos?2017,6074, HTTP/1.1" 200 8960
186.103.156.24 - - [13/Apr/2017:16:42:02 -0300] "GET /cormun/servlet/solicitudotadjuntos?INS,2017,6074,,1, HTTP/1.1" 200 6041
186.103.156.24 - - [13/Apr/2017:16:42:03 -0300] "GET /cormun/static/about:blank HTTP/1.1" 404 1011
186.103.156.24 - - [13/Apr/2017:16:42:03 -0300] "GET /cormun/servlet/solicitudotadjuntos?INS,2017,6074,,1, HTTP/1.1" 200 6035
186.103.156.24 - - [13/Apr/2017:16:42:04 -0300] "GET /cormun/servlet/solicitudotadjuntos?8bf4579420714abd5bd07ff33f9a6a286daffaf812c5650c8d451f7937b1aa48d2c1744d61e60aa32966fea8a7297399,gx-no-cache=1492112621096 HTTP/1.1" 200 30
186.103.156.24 - - [13/Apr/2017:16:42:07 -0300] "POST /cormun/servlet/solicitudotadjuntos?2ae15a5e509b76da37425fbda8293660,INS,2017,6074,,1,,gx-no-cache=1492112622028 HTTP/1.1" 200 3866
186.103.156.24 - - [13/Apr/2017:16:42:11 -0300] "POST /cormun/servlet/solicitudotadjuntos?gx-no-cache=1492112628967 HTTP/1.1" 200 26
186.103.156.24 - - [13/Apr/2017:16:42:18 -0300] "GET /cormun/servlet/solicitudotadjuntos?8bf4579420714abd5bd07ff33f9a6a28b2755d8bb9a5b1504817960f3f2180cd,gx-no-cache=1492112636955 HTTP/1.1" 200 30
186.103.156.24 - - [13/Apr/2017:16:42:18 -0300] "GET /cormun/servlet/solicitudotadjuntos?8bf4579420714abd5bd07ff33f9a6a28b2755d8bb9a5b1504817960f3f2180cd,gx-no-cache=1492112636990 HTTP/1.1" 200 30
186.103.156.24 - - [13/Apr/2017:16:42:35 -0300] "POST /cormun/servlet/solicitudotadjuntos?2ae15a5e509b76da37425fbda8293660,INS,2017,6074,,1, HTTP/1.1" 200 116
186.103.156.24 - - [13/Apr/2017:16:42:35 -0300] "GET /cormun/servlet/hpexe_return? HTTP/1.1" 200 1029
186.103.156.24 - - [13/Apr/2017:16:42:36 -0300] "GET /cormun/servlet/trsolicitudadjuntos?2017,6074, HTTP/1.1" 200 9162
186.103.156.24 - - [13/Apr/2017:16:42:37 -0300] "GET /cormun/servlet/trsolicitudadjuntos?2017,6074, HTTP/1.1" 200 9159
192.168.10.13 - - [13/Apr/2017:16:42:43 -0300] "GET / HTTP/1.1" 200 11217
186.103.156.24 - - [13/Apr/2017:16:42:43 -0300] "GET /cormun/servlet/solicitudotadjuntos?INS,2017,6074,,2, HTTP/1.1" 200 6039
186.103.156.24 - - [13/Apr/2017:16:42:43 -0300] "GET /cormun/static/about:blank HTTP/1.1" 404 1011
186.103.156.24 - - [13/Apr/2017:16:42:44 -0300] "GET /cormun/servlet/solicitudotadjuntos?8bf4579420714abd5bd07ff33f9a6a286daffaf812c5650c8d451f7937b1aa48d2c1744d61e60aa32966fea8a7297399,gx-no-cache=1492112662704 HTTP/1.1" 200 30
186.103.156.24 - - [13/Apr/2017:16:42:44 -0300] "GET /cormun/servlet/solicitudotadjuntos?INS,2017,6074,,2, HTTP/1.1" 200 6032
186.103.156.24 - - [13/Apr/2017:16:42:44 -0300] "POST /cormun/servlet/solicitudotadjuntos?2ae15a5e509b76da37425fbda8293660,INS,2017,6074,,2,,gx-no-cache=1492112663002 HTTP/1.1" 200 4007
186.103.156.24 - - [13/Apr/2017:16:42:57 -0300] "POST /cormun/servlet/solicitudotadjuntos?2ae15a5e509b76da37425fbda8293660,INS,2017,6074,,2,,gx-no-cache=1492112676126 HTTP/1.1" 200 93
186.103.156.24 - - [13/Apr/2017:16:42:57 -0300] "GET /cormun/servlet/hpexe_return? HTTP/1.1" 200 1029
186.103.156.24 - - [13/Apr/2017:16:42:58 -0300] "GET /cormun/servlet/trsolicitudadjuntos?2017,6074, HTTP/1.1" 200 9159
186.103.156.24 - - [13/Apr/2017:16:42:59 -0300] "GET /cormun/servlet/trsolicitudadjuntos?2017,6074, HTTP/1.1" 200 9162
186.103.156.24 - - [13/Apr/2017:16:43:14 -0300] "POST /cormun/servlet/trsolicitudadjuntos?2ae15a5e509b76da37425fbda8293660,2017,6074,,gx-no-cache=1492112691542 HTTP/1.1" 200 90
186.103.156.24 - - [13/Apr/2017:16:43:14 -0300] "GET /cormun/servlet/hpexe_link HTTP/1.1" 200 972
186.103.156.24 - - [13/Apr/2017:16:43:15 -0300] "GET /cormun/servlet/trsolicitudot HTTP/1.1" 200 8289
186.103.159.230 - - [13/Apr/2017:16:43:16 -0300] "GET /cormun/static/menuarrow.gif HTTP/1.1" 404 1015
186.103.156.24 - - [13/Apr/2017:16:43:17 -0300] "GET /cormun/servlet/trsolicitudot HTTP/1.1" 200 8287
186.103.156.24 - - [13/Apr/2017:16:43:21 -0300] "POST /cormun/servlet/trsolicitudot?2ae15a5e509b76da37425fbda8293660,gx-no-cache=1492112702317 HTTP/1.1" 200 4352
186.103.156.24 - - [13/Apr/2017:16:43:21 -0300] "GET /cormun/static/Shared/jqueryui/images/ui-bg_highlight-soft_100_c6c2c8_1x100.png HTTP/1.1" 404 1117
186.103.156.24 - - [13/Apr/2017:16:43:21 -0300] "GET /cormun/static/Shared/jqueryui/images/ui-icons_82798d_256x240.png HTTP/1.1" 404 1089
186.103.156.24 - - [13/Apr/2017:16:43:21 -0300] "GET /cormun/static/Shared/jqueryui/images/ui-bg_flat_55_fafafa_40x100.png HTTP/1.1" 404 1097
186.103.156.24 - - [13/Apr/2017:16:43:21 -0300] "GET /cormun/static/Shared/jqueryui/images/ui-icons_8d78a5_256x240.png HTTP/1.1" 404 1089
186.103.156.24 - - [13/Apr/2017:16:43:22 -0300] "POST /cormun/servlet/trsolicitudot?2ae15a5e509b76da37425fbda8293660,gx-no-cache=1492112703157 HTTP/1.1" 200 4124
186.103.156.24 - - [13/Apr/2017:16:43:28 -0300] "GET /cormun/servlet/trautorizarsolicitud? HTTP/1.1" 200 8236
186.103.156.24 - - [13/Apr/2017:16:43:28 -0300] "GET /cormun/static/gxui/gxui-all.css?120300 HTTP/1.1" 200 2179
186.103.156.24 - - [13/Apr/2017:16:43:28 -0300] "GET /cormun/static/gxcfg.js?2017259112829 HTTP/1.1" 200 953
186.103.156.24 - - [13/Apr/2017:16:43:28 -0300] "GET /cormun/static/trautorizarsolicitud.js?2017259113483 HTTP/1.1" 200 53096
186.103.156.24 - - [13/Apr/2017:16:43:29 -0300] "GET /cormun/static/Shared/ext/resources/css/ext-all.css?215870 HTTP/1.1" 200 416045
186.103.156.24 - - [13/Apr/2017:16:43:30 -0300] "GET /cormun/servlet/trautorizarsolicitud? HTTP/1.1" 200 8235
192.168.10.13 - - [13/Apr/2017:16:43:43 -0300] "GET / HTTP/1.1" 200 11217
186.103.159.230 - - [13/Apr/2017:16:43:49 -0300] "GET /cormun/servlet/solicitudot?2a586a6da71498e2c72794d0ea98aedc420a603c7e0653a3b6f468380fbd0f08c981043c6a33902d52a1308a47282746a6c2b106fe331fae5a1ab6bd97915ada1f35b2e2730b16ddb681398d09f71cc09d8815a0469aac2a4a14bc5abc80faf0859a517a8aeca3751b67616a2a143f571d7ec91ad52396168a0c6653ee6f6d5be5b1b6c22ffc9b943032bbdf61184453dff3a7ccaf14a3123b95f64ea74abfd56a67226920c056d6f1fda7f132a03084,gx-no-cache=1492112688405 HTTP/1.1" 200 30
186.103.156.24 - - [13/Apr/2017:16:43:53 -0300] "POST /cormun/servlet/trautorizarsolicitud?2ae15a5e509b76da37425fbda8293660,,gx-no-cache=1492112735887 HTTP/1.1" 200 4332
186.103.156.24 - - [13/Apr/2017:16:43:53 -0300] "GET /cormun/static/Shared/jqueryui/images/ui-bg_highlight-soft_100_c6c2c8_1x100.png HTTP/1.1" 404 1117
186.103.156.24 - - [13/Apr/2017:16:43:53 -0300] "GET /cormun/static/Shared/jqueryui/images/ui-icons_8d78a5_256x240.png HTTP/1.1" 404 1089
186.103.156.24 - - [13/Apr/2017:16:43:54 -0300] "GET /cormun/static/Shared/jqueryui/images/ui-bg_flat_55_fafafa_40x100.png HTTP/1.1" 404 1097
186.103.156.24 - - [13/Apr/2017:16:43:54 -0300] "GET /cormun/static/Shared/jqueryui/images/ui-icons_82798d_256x240.png HTTP/1.1" 404 1089
186.103.156.24 - - [13/Apr/2017:16:43:55 -0300] "POST /cormun/servlet/trautorizarsolicitud?2ae15a5e509b76da37425fbda8293660,,gx-no-cache=1492112737700 HTTP/1.1" 200 4106
186.103.156.24 - - [13/Apr/2017:16:44:13 -0300] "GET /cormun/servlet/trsolicitudot? HTTP/1.1" 200 6976
186.103.156.24 - - [13/Apr/2017:16:44:14 -0300] "GET /cormun/servlet/trsolicitudot? HTTP/1.1" 200 6975
186.103.156.24 - - [13/Apr/2017:16:44:20 -0300] "POST /cormun/servlet/trsolicitudot?2ae15a5e509b76da37425fbda8293660,,gx-no-cache=1492112766825 HTTP/1.1" 200 4150
186.103.156.24 - - [13/Apr/2017:16:44:30 -0300] "GET /cormun/servlet/solicitudot?INS,0,0, HTTP/1.1" 200 12804
186.103.156.24 - - [13/Apr/2017:16:44:31 -0300] "GET /cormun/static/gxcfg.js?20171191042720 HTTP/1.1" 200 953
186.103.156.24 - - [13/Apr/2017:16:44:31 -0300] "GET /cormun/static/Resources/prompt.gif HTTP/1.1" 200 902
186.103.156.24 - - [13/Apr/2017:16:44:32 -0300] "GET /cormun/static/solicitudot.js?2017119104297 HTTP/1.1" 200 63948
186.103.156.24 - - [13/Apr/2017:16:44:32 -0300] "GET /cormun/servlet/solicitudot?INS,0,0, HTTP/1.1" 200 12809
186.103.156.24 - - [13/Apr/2017:16:44:35 -0300] "GET /cormun/static/Resources/resize.gif HTTP/1.1" 200 77
186.103.156.24 - - [13/Apr/2017:16:44:36 -0300] "GET /cormun/servlet/prfichaempleado?,MD,,gxPopupLevel%3D0%3B HTTP/1.1" 200 8829
186.103.156.24 - - [13/Apr/2017:16:44:36 -0300] "GET /cormun/static/gxcfg.js?2017319125415 HTTP/1.1" 200 953
186.103.156.24 - - [13/Apr/2017:16:44:36 -0300] "GET /cormun/static/Resources/PXToolsMenuSearchCancel.png HTTP/1.1" 200 2972
186.103.156.24 - - [13/Apr/2017:16:44:36 -0300] "GET /cormun/static/menusearch.js?201610171694467 HTTP/1.1" 200 1424
186.103.156.24 - - [13/Apr/2017:16:44:36 -0300] "GET /cormun/static/hmpwkw011.js?201731711483558 HTTP/1.1" 200 1968
186.103.156.24 - - [13/Apr/2017:16:44:36 -0300] "GET /cormun/static/Resources/PXToolsMenuSearch.png HTTP/1.1" 200 2914
186.103.156.24 - - [13/Apr/2017:16:44:36 -0300] "GET /cormun/static/prfichaempleado.js?20173191254344 HTTP/1.1" 200 15951
192.168.10.13 - - [13/Apr/2017:16:44:43 -0300] "GET / HTTP/1.1" 200 11217
186.103.156.24 - - [13/Apr/2017:16:44:52 -0300] "POST /cormun/servlet/prfichaempleado?2ae15a5e509b76da37425fbda8293660,,MD,,gxPopupLevel%3D0%3B,gx-no-cache=1492112799941 HTTP/1.1" 200 3180
186.103.157.246 - - [13/Apr/2017:16:45:36 -0300] "GET /cormun/servlet/hlogin HTTP/1.1" 200 1732
186.103.156.24 - - [13/Apr/2017:16:45:42 -0300] "POST /cormun/servlet/solicitudot?gx-no-cache=1492112855420 HTTP/1.1" 200 3081
192.168.10.13 - - [13/Apr/2017:16:45:43 -0300] "GET / HTTP/1.1" 200 11217
186.103.156.24 - - [13/Apr/2017:16:45:43 -0300] "POST /cormun/servlet/solicitudot?2ae15a5e509b76da37425fbda8293660,INS,0,0,,gx-no-cache=1492112855683 HTTP/1.1" 200 9871
186.103.156.24 - - [13/Apr/2017:16:45:50 -0300] "GET /cormun/servlet/solicitudot?8bf4579420714abd5bd07ff33f9a6a2821b82467a90841aa22cb4fc1f703e69060c021f5503b8f96f42ddfd17335b268,gx-no-cache=1492112862218 HTTP/1.1" 200 30
186.79.10.156 - - [13/Apr/2017:16:46:27 -0300] "GET /cormun/servlet/hhome HTTP/1.1" 200 3326
186.79.10.156 - - [13/Apr/2017:16:46:28 -0300] "GET /cormun/static/Resources/Spanish/PXTools.css?11294912 HTTP/1.1" 304 -
186.79.10.156 - - [13/Apr/2017:16:46:28 -0300] "GET /cormun/static/gxcfg.js?201731711483497 HTTP/1.1" 304 -
186.79.10.156 - - [13/Apr/2017:16:46:28 -0300] "GET /cormun/static/hhome.js?20173171148352 HTTP/1.1" 304 -
186.79.10.156 - - [13/Apr/2017:16:46:28 -0300] "GET /cormun/static/hwchdr01.js?201731711335950 HTTP/1.1" 304 -
186.79.10.156 - - [13/Apr/2017:16:46:28 -0300] "GET /cormun/static/hpexe_recentlink.js?201610171694390 HTTP/1.1" 304 -
186.79.10.156 - - [13/Apr/2017:16:46:28 -0300] "GET /cormun/static/hpexe_scripts.js?201731711335890 HTTP/1.1" 304 -
186.79.10.156 - - [13/Apr/2017:16:46:28 -0300] "GET /cormun/static/hpexe_messagecontroller.js?201610171694323 HTTP/1.1" 304 -
186.79.10.156 - - [13/Apr/2017:16:46:28 -0300] "GET /cormun/static/hpexe_messagepopupcomponent.js?20161017169425 HTTP/1.1" 304 -
186.79.10.156 - - [13/Apr/2017:16:46:28 -0300] "GET /cormun/static/hpexe_messagegenexuscomponent.js?201731711335537 HTTP/1.1" 304 -
186.79.10.156 - - [13/Apr/2017:16:46:28 -0300] "GET /cormun/static/cmcontrolpreferences.js?201731711335852 HTTP/1.1" 304 -
186.79.10.156 - - [13/Apr/2017:16:46:28 -0300] "GET /cormun/static/hmpwkw03.js?201731711485354 HTTP/1.1" 304 -
186.79.10.156 - - [13/Apr/2017:16:46:28 -0300] "GET /cormun/static/messages.spa.js?85251 HTTP/1.1" 200 30736
186.79.10.156 - - [13/Apr/2017:16:46:29 -0300] "GET /cormun/servlet/hhome HTTP/1.1" 200 3336
186.79.10.156 - - [13/Apr/2017:16:46:30 -0300] "GET /cormun/servlet/hlogin HTTP/1.1" 200 1734
186.79.10.156 - - [13/Apr/2017:16:46:30 -0300] "GET /cormun/static/hlogin.js?201741110203211 HTTP/1.1" 304 -
186.79.10.156 - - [13/Apr/2017:16:46:32 -0300] "GET /cormun/static/gxcfg.js?201741110203197 HTTP/1.1" 304 -
186.103.159.230 - - [13/Apr/2017:16:46:36 -0300] "POST /cormun/servlet/solicitudot?9a0b21c3d6c621a8d7295cf12608c124,INS,0,0,,gx-no-cache=1492112857005 HTTP/1.1" 200 93
186.103.159.230 - - [13/Apr/2017:16:46:36 -0300] "GET /cormun/servlet/hpexe_return? HTTP/1.1" 200 1001
186.103.159.230 - - [13/Apr/2017:16:46:36 -0300] "GET /cormun/servlet/trsolicitudot HTTP/1.1" 200 8229
186.103.159.230 - - [13/Apr/2017:16:46:37 -0300] "GET /cormun/servlet/trsolicitudot HTTP/1.1" 200 8224
192.168.10.13 - - [13/Apr/2017:16:46:43 -0300] "GET / HTTP/1.1" 200 11217
192.168.10.13 - - [13/Apr/2017:16:47:43 -0300] "GET / HTTP/1.1" 200 11217
186.103.156.24 - - [13/Apr/2017:16:48:17 -0300] "POST /cormun/servlet/solicitudot?gx-no-cache=1492113026795 HTTP/1.1" 200 240
186.103.156.24 - - [13/Apr/2017:16:48:25 -0300] "GET /cormun/servlet/solicitudot?8bf4579420714abd5bd07ff33f9a6a2835a92bc6deaab1c5cf0b623d251201a99bf906e6babe28b0f627c8046fcf8ad8241401423857940eecddb080dcaeb08679de8112f20c2139c107277f2ea18139b201662e9a8a1276791fa948f8982e06cb79ac1bdc223897cfa325ee968ddc5f209ebb18d9cc7638647e4b0d9a6dd86d5b5bbc4c6e4ff80572f769583ccaa824a1928eceb7db02d95c6e71441f15dab20a2ce17e7467f80f9f99048a2699d61f3f9d34de77e55834aa68263ea4a26ca831c9283a1525cd3a5bae7b9a9cb9497b0110b5f9ce19cddd42e38c5f7592f807d1e57c9aa7aa26dab49456e2196aa676164286d107aeff4106a58877e83f261bfa2093769d0542e0cb712c730bfae220a4bb537e87f8189088e2b9b12f9239c3087235a11f14b3b702d6a156292377813246633f0057d3e4d9669698d482f2edfe59e72695361c833ba9feb74f445525c9fc20bd699d80e83d9c0b8ff3f59863cca4796ceb3d38e06510f37acc32325974d9cde1583df28c923f77900bda8436,gx-no-cache=1492113032995 HTTP/1.1" 200 30
186.103.156.24 - - [13/Apr/2017:16:48:28 -0300] "POST /cormun/servlet/solicitudot?gx-no-cache=1492113039133 HTTP/1.1" 200 255
186.103.156.24 - - [13/Apr/2017:16:48:34 -0300] "POST /cormun/servlet/solicitudot?gx-no-cache=1492113045924 HTTP/1.1" 200 240
186.103.156.24 - - [13/Apr/2017:16:48:41 -0300] "GET /cormun/servlet/solicitudot?8bf4579420714abd5bd07ff33f9a6a2835a92bc6deaab1c5cf0b623d251201a99bf906e6babe28b0f627c8046fcf8ad8241401423857940eecddb080dcaeb08679de8112f20c2139c107277f2ea18139b201662e9a8a1276791fa948f8982e06cb79ac1bdc223897cfa325ee968ddc5f209ebb18d9cc7638647e4b0d9a6dd86d5b5bbc4c6e4ff80572f769583ccaa824a1928eceb7db02d95c6e71441f15dab20a2ce17e7467f80f9f99048a2699d61f3f9d34de77e55834aa68263ea4a26ca831c9283a1525cd3a5bae7b9a9cb9497b0110b5f9ce19cddd42e38c5f7592f807d1e57c9aa7aa26dab49456e2196aa676164286d107aeff4106a58877e83f261bfa2093769d0542e0cb712c730bfae220a4bb537e87f8189088e2b9b12f9239c3087235a11f14b3b702d6a156292377813246633f0057d3e4d9669698d482f2edfe59e72695361c833ba9feb74f445525c9fc20bd699d80e83d9c0b8ff3f59863cca4796ceb3d38e06510f37acc3232593302c895c343f6eee57e9665af9270ab,gx-no-cache=1492113052128 HTTP/1.1" 200 30
192.168.10.13 - - [13/Apr/2017:16:48:43 -0300] "GET / HTTP/1.1" 200 11217
186.103.156.24 - - [13/Apr/2017:16:48:43 -0300] "POST /cormun/servlet/solicitudot?gx-no-cache=1492113055949 HTTP/1.1" 200 30
186.103.156.24 - - [13/Apr/2017:16:48:47 -0300] "GET /cormun/servlet/prfichaempleado?,MD,,gxPopupLevel%3D0%3B HTTP/1.1" 200 8829
186.103.156.24 - - [13/Apr/2017:16:49:08 -0300] "POST /cormun/servlet/prfichaempleado?2ae15a5e509b76da37425fbda8293660,,MD,,gxPopupLevel%3D0%3B,gx-no-cache=1492113076248 HTTP/1.1" 200 3408
186.103.156.24 - - [13/Apr/2017:16:49:25 -0300] "POST /cormun/servlet/solicitudot?gx-no-cache=1492113098129 HTTP/1.1" 200 1292
186.103.156.24 - - [13/Apr/2017:16:49:25 -0300] "GET /cormun/static/menuarrow.gif HTTP/1.1" 404 1015
186.103.159.230 - - [13/Apr/2017:16:49:30 -0300] "POST /cormun/servlet/trsolicitudot?9a0b21c3d6c621a8d7295cf12608c124,gx-no-cache=1492113031452 HTTP/1.1" 200 4341
186.103.159.230 - - [13/Apr/2017:16:49:30 -0300] "GET /cormun/static/Shared/jqueryui/images/ui-bg_highlight-soft_100_c6c2c8_1x100.png HTTP/1.1" 404 1117
186.103.159.230 - - [13/Apr/2017:16:49:31 -0300] "GET /cormun/static/Shared/jqueryui/images/ui-bg_flat_55_fafafa_40x100.png HTTP/1.1" 404 1097
186.103.159.230 - - [13/Apr/2017:16:49:31 -0300] "GET /cormun/static/Shared/jqueryui/images/ui-icons_8d78a5_256x240.png HTTP/1.1" 404 1089
186.103.159.230 - - [13/Apr/2017:16:49:31 -0300] "GET /cormun/static/Shared/jqueryui/images/ui-icons_82798d_256x240.png HTTP/1.1" 404 1089
186.103.159.230 - - [13/Apr/2017:16:49:31 -0300] "POST /cormun/servlet/trsolicitudot?9a0b21c3d6c621a8d7295cf12608c124,gx-no-cache=1492113032207 HTTP/1.1" 200 4114
186.103.159.230 - - [13/Apr/2017:16:49:37 -0300] "GET /cormun/servlet/trautorizarsolicitud? HTTP/1.1" 200 8619
186.103.159.230 - - [13/Apr/2017:16:49:37 -0300] "GET /cormun/static/gxcfg.js?2017259112829 HTTP/1.1" 304 -
186.103.159.230 - - [13/Apr/2017:16:49:38 -0300] "GET /cormun/servlet/trautorizarsolicitud? HTTP/1.1" 200 8618
186.103.156.24 - - [13/Apr/2017:16:49:39 -0300] "POST /cormun/servlet/solicitudot?gx-no-cache=1492113112930 HTTP/1.1" 200 41
192.168.10.13 - - [13/Apr/2017:16:49:43 -0300] "GET / HTTP/1.1" 200 11217
186.103.156.24 - - [13/Apr/2017:16:49:57 -0300] "GET /cormun/servlet/solicitudot?8bf4579420714abd5bd07ff33f9a6a282324f403348d50ed89454d08355993b9619e7b18b70841358166dff9c189ab1ef5d92bac9fcc94d751d53e3b2ad5ce387c8e07e86921cc259e9953bf6049ac30d944d052a774a1a252636af1299eef203387fb92bad2f5510df23e92573de4a9,gx-no-cache=1492113134359 HTTP/1.1" 200 29
186.103.156.24 - - [13/Apr/2017:16:50:00 -0300] "POST /cormun/servlet/solicitudot?gx-no-cache=1492113135147 HTTP/1.1" 200 1274
186.103.156.24 - - [13/Apr/2017:16:50:02 -0300] "POST /cormun/servlet/solicitudot?gx-no-cache=1492113136957 HTTP/1.1" 200 1157
186.103.159.230 - - [13/Apr/2017:16:50:07 -0300] "POST /cormun/servlet/trautorizarsolicitud?9a0b21c3d6c621a8d7295cf12608c124,,gx-no-cache=1492113068267 HTTP/1.1" 200 5404
186.103.159.230 - - [13/Apr/2017:16:50:07 -0300] "GET /cormun/static/Shared/jqueryui/images/ui-bg_highlight-soft_100_c6c2c8_1x100.png HTTP/1.1" 404 1117
186.103.159.230 - - [13/Apr/2017:16:50:07 -0300] "GET /cormun/static/Shared/jqueryui/images/ui-bg_flat_55_fafafa_40x100.png HTTP/1.1" 404 1097
186.103.159.230 - - [13/Apr/2017:16:50:07 -0300] "GET /cormun/static/Shared/jqueryui/images/ui-icons_82798d_256x240.png HTTP/1.1" 404 1089
186.103.159.230 - - [13/Apr/2017:16:50:07 -0300] "GET /cormun/static/Shared/jqueryui/images/ui-icons_8d78a5_256x240.png HTTP/1.1" 404 1089
186.103.159.230 - - [13/Apr/2017:16:50:08 -0300] "POST /cormun/servlet/trautorizarsolicitud?9a0b21c3d6c621a8d7295cf12608c124,,gx-no-cache=1492113069044 HTTP/1.1" 200 5348
186.103.159.230 - - [13/Apr/2017:16:50:14 -0300] "POST /cormun/servlet/trautorizarsolicitud?9a0b21c3d6c621a8d7295cf12608c124,,gx-no-cache=1492113075042 HTTP/1.1" 200 115
186.103.159.230 - - [13/Apr/2017:16:50:14 -0300] "GET /cormun/servlet/solicitudotlog?INS,2017,6071,0,ANU, HTTP/1.1" 200 5760
186.103.159.230 - - [13/Apr/2017:16:50:15 -0300] "GET /cormun/servlet/solicitudotlog?INS,2017,6071,0,ANU, HTTP/1.1" 200 5760
186.103.159.230 - - [13/Apr/2017:16:50:16 -0300] "GET /cormun/servlet/solicitudotlog?2a586a6da71498e2c72794d0ea98aedc62977d8c9224e8d746e4486b824c03e69a8b718a5b84843f9fdb069149a1af9819693e554fd63971f18777bf92517dea36ea0098b8b5d364d8dcedbb9e57b0a82377679a782ddb29fd88455c17a1e7ca87a85f664b4247955ccfd1765edd32852454714192d6228bbe3182e3070914318a824a347f492dbb62ae16a7790a3dc32b0aad3439e405cb8f9314d4f740ff64,gx-no-cache=1492113077363 HTTP/1.1" 200 94
186.103.156.24 - - [13/Apr/2017:16:50:31 -0300] "POST /cormun/servlet/solicitudot?gx-no-cache=1492113168521 HTTP/1.1" 200 1274
186.103.156.24 - - [13/Apr/2017:16:50:31 -0300] "POST /cormun/servlet/solicitudot?gx-no-cache=1492113170833 HTTP/1.1" 200 1157
186.103.156.24 - - [13/Apr/2017:16:50:31 -0300] "GET /cormun/servlet/solicitudot?8bf4579420714abd5bd07ff33f9a6a28d64ed19f501b9356c4574ed65a1d8e3d28ab74acdc0750a0c1294227d3f4a309166873e48f746b29900dacabd8d6599043145c2204525f46cc8b9a03b782240bcd5ab245f5560efdf0529aff71f1dc2e6d1cb695ee32d68d8aa9dc372be4d36ae06a38f4265eea687b5595e821beaa774fb181366aea396cd18d62d60fa9125951cb13725968ea5b438d376ff207b171b5ad105d73555d8fd1a014caf1e7643a,gx-no-cache=1492113171105 HTTP/1.1" 200 30
186.103.159.230 - - [13/Apr/2017:16:50:38 -0300] "POST /cormun/servlet/solicitudotlog?9a0b21c3d6c621a8d7295cf12608c124,INS,2017,6071,0,ANU,,gx-no-cache=1492113099523 HTTP/1.1" 200 93
186.103.159.230 - - [13/Apr/2017:16:50:38 -0300] "GET /cormun/servlet/hpexe_return? HTTP/1.1" 200 1023
186.103.159.230 - - [13/Apr/2017:16:50:42 -0300] "GET /cormun/servlet/trautorizarsolicitud? HTTP/1.1" 200 6897
192.168.10.13 - - [13/Apr/2017:16:50:42 -0300] "GET / HTTP/1.1" 200 11217
186.103.159.230 - - [13/Apr/2017:16:50:43 -0300] "GET /cormun/servlet/trautorizarsolicitud? HTTP/1.1" 200 6894
186.103.159.230 - - [13/Apr/2017:16:50:46 -0300] "GET /cormun/servlet/trsolicitudot? HTTP/1.1" 200 6939
186.103.159.230 - - [13/Apr/2017:16:50:47 -0300] "GET /cormun/servlet/trsolicitudot? HTTP/1.1" 200 6939
186.103.159.230 - - [13/Apr/2017:16:50:49 -0300] "GET /cormun/servlet/trautorizarsolicitud? HTTP/1.1" 200 6894
186.103.159.230 - - [13/Apr/2017:16:50:50 -0300] "GET /cormun/servlet/trautorizarsolicitud? HTTP/1.1" 200 6894
186.103.159.230 - - [13/Apr/2017:16:50:53 -0300] "GET /cormun/servlet/trsolicitudot? HTTP/1.1" 200 6939
186.103.159.230 - - [13/Apr/2017:16:50:53 -0300] "GET /cormun/servlet/trsolicitudot? HTTP/1.1" 200 6939
186.103.159.230 - - [13/Apr/2017:16:50:56 -0300] "GET /cormun/servlet/solicitudot?INS,0,0, HTTP/1.1" 200 12774
186.103.156.24 - - [13/Apr/2017:16:50:57 -0300] "GET /cormun/servlet/solicitudot?8bf4579420714abd5bd07ff33f9a6a28d64ed19f501b9356c4574ed65a1d8e3d175cdd4a3573566e15bfca262788cfadf90391e1b8a1f266066662985be2471116a63696831fd9c6230cb53e660eef67d2f2a684081b9483997e136a2d064abdecb55acd78d0e15369dc0da37f718039afada21afbbd02b72ae8866a4379af58628ea3e7dec40ff816a0eaa7b9411d978b7a8755106b779a06a6381d0e27bba7e547a1a11787631f5c488665b79add38ad3b52fe8433229cd65536c326cdc03b,gx-no-cache=1492113199418 HTTP/1.1" 200 30
186.103.159.230 - - [13/Apr/2017:16:50:57 -0300] "GET /cormun/servlet/solicitudot?INS,0,0, HTTP/1.1" 200 12779
186.103.156.24 - - [13/Apr/2017:16:51:29 -0300] "POST /cormun/servlet/solicitudot?2ae15a5e509b76da37425fbda8293660,INS,0,0,,gx-no-cache=1492113234898 HTTP/1.1" 200 93
186.103.156.24 - - [13/Apr/2017:16:51:30 -0300] "GET /cormun/servlet/hpexe_return? HTTP/1.1" 200 1010
186.103.156.24 - - [13/Apr/2017:16:51:30 -0300] "GET /cormun/servlet/trsolicitudot? HTTP/1.1" 200 8294
186.103.156.24 - - [13/Apr/2017:16:51:31 -0300] "GET /cormun/servlet/trsolicitudot? HTTP/1.1" 200 8289
192.168.10.13 - - [13/Apr/2017:16:51:43 -0300] "GET / HTTP/1.1" 200 11217
186.103.156.24 - - [13/Apr/2017:16:51:55 -0300] "POST /cormun/servlet/trsolicitudot?2ae15a5e509b76da37425fbda8293660,,gx-no-cache=1492113260683 HTTP/1.1" 200 5726
186.103.156.24 - - [13/Apr/2017:16:51:55 -0300] "GET /cormun/static/Shared/jqueryui/images/ui-bg_highlight-soft_100_c6c2c8_1x100.png HTTP/1.1" 404 1117
186.103.156.24 - - [13/Apr/2017:16:51:55 -0300] "GET /cormun/static/Shared/jqueryui/images/ui-icons_82798d_256x240.png HTTP/1.1" 404 1089
186.103.156.24 - - [13/Apr/2017:16:51:55 -0300] "GET /cormun/static/Shared/jqueryui/images/ui-icons_8d78a5_256x240.png HTTP/1.1" 404 1089
186.103.156.24 - - [13/Apr/2017:16:51:55 -0300] "GET /cormun/static/Shared/jqueryui/images/ui-bg_flat_55_fafafa_40x100.png HTTP/1.1" 404 1097
186.103.156.24 - - [13/Apr/2017:16:52:06 -0300] "POST /cormun/servlet/trsolicitudot?2ae15a5e509b76da37425fbda8293660,,gx-no-cache=1492113268903 HTTP/1.1" 200 106
186.103.156.24 - - [13/Apr/2017:16:52:06 -0300] "GET /cormun/servlet/trsolicitudadjuntos?2017,6076, HTTP/1.1" 200 6105
186.103.156.24 - - [13/Apr/2017:16:52:07 -0300] "GET /cormun/servlet/trsolicitudadjuntos?2017,6076, HTTP/1.1" 200 6105
186.103.156.24 - - [13/Apr/2017:16:52:13 -0300] "GET /cormun/servlet/solicitudotadjuntos?INS,2017,6076,,1, HTTP/1.1" 200 6041
186.103.156.24 - - [13/Apr/2017:16:52:14 -0300] "GET /cormun/static/about:blank HTTP/1.1" 404 1011
186.103.156.24 - - [13/Apr/2017:16:52:14 -0300] "GET /cormun/servlet/solicitudotadjuntos?INS,2017,6076,,1, HTTP/1.1" 200 6035
186.103.156.24 - - [13/Apr/2017:16:52:14 -0300] "GET /cormun/servlet/solicitudotadjuntos?8bf4579420714abd5bd07ff33f9a6a2839e0040a673048a9caf87b6c40cda292d2c1744d61e60aa32966fea8a7297399,gx-no-cache=1492113284511 HTTP/1.1" 200 30
186.103.156.24 - - [13/Apr/2017:16:52:15 -0300] "POST /cormun/servlet/solicitudotadjuntos?2ae15a5e509b76da37425fbda8293660,INS,2017,6076,,1,,gx-no-cache=1492113284613 HTTP/1.1" 200 3865
186.103.156.24 - - [13/Apr/2017:16:52:20 -0300] "POST /cormun/servlet/solicitudotadjuntos?gx-no-cache=1492113290510 HTTP/1.1" 200 26
186.103.156.24 - - [13/Apr/2017:16:52:26 -0300] "GET /cormun/servlet/solicitudotadjuntos?8bf4579420714abd5bd07ff33f9a6a28b2755d8bb9a5b1504817960f3f2180cd,gx-no-cache=1492113296668 HTTP/1.1" 200 30
186.103.156.24 - - [13/Apr/2017:16:52:26 -0300] "GET /cormun/servlet/solicitudotadjuntos?8bf4579420714abd5bd07ff33f9a6a28b2755d8bb9a5b1504817960f3f2180cd,gx-no-cache=1492113296746 HTTP/1.1" 200 30
192.168.10.13 - - [13/Apr/2017:16:52:43 -0300] "GET / HTTP/1.1" 200 11217
186.103.156.24 - - [13/Apr/2017:16:53:04 -0300] "POST /cormun/servlet/solicitudotadjuntos?2ae15a5e509b76da37425fbda8293660,INS,2017,6076,,1, HTTP/1.1" 200 116
186.103.156.24 - - [13/Apr/2017:16:53:05 -0300] "GET /cormun/servlet/hpexe_return? HTTP/1.1" 200 1029
186.103.156.24 - - [13/Apr/2017:16:53:05 -0300] "GET /cormun/servlet/trsolicitudadjuntos?2017,6076, HTTP/1.1" 200 8273
186.103.156.24 - - [13/Apr/2017:16:53:08 -0300] "GET /cormun/servlet/trsolicitudadjuntos?2017,6076, HTTP/1.1" 200 8269
186.103.156.24 - - [13/Apr/2017:16:53:17 -0300] "GET /cormun/servlet/solicitudotadjuntos?INS,2017,6076,,1, HTTP/1.1" 200 6042
186.103.156.24 - - [13/Apr/2017:16:53:18 -0300] "GET /cormun/servlet/solicitudotadjuntos?INS,2017,6076,,1, HTTP/1.1" 200 6036
186.103.156.24 - - [13/Apr/2017:16:53:18 -0300] "GET /cormun/servlet/solicitudotadjuntos?8bf4579420714abd5bd07ff33f9a6a2839e0040a673048a9caf87b6c40cda292d2c1744d61e60aa32966fea8a7297399,gx-no-cache=1492113349698 HTTP/1.1" 200 30
186.103.156.24 - - [13/Apr/2017:16:53:20 -0300] "POST /cormun/servlet/solicitudotadjuntos?2ae15a5e509b76da37425fbda8293660,INS,2017,6076,,1,,gx-no-cache=1492113349910 HTTP/1.1" 200 3865
186.103.156.24 - - [13/Apr/2017:16:53:23 -0300] "GET /cormun/static/about:blank HTTP/1.1" 404 1011
186.103.156.24 - - [13/Apr/2017:16:53:24 -0300] "POST /cormun/servlet/solicitudotadjuntos?gx-no-cache=1492113356629 HTTP/1.1" 200 26
186.103.156.24 - - [13/Apr/2017:16:53:37 -0300] "GET /cormun/servlet/solicitudotadjuntos?8bf4579420714abd5bd07ff33f9a6a28b2755d8bb9a5b1504817960f3f2180cd,gx-no-cache=1492113371130 HTTP/1.1" 200 30
186.103.156.24 - - [13/Apr/2017:16:53:38 -0300] "GET /cormun/servlet/solicitudotadjuntos?8bf4579420714abd5bd07ff33f9a6a28b2755d8bb9a5b1504817960f3f2180cd,gx-no-cache=1492113371254 HTTP/1.1" 200 30
192.168.10.13 - - [13/Apr/2017:16:53:43 -0300] "GET / HTTP/1.1" 200 11217
186.103.156.24 - - [13/Apr/2017:16:53:47 -0300] "POST /cormun/servlet/solicitudotadjuntos?2ae15a5e509b76da37425fbda8293660,INS,2017,6076,,1, HTTP/1.1" 200 116
186.103.156.24 - - [13/Apr/2017:16:53:48 -0300] "GET /cormun/servlet/hpexe_return? HTTP/1.1" 200 1029
186.103.156.24 - - [13/Apr/2017:16:53:48 -0300] "GET /cormun/servlet/trsolicitudadjuntos?2017,6076, HTTP/1.1" 200 8465
186.103.156.24 - - [13/Apr/2017:16:53:50 -0300] "GET /cormun/servlet/trsolicitudadjuntos?2017,6076, HTTP/1.1" 200 8462
186.103.156.24 - - [13/Apr/2017:16:53:55 -0300] "GET /cormun/servlet/solicitudotadjuntos?INS,2017,6076,,1, HTTP/1.1" 200 6042
186.103.156.24 - - [13/Apr/2017:16:53:55 -0300] "GET /cormun/static/about:blank HTTP/1.1" 404 1011
186.103.156.24 - - [13/Apr/2017:16:53:55 -0300] "GET /cormun/servlet/solicitudotadjuntos?INS,2017,6076,,1, HTTP/1.1" 200 6035
186.103.156.24 - - [13/Apr/2017:16:53:56 -0300] "GET /cormun/servlet/solicitudotadjuntos?8bf4579420714abd5bd07ff33f9a6a2839e0040a673048a9caf87b6c40cda292d2c1744d61e60aa32966fea8a7297399,gx-no-cache=1492113390448 HTTP/1.1" 200 30
186.103.156.24 - - [13/Apr/2017:16:53:57 -0300] "POST /cormun/servlet/solicitudotadjuntos?2ae15a5e509b76da37425fbda8293660,INS,2017,6076,,1,,gx-no-cache=1492113390562 HTTP/1.1" 200 3866
186.103.156.24 - - [13/Apr/2017:16:54:12 -0300] "POST /cormun/servlet/solicitudotadjuntos?gx-no-cache=1492113406716 HTTP/1.1" 200 26
186.103.156.24 - - [13/Apr/2017:16:54:21 -0300] "GET /cormun/servlet/solicitudotadjuntos?8bf4579420714abd5bd07ff33f9a6a28b2755d8bb9a5b1504817960f3f2180cd,gx-no-cache=1492113416969 HTTP/1.1" 200 30
186.103.156.24 - - [13/Apr/2017:16:54:22 -0300] "GET /cormun/servlet/solicitudotadjuntos?8bf4579420714abd5bd07ff33f9a6a28b2755d8bb9a5b1504817960f3f2180cd,gx-no-cache=1492113417783 HTTP/1.1" 200 30
186.103.156.24 - - [13/Apr/2017:16:54:31 -0300] "POST /cormun/servlet/solicitudotadjuntos?2ae15a5e509b76da37425fbda8293660,INS,2017,6076,,1, HTTP/1.1" 200 116
186.103.156.24 - - [13/Apr/2017:16:54:31 -0300] "GET /cormun/servlet/hpexe_return? HTTP/1.1" 200 1029
186.103.156.24 - - [13/Apr/2017:16:54:32 -0300] "GET /cormun/servlet/trsolicitudadjuntos?2017,6076, HTTP/1.1" 200 8626
186.103.156.24 - - [13/Apr/2017:16:54:33 -0300] "GET /cormun/servlet/trsolicitudadjuntos?2017,6076, HTTP/1.1" 200 8626
186.103.156.24 - - [13/Apr/2017:16:54:35 -0300] "GET /cormun/servlet/solicitudotadjuntos?INS,2017,6076,,1, HTTP/1.1" 200 6042
186.103.156.24 - - [13/Apr/2017:16:54:36 -0300] "GET /cormun/static/about:blank HTTP/1.1" 404 1011
186.103.156.24 - - [13/Apr/2017:16:54:36 -0300] "GET /cormun/servlet/solicitudotadjuntos?INS,2017,6076,,1, HTTP/1.1" 200 6036
186.103.156.24 - - [13/Apr/2017:16:54:36 -0300] "GET /cormun/servlet/solicitudotadjuntos?8bf4579420714abd5bd07ff33f9a6a2839e0040a673048a9caf87b6c40cda292d2c1744d61e60aa32966fea8a7297399,gx-no-cache=1492113433304 HTTP/1.1" 200 30
186.103.156.24 - - [13/Apr/2017:16:54:37 -0300] "POST /cormun/servlet/solicitudotadjuntos?2ae15a5e509b76da37425fbda8293660,INS,2017,6076,,1,,gx-no-cache=1492113433424 HTTP/1.1" 200 3866
186.103.159.230 - - [13/Apr/2017:16:54:39 -0300] "POST /cormun/servlet/solicitudot?gx-no-cache=1492113339905 HTTP/1.1" 200 3189
186.103.159.230 - - [13/Apr/2017:16:54:39 -0300] "POST /cormun/servlet/solicitudot?9a0b21c3d6c621a8d7295cf12608c124,INS,0,0,,gx-no-cache=1492113340312 HTTP/1.1" 200 9975
186.103.156.24 - - [13/Apr/2017:16:54:42 -0300] "POST /cormun/servlet/solicitudotadjuntos?gx-no-cache=1492113439520 HTTP/1.1" 200 26
192.168.10.13 - - [13/Apr/2017:16:54:43 -0300] "GET / HTTP/1.1" 200 11217
186.103.159.230 - - [13/Apr/2017:16:54:48 -0300] "GET /cormun/servlet/solicitudot?2a586a6da71498e2c72794d0ea98aedc824b96d20f4ca8a2316ac2b0e1891367f486fb8e1bfc309c08010ceeb09413af,gx-no-cache=1492113349938 HTTP/1.1" 200 30
186.103.159.230 - - [13/Apr/2017:16:54:48 -0300] "POST /cormun/servlet/solicitudot?gx-no-cache=1492113350040 HTTP/1.1" 200 297
186.103.156.24 - - [13/Apr/2017:16:54:49 -0300] "GET /cormun/servlet/solicitudotadjuntos?8bf4579420714abd5bd07ff33f9a6a28b2755d8bb9a5b1504817960f3f2180cd,gx-no-cache=1492113446936 HTTP/1.1" 200 30
186.103.159.230 - - [13/Apr/2017:16:54:49 -0300] "GET /cormun/servlet/solicitudot?2a586a6da71498e2c72794d0ea98aedc090d2e2188487a4bf760a6411d7ea5880b6130023b72d0923a11e4f8b447bca82a6dcf4d2c54dfc42913c04f42cbfc3de7f6e451221770f2d746df37f5d464b8fb342b1d506575504b7ec132c9be546c98c164e08476a58a50315eb566d42def5801f21cc2b4993fe778b6a4228ad3e6de5a97d26c2c204789f6ef090f3ea7f3f2262f8427c21f4b1118ef6bf9fad5b57f3969bff6bd28714d298d458b27ce59ebb8dd81d51c3e23b68868b74795534791b1f03968670ca7c9ff360db1db4f4151c05b72bb86d8419a0f02abfd767c318547a82da36b6db1e8423f65a705684e0983520a56a7eb89497fe8a0d064b13538b2115bdb23b7910ef3ebb6029e90df8a43293909aa3eca6259fcfb9d29d319bbf9ac10c52873129bebb7ea299a5cd6b6c6977df0f1aa7e3ad5d74358fa17fd9b557755679b6deef13a0298bcfd8d3ae60e633bbc13415993a9b9303b229ec93fec0db66794b6dfcf38e7c31a47de1d8f94541c928442a7dec6c69fd7149ad1039b35eeccde5cb7977732fcb0081c69,gx-no-cache=1492113350122 HTTP/1.1" 200 30
186.103.156.24 - - [13/Apr/2017:16:54:49 -0300] "GET /cormun/servlet/solicitudotadjuntos?8bf4579420714abd5bd07ff33f9a6a28b2755d8bb9a5b1504817960f3f2180cd,gx-no-cache=1492113447003 HTTP/1.1" 200 30
186.103.159.230 - - [13/Apr/2017:16:54:55 -0300] "POST /cormun/servlet/solicitudot?gx-no-cache=1492113356949 HTTP/1.1" 200 30
186.103.159.230 - - [13/Apr/2017:16:55:00 -0300] "POST /cormun/servlet/solicitudot?gx-no-cache=1492113361588 HTTP/1.1" 200 235
186.103.159.230 - - [13/Apr/2017:16:55:00 -0300] "POST /cormun/servlet/solicitudot?gx-no-cache=1492113362032 HTTP/1.1" 200 38
186.103.156.24 - - [13/Apr/2017:16:55:06 -0300] "POST /cormun/servlet/solicitudotadjuntos?2ae15a5e509b76da37425fbda8293660,INS,2017,6076,,1, HTTP/1.1" 200 116
186.103.156.24 - - [13/Apr/2017:16:55:06 -0300] "GET /cormun/servlet/hpexe_return? HTTP/1.1" 200 1029
186.103.156.24 - - [13/Apr/2017:16:55:07 -0300] "GET /cormun/servlet/trsolicitudadjuntos?2017,6076, HTTP/1.1" 200 8761
186.103.156.24 - - [13/Apr/2017:16:55:08 -0300] "GET /cormun/servlet/trsolicitudadjuntos?2017,6076, HTTP/1.1" 200 8757
186.103.156.24 - - [13/Apr/2017:16:55:10 -0300] "GET /cormun/servlet/solicitudotadjuntos?INS,2017,6076,,1, HTTP/1.1" 200 6042
186.103.156.24 - - [13/Apr/2017:16:55:11 -0300] "GET /cormun/static/about:blank HTTP/1.1" 404 1011
186.103.156.24 - - [13/Apr/2017:16:55:11 -0300] "GET /cormun/servlet/solicitudotadjuntos?INS,2017,6076,,1, HTTP/1.1" 200 6036
186.103.156.24 - - [13/Apr/2017:16:55:12 -0300] "GET /cormun/servlet/solicitudotadjuntos?8bf4579420714abd5bd07ff33f9a6a2839e0040a673048a9caf87b6c40cda292d2c1744d61e60aa32966fea8a7297399,gx-no-cache=1492113470179 HTTP/1.1" 200 30
186.103.156.24 - - [13/Apr/2017:16:55:13 -0300] "POST /cormun/servlet/solicitudotadjuntos?2ae15a5e509b76da37425fbda8293660,INS,2017,6076,,1,,gx-no-cache=1492113470278 HTTP/1.1" 200 3866
186.103.159.230 - - [13/Apr/2017:16:55:16 -0300] "GET /cormun/servlet/solicitudot?2a586a6da71498e2c72794d0ea98aedc29fdf1e1968373c7c8c84b0a0d8e78ee9a8b718a5b84843f9fdb069149a1af98fcb2054cd3eda5d476b98ecec4c4df5900aa7c315047e87b7859a8bf31bf6a172eb1232b891bde416493739400cef3b86758e9cc9ed978302375b59434a2e5e8,gx-no-cache=1492113376919 HTTP/1.1" 200 29
186.103.159.230 - - [13/Apr/2017:16:55:16 -0300] "POST /cormun/servlet/solicitudot?gx-no-cache=1492113377362 HTTP/1.1" 200 666
186.103.156.24 - - [13/Apr/2017:16:55:18 -0300] "POST /cormun/servlet/solicitudotadjuntos?gx-no-cache=1492113476913 HTTP/1.1" 200 26
186.103.159.230 - - [13/Apr/2017:16:55:19 -0300] "POST /cormun/servlet/solicitudot?gx-no-cache=1492113379288 HTTP/1.1" 200 1157
186.79.133.199 - - [13/Apr/2017:16:55:19 -0300] "GET /cormun/servlet/hlogin HTTP/1.1" 200 1724
186.79.133.199 - - [13/Apr/2017:16:55:19 -0300] "GET /cormun/static/gxcfg.js?201741110203197 HTTP/1.1" 304 -
186.79.133.199 - - [13/Apr/2017:16:55:19 -0300] "GET /cormun/static/messages.spa.js?85251 HTTP/1.1" 304 -
186.79.133.199 - - [13/Apr/2017:16:55:20 -0300] "GET /cormun/static/hlogin.js?201741110203211 HTTP/1.1" 304 -
186.103.156.24 - - [13/Apr/2017:16:55:24 -0300] "GET /cormun/servlet/solicitudotadjuntos?8bf4579420714abd5bd07ff33f9a6a28b2755d8bb9a5b1504817960f3f2180cd,gx-no-cache=1492113483142 HTTP/1.1" 200 30
186.103.156.24 - - [13/Apr/2017:16:55:24 -0300] "GET /cormun/servlet/solicitudotadjuntos?8bf4579420714abd5bd07ff33f9a6a28b2755d8bb9a5b1504817960f3f2180cd,gx-no-cache=1492113483633 HTTP/1.1" 200 30
186.103.156.24 - - [13/Apr/2017:16:55:35 -0300] "POST /cormun/servlet/solicitudotadjuntos?2ae15a5e509b76da37425fbda8293660,INS,2017,6076,,1, HTTP/1.1" 200 116
186.103.156.24 - - [13/Apr/2017:16:55:35 -0300] "GET /cormun/servlet/hpexe_return? HTTP/1.1" 200 1029
186.79.133.199 - - [13/Apr/2017:16:55:36 -0300] "POST /cormun/servlet/hlogin?c78c26dc336a428a33a3751322e7c3ed,gx-no-cache=1492116837632 HTTP/1.1" 200 421
186.103.156.24 - - [13/Apr/2017:16:55:36 -0300] "GET /cormun/servlet/trsolicitudadjuntos?2017,6076, HTTP/1.1" 200 8968
186.103.156.24 - - [13/Apr/2017:16:55:38 -0300] "GET /cormun/servlet/trsolicitudadjuntos?2017,6076, HTTP/1.1" 200 8968
186.79.194.25 - - [13/Apr/2017:16:55:40 -0300] "POST /cormun/servlet/solicitudot?82c9bd9defe5e0e458f38fc7a35b960d,INS,0,0,,gx-no-cache=1492113407344 HTTP/1.1" 200 11535
192.168.10.13 - - [13/Apr/2017:16:55:43 -0300] "GET / HTTP/1.1" 200 11217
186.103.156.24 - - [13/Apr/2017:16:55:44 -0300] "GET /cormun/servlet/solicitudotadjuntos?INS,2017,6076,,1, HTTP/1.1" 200 6042
186.103.156.24 - - [13/Apr/2017:16:55:45 -0300] "GET /cormun/static/about:blank HTTP/1.1" 404 1011
186.79.133.199 - - [13/Apr/2017:16:55:45 -0300] "POST /cormun/servlet/hlogin?c78c26dc336a428a33a3751322e7c3ed,gx-no-cache=1492116846831 HTTP/1.1" 200 426
186.103.156.24 - - [13/Apr/2017:16:55:46 -0300] "GET /cormun/servlet/solicitudotadjuntos?8bf4579420714abd5bd07ff33f9a6a2839e0040a673048a9caf87b6c40cda292d2c1744d61e60aa32966fea8a7297399,gx-no-cache=1492113505772 HTTP/1.1" 200 30
186.103.156.24 - - [13/Apr/2017:16:55:46 -0300] "POST /cormun/servlet/solicitudotadjuntos?2ae15a5e509b76da37425fbda8293660,INS,2017,6076,,1,,gx-no-cache=1492113505894 HTTP/1.1" 200 3866
186.103.156.24 - - [13/Apr/2017:16:55:47 -0300] "GET /cormun/servlet/solicitudotadjuntos?INS,2017,6076,,1, HTTP/1.1" 200 6035
186.103.156.24 - - [13/Apr/2017:16:55:52 -0300] "POST /cormun/servlet/solicitudotadjuntos?gx-no-cache=1492113512075 HTTP/1.1" 200 26
186.79.133.199 - - [13/Apr/2017:16:55:56 -0300] "POST /cormun/servlet/hlogin?c78c26dc336a428a33a3751322e7c3ed,gx-no-cache=1492116857957 HTTP/1.1" 200 90
186.79.133.199 - - [13/Apr/2017:16:55:57 -0300] "GET /cormun/servlet/hpexe_link HTTP/1.1" 200 953
186.79.133.199 - - [13/Apr/2017:16:55:57 -0300] "GET /cormun/static/gxcfg.js?201731711483381 HTTP/1.1" 304 -
186.79.133.199 - - [13/Apr/2017:16:55:57 -0300] "GET /cormun/servlet/hhome HTTP/1.1" 200 3785
186.79.133.199 - - [13/Apr/2017:16:55:58 -0300] "GET /cormun/static/gxcfg.js?201731711483497 HTTP/1.1" 304 -
186.79.133.199 - - [13/Apr/2017:16:56:00 -0300] "GET /cormun/servlet/hhome HTTP/1.1" 200 3785
186.103.156.24 - - [13/Apr/2017:16:56:03 -0300] "GET /cormun/servlet/solicitudotadjuntos?8bf4579420714abd5bd07ff33f9a6a28b2755d8bb9a5b1504817960f3f2180cd,gx-no-cache=1492113524882 HTTP/1.1" 200 30
186.103.156.24 - - [13/Apr/2017:16:56:03 -0300] "GET /cormun/servlet/solicitudotadjuntos?8bf4579420714abd5bd07ff33f9a6a28b2755d8bb9a5b1504817960f3f2180cd,gx-no-cache=1492113525024 HTTP/1.1" 200 30
186.103.159.230 - - [13/Apr/2017:16:56:22 -0300] "GET /cormun/servlet/solicitudot?2a586a6da71498e2c72794d0ea98aedc0243f1c826011e5ef465e94505bd6cf9eedaa11a878c60058d03960fb045e5f80ec937c96c5133d6951d04bb03c8d4edd1aa33b5a0c3b131739da3806281d9d1c4d450417e8c9487599d4dd96d78036a66c7fe08cfc3c24b28f0aa3d4683f661924cfe8dc8a4bc6bfe4697ffe9ce40d8574f1f0cd81f18ac429dc306ef252f23e96a39e3008d9866dfb7b272a6cd6063,gx-no-cache=1492113443803 HTTP/1.1" 200 30
186.103.156.24 - - [13/Apr/2017:16:56:22 -0300] "POST /cormun/servlet/solicitudotadjuntos?2ae15a5e509b76da37425fbda8293660,INS,2017,6076,,1, HTTP/1.1" 200 116
186.103.156.24 - - [13/Apr/2017:16:56:23 -0300] "GET /cormun/servlet/hpexe_return? HTTP/1.1" 200 1029
186.103.156.24 - - [13/Apr/2017:16:56:23 -0300] "GET /cormun/servlet/trsolicitudadjuntos?2017,6076, HTTP/1.1" 200 9165
186.103.156.24 - - [13/Apr/2017:16:56:25 -0300] "GET /cormun/servlet/trsolicitudadjuntos?2017,6076, HTTP/1.1" 200 9162
192.168.10.13 - - [13/Apr/2017:16:56:43 -0300] "GET / HTTP/1.1" 200 11217
186.103.156.24 - - [13/Apr/2017:16:56:44 -0300] "POST /cormun/servlet/trsolicitudadjuntos?2ae15a5e509b76da37425fbda8293660,2017,6076,,gx-no-cache=1492113567380 HTTP/1.1" 200 90
186.103.156.24 - - [13/Apr/2017:16:56:44 -0300] "GET /cormun/servlet/hpexe_link HTTP/1.1" 200 974
186.103.156.24 - - [13/Apr/2017:16:56:45 -0300] "GET /cormun/servlet/trsolicitudot? HTTP/1.1" 200 8291
186.103.156.24 - - [13/Apr/2017:16:56:46 -0300] "GET /cormun/servlet/trsolicitudot? HTTP/1.1" 200 8289
186.103.156.24 - - [13/Apr/2017:16:56:55 -0300] "POST /cormun/servlet/trsolicitudot?2ae15a5e509b76da37425fbda8293660,,gx-no-cache=1492113579540 HTTP/1.1" 200 4360
186.103.156.24 - - [13/Apr/2017:16:56:55 -0300] "GET /cormun/static/Shared/jqueryui/images/ui-icons_82798d_256x240.png HTTP/1.1" 404 1089
186.103.156.24 - - [13/Apr/2017:16:56:55 -0300] "GET /cormun/static/Shared/jqueryui/images/ui-bg_highlight-soft_100_c6c2c8_1x100.png HTTP/1.1" 404 1117
186.103.156.24 - - [13/Apr/2017:16:56:55 -0300] "GET /cormun/static/Shared/jqueryui/images/ui-bg_flat_55_fafafa_40x100.png HTTP/1.1" 404 1097
186.103.156.24 - - [13/Apr/2017:16:56:55 -0300] "GET /cormun/static/Shared/jqueryui/images/ui-icons_8d78a5_256x240.png HTTP/1.1" 404 1089
186.103.156.24 - - [13/Apr/2017:16:56:56 -0300] "POST /cormun/servlet/trsolicitudot?2ae15a5e509b76da37425fbda8293660,,gx-no-cache=1492113580397 HTTP/1.1" 200 4125
186.103.159.230 - - [13/Apr/2017:16:56:58 -0300] "GET /cormun/static/menuarrow.gif HTTP/1.1" 404 1015
186.103.156.24 - - [13/Apr/2017:16:57:06 -0300] "GET /cormun/servlet/trautorizarsolicitud? HTTP/1.1" 200 8237
186.103.156.24 - - [13/Apr/2017:16:57:07 -0300] "GET /cormun/servlet/trautorizarsolicitud? HTTP/1.1" 200 8237
186.103.156.24 - - [13/Apr/2017:16:57:11 -0300] "POST /cormun/servlet/trautorizarsolicitud?2ae15a5e509b76da37425fbda8293660,,gx-no-cache=1492113597473 HTTP/1.1" 200 4337
186.103.156.24 - - [13/Apr/2017:16:57:11 -0300] "GET /cormun/static/Shared/jqueryui/images/ui-bg_highlight-soft_100_c6c2c8_1x100.png HTTP/1.1" 404 1117
186.103.156.24 - - [13/Apr/2017:16:57:12 -0300] "GET /cormun/static/Shared/jqueryui/images/ui-icons_8d78a5_256x240.png HTTP/1.1" 404 1089
186.103.156.24 - - [13/Apr/2017:16:57:12 -0300] "GET /cormun/static/Shared/jqueryui/images/ui-bg_flat_55_fafafa_40x100.png HTTP/1.1" 404 1097
186.103.156.24 - - [13/Apr/2017:16:57:12 -0300] "GET /cormun/static/Shared/jqueryui/images/ui-icons_82798d_256x240.png HTTP/1.1" 404 1089
186.103.156.24 - - [13/Apr/2017:16:57:13 -0300] "POST /cormun/servlet/trautorizarsolicitud?2ae15a5e509b76da37425fbda8293660,,gx-no-cache=1492113597863 HTTP/1.1" 200 4105
186.103.156.24 - - [13/Apr/2017:16:57:27 -0300] "POST /cormun/servlet/trautorizarsolicitud?2ae15a5e509b76da37425fbda8293660,,gx-no-cache=1492113613506 HTTP/1.1" 200 90
186.103.156.24 - - [13/Apr/2017:16:57:27 -0300] "GET /cormun/servlet/hpexe_link HTTP/1.1" 200 969
186.103.156.24 - - [13/Apr/2017:16:57:28 -0300] "GET /cormun/servlet/trsolicitudot? HTTP/1.1" 200 6977
186.103.156.24 - - [13/Apr/2017:16:57:28 -0300] "GET /cormun/servlet/trsolicitudot? HTTP/1.1" 200 6975
192.168.10.13 - - [13/Apr/2017:16:57:43 -0300] "GET / HTTP/1.1" 200 11217
186.103.156.24 - - [13/Apr/2017:16:57:48 -0300] "GET /cormun/servlet/trvisualizadoreventos? HTTP/1.1" 200 6747
186.103.159.230 - - [13/Apr/2017:16:58:11 -0300] "GET /cormun/servlet/solicitudot?2a586a6da71498e2c72794d0ea98aedc0243f1c826011e5ef465e94505bd6cf9c1b6186e19a87274e6c0782546dd8fefa6c2b106fe331fae5a1ab6bd97915ada1f35b2e2730b16ddb681398d09f71cc09d8815a0469aac2a4a14bc5abc80faf0859a517a8aeca3751b67616a2a143f571d7ec91ad52396168a0c6653ee6f6d5be5b1b6c22ffc9b943032bbdf61184453dff3a7ccaf14a3123b95f64ea74abfd56a67226920c056d6f1fda7f132a03084,gx-no-cache=1492113552267 HTTP/1.1" 200 30
186.103.159.230 - - [13/Apr/2017:16:58:13 -0300] "POST /cormun/servlet/solicitudot?9a0b21c3d6c621a8d7295cf12608c124,INS,0,0,,gx-no-cache=1492113552455 HTTP/1.1" 200 93
186.103.159.230 - - [13/Apr/2017:16:58:13 -0300] "GET /cormun/servlet/hpexe_return? HTTP/1.1" 200 1001
186.103.159.230 - - [13/Apr/2017:16:58:14 -0300] "GET /cormun/servlet/trsolicitudot HTTP/1.1" 200 8183
186.103.159.230 - - [13/Apr/2017:16:58:15 -0300] "GET /cormun/servlet/trsolicitudot HTTP/1.1" 200 8179
186.79.133.199 - - [13/Apr/2017:16:58:17 -0300] "GET /cormun/servlet/trpermisosgoce? HTTP/1.1" 200 6544
186.79.133.199 - - [13/Apr/2017:16:58:19 -0300] "GET /cormun/servlet/trpermisosgoce? HTTP/1.1" 200 6543
186.79.133.199 - - [13/Apr/2017:16:58:24 -0300] "GET /cormun/servlet/trpermisosgoce? HTTP/1.1" 200 6543
186.79.133.199 - - [13/Apr/2017:16:58:27 -0300] "GET /cormun/servlet/trpermisosgoce? HTTP/1.1" 200 6543
186.79.133.199 - - [13/Apr/2017:16:58:34 -0300] "POST /cormun/servlet/trpermisosgoce?c78c26dc336a428a33a3751322e7c3ed,,gx-no-cache=1492117015479 HTTP/1.1" 200 4905
186.79.133.199 - - [13/Apr/2017:16:58:42 -0300] "GET /cormun/servlet/trpermisosadjuntos?12293195,20170411163748,P, HTTP/1.1" 200 6565
186.79.133.199 - - [13/Apr/2017:16:58:42 -0300] "GET /cormun/static/gxcfg.js?201731711542659 HTTP/1.1" 304 -
192.168.10.13 - - [13/Apr/2017:16:58:43 -0300] "GET / HTTP/1.1" 200 11217
186.79.133.199 - - [13/Apr/2017:16:58:44 -0300] "GET /cormun/servlet/trpermisosadjuntos?12293195,20170411163748,P, HTTP/1.1" 200 6564
186.79.133.199 - - [13/Apr/2017:16:58:47 -0300] "POST /cormun/servlet/trpermisosadjuntos?c78c26dc336a428a33a3751322e7c3ed,12293195,20170411163748,P,,gx-no-cache=1492117028037 HTTP/1.1" 200 90
186.79.133.199 - - [13/Apr/2017:16:58:47 -0300] "GET /cormun/servlet/hpexe_link HTTP/1.1" 200 986
186.79.133.199 - - [13/Apr/2017:16:58:48 -0300] "GET /cormun/servlet/trpermisosgoce? HTTP/1.1" 200 7606
186.79.133.199 - - [13/Apr/2017:16:58:49 -0300] "GET /cormun/servlet/trpermisosgoce? HTTP/1.1" 200 7605
186.103.159.230 - - [13/Apr/2017:16:58:49 -0300] "POST /cormun/servlet/trsolicitudot?9a0b21c3d6c621a8d7295cf12608c124,gx-no-cache=1492113590372 HTTP/1.1" 200 4336
186.103.159.230 - - [13/Apr/2017:16:58:49 -0300] "GET /cormun/static/Shared/jqueryui/images/ui-bg_highlight-soft_100_c6c2c8_1x100.png HTTP/1.1" 404 1117
186.103.159.230 - - [13/Apr/2017:16:58:49 -0300] "GET /cormun/static/Shared/jqueryui/images/ui-icons_82798d_256x240.png HTTP/1.1" 404 1089
186.103.159.230 - - [13/Apr/2017:16:58:49 -0300] "GET /cormun/static/Shared/jqueryui/images/ui-bg_flat_55_fafafa_40x100.png HTTP/1.1" 404 1097
186.103.159.230 - - [13/Apr/2017:16:58:49 -0300] "GET /cormun/static/Shared/jqueryui/images/ui-icons_8d78a5_256x240.png HTTP/1.1" 404 1089
186.103.159.230 - - [13/Apr/2017:16:58:50 -0300] "POST /cormun/servlet/trsolicitudot?9a0b21c3d6c621a8d7295cf12608c124,gx-no-cache=1492113590912 HTTP/1.1" 200 4116
186.79.133.199 - - [13/Apr/2017:16:58:56 -0300] "GET /cormun/servlet/trpermisosadjuntos?15105259,20170411090508,P, HTTP/1.1" 200 6099
186.79.133.199 - - [13/Apr/2017:16:58:57 -0300] "GET /cormun/servlet/trpermisosadjuntos?15105259,20170411090508,P, HTTP/1.1" 200 6099
186.79.133.199 - - [13/Apr/2017:16:58:59 -0300] "GET /cormun/servlet/permisosadjuntos?INS,15105259,P,20170411090508,, HTTP/1.1" 200 5432
186.79.133.199 - - [13/Apr/2017:16:58:59 -0300] "GET /cormun/static/permisosadjuntos.js?201741111155784 HTTP/1.1" 304 -
186.79.133.199 - - [13/Apr/2017:16:58:59 -0300] "GET /cormun/static/gxcfg.js?201741111155774 HTTP/1.1" 304 -
186.79.133.199 - - [13/Apr/2017:16:58:59 -0300] "GET /cormun/static/about:blank HTTP/1.1" 404 1011
186.79.133.199 - - [13/Apr/2017:16:59:00 -0300] "GET /cormun/servlet/permisosadjuntos?INS,15105259,P,20170411090508,, HTTP/1.1" 200 5422
186.103.159.230 - - [13/Apr/2017:16:59:04 -0300] "GET /cormun/servlet/trautorizarsolicitud? HTTP/1.1" 200 8130
186.103.159.230 - - [13/Apr/2017:16:59:05 -0300] "GET /cormun/servlet/trautorizarsolicitud? HTTP/1.1" 200 8129
192.168.10.96 - - [13/Apr/2017:16:59:25 -0300] "GET /cormun/servlet/trcontratoobservaciongral? HTTP/1.1" 200 15314
192.168.10.96 - - [13/Apr/2017:16:59:26 -0300] "GET /cormun/servlet/trsolicitudgral? HTTP/1.1" 200 24308
192.168.10.96 - - [13/Apr/2017:16:59:26 -0300] "GET /cormun/static/gxcfg.js?201732110400 HTTP/1.1" 304 -
192.168.10.96 - - [13/Apr/2017:16:59:26 -0300] "GET /cormun/static/messages.spa.js?85251 HTTP/1.1" 304 -
192.168.10.96 - - [13/Apr/2017:16:59:27 -0300] "GET /cormun/servlet/hlogin HTTP/1.1" 200 1741
192.168.10.96 - - [13/Apr/2017:16:59:27 -0300] "GET /cormun/static/gxcfg.js?201741110203197 HTTP/1.1" 304 -
192.168.10.96 - - [13/Apr/2017:16:59:27 -0300] "GET /cormun/static/hlogin.js?201741110203211 HTTP/1.1" 304 -
192.168.10.96 - - [13/Apr/2017:16:59:28 -0300] "GET /cormun/servlet/trsolicitudgral? HTTP/1.1" 200 24308
186.103.159.230 - - [13/Apr/2017:16:59:29 -0300] "POST /cormun/servlet/trautorizarsolicitud?9a0b21c3d6c621a8d7295cf12608c124,,gx-no-cache=1492113629913 HTTP/1.1" 200 4313
186.103.159.230 - - [13/Apr/2017:16:59:29 -0300] "GET /cormun/static/Shared/jqueryui/images/ui-bg_highlight-soft_100_c6c2c8_1x100.png HTTP/1.1" 404 1117
186.103.159.230 - - [13/Apr/2017:16:59:29 -0300] "GET /cormun/static/Shared/jqueryui/images/ui-icons_82798d_256x240.png HTTP/1.1" 404 1089
186.103.159.230 - - [13/Apr/2017:16:59:30 -0300] "GET /cormun/static/Shared/jqueryui/images/ui-icons_8d78a5_256x240.png HTTP/1.1" 404 1089
186.103.159.230 - - [13/Apr/2017:16:59:30 -0300] "GET /cormun/static/Shared/jqueryui/images/ui-bg_flat_55_fafafa_40x100.png HTTP/1.1" 404 1097
186.103.159.230 - - [13/Apr/2017:16:59:37 -0300] "POST /cormun/servlet/trautorizarsolicitud?9a0b21c3d6c621a8d7295cf12608c124,,gx-no-cache=1492113630912 HTTP/1.1" 200 4090
186.103.159.230 - - [13/Apr/2017:16:59:41 -0300] "GET /cormun/servlet/trsolicitudot? HTTP/1.1" 200 6939
186.103.159.230 - - [13/Apr/2017:16:59:41 -0300] "GET /cormun/servlet/trsolicitudot? HTTP/1.1" 200 6939
192.168.10.13 - - [13/Apr/2017:16:59:43 -0300] "GET / HTTP/1.1" 200 11217
192.168.10.96 - - [13/Apr/2017:16:59:43 -0300] "POST /cormun/servlet/hlogin?ad29ccaeeb81ebd1479ad72504bbc8fe,gx-no-cache=1492116858656 HTTP/1.1" 200 90
192.168.10.96 - - [13/Apr/2017:16:59:43 -0300] "GET /cormun/servlet/hpexe_link HTTP/1.1" 200 959
192.168.10.96 - - [13/Apr/2017:16:59:43 -0300] "GET /cormun/static/gxcfg.js?201731711483381 HTTP/1.1" 304 -
