186.103.158.250 - - [13/Apr/2017:16:08:30 -0300] "GET /cormun/servlet/trsolicitudot? HTTP/1.1" 200 8012
192.168.10.13 - - [13/Apr/2017:16:08:43 -0300] "GET / HTTP/1.1" 200 11217
186.79.194.25 - - [13/Apr/2017:16:09:13 -0300] "POST /cormun/servlet/solicitudot?gx-no-cache=1492110620875 HTTP/1.1" 200 1273
186.79.194.25 - - [13/Apr/2017:16:09:13 -0300] "POST /cormun/servlet/solicitudot?gx-no-cache=1492110621265 HTTP/1.1" 200 1157
192.168.10.13 - - [13/Apr/2017:16:09:43 -0300] "GET / HTTP/1.1" 200 11217
186.79.194.25 - - [13/Apr/2017:16:09:49 -0300] "GET /cormun/servlet/solicitudot?fe63a26456eae0e05729e00dc392d2828880a9db0a7e88d89b830fb39642efca1a4478b4d58c239d441913732626d2a760353750b938354126f22650d03d9b51eedc46db0712c557dcb953f9c9b6163066675901eb9a548ae945bef00e812874f6a19de187a15992493c218711bf8c8eec1de7a2a27c3404c583d2698e274231a54178597c6828142b56eaa71bbc9b5e307b6fa7693e354c97ec2f985d6540a5899f14f3c6be8e40bc199b281d83f167,gx-no-cache=1492110657097 HTTP/1.1" 200 30
186.79.194.25 - - [13/Apr/2017:16:10:42 -0300] "POST /cormun/servlet/solicitudot?827a233e4e56b7438ae93f45417cd162,INS,0,0,,gx-no-cache=1492110710018 HTTP/1.1" 200 93
192.168.10.13 - - [13/Apr/2017:16:10:43 -0300] "GET / HTTP/1.1" 200 11217
186.79.194.25 - - [13/Apr/2017:16:10:43 -0300] "GET /cormun/servlet/hpexe_return? HTTP/1.1" 200 1005
186.79.194.25 - - [13/Apr/2017:16:10:43 -0300] "GET /cormun/servlet/trsolicitudot HTTP/1.1" 200 9083
186.79.194.25 - - [13/Apr/2017:16:10:44 -0300] "GET /cormun/servlet/trsolicitudot HTTP/1.1" 200 9079
192.168.10.13 - - [13/Apr/2017:16:11:43 -0300] "GET / HTTP/1.1" 200 11217
186.79.194.25 - - [13/Apr/2017:16:12:05 -0300] "POST /cormun/servlet/trsolicitudot?827a233e4e56b7438ae93f45417cd162,gx-no-cache=1492110792249 HTTP/1.1" 200 106
186.79.194.25 - - [13/Apr/2017:16:12:05 -0300] "GET /cormun/servlet/solicitudot?UPD,2017,6073, HTTP/1.1" 200 14231
186.79.194.25 - - [13/Apr/2017:16:12:06 -0300] "GET /cormun/servlet/solicitudot?UPD,2017,6073, HTTP/1.1" 200 14240
186.79.194.25 - - [13/Apr/2017:16:12:07 -0300] "POST /cormun/servlet/solicitudot?gx-no-cache=1492110794744 HTTP/1.1" 200 3177
186.79.194.25 - - [13/Apr/2017:16:12:07 -0300] "POST /cormun/servlet/solicitudot?827a233e4e56b7438ae93f45417cd162,UPD,2017,6073,,gx-no-cache=1492110795356 HTTP/1.1" 200 10865
186.79.194.25 - - [13/Apr/2017:16:12:07 -0300] "GET /cormun/servlet/solicitudot?fe63a26456eae0e05729e00dc392d282cb06979fe535a360a86617b00c7ac18157af7a0642c85cdf227f740fee3a49ec,gx-no-cache=1492110795951 HTTP/1.1" 200 30
186.79.194.25 - - [13/Apr/2017:16:12:08 -0300] "POST /cormun/servlet/solicitudot?gx-no-cache=1492110796092 HTTP/1.1" 200 254
186.79.194.25 - - [13/Apr/2017:16:12:08 -0300] "GET /cormun/servlet/solicitudot?fe63a26456eae0e05729e00dc392d28253c802abcdcb1f5d625ab1f1bb2f4536b79bc9358ef921bbd862929883d0f2f3c9d94a987a8dfc60267cbc796dc28ca04583fff2e524826a2f30ec35055f31a9aa36bdcd389dfb11c3d04381229c9193cf850d46676df21a524f477857885ec7fba3a28184dab069d07a4065dd9dd36b050d8fed8a5ddb0c63b5f422b64d6f0348f6eccf65d0f0a182ca5f01de927351bcd11d98349d31cb95c1955afc744fe7c12100c8bdb656430cb3bc8734b266ebfc7724e68f491c0017c3ca0c4c290bf739b15aecd8d6c58f87c6d26d37d4224f915f1e29d1141eb6481331bbfbb058d2b8c7398861756bdc85cf3e9ea63de0ed87fe0f2910c97e9126ddb6408659552aa4c5c332ea390d25153741799a3c429a487e10216b33ff5471d668b35dcd4cce2b7af1607ec210f808d0fc1c455aefc8da0774b5dfdfe2fb7957e53384d2981b5bec86bd172e170047d3f4f41814ac4c509268f2952724f60d346dffb823aa36594f8370f825f195ad1806730d458a8b,gx-no-cache=1492110796241 HTTP/1.1" 200 30
186.79.194.25 - - [13/Apr/2017:16:12:08 -0300] "POST /cormun/servlet/solicitudot?gx-no-cache=1492110796364 HTTP/1.1" 200 30
186.79.194.25 - - [13/Apr/2017:16:12:08 -0300] "POST /cormun/servlet/solicitudot?gx-no-cache=1492110796512 HTTP/1.1" 200 1290
186.79.194.25 - - [13/Apr/2017:16:12:08 -0300] "POST /cormun/servlet/solicitudot?gx-no-cache=1492110796753 HTTP/1.1" 200 41
186.79.194.25 - - [13/Apr/2017:16:12:14 -0300] "GET /cormun/servlet/solicitudot?fe63a26456eae0e05729e00dc392d282d1ad79976d4147b3288eb545ea5794dc9097561365d3dd53f21c7df765cc2dd0b41d5b71ac8a9ebeb113da15b0267470cce41b6322b85178e69d47c6a5c4a4e9ab0501f23c37efc8b31694dd88169fccad92e7fba723c8d2cf6573d190e800c5f287e0fb2f09fe2f7f02cb18c32b035c243c112dd9cfa951e35f4b8c8b3b76d9811eee11e3156d2cd52988c811032bd0,gx-no-cache=1492110802390 HTTP/1.1" 200 29
186.79.194.25 - - [13/Apr/2017:16:12:15 -0300] "POST /cormun/servlet/solicitudot?gx-no-cache=1492110802588 HTTP/1.1" 200 1273
186.79.194.25 - - [13/Apr/2017:16:12:15 -0300] "POST /cormun/servlet/solicitudot?gx-no-cache=1492110803233 HTTP/1.1" 200 1157
186.79.194.25 - - [13/Apr/2017:16:12:15 -0300] "GET /cormun/servlet/solicitudot?fe63a26456eae0e05729e00dc392d2828880a9db0a7e88d89b830fb39642efca1a4478b4d58c239d441913732626d2a760353750b938354126f22650d03d9b51eedc46db0712c557dcb953f9c9b6163066675901eb9a548ae945bef00e812874f6a19de187a15992493c218711bf8c8eec1de7a2a27c3404c583d2698e274231a54178597c6828142b56eaa71bbc9b5e307b6fa7693e354c97ec2f985d6540a5899f14f3c6be8e40bc199b281d83f167,gx-no-cache=1492110803443 HTTP/1.1" 200 30
186.103.156.24 - - [13/Apr/2017:16:12:22 -0300] "GET /cormun/servlet/hlogin HTTP/1.1" 200 1717
186.103.156.24 - - [13/Apr/2017:16:12:22 -0300] "GET /cormun/static/gxcfg.js?201741110203197 HTTP/1.1" 200 953
186.103.156.24 - - [13/Apr/2017:16:12:22 -0300] "GET /cormun/static/Resources/Spanish/PXTools.css?11294912 HTTP/1.1" 200 89042
186.103.156.24 - - [13/Apr/2017:16:12:23 -0300] "GET /cormun/static/hlogin.js?201741110203211 HTTP/1.1" 304 -
186.103.156.24 - - [13/Apr/2017:16:12:23 -0300] "GET /cormun/static/Resources/PXToolsLoginTop.png HTTP/1.1" 200 1337
186.103.156.24 - - [13/Apr/2017:16:12:23 -0300] "GET /cormun/static/Resources/PXToolsLoginBackground.png HTTP/1.1" 200 1164
186.103.156.24 - - [13/Apr/2017:16:12:23 -0300] "GET /cormun/static/Resources/ComunLogin.png HTTP/1.1" 200 17326
186.103.156.24 - - [13/Apr/2017:16:12:23 -0300] "GET /cormun/static/Resources/PXToolsButtonLeft21.png HTTP/1.1" 200 1287
186.103.156.24 - - [13/Apr/2017:16:12:23 -0300] "GET /cormun/static/Resources/PXToolsButtonRight21.png HTTP/1.1" 200 1283
186.103.156.24 - - [13/Apr/2017:16:12:23 -0300] "GET /cormun/static/Resources/PXToolsButtonBackground2.png HTTP/1.1" 200 1181
186.103.156.24 - - [13/Apr/2017:16:12:23 -0300] "GET /cormun/static/Resources/PXToolsLoginBottom.png HTTP/1.1" 200 1389
186.103.156.24 - - [13/Apr/2017:16:12:23 -0300] "GET /cormun/static/messages.spa.js?85251 HTTP/1.1" 304 -
186.103.156.24 - - [13/Apr/2017:16:12:23 -0300] "GET /cormun/static/Resources/indicator.gif HTTP/1.1" 200 1553
186.103.158.250 - - [13/Apr/2017:16:12:27 -0300] "GET /cormun/servlet/treventos?2017,6072, HTTP/1.1" 200 5841
186.103.158.250 - - [13/Apr/2017:16:12:29 -0300] "GET /cormun/servlet/treventos?2017,6072, HTTP/1.1" 200 5841
186.103.158.250 - - [13/Apr/2017:16:12:32 -0300] "GET /cormun/servlet/trsolicitudot? HTTP/1.1" 200 8015
186.103.158.250 - - [13/Apr/2017:16:12:33 -0300] "GET /cormun/servlet/trsolicitudot? HTTP/1.1" 200 8012
186.103.156.24 - - [13/Apr/2017:16:12:36 -0300] "POST /cormun/servlet/hlogin?77e52900689030a5fccbc6cb012a8144,gx-no-cache=1492110837904 HTTP/1.1" 200 90
186.103.156.24 - - [13/Apr/2017:16:12:36 -0300] "GET /cormun/servlet/hpexe_link HTTP/1.1" 200 949
186.103.156.24 - - [13/Apr/2017:16:12:36 -0300] "GET /cormun/static/gxcfg.js?201731711483381 HTTP/1.1" 200 953
186.103.156.24 - - [13/Apr/2017:16:12:36 -0300] "GET /cormun/static/hpexe_link.js?201731711483384 HTTP/1.1" 200 625
186.103.156.24 - - [13/Apr/2017:16:12:37 -0300] "GET /cormun/servlet/hhome HTTP/1.1" 200 3995
186.103.156.24 - - [13/Apr/2017:16:12:37 -0300] "GET /cormun/static/gxcfg.js?201731711483497 HTTP/1.1" 200 953
186.103.156.24 - - [13/Apr/2017:16:12:37 -0300] "GET /cormun/static/SmoothNavMenu/resources/ddsmoothmenu.css?1012540 HTTP/1.1" 200 2223
186.103.156.24 - - [13/Apr/2017:16:12:37 -0300] "GET /cormun/static/SmoothNavMenu/resources/ddsmoothmenu-v.css?1012540 HTTP/1.1" 200 1188
186.103.156.24 - - [13/Apr/2017:16:12:37 -0300] "GET /cormun/static/scaMessage/css/jquery.pnotify.default.css?1716380 HTTP/1.1" 200 1707
186.103.156.24 - - [13/Apr/2017:16:12:37 -0300] "GET /cormun/static/PXToolsJavascripts/pexe_cookies.js HTTP/1.1" 200 792
186.103.156.24 - - [13/Apr/2017:16:12:37 -0300] "GET /cormun/static/Shared/jqueryui/jquery-ui.min.css?1245370 HTTP/1.1" 200 30288
186.103.156.24 - - [13/Apr/2017:16:12:37 -0300] "GET /cormun/static/PXToolsJavascripts/pexe_oav.js HTTP/1.1" 200 645
186.103.156.24 - - [13/Apr/2017:16:12:37 -0300] "GET /cormun/static/PXToolsJavascripts/pexe_oavdivfix.js HTTP/1.1" 200 639
186.103.156.24 - - [13/Apr/2017:16:12:37 -0300] "GET /cormun/static/PXToolsJavascripts/pexe_picture.js HTTP/1.1" 200 689
186.103.156.24 - - [13/Apr/2017:16:12:37 -0300] "GET /cormun/static/PXToolsJavascripts/pexe_tabdivfix.js HTTP/1.1" 200 876
186.103.156.24 - - [13/Apr/2017:16:12:37 -0300] "GET /cormun/static/PXToolsJavascripts/PXToolsJavascriptsRender.js HTTP/1.1" 200 367
186.103.156.24 - - [13/Apr/2017:16:12:37 -0300] "GET /cormun/static/RunJS/RunJS.js HTTP/1.1" 200 288
186.103.156.24 - - [13/Apr/2017:16:12:37 -0300] "GET /cormun/static/hhome.js?20173171148352 HTTP/1.1" 200 777
186.103.156.24 - - [13/Apr/2017:16:12:37 -0300] "GET /cormun/static/hpexe_messagecontroller.js?201610171694323 HTTP/1.1" 200 870
186.103.156.24 - - [13/Apr/2017:16:12:37 -0300] "GET /cormun/static/PXToolsJavascripts/pexe_menudivfix.js HTTP/1.1" 200 333
186.103.156.24 - - [13/Apr/2017:16:12:37 -0300] "GET /cormun/static/hpexe_messagepopupcomponent.js?20161017169425 HTTP/1.1" 200 605
186.103.156.24 - - [13/Apr/2017:16:12:37 -0300] "GET /cormun/static/hpexe_messagegenexuscomponent.js?201731711335537 HTTP/1.1" 200 587
186.103.156.24 - - [13/Apr/2017:16:12:37 -0300] "GET /cormun/static/Resources/logo4.png HTTP/1.1" 200 6582
186.103.156.24 - - [13/Apr/2017:16:12:37 -0300] "GET /cormun/static/Resources/PXToolsHeaderActionsLeft.png HTTP/1.1" 200 1118
186.103.156.24 - - [13/Apr/2017:16:12:37 -0300] "GET /cormun/static/Resources/PXToolsHeaderHome.png HTTP/1.1" 200 4147
186.103.156.24 - - [13/Apr/2017:16:12:37 -0300] "GET /cormun/static/Resources/PXToolsHeaderLogin.png HTTP/1.1" 200 4279
186.103.156.24 - - [13/Apr/2017:16:12:37 -0300] "GET /cormun/static/Resources/PXToolsHeaderPreferences.png HTTP/1.1" 200 4189
186.103.156.24 - - [13/Apr/2017:16:12:37 -0300] "GET /cormun/static/Resources/PXToolsHeaderSecurity.png HTTP/1.1" 200 4166
186.103.156.24 - - [13/Apr/2017:16:12:38 -0300] "GET /cormun/static/Resources/PXToolsHeaderActionsRight.png HTTP/1.1" 200 1201
186.103.158.250 - - [13/Apr/2017:16:12:38 -0300] "POST /cormun/servlet/trsolicitudot?cba930caaff76515e1a8a6112286025f,,gx-no-cache=1492114301221 HTTP/1.1" 200 105
186.103.158.250 - - [13/Apr/2017:16:12:38 -0300] "GET /cormun/servlet/solicitudot?UPD,2017,6072, HTTP/1.1" 200 14328
186.103.156.24 - - [13/Apr/2017:16:12:38 -0300] "GET /cormun/static/Resources/PXToolsFooterBackground2.png HTTP/1.1" 200 1172
186.103.156.24 - - [13/Apr/2017:16:12:38 -0300] "GET /cormun/static/Resources/PXToolsHeaderActionsBackground.png HTTP/1.1" 200 484
186.103.156.24 - - [13/Apr/2017:16:12:38 -0300] "GET /cormun/servlet/hhome HTTP/1.1" 200 3991
186.103.156.24 - - [13/Apr/2017:16:12:38 -0300] "GET /cormun/static/SmoothNavMenu/resources/images/down.gif HTTP/1.1" 200 854
186.103.158.250 - - [13/Apr/2017:16:12:38 -0300] "GET /cormun/static/gxcfg.js?20171191042720 HTTP/1.1" 304 -
186.103.156.24 - - [13/Apr/2017:16:12:38 -0300] "GET /cormun/static/Resources/PXToolsHeaderBackground2.png HTTP/1.1" 200 1174
186.103.156.24 - - [13/Apr/2017:16:12:38 -0300] "GET /cormun/static/Resources/PXToolsDataTitle.png HTTP/1.1" 200 1173
186.103.156.24 - - [13/Apr/2017:16:12:38 -0300] "GET /cormun/static/SmoothNavMenu/resources/images/right.gif HTTP/1.1" 200 860
186.103.158.250 - - [13/Apr/2017:16:12:39 -0300] "GET /cormun/servlet/solicitudot?UPD,2017,6072, HTTP/1.1" 200 14337
192.168.10.13 - - [13/Apr/2017:16:12:43 -0300] "GET / HTTP/1.1" 200 11217
186.103.156.24 - - [13/Apr/2017:16:12:44 -0300] "GET /cormun/servlet/trsolicitudot? HTTP/1.1" 200 8235
186.103.156.24 - - [13/Apr/2017:16:12:44 -0300] "GET /cormun/static/calendar-system.css?75620 HTTP/1.1" 200 5572
186.103.156.24 - - [13/Apr/2017:16:12:44 -0300] "GET /cormun/static/gxcfg.js?201731711505139 HTTP/1.1" 200 953
186.103.156.24 - - [13/Apr/2017:16:12:44 -0300] "GET /cormun/static/gxui/gxui-all.css?110300 HTTP/1.1" 200 2179
186.103.156.24 - - [13/Apr/2017:16:12:44 -0300] "GET /cormun/static/calendar-setup.js?85251 HTTP/1.1" 200 2588
186.103.156.24 - - [13/Apr/2017:16:12:44 -0300] "GET /cormun/static/calendar-es.js?85251 HTTP/1.1" 200 1901
186.103.156.24 - - [13/Apr/2017:16:12:44 -0300] "GET /cormun/static/calendar.js?85251 HTTP/1.1" 200 26246
186.103.156.24 - - [13/Apr/2017:16:12:44 -0300] "GET /cormun/static/Resources/PXTools/calendar.png HTTP/1.1" 200 1306
186.103.156.24 - - [13/Apr/2017:16:12:44 -0300] "GET /cormun/static/gxdec.js?85251 HTTP/1.1" 200 19579
186.103.158.250 - - [13/Apr/2017:16:12:44 -0300] "POST /cormun/servlet/solicitudot?gx-no-cache=1492114303352 HTTP/1.1" 200 3204
186.103.156.24 - - [13/Apr/2017:16:12:44 -0300] "GET /cormun/static/trsolicitudot.js?20173171151116 HTTP/1.1" 200 53117
186.103.156.24 - - [13/Apr/2017:16:12:44 -0300] "GET /cormun/static/Resources/PXToolsDataSearch.png HTTP/1.1" 200 419
186.103.156.24 - - [13/Apr/2017:16:12:44 -0300] "GET /cormun/static/Shared/ext/resources/css/ext-all.css?205870 HTTP/1.1" 200 416045
186.103.156.24 - - [13/Apr/2017:16:12:44 -0300] "GET /cormun/static/Resources/PXToolsGridFirstDisabled.gif HTTP/1.1" 200 100
186.103.156.24 - - [13/Apr/2017:16:12:44 -0300] "GET /cormun/static/Resources/PXToolsGridPreviousDisabled.gif HTTP/1.1" 200 90
186.103.156.24 - - [13/Apr/2017:16:12:45 -0300] "GET /cormun/static/Resources/PXToolsGridNextDisabled.gif HTTP/1.1" 200 90
186.103.156.24 - - [13/Apr/2017:16:12:45 -0300] "GET /cormun/static/Resources/PXToolsGridPage.gif HTTP/1.1" 200 725
186.103.156.24 - - [13/Apr/2017:16:12:45 -0300] "GET /cormun/static/Resources/PXToolsActionExcel.png HTTP/1.1" 200 3187
186.103.156.24 - - [13/Apr/2017:16:12:45 -0300] "GET /cormun/static/Resources/PXToolsGridNew.png HTTP/1.1" 200 2949
186.103.156.24 - - [13/Apr/2017:16:12:45 -0300] "GET /cormun/static/Resources/asc.gif HTTP/1.1" 200 67
186.103.156.24 - - [13/Apr/2017:16:12:45 -0300] "GET /cormun//static/Resources/PXToolsGridUpdate.png HTTP/1.1" 200 2984
186.103.156.24 - - [13/Apr/2017:16:12:45 -0300] "GET /cormun//static/Resources/PXToolsActionView.png HTTP/1.1" 200 2995
186.103.156.24 - - [13/Apr/2017:16:12:45 -0300] "GET /cormun/servlet/trsolicitudot? HTTP/1.1" 200 8233
186.103.156.24 - - [13/Apr/2017:16:12:45 -0300] "GET /cormun//static/Resources/PXToolsRemoveAllAction.png HTTP/1.1" 200 3558
186.103.158.250 - - [13/Apr/2017:16:12:45 -0300] "POST /cormun/servlet/solicitudot?cba930caaff76515e1a8a6112286025f,UPD,2017,6072,,gx-no-cache=1492114307981 HTTP/1.1" 200 10910
186.103.156.24 - - [13/Apr/2017:16:12:45 -0300] "GET /cormun/static/Shared/ext/resources/themes/images/default/panel/bg-headersPanel.png HTTP/1.1" 200 255
186.103.156.24 - - [13/Apr/2017:16:12:45 -0300] "GET /cormun/static/Shared/ext/resources/themes/images/default/tools/tool-sprites.gif HTTP/1.1" 200 5434
186.103.156.24 - - [13/Apr/2017:16:12:45 -0300] "GET /cormun/static/Resources/desc.gif HTTP/1.1" 200 65
186.103.156.24 - - [13/Apr/2017:16:12:45 -0300] "GET /cormun//static/Resources/PXTools/ActionInsert.png HTTP/1.1" 200 1482
186.103.158.250 - - [13/Apr/2017:16:12:45 -0300] "GET /cormun/servlet/solicitudot?cdf500c7265ac21d9eb0dc8b9c8850f99c0e4a4b6950989b0e31bb8cafea5bb7d9ec6a0753229c42b7632a03ad3d2ac0,gx-no-cache=1492114309036 HTTP/1.1" 200 30
186.103.156.24 - - [13/Apr/2017:16:12:45 -0300] "GET /cormun//static/Resources/PXToolsGridDelete.png HTTP/1.1" 200 357
186.103.156.24 - - [13/Apr/2017:16:12:46 -0300] "GET /cormun/static/Resources/PXToolsGridLastDisabled.gif HTTP/1.1" 200 98
186.103.158.250 - - [13/Apr/2017:16:12:46 -0300] "POST /cormun/servlet/solicitudot?gx-no-cache=1492114309193 HTTP/1.1" 200 297
186.103.158.250 - - [13/Apr/2017:16:12:46 -0300] "GET /cormun/servlet/solicitudot?cdf500c7265ac21d9eb0dc8b9c8850f9697fc05abf420123c0e40abda981243ba6f283437c57e14b8c912051fcd584b24388f3abe72988edfd233f9ef11fc7e121f10d3fc4e0db7f5b56910de35a060ed29710a8ef319748586430af78abb0ba0a6485d474a1c19dc046557ac0ca4e59bf651c1dae12a6c9b593c674c0de9f292e48f3f34a1e17f95d4a750c2a7d04a8082f80d655ae84bd0ce114073d0105e39b5c34b1124c3df20f9c617ba9115481fdf9e4fab856fbc8391964ed8f3a179d83fb566caa8021a7bf6379b08076dc37a657bac754c3680f66d2373f02d41c1e3171549f7b3a478b750c15072bb9185d54e74c07cddcf51e5340005c3f15fabf1fc023b277628d1c5fccbe08043aa12fbbb2f98b50e819990ec6842e7272135cc01d73fd94e4caa1444933b6c3bb0c6d7992708fecd0ce3da1cd11aa4eb9465ff1d7c31da2bfed27a6928f946015d2891260afb856ebffecfe0197056d0a6a39c31c9e13d7d0a99e4a9abe5a220883972b2834da811c3dfb7cfe6eaa59595e57514493db47ff80bc51df63ed34f382a2,gx-no-cache=1492114309355 HTTP/1.1" 200 30
186.103.158.250 - - [13/Apr/2017:16:12:46 -0300] "POST /cormun/servlet/solicitudot?gx-no-cache=1492114309736 HTTP/1.1" 200 30
186.103.158.250 - - [13/Apr/2017:16:12:46 -0300] "POST /cormun/servlet/solicitudot?gx-no-cache=1492114309856 HTTP/1.1" 200 1287
186.103.158.250 - - [13/Apr/2017:16:12:47 -0300] "POST /cormun/servlet/solicitudot?gx-no-cache=1492114310179 HTTP/1.1" 200 41
186.103.156.24 - - [13/Apr/2017:16:13:07 -0300] "POST /cormun/servlet/trsolicitudot?77e52900689030a5fccbc6cb012a8144,,gx-no-cache=1492110872295 HTTP/1.1" 200 106
186.103.156.24 - - [13/Apr/2017:16:13:08 -0300] "GET /cormun/servlet/solicitudot?UPD,2017,5948, HTTP/1.1" 200 13822
186.103.156.24 - - [13/Apr/2017:16:13:08 -0300] "GET /cormun/static/calendar-system.css?85620 HTTP/1.1" 200 5572
186.103.156.24 - - [13/Apr/2017:16:13:08 -0300] "GET /cormun/static/gxcfg.js?20171191042720 HTTP/1.1" 200 953
186.103.156.24 - - [13/Apr/2017:16:13:08 -0300] "GET /cormun/static/Resources/Spanish/PXTools.css?18365030 HTTP/1.1" 200 89042
186.103.156.24 - - [13/Apr/2017:16:13:08 -0300] "GET /cormun/static/solicitudot.js?2017119104297 HTTP/1.1" 200 63948
186.103.156.24 - - [13/Apr/2017:16:13:08 -0300] "GET /cormun/static/Resources/prompt.gif HTTP/1.1" 200 902
194.87.94.136 - - [13/Apr/2017:16:13:09 -0300] "GET / HTTP/1.1" 200 11217
186.103.156.24 - - [13/Apr/2017:16:13:09 -0300] "GET /cormun/servlet/solicitudot?UPD,2017,5948, HTTP/1.1" 200 13831
186.103.156.24 - - [13/Apr/2017:16:13:09 -0300] "POST /cormun/servlet/solicitudot?gx-no-cache=1492110874300 HTTP/1.1" 200 3155
186.103.156.24 - - [13/Apr/2017:16:13:10 -0300] "POST /cormun/servlet/solicitudot?77e52900689030a5fccbc6cb012a8144,UPD,2017,5948,,gx-no-cache=1492110874794 HTTP/1.1" 200 10521
186.103.156.24 - - [13/Apr/2017:16:13:10 -0300] "GET /cormun/servlet/solicitudot?11d85d5e271a7a2cae8cb1a59e8649dd43c83b9d69b7075ac87a20e435cce7e1e1b663f2ed893f585239a80c8c851917,gx-no-cache=1492110875327 HTTP/1.1" 200 30
186.103.156.24 - - [13/Apr/2017:16:13:10 -0300] "POST /cormun/servlet/solicitudot?gx-no-cache=1492110875436 HTTP/1.1" 200 254
186.103.156.24 - - [13/Apr/2017:16:13:11 -0300] "GET /cormun/servlet/solicitudot?11d85d5e271a7a2cae8cb1a59e8649ddfa4c89e6c083d81329f6283bf55a3d32827d4de5014fe4d17bcc679817ba57542c20e659e1190b8b73b377a272f4cdc83e11846878081ddd2d7e04a81e2ee83303659661f412fcb68e4453f2b1e5522493434f5aabc704c49f363b5faf361d5d2ef8bfe0531f763da934ecdeb2d45f1f81a053e0d6fa566e13108c02ea73cc58fd42c1775bfef4575bcc69b86aea7c328abbac9774b7ed5b48b4384aa2deca234bd0bdbd423c0f7eb2bcb47f6b5d781f0bb631bf98f9a1d6ab0801cb9db20b25cfd611eb1f39949c83fc74b80d0dcf928447ee69ffa3be24ad4c1009c3dd21672d833469740ffdac78a4a130fe84adde936623e4f2aecaf468be82bca499a57deaead2b50fd193c711bfd521067375639e5d9127b6ab0b0ad5c44682973f6449f94b34f4dd8f78ffc04fbaff0a755c5d111e7c1977b96e24eaf0bb7e5dc555a66493c7f04031f4578996a79b6bff90f52bb9b2df73e69e341c7c1f0b9d0584ac75296634529b1f971376af8b180192d3,gx-no-cache=1492110875525 HTTP/1.1" 200 30
186.103.156.24 - - [13/Apr/2017:16:13:11 -0300] "POST /cormun/servlet/solicitudot?gx-no-cache=1492110875909 HTTP/1.1" 200 30
186.103.156.24 - - [13/Apr/2017:16:13:11 -0300] "POST /cormun/servlet/solicitudot?gx-no-cache=1492110875986 HTTP/1.1" 200 683
186.103.156.24 - - [13/Apr/2017:16:13:11 -0300] "POST /cormun/servlet/solicitudot?gx-no-cache=1492110876102 HTTP/1.1" 200 41
186.79.194.25 - - [13/Apr/2017:16:13:25 -0300] "GET /cormun/servlet/solicitudot?fe63a26456eae0e05729e00dc392d2828880a9db0a7e88d89b830fb39642efca1a4478b4d58c239d441913732626d2a760353750b938354126f22650d03d9b51eedc46db0712c557dcb953f9c9b6163066675901eb9a548ae945bef00e812874f6a19de187a15992493c218711bf8c8eec1de7a2a27c3404c583d2698e274231a54178597c6828142b56eaa71bbc9b5e307b6fa7693e354c97ec2f985d6540a5899f14f3c6be8e40bc199b281d83f167,gx-no-cache=1492110872997 HTTP/1.1" 200 30
186.79.194.25 - - [13/Apr/2017:16:13:25 -0300] "POST /cormun/servlet/solicitudot?827a233e4e56b7438ae93f45417cd162,UPD,2017,6073,,gx-no-cache=1492110873220 HTTP/1.1" 200 93
186.79.194.25 - - [13/Apr/2017:16:13:25 -0300] "GET /cormun/servlet/hpexe_return? HTTP/1.1" 200 1011
186.79.194.25 - - [13/Apr/2017:16:13:26 -0300] "GET /cormun/servlet/trsolicitudot HTTP/1.1" 200 9083
186.79.194.25 - - [13/Apr/2017:16:13:27 -0300] "GET /cormun/servlet/trsolicitudot HTTP/1.1" 200 9079
192.168.10.13 - - [13/Apr/2017:16:13:43 -0300] "GET / HTTP/1.1" 200 11217
186.103.156.24 - - [13/Apr/2017:16:14:12 -0300] "POST /cormun/servlet/solicitudot?77e52900689030a5fccbc6cb012a8144,UPD,2017,5948,,gx-no-cache=1492110942294 HTTP/1.1" 200 93
186.103.156.24 - - [13/Apr/2017:16:14:12 -0300] "GET /cormun/servlet/hpexe_return? HTTP/1.1" 200 1007
186.79.194.25 - - [13/Apr/2017:16:14:12 -0300] "POST /cormun/servlet/trsolicitudot?827a233e4e56b7438ae93f45417cd162,gx-no-cache=1492110919280 HTTP/1.1" 200 106
186.103.156.24 - - [13/Apr/2017:16:14:12 -0300] "GET /cormun/static/gxcfg.js?2016101716175148 HTTP/1.1" 200 953
186.103.156.24 - - [13/Apr/2017:16:14:12 -0300] "GET /cormun/static/hpexe_return.js?2016101716175153 HTTP/1.1" 200 1633
186.103.156.24 - - [13/Apr/2017:16:14:12 -0300] "GET /cormun/static/Resources/Spanish/PXTools.css?167811 HTTP/1.1" 200 89042
186.79.194.25 - - [13/Apr/2017:16:14:12 -0300] "GET /cormun/servlet/solicitudot?UPD,2017,6073, HTTP/1.1" 200 14236
186.103.156.24 - - [13/Apr/2017:16:14:12 -0300] "GET /cormun/servlet/trsolicitudot HTTP/1.1" 200 8237
186.79.194.25 - - [13/Apr/2017:16:14:13 -0300] "GET /cormun/servlet/solicitudot?UPD,2017,6073, HTTP/1.1" 200 14245
186.103.156.24 - - [13/Apr/2017:16:14:13 -0300] "GET /cormun/servlet/trsolicitudot HTTP/1.1" 200 8233
186.79.194.25 - - [13/Apr/2017:16:14:14 -0300] "POST /cormun/servlet/solicitudot?gx-no-cache=1492110921894 HTTP/1.1" 200 3177
186.79.194.25 - - [13/Apr/2017:16:14:15 -0300] "POST /cormun/servlet/solicitudot?827a233e4e56b7438ae93f45417cd162,UPD,2017,6073,,gx-no-cache=1492110922519 HTTP/1.1" 200 10869
186.79.194.25 - - [13/Apr/2017:16:14:15 -0300] "GET /cormun/servlet/solicitudot?fe63a26456eae0e05729e00dc392d282cb06979fe535a360a86617b00c7ac18157af7a0642c85cdf227f740fee3a49ec,gx-no-cache=1492110923563 HTTP/1.1" 200 30
186.79.194.25 - - [13/Apr/2017:16:14:15 -0300] "POST /cormun/servlet/solicitudot?gx-no-cache=1492110923713 HTTP/1.1" 200 254
186.79.194.25 - - [13/Apr/2017:16:14:16 -0300] "GET /cormun/servlet/solicitudot?fe63a26456eae0e05729e00dc392d28253c802abcdcb1f5d625ab1f1bb2f4536b79bc9358ef921bbd862929883d0f2f3c9d94a987a8dfc60267cbc796dc28ca04583fff2e524826a2f30ec35055f31a9aa36bdcd389dfb11c3d04381229c9193cf850d46676df21a524f477857885ec7fba3a28184dab069d07a4065dd9dd36b050d8fed8a5ddb0c63b5f422b64d6f0348f6eccf65d0f0a182ca5f01de927351bcd11d98349d31cb95c1955afc744fe7c12100c8bdb656430cb3bc8734b266ebfc7724e68f491c0017c3ca0c4c290bf739b15aecd8d6c58f87c6d26d37d4224f915f1e29d1141eb6481331bbfbb058d2b8c7398861756bdc85cf3e9ea63de0ed87fe0f2910c97e9126ddb6408659552aa4c5c332ea390d25153741799a3c429a487e10216b33ff5471d668b35dcd4cce2b7af1607ec210f808d0fc1c455aefc8da0774b5dfdfe2fb7957e53384d2981b5bec86bd172e170047d3f4f41814ac4c509268f2952724f60d346dffb823aa36594f8370f825f195ad1806730d458a8b,gx-no-cache=1492110924134 HTTP/1.1" 200 30
186.79.194.25 - - [13/Apr/2017:16:14:16 -0300] "POST /cormun/servlet/solicitudot?gx-no-cache=1492110924566 HTTP/1.1" 200 30
186.79.194.25 - - [13/Apr/2017:16:14:16 -0300] "POST /cormun/servlet/solicitudot?gx-no-cache=1492110924750 HTTP/1.1" 200 1290
186.79.194.25 - - [13/Apr/2017:16:14:17 -0300] "POST /cormun/servlet/solicitudot?gx-no-cache=1492110925128 HTTP/1.1" 200 41
186.103.156.24 - - [13/Apr/2017:16:14:20 -0300] "POST /cormun/servlet/trsolicitudot?77e52900689030a5fccbc6cb012a8144,gx-no-cache=1492110951095 HTTP/1.1" 200 106
186.103.156.24 - - [13/Apr/2017:16:14:20 -0300] "GET /cormun/servlet/solicitudot?DLT,2017,5948, HTTP/1.1" 200 9564
186.103.156.24 - - [13/Apr/2017:16:14:21 -0300] "GET /cormun/static/Shared/jqueryui/images/ui-icons_82798d_256x240.png HTTP/1.1" 404 1089
186.103.156.24 - - [13/Apr/2017:16:14:21 -0300] "GET /cormun/static/Shared/jqueryui/images/ui-bg_highlight-soft_100_c6c2c8_1x100.png HTTP/1.1" 404 1117
186.103.156.24 - - [13/Apr/2017:16:14:21 -0300] "GET /cormun/static/Shared/jqueryui/images/ui-icons_8d78a5_256x240.png HTTP/1.1" 404 1089
186.103.156.24 - - [13/Apr/2017:16:14:21 -0300] "GET /cormun/servlet/solicitudot?DLT,2017,5948, HTTP/1.1" 200 9573
186.103.156.24 - - [13/Apr/2017:16:14:21 -0300] "GET /cormun/static/Shared/jqueryui/images/ui-bg_flat_55_fafafa_40x100.png HTTP/1.1" 404 1097
186.79.194.25 - - [13/Apr/2017:16:14:21 -0300] "GET /cormun/servlet/solicitudot?fe63a26456eae0e05729e00dc392d282d1ad79976d4147b3288eb545ea5794dc9097561365d3dd53f21c7df765cc2dd0b41d5b71ac8a9ebeb113da15b0267470cce41b6322b85178e69d47c6a5c4a4e9ab0501f23c37efc8b31694dd88169fccad92e7fba723c8d2cf6573d190e800c5f287e0fb2f09fe2f7f02cb18c32b035c243c112dd9cfa951e35f4b8c8b3b76d9811eee11e3156d2cd52988c811032bd0,gx-no-cache=1492110929529 HTTP/1.1" 200 29
186.79.194.25 - - [13/Apr/2017:16:14:21 -0300] "POST /cormun/servlet/solicitudot?gx-no-cache=1492110929672 HTTP/1.1" 200 1273
186.79.194.25 - - [13/Apr/2017:16:14:21 -0300] "POST /cormun/servlet/solicitudot?gx-no-cache=1492110929928 HTTP/1.1" 200 1157
186.103.156.24 - - [13/Apr/2017:16:14:39 -0300] "POST /cormun/servlet/solicitudot?77e52900689030a5fccbc6cb012a8144,DLT,2017,5948,,gx-no-cache=1492110971040 HTTP/1.1" 200 12080
186.103.156.24 - - [13/Apr/2017:16:14:39 -0300] "GET /cormun/static/Shared/jqueryui/images/ui-icons_ebccce_256x240.png HTTP/1.1" 404 1089
186.103.156.24 - - [13/Apr/2017:16:14:39 -0300] "GET /cormun/static/Shared/jqueryui/images/ui-bg_flat_55_994d53_40x100.png HTTP/1.1" 404 1097
192.168.10.13 - - [13/Apr/2017:16:14:43 -0300] "GET / HTTP/1.1" 200 11217
186.103.156.24 - - [13/Apr/2017:16:14:48 -0300] "POST /cormun/servlet/solicitudot?77e52900689030a5fccbc6cb012a8144,DLT,2017,5948,,gx-no-cache=1492110981842 HTTP/1.1" 200 93
186.103.156.24 - - [13/Apr/2017:16:14:49 -0300] "GET /cormun/servlet/hpexe_return? HTTP/1.1" 200 1007
186.103.156.24 - - [13/Apr/2017:16:14:49 -0300] "GET /cormun/servlet/trsolicitudot HTTP/1.1" 200 8237
186.103.156.24 - - [13/Apr/2017:16:14:50 -0300] "GET /cormun/servlet/trsolicitudot HTTP/1.1" 200 8233
186.103.156.24 - - [13/Apr/2017:16:15:04 -0300] "POST /cormun/servlet/trsolicitudot?77e52900689030a5fccbc6cb012a8144,gx-no-cache=1492110999477 HTTP/1.1" 200 103
186.103.156.24 - - [13/Apr/2017:16:15:04 -0300] "GET /cormun/SolicitudOT-2281.xls HTTP/1.1" 200 5120
186.79.194.25 - - [13/Apr/2017:16:15:09 -0300] "GET /cormun/servlet/solicitudot?fe63a26456eae0e05729e00dc392d2828880a9db0a7e88d89b830fb39642efca1a4478b4d58c239d441913732626d2a760353750b938354126f22650d03d9b51eedc46db0712c557dcb953f9c9b6163066675901eb9a548ae945bef00e812874f6a19de187a15992493c218711bf8c8eec1de7a2a27c3404c583d2698e274231a54178597c6828142b56eaa71bbc9b5e307b6fa7693e354c97ec2f985d6540a5899f14f3c6be8e40bc199b281d83f167,gx-no-cache=1492110976987 HTTP/1.1" 200 30
186.79.194.25 - - [13/Apr/2017:16:15:09 -0300] "POST /cormun/servlet/solicitudot?827a233e4e56b7438ae93f45417cd162,UPD,2017,6073,,gx-no-cache=1492110977219 HTTP/1.1" 200 93
186.79.194.25 - - [13/Apr/2017:16:15:09 -0300] "GET /cormun/servlet/hpexe_return? HTTP/1.1" 200 1011
186.79.194.25 - - [13/Apr/2017:16:15:10 -0300] "GET /cormun/servlet/trsolicitudot HTTP/1.1" 200 9083
186.79.194.25 - - [13/Apr/2017:16:15:11 -0300] "GET /cormun/servlet/trsolicitudot HTTP/1.1" 200 9079
186.103.156.24 - - [13/Apr/2017:16:15:30 -0300] "POST /cormun/servlet/trsolicitudot?77e52900689030a5fccbc6cb012a8144,gx-no-cache=1492111026460 HTTP/1.1" 200 106
186.103.156.24 - - [13/Apr/2017:16:15:32 -0300] "GET /cormun/servlet/solicitudot?UPD,2017,5948, HTTP/1.1" 200 13822
186.103.156.24 - - [13/Apr/2017:16:15:33 -0300] "GET /cormun/servlet/solicitudot?UPD,2017,5948, HTTP/1.1" 200 13831
186.103.156.24 - - [13/Apr/2017:16:15:34 -0300] "POST /cormun/servlet/solicitudot?gx-no-cache=1492111031925 HTTP/1.1" 200 3155
186.103.156.24 - - [13/Apr/2017:16:15:35 -0300] "POST /cormun/servlet/solicitudot?77e52900689030a5fccbc6cb012a8144,UPD,2017,5948,,gx-no-cache=1492111032497 HTTP/1.1" 200 10521
186.103.156.24 - - [13/Apr/2017:16:15:35 -0300] "GET /cormun/servlet/solicitudot?11d85d5e271a7a2cae8cb1a59e8649dd43c83b9d69b7075ac87a20e435cce7e1e1b663f2ed893f585239a80c8c851917,gx-no-cache=1492111033500 HTTP/1.1" 200 30
186.103.156.24 - - [13/Apr/2017:16:15:35 -0300] "POST /cormun/servlet/solicitudot?gx-no-cache=1492111033591 HTTP/1.1" 200 254
186.103.156.24 - - [13/Apr/2017:16:15:36 -0300] "GET /cormun/servlet/solicitudot?11d85d5e271a7a2cae8cb1a59e8649ddfa4c89e6c083d81329f6283bf55a3d32827d4de5014fe4d17bcc679817ba57542c20e659e1190b8b73b377a272f4cdc83e11846878081ddd2d7e04a81e2ee83303659661f412fcb68e4453f2b1e5522493434f5aabc704c49f363b5faf361d5d2ef8bfe0531f763da934ecdeb2d45f1f81a053e0d6fa566e13108c02ea73cc58fd42c1775bfef4575bcc69b86aea7c328abbac9774b7ed5b48b4384aa2deca234bd0bdbd423c0f7eb2bcb47f6b5d781f0bb631bf98f9a1d6ab0801cb9db20b25cfd611eb1f39949c83fc74b80d0dcf928447ee69ffa3be24ad4c1009c3dd21672d833469740ffdac78a4a130fe84adde936623e4f2aecaf468be82bca499a57deaead2b50fd193c711bfd521067375639e5d9127b6ab0b0ad5c44682973f6449f94b34f4dd8f78ffc04fbaff0a755c5d111e7c1977b96e24eaf0bb7e5dc555a66493c7f04031f4578996a79b6bff90f52bb9b2df73e69e341c7c1f0b9d0584ac75296634529b1f971376af8b180192d3,gx-no-cache=1492111033673 HTTP/1.1" 200 30
186.103.156.24 - - [13/Apr/2017:16:15:36 -0300] "POST /cormun/servlet/solicitudot?gx-no-cache=1492111034052 HTTP/1.1" 200 30
186.103.156.24 - - [13/Apr/2017:16:15:36 -0300] "POST /cormun/servlet/solicitudot?gx-no-cache=1492111034503 HTTP/1.1" 200 683
186.103.156.24 - - [13/Apr/2017:16:15:36 -0300] "POST /cormun/servlet/solicitudot?gx-no-cache=1492111034704 HTTP/1.1" 200 41
192.168.10.13 - - [13/Apr/2017:16:15:43 -0300] "GET / HTTP/1.1" 200 11217
186.79.194.25 - - [13/Apr/2017:16:16:21 -0300] "POST /cormun/servlet/trsolicitudot?827a233e4e56b7438ae93f45417cd162,gx-no-cache=1492111048799 HTTP/1.1" 200 106
186.79.194.25 - - [13/Apr/2017:16:16:22 -0300] "GET /cormun/servlet/solicitudot?UPD,2017,6073, HTTP/1.1" 200 14236
186.79.194.25 - - [13/Apr/2017:16:16:23 -0300] "GET /cormun/servlet/solicitudot?UPD,2017,6073, HTTP/1.1" 200 14245
186.79.194.25 - - [13/Apr/2017:16:16:24 -0300] "POST /cormun/servlet/solicitudot?gx-no-cache=1492111052151 HTTP/1.1" 200 3177
186.79.194.25 - - [13/Apr/2017:16:16:25 -0300] "POST /cormun/servlet/solicitudot?827a233e4e56b7438ae93f45417cd162,UPD,2017,6073,,gx-no-cache=1492111052735 HTTP/1.1" 200 10869
186.79.194.25 - - [13/Apr/2017:16:16:25 -0300] "GET /cormun/servlet/solicitudot?fe63a26456eae0e05729e00dc392d282cb06979fe535a360a86617b00c7ac18157af7a0642c85cdf227f740fee3a49ec,gx-no-cache=1492111053776 HTTP/1.1" 200 30
186.79.194.25 - - [13/Apr/2017:16:16:25 -0300] "POST /cormun/servlet/solicitudot?gx-no-cache=1492111053916 HTTP/1.1" 200 254
186.79.194.25 - - [13/Apr/2017:16:16:26 -0300] "GET /cormun/servlet/solicitudot?fe63a26456eae0e05729e00dc392d28253c802abcdcb1f5d625ab1f1bb2f4536b79bc9358ef921bbd862929883d0f2f3c9d94a987a8dfc60267cbc796dc28ca04583fff2e524826a2f30ec35055f31a9aa36bdcd389dfb11c3d04381229c9193cf850d46676df21a524f477857885ec7fba3a28184dab069d07a4065dd9dd36b050d8fed8a5ddb0c63b5f422b64d6f0348f6eccf65d0f0a182ca5f01de927351bcd11d98349d31cb95c1955afc744fe7c12100c8bdb656430cb3bc8734b266ebfc7724e68f491c0017c3ca0c4c290bf739b15aecd8d6c58f87c6d26d37d4224f915f1e29d1141eb6481331bbfbb058d2b8c7398861756bdc85cf3e9ea63de0ed87fe0f2910c97e9126ddb6408659552aa4c5c332ea390d25153741799a3c429a487e10216b33ff5471d668b35dcd4cce2b7af1607ec210f808d0fc1c455aefc8da0774b5dfdfe2fb7957e53384d2981b5bec86bd172e170047d3f4f41814ac4c509268f2952724f60d346dffb823aa36594f8370f825f195ad1806730d458a8b,gx-no-cache=1492111054086 HTTP/1.1" 200 30
186.79.194.25 - - [13/Apr/2017:16:16:26 -0300] "POST /cormun/servlet/solicitudot?gx-no-cache=1492111054214 HTTP/1.1" 200 30
186.79.194.25 - - [13/Apr/2017:16:16:26 -0300] "POST /cormun/servlet/solicitudot?gx-no-cache=1492111054364 HTTP/1.1" 200 1290
186.79.194.25 - - [13/Apr/2017:16:16:26 -0300] "POST /cormun/servlet/solicitudot?gx-no-cache=1492111054606 HTTP/1.1" 200 41
192.168.10.13 - - [13/Apr/2017:16:16:43 -0300] "GET / HTTP/1.1" 200 11217
186.79.194.25 - - [13/Apr/2017:16:17:03 -0300] "GET /cormun/servlet/solicitudot?fe63a26456eae0e05729e00dc392d282d1ad79976d4147b3288eb545ea5794dc9097561365d3dd53f21c7df765cc2dd0b41d5b71ac8a9ebeb113da15b0267470cce41b6322b85178e69d47c6a5c4a4e9ab0501f23c37efc8b31694dd88169fccad92e7fba723c8d2cf6573d190e800c5f287e0fb2f09fe2f7f02cb18c32b035c243c112dd9cfa951e35f4b8c8b3b76d9811eee11e3156d2cd52988c811032bd0,gx-no-cache=1492111091378 HTTP/1.1" 200 29
186.79.194.25 - - [13/Apr/2017:16:17:03 -0300] "POST /cormun/servlet/solicitudot?gx-no-cache=1492111091573 HTTP/1.1" 200 1273
186.79.194.25 - - [13/Apr/2017:16:17:04 -0300] "POST /cormun/servlet/solicitudot?gx-no-cache=1492111091870 HTTP/1.1" 200 1157
192.168.10.13 - - [13/Apr/2017:16:17:43 -0300] "GET / HTTP/1.1" 200 11217
186.103.156.24 - - [13/Apr/2017:16:17:45 -0300] "POST /cormun/servlet/solicitudot?gx-no-cache=1492111177807 HTTP/1.1" 200 238
186.103.156.24 - - [13/Apr/2017:16:17:48 -0300] "GET /cormun/servlet/solicitudot?11d85d5e271a7a2cae8cb1a59e8649ddfa4c89e6c083d81329f6283bf55a3d3238043ba62f623d133317aa31e8650b5c2c20e659e1190b8b73b377a272f4cdc83e11846878081ddd2d7e04a81e2ee83303659661f412fcb68e4453f2b1e5522493434f5aabc704c49f363b5faf361d5d2ef8bfe0531f763da934ecdeb2d45f1f81a053e0d6fa566e13108c02ea73cc58fd42c1775bfef4575bcc69b86aea7c328abbac9774b7ed5b48b4384aa2deca234bd0bdbd423c0f7eb2bcb47f6b5d781f0bb631bf98f9a1d6ab0801cb9db20b25cfd611eb1f39949c83fc74b80d0dcf928447ee69ffa3be24ad4c1009c3dd21672d833469740ffdac78a4a130fe84adde936623e4f2aecaf468be82bca499a57d78bf50c3f749d7706d241c40ff791d0aee074d21e13b35961d7bc5043fca32b0a4832ecb11b22b546202b5b2d94105cee89b2290f7a03e72bbb4a038f8d08541fa1a25bba6dbfd2d793846c967338a32ef41db6265b7354d508f4f9146f7c43f837c130b8a43350734ca0f8f7bf2b56d,gx-no-cache=1492111180715 HTTP/1.1" 200 30
186.103.156.24 - - [13/Apr/2017:16:17:53 -0300] "POST /cormun/servlet/solicitudot?gx-no-cache=1492111186844 HTTP/1.1" 200 30
186.103.156.24 - - [13/Apr/2017:16:18:18 -0300] "GET /cormun/static/Resources/resize.gif HTTP/1.1" 200 77
186.103.156.24 - - [13/Apr/2017:16:18:18 -0300] "GET /cormun/servlet/prfichaempleado?,MD,,gxPopupLevel%3D0%3B HTTP/1.1" 200 8824
186.103.156.24 - - [13/Apr/2017:16:18:18 -0300] "GET /cormun/static/Resources/PXToolsMenuSearch.png HTTP/1.1" 200 2914
186.103.156.24 - - [13/Apr/2017:16:18:18 -0300] "GET /cormun/static/hmpwkw011.js?201731711483558 HTTP/1.1" 200 1968
186.103.156.24 - - [13/Apr/2017:16:18:19 -0300] "GET /cormun/static/prfichaempleado.js?20173191254344 HTTP/1.1" 200 15951
186.103.156.24 - - [13/Apr/2017:16:18:19 -0300] "GET /cormun/static/Resources/PXToolsMenuSearchCancel.png HTTP/1.1" 200 2972
186.103.156.24 - - [13/Apr/2017:16:18:19 -0300] "GET /cormun/static/gxcfg.js?2017319125415 HTTP/1.1" 200 953
186.103.156.24 - - [13/Apr/2017:16:18:19 -0300] "GET /cormun/static/menusearch.js?201610171694467 HTTP/1.1" 200 1424
186.103.156.24 - - [13/Apr/2017:16:18:36 -0300] "POST /cormun/servlet/prfichaempleado?77e52900689030a5fccbc6cb012a8144,,MD,,gxPopupLevel%3D0%3B,gx-no-cache=1492111231479 HTTP/1.1" 200 3408
192.168.10.13 - - [13/Apr/2017:16:18:43 -0300] "GET / HTTP/1.1" 200 11217
186.103.156.24 - - [13/Apr/2017:16:18:47 -0300] "GET /cormun/servlet/prlicenciaspermisos?11365314,L,,MD,,gxPopupLevel%3D0%3B HTTP/1.1" 200 7861
186.103.156.24 - - [13/Apr/2017:16:18:47 -0300] "GET /cormun/static/gxcfg.js?201741111445743 HTTP/1.1" 200 953
186.103.156.24 - - [13/Apr/2017:16:18:47 -0300] "GET /cormun/static/prlicenciaspermisos.js?201741111445890 HTTP/1.1" 200 13360
186.103.156.24 - - [13/Apr/2017:16:19:03 -0300] "POST /cormun/servlet/solicitudot?gx-no-cache=1492111260856 HTTP/1.1" 200 1292
186.103.156.24 - - [13/Apr/2017:16:19:16 -0300] "POST /cormun/servlet/solicitudot?gx-no-cache=1492111275396 HTTP/1.1" 200 41
186.79.194.25 - - [13/Apr/2017:16:19:31 -0300] "GET /cormun/servlet/solicitudot?fe63a26456eae0e05729e00dc392d2828880a9db0a7e88d89b830fb39642efca1a4478b4d58c239d441913732626d2a760353750b938354126f22650d03d9b51eedc46db0712c557dcb953f9c9b6163066675901eb9a548ae945bef00e812874f6a19de187a15992493c218711bf8c8eec1de7a2a27c3404c583d2698e274231a54178597c6828142b56eaa71bbc9b5e307b6fa7693e354c97ec2f985d6540a5899f14f3c6be8e40bc199b281d83f167,gx-no-cache=1492111239257 HTTP/1.1" 200 30
186.79.194.25 - - [13/Apr/2017:16:19:32 -0300] "POST /cormun/servlet/solicitudot?827a233e4e56b7438ae93f45417cd162,UPD,2017,6073,,gx-no-cache=1492111239787 HTTP/1.1" 200 93
186.79.194.25 - - [13/Apr/2017:16:19:32 -0300] "GET /cormun/servlet/hpexe_return? HTTP/1.1" 200 1011
186.79.194.25 - - [13/Apr/2017:16:19:33 -0300] "GET /cormun/servlet/trsolicitudot HTTP/1.1" 200 9083
186.103.156.24 - - [13/Apr/2017:16:19:33 -0300] "GET /cormun/servlet/solicitudot?11d85d5e271a7a2cae8cb1a59e8649ddef359bc392d201d52ea9899f7bfdcb6b8a7d7d2cd3beb7e05d83252c4b95c5579e56285ea54aa76097cdfa815f30f87cbe52bec8877ebfd51fadc4b902de1d318595bde362237fde7519069595f9773604bee9f000ed0d1c4e967a1ca471d9cfede220144e4133b9de13b34e4d4d74ab12f3edd202c92b2e54fb353075b22e83dec0862ce84427e9c152c91e03d303f3c9cc7541f379e5be366bf860397fabb53a55450bfeb276fce588931ada66a06688c5434a6c3eba020190528b2b39865c,gx-no-cache=1492111293924 HTTP/1.1" 200 29
186.79.194.25 - - [13/Apr/2017:16:19:33 -0300] "GET /cormun/servlet/trsolicitudot HTTP/1.1" 200 9079
186.103.156.24 - - [13/Apr/2017:16:19:34 -0300] "POST /cormun/servlet/solicitudot?gx-no-cache=1492111294375 HTTP/1.1" 200 1275
186.103.156.24 - - [13/Apr/2017:16:19:34 -0300] "POST /cormun/servlet/solicitudot?gx-no-cache=1492111295177 HTTP/1.1" 200 1157
186.103.156.24 - - [13/Apr/2017:16:19:35 -0300] "GET /cormun/servlet/solicitudot?11d85d5e271a7a2cae8cb1a59e8649dd7a05cd17d3130358cf54c397b11dc9abd1ee6b7ebe6c9deca6d802963c8188dd3a98b0f64738eb356129164bf1ff8a7938cf0157c1b69dd0b7be5c1d0882dbe53d1b9b156fc66f0409887dcf927d026f9af20026b63c3a08358b52d1f062fed0ea2b3f3658b0fb5ca675d50c923337a7211952f372f228dab77139321a3def41cf5bcdf9031700ab416bc702c18bde62d29c5107005750892188af3a5b7f8d8b026ecf926511e29b9759f6b96e359487,gx-no-cache=1492111295849 HTTP/1.1" 200 30
186.103.156.24 - - [13/Apr/2017:16:19:36 -0300] "POST /cormun/servlet/solicitudot?77e52900689030a5fccbc6cb012a8144,UPD,2017,5948,,gx-no-cache=1492111295939 HTTP/1.1" 200 93
186.103.156.24 - - [13/Apr/2017:16:19:36 -0300] "GET /cormun/servlet/hpexe_return? HTTP/1.1" 200 1007
186.103.156.24 - - [13/Apr/2017:16:19:37 -0300] "GET /cormun/servlet/trsolicitudot HTTP/1.1" 200 8278
186.103.156.24 - - [13/Apr/2017:16:19:38 -0300] "GET /cormun/servlet/trsolicitudot HTTP/1.1" 200 8274
192.168.10.13 - - [13/Apr/2017:16:19:43 -0300] "GET / HTTP/1.1" 200 11217
186.103.156.24 - - [13/Apr/2017:16:19:43 -0300] "POST /cormun/servlet/trsolicitudot?77e52900689030a5fccbc6cb012a8144,gx-no-cache=1492111303573 HTTP/1.1" 200 4345
186.103.156.24 - - [13/Apr/2017:16:19:43 -0300] "GET /cormun/static/Shared/jqueryui/images/ui-bg_highlight-soft_100_c6c2c8_1x100.png HTTP/1.1" 404 1117
186.103.156.24 - - [13/Apr/2017:16:19:43 -0300] "GET /cormun/static/Shared/jqueryui/images/ui-icons_82798d_256x240.png HTTP/1.1" 404 1089
186.103.156.24 - - [13/Apr/2017:16:19:43 -0300] "GET /cormun/static/Shared/jqueryui/images/ui-bg_flat_55_fafafa_40x100.png HTTP/1.1" 404 1097
186.103.156.24 - - [13/Apr/2017:16:19:43 -0300] "GET /cormun/static/Shared/jqueryui/images/ui-icons_8d78a5_256x240.png HTTP/1.1" 404 1089
186.103.156.24 - - [13/Apr/2017:16:19:44 -0300] "POST /cormun/servlet/trsolicitudot?77e52900689030a5fccbc6cb012a8144,gx-no-cache=1492111304614 HTTP/1.1" 200 4117
186.103.156.24 - - [13/Apr/2017:16:19:49 -0300] "GET /cormun/servlet/trautorizarsolicitud? HTTP/1.1" 200 8222
186.103.156.24 - - [13/Apr/2017:16:19:49 -0300] "GET /cormun/static/gxui/gxui-all.css?120300 HTTP/1.1" 200 2179
186.103.156.24 - - [13/Apr/2017:16:19:50 -0300] "GET /cormun/static/Shared/ext/resources/css/ext-all.css?215870 HTTP/1.1" 200 416045
186.103.156.24 - - [13/Apr/2017:16:19:50 -0300] "GET /cormun/static/gxcfg.js?2017259112829 HTTP/1.1" 200 953
186.103.156.24 - - [13/Apr/2017:16:19:50 -0300] "GET /cormun/static/trautorizarsolicitud.js?2017259113483 HTTP/1.1" 200 53096
186.103.156.24 - - [13/Apr/2017:16:19:50 -0300] "GET /cormun/servlet/trautorizarsolicitud? HTTP/1.1" 200 8222
186.103.156.24 - - [13/Apr/2017:16:19:55 -0300] "POST /cormun/servlet/trautorizarsolicitud?77e52900689030a5fccbc6cb012a8144,,gx-no-cache=1492111315399 HTTP/1.1" 200 4320
186.103.156.24 - - [13/Apr/2017:16:19:55 -0300] "GET /cormun/static/Shared/jqueryui/images/ui-bg_highlight-soft_100_c6c2c8_1x100.png HTTP/1.1" 404 1117
186.103.156.24 - - [13/Apr/2017:16:19:55 -0300] "GET /cormun/static/Shared/jqueryui/images/ui-icons_8d78a5_256x240.png HTTP/1.1" 404 1089
186.79.194.25 - - [13/Apr/2017:16:19:55 -0300] "POST /cormun/servlet/trsolicitudot?827a233e4e56b7438ae93f45417cd162,gx-no-cache=1492111262356 HTTP/1.1" 200 5999
186.79.194.25 - - [13/Apr/2017:16:19:55 -0300] "GET /cormun/static/Shared/jqueryui/images/ui-bg_highlight-soft_100_c6c2c8_1x100.png HTTP/1.1" 404 1117
186.103.156.24 - - [13/Apr/2017:16:19:55 -0300] "GET /cormun/static/Shared/jqueryui/images/ui-bg_flat_55_fafafa_40x100.png HTTP/1.1" 404 1097
186.79.194.25 - - [13/Apr/2017:16:19:55 -0300] "GET /cormun/static/Shared/jqueryui/images/ui-icons_82798d_256x240.png HTTP/1.1" 404 1089
186.79.194.25 - - [13/Apr/2017:16:19:55 -0300] "GET /cormun/static/Shared/jqueryui/images/ui-bg_flat_55_fafafa_40x100.png HTTP/1.1" 404 1097
186.79.194.25 - - [13/Apr/2017:16:19:55 -0300] "GET /cormun/static/Shared/jqueryui/images/ui-icons_8d78a5_256x240.png HTTP/1.1" 404 1089
186.103.156.24 - - [13/Apr/2017:16:19:56 -0300] "POST /cormun/servlet/trautorizarsolicitud?77e52900689030a5fccbc6cb012a8144,,gx-no-cache=1492111317586 HTTP/1.1" 200 4096
186.79.194.25 - - [13/Apr/2017:16:19:57 -0300] "POST /cormun/servlet/trsolicitudot?827a233e4e56b7438ae93f45417cd162,gx-no-cache=1492111263804 HTTP/1.1" 200 5939
186.103.156.24 - - [13/Apr/2017:16:19:58 -0300] "GET /cormun/static/Shared/jqueryui/images/ui-icons_82798d_256x240.png HTTP/1.1" 404 1089
186.103.156.24 - - [13/Apr/2017:16:20:00 -0300] "GET /cormun/servlet/trsolicitudot? HTTP/1.1" 200 6966
186.103.156.24 - - [13/Apr/2017:16:20:01 -0300] "GET /cormun/servlet/trsolicitudot? HTTP/1.1" 200 6966
186.103.156.24 - - [13/Apr/2017:16:20:08 -0300] "GET /cormun/servlet/solicitudot?INS,0,0, HTTP/1.1" 200 12795
186.103.156.24 - - [13/Apr/2017:16:20:09 -0300] "GET /cormun/servlet/solicitudot?INS,0,0, HTTP/1.1" 200 12800
186.103.156.24 - - [13/Apr/2017:16:20:11 -0300] "GET /cormun/servlet/prfichaempleado?,MD,,gxPopupLevel%3D0%3B HTTP/1.1" 200 8819
186.103.156.24 - - [13/Apr/2017:16:20:28 -0300] "POST /cormun/servlet/prfichaempleado?77e52900689030a5fccbc6cb012a8144,,MD,,gxPopupLevel%3D0%3B,gx-no-cache=1492111350628 HTTP/1.1" 200 3173
192.168.10.13 - - [13/Apr/2017:16:20:43 -0300] "GET / HTTP/1.1" 200 11217
186.103.156.24 - - [13/Apr/2017:16:20:47 -0300] "POST /cormun/servlet/prfichaempleado?77e52900689030a5fccbc6cb012a8144,,MD,,gxPopupLevel%3D0%3B,gx-no-cache=1492111368948 HTTP/1.1" 200 3173
186.79.194.25 - - [13/Apr/2017:16:21:07 -0300] "GET /cormun/servlet/hlogin HTTP/1.1" 200 1725
186.79.194.25 - - [13/Apr/2017:16:21:10 -0300] "POST /cormun/servlet/hlogin?0e1b2c5e177c0debf18b40cac2813ad5,gx-no-cache=1492111338240 HTTP/1.1" 200 90
186.79.194.25 - - [13/Apr/2017:16:21:11 -0300] "GET /cormun/servlet/hpexe_link HTTP/1.1" 200 953
186.79.194.25 - - [13/Apr/2017:16:21:11 -0300] "GET /cormun/servlet/hhome HTTP/1.1" 200 3755
186.79.194.25 - - [13/Apr/2017:16:21:12 -0300] "GET /cormun/servlet/hhome HTTP/1.1" 200 3752
186.103.156.24 - - [13/Apr/2017:16:21:13 -0300] "POST /cormun/servlet/prfichaempleado?77e52900689030a5fccbc6cb012a8144,,MD,,gxPopupLevel%3D0%3B,gx-no-cache=1492111395220 HTTP/1.1" 200 3174
186.79.194.25 - - [13/Apr/2017:16:21:17 -0300] "GET /cormun/servlet/trsolicitudot? HTTP/1.1" 200 8744
186.79.194.25 - - [13/Apr/2017:16:21:17 -0300] "GET /cormun/servlet/trsolicitudot? HTTP/1.1" 200 8739
186.79.74.147 - - [13/Apr/2017:16:21:19 -0300] "GET /cormun/servlet/hlogin HTTP/1.1" 200 1721
186.79.74.147 - - [13/Apr/2017:16:21:19 -0300] "GET /cormun/static/Resources/Spanish/PXTools.css?11294912 HTTP/1.1" 304 -
186.79.74.147 - - [13/Apr/2017:16:21:19 -0300] "GET /cormun/static/gxcfg.js?201741110203197 HTTP/1.1" 200 953
186.79.74.147 - - [13/Apr/2017:16:21:19 -0300] "GET /cormun/static/hlogin.js?201741110203211 HTTP/1.1" 200 2136
186.79.74.147 - - [13/Apr/2017:16:21:19 -0300] "GET /cormun/static/Resources/PXToolsLoginTop.png HTTP/1.1" 200 1337
186.79.74.147 - - [13/Apr/2017:16:21:19 -0300] "GET /cormun/static/messages.spa.js?85251 HTTP/1.1" 200 30736
186.79.74.147 - - [13/Apr/2017:16:21:19 -0300] "GET /cormun/static/Resources/PXToolsButtonBackground2.png HTTP/1.1" 200 1181
186.79.74.147 - - [13/Apr/2017:16:21:19 -0300] "GET /cormun/static/Resources/ComunLogin.png HTTP/1.1" 200 17326
186.79.74.147 - - [13/Apr/2017:16:21:19 -0300] "GET /cormun/static/Resources/PXToolsButtonRight21.png HTTP/1.1" 200 1283
186.79.74.147 - - [13/Apr/2017:16:21:19 -0300] "GET /cormun/static/Resources/PXToolsLoginBottom.png HTTP/1.1" 200 1389
186.79.74.147 - - [13/Apr/2017:16:21:19 -0300] "GET /cormun/static/Resources/PXToolsLoginBackground.png HTTP/1.1" 200 1164
186.79.74.147 - - [13/Apr/2017:16:21:19 -0300] "GET /cormun/static/Resources/PXToolsButtonLeft21.png HTTP/1.1" 200 1287
186.79.74.147 - - [13/Apr/2017:16:21:19 -0300] "GET /cormun/static/Resources/indicator.gif HTTP/1.1" 200 1553
186.79.74.147 - - [13/Apr/2017:16:21:19 -0300] "GET /cormun/servlet/hlogin HTTP/1.1" 200 1734
186.79.74.147 - - [13/Apr/2017:16:21:19 -0300] "GET /favicon.ico HTTP/1.1" 200 21630
186.103.156.24 - - [13/Apr/2017:16:21:21 -0300] "GET /cormun/servlet/prfichaempleado?,MD,,gxPopupLevel%3D0%3B HTTP/1.1" 200 8819
186.79.194.25 - - [13/Apr/2017:16:21:24 -0300] "GET /cormun/servlet/solicitudot?INS,0,0, HTTP/1.1" 200 12565
186.79.194.25 - - [13/Apr/2017:16:21:25 -0300] "GET /cormun/servlet/solicitudot?INS,0,0, HTTP/1.1" 200 12570
186.103.156.24 - - [13/Apr/2017:16:21:41 -0300] "POST /cormun/servlet/solicitudot?gx-no-cache=1492111426292 HTTP/1.1" 200 3081
186.103.156.24 - - [13/Apr/2017:16:21:42 -0300] "POST /cormun/servlet/solicitudot?77e52900689030a5fccbc6cb012a8144,INS,0,0,,gx-no-cache=1492111426730 HTTP/1.1" 200 9860
192.168.10.13 - - [13/Apr/2017:16:21:43 -0300] "GET / HTTP/1.1" 200 11217
186.103.156.24 - - [13/Apr/2017:16:21:46 -0300] "GET /cormun/servlet/solicitudot?11d85d5e271a7a2cae8cb1a59e8649dd43c83b9d69b7075ac87a20e435cce7e17c5239b16bcad07319138af1c847320a,gx-no-cache=1492111431684 HTTP/1.1" 200 30
186.79.194.25 - - [13/Apr/2017:16:21:51 -0300] "POST /cormun/servlet/solicitudot?gx-no-cache=1492111378861 HTTP/1.1" 200 3185
186.79.194.25 - - [13/Apr/2017:16:21:52 -0300] "POST /cormun/servlet/solicitudot?0e1b2c5e177c0debf18b40cac2813ad5,INS,0,0,,gx-no-cache=1492111379516 HTTP/1.1" 200 9782
186.79.194.25 - - [13/Apr/2017:16:22:05 -0300] "GET /cormun/servlet/solicitudot?406b7ec9d31ab8cbf4a22638fb117ca3de2e1871affbab946017b7f48359d87ad2210a1d0311b7d6a2a507cfb3c39a09,gx-no-cache=1492111393248 HTTP/1.1" 200 30
186.79.194.25 - - [13/Apr/2017:16:22:05 -0300] "POST /cormun/servlet/solicitudot?gx-no-cache=1492111393456 HTTP/1.1" 200 255
186.79.194.25 - - [13/Apr/2017:16:22:05 -0300] "GET /cormun/servlet/solicitudot?406b7ec9d31ab8cbf4a22638fb117ca318cea672a9c150bd3aa287e7176f92c4a54bf65bfbac039c2ef3981ec6869a8956f4db45e407ad594b9bbff4be9feec5e91c7cba8874860b3c683fa6228ed6e11a46316badc5200544899656ed4461b3cf146a29d458c1a59db9cadc453da5db005252baadd7c04ddba155553a48d8265c4bc1a7b1d8c7535dfdcc667e12e6b9e7904962797adac378392eaa2e30639917818dc19769271dc35ebdb8e16d5c2e46339e1de764fa971094f086f753c95274838f8c83e404b8c00909f69de1a7317cdec2f3086e25ccf0bf2c8154a5c90e2d9818fcda5630399ca637a603b75f32d62c22bfbc030c2aa6e4f372419ec221b0072548808e3510b03a13ea3d39ac7785dc509e067c11769b8f567ea5f8df84289f8d3e1a8545e8b25aea3d37aa97fd73f5c52192845cc5d2f4b3fd1d630e42e41bc08aba2b2d33f6dc9227ec8b01b8791e203b64d7943243ed97d8a69624a1116345818e20eab4da759b4f53ba64ac42d8b99ff8d98bc21cb6a2b1e7c3cafb,gx-no-cache=1492111393902 HTTP/1.1" 200 30
192.168.10.13 - - [13/Apr/2017:16:22:43 -0300] "GET / HTTP/1.1" 200 11217
192.168.10.60 - - [13/Apr/2017:16:22:56 -0300] "POST /cormun/servlet/trautorizarot?1773844a86c7d14ca688cb12f0f7b983,,gx-no-cache=1492110597857 HTTP/1.1" 440 972
192.168.10.60 - - [13/Apr/2017:16:23:11 -0300] "GET /cormun/servlet/hlogin HTTP/1.1" 200 1725
192.168.10.60 - - [13/Apr/2017:16:23:14 -0300] "POST /cormun/servlet/hlogin?83de934390db87829bdc9167110a4173,gx-no-cache=1492110615520 HTTP/1.1" 200 90
192.168.10.60 - - [13/Apr/2017:16:23:14 -0300] "GET /cormun/servlet/hpexe_link HTTP/1.1" 200 956
192.168.10.60 - - [13/Apr/2017:16:23:14 -0300] "GET /cormun/servlet/hhome HTTP/1.1" 200 3759
192.168.10.60 - - [13/Apr/2017:16:23:14 -0300] "GET /cormun/servlet/hhome HTTP/1.1" 200 3756
