186.67.172.234 - - [13/Apr/2017:11:47:08 -0300] "GET /cormun/servlet/trautorizarpermisogoce? HTTP/1.1" 200 7840
186.67.172.234 - - [13/Apr/2017:11:47:23 -0300] "GET /cormun/servlet/trpermisosgoce HTTP/1.1" 200 11998
186.67.172.234 - - [13/Apr/2017:11:47:23 -0300] "GET /cormun/servlet/trpermisosgoce HTTP/1.1" 200 11999
186.103.159.230 - - [13/Apr/2017:11:47:28 -0300] "GET /cormun/servlet/solicitudot?f31dee7143a8d60ebbfb0625a814f811549275e40beeda45a00ae4fe8f3bb2a805ebc9057ad63d53f7d5418c70011d7a2004d5f7aa2f6e9c87c76a807e46210f495883e72907c04609e8703ae7c27cbb0dc3ccde889fd8c054560a4f6f8663c98c8dee84222da75f11224f05877baff1c1fbf9c088c2b12399b41d4fe116439b2acef3e9bc4783b37ba49fc2b876ed7dcf196f9d3b77c01d29057a8d23cf50c0382b4a93f9209a4cd8226ea5b873e1ce,gx-no-cache=1492094910026 HTTP/1.1" 200 30
186.67.172.234 - - [13/Apr/2017:11:47:28 -0300] "POST /cormun/servlet/trpermisosgoce?31728083b4a52d0a618c99600dea0f62,gx-no-cache=1492094912947 HTTP/1.1" 200 8997
186.67.172.234 - - [13/Apr/2017:11:47:28 -0300] "GET /cormun/static/Shared/jqueryui/images/ui-bg_highlight-soft_100_c6c2c8_1x100.png HTTP/1.1" 404 1117
186.67.172.234 - - [13/Apr/2017:11:47:28 -0300] "GET /cormun/static/Shared/jqueryui/images/ui-icons_82798d_256x240.png HTTP/1.1" 404 1089
186.67.172.234 - - [13/Apr/2017:11:47:28 -0300] "GET /cormun/static/Shared/jqueryui/images/ui-icons_8d78a5_256x240.png HTTP/1.1" 404 1089
186.67.172.234 - - [13/Apr/2017:11:47:28 -0300] "GET /cormun/static/Shared/jqueryui/images/ui-bg_flat_55_fafafa_40x100.png HTTP/1.1" 404 1097
186.67.172.234 - - [13/Apr/2017:11:47:31 -0300] "POST /cormun/servlet/trpermisosgoce?31728083b4a52d0a618c99600dea0f62,gx-no-cache=1492094915825 HTTP/1.1" 200 8614
186.67.172.234 - - [13/Apr/2017:11:47:33 -0300] "POST /cormun/servlet/trpermisosgoce?31728083b4a52d0a618c99600dea0f62,gx-no-cache=1492094917462 HTTP/1.1" 200 8368
186.67.172.234 - - [13/Apr/2017:11:47:39 -0300] "POST /cormun/servlet/trpermisosgoce?31728083b4a52d0a618c99600dea0f62,gx-no-cache=1492094923398 HTTP/1.1" 200 8168
186.67.172.234 - - [13/Apr/2017:11:47:42 -0300] "POST /cormun/servlet/trpermisosgoce?31728083b4a52d0a618c99600dea0f62,gx-no-cache=1492094926839 HTTP/1.1" 200 7843
192.168.10.13 - - [13/Apr/2017:11:47:43 -0300] "GET / HTTP/1.1" 200 11217
186.67.172.234 - - [13/Apr/2017:11:47:43 -0300] "POST /cormun/servlet/trpermisosgoce?31728083b4a52d0a618c99600dea0f62,gx-no-cache=1492094927637 HTTP/1.1" 200 7676
186.67.172.234 - - [13/Apr/2017:11:47:48 -0300] "POST /cormun/servlet/trpermisosgoce?31728083b4a52d0a618c99600dea0f62,gx-no-cache=1492094932661 HTTP/1.1" 200 7491
186.67.172.234 - - [13/Apr/2017:11:47:50 -0300] "POST /cormun/servlet/trpermisosgoce?31728083b4a52d0a618c99600dea0f62,gx-no-cache=1492094935125 HTTP/1.1" 200 7292
186.67.172.234 - - [13/Apr/2017:11:47:52 -0300] "POST /cormun/servlet/trpermisosgoce?31728083b4a52d0a618c99600dea0f62,gx-no-cache=1492094937398 HTTP/1.1" 200 7038
186.67.172.234 - - [13/Apr/2017:11:48:07 -0300] "POST /cormun/servlet/trpermisosgoce?31728083b4a52d0a618c99600dea0f62,gx-no-cache=1492094951798 HTTP/1.1" 200 6833
186.67.172.234 - - [13/Apr/2017:11:48:11 -0300] "POST /cormun/servlet/trpermisosgoce?31728083b4a52d0a618c99600dea0f62,gx-no-cache=1492094956013 HTTP/1.1" 200 6623
186.103.159.230 - - [13/Apr/2017:11:48:13 -0300] "POST /cormun/servlet/solicitudot?87590ba77a1f1717d23ed807b269b045,INS,0,0,,gx-no-cache=1492094954802 HTTP/1.1" 200 93
186.103.159.230 - - [13/Apr/2017:11:48:13 -0300] "GET /cormun/servlet/hpexe_return? HTTP/1.1" 200 1006
186.103.159.230 - - [13/Apr/2017:11:48:13 -0300] "GET /cormun/servlet/trsolicitudot HTTP/1.1" 200 8182
186.67.172.234 - - [13/Apr/2017:11:48:13 -0300] "POST /cormun/servlet/trpermisosgoce?31728083b4a52d0a618c99600dea0f62,gx-no-cache=1492094958053 HTTP/1.1" 200 6432
186.103.159.230 - - [13/Apr/2017:11:48:13 -0300] "GET /cormun/servlet/trsolicitudot HTTP/1.1" 200 8178
186.67.172.234 - - [13/Apr/2017:11:48:15 -0300] "POST /cormun/servlet/trpermisosgoce?31728083b4a52d0a618c99600dea0f62,gx-no-cache=1492094960341 HTTP/1.1" 200 6229
186.67.172.234 - - [13/Apr/2017:11:48:17 -0300] "POST /cormun/servlet/trpermisosgoce?31728083b4a52d0a618c99600dea0f62,gx-no-cache=1492094962030 HTTP/1.1" 200 6020
186.103.159.230 - - [13/Apr/2017:11:48:30 -0300] "POST /cormun/servlet/trsolicitudot?87590ba77a1f1717d23ed807b269b045,gx-no-cache=1492094971737 HTTP/1.1" 200 4313
186.103.159.230 - - [13/Apr/2017:11:48:30 -0300] "GET /cormun/static/Shared/jqueryui/images/ui-bg_highlight-soft_100_c6c2c8_1x100.png HTTP/1.1" 404 1117
186.103.159.230 - - [13/Apr/2017:11:48:30 -0300] "GET /cormun/static/Shared/jqueryui/images/ui-icons_82798d_256x240.png HTTP/1.1" 404 1089
186.103.159.230 - - [13/Apr/2017:11:48:30 -0300] "GET /cormun/static/Shared/jqueryui/images/ui-bg_flat_55_fafafa_40x100.png HTTP/1.1" 404 1097
186.103.159.230 - - [13/Apr/2017:11:48:30 -0300] "GET /cormun/static/Shared/jqueryui/images/ui-icons_8d78a5_256x240.png HTTP/1.1" 404 1089
186.103.159.230 - - [13/Apr/2017:11:48:30 -0300] "POST /cormun/servlet/trsolicitudot?87590ba77a1f1717d23ed807b269b045,gx-no-cache=1492094971969 HTTP/1.1" 200 4122
186.67.172.234 - - [13/Apr/2017:11:48:30 -0300] "POST /cormun/servlet/trpermisosgoce?31728083b4a52d0a618c99600dea0f62,gx-no-cache=1492094974693 HTTP/1.1" 200 5820
186.67.172.234 - - [13/Apr/2017:11:48:32 -0300] "POST /cormun/servlet/trpermisosgoce?31728083b4a52d0a618c99600dea0f62,gx-no-cache=1492094977230 HTTP/1.1" 200 5635
186.67.172.234 - - [13/Apr/2017:11:48:33 -0300] "POST /cormun/servlet/trpermisosgoce?31728083b4a52d0a618c99600dea0f62,gx-no-cache=1492094978461 HTTP/1.1" 200 5402
186.67.172.234 - - [13/Apr/2017:11:48:35 -0300] "POST /cormun/servlet/trpermisosgoce?31728083b4a52d0a618c99600dea0f62,gx-no-cache=1492094980045 HTTP/1.1" 200 5181
186.67.172.234 - - [13/Apr/2017:11:48:37 -0300] "POST /cormun/servlet/trpermisosgoce?31728083b4a52d0a618c99600dea0f62,gx-no-cache=1492094981454 HTTP/1.1" 200 4922
186.67.172.234 - - [13/Apr/2017:11:48:38 -0300] "POST /cormun/servlet/trpermisosgoce?31728083b4a52d0a618c99600dea0f62,gx-no-cache=1492094983012 HTTP/1.1" 200 4180
192.168.10.13 - - [13/Apr/2017:11:48:43 -0300] "GET / HTTP/1.1" 200 11217
186.67.172.234 - - [13/Apr/2017:11:48:43 -0300] "GET /cormun/servlet/trautorizarpermisogoce? HTTP/1.1" 200 12176
186.67.172.234 - - [13/Apr/2017:11:48:44 -0300] "GET /cormun/servlet/trautorizarpermisogoce? HTTP/1.1" 200 12176
186.103.159.230 - - [13/Apr/2017:11:48:45 -0300] "GET /cormun/servlet/trautorizarsolicitud? HTTP/1.1" 200 8122
186.103.159.230 - - [13/Apr/2017:11:48:46 -0300] "GET /cormun/servlet/trautorizarsolicitud? HTTP/1.1" 200 8122
186.103.159.44 - - [13/Apr/2017:11:48:47 -0300] "GET /cormun/servlet/hlogin HTTP/1.1" 200 1716
186.103.159.44 - - [13/Apr/2017:11:48:47 -0300] "GET /cormun/static/Resources/Spanish/PXTools.css?11294912 HTTP/1.1" 304 -
186.103.159.44 - - [13/Apr/2017:11:48:47 -0300] "GET /cormun/static/gxtimezone.js?85251 HTTP/1.1" 304 -
186.103.159.44 - - [13/Apr/2017:11:48:47 -0300] "GET /cormun/static/gxgral.js?85251 HTTP/1.1" 304 -
186.103.159.44 - - [13/Apr/2017:11:48:47 -0300] "GET /cormun/static/gxcfg.js?201741110203197 HTTP/1.1" 304 -
186.103.159.44 - - [13/Apr/2017:11:48:47 -0300] "GET /cormun/static/Resources/ComunLogin.png HTTP/1.1" 304 -
186.103.159.44 - - [13/Apr/2017:11:48:47 -0300] "GET /cormun/static/messages.spa.js?85251 HTTP/1.1" 304 -
186.103.159.44 - - [13/Apr/2017:11:48:47 -0300] "GET /cormun/static/hlogin.js?201741110203211 HTTP/1.1" 304 -
186.103.159.44 - - [13/Apr/2017:11:48:47 -0300] "GET /cormun/static/Resources/PXToolsLoginTop.png HTTP/1.1" 304 -
186.103.159.44 - - [13/Apr/2017:11:48:47 -0300] "GET /cormun/static/Resources/PXToolsLoginBackground.png HTTP/1.1" 304 -
186.103.159.44 - - [13/Apr/2017:11:48:47 -0300] "GET /cormun/static/Resources/PXToolsButtonLeft21.png HTTP/1.1" 304 -
186.103.159.44 - - [13/Apr/2017:11:48:47 -0300] "GET /cormun/static/Resources/PXToolsButtonRight21.png HTTP/1.1" 304 -
186.103.159.44 - - [13/Apr/2017:11:48:48 -0300] "GET /cormun/static/Resources/PXToolsButtonBackground2.png HTTP/1.1" 304 -
186.103.159.44 - - [13/Apr/2017:11:48:48 -0300] "GET /cormun/static/Resources/PXToolsLoginBottom.png HTTP/1.1" 304 -
186.103.159.44 - - [13/Apr/2017:11:48:48 -0300] "GET /cormun/servlet/hlogin HTTP/1.1" 200 1723
186.103.159.44 - - [13/Apr/2017:11:48:48 -0300] "GET /cormun/static/Resources/indicator.gif HTTP/1.1" 304 -
91.196.50.33 - - [13/Apr/2017:11:48:56 -0300] "GET /testproxy.php HTTP/1.1" 404 987
186.67.172.234 - - [13/Apr/2017:11:49:00 -0300] "POST /cormun/servlet/trautorizarpermisogoce?31728083b4a52d0a618c99600dea0f62,,gx-no-cache=1492095004428 HTTP/1.1" 200 9228
186.67.172.234 - - [13/Apr/2017:11:49:00 -0300] "GET /cormun/static/Shared/jqueryui/images/ui-bg_highlight-soft_100_c6c2c8_1x100.png HTTP/1.1" 404 1117
186.67.172.234 - - [13/Apr/2017:11:49:00 -0300] "GET /cormun/static/Shared/jqueryui/images/ui-icons_82798d_256x240.png HTTP/1.1" 404 1089
186.67.172.234 - - [13/Apr/2017:11:49:00 -0300] "GET /cormun/static/Shared/jqueryui/images/ui-bg_flat_55_fafafa_40x100.png HTTP/1.1" 404 1097
186.67.172.234 - - [13/Apr/2017:11:49:00 -0300] "GET /cormun/static/Shared/jqueryui/images/ui-icons_8d78a5_256x240.png HTTP/1.1" 404 1089
186.103.159.230 - - [13/Apr/2017:11:49:01 -0300] "POST /cormun/servlet/trautorizarsolicitud?87590ba77a1f1717d23ed807b269b045,,gx-no-cache=1492095002988 HTTP/1.1" 200 4285
186.103.159.230 - - [13/Apr/2017:11:49:01 -0300] "GET /cormun/static/Shared/jqueryui/images/ui-bg_highlight-soft_100_c6c2c8_1x100.png HTTP/1.1" 404 1117
186.103.159.230 - - [13/Apr/2017:11:49:01 -0300] "GET /cormun/static/Shared/jqueryui/images/ui-bg_flat_55_fafafa_40x100.png HTTP/1.1" 404 1097
186.103.159.230 - - [13/Apr/2017:11:49:01 -0300] "GET /cormun/static/Shared/jqueryui/images/ui-icons_82798d_256x240.png HTTP/1.1" 404 1089
186.103.159.230 - - [13/Apr/2017:11:49:01 -0300] "GET /cormun/static/Shared/jqueryui/images/ui-icons_8d78a5_256x240.png HTTP/1.1" 404 1089
186.103.159.230 - - [13/Apr/2017:11:49:01 -0300] "POST /cormun/servlet/trautorizarsolicitud?87590ba77a1f1717d23ed807b269b045,,gx-no-cache=1492095003588 HTTP/1.1" 200 4096
186.67.172.234 - - [13/Apr/2017:11:49:03 -0300] "POST /cormun/servlet/trautorizarpermisogoce?31728083b4a52d0a618c99600dea0f62,,gx-no-cache=1492095007357 HTTP/1.1" 200 9040
186.67.172.234 - - [13/Apr/2017:11:49:05 -0300] "POST /cormun/servlet/trautorizarpermisogoce?31728083b4a52d0a618c99600dea0f62,,gx-no-cache=1492095009756 HTTP/1.1" 200 8816
186.67.172.234 - - [13/Apr/2017:11:49:07 -0300] "POST /cormun/servlet/trautorizarpermisogoce?31728083b4a52d0a618c99600dea0f62,,gx-no-cache=1492095011653 HTTP/1.1" 200 8432
186.67.172.234 - - [13/Apr/2017:11:49:09 -0300] "POST /cormun/servlet/trautorizarpermisogoce?31728083b4a52d0a618c99600dea0f62,,gx-no-cache=1492095014326 HTTP/1.1" 200 8229
186.67.172.234 - - [13/Apr/2017:11:49:12 -0300] "POST /cormun/servlet/trautorizarpermisogoce?31728083b4a52d0a618c99600dea0f62,,gx-no-cache=1492095016588 HTTP/1.1" 200 8002
186.67.172.234 - - [13/Apr/2017:11:49:14 -0300] "POST /cormun/servlet/trautorizarpermisogoce?31728083b4a52d0a618c99600dea0f62,,gx-no-cache=1492095018524 HTTP/1.1" 200 7834
186.103.159.230 - - [13/Apr/2017:11:49:16 -0300] "GET /cormun/servlet/trsolicitudot? HTTP/1.1" 200 6945
186.103.159.230 - - [13/Apr/2017:11:49:16 -0300] "GET /cormun/servlet/trsolicitudot? HTTP/1.1" 200 6944
186.67.172.234 - - [13/Apr/2017:11:49:16 -0300] "POST /cormun/servlet/trautorizarpermisogoce?31728083b4a52d0a618c99600dea0f62,,gx-no-cache=1492095020853 HTTP/1.1" 200 7653
186.103.159.44 - - [13/Apr/2017:11:49:17 -0300] "POST /cormun/servlet/hlogin?1fe05c5c04e2294eccb1ab7161e5a51e,gx-no-cache=1492095027390 HTTP/1.1" 200 90
186.103.159.44 - - [13/Apr/2017:11:49:17 -0300] "GET /cormun/servlet/hpexe_link HTTP/1.1" 200 946
186.103.159.44 - - [13/Apr/2017:11:49:18 -0300] "GET /cormun/static/gxcfg.js?201731711483381 HTTP/1.1" 304 -
186.103.159.44 - - [13/Apr/2017:11:49:18 -0300] "GET /cormun/servlet/hhome HTTP/1.1" 200 3906
186.103.159.44 - - [13/Apr/2017:11:49:18 -0300] "GET /cormun/static/gxcfg.js?201731711483497 HTTP/1.1" 304 -
186.67.172.234 - - [13/Apr/2017:11:49:18 -0300] "POST /cormun/servlet/trautorizarpermisogoce?31728083b4a52d0a618c99600dea0f62,,gx-no-cache=1492095023372 HTTP/1.1" 200 7448
186.103.159.230 - - [13/Apr/2017:11:49:20 -0300] "GET /cormun/servlet/solicitudot?INS,0,0, HTTP/1.1" 200 12778
186.67.172.234 - - [13/Apr/2017:11:49:20 -0300] "POST /cormun/servlet/trautorizarpermisogoce?31728083b4a52d0a618c99600dea0f62,,gx-no-cache=1492095025332 HTTP/1.1" 200 7268
186.103.159.230 - - [13/Apr/2017:11:49:21 -0300] "GET /cormun/servlet/solicitudot?INS,0,0, HTTP/1.1" 200 12783
186.67.172.234 - - [13/Apr/2017:11:49:22 -0300] "POST /cormun/servlet/trautorizarpermisogoce?31728083b4a52d0a618c99600dea0f62,,gx-no-cache=1492095027316 HTTP/1.1" 200 7081
186.67.172.234 - - [13/Apr/2017:11:49:25 -0300] "POST /cormun/servlet/trautorizarpermisogoce?31728083b4a52d0a618c99600dea0f62,,gx-no-cache=1492095029460 HTTP/1.1" 200 6846
186.103.159.44 - - [13/Apr/2017:11:49:27 -0300] "GET /cormun/servlet/trautorizarsolicitud? HTTP/1.1" 200 9664
186.103.159.44 - - [13/Apr/2017:11:49:27 -0300] "GET /cormun/static/gxcfg.js?2017259112829 HTTP/1.1" 304 -
186.103.159.230 - - [13/Apr/2017:11:49:29 -0300] "GET /cormun/servlet/prfichaempleado?,MD,,gxPopupLevel%3D0%3B HTTP/1.1" 200 8800
186.67.172.234 - - [13/Apr/2017:11:49:40 -0300] "POST /cormun/servlet/trautorizarpermisogoce?31728083b4a52d0a618c99600dea0f62,,gx-no-cache=1492095044621 HTTP/1.1" 200 6510
192.168.10.13 - - [13/Apr/2017:11:49:43 -0300] "GET / HTTP/1.1" 200 11217
186.103.159.230 - - [13/Apr/2017:11:49:45 -0300] "POST /cormun/servlet/prfichaempleado?87590ba77a1f1717d23ed807b269b045,,MD,,gxPopupLevel%3D0%3B,gx-no-cache=1492095047265 HTTP/1.1" 200 3508
186.67.172.234 - - [13/Apr/2017:11:49:48 -0300] "POST /cormun/servlet/trautorizarpermisogoce?31728083b4a52d0a618c99600dea0f62,,gx-no-cache=1492095052868 HTTP/1.1" 200 6324
186.67.172.234 - - [13/Apr/2017:11:49:51 -0300] "POST /cormun/servlet/trautorizarpermisogoce?31728083b4a52d0a618c99600dea0f62,,gx-no-cache=1492095056268 HTTP/1.1" 200 6129
186.103.159.230 - - [13/Apr/2017:11:49:52 -0300] "POST /cormun/servlet/solicitudot?gx-no-cache=1492095054323 HTTP/1.1" 200 3177
186.103.159.230 - - [13/Apr/2017:11:49:52 -0300] "POST /cormun/servlet/solicitudot?87590ba77a1f1717d23ed807b269b045,INS,0,0,,gx-no-cache=1492095054504 HTTP/1.1" 200 9963
186.67.172.234 - - [13/Apr/2017:11:49:53 -0300] "POST /cormun/servlet/trautorizarpermisogoce?31728083b4a52d0a618c99600dea0f62,,gx-no-cache=1492095058156 HTTP/1.1" 200 5947
186.67.172.234 - - [13/Apr/2017:11:49:55 -0300] "POST /cormun/servlet/trautorizarpermisogoce?31728083b4a52d0a618c99600dea0f62,,gx-no-cache=1492095060268 HTTP/1.1" 200 5748
186.67.172.234 - - [13/Apr/2017:11:49:57 -0300] "POST /cormun/servlet/trautorizarpermisogoce?31728083b4a52d0a618c99600dea0f62,,gx-no-cache=1492095062260 HTTP/1.1" 200 5554
186.103.159.44 - - [13/Apr/2017:11:49:58 -0300] "POST /cormun/servlet/trautorizarsolicitud?1fe05c5c04e2294eccb1ab7161e5a51e,,gx-no-cache=1492095067621 HTTP/1.1" 200 6567
186.103.159.44 - - [13/Apr/2017:11:49:58 -0300] "POST /cormun/servlet/trautorizarsolicitud?1fe05c5c04e2294eccb1ab7161e5a51e,,gx-no-cache=1492095068380 HTTP/1.1" 200 6511
186.67.172.234 - - [13/Apr/2017:11:49:59 -0300] "POST /cormun/servlet/trautorizarpermisogoce?31728083b4a52d0a618c99600dea0f62,,gx-no-cache=1492095063892 HTTP/1.1" 200 5353
186.103.159.44 - - [13/Apr/2017:11:49:59 -0300] "GET /cormun/static/Shared/jqueryui/images/ui-icons_8d78a5_256x240.png HTTP/1.1" 404 1089
186.103.159.44 - - [13/Apr/2017:11:49:59 -0300] "GET /cormun/static/Shared/jqueryui/images/ui-bg_flat_55_fafafa_40x100.png HTTP/1.1" 404 1097
186.103.159.44 - - [13/Apr/2017:11:49:59 -0300] "GET /cormun/static/Shared/jqueryui/images/ui-icons_82798d_256x240.png HTTP/1.1" 404 1089
186.103.159.44 - - [13/Apr/2017:11:49:59 -0300] "GET /cormun/static/Shared/jqueryui/images/ui-bg_highlight-soft_100_c6c2c8_1x100.png HTTP/1.1" 404 1117
186.67.172.234 - - [13/Apr/2017:11:50:00 -0300] "POST /cormun/servlet/trautorizarpermisogoce?31728083b4a52d0a618c99600dea0f62,,gx-no-cache=1492095065484 HTTP/1.1" 200 5148
186.103.159.230 - - [13/Apr/2017:11:50:02 -0300] "GET /cormun/servlet/solicitudot?f31dee7143a8d60ebbfb0625a814f811a8a010932c30f62dcdfc450c9961feeb048ada7e0e0f1c7977ba38c3a85575e8,gx-no-cache=1492095063960 HTTP/1.1" 200 30
186.103.159.230 - - [13/Apr/2017:11:50:02 -0300] "POST /cormun/servlet/solicitudot?gx-no-cache=1492095064011 HTTP/1.1" 200 255
186.67.172.234 - - [13/Apr/2017:11:50:02 -0300] "POST /cormun/servlet/trautorizarpermisogoce?31728083b4a52d0a618c99600dea0f62,,gx-no-cache=1492095067045 HTTP/1.1" 200 4884
186.103.159.230 - - [13/Apr/2017:11:50:04 -0300] "GET /cormun/servlet/solicitudot?f31dee7143a8d60ebbfb0625a814f811cdcaf54a0af485980a1e89ac3a8f9cc5fe751c3d71a02972dc5eba8e71cb4406942fbab927a728fb325efb99cac83f30d548425b92c0c1bb1321dc7b037ba1a4ffd0ac7f78bd96e68f5a033bed6215b8bf2317a84f15e558fec2b0f1d6088eb0662264ffd5267b0fbee891a84dc3d79492823b0e68f4e7c1ff8d8e223e4d1905479942fe502bd78bcfb346f46960e3f2d48064e278f1e8fa456c8ad50f05b51c21c33ad6f9f72745d71e867b5abf54349bcdf507961a1de9a728c2a91a82d8440bba47b1ac99908f5a87d3051b1aa76c74e388b1dbabde1f11e75dab6accbdada58782b8bff4527b7dffd8ab4602eeee1c301fc562244679877201f6eb642f72e55f5cf261859ea3032fad5047ff7efbc6c0a7efb42a4495db78449cc76d1e200bf363c17f01c0f12d55c1c4e44ec62ebddd2e1ec4c21157aa38e7745ca8b1c933b8441c355fbfe34c4480cec662520f07fb6ca0488c35a8c5b39deab1153ed457a464d8a705c16139783fd3d929d424,gx-no-cache=1492095064056 HTTP/1.1" 200 30
186.103.159.44 - - [13/Apr/2017:11:50:11 -0300] "POST /cormun/servlet/trautorizarsolicitud?1fe05c5c04e2294eccb1ab7161e5a51e,,gx-no-cache=1492095080753 HTTP/1.1" 200 6251
186.103.159.230 - - [13/Apr/2017:11:50:11 -0300] "POST /cormun/servlet/solicitudot?gx-no-cache=1492095073433 HTTP/1.1" 200 30
186.103.159.44 - - [13/Apr/2017:11:50:12 -0300] "POST /cormun/servlet/trautorizarsolicitud?1fe05c5c04e2294eccb1ab7161e5a51e,,gx-no-cache=1492095081588 HTTP/1.1" 200 6196
186.67.172.234 - - [13/Apr/2017:11:50:13 -0300] "GET /cormun/servlet/trpermisosgoce? HTTP/1.1" 200 6819
186.67.172.234 - - [13/Apr/2017:11:50:14 -0300] "GET /cormun/servlet/trpermisosgoce? HTTP/1.1" 200 6819
186.103.159.44 - - [13/Apr/2017:11:50:14 -0300] "POST /cormun/servlet/trautorizarsolicitud?1fe05c5c04e2294eccb1ab7161e5a51e,,gx-no-cache=1492095083648 HTTP/1.1" 200 5821
186.103.159.44 - - [13/Apr/2017:11:50:15 -0300] "POST /cormun/servlet/trautorizarsolicitud?1fe05c5c04e2294eccb1ab7161e5a51e,,gx-no-cache=1492095084695 HTTP/1.1" 200 5766
186.103.159.230 - - [13/Apr/2017:11:50:17 -0300] "POST /cormun/servlet/solicitudot?gx-no-cache=1492095078883 HTTP/1.1" 200 1291
186.103.159.230 - - [13/Apr/2017:11:50:17 -0300] "POST /cormun/servlet/solicitudot?gx-no-cache=1492095078983 HTTP/1.1" 200 38
186.67.172.234 - - [13/Apr/2017:11:50:17 -0300] "GET /cormun/servlet/permisogoce?INS,0,,, HTTP/1.1" 200 6817
186.103.159.44 - - [13/Apr/2017:11:50:17 -0300] "POST /cormun/servlet/trautorizarsolicitud?1fe05c5c04e2294eccb1ab7161e5a51e,,gx-no-cache=1492095086946 HTTP/1.1" 200 5436
186.67.172.234 - - [13/Apr/2017:11:50:17 -0300] "GET /cormun/servlet/permisogoce?INS,0,,, HTTP/1.1" 200 6817
186.103.159.44 - - [13/Apr/2017:11:50:18 -0300] "POST /cormun/servlet/trautorizarsolicitud?1fe05c5c04e2294eccb1ab7161e5a51e,,gx-no-cache=1492095087948 HTTP/1.1" 200 5380
186.103.159.44 - - [13/Apr/2017:11:50:21 -0300] "POST /cormun/servlet/trautorizarsolicitud?1fe05c5c04e2294eccb1ab7161e5a51e,,gx-no-cache=1492095090588 HTTP/1.1" 200 4310
186.103.159.44 - - [13/Apr/2017:11:50:22 -0300] "POST /cormun/servlet/trautorizarsolicitud?1fe05c5c04e2294eccb1ab7161e5a51e,,gx-no-cache=1492095091628 HTTP/1.1" 200 4081
186.67.172.234 - - [13/Apr/2017:11:50:22 -0300] "GET /cormun/servlet/trpermisosgoce? HTTP/1.1" 200 6819
186.67.172.234 - - [13/Apr/2017:11:50:22 -0300] "GET /cormun/servlet/trpermisosgoce? HTTP/1.1" 200 6819
186.103.159.230 - - [13/Apr/2017:11:50:28 -0300] "GET /cormun/servlet/solicitudot?f31dee7143a8d60ebbfb0625a814f81143c52918746cad1a0bb1ac19118073c7ad654d951ce953266664a9c0f0ddd5057bb4d468163a793183e12e920246b3089f6f3df60cd4885a8e8761058eefcdcb7eccd97b4752e45148c2318a180e36cead67e7e642b766e9898dd00fce1a5584fc454d56e34788db0c852d9b6c8ff5724bb365f19b3c136b85224e054fc5516ea0f326c6e61a62e10a8df36d73436776,gx-no-cache=1492095090140 HTTP/1.1" 200 29
186.103.159.230 - - [13/Apr/2017:11:50:28 -0300] "POST /cormun/servlet/solicitudot?gx-no-cache=1492095090192 HTTP/1.1" 200 1273
186.103.159.230 - - [13/Apr/2017:11:50:28 -0300] "POST /cormun/servlet/solicitudot?gx-no-cache=1492095090268 HTTP/1.1" 200 1158
186.103.159.46 - - [13/Apr/2017:11:50:41 -0300] "GET /cormun/servlet/trpermisosgoce? HTTP/1.1" 200 13606
186.103.159.46 - - [13/Apr/2017:11:50:42 -0300] "GET /cormun/servlet/trpermisosgoce? HTTP/1.1" 200 13605
192.168.10.13 - - [13/Apr/2017:11:50:43 -0300] "GET / HTTP/1.1" 200 11217
186.103.159.46 - - [13/Apr/2017:11:50:53 -0300] "GET /cormun/servlet/trautorizarpermisogoce? HTTP/1.1" 200 6549
186.103.159.46 - - [13/Apr/2017:11:50:53 -0300] "GET /cormun/servlet/trautorizarpermisogoce? HTTP/1.1" 200 6549
186.103.159.46 - - [13/Apr/2017:11:50:56 -0300] "POST /cormun/servlet/trautorizarpermisogoce?dae410ba50d8ad41949b3b37c3c586df,,gx-no-cache=1492095117756 HTTP/1.1" 200 3808
186.103.159.46 - - [13/Apr/2017:11:51:02 -0300] "POST /cormun/servlet/trautorizarpermisogoce?dae410ba50d8ad41949b3b37c3c586df,,gx-no-cache=1492095123577 HTTP/1.1" 200 10356
186.103.159.230 - - [13/Apr/2017:11:51:10 -0300] "GET /cormun/static/menuarrow.gif HTTP/1.1" 404 1015
186.103.159.46 - - [13/Apr/2017:11:51:19 -0300] "GET /cormun/servlet/trlicenciaspermisoslog?9014931,P,20170413113721, HTTP/1.1" 200 6235
186.103.159.46 - - [13/Apr/2017:11:51:19 -0300] "GET /cormun/static/trlicenciaspermisoslog.js?201731711543510 HTTP/1.1" 200 20014
186.103.159.46 - - [13/Apr/2017:11:51:19 -0300] "GET /cormun/static/gxcfg.js?201731711543185 HTTP/1.1" 200 953
186.103.159.46 - - [13/Apr/2017:11:51:20 -0300] "GET /cormun/servlet/trlicenciaspermisoslog?9014931,P,20170413113721, HTTP/1.1" 200 6236
186.103.159.46 - - [13/Apr/2017:11:51:26 -0300] "GET /cormun/servlet/trautorizarpermisogoce? HTTP/1.1" 200 13173
186.103.159.230 - - [13/Apr/2017:11:51:27 -0300] "GET /cormun/servlet/solicitudot?f31dee7143a8d60ebbfb0625a814f811549275e40beeda45a00ae4fe8f3bb2a805ebc9057ad63d53f7d5418c70011d7a2004d5f7aa2f6e9c87c76a807e46210f495883e72907c04609e8703ae7c27cbb0dc3ccde889fd8c054560a4f6f8663c98c8dee84222da75f11224f05877baff1c1fbf9c088c2b12399b41d4fe116439b2acef3e9bc4783b37ba49fc2b876ed7dcf196f9d3b77c01d29057a8d23cf50c0382b4a93f9209a4cd8226ea5b873e1ce,gx-no-cache=1492095148861 HTTP/1.1" 200 30
186.103.159.46 - - [13/Apr/2017:11:51:27 -0300] "GET /cormun/servlet/trautorizarpermisogoce? HTTP/1.1" 200 13172
186.103.159.46 - - [13/Apr/2017:11:51:35 -0300] "POST /cormun/servlet/trautorizarpermisogoce?dae410ba50d8ad41949b3b37c3c586df,,gx-no-cache=1492095156752 HTTP/1.1" 200 3808
192.168.10.13 - - [13/Apr/2017:11:51:43 -0300] "GET / HTTP/1.1" 200 11217
186.103.159.230 - - [13/Apr/2017:11:51:44 -0300] "POST /cormun/servlet/solicitudot?87590ba77a1f1717d23ed807b269b045,INS,0,0,,gx-no-cache=1492095166637 HTTP/1.1" 200 93
186.103.159.230 - - [13/Apr/2017:11:51:45 -0300] "GET /cormun/servlet/hpexe_return? HTTP/1.1" 200 1006
186.103.159.230 - - [13/Apr/2017:11:51:45 -0300] "GET /cormun/servlet/trsolicitudot HTTP/1.1" 200 8184
186.103.159.230 - - [13/Apr/2017:11:51:45 -0300] "GET /cormun/servlet/trsolicitudot HTTP/1.1" 200 8180
192.168.10.13 - - [13/Apr/2017:11:52:43 -0300] "GET / HTTP/1.1" 200 11217
186.79.133.199 - - [13/Apr/2017:11:53:38 -0300] "GET /cormun/servlet/hlogin HTTP/1.1" 200 1727
186.79.133.199 - - [13/Apr/2017:11:53:38 -0300] "GET /cormun/static/Resources/Spanish/PXTools.css?11294912 HTTP/1.1" 304 -
186.79.133.199 - - [13/Apr/2017:11:53:38 -0300] "GET /cormun/static/gxcfg.js?201741110203197 HTTP/1.1" 304 -
186.79.133.199 - - [13/Apr/2017:11:53:38 -0300] "GET /cormun/static/messages.spa.js?85251 HTTP/1.1" 304 -
186.79.133.199 - - [13/Apr/2017:11:53:39 -0300] "GET /cormun/static/hlogin.js?201741110203211 HTTP/1.1" 304 -
186.79.133.199 - - [13/Apr/2017:11:53:40 -0300] "GET /cormun/servlet/hlogin HTTP/1.1" 200 1736
192.168.10.13 - - [13/Apr/2017:11:53:43 -0300] "GET / HTTP/1.1" 200 11217
186.79.133.199 - - [13/Apr/2017:11:53:51 -0300] "POST /cormun/servlet/hlogin?fbffce17e0aac1cec8d4a4281f7cc9c0,gx-no-cache=1492098732175 HTTP/1.1" 200 90
186.79.133.199 - - [13/Apr/2017:11:53:51 -0300] "GET /cormun/servlet/hpexe_link HTTP/1.1" 200 956
186.79.133.199 - - [13/Apr/2017:11:53:52 -0300] "GET /cormun/static/gxcfg.js?201731711483381 HTTP/1.1" 304 -
186.79.133.199 - - [13/Apr/2017:11:53:52 -0300] "GET /cormun/static/hpexe_link.js?201731711483384 HTTP/1.1" 304 -
186.79.133.199 - - [13/Apr/2017:11:53:53 -0300] "GET /cormun/servlet/hhome HTTP/1.1" 200 3788
186.79.133.199 - - [13/Apr/2017:11:53:53 -0300] "GET /cormun/static/gxcfg.js?201731711483497 HTTP/1.1" 304 -
186.79.133.199 - - [13/Apr/2017:11:53:53 -0300] "GET /cormun/static/hhome.js?20173171148352 HTTP/1.1" 304 -
186.79.133.199 - - [13/Apr/2017:11:53:53 -0300] "GET /cormun/static/hwchdr01.js?201731711335950 HTTP/1.1" 304 -
186.79.133.199 - - [13/Apr/2017:11:53:53 -0300] "GET /cormun/static/hpexe_recentlink.js?201610171694390 HTTP/1.1" 304 -
186.79.133.199 - - [13/Apr/2017:11:53:53 -0300] "GET /cormun/static/hpexe_scripts.js?201731711335890 HTTP/1.1" 304 -
186.79.133.199 - - [13/Apr/2017:11:53:53 -0300] "GET /cormun/static/hpexe_messagecontroller.js?201610171694323 HTTP/1.1" 304 -
186.79.133.199 - - [13/Apr/2017:11:53:53 -0300] "GET /cormun/static/hpexe_messagepopupcomponent.js?20161017169425 HTTP/1.1" 304 -
186.79.133.199 - - [13/Apr/2017:11:53:53 -0300] "GET /cormun/static/hpexe_messagegenexuscomponent.js?201731711335537 HTTP/1.1" 304 -
186.79.133.199 - - [13/Apr/2017:11:53:53 -0300] "GET /cormun/static/cmcontrolpreferences.js?201731711335852 HTTP/1.1" 304 -
186.79.133.199 - - [13/Apr/2017:11:53:53 -0300] "GET /cormun/static/hmpwkw03.js?201731711485354 HTTP/1.1" 304 -
186.79.133.199 - - [13/Apr/2017:11:53:54 -0300] "GET /cormun/servlet/hhome HTTP/1.1" 200 3788
192.168.10.13 - - [13/Apr/2017:11:54:43 -0300] "GET / HTTP/1.1" 200 11217
192.168.10.13 - - [13/Apr/2017:11:55:43 -0300] "GET / HTTP/1.1" 200 11217
192.168.10.13 - - [13/Apr/2017:11:56:43 -0300] "GET / HTTP/1.1" 200 11217
186.79.133.199 - - [13/Apr/2017:11:57:26 -0300] "GET /cormun/servlet/hlogin HTTP/1.1" 200 1727
186.79.133.199 - - [13/Apr/2017:11:57:40 -0300] "POST /cormun/servlet/hlogin?fbffce17e0aac1cec8d4a4281f7cc9c0,gx-no-cache=1492098961488 HTTP/1.1" 200 90
186.79.133.199 - - [13/Apr/2017:11:57:40 -0300] "GET /cormun/servlet/hpexe_link HTTP/1.1" 200 956
186.79.133.199 - - [13/Apr/2017:11:57:41 -0300] "GET /cormun/servlet/hhome HTTP/1.1" 200 3974
192.168.10.13 - - [13/Apr/2017:11:57:43 -0300] "GET / HTTP/1.1" 200 11217
186.79.133.199 - - [13/Apr/2017:11:57:43 -0300] "GET /cormun/servlet/hhome HTTP/1.1" 200 3970
186.103.159.230 - - [13/Apr/2017:11:57:48 -0300] "POST /cormun/servlet/trsolicitudot?87590ba77a1f1717d23ed807b269b045,gx-no-cache=1492095530530 HTTP/1.1" 200 4312
186.103.159.230 - - [13/Apr/2017:11:57:48 -0300] "GET /cormun/static/Shared/jqueryui/images/ui-bg_highlight-soft_100_c6c2c8_1x100.png HTTP/1.1" 404 1117
186.103.159.230 - - [13/Apr/2017:11:57:48 -0300] "GET /cormun/static/Shared/jqueryui/images/ui-icons_82798d_256x240.png HTTP/1.1" 404 1089
186.103.159.230 - - [13/Apr/2017:11:57:48 -0300] "GET /cormun/static/Shared/jqueryui/images/ui-bg_flat_55_fafafa_40x100.png HTTP/1.1" 404 1097
186.103.159.230 - - [13/Apr/2017:11:57:48 -0300] "GET /cormun/static/Shared/jqueryui/images/ui-icons_8d78a5_256x240.png HTTP/1.1" 404 1089
186.103.159.230 - - [13/Apr/2017:11:57:49 -0300] "POST /cormun/servlet/trsolicitudot?87590ba77a1f1717d23ed807b269b045,gx-no-cache=1492095530784 HTTP/1.1" 200 4120
186.79.133.199 - - [13/Apr/2017:11:58:01 -0300] "GET /cormun/servlet/trautorizarpermisogoce? HTTP/1.1" 200 8165
186.79.133.199 - - [13/Apr/2017:11:58:01 -0300] "GET /cormun/static/gxcfg.js?20174111145711 HTTP/1.1" 304 -
186.79.133.199 - - [13/Apr/2017:11:58:02 -0300] "GET /cormun/static/trautorizarpermisogoce.js?201741111451072 HTTP/1.1" 304 -
186.103.159.230 - - [13/Apr/2017:11:58:02 -0300] "GET /cormun/servlet/trautorizarsolicitud? HTTP/1.1" 200 8124
186.103.159.230 - - [13/Apr/2017:11:58:02 -0300] "GET /cormun/servlet/trautorizarsolicitud? HTTP/1.1" 200 8124
186.79.133.199 - - [13/Apr/2017:11:58:03 -0300] "GET /cormun/servlet/trautorizarpermisogoce? HTTP/1.1" 200 8163
192.168.10.13 - - [13/Apr/2017:11:58:43 -0300] "GET / HTTP/1.1" 200 11217
186.103.159.230 - - [13/Apr/2017:11:59:12 -0300] "POST /cormun/servlet/trautorizarsolicitud?87590ba77a1f1717d23ed807b269b045,,gx-no-cache=1492095614292 HTTP/1.1" 200 4286
186.103.159.230 - - [13/Apr/2017:11:59:12 -0300] "GET /cormun/static/Shared/jqueryui/images/ui-bg_highlight-soft_100_c6c2c8_1x100.png HTTP/1.1" 404 1117
186.103.159.230 - - [13/Apr/2017:11:59:12 -0300] "GET /cormun/static/Shared/jqueryui/images/ui-bg_flat_55_fafafa_40x100.png HTTP/1.1" 404 1097
186.103.159.230 - - [13/Apr/2017:11:59:12 -0300] "GET /cormun/static/Shared/jqueryui/images/ui-icons_8d78a5_256x240.png HTTP/1.1" 404 1089
186.103.159.230 - - [13/Apr/2017:11:59:12 -0300] "GET /cormun/static/Shared/jqueryui/images/ui-icons_82798d_256x240.png HTTP/1.1" 404 1089
186.103.159.230 - - [13/Apr/2017:11:59:12 -0300] "POST /cormun/servlet/trautorizarsolicitud?87590ba77a1f1717d23ed807b269b045,,gx-no-cache=1492095614510 HTTP/1.1" 200 4097
192.168.10.13 - - [13/Apr/2017:11:59:43 -0300] "GET / HTTP/1.1" 200 11217
186.79.133.199 - - [13/Apr/2017:11:59:48 -0300] "GET /cormun/servlet/trpermisosadjuntos?7910799,20170411090407,P, HTTP/1.1" 200 6293
186.79.133.199 - - [13/Apr/2017:11:59:49 -0300] "GET /cormun/static/gxcfg.js?201731711542659 HTTP/1.1" 304 -
186.79.133.199 - - [13/Apr/2017:11:59:50 -0300] "GET /cormun/servlet/trpermisosadjuntos?7910799,20170411090407,P, HTTP/1.1" 200 6293
186.79.133.199 - - [13/Apr/2017:11:59:52 -0300] "GET /cormun/servlet/permisosadjuntos?INS,7910799,P,20170411090407,, HTTP/1.1" 200 5622
186.79.133.199 - - [13/Apr/2017:11:59:52 -0300] "GET /cormun/static/gxcfg.js?201741111155774 HTTP/1.1" 304 -
186.79.133.199 - - [13/Apr/2017:11:59:53 -0300] "GET /cormun/static/permisosadjuntos.js?201741111155784 HTTP/1.1" 304 -
186.79.133.199 - - [13/Apr/2017:11:59:53 -0300] "GET /cormun/static/about:blank HTTP/1.1" 404 1011
186.79.133.199 - - [13/Apr/2017:11:59:53 -0300] "GET /cormun/servlet/permisosadjuntos?INS,7910799,P,20170411090407,, HTTP/1.1" 200 5612
192.168.10.13 - - [13/Apr/2017:12:00:43 -0300] "GET / HTTP/1.1" 200 11217
192.168.10.13 - - [13/Apr/2017:12:01:43 -0300] "GET / HTTP/1.1" 200 11217
192.168.10.13 - - [13/Apr/2017:12:02:43 -0300] "GET / HTTP/1.1" 200 11217
192.168.10.89 - - [13/Apr/2017:12:02:53 -0300] "GET /cormun/servlet/hlogin HTTP/1.1" 200 1743
192.168.10.89 - - [13/Apr/2017:12:03:00 -0300] "POST /cormun/servlet/hlogin?fd1ab147bdf825a382306fb2efb915c7,gx-no-cache=1492099054936 HTTP/1.1" 200 90
192.168.10.89 - - [13/Apr/2017:12:03:00 -0300] "GET /cormun/servlet/hpexe_link HTTP/1.1" 200 953
192.168.10.89 - - [13/Apr/2017:12:03:00 -0300] "GET /cormun/servlet/hhome HTTP/1.1" 200 4456
192.168.10.89 - - [13/Apr/2017:12:03:04 -0300] "GET /cormun/servlet/trsolicitudgral? HTTP/1.1" 200 25128
192.168.10.89 - - [13/Apr/2017:12:03:10 -0300] "GET /cormun/static/menuarrow.gif HTTP/1.1" 404 1015
192.168.10.89 - - [13/Apr/2017:12:03:16 -0300] "POST /cormun/servlet/trsolicitudgral?fd1ab147bdf825a382306fb2efb915c7,,gx-no-cache=1492099069905 HTTP/1.1" 200 22632
192.168.10.89 - - [13/Apr/2017:12:03:32 -0300] "POST /cormun/servlet/trsolicitudgral?fd1ab147bdf825a382306fb2efb915c7,,gx-no-cache=1492099086915 HTTP/1.1" 200 20757
192.168.10.89 - - [13/Apr/2017:12:03:42 -0300] "POST /cormun/servlet/trsolicitudgral?fd1ab147bdf825a382306fb2efb915c7,,gx-no-cache=1492099097356 HTTP/1.1" 200 105
192.168.10.89 - - [13/Apr/2017:12:03:42 -0300] "GET /cormun/SolicitudGral-7000.xls HTTP/1.1" 200 25600
192.168.10.13 - - [13/Apr/2017:12:03:43 -0300] "GET / HTTP/1.1" 200 11217
192.168.10.89 - - [13/Apr/2017:12:03:45 -0300] "OPTIONS /cormun/ HTTP/1.1" 200 -
192.168.10.89 - - [13/Apr/2017:12:03:45 -0300] "HEAD /cormun/SolicitudGral-7000.xls HTTP/1.1" 200 -
192.168.10.89 - - [13/Apr/2017:12:04:00 -0300] "OPTIONS / HTTP/1.1" 200 11217
192.168.10.89 - - [13/Apr/2017:12:04:15 -0300] "OPTIONS / HTTP/1.1" 200 11217
192.168.10.89 - - [13/Apr/2017:12:04:21 -0300] "OPTIONS /cormun HTTP/1.1" 302 -
192.168.10.89 - - [13/Apr/2017:12:04:21 -0300] "OPTIONS /cormun/ HTTP/1.1" 200 -
192.168.10.89 - - [13/Apr/2017:12:04:21 -0300] "PROPFIND /cormun HTTP/1.1" 302 -
192.168.10.89 - - [13/Apr/2017:12:04:21 -0300] "PROPFIND /cormun/ HTTP/1.1" 501 1141
192.168.10.89 - - [13/Apr/2017:12:04:21 -0300] "HEAD /cormun/SolicitudGral-7000.xls HTTP/1.1" 200 -
192.168.10.89 - - [13/Apr/2017:12:04:22 -0300] "PROPFIND / HTTP/1.1" 200 11217
192.168.10.89 - - [13/Apr/2017:12:04:22 -0300] "PROPFIND / HTTP/1.1" 200 11217
192.168.10.89 - - [13/Apr/2017:12:04:25 -0300] "PROPFIND /cormun HTTP/1.1" 302 -
192.168.10.89 - - [13/Apr/2017:12:04:25 -0300] "PROPFIND /cormun/ HTTP/1.1" 501 1141
192.168.10.89 - - [13/Apr/2017:12:04:25 -0300] "PROPFIND /cormun HTTP/1.1" 302 -
192.168.10.89 - - [13/Apr/2017:12:04:25 -0300] "PROPFIND /cormun/ HTTP/1.1" 501 1141
192.168.10.89 - - [13/Apr/2017:12:04:25 -0300] "GET /cormun/SolicitudGral-7000.xls HTTP/1.1" 200 25600
192.168.10.89 - - [13/Apr/2017:12:04:25 -0300] "HEAD /cormun/SolicitudGral-7000.xls HTTP/1.1" 200 -
192.168.10.13 - - [13/Apr/2017:12:04:43 -0300] "GET / HTTP/1.1" 200 11217
186.103.159.230 - - [13/Apr/2017:12:05:17 -0300] "GET /cormun/servlet/trsolicitudot? HTTP/1.1" 200 6945
186.103.159.230 - - [13/Apr/2017:12:05:18 -0300] "GET /cormun/servlet/trsolicitudot? HTTP/1.1" 200 6944
186.103.159.230 - - [13/Apr/2017:12:05:21 -0300] "GET /cormun/servlet/solicitudot?INS,0,0, HTTP/1.1" 200 12778
186.103.159.230 - - [13/Apr/2017:12:05:21 -0300] "GET /cormun/servlet/solicitudot?INS,0,0, HTTP/1.1" 200 12783
192.168.10.89 - - [13/Apr/2017:12:05:29 -0300] "POST /cormun/servlet/trsolicitudgral?fd1ab147bdf825a382306fb2efb915c7,,gx-no-cache=1492099204458 HTTP/1.1" 200 6752
186.103.159.230 - - [13/Apr/2017:12:05:42 -0300] "POST /cormun/servlet/solicitudot?gx-no-cache=1492096004152 HTTP/1.1" 200 3163
186.103.159.230 - - [13/Apr/2017:12:05:42 -0300] "POST /cormun/servlet/solicitudot?87590ba77a1f1717d23ed807b269b045,INS,0,0,,gx-no-cache=1492096004581 HTTP/1.1" 200 9951
192.168.10.13 - - [13/Apr/2017:12:05:43 -0300] "GET / HTTP/1.1" 200 11217
186.103.159.230 - - [13/Apr/2017:12:05:46 -0300] "GET /cormun/servlet/solicitudot?f31dee7143a8d60ebbfb0625a814f8114deb21e7bfba01f4822dcf3fdfca4c8b048ada7e0e0f1c7977ba38c3a85575e8,gx-no-cache=1492096008019 HTTP/1.1" 200 30
186.103.159.230 - - [13/Apr/2017:12:05:46 -0300] "POST /cormun/servlet/solicitudot?gx-no-cache=1492096008079 HTTP/1.1" 200 255
186.103.159.230 - - [13/Apr/2017:12:05:46 -0300] "GET /cormun/servlet/solicitudot?f31dee7143a8d60ebbfb0625a814f811cdcaf54a0af485980a1e89ac3a8f9cc5fe751c3d71a02972dc5eba8e71cb4406942fbab927a728fb325efb99cac83f30d548425b92c0c1bb1321dc7b037ba1a4ffd0ac7f78bd96e68f5a033bed6215b8bf2317a84f15e558fec2b0f1d6088eb0662264ffd5267b0fbee891a84dc3d79492823b0e68f4e7c1ff8d8e223e4d1905479942fe502bd78bcfb346f46960e3f2d48064e278f1e8fa456c8ad50f05b51c21c33ad6f9f72745d71e867b5abf54349bcdf507961a1de9a728c2a91a82d8440bba47b1ac99908f5a87d3051b1aa76c74e388b1dbabde1f11e75dab6accbdada58782b8bff4527b7dffd8ab4602eeee1c301fc562244679877201f6eb642f72e55f5cf261859ea3032fad5047ff7efbc6c0a7efb42a4495db78449cc76d1e200bf363c17f01c0f12d55c1c4e44ec62ebddd2e1ec4c21157aa38e7745ca8b1c933b8441c355fbfe34c4480cec662520f07fb6ca0488c35a8c5b39deab1153ed457a464d8a705c16139783fd3d929d424,gx-no-cache=1492096008124 HTTP/1.1" 200 30
186.103.159.230 - - [13/Apr/2017:12:05:50 -0300] "POST /cormun/servlet/solicitudot?gx-no-cache=1492096012545 HTTP/1.1" 200 30
186.103.159.230 - - [13/Apr/2017:12:05:55 -0300] "POST /cormun/servlet/solicitudot?gx-no-cache=1492096017461 HTTP/1.1" 200 1292
186.103.159.230 - - [13/Apr/2017:12:05:55 -0300] "POST /cormun/servlet/solicitudot?gx-no-cache=1492096017550 HTTP/1.1" 200 38
186.103.159.230 - - [13/Apr/2017:12:06:15 -0300] "GET /cormun/servlet/solicitudot?f31dee7143a8d60ebbfb0625a814f81143c52918746cad1a0bb1ac19118073c7ad654d951ce953266664a9c0f0ddd5057bb4d468163a793183e12e920246b3089f6f3df60cd4885a8e8761058eefcdcb7eccd97b4752e45148c2318a180e36cead67e7e642b766e9898dd00fce1a5584fc454d56e34788db0c852d9b6c8ff5724bb365f19b3c136b85224e054fc5516ea0f326c6e61a62e10a8df36d73436776,gx-no-cache=1492096037651 HTTP/1.1" 200 29
186.103.159.230 - - [13/Apr/2017:12:06:15 -0300] "POST /cormun/servlet/solicitudot?gx-no-cache=1492096037705 HTTP/1.1" 200 1274
186.103.159.230 - - [13/Apr/2017:12:06:15 -0300] "POST /cormun/servlet/solicitudot?gx-no-cache=1492096037767 HTTP/1.1" 200 1158
186.103.159.230 - - [13/Apr/2017:12:06:33 -0300] "GET /cormun/static/menuarrow.gif HTTP/1.1" 404 1015
192.168.10.13 - - [13/Apr/2017:12:06:43 -0300] "GET / HTTP/1.1" 200 11217
186.103.159.230 - - [13/Apr/2017:12:06:50 -0300] "GET /cormun/servlet/solicitudot?f31dee7143a8d60ebbfb0625a814f811a288a8a7a0f467fb5f94fb3853b209a8757b03b873de38361830195ae45c1d742004d5f7aa2f6e9c87c76a807e46210f495883e72907c04609e8703ae7c27cbb0dc3ccde889fd8c054560a4f6f8663c98c8dee84222da75f11224f05877baff1c1fbf9c088c2b12399b41d4fe116439b2acef3e9bc4783b37ba49fc2b876ed7dcf196f9d3b77c01d29057a8d23cf50c0382b4a93f9209a4cd8226ea5b873e1ce,gx-no-cache=1492096072403 HTTP/1.1" 200 30
186.103.159.230 - - [13/Apr/2017:12:07:29 -0300] "POST /cormun/servlet/solicitudot?87590ba77a1f1717d23ed807b269b045,INS,0,0,,gx-no-cache=1492096110962 HTTP/1.1" 200 93
186.103.159.230 - - [13/Apr/2017:12:07:29 -0300] "GET /cormun/servlet/hpexe_return? HTTP/1.1" 200 1006
186.103.159.230 - - [13/Apr/2017:12:07:29 -0300] "GET /cormun/servlet/trsolicitudot HTTP/1.1" 200 8188
186.103.159.230 - - [13/Apr/2017:12:07:30 -0300] "GET /cormun/servlet/trsolicitudot HTTP/1.1" 200 8184
192.168.10.13 - - [13/Apr/2017:12:07:43 -0300] "GET / HTTP/1.1" 200 11217
186.103.159.230 - - [13/Apr/2017:12:07:53 -0300] "POST /cormun/servlet/trsolicitudot?87590ba77a1f1717d23ed807b269b045,gx-no-cache=1492096135057 HTTP/1.1" 200 4326
186.103.159.230 - - [13/Apr/2017:12:07:53 -0300] "GET /cormun/static/Shared/jqueryui/images/ui-bg_highlight-soft_100_c6c2c8_1x100.png HTTP/1.1" 404 1117
186.103.159.230 - - [13/Apr/2017:12:07:53 -0300] "GET /cormun/static/Shared/jqueryui/images/ui-icons_82798d_256x240.png HTTP/1.1" 404 1089
186.103.159.230 - - [13/Apr/2017:12:07:53 -0300] "GET /cormun/static/Shared/jqueryui/images/ui-bg_flat_55_fafafa_40x100.png HTTP/1.1" 404 1097
186.103.159.230 - - [13/Apr/2017:12:07:53 -0300] "GET /cormun/static/Shared/jqueryui/images/ui-icons_8d78a5_256x240.png HTTP/1.1" 404 1089
186.103.159.230 - - [13/Apr/2017:12:07:53 -0300] "POST /cormun/servlet/trsolicitudot?87590ba77a1f1717d23ed807b269b045,gx-no-cache=1492096135336 HTTP/1.1" 200 4119
186.79.133.199 - - [13/Apr/2017:12:08:01 -0300] "POST /cormun/servlet/permisosadjuntos?fbffce17e0aac1cec8d4a4281f7cc9c0,INS,7910799,P,20170411090407,, HTTP/1.1" 200 116
186.79.133.199 - - [13/Apr/2017:12:08:02 -0300] "GET /cormun/servlet/hpexe_return? HTTP/1.1" 200 1041
186.79.133.199 - - [13/Apr/2017:12:08:02 -0300] "GET /cormun/static/Resources/Spanish/PXTools.css?167811 HTTP/1.1" 304 -
186.79.133.199 - - [13/Apr/2017:12:08:02 -0300] "GET /cormun/static/gxcfg.js?2016101716175148 HTTP/1.1" 304 -
186.79.133.199 - - [13/Apr/2017:12:08:02 -0300] "GET /cormun/static/hpexe_return.js?2016101716175153 HTTP/1.1" 304 -
186.79.133.199 - - [13/Apr/2017:12:08:02 -0300] "GET /cormun/servlet/trpermisosadjuntos?7910799,20170411090407,P, HTTP/1.1" 200 6768
186.79.133.199 - - [13/Apr/2017:12:08:04 -0300] "GET /cormun/servlet/trpermisosadjuntos?7910799,20170411090407,P, HTTP/1.1" 200 6764
186.79.133.199 - - [13/Apr/2017:12:08:04 -0300] "GET /cormun/PublicTempStorage/cecilia_mu%F1oz9764715.jpeg HTTP/1.1" 200 211585
186.103.159.230 - - [13/Apr/2017:12:08:05 -0300] "GET /cormun/servlet/trautorizarsolicitud? HTTP/1.1" 200 8129
186.103.159.230 - - [13/Apr/2017:12:08:05 -0300] "GET /cormun/servlet/trautorizarsolicitud? HTTP/1.1" 200 8128
186.103.159.230 - - [13/Apr/2017:12:08:21 -0300] "POST /cormun/servlet/trautorizarsolicitud?87590ba77a1f1717d23ed807b269b045,,gx-no-cache=1492096163280 HTTP/1.1" 200 4299
186.103.159.230 - - [13/Apr/2017:12:08:21 -0300] "GET /cormun/static/Shared/jqueryui/images/ui-bg_highlight-soft_100_c6c2c8_1x100.png HTTP/1.1" 404 1117
186.103.159.230 - - [13/Apr/2017:12:08:21 -0300] "GET /cormun/static/Shared/jqueryui/images/ui-icons_82798d_256x240.png HTTP/1.1" 404 1089
186.103.159.230 - - [13/Apr/2017:12:08:21 -0300] "GET /cormun/static/Shared/jqueryui/images/ui-bg_flat_55_fafafa_40x100.png HTTP/1.1" 404 1097
186.103.159.230 - - [13/Apr/2017:12:08:21 -0300] "GET /cormun/static/Shared/jqueryui/images/ui-icons_8d78a5_256x240.png HTTP/1.1" 404 1089
186.103.159.230 - - [13/Apr/2017:12:08:21 -0300] "POST /cormun/servlet/trautorizarsolicitud?87590ba77a1f1717d23ed807b269b045,,gx-no-cache=1492096163467 HTTP/1.1" 200 4097
186.103.158.250 - - [13/Apr/2017:12:08:34 -0300] "GET /cormun/servlet/solicitudot?07d47b0f9357796a57e1bdd1bb3882965a7aace419598b7cd68a291ba5df73ff2dfec815fb5f128758f82e4559f40abda9f9b0205f429d3c2f2198c812bbf2c51283d6207636ba2dd223170af5b0d187f457efcbe44a407d0beaf11a8738b2b36b89d2664ad7bf76cfc6cfa6c7592ec2,gx-no-cache=1492099657909 HTTP/1.1" 500 10
186.103.158.250 - - [13/Apr/2017:12:08:34 -0300] "POST /cormun/servlet/solicitudot?gx-no-cache=1492099657986 HTTP/1.1" 440 972
186.103.158.250 - - [13/Apr/2017:12:08:38 -0300] "GET /cormun/servlet/solicitudot?07d47b0f9357796a57e1bdd1bb3882961fed10ccbc76fdf467840fdaf498e9676349efc1ba1d5d77f185c1ee2498fdb306b6e633da9845644d533a3a746b4feaae93775a9176b7fcb120b43babdaa4b1605444868f525c2275dc49ec0728a38b1cec72dacb7eb8f954aa93e83e6b81d973081a6794717f6187910bb9b6e0094a794c79113930531e31bec47fdf578865a1246fbfeb3876aee0d494419394b85fa2677af83d1d4a6622524556d9842790c7b09deb009d61751245a18fa241c73499b0a6bdf3e992d0902e9ed874ddce7406b6e633da9845644d533a3a746b4fea77dce5601a0b455b93da9e21d1653304,gx-no-cache=1492099660997 HTTP/1.1" 500 10
186.103.158.250 - - [13/Apr/2017:12:08:38 -0300] "GET /cormun/static/menuarrow.gif HTTP/1.1" 404 1015
186.103.158.250 - - [13/Apr/2017:12:08:38 -0300] "GET /cormun/servlet/solicitudot?INS,0,0, HTTP/1.1" 200 11956
186.103.158.250 - - [13/Apr/2017:12:08:40 -0300] "GET /cormun/servlet/solicitudot?INS,0,0, HTTP/1.1" 200 11956
186.103.158.250 - - [13/Apr/2017:12:08:40 -0300] "GET /cormun/servlet/hlogin HTTP/1.1" 200 1749
192.168.10.13 - - [13/Apr/2017:12:08:43 -0300] "GET / HTTP/1.1" 200 11217
192.168.10.13 - - [13/Apr/2017:12:09:43 -0300] "GET / HTTP/1.1" 200 11217
192.168.10.62 - - [13/Apr/2017:12:10:28 -0300] "POST /cormun/servlet/trsolicitudgral?d2fd61a2d7d3ddc3d824e59e6ea2d22a,,gx-no-cache=1492099502964 HTTP/1.1" 440 972
192.168.10.62 - - [13/Apr/2017:12:10:30 -0300] "GET /cormun/servlet/trsolicitudgral? HTTP/1.1" 200 23773
192.168.10.62 - - [13/Apr/2017:12:10:31 -0300] "GET /cormun/servlet/hlogin HTTP/1.1" 200 1737
192.168.10.62 - - [13/Apr/2017:12:10:32 -0300] "GET /cormun/servlet/trsolicitudgral? HTTP/1.1" 200 23773
192.168.10.13 - - [13/Apr/2017:12:10:43 -0300] "GET / HTTP/1.1" 200 11217
192.168.10.62 - - [13/Apr/2017:12:10:43 -0300] "POST /cormun/servlet/hlogin?13f3dcab93d852509ed79bb8df16f47d,gx-no-cache=1492099518249 HTTP/1.1" 200 90
192.168.10.62 - - [13/Apr/2017:12:10:43 -0300] "GET /cormun/servlet/hpexe_link HTTP/1.1" 200 955
192.168.10.62 - - [13/Apr/2017:12:10:44 -0300] "GET /cormun/servlet/trsolicitudgral HTTP/1.1" 200 24481
192.168.10.62 - - [13/Apr/2017:12:10:45 -0300] "GET /cormun/servlet/trsolicitudgral HTTP/1.1" 200 24479
186.79.133.199 - - [13/Apr/2017:12:10:47 -0300] "GET /cormun/servlet/permisosadjuntos?INS,7910799,P,20170411090407,, HTTP/1.1" 200 5622
186.79.133.199 - - [13/Apr/2017:12:10:47 -0300] "GET /cormun/static/about:blank HTTP/1.1" 404 1011
186.79.133.199 - - [13/Apr/2017:12:10:48 -0300] "GET /cormun/servlet/permisosadjuntos?INS,7910799,P,20170411090407,, HTTP/1.1" 200 5612
192.168.10.62 - - [13/Apr/2017:12:10:55 -0300] "POST /cormun/servlet/trsolicitudgral?13f3dcab93d852509ed79bb8df16f47d,gx-no-cache=1492099530259 HTTP/1.1" 200 6038
186.79.133.199 - - [13/Apr/2017:12:11:05 -0300] "POST /cormun/servlet/permisosadjuntos?fbffce17e0aac1cec8d4a4281f7cc9c0,INS,7910799,P,20170411090407,, HTTP/1.1" 200 116
186.79.133.199 - - [13/Apr/2017:12:11:05 -0300] "GET /cormun/servlet/hpexe_return? HTTP/1.1" 200 1041
186.79.133.199 - - [13/Apr/2017:12:11:05 -0300] "GET /cormun/servlet/trpermisosadjuntos?7910799,20170411090407,P, HTTP/1.1" 200 6866
186.79.133.199 - - [13/Apr/2017:12:11:06 -0300] "GET /cormun/servlet/trpermisosadjuntos?7910799,20170411090407,P, HTTP/1.1" 200 6862
186.79.133.199 - - [13/Apr/2017:12:11:07 -0300] "GET /cormun/PublicTempStorage/cecilia_mu%F1oz9364417.jpeg HTTP/1.1" 200 211585
186.79.133.199 - - [13/Apr/2017:12:11:07 -0300] "GET /cormun/PublicTempStorage/cecilia_mu%F1oz3851230.jpeg HTTP/1.1" 200 211585
192.168.10.62 - - [13/Apr/2017:12:11:11 -0300] "POST /cormun/servlet/trsolicitudgral?13f3dcab93d852509ed79bb8df16f47d,gx-no-cache=1492099546490 HTTP/1.1" 200 105
192.168.10.62 - - [13/Apr/2017:12:11:11 -0300] "POST /cormun/servlet/trsolicitudgral?13f3dcab93d852509ed79bb8df16f47d,gx-no-cache=1492099546580 HTTP/1.1" 200 6021
192.168.10.62 - - [13/Apr/2017:12:11:11 -0300] "GET /cormun/SolicitudGral-1123.xls HTTP/1.1" 200 5632
186.79.133.199 - - [13/Apr/2017:12:11:12 -0300] "POST /cormun/servlet/trpermisosadjuntos?fbffce17e0aac1cec8d4a4281f7cc9c0,7910799,20170411090407,P,,gx-no-cache=1492099773263 HTTP/1.1" 200 90
186.79.133.199 - - [13/Apr/2017:12:11:12 -0300] "GET /cormun/servlet/hpexe_link HTTP/1.1" 200 994
186.79.133.199 - - [13/Apr/2017:12:11:13 -0300] "GET /cormun/servlet/trautorizarpermisogoce HTTP/1.1" 200 8165
186.79.133.199 - - [13/Apr/2017:12:11:14 -0300] "GET /cormun/servlet/trautorizarpermisogoce HTTP/1.1" 200 8163
186.79.133.199 - - [13/Apr/2017:12:11:21 -0300] "GET /cormun/servlet/trpermisosadjuntos?7910799,20170411090407,P, HTTP/1.1" 200 6862
186.79.133.199 - - [13/Apr/2017:12:11:22 -0300] "GET /cormun/servlet/trpermisosadjuntos?7910799,20170411090407,P, HTTP/1.1" 200 6862
186.79.133.199 - - [13/Apr/2017:12:11:23 -0300] "GET /cormun/PublicTempStorage/cecilia_mu%F1oz4828099.jpeg HTTP/1.1" 200 211585
186.79.133.199 - - [13/Apr/2017:12:11:23 -0300] "GET /cormun/PublicTempStorage/cecilia_mu%F1oz3578812.jpeg HTTP/1.1" 200 211585
186.79.133.199 - - [13/Apr/2017:12:11:27 -0300] "POST /cormun/servlet/trpermisosadjuntos?fbffce17e0aac1cec8d4a4281f7cc9c0,7910799,20170411090407,P,,gx-no-cache=1492099787815 HTTP/1.1" 200 90
186.79.133.199 - - [13/Apr/2017:12:11:27 -0300] "GET /cormun/servlet/hpexe_link HTTP/1.1" 200 994
186.79.133.199 - - [13/Apr/2017:12:11:28 -0300] "GET /cormun/servlet/trautorizarpermisogoce HTTP/1.1" 200 8165
192.168.10.62 - - [13/Apr/2017:12:11:29 -0300] "GET /cormun/servlet/solicitudgral?UPD,2017,5804, HTTP/1.1" 200 11570
192.168.10.62 - - [13/Apr/2017:12:11:29 -0300] "GET /cormun/static/gxcfg.js?2017261155185 HTTP/1.1" 200 953
192.168.10.62 - - [13/Apr/2017:12:11:29 -0300] "GET /cormun/static/solicitudgral.js?2017261155246 HTTP/1.1" 304 -
186.79.133.199 - - [13/Apr/2017:12:11:29 -0300] "GET /cormun/servlet/trautorizarpermisogoce HTTP/1.1" 200 8163
192.168.10.62 - - [13/Apr/2017:12:11:29 -0300] "GET /cormun/servlet/solicitudgral?UPD,2017,5804, HTTP/1.1" 200 11579
192.168.10.62 - - [13/Apr/2017:12:11:30 -0300] "POST /cormun/servlet/solicitudgral?gx-no-cache=1492099565145 HTTP/1.1" 200 3152
192.168.10.62 - - [13/Apr/2017:12:11:30 -0300] "GET /cormun/servlet/solicitudgral?0b1f712242910f8a16baf9b157da10c11920b855c35d26c640bdd995a5d448c0ba67bf30838fea499ca9e18e71b37bbf7c934fc898f0af811b1659b920292f4a64dd8d46a07724ddb9c4f15c77dc724023d63b0f71d00d31804e04a11c3e004c2d75a134a02ba979bb472adddf81277e9eaed63988a456970827e30b73df2ac9c0a246ce9640050649af2205d583a8ca867f4ff4cb2c311e23c2468a1ed37ea674b384c44cf74d037ec69883a32df99c47b76471a7ca683c863cc5f6e7eb543f295d89304337a86e0e7b31336d678746d9817337fa134ba33debf2470458010fb8a16dabd0bc8a1c362fc41cf120f9909061952888e08ad82de6f7d621abebec5613ced283a724a3ba707f25a2994c96dc37e00ec7aff3718c689224ef940372dc2ae7dae9b7d69df88122f02583c6189a32c5b1988f650533b055106c0da62d929c3064aa08f5b7dbe4d4ce9c6e063f,gx-no-cache=1492099565240 HTTP/1.1" 200 298
186.79.133.199 - - [13/Apr/2017:12:11:34 -0300] "POST /cormun/servlet/trautorizarpermisogoce?fbffce17e0aac1cec8d4a4281f7cc9c0,gx-no-cache=1492099795346 HTTP/1.1" 200 5329
186.79.133.199 - - [13/Apr/2017:12:11:35 -0300] "GET /cormun/static/Shared/jqueryui/images/ui-bg_highlight-soft_100_c6c2c8_1x100.png HTTP/1.1" 404 1117
186.79.133.199 - - [13/Apr/2017:12:11:35 -0300] "GET /cormun/static/Shared/jqueryui/images/ui-icons_82798d_256x240.png HTTP/1.1" 404 1089
186.79.133.199 - - [13/Apr/2017:12:11:35 -0300] "GET /cormun/static/Shared/jqueryui/images/ui-bg_flat_55_fafafa_40x100.png HTTP/1.1" 404 1097
186.79.133.199 - - [13/Apr/2017:12:11:35 -0300] "GET /cormun/static/Shared/jqueryui/images/ui-icons_8d78a5_256x240.png HTTP/1.1" 404 1089
