192.168.10.62 - - [13/Apr/2017:12:11:36 -0300] "GET /cormun/servlet/solicitudgral?0b1f712242910f8a16baf9b157da10c102db43d45352ba534ee623ba134d66355a330cf0b769d9cd99e148dad4faf6d0adbded8c7d839eb69a787e6de8c9518fab8f0045931ee6d49520c55e7ed83a077c743d07a35276234ab1cffa73ae71bd32870b3ad33aef71a3ed6f08dbcf27fe7bc8c4488f0f770d7924d9e4d97477f748bd53566a0281a68a0897f6fa8504b4c12fa9cd689f8a4cda5eb7ec2436aad5e4ed2e87b29915ae2a9b8e3cfff97d55295d89304337a86e0e7b31336d678746a38f91f770f4b626e05cadb36087082b737fc67e6dbbb8fca549ae49064eee7ab66a44bfcfafc9d21d3345b95548fd6f327fb1c34ee9387c80e8d1662c97e59a534481bbe5e419c5a8a32f83dc3e117995254e672e5b218596c8dd6a13339b585a78c010e315ee8a33578ebbce59ab141fe05e373cad956cbe46389b205c049a30d1c083f9df1b793e67a2a76f604372a8d7bc6b6530c6363d294d59ca0fc9b2e5ddc6277d45acdf8ecd46db821276ca28c07b333da88c964e3f50d5052acad97d604052d2346896200ae29333792bf005f5a2d57a209d543750505cbb7d806e4b2efe028a1003cdca520ce69af0813ae86950494ed5618f233a578ae51e0e5076992cfef6dc9eabe0cfaab7565693a8e52fc7e4056155436a68754686363674f9ec35d0c9c1bb0a2183ce20adb5c0dd05f5a2d57a209d543750505cbb7d806e5d9ee0e74b3e59b4255cc4b309afc624f7a69a706689de61a8ccad9d22f0247a92ce76bd6729e22eed6985157b566771,gx-no-cache=1492099571142 HTTP/1.1" 200 48
192.168.10.62 - - [13/Apr/2017:12:11:36 -0300] "POST /cormun/servlet/solicitudgral?13f3dcab93d852509ed79bb8df16f47d,UPD,2017,5804,,gx-no-cache=1492099571172 HTTP/1.1" 200 10225
192.168.10.62 - - [13/Apr/2017:12:11:36 -0300] "GET /cormun/servlet/solicitudgral?0b1f712242910f8a16baf9b157da10c1be1ce34b37448184dd4a42f1d6d2d621090f92a753b7dcdb6050117bb780b32d3d81ef2b59ab645128cee841cb4a99a58948edbf12cb2be3367ea2a502189de88ef530f6e62ee44ef082eea37ab3f1b1b38ce90c1f1a8023f059b335f50e3d09,gx-no-cache=1492099571382 HTTP/1.1" 200 29
192.168.10.62 - - [13/Apr/2017:12:11:36 -0300] "POST /cormun/servlet/solicitudgral?gx-no-cache=1492099571397 HTTP/1.1" 200 1250
192.168.10.62 - - [13/Apr/2017:12:11:36 -0300] "POST /cormun/servlet/solicitudgral?gx-no-cache=1492099571439 HTTP/1.1" 200 1153
186.79.74.147 - - [13/Apr/2017:12:11:37 -0300] "GET /cormun/servlet/hlogin HTTP/1.1" 200 1724
192.168.10.62 - - [13/Apr/2017:12:11:39 -0300] "GET /cormun/static/menuarrow.gif HTTP/1.1" 404 1015
192.168.10.13 - - [13/Apr/2017:12:11:43 -0300] "GET / HTTP/1.1" 200 11217
186.79.133.199 - - [13/Apr/2017:12:11:44 -0300] "GET /cormun/servlet/trpermisosadjuntos?10254601,20170411163556,P, HTTP/1.1" 200 6289
186.79.133.199 - - [13/Apr/2017:12:11:45 -0300] "GET /cormun/servlet/trpermisosadjuntos?10254601,20170411163556,P, HTTP/1.1" 200 6289
186.79.133.199 - - [13/Apr/2017:12:11:48 -0300] "GET /cormun/servlet/permisosadjuntos?INS,10254601,P,20170411163556,, HTTP/1.1" 200 5618
186.79.133.199 - - [13/Apr/2017:12:11:48 -0300] "GET /cormun/static/about:blank HTTP/1.1" 404 1011
186.79.133.199 - - [13/Apr/2017:12:11:49 -0300] "GET /cormun/servlet/permisosadjuntos?INS,10254601,P,20170411163556,, HTTP/1.1" 200 5608
186.79.74.147 - - [13/Apr/2017:12:11:56 -0300] "POST /cormun/servlet/hlogin?6f9ddf482627dcbd9ee4ba5e18965329,gx-no-cache=1492096377478 HTTP/1.1" 200 90
186.79.74.147 - - [13/Apr/2017:12:11:56 -0300] "GET /cormun/servlet/hpexe_link HTTP/1.1" 200 955
186.79.74.147 - - [13/Apr/2017:12:11:56 -0300] "GET /cormun/servlet/hhome HTTP/1.1" 200 3746
186.79.74.147 - - [13/Apr/2017:12:11:58 -0300] "GET /cormun/servlet/hhome HTTP/1.1" 200 3742
186.79.74.147 - - [13/Apr/2017:12:12:02 -0300] "GET /cormun/servlet/trpermisosgoce? HTTP/1.1" 200 7347
186.79.74.147 - - [13/Apr/2017:12:12:03 -0300] "GET /cormun/servlet/trpermisosgoce? HTTP/1.1" 200 7346
186.79.133.199 - - [13/Apr/2017:12:12:04 -0300] "POST /cormun/servlet/permisosadjuntos?fbffce17e0aac1cec8d4a4281f7cc9c0,INS,10254601,P,20170411163556,, HTTP/1.1" 200 116
186.79.133.199 - - [13/Apr/2017:12:12:04 -0300] "GET /cormun/servlet/hpexe_return? HTTP/1.1" 200 1041
186.79.133.199 - - [13/Apr/2017:12:12:05 -0300] "GET /cormun/servlet/trpermisosadjuntos?10254601,20170411163556,P, HTTP/1.1" 200 6759
186.79.133.199 - - [13/Apr/2017:12:12:06 -0300] "GET /cormun/servlet/trpermisosadjuntos?10254601,20170411163556,P, HTTP/1.1" 200 6756
186.79.133.199 - - [13/Apr/2017:12:12:06 -0300] "GET /cormun/PublicTempStorage/claudio_delagado2521565.jpeg HTTP/1.1" 200 212460
186.79.74.147 - - [13/Apr/2017:12:12:09 -0300] "GET /cormun/servlet/permisogoce?INS,0,,, HTTP/1.1" 200 6514
186.79.74.147 - - [13/Apr/2017:12:12:10 -0300] "GET /cormun/servlet/permisogoce?INS,0,,, HTTP/1.1" 200 6513
186.79.133.199 - - [13/Apr/2017:12:12:15 -0300] "POST /cormun/servlet/trpermisosadjuntos?fbffce17e0aac1cec8d4a4281f7cc9c0,10254601,20170411163556,P,,gx-no-cache=1492099836285 HTTP/1.1" 200 90
186.79.133.199 - - [13/Apr/2017:12:12:15 -0300] "GET /cormun/servlet/hpexe_link HTTP/1.1" 200 1016
186.79.133.199 - - [13/Apr/2017:12:12:16 -0300] "GET /cormun/servlet/trautorizarpermisogoce?gx-no-cache=1492099795346 HTTP/1.1" 200 7962
192.168.10.62 - - [13/Apr/2017:12:12:16 -0300] "POST /cormun/servlet/solicitudgral?13f3dcab93d852509ed79bb8df16f47d,UPD,2017,5804,,gx-no-cache=1492099611693 HTTP/1.1" 200 93
192.168.10.62 - - [13/Apr/2017:12:12:16 -0300] "GET /cormun/servlet/hpexe_return? HTTP/1.1" 200 1031
192.168.10.62 - - [13/Apr/2017:12:12:17 -0300] "GET /cormun/servlet/trsolicitudgral?gx-no-cache=1492099546580 HTTP/1.1" 200 9191
192.168.10.62 - - [13/Apr/2017:12:12:17 -0300] "GET /cormun/servlet/trsolicitudgral?gx-no-cache=1492099546580 HTTP/1.1" 200 9207
186.79.133.199 - - [13/Apr/2017:12:12:17 -0300] "GET /cormun/servlet/trautorizarpermisogoce?gx-no-cache=1492099795346 HTTP/1.1" 200 7982
186.79.133.199 - - [13/Apr/2017:12:12:22 -0300] "POST /cormun/servlet/trautorizarpermisogoce?fbffce17e0aac1cec8d4a4281f7cc9c0,gx-no-cache=1492099795346,gx-no-cache=1492099843419 HTTP/1.1" 200 5140
186.79.133.199 - - [13/Apr/2017:12:12:23 -0300] "GET /cormun/static/Shared/jqueryui/images/ui-bg_highlight-soft_100_c6c2c8_1x100.png HTTP/1.1" 404 1117
186.79.133.199 - - [13/Apr/2017:12:12:23 -0300] "GET /cormun/static/Shared/jqueryui/images/ui-icons_82798d_256x240.png HTTP/1.1" 404 1089
186.79.133.199 - - [13/Apr/2017:12:12:23 -0300] "GET /cormun/static/Shared/jqueryui/images/ui-bg_flat_55_fafafa_40x100.png HTTP/1.1" 404 1097
186.79.133.199 - - [13/Apr/2017:12:12:23 -0300] "GET /cormun/static/Shared/jqueryui/images/ui-icons_8d78a5_256x240.png HTTP/1.1" 404 1089
186.79.74.147 - - [13/Apr/2017:12:12:42 -0300] "GET /cormun/servlet/prfichaempleado?,MD,,gxPopupLevel%3D0%3B HTTP/1.1" 200 8755
192.168.10.13 - - [13/Apr/2017:12:12:43 -0300] "GET / HTTP/1.1" 200 11217
186.103.159.183 - - [13/Apr/2017:12:12:52 -0300] "GET /cormun/servlet/trsolicitudot? HTTP/1.1" 200 8647
186.103.159.183 - - [13/Apr/2017:12:12:52 -0300] "GET /cormun/static/gxcfg.js?201731711505139 HTTP/1.1" 200 953
186.103.159.183 - - [13/Apr/2017:12:12:52 -0300] "GET /cormun/static/trsolicitudot.js?20173171151116 HTTP/1.1" 200 53117
186.103.159.183 - - [13/Apr/2017:12:12:53 -0300] "GET /cormun//static/Resources/PXToolsGridUpdate.png HTTP/1.1" 200 2984
186.103.159.183 - - [13/Apr/2017:12:12:53 -0300] "GET /cormun//static/Resources/PXToolsGridDelete.png HTTP/1.1" 200 357
186.103.159.183 - - [13/Apr/2017:12:12:53 -0300] "GET /cormun//static/Resources/PXToolsRemoveAllAction.png HTTP/1.1" 200 3558
186.103.159.183 - - [13/Apr/2017:12:12:53 -0300] "GET /cormun//static/Resources/PXToolsActionView.png HTTP/1.1" 200 2995
186.103.159.183 - - [13/Apr/2017:12:12:53 -0300] "GET /cormun//static/Resources/PXTools/ActionInsert.png HTTP/1.1" 200 1482
186.103.159.183 - - [13/Apr/2017:12:12:53 -0300] "GET /cormun/servlet/trsolicitudot? HTTP/1.1" 200 8647
186.79.74.147 - - [13/Apr/2017:12:12:55 -0300] "POST /cormun/servlet/prfichaempleado?6f9ddf482627dcbd9ee4ba5e18965329,,MD,,gxPopupLevel%3D0%3B,gx-no-cache=1492096436086 HTTP/1.1" 200 3396
186.79.74.147 - - [13/Apr/2017:12:13:02 -0300] "GET /cormun/servlet/permisogoce?443dfcd134c304752b708049ac80eedf9e166308162338d9d8a39a0f14c40622dc27e2c46bd3d98ae7265b15794baa4f,gx-no-cache=1492096443719 HTTP/1.1" 200 72
186.79.74.147 - - [13/Apr/2017:12:13:02 -0300] "GET /cormun/static/menuarrow.gif HTTP/1.1" 404 1015
186.79.74.147 - - [13/Apr/2017:12:13:37 -0300] "GET /cormun/servlet/permisogoce?443dfcd134c304752b708049ac80eedf280a95dbbbde767f37671368b9a41d40bc4c36caf2d234624e3e5f3b8a17c7820e21867658680f5c150e8ad819533249,gx-no-cache=1492096478948 HTTP/1.1" 200 47
200.111.191.210 - - [13/Apr/2017:12:13:38 -0300] "GET /cormun/servlet/trpermisosgoce? HTTP/1.1" 200 5891
200.111.191.210 - - [13/Apr/2017:12:13:38 -0300] "GET /cormun/static/gxcfg.js?20174111153177 HTTP/1.1" 200 953
200.111.191.210 - - [13/Apr/2017:12:13:38 -0300] "GET /cormun/static/trpermisosgoce.js?20174111153217 HTTP/1.1" 200 32899
200.111.191.210 - - [13/Apr/2017:12:13:40 -0300] "GET /cormun/servlet/trpermisosgoce? HTTP/1.1" 200 5890
200.111.191.210 - - [13/Apr/2017:12:13:40 -0300] "GET /cormun/servlet/hlogin HTTP/1.1" 200 1739
200.111.191.210 - - [13/Apr/2017:12:13:40 -0300] "GET /cormun/static/gxcfg.js?201741110203197 HTTP/1.1" 200 953
200.111.191.210 - - [13/Apr/2017:12:13:40 -0300] "GET /cormun/static/hlogin.js?201741110203211 HTTP/1.1" 200 2136
192.168.10.13 - - [13/Apr/2017:12:13:43 -0300] "GET / HTTP/1.1" 200 11217
186.79.74.147 - - [13/Apr/2017:12:13:43 -0300] "POST /cormun/servlet/permisogoce?6f9ddf482627dcbd9ee4ba5e18965329,INS,0,,,,gx-no-cache=1492096484147 HTTP/1.1" 200 93
186.79.74.147 - - [13/Apr/2017:12:13:43 -0300] "GET /cormun/servlet/hpexe_return? HTTP/1.1" 200 1013
186.79.74.147 - - [13/Apr/2017:12:13:43 -0300] "GET /cormun/servlet/trpermisosgoce HTTP/1.1" 200 7586
186.79.74.147 - - [13/Apr/2017:12:13:45 -0300] "GET /cormun/servlet/trpermisosgoce HTTP/1.1" 200 7582
186.103.159.183 - - [13/Apr/2017:12:13:49 -0300] "POST /cormun/servlet/trsolicitudot?13c82b0ba9bbcc5b0805fa3ee47ff124,,gx-no-cache=1492096494510 HTTP/1.1" 200 106
186.103.159.183 - - [13/Apr/2017:12:13:49 -0300] "GET /cormun/servlet/solicitudot?DLT,2017,5865, HTTP/1.1" 200 9587
186.103.159.183 - - [13/Apr/2017:12:13:50 -0300] "GET /cormun/static/gxcfg.js?20171191042720 HTTP/1.1" 200 953
186.103.159.183 - - [13/Apr/2017:12:13:50 -0300] "GET /cormun/static/Resources/prompt.gif HTTP/1.1" 200 902
186.103.159.183 - - [13/Apr/2017:12:13:50 -0300] "GET /cormun/static/solicitudot.js?2017119104297 HTTP/1.1" 200 63948
186.103.159.183 - - [13/Apr/2017:12:13:51 -0300] "GET /cormun/static/Shared/jqueryui/images/ui-bg_highlight-soft_100_c6c2c8_1x100.png HTTP/1.1" 404 1117
186.103.159.183 - - [13/Apr/2017:12:13:51 -0300] "GET /cormun/static/Shared/jqueryui/images/ui-icons_82798d_256x240.png HTTP/1.1" 404 1089
186.103.159.183 - - [13/Apr/2017:12:13:51 -0300] "GET /cormun/static/Shared/jqueryui/images/ui-bg_flat_55_fafafa_40x100.png HTTP/1.1" 404 1097
186.103.159.183 - - [13/Apr/2017:12:13:51 -0300] "GET /cormun/static/Shared/jqueryui/images/ui-icons_8d78a5_256x240.png HTTP/1.1" 404 1089
186.103.159.183 - - [13/Apr/2017:12:13:51 -0300] "GET /cormun/servlet/solicitudot?DLT,2017,5865, HTTP/1.1" 200 9596
186.103.159.183 - - [13/Apr/2017:12:13:57 -0300] "POST /cormun/servlet/solicitudot?13c82b0ba9bbcc5b0805fa3ee47ff124,DLT,2017,5865,,gx-no-cache=1492096502712 HTTP/1.1" 200 12645
186.103.159.183 - - [13/Apr/2017:12:13:57 -0300] "GET /cormun/static/Shared/jqueryui/images/ui-bg_flat_55_994d53_40x100.png HTTP/1.1" 404 1097
186.103.159.183 - - [13/Apr/2017:12:13:58 -0300] "GET /cormun/static/Shared/jqueryui/images/ui-icons_ebccce_256x240.png HTTP/1.1" 404 1089
192.168.10.96 - - [13/Apr/2017:12:13:58 -0300] "GET /cormun/servlet/hlogin HTTP/1.1" 200 1746
192.168.10.96 - - [13/Apr/2017:12:13:58 -0300] "GET /cormun/static/gxcfg.js?201741110203197 HTTP/1.1" 304 -
192.168.10.96 - - [13/Apr/2017:12:13:58 -0300] "GET /cormun/static/messages.spa.js?85251 HTTP/1.1" 304 -
192.168.10.96 - - [13/Apr/2017:12:13:58 -0300] "GET /cormun/static/hlogin.js?201741110203211 HTTP/1.1" 304 -
192.168.10.96 - - [13/Apr/2017:12:13:58 -0300] "GET /cormun/servlet/hlogin HTTP/1.1" 200 1732
186.103.159.183 - - [13/Apr/2017:12:14:00 -0300] "POST /cormun/servlet/solicitudot?13c82b0ba9bbcc5b0805fa3ee47ff124,DLT,2017,5865,,gx-no-cache=1492096505090 HTTP/1.1" 200 93
186.103.159.183 - - [13/Apr/2017:12:14:00 -0300] "GET /cormun/servlet/hpexe_return? HTTP/1.1" 200 1017
186.103.159.183 - - [13/Apr/2017:12:14:00 -0300] "GET /cormun/static/gxcfg.js?2016101716175148 HTTP/1.1" 200 953
186.103.159.183 - - [13/Apr/2017:12:14:00 -0300] "GET /cormun/static/hpexe_return.js?2016101716175153 HTTP/1.1" 200 1633
186.103.159.183 - - [13/Apr/2017:12:14:00 -0300] "GET /cormun/static/Resources/Spanish/PXTools.css?167811 HTTP/1.1" 200 89042
186.103.159.183 - - [13/Apr/2017:12:14:01 -0300] "GET /cormun/servlet/trsolicitudot HTTP/1.1" 200 8651
186.103.159.183 - - [13/Apr/2017:12:14:02 -0300] "GET /cormun/servlet/trsolicitudot HTTP/1.1" 200 8647
192.168.10.89 - - [13/Apr/2017:12:14:03 -0300] "POST /cormun/servlet/trsolicitudgral?fd1ab147bdf825a382306fb2efb915c7,,gx-no-cache=1492099717658 HTTP/1.1" 200 20758
192.168.10.96 - - [13/Apr/2017:12:14:06 -0300] "POST /cormun/servlet/hlogin?febe61db0ca17d283fb6df6b5469ac78,gx-no-cache=1492099720954 HTTP/1.1" 200 90
192.168.10.96 - - [13/Apr/2017:12:14:06 -0300] "GET /cormun/servlet/hpexe_link HTTP/1.1" 200 952
192.168.10.96 - - [13/Apr/2017:12:14:06 -0300] "GET /cormun/static/gxcfg.js?201731711483381 HTTP/1.1" 304 -
192.168.10.96 - - [13/Apr/2017:12:14:06 -0300] "GET /cormun/servlet/hhome HTTP/1.1" 200 4259
192.168.10.96 - - [13/Apr/2017:12:14:06 -0300] "GET /cormun/static/gxcfg.js?201731711483497 HTTP/1.1" 304 -
192.168.10.96 - - [13/Apr/2017:12:14:06 -0300] "GET /cormun/servlet/hhome HTTP/1.1" 200 4255
186.103.159.183 - - [13/Apr/2017:12:14:08 -0300] "GET /cormun/servlet/solicitudot?INS,0,0, HTTP/1.1" 200 12799
192.168.10.96 - - [13/Apr/2017:12:14:09 -0300] "GET /cormun/servlet/trsolicitudgral? HTTP/1.1" 200 24899
192.168.10.96 - - [13/Apr/2017:12:14:09 -0300] "GET /cormun/static/gxcfg.js?201732110400 HTTP/1.1" 304 -
186.103.159.183 - - [13/Apr/2017:12:14:10 -0300] "GET /cormun/servlet/solicitudot?INS,0,0, HTTP/1.1" 200 12804
192.168.10.96 - - [13/Apr/2017:12:14:11 -0300] "GET /cormun/servlet/trsolicitudgral? HTTP/1.1" 200 24896
192.168.10.96 - - [13/Apr/2017:12:14:18 -0300] "POST /cormun/servlet/trsolicitudgral?febe61db0ca17d283fb6df6b5469ac78,,gx-no-cache=1492099733486 HTTP/1.1" 200 11633
186.103.159.183 - - [13/Apr/2017:12:14:35 -0300] "POST /cormun/servlet/solicitudot?gx-no-cache=1492096539792 HTTP/1.1" 200 3193
186.103.159.183 - - [13/Apr/2017:12:14:35 -0300] "POST /cormun/servlet/solicitudot?13c82b0ba9bbcc5b0805fa3ee47ff124,INS,0,0,,gx-no-cache=1492096540216 HTTP/1.1" 200 9992
186.103.159.183 - - [13/Apr/2017:12:14:38 -0300] "GET /cormun/servlet/solicitudot?c51087c6ab8f63019e12bbed4bdd1a52536aeeee55fae34ff782a49b6ae31406534a02b30bd56efb56e6ab1be71af1ef,gx-no-cache=1492096543016 HTTP/1.1" 200 30
186.103.159.183 - - [13/Apr/2017:12:14:38 -0300] "POST /cormun/servlet/solicitudot?gx-no-cache=1492096543137 HTTP/1.1" 200 297
186.103.159.183 - - [13/Apr/2017:12:14:38 -0300] "GET /cormun/servlet/solicitudot?c51087c6ab8f63019e12bbed4bdd1a52ef3fc6dff39ac5c596b86ff74b26e6b4b4ce42ffb131c9a809d4d10abb0b9ee2f8250e50b633225ec846f9119ba3a2501d77c5392363a9dcdd2f8d480ce04722735c11e965007b780278d074805014d0b1df4f1e300e60e04b6cb86f10a5b344690694adac39605dfc4069529ef008e81ef20baf012ee6eb65aeb457f27e355a9487eba744001c1e73e023524ee7315be195c4206b8233c5df59ed82d02a08c3cf13c460fb21260b07d65c5788ece93fbc3b8a746bfc03e7961b3569bcd56cd0d1f0c1c3adbd1310a4da532c595441f7bc9c88ef9165e7f4f20d1b93a9fdf516992ca0d25b4c285ef4fcd6b0182256c9195258888fb1f28f393d4a120b43901530059650127496549e3e63ecafc0c8d5efadd5ae52fd8aaf3b52eb2f4a9d3551462a0cc4bcd68236ba222bc577b0973a9467b3457dda0f51823fa3a3e3cea9fd5dc3b815c94c778a916f452f7361254a4780dfe7e9159f65e3393042890731271d31262c83d1ce0d64bb27b72cd95cdfe9a312a2968cdd755f6926fc71ab576b,gx-no-cache=1492096543261 HTTP/1.1" 200 30
186.103.159.183 - - [13/Apr/2017:12:14:40 -0300] "POST /cormun/servlet/solicitudot?gx-no-cache=1492096545452 HTTP/1.1" 200 30
186.103.159.183 - - [13/Apr/2017:12:14:43 -0300] "POST /cormun/servlet/solicitudot?gx-no-cache=1492096548160 HTTP/1.1" 200 235
192.168.10.13 - - [13/Apr/2017:12:14:43 -0300] "GET / HTTP/1.1" 200 11217
186.103.159.183 - - [13/Apr/2017:12:14:43 -0300] "POST /cormun/servlet/solicitudot?gx-no-cache=1492096548358 HTTP/1.1" 200 38
186.103.159.183 - - [13/Apr/2017:12:14:51 -0300] "GET /cormun/servlet/solicitudot?c51087c6ab8f63019e12bbed4bdd1a527bc3212a39275ed6e9cd01c29d3ef545950e5963430309316c1683b6c91f006c67246c208f819f8efb352a67eecd908638a2cec0a6091d935774f0cf53f5e9fc9e4e9aad957b46a44e64c6b3cf2a0e2ab06481439fba40e5f91208577afcaee9,gx-no-cache=1492096556204 HTTP/1.1" 200 29
186.103.159.183 - - [13/Apr/2017:12:14:51 -0300] "POST /cormun/servlet/solicitudot?gx-no-cache=1492096556312 HTTP/1.1" 200 669
186.103.159.183 - - [13/Apr/2017:12:14:52 -0300] "POST /cormun/servlet/solicitudot?gx-no-cache=1492096557064 HTTP/1.1" 200 1157
192.168.10.89 - - [13/Apr/2017:12:15:04 -0300] "POST /cormun/servlet/trsolicitudgral?fd1ab147bdf825a382306fb2efb915c7,,gx-no-cache=1492099779641 HTTP/1.1" 200 7059
186.103.159.183 - - [13/Apr/2017:12:15:15 -0300] "GET /cormun/static/menuarrow.gif HTTP/1.1" 404 1015
95.213.177.123 - - [13/Apr/2017:12:15:21 -0300] "CONNECT check.proxyradar.com:80 HTTP/1.1" 400 -
186.103.159.183 - - [13/Apr/2017:12:15:28 -0300] "GET /cormun/servlet/solicitudot?c51087c6ab8f63019e12bbed4bdd1a529970accd2ed317c047b53f6a659b5e3bc85fea74ec6d878fb486177180b16c826eb7c7a397751fa7cd2803bd1be31c1398027d134e1b704a2b4e7ef8c6ea6ebc9195e8ca3ce4b4ba080add7f1ffba2b79bc40a553b14c18a36dfe33ff40870d954e3598c4c0986195256a45eaa77a4bc5812fe3df026292d278d5fba9f8667135f7a1feea1933b5b4fc5121b5024d5b3bb91b38b4cc283374f9c37919847f434,gx-no-cache=1492096593720 HTTP/1.1" 200 30
192.168.10.13 - - [13/Apr/2017:12:15:43 -0300] "GET / HTTP/1.1" 200 11217
186.103.159.183 - - [13/Apr/2017:12:15:58 -0300] "POST /cormun/servlet/solicitudot?13c82b0ba9bbcc5b0805fa3ee47ff124,INS,0,0,,gx-no-cache=1492096623410 HTTP/1.1" 200 93
186.103.159.183 - - [13/Apr/2017:12:15:58 -0300] "GET /cormun/servlet/hpexe_return? HTTP/1.1" 200 1010
186.103.159.183 - - [13/Apr/2017:12:15:59 -0300] "GET /cormun/servlet/trsolicitudot HTTP/1.1" 200 8911
186.103.159.183 - - [13/Apr/2017:12:16:00 -0300] "GET /cormun/servlet/trsolicitudot HTTP/1.1" 200 8907
186.103.159.183 - - [13/Apr/2017:12:16:26 -0300] "POST /cormun/servlet/trsolicitudot?13c82b0ba9bbcc5b0805fa3ee47ff124,gx-no-cache=1492096651113 HTTP/1.1" 200 107
186.103.159.183 - - [13/Apr/2017:12:16:26 -0300] "GET /cormun/servlet/trsolicitudadjuntos?2017,5865, HTTP/1.1" 200 8258
186.103.159.183 - - [13/Apr/2017:12:16:26 -0300] "GET /cormun/static/gxcfg.js?201731711504543 HTTP/1.1" 200 953
186.103.159.183 - - [13/Apr/2017:12:16:26 -0300] "GET /cormun/static/trsolicitudadjuntos.js?201731711504951 HTTP/1.1" 200 17913
186.103.159.183 - - [13/Apr/2017:12:16:27 -0300] "GET /cormun/servlet/trsolicitudadjuntos?2017,5865, HTTP/1.1" 200 8258
186.103.159.183 - - [13/Apr/2017:12:16:33 -0300] "GET /cormun/servlet/solicitudotadjuntos?INS,2017,5865,,1, HTTP/1.1" 200 6035
186.103.159.183 - - [13/Apr/2017:12:16:33 -0300] "GET /cormun/static/solicitudotadjuntos.js?201612218465969 HTTP/1.1" 200 11762
186.103.159.183 - - [13/Apr/2017:12:16:34 -0300] "GET /cormun/static/gxcfg.js?201612218465951 HTTP/1.1" 200 953
186.103.159.183 - - [13/Apr/2017:12:16:34 -0300] "GET /cormun/static/about:blank HTTP/1.1" 404 1011
186.103.159.183 - - [13/Apr/2017:12:16:35 -0300] "GET /cormun/servlet/solicitudotadjuntos?INS,2017,5865,,1, HTTP/1.1" 200 6029
186.103.159.183 - - [13/Apr/2017:12:16:35 -0300] "GET /cormun/servlet/solicitudotadjuntos?c51087c6ab8f63019e12bbed4bdd1a52c719cafd7267d1f5058481417185a337094ea9aa54ada6ce4bb32496f7e6c325,gx-no-cache=1492096660658 HTTP/1.1" 200 30
186.103.159.183 - - [13/Apr/2017:12:16:35 -0300] "POST /cormun/servlet/solicitudotadjuntos?13c82b0ba9bbcc5b0805fa3ee47ff124,INS,2017,5865,,1,,gx-no-cache=1492096660723 HTTP/1.1" 200 3833
186.103.159.183 - - [13/Apr/2017:12:16:39 -0300] "POST /cormun/servlet/solicitudotadjuntos?gx-no-cache=1492096664044 HTTP/1.1" 200 26
192.168.10.13 - - [13/Apr/2017:12:16:43 -0300] "GET / HTTP/1.1" 200 11217
186.103.159.183 - - [13/Apr/2017:12:16:52 -0300] "GET /cormun/servlet/solicitudotadjuntos?c51087c6ab8f63019e12bbed4bdd1a520c518731719f6388012bb7f0cbe2d823,gx-no-cache=1492096677457 HTTP/1.1" 200 30
186.103.159.183 - - [13/Apr/2017:12:16:52 -0300] "GET /cormun/servlet/solicitudotadjuntos?c51087c6ab8f63019e12bbed4bdd1a520c518731719f6388012bb7f0cbe2d823,gx-no-cache=1492096677511 HTTP/1.1" 200 30
186.103.159.183 - - [13/Apr/2017:12:16:55 -0300] "POST /cormun/servlet/solicitudotadjuntos?13c82b0ba9bbcc5b0805fa3ee47ff124,INS,2017,5865,,1, HTTP/1.1" 200 6131
186.103.159.183 - - [13/Apr/2017:12:16:55 -0300] "GET /cormun/home/sistema/apache-tomcat-7.0.65/webapps/cormun/PrivateTempStorage/upload_00001220.jpg HTTP/1.1" 404 1149
186.103.159.183 - - [13/Apr/2017:12:16:55 -0300] "GET /cormun/static/Shared/jqueryui/images/ui-bg_highlight-soft_100_c6c2c8_1x100.png HTTP/1.1" 404 1117
186.103.159.183 - - [13/Apr/2017:12:16:55 -0300] "GET /cormun/static/Shared/jqueryui/images/ui-icons_82798d_256x240.png HTTP/1.1" 404 1089
186.103.159.183 - - [13/Apr/2017:12:16:55 -0300] "GET /cormun/static/Shared/jqueryui/images/ui-bg_flat_55_994d53_40x100.png HTTP/1.1" 404 1097
186.103.159.183 - - [13/Apr/2017:12:16:55 -0300] "GET /cormun/static/Shared/jqueryui/images/ui-icons_ebccce_256x240.png HTTP/1.1" 404 1089
186.103.159.183 - - [13/Apr/2017:12:16:55 -0300] "GET /cormun/PrivateTempStorage/upload_00001220.jpg HTTP/1.1" 200 990106
186.79.194.25 - - [13/Apr/2017:12:16:56 -0300] "GET /cormun/servlet/hlogin HTTP/1.1" 200 1723
186.79.194.25 - - [13/Apr/2017:12:16:56 -0300] "GET /cormun/static/Resources/Spanish/PXTools.css?11294912 HTTP/1.1" 304 -
186.79.194.25 - - [13/Apr/2017:12:16:56 -0300] "GET /cormun/static/gxcfg.js?201741110203197 HTTP/1.1" 200 953
186.79.194.25 - - [13/Apr/2017:12:16:56 -0300] "GET /cormun/static/messages.spa.js?85251 HTTP/1.1" 200 30736
186.79.194.25 - - [13/Apr/2017:12:16:56 -0300] "GET /cormun/static/hlogin.js?201741110203211 HTTP/1.1" 200 2136
186.79.194.25 - - [13/Apr/2017:12:16:56 -0300] "GET /cormun/servlet/hlogin HTTP/1.1" 200 1736
186.79.194.25 - - [13/Apr/2017:12:16:59 -0300] "POST /cormun/servlet/hlogin?1cbb70c59b7b30c4a0f5742524f2b5e6,gx-no-cache=1492096679488 HTTP/1.1" 200 90
186.79.194.25 - - [13/Apr/2017:12:16:59 -0300] "GET /cormun/servlet/hpexe_link HTTP/1.1" 200 954
186.79.194.25 - - [13/Apr/2017:12:16:59 -0300] "GET /cormun/static/gxcfg.js?201731711483381 HTTP/1.1" 200 953
186.79.194.25 - - [13/Apr/2017:12:16:59 -0300] "GET /cormun/static/hpexe_link.js?201731711483384 HTTP/1.1" 304 -
186.79.194.25 - - [13/Apr/2017:12:16:59 -0300] "GET /cormun/servlet/hhome HTTP/1.1" 200 3960
186.79.194.25 - - [13/Apr/2017:12:16:59 -0300] "GET /cormun/static/gxcfg.js?201731711483497 HTTP/1.1" 200 953
186.79.194.25 - - [13/Apr/2017:12:17:00 -0300] "GET /cormun/static/hhome.js?20173171148352 HTTP/1.1" 304 -
186.79.194.25 - - [13/Apr/2017:12:17:00 -0300] "GET /cormun/static/hwchdr01.js?201731711335950 HTTP/1.1" 304 -
186.79.194.25 - - [13/Apr/2017:12:17:00 -0300] "GET /cormun/static/hpexe_recentlink.js?201610171694390 HTTP/1.1" 304 -
186.79.194.25 - - [13/Apr/2017:12:17:00 -0300] "GET /cormun/static/hpexe_messagepopupcomponent.js?20161017169425 HTTP/1.1" 304 -
186.79.194.25 - - [13/Apr/2017:12:17:00 -0300] "GET /cormun/static/hpexe_scripts.js?201731711335890 HTTP/1.1" 304 -
186.79.194.25 - - [13/Apr/2017:12:17:00 -0300] "GET /cormun/static/hpexe_messagecontroller.js?201610171694323 HTTP/1.1" 304 -
186.79.194.25 - - [13/Apr/2017:12:17:00 -0300] "GET /cormun/static/hpexe_messagegenexuscomponent.js?201731711335537 HTTP/1.1" 304 -
186.79.194.25 - - [13/Apr/2017:12:17:00 -0300] "GET /cormun/static/hmpwkw03.js?201731711485354 HTTP/1.1" 304 -
186.79.194.25 - - [13/Apr/2017:12:17:00 -0300] "GET /cormun/static/cmcontrolpreferences.js?201731711335852 HTTP/1.1" 304 -
186.79.194.25 - - [13/Apr/2017:12:17:00 -0300] "GET /cormun/servlet/hhome HTTP/1.1" 200 3956
186.79.194.25 - - [13/Apr/2017:12:17:06 -0300] "GET /cormun/servlet/trcontratosolicitud? HTTP/1.1" 200 13580
186.79.194.25 - - [13/Apr/2017:12:17:07 -0300] "GET /cormun/static/gxcfg.js?20171317451682 HTTP/1.1" 200 953
186.79.194.25 - - [13/Apr/2017:12:17:07 -0300] "GET /cormun/static/Resources/Spanish/PXTools.css?18365030 HTTP/1.1" 304 -
186.79.194.25 - - [13/Apr/2017:12:17:07 -0300] "GET /cormun/static/trcontratosolicitud.js?20171317452124 HTTP/1.1" 304 -
186.103.159.183 - - [13/Apr/2017:12:17:07 -0300] "GET /cormun/servlet/trsolicitudot? HTTP/1.1" 200 8919
186.79.194.25 - - [13/Apr/2017:12:17:07 -0300] "GET /cormun/servlet/trcontratosolicitud? HTTP/1.1" 200 13589
186.103.159.183 - - [13/Apr/2017:12:17:09 -0300] "GET /cormun/servlet/trsolicitudot? HTTP/1.1" 200 8907
186.103.159.183 - - [13/Apr/2017:12:17:20 -0300] "POST /cormun/servlet/trsolicitudot?13c82b0ba9bbcc5b0805fa3ee47ff124,,gx-no-cache=1492096705877 HTTP/1.1" 200 106
186.103.159.183 - - [13/Apr/2017:12:17:21 -0300] "GET /cormun/servlet/trsolicitudadjuntos?2017,6068, HTTP/1.1" 200 6096
186.103.159.183 - - [13/Apr/2017:12:17:23 -0300] "GET /cormun/servlet/trsolicitudadjuntos?2017,6068, HTTP/1.1" 200 6096
186.103.159.183 - - [13/Apr/2017:12:17:25 -0300] "GET /cormun/servlet/solicitudotadjuntos?INS,2017,6068,,1, HTTP/1.1" 200 6037
186.103.159.183 - - [13/Apr/2017:12:17:25 -0300] "GET /cormun/static/about:blank HTTP/1.1" 404 1011
186.79.194.25 - - [13/Apr/2017:12:17:25 -0300] "POST /cormun/servlet/trcontratosolicitud?1cbb70c59b7b30c4a0f5742524f2b5e6,,gx-no-cache=1492096705436 HTTP/1.1" 200 4793
186.103.159.183 - - [13/Apr/2017:12:17:26 -0300] "GET /cormun/servlet/solicitudotadjuntos?INS,2017,6068,,1, HTTP/1.1" 200 6030
186.103.159.183 - - [13/Apr/2017:12:17:27 -0300] "GET /cormun/servlet/solicitudotadjuntos?c51087c6ab8f63019e12bbed4bdd1a52522c29b0cc85d28d03d1a996958b5ba0094ea9aa54ada6ce4bb32496f7e6c325,gx-no-cache=1492096712226 HTTP/1.1" 200 30
192.168.10.89 - - [13/Apr/2017:12:17:27 -0300] "POST /cormun/servlet/trsolicitudgral?fd1ab147bdf825a382306fb2efb915c7,,gx-no-cache=1492099922017 HTTP/1.1" 200 5477
186.103.159.183 - - [13/Apr/2017:12:17:27 -0300] "POST /cormun/servlet/solicitudotadjuntos?13c82b0ba9bbcc5b0805fa3ee47ff124,INS,2017,6068,,1,,gx-no-cache=1492096712279 HTTP/1.1" 200 3831
186.103.159.183 - - [13/Apr/2017:12:17:30 -0300] "POST /cormun/servlet/solicitudotadjuntos?gx-no-cache=1492096715414 HTTP/1.1" 200 26
186.79.194.25 - - [13/Apr/2017:12:17:33 -0300] "GET /cormun/servlet/trautorizarsolicitud? HTTP/1.1" 200 6871
186.79.194.25 - - [13/Apr/2017:12:17:33 -0300] "GET /cormun/static/gxcfg.js?2017259112829 HTTP/1.1" 200 953
186.79.194.25 - - [13/Apr/2017:12:17:33 -0300] "GET /cormun/static/trautorizarsolicitud.js?2017259113483 HTTP/1.1" 304 -
186.79.194.25 - - [13/Apr/2017:12:17:34 -0300] "GET /cormun/servlet/trautorizarsolicitud? HTTP/1.1" 200 6870
186.103.159.183 - - [13/Apr/2017:12:17:39 -0300] "GET /cormun/servlet/solicitudotadjuntos?c51087c6ab8f63019e12bbed4bdd1a520c518731719f6388012bb7f0cbe2d823,gx-no-cache=1492096724740 HTTP/1.1" 200 30
186.103.159.183 - - [13/Apr/2017:12:17:39 -0300] "GET /cormun/servlet/solicitudotadjuntos?c51087c6ab8f63019e12bbed4bdd1a520c518731719f6388012bb7f0cbe2d823,gx-no-cache=1492096724816 HTTP/1.1" 200 30
186.103.159.183 - - [13/Apr/2017:12:17:43 -0300] "POST /cormun/servlet/solicitudotadjuntos?13c82b0ba9bbcc5b0805fa3ee47ff124,INS,2017,6068,,1, HTTP/1.1" 200 116
192.168.10.13 - - [13/Apr/2017:12:17:43 -0300] "GET / HTTP/1.1" 200 11217
186.103.159.183 - - [13/Apr/2017:12:17:43 -0300] "GET /cormun/servlet/hpexe_return? HTTP/1.1" 200 1030
192.168.10.89 - - [13/Apr/2017:12:17:43 -0300] "POST /cormun/servlet/trsolicitudgral?fd1ab147bdf825a382306fb2efb915c7,,gx-no-cache=1492099938308 HTTP/1.1" 200 5481
186.103.159.183 - - [13/Apr/2017:12:17:43 -0300] "GET /cormun/servlet/trsolicitudadjuntos?2017,6068, HTTP/1.1" 200 8262
186.103.159.183 - - [13/Apr/2017:12:17:45 -0300] "GET /cormun/servlet/trsolicitudadjuntos?2017,6068, HTTP/1.1" 200 8258
186.103.159.183 - - [13/Apr/2017:12:17:49 -0300] "GET /cormun/servlet/trsolicitudot? HTTP/1.1" 200 8914
186.103.159.183 - - [13/Apr/2017:12:17:51 -0300] "GET /cormun/servlet/trsolicitudot? HTTP/1.1" 200 8907
186.103.159.183 - - [13/Apr/2017:12:18:18 -0300] "POST /cormun/servlet/trsolicitudot?13c82b0ba9bbcc5b0805fa3ee47ff124,,gx-no-cache=1492096763329 HTTP/1.1" 200 105
186.103.159.183 - - [13/Apr/2017:12:18:18 -0300] "GET /cormun/servlet/solicitudot?UPD,2017,6068, HTTP/1.1" 200 14521
186.103.159.183 - - [13/Apr/2017:12:18:20 -0300] "GET /cormun/servlet/solicitudot?UPD,2017,6068, HTTP/1.1" 200 14530
186.103.159.183 - - [13/Apr/2017:12:18:20 -0300] "POST /cormun/servlet/solicitudot?gx-no-cache=1492096765532 HTTP/1.1" 200 3193
186.103.159.183 - - [13/Apr/2017:12:18:21 -0300] "POST /cormun/servlet/solicitudot?13c82b0ba9bbcc5b0805fa3ee47ff124,UPD,2017,6068,,gx-no-cache=1492096765941 HTTP/1.1" 200 11088
186.103.159.183 - - [13/Apr/2017:12:18:21 -0300] "GET /cormun/servlet/solicitudot?c51087c6ab8f63019e12bbed4bdd1a52536aeeee55fae34ff782a49b6ae3140620332afe81ab5267f48462c8c59c83cb,gx-no-cache=1492096766242 HTTP/1.1" 200 30
186.103.159.183 - - [13/Apr/2017:12:18:21 -0300] "POST /cormun/servlet/solicitudot?gx-no-cache=1492096766312 HTTP/1.1" 200 297
186.103.159.183 - - [13/Apr/2017:12:18:21 -0300] "GET /cormun/servlet/solicitudot?c51087c6ab8f63019e12bbed4bdd1a52ef3fc6dff39ac5c596b86ff74b26e6b4b4ce42ffb131c9a809d4d10abb0b9ee2f8250e50b633225ec846f9119ba3a2501d77c5392363a9dcdd2f8d480ce04722735c11e965007b780278d074805014d0b1df4f1e300e60e04b6cb86f10a5b344690694adac39605dfc4069529ef008e81ef20baf012ee6eb65aeb457f27e355a9487eba744001c1e73e023524ee7315be195c4206b8233c5df59ed82d02a08c3cf13c460fb21260b07d65c5788ece93fbc3b8a746bfc03e7961b3569bcd56cd0d1f0c1c3adbd1310a4da532c595441f7bc9c88ef9165e7f4f20d1b93a9fdf516992ca0d25b4c285ef4fcd6b0182256c9195258888fb1f28f393d4a120b43901530059650127496549e3e63ecafc0c8d5efadd5ae52fd8aaf3b52eb2f4a9d3551462a0cc4bcd68236ba222bc577b0973a9467b3457dda0f51823fa3a3e3cea9fd5dc3b815c94c778a916f452f7361254a4780dfe7e9159f65e339304289073127e1ffa05ff46b1fd5c7288d7c44f12b21e9a312a2968cdd755f6926fc71ab576b,gx-no-cache=1492096766690 HTTP/1.1" 200 30
186.103.159.183 - - [13/Apr/2017:12:18:21 -0300] "POST /cormun/servlet/solicitudot?gx-no-cache=1492096766734 HTTP/1.1" 200 30
186.103.159.183 - - [13/Apr/2017:12:18:21 -0300] "POST /cormun/servlet/solicitudot?gx-no-cache=1492096766876 HTTP/1.1" 200 1287
186.103.159.183 - - [13/Apr/2017:12:18:22 -0300] "POST /cormun/servlet/solicitudot?gx-no-cache=1492096767049 HTTP/1.1" 200 41
186.103.159.183 - - [13/Apr/2017:12:18:24 -0300] "GET /cormun/servlet/solicitudot?c51087c6ab8f63019e12bbed4bdd1a52d8f6e0d84bb1d4968e9d21cfcf2eb3acc255e26cc5527c52a70243efd367f1fdcb172f31f3d5288a84b7f650ef1d0e6f228c79323f4169cb87edd50cae2a81c6d2b9a9cebfe1561c4a82a8a0f2b05529281445694ad813c6453b9bf65224441c,gx-no-cache=1492096769106 HTTP/1.1" 200 29
186.103.159.183 - - [13/Apr/2017:12:18:24 -0300] "POST /cormun/servlet/solicitudot?gx-no-cache=1492096769178 HTTP/1.1" 200 1275
186.103.159.183 - - [13/Apr/2017:12:18:24 -0300] "POST /cormun/servlet/solicitudot?gx-no-cache=1492096769301 HTTP/1.1" 200 1156
186.103.159.183 - - [13/Apr/2017:12:18:24 -0300] "GET /cormun/static/menuarrow.gif HTTP/1.1" 404 1015
186.103.159.183 - - [13/Apr/2017:12:18:40 -0300] "POST /cormun/servlet/solicitudot?gx-no-cache=1492096785610 HTTP/1.1" 200 1275
186.103.159.183 - - [13/Apr/2017:12:18:41 -0300] "POST /cormun/servlet/solicitudot?gx-no-cache=1492096786058 HTTP/1.1" 200 1156
192.168.10.13 - - [13/Apr/2017:12:18:43 -0300] "GET / HTTP/1.1" 200 11217
186.103.159.183 - - [13/Apr/2017:12:18:47 -0300] "GET /cormun/servlet/solicitudot?c51087c6ab8f63019e12bbed4bdd1a529970accd2ed317c047b53f6a659b5e3bb0c23265098510ac52aa9f4437896f376eb7c7a397751fa7cd2803bd1be31c1398027d134e1b704a2b4e7ef8c6ea6ebc9195e8ca3ce4b4ba080add7f1ffba2b79bc40a553b14c18a36dfe33ff40870d954e3598c4c0986195256a45eaa77a4bc5812fe3df026292d278d5fba9f8667135f7a1feea1933b5b4fc5121b5024d5b3bb91b38b4cc283374f9c37919847f434,gx-no-cache=1492096792980 HTTP/1.1" 200 30
186.103.159.183 - - [13/Apr/2017:12:18:48 -0300] "POST /cormun/servlet/solicitudot?13c82b0ba9bbcc5b0805fa3ee47ff124,UPD,2017,6068,,gx-no-cache=1492096793042 HTTP/1.1" 200 93
186.103.159.183 - - [13/Apr/2017:12:18:48 -0300] "GET /cormun/servlet/hpexe_return? HTTP/1.1" 200 1017
186.103.159.183 - - [13/Apr/2017:12:18:48 -0300] "GET /cormun/servlet/trsolicitudot HTTP/1.1" 200 8917
186.103.159.183 - - [13/Apr/2017:12:18:50 -0300] "GET /cormun/servlet/trsolicitudot HTTP/1.1" 200 8913
186.103.159.183 - - [13/Apr/2017:12:18:58 -0300] "POST /cormun/servlet/trsolicitudot?13c82b0ba9bbcc5b0805fa3ee47ff124,gx-no-cache=1492096803585 HTTP/1.1" 200 5848
186.103.159.183 - - [13/Apr/2017:12:18:58 -0300] "GET /cormun/static/Shared/jqueryui/images/ui-bg_flat_55_fafafa_40x100.png HTTP/1.1" 404 1097
186.103.159.183 - - [13/Apr/2017:12:18:58 -0300] "GET /cormun/static/Shared/jqueryui/images/ui-icons_82798d_256x240.png HTTP/1.1" 404 1089
186.103.159.183 - - [13/Apr/2017:12:18:58 -0300] "GET /cormun/static/Shared/jqueryui/images/ui-icons_8d78a5_256x240.png HTTP/1.1" 404 1089
186.103.159.183 - - [13/Apr/2017:12:18:58 -0300] "GET /cormun/static/Shared/jqueryui/images/ui-bg_highlight-soft_100_c6c2c8_1x100.png HTTP/1.1" 404 1117
186.103.159.183 - - [13/Apr/2017:12:18:59 -0300] "POST /cormun/servlet/trsolicitudot?13c82b0ba9bbcc5b0805fa3ee47ff124,gx-no-cache=1492096804078 HTTP/1.1" 200 5791
186.103.159.183 - - [13/Apr/2017:12:19:02 -0300] "GET /cormun/static/menuarrow.gif HTTP/1.1" 404 1015
186.103.159.183 - - [13/Apr/2017:12:19:10 -0300] "POST /cormun/servlet/trsolicitudot?13c82b0ba9bbcc5b0805fa3ee47ff124,gx-no-cache=1492096815114 HTTP/1.1" 200 5423
186.103.159.183 - - [13/Apr/2017:12:19:29 -0300] "POST /cormun/servlet/trsolicitudot?13c82b0ba9bbcc5b0805fa3ee47ff124,gx-no-cache=1492096834025 HTTP/1.1" 200 5400
186.103.159.183 - - [13/Apr/2017:12:19:36 -0300] "POST /cormun/servlet/trsolicitudot?13c82b0ba9bbcc5b0805fa3ee47ff124,gx-no-cache=1492096841432 HTTP/1.1" 200 5400
192.168.10.13 - - [13/Apr/2017:12:19:43 -0300] "GET / HTTP/1.1" 200 11217
186.103.159.183 - - [13/Apr/2017:12:20:29 -0300] "POST /cormun/servlet/trsolicitudot?13c82b0ba9bbcc5b0805fa3ee47ff124,gx-no-cache=1492096894516 HTTP/1.1" 200 5400
186.103.159.183 - - [13/Apr/2017:12:20:40 -0300] "POST /cormun/servlet/trsolicitudot?13c82b0ba9bbcc5b0805fa3ee47ff124,gx-no-cache=1492096904567 HTTP/1.1" 200 5400
192.168.10.13 - - [13/Apr/2017:12:20:43 -0300] "GET / HTTP/1.1" 200 11217
186.103.159.183 - - [13/Apr/2017:12:20:43 -0300] "GET /cormun/servlet/treventos?2017,6068, HTTP/1.1" 200 7468
186.103.159.183 - - [13/Apr/2017:12:20:43 -0300] "GET /cormun/static/gxcfg.js?2016101716195975 HTTP/1.1" 200 953
186.103.159.183 - - [13/Apr/2017:12:20:43 -0300] "GET /cormun/static/treventos.js?201610171620222 HTTP/1.1" 200 16055
186.103.159.183 - - [13/Apr/2017:12:20:44 -0300] "GET /cormun/servlet/treventos?2017,6068, HTTP/1.1" 200 7468
186.103.159.183 - - [13/Apr/2017:12:20:50 -0300] "GET /cormun/servlet/trautorizarsolicitud? HTTP/1.1" 200 8168
186.103.159.183 - - [13/Apr/2017:12:20:52 -0300] "GET /cormun/servlet/trautorizarsolicitud? HTTP/1.1" 200 8169
157.55.39.76 - - [13/Apr/2017:12:20:56 -0300] "GET /cormun/servlet/trpermisosadjuntos?11130975,20170321124038,P, HTTP/1.1" 200 5948
186.103.159.183 - - [13/Apr/2017:12:21:04 -0300] "GET /cormun/servlet/trautorizarsolicitud? HTTP/1.1" 200 8169
186.103.159.183 - - [13/Apr/2017:12:21:05 -0300] "GET /cormun/servlet/trautorizarsolicitud? HTTP/1.1" 200 8169
186.103.159.183 - - [13/Apr/2017:12:21:08 -0300] "GET /cormun/static/menuarrow.gif HTTP/1.1" 404 1015
186.103.159.183 - - [13/Apr/2017:12:21:12 -0300] "POST /cormun/servlet/trautorizarsolicitud?13c82b0ba9bbcc5b0805fa3ee47ff124,,gx-no-cache=1492096936994 HTTP/1.1" 200 5390
186.103.159.183 - - [13/Apr/2017:12:21:15 -0300] "POST /cormun/servlet/trautorizarsolicitud?13c82b0ba9bbcc5b0805fa3ee47ff124,,gx-no-cache=1492096940864 HTTP/1.1" 200 5787
157.55.39.76 - - [13/Apr/2017:12:21:23 -0300] "GET /cormun/servlet/trpermisosadjuntos?11130975,20170321124038,P, HTTP/1.1" 200 5938
157.55.39.58 - - [13/Apr/2017:12:21:30 -0300] "GET /cormun/static/gxcfg.js?201731711542659 HTTP/1.1" 200 953
157.55.39.58 - - [13/Apr/2017:12:21:31 -0300] "GET /cormun/static/trpermisosadjuntos.js?201731711542990 HTTP/1.1" 200 20045
186.103.159.183 - - [13/Apr/2017:12:21:36 -0300] "POST /cormun/servlet/trautorizarsolicitud?13c82b0ba9bbcc5b0805fa3ee47ff124,,gx-no-cache=1492096961166 HTTP/1.1" 200 5800
186.103.159.183 - - [13/Apr/2017:12:21:36 -0300] "GET /cormun/static/Shared/jqueryui/images/ui-bg_highlight-soft_100_c6c2c8_1x100.png HTTP/1.1" 404 1117
186.103.159.183 - - [13/Apr/2017:12:21:36 -0300] "GET /cormun/static/Shared/jqueryui/images/ui-icons_82798d_256x240.png HTTP/1.1" 404 1089
186.103.159.183 - - [13/Apr/2017:12:21:36 -0300] "GET /cormun/static/Shared/jqueryui/images/ui-bg_flat_55_fafafa_40x100.png HTTP/1.1" 404 1097
186.103.159.183 - - [13/Apr/2017:12:21:36 -0300] "GET /cormun/static/Shared/jqueryui/images/ui-icons_8d78a5_256x240.png HTTP/1.1" 404 1089
192.168.10.13 - - [13/Apr/2017:12:21:43 -0300] "GET / HTTP/1.1" 200 11217
186.103.159.183 - - [13/Apr/2017:12:21:43 -0300] "POST /cormun/servlet/trautorizarsolicitud?13c82b0ba9bbcc5b0805fa3ee47ff124,,gx-no-cache=1492096967926 HTTP/1.1" 200 5802
186.103.159.183 - - [13/Apr/2017:12:21:49 -0300] "POST /cormun/servlet/trautorizarsolicitud?13c82b0ba9bbcc5b0805fa3ee47ff124,,gx-no-cache=1492096973891 HTTP/1.1" 200 5390
186.103.159.183 - - [13/Apr/2017:12:21:59 -0300] "POST /cormun/servlet/trautorizarsolicitud?13c82b0ba9bbcc5b0805fa3ee47ff124,,gx-no-cache=1492096984529 HTTP/1.1" 200 115
186.103.159.183 - - [13/Apr/2017:12:21:59 -0300] "GET /cormun/servlet/solicitudotlog?INS,2017,6068,0,ANU, HTTP/1.1" 200 5784
186.103.159.183 - - [13/Apr/2017:12:22:00 -0300] "GET /cormun/static/gxcfg.js?201731711401563 HTTP/1.1" 200 953
186.103.159.183 - - [13/Apr/2017:12:22:00 -0300] "GET /cormun/static/solicitudotlog.js?201731711401579 HTTP/1.1" 200 8925
186.103.159.183 - - [13/Apr/2017:12:22:01 -0300] "GET /cormun/servlet/solicitudotlog?INS,2017,6068,0,ANU, HTTP/1.1" 200 5784
186.103.159.183 - - [13/Apr/2017:12:22:01 -0300] "GET /cormun/servlet/solicitudotlog?c51087c6ab8f63019e12bbed4bdd1a52522c29b0cc85d28d03d1a996958b5ba0950e5963430309316c1683b6c91f006c1b398c9b1102a465fb5155947e75e42fcf553cc8a38e27af9eedae86dbc2987dcf6797fc2f61cde5af8f6e241495bb5cf356f6f3f6513b1f90ea383bacd27c6008a2c67cd13a02f299024382a19f67cb130a9aefc1007e824c55110bb0549b7ac2b430b09c880f948be6c3676d2edb93,gx-no-cache=1492096986721 HTTP/1.1" 200 94
186.103.159.183 - - [13/Apr/2017:12:22:10 -0300] "POST /cormun/servlet/solicitudotlog?13c82b0ba9bbcc5b0805fa3ee47ff124,INS,2017,6068,0,ANU,,gx-no-cache=1492096995410 HTTP/1.1" 200 93
186.103.159.183 - - [13/Apr/2017:12:22:10 -0300] "GET /cormun/servlet/hpexe_return? HTTP/1.1" 200 1033
186.103.159.183 - - [13/Apr/2017:12:22:10 -0300] "GET /cormun/servlet/trautorizarsolicitud? HTTP/1.1" 200 6919
186.103.159.183 - - [13/Apr/2017:12:22:12 -0300] "GET /cormun/servlet/trautorizarsolicitud? HTTP/1.1" 200 6915
186.103.159.183 - - [13/Apr/2017:12:22:21 -0300] "GET /cormun/servlet/trsolicitudot? HTTP/1.1" 200 6960
186.103.159.183 - - [13/Apr/2017:12:22:23 -0300] "GET /cormun/servlet/trsolicitudot? HTTP/1.1" 200 6959
186.103.159.183 - - [13/Apr/2017:12:22:26 -0300] "GET /cormun/servlet/solicitudot?INS,0,0, HTTP/1.1" 200 12796
192.168.10.89 - - [13/Apr/2017:12:22:28 -0300] "POST /cormun/servlet/trsolicitudgral?fd1ab147bdf825a382306fb2efb915c7,,gx-no-cache=1492100222856 HTTP/1.1" 200 6741
186.103.159.183 - - [13/Apr/2017:12:22:28 -0300] "GET /cormun/servlet/solicitudot?INS,0,0, HTTP/1.1" 200 12801
192.168.10.89 - - [13/Apr/2017:12:22:39 -0300] "GET /cormun/servlet/solicitudgral?UPD,2017,5919, HTTP/1.1" 200 12274
192.168.10.89 - - [13/Apr/2017:12:22:39 -0300] "GET /cormun/static/gxcfg.js?2017261155185 HTTP/1.1" 200 953
192.168.10.89 - - [13/Apr/2017:12:22:39 -0300] "GET /cormun/static/solicitudgral.js?2017261155246 HTTP/1.1" 304 -
192.168.10.89 - - [13/Apr/2017:12:22:39 -0300] "GET /cormun/servlet/solicitudgral?UPD,2017,5919, HTTP/1.1" 200 12283
192.168.10.89 - - [13/Apr/2017:12:22:41 -0300] "POST /cormun/servlet/solicitudgral?gx-no-cache=1492100235884 HTTP/1.1" 200 3174
192.168.10.89 - - [13/Apr/2017:12:22:41 -0300] "GET /cormun/servlet/solicitudgral?f914243d5362574ad6efd9c76683d293edd9acc3c41a6f3015e45500f56259710c0ecfb68d41566eb301e59ce0807ceded7bcdebe78613beddd7246d00185d0f83ed73d7d4c9ed9534990992c5d25e35d3b7ec9a2de2a4e50bf249c7151d3f7ace6e24f5ab6452fe896edaff706e12e8ca683cd2de5cd717fa71c95a900012f46269188754a476e2397ae4cfa789e00d4eca33bda7dcf6d7f1be5e90e8c4b9edb334918928a2bf466489f79d0880e7ba26545e08314939881ff5a5a89bce94a58e67fbf977d97dc2b969c1fd86b03805f847f8605b4b417a37d0cb4ef8d9eef667398e81e7f72ee3b0c0e0264bdc6a22878422daefb860e59141c4646cf370712b08bbe64cf30d77f852516a92005eeb5be982608bf24a5c90b7abbd2d56930c5ab34eeaa5f87ba524070b1898950feccb01b97421296ebb47eeedd996075f0aa5d1ca7eacc2da600b7a75c1d58a7257,gx-no-cache=1492100236077 HTTP/1.1" 200 298
192.168.10.89 - - [13/Apr/2017:12:22:42 -0300] "GET /cormun/servlet/solicitudgral?f914243d5362574ad6efd9c76683d293ef3de806d44ed47118c6f5951de9b34548f95501cf9176151748f1c865d3d23e2a8b2e2a849337f7a5aa71a32960348696f5de4a4182b2d92325e7f99ac52b463ad82f1a4904efa1d80c061d70803843cf803c15990d2e50a38a114699e1d9b54f1ed836445277433aea04f5f124e06387b3a4b015273f420b146602581178984104a71e32cf95711de36031742951c078debbc99b983428715a0f29e3734dccbc9842bac17e97f938caa7b75f1abfd69dd2179373696b8539ed066b354d6b09c8876c7237a9d64203d84d30b7ed3dfa6169d62931332006640385a9f1d04d4e4da0043d3313ab05443737a10adb8a22b26c75240d27f73a360957ba857dfc105dc3ab473f21246afeec25507d232408b231ced83fb9c271ca605ffedf3a2b6853545e84e8c86a20a14f649fcd31fc24bb4a24a47b7979d245c032911853ca3e3f078debca83ff0df2a62c3b69288f16df11512ff6e0c53d716734acb2325b49be1a7b961be7f6238fa8ffdde042a7491af9e0ac29cc9684b10e33c5cc6df3eba3cb0c1beaf25dd53f904cfd8d038f1674ecffc312f0447d12a7273e123cf659f159aebbaed6ccb536c966cd73091672043490a8eef15bc959c8cd7b0f2d57197620c784f20ad3bfa2fea64c9732b6b3d646af875068b42f2a912c4b5ef9f7bda3cb0c1beaf25dd53f904cfd8d038f16a12eb22266bebfea1f9dee1aa1d232af278026be21628c9cf013bcf7bc66ae295a97b72b78b81b37e9b47de5b6bbc80a0abc5f8ce1509043201fc1236d57b5d3,gx-no-cache=1492100237737 HTTP/1.1" 200 48
192.168.10.13 - - [13/Apr/2017:12:22:43 -0300] "GET / HTTP/1.1" 200 11217
186.103.159.183 - - [13/Apr/2017:12:22:44 -0300] "POST /cormun/servlet/solicitudot?gx-no-cache=1492097029083 HTTP/1.1" 200 3193
186.103.159.183 - - [13/Apr/2017:12:22:44 -0300] "POST /cormun/servlet/solicitudot?13c82b0ba9bbcc5b0805fa3ee47ff124,INS,0,0,,gx-no-cache=1492097029359 HTTP/1.1" 200 9991
192.168.10.89 - - [13/Apr/2017:12:22:46 -0300] "POST /cormun/servlet/solicitudgral?fd1ab147bdf825a382306fb2efb915c7,UPD,2017,5919,,gx-no-cache=1492100241411 HTTP/1.1" 200 10670
192.168.10.89 - - [13/Apr/2017:12:22:46 -0300] "GET /cormun/servlet/solicitudgral?f914243d5362574ad6efd9c76683d2932d6305dd94162eb09f5fd45f1354adcc475157aa42f48f0658141b6c4c0189013dc4270aa76f2b524a9e9e1a3e4e6915d858a80e4fc35ab65e204a13eaf1a8dcab991788159a6df1e73c4555e4bac5deb0a98f49943116b8ddcf9f42f8473b1c,gx-no-cache=1492100241692 HTTP/1.1" 200 29
192.168.10.89 - - [13/Apr/2017:12:22:46 -0300] "POST /cormun/servlet/solicitudgral?gx-no-cache=1492100241712 HTTP/1.1" 200 1249
192.168.10.89 - - [13/Apr/2017:12:22:46 -0300] "POST /cormun/servlet/solicitudgral?gx-no-cache=1492100241747 HTTP/1.1" 200 1154
192.168.10.89 - - [13/Apr/2017:12:22:47 -0300] "POST /cormun/servlet/solicitudgral?fd1ab147bdf825a382306fb2efb915c7,UPD,2017,5919,,gx-no-cache=1492100241784 HTTP/1.1" 200 93
192.168.10.89 - - [13/Apr/2017:12:22:47 -0300] "GET /cormun/servlet/hpexe_return? HTTP/1.1" 200 1014
192.168.10.89 - - [13/Apr/2017:12:22:47 -0300] "GET /cormun/servlet/trsolicitudgral? HTTP/1.1" 200 10064
186.103.159.183 - - [13/Apr/2017:12:22:48 -0300] "GET /cormun/servlet/solicitudot?c51087c6ab8f63019e12bbed4bdd1a52536aeeee55fae34ff782a49b6ae31406534a02b30bd56efb56e6ab1be71af1ef,gx-no-cache=1492097033380 HTTP/1.1" 200 30
186.103.159.183 - - [13/Apr/2017:12:22:48 -0300] "POST /cormun/servlet/solicitudot?gx-no-cache=1492097033459 HTTP/1.1" 200 297
186.103.159.183 - - [13/Apr/2017:12:22:48 -0300] "GET /cormun/servlet/solicitudot?c51087c6ab8f63019e12bbed4bdd1a52ef3fc6dff39ac5c596b86ff74b26e6b4b4ce42ffb131c9a809d4d10abb0b9ee2f8250e50b633225ec846f9119ba3a2501d77c5392363a9dcdd2f8d480ce04722735c11e965007b780278d074805014d0b1df4f1e300e60e04b6cb86f10a5b344690694adac39605dfc4069529ef008e81ef20baf012ee6eb65aeb457f27e355a9487eba744001c1e73e023524ee7315be195c4206b8233c5df59ed82d02a08c3cf13c460fb21260b07d65c5788ece93fbc3b8a746bfc03e7961b3569bcd56cd0d1f0c1c3adbd1310a4da532c595441f7bc9c88ef9165e7f4f20d1b93a9fdf516992ca0d25b4c285ef4fcd6b0182256c9195258888fb1f28f393d4a120b43901530059650127496549e3e63ecafc0c8d5efadd5ae52fd8aaf3b52eb2f4a9d3551462a0cc4bcd68236ba222bc577b0973a9467b3457dda0f51823fa3a3e3cea9fd5dc3b815c94c778a916f452f7361254a4780dfe7e9159f65e3393042890731271d31262c83d1ce0d64bb27b72cd95cdfe9a312a2968cdd755f6926fc71ab576b,gx-no-cache=1492097033519 HTTP/1.1" 200 30
186.103.159.183 - - [13/Apr/2017:12:22:48 -0300] "POST /cormun/servlet/solicitudot?gx-no-cache=1492097033594 HTTP/1.1" 200 30
186.103.159.183 - - [13/Apr/2017:12:22:48 -0300] "POST /cormun/servlet/solicitudot?gx-no-cache=1492097033775 HTTP/1.1" 200 235
186.103.159.183 - - [13/Apr/2017:12:22:48 -0300] "POST /cormun/servlet/solicitudot?gx-no-cache=1492097033933 HTTP/1.1" 200 38
186.103.159.183 - - [13/Apr/2017:12:22:59 -0300] "GET /cormun/servlet/solicitudot?c51087c6ab8f63019e12bbed4bdd1a527bc3212a39275ed6e9cd01c29d3ef545950e5963430309316c1683b6c91f006c67246c208f819f8efb352a67eecd908638a2cec0a6091d935774f0cf53f5e9fc9e4e9aad957b46a44e64c6b3cf2a0e2ab06481439fba40e5f91208577afcaee9,gx-no-cache=1492097044032 HTTP/1.1" 200 29
186.103.159.183 - - [13/Apr/2017:12:22:59 -0300] "POST /cormun/servlet/solicitudot?gx-no-cache=1492097044130 HTTP/1.1" 200 666
186.103.159.183 - - [13/Apr/2017:12:23:00 -0300] "POST /cormun/servlet/solicitudot?gx-no-cache=1492097045066 HTTP/1.1" 200 1157
186.103.159.183 - - [13/Apr/2017:12:23:17 -0300] "GET /cormun/static/menuarrow.gif HTTP/1.1" 404 1015
192.168.10.89 - - [13/Apr/2017:12:23:22 -0300] "POST /cormun/servlet/trsolicitudgral?fd1ab147bdf825a382306fb2efb915c7,,gx-no-cache=1492100277178 HTTP/1.1" 200 7061
186.103.159.183 - - [13/Apr/2017:12:23:28 -0300] "GET /cormun/servlet/solicitudot?c51087c6ab8f63019e12bbed4bdd1a529970accd2ed317c047b53f6a659b5e3bb0c23265098510ac52aa9f4437896f376eb7c7a397751fa7cd2803bd1be31c1398027d134e1b704a2b4e7ef8c6ea6ebc9195e8ca3ce4b4ba080add7f1ffba2b79bc40a553b14c18a36dfe33ff40870d954e3598c4c0986195256a45eaa77a4bc5812fe3df026292d278d5fba9f8667135f7a1feea1933b5b4fc5121b5024d5b3bb91b38b4cc283374f9c37919847f434,gx-no-cache=1492097073379 HTTP/1.1" 200 30
192.168.10.89 - - [13/Apr/2017:12:23:28 -0300] "GET /cormun/servlet/solicitudgral?UPD,2017,5970, HTTP/1.1" 200 12248
192.168.10.89 - - [13/Apr/2017:12:23:30 -0300] "POST /cormun/servlet/solicitudgral?gx-no-cache=1492100285053 HTTP/1.1" 200 3179
192.168.10.89 - - [13/Apr/2017:12:23:30 -0300] "GET /cormun/servlet/solicitudgral?f914243d5362574ad6efd9c76683d293edd9acc3c41a6f3015e45500f56259710c0ecfb68d41566eb301e59ce0807ceded7bcdebe78613beddd7246d00185d0f83ed73d7d4c9ed9534990992c5d25e355e4cd989fcc696d5a3cb8283ea01cb9ece6e24f5ab6452fe896edaff706e12e8ca683cd2de5cd717fa71c95a900012f46269188754a476e2397ae4cfa789e00d4eca33bda7dcf6d7f1be5e90e8c4b9edb334918928a2bf466489f79d0880e7ba26545e08314939881ff5a5a89bce94a58e67fbf977d97dc2b969c1fd86b03805f847f8605b4b417a37d0cb4ef8d9eef667398e81e7f72ee3b0c0e0264bdc6a22878422daefb860e59141c4646cf370712b08bbe64cf30d77f852516a92005eeb5be982608bf24a5c90b7abbd2d56930c5ab34eeaa5f87ba524070b1898950feccb01b97421296ebb47eeedd996075f0aa5d1ca7eacc2da600b7a75c1d58a7257,gx-no-cache=1492100285259 HTTP/1.1" 200 257
192.168.10.89 - - [13/Apr/2017:12:23:35 -0300] "GET /cormun/servlet/solicitudgral?f914243d5362574ad6efd9c76683d293ef3de806d44ed47118c6f5951de9b3455865bedcbdf61903c9c240359c57d7f747416381f50c5c9f249c8c9d9a412c82e5dbc2d7d33e610bd60377cb4974f5fda313537fbd2f558fa63c8fdf598ce4df8a0959890d71f05274d828272377024c05cd16c05976f3f45bde61ada14b4bbf62f9360f8be25d7ac1128fe372722e2a928e33f97e06bd7fcd8c3557bae5e4c487b0dc23fd679ddb95f9e6bbdecec77fffc93e00286d322ae3afd930f185d757daa85c0c8436f63f31643633b53bfa39a6be82e6f5cecc68eeb8e8b184abf1675815605c49be9b45c2c75dd4b5d1ce0e96c678db364dc179baaace76f0e501b236479b5e4168270d13221887213d13da1630811d9cb1929d4d2ab9b750091b7f1ba1aaee13abc6e5bbe280252539ebd3a1bef0fa5fd03c67545e12c77b61e7aa1fdc78f94a6cb4a839e1baf98b18b6eb9ce484d355fe3528fff147a599c426a15a1fa4460ac15e617465dd7b6394835f8463685100373aab0cfed24499ca94d6f910c4c5d49e77638cf2dcfb92df746cba721afb57751ef71753520ac6f13466b3549dbf857ce557430f23f3ac0c46ac74ecffc312f0447d12a7273e123cf6591b18b7e59666bc9f9066f749000ec8e3f01dc6e730f50ac0f2a7f52fceeb2dc86e6e2e20d7cef2732eb5a2c9a7d00a6b719cc90017826a9a551f42d7c760fa67408e86cd155d15613f42f687b0fba636e553b773f63669f0fccec9774e31e6169ce7fd7c41b1a7fc9034c90a352c3c72,gx-no-cache=1492100290545 HTTP/1.1" 200 48
192.168.10.89 - - [13/Apr/2017:12:23:36 -0300] "POST /cormun/servlet/solicitudgral?fd1ab147bdf825a382306fb2efb915c7,UPD,2017,5970,,gx-no-cache=1492100290820 HTTP/1.1" 200 10608
192.168.10.89 - - [13/Apr/2017:12:23:36 -0300] "GET /cormun/servlet/solicitudgral?f914243d5362574ad6efd9c76683d2932fb7de04fbab3fe17c4f30438b057acf475157aa42f48f0658141b6c4c0189013bc53c2fd414d35b9bb8a281c3a91faf7f1bc73d01535c61f8e65ece7c05e024b0c316989bc9a720509507426770d409c74aa95f436c0d593ef98239f657b2a10f5c7e66fe4657851302fe377abeec4ca875b2215b468e6664947676b99a01a81a6b4d51e8837b2821ea6ad9b12e3560,gx-no-cache=1492100291443 HTTP/1.1" 200 29
