200.111.191.210 - - [12/Apr/2017:09:40:19 -0300] "GET /cormun/static/Shared/jqueryui/images/ui-bg_highlight-soft_100_c6c2c8_1x100.png HTTP/1.1" 404 1117
200.111.191.210 - - [12/Apr/2017:09:40:19 -0300] "GET /cormun/static/Shared/jqueryui/images/ui-icons_82798d_256x240.png HTTP/1.1" 404 1089
200.111.191.210 - - [12/Apr/2017:09:40:19 -0300] "GET /cormun/static/Shared/jqueryui/images/ui-bg_flat_55_fafafa_40x100.png HTTP/1.1" 404 1097
200.111.191.210 - - [12/Apr/2017:09:40:19 -0300] "GET /cormun/static/Shared/jqueryui/images/ui-icons_8d78a5_256x240.png HTTP/1.1" 404 1089
200.111.191.210 - - [12/Apr/2017:09:40:22 -0300] "GET /cormun/servlet/trlicencias? HTTP/1.1" 200 6596
200.111.191.210 - - [12/Apr/2017:09:40:23 -0300] "GET /cormun/servlet/trlicencias? HTTP/1.1" 200 6596
200.111.191.210 - - [12/Apr/2017:09:40:23 -0300] "GET /cormun/servlet/hlogin HTTP/1.1" 200 1737
186.103.159.204 - - [12/Apr/2017:09:40:34 -0300] "GET /cormun/static/menuarrow.gif HTTP/1.1" 404 1015
186.67.172.234 - - [12/Apr/2017:09:40:41 -0300] "POST /cormun/servlet/licenciaspermisosadjuntos?531458ee1febf93a6b243862e3006a94,INS,7705593,L,20170412000000,, HTTP/1.1" 200 116
186.67.172.234 - - [12/Apr/2017:09:40:41 -0300] "GET /cormun/servlet/hpexe_return? HTTP/1.1" 200 1045
186.67.172.234 - - [12/Apr/2017:09:40:41 -0300] "GET /cormun/servlet/trlicenciaspermisosadjuntos?7705593,20170412000000,L, HTTP/1.1" 200 6603
186.67.172.234 - - [12/Apr/2017:09:40:42 -0300] "GET /cormun/servlet/trlicenciaspermisosadjuntos?7705593,20170412000000,L, HTTP/1.1" 200 6600
186.103.159.230 - - [12/Apr/2017:09:40:42 -0300] "GET /cormun/servlet/licenciaspermisos?INS,0,,, HTTP/1.1" 200 7372
186.103.159.230 - - [12/Apr/2017:09:40:43 -0300] "GET /cormun/servlet/licenciaspermisos?INS,0,,, HTTP/1.1" 200 7372
186.67.172.234 - - [12/Apr/2017:09:40:46 -0300] "POST /cormun/servlet/trlicenciaspermisosadjuntos?531458ee1febf93a6b243862e3006a94,7705593,20170412000000,L,,gx-no-cache=1492000905775 HTTP/1.1" 200 90
186.67.172.234 - - [12/Apr/2017:09:40:46 -0300] "GET /cormun/servlet/hpexe_link HTTP/1.1" 200 987
186.67.172.234 - - [12/Apr/2017:09:40:46 -0300] "GET /cormun/servlet/trlicencias HTTP/1.1" 200 8120
186.103.159.230 - - [12/Apr/2017:09:40:46 -0300] "GET /cormun/servlet/prfichaempleado?,MD,,gxPopupLevel%3D0%3B HTTP/1.1" 200 8808
186.67.172.234 - - [12/Apr/2017:09:40:46 -0300] "GET /cormun/servlet/trlicencias HTTP/1.1" 200 8118
186.103.159.204 - - [12/Apr/2017:09:40:47 -0300] "GET /cormun/servlet/solicitudot?e1e319868f74f3449cca4ece6206fcca8aa61cfe50d756a0b134c50e9434b17acadab9a3011e963825a23d8f46ab49282198152e0470be0a42da54dd761780d0ce9b760a61416bb9b2ae8db0b9e1a997569c9ffe28b90cd2294d79379ef085f70ba97d2b16502ac88de353e4a5890c760974d45869cad6914860d20e05478bff1ebc8c48b963e8af43676f20123749d34af6bb34b216932845ac96021c503776fc41d075116fda0a23f5edcfb8578400,gx-no-cache=1492000911185 HTTP/1.1" 200 30
200.54.247.69 - - [12/Apr/2017:09:40:49 -0300] "GET /cormun/servlet/trpermisosadjuntos?15484604,20170412103352,P, HTTP/1.1" 200 6355
200.54.247.69 - - [12/Apr/2017:09:40:49 -0300] "GET /cormun/servlet/trpermisosadjuntos?15484604,20170412103352,P, HTTP/1.1" 200 6334
186.67.172.234 - - [12/Apr/2017:09:40:50 -0300] "GET /cormun/servlet/alicenciaprn?7705593,L,20170412000000,PU HTTP/1.1" 200 1551
200.54.247.69 - - [12/Apr/2017:09:40:51 -0300] "GET /cormun/servlet/permisosadjuntos?INS,15484604,P,20170412103352,, HTTP/1.1" 200 5662
200.54.247.69 - - [12/Apr/2017:09:40:51 -0300] "GET /cormun/static/about:blank HTTP/1.1" 404 1011
200.54.247.69 - - [12/Apr/2017:09:40:51 -0300] "GET /cormun/servlet/permisosadjuntos?INS,15484604,P,20170412103352,, HTTP/1.1" 200 5652
186.103.159.204 - - [12/Apr/2017:09:40:57 -0300] "POST /cormun/servlet/solicitudot?9d5fee0c192ca840509767dc8c782f45,INS,0,0,,gx-no-cache=1492000921180 HTTP/1.1" 200 93
186.103.159.204 - - [12/Apr/2017:09:40:57 -0300] "GET /cormun/servlet/hpexe_return? HTTP/1.1" 200 1004
186.103.159.204 - - [12/Apr/2017:09:40:57 -0300] "GET /cormun/static/gxcfg.js?2016101716175148 HTTP/1.1" 200 953
186.103.159.204 - - [12/Apr/2017:09:40:57 -0300] "GET /cormun/static/hpexe_return.js?2016101716175153 HTTP/1.1" 200 1633
186.103.159.204 - - [12/Apr/2017:09:40:57 -0300] "GET /cormun/static/Resources/Spanish/PXTools.css?167811 HTTP/1.1" 200 89042
186.103.159.204 - - [12/Apr/2017:09:40:57 -0300] "GET /cormun/servlet/trsolicitudot? HTTP/1.1" 200 8224
186.103.159.204 - - [12/Apr/2017:09:40:58 -0300] "GET /cormun/static/Resources/desc.gif HTTP/1.1" 200 65
186.103.159.204 - - [12/Apr/2017:09:40:58 -0300] "GET /cormun/static/Resources/asc.gif HTTP/1.1" 200 67
186.103.159.204 - - [12/Apr/2017:09:40:58 -0300] "GET /cormun/static/Resources/asc.gif HTTP/1.1" 200 67
186.103.159.204 - - [12/Apr/2017:09:40:58 -0300] "GET /cormun/static/Resources/asc.gif HTTP/1.1" 200 67
186.103.159.204 - - [12/Apr/2017:09:40:58 -0300] "GET /cormun/static/Resources/desc.gif HTTP/1.1" 200 65
186.103.159.204 - - [12/Apr/2017:09:40:58 -0300] "GET /cormun/servlet/trsolicitudot? HTTP/1.1" 200 8220
186.103.159.230 - - [12/Apr/2017:09:41:02 -0300] "POST /cormun/servlet/prfichaempleado?d20d10f0647adc158163ea6e303cca38,,MD,,gxPopupLevel%3D0%3B,gx-no-cache=1492000931927 HTTP/1.1" 200 3402
186.67.172.234 - - [12/Apr/2017:09:41:04 -0300] "POST /cormun/servlet/trlicencias?531458ee1febf93a6b243862e3006a94,gx-no-cache=1492000923831 HTTP/1.1" 200 5217
186.67.172.234 - - [12/Apr/2017:09:41:04 -0300] "GET /cormun/static/Shared/jqueryui/images/ui-bg_highlight-soft_100_c6c2c8_1x100.png HTTP/1.1" 404 1117
186.67.172.234 - - [12/Apr/2017:09:41:04 -0300] "GET /cormun/static/Shared/jqueryui/images/ui-icons_82798d_256x240.png HTTP/1.1" 404 1089
186.67.172.234 - - [12/Apr/2017:09:41:04 -0300] "GET /cormun/static/Shared/jqueryui/images/ui-icons_8d78a5_256x240.png HTTP/1.1" 404 1089
186.67.172.234 - - [12/Apr/2017:09:41:04 -0300] "GET /cormun/static/Shared/jqueryui/images/ui-bg_flat_55_fafafa_40x100.png HTTP/1.1" 404 1097
186.103.159.204 - - [12/Apr/2017:09:41:04 -0300] "GET /cormun/servlet/solicitudot?INS,0,0, HTTP/1.1" 200 12795
186.103.159.204 - - [12/Apr/2017:09:41:05 -0300] "GET /cormun/servlet/solicitudot?INS,0,0, HTTP/1.1" 200 12799
200.54.247.69 - - [12/Apr/2017:09:41:06 -0300] "POST /cormun/servlet/permisosadjuntos?b72da5ce66ae744f1f95219b14d972bc,INS,15484604,P,20170412103352,, HTTP/1.1" 200 116
200.54.247.69 - - [12/Apr/2017:09:41:06 -0300] "GET /cormun/servlet/hpexe_return? HTTP/1.1" 200 1038
200.54.247.69 - - [12/Apr/2017:09:41:08 -0300] "GET /cormun/servlet/trpermisosadjuntos?15484604,20170412103352,P, HTTP/1.1" 200 6785
186.103.159.230 - - [12/Apr/2017:09:41:08 -0300] "GET /cormun/servlet/licenciaspermisos?7f9ddbeeb62a8dbb0295a11ad3123af4ea5628f79d2c4db8274d4b8cfa32e2849f57cb6dfbdf678e8e970f0997848442,gx-no-cache=1492000937655 HTTP/1.1" 200 68
186.103.159.230 - - [12/Apr/2017:09:41:08 -0300] "POST /cormun/servlet/licenciaspermisos?d20d10f0647adc158163ea6e303cca38,INS,0,,,,gx-no-cache=1492000937689 HTTP/1.1" 200 4626
200.54.247.69 - - [12/Apr/2017:09:41:09 -0300] "GET /cormun/servlet/trpermisosadjuntos?15484604,20170412103352,P, HTTP/1.1" 200 6782
200.54.247.69 - - [12/Apr/2017:09:41:12 -0300] "POST /cormun/servlet/trpermisosadjuntos?b72da5ce66ae744f1f95219b14d972bc,15484604,20170412103352,P,,gx-no-cache=1492000937289 HTTP/1.1" 200 90
200.54.247.69 - - [12/Apr/2017:09:41:12 -0300] "GET /cormun/servlet/hpexe_link HTTP/1.1" 200 1004
200.54.247.69 - - [12/Apr/2017:09:41:12 -0300] "GET /cormun/servlet/trpermisosgoce?gx-no-cache=1492000731230 HTTP/1.1" 200 13718
200.54.247.69 - - [12/Apr/2017:09:41:13 -0300] "GET /cormun/servlet/trpermisosgoce?gx-no-cache=1492000731230 HTTP/1.1" 200 13739
186.103.159.204 - - [12/Apr/2017:09:41:15 -0300] "POST /cormun/servlet/solicitudot?gx-no-cache=1492000939452 HTTP/1.1" 200 3180
186.103.159.204 - - [12/Apr/2017:09:41:15 -0300] "POST /cormun/servlet/solicitudot?9d5fee0c192ca840509767dc8c782f45,INS,0,0,,gx-no-cache=1492000939662 HTTP/1.1" 200 9944
200.54.247.69 - - [12/Apr/2017:09:41:16 -0300] "POST /cormun/servlet/trpermisosgoce?b72da5ce66ae744f1f95219b14d972bc,gx-no-cache=1492000731230,gx-no-cache=1492000941629 HTTP/1.1" 200 10801
200.54.247.69 - - [12/Apr/2017:09:41:16 -0300] "GET /cormun/static/Shared/jqueryui/images/ui-bg_highlight-soft_100_c6c2c8_1x100.png HTTP/1.1" 404 1117
200.54.247.69 - - [12/Apr/2017:09:41:16 -0300] "GET /cormun/static/Shared/jqueryui/images/ui-icons_82798d_256x240.png HTTP/1.1" 404 1089
200.54.247.69 - - [12/Apr/2017:09:41:17 -0300] "GET /cormun/static/Shared/jqueryui/images/ui-icons_8d78a5_256x240.png HTTP/1.1" 404 1089
200.54.247.69 - - [12/Apr/2017:09:41:17 -0300] "GET /cormun/static/Shared/jqueryui/images/ui-bg_flat_55_fafafa_40x100.png HTTP/1.1" 404 1097
192.168.10.13 - - [12/Apr/2017:09:41:17 -0300] "GET / HTTP/1.1" 200 11217
186.103.159.204 - - [12/Apr/2017:09:41:21 -0300] "GET /cormun/servlet/solicitudot?e1e319868f74f3449cca4ece6206fcca680793a946429ce090b4d62ec907b41c6aecefc6dabbae0abbe0e4ab111c1f94,gx-no-cache=1492000945426 HTTP/1.1" 200 30
186.103.159.204 - - [12/Apr/2017:09:41:21 -0300] "POST /cormun/servlet/solicitudot?gx-no-cache=1492000945509 HTTP/1.1" 200 256
186.103.159.204 - - [12/Apr/2017:09:41:21 -0300] "GET /cormun/servlet/solicitudot?e1e319868f74f3449cca4ece6206fcca0e48d3259a4312ad2f535cac25fb74171aa81c2ae8411537cb2f34187e5e132f0054328de8415924cc90b32360bcf132fbc02ee159d7798e110bbe7347b8d46a1790a513cbe568d94f54119e0495d28be093be1b932a4b1c0b144067d1807bcf490c6bff8f7cd1abc2dd002d5173482c3dd5578c1da995e1543866a801958d39eff0c4182f9e8d67f1585fb363b0eeab5ccc7b482186674d407a363d8f89d07e1ad3a935b45a362480ea4823f87e6fb57993c459039320208af194bbe1bf770ee17bca79e2c84b7877782ffdad4eedd8129b3588396c7d296f9437d764acdd66b1518a85bdc831e6f9657e9fa4e69a57f80d389b2e1dd441cad8b8bb4457663fe543ab190169fd352efd1f8d96523a2a4fa6c5140f4e7ee3aa0e1c9cf3731b5ba967906b5be9d096c83d3fe8debc87efdc91ff0ff7cfb0c3e8f52735fa13bf224220192a7184af3676eda14a88f520438817d97e8f47a994b8a3fc5e7c54f59ec5310c30f2196c216207447052609a58,gx-no-cache=1492000945559 HTTP/1.1" 200 30
186.103.159.204 - - [12/Apr/2017:09:41:22 -0300] "POST /cormun/servlet/solicitudot?gx-no-cache=1492000946971 HTTP/1.1" 200 30
186.103.159.204 - - [12/Apr/2017:09:41:24 -0300] "POST /cormun/servlet/solicitudot?gx-no-cache=1492000948901 HTTP/1.1" 200 235
186.103.159.204 - - [12/Apr/2017:09:41:24 -0300] "POST /cormun/servlet/solicitudot?gx-no-cache=1492000949022 HTTP/1.1" 200 38
186.103.159.204 - - [12/Apr/2017:09:41:37 -0300] "GET /cormun/servlet/solicitudot?e1e319868f74f3449cca4ece6206fcca43b763692f3bd0419689fcbfee083416a3d40447995eed2d15428464aea7a69035f1dec2dd93170298eaa99113519b50cd4af3561320e3b0ce51cb98a89d96a97392b56a9042bd707c7459ef5c58c481c866c628670e7fae29cdfb50ce1691bf,gx-no-cache=1492000961648 HTTP/1.1" 200 29
186.103.159.204 - - [12/Apr/2017:09:41:37 -0300] "POST /cormun/servlet/solicitudot?gx-no-cache=1492000961682 HTTP/1.1" 200 669
186.103.159.204 - - [12/Apr/2017:09:41:38 -0300] "POST /cormun/servlet/solicitudot?gx-no-cache=1492000963003 HTTP/1.1" 200 1157
186.103.159.204 - - [12/Apr/2017:09:41:55 -0300] "GET /cormun/static/menuarrow.gif HTTP/1.1" 404 1015
186.67.172.234 - - [12/Apr/2017:09:41:57 -0300] "GET /cormun/servlet/licenciaspermisos?DSP,16807547,L,20170412000000, HTTP/1.1" 200 6773
186.67.172.234 - - [12/Apr/2017:09:41:57 -0300] "GET /cormun/servlet/licenciaspermisos?DSP,16807547,L,20170412000000, HTTP/1.1" 200 6773
186.103.159.204 - - [12/Apr/2017:09:42:11 -0300] "GET /cormun/servlet/solicitudot?e1e319868f74f3449cca4ece6206fccacb96858a75a1aad647c4a720b8d8a78ff68bd5ce2b340709bc417cc4b6ce3f952198152e0470be0a42da54dd761780d0ce9b760a61416bb9b2ae8db0b9e1a997569c9ffe28b90cd2294d79379ef085f70ba97d2b16502ac88de353e4a5890c760974d45869cad6914860d20e05478bff1ebc8c48b963e8af43676f20123749d34af6bb34b216932845ac96021c503776fc41d075116fda0a23f5edcfb8578400,gx-no-cache=1492000995852 HTTP/1.1" 200 30
192.168.10.13 - - [12/Apr/2017:09:42:17 -0300] "GET / HTTP/1.1" 200 11217
186.103.159.204 - - [12/Apr/2017:09:42:36 -0300] "POST /cormun/servlet/solicitudot?9d5fee0c192ca840509767dc8c782f45,INS,0,0,,gx-no-cache=1492001020674 HTTP/1.1" 200 93
186.103.159.204 - - [12/Apr/2017:09:42:36 -0300] "GET /cormun/servlet/hpexe_return? HTTP/1.1" 200 1004
186.103.159.204 - - [12/Apr/2017:09:42:37 -0300] "GET /cormun/servlet/trsolicitudot HTTP/1.1" 200 8585
186.103.159.204 - - [12/Apr/2017:09:42:37 -0300] "GET /cormun/static/Resources/desc.gif HTTP/1.1" 200 65
186.103.159.204 - - [12/Apr/2017:09:42:38 -0300] "GET /cormun/servlet/trsolicitudot HTTP/1.1" 200 8581
186.103.159.204 - - [12/Apr/2017:09:42:38 -0300] "GET /cormun/static/Resources/asc.gif HTTP/1.1" 200 67
186.103.159.204 - - [12/Apr/2017:09:42:43 -0300] "POST /cormun/servlet/trsolicitudot?9d5fee0c192ca840509767dc8c782f45,gx-no-cache=1492001027043 HTTP/1.1" 200 106
186.103.159.204 - - [12/Apr/2017:09:42:43 -0300] "GET /cormun/servlet/trsolicitudadjuntos?2017,6010, HTTP/1.1" 200 6091
186.103.159.204 - - [12/Apr/2017:09:42:43 -0300] "GET /cormun/static/gxcfg.js?201731711504543 HTTP/1.1" 200 953
186.103.159.204 - - [12/Apr/2017:09:42:43 -0300] "GET /cormun/static/trsolicitudadjuntos.js?201731711504951 HTTP/1.1" 200 17913
186.103.159.204 - - [12/Apr/2017:09:42:44 -0300] "GET /cormun/servlet/trsolicitudadjuntos?2017,6010, HTTP/1.1" 200 6091
186.103.159.204 - - [12/Apr/2017:09:42:46 -0300] "GET /cormun/servlet/solicitudotadjuntos?INS,2017,6010,,1, HTTP/1.1" 200 6032
186.103.159.204 - - [12/Apr/2017:09:42:46 -0300] "GET /cormun/static/gxcfg.js?201612218465951 HTTP/1.1" 200 953
186.103.159.204 - - [12/Apr/2017:09:42:46 -0300] "GET /cormun/static/solicitudotadjuntos.js?201612218465969 HTTP/1.1" 200 11762
186.103.159.204 - - [12/Apr/2017:09:42:46 -0300] "GET /cormun/static/about:blank HTTP/1.1" 404 1011
186.103.159.204 - - [12/Apr/2017:09:42:47 -0300] "GET /cormun/servlet/solicitudotadjuntos?INS,2017,6010,,1, HTTP/1.1" 200 6026
186.103.159.204 - - [12/Apr/2017:09:42:47 -0300] "GET /cormun/servlet/solicitudotadjuntos?e1e319868f74f3449cca4ece6206fcca6295de33d182bac78d8b6cf959342d0ce446693a20b0a347f8456e04a9eb76d2,gx-no-cache=1492001031817 HTTP/1.1" 200 30
186.103.159.204 - - [12/Apr/2017:09:42:47 -0300] "POST /cormun/servlet/solicitudotadjuntos?9d5fee0c192ca840509767dc8c782f45,INS,2017,6010,,1,,gx-no-cache=1492001031863 HTTP/1.1" 200 3829
186.103.159.204 - - [12/Apr/2017:09:42:49 -0300] "POST /cormun/servlet/solicitudotadjuntos?gx-no-cache=1492001033680 HTTP/1.1" 200 26
200.54.247.69 - - [12/Apr/2017:09:42:57 -0300] "GET /cormun/servlet/permisogoce?INS,0,,, HTTP/1.1" 200 6815
200.54.247.69 - - [12/Apr/2017:09:42:58 -0300] "GET /cormun/servlet/permisogoce?INS,0,,, HTTP/1.1" 200 6792
200.54.247.69 - - [12/Apr/2017:09:43:01 -0300] "GET /cormun/servlet/prfichaempleado?,MD,,gxPopupLevel%3D0%3B HTTP/1.1" 200 8863
200.54.247.69 - - [12/Apr/2017:09:43:06 -0300] "POST /cormun/servlet/prfichaempleado?b72da5ce66ae744f1f95219b14d972bc,,MD,,gxPopupLevel%3D0%3B,gx-no-cache=1492001051523 HTTP/1.1" 200 3726
200.54.247.69 - - [12/Apr/2017:09:43:09 -0300] "GET /cormun/servlet/permisogoce?775a877d3e5f2e12b7739a5f38203e67dc5b90034a683acbf197aea47b37f28667eb4ba3f3afeba101da40defb439c9a,gx-no-cache=1492001054308 HTTP/1.1" 200 73
192.168.10.13 - - [12/Apr/2017:09:43:17 -0300] "GET / HTTP/1.1" 200 11217
200.54.247.69 - - [12/Apr/2017:09:43:18 -0300] "GET /cormun/servlet/permisogoce?775a877d3e5f2e12b7739a5f38203e677df8a3ad2d1cb05e5eecff239ea77673c6afe378b9a6cba3f4bc8f24e0da969fddb22e325ccbc65c919b0e084d34ca18,gx-no-cache=1492001063169 HTTP/1.1" 200 47
200.54.247.69 - - [12/Apr/2017:09:43:23 -0300] "POST /cormun/servlet/permisogoce?b72da5ce66ae744f1f95219b14d972bc,INS,0,,,,gx-no-cache=1492001067888 HTTP/1.1" 200 93
200.54.247.69 - - [12/Apr/2017:09:43:23 -0300] "GET /cormun/servlet/hpexe_return? HTTP/1.1" 200 1030
200.54.247.69 - - [12/Apr/2017:09:43:23 -0300] "GET /cormun/servlet/trpermisosgoce?gx-no-cache=1492000731230 HTTP/1.1" 200 13719
200.54.247.69 - - [12/Apr/2017:09:43:24 -0300] "GET /cormun/servlet/trpermisosgoce?gx-no-cache=1492000731230 HTTP/1.1" 200 13735
200.54.247.69 - - [12/Apr/2017:09:43:32 -0300] "GET /cormun/servlet/trpermisosadjuntos?15484604,20170412103757,P, HTTP/1.1" 200 6356
200.54.247.69 - - [12/Apr/2017:09:43:32 -0300] "GET /cormun/servlet/trpermisosadjuntos?15484604,20170412103757,P, HTTP/1.1" 200 6336
200.54.247.69 - - [12/Apr/2017:09:43:34 -0300] "GET /cormun/servlet/permisosadjuntos?INS,15484604,P,20170412103757,, HTTP/1.1" 200 5664
200.54.247.69 - - [12/Apr/2017:09:43:34 -0300] "GET /cormun/static/about:blank HTTP/1.1" 404 1011
200.54.247.69 - - [12/Apr/2017:09:43:34 -0300] "GET /cormun/servlet/permisosadjuntos?INS,15484604,P,20170412103757,, HTTP/1.1" 200 5654
186.103.159.204 - - [12/Apr/2017:09:43:38 -0300] "GET /cormun/servlet/solicitudotadjuntos?e1e319868f74f3449cca4ece6206fcca465c39b8c7456e245ff56683f9e98fb6,gx-no-cache=1492001082579 HTTP/1.1" 200 30
186.103.159.204 - - [12/Apr/2017:09:43:38 -0300] "GET /cormun/servlet/solicitudotadjuntos?e1e319868f74f3449cca4ece6206fcca465c39b8c7456e245ff56683f9e98fb6,gx-no-cache=1492001082660 HTTP/1.1" 200 30
186.103.159.204 - - [12/Apr/2017:09:43:39 -0300] "POST /cormun/servlet/solicitudotadjuntos?9d5fee0c192ca840509767dc8c782f45,INS,2017,6010,,1, HTTP/1.1" 200 116
186.103.159.204 - - [12/Apr/2017:09:43:39 -0300] "GET /cormun/servlet/hpexe_return? HTTP/1.1" 200 1023
186.103.159.204 - - [12/Apr/2017:09:43:40 -0300] "GET /cormun/servlet/trsolicitudadjuntos?2017,6010, HTTP/1.1" 200 8258
186.103.159.204 - - [12/Apr/2017:09:43:41 -0300] "GET /cormun/static/Resources/asc.gif HTTP/1.1" 200 67
186.103.159.204 - - [12/Apr/2017:09:43:41 -0300] "GET /cormun/static/Resources/asc.gif HTTP/1.1" 200 67
186.103.159.204 - - [12/Apr/2017:09:43:41 -0300] "GET /cormun/static/Resources/desc.gif HTTP/1.1" 200 65
186.103.159.204 - - [12/Apr/2017:09:43:41 -0300] "GET /cormun/servlet/trsolicitudadjuntos?2017,6010, HTTP/1.1" 200 8255
186.103.159.230 - - [12/Apr/2017:09:43:53 -0300] "GET /cormun/servlet/licenciaspermisos?7f9ddbeeb62a8dbb0295a11ad3123af4b8d257ca9b6cdc574bc7cfc82a9c5dd35b65c93cbee29ef867e9c790362d80d2cfaf3e75c50fa481426649727bd6d0e8689da41f96155202a0eba779b5d65c0438bccf3861c8e85ff7bcde8cfffe6d4b6ed03c273ecc875e73274c402b417ad2415644b35a07e34bb1771d3eb759319cd67e17715b612bf62a6fe134fd79551fce46c409c748a6032bae4ef6551e759f003ee2033f9bf61b3ddf169c14bc6d516bba5d02fe5f7986ac852f3b58d91cc8142d95f7d684e5362d6c0663f05713b99d573a0998b53c093ca038c05e6f56b9,gx-no-cache=1492001103016 HTTP/1.1" 200 30
186.103.159.230 - - [12/Apr/2017:09:43:54 -0300] "POST /cormun/servlet/licenciaspermisos?d20d10f0647adc158163ea6e303cca38,INS,0,,,,gx-no-cache=1492001103331 HTTP/1.1" 200 4721
200.54.247.69 - - [12/Apr/2017:09:43:54 -0300] "POST /cormun/servlet/permisosadjuntos?b72da5ce66ae744f1f95219b14d972bc,INS,15484604,P,20170412103757,, HTTP/1.1" 200 116
200.54.247.69 - - [12/Apr/2017:09:43:54 -0300] "GET /cormun/servlet/hpexe_return? HTTP/1.1" 200 1038
186.103.159.230 - - [12/Apr/2017:09:43:55 -0300] "GET /cormun/servlet/licenciaspermisos?7f9ddbeeb62a8dbb0295a11ad3123af4ea5628f79d2c4db8274d4b8cfa32e2847e3cca1dd62d5f6f2cecb6ba0b33700bc94978c9fe4538e60fe9f928d859d96adcbeafa61462f2639a9ec3bf8095077e,gx-no-cache=1492001104222 HTTP/1.1" 200 68
186.103.159.230 - - [12/Apr/2017:09:43:55 -0300] "POST /cormun/servlet/licenciaspermisos?d20d10f0647adc158163ea6e303cca38,INS,0,,,,gx-no-cache=1492001104556 HTTP/1.1" 200 4721
200.54.247.69 - - [12/Apr/2017:09:43:55 -0300] "GET /cormun/servlet/trpermisosadjuntos?15484604,20170412103757,P, HTTP/1.1" 200 6791
200.54.247.69 - - [12/Apr/2017:09:43:56 -0300] "GET /cormun/servlet/trpermisosadjuntos?15484604,20170412103757,P, HTTP/1.1" 200 6788
200.54.247.69 - - [12/Apr/2017:09:44:00 -0300] "POST /cormun/servlet/trpermisosadjuntos?b72da5ce66ae744f1f95219b14d972bc,15484604,20170412103757,P,,gx-no-cache=1492001105432 HTTP/1.1" 200 90
200.54.247.69 - - [12/Apr/2017:09:44:00 -0300] "GET /cormun/servlet/hpexe_link HTTP/1.1" 200 1005
200.54.247.69 - - [12/Apr/2017:09:44:00 -0300] "GET /cormun/servlet/trpermisosgoce?gx-no-cache=1492000731230 HTTP/1.1" 200 13716
200.54.247.69 - - [12/Apr/2017:09:44:01 -0300] "GET /cormun/servlet/trpermisosgoce?gx-no-cache=1492000731230 HTTP/1.1" 200 13735
200.54.247.69 - - [12/Apr/2017:09:44:04 -0300] "POST /cormun/servlet/trpermisosgoce?b72da5ce66ae744f1f95219b14d972bc,gx-no-cache=1492000731230,gx-no-cache=1492001109458 HTTP/1.1" 200 10801
200.54.247.69 - - [12/Apr/2017:09:44:04 -0300] "GET /cormun/static/Shared/jqueryui/images/ui-bg_highlight-soft_100_c6c2c8_1x100.png HTTP/1.1" 404 1117
200.54.247.69 - - [12/Apr/2017:09:44:04 -0300] "GET /cormun/static/Shared/jqueryui/images/ui-icons_82798d_256x240.png HTTP/1.1" 404 1089
200.54.247.69 - - [12/Apr/2017:09:44:04 -0300] "GET /cormun/static/Shared/jqueryui/images/ui-icons_8d78a5_256x240.png HTTP/1.1" 404 1089
200.54.247.69 - - [12/Apr/2017:09:44:04 -0300] "GET /cormun/static/Shared/jqueryui/images/ui-bg_flat_55_fafafa_40x100.png HTTP/1.1" 404 1097
186.103.159.230 - - [12/Apr/2017:09:44:16 -0300] "GET /cormun/servlet/prfichaempleado?,MD,,gxPopupLevel%3D0%3B HTTP/1.1" 200 8808
192.168.10.13 - - [12/Apr/2017:09:44:17 -0300] "GET / HTTP/1.1" 200 11217
200.54.247.69 - - [12/Apr/2017:09:44:26 -0300] "POST /cormun/servlet/trpermisosgoce?b72da5ce66ae744f1f95219b14d972bc,gx-no-cache=1492000731230,gx-no-cache=1492001131767 HTTP/1.1" 200 5260
186.103.159.230 - - [12/Apr/2017:09:44:36 -0300] "GET /cormun/servlet/prfichaempleado?,MD,,gxPopupLevel%3D0%3B HTTP/1.1" 200 8808
200.54.247.69 - - [12/Apr/2017:09:44:38 -0300] "POST /cormun/servlet/trpermisosgoce?b72da5ce66ae744f1f95219b14d972bc,gx-no-cache=1492000731230,gx-no-cache=1492001143944 HTTP/1.1" 200 5236
200.54.247.69 - - [12/Apr/2017:09:44:40 -0300] "POST /cormun/servlet/trpermisosgoce?b72da5ce66ae744f1f95219b14d972bc,gx-no-cache=1492000731230,gx-no-cache=1492001145623 HTTP/1.1" 200 5236
200.54.247.69 - - [12/Apr/2017:09:44:41 -0300] "POST /cormun/servlet/trpermisosgoce?b72da5ce66ae744f1f95219b14d972bc,gx-no-cache=1492000731230,gx-no-cache=1492001146494 HTTP/1.1" 200 5236
200.54.247.69 - - [12/Apr/2017:09:44:45 -0300] "POST /cormun/servlet/trpermisosgoce?b72da5ce66ae744f1f95219b14d972bc,gx-no-cache=1492000731230,gx-no-cache=1492001150485 HTTP/1.1" 200 5260
186.103.159.230 - - [12/Apr/2017:09:44:46 -0300] "GET /cormun/servlet/licenciaspermisos?7f9ddbeeb62a8dbb0295a11ad3123af4b8ae6175fd4b12edcff2948d3128ff016898f90548a30574cfad560cf33d956bd1b76e4a10890316e5b93ece3307ce5436a78450c73d480dae92e9b7235ba390bcd669e6809cc9c2b57f5fe5750b0a0a51cdff7600b4bae5fdc61ef58a11290bd62da6575c48a12c3829bcff0ee2e4da2fe966237efb05570177e715f26d02f7a58b9f952c55f97c6ed1a920ecb510464b8ad935c0d4a5a4f3595d1952d3c1bc9262eeb9e0c0fe3ae4f2cc58b2f55cdb67be77f81846089f1b40eea0cbdc0b348132a12dc4c15f2df9e1162c84dc6c227b3d8a546e8fc8a62d5f1c5c2742ead0,gx-no-cache=1492001155191 HTTP/1.1" 200 52
186.103.159.230 - - [12/Apr/2017:09:44:46 -0300] "POST /cormun/servlet/licenciaspermisos?d20d10f0647adc158163ea6e303cca38,INS,0,,,,gx-no-cache=1492001155532 HTTP/1.1" 200 93
186.103.159.230 - - [12/Apr/2017:09:44:46 -0300] "GET /cormun/servlet/hpexe_return? HTTP/1.1" 200 1013
186.103.159.230 - - [12/Apr/2017:09:44:46 -0300] "GET /cormun/servlet/trlicencias HTTP/1.1" 200 8023
186.103.159.230 - - [12/Apr/2017:09:44:47 -0300] "GET /cormun//static/Resources/PXToolsHeaderHelp.png HTTP/1.1" 200 4055
186.103.159.230 - - [12/Apr/2017:09:44:47 -0300] "GET /cormun//static/Resources/PXToolsHeaderFavorites.png HTTP/1.1" 200 2744
186.103.159.230 - - [12/Apr/2017:09:44:47 -0300] "GET /cormun//static/Resources/PXToolsGridUpdate.png HTTP/1.1" 200 2984
186.103.159.230 - - [12/Apr/2017:09:44:47 -0300] "GET /cormun//static/Resources/PXToolsGridDelete.png HTTP/1.1" 200 357
186.103.159.230 - - [12/Apr/2017:09:44:47 -0300] "GET /cormun//static/Resources/PXTools/ActionInsert.png HTTP/1.1" 200 1482
186.103.159.230 - - [12/Apr/2017:09:44:47 -0300] "GET /cormun//static/Resources/PXToolsGridDisplay.png HTTP/1.1" 200 362
186.103.159.230 - - [12/Apr/2017:09:44:47 -0300] "GET /cormun//static/Resources/PXToolsActionPrint.png HTTP/1.1" 200 3317
186.103.159.230 - - [12/Apr/2017:09:44:47 -0300] "GET /cormun/servlet/trlicencias HTTP/1.1" 200 8019
200.54.247.69 - - [12/Apr/2017:09:44:51 -0300] "POST /cormun/servlet/trpermisosgoce?b72da5ce66ae744f1f95219b14d972bc,gx-no-cache=1492000731230,gx-no-cache=1492001156149 HTTP/1.1" 200 10791
186.103.159.230 - - [12/Apr/2017:09:44:56 -0300] "GET /cormun/servlet/trlicenciaspermisosadjuntos?7122287,20170412000000,L, HTTP/1.1" 200 6325
186.103.159.230 - - [12/Apr/2017:09:44:56 -0300] "GET /cormun/static/gxcfg.js?20173171154619 HTTP/1.1" 200 953
186.103.159.230 - - [12/Apr/2017:09:44:56 -0300] "GET /cormun/static/trlicenciaspermisosadjuntos.js?20173171154971 HTTP/1.1" 200 21005
186.103.159.230 - - [12/Apr/2017:09:44:56 -0300] "GET /cormun/servlet/trlicenciaspermisosadjuntos?7122287,20170412000000,L, HTTP/1.1" 200 6325
186.103.159.230 - - [12/Apr/2017:09:45:01 -0300] "GET /cormun/servlet/licenciaspermisosadjuntos?INS,7122287,L,20170412000000,, HTTP/1.1" 200 5623
186.103.159.230 - - [12/Apr/2017:09:45:01 -0300] "GET /cormun/static/gxcfg.js?201731711421170 HTTP/1.1" 200 953
186.103.159.230 - - [12/Apr/2017:09:45:01 -0300] "GET /cormun/static/licenciaspermisosadjuntos.js?201731711421181 HTTP/1.1" 200 8757
186.103.159.230 - - [12/Apr/2017:09:45:01 -0300] "GET /cormun/static/about:blank HTTP/1.1" 404 1011
186.103.159.230 - - [12/Apr/2017:09:45:01 -0300] "GET /cormun/servlet/licenciaspermisosadjuntos?INS,7122287,L,20170412000000,, HTTP/1.1" 200 5612
186.103.159.204 - - [12/Apr/2017:09:45:05 -0300] "GET /cormun/servlet/solicitudotadjuntos?INS,2017,6010,,1, HTTP/1.1" 200 6031
186.103.159.204 - - [12/Apr/2017:09:45:05 -0300] "GET /cormun/static/about:blank HTTP/1.1" 404 1011
186.103.159.204 - - [12/Apr/2017:09:45:06 -0300] "GET /cormun/servlet/solicitudotadjuntos?INS,2017,6010,,1, HTTP/1.1" 200 6025
186.103.159.204 - - [12/Apr/2017:09:45:06 -0300] "GET /cormun/servlet/solicitudotadjuntos?e1e319868f74f3449cca4ece6206fcca6295de33d182bac78d8b6cf959342d0ce446693a20b0a347f8456e04a9eb76d2,gx-no-cache=1492001170903 HTTP/1.1" 200 30
186.103.159.204 - - [12/Apr/2017:09:45:06 -0300] "POST /cormun/servlet/solicitudotadjuntos?9d5fee0c192ca840509767dc8c782f45,INS,2017,6010,,1,,gx-no-cache=1492001170948 HTTP/1.1" 200 3829
186.103.159.204 - - [12/Apr/2017:09:45:09 -0300] "POST /cormun/servlet/solicitudotadjuntos?gx-no-cache=1492001173649 HTTP/1.1" 200 26
192.168.10.13 - - [12/Apr/2017:09:45:17 -0300] "GET / HTTP/1.1" 200 11217
186.103.159.204 - - [12/Apr/2017:09:45:17 -0300] "GET /cormun/servlet/solicitudotadjuntos?e1e319868f74f3449cca4ece6206fcca465c39b8c7456e245ff56683f9e98fb6,gx-no-cache=1492001181792 HTTP/1.1" 200 30
186.103.159.204 - - [12/Apr/2017:09:45:17 -0300] "GET /cormun/servlet/solicitudotadjuntos?e1e319868f74f3449cca4ece6206fcca465c39b8c7456e245ff56683f9e98fb6,gx-no-cache=1492001181813 HTTP/1.1" 200 30
186.103.159.204 - - [12/Apr/2017:09:45:19 -0300] "POST /cormun/servlet/solicitudotadjuntos?9d5fee0c192ca840509767dc8c782f45,INS,2017,6010,,1, HTTP/1.1" 200 116
186.103.159.204 - - [12/Apr/2017:09:45:19 -0300] "GET /cormun/servlet/hpexe_return? HTTP/1.1" 200 1023
186.103.159.204 - - [12/Apr/2017:09:45:19 -0300] "GET /cormun/servlet/trsolicitudadjuntos?2017,6010, HTTP/1.1" 200 8431
186.103.159.204 - - [12/Apr/2017:09:45:20 -0300] "GET /cormun/servlet/trsolicitudadjuntos?2017,6010, HTTP/1.1" 200 8429
186.103.159.204 - - [12/Apr/2017:09:45:22 -0300] "GET /cormun/servlet/solicitudotadjuntos?INS,2017,6010,,1, HTTP/1.1" 200 6031
186.103.159.204 - - [12/Apr/2017:09:45:22 -0300] "GET /cormun/static/about:blank HTTP/1.1" 404 1011
186.103.159.204 - - [12/Apr/2017:09:45:23 -0300] "GET /cormun/servlet/solicitudotadjuntos?INS,2017,6010,,1, HTTP/1.1" 200 6025
186.103.159.204 - - [12/Apr/2017:09:45:24 -0300] "GET /cormun/servlet/solicitudotadjuntos?e1e319868f74f3449cca4ece6206fcca6295de33d182bac78d8b6cf959342d0ce446693a20b0a347f8456e04a9eb76d2,gx-no-cache=1492001188182 HTTP/1.1" 200 30
186.103.159.204 - - [12/Apr/2017:09:45:24 -0300] "POST /cormun/servlet/solicitudotadjuntos?9d5fee0c192ca840509767dc8c782f45,INS,2017,6010,,1,,gx-no-cache=1492001188219 HTTP/1.1" 200 3829
186.103.159.204 - - [12/Apr/2017:09:45:24 -0300] "GET /cormun/static/about:blank HTTP/1.1" 404 1011
186.103.159.204 - - [12/Apr/2017:09:45:26 -0300] "POST /cormun/servlet/solicitudotadjuntos?gx-no-cache=1492001190853 HTTP/1.1" 200 26
186.103.159.230 - - [12/Apr/2017:09:45:33 -0300] "POST /cormun/servlet/licenciaspermisosadjuntos?d20d10f0647adc158163ea6e303cca38,INS,7122287,L,20170412000000,, HTTP/1.1" 200 116
186.103.159.230 - - [12/Apr/2017:09:45:33 -0300] "GET /cormun/servlet/hpexe_return? HTTP/1.1" 200 1042
186.103.159.230 - - [12/Apr/2017:09:45:34 -0300] "GET /cormun/servlet/trlicenciaspermisosadjuntos?7122287,20170412000000,L, HTTP/1.1" 200 6814
186.103.159.230 - - [12/Apr/2017:09:45:34 -0300] "GET /cormun/servlet/trlicenciaspermisosadjuntos?7122287,20170412000000,L, HTTP/1.1" 200 6810
186.103.159.204 - - [12/Apr/2017:09:45:38 -0300] "GET /cormun/servlet/solicitudotadjuntos?e1e319868f74f3449cca4ece6206fcca465c39b8c7456e245ff56683f9e98fb6,gx-no-cache=1492001202082 HTTP/1.1" 200 30
186.103.159.204 - - [12/Apr/2017:09:45:38 -0300] "GET /cormun/servlet/solicitudotadjuntos?e1e319868f74f3449cca4ece6206fcca465c39b8c7456e245ff56683f9e98fb6,gx-no-cache=1492001202102 HTTP/1.1" 200 30
186.103.159.204 - - [12/Apr/2017:09:45:38 -0300] "POST /cormun/servlet/solicitudotadjuntos?9d5fee0c192ca840509767dc8c782f45,INS,2017,6010,,1, HTTP/1.1" 200 116
186.103.159.204 - - [12/Apr/2017:09:45:38 -0300] "GET /cormun/servlet/hpexe_return? HTTP/1.1" 200 1023
186.103.159.204 - - [12/Apr/2017:09:45:38 -0300] "GET /cormun/servlet/trsolicitudadjuntos?2017,6010, HTTP/1.1" 200 8585
186.103.159.204 - - [12/Apr/2017:09:45:40 -0300] "GET /cormun/servlet/trsolicitudadjuntos?2017,6010, HTTP/1.1" 200 8583
186.103.159.204 - - [12/Apr/2017:09:45:41 -0300] "GET /cormun/servlet/solicitudotadjuntos?INS,2017,6010,,1, HTTP/1.1" 200 6030
186.103.159.204 - - [12/Apr/2017:09:45:41 -0300] "GET /cormun/static/about:blank HTTP/1.1" 404 1011
186.103.159.204 - - [12/Apr/2017:09:45:42 -0300] "GET /cormun/servlet/solicitudotadjuntos?INS,2017,6010,,1, HTTP/1.1" 200 6024
186.103.159.204 - - [12/Apr/2017:09:45:43 -0300] "GET /cormun/servlet/solicitudotadjuntos?e1e319868f74f3449cca4ece6206fcca6295de33d182bac78d8b6cf959342d0ce446693a20b0a347f8456e04a9eb76d2,gx-no-cache=1492001207164 HTTP/1.1" 200 30
186.103.159.204 - - [12/Apr/2017:09:45:43 -0300] "POST /cormun/servlet/solicitudotadjuntos?9d5fee0c192ca840509767dc8c782f45,INS,2017,6010,,1,,gx-no-cache=1492001207205 HTTP/1.1" 200 3828
186.103.159.204 - - [12/Apr/2017:09:45:43 -0300] "GET /cormun/static/about:blank HTTP/1.1" 404 1011
186.103.159.230 - - [12/Apr/2017:09:45:43 -0300] "GET /cormun/servlet/trlicencias? HTTP/1.1" 200 8020
186.103.159.230 - - [12/Apr/2017:09:45:44 -0300] "GET /cormun/servlet/trlicencias? HTTP/1.1" 200 8019
186.103.159.204 - - [12/Apr/2017:09:45:49 -0300] "POST /cormun/servlet/solicitudotadjuntos?gx-no-cache=1492001210343 HTTP/1.1" 200 26
186.103.159.230 - - [12/Apr/2017:09:45:50 -0300] "POST /cormun/servlet/trlicencias?d20d10f0647adc158163ea6e303cca38,,gx-no-cache=1492001219836 HTTP/1.1" 200 4265
186.103.159.230 - - [12/Apr/2017:09:45:50 -0300] "GET /cormun/static/Shared/jqueryui/images/ui-bg_highlight-soft_100_c6c2c8_1x100.png HTTP/1.1" 404 1117
186.103.159.230 - - [12/Apr/2017:09:45:50 -0300] "GET /cormun/static/Shared/jqueryui/images/ui-icons_82798d_256x240.png HTTP/1.1" 404 1089
186.103.159.230 - - [12/Apr/2017:09:45:50 -0300] "GET /cormun/static/Shared/jqueryui/images/ui-bg_flat_55_fafafa_40x100.png HTTP/1.1" 404 1097
186.103.159.230 - - [12/Apr/2017:09:45:50 -0300] "GET /cormun/static/Shared/jqueryui/images/ui-icons_8d78a5_256x240.png HTTP/1.1" 404 1089
186.103.159.204 - - [12/Apr/2017:09:45:55 -0300] "GET /cormun/servlet/solicitudotadjuntos?e1e319868f74f3449cca4ece6206fcca465c39b8c7456e245ff56683f9e98fb6,gx-no-cache=1492001220031 HTTP/1.1" 200 30
186.103.159.204 - - [12/Apr/2017:09:45:56 -0300] "GET /cormun/servlet/solicitudotadjuntos?e1e319868f74f3449cca4ece6206fcca465c39b8c7456e245ff56683f9e98fb6,gx-no-cache=1492001220052 HTTP/1.1" 200 30
186.103.159.204 - - [12/Apr/2017:09:45:56 -0300] "POST /cormun/servlet/solicitudotadjuntos?9d5fee0c192ca840509767dc8c782f45,INS,2017,6010,,1, HTTP/1.1" 200 116
186.103.159.204 - - [12/Apr/2017:09:45:56 -0300] "GET /cormun/servlet/hpexe_return? HTTP/1.1" 200 1023
186.103.159.204 - - [12/Apr/2017:09:45:57 -0300] "GET /cormun/servlet/trsolicitudadjuntos?2017,6010, HTTP/1.1" 200 8710
186.103.159.230 - - [12/Apr/2017:09:45:57 -0300] "GET /cormun/static/Shared/jqueryui/images/ui-bg_highlight-soft_100_eae6ea_1x100.png HTTP/1.1" 404 1117
186.103.159.204 - - [12/Apr/2017:09:45:58 -0300] "GET /cormun/servlet/trsolicitudadjuntos?2017,6010, HTTP/1.1" 200 8708
186.103.159.204 - - [12/Apr/2017:09:46:01 -0300] "GET /cormun/servlet/solicitudotadjuntos?INS,2017,6010,,1, HTTP/1.1" 200 6030
186.103.159.204 - - [12/Apr/2017:09:46:01 -0300] "GET /cormun/static/about:blank HTTP/1.1" 404 1011
186.103.159.204 - - [12/Apr/2017:09:46:02 -0300] "GET /cormun/servlet/solicitudotadjuntos?INS,2017,6010,,1, HTTP/1.1" 200 6024
186.103.159.204 - - [12/Apr/2017:09:46:02 -0300] "GET /cormun/servlet/solicitudotadjuntos?e1e319868f74f3449cca4ece6206fcca6295de33d182bac78d8b6cf959342d0ce446693a20b0a347f8456e04a9eb76d2,gx-no-cache=1492001227005 HTTP/1.1" 200 30
186.103.159.204 - - [12/Apr/2017:09:46:03 -0300] "POST /cormun/servlet/solicitudotadjuntos?9d5fee0c192ca840509767dc8c782f45,INS,2017,6010,,1,,gx-no-cache=1492001227038 HTTP/1.1" 200 3828
186.103.159.204 - - [12/Apr/2017:09:46:06 -0300] "POST /cormun/servlet/solicitudotadjuntos?gx-no-cache=1492001230350 HTTP/1.1" 200 26
186.103.159.204 - - [12/Apr/2017:09:46:12 -0300] "GET /cormun/servlet/solicitudotadjuntos?e1e319868f74f3449cca4ece6206fcca465c39b8c7456e245ff56683f9e98fb6,gx-no-cache=1492001236181 HTTP/1.1" 200 30
186.103.159.204 - - [12/Apr/2017:09:46:12 -0300] "GET /cormun/servlet/solicitudotadjuntos?e1e319868f74f3449cca4ece6206fcca465c39b8c7456e245ff56683f9e98fb6,gx-no-cache=1492001236203 HTTP/1.1" 200 30
186.103.159.204 - - [12/Apr/2017:09:46:13 -0300] "POST /cormun/servlet/solicitudotadjuntos?9d5fee0c192ca840509767dc8c782f45,INS,2017,6010,,1, HTTP/1.1" 200 116
186.103.159.204 - - [12/Apr/2017:09:46:13 -0300] "GET /cormun/servlet/hpexe_return? HTTP/1.1" 200 1023
186.103.159.204 - - [12/Apr/2017:09:46:14 -0300] "GET /cormun/servlet/trsolicitudadjuntos?2017,6010, HTTP/1.1" 200 8903
186.103.159.204 - - [12/Apr/2017:09:46:15 -0300] "GET /cormun/servlet/trsolicitudadjuntos?2017,6010, HTTP/1.1" 200 8904
186.103.159.204 - - [12/Apr/2017:09:46:17 -0300] "GET /cormun/servlet/solicitudotadjuntos?INS,2017,6010,,1, HTTP/1.1" 200 6030
192.168.10.13 - - [12/Apr/2017:09:46:17 -0300] "GET / HTTP/1.1" 200 11217
186.103.159.204 - - [12/Apr/2017:09:46:17 -0300] "GET /cormun/static/about:blank HTTP/1.1" 404 1011
186.103.159.204 - - [12/Apr/2017:09:46:18 -0300] "GET /cormun/servlet/solicitudotadjuntos?INS,2017,6010,,1, HTTP/1.1" 200 6024
186.103.159.204 - - [12/Apr/2017:09:46:18 -0300] "GET /cormun/servlet/solicitudotadjuntos?e1e319868f74f3449cca4ece6206fcca6295de33d182bac78d8b6cf959342d0ce446693a20b0a347f8456e04a9eb76d2,gx-no-cache=1492001242768 HTTP/1.1" 200 30
186.103.159.204 - - [12/Apr/2017:09:46:18 -0300] "POST /cormun/servlet/solicitudotadjuntos?9d5fee0c192ca840509767dc8c782f45,INS,2017,6010,,1,,gx-no-cache=1492001242813 HTTP/1.1" 200 3828
186.103.159.204 - - [12/Apr/2017:09:46:18 -0300] "GET /cormun/static/about:blank HTTP/1.1" 404 1011
186.103.159.204 - - [12/Apr/2017:09:46:20 -0300] "POST /cormun/servlet/solicitudotadjuntos?gx-no-cache=1492001244989 HTTP/1.1" 200 26
186.103.159.204 - - [12/Apr/2017:09:46:29 -0300] "GET /cormun/servlet/solicitudotadjuntos?e1e319868f74f3449cca4ece6206fcca465c39b8c7456e245ff56683f9e98fb6,gx-no-cache=1492001253051 HTTP/1.1" 200 30
186.103.159.204 - - [12/Apr/2017:09:46:29 -0300] "GET /cormun/servlet/solicitudotadjuntos?e1e319868f74f3449cca4ece6206fcca465c39b8c7456e245ff56683f9e98fb6,gx-no-cache=1492001253074 HTTP/1.1" 200 30
186.103.159.204 - - [12/Apr/2017:09:46:29 -0300] "POST /cormun/servlet/solicitudotadjuntos?9d5fee0c192ca840509767dc8c782f45,INS,2017,6010,,1, HTTP/1.1" 200 116
186.103.159.204 - - [12/Apr/2017:09:46:29 -0300] "GET /cormun/servlet/hpexe_return? HTTP/1.1" 200 1023
186.103.159.204 - - [12/Apr/2017:09:46:30 -0300] "GET /cormun/servlet/trsolicitudadjuntos?2017,6010, HTTP/1.1" 200 9099
186.103.159.204 - - [12/Apr/2017:09:46:31 -0300] "GET /cormun/servlet/trsolicitudadjuntos?2017,6010, HTTP/1.1" 200 9100
186.103.159.204 - - [12/Apr/2017:09:46:40 -0300] "GET /cormun/servlet/solicitudotadjuntos?INS,2017,6010,,2, HTTP/1.1" 200 6031
186.103.159.204 - - [12/Apr/2017:09:46:41 -0300] "GET /cormun/static/about:blank HTTP/1.1" 404 1011
186.103.159.204 - - [12/Apr/2017:09:46:41 -0300] "GET /cormun/servlet/solicitudotadjuntos?INS,2017,6010,,2, HTTP/1.1" 200 6025
186.103.159.204 - - [12/Apr/2017:09:46:42 -0300] "GET /cormun/servlet/solicitudotadjuntos?e1e319868f74f3449cca4ece6206fcca6295de33d182bac78d8b6cf959342d0ce446693a20b0a347f8456e04a9eb76d2,gx-no-cache=1492001266247 HTTP/1.1" 200 30
186.103.159.204 - - [12/Apr/2017:09:46:42 -0300] "POST /cormun/servlet/solicitudotadjuntos?9d5fee0c192ca840509767dc8c782f45,INS,2017,6010,,2,,gx-no-cache=1492001266285 HTTP/1.1" 200 4047
186.103.159.204 - - [12/Apr/2017:09:46:44 -0300] "POST /cormun/servlet/solicitudotadjuntos?gx-no-cache=1492001268908 HTTP/1.1" 200 26
186.103.159.204 - - [12/Apr/2017:09:46:46 -0300] "GET /cormun/servlet/solicitudotadjuntos?e1e319868f74f3449cca4ece6206fcca465c39b8c7456e245ff56683f9e98fb6,gx-no-cache=1492001270353 HTTP/1.1" 200 30
186.103.159.204 - - [12/Apr/2017:09:46:46 -0300] "GET /cormun/servlet/solicitudotadjuntos?e1e319868f74f3449cca4ece6206fcca465c39b8c7456e245ff56683f9e98fb6,gx-no-cache=1492001270374 HTTP/1.1" 200 30
186.103.159.204 - - [12/Apr/2017:09:46:46 -0300] "POST /cormun/servlet/solicitudotadjuntos?9d5fee0c192ca840509767dc8c782f45,INS,2017,6010,,2,,gx-no-cache=1492001270407 HTTP/1.1" 200 93
186.103.159.204 - - [12/Apr/2017:09:46:46 -0300] "GET /cormun/servlet/hpexe_return? HTTP/1.1" 200 1023
186.103.159.204 - - [12/Apr/2017:09:46:47 -0300] "GET /cormun/servlet/trsolicitudadjuntos?2017,6010, HTTP/1.1" 200 9252
186.103.159.204 - - [12/Apr/2017:09:46:48 -0300] "GET /cormun/servlet/trsolicitudadjuntos?2017,6010, HTTP/1.1" 200 9251
186.103.159.204 - - [12/Apr/2017:09:46:51 -0300] "GET /cormun/servlet/solicitudotadjuntos?DLT,2017,6010,FOTO,0, HTTP/1.1" 200 5920
186.103.159.204 - - [12/Apr/2017:09:46:51 -0300] "GET /cormun/static/about:blank HTTP/1.1" 404 1011
186.103.159.204 - - [12/Apr/2017:09:46:52 -0300] "GET /cormun/static/Shared/jqueryui/images/ui-bg_highlight-soft_100_c6c2c8_1x100.png HTTP/1.1" 404 1117
186.103.159.204 - - [12/Apr/2017:09:46:52 -0300] "GET /cormun/static/Shared/jqueryui/images/ui-icons_82798d_256x240.png HTTP/1.1" 404 1089
186.103.159.204 - - [12/Apr/2017:09:46:52 -0300] "GET /cormun/static/Shared/jqueryui/images/ui-bg_flat_55_fafafa_40x100.png HTTP/1.1" 404 1097
186.103.159.204 - - [12/Apr/2017:09:46:52 -0300] "GET /cormun/static/Shared/jqueryui/images/ui-icons_8d78a5_256x240.png HTTP/1.1" 404 1089
186.103.159.204 - - [12/Apr/2017:09:46:52 -0300] "GET /cormun/servlet/solicitudotadjuntos?DLT,2017,6010,FOTO,0, HTTP/1.1" 200 5914
186.103.159.204 - - [12/Apr/2017:09:46:53 -0300] "POST /cormun/servlet/solicitudotadjuntos?9d5fee0c192ca840509767dc8c782f45,DLT,2017,6010,FOTO,0,,gx-no-cache=1492001277605 HTTP/1.1" 200 93
186.103.159.204 - - [12/Apr/2017:09:46:53 -0300] "GET /cormun/servlet/hpexe_return? HTTP/1.1" 200 1026
186.103.159.204 - - [12/Apr/2017:09:46:54 -0300] "GET /cormun/servlet/trsolicitudadjuntos?2017,6010, HTTP/1.1" 200 9101
186.103.159.204 - - [12/Apr/2017:09:46:55 -0300] "GET /cormun/servlet/trsolicitudadjuntos?2017,6010, HTTP/1.1" 200 9094
186.103.159.204 - - [12/Apr/2017:09:46:57 -0300] "GET /cormun/servlet/solicitudotadjuntos?INS,2017,6010,,2, HTTP/1.1" 200 6031
186.103.159.204 - - [12/Apr/2017:09:46:57 -0300] "GET /cormun/static/about:blank HTTP/1.1" 404 1011
186.103.159.204 - - [12/Apr/2017:09:46:58 -0300] "GET /cormun/servlet/solicitudotadjuntos?INS,2017,6010,,2, HTTP/1.1" 200 6025
186.103.159.204 - - [12/Apr/2017:09:46:58 -0300] "GET /cormun/servlet/solicitudotadjuntos?e1e319868f74f3449cca4ece6206fcca6295de33d182bac78d8b6cf959342d0ce446693a20b0a347f8456e04a9eb76d2,gx-no-cache=1492001282736 HTTP/1.1" 200 30
186.103.159.204 - - [12/Apr/2017:09:46:58 -0300] "POST /cormun/servlet/solicitudotadjuntos?9d5fee0c192ca840509767dc8c782f45,INS,2017,6010,,2,,gx-no-cache=1492001282775 HTTP/1.1" 200 4047
186.103.159.204 - - [12/Apr/2017:09:47:01 -0300] "POST /cormun/servlet/solicitudotadjuntos?gx-no-cache=1492001285465 HTTP/1.1" 200 26
186.103.159.204 - - [12/Apr/2017:09:47:05 -0300] "GET /cormun/servlet/solicitudotadjuntos?e1e319868f74f3449cca4ece6206fcca465c39b8c7456e245ff56683f9e98fb6,gx-no-cache=1492001289609 HTTP/1.1" 200 30
186.103.159.204 - - [12/Apr/2017:09:47:05 -0300] "GET /cormun/servlet/solicitudotadjuntos?e1e319868f74f3449cca4ece6206fcca465c39b8c7456e245ff56683f9e98fb6,gx-no-cache=1492001289629 HTTP/1.1" 200 30
186.103.159.204 - - [12/Apr/2017:09:47:05 -0300] "POST /cormun/servlet/solicitudotadjuntos?9d5fee0c192ca840509767dc8c782f45,INS,2017,6010,,2, HTTP/1.1" 200 116
186.103.159.204 - - [12/Apr/2017:09:47:05 -0300] "GET /cormun/servlet/hpexe_return? HTTP/1.1" 200 1023
186.103.159.204 - - [12/Apr/2017:09:47:06 -0300] "GET /cormun/servlet/trsolicitudadjuntos?2017,6010, HTTP/1.1" 200 9302
186.103.159.204 - - [12/Apr/2017:09:47:08 -0300] "GET /cormun/servlet/trsolicitudadjuntos?2017,6010, HTTP/1.1" 200 9301
186.103.159.204 - - [12/Apr/2017:09:47:13 -0300] "GET /cormun/servlet/trsolicitudot? HTTP/1.1" 200 8587
186.103.159.204 - - [12/Apr/2017:09:47:14 -0300] "GET /cormun/servlet/trsolicitudot? HTTP/1.1" 200 8581
192.168.10.13 - - [12/Apr/2017:09:47:17 -0300] "GET / HTTP/1.1" 200 11217
186.103.159.204 - - [12/Apr/2017:09:47:26 -0300] "POST /cormun/servlet/trsolicitudot?9d5fee0c192ca840509767dc8c782f45,,gx-no-cache=1492001310497 HTTP/1.1" 200 106
186.103.159.204 - - [12/Apr/2017:09:47:26 -0300] "GET /cormun/servlet/trsolicitudadjuntos?2017,6011, HTTP/1.1" 200 6093
186.103.159.204 - - [12/Apr/2017:09:47:27 -0300] "GET /cormun/servlet/trsolicitudadjuntos?2017,6011, HTTP/1.1" 200 6093
186.103.159.204 - - [12/Apr/2017:09:47:29 -0300] "GET /cormun/servlet/solicitudotadjuntos?INS,2017,6011,,1, HTTP/1.1" 200 6032
186.103.159.204 - - [12/Apr/2017:09:47:29 -0300] "GET /cormun/static/about:blank HTTP/1.1" 404 1011
186.103.159.204 - - [12/Apr/2017:09:47:30 -0300] "GET /cormun/servlet/solicitudotadjuntos?INS,2017,6011,,1, HTTP/1.1" 200 6026
186.103.159.204 - - [12/Apr/2017:09:47:31 -0300] "GET /cormun/servlet/solicitudotadjuntos?e1e319868f74f3449cca4ece6206fccae11cb5d86d9c24544e5f0d3030719253e446693a20b0a347f8456e04a9eb76d2,gx-no-cache=1492001315155 HTTP/1.1" 200 30
186.103.159.204 - - [12/Apr/2017:09:47:31 -0300] "POST /cormun/servlet/solicitudotadjuntos?9d5fee0c192ca840509767dc8c782f45,INS,2017,6011,,1,,gx-no-cache=1492001315196 HTTP/1.1" 200 3829
186.103.159.204 - - [12/Apr/2017:09:47:31 -0300] "GET /cormun/static/about:blank HTTP/1.1" 404 1011
186.103.159.204 - - [12/Apr/2017:09:47:34 -0300] "POST /cormun/servlet/solicitudotadjuntos?gx-no-cache=1492001317156 HTTP/1.1" 200 26
186.103.159.204 - - [12/Apr/2017:09:47:47 -0300] "GET /cormun/servlet/solicitudotadjuntos?e1e319868f74f3449cca4ece6206fcca465c39b8c7456e245ff56683f9e98fb6,gx-no-cache=1492001331995 HTTP/1.1" 200 30
186.103.159.204 - - [12/Apr/2017:09:47:47 -0300] "GET /cormun/servlet/solicitudotadjuntos?e1e319868f74f3449cca4ece6206fcca465c39b8c7456e245ff56683f9e98fb6,gx-no-cache=1492001332021 HTTP/1.1" 200 30
186.103.159.204 - - [12/Apr/2017:09:47:52 -0300] "POST /cormun/servlet/solicitudotadjuntos?9d5fee0c192ca840509767dc8c782f45,INS,2017,6011,,1, HTTP/1.1" 200 116
186.103.159.204 - - [12/Apr/2017:09:47:52 -0300] "GET /cormun/servlet/hpexe_return? HTTP/1.1" 200 1023
186.103.159.204 - - [12/Apr/2017:09:47:52 -0300] "GET /cormun/servlet/trsolicitudadjuntos?2017,6011, HTTP/1.1" 200 8258
186.103.159.204 - - [12/Apr/2017:09:47:53 -0300] "GET /cormun/servlet/trsolicitudadjuntos?2017,6011, HTTP/1.1" 200 8253
186.103.159.204 - - [12/Apr/2017:09:47:55 -0300] "GET /cormun/servlet/solicitudotadjuntos?INS,2017,6011,,1, HTTP/1.1" 200 6032
186.103.159.204 - - [12/Apr/2017:09:47:55 -0300] "GET /cormun/static/about:blank HTTP/1.1" 404 1011
186.103.159.204 - - [12/Apr/2017:09:47:56 -0300] "GET /cormun/servlet/solicitudotadjuntos?INS,2017,6011,,1, HTTP/1.1" 200 6026
186.103.159.204 - - [12/Apr/2017:09:47:57 -0300] "GET /cormun/servlet/solicitudotadjuntos?e1e319868f74f3449cca4ece6206fccae11cb5d86d9c24544e5f0d3030719253e446693a20b0a347f8456e04a9eb76d2,gx-no-cache=1492001341093 HTTP/1.1" 200 30
186.103.159.204 - - [12/Apr/2017:09:47:57 -0300] "POST /cormun/servlet/solicitudotadjuntos?9d5fee0c192ca840509767dc8c782f45,INS,2017,6011,,1,,gx-no-cache=1492001341165 HTTP/1.1" 200 3829
186.103.159.204 - - [12/Apr/2017:09:48:00 -0300] "POST /cormun/servlet/solicitudotadjuntos?gx-no-cache=1492001344201 HTTP/1.1" 200 26
186.103.159.204 - - [12/Apr/2017:09:48:06 -0300] "GET /cormun/servlet/solicitudotadjuntos?e1e319868f74f3449cca4ece6206fcca465c39b8c7456e245ff56683f9e98fb6,gx-no-cache=1492001350033 HTTP/1.1" 200 30
186.103.159.204 - - [12/Apr/2017:09:48:06 -0300] "GET /cormun/servlet/solicitudotadjuntos?e1e319868f74f3449cca4ece6206fcca465c39b8c7456e245ff56683f9e98fb6,gx-no-cache=1492001350110 HTTP/1.1" 200 30
186.103.159.204 - - [12/Apr/2017:09:48:08 -0300] "POST /cormun/servlet/solicitudotadjuntos?9d5fee0c192ca840509767dc8c782f45,INS,2017,6011,,1, HTTP/1.1" 200 116
186.103.159.204 - - [12/Apr/2017:09:48:08 -0300] "GET /cormun/servlet/hpexe_return? HTTP/1.1" 200 1023
186.103.159.204 - - [12/Apr/2017:09:48:08 -0300] "GET /cormun/servlet/trsolicitudadjuntos?2017,6011, HTTP/1.1" 200 8419
186.103.159.204 - - [12/Apr/2017:09:48:09 -0300] "GET /cormun/servlet/trsolicitudadjuntos?2017,6011, HTTP/1.1" 200 8423
186.103.159.204 - - [12/Apr/2017:09:48:11 -0300] "GET /cormun/servlet/solicitudotadjuntos?INS,2017,6011,,1, HTTP/1.1" 200 6032
186.103.159.204 - - [12/Apr/2017:09:48:11 -0300] "GET /cormun/static/about:blank HTTP/1.1" 404 1011
186.103.159.204 - - [12/Apr/2017:09:48:12 -0300] "GET /cormun/servlet/solicitudotadjuntos?INS,2017,6011,,1, HTTP/1.1" 200 6026
186.103.159.204 - - [12/Apr/2017:09:48:12 -0300] "GET /cormun/servlet/solicitudotadjuntos?e1e319868f74f3449cca4ece6206fccae11cb5d86d9c24544e5f0d3030719253e446693a20b0a347f8456e04a9eb76d2,gx-no-cache=1492001356935 HTTP/1.1" 200 30
186.103.159.204 - - [12/Apr/2017:09:48:13 -0300] "POST /cormun/servlet/solicitudotadjuntos?9d5fee0c192ca840509767dc8c782f45,INS,2017,6011,,1,,gx-no-cache=1492001357003 HTTP/1.1" 200 3829
186.103.159.204 - - [12/Apr/2017:09:48:13 -0300] "GET /cormun/static/about:blank HTTP/1.1" 404 1011
186.103.159.204 - - [12/Apr/2017:09:48:15 -0300] "POST /cormun/servlet/solicitudotadjuntos?gx-no-cache=1492001359207 HTTP/1.1" 200 26
192.168.10.13 - - [12/Apr/2017:09:48:17 -0300] "GET / HTTP/1.1" 200 11217
186.103.159.204 - - [12/Apr/2017:09:48:20 -0300] "GET /cormun/servlet/solicitudotadjuntos?e1e319868f74f3449cca4ece6206fcca465c39b8c7456e245ff56683f9e98fb6,gx-no-cache=1492001364713 HTTP/1.1" 200 30
186.103.159.204 - - [12/Apr/2017:09:48:20 -0300] "GET /cormun/servlet/solicitudotadjuntos?e1e319868f74f3449cca4ece6206fcca465c39b8c7456e245ff56683f9e98fb6,gx-no-cache=1492001364734 HTTP/1.1" 200 30
186.103.159.204 - - [12/Apr/2017:09:48:21 -0300] "POST /cormun/servlet/solicitudotadjuntos?9d5fee0c192ca840509767dc8c782f45,INS,2017,6011,,1, HTTP/1.1" 200 116
186.103.159.204 - - [12/Apr/2017:09:48:21 -0300] "GET /cormun/servlet/hpexe_return? HTTP/1.1" 200 1023
186.103.159.204 - - [12/Apr/2017:09:48:21 -0300] "GET /cormun/servlet/trsolicitudadjuntos?2017,6011, HTTP/1.1" 200 8569
186.103.159.204 - - [12/Apr/2017:09:48:22 -0300] "GET /cormun/servlet/trsolicitudadjuntos?2017,6011, HTTP/1.1" 200 8567
186.103.159.204 - - [12/Apr/2017:09:48:26 -0300] "GET /cormun/servlet/solicitudotadjuntos?INS,2017,6011,,1, HTTP/1.1" 200 6032
186.103.159.204 - - [12/Apr/2017:09:48:26 -0300] "GET /cormun/static/about:blank HTTP/1.1" 404 1011
186.103.159.204 - - [12/Apr/2017:09:48:27 -0300] "GET /cormun/servlet/solicitudotadjuntos?INS,2017,6011,,1, HTTP/1.1" 200 6026
186.103.159.204 - - [12/Apr/2017:09:48:27 -0300] "GET /cormun/servlet/solicitudotadjuntos?e1e319868f74f3449cca4ece6206fccae11cb5d86d9c24544e5f0d3030719253e446693a20b0a347f8456e04a9eb76d2,gx-no-cache=1492001371805 HTTP/1.1" 200 30
186.103.159.204 - - [12/Apr/2017:09:48:27 -0300] "POST /cormun/servlet/solicitudotadjuntos?9d5fee0c192ca840509767dc8c782f45,INS,2017,6011,,1,,gx-no-cache=1492001371835 HTTP/1.1" 200 3829
186.103.159.204 - - [12/Apr/2017:09:48:27 -0300] "GET /cormun/static/about:blank HTTP/1.1" 404 1011
186.103.159.204 - - [12/Apr/2017:09:48:39 -0300] "POST /cormun/servlet/solicitudotadjuntos?gx-no-cache=1492001383562 HTTP/1.1" 200 26
186.103.159.204 - - [12/Apr/2017:09:48:47 -0300] "GET /cormun/servlet/solicitudotadjuntos?e1e319868f74f3449cca4ece6206fcca465c39b8c7456e245ff56683f9e98fb6,gx-no-cache=1492001391602 HTTP/1.1" 200 30
186.103.159.204 - - [12/Apr/2017:09:48:47 -0300] "GET /cormun/servlet/solicitudotadjuntos?e1e319868f74f3449cca4ece6206fcca465c39b8c7456e245ff56683f9e98fb6,gx-no-cache=1492001391629 HTTP/1.1" 200 30
186.103.159.204 - - [12/Apr/2017:09:48:48 -0300] "POST /cormun/servlet/solicitudotadjuntos?9d5fee0c192ca840509767dc8c782f45,INS,2017,6011,,1, HTTP/1.1" 200 116
186.103.159.204 - - [12/Apr/2017:09:48:48 -0300] "GET /cormun/servlet/hpexe_return? HTTP/1.1" 200 1023
186.103.159.204 - - [12/Apr/2017:09:48:49 -0300] "GET /cormun/servlet/trsolicitudadjuntos?2017,6011, HTTP/1.1" 200 8702
186.103.159.204 - - [12/Apr/2017:09:48:50 -0300] "GET /cormun/servlet/trsolicitudadjuntos?2017,6011, HTTP/1.1" 200 8698
