186.103.157.246 - - [12/Apr/2017:12:46:11 -0300] "GET /cormun/static/Resources/Spanish/PXTools.css?18365030 HTTP/1.1" 304 -
186.103.157.246 - - [12/Apr/2017:12:46:11 -0300] "GET /cormun/static/gxcfg.js?20171191042720 HTTP/1.1" 200 953
186.103.157.246 - - [12/Apr/2017:12:46:11 -0300] "GET /cormun/static/Resources/prompt.gif HTTP/1.1" 304 -
186.103.157.246 - - [12/Apr/2017:12:46:12 -0300] "GET /cormun/static/solicitudot.js?2017119104297 HTTP/1.1" 304 -
192.168.10.13 - - [12/Apr/2017:12:46:17 -0300] "GET / HTTP/1.1" 200 11217
186.103.157.246 - - [12/Apr/2017:12:46:28 -0300] "POST /cormun/servlet/solicitudot?gx-no-cache=1492015650762 HTTP/1.1" 200 3081
186.103.157.246 - - [12/Apr/2017:12:46:28 -0300] "POST /cormun/servlet/solicitudot?2fd1c78473682ba1329b8e429029f1e8,INS,0,0,,gx-no-cache=1492015651099 HTTP/1.1" 200 9666
186.103.157.246 - - [12/Apr/2017:12:46:31 -0300] "GET /cormun/servlet/solicitudot?e01c6922f1f7e1a8eab303818f79ffa9f05544dfb3a95a30c6c40a0e3790b3cb157826fae4fbd5397a4da836fd55b045,gx-no-cache=1492015654108 HTTP/1.1" 200 30
201.214.54.252 - - [12/Apr/2017:12:47:01 -0300] "POST /cormun/servlet/trpermisosgoce?c23ec50f0aab864830b4eb757e81aae4,,gx-no-cache=1492012086505 HTTP/1.1" 200 4938
201.214.54.252 - - [12/Apr/2017:12:47:14 -0300] "GET /cormun/servlet/permisogoce?INS,0,,, HTTP/1.1" 200 6724
192.168.10.13 - - [12/Apr/2017:12:47:17 -0300] "GET / HTTP/1.1" 200 11217
201.214.54.252 - - [12/Apr/2017:12:47:38 -0300] "GET /cormun/servlet/prfichaempleado?,MD,,gxPopupLevel%3D0%3B HTTP/1.1" 200 8784
186.103.157.246 - - [12/Apr/2017:12:47:39 -0300] "POST /cormun/servlet/solicitudot?gx-no-cache=1492015700286 HTTP/1.1" 200 256
201.214.54.252 - - [12/Apr/2017:12:47:48 -0300] "POST /cormun/servlet/prfichaempleado?c23ec50f0aab864830b4eb757e81aae4,,MD,,gxPopupLevel%3D0%3B,gx-no-cache=1492012133477 HTTP/1.1" 200 3395
201.214.54.252 - - [12/Apr/2017:12:47:51 -0300] "GET /cormun/servlet/permisogoce?6342e4d80233911c5b9fe443146fa727b783aed4c60a2252630bd96d602a69c6efa9f37bbd14a0be13f9296fd64c667a,gx-no-cache=1492012136914 HTTP/1.1" 200 75
201.214.54.252 - - [12/Apr/2017:12:47:57 -0300] "GET /cormun/static/menuarrow.gif HTTP/1.1" 404 1015
201.214.54.252 - - [12/Apr/2017:12:48:13 -0300] "GET /cormun/servlet/permisogoce?6342e4d80233911c5b9fe443146fa727958ff33881cd223e84e517d4a390abcf48ddea59b5e2f6d9eeed89adad4915396135bb1ad6eae432557f20f4ba58d2d9,gx-no-cache=1492012158690 HTTP/1.1" 200 120
201.214.54.252 - - [12/Apr/2017:12:48:13 -0300] "GET /cormun/static/Shared/jqueryui/images/ui-icons_ebccce_256x240.png HTTP/1.1" 404 1089
186.79.144.92 - - [12/Apr/2017:12:48:13 -0300] "GET /cormun/servlet/hlogin HTTP/1.1" 200 1727
201.214.54.252 - - [12/Apr/2017:12:48:13 -0300] "GET /cormun/static/Shared/jqueryui/images/ui-bg_highlight-soft_100_c6c2c8_1x100.png HTTP/1.1" 404 1117
201.214.54.252 - - [12/Apr/2017:12:48:13 -0300] "GET /cormun/static/Shared/jqueryui/images/ui-icons_82798d_256x240.png HTTP/1.1" 404 1089
201.214.54.252 - - [12/Apr/2017:12:48:13 -0300] "GET /cormun/static/Shared/jqueryui/images/ui-bg_flat_55_994d53_40x100.png HTTP/1.1" 404 1097
186.79.144.92 - - [12/Apr/2017:12:48:15 -0300] "POST /cormun/servlet/hlogin?1ffc3adc9fa7eb2825617968bfc7e62b,gx-no-cache=1492012162480 HTTP/1.1" 200 90
186.79.144.92 - - [12/Apr/2017:12:48:15 -0300] "GET /cormun/servlet/hpexe_link HTTP/1.1" 200 958
186.79.144.92 - - [12/Apr/2017:12:48:16 -0300] "GET /cormun/servlet/hhome HTTP/1.1" 200 3723
186.79.144.92 - - [12/Apr/2017:12:48:16 -0300] "GET /cormun/servlet/hhome HTTP/1.1" 200 3720
192.168.10.13 - - [12/Apr/2017:12:48:17 -0300] "GET / HTTP/1.1" 200 11217
186.79.144.92 - - [12/Apr/2017:12:48:20 -0300] "GET /cormun/servlet/trpermisosgoce? HTTP/1.1" 200 7343
186.79.144.92 - - [12/Apr/2017:12:48:21 -0300] "GET /cormun/servlet/trpermisosgoce? HTTP/1.1" 200 7342
201.214.54.252 - - [12/Apr/2017:12:48:23 -0300] "GET /cormun/servlet/permisogoce?6342e4d80233911c5b9fe443146fa727958ff33881cd223e84e517d4a390abcf4d5806196d94496e415c9a575b27b2676135bb1ad6eae432557f20f4ba58d2d9,gx-no-cache=1492012168620 HTTP/1.1" 200 120
186.79.144.92 - - [12/Apr/2017:12:48:25 -0300] "GET /cormun/servlet/permisogoce?UPD,7491739,P,20170412125722, HTTP/1.1" 200 6562
186.79.144.92 - - [12/Apr/2017:12:48:25 -0300] "GET /cormun/servlet/permisogoce?UPD,7491739,P,20170412125722, HTTP/1.1" 200 6563
186.79.144.92 - - [12/Apr/2017:12:48:26 -0300] "GET /cormun/servlet/permisogoce?7d21d79b80dbf02941b868c01010d7b2e43e76c04115a6a7744f4c174bd5a60b206591b143f8e3bc187b29df17829f8f,gx-no-cache=1492012172917 HTTP/1.1" 200 78
201.214.54.252 - - [12/Apr/2017:12:48:34 -0300] "GET /cormun/servlet/permisogoce?6342e4d80233911c5b9fe443146fa727958ff33881cd223e84e517d4a390abcf4d5806196d94496e415c9a575b27b26798a1f65c7a6dac08cdf6b4e9706709db,gx-no-cache=1492012179223 HTTP/1.1" 200 48
186.79.144.92 - - [12/Apr/2017:12:48:39 -0300] "GET /cormun/servlet/permisogoce?7d21d79b80dbf02941b868c01010d7b2ad9c7c1151dabb718c3cb7a03aa6d169fcee0587e17e7450850fe6c6fb222d4225956e2a13949e9767e8c6fcb4677056d6ff94da64fa9773b4cfd3ef9dd813b0,gx-no-cache=1492012186252 HTTP/1.1" 200 47
186.79.144.92 - - [12/Apr/2017:12:48:39 -0300] "POST /cormun/servlet/permisogoce?1ffc3adc9fa7eb2825617968bfc7e62b,UPD,7491739,P,20170412125722,,gx-no-cache=1492012186320 HTTP/1.1" 200 4222
186.79.144.92 - - [12/Apr/2017:12:48:40 -0300] "GET /cormun/static/Shared/jqueryui/images/ui-bg_highlight-soft_100_c6c2c8_1x100.png HTTP/1.1" 404 1117
186.79.144.92 - - [12/Apr/2017:12:48:40 -0300] "GET /cormun/static/Shared/jqueryui/images/ui-icons_82798d_256x240.png HTTP/1.1" 404 1089
186.79.144.92 - - [12/Apr/2017:12:48:40 -0300] "GET /cormun/static/Shared/jqueryui/images/ui-bg_flat_55_994d53_40x100.png HTTP/1.1" 404 1097
186.79.144.92 - - [12/Apr/2017:12:48:40 -0300] "GET /cormun/static/Shared/jqueryui/images/ui-icons_ebccce_256x240.png HTTP/1.1" 404 1089
186.79.144.92 - - [12/Apr/2017:12:48:47 -0300] "GET /cormun/servlet/trpermisosgoce? HTTP/1.1" 200 7343
186.79.144.92 - - [12/Apr/2017:12:48:48 -0300] "GET /cormun/servlet/trpermisosgoce? HTTP/1.1" 200 7342
186.79.144.92 - - [12/Apr/2017:12:48:54 -0300] "GET /cormun/servlet/permisogoce?DSP,7491739,P,20170412125722, HTTP/1.1" 200 6376
186.79.144.92 - - [12/Apr/2017:12:48:55 -0300] "GET /cormun/servlet/permisogoce?DSP,7491739,P,20170412125722, HTTP/1.1" 200 6377
186.79.144.92 - - [12/Apr/2017:12:49:06 -0300] "POST /cormun/servlet/permisogoce?1ffc3adc9fa7eb2825617968bfc7e62b,DSP,7491739,P,20170412125722,,gx-no-cache=1492012213038 HTTP/1.1" 200 93
186.79.144.92 - - [12/Apr/2017:12:49:06 -0300] "GET /cormun/servlet/hpexe_return? HTTP/1.1" 200 1034
186.79.144.92 - - [12/Apr/2017:12:49:06 -0300] "GET /cormun/servlet/trpermisosgoce HTTP/1.1" 200 7346
186.79.144.92 - - [12/Apr/2017:12:49:07 -0300] "GET /cormun/servlet/trpermisosgoce HTTP/1.1" 200 7342
186.79.144.92 - - [12/Apr/2017:12:49:12 -0300] "GET /cormun/servlet/permisogoce?UPD,7491739,P,20170412125722, HTTP/1.1" 200 6563
186.79.144.92 - - [12/Apr/2017:12:49:13 -0300] "GET /cormun/servlet/permisogoce?UPD,7491739,P,20170412125722, HTTP/1.1" 200 6563
186.79.144.92 - - [12/Apr/2017:12:49:13 -0300] "GET /cormun/servlet/permisogoce?7d21d79b80dbf02941b868c01010d7b2e43e76c04115a6a7744f4c174bd5a60b206591b143f8e3bc187b29df17829f8f,gx-no-cache=1492012220585 HTTP/1.1" 200 78
192.168.10.13 - - [12/Apr/2017:12:49:17 -0300] "GET / HTTP/1.1" 200 11217
186.79.144.92 - - [12/Apr/2017:12:49:28 -0300] "GET /cormun/servlet/permisogoce?7d21d79b80dbf02941b868c01010d7b2ad9c7c1151dabb718c3cb7a03aa6d169fcee0587e17e7450850fe6c6fb222d4225956e2a13949e9767e8c6fcb4677056d6ff94da64fa9773b4cfd3ef9dd813b0,gx-no-cache=1492012235604 HTTP/1.1" 200 47
186.79.144.92 - - [12/Apr/2017:12:49:29 -0300] "POST /cormun/servlet/permisogoce?1ffc3adc9fa7eb2825617968bfc7e62b,UPD,7491739,P,20170412125722,,gx-no-cache=1492012235674 HTTP/1.1" 200 4221
186.79.144.92 - - [12/Apr/2017:12:49:29 -0300] "GET /cormun/static/Shared/jqueryui/images/ui-bg_highlight-soft_100_c6c2c8_1x100.png HTTP/1.1" 404 1117
186.79.144.92 - - [12/Apr/2017:12:49:29 -0300] "GET /cormun/static/Shared/jqueryui/images/ui-icons_82798d_256x240.png HTTP/1.1" 404 1089
186.79.144.92 - - [12/Apr/2017:12:49:29 -0300] "GET /cormun/static/Shared/jqueryui/images/ui-bg_flat_55_994d53_40x100.png HTTP/1.1" 404 1097
186.79.144.92 - - [12/Apr/2017:12:49:29 -0300] "GET /cormun/static/Shared/jqueryui/images/ui-icons_ebccce_256x240.png HTTP/1.1" 404 1089
186.79.144.92 - - [12/Apr/2017:12:49:34 -0300] "POST /cormun/servlet/permisogoce?1ffc3adc9fa7eb2825617968bfc7e62b,UPD,7491739,P,20170412125722,,gx-no-cache=1492012241005 HTTP/1.1" 200 93
186.79.144.92 - - [12/Apr/2017:12:49:34 -0300] "GET /cormun/servlet/hpexe_return? HTTP/1.1" 200 1035
186.79.144.92 - - [12/Apr/2017:12:49:34 -0300] "GET /cormun/servlet/trpermisosgoce HTTP/1.1" 200 7346
186.79.144.92 - - [12/Apr/2017:12:49:35 -0300] "GET /cormun/servlet/trpermisosgoce HTTP/1.1" 200 7342
186.79.144.92 - - [12/Apr/2017:12:49:40 -0300] "GET /cormun/servlet/permisogoce?DSP,7491739,P,20170412125722, HTTP/1.1" 200 6374
186.79.144.92 - - [12/Apr/2017:12:49:41 -0300] "GET /cormun/servlet/permisogoce?DSP,7491739,P,20170412125722, HTTP/1.1" 200 6377
201.214.54.252 - - [12/Apr/2017:12:49:45 -0300] "POST /cormun/servlet/permisogoce?c23ec50f0aab864830b4eb757e81aae4,INS,0,,,,gx-no-cache=1492012250102 HTTP/1.1" 200 93
201.214.54.252 - - [12/Apr/2017:12:49:45 -0300] "GET /cormun/servlet/hpexe_return? HTTP/1.1" 200 1006
201.214.54.252 - - [12/Apr/2017:12:49:45 -0300] "GET /cormun/servlet/trpermisosgoce? HTTP/1.1" 200 7867
186.79.144.92 - - [12/Apr/2017:12:49:59 -0300] "POST /cormun/servlet/permisogoce?1ffc3adc9fa7eb2825617968bfc7e62b,DSP,7491739,P,20170412125722,,gx-no-cache=1492012265514 HTTP/1.1" 200 93
186.79.144.92 - - [12/Apr/2017:12:49:59 -0300] "GET /cormun/servlet/hpexe_return? HTTP/1.1" 200 1034
186.79.144.92 - - [12/Apr/2017:12:49:59 -0300] "GET /cormun/servlet/trpermisosgoce HTTP/1.1" 200 7346
186.79.144.92 - - [12/Apr/2017:12:49:59 -0300] "GET /cormun/servlet/trpermisosgoce HTTP/1.1" 200 7342
201.214.54.252 - - [12/Apr/2017:12:50:09 -0300] "GET /cormun/servlet/apermisogoceprn?7929946,P,20170412131336,PU HTTP/1.1" 200 1648
201.214.54.252 - - [12/Apr/2017:12:50:10 -0300] "GET /cormun/servlet/apermisogoceprn?7929946,P,20170412131336,PU HTTP/1.1" 200 1647
192.168.10.13 - - [12/Apr/2017:12:50:17 -0300] "GET / HTTP/1.1" 200 11217
186.79.144.92 - - [12/Apr/2017:12:50:27 -0300] "GET /cormun/servlet/permisogoce?DSP,7491739,P,20170412125722, HTTP/1.1" 200 6374
186.79.144.92 - - [12/Apr/2017:12:50:28 -0300] "GET /cormun/servlet/permisogoce?DSP,7491739,P,20170412125722, HTTP/1.1" 200 6377
186.79.144.92 - - [12/Apr/2017:12:50:32 -0300] "POST /cormun/servlet/permisogoce?1ffc3adc9fa7eb2825617968bfc7e62b,DSP,7491739,P,20170412125722,,gx-no-cache=1492012298733 HTTP/1.1" 200 93
186.79.144.92 - - [12/Apr/2017:12:50:32 -0300] "GET /cormun/servlet/hpexe_return? HTTP/1.1" 200 1034
186.79.144.92 - - [12/Apr/2017:12:50:32 -0300] "GET /cormun/servlet/trpermisosgoce HTTP/1.1" 200 7346
186.79.144.92 - - [12/Apr/2017:12:50:33 -0300] "GET /cormun/servlet/trpermisosgoce HTTP/1.1" 200 7342
186.79.144.92 - - [12/Apr/2017:12:50:35 -0300] "GET /cormun/servlet/permisogoce?UPD,7491739,P,20170412125722, HTTP/1.1" 200 6563
186.79.144.92 - - [12/Apr/2017:12:50:35 -0300] "GET /cormun/servlet/permisogoce?UPD,7491739,P,20170412125722, HTTP/1.1" 200 6563
186.79.144.92 - - [12/Apr/2017:12:50:36 -0300] "GET /cormun/servlet/permisogoce?7d21d79b80dbf02941b868c01010d7b2e43e76c04115a6a7744f4c174bd5a60b206591b143f8e3bc187b29df17829f8f,gx-no-cache=1492012302847 HTTP/1.1" 200 78
186.79.144.92 - - [12/Apr/2017:12:50:59 -0300] "GET /cormun/servlet/permisogoce?7d21d79b80dbf02941b868c01010d7b2ad9c7c1151dabb718c3cb7a03aa6d169fcee0587e17e7450850fe6c6fb222d42e146bf92e3b75e1d44d17a57e1e1c7e5eca6bf6100d629b5094c27470f712ff6,gx-no-cache=1492012326308 HTTP/1.1" 200 132
186.79.144.92 - - [12/Apr/2017:12:50:59 -0300] "GET /cormun/static/Shared/jqueryui/images/ui-bg_highlight-soft_100_c6c2c8_1x100.png HTTP/1.1" 404 1117
186.79.144.92 - - [12/Apr/2017:12:50:59 -0300] "GET /cormun/static/Shared/jqueryui/images/ui-icons_82798d_256x240.png HTTP/1.1" 404 1089
186.79.144.92 - - [12/Apr/2017:12:50:59 -0300] "GET /cormun/static/Shared/jqueryui/images/ui-bg_flat_55_994d53_40x100.png HTTP/1.1" 404 1097
186.79.144.92 - - [12/Apr/2017:12:50:59 -0300] "GET /cormun/static/Shared/jqueryui/images/ui-icons_ebccce_256x240.png HTTP/1.1" 404 1089
192.168.10.13 - - [12/Apr/2017:12:51:17 -0300] "GET / HTTP/1.1" 200 11217
186.79.144.92 - - [12/Apr/2017:12:51:22 -0300] "GET /cormun/servlet/permisogoce?7d21d79b80dbf02941b868c01010d7b2ad9c7c1151dabb718c3cb7a03aa6d169fcee0587e17e7450850fe6c6fb222d4225956e2a13949e9767e8c6fcb4677056d6ff94da64fa9773b4cfd3ef9dd813b0,gx-no-cache=1492012349020 HTTP/1.1" 200 47
186.79.144.92 - - [12/Apr/2017:12:51:22 -0300] "POST /cormun/servlet/permisogoce?1ffc3adc9fa7eb2825617968bfc7e62b,UPD,7491739,P,20170412125722,,gx-no-cache=1492012349212 HTTP/1.1" 200 4221
186.79.144.92 - - [12/Apr/2017:12:51:37 -0300] "GET /cormun/servlet/permisogoce?7d21d79b80dbf02941b868c01010d7b2ad9c7c1151dabb718c3cb7a03aa6d169fcee0587e17e7450850fe6c6fb222d4225956e2a13949e9767e8c6fcb4677056d6ff94da64fa9773b4cfd3ef9dd813b0,gx-no-cache=1492012364394 HTTP/1.1" 200 47
186.79.144.92 - - [12/Apr/2017:12:51:38 -0300] "POST /cormun/servlet/permisogoce?1ffc3adc9fa7eb2825617968bfc7e62b,UPD,7491739,P,20170412125722,,gx-no-cache=1492012364466 HTTP/1.1" 200 4179
186.79.144.92 - - [12/Apr/2017:12:51:41 -0300] "POST /cormun/servlet/permisogoce?1ffc3adc9fa7eb2825617968bfc7e62b,UPD,7491739,P,20170412125722,,gx-no-cache=1492012367699 HTTP/1.1" 200 4179
201.214.54.252 - - [12/Apr/2017:12:51:41 -0300] "GET /cormun/servlet/permisogoce?INS,0,,, HTTP/1.1" 200 6724
186.79.144.92 - - [12/Apr/2017:12:51:43 -0300] "POST /cormun/servlet/permisogoce?1ffc3adc9fa7eb2825617968bfc7e62b,UPD,7491739,P,20170412125722,,gx-no-cache=1492012369874 HTTP/1.1" 200 4179
186.79.144.92 - - [12/Apr/2017:12:51:45 -0300] "POST /cormun/servlet/permisogoce?1ffc3adc9fa7eb2825617968bfc7e62b,UPD,7491739,P,20170412125722,,gx-no-cache=1492012371827 HTTP/1.1" 200 93
186.79.144.92 - - [12/Apr/2017:12:51:45 -0300] "GET /cormun/servlet/hpexe_return? HTTP/1.1" 200 1035
186.79.144.92 - - [12/Apr/2017:12:51:45 -0300] "GET /cormun/servlet/trpermisosgoce HTTP/1.1" 200 7346
201.214.54.252 - - [12/Apr/2017:12:51:46 -0300] "GET /cormun/servlet/prfichaempleado?,MD,,gxPopupLevel%3D0%3B HTTP/1.1" 200 8784
186.79.144.92 - - [12/Apr/2017:12:51:46 -0300] "GET /cormun/servlet/trpermisosgoce HTTP/1.1" 200 7342
186.79.144.92 - - [12/Apr/2017:12:51:52 -0300] "GET /cormun/servlet/permisogoce?DSP,7491739,P,20170412125722, HTTP/1.1" 200 6374
186.79.144.92 - - [12/Apr/2017:12:51:53 -0300] "GET /cormun/servlet/permisogoce?DSP,7491739,P,20170412125722, HTTP/1.1" 200 6377
201.214.54.252 - - [12/Apr/2017:12:52:02 -0300] "POST /cormun/servlet/prfichaempleado?c23ec50f0aab864830b4eb757e81aae4,,MD,,gxPopupLevel%3D0%3B,gx-no-cache=1492012387408 HTTP/1.1" 200 3395
192.168.10.13 - - [12/Apr/2017:12:52:17 -0300] "GET / HTTP/1.1" 200 11217
186.79.144.92 - - [12/Apr/2017:12:52:20 -0300] "POST /cormun/servlet/permisogoce?1ffc3adc9fa7eb2825617968bfc7e62b,DSP,7491739,P,20170412125722,,gx-no-cache=1492012407145 HTTP/1.1" 200 93
186.79.144.92 - - [12/Apr/2017:12:52:20 -0300] "GET /cormun/servlet/hpexe_return? HTTP/1.1" 200 1034
186.79.144.92 - - [12/Apr/2017:12:52:21 -0300] "GET /cormun/servlet/trpermisosgoce HTTP/1.1" 200 7346
186.79.144.92 - - [12/Apr/2017:12:52:21 -0300] "GET /cormun/servlet/trpermisosgoce HTTP/1.1" 200 7342
201.214.54.252 - - [12/Apr/2017:12:52:37 -0300] "GET /cormun/servlet/permisogoce?6342e4d80233911c5b9fe443146fa727b783aed4c60a2252630bd96d602a69c6efa9f37bbd14a0be13f9296fd64c667a,gx-no-cache=1492012422198 HTTP/1.1" 200 76
201.214.54.252 - - [12/Apr/2017:12:52:37 -0300] "GET /cormun/static/menuarrow.gif HTTP/1.1" 404 1015
201.214.54.252 - - [12/Apr/2017:12:52:41 -0300] "GET /cormun/servlet/permisogoce?6342e4d80233911c5b9fe443146fa727958ff33881cd223e84e517d4a390abcfc86963c5e1f5f638727af94f1e88ce9b8dd3bf4bbe486a2ee3850ec47c0f0636,gx-no-cache=1492012426248 HTTP/1.1" 200 129
201.214.54.252 - - [12/Apr/2017:12:52:41 -0300] "GET /cormun/static/Shared/jqueryui/images/ui-icons_82798d_256x240.png HTTP/1.1" 404 1089
201.214.54.252 - - [12/Apr/2017:12:52:41 -0300] "GET /cormun/static/Shared/jqueryui/images/ui-icons_ebccce_256x240.png HTTP/1.1" 404 1089
201.214.54.252 - - [12/Apr/2017:12:52:41 -0300] "GET /cormun/static/Shared/jqueryui/images/ui-bg_flat_55_994d53_40x100.png HTTP/1.1" 404 1097
201.214.54.252 - - [12/Apr/2017:12:52:41 -0300] "GET /cormun/static/Shared/jqueryui/images/ui-bg_highlight-soft_100_c6c2c8_1x100.png HTTP/1.1" 404 1117
201.214.54.252 - - [12/Apr/2017:12:52:50 -0300] "GET /cormun/servlet/permisogoce?6342e4d80233911c5b9fe443146fa727958ff33881cd223e84e517d4a390abcfc86963c5e1f5f638727af94f1e88ce9b98a1f65c7a6dac08cdf6b4e9706709db,gx-no-cache=1492012435632 HTTP/1.1" 200 48
186.79.144.92 - - [12/Apr/2017:12:52:55 -0300] "GET /cormun/servlet/permisogoce?UPD,7491739,P,20170412125722, HTTP/1.1" 200 6563
186.79.144.92 - - [12/Apr/2017:12:52:56 -0300] "GET /cormun/servlet/permisogoce?UPD,7491739,P,20170412125722, HTTP/1.1" 200 6563
186.79.144.92 - - [12/Apr/2017:12:52:56 -0300] "GET /cormun/servlet/permisogoce?7d21d79b80dbf02941b868c01010d7b2e43e76c04115a6a7744f4c174bd5a60b206591b143f8e3bc187b29df17829f8f,gx-no-cache=1492012443147 HTTP/1.1" 200 78
201.214.54.252 - - [12/Apr/2017:12:53:12 -0300] "POST /cormun/servlet/permisogoce?c23ec50f0aab864830b4eb757e81aae4,INS,0,,,,gx-no-cache=1492012457074 HTTP/1.1" 200 93
201.214.54.252 - - [12/Apr/2017:12:53:12 -0300] "GET /cormun/servlet/hpexe_return? HTTP/1.1" 200 1006
201.214.54.252 - - [12/Apr/2017:12:53:12 -0300] "GET /cormun/servlet/trpermisosgoce HTTP/1.1" 200 8028
192.168.10.13 - - [12/Apr/2017:12:53:17 -0300] "GET / HTTP/1.1" 200 11217
201.214.54.252 - - [12/Apr/2017:12:53:23 -0300] "GET /cormun/servlet/apermisogoceprn?7929946,P,20170412131336,PU HTTP/1.1" 200 1648
201.214.54.252 - - [12/Apr/2017:12:53:24 -0300] "GET /cormun/servlet/apermisogoceprn?7929946,P,20170412131336,PU HTTP/1.1" 200 1646
186.79.144.92 - - [12/Apr/2017:12:53:25 -0300] "GET /cormun/servlet/permisogoce?7d21d79b80dbf02941b868c01010d7b2ad9c7c1151dabb718c3cb7a03aa6d169fcee0587e17e7450850fe6c6fb222d4225956e2a13949e9767e8c6fcb4677056d6ff94da64fa9773b4cfd3ef9dd813b0,gx-no-cache=1492012472646 HTTP/1.1" 200 47
186.79.144.92 - - [12/Apr/2017:12:53:26 -0300] "POST /cormun/servlet/permisogoce?1ffc3adc9fa7eb2825617968bfc7e62b,UPD,7491739,P,20170412125722,,gx-no-cache=1492012472747 HTTP/1.1" 200 4221
186.79.144.92 - - [12/Apr/2017:12:53:26 -0300] "GET /cormun/static/Shared/jqueryui/images/ui-bg_highlight-soft_100_c6c2c8_1x100.png HTTP/1.1" 404 1117
186.79.144.92 - - [12/Apr/2017:12:53:26 -0300] "GET /cormun/static/Shared/jqueryui/images/ui-icons_82798d_256x240.png HTTP/1.1" 404 1089
186.79.144.92 - - [12/Apr/2017:12:53:26 -0300] "GET /cormun/static/Shared/jqueryui/images/ui-bg_flat_55_994d53_40x100.png HTTP/1.1" 404 1097
186.79.144.92 - - [12/Apr/2017:12:53:26 -0300] "GET /cormun/static/Shared/jqueryui/images/ui-icons_ebccce_256x240.png HTTP/1.1" 404 1089
186.103.157.246 - - [12/Apr/2017:12:53:28 -0300] "GET /cormun/servlet/hlogin HTTP/1.1" 200 1732
186.103.157.246 - - [12/Apr/2017:12:53:28 -0300] "GET /cormun/static/gxtimezone.js?85251 HTTP/1.1" 304 -
186.103.157.246 - - [12/Apr/2017:12:53:28 -0300] "GET /cormun/static/gxcfg.js?201741110203197 HTTP/1.1" 200 953
186.103.157.246 - - [12/Apr/2017:12:53:28 -0300] "GET /cormun/static/hlogin.js?201741110203211 HTTP/1.1" 200 2136
186.103.157.246 - - [12/Apr/2017:12:53:28 -0300] "GET /cormun/servlet/hlogin HTTP/1.1" 200 1737
186.79.144.92 - - [12/Apr/2017:12:53:36 -0300] "GET /cormun/servlet/permisogoce?7d21d79b80dbf02941b868c01010d7b2ad9c7c1151dabb718c3cb7a03aa6d169fcee0587e17e7450850fe6c6fb222d4225956e2a13949e9767e8c6fcb4677056d6ff94da64fa9773b4cfd3ef9dd813b0,gx-no-cache=1492012483595 HTTP/1.1" 200 47
186.79.144.92 - - [12/Apr/2017:12:53:37 -0300] "POST /cormun/servlet/permisogoce?1ffc3adc9fa7eb2825617968bfc7e62b,UPD,7491739,P,20170412125722,,gx-no-cache=1492012483679 HTTP/1.1" 200 4179
186.79.144.92 - - [12/Apr/2017:12:53:45 -0300] "POST /cormun/servlet/permisogoce?1ffc3adc9fa7eb2825617968bfc7e62b,UPD,7491739,P,20170412125722,,gx-no-cache=1492012491955 HTTP/1.1" 200 93
186.79.144.92 - - [12/Apr/2017:12:53:45 -0300] "GET /cormun/servlet/hpexe_return? HTTP/1.1" 200 1035
186.79.144.92 - - [12/Apr/2017:12:53:45 -0300] "GET /cormun/servlet/trpermisosgoce HTTP/1.1" 200 7346
186.79.144.92 - - [12/Apr/2017:12:53:46 -0300] "GET /cormun/servlet/trpermisosgoce HTTP/1.1" 200 7342
186.103.157.246 - - [12/Apr/2017:12:53:51 -0300] "POST /cormun/servlet/hlogin?676eba0a3e1704b116a39989e31c5e73,gx-no-cache=1492012506434 HTTP/1.1" 200 90
186.103.157.246 - - [12/Apr/2017:12:53:52 -0300] "GET /cormun/servlet/hpexe_link HTTP/1.1" 200 956
186.103.157.246 - - [12/Apr/2017:12:53:52 -0300] "GET /cormun/static/gxcfg.js?201731711483381 HTTP/1.1" 200 953
186.103.157.246 - - [12/Apr/2017:12:53:52 -0300] "GET /cormun/servlet/hhome HTTP/1.1" 200 3953
186.103.157.246 - - [12/Apr/2017:12:53:52 -0300] "GET /cormun/static/gxcfg.js?201731711483497 HTTP/1.1" 200 953
186.103.157.246 - - [12/Apr/2017:12:53:53 -0300] "GET /cormun/servlet/hhome HTTP/1.1" 200 3950
186.103.157.246 - - [12/Apr/2017:12:53:58 -0300] "GET /cormun/servlet/trlicencias? HTTP/1.1" 200 6818
186.103.157.246 - - [12/Apr/2017:12:53:59 -0300] "GET /cormun/static/gxcfg.js?201741111445981 HTTP/1.1" 200 953
186.103.157.246 - - [12/Apr/2017:12:53:59 -0300] "GET /cormun/static/calendar.js?85251 HTTP/1.1" 304 -
186.103.157.246 - - [12/Apr/2017:12:53:59 -0300] "GET /cormun/static/calendar-setup.js?85251 HTTP/1.1" 304 -
186.103.157.246 - - [12/Apr/2017:12:53:59 -0300] "GET /cormun/static/calendar-es.js?85251 HTTP/1.1" 304 -
186.103.157.246 - - [12/Apr/2017:12:53:59 -0300] "GET /cormun/static/gxdec.js?85251 HTTP/1.1" 304 -
186.103.157.246 - - [12/Apr/2017:12:53:59 -0300] "GET /cormun/static/trlicencias.js?20174111145440 HTTP/1.1" 200 37913
186.103.157.246 - - [12/Apr/2017:12:53:59 -0300] "GET /cormun/servlet/trlicencias? HTTP/1.1" 200 6817
186.103.157.246 - - [12/Apr/2017:12:54:03 -0300] "GET /cormun/servlet/licenciaspermisos?INS,0,,, HTTP/1.1" 200 7362
186.103.157.246 - - [12/Apr/2017:12:54:03 -0300] "GET /cormun/static/gxcfg.js?201741111445322 HTTP/1.1" 200 953
186.103.157.246 - - [12/Apr/2017:12:54:03 -0300] "GET /cormun/static/licenciaspermisos.js?201741111445392 HTTP/1.1" 200 34444
186.103.157.246 - - [12/Apr/2017:12:54:03 -0300] "GET /cormun/servlet/licenciaspermisos?INS,0,,, HTTP/1.1" 200 7362
192.168.10.13 - - [12/Apr/2017:12:54:17 -0300] "GET / HTTP/1.1" 200 11217
186.103.157.246 - - [12/Apr/2017:12:54:33 -0300] "GET /cormun/servlet/licenciaspermisos?3527dfa6f8f0b4268223232d739f75b67a76a358ea689d79c4f86591055e2eda12361378852cc9df409f3148bfb4b2e3,gx-no-cache=1492012548022 HTTP/1.1" 200 64
186.103.157.246 - - [12/Apr/2017:12:54:33 -0300] "POST /cormun/servlet/licenciaspermisos?676eba0a3e1704b116a39989e31c5e73,INS,0,,,,gx-no-cache=1492012548185 HTTP/1.1" 200 4637
201.214.54.252 - - [12/Apr/2017:12:55:09 -0300] "GET /cormun/servlet/apermisogoceprn?7929946,P,20170412134747,PU HTTP/1.1" 200 1655
201.214.54.252 - - [12/Apr/2017:12:55:09 -0300] "GET /cormun/servlet/apermisogoceprn?7929946,P,20170412134747,PU HTTP/1.1" 200 1656
192.168.10.13 - - [12/Apr/2017:12:55:17 -0300] "GET / HTTP/1.1" 200 11217
186.79.144.92 - - [12/Apr/2017:12:55:55 -0300] "GET /cormun/servlet/permisogoce?UPD,7491739,P,20170412125722, HTTP/1.1" 200 6563
186.79.144.92 - - [12/Apr/2017:12:55:56 -0300] "GET /cormun/servlet/permisogoce?UPD,7491739,P,20170412125722, HTTP/1.1" 200 6563
186.79.144.92 - - [12/Apr/2017:12:55:57 -0300] "GET /cormun/servlet/permisogoce?7d21d79b80dbf02941b868c01010d7b2e43e76c04115a6a7744f4c174bd5a60b206591b143f8e3bc187b29df17829f8f,gx-no-cache=1492012624003 HTTP/1.1" 200 78
201.214.54.252 - - [12/Apr/2017:12:56:04 -0300] "GET /cormun/servlet/apermisogoceprn?7929946,P,20170412134420,PU HTTP/1.1" 200 1652
201.214.54.252 - - [12/Apr/2017:12:56:04 -0300] "GET /cormun/servlet/apermisogoceprn?7929946,P,20170412134420,PU HTTP/1.1" 200 1652
186.79.144.92 - - [12/Apr/2017:12:56:06 -0300] "GET /cormun/servlet/permisogoce?7d21d79b80dbf02941b868c01010d7b2ad9c7c1151dabb718c3cb7a03aa6d169fcee0587e17e7450850fe6c6fb222d4225956e2a13949e9767e8c6fcb4677056d6ff94da64fa9773b4cfd3ef9dd813b0,gx-no-cache=1492012633004 HTTP/1.1" 200 47
186.79.144.92 - - [12/Apr/2017:12:56:07 -0300] "POST /cormun/servlet/permisogoce?1ffc3adc9fa7eb2825617968bfc7e62b,UPD,7491739,P,20170412125722,,gx-no-cache=1492012633098 HTTP/1.1" 200 4221
186.79.144.92 - - [12/Apr/2017:12:56:07 -0300] "GET /cormun/static/Shared/jqueryui/images/ui-bg_highlight-soft_100_c6c2c8_1x100.png HTTP/1.1" 404 1117
186.79.144.92 - - [12/Apr/2017:12:56:07 -0300] "GET /cormun/static/Shared/jqueryui/images/ui-icons_82798d_256x240.png HTTP/1.1" 404 1089
186.79.144.92 - - [12/Apr/2017:12:56:07 -0300] "GET /cormun/static/Shared/jqueryui/images/ui-bg_flat_55_994d53_40x100.png HTTP/1.1" 404 1097
186.79.144.92 - - [12/Apr/2017:12:56:07 -0300] "GET /cormun/static/Shared/jqueryui/images/ui-icons_ebccce_256x240.png HTTP/1.1" 404 1089
186.103.157.246 - - [12/Apr/2017:12:56:08 -0300] "GET /cormun/static/menuarrow.gif HTTP/1.1" 404 1015
192.168.10.13 - - [12/Apr/2017:12:56:17 -0300] "GET / HTTP/1.1" 200 11217
186.79.144.92 - - [12/Apr/2017:12:56:18 -0300] "GET /cormun/servlet/permisogoce?7d21d79b80dbf02941b868c01010d7b2ad9c7c1151dabb718c3cb7a03aa6d169fcee0587e17e7450850fe6c6fb222d4225956e2a13949e9767e8c6fcb4677056d6ff94da64fa9773b4cfd3ef9dd813b0,gx-no-cache=1492012645259 HTTP/1.1" 200 47
186.79.144.92 - - [12/Apr/2017:12:56:19 -0300] "POST /cormun/servlet/permisogoce?1ffc3adc9fa7eb2825617968bfc7e62b,UPD,7491739,P,20170412125722,,gx-no-cache=1492012645324 HTTP/1.1" 200 4179
200.86.95.220 - - [12/Apr/2017:12:56:30 -0300] "GET /cormun/servlet/hlogin HTTP/1.1" 200 1723
200.86.95.220 - - [12/Apr/2017:12:56:30 -0300] "GET /cormun/static/messages.spa.js?85251 HTTP/1.1" 200 30736
186.79.144.92 - - [12/Apr/2017:12:56:39 -0300] "POST /cormun/servlet/permisogoce?1ffc3adc9fa7eb2825617968bfc7e62b,UPD,7491739,P,20170412125722,,gx-no-cache=1492012665907 HTTP/1.1" 200 4179
200.86.95.220 - - [12/Apr/2017:12:56:40 -0300] "POST /cormun/servlet/hlogin?a32a321afcb08b7773f9c9309188ebfc,gx-no-cache=1492012666730 HTTP/1.1" 200 90
200.86.95.220 - - [12/Apr/2017:12:56:40 -0300] "GET /cormun/servlet/hpexe_link HTTP/1.1" 200 954
200.86.95.220 - - [12/Apr/2017:12:56:40 -0300] "GET /cormun/servlet/hhome HTTP/1.1" 200 3768
200.86.95.220 - - [12/Apr/2017:12:56:42 -0300] "GET /cormun/servlet/hhome HTTP/1.1" 200 3765
186.79.144.92 - - [12/Apr/2017:12:56:43 -0300] "POST /cormun/servlet/permisogoce?1ffc3adc9fa7eb2825617968bfc7e62b,UPD,7491739,P,20170412125722,,gx-no-cache=1492012669396 HTTP/1.1" 200 4179
192.168.10.96 - - [12/Apr/2017:12:56:44 -0300] "GET /cormun/servlet/trsolicitudgral? HTTP/1.1" 200 25377
192.168.10.96 - - [12/Apr/2017:12:56:44 -0300] "GET /cormun/static/gxcfg.js?201732110400 HTTP/1.1" 304 -
200.86.95.220 - - [12/Apr/2017:12:56:45 -0300] "GET /cormun/servlet/trpermisosingoce? HTTP/1.1" 200 6552
200.86.95.220 - - [12/Apr/2017:12:56:45 -0300] "GET /cormun/static/gxcfg.js?2016111619312653 HTTP/1.1" 200 953
200.86.95.220 - - [12/Apr/2017:12:56:45 -0300] "GET /cormun/static/trpermisosingoce.js?2016111619313084 HTTP/1.1" 200 31498
192.168.10.96 - - [12/Apr/2017:12:56:46 -0300] "GET /cormun/servlet/trsolicitudgral? HTTP/1.1" 200 25376
200.86.95.220 - - [12/Apr/2017:12:56:46 -0300] "GET /cormun/servlet/trpermisosingoce? HTTP/1.1" 200 6551
200.86.95.220 - - [12/Apr/2017:12:56:49 -0300] "GET /cormun/servlet/permisosingoce?INS,0, HTTP/1.1" 200 6487
200.86.95.220 - - [12/Apr/2017:12:56:49 -0300] "GET /cormun/static/gxcfg.js?201732912123489 HTTP/1.1" 200 953
200.86.95.220 - - [12/Apr/2017:12:56:49 -0300] "GET /cormun/static/permisosingoce.js?201732912123526 HTTP/1.1" 200 24247
200.86.95.220 - - [12/Apr/2017:12:56:50 -0300] "GET /cormun/servlet/permisosingoce?INS,0, HTTP/1.1" 200 6487
192.168.10.96 - - [12/Apr/2017:12:56:51 -0300] "POST /cormun/servlet/trsolicitudgral?8d087af2704d0ad096b53546c5de5923,,gx-no-cache=1492015886406 HTTP/1.1" 200 10197
186.79.144.92 - - [12/Apr/2017:12:56:52 -0300] "GET /cormun/servlet/puconsultapgoce?7491739,MD,gxPopupLevel%3D0%3B HTTP/1.1" 200 4211
186.79.144.92 - - [12/Apr/2017:12:56:52 -0300] "GET /cormun/static/gxcfg.js?201741110392772 HTTP/1.1" 304 -
186.79.144.92 - - [12/Apr/2017:12:56:52 -0300] "GET /cormun/pexe_windows.js HTTP/1.1" 404 1005
186.79.144.92 - - [12/Apr/2017:12:56:52 -0300] "GET /cormun/pexe_menus.js HTTP/1.1" 404 1001
186.79.144.92 - - [12/Apr/2017:12:56:52 -0300] "GET /cormun/pexe_cookies.js HTTP/1.1" 404 1005
186.79.144.92 - - [12/Apr/2017:12:56:52 -0300] "GET /cormun/pexe_grid.js HTTP/1.1" 404 999
186.79.144.92 - - [12/Apr/2017:12:56:52 -0300] "GET /cormun/pexe_layers.js HTTP/1.1" 404 1003
186.79.144.92 - - [12/Apr/2017:12:56:52 -0300] "GET /cormun/pexe_link.js HTTP/1.1" 404 999
186.79.144.92 - - [12/Apr/2017:12:56:52 -0300] "GET /cormun/pexe_griddivfix.js HTTP/1.1" 404 1011
186.79.144.92 - - [12/Apr/2017:12:56:52 -0300] "GET /cormun/pexe_picture.js HTTP/1.1" 404 1005
186.79.144.92 - - [12/Apr/2017:12:56:52 -0300] "GET /cormun/pexe_treedivfix.js HTTP/1.1" 404 1011
186.79.144.92 - - [12/Apr/2017:12:56:52 -0300] "GET /cormun/pexe_menudivfix.js HTTP/1.1" 404 1011
186.79.144.92 - - [12/Apr/2017:12:56:52 -0300] "GET /cormun/static/puconsultapgoce.js?201741110393027 HTTP/1.1" 304 -
186.79.144.92 - - [12/Apr/2017:12:56:52 -0300] "GET /cormun/pexe_windows.js HTTP/1.1" 404 1005
186.79.144.92 - - [12/Apr/2017:12:56:53 -0300] "GET /cormun/pexe_link.js HTTP/1.1" 404 999
186.79.144.92 - - [12/Apr/2017:12:56:53 -0300] "GET /cormun/pexe_autoreload.js HTTP/1.1" 404 1011
186.79.144.92 - - [12/Apr/2017:12:56:53 -0300] "GET /cormun/pexe_tabdivfix.js HTTP/1.1" 404 1009
186.79.144.92 - - [12/Apr/2017:12:56:53 -0300] "GET /cormun/pexe_cookies.js HTTP/1.1" 404 1005
186.79.144.92 - - [12/Apr/2017:12:56:53 -0300] "GET /cormun/pexe_grid.js HTTP/1.1" 404 999
186.79.144.92 - - [12/Apr/2017:12:56:53 -0300] "GET /cormun/pexe_griddivfix.js HTTP/1.1" 404 1011
186.79.144.92 - - [12/Apr/2017:12:56:53 -0300] "GET /cormun/pexe_picture.js HTTP/1.1" 404 1005
186.79.144.92 - - [12/Apr/2017:12:56:53 -0300] "GET /cormun/pexe_treedivfix.js HTTP/1.1" 404 1011
186.79.144.92 - - [12/Apr/2017:12:56:53 -0300] "GET /cormun/pexe_autoreload.js HTTP/1.1" 404 1011
186.79.144.92 - - [12/Apr/2017:12:56:53 -0300] "GET /cormun/pexe_menudivfix.js HTTP/1.1" 404 1011
186.79.144.92 - - [12/Apr/2017:12:56:53 -0300] "GET /cormun/pexe_tabdivfix.js HTTP/1.1" 404 1009
186.79.144.92 - - [12/Apr/2017:12:57:01 -0300] "POST /cormun/servlet/puconsultapgoce?1ffc3adc9fa7eb2825617968bfc7e62b,7491739,MD,gxPopupLevel%3D0%3B,gx-no-cache=1492012687903 HTTP/1.1" 200 59
200.86.95.220 - - [12/Apr/2017:12:57:03 -0300] "GET /cormun/servlet/permisosingoce?400ef95a6d6f4dd9e947dd9b30d31cb6c5c8091d47bb38bc2e5bbeedb85de60e7e3918c0257060dd035720f42b66d709,gx-no-cache=1492012689830 HTTP/1.1" 200 68
200.86.95.220 - - [12/Apr/2017:12:57:03 -0300] "GET /cormun/static/menuarrow.gif HTTP/1.1" 404 1015
192.168.10.96 - - [12/Apr/2017:12:57:05 -0300] "POST /cormun/servlet/trsolicitudgral?8d087af2704d0ad096b53546c5de5923,,gx-no-cache=1492015899946 HTTP/1.1" 200 10201
200.86.95.220 - - [12/Apr/2017:12:57:17 -0300] "GET /cormun/servlet/permisosingoce?400ef95a6d6f4dd9e947dd9b30d31cb66c823f6ce81a528d32ac167ef2be90b33f7903515842b194cc17c44581cf585a,gx-no-cache=1492012703631 HTTP/1.1" 200 33
192.168.10.13 - - [12/Apr/2017:12:57:17 -0300] "GET / HTTP/1.1" 200 11217
186.103.159.204 - - [12/Apr/2017:12:57:18 -0300] "POST /cormun/servlet/hlogin?db4c0aa5287e7e2ada244b6d48468ace,gx-no-cache=1492012701323 HTTP/1.1" 440 972
186.103.159.204 - - [12/Apr/2017:12:57:23 -0300] "GET /cormun/servlet/hlogin HTTP/1.1" 200 1739
200.86.95.220 - - [12/Apr/2017:12:57:39 -0300] "GET /cormun/servlet/permisosingoce?400ef95a6d6f4dd9e947dd9b30d31cb66c823f6ce81a528d32ac167ef2be90b372049cd0f9d4a5bc40b68530d0bec530,gx-no-cache=1492012726311 HTTP/1.1" 200 33
200.86.95.220 - - [12/Apr/2017:12:57:42 -0300] "GET /cormun/servlet/permisosingoce?400ef95a6d6f4dd9e947dd9b30d31cb6a10f437530916313275ae3ed14cbdb591bd45fb0a5a52447f10f507c0b1ca02f2157b8ec87711b522095a6799e837adf84c98e7958189c4e51fb93341515f9d39f127aab9c95bee30394ebad228887b15b94cf39a26e0a90bff654b20c7057c7077dfb02a741f1cee9e6c129f0f68eb21ae6f320c13f25443c673a6143d98f13b4985fe30a666a09542bb6d688671683,gx-no-cache=1492012729088 HTTP/1.1" 200 41
200.86.95.220 - - [12/Apr/2017:12:58:08 -0300] "POST /cormun/servlet/permisosingoce?a32a321afcb08b7773f9c9309188ebfc,INS,0,,gx-no-cache=1492012754407 HTTP/1.1" 200 93
200.86.95.220 - - [12/Apr/2017:12:58:08 -0300] "GET /cormun/servlet/hpexe_return? HTTP/1.1" 200 1009
200.86.95.220 - - [12/Apr/2017:12:58:09 -0300] "GET /cormun/servlet/trpermisosingoce HTTP/1.1" 200 7375
200.86.95.220 - - [12/Apr/2017:12:58:10 -0300] "GET /cormun/servlet/trpermisosingoce HTTP/1.1" 200 7371
200.86.95.220 - - [12/Apr/2017:12:58:15 -0300] "GET /cormun/servlet/apermisosingoceprn?67,PU HTTP/1.1" 200 1642
192.168.10.13 - - [12/Apr/2017:12:58:17 -0300] "GET / HTTP/1.1" 200 11217
186.79.144.92 - - [12/Apr/2017:12:58:38 -0300] "POST /cormun/servlet/permisogoce?1ffc3adc9fa7eb2825617968bfc7e62b,UPD,7491739,P,20170412125722,,gx-no-cache=1492012784356 HTTP/1.1" 200 93
186.79.144.92 - - [12/Apr/2017:12:58:38 -0300] "GET /cormun/servlet/hpexe_return? HTTP/1.1" 200 1035
186.79.144.92 - - [12/Apr/2017:12:58:38 -0300] "GET /cormun/servlet/trpermisosgoce HTTP/1.1" 200 7346
186.79.144.92 - - [12/Apr/2017:12:58:39 -0300] "GET /cormun/servlet/trpermisosgoce HTTP/1.1" 200 7342
192.168.10.13 - - [12/Apr/2017:12:59:17 -0300] "GET / HTTP/1.1" 200 11217
192.168.10.13 - - [12/Apr/2017:13:00:17 -0300] "GET / HTTP/1.1" 200 11217
186.103.157.246 - - [12/Apr/2017:13:00:46 -0300] "GET /cormun/servlet/licenciaspermisos?3527dfa6f8f0b4268223232d739f75b6d51d1183b895f4a2fafcc50c025086f733e4d78bdb94762deffaa9b1487db751288823b407e97d68eab1019eebdf5d58304ffa85dc5be5b4e227033bc89fcb6585a569fb3a11b0b83e37e0b34451dfeb88f1a9cdb5cc28609a23325a90ad20479fd5caa68cf287eb983350819c5f84d57caf20032a1ab6e60c22cdbe51d1c4f2a7b1a3e40317d7a54166212732e21280464d42c45dbba255731de815b92143855b048aefac071544f15ed3d646a76f6ebf60147a6e2473ed761d1651e337c196e12d69372267d6db4258f23c483b92d6,gx-no-cache=1492012916317 HTTP/1.1" 200 30
186.103.157.246 - - [12/Apr/2017:13:00:51 -0300] "GET /cormun/servlet/licenciaspermisos?3527dfa6f8f0b4268223232d739f75b6995cfb3fa499c240f5496de9fc43d1f84c5a6a03c3279e26c5c66a8c8f6343dc6a075e5c0bed7b58e3ea84fb95bc7e1f385889513b8bf3e169e98ed9ef8bc3f395e725dbb3895bbe7d5c243a194f428c6e9e85bb8a7fb3e27c70f14e1d5103eb56a801a4e0717cb3ba63788a16cec5a3ccf3aa5c81e9462ee1a54483ce7b49495bca570a17ba3c1addfb3a0e1d78745ade2c5a85603601c8bdf1aa0037ad37559cfc2a5eaeae01ffabefbda73cb9019652ff8ebe54af73777a71f5ded5c2c9cee1238f3eca6eb69f495dc7919f5d5940,gx-no-cache=1492012921672 HTTP/1.1" 200 29
186.103.157.246 - - [12/Apr/2017:13:00:52 -0300] "POST /cormun/servlet/licenciaspermisos?676eba0a3e1704b116a39989e31c5e73,INS,0,,,,gx-no-cache=1492012926772 HTTP/1.1" 200 93
186.103.157.246 - - [12/Apr/2017:13:00:52 -0300] "GET /cormun/servlet/hpexe_return? HTTP/1.1" 200 1015
186.103.157.246 - - [12/Apr/2017:13:00:55 -0300] "GET /cormun/static/gxcfg.js?2016101716175148 HTTP/1.1" 200 953
186.103.157.246 - - [12/Apr/2017:13:00:57 -0300] "GET /cormun/servlet/trlicencias HTTP/1.1" 200 7977
186.103.157.246 - - [12/Apr/2017:13:00:58 -0300] "GET /cormun/servlet/trlicencias HTTP/1.1" 200 7972
192.168.10.13 - - [12/Apr/2017:13:01:17 -0300] "GET / HTTP/1.1" 200 11217
201.214.54.252 - - [12/Apr/2017:13:01:41 -0300] "GET /cormun/servlet/trpermisosadjuntos?7929946,20170412134747,P, HTTP/1.1" 200 6263
201.214.54.252 - - [12/Apr/2017:13:01:41 -0300] "GET /cormun/static/gxcfg.js?201731711542659 HTTP/1.1" 200 953
201.214.54.252 - - [12/Apr/2017:13:01:41 -0300] "GET /cormun/static/messages.spa.js?85251 HTTP/1.1" 304 -
201.214.54.252 - - [12/Apr/2017:13:01:41 -0300] "GET /cormun/static/trpermisosadjuntos.js?201731711542990 HTTP/1.1" 200 20045
186.79.144.92 - - [12/Apr/2017:13:02:06 -0300] "GET /cormun/servlet/hhome HTTP/1.1" 200 3715
186.79.144.92 - - [12/Apr/2017:13:02:07 -0300] "GET /cormun/servlet/hhome HTTP/1.1" 200 3720
201.214.54.252 - - [12/Apr/2017:13:02:07 -0300] "GET /cormun/servlet/permisosadjuntos?INS,7929946,P,20170412134747,, HTTP/1.1" 200 5597
201.214.54.252 - - [12/Apr/2017:13:02:07 -0300] "GET /cormun/static/gxcfg.js?201741111155774 HTTP/1.1" 200 953
201.214.54.252 - - [12/Apr/2017:13:02:08 -0300] "GET /cormun/static/permisosadjuntos.js?201741111155784 HTTP/1.1" 200 8724
201.214.54.252 - - [12/Apr/2017:13:02:08 -0300] "HEAD /cormun/static/about:blank HTTP/1.1" 404 -
192.168.10.13 - - [12/Apr/2017:13:02:17 -0300] "GET / HTTP/1.1" 200 11217
186.79.144.92 - - [12/Apr/2017:13:02:24 -0300] "GET /cormun/servlet/trpermisosgoce? HTTP/1.1" 200 7343
186.79.144.92 - - [12/Apr/2017:13:02:24 -0300] "GET /cormun/servlet/trpermisosgoce? HTTP/1.1" 200 7342
186.79.144.92 - - [12/Apr/2017:13:02:29 -0300] "GET /cormun/servlet/permisogoce?UPD,7491739,P,20170412125722, HTTP/1.1" 200 6562
186.79.144.92 - - [12/Apr/2017:13:02:29 -0300] "GET /cormun/servlet/permisogoce?UPD,7491739,P,20170412125722, HTTP/1.1" 200 6563
186.79.144.92 - - [12/Apr/2017:13:02:30 -0300] "GET /cormun/servlet/permisogoce?7d21d79b80dbf02941b868c01010d7b2e43e76c04115a6a7744f4c174bd5a60b206591b143f8e3bc187b29df17829f8f,gx-no-cache=1492013017006 HTTP/1.1" 200 78
201.214.54.252 - - [12/Apr/2017:13:02:31 -0300] "POST /cormun/servlet/permisosadjuntos?c23ec50f0aab864830b4eb757e81aae4,INS,7929946,P,20170412134747,, HTTP/1.1" 200 116
201.214.54.252 - - [12/Apr/2017:13:02:31 -0300] "GET /cormun/servlet/hpexe_return? HTTP/1.1" 200 1034
201.214.54.252 - - [12/Apr/2017:13:02:32 -0300] "GET /cormun/servlet/trpermisosadjuntos?7929946,20170412134747,P, HTTP/1.1" 200 6770
201.214.54.252 - - [12/Apr/2017:13:02:33 -0300] "HEAD /cormun/PublicTempStorage/memo_jacqueline_negrete_dia_17_de_abril6377555.pdf HTTP/1.1" 200 -
201.214.54.252 - - [12/Apr/2017:13:02:34 -0300] "GET /cormun/PublicTempStorage/memo_jacqueline_negrete_dia_17_de_abril6377555.pdf HTTP/1.1" 200 206840
201.214.54.252 - - [12/Apr/2017:13:02:37 -0300] "GET /cormun/PublicTempStorage/memo_jacqueline_negrete_dia_17_de_abril6377555.pdf HTTP/1.1" 200 206840
201.214.54.252 - - [12/Apr/2017:13:02:37 -0300] "GET /cormun/PublicTempStorage/memo_jacqueline_negrete_dia_17_de_abril6377555.pdf HTTP/1.1" 304 -
186.79.144.92 - - [12/Apr/2017:13:02:39 -0300] "GET /cormun/servlet/permisogoce?7d21d79b80dbf02941b868c01010d7b2ad9c7c1151dabb718c3cb7a03aa6d169fcee0587e17e7450850fe6c6fb222d4225956e2a13949e9767e8c6fcb4677056d6ff94da64fa9773b4cfd3ef9dd813b0,gx-no-cache=1492013026565 HTTP/1.1" 200 47
186.79.144.92 - - [12/Apr/2017:13:02:40 -0300] "POST /cormun/servlet/permisogoce?1ffc3adc9fa7eb2825617968bfc7e62b,UPD,7491739,P,20170412125722,,gx-no-cache=1492013026633 HTTP/1.1" 200 4222
186.79.144.92 - - [12/Apr/2017:13:02:40 -0300] "GET /cormun/static/Shared/jqueryui/images/ui-bg_highlight-soft_100_c6c2c8_1x100.png HTTP/1.1" 404 1117
186.79.144.92 - - [12/Apr/2017:13:02:40 -0300] "GET /cormun/static/Shared/jqueryui/images/ui-icons_82798d_256x240.png HTTP/1.1" 404 1089
186.79.144.92 - - [12/Apr/2017:13:02:40 -0300] "GET /cormun/static/Shared/jqueryui/images/ui-bg_flat_55_994d53_40x100.png HTTP/1.1" 404 1097
186.79.144.92 - - [12/Apr/2017:13:02:40 -0300] "GET /cormun/static/Shared/jqueryui/images/ui-icons_ebccce_256x240.png HTTP/1.1" 404 1089
201.214.54.252 - - [12/Apr/2017:13:02:47 -0300] "GET /cormun/servlet/trpermisosadjuntos?7929946,20170412134747,P, HTTP/1.1" 200 6770
201.214.54.252 - - [12/Apr/2017:13:02:49 -0300] "HEAD /cormun/PublicTempStorage/memo_jacqueline_negrete_dia_17_de_abril9492581.pdf HTTP/1.1" 200 -
186.79.144.92 - - [12/Apr/2017:13:02:49 -0300] "GET /cormun/servlet/permisogoce?7d21d79b80dbf02941b868c01010d7b2ad9c7c1151dabb718c3cb7a03aa6d169fcee0587e17e7450850fe6c6fb222d4225956e2a13949e9767e8c6fcb4677056d6ff94da64fa9773b4cfd3ef9dd813b0,gx-no-cache=1492013036451 HTTP/1.1" 200 47
201.214.54.252 - - [12/Apr/2017:13:02:49 -0300] "GET /cormun/PublicTempStorage/memo_jacqueline_negrete_dia_17_de_abril9492581.pdf HTTP/1.1" 200 206840
186.79.144.92 - - [12/Apr/2017:13:02:50 -0300] "POST /cormun/servlet/permisogoce?1ffc3adc9fa7eb2825617968bfc7e62b,UPD,7491739,P,20170412125722,,gx-no-cache=1492013036514 HTTP/1.1" 200 4180
186.79.144.92 - - [12/Apr/2017:13:02:53 -0300] "POST /cormun/servlet/permisogoce?1ffc3adc9fa7eb2825617968bfc7e62b,UPD,7491739,P,20170412125722,,gx-no-cache=1492013040068 HTTP/1.1" 200 93
186.79.144.92 - - [12/Apr/2017:13:02:53 -0300] "GET /cormun/servlet/hpexe_return? HTTP/1.1" 200 1035
201.214.54.252 - - [12/Apr/2017:13:02:53 -0300] "POST /cormun/servlet/trpermisosadjuntos?c23ec50f0aab864830b4eb757e81aae4,7929946,20170412134747,P,,gx-no-cache=1492013039018 HTTP/1.1" 200 90
186.79.144.92 - - [12/Apr/2017:13:02:53 -0300] "GET /cormun/servlet/trpermisosgoce HTTP/1.1" 200 7346
201.214.54.252 - - [12/Apr/2017:13:02:53 -0300] "GET /cormun/servlet/hpexe_link HTTP/1.1" 200 980
201.214.54.252 - - [12/Apr/2017:13:02:54 -0300] "GET /cormun/servlet/trpermisosgoce HTTP/1.1" 200 8026
186.79.144.92 - - [12/Apr/2017:13:02:54 -0300] "GET /cormun/servlet/trpermisosgoce HTTP/1.1" 200 7342
192.168.10.96 - - [12/Apr/2017:13:03:12 -0300] "GET /cormun/servlet/trsolicitudgral? HTTP/1.1" 200 13289
192.168.10.96 - - [12/Apr/2017:13:03:13 -0300] "GET /cormun/servlet/trsolicitudgral? HTTP/1.1" 200 13289
192.168.10.13 - - [12/Apr/2017:13:03:17 -0300] "GET / HTTP/1.1" 200 11217
201.214.54.252 - - [12/Apr/2017:13:03:19 -0300] "POST /cormun/servlet/trpermisosgoce?c23ec50f0aab864830b4eb757e81aae4,gx-no-cache=1492013064339 HTTP/1.1" 200 4713
201.214.54.252 - - [12/Apr/2017:13:03:19 -0300] "GET /cormun/static/Shared/jqueryui/images/ui-icons_8d78a5_256x240.png HTTP/1.1" 404 1089
201.214.54.252 - - [12/Apr/2017:13:03:19 -0300] "GET /cormun/static/Shared/jqueryui/images/ui-bg_highlight-soft_100_c6c2c8_1x100.png HTTP/1.1" 404 1117
201.214.54.252 - - [12/Apr/2017:13:03:19 -0300] "GET /cormun/static/Shared/jqueryui/images/ui-icons_82798d_256x240.png HTTP/1.1" 404 1089
201.214.54.252 - - [12/Apr/2017:13:03:19 -0300] "GET /cormun/static/Shared/jqueryui/images/ui-bg_flat_55_fafafa_40x100.png HTTP/1.1" 404 1097
192.168.10.96 - - [12/Apr/2017:13:03:23 -0300] "POST /cormun/servlet/trsolicitudgral?8d087af2704d0ad096b53546c5de5923,,gx-no-cache=1492016278212 HTTP/1.1" 200 9208
201.214.54.252 - - [12/Apr/2017:13:03:55 -0300] "GET /cormun/servlet/trlicencias? HTTP/1.1" 200 6812
201.214.54.252 - - [12/Apr/2017:13:03:55 -0300] "GET /cormun/static/gxcfg.js?201741111445981 HTTP/1.1" 200 953
201.214.54.252 - - [12/Apr/2017:13:03:55 -0300] "GET /cormun/static/trlicencias.js?20174111145440 HTTP/1.1" 200 37913
201.214.54.252 - - [12/Apr/2017:13:04:00 -0300] "GET /cormun/servlet/licenciaspermisos?INS,0,,, HTTP/1.1" 200 7349
201.214.54.252 - - [12/Apr/2017:13:04:00 -0300] "GET /cormun/static/gxcfg.js?201741111445322 HTTP/1.1" 200 953
201.214.54.252 - - [12/Apr/2017:13:04:00 -0300] "GET /cormun/static/licenciaspermisos.js?201741111445392 HTTP/1.1" 200 34444
201.214.54.252 - - [12/Apr/2017:13:04:10 -0300] "GET /cormun/servlet/prfichaempleado?,MD,,gxPopupLevel%3D0%3B HTTP/1.1" 200 8784
192.168.10.13 - - [12/Apr/2017:13:04:17 -0300] "GET / HTTP/1.1" 200 11217
201.214.54.252 - - [12/Apr/2017:13:04:27 -0300] "POST /cormun/servlet/prfichaempleado?c23ec50f0aab864830b4eb757e81aae4,,MD,,gxPopupLevel%3D0%3B,gx-no-cache=1492013132791 HTTP/1.1" 200 3393
201.214.54.252 - - [12/Apr/2017:13:04:34 -0300] "GET /cormun/servlet/licenciaspermisos?6342e4d80233911c5b9fe443146fa72701596e3fb4270cc5ce5a2e6d2eae242849552440eb126b4077f6de775d560e87,gx-no-cache=1492013139825 HTTP/1.1" 200 59
201.214.54.252 - - [12/Apr/2017:13:04:34 -0300] "POST /cormun/servlet/licenciaspermisos?c23ec50f0aab864830b4eb757e81aae4,INS,0,,,,gx-no-cache=1492013139950 HTTP/1.1" 200 4604
192.168.10.13 - - [12/Apr/2017:13:05:17 -0300] "GET / HTTP/1.1" 200 11217
201.214.54.252 - - [12/Apr/2017:13:05:38 -0300] "GET /cormun/static/menuarrow.gif HTTP/1.1" 404 1015
192.168.10.13 - - [12/Apr/2017:13:06:17 -0300] "GET / HTTP/1.1" 200 11217
192.168.10.13 - - [12/Apr/2017:13:07:17 -0300] "GET / HTTP/1.1" 200 11217
192.168.10.13 - - [12/Apr/2017:13:08:17 -0300] "GET / HTTP/1.1" 200 11217
186.103.157.246 - - [12/Apr/2017:13:08:59 -0300] "GET /cormun/servlet/hlogin HTTP/1.1" 200 1708
186.103.157.246 - - [12/Apr/2017:13:08:59 -0300] "GET /cormun/static/Resources/Spanish/PXTools.css?11294912 HTTP/1.1" 304 -
186.103.157.246 - - [12/Apr/2017:13:08:59 -0300] "GET /cormun/static/gxtimezone.js?85251 HTTP/1.1" 304 -
186.103.157.246 - - [12/Apr/2017:13:08:59 -0300] "GET /cormun/static/gxgral.js?85251 HTTP/1.1" 304 -
186.103.157.246 - - [12/Apr/2017:13:08:59 -0300] "GET /cormun/static/gxcfg.js?201741110203197 HTTP/1.1" 304 -
186.103.157.246 - - [12/Apr/2017:13:08:59 -0300] "GET /cormun/static/hlogin.js?201741110203211 HTTP/1.1" 304 -
186.103.157.246 - - [12/Apr/2017:13:08:59 -0300] "GET /cormun/static/messages.spa.js?85251 HTTP/1.1" 304 -
186.103.157.246 - - [12/Apr/2017:13:08:59 -0300] "GET /cormun/static/Resources/ComunLogin.png HTTP/1.1" 304 -
186.103.157.246 - - [12/Apr/2017:13:08:59 -0300] "GET /cormun/static/Resources/PXToolsLoginBackground.png HTTP/1.1" 304 -
186.103.157.246 - - [12/Apr/2017:13:08:59 -0300] "GET /cormun/static/Resources/PXToolsLoginTop.png HTTP/1.1" 304 -
186.103.157.246 - - [12/Apr/2017:13:08:59 -0300] "GET /cormun/static/Resources/PXToolsButtonRight21.png HTTP/1.1" 304 -
186.103.157.246 - - [12/Apr/2017:13:08:59 -0300] "GET /cormun/static/Resources/PXToolsButtonLeft21.png HTTP/1.1" 304 -
186.103.157.246 - - [12/Apr/2017:13:09:00 -0300] "GET /cormun/static/Resources/PXToolsLoginBottom.png HTTP/1.1" 304 -
186.103.157.246 - - [12/Apr/2017:13:09:02 -0300] "GET /cormun/static/Resources/PXToolsButtonBackground2.png HTTP/1.1" 304 -
186.103.157.246 - - [12/Apr/2017:13:09:02 -0300] "GET /cormun/static/Resources/indicator.gif HTTP/1.1" 304 -
186.103.157.246 - - [12/Apr/2017:13:09:14 -0300] "POST /cormun/servlet/hlogin?7b18d340a0b92109481f96c080e5081b,gx-no-cache=1492017016997 HTTP/1.1" 200 90
186.103.157.246 - - [12/Apr/2017:13:09:14 -0300] "GET /cormun/servlet/hpexe_link HTTP/1.1" 200 942
186.103.157.246 - - [12/Apr/2017:13:09:14 -0300] "GET /cormun/static/hpexe_link.js?201731711483384 HTTP/1.1" 304 -
186.103.157.246 - - [12/Apr/2017:13:09:14 -0300] "GET /cormun/static/gxcfg.js?201731711483381 HTTP/1.1" 304 -
186.103.157.246 - - [12/Apr/2017:13:09:14 -0300] "GET /cormun/servlet/hhome HTTP/1.1" 200 3703
186.103.157.246 - - [12/Apr/2017:13:09:14 -0300] "GET /cormun/static/Shared/jqueryui/jquery-ui.min.css?1245370 HTTP/1.1" 304 -
186.103.157.246 - - [12/Apr/2017:13:09:14 -0300] "GET /cormun/static/SmoothNavMenu/resources/ddsmoothmenu.css?1012540 HTTP/1.1" 304 -
186.103.157.246 - - [12/Apr/2017:13:09:14 -0300] "GET /cormun/static/SmoothNavMenu/resources/ddsmoothmenu-v.css?1012540 HTTP/1.1" 304 -
186.103.157.246 - - [12/Apr/2017:13:09:14 -0300] "GET /cormun/static/scaMessage/css/jquery.pnotify.default.css?1716380 HTTP/1.1" 304 -
186.103.157.246 - - [12/Apr/2017:13:09:14 -0300] "GET /cormun/static/gxcfg.js?201731711483497 HTTP/1.1" 304 -
186.103.157.246 - - [12/Apr/2017:13:09:14 -0300] "GET /cormun/static/PXToolsJavascripts/pexe_autoreload.js HTTP/1.1" 304 -
186.103.157.246 - - [12/Apr/2017:13:09:14 -0300] "GET /cormun/static/PXToolsJavascripts/pexe_layers.js HTTP/1.1" 304 -
186.103.157.246 - - [12/Apr/2017:13:09:14 -0300] "GET /cormun/static/PXToolsJavascripts/pexe_menus.js HTTP/1.1" 304 -
186.103.157.246 - - [12/Apr/2017:13:09:14 -0300] "GET /cormun/static/PXToolsJavascripts/pexe_oav.js HTTP/1.1" 304 -
186.103.157.246 - - [12/Apr/2017:13:09:14 -0300] "GET /cormun/static/PXToolsJavascripts/pexe_oavdivfix.js HTTP/1.1" 304 -
186.103.157.246 - - [12/Apr/2017:13:09:14 -0300] "GET /cormun/static/PXToolsJavascripts/pexe_popup.js HTTP/1.1" 304 -
186.103.157.246 - - [12/Apr/2017:13:09:14 -0300] "GET /cormun/static/PXToolsJavascripts/pexe_scrolldiv.js HTTP/1.1" 304 -
186.103.157.246 - - [12/Apr/2017:13:09:14 -0300] "GET /cormun/static/PXToolsJavascripts/pexe_upload.js HTTP/1.1" 304 -
186.103.157.246 - - [12/Apr/2017:13:09:14 -0300] "GET /cormun/static/PXToolsJavascripts/pexe_tabdivfix.js HTTP/1.1" 304 -
186.103.157.246 - - [12/Apr/2017:13:09:14 -0300] "GET /cormun/static/PXToolsJavascripts/pexe_tabs.js HTTP/1.1" 304 -
186.103.157.246 - - [12/Apr/2017:13:09:14 -0300] "GET /cormun/static/gxui/gxui-all.js HTTP/1.1" 304 -
186.103.157.246 - - [12/Apr/2017:13:09:14 -0300] "GET /cormun/static/Shared/ext/locale/ext-lang-en.js HTTP/1.1" 304 -
186.103.157.246 - - [12/Apr/2017:13:09:14 -0300] "GET /cormun/static/hwchdr01.js?201731711335950 HTTP/1.1" 304 -
186.103.157.246 - - [12/Apr/2017:13:09:14 -0300] "GET /cormun/static/hpexe_recentlink.js?201610171694390 HTTP/1.1" 304 -
186.103.157.246 - - [12/Apr/2017:13:09:14 -0300] "GET /cormun/static/hpexe_scripts.js?201731711335890 HTTP/1.1" 304 -
186.103.157.246 - - [12/Apr/2017:13:09:14 -0300] "GET /cormun/static/hpexe_messagecontroller.js?201610171694323 HTTP/1.1" 304 -
186.103.157.246 - - [12/Apr/2017:13:09:14 -0300] "GET /cormun/static/hpexe_messagepopupcomponent.js?20161017169425 HTTP/1.1" 304 -
186.103.157.246 - - [12/Apr/2017:13:09:14 -0300] "GET /cormun/static/hpexe_messagegenexuscomponent.js?201731711335537 HTTP/1.1" 304 -
186.103.157.246 - - [12/Apr/2017:13:09:14 -0300] "GET /cormun/static/Shared/jquery/jquery-1.4.2.min.js HTTP/1.1" 304 -
186.103.157.246 - - [12/Apr/2017:13:09:14 -0300] "GET /cormun/static/Shared/jquery/jquery-1.10.2.min.js HTTP/1.1" 304 -
186.103.157.246 - - [12/Apr/2017:13:09:14 -0300] "GET /cormun/static/Shared/jqueryui/jquery-ui.min.js HTTP/1.1" 304 -
