186.103.159.187 - - [12/Apr/2017:17:33:54 -0300] "GET /cormun/servlet/solicitudot?51c182b677dd1563c5b8d953ca652e00ea6c9e9ec5c891f914860ac0b09a3d6a1966d85eead0ab66c38299fc1a1d26af0b68c5fc3e9c75a96f9d93d30767d62bb918c5260c094043041ec125b327ce5c32224bb12c6e047444160ee1053d70d40ff6427f7636d1bb7e42dfeb9d6ac840a7179fda6ee1ba37eb0d2b7bf9629c4780df2c6fea98cedcfc0a0231257394fba21aac84b84dca4a970a9e6cdb14b789,gx-no-cache=1492032893461 HTTP/1.1" 200 30
186.103.159.44 - - [12/Apr/2017:17:33:55 -0300] "GET /cormun/servlet/solicitudot?INS,0,0, HTTP/1.1" 200 12589
186.79.22.74 - - [12/Apr/2017:17:34:02 -0300] "POST /cormun/servlet/trsolicitudot?4164b75c1636656583cfd0cda880ecce,gx-no-cache=1492032743465 HTTP/1.1" 200 106
186.79.22.74 - - [12/Apr/2017:17:34:02 -0300] "GET /cormun/servlet/trsolicitudadjuntos?2017,6019, HTTP/1.1" 200 5881
186.79.22.74 - - [12/Apr/2017:17:34:02 -0300] "GET /cormun/static/gxcfg.js?201731711504543 HTTP/1.1" 200 953
186.79.22.74 - - [12/Apr/2017:17:34:03 -0300] "GET /cormun/static/trsolicitudadjuntos.js?201731711504951 HTTP/1.1" 200 17913
186.79.22.74 - - [12/Apr/2017:17:34:04 -0300] "GET /cormun/servlet/trsolicitudadjuntos?2017,6019, HTTP/1.1" 200 5881
186.103.159.182 - - [12/Apr/2017:17:34:05 -0300] "GET /cormun/servlet/hlogin HTTP/1.1" 200 1727
186.103.159.182 - - [12/Apr/2017:17:34:05 -0300] "GET /cormun/static/gxcfg.js?201741110203197 HTTP/1.1" 200 953
186.103.159.182 - - [12/Apr/2017:17:34:05 -0300] "GET /cormun/static/messages.spa.js?85251 HTTP/1.1" 200 30736
186.103.159.182 - - [12/Apr/2017:17:34:05 -0300] "GET /cormun/static/hlogin.js?201741110203211 HTTP/1.1" 304 -
186.79.22.74 - - [12/Apr/2017:17:34:06 -0300] "GET /cormun/servlet/solicitudotadjuntos?INS,2017,6019,,1, HTTP/1.1" 200 5820
186.79.22.74 - - [12/Apr/2017:17:34:06 -0300] "GET /cormun/static/gxcfg.js?201612218465951 HTTP/1.1" 200 953
186.79.22.74 - - [12/Apr/2017:17:34:06 -0300] "GET /cormun/static/solicitudotadjuntos.js?201612218465969 HTTP/1.1" 200 11762
186.79.22.74 - - [12/Apr/2017:17:34:07 -0300] "GET /cormun/static/about:blank HTTP/1.1" 404 1011
186.79.22.74 - - [12/Apr/2017:17:34:07 -0300] "GET /cormun/servlet/solicitudotadjuntos?INS,2017,6019,,1, HTTP/1.1" 200 5814
186.79.22.74 - - [12/Apr/2017:17:34:08 -0300] "GET /cormun/servlet/solicitudotadjuntos?1c9464f23f3dd51e41f81307c633242fe1bde579f5a8b4efd13e614629b50ed3d0f4c11be85d120a7b0fe47d70d7df2b,gx-no-cache=1492032749437 HTTP/1.1" 200 30
186.79.22.74 - - [12/Apr/2017:17:34:08 -0300] "POST /cormun/servlet/solicitudotadjuntos?4164b75c1636656583cfd0cda880ecce,INS,2017,6019,,1,,gx-no-cache=1492032749541 HTTP/1.1" 200 3634
186.103.159.182 - - [12/Apr/2017:17:34:12 -0300] "POST /cormun/servlet/hlogin?7bcd6c8c6134b15e18e2e6964c3431ad,gx-no-cache=1492029316416 HTTP/1.1" 200 90
186.103.159.182 - - [12/Apr/2017:17:34:12 -0300] "GET /cormun/servlet/hpexe_link HTTP/1.1" 200 955
186.103.159.182 - - [12/Apr/2017:17:34:12 -0300] "GET /cormun/static/gxcfg.js?201731711483381 HTTP/1.1" 304 -
186.79.22.74 - - [12/Apr/2017:17:34:12 -0300] "POST /cormun/servlet/solicitudotadjuntos?gx-no-cache=1492032753837 HTTP/1.1" 200 26
186.103.159.182 - - [12/Apr/2017:17:34:12 -0300] "GET /cormun/servlet/hhome HTTP/1.1" 200 4067
186.103.159.182 - - [12/Apr/2017:17:34:12 -0300] "GET /cormun/static/gxcfg.js?201731711483497 HTTP/1.1" 304 -
186.103.159.182 - - [12/Apr/2017:17:34:14 -0300] "GET /cormun/servlet/hhome HTTP/1.1" 200 4063
186.103.159.44 - - [12/Apr/2017:17:34:16 -0300] "POST /cormun/servlet/solicitudot?gx-no-cache=1492015778657 HTTP/1.1" 200 3180
186.103.159.44 - - [12/Apr/2017:17:34:16 -0300] "POST /cormun/servlet/solicitudot?c97cff73ac24aab228980b69c8a38c7e,INS,0,0,,gx-no-cache=1492015779138 HTTP/1.1" 200 9776
192.168.10.13 - - [12/Apr/2017:17:34:17 -0300] "GET / HTTP/1.1" 200 11217
186.103.159.44 - - [12/Apr/2017:17:34:20 -0300] "GET /cormun/servlet/solicitudot?6496077780051595c6df4dcce2cbe0173c9ead528512952f7da93d60aac8595dd138691353fc1616d8f87c048997adbf,gx-no-cache=1492015782380 HTTP/1.1" 200 30
186.103.159.44 - - [12/Apr/2017:17:34:20 -0300] "POST /cormun/servlet/solicitudot?gx-no-cache=1492015782463 HTTP/1.1" 200 255
186.103.159.44 - - [12/Apr/2017:17:34:20 -0300] "GET /cormun/servlet/solicitudot?6496077780051595c6df4dcce2cbe017aaff4f61862e7efba4464c964b8c1335e2e06baa59517f4caa556fab7185c27ef7ba4625a5aea9d6a6cc112fb612c516db1f79793c18821f08bd97b19cca3110b2c59612c511d65551bc8bf57e935ed59b40bf54dec98a65ea801d9ac56618b45e4cb36fa549ac5ad3805dcb6fca38e3f7e8a68c085ea5f98c596850e2a8366528f32c9d2da60df78d3ffe22cf637ddc7c17f1e59cde56eb158ea7be552fa7e1ffa573c6c8680e72fa89de0003a59b6903acd7b7432b7a4e04f8cc02c94e62b88ee722084dbf0276d2242a3a07fcdcdef3c4f82868ce4197de8dd796e6e21519150543f29add7d763619184f874aa4193a6551334bd509cea0ddb39e99c444ace780b1b5c10adfe92f28026b03ad892fcce1d4990c748564c285dc9a5314c3c3947ed004e96a5a1f48fabd478e8c487eec1e2eb5b7cf48502f0924ecbe8b9ce467af7e15101f6ea3f7d82cdea7106b9bf6cbdb58123902556e4db1ccce9584600c43b285087fff1002f754d5894d32f1,gx-no-cache=1492015782551 HTTP/1.1" 200 30
186.103.159.44 - - [12/Apr/2017:17:34:22 -0300] "POST /cormun/servlet/solicitudot?gx-no-cache=1492015784636 HTTP/1.1" 200 30
186.79.22.74 - - [12/Apr/2017:17:34:23 -0300] "GET /cormun/servlet/solicitudotadjuntos?1c9464f23f3dd51e41f81307c633242f18177987b48f89a15d8a0a72807601d8,gx-no-cache=1492032764211 HTTP/1.1" 200 30
186.79.22.74 - - [12/Apr/2017:17:34:23 -0300] "GET /cormun/servlet/solicitudotadjuntos?1c9464f23f3dd51e41f81307c633242f18177987b48f89a15d8a0a72807601d8,gx-no-cache=1492032764275 HTTP/1.1" 200 30
186.103.159.44 - - [12/Apr/2017:17:34:24 -0300] "GET /cormun/servlet/prcontratosol?17235421,,,,,MD,,gxPopupLevel%3D0%3B HTTP/1.1" 200 5930
186.103.159.44 - - [12/Apr/2017:17:34:24 -0300] "GET /cormun/static/gxcfg.js?201731711522183 HTTP/1.1" 304 -
186.79.22.74 - - [12/Apr/2017:17:34:27 -0300] "POST /cormun/servlet/solicitudotadjuntos?4164b75c1636656583cfd0cda880ecce,INS,2017,6019,,1, HTTP/1.1" 200 116
186.79.22.74 - - [12/Apr/2017:17:34:28 -0300] "GET /cormun/servlet/hpexe_return? HTTP/1.1" 200 1021
186.79.22.74 - - [12/Apr/2017:17:34:28 -0300] "GET /cormun/servlet/trsolicitudadjuntos?2017,6019, HTTP/1.1" 200 8000
186.79.22.74 - - [12/Apr/2017:17:34:29 -0300] "GET /cormun/servlet/trsolicitudadjuntos?2017,6019, HTTP/1.1" 200 8001
186.79.22.74 - - [12/Apr/2017:17:34:31 -0300] "GET /cormun/servlet/solicitudotadjuntos?INS,2017,6019,,1, HTTP/1.1" 200 5821
186.79.22.74 - - [12/Apr/2017:17:34:32 -0300] "GET /cormun/static/about:blank HTTP/1.1" 404 1011
186.79.22.74 - - [12/Apr/2017:17:34:32 -0300] "GET /cormun/servlet/solicitudotadjuntos?INS,2017,6019,,1, HTTP/1.1" 200 5815
186.79.22.74 - - [12/Apr/2017:17:34:33 -0300] "GET /cormun/servlet/solicitudotadjuntos?1c9464f23f3dd51e41f81307c633242fe1bde579f5a8b4efd13e614629b50ed3d0f4c11be85d120a7b0fe47d70d7df2b,gx-no-cache=1492032774430 HTTP/1.1" 200 30
186.79.22.74 - - [12/Apr/2017:17:34:34 -0300] "POST /cormun/servlet/solicitudotadjuntos?4164b75c1636656583cfd0cda880ecce,INS,2017,6019,,1,,gx-no-cache=1492032774952 HTTP/1.1" 200 3634
186.103.159.44 - - [12/Apr/2017:17:34:34 -0300] "POST /cormun/servlet/solicitudot?gx-no-cache=1492015797041 HTTP/1.1" 200 1291
186.103.159.44 - - [12/Apr/2017:17:34:35 -0300] "POST /cormun/servlet/solicitudot?gx-no-cache=1492015797370 HTTP/1.1" 200 38
186.103.159.44 - - [12/Apr/2017:17:34:35 -0300] "GET /cormun/servlet/solicitudot?6496077780051595c6df4dcce2cbe0177569fadb90686b3252cd14a234c681a43704dbc2098277d3e5ef1209bc04363237ac39d14b62680ea53fa1ea4a9da55db093823c588c2e60eaa30f47a4404c3d8cfa39c52fff80d69f7620f122f6160293d0ce5e9212263f2b66b3288f96a668ed858c1b020093061ed13c06b3b547333a91db78632885d16b39ed1f8389c4fa94598055123748c08d42c08d910ad42c,gx-no-cache=1492015797459 HTTP/1.1" 200 29
186.103.159.44 - - [12/Apr/2017:17:34:35 -0300] "POST /cormun/servlet/solicitudot?gx-no-cache=1492015797827 HTTP/1.1" 200 1274
186.103.159.44 - - [12/Apr/2017:17:34:35 -0300] "POST /cormun/servlet/solicitudot?gx-no-cache=1492015797945 HTTP/1.1" 200 1157
186.79.22.74 - - [12/Apr/2017:17:34:38 -0300] "POST /cormun/servlet/solicitudotadjuntos?gx-no-cache=1492032779347 HTTP/1.1" 200 26
186.79.22.74 - - [12/Apr/2017:17:34:45 -0300] "GET /cormun/servlet/solicitudotadjuntos?1c9464f23f3dd51e41f81307c633242f18177987b48f89a15d8a0a72807601d8,gx-no-cache=1492032786014 HTTP/1.1" 200 30
186.79.22.74 - - [12/Apr/2017:17:34:45 -0300] "GET /cormun/servlet/solicitudotadjuntos?1c9464f23f3dd51e41f81307c633242f18177987b48f89a15d8a0a72807601d8,gx-no-cache=1492032786428 HTTP/1.1" 200 30
186.79.22.74 - - [12/Apr/2017:17:34:51 -0300] "POST /cormun/servlet/solicitudotadjuntos?4164b75c1636656583cfd0cda880ecce,INS,2017,6019,,1, HTTP/1.1" 200 116
186.79.22.74 - - [12/Apr/2017:17:34:51 -0300] "GET /cormun/servlet/hpexe_return? HTTP/1.1" 200 1021
186.79.22.74 - - [12/Apr/2017:17:34:51 -0300] "GET /cormun/servlet/trsolicitudadjuntos?2017,6019, HTTP/1.1" 200 8232
186.103.159.187 - - [12/Apr/2017:17:34:52 -0300] "POST /cormun/servlet/solicitudot?gx-no-cache=1492032951850 HTTP/1.1" 200 30
186.79.22.74 - - [12/Apr/2017:17:34:53 -0300] "GET /cormun/servlet/trsolicitudadjuntos?2017,6019, HTTP/1.1" 200 8229
186.79.22.74 - - [12/Apr/2017:17:34:55 -0300] "GET /cormun/servlet/solicitudotadjuntos?INS,2017,6019,,1, HTTP/1.1" 200 5821
186.79.22.74 - - [12/Apr/2017:17:34:55 -0300] "GET /cormun/static/about:blank HTTP/1.1" 404 1011
186.79.22.74 - - [12/Apr/2017:17:34:56 -0300] "GET /cormun/servlet/solicitudotadjuntos?INS,2017,6019,,1, HTTP/1.1" 200 5815
186.79.22.74 - - [12/Apr/2017:17:34:57 -0300] "GET /cormun/servlet/solicitudotadjuntos?1c9464f23f3dd51e41f81307c633242fe1bde579f5a8b4efd13e614629b50ed3d0f4c11be85d120a7b0fe47d70d7df2b,gx-no-cache=1492032798292 HTTP/1.1" 200 30
186.103.159.182 - - [12/Apr/2017:17:34:58 -0300] "GET /cormun/servlet/trsolicitudot? HTTP/1.1" 200 8679
186.103.159.182 - - [12/Apr/2017:17:34:58 -0300] "GET /cormun/static/gxcfg.js?201731711505139 HTTP/1.1" 304 -
186.79.22.74 - - [12/Apr/2017:17:34:58 -0300] "POST /cormun/servlet/solicitudotadjuntos?4164b75c1636656583cfd0cda880ecce,INS,2017,6019,,1,,gx-no-cache=1492032799236 HTTP/1.1" 200 3634
186.103.159.44 - - [12/Apr/2017:17:34:59 -0300] "POST /cormun/servlet/solicitudot?gx-no-cache=1492015821434 HTTP/1.1" 200 1291
186.103.159.44 - - [12/Apr/2017:17:34:59 -0300] "POST /cormun/servlet/solicitudot?gx-no-cache=1492015821567 HTTP/1.1" 200 38
186.103.159.182 - - [12/Apr/2017:17:35:00 -0300] "GET /cormun/servlet/trsolicitudot? HTTP/1.1" 200 8677
186.79.22.74 - - [12/Apr/2017:17:35:03 -0300] "POST /cormun/servlet/solicitudotadjuntos?gx-no-cache=1492032804896 HTTP/1.1" 200 26
186.103.159.187 - - [12/Apr/2017:17:35:05 -0300] "POST /cormun/servlet/solicitudot?gx-no-cache=1492032964396 HTTP/1.1" 200 1291
186.103.159.187 - - [12/Apr/2017:17:35:05 -0300] "POST /cormun/servlet/solicitudot?gx-no-cache=1492032964559 HTTP/1.1" 200 38
186.103.159.187 - - [12/Apr/2017:17:35:05 -0300] "POST /cormun/servlet/solicitudot?gx-no-cache=1492032964617 HTTP/1.1" 200 1274
186.103.159.187 - - [12/Apr/2017:17:35:05 -0300] "POST /cormun/servlet/solicitudot?gx-no-cache=1492032964726 HTTP/1.1" 200 1156
186.103.159.187 - - [12/Apr/2017:17:35:09 -0300] "POST /cormun/servlet/solicitudot?gx-no-cache=1492032969431 HTTP/1.1" 200 30
186.103.159.187 - - [12/Apr/2017:17:35:10 -0300] "POST /cormun/servlet/solicitudot?gx-no-cache=1492032969470 HTTP/1.1" 200 1291
186.103.159.187 - - [12/Apr/2017:17:35:10 -0300] "POST /cormun/servlet/solicitudot?gx-no-cache=1492032969531 HTTP/1.1" 200 38
186.103.159.187 - - [12/Apr/2017:17:35:10 -0300] "POST /cormun/servlet/solicitudot?gx-no-cache=1492032969569 HTTP/1.1" 200 1274
186.103.159.187 - - [12/Apr/2017:17:35:10 -0300] "POST /cormun/servlet/solicitudot?gx-no-cache=1492032969619 HTTP/1.1" 200 1156
192.168.10.13 - - [12/Apr/2017:17:35:17 -0300] "GET / HTTP/1.1" 200 11217
186.103.159.44 - - [12/Apr/2017:17:35:37 -0300] "POST /cormun/servlet/solicitudot?gx-no-cache=1492015859604 HTTP/1.1" 200 1273
186.103.159.44 - - [12/Apr/2017:17:35:37 -0300] "POST /cormun/servlet/solicitudot?gx-no-cache=1492015859745 HTTP/1.1" 200 1157
186.103.159.44 - - [12/Apr/2017:17:35:38 -0300] "GET /cormun/static/menuarrow.gif HTTP/1.1" 404 1015
186.103.159.187 - - [12/Apr/2017:17:35:40 -0300] "GET /cormun/servlet/solicitudot?51c182b677dd1563c5b8d953ca652e00ea6c9e9ec5c891f914860ac0b09a3d6a7224f371689ebc7d62ea27ea34ece952181946f09c366a9281f4ec1d9336143b4492aa63a530aeabc7fcad121d08ac37c2b1f5e995ffe3bf46508f17e378c282931002795ac047e24100b21ccf6be6f879530bd3af04a9da8984d53ae0b250ced8b2fbe81d697da547aa9921b1f9faeb82326b83c6d44256abd7d4f5ba3c9a1b6bb6abac22b1fd7e0abee55b9af067a0,gx-no-cache=1492033000380 HTTP/1.1" 200 30
186.103.159.44 - - [12/Apr/2017:17:35:41 -0300] "POST /cormun/servlet/solicitudot?gx-no-cache=1492015863508 HTTP/1.1" 200 1273
186.103.159.44 - - [12/Apr/2017:17:35:41 -0300] "POST /cormun/servlet/solicitudot?gx-no-cache=1492015863596 HTTP/1.1" 200 1157
186.103.159.187 - - [12/Apr/2017:17:35:52 -0300] "POST /cormun/servlet/solicitudot?e7e5e6af7dfd77878369beac6ca4dc18,INS,0,0,,gx-no-cache=1492033011892 HTTP/1.1" 200 93
186.103.159.187 - - [12/Apr/2017:17:35:52 -0300] "GET /cormun/servlet/hpexe_return? HTTP/1.1" 200 1003
186.103.159.187 - - [12/Apr/2017:17:35:53 -0300] "GET /cormun/servlet/trsolicitudot HTTP/1.1" 200 7980
186.103.159.187 - - [12/Apr/2017:17:35:54 -0300] "GET /cormun/servlet/trsolicitudot HTTP/1.1" 200 7976
186.103.159.187 - - [12/Apr/2017:17:36:04 -0300] "POST /cormun/servlet/trsolicitudot?e7e5e6af7dfd77878369beac6ca4dc18,gx-no-cache=1492033023445 HTTP/1.1" 200 4152
186.103.159.187 - - [12/Apr/2017:17:36:04 -0300] "GET /cormun/static/Shared/jqueryui/images/ui-icons_82798d_256x240.png HTTP/1.1" 404 1089
186.103.159.187 - - [12/Apr/2017:17:36:04 -0300] "GET /cormun/static/Shared/jqueryui/images/ui-bg_highlight-soft_100_c6c2c8_1x100.png HTTP/1.1" 404 1117
186.103.159.187 - - [12/Apr/2017:17:36:04 -0300] "GET /cormun/static/Shared/jqueryui/images/ui-bg_flat_55_fafafa_40x100.png HTTP/1.1" 404 1097
186.103.159.187 - - [12/Apr/2017:17:36:04 -0300] "GET /cormun/static/Shared/jqueryui/images/ui-icons_8d78a5_256x240.png HTTP/1.1" 404 1089
186.103.159.187 - - [12/Apr/2017:17:36:05 -0300] "POST /cormun/servlet/trsolicitudot?e7e5e6af7dfd77878369beac6ca4dc18,gx-no-cache=1492033024290 HTTP/1.1" 200 3929
186.103.159.187 - - [12/Apr/2017:17:36:10 -0300] "POST /cormun/servlet/trsolicitudot?e7e5e6af7dfd77878369beac6ca4dc18,gx-no-cache=1492033030095 HTTP/1.1" 200 90
186.103.159.187 - - [12/Apr/2017:17:36:10 -0300] "GET /cormun/servlet/hpexe_link HTTP/1.1" 200 953
186.103.159.187 - - [12/Apr/2017:17:36:11 -0300] "GET /cormun/servlet/hhome HTTP/1.1" 200 3731
186.103.159.187 - - [12/Apr/2017:17:36:11 -0300] "GET /cormun/servlet/hhome HTTP/1.1" 200 3728
186.103.159.187 - - [12/Apr/2017:17:36:13 -0300] "GET /cormun/servlet/hlogin HTTP/1.1" 200 1729
192.168.10.13 - - [12/Apr/2017:17:36:17 -0300] "GET / HTTP/1.1" 200 11217
186.103.159.44 - - [12/Apr/2017:17:36:17 -0300] "POST /cormun/servlet/solicitudot?gx-no-cache=1492015899789 HTTP/1.1" 200 1273
186.103.159.44 - - [12/Apr/2017:17:36:18 -0300] "POST /cormun/servlet/solicitudot?gx-no-cache=1492015900148 HTTP/1.1" 200 1157
186.103.159.44 - - [12/Apr/2017:17:36:18 -0300] "GET /cormun/servlet/solicitudot?6496077780051595c6df4dcce2cbe017ddd7ae2d2ad55b1d4d4e55cc3586673eedac142064de40ee1228c6d1b2973916638562cb8c92560744f1ce1c040d85953f0fb8494af7b90d7909bed657314e10a97be86098324898bcc9ec0f1aee55793ce9568546e4f73ad3d30672490cf1874b839f3b79f7f1603b0288f52bc0ea38b96333d28e6417ce0bea18c1c444703a5067f6d215670004c63f37f3967eedb1beffc31075ccd0e155e81a2d5cffeea4,gx-no-cache=1492015900661 HTTP/1.1" 200 30
186.103.159.187 - - [12/Apr/2017:17:36:23 -0300] "POST /cormun/servlet/hlogin?e7e5e6af7dfd77878369beac6ca4dc18,gx-no-cache=1492033042753 HTTP/1.1" 200 439
186.103.159.44 - - [12/Apr/2017:17:36:28 -0300] "POST /cormun/servlet/solicitudot?c97cff73ac24aab228980b69c8a38c7e,INS,0,0,,gx-no-cache=1492015911003 HTTP/1.1" 200 11123
186.103.159.187 - - [12/Apr/2017:17:36:29 -0300] "POST /cormun/servlet/hlogin?e7e5e6af7dfd77878369beac6ca4dc18,gx-no-cache=1492033048434 HTTP/1.1" 200 90
186.103.159.187 - - [12/Apr/2017:17:36:29 -0300] "GET /cormun/servlet/hpexe_link HTTP/1.1" 200 949
186.103.159.187 - - [12/Apr/2017:17:36:29 -0300] "GET /cormun/servlet/hhome HTTP/1.1" 200 3946
186.103.159.44 - - [12/Apr/2017:17:36:29 -0300] "GET /cormun/static/Shared/jqueryui/images/ui-bg_highlight-soft_100_c6c2c8_1x100.png HTTP/1.1" 404 1117
186.103.159.44 - - [12/Apr/2017:17:36:29 -0300] "GET /cormun/static/Shared/jqueryui/images/ui-icons_82798d_256x240.png HTTP/1.1" 404 1089
186.103.159.44 - - [12/Apr/2017:17:36:29 -0300] "GET /cormun/static/Shared/jqueryui/images/ui-bg_flat_55_994d53_40x100.png HTTP/1.1" 404 1097
186.103.159.44 - - [12/Apr/2017:17:36:29 -0300] "GET /cormun/static/Shared/jqueryui/images/ui-icons_ebccce_256x240.png HTTP/1.1" 404 1089
186.103.159.187 - - [12/Apr/2017:17:36:30 -0300] "GET /cormun/servlet/hhome HTTP/1.1" 200 3942
186.103.159.187 - - [12/Apr/2017:17:36:39 -0300] "GET /cormun/servlet/trautorizarsolicitud? HTTP/1.1" 200 8128
186.103.159.187 - - [12/Apr/2017:17:36:40 -0300] "GET /cormun/servlet/trautorizarsolicitud? HTTP/1.1" 200 8126
186.103.159.187 - - [12/Apr/2017:17:36:48 -0300] "POST /cormun/servlet/trautorizarsolicitud?e7e5e6af7dfd77878369beac6ca4dc18,,gx-no-cache=1492033068110 HTTP/1.1" 200 4310
186.103.159.187 - - [12/Apr/2017:17:36:48 -0300] "GET /cormun/static/Shared/jqueryui/images/ui-bg_highlight-soft_100_c6c2c8_1x100.png HTTP/1.1" 404 1117
186.103.159.187 - - [12/Apr/2017:17:36:48 -0300] "GET /cormun/static/Shared/jqueryui/images/ui-icons_82798d_256x240.png HTTP/1.1" 404 1089
186.103.159.187 - - [12/Apr/2017:17:36:48 -0300] "GET /cormun/static/Shared/jqueryui/images/ui-bg_flat_55_fafafa_40x100.png HTTP/1.1" 404 1097
186.103.159.187 - - [12/Apr/2017:17:36:48 -0300] "GET /cormun/static/Shared/jqueryui/images/ui-icons_8d78a5_256x240.png HTTP/1.1" 404 1089
186.103.159.187 - - [12/Apr/2017:17:36:49 -0300] "POST /cormun/servlet/trautorizarsolicitud?e7e5e6af7dfd77878369beac6ca4dc18,,gx-no-cache=1492033068493 HTTP/1.1" 200 4088
186.103.159.44 - - [12/Apr/2017:17:37:15 -0300] "GET /cormun/servlet/solicitudot?6496077780051595c6df4dcce2cbe017ddd7ae2d2ad55b1d4d4e55cc3586673eedac142064de40ee1228c6d1b2973916638562cb8c92560744f1ce1c040d85953f0fb8494af7b90d7909bed657314e10a97be86098324898bcc9ec0f1aee55793ce9568546e4f73ad3d30672490cf1874b839f3b79f7f1603b0288f52bc0ea38b96333d28e6417ce0bea18c1c444703a5067f6d215670004c63f37f3967eedb1beffc31075ccd0e155e81a2d5cffeea4,gx-no-cache=1492015957377 HTTP/1.1" 200 30
186.103.159.44 - - [12/Apr/2017:17:37:16 -0300] "POST /cormun/servlet/solicitudot?c97cff73ac24aab228980b69c8a38c7e,INS,0,0,,gx-no-cache=1492015957859 HTTP/1.1" 200 11168
192.168.10.13 - - [12/Apr/2017:17:37:17 -0300] "GET / HTTP/1.1" 200 11217
186.103.159.187 - - [12/Apr/2017:17:37:17 -0300] "GET /cormun/servlet/trautorizarsolicitud? HTTP/1.1" 200 6861
186.103.159.187 - - [12/Apr/2017:17:37:18 -0300] "GET /cormun/servlet/trautorizarsolicitud? HTTP/1.1" 200 6861
186.103.159.187 - - [12/Apr/2017:17:37:25 -0300] "GET /cormun/servlet/hlogin HTTP/1.1" 200 1741
186.103.159.44 - - [12/Apr/2017:17:37:37 -0300] "POST /cormun/servlet/solicitudot?c97cff73ac24aab228980b69c8a38c7e,INS,0,0,,gx-no-cache=1492015980116 HTTP/1.1" 200 93
186.103.159.44 - - [12/Apr/2017:17:37:37 -0300] "GET /cormun/servlet/hpexe_return? HTTP/1.1" 200 1031
186.103.159.44 - - [12/Apr/2017:17:37:38 -0300] "GET /cormun/servlet/trsolicitudot?gx-no-cache=1492015755112 HTTP/1.1" 200 6746
186.103.159.44 - - [12/Apr/2017:17:37:43 -0300] "GET /cormun/servlet/trsolicitudot? HTTP/1.1" 200 6763
186.103.159.44 - - [12/Apr/2017:17:37:49 -0300] "GET /cormun/servlet/solicitudot?INS,0,0, HTTP/1.1" 200 12589
186.103.159.44 - - [12/Apr/2017:17:38:06 -0300] "POST /cormun/servlet/solicitudot?gx-no-cache=1492016008367 HTTP/1.1" 200 3269
186.103.159.44 - - [12/Apr/2017:17:38:06 -0300] "GET /cormun/static/Shared/jqueryui/images/ui-bg_flat_55_994d53_40x100.png HTTP/1.1" 404 1097
186.103.159.44 - - [12/Apr/2017:17:38:06 -0300] "GET /cormun/static/Shared/jqueryui/images/ui-icons_ebccce_256x240.png HTTP/1.1" 404 1089
186.103.159.44 - - [12/Apr/2017:17:38:06 -0300] "GET /cormun/static/Shared/jqueryui/images/ui-icons_82798d_256x240.png HTTP/1.1" 404 1089
186.103.159.44 - - [12/Apr/2017:17:38:06 -0300] "GET /cormun/static/Shared/jqueryui/images/ui-bg_highlight-soft_100_c6c2c8_1x100.png HTTP/1.1" 404 1117
186.103.159.44 - - [12/Apr/2017:17:38:13 -0300] "GET /cormun/servlet/prfichaempleado?,MD,,gxPopupLevel%3D0%3B HTTP/1.1" 200 8801
186.103.159.44 - - [12/Apr/2017:17:38:13 -0300] "GET /cormun/static/gxcfg.js?2017319125415 HTTP/1.1" 200 953
186.103.159.44 - - [12/Apr/2017:17:38:13 -0300] "GET /cormun/static/prfichaempleado.js?20173191254344 HTTP/1.1" 200 15951
192.168.10.13 - - [12/Apr/2017:17:38:17 -0300] "GET / HTTP/1.1" 200 11217
192.168.10.13 - - [12/Apr/2017:17:39:17 -0300] "GET / HTTP/1.1" 200 11217
192.168.10.13 - - [12/Apr/2017:17:40:17 -0300] "GET / HTTP/1.1" 200 11217
186.79.22.74 - - [12/Apr/2017:17:41:15 -0300] "GET /cormun/servlet/solicitudotadjuntos?1c9464f23f3dd51e41f81307c633242f18177987b48f89a15d8a0a72807601d8,gx-no-cache=1492033176588 HTTP/1.1" 200 30
186.79.22.74 - - [12/Apr/2017:17:41:15 -0300] "GET /cormun/servlet/solicitudotadjuntos?1c9464f23f3dd51e41f81307c633242f18177987b48f89a15d8a0a72807601d8,gx-no-cache=1492033176746 HTTP/1.1" 200 30
192.168.10.13 - - [12/Apr/2017:17:41:17 -0300] "GET / HTTP/1.1" 200 11217
186.79.22.74 - - [12/Apr/2017:17:41:21 -0300] "POST /cormun/servlet/solicitudotadjuntos?4164b75c1636656583cfd0cda880ecce,INS,2017,6019,,1, HTTP/1.1" 200 116
186.79.22.74 - - [12/Apr/2017:17:41:21 -0300] "GET /cormun/servlet/hpexe_return? HTTP/1.1" 200 1021
186.79.22.74 - - [12/Apr/2017:17:41:22 -0300] "GET /cormun/servlet/trsolicitudadjuntos?2017,6019, HTTP/1.1" 200 8420
186.79.22.74 - - [12/Apr/2017:17:41:24 -0300] "GET /cormun/servlet/trsolicitudadjuntos?2017,6019, HTTP/1.1" 200 8418
192.168.10.13 - - [12/Apr/2017:17:42:17 -0300] "GET / HTTP/1.1" 200 11217
192.168.10.13 - - [12/Apr/2017:17:43:17 -0300] "GET / HTTP/1.1" 200 11217
186.79.22.74 - - [12/Apr/2017:17:44:07 -0300] "GET /cormun/servlet/solicitudotadjuntos?INS,2017,6019,,1, HTTP/1.1" 200 5820
186.79.22.74 - - [12/Apr/2017:17:44:07 -0300] "GET /cormun/static/about:blank HTTP/1.1" 404 1011
186.79.22.74 - - [12/Apr/2017:17:44:08 -0300] "GET /cormun/servlet/solicitudotadjuntos?INS,2017,6019,,1, HTTP/1.1" 200 5814
186.79.22.74 - - [12/Apr/2017:17:44:09 -0300] "GET /cormun/servlet/solicitudotadjuntos?1c9464f23f3dd51e41f81307c633242fe1bde579f5a8b4efd13e614629b50ed3d0f4c11be85d120a7b0fe47d70d7df2b,gx-no-cache=1492033350126 HTTP/1.1" 200 30
186.79.22.74 - - [12/Apr/2017:17:44:10 -0300] "POST /cormun/servlet/solicitudotadjuntos?4164b75c1636656583cfd0cda880ecce,INS,2017,6019,,1,,gx-no-cache=1492033350997 HTTP/1.1" 200 3634
186.79.22.74 - - [12/Apr/2017:17:44:15 -0300] "POST /cormun/servlet/solicitudotadjuntos?gx-no-cache=1492033356483 HTTP/1.1" 200 26
192.168.10.13 - - [12/Apr/2017:17:44:17 -0300] "GET / HTTP/1.1" 200 11217
186.79.22.74 - - [12/Apr/2017:17:44:43 -0300] "GET /cormun/servlet/solicitudotadjuntos?1c9464f23f3dd51e41f81307c633242f18177987b48f89a15d8a0a72807601d8,gx-no-cache=1492033384702 HTTP/1.1" 200 30
186.79.22.74 - - [12/Apr/2017:17:44:43 -0300] "GET /cormun/servlet/solicitudotadjuntos?1c9464f23f3dd51e41f81307c633242f18177987b48f89a15d8a0a72807601d8,gx-no-cache=1492033384816 HTTP/1.1" 200 30
186.79.22.74 - - [12/Apr/2017:17:44:47 -0300] "POST /cormun/servlet/solicitudotadjuntos?4164b75c1636656583cfd0cda880ecce,INS,2017,6019,,1, HTTP/1.1" 200 116
186.79.22.74 - - [12/Apr/2017:17:44:47 -0300] "GET /cormun/servlet/hpexe_return? HTTP/1.1" 200 1021
186.79.22.74 - - [12/Apr/2017:17:44:48 -0300] "GET /cormun/servlet/trsolicitudadjuntos?2017,6019, HTTP/1.1" 200 8569
186.79.22.74 - - [12/Apr/2017:17:44:50 -0300] "GET /cormun/servlet/trsolicitudadjuntos?2017,6019, HTTP/1.1" 200 8566
192.168.10.13 - - [12/Apr/2017:17:45:17 -0300] "GET / HTTP/1.1" 200 11217
186.79.22.74 - - [12/Apr/2017:17:45:51 -0300] "GET /cormun/servlet/solicitudotadjuntos?INS,2017,6019,,1, HTTP/1.1" 200 5822
186.79.22.74 - - [12/Apr/2017:17:45:52 -0300] "GET /cormun/static/about:blank HTTP/1.1" 404 1011
186.79.22.74 - - [12/Apr/2017:17:45:53 -0300] "GET /cormun/servlet/solicitudotadjuntos?INS,2017,6019,,1, HTTP/1.1" 200 5816
186.79.22.74 - - [12/Apr/2017:17:45:53 -0300] "GET /cormun/servlet/solicitudotadjuntos?1c9464f23f3dd51e41f81307c633242fe1bde579f5a8b4efd13e614629b50ed3d0f4c11be85d120a7b0fe47d70d7df2b,gx-no-cache=1492033454977 HTTP/1.1" 200 30
186.79.22.74 - - [12/Apr/2017:17:45:54 -0300] "POST /cormun/servlet/solicitudotadjuntos?4164b75c1636656583cfd0cda880ecce,INS,2017,6019,,1,,gx-no-cache=1492033455082 HTTP/1.1" 200 3635
186.79.22.74 - - [12/Apr/2017:17:45:59 -0300] "POST /cormun/servlet/solicitudotadjuntos?gx-no-cache=1492033460583 HTTP/1.1" 200 26
186.79.22.74 - - [12/Apr/2017:17:46:15 -0300] "GET /cormun/servlet/solicitudotadjuntos?1c9464f23f3dd51e41f81307c633242f18177987b48f89a15d8a0a72807601d8,gx-no-cache=1492033476287 HTTP/1.1" 200 30
186.79.22.74 - - [12/Apr/2017:17:46:15 -0300] "GET /cormun/servlet/solicitudotadjuntos?1c9464f23f3dd51e41f81307c633242f18177987b48f89a15d8a0a72807601d8,gx-no-cache=1492033476647 HTTP/1.1" 200 30
192.168.10.13 - - [12/Apr/2017:17:46:17 -0300] "GET / HTTP/1.1" 200 11217
186.79.22.74 - - [12/Apr/2017:17:46:21 -0300] "POST /cormun/servlet/solicitudotadjuntos?4164b75c1636656583cfd0cda880ecce,INS,2017,6019,,1, HTTP/1.1" 200 116
186.79.22.74 - - [12/Apr/2017:17:46:21 -0300] "GET /cormun/servlet/hpexe_return? HTTP/1.1" 200 1021
186.79.22.74 - - [12/Apr/2017:17:46:21 -0300] "GET /cormun/servlet/trsolicitudadjuntos?2017,6019, HTTP/1.1" 200 8744
186.79.22.74 - - [12/Apr/2017:17:46:23 -0300] "GET /cormun/servlet/trsolicitudadjuntos?2017,6019, HTTP/1.1" 200 8746
186.79.22.74 - - [12/Apr/2017:17:46:32 -0300] "GET /cormun/servlet/solicitudotadjuntos?INS,2017,6019,,1, HTTP/1.1" 200 5821
186.79.22.74 - - [12/Apr/2017:17:46:33 -0300] "GET /cormun/static/about:blank HTTP/1.1" 404 1011
186.79.22.74 - - [12/Apr/2017:17:46:34 -0300] "GET /cormun/servlet/solicitudotadjuntos?INS,2017,6019,,1, HTTP/1.1" 200 5815
186.79.22.74 - - [12/Apr/2017:17:46:34 -0300] "GET /cormun/servlet/solicitudotadjuntos?1c9464f23f3dd51e41f81307c633242fe1bde579f5a8b4efd13e614629b50ed3d0f4c11be85d120a7b0fe47d70d7df2b,gx-no-cache=1492033495731 HTTP/1.1" 200 30
186.79.22.74 - - [12/Apr/2017:17:46:34 -0300] "POST /cormun/servlet/solicitudotadjuntos?4164b75c1636656583cfd0cda880ecce,INS,2017,6019,,1,,gx-no-cache=1492033495811 HTTP/1.1" 200 3635
186.79.22.74 - - [12/Apr/2017:17:46:38 -0300] "POST /cormun/servlet/solicitudotadjuntos?gx-no-cache=1492033499016 HTTP/1.1" 200 26
192.168.10.13 - - [12/Apr/2017:17:47:17 -0300] "GET / HTTP/1.1" 200 11217
192.168.10.13 - - [12/Apr/2017:17:48:17 -0300] "GET / HTTP/1.1" 200 11217
192.168.10.13 - - [12/Apr/2017:17:49:17 -0300] "GET / HTTP/1.1" 200 11217
200.86.95.220 - - [12/Apr/2017:17:49:30 -0300] "GET /cormun/servlet/hlogin HTTP/1.1" 200 1719
200.86.95.220 - - [12/Apr/2017:17:49:30 -0300] "GET /cormun/static/gxcfg.js?201741110203197 HTTP/1.1" 304 -
200.86.95.220 - - [12/Apr/2017:17:49:30 -0300] "GET /cormun/static/Resources/Spanish/PXTools.css?11294912 HTTP/1.1" 304 -
200.86.95.220 - - [12/Apr/2017:17:49:41 -0300] "POST /cormun/servlet/hlogin?efcd6e414d12ec161bfea66b4cafcc3a,gx-no-cache=1492030246945 HTTP/1.1" 200 90
200.86.95.220 - - [12/Apr/2017:17:49:41 -0300] "GET /cormun/servlet/hpexe_link HTTP/1.1" 200 951
200.86.95.220 - - [12/Apr/2017:17:49:41 -0300] "GET /cormun/static/gxcfg.js?201731711483381 HTTP/1.1" 304 -
200.86.95.220 - - [12/Apr/2017:17:49:41 -0300] "GET /cormun/static/hpexe_link.js?201731711483384 HTTP/1.1" 304 -
200.86.95.220 - - [12/Apr/2017:17:49:42 -0300] "GET /cormun/servlet/hhome HTTP/1.1" 200 3771
200.86.95.220 - - [12/Apr/2017:17:49:42 -0300] "GET /cormun/static/gxcfg.js?201731711483497 HTTP/1.1" 304 -
200.86.95.220 - - [12/Apr/2017:17:49:42 -0300] "GET /cormun/static/hhome.js?20173171148352 HTTP/1.1" 304 -
200.86.95.220 - - [12/Apr/2017:17:49:42 -0300] "GET /cormun/static/hwchdr01.js?201731711335950 HTTP/1.1" 304 -
200.86.95.220 - - [12/Apr/2017:17:49:42 -0300] "GET /cormun/static/hpexe_recentlink.js?201610171694390 HTTP/1.1" 304 -
200.86.95.220 - - [12/Apr/2017:17:49:42 -0300] "GET /cormun/static/hpexe_messagecontroller.js?201610171694323 HTTP/1.1" 304 -
200.86.95.220 - - [12/Apr/2017:17:49:42 -0300] "GET /cormun/static/hpexe_scripts.js?201731711335890 HTTP/1.1" 304 -
200.86.95.220 - - [12/Apr/2017:17:49:42 -0300] "GET /cormun/static/hpexe_messagepopupcomponent.js?20161017169425 HTTP/1.1" 304 -
200.86.95.220 - - [12/Apr/2017:17:49:42 -0300] "GET /cormun/static/cmcontrolpreferences.js?201731711335852 HTTP/1.1" 304 -
200.86.95.220 - - [12/Apr/2017:17:49:42 -0300] "GET /cormun/static/hpexe_messagegenexuscomponent.js?201731711335537 HTTP/1.1" 304 -
200.86.95.220 - - [12/Apr/2017:17:49:42 -0300] "GET /cormun/static/hmpwkw03.js?201731711485354 HTTP/1.1" 304 -
200.86.95.220 - - [12/Apr/2017:17:49:43 -0300] "GET /cormun/servlet/hhome HTTP/1.1" 200 3768
200.86.95.220 - - [12/Apr/2017:17:49:47 -0300] "GET /cormun/servlet/trsolicitudot? HTTP/1.1" 200 6728
200.86.95.220 - - [12/Apr/2017:17:49:47 -0300] "GET /cormun/static/gxcfg.js?201731711505139 HTTP/1.1" 200 953
200.86.95.220 - - [12/Apr/2017:17:49:47 -0300] "GET /cormun/static/trsolicitudot.js?20173171151116 HTTP/1.1" 304 -
200.86.95.220 - - [12/Apr/2017:17:49:48 -0300] "GET /cormun/servlet/trsolicitudot? HTTP/1.1" 200 6727
200.86.95.220 - - [12/Apr/2017:17:50:03 -0300] "GET /cormun/servlet/solicitudot?INS,0,0, HTTP/1.1" 200 12569
200.86.95.220 - - [12/Apr/2017:17:50:04 -0300] "GET /cormun/static/Resources/Spanish/PXTools.css?18365030 HTTP/1.1" 304 -
200.86.95.220 - - [12/Apr/2017:17:50:04 -0300] "GET /cormun/static/gxcfg.js?20171191042720 HTTP/1.1" 200 953
200.86.95.220 - - [12/Apr/2017:17:50:04 -0300] "GET /cormun/static/solicitudot.js?2017119104297 HTTP/1.1" 304 -
200.86.95.220 - - [12/Apr/2017:17:50:05 -0300] "GET /cormun/servlet/solicitudot?INS,0,0, HTTP/1.1" 200 12574
200.86.95.220 - - [12/Apr/2017:17:50:13 -0300] "POST /cormun/servlet/solicitudot?gx-no-cache=1492030278349 HTTP/1.1" 200 3169
200.86.95.220 - - [12/Apr/2017:17:50:13 -0300] "POST /cormun/servlet/solicitudot?efcd6e414d12ec161bfea66b4cafcc3a,INS,0,0,,gx-no-cache=1492030278894 HTTP/1.1" 200 9784
192.168.10.13 - - [12/Apr/2017:17:50:17 -0300] "GET / HTTP/1.1" 200 11217
186.79.22.74 - - [12/Apr/2017:17:50:20 -0300] "GET /cormun/servlet/solicitudotadjuntos?1c9464f23f3dd51e41f81307c633242f18177987b48f89a15d8a0a72807601d8,gx-no-cache=1492033720408 HTTP/1.1" 200 30
186.79.22.74 - - [12/Apr/2017:17:50:20 -0300] "GET /cormun/servlet/solicitudotadjuntos?1c9464f23f3dd51e41f81307c633242f18177987b48f89a15d8a0a72807601d8,gx-no-cache=1492033721809 HTTP/1.1" 200 30
186.79.22.74 - - [12/Apr/2017:17:50:24 -0300] "POST /cormun/servlet/solicitudotadjuntos?4164b75c1636656583cfd0cda880ecce,INS,2017,6019,,1, HTTP/1.1" 200 116
186.79.22.74 - - [12/Apr/2017:17:50:24 -0300] "GET /cormun/servlet/hpexe_return? HTTP/1.1" 200 1021
186.79.22.74 - - [12/Apr/2017:17:50:25 -0300] "GET /cormun/servlet/trsolicitudadjuntos?2017,6019, HTTP/1.1" 200 8977
200.86.95.220 - - [12/Apr/2017:17:50:27 -0300] "GET /cormun/servlet/solicitudot?4bb395d35afb38b5978bd7850314b2f983eded7ebad25f1e9fd9867639a29802dfd345cff28c1cdd17a0d1a4abf24eab,gx-no-cache=1492030292547 HTTP/1.1" 200 30
200.86.95.220 - - [12/Apr/2017:17:50:27 -0300] "POST /cormun/servlet/solicitudot?gx-no-cache=1492030292730 HTTP/1.1" 200 256
200.86.95.220 - - [12/Apr/2017:17:50:27 -0300] "GET /cormun/servlet/solicitudot?4bb395d35afb38b5978bd7850314b2f90913142a4276e62073ea370f80fb447736787d1e7f95c92dbe2eb5cf1b44824492e2c04bf3c2104ab0b43423cab2fbf0de5c3cc66d68ceb4e94d3c2d4097fe940f5a3c86cc91a02dd4814a0d83f519cbef01a776566f52ad69db718192c2c006cd8f6ccec9b92ed77d779fbf1f584fcf9f62ca268ee8fa0ba6bd8b98e937c41973876921395a4cb1a87f62f8613cdc6a8bec9f9cb1addb3cd53370808f6fcb1add2b6e4285d04558f2116c2e3dece947829b346f95dbf642ccdb7c03cf6be5565d0637a0445294a115f9d91446908da08508219b1c072d3acee3040a94f571f331f91759d86f04f13bf1afbde79293a0cce0ab7198054134d68ed15ad6ceaa5f3f269f1dd4fce1e8ee877b4bd165e59756909929947545830771de48cb15b3e2b9b51a3fcb2b42645000bc6b73902c900ae2ad5f0219d942c080ffa5fd3971f501a31b80e5b5110e7c8ca613a6697f9bae1551c9971af4718410e5103c12bb9322992f000199b1d6628f2f5397ca53cc,gx-no-cache=1492030292898 HTTP/1.1" 200 30
186.79.22.74 - - [12/Apr/2017:17:50:27 -0300] "GET /cormun/servlet/trsolicitudadjuntos?2017,6019, HTTP/1.1" 200 8977
200.86.95.220 - - [12/Apr/2017:17:50:29 -0300] "POST /cormun/servlet/solicitudot?gx-no-cache=1492030294969 HTTP/1.1" 200 30
200.86.95.220 - - [12/Apr/2017:17:50:42 -0300] "POST /cormun/servlet/solicitudot?gx-no-cache=1492030307597 HTTP/1.1" 200 1291
200.86.95.220 - - [12/Apr/2017:17:50:42 -0300] "POST /cormun/servlet/solicitudot?gx-no-cache=1492030307850 HTTP/1.1" 200 38
200.86.95.220 - - [12/Apr/2017:17:51:01 -0300] "GET /cormun/servlet/solicitudot?4bb395d35afb38b5978bd7850314b2f9460ff057cca964ccecd5fff46f5a8eaa002cff5147c00be281768f41dd316640775005e4a216aadbe3e84c8f52f4e5de0f7735636452a01ad9c2d58d3ea7f33a19a683faf37e5375d4df0a7e649ad0c1c8ab10a6771709535016076954b87ff4c2971afdaf24ae7b6ebc26e3318d09a160c3c455daf2cff7505e504be2a4091118133e16956fc48757b604500dd40a4a22e5b84a0cd4a42902bd2e542e93cb22da7cc271056bb18cf12bc613a073130ea3e2104d5c456bad2a4c13a99c122809,gx-no-cache=1492030326654 HTTP/1.1" 200 29
200.86.95.220 - - [12/Apr/2017:17:51:01 -0300] "POST /cormun/servlet/solicitudot?gx-no-cache=1492030326805 HTTP/1.1" 200 1273
200.86.95.220 - - [12/Apr/2017:17:51:01 -0300] "POST /cormun/servlet/solicitudot?gx-no-cache=1492030327006 HTTP/1.1" 200 1158
200.86.95.220 - - [12/Apr/2017:17:51:16 -0300] "GET /cormun/static/menuarrow.gif HTTP/1.1" 404 1015
192.168.10.13 - - [12/Apr/2017:17:51:17 -0300] "GET / HTTP/1.1" 200 11217
200.86.95.220 - - [12/Apr/2017:17:51:29 -0300] "GET /cormun/servlet/solicitudot?4bb395d35afb38b5978bd7850314b2f974bae26efa40a79ed6712879467834e10d445da039067d914340926b4136431119f16fe1ee476c678e6e079a98a4700d57e06d87b2f9b60a5dc2ade54a14907b733c72c168d66ba2cb6deed2e88cd2294ef568882af8b52954c7b792f60c6708d2eb98af2e10f69d47f94d0a2f0ff8cdade243ce608d81ab44cfca047816abaed9059d0e99af5071ab420d963a7a888795d34b7fbf6c066e05871c8d618ada16,gx-no-cache=1492030355017 HTTP/1.1" 200 30
200.86.95.220 - - [12/Apr/2017:17:52:15 -0300] "POST /cormun/servlet/solicitudot?efcd6e414d12ec161bfea66b4cafcc3a,INS,0,0,,gx-no-cache=1492030400885 HTTP/1.1" 200 93
200.86.95.220 - - [12/Apr/2017:17:52:16 -0300] "GET /cormun/servlet/hpexe_return? HTTP/1.1" 200 1004
200.86.95.220 - - [12/Apr/2017:17:52:16 -0300] "GET /cormun/static/Resources/Spanish/PXTools.css?167811 HTTP/1.1" 304 -
200.86.95.220 - - [12/Apr/2017:17:52:16 -0300] "GET /cormun/static/hpexe_return.js?2016101716175153 HTTP/1.1" 304 -
200.86.95.220 - - [12/Apr/2017:17:52:16 -0300] "GET /cormun/servlet/trsolicitudot HTTP/1.1" 200 8018
192.168.10.13 - - [12/Apr/2017:17:52:17 -0300] "GET / HTTP/1.1" 200 11217
200.86.95.220 - - [12/Apr/2017:17:52:18 -0300] "GET /cormun/servlet/trsolicitudot HTTP/1.1" 200 8014
192.168.10.13 - - [12/Apr/2017:17:53:17 -0300] "GET / HTTP/1.1" 200 11217
186.79.22.74 - - [12/Apr/2017:17:53:18 -0300] "GET /cormun/servlet/solicitudotadjuntos?INS,2017,6019,,2, HTTP/1.1" 200 5820
186.79.22.74 - - [12/Apr/2017:17:53:19 -0300] "GET /cormun/static/about:blank HTTP/1.1" 404 1011
186.79.22.74 - - [12/Apr/2017:17:53:20 -0300] "GET /cormun/servlet/solicitudotadjuntos?INS,2017,6019,,2, HTTP/1.1" 200 5814
186.79.22.74 - - [12/Apr/2017:17:53:21 -0300] "GET /cormun/servlet/solicitudotadjuntos?1c9464f23f3dd51e41f81307c633242fe1bde579f5a8b4efd13e614629b50ed3d0f4c11be85d120a7b0fe47d70d7df2b,gx-no-cache=1492033902244 HTTP/1.1" 200 30
186.79.22.74 - - [12/Apr/2017:17:53:21 -0300] "POST /cormun/servlet/solicitudotadjuntos?4164b75c1636656583cfd0cda880ecce,INS,2017,6019,,2,,gx-no-cache=1492033902341 HTTP/1.1" 200 3848
186.79.22.74 - - [12/Apr/2017:17:53:26 -0300] "POST /cormun/servlet/solicitudotadjuntos?gx-no-cache=1492033907165 HTTP/1.1" 200 26
200.86.95.220 - - [12/Apr/2017:17:53:26 -0300] "GET /cormun/servlet/solicitudot?INS,0,0, HTTP/1.1" 200 12569
200.86.95.220 - - [12/Apr/2017:17:53:29 -0300] "GET /cormun/servlet/solicitudot?INS,0,0, HTTP/1.1" 200 12574
186.79.22.74 - - [12/Apr/2017:17:53:34 -0300] "GET /cormun/servlet/solicitudotadjuntos?1c9464f23f3dd51e41f81307c633242f18177987b48f89a15d8a0a72807601d8,gx-no-cache=1492033915437 HTTP/1.1" 200 30
186.79.22.74 - - [12/Apr/2017:17:53:34 -0300] "GET /cormun/servlet/solicitudotadjuntos?1c9464f23f3dd51e41f81307c633242f18177987b48f89a15d8a0a72807601d8,gx-no-cache=1492033915495 HTTP/1.1" 200 30
200.86.95.220 - - [12/Apr/2017:17:53:38 -0300] "POST /cormun/servlet/solicitudot?gx-no-cache=1492030483963 HTTP/1.1" 200 3179
200.86.95.220 - - [12/Apr/2017:17:53:39 -0300] "POST /cormun/servlet/solicitudot?efcd6e414d12ec161bfea66b4cafcc3a,INS,0,0,,gx-no-cache=1492030484461 HTTP/1.1" 200 9781
186.79.22.74 - - [12/Apr/2017:17:53:41 -0300] "POST /cormun/servlet/solicitudotadjuntos?4164b75c1636656583cfd0cda880ecce,INS,2017,6019,,2, HTTP/1.1" 200 116
186.79.22.74 - - [12/Apr/2017:17:53:41 -0300] "GET /cormun/servlet/hpexe_return? HTTP/1.1" 200 1021
186.79.22.74 - - [12/Apr/2017:17:53:42 -0300] "GET /cormun/servlet/trsolicitudadjuntos?2017,6019, HTTP/1.1" 200 9193
186.79.22.74 - - [12/Apr/2017:17:53:43 -0300] "GET /cormun/servlet/trsolicitudadjuntos?2017,6019, HTTP/1.1" 200 9192
200.86.95.220 - - [12/Apr/2017:17:53:45 -0300] "GET /cormun/servlet/solicitudot?4bb395d35afb38b5978bd7850314b2f9f2c1c94cae6ee68ff98bdbcb3cc7087edfd345cff28c1cdd17a0d1a4abf24eab,gx-no-cache=1492030490822 HTTP/1.1" 200 30
200.86.95.220 - - [12/Apr/2017:17:53:45 -0300] "POST /cormun/servlet/solicitudot?gx-no-cache=1492030491038 HTTP/1.1" 200 255
200.86.95.220 - - [12/Apr/2017:17:53:45 -0300] "GET /cormun/servlet/solicitudot?4bb395d35afb38b5978bd7850314b2f90913142a4276e62073ea370f80fb4477e3e66034245656529abbbea64fa373ee92e2c04bf3c2104ab0b43423cab2fbf0de5c3cc66d68ceb4e94d3c2d4097fe940f5a3c86cc91a02dd4814a0d83f519cbef01a776566f52ad69db718192c2c006cd8f6ccec9b92ed77d779fbf1f584fcf9f62ca268ee8fa0ba6bd8b98e937c41973876921395a4cb1a87f62f8613cdc6a8bec9f9cb1addb3cd53370808f6fcb1add2b6e4285d04558f2116c2e3dece947829b346f95dbf642ccdb7c03cf6be5565d0637a0445294a115f9d91446908da08508219b1c072d3acee3040a94f571f331f91759d86f04f13bf1afbde79293a0cce0ab7198054134d68ed15ad6ceaa5f51fceb3f88f0174139890b5dea61c9b443d749a15babaef567de139dcccefb6c9e8e1dc9caf0904299c67603d4797aa00d49a3b8c3cb7bbcb68a1de8472e8b4c9b73824ec2b89714ef8e5bf5334f16661f02187b4f5fa403501a6c58dc8f524291b48ecfdc7dd44465ff54fa60dc142b,gx-no-cache=1492030491242 HTTP/1.1" 200 30
200.86.95.220 - - [12/Apr/2017:17:53:54 -0300] "POST /cormun/servlet/solicitudot?gx-no-cache=1492030500487 HTTP/1.1" 200 30
200.86.95.220 - - [12/Apr/2017:17:53:57 -0300] "POST /cormun/servlet/solicitudot?gx-no-cache=1492030503106 HTTP/1.1" 200 1291
200.86.95.220 - - [12/Apr/2017:17:53:57 -0300] "POST /cormun/servlet/solicitudot?gx-no-cache=1492030503319 HTTP/1.1" 200 38
200.86.95.220 - - [12/Apr/2017:17:54:08 -0300] "GET /cormun/servlet/solicitudot?4bb395d35afb38b5978bd7850314b2f9460ff057cca964ccecd5fff46f5a8eaa002cff5147c00be281768f41dd316640ee26190bfc3e8c4be90ca149f70a9e5e0f7735636452a01ad9c2d58d3ea7f33a19a683faf37e5375d4df0a7e649ad0c1c8ab10a6771709535016076954b87ff4c2971afdaf24ae7b6ebc26e3318d09a160c3c455daf2cff7505e504be2a4091118133e16956fc48757b604500dd40a4a22e5b84a0cd4a42902bd2e542e93cb22da7cc271056bb18cf12bc613a073130ea3e2104d5c456bad2a4c13a99c122809,gx-no-cache=1492030513851 HTTP/1.1" 200 29
200.86.95.220 - - [12/Apr/2017:17:54:11 -0300] "POST /cormun/servlet/solicitudot?gx-no-cache=1492030516755 HTTP/1.1" 200 1273
200.86.95.220 - - [12/Apr/2017:17:54:11 -0300] "POST /cormun/servlet/solicitudot?gx-no-cache=1492030516947 HTTP/1.1" 200 1156
192.168.10.13 - - [12/Apr/2017:17:54:17 -0300] "GET / HTTP/1.1" 200 11217
200.86.95.220 - - [12/Apr/2017:17:54:23 -0300] "GET /cormun/static/menuarrow.gif HTTP/1.1" 404 1015
200.86.95.220 - - [12/Apr/2017:17:54:33 -0300] "GET /cormun/servlet/solicitudot?4bb395d35afb38b5978bd7850314b2f9627ac7524d26afa01ab6006df901ae51e72ac0130579b76a9c1d86cd732f453219f16fe1ee476c678e6e079a98a4700d57e06d87b2f9b60a5dc2ade54a14907b733c72c168d66ba2cb6deed2e88cd2294ef568882af8b52954c7b792f60c6708d2eb98af2e10f69d47f94d0a2f0ff8cdade243ce608d81ab44cfca047816abaed9059d0e99af5071ab420d963a7a888795d34b7fbf6c066e05871c8d618ada16,gx-no-cache=1492030539467 HTTP/1.1" 200 30
200.86.95.220 - - [12/Apr/2017:17:55:13 -0300] "POST /cormun/servlet/solicitudot?efcd6e414d12ec161bfea66b4cafcc3a,INS,0,0,,gx-no-cache=1492030578285 HTTP/1.1" 200 93
200.86.95.220 - - [12/Apr/2017:17:55:13 -0300] "GET /cormun/servlet/hpexe_return? HTTP/1.1" 200 1004
200.86.95.220 - - [12/Apr/2017:17:55:13 -0300] "GET /cormun/servlet/trsolicitudot HTTP/1.1" 200 8456
200.86.95.220 - - [12/Apr/2017:17:55:15 -0300] "GET /cormun/servlet/trsolicitudot HTTP/1.1" 200 8452
192.168.10.13 - - [12/Apr/2017:17:55:17 -0300] "GET / HTTP/1.1" 200 11217
200.86.95.220 - - [12/Apr/2017:17:55:19 -0300] "POST /cormun/servlet/trsolicitudot?efcd6e414d12ec161bfea66b4cafcc3a,gx-no-cache=1492030585411 HTTP/1.1" 200 105
200.86.95.220 - - [12/Apr/2017:17:55:20 -0300] "GET /cormun/servlet/solicitudot?UPD,2017,6022, HTTP/1.1" 200 14207
200.86.95.220 - - [12/Apr/2017:17:55:21 -0300] "GET /cormun/servlet/solicitudot?UPD,2017,6022, HTTP/1.1" 200 14216
186.103.159.182 - - [12/Apr/2017:17:55:22 -0300] "GET /cormun/servlet/solicitudot?INS,0,0, HTTP/1.1" 200 12864
186.103.159.182 - - [12/Apr/2017:17:55:22 -0300] "GET /cormun/static/gxcfg.js?20171191042720 HTTP/1.1" 304 -
200.86.95.220 - - [12/Apr/2017:17:55:22 -0300] "POST /cormun/servlet/solicitudot?gx-no-cache=1492030587446 HTTP/1.1" 200 3169
200.86.95.220 - - [12/Apr/2017:17:55:22 -0300] "POST /cormun/servlet/solicitudot?efcd6e414d12ec161bfea66b4cafcc3a,UPD,2017,6022,,gx-no-cache=1492030588228 HTTP/1.1" 200 10850
200.86.95.220 - - [12/Apr/2017:17:55:23 -0300] "GET /cormun/servlet/solicitudot?4bb395d35afb38b5978bd7850314b2f983eded7ebad25f1e9fd9867639a29802fc3247a0b5b67f244a8ce7b6e33f3345,gx-no-cache=1492030588659 HTTP/1.1" 200 30
200.86.95.220 - - [12/Apr/2017:17:55:23 -0300] "POST /cormun/servlet/solicitudot?gx-no-cache=1492030588878 HTTP/1.1" 200 255
200.86.95.220 - - [12/Apr/2017:17:55:23 -0300] "GET /cormun/servlet/solicitudot?4bb395d35afb38b5978bd7850314b2f90913142a4276e62073ea370f80fb447736787d1e7f95c92dbe2eb5cf1b44824492e2c04bf3c2104ab0b43423cab2fbf0de5c3cc66d68ceb4e94d3c2d4097fe940f5a3c86cc91a02dd4814a0d83f519cbef01a776566f52ad69db718192c2c006cd8f6ccec9b92ed77d779fbf1f584fcf9f62ca268ee8fa0ba6bd8b98e937c41973876921395a4cb1a87f62f8613cdc6a8bec9f9cb1addb3cd53370808f6fcb1add2b6e4285d04558f2116c2e3dece947829b346f95dbf642ccdb7c03cf6be5565d0637a0445294a115f9d91446908da08508219b1c072d3acee3040a94f571f331f91759d86f04f13bf1afbde79293a0cce0ab7198054134d68ed15ad6ceaa5f3f269f1dd4fce1e8ee877b4bd165e59756909929947545830771de48cb15b3e2b9b51a3fcb2b42645000bc6b73902c900ae2ad5f0219d942c080ffa5fd3971f501a31b80e5b5110e7c8ca613a6697f9bae1551c9971af4718410e5103c12bb939ee358a243433e73165df94c059e6df1,gx-no-cache=1492030589056 HTTP/1.1" 200 30
200.86.95.220 - - [12/Apr/2017:17:55:23 -0300] "POST /cormun/servlet/solicitudot?gx-no-cache=1492030589236 HTTP/1.1" 200 30
186.103.159.182 - - [12/Apr/2017:17:55:23 -0300] "GET /cormun/servlet/solicitudot?INS,0,0, HTTP/1.1" 200 12869
200.86.95.220 - - [12/Apr/2017:17:55:23 -0300] "POST /cormun/servlet/solicitudot?gx-no-cache=1492030589430 HTTP/1.1" 200 1290
200.86.95.220 - - [12/Apr/2017:17:55:24 -0300] "POST /cormun/servlet/solicitudot?gx-no-cache=1492030589668 HTTP/1.1" 200 41
200.86.95.220 - - [12/Apr/2017:17:55:46 -0300] "GET /cormun/servlet/solicitudot?4bb395d35afb38b5978bd7850314b2f9db4d92f5dfdc90a2f9fe1afd1b9020b8401a14af7b9317eb543746c9fdaabe06b500f1257cdb412f75e5dc386efcb79f283a928817f25150af93c9971be9fccefae2917bc3751937b59135f219ec5c1f1b2ac6a3da629e4f0304249031d2d5b6592be484eb7da527b93271af862f482f0bdfd854663fd7cef8d8f8e777bc009fca694ee01779fa78afca54554479f988769164a50b7546dc3e5b7526f771e5afc75a4dc5cd8d982e6ab34b213f45fbaf110a3c0bd93c70f5c54c39f424e0c3c2,gx-no-cache=1492030612045 HTTP/1.1" 200 29
200.86.95.220 - - [12/Apr/2017:17:55:46 -0300] "POST /cormun/servlet/solicitudot?gx-no-cache=1492030612332 HTTP/1.1" 200 1273
200.86.95.220 - - [12/Apr/2017:17:55:47 -0300] "POST /cormun/servlet/solicitudot?gx-no-cache=1492030612665 HTTP/1.1" 200 1158
200.86.95.220 - - [12/Apr/2017:17:55:47 -0300] "GET /cormun/servlet/solicitudot?4bb395d35afb38b5978bd7850314b2f974bae26efa40a79ed6712879467834e10d445da039067d914340926b4136431119f16fe1ee476c678e6e079a98a4700d57e06d87b2f9b60a5dc2ade54a14907b733c72c168d66ba2cb6deed2e88cd2294ef568882af8b52954c7b792f60c6708d2eb98af2e10f69d47f94d0a2f0ff8cdade243ce608d81ab44cfca047816abaed9059d0e99af5071ab420d963a7a888795d34b7fbf6c066e05871c8d618ada16,gx-no-cache=1492030612885 HTTP/1.1" 200 30
200.86.95.220 - - [12/Apr/2017:17:56:16 -0300] "POST /cormun/servlet/solicitudot?efcd6e414d12ec161bfea66b4cafcc3a,UPD,2017,6022,,gx-no-cache=1492030641231 HTTP/1.1" 200 93
200.86.95.220 - - [12/Apr/2017:17:56:16 -0300] "GET /cormun/servlet/hpexe_return? HTTP/1.1" 200 1010
200.86.95.220 - - [12/Apr/2017:17:56:16 -0300] "GET /cormun/servlet/trsolicitudot HTTP/1.1" 200 8456
192.168.10.13 - - [12/Apr/2017:17:56:17 -0300] "GET / HTTP/1.1" 200 11217
200.86.95.220 - - [12/Apr/2017:17:56:18 -0300] "GET /cormun/servlet/trsolicitudot HTTP/1.1" 200 8452
200.86.95.220 - - [12/Apr/2017:17:56:38 -0300] "GET /cormun/servlet/solicitudot?INS,0,0, HTTP/1.1" 200 12569
200.86.95.220 - - [12/Apr/2017:17:56:40 -0300] "GET /cormun/servlet/solicitudot?INS,0,0, HTTP/1.1" 200 12574
200.86.95.220 - - [12/Apr/2017:17:56:49 -0300] "POST /cormun/servlet/solicitudot?gx-no-cache=1492030674985 HTTP/1.1" 200 3189
200.86.95.220 - - [12/Apr/2017:17:56:50 -0300] "POST /cormun/servlet/solicitudot?efcd6e414d12ec161bfea66b4cafcc3a,INS,0,0,,gx-no-cache=1492030675503 HTTP/1.1" 200 9791
200.86.95.220 - - [12/Apr/2017:17:56:52 -0300] "GET /cormun/servlet/solicitudot?4bb395d35afb38b5978bd7850314b2f93dbf50347b3dcb733af1b544c537c417dfd345cff28c1cdd17a0d1a4abf24eab,gx-no-cache=1492030678472 HTTP/1.1" 200 30
200.86.95.220 - - [12/Apr/2017:17:56:53 -0300] "POST /cormun/servlet/solicitudot?gx-no-cache=1492030678648 HTTP/1.1" 200 255
200.86.95.220 - - [12/Apr/2017:17:56:53 -0300] "GET /cormun/servlet/solicitudot?4bb395d35afb38b5978bd7850314b2f90913142a4276e62073ea370f80fb4477e3e66034245656529abbbea64fa373ee92e2c04bf3c2104ab0b43423cab2fbf0de5c3cc66d68ceb4e94d3c2d4097fe940f5a3c86cc91a02dd4814a0d83f519cbef01a776566f52ad69db718192c2c006cd8f6ccec9b92ed77d779fbf1f584fcf9f62ca268ee8fa0ba6bd8b98e937c41973876921395a4cb1a87f62f8613cdc6a8bec9f9cb1addb3cd53370808f6fcb1add2b6e4285d04558f2116c2e3dece947829b346f95dbf642ccdb7c03cf6be5565d0637a0445294a115f9d91446908da08508219b1c072d3acee3040a94f571f331f91759d86f04f13bf1afbde79293a0cce0ab7198054134d68ed15ad6ceaa5f51fceb3f88f0174139890b5dea61c9b443d749a15babaef567de139dcccefb6c9e8e1dc9caf0904299c67603d4797aa00d49a3b8c3cb7bbcb68a1de8472e8b4c9b73824ec2b89714ef8e5bf5334f16661f02187b4f5fa403501a6c58dc8f524291b48ecfdc7dd44465ff54fa60dc142b,gx-no-cache=1492030678825 HTTP/1.1" 200 30
200.86.95.220 - - [12/Apr/2017:17:56:53 -0300] "POST /cormun/servlet/solicitudot?gx-no-cache=1492030678998 HTTP/1.1" 200 30
200.86.95.220 - - [12/Apr/2017:17:56:53 -0300] "POST /cormun/servlet/solicitudot?gx-no-cache=1492030679211 HTTP/1.1" 200 1292
200.86.95.220 - - [12/Apr/2017:17:56:53 -0300] "POST /cormun/servlet/solicitudot?gx-no-cache=1492030679415 HTTP/1.1" 200 38
200.86.95.220 - - [12/Apr/2017:17:57:05 -0300] "POST /cormun/servlet/solicitudot?gx-no-cache=1492030690668 HTTP/1.1" 200 30
200.86.95.220 - - [12/Apr/2017:17:57:07 -0300] "POST /cormun/servlet/solicitudot?gx-no-cache=1492030693048 HTTP/1.1" 200 1290
200.86.95.220 - - [12/Apr/2017:17:57:07 -0300] "POST /cormun/servlet/solicitudot?gx-no-cache=1492030693276 HTTP/1.1" 200 38
192.168.10.13 - - [12/Apr/2017:17:57:17 -0300] "GET / HTTP/1.1" 200 11217
200.86.95.220 - - [12/Apr/2017:17:57:17 -0300] "GET /cormun/servlet/solicitudot?4bb395d35afb38b5978bd7850314b2f9460ff057cca964ccecd5fff46f5a8eaa002cff5147c00be281768f41dd316640ee26190bfc3e8c4be90ca149f70a9e5e0f7735636452a01ad9c2d58d3ea7f33a19a683faf37e5375d4df0a7e649ad0c1c8ab10a6771709535016076954b87ff4c2971afdaf24ae7b6ebc26e3318d09a160c3c455daf2cff7505e504be2a4091118133e16956fc48757b604500dd40a4a22e5b84a0cd4a42902bd2e542e93cb22da7cc271056bb18cf12bc613a073130ea3e2104d5c456bad2a4c13a99c122809,gx-no-cache=1492030703046 HTTP/1.1" 200 29
200.86.95.220 - - [12/Apr/2017:17:57:19 -0300] "POST /cormun/servlet/solicitudot?gx-no-cache=1492030705124 HTTP/1.1" 200 1273
200.86.95.220 - - [12/Apr/2017:17:57:19 -0300] "POST /cormun/servlet/solicitudot?gx-no-cache=1492030705316 HTTP/1.1" 200 1157
200.86.95.220 - - [12/Apr/2017:17:57:23 -0300] "GET /cormun/static/menuarrow.gif HTTP/1.1" 404 1015
200.86.95.220 - - [12/Apr/2017:17:57:32 -0300] "GET /cormun/servlet/solicitudot?4bb395d35afb38b5978bd7850314b2f99308cdecbcaf2fb22ff1997cc9a69d469c30c5586f341da0343612f79b5c642119f16fe1ee476c678e6e079a98a4700d57e06d87b2f9b60a5dc2ade54a14907b733c72c168d66ba2cb6deed2e88cd2294ef568882af8b52954c7b792f60c6708d2eb98af2e10f69d47f94d0a2f0ff8cdade243ce608d81ab44cfca047816abaed9059d0e99af5071ab420d963a7a888795d34b7fbf6c066e05871c8d618ada16,gx-no-cache=1492030717657 HTTP/1.1" 200 30
200.86.95.220 - - [12/Apr/2017:17:58:09 -0300] "POST /cormun/servlet/solicitudot?efcd6e414d12ec161bfea66b4cafcc3a,INS,0,0,,gx-no-cache=1492030754376 HTTP/1.1" 200 93
200.86.95.220 - - [12/Apr/2017:17:58:09 -0300] "GET /cormun/servlet/hpexe_return? HTTP/1.1" 200 1004
200.86.95.220 - - [12/Apr/2017:17:58:09 -0300] "GET /cormun/servlet/trsolicitudot HTTP/1.1" 200 8767
