186.103.156.24 - - [11/Apr/2017:12:27:12 -0300] "POST /cormun/servlet/prfichaempleado?3e7033936b7d58e3348ebf09bcd12328,,MD,,gxPopupLevel%3D0%3B,gx-no-cache=1491924565321 HTTP/1.1" 200 3412
186.103.156.24 - - [11/Apr/2017:12:27:16 -0300] "POST /cormun/servlet/solicitudot?gx-no-cache=1491924569395 HTTP/1.1" 200 3167
186.103.156.24 - - [11/Apr/2017:12:27:16 -0300] "POST /cormun/servlet/solicitudot?3e7033936b7d58e3348ebf09bcd12328,INS,0,0,,gx-no-cache=1491924569660 HTTP/1.1" 200 9973
186.103.156.24 - - [11/Apr/2017:12:27:16 -0300] "GET /cormun/servlet/solicitudot?15fa0ef74f2e8b248e205e7db67c50fda848c4418c2f23576a4c08275dfd91be0f2becb753a111c8bf6bf45e8f033786,gx-no-cache=1491924569986 HTTP/1.1" 200 30
192.168.10.13 - - [11/Apr/2017:12:27:18 -0300] "GET / HTTP/1.1" 200 11217
186.103.156.24 - - [11/Apr/2017:12:27:19 -0300] "POST /cormun/servlet/solicitudot?gx-no-cache=1491924573318 HTTP/1.1" 200 255
186.103.156.24 - - [11/Apr/2017:12:27:20 -0300] "GET /cormun/servlet/solicitudot?15fa0ef74f2e8b248e205e7db67c50fdc19744f8452095feed35d7bf79bc7d36b3e61c93a331ba89f3ee9cbd77cc1de84d409a352e64b9be156fc394bca011888ec5bf3ccf6f13e890f5e7d7a282cb931adc9dc91fb9edaf3f72ac0094d4434d593008fb8bc819e79e7137614ea22046bf87f54973aced9f359979336dd31e613d2e1519cedd883f79a86b927a86685e69a06257a86fe9fb677cd4f3720dec7538f4f9dc84ba444d4b4839c1b77f25df2ca186952e5a7348e5e70fa639bb5c22fb9ce9243199753b10e199611a103e662a160801d9ba35a416ab985924e0c5ca7755646167a20264ca1db4eca9306a556a9b285c1d02ffcf3646f7656742ad012b614a3b25983dd790efe1a55dd8e2f946be3b7549e0eb3878f7d6dcfdf2749a1560e971b2ce126995cb2281e5d15a1e52adbbd6500a47e02633212ca25588c0283d28bccf24bff7ba3d602a35bd085e91cdcdfc93921b5c29d3225190c13f4ef4fb2f67fe9c06fb0646fc36cf65f20b577fbc993219cc3a96c63eb5f105bf0d,gx-no-cache=1491924573411 HTTP/1.1" 200 30
186.103.156.24 - - [11/Apr/2017:12:27:32 -0300] "POST /cormun/servlet/solicitudot?gx-no-cache=1491924587932 HTTP/1.1" 200 30
186.103.156.24 - - [11/Apr/2017:12:27:34 -0300] "GET /cormun/servlet/prcontratosol?8276560,,,,,MD,,gxPopupLevel%3D0%3B HTTP/1.1" 200 5968
186.103.156.24 - - [11/Apr/2017:12:27:39 -0300] "POST /cormun/servlet/solicitudot?gx-no-cache=1491924594921 HTTP/1.1" 200 1292
186.103.156.24 - - [11/Apr/2017:12:27:39 -0300] "POST /cormun/servlet/solicitudot?gx-no-cache=1491924595127 HTTP/1.1" 200 38
186.103.156.24 - - [11/Apr/2017:12:27:39 -0300] "GET /cormun/servlet/solicitudot?15fa0ef74f2e8b248e205e7db67c50fd3f6d535638fc94f7867633fbdf943871b00b91d0fc5376a2e1ef22f0a844988800587c3b6c20c0dd620272d398574ab9ccdf5ea836a0771acf3738c2dcb5b295c780fb8be691627002dd3a5a9e4b219f0db86cf8633cef8736b17cb0c2c300d39c45d93aa88166601fa1715edb6d952a189c296614f16cb4efb1266e38c02cb1a591faff48cd8cd9416ddb01030189165c62a64787e0ceb38671b8d78fcee38c24d1ab749a1e7c1a146d18ba60d384bdde0240d8c31e94f3f9e78e7e135a4c08,gx-no-cache=1491924595186 HTTP/1.1" 200 29
186.103.156.24 - - [11/Apr/2017:12:27:39 -0300] "POST /cormun/servlet/solicitudot?gx-no-cache=1491924595242 HTTP/1.1" 200 1275
186.103.156.24 - - [11/Apr/2017:12:27:39 -0300] "POST /cormun/servlet/solicitudot?gx-no-cache=1491924595358 HTTP/1.1" 200 1157
186.103.156.24 - - [11/Apr/2017:12:28:04 -0300] "POST /cormun/servlet/solicitudot?gx-no-cache=1491924623009 HTTP/1.1" 200 1274
186.103.156.24 - - [11/Apr/2017:12:28:04 -0300] "POST /cormun/servlet/solicitudot?gx-no-cache=1491924623233 HTTP/1.1" 200 1157
186.103.156.24 - - [11/Apr/2017:12:28:04 -0300] "GET /cormun/static/menuarrow.gif HTTP/1.1" 404 1015
186.103.156.24 - - [11/Apr/2017:12:28:12 -0300] "POST /cormun/servlet/solicitudot?gx-no-cache=1491924632293 HTTP/1.1" 200 1274
186.103.156.24 - - [11/Apr/2017:12:28:12 -0300] "POST /cormun/servlet/solicitudot?gx-no-cache=1491924632401 HTTP/1.1" 200 1157
192.168.10.13 - - [11/Apr/2017:12:28:18 -0300] "GET / HTTP/1.1" 200 11217
192.168.10.13 - - [11/Apr/2017:12:29:18 -0300] "GET / HTTP/1.1" 200 11217
186.103.156.24 - - [11/Apr/2017:12:29:30 -0300] "GET /cormun/servlet/solicitudot?15fa0ef74f2e8b248e205e7db67c50fdb36213518bcb9f863e0c3fc24a0ca201153cc86e67ad8c799ef1b0879fc6847de205bad2bf64ed5ffe716db2ce9c3ac9c78cc6a174981936669d9530da782059f21d036f40d929f6904c22de566be6cde9c7e2df5535c5366c4a3d58edc70de429f7b260a79aa044d4dc0a42ab6756933572d750ae04eefc334dc3d7e2dc3fc31257d1b391db1e59ce43fcc1d356be8bc73f131931bbaf10826dacf22875cb8c,gx-no-cache=1491924721432 HTTP/1.1" 200 30
186.103.156.24 - - [11/Apr/2017:12:30:04 -0300] "GET /cormun/servlet/solicitudot?15fa0ef74f2e8b248e205e7db67c50fdb36213518bcb9f863e0c3fc24a0ca201153cc86e67ad8c799ef1b0879fc6847de205bad2bf64ed5ffe716db2ce9c3ac9c78cc6a174981936669d9530da782059f21d036f40d929f6904c22de566be6cde9c7e2df5535c5366c4a3d58edc70de429f7b260a79aa044d4dc0a42ab6756933572d750ae04eefc334dc3d7e2dc3fc31257d1b391db1e59ce43fcc1d356be8b90ed26dfa0b73114e5295491ea65ce03,gx-no-cache=1491924756158 HTTP/1.1" 200 30
192.168.10.13 - - [11/Apr/2017:12:30:18 -0300] "GET / HTTP/1.1" 200 11217
186.103.156.24 - - [11/Apr/2017:12:30:52 -0300] "POST /cormun/servlet/solicitudot?3e7033936b7d58e3348ebf09bcd12328,INS,0,0,,gx-no-cache=1491924812329 HTTP/1.1" 200 11323
186.103.156.24 - - [11/Apr/2017:12:30:52 -0300] "GET /cormun/static/Shared/jqueryui/images/ui-bg_highlight-soft_100_c6c2c8_1x100.png HTTP/1.1" 404 1117
186.103.156.24 - - [11/Apr/2017:12:30:52 -0300] "GET /cormun/static/Shared/jqueryui/images/ui-bg_flat_55_994d53_40x100.png HTTP/1.1" 404 1097
186.103.156.24 - - [11/Apr/2017:12:30:52 -0300] "GET /cormun/static/Shared/jqueryui/images/ui-icons_ebccce_256x240.png HTTP/1.1" 404 1089
186.103.156.24 - - [11/Apr/2017:12:30:52 -0300] "GET /cormun/static/Shared/jqueryui/images/ui-icons_82798d_256x240.png HTTP/1.1" 404 1089
192.168.10.13 - - [11/Apr/2017:12:31:18 -0300] "GET / HTTP/1.1" 200 11217
186.103.156.24 - - [11/Apr/2017:12:31:31 -0300] "GET /cormun/servlet/solicitudot?15fa0ef74f2e8b248e205e7db67c50fdb36213518bcb9f863e0c3fc24a0ca201153cc86e67ad8c799ef1b0879fc6847de205bad2bf64ed5ffe716db2ce9c3ac9c78cc6a174981936669d9530da782059f21d036f40d929f6904c22de566be6cde9c7e2df5535c5366c4a3d58edc70de429f7b260a79aa044d4dc0a42ab6756933572d750ae04eefc334dc3d7e2dc3fc31257d1b391db1e59ce43fcc1d356be8b7d1d42b16191cb0275d214b2df3efc7b,gx-no-cache=1491924855509 HTTP/1.1" 200 32
186.103.156.24 - - [11/Apr/2017:12:31:32 -0300] "POST /cormun/servlet/solicitudot?3e7033936b7d58e3348ebf09bcd12328,INS,0,0,,gx-no-cache=1491924857300 HTTP/1.1" 200 93
186.103.156.24 - - [11/Apr/2017:12:31:32 -0300] "GET /cormun/servlet/hpexe_return? HTTP/1.1" 200 1007
186.103.156.24 - - [11/Apr/2017:12:31:33 -0300] "GET /cormun/servlet/trsolicitudot HTTP/1.1" 200 8263
186.103.156.24 - - [11/Apr/2017:12:31:34 -0300] "GET /cormun/servlet/trsolicitudot HTTP/1.1" 200 8259
186.103.156.24 - - [11/Apr/2017:12:31:36 -0300] "POST /cormun/servlet/trsolicitudot?3e7033936b7d58e3348ebf09bcd12328,gx-no-cache=1491924862320 HTTP/1.1" 200 4337
186.103.156.24 - - [11/Apr/2017:12:31:37 -0300] "GET /cormun/static/Shared/jqueryui/images/ui-bg_highlight-soft_100_c6c2c8_1x100.png HTTP/1.1" 404 1117
186.103.156.24 - - [11/Apr/2017:12:31:37 -0300] "GET /cormun/static/Shared/jqueryui/images/ui-icons_82798d_256x240.png HTTP/1.1" 404 1089
186.103.156.24 - - [11/Apr/2017:12:31:37 -0300] "GET /cormun/static/Shared/jqueryui/images/ui-icons_8d78a5_256x240.png HTTP/1.1" 404 1089
186.103.156.24 - - [11/Apr/2017:12:31:37 -0300] "GET /cormun/static/Shared/jqueryui/images/ui-bg_flat_55_fafafa_40x100.png HTTP/1.1" 404 1097
186.103.156.24 - - [11/Apr/2017:12:31:37 -0300] "POST /cormun/servlet/trsolicitudot?3e7033936b7d58e3348ebf09bcd12328,gx-no-cache=1491924862791 HTTP/1.1" 200 4124
186.103.156.24 - - [11/Apr/2017:12:31:46 -0300] "GET /cormun/servlet/trautorizarsolicitud? HTTP/1.1" 200 8187
186.103.156.24 - - [11/Apr/2017:12:31:46 -0300] "GET /cormun/servlet/trautorizarsolicitud? HTTP/1.1" 200 8187
186.103.156.24 - - [11/Apr/2017:12:31:50 -0300] "POST /cormun/servlet/trautorizarsolicitud?3e7033936b7d58e3348ebf09bcd12328,,gx-no-cache=1491924874926 HTTP/1.1" 200 4313
186.103.156.24 - - [11/Apr/2017:12:31:50 -0300] "GET /cormun/static/Shared/jqueryui/images/ui-icons_82798d_256x240.png HTTP/1.1" 404 1089
186.103.156.24 - - [11/Apr/2017:12:31:50 -0300] "GET /cormun/static/Shared/jqueryui/images/ui-bg_highlight-soft_100_c6c2c8_1x100.png HTTP/1.1" 404 1117
186.103.156.24 - - [11/Apr/2017:12:31:50 -0300] "GET /cormun/static/Shared/jqueryui/images/ui-bg_flat_55_fafafa_40x100.png HTTP/1.1" 404 1097
186.103.156.24 - - [11/Apr/2017:12:31:50 -0300] "GET /cormun/static/Shared/jqueryui/images/ui-icons_8d78a5_256x240.png HTTP/1.1" 404 1089
186.103.156.24 - - [11/Apr/2017:12:31:50 -0300] "POST /cormun/servlet/trautorizarsolicitud?3e7033936b7d58e3348ebf09bcd12328,,gx-no-cache=1491924876766 HTTP/1.1" 200 4103
192.168.10.13 - - [11/Apr/2017:12:32:18 -0300] "GET / HTTP/1.1" 200 11217
192.168.10.13 - - [11/Apr/2017:12:33:18 -0300] "GET / HTTP/1.1" 200 11217
192.168.10.13 - - [11/Apr/2017:12:34:18 -0300] "GET / HTTP/1.1" 200 11217
192.168.10.13 - - [11/Apr/2017:12:35:18 -0300] "GET / HTTP/1.1" 200 11217
192.168.10.13 - - [11/Apr/2017:12:36:18 -0300] "GET / HTTP/1.1" 200 11217
192.168.10.13 - - [11/Apr/2017:12:37:18 -0300] "GET / HTTP/1.1" 200 11217
157.55.39.216 - - [11/Apr/2017:12:37:41 -0300] "GET /cormun/static/gxgral.js?85251 HTTP/1.1" 200 384558
192.168.10.13 - - [11/Apr/2017:12:38:18 -0300] "GET / HTTP/1.1" 200 11217
192.168.10.13 - - [11/Apr/2017:12:39:18 -0300] "GET / HTTP/1.1" 200 11217
192.168.10.13 - - [11/Apr/2017:12:40:18 -0300] "GET / HTTP/1.1" 200 11217
192.168.10.13 - - [11/Apr/2017:12:41:18 -0300] "GET / HTTP/1.1" 200 11217
192.168.10.13 - - [11/Apr/2017:12:42:18 -0300] "GET / HTTP/1.1" 200 11217
186.103.159.46 - - [11/Apr/2017:12:42:41 -0300] "GET /cormun/servlet/apermisogoceprn?11142601,P,20170411113829,PU HTTP/1.1" 200 1642
192.168.10.13 - - [11/Apr/2017:12:43:18 -0300] "GET / HTTP/1.1" 200 11217
192.168.10.13 - - [11/Apr/2017:12:44:18 -0300] "GET / HTTP/1.1" 200 11217
192.168.10.89 - - [11/Apr/2017:12:44:47 -0300] "POST /cormun/servlet/trsolicitudgral?5735dbfc48f57c9c2e6e646c2b832eb1,gx-no-cache=1491928762568 HTTP/1.1" 200 8529
192.168.10.13 - - [11/Apr/2017:12:45:18 -0300] "GET / HTTP/1.1" 200 11217
192.168.10.89 - - [11/Apr/2017:12:45:49 -0300] "GET /cormun/servlet/solicitudgral?UPD,2017,5858, HTTP/1.1" 200 12255
192.168.10.89 - - [11/Apr/2017:12:45:51 -0300] "POST /cormun/servlet/solicitudgral?gx-no-cache=1491928826526 HTTP/1.1" 200 3174
192.168.10.89 - - [11/Apr/2017:12:45:51 -0300] "GET /cormun/servlet/solicitudgral?760c4941c0c8f95b6bd957183faf879959788afb75d1d139ccbd2528d24848adfe081c6dfe82479b1d359f953e4ef5c79e8e0fef175775160dd422c529de23827033263b5f6c838a1d6d11b7ad1a4f6fb8cb09cf77aeb8daee0f038f8a87e9100434aead12f48c19f745963db18c2fbb5979cb2c551ab961919cb0f7a822e5136b240889caa06cdbb1b5798906003df8fe6478aafc6a0d2fe0d282a6d5dc361ddce1612a5deabd966a964b19a27c9d0f4cd7dc12ae102f43468632fbe9eff5818f429cb6a61a69a445e54d20fb5ab414a9524a880e29c11f950a658264e5d2e71413de07f26b8f21c7a221b404a1b89c03cc835cdcd71d9b94a64343a323894db3536f88f2f3addb33f76440ede8406fafcbbd1db4748e784eb7c169827d1d918f0d2a97b1bf3ef277affcf92e357cd90bb57a98423089e207951b4321cad9aa36af582232099f77a456b5a59a228ff3,gx-no-cache=1491928826740 HTTP/1.1" 200 258
192.168.10.89 - - [11/Apr/2017:12:46:05 -0300] "GET /cormun/servlet/solicitudgral?760c4941c0c8f95b6bd957183faf87994ffcdfd21a3216ef373f669de616b3ca312f2f4cfed8a46d2128a9e4fcc719373d98b31434a3c36bf4d77e6a0ae5dddf8582d5ef9ad2d912fb0dad350cc0a16d5c217e3340bef6de35eaba146704eadbdbefb8b6d91a42679f682f88ad617ecedc1a850ea7c4e0b6d8008c9dff0f9705a09006a04d385362b12ce3e7a4a62dfdc7c68e5487bc70198a594572b67eac3ae205cffd371a502c1ad92a3b88c400528f429cb6a61a69a445e54d20fb5ab414f479a065220fedf1959a066bbf6dba660f8e574d177784b8a806f79ffcf269045da27f170c41045ed4aa6014de0e0015eb1c1dc42b2e1e84f0e4c33ccb7a5f9a4a8eb204f8c9135b5253307de1dbc1ca8d606c02fdb1397c8f1754c6520211ff3edd7892ccfa5dc857750919d5f8d6dcae8930619b1c5ff6b4fa0d5973e248cd9d7ff6e0754546737b3ebe7d05f6fc39eb291e7fd6ef798ffe7829874e41513887b13e312750aa64d3de20440bbde0eac958f22b79649f38dbe1eb8cddc9a15d5637f6550644203922068f1f9b5ba5808e2ca0fa66fb7cdbb4a6dcbd00e3c04dfe4daae51dc1aa9e8459cbe2861d899d3da836725f73fef43c8e66f1029655fbca5e6314a2949febe1bbefdb9486c3616b0fda18df3253efbb2c3c504a9b18df4f9b739dbaa1e59add3f4c8863956a3b8e2ca0fa66fb7cdbb4a6dcbd00e3c04da3a12510a0a0e7abee95377b329a1b3eed3e5354b12a31742536f4a04d27eeef2d8e0fcbab926e837b89fc9b509231bd,gx-no-cache=1491928840929 HTTP/1.1" 200 48
192.168.10.89 - - [11/Apr/2017:12:46:05 -0300] "POST /cormun/servlet/solicitudgral?5735dbfc48f57c9c2e6e646c2b832eb1,UPD,2017,5858,,gx-no-cache=1491928840962 HTTP/1.1" 200 10581
192.168.10.89 - - [11/Apr/2017:12:46:05 -0300] "GET /cormun/servlet/solicitudgral?760c4941c0c8f95b6bd957183faf8799c322127169dad130a4ac835d3f6f94070ee6a5b13319b8b69cc8ef6bc1a73c8cac4a0727c7fc9723d292920467a935890876c4a2dcba79399418262dcf4dfe5fca345e75243ba62277e4e3ccc28a00e2e68057a183af0f1a0433b23d93cfda0d,gx-no-cache=1491928841310 HTTP/1.1" 200 29
192.168.10.89 - - [11/Apr/2017:12:46:06 -0300] "POST /cormun/servlet/solicitudgral?gx-no-cache=1491928841330 HTTP/1.1" 200 1251
192.168.10.89 - - [11/Apr/2017:12:46:06 -0300] "POST /cormun/servlet/solicitudgral?gx-no-cache=1491928841376 HTTP/1.1" 200 1154
192.168.10.89 - - [11/Apr/2017:12:46:09 -0300] "POST /cormun/servlet/solicitudgral?5735dbfc48f57c9c2e6e646c2b832eb1,UPD,2017,5858,,gx-no-cache=1491928844792 HTTP/1.1" 200 93
192.168.10.89 - - [11/Apr/2017:12:46:09 -0300] "GET /cormun/servlet/hpexe_return? HTTP/1.1" 200 1035
192.168.10.89 - - [11/Apr/2017:12:46:09 -0300] "GET /cormun/servlet/trsolicitudgral?gx-no-cache=1491928762568 HTTP/1.1" 200 11816
192.168.10.13 - - [11/Apr/2017:12:46:18 -0300] "GET / HTTP/1.1" 200 11217
192.168.10.62 - - [11/Apr/2017:12:46:41 -0300] "POST /cormun/servlet/trsolicitudgral?f5867520a9b5dafb321cf4b45addafd5,gx-no-cache=1491928876427 HTTP/1.1" 200 7659
192.168.10.62 - - [11/Apr/2017:12:46:44 -0300] "POST /cormun/servlet/trsolicitudgral?f5867520a9b5dafb321cf4b45addafd5,gx-no-cache=1491928879315 HTTP/1.1" 200 105
192.168.10.62 - - [11/Apr/2017:12:46:44 -0300] "POST /cormun/servlet/trsolicitudgral?f5867520a9b5dafb321cf4b45addafd5,gx-no-cache=1491928879447 HTTP/1.1" 200 7642
192.168.10.62 - - [11/Apr/2017:12:46:44 -0300] "GET /cormun/SolicitudGral-8679.xls HTTP/1.1" 200 7168
192.168.10.13 - - [11/Apr/2017:12:47:18 -0300] "GET / HTTP/1.1" 200 11217
192.168.10.62 - - [11/Apr/2017:12:47:20 -0300] "POST /cormun/servlet/trsolicitudgral?f5867520a9b5dafb321cf4b45addafd5,gx-no-cache=1491928916030 HTTP/1.1" 200 7359
192.168.10.62 - - [11/Apr/2017:12:47:20 -0300] "GET /cormun/static/Shared/jqueryui/images/ui-bg_highlight-soft_100_c6c2c8_1x100.png HTTP/1.1" 404 1117
192.168.10.62 - - [11/Apr/2017:12:47:20 -0300] "GET /cormun/static/Shared/jqueryui/images/ui-icons_82798d_256x240.png HTTP/1.1" 404 1089
192.168.10.62 - - [11/Apr/2017:12:47:20 -0300] "GET /cormun/static/Shared/jqueryui/images/ui-icons_8d78a5_256x240.png HTTP/1.1" 404 1089
192.168.10.62 - - [11/Apr/2017:12:47:20 -0300] "GET /cormun/static/Shared/jqueryui/images/ui-bg_flat_55_fafafa_40x100.png HTTP/1.1" 404 1097
192.168.10.13 - - [11/Apr/2017:12:48:18 -0300] "GET / HTTP/1.1" 200 11217
192.168.10.13 - - [11/Apr/2017:12:49:18 -0300] "GET / HTTP/1.1" 200 11217
192.168.10.13 - - [11/Apr/2017:12:50:18 -0300] "GET / HTTP/1.1" 200 11217
207.46.13.88 - - [11/Apr/2017:12:50:32 -0300] "GET /cormun/servlet/trpermisosadjuntos?14524948,20170322142146,P,&_escaped_fragment_= HTTP/1.1" 200 5784
192.168.10.13 - - [11/Apr/2017:12:51:18 -0300] "GET / HTTP/1.1" 200 11217
186.103.158.250 - - [11/Apr/2017:12:52:18 -0300] "GET /cormun/servlet/trpermisosadjuntos?15266265,20170410185043,P, HTTP/1.1" 200 5447
186.103.158.250 - - [11/Apr/2017:12:52:18 -0300] "GET /cormun/static/gxcfg.js?201731711542659 HTTP/1.1" 304 -
192.168.10.13 - - [11/Apr/2017:12:52:18 -0300] "GET / HTTP/1.1" 200 11217
186.103.158.250 - - [11/Apr/2017:12:52:18 -0300] "GET /cormun/static/trpermisosadjuntos.js?201731711542990 HTTP/1.1" 304 -
186.103.158.250 - - [11/Apr/2017:12:52:19 -0300] "GET /cormun/servlet/trpermisosadjuntos?15266265,20170410185043,P, HTTP/1.1" 200 5444
186.103.158.250 - - [11/Apr/2017:12:52:19 -0300] "GET /cormun/servlet/hlogin HTTP/1.1" 200 1766
186.103.158.250 - - [11/Apr/2017:12:52:31 -0300] "POST /cormun/servlet/hlogin?3f93d700936c8113aef3ad3206825244,gx-no-cache=1491929495214 HTTP/1.1" 200 90
186.103.158.250 - - [11/Apr/2017:12:52:31 -0300] "GET /cormun/servlet/hpexe_link HTTP/1.1" 200 982
186.103.158.250 - - [11/Apr/2017:12:52:31 -0300] "GET /cormun/servlet/trpermisosadjuntos?15266265,20170410185043,P, HTTP/1.1" 200 5908
186.103.158.250 - - [11/Apr/2017:12:52:32 -0300] "GET /cormun/servlet/trpermisosadjuntos?15266265,20170410185043,P, HTTP/1.1" 200 5906
186.103.158.250 - - [11/Apr/2017:12:52:39 -0300] "GET /cormun/servlet/permisosadjuntos?INS,15266265,P,20170410185043,, HTTP/1.1" 200 5420
186.103.158.250 - - [11/Apr/2017:12:52:39 -0300] "GET /cormun/static/Resources/Spanish/PXTools.css?18365030 HTTP/1.1" 304 -
186.103.158.250 - - [11/Apr/2017:12:52:39 -0300] "GET /cormun/static/gxcfg.js?2016122813135788 HTTP/1.1" 200 953
186.103.158.250 - - [11/Apr/2017:12:52:39 -0300] "GET /cormun/static/permisosadjuntos.js?2016122813135797 HTTP/1.1" 200 8721
186.103.158.250 - - [11/Apr/2017:12:52:39 -0300] "GET /cormun/static/about:blank HTTP/1.1" 404 1011
186.103.158.250 - - [11/Apr/2017:12:52:40 -0300] "GET /cormun/servlet/permisosadjuntos?INS,15266265,P,20170410185043,, HTTP/1.1" 200 5410
192.168.10.13 - - [11/Apr/2017:12:53:18 -0300] "GET / HTTP/1.1" 200 11217
186.79.30.232 - - [11/Apr/2017:12:53:42 -0300] "GET /cormun/servlet/hlogin HTTP/1.1" 200 1721
186.79.30.232 - - [11/Apr/2017:12:53:44 -0300] "POST /cormun/servlet/hlogin?f52721b93b285c923b9124a10a88e1af,gx-no-cache=1491926090257 HTTP/1.1" 200 90
186.79.30.232 - - [11/Apr/2017:12:53:44 -0300] "GET /cormun/servlet/hpexe_link HTTP/1.1" 200 950
186.79.30.232 - - [11/Apr/2017:12:53:44 -0300] "GET /cormun/servlet/hhome HTTP/1.1" 200 3711
186.79.30.232 - - [11/Apr/2017:12:53:45 -0300] "GET /cormun/servlet/hhome HTTP/1.1" 200 3711
186.79.30.232 - - [11/Apr/2017:12:53:51 -0300] "GET /cormun/servlet/trpermisosgoce? HTTP/1.1" 200 8562
186.79.30.232 - - [11/Apr/2017:12:53:52 -0300] "GET /cormun/servlet/trpermisosgoce? HTTP/1.1" 200 8559
186.79.30.232 - - [11/Apr/2017:12:53:58 -0300] "GET /cormun/servlet/permisogoce?INS,0,,, HTTP/1.1" 200 6496
186.79.30.232 - - [11/Apr/2017:12:53:58 -0300] "GET /cormun/servlet/permisogoce?INS,0,,, HTTP/1.1" 200 6496
192.168.10.13 - - [11/Apr/2017:12:54:18 -0300] "GET / HTTP/1.1" 200 11217
186.103.158.250 - - [11/Apr/2017:12:54:22 -0300] "POST /cormun/servlet/permisosadjuntos?3f93d700936c8113aef3ad3206825244,INS,15266265,P,20170410185043,, HTTP/1.1" 200 116
186.103.158.250 - - [11/Apr/2017:12:54:22 -0300] "GET /cormun/servlet/hpexe_return? HTTP/1.1" 200 1035
186.103.158.250 - - [11/Apr/2017:12:54:23 -0300] "GET /cormun/servlet/trpermisosadjuntos?15266265,20170410185043,P, HTTP/1.1" 200 6425
186.103.158.250 - - [11/Apr/2017:12:54:24 -0300] "GET /cormun/servlet/trpermisosadjuntos?15266265,20170410185043,P, HTTP/1.1" 200 6422
186.103.158.250 - - [11/Apr/2017:12:54:24 -0300] "GET /cormun/PublicTempStorage/vivi1330667.jpg HTTP/1.1" 200 424214
186.103.158.250 - - [11/Apr/2017:12:54:38 -0300] "GET /cormun/servlet/trpermisosgoce? HTTP/1.1" 200 7806
186.103.158.250 - - [11/Apr/2017:12:54:40 -0300] "GET /cormun/servlet/trpermisosgoce? HTTP/1.1" 200 7805
186.79.30.232 - - [11/Apr/2017:12:55:06 -0300] "POST /cormun/servlet/permisogoce?f52721b93b285c923b9124a10a88e1af,INS,0,,,,gx-no-cache=1491926171821 HTTP/1.1" 200 4180
186.79.30.232 - - [11/Apr/2017:12:55:06 -0300] "GET /cormun/static/Shared/jqueryui/images/ui-bg_highlight-soft_100_c6c2c8_1x100.png HTTP/1.1" 404 1117
186.79.30.232 - - [11/Apr/2017:12:55:06 -0300] "GET /cormun/static/Shared/jqueryui/images/ui-icons_82798d_256x240.png HTTP/1.1" 404 1089
186.79.30.232 - - [11/Apr/2017:12:55:06 -0300] "GET /cormun/static/Shared/jqueryui/images/ui-icons_ebccce_256x240.png HTTP/1.1" 404 1089
186.79.30.232 - - [11/Apr/2017:12:55:06 -0300] "GET /cormun/static/Shared/jqueryui/images/ui-bg_flat_55_994d53_40x100.png HTTP/1.1" 404 1097
186.79.30.232 - - [11/Apr/2017:12:55:11 -0300] "GET /cormun/servlet/permisogoce?fe203c0a70f0ddfc16e72b1e97d97125c90f20a4dc70037578149e882a0d6eb53e583bf82cacb1672f6338c232757d4b43d71e43f8b555e7d343d8b784cc85b4918e407a370d6e8439ab8c8bc0291f38ad656a815cd2c6d0aeced4a60c0653cb,gx-no-cache=1491926177026 HTTP/1.1" 200 68
192.168.10.89 - - [11/Apr/2017:12:55:13 -0300] "POST /cormun/servlet/trsolicitudgral?5735dbfc48f57c9c2e6e646c2b832eb1,gx-no-cache=1491928762568,gx-no-cache=1491929388355 HTTP/1.1" 200 8730
192.168.10.13 - - [11/Apr/2017:12:55:18 -0300] "GET / HTTP/1.1" 200 11217
186.103.158.250 - - [11/Apr/2017:12:55:20 -0300] "GET /cormun/servlet/trpermisosadjuntos?15266265,20170410185043,P, HTTP/1.1" 200 6422
186.103.158.250 - - [11/Apr/2017:12:55:22 -0300] "GET /cormun/servlet/trpermisosadjuntos?15266265,20170410185043,P, HTTP/1.1" 200 6422
186.103.158.250 - - [11/Apr/2017:12:55:22 -0300] "GET /cormun/PublicTempStorage/vivi6299365.jpg HTTP/1.1" 200 424214
192.168.10.89 - - [11/Apr/2017:12:55:25 -0300] "POST /cormun/servlet/trsolicitudgral?5735dbfc48f57c9c2e6e646c2b832eb1,gx-no-cache=1491928762568,gx-no-cache=1491929401184 HTTP/1.1" 200 5478
186.103.158.250 - - [11/Apr/2017:12:55:27 -0300] "GET /cormun/servlet/trpermisosgoce? HTTP/1.1" 200 7806
186.103.158.250 - - [11/Apr/2017:12:55:29 -0300] "GET /cormun/servlet/trpermisosgoce? HTTP/1.1" 200 7805
192.168.10.89 - - [11/Apr/2017:12:55:30 -0300] "POST /cormun/servlet/trsolicitudgral?5735dbfc48f57c9c2e6e646c2b832eb1,gx-no-cache=1491928762568,gx-no-cache=1491929405498 HTTP/1.1" 200 8730
186.79.30.232 - - [11/Apr/2017:12:55:30 -0300] "GET /cormun/servlet/permisogoce?fe203c0a70f0ddfc16e72b1e97d97125c567599a3758bfaf96d6745c64d9201ac7ff7ac9eec81b14ec5f1936fe1e1c6cedd88686a891fc958daa8023235dbc51,gx-no-cache=1491926196524 HTTP/1.1" 200 47
186.103.158.250 - - [11/Apr/2017:12:55:34 -0300] "GET /cormun/servlet/permisogoce?DSP,15266265,P,20170410185043, HTTP/1.1" 200 6436
186.103.158.250 - - [11/Apr/2017:12:55:35 -0300] "GET /cormun/servlet/permisogoce?DSP,15266265,P,20170410185043, HTTP/1.1" 200 6437
186.103.158.250 - - [11/Apr/2017:12:55:49 -0300] "POST /cormun/servlet/permisogoce?3f93d700936c8113aef3ad3206825244,DSP,15266265,P,20170410185043,,gx-no-cache=1491929693382 HTTP/1.1" 200 93
186.103.158.250 - - [11/Apr/2017:12:55:49 -0300] "GET /cormun/servlet/hpexe_return? HTTP/1.1" 200 1026
186.103.158.250 - - [11/Apr/2017:12:55:50 -0300] "GET /cormun/servlet/trpermisosgoce HTTP/1.1" 200 7808
186.103.158.250 - - [11/Apr/2017:12:55:51 -0300] "GET /cormun/servlet/trpermisosgoce HTTP/1.1" 200 7805
186.79.30.232 - - [11/Apr/2017:12:55:52 -0300] "POST /cormun/servlet/permisogoce?f52721b93b285c923b9124a10a88e1af,INS,0,,,,gx-no-cache=1491926217752 HTTP/1.1" 200 93
186.79.30.232 - - [11/Apr/2017:12:55:52 -0300] "GET /cormun/servlet/hpexe_return? HTTP/1.1" 200 1008
186.79.30.232 - - [11/Apr/2017:12:55:53 -0300] "GET /cormun/servlet/trpermisosgoce HTTP/1.1" 200 8741
186.79.30.232 - - [11/Apr/2017:12:55:53 -0300] "GET /cormun/servlet/trpermisosgoce HTTP/1.1" 200 8736
186.79.30.232 - - [11/Apr/2017:12:55:59 -0300] "POST /cormun/servlet/trpermisosgoce?f52721b93b285c923b9124a10a88e1af,gx-no-cache=1491926224578 HTTP/1.1" 200 6096
186.79.30.232 - - [11/Apr/2017:12:56:01 -0300] "GET /cormun/servlet/apermisogoceprn?11757344,P,20170411135028,PU HTTP/1.1" 200 1651
186.103.158.250 - - [11/Apr/2017:12:56:02 -0300] "GET /cormun/servlet/trlicenciaspermisoslog?15266265,P,20170410185043, HTTP/1.1" 200 5995
186.103.158.250 - - [11/Apr/2017:12:56:02 -0300] "GET /cormun/static/gxcfg.js?201731711543185 HTTP/1.1" 304 -
186.103.158.250 - - [11/Apr/2017:12:56:02 -0300] "GET /cormun/static/trlicenciaspermisoslog.js?201731711543510 HTTP/1.1" 304 -
186.103.158.250 - - [11/Apr/2017:12:56:03 -0300] "GET /cormun/servlet/trlicenciaspermisoslog?15266265,P,20170410185043, HTTP/1.1" 200 5996
186.103.158.250 - - [11/Apr/2017:12:56:07 -0300] "GET /cormun/servlet/trpermisosgoce HTTP/1.1" 200 7808
186.103.158.250 - - [11/Apr/2017:12:56:08 -0300] "GET /cormun/servlet/trpermisosgoce HTTP/1.1" 200 7805
192.168.10.13 - - [11/Apr/2017:12:56:18 -0300] "GET / HTTP/1.1" 200 11217
186.103.158.250 - - [11/Apr/2017:12:56:21 -0300] "GET /cormun/servlet/trpermisosadjuntos?15266265,20170410185043,P, HTTP/1.1" 200 6420
186.103.158.250 - - [11/Apr/2017:12:56:22 -0300] "GET /cormun/servlet/trpermisosadjuntos?15266265,20170410185043,P, HTTP/1.1" 200 6422
186.103.158.250 - - [11/Apr/2017:12:56:22 -0300] "GET /cormun/PublicTempStorage/vivi9504901.jpg HTTP/1.1" 200 424214
186.103.158.250 - - [11/Apr/2017:12:56:28 -0300] "GET /cormun/servlet/trpermisosgoce HTTP/1.1" 200 7808
186.103.158.250 - - [11/Apr/2017:12:56:29 -0300] "GET /cormun/servlet/trpermisosgoce HTTP/1.1" 200 7805
192.168.10.89 - - [11/Apr/2017:12:56:36 -0300] "GET /cormun/servlet/trconsultaempleado? HTTP/1.1" 200 9730
192.168.10.89 - - [11/Apr/2017:12:56:36 -0300] "GET /cormun/static/gxcfg.js?2017319127961 HTTP/1.1" 304 -
186.103.158.250 - - [11/Apr/2017:12:56:36 -0300] "POST /cormun/servlet/trpermisosgoce?3f93d700936c8113aef3ad3206825244,gx-no-cache=1491929740676 HTTP/1.1" 200 5132
192.168.10.89 - - [11/Apr/2017:12:56:45 -0300] "POST /cormun/servlet/trconsultaempleado?5735dbfc48f57c9c2e6e646c2b832eb1,,gx-no-cache=1491929481199 HTTP/1.1" 200 4174
192.168.10.89 - - [11/Apr/2017:12:56:53 -0300] "GET /cormun/servlet/trsolicitudgral? HTTP/1.1" 200 12010
192.168.10.89 - - [11/Apr/2017:12:57:06 -0300] "POST /cormun/servlet/trsolicitudgral?5735dbfc48f57c9c2e6e646c2b832eb1,,gx-no-cache=1491929501335 HTTP/1.1" 200 5477
192.168.10.89 - - [11/Apr/2017:12:57:14 -0300] "POST /cormun/servlet/trsolicitudgral?5735dbfc48f57c9c2e6e646c2b832eb1,,gx-no-cache=1491929509660 HTTP/1.1" 200 7180
186.103.158.250 - - [11/Apr/2017:12:57:17 -0300] "POST /cormun/servlet/trpermisosgoce?3f93d700936c8113aef3ad3206825244,gx-no-cache=1491929781652 HTTP/1.1" 200 5131
192.168.10.13 - - [11/Apr/2017:12:57:18 -0300] "GET / HTTP/1.1" 200 11217
192.168.10.89 - - [11/Apr/2017:12:57:21 -0300] "GET /cormun/servlet/hlogin HTTP/1.1" 200 1743
192.168.10.89 - - [11/Apr/2017:12:57:21 -0300] "GET /cormun/static/gxcfg.js?201731711485472 HTTP/1.1" 304 -
186.103.158.250 - - [11/Apr/2017:12:57:24 -0300] "GET /cormun/servlet/trpermisosadjuntos?7023850,20170410184541,P, HTTP/1.1" 200 5902
186.103.158.250 - - [11/Apr/2017:12:57:26 -0300] "GET /cormun/servlet/trpermisosadjuntos?7023850,20170410184541,P, HTTP/1.1" 200 5902
186.103.158.250 - - [11/Apr/2017:12:57:30 -0300] "GET /cormun/servlet/permisosadjuntos?INS,7023850,P,20170410184541,, HTTP/1.1" 200 5417
186.103.158.250 - - [11/Apr/2017:12:57:31 -0300] "GET /cormun/static/about:blank HTTP/1.1" 404 1011
186.103.158.250 - - [11/Apr/2017:12:57:31 -0300] "GET /cormun/servlet/permisosadjuntos?INS,7023850,P,20170410184541,, HTTP/1.1" 200 5407
192.168.10.89 - - [11/Apr/2017:12:57:40 -0300] "POST /cormun/servlet/hlogin?5735dbfc48f57c9c2e6e646c2b832eb1,gx-no-cache=1491929535612 HTTP/1.1" 200 454
192.168.10.89 - - [11/Apr/2017:12:57:45 -0300] "POST /cormun/servlet/hlogin?5735dbfc48f57c9c2e6e646c2b832eb1,gx-no-cache=1491929540416 HTTP/1.1" 200 90
192.168.10.89 - - [11/Apr/2017:12:57:45 -0300] "GET /cormun/servlet/hpexe_link HTTP/1.1" 200 954
192.168.10.89 - - [11/Apr/2017:12:57:45 -0300] "GET /cormun/static/gxcfg.js?201731711483381 HTTP/1.1" 304 -
192.168.10.89 - - [11/Apr/2017:12:57:45 -0300] "GET /cormun/servlet/hhome HTTP/1.1" 200 3954
192.168.10.89 - - [11/Apr/2017:12:57:45 -0300] "GET /cormun/static/gxcfg.js?201731711483497 HTTP/1.1" 304 -
192.168.10.89 - - [11/Apr/2017:12:57:49 -0300] "GET /cormun/servlet/trsolicitudot? HTTP/1.1" 200 8184
192.168.10.89 - - [11/Apr/2017:12:57:49 -0300] "GET /cormun/static/gxcfg.js?201731711505139 HTTP/1.1" 304 -
192.168.10.89 - - [11/Apr/2017:12:57:49 -0300] "GET /cormun/static/trsolicitudot.js?20173171151116 HTTP/1.1" 304 -
192.168.10.89 - - [11/Apr/2017:12:57:49 -0300] "GET /cormun//static/Resources/PXTools/ActionInsert.png HTTP/1.1" 200 1482
186.103.158.250 - - [11/Apr/2017:12:57:50 -0300] "POST /cormun/servlet/permisosadjuntos?3f93d700936c8113aef3ad3206825244,INS,7023850,P,20170410184541,, HTTP/1.1" 200 116
186.103.158.250 - - [11/Apr/2017:12:57:51 -0300] "GET /cormun/servlet/hpexe_return? HTTP/1.1" 200 1035
186.103.158.250 - - [11/Apr/2017:12:57:51 -0300] "GET /cormun/servlet/trpermisosadjuntos?7023850,20170410184541,P, HTTP/1.1" 200 6418
186.103.158.250 - - [11/Apr/2017:12:57:52 -0300] "GET /cormun/servlet/trpermisosadjuntos?7023850,20170410184541,P, HTTP/1.1" 200 6417
186.103.158.250 - - [11/Apr/2017:12:57:52 -0300] "GET /cormun/PublicTempStorage/bda6319470.jpg HTTP/1.1" 200 420544
192.168.10.89 - - [11/Apr/2017:12:58:10 -0300] "POST /cormun/servlet/trsolicitudot?5735dbfc48f57c9c2e6e646c2b832eb1,,gx-no-cache=1491929566113 HTTP/1.1" 200 105
192.168.10.89 - - [11/Apr/2017:12:58:11 -0300] "GET /cormun/servlet/solicitudot?UPD,2017,5991, HTTP/1.1" 200 14418
192.168.10.89 - - [11/Apr/2017:12:58:11 -0300] "GET /cormun/static/gxcfg.js?20171191042720 HTTP/1.1" 304 -
192.168.10.89 - - [11/Apr/2017:12:58:11 -0300] "GET /cormun/static/solicitudot.js?2017119104297 HTTP/1.1" 304 -
192.168.10.89 - - [11/Apr/2017:12:58:12 -0300] "POST /cormun/servlet/solicitudot?gx-no-cache=1491929567681 HTTP/1.1" 200 3153
192.168.10.89 - - [11/Apr/2017:12:58:12 -0300] "POST /cormun/servlet/solicitudot?5735dbfc48f57c9c2e6e646c2b832eb1,UPD,2017,5991,,gx-no-cache=1491929567907 HTTP/1.1" 200 11027
192.168.10.89 - - [11/Apr/2017:12:58:12 -0300] "GET /cormun/servlet/solicitudot?760c4941c0c8f95b6bd957183faf87997cba33b5e7f9c96ed7d97cf07de20de6dc4d9d3fe47d3c4f5caf29c9b6ca7792,gx-no-cache=1491929568130 HTTP/1.1" 200 30
192.168.10.89 - - [11/Apr/2017:12:58:12 -0300] "POST /cormun/servlet/solicitudot?gx-no-cache=1491929568210 HTTP/1.1" 200 254
192.168.10.89 - - [11/Apr/2017:12:58:12 -0300] "GET /cormun/servlet/solicitudot?760c4941c0c8f95b6bd957183faf8799ab9b40ce901f4df8847a31fb0e668d3949535d84d89152e126773085b2ec85f52f4c77159da85fe42e9fc75391e37f30573183ee883aa21b778c55cc490a124bfff89dafaecd4acc05ef6e35cad4bcdc0d67f291f3b1b4993289e7b517500d99f8eb578a2f2e51fb1d4fceb2ad4b070125b7bb55efb8e69a4f4f50f8b070bed4e7f5260420ae47110f2120b463041629d9d58df5ea10e465f376e294233b722ca695bf46577016d0ac72ac5cc7f0e006d13cf8cd8484fbd6dc4e0775e3972089699419000b4a29d89e78b5302ddf273a053f35f35d2d98240e487a3d7b59ffd904aac62eecfe3545570baee62f76d2c2edd983a7c07fa5a9baf517882c738644c98abfe253dac6e7ee0a225d1bc0ec4702017d81bd15dcffbf6a31a779faa21f5e645f5070c7e94aa6fc345580ccf02bd7d749cb525d119035bdae4c53ad7a4a4f73346e81b6874c96ca6bf5f307fd74fe1334f3f5540f119d5d74ab2b62141d7678664e6d814b1b76b0181b5776772f,gx-no-cache=1491929568234 HTTP/1.1" 200 30
192.168.10.89 - - [11/Apr/2017:12:58:12 -0300] "POST /cormun/servlet/solicitudot?gx-no-cache=1491929568252 HTTP/1.1" 200 30
192.168.10.89 - - [11/Apr/2017:12:58:12 -0300] "POST /cormun/servlet/solicitudot?gx-no-cache=1491929568294 HTTP/1.1" 200 1286
192.168.10.89 - - [11/Apr/2017:12:58:13 -0300] "POST /cormun/servlet/solicitudot?gx-no-cache=1491929568333 HTTP/1.1" 200 41
192.168.10.13 - - [11/Apr/2017:12:58:18 -0300] "GET / HTTP/1.1" 200 11217
186.103.159.187 - - [11/Apr/2017:12:58:22 -0300] "GET /cormun/servlet/hlogin HTTP/1.1" 200 1729
186.103.159.187 - - [11/Apr/2017:12:58:22 -0300] "GET /cormun/servlet/hlogin HTTP/1.1" 200 1732
192.168.10.89 - - [11/Apr/2017:12:58:24 -0300] "GET /cormun/servlet/solicitudot?760c4941c0c8f95b6bd957183faf87998366bf2d352938024c5d924bae038a930ee6a5b13319b8b69cc8ef6bc1a73c8ceab751385c9534062b9555a2646b6874237aa6ad40290c46b6045c887e0ddd9591ec6959d7ac2f88d8dc2890ed2eaaa04e4cd738e7ac3bb78af88535ee94aafcc46f4a9a4f79c2726945f95604c0e448181c415dcd5caf346869328312e86bcc102caae6b43bacad2b5b526ff0184796,gx-no-cache=1491929579764 HTTP/1.1" 200 29
192.168.10.89 - - [11/Apr/2017:12:58:24 -0300] "POST /cormun/servlet/solicitudot?gx-no-cache=1491929579787 HTTP/1.1" 200 1274
192.168.10.89 - - [11/Apr/2017:12:58:24 -0300] "POST /cormun/servlet/solicitudot?gx-no-cache=1491929579826 HTTP/1.1" 200 1158
186.103.159.187 - - [11/Apr/2017:12:58:37 -0300] "POST /cormun/servlet/hlogin?55fb6046e77dbbfc8d202041c31b5684,gx-no-cache=1491929979031 HTTP/1.1" 200 444
192.168.10.89 - - [11/Apr/2017:12:58:39 -0300] "POST /cormun/servlet/solicitudot?gx-no-cache=1491929595005 HTTP/1.1" 200 1273
192.168.10.89 - - [11/Apr/2017:12:58:39 -0300] "POST /cormun/servlet/solicitudot?gx-no-cache=1491929595114 HTTP/1.1" 200 1157
192.168.10.89 - - [11/Apr/2017:12:58:39 -0300] "GET /cormun/servlet/solicitudot?760c4941c0c8f95b6bd957183faf8799a2f7791187acc9af69a72c66ae1757979fe6b1f965aee3545b1a7003b6e0c82e10c7b38986b9ba1a424faf7ae78954bc5df7f272b76a2683001cc92f2f24ae86d22ae050271d0584d2c1b38bfa532ffbdea72a64ab3098447aef3f36a7354e4fd8e5d5d5ceeb64b837e51c9202e7eae4cb91f919dbc137b3fd02dfd597d7aee74237f059c3a8d466108b2e57c344cc5bd09f298a747753c750b769c8c1953ee4,gx-no-cache=1491929595165 HTTP/1.1" 200 30
192.168.10.89 - - [11/Apr/2017:12:58:40 -0300] "POST /cormun/servlet/solicitudot?5735dbfc48f57c9c2e6e646c2b832eb1,UPD,2017,5991,,gx-no-cache=1491929595195 HTTP/1.1" 200 93
192.168.10.89 - - [11/Apr/2017:12:58:40 -0300] "GET /cormun/servlet/hpexe_return? HTTP/1.1" 200 1014
192.168.10.89 - - [11/Apr/2017:12:58:40 -0300] "GET /cormun/servlet/trsolicitudot HTTP/1.1" 200 8215
186.103.159.187 - - [11/Apr/2017:12:58:49 -0300] "POST /cormun/servlet/hlogin?55fb6046e77dbbfc8d202041c31b5684,gx-no-cache=1491929991191 HTTP/1.1" 200 90
186.103.159.187 - - [11/Apr/2017:12:58:49 -0300] "GET /cormun/servlet/hpexe_link HTTP/1.1" 200 952
186.103.159.187 - - [11/Apr/2017:12:58:50 -0300] "GET /cormun/servlet/hhome HTTP/1.1" 200 3951
186.103.159.187 - - [11/Apr/2017:12:58:51 -0300] "GET /cormun/servlet/hhome HTTP/1.1" 200 3947
192.168.10.89 - - [11/Apr/2017:12:58:52 -0300] "GET /cormun/servlet/trautorizarsolicitud? HTTP/1.1" 200 6874
192.168.10.89 - - [11/Apr/2017:12:58:52 -0300] "GET /cormun/static/gxcfg.js?2017259112829 HTTP/1.1" 304 -
192.168.10.89 - - [11/Apr/2017:12:58:52 -0300] "GET /cormun/static/trautorizarsolicitud.js?2017259113483 HTTP/1.1" 304 -
186.103.159.187 - - [11/Apr/2017:12:58:54 -0300] "GET /cormun/servlet/trautorizarsolicitud? HTTP/1.1" 200 6864
192.168.10.89 - - [11/Apr/2017:12:58:54 -0300] "GET /cormun/static/menuarrow.gif HTTP/1.1" 404 1015
186.103.159.187 - - [11/Apr/2017:12:58:55 -0300] "GET /cormun/servlet/trautorizarsolicitud? HTTP/1.1" 200 6863
192.168.10.89 - - [11/Apr/2017:12:58:57 -0300] "POST /cormun/servlet/trautorizarsolicitud?5735dbfc48f57c9c2e6e646c2b832eb1,,gx-no-cache=1491929612886 HTTP/1.1" 200 4120
192.168.10.89 - - [11/Apr/2017:12:59:00 -0300] "GET /cormun/servlet/trsolicitudot? HTTP/1.1" 200 8212
186.103.159.187 - - [11/Apr/2017:12:59:07 -0300] "GET /cormun/servlet/trsolicitudot? HTTP/1.1" 200 8187
186.103.159.187 - - [11/Apr/2017:12:59:08 -0300] "GET /cormun/servlet/trsolicitudot? HTTP/1.1" 200 8187
192.168.10.13 - - [11/Apr/2017:12:59:18 -0300] "GET / HTTP/1.1" 200 11217
186.103.159.187 - - [11/Apr/2017:12:59:19 -0300] "POST /cormun/servlet/trsolicitudot?55fb6046e77dbbfc8d202041c31b5684,,gx-no-cache=1491930020474 HTTP/1.1" 200 4343
186.103.159.187 - - [11/Apr/2017:12:59:19 -0300] "GET /cormun/static/Shared/jqueryui/images/ui-bg_highlight-soft_100_c6c2c8_1x100.png HTTP/1.1" 404 1117
186.103.159.187 - - [11/Apr/2017:12:59:19 -0300] "GET /cormun/static/Shared/jqueryui/images/ui-icons_82798d_256x240.png HTTP/1.1" 404 1089
186.103.159.187 - - [11/Apr/2017:12:59:19 -0300] "GET /cormun/static/Shared/jqueryui/images/ui-bg_flat_55_fafafa_40x100.png HTTP/1.1" 404 1097
186.103.159.187 - - [11/Apr/2017:12:59:19 -0300] "GET /cormun/static/Shared/jqueryui/images/ui-icons_8d78a5_256x240.png HTTP/1.1" 404 1089
186.103.159.187 - - [11/Apr/2017:12:59:19 -0300] "POST /cormun/servlet/trsolicitudot?55fb6046e77dbbfc8d202041c31b5684,,gx-no-cache=1491930020912 HTTP/1.1" 200 4117
186.103.158.250 - - [11/Apr/2017:12:59:22 -0300] "GET /cormun/servlet/trpermisosgoce? HTTP/1.1" 200 7806
186.103.158.250 - - [11/Apr/2017:12:59:23 -0300] "GET /cormun/servlet/trpermisosgoce? HTTP/1.1" 200 7805
192.168.10.89 - - [11/Apr/2017:12:59:23 -0300] "POST /cormun/servlet/trsolicitudot?5735dbfc48f57c9c2e6e646c2b832eb1,,gx-no-cache=1491929639169 HTTP/1.1" 200 106
192.168.10.89 - - [11/Apr/2017:12:59:24 -0300] "GET /cormun/servlet/trsolicitudadjuntos?2017,5991, HTTP/1.1" 200 9047
192.168.10.89 - - [11/Apr/2017:12:59:24 -0300] "GET /cormun/static/gxcfg.js?201731711504543 HTTP/1.1" 304 -
192.168.10.89 - - [11/Apr/2017:12:59:24 -0300] "GET /cormun/static/trsolicitudadjuntos.js?201731711504951 HTTP/1.1" 304 -
192.168.10.89 - - [11/Apr/2017:12:59:31 -0300] "POST /cormun/servlet/trsolicitudadjuntos?5735dbfc48f57c9c2e6e646c2b832eb1,2017,5991,,gx-no-cache=1491929646991 HTTP/1.1" 200 90
192.168.10.89 - - [11/Apr/2017:12:59:31 -0300] "GET /cormun/servlet/hpexe_link HTTP/1.1" 200 971
192.168.10.89 - - [11/Apr/2017:12:59:32 -0300] "GET /cormun/servlet/trsolicitudot HTTP/1.1" 200 6918
186.103.158.250 - - [11/Apr/2017:12:59:37 -0300] "GET /cormun/servlet/permisogoce?DSP,7023850,P,20170410184541, HTTP/1.1" 200 6421
186.103.158.250 - - [11/Apr/2017:12:59:38 -0300] "GET /cormun/servlet/permisogoce?DSP,7023850,P,20170410184541, HTTP/1.1" 200 6421
192.168.10.89 - - [11/Apr/2017:12:59:40 -0300] "GET /cormun/servlet/trautorizarsolicitud? HTTP/1.1" 200 8139
186.103.159.187 - - [11/Apr/2017:12:59:43 -0300] "GET /cormun/servlet/trautorizarsolicitud? HTTP/1.1" 200 8133
186.103.159.187 - - [11/Apr/2017:12:59:44 -0300] "GET /cormun/servlet/trautorizarsolicitud? HTTP/1.1" 200 8132
186.103.158.250 - - [11/Apr/2017:12:59:44 -0300] "POST /cormun/servlet/permisogoce?3f93d700936c8113aef3ad3206825244,DSP,7023850,P,20170410184541,,gx-no-cache=1491929928476 HTTP/1.1" 200 93
186.103.158.250 - - [11/Apr/2017:12:59:44 -0300] "GET /cormun/servlet/hpexe_return? HTTP/1.1" 200 1026
186.103.158.250 - - [11/Apr/2017:12:59:45 -0300] "GET /cormun/servlet/trpermisosgoce HTTP/1.1" 200 7808
186.103.158.250 - - [11/Apr/2017:12:59:46 -0300] "GET /cormun/servlet/trpermisosgoce HTTP/1.1" 200 7805
186.103.159.187 - - [11/Apr/2017:12:59:51 -0300] "POST /cormun/servlet/trautorizarsolicitud?55fb6046e77dbbfc8d202041c31b5684,,gx-no-cache=1491930051957 HTTP/1.1" 200 4315
186.103.159.187 - - [11/Apr/2017:12:59:51 -0300] "GET /cormun/static/Shared/jqueryui/images/ui-bg_highlight-soft_100_c6c2c8_1x100.png HTTP/1.1" 404 1117
186.103.159.187 - - [11/Apr/2017:12:59:51 -0300] "GET /cormun/static/Shared/jqueryui/images/ui-bg_flat_55_fafafa_40x100.png HTTP/1.1" 404 1097
186.103.159.187 - - [11/Apr/2017:12:59:51 -0300] "GET /cormun/static/Shared/jqueryui/images/ui-icons_8d78a5_256x240.png HTTP/1.1" 404 1089
186.103.159.187 - - [11/Apr/2017:12:59:51 -0300] "GET /cormun/static/Shared/jqueryui/images/ui-icons_82798d_256x240.png HTTP/1.1" 404 1089
186.103.159.187 - - [11/Apr/2017:12:59:51 -0300] "POST /cormun/servlet/trautorizarsolicitud?55fb6046e77dbbfc8d202041c31b5684,,gx-no-cache=1491930052715 HTTP/1.1" 200 4091
186.103.158.250 - - [11/Apr/2017:12:59:55 -0300] "GET /cormun/servlet/trpermisosadjuntos?7023850,20170410184541,P, HTTP/1.1" 200 6417
186.103.158.250 - - [11/Apr/2017:12:59:56 -0300] "GET /cormun/servlet/trpermisosadjuntos?7023850,20170410184541,P, HTTP/1.1" 200 6416
186.103.158.250 - - [11/Apr/2017:12:59:56 -0300] "GET /cormun/PublicTempStorage/bda4946659.jpg HTTP/1.1" 200 420544
186.103.158.250 - - [11/Apr/2017:13:00:00 -0300] "GET /cormun/servlet/trpermisosgoce HTTP/1.1" 200 7808
186.103.159.187 - - [11/Apr/2017:13:00:01 -0300] "GET /cormun/servlet/trautorizarsolicitud? HTTP/1.1" 200 6863
186.103.158.250 - - [11/Apr/2017:13:00:01 -0300] "GET /cormun/servlet/trpermisosgoce HTTP/1.1" 200 7805
186.103.159.187 - - [11/Apr/2017:13:00:02 -0300] "GET /cormun/servlet/trautorizarsolicitud? HTTP/1.1" 200 6863
192.168.10.89 - - [11/Apr/2017:13:00:06 -0300] "POST /cormun/servlet/trautorizarsolicitud?5735dbfc48f57c9c2e6e646c2b832eb1,,gx-no-cache=1491929681926 HTTP/1.1" 200 4119
186.103.158.250 - - [11/Apr/2017:13:00:13 -0300] "GET /cormun/servlet/permisogoce?DSP,7023850,P,20170410184541, HTTP/1.1" 200 6419
186.103.158.250 - - [11/Apr/2017:13:00:14 -0300] "GET /cormun/servlet/permisogoce?DSP,7023850,P,20170410184541, HTTP/1.1" 200 6421
192.168.10.13 - - [11/Apr/2017:13:00:18 -0300] "GET / HTTP/1.1" 200 11217
186.103.158.250 - - [11/Apr/2017:13:00:22 -0300] "POST /cormun/servlet/permisogoce?3f93d700936c8113aef3ad3206825244,DSP,7023850,P,20170410184541,,gx-no-cache=1491929965911 HTTP/1.1" 200 93
186.103.158.250 - - [11/Apr/2017:13:00:22 -0300] "GET /cormun/servlet/hpexe_return? HTTP/1.1" 200 1026
186.103.158.250 - - [11/Apr/2017:13:00:22 -0300] "GET /cormun/servlet/trpermisosgoce HTTP/1.1" 200 7808
186.103.158.250 - - [11/Apr/2017:13:00:23 -0300] "GET /cormun/servlet/trpermisosgoce HTTP/1.1" 200 7805
192.168.10.89 - - [11/Apr/2017:13:00:28 -0300] "GET /cormun/servlet/hlogin HTTP/1.1" 200 1746
186.103.158.250 - - [11/Apr/2017:13:00:33 -0300] "GET /cormun/servlet/trvisualizadoreventos? HTTP/1.1" 200 6505
186.103.158.250 - - [11/Apr/2017:13:00:33 -0300] "GET /cormun/static/gxcfg.js?201731711523419 HTTP/1.1" 304 -
186.103.158.250 - - [11/Apr/2017:13:00:33 -0300] "GET /cormun/static/trvisualizadoreventos.js?20173171152387 HTTP/1.1" 304 -
186.103.158.250 - - [11/Apr/2017:13:00:34 -0300] "GET /cormun/servlet/trvisualizadoreventos? HTTP/1.1" 200 6505
192.168.10.89 - - [11/Apr/2017:13:00:35 -0300] "POST /cormun/servlet/hlogin?5735dbfc48f57c9c2e6e646c2b832eb1,gx-no-cache=1491929710764 HTTP/1.1" 200 90
192.168.10.89 - - [11/Apr/2017:13:00:35 -0300] "GET /cormun/servlet/hpexe_link HTTP/1.1" 200 954
192.168.10.89 - - [11/Apr/2017:13:00:35 -0300] "GET /cormun/servlet/hhome HTTP/1.1" 200 4455
192.168.10.89 - - [11/Apr/2017:13:00:39 -0300] "GET /cormun/servlet/trsolicitudgral? HTTP/1.1" 200 10061
186.103.158.250 - - [11/Apr/2017:13:00:40 -0300] "GET /cormun/servlet/trpermisosgoce? HTTP/1.1" 200 7805
186.103.158.250 - - [11/Apr/2017:13:00:41 -0300] "GET /cormun/servlet/trpermisosgoce? HTTP/1.1" 200 7805
192.168.10.89 - - [11/Apr/2017:13:00:48 -0300] "POST /cormun/servlet/trsolicitudgral?5735dbfc48f57c9c2e6e646c2b832eb1,,gx-no-cache=1491929723652 HTTP/1.1" 200 9099
186.103.158.250 - - [11/Apr/2017:13:00:56 -0300] "GET /cormun/servlet/trlicenciaspermisoslog?7023850,P,20170410184541, HTTP/1.1" 200 5991
186.103.158.250 - - [11/Apr/2017:13:00:57 -0300] "GET /cormun/servlet/trlicenciaspermisoslog?7023850,P,20170410184541, HTTP/1.1" 200 5992
186.103.158.250 - - [11/Apr/2017:13:01:04 -0300] "GET /cormun/servlet/trpermisosgoce? HTTP/1.1" 200 7805
186.103.158.250 - - [11/Apr/2017:13:01:05 -0300] "GET /cormun/servlet/trpermisosgoce? HTTP/1.1" 200 7805
192.168.10.13 - - [11/Apr/2017:13:01:18 -0300] "GET / HTTP/1.1" 200 11217
186.103.158.250 - - [11/Apr/2017:13:01:19 -0300] "POST /cormun/servlet/trpermisosgoce?3f93d700936c8113aef3ad3206825244,,gx-no-cache=1491930023864 HTTP/1.1" 200 5134
186.103.158.250 - - [11/Apr/2017:13:01:28 -0300] "GET /cormun/servlet/permisogoce?DSP,7023850,P,20170410184541, HTTP/1.1" 200 6421
186.103.158.250 - - [11/Apr/2017:13:01:29 -0300] "GET /cormun/servlet/permisogoce?DSP,7023850,P,20170410184541, HTTP/1.1" 200 6421
186.103.158.250 - - [11/Apr/2017:13:01:37 -0300] "GET /cormun/servlet/trpermisosgoce? HTTP/1.1" 200 7805
186.103.158.250 - - [11/Apr/2017:13:01:38 -0300] "GET /cormun/servlet/trpermisosgoce? HTTP/1.1" 200 7805
186.103.159.46 - - [11/Apr/2017:13:01:38 -0300] "GET /cormun/servlet/hlogin HTTP/1.1" 200 1742
186.103.158.250 - - [11/Apr/2017:13:01:43 -0300] "GET /cormun/servlet/trpermisosadjuntos?9874988,20170410184027,P, HTTP/1.1" 200 5912
186.103.158.250 - - [11/Apr/2017:13:01:44 -0300] "GET /cormun/servlet/trpermisosadjuntos?9874988,20170410184027,P, HTTP/1.1" 200 5912
186.103.158.250 - - [11/Apr/2017:13:01:51 -0300] "GET /cormun/servlet/permisosadjuntos?INS,9874988,P,20170410184027,, HTTP/1.1" 200 5423
186.103.158.250 - - [11/Apr/2017:13:01:51 -0300] "GET /cormun/static/about:blank HTTP/1.1" 404 1011
186.103.158.250 - - [11/Apr/2017:13:01:52 -0300] "GET /cormun/servlet/permisosadjuntos?INS,9874988,P,20170410184027,, HTTP/1.1" 200 5415
192.168.10.13 - - [11/Apr/2017:13:02:18 -0300] "GET / HTTP/1.1" 200 11217
186.103.158.250 - - [11/Apr/2017:13:02:27 -0300] "POST /cormun/servlet/permisosadjuntos?3f93d700936c8113aef3ad3206825244,INS,9874988,P,20170410184027,, HTTP/1.1" 200 116
186.103.158.250 - - [11/Apr/2017:13:02:27 -0300] "GET /cormun/servlet/hpexe_return? HTTP/1.1" 200 1035
186.103.158.250 - - [11/Apr/2017:13:02:27 -0300] "GET /cormun/servlet/trpermisosadjuntos?9874988,20170410184027,P, HTTP/1.1" 200 6430
186.103.158.250 - - [11/Apr/2017:13:02:29 -0300] "GET /cormun/PublicTempStorage/rebe2944423.jpg HTTP/1.1" 200 418974
186.103.158.250 - - [11/Apr/2017:13:02:29 -0300] "GET /cormun/servlet/trpermisosadjuntos?9874988,20170410184027,P, HTTP/1.1" 200 6427
186.103.158.250 - - [11/Apr/2017:13:02:37 -0300] "GET /cormun/servlet/permisosadjuntos?INS,9874988,P,20170410184027,, HTTP/1.1" 200 5424
186.103.158.250 - - [11/Apr/2017:13:02:38 -0300] "GET /cormun/static/about:blank HTTP/1.1" 404 1011
186.103.158.250 - - [11/Apr/2017:13:02:38 -0300] "GET /cormun/servlet/permisosadjuntos?INS,9874988,P,20170410184027,, HTTP/1.1" 200 5414
186.103.158.250 - - [11/Apr/2017:13:02:50 -0300] "GET /cormun/servlet/trpermisosadjuntos?9874988,20170410184027,P, HTTP/1.1" 200 6429
186.103.158.250 - - [11/Apr/2017:13:02:51 -0300] "GET /cormun/servlet/trpermisosadjuntos?9874988,20170410184027,P, HTTP/1.1" 200 6427
186.103.158.250 - - [11/Apr/2017:13:02:51 -0300] "GET /cormun/PublicTempStorage/rebe1392552.jpg HTTP/1.1" 200 418974
186.103.158.250 - - [11/Apr/2017:13:02:58 -0300] "GET /cormun/servlet/permisosadjuntos?INS,9874988,P,20170410184027,, HTTP/1.1" 200 5425
186.103.158.250 - - [11/Apr/2017:13:02:59 -0300] "GET /cormun/servlet/permisosadjuntos?INS,9874988,P,20170410184027,, HTTP/1.1" 200 5415
186.103.158.250 - - [11/Apr/2017:13:03:03 -0300] "POST /cormun/servlet/permisosadjuntos?3f93d700936c8113aef3ad3206825244,INS,9874988,P,20170410184027,,,gx-no-cache=1491930127744 HTTP/1.1" 200 93
186.103.158.250 - - [11/Apr/2017:13:03:03 -0300] "GET /cormun/servlet/hpexe_return? HTTP/1.1" 200 1035
186.103.158.250 - - [11/Apr/2017:13:03:04 -0300] "GET /cormun/servlet/trpermisosadjuntos?9874988,20170410184027,P, HTTP/1.1" 200 6430
186.103.158.250 - - [11/Apr/2017:13:03:05 -0300] "GET /cormun/servlet/trpermisosadjuntos?9874988,20170410184027,P, HTTP/1.1" 200 6427
186.103.158.250 - - [11/Apr/2017:13:03:05 -0300] "GET /cormun/PublicTempStorage/rebe9265475.jpg HTTP/1.1" 200 418974
192.168.10.13 - - [11/Apr/2017:13:03:18 -0300] "GET / HTTP/1.1" 200 11217
186.103.158.250 - - [11/Apr/2017:13:03:26 -0300] "GET /cormun/servlet/trpermisosgoce? HTTP/1.1" 200 7807
186.103.158.250 - - [11/Apr/2017:13:03:27 -0300] "GET /cormun/servlet/trpermisosgoce? HTTP/1.1" 200 7805
186.103.158.250 - - [11/Apr/2017:13:03:34 -0300] "POST /cormun/servlet/trpermisosgoce?3f93d700936c8113aef3ad3206825244,,gx-no-cache=1491930158057 HTTP/1.1" 200 5138
192.168.10.13 - - [11/Apr/2017:13:04:18 -0300] "GET / HTTP/1.1" 200 11217
192.168.10.13 - - [11/Apr/2017:13:05:19 -0300] "GET / HTTP/1.1" 200 11217
192.168.10.13 - - [11/Apr/2017:13:06:18 -0300] "GET / HTTP/1.1" 200 11217
192.168.10.13 - - [11/Apr/2017:13:07:18 -0300] "GET / HTTP/1.1" 200 11217
192.168.10.13 - - [11/Apr/2017:13:08:18 -0300] "GET / HTTP/1.1" 200 11217
192.168.10.13 - - [11/Apr/2017:13:09:18 -0300] "GET / HTTP/1.1" 200 11217
192.168.10.13 - - [11/Apr/2017:13:10:18 -0300] "GET / HTTP/1.1" 200 11217
192.168.10.13 - - [11/Apr/2017:13:11:18 -0300] "GET / HTTP/1.1" 200 11217
192.168.10.4 - - [11/Apr/2017:13:11:52 -0300] "GET /cormun/servlet/hlogin HTTP/1.1" 200 1715
192.168.10.4 - - [11/Apr/2017:13:11:52 -0300] "GET /cormun/static/gxcfg.js?201741110203197 HTTP/1.1" 200 953
192.168.10.4 - - [11/Apr/2017:13:11:52 -0300] "GET /cormun/static/gxtimezone.js?85251 HTTP/1.1" 200 5781
192.168.10.4 - - [11/Apr/2017:13:11:56 -0300] "GET /cormun/static/Resources/Spanish/PXTools.css?11294912 HTTP/1.1" 200 89042
192.168.10.4 - - [11/Apr/2017:13:11:57 -0300] "GET /cormun/static/messages.spa.js?85251 HTTP/1.1" 200 30736
192.168.10.4 - - [11/Apr/2017:13:11:57 -0300] "GET /cormun/static/hlogin.js?201741110203211 HTTP/1.1" 200 2136
192.168.10.4 - - [11/Apr/2017:13:11:57 -0300] "GET /cormun/static/Resources/ComunLogin.png HTTP/1.1" 200 17326
192.168.10.4 - - [11/Apr/2017:13:12:00 -0300] "GET /cormun/static/gxgral.js?85251 HTTP/1.1" 200 384558
192.168.10.4 - - [11/Apr/2017:13:12:01 -0300] "GET /cormun/static/Resources/PXToolsLoginTop.png HTTP/1.1" 200 1337
192.168.10.4 - - [11/Apr/2017:13:12:01 -0300] "GET /cormun/static/Resources/PXToolsLoginBackground.png HTTP/1.1" 200 1164
192.168.10.4 - - [11/Apr/2017:13:12:01 -0300] "GET /cormun/static/Resources/PXToolsButtonLeft21.png HTTP/1.1" 200 1287
192.168.10.4 - - [11/Apr/2017:13:12:01 -0300] "GET /cormun/static/Resources/PXToolsButtonBackground2.png HTTP/1.1" 200 1181
192.168.10.4 - - [11/Apr/2017:13:12:01 -0300] "GET /cormun/static/Resources/PXToolsButtonRight21.png HTTP/1.1" 200 1283
192.168.10.4 - - [11/Apr/2017:13:12:01 -0300] "GET /cormun/static/Resources/PXToolsLoginBottom.png HTTP/1.1" 200 1389
192.168.10.4 - - [11/Apr/2017:13:12:01 -0300] "GET /cormun/static/Resources/indicator.gif HTTP/1.1" 200 1553
192.168.10.4 - - [11/Apr/2017:13:12:01 -0300] "GET /cormun/servlet/hlogin HTTP/1.1" 200 1725
192.168.10.4 - - [11/Apr/2017:13:12:01 -0300] "GET /favicon.ico HTTP/1.1" 200 21630
192.168.10.4 - - [11/Apr/2017:13:12:06 -0300] "POST /cormun/servlet/hlogin?97574dd7234da127c4c799cf2b634228,gx-no-cache=1491927189444 HTTP/1.1" 200 439
192.168.10.4 - - [11/Apr/2017:13:12:08 -0300] "POST /cormun/servlet/hlogin?97574dd7234da127c4c799cf2b634228,gx-no-cache=1491927192465 HTTP/1.1" 200 439
192.168.10.4 - - [11/Apr/2017:13:12:14 -0300] "POST /cormun/servlet/hlogin?97574dd7234da127c4c799cf2b634228,gx-no-cache=1491927197886 HTTP/1.1" 200 440
