192.168.10.13 - - [11/Apr/2017:10:33:18 -0300] "GET / HTTP/1.1" 200 11217
186.79.218.52 - - [11/Apr/2017:10:33:24 -0300] "POST /cormun/servlet/solicitudot?gx-no-cache=1491917670008 HTTP/1.1" 200 255
186.79.218.52 - - [11/Apr/2017:10:33:29 -0300] "GET /cormun/servlet/solicitudot?8938ed0c8a6b95acc8d2ef3aaa403efa1ea192675c1b1b94329cf046bb2d54a74354363959b321a852f7444d5daddfd999f895d6997d68077cccfd6cd1e0c781a0e0302e69be9f7ed09b0912ff774a9bc4b14f8c7117f00071352a8d6d3ab5189c88610c3d94871cf2bf4a7c7a96355130f0d4a642492148d12d21e4c580afdbe5f29ef42d300086800e941b2293913e9afc074d576899989292cc0fea2ee0dcf05e02929ea5d89a6786095a7bb31e3b20100169a88bf98241c35e236d5197cb398052f6e50d1905e3a75267aac7336ea6ed27614f6459e2396f6228f396d4e99cf96c159c5f1dc4ac5398d45d5a7a06c9931216110bc3c4d19d14e53b9e3fa2d86e9425d49a129ea24d54d06696030a58636dc599dba0f5d08ef9ac478db72997254518ee0b8a3f2515877d24a1b7ab64be550692c2c696db3c8f6f24c98ef91de2727dbc26a8b4ea6177dd3751158b92ab03612825fe2ff8f85cb680261f75f4c43b2a43c5c192b5bf8d2f90ab7eb65265157d3500300309e6bc0a795c7e56,gx-no-cache=1491917675003 HTTP/1.1" 200 30
186.79.218.52 - - [11/Apr/2017:10:33:34 -0300] "POST /cormun/servlet/solicitudot?gx-no-cache=1491917680934 HTTP/1.1" 200 30
186.79.218.52 - - [11/Apr/2017:10:34:15 -0300] "POST /cormun/servlet/solicitudot?gx-no-cache=1491917721844 HTTP/1.1" 200 235
186.79.218.52 - - [11/Apr/2017:10:34:16 -0300] "POST /cormun/servlet/solicitudot?gx-no-cache=1491917722155 HTTP/1.1" 200 38
192.168.10.13 - - [11/Apr/2017:10:34:18 -0300] "GET / HTTP/1.1" 200 11217
201.214.54.252 - - [11/Apr/2017:10:34:59 -0300] "GET /cormun/servlet/trlicenciaspermisosadjuntos?15104970,20170411000000,L, HTTP/1.1" 200 6300
201.214.54.252 - - [11/Apr/2017:10:35:00 -0300] "GET /cormun/static/gxcfg.js?20173171154619 HTTP/1.1" 200 953
201.214.54.252 - - [11/Apr/2017:10:35:00 -0300] "GET /cormun/static/trlicenciaspermisosadjuntos.js?20173171154971 HTTP/1.1" 200 21005
201.214.54.252 - - [11/Apr/2017:10:35:05 -0300] "GET /cormun/servlet/licenciaspermisosadjuntos?INS,15104970,L,20170411000000,, HTTP/1.1" 200 5599
201.214.54.252 - - [11/Apr/2017:10:35:05 -0300] "GET /cormun/static/gxcfg.js?201731711421170 HTTP/1.1" 200 953
201.214.54.252 - - [11/Apr/2017:10:35:05 -0300] "GET /cormun/static/licenciaspermisosadjuntos.js?201731711421181 HTTP/1.1" 200 8757
201.214.54.252 - - [11/Apr/2017:10:35:05 -0300] "HEAD /cormun/static/about:blank HTTP/1.1" 404 -
186.79.218.52 - - [11/Apr/2017:10:35:06 -0300] "GET /cormun/servlet/solicitudot?8938ed0c8a6b95acc8d2ef3aaa403efa2b0a91398aa81928f1ff611eec7cc8210e9517b17f27bc2ff2d1f2722ce095b39a2570b1abc6fb7a1d73a8a0f698ad4d6236db67410b6cc7d1e5f69a09e745e38b7a59fc5b74d2ba3c3fd95315e5f8a094a32e7b5c40af28b10a31bac976c652,gx-no-cache=1491917772537 HTTP/1.1" 200 29
186.79.218.52 - - [11/Apr/2017:10:35:06 -0300] "POST /cormun/servlet/solicitudot?gx-no-cache=1491917772920 HTTP/1.1" 200 666
186.79.218.52 - - [11/Apr/2017:10:35:10 -0300] "POST /cormun/servlet/solicitudot?gx-no-cache=1491917776056 HTTP/1.1" 200 1157
192.168.10.13 - - [11/Apr/2017:10:35:18 -0300] "GET / HTTP/1.1" 200 11217
201.214.54.252 - - [11/Apr/2017:10:35:35 -0300] "POST /cormun/servlet/licenciaspermisosadjuntos?60e82fcc516924303d5dc93464471f01,INS,15104970,L,20170411000000,, HTTP/1.1" 200 116
201.214.54.252 - - [11/Apr/2017:10:35:35 -0300] "GET /cormun/servlet/hpexe_return? HTTP/1.1" 200 1043
201.214.54.252 - - [11/Apr/2017:10:35:36 -0300] "GET /cormun/servlet/trlicenciaspermisosadjuntos?15104970,20170411000000,L, HTTP/1.1" 200 6807
201.214.54.252 - - [11/Apr/2017:10:35:37 -0300] "HEAD /cormun/PublicTempStorage/licencia_medica_andrea_cruz_morales.8698974.pdf HTTP/1.1" 200 -
201.214.54.252 - - [11/Apr/2017:10:35:38 -0300] "GET /cormun/PublicTempStorage/licencia_medica_andrea_cruz_morales.8698974.pdf HTTP/1.1" 200 438003
201.214.54.252 - - [11/Apr/2017:10:35:45 -0300] "POST /cormun/servlet/trlicenciaspermisosadjuntos?60e82fcc516924303d5dc93464471f01,15104970,20170411000000,L,,gx-no-cache=1491917812165 HTTP/1.1" 200 90
201.214.54.252 - - [11/Apr/2017:10:35:45 -0300] "GET /cormun/servlet/hpexe_link HTTP/1.1" 200 986
201.214.54.252 - - [11/Apr/2017:10:35:46 -0300] "GET /cormun/servlet/trlicencias HTTP/1.1" 200 8018
201.214.54.252 - - [11/Apr/2017:10:35:57 -0300] "GET /cormun/servlet/alicenciaprn?15104970,L,20170411000000,PU HTTP/1.1" 200 1588
201.214.54.252 - - [11/Apr/2017:10:35:57 -0300] "GET /cormun/servlet/alicenciaprn?15104970,L,20170411000000,PU HTTP/1.1" 200 1588
186.79.218.52 - - [11/Apr/2017:10:36:14 -0300] "GET /cormun/servlet/solicitudot?8938ed0c8a6b95acc8d2ef3aaa403efaf75796114921906f18641e168ef3880e0f8c6c58e95a5e95a62b1471ed46800e01be1a3cf4bf7567f772c976ee200c9abac521d2c4d020a28256d07ae6e777e474a85783882fa880d8b35b5a7cad161bb934651b8ed23387b6000da02f764f4667e26644742b4a09c4b2b395f6255d841080caa9c1c928989327d1b7f1c04a5522f8f2ede8778dbd0f7771b6d65d2f73371d209775ab9bf4b74b0ec86e145baf,gx-no-cache=1491917840041 HTTP/1.1" 200 30
192.168.10.13 - - [11/Apr/2017:10:36:18 -0300] "GET / HTTP/1.1" 200 11217
192.168.10.13 - - [11/Apr/2017:10:37:18 -0300] "GET / HTTP/1.1" 200 11217
201.214.54.252 - - [11/Apr/2017:10:37:27 -0300] "POST /cormun/servlet/trlicencias?60e82fcc516924303d5dc93464471f01,gx-no-cache=1491917913862 HTTP/1.1" 200 4261
201.214.54.252 - - [11/Apr/2017:10:37:28 -0300] "GET /cormun/static/Shared/jqueryui/images/ui-bg_flat_55_fafafa_40x100.png HTTP/1.1" 404 1097
201.214.54.252 - - [11/Apr/2017:10:37:28 -0300] "GET /cormun/static/Shared/jqueryui/images/ui-icons_82798d_256x240.png HTTP/1.1" 404 1089
201.214.54.252 - - [11/Apr/2017:10:37:28 -0300] "GET /cormun/static/Shared/jqueryui/images/ui-bg_highlight-soft_100_c6c2c8_1x100.png HTTP/1.1" 404 1117
201.214.54.252 - - [11/Apr/2017:10:37:28 -0300] "GET /cormun/static/Shared/jqueryui/images/ui-icons_8d78a5_256x240.png HTTP/1.1" 404 1089
186.103.159.46 - - [11/Apr/2017:10:38:13 -0300] "GET /cormun/servlet/permisogoce?INS,0,,, HTTP/1.1" 200 5936
186.103.159.46 - - [11/Apr/2017:10:38:15 -0300] "GET /cormun/servlet/permisogoce?INS,0,,, HTTP/1.1" 200 5930
186.103.159.46 - - [11/Apr/2017:10:38:15 -0300] "GET /cormun/servlet/hlogin HTTP/1.1" 200 1746
192.168.10.13 - - [11/Apr/2017:10:38:18 -0300] "GET / HTTP/1.1" 200 11217
186.103.159.46 - - [11/Apr/2017:10:38:34 -0300] "POST /cormun/servlet/hlogin?0943572bc90f6d92c40454f9132db2d3,gx-no-cache=1491921577922 HTTP/1.1" 200 455
186.103.159.46 - - [11/Apr/2017:10:38:44 -0300] "POST /cormun/servlet/hlogin?0943572bc90f6d92c40454f9132db2d3,gx-no-cache=1491921587602 HTTP/1.1" 200 455
186.103.159.46 - - [11/Apr/2017:10:38:56 -0300] "POST /cormun/servlet/hlogin?0943572bc90f6d92c40454f9132db2d3,gx-no-cache=1491921600229 HTTP/1.1" 200 455
192.168.10.13 - - [11/Apr/2017:10:39:18 -0300] "GET / HTTP/1.1" 200 11217
186.103.159.46 - - [11/Apr/2017:10:39:21 -0300] "POST /cormun/servlet/hlogin?0943572bc90f6d92c40454f9132db2d3,gx-no-cache=1491921624242 HTTP/1.1" 200 455
192.168.10.13 - - [11/Apr/2017:10:40:18 -0300] "GET / HTTP/1.1" 200 11217
186.79.233.230 - - [11/Apr/2017:10:40:29 -0300] "GET /cormun/servlet/hlogin HTTP/1.1" 200 1721
186.79.233.230 - - [11/Apr/2017:10:40:30 -0300] "GET /cormun/servlet/hlogin HTTP/1.1" 200 1731
186.79.233.230 - - [11/Apr/2017:10:40:42 -0300] "POST /cormun/servlet/hlogin?e9273a398125d59bc333b7a6a4425a38,gx-no-cache=1491918103267 HTTP/1.1" 200 90
186.79.233.230 - - [11/Apr/2017:10:40:42 -0300] "GET /cormun/servlet/hpexe_link HTTP/1.1" 200 950
186.79.233.230 - - [11/Apr/2017:10:40:42 -0300] "GET /cormun/servlet/hhome HTTP/1.1" 200 3743
186.79.233.230 - - [11/Apr/2017:10:40:44 -0300] "GET /cormun/servlet/hhome HTTP/1.1" 200 3739
186.79.233.230 - - [11/Apr/2017:10:40:51 -0300] "GET /cormun/servlet/trlicencias? HTTP/1.1" 200 6580
186.79.233.230 - - [11/Apr/2017:10:40:52 -0300] "GET /cormun/servlet/trlicencias? HTTP/1.1" 200 6580
186.79.233.230 - - [11/Apr/2017:10:40:56 -0300] "GET /cormun/servlet/licenciaspermisos?INS,0,,, HTTP/1.1" 200 7122
186.79.233.230 - - [11/Apr/2017:10:40:56 -0300] "GET /cormun/static/gxcfg.js?20173291150977 HTTP/1.1" 200 953
186.79.233.230 - - [11/Apr/2017:10:40:57 -0300] "GET /cormun/servlet/licenciaspermisos?INS,0,,, HTTP/1.1" 200 7122
186.79.233.230 - - [11/Apr/2017:10:41:08 -0300] "GET /cormun/servlet/prfichaempleado?,MD,,gxPopupLevel%3D0%3B HTTP/1.1" 200 8758
186.103.159.46 - - [11/Apr/2017:10:41:14 -0300] "GET /cormun/servlet/hhome HTTP/1.1" 200 3323
186.103.159.46 - - [11/Apr/2017:10:41:16 -0300] "GET /cormun/servlet/hhome HTTP/1.1" 200 3333
186.103.159.46 - - [11/Apr/2017:10:41:17 -0300] "GET /cormun/servlet/hlogin HTTP/1.1" 200 1733
192.168.10.13 - - [11/Apr/2017:10:41:18 -0300] "GET / HTTP/1.1" 200 11217
186.79.233.230 - - [11/Apr/2017:10:41:21 -0300] "POST /cormun/servlet/prfichaempleado?e9273a398125d59bc333b7a6a4425a38,,MD,,gxPopupLevel%3D0%3B,gx-no-cache=1491918142340 HTTP/1.1" 200 3450
186.103.159.46 - - [11/Apr/2017:10:41:34 -0300] "POST /cormun/servlet/hlogin?0943572bc90f6d92c40454f9132db2d3,gx-no-cache=1491921758235 HTTP/1.1" 200 90
186.103.159.46 - - [11/Apr/2017:10:41:35 -0300] "GET /cormun/servlet/hpexe_link HTTP/1.1" 200 952
186.103.159.46 - - [11/Apr/2017:10:41:35 -0300] "GET /cormun/servlet/hhome HTTP/1.1" 200 3782
186.103.159.46 - - [11/Apr/2017:10:41:36 -0300] "GET /cormun/servlet/hhome HTTP/1.1" 200 3781
186.103.159.46 - - [11/Apr/2017:10:41:41 -0300] "GET /cormun/servlet/trpermisosgoce? HTTP/1.1" 200 12986
186.103.159.46 - - [11/Apr/2017:10:41:43 -0300] "GET /cormun/servlet/trpermisosgoce? HTTP/1.1" 200 12984
186.79.233.230 - - [11/Apr/2017:10:41:46 -0300] "GET /cormun/servlet/licenciaspermisos?5989cc7877bd09a2b559a211508e886614e9be13d35d6240e4f3c65110d00f9f696327989508766ab88a219478f8ce5c,gx-no-cache=1491918167036 HTTP/1.1" 200 60
186.79.233.230 - - [11/Apr/2017:10:41:46 -0300] "POST /cormun/servlet/licenciaspermisos?e9273a398125d59bc333b7a6a4425a38,INS,0,,,,gx-no-cache=1491918167267 HTTP/1.1" 200 4421
186.103.159.46 - - [11/Apr/2017:10:41:53 -0300] "GET /cormun/servlet/permisogoce?INS,0,,, HTTP/1.1" 200 6557
186.103.159.46 - - [11/Apr/2017:10:41:54 -0300] "GET /cormun/servlet/permisogoce?INS,0,,, HTTP/1.1" 200 6557
186.79.233.230 - - [11/Apr/2017:10:42:15 -0300] "GET /cormun/static/menuarrow.gif HTTP/1.1" 404 1015
192.168.10.13 - - [11/Apr/2017:10:42:18 -0300] "GET / HTTP/1.1" 200 11217
201.214.54.252 - - [11/Apr/2017:10:43:04 -0300] "GET /cormun/servlet/hhome HTTP/1.1" 200 3956
201.214.54.252 - - [11/Apr/2017:10:43:08 -0300] "GET /cormun/servlet/hlogin HTTP/1.1" 200 1734
192.168.10.13 - - [11/Apr/2017:10:43:18 -0300] "GET / HTTP/1.1" 200 11217
186.103.159.46 - - [11/Apr/2017:10:43:22 -0300] "GET /cormun/servlet/permisogoce?cca28efcb270b112519c6eb73457a02ea162b42bf70b9c74c846ddbd164e34c7fb5a46c38ef4cb898ac7d392515cff16,gx-no-cache=1491921865457 HTTP/1.1" 200 74
186.103.159.46 - - [11/Apr/2017:10:43:22 -0300] "GET /cormun/static/menuarrow.gif HTTP/1.1" 404 1015
186.103.159.46 - - [11/Apr/2017:10:43:40 -0300] "GET /cormun/servlet/permisogoce?cca28efcb270b112519c6eb73457a02e7c34babc6e90157d3ad15a474c1b9cf65f9e18d27c1408f7ecce025fc897b406a824759a12537dcfc98a7461372f366f,gx-no-cache=1491921884128 HTTP/1.1" 200 47
186.103.159.46 - - [11/Apr/2017:10:43:54 -0300] "POST /cormun/servlet/permisogoce?0943572bc90f6d92c40454f9132db2d3,INS,0,,,,gx-no-cache=1491921897332 HTTP/1.1" 200 93
186.103.159.46 - - [11/Apr/2017:10:43:54 -0300] "GET /cormun/servlet/hpexe_return? HTTP/1.1" 200 1009
186.103.159.46 - - [11/Apr/2017:10:43:54 -0300] "GET /cormun/servlet/trpermisosgoce HTTP/1.1" 200 13174
186.103.159.46 - - [11/Apr/2017:10:43:56 -0300] "GET /cormun/servlet/trpermisosgoce HTTP/1.1" 200 13169
186.79.233.230 - - [11/Apr/2017:10:44:02 -0300] "GET /cormun/servlet/licenciaspermisos?5989cc7877bd09a2b559a211508e8866deb04de365773bebbe1e794cf942cc469149bbce6c5a218e697e99105c39eef2a4b6eac36153e59a450b70fcae6c763e48be7c768909b601f8cd2f7fdc17d186f9c1be007c9611d5a9f5482e0b0ef13c0c22e31fb2bfc904dc8e08dc19b9dc04a32edae54ea0d60866d5bd579893715e9e500a920009ccb76f6af58a79da48d9d9eeffd35d88cf4d16a685544ec3384e0a151d1234834e483a8add12e70cdde95e4279837955571b4d67cd8531c5892849650b9760737ad85062817a8e59f92e7040084d43a3809803bbc402ba4a8b46,gx-no-cache=1491918303388 HTTP/1.1" 200 30
186.79.233.230 - - [11/Apr/2017:10:44:02 -0300] "POST /cormun/servlet/licenciaspermisos?e9273a398125d59bc333b7a6a4425a38,INS,0,,,,gx-no-cache=1491918303523 HTTP/1.1" 200 4483
186.103.159.46 - - [11/Apr/2017:10:44:04 -0300] "GET /cormun/servlet/apermisogoceprn?11142601,P,20170411113829,PU HTTP/1.1" 200 1649
192.168.10.13 - - [11/Apr/2017:10:44:18 -0300] "GET / HTTP/1.1" 200 11217
186.79.233.230 - - [11/Apr/2017:10:44:28 -0300] "GET /cormun/servlet/prfichaempleado?,MD,,gxPopupLevel%3D0%3B HTTP/1.1" 200 8758
186.79.233.230 - - [11/Apr/2017:10:44:44 -0300] "POST /cormun/servlet/prfichaempleado?e9273a398125d59bc333b7a6a4425a38,,MD,,gxPopupLevel%3D0%3B,gx-no-cache=1491918345075 HTTP/1.1" 200 3396
192.168.10.13 - - [11/Apr/2017:10:45:18 -0300] "GET / HTTP/1.1" 200 11217
186.79.233.230 - - [11/Apr/2017:10:45:42 -0300] "GET /cormun/servlet/licenciaspermisos?5989cc7877bd09a2b559a211508e88661b0235dfad9b65feb120819d1f3f6bccb6f4ca17f31eb12deeba642340567e292d89e3b9484e9bdae7fef78b979ed6a2208f26f1a0268e967e1dccf690b8783a14e8891a47cf5666089efcc7392e6b703aae10d722d2728deb1c248a361556744647243f5a3e3f96665b70fe4608a488af415e5e546f34cc9c0428e5b9937da5fca779550733f549d193b65815cbe8d1558d36c396f4145bb2129a555e7562653f051061edf23fafeb6c69658a90ce1d49a337450993500486efc1e0951494bc390067ef38a1a125fb3a7b0386d1b26d4469540b0bef76f071ff51ef5f12551d,gx-no-cache=1491918403780 HTTP/1.1" 200 59
186.79.233.230 - - [11/Apr/2017:10:45:43 -0300] "POST /cormun/servlet/licenciaspermisos?e9273a398125d59bc333b7a6a4425a38,INS,0,,,,gx-no-cache=1491918403979 HTTP/1.1" 200 93
186.79.233.230 - - [11/Apr/2017:10:45:43 -0300] "GET /cormun/servlet/hpexe_return? HTTP/1.1" 200 1011
186.79.233.230 - - [11/Apr/2017:10:45:44 -0300] "GET /cormun/servlet/trlicencias HTTP/1.1" 200 7792
186.79.233.230 - - [11/Apr/2017:10:45:45 -0300] "GET /cormun/servlet/trlicencias HTTP/1.1" 200 7788
186.79.233.230 - - [11/Apr/2017:10:45:49 -0300] "GET /cormun/servlet/alicenciaprn?7240958,L,20170411000000,PU HTTP/1.1" 200 1606
186.79.218.52 - - [11/Apr/2017:10:46:00 -0300] "GET /cormun/servlet/solicitudot?8938ed0c8a6b95acc8d2ef3aaa403efa1ea192675c1b1b94329cf046bb2d54a74354363959b321a852f7444d5daddfd999f895d6997d68077cccfd6cd1e0c781a0e0302e69be9f7ed09b0912ff774a9bc4b14f8c7117f00071352a8d6d3ab5189c88610c3d94871cf2bf4a7c7a96355130f0d4a642492148d12d21e4c580afdbe5f29ef42d300086800e941b2293913e9afc074d576899989292cc0fea2ee0dcf05e02929ea5d89a6786095a7bb31e3b20100169a88bf98241c35e236d5197cb398052f6e50d1905e3a75267aac7336ea6ed27614f6459e2396f6228f396d4e99cf96c159c5f1dc4ac5398d45d5a7a06c9931216110bc3c4d19d14e53b9e3fa2d86e9425d49a129ea24d54d06696030a58636dc599dba0f5d08ef9ac478db72997254518ee0b8a3f2515877d24a1b7ab64be550692c2c696db3c8f6f24c98ef91de2727dbc26a8b4ea6177dd3751158b92ab03612825fe2ff8f85cb680261f75f4c43b2a43c5c192b5bf8d2f90ab7eb6c33823b9ac2792a121c87458bf51fe1a,gx-no-cache=1491918425450 HTTP/1.1" 200 30
186.79.218.52 - - [11/Apr/2017:10:46:00 -0300] "POST /cormun/servlet/solicitudot?gx-no-cache=1491918426810 HTTP/1.1" 200 30
186.79.218.52 - - [11/Apr/2017:10:46:01 -0300] "POST /cormun/servlet/solicitudot?gx-no-cache=1491918426960 HTTP/1.1" 200 1286
186.79.218.52 - - [11/Apr/2017:10:46:01 -0300] "POST /cormun/servlet/solicitudot?gx-no-cache=1491918427224 HTTP/1.1" 200 41
186.79.218.52 - - [11/Apr/2017:10:46:01 -0300] "POST /cormun/servlet/solicitudot?gx-no-cache=1491918427424 HTTP/1.1" 200 1273
186.79.218.52 - - [11/Apr/2017:10:46:01 -0300] "POST /cormun/servlet/solicitudot?gx-no-cache=1491918427640 HTTP/1.1" 200 1157
186.79.218.52 - - [11/Apr/2017:10:46:01 -0300] "GET /cormun/servlet/solicitudot?8938ed0c8a6b95acc8d2ef3aaa403efaf75796114921906f18641e168ef3880e0375dadd862b8ff172d3a7a87b2f48d701be1a3cf4bf7567f772c976ee200c9abac521d2c4d020a28256d07ae6e777e474a85783882fa880d8b35b5a7cad161bb934651b8ed23387b6000da02f764f4667e26644742b4a09c4b2b395f6255d841080caa9c1c928989327d1b7f1c04a5522f8f2ede8778dbd0f7771b6d65d2f73371d209775ab9bf4b74b0ec86e145baf,gx-no-cache=1491918427883 HTTP/1.1" 200 30
186.79.218.52 - - [11/Apr/2017:10:46:03 -0300] "POST /cormun/servlet/solicitudot?9ec313da460958b98aebe907fcab2c5c,INS,0,0,,gx-no-cache=1491918427999 HTTP/1.1" 200 11112
186.79.218.52 - - [11/Apr/2017:10:46:03 -0300] "GET /cormun/static/Shared/jqueryui/images/ui-bg_highlight-soft_100_c6c2c8_1x100.png HTTP/1.1" 404 1117
186.79.218.52 - - [11/Apr/2017:10:46:03 -0300] "GET /cormun/static/Shared/jqueryui/images/ui-icons_82798d_256x240.png HTTP/1.1" 404 1089
186.79.218.52 - - [11/Apr/2017:10:46:03 -0300] "GET /cormun/static/Shared/jqueryui/images/ui-bg_flat_55_994d53_40x100.png HTTP/1.1" 404 1097
186.79.218.52 - - [11/Apr/2017:10:46:03 -0300] "GET /cormun/static/Shared/jqueryui/images/ui-icons_ebccce_256x240.png HTTP/1.1" 404 1089
200.111.191.210 - - [11/Apr/2017:10:46:08 -0300] "POST /cormun/servlet/hlogin?d3a591284267bbd1ada4063bdf137fdc,gx-no-cache=1491921934466 HTTP/1.1" 440 972
200.111.191.210 - - [11/Apr/2017:10:46:11 -0300] "GET /cormun/servlet/hlogin HTTP/1.1" 200 1731
200.111.191.210 - - [11/Apr/2017:10:46:11 -0300] "GET /cormun/servlet/hlogin HTTP/1.1" 200 1731
200.111.191.210 - - [11/Apr/2017:10:46:15 -0300] "POST /cormun/servlet/hlogin?ff1cfc916c0a289b581ce36e2a39b1e2,gx-no-cache=1491921941144 HTTP/1.1" 200 90
200.111.191.210 - - [11/Apr/2017:10:46:15 -0300] "GET /cormun/servlet/hpexe_link HTTP/1.1" 200 951
200.111.191.210 - - [11/Apr/2017:10:46:15 -0300] "GET /cormun/servlet/hhome HTTP/1.1" 200 3771
200.111.191.210 - - [11/Apr/2017:10:46:15 -0300] "GET /cormun/servlet/hhome HTTP/1.1" 200 3768
200.111.191.210 - - [11/Apr/2017:10:46:17 -0300] "GET /cormun/servlet/trlicencias? HTTP/1.1" 200 6610
192.168.10.13 - - [11/Apr/2017:10:46:18 -0300] "GET / HTTP/1.1" 200 11217
200.111.191.210 - - [11/Apr/2017:10:46:18 -0300] "GET /cormun/servlet/trlicencias? HTTP/1.1" 200 6609
186.79.218.52 - - [11/Apr/2017:10:46:20 -0300] "POST /cormun/servlet/solicitudot?gx-no-cache=1491918446823 HTTP/1.1" 200 30
200.111.191.210 - - [11/Apr/2017:10:46:30 -0300] "GET /cormun/servlet/licenciaspermisos?INS,0,,, HTTP/1.1" 200 7158
200.111.191.210 - - [11/Apr/2017:10:46:30 -0300] "GET /cormun/servlet/licenciaspermisos?INS,0,,, HTTP/1.1" 200 7157
186.79.218.52 - - [11/Apr/2017:10:46:34 -0300] "POST /cormun/servlet/solicitudot?gx-no-cache=1491918459911 HTTP/1.1" 200 1286
186.79.218.52 - - [11/Apr/2017:10:46:34 -0300] "POST /cormun/servlet/solicitudot?gx-no-cache=1491918460638 HTTP/1.1" 200 41
200.111.191.210 - - [11/Apr/2017:10:46:36 -0300] "GET /cormun/servlet/licenciaspermisos?90563fd064d954005201c32fdc4fdf9c837f29398362c255b77ca367dc286ba194c5afb544f840a767e606dfb0aca653,gx-no-cache=1491921961891 HTTP/1.1" 200 64
186.79.218.52 - - [11/Apr/2017:10:46:36 -0300] "POST /cormun/servlet/solicitudot?gx-no-cache=1491918460768 HTTP/1.1" 200 1273
186.79.218.52 - - [11/Apr/2017:10:46:36 -0300] "POST /cormun/servlet/solicitudot?gx-no-cache=1491918462210 HTTP/1.1" 200 1157
186.79.218.52 - - [11/Apr/2017:10:46:36 -0300] "GET /cormun/servlet/solicitudot?8938ed0c8a6b95acc8d2ef3aaa403efaf75796114921906f18641e168ef3880e0375dadd862b8ff172d3a7a87b2f48d701be1a3cf4bf7567f772c976ee200c9abac521d2c4d020a28256d07ae6e777e474a85783882fa880d8b35b5a7cad161bb934651b8ed23387b6000da02f764f4667e26644742b4a09c4b2b395f6255d841080caa9c1c928989327d1b7f1c04a5522f8f2ede8778dbd0f7771b6d65d2f73371d209775ab9bf4b74b0ec86e145baf,gx-no-cache=1491918462504 HTTP/1.1" 200 30
200.111.191.210 - - [11/Apr/2017:10:46:36 -0300] "POST /cormun/servlet/licenciaspermisos?ff1cfc916c0a289b581ce36e2a39b1e2,INS,0,,,,gx-no-cache=1491921961973 HTTP/1.1" 200 4413
186.79.218.52 - - [11/Apr/2017:10:46:37 -0300] "POST /cormun/servlet/solicitudot?9ec313da460958b98aebe907fcab2c5c,INS,0,0,,gx-no-cache=1491918462635 HTTP/1.1" 200 93
186.79.218.52 - - [11/Apr/2017:10:46:37 -0300] "GET /cormun/servlet/hpexe_return? HTTP/1.1" 200 1008
186.79.218.52 - - [11/Apr/2017:10:46:38 -0300] "GET /cormun/servlet/trsolicitudot HTTP/1.1" 200 9092
186.79.218.52 - - [11/Apr/2017:10:46:38 -0300] "GET /cormun/servlet/trsolicitudot HTTP/1.1" 200 9088
186.79.218.52 - - [11/Apr/2017:10:46:44 -0300] "POST /cormun/servlet/trsolicitudot?9ec313da460958b98aebe907fcab2c5c,gx-no-cache=1491918469673 HTTP/1.1" 200 107
186.79.218.52 - - [11/Apr/2017:10:46:45 -0300] "GET /cormun/servlet/trsolicitudadjuntos?2017,5998, HTTP/1.1" 200 5854
186.79.218.52 - - [11/Apr/2017:10:46:45 -0300] "GET /cormun/static/gxcfg.js?201731711504543 HTTP/1.1" 304 -
186.79.218.52 - - [11/Apr/2017:10:46:45 -0300] "GET /cormun/static/trsolicitudadjuntos.js?201731711504951 HTTP/1.1" 304 -
186.79.218.52 - - [11/Apr/2017:10:46:45 -0300] "GET /cormun/servlet/trsolicitudadjuntos?2017,5998, HTTP/1.1" 200 5854
186.79.218.52 - - [11/Apr/2017:10:46:51 -0300] "GET /cormun/servlet/solicitudotadjuntos?INS,2017,5998,,1, HTTP/1.1" 200 5792
186.79.218.52 - - [11/Apr/2017:10:46:51 -0300] "GET /cormun/static/gxcfg.js?201612218465951 HTTP/1.1" 304 -
186.79.218.52 - - [11/Apr/2017:10:46:51 -0300] "GET /cormun/static/solicitudotadjuntos.js?201612218465969 HTTP/1.1" 304 -
186.79.218.52 - - [11/Apr/2017:10:46:51 -0300] "GET /cormun/static/about:blank HTTP/1.1" 404 1011
186.79.218.52 - - [11/Apr/2017:10:46:52 -0300] "GET /cormun/servlet/solicitudotadjuntos?INS,2017,5998,,1, HTTP/1.1" 200 5786
186.79.218.52 - - [11/Apr/2017:10:46:52 -0300] "GET /cormun/servlet/solicitudotadjuntos?8938ed0c8a6b95acc8d2ef3aaa403efae991a620cdeab8de3c76269f87821eb5076ecff8d68215b0af3e2c104968c146,gx-no-cache=1491918478537 HTTP/1.1" 200 30
186.79.218.52 - - [11/Apr/2017:10:46:53 -0300] "POST /cormun/servlet/solicitudotadjuntos?9ec313da460958b98aebe907fcab2c5c,INS,2017,5998,,1,,gx-no-cache=1491918478665 HTTP/1.1" 200 3674
186.79.218.52 - - [11/Apr/2017:10:46:59 -0300] "POST /cormun/servlet/solicitudotadjuntos?gx-no-cache=1491918485417 HTTP/1.1" 200 26
192.168.10.13 - - [11/Apr/2017:10:47:18 -0300] "GET / HTTP/1.1" 200 11217
200.111.191.210 - - [11/Apr/2017:10:47:46 -0300] "GET /cormun/servlet/licenciaspermisos?90563fd064d954005201c32fdc4fdf9ca76fe849e62302b017ccee33ced29abd0e2a1e03960b59005ccdf1a0608d01989ffd44864c2760196244f4ee019ac2f546b3651dd876706b425a77639f8cdb429f602c0e6b8c23adb88307fb183256c9f0201974c94e047da407280f47411ad539cae046d13815532a9f10b3bd06101bb237a2ab2e2d7e61c681399c81fd261624bbe9648d07233969f29cafa380076907ab6c87316e1c943710700be88533c4,gx-no-cache=1491922032725 HTTP/1.1" 200 30
200.111.191.210 - - [11/Apr/2017:10:47:47 -0300] "GET /cormun/servlet/licenciaspermisos?90563fd064d954005201c32fdc4fdf9cde80584f9a89631d9f1c447952cc73b0634242f7959e264145c14e3b976ab4420016a8a8d20adea0ff834610bfc6ca4f730cfcab327c85b4f893d6072bde411e61ff1daaa0d99216c6b872ba6bd831aae7d47d4f05ccee823e25ff55541853b6c872df378830150513690167e5b925e28931f8d9f0c060592420207ca507eae9b59268f8cb6b5e8504bff8bd913b22608f8a537a85fac2bfc78aa69cdcae680a,gx-no-cache=1491922032852 HTTP/1.1" 200 29
200.111.191.210 - - [11/Apr/2017:10:47:47 -0300] "POST /cormun/servlet/licenciaspermisos?ff1cfc916c0a289b581ce36e2a39b1e2,INS,0,,,,gx-no-cache=1491922032906 HTTP/1.1" 200 93
200.111.191.210 - - [11/Apr/2017:10:47:47 -0300] "GET /cormun/servlet/hpexe_return? HTTP/1.1" 200 1010
200.111.191.210 - - [11/Apr/2017:10:47:47 -0300] "GET /cormun/servlet/trlicencias HTTP/1.1" 200 7772
200.111.191.210 - - [11/Apr/2017:10:47:47 -0300] "GET /cormun/servlet/trlicencias HTTP/1.1" 200 7769
200.111.191.210 - - [11/Apr/2017:10:47:50 -0300] "GET /cormun/servlet/alicenciaprn?8656821,L,20170411000000,PU HTTP/1.1" 200 1524
186.79.218.52 - - [11/Apr/2017:10:47:53 -0300] "GET /cormun/servlet/solicitudotadjuntos?8938ed0c8a6b95acc8d2ef3aaa403efa4bbb20f3131e7790323d182c03475483,gx-no-cache=1491918539258 HTTP/1.1" 200 30
186.79.218.52 - - [11/Apr/2017:10:47:53 -0300] "GET /cormun/servlet/solicitudotadjuntos?8938ed0c8a6b95acc8d2ef3aaa403efa4bbb20f3131e7790323d182c03475483,gx-no-cache=1491918539424 HTTP/1.1" 200 30
186.79.218.52 - - [11/Apr/2017:10:48:12 -0300] "POST /cormun/servlet/solicitudotadjuntos?9ec313da460958b98aebe907fcab2c5c,INS,2017,5998,,1, HTTP/1.1" 200 116
186.79.218.52 - - [11/Apr/2017:10:48:12 -0300] "GET /cormun/servlet/hpexe_return? HTTP/1.1" 200 1027
186.79.218.52 - - [11/Apr/2017:10:48:13 -0300] "GET /cormun/servlet/trsolicitudadjuntos?2017,5998, HTTP/1.1" 200 7961
186.79.218.52 - - [11/Apr/2017:10:48:13 -0300] "GET /cormun/servlet/trsolicitudadjuntos?2017,5998, HTTP/1.1" 200 7958
192.168.10.13 - - [11/Apr/2017:10:48:18 -0300] "GET / HTTP/1.1" 200 11217
186.79.218.52 - - [11/Apr/2017:10:48:19 -0300] "GET /cormun/servlet/solicitudotadjuntos?INS,2017,5998,,1, HTTP/1.1" 200 5791
186.79.218.52 - - [11/Apr/2017:10:48:20 -0300] "GET /cormun/static/about:blank HTTP/1.1" 404 1011
186.79.218.52 - - [11/Apr/2017:10:48:20 -0300] "GET /cormun/servlet/solicitudotadjuntos?INS,2017,5998,,1, HTTP/1.1" 200 5785
186.79.218.52 - - [11/Apr/2017:10:48:21 -0300] "GET /cormun/servlet/solicitudotadjuntos?8938ed0c8a6b95acc8d2ef3aaa403efae991a620cdeab8de3c76269f87821eb5076ecff8d68215b0af3e2c104968c146,gx-no-cache=1491918567231 HTTP/1.1" 200 30
186.79.218.52 - - [11/Apr/2017:10:48:21 -0300] "POST /cormun/servlet/solicitudotadjuntos?9ec313da460958b98aebe907fcab2c5c,INS,2017,5998,,1,,gx-no-cache=1491918567449 HTTP/1.1" 200 3673
186.79.218.52 - - [11/Apr/2017:10:48:26 -0300] "POST /cormun/servlet/solicitudotadjuntos?gx-no-cache=1491918572485 HTTP/1.1" 200 26
186.79.218.52 - - [11/Apr/2017:10:48:33 -0300] "GET /cormun/servlet/solicitudotadjuntos?8938ed0c8a6b95acc8d2ef3aaa403efa4bbb20f3131e7790323d182c03475483,gx-no-cache=1491918579174 HTTP/1.1" 200 30
186.79.218.52 - - [11/Apr/2017:10:48:33 -0300] "GET /cormun/servlet/solicitudotadjuntos?8938ed0c8a6b95acc8d2ef3aaa403efa4bbb20f3131e7790323d182c03475483,gx-no-cache=1491918579534 HTTP/1.1" 200 30
186.79.218.52 - - [11/Apr/2017:10:48:54 -0300] "POST /cormun/servlet/solicitudotadjuntos?9ec313da460958b98aebe907fcab2c5c,INS,2017,5998,,1, HTTP/1.1" 200 116
186.79.218.52 - - [11/Apr/2017:10:48:54 -0300] "GET /cormun/servlet/hpexe_return? HTTP/1.1" 200 1027
186.79.218.52 - - [11/Apr/2017:10:48:55 -0300] "GET /cormun/servlet/trsolicitudadjuntos?2017,5998, HTTP/1.1" 200 8175
186.79.218.52 - - [11/Apr/2017:10:49:05 -0300] "GET /cormun/servlet/trsolicitudadjuntos?2017,5998, HTTP/1.1" 200 8170
186.79.218.52 - - [11/Apr/2017:10:49:09 -0300] "GET /cormun/servlet/solicitudotadjuntos?INS,2017,5998,,1, HTTP/1.1" 200 5792
186.79.218.52 - - [11/Apr/2017:10:49:09 -0300] "GET /cormun/static/about:blank HTTP/1.1" 404 1011
186.79.218.52 - - [11/Apr/2017:10:49:10 -0300] "GET /cormun/servlet/solicitudotadjuntos?INS,2017,5998,,1, HTTP/1.1" 200 5786
186.79.218.52 - - [11/Apr/2017:10:49:11 -0300] "GET /cormun/servlet/solicitudotadjuntos?8938ed0c8a6b95acc8d2ef3aaa403efae991a620cdeab8de3c76269f87821eb5076ecff8d68215b0af3e2c104968c146,gx-no-cache=1491918617246 HTTP/1.1" 200 30
186.79.218.52 - - [11/Apr/2017:10:49:13 -0300] "POST /cormun/servlet/solicitudotadjuntos?9ec313da460958b98aebe907fcab2c5c,INS,2017,5998,,1,,gx-no-cache=1491918617486 HTTP/1.1" 200 3674
186.79.218.52 - - [11/Apr/2017:10:49:17 -0300] "POST /cormun/servlet/solicitudotadjuntos?gx-no-cache=1491918623526 HTTP/1.1" 200 26
192.168.10.13 - - [11/Apr/2017:10:49:18 -0300] "GET / HTTP/1.1" 200 11217
186.79.218.52 - - [11/Apr/2017:10:49:30 -0300] "GET /cormun/servlet/solicitudotadjuntos?8938ed0c8a6b95acc8d2ef3aaa403efa4bbb20f3131e7790323d182c03475483,gx-no-cache=1491918636031 HTTP/1.1" 200 30
186.79.218.52 - - [11/Apr/2017:10:49:31 -0300] "GET /cormun/servlet/solicitudotadjuntos?8938ed0c8a6b95acc8d2ef3aaa403efa4bbb20f3131e7790323d182c03475483,gx-no-cache=1491918636402 HTTP/1.1" 200 30
186.79.233.230 - - [11/Apr/2017:10:49:38 -0300] "POST /cormun/servlet/trlicencias?e9273a398125d59bc333b7a6a4425a38,gx-no-cache=1491918639226 HTTP/1.1" 200 5224
186.79.233.230 - - [11/Apr/2017:10:49:38 -0300] "GET /cormun/static/Shared/jqueryui/images/ui-bg_highlight-soft_100_c6c2c8_1x100.png HTTP/1.1" 404 1117
186.79.233.230 - - [11/Apr/2017:10:49:38 -0300] "GET /cormun/static/Shared/jqueryui/images/ui-icons_82798d_256x240.png HTTP/1.1" 404 1089
186.79.233.230 - - [11/Apr/2017:10:49:38 -0300] "GET /cormun/static/Shared/jqueryui/images/ui-bg_flat_55_fafafa_40x100.png HTTP/1.1" 404 1097
186.79.233.230 - - [11/Apr/2017:10:49:38 -0300] "GET /cormun/static/Shared/jqueryui/images/ui-icons_8d78a5_256x240.png HTTP/1.1" 404 1089
186.79.233.230 - - [11/Apr/2017:10:49:47 -0300] "GET /cormun/servlet/trlicenciaspermisosadjuntos?7240958,20170411000000,L, HTTP/1.1" 200 6084
186.79.233.230 - - [11/Apr/2017:10:49:47 -0300] "GET /cormun/static/gxcfg.js?20173171154619 HTTP/1.1" 200 953
186.79.233.230 - - [11/Apr/2017:10:49:47 -0300] "GET /cormun/static/trlicenciaspermisosadjuntos.js?20173171154971 HTTP/1.1" 200 21005
186.79.218.52 - - [11/Apr/2017:10:49:48 -0300] "POST /cormun/servlet/solicitudotadjuntos?9ec313da460958b98aebe907fcab2c5c,INS,2017,5998,,1, HTTP/1.1" 200 116
186.79.233.230 - - [11/Apr/2017:10:49:48 -0300] "GET /cormun/servlet/trlicenciaspermisosadjuntos?7240958,20170411000000,L, HTTP/1.1" 200 6084
186.79.218.52 - - [11/Apr/2017:10:49:49 -0300] "GET /cormun/servlet/hpexe_return? HTTP/1.1" 200 1027
186.79.218.52 - - [11/Apr/2017:10:49:50 -0300] "GET /cormun/servlet/trsolicitudadjuntos?2017,5998, HTTP/1.1" 200 8340
186.79.233.230 - - [11/Apr/2017:10:49:53 -0300] "GET /cormun/servlet/licenciaspermisosadjuntos?INS,7240958,L,20170411000000,, HTTP/1.1" 200 5383
186.79.233.230 - - [11/Apr/2017:10:49:53 -0300] "GET /cormun/static/gxcfg.js?201731711421170 HTTP/1.1" 200 953
186.79.233.230 - - [11/Apr/2017:10:49:53 -0300] "GET /cormun/static/licenciaspermisosadjuntos.js?201731711421181 HTTP/1.1" 200 8757
186.79.233.230 - - [11/Apr/2017:10:49:53 -0300] "GET /cormun/static/about:blank HTTP/1.1" 404 1011
186.79.218.52 - - [11/Apr/2017:10:49:53 -0300] "GET /cormun/servlet/trsolicitudadjuntos?2017,5998, HTTP/1.1" 200 8339
186.79.233.230 - - [11/Apr/2017:10:49:54 -0300] "GET /cormun/servlet/licenciaspermisosadjuntos?INS,7240958,L,20170411000000,, HTTP/1.1" 200 5372
186.79.218.52 - - [11/Apr/2017:10:49:56 -0300] "GET /cormun/servlet/solicitudotadjuntos?INS,2017,5998,,1, HTTP/1.1" 200 5792
186.79.218.52 - - [11/Apr/2017:10:49:56 -0300] "GET /cormun/static/about:blank HTTP/1.1" 404 1011
186.79.218.52 - - [11/Apr/2017:10:49:57 -0300] "GET /cormun/servlet/solicitudotadjuntos?INS,2017,5998,,1, HTTP/1.1" 200 5786
186.79.218.52 - - [11/Apr/2017:10:49:57 -0300] "GET /cormun/servlet/solicitudotadjuntos?8938ed0c8a6b95acc8d2ef3aaa403efae991a620cdeab8de3c76269f87821eb5076ecff8d68215b0af3e2c104968c146,gx-no-cache=1491918663537 HTTP/1.1" 200 30
186.79.218.52 - - [11/Apr/2017:10:49:58 -0300] "POST /cormun/servlet/solicitudotadjuntos?9ec313da460958b98aebe907fcab2c5c,INS,2017,5998,,1,,gx-no-cache=1491918663889 HTTP/1.1" 200 3674
186.79.218.52 - - [11/Apr/2017:10:50:02 -0300] "POST /cormun/servlet/solicitudotadjuntos?gx-no-cache=1491918668097 HTTP/1.1" 200 26
186.79.218.52 - - [11/Apr/2017:10:50:14 -0300] "GET /cormun/servlet/solicitudotadjuntos?8938ed0c8a6b95acc8d2ef3aaa403efa4bbb20f3131e7790323d182c03475483,gx-no-cache=1491918680391 HTTP/1.1" 200 30
186.79.218.52 - - [11/Apr/2017:10:50:14 -0300] "GET /cormun/servlet/solicitudotadjuntos?8938ed0c8a6b95acc8d2ef3aaa403efa4bbb20f3131e7790323d182c03475483,gx-no-cache=1491918680988 HTTP/1.1" 200 30
192.168.10.13 - - [11/Apr/2017:10:50:18 -0300] "GET / HTTP/1.1" 200 11217
186.79.233.230 - - [11/Apr/2017:10:50:47 -0300] "POST /cormun/servlet/licenciaspermisosadjuntos?e9273a398125d59bc333b7a6a4425a38,INS,7240958,L,20170411000000,, HTTP/1.1" 200 116
186.79.233.230 - - [11/Apr/2017:10:50:47 -0300] "GET /cormun/servlet/hpexe_return? HTTP/1.1" 200 1041
186.79.233.230 - - [11/Apr/2017:10:50:47 -0300] "GET /cormun/servlet/trlicenciaspermisosadjuntos?7240958,20170411000000,L, HTTP/1.1" 200 6551
186.79.233.230 - - [11/Apr/2017:10:50:49 -0300] "GET /cormun/servlet/trlicenciaspermisosadjuntos?7240958,20170411000000,L, HTTP/1.1" 200 6548
186.79.233.230 - - [11/Apr/2017:10:50:50 -0300] "GET /cormun/PublicTempStorage/mario8987736.jpg HTTP/1.1" 200 1347497
186.79.218.52 - - [11/Apr/2017:10:50:59 -0300] "POST /cormun/servlet/solicitudotadjuntos?9ec313da460958b98aebe907fcab2c5c,INS,2017,5998,,1, HTTP/1.1" 200 116
186.79.218.52 - - [11/Apr/2017:10:51:00 -0300] "GET /cormun/servlet/hpexe_return? HTTP/1.1" 200 1027
186.79.218.52 - - [11/Apr/2017:10:51:00 -0300] "GET /cormun/servlet/trsolicitudadjuntos?2017,5998, HTTP/1.1" 200 8493
186.79.218.52 - - [11/Apr/2017:10:51:02 -0300] "GET /cormun/servlet/trsolicitudadjuntos?2017,5998, HTTP/1.1" 200 8492
186.79.218.52 - - [11/Apr/2017:10:51:04 -0300] "GET /cormun/servlet/solicitudotadjuntos?INS,2017,5998,,1, HTTP/1.1" 200 5792
186.79.218.52 - - [11/Apr/2017:10:51:05 -0300] "GET /cormun/static/about:blank HTTP/1.1" 404 1011
186.79.218.52 - - [11/Apr/2017:10:51:05 -0300] "GET /cormun/servlet/solicitudotadjuntos?INS,2017,5998,,1, HTTP/1.1" 200 5786
186.79.218.52 - - [11/Apr/2017:10:51:06 -0300] "GET /cormun/servlet/solicitudotadjuntos?8938ed0c8a6b95acc8d2ef3aaa403efae991a620cdeab8de3c76269f87821eb5076ecff8d68215b0af3e2c104968c146,gx-no-cache=1491918732030 HTTP/1.1" 200 30
186.79.218.52 - - [11/Apr/2017:10:51:07 -0300] "POST /cormun/servlet/solicitudotadjuntos?9ec313da460958b98aebe907fcab2c5c,INS,2017,5998,,1,,gx-no-cache=1491918733038 HTTP/1.1" 200 3674
186.79.233.230 - - [11/Apr/2017:10:51:09 -0300] "GET /cormun/servlet/trlicencias? HTTP/1.1" 200 7789
186.79.233.230 - - [11/Apr/2017:10:51:10 -0300] "GET /cormun/servlet/trlicencias? HTTP/1.1" 200 7788
186.79.218.52 - - [11/Apr/2017:10:51:11 -0300] "POST /cormun/servlet/solicitudotadjuntos?gx-no-cache=1491918736873 HTTP/1.1" 200 26
186.79.233.230 - - [11/Apr/2017:10:51:15 -0300] "POST /cormun/servlet/trlicencias?e9273a398125d59bc333b7a6a4425a38,,gx-no-cache=1491918736239 HTTP/1.1" 200 4065
186.79.233.230 - - [11/Apr/2017:10:51:15 -0300] "GET /cormun/static/Shared/jqueryui/images/ui-bg_highlight-soft_100_c6c2c8_1x100.png HTTP/1.1" 404 1117
186.79.233.230 - - [11/Apr/2017:10:51:15 -0300] "GET /cormun/static/Shared/jqueryui/images/ui-icons_82798d_256x240.png HTTP/1.1" 404 1089
186.79.233.230 - - [11/Apr/2017:10:51:15 -0300] "GET /cormun/static/Shared/jqueryui/images/ui-bg_flat_55_fafafa_40x100.png HTTP/1.1" 404 1097
186.79.233.230 - - [11/Apr/2017:10:51:15 -0300] "GET /cormun/static/Shared/jqueryui/images/ui-icons_8d78a5_256x240.png HTTP/1.1" 404 1089
192.168.10.13 - - [11/Apr/2017:10:51:18 -0300] "GET / HTTP/1.1" 200 11217
186.79.218.52 - - [11/Apr/2017:10:51:19 -0300] "GET /cormun/servlet/solicitudotadjuntos?8938ed0c8a6b95acc8d2ef3aaa403efa4bbb20f3131e7790323d182c03475483,gx-no-cache=1491918745818 HTTP/1.1" 200 30
186.79.218.52 - - [11/Apr/2017:10:51:20 -0300] "GET /cormun/servlet/solicitudotadjuntos?8938ed0c8a6b95acc8d2ef3aaa403efa4bbb20f3131e7790323d182c03475483,gx-no-cache=1491918746010 HTTP/1.1" 200 30
186.79.218.52 - - [11/Apr/2017:10:51:40 -0300] "POST /cormun/servlet/solicitudotadjuntos?9ec313da460958b98aebe907fcab2c5c,INS,2017,5998,,1, HTTP/1.1" 200 116
186.79.218.52 - - [11/Apr/2017:10:51:41 -0300] "GET /cormun/servlet/hpexe_return? HTTP/1.1" 200 1027
186.79.218.52 - - [11/Apr/2017:10:51:42 -0300] "GET /cormun/servlet/trsolicitudadjuntos?2017,5998, HTTP/1.1" 200 8646
186.79.218.52 - - [11/Apr/2017:10:51:43 -0300] "GET /cormun/servlet/trsolicitudadjuntos?2017,5998, HTTP/1.1" 200 8644
186.79.218.52 - - [11/Apr/2017:10:51:47 -0300] "GET /cormun/servlet/solicitudotadjuntos?INS,2017,5998,,1, HTTP/1.1" 200 5792
186.79.218.52 - - [11/Apr/2017:10:51:48 -0300] "GET /cormun/static/about:blank HTTP/1.1" 404 1011
186.79.218.52 - - [11/Apr/2017:10:51:48 -0300] "GET /cormun/servlet/solicitudotadjuntos?INS,2017,5998,,1, HTTP/1.1" 200 5786
186.79.218.52 - - [11/Apr/2017:10:51:49 -0300] "GET /cormun/servlet/solicitudotadjuntos?8938ed0c8a6b95acc8d2ef3aaa403efae991a620cdeab8de3c76269f87821eb5076ecff8d68215b0af3e2c104968c146,gx-no-cache=1491918775466 HTTP/1.1" 200 30
186.79.218.52 - - [11/Apr/2017:10:51:50 -0300] "POST /cormun/servlet/solicitudotadjuntos?9ec313da460958b98aebe907fcab2c5c,INS,2017,5998,,1,,gx-no-cache=1491918776565 HTTP/1.1" 200 3674
186.79.218.52 - - [11/Apr/2017:10:51:54 -0300] "POST /cormun/servlet/solicitudotadjuntos?gx-no-cache=1491918780059 HTTP/1.1" 200 26
186.79.218.52 - - [11/Apr/2017:10:52:01 -0300] "GET /cormun/servlet/solicitudotadjuntos?8938ed0c8a6b95acc8d2ef3aaa403efa4bbb20f3131e7790323d182c03475483,gx-no-cache=1491918786928 HTTP/1.1" 200 30
186.79.218.52 - - [11/Apr/2017:10:52:01 -0300] "GET /cormun/servlet/solicitudotadjuntos?8938ed0c8a6b95acc8d2ef3aaa403efa4bbb20f3131e7790323d182c03475483,gx-no-cache=1491918787523 HTTP/1.1" 200 30
192.168.10.13 - - [11/Apr/2017:10:52:18 -0300] "GET / HTTP/1.1" 200 11217
186.79.218.52 - - [11/Apr/2017:10:52:19 -0300] "POST /cormun/servlet/solicitudotadjuntos?9ec313da460958b98aebe907fcab2c5c,INS,2017,5998,,1, HTTP/1.1" 200 116
186.79.218.52 - - [11/Apr/2017:10:52:20 -0300] "GET /cormun/servlet/hpexe_return? HTTP/1.1" 200 1027
186.79.218.52 - - [11/Apr/2017:10:52:21 -0300] "GET /cormun/servlet/trsolicitudadjuntos?2017,5998, HTTP/1.1" 200 8884
186.79.218.52 - - [11/Apr/2017:10:52:22 -0300] "GET /cormun/servlet/trsolicitudadjuntos?2017,5998, HTTP/1.1" 200 8883
186.79.218.52 - - [11/Apr/2017:10:52:40 -0300] "GET /cormun/servlet/hlogin HTTP/1.1" 200 1728
186.79.218.52 - - [11/Apr/2017:10:52:42 -0300] "POST /cormun/servlet/hlogin?a7afbeb26a6d70e6c91e5c9513840ca4,gx-no-cache=1491918828859 HTTP/1.1" 200 90
186.79.218.52 - - [11/Apr/2017:10:52:42 -0300] "GET /cormun/servlet/hpexe_link HTTP/1.1" 200 956
186.79.218.52 - - [11/Apr/2017:10:52:43 -0300] "GET /cormun/servlet/hhome HTTP/1.1" 200 3755
186.79.218.52 - - [11/Apr/2017:10:52:43 -0300] "GET /cormun/servlet/hhome HTTP/1.1" 200 3752
186.79.218.52 - - [11/Apr/2017:10:52:47 -0300] "GET /cormun/servlet/trsolicitudot? HTTP/1.1" 200 9093
186.79.218.52 - - [11/Apr/2017:10:52:48 -0300] "GET /cormun/servlet/trsolicitudot? HTTP/1.1" 200 9089
186.79.218.52 - - [11/Apr/2017:10:52:57 -0300] "POST /cormun/servlet/trsolicitudot?a7afbeb26a6d70e6c91e5c9513840ca4,,gx-no-cache=1491918841670 HTTP/1.1" 200 107
186.79.218.52 - - [11/Apr/2017:10:52:58 -0300] "GET /cormun/servlet/trsolicitudadjuntos?2017,5998, HTTP/1.1" 200 8882
186.79.218.52 - - [11/Apr/2017:10:53:01 -0300] "GET /cormun/servlet/trsolicitudadjuntos?2017,5998, HTTP/1.1" 200 8885
186.79.218.52 - - [11/Apr/2017:10:53:16 -0300] "GET /cormun/servlet/hlogin HTTP/1.1" 200 1719
192.168.10.13 - - [11/Apr/2017:10:53:18 -0300] "GET / HTTP/1.1" 200 11217
186.79.218.52 - - [11/Apr/2017:10:53:18 -0300] "POST /cormun/servlet/hlogin?4e74b4ce14c8844e310ca81b48efcd35,gx-no-cache=1491918864810 HTTP/1.1" 200 90
186.79.218.52 - - [11/Apr/2017:10:53:19 -0300] "GET /cormun/servlet/hpexe_link HTTP/1.1" 200 949
186.79.218.52 - - [11/Apr/2017:10:53:19 -0300] "GET /cormun/servlet/hhome HTTP/1.1" 200 3753
186.79.218.52 - - [11/Apr/2017:10:53:22 -0300] "GET /cormun/servlet/hhome HTTP/1.1" 200 3750
186.79.218.52 - - [11/Apr/2017:10:53:29 -0300] "GET /cormun/servlet/trsolicitudot? HTTP/1.1" 200 9086
186.79.218.52 - - [11/Apr/2017:10:53:35 -0300] "GET /cormun/servlet/trsolicitudot? HTTP/1.1" 200 9086
186.79.218.52 - - [11/Apr/2017:10:54:01 -0300] "POST /cormun/servlet/trsolicitudot?4e74b4ce14c8844e310ca81b48efcd35,,gx-no-cache=1491918906082 HTTP/1.1" 200 5997
186.79.218.52 - - [11/Apr/2017:10:54:02 -0300] "GET /cormun/static/Shared/jqueryui/images/ui-bg_highlight-soft_100_c6c2c8_1x100.png HTTP/1.1" 404 1117
186.79.218.52 - - [11/Apr/2017:10:54:02 -0300] "GET /cormun/static/Shared/jqueryui/images/ui-icons_82798d_256x240.png HTTP/1.1" 404 1089
186.79.218.52 - - [11/Apr/2017:10:54:02 -0300] "GET /cormun/static/Shared/jqueryui/images/ui-bg_flat_55_fafafa_40x100.png HTTP/1.1" 404 1097
192.168.10.89 - - [11/Apr/2017:10:54:02 -0300] "POST /cormun/servlet/hlogin?9dfb4973baeeb468fc0bfd9515999a7f,gx-no-cache=1491922117991 HTTP/1.1" 440 972
186.79.218.52 - - [11/Apr/2017:10:54:02 -0300] "GET /cormun/static/Shared/jqueryui/images/ui-icons_8d78a5_256x240.png HTTP/1.1" 404 1089
186.79.218.52 - - [11/Apr/2017:10:54:03 -0300] "POST /cormun/servlet/trsolicitudot?4e74b4ce14c8844e310ca81b48efcd35,,gx-no-cache=1491918908361 HTTP/1.1" 200 5939
192.168.10.89 - - [11/Apr/2017:10:54:03 -0300] "GET /cormun/servlet/hlogin HTTP/1.1" 200 1735
192.168.10.89 - - [11/Apr/2017:10:54:16 -0300] "POST /cormun/servlet/hlogin?f1110e1c07dfbf6e13de87e0516d49cf,gx-no-cache=1491922131789 HTTP/1.1" 200 90
192.168.10.89 - - [11/Apr/2017:10:54:16 -0300] "GET /cormun/servlet/hpexe_link HTTP/1.1" 200 955
192.168.10.89 - - [11/Apr/2017:10:54:16 -0300] "GET /cormun/servlet/hhome HTTP/1.1" 200 4454
192.168.10.13 - - [11/Apr/2017:10:54:18 -0300] "GET / HTTP/1.1" 200 11217
192.168.10.89 - - [11/Apr/2017:10:54:19 -0300] "GET /cormun/servlet/trsolicitudgral? HTTP/1.1" 200 25611
192.168.10.89 - - [11/Apr/2017:10:54:25 -0300] "GET /cormun/static/menuarrow.gif HTTP/1.1" 404 1015
192.168.10.89 - - [11/Apr/2017:10:54:33 -0300] "POST /cormun/servlet/trsolicitudgral?f1110e1c07dfbf6e13de87e0516d49cf,,gx-no-cache=1491922148483 HTTP/1.1" 200 7099
200.111.191.210 - - [11/Apr/2017:10:54:34 -0300] "GET /cormun/servlet/trlicenciaspermisosadjuntos?8656821,20170411000000,L, HTTP/1.1" 200 6115
200.111.191.210 - - [11/Apr/2017:10:54:35 -0300] "GET /cormun/servlet/trlicenciaspermisosadjuntos?8656821,20170411000000,L, HTTP/1.1" 200 6116
200.111.191.210 - - [11/Apr/2017:10:54:37 -0300] "GET /cormun/servlet/licenciaspermisosadjuntos?INS,8656821,L,20170411000000,, HTTP/1.1" 200 5412
200.111.191.210 - - [11/Apr/2017:10:54:37 -0300] "GET /cormun/static/about:blank HTTP/1.1" 404 1011
200.111.191.210 - - [11/Apr/2017:10:54:38 -0300] "GET /cormun/servlet/licenciaspermisosadjuntos?INS,8656821,L,20170411000000,, HTTP/1.1" 200 5402
192.168.10.89 - - [11/Apr/2017:10:54:51 -0300] "POST /cormun/servlet/trsolicitudgral?f1110e1c07dfbf6e13de87e0516d49cf,,gx-no-cache=1491922166332 HTTP/1.1" 200 5719
192.168.10.89 - - [11/Apr/2017:10:54:51 -0300] "GET /cormun/static/Shared/jqueryui/images/ui-icons_8d78a5_256x240.png HTTP/1.1" 404 1089
192.168.10.89 - - [11/Apr/2017:10:54:51 -0300] "GET /cormun/static/Shared/jqueryui/images/ui-icons_82798d_256x240.png HTTP/1.1" 404 1089
192.168.10.89 - - [11/Apr/2017:10:54:51 -0300] "GET /cormun/static/Shared/jqueryui/images/ui-bg_highlight-soft_100_c6c2c8_1x100.png HTTP/1.1" 404 1117
192.168.10.89 - - [11/Apr/2017:10:54:51 -0300] "GET /cormun/static/Shared/jqueryui/images/ui-bg_flat_55_fafafa_40x100.png HTTP/1.1" 404 1097
200.111.191.210 - - [11/Apr/2017:10:55:01 -0300] "POST /cormun/servlet/licenciaspermisosadjuntos?ff1cfc916c0a289b581ce36e2a39b1e2,INS,8656821,L,20170411000000,, HTTP/1.1" 200 116
200.111.191.210 - - [11/Apr/2017:10:55:01 -0300] "GET /cormun/servlet/hpexe_return? HTTP/1.1" 200 1039
200.111.191.210 - - [11/Apr/2017:10:55:01 -0300] "GET /cormun/servlet/trlicenciaspermisosadjuntos?8656821,20170411000000,L, HTTP/1.1" 200 6590
200.111.191.210 - - [11/Apr/2017:10:55:02 -0300] "GET /cormun/servlet/trlicenciaspermisosadjuntos?8656821,20170411000000,L, HTTP/1.1" 200 6588
200.111.191.210 - - [11/Apr/2017:10:55:06 -0300] "GET /cormun/PublicTempStorage/0814075133491.PDF HTTP/1.1" 200 933315
200.111.191.210 - - [11/Apr/2017:10:55:13 -0300] "GET /cormun/servlet/trlicenciaspermisosadjuntos?8656821,20170411000000,L, HTTP/1.1" 200 6591
200.111.191.210 - - [11/Apr/2017:10:55:13 -0300] "GET /cormun/servlet/trlicenciaspermisosadjuntos?8656821,20170411000000,L, HTTP/1.1" 200 6588
200.111.191.210 - - [11/Apr/2017:10:55:16 -0300] "GET /cormun/servlet/trlicencias? HTTP/1.1" 200 7768
200.111.191.210 - - [11/Apr/2017:10:55:17 -0300] "GET /cormun/servlet/trlicencias? HTTP/1.1" 200 7768
192.168.10.13 - - [11/Apr/2017:10:55:18 -0300] "GET / HTTP/1.1" 200 11217
200.111.191.210 - - [11/Apr/2017:10:55:24 -0300] "POST /cormun/servlet/trlicencias?ff1cfc916c0a289b581ce36e2a39b1e2,,gx-no-cache=1491922490567 HTTP/1.1" 200 4026
200.111.191.210 - - [11/Apr/2017:10:55:24 -0300] "GET /cormun/static/Shared/jqueryui/images/ui-bg_highlight-soft_100_c6c2c8_1x100.png HTTP/1.1" 404 1117
200.111.191.210 - - [11/Apr/2017:10:55:25 -0300] "GET /cormun/static/Shared/jqueryui/images/ui-icons_82798d_256x240.png HTTP/1.1" 404 1089
200.111.191.210 - - [11/Apr/2017:10:55:25 -0300] "GET /cormun/static/Shared/jqueryui/images/ui-bg_flat_55_fafafa_40x100.png HTTP/1.1" 404 1097
200.111.191.210 - - [11/Apr/2017:10:55:25 -0300] "GET /cormun/static/Shared/jqueryui/images/ui-icons_8d78a5_256x240.png HTTP/1.1" 404 1089
200.111.191.210 - - [11/Apr/2017:10:55:41 -0300] "GET /cormun/servlet/trpermisosgoce? HTTP/1.1" 200 10680
200.111.191.210 - - [11/Apr/2017:10:55:41 -0300] "GET /cormun/servlet/trpermisosgoce? HTTP/1.1" 200 10680
200.111.191.210 - - [11/Apr/2017:10:56:11 -0300] "GET /cormun/servlet/trpermisosadjuntos?10204581,20170410163523,P, HTTP/1.1" 200 6076
200.111.191.210 - - [11/Apr/2017:10:56:11 -0300] "GET /cormun/servlet/trpermisosadjuntos?10204581,20170410163523,P, HTTP/1.1" 200 6077
200.111.191.210 - - [11/Apr/2017:10:56:13 -0300] "GET /cormun/servlet/permisosadjuntos?INS,10204581,P,20170410163523,, HTTP/1.1" 200 5408
200.111.191.210 - - [11/Apr/2017:10:56:13 -0300] "GET /cormun/static/about:blank HTTP/1.1" 404 1011
200.111.191.210 - - [11/Apr/2017:10:56:13 -0300] "GET /cormun/servlet/permisosadjuntos?INS,10204581,P,20170410163523,, HTTP/1.1" 200 5398
192.168.10.13 - - [11/Apr/2017:10:56:18 -0300] "GET / HTTP/1.1" 200 11217
200.111.191.210 - - [11/Apr/2017:10:56:19 -0300] "POST /cormun/servlet/permisosadjuntos?ff1cfc916c0a289b581ce36e2a39b1e2,INS,10204581,P,20170410163523,, HTTP/1.1" 200 116
200.111.191.210 - - [11/Apr/2017:10:56:19 -0300] "GET /cormun/servlet/hpexe_return? HTTP/1.1" 200 1035
200.111.191.210 - - [11/Apr/2017:10:56:19 -0300] "GET /cormun/servlet/trpermisosadjuntos?10204581,20170410163523,P, HTTP/1.1" 200 6537
200.111.191.210 - - [11/Apr/2017:10:56:20 -0300] "GET /cormun/servlet/trpermisosadjuntos?10204581,20170410163523,P, HTTP/1.1" 200 6533
200.111.191.210 - - [11/Apr/2017:10:56:23 -0300] "GET /cormun/servlet/trpermisosgoce? HTTP/1.1" 200 10681
200.111.191.210 - - [11/Apr/2017:10:56:23 -0300] "GET /cormun/servlet/trpermisosgoce? HTTP/1.1" 200 10680
200.111.191.210 - - [11/Apr/2017:10:56:30 -0300] "POST /cormun/servlet/trpermisosgoce?ff1cfc916c0a289b581ce36e2a39b1e2,,gx-no-cache=1491922556209 HTTP/1.1" 200 8040
192.168.10.13 - - [11/Apr/2017:10:57:18 -0300] "GET / HTTP/1.1" 200 11217
200.111.191.210 - - [11/Apr/2017:10:57:31 -0300] "GET /cormun/servlet/hlogin HTTP/1.1" 200 1741
200.111.191.210 - - [11/Apr/2017:10:57:40 -0300] "GET /cormun/servlet/hlogin HTTP/1.1" 200 1722
200.111.191.210 - - [11/Apr/2017:10:57:40 -0300] "GET /cormun/static/gxcfg.js?201731711485472 HTTP/1.1" 200 953
200.111.191.210 - - [11/Apr/2017:10:57:40 -0300] "GET /cormun/static/gxtimezone.js?85251 HTTP/1.1" 304 -
200.111.191.210 - - [11/Apr/2017:10:57:40 -0300] "GET /cormun/static/hlogin.js?201731711485490 HTTP/1.1" 304 -
200.111.191.210 - - [11/Apr/2017:10:57:40 -0300] "GET /cormun/static/messages.spa.js?85251 HTTP/1.1" 200 30736
200.111.191.210 - - [11/Apr/2017:10:57:40 -0300] "GET /cormun/static/Resources/Spanish/PXTools.css?11294912 HTTP/1.1" 304 -
200.111.191.210 - - [11/Apr/2017:10:57:40 -0300] "GET /cormun/servlet/hlogin HTTP/1.1" 200 1733
200.111.191.210 - - [11/Apr/2017:10:57:44 -0300] "POST /cormun/servlet/hlogin?7c7d613fa03392491ae70bfee302efe3,gx-no-cache=1491922630266 HTTP/1.1" 200 90
200.111.191.210 - - [11/Apr/2017:10:57:44 -0300] "GET /cormun/servlet/hpexe_link HTTP/1.1" 200 953
200.111.191.210 - - [11/Apr/2017:10:57:44 -0300] "GET /cormun/static/hpexe_link.js?201731711483384 HTTP/1.1" 304 -
200.111.191.210 - - [11/Apr/2017:10:57:44 -0300] "GET /cormun/static/gxcfg.js?201731711483381 HTTP/1.1" 200 953
200.111.191.210 - - [11/Apr/2017:10:57:44 -0300] "GET /cormun/servlet/hhome HTTP/1.1" 200 3774
200.111.191.210 - - [11/Apr/2017:10:57:44 -0300] "GET /cormun/static/hpexe_recentlink.js?201610171694390 HTTP/1.1" 304 -
200.111.191.210 - - [11/Apr/2017:10:57:44 -0300] "GET /cormun/static/hpexe_scripts.js?201731711335890 HTTP/1.1" 304 -
200.111.191.210 - - [11/Apr/2017:10:57:44 -0300] "GET /cormun/static/hhome.js?20173171148352 HTTP/1.1" 304 -
200.111.191.210 - - [11/Apr/2017:10:57:44 -0300] "GET /cormun/static/gxcfg.js?201731711483497 HTTP/1.1" 200 953
200.111.191.210 - - [11/Apr/2017:10:57:44 -0300] "GET /cormun/static/hwchdr01.js?201731711335950 HTTP/1.1" 304 -
200.111.191.210 - - [11/Apr/2017:10:57:44 -0300] "GET /cormun/static/hpexe_messagepopupcomponent.js?20161017169425 HTTP/1.1" 304 -
200.111.191.210 - - [11/Apr/2017:10:57:44 -0300] "GET /cormun/static/hpexe_messagegenexuscomponent.js?201731711335537 HTTP/1.1" 304 -
200.111.191.210 - - [11/Apr/2017:10:57:44 -0300] "GET /cormun/static/hmpwkw03.js?201731711485354 HTTP/1.1" 304 -
200.111.191.210 - - [11/Apr/2017:10:57:44 -0300] "GET /cormun/static/cmcontrolpreferences.js?201731711335852 HTTP/1.1" 304 -
200.111.191.210 - - [11/Apr/2017:10:57:44 -0300] "GET /cormun/static/hpexe_messagecontroller.js?201610171694323 HTTP/1.1" 304 -
200.111.191.210 - - [11/Apr/2017:10:57:55 -0300] "GET /cormun/servlet/trpermisosgoce? HTTP/1.1" 200 10687
200.111.191.210 - - [11/Apr/2017:10:57:55 -0300] "GET /cormun/static/gxcfg.js?20173171154124 HTTP/1.1" 200 953
200.111.191.210 - - [11/Apr/2017:10:57:55 -0300] "GET /cormun/static/calendar-es.js?85251 HTTP/1.1" 304 -
200.111.191.210 - - [11/Apr/2017:10:57:55 -0300] "GET /cormun/static/calendar.js?85251 HTTP/1.1" 304 -
200.111.191.210 - - [11/Apr/2017:10:57:55 -0300] "GET /cormun/static/calendar-setup.js?85251 HTTP/1.1" 304 -
200.111.191.210 - - [11/Apr/2017:10:57:55 -0300] "GET /cormun/static/trpermisosgoce.js?20173171154177 HTTP/1.1" 304 -
200.111.191.210 - - [11/Apr/2017:10:58:01 -0300] "POST /cormun/servlet/trpermisosgoce?7c7d613fa03392491ae70bfee302efe3,,gx-no-cache=1491922647057 HTTP/1.1" 200 8045
200.111.191.210 - - [11/Apr/2017:10:58:06 -0300] "POST /cormun/servlet/trpermisosgoce?7c7d613fa03392491ae70bfee302efe3,,gx-no-cache=1491922651817 HTTP/1.1" 200 8044
