201.214.54.252 - - [11/Apr/2017:09:00:55 -0300] "GET /cormun/static/Resources/PXToolsActionPrint.png HTTP/1.1" 200 3317
201.214.54.252 - - [11/Apr/2017:09:00:55 -0300] "GET /cormun/servlet/trvisualizadoreventos? HTTP/1.1" 200 6680
192.168.10.89 - - [11/Apr/2017:09:00:57 -0300] "GET /cormun/servlet/trpermisosadjuntos?11889625,20170411093605,P, HTTP/1.1" 200 7253
192.168.10.89 - - [11/Apr/2017:09:00:58 -0300] "GET /cormun/PublicTempStorage/t.mario1854705.pdf HTTP/1.1" 200 252857
201.214.54.252 - - [11/Apr/2017:09:00:59 -0300] "POST /cormun/servlet/trvisualizadoreventos?f38c888dfa302d970c261d218026b6e3,,gx-no-cache=1491912125435 HTTP/1.1" 200 3956
192.168.10.89 - - [11/Apr/2017:09:01:00 -0300] "POST /cormun/servlet/trpermisosadjuntos?b2693d6fac817351972db1b90f1c50a1,11889625,20170411093605,P,,gx-no-cache=1491915335780 HTTP/1.1" 200 90
192.168.10.89 - - [11/Apr/2017:09:01:00 -0300] "GET /cormun/servlet/hpexe_link HTTP/1.1" 200 987
192.168.10.89 - - [11/Apr/2017:09:01:00 -0300] "GET /cormun/servlet/trpermisosgeneralesgoce? HTTP/1.1" 200 9825
201.214.54.252 - - [11/Apr/2017:09:01:02 -0300] "POST /cormun/servlet/trvisualizadoreventos?f38c888dfa302d970c261d218026b6e3,,gx-no-cache=1491912129182 HTTP/1.1" 200 90
201.214.54.252 - - [11/Apr/2017:09:01:02 -0300] "GET /cormun/servlet/hpexe_link HTTP/1.1" 200 972
201.214.54.252 - - [11/Apr/2017:09:01:02 -0300] "GET /cormun/servlet/trautorizarsolicitud? HTTP/1.1" 200 6878
201.214.54.252 - - [11/Apr/2017:09:01:03 -0300] "GET /cormun/servlet/trautorizarsolicitud? HTTP/1.1" 200 6877
186.103.156.24 - - [11/Apr/2017:09:01:08 -0300] "GET /cormun/servlet/licenciaspermisos?INS,0,,, HTTP/1.1" 200 7401
186.103.156.24 - - [11/Apr/2017:09:01:09 -0300] "GET /cormun/servlet/licenciaspermisos?INS,0,,, HTTP/1.1" 200 7401
186.103.156.24 - - [11/Apr/2017:09:01:12 -0300] "GET /cormun/servlet/prfichaempleado?,MD,,gxPopupLevel%3D0%3B HTTP/1.1" 200 8836
201.214.54.252 - - [11/Apr/2017:09:01:14 -0300] "POST /cormun/servlet/trautorizarsolicitud?f38c888dfa302d970c261d218026b6e3,,gx-no-cache=1491912140962 HTTP/1.1" 200 5388
201.214.54.252 - - [11/Apr/2017:09:01:14 -0300] "GET /cormun//static/Resources/PXToolsActionView.png HTTP/1.1" 200 2995
201.214.54.252 - - [11/Apr/2017:09:01:14 -0300] "GET /cormun//static/Resources/PXToolsGridDelete.png HTTP/1.1" 200 357
201.214.54.252 - - [11/Apr/2017:09:01:14 -0300] "GET /cormun//static/Resources/PXToolsGridUpdate.png HTTP/1.1" 200 2984
201.214.54.252 - - [11/Apr/2017:09:01:14 -0300] "GET /cormun//static/Resources/PXTools/ActionInsert.png HTTP/1.1" 200 1482
201.214.54.252 - - [11/Apr/2017:09:01:14 -0300] "GET /cormun//static/Resources/PXToolsRemoveAllAction.png HTTP/1.1" 200 3558
192.168.10.89 - - [11/Apr/2017:09:01:15 -0300] "GET /cormun/servlet/trsolicitudgral? HTTP/1.1" 200 8788
192.168.10.13 - - [11/Apr/2017:09:01:18 -0300] "GET / HTTP/1.1" 200 11217
186.103.156.24 - - [11/Apr/2017:09:01:25 -0300] "POST /cormun/servlet/prfichaempleado?d65aa185224bd6a42e14477b652916a4,,MD,,gxPopupLevel%3D0%3B,gx-no-cache=1491912194980 HTTP/1.1" 200 3417
186.103.156.24 - - [11/Apr/2017:09:01:31 -0300] "GET /cormun/servlet/licenciaspermisos?cfd0ae4e000160164a5c7022d1444d27bc9b1330b460451a9683b4b48656a90eba50b6b63405e838dd4ab7874bc8c476,gx-no-cache=1491912201577 HTTP/1.1" 200 65
186.103.156.24 - - [11/Apr/2017:09:01:31 -0300] "POST /cormun/servlet/licenciaspermisos?d65aa185224bd6a42e14477b652916a4,INS,0,,,,gx-no-cache=1491912201657 HTTP/1.1" 200 4621
192.168.10.13 - - [11/Apr/2017:09:02:18 -0300] "GET / HTTP/1.1" 200 11217
186.103.156.24 - - [11/Apr/2017:09:02:30 -0300] "GET /cormun/static/menuarrow.gif HTTP/1.1" 404 1015
192.168.10.13 - - [11/Apr/2017:09:03:18 -0300] "GET / HTTP/1.1" 200 11217
186.103.156.24 - - [11/Apr/2017:09:03:58 -0300] "GET /cormun/servlet/licenciaspermisos?cfd0ae4e000160164a5c7022d1444d27612686f104cd87bbaa68378044744748451e0214296b1eced04e611c33d4200ee49bd82ca52bb7f95e735c6d517231c9e85731b0568cae09a3b8e683793d49e1b0c9212ebc65455c01403491a72eb05892043780427c5026511193f0547180e489bf15b30fd1a66bc1994578d4c1f81cfb43c9fce207ce05b4325d0fc9685973b5bf198cea31192a6e42f5ae7f1e7d521e911b585981b5dd093726f569f096a4,gx-no-cache=1491912368191 HTTP/1.1" 200 30
186.103.156.24 - - [11/Apr/2017:09:03:59 -0300] "POST /cormun/servlet/licenciaspermisos?d65aa185224bd6a42e14477b652916a4,INS,0,,,,gx-no-cache=1491912368850 HTTP/1.1" 200 4733
186.103.156.24 - - [11/Apr/2017:09:04:01 -0300] "GET /cormun/servlet/prfichaempleado?,MD,,gxPopupLevel%3D0%3B HTTP/1.1" 200 8836
192.168.10.13 - - [11/Apr/2017:09:04:18 -0300] "GET / HTTP/1.1" 200 11217
186.79.65.98 - - [11/Apr/2017:09:05:09 -0300] "GET /cormun/servlet/hlogin HTTP/1.1" 200 1722
192.168.10.13 - - [11/Apr/2017:09:05:18 -0300] "GET / HTTP/1.1" 200 11217
186.79.65.98 - - [11/Apr/2017:09:05:22 -0300] "POST /cormun/servlet/hlogin?c131d9799caf4579fb6030803da7638e,gx-no-cache=1491912389650 HTTP/1.1" 200 90
186.79.65.98 - - [11/Apr/2017:09:05:22 -0300] "GET /cormun/servlet/hpexe_link HTTP/1.1" 200 951
186.79.65.98 - - [11/Apr/2017:09:05:22 -0300] "GET /cormun/servlet/hhome HTTP/1.1" 200 3802
186.79.65.98 - - [11/Apr/2017:09:05:23 -0300] "GET /cormun/servlet/hhome HTTP/1.1" 200 3802
186.103.156.24 - - [11/Apr/2017:09:05:53 -0300] "POST /cormun/servlet/prfichaempleado?d65aa185224bd6a42e14477b652916a4,,MD,,gxPopupLevel%3D0%3B,gx-no-cache=1491912482977 HTTP/1.1" 200 3411
186.103.156.24 - - [11/Apr/2017:09:05:57 -0300] "GET /cormun/servlet/licenciaspermisos?cfd0ae4e000160164a5c7022d1444d27bc9b1330b460451a9683b4b48656a90e92510fde64d110441226e53015c62e03eaf9afdb345cbb01bb2040f8717c1b9cc1524bc85048b1846108bb856e63f3241e911b585981b5dd093726f569f096a4,gx-no-cache=1491912487798 HTTP/1.1" 200 65
186.103.156.24 - - [11/Apr/2017:09:05:57 -0300] "POST /cormun/servlet/licenciaspermisos?d65aa185224bd6a42e14477b652916a4,INS,0,,,,gx-no-cache=1491912487933 HTTP/1.1" 200 4722
186.103.159.182 - - [11/Apr/2017:09:06:09 -0300] "GET /cormun/servlet/prlicenciaspermisos?14149898,L,,MD,,gxPopupLevel%3D0%3B HTTP/1.1" 200 7772
186.103.159.182 - - [11/Apr/2017:09:06:12 -0300] "POST /cormun/servlet/solicitudot?gx-no-cache=1491912437146 HTTP/1.1" 200 1290
192.168.10.13 - - [11/Apr/2017:09:06:18 -0300] "GET / HTTP/1.1" 200 11217
186.103.159.182 - - [11/Apr/2017:09:06:52 -0300] "POST /cormun/servlet/solicitudot?gx-no-cache=1491912477443 HTTP/1.1" 200 41
186.103.159.182 - - [11/Apr/2017:09:06:52 -0300] "POST /cormun/servlet/solicitudot?gx-no-cache=1491912477506 HTTP/1.1" 200 1273
186.103.159.182 - - [11/Apr/2017:09:06:53 -0300] "POST /cormun/servlet/solicitudot?gx-no-cache=1491912477563 HTTP/1.1" 200 1157
186.103.159.182 - - [11/Apr/2017:09:06:53 -0300] "GET /cormun/servlet/solicitudot?e5f398b3b0bd866bc13c5ea927a151bcc13018695c9855906f2266cfa46d5d5ab7f005c538fe03cec14e9cf77f3b718e2c3b83a00f2d12bfe0f39307c85a02f744628366ffc43e2f79786d31f748daacfa9e774d955a993433e27c505702506e93871e7d3aea0bd7cf696a7080c6ae565414b656a0c25e12bf3341cebc0dab62bbe48707bdd11ce28dd9169497a7932a9063e1d6f8c0e1c035e6b6503e05f2996190ce7494709d6a54408609d96559bed32d252e4fd3ed49783499a2bb823dd0,gx-no-cache=1491912477628 HTTP/1.1" 200 30
186.103.159.182 - - [11/Apr/2017:09:06:53 -0300] "POST /cormun/servlet/solicitudot?171d993662fb64831a2f592959a4c55f,UPD,2017,5911,,gx-no-cache=1491912477699 HTTP/1.1" 200 93
186.103.159.182 - - [11/Apr/2017:09:06:53 -0300] "GET /cormun/servlet/hpexe_return? HTTP/1.1" 200 1010
186.103.159.182 - - [11/Apr/2017:09:06:53 -0300] "GET /cormun/servlet/trsolicitudot HTTP/1.1" 200 9489
186.103.159.182 - - [11/Apr/2017:09:06:55 -0300] "GET /cormun/servlet/trsolicitudot HTTP/1.1" 200 9485
192.168.10.13 - - [11/Apr/2017:09:07:18 -0300] "GET / HTTP/1.1" 200 11217
186.103.159.182 - - [11/Apr/2017:09:07:21 -0300] "POST /cormun/servlet/trsolicitudot?171d993662fb64831a2f592959a4c55f,gx-no-cache=1491912506008 HTTP/1.1" 200 105
186.103.159.182 - - [11/Apr/2017:09:07:21 -0300] "GET /cormun/servlet/solicitudot?UPD,2017,5910, HTTP/1.1" 200 14509
186.103.159.182 - - [11/Apr/2017:09:07:23 -0300] "GET /cormun/servlet/solicitudot?UPD,2017,5910, HTTP/1.1" 200 14518
186.103.159.182 - - [11/Apr/2017:09:07:24 -0300] "POST /cormun/servlet/solicitudot?gx-no-cache=1491912508767 HTTP/1.1" 200 3136
186.103.159.182 - - [11/Apr/2017:09:07:24 -0300] "POST /cormun/servlet/solicitudot?171d993662fb64831a2f592959a4c55f,UPD,2017,5910,,gx-no-cache=1491912509021 HTTP/1.1" 200 11008
186.103.159.182 - - [11/Apr/2017:09:07:25 -0300] "GET /cormun/servlet/solicitudot?e5f398b3b0bd866bc13c5ea927a151bcefb42e0b544e3939cbbffe1b0c3d98a3b2ebe20e73346fbd4e326f39d3de41e6,gx-no-cache=1491912509526 HTTP/1.1" 200 30
186.103.159.182 - - [11/Apr/2017:09:07:25 -0300] "POST /cormun/servlet/solicitudot?gx-no-cache=1491912509606 HTTP/1.1" 200 240
186.103.159.182 - - [11/Apr/2017:09:07:25 -0300] "GET /cormun/servlet/solicitudot?e5f398b3b0bd866bc13c5ea927a151bcf53685f4e2f489ac6783721001679a915009bbd46a0deb3c12118fb7e6f5138c33b5c20b3fa0fd03c1ca5e3dee7c689b32b1873ac7a3d3cc1b2b1834a72fb2321a4d10a10ef632709de70b1d9f06572ab0ac262b2d6fde5e948895a7ec60462a8017836df61204b9c7079c3dd135bce4cd179f3eec8d60338d1a3b73b2018a9e57b641e9332d63f2139e31c65e47bfed4e5a9db2cd460a097696264ba95e3dd929a868f16c279a439e4eb0e37e1289beba6a44f6b5f90d682289f6e519a00a158425e9802722b97c3f2da31c75f7581c102d7e4a3e092b736fc5feca52b68d22d60c4e8749fac7787e47c75607c93a09ef3573101afc7c191b2619926a32aa6d1de04bbc33d7bb3cd481b544aff18aa784fed7bfffa0499a5d77b4edf9807d8714ef0a2f082388ec77e922901215f0f371f1de8c6e8d2922d1c1454c92acca94c03ebb7cafb1a2cc4b926959a3c8b4ea7b9ea0ed61b8efdabfce98dd415647b62c7d76abb46c7ab39862f4581ba3c0ca,gx-no-cache=1491912509676 HTTP/1.1" 200 30
186.103.159.182 - - [11/Apr/2017:09:07:25 -0300] "POST /cormun/servlet/solicitudot?gx-no-cache=1491912509827 HTTP/1.1" 200 30
186.103.159.182 - - [11/Apr/2017:09:07:25 -0300] "POST /cormun/servlet/solicitudot?gx-no-cache=1491912509913 HTTP/1.1" 200 1287
186.103.159.182 - - [11/Apr/2017:09:07:25 -0300] "POST /cormun/servlet/solicitudot?gx-no-cache=1491912510080 HTTP/1.1" 200 41
186.103.159.182 - - [11/Apr/2017:09:07:38 -0300] "POST /cormun/servlet/solicitudot?gx-no-cache=1491912522951 HTTP/1.1" 200 30
186.103.159.182 - - [11/Apr/2017:09:07:43 -0300] "GET /cormun/servlet/prsolicitudot?17520918,,,,,MD,,gxPopupLevel%3D0%3B HTTP/1.1" 200 6091
186.103.159.182 - - [11/Apr/2017:09:07:43 -0300] "GET /cormun/static/gxcfg.js?201731711522567 HTTP/1.1" 200 953
186.103.159.182 - - [11/Apr/2017:09:07:43 -0300] "GET /cormun/static/prsolicitudot.js?201731711522786 HTTP/1.1" 304 -
186.103.159.182 - - [11/Apr/2017:09:07:51 -0300] "POST /cormun/servlet/solicitudot?gx-no-cache=1491912536222 HTTP/1.1" 200 1368
186.103.159.182 - - [11/Apr/2017:09:07:51 -0300] "GET /cormun/static/Shared/jqueryui/images/ui-bg_highlight-soft_100_c6c2c8_1x100.png HTTP/1.1" 404 1117
186.103.159.182 - - [11/Apr/2017:09:07:51 -0300] "GET /cormun/static/Shared/jqueryui/images/ui-icons_82798d_256x240.png HTTP/1.1" 404 1089
186.103.159.182 - - [11/Apr/2017:09:07:51 -0300] "GET /cormun/static/Shared/jqueryui/images/ui-bg_flat_55_994d53_40x100.png HTTP/1.1" 404 1097
186.103.159.182 - - [11/Apr/2017:09:07:51 -0300] "GET /cormun/static/Shared/jqueryui/images/ui-icons_ebccce_256x240.png HTTP/1.1" 404 1089
186.103.159.182 - - [11/Apr/2017:09:07:51 -0300] "POST /cormun/servlet/solicitudot?gx-no-cache=1491912536359 HTTP/1.1" 200 121
186.103.159.182 - - [11/Apr/2017:09:07:51 -0300] "GET /cormun/servlet/solicitudot?e5f398b3b0bd866bc13c5ea927a151bc747f8a0a9371c1fececc0c3dc31977820159dad2e3ec018758410659046b4d93c5a01e85bc19a1ce396830d02525e1f8d097cbd01f5992498f75c5f4c84fa75a6b726a92f675c04984b1b2a93d67063173a8bf330c728ac5831d1726f562aa008e0ed3463c43640597f743c467026f71ab4dfe51442d9a15e8645ea90fd375acabc13b682b6f7cacbe42de3d4302914b,gx-no-cache=1491912536411 HTTP/1.1" 200 29
186.103.159.182 - - [11/Apr/2017:09:07:51 -0300] "POST /cormun/servlet/solicitudot?gx-no-cache=1491912536453 HTTP/1.1" 200 1275
186.103.159.182 - - [11/Apr/2017:09:07:51 -0300] "POST /cormun/servlet/solicitudot?gx-no-cache=1491912536514 HTTP/1.1" 200 1158
186.103.159.182 - - [11/Apr/2017:09:08:13 -0300] "GET /cormun/servlet/prlicenciaspermisos?14149898,L,,MD,,gxPopupLevel%3D0%3B HTTP/1.1" 200 7772
186.79.65.98 - - [11/Apr/2017:09:08:13 -0300] "GET /cormun/servlet/trlicencias? HTTP/1.1" 200 6646
186.79.65.98 - - [11/Apr/2017:09:08:13 -0300] "GET /cormun/static/gxui/gxui-all.css?120300 HTTP/1.1" 200 2179
186.79.65.98 - - [11/Apr/2017:09:08:14 -0300] "GET /cormun/static/calendar-system.css?85620 HTTP/1.1" 200 5572
186.79.65.98 - - [11/Apr/2017:09:08:14 -0300] "GET /cormun/static/gxcfg.js?2016122619301429 HTTP/1.1" 200 953
186.79.65.98 - - [11/Apr/2017:09:08:15 -0300] "GET /cormun/static/Resources/Spanish/PXTools.css?18365030 HTTP/1.1" 200 89042
186.79.65.98 - - [11/Apr/2017:09:08:16 -0300] "GET /cormun/static/trlicencias.js?2016122619301919 HTTP/1.1" 200 37913
186.79.65.98 - - [11/Apr/2017:09:08:17 -0300] "GET /cormun/static/Shared/ext/resources/css/ext-all.css?215870 HTTP/1.1" 200 416045
186.79.65.98 - - [11/Apr/2017:09:08:18 -0300] "GET /cormun/servlet/trlicencias? HTTP/1.1" 200 6644
186.103.159.182 - - [11/Apr/2017:09:08:18 -0300] "POST /cormun/servlet/solicitudot?gx-no-cache=1491912562805 HTTP/1.1" 200 1291
192.168.10.13 - - [11/Apr/2017:09:08:18 -0300] "GET / HTTP/1.1" 200 11217
186.79.65.98 - - [11/Apr/2017:09:08:21 -0300] "GET /cormun/servlet/licenciaspermisos?INS,0,,, HTTP/1.1" 200 7195
186.79.65.98 - - [11/Apr/2017:09:08:21 -0300] "GET /cormun/static/gxcfg.js?20173291150977 HTTP/1.1" 200 953
186.79.65.98 - - [11/Apr/2017:09:08:22 -0300] "GET /cormun/static/licenciaspermisos.js?201732911501028 HTTP/1.1" 200 34423
186.79.65.98 - - [11/Apr/2017:09:08:22 -0300] "GET /cormun/servlet/licenciaspermisos?INS,0,,, HTTP/1.1" 200 7194
186.79.65.98 - - [11/Apr/2017:09:08:38 -0300] "GET /cormun/servlet/licenciaspermisos?2b4dae37984cbee385733f4b8770af99ef13c51dfacfbb492dd0a7c2b669e888384b6ff0790f6792c25c2936a568a199,gx-no-cache=1491912585219 HTTP/1.1" 200 70
186.79.65.98 - - [11/Apr/2017:09:08:38 -0300] "POST /cormun/servlet/licenciaspermisos?c131d9799caf4579fb6030803da7638e,INS,0,,,,gx-no-cache=1491912585326 HTTP/1.1" 200 4427
186.79.65.98 - - [11/Apr/2017:09:09:01 -0300] "GET /cormun/static/menuarrow.gif HTTP/1.1" 404 1015
186.103.159.182 - - [11/Apr/2017:09:09:01 -0300] "POST /cormun/servlet/solicitudot?gx-no-cache=1491912606116 HTTP/1.1" 200 41
186.103.159.182 - - [11/Apr/2017:09:09:02 -0300] "POST /cormun/servlet/solicitudot?gx-no-cache=1491912606272 HTTP/1.1" 200 1275
186.103.159.182 - - [11/Apr/2017:09:09:02 -0300] "POST /cormun/servlet/solicitudot?gx-no-cache=1491912606747 HTTP/1.1" 200 1157
186.103.159.182 - - [11/Apr/2017:09:09:02 -0300] "GET /cormun/servlet/solicitudot?e5f398b3b0bd866bc13c5ea927a151bcc13018695c9855906f2266cfa46d5d5ab7f005c538fe03cec14e9cf77f3b718e2c3b83a00f2d12bfe0f39307c85a02f744628366ffc43e2f79786d31f748daacfa9e774d955a993433e27c505702506e93871e7d3aea0bd7cf696a7080c6ae565414b656a0c25e12bf3341cebc0dab62bbe48707bdd11ce28dd9169497a7932a9063e1d6f8c0e1c035e6b6503e05f2996190ce7494709d6a54408609d96559bed32d252e4fd3ed49783499a2bb823dd0,gx-no-cache=1491912606874 HTTP/1.1" 200 30
186.103.159.182 - - [11/Apr/2017:09:09:02 -0300] "POST /cormun/servlet/solicitudot?171d993662fb64831a2f592959a4c55f,UPD,2017,5910,,gx-no-cache=1491912606933 HTTP/1.1" 200 93
186.103.159.182 - - [11/Apr/2017:09:09:02 -0300] "GET /cormun/servlet/hpexe_return? HTTP/1.1" 200 1010
186.103.159.182 - - [11/Apr/2017:09:09:03 -0300] "GET /cormun/servlet/trsolicitudot HTTP/1.1" 200 9456
186.103.159.182 - - [11/Apr/2017:09:09:04 -0300] "GET /cormun/servlet/trsolicitudot HTTP/1.1" 200 9453
192.168.10.62 - - [11/Apr/2017:09:09:14 -0300] "POST /cormun/servlet/trsolicitudgral?0ac41fb77a79ed35560bf29a4e0061b8,,gx-no-cache=1491915829966 HTTP/1.1" 200 5213
192.168.10.62 - - [11/Apr/2017:09:09:14 -0300] "GET /cormun/static/Shared/jqueryui/images/ui-icons_82798d_256x240.png HTTP/1.1" 404 1089
192.168.10.62 - - [11/Apr/2017:09:09:14 -0300] "GET /cormun/static/Shared/jqueryui/images/ui-bg_highlight-soft_100_c6c2c8_1x100.png HTTP/1.1" 404 1117
192.168.10.62 - - [11/Apr/2017:09:09:14 -0300] "GET /cormun/static/Shared/jqueryui/images/ui-bg_flat_55_fafafa_40x100.png HTTP/1.1" 404 1097
192.168.10.62 - - [11/Apr/2017:09:09:14 -0300] "GET /cormun/static/Shared/jqueryui/images/ui-icons_8d78a5_256x240.png HTTP/1.1" 404 1089
192.168.10.13 - - [11/Apr/2017:09:09:18 -0300] "GET / HTTP/1.1" 200 11217
186.103.156.24 - - [11/Apr/2017:09:09:34 -0300] "GET /cormun/servlet/licenciaspermisos?cfd0ae4e000160164a5c7022d1444d2742b154b2994ab649b78f2fc3289426b650fc3b1b895e46ff3e72735072db7c6e4ac7c114b8d16085d9629dc6dc808ddcfb7c9f55f409448adfe411acc5e569286f4280e0c554d483b9076f849ac7ba0c4aaf604056ae36a7e7fbd4e152bddc63d7fcd7e3cc32fd537f0ddb049d618c38aa3bfc80d0c1e2c3a19853b9d46c45620a1230b6f700ac2ad3ff59c852a96046813b14439f356b91820ecd76e7e7a167,gx-no-cache=1491912734349 HTTP/1.1" 200 56
186.103.156.24 - - [11/Apr/2017:09:09:35 -0300] "POST /cormun/servlet/licenciaspermisos?d65aa185224bd6a42e14477b652916a4,INS,0,,,,gx-no-cache=1491912734589 HTTP/1.1" 200 93
186.103.156.24 - - [11/Apr/2017:09:09:35 -0300] "GET /cormun/servlet/hpexe_return? HTTP/1.1" 200 1014
186.103.156.24 - - [11/Apr/2017:09:09:36 -0300] "GET /cormun/servlet/trlicencias HTTP/1.1" 200 8075
186.103.156.24 - - [11/Apr/2017:09:09:36 -0300] "GET /cormun/servlet/trlicencias HTTP/1.1" 200 8071
186.103.156.24 - - [11/Apr/2017:09:09:43 -0300] "GET /cormun/servlet/trlicenciaspermisosadjuntos?16816675,20170411000000,L, HTTP/1.1" 200 6352
186.103.156.24 - - [11/Apr/2017:09:09:44 -0300] "GET /cormun/static/gxcfg.js?20173171154619 HTTP/1.1" 200 953
186.103.156.24 - - [11/Apr/2017:09:09:44 -0300] "GET /cormun/servlet/trlicenciaspermisosadjuntos?16816675,20170411000000,L, HTTP/1.1" 200 6352
186.103.156.24 - - [11/Apr/2017:09:09:55 -0300] "GET /cormun/servlet/licenciaspermisosadjuntos?INS,16816675,L,20170411000000,, HTTP/1.1" 200 5647
186.103.156.24 - - [11/Apr/2017:09:09:55 -0300] "GET /cormun/static/gxcfg.js?201731711421170 HTTP/1.1" 200 953
186.103.156.24 - - [11/Apr/2017:09:09:55 -0300] "GET /cormun/static/about:blank HTTP/1.1" 404 1011
186.103.156.24 - - [11/Apr/2017:09:09:56 -0300] "GET /cormun/servlet/licenciaspermisosadjuntos?INS,16816675,L,20170411000000,, HTTP/1.1" 200 5637
192.168.10.13 - - [11/Apr/2017:09:10:18 -0300] "GET / HTTP/1.1" 200 11217
186.79.65.98 - - [11/Apr/2017:09:11:15 -0300] "GET /cormun/servlet/licenciaspermisos?2b4dae37984cbee385733f4b8770af99434e9f2586ce3356e0556eec4c823e3564987f44c1099d67ac79fc07c4933fe1038b9b7d9ada78d595cb372b5f39a0d892c2a65f5f7ad63d543aaf5be25f4c0da4e76605f18e2b8a72a4143be61aef3a3d8dbb767b3e38ce9d5f7680e629bc9b68d79d1922ed9cbf371c003b3985a12ba62c4c659d8a2f15fcf88ad6cb6d282cc654e4ea9dee8906f24792a1489cbf8bf5fc15ac01cdc31c0660681ee942051d,gx-no-cache=1491912742228 HTTP/1.1" 200 30
186.79.65.98 - - [11/Apr/2017:09:11:15 -0300] "GET /cormun/servlet/licenciaspermisos?2b4dae37984cbee385733f4b8770af99a64aad0634291572a6dbaaeaed237343ab7b1b825b010e523aab009b678e400b4e366bde717c946a2fb6e985b4540f1218f81f8b277af7990942bd8c04ef569f1aed8e1d9b7c76df7b857d089326caa263a6a003b98fcbc56f16f1626dc484f7f2e2f6e66988ecf4807f7de44892ec44415d37eeef6e37d4da864750525b528318976894b34b3fb7271f198834bb9a980fe5613d7d0e809756bd6faea55808b3,gx-no-cache=1491912742441 HTTP/1.1" 200 29
186.79.65.98 - - [11/Apr/2017:09:11:15 -0300] "POST /cormun/servlet/licenciaspermisos?c131d9799caf4579fb6030803da7638e,INS,0,,,,gx-no-cache=1491912742568 HTTP/1.1" 200 93
186.79.65.98 - - [11/Apr/2017:09:11:15 -0300] "GET /cormun/servlet/hpexe_return? HTTP/1.1" 200 1011
186.79.65.98 - - [11/Apr/2017:09:11:16 -0300] "GET /cormun/servlet/trlicencias HTTP/1.1" 200 7821
186.79.65.98 - - [11/Apr/2017:09:11:16 -0300] "GET /cormun/servlet/trlicencias HTTP/1.1" 200 7818
192.168.10.13 - - [11/Apr/2017:09:11:18 -0300] "GET / HTTP/1.1" 200 11217
186.79.65.98 - - [11/Apr/2017:09:11:19 -0300] "GET /cormun/servlet/alicenciaprn?15124697,L,20170411000000,PU HTTP/1.1" 200 1535
186.103.159.182 - - [11/Apr/2017:09:11:59 -0300] "POST /cormun/servlet/trsolicitudot?171d993662fb64831a2f592959a4c55f,gx-no-cache=1491912783809 HTTP/1.1" 200 6343
186.103.159.182 - - [11/Apr/2017:09:11:59 -0300] "GET /cormun/static/Shared/jqueryui/images/ui-bg_highlight-soft_100_c6c2c8_1x100.png HTTP/1.1" 404 1117
186.103.159.182 - - [11/Apr/2017:09:12:00 -0300] "GET /cormun/static/Shared/jqueryui/images/ui-icons_82798d_256x240.png HTTP/1.1" 404 1089
186.103.159.182 - - [11/Apr/2017:09:12:00 -0300] "GET /cormun/static/Shared/jqueryui/images/ui-bg_flat_55_fafafa_40x100.png HTTP/1.1" 404 1097
186.103.159.182 - - [11/Apr/2017:09:12:00 -0300] "GET /cormun/static/Shared/jqueryui/images/ui-icons_8d78a5_256x240.png HTTP/1.1" 404 1089
186.103.159.182 - - [11/Apr/2017:09:12:00 -0300] "POST /cormun/servlet/trsolicitudot?171d993662fb64831a2f592959a4c55f,gx-no-cache=1491912784680 HTTP/1.1" 200 6284
186.103.159.182 - - [11/Apr/2017:09:12:04 -0300] "POST /cormun/servlet/trsolicitudot?171d993662fb64831a2f592959a4c55f,gx-no-cache=1491912788865 HTTP/1.1" 200 5794
186.103.159.182 - - [11/Apr/2017:09:12:05 -0300] "POST /cormun/servlet/trsolicitudot?171d993662fb64831a2f592959a4c55f,gx-no-cache=1491912789616 HTTP/1.1" 200 5736
186.103.159.182 - - [11/Apr/2017:09:12:10 -0300] "GET /cormun/servlet/trautorizarsolicitud? HTTP/1.1" 200 8325
186.79.65.98 - - [11/Apr/2017:09:12:11 -0300] "GET /cormun/servlet/trlicenciaspermisosadjuntos?15124697,20170411000000,L, HTTP/1.1" 200 6157
186.79.65.98 - - [11/Apr/2017:09:12:11 -0300] "GET /cormun/static/gxcfg.js?20173171154619 HTTP/1.1" 200 953
186.79.65.98 - - [11/Apr/2017:09:12:11 -0300] "GET /cormun/static/trlicenciaspermisosadjuntos.js?20173171154971 HTTP/1.1" 200 21005
186.103.159.182 - - [11/Apr/2017:09:12:11 -0300] "GET /cormun/servlet/trautorizarsolicitud? HTTP/1.1" 200 8325
186.79.65.98 - - [11/Apr/2017:09:12:12 -0300] "GET /cormun/servlet/trlicenciaspermisosadjuntos?15124697,20170411000000,L, HTTP/1.1" 200 6158
186.79.65.98 - - [11/Apr/2017:09:12:13 -0300] "GET /cormun/servlet/licenciaspermisosadjuntos?INS,15124697,L,20170411000000,, HTTP/1.1" 200 5454
186.79.65.98 - - [11/Apr/2017:09:12:14 -0300] "GET /cormun/static/gxcfg.js?201731711421170 HTTP/1.1" 200 953
186.79.65.98 - - [11/Apr/2017:09:12:15 -0300] "GET /cormun/static/licenciaspermisosadjuntos.js?201731711421181 HTTP/1.1" 200 8757
186.79.65.98 - - [11/Apr/2017:09:12:15 -0300] "GET /cormun/static/about:blank HTTP/1.1" 404 1011
186.79.65.98 - - [11/Apr/2017:09:12:16 -0300] "GET /cormun/servlet/licenciaspermisosadjuntos?INS,15124697,L,20170411000000,, HTTP/1.1" 200 5443
192.168.10.13 - - [11/Apr/2017:09:12:18 -0300] "GET / HTTP/1.1" 200 11217
186.103.159.182 - - [11/Apr/2017:09:12:35 -0300] "GET /cormun/servlet/hlogin HTTP/1.1" 200 1716
186.103.159.182 - - [11/Apr/2017:09:12:38 -0300] "POST /cormun/servlet/hlogin?70adfccce07eeec16483c5dacb094857,gx-no-cache=1491912822592 HTTP/1.1" 200 90
186.103.159.182 - - [11/Apr/2017:09:12:38 -0300] "GET /cormun/servlet/hpexe_link HTTP/1.1" 200 947
186.103.159.182 - - [11/Apr/2017:09:12:38 -0300] "GET /cormun/servlet/hhome HTTP/1.1" 200 4053
186.103.159.182 - - [11/Apr/2017:09:12:40 -0300] "GET /cormun/servlet/hhome HTTP/1.1" 200 4049
186.103.156.24 - - [11/Apr/2017:09:12:40 -0300] "POST /cormun/servlet/licenciaspermisosadjuntos?d65aa185224bd6a42e14477b652916a4,INS,16816675,L,20170411000000,, HTTP/1.1" 200 116
186.103.156.24 - - [11/Apr/2017:09:12:40 -0300] "GET /cormun/servlet/hpexe_return? HTTP/1.1" 200 1045
186.103.156.24 - - [11/Apr/2017:09:12:43 -0300] "GET /cormun/servlet/trlicenciaspermisosadjuntos?16816675,20170411000000,L, HTTP/1.1" 200 6841
186.103.156.24 - - [11/Apr/2017:09:12:46 -0300] "GET /cormun/servlet/trlicenciaspermisosadjuntos?16816675,20170411000000,L, HTTP/1.1" 200 6839
186.103.159.182 - - [11/Apr/2017:09:12:49 -0300] "GET /cormun/servlet/trautorizarsolicitud? HTTP/1.1" 200 8614
186.103.159.182 - - [11/Apr/2017:09:12:50 -0300] "GET /cormun/servlet/trautorizarsolicitud? HTTP/1.1" 200 8613
186.79.65.98 - - [11/Apr/2017:09:12:58 -0300] "POST /cormun/servlet/licenciaspermisosadjuntos?c131d9799caf4579fb6030803da7638e,INS,15124697,L,20170411000000,, HTTP/1.1" 200 116
186.79.65.98 - - [11/Apr/2017:09:12:58 -0300] "GET /cormun/servlet/hpexe_return? HTTP/1.1" 200 1043
186.79.65.98 - - [11/Apr/2017:09:12:59 -0300] "GET /cormun/servlet/trlicenciaspermisosadjuntos?15124697,20170411000000,L, HTTP/1.1" 200 6640
186.79.65.98 - - [11/Apr/2017:09:13:00 -0300] "GET /cormun/servlet/trlicenciaspermisosadjuntos?15124697,20170411000000,L, HTTP/1.1" 200 6637
186.79.65.98 - - [11/Apr/2017:09:13:04 -0300] "GET /cormun/servlet/trlicencias? HTTP/1.1" 200 7818
186.79.65.98 - - [11/Apr/2017:09:13:04 -0300] "GET /cormun/servlet/trlicencias? HTTP/1.1" 200 7817
186.79.65.98 - - [11/Apr/2017:09:13:09 -0300] "POST /cormun/servlet/trlicencias?c131d9799caf4579fb6030803da7638e,,gx-no-cache=1491912856102 HTTP/1.1" 200 4047
186.79.65.98 - - [11/Apr/2017:09:13:09 -0300] "GET /cormun/static/Shared/jqueryui/images/ui-bg_highlight-soft_100_c6c2c8_1x100.png HTTP/1.1" 404 1117
186.79.65.98 - - [11/Apr/2017:09:13:09 -0300] "GET /cormun/static/Shared/jqueryui/images/ui-icons_82798d_256x240.png HTTP/1.1" 404 1089
186.79.65.98 - - [11/Apr/2017:09:13:09 -0300] "GET /cormun/static/Shared/jqueryui/images/ui-bg_flat_55_fafafa_40x100.png HTTP/1.1" 404 1097
186.79.65.98 - - [11/Apr/2017:09:13:09 -0300] "GET /cormun/static/Shared/jqueryui/images/ui-icons_8d78a5_256x240.png HTTP/1.1" 404 1089
186.103.159.182 - - [11/Apr/2017:09:13:18 -0300] "POST /cormun/servlet/trautorizarsolicitud?70adfccce07eeec16483c5dacb094857,,gx-no-cache=1491912862354 HTTP/1.1" 200 5476
186.103.159.182 - - [11/Apr/2017:09:13:18 -0300] "GET /cormun/static/Shared/jqueryui/images/ui-bg_highlight-soft_100_c6c2c8_1x100.png HTTP/1.1" 404 1117
186.103.159.182 - - [11/Apr/2017:09:13:18 -0300] "GET /cormun/static/Shared/jqueryui/images/ui-icons_82798d_256x240.png HTTP/1.1" 404 1089
186.103.159.182 - - [11/Apr/2017:09:13:18 -0300] "GET /cormun/static/Shared/jqueryui/images/ui-bg_flat_55_fafafa_40x100.png HTTP/1.1" 404 1097
186.103.159.182 - - [11/Apr/2017:09:13:18 -0300] "GET /cormun/static/Shared/jqueryui/images/ui-icons_8d78a5_256x240.png HTTP/1.1" 404 1089
192.168.10.13 - - [11/Apr/2017:09:13:18 -0300] "GET / HTTP/1.1" 200 11217
186.103.159.182 - - [11/Apr/2017:09:13:18 -0300] "POST /cormun/servlet/trautorizarsolicitud?70adfccce07eeec16483c5dacb094857,,gx-no-cache=1491912862892 HTTP/1.1" 200 5419
186.103.159.182 - - [11/Apr/2017:09:13:20 -0300] "POST /cormun/servlet/trautorizarsolicitud?70adfccce07eeec16483c5dacb094857,,gx-no-cache=1491912864673 HTTP/1.1" 200 4340
186.103.159.182 - - [11/Apr/2017:09:13:20 -0300] "POST /cormun/servlet/trautorizarsolicitud?70adfccce07eeec16483c5dacb094857,,gx-no-cache=1491912865081 HTTP/1.1" 200 4084
186.103.159.182 - - [11/Apr/2017:09:13:36 -0300] "GET /cormun/servlet/trpermisosgoce? HTTP/1.1" 200 9161
186.103.159.182 - - [11/Apr/2017:09:13:38 -0300] "GET /cormun/servlet/trpermisosgoce? HTTP/1.1" 200 9161
186.103.156.24 - - [11/Apr/2017:09:14:11 -0300] "GET /cormun/servlet/licenciaspermisosadjuntos?INS,16816675,L,20170411000000,, HTTP/1.1" 200 5649
186.103.156.24 - - [11/Apr/2017:09:14:11 -0300] "GET /cormun/static/about:blank HTTP/1.1" 404 1011
186.103.156.24 - - [11/Apr/2017:09:14:11 -0300] "GET /cormun/servlet/licenciaspermisosadjuntos?INS,16816675,L,20170411000000,, HTTP/1.1" 200 5638
192.168.10.13 - - [11/Apr/2017:09:14:18 -0300] "GET / HTTP/1.1" 200 11217
186.103.156.24 - - [11/Apr/2017:09:14:51 -0300] "POST /cormun/servlet/licenciaspermisosadjuntos?d65aa185224bd6a42e14477b652916a4,INS,16816675,L,20170411000000,, HTTP/1.1" 200 6577
186.103.156.24 - - [11/Apr/2017:09:14:54 -0300] "GET /cormun/servlet/hlogin HTTP/1.1" 200 1727
186.103.156.24 - - [11/Apr/2017:09:15:10 -0300] "POST /cormun/servlet/hlogin?d65aa185224bd6a42e14477b652916a4,gx-no-cache=1491913089783 HTTP/1.1" 200 90
186.103.156.24 - - [11/Apr/2017:09:15:10 -0300] "GET /cormun/servlet/hpexe_link HTTP/1.1" 200 994
186.103.156.24 - - [11/Apr/2017:09:15:10 -0300] "GET /cormun/servlet/licenciaspermisosadjuntos?INS,16816675,L,20170411000000,, HTTP/1.1" 200 5639
186.103.156.24 - - [11/Apr/2017:09:15:11 -0300] "GET /cormun/static/about:blank HTTP/1.1" 404 1011
186.103.156.24 - - [11/Apr/2017:09:15:12 -0300] "GET /cormun/servlet/licenciaspermisosadjuntos?INS,16816675,L,20170411000000,, HTTP/1.1" 200 5638
192.168.10.13 - - [11/Apr/2017:09:15:18 -0300] "GET / HTTP/1.1" 200 11217
200.111.191.210 - - [11/Apr/2017:09:16:05 -0300] "GET /cormun/servlet/trlicenciaspermisosadjuntos?7705612,20170411000000,L, HTTP/1.1" 200 5491
186.79.65.98 - - [11/Apr/2017:09:16:05 -0300] "GET /cormun/servlet/hlogin HTTP/1.1" 200 1738
200.111.191.210 - - [11/Apr/2017:09:16:05 -0300] "GET /cormun/servlet/trlicenciaspermisosadjuntos?7705612,20170411000000,L, HTTP/1.1" 200 5491
200.111.191.210 - - [11/Apr/2017:09:16:06 -0300] "GET /cormun/servlet/hlogin HTTP/1.1" 200 1770
200.111.191.210 - - [11/Apr/2017:09:16:17 -0300] "POST /cormun/servlet/hlogin?d3a591284267bbd1ada4063bdf137fdc,gx-no-cache=1491916543662 HTTP/1.1" 200 90
200.111.191.210 - - [11/Apr/2017:09:16:18 -0300] "GET /cormun/servlet/hpexe_link HTTP/1.1" 200 987
200.111.191.210 - - [11/Apr/2017:09:16:18 -0300] "GET /cormun/servlet/trlicenciaspermisosadjuntos?7705612,20170411000000,L, HTTP/1.1" 200 5949
192.168.10.13 - - [11/Apr/2017:09:16:18 -0300] "GET / HTTP/1.1" 200 11217
200.111.191.210 - - [11/Apr/2017:09:16:18 -0300] "GET /cormun/servlet/trlicenciaspermisosadjuntos?7705612,20170411000000,L, HTTP/1.1" 200 5948
200.111.191.210 - - [11/Apr/2017:09:16:22 -0300] "GET /cormun/servlet/trlicencias? HTTP/1.1" 200 7752
200.111.191.210 - - [11/Apr/2017:09:16:22 -0300] "GET /cormun/servlet/trlicencias? HTTP/1.1" 200 7752
200.111.191.210 - - [11/Apr/2017:09:16:24 -0300] "GET /cormun/servlet/trlicenciaspermisosadjuntos?7705612,20170411000000,L, HTTP/1.1" 200 5947
200.111.191.210 - - [11/Apr/2017:09:16:24 -0300] "GET /cormun/servlet/trlicenciaspermisosadjuntos?7705612,20170411000000,L, HTTP/1.1" 200 5948
200.111.191.210 - - [11/Apr/2017:09:16:26 -0300] "GET /cormun/servlet/licenciaspermisosadjuntos?INS,7705612,L,20170411000000,, HTTP/1.1" 200 5417
200.111.191.210 - - [11/Apr/2017:09:16:26 -0300] "GET /cormun/static/about:blank HTTP/1.1" 404 1011
200.111.191.210 - - [11/Apr/2017:09:16:26 -0300] "GET /cormun/servlet/licenciaspermisosadjuntos?INS,7705612,L,20170411000000,, HTTP/1.1" 200 5406
200.111.191.210 - - [11/Apr/2017:09:16:58 -0300] "POST /cormun/servlet/licenciaspermisosadjuntos?d3a591284267bbd1ada4063bdf137fdc,INS,7705612,L,20170411000000,, HTTP/1.1" 200 116
200.111.191.210 - - [11/Apr/2017:09:16:59 -0300] "GET /cormun/servlet/hpexe_return? HTTP/1.1" 200 1041
200.111.191.210 - - [11/Apr/2017:09:16:59 -0300] "GET /cormun/servlet/trlicenciaspermisosadjuntos?7705612,20170411000000,L, HTTP/1.1" 200 6478
200.111.191.210 - - [11/Apr/2017:09:16:59 -0300] "GET /cormun/servlet/trlicenciaspermisosadjuntos?7705612,20170411000000,L, HTTP/1.1" 200 6475
192.168.10.13 - - [11/Apr/2017:09:17:21 -0300] "GET / HTTP/1.1" 200 11217
200.111.191.210 - - [11/Apr/2017:09:17:22 -0300] "GET /cormun/PublicTempStorage/0639152233972.PDF HTTP/1.1" 200 903859
200.111.191.210 - - [11/Apr/2017:09:17:22 -0300] "GET /cormun/PublicTempStorage/0639152233972.PDF HTTP/1.1" 206 345066
186.103.156.24 - - [11/Apr/2017:09:17:27 -0300] "POST /cormun/servlet/licenciaspermisosadjuntos?d65aa185224bd6a42e14477b652916a4,INS,16816675,L,20170411000000,, HTTP/1.1" 200 116
186.103.156.24 - - [11/Apr/2017:09:17:27 -0300] "GET /cormun/servlet/hpexe_return? HTTP/1.1" 200 1045
200.111.191.210 - - [11/Apr/2017:09:17:31 -0300] "GET /cormun/servlet/trlicenciaspermisosadjuntos?7705612,20170411000000,L, HTTP/1.1" 200 6476
186.103.156.24 - - [11/Apr/2017:09:17:32 -0300] "GET /cormun/servlet/trlicenciaspermisosadjuntos?16816675,20170411000000,L, HTTP/1.1" 200 6962
200.111.191.210 - - [11/Apr/2017:09:17:32 -0300] "GET /cormun/servlet/trlicenciaspermisosadjuntos?7705612,20170411000000,L, HTTP/1.1" 200 6476
200.111.191.210 - - [11/Apr/2017:09:17:35 -0300] "GET /cormun/servlet/trlicencias? HTTP/1.1" 200 7752
200.111.191.210 - - [11/Apr/2017:09:17:37 -0300] "GET /cormun/servlet/trlicencias? HTTP/1.1" 200 7752
186.103.156.24 - - [11/Apr/2017:09:17:37 -0300] "GET /cormun/servlet/trlicenciaspermisosadjuntos?16816675,20170411000000,L, HTTP/1.1" 200 6958
186.103.156.24 - - [11/Apr/2017:09:17:47 -0300] "GET /cormun/servlet/licenciaspermisosadjuntos?DLT,16816675,L,20170411000000,20170411100946, HTTP/1.1" 200 5695
200.111.191.210 - - [11/Apr/2017:09:17:47 -0300] "POST /cormun/servlet/trlicencias?d3a591284267bbd1ada4063bdf137fdc,,gx-no-cache=1491916630781 HTTP/1.1" 200 4016
200.111.191.210 - - [11/Apr/2017:09:17:47 -0300] "GET /cormun/static/Shared/jqueryui/images/ui-bg_highlight-soft_100_c6c2c8_1x100.png HTTP/1.1" 404 1117
200.111.191.210 - - [11/Apr/2017:09:17:47 -0300] "GET /cormun/static/Shared/jqueryui/images/ui-bg_flat_55_fafafa_40x100.png HTTP/1.1" 404 1097
200.111.191.210 - - [11/Apr/2017:09:17:47 -0300] "GET /cormun/static/Shared/jqueryui/images/ui-icons_82798d_256x240.png HTTP/1.1" 404 1089
200.111.191.210 - - [11/Apr/2017:09:17:47 -0300] "GET /cormun/static/Shared/jqueryui/images/ui-icons_8d78a5_256x240.png HTTP/1.1" 404 1089
186.103.156.24 - - [11/Apr/2017:09:17:52 -0300] "GET /cormun/servlet/licenciaspermisosadjuntos?DLT,16816675,L,20170411000000,20170411100946, HTTP/1.1" 200 5695
186.103.156.24 - - [11/Apr/2017:09:17:55 -0300] "GET /cormun/servlet/licenciaspermisosadjuntos?DLT,16816675,L,20170411000000,20170411100946, HTTP/1.1" 200 5694
186.103.156.24 - - [11/Apr/2017:09:17:55 -0300] "GET /cormun/static/Shared/jqueryui/images/ui-bg_highlight-soft_100_c6c2c8_1x100.png HTTP/1.1" 404 1117
186.103.156.24 - - [11/Apr/2017:09:17:55 -0300] "GET /cormun/static/Shared/jqueryui/images/ui-icons_8d78a5_256x240.png HTTP/1.1" 404 1089
186.103.156.24 - - [11/Apr/2017:09:17:55 -0300] "GET /cormun/static/Shared/jqueryui/images/ui-bg_flat_55_fafafa_40x100.png HTTP/1.1" 404 1097
186.103.156.24 - - [11/Apr/2017:09:17:55 -0300] "GET /cormun/static/Shared/jqueryui/images/ui-icons_82798d_256x240.png HTTP/1.1" 404 1089
186.103.156.24 - - [11/Apr/2017:09:18:01 -0300] "GET /cormun/servlet/licenciaspermisosadjuntos?DLT,16816675,L,20170411000000,20170411100946, HTTP/1.1" 200 5685
186.103.156.24 - - [11/Apr/2017:09:18:04 -0300] "POST /cormun/servlet/licenciaspermisosadjuntos?d65aa185224bd6a42e14477b652916a4,DLT,16816675,L,20170411000000,20170411100946,,gx-no-cache=1491913146755 HTTP/1.1" 200 93
186.103.156.24 - - [11/Apr/2017:09:18:04 -0300] "GET /cormun/servlet/hpexe_return? HTTP/1.1" 200 1051
186.103.156.24 - - [11/Apr/2017:09:18:11 -0300] "GET /cormun/servlet/trlicenciaspermisosadjuntos?16816675,20170411000000,L, HTTP/1.1" 200 6841
186.103.156.24 - - [11/Apr/2017:09:18:14 -0300] "GET /cormun/servlet/trlicenciaspermisosadjuntos?16816675,20170411000000,L, HTTP/1.1" 200 6839
192.168.10.13 - - [11/Apr/2017:09:18:18 -0300] "GET / HTTP/1.1" 200 11217
200.111.191.210 - - [11/Apr/2017:09:18:19 -0300] "GET /cormun/servlet/hlogin HTTP/1.1" 200 1739
186.103.156.24 - - [11/Apr/2017:09:18:51 -0300] "GET /cormun/servlet/licenciaspermisosadjuntos?DLT,16816675,L,20170411000000,20170411100946, HTTP/1.1" 200 5618
186.103.156.24 - - [11/Apr/2017:09:18:52 -0300] "GET /cormun/servlet/licenciaspermisosadjuntos?DLT,16816675,L,20170411000000,20170411100946, HTTP/1.1" 200 5608
192.168.10.13 - - [11/Apr/2017:09:19:18 -0300] "GET / HTTP/1.1" 200 11217
186.103.156.24 - - [11/Apr/2017:09:19:23 -0300] "POST /cormun/servlet/licenciaspermisosadjuntos?d65aa185224bd6a42e14477b652916a4,DLT,16816675,L,20170411000000,20170411100946,,gx-no-cache=1491913237535 HTTP/1.1" 200 93
186.103.156.24 - - [11/Apr/2017:09:19:24 -0300] "GET /cormun/servlet/hpexe_return? HTTP/1.1" 200 1051
186.103.156.24 - - [11/Apr/2017:09:19:26 -0300] "GET /cormun/servlet/trlicenciaspermisosadjuntos?16816675,20170411000000,L, HTTP/1.1" 200 6841
186.103.156.24 - - [11/Apr/2017:09:19:29 -0300] "GET /cormun/servlet/trlicenciaspermisosadjuntos?16816675,20170411000000,L, HTTP/1.1" 200 6835
186.103.156.24 - - [11/Apr/2017:09:19:37 -0300] "GET /cormun/servlet/licenciaspermisosadjuntos?DLT,16816675,L,20170411000000,20170411100430, HTTP/1.1" 200 5694
186.103.156.24 - - [11/Apr/2017:09:19:40 -0300] "GET /cormun/servlet/licenciaspermisosadjuntos?DLT,16816675,L,20170411000000,20170411100430, HTTP/1.1" 200 5692
186.103.156.24 - - [11/Apr/2017:09:19:41 -0300] "GET /cormun/static/Shared/jqueryui/images/ui-bg_highlight-soft_100_c6c2c8_1x100.png HTTP/1.1" 404 1117
186.103.156.24 - - [11/Apr/2017:09:19:41 -0300] "GET /cormun/static/Shared/jqueryui/images/ui-bg_flat_55_fafafa_40x100.png HTTP/1.1" 404 1097
186.103.156.24 - - [11/Apr/2017:09:19:41 -0300] "GET /cormun/static/Shared/jqueryui/images/ui-icons_82798d_256x240.png HTTP/1.1" 404 1089
186.103.156.24 - - [11/Apr/2017:09:19:41 -0300] "GET /cormun/static/Shared/jqueryui/images/ui-icons_8d78a5_256x240.png HTTP/1.1" 404 1089
186.103.156.24 - - [11/Apr/2017:09:19:46 -0300] "GET /cormun/servlet/licenciaspermisosadjuntos?DLT,16816675,L,20170411000000,20170411100430, HTTP/1.1" 200 5684
186.103.156.24 - - [11/Apr/2017:09:19:46 -0300] "POST /cormun/servlet/licenciaspermisosadjuntos?d65aa185224bd6a42e14477b652916a4,DLT,16816675,L,20170411000000,20170411100430,,gx-no-cache=1491913258969 HTTP/1.1" 200 93
186.103.156.24 - - [11/Apr/2017:09:19:46 -0300] "GET /cormun/servlet/hpexe_return? HTTP/1.1" 200 1051
186.103.156.24 - - [11/Apr/2017:09:19:47 -0300] "GET /cormun/servlet/trlicenciaspermisosadjuntos?16816675,20170411000000,L, HTTP/1.1" 200 6356
186.103.156.24 - - [11/Apr/2017:09:19:48 -0300] "GET /cormun/servlet/trlicenciaspermisosadjuntos?16816675,20170411000000,L, HTTP/1.1" 200 6352
186.103.156.24 - - [11/Apr/2017:09:20:10 -0300] "GET /cormun/servlet/licenciaspermisosadjuntos?INS,16816675,L,20170411000000,, HTTP/1.1" 200 5650
186.103.156.24 - - [11/Apr/2017:09:20:11 -0300] "GET /cormun/static/about:blank HTTP/1.1" 404 1011
186.103.156.24 - - [11/Apr/2017:09:20:11 -0300] "GET /cormun/servlet/licenciaspermisosadjuntos?INS,16816675,L,20170411000000,, HTTP/1.1" 200 5639
192.168.10.13 - - [11/Apr/2017:09:20:18 -0300] "GET / HTTP/1.1" 200 11217
192.168.10.13 - - [11/Apr/2017:09:21:18 -0300] "GET / HTTP/1.1" 200 11217
186.79.233.230 - - [11/Apr/2017:09:22:00 -0300] "GET /cormun/servlet/hlogin HTTP/1.1" 200 1720
192.168.10.13 - - [11/Apr/2017:09:22:18 -0300] "GET / HTTP/1.1" 200 11217
186.103.156.24 - - [11/Apr/2017:09:22:49 -0300] "POST /cormun/servlet/licenciaspermisosadjuntos?d65aa185224bd6a42e14477b652916a4,INS,16816675,L,20170411000000,, HTTP/1.1" 200 116
186.103.156.24 - - [11/Apr/2017:09:22:49 -0300] "GET /cormun/servlet/hpexe_return? HTTP/1.1" 200 1045
186.103.156.24 - - [11/Apr/2017:09:22:52 -0300] "GET /cormun/servlet/trlicenciaspermisosadjuntos?16816675,20170411000000,L, HTTP/1.1" 200 6840
186.103.156.24 - - [11/Apr/2017:09:22:54 -0300] "GET /cormun/servlet/trlicenciaspermisosadjuntos?16816675,20170411000000,L, HTTP/1.1" 200 6838
192.168.10.13 - - [11/Apr/2017:09:23:18 -0300] "GET / HTTP/1.1" 200 11217
186.103.156.24 - - [11/Apr/2017:09:23:23 -0300] "GET /cormun/PublicTempStorage/cynthia_arros_licencia2243209.PDF HTTP/1.1" 206 19245071
186.79.233.230 - - [11/Apr/2017:09:23:47 -0300] "GET /cormun/servlet/hlogin HTTP/1.1" 200 1720
186.103.156.24 - - [11/Apr/2017:09:23:57 -0300] "GET /cormun/servlet/trlicenciaspermisosadjuntos?16816675,20170411000000,L, HTTP/1.1" 200 6840
186.79.233.230 - - [11/Apr/2017:09:24:00 -0300] "POST /cormun/servlet/hlogin?7d30256f52947f6c71f5e37d62870f72,gx-no-cache=1491913501110 HTTP/1.1" 200 90
186.103.156.24 - - [11/Apr/2017:09:24:00 -0300] "GET /cormun/servlet/trlicenciaspermisosadjuntos?16816675,20170411000000,L, HTTP/1.1" 200 6837
186.79.233.230 - - [11/Apr/2017:09:24:01 -0300] "GET /cormun/servlet/hpexe_link HTTP/1.1" 200 951
186.79.233.230 - - [11/Apr/2017:09:24:02 -0300] "GET /cormun/servlet/hhome HTTP/1.1" 200 3742
186.103.156.24 - - [11/Apr/2017:09:24:02 -0300] "GET /cormun/servlet/licenciaspermisosadjuntos?INS,16816675,L,20170411000000,, HTTP/1.1" 200 5650
186.103.156.24 - - [11/Apr/2017:09:24:03 -0300] "GET /cormun/static/about:blank HTTP/1.1" 404 1011
186.103.156.24 - - [11/Apr/2017:09:24:03 -0300] "GET /cormun/servlet/licenciaspermisosadjuntos?INS,16816675,L,20170411000000,, HTTP/1.1" 200 5639
186.79.233.230 - - [11/Apr/2017:09:24:05 -0300] "GET /cormun/servlet/hhome HTTP/1.1" 200 3739
186.103.156.24 - - [11/Apr/2017:09:24:08 -0300] "POST /cormun/servlet/licenciaspermisosadjuntos?d65aa185224bd6a42e14477b652916a4,INS,16816675,L,20170411000000,,,gx-no-cache=1491913531842 HTTP/1.1" 200 93
186.103.156.24 - - [11/Apr/2017:09:24:08 -0300] "GET /cormun/servlet/hpexe_return? HTTP/1.1" 200 1045
186.103.156.24 - - [11/Apr/2017:09:24:11 -0300] "GET /cormun/servlet/trlicenciaspermisosadjuntos?16816675,20170411000000,L, HTTP/1.1" 200 6841
186.103.156.24 - - [11/Apr/2017:09:24:13 -0300] "GET /cormun/servlet/trlicenciaspermisosadjuntos?16816675,20170411000000,L, HTTP/1.1" 200 6835
192.168.10.13 - - [11/Apr/2017:09:24:18 -0300] "GET / HTTP/1.1" 200 11217
186.103.156.24 - - [11/Apr/2017:09:24:23 -0300] "POST /cormun/servlet/trlicenciaspermisosadjuntos?d65aa185224bd6a42e14477b652916a4,16816675,20170411000000,L,,gx-no-cache=1491913548366 HTTP/1.1" 200 90
186.103.156.24 - - [11/Apr/2017:09:24:23 -0300] "GET /cormun/servlet/hpexe_link HTTP/1.1" 200 988
186.103.156.24 - - [11/Apr/2017:09:24:24 -0300] "GET /cormun/servlet/trlicencias HTTP/1.1" 200 8073
186.103.156.24 - - [11/Apr/2017:09:24:25 -0300] "GET /cormun/servlet/trlicencias HTTP/1.1" 200 8071
186.103.156.24 - - [11/Apr/2017:09:24:36 -0300] "GET /cormun/servlet/alicenciaprn?16816675,L,20170411000000,PU HTTP/1.1" 200 1585
192.168.10.13 - - [11/Apr/2017:09:25:18 -0300] "GET / HTTP/1.1" 200 11217
186.79.233.230 - - [11/Apr/2017:09:25:45 -0300] "GET /cormun/servlet/trlicencias? HTTP/1.1" 200 6579
186.79.233.230 - - [11/Apr/2017:09:25:47 -0300] "GET /cormun/static/Resources/Spanish/PXTools.css?18365030 HTTP/1.1" 304 -
186.79.233.230 - - [11/Apr/2017:09:25:47 -0300] "GET /cormun/static/gxcfg.js?2016122619301429 HTTP/1.1" 200 953
186.79.233.230 - - [11/Apr/2017:09:25:49 -0300] "GET /cormun/static/gxdec.js?85251 HTTP/1.1" 304 -
186.79.233.230 - - [11/Apr/2017:09:25:50 -0300] "GET /cormun/static/trlicencias.js?2016122619301919 HTTP/1.1" 304 -
186.79.233.230 - - [11/Apr/2017:09:25:52 -0300] "GET /cormun/servlet/trlicencias? HTTP/1.1" 200 6579
186.79.233.230 - - [11/Apr/2017:09:25:58 -0300] "GET /cormun/servlet/licenciaspermisos?INS,0,,, HTTP/1.1" 200 7123
186.79.233.230 - - [11/Apr/2017:09:26:00 -0300] "GET /cormun/static/gxcfg.js?20173291150977 HTTP/1.1" 200 953
186.79.233.230 - - [11/Apr/2017:09:26:05 -0300] "GET /cormun/static/licenciaspermisos.js?201732911501028 HTTP/1.1" 200 34423
186.79.233.230 - - [11/Apr/2017:09:26:08 -0300] "GET /cormun/servlet/licenciaspermisos?INS,0,,, HTTP/1.1" 200 7123
192.168.10.13 - - [11/Apr/2017:09:26:18 -0300] "GET / HTTP/1.1" 200 11217
186.79.233.230 - - [11/Apr/2017:09:26:31 -0300] "GET /cormun/servlet/prfichaempleado?,MD,,gxPopupLevel%3D0%3B HTTP/1.1" 200 8760
186.79.233.230 - - [11/Apr/2017:09:26:31 -0300] "GET /cormun/static/gxcfg.js?2017319125415 HTTP/1.1" 304 -
186.79.233.230 - - [11/Apr/2017:09:26:31 -0300] "GET /cormun/static/menusearch.js?201610171694467 HTTP/1.1" 304 -
186.79.233.230 - - [11/Apr/2017:09:26:31 -0300] "GET /cormun/static/hmpwkw011.js?201731711483558 HTTP/1.1" 304 -
186.79.233.230 - - [11/Apr/2017:09:26:32 -0300] "GET /cormun/static/prfichaempleado.js?20173191254344 HTTP/1.1" 304 -
186.79.233.230 - - [11/Apr/2017:09:26:55 -0300] "POST /cormun/servlet/prfichaempleado?7d30256f52947f6c71f5e37d62870f72,,MD,,gxPopupLevel%3D0%3B,gx-no-cache=1491913676367 HTTP/1.1" 200 3451
192.168.10.13 - - [11/Apr/2017:09:27:18 -0300] "GET / HTTP/1.1" 200 11217
186.79.233.230 - - [11/Apr/2017:09:27:48 -0300] "GET /cormun/servlet/licenciaspermisos?e960efd0207a57e32d14acec054387ae73db9d8d45338254b4c407e4ac79b02091dcd0f3c4866e15e777ccf4756b8572,gx-no-cache=1491913729898 HTTP/1.1" 200 60
186.79.233.230 - - [11/Apr/2017:09:27:49 -0300] "POST /cormun/servlet/licenciaspermisos?7d30256f52947f6c71f5e37d62870f72,INS,0,,,,gx-no-cache=1491913730124 HTTP/1.1" 200 4422
186.103.156.24 - - [11/Apr/2017:09:28:04 -0300] "POST /cormun/servlet/trlicencias?d65aa185224bd6a42e14477b652916a4,gx-no-cache=1491913795997 HTTP/1.1" 200 4269
186.103.156.24 - - [11/Apr/2017:09:28:04 -0300] "GET /cormun/static/Shared/jqueryui/images/ui-bg_highlight-soft_100_c6c2c8_1x100.png HTTP/1.1" 404 1117
186.103.156.24 - - [11/Apr/2017:09:28:04 -0300] "GET /cormun/static/Shared/jqueryui/images/ui-icons_8d78a5_256x240.png HTTP/1.1" 404 1089
186.103.156.24 - - [11/Apr/2017:09:28:04 -0300] "GET /cormun/static/Shared/jqueryui/images/ui-icons_82798d_256x240.png HTTP/1.1" 404 1089
186.103.156.24 - - [11/Apr/2017:09:28:04 -0300] "GET /cormun/static/Shared/jqueryui/images/ui-bg_flat_55_fafafa_40x100.png HTTP/1.1" 404 1097
186.103.156.24 - - [11/Apr/2017:09:28:17 -0300] "GET /cormun/servlet/trlicencias? HTTP/1.1" 200 6868
192.168.10.13 - - [11/Apr/2017:09:28:18 -0300] "GET / HTTP/1.1" 200 11217
186.103.156.24 - - [11/Apr/2017:09:28:18 -0300] "GET /cormun/servlet/trlicencias? HTTP/1.1" 200 6868
186.79.233.230 - - [11/Apr/2017:09:28:21 -0300] "GET /cormun/static/menuarrow.gif HTTP/1.1" 404 1015
192.168.10.13 - - [11/Apr/2017:09:29:18 -0300] "GET / HTTP/1.1" 200 11217
186.103.156.24 - - [11/Apr/2017:09:29:58 -0300] "GET /cormun/static/menuarrow.gif HTTP/1.1" 404 1015
192.168.10.13 - - [11/Apr/2017:09:30:18 -0300] "GET / HTTP/1.1" 200 11217
186.103.156.24 - - [11/Apr/2017:09:31:18 -0300] "GET /cormun/servlet/licenciaspermisos?INS,0,,, HTTP/1.1" 200 7401
192.168.10.13 - - [11/Apr/2017:09:31:18 -0300] "GET / HTTP/1.1" 200 11217
186.103.156.24 - - [11/Apr/2017:09:31:19 -0300] "GET /cormun/servlet/licenciaspermisos?INS,0,,, HTTP/1.1" 200 7401
186.103.156.24 - - [11/Apr/2017:09:31:23 -0300] "GET /cormun/servlet/prfichaempleado?,MD,,gxPopupLevel%3D0%3B HTTP/1.1" 200 8836
186.103.156.24 - - [11/Apr/2017:09:31:43 -0300] "POST /cormun/servlet/prfichaempleado?d65aa185224bd6a42e14477b652916a4,,MD,,gxPopupLevel%3D0%3B,gx-no-cache=1491914039943 HTTP/1.1" 200 3409
186.103.156.166 - - [11/Apr/2017:09:31:47 -0300] "GET /cormun/servlet/hlogin HTTP/1.1" 200 1743
186.103.156.24 - - [11/Apr/2017:09:31:54 -0300] "GET /cormun/servlet/licenciaspermisos?cfd0ae4e000160164a5c7022d1444d27359b07fb9bd21c78cedee6ecbc49eed1ba50b6b63405e838dd4ab7874bc8c476,gx-no-cache=1491914052671 HTTP/1.1" 200 64
186.103.156.24 - - [11/Apr/2017:09:31:55 -0300] "POST /cormun/servlet/licenciaspermisos?d65aa185224bd6a42e14477b652916a4,INS,0,,,,gx-no-cache=1491914052719 HTTP/1.1" 200 4620
192.168.10.13 - - [11/Apr/2017:09:32:18 -0300] "GET / HTTP/1.1" 200 11217
186.103.156.24 - - [11/Apr/2017:09:32:30 -0300] "GET /cormun/static/menuarrow.gif HTTP/1.1" 404 1015
192.168.10.13 - - [11/Apr/2017:09:33:18 -0300] "GET / HTTP/1.1" 200 11217
192.168.10.13 - - [11/Apr/2017:09:34:18 -0300] "GET / HTTP/1.1" 200 11217
186.79.233.230 - - [11/Apr/2017:09:34:56 -0300] "POST /cormun/servlet/licenciaspermisos?7d30256f52947f6c71f5e37d62870f72,INS,0,,,,gx-no-cache=1491914149691 HTTP/1.1" 200 93
186.79.233.230 - - [11/Apr/2017:09:35:01 -0300] "GET /cormun/servlet/hpexe_return? HTTP/1.1" 200 1010
186.79.233.230 - - [11/Apr/2017:09:35:03 -0300] "GET /cormun/static/Resources/Spanish/PXTools.css?167811 HTTP/1.1" 304 -
186.79.233.230 - - [11/Apr/2017:09:35:03 -0300] "GET /cormun/static/gxcfg.js?2016101716175148 HTTP/1.1" 304 -
186.79.233.230 - - [11/Apr/2017:09:35:04 -0300] "GET /cormun/static/hpexe_return.js?2016101716175153 HTTP/1.1" 304 -
186.79.233.230 - - [11/Apr/2017:09:35:05 -0300] "GET /cormun/servlet/trlicencias HTTP/1.1" 200 6583
186.79.233.230 - - [11/Apr/2017:09:35:06 -0300] "GET /cormun/servlet/trlicencias HTTP/1.1" 200 6578
192.168.10.13 - - [11/Apr/2017:09:35:18 -0300] "GET / HTTP/1.1" 200 11217
192.168.10.13 - - [11/Apr/2017:09:36:18 -0300] "GET / HTTP/1.1" 200 11217
186.103.156.24 - - [11/Apr/2017:09:36:21 -0300] "GET /cormun/servlet/licenciaspermisos?cfd0ae4e000160164a5c7022d1444d27612686f104cd87bbaa68378044744748f8e66e09f54df06bface4c0ebb3f8f62e49bd82ca52bb7f95e735c6d517231c9e85731b0568cae09a3b8e683793d49e1b0c9212ebc65455c01403491a72eb05892043780427c5026511193f0547180e489bf15b30fd1a66bc1994578d4c1f81cfb43c9fce207ce05b4325d0fc9685973b5bf198cea31192a6e42f5ae7f1e7d521e911b585981b5dd093726f569f096a4,gx-no-cache=1491914355748 HTTP/1.1" 200 30
186.103.156.24 - - [11/Apr/2017:09:36:21 -0300] "GET /cormun/servlet/licenciaspermisos?cfd0ae4e000160164a5c7022d1444d2742b154b2994ab649b78f2fc3289426b67ecb444188502c3ce48a3315e6c6b6da4ac7c114b8d16085d9629dc6dc808ddcfb7c9f55f409448adfe411acc5e569286f4280e0c554d483b9076f849ac7ba0c4aaf604056ae36a7e7fbd4e152bddc63d7fcd7e3cc32fd537f0ddb049d618c38aa3bfc80d0c1e2c3a19853b9d46c45622b05d80bf98bfbe862a9e2d73ce63eeab24da2ddf356fdbfabbbc39e1232ec34,gx-no-cache=1491914355829 HTTP/1.1" 200 29
186.103.156.24 - - [11/Apr/2017:09:36:22 -0300] "POST /cormun/servlet/licenciaspermisos?d65aa185224bd6a42e14477b652916a4,INS,0,,,,gx-no-cache=1491914355861 HTTP/1.1" 200 93
186.103.156.24 - - [11/Apr/2017:09:36:22 -0300] "GET /cormun/servlet/hpexe_return? HTTP/1.1" 200 1014
186.103.156.24 - - [11/Apr/2017:09:36:22 -0300] "GET /cormun/servlet/trlicencias HTTP/1.1" 200 8017
186.103.156.24 - - [11/Apr/2017:09:36:23 -0300] "GET /cormun/servlet/trlicencias HTTP/1.1" 200 8012
186.103.156.24 - - [11/Apr/2017:09:36:31 -0300] "GET /cormun/servlet/trlicenciaspermisosadjuntos?11638014,20170411000000,L, HTTP/1.1" 200 6349
186.103.156.24 - - [11/Apr/2017:09:36:32 -0300] "GET /cormun/servlet/trlicenciaspermisosadjuntos?11638014,20170411000000,L, HTTP/1.1" 200 6350
186.103.156.24 - - [11/Apr/2017:09:36:37 -0300] "GET /cormun/servlet/licenciaspermisosadjuntos?INS,11638014,L,20170411000000,, HTTP/1.1" 200 5645
186.103.156.24 - - [11/Apr/2017:09:36:38 -0300] "GET /cormun/static/about:blank HTTP/1.1" 404 1011
