186.103.156.166 - - [11/Apr/2017:15:39:13 -0300] "GET /cormun/servlet/solicitudot?233094685bc752a2519aa62a4c26869a2d19aef7706e4b3677654b7692d35c21512709b09c2ba50a2c6362837bdf68edf32dd1b1912ba2cd8864311c1499afbbe99564b59ce9e6d1226100a95ef6df9b1528b9e48e4138830cec4cbd52421a4e9940f9dc7459da0c6550893b8dcc0e1f7d59ccabbbf824caecec51792317a122501c71d219821c28542d1575aa18e20e69a702b1fbbbffbfaed0438bf743ffc51e4b6ff175f7d0be6f7e0454d0c8e0577fb814e02c16c5a84df6413dc4db4dc478f7502d2b12eb6b3cbf3bad5d361dd55340e7773c8a250cd3435485bc9aaaf4f8dd9f742cb2925707e3860d717ec1d3efacc103a7d6cc8ce7170b61e543f53ddf712852fa1a77204cc2ce8be82383cc93c5875eef073cedacf5487ddd9ff97be097bad80723fad60b88b507d3fd0eb945ff7cca2548c1e3505257068667baf77283f4b9cc6fe273e09cf82c85de6f9b099667a4fc67fc02ea3b8826e1264414e6132c642a57ddb1271d5cc9194f02a1be778ba6dc1995e7c7d2b44695056b20,gx-no-cache=1491939617713 HTTP/1.1" 200 30
186.103.156.166 - - [11/Apr/2017:15:39:13 -0300] "POST /cormun/servlet/solicitudot?gx-no-cache=1491939618085 HTTP/1.1" 200 30
186.103.156.166 - - [11/Apr/2017:15:39:13 -0300] "POST /cormun/servlet/solicitudot?gx-no-cache=1491939618164 HTTP/1.1" 200 1291
186.103.156.166 - - [11/Apr/2017:15:39:13 -0300] "POST /cormun/servlet/solicitudot?gx-no-cache=1491939618291 HTTP/1.1" 200 38
192.168.10.13 - - [11/Apr/2017:15:39:18 -0300] "GET / HTTP/1.1" 200 11217
186.103.156.166 - - [11/Apr/2017:15:39:21 -0300] "GET /cormun/servlet/solicitudot?233094685bc752a2519aa62a4c26869a0b58478420bfb11b4675294918ad273aa201da1d54dcabd6c47ad1f3c38af042fe8a3c0eed32d8e424df18a776a8cac74ce772325bd2ed9892ae9ea3ecfb0436a88a787410e73999621c02abb12682d8a00ed28d90bcec92cc19315717e7af5b260b5f2e8ea100109baab26868397b764c8de4cbd7881e89caee86c9fe5ea50c1f14fc9a821e2fe352e04c51280cea17,gx-no-cache=1491939626499 HTTP/1.1" 200 29
186.103.156.166 - - [11/Apr/2017:15:39:21 -0300] "POST /cormun/servlet/solicitudot?gx-no-cache=1491939626604 HTTP/1.1" 200 1275
186.103.156.166 - - [11/Apr/2017:15:39:21 -0300] "POST /cormun/servlet/solicitudot?gx-no-cache=1491939626692 HTTP/1.1" 200 1157
186.79.159.104 - - [11/Apr/2017:15:39:43 -0300] "GET /cormun/servlet/permisogoce?INS,0,,, HTTP/1.1" 200 5936
186.79.159.104 - - [11/Apr/2017:15:39:44 -0300] "GET /cormun/static/gxcfg.js?201741111325459 HTTP/1.1" 200 953
186.79.159.104 - - [11/Apr/2017:15:39:44 -0300] "GET /cormun/static/permisogoce.js?20174111132557 HTTP/1.1" 200 26619
186.79.159.104 - - [11/Apr/2017:15:39:45 -0300] "GET /cormun/servlet/permisogoce?INS,0,,, HTTP/1.1" 200 5930
186.79.159.104 - - [11/Apr/2017:15:39:45 -0300] "GET /cormun/servlet/hlogin HTTP/1.1" 200 1747
186.79.159.104 - - [11/Apr/2017:15:39:46 -0300] "GET /cormun/static/gxcfg.js?201741110203197 HTTP/1.1" 200 953
186.79.159.104 - - [11/Apr/2017:15:39:46 -0300] "GET /cormun/static/hlogin.js?201741110203211 HTTP/1.1" 200 2136
207.46.13.148 - - [11/Apr/2017:15:39:54 -0300] "GET /cormun/servlet/solicitudotadjuntos?INS,2017,5772,,1, HTTP/1.1" 200 5176
186.79.159.104 - - [11/Apr/2017:15:40:12 -0300] "POST /cormun/servlet/hlogin?d2b84d731b8a63481b28dea6911fa8d5,gx-no-cache=1491939514419 HTTP/1.1" 200 90
186.79.159.104 - - [11/Apr/2017:15:40:12 -0300] "GET /cormun/servlet/hpexe_link HTTP/1.1" 200 966
186.79.159.104 - - [11/Apr/2017:15:40:12 -0300] "GET /cormun/static/gxcfg.js?201731711483381 HTTP/1.1" 200 953
186.79.159.104 - - [11/Apr/2017:15:40:12 -0300] "GET /cormun/servlet/permisogoce?INS,0,,, HTTP/1.1" 200 6398
186.79.159.104 - - [11/Apr/2017:15:40:12 -0300] "GET /cormun/static/gxcfg.js?201741111325459 HTTP/1.1" 304 -
186.79.159.104 - - [11/Apr/2017:15:40:13 -0300] "GET /cormun/static/permisogoce.js?20174111132557 HTTP/1.1" 304 -
186.79.159.104 - - [11/Apr/2017:15:40:14 -0300] "GET /cormun/servlet/permisogoce?INS,0,,, HTTP/1.1" 200 6397
186.79.159.104 - - [11/Apr/2017:15:40:18 -0300] "GET /cormun/servlet/prfichaempleado?,MD,,gxPopupLevel%3D0%3B HTTP/1.1" 200 8801
192.168.10.13 - - [11/Apr/2017:15:40:18 -0300] "GET / HTTP/1.1" 200 11217
186.103.156.166 - - [11/Apr/2017:15:40:24 -0300] "POST /cormun/servlet/solicitudot?gx-no-cache=1491939689729 HTTP/1.1" 200 1290
186.103.156.166 - - [11/Apr/2017:15:40:24 -0300] "POST /cormun/servlet/solicitudot?gx-no-cache=1491939689876 HTTP/1.1" 200 41
186.103.156.166 - - [11/Apr/2017:15:40:24 -0300] "POST /cormun/servlet/solicitudot?gx-no-cache=1491939689914 HTTP/1.1" 200 1273
186.103.156.166 - - [11/Apr/2017:15:40:25 -0300] "POST /cormun/servlet/solicitudot?gx-no-cache=1491939689986 HTTP/1.1" 200 1157
186.103.156.166 - - [11/Apr/2017:15:40:25 -0300] "GET /cormun/servlet/solicitudot?233094685bc752a2519aa62a4c26869a5dbefa73981cd569d091b62f6340a8ead18a108f7ec2e1b41657971e4cc6ba43e41000c7e3a611fa74c6b046f3b2d835dbacdeb62e2907479b06d720da0a7bad40b45fd3529a054497dae27f838bc6e8e38d41946dc21b1fdabf52276c33e2a02527aaf99313504120b74d84dcf3b559b24bf1e729867be05691570cf16e57d96bc4744265145172c83c2a025bdd21cba4336ce240c5544e6065ed0092287198,gx-no-cache=1491939690066 HTTP/1.1" 200 30
186.103.156.166 - - [11/Apr/2017:15:40:25 -0300] "POST /cormun/servlet/solicitudot?0153ea32fa894c7e7e2357852594b7f4,INS,0,0,,gx-no-cache=1491939690105 HTTP/1.1" 200 93
186.103.156.166 - - [11/Apr/2017:15:40:25 -0300] "GET /cormun/servlet/hpexe_return? HTTP/1.1" 200 1013
186.103.156.166 - - [11/Apr/2017:15:40:25 -0300] "GET /cormun/servlet/trsolicitudot HTTP/1.1" 200 8694
186.103.156.166 - - [11/Apr/2017:15:40:26 -0300] "GET /cormun/servlet/trsolicitudot HTTP/1.1" 200 8690
186.79.159.104 - - [11/Apr/2017:15:40:29 -0300] "POST /cormun/servlet/prfichaempleado?d2b84d731b8a63481b28dea6911fa8d5,,MD,,gxPopupLevel%3D0%3B,gx-no-cache=1491939531272 HTTP/1.1" 200 3395
186.103.156.166 - - [11/Apr/2017:15:40:30 -0300] "GET /cormun/servlet/trsolicitudot? HTTP/1.1" 200 8690
186.103.156.166 - - [11/Apr/2017:15:40:31 -0300] "GET /cormun/servlet/trsolicitudot? HTTP/1.1" 200 8690
186.103.156.166 - - [11/Apr/2017:15:40:33 -0300] "GET /cormun/servlet/solicitudot?INS,0,0, HTTP/1.1" 200 12768
186.103.156.166 - - [11/Apr/2017:15:40:33 -0300] "GET /cormun/servlet/solicitudot?INS,0,0, HTTP/1.1" 200 12773
186.79.159.104 - - [11/Apr/2017:15:40:40 -0300] "GET /cormun/servlet/permisogoce?3195e3e281575843dc5a1f83b084d77cc20612741061cc8e2a994ea3f4108fde95a4e1372207b8b89918a2b044f32602,gx-no-cache=1491939542628 HTTP/1.1" 200 73
186.79.159.104 - - [11/Apr/2017:15:40:40 -0300] "GET /cormun/static/menuarrow.gif HTTP/1.1" 404 1015
186.79.159.104 - - [11/Apr/2017:15:40:46 -0300] "GET /cormun/servlet/permisogoce?3195e3e281575843dc5a1f83b084d77c9c439988be92a46ae4266ae2ded6d2c99d4a9e7eeeee6bd0dd26083c17c7e97e82e84514d57a43114fb82e5e00cc96de,gx-no-cache=1491939548793 HTTP/1.1" 200 47
186.103.156.166 - - [11/Apr/2017:15:40:47 -0300] "POST /cormun/servlet/solicitudot?gx-no-cache=1491939712163 HTTP/1.1" 200 3175
186.103.156.166 - - [11/Apr/2017:15:40:47 -0300] "POST /cormun/servlet/solicitudot?0153ea32fa894c7e7e2357852594b7f4,INS,0,0,,gx-no-cache=1491939712375 HTTP/1.1" 200 9959
186.103.156.166 - - [11/Apr/2017:15:40:53 -0300] "GET /cormun/servlet/solicitudot?233094685bc752a2519aa62a4c26869ab23f72e56d4c35f08aefdfdf9d5d32d14fc140cbe048bdf0a1949edf01201387,gx-no-cache=1491939718021 HTTP/1.1" 200 30
186.103.156.166 - - [11/Apr/2017:15:40:53 -0300] "POST /cormun/servlet/solicitudot?gx-no-cache=1491939718093 HTTP/1.1" 200 256
186.103.156.166 - - [11/Apr/2017:15:40:53 -0300] "GET /cormun/servlet/solicitudot?233094685bc752a2519aa62a4c26869a2d19aef7706e4b3677654b7692d35c21d520db05478ab541af2cefd60795199ff32dd1b1912ba2cd8864311c1499afbbe99564b59ce9e6d1226100a95ef6df9b1528b9e48e4138830cec4cbd52421a4e9940f9dc7459da0c6550893b8dcc0e1f7d59ccabbbf824caecec51792317a122501c71d219821c28542d1575aa18e20e69a702b1fbbbffbfaed0438bf743ffc51e4b6ff175f7d0be6f7e0454d0c8e0577fb814e02c16c5a84df6413dc4db4dc478f7502d2b12eb6b3cbf3bad5d361dd55340e7773c8a250cd3435485bc9aaaf4f8dd9f742cb2925707e3860d717ec1d3efacc103a7d6cc8ce7170b61e543f53ddf712852fa1a77204cc2ce8be82383ccfacf27667a5357a837a76ba2d79316a14a18f2c8a1e7d74e0a37259d1555e65ff8403a00a2c9de98b39f69c53ab09284896914290d605eee881527f5ad052e45f1459a1a00d2a9c35680fab5a95cff9803d2fb78f074efe72849dc92814bf303a8e11fb26bbdf1e8453300210a84d116,gx-no-cache=1491939718143 HTTP/1.1" 200 30
186.103.156.166 - - [11/Apr/2017:15:40:53 -0300] "POST /cormun/servlet/solicitudot?gx-no-cache=1491939718509 HTTP/1.1" 200 30
186.103.156.166 - - [11/Apr/2017:15:40:54 -0300] "POST /cormun/servlet/solicitudot?gx-no-cache=1491939718591 HTTP/1.1" 200 1291
186.103.156.166 - - [11/Apr/2017:15:40:54 -0300] "POST /cormun/servlet/solicitudot?gx-no-cache=1491939719062 HTTP/1.1" 200 38
186.79.30.232 - - [11/Apr/2017:15:41:08 -0300] "GET /cormun/servlet/hlogin HTTP/1.1" 200 1728
186.79.30.232 - - [11/Apr/2017:15:41:08 -0300] "GET /cormun/static/gxcfg.js?201741110203197 HTTP/1.1" 304 -
186.79.30.232 - - [11/Apr/2017:15:41:08 -0300] "GET /cormun/static/hlogin.js?201741110203211 HTTP/1.1" 304 -
186.79.30.232 - - [11/Apr/2017:15:41:11 -0300] "POST /cormun/servlet/hlogin?8486183077847885a9b49c4aa60ddefa,gx-no-cache=1491936136754 HTTP/1.1" 200 90
186.79.30.232 - - [11/Apr/2017:15:41:11 -0300] "GET /cormun/servlet/hpexe_link HTTP/1.1" 200 956
186.79.30.232 - - [11/Apr/2017:15:41:11 -0300] "GET /cormun/servlet/hhome HTTP/1.1" 200 3724
186.79.30.232 - - [11/Apr/2017:15:41:12 -0300] "GET /cormun/servlet/hhome HTTP/1.1" 200 3725
186.79.30.232 - - [11/Apr/2017:15:41:15 -0300] "GET /cormun/servlet/trpermisosgoce? HTTP/1.1" 200 8822
186.79.30.232 - - [11/Apr/2017:15:41:16 -0300] "GET /cormun/static/gxcfg.js?20174111153177 HTTP/1.1" 304 -
186.79.30.232 - - [11/Apr/2017:15:41:16 -0300] "GET /cormun/static/trpermisosgoce.js?20174111153217 HTTP/1.1" 304 -
186.79.30.232 - - [11/Apr/2017:15:41:16 -0300] "GET /cormun/servlet/trpermisosgoce? HTTP/1.1" 200 8821
192.168.10.13 - - [11/Apr/2017:15:41:18 -0300] "GET / HTTP/1.1" 200 11217
186.103.156.166 - - [11/Apr/2017:15:41:20 -0300] "POST /cormun/servlet/solicitudot?gx-no-cache=1491939744968 HTTP/1.1" 200 30
186.79.159.104 - - [11/Apr/2017:15:41:21 -0300] "POST /cormun/servlet/permisogoce?d2b84d731b8a63481b28dea6911fa8d5,INS,0,,,,gx-no-cache=1491939583432 HTTP/1.1" 200 93
186.79.159.104 - - [11/Apr/2017:15:41:21 -0300] "GET /cormun/servlet/hpexe_return? HTTP/1.1" 200 1009
186.79.159.104 - - [11/Apr/2017:15:41:22 -0300] "GET /cormun/servlet/hhome HTTP/1.1" 200 3788
186.79.159.104 - - [11/Apr/2017:15:41:23 -0300] "GET /cormun/servlet/hhome HTTP/1.1" 200 3786
186.103.156.166 - - [11/Apr/2017:15:41:24 -0300] "POST /cormun/servlet/solicitudot?gx-no-cache=1491939749532 HTTP/1.1" 200 1291
186.103.156.166 - - [11/Apr/2017:15:41:24 -0300] "POST /cormun/servlet/solicitudot?gx-no-cache=1491939749643 HTTP/1.1" 200 38
186.103.156.166 - - [11/Apr/2017:15:41:33 -0300] "GET /cormun/servlet/solicitudot?233094685bc752a2519aa62a4c26869a0b58478420bfb11b4675294918ad273aa201da1d54dcabd6c47ad1f3c38af042fe8a3c0eed32d8e424df18a776a8cac74ce772325bd2ed9892ae9ea3ecfb0436a88a787410e73999621c02abb12682d8a00ed28d90bcec92cc19315717e7af5b260b5f2e8ea100109baab26868397b764c8de4cbd7881e89caee86c9fe5ea50c1f14fc9a821e2fe352e04c51280cea17,gx-no-cache=1491939758551 HTTP/1.1" 200 29
186.103.156.166 - - [11/Apr/2017:15:41:33 -0300] "POST /cormun/servlet/solicitudot?gx-no-cache=1491939758616 HTTP/1.1" 200 1273
186.103.156.166 - - [11/Apr/2017:15:41:33 -0300] "POST /cormun/servlet/solicitudot?gx-no-cache=1491939758701 HTTP/1.1" 200 1157
186.103.156.166 - - [11/Apr/2017:15:41:59 -0300] "GET /cormun/servlet/solicitudot?233094685bc752a2519aa62a4c26869a3b4dc64f3f814789872482a633408629fe52df61d9013305a23e20e04f873186e41000c7e3a611fa74c6b046f3b2d835dbacdeb62e2907479b06d720da0a7bad40b45fd3529a054497dae27f838bc6e8e38d41946dc21b1fdabf52276c33e2a02527aaf99313504120b74d84dcf3b559b24bf1e729867be05691570cf16e57d96bc4744265145172c83c2a025bdd21cba4336ce240c5544e6065ed0092287198,gx-no-cache=1491939784687 HTTP/1.1" 200 30
186.103.156.166 - - [11/Apr/2017:15:42:00 -0300] "POST /cormun/servlet/solicitudot?0153ea32fa894c7e7e2357852594b7f4,INS,0,0,,gx-no-cache=1491939784889 HTTP/1.1" 200 93
186.103.156.166 - - [11/Apr/2017:15:42:00 -0300] "GET /cormun/servlet/hpexe_return? HTTP/1.1" 200 1013
186.103.156.166 - - [11/Apr/2017:15:42:00 -0300] "GET /cormun/servlet/trsolicitudot HTTP/1.1" 200 8992
186.103.156.166 - - [11/Apr/2017:15:42:01 -0300] "GET /cormun/servlet/trsolicitudot HTTP/1.1" 200 8988
186.103.156.166 - - [11/Apr/2017:15:42:08 -0300] "POST /cormun/servlet/trsolicitudot?0153ea32fa894c7e7e2357852594b7f4,gx-no-cache=1491939793126 HTTP/1.1" 200 5886
186.103.156.166 - - [11/Apr/2017:15:42:08 -0300] "GET /cormun/static/Shared/jqueryui/images/ui-bg_highlight-soft_100_c6c2c8_1x100.png HTTP/1.1" 404 1117
186.103.156.166 - - [11/Apr/2017:15:42:08 -0300] "GET /cormun/static/Shared/jqueryui/images/ui-icons_82798d_256x240.png HTTP/1.1" 404 1089
186.103.156.166 - - [11/Apr/2017:15:42:08 -0300] "GET /cormun/static/Shared/jqueryui/images/ui-icons_8d78a5_256x240.png HTTP/1.1" 404 1089
186.103.156.166 - - [11/Apr/2017:15:42:08 -0300] "GET /cormun/static/Shared/jqueryui/images/ui-bg_flat_55_fafafa_40x100.png HTTP/1.1" 404 1097
186.103.156.166 - - [11/Apr/2017:15:42:08 -0300] "POST /cormun/servlet/trsolicitudot?0153ea32fa894c7e7e2357852594b7f4,gx-no-cache=1491939793562 HTTP/1.1" 200 5828
186.79.159.104 - - [11/Apr/2017:15:42:10 -0300] "GET /cormun/servlet/trpermisosgoce? HTTP/1.1" 200 9309
186.79.159.104 - - [11/Apr/2017:15:42:10 -0300] "GET /cormun/static/gxcfg.js?20174111153177 HTTP/1.1" 200 953
186.79.159.104 - - [11/Apr/2017:15:42:10 -0300] "GET /cormun/static/trpermisosgoce.js?20174111153217 HTTP/1.1" 200 32899
186.79.159.104 - - [11/Apr/2017:15:42:12 -0300] "GET /cormun/servlet/trpermisosgoce? HTTP/1.1" 200 9307
186.103.156.166 - - [11/Apr/2017:15:42:13 -0300] "POST /cormun/servlet/trsolicitudot?0153ea32fa894c7e7e2357852594b7f4,gx-no-cache=1491939798030 HTTP/1.1" 200 5428
186.103.156.166 - - [11/Apr/2017:15:42:13 -0300] "POST /cormun/servlet/trsolicitudot?0153ea32fa894c7e7e2357852594b7f4,gx-no-cache=1491939798285 HTTP/1.1" 200 5372
192.168.10.13 - - [11/Apr/2017:15:42:18 -0300] "GET / HTTP/1.1" 200 11217
186.79.159.104 - - [11/Apr/2017:15:42:23 -0300] "GET /cormun/servlet/permisogoce?INS,0,,, HTTP/1.1" 200 6563
186.79.159.104 - - [11/Apr/2017:15:42:23 -0300] "GET /cormun/static/gxcfg.js?201741111325459 HTTP/1.1" 304 -
186.79.159.104 - - [11/Apr/2017:15:42:23 -0300] "GET /cormun/static/permisogoce.js?20174111132557 HTTP/1.1" 304 -
186.79.159.104 - - [11/Apr/2017:15:42:24 -0300] "GET /cormun/servlet/permisogoce?INS,0,,, HTTP/1.1" 200 6562
192.168.10.89 - - [11/Apr/2017:15:42:25 -0300] "POST /cormun/servlet/trpermisosgeneralesgoce?32099b5e361cb250a1d38a1c8f2a83c5,,gx-no-cache=1491939420312 HTTP/1.1" 200 5967
186.79.159.104 - - [11/Apr/2017:15:42:29 -0300] "GET /cormun/servlet/prfichaempleado?,MD,,gxPopupLevel%3D0%3B HTTP/1.1" 200 8801
186.79.159.104 - - [11/Apr/2017:15:42:41 -0300] "POST /cormun/servlet/prfichaempleado?d2b84d731b8a63481b28dea6911fa8d5,,MD,,gxPopupLevel%3D0%3B,gx-no-cache=1491939663604 HTTP/1.1" 200 3397
186.79.159.104 - - [11/Apr/2017:15:42:46 -0300] "GET /cormun/servlet/permisogoce?3195e3e281575843dc5a1f83b084d77caa0ec99d7b3a9094d1be067320964a5595a4e1372207b8b89918a2b044f32602,gx-no-cache=1491939668387 HTTP/1.1" 200 68
186.79.159.104 - - [11/Apr/2017:15:42:46 -0300] "GET /cormun/static/menuarrow.gif HTTP/1.1" 404 1015
186.79.159.104 - - [11/Apr/2017:15:42:50 -0300] "GET /cormun/servlet/permisogoce?3195e3e281575843dc5a1f83b084d77c435a6cebbef659404f8f254c12ad49c4a21970d7334298c3a3269f7e0b544c5182e84514d57a43114fb82e5e00cc96de,gx-no-cache=1491939672295 HTTP/1.1" 200 47
192.168.10.89 - - [11/Apr/2017:15:43:05 -0300] "GET /cormun/servlet/trpermisosadjuntos?18042371,20170411151013,P, HTTP/1.1" 200 6754
192.168.10.89 - - [11/Apr/2017:15:43:09 -0300] "GET /cormun/servlet/trpermisosgeneralesgoce? HTTP/1.1" 200 9109
186.79.159.104 - - [11/Apr/2017:15:43:13 -0300] "POST /cormun/servlet/permisogoce?d2b84d731b8a63481b28dea6911fa8d5,INS,0,,,,gx-no-cache=1491939695498 HTTP/1.1" 200 93
186.79.159.104 - - [11/Apr/2017:15:43:13 -0300] "GET /cormun/servlet/hpexe_return? HTTP/1.1" 200 1011
186.79.159.104 - - [11/Apr/2017:15:43:14 -0300] "GET /cormun/servlet/trpermisosgoce HTTP/1.1" 200 9488
186.79.159.104 - - [11/Apr/2017:15:43:14 -0300] "GET /cormun/static/gxcfg.js?20174111153177 HTTP/1.1" 304 -
186.79.159.104 - - [11/Apr/2017:15:43:14 -0300] "GET /cormun/static/trpermisosgoce.js?20174111153217 HTTP/1.1" 304 -
186.79.159.104 - - [11/Apr/2017:15:43:16 -0300] "GET /cormun/servlet/trpermisosgoce HTTP/1.1" 200 9483
192.168.10.13 - - [11/Apr/2017:15:43:18 -0300] "GET / HTTP/1.1" 200 11217
186.79.159.104 - - [11/Apr/2017:15:43:20 -0300] "GET /cormun/servlet/apermisogoceprn?10254601,P,20170411163556,PU HTTP/1.1" 200 1649
186.79.159.104 - - [11/Apr/2017:15:43:41 -0300] "GET /cormun/servlet/apermisogoceprn?12293195,P,20170411163748,PU HTTP/1.1" 200 1655
192.168.10.13 - - [11/Apr/2017:15:44:18 -0300] "GET / HTTP/1.1" 200 11217
192.168.10.89 - - [11/Apr/2017:15:44:34 -0300] "GET /cormun/servlet/trpermisosadjuntos?18042371,20170411151013,P, HTTP/1.1" 200 6754
192.168.10.13 - - [11/Apr/2017:15:45:18 -0300] "GET / HTTP/1.1" 200 11217
192.168.10.89 - - [11/Apr/2017:15:45:21 -0300] "GET /cormun/servlet/trpermisosgeneralesgoce? HTTP/1.1" 200 9109
192.168.10.89 - - [11/Apr/2017:15:45:26 -0300] "GET /cormun/servlet/trlicenciasgenerales? HTTP/1.1" 200 12762
192.168.10.89 - - [11/Apr/2017:15:45:26 -0300] "GET /cormun/static/gxcfg.js?201741111444020 HTTP/1.1" 200 953
192.168.10.89 - - [11/Apr/2017:15:45:26 -0300] "GET /cormun/static/trlicenciasgenerales.js?201741111444553 HTTP/1.1" 200 34807
192.168.10.89 - - [11/Apr/2017:15:45:36 -0300] "POST /cormun/servlet/trlicenciasgenerales?32099b5e361cb250a1d38a1c8f2a83c5,,gx-no-cache=1491939611259 HTTP/1.1" 200 5711
192.168.10.89 - - [11/Apr/2017:15:45:45 -0300] "POST /cormun/servlet/trlicenciasgenerales?32099b5e361cb250a1d38a1c8f2a83c5,,gx-no-cache=1491939620586 HTTP/1.1" 200 10001
192.168.10.13 - - [11/Apr/2017:15:46:18 -0300] "GET / HTTP/1.1" 200 11217
192.168.10.13 - - [11/Apr/2017:15:47:18 -0300] "GET / HTTP/1.1" 200 11217
192.168.10.89 - - [11/Apr/2017:15:47:20 -0300] "GET /cormun/servlet/trpermisosgeneralesgoce? HTTP/1.1" 200 9109
192.168.10.13 - - [11/Apr/2017:15:48:18 -0300] "GET / HTTP/1.1" 200 11217
200.111.191.210 - - [11/Apr/2017:15:48:42 -0300] "POST /cormun/servlet/hlogin?0d9ac00c8b81d1a511e9f5eff9a3fc7c,gx-no-cache=1491940088380 HTTP/1.1" 440 972
200.111.191.210 - - [11/Apr/2017:15:48:43 -0300] "GET /cormun/servlet/hlogin HTTP/1.1" 200 1726
200.111.191.210 - - [11/Apr/2017:15:48:43 -0300] "GET /cormun/static/gxcfg.js?201741110203197 HTTP/1.1" 200 953
200.111.191.210 - - [11/Apr/2017:15:48:43 -0300] "GET /cormun/static/hlogin.js?201741110203211 HTTP/1.1" 200 2136
200.111.191.210 - - [11/Apr/2017:15:48:48 -0300] "POST /cormun/servlet/hlogin?67495d22011d0812e5f9bf3ed95f2947,gx-no-cache=1491940094123 HTTP/1.1" 200 90
200.111.191.210 - - [11/Apr/2017:15:48:48 -0300] "GET /cormun/servlet/hpexe_link HTTP/1.1" 200 947
200.111.191.210 - - [11/Apr/2017:15:48:48 -0300] "GET /cormun/static/gxcfg.js?201731711483381 HTTP/1.1" 200 953
200.111.191.210 - - [11/Apr/2017:15:48:48 -0300] "GET /cormun/servlet/hhome HTTP/1.1" 200 3768
200.111.191.210 - - [11/Apr/2017:15:48:48 -0300] "GET /cormun/static/gxcfg.js?201731711483497 HTTP/1.1" 200 953
200.111.191.210 - - [11/Apr/2017:15:48:49 -0300] "GET /cormun/servlet/hhome HTTP/1.1" 200 3764
200.111.191.210 - - [11/Apr/2017:15:48:50 -0300] "GET /cormun/servlet/trpermisosgoce? HTTP/1.1" 200 10595
200.111.191.210 - - [11/Apr/2017:15:48:50 -0300] "GET /cormun/static/gxcfg.js?20174111153177 HTTP/1.1" 200 953
200.111.191.210 - - [11/Apr/2017:15:48:51 -0300] "GET /cormun/static/trpermisosgoce.js?20174111153217 HTTP/1.1" 200 32899
200.111.191.210 - - [11/Apr/2017:15:48:51 -0300] "GET /cormun/servlet/trpermisosgoce? HTTP/1.1" 200 10593
200.111.191.210 - - [11/Apr/2017:15:48:55 -0300] "POST /cormun/servlet/trpermisosgoce?67495d22011d0812e5f9bf3ed95f2947,,gx-no-cache=1491940100682 HTTP/1.1" 200 7792
200.111.191.210 - - [11/Apr/2017:15:48:55 -0300] "GET /cormun/static/Shared/jqueryui/images/ui-bg_highlight-soft_100_c6c2c8_1x100.png HTTP/1.1" 404 1117
200.111.191.210 - - [11/Apr/2017:15:48:55 -0300] "GET /cormun/static/Shared/jqueryui/images/ui-icons_8d78a5_256x240.png HTTP/1.1" 404 1089
200.111.191.210 - - [11/Apr/2017:15:48:55 -0300] "GET /cormun/static/Shared/jqueryui/images/ui-icons_82798d_256x240.png HTTP/1.1" 404 1089
200.111.191.210 - - [11/Apr/2017:15:48:55 -0300] "GET /cormun/static/Shared/jqueryui/images/ui-bg_flat_55_fafafa_40x100.png HTTP/1.1" 404 1097
200.111.191.210 - - [11/Apr/2017:15:48:56 -0300] "POST /cormun/servlet/trpermisosgoce?67495d22011d0812e5f9bf3ed95f2947,,gx-no-cache=1491940102293 HTTP/1.1" 200 7508
200.111.191.210 - - [11/Apr/2017:15:48:58 -0300] "POST /cormun/servlet/trpermisosgoce?67495d22011d0812e5f9bf3ed95f2947,,gx-no-cache=1491940103627 HTTP/1.1" 200 7274
200.111.191.210 - - [11/Apr/2017:15:49:01 -0300] "POST /cormun/servlet/trpermisosgoce?67495d22011d0812e5f9bf3ed95f2947,,gx-no-cache=1491940106515 HTTP/1.1" 200 7069
200.111.191.210 - - [11/Apr/2017:15:49:03 -0300] "POST /cormun/servlet/trpermisosgoce?67495d22011d0812e5f9bf3ed95f2947,,gx-no-cache=1491940108711 HTTP/1.1" 200 6850
200.111.191.210 - - [11/Apr/2017:15:49:06 -0300] "POST /cormun/servlet/trpermisosgoce?67495d22011d0812e5f9bf3ed95f2947,,gx-no-cache=1491940111537 HTTP/1.1" 200 6617
200.111.191.210 - - [11/Apr/2017:15:49:07 -0300] "POST /cormun/servlet/trpermisosgoce?67495d22011d0812e5f9bf3ed95f2947,,gx-no-cache=1491940113103 HTTP/1.1" 200 6383
200.111.191.210 - - [11/Apr/2017:15:49:11 -0300] "POST /cormun/servlet/trpermisosgoce?67495d22011d0812e5f9bf3ed95f2947,,gx-no-cache=1491940116975 HTTP/1.1" 200 6158
200.111.191.210 - - [11/Apr/2017:15:49:12 -0300] "POST /cormun/servlet/trpermisosgoce?67495d22011d0812e5f9bf3ed95f2947,,gx-no-cache=1491940118100 HTTP/1.1" 200 5918
200.111.191.210 - - [11/Apr/2017:15:49:13 -0300] "POST /cormun/servlet/trpermisosgoce?67495d22011d0812e5f9bf3ed95f2947,,gx-no-cache=1491940119011 HTTP/1.1" 200 5683
192.168.10.13 - - [11/Apr/2017:15:49:18 -0300] "GET / HTTP/1.1" 200 11217
200.111.191.210 - - [11/Apr/2017:15:49:19 -0300] "POST /cormun/servlet/trpermisosgoce?67495d22011d0812e5f9bf3ed95f2947,,gx-no-cache=1491940124778 HTTP/1.1" 200 5469
200.111.191.210 - - [11/Apr/2017:15:49:19 -0300] "POST /cormun/servlet/trpermisosgoce?67495d22011d0812e5f9bf3ed95f2947,,gx-no-cache=1491940125451 HTTP/1.1" 200 5213
200.111.191.210 - - [11/Apr/2017:15:49:20 -0300] "POST /cormun/servlet/trpermisosgoce?67495d22011d0812e5f9bf3ed95f2947,,gx-no-cache=1491940126283 HTTP/1.1" 200 4982
200.111.191.210 - - [11/Apr/2017:15:49:21 -0300] "POST /cormun/servlet/trpermisosgoce?67495d22011d0812e5f9bf3ed95f2947,,gx-no-cache=1491940127019 HTTP/1.1" 200 4729
200.111.191.210 - - [11/Apr/2017:15:49:22 -0300] "POST /cormun/servlet/trpermisosgoce?67495d22011d0812e5f9bf3ed95f2947,,gx-no-cache=1491940127752 HTTP/1.1" 200 3993
200.111.191.210 - - [11/Apr/2017:15:49:25 -0300] "GET /cormun/servlet/trsolicitudot? HTTP/1.1" 200 8574
200.111.191.210 - - [11/Apr/2017:15:49:25 -0300] "GET /cormun/static/gxcfg.js?201731711505139 HTTP/1.1" 200 953
200.111.191.210 - - [11/Apr/2017:15:49:26 -0300] "GET /cormun/servlet/trsolicitudot? HTTP/1.1" 200 8574
200.111.191.210 - - [11/Apr/2017:15:49:28 -0300] "GET /cormun/servlet/hlogin HTTP/1.1" 200 1736
200.111.191.210 - - [11/Apr/2017:15:49:29 -0300] "GET /cormun/static/gxcfg.js?201741110203197 HTTP/1.1" 304 -
200.111.191.210 - - [11/Apr/2017:15:49:29 -0300] "GET /cormun/static/hlogin.js?201741110203211 HTTP/1.1" 304 -
192.168.10.13 - - [11/Apr/2017:15:50:18 -0300] "GET / HTTP/1.1" 200 11217
192.168.10.13 - - [11/Apr/2017:15:51:18 -0300] "GET / HTTP/1.1" 200 11217
192.168.10.13 - - [11/Apr/2017:15:52:18 -0300] "GET / HTTP/1.1" 200 11217
186.79.30.232 - - [11/Apr/2017:15:52:28 -0300] "POST /cormun/servlet/trpermisosgoce?8486183077847885a9b49c4aa60ddefa,,gx-no-cache=1491936813602 HTTP/1.1" 200 6010
186.79.30.232 - - [11/Apr/2017:15:52:28 -0300] "GET /cormun/static/Shared/jqueryui/images/ui-bg_highlight-soft_100_c6c2c8_1x100.png HTTP/1.1" 404 1117
186.79.30.232 - - [11/Apr/2017:15:52:28 -0300] "GET /cormun/static/Shared/jqueryui/images/ui-icons_82798d_256x240.png HTTP/1.1" 404 1089
186.79.30.232 - - [11/Apr/2017:15:52:28 -0300] "GET /cormun/static/Shared/jqueryui/images/ui-bg_flat_55_fafafa_40x100.png HTTP/1.1" 404 1097
186.79.30.232 - - [11/Apr/2017:15:52:28 -0300] "GET /cormun/static/Shared/jqueryui/images/ui-icons_8d78a5_256x240.png HTTP/1.1" 404 1089
186.79.30.232 - - [11/Apr/2017:15:52:38 -0300] "POST /cormun/servlet/trpermisosgoce?8486183077847885a9b49c4aa60ddefa,,gx-no-cache=1491936823799 HTTP/1.1" 200 5797
186.79.30.232 - - [11/Apr/2017:15:52:41 -0300] "POST /cormun/servlet/trpermisosgoce?8486183077847885a9b49c4aa60ddefa,,gx-no-cache=1491936826965 HTTP/1.1" 200 5447
186.79.30.232 - - [11/Apr/2017:15:52:43 -0300] "POST /cormun/servlet/trpermisosgoce?8486183077847885a9b49c4aa60ddefa,,gx-no-cache=1491936828765 HTTP/1.1" 200 5258
186.79.30.232 - - [11/Apr/2017:15:52:44 -0300] "POST /cormun/servlet/trpermisosgoce?8486183077847885a9b49c4aa60ddefa,,gx-no-cache=1491936830317 HTTP/1.1" 200 5008
186.79.30.232 - - [11/Apr/2017:15:52:46 -0300] "POST /cormun/servlet/trpermisosgoce?8486183077847885a9b49c4aa60ddefa,,gx-no-cache=1491936831581 HTTP/1.1" 200 4737
186.79.30.232 - - [11/Apr/2017:15:52:49 -0300] "POST /cormun/servlet/trpermisosgoce?8486183077847885a9b49c4aa60ddefa,,gx-no-cache=1491936835340 HTTP/1.1" 200 3998
192.168.10.13 - - [11/Apr/2017:15:53:18 -0300] "GET / HTTP/1.1" 200 11217
192.168.10.89 - - [11/Apr/2017:15:53:43 -0300] "POST /cormun/servlet/trpermisosgeneralesgoce?32099b5e361cb250a1d38a1c8f2a83c5,,gx-no-cache=1491940099118 HTTP/1.1" 200 8405
192.168.10.89 - - [11/Apr/2017:15:54:07 -0300] "POST /cormun/servlet/trpermisosgeneralesgoce?32099b5e361cb250a1d38a1c8f2a83c5,,gx-no-cache=1491940123196 HTTP/1.1" 200 5370
192.168.10.89 - - [11/Apr/2017:15:54:12 -0300] "POST /cormun/servlet/trpermisosgeneralesgoce?32099b5e361cb250a1d38a1c8f2a83c5,,gx-no-cache=1491940127991 HTTP/1.1" 200 5366
192.168.10.89 - - [11/Apr/2017:15:54:17 -0300] "POST /cormun/servlet/trpermisosgeneralesgoce?32099b5e361cb250a1d38a1c8f2a83c5,,gx-no-cache=1491940132705 HTTP/1.1" 200 8404
192.168.10.13 - - [11/Apr/2017:15:54:18 -0300] "GET / HTTP/1.1" 200 11217
200.111.191.210 - - [11/Apr/2017:15:54:24 -0300] "POST /cormun/servlet/hlogin?67495d22011d0812e5f9bf3ed95f2947,gx-no-cache=1491940429629 HTTP/1.1" 200 90
200.111.191.210 - - [11/Apr/2017:15:54:24 -0300] "GET /cormun/servlet/hpexe_link HTTP/1.1" 200 947
200.111.191.210 - - [11/Apr/2017:15:54:24 -0300] "GET /cormun/static/gxcfg.js?201731711483381 HTTP/1.1" 304 -
200.111.191.210 - - [11/Apr/2017:15:54:24 -0300] "GET /cormun/servlet/hhome HTTP/1.1" 200 3940
200.111.191.210 - - [11/Apr/2017:15:54:24 -0300] "GET /cormun/static/gxcfg.js?201731711483497 HTTP/1.1" 304 -
200.111.191.210 - - [11/Apr/2017:15:54:24 -0300] "GET /cormun/servlet/hhome HTTP/1.1" 200 3936
200.111.191.210 - - [11/Apr/2017:15:54:29 -0300] "GET /cormun/servlet/trautorizarpermisogoce? HTTP/1.1" 200 10835
200.111.191.210 - - [11/Apr/2017:15:54:29 -0300] "GET /cormun/static/gxcfg.js?20174111145711 HTTP/1.1" 200 953
200.111.191.210 - - [11/Apr/2017:15:54:29 -0300] "GET /cormun/static/trautorizarpermisogoce.js?201741111451072 HTTP/1.1" 200 32073
200.111.191.210 - - [11/Apr/2017:15:54:30 -0300] "GET /cormun/servlet/trautorizarpermisogoce? HTTP/1.1" 200 10833
192.168.10.89 - - [11/Apr/2017:15:54:36 -0300] "GET /cormun/servlet/trpermisosgeneralesgoce? HTTP/1.1" 200 11430
200.111.191.210 - - [11/Apr/2017:15:54:37 -0300] "POST /cormun/servlet/trautorizarpermisogoce?67495d22011d0812e5f9bf3ed95f2947,,gx-no-cache=1491940443512 HTTP/1.1" 200 8045
200.111.191.210 - - [11/Apr/2017:15:54:38 -0300] "GET /cormun/static/Shared/jqueryui/images/ui-bg_highlight-soft_100_c6c2c8_1x100.png HTTP/1.1" 404 1117
200.111.191.210 - - [11/Apr/2017:15:54:38 -0300] "GET /cormun/static/Shared/jqueryui/images/ui-icons_82798d_256x240.png HTTP/1.1" 404 1089
200.111.191.210 - - [11/Apr/2017:15:54:38 -0300] "GET /cormun/static/Shared/jqueryui/images/ui-bg_flat_55_fafafa_40x100.png HTTP/1.1" 404 1097
200.111.191.210 - - [11/Apr/2017:15:54:38 -0300] "GET /cormun/static/Shared/jqueryui/images/ui-icons_8d78a5_256x240.png HTTP/1.1" 404 1089
200.111.191.210 - - [11/Apr/2017:15:54:39 -0300] "POST /cormun/servlet/trautorizarpermisogoce?67495d22011d0812e5f9bf3ed95f2947,,gx-no-cache=1491940444885 HTTP/1.1" 200 7853
200.111.191.210 - - [11/Apr/2017:15:54:41 -0300] "POST /cormun/servlet/trautorizarpermisogoce?67495d22011d0812e5f9bf3ed95f2947,,gx-no-cache=1491940446500 HTTP/1.1" 200 7629
200.111.191.210 - - [11/Apr/2017:15:54:43 -0300] "POST /cormun/servlet/trautorizarpermisogoce?67495d22011d0812e5f9bf3ed95f2947,,gx-no-cache=1491940448853 HTTP/1.1" 200 7341
192.168.10.89 - - [11/Apr/2017:15:54:45 -0300] "POST /cormun/servlet/trpermisosgeneralesgoce?32099b5e361cb250a1d38a1c8f2a83c5,,gx-no-cache=1491940160629 HTTP/1.1" 200 5364
200.111.191.210 - - [11/Apr/2017:15:54:46 -0300] "POST /cormun/servlet/trautorizarpermisogoce?67495d22011d0812e5f9bf3ed95f2947,,gx-no-cache=1491940451512 HTTP/1.1" 200 7099
192.168.10.89 - - [11/Apr/2017:15:54:50 -0300] "POST /cormun/servlet/trpermisosgeneralesgoce?32099b5e361cb250a1d38a1c8f2a83c5,,gx-no-cache=1491940165981 HTTP/1.1" 200 7587
200.111.191.210 - - [11/Apr/2017:15:54:55 -0300] "POST /cormun/servlet/trautorizarpermisogoce?67495d22011d0812e5f9bf3ed95f2947,,gx-no-cache=1491940461225 HTTP/1.1" 200 6892
200.111.191.210 - - [11/Apr/2017:15:54:58 -0300] "POST /cormun/servlet/trautorizarpermisogoce?67495d22011d0812e5f9bf3ed95f2947,,gx-no-cache=1491940463815 HTTP/1.1" 200 6665
200.111.191.210 - - [11/Apr/2017:15:54:59 -0300] "POST /cormun/servlet/trautorizarpermisogoce?67495d22011d0812e5f9bf3ed95f2947,,gx-no-cache=1491940465016 HTTP/1.1" 200 6429
200.111.191.210 - - [11/Apr/2017:15:55:01 -0300] "POST /cormun/servlet/trautorizarpermisogoce?67495d22011d0812e5f9bf3ed95f2947,,gx-no-cache=1491940466723 HTTP/1.1" 200 6213
200.111.191.210 - - [11/Apr/2017:15:55:02 -0300] "POST /cormun/servlet/trautorizarpermisogoce?67495d22011d0812e5f9bf3ed95f2947,,gx-no-cache=1491940468040 HTTP/1.1" 200 6009
200.111.191.210 - - [11/Apr/2017:15:55:03 -0300] "POST /cormun/servlet/trautorizarpermisogoce?67495d22011d0812e5f9bf3ed95f2947,,gx-no-cache=1491940469072 HTTP/1.1" 200 5806
200.111.191.210 - - [11/Apr/2017:15:55:07 -0300] "POST /cormun/servlet/trautorizarpermisogoce?67495d22011d0812e5f9bf3ed95f2947,,gx-no-cache=1491940473273 HTTP/1.1" 200 130
200.111.191.210 - - [11/Apr/2017:15:55:07 -0300] "GET /cormun/servlet/licenciaspermisoslog?INS,18798648,P,20170320170700,0,NU, HTTP/1.1" 200 5812
200.111.191.210 - - [11/Apr/2017:15:55:07 -0300] "GET /cormun/static/gxcfg.js?201731711423236 HTTP/1.1" 200 953
200.111.191.210 - - [11/Apr/2017:15:55:07 -0300] "GET /cormun/static/licenciaspermisoslog.js?201731711423249 HTTP/1.1" 200 9246
200.111.191.210 - - [11/Apr/2017:15:55:08 -0300] "GET /cormun/servlet/licenciaspermisoslog?INS,18798648,P,20170320170700,0,NU, HTTP/1.1" 200 5812
192.168.10.89 - - [11/Apr/2017:15:55:08 -0300] "POST /cormun/servlet/trpermisosgeneralesgoce?32099b5e361cb250a1d38a1c8f2a83c5,,gx-no-cache=1491940183784 HTTP/1.1" 200 5366
192.168.10.89 - - [11/Apr/2017:15:55:12 -0300] "POST /cormun/servlet/trpermisosgeneralesgoce?32099b5e361cb250a1d38a1c8f2a83c5,,gx-no-cache=1491940187986 HTTP/1.1" 200 7629
192.168.10.13 - - [11/Apr/2017:15:55:18 -0300] "GET / HTTP/1.1" 200 11217
200.111.191.210 - - [11/Apr/2017:15:55:35 -0300] "GET /cormun/servlet/licenciaspermisoslog?14e0be3dc344362a7261b13ec6d5e60ec0e752513b0b9a9d9541385db7327fdaf75d481c2d44e061814aeda621dd825fc9463389becff8e04decd518ce3bae63abcbaf873d01a274ebed84afbf6470e9b1a435b6835d237995eaf32c81211e3c,gx-no-cache=1491940501009 HTTP/1.1" 200 120
200.111.191.210 - - [11/Apr/2017:15:55:35 -0300] "GET /cormun/static/Shared/jqueryui/images/ui-bg_highlight-soft_100_c6c2c8_1x100.png HTTP/1.1" 404 1117
200.111.191.210 - - [11/Apr/2017:15:55:35 -0300] "GET /cormun/static/Shared/jqueryui/images/ui-icons_82798d_256x240.png HTTP/1.1" 404 1089
200.111.191.210 - - [11/Apr/2017:15:55:35 -0300] "GET /cormun/static/Shared/jqueryui/images/ui-icons_ebccce_256x240.png HTTP/1.1" 404 1089
200.111.191.210 - - [11/Apr/2017:15:55:35 -0300] "GET /cormun/static/Shared/jqueryui/images/ui-bg_flat_55_994d53_40x100.png HTTP/1.1" 404 1097
200.111.191.210 - - [11/Apr/2017:15:55:35 -0300] "GET /cormun/servlet/licenciaspermisoslog?14e0be3dc344362a7261b13ec6d5e60ec0e752513b0b9a9d9541385db7327fdaf75d481c2d44e061814aeda621dd825fc9463389becff8e04decd518ce3bae63abcbaf873d01a274ebed84afbf6470e9b1a435b6835d237995eaf32c81211e3c,gx-no-cache=1491940501098 HTTP/1.1" 200 120
200.111.191.210 - - [11/Apr/2017:15:55:35 -0300] "POST /cormun/servlet/licenciaspermisoslog?67495d22011d0812e5f9bf3ed95f2947,INS,18798648,P,20170320170700,0,NU,,gx-no-cache=1491940501122 HTTP/1.1" 200 3783
200.111.191.210 - - [11/Apr/2017:15:55:38 -0300] "GET /cormun/servlet/licenciaspermisoslog?14e0be3dc344362a7261b13ec6d5e60ec0e752513b0b9a9d9541385db7327fdaf75d481c2d44e061814aeda621dd825fc9463389becff8e04decd518ce3bae63abcbaf873d01a274ebed84afbf6470e9b1a435b6835d237995eaf32c81211e3c,gx-no-cache=1491940503930 HTTP/1.1" 200 120
200.111.191.210 - - [11/Apr/2017:15:55:38 -0300] "POST /cormun/servlet/licenciaspermisoslog?67495d22011d0812e5f9bf3ed95f2947,INS,18798648,P,20170320170700,0,NU,,gx-no-cache=1491940504250 HTTP/1.1" 200 3784
192.168.10.89 - - [11/Apr/2017:15:55:38 -0300] "GET /cormun/servlet/hlogin HTTP/1.1" 200 1745
200.111.191.210 - - [11/Apr/2017:15:55:39 -0300] "POST /cormun/servlet/licenciaspermisoslog?67495d22011d0812e5f9bf3ed95f2947,INS,18798648,P,20170320170700,0,NU,,gx-no-cache=1491940504683 HTTP/1.1" 200 93
200.111.191.210 - - [11/Apr/2017:15:55:39 -0300] "GET /cormun/servlet/hpexe_return? HTTP/1.1" 200 1039
200.111.191.210 - - [11/Apr/2017:15:55:39 -0300] "GET /cormun/static/gxcfg.js?2016101716175148 HTTP/1.1" 200 953
200.111.191.210 - - [11/Apr/2017:15:55:39 -0300] "GET /cormun/servlet/trautorizarpermisogoce? HTTP/1.1" 200 8440
200.111.191.210 - - [11/Apr/2017:15:55:39 -0300] "GET /cormun/static/gxcfg.js?20174111145711 HTTP/1.1" 304 -
200.111.191.210 - - [11/Apr/2017:15:55:39 -0300] "GET /cormun/static/trautorizarpermisogoce.js?201741111451072 HTTP/1.1" 304 -
200.111.191.210 - - [11/Apr/2017:15:55:39 -0300] "GET /cormun/servlet/trautorizarpermisogoce? HTTP/1.1" 200 8434
192.168.10.89 - - [11/Apr/2017:15:55:46 -0300] "POST /cormun/servlet/hlogin?32099b5e361cb250a1d38a1c8f2a83c5,gx-no-cache=1491940221886 HTTP/1.1" 200 90
192.168.10.89 - - [11/Apr/2017:15:55:46 -0300] "GET /cormun/servlet/hpexe_link HTTP/1.1" 200 953
192.168.10.89 - - [11/Apr/2017:15:55:47 -0300] "GET /cormun/servlet/hhome HTTP/1.1" 200 3774
192.168.10.89 - - [11/Apr/2017:15:55:50 -0300] "GET /cormun/servlet/trpermisosgoce? HTTP/1.1" 200 6531
192.168.10.89 - - [11/Apr/2017:15:55:50 -0300] "GET /cormun/static/gxcfg.js?20174111153177 HTTP/1.1" 200 953
192.168.10.89 - - [11/Apr/2017:15:55:50 -0300] "GET /cormun/static/trpermisosgoce.js?20174111153217 HTTP/1.1" 200 32899
200.111.191.210 - - [11/Apr/2017:15:55:50 -0300] "POST /cormun/servlet/trautorizarpermisogoce?67495d22011d0812e5f9bf3ed95f2947,,gx-no-cache=1491940516199 HTTP/1.1" 200 5610
200.111.191.210 - - [11/Apr/2017:15:55:50 -0300] "GET /cormun/static/Shared/jqueryui/images/ui-icons_82798d_256x240.png HTTP/1.1" 404 1089
200.111.191.210 - - [11/Apr/2017:15:55:50 -0300] "GET /cormun/static/Shared/jqueryui/images/ui-bg_highlight-soft_100_c6c2c8_1x100.png HTTP/1.1" 404 1117
200.111.191.210 - - [11/Apr/2017:15:55:50 -0300] "GET /cormun/static/Shared/jqueryui/images/ui-bg_flat_55_fafafa_40x100.png HTTP/1.1" 404 1097
200.111.191.210 - - [11/Apr/2017:15:55:50 -0300] "GET /cormun/static/Shared/jqueryui/images/ui-icons_8d78a5_256x240.png HTTP/1.1" 404 1089
200.111.191.210 - - [11/Apr/2017:15:55:52 -0300] "POST /cormun/servlet/trautorizarpermisogoce?67495d22011d0812e5f9bf3ed95f2947,,gx-no-cache=1491940517627 HTTP/1.1" 200 5365
200.111.191.210 - - [11/Apr/2017:15:55:53 -0300] "POST /cormun/servlet/trautorizarpermisogoce?67495d22011d0812e5f9bf3ed95f2947,,gx-no-cache=1491940518939 HTTP/1.1" 200 5148
192.168.10.89 - - [11/Apr/2017:15:55:54 -0300] "GET /cormun/static/menuarrow.gif HTTP/1.1" 404 1015
192.168.10.89 - - [11/Apr/2017:15:55:58 -0300] "POST /cormun/servlet/trpermisosgoce?32099b5e361cb250a1d38a1c8f2a83c5,,gx-no-cache=1491940233406 HTTP/1.1" 200 4989
192.168.10.89 - - [11/Apr/2017:15:56:06 -0300] "POST /cormun/servlet/trpermisosgoce?32099b5e361cb250a1d38a1c8f2a83c5,,gx-no-cache=1491940242068 HTTP/1.1" 200 4922
192.168.10.89 - - [11/Apr/2017:15:56:14 -0300] "POST /cormun/servlet/trpermisosgoce?32099b5e361cb250a1d38a1c8f2a83c5,,gx-no-cache=1491940249713 HTTP/1.1" 200 3874
192.168.10.13 - - [11/Apr/2017:15:56:18 -0300] "GET / HTTP/1.1" 200 11217
192.168.10.89 - - [11/Apr/2017:15:56:18 -0300] "POST /cormun/servlet/trpermisosgoce?32099b5e361cb250a1d38a1c8f2a83c5,,gx-no-cache=1491940253469 HTTP/1.1" 200 13988
192.168.10.89 - - [11/Apr/2017:15:56:49 -0300] "GET /cormun/servlet/hlogin HTTP/1.1" 200 1742
192.168.10.89 - - [11/Apr/2017:15:56:49 -0300] "GET /cormun/static/gxcfg.js?201741110203197 HTTP/1.1" 304 -
192.168.10.89 - - [11/Apr/2017:15:56:52 -0300] "GET /cormunbeta/servlet/hlogin HTTP/1.1" 200 1725
192.168.10.89 - - [11/Apr/2017:15:57:08 -0300] "POST /cormunbeta/servlet/hlogin?b1917761a834d727d3e8de0a4a821cdf,gx-no-cache=1491940303767 HTTP/1.1" 200 425
192.168.10.89 - - [11/Apr/2017:15:57:11 -0300] "POST /cormunbeta/servlet/hlogin?b1917761a834d727d3e8de0a4a821cdf,gx-no-cache=1491940307263 HTTP/1.1" 200 425
192.168.10.13 - - [11/Apr/2017:15:57:18 -0300] "GET / HTTP/1.1" 200 11217
192.168.10.89 - - [11/Apr/2017:15:57:22 -0300] "POST /cormunbeta/servlet/hlogin?b1917761a834d727d3e8de0a4a821cdf,gx-no-cache=1491940317524 HTTP/1.1" 200 90
192.168.10.89 - - [11/Apr/2017:15:57:22 -0300] "GET /cormunbeta/servlet/hpexe_link HTTP/1.1" 200 958
192.168.10.89 - - [11/Apr/2017:15:57:22 -0300] "GET /cormunbeta/static/gxcfg.js?201731711483381 HTTP/1.1" 304 -
192.168.10.89 - - [11/Apr/2017:15:57:22 -0300] "GET /cormunbeta/static/hpexe_link.js?201731711483384 HTTP/1.1" 304 -
192.168.10.89 - - [11/Apr/2017:15:57:23 -0300] "GET /cormunbeta/servlet/hhome HTTP/1.1" 200 4333
192.168.10.89 - - [11/Apr/2017:15:57:23 -0300] "GET /cormunbeta/static/gxcfg.js?201731711483497 HTTP/1.1" 304 -
192.168.10.89 - - [11/Apr/2017:15:57:23 -0300] "GET /cormunbeta/static/hhome.js?20173171148352 HTTP/1.1" 304 -
192.168.10.89 - - [11/Apr/2017:15:57:23 -0300] "GET /cormunbeta/static/hwchdr01.js?201731711335950 HTTP/1.1" 304 -
192.168.10.89 - - [11/Apr/2017:15:57:23 -0300] "GET /cormunbeta/static/hpexe_recentlink.js?201610171694390 HTTP/1.1" 304 -
192.168.10.89 - - [11/Apr/2017:15:57:23 -0300] "GET /cormunbeta/static/hpexe_scripts.js?201731711335890 HTTP/1.1" 304 -
192.168.10.89 - - [11/Apr/2017:15:57:23 -0300] "GET /cormunbeta/static/hpexe_messagecontroller.js?201610171694323 HTTP/1.1" 304 -
192.168.10.89 - - [11/Apr/2017:15:57:23 -0300] "GET /cormunbeta/static/hpexe_messagepopupcomponent.js?20161017169425 HTTP/1.1" 304 -
192.168.10.89 - - [11/Apr/2017:15:57:23 -0300] "GET /cormunbeta/static/hpexe_messagegenexuscomponent.js?201731711335537 HTTP/1.1" 304 -
192.168.10.89 - - [11/Apr/2017:15:57:23 -0300] "GET /cormunbeta/static/cmcontrolpreferences.js?201731711335852 HTTP/1.1" 304 -
192.168.10.89 - - [11/Apr/2017:15:57:23 -0300] "GET /cormunbeta/static/hmpwkw03.js?201731711485354 HTTP/1.1" 304 -
192.168.10.89 - - [11/Apr/2017:15:57:30 -0300] "GET /cormunbeta/servlet/trpermisosgoce? HTTP/1.1" 200 7134
192.168.10.89 - - [11/Apr/2017:15:57:31 -0300] "GET /cormunbeta/static/gxcfg.js?20173171154124 HTTP/1.1" 200 953
192.168.10.89 - - [11/Apr/2017:15:57:31 -0300] "GET /cormunbeta/static/calendar.js?85251 HTTP/1.1" 304 -
192.168.10.89 - - [11/Apr/2017:15:57:31 -0300] "GET /cormunbeta/static/calendar-setup.js?85251 HTTP/1.1" 304 -
192.168.10.89 - - [11/Apr/2017:15:57:31 -0300] "GET /cormunbeta/static/calendar-es.js?85251 HTTP/1.1" 304 -
192.168.10.89 - - [11/Apr/2017:15:57:31 -0300] "GET /cormunbeta/static/trpermisosgoce.js?20173171154177 HTTP/1.1" 200 31906
192.168.10.89 - - [11/Apr/2017:15:57:36 -0300] "GET /cormunbeta/servlet/permisogoce?INS,0,,, HTTP/1.1" 200 7134
192.168.10.89 - - [11/Apr/2017:15:57:36 -0300] "GET /cormunbeta/static/gxcfg.js?201731711422032 HTTP/1.1" 200 953
192.168.10.89 - - [11/Apr/2017:15:57:36 -0300] "GET /cormunbeta/static/gxdec.js?85251 HTTP/1.1" 304 -
192.168.10.89 - - [11/Apr/2017:15:57:36 -0300] "GET /cormunbeta/static/Resources/prompt.gif HTTP/1.1" 200 902
192.168.10.89 - - [11/Apr/2017:15:57:36 -0300] "GET /cormunbeta/static/permisogoce.js?20173171142217 HTTP/1.1" 200 26144
192.168.10.89 - - [11/Apr/2017:15:57:39 -0300] "GET /cormunbeta/static/Resources/resize.gif HTTP/1.1" 200 77
192.168.10.89 - - [11/Apr/2017:15:57:41 -0300] "GET /cormunbeta/servlet/prfichaempleado?,MD,,gxPopupLevel%3D0%3B HTTP/1.1" 200 9193
192.168.10.89 - - [11/Apr/2017:15:57:41 -0300] "GET /cormunbeta/static/gxcfg.js?2017319125415 HTTP/1.1" 200 953
192.168.10.89 - - [11/Apr/2017:15:57:41 -0300] "GET /cormunbeta/static/Resources/PXToolsMenuSearch.png HTTP/1.1" 200 2914
192.168.10.89 - - [11/Apr/2017:15:57:41 -0300] "GET /cormunbeta/static/Resources/PXToolsMenuSearchCancel.png HTTP/1.1" 200 2972
192.168.10.89 - - [11/Apr/2017:15:57:41 -0300] "GET /cormunbeta/static/prfichaempleado.js?20173191254344 HTTP/1.1" 200 15951
192.168.10.89 - - [11/Apr/2017:15:57:41 -0300] "GET /cormunbeta/static/menusearch.js?201610171694467 HTTP/1.1" 200 1424
192.168.10.89 - - [11/Apr/2017:15:57:41 -0300] "GET /cormunbeta/static/hmpwkw011.js?201731711483558 HTTP/1.1" 200 1968
192.168.10.89 - - [11/Apr/2017:15:57:49 -0300] "POST /cormunbeta/servlet/prfichaempleado?b1917761a834d727d3e8de0a4a821cdf,,MD,,gxPopupLevel%3D0%3B,gx-no-cache=1491940344251 HTTP/1.1" 200 3415
192.168.10.89 - - [11/Apr/2017:15:57:52 -0300] "GET /cormunbeta/servlet/permisogoce?fc3c1b753e89b882360e0838e889f1769275e25f0527393668287450153abec70ae14b827019ca977695fad53717b1a2,gx-no-cache=1491940347332 HTTP/1.1" 200 171
192.168.10.89 - - [11/Apr/2017:15:57:52 -0300] "GET /cormunbeta/static/Shared/jqueryui/images/ui-icons_82798d_256x240.png HTTP/1.1" 404 1097
192.168.10.89 - - [11/Apr/2017:15:57:52 -0300] "GET /cormunbeta/static/Shared/jqueryui/images/ui-icons_ebccce_256x240.png HTTP/1.1" 404 1097
192.168.10.89 - - [11/Apr/2017:15:57:52 -0300] "GET /cormunbeta/static/Shared/jqueryui/images/ui-bg_highlight-soft_100_c6c2c8_1x100.png HTTP/1.1" 404 1125
192.168.10.89 - - [11/Apr/2017:15:57:52 -0300] "GET /cormunbeta/static/Shared/jqueryui/images/ui-bg_flat_55_994d53_40x100.png HTTP/1.1" 404 1105
192.168.10.13 - - [11/Apr/2017:15:58:18 -0300] "GET / HTTP/1.1" 200 11217
66.249.64.76 - - [11/Apr/2017:15:58:22 -0300] "GET /cormun/servlet/hlogin HTTP/1.1" 200 1711
66.249.64.66 - - [11/Apr/2017:15:58:22 -0300] "GET /cormun/servlet/hlogin?_escaped_fragment_= HTTP/1.1" 200 1725
66.249.64.71 - - [11/Apr/2017:15:58:39 -0300] "GET /cormun/static/hlogin.js?201741110203211 HTTP/1.1" 200 2136
66.249.64.66 - - [11/Apr/2017:15:58:40 -0300] "GET /cormun/static/gxcfg.js?201741110203197 HTTP/1.1" 200 953
66.249.64.66 - - [11/Apr/2017:15:58:40 -0300] "GET /cormun/static/Resources/Spanish/PXTools.css?11294912 HTTP/1.1" 200 89042
192.168.10.89 - - [11/Apr/2017:15:58:47 -0300] "GET /cormunbeta/servlet/hlogin HTTP/1.1" 200 1752
192.168.10.89 - - [11/Apr/2017:15:59:00 -0300] "GET /cormun/servlet/hlogin HTTP/1.1" 200 1723
192.168.10.89 - - [11/Apr/2017:15:59:07 -0300] "POST /cormun/servlet/hlogin?32099b5e361cb250a1d38a1c8f2a83c5,gx-no-cache=1491940422494 HTTP/1.1" 200 90
192.168.10.89 - - [11/Apr/2017:15:59:07 -0300] "GET /cormun/servlet/hpexe_link HTTP/1.1" 200 953
192.168.10.89 - - [11/Apr/2017:15:59:07 -0300] "GET /cormun/servlet/hhome HTTP/1.1" 200 4456
192.168.10.89 - - [11/Apr/2017:15:59:11 -0300] "GET /cormun/servlet/trsolicitudgral? HTTP/1.1" 200 25589
192.168.10.89 - - [11/Apr/2017:15:59:11 -0300] "GET /cormun/static/gxcfg.js?201732110400 HTTP/1.1" 200 953
192.168.10.13 - - [11/Apr/2017:15:59:18 -0300] "GET / HTTP/1.1" 200 11217
192.168.10.13 - - [11/Apr/2017:16:00:18 -0300] "GET / HTTP/1.1" 200 11217
192.168.10.13 - - [11/Apr/2017:16:01:18 -0300] "GET / HTTP/1.1" 200 11217
192.168.10.89 - - [11/Apr/2017:16:01:55 -0300] "GET /cormun/static/menuarrow.gif HTTP/1.1" 404 1015
192.168.10.89 - - [11/Apr/2017:16:02:01 -0300] "POST /cormun/servlet/trsolicitudgral?32099b5e361cb250a1d38a1c8f2a83c5,,gx-no-cache=1491940595558 HTTP/1.1" 200 23061
192.168.10.13 - - [11/Apr/2017:16:02:18 -0300] "GET / HTTP/1.1" 200 11217
192.168.10.13 - - [11/Apr/2017:16:03:18 -0300] "GET / HTTP/1.1" 200 11217
192.168.10.13 - - [11/Apr/2017:16:04:18 -0300] "GET / HTTP/1.1" 200 11217
192.168.10.13 - - [11/Apr/2017:16:05:18 -0300] "GET / HTTP/1.1" 200 11217
186.103.248.213 - - [11/Apr/2017:16:05:24 -0300] "GET /cormun/servlet/trpermisosgoce? HTTP/1.1" 200 5893
192.168.10.89 - - [11/Apr/2017:16:05:24 -0300] "GET /cormun/servlet/trconsultaempleado? HTTP/1.1" 200 9708
186.103.248.213 - - [11/Apr/2017:16:05:27 -0300] "GET /cormun/static/gxcfg.js?20174111153177 HTTP/1.1" 304 -
186.103.248.213 - - [11/Apr/2017:16:05:31 -0300] "GET /cormun/static/trpermisosgoce.js?20174111153217 HTTP/1.1" 304 -
186.103.248.213 - - [11/Apr/2017:16:05:34 -0300] "GET /cormun/servlet/hlogin HTTP/1.1" 200 1739
186.103.248.213 - - [11/Apr/2017:16:05:34 -0300] "GET /cormun/servlet/trpermisosgoce? HTTP/1.1" 200 5893
192.168.10.89 - - [11/Apr/2017:16:05:34 -0300] "POST /cormun/servlet/trconsultaempleado?32099b5e361cb250a1d38a1c8f2a83c5,,gx-no-cache=1491940809722 HTTP/1.1" 200 4165
186.103.248.213 - - [11/Apr/2017:16:05:39 -0300] "GET /cormun/servlet/permisogoce?INS,0,,, HTTP/1.1" 200 6101
186.103.248.213 - - [11/Apr/2017:16:05:40 -0300] "GET /cormun/servlet/permisogoce?INS,0,,, HTTP/1.1" 200 6101
186.103.248.213 - - [11/Apr/2017:16:05:43 -0300] "GET /cormun/static/gxcfg.js?201741111325459 HTTP/1.1" 304 -
186.103.248.213 - - [11/Apr/2017:16:05:46 -0300] "GET /cormun/static/permisogoce.js?20174111132557 HTTP/1.1" 304 -
186.103.248.213 - - [11/Apr/2017:16:05:49 -0300] "GET /cormun/servlet/hlogin HTTP/1.1" 200 1744
186.103.248.213 - - [11/Apr/2017:16:05:49 -0300] "GET /cormun/servlet/permisogoce?INS,0,,, HTTP/1.1" 200 6095
186.103.248.213 - - [11/Apr/2017:16:05:51 -0300] "GET /cormun/static/gxcfg.js?201741110203197 HTTP/1.1" 304 -
186.103.248.213 - - [11/Apr/2017:16:05:52 -0300] "GET /cormun/static/hlogin.js?201741110203211 HTTP/1.1" 304 -
192.168.10.89 - - [11/Apr/2017:16:05:55 -0300] "POST /cormun/servlet/trconsultaempleado?32099b5e361cb250a1d38a1c8f2a83c5,,gx-no-cache=1491940830375 HTTP/1.1" 200 4156
186.103.248.213 - - [11/Apr/2017:16:05:56 -0300] "POST /cormun/servlet/hlogin?87261d0601173749205b45aa5c5c01bf,gx-no-cache=1491937619166 HTTP/1.1" 200 90
186.103.248.213 - - [11/Apr/2017:16:05:57 -0300] "GET /cormun/servlet/hpexe_link HTTP/1.1" 200 966
186.103.248.213 - - [11/Apr/2017:16:05:59 -0300] "GET /cormun/static/gxcfg.js?201731711483381 HTTP/1.1" 304 -
186.103.248.213 - - [11/Apr/2017:16:05:59 -0300] "GET /cormun/servlet/permisogoce?INS,0,,, HTTP/1.1" 200 6546
186.103.248.213 - - [11/Apr/2017:16:06:01 -0300] "GET /cormun/servlet/permisogoce?INS,0,,, HTTP/1.1" 200 6544
192.168.10.89 - - [11/Apr/2017:16:06:02 -0300] "POST /cormun/servlet/trconsultaempleado?32099b5e361cb250a1d38a1c8f2a83c5,,gx-no-cache=1491940838026 HTTP/1.1" 200 4158
186.103.248.213 - - [11/Apr/2017:16:06:08 -0300] "GET /cormun/servlet/prfichaempleado?,MD,,gxPopupLevel%3D0%3B HTTP/1.1" 200 8776
192.168.10.89 - - [11/Apr/2017:16:06:12 -0300] "POST /cormun/servlet/trconsultaempleado?32099b5e361cb250a1d38a1c8f2a83c5,,gx-no-cache=1491940847675 HTTP/1.1" 200 4163
192.168.10.13 - - [11/Apr/2017:16:06:18 -0300] "GET / HTTP/1.1" 200 11217
186.103.248.213 - - [11/Apr/2017:16:06:25 -0300] "POST /cormun/servlet/prfichaempleado?87261d0601173749205b45aa5c5c01bf,,MD,,gxPopupLevel%3D0%3B,gx-no-cache=1491937645753 HTTP/1.1" 200 3402
192.168.10.89 - - [11/Apr/2017:16:06:26 -0300] "GET /cormun/servlet/trsolicitudgral? HTTP/1.1" 200 25585
186.103.248.213 - - [11/Apr/2017:16:06:32 -0300] "GET /cormun/servlet/permisogoce?0148421204280d4688d2a647403c7465e2d24acf5c94496545882b3e63bc62612cf67258b78465bb1c32b848f84e3d37,gx-no-cache=1491937654261 HTTP/1.1" 200 79
186.103.248.213 - - [11/Apr/2017:16:06:34 -0300] "GET /cormun/static/menuarrow.gif HTTP/1.1" 404 1015
186.103.248.213 - - [11/Apr/2017:16:06:37 -0300] "GET /cormun/servlet/permisogoce?0148421204280d4688d2a647403c74655cdfe9b342157faa12eae9587b3f4c847eb17f78ad645efe5265492a7e9043267fe35ed5ed8d5952ff9e904bba4c3cef,gx-no-cache=1491937661730 HTTP/1.1" 200 49
192.168.10.89 - - [11/Apr/2017:16:06:38 -0300] "GET /cormun/servlet/wbconsulta? HTTP/1.1" 200 5347
192.168.10.89 - - [11/Apr/2017:16:06:38 -0300] "GET /cormun/static/gxcfg.js?201612218544239 HTTP/1.1" 200 953
192.168.10.89 - - [11/Apr/2017:16:06:38 -0300] "GET /cormun/static/wbconsulta.js?201612218544265 HTTP/1.1" 304 -
192.168.10.89 - - [11/Apr/2017:16:06:47 -0300] "POST /cormun/servlet/wbconsulta?32099b5e361cb250a1d38a1c8f2a83c5,,gx-no-cache=1491940883040 HTTP/1.1" 200 103
192.168.10.89 - - [11/Apr/2017:16:06:48 -0300] "GET /cormun/servlet/vevisualizador?2017,6006, HTTP/1.1" 200 8693
192.168.10.89 - - [11/Apr/2017:16:06:48 -0300] "GET /cormun/static/gxcfg.js?20173171158251 HTTP/1.1" 200 953
192.168.10.89 - - [11/Apr/2017:16:06:48 -0300] "GET /cormun/pexe_scrolldiv.js HTTP/1.1" 404 1009
192.168.10.89 - - [11/Apr/2017:16:06:48 -0300] "GET /cormun/static/vevisualizador.js?20173171158331 HTTP/1.1" 304 -
192.168.10.89 - - [11/Apr/2017:16:06:48 -0300] "GET /cormun/static/tbvisualizador01.js?201711112363628 HTTP/1.1" 304 -
192.168.10.13 - - [11/Apr/2017:16:07:18 -0300] "GET / HTTP/1.1" 200 11217
