186.103.159.46 - - [10/Apr/2017:12:08:12 -0300] "POST /cormun/servlet/solicitudotadjuntos?d8062f60055432a4da42c9088364c8a7,INS,2017,5985,,1,,gx-no-cache=1491836957242 HTTP/1.1" 200 3676
186.103.157.246 - - [10/Apr/2017:12:08:14 -0300] "GET /cormun/servlet/trlicencias? HTTP/1.1" 200 6818
186.103.157.246 - - [10/Apr/2017:12:08:14 -0300] "GET /cormun/static/gxcfg.js?2016122619301429 HTTP/1.1" 304 -
186.103.157.246 - - [10/Apr/2017:12:08:14 -0300] "GET /cormun/static/Resources/Spanish/PXTools.css?18365030 HTTP/1.1" 304 -
186.103.157.246 - - [10/Apr/2017:12:08:15 -0300] "GET /cormun/static/trlicencias.js?2016122619301919 HTTP/1.1" 304 -
186.103.157.246 - - [10/Apr/2017:12:08:15 -0300] "GET /cormun/servlet/trlicencias? HTTP/1.1" 200 6817
186.103.159.46 - - [10/Apr/2017:12:08:19 -0300] "POST /cormun/servlet/solicitudotadjuntos?gx-no-cache=1491836963722 HTTP/1.1" 200 26
192.168.10.13 - - [10/Apr/2017:12:08:19 -0300] "GET / HTTP/1.1" 200 11217
186.103.159.46 - - [10/Apr/2017:12:08:32 -0300] "GET /cormun/servlet/solicitudotadjuntos?abf893a2d5bcbd1f05b44ba2109eef8cbb24cace238c09ee51a07235b824b2ee,gx-no-cache=1491836977322 HTTP/1.1" 200 30
186.103.159.46 - - [10/Apr/2017:12:08:32 -0300] "GET /cormun/servlet/solicitudotadjuntos?abf893a2d5bcbd1f05b44ba2109eef8cbb24cace238c09ee51a07235b824b2ee,gx-no-cache=1491836977377 HTTP/1.1" 200 30
186.103.159.46 - - [10/Apr/2017:12:08:33 -0300] "POST /cormun/servlet/solicitudotadjuntos?d8062f60055432a4da42c9088364c8a7,INS,2017,5985,,1, HTTP/1.1" 200 116
186.103.159.46 - - [10/Apr/2017:12:08:33 -0300] "GET /cormun/servlet/hpexe_return? HTTP/1.1" 200 1028
186.103.159.46 - - [10/Apr/2017:12:08:33 -0300] "GET /cormun/servlet/trsolicitudadjuntos?2017,5985, HTTP/1.1" 200 8799
186.103.159.46 - - [10/Apr/2017:12:08:34 -0300] "GET /cormun/servlet/trsolicitudadjuntos?2017,5985, HTTP/1.1" 200 8797
186.103.159.46 - - [10/Apr/2017:12:08:37 -0300] "GET /cormun/servlet/solicitudotadjuntos?INS,2017,5985,,1, HTTP/1.1" 200 5824
186.103.159.46 - - [10/Apr/2017:12:08:37 -0300] "GET /cormun/static/about:blank HTTP/1.1" 404 1011
186.103.159.46 - - [10/Apr/2017:12:08:38 -0300] "GET /cormun/servlet/solicitudotadjuntos?INS,2017,5985,,1, HTTP/1.1" 200 5818
186.103.159.46 - - [10/Apr/2017:12:08:38 -0300] "GET /cormun/servlet/solicitudotadjuntos?abf893a2d5bcbd1f05b44ba2109eef8c58ef22a65fd41984e70a944ec4ea3a7004fd207c012e826fc4059ba7c49b5a5c,gx-no-cache=1491836983621 HTTP/1.1" 200 30
186.103.159.46 - - [10/Apr/2017:12:08:39 -0300] "POST /cormun/servlet/solicitudotadjuntos?d8062f60055432a4da42c9088364c8a7,INS,2017,5985,,1,,gx-no-cache=1491836983703 HTTP/1.1" 200 3677
186.103.159.46 - - [10/Apr/2017:12:08:44 -0300] "POST /cormun/servlet/solicitudotadjuntos?gx-no-cache=1491836988970 HTTP/1.1" 200 26
186.103.159.46 - - [10/Apr/2017:12:08:54 -0300] "GET /cormun/servlet/solicitudotadjuntos?abf893a2d5bcbd1f05b44ba2109eef8cbb24cace238c09ee51a07235b824b2ee,gx-no-cache=1491836998871 HTTP/1.1" 200 30
186.103.159.46 - - [10/Apr/2017:12:08:54 -0300] "GET /cormun/servlet/solicitudotadjuntos?abf893a2d5bcbd1f05b44ba2109eef8cbb24cace238c09ee51a07235b824b2ee,gx-no-cache=1491836998925 HTTP/1.1" 200 30
186.103.159.46 - - [10/Apr/2017:12:08:55 -0300] "POST /cormun/servlet/solicitudotadjuntos?d8062f60055432a4da42c9088364c8a7,INS,2017,5985,,1, HTTP/1.1" 200 116
186.103.159.46 - - [10/Apr/2017:12:08:55 -0300] "GET /cormun/servlet/hpexe_return? HTTP/1.1" 200 1028
186.103.159.46 - - [10/Apr/2017:12:08:56 -0300] "GET /cormun/servlet/trsolicitudadjuntos?2017,5985, HTTP/1.1" 200 9043
186.103.159.46 - - [10/Apr/2017:12:08:57 -0300] "GET /cormun/servlet/trsolicitudadjuntos?2017,5985, HTTP/1.1" 200 9040
192.168.10.13 - - [10/Apr/2017:12:09:19 -0300] "GET / HTTP/1.1" 200 11217
186.103.159.46 - - [10/Apr/2017:12:09:23 -0300] "POST /cormun/servlet/trsolicitudadjuntos?d8062f60055432a4da42c9088364c8a7,2017,5985,,gx-no-cache=1491837026537 HTTP/1.1" 200 90
186.103.159.46 - - [10/Apr/2017:12:09:23 -0300] "GET /cormun/servlet/hpexe_link HTTP/1.1" 200 972
186.103.159.46 - - [10/Apr/2017:12:09:23 -0300] "GET /cormun/servlet/trsolicitudot HTTP/1.1" 200 8070
186.103.159.46 - - [10/Apr/2017:12:09:24 -0300] "GET /cormun/servlet/trsolicitudot HTTP/1.1" 200 8069
186.103.159.46 - - [10/Apr/2017:12:09:35 -0300] "POST /cormun/servlet/trsolicitudot?d8062f60055432a4da42c9088364c8a7,gx-no-cache=1491837039852 HTTP/1.1" 200 4178
186.103.159.46 - - [10/Apr/2017:12:09:36 -0300] "GET /cormun/static/Shared/jqueryui/images/ui-bg_flat_55_fafafa_40x100.png HTTP/1.1" 404 1097
186.103.159.46 - - [10/Apr/2017:12:09:36 -0300] "GET /cormun/static/Shared/jqueryui/images/ui-icons_8d78a5_256x240.png HTTP/1.1" 404 1089
186.103.159.46 - - [10/Apr/2017:12:09:37 -0300] "POST /cormun/servlet/trsolicitudot?d8062f60055432a4da42c9088364c8a7,gx-no-cache=1491837041680 HTTP/1.1" 200 3924
186.103.159.188 - - [10/Apr/2017:12:09:40 -0300] "GET /cormun/servlet/hlogin HTTP/1.1" 200 1729
186.103.159.188 - - [10/Apr/2017:12:09:50 -0300] "POST /cormun/servlet/hlogin?2ff3df7e0bb1c6b9c8237e934315afda,gx-no-cache=1491837055594 HTTP/1.1" 200 90
186.103.159.188 - - [10/Apr/2017:12:09:50 -0300] "GET /cormun/servlet/hpexe_link HTTP/1.1" 200 963
186.103.159.188 - - [10/Apr/2017:12:09:50 -0300] "GET /cormun/servlet/trvisualizadoreventos HTTP/1.1" 200 6654
186.103.159.188 - - [10/Apr/2017:12:09:51 -0300] "GET /cormun/servlet/trvisualizadoreventos HTTP/1.1" 200 6652
186.103.159.46 - - [10/Apr/2017:12:09:54 -0300] "GET /cormun/servlet/trlicencias? HTTP/1.1" 200 6448
186.103.159.188 - - [10/Apr/2017:12:09:55 -0300] "GET /cormun/static/menuarrow.gif HTTP/1.1" 404 1015
186.103.159.46 - - [10/Apr/2017:12:09:56 -0300] "GET /cormun/servlet/trlicencias? HTTP/1.1" 200 6448
186.103.157.246 - - [10/Apr/2017:12:10:02 -0300] "GET /cormun/servlet/licenciaspermisos?INS,0,,, HTTP/1.1" 200 7362
186.103.157.246 - - [10/Apr/2017:12:10:02 -0300] "GET /cormun/static/gxcfg.js?20173291150977 HTTP/1.1" 304 -
186.103.157.246 - - [10/Apr/2017:12:10:02 -0300] "GET /cormun/static/licenciaspermisos.js?201732911501028 HTTP/1.1" 304 -
186.103.157.246 - - [10/Apr/2017:12:10:03 -0300] "GET /cormun/servlet/licenciaspermisos?INS,0,,, HTTP/1.1" 200 7361
192.168.10.13 - - [10/Apr/2017:12:10:19 -0300] "GET / HTTP/1.1" 200 11217
186.103.157.246 - - [10/Apr/2017:12:10:33 -0300] "GET /cormun/servlet/licenciaspermisos?a7e0ab7971f5f797765a95c7266e62fe2e38472c56e82a343a5b4ebc5c42619dc2726b22c0339e37ab9a555b62911599,gx-no-cache=1491837106909 HTTP/1.1" 200 65
186.103.157.246 - - [10/Apr/2017:12:10:34 -0300] "POST /cormun/servlet/licenciaspermisos?5f052ad6b238d5886a961b94a426937c,INS,0,,,,gx-no-cache=1491837107353 HTTP/1.1" 200 4623
190.101.9.138 - - [10/Apr/2017:12:10:51 -0300] "POST /cormun/servlet/trvisualizadoreventos?2ff3df7e0bb1c6b9c8237e934315afda,gx-no-cache=1491837116455 HTTP/1.1" 200 3974
186.103.159.46 - - [10/Apr/2017:12:10:54 -0300] "GET /cormun/servlet/licenciaspermisos?INS,0,,, HTTP/1.1" 200 7178
186.103.159.46 - - [10/Apr/2017:12:10:54 -0300] "GET /cormun/static/gxcfg.js?20173291150977 HTTP/1.1" 304 -
186.103.159.46 - - [10/Apr/2017:12:10:54 -0300] "GET /cormun/static/licenciaspermisos.js?201732911501028 HTTP/1.1" 304 -
186.103.159.46 - - [10/Apr/2017:12:10:56 -0300] "GET /cormun/servlet/licenciaspermisos?INS,0,,, HTTP/1.1" 200 7178
190.101.9.138 - - [10/Apr/2017:12:11:03 -0300] "POST /cormun/servlet/trvisualizadoreventos?2ff3df7e0bb1c6b9c8237e934315afda,gx-no-cache=1491837128509 HTTP/1.1" 200 3964
186.103.159.46 - - [10/Apr/2017:12:11:08 -0300] "GET /cormun/servlet/licenciaspermisos?38d8ab88abb5819bf37420b55ce64bbb0069c5f7ac3249b6e22669512d48decabd06591c10c6c33f4b7db54707b696c0,gx-no-cache=1491837133655 HTTP/1.1" 200 69
186.103.159.46 - - [10/Apr/2017:12:11:09 -0300] "POST /cormun/servlet/licenciaspermisos?d8062f60055432a4da42c9088364c8a7,INS,0,,,,gx-no-cache=1491837133738 HTTP/1.1" 200 4427
186.103.159.46 - - [10/Apr/2017:12:11:19 -0300] "POST /cormun/servlet/hlogin?c9fad288e194e5f9fbf79ad6c53a4660,gx-no-cache=1491837142846 HTTP/1.1" 200 90
186.103.159.46 - - [10/Apr/2017:12:11:19 -0300] "GET /cormun/servlet/hpexe_link HTTP/1.1" 200 949
186.103.159.46 - - [10/Apr/2017:12:11:19 -0300] "GET /cormun/static/gxcfg.js?201731711483381 HTTP/1.1" 304 -
192.168.10.13 - - [10/Apr/2017:12:11:19 -0300] "GET / HTTP/1.1" 200 11217
186.103.159.46 - - [10/Apr/2017:12:11:19 -0300] "GET /cormun/static/hpexe_link.js?201731711483384 HTTP/1.1" 304 -
186.103.159.46 - - [10/Apr/2017:12:11:19 -0300] "GET /cormun/servlet/hhome HTTP/1.1" 200 3992
186.103.159.46 - - [10/Apr/2017:12:11:19 -0300] "GET /cormun/static/gxcfg.js?201731711483497 HTTP/1.1" 304 -
186.103.159.46 - - [10/Apr/2017:12:11:19 -0300] "GET /cormun/static/hhome.js?20173171148352 HTTP/1.1" 304 -
186.103.159.46 - - [10/Apr/2017:12:11:19 -0300] "GET /cormun/static/hwchdr01.js?201731711335950 HTTP/1.1" 304 -
186.103.159.46 - - [10/Apr/2017:12:11:19 -0300] "GET /cormun/static/hpexe_recentlink.js?201610171694390 HTTP/1.1" 304 -
186.103.159.46 - - [10/Apr/2017:12:11:19 -0300] "GET /cormun/static/hpexe_scripts.js?201731711335890 HTTP/1.1" 304 -
186.103.159.46 - - [10/Apr/2017:12:11:19 -0300] "GET /cormun/static/cmcontrolpreferences.js?201731711335852 HTTP/1.1" 304 -
186.103.159.46 - - [10/Apr/2017:12:11:19 -0300] "GET /cormun/static/hpexe_messagepopupcomponent.js?20161017169425 HTTP/1.1" 304 -
186.103.159.46 - - [10/Apr/2017:12:11:19 -0300] "GET /cormun/static/hmpwkw03.js?201731711485354 HTTP/1.1" 304 -
186.103.159.46 - - [10/Apr/2017:12:11:19 -0300] "GET /cormun/servlet/prfichaempleado?,MD,,gxPopupLevel%3D0%3B HTTP/1.1" 200 8808
186.103.159.46 - - [10/Apr/2017:12:11:20 -0300] "GET /cormun/static/hpexe_messagegenexuscomponent.js?201731711335537 HTTP/1.1" 304 -
186.103.159.46 - - [10/Apr/2017:12:11:20 -0300] "GET /cormun/static/hpexe_messagecontroller.js?201610171694323 HTTP/1.1" 304 -
186.103.159.46 - - [10/Apr/2017:12:11:20 -0300] "GET /cormun/servlet/hhome HTTP/1.1" 200 3990
186.103.159.46 - - [10/Apr/2017:12:11:41 -0300] "POST /cormun/servlet/prfichaempleado?d8062f60055432a4da42c9088364c8a7,,MD,,gxPopupLevel%3D0%3B,gx-no-cache=1491837165669 HTTP/1.1" 200 3512
186.103.157.246 - - [10/Apr/2017:12:11:50 -0300] "GET /cormun/static/menuarrow.gif HTTP/1.1" 404 1015
186.79.249.5 - - [10/Apr/2017:12:12:14 -0300] "GET /cormun/servlet/hlogin HTTP/1.1" 200 1719
186.79.249.5 - - [10/Apr/2017:12:12:14 -0300] "GET /cormun/static/Resources/Spanish/PXTools.css?11294912 HTTP/1.1" 304 -
186.79.249.5 - - [10/Apr/2017:12:12:14 -0300] "GET /cormun/static/gxtimezone.js?85251 HTTP/1.1" 304 -
186.79.249.5 - - [10/Apr/2017:12:12:14 -0300] "GET /cormun/static/gxcfg.js?201731711485472 HTTP/1.1" 304 -
186.79.249.5 - - [10/Apr/2017:12:12:14 -0300] "GET /cormun/static/messages.spa.js?85251 HTTP/1.1" 304 -
186.79.249.5 - - [10/Apr/2017:12:12:14 -0300] "GET /cormun/static/hlogin.js?201731711485490 HTTP/1.1" 304 -
186.79.249.5 - - [10/Apr/2017:12:12:15 -0300] "GET /cormun/servlet/hlogin HTTP/1.1" 200 1729
186.103.159.46 - - [10/Apr/2017:12:12:15 -0300] "GET /cormun/servlet/licenciaspermisos?38d8ab88abb5819bf37420b55ce64bbb0069c5f7ac3249b6e22669512d48deca5adf2fc13887ae8c7fe607a83c97280df0edf67c471de69485116caea6dc85a9eb341c0a06bb97f9bcce81f6b19ca2365e112b85af04a7281e26f6f8e7bd6088,gx-no-cache=1491837200332 HTTP/1.1" 200 69
186.103.159.46 - - [10/Apr/2017:12:12:15 -0300] "POST /cormun/servlet/licenciaspermisos?d8062f60055432a4da42c9088364c8a7,INS,0,,,,gx-no-cache=1491837200449 HTTP/1.1" 200 4426
192.168.10.13 - - [10/Apr/2017:12:12:19 -0300] "GET / HTTP/1.1" 200 11217
186.103.159.46 - - [10/Apr/2017:12:12:23 -0300] "GET /cormun/servlet/licenciaspermisos?38d8ab88abb5819bf37420b55ce64bbb97fd02a73cc96b24cdf433ecb84d7d6ba80a2b9d7b0ea0855faaf0dc643851225dae304d937f566dc2ba670150eca369c4f6ec9e551946ab68f63dae5e7d05da,gx-no-cache=1491837208324 HTTP/1.1" 200 171
186.79.249.5 - - [10/Apr/2017:12:12:24 -0300] "POST /cormun/servlet/hlogin?8aa0ec95c80a8bef53c46857774ca5ce,gx-no-cache=1491837208807 HTTP/1.1" 200 90
186.79.249.5 - - [10/Apr/2017:12:12:25 -0300] "GET /cormun/servlet/hpexe_link HTTP/1.1" 200 949
186.79.249.5 - - [10/Apr/2017:12:12:25 -0300] "GET /cormun/static/gxcfg.js?201731711483381 HTTP/1.1" 304 -
186.79.249.5 - - [10/Apr/2017:12:12:26 -0300] "GET /cormun/static/hpexe_link.js?201731711483384 HTTP/1.1" 304 -
186.79.249.5 - - [10/Apr/2017:12:12:26 -0300] "GET /cormun/servlet/hhome HTTP/1.1" 200 4004
186.103.159.46 - - [10/Apr/2017:12:12:27 -0300] "GET /cormun/servlet/licenciaspermisos?38d8ab88abb5819bf37420b55ce64bbb97fd02a73cc96b24cdf433ecb84d7d6ba80a2b9d7b0ea0855faaf0dc643851225dae304d937f566dc2ba670150eca369c4f6ec9e551946ab68f63dae5e7d05da,gx-no-cache=1491837211862 HTTP/1.1" 200 171
186.79.249.5 - - [10/Apr/2017:12:12:27 -0300] "GET /cormun/static/gxcfg.js?201731711483497 HTTP/1.1" 304 -
186.79.249.5 - - [10/Apr/2017:12:12:27 -0300] "GET /cormun/static/hhome.js?20173171148352 HTTP/1.1" 304 -
186.79.249.5 - - [10/Apr/2017:12:12:27 -0300] "GET /cormun/static/hwchdr01.js?201731711335950 HTTP/1.1" 304 -
186.79.249.5 - - [10/Apr/2017:12:12:27 -0300] "GET /cormun/static/hpexe_recentlink.js?201610171694390 HTTP/1.1" 304 -
186.79.249.5 - - [10/Apr/2017:12:12:27 -0300] "GET /cormun/static/hpexe_scripts.js?201731711335890 HTTP/1.1" 304 -
186.79.249.5 - - [10/Apr/2017:12:12:27 -0300] "GET /cormun/static/hpexe_messagecontroller.js?201610171694323 HTTP/1.1" 304 -
186.79.249.5 - - [10/Apr/2017:12:12:27 -0300] "GET /cormun/static/hpexe_messagepopupcomponent.js?20161017169425 HTTP/1.1" 304 -
186.79.249.5 - - [10/Apr/2017:12:12:27 -0300] "GET /cormun/static/hpexe_messagegenexuscomponent.js?201731711335537 HTTP/1.1" 304 -
186.79.249.5 - - [10/Apr/2017:12:12:27 -0300] "GET /cormun/static/cmcontrolpreferences.js?201731711335852 HTTP/1.1" 304 -
186.79.249.5 - - [10/Apr/2017:12:12:27 -0300] "GET /cormun/static/hmpwkw03.js?201731711485354 HTTP/1.1" 304 -
186.79.249.5 - - [10/Apr/2017:12:12:28 -0300] "GET /cormun/servlet/hhome HTTP/1.1" 200 4000
186.79.249.5 - - [10/Apr/2017:12:12:33 -0300] "GET /cormun/servlet/trsolicitudot? HTTP/1.1" 200 6977
186.79.249.5 - - [10/Apr/2017:12:12:33 -0300] "GET /cormun/static/gxcfg.js?201731711505139 HTTP/1.1" 304 -
186.79.249.5 - - [10/Apr/2017:12:12:33 -0300] "GET /cormun/static/calendar.js?85251 HTTP/1.1" 304 -
186.79.249.5 - - [10/Apr/2017:12:12:33 -0300] "GET /cormun/static/calendar-setup.js?85251 HTTP/1.1" 304 -
186.79.249.5 - - [10/Apr/2017:12:12:33 -0300] "GET /cormun/static/calendar-es.js?85251 HTTP/1.1" 304 -
186.79.249.5 - - [10/Apr/2017:12:12:33 -0300] "GET /cormun/static/gxdec.js?85251 HTTP/1.1" 304 -
186.79.249.5 - - [10/Apr/2017:12:12:33 -0300] "GET /cormun/static/trsolicitudot.js?20173171151116 HTTP/1.1" 304 -
186.79.249.5 - - [10/Apr/2017:12:12:34 -0300] "GET /cormun/servlet/trsolicitudot? HTTP/1.1" 200 6977
186.79.249.5 - - [10/Apr/2017:12:12:38 -0300] "GET /cormun/servlet/solicitudot?INS,0,0, HTTP/1.1" 200 12801
186.79.249.5 - - [10/Apr/2017:12:12:38 -0300] "GET /cormun/static/Resources/Spanish/PXTools.css?18365030 HTTP/1.1" 304 -
186.79.249.5 - - [10/Apr/2017:12:12:38 -0300] "GET /cormun/static/gxcfg.js?20171191042720 HTTP/1.1" 304 -
186.79.249.5 - - [10/Apr/2017:12:12:38 -0300] "GET /cormun/static/solicitudot.js?2017119104297 HTTP/1.1" 304 -
186.79.249.5 - - [10/Apr/2017:12:12:39 -0300] "GET /cormun/servlet/solicitudot?INS,0,0, HTTP/1.1" 200 12805
186.103.159.46 - - [10/Apr/2017:12:12:47 -0300] "GET /cormun/servlet/licenciaspermisos?38d8ab88abb5819bf37420b55ce64bbbd0eb8232f8d005bcec367d8da3d31447901be8a44ea869722508eebc51960d83b2ec585decf3db47c599839a871842b42a7a74da0e8bb7ea66890ab43041c86ff3fc922f424744b424f03768a2fac0a0,gx-no-cache=1491837231961 HTTP/1.1" 200 147
186.79.249.5 - - [10/Apr/2017:12:12:58 -0300] "POST /cormun/servlet/solicitudot?gx-no-cache=1491837241976 HTTP/1.1" 200 3081
186.79.249.5 - - [10/Apr/2017:12:12:59 -0300] "POST /cormun/servlet/solicitudot?8aa0ec95c80a8bef53c46857774ca5ce,INS,0,0,,gx-no-cache=1491837242675 HTTP/1.1" 200 9860
186.79.249.5 - - [10/Apr/2017:12:13:04 -0300] "GET /cormun/servlet/solicitudot?db144fb387b84ef821ed19dcbfa0e3239fa9f723ed7f990a65bfcb247d96e1cb45132b7f430b6a9d63c5515b80a952f3,gx-no-cache=1491837248579 HTTP/1.1" 200 30
192.168.10.13 - - [10/Apr/2017:12:13:19 -0300] "GET / HTTP/1.1" 200 11217
192.168.10.13 - - [10/Apr/2017:12:14:19 -0300] "GET / HTTP/1.1" 200 11217
186.79.249.5 - - [10/Apr/2017:12:14:50 -0300] "POST /cormun/servlet/solicitudot?gx-no-cache=1491837354760 HTTP/1.1" 200 255
186.79.249.5 - - [10/Apr/2017:12:14:53 -0300] "GET /cormun/servlet/solicitudot?db144fb387b84ef821ed19dcbfa0e3237c8cd1ed8eb94b62fbeca1cd543ef527b5aabd9f6694b2e22b386cc6d3e1498696574f60b8f1b24043d412dc80c2304a37bda4963863ade782ad85c3310944e1858e4710fdd6a9ce7a2b3e559fa4bc26dc641f832698a07dc335aec97f8014b9072baed26202c292f8ddb85f0c1985724135cd2a65e76e7fe3b32d629efb126942d9eee0e969a8c15776c510703ca9106ccd69ba938bac58dd6c1a1b3f31084cb1d08e73fb8414f0a5d41ce4f45936ee45bbacbd72b4628bfb0a3009a99bc4b33bf54fb76dff3e68b654760ec69a3b2723dcb3218d65d424c1e38cf1fd641898eadbf0e64a867eaced301a6218da04af383b34e3e5a5292f71b74ff0d2a0920db911512197e8af592e2deb24070f1e29be76f5908b081ad87566803e94b299179046b7ff64629a3bb3b45eb05d729f7bbda3156b792322c5dac9f84f68e912191cea8681f21cea10a425d126cc2bd81ac3c89afe72e895a8923fd1bc108b1af2ce544e6a51749a9779a3cbcdb61aa510,gx-no-cache=1491837357738 HTTP/1.1" 200 30
186.79.249.5 - - [10/Apr/2017:12:14:59 -0300] "POST /cormun/servlet/solicitudot?gx-no-cache=1491837363387 HTTP/1.1" 200 30
186.79.249.5 - - [10/Apr/2017:12:15:00 -0300] "POST /cormun/servlet/solicitudot?gx-no-cache=1491837364741 HTTP/1.1" 200 235
186.79.249.5 - - [10/Apr/2017:12:15:00 -0300] "POST /cormun/servlet/solicitudot?gx-no-cache=1491837364851 HTTP/1.1" 200 38
192.168.10.13 - - [10/Apr/2017:12:15:19 -0300] "GET / HTTP/1.1" 200 11217
186.79.249.5 - - [10/Apr/2017:12:15:28 -0300] "GET /cormun/servlet/solicitudot?db144fb387b84ef821ed19dcbfa0e323287bd99545ad3b413112b712a4a8b2da924b79448cc680da37e474fa8bdab1b5554285445fc523389bafb1379b9a9091f581aad424ccfbefc56d7b2dbfaa30138bedb0408e87a2904bee6009e4d8ca7030d36b76ac26656b7033cede304d6b42,gx-no-cache=1491837392501 HTTP/1.1" 200 29
186.79.249.5 - - [10/Apr/2017:12:15:28 -0300] "POST /cormun/servlet/solicitudot?gx-no-cache=1491837392659 HTTP/1.1" 200 643
192.168.10.13 - - [10/Apr/2017:12:16:19 -0300] "GET / HTTP/1.1" 200 11217
186.103.157.246 - - [10/Apr/2017:12:17:11 -0300] "GET /cormun/servlet/licenciaspermisos?a7e0ab7971f5f797765a95c7266e62fe500487919f48b4e8470c855da665017e84e623f681a7190a3a0ba02e36d2d619807504d7eea89ae8ac87292ac78a42428439cb20050f479c02c4bd933bbc46677283f61a7d18ccd5f0f443677304a67e6a4c77a8d0978e3faf05b9ad7e9edc16e8529a87ab4ea02af8646823d6c68920be471f0f487790d697b2411056221fa101769716425bcc5e034824375428889f74f9480049de98ecfe1b9839465e4ed4,gx-no-cache=1491837504773 HTTP/1.1" 200 30
186.103.157.246 - - [10/Apr/2017:12:17:11 -0300] "GET /cormun/servlet/licenciaspermisos?a7e0ab7971f5f797765a95c7266e62fe0843d8e4c796f0106ef66c4ab0e2900282d803bcf608958d020088814beabaf9c3204a92cf7af6d9f4fcf5b0b03094635c67bb42e4ee460d904ebe18b1473f7ac6cf640d80ee00985380803515e1bd412961cb4c4f648fcb5f8670fc7c06c19280c58e86d2514890cc36df60d426b866478119ad56b3fa03c70bd053531b1e298ea66079458c9d45d557a1893755b8252a5973c6159990f4765de7b740a5f41c,gx-no-cache=1491837504971 HTTP/1.1" 200 29
186.103.157.246 - - [10/Apr/2017:12:17:12 -0300] "POST /cormun/servlet/licenciaspermisos?5f052ad6b238d5886a961b94a426937c,INS,0,,,,gx-no-cache=1491837505090 HTTP/1.1" 200 93
186.103.157.246 - - [10/Apr/2017:12:17:12 -0300] "GET /cormun/servlet/hpexe_return? HTTP/1.1" 200 1015
186.103.157.246 - - [10/Apr/2017:12:17:12 -0300] "GET /cormun/static/Resources/Spanish/PXTools.css?167811 HTTP/1.1" 304 -
186.103.157.246 - - [10/Apr/2017:12:17:12 -0300] "GET /cormun/static/gxcfg.js?2016101716175148 HTTP/1.1" 304 -
186.103.157.246 - - [10/Apr/2017:12:17:12 -0300] "GET /cormun/static/hpexe_return.js?2016101716175153 HTTP/1.1" 304 -
186.103.157.246 - - [10/Apr/2017:12:17:12 -0300] "GET /cormun/servlet/trlicencias HTTP/1.1" 200 7983
186.103.157.246 - - [10/Apr/2017:12:17:13 -0300] "GET /cormun/servlet/trlicencias HTTP/1.1" 200 7978
186.103.156.166 - - [10/Apr/2017:12:17:16 -0300] "GET /cormun/servlet/hlogin HTTP/1.1" 200 1726
186.103.156.166 - - [10/Apr/2017:12:17:16 -0300] "GET /cormun/static/Resources/Spanish/PXTools.css?11294912 HTTP/1.1" 304 -
186.103.156.166 - - [10/Apr/2017:12:17:16 -0300] "GET /cormun/static/gxtimezone.js?85251 HTTP/1.1" 304 -
186.103.156.166 - - [10/Apr/2017:12:17:16 -0300] "GET /cormun/static/gxcfg.js?201731711485472 HTTP/1.1" 304 -
186.103.156.166 - - [10/Apr/2017:12:17:16 -0300] "GET /cormun/static/messages.spa.js?85251 HTTP/1.1" 304 -
186.103.156.166 - - [10/Apr/2017:12:17:16 -0300] "GET /cormun/static/hlogin.js?201731711485490 HTTP/1.1" 304 -
186.103.156.166 - - [10/Apr/2017:12:17:16 -0300] "GET /cormun/servlet/hlogin HTTP/1.1" 200 1736
192.168.10.13 - - [10/Apr/2017:12:17:19 -0300] "GET / HTTP/1.1" 200 11217
186.103.156.166 - - [10/Apr/2017:12:17:31 -0300] "POST /cormun/servlet/hlogin?1df4a21134279612634e517fd9ae9bcd,gx-no-cache=1491841113994 HTTP/1.1" 200 90
186.103.156.166 - - [10/Apr/2017:12:17:31 -0300] "GET /cormun/servlet/hpexe_link HTTP/1.1" 200 954
186.103.156.166 - - [10/Apr/2017:12:17:31 -0300] "GET /cormun/static/hpexe_link.js?201731711483384 HTTP/1.1" 304 -
186.103.156.166 - - [10/Apr/2017:12:17:31 -0300] "GET /cormun/static/gxcfg.js?201731711483381 HTTP/1.1" 304 -
186.103.156.166 - - [10/Apr/2017:12:17:31 -0300] "GET /cormun/servlet/hhome HTTP/1.1" 200 3974
186.103.156.166 - - [10/Apr/2017:12:17:31 -0300] "GET /cormun/static/gxcfg.js?201731711483497 HTTP/1.1" 304 -
186.103.156.166 - - [10/Apr/2017:12:17:31 -0300] "GET /cormun/static/hwchdr01.js?201731711335950 HTTP/1.1" 304 -
186.103.156.166 - - [10/Apr/2017:12:17:31 -0300] "GET /cormun/static/hhome.js?20173171148352 HTTP/1.1" 304 -
186.103.156.166 - - [10/Apr/2017:12:17:31 -0300] "GET /cormun/static/hpexe_recentlink.js?201610171694390 HTTP/1.1" 304 -
186.103.156.166 - - [10/Apr/2017:12:17:31 -0300] "GET /cormun/static/hpexe_scripts.js?201731711335890 HTTP/1.1" 304 -
186.103.156.166 - - [10/Apr/2017:12:17:31 -0300] "GET /cormun/static/hpexe_messagecontroller.js?201610171694323 HTTP/1.1" 304 -
186.103.156.166 - - [10/Apr/2017:12:17:31 -0300] "GET /cormun/static/hpexe_messagepopupcomponent.js?20161017169425 HTTP/1.1" 304 -
186.103.156.166 - - [10/Apr/2017:12:17:31 -0300] "GET /cormun/static/hpexe_messagegenexuscomponent.js?201731711335537 HTTP/1.1" 304 -
186.103.156.166 - - [10/Apr/2017:12:17:31 -0300] "GET /cormun/static/cmcontrolpreferences.js?201731711335852 HTTP/1.1" 304 -
186.103.156.166 - - [10/Apr/2017:12:17:31 -0300] "GET /cormun/static/hmpwkw03.js?201731711485354 HTTP/1.1" 304 -
186.103.156.166 - - [10/Apr/2017:12:17:32 -0300] "GET /cormun/servlet/hhome HTTP/1.1" 200 3971
186.103.156.166 - - [10/Apr/2017:12:17:47 -0300] "GET /cormun/servlet/trsolicitudot? HTTP/1.1" 200 8177
186.103.156.166 - - [10/Apr/2017:12:17:47 -0300] "GET /cormun/static/calendar-setup.js?85251 HTTP/1.1" 304 -
186.103.156.166 - - [10/Apr/2017:12:17:47 -0300] "GET /cormun/static/calendar.js?85251 HTTP/1.1" 304 -
186.103.156.166 - - [10/Apr/2017:12:17:47 -0300] "GET /cormun/static/gxcfg.js?201731711505139 HTTP/1.1" 304 -
186.103.156.166 - - [10/Apr/2017:12:17:47 -0300] "GET /cormun/static/calendar-es.js?85251 HTTP/1.1" 304 -
186.103.156.166 - - [10/Apr/2017:12:17:47 -0300] "GET /cormun/static/gxdec.js?85251 HTTP/1.1" 304 -
186.103.156.166 - - [10/Apr/2017:12:17:47 -0300] "GET /cormun/static/trsolicitudot.js?20173171151116 HTTP/1.1" 304 -
186.103.156.166 - - [10/Apr/2017:12:17:48 -0300] "GET /cormun/servlet/trsolicitudot? HTTP/1.1" 200 8175
186.103.156.166 - - [10/Apr/2017:12:18:05 -0300] "GET /cormun/servlet/solicitudot?INS,0,0, HTTP/1.1" 200 12765
186.103.156.166 - - [10/Apr/2017:12:18:05 -0300] "GET /cormun/static/Resources/Spanish/PXTools.css?18365030 HTTP/1.1" 304 -
186.103.156.166 - - [10/Apr/2017:12:18:05 -0300] "GET /cormun/static/gxcfg.js?20171191042720 HTTP/1.1" 304 -
186.103.156.166 - - [10/Apr/2017:12:18:05 -0300] "GET /cormun/static/solicitudot.js?2017119104297 HTTP/1.1" 304 -
186.103.156.166 - - [10/Apr/2017:12:18:05 -0300] "GET /cormun/servlet/solicitudot?INS,0,0, HTTP/1.1" 200 12769
192.168.10.13 - - [10/Apr/2017:12:18:19 -0300] "GET / HTTP/1.1" 200 11217
192.168.10.13 - - [10/Apr/2017:12:19:19 -0300] "GET / HTTP/1.1" 200 11217
186.103.156.166 - - [10/Apr/2017:12:19:45 -0300] "POST /cormun/servlet/solicitudot?gx-no-cache=1491841247794 HTTP/1.1" 200 3159
186.103.156.166 - - [10/Apr/2017:12:19:45 -0300] "POST /cormun/servlet/solicitudot?1df4a21134279612634e517fd9ae9bcd,INS,0,0,,gx-no-cache=1491841248047 HTTP/1.1" 200 9951
186.103.156.166 - - [10/Apr/2017:12:19:54 -0300] "GET /cormun/servlet/solicitudot?584421e297f745d0fef2960d45c4f29d5c1ff56884fe4ebb402e52be522b76516702c9d28c0522887364152eac97b511,gx-no-cache=1491841257691 HTTP/1.1" 200 30
186.103.156.166 - - [10/Apr/2017:12:19:55 -0300] "POST /cormun/servlet/solicitudot?gx-no-cache=1491841257757 HTTP/1.1" 200 255
186.103.156.166 - - [10/Apr/2017:12:19:55 -0300] "GET /cormun/servlet/solicitudot?584421e297f745d0fef2960d45c4f29db8f94c7693c450f4ba9ed44af3a8c278815f545ee19e5d201651db33bd6f724fad02b2fc458dba31ae7ff46880c6704b4052e7bedadf0e83314c27fb170c40211646dfbcd1621c6431f1f74769cb3b399006aeaa9160e2ae21e6cfa255d40f1230213031553c98937ca7618a41db044ba44ff55ca20d6c5b346d65eb8710edf3c545bbf3cc75d4d5e7df93001e24dd745a5a118458a763a12804a607cf80a5747472928ea0daa8b470a067c927dd9726fd1b52fb38ec73129a24c144543c855ea99229d6987a53bf39a656655ce9ed03f24de9721fcde7ccdaad310cdf6a0d209619de64b9c889c1ad1422be902240a9cc25c2bdcbb5caa3c5ee84faa4c370c90e702ad6d34531911d17184dd105e90b20dd7e1c5cf7548950ec1ff5897890ca9c6cf969e8755057afc6e1798e3f7c6995c7a7f666d453a801ebb8cccdfe901fcf8e767193837ac94f5cabf95f2f393473da9d51814ba5b355fed79ebd791586ff446663026b7fda704d4b8b7181065e,gx-no-cache=1491841257804 HTTP/1.1" 200 30
186.103.156.166 - - [10/Apr/2017:12:19:55 -0300] "POST /cormun/servlet/solicitudot?gx-no-cache=1491841258144 HTTP/1.1" 200 30
186.103.156.166 - - [10/Apr/2017:12:19:55 -0300] "POST /cormun/servlet/solicitudot?gx-no-cache=1491841258207 HTTP/1.1" 200 1292
186.103.156.166 - - [10/Apr/2017:12:19:55 -0300] "POST /cormun/servlet/solicitudot?gx-no-cache=1491841258313 HTTP/1.1" 200 38
186.79.249.5 - - [10/Apr/2017:12:20:00 -0300] "POST /cormun/servlet/solicitudot?8aa0ec95c80a8bef53c46857774ca5ce,INS,0,0,,gx-no-cache=1491837663597 HTTP/1.1" 200 93
186.79.249.5 - - [10/Apr/2017:12:20:00 -0300] "GET /cormun/servlet/hpexe_return? HTTP/1.1" 200 1002
186.79.249.5 - - [10/Apr/2017:12:20:00 -0300] "GET /cormun/static/Resources/Spanish/PXTools.css?167811 HTTP/1.1" 304 -
186.79.249.5 - - [10/Apr/2017:12:20:00 -0300] "GET /cormun/static/gxcfg.js?2016101716175148 HTTP/1.1" 304 -
186.79.249.5 - - [10/Apr/2017:12:20:00 -0300] "GET /cormun/static/hpexe_return.js?2016101716175153 HTTP/1.1" 304 -
186.79.249.5 - - [10/Apr/2017:12:20:00 -0300] "GET /cormun/servlet/trsolicitudot HTTP/1.1" 200 6980
186.79.249.5 - - [10/Apr/2017:12:20:01 -0300] "GET /cormun/servlet/trsolicitudot HTTP/1.1" 200 6977
186.103.156.166 - - [10/Apr/2017:12:20:13 -0300] "POST /cormun/servlet/solicitudot?gx-no-cache=1491841275858 HTTP/1.1" 200 30
192.168.10.13 - - [10/Apr/2017:12:20:19 -0300] "GET / HTTP/1.1" 200 11217
186.103.156.166 - - [10/Apr/2017:12:20:31 -0300] "POST /cormun/servlet/solicitudot?gx-no-cache=1491841293764 HTTP/1.1" 200 1292
186.103.156.166 - - [10/Apr/2017:12:20:31 -0300] "POST /cormun/servlet/solicitudot?gx-no-cache=1491841293849 HTTP/1.1" 200 38
207.46.13.17 - - [10/Apr/2017:12:20:35 -0300] "GET /cormun/servlet/licenciaspermisos?DLT,9335247,L,20170228000000,_escaped_fragment_%3D&_escaped_fragment_= HTTP/1.1" 200 6092
207.46.13.17 - - [10/Apr/2017:12:20:44 -0300] "GET /cormun/servlet/trsolicitudadjuntos?2016,2909,&_escaped_fragment_= HTTP/1.1" 200 6417
207.46.13.17 - - [10/Apr/2017:12:20:58 -0300] "GET /cormun/servlet/hpexe_link HTTP/1.1" 200 994
186.103.156.166 - - [10/Apr/2017:12:21:09 -0300] "POST /cormun/servlet/solicitudot?gx-no-cache=1491841332001 HTTP/1.1" 200 1292
186.103.156.166 - - [10/Apr/2017:12:21:09 -0300] "POST /cormun/servlet/solicitudot?gx-no-cache=1491841332148 HTTP/1.1" 200 38
186.103.156.166 - - [10/Apr/2017:12:21:14 -0300] "GET /cormun/servlet/solicitudot?584421e297f745d0fef2960d45c4f29d49240de2e205c53179f4678c6ca2397b80d3535b3df0292b03de65d2e8d4772981e92397db714dc4e3d9f09d0f5634b1e7ceebb0fffb65efe6fc04774802a09809ab7dc93260382508c4a93bdc1b7e80566addf4129a016b986b5b6924116b6985fcf268db1892dacfb3d9487b3786999fa384648aa627880836898ecc430687fac94a1efeeff8d4077ae2cedd8c0959,gx-no-cache=1491841337004 HTTP/1.1" 200 29
192.168.10.13 - - [10/Apr/2017:12:21:19 -0300] "GET / HTTP/1.1" 200 11217
186.103.156.166 - - [10/Apr/2017:12:21:23 -0300] "POST /cormun/servlet/solicitudot?gx-no-cache=1491841346260 HTTP/1.1" 200 1274
186.103.156.166 - - [10/Apr/2017:12:21:23 -0300] "POST /cormun/servlet/solicitudot?gx-no-cache=1491841346343 HTTP/1.1" 200 1157
192.168.10.13 - - [10/Apr/2017:12:22:19 -0300] "GET / HTTP/1.1" 200 11217
186.103.156.166 - - [10/Apr/2017:12:22:28 -0300] "GET /cormun/servlet/solicitudot?584421e297f745d0fef2960d45c4f29d9489b8e35aa0a253d2882b7357d57b5d31ee6f82cf7bd5dc677aa3464500afbab3fc6ecd318931cb6f3fcad9deecdba30e722d99fb06bbaeba9746eab40bb9c4cab0d50bd40b36fa5d1eb56d116597d891ce8d7e59a87f01e78eaf7820b2ed332471a3399f9f9f874b9b4d4418f39db236db72538693297bc6fb544d0d0481bac96fc1e82b2a34a04d0538d3c6c237f5b35b9f3de79c2a5694439df0536f728b,gx-no-cache=1491841410740 HTTP/1.1" 200 30
186.103.156.166 - - [10/Apr/2017:12:22:28 -0300] "POST /cormun/servlet/solicitudot?1df4a21134279612634e517fd9ae9bcd,INS,0,0,,gx-no-cache=1491841410850 HTTP/1.1" 200 11284
186.103.156.166 - - [10/Apr/2017:12:22:28 -0300] "GET /cormun/static/Shared/jqueryui/images/ui-bg_highlight-soft_100_c6c2c8_1x100.png HTTP/1.1" 404 1117
186.103.156.166 - - [10/Apr/2017:12:22:28 -0300] "GET /cormun/static/Shared/jqueryui/images/ui-bg_flat_55_994d53_40x100.png HTTP/1.1" 404 1097
186.103.156.166 - - [10/Apr/2017:12:22:28 -0300] "GET /cormun/static/Shared/jqueryui/images/ui-icons_82798d_256x240.png HTTP/1.1" 404 1089
186.103.156.166 - - [10/Apr/2017:12:22:28 -0300] "GET /cormun/static/Shared/jqueryui/images/ui-icons_ebccce_256x240.png HTTP/1.1" 404 1089
186.103.159.182 - - [10/Apr/2017:12:22:37 -0300] "GET /cormun/servlet/hlogin HTTP/1.1" 200 1725
186.103.159.182 - - [10/Apr/2017:12:22:37 -0300] "GET /cormun/static/Resources/Spanish/PXTools.css?11294912 HTTP/1.1" 304 -
186.103.159.182 - - [10/Apr/2017:12:22:37 -0300] "GET /cormun/static/gxtimezone.js?85251 HTTP/1.1" 304 -
186.103.159.182 - - [10/Apr/2017:12:22:37 -0300] "GET /cormun/static/gxcfg.js?201731711485472 HTTP/1.1" 304 -
186.103.159.182 - - [10/Apr/2017:12:22:37 -0300] "GET /cormun/static/messages.spa.js?85251 HTTP/1.1" 304 -
186.103.159.182 - - [10/Apr/2017:12:22:37 -0300] "GET /cormun/static/hlogin.js?201731711485490 HTTP/1.1" 304 -
186.103.159.182 - - [10/Apr/2017:12:22:38 -0300] "GET /cormun/servlet/hlogin HTTP/1.1" 200 1736
186.103.156.166 - - [10/Apr/2017:12:22:38 -0300] "GET /cormun/static/menuarrow.gif HTTP/1.1" 404 1015
186.103.159.182 - - [10/Apr/2017:12:22:39 -0300] "POST /cormun/servlet/hlogin?0350d9cf949af9eaf96ad0b094fe40e5,gx-no-cache=1491837825209 HTTP/1.1" 200 90
186.103.159.182 - - [10/Apr/2017:12:22:40 -0300] "GET /cormun/servlet/hpexe_link HTTP/1.1" 200 953
186.103.159.182 - - [10/Apr/2017:12:22:40 -0300] "GET /cormun/static/gxcfg.js?201731711483381 HTTP/1.1" 304 -
186.103.159.182 - - [10/Apr/2017:12:22:40 -0300] "GET /cormun/static/hpexe_link.js?201731711483384 HTTP/1.1" 304 -
186.103.159.182 - - [10/Apr/2017:12:22:40 -0300] "GET /cormun/servlet/hhome HTTP/1.1" 200 4064
186.103.159.182 - - [10/Apr/2017:12:22:40 -0300] "GET /cormun/static/gxcfg.js?201731711483497 HTTP/1.1" 304 -
186.103.159.182 - - [10/Apr/2017:12:22:40 -0300] "GET /cormun/static/hwchdr01.js?201731711335950 HTTP/1.1" 304 -
186.103.159.182 - - [10/Apr/2017:12:22:40 -0300] "GET /cormun/static/hhome.js?20173171148352 HTTP/1.1" 304 -
186.103.159.182 - - [10/Apr/2017:12:22:40 -0300] "GET /cormun/static/hpexe_recentlink.js?201610171694390 HTTP/1.1" 304 -
186.103.159.182 - - [10/Apr/2017:12:22:40 -0300] "GET /cormun/static/hpexe_messagecontroller.js?201610171694323 HTTP/1.1" 304 -
186.103.159.182 - - [10/Apr/2017:12:22:40 -0300] "GET /cormun/static/hpexe_scripts.js?201731711335890 HTTP/1.1" 304 -
186.103.159.182 - - [10/Apr/2017:12:22:40 -0300] "GET /cormun/static/hpexe_messagepopupcomponent.js?20161017169425 HTTP/1.1" 304 -
186.103.159.182 - - [10/Apr/2017:12:22:40 -0300] "GET /cormun/static/hpexe_messagegenexuscomponent.js?201731711335537 HTTP/1.1" 304 -
186.103.159.182 - - [10/Apr/2017:12:22:40 -0300] "GET /cormun/static/cmcontrolpreferences.js?201731711335852 HTTP/1.1" 304 -
186.103.159.182 - - [10/Apr/2017:12:22:40 -0300] "GET /cormun/static/hmpwkw03.js?201731711485354 HTTP/1.1" 304 -
186.103.159.182 - - [10/Apr/2017:12:22:42 -0300] "GET /cormun/servlet/hhome HTTP/1.1" 200 4060
186.103.159.182 - - [10/Apr/2017:12:22:52 -0300] "GET /cormun/servlet/trlicencias? HTTP/1.1" 200 6938
186.103.159.182 - - [10/Apr/2017:12:22:52 -0300] "GET /cormun/static/Resources/Spanish/PXTools.css?18365030 HTTP/1.1" 304 -
186.103.159.182 - - [10/Apr/2017:12:22:52 -0300] "GET /cormun/static/gxcfg.js?2016122619301429 HTTP/1.1" 304 -
186.103.159.182 - - [10/Apr/2017:12:22:52 -0300] "GET /cormun/static/calendar-setup.js?85251 HTTP/1.1" 304 -
186.103.159.182 - - [10/Apr/2017:12:22:52 -0300] "GET /cormun/static/calendar.js?85251 HTTP/1.1" 304 -
186.103.159.182 - - [10/Apr/2017:12:22:52 -0300] "GET /cormun/static/calendar-es.js?85251 HTTP/1.1" 304 -
186.103.159.182 - - [10/Apr/2017:12:22:52 -0300] "GET /cormun/static/gxdec.js?85251 HTTP/1.1" 304 -
186.103.159.182 - - [10/Apr/2017:12:22:52 -0300] "GET /cormun/static/trlicencias.js?2016122619301919 HTTP/1.1" 304 -
186.103.159.182 - - [10/Apr/2017:12:22:54 -0300] "GET /cormun/servlet/trlicencias? HTTP/1.1" 200 6936
186.103.159.182 - - [10/Apr/2017:12:22:57 -0300] "GET /cormun/servlet/licenciaspermisos?INS,0,,, HTTP/1.1" 200 7470
186.103.159.182 - - [10/Apr/2017:12:22:57 -0300] "GET /cormun/static/gxcfg.js?20173291150977 HTTP/1.1" 304 -
186.103.159.182 - - [10/Apr/2017:12:22:57 -0300] "GET /cormun/static/licenciaspermisos.js?201732911501028 HTTP/1.1" 304 -
186.103.159.182 - - [10/Apr/2017:12:22:58 -0300] "GET /cormun/servlet/licenciaspermisos?INS,0,,, HTTP/1.1" 200 7478
186.103.156.166 - - [10/Apr/2017:12:23:11 -0300] "GET /cormun/servlet/solicitudot?584421e297f745d0fef2960d45c4f29d9489b8e35aa0a253d2882b7357d57b5d31ee6f82cf7bd5dc677aa3464500afbab3fc6ecd318931cb6f3fcad9deecdba30e722d99fb06bbaeba9746eab40bb9c4cab0d50bd40b36fa5d1eb56d116597d891ce8d7e59a87f01e78eaf7820b2ed332471a3399f9f9f874b9b4d4418f39db236db72538693297bc6fb544d0d0481bac96fc1e82b2a34a04d0538d3c6c237f54baa8ae16639d890dadf4cc724e0f9f6,gx-no-cache=1491841454491 HTTP/1.1" 200 30
186.103.156.166 - - [10/Apr/2017:12:23:12 -0300] "POST /cormun/servlet/solicitudot?1df4a21134279612634e517fd9ae9bcd,INS,0,0,,gx-no-cache=1491841454575 HTTP/1.1" 200 11332
192.168.10.13 - - [10/Apr/2017:12:23:19 -0300] "GET / HTTP/1.1" 200 11217
186.103.156.166 - - [10/Apr/2017:12:23:28 -0300] "GET /cormun/servlet/solicitudot?584421e297f745d0fef2960d45c4f29d9489b8e35aa0a253d2882b7357d57b5d31ee6f82cf7bd5dc677aa3464500afbab3fc6ecd318931cb6f3fcad9deecdba30e722d99fb06bbaeba9746eab40bb9c4cab0d50bd40b36fa5d1eb56d116597d891ce8d7e59a87f01e78eaf7820b2ed332471a3399f9f9f874b9b4d4418f39db236db72538693297bc6fb544d0d0481bac96fc1e82b2a34a04d0538d3c6c237f547bd06783d448f55e77f739a94f97374,gx-no-cache=1491841471145 HTTP/1.1" 200 30
186.103.156.166 - - [10/Apr/2017:12:23:28 -0300] "POST /cormun/servlet/solicitudot?1df4a21134279612634e517fd9ae9bcd,INS,0,0,,gx-no-cache=1491841471229 HTTP/1.1" 200 11378
186.103.159.46 - - [10/Apr/2017:12:23:29 -0300] "GET /cormun/servlet/tratrazos? HTTP/1.1" 200 6786
186.103.159.46 - - [10/Apr/2017:12:23:29 -0300] "GET /cormun/static/Resources/Spanish/PXTools.css?167811 HTTP/1.1" 304 -
186.103.159.46 - - [10/Apr/2017:12:23:29 -0300] "GET /cormun/static/gxcfg.js?2016111619465317 HTTP/1.1" 200 953
186.103.159.46 - - [10/Apr/2017:12:23:29 -0300] "GET /cormun/static/calendar.js?85251 HTTP/1.1" 304 -
186.103.159.46 - - [10/Apr/2017:12:23:29 -0300] "GET /cormun/static/calendar-es.js?85251 HTTP/1.1" 304 -
186.103.159.46 - - [10/Apr/2017:12:23:29 -0300] "GET /cormun/static/calendar-setup.js?85251 HTTP/1.1" 304 -
186.103.159.46 - - [10/Apr/2017:12:23:29 -0300] "GET /cormun/static/gxdec.js?85251 HTTP/1.1" 304 -
186.103.159.46 - - [10/Apr/2017:12:23:30 -0300] "GET /cormun/static/tratrazos.js?2016111619465747 HTTP/1.1" 200 30414
186.103.159.46 - - [10/Apr/2017:12:23:30 -0300] "GET /cormun/servlet/tratrazos? HTTP/1.1" 200 6785
186.103.159.182 - - [10/Apr/2017:12:23:39 -0300] "GET /cormun/servlet/licenciaspermisos?5d937415512249f4ef8bb4813b97d2239c4a3bf850fb3a954a040eafa4ce0527326122b1ad8cc97119d09db208f342d7,gx-no-cache=1491837884742 HTTP/1.1" 200 65
186.103.159.182 - - [10/Apr/2017:12:23:39 -0300] "POST /cormun/servlet/licenciaspermisos?0350d9cf949af9eaf96ad0b094fe40e5,INS,0,,,,gx-no-cache=1491837884823 HTTP/1.1" 200 4631
186.103.156.166 - - [10/Apr/2017:12:24:05 -0300] "GET /cormun/servlet/solicitudot?584421e297f745d0fef2960d45c4f29d49240de2e205c53179f4678c6ca2397b80d3535b3df0292b03de65d2e8d477292353da9fdfa8022bed128f5d52df6b4be7ceebb0fffb65efe6fc04774802a09809ab7dc93260382508c4a93bdc1b7e80566addf4129a016b986b5b6924116b6985fcf268db1892dacfb3d9487b3786999fa384648aa627880836898ecc430687fac94a1efeeff8d4077ae2cedd8c0959,gx-no-cache=1491841507951 HTTP/1.1" 200 29
186.103.156.166 - - [10/Apr/2017:12:24:07 -0300] "POST /cormun/servlet/solicitudot?gx-no-cache=1491841510451 HTTP/1.1" 200 1274
186.103.156.166 - - [10/Apr/2017:12:24:07 -0300] "POST /cormun/servlet/solicitudot?gx-no-cache=1491841510529 HTTP/1.1" 200 1157
186.103.156.166 - - [10/Apr/2017:12:24:14 -0300] "POST /cormun/servlet/solicitudot?gx-no-cache=1491841516886 HTTP/1.1" 200 1274
186.103.156.166 - - [10/Apr/2017:12:24:14 -0300] "POST /cormun/servlet/solicitudot?gx-no-cache=1491841516949 HTTP/1.1" 200 1157
192.168.10.13 - - [10/Apr/2017:12:24:19 -0300] "GET / HTTP/1.1" 200 11217
186.103.159.182 - - [10/Apr/2017:12:24:32 -0300] "GET /cormun/static/menuarrow.gif HTTP/1.1" 404 1015
186.103.156.166 - - [10/Apr/2017:12:24:39 -0300] "GET /cormun/servlet/solicitudot?584421e297f745d0fef2960d45c4f29d9489b8e35aa0a253d2882b7357d57b5d31ee6f82cf7bd5dc677aa3464500afbab3fc6ecd318931cb6f3fcad9deecdba30e722d99fb06bbaeba9746eab40bb9c4cab0d50bd40b36fa5d1eb56d116597d891ce8d7e59a87f01e78eaf7820b2ed332471a3399f9f9f874b9b4d4418f39db236db72538693297bc6fb544d0d0481bac96fc1e82b2a34a04d0538d3c6c237f5b35b9f3de79c2a5694439df0536f728b,gx-no-cache=1491841541808 HTTP/1.1" 200 30
186.103.156.166 - - [10/Apr/2017:12:24:41 -0300] "POST /cormun/servlet/solicitudot?1df4a21134279612634e517fd9ae9bcd,INS,0,0,,gx-no-cache=1491841544165 HTTP/1.1" 200 11423
192.168.10.13 - - [10/Apr/2017:12:25:19 -0300] "GET / HTTP/1.1" 200 11217
186.103.156.166 - - [10/Apr/2017:12:25:22 -0300] "GET /cormun/servlet/solicitudot?584421e297f745d0fef2960d45c4f29d9489b8e35aa0a253d2882b7357d57b5d31ee6f82cf7bd5dc677aa3464500afbab3fc6ecd318931cb6f3fcad9deecdba30e722d99fb06bbaeba9746eab40bb9c4cab0d50bd40b36fa5d1eb56d116597d891ce8d7e59a87f01e78eaf7820b2ed332471a3399f9f9f874b9b4d4418f39db236db72538693297bc6fb544d0d0481bac96fc1e82b2a34a04d0538d3c6c237f5627490b0f9d9bfba350552522039c418,gx-no-cache=1491841585410 HTTP/1.1" 200 30
186.103.156.166 - - [10/Apr/2017:12:25:22 -0300] "POST /cormun/servlet/solicitudot?1df4a21134279612634e517fd9ae9bcd,INS,0,0,,gx-no-cache=1491841585472 HTTP/1.1" 200 11475
186.103.156.166 - - [10/Apr/2017:12:25:37 -0300] "POST /cormun/servlet/solicitudot?gx-no-cache=1491841600645 HTTP/1.1" 200 30
186.103.156.166 - - [10/Apr/2017:12:25:40 -0300] "POST /cormun/servlet/solicitudot?gx-no-cache=1491841602760 HTTP/1.1" 200 1290
186.103.156.166 - - [10/Apr/2017:12:25:40 -0300] "POST /cormun/servlet/solicitudot?gx-no-cache=1491841602867 HTTP/1.1" 200 41
186.103.156.166 - - [10/Apr/2017:12:25:40 -0300] "POST /cormun/servlet/solicitudot?gx-no-cache=1491841602931 HTTP/1.1" 200 1274
186.103.156.166 - - [10/Apr/2017:12:25:40 -0300] "POST /cormun/servlet/solicitudot?gx-no-cache=1491841602993 HTTP/1.1" 200 1157
186.103.156.166 - - [10/Apr/2017:12:25:41 -0300] "POST /cormun/servlet/solicitudot?gx-no-cache=1491841604582 HTTP/1.1" 200 30
186.103.156.166 - - [10/Apr/2017:12:25:41 -0300] "POST /cormun/servlet/solicitudot?gx-no-cache=1491841604646 HTTP/1.1" 200 1290
186.103.156.166 - - [10/Apr/2017:12:25:41 -0300] "POST /cormun/servlet/solicitudot?gx-no-cache=1491841604722 HTTP/1.1" 200 41
186.103.156.166 - - [10/Apr/2017:12:25:42 -0300] "POST /cormun/servlet/solicitudot?gx-no-cache=1491841604783 HTTP/1.1" 200 1274
186.103.156.166 - - [10/Apr/2017:12:25:42 -0300] "POST /cormun/servlet/solicitudot?gx-no-cache=1491841604868 HTTP/1.1" 200 1157
186.103.156.166 - - [10/Apr/2017:12:25:49 -0300] "GET /cormun/servlet/solicitudot?584421e297f745d0fef2960d45c4f29d9489b8e35aa0a253d2882b7357d57b5d31ee6f82cf7bd5dc677aa3464500afbab3fc6ecd318931cb6f3fcad9deecdba30e722d99fb06bbaeba9746eab40bb9c4cab0d50bd40b36fa5d1eb56d116597d891ce8d7e59a87f01e78eaf7820b2ed332471a3399f9f9f874b9b4d4418f39db236db72538693297bc6fb544d0d0481bac96fc1e82b2a34a04d0538d3c6c237f5b35b9f3de79c2a5694439df0536f728b,gx-no-cache=1491841612137 HTTP/1.1" 200 30
186.103.156.166 - - [10/Apr/2017:12:25:49 -0300] "POST /cormun/servlet/solicitudot?1df4a21134279612634e517fd9ae9bcd,INS,0,0,,gx-no-cache=1491841612194 HTTP/1.1" 200 93
186.103.156.166 - - [10/Apr/2017:12:25:49 -0300] "GET /cormun/servlet/hpexe_return? HTTP/1.1" 200 1009
186.103.156.166 - - [10/Apr/2017:12:25:49 -0300] "GET /cormun/static/Resources/Spanish/PXTools.css?167811 HTTP/1.1" 304 -
186.103.156.166 - - [10/Apr/2017:12:25:49 -0300] "GET /cormun/static/gxcfg.js?2016101716175148 HTTP/1.1" 304 -
186.103.156.166 - - [10/Apr/2017:12:25:49 -0300] "GET /cormun/static/hpexe_return.js?2016101716175153 HTTP/1.1" 304 -
186.103.156.166 - - [10/Apr/2017:12:25:49 -0300] "GET /cormun/servlet/trsolicitudot HTTP/1.1" 200 8664
186.103.156.166 - - [10/Apr/2017:12:25:50 -0300] "GET /cormun/servlet/trsolicitudot HTTP/1.1" 200 8660
192.168.10.13 - - [10/Apr/2017:12:26:19 -0300] "GET / HTTP/1.1" 200 11217
192.168.10.96 - - [10/Apr/2017:12:26:36 -0300] "GET /cormun/servlet/trconsultaempleado? HTTP/1.1" 200 5327
192.168.10.96 - - [10/Apr/2017:12:26:37 -0300] "GET /cormun/servlet/hlogin HTTP/1.1" 200 1741
192.168.10.96 - - [10/Apr/2017:12:26:37 -0300] "GET /cormun/servlet/trconsultaempleado? HTTP/1.1" 200 5320
186.103.156.166 - - [10/Apr/2017:12:26:38 -0300] "POST /cormun/servlet/trsolicitudot?1df4a21134279612634e517fd9ae9bcd,gx-no-cache=1491841661404 HTTP/1.1" 200 5426
186.103.156.166 - - [10/Apr/2017:12:26:38 -0300] "GET /cormun/static/Shared/jqueryui/images/ui-bg_highlight-soft_100_c6c2c8_1x100.png HTTP/1.1" 404 1117
186.103.156.166 - - [10/Apr/2017:12:26:38 -0300] "GET /cormun/static/Shared/jqueryui/images/ui-icons_82798d_256x240.png HTTP/1.1" 404 1089
186.103.156.166 - - [10/Apr/2017:12:26:38 -0300] "GET /cormun/static/Shared/jqueryui/images/ui-icons_8d78a5_256x240.png HTTP/1.1" 404 1089
186.103.156.166 - - [10/Apr/2017:12:26:38 -0300] "GET /cormun/static/Shared/jqueryui/images/ui-bg_flat_55_fafafa_40x100.png HTTP/1.1" 404 1097
186.103.156.166 - - [10/Apr/2017:12:26:39 -0300] "POST /cormun/servlet/trsolicitudot?1df4a21134279612634e517fd9ae9bcd,gx-no-cache=1491841661698 HTTP/1.1" 200 5369
192.168.10.96 - - [10/Apr/2017:12:26:45 -0300] "POST /cormun/servlet/hlogin?d339a8ecc668e14049d2167cfa3f30b7,gx-no-cache=1491841280695 HTTP/1.1" 200 90
192.168.10.96 - - [10/Apr/2017:12:26:45 -0300] "GET /cormun/servlet/hpexe_link HTTP/1.1" 200 959
186.103.156.166 - - [10/Apr/2017:12:26:45 -0300] "GET /cormun/servlet/treventos?2017,5941, HTTP/1.1" 200 6037
186.103.156.166 - - [10/Apr/2017:12:26:45 -0300] "GET /cormun/static/gxcfg.js?2016101716195975 HTTP/1.1" 304 -
186.103.156.166 - - [10/Apr/2017:12:26:45 -0300] "GET /cormun/static/treventos.js?201610171620222 HTTP/1.1" 304 -
192.168.10.96 - - [10/Apr/2017:12:26:45 -0300] "GET /cormun/servlet/trconsultaempleado HTTP/1.1" 200 9379
186.103.156.166 - - [10/Apr/2017:12:26:46 -0300] "GET /cormun/servlet/treventos?2017,5941, HTTP/1.1" 200 6036
192.168.10.96 - - [10/Apr/2017:12:26:46 -0300] "GET /cormun/servlet/trconsultaempleado HTTP/1.1" 200 9378
192.168.10.96 - - [10/Apr/2017:12:26:56 -0300] "POST /cormun/servlet/trconsultaempleado?d339a8ecc668e14049d2167cfa3f30b7,gx-no-cache=1491841291969 HTTP/1.1" 200 4310
192.168.10.96 - - [10/Apr/2017:12:26:58 -0300] "GET /cormun/servlet/trsolicitudnombre?16935178, HTTP/1.1" 200 8176
192.168.10.96 - - [10/Apr/2017:12:26:58 -0300] "GET /cormun/servlet/trsolicitudnombre?16935178, HTTP/1.1" 200 8179
192.168.10.96 - - [10/Apr/2017:12:27:00 -0300] "GET /cormun/servlet/vesolicitudnombre?2017,4741,, HTTP/1.1" 200 8545
192.168.10.96 - - [10/Apr/2017:12:27:00 -0300] "GET /cormun/pexe_scrolldiv.js HTTP/1.1" 404 1009
192.168.10.96 - - [10/Apr/2017:12:27:00 -0300] "GET /cormun/pexe_scrolldiv.js HTTP/1.1" 404 1009
192.168.10.96 - - [10/Apr/2017:12:27:00 -0300] "GET /cormun/servlet/vesolicitudnombre?2017,4741,, HTTP/1.1" 200 8542
186.103.156.166 - - [10/Apr/2017:12:27:01 -0300] "POST /cormun/servlet/treventos?1df4a21134279612634e517fd9ae9bcd,2017,5941,,gx-no-cache=1491841683817 HTTP/1.1" 200 90
186.103.156.166 - - [10/Apr/2017:12:27:01 -0300] "GET /cormun/servlet/hpexe_link HTTP/1.1" 200 986
186.103.156.166 - - [10/Apr/2017:12:27:01 -0300] "GET /cormun/servlet/trsolicitudot?gx-no-cache=1491841661698 HTTP/1.1" 200 8176
186.103.156.166 - - [10/Apr/2017:12:27:01 -0300] "GET /cormun/servlet/trsolicitudot?gx-no-cache=1491841661698 HTTP/1.1" 200 8214
192.168.10.96 - - [10/Apr/2017:12:27:02 -0300] "GET /cormun/servlet/vesolicitudnombre?2017,4741,,SolicitudOTAdjuntos HTTP/1.1" 200 10568
192.168.10.96 - - [10/Apr/2017:12:27:02 -0300] "GET /cormun/pexe_scrolldiv.js HTTP/1.1" 404 1009
192.168.10.96 - - [10/Apr/2017:12:27:02 -0300] "GET /cormun/pexe_scrolldiv.js HTTP/1.1" 404 1009
192.168.10.96 - - [10/Apr/2017:12:27:03 -0300] "GET /cormun/servlet/vesolicitudnombre?2017,4741,,SolicitudOTAdjuntos HTTP/1.1" 200 10567
192.168.10.96 - - [10/Apr/2017:12:27:03 -0300] "POST /cormun/servlet/acontrolpreferencessavestate?None,DZAMUDIO,true HTTP/1.1" 200 35
192.168.10.96 - - [10/Apr/2017:12:27:05 -0300] "GET /cormun/PublicTempStorage/certificados_titulos_yasna_aliste3912711.pdf HTTP/1.1" 200 1525833
192.168.10.13 - - [10/Apr/2017:12:27:19 -0300] "GET / HTTP/1.1" 200 11217
192.168.10.13 - - [10/Apr/2017:12:28:19 -0300] "GET / HTTP/1.1" 200 11217
186.103.159.182 - - [10/Apr/2017:12:28:27 -0300] "GET /cormun/servlet/licenciaspermisos?5d937415512249f4ef8bb4813b97d223d8c2acccef9c8ae49969ff795e9c4ac2010b79638cfe3a0b00f13715080c59577435b3718159b0fc4c389777899eae670db80651ba36f56a8e61352f243198be2842df4428b13502242a1b60fcb0643417aa748a869e009dd551a2af62a4b193129306305256f8cc69a0b2bad4166052cb2091f2a154c9b450538dea3aff6b2b40a323676067414742902b3b21b2231298bca9f5cecb513b2d9e05176cc7bf0bca0801f51a88cfcadf25a2d70b4a66bec93ba10f94ed6db132669f7c539b66d7bf0c109ff6fec3c4fe2b59b739ed03d6,gx-no-cache=1491838173140 HTTP/1.1" 200 30
186.103.159.182 - - [10/Apr/2017:12:28:27 -0300] "GET /cormun/servlet/licenciaspermisos?5d937415512249f4ef8bb4813b97d223ca0f7e5e6b93b04b94e90c69dfc24a879a9147cac4adb31da16166c71e8bcdaecae94512556f005ef1efc9aad01cc85863e7e463147fd2719aeb0a90a6d99ab275d1a9722c405ea0068a4e589c81a6a3c5e2fc4343313b83018d2b37c652ba5dd80f75e45c9b8e015dfab8a06d91a2791be66f1d18305204adbbccec3826221f1085e586e8d136f03bcc60fdb2ce07104853483f2452db99e9d9765fe1fb0de5bc2799cd6a06c4fabc6e27a0a38a8ddbaeb837d98caaa408fc5aea6b7e09919421ef2fdb40b4c860b95691e4e9ed723e,gx-no-cache=1491838173217 HTTP/1.1" 200 29
186.103.159.182 - - [10/Apr/2017:12:28:28 -0300] "POST /cormun/servlet/licenciaspermisos?0350d9cf949af9eaf96ad0b094fe40e5,INS,0,,,,gx-no-cache=1491838173263 HTTP/1.1" 200 93
186.103.159.182 - - [10/Apr/2017:12:28:28 -0300] "GET /cormun/servlet/hpexe_return? HTTP/1.1" 200 1014
186.103.159.182 - - [10/Apr/2017:12:28:28 -0300] "GET /cormun/static/Resources/Spanish/PXTools.css?167811 HTTP/1.1" 304 -
186.103.159.182 - - [10/Apr/2017:12:28:28 -0300] "GET /cormun/static/gxcfg.js?2016101716175148 HTTP/1.1" 304 -
186.103.159.182 - - [10/Apr/2017:12:28:28 -0300] "GET /cormun/static/hpexe_return.js?2016101716175153 HTTP/1.1" 304 -
186.103.159.182 - - [10/Apr/2017:12:28:29 -0300] "GET /cormun/servlet/trlicencias HTTP/1.1" 200 8102
186.103.159.182 - - [10/Apr/2017:12:28:30 -0300] "GET /cormun/servlet/trlicencias HTTP/1.1" 200 8098
40.77.167.58 - - [10/Apr/2017:12:28:36 -0300] "GET /cormun/static/PXToolsJavascripts/pexe_menus.js HTTP/1.1" 200 1286
40.77.167.58 - - [10/Apr/2017:12:28:36 -0300] "GET /cormun/static/gxcfg.js?201731711523419 HTTP/1.1" 200 953
40.77.167.58 - - [10/Apr/2017:12:28:36 -0300] "GET /cormun/static/gxgralSD.js?85251 HTTP/1.1" 200 20927
40.77.167.58 - - [10/Apr/2017:12:28:37 -0300] "GET /cormun/static/PXToolsJavascripts/pexe_menus.js HTTP/1.1" 200 1286
40.77.167.58 - - [10/Apr/2017:12:28:37 -0300] "GET /cormun/static/gxcfg.js?201731711523419 HTTP/1.1" 200 953
40.77.167.58 - - [10/Apr/2017:12:28:37 -0300] "GET /cormun/static/gxgralSD.js?85251 HTTP/1.1" 200 20927
186.103.159.182 - - [10/Apr/2017:12:29:10 -0300] "GET /cormun/servlet/trlicenciaspermisosadjuntos?13717343,20170410000000,L, HTTP/1.1" 200 6411
186.103.159.182 - - [10/Apr/2017:12:29:10 -0300] "GET /cormun/static/gxcfg.js?20173171154619 HTTP/1.1" 304 -
186.103.159.182 - - [10/Apr/2017:12:29:10 -0300] "GET /cormun/static/trlicenciaspermisosadjuntos.js?20173171154971 HTTP/1.1" 304 -
186.103.159.182 - - [10/Apr/2017:12:29:11 -0300] "GET /cormun/servlet/trlicenciaspermisosadjuntos?13717343,20170410000000,L, HTTP/1.1" 200 6411
186.103.159.182 - - [10/Apr/2017:12:29:16 -0300] "GET /cormun/servlet/licenciaspermisosadjuntos?INS,13717343,L,20170410000000,, HTTP/1.1" 200 5714
