186.67.172.234 - - [07/Apr/2017:10:30:31 -0300] "POST /cormun/servlet/prfichaempleado?67173224360aaeb15bdc4035b795ec39,,MD,,gxPopupLevel%3D0%3B,gx-no-cache=1491571895467 HTTP/1.1" 200 5893
186.103.159.182 - - [07/Apr/2017:10:30:31 -0300] "POST /cormun/servlet/hlogin?880e6494b5fa9c361290d4711bf54daf,gx-no-cache=1491571896960 HTTP/1.1" 200 90
186.103.159.182 - - [07/Apr/2017:10:30:31 -0300] "GET /cormun/servlet/hpexe_link HTTP/1.1" 200 945
186.103.159.182 - - [07/Apr/2017:10:30:31 -0300] "GET /cormun/static/gxcfg.js?201731711483381 HTTP/1.1" 304 -
186.103.159.182 - - [07/Apr/2017:10:30:32 -0300] "GET /cormun/servlet/hhome HTTP/1.1" 200 4057
186.103.159.182 - - [07/Apr/2017:10:30:32 -0300] "GET /cormun/static/gxcfg.js?201731711483497 HTTP/1.1" 304 -
186.103.159.182 - - [07/Apr/2017:10:30:33 -0300] "GET /cormun/servlet/hhome HTTP/1.1" 200 4053
186.67.172.234 - - [07/Apr/2017:10:30:38 -0300] "POST /cormun/servlet/solicitudot?gx-no-cache=1491571903178 HTTP/1.1" 200 3178
186.67.172.234 - - [07/Apr/2017:10:30:39 -0300] "POST /cormun/servlet/solicitudot?67173224360aaeb15bdc4035b795ec39,INS,0,0,,gx-no-cache=1491571903308 HTTP/1.1" 200 9936
186.67.172.234 - - [07/Apr/2017:10:30:50 -0300] "GET /cormun/servlet/solicitudot?89b345a047ac9f770b711c9eade289ac0fb2b0fd0aa0d4827524ed74a0274b52f076f6f4fd8d6e222e925daec92afea5,gx-no-cache=1491571914491 HTTP/1.1" 200 30
186.67.172.234 - - [07/Apr/2017:10:30:50 -0300] "POST /cormun/servlet/solicitudot?gx-no-cache=1491571914571 HTTP/1.1" 200 256
186.67.172.234 - - [07/Apr/2017:10:30:50 -0300] "GET /cormun/servlet/solicitudot?89b345a047ac9f770b711c9eade289acc8e928f59e01b27f35634bfefb2b4722cb3e3410d1768cdb0c58baed2fc9961d3cf527c80082481513a937c8dee7fd84a3159e1f3036fcd67d9997b0ddd38b437558a25c37bfc18ea1d9ed8034125d80a849bb09199a795b240c2b6e4a125194b590eee50819979b0eae7febac9a989a1946a5af992071cd24bf5849f07cd6719fcc364266fd557be18d71aeff3b5aae192fe7905a1933f24256929dd9d63065e70a5a7986bb429cb92ab84dab4a5b02ccff8ba7522c09d87fa407c08f785be37b3a593495f3696f8f0caec62a0412f7d0776fca3802e22ad96ee8f72933ca55713bb464952284ac43b588c8efa23907b95fdb3c776c870918a7d250630eab38de88831dc8af19f5302ffb1052e1579527c6ae79f14e6af99213c62901094cef29e104ff80bc591c940c68a75ab1b7f57384bd2397913f64e770ec9d16381eddba002a228b76a701ab7c392973f0336d2e93f9c355fdaac582dcf088a687ba8aedc4cafdc3e773a04703231ebe6f5862,gx-no-cache=1491571914690 HTTP/1.1" 200 30
186.67.172.234 - - [07/Apr/2017:10:30:57 -0300] "POST /cormun/servlet/solicitudot?gx-no-cache=1491571921352 HTTP/1.1" 200 30
186.67.172.234 - - [07/Apr/2017:10:30:59 -0300] "POST /cormun/servlet/solicitudot?gx-no-cache=1491571923984 HTTP/1.1" 200 235
186.67.172.234 - - [07/Apr/2017:10:30:59 -0300] "POST /cormun/servlet/solicitudot?gx-no-cache=1491571924043 HTTP/1.1" 200 38
192.168.10.13 - - [07/Apr/2017:10:31:22 -0300] "GET / HTTP/1.1" 200 11217
192.168.10.13 - - [07/Apr/2017:10:32:22 -0300] "GET / HTTP/1.1" 200 11217
201.236.62.111 - - [07/Apr/2017:10:32:26 -0300] "GET /cormun/servlet/hlogin HTTP/1.1" 200 1728
201.236.62.111 - - [07/Apr/2017:10:32:27 -0300] "GET /cormun/static/gxcfg.js?201731711485472 HTTP/1.1" 304 -
201.236.62.111 - - [07/Apr/2017:10:32:42 -0300] "POST /cormun/servlet/hlogin?be40419a80c7c38a940ba1f67e33c64b,gx-no-cache=1491572041214 HTTP/1.1" 200 90
201.236.62.111 - - [07/Apr/2017:10:32:43 -0300] "GET /cormun/servlet/hpexe_link HTTP/1.1" 200 953
201.236.62.111 - - [07/Apr/2017:10:32:43 -0300] "GET /cormun/static/gxcfg.js?201731711483381 HTTP/1.1" 304 -
201.236.62.111 - - [07/Apr/2017:10:32:43 -0300] "GET /cormun/servlet/hhome HTTP/1.1" 200 3948
201.236.62.111 - - [07/Apr/2017:10:32:44 -0300] "GET /cormun/static/gxcfg.js?201731711483497 HTTP/1.1" 304 -
201.236.62.111 - - [07/Apr/2017:10:32:45 -0300] "GET /cormun/servlet/hhome HTTP/1.1" 200 3944
201.236.62.111 - - [07/Apr/2017:10:32:50 -0300] "GET /cormun/servlet/trsolicitudot? HTTP/1.1" 200 6921
201.236.62.111 - - [07/Apr/2017:10:32:50 -0300] "GET /cormun/static/gxcfg.js?201731711505139 HTTP/1.1" 304 -
201.236.62.111 - - [07/Apr/2017:10:32:51 -0300] "GET /cormun/static/trsolicitudot.js?20173171151116 HTTP/1.1" 304 -
201.236.62.111 - - [07/Apr/2017:10:32:52 -0300] "GET /cormun/servlet/trsolicitudot? HTTP/1.1" 200 6922
201.236.62.111 - - [07/Apr/2017:10:32:59 -0300] "GET /cormun/servlet/solicitudot?INS,0,0, HTTP/1.1" 200 12758
201.236.62.111 - - [07/Apr/2017:10:32:59 -0300] "GET /cormun/static/Resources/Spanish/PXTools.css?18365030 HTTP/1.1" 304 -
201.236.62.111 - - [07/Apr/2017:10:32:59 -0300] "GET /cormun/static/gxcfg.js?20171191042720 HTTP/1.1" 304 -
201.236.62.111 - - [07/Apr/2017:10:33:00 -0300] "GET /cormun/static/solicitudot.js?2017119104297 HTTP/1.1" 304 -
201.236.62.111 - - [07/Apr/2017:10:33:01 -0300] "GET /cormun/servlet/solicitudot?INS,0,0, HTTP/1.1" 200 12763
201.236.62.111 - - [07/Apr/2017:10:33:06 -0300] "GET /cormun/servlet/prfichaempleado?,MD,,gxPopupLevel%3D0%3B HTTP/1.1" 200 8770
201.236.62.111 - - [07/Apr/2017:10:33:07 -0300] "GET /cormun/static/gxcfg.js?2017319125415 HTTP/1.1" 304 -
201.236.62.111 - - [07/Apr/2017:10:33:07 -0300] "GET /cormun/static/menusearch.js?201610171694467 HTTP/1.1" 304 -
201.236.62.111 - - [07/Apr/2017:10:33:07 -0300] "GET /cormun/static/hmpwkw011.js?201731711483558 HTTP/1.1" 304 -
201.236.62.111 - - [07/Apr/2017:10:33:07 -0300] "GET /cormun/static/prfichaempleado.js?20173191254344 HTTP/1.1" 304 -
186.67.172.234 - - [07/Apr/2017:10:33:22 -0300] "GET /cormun/servlet/solicitudot?89b345a047ac9f770b711c9eade289acc2b07c8e8b1ab79707f0ec256d449f0d7b6e67ed21c65bf2e08e2cf2bd1145d029079fa749858d2ae537701408c38190584887b495f2774ae7ee9e3ca543f835588e899b3e744081ec8a4f1d8cd93894e316178b882f8aeb141e982202e644d6,gx-no-cache=1491572066457 HTTP/1.1" 200 29
186.67.172.234 - - [07/Apr/2017:10:33:22 -0300] "POST /cormun/servlet/solicitudot?gx-no-cache=1491572066545 HTTP/1.1" 200 643
192.168.10.13 - - [07/Apr/2017:10:33:22 -0300] "GET / HTTP/1.1" 200 11217
186.67.172.234 - - [07/Apr/2017:10:33:23 -0300] "POST /cormun/servlet/solicitudot?gx-no-cache=1491572068120 HTTP/1.1" 200 1157
186.67.172.234 - - [07/Apr/2017:10:33:37 -0300] "GET /cormun/static/menuarrow.gif HTTP/1.1" 404 1015
201.236.62.111 - - [07/Apr/2017:10:33:51 -0300] "POST /cormun/servlet/prfichaempleado?be40419a80c7c38a940ba1f67e33c64b,,MD,,gxPopupLevel%3D0%3B,gx-no-cache=1491572108946 HTTP/1.1" 200 3463
201.236.62.111 - - [07/Apr/2017:10:34:01 -0300] "POST /cormun/servlet/solicitudot?gx-no-cache=1491572119301 HTTP/1.1" 200 3180
201.236.62.111 - - [07/Apr/2017:10:34:02 -0300] "POST /cormun/servlet/solicitudot?be40419a80c7c38a940ba1f67e33c64b,INS,0,0,,gx-no-cache=1491572119875 HTTP/1.1" 200 9974
201.236.62.111 - - [07/Apr/2017:10:34:02 -0300] "GET /cormun/servlet/solicitudot?6549dee4849176e1d5e32123b177804db9c73e018746bc816b37139e5c0f40ea25f6c09b3920ef9396359e46ef79bfff,gx-no-cache=1491572120691 HTTP/1.1" 200 30
201.236.62.111 - - [07/Apr/2017:10:34:08 -0300] "POST /cormun/servlet/solicitudot?gx-no-cache=1491572126449 HTTP/1.1" 200 255
201.236.62.111 - - [07/Apr/2017:10:34:08 -0300] "GET /cormun/servlet/solicitudot?6549dee4849176e1d5e32123b177804db0590868b1e1455bf1d5c1bead703d155b3a04dcd6f2bf68b016e30600fbf3944b87e1d35716a6fa9070d4dc4d3e51b5680928fb31a5b92414c61121abb9b119aaf496ccb8754930576f3729bd20b6585fda41dc1335b32bb31c08349ac75873cd3a3508069bdce2f26ea89f053490656d1899224b56b613852b6a7f94b6d015614447caa743d27dd5ba04345665ebefcb7198cfea7fc6eb4da00d20bab688f4f2b85bc9fb070f1d41136b68102919c0970e4d413f103b203e797546e2812910880e4a30b76de0c84922cd354262984e4b2308778e976651aa9a49ae651270d85d49fa281df24353ff546ff451f7b11037ea3e4e85d366564b35b07badd56715585dba6652c5f173d7701f9ee5dd40bc0885c802507f189bb2cc918dc956e5668029215a90c31c23c4041a927fdcefd073c6775aae9c791f24d9ee07d72e0f9d6fe6f571773f0d2cf743285fe14a4f84d93ef63cdd4f7e2938ed322ad077272dc7d7afd6ab20a910ea702d2db95fa616,gx-no-cache=1491572126774 HTTP/1.1" 200 30
186.67.172.234 - - [07/Apr/2017:10:34:13 -0300] "GET /cormun/servlet/solicitudot?89b345a047ac9f770b711c9eade289acb378c74e63f82124705f96bbb5bcc38a8b9c871b792b2c379c07b0ef1afa9c48aa667092a623b27dd2938bf440c48817386b73cdb15f4f1acb3ac20e4587a9fe7d473af7f570f29df91c3258730e53d9f50c9ba1295d55eeb83a7ef76e2aec96778b3074b474c705aa6252221e5e7c464006f325e0962e32fe09c6bf9caf308fe93b48ba65365337f5ad4cb7c0409544049a75727b5f04d2a8dbbdd02a2aa4da,gx-no-cache=1491572118243 HTTP/1.1" 200 30
186.67.172.234 - - [07/Apr/2017:10:34:14 -0300] "POST /cormun/servlet/solicitudot?67173224360aaeb15bdc4035b795ec39,INS,0,0,,gx-no-cache=1491572118336 HTTP/1.1" 200 93
186.67.172.234 - - [07/Apr/2017:10:34:14 -0300] "GET /cormun/servlet/hpexe_return? HTTP/1.1" 200 1011
186.67.172.234 - - [07/Apr/2017:10:34:14 -0300] "GET /cormun/servlet/trsolicitudot HTTP/1.1" 200 9090
186.67.172.234 - - [07/Apr/2017:10:34:14 -0300] "GET /cormun/servlet/trsolicitudot HTTP/1.1" 200 9086
201.236.62.111 - - [07/Apr/2017:10:34:18 -0300] "POST /cormun/servlet/solicitudot?gx-no-cache=1491572135804 HTTP/1.1" 200 30
192.168.10.13 - - [07/Apr/2017:10:34:22 -0300] "GET / HTTP/1.1" 200 11217
201.236.62.111 - - [07/Apr/2017:10:34:24 -0300] "POST /cormun/servlet/solicitudot?gx-no-cache=1491572142806 HTTP/1.1" 200 1291
201.236.62.111 - - [07/Apr/2017:10:34:24 -0300] "POST /cormun/servlet/solicitudot?gx-no-cache=1491572143042 HTTP/1.1" 200 38
186.67.172.234 - - [07/Apr/2017:10:34:39 -0300] "POST /cormun/servlet/trsolicitudot?67173224360aaeb15bdc4035b795ec39,gx-no-cache=1491572143949 HTTP/1.1" 200 106
186.67.172.234 - - [07/Apr/2017:10:34:39 -0300] "GET /cormun/servlet/solicitudot?UPD,2017,5969, HTTP/1.1" 200 14485
186.67.172.234 - - [07/Apr/2017:10:34:40 -0300] "GET /cormun/servlet/solicitudot?UPD,2017,5969, HTTP/1.1" 200 14494
186.67.172.234 - - [07/Apr/2017:10:34:40 -0300] "POST /cormun/servlet/solicitudot?gx-no-cache=1491572145138 HTTP/1.1" 200 3178
186.67.172.234 - - [07/Apr/2017:10:34:41 -0300] "POST /cormun/servlet/solicitudot?67173224360aaeb15bdc4035b795ec39,UPD,2017,5969,,gx-no-cache=1491572145305 HTTP/1.1" 200 11020
186.67.172.234 - - [07/Apr/2017:10:34:41 -0300] "GET /cormun/servlet/solicitudot?89b345a047ac9f770b711c9eade289ac0fb2b0fd0aa0d4827524ed74a0274b52b19f25afbe3dc369f405ead31e11ceb3,gx-no-cache=1491572145893 HTTP/1.1" 200 30
186.67.172.234 - - [07/Apr/2017:10:34:41 -0300] "POST /cormun/servlet/solicitudot?gx-no-cache=1491572145996 HTTP/1.1" 200 257
186.67.172.234 - - [07/Apr/2017:10:34:41 -0300] "GET /cormun/servlet/solicitudot?89b345a047ac9f770b711c9eade289acc8e928f59e01b27f35634bfefb2b4722cb3e3410d1768cdb0c58baed2fc9961d3cf527c80082481513a937c8dee7fd84a3159e1f3036fcd67d9997b0ddd38b437558a25c37bfc18ea1d9ed8034125d80a849bb09199a795b240c2b6e4a125194b590eee50819979b0eae7febac9a989a1946a5af992071cd24bf5849f07cd6719fcc364266fd557be18d71aeff3b5aae192fe7905a1933f24256929dd9d63065e70a5a7986bb429cb92ab84dab4a5b02ccff8ba7522c09d87fa407c08f785be37b3a593495f3696f8f0caec62a0412f7d0776fca3802e22ad96ee8f72933ca55713bb464952284ac43b588c8efa23907b95fdb3c776c870918a7d250630eab38de88831dc8af19f5302ffb1052e1579527c6ae79f14e6af99213c62901094cef29e104ff80bc591c940c68a75ab1b7f57384bd2397913f64e770ec9d16381eddba002a228b76a701ab7c392973f0336d2e93f9c355fdaac582dcf088a687ba8a4f0d1f7d7e9d9a98af07ee961b4fb88d,gx-no-cache=1491572146078 HTTP/1.1" 200 30
186.67.172.234 - - [07/Apr/2017:10:34:41 -0300] "POST /cormun/servlet/solicitudot?gx-no-cache=1491572146161 HTTP/1.1" 200 30
186.67.172.234 - - [07/Apr/2017:10:34:42 -0300] "POST /cormun/servlet/solicitudot?gx-no-cache=1491572146274 HTTP/1.1" 200 1286
186.67.172.234 - - [07/Apr/2017:10:34:42 -0300] "POST /cormun/servlet/solicitudot?gx-no-cache=1491572146779 HTTP/1.1" 200 41
201.236.62.111 - - [07/Apr/2017:10:34:43 -0300] "GET /cormun/servlet/solicitudot?6549dee4849176e1d5e32123b177804de38b3fd83908799cdf49a4f1945824743a5e1b5743988d347cf19b7131087570c113d498856d6b68450a03b281ff65c7635d7122137919e7b1a900af84fbc98e50776dce87c323d8b6081e7e6828e930ed9b5c4fe712d735e158c9dbc7c797243e2a1dd2aa4e46011d42811d22737e07d9102ec493cc45b324ef61e22e1d82aace9323f1f795b564357cbcb63f113de9,gx-no-cache=1491572161428 HTTP/1.1" 200 29
201.236.62.111 - - [07/Apr/2017:10:34:43 -0300] "POST /cormun/servlet/solicitudot?gx-no-cache=1491572161929 HTTP/1.1" 200 1274
201.236.62.111 - - [07/Apr/2017:10:34:44 -0300] "POST /cormun/servlet/solicitudot?gx-no-cache=1491572162290 HTTP/1.1" 200 1157
201.236.62.111 - - [07/Apr/2017:10:34:44 -0300] "GET /cormun/static/menuarrow.gif HTTP/1.1" 404 1015
186.67.172.234 - - [07/Apr/2017:10:34:45 -0300] "GET /cormun/servlet/solicitudot?89b345a047ac9f770b711c9eade289acbc74f2dd1fe18d1d2ad783f18cf58882f72c922c566f5c0d10d0df0937c2ff89c595080c7ee5922535124aaec7153a008b71be588d06820c2aa4d500351e4ffa4df69a3284a06621a8507a7c0d32dfd095345e5fe28bec7fbf3a86a7ccd824f2,gx-no-cache=1491572149894 HTTP/1.1" 200 29
186.67.172.234 - - [07/Apr/2017:10:34:45 -0300] "POST /cormun/servlet/solicitudot?gx-no-cache=1491572150010 HTTP/1.1" 200 1274
186.67.172.234 - - [07/Apr/2017:10:34:46 -0300] "POST /cormun/servlet/solicitudot?gx-no-cache=1491572150203 HTTP/1.1" 200 1157
201.236.62.111 - - [07/Apr/2017:10:34:46 -0300] "POST /cormun/servlet/solicitudot?gx-no-cache=1491572164492 HTTP/1.1" 200 1274
201.236.62.111 - - [07/Apr/2017:10:34:46 -0300] "POST /cormun/servlet/solicitudot?gx-no-cache=1491572164714 HTTP/1.1" 200 1157
186.79.117.195 - - [07/Apr/2017:10:35:09 -0300] "GET /cormun/servlet/hlogin HTTP/1.1" 200 1724
186.79.117.195 - - [07/Apr/2017:10:35:09 -0300] "GET /cormun/static/gxcfg.js?201731711485472 HTTP/1.1" 304 -
186.79.117.195 - - [07/Apr/2017:10:35:10 -0300] "GET /cormun/servlet/hlogin HTTP/1.1" 200 1734
201.236.62.111 - - [07/Apr/2017:10:35:17 -0300] "GET /cormun/servlet/solicitudot?6549dee4849176e1d5e32123b177804d330d8a9cff56afac75cc0426482a36a5f0db6dffca7955373e1b8ebd4f83ac4c02c41e74baaafdcdf13d34b11f5f4c8355b1d5bf40fa046fdcc5b60f47b47dc2af06e7686986154799566a8f594764498410a002b5f53391afe5345b1efbe4cd9a4e9217ddae636e6a3f1a8a344cfe75953c8c112707b5a906eca8a261c608945cfdc55d6cdbaa033d1e39f23a60381975e0923a9d18082f268a5e63d445f47d,gx-no-cache=1491572195072 HTTP/1.1" 200 30
186.67.172.234 - - [07/Apr/2017:10:35:18 -0300] "GET /cormun/servlet/solicitudot?89b345a047ac9f770b711c9eade289acb378c74e63f82124705f96bbb5bcc38a8b9c871b792b2c379c07b0ef1afa9c48aa667092a623b27dd2938bf440c48817386b73cdb15f4f1acb3ac20e4587a9fe7d473af7f570f29df91c3258730e53d9f50c9ba1295d55eeb83a7ef76e2aec96778b3074b474c705aa6252221e5e7c464006f325e0962e32fe09c6bf9caf308fe93b48ba65365337f5ad4cb7c0409544049a75727b5f04d2a8dbbdd02a2aa4da,gx-no-cache=1491572182753 HTTP/1.1" 200 30
186.67.172.234 - - [07/Apr/2017:10:35:19 -0300] "POST /cormun/servlet/solicitudot?67173224360aaeb15bdc4035b795ec39,UPD,2017,5969,,gx-no-cache=1491572182889 HTTP/1.1" 200 93
186.67.172.234 - - [07/Apr/2017:10:35:19 -0300] "GET /cormun/servlet/hpexe_return? HTTP/1.1" 200 1017
186.67.172.234 - - [07/Apr/2017:10:35:19 -0300] "GET /cormun/servlet/trsolicitudot HTTP/1.1" 200 9090
186.67.172.234 - - [07/Apr/2017:10:35:20 -0300] "GET /cormun/servlet/trsolicitudot HTTP/1.1" 200 9086
186.79.117.195 - - [07/Apr/2017:10:35:20 -0300] "POST /cormun/servlet/hlogin?97adc0bb7cdaded9a0c5ee8932bd289b,gx-no-cache=1491572192002 HTTP/1.1" 200 90
186.79.117.195 - - [07/Apr/2017:10:35:21 -0300] "GET /cormun/servlet/hpexe_link HTTP/1.1" 200 953
186.79.117.195 - - [07/Apr/2017:10:35:21 -0300] "GET /cormun/static/gxcfg.js?201731711483381 HTTP/1.1" 304 -
186.79.117.195 - - [07/Apr/2017:10:35:21 -0300] "GET /cormun/static/hpexe_link.js?201731711483384 HTTP/1.1" 304 -
186.79.117.195 - - [07/Apr/2017:10:35:22 -0300] "GET /cormun/servlet/hhome HTTP/1.1" 200 3998
192.168.10.13 - - [07/Apr/2017:10:35:22 -0300] "GET / HTTP/1.1" 200 11217
186.79.117.195 - - [07/Apr/2017:10:35:22 -0300] "GET /cormun/static/gxcfg.js?201731711483497 HTTP/1.1" 304 -
186.79.117.195 - - [07/Apr/2017:10:35:22 -0300] "GET /cormun/static/hhome.js?20173171148352 HTTP/1.1" 304 -
186.79.117.195 - - [07/Apr/2017:10:35:22 -0300] "GET /cormun/static/hwchdr01.js?201731711335950 HTTP/1.1" 304 -
186.67.172.234 - - [07/Apr/2017:10:35:22 -0300] "POST /cormun/servlet/trsolicitudot?67173224360aaeb15bdc4035b795ec39,gx-no-cache=1491572187126 HTTP/1.1" 200 5873
186.79.117.195 - - [07/Apr/2017:10:35:22 -0300] "GET /cormun/static/hpexe_scripts.js?201731711335890 HTTP/1.1" 304 -
186.79.117.195 - - [07/Apr/2017:10:35:22 -0300] "GET /cormun/static/hpexe_messagecontroller.js?201610171694323 HTTP/1.1" 304 -
186.79.117.195 - - [07/Apr/2017:10:35:22 -0300] "GET /cormun/static/hpexe_messagepopupcomponent.js?20161017169425 HTTP/1.1" 304 -
186.79.117.195 - - [07/Apr/2017:10:35:22 -0300] "GET /cormun/static/hpexe_messagegenexuscomponent.js?201731711335537 HTTP/1.1" 304 -
186.79.117.195 - - [07/Apr/2017:10:35:22 -0300] "GET /cormun/static/cmcontrolpreferences.js?201731711335852 HTTP/1.1" 304 -
186.67.172.234 - - [07/Apr/2017:10:35:23 -0300] "GET /cormun/static/Shared/jqueryui/images/ui-bg_highlight-soft_100_c6c2c8_1x100.png HTTP/1.1" 404 1117
186.67.172.234 - - [07/Apr/2017:10:35:23 -0300] "GET /cormun/static/Shared/jqueryui/images/ui-icons_82798d_256x240.png HTTP/1.1" 404 1089
186.67.172.234 - - [07/Apr/2017:10:35:23 -0300] "GET /cormun/static/Shared/jqueryui/images/ui-bg_flat_55_fafafa_40x100.png HTTP/1.1" 404 1097
186.67.172.234 - - [07/Apr/2017:10:35:23 -0300] "GET /cormun/static/Shared/jqueryui/images/ui-icons_8d78a5_256x240.png HTTP/1.1" 404 1089
186.79.117.195 - - [07/Apr/2017:10:35:23 -0300] "GET /cormun/static/hmpwkw03.js?201731711485354 HTTP/1.1" 304 -
186.79.117.195 - - [07/Apr/2017:10:35:23 -0300] "GET /cormun/static/hpexe_recentlink.js?201610171694390 HTTP/1.1" 304 -
186.67.172.234 - - [07/Apr/2017:10:35:23 -0300] "POST /cormun/servlet/trsolicitudot?67173224360aaeb15bdc4035b795ec39,gx-no-cache=1491572187520 HTTP/1.1" 200 5816
186.79.117.195 - - [07/Apr/2017:10:35:24 -0300] "GET /cormun/servlet/hhome HTTP/1.1" 200 3996
186.67.172.234 - - [07/Apr/2017:10:35:27 -0300] "GET /cormun/servlet/trautorizarsolicitud? HTTP/1.1" 200 8176
186.67.172.234 - - [07/Apr/2017:10:35:27 -0300] "GET /cormun/servlet/trautorizarsolicitud? HTTP/1.1" 200 8176
186.79.117.195 - - [07/Apr/2017:10:35:31 -0300] "GET /cormun/servlet/trlicencias? HTTP/1.1" 200 6863
186.79.117.195 - - [07/Apr/2017:10:35:31 -0300] "GET /cormun/static/Resources/Spanish/PXTools.css?18365030 HTTP/1.1" 304 -
186.79.117.195 - - [07/Apr/2017:10:35:31 -0300] "GET /cormun/static/gxcfg.js?2016122619301429 HTTP/1.1" 304 -
186.79.117.195 - - [07/Apr/2017:10:35:31 -0300] "GET /cormun/static/calendar.js?85251 HTTP/1.1" 304 -
186.79.117.195 - - [07/Apr/2017:10:35:31 -0300] "GET /cormun/static/calendar-setup.js?85251 HTTP/1.1" 304 -
186.79.117.195 - - [07/Apr/2017:10:35:31 -0300] "GET /cormun/static/calendar-es.js?85251 HTTP/1.1" 304 -
186.79.117.195 - - [07/Apr/2017:10:35:33 -0300] "GET /cormun/servlet/trlicencias? HTTP/1.1" 200 6862
186.67.172.234 - - [07/Apr/2017:10:35:34 -0300] "POST /cormun/servlet/trautorizarsolicitud?67173224360aaeb15bdc4035b795ec39,,gx-no-cache=1491572198051 HTTP/1.1" 200 4299
186.67.172.234 - - [07/Apr/2017:10:35:34 -0300] "GET /cormun/static/Shared/jqueryui/images/ui-icons_82798d_256x240.png HTTP/1.1" 404 1089
186.67.172.234 - - [07/Apr/2017:10:35:34 -0300] "GET /cormun/static/Shared/jqueryui/images/ui-bg_highlight-soft_100_c6c2c8_1x100.png HTTP/1.1" 404 1117
186.67.172.234 - - [07/Apr/2017:10:35:34 -0300] "GET /cormun/static/Shared/jqueryui/images/ui-icons_8d78a5_256x240.png HTTP/1.1" 404 1089
186.67.172.234 - - [07/Apr/2017:10:35:34 -0300] "GET /cormun/static/Shared/jqueryui/images/ui-bg_flat_55_fafafa_40x100.png HTTP/1.1" 404 1097
186.67.172.234 - - [07/Apr/2017:10:35:35 -0300] "POST /cormun/servlet/trautorizarsolicitud?67173224360aaeb15bdc4035b795ec39,,gx-no-cache=1491572198811 HTTP/1.1" 200 4104
186.79.117.195 - - [07/Apr/2017:10:35:36 -0300] "GET /cormun/servlet/licenciaspermisos?INS,0,,, HTTP/1.1" 200 7397
186.79.117.195 - - [07/Apr/2017:10:35:36 -0300] "GET /cormun/static/gxcfg.js?20173291150977 HTTP/1.1" 304 -
186.79.117.195 - - [07/Apr/2017:10:35:36 -0300] "GET /cormun/static/licenciaspermisos.js?201732911501028 HTTP/1.1" 304 -
186.79.117.195 - - [07/Apr/2017:10:35:37 -0300] "GET /cormun/servlet/licenciaspermisos?INS,0,,, HTTP/1.1" 200 7396
186.79.117.195 - - [07/Apr/2017:10:35:49 -0300] "GET /cormun/servlet/licenciaspermisos?58530d9f61070eff52f06145a23ccd862c269900c48d9a6a2cac4c5066cbbf377a8285b74c58ab5ad1e886f6941e9ef3,gx-no-cache=1491572220968 HTTP/1.1" 200 67
186.79.117.195 - - [07/Apr/2017:10:35:50 -0300] "POST /cormun/servlet/licenciaspermisos?97adc0bb7cdaded9a0c5ee8932bd289b,INS,0,,,,gx-no-cache=1491572221101 HTTP/1.1" 200 4629
192.168.10.13 - - [07/Apr/2017:10:36:22 -0300] "GET / HTTP/1.1" 200 11217
186.79.117.195 - - [07/Apr/2017:10:36:28 -0300] "GET /cormun/static/menuarrow.gif HTTP/1.1" 404 1015
201.236.62.111 - - [07/Apr/2017:10:36:37 -0300] "POST /cormun/servlet/solicitudot?be40419a80c7c38a940ba1f67e33c64b,INS,0,0,,gx-no-cache=1491572274986 HTTP/1.1" 200 93
201.236.62.111 - - [07/Apr/2017:10:36:37 -0300] "GET /cormun/servlet/hpexe_return? HTTP/1.1" 200 1007
201.236.62.111 - - [07/Apr/2017:10:36:37 -0300] "GET /cormun/static/gxcfg.js?2016101716175148 HTTP/1.1" 304 -
201.236.62.111 - - [07/Apr/2017:10:36:38 -0300] "GET /cormun/static/Resources/Spanish/PXTools.css?167811 HTTP/1.1" 304 -
201.236.62.111 - - [07/Apr/2017:10:36:38 -0300] "GET /cormun/static/hpexe_return.js?2016101716175153 HTTP/1.1" 304 -
201.236.62.111 - - [07/Apr/2017:10:36:38 -0300] "GET /cormun/servlet/trsolicitudot HTTP/1.1" 200 8184
201.236.62.111 - - [07/Apr/2017:10:36:40 -0300] "GET /cormun/servlet/trsolicitudot HTTP/1.1" 200 8180
201.236.62.111 - - [07/Apr/2017:10:37:02 -0300] "GET /cormun/servlet/solicitudot?INS,0,0, HTTP/1.1" 200 12759
201.236.62.111 - - [07/Apr/2017:10:37:04 -0300] "GET /cormun/servlet/solicitudot?INS,0,0, HTTP/1.1" 200 12764
201.236.62.111 - - [07/Apr/2017:10:37:08 -0300] "GET /cormun/servlet/prfichaempleado?,MD,,gxPopupLevel%3D0%3B HTTP/1.1" 200 8770
201.236.62.111 - - [07/Apr/2017:10:37:22 -0300] "POST /cormun/servlet/prfichaempleado?be40419a80c7c38a940ba1f67e33c64b,,MD,,gxPopupLevel%3D0%3B,gx-no-cache=1491572320392 HTTP/1.1" 200 3463
192.168.10.13 - - [07/Apr/2017:10:37:22 -0300] "GET / HTTP/1.1" 200 11217
201.236.62.111 - - [07/Apr/2017:10:37:35 -0300] "POST /cormun/servlet/solicitudot?gx-no-cache=1491572333355 HTTP/1.1" 200 3180
201.236.62.111 - - [07/Apr/2017:10:37:36 -0300] "POST /cormun/servlet/solicitudot?be40419a80c7c38a940ba1f67e33c64b,INS,0,0,,gx-no-cache=1491572334018 HTTP/1.1" 200 9974
201.236.62.111 - - [07/Apr/2017:10:37:37 -0300] "GET /cormun/servlet/solicitudot?6549dee4849176e1d5e32123b177804db9c73e018746bc816b37139e5c0f40ea25f6c09b3920ef9396359e46ef79bfff,gx-no-cache=1491572335471 HTTP/1.1" 200 30
201.236.62.111 - - [07/Apr/2017:10:37:41 -0300] "POST /cormun/servlet/solicitudot?gx-no-cache=1491572339637 HTTP/1.1" 200 255
201.236.62.111 - - [07/Apr/2017:10:37:42 -0300] "GET /cormun/servlet/solicitudot?6549dee4849176e1d5e32123b177804db0590868b1e1455bf1d5c1bead703d155b3a04dcd6f2bf68b016e30600fbf3944b87e1d35716a6fa9070d4dc4d3e51b5680928fb31a5b92414c61121abb9b119aaf496ccb8754930576f3729bd20b6585fda41dc1335b32bb31c08349ac75873cd3a3508069bdce2f26ea89f053490656d1899224b56b613852b6a7f94b6d015614447caa743d27dd5ba04345665ebefcb7198cfea7fc6eb4da00d20bab688f4f2b85bc9fb070f1d41136b68102919c0970e4d413f103b203e797546e2812910880e4a30b76de0c84922cd354262984e4b2308778e976651aa9a49ae651270d85d49fa281df24353ff546ff451f7b11037ea3e4e85d366564b35b07badd56715585dba6652c5f173d7701f9ee5dd40bc0885c802507f189bb2cc918dc956e5668029215a90c31c23c4041a927fdcefd073c6775aae9c791f24d9ee07d72e0f9d6fe6f571773f0d2cf743285fe14a4f84d93ef63cdd4f7e2938ed322ad077272dc7d7afd6ab20a910ea702d2db95fa616,gx-no-cache=1491572339906 HTTP/1.1" 200 30
201.236.62.111 - - [07/Apr/2017:10:37:51 -0300] "POST /cormun/servlet/solicitudot?gx-no-cache=1491572349195 HTTP/1.1" 200 30
186.79.239.48 - - [07/Apr/2017:10:37:59 -0300] "GET /cormun/servlet/hlogin HTTP/1.1" 200 1724
186.79.239.48 - - [07/Apr/2017:10:38:00 -0300] "GET /cormun/static/Resources/Spanish/PXTools.css?11294912 HTTP/1.1" 304 -
186.79.239.48 - - [07/Apr/2017:10:38:00 -0300] "GET /cormun/static/gxtimezone.js?85251 HTTP/1.1" 304 -
186.79.239.48 - - [07/Apr/2017:10:38:00 -0300] "GET /cormun/static/gxcfg.js?201731711485472 HTTP/1.1" 304 -
186.79.239.48 - - [07/Apr/2017:10:38:00 -0300] "GET /cormun/static/hlogin.js?201731711485490 HTTP/1.1" 304 -
186.79.239.48 - - [07/Apr/2017:10:38:03 -0300] "GET /cormun/static/messages.spa.js?85251 HTTP/1.1" 304 -
201.236.62.111 - - [07/Apr/2017:10:38:04 -0300] "GET /cormun/servlet/trsolicitudot HTTP/1.1" 200 8184
201.236.62.111 - - [07/Apr/2017:10:38:06 -0300] "GET /cormun/servlet/trsolicitudot HTTP/1.1" 200 8180
186.79.239.48 - - [07/Apr/2017:10:38:08 -0300] "GET /cormun/servlet/hlogin HTTP/1.1" 200 1724
186.79.239.48 - - [07/Apr/2017:10:38:20 -0300] "POST /cormun/servlet/hlogin?b4652a8e5594b4a3e83dbecff491fc05,gx-no-cache=1491575806851 HTTP/1.1" 200 90
186.79.239.48 - - [07/Apr/2017:10:38:21 -0300] "GET /cormun/servlet/hpexe_link HTTP/1.1" 200 951
192.168.10.13 - - [07/Apr/2017:10:38:22 -0300] "GET / HTTP/1.1" 200 11217
186.79.239.48 - - [07/Apr/2017:10:38:24 -0300] "GET /cormun/static/gxcfg.js?201731711483381 HTTP/1.1" 304 -
201.236.62.111 - - [07/Apr/2017:10:38:24 -0300] "GET /cormun/servlet/solicitudot?INS,0,0, HTTP/1.1" 200 12759
186.79.239.48 - - [07/Apr/2017:10:38:24 -0300] "GET /cormun/static/hpexe_link.js?201731711483384 HTTP/1.1" 304 -
186.79.239.48 - - [07/Apr/2017:10:38:24 -0300] "GET /cormun/servlet/hhome HTTP/1.1" 200 3783
186.79.239.48 - - [07/Apr/2017:10:38:24 -0300] "GET /cormun/static/gxcfg.js?201731711483497 HTTP/1.1" 304 -
186.79.239.48 - - [07/Apr/2017:10:38:25 -0300] "GET /cormun/static/hhome.js?20173171148352 HTTP/1.1" 304 -
186.79.239.48 - - [07/Apr/2017:10:38:25 -0300] "GET /cormun/static/hwchdr01.js?201731711335950 HTTP/1.1" 304 -
186.79.239.48 - - [07/Apr/2017:10:38:25 -0300] "GET /cormun/static/hpexe_scripts.js?201731711335890 HTTP/1.1" 304 -
186.79.239.48 - - [07/Apr/2017:10:38:25 -0300] "GET /cormun/static/hpexe_recentlink.js?201610171694390 HTTP/1.1" 304 -
186.79.239.48 - - [07/Apr/2017:10:38:25 -0300] "GET /cormun/static/hpexe_messagecontroller.js?201610171694323 HTTP/1.1" 304 -
186.79.239.48 - - [07/Apr/2017:10:38:25 -0300] "GET /cormun/static/hpexe_messagepopupcomponent.js?20161017169425 HTTP/1.1" 304 -
186.79.239.48 - - [07/Apr/2017:10:38:25 -0300] "GET /cormun/static/hpexe_messagegenexuscomponent.js?201731711335537 HTTP/1.1" 304 -
186.79.239.48 - - [07/Apr/2017:10:38:25 -0300] "GET /cormun/static/cmcontrolpreferences.js?201731711335852 HTTP/1.1" 304 -
186.79.239.48 - - [07/Apr/2017:10:38:25 -0300] "GET /cormun/static/hmpwkw03.js?201731711485354 HTTP/1.1" 304 -
201.236.62.111 - - [07/Apr/2017:10:38:25 -0300] "GET /cormun/servlet/solicitudot?INS,0,0, HTTP/1.1" 200 12764
186.79.239.48 - - [07/Apr/2017:10:38:26 -0300] "GET /cormun/servlet/hhome HTTP/1.1" 200 3783
201.236.62.111 - - [07/Apr/2017:10:38:30 -0300] "GET /cormun/servlet/prfichaempleado?,MD,,gxPopupLevel%3D0%3B HTTP/1.1" 200 8770
186.79.239.48 - - [07/Apr/2017:10:38:30 -0300] "GET /cormun/servlet/trpermisosgoce? HTTP/1.1" 200 7843
186.79.239.48 - - [07/Apr/2017:10:38:31 -0300] "GET /cormun/static/gxcfg.js?20173171154124 HTTP/1.1" 304 -
186.79.239.48 - - [07/Apr/2017:10:38:31 -0300] "GET /cormun/static/calendar.js?85251 HTTP/1.1" 304 -
186.79.239.48 - - [07/Apr/2017:10:38:31 -0300] "GET /cormun/static/calendar-setup.js?85251 HTTP/1.1" 304 -
186.79.239.48 - - [07/Apr/2017:10:38:31 -0300] "GET /cormun/static/calendar-es.js?85251 HTTP/1.1" 304 -
186.79.239.48 - - [07/Apr/2017:10:38:31 -0300] "GET /cormun/static/trpermisosgoce.js?20173171154177 HTTP/1.1" 304 -
186.79.239.48 - - [07/Apr/2017:10:38:33 -0300] "GET /cormun/servlet/trpermisosgoce? HTTP/1.1" 200 7841
186.79.239.48 - - [07/Apr/2017:10:38:35 -0300] "GET /cormun/servlet/permisogoce?INS,0,,, HTTP/1.1" 200 6560
186.79.239.48 - - [07/Apr/2017:10:38:36 -0300] "GET /cormun/static/gxdec.js?85251 HTTP/1.1" 304 -
186.79.239.48 - - [07/Apr/2017:10:38:36 -0300] "GET /cormun/static/gxcfg.js?201732911503726 HTTP/1.1" 304 -
186.79.239.48 - - [07/Apr/2017:10:38:36 -0300] "GET /cormun/static/permisogoce.js?201732911503774 HTTP/1.1" 304 -
186.79.239.48 - - [07/Apr/2017:10:38:37 -0300] "GET /cormun/servlet/permisogoce?INS,0,,, HTTP/1.1" 200 6559
186.79.239.48 - - [07/Apr/2017:10:38:40 -0300] "GET /cormun/servlet/prfichaempleado?,MD,,gxPopupLevel%3D0%3B HTTP/1.1" 200 8796
186.79.239.48 - - [07/Apr/2017:10:38:40 -0300] "GET /cormun/static/gxcfg.js?2017319125415 HTTP/1.1" 304 -
186.79.239.48 - - [07/Apr/2017:10:38:40 -0300] "GET /cormun/static/menusearch.js?201610171694467 HTTP/1.1" 304 -
186.79.239.48 - - [07/Apr/2017:10:38:40 -0300] "GET /cormun/static/hmpwkw011.js?201731711483558 HTTP/1.1" 304 -
186.79.239.48 - - [07/Apr/2017:10:38:41 -0300] "GET /cormun/static/prfichaempleado.js?20173191254344 HTTP/1.1" 304 -
201.236.62.111 - - [07/Apr/2017:10:38:48 -0300] "POST /cormun/servlet/prfichaempleado?be40419a80c7c38a940ba1f67e33c64b,,MD,,gxPopupLevel%3D0%3B,gx-no-cache=1491572405406 HTTP/1.1" 200 3463
201.236.62.111 - - [07/Apr/2017:10:38:59 -0300] "POST /cormun/servlet/solicitudot?gx-no-cache=1491572416813 HTTP/1.1" 200 3180
186.79.239.48 - - [07/Apr/2017:10:39:00 -0300] "POST /cormun/servlet/prfichaempleado?b4652a8e5594b4a3e83dbecff491fc05,,MD,,gxPopupLevel%3D0%3B,gx-no-cache=1491575844818 HTTP/1.1" 200 3393
201.236.62.111 - - [07/Apr/2017:10:39:01 -0300] "POST /cormun/servlet/solicitudot?be40419a80c7c38a940ba1f67e33c64b,INS,0,0,,gx-no-cache=1491572417846 HTTP/1.1" 200 9975
201.236.62.111 - - [07/Apr/2017:10:39:01 -0300] "GET /cormun/servlet/solicitudot?6549dee4849176e1d5e32123b177804db9c73e018746bc816b37139e5c0f40ea25f6c09b3920ef9396359e46ef79bfff,gx-no-cache=1491572420265 HTTP/1.1" 200 30
186.79.239.48 - - [07/Apr/2017:10:39:06 -0300] "GET /cormun/servlet/permisogoce?e66185dd5d11ea882c12c10ab3eae6160bf76d2f70be3587be1f259212eb835d93a52a9e7a47fe3372fa1eddeef32dd3,gx-no-cache=1491575852685 HTTP/1.1" 200 70
186.79.239.48 - - [07/Apr/2017:10:39:06 -0300] "GET /cormun/static/menuarrow.gif HTTP/1.1" 404 1015
201.236.62.111 - - [07/Apr/2017:10:39:07 -0300] "POST /cormun/servlet/solicitudot?gx-no-cache=1491572425493 HTTP/1.1" 200 255
201.236.62.111 - - [07/Apr/2017:10:39:07 -0300] "GET /cormun/servlet/solicitudot?6549dee4849176e1d5e32123b177804db0590868b1e1455bf1d5c1bead703d155b3a04dcd6f2bf68b016e30600fbf3944b87e1d35716a6fa9070d4dc4d3e51b5680928fb31a5b92414c61121abb9b119aaf496ccb8754930576f3729bd20b6585fda41dc1335b32bb31c08349ac75873cd3a3508069bdce2f26ea89f053490656d1899224b56b613852b6a7f94b6d015614447caa743d27dd5ba04345665ebefcb7198cfea7fc6eb4da00d20bab688f4f2b85bc9fb070f1d41136b68102919c0970e4d413f103b203e797546e2812910880e4a30b76de0c84922cd354262984e4b2308778e976651aa9a49ae651270d85d49fa281df24353ff546ff451f7b11037ea3e4e85d366564b35b07badd56715585dba6652c5f173d7701f9ee5dd40bc0885c802507f189bb2cc918dc956e5668029215a90c31c23c4041a927fdcefd073c6775aae9c791f24d9ee07d72e0f9d6fe6f571773f0d2cf743285fe14a4f84d93ef63cdd4f7e2938ed322ad077272dc7d7afd6ab20a910ea702d2db95fa616,gx-no-cache=1491572425667 HTTP/1.1" 200 30
201.236.62.111 - - [07/Apr/2017:10:39:11 -0300] "POST /cormun/servlet/solicitudot?gx-no-cache=1491572430178 HTTP/1.1" 200 30
186.79.239.48 - - [07/Apr/2017:10:39:16 -0300] "GET /cormun/servlet/permisogoce?e66185dd5d11ea882c12c10ab3eae6164917d3917d24aecdf56c79cf5669506009a5b48a5af8d9174ef97529b704d33308f082580a11dc5ba9bd26ad0158cd40,gx-no-cache=1491575862642 HTTP/1.1" 200 46
192.168.10.13 - - [07/Apr/2017:10:39:22 -0300] "GET / HTTP/1.1" 200 11217
186.79.239.48 - - [07/Apr/2017:10:39:25 -0300] "POST /cormun/servlet/permisogoce?b4652a8e5594b4a3e83dbecff491fc05,INS,0,,,,gx-no-cache=1491575868711 HTTP/1.1" 200 93
186.79.239.48 - - [07/Apr/2017:10:39:25 -0300] "GET /cormun/servlet/hpexe_return? HTTP/1.1" 200 1009
186.79.239.48 - - [07/Apr/2017:10:39:25 -0300] "GET /cormun/static/Resources/Spanish/PXTools.css?167811 HTTP/1.1" 304 -
186.79.239.48 - - [07/Apr/2017:10:39:25 -0300] "GET /cormun/static/gxcfg.js?2016101716175148 HTTP/1.1" 304 -
186.79.239.48 - - [07/Apr/2017:10:39:25 -0300] "GET /cormun/static/hpexe_return.js?2016101716175153 HTTP/1.1" 304 -
186.79.239.48 - - [07/Apr/2017:10:39:26 -0300] "GET /cormun/servlet/trpermisosgoce HTTP/1.1" 200 8058
186.79.239.48 - - [07/Apr/2017:10:39:28 -0300] "GET /cormun/servlet/trpermisosgoce HTTP/1.1" 200 8054
201.236.62.111 - - [07/Apr/2017:10:39:28 -0300] "POST /cormun/servlet/solicitudot?gx-no-cache=1491572447120 HTTP/1.1" 200 1291
201.236.62.111 - - [07/Apr/2017:10:39:29 -0300] "POST /cormun/servlet/solicitudot?gx-no-cache=1491572447405 HTTP/1.1" 200 38
186.79.239.48 - - [07/Apr/2017:10:39:31 -0300] "GET /cormun/servlet/apermisogoceprn?12914254,P,20170407113401,PU HTTP/1.1" 200 1650
201.236.62.111 - - [07/Apr/2017:10:39:45 -0300] "GET /cormun/servlet/solicitudot?6549dee4849176e1d5e32123b177804de38b3fd83908799cdf49a4f1945824743a5e1b5743988d347cf19b7131087570c113d498856d6b68450a03b281ff65c7635d7122137919e7b1a900af84fbc98e50776dce87c323d8b6081e7e6828e930ed9b5c4fe712d735e158c9dbc7c797243e2a1dd2aa4e46011d42811d22737e07d9102ec493cc45b324ef61e22e1d82aace9323f1f795b564357cbcb63f113de9,gx-no-cache=1491572464120 HTTP/1.1" 200 29
201.236.62.111 - - [07/Apr/2017:10:39:46 -0300] "POST /cormun/servlet/solicitudot?gx-no-cache=1491572464358 HTTP/1.1" 200 1275
201.236.62.111 - - [07/Apr/2017:10:39:47 -0300] "POST /cormun/servlet/solicitudot?gx-no-cache=1491572465294 HTTP/1.1" 200 1157
201.236.62.111 - - [07/Apr/2017:10:39:47 -0300] "GET /cormun/static/menuarrow.gif HTTP/1.1" 404 1015
201.236.62.111 - - [07/Apr/2017:10:39:48 -0300] "POST /cormun/servlet/solicitudot?gx-no-cache=1491572466832 HTTP/1.1" 200 1275
201.236.62.111 - - [07/Apr/2017:10:39:49 -0300] "POST /cormun/servlet/solicitudot?gx-no-cache=1491572467247 HTTP/1.1" 200 1157
186.79.117.195 - - [07/Apr/2017:10:39:59 -0300] "GET /cormun/servlet/licenciaspermisos?58530d9f61070eff52f06145a23ccd8650ac989a2733aa041633db3d665090c247d336d61117965e66d847eb679785fe63f7ff4424530c0a4bbf7420238a75ff3d1ddc4d3d7d28811b14057cdf1a19ea639e993e99b76132b8e891a67db6c0f70246a9df7c7bf522083511d20e3af33b5f9fa890793ae12a234cce53f684a295dd9d648a48db11f290aa2385264b0006826e42f109b49037ca28cdca4e6e5b1d6963b27d27c9f67e31e46778d1f63e814d8b5620b348b710be83ae7b11b2db340d17f132eb2eca2cfd16bb16c09b262684f3999233f3651fd7620d9f875033e2,gx-no-cache=1491572471107 HTTP/1.1" 200 30
186.79.117.195 - - [07/Apr/2017:10:40:02 -0300] "POST /cormun/servlet/licenciaspermisos?97adc0bb7cdaded9a0c5ee8932bd289b,INS,0,,,,gx-no-cache=1491572472934 HTTP/1.1" 200 4705
201.236.62.111 - - [07/Apr/2017:10:40:15 -0300] "GET /cormun/servlet/solicitudot?6549dee4849176e1d5e32123b177804d330d8a9cff56afac75cc0426482a36a52355c6290a506cb4e925247e2a45917dab81e917fb83a1f3d8b2580095be046c8738ab266a94851bbae93d7d55d373105280948e0ba2f3a25ce8a2b9b1dc1dc335092f06eac700d62645bd2e6622a52762a73224b806326a272377d82c8f9bbf2fea1bb9321acf7eaec0a1b9bca332c75c56bc91885c4064637c3ec27937a24440b7d690815f4063864bb255143dc036,gx-no-cache=1491572494084 HTTP/1.1" 200 30
201.236.62.111 - - [07/Apr/2017:10:40:16 -0300] "POST /cormun/servlet/solicitudot?be40419a80c7c38a940ba1f67e33c64b,INS,0,0,,gx-no-cache=1491572494288 HTTP/1.1" 200 93
201.236.62.111 - - [07/Apr/2017:10:40:16 -0300] "GET /cormun/servlet/hpexe_return? HTTP/1.1" 200 1007
201.236.62.111 - - [07/Apr/2017:10:40:17 -0300] "GET /cormun/servlet/trsolicitudot HTTP/1.1" 200 8527
201.236.62.111 - - [07/Apr/2017:10:40:18 -0300] "GET /cormun/servlet/trsolicitudot HTTP/1.1" 200 8523
192.168.10.13 - - [07/Apr/2017:10:40:22 -0300] "GET / HTTP/1.1" 200 11217
201.236.62.111 - - [07/Apr/2017:10:41:18 -0300] "POST /cormun/servlet/trsolicitudot?be40419a80c7c38a940ba1f67e33c64b,gx-no-cache=1491572555707 HTTP/1.1" 200 5481
201.236.62.111 - - [07/Apr/2017:10:41:18 -0300] "GET /cormun/static/Shared/jqueryui/images/ui-bg_highlight-soft_100_c6c2c8_1x100.png HTTP/1.1" 404 1117
201.236.62.111 - - [07/Apr/2017:10:41:18 -0300] "GET /cormun/static/Shared/jqueryui/images/ui-icons_82798d_256x240.png HTTP/1.1" 404 1089
201.236.62.111 - - [07/Apr/2017:10:41:18 -0300] "GET /cormun/static/Shared/jqueryui/images/ui-bg_flat_55_fafafa_40x100.png HTTP/1.1" 404 1097
201.236.62.111 - - [07/Apr/2017:10:41:18 -0300] "GET /cormun/static/Shared/jqueryui/images/ui-icons_8d78a5_256x240.png HTTP/1.1" 404 1089
201.236.62.111 - - [07/Apr/2017:10:41:19 -0300] "POST /cormun/servlet/trsolicitudot?be40419a80c7c38a940ba1f67e33c64b,gx-no-cache=1491572557159 HTTP/1.1" 200 5426
192.168.10.13 - - [07/Apr/2017:10:41:22 -0300] "GET / HTTP/1.1" 200 11217
201.236.62.111 - - [07/Apr/2017:10:41:37 -0300] "POST /cormun/servlet/trsolicitudot?be40419a80c7c38a940ba1f67e33c64b,gx-no-cache=1491572575561 HTTP/1.1" 200 4351
201.236.62.111 - - [07/Apr/2017:10:41:39 -0300] "POST /cormun/servlet/trsolicitudot?be40419a80c7c38a940ba1f67e33c64b,gx-no-cache=1491572576392 HTTP/1.1" 200 4128
201.236.62.111 - - [07/Apr/2017:10:41:45 -0300] "GET /cormun/servlet/trautorizarsolicitud? HTTP/1.1" 200 8470
201.236.62.111 - - [07/Apr/2017:10:41:45 -0300] "GET /cormun/static/trautorizarsolicitud.js?2017259113483 HTTP/1.1" 304 -
201.236.62.111 - - [07/Apr/2017:10:41:45 -0300] "GET /cormun/static/gxcfg.js?2017259112829 HTTP/1.1" 304 -
201.236.62.111 - - [07/Apr/2017:10:41:47 -0300] "GET /cormun/servlet/trautorizarsolicitud? HTTP/1.1" 200 8470
186.79.117.195 - - [07/Apr/2017:10:41:57 -0300] "GET /cormun/servlet/licenciaspermisos?58530d9f61070eff52f06145a23ccd86616d2a533c96dcf0fa9d967ab9b5a80f748df5cc8634b16d2f68171075572a72092512629508d4b738237faf0530e7e11e0865a4f894a08504954ab6c826c89aa87f78312edee5d04511f1067297911556e85eb9b9ef307f31e801119004ffe18b65bb5490848fd7e4eb445db34a48446d05c5b552c8106cdbf22bf46c54cbb16ad578e529465ab86782b2f61b694286363b9f06fb90f39b6401555c5475a98f9812029173588e69eef5570e59e0fd518ca95b0c6c392058bfb8fec0a34824ba0649c6a4175183d1a0375b2ff74e73326653763dce796eefedce0a9caf0d5e02,gx-no-cache=1491572589178 HTTP/1.1" 200 66
186.79.117.195 - - [07/Apr/2017:10:41:58 -0300] "POST /cormun/servlet/licenciaspermisos?97adc0bb7cdaded9a0c5ee8932bd289b,INS,0,,,,gx-no-cache=1491572589415 HTTP/1.1" 200 93
186.79.117.195 - - [07/Apr/2017:10:41:59 -0300] "GET /cormun/servlet/hpexe_return? HTTP/1.1" 200 1012
186.79.117.195 - - [07/Apr/2017:10:41:59 -0300] "GET /cormun/static/Resources/Spanish/PXTools.css?167811 HTTP/1.1" 304 -
186.79.117.195 - - [07/Apr/2017:10:41:59 -0300] "GET /cormun/static/gxcfg.js?2016101716175148 HTTP/1.1" 304 -
186.79.117.195 - - [07/Apr/2017:10:41:59 -0300] "GET /cormun/static/hpexe_return.js?2016101716175153 HTTP/1.1" 304 -
186.79.117.195 - - [07/Apr/2017:10:41:59 -0300] "GET /cormun/servlet/trlicencias HTTP/1.1" 200 8070
201.236.62.111 - - [07/Apr/2017:10:42:02 -0300] "GET /cormun/servlet/veautorizarsolicitud?2017,5970,, HTTP/1.1" 200 8153
201.236.62.111 - - [07/Apr/2017:10:42:03 -0300] "GET /cormun/pexe_scrolldiv.js HTTP/1.1" 404 1009
201.236.62.111 - - [07/Apr/2017:10:42:03 -0300] "GET /cormun/static/veautorizarsolicitud.js?20161221854433 HTTP/1.1" 304 -
186.79.117.195 - - [07/Apr/2017:10:42:03 -0300] "GET /cormun/servlet/trlicencias HTTP/1.1" 200 8066
201.236.62.111 - - [07/Apr/2017:10:42:03 -0300] "GET /cormun/static/hwcviewtabs.js?20173171133571 HTTP/1.1" 304 -
201.236.62.111 - - [07/Apr/2017:10:42:03 -0300] "GET /cormun/static/gxcfg.js?20161221854380 HTTP/1.1" 304 -
201.236.62.111 - - [07/Apr/2017:10:42:03 -0300] "GET /cormun/static/tbautorizarsolicitud01.js?201731711331984 HTTP/1.1" 304 -
201.236.62.111 - - [07/Apr/2017:10:42:03 -0300] "GET /cormun/pexe_scrolldiv.js HTTP/1.1" 404 1009
201.236.62.111 - - [07/Apr/2017:10:42:03 -0300] "GET /cormun/static/hpexe_tabsview.js?201610171694228 HTTP/1.1" 304 -
201.236.62.111 - - [07/Apr/2017:10:42:04 -0300] "GET /cormun/servlet/veautorizarsolicitud?2017,5970,, HTTP/1.1" 200 8152
186.79.117.195 - - [07/Apr/2017:10:42:06 -0300] "GET /cormun/servlet/trlicenciaspermisosadjuntos?7755097,20170407000000,L, HTTP/1.1" 200 6352
186.79.117.195 - - [07/Apr/2017:10:42:06 -0300] "GET /cormun/static/gxcfg.js?20173171154619 HTTP/1.1" 200 953
186.79.117.195 - - [07/Apr/2017:10:42:07 -0300] "GET /cormun/servlet/trlicenciaspermisosadjuntos?7755097,20170407000000,L, HTTP/1.1" 200 6352
186.79.117.195 - - [07/Apr/2017:10:42:09 -0300] "GET /cormun/servlet/licenciaspermisosadjuntos?INS,7755097,L,20170407000000,, HTTP/1.1" 200 5649
186.79.117.195 - - [07/Apr/2017:10:42:09 -0300] "GET /cormun/static/gxcfg.js?201731711421170 HTTP/1.1" 200 953
186.79.117.195 - - [07/Apr/2017:10:42:10 -0300] "GET /cormun/static/about:blank HTTP/1.1" 404 1011
186.79.117.195 - - [07/Apr/2017:10:42:10 -0300] "GET /cormun/servlet/licenciaspermisosadjuntos?INS,7755097,L,20170407000000,, HTTP/1.1" 200 5638
192.168.10.13 - - [07/Apr/2017:10:42:22 -0300] "GET / HTTP/1.1" 200 11217
186.79.117.195 - - [07/Apr/2017:10:42:45 -0300] "POST /cormun/servlet/licenciaspermisosadjuntos?97adc0bb7cdaded9a0c5ee8932bd289b,INS,7755097,L,20170407000000,, HTTP/1.1" 200 116
186.79.117.195 - - [07/Apr/2017:10:42:46 -0300] "GET /cormun/servlet/hpexe_return? HTTP/1.1" 200 1043
186.79.117.195 - - [07/Apr/2017:10:42:46 -0300] "GET /cormun/servlet/trlicenciaspermisosadjuntos?7755097,20170407000000,L, HTTP/1.1" 200 6827
186.79.117.195 - - [07/Apr/2017:10:42:48 -0300] "GET /cormun/servlet/trlicenciaspermisosadjuntos?7755097,20170407000000,L, HTTP/1.1" 200 6825
186.79.117.195 - - [07/Apr/2017:10:42:53 -0300] "POST /cormun/servlet/trlicenciaspermisosadjuntos?97adc0bb7cdaded9a0c5ee8932bd289b,7755097,20170407000000,L,,gx-no-cache=1491572642791 HTTP/1.1" 200 90
186.79.117.195 - - [07/Apr/2017:10:42:53 -0300] "GET /cormun/servlet/hpexe_link HTTP/1.1" 200 985
186.79.117.195 - - [07/Apr/2017:10:42:53 -0300] "GET /cormun/servlet/trlicencias HTTP/1.1" 200 8067
186.79.117.195 - - [07/Apr/2017:10:42:54 -0300] "GET /cormun/servlet/trlicencias HTTP/1.1" 200 8066
186.79.117.195 - - [07/Apr/2017:10:42:58 -0300] "GET /cormun/servlet/alicenciaprn?7755097,L,20170407000000,PU HTTP/1.1" 200 1620
201.236.62.111 - - [07/Apr/2017:10:43:21 -0300] "POST /cormun/servlet/veautorizarsolicitud?be40419a80c7c38a940ba1f67e33c64b,2017,5970,,,gx-no-cache=1491572678830 HTTP/1.1" 200 90
201.236.62.111 - - [07/Apr/2017:10:43:21 -0300] "GET /cormun/servlet/hpexe_link HTTP/1.1" 200 972
201.236.62.111 - - [07/Apr/2017:10:43:21 -0300] "GET /cormun/servlet/trautorizarsolicitud HTTP/1.1" 200 8471
192.168.10.13 - - [07/Apr/2017:10:43:22 -0300] "GET / HTTP/1.1" 200 11217
201.236.62.111 - - [07/Apr/2017:10:43:23 -0300] "GET /cormun/servlet/trautorizarsolicitud HTTP/1.1" 200 8470
186.79.117.195 - - [07/Apr/2017:10:43:42 -0300] "POST /cormun/servlet/trlicencias?97adc0bb7cdaded9a0c5ee8932bd289b,gx-no-cache=1491572693125 HTTP/1.1" 200 4259
186.79.117.195 - - [07/Apr/2017:10:43:43 -0300] "GET /cormun/static/Shared/jqueryui/images/ui-bg_highlight-soft_100_c6c2c8_1x100.png HTTP/1.1" 404 1117
186.79.117.195 - - [07/Apr/2017:10:43:43 -0300] "GET /cormun/static/Shared/jqueryui/images/ui-icons_82798d_256x240.png HTTP/1.1" 404 1089
186.79.117.195 - - [07/Apr/2017:10:43:43 -0300] "GET /cormun/static/Shared/jqueryui/images/ui-bg_flat_55_fafafa_40x100.png HTTP/1.1" 404 1097
186.79.117.195 - - [07/Apr/2017:10:43:43 -0300] "GET /cormun/static/Shared/jqueryui/images/ui-icons_8d78a5_256x240.png HTTP/1.1" 404 1089
201.236.62.111 - - [07/Apr/2017:10:44:16 -0300] "POST /cormun/servlet/trautorizarsolicitud?be40419a80c7c38a940ba1f67e33c64b,gx-no-cache=1491572733820 HTTP/1.1" 200 5452
201.236.62.111 - - [07/Apr/2017:10:44:16 -0300] "GET /cormun/static/Shared/jqueryui/images/ui-icons_82798d_256x240.png HTTP/1.1" 404 1089
201.236.62.111 - - [07/Apr/2017:10:44:16 -0300] "GET /cormun/static/Shared/jqueryui/images/ui-bg_flat_55_fafafa_40x100.png HTTP/1.1" 404 1097
201.236.62.111 - - [07/Apr/2017:10:44:16 -0300] "GET /cormun/static/Shared/jqueryui/images/ui-icons_8d78a5_256x240.png HTTP/1.1" 404 1089
201.236.62.111 - - [07/Apr/2017:10:44:16 -0300] "GET /cormun/static/Shared/jqueryui/images/ui-bg_highlight-soft_100_c6c2c8_1x100.png HTTP/1.1" 404 1117
201.236.62.111 - - [07/Apr/2017:10:44:18 -0300] "POST /cormun/servlet/trautorizarsolicitud?be40419a80c7c38a940ba1f67e33c64b,gx-no-cache=1491572734871 HTTP/1.1" 200 5397
192.168.10.13 - - [07/Apr/2017:10:44:22 -0300] "GET / HTTP/1.1" 200 11217
201.236.62.111 - - [07/Apr/2017:10:44:23 -0300] "GET /cormun/servlet/veautorizarsolicitud?2017,5971,, HTTP/1.1" 200 8128
201.236.62.111 - - [07/Apr/2017:10:44:24 -0300] "GET /cormun/pexe_scrolldiv.js HTTP/1.1" 404 1009
201.236.62.111 - - [07/Apr/2017:10:44:25 -0300] "GET /cormun/servlet/veautorizarsolicitud?2017,5971,, HTTP/1.1" 200 8126
192.168.10.13 - - [07/Apr/2017:10:45:22 -0300] "GET / HTTP/1.1" 200 11217
201.236.62.111 - - [07/Apr/2017:10:45:41 -0300] "POST /cormun/servlet/veautorizarsolicitud?be40419a80c7c38a940ba1f67e33c64b,2017,5971,,,gx-no-cache=1491572819385 HTTP/1.1" 200 90
201.236.62.111 - - [07/Apr/2017:10:45:42 -0300] "GET /cormun/servlet/hpexe_link HTTP/1.1" 200 993
201.236.62.111 - - [07/Apr/2017:10:45:42 -0300] "GET /cormun/servlet/trautorizarsolicitud?gx-no-cache=1491572734871 HTTP/1.1" 200 8135
201.236.62.111 - - [07/Apr/2017:10:45:44 -0300] "GET /cormun/servlet/trautorizarsolicitud?gx-no-cache=1491572734871 HTTP/1.1" 200 8156
201.236.62.111 - - [07/Apr/2017:10:46:06 -0300] "POST /cormun/servlet/trautorizarsolicitud?be40419a80c7c38a940ba1f67e33c64b,gx-no-cache=1491572734871,gx-no-cache=1491572842739 HTTP/1.1" 200 4324
201.236.62.111 - - [07/Apr/2017:10:46:06 -0300] "GET /cormun/static/Shared/jqueryui/images/ui-bg_highlight-soft_100_c6c2c8_1x100.png HTTP/1.1" 404 1117
201.236.62.111 - - [07/Apr/2017:10:46:06 -0300] "GET /cormun/static/Shared/jqueryui/images/ui-icons_82798d_256x240.png HTTP/1.1" 404 1089
201.236.62.111 - - [07/Apr/2017:10:46:06 -0300] "GET /cormun/static/Shared/jqueryui/images/ui-bg_flat_55_fafafa_40x100.png HTTP/1.1" 404 1097
201.236.62.111 - - [07/Apr/2017:10:46:06 -0300] "GET /cormun/static/Shared/jqueryui/images/ui-icons_8d78a5_256x240.png HTTP/1.1" 404 1089
201.236.62.111 - - [07/Apr/2017:10:46:06 -0300] "POST /cormun/servlet/trautorizarsolicitud?be40419a80c7c38a940ba1f67e33c64b,gx-no-cache=1491572734871,gx-no-cache=1491572844668 HTTP/1.1" 200 4105
192.168.10.13 - - [07/Apr/2017:10:46:22 -0300] "GET / HTTP/1.1" 200 11217
201.236.62.111 - - [07/Apr/2017:10:46:37 -0300] "GET /cormun/static/menuarrow.gif HTTP/1.1" 404 1015
201.236.62.111 - - [07/Apr/2017:10:46:42 -0300] "POST /cormun/servlet/trautorizarsolicitud?be40419a80c7c38a940ba1f67e33c64b,gx-no-cache=1491572734871,gx-no-cache=1491572880076 HTTP/1.1" 200 7171
192.168.10.13 - - [07/Apr/2017:10:47:22 -0300] "GET / HTTP/1.1" 200 11217
207.46.13.253 - - [07/Apr/2017:10:48:22 -0300] "GET /robots.txt HTTP/1.1" 404 981
192.168.10.13 - - [07/Apr/2017:10:48:22 -0300] "GET / HTTP/1.1" 200 11217
157.55.39.196 - - [07/Apr/2017:10:49:17 -0300] "GET /cormun/servlet/trautorizarsolicitud HTTP/1.1" 200 6056
192.168.10.13 - - [07/Apr/2017:10:49:22 -0300] "GET / HTTP/1.1" 200 11217
192.168.10.13 - - [07/Apr/2017:10:50:22 -0300] "GET / HTTP/1.1" 200 11217
192.168.10.13 - - [07/Apr/2017:10:51:22 -0300] "GET / HTTP/1.1" 200 11217
192.168.10.13 - - [07/Apr/2017:10:52:22 -0300] "GET / HTTP/1.1" 200 11217
192.168.10.13 - - [07/Apr/2017:10:53:22 -0300] "GET / HTTP/1.1" 200 11217
192.168.10.13 - - [07/Apr/2017:10:54:22 -0300] "GET / HTTP/1.1" 200 11217
192.168.10.13 - - [07/Apr/2017:10:55:22 -0300] "GET / HTTP/1.1" 200 11217
192.168.10.13 - - [07/Apr/2017:10:56:22 -0300] "GET / HTTP/1.1" 200 11217
192.168.10.13 - - [07/Apr/2017:10:57:22 -0300] "GET / HTTP/1.1" 200 11217
192.168.10.13 - - [07/Apr/2017:10:58:22 -0300] "GET / HTTP/1.1" 200 11217
192.168.10.13 - - [07/Apr/2017:10:59:22 -0300] "GET / HTTP/1.1" 200 11217
192.168.10.13 - - [07/Apr/2017:11:00:22 -0300] "GET / HTTP/1.1" 200 11217
192.168.10.13 - - [07/Apr/2017:11:01:22 -0300] "GET / HTTP/1.1" 200 11217
192.168.10.13 - - [07/Apr/2017:11:02:22 -0300] "GET / HTTP/1.1" 200 11217
192.168.10.13 - - [07/Apr/2017:11:03:22 -0300] "GET / HTTP/1.1" 200 11217
192.168.10.13 - - [07/Apr/2017:11:04:22 -0300] "GET / HTTP/1.1" 200 11217
192.168.10.13 - - [07/Apr/2017:11:05:22 -0300] "GET / HTTP/1.1" 200 11217
186.103.158.250 - - [07/Apr/2017:11:06:05 -0300] "GET /cormun/servlet/hlogin HTTP/1.1" 200 1724
186.103.158.250 - - [07/Apr/2017:11:06:05 -0300] "GET /cormun/static/Resources/Spanish/PXTools.css?11294912 HTTP/1.1" 304 -
186.103.158.250 - - [07/Apr/2017:11:06:05 -0300] "GET /cormun/static/gxcfg.js?201731711485472 HTTP/1.1" 304 -
186.103.158.250 - - [07/Apr/2017:11:06:06 -0300] "GET /cormun/static/messages.spa.js?85251 HTTP/1.1" 304 -
186.103.158.250 - - [07/Apr/2017:11:06:06 -0300] "GET /cormun/static/hlogin.js?201731711485490 HTTP/1.1" 304 -
186.103.158.250 - - [07/Apr/2017:11:06:06 -0300] "GET /cormun/servlet/hlogin HTTP/1.1" 200 1735
186.103.158.250 - - [07/Apr/2017:11:06:19 -0300] "POST /cormun/servlet/hlogin?afc263451dd0fe39890dd06f7666f016,gx-no-cache=1491574045696 HTTP/1.1" 200 449
192.168.10.13 - - [07/Apr/2017:11:06:22 -0300] "GET / HTTP/1.1" 200 11217
186.103.158.250 - - [07/Apr/2017:11:06:28 -0300] "POST /cormun/servlet/hlogin?afc263451dd0fe39890dd06f7666f016,gx-no-cache=1491574054982 HTTP/1.1" 200 446
192.168.10.13 - - [07/Apr/2017:11:07:22 -0300] "GET / HTTP/1.1" 200 11217
192.168.10.13 - - [07/Apr/2017:11:08:22 -0300] "GET / HTTP/1.1" 200 11217
192.168.10.13 - - [07/Apr/2017:11:09:22 -0300] "GET / HTTP/1.1" 200 11217
192.168.10.13 - - [07/Apr/2017:11:10:22 -0300] "GET / HTTP/1.1" 200 11217
192.168.10.13 - - [07/Apr/2017:11:11:22 -0300] "GET / HTTP/1.1" 200 11217
192.168.10.13 - - [07/Apr/2017:11:12:22 -0300] "GET / HTTP/1.1" 200 11217
192.168.10.13 - - [07/Apr/2017:11:13:22 -0300] "GET / HTTP/1.1" 200 11217
192.168.10.13 - - [07/Apr/2017:11:14:22 -0300] "GET / HTTP/1.1" 200 11217
192.168.10.13 - - [07/Apr/2017:11:15:22 -0300] "GET / HTTP/1.1" 200 11217
192.168.10.13 - - [07/Apr/2017:11:16:22 -0300] "GET / HTTP/1.1" 200 11217
192.168.10.13 - - [07/Apr/2017:11:17:22 -0300] "GET / HTTP/1.1" 200 11217
192.168.10.13 - - [07/Apr/2017:11:18:22 -0300] "GET / HTTP/1.1" 200 11217
