186.103.159.183 - - [06/Apr/2017:08:58:27 -0300] "GET /cormun/static/Resources/resize.gif HTTP/1.1" 200 77
186.103.159.183 - - [06/Apr/2017:08:58:28 -0300] "GET /cormun/servlet/prfichaempleado?,MD,,gxPopupLevel%3D0%3B HTTP/1.1" 200 8817
186.103.159.183 - - [06/Apr/2017:08:58:28 -0300] "GET /cormun/static/gxui/gxui-all.css?110300 HTTP/1.1" 200 2179
186.79.247.223 - - [06/Apr/2017:08:58:28 -0300] "GET /cormun/servlet/trvisualizadoreventos? HTTP/1.1" 200 8944
186.103.159.183 - - [06/Apr/2017:08:58:28 -0300] "GET /cormun/static/gxcfg.js?2017319125415 HTTP/1.1" 200 953
186.103.159.183 - - [06/Apr/2017:08:58:28 -0300] "GET /cormun/static/Shared/ext/resources/css/ext-all.css?205870 HTTP/1.1" 200 416045
186.103.159.183 - - [06/Apr/2017:08:58:28 -0300] "GET /cormun/static/hmpwkw011.js?201731711483558 HTTP/1.1" 200 1968
186.103.159.183 - - [06/Apr/2017:08:58:28 -0300] "GET /cormun/static/menusearch.js?201610171694467 HTTP/1.1" 200 1424
186.103.159.183 - - [06/Apr/2017:08:58:29 -0300] "GET /cormun/static/prfichaempleado.js?20173191254344 HTTP/1.1" 200 15951
186.103.159.183 - - [06/Apr/2017:08:58:29 -0300] "GET /cormun/static/Resources/PXToolsMenuSearch.png HTTP/1.1" 200 2914
186.103.159.183 - - [06/Apr/2017:08:58:29 -0300] "GET /cormun/static/Resources/PXToolsMenuSearchCancel.png HTTP/1.1" 200 2972
186.79.247.223 - - [06/Apr/2017:08:58:30 -0300] "GET /cormun/servlet/trvisualizadoreventos? HTTP/1.1" 200 8942
186.103.159.183 - - [06/Apr/2017:08:58:44 -0300] "POST /cormun/servlet/prfichaempleado?5e86af90c41e527d9add89ac3ef9f829,,MD,,gxPopupLevel%3D0%3B,gx-no-cache=1491479993862 HTTP/1.1" 200 3395
186.103.159.183 - - [06/Apr/2017:08:58:50 -0300] "GET /cormun/servlet/licenciaspermisos?ec7a8d3f4e88429ee4bf87c72cf34d3670275ca5e33bd04327251d3d7f1feb7a71d444bb51a76709afc23f6fa7b17de4,gx-no-cache=1491479999828 HTTP/1.1" 200 69
186.103.159.183 - - [06/Apr/2017:08:58:50 -0300] "POST /cormun/servlet/licenciaspermisos?5e86af90c41e527d9add89ac3ef9f829,INS,0,,,,gx-no-cache=1491479999945 HTTP/1.1" 200 4620
186.103.159.183 - - [06/Apr/2017:08:59:05 -0300] "GET /cormun/static/menuarrow.gif HTTP/1.1" 404 1015
186.79.247.223 - - [06/Apr/2017:08:59:18 -0300] "POST /cormun/servlet/trvisualizadoreventos?85c63bfb8056484518fd6ef99da120a8,,gx-no-cache=1491480021748 HTTP/1.1" 200 6383
192.168.10.13 - - [06/Apr/2017:08:59:23 -0300] "GET / HTTP/1.1" 200 11217
186.79.247.223 - - [06/Apr/2017:08:59:36 -0300] "POST /cormun/servlet/trvisualizadoreventos?85c63bfb8056484518fd6ef99da120a8,,gx-no-cache=1491480040091 HTTP/1.1" 200 3784
186.79.247.223 - - [06/Apr/2017:08:59:39 -0300] "POST /cormun/servlet/trvisualizadoreventos?85c63bfb8056484518fd6ef99da120a8,,gx-no-cache=1491480043445 HTTP/1.1" 200 3780
186.79.247.223 - - [06/Apr/2017:08:59:49 -0300] "GET /cormun/servlet/trcontratoobservacion? HTTP/1.1" 200 5882
186.79.247.223 - - [06/Apr/2017:08:59:49 -0300] "GET /cormun/static/gxcfg.js?20161221855213 HTTP/1.1" 200 953
186.79.247.223 - - [06/Apr/2017:08:59:50 -0300] "GET /cormun/static/trcontratoobservacion.js?20161221855487 HTTP/1.1" 200 25085
186.79.247.223 - - [06/Apr/2017:08:59:51 -0300] "GET /cormun/servlet/trcontratoobservacion? HTTP/1.1" 200 5882
192.168.10.13 - - [06/Apr/2017:09:00:23 -0300] "GET / HTTP/1.1" 200 11217
186.103.159.44 - - [06/Apr/2017:09:00:53 -0300] "GET /cormun/servlet/hlogin HTTP/1.1" 200 1730
186.103.159.44 - - [06/Apr/2017:09:00:53 -0300] "GET /cormun/static/Resources/Spanish/PXTools.css?11294912 HTTP/1.1" 304 -
186.103.159.44 - - [06/Apr/2017:09:00:53 -0300] "GET /cormun/static/gxcfg.js?201731711485472 HTTP/1.1" 304 -
186.103.159.44 - - [06/Apr/2017:09:00:53 -0300] "GET /cormun/static/messages.spa.js?85251 HTTP/1.1" 304 -
186.103.159.44 - - [06/Apr/2017:09:00:53 -0300] "GET /cormun/static/hlogin.js?201731711485490 HTTP/1.1" 304 -
192.168.10.13 - - [06/Apr/2017:09:01:23 -0300] "GET / HTTP/1.1" 200 11217
186.79.247.223 - - [06/Apr/2017:09:01:25 -0300] "POST /cormun/servlet/trcontratoobservacion?85c63bfb8056484518fd6ef99da120a8,,gx-no-cache=1491480147688 HTTP/1.1" 200 3592
186.79.247.223 - - [06/Apr/2017:09:01:43 -0300] "GET /cormun/servlet/trvisualizadoreventos? HTTP/1.1" 200 6494
186.79.247.223 - - [06/Apr/2017:09:01:44 -0300] "GET /cormun/servlet/trvisualizadoreventos? HTTP/1.1" 200 6494
192.168.10.13 - - [06/Apr/2017:09:02:23 -0300] "GET / HTTP/1.1" 200 11217
186.103.159.44 - - [06/Apr/2017:09:02:54 -0300] "GET /cormun/servlet/hlogin HTTP/1.1" 200 1741
192.168.10.13 - - [06/Apr/2017:09:03:23 -0300] "GET / HTTP/1.1" 200 11217
192.168.10.96 - - [06/Apr/2017:09:03:58 -0300] "GET /cormun/servlet/trconsultaempleado? HTTP/1.1" 200 6706
192.168.10.96 - - [06/Apr/2017:09:03:58 -0300] "GET /cormun/servlet/trconsultaempleado? HTTP/1.1" 200 6688
192.168.10.96 - - [06/Apr/2017:09:04:05 -0300] "POST /cormun/servlet/trconsultaempleado?9aae6a47034b93be8eb859d259d3dc10,,gx-no-cache=1491483521514 HTTP/1.1" 200 4424
192.168.10.96 - - [06/Apr/2017:09:04:06 -0300] "GET /cormun/servlet/trsolicitudnombre?17271496, HTTP/1.1" 200 7325
192.168.10.96 - - [06/Apr/2017:09:04:06 -0300] "GET /cormun/servlet/trsolicitudnombre?17271496, HTTP/1.1" 200 7323
192.168.10.96 - - [06/Apr/2017:09:04:08 -0300] "GET /cormun/servlet/vesolicitudnombre?2017,4677,, HTTP/1.1" 200 8514
192.168.10.96 - - [06/Apr/2017:09:04:08 -0300] "GET /cormun/pexe_scrolldiv.js HTTP/1.1" 404 1009
192.168.10.96 - - [06/Apr/2017:09:04:08 -0300] "GET /cormun/pexe_scrolldiv.js HTTP/1.1" 404 1009
192.168.10.96 - - [06/Apr/2017:09:04:08 -0300] "GET /cormun/servlet/vesolicitudnombre?2017,4677,, HTTP/1.1" 200 8511
192.168.10.96 - - [06/Apr/2017:09:04:10 -0300] "GET /cormun/servlet/vesolicitudnombre?2017,4677,,SolicitudOTAdjuntos HTTP/1.1" 200 10353
192.168.10.96 - - [06/Apr/2017:09:04:10 -0300] "GET /cormun/pexe_scrolldiv.js HTTP/1.1" 404 1009
192.168.10.96 - - [06/Apr/2017:09:04:10 -0300] "GET /cormun/pexe_scrolldiv.js HTTP/1.1" 404 1009
192.168.10.96 - - [06/Apr/2017:09:04:11 -0300] "GET /cormun/servlet/vesolicitudnombre?2017,4677,,SolicitudOTAdjuntos HTTP/1.1" 200 10356
192.168.10.96 - - [06/Apr/2017:09:04:11 -0300] "POST /cormun/servlet/acontrolpreferencessavestate?None,DZAMUDIO,true HTTP/1.1" 200 35
192.168.10.96 - - [06/Apr/2017:09:04:13 -0300] "GET /cormun/PublicTempStorage/tit.-f.hevia9035480.jpg HTTP/1.1" 200 1236980
186.103.159.183 - - [06/Apr/2017:09:04:13 -0300] "GET /cormun/servlet/licenciaspermisos?ec7a8d3f4e88429ee4bf87c72cf34d36cba1e54458ecf86b04ad82dfbcddb24fb895524b4b0eb5c89995ff6cb113c4e37de06048c36e5c3441b07558761a0402efeeae74d0d5993b06ddc5996aad6bf2189fa090cbaf009db2bae9fd7d6c8b7d703d2a556fa88f3fec45a5b17094d0aedec3086bbc6afd862686efe3192eec4deca25a5a0a49c3a89926827e8d7d32e07969f164d511393ab4ba75222f378ecc1264625202c4465a2da5f476ce612d2508433509edd91b498790f53a291583fd51834ccea82a3166bc754f5b2125586f4d4a5b3d502f5a8f7e0908305ab4c6f6,gx-no-cache=1491480322330 HTTP/1.1" 200 30
186.103.159.183 - - [06/Apr/2017:09:04:13 -0300] "GET /cormun/servlet/licenciaspermisos?ec7a8d3f4e88429ee4bf87c72cf34d36452bd446fec39ee2c8f765bc639ecc19290280a7ba116b2c0b6f3c0f9b43db15ca16ecce095901ba4c75c004efe560616217b4ca9c544d780902f0aa27f183e7b5b194791c1e7146b97edc84d3be81640b85e98bb46cde40ae60bfb87899116b911c034ba86a5da7556fd196ed14dba6b4ce99ede8dd617601230f3b8046cfc98ae74826b2696458d1c4339e005909311c46be45b4ffc437c5f43d467aff7adee6670077fd029c1b08cd732d1646c40f87edbe074773327eba4f40480d8c198896275563d607525ed03b51aa8248a031,gx-no-cache=1491480322781 HTTP/1.1" 200 29
186.103.159.183 - - [06/Apr/2017:09:04:14 -0300] "POST /cormun/servlet/licenciaspermisos?5e86af90c41e527d9add89ac3ef9f829,INS,0,,,,gx-no-cache=1491480322903 HTTP/1.1" 200 93
186.103.159.183 - - [06/Apr/2017:09:04:14 -0300] "GET /cormun/servlet/hpexe_return? HTTP/1.1" 200 1004
186.103.159.183 - - [06/Apr/2017:09:04:14 -0300] "GET /cormun/static/hpexe_return.js?2016101716175153 HTTP/1.1" 200 1633
186.103.159.183 - - [06/Apr/2017:09:04:14 -0300] "GET /cormun/static/gxcfg.js?2016101716175148 HTTP/1.1" 200 953
186.103.159.183 - - [06/Apr/2017:09:04:14 -0300] "GET /cormun/static/Resources/Spanish/PXTools.css?167811 HTTP/1.1" 200 89042
186.103.159.183 - - [06/Apr/2017:09:04:14 -0300] "GET /cormun/servlet/trlicencias HTTP/1.1" 200 8005
186.103.159.183 - - [06/Apr/2017:09:04:16 -0300] "GET /cormun//static/Resources/PXToolsGridDelete.png HTTP/1.1" 200 357
186.103.159.183 - - [06/Apr/2017:09:04:16 -0300] "GET /cormun//static/Resources/PXToolsGridDisplay.png HTTP/1.1" 200 362
186.103.159.183 - - [06/Apr/2017:09:04:16 -0300] "GET /cormun//static/Resources/PXToolsHeaderFavorites.png HTTP/1.1" 200 2744
186.103.159.183 - - [06/Apr/2017:09:04:16 -0300] "GET /cormun//static/Resources/PXTools/ActionInsert.png HTTP/1.1" 200 1482
186.103.159.183 - - [06/Apr/2017:09:04:16 -0300] "GET /cormun//static/Resources/PXToolsActionPrint.png HTTP/1.1" 200 3317
186.103.159.183 - - [06/Apr/2017:09:04:16 -0300] "GET /cormun//static/Resources/PXToolsGridUpdate.png HTTP/1.1" 200 2984
186.103.159.183 - - [06/Apr/2017:09:04:16 -0300] "GET /cormun//static/Resources/PXToolsHeaderHelp.png HTTP/1.1" 200 4055
186.103.159.183 - - [06/Apr/2017:09:04:16 -0300] "GET /cormun/servlet/trlicencias HTTP/1.1" 200 8001
192.168.10.13 - - [06/Apr/2017:09:04:23 -0300] "GET / HTTP/1.1" 200 11217
186.103.159.44 - - [06/Apr/2017:09:04:44 -0300] "POST /cormun/servlet/hlogin?d0d6c4cad3abe5d05217ce23aa0804ff,gx-no-cache=1491480344702 HTTP/1.1" 200 90
186.103.159.44 - - [06/Apr/2017:09:04:45 -0300] "GET /cormun/servlet/hpexe_link HTTP/1.1" 200 958
186.103.159.44 - - [06/Apr/2017:09:04:45 -0300] "GET /cormun/static/gxcfg.js?201731711483381 HTTP/1.1" 304 -
186.103.159.44 - - [06/Apr/2017:09:04:45 -0300] "GET /cormun/static/hpexe_link.js?201731711483384 HTTP/1.1" 304 -
186.103.159.44 - - [06/Apr/2017:09:04:45 -0300] "GET /cormun/servlet/hhome HTTP/1.1" 200 3788
186.103.159.44 - - [06/Apr/2017:09:04:45 -0300] "GET /cormun/static/gxcfg.js?201731711483497 HTTP/1.1" 304 -
186.103.159.44 - - [06/Apr/2017:09:04:46 -0300] "GET /cormun/static/hhome.js?20173171148352 HTTP/1.1" 304 -
186.103.159.44 - - [06/Apr/2017:09:04:46 -0300] "GET /cormun/static/hwchdr01.js?201731711335950 HTTP/1.1" 304 -
186.103.159.44 - - [06/Apr/2017:09:04:46 -0300] "GET /cormun/static/hpexe_recentlink.js?201610171694390 HTTP/1.1" 304 -
186.103.159.44 - - [06/Apr/2017:09:04:46 -0300] "GET /cormun/static/hpexe_scripts.js?201731711335890 HTTP/1.1" 304 -
186.103.159.44 - - [06/Apr/2017:09:04:46 -0300] "GET /cormun/static/hpexe_messagecontroller.js?201610171694323 HTTP/1.1" 304 -
186.103.159.44 - - [06/Apr/2017:09:04:46 -0300] "GET /cormun/static/hpexe_messagepopupcomponent.js?20161017169425 HTTP/1.1" 304 -
186.103.159.44 - - [06/Apr/2017:09:04:46 -0300] "GET /cormun/static/hpexe_messagegenexuscomponent.js?201731711335537 HTTP/1.1" 304 -
186.103.159.44 - - [06/Apr/2017:09:04:46 -0300] "GET /cormun/static/cmcontrolpreferences.js?201731711335852 HTTP/1.1" 304 -
186.103.159.44 - - [06/Apr/2017:09:04:47 -0300] "GET /cormun/static/hmpwkw03.js?201731711485354 HTTP/1.1" 304 -
186.103.159.44 - - [06/Apr/2017:09:04:53 -0300] "GET /cormun/servlet/trlicencias? HTTP/1.1" 200 6635
186.103.159.44 - - [06/Apr/2017:09:04:53 -0300] "GET /cormun/static/Resources/Spanish/PXTools.css?18365030 HTTP/1.1" 304 -
186.103.159.44 - - [06/Apr/2017:09:04:53 -0300] "GET /cormun/static/gxcfg.js?2016122619301429 HTTP/1.1" 304 -
186.103.159.44 - - [06/Apr/2017:09:04:53 -0300] "GET /cormun/static/trlicencias.js?2016122619301919 HTTP/1.1" 304 -
186.103.159.44 - - [06/Apr/2017:09:05:09 -0300] "GET /cormun/servlet/licenciaspermisos?INS,0,,, HTTP/1.1" 200 7180
186.103.159.44 - - [06/Apr/2017:09:05:09 -0300] "GET /cormun/static/gxcfg.js?20173291150977 HTTP/1.1" 304 -
186.103.159.44 - - [06/Apr/2017:09:05:09 -0300] "GET /cormun/static/licenciaspermisos.js?201732911501028 HTTP/1.1" 304 -
186.103.159.183 - - [06/Apr/2017:09:05:15 -0300] "GET /cormun/servlet/alicenciaprn?15104893,L,20170406000000,PU HTTP/1.1" 200 1552
186.103.159.44 - - [06/Apr/2017:09:05:19 -0300] "GET /cormun/servlet/licenciaspermisos?aa50bd1ae4bef1f8890d073203f0400a29228cff1e13885e69a1f33b2bedb3a2716f30d9aa7d3ce2265d6e1fc6ddb7ee,gx-no-cache=1491480379705 HTTP/1.1" 200 73
186.103.159.44 - - [06/Apr/2017:09:05:20 -0300] "POST /cormun/servlet/licenciaspermisos?d0d6c4cad3abe5d05217ce23aa0804ff,INS,0,,,,gx-no-cache=1491480379769 HTTP/1.1" 200 4446
192.168.10.13 - - [06/Apr/2017:09:05:23 -0300] "GET / HTTP/1.1" 200 11217
186.103.159.182 - - [06/Apr/2017:09:05:38 -0300] "GET /cormun/servlet/hlogin HTTP/1.1" 200 1726
186.103.159.182 - - [06/Apr/2017:09:05:38 -0300] "GET /cormun/static/Resources/Spanish/PXTools.css?11294912 HTTP/1.1" 304 -
186.103.159.182 - - [06/Apr/2017:09:05:38 -0300] "GET /cormun/static/gxcfg.js?201731711485472 HTTP/1.1" 304 -
186.103.159.182 - - [06/Apr/2017:09:05:39 -0300] "GET /cormun/static/hlogin.js?201731711485490 HTTP/1.1" 304 -
186.103.159.182 - - [06/Apr/2017:09:05:39 -0300] "GET /cormun/static/messages.spa.js?85251 HTTP/1.1" 304 -
186.103.159.182 - - [06/Apr/2017:09:05:39 -0300] "GET /cormun/servlet/hlogin HTTP/1.1" 200 1736
186.103.159.182 - - [06/Apr/2017:09:05:58 -0300] "POST /cormun/servlet/hlogin?16779753451ce25dbe1528745447d523,gx-no-cache=1491480424014 HTTP/1.1" 200 90
186.103.159.182 - - [06/Apr/2017:09:05:58 -0300] "GET /cormun/servlet/hpexe_link HTTP/1.1" 200 955
186.103.159.182 - - [06/Apr/2017:09:05:58 -0300] "GET /cormun/static/gxcfg.js?201731711483381 HTTP/1.1" 304 -
186.103.159.182 - - [06/Apr/2017:09:05:58 -0300] "GET /cormun/static/hpexe_link.js?201731711483384 HTTP/1.1" 304 -
186.103.159.182 - - [06/Apr/2017:09:05:58 -0300] "GET /cormun/servlet/hhome HTTP/1.1" 200 4066
186.103.159.182 - - [06/Apr/2017:09:05:59 -0300] "GET /cormun/static/gxcfg.js?201731711483497 HTTP/1.1" 304 -
186.103.159.182 - - [06/Apr/2017:09:05:59 -0300] "GET /cormun/static/hwchdr01.js?201731711335950 HTTP/1.1" 304 -
186.103.159.182 - - [06/Apr/2017:09:05:59 -0300] "GET /cormun/static/hhome.js?20173171148352 HTTP/1.1" 304 -
186.103.159.182 - - [06/Apr/2017:09:05:59 -0300] "GET /cormun/static/hpexe_recentlink.js?201610171694390 HTTP/1.1" 304 -
186.103.159.182 - - [06/Apr/2017:09:05:59 -0300] "GET /cormun/static/hpexe_scripts.js?201731711335890 HTTP/1.1" 304 -
186.103.159.182 - - [06/Apr/2017:09:05:59 -0300] "GET /cormun/static/hpexe_messagecontroller.js?201610171694323 HTTP/1.1" 304 -
186.103.159.182 - - [06/Apr/2017:09:05:59 -0300] "GET /cormun/static/hpexe_messagepopupcomponent.js?20161017169425 HTTP/1.1" 304 -
186.103.159.182 - - [06/Apr/2017:09:05:59 -0300] "GET /cormun/static/hpexe_messagegenexuscomponent.js?201731711335537 HTTP/1.1" 304 -
186.103.159.182 - - [06/Apr/2017:09:05:59 -0300] "GET /cormun/static/cmcontrolpreferences.js?201731711335852 HTTP/1.1" 304 -
186.103.159.182 - - [06/Apr/2017:09:05:59 -0300] "GET /cormun/static/hmpwkw03.js?201731711485354 HTTP/1.1" 304 -
186.103.159.182 - - [06/Apr/2017:09:06:00 -0300] "GET /cormun/servlet/hhome HTTP/1.1" 200 4062
192.168.10.13 - - [06/Apr/2017:09:06:23 -0300] "GET / HTTP/1.1" 200 11217
186.103.159.182 - - [06/Apr/2017:09:07:06 -0300] "GET /cormun/servlet/trlicencias? HTTP/1.1" 200 6942
186.103.159.182 - - [06/Apr/2017:09:07:06 -0300] "GET /cormun/static/Resources/Spanish/PXTools.css?18365030 HTTP/1.1" 304 -
186.103.159.182 - - [06/Apr/2017:09:07:06 -0300] "GET /cormun/static/gxcfg.js?2016122619301429 HTTP/1.1" 304 -
186.103.159.182 - - [06/Apr/2017:09:07:06 -0300] "GET /cormun/static/trlicencias.js?2016122619301919 HTTP/1.1" 304 -
186.103.159.182 - - [06/Apr/2017:09:07:08 -0300] "GET /cormun/servlet/trlicencias? HTTP/1.1" 200 6940
186.103.159.182 - - [06/Apr/2017:09:07:12 -0300] "GET /cormun/servlet/licenciaspermisos?INS,0,,, HTTP/1.1" 200 7474
186.103.159.182 - - [06/Apr/2017:09:07:12 -0300] "GET /cormun/static/gxcfg.js?20173291150977 HTTP/1.1" 304 -
186.103.159.182 - - [06/Apr/2017:09:07:12 -0300] "GET /cormun/static/licenciaspermisos.js?201732911501028 HTTP/1.1" 304 -
186.103.159.182 - - [06/Apr/2017:09:07:14 -0300] "GET /cormun/servlet/licenciaspermisos?INS,0,,, HTTP/1.1" 200 7482
192.168.10.13 - - [06/Apr/2017:09:07:23 -0300] "GET / HTTP/1.1" 200 11217
186.103.159.182 - - [06/Apr/2017:09:07:31 -0300] "GET /cormun/servlet/licenciaspermisos?d4ec46622a0f513030e12e679b785376527dfbd36a41210cdff5851542684e819024bb3b29dcd02abee6b1583e4a068d,gx-no-cache=1491480516568 HTTP/1.1" 200 61
186.103.159.182 - - [06/Apr/2017:09:07:31 -0300] "POST /cormun/servlet/licenciaspermisos?16779753451ce25dbe1528745447d523,INS,0,,,,gx-no-cache=1491480516633 HTTP/1.1" 200 4634
192.168.10.13 - - [06/Apr/2017:09:08:23 -0300] "GET / HTTP/1.1" 200 11217
186.103.159.182 - - [06/Apr/2017:09:09:00 -0300] "GET /cormun/static/menuarrow.gif HTTP/1.1" 404 1015
192.168.10.96 - - [06/Apr/2017:09:09:03 -0300] "GET /cormun/servlet/vesolicitudnombre?2017,4677,,SolicitudOTAdjuntos HTTP/1.1" 200 10353
192.168.10.96 - - [06/Apr/2017:09:09:04 -0300] "GET /cormun/servlet/vesolicitudnombre?2017,4677,,SolicitudOTAdjuntos HTTP/1.1" 200 10358
192.168.10.96 - - [06/Apr/2017:09:09:04 -0300] "POST /cormun/servlet/acontrolpreferencessavestate?None,DZAMUDIO,true HTTP/1.1" 200 35
192.168.10.96 - - [06/Apr/2017:09:09:06 -0300] "GET /cormun/servlet/trconsultaempleado? HTTP/1.1" 200 6707
192.168.10.96 - - [06/Apr/2017:09:09:06 -0300] "GET /cormun/servlet/trconsultaempleado? HTTP/1.1" 200 6690
186.79.6.196 - - [06/Apr/2017:09:09:12 -0300] "GET /cormun/servlet/hlogin HTTP/1.1" 200 1721
192.168.10.96 - - [06/Apr/2017:09:09:12 -0300] "POST /cormun/servlet/trconsultaempleado?9aae6a47034b93be8eb859d259d3dc10,,gx-no-cache=1491483829161 HTTP/1.1" 200 4426
192.168.10.96 - - [06/Apr/2017:09:09:14 -0300] "GET /cormun/servlet/trsolicitudnombre?16246362, HTTP/1.1" 200 7301
192.168.10.96 - - [06/Apr/2017:09:09:14 -0300] "GET /cormun/servlet/trsolicitudnombre?16246362, HTTP/1.1" 200 7299
186.79.6.196 - - [06/Apr/2017:09:09:22 -0300] "POST /cormun/servlet/hlogin?1377b05c8bfe65cbb31282c0823da3f1,gx-no-cache=1491480633085 HTTP/1.1" 200 90
186.79.6.196 - - [06/Apr/2017:09:09:23 -0300] "GET /cormun/servlet/hpexe_link HTTP/1.1" 200 974
186.79.6.196 - - [06/Apr/2017:09:09:23 -0300] "GET /cormun/servlet/trlicencias?gx-no-cache=1491479956196 HTTP/1.1" 200 6861
192.168.10.13 - - [06/Apr/2017:09:09:23 -0300] "GET / HTTP/1.1" 200 11217
186.79.6.196 - - [06/Apr/2017:09:09:25 -0300] "GET /cormun/servlet/trlicencias?gx-no-cache=1491479956196 HTTP/1.1" 200 6880
186.79.6.196 - - [06/Apr/2017:09:09:30 -0300] "GET /cormun/servlet/trpermisosgoce? HTTP/1.1" 200 8712
186.79.6.196 - - [06/Apr/2017:09:09:30 -0300] "GET /cormun/static/gxcfg.js?20173171154124 HTTP/1.1" 304 -
186.79.6.196 - - [06/Apr/2017:09:09:32 -0300] "GET /cormun/servlet/trpermisosgoce? HTTP/1.1" 200 8688
192.168.10.96 - - [06/Apr/2017:09:09:39 -0300] "GET /cormun/servlet/vesolicitudnombre?2017,4734,, HTTP/1.1" 200 8512
192.168.10.96 - - [06/Apr/2017:09:09:39 -0300] "GET /cormun/pexe_scrolldiv.js HTTP/1.1" 404 1009
192.168.10.96 - - [06/Apr/2017:09:09:39 -0300] "GET /cormun/pexe_scrolldiv.js HTTP/1.1" 404 1009
192.168.10.96 - - [06/Apr/2017:09:09:39 -0300] "GET /cormun/servlet/vesolicitudnombre?2017,4734,, HTTP/1.1" 200 8506
192.168.10.96 - - [06/Apr/2017:09:09:41 -0300] "GET /cormun/servlet/vesolicitudnombre?2017,4734,,SolicitudOTAdjuntos HTTP/1.1" 200 10325
192.168.10.96 - - [06/Apr/2017:09:09:41 -0300] "GET /cormun/pexe_scrolldiv.js HTTP/1.1" 404 1009
192.168.10.96 - - [06/Apr/2017:09:09:41 -0300] "GET /cormun/pexe_scrolldiv.js HTTP/1.1" 404 1009
192.168.10.96 - - [06/Apr/2017:09:09:41 -0300] "GET /cormun/servlet/vesolicitudnombre?2017,4734,,SolicitudOTAdjuntos HTTP/1.1" 200 10330
192.168.10.96 - - [06/Apr/2017:09:09:42 -0300] "POST /cormun/servlet/acontrolpreferencessavestate?None,DZAMUDIO,true HTTP/1.1" 200 35
192.168.10.96 - - [06/Apr/2017:09:09:43 -0300] "GET /cormun/PublicTempStorage/cristian_r_titulo167225.pdf HTTP/1.1" 200 625500
186.79.6.196 - - [06/Apr/2017:09:09:44 -0300] "GET /cormun/servlet/permisogoce?INS,0,,, HTTP/1.1" 200 6770
186.79.6.196 - - [06/Apr/2017:09:09:45 -0300] "GET /cormun/static/gxcfg.js?201732911503726 HTTP/1.1" 304 -
186.79.6.196 - - [06/Apr/2017:09:09:45 -0300] "GET /cormun/static/permisogoce.js?201732911503774 HTTP/1.1" 304 -
186.79.6.196 - - [06/Apr/2017:09:09:46 -0300] "GET /cormun/servlet/permisogoce?INS,0,,, HTTP/1.1" 200 6770
192.168.10.96 - - [06/Apr/2017:09:09:48 -0300] "GET /cormun/servlet/vesolicitudnombre?2017,4734,,SolicitudOTAdjuntos HTTP/1.1" 200 10327
192.168.10.96 - - [06/Apr/2017:09:09:48 -0300] "GET /cormun/servlet/vesolicitudnombre?2017,4734,,SolicitudOTAdjuntos HTTP/1.1" 200 10326
192.168.10.96 - - [06/Apr/2017:09:09:49 -0300] "POST /cormun/servlet/acontrolpreferencessavestate?None,DZAMUDIO,true HTTP/1.1" 200 35
186.79.6.196 - - [06/Apr/2017:09:09:57 -0300] "GET /cormun/servlet/permisogoce?35fa22e795d8c6b63fb60be99fe4d87457fcec6fdcf8abb4b81048683a9cfa75814896dc6488c21ecd5098dffae2d366,gx-no-cache=1491480667937 HTTP/1.1" 200 68
186.79.6.196 - - [06/Apr/2017:09:09:57 -0300] "GET /cormun/static/menuarrow.gif HTTP/1.1" 404 1015
186.79.6.196 - - [06/Apr/2017:09:10:02 -0300] "GET /cormun/servlet/permisogoce?35fa22e795d8c6b63fb60be99fe4d874c9fc91b0dac7a244c333de3eb15a82b1ed3c0fc6ae94fcff16a5b660bc5d6d100398367cddb79dc9355604f5461f6d36,gx-no-cache=1491480672761 HTTP/1.1" 200 44
192.168.10.13 - - [06/Apr/2017:09:10:23 -0300] "GET / HTTP/1.1" 200 11217
186.79.6.196 - - [06/Apr/2017:09:10:26 -0300] "POST /cormun/servlet/permisogoce?1377b05c8bfe65cbb31282c0823da3f1,INS,0,,,,gx-no-cache=1491480697004 HTTP/1.1" 200 93
186.79.6.196 - - [06/Apr/2017:09:10:27 -0300] "GET /cormun/servlet/hpexe_return? HTTP/1.1" 200 1007
186.79.6.196 - - [06/Apr/2017:09:10:27 -0300] "GET /cormun/servlet/trpermisosgoce HTTP/1.1" 200 8891
186.79.6.196 - - [06/Apr/2017:09:10:29 -0300] "GET /cormun/servlet/trpermisosgoce HTTP/1.1" 200 8888
186.79.6.196 - - [06/Apr/2017:09:10:42 -0300] "GET /cormun/servlet/trpermisosadjuntos?17107585,20170406100503,P, HTTP/1.1" 200 6299
186.79.6.196 - - [06/Apr/2017:09:10:42 -0300] "GET /cormun/static/gxcfg.js?201731711542659 HTTP/1.1" 304 -
40.77.167.87 - - [06/Apr/2017:09:10:42 -0300] "GET /cormun/servlet/trlicenciaspermisoslog?7109486,L,20170301000000,_escaped_fragment_%3D HTTP/1.1" 200 5241
186.79.6.196 - - [06/Apr/2017:09:10:43 -0300] "GET /cormun/servlet/trpermisosadjuntos?17107585,20170406100503,P, HTTP/1.1" 200 6299
186.79.6.196 - - [06/Apr/2017:09:10:45 -0300] "GET /cormun/servlet/permisosadjuntos?INS,17107585,P,20170406100503,, HTTP/1.1" 200 5628
186.79.6.196 - - [06/Apr/2017:09:10:46 -0300] "GET /cormun/static/gxcfg.js?2016122813135788 HTTP/1.1" 304 -
186.79.6.196 - - [06/Apr/2017:09:10:46 -0300] "GET /cormun/static/about:blank HTTP/1.1" 404 1011
186.79.6.196 - - [06/Apr/2017:09:10:47 -0300] "GET /cormun/servlet/permisosadjuntos?INS,17107585,P,20170406100503,, HTTP/1.1" 200 5618
186.79.6.196 - - [06/Apr/2017:09:11:12 -0300] "POST /cormun/servlet/permisosadjuntos?1377b05c8bfe65cbb31282c0823da3f1,INS,17107585,P,20170406100503,, HTTP/1.1" 200 116
186.79.6.196 - - [06/Apr/2017:09:11:13 -0300] "GET /cormun/servlet/hpexe_return? HTTP/1.1" 200 1034
186.79.6.196 - - [06/Apr/2017:09:11:13 -0300] "GET /cormun/servlet/trpermisosadjuntos?17107585,20170406100503,P, HTTP/1.1" 200 6750
186.79.6.196 - - [06/Apr/2017:09:11:15 -0300] "GET /cormun/servlet/trpermisosadjuntos?17107585,20170406100503,P, HTTP/1.1" 200 6746
186.79.6.196 - - [06/Apr/2017:09:11:20 -0300] "POST /cormun/servlet/trpermisosadjuntos?1377b05c8bfe65cbb31282c0823da3f1,17107585,20170406100503,P,,gx-no-cache=1491480750637 HTTP/1.1" 200 90
186.79.6.196 - - [06/Apr/2017:09:11:20 -0300] "GET /cormun/servlet/hpexe_link HTTP/1.1" 200 980
186.79.6.196 - - [06/Apr/2017:09:11:20 -0300] "GET /cormun/servlet/trpermisosgoce HTTP/1.1" 200 8889
186.79.6.196 - - [06/Apr/2017:09:11:22 -0300] "GET /cormun/servlet/trpermisosgoce HTTP/1.1" 200 8888
192.168.10.13 - - [06/Apr/2017:09:11:23 -0300] "GET / HTTP/1.1" 200 11217
186.79.6.196 - - [06/Apr/2017:09:11:29 -0300] "POST /cormun/servlet/trpermisosgoce?1377b05c8bfe65cbb31282c0823da3f1,gx-no-cache=1491480759563 HTTP/1.1" 200 6146
186.79.6.196 - - [06/Apr/2017:09:11:35 -0300] "GET /cormun/servlet/permisogoce?INS,0,,, HTTP/1.1" 200 6770
186.79.6.196 - - [06/Apr/2017:09:11:37 -0300] "GET /cormun/servlet/permisogoce?INS,0,,, HTTP/1.1" 200 6770
186.79.6.196 - - [06/Apr/2017:09:11:48 -0300] "GET /cormun/servlet/permisogoce?35fa22e795d8c6b63fb60be99fe4d874dedc34806cb9fe17ecaf7e97974dc927814896dc6488c21ecd5098dffae2d366,gx-no-cache=1491480778609 HTTP/1.1" 200 67
186.79.6.196 - - [06/Apr/2017:09:11:48 -0300] "GET /cormun/static/menuarrow.gif HTTP/1.1" 404 1015
186.79.6.196 - - [06/Apr/2017:09:11:55 -0300] "GET /cormun/servlet/permisogoce?35fa22e795d8c6b63fb60be99fe4d87488d8c2db29441b2d229af3eee399c49dc8c79a6693e932cc79ebc935431ff3760398367cddb79dc9355604f5461f6d36,gx-no-cache=1491480785915 HTTP/1.1" 200 44
192.168.10.96 - - [06/Apr/2017:09:12:05 -0300] "GET /cormun/servlet/trconsultaempleado? HTTP/1.1" 200 6708
192.168.10.96 - - [06/Apr/2017:09:12:05 -0300] "GET /cormun/servlet/trconsultaempleado? HTTP/1.1" 200 6690
186.79.6.196 - - [06/Apr/2017:09:12:10 -0300] "POST /cormun/servlet/permisogoce?1377b05c8bfe65cbb31282c0823da3f1,INS,0,,,,gx-no-cache=1491480801052 HTTP/1.1" 200 93
186.79.6.196 - - [06/Apr/2017:09:12:10 -0300] "GET /cormun/servlet/hpexe_return? HTTP/1.1" 200 1028
186.79.6.196 - - [06/Apr/2017:09:12:11 -0300] "GET /cormun/servlet/trpermisosgoce?gx-no-cache=1491480759563 HTTP/1.1" 200 9067
186.79.6.196 - - [06/Apr/2017:09:12:12 -0300] "GET /cormun/servlet/trpermisosgoce?gx-no-cache=1491480759563 HTTP/1.1" 200 9084
186.79.6.196 - - [06/Apr/2017:09:12:17 -0300] "GET /cormun/servlet/trpermisosadjuntos?15807616,20170406100647,P, HTTP/1.1" 200 6327
186.79.6.196 - - [06/Apr/2017:09:12:18 -0300] "GET /cormun/servlet/trpermisosadjuntos?15807616,20170406100647,P, HTTP/1.1" 200 6306
192.168.10.96 - - [06/Apr/2017:09:12:18 -0300] "POST /cormun/servlet/trconsultaempleado?9aae6a47034b93be8eb859d259d3dc10,,gx-no-cache=1491484015024 HTTP/1.1" 200 4430
186.79.6.196 - - [06/Apr/2017:09:12:21 -0300] "GET /cormun/servlet/permisosadjuntos?INS,15807616,P,20170406100647,, HTTP/1.1" 200 5633
186.79.6.196 - - [06/Apr/2017:09:12:21 -0300] "GET /cormun/static/about:blank HTTP/1.1" 404 1011
186.79.6.196 - - [06/Apr/2017:09:12:22 -0300] "GET /cormun/servlet/permisosadjuntos?INS,15807616,P,20170406100647,, HTTP/1.1" 200 5623
192.168.10.13 - - [06/Apr/2017:09:12:23 -0300] "GET / HTTP/1.1" 200 11217
192.168.10.96 - - [06/Apr/2017:09:12:24 -0300] "GET /cormun/servlet/trsolicitudnombre?13803850, HTTP/1.1" 200 7801
192.168.10.96 - - [06/Apr/2017:09:12:24 -0300] "GET /cormun/servlet/trsolicitudnombre?13803850, HTTP/1.1" 200 7804
192.168.10.96 - - [06/Apr/2017:09:12:33 -0300] "GET /cormun/servlet/vesolicitudnombre?2017,4776,, HTTP/1.1" 200 8537
192.168.10.96 - - [06/Apr/2017:09:12:34 -0300] "GET /cormun/pexe_scrolldiv.js HTTP/1.1" 404 1009
192.168.10.96 - - [06/Apr/2017:09:12:34 -0300] "GET /cormun/pexe_scrolldiv.js HTTP/1.1" 404 1009
192.168.10.96 - - [06/Apr/2017:09:12:34 -0300] "GET /cormun/servlet/vesolicitudnombre?2017,4776,, HTTP/1.1" 200 8531
186.79.6.196 - - [06/Apr/2017:09:12:38 -0300] "POST /cormun/servlet/permisosadjuntos?1377b05c8bfe65cbb31282c0823da3f1,INS,15807616,P,20170406100647,, HTTP/1.1" 200 116
186.79.6.196 - - [06/Apr/2017:09:12:38 -0300] "GET /cormun/servlet/hpexe_return? HTTP/1.1" 200 1035
186.79.6.196 - - [06/Apr/2017:09:12:38 -0300] "GET /cormun/servlet/trpermisosadjuntos?15807616,20170406100647,P, HTTP/1.1" 200 6758
186.79.6.196 - - [06/Apr/2017:09:12:39 -0300] "GET /cormun/servlet/trpermisosadjuntos?15807616,20170406100647,P, HTTP/1.1" 200 6754
192.168.10.96 - - [06/Apr/2017:09:12:39 -0300] "GET /cormun/servlet/vesolicitudnombre?2017,4776,,SolicitudOTAdjuntos HTTP/1.1" 200 10336
192.168.10.96 - - [06/Apr/2017:09:12:39 -0300] "GET /cormun/pexe_scrolldiv.js HTTP/1.1" 404 1009
192.168.10.96 - - [06/Apr/2017:09:12:39 -0300] "GET /cormun/pexe_scrolldiv.js HTTP/1.1" 404 1009
192.168.10.96 - - [06/Apr/2017:09:12:40 -0300] "GET /cormun/servlet/vesolicitudnombre?2017,4776,,SolicitudOTAdjuntos HTTP/1.1" 200 10341
192.168.10.96 - - [06/Apr/2017:09:12:41 -0300] "POST /cormun/servlet/acontrolpreferencessavestate?None,DZAMUDIO,true HTTP/1.1" 200 35
186.79.6.196 - - [06/Apr/2017:09:12:42 -0300] "POST /cormun/servlet/trpermisosadjuntos?1377b05c8bfe65cbb31282c0823da3f1,15807616,20170406100647,P,,gx-no-cache=1491480832813 HTTP/1.1" 200 90
186.79.6.196 - - [06/Apr/2017:09:12:42 -0300] "GET /cormun/servlet/hpexe_link HTTP/1.1" 200 1002
186.79.6.196 - - [06/Apr/2017:09:12:42 -0300] "GET /cormun/servlet/trpermisosgoce?gx-no-cache=1491480759563 HTTP/1.1" 200 9066
186.79.6.196 - - [06/Apr/2017:09:12:44 -0300] "GET /cormun/servlet/trpermisosgoce?gx-no-cache=1491480759563 HTTP/1.1" 200 9083
186.79.6.196 - - [06/Apr/2017:09:12:52 -0300] "POST /cormun/servlet/trpermisosgoce?1377b05c8bfe65cbb31282c0823da3f1,gx-no-cache=1491480759563,gx-no-cache=1491480843070 HTTP/1.1" 200 6334
186.103.159.182 - - [06/Apr/2017:09:12:56 -0300] "GET /cormun/servlet/licenciaspermisos?d4ec46622a0f513030e12e679b7853763b711555be1d3dad90821bf100dc724a4f99ecfa20fc8a26b654452f9936fa5b6b9b7a36beebc2b9ac6df995ca63953e0330089574f0884aa3e54d7c1bf14caa6676c659447c16c587cee528835458c08b3d011014bd499cf7d212ed05e80e2166cd2321ebc4634163a22d831f8297d4fe5033b73c4ada1bf9790ada9e249a321273e44f39bb15ed0aa74e8c72ff8bcaf003f8f11d95948217518c7d0456959fd4ca92bac7a7ec9fa354d0ff42f255d454e975a6d91feb732341cb9f8d6c257c8fc205fce4ea9dd5f6751b020a10339d,gx-no-cache=1491480842093 HTTP/1.1" 200 30
186.103.159.182 - - [06/Apr/2017:09:12:56 -0300] "GET /cormun/servlet/licenciaspermisos?d4ec46622a0f513030e12e679b78537602b4e298ef0f02911fa38e3254e155ecfc3c91c2ed4e867d6695c2101511dffc40a3da9dc2fa07c998b3d241e33126995107c5e5aee78f83ef04ff637fd37e412579214cb55793ac15034aeca4699741be60d094800dc16ac338d47de257f20743d3faa08f621d6afd0f4e31a162c7b53999ee3a04e5eeaea54ce6a44f94e0dd1a767e16b496073f1ef67b92d77b595e4c1a7468d8b34a4a1022ac49598f79e96b26571d3bfa460351ddbc9cae1e4a11fbc50802450bf7601f310bce984f6285c16701a59e0739c710bd9ca5b93ab82d,gx-no-cache=1491480842159 HTTP/1.1" 200 29
186.103.159.182 - - [06/Apr/2017:09:12:56 -0300] "POST /cormun/servlet/licenciaspermisos?16779753451ce25dbe1528745447d523,INS,0,,,,gx-no-cache=1491480842207 HTTP/1.1" 200 93
186.103.159.182 - - [06/Apr/2017:09:12:57 -0300] "GET /cormun/servlet/hpexe_return? HTTP/1.1" 200 1014
186.103.159.182 - - [06/Apr/2017:09:12:57 -0300] "GET /cormun/static/Resources/Spanish/PXTools.css?167811 HTTP/1.1" 304 -
186.103.159.182 - - [06/Apr/2017:09:12:57 -0300] "GET /cormun/static/gxcfg.js?2016101716175148 HTTP/1.1" 304 -
186.103.159.182 - - [06/Apr/2017:09:12:57 -0300] "GET /cormun/static/hpexe_return.js?2016101716175153 HTTP/1.1" 304 -
186.103.159.182 - - [06/Apr/2017:09:12:57 -0300] "GET /cormun/servlet/trlicencias HTTP/1.1" 200 8106
186.103.159.182 - - [06/Apr/2017:09:12:59 -0300] "GET /cormun/servlet/trlicencias HTTP/1.1" 200 8102
186.79.6.196 - - [06/Apr/2017:09:13:00 -0300] "GET /cormun/servlet/permisogoce?INS,0,,, HTTP/1.1" 200 6791
186.79.6.196 - - [06/Apr/2017:09:13:01 -0300] "GET /cormun/servlet/permisogoce?INS,0,,, HTTP/1.1" 200 6770
186.79.6.196 - - [06/Apr/2017:09:13:08 -0300] "GET /cormun/servlet/permisogoce?35fa22e795d8c6b63fb60be99fe4d874b16ec3300c76e8ada97c354664f2a5a1814896dc6488c21ecd5098dffae2d366,gx-no-cache=1491480859467 HTTP/1.1" 200 81
186.79.6.196 - - [06/Apr/2017:09:13:13 -0300] "GET /cormun/servlet/permisogoce?35fa22e795d8c6b63fb60be99fe4d8742146713ab989fcbb0b6afc1ff0883b96cd4ab75922d7c35b3fc0c0e8686871b90398367cddb79dc9355604f5461f6d36,gx-no-cache=1491480863925 HTTP/1.1" 200 44
192.168.10.13 - - [06/Apr/2017:09:13:23 -0300] "GET / HTTP/1.1" 200 11217
186.79.6.196 - - [06/Apr/2017:09:13:34 -0300] "POST /cormun/servlet/permisogoce?1377b05c8bfe65cbb31282c0823da3f1,INS,0,,,,gx-no-cache=1491480884938 HTTP/1.1" 200 93
186.79.6.196 - - [06/Apr/2017:09:13:35 -0300] "GET /cormun/servlet/hpexe_return? HTTP/1.1" 200 1028
186.79.6.196 - - [06/Apr/2017:09:13:35 -0300] "GET /cormun/servlet/trpermisosgoce?gx-no-cache=1491480759563 HTTP/1.1" 200 9260
186.79.6.196 - - [06/Apr/2017:09:13:37 -0300] "GET /cormun/servlet/trpermisosgoce?gx-no-cache=1491480759563 HTTP/1.1" 200 9277
186.79.6.196 - - [06/Apr/2017:09:13:41 -0300] "GET /cormun/servlet/trpermisosadjuntos?14550284,20170406100811,P, HTTP/1.1" 200 6340
186.79.6.196 - - [06/Apr/2017:09:13:42 -0300] "GET /cormun/servlet/trpermisosadjuntos?14550284,20170406100811,P, HTTP/1.1" 200 6319
186.79.6.196 - - [06/Apr/2017:09:13:44 -0300] "GET /cormun/servlet/permisosadjuntos?INS,14550284,P,20170406100811,, HTTP/1.1" 200 5643
186.79.6.196 - - [06/Apr/2017:09:13:44 -0300] "GET /cormun/static/about:blank HTTP/1.1" 404 1011
186.79.6.196 - - [06/Apr/2017:09:13:45 -0300] "GET /cormun/servlet/permisosadjuntos?INS,14550284,P,20170406100811,, HTTP/1.1" 200 5634
186.79.6.196 - - [06/Apr/2017:09:13:57 -0300] "POST /cormun/servlet/permisosadjuntos?1377b05c8bfe65cbb31282c0823da3f1,INS,14550284,P,20170406100811,, HTTP/1.1" 200 116
186.79.6.196 - - [06/Apr/2017:09:13:57 -0300] "GET /cormun/servlet/hpexe_return? HTTP/1.1" 200 1034
186.79.6.196 - - [06/Apr/2017:09:13:57 -0300] "GET /cormun/servlet/trpermisosadjuntos?14550284,20170406100811,P, HTTP/1.1" 200 6782
186.79.6.196 - - [06/Apr/2017:09:13:59 -0300] "GET /cormun/servlet/trpermisosadjuntos?14550284,20170406100811,P, HTTP/1.1" 200 6778
186.79.6.196 - - [06/Apr/2017:09:14:01 -0300] "POST /cormun/servlet/trpermisosadjuntos?1377b05c8bfe65cbb31282c0823da3f1,14550284,20170406100811,P,,gx-no-cache=1491480912367 HTTP/1.1" 200 90
186.79.6.196 - - [06/Apr/2017:09:14:02 -0300] "GET /cormun/servlet/hpexe_link HTTP/1.1" 200 1002
186.79.6.196 - - [06/Apr/2017:09:14:02 -0300] "GET /cormun/servlet/trpermisosgoce?gx-no-cache=1491480759563 HTTP/1.1" 200 9260
186.79.6.196 - - [06/Apr/2017:09:14:03 -0300] "GET /cormun/servlet/trpermisosgoce?gx-no-cache=1491480759563 HTTP/1.1" 200 9277
186.79.6.196 - - [06/Apr/2017:09:14:09 -0300] "POST /cormun/servlet/trpermisosgoce?1377b05c8bfe65cbb31282c0823da3f1,gx-no-cache=1491480759563,gx-no-cache=1491480919342 HTTP/1.1" 200 6525
192.168.10.96 - - [06/Apr/2017:09:14:21 -0300] "GET /cormun/PublicTempStorage/titulo_egla_gutierrez3004341.pdf HTTP/1.1" 200 202444
192.168.10.13 - - [06/Apr/2017:09:14:23 -0300] "GET / HTTP/1.1" 200 11217
186.79.6.196 - - [06/Apr/2017:09:14:34 -0300] "GET /cormun/servlet/trautorizarpermisogoce? HTTP/1.1" 200 6750
186.79.6.196 - - [06/Apr/2017:09:14:34 -0300] "GET /cormun/static/gxcfg.js?201731711543713 HTTP/1.1" 200 953
186.79.6.196 - - [06/Apr/2017:09:14:34 -0300] "GET /cormun/static/trautorizarpermisogoce.js?201731711544173 HTTP/1.1" 200 31036
186.79.6.196 - - [06/Apr/2017:09:14:35 -0300] "GET /cormun/servlet/trautorizarpermisogoce? HTTP/1.1" 200 6729
186.79.6.196 - - [06/Apr/2017:09:14:45 -0300] "GET /cormun/servlet/trpermisosgoce? HTTP/1.1" 200 9257
186.79.6.196 - - [06/Apr/2017:09:14:47 -0300] "GET /cormun/servlet/trpermisosgoce? HTTP/1.1" 200 9259
186.103.159.182 - - [06/Apr/2017:09:14:53 -0300] "GET /cormun/servlet/trlicenciaspermisosadjuntos?10681823,20170406000000,L, HTTP/1.1" 200 6413
186.103.159.182 - - [06/Apr/2017:09:14:53 -0300] "GET /cormun/static/gxcfg.js?20173171154619 HTTP/1.1" 304 -
186.103.159.182 - - [06/Apr/2017:09:14:53 -0300] "GET /cormun/static/trlicenciaspermisosadjuntos.js?20173171154971 HTTP/1.1" 304 -
186.103.159.182 - - [06/Apr/2017:09:14:55 -0300] "GET /cormun/servlet/trlicenciaspermisosadjuntos?10681823,20170406000000,L, HTTP/1.1" 200 6413
186.103.159.182 - - [06/Apr/2017:09:14:58 -0300] "GET /cormun/servlet/licenciaspermisosadjuntos?INS,10681823,L,20170406000000,, HTTP/1.1" 200 5709
186.103.159.182 - - [06/Apr/2017:09:14:58 -0300] "GET /cormun/static/gxcfg.js?201731711421170 HTTP/1.1" 304 -
186.103.159.182 - - [06/Apr/2017:09:14:58 -0300] "GET /cormun/static/licenciaspermisosadjuntos.js?201731711421181 HTTP/1.1" 304 -
186.103.159.182 - - [06/Apr/2017:09:14:58 -0300] "GET /cormun/static/about:blank HTTP/1.1" 404 1011
186.103.159.182 - - [06/Apr/2017:09:14:59 -0300] "GET /cormun/servlet/licenciaspermisosadjuntos?INS,10681823,L,20170406000000,, HTTP/1.1" 200 5698
186.103.159.182 - - [06/Apr/2017:09:15:16 -0300] "POST /cormun/servlet/licenciaspermisosadjuntos?16779753451ce25dbe1528745447d523,INS,10681823,L,20170406000000,, HTTP/1.1" 200 116
186.103.159.182 - - [06/Apr/2017:09:15:16 -0300] "GET /cormun/servlet/hpexe_return? HTTP/1.1" 200 1044
186.79.6.196 - - [06/Apr/2017:09:15:17 -0300] "GET /cormun/servlet/hlogin HTTP/1.1" 200 1721
186.103.159.182 - - [06/Apr/2017:09:15:17 -0300] "GET /cormun/servlet/trlicenciaspermisosadjuntos?10681823,20170406000000,L, HTTP/1.1" 200 6901
186.79.6.196 - - [06/Apr/2017:09:15:17 -0300] "GET /cormun/static/Resources/Spanish/PXTools.css?11294912 HTTP/1.1" 304 -
186.79.6.196 - - [06/Apr/2017:09:15:17 -0300] "GET /cormun/static/gxtimezone.js?85251 HTTP/1.1" 304 -
186.79.6.196 - - [06/Apr/2017:09:15:18 -0300] "GET /cormun/static/gxcfg.js?201731711485472 HTTP/1.1" 304 -
186.79.6.196 - - [06/Apr/2017:09:15:18 -0300] "GET /cormun/static/gxgral.js?85251 HTTP/1.1" 304 -
186.103.159.182 - - [06/Apr/2017:09:15:18 -0300] "GET /cormun/servlet/trlicenciaspermisosadjuntos?10681823,20170406000000,L, HTTP/1.1" 200 6897
186.79.6.196 - - [06/Apr/2017:09:15:18 -0300] "GET /cormun/static/messages.spa.js?85251 HTTP/1.1" 304 -
186.79.6.196 - - [06/Apr/2017:09:15:19 -0300] "GET /cormun/static/Resources/ComunLogin.png HTTP/1.1" 304 -
186.79.6.196 - - [06/Apr/2017:09:15:19 -0300] "GET /cormun/static/Resources/PXToolsButtonBackground2.png HTTP/1.1" 304 -
186.79.6.196 - - [06/Apr/2017:09:15:19 -0300] "GET /cormun/static/Resources/PXToolsButtonRight21.png HTTP/1.1" 304 -
186.79.6.196 - - [06/Apr/2017:09:15:19 -0300] "GET /cormun/static/Resources/PXToolsLoginTop.png HTTP/1.1" 304 -
186.79.6.196 - - [06/Apr/2017:09:15:19 -0300] "GET /cormun/static/hlogin.js?201731711485490 HTTP/1.1" 304 -
186.79.6.196 - - [06/Apr/2017:09:15:20 -0300] "GET /cormun/static/Resources/PXToolsLoginBottom.png HTTP/1.1" 304 -
186.79.6.196 - - [06/Apr/2017:09:15:20 -0300] "GET /cormun/static/Resources/PXToolsLoginBackground.png HTTP/1.1" 304 -
186.79.6.196 - - [06/Apr/2017:09:15:20 -0300] "GET /cormun/static/Resources/PXToolsButtonLeft21.png HTTP/1.1" 304 -
186.79.6.196 - - [06/Apr/2017:09:15:21 -0300] "GET /cormun/static/Resources/indicator.gif HTTP/1.1" 304 -
186.103.159.183 - - [06/Apr/2017:09:15:21 -0300] "GET /cormun/servlet/trlicenciaspermisosadjuntos?15104893,20170406000000,L, HTTP/1.1" 200 6334
186.103.159.182 - - [06/Apr/2017:09:15:21 -0300] "POST /cormun/servlet/trlicenciaspermisosadjuntos?16779753451ce25dbe1528745447d523,10681823,20170406000000,L,,gx-no-cache=1491480986730 HTTP/1.1" 200 90
186.103.159.182 - - [06/Apr/2017:09:15:21 -0300] "GET /cormun/servlet/hpexe_link HTTP/1.1" 200 989
186.103.159.183 - - [06/Apr/2017:09:15:21 -0300] "GET /cormun/static/gxcfg.js?20173171154619 HTTP/1.1" 200 953
186.103.159.183 - - [06/Apr/2017:09:15:21 -0300] "GET /cormun/static/trlicenciaspermisosadjuntos.js?20173171154971 HTTP/1.1" 200 21005
186.103.159.182 - - [06/Apr/2017:09:15:21 -0300] "GET /cormun/servlet/trlicencias HTTP/1.1" 200 8104
186.103.159.183 - - [06/Apr/2017:09:15:23 -0300] "GET /cormun/servlet/trlicenciaspermisosadjuntos?15104893,20170406000000,L, HTTP/1.1" 200 6334
186.103.159.182 - - [06/Apr/2017:09:15:23 -0300] "GET /cormun/servlet/trlicencias HTTP/1.1" 200 8102
192.168.10.13 - - [06/Apr/2017:09:15:23 -0300] "GET / HTTP/1.1" 200 11217
186.103.159.183 - - [06/Apr/2017:09:15:24 -0300] "GET /cormun/servlet/licenciaspermisosadjuntos?INS,15104893,L,20170406000000,, HTTP/1.1" 200 5633
186.103.159.183 - - [06/Apr/2017:09:15:25 -0300] "GET /cormun/static/gxcfg.js?201731711421170 HTTP/1.1" 200 953
186.103.159.183 - - [06/Apr/2017:09:15:25 -0300] "GET /cormun/static/licenciaspermisosadjuntos.js?201731711421181 HTTP/1.1" 200 8757
186.103.159.183 - - [06/Apr/2017:09:15:25 -0300] "GET /cormun/static/about:blank HTTP/1.1" 404 1011
186.103.159.183 - - [06/Apr/2017:09:15:26 -0300] "GET /cormun/servlet/licenciaspermisosadjuntos?INS,15104893,L,20170406000000,, HTTP/1.1" 200 5622
186.103.159.182 - - [06/Apr/2017:09:15:32 -0300] "POST /cormun/servlet/trlicencias?16779753451ce25dbe1528745447d523,gx-no-cache=1491480997442 HTTP/1.1" 200 4243
186.103.159.182 - - [06/Apr/2017:09:15:32 -0300] "GET /cormun/static/Shared/jqueryui/images/ui-bg_highlight-soft_100_c6c2c8_1x100.png HTTP/1.1" 404 1117
186.103.159.182 - - [06/Apr/2017:09:15:32 -0300] "GET /cormun/static/Shared/jqueryui/images/ui-icons_82798d_256x240.png HTTP/1.1" 404 1089
186.103.159.182 - - [06/Apr/2017:09:15:32 -0300] "GET /cormun/static/Shared/jqueryui/images/ui-bg_flat_55_fafafa_40x100.png HTTP/1.1" 404 1097
186.103.159.182 - - [06/Apr/2017:09:15:32 -0300] "GET /cormun/static/Shared/jqueryui/images/ui-icons_8d78a5_256x240.png HTTP/1.1" 404 1089
186.79.6.196 - - [06/Apr/2017:09:15:33 -0300] "POST /cormun/servlet/hlogin?1377b05c8bfe65cbb31282c0823da3f1,gx-no-cache=1491481003526 HTTP/1.1" 200 90
186.79.6.196 - - [06/Apr/2017:09:15:34 -0300] "GET /cormun/servlet/hpexe_link HTTP/1.1" 200 954
186.79.6.196 - - [06/Apr/2017:09:15:34 -0300] "GET /cormun/servlet/trpermisosgoce HTTP/1.1" 200 9259
186.79.6.196 - - [06/Apr/2017:09:15:37 -0300] "GET /cormun/servlet/trpermisosgoce HTTP/1.1" 200 9259
186.103.159.182 - - [06/Apr/2017:09:15:40 -0300] "GET /cormun/servlet/trpermisosgoce? HTTP/1.1" 200 8740
186.103.159.182 - - [06/Apr/2017:09:15:40 -0300] "GET /cormun/static/gxcfg.js?20173171154124 HTTP/1.1" 304 -
186.103.159.182 - - [06/Apr/2017:09:15:40 -0300] "GET /cormun/static/trpermisosgoce.js?20173171154177 HTTP/1.1" 304 -
186.79.6.196 - - [06/Apr/2017:09:15:41 -0300] "GET /cormun/servlet/permisogoce?INS,0,,, HTTP/1.1" 200 6769
186.103.159.182 - - [06/Apr/2017:09:15:42 -0300] "GET /cormun/servlet/trpermisosgoce? HTTP/1.1" 200 8740
186.103.159.183 - - [06/Apr/2017:09:15:42 -0300] "POST /cormun/servlet/licenciaspermisosadjuntos?5e86af90c41e527d9add89ac3ef9f829,INS,15104893,L,20170406000000,, HTTP/1.1" 200 116
186.103.159.183 - - [06/Apr/2017:09:15:42 -0300] "GET /cormun/servlet/hpexe_return? HTTP/1.1" 200 1034
186.103.159.183 - - [06/Apr/2017:09:15:43 -0300] "GET /cormun/servlet/trlicenciaspermisosadjuntos?15104893,20170406000000,L, HTTP/1.1" 200 6801
186.79.6.196 - - [06/Apr/2017:09:15:43 -0300] "GET /cormun/servlet/permisogoce?INS,0,,, HTTP/1.1" 200 6769
186.103.159.183 - - [06/Apr/2017:09:15:44 -0300] "GET /cormun/servlet/trlicenciaspermisosadjuntos?15104893,20170406000000,L, HTTP/1.1" 200 6798
186.103.159.183 - - [06/Apr/2017:09:15:45 -0300] "GET /cormun/PublicTempStorage/licencia7019144.jpg HTTP/1.1" 200 2328819
186.103.159.182 - - [06/Apr/2017:09:15:51 -0300] "POST /cormun/servlet/trpermisosgoce?16779753451ce25dbe1528745447d523,,gx-no-cache=1491481016633 HTTP/1.1" 200 5936
186.79.6.196 - - [06/Apr/2017:09:15:51 -0300] "GET /cormun/servlet/permisogoce?35fa22e795d8c6b63fb60be99fe4d8741027ce3a13dd37eecfa1bf920fa345eb814896dc6488c21ecd5098dffae2d366,gx-no-cache=1491481021062 HTTP/1.1" 200 71
186.103.159.182 - - [06/Apr/2017:09:15:53 -0300] "POST /cormun/servlet/trpermisosgoce?16779753451ce25dbe1528745447d523,,gx-no-cache=1491481018532 HTTP/1.1" 200 5936
186.79.6.196 - - [06/Apr/2017:09:15:55 -0300] "GET /cormun/static/menuarrow.gif HTTP/1.1" 404 1015
186.103.159.182 - - [06/Apr/2017:09:15:58 -0300] "POST /cormun/servlet/trpermisosgoce?16779753451ce25dbe1528745447d523,,gx-no-cache=1491481023381 HTTP/1.1" 200 5935
186.79.6.196 - - [06/Apr/2017:09:16:04 -0300] "GET /cormun/servlet/permisogoce?35fa22e795d8c6b63fb60be99fe4d87444dc4cd43f3d0fb2d7c9644e4f4d65df06549e6780f9ab1a5c51afe93b2342920398367cddb79dc9355604f5461f6d36,gx-no-cache=1491481035105 HTTP/1.1" 200 46
186.79.6.196 - - [06/Apr/2017:09:16:22 -0300] "POST /cormun/servlet/permisogoce?1377b05c8bfe65cbb31282c0823da3f1,INS,0,,,,gx-no-cache=1491481051812 HTTP/1.1" 200 93
186.79.6.196 - - [06/Apr/2017:09:16:22 -0300] "GET /cormun/servlet/hpexe_return? HTTP/1.1" 200 1007
186.79.6.196 - - [06/Apr/2017:09:16:22 -0300] "GET /cormun/servlet/trpermisosgoce HTTP/1.1" 200 9472
192.168.10.13 - - [06/Apr/2017:09:16:23 -0300] "GET / HTTP/1.1" 200 11217
186.79.6.196 - - [06/Apr/2017:09:16:24 -0300] "GET /cormun/servlet/trpermisosgoce HTTP/1.1" 200 9466
186.79.6.196 - - [06/Apr/2017:09:16:31 -0300] "GET /cormun/servlet/trpermisosadjuntos?14242088,20170406101058,P, HTTP/1.1" 200 6302
186.79.6.196 - - [06/Apr/2017:09:16:34 -0300] "GET /cormun/servlet/trpermisosadjuntos?14242088,20170406101058,P, HTTP/1.1" 200 6302
186.79.6.196 - - [06/Apr/2017:09:16:37 -0300] "GET /cormun/servlet/permisosadjuntos?INS,14242088,P,20170406101058,, HTTP/1.1" 200 5633
186.79.6.196 - - [06/Apr/2017:09:16:38 -0300] "GET /cormun/static/about:blank HTTP/1.1" 404 1011
186.79.6.196 - - [06/Apr/2017:09:16:38 -0300] "GET /cormun/servlet/permisosadjuntos?INS,14242088,P,20170406101058,, HTTP/1.1" 200 5623
186.103.159.183 - - [06/Apr/2017:09:16:42 -0300] "GET /cormun/servlet/trlicencias? HTTP/1.1" 200 8002
186.103.159.183 - - [06/Apr/2017:09:16:44 -0300] "GET /cormun/servlet/trlicencias? HTTP/1.1" 200 8001
186.103.159.44 - - [06/Apr/2017:09:16:45 -0300] "GET /cormun/static/menuarrow.gif HTTP/1.1" 404 1015
186.103.159.183 - - [06/Apr/2017:09:16:54 -0300] "POST /cormun/servlet/trlicencias?5e86af90c41e527d9add89ac3ef9f829,,gx-no-cache=1491481083581 HTTP/1.1" 200 4230
186.103.159.183 - - [06/Apr/2017:09:16:54 -0300] "GET /cormun/static/Shared/jqueryui/images/ui-bg_highlight-soft_100_c6c2c8_1x100.png HTTP/1.1" 404 1117
186.103.159.183 - - [06/Apr/2017:09:16:54 -0300] "GET /cormun/static/Shared/jqueryui/images/ui-icons_82798d_256x240.png HTTP/1.1" 404 1089
186.103.159.183 - - [06/Apr/2017:09:16:54 -0300] "GET /cormun/static/Shared/jqueryui/images/ui-bg_flat_55_fafafa_40x100.png HTTP/1.1" 404 1097
186.103.159.183 - - [06/Apr/2017:09:16:54 -0300] "GET /cormun/static/Shared/jqueryui/images/ui-icons_8d78a5_256x240.png HTTP/1.1" 404 1089
186.79.6.196 - - [06/Apr/2017:09:17:03 -0300] "POST /cormun/servlet/permisosadjuntos?1377b05c8bfe65cbb31282c0823da3f1,INS,14242088,P,20170406101058,, HTTP/1.1" 200 116
186.79.6.196 - - [06/Apr/2017:09:17:03 -0300] "GET /cormun/servlet/hpexe_return? HTTP/1.1" 200 1034
186.79.6.196 - - [06/Apr/2017:09:17:04 -0300] "GET /cormun/servlet/trpermisosadjuntos?14242088,20170406101058,P, HTTP/1.1" 200 6759
186.79.6.196 - - [06/Apr/2017:09:17:05 -0300] "GET /cormun/servlet/trpermisosadjuntos?14242088,20170406101058,P, HTTP/1.1" 200 6755
186.79.6.196 - - [06/Apr/2017:09:17:08 -0300] "POST /cormun/servlet/trpermisosadjuntos?1377b05c8bfe65cbb31282c0823da3f1,14242088,20170406101058,P,,gx-no-cache=1491481098972 HTTP/1.1" 200 90
186.79.6.196 - - [06/Apr/2017:09:17:09 -0300] "GET /cormun/servlet/hpexe_link HTTP/1.1" 200 980
186.79.6.196 - - [06/Apr/2017:09:17:09 -0300] "GET /cormun/servlet/trpermisosgoce HTTP/1.1" 200 9470
186.79.6.196 - - [06/Apr/2017:09:17:10 -0300] "GET /cormun/servlet/trpermisosgoce HTTP/1.1" 200 9466
186.103.159.182 - - [06/Apr/2017:09:17:17 -0300] "GET /cormun/servlet/permisogoce?DLT,15730716,P,20170316183712, HTTP/1.1" 200 6806
186.103.159.182 - - [06/Apr/2017:09:17:17 -0300] "GET /cormun/static/gxcfg.js?201732911503726 HTTP/1.1" 200 953
186.103.159.182 - - [06/Apr/2017:09:17:18 -0300] "GET /cormun/static/permisogoce.js?201732911503774 HTTP/1.1" 200 26619
186.103.159.182 - - [06/Apr/2017:09:17:20 -0300] "GET /cormun/static/Shared/jqueryui/images/ui-bg_highlight-soft_100_c6c2c8_1x100.png HTTP/1.1" 404 1117
186.103.159.182 - - [06/Apr/2017:09:17:20 -0300] "GET /cormun/static/Shared/jqueryui/images/ui-icons_82798d_256x240.png HTTP/1.1" 404 1089
186.103.159.182 - - [06/Apr/2017:09:17:20 -0300] "GET /cormun/static/Shared/jqueryui/images/ui-icons_8d78a5_256x240.png HTTP/1.1" 404 1089
186.103.159.182 - - [06/Apr/2017:09:17:20 -0300] "GET /cormun/static/Shared/jqueryui/images/ui-bg_flat_55_fafafa_40x100.png HTTP/1.1" 404 1097
186.103.159.182 - - [06/Apr/2017:09:17:20 -0300] "GET /cormun/servlet/permisogoce?DLT,15730716,P,20170316183712, HTTP/1.1" 200 6807
186.103.159.182 - - [06/Apr/2017:09:17:22 -0300] "POST /cormun/servlet/permisogoce?16779753451ce25dbe1528745447d523,DLT,15730716,P,20170316183712,,gx-no-cache=1491481108232 HTTP/1.1" 200 4421
186.103.159.182 - - [06/Apr/2017:09:17:23 -0300] "GET /cormun/static/Shared/jqueryui/images/ui-bg_flat_55_994d53_40x100.png HTTP/1.1" 404 1097
186.103.159.182 - - [06/Apr/2017:09:17:23 -0300] "GET /cormun/static/Shared/jqueryui/images/ui-icons_ebccce_256x240.png HTTP/1.1" 404 1089
192.168.10.13 - - [06/Apr/2017:09:17:23 -0300] "GET / HTTP/1.1" 200 11217
186.103.159.182 - - [06/Apr/2017:09:17:31 -0300] "POST /cormun/servlet/permisogoce?16779753451ce25dbe1528745447d523,DLT,15730716,P,20170316183712,,gx-no-cache=1491481116343 HTTP/1.1" 200 93
186.103.159.182 - - [06/Apr/2017:09:17:31 -0300] "GET /cormun/servlet/hpexe_return? HTTP/1.1" 200 1030
186.103.159.182 - - [06/Apr/2017:09:17:31 -0300] "GET /cormun/servlet/trpermisosgoce? HTTP/1.1" 200 8744
186.103.159.182 - - [06/Apr/2017:09:17:33 -0300] "GET /cormun/servlet/trpermisosgoce? HTTP/1.1" 200 8740
186.79.6.196 - - [06/Apr/2017:09:17:41 -0300] "POST /cormun/servlet/trpermisosgoce?1377b05c8bfe65cbb31282c0823da3f1,gx-no-cache=1491481131432 HTTP/1.1" 200 6724
186.103.159.182 - - [06/Apr/2017:09:17:42 -0300] "GET /cormun/servlet/permisogoce?INS,0,,, HTTP/1.1" 200 6850
186.103.159.183 - - [06/Apr/2017:09:17:43 -0300] "POST /cormun/servlet/trlicencias?5e86af90c41e527d9add89ac3ef9f829,,gx-no-cache=1491481132818 HTTP/1.1" 200 5311
186.103.159.182 - - [06/Apr/2017:09:17:43 -0300] "GET /cormun/servlet/permisogoce?INS,0,,, HTTP/1.1" 200 6850
186.103.159.183 - - [06/Apr/2017:09:17:44 -0300] "GET /cormun//static/Resources/PXToolsActionDisabled.gif HTTP/1.1" 200 53
186.103.159.182 - - [06/Apr/2017:09:17:48 -0300] "GET /cormun/servlet/prfichaempleado?,MD,,gxPopupLevel%3D0%3B HTTP/1.1" 200 8922
186.103.159.182 - - [06/Apr/2017:09:17:48 -0300] "GET /cormun/static/gxcfg.js?2017319125415 HTTP/1.1" 304 -
186.103.159.182 - - [06/Apr/2017:09:17:48 -0300] "GET /cormun/static/menusearch.js?201610171694467 HTTP/1.1" 304 -
