186.103.159.182 - - [06/Apr/2017:09:17:48 -0300] "GET /cormun/static/hmpwkw011.js?201731711483558 HTTP/1.1" 304 -
186.103.159.182 - - [06/Apr/2017:09:17:48 -0300] "GET /cormun/static/prfichaempleado.js?20173191254344 HTTP/1.1" 304 -
186.103.159.182 - - [06/Apr/2017:09:18:01 -0300] "POST /cormun/servlet/prfichaempleado?16779753451ce25dbe1528745447d523,,MD,,gxPopupLevel%3D0%3B,gx-no-cache=1491481146482 HTTP/1.1" 200 3401
186.103.159.182 - - [06/Apr/2017:09:18:10 -0300] "GET /cormun/servlet/permisogoce?d4ec46622a0f513030e12e679b7853765d4236da471ab2b32147f42ec8790a078ff456fbd1b59c234ec7165f00a56bcc,gx-no-cache=1491481155459 HTTP/1.1" 200 69
186.103.159.182 - - [06/Apr/2017:09:18:10 -0300] "GET /cormun/static/menuarrow.gif HTTP/1.1" 404 1015
200.111.191.210 - - [06/Apr/2017:09:18:18 -0300] "POST /cormun/servlet/hlogin?8f1fbab68eb003ab55a2396e482a82e0,gx-no-cache=1491484667216 HTTP/1.1" 440 972
186.103.159.182 - - [06/Apr/2017:09:18:21 -0300] "GET /cormun/servlet/permisogoce?d4ec46622a0f513030e12e679b785376b5dedcb9118d1b9db6b0048cf2a544a37df74ceb2c8832f8e75a3e4303719dc5a4f663371ba279786b9033298e795b53,gx-no-cache=1491481167143 HTTP/1.1" 200 46
200.111.191.210 - - [06/Apr/2017:09:18:21 -0300] "GET /cormun/servlet/hlogin HTTP/1.1" 200 1727
192.168.10.13 - - [06/Apr/2017:09:18:23 -0300] "GET / HTTP/1.1" 200 11217
200.111.191.210 - - [06/Apr/2017:09:18:26 -0300] "POST /cormun/servlet/hlogin?157657cdbd1b8d0e730fc53f44bbb95d,gx-no-cache=1491484675366 HTTP/1.1" 200 90
200.111.191.210 - - [06/Apr/2017:09:18:26 -0300] "GET /cormun/servlet/hpexe_link HTTP/1.1" 200 946
200.111.191.210 - - [06/Apr/2017:09:18:26 -0300] "GET /cormun/servlet/hhome HTTP/1.1" 200 3746
200.111.191.210 - - [06/Apr/2017:09:18:26 -0300] "GET /cormun/servlet/hhome HTTP/1.1" 200 3743
186.79.6.196 - - [06/Apr/2017:09:18:30 -0300] "GET /cormun/servlet/permisogoce?INS,0,,, HTTP/1.1" 200 6770
186.79.6.196 - - [06/Apr/2017:09:18:32 -0300] "GET /cormun/servlet/permisogoce?INS,0,,, HTTP/1.1" 200 6770
200.111.191.210 - - [06/Apr/2017:09:18:33 -0300] "GET /cormun/servlet/trsolicitudot? HTTP/1.1" 200 8555
200.111.191.210 - - [06/Apr/2017:09:18:33 -0300] "GET /cormun/static/gxcfg.js?201731711505139 HTTP/1.1" 304 -
200.111.191.210 - - [06/Apr/2017:09:18:34 -0300] "GET /cormun/servlet/trsolicitudot? HTTP/1.1" 200 8553
200.111.191.210 - - [06/Apr/2017:09:18:38 -0300] "GET /cormun/servlet/solicitudot?INS,0,0, HTTP/1.1" 200 12542
200.111.191.210 - - [06/Apr/2017:09:18:38 -0300] "GET /cormun/static/gxcfg.js?20171191042720 HTTP/1.1" 304 -
200.111.191.210 - - [06/Apr/2017:09:18:38 -0300] "GET /cormun/servlet/solicitudot?INS,0,0, HTTP/1.1" 200 12547
186.79.6.196 - - [06/Apr/2017:09:18:41 -0300] "GET /cormun/servlet/permisogoce?35fa22e795d8c6b63fb60be99fe4d874a26d7b0278b447e7cc7379538a639779814896dc6488c21ecd5098dffae2d366,gx-no-cache=1491481191577 HTTP/1.1" 200 77
186.79.6.196 - - [06/Apr/2017:09:18:41 -0300] "GET /cormun/static/menuarrow.gif HTTP/1.1" 404 1015
200.111.191.210 - - [06/Apr/2017:09:18:46 -0300] "POST /cormun/servlet/solicitudot?gx-no-cache=1491484695677 HTTP/1.1" 200 3081
200.111.191.210 - - [06/Apr/2017:09:18:46 -0300] "POST /cormun/servlet/solicitudot?157657cdbd1b8d0e730fc53f44bbb95d,INS,0,0,,gx-no-cache=1491484695958 HTTP/1.1" 200 9668
200.111.191.210 - - [06/Apr/2017:09:18:49 -0300] "GET /cormun/servlet/solicitudot?17f36daa17793c4f26fb7a92cda4c547f67d7ca9aceadab5db121cf14ec4c60fdf8045e8794b9e56775489d012da0eed,gx-no-cache=1491484698750 HTTP/1.1" 200 30
186.79.6.196 - - [06/Apr/2017:09:18:53 -0300] "GET /cormun/servlet/permisogoce?35fa22e795d8c6b63fb60be99fe4d8749653dabab375919354de43d10988d9218b28f1f4f3a9cd515ff3bab0cf4d72c90398367cddb79dc9355604f5461f6d36,gx-no-cache=1491481204244 HTTP/1.1" 200 46
186.103.159.44 - - [06/Apr/2017:09:18:59 -0300] "GET /cormun/servlet/licenciaspermisos?aa50bd1ae4bef1f8890d073203f0400ab7a00c726244ac5c886023efd0afd0d5f267a1467aa2a79f18b15e8436da9fb7d380bc646c5ed03bded79cfcfc90134c5adb8f556b0473968b64b75bf9cff6188705b8d32e761d4dda97e43474a37e27a9326a0eef21c3b0c9bde39f260d3d5fc5fc9c2b5c501d0c97e661fe21d918d4dbcbaf2c558e4ffc635db20e303229c87c91f05a0db15733afef2241b88fe96b055bf71e861fef9e547bf88060fa041f146ebf8e7aa879697edcc9a1ff2d590d6c8bd2c93c00156c3349011a7905fb6653bd8e9e41ff690d23b9806664235e02,gx-no-cache=1491481199155 HTTP/1.1" 200 30
186.103.159.44 - - [06/Apr/2017:09:19:00 -0300] "POST /cormun/servlet/licenciaspermisos?d0d6c4cad3abe5d05217ce23aa0804ff,INS,0,,,,gx-no-cache=1491481199611 HTTP/1.1" 200 4535
186.79.6.196 - - [06/Apr/2017:09:19:18 -0300] "POST /cormun/servlet/permisogoce?1377b05c8bfe65cbb31282c0823da3f1,INS,0,,,,gx-no-cache=1491481227486 HTTP/1.1" 200 93
186.79.6.196 - - [06/Apr/2017:09:19:18 -0300] "GET /cormun/servlet/hpexe_return? HTTP/1.1" 200 1028
186.79.6.196 - - [06/Apr/2017:09:19:19 -0300] "GET /cormun/servlet/trpermisosgoce?gx-no-cache=1491481131432 HTTP/1.1" 200 9647
186.79.6.196 - - [06/Apr/2017:09:19:20 -0300] "GET /cormun/servlet/trpermisosgoce?gx-no-cache=1491481131432 HTTP/1.1" 200 9671
186.103.248.213 - - [06/Apr/2017:09:19:23 -0300] "GET /cormun/servlet/trlicencias? HTTP/1.1" 200 5973
186.103.248.213 - - [06/Apr/2017:09:19:23 -0300] "GET /cormun/static/gxcfg.js?2016122619301429 HTTP/1.1" 304 -
192.168.10.13 - - [06/Apr/2017:09:19:23 -0300] "GET / HTTP/1.1" 200 11217
186.103.248.213 - - [06/Apr/2017:09:19:23 -0300] "GET /cormun/static/trlicencias.js?2016122619301919 HTTP/1.1" 304 -
186.103.248.213 - - [06/Apr/2017:09:19:23 -0300] "GET /cormun/servlet/trlicencias? HTTP/1.1" 200 5972
186.103.248.213 - - [06/Apr/2017:09:19:23 -0300] "GET /cormun/servlet/hlogin HTTP/1.1" 200 1734
186.103.248.213 - - [06/Apr/2017:09:19:27 -0300] "POST /cormun/servlet/hlogin?16bb5f7a0d247c6791a9cf41063f9094,gx-no-cache=1491481215334 HTTP/1.1" 200 90
186.103.248.213 - - [06/Apr/2017:09:19:27 -0300] "GET /cormun/servlet/hpexe_link HTTP/1.1" 200 952
186.103.248.213 - - [06/Apr/2017:09:19:28 -0300] "GET /cormun/servlet/trlicencias HTTP/1.1" 200 6419
186.79.6.196 - - [06/Apr/2017:09:19:28 -0300] "GET /cormun/servlet/trpermisosadjuntos?11031603,20170406101354,P, HTTP/1.1" 200 6333
186.103.248.213 - - [06/Apr/2017:09:19:28 -0300] "GET /cormun/servlet/trlicencias HTTP/1.1" 200 6417
186.79.6.196 - - [06/Apr/2017:09:19:29 -0300] "GET /cormun/servlet/trpermisosadjuntos?11031603,20170406101354,P, HTTP/1.1" 200 6310
186.79.6.196 - - [06/Apr/2017:09:19:31 -0300] "GET /cormun/servlet/permisosadjuntos?INS,11031603,P,20170406101354,, HTTP/1.1" 200 5640
186.79.6.196 - - [06/Apr/2017:09:19:32 -0300] "GET /cormun/static/about:blank HTTP/1.1" 404 1011
186.79.6.196 - - [06/Apr/2017:09:19:32 -0300] "GET /cormun/servlet/permisosadjuntos?INS,11031603,P,20170406101354,, HTTP/1.1" 200 5629
186.103.248.213 - - [06/Apr/2017:09:19:34 -0300] "GET /cormun/servlet/trlicencias? HTTP/1.1" 200 6417
186.103.248.213 - - [06/Apr/2017:09:19:34 -0300] "GET /cormun/servlet/trlicencias? HTTP/1.1" 200 6417
186.103.248.213 - - [06/Apr/2017:09:19:36 -0300] "GET /cormun/servlet/licenciaspermisos?INS,0,,, HTTP/1.1" 200 7148
186.103.248.213 - - [06/Apr/2017:09:19:36 -0300] "GET /cormun/static/gxcfg.js?20173291150977 HTTP/1.1" 200 953
186.103.248.213 - - [06/Apr/2017:09:19:36 -0300] "GET /cormun/static/licenciaspermisos.js?201732911501028 HTTP/1.1" 304 -
186.103.248.213 - - [06/Apr/2017:09:19:36 -0300] "GET /cormun/servlet/licenciaspermisos?INS,0,,, HTTP/1.1" 200 7148
186.103.248.213 - - [06/Apr/2017:09:19:39 -0300] "GET /cormun/static/Resources/resize.gif HTTP/1.1" 200 77
186.103.248.213 - - [06/Apr/2017:09:19:39 -0300] "GET /cormun/servlet/prfichaempleado?,MD,,gxPopupLevel%3D0%3B HTTP/1.1" 200 8768
186.103.248.213 - - [06/Apr/2017:09:19:39 -0300] "GET /cormun/static/gxcfg.js?2017319125415 HTTP/1.1" 304 -
186.103.248.213 - - [06/Apr/2017:09:19:39 -0300] "GET /cormun/static/menusearch.js?201610171694467 HTTP/1.1" 304 -
186.103.248.213 - - [06/Apr/2017:09:19:39 -0300] "GET /cormun/static/hmpwkw011.js?201731711483558 HTTP/1.1" 304 -
186.103.248.213 - - [06/Apr/2017:09:19:40 -0300] "GET /cormun/static/prfichaempleado.js?20173191254344 HTTP/1.1" 304 -
186.79.6.196 - - [06/Apr/2017:09:19:50 -0300] "POST /cormun/servlet/permisosadjuntos?1377b05c8bfe65cbb31282c0823da3f1,INS,11031603,P,20170406101354,, HTTP/1.1" 200 116
186.79.6.196 - - [06/Apr/2017:09:19:51 -0300] "GET /cormun/servlet/hpexe_return? HTTP/1.1" 200 1034
186.79.6.196 - - [06/Apr/2017:09:19:51 -0300] "GET /cormun/servlet/trpermisosadjuntos?11031603,20170406101354,P, HTTP/1.1" 200 6767
186.79.6.196 - - [06/Apr/2017:09:19:52 -0300] "GET /cormun/servlet/trpermisosadjuntos?11031603,20170406101354,P, HTTP/1.1" 200 6762
186.103.248.213 - - [06/Apr/2017:09:19:53 -0300] "POST /cormun/servlet/prfichaempleado?16bb5f7a0d247c6791a9cf41063f9094,,MD,,gxPopupLevel%3D0%3B,gx-no-cache=1491481240778 HTTP/1.1" 200 3462
186.79.6.196 - - [06/Apr/2017:09:19:55 -0300] "POST /cormun/servlet/trpermisosadjuntos?1377b05c8bfe65cbb31282c0823da3f1,11031603,20170406101354,P,,gx-no-cache=1491481265677 HTTP/1.1" 200 90
186.79.6.196 - - [06/Apr/2017:09:19:55 -0300] "GET /cormun/servlet/hpexe_link HTTP/1.1" 200 1001
186.79.6.196 - - [06/Apr/2017:09:19:55 -0300] "GET /cormun/servlet/trpermisosgoce?gx-no-cache=1491481131432 HTTP/1.1" 200 9643
186.103.159.182 - - [06/Apr/2017:09:19:56 -0300] "GET /cormun/servlet/trautorizarpermisogoce? HTTP/1.1" 200 6813
186.103.159.182 - - [06/Apr/2017:09:19:57 -0300] "GET /cormun/static/trautorizarpermisogoce.js?201731711544173 HTTP/1.1" 304 -
186.103.159.182 - - [06/Apr/2017:09:19:57 -0300] "GET /cormun/static/gxcfg.js?201731711543713 HTTP/1.1" 304 -
186.79.6.196 - - [06/Apr/2017:09:19:57 -0300] "GET /cormun/servlet/trpermisosgoce?gx-no-cache=1491481131432 HTTP/1.1" 200 9663
186.103.159.182 - - [06/Apr/2017:09:19:58 -0300] "GET /cormun/servlet/trautorizarpermisogoce? HTTP/1.1" 200 6806
186.103.248.213 - - [06/Apr/2017:09:20:00 -0300] "GET /cormun/servlet/licenciaspermisos?27074a6467d0e29b995043d3f2a52d2e742fec7d4800e128bf95ca86e6ffbcbffa1bc1faeb8ad7c036cc06f0a137d675,gx-no-cache=1491481247768 HTTP/1.1" 200 67
186.103.248.213 - - [06/Apr/2017:09:20:00 -0300] "POST /cormun/servlet/licenciaspermisos?16bb5f7a0d247c6791a9cf41063f9094,INS,0,,,,gx-no-cache=1491481247879 HTTP/1.1" 200 4438
186.79.6.196 - - [06/Apr/2017:09:20:02 -0300] "POST /cormun/servlet/trpermisosgoce?1377b05c8bfe65cbb31282c0823da3f1,gx-no-cache=1491481131432,gx-no-cache=1491481271008 HTTP/1.1" 200 6916
200.111.191.210 - - [06/Apr/2017:09:20:10 -0300] "POST /cormun/servlet/solicitudot?gx-no-cache=1491484779110 HTTP/1.1" 200 255
200.111.191.210 - - [06/Apr/2017:09:20:11 -0300] "GET /cormun/servlet/solicitudot?17f36daa17793c4f26fb7a92cda4c5475a89ad1d2221cd0c2b5f8d23e0b57c81cf486af9b9f0fbe7d8ec9b03c8def3632813c4ee38d33518ecacd576b220a0fb971790991ef57b7668dd9494dde05fc1c2356a04d5cf3936b912ba86c0a46002d7f28ccd439703411293f84ab19f9e7c3c8b3d45678b5f8fd32bf8059c9be0952e210d63a1c153080f6bb9f66d8f693b0e747881c2e648bf40a980676d61cc620db37577b4c62100b004ff157ee9def52ddb78e1ed5f860546cd3c78f1ffe31c6e7a6a0db82d7b0118ad82fa772fa6c28f433c8f1dbc6e62e6f440b865cfb58f1b9447cd4fab7e693b2558418515ce4c933f74aa63575e4dc0abd8374198783f5a55a5e0572ad61d07a3835aa859996466ed618fc5c6c18679dfb71a369607a90c523668000ddad53aa4348e74d4647155c60a991b3911cdfa3d197a1269eedb2c0ac0c368481114dc7a04059076351701aba7d08cc9836e9c2ae926dd1b1175d5bb427056350d736aada14f1fa1d27eff578c03eb5ab6389a99707ea7b3aafb,gx-no-cache=1491484780752 HTTP/1.1" 200 30
186.103.159.182 - - [06/Apr/2017:09:20:13 -0300] "GET /cormun/servlet/trautorizarpermisogoce? HTTP/1.1" 200 6806
186.103.159.182 - - [06/Apr/2017:09:20:14 -0300] "GET /cormun/servlet/trautorizarpermisogoce? HTTP/1.1" 200 6806
186.79.6.196 - - [06/Apr/2017:09:20:16 -0300] "GET /cormun/servlet/permisogoce?INS,0,,, HTTP/1.1" 200 6791
200.111.191.210 - - [06/Apr/2017:09:20:16 -0300] "POST /cormun/servlet/solicitudot?gx-no-cache=1491484786097 HTTP/1.1" 200 240
186.103.159.182 - - [06/Apr/2017:09:20:17 -0300] "GET /cormun/servlet/trpermisosgoce? HTTP/1.1" 200 8743
186.79.6.196 - - [06/Apr/2017:09:20:17 -0300] "GET /cormun/servlet/permisogoce?INS,0,,, HTTP/1.1" 200 6769
186.103.159.182 - - [06/Apr/2017:09:20:18 -0300] "GET /cormun/servlet/trpermisosgoce? HTTP/1.1" 200 8743
200.111.191.210 - - [06/Apr/2017:09:20:18 -0300] "GET /cormun/servlet/solicitudot?17f36daa17793c4f26fb7a92cda4c5475a89ad1d2221cd0c2b5f8d23e0b57c81e07a20f492c29de457d68d9959be557f2813c4ee38d33518ecacd576b220a0fb971790991ef57b7668dd9494dde05fc1c2356a04d5cf3936b912ba86c0a46002d7f28ccd439703411293f84ab19f9e7c3c8b3d45678b5f8fd32bf8059c9be0952e210d63a1c153080f6bb9f66d8f693b0e747881c2e648bf40a980676d61cc620db37577b4c62100b004ff157ee9def52ddb78e1ed5f860546cd3c78f1ffe31c6e7a6a0db82d7b0118ad82fa772fa6c28f433c8f1dbc6e62e6f440b865cfb58f1b9447cd4fab7e693b2558418515ce4c933f74aa63575e4dc0abd8374198783f5a55a5e0572ad61d07a3835aa85999647837645bdd1ed1f3e31124d14eb69381b89aa26115afb9ae9871413b1aba6a1d7147a6545ea7b29e310b721c472eb1bda537d4a40c60ed72f5458c5f8864cd89cfd6ad20550af2e681838d50f0732d9ee954974ec518bd95aacc9992fdbe7ebc912c7ebab9872f5fbf8e1945c7f69d87,gx-no-cache=1491484788023 HTTP/1.1" 200 30
200.111.191.210 - - [06/Apr/2017:09:20:22 -0300] "POST /cormun/servlet/solicitudot?gx-no-cache=1491484791329 HTTP/1.1" 200 30
192.168.10.13 - - [06/Apr/2017:09:20:23 -0300] "GET / HTTP/1.1" 200 11217
200.111.191.210 - - [06/Apr/2017:09:20:23 -0300] "GET /cormun/servlet/prlicenciaspermisos?0,L,,MD,,gxPopupLevel%3D0%3B HTTP/1.1" 200 5091
200.111.191.210 - - [06/Apr/2017:09:20:23 -0300] "GET /cormun/static/gxcfg.js?20173171152124 HTTP/1.1" 304 -
200.111.191.210 - - [06/Apr/2017:09:20:23 -0300] "GET /cormun/static/prlicenciaspermisos.js?20173171152323 HTTP/1.1" 304 -
200.111.191.210 - - [06/Apr/2017:09:20:30 -0300] "POST /cormun/servlet/solicitudot?gx-no-cache=1491484799590 HTTP/1.1" 200 296
200.111.191.210 - - [06/Apr/2017:09:20:30 -0300] "GET /cormun/static/Shared/jqueryui/images/ui-bg_highlight-soft_100_c6c2c8_1x100.png HTTP/1.1" 404 1117
200.111.191.210 - - [06/Apr/2017:09:20:30 -0300] "GET /cormun/static/Shared/jqueryui/images/ui-icons_82798d_256x240.png HTTP/1.1" 404 1089
200.111.191.210 - - [06/Apr/2017:09:20:30 -0300] "GET /cormun/static/Shared/jqueryui/images/ui-bg_flat_55_994d53_40x100.png HTTP/1.1" 404 1097
200.111.191.210 - - [06/Apr/2017:09:20:30 -0300] "GET /cormun/static/Shared/jqueryui/images/ui-icons_ebccce_256x240.png HTTP/1.1" 404 1089
186.79.6.196 - - [06/Apr/2017:09:20:30 -0300] "GET /cormun/servlet/permisogoce?35fa22e795d8c6b63fb60be99fe4d874f7e8f260303c6426b7321037bda1f7c9814896dc6488c21ecd5098dffae2d366,gx-no-cache=1491481295564 HTTP/1.1" 200 74
186.79.6.196 - - [06/Apr/2017:09:20:30 -0300] "GET /cormun/static/menuarrow.gif HTTP/1.1" 404 1015
200.111.191.210 - - [06/Apr/2017:09:20:32 -0300] "GET /cormun/servlet/prfichaempleado?,MD,,gxPopupLevel%3D0%3B HTTP/1.1" 200 8763
80.82.77.139 - - [06/Apr/2017:09:20:36 -0300] "GET / HTTP/1.1" 200 11217
200.111.191.210 - - [06/Apr/2017:09:20:40 -0300] "POST /cormun/servlet/prfichaempleado?157657cdbd1b8d0e730fc53f44bbb95d,,MD,,gxPopupLevel%3D0%3B,gx-no-cache=1491484810035 HTTP/1.1" 200 3498
200.111.191.210 - - [06/Apr/2017:09:20:45 -0300] "POST /cormun/servlet/solicitudot?gx-no-cache=1491484814703 HTTP/1.1" 200 1291
200.111.191.210 - - [06/Apr/2017:09:20:46 -0300] "GET /cormun/servlet/prlicenciaspermisos?13098412,L,,MD,,gxPopupLevel%3D0%3B HTTP/1.1" 200 6101
186.79.6.196 - - [06/Apr/2017:09:20:49 -0300] "GET /cormun/servlet/permisogoce?35fa22e795d8c6b63fb60be99fe4d874a3f68783d547c7ad0024e4176e811797084ec4f664388a0139a99c5be823e7b20398367cddb79dc9355604f5461f6d36,gx-no-cache=1491481320334 HTTP/1.1" 200 46
186.79.6.196 - - [06/Apr/2017:09:20:55 -0300] "POST /cormun/servlet/permisogoce?1377b05c8bfe65cbb31282c0823da3f1,INS,0,,,,gx-no-cache=1491481325258 HTTP/1.1" 200 93
186.79.6.196 - - [06/Apr/2017:09:20:55 -0300] "GET /cormun/servlet/hpexe_return? HTTP/1.1" 200 1028
186.79.6.196 - - [06/Apr/2017:09:20:55 -0300] "GET /cormun/servlet/trpermisosgoce?gx-no-cache=1491481131432 HTTP/1.1" 200 9813
200.111.191.210 - - [06/Apr/2017:09:20:56 -0300] "POST /cormun/servlet/solicitudot?gx-no-cache=1491484825432 HTTP/1.1" 200 41
186.79.6.196 - - [06/Apr/2017:09:20:57 -0300] "GET /cormun/servlet/trpermisosgoce?gx-no-cache=1491481131432 HTTP/1.1" 200 9833
186.79.6.196 - - [06/Apr/2017:09:21:01 -0300] "GET /cormun/servlet/trpermisosadjuntos?16662041,20170406101531,P, HTTP/1.1" 200 6331
186.79.6.196 - - [06/Apr/2017:09:21:02 -0300] "GET /cormun/servlet/trpermisosadjuntos?16662041,20170406101531,P, HTTP/1.1" 200 6309
186.79.6.196 - - [06/Apr/2017:09:21:05 -0300] "GET /cormun/servlet/permisosadjuntos?INS,16662041,P,20170406101531,, HTTP/1.1" 200 5635
186.79.6.196 - - [06/Apr/2017:09:21:05 -0300] "GET /cormun/static/about:blank HTTP/1.1" 404 1011
186.79.6.196 - - [06/Apr/2017:09:21:06 -0300] "GET /cormun/servlet/permisosadjuntos?INS,16662041,P,20170406101531,, HTTP/1.1" 200 5625
186.103.248.213 - - [06/Apr/2017:09:21:09 -0300] "GET /cormun/static/menuarrow.gif HTTP/1.1" 404 1015
192.168.10.13 - - [06/Apr/2017:09:21:23 -0300] "GET / HTTP/1.1" 200 11217
186.103.159.182 - - [06/Apr/2017:09:21:24 -0300] "POST /cormun/servlet/trpermisosgoce?16779753451ce25dbe1528745447d523,,gx-no-cache=1491481350125 HTTP/1.1" 200 5939
186.103.159.182 - - [06/Apr/2017:09:21:26 -0300] "POST /cormun/servlet/trpermisosgoce?16779753451ce25dbe1528745447d523,,gx-no-cache=1491481352108 HTTP/1.1" 200 5937
186.103.159.182 - - [06/Apr/2017:09:21:28 -0300] "POST /cormun/servlet/trpermisosgoce?16779753451ce25dbe1528745447d523,,gx-no-cache=1491481354097 HTTP/1.1" 200 5937
186.103.159.182 - - [06/Apr/2017:09:21:30 -0300] "POST /cormun/servlet/trpermisosgoce?16779753451ce25dbe1528745447d523,,gx-no-cache=1491481355674 HTTP/1.1" 200 5939
186.79.6.196 - - [06/Apr/2017:09:21:30 -0300] "POST /cormun/servlet/permisosadjuntos?1377b05c8bfe65cbb31282c0823da3f1,INS,16662041,P,20170406101531,, HTTP/1.1" 200 116
186.79.6.196 - - [06/Apr/2017:09:21:31 -0300] "GET /cormun/servlet/hpexe_return? HTTP/1.1" 200 1034
186.79.6.196 - - [06/Apr/2017:09:21:31 -0300] "GET /cormun/servlet/trpermisosadjuntos?16662041,20170406101531,P, HTTP/1.1" 200 6763
186.79.6.196 - - [06/Apr/2017:09:21:32 -0300] "GET /cormun/servlet/trpermisosadjuntos?16662041,20170406101531,P, HTTP/1.1" 200 6759
186.103.159.182 - - [06/Apr/2017:09:21:33 -0300] "GET /cormun/servlet/trpermisosadjuntos?8915356,20170330095017,P, HTTP/1.1" 200 6822
186.103.159.182 - - [06/Apr/2017:09:21:33 -0300] "GET /cormun/static/gxcfg.js?201731711542659 HTTP/1.1" 304 -
186.103.159.182 - - [06/Apr/2017:09:21:33 -0300] "GET /cormun/static/trpermisosadjuntos.js?201731711542990 HTTP/1.1" 304 -
192.168.10.96 - - [06/Apr/2017:09:21:34 -0300] "GET /cormun/servlet/vesolicitudnombre?2017,4776,,SolicitudOTAdjuntos HTTP/1.1" 200 10339
192.168.10.96 - - [06/Apr/2017:09:21:35 -0300] "GET /cormun/servlet/vesolicitudnombre?2017,4776,,SolicitudOTAdjuntos HTTP/1.1" 200 10340
186.103.159.182 - - [06/Apr/2017:09:21:35 -0300] "GET /cormun/servlet/trpermisosadjuntos?8915356,20170330095017,P, HTTP/1.1" 200 6822
186.79.6.196 - - [06/Apr/2017:09:21:35 -0300] "POST /cormun/servlet/trpermisosadjuntos?1377b05c8bfe65cbb31282c0823da3f1,16662041,20170406101531,P,,gx-no-cache=1491481366320 HTTP/1.1" 200 90
186.79.6.196 - - [06/Apr/2017:09:21:35 -0300] "GET /cormun/servlet/hpexe_link HTTP/1.1" 200 1001
186.79.6.196 - - [06/Apr/2017:09:21:36 -0300] "GET /cormun/servlet/trpermisosgoce?gx-no-cache=1491481131432 HTTP/1.1" 200 9811
192.168.10.96 - - [06/Apr/2017:09:21:36 -0300] "POST /cormun/servlet/acontrolpreferencessavestate?None,DZAMUDIO,true HTTP/1.1" 200 35
192.168.10.96 - - [06/Apr/2017:09:21:36 -0300] "GET /cormun/servlet/trconsultaempleado? HTTP/1.1" 200 6711
192.168.10.96 - - [06/Apr/2017:09:21:37 -0300] "GET /cormun/servlet/trconsultaempleado? HTTP/1.1" 200 6692
186.79.6.196 - - [06/Apr/2017:09:21:37 -0300] "GET /cormun/servlet/trpermisosgoce?gx-no-cache=1491481131432 HTTP/1.1" 200 9830
186.103.159.182 - - [06/Apr/2017:09:21:40 -0300] "POST /cormun/servlet/trpermisosadjuntos?16779753451ce25dbe1528745447d523,8915356,20170330095017,P,,gx-no-cache=1491481365986 HTTP/1.1" 200 90
186.103.159.182 - - [06/Apr/2017:09:21:40 -0300] "GET /cormun/servlet/hpexe_link HTTP/1.1" 200 987
186.103.159.182 - - [06/Apr/2017:09:21:40 -0300] "GET /cormun/servlet/trpermisosgoce? HTTP/1.1" 200 8744
186.103.159.182 - - [06/Apr/2017:09:21:42 -0300] "GET /cormun/servlet/trpermisosgoce? HTTP/1.1" 200 8746
186.79.6.196 - - [06/Apr/2017:09:21:42 -0300] "POST /cormun/servlet/trpermisosgoce?1377b05c8bfe65cbb31282c0823da3f1,gx-no-cache=1491481131432,gx-no-cache=1491481372713 HTTP/1.1" 200 7130
192.168.10.96 - - [06/Apr/2017:09:21:43 -0300] "POST /cormun/servlet/trconsultaempleado?9aae6a47034b93be8eb859d259d3dc10,,gx-no-cache=1491484579536 HTTP/1.1" 200 4428
192.168.10.96 - - [06/Apr/2017:09:21:44 -0300] "GET /cormun/servlet/trsolicitudnombre?17815963, HTTP/1.1" 200 7699
192.168.10.96 - - [06/Apr/2017:09:21:44 -0300] "GET /cormun/servlet/trsolicitudnombre?17815963, HTTP/1.1" 200 7702
192.168.10.96 - - [06/Apr/2017:09:21:46 -0300] "GET /cormun/servlet/vesolicitudnombre?2017,4880,, HTTP/1.1" 200 8513
192.168.10.96 - - [06/Apr/2017:09:21:46 -0300] "GET /cormun/pexe_scrolldiv.js HTTP/1.1" 404 1009
192.168.10.96 - - [06/Apr/2017:09:21:46 -0300] "GET /cormun/pexe_scrolldiv.js HTTP/1.1" 404 1009
192.168.10.96 - - [06/Apr/2017:09:21:47 -0300] "GET /cormun/servlet/vesolicitudnombre?2017,4880,, HTTP/1.1" 200 8506
192.168.10.96 - - [06/Apr/2017:09:21:48 -0300] "GET /cormun/servlet/vesolicitudnombre?2017,4880,,SolicitudOTAdjuntos HTTP/1.1" 200 10326
192.168.10.96 - - [06/Apr/2017:09:21:48 -0300] "GET /cormun/pexe_scrolldiv.js HTTP/1.1" 404 1009
192.168.10.96 - - [06/Apr/2017:09:21:48 -0300] "GET /cormun/pexe_scrolldiv.js HTTP/1.1" 404 1009
192.168.10.96 - - [06/Apr/2017:09:21:48 -0300] "GET /cormun/servlet/vesolicitudnombre?2017,4880,,SolicitudOTAdjuntos HTTP/1.1" 200 10330
186.79.6.196 - - [06/Apr/2017:09:21:49 -0300] "GET /cormun/servlet/trautorizarpermisogoce? HTTP/1.1" 200 6750
192.168.10.96 - - [06/Apr/2017:09:21:49 -0300] "POST /cormun/servlet/acontrolpreferencessavestate?None,DZAMUDIO,true HTTP/1.1" 200 35
192.168.10.96 - - [06/Apr/2017:09:21:50 -0300] "GET /cormun/PublicTempStorage/titulo4615437.jpg HTTP/1.1" 200 470177
186.79.6.196 - - [06/Apr/2017:09:21:50 -0300] "GET /cormun/servlet/trautorizarpermisogoce? HTTP/1.1" 200 6729
186.103.159.182 - - [06/Apr/2017:09:21:51 -0300] "GET /cormun/servlet/trpermisosgoce? HTTP/1.1" 200 8743
186.103.159.182 - - [06/Apr/2017:09:21:52 -0300] "GET /cormun/servlet/trpermisosgoce? HTTP/1.1" 200 8743
186.103.159.182 - - [06/Apr/2017:09:21:56 -0300] "GET /cormun/servlet/permisogoce?INS,0,,, HTTP/1.1" 200 6850
186.103.159.182 - - [06/Apr/2017:09:21:57 -0300] "GET /cormun/servlet/permisogoce?INS,0,,, HTTP/1.1" 200 6850
186.103.159.182 - - [06/Apr/2017:09:22:02 -0300] "GET /cormun/servlet/prfichaempleado?,MD,,gxPopupLevel%3D0%3B HTTP/1.1" 200 8922
186.103.159.182 - - [06/Apr/2017:09:22:15 -0300] "POST /cormun/servlet/prfichaempleado?16779753451ce25dbe1528745447d523,,MD,,gxPopupLevel%3D0%3B,gx-no-cache=1491481401070 HTTP/1.1" 200 3401
186.103.159.182 - - [06/Apr/2017:09:22:22 -0300] "GET /cormun/servlet/permisogoce?d4ec46622a0f513030e12e679b7853765d4236da471ab2b32147f42ec8790a078ff456fbd1b59c234ec7165f00a56bcc,gx-no-cache=1491481407572 HTTP/1.1" 200 69
186.103.159.182 - - [06/Apr/2017:09:22:22 -0300] "GET /cormun/servlet/permisogoce?d4ec46622a0f513030e12e679b785376b5dedcb9118d1b9db6b0048cf2a544a3a8abd49bae37d6c65a38680721427f524758a7a1cb1c80ab9b9d8322e04921ff,gx-no-cache=1491481407688 HTTP/1.1" 200 129
186.103.159.182 - - [06/Apr/2017:09:22:22 -0300] "GET /cormun/static/Shared/jqueryui/images/ui-bg_highlight-soft_100_c6c2c8_1x100.png HTTP/1.1" 404 1117
186.103.159.182 - - [06/Apr/2017:09:22:22 -0300] "GET /cormun/static/Shared/jqueryui/images/ui-icons_82798d_256x240.png HTTP/1.1" 404 1089
186.103.159.182 - - [06/Apr/2017:09:22:22 -0300] "GET /cormun/static/Shared/jqueryui/images/ui-bg_flat_55_994d53_40x100.png HTTP/1.1" 404 1097
186.103.159.182 - - [06/Apr/2017:09:22:22 -0300] "GET /cormun/static/Shared/jqueryui/images/ui-icons_ebccce_256x240.png HTTP/1.1" 404 1089
192.168.10.13 - - [06/Apr/2017:09:22:23 -0300] "GET / HTTP/1.1" 200 11217
186.103.159.182 - - [06/Apr/2017:09:22:26 -0300] "GET /cormun/static/menuarrow.gif HTTP/1.1" 404 1015
186.103.159.182 - - [06/Apr/2017:09:22:32 -0300] "GET /cormun/servlet/permisogoce?d4ec46622a0f513030e12e679b785376b5dedcb9118d1b9db6b0048cf2a544a37df74ceb2c8832f8e75a3e4303719dc5a4f663371ba279786b9033298e795b53,gx-no-cache=1491481418315 HTTP/1.1" 200 46
192.168.10.13 - - [06/Apr/2017:09:23:23 -0300] "GET / HTTP/1.1" 200 11217
186.103.159.44 - - [06/Apr/2017:09:23:23 -0300] "GET /cormun/servlet/licenciaspermisos?aa50bd1ae4bef1f8890d073203f0400a15a23857c35077df9578e44e59eaa9e8370e9e6e7911eb0407c6826b68ea27313ca671a646336fe5ac0e274a58dc47a7c25107c31fc87f5d1f76c1261d672d74fa96f675156fd272c6f6b70bbef87dbe3558272031b196039f836cb24dc25ad8c7b671c5a2e4ee0ad63942cd5c3848a7fce17a8c1250c3b791e0019106f7723a21df0ddda8bb3869c98d2fa5af6c944839a4c0c84005946af08d6abd22c46ba13ffa3376753679ae1ecba3a9a4452f841565639ec5670506241484c5668b460419d18ad314103f472593fed51b223b27c1f09f6d72e120b34a88f20833d65013,gx-no-cache=1491481463026 HTTP/1.1" 200 29
186.103.159.44 - - [06/Apr/2017:09:23:34 -0300] "POST /cormun/servlet/licenciaspermisos?d0d6c4cad3abe5d05217ce23aa0804ff,INS,0,,,,gx-no-cache=1491481473776 HTTP/1.1" 200 93
186.103.159.44 - - [06/Apr/2017:09:23:34 -0300] "GET /cormun/servlet/hpexe_return? HTTP/1.1" 200 1018
186.103.159.44 - - [06/Apr/2017:09:23:34 -0300] "GET /cormun/static/Resources/Spanish/PXTools.css?167811 HTTP/1.1" 304 -
186.103.159.44 - - [06/Apr/2017:09:23:34 -0300] "GET /cormun/static/gxcfg.js?2016101716175148 HTTP/1.1" 304 -
186.103.159.44 - - [06/Apr/2017:09:23:34 -0300] "GET /cormun/static/hpexe_return.js?2016101716175153 HTTP/1.1" 304 -
186.103.159.44 - - [06/Apr/2017:09:23:35 -0300] "GET /cormun/servlet/trlicencias HTTP/1.1" 200 7833
186.103.159.44 - - [06/Apr/2017:09:23:41 -0300] "GET /cormun/servlet/trlicenciaspermisosadjuntos?17135699,20170406000000,L, HTTP/1.1" 200 6142
186.103.159.44 - - [06/Apr/2017:09:23:41 -0300] "GET /cormun/static/trlicenciaspermisosadjuntos.js?20173171154971 HTTP/1.1" 304 -
186.103.159.44 - - [06/Apr/2017:09:23:41 -0300] "GET /cormun/static/gxcfg.js?20173171154619 HTTP/1.1" 304 -
200.111.191.210 - - [06/Apr/2017:09:23:58 -0300] "GET /cormun/servlet/solicitudot?17f36daa17793c4f26fb7a92cda4c547b823440f9dd3152d13cfd2b4794cf16fa10b9e4fccf7b8e7654f6b127f716dfdbb2f2e3913e76e9ecd76dffcef5fb6d4e5ee63a6ff88875996601f452fab828f2ff3d623c2f361160a0a352ae82732eb809db9e9260a3d4f53bbdf47eb887ff5,gx-no-cache=1491485006279 HTTP/1.1" 200 29
200.111.191.210 - - [06/Apr/2017:09:23:58 -0300] "POST /cormun/servlet/solicitudot?gx-no-cache=1491485007248 HTTP/1.1" 200 1274
200.111.191.210 - - [06/Apr/2017:09:23:58 -0300] "POST /cormun/servlet/solicitudot?gx-no-cache=1491485007309 HTTP/1.1" 200 1156
200.111.191.210 - - [06/Apr/2017:09:24:05 -0300] "GET /cormun/servlet/solicitudot?17f36daa17793c4f26fb7a92cda4c54784bbce068dd6bab92fa06ede71f342edac7a92ae2fde36222aba8ec702146d4dd9214616741a7e830730e1ecfbc15f17d6c8aaa2ff909024e6818232ac17230a54ae9951db2f987cbfbe341493aad84c7a3628c957fe9cc71bde067b19b45c726dd668874143d7aab5bd0783ee223d8a75030ea82de74a2a9f8cc9a035fb1c69c3b12d956a9ab7db59227d156fa4068ef17d1b8622da3ade22c4d1ab31200124688c1ec5c9590c35f3712ead3edeb7f5,gx-no-cache=1491485014952 HTTP/1.1" 200 30
186.103.248.213 - - [06/Apr/2017:09:24:12 -0300] "GET /cormun/servlet/licenciaspermisos?27074a6467d0e29b995043d3f2a52d2ee97904fc04bd8c372045b3995def0e71fb2e44d35c5558e5356d182f6baf8bfb571c254949184394c778fbf463298072847240e75e41a32663f3840885cfdc9ebfd220eb43c815a2570fa0524465ebe16fdfde9b257d1d0597cc3a340482e0427c23cf7a4ad1eab338faaf3b0bbd58c17e4053afd76061385b6476eda7abe3a2235c0e506ee6e21d7c18d58a2fe842d5bb6522043ab2d88ce1f5b826bbc37e9d3ade5371e8dfcd1231d95ec91596692d0b09ea886060b2360d1482e99375babc7293cfd84902533f795cce1b22e3536b,gx-no-cache=1491481500397 HTTP/1.1" 200 30
186.103.248.213 - - [06/Apr/2017:09:24:12 -0300] "GET /cormun/servlet/licenciaspermisos?27074a6467d0e29b995043d3f2a52d2e63d703c34705acb0408cc1e6e9294cde160e5f0506a1f1dc4799e1ce576531dd3992e83f391f833a811713b39efd3b2b692b93368e0c7d915e5c94d59d597df70a84b2955f246bcad9b87e9a158dda4924820cad80eda823ebe3f3b47d28b4f6a5732d4fa99685392901a389002994ac9abe97eaaea0f6920cc2bbb9de3dc02177bab329891965b81c8a4cd09b1f3587dcf149e4237cda0a8cce69f3b4a04d887d95fa1e0362adcb81601e1b5ec9b5a9b1ad4508870d23376bedea34891bc355071b59eee3bd389e4379f47389cdfb9b,gx-no-cache=1491481500589 HTTP/1.1" 200 29
186.103.248.213 - - [06/Apr/2017:09:24:13 -0300] "POST /cormun/servlet/licenciaspermisos?16bb5f7a0d247c6791a9cf41063f9094,INS,0,,,,gx-no-cache=1491481500702 HTTP/1.1" 200 4578
186.103.248.213 - - [06/Apr/2017:09:24:13 -0300] "GET /cormun/static/Shared/jqueryui/images/ui-bg_highlight-soft_100_c6c2c8_1x100.png HTTP/1.1" 404 1117
186.103.248.213 - - [06/Apr/2017:09:24:13 -0300] "GET /cormun/static/Shared/jqueryui/images/ui-icons_82798d_256x240.png HTTP/1.1" 404 1089
186.103.248.213 - - [06/Apr/2017:09:24:14 -0300] "GET /cormun/static/Shared/jqueryui/images/ui-bg_flat_55_994d53_40x100.png HTTP/1.1" 404 1097
186.103.248.213 - - [06/Apr/2017:09:24:14 -0300] "GET /cormun/static/Shared/jqueryui/images/ui-icons_ebccce_256x240.png HTTP/1.1" 404 1089
200.111.191.210 - - [06/Apr/2017:09:24:19 -0300] "POST /cormun/servlet/solicitudot?157657cdbd1b8d0e730fc53f44bbb95d,INS,0,0,,gx-no-cache=1491485028160 HTTP/1.1" 200 93
200.111.191.210 - - [06/Apr/2017:09:24:19 -0300] "GET /cormun/servlet/hpexe_return? HTTP/1.1" 200 1000
200.111.191.210 - - [06/Apr/2017:09:24:19 -0300] "GET /cormun/servlet/trsolicitudot HTTP/1.1" 200 8887
200.111.191.210 - - [06/Apr/2017:09:24:20 -0300] "GET /cormun/servlet/trsolicitudot HTTP/1.1" 200 8883
192.168.10.13 - - [06/Apr/2017:09:24:23 -0300] "GET / HTTP/1.1" 200 11217
200.111.191.210 - - [06/Apr/2017:09:24:23 -0300] "POST /cormun/servlet/trsolicitudot?157657cdbd1b8d0e730fc53f44bbb95d,gx-no-cache=1491485032926 HTTP/1.1" 200 106
200.111.191.210 - - [06/Apr/2017:09:24:23 -0300] "GET /cormun/servlet/trsolicitudadjuntos?2017,5952, HTTP/1.1" 200 5847
200.111.191.210 - - [06/Apr/2017:09:24:23 -0300] "GET /cormun/static/gxcfg.js?201731711504543 HTTP/1.1" 304 -
200.111.191.210 - - [06/Apr/2017:09:24:23 -0300] "GET /cormun/static/trsolicitudadjuntos.js?201731711504951 HTTP/1.1" 304 -
200.111.191.210 - - [06/Apr/2017:09:24:24 -0300] "GET /cormun/servlet/trsolicitudadjuntos?2017,5952, HTTP/1.1" 200 5846
200.111.191.210 - - [06/Apr/2017:09:24:26 -0300] "GET /cormun/servlet/solicitudotadjuntos?INS,2017,5952,,1, HTTP/1.1" 200 5780
200.111.191.210 - - [06/Apr/2017:09:24:26 -0300] "GET /cormun/static/gxcfg.js?201612218465951 HTTP/1.1" 304 -
200.111.191.210 - - [06/Apr/2017:09:24:26 -0300] "GET /cormun/static/solicitudotadjuntos.js?201612218465969 HTTP/1.1" 304 -
200.111.191.210 - - [06/Apr/2017:09:24:26 -0300] "GET /cormun/static/about:blank HTTP/1.1" 404 1011
200.111.191.210 - - [06/Apr/2017:09:24:26 -0300] "GET /cormun/servlet/solicitudotadjuntos?INS,2017,5952,,1, HTTP/1.1" 200 5774
200.111.191.210 - - [06/Apr/2017:09:24:27 -0300] "GET /cormun/servlet/solicitudotadjuntos?17f36daa17793c4f26fb7a92cda4c547e2d05f174170184a6200f52515a8673e5c4b31fa7d2056fa5ec2423615d112a5,gx-no-cache=1491485036207 HTTP/1.1" 200 30
200.111.191.210 - - [06/Apr/2017:09:24:27 -0300] "POST /cormun/servlet/solicitudotadjuntos?157657cdbd1b8d0e730fc53f44bbb95d,INS,2017,5952,,1,,gx-no-cache=1491485036231 HTTP/1.1" 200 3660
200.111.191.210 - - [06/Apr/2017:09:24:28 -0300] "POST /cormun/servlet/solicitudotadjuntos?gx-no-cache=1491485037782 HTTP/1.1" 200 26
200.111.191.210 - - [06/Apr/2017:09:24:44 -0300] "GET /cormun/servlet/solicitudotadjuntos?17f36daa17793c4f26fb7a92cda4c5470a7d4bb8aa9ac7d86c37a6d261695c12,gx-no-cache=1491485053580 HTTP/1.1" 200 30
200.111.191.210 - - [06/Apr/2017:09:24:44 -0300] "GET /cormun/servlet/solicitudotadjuntos?17f36daa17793c4f26fb7a92cda4c5470a7d4bb8aa9ac7d86c37a6d261695c12,gx-no-cache=1491485053634 HTTP/1.1" 200 30
200.111.191.210 - - [06/Apr/2017:09:24:45 -0300] "POST /cormun/servlet/solicitudotadjuntos?157657cdbd1b8d0e730fc53f44bbb95d,INS,2017,5952,,1, HTTP/1.1" 200 116
200.111.191.210 - - [06/Apr/2017:09:24:45 -0300] "GET /cormun/servlet/hpexe_return? HTTP/1.1" 200 1020
200.111.191.210 - - [06/Apr/2017:09:24:45 -0300] "GET /cormun/servlet/trsolicitudadjuntos?2017,5952, HTTP/1.1" 200 7954
200.111.191.210 - - [06/Apr/2017:09:24:45 -0300] "GET /cormun/servlet/trsolicitudadjuntos?2017,5952, HTTP/1.1" 200 7948
200.111.191.210 - - [06/Apr/2017:09:24:47 -0300] "GET /cormun/servlet/solicitudotadjuntos?INS,2017,5952,,1, HTTP/1.1" 200 5780
200.111.191.210 - - [06/Apr/2017:09:24:47 -0300] "GET /cormun/servlet/solicitudotadjuntos?INS,2017,5952,,1, HTTP/1.1" 200 5774
200.111.191.210 - - [06/Apr/2017:09:24:47 -0300] "GET /cormun/static/about:blank HTTP/1.1" 404 1011
200.111.191.210 - - [06/Apr/2017:09:24:48 -0300] "GET /cormun/servlet/solicitudotadjuntos?17f36daa17793c4f26fb7a92cda4c547e2d05f174170184a6200f52515a8673e5c4b31fa7d2056fa5ec2423615d112a5,gx-no-cache=1491485057175 HTTP/1.1" 200 30
200.111.191.210 - - [06/Apr/2017:09:24:48 -0300] "POST /cormun/servlet/solicitudotadjuntos?157657cdbd1b8d0e730fc53f44bbb95d,INS,2017,5952,,1,,gx-no-cache=1491485057235 HTTP/1.1" 200 3660
200.111.191.210 - - [06/Apr/2017:09:24:49 -0300] "POST /cormun/servlet/solicitudotadjuntos?gx-no-cache=1491485059116 HTTP/1.1" 200 26
200.111.191.210 - - [06/Apr/2017:09:24:55 -0300] "GET /cormun/servlet/solicitudotadjuntos?17f36daa17793c4f26fb7a92cda4c5470a7d4bb8aa9ac7d86c37a6d261695c12,gx-no-cache=1491485065092 HTTP/1.1" 200 30
200.111.191.210 - - [06/Apr/2017:09:24:55 -0300] "GET /cormun/servlet/solicitudotadjuntos?17f36daa17793c4f26fb7a92cda4c5470a7d4bb8aa9ac7d86c37a6d261695c12,gx-no-cache=1491485065110 HTTP/1.1" 200 30
200.111.191.210 - - [06/Apr/2017:09:24:56 -0300] "POST /cormun/servlet/solicitudotadjuntos?157657cdbd1b8d0e730fc53f44bbb95d,INS,2017,5952,,1, HTTP/1.1" 200 116
186.103.248.213 - - [06/Apr/2017:09:24:56 -0300] "GET /cormun/servlet/licenciaspermisos?27074a6467d0e29b995043d3f2a52d2ee97904fc04bd8c372045b3995def0e71fb2e44d35c5558e5356d182f6baf8bfb571c254949184394c778fbf463298072847240e75e41a32663f3840885cfdc9ebfd220eb43c815a2570fa0524465ebe16fdfde9b257d1d0597cc3a340482e0427c23cf7a4ad1eab338faaf3b0bbd58c17e4053afd76061385b6476eda7abe3a2235c0e506ee6e21d7c18d58a2fe842d5bb6522043ab2d88ce1f5b826bbc37e9d3ade5371e8dfcd1231d95ec91596692d0b09ea886060b2360d1482e99375babc7293cfd84902533f795cce1b22e3536b,gx-no-cache=1491481543601 HTTP/1.1" 200 30
200.111.191.210 - - [06/Apr/2017:09:24:56 -0300] "GET /cormun/servlet/hpexe_return? HTTP/1.1" 200 1020
186.103.248.213 - - [06/Apr/2017:09:24:56 -0300] "GET /cormun/servlet/licenciaspermisos?27074a6467d0e29b995043d3f2a52d2e63d703c34705acb0408cc1e6e9294cde160e5f0506a1f1dc4799e1ce576531dd3992e83f391f833a811713b39efd3b2b692b93368e0c7d915e5c94d59d597df70a84b2955f246bcad9b87e9a158dda4924820cad80eda823ebe3f3b47d28b4f6a5732d4fa99685392901a389002994ac9abe97eaaea0f6920cc2bbb9de3dc02177bab329891965b81c8a4cd09b1f3587dcf149e4237cda0a8cce69f3b4a04d887d95fa1e0362adcb81601e1b5ec9b5a9b1ad4508870d23376bedea34891bc355071b59eee3bd389e4379f47389cdfb9b,gx-no-cache=1491481543910 HTTP/1.1" 200 29
200.111.191.210 - - [06/Apr/2017:09:24:56 -0300] "GET /cormun/servlet/trsolicitudadjuntos?2017,5952, HTTP/1.1" 200 8188
200.111.191.210 - - [06/Apr/2017:09:24:56 -0300] "GET /cormun/servlet/trsolicitudadjuntos?2017,5952, HTTP/1.1" 200 8185
186.103.248.213 - - [06/Apr/2017:09:24:56 -0300] "POST /cormun/servlet/licenciaspermisos?16bb5f7a0d247c6791a9cf41063f9094,INS,0,,,,gx-no-cache=1491481544056 HTTP/1.1" 200 93
186.103.248.213 - - [06/Apr/2017:09:24:56 -0300] "GET /cormun/servlet/hpexe_return? HTTP/1.1" 200 1007
186.103.248.213 - - [06/Apr/2017:09:24:56 -0300] "GET /cormun/static/gxcfg.js?2016101716175148 HTTP/1.1" 304 -
186.103.248.213 - - [06/Apr/2017:09:24:57 -0300] "GET /cormun/servlet/trlicencias HTTP/1.1" 200 7649
186.103.248.213 - - [06/Apr/2017:09:24:57 -0300] "GET /cormun/servlet/trlicencias HTTP/1.1" 200 7645
200.111.191.210 - - [06/Apr/2017:09:24:58 -0300] "GET /cormun/servlet/solicitudotadjuntos?INS,2017,5952,,1, HTTP/1.1" 200 5780
200.111.191.210 - - [06/Apr/2017:09:24:59 -0300] "GET /cormun/static/about:blank HTTP/1.1" 404 1011
200.111.191.210 - - [06/Apr/2017:09:24:59 -0300] "GET /cormun/servlet/solicitudotadjuntos?INS,2017,5952,,1, HTTP/1.1" 200 5774
200.111.191.210 - - [06/Apr/2017:09:24:59 -0300] "GET /cormun/servlet/solicitudotadjuntos?17f36daa17793c4f26fb7a92cda4c547e2d05f174170184a6200f52515a8673e5c4b31fa7d2056fa5ec2423615d112a5,gx-no-cache=1491485068745 HTTP/1.1" 200 30
200.111.191.210 - - [06/Apr/2017:09:24:59 -0300] "POST /cormun/servlet/solicitudotadjuntos?157657cdbd1b8d0e730fc53f44bbb95d,INS,2017,5952,,1,,gx-no-cache=1491485068765 HTTP/1.1" 200 3660
186.103.248.213 - - [06/Apr/2017:09:24:59 -0300] "GET /cormun/servlet/alicenciaprn?10352127,L,20170406000000,PU HTTP/1.1" 200 1551
200.111.191.210 - - [06/Apr/2017:09:25:01 -0300] "POST /cormun/servlet/solicitudotadjuntos?gx-no-cache=1491485070586 HTTP/1.1" 200 26
200.111.191.210 - - [06/Apr/2017:09:25:07 -0300] "GET /cormun/servlet/solicitudotadjuntos?17f36daa17793c4f26fb7a92cda4c5470a7d4bb8aa9ac7d86c37a6d261695c12,gx-no-cache=1491485076387 HTTP/1.1" 200 30
200.111.191.210 - - [06/Apr/2017:09:25:07 -0300] "GET /cormun/servlet/solicitudotadjuntos?17f36daa17793c4f26fb7a92cda4c5470a7d4bb8aa9ac7d86c37a6d261695c12,gx-no-cache=1491485076398 HTTP/1.1" 200 30
200.111.191.210 - - [06/Apr/2017:09:25:07 -0300] "POST /cormun/servlet/solicitudotadjuntos?157657cdbd1b8d0e730fc53f44bbb95d,INS,2017,5952,,1, HTTP/1.1" 200 116
200.111.191.210 - - [06/Apr/2017:09:25:07 -0300] "GET /cormun/servlet/hpexe_return? HTTP/1.1" 200 1020
200.111.191.210 - - [06/Apr/2017:09:25:07 -0300] "GET /cormun/servlet/trsolicitudadjuntos?2017,5952, HTTP/1.1" 200 8346
200.111.191.210 - - [06/Apr/2017:09:25:08 -0300] "GET /cormun/servlet/trsolicitudadjuntos?2017,5952, HTTP/1.1" 200 8343
200.111.191.210 - - [06/Apr/2017:09:25:17 -0300] "GET /cormun/servlet/solicitudotadjuntos?INS,2017,5952,,1, HTTP/1.1" 200 5780
200.111.191.210 - - [06/Apr/2017:09:25:18 -0300] "GET /cormun/static/about:blank HTTP/1.1" 404 1011
200.111.191.210 - - [06/Apr/2017:09:25:18 -0300] "GET /cormun/servlet/solicitudotadjuntos?INS,2017,5952,,1, HTTP/1.1" 200 5774
200.111.191.210 - - [06/Apr/2017:09:25:18 -0300] "GET /cormun/servlet/solicitudotadjuntos?17f36daa17793c4f26fb7a92cda4c547e2d05f174170184a6200f52515a8673e5c4b31fa7d2056fa5ec2423615d112a5,gx-no-cache=1491485087844 HTTP/1.1" 200 30
200.111.191.210 - - [06/Apr/2017:09:25:18 -0300] "POST /cormun/servlet/solicitudotadjuntos?157657cdbd1b8d0e730fc53f44bbb95d,INS,2017,5952,,1,,gx-no-cache=1491485087864 HTTP/1.1" 200 3660
200.111.191.210 - - [06/Apr/2017:09:25:22 -0300] "POST /cormun/servlet/solicitudotadjuntos?gx-no-cache=1491485091386 HTTP/1.1" 200 26
192.168.10.13 - - [06/Apr/2017:09:25:23 -0300] "GET / HTTP/1.1" 200 11217
200.111.191.210 - - [06/Apr/2017:09:25:28 -0300] "GET /cormun/servlet/solicitudotadjuntos?17f36daa17793c4f26fb7a92cda4c5470a7d4bb8aa9ac7d86c37a6d261695c12,gx-no-cache=1491485097323 HTTP/1.1" 200 30
200.111.191.210 - - [06/Apr/2017:09:25:28 -0300] "GET /cormun/servlet/solicitudotadjuntos?17f36daa17793c4f26fb7a92cda4c5470a7d4bb8aa9ac7d86c37a6d261695c12,gx-no-cache=1491485097359 HTTP/1.1" 200 30
186.103.248.213 - - [06/Apr/2017:09:25:29 -0300] "GET /cormun/servlet/trlicencias? HTTP/1.1" 200 7645
200.111.191.210 - - [06/Apr/2017:09:25:29 -0300] "POST /cormun/servlet/solicitudotadjuntos?157657cdbd1b8d0e730fc53f44bbb95d,INS,2017,5952,,1, HTTP/1.1" 200 116
200.111.191.210 - - [06/Apr/2017:09:25:29 -0300] "GET /cormun/servlet/hpexe_return? HTTP/1.1" 200 1020
200.111.191.210 - - [06/Apr/2017:09:25:29 -0300] "GET /cormun/servlet/trsolicitudadjuntos?2017,5952, HTTP/1.1" 200 8505
186.103.248.213 - - [06/Apr/2017:09:25:29 -0300] "GET /cormun/servlet/trlicencias? HTTP/1.1" 200 7645
200.111.191.210 - - [06/Apr/2017:09:25:30 -0300] "GET /cormun/servlet/trsolicitudadjuntos?2017,5952, HTTP/1.1" 200 8502
200.111.191.210 - - [06/Apr/2017:09:25:32 -0300] "GET /cormun/servlet/solicitudotadjuntos?INS,2017,5952,,1, HTTP/1.1" 200 5780
200.111.191.210 - - [06/Apr/2017:09:25:32 -0300] "GET /cormun/static/about:blank HTTP/1.1" 404 1011
200.111.191.210 - - [06/Apr/2017:09:25:32 -0300] "GET /cormun/servlet/solicitudotadjuntos?INS,2017,5952,,1, HTTP/1.1" 200 5774
200.111.191.210 - - [06/Apr/2017:09:25:33 -0300] "GET /cormun/servlet/solicitudotadjuntos?17f36daa17793c4f26fb7a92cda4c547e2d05f174170184a6200f52515a8673e5c4b31fa7d2056fa5ec2423615d112a5,gx-no-cache=1491485102549 HTTP/1.1" 200 30
200.111.191.210 - - [06/Apr/2017:09:25:33 -0300] "POST /cormun/servlet/solicitudotadjuntos?157657cdbd1b8d0e730fc53f44bbb95d,INS,2017,5952,,1,,gx-no-cache=1491485102575 HTTP/1.1" 200 3660
186.103.248.213 - - [06/Apr/2017:09:25:33 -0300] "POST /cormun/servlet/trlicencias?16bb5f7a0d247c6791a9cf41063f9094,,gx-no-cache=1491481581281 HTTP/1.1" 200 4972
186.103.248.213 - - [06/Apr/2017:09:25:33 -0300] "GET /cormun/static/Shared/jqueryui/images/ui-bg_highlight-soft_100_c6c2c8_1x100.png HTTP/1.1" 404 1117
186.103.248.213 - - [06/Apr/2017:09:25:33 -0300] "GET /cormun/static/Shared/jqueryui/images/ui-bg_flat_55_fafafa_40x100.png HTTP/1.1" 404 1097
186.103.248.213 - - [06/Apr/2017:09:25:33 -0300] "GET /cormun/static/Shared/jqueryui/images/ui-icons_82798d_256x240.png HTTP/1.1" 404 1089
186.103.248.213 - - [06/Apr/2017:09:25:33 -0300] "GET /cormun/static/Shared/jqueryui/images/ui-icons_8d78a5_256x240.png HTTP/1.1" 404 1089
200.111.191.210 - - [06/Apr/2017:09:25:35 -0300] "POST /cormun/servlet/solicitudotadjuntos?gx-no-cache=1491485105143 HTTP/1.1" 200 26
186.103.248.213 - - [06/Apr/2017:09:25:38 -0300] "GET /cormun/servlet/trlicenciaspermisosadjuntos?10352127,20170406000000,L, HTTP/1.1" 200 6112
186.103.248.213 - - [06/Apr/2017:09:25:39 -0300] "GET /cormun/static/gxcfg.js?20173171154619 HTTP/1.1" 200 953
186.103.248.213 - - [06/Apr/2017:09:25:39 -0300] "GET /cormun/static/trlicenciaspermisosadjuntos.js?20173171154971 HTTP/1.1" 304 -
186.103.248.213 - - [06/Apr/2017:09:25:40 -0300] "GET /cormun/servlet/trlicenciaspermisosadjuntos?10352127,20170406000000,L, HTTP/1.1" 200 6112
200.111.191.210 - - [06/Apr/2017:09:25:40 -0300] "GET /cormun/servlet/solicitudotadjuntos?17f36daa17793c4f26fb7a92cda4c5470a7d4bb8aa9ac7d86c37a6d261695c12,gx-no-cache=1491485110063 HTTP/1.1" 200 30
200.111.191.210 - - [06/Apr/2017:09:25:40 -0300] "GET /cormun/servlet/solicitudotadjuntos?17f36daa17793c4f26fb7a92cda4c5470a7d4bb8aa9ac7d86c37a6d261695c12,gx-no-cache=1491485110081 HTTP/1.1" 200 30
200.111.191.210 - - [06/Apr/2017:09:25:41 -0300] "POST /cormun/servlet/solicitudotadjuntos?157657cdbd1b8d0e730fc53f44bbb95d,INS,2017,5952,,1, HTTP/1.1" 200 116
200.111.191.210 - - [06/Apr/2017:09:25:41 -0300] "GET /cormun/servlet/hpexe_return? HTTP/1.1" 200 1020
200.111.191.210 - - [06/Apr/2017:09:25:41 -0300] "GET /cormun/servlet/trsolicitudadjuntos?2017,5952, HTTP/1.1" 200 8705
200.111.191.210 - - [06/Apr/2017:09:25:42 -0300] "GET /cormun/servlet/trsolicitudadjuntos?2017,5952, HTTP/1.1" 200 8700
186.103.248.213 - - [06/Apr/2017:09:25:43 -0300] "GET /cormun/servlet/licenciaspermisosadjuntos?INS,10352127,L,20170406000000,, HTTP/1.1" 200 5407
186.103.248.213 - - [06/Apr/2017:09:25:43 -0300] "GET /cormun/static/gxcfg.js?201731711421170 HTTP/1.1" 200 953
186.103.248.213 - - [06/Apr/2017:09:25:43 -0300] "GET /cormun/static/licenciaspermisosadjuntos.js?201731711421181 HTTP/1.1" 304 -
186.103.248.213 - - [06/Apr/2017:09:25:43 -0300] "GET /cormun/static/about:blank HTTP/1.1" 404 1011
186.103.248.213 - - [06/Apr/2017:09:25:43 -0300] "GET /cormun/servlet/licenciaspermisosadjuntos?INS,10352127,L,20170406000000,, HTTP/1.1" 200 5394
200.111.191.210 - - [06/Apr/2017:09:25:43 -0300] "GET /cormun/servlet/solicitudotadjuntos?INS,2017,5952,,1, HTTP/1.1" 200 5780
200.111.191.210 - - [06/Apr/2017:09:25:43 -0300] "GET /cormun/static/about:blank HTTP/1.1" 404 1011
200.111.191.210 - - [06/Apr/2017:09:25:44 -0300] "GET /cormun/servlet/solicitudotadjuntos?INS,2017,5952,,1, HTTP/1.1" 200 5774
200.111.191.210 - - [06/Apr/2017:09:25:44 -0300] "GET /cormun/servlet/solicitudotadjuntos?17f36daa17793c4f26fb7a92cda4c547e2d05f174170184a6200f52515a8673e5c4b31fa7d2056fa5ec2423615d112a5,gx-no-cache=1491485113688 HTTP/1.1" 200 30
200.111.191.210 - - [06/Apr/2017:09:25:44 -0300] "POST /cormun/servlet/solicitudotadjuntos?157657cdbd1b8d0e730fc53f44bbb95d,INS,2017,5952,,1,,gx-no-cache=1491485113746 HTTP/1.1" 200 3660
200.111.191.210 - - [06/Apr/2017:09:25:47 -0300] "POST /cormun/servlet/solicitudotadjuntos?gx-no-cache=1491485116525 HTTP/1.1" 200 26
200.111.191.210 - - [06/Apr/2017:09:25:55 -0300] "GET /cormun/servlet/solicitudotadjuntos?17f36daa17793c4f26fb7a92cda4c5470a7d4bb8aa9ac7d86c37a6d261695c12,gx-no-cache=1491485124610 HTTP/1.1" 200 30
200.111.191.210 - - [06/Apr/2017:09:25:55 -0300] "GET /cormun/servlet/solicitudotadjuntos?17f36daa17793c4f26fb7a92cda4c5470a7d4bb8aa9ac7d86c37a6d261695c12,gx-no-cache=1491485124646 HTTP/1.1" 200 30
200.111.191.210 - - [06/Apr/2017:09:25:55 -0300] "POST /cormun/servlet/solicitudotadjuntos?157657cdbd1b8d0e730fc53f44bbb95d,INS,2017,5952,,1, HTTP/1.1" 200 116
200.111.191.210 - - [06/Apr/2017:09:25:55 -0300] "GET /cormun/servlet/hpexe_return? HTTP/1.1" 200 1020
200.111.191.210 - - [06/Apr/2017:09:25:56 -0300] "GET /cormun/servlet/trsolicitudadjuntos?2017,5952, HTTP/1.1" 200 8944
200.111.191.210 - - [06/Apr/2017:09:25:56 -0300] "GET /cormun/servlet/trsolicitudadjuntos?2017,5952, HTTP/1.1" 200 8940
200.111.191.210 - - [06/Apr/2017:09:25:59 -0300] "GET /cormun/servlet/trsolicitudot? HTTP/1.1" 200 8888
200.111.191.210 - - [06/Apr/2017:09:25:59 -0300] "GET /cormun/servlet/trsolicitudot? HTTP/1.1" 200 8883
200.111.191.210 - - [06/Apr/2017:09:26:02 -0300] "POST /cormun/servlet/trsolicitudot?157657cdbd1b8d0e730fc53f44bbb95d,,gx-no-cache=1491485131060 HTTP/1.1" 200 5821
200.111.191.210 - - [06/Apr/2017:09:26:02 -0300] "GET /cormun/static/Shared/jqueryui/images/ui-bg_highlight-soft_100_c6c2c8_1x100.png HTTP/1.1" 404 1117
200.111.191.210 - - [06/Apr/2017:09:26:02 -0300] "GET /cormun/static/Shared/jqueryui/images/ui-icons_8d78a5_256x240.png HTTP/1.1" 404 1089
200.111.191.210 - - [06/Apr/2017:09:26:02 -0300] "GET /cormun/static/Shared/jqueryui/images/ui-icons_82798d_256x240.png HTTP/1.1" 404 1089
200.111.191.210 - - [06/Apr/2017:09:26:02 -0300] "GET /cormun/static/Shared/jqueryui/images/ui-bg_flat_55_fafafa_40x100.png HTTP/1.1" 404 1097
200.111.191.210 - - [06/Apr/2017:09:26:03 -0300] "POST /cormun/servlet/trsolicitudot?157657cdbd1b8d0e730fc53f44bbb95d,,gx-no-cache=1491485131930 HTTP/1.1" 200 5762
200.111.191.210 - - [06/Apr/2017:09:26:06 -0300] "GET /cormun/servlet/trsolicitudot? HTTP/1.1" 200 8553
200.111.191.210 - - [06/Apr/2017:09:26:06 -0300] "GET /cormun/servlet/trsolicitudot? HTTP/1.1" 200 8553
200.111.191.210 - - [06/Apr/2017:09:26:07 -0300] "GET /cormun/servlet/hlogin HTTP/1.1" 200 1735
200.111.191.210 - - [06/Apr/2017:09:26:16 -0300] "POST /cormun/servlet/hlogin?157657cdbd1b8d0e730fc53f44bbb95d,gx-no-cache=1491485145936 HTTP/1.1" 200 451
200.111.191.210 - - [06/Apr/2017:09:26:18 -0300] "POST /cormun/servlet/hlogin?157657cdbd1b8d0e730fc53f44bbb95d,gx-no-cache=1491485148071 HTTP/1.1" 200 90
200.111.191.210 - - [06/Apr/2017:09:26:18 -0300] "GET /cormun/servlet/hpexe_link HTTP/1.1" 200 946
200.111.191.210 - - [06/Apr/2017:09:26:19 -0300] "GET /cormun/servlet/hhome HTTP/1.1" 200 3937
200.111.191.210 - - [06/Apr/2017:09:26:19 -0300] "GET /cormun/servlet/hhome HTTP/1.1" 200 3933
186.103.248.213 - - [06/Apr/2017:09:26:23 -0300] "POST /cormun/servlet/licenciaspermisosadjuntos?16bb5f7a0d247c6791a9cf41063f9094,INS,10352127,L,20170406000000,, HTTP/1.1" 200 116
186.103.248.213 - - [06/Apr/2017:09:26:23 -0300] "GET /cormun/servlet/hpexe_return? HTTP/1.1" 200 1037
192.168.10.13 - - [06/Apr/2017:09:26:23 -0300] "GET / HTTP/1.1" 200 11217
186.103.248.213 - - [06/Apr/2017:09:26:23 -0300] "GET /cormun/servlet/trlicenciaspermisosadjuntos?10352127,20170406000000,L, HTTP/1.1" 200 6607
186.103.248.213 - - [06/Apr/2017:09:26:24 -0300] "GET /cormun/servlet/trlicenciaspermisosadjuntos?10352127,20170406000000,L, HTTP/1.1" 200 6604
186.103.248.213 - - [06/Apr/2017:09:26:28 -0300] "GET /cormun/PublicTempStorage/licencia_medica_marcela_gutierrez5248632.jpg HTTP/1.1" 200 1426742
200.73.230.173 - - [06/Apr/2017:09:26:34 -0300] "GET /cormun/servlet/hlogin HTTP/1.1" 200 1724
200.73.230.173 - - [06/Apr/2017:09:26:34 -0300] "GET /cormun/static/Resources/Spanish/PXTools.css?11294912 HTTP/1.1" 304 -
200.73.230.173 - - [06/Apr/2017:09:26:34 -0300] "GET /cormun/static/gxcfg.js?201731711485472 HTTP/1.1" 304 -
200.73.230.173 - - [06/Apr/2017:09:26:34 -0300] "GET /cormun/static/messages.spa.js?85251 HTTP/1.1" 304 -
200.73.230.173 - - [06/Apr/2017:09:26:34 -0300] "GET /cormun/static/hlogin.js?201731711485490 HTTP/1.1" 304 -
200.73.230.173 - - [06/Apr/2017:09:26:34 -0300] "GET /cormun/servlet/hlogin HTTP/1.1" 200 1735
186.103.248.213 - - [06/Apr/2017:09:26:34 -0300] "GET /cormun/servlet/trlicencias? HTTP/1.1" 200 7646
186.103.248.213 - - [06/Apr/2017:09:26:35 -0300] "GET /cormun/servlet/trlicencias? HTTP/1.1" 200 7645
186.103.248.213 - - [06/Apr/2017:09:26:42 -0300] "POST /cormun/servlet/trlicencias?16bb5f7a0d247c6791a9cf41063f9094,,gx-no-cache=1491481649900 HTTP/1.1" 200 3781
186.103.248.213 - - [06/Apr/2017:09:26:42 -0300] "GET /cormun/static/Shared/jqueryui/images/ui-bg_highlight-soft_100_c6c2c8_1x100.png HTTP/1.1" 404 1117
186.103.248.213 - - [06/Apr/2017:09:26:42 -0300] "GET /cormun/static/Shared/jqueryui/images/ui-icons_82798d_256x240.png HTTP/1.1" 404 1089
186.103.248.213 - - [06/Apr/2017:09:26:42 -0300] "GET /cormun/static/Shared/jqueryui/images/ui-bg_flat_55_fafafa_40x100.png HTTP/1.1" 404 1097
