186.103.159.183 - - [06/Apr/2017:15:32:04 -0300] "POST /cormun/servlet/solicitudotadjuntos?060935268239a7a77a4a211b47c5732a,INS,2017,5959,,1, HTTP/1.1" 200 116
186.103.159.183 - - [06/Apr/2017:15:32:04 -0300] "GET /cormun/servlet/hpexe_return? HTTP/1.1" 200 1024
186.103.159.183 - - [06/Apr/2017:15:32:04 -0300] "GET /cormun/servlet/trsolicitudadjuntos?2017,5959, HTTP/1.1" 200 8255
186.103.159.183 - - [06/Apr/2017:15:32:05 -0300] "GET /cormun/servlet/trsolicitudadjuntos?2017,5959, HTTP/1.1" 200 8250
186.103.159.183 - - [06/Apr/2017:15:32:08 -0300] "GET /cormun/servlet/solicitudotadjuntos?INS,2017,5959,,1, HTTP/1.1" 200 6030
186.103.159.183 - - [06/Apr/2017:15:32:08 -0300] "GET /cormun/static/about:blank HTTP/1.1" 404 1011
186.103.159.183 - - [06/Apr/2017:15:32:09 -0300] "GET /cormun/servlet/solicitudotadjuntos?INS,2017,5959,,1, HTTP/1.1" 200 6024
186.103.159.183 - - [06/Apr/2017:15:32:09 -0300] "GET /cormun/servlet/solicitudotadjuntos?d230d1f84f487cb1d66bae5cae8ce261b0c613082f2267987a5f9db9ec89a0d5031e423dfcbd3807e17185885c9230d5,gx-no-cache=1491503602588 HTTP/1.1" 200 30
186.103.159.183 - - [06/Apr/2017:15:32:10 -0300] "POST /cormun/servlet/solicitudotadjuntos?060935268239a7a77a4a211b47c5732a,INS,2017,5959,,1,,gx-no-cache=1491503602687 HTTP/1.1" 200 3825
186.103.159.183 - - [06/Apr/2017:15:32:13 -0300] "POST /cormun/servlet/solicitudotadjuntos?gx-no-cache=1491503606038 HTTP/1.1" 200 26
192.168.10.13 - - [06/Apr/2017:15:32:23 -0300] "GET / HTTP/1.1" 200 11217
186.103.159.183 - - [06/Apr/2017:15:32:28 -0300] "GET /cormun/servlet/solicitudotadjuntos?d230d1f84f487cb1d66bae5cae8ce261b06b62f324d006dc2d0c6a1cb8b9d71e,gx-no-cache=1491503621198 HTTP/1.1" 200 30
186.103.159.183 - - [06/Apr/2017:15:32:28 -0300] "GET /cormun/servlet/solicitudotadjuntos?d230d1f84f487cb1d66bae5cae8ce261b06b62f324d006dc2d0c6a1cb8b9d71e,gx-no-cache=1491503621275 HTTP/1.1" 200 30
186.103.159.183 - - [06/Apr/2017:15:32:31 -0300] "POST /cormun/servlet/solicitudotadjuntos?060935268239a7a77a4a211b47c5732a,INS,2017,5959,,1, HTTP/1.1" 200 116
186.103.159.183 - - [06/Apr/2017:15:32:31 -0300] "GET /cormun/servlet/hpexe_return? HTTP/1.1" 200 1024
186.103.159.183 - - [06/Apr/2017:15:32:31 -0300] "GET /cormun/servlet/trsolicitudadjuntos?2017,5959, HTTP/1.1" 200 8438
186.103.159.183 - - [06/Apr/2017:15:32:32 -0300] "GET /cormun/servlet/trsolicitudadjuntos?2017,5959, HTTP/1.1" 200 8437
186.103.159.183 - - [06/Apr/2017:15:32:41 -0300] "GET /cormun/servlet/solicitudotadjuntos?INS,2017,5959,,1, HTTP/1.1" 200 6030
186.103.159.183 - - [06/Apr/2017:15:32:41 -0300] "GET /cormun/static/about:blank HTTP/1.1" 404 1011
186.103.159.183 - - [06/Apr/2017:15:32:42 -0300] "GET /cormun/servlet/solicitudotadjuntos?INS,2017,5959,,1, HTTP/1.1" 200 6023
186.103.159.183 - - [06/Apr/2017:15:32:42 -0300] "GET /cormun/servlet/solicitudotadjuntos?d230d1f84f487cb1d66bae5cae8ce261b0c613082f2267987a5f9db9ec89a0d5031e423dfcbd3807e17185885c9230d5,gx-no-cache=1491503635537 HTTP/1.1" 200 30
186.103.159.183 - - [06/Apr/2017:15:32:42 -0300] "POST /cormun/servlet/solicitudotadjuntos?060935268239a7a77a4a211b47c5732a,INS,2017,5959,,1,,gx-no-cache=1491503635635 HTTP/1.1" 200 3824
186.103.159.183 - - [06/Apr/2017:15:32:46 -0300] "POST /cormun/servlet/solicitudotadjuntos?gx-no-cache=1491503638984 HTTP/1.1" 200 26
186.103.159.183 - - [06/Apr/2017:15:32:49 -0300] "GET /cormun/servlet/solicitudotadjuntos?d230d1f84f487cb1d66bae5cae8ce261b06b62f324d006dc2d0c6a1cb8b9d71e,gx-no-cache=1491503642787 HTTP/1.1" 200 30
186.103.159.183 - - [06/Apr/2017:15:32:49 -0300] "GET /cormun/servlet/solicitudotadjuntos?d230d1f84f487cb1d66bae5cae8ce261b06b62f324d006dc2d0c6a1cb8b9d71e,gx-no-cache=1491503642853 HTTP/1.1" 200 30
186.103.159.183 - - [06/Apr/2017:15:33:12 -0300] "POST /cormun/servlet/solicitudotadjuntos?060935268239a7a77a4a211b47c5732a,INS,2017,5959,,1, HTTP/1.1" 200 116
186.103.159.183 - - [06/Apr/2017:15:33:12 -0300] "GET /cormun/servlet/hpexe_return? HTTP/1.1" 200 1024
186.103.159.183 - - [06/Apr/2017:15:33:13 -0300] "GET /cormun/servlet/trsolicitudadjuntos?2017,5959, HTTP/1.1" 200 8598
186.103.159.183 - - [06/Apr/2017:15:33:14 -0300] "GET /cormun/servlet/trsolicitudadjuntos?2017,5959, HTTP/1.1" 200 8596
186.103.159.183 - - [06/Apr/2017:15:33:18 -0300] "GET /cormun/servlet/solicitudotadjuntos?INS,2017,5959,,1, HTTP/1.1" 200 6030
186.103.159.183 - - [06/Apr/2017:15:33:18 -0300] "GET /cormun/static/about:blank HTTP/1.1" 404 1011
186.103.159.183 - - [06/Apr/2017:15:33:19 -0300] "GET /cormun/servlet/solicitudotadjuntos?INS,2017,5959,,1, HTTP/1.1" 200 6023
186.103.159.183 - - [06/Apr/2017:15:33:19 -0300] "GET /cormun/servlet/solicitudotadjuntos?d230d1f84f487cb1d66bae5cae8ce261b0c613082f2267987a5f9db9ec89a0d5031e423dfcbd3807e17185885c9230d5,gx-no-cache=1491503672895 HTTP/1.1" 200 30
186.103.159.183 - - [06/Apr/2017:15:33:20 -0300] "POST /cormun/servlet/solicitudotadjuntos?060935268239a7a77a4a211b47c5732a,INS,2017,5959,,1,,gx-no-cache=1491503673001 HTTP/1.1" 200 3824
192.168.10.13 - - [06/Apr/2017:15:33:23 -0300] "GET / HTTP/1.1" 200 11217
186.103.159.183 - - [06/Apr/2017:15:33:24 -0300] "POST /cormun/servlet/solicitudotadjuntos?gx-no-cache=1491503677100 HTTP/1.1" 200 26
186.103.159.183 - - [06/Apr/2017:15:33:31 -0300] "GET /cormun/servlet/solicitudotadjuntos?d230d1f84f487cb1d66bae5cae8ce261b06b62f324d006dc2d0c6a1cb8b9d71e,gx-no-cache=1491503684133 HTTP/1.1" 200 30
186.103.159.183 - - [06/Apr/2017:15:33:31 -0300] "GET /cormun/servlet/solicitudotadjuntos?d230d1f84f487cb1d66bae5cae8ce261b06b62f324d006dc2d0c6a1cb8b9d71e,gx-no-cache=1491503684202 HTTP/1.1" 200 30
186.103.159.183 - - [06/Apr/2017:15:33:41 -0300] "POST /cormun/servlet/solicitudotadjuntos?060935268239a7a77a4a211b47c5732a,INS,2017,5959,,1, HTTP/1.1" 200 116
186.103.159.183 - - [06/Apr/2017:15:33:41 -0300] "GET /cormun/servlet/hpexe_return? HTTP/1.1" 200 1024
186.103.159.183 - - [06/Apr/2017:15:33:42 -0300] "GET /cormun/servlet/trsolicitudadjuntos?2017,5959, HTTP/1.1" 200 8734
186.103.159.183 - - [06/Apr/2017:15:33:43 -0300] "GET /cormun/servlet/trsolicitudadjuntos?2017,5959, HTTP/1.1" 200 8734
186.103.159.183 - - [06/Apr/2017:15:33:47 -0300] "GET /cormun/servlet/solicitudotadjuntos?INS,2017,5959,,1, HTTP/1.1" 200 6030
186.103.159.183 - - [06/Apr/2017:15:33:47 -0300] "GET /cormun/static/about:blank HTTP/1.1" 404 1011
186.103.159.183 - - [06/Apr/2017:15:33:48 -0300] "GET /cormun/servlet/solicitudotadjuntos?INS,2017,5959,,1, HTTP/1.1" 200 6024
186.103.159.183 - - [06/Apr/2017:15:33:48 -0300] "GET /cormun/servlet/solicitudotadjuntos?d230d1f84f487cb1d66bae5cae8ce261b0c613082f2267987a5f9db9ec89a0d5031e423dfcbd3807e17185885c9230d5,gx-no-cache=1491503701828 HTTP/1.1" 200 30
186.103.159.183 - - [06/Apr/2017:15:33:49 -0300] "POST /cormun/servlet/solicitudotadjuntos?060935268239a7a77a4a211b47c5732a,INS,2017,5959,,1,,gx-no-cache=1491503701921 HTTP/1.1" 200 3825
186.103.159.183 - - [06/Apr/2017:15:33:52 -0300] "POST /cormun/servlet/solicitudotadjuntos?gx-no-cache=1491503705340 HTTP/1.1" 200 26
186.103.159.183 - - [06/Apr/2017:15:33:59 -0300] "GET /cormun/servlet/solicitudotadjuntos?d230d1f84f487cb1d66bae5cae8ce261b06b62f324d006dc2d0c6a1cb8b9d71e,gx-no-cache=1491503712097 HTTP/1.1" 200 30
186.103.159.183 - - [06/Apr/2017:15:33:59 -0300] "GET /cormun/servlet/solicitudotadjuntos?d230d1f84f487cb1d66bae5cae8ce261b06b62f324d006dc2d0c6a1cb8b9d71e,gx-no-cache=1491503712171 HTTP/1.1" 200 30
186.103.159.183 - - [06/Apr/2017:15:34:13 -0300] "POST /cormun/servlet/solicitudotadjuntos?060935268239a7a77a4a211b47c5732a,INS,2017,5959,,1, HTTP/1.1" 200 116
186.103.159.183 - - [06/Apr/2017:15:34:13 -0300] "GET /cormun/servlet/hpexe_return? HTTP/1.1" 200 1024
186.103.159.183 - - [06/Apr/2017:15:34:14 -0300] "GET /cormun/servlet/trsolicitudadjuntos?2017,5959, HTTP/1.1" 200 8932
186.103.159.183 - - [06/Apr/2017:15:34:16 -0300] "GET /cormun/servlet/trsolicitudadjuntos?2017,5959, HTTP/1.1" 200 8929
186.103.159.183 - - [06/Apr/2017:15:34:18 -0300] "GET /cormun/servlet/solicitudotadjuntos?INS,2017,5959,,1, HTTP/1.1" 200 6030
186.103.159.183 - - [06/Apr/2017:15:34:18 -0300] "GET /cormun/static/about:blank HTTP/1.1" 404 1011
186.103.159.183 - - [06/Apr/2017:15:34:19 -0300] "GET /cormun/servlet/solicitudotadjuntos?INS,2017,5959,,1, HTTP/1.1" 200 6024
186.103.159.183 - - [06/Apr/2017:15:34:20 -0300] "GET /cormun/servlet/solicitudotadjuntos?d230d1f84f487cb1d66bae5cae8ce261b0c613082f2267987a5f9db9ec89a0d5031e423dfcbd3807e17185885c9230d5,gx-no-cache=1491503732972 HTTP/1.1" 200 30
186.103.159.183 - - [06/Apr/2017:15:34:20 -0300] "POST /cormun/servlet/solicitudotadjuntos?060935268239a7a77a4a211b47c5732a,INS,2017,5959,,1,,gx-no-cache=1491503733055 HTTP/1.1" 200 3825
186.103.159.183 - - [06/Apr/2017:15:34:22 -0300] "POST /cormun/servlet/solicitudotadjuntos?gx-no-cache=1491503735344 HTTP/1.1" 200 26
192.168.10.13 - - [06/Apr/2017:15:34:23 -0300] "GET / HTTP/1.1" 200 11217
186.103.159.183 - - [06/Apr/2017:15:34:29 -0300] "GET /cormun/servlet/solicitudotadjuntos?d230d1f84f487cb1d66bae5cae8ce261b06b62f324d006dc2d0c6a1cb8b9d71e,gx-no-cache=1491503741916 HTTP/1.1" 200 30
186.103.159.183 - - [06/Apr/2017:15:34:29 -0300] "GET /cormun/servlet/solicitudotadjuntos?d230d1f84f487cb1d66bae5cae8ce261b06b62f324d006dc2d0c6a1cb8b9d71e,gx-no-cache=1491503742300 HTTP/1.1" 200 30
186.103.159.183 - - [06/Apr/2017:15:34:44 -0300] "POST /cormun/servlet/solicitudotadjuntos?060935268239a7a77a4a211b47c5732a,INS,2017,5959,,1, HTTP/1.1" 200 116
186.103.159.183 - - [06/Apr/2017:15:34:44 -0300] "GET /cormun/servlet/hpexe_return? HTTP/1.1" 200 1024
186.103.159.183 - - [06/Apr/2017:15:34:45 -0300] "GET /cormun/servlet/trsolicitudadjuntos?2017,5959, HTTP/1.1" 200 9133
186.103.159.183 - - [06/Apr/2017:15:34:46 -0300] "GET /cormun/servlet/trsolicitudadjuntos?2017,5959, HTTP/1.1" 200 9131
186.103.159.183 - - [06/Apr/2017:15:34:52 -0300] "GET /cormun/servlet/trsolicitudot? HTTP/1.1" 200 8619
186.103.159.183 - - [06/Apr/2017:15:34:53 -0300] "GET /cormun/servlet/trsolicitudot? HTTP/1.1" 200 8614
192.168.10.13 - - [06/Apr/2017:15:35:23 -0300] "GET / HTTP/1.1" 200 11217
192.168.10.13 - - [06/Apr/2017:15:36:23 -0300] "GET / HTTP/1.1" 200 11217
186.103.159.183 - - [06/Apr/2017:15:37:13 -0300] "POST /cormun/servlet/trsolicitudot?060935268239a7a77a4a211b47c5732a,,gx-no-cache=1491503906041 HTTP/1.1" 200 5454
186.103.159.183 - - [06/Apr/2017:15:37:13 -0300] "GET /cormun/static/Shared/jqueryui/images/ui-bg_highlight-soft_100_c6c2c8_1x100.png HTTP/1.1" 404 1117
186.103.159.183 - - [06/Apr/2017:15:37:14 -0300] "GET /cormun/static/Shared/jqueryui/images/ui-icons_82798d_256x240.png HTTP/1.1" 404 1089
186.103.159.183 - - [06/Apr/2017:15:37:14 -0300] "GET /cormun/static/Shared/jqueryui/images/ui-bg_flat_55_fafafa_40x100.png HTTP/1.1" 404 1097
186.103.159.183 - - [06/Apr/2017:15:37:14 -0300] "GET /cormun/static/Shared/jqueryui/images/ui-icons_8d78a5_256x240.png HTTP/1.1" 404 1089
186.103.159.183 - - [06/Apr/2017:15:37:15 -0300] "POST /cormun/servlet/trsolicitudot?060935268239a7a77a4a211b47c5732a,,gx-no-cache=1491503907054 HTTP/1.1" 200 5399
186.103.159.183 - - [06/Apr/2017:15:37:23 -0300] "GET /cormun/servlet/trautorizarsolicitud? HTTP/1.1" 200 8165
186.103.159.183 - - [06/Apr/2017:15:37:23 -0300] "GET /cormun/static/gxui/gxui-all.css?120300 HTTP/1.1" 200 2179
186.103.159.183 - - [06/Apr/2017:15:37:23 -0300] "GET /cormun/static/gxcfg.js?2017259112829 HTTP/1.1" 200 953
192.168.10.13 - - [06/Apr/2017:15:37:23 -0300] "GET / HTTP/1.1" 200 11217
186.103.159.183 - - [06/Apr/2017:15:37:23 -0300] "GET /cormun/static/trautorizarsolicitud.js?2017259113483 HTTP/1.1" 200 53096
186.103.159.183 - - [06/Apr/2017:15:37:23 -0300] "GET /cormun/static/Shared/ext/resources/css/ext-all.css?215870 HTTP/1.1" 200 416045
186.103.159.183 - - [06/Apr/2017:15:37:24 -0300] "GET /cormun/servlet/trautorizarsolicitud? HTTP/1.1" 200 8164
186.103.159.183 - - [06/Apr/2017:15:37:59 -0300] "POST /cormun/servlet/trautorizarsolicitud?060935268239a7a77a4a211b47c5732a,,gx-no-cache=1491503952401 HTTP/1.1" 200 4327
186.103.159.183 - - [06/Apr/2017:15:37:59 -0300] "GET /cormun/static/Shared/jqueryui/images/ui-bg_highlight-soft_100_c6c2c8_1x100.png HTTP/1.1" 404 1117
186.103.159.183 - - [06/Apr/2017:15:37:59 -0300] "GET /cormun/static/Shared/jqueryui/images/ui-icons_82798d_256x240.png HTTP/1.1" 404 1089
186.103.159.183 - - [06/Apr/2017:15:37:59 -0300] "GET /cormun/static/Shared/jqueryui/images/ui-bg_flat_55_fafafa_40x100.png HTTP/1.1" 404 1097
186.103.159.183 - - [06/Apr/2017:15:37:59 -0300] "GET /cormun/static/Shared/jqueryui/images/ui-icons_8d78a5_256x240.png HTTP/1.1" 404 1089
186.103.159.183 - - [06/Apr/2017:15:37:59 -0300] "POST /cormun/servlet/trautorizarsolicitud?060935268239a7a77a4a211b47c5732a,,gx-no-cache=1491503952831 HTTP/1.1" 200 4098
192.168.10.13 - - [06/Apr/2017:15:38:23 -0300] "GET / HTTP/1.1" 200 11217
192.168.10.13 - - [06/Apr/2017:15:39:23 -0300] "GET / HTTP/1.1" 200 11217
192.168.10.13 - - [06/Apr/2017:15:40:23 -0300] "GET / HTTP/1.1" 200 11217
192.168.10.13 - - [06/Apr/2017:15:41:23 -0300] "GET / HTTP/1.1" 200 11217
192.168.10.13 - - [06/Apr/2017:15:42:23 -0300] "GET / HTTP/1.1" 200 11217
186.103.159.183 - - [06/Apr/2017:15:42:40 -0300] "GET /cormun/servlet/trsolicitudot? HTTP/1.1" 200 8230
186.103.159.183 - - [06/Apr/2017:15:42:41 -0300] "GET /cormun/servlet/trsolicitudot? HTTP/1.1" 200 8230
186.103.158.250 - - [06/Apr/2017:15:42:42 -0300] "GET /cormun/servlet/hlogin HTTP/1.1" 200 1720
186.103.158.250 - - [06/Apr/2017:15:42:42 -0300] "GET /cormun/static/gxcfg.js?201731711485472 HTTP/1.1" 304 -
186.103.159.183 - - [06/Apr/2017:15:42:50 -0300] "POST /cormun/servlet/trsolicitudot?060935268239a7a77a4a211b47c5732a,,gx-no-cache=1491504243367 HTTP/1.1" 200 105
186.103.159.183 - - [06/Apr/2017:15:42:50 -0300] "GET /cormun/servlet/solicitudot?DLT,2017,5921, HTTP/1.1" 200 9564
186.103.159.183 - - [06/Apr/2017:15:42:51 -0300] "GET /cormun/static/Shared/jqueryui/images/ui-bg_highlight-soft_100_c6c2c8_1x100.png HTTP/1.1" 404 1117
186.103.159.183 - - [06/Apr/2017:15:42:51 -0300] "GET /cormun/static/Shared/jqueryui/images/ui-icons_82798d_256x240.png HTTP/1.1" 404 1089
186.103.159.183 - - [06/Apr/2017:15:42:51 -0300] "GET /cormun/static/Shared/jqueryui/images/ui-icons_8d78a5_256x240.png HTTP/1.1" 404 1089
186.103.159.183 - - [06/Apr/2017:15:42:51 -0300] "GET /cormun/servlet/solicitudot?DLT,2017,5921, HTTP/1.1" 200 9573
186.103.159.183 - - [06/Apr/2017:15:42:52 -0300] "GET /cormun/static/Shared/jqueryui/images/ui-bg_flat_55_fafafa_40x100.png HTTP/1.1" 404 1097
186.103.159.183 - - [06/Apr/2017:15:42:58 -0300] "POST /cormun/servlet/solicitudot?060935268239a7a77a4a211b47c5732a,DLT,2017,5921,,gx-no-cache=1491504251741 HTTP/1.1" 200 93
186.103.159.183 - - [06/Apr/2017:15:42:58 -0300] "GET /cormun/servlet/hpexe_return? HTTP/1.1" 200 1011
186.103.159.183 - - [06/Apr/2017:15:42:59 -0300] "GET /cormun/servlet/trsolicitudot HTTP/1.1" 200 8234
186.103.159.183 - - [06/Apr/2017:15:43:00 -0300] "GET /cormun/servlet/trsolicitudot HTTP/1.1" 200 8229
186.103.159.183 - - [06/Apr/2017:15:43:04 -0300] "GET /cormun/servlet/solicitudot?INS,0,0, HTTP/1.1" 200 12794
186.103.159.183 - - [06/Apr/2017:15:43:05 -0300] "GET /cormun/servlet/solicitudot?INS,0,0, HTTP/1.1" 200 12798
186.103.158.250 - - [06/Apr/2017:15:43:15 -0300] "POST /cormun/servlet/hlogin?52edd4085a50f8cc302e1da00e2baeef,gx-no-cache=1491507743309 HTTP/1.1" 200 90
186.103.158.250 - - [06/Apr/2017:15:43:16 -0300] "GET /cormun/servlet/hpexe_link HTTP/1.1" 200 951
186.103.158.250 - - [06/Apr/2017:15:43:16 -0300] "GET /cormun/static/gxcfg.js?201731711483381 HTTP/1.1" 304 -
186.103.158.250 - - [06/Apr/2017:15:43:16 -0300] "GET /cormun/servlet/hhome HTTP/1.1" 200 3774
186.103.158.250 - - [06/Apr/2017:15:43:16 -0300] "GET /cormun/static/gxcfg.js?201731711483497 HTTP/1.1" 304 -
186.103.158.250 - - [06/Apr/2017:15:43:18 -0300] "GET /cormun/servlet/hhome HTTP/1.1" 200 3770
186.103.158.250 - - [06/Apr/2017:15:43:22 -0300] "GET /cormun/servlet/trpermisosgoce? HTTP/1.1" 200 7365
186.103.158.250 - - [06/Apr/2017:15:43:23 -0300] "GET /cormun/static/gxcfg.js?20173171154124 HTTP/1.1" 304 -
192.168.10.13 - - [06/Apr/2017:15:43:23 -0300] "GET / HTTP/1.1" 200 11217
186.103.158.250 - - [06/Apr/2017:15:43:24 -0300] "GET /cormun/servlet/trpermisosgoce? HTTP/1.1" 200 7364
192.168.10.96 - - [06/Apr/2017:15:43:40 -0300] "POST /cormun/servlet/hlogin?6521d66111a691376041cef1899f8155,gx-no-cache=1491507496984 HTTP/1.1" 440 972
192.168.10.96 - - [06/Apr/2017:15:43:42 -0300] "GET /cormun/servlet/hlogin HTTP/1.1" 200 1736
192.168.10.96 - - [06/Apr/2017:15:43:49 -0300] "POST /cormun/servlet/hlogin?2cffeedc97ca779c4bbec51c6c2ddd77,gx-no-cache=1491507506358 HTTP/1.1" 200 448
192.168.10.96 - - [06/Apr/2017:15:43:53 -0300] "POST /cormun/servlet/hlogin?2cffeedc97ca779c4bbec51c6c2ddd77,gx-no-cache=1491507509730 HTTP/1.1" 200 448
186.103.158.250 - - [06/Apr/2017:15:43:56 -0300] "GET /cormun/servlet/trpermisosadjuntos?16716335,20170403145018,P, HTTP/1.1" 200 6088
186.103.158.250 - - [06/Apr/2017:15:43:57 -0300] "GET /cormun/static/gxcfg.js?201731711542659 HTTP/1.1" 304 -
186.103.158.250 - - [06/Apr/2017:15:43:57 -0300] "GET /cormun/static/trpermisosadjuntos.js?201731711542990 HTTP/1.1" 304 -
186.103.158.250 - - [06/Apr/2017:15:43:58 -0300] "GET /cormun/servlet/trpermisosadjuntos?16716335,20170403145018,P, HTTP/1.1" 200 6089
192.168.10.96 - - [06/Apr/2017:15:43:58 -0300] "POST /cormun/servlet/hlogin?2cffeedc97ca779c4bbec51c6c2ddd77,gx-no-cache=1491507514815 HTTP/1.1" 200 90
192.168.10.96 - - [06/Apr/2017:15:43:58 -0300] "GET /cormun/servlet/hpexe_link HTTP/1.1" 200 956
192.168.10.96 - - [06/Apr/2017:15:43:58 -0300] "GET /cormun/servlet/hhome HTTP/1.1" 200 4260
192.168.10.96 - - [06/Apr/2017:15:43:59 -0300] "GET /cormun/servlet/hhome HTTP/1.1" 200 4256
192.168.10.96 - - [06/Apr/2017:15:44:02 -0300] "GET /cormun/servlet/trpermisosgeneralesgoce? HTTP/1.1" 200 11569
192.168.10.96 - - [06/Apr/2017:15:44:02 -0300] "GET /cormun/static/gxcfg.js?201731711541967 HTTP/1.1" 304 -
192.168.10.96 - - [06/Apr/2017:15:44:03 -0300] "GET /cormun/servlet/trpermisosgeneralesgoce? HTTP/1.1" 200 11567
186.103.158.250 - - [06/Apr/2017:15:44:06 -0300] "GET /cormun/servlet/trpermisosgoce? HTTP/1.1" 200 7365
186.103.158.250 - - [06/Apr/2017:15:44:08 -0300] "GET /cormun/servlet/trpermisosgoce? HTTP/1.1" 200 7364
192.168.10.13 - - [06/Apr/2017:15:44:23 -0300] "GET / HTTP/1.1" 200 11217
192.168.10.96 - - [06/Apr/2017:15:44:41 -0300] "POST /cormun/servlet/trpermisosgeneralesgoce?2cffeedc97ca779c4bbec51c6c2ddd77,,gx-no-cache=1491507557516 HTTP/1.1" 200 5638
192.168.10.96 - - [06/Apr/2017:15:44:46 -0300] "POST /cormun/servlet/trpermisosgeneralesgoce?2cffeedc97ca779c4bbec51c6c2ddd77,,gx-no-cache=1491507562953 HTTP/1.1" 200 5638
192.168.10.96 - - [06/Apr/2017:15:44:51 -0300] "POST /cormun/servlet/trpermisosgeneralesgoce?2cffeedc97ca779c4bbec51c6c2ddd77,,gx-no-cache=1491507568158 HTTP/1.1" 200 6199
192.168.10.96 - - [06/Apr/2017:15:45:00 -0300] "GET /cormun/servlet/trpermisosadjuntos?16716335,20170403145018,P, HTTP/1.1" 200 6577
192.168.10.96 - - [06/Apr/2017:15:45:00 -0300] "GET /cormun/static/gxcfg.js?201731711542659 HTTP/1.1" 304 -
192.168.10.96 - - [06/Apr/2017:15:45:00 -0300] "GET /cormun/static/trpermisosadjuntos.js?201731711542990 HTTP/1.1" 304 -
192.168.10.96 - - [06/Apr/2017:15:45:00 -0300] "GET /cormun/servlet/trpermisosadjuntos?16716335,20170403145018,P, HTTP/1.1" 200 6577
192.168.10.96 - - [06/Apr/2017:15:45:03 -0300] "POST /cormun/servlet/trpermisosadjuntos?2cffeedc97ca779c4bbec51c6c2ddd77,16716335,20170403145018,P,,gx-no-cache=1491507579512 HTTP/1.1" 200 90
192.168.10.96 - - [06/Apr/2017:15:45:03 -0300] "GET /cormun/servlet/hpexe_link HTTP/1.1" 200 991
192.168.10.96 - - [06/Apr/2017:15:45:03 -0300] "GET /cormun/servlet/trpermisosgeneralesgoce? HTTP/1.1" 200 9043
192.168.10.96 - - [06/Apr/2017:15:45:03 -0300] "GET /cormun/servlet/trpermisosgeneralesgoce? HTTP/1.1" 200 9042
192.168.10.13 - - [06/Apr/2017:15:45:23 -0300] "GET / HTTP/1.1" 200 11217
200.86.95.220 - - [06/Apr/2017:15:45:35 -0300] "GET /cormun/servlet/trpermisosadjuntos?9154169,20170323110008,P, HTTP/1.1" 200 6086
200.86.95.220 - - [06/Apr/2017:15:45:35 -0300] "GET /cormun/static/gxcfg.js?201731711542659 HTTP/1.1" 304 -
200.86.95.220 - - [06/Apr/2017:15:45:36 -0300] "GET /cormun/static/trpermisosadjuntos.js?201731711542990 HTTP/1.1" 304 -
200.86.95.220 - - [06/Apr/2017:15:45:37 -0300] "GET /cormun/servlet/trpermisosadjuntos?9154169,20170323110008,P, HTTP/1.1" 200 6087
200.86.95.220 - - [06/Apr/2017:15:45:40 -0300] "GET /cormun/servlet/permisosadjuntos?INS,9154169,P,20170323110008,, HTTP/1.1" 200 5425
200.86.95.220 - - [06/Apr/2017:15:45:40 -0300] "GET /cormun/static/permisosadjuntos.js?2016122813135797 HTTP/1.1" 304 -
200.86.95.220 - - [06/Apr/2017:15:45:40 -0300] "GET /cormun/static/gxcfg.js?2016122813135788 HTTP/1.1" 304 -
200.86.95.220 - - [06/Apr/2017:15:45:40 -0300] "GET /cormun/static/about:blank HTTP/1.1" 404 1011
200.86.95.220 - - [06/Apr/2017:15:45:41 -0300] "GET /cormun/servlet/permisosadjuntos?INS,9154169,P,20170323110008,, HTTP/1.1" 200 5415
192.168.10.96 - - [06/Apr/2017:15:45:43 -0300] "POST /cormun/servlet/trpermisosgeneralesgoce?2cffeedc97ca779c4bbec51c6c2ddd77,,gx-no-cache=1491507619388 HTTP/1.1" 200 5637
192.168.10.96 - - [06/Apr/2017:15:45:45 -0300] "POST /cormun/servlet/trpermisosgeneralesgoce?2cffeedc97ca779c4bbec51c6c2ddd77,,gx-no-cache=1491507621881 HTTP/1.1" 200 5638
186.103.158.250 - - [06/Apr/2017:15:45:47 -0300] "GET /cormun/servlet/permisogoce?INS,0,,, HTTP/1.1" 200 6554
192.168.10.96 - - [06/Apr/2017:15:45:47 -0300] "POST /cormun/servlet/trpermisosgeneralesgoce?2cffeedc97ca779c4bbec51c6c2ddd77,,gx-no-cache=1491507624209 HTTP/1.1" 200 5638
186.103.158.250 - - [06/Apr/2017:15:45:47 -0300] "GET /cormun/static/gxcfg.js?201732911503726 HTTP/1.1" 304 -
186.103.158.250 - - [06/Apr/2017:15:45:47 -0300] "GET /cormun/static/permisogoce.js?201732911503774 HTTP/1.1" 304 -
186.103.158.250 - - [06/Apr/2017:15:45:49 -0300] "GET /cormun/servlet/permisogoce?INS,0,,, HTTP/1.1" 200 6554
186.103.158.250 - - [06/Apr/2017:15:45:54 -0300] "GET /cormun/servlet/permisogoce?be985a80ff839a26c51166a03da4c0fb4c8709e615f50da09729c862d58954bcd03649d7a34867e0a3819a0f8ea96fdf,gx-no-cache=1491507902641 HTTP/1.1" 200 188
186.103.158.250 - - [06/Apr/2017:15:45:54 -0300] "GET /cormun/static/Shared/jqueryui/images/ui-bg_highlight-soft_100_c6c2c8_1x100.png HTTP/1.1" 404 1117
186.103.158.250 - - [06/Apr/2017:15:45:54 -0300] "GET /cormun/static/Shared/jqueryui/images/ui-icons_82798d_256x240.png HTTP/1.1" 404 1089
186.103.158.250 - - [06/Apr/2017:15:45:54 -0300] "GET /cormun/static/Shared/jqueryui/images/ui-bg_flat_55_994d53_40x100.png HTTP/1.1" 404 1097
186.103.158.250 - - [06/Apr/2017:15:45:54 -0300] "GET /cormun/static/Shared/jqueryui/images/ui-icons_ebccce_256x240.png HTTP/1.1" 404 1089
186.103.158.250 - - [06/Apr/2017:15:46:04 -0300] "GET /cormun/static/menuarrow.gif HTTP/1.1" 404 1015
192.168.10.13 - - [06/Apr/2017:15:46:23 -0300] "GET / HTTP/1.1" 200 11217
192.168.10.96 - - [06/Apr/2017:15:46:36 -0300] "POST /cormun/servlet/trpermisosgeneralesgoce?2cffeedc97ca779c4bbec51c6c2ddd77,,gx-no-cache=1491507673292 HTTP/1.1" 200 5636
192.168.10.96 - - [06/Apr/2017:15:46:39 -0300] "POST /cormun/servlet/trpermisosgeneralesgoce?2cffeedc97ca779c4bbec51c6c2ddd77,,gx-no-cache=1491507676345 HTTP/1.1" 200 6202
200.86.95.220 - - [06/Apr/2017:15:46:42 -0300] "POST /cormun/servlet/permisosadjuntos?793c488280560c4ea9327267cd72373e,INS,9154169,P,20170323110008,, HTTP/1.1" 200 116
200.86.95.220 - - [06/Apr/2017:15:46:42 -0300] "GET /cormun/servlet/hpexe_return? HTTP/1.1" 200 1041
200.86.95.220 - - [06/Apr/2017:15:46:42 -0300] "GET /cormun/servlet/trpermisosadjuntos?9154169,20170323110008,P, HTTP/1.1" 200 6547
200.86.95.220 - - [06/Apr/2017:15:46:44 -0300] "GET /cormun/servlet/trpermisosadjuntos?9154169,20170323110008,P, HTTP/1.1" 200 6543
200.86.95.220 - - [06/Apr/2017:15:46:44 -0300] "GET /cormun/PublicTempStorage/img1327193607.jpg HTTP/1.1" 200 416154
200.86.95.220 - - [06/Apr/2017:15:46:47 -0300] "POST /cormun/servlet/trpermisosadjuntos?793c488280560c4ea9327267cd72373e,9154169,20170323110008,P,,gx-no-cache=1491504476801 HTTP/1.1" 200 90
200.86.95.220 - - [06/Apr/2017:15:46:47 -0300] "GET /cormun/servlet/hpexe_link HTTP/1.1" 200 987
200.86.95.220 - - [06/Apr/2017:15:46:48 -0300] "GET /cormun/servlet/trpermisosgoce HTTP/1.1" 200 8455
200.86.95.220 - - [06/Apr/2017:15:46:49 -0300] "GET /cormun/servlet/trpermisosgoce HTTP/1.1" 200 8454
186.103.158.250 - - [06/Apr/2017:15:46:51 -0300] "GET /cormun/servlet/permisogoce?be985a80ff839a26c51166a03da4c0fbc4e3f9c56ac45bf90c3d84c71245e9a8d19916e3baa5ff1ac0e782f65a608bdb574ce0496b32fa22941fb848adfa3422,gx-no-cache=1491507960188 HTTP/1.1" 200 46
192.168.10.13 - - [06/Apr/2017:15:47:23 -0300] "GET / HTTP/1.1" 200 11217
186.103.159.183 - - [06/Apr/2017:15:47:31 -0300] "POST /cormun/servlet/solicitudot?gx-no-cache=1491504524278 HTTP/1.1" 200 3182
186.103.159.183 - - [06/Apr/2017:15:47:32 -0300] "POST /cormun/servlet/solicitudot?060935268239a7a77a4a211b47c5732a,INS,0,0,,gx-no-cache=1491504525174 HTTP/1.1" 200 9966
186.103.159.183 - - [06/Apr/2017:15:47:36 -0300] "GET /cormun/servlet/solicitudot?d230d1f84f487cb1d66bae5cae8ce2614731792401c16ba79d7279568e305b15c3bf3b9e90ae150b1ac888dcaedc6bdd,gx-no-cache=1491504529179 HTTP/1.1" 200 30
186.103.159.183 - - [06/Apr/2017:15:47:36 -0300] "POST /cormun/servlet/solicitudot?gx-no-cache=1491504529264 HTTP/1.1" 200 255
186.103.159.183 - - [06/Apr/2017:15:47:36 -0300] "GET /cormun/servlet/solicitudot?d230d1f84f487cb1d66bae5cae8ce261a7a3cd58237843b02b535b475310bd7fe71e8003299fa528f39fdd8bf230580415c3b9292fcb033cc0b3157a308be55f7b450f0dcb311fd23676f79265b93d297a5a9f7cfabbc796cbe71e62fa92eaeb5320691660870fd74ce177563b3dba838da5c2a565a0e6f38fb00d08de2d8b85499644fe356b5853e4c8535a5d48da49371a94c21516244303c4acf4a3651b40f2797c3c094ae7e82ed6005dd151f2698e16f2d7596844184e6e86187746167035f2865b4f5a0852a68d3b34565e8b10fffaaf5398791ef67559702c2f0c9b23e5a92147b12d7bc63741c4f52d0e0d2c265165169cc858008b2ffe0319433a5fcb2a8851089e2f157e9629b043aab6ba55613308a5ec939a912404fddacbebb2cb0e6e1f30d8a7815dfb47e85cf3f2cbf23a4f36c38d3f9205b9727ca3b6efcf7447ea10170befea1559f533e585cce43d7765c5f995629eff891045d407afd09ee8c475eabcfa0ccbb05a1e05123cab142939b1e795a9282f92d9b0801f8fc2,gx-no-cache=1491504529378 HTTP/1.1" 200 30
186.103.159.183 - - [06/Apr/2017:15:47:39 -0300] "POST /cormun/servlet/solicitudot?gx-no-cache=1491504532936 HTTP/1.1" 200 30
186.103.159.183 - - [06/Apr/2017:15:47:47 -0300] "GET /cormun/static/Resources/resize.gif HTTP/1.1" 200 77
186.103.159.183 - - [06/Apr/2017:15:47:47 -0300] "GET /cormun/servlet/prsolicitudot?12211398,,,,,MD,,gxPopupLevel%3D0%3B HTTP/1.1" 200 6017
186.103.159.183 - - [06/Apr/2017:15:47:47 -0300] "GET /cormun/static/gxcfg.js?201731711522567 HTTP/1.1" 200 953
186.103.159.183 - - [06/Apr/2017:15:47:47 -0300] "GET /cormun/static/prsolicitudot.js?201731711522786 HTTP/1.1" 200 13680
186.103.159.183 - - [06/Apr/2017:15:47:47 -0300] "GET /cormun/static/menusearch.js?201610171694467 HTTP/1.1" 200 1424
186.103.159.183 - - [06/Apr/2017:15:47:47 -0300] "GET /cormun/static/hmpwkw011.js?201731711483558 HTTP/1.1" 200 1968
186.103.159.183 - - [06/Apr/2017:15:47:48 -0300] "GET /cormun/static/Resources/PXToolsMenuSearchCancel.png HTTP/1.1" 200 2972
186.103.159.183 - - [06/Apr/2017:15:47:48 -0300] "GET /cormun/static/Resources/PXToolsMenuSearch.png HTTP/1.1" 200 2914
186.103.159.183 - - [06/Apr/2017:15:47:56 -0300] "POST /cormun/servlet/solicitudot?gx-no-cache=1491504549295 HTTP/1.1" 200 1291
192.168.10.96 - - [06/Apr/2017:15:47:57 -0300] "GET /cormun/servlet/hlogin HTTP/1.1" 200 1746
186.103.159.183 - - [06/Apr/2017:15:47:57 -0300] "POST /cormun/servlet/solicitudot?gx-no-cache=1491504549974 HTTP/1.1" 200 38
186.103.159.183 - - [06/Apr/2017:15:47:58 -0300] "GET /cormun/servlet/solicitudot?d230d1f84f487cb1d66bae5cae8ce261feac97738ccf55c41cbfc5cdee9470d387483bd26e07ee5c541ee8008b2f25b47ad5f2f556a9d475e3790997c56a7fd5d00c949facff3f3e4e7348844385c074c23b66655fe130d90858443786b41ed5bfd16f7f90e2a86c46da51846fe2444211d73adb47f01e7412cce52d11ffde74fed9363ca7f5139e6ec0b5629ba471a2cd612fd2715412caddc5939306f60713,gx-no-cache=1491504551107 HTTP/1.1" 200 29
186.103.159.183 - - [06/Apr/2017:15:47:58 -0300] "POST /cormun/servlet/solicitudot?gx-no-cache=1491504551189 HTTP/1.1" 200 1275
186.103.159.183 - - [06/Apr/2017:15:47:58 -0300] "POST /cormun/servlet/solicitudot?gx-no-cache=1491504551381 HTTP/1.1" 200 1157
186.103.159.183 - - [06/Apr/2017:15:48:13 -0300] "POST /cormun/servlet/solicitudot?gx-no-cache=1491504566075 HTTP/1.1" 200 1273
186.103.159.183 - - [06/Apr/2017:15:48:13 -0300] "POST /cormun/servlet/solicitudot?gx-no-cache=1491504566232 HTTP/1.1" 200 1157
186.103.159.183 - - [06/Apr/2017:15:48:13 -0300] "GET /cormun/static/menuarrow.gif HTTP/1.1" 404 1015
186.103.159.183 - - [06/Apr/2017:15:48:16 -0300] "POST /cormun/servlet/solicitudot?gx-no-cache=1491504568743 HTTP/1.1" 200 1273
186.103.159.183 - - [06/Apr/2017:15:48:16 -0300] "POST /cormun/servlet/solicitudot?gx-no-cache=1491504569267 HTTP/1.1" 200 1157
192.168.10.13 - - [06/Apr/2017:15:48:23 -0300] "GET / HTTP/1.1" 200 11217
186.103.159.183 - - [06/Apr/2017:15:48:41 -0300] "GET /cormun/servlet/solicitudot?d230d1f84f487cb1d66bae5cae8ce261cb7608b8b023e5a929b557cf7730e4500c038233c2291f7f2296cb134ce9ded780c1048c7929d600e63abc3d4ff2ba152be6aaa71867ad43d5c6623a33db946f2dfe256a7c1913db42462a7580759c6c78aeda1b9ebae218a222b21b069b9fa040cb70a883b1f845f0f9b97a3c9e994aa2cb8afe121b7b8aaffede9c9b49990c8744a70ab16623e684db0707fb33e6bf03d4962ccb80041af6972a6323fa097a,gx-no-cache=1491504594142 HTTP/1.1" 200 30
186.67.172.234 - - [06/Apr/2017:15:48:50 -0300] "GET /cormun/servlet/hlogin HTTP/1.1" 200 1725
186.67.172.234 - - [06/Apr/2017:15:48:50 -0300] "GET /cormun/static/gxcfg.js?201731711485472 HTTP/1.1" 304 -
186.67.172.234 - - [06/Apr/2017:15:48:51 -0300] "GET /cormun/servlet/hlogin HTTP/1.1" 200 1735
192.168.10.96 - - [06/Apr/2017:15:48:53 -0300] "POST /cormun/servlet/hlogin?2cffeedc97ca779c4bbec51c6c2ddd77,gx-no-cache=1491507809651 HTTP/1.1" 200 90
192.168.10.96 - - [06/Apr/2017:15:48:53 -0300] "GET /cormun/servlet/hpexe_link HTTP/1.1" 200 956
192.168.10.96 - - [06/Apr/2017:15:48:53 -0300] "GET /cormun/servlet/hhome HTTP/1.1" 200 4457
192.168.10.96 - - [06/Apr/2017:15:48:53 -0300] "GET /cormun/servlet/hhome HTTP/1.1" 200 4453
186.67.172.234 - - [06/Apr/2017:15:49:00 -0300] "POST /cormun/servlet/hlogin?7c0ce0ea985675a899cad68382f4c721,gx-no-cache=1491504606127 HTTP/1.1" 200 90
186.67.172.234 - - [06/Apr/2017:15:49:01 -0300] "GET /cormun/servlet/hpexe_link HTTP/1.1" 200 952
186.67.172.234 - - [06/Apr/2017:15:49:01 -0300] "GET /cormun/static/gxcfg.js?201731711483381 HTTP/1.1" 304 -
186.67.172.234 - - [06/Apr/2017:15:49:02 -0300] "GET /cormun/servlet/hhome HTTP/1.1" 200 4042
192.168.10.96 - - [06/Apr/2017:15:49:02 -0300] "GET /cormun/servlet/trsecurityuser01? HTTP/1.1" 200 11586
192.168.10.96 - - [06/Apr/2017:15:49:02 -0300] "GET /cormun/static/gxcfg.js?20173171150263 HTTP/1.1" 200 953
192.168.10.96 - - [06/Apr/2017:15:49:02 -0300] "GET /cormun/static/trsecurityuser01.js?20173171150617 HTTP/1.1" 304 -
186.67.172.234 - - [06/Apr/2017:15:49:02 -0300] "GET /cormun/static/gxcfg.js?201731711483497 HTTP/1.1" 304 -
192.168.10.96 - - [06/Apr/2017:15:49:02 -0300] "GET /cormun/servlet/trsecurityuser01? HTTP/1.1" 200 11584
186.67.172.234 - - [06/Apr/2017:15:49:03 -0300] "GET /cormun/servlet/hhome HTTP/1.1" 200 4038
186.67.172.234 - - [06/Apr/2017:15:49:19 -0300] "GET /cormun/servlet/trsolicitudot? HTTP/1.1" 200 8719
186.67.172.234 - - [06/Apr/2017:15:49:20 -0300] "GET /cormun/static/gxcfg.js?201731711505139 HTTP/1.1" 304 -
186.67.172.234 - - [06/Apr/2017:15:49:21 -0300] "GET /cormun/servlet/trsolicitudot? HTTP/1.1" 200 8717
192.168.10.13 - - [06/Apr/2017:15:49:23 -0300] "GET / HTTP/1.1" 200 11217
186.103.159.183 - - [06/Apr/2017:15:49:24 -0300] "GET /cormun/servlet/solicitudot?d230d1f84f487cb1d66bae5cae8ce261cb7608b8b023e5a929b557cf7730e4500c038233c2291f7f2296cb134ce9ded75837d819318db563ebc5ea55ef7677b62be6aaa71867ad43d5c6623a33db946f2dfe256a7c1913db42462a7580759c6c78aeda1b9ebae218a222b21b069b9fa040cb70a883b1f845f0f9b97a3c9e994aa2cb8afe121b7b8aaffede9c9b49990c8744a70ab16623e684db0707fb33e6bf03d4962ccb80041af6972a6323fa097a,gx-no-cache=1491504637440 HTTP/1.1" 200 30
186.67.172.234 - - [06/Apr/2017:15:49:29 -0300] "GET /cormun/servlet/solicitudot?INS,0,0, HTTP/1.1" 200 12837
186.67.172.234 - - [06/Apr/2017:15:49:29 -0300] "GET /cormun/static/gxcfg.js?20171191042720 HTTP/1.1" 304 -
200.86.95.220 - - [06/Apr/2017:15:49:30 -0300] "GET /cormun/servlet/trsolicitudot? HTTP/1.1" 200 6732
200.86.95.220 - - [06/Apr/2017:15:49:30 -0300] "GET /cormun/static/gxcfg.js?201731711505139 HTTP/1.1" 304 -
200.86.95.220 - - [06/Apr/2017:15:49:30 -0300] "GET /cormun/static/trsolicitudot.js?20173171151116 HTTP/1.1" 304 -
186.67.172.234 - - [06/Apr/2017:15:49:30 -0300] "GET /cormun/servlet/solicitudot?INS,0,0, HTTP/1.1" 200 12842
192.168.10.96 - - [06/Apr/2017:15:49:31 -0300] "GET /cormun/servlet/securityusers?UPD,3809, HTTP/1.1" 200 7404
192.168.10.96 - - [06/Apr/2017:15:49:31 -0300] "GET /cormun/static/gxcfg.js?20173171138052 HTTP/1.1" 200 953
192.168.10.96 - - [06/Apr/2017:15:49:31 -0300] "GET /cormun/static/securityusers.js?2017317113813 HTTP/1.1" 304 -
200.86.95.220 - - [06/Apr/2017:15:49:31 -0300] "GET /cormun/servlet/trsolicitudot? HTTP/1.1" 200 6732
192.168.10.96 - - [06/Apr/2017:15:49:31 -0300] "GET /cormun/servlet/securityusers?UPD,3809, HTTP/1.1" 200 7404
186.103.159.183 - - [06/Apr/2017:15:49:33 -0300] "POST /cormun/servlet/solicitudot?060935268239a7a77a4a211b47c5732a,INS,0,0,,gx-no-cache=1491504643438 HTTP/1.1" 200 93
186.103.159.183 - - [06/Apr/2017:15:49:33 -0300] "GET /cormun/servlet/hpexe_return? HTTP/1.1" 200 1005
186.103.159.183 - - [06/Apr/2017:15:49:33 -0300] "GET /cormun/servlet/trsolicitudot HTTP/1.1" 200 8732
200.86.95.220 - - [06/Apr/2017:15:49:34 -0300] "GET /cormun/servlet/solicitudot?INS,0,0, HTTP/1.1" 200 12571
200.86.95.220 - - [06/Apr/2017:15:49:34 -0300] "GET /cormun/static/solicitudot.js?2017119104297 HTTP/1.1" 304 -
200.86.95.220 - - [06/Apr/2017:15:49:35 -0300] "GET /cormun/static/gxcfg.js?20171191042720 HTTP/1.1" 304 -
186.103.159.183 - - [06/Apr/2017:15:49:35 -0300] "GET /cormun/servlet/trsolicitudot HTTP/1.1" 200 8728
200.86.95.220 - - [06/Apr/2017:15:49:36 -0300] "GET /cormun/servlet/solicitudot?INS,0,0, HTTP/1.1" 200 12576
186.67.172.234 - - [06/Apr/2017:15:49:40 -0300] "POST /cormun/servlet/solicitudot?7c0ce0ea985675a899cad68382f4c721,INS,0,0,,gx-no-cache=1491504643467 HTTP/1.1" 200 10271
186.67.172.234 - - [06/Apr/2017:15:49:40 -0300] "GET /cormun/static/Shared/jqueryui/images/ui-bg_highlight-soft_100_c6c2c8_1x100.png HTTP/1.1" 404 1117
186.67.172.234 - - [06/Apr/2017:15:49:40 -0300] "GET /cormun/static/Shared/jqueryui/images/ui-icons_82798d_256x240.png HTTP/1.1" 404 1089
186.67.172.234 - - [06/Apr/2017:15:49:40 -0300] "GET /cormun/static/Shared/jqueryui/images/ui-bg_flat_55_994d53_40x100.png HTTP/1.1" 404 1097
186.67.172.234 - - [06/Apr/2017:15:49:40 -0300] "GET /cormun/static/Shared/jqueryui/images/ui-icons_ebccce_256x240.png HTTP/1.1" 404 1089
186.103.159.183 - - [06/Apr/2017:15:49:42 -0300] "POST /cormun/servlet/trsolicitudot?060935268239a7a77a4a211b47c5732a,gx-no-cache=1491504654514 HTTP/1.1" 200 5443
186.103.159.183 - - [06/Apr/2017:15:49:42 -0300] "GET /cormun/static/Shared/jqueryui/images/ui-bg_highlight-soft_100_c6c2c8_1x100.png HTTP/1.1" 404 1117
186.103.159.183 - - [06/Apr/2017:15:49:42 -0300] "GET /cormun/static/Shared/jqueryui/images/ui-icons_82798d_256x240.png HTTP/1.1" 404 1089
186.103.159.183 - - [06/Apr/2017:15:49:42 -0300] "GET /cormun/static/Shared/jqueryui/images/ui-bg_flat_55_fafafa_40x100.png HTTP/1.1" 404 1097
186.103.159.183 - - [06/Apr/2017:15:49:42 -0300] "GET /cormun/static/Shared/jqueryui/images/ui-icons_8d78a5_256x240.png HTTP/1.1" 404 1089
186.103.159.183 - - [06/Apr/2017:15:49:42 -0300] "POST /cormun/servlet/trsolicitudot?060935268239a7a77a4a211b47c5732a,gx-no-cache=1491504655426 HTTP/1.1" 200 5387
186.103.159.183 - - [06/Apr/2017:15:49:46 -0300] "GET /cormun/servlet/trautorizarsolicitud? HTTP/1.1" 200 8181
192.168.10.96 - - [06/Apr/2017:15:49:46 -0300] "GET /cormun/servlet/hlogin HTTP/1.1" 200 1749
186.103.159.183 - - [06/Apr/2017:15:49:47 -0300] "GET /cormun/servlet/trautorizarsolicitud? HTTP/1.1" 200 8181
186.67.172.234 - - [06/Apr/2017:15:49:51 -0300] "POST /cormun/servlet/solicitudot?gx-no-cache=1491504656111 HTTP/1.1" 200 3081
186.67.172.234 - - [06/Apr/2017:15:49:53 -0300] "POST /cormun/servlet/solicitudot?7c0ce0ea985675a899cad68382f4c721,INS,0,0,,gx-no-cache=1491504657805 HTTP/1.1" 200 10403
186.67.172.234 - - [06/Apr/2017:15:49:55 -0300] "GET /cormun/servlet/solicitudot?81d2c34dfdf22c8dbc5fdd0981f8360cd6a1d9ac5cdd2644a5c259b0638934eedd534af4db7f54eef70650b64d0a1c8e,gx-no-cache=1491504660412 HTTP/1.1" 200 30
192.168.10.96 - - [06/Apr/2017:15:49:56 -0300] "POST /cormun/servlet/hlogin?2cffeedc97ca779c4bbec51c6c2ddd77,gx-no-cache=1491507873346 HTTP/1.1" 200 460
200.86.95.220 - - [06/Apr/2017:15:50:01 -0300] "POST /cormun/servlet/solicitudot?gx-no-cache=1491504669496 HTTP/1.1" 200 3189
200.86.95.220 - - [06/Apr/2017:15:50:01 -0300] "POST /cormun/servlet/solicitudot?793c488280560c4ea9327267cd72373e,INS,0,0,,gx-no-cache=1491504670321 HTTP/1.1" 200 9796
192.168.10.96 - - [06/Apr/2017:15:50:04 -0300] "POST /cormun/servlet/hlogin?2cffeedc97ca779c4bbec51c6c2ddd77,gx-no-cache=1491507880875 HTTP/1.1" 200 90
192.168.10.96 - - [06/Apr/2017:15:50:04 -0300] "GET /cormun/servlet/hpexe_link HTTP/1.1" 200 956
192.168.10.96 - - [06/Apr/2017:15:50:04 -0300] "GET /cormun/servlet/hhome HTTP/1.1" 200 3961
192.168.10.96 - - [06/Apr/2017:15:50:05 -0300] "GET /cormun/servlet/hhome HTTP/1.1" 200 3957
200.86.95.220 - - [06/Apr/2017:15:50:07 -0300] "GET /cormun/servlet/solicitudot?5f3d73a4d8baca5da3b23eb2c1c0853e106505d8cfc8982b5a5ad95567527710070cf56914b4d685c181494489e3599d,gx-no-cache=1491504676943 HTTP/1.1" 200 30
200.86.95.220 - - [06/Apr/2017:15:50:08 -0300] "POST /cormun/servlet/solicitudot?gx-no-cache=1491504677104 HTTP/1.1" 200 255
200.86.95.220 - - [06/Apr/2017:15:50:08 -0300] "GET /cormun/servlet/solicitudot?5f3d73a4d8baca5da3b23eb2c1c0853ee15d39fe646f42f18e54bcf2e8de38a1ac769ae1b628d0014eeb6f35adc72cf91cb74c156c9346246782a71b0a18ae437ccf00259fba880b1276b24a5a48016c5a10609b25a0ad8739ae4c90e23eac470492097070ba15b0852f53139e86d08c2847c730d1a6bab68815cf19af40aee056304e4a8b917e330317168825f9a6aad4a8fdaa9effcf2e93ad2839c5a6f03e65dfd2cbbce31f1218ef282e179f90ab405563f190b9850b6ace28bbb048922eec49de2c27ef8704ce4ba79042416f0192c922d39108543a62e9702b6173c8998d10de998ec2ca78d11979639e31c609366d1601a2c89cb60c878360292bb7a9a4f9ccb63d164ccb82591b2908448209e53dfcafe67c80acc3bd9c1238cdf05b681289311f79cc512af03aa7ee73a37f74f8221a3f2b8b9e0bc9f72c1030eefa17305e1bfd5168bb5acdee3754d5a99a75282fe7c6f861fa3190e15f829f3c6b782448c8d8e41b5ca06ca966a486f1c663142861ebeecf2765f1c9e696d046d3,gx-no-cache=1491504677241 HTTP/1.1" 200 30
192.168.10.96 - - [06/Apr/2017:15:50:08 -0300] "GET /cormun/servlet/trautorizarpermisogoce? HTTP/1.1" 200 6683
192.168.10.96 - - [06/Apr/2017:15:50:09 -0300] "GET /cormun/static/gxcfg.js?201731711543713 HTTP/1.1" 304 -
192.168.10.96 - - [06/Apr/2017:15:50:09 -0300] "GET /cormun/static/trautorizarpermisogoce.js?201731711544173 HTTP/1.1" 304 -
192.168.10.96 - - [06/Apr/2017:15:50:09 -0300] "GET /cormun/servlet/trautorizarpermisogoce? HTTP/1.1" 200 6683
186.103.159.183 - - [06/Apr/2017:15:50:09 -0300] "POST /cormun/servlet/trautorizarsolicitud?060935268239a7a77a4a211b47c5732a,,gx-no-cache=1491504682042 HTTP/1.1" 200 4317
186.103.159.183 - - [06/Apr/2017:15:50:09 -0300] "GET /cormun/static/Shared/jqueryui/images/ui-bg_highlight-soft_100_c6c2c8_1x100.png HTTP/1.1" 404 1117
186.103.159.183 - - [06/Apr/2017:15:50:09 -0300] "GET /cormun/static/Shared/jqueryui/images/ui-icons_8d78a5_256x240.png HTTP/1.1" 404 1089
186.103.159.183 - - [06/Apr/2017:15:50:10 -0300] "GET /cormun/static/Shared/jqueryui/images/ui-icons_82798d_256x240.png HTTP/1.1" 404 1089
186.103.159.183 - - [06/Apr/2017:15:50:10 -0300] "GET /cormun/static/Shared/jqueryui/images/ui-bg_flat_55_fafafa_40x100.png HTTP/1.1" 404 1097
186.103.159.183 - - [06/Apr/2017:15:50:10 -0300] "POST /cormun/servlet/trautorizarsolicitud?060935268239a7a77a4a211b47c5732a,,gx-no-cache=1491504682915 HTTP/1.1" 200 4096
200.86.95.220 - - [06/Apr/2017:15:50:11 -0300] "POST /cormun/servlet/solicitudot?gx-no-cache=1491504679951 HTTP/1.1" 200 30
192.168.10.96 - - [06/Apr/2017:15:50:12 -0300] "POST /cormun/servlet/trautorizarpermisogoce?2cffeedc97ca779c4bbec51c6c2ddd77,,gx-no-cache=1491507889290 HTTP/1.1" 200 4847
200.86.95.220 - - [06/Apr/2017:15:50:13 -0300] "GET /cormun/servlet/prcontratosol?15967778,,,,,MD,,gxPopupLevel%3D0%3B HTTP/1.1" 200 5924
200.86.95.220 - - [06/Apr/2017:15:50:13 -0300] "GET /cormun/static/gxcfg.js?201731711522183 HTTP/1.1" 304 -
200.86.95.220 - - [06/Apr/2017:15:50:13 -0300] "GET /cormun/static/prcontratosol.js?201731711522419 HTTP/1.1" 304 -
200.86.95.220 - - [06/Apr/2017:15:50:13 -0300] "GET /cormun/static/menusearch.js?201610171694467 HTTP/1.1" 304 -
200.86.95.220 - - [06/Apr/2017:15:50:13 -0300] "GET /cormun/static/hmpwkw011.js?201731711483558 HTTP/1.1" 304 -
200.86.95.220 - - [06/Apr/2017:15:50:17 -0300] "POST /cormun/servlet/solicitudot?gx-no-cache=1491504686253 HTTP/1.1" 200 1292
200.86.95.220 - - [06/Apr/2017:15:50:17 -0300] "POST /cormun/servlet/solicitudot?gx-no-cache=1491504686406 HTTP/1.1" 200 38
200.86.95.220 - - [06/Apr/2017:15:50:17 -0300] "GET /cormun/servlet/solicitudot?5f3d73a4d8baca5da3b23eb2c1c0853ee08d8a212fcfad5c4013c56953970b89b334e17229b715b21f6f6bd0d0c0ef73925832ec4a443c60e960875f5e8399e290ad8f3378d23062a612b255a02de1b910cfdb63e888df173ed67d3473c866321bda9a8ad005d2355577d47bae3984da2f98102c5acc7d4cdaf22d2249542fa58fe1f05da9ab1343bd76196368b215eab0529deafbab396e7c3b8c3c7938b27d70498efa762cbb769a0be43b5fcc2db4275ed0110ddd08ee88ab81d62004ce8c877de4b02a3806fe61b6ab81e76f6fda,gx-no-cache=1491504686521 HTTP/1.1" 200 29
200.86.95.220 - - [06/Apr/2017:15:50:17 -0300] "POST /cormun/servlet/solicitudot?gx-no-cache=1491504686626 HTTP/1.1" 200 1275
200.86.95.220 - - [06/Apr/2017:15:50:17 -0300] "POST /cormun/servlet/solicitudot?gx-no-cache=1491504686768 HTTP/1.1" 200 1157
192.168.10.13 - - [06/Apr/2017:15:50:23 -0300] "GET / HTTP/1.1" 200 11217
186.103.159.183 - - [06/Apr/2017:15:50:27 -0300] "GET /cormun/servlet/trlicencias? HTTP/1.1" 200 6857
186.103.159.183 - - [06/Apr/2017:15:50:27 -0300] "GET /cormun/static/trlicencias.js?2016122619301919 HTTP/1.1" 200 37913
186.103.159.183 - - [06/Apr/2017:15:50:27 -0300] "GET /cormun/static/gxcfg.js?2016122619301429 HTTP/1.1" 200 953
186.103.159.183 - - [06/Apr/2017:15:50:28 -0300] "GET /cormun/servlet/trlicencias? HTTP/1.1" 200 6856
200.86.95.220 - - [06/Apr/2017:15:50:29 -0300] "POST /cormun/servlet/solicitudot?gx-no-cache=1491504698240 HTTP/1.1" 200 1275
200.86.95.220 - - [06/Apr/2017:15:50:29 -0300] "POST /cormun/servlet/solicitudot?gx-no-cache=1491504698392 HTTP/1.1" 200 1157
200.86.95.220 - - [06/Apr/2017:15:50:29 -0300] "GET /cormun/servlet/solicitudot?5f3d73a4d8baca5da3b23eb2c1c0853e2dbbb073b57f33c2c897e12f34637479371f56b9f1a853e2c4e1fb3a06c580c0d26bdfd432387db72ce3e4af36be73d931db40e584c0f400c38c099232e6e7a6f9648fa1d068d35f26f548f0bc4fe4bf95ed76b0594ac6de072dae99fefe655c1ab55b220a53e80659925f3dc5e5a35bf675dfe5f15d1e2c5f9aa24acb74d5f2e696f588090daafe0e3b70e28df8302673ffb258bdc6a902d42fa76f978a7364,gx-no-cache=1491504698520 HTTP/1.1" 200 30
186.103.159.183 - - [06/Apr/2017:15:50:34 -0300] "POST /cormun/servlet/trlicencias?060935268239a7a77a4a211b47c5732a,,gx-no-cache=1491504707549 HTTP/1.1" 200 4092
186.103.159.183 - - [06/Apr/2017:15:50:42 -0300] "GET /cormun/servlet/hlogin HTTP/1.1" 200 1736
200.86.95.220 - - [06/Apr/2017:15:50:53 -0300] "POST /cormun/servlet/solicitudot?793c488280560c4ea9327267cd72373e,INS,0,0,,gx-no-cache=1491504720760 HTTP/1.1" 200 93
200.86.95.220 - - [06/Apr/2017:15:50:53 -0300] "GET /cormun/servlet/hpexe_return? HTTP/1.1" 200 1011
200.86.95.220 - - [06/Apr/2017:15:50:54 -0300] "GET /cormun/servlet/trsolicitudot HTTP/1.1" 200 8031
200.86.95.220 - - [06/Apr/2017:15:50:55 -0300] "GET /cormun/servlet/trsolicitudot HTTP/1.1" 200 8027
192.168.10.96 - - [06/Apr/2017:15:50:58 -0300] "POST /cormun/servlet/trautorizarpermisogoce?2cffeedc97ca779c4bbec51c6c2ddd77,,gx-no-cache=1491507935208 HTTP/1.1" 200 4866
192.168.10.96 - - [06/Apr/2017:15:50:58 -0300] "GET /cormun/static/Shared/jqueryui/images/ui-bg_highlight-soft_100_c6c2c8_1x100.png HTTP/1.1" 404 1117
192.168.10.96 - - [06/Apr/2017:15:50:58 -0300] "GET /cormun/static/Shared/jqueryui/images/ui-icons_82798d_256x240.png HTTP/1.1" 404 1089
192.168.10.96 - - [06/Apr/2017:15:50:58 -0300] "GET /cormun/static/Shared/jqueryui/images/ui-bg_flat_55_fafafa_40x100.png HTTP/1.1" 404 1097
192.168.10.96 - - [06/Apr/2017:15:50:59 -0300] "GET /cormun/static/Shared/jqueryui/images/ui-icons_8d78a5_256x240.png HTTP/1.1" 404 1089
200.86.95.220 - - [06/Apr/2017:15:51:00 -0300] "POST /cormun/servlet/trsolicitudot?793c488280560c4ea9327267cd72373e,gx-no-cache=1491504729434 HTTP/1.1" 200 4164
200.86.95.220 - - [06/Apr/2017:15:51:00 -0300] "GET /cormun/static/Shared/jqueryui/images/ui-bg_highlight-soft_100_c6c2c8_1x100.png HTTP/1.1" 404 1117
200.86.95.220 - - [06/Apr/2017:15:51:00 -0300] "GET /cormun/static/Shared/jqueryui/images/ui-icons_82798d_256x240.png HTTP/1.1" 404 1089
200.86.95.220 - - [06/Apr/2017:15:51:00 -0300] "GET /cormun/static/Shared/jqueryui/images/ui-bg_flat_55_fafafa_40x100.png HTTP/1.1" 404 1097
200.86.95.220 - - [06/Apr/2017:15:51:00 -0300] "GET /cormun/static/Shared/jqueryui/images/ui-icons_8d78a5_256x240.png HTTP/1.1" 404 1089
200.86.95.220 - - [06/Apr/2017:15:51:01 -0300] "POST /cormun/servlet/trsolicitudot?793c488280560c4ea9327267cd72373e,gx-no-cache=1491504730078 HTTP/1.1" 200 3943
192.168.10.96 - - [06/Apr/2017:15:51:03 -0300] "GET /cormun/servlet/trpermisosadjuntos?16716335,20170403145018,P, HTTP/1.1" 200 6284
192.168.10.96 - - [06/Apr/2017:15:51:03 -0300] "GET /cormun/servlet/trpermisosadjuntos?16716335,20170403145018,P, HTTP/1.1" 200 6284
192.168.10.96 - - [06/Apr/2017:15:51:04 -0300] "POST /cormun/servlet/acontrolpreferencessavestate?None,CERIKAKS,true HTTP/1.1" 200 35
192.168.10.96 - - [06/Apr/2017:15:51:05 -0300] "GET /cormun/servlet/permisosadjuntos?INS,16716335,P,20170403145018,, HTTP/1.1" 200 5614
192.168.10.96 - - [06/Apr/2017:15:51:05 -0300] "GET /cormun/static/gxcfg.js?2016122813135788 HTTP/1.1" 304 -
192.168.10.96 - - [06/Apr/2017:15:51:05 -0300] "GET /cormun/static/permisosadjuntos.js?2016122813135797 HTTP/1.1" 304 -
192.168.10.96 - - [06/Apr/2017:15:51:05 -0300] "GET /cormun/static/about:blank HTTP/1.1" 404 1011
192.168.10.96 - - [06/Apr/2017:15:51:05 -0300] "GET /cormun/servlet/permisosadjuntos?INS,16716335,P,20170403145018,, HTTP/1.1" 200 5604
200.86.95.220 - - [06/Apr/2017:15:51:09 -0300] "GET /cormun/servlet/hlogin HTTP/1.1" 200 1728
192.168.10.96 - - [06/Apr/2017:15:51:10 -0300] "POST /cormun/servlet/permisosadjuntos?2cffeedc97ca779c4bbec51c6c2ddd77,INS,16716335,P,20170403145018,, HTTP/1.1" 200 116
192.168.10.96 - - [06/Apr/2017:15:51:11 -0300] "GET /cormun/servlet/hpexe_return? HTTP/1.1" 200 1038
192.168.10.96 - - [06/Apr/2017:15:51:11 -0300] "GET /cormun/static/hpexe_return.js?2016101716175153 HTTP/1.1" 304 -
192.168.10.96 - - [06/Apr/2017:15:51:11 -0300] "GET /cormun/static/gxcfg.js?2016101716175148 HTTP/1.1" 304 -
192.168.10.96 - - [06/Apr/2017:15:51:11 -0300] "GET /cormun/static/Resources/Spanish/PXTools.css?167811 HTTP/1.1" 304 -
192.168.10.96 - - [06/Apr/2017:15:51:11 -0300] "GET /cormun/servlet/trpermisosadjuntos?16716335,20170403145018,P, HTTP/1.1" 200 6773
192.168.10.96 - - [06/Apr/2017:15:51:11 -0300] "GET /cormun/servlet/trpermisosadjuntos?16716335,20170403145018,P, HTTP/1.1" 200 6770
192.168.10.96 - - [06/Apr/2017:15:51:13 -0300] "POST /cormun/servlet/trpermisosadjuntos?2cffeedc97ca779c4bbec51c6c2ddd77,16716335,20170403145018,P,,gx-no-cache=1491507950353 HTTP/1.1" 200 90
192.168.10.96 - - [06/Apr/2017:15:51:13 -0300] "GET /cormun/servlet/hpexe_link HTTP/1.1" 200 994
192.168.10.96 - - [06/Apr/2017:15:51:14 -0300] "GET /cormun/servlet/trautorizarpermisogoce? HTTP/1.1" 200 7494
192.168.10.96 - - [06/Apr/2017:15:51:14 -0300] "GET /cormun/servlet/trautorizarpermisogoce? HTTP/1.1" 200 7492
192.168.10.96 - - [06/Apr/2017:15:51:16 -0300] "POST /cormun/servlet/trautorizarpermisogoce?2cffeedc97ca779c4bbec51c6c2ddd77,,gx-no-cache=1491507952520 HTTP/1.1" 200 4867
192.168.10.96 - - [06/Apr/2017:15:51:16 -0300] "GET /cormun/static/Shared/jqueryui/images/ui-icons_82798d_256x240.png HTTP/1.1" 404 1089
192.168.10.96 - - [06/Apr/2017:15:51:16 -0300] "GET /cormun/static/Shared/jqueryui/images/ui-bg_highlight-soft_100_c6c2c8_1x100.png HTTP/1.1" 404 1117
192.168.10.96 - - [06/Apr/2017:15:51:16 -0300] "GET /cormun/static/Shared/jqueryui/images/ui-icons_8d78a5_256x240.png HTTP/1.1" 404 1089
192.168.10.96 - - [06/Apr/2017:15:51:16 -0300] "GET /cormun/static/Shared/jqueryui/images/ui-bg_flat_55_fafafa_40x100.png HTTP/1.1" 404 1097
200.86.95.220 - - [06/Apr/2017:15:51:22 -0300] "POST /cormun/servlet/hlogin?793c488280560c4ea9327267cd72373e,gx-no-cache=1491504751162 HTTP/1.1" 200 90
200.86.95.220 - - [06/Apr/2017:15:51:22 -0300] "GET /cormun/servlet/hpexe_link HTTP/1.1" 200 957
200.86.95.220 - - [06/Apr/2017:15:51:22 -0300] "GET /cormun/servlet/hhome HTTP/1.1" 200 3967
192.168.10.96 - - [06/Apr/2017:15:51:23 -0300] "GET /cormun/servlet/trpermisosadjuntos?16716335,20170403145018,P, HTTP/1.1" 200 6770
192.168.10.13 - - [06/Apr/2017:15:51:23 -0300] "GET / HTTP/1.1" 200 11217
192.168.10.96 - - [06/Apr/2017:15:51:23 -0300] "GET /cormun/servlet/trpermisosadjuntos?16716335,20170403145018,P, HTTP/1.1" 200 6770
200.86.95.220 - - [06/Apr/2017:15:51:23 -0300] "GET /cormun/servlet/hhome HTTP/1.1" 200 3963
