186.103.156.166 - - [05/Apr/2017:11:54:07 -0300] "GET /cormun/servlet/solicitudotadjuntos?1c7eb3d16ebea975207b53eb5f2eeea6969883c7a85615903762cd19bccae37cac9b64c8247aa5281baf5b32aed2fa1a,gx-no-cache=1491407722809 HTTP/1.1" 200 30
186.103.156.166 - - [05/Apr/2017:11:54:07 -0300] "POST /cormun/servlet/solicitudotadjuntos?f188049e328ee1bfacea1023bd339567,INS,2017,5941,,1,,gx-no-cache=1491407722902 HTTP/1.1" 200 3823
186.103.156.166 - - [05/Apr/2017:11:54:10 -0300] "POST /cormun/servlet/solicitudotadjuntos?gx-no-cache=1491407726201 HTTP/1.1" 200 26
186.103.156.166 - - [05/Apr/2017:11:54:17 -0300] "GET /cormun/servlet/solicitudotadjuntos?1c7eb3d16ebea975207b53eb5f2eeea68d4ffa3464ba4e1ea480ee533b392e0a,gx-no-cache=1491407733310 HTTP/1.1" 200 30
186.103.156.166 - - [05/Apr/2017:11:54:17 -0300] "GET /cormun/servlet/solicitudotadjuntos?1c7eb3d16ebea975207b53eb5f2eeea68d4ffa3464ba4e1ea480ee533b392e0a,gx-no-cache=1491407733340 HTTP/1.1" 200 30
186.103.156.24 - - [05/Apr/2017:11:54:18 -0300] "GET /cormun/servlet/hlogin HTTP/1.1" 200 1726
186.103.156.24 - - [05/Apr/2017:11:54:18 -0300] "GET /cormun/static/Resources/Spanish/PXTools.css?11294912 HTTP/1.1" 304 -
186.103.156.24 - - [05/Apr/2017:11:54:18 -0300] "GET /cormun/static/gxtimezone.js?85251 HTTP/1.1" 304 -
186.103.156.24 - - [05/Apr/2017:11:54:18 -0300] "GET /cormun/static/gxcfg.js?201731711485472 HTTP/1.1" 304 -
186.103.156.24 - - [05/Apr/2017:11:54:18 -0300] "GET /cormun/static/messages.spa.js?85251 HTTP/1.1" 304 -
186.103.156.24 - - [05/Apr/2017:11:54:18 -0300] "GET /cormun/static/hlogin.js?201731711485490 HTTP/1.1" 304 -
186.103.156.166 - - [05/Apr/2017:11:54:22 -0300] "POST /cormun/servlet/solicitudotadjuntos?f188049e328ee1bfacea1023bd339567,INS,2017,5941,,1, HTTP/1.1" 200 116
186.103.156.166 - - [05/Apr/2017:11:54:22 -0300] "GET /cormun/servlet/hpexe_return? HTTP/1.1" 200 1029
186.103.156.24 - - [05/Apr/2017:11:54:22 -0300] "GET /cormun/servlet/hlogin HTTP/1.1" 200 1726
186.103.156.166 - - [05/Apr/2017:11:54:23 -0300] "GET /cormun/servlet/trsolicitudadjuntos?2017,5941, HTTP/1.1" 200 9087
192.168.10.13 - - [05/Apr/2017:11:54:24 -0300] "GET / HTTP/1.1" 200 11217
186.103.156.166 - - [05/Apr/2017:11:54:25 -0300] "GET /cormun/servlet/trsolicitudadjuntos?2017,5941, HTTP/1.1" 200 9084
200.83.57.219 - - [05/Apr/2017:11:54:33 -0300] "GET /cormun/servlet/hlogin HTTP/1.1" 200 1729
186.103.156.24 - - [05/Apr/2017:11:54:36 -0300] "POST /cormun/servlet/hlogin?5095c1a691b7913cbf77297fd7a02c76,gx-no-cache=1491404176284 HTTP/1.1" 200 430
186.103.156.24 - - [05/Apr/2017:11:54:48 -0300] "POST /cormun/servlet/hlogin?5095c1a691b7913cbf77297fd7a02c76,gx-no-cache=1491404189075 HTTP/1.1" 200 90
186.103.156.24 - - [05/Apr/2017:11:54:48 -0300] "GET /cormun/servlet/hpexe_link HTTP/1.1" 200 953
186.103.156.24 - - [05/Apr/2017:11:54:48 -0300] "GET /cormun/static/gxcfg.js?201731711483381 HTTP/1.1" 304 -
186.103.156.24 - - [05/Apr/2017:11:54:48 -0300] "GET /cormun/static/hpexe_link.js?201731711483384 HTTP/1.1" 304 -
186.103.156.24 - - [05/Apr/2017:11:54:48 -0300] "GET /cormun/servlet/hhome HTTP/1.1" 200 4001
186.103.156.24 - - [05/Apr/2017:11:54:48 -0300] "GET /cormun/static/gxcfg.js?201731711483497 HTTP/1.1" 304 -
186.103.156.24 - - [05/Apr/2017:11:54:49 -0300] "GET /cormun/static/hhome.js?20173171148352 HTTP/1.1" 304 -
186.103.156.24 - - [05/Apr/2017:11:54:49 -0300] "GET /cormun/static/hwchdr01.js?201731711335950 HTTP/1.1" 304 -
186.103.156.24 - - [05/Apr/2017:11:54:49 -0300] "GET /cormun/static/hpexe_recentlink.js?201610171694390 HTTP/1.1" 304 -
186.103.156.24 - - [05/Apr/2017:11:54:49 -0300] "GET /cormun/static/hpexe_scripts.js?201731711335890 HTTP/1.1" 304 -
186.103.156.24 - - [05/Apr/2017:11:54:49 -0300] "GET /cormun/static/hpexe_messagepopupcomponent.js?20161017169425 HTTP/1.1" 304 -
186.103.156.24 - - [05/Apr/2017:11:54:49 -0300] "GET /cormun/static/hpexe_messagecontroller.js?201610171694323 HTTP/1.1" 304 -
186.103.156.24 - - [05/Apr/2017:11:54:49 -0300] "GET /cormun/static/hpexe_messagegenexuscomponent.js?201731711335537 HTTP/1.1" 304 -
186.103.156.24 - - [05/Apr/2017:11:54:49 -0300] "GET /cormun/static/cmcontrolpreferences.js?201731711335852 HTTP/1.1" 304 -
186.103.156.24 - - [05/Apr/2017:11:54:49 -0300] "GET /cormun/static/hmpwkw03.js?201731711485354 HTTP/1.1" 304 -
186.103.156.24 - - [05/Apr/2017:11:54:49 -0300] "GET /cormun/servlet/hhome HTTP/1.1" 200 3997
200.83.57.219 - - [05/Apr/2017:11:55:00 -0300] "POST /cormun/servlet/hlogin?bafb5bacb41d9f458f5103d7b3dbfad9,gx-no-cache=1491404159427 HTTP/1.1" 200 90
200.83.57.219 - - [05/Apr/2017:11:55:00 -0300] "GET /cormun/servlet/hpexe_link HTTP/1.1" 200 968
200.83.57.219 - - [05/Apr/2017:11:55:00 -0300] "GET /cormun/servlet/solicitudot?INS,0,0, HTTP/1.1" 200 12920
200.83.57.219 - - [05/Apr/2017:11:55:00 -0300] "GET /cormun/servlet/solicitudot?INS,0,0, HTTP/1.1" 200 12924
186.103.156.166 - - [05/Apr/2017:11:55:00 -0300] "POST /cormun/servlet/acontrolpreferencessavestate?None,EBLANCO,true HTTP/1.1" 200 35
186.103.156.24 - - [05/Apr/2017:11:55:01 -0300] "GET /cormun/servlet/trautorizarsolicitud? HTTP/1.1" 200 8189
186.103.156.24 - - [05/Apr/2017:11:55:01 -0300] "GET /cormun/static/Resources/Spanish/PXTools.css?18365030 HTTP/1.1" 304 -
186.103.156.24 - - [05/Apr/2017:11:55:01 -0300] "GET /cormun/static/gxcfg.js?2017259112829 HTTP/1.1" 304 -
186.103.156.24 - - [05/Apr/2017:11:55:01 -0300] "GET /cormun/static/calendar.js?85251 HTTP/1.1" 304 -
186.103.156.24 - - [05/Apr/2017:11:55:01 -0300] "GET /cormun/static/calendar-setup.js?85251 HTTP/1.1" 304 -
186.103.156.24 - - [05/Apr/2017:11:55:01 -0300] "GET /cormun/static/calendar-es.js?85251 HTTP/1.1" 304 -
186.103.156.24 - - [05/Apr/2017:11:55:01 -0300] "GET /cormun/static/gxdec.js?85251 HTTP/1.1" 304 -
186.103.156.24 - - [05/Apr/2017:11:55:01 -0300] "GET /cormun/static/trautorizarsolicitud.js?2017259113483 HTTP/1.1" 304 -
186.103.156.24 - - [05/Apr/2017:11:55:02 -0300] "GET /cormun/servlet/trautorizarsolicitud? HTTP/1.1" 200 8187
186.103.156.166 - - [05/Apr/2017:11:55:02 -0300] "POST /cormun/servlet/acontrolpreferencessavestate?None,EBLANCO,true HTTP/1.1" 200 35
186.103.156.24 - - [05/Apr/2017:11:55:08 -0300] "POST /cormun/servlet/trautorizarsolicitud?5095c1a691b7913cbf77297fd7a02c76,,gx-no-cache=1491404210929 HTTP/1.1" 200 5442
186.103.156.24 - - [05/Apr/2017:11:55:08 -0300] "GET /cormun/static/Shared/jqueryui/images/ui-bg_highlight-soft_100_c6c2c8_1x100.png HTTP/1.1" 404 1117
186.103.156.24 - - [05/Apr/2017:11:55:08 -0300] "GET /cormun/static/Shared/jqueryui/images/ui-icons_82798d_256x240.png HTTP/1.1" 404 1089
186.103.156.24 - - [05/Apr/2017:11:55:08 -0300] "GET /cormun/static/Shared/jqueryui/images/ui-bg_flat_55_fafafa_40x100.png HTTP/1.1" 404 1097
186.103.156.24 - - [05/Apr/2017:11:55:08 -0300] "GET /cormun/static/Shared/jqueryui/images/ui-icons_8d78a5_256x240.png HTTP/1.1" 404 1089
186.103.156.166 - - [05/Apr/2017:11:55:10 -0300] "GET /cormun/servlet/trautorizarsolicitud? HTTP/1.1" 200 8641
186.103.156.166 - - [05/Apr/2017:11:55:10 -0300] "GET /cormun/static/gxcfg.js?2017259112829 HTTP/1.1" 304 -
200.83.57.219 - - [05/Apr/2017:11:55:10 -0300] "GET /cormun/servlet/trrenuncias? HTTP/1.1" 200 6873
186.103.156.166 - - [05/Apr/2017:11:55:10 -0300] "GET /cormun/static/trautorizarsolicitud.js?2017259113483 HTTP/1.1" 304 -
200.83.57.219 - - [05/Apr/2017:11:55:10 -0300] "GET /cormun/static/gxcfg.js?201731711553383 HTTP/1.1" 200 953
200.83.57.219 - - [05/Apr/2017:11:55:10 -0300] "GET /cormun/static/trrenuncias.js?201731711553833 HTTP/1.1" 200 28329
200.83.57.219 - - [05/Apr/2017:11:55:11 -0300] "GET /cormun/servlet/trrenuncias? HTTP/1.1" 200 6868
186.103.156.166 - - [05/Apr/2017:11:55:11 -0300] "GET /cormun/servlet/trautorizarsolicitud? HTTP/1.1" 200 8632
186.103.156.24 - - [05/Apr/2017:11:55:14 -0300] "POST /cormun/servlet/trautorizarsolicitud?5095c1a691b7913cbf77297fd7a02c76,,gx-no-cache=1491404217994 HTTP/1.1" 200 5442
186.103.156.24 - - [05/Apr/2017:11:55:17 -0300] "POST /cormun/servlet/trautorizarsolicitud?5095c1a691b7913cbf77297fd7a02c76,,gx-no-cache=1491404220578 HTTP/1.1" 200 5442
192.168.10.13 - - [05/Apr/2017:11:55:24 -0300] "GET / HTTP/1.1" 200 11217
200.83.57.219 - - [05/Apr/2017:11:55:35 -0300] "GET /cormun/servlet/renuncias?INS,0, HTTP/1.1" 200 6228
200.83.57.219 - - [05/Apr/2017:11:55:35 -0300] "GET /cormun/static/gxcfg.js?20173291217350 HTTP/1.1" 200 953
200.83.57.219 - - [05/Apr/2017:11:55:35 -0300] "GET /cormun/static/renuncias.js?20173291217362 HTTP/1.1" 200 14101
200.83.57.219 - - [05/Apr/2017:11:55:35 -0300] "GET /cormun/servlet/renuncias?INS,0, HTTP/1.1" 200 6228
186.103.156.166 - - [05/Apr/2017:11:56:04 -0300] "GET /cormun/servlet/treventos?2017,5904, HTTP/1.1" 200 7424
186.103.156.166 - - [05/Apr/2017:11:56:04 -0300] "GET /cormun/static/gxcfg.js?2016101716195975 HTTP/1.1" 304 -
186.103.156.166 - - [05/Apr/2017:11:56:04 -0300] "GET /cormun/static/treventos.js?201610171620222 HTTP/1.1" 304 -
186.103.156.166 - - [05/Apr/2017:11:56:04 -0300] "GET /cormun/servlet/treventos?2017,5904, HTTP/1.1" 200 7424
186.103.156.166 - - [05/Apr/2017:11:56:15 -0300] "GET /cormun/servlet/trautorizarsolicitud? HTTP/1.1" 200 8632
186.103.156.166 - - [05/Apr/2017:11:56:16 -0300] "GET /cormun/servlet/trautorizarsolicitud? HTTP/1.1" 200 8632
192.168.10.13 - - [05/Apr/2017:11:56:24 -0300] "GET / HTTP/1.1" 200 11217
186.103.156.166 - - [05/Apr/2017:11:56:31 -0300] "POST /cormun/servlet/trautorizarsolicitud?f188049e328ee1bfacea1023bd339567,,gx-no-cache=1491407866508 HTTP/1.1" 200 5436
186.103.156.166 - - [05/Apr/2017:11:56:31 -0300] "GET /cormun/static/Shared/jqueryui/images/ui-bg_highlight-soft_100_c6c2c8_1x100.png HTTP/1.1" 404 1117
186.103.156.166 - - [05/Apr/2017:11:56:31 -0300] "GET /cormun/static/Shared/jqueryui/images/ui-icons_82798d_256x240.png HTTP/1.1" 404 1089
186.103.156.166 - - [05/Apr/2017:11:56:31 -0300] "GET /cormun/static/Shared/jqueryui/images/ui-icons_8d78a5_256x240.png HTTP/1.1" 404 1089
186.103.156.166 - - [05/Apr/2017:11:56:31 -0300] "GET /cormun/static/Shared/jqueryui/images/ui-bg_flat_55_fafafa_40x100.png HTTP/1.1" 404 1097
186.103.156.166 - - [05/Apr/2017:11:56:31 -0300] "POST /cormun/servlet/trautorizarsolicitud?f188049e328ee1bfacea1023bd339567,,gx-no-cache=1491407866772 HTTP/1.1" 200 5381
186.79.6.196 - - [05/Apr/2017:11:56:33 -0300] "GET /cormun/servlet/hlogin HTTP/1.1" 200 1726
186.79.6.196 - - [05/Apr/2017:11:56:33 -0300] "GET /cormun/static/Resources/Spanish/PXTools.css?11294912 HTTP/1.1" 304 -
186.79.6.196 - - [05/Apr/2017:11:56:33 -0300] "GET /cormun/static/gxcfg.js?201731711485472 HTTP/1.1" 304 -
186.79.6.196 - - [05/Apr/2017:11:56:33 -0300] "GET /cormun/static/messages.spa.js?85251 HTTP/1.1" 304 -
186.79.6.196 - - [05/Apr/2017:11:56:33 -0300] "GET /cormun/static/hlogin.js?201731711485490 HTTP/1.1" 304 -
186.79.6.196 - - [05/Apr/2017:11:56:48 -0300] "POST /cormun/servlet/hlogin?08351b67fbd2d96ada1f4660a8f95c0a,gx-no-cache=1491404279098 HTTP/1.1" 200 90
186.79.6.196 - - [05/Apr/2017:11:56:48 -0300] "GET /cormun/servlet/hpexe_link HTTP/1.1" 200 954
186.79.6.196 - - [05/Apr/2017:11:56:49 -0300] "GET /cormun/static/gxcfg.js?201731711483381 HTTP/1.1" 304 -
186.79.6.196 - - [05/Apr/2017:11:56:49 -0300] "GET /cormun/static/hpexe_link.js?201731711483384 HTTP/1.1" 304 -
186.79.6.196 - - [05/Apr/2017:11:56:49 -0300] "GET /cormun/servlet/hhome HTTP/1.1" 200 4002
186.79.6.196 - - [05/Apr/2017:11:56:49 -0300] "GET /cormun/static/gxcfg.js?201731711483497 HTTP/1.1" 304 -
186.79.6.196 - - [05/Apr/2017:11:56:49 -0300] "GET /cormun/static/hhome.js?20173171148352 HTTP/1.1" 304 -
186.79.6.196 - - [05/Apr/2017:11:56:49 -0300] "GET /cormun/static/hwchdr01.js?201731711335950 HTTP/1.1" 304 -
186.79.6.196 - - [05/Apr/2017:11:56:49 -0300] "GET /cormun/static/hpexe_recentlink.js?201610171694390 HTTP/1.1" 304 -
186.79.6.196 - - [05/Apr/2017:11:56:49 -0300] "GET /cormun/static/hpexe_scripts.js?201731711335890 HTTP/1.1" 304 -
186.79.6.196 - - [05/Apr/2017:11:56:49 -0300] "GET /cormun/static/hpexe_messagecontroller.js?201610171694323 HTTP/1.1" 304 -
186.79.6.196 - - [05/Apr/2017:11:56:49 -0300] "GET /cormun/static/hpexe_messagepopupcomponent.js?20161017169425 HTTP/1.1" 304 -
186.79.6.196 - - [05/Apr/2017:11:56:49 -0300] "GET /cormun/static/hpexe_messagegenexuscomponent.js?201731711335537 HTTP/1.1" 304 -
186.79.6.196 - - [05/Apr/2017:11:56:49 -0300] "GET /cormun/static/cmcontrolpreferences.js?201731711335852 HTTP/1.1" 304 -
186.79.6.196 - - [05/Apr/2017:11:56:50 -0300] "GET /cormun/static/hmpwkw03.js?201731711485354 HTTP/1.1" 304 -
186.79.6.196 - - [05/Apr/2017:11:56:50 -0300] "GET /cormun/servlet/hhome HTTP/1.1" 200 3998
186.79.6.196 - - [05/Apr/2017:11:56:55 -0300] "GET /cormun/servlet/trcontratounov2? HTTP/1.1" 200 16781
186.79.6.196 - - [05/Apr/2017:11:56:55 -0300] "GET /cormun/static/gxcfg.js?201731711595461 HTTP/1.1" 200 953
186.79.6.196 - - [05/Apr/2017:11:56:55 -0300] "GET /cormun/static/Resources/PXToolsAddSelectedAction.png HTTP/1.1" 200 3660
186.79.6.196 - - [05/Apr/2017:11:56:57 -0300] "GET /cormun/servlet/trcontratounov2? HTTP/1.1" 200 16773
186.103.156.166 - - [05/Apr/2017:11:56:57 -0300] "GET /cormun/servlet/trvisualizadoreventos? HTTP/1.1" 200 6693
186.103.156.166 - - [05/Apr/2017:11:56:57 -0300] "GET /cormun/static/gxcfg.js?201731711523419 HTTP/1.1" 304 -
186.103.156.166 - - [05/Apr/2017:11:56:57 -0300] "GET /cormun/static/trvisualizadoreventos.js?20173171152387 HTTP/1.1" 304 -
186.103.156.166 - - [05/Apr/2017:11:56:58 -0300] "GET /cormun/servlet/trvisualizadoreventos? HTTP/1.1" 200 6692
186.79.147.180 - - [05/Apr/2017:11:57:05 -0300] "GET /cormun/servlet/hlogin HTTP/1.1" 200 1721
186.79.147.180 - - [05/Apr/2017:11:57:08 -0300] "POST /cormun/servlet/hlogin?fe5d063f2e83d5f183b90cfbdda16a53,gx-no-cache=1491404300625 HTTP/1.1" 200 90
186.79.147.180 - - [05/Apr/2017:11:57:08 -0300] "GET /cormun/servlet/hpexe_link HTTP/1.1" 200 950
186.79.147.180 - - [05/Apr/2017:11:57:08 -0300] "GET /cormun/servlet/hhome HTTP/1.1" 200 3756
186.79.147.180 - - [05/Apr/2017:11:57:09 -0300] "GET /cormun/servlet/hhome HTTP/1.1" 200 3753
186.79.147.180 - - [05/Apr/2017:11:57:12 -0300] "GET /cormun/servlet/trsolicitudot? HTTP/1.1" 200 8743
186.79.147.180 - - [05/Apr/2017:11:57:13 -0300] "GET /cormun/servlet/trsolicitudot? HTTP/1.1" 200 8739
186.79.147.180 - - [05/Apr/2017:11:57:19 -0300] "GET /cormun/servlet/solicitudot?INS,0,0, HTTP/1.1" 200 12564
186.79.147.180 - - [05/Apr/2017:11:57:19 -0300] "GET /cormun/static/Resources/Spanish/PXTools.css?18365030 HTTP/1.1" 304 -
186.79.147.180 - - [05/Apr/2017:11:57:19 -0300] "GET /cormun/servlet/solicitudot?INS,0,0, HTTP/1.1" 200 12569
192.168.10.13 - - [05/Apr/2017:11:57:24 -0300] "GET / HTTP/1.1" 200 11217
186.103.156.166 - - [05/Apr/2017:11:57:28 -0300] "POST /cormun/servlet/trvisualizadoreventos?f188049e328ee1bfacea1023bd339567,,gx-no-cache=1491407923735 HTTP/1.1" 200 90
186.103.156.166 - - [05/Apr/2017:11:57:28 -0300] "GET /cormun/servlet/hpexe_link HTTP/1.1" 200 978
186.103.156.166 - - [05/Apr/2017:11:57:28 -0300] "GET /cormun/servlet/trautorizarsolicitud? HTTP/1.1" 200 8139
186.103.156.166 - - [05/Apr/2017:11:57:29 -0300] "GET /cormun/servlet/trautorizarsolicitud? HTTP/1.1" 200 8137
186.79.147.180 - - [05/Apr/2017:11:57:33 -0300] "POST /cormun/servlet/solicitudot?gx-no-cache=1491404325832 HTTP/1.1" 200 3160
186.79.147.180 - - [05/Apr/2017:11:57:34 -0300] "POST /cormun/servlet/solicitudot?fe5d063f2e83d5f183b90cfbdda16a53,INS,0,0,,gx-no-cache=1491404326344 HTTP/1.1" 200 9757
186.79.6.196 - - [05/Apr/2017:11:57:56 -0300] "POST /cormun/servlet/trcontratounov2?08351b67fbd2d96ada1f4660a8f95c0a,,gx-no-cache=1491404345957 HTTP/1.1" 200 16825
186.79.6.196 - - [05/Apr/2017:11:57:57 -0300] "GET /cormun/static/Resources/PXToolsGridFirst.gif HTTP/1.1" 200 379
186.79.6.196 - - [05/Apr/2017:11:57:58 -0300] "GET /cormun/static/Resources/PXToolsGridPrevious.gif HTTP/1.1" 200 369
186.103.156.166 - - [05/Apr/2017:11:58:14 -0300] "GET /cormun/servlet/trvisualizadoreventos? HTTP/1.1" 200 6693
186.103.156.166 - - [05/Apr/2017:11:58:15 -0300] "GET /cormun/servlet/trvisualizadoreventos? HTTP/1.1" 200 6692
186.103.156.166 - - [05/Apr/2017:11:58:18 -0300] "POST /cormun/servlet/trvisualizadoreventos?f188049e328ee1bfacea1023bd339567,,gx-no-cache=1491407973903 HTTP/1.1" 200 90
186.103.156.166 - - [05/Apr/2017:11:58:18 -0300] "GET /cormun/servlet/hpexe_link HTTP/1.1" 200 977
186.103.156.166 - - [05/Apr/2017:11:58:18 -0300] "GET /cormun/servlet/trautorizarsolicitud HTTP/1.1" 200 8139
186.103.156.166 - - [05/Apr/2017:11:58:19 -0300] "GET /cormun/servlet/trautorizarsolicitud HTTP/1.1" 200 8137
192.168.10.13 - - [05/Apr/2017:11:58:24 -0300] "GET / HTTP/1.1" 200 11217
186.79.147.180 - - [05/Apr/2017:11:58:26 -0300] "GET /cormun/servlet/solicitudot?2f19aff5df5279f5e631e2197c2fb24e2292a56b2ffb7053e1b284a4e6013c740c604645957a51c88bc37c25960b8772,gx-no-cache=1491404378913 HTTP/1.1" 200 30
186.79.147.180 - - [05/Apr/2017:11:58:26 -0300] "POST /cormun/servlet/solicitudot?gx-no-cache=1491404379133 HTTP/1.1" 200 255
186.79.147.180 - - [05/Apr/2017:11:58:27 -0300] "GET /cormun/servlet/solicitudot?2f19aff5df5279f5e631e2197c2fb24e4e8fc97ec4686da0e0cf04b4e832b0257cd4af27cb550191a99452d70b9e05ef3e6ad16828c9dc8e9d69547c4ec3acbaeff30aca7daaf94f8ec1d26103af13cd35f5e58ee2c3fc34ca7e6c16b64438b9a97aea03772571c88a5b1a92d9a30759455d033f8273c6b09832fd856ba05849f93d23a536762b7c1718f37af0b17f902c7bac24bb75c8e6939b5a34940a2fd23b2e3dc3db0058e5fef394273fabebb06aaa7199375e58889933d0b89ebe050728143d14f88f9ee27db1d768c849e49e826328974e3530a3b93881aa6c1b83e3877fc1a75ba6767bb3be2eeb1355f1baa6661e2cc641eb43c41df7898ca0ec20c42a7ecd806a1c9f332368bf3bf221ff62271ad2973d82ace2ecd757ba249b34c155467b150cebf9b9fc83519e51c66a3c7e46155d17e8ffc3e1f3a801fd1bc7a9eea3758094b5a58a77c7c8bbb8693a3decaccd9317729ca1372203153191d223da845272a6e60007ee92bc69c4842a9355e486ddc60da3686ae25c545643ba,gx-no-cache=1491404379277 HTTP/1.1" 200 30
186.79.147.180 - - [05/Apr/2017:11:58:29 -0300] "POST /cormun/servlet/solicitudot?gx-no-cache=1491404381614 HTTP/1.1" 200 30
186.103.156.166 - - [05/Apr/2017:11:58:31 -0300] "GET /cormun/servlet/trvisualizadoreventos? HTTP/1.1" 200 6693
186.103.156.166 - - [05/Apr/2017:11:58:31 -0300] "GET /cormun/servlet/trvisualizadoreventos? HTTP/1.1" 200 6692
186.79.147.180 - - [05/Apr/2017:11:58:33 -0300] "POST /cormun/servlet/solicitudot?gx-no-cache=1491404385873 HTTP/1.1" 200 1291
186.79.147.180 - - [05/Apr/2017:11:58:33 -0300] "POST /cormun/servlet/solicitudot?gx-no-cache=1491404386078 HTTP/1.1" 200 38
186.103.156.166 - - [05/Apr/2017:11:58:49 -0300] "POST /cormun/servlet/trvisualizadoreventos?f188049e328ee1bfacea1023bd339567,,gx-no-cache=1491408004980 HTTP/1.1" 200 111
186.103.156.166 - - [05/Apr/2017:11:58:49 -0300] "GET /cormun/VisualizadorEventos-2451.xls HTTP/1.1" 200 4096
186.79.147.180 - - [05/Apr/2017:11:58:54 -0300] "GET /cormun/servlet/solicitudot?2f19aff5df5279f5e631e2197c2fb24e37c04a1868797f2bb3c0001ccab8777966f0af4b8861d6746b89fcc8de3f2b0befd26dac682c32317509668c630a3c3160c1257d76e23f61659e8786d5de1bd7eb9aaf841af1a15e9e64382a75f04542b7567abf55912271a68b809ce55c84fb9769f701420124d9de80e2485febf7dfa1bf4aae63a5c0b1b0a22011c7a7489345250de92993dc21edb181d7c8e3c4e5,gx-no-cache=1491404406435 HTTP/1.1" 200 29
186.79.147.180 - - [05/Apr/2017:11:58:54 -0300] "POST /cormun/servlet/solicitudot?gx-no-cache=1491404406548 HTTP/1.1" 200 1275
186.79.147.180 - - [05/Apr/2017:11:58:54 -0300] "POST /cormun/servlet/solicitudot?gx-no-cache=1491404406760 HTTP/1.1" 200 1157
186.79.147.180 - - [05/Apr/2017:11:59:14 -0300] "GET /cormun/servlet/solicitudot?2f19aff5df5279f5e631e2197c2fb24e7ea5bbce02ca764c1ba37e5a5b92dc0d53d74ec055362ce55b5dcc160e31c6f6095e12f300eb37c4f66188e4de2bd648aaacbd1cc90987019e240a4e0480d7254ccdfddebf3eef0b5d2bde7199ef05bc733cd13d4aa2fb3961a66a833cf39d9091de8b6e0609de13a34d712018bac80e164e57af63eb60eafbcb4ee3487b57c685f8f700856919c20ae4f141e02c14e285f7b5c4b2db5f6ece4f6980dcae1b99,gx-no-cache=1491404427032 HTTP/1.1" 200 30
192.168.10.13 - - [05/Apr/2017:11:59:24 -0300] "GET / HTTP/1.1" 200 11217
186.103.156.166 - - [05/Apr/2017:11:59:25 -0300] "POST /cormun/servlet/trvisualizadoreventos?f188049e328ee1bfacea1023bd339567,,gx-no-cache=1491408041364 HTTP/1.1" 200 3972
186.103.156.166 - - [05/Apr/2017:11:59:42 -0300] "POST /cormun/servlet/trvisualizadoreventos?f188049e328ee1bfacea1023bd339567,,gx-no-cache=1491408058039 HTTP/1.1" 200 3972
186.103.156.166 - - [05/Apr/2017:11:59:44 -0300] "POST /cormun/servlet/trvisualizadoreventos?f188049e328ee1bfacea1023bd339567,,gx-no-cache=1491408059854 HTTP/1.1" 200 3972
192.168.10.13 - - [05/Apr/2017:12:00:24 -0300] "GET / HTTP/1.1" 200 11217
186.79.6.196 - - [05/Apr/2017:12:00:26 -0300] "GET /cormun/servlet/trcontratoobservaciondir? HTTP/1.1" 200 8275
186.79.6.196 - - [05/Apr/2017:12:00:27 -0300] "GET /cormun/static/gxcfg.js?201731711533885 HTTP/1.1" 304 -
186.79.6.196 - - [05/Apr/2017:12:00:28 -0300] "GET /cormun/servlet/trcontratoobservaciondir? HTTP/1.1" 200 8275
186.103.156.166 - - [05/Apr/2017:12:00:32 -0300] "GET /cormun/servlet/trsolicitudot? HTTP/1.1" 200 8690
186.103.156.166 - - [05/Apr/2017:12:00:32 -0300] "GET /cormun/servlet/trsolicitudot? HTTP/1.1" 200 8690
186.103.156.166 - - [05/Apr/2017:12:00:48 -0300] "GET /cormun/servlet/vesolicitudot?2017,5941,, HTTP/1.1" 200 8103
186.103.156.166 - - [05/Apr/2017:12:00:48 -0300] "GET /cormun/pexe_scrolldiv.js HTTP/1.1" 404 1009
186.103.156.166 - - [05/Apr/2017:12:00:49 -0300] "GET /cormun/servlet/vesolicitudot?2017,5941,, HTTP/1.1" 200 8103
186.79.6.196 - - [05/Apr/2017:12:00:54 -0300] "GET /cormun/servlet/trcontratounov2? HTTP/1.1" 200 16879
186.79.6.196 - - [05/Apr/2017:12:00:56 -0300] "GET /cormun/servlet/trcontratounov2? HTTP/1.1" 200 16880
186.79.147.180 - - [05/Apr/2017:12:01:08 -0300] "POST /cormun/servlet/solicitudot?fe5d063f2e83d5f183b90cfbdda16a53,INS,0,0,,gx-no-cache=1491404540074 HTTP/1.1" 200 93
186.79.147.180 - - [05/Apr/2017:12:01:08 -0300] "GET /cormun/servlet/hpexe_return? HTTP/1.1" 200 1004
186.79.147.180 - - [05/Apr/2017:12:01:08 -0300] "GET /cormun/static/hpexe_return.js?2016101716175153 HTTP/1.1" 304 -
186.79.147.180 - - [05/Apr/2017:12:01:09 -0300] "GET /cormun/servlet/trsolicitudot HTTP/1.1" 200 9068
186.79.147.180 - - [05/Apr/2017:12:01:10 -0300] "GET /cormun/servlet/trsolicitudot HTTP/1.1" 200 9064
186.103.156.166 - - [05/Apr/2017:12:01:16 -0300] "GET /cormun/servlet/vesolicitudot?2017,5941,,SolicitudOTAdjuntos HTTP/1.1" 200 10409
186.103.156.166 - - [05/Apr/2017:12:01:16 -0300] "GET /cormun/pexe_scrolldiv.js HTTP/1.1" 404 1009
186.103.156.166 - - [05/Apr/2017:12:01:16 -0300] "GET /cormun/static/tbsolicitudot02.js?20173171140975 HTTP/1.1" 200 15617
186.103.156.166 - - [05/Apr/2017:12:01:16 -0300] "GET /cormun/pexe_scrolldiv.js HTTP/1.1" 404 1009
186.103.156.166 - - [05/Apr/2017:12:01:16 -0300] "GET /cormun/static/gxui/gxui-all.css HTTP/1.1" 200 2179
186.103.156.166 - - [05/Apr/2017:12:01:16 -0300] "GET /cormun/static/Resources/PXToolsTabFirstUnselected.png HTTP/1.1" 200 1264
186.103.156.166 - - [05/Apr/2017:12:01:16 -0300] "GET /cormun/static/Resources/PXToolsTabUnselectedSelected.png HTTP/1.1" 200 1444
186.103.156.166 - - [05/Apr/2017:12:01:16 -0300] "GET /cormun/static/Shared/ext/resources/css/ext-all.css HTTP/1.1" 200 416045
186.103.156.166 - - [05/Apr/2017:12:01:17 -0300] "POST /cormun/servlet/acontrolpreferencessavestate?None,EBLANCO,true HTTP/1.1" 200 35
186.103.156.166 - - [05/Apr/2017:12:01:18 -0300] "GET /cormun/servlet/vesolicitudot?2017,5941,,SolicitudOTAdjuntos HTTP/1.1" 200 10409
186.103.156.166 - - [05/Apr/2017:12:01:21 -0300] "GET /cormun/servlet/vesolicitudot?2017,5941,,SolicitudOTLog HTTP/1.1" 200 7181
186.103.156.166 - - [05/Apr/2017:12:01:21 -0300] "GET /cormun/pexe_scrolldiv.js HTTP/1.1" 404 1009
186.103.156.166 - - [05/Apr/2017:12:01:21 -0300] "GET /cormun/static/tbsolicitudot03.js?20173171133244 HTTP/1.1" 200 13323
186.103.156.166 - - [05/Apr/2017:12:01:21 -0300] "GET /cormun/pexe_scrolldiv.js HTTP/1.1" 404 1009
186.103.156.166 - - [05/Apr/2017:12:01:21 -0300] "GET /cormun/static/Resources/PXToolsTabLastSelected.png HTTP/1.1" 200 1262
186.103.156.166 - - [05/Apr/2017:12:01:21 -0300] "GET /cormun/servlet/vesolicitudot?2017,5941,,SolicitudOTLog HTTP/1.1" 200 7181
186.103.156.166 - - [05/Apr/2017:12:01:22 -0300] "POST /cormun/servlet/acontrolpreferencessavestate?None,EBLANCO,true HTTP/1.1" 200 35
192.168.10.13 - - [05/Apr/2017:12:01:24 -0300] "GET / HTTP/1.1" 200 11217
186.79.6.196 - - [05/Apr/2017:12:01:25 -0300] "POST /cormun/servlet/trcontratounov2?08351b67fbd2d96ada1f4660a8f95c0a,,gx-no-cache=1491404554441 HTTP/1.1" 200 14508
186.103.156.166 - - [05/Apr/2017:12:01:28 -0300] "GET /cormun/servlet/vesolicitudot?2017,5941,,SolicitudOTAdjuntos HTTP/1.1" 200 10419
186.103.156.166 - - [05/Apr/2017:12:01:28 -0300] "GET /cormun/pexe_scrolldiv.js HTTP/1.1" 404 1009
186.103.156.166 - - [05/Apr/2017:12:01:30 -0300] "POST /cormun/servlet/acontrolpreferencessavestate?None,EBLANCO,true HTTP/1.1" 200 35
186.103.156.166 - - [05/Apr/2017:12:01:30 -0300] "GET /cormun/servlet/vesolicitudot?2017,5941,,SolicitudOTAdjuntos HTTP/1.1" 200 10418
186.103.156.166 - - [05/Apr/2017:12:01:32 -0300] "GET /cormun/servlet/vesolicitudot?2017,5941,,General HTTP/1.1" 200 8125
186.103.156.166 - - [05/Apr/2017:12:01:32 -0300] "GET /cormun/pexe_scrolldiv.js HTTP/1.1" 404 1009
186.103.156.166 - - [05/Apr/2017:12:01:33 -0300] "GET /cormun/servlet/vesolicitudot?2017,5941,,General HTTP/1.1" 200 8125
186.103.156.166 - - [05/Apr/2017:12:01:34 -0300] "POST /cormun/servlet/vesolicitudot?f188049e328ee1bfacea1023bd339567,2017,5941,,General,gx-no-cache=1491408170496 HTTP/1.1" 200 93
186.103.156.166 - - [05/Apr/2017:12:01:35 -0300] "GET /cormun/servlet/hpexe_return? HTTP/1.1" 200 1018
186.103.156.166 - - [05/Apr/2017:12:01:35 -0300] "GET /cormun/servlet/trsolicitudot HTTP/1.1" 200 8702
186.103.156.166 - - [05/Apr/2017:12:01:35 -0300] "GET /cormun/servlet/trsolicitudot HTTP/1.1" 200 8698
186.79.6.196 - - [05/Apr/2017:12:01:59 -0300] "GET /cormun/servlet/trsolicitudot? HTTP/1.1" 200 8251
186.79.6.196 - - [05/Apr/2017:12:02:00 -0300] "GET /cormun/static/gxcfg.js?201731711505139 HTTP/1.1" 200 953
186.79.6.196 - - [05/Apr/2017:12:02:00 -0300] "GET /cormun/static/trsolicitudot.js?20173171151116 HTTP/1.1" 304 -
186.103.156.166 - - [05/Apr/2017:12:02:01 -0300] "GET /cormun/servlet/treventos?2017,5941, HTTP/1.1" 200 6038
186.79.6.196 - - [05/Apr/2017:12:02:01 -0300] "GET /cormun/servlet/trsolicitudot? HTTP/1.1" 200 8250
186.103.156.166 - - [05/Apr/2017:12:02:01 -0300] "GET /cormun/servlet/treventos?2017,5941, HTTP/1.1" 200 6038
186.79.6.196 - - [05/Apr/2017:12:02:06 -0300] "GET /cormun/servlet/solicitudot?INS,0,0, HTTP/1.1" 200 12790
186.79.6.196 - - [05/Apr/2017:12:02:06 -0300] "GET /cormun/static/Resources/Spanish/PXTools.css?18365030 HTTP/1.1" 304 -
186.79.6.196 - - [05/Apr/2017:12:02:06 -0300] "GET /cormun/static/gxcfg.js?20171191042720 HTTP/1.1" 200 953
186.79.6.196 - - [05/Apr/2017:12:02:06 -0300] "GET /cormun/static/solicitudot.js?2017119104297 HTTP/1.1" 304 -
186.79.6.196 - - [05/Apr/2017:12:02:07 -0300] "GET /cormun/servlet/solicitudot?INS,0,0, HTTP/1.1" 200 12795
186.79.6.196 - - [05/Apr/2017:12:02:13 -0300] "POST /cormun/servlet/solicitudot?gx-no-cache=1491404603684 HTTP/1.1" 200 3199
186.79.6.196 - - [05/Apr/2017:12:02:14 -0300] "POST /cormun/servlet/solicitudot?08351b67fbd2d96ada1f4660a8f95c0a,INS,0,0,,gx-no-cache=1491404604174 HTTP/1.1" 200 9992
186.79.6.196 - - [05/Apr/2017:12:02:19 -0300] "GET /cormun/servlet/trcontratoobservaciondir? HTTP/1.1" 200 8439
186.79.6.196 - - [05/Apr/2017:12:02:21 -0300] "GET /cormun/servlet/trcontratoobservaciondir? HTTP/1.1" 200 8433
192.168.10.13 - - [05/Apr/2017:12:02:24 -0300] "GET / HTTP/1.1" 200 11217
186.79.6.196 - - [05/Apr/2017:12:02:32 -0300] "GET /cormun/servlet/trcontratounov2? HTTP/1.1" 200 16899
186.79.6.196 - - [05/Apr/2017:12:02:34 -0300] "GET /cormun/servlet/trcontratounov2? HTTP/1.1" 200 16872
186.103.156.24 - - [05/Apr/2017:12:02:49 -0300] "GET /cormun/servlet/hlogin HTTP/1.1" 200 1728
186.103.156.24 - - [05/Apr/2017:12:02:49 -0300] "GET /cormun/servlet/hlogin HTTP/1.1" 200 1738
186.79.6.196 - - [05/Apr/2017:12:02:52 -0300] "POST /cormun/servlet/trcontratounov2?08351b67fbd2d96ada1f4660a8f95c0a,,gx-no-cache=1491404641241 HTTP/1.1" 200 14501
186.103.156.24 - - [05/Apr/2017:12:03:04 -0300] "POST /cormun/servlet/hlogin?01bacea372ed2fc541bf6e1295d9d007,gx-no-cache=1491404683068 HTTP/1.1" 200 90
186.103.156.24 - - [05/Apr/2017:12:03:04 -0300] "GET /cormun/servlet/hpexe_link HTTP/1.1" 200 956
186.103.156.24 - - [05/Apr/2017:12:03:04 -0300] "GET /cormun/static/gxcfg.js?201731711483381 HTTP/1.1" 304 -
186.103.156.24 - - [05/Apr/2017:12:03:04 -0300] "GET /cormun/static/hpexe_link.js?201731711483384 HTTP/1.1" 304 -
186.103.156.24 - - [05/Apr/2017:12:03:04 -0300] "GET /cormun/servlet/hhome HTTP/1.1" 200 4003
186.103.156.24 - - [05/Apr/2017:12:03:05 -0300] "GET /cormun/static/gxcfg.js?201731711483497 HTTP/1.1" 304 -
186.103.156.24 - - [05/Apr/2017:12:03:05 -0300] "GET /cormun/static/hhome.js?20173171148352 HTTP/1.1" 304 -
186.103.156.24 - - [05/Apr/2017:12:03:05 -0300] "GET /cormun/static/hwchdr01.js?201731711335950 HTTP/1.1" 304 -
186.103.156.24 - - [05/Apr/2017:12:03:05 -0300] "GET /cormun/static/hpexe_recentlink.js?201610171694390 HTTP/1.1" 304 -
186.103.156.24 - - [05/Apr/2017:12:03:05 -0300] "GET /cormun/static/hpexe_scripts.js?201731711335890 HTTP/1.1" 304 -
186.103.156.24 - - [05/Apr/2017:12:03:05 -0300] "GET /cormun/static/hpexe_messagepopupcomponent.js?20161017169425 HTTP/1.1" 304 -
186.103.156.24 - - [05/Apr/2017:12:03:05 -0300] "GET /cormun/static/hpexe_messagecontroller.js?201610171694323 HTTP/1.1" 304 -
186.103.156.24 - - [05/Apr/2017:12:03:05 -0300] "GET /cormun/static/hpexe_messagegenexuscomponent.js?201731711335537 HTTP/1.1" 304 -
186.103.156.24 - - [05/Apr/2017:12:03:05 -0300] "GET /cormun/static/cmcontrolpreferences.js?201731711335852 HTTP/1.1" 304 -
186.103.156.24 - - [05/Apr/2017:12:03:05 -0300] "GET /cormun/static/hmpwkw03.js?201731711485354 HTTP/1.1" 304 -
186.103.156.24 - - [05/Apr/2017:12:03:06 -0300] "GET /cormun/servlet/hhome HTTP/1.1" 200 3999
186.103.156.24 - - [05/Apr/2017:12:03:13 -0300] "GET /cormun/servlet/trautorizarsolicitud? HTTP/1.1" 200 8192
186.103.156.24 - - [05/Apr/2017:12:03:13 -0300] "GET /cormun/static/Resources/Spanish/PXTools.css?18365030 HTTP/1.1" 304 -
186.103.156.24 - - [05/Apr/2017:12:03:13 -0300] "GET /cormun/static/gxcfg.js?2017259112829 HTTP/1.1" 200 953
186.103.156.24 - - [05/Apr/2017:12:03:13 -0300] "GET /cormun/static/trautorizarsolicitud.js?2017259113483 HTTP/1.1" 200 53096
186.103.156.24 - - [05/Apr/2017:12:03:13 -0300] "GET /cormun//static/Resources/PXToolsActionView.png HTTP/1.1" 200 2995
186.103.156.24 - - [05/Apr/2017:12:03:13 -0300] "GET /cormun/servlet/trautorizarsolicitud? HTTP/1.1" 200 8191
186.103.156.24 - - [05/Apr/2017:12:03:13 -0300] "GET /cormun//static/Resources/PXToolsRemoveAllAction.png HTTP/1.1" 200 3558
186.103.156.24 - - [05/Apr/2017:12:03:23 -0300] "POST /cormun/servlet/trautorizarsolicitud?01bacea372ed2fc541bf6e1295d9d007,,gx-no-cache=1491404702956 HTTP/1.1" 200 5445
186.103.156.24 - - [05/Apr/2017:12:03:23 -0300] "GET /cormun/static/Shared/jqueryui/images/ui-bg_highlight-soft_100_c6c2c8_1x100.png HTTP/1.1" 404 1117
186.103.156.24 - - [05/Apr/2017:12:03:23 -0300] "GET /cormun/static/Shared/jqueryui/images/ui-icons_82798d_256x240.png HTTP/1.1" 404 1089
186.103.156.24 - - [05/Apr/2017:12:03:23 -0300] "GET /cormun/static/Shared/jqueryui/images/ui-bg_flat_55_fafafa_40x100.png HTTP/1.1" 404 1097
186.103.156.24 - - [05/Apr/2017:12:03:23 -0300] "GET /cormun/static/Shared/jqueryui/images/ui-icons_8d78a5_256x240.png HTTP/1.1" 404 1089
192.168.10.13 - - [05/Apr/2017:12:03:24 -0300] "GET / HTTP/1.1" 200 11217
186.103.156.24 - - [05/Apr/2017:12:03:32 -0300] "POST /cormun/servlet/trautorizarsolicitud?01bacea372ed2fc541bf6e1295d9d007,,gx-no-cache=1491404712831 HTTP/1.1" 200 4323
186.103.156.24 - - [05/Apr/2017:12:03:32 -0300] "POST /cormun/servlet/trautorizarsolicitud?01bacea372ed2fc541bf6e1295d9d007,,gx-no-cache=1491404713380 HTTP/1.1" 200 4098
186.103.156.24 - - [05/Apr/2017:12:03:39 -0300] "GET /cormun/servlet/trautorizarsolicitud? HTTP/1.1" 200 6924
186.103.156.24 - - [05/Apr/2017:12:03:39 -0300] "GET /cormun/servlet/trautorizarsolicitud? HTTP/1.1" 200 6924
186.103.156.24 - - [05/Apr/2017:12:03:47 -0300] "GET /cormun/servlet/trsolicitudot? HTTP/1.1" 200 6970
186.103.156.24 - - [05/Apr/2017:12:03:47 -0300] "GET /cormun/static/gxcfg.js?201731711505139 HTTP/1.1" 200 953
186.103.156.24 - - [05/Apr/2017:12:03:47 -0300] "GET /cormun/static/trsolicitudot.js?20173171151116 HTTP/1.1" 200 53117
186.103.156.24 - - [05/Apr/2017:12:03:48 -0300] "GET /cormun/servlet/trsolicitudot? HTTP/1.1" 200 6969
186.103.156.24 - - [05/Apr/2017:12:03:54 -0300] "GET /cormun/servlet/trvisualizadoreventos? HTTP/1.1" 200 6746
186.103.156.24 - - [05/Apr/2017:12:03:54 -0300] "GET /cormun/static/gxcfg.js?201731711523419 HTTP/1.1" 200 953
186.103.156.24 - - [05/Apr/2017:12:03:54 -0300] "GET /cormun/static/Resources/PXToolsActionPrint.png HTTP/1.1" 200 3317
186.103.156.24 - - [05/Apr/2017:12:03:54 -0300] "GET /cormun/static/trvisualizadoreventos.js?20173171152387 HTTP/1.1" 200 19309
186.103.156.24 - - [05/Apr/2017:12:03:55 -0300] "GET /cormun/servlet/trvisualizadoreventos? HTTP/1.1" 200 6746
186.103.156.24 - - [05/Apr/2017:12:04:04 -0300] "GET /cormun/servlet/trcontratounov2? HTTP/1.1" 200 16630
186.103.156.24 - - [05/Apr/2017:12:04:04 -0300] "GET /cormun/static/gxcfg.js?201731711595461 HTTP/1.1" 200 953
186.103.156.24 - - [05/Apr/2017:12:04:04 -0300] "GET /cormun/static/Resources/PXToolsAddSelectedAction.png HTTP/1.1" 200 3660
186.103.156.24 - - [05/Apr/2017:12:04:05 -0300] "GET /cormun/static/trcontratounov2.js?2017317120150 HTTP/1.1" 200 38423
186.103.156.24 - - [05/Apr/2017:12:04:05 -0300] "GET /cormun//static/Resources/PXToolsActionDisabled.gif HTTP/1.1" 200 53
186.103.156.24 - - [05/Apr/2017:12:04:05 -0300] "GET /cormun/servlet/trcontratounov2? HTTP/1.1" 200 16632
192.168.10.13 - - [05/Apr/2017:12:04:24 -0300] "GET / HTTP/1.1" 200 11217
186.79.6.26 - - [05/Apr/2017:12:04:24 -0300] "GET /cormun/servlet/hlogin HTTP/1.1" 200 1722
192.168.10.13 - - [05/Apr/2017:12:05:24 -0300] "GET / HTTP/1.1" 200 11217
186.79.6.196 - - [05/Apr/2017:12:06:03 -0300] "GET /cormun/servlet/trsolicitudot? HTTP/1.1" 200 8251
186.79.6.196 - - [05/Apr/2017:12:06:05 -0300] "GET /cormun/servlet/trsolicitudot? HTTP/1.1" 200 8250
186.79.6.196 - - [05/Apr/2017:12:06:07 -0300] "GET /cormun/servlet/solicitudot?INS,0,0, HTTP/1.1" 200 12789
186.79.6.196 - - [05/Apr/2017:12:06:09 -0300] "GET /cormun/servlet/solicitudot?INS,0,0, HTTP/1.1" 200 12794
186.79.6.196 - - [05/Apr/2017:12:06:21 -0300] "POST /cormun/servlet/solicitudot?gx-no-cache=1491404851649 HTTP/1.1" 200 3182
186.79.6.196 - - [05/Apr/2017:12:06:22 -0300] "POST /cormun/servlet/solicitudot?08351b67fbd2d96ada1f4660a8f95c0a,INS,0,0,,gx-no-cache=1491404852132 HTTP/1.1" 200 9978
192.168.10.13 - - [05/Apr/2017:12:06:24 -0300] "GET / HTTP/1.1" 200 11217
186.79.6.196 - - [05/Apr/2017:12:06:29 -0300] "GET /cormun/servlet/solicitudot?8a94a66f0e45d56a589afe1d3f13f1dd692c82566d2ed48ca94d67161c41179cbae31d749853153b2ae6ef2ac0787043,gx-no-cache=1491404860287 HTTP/1.1" 200 30
186.79.6.196 - - [05/Apr/2017:12:06:29 -0300] "POST /cormun/servlet/solicitudot?gx-no-cache=1491404860437 HTTP/1.1" 200 297
186.79.6.196 - - [05/Apr/2017:12:06:30 -0300] "GET /cormun/servlet/solicitudot?8a94a66f0e45d56a589afe1d3f13f1dd6d7f7ab05643f12348c96503a34419057c7b1fe20e2af9c46d965a782dde24d66b615f85f9cf57e25cd2e6464a8cd0050b732eeeced55ee0490efdf8ed58ec46890c9e32c7133f23c62b8f9a46a8ee2d4fd0538fffda936f77403a12267b940719bb5c7a496af67f003c9c88a2a7ad37d9b1ff12892b24e674e93984c727a378220527d80275f371d660b0a969b9d347c17c8b3cf00174a2966a46bf7e759a83b96b95ff8ae72470f5b426ef554da4da2b8da4e720e358ae796011f5baa184e73cef6ab01ab477ecdd4d13903bcc346eddee8708841369cf1c40fbf0e27366ec5a41af63cd424be58c164df41b1155f271f5e9bec323d4067b8abd8c731481fe7d1f5ca1372e415e60c60b77268a366f1d6b48c31a3d4bfc4cb7722fc2edb0529da991c0c226bb2121a06df9017bc012301f7ec3807f71121ae9c4bca2dae03efdc849e32bc9ce1454f6c93187d8fc360eccc3051bca1dff9a838d0930e7271c7f4b85ba3089a8924e64a07e15397a6a834d9acc9c84a7fa052c3e9f361daba9,gx-no-cache=1491404860592 HTTP/1.1" 200 30
186.79.6.196 - - [05/Apr/2017:12:06:52 -0300] "POST /cormun/servlet/solicitudot?gx-no-cache=1491404882570 HTTP/1.1" 200 30
186.79.147.180 - - [05/Apr/2017:12:06:59 -0300] "POST /cormun/servlet/trsolicitudot?fe5d063f2e83d5f183b90cfbdda16a53,gx-no-cache=1491404891206 HTTP/1.1" 200 6001
186.79.147.180 - - [05/Apr/2017:12:06:59 -0300] "GET /cormun/static/Shared/jqueryui/images/ui-bg_highlight-soft_100_c6c2c8_1x100.png HTTP/1.1" 404 1117
186.79.147.180 - - [05/Apr/2017:12:06:59 -0300] "GET /cormun/static/Shared/jqueryui/images/ui-icons_82798d_256x240.png HTTP/1.1" 404 1089
186.79.147.180 - - [05/Apr/2017:12:06:59 -0300] "GET /cormun/static/Shared/jqueryui/images/ui-bg_flat_55_fafafa_40x100.png HTTP/1.1" 404 1097
186.79.147.180 - - [05/Apr/2017:12:06:59 -0300] "GET /cormun/static/Shared/jqueryui/images/ui-icons_8d78a5_256x240.png HTTP/1.1" 404 1089
186.79.147.180 - - [05/Apr/2017:12:07:00 -0300] "POST /cormun/servlet/trsolicitudot?fe5d063f2e83d5f183b90cfbdda16a53,gx-no-cache=1491404891912 HTTP/1.1" 200 5943
200.54.247.69 - - [05/Apr/2017:12:07:22 -0300] "GET /cormun/servlet/hlogin HTTP/1.1" 200 1726
192.168.10.13 - - [05/Apr/2017:12:07:24 -0300] "GET / HTTP/1.1" 200 11217
186.79.6.196 - - [05/Apr/2017:12:07:29 -0300] "GET /cormun/static/Resources/resize.gif HTTP/1.1" 200 77
186.79.6.196 - - [05/Apr/2017:12:07:30 -0300] "GET /cormun/servlet/prfichaempleado?,MD,,gxPopupLevel%3D0%3B HTTP/1.1" 200 8826
186.79.6.196 - - [05/Apr/2017:12:07:30 -0300] "GET /cormun/static/gxcfg.js?2017319125415 HTTP/1.1" 200 953
186.79.6.196 - - [05/Apr/2017:12:07:30 -0300] "GET /cormun/static/Resources/PXToolsMenuSearch.png HTTP/1.1" 200 2914
186.79.6.196 - - [05/Apr/2017:12:07:30 -0300] "GET /cormun/static/Resources/PXToolsMenuSearchCancel.png HTTP/1.1" 200 2972
186.79.6.196 - - [05/Apr/2017:12:07:30 -0300] "GET /cormun/static/menusearch.js?201610171694467 HTTP/1.1" 200 1424
186.79.6.196 - - [05/Apr/2017:12:07:30 -0300] "GET /cormun/static/hmpwkw011.js?201731711483558 HTTP/1.1" 200 1968
200.54.247.69 - - [05/Apr/2017:12:07:31 -0300] "POST /cormun/servlet/hlogin?ff68820237a472d8b09019fb9c8a1aec,gx-no-cache=1491404917791 HTTP/1.1" 200 434
186.79.6.196 - - [05/Apr/2017:12:07:31 -0300] "GET /cormun/static/prfichaempleado.js?20173191254344 HTTP/1.1" 200 15951
186.79.6.196 - - [05/Apr/2017:12:07:47 -0300] "GET /cormun/servlet/prlicenciaspermisos?15106022,L,,MD,,gxPopupLevel%3D0%3B HTTP/1.1" 200 6452
186.79.6.196 - - [05/Apr/2017:12:07:47 -0300] "GET /cormun/static/gxcfg.js?20173171152124 HTTP/1.1" 200 953
186.79.6.196 - - [05/Apr/2017:12:07:47 -0300] "GET /cormun/static/prlicenciaspermisos.js?20173171152323 HTTP/1.1" 200 13360
186.79.6.196 - - [05/Apr/2017:12:07:57 -0300] "POST /cormun/servlet/solicitudot?gx-no-cache=1491404947558 HTTP/1.1" 200 1291
186.79.6.196 - - [05/Apr/2017:12:08:07 -0300] "GET /cormun/servlet/prlicenciaspermisos?15106022,L,,MD,,gxPopupLevel%3D0%3B HTTP/1.1" 200 6452
192.168.10.13 - - [05/Apr/2017:12:08:24 -0300] "GET / HTTP/1.1" 200 11217
186.79.6.196 - - [05/Apr/2017:12:08:40 -0300] "POST /cormun/servlet/solicitudot?gx-no-cache=1491404990814 HTTP/1.1" 200 41
186.79.6.196 - - [05/Apr/2017:12:09:12 -0300] "GET /cormun/servlet/solicitudot?8a94a66f0e45d56a589afe1d3f13f1dddb3601b1af598b3a7229c1a2787c1eeb79d1b8ba7a8b6c128a66935905857ae19b06de98d81795df08d47611488f8e6c046ceb7d42c6b3464f74a9f217d26182ad89ab6d1d04fd3fd269cf4359f89d57cea5feb7a8bd8f652c18c929b8fc6718,gx-no-cache=1491405023190 HTTP/1.1" 200 29
186.79.6.196 - - [05/Apr/2017:12:09:13 -0300] "POST /cormun/servlet/solicitudot?gx-no-cache=1491405023573 HTTP/1.1" 200 1275
186.79.6.196 - - [05/Apr/2017:12:09:13 -0300] "POST /cormun/servlet/solicitudot?gx-no-cache=1491405023789 HTTP/1.1" 200 1157
186.79.6.196 - - [05/Apr/2017:12:09:13 -0300] "GET /cormun/static/menuarrow.gif HTTP/1.1" 404 1015
186.79.6.196 - - [05/Apr/2017:12:09:15 -0300] "POST /cormun/servlet/solicitudot?gx-no-cache=1491405026224 HTTP/1.1" 200 1275
186.79.6.196 - - [05/Apr/2017:12:09:16 -0300] "POST /cormun/servlet/solicitudot?gx-no-cache=1491405026512 HTTP/1.1" 200 1157
192.168.10.13 - - [05/Apr/2017:12:09:24 -0300] "GET / HTTP/1.1" 200 11217
186.79.6.196 - - [05/Apr/2017:12:09:37 -0300] "GET /cormun/servlet/solicitudot?8a94a66f0e45d56a589afe1d3f13f1dd2e3ad6351cb96b406b84e9747379370b50e8d28489b41b7bb5eb32464cfbfa9d0c8354e941ca5a961bac9bfde766d641c754fed2b3d81dfc2f33b2e3ea7d3fafe5b6bcb430bf98c2699b5a77d23347cebe86eb43f5a5a85f564aacc79b5cf06a8a2e37da93bda2ada3d0bd545d057eb0c10a31d01f2aaf548e21ec2a1798aa146f52ae30ebbb85306939e1940e4d77000a4f26daec6994db80d99a5f824498e699f44a94b358a8e1752955e18e1019d1,gx-no-cache=1491405047554 HTTP/1.1" 200 30
200.54.247.69 - - [05/Apr/2017:12:09:41 -0300] "POST /cormun/servlet/hlogin?ff68820237a472d8b09019fb9c8a1aec,gx-no-cache=1491405048066 HTTP/1.1" 200 90
200.54.247.69 - - [05/Apr/2017:12:09:41 -0300] "GET /cormun/servlet/hpexe_link HTTP/1.1" 200 952
200.54.247.69 - - [05/Apr/2017:12:09:42 -0300] "GET /cormun/servlet/hhome HTTP/1.1" 200 4013
186.79.82.26 - - [05/Apr/2017:12:09:42 -0300] "GET /cormun/servlet/trrenuncias? HTTP/1.1" 200 6564
200.54.247.69 - - [05/Apr/2017:12:09:42 -0300] "GET /cormun/servlet/hhome HTTP/1.1" 200 4009
186.79.82.26 - - [05/Apr/2017:12:09:42 -0300] "GET /cormun/static/gxcfg.js?201731711553383 HTTP/1.1" 200 953
186.79.82.26 - - [05/Apr/2017:12:09:42 -0300] "GET /cormun/static/trrenuncias.js?201731711553833 HTTP/1.1" 304 -
186.79.82.26 - - [05/Apr/2017:12:09:43 -0300] "GET /cormun/servlet/trrenuncias? HTTP/1.1" 200 6563
186.79.82.26 - - [05/Apr/2017:12:09:46 -0300] "GET /cormun/servlet/renuncias?INS,0, HTTP/1.1" 200 5946
186.79.82.26 - - [05/Apr/2017:12:09:46 -0300] "GET /cormun/static/gxcfg.js?20173291217350 HTTP/1.1" 200 953
186.79.82.26 - - [05/Apr/2017:12:09:46 -0300] "GET /cormun/static/renuncias.js?20173291217362 HTTP/1.1" 200 14101
200.54.247.69 - - [05/Apr/2017:12:09:46 -0300] "GET /cormun/servlet/trpermisosgoce? HTTP/1.1" 200 11285
200.54.247.69 - - [05/Apr/2017:12:09:46 -0300] "GET /cormun/static/gxcfg.js?20173171154124 HTTP/1.1" 304 -
186.79.82.26 - - [05/Apr/2017:12:09:46 -0300] "GET /cormun/servlet/renuncias?INS,0, HTTP/1.1" 200 5945
200.54.247.69 - - [05/Apr/2017:12:09:46 -0300] "GET /cormun/static/trpermisosgoce.js?20173171154177 HTTP/1.1" 304 -
200.54.247.69 - - [05/Apr/2017:12:09:47 -0300] "GET /cormun/servlet/trpermisosgoce? HTTP/1.1" 200 11283
200.54.247.69 - - [05/Apr/2017:12:09:49 -0300] "GET /cormun/servlet/permisogoce?INS,0,,, HTTP/1.1" 200 6785
200.54.247.69 - - [05/Apr/2017:12:09:49 -0300] "GET /cormun/static/gxcfg.js?201732911503726 HTTP/1.1" 304 -
200.54.247.69 - - [05/Apr/2017:12:09:49 -0300] "GET /cormun/static/permisogoce.js?201732911503774 HTTP/1.1" 304 -
186.79.6.196 - - [05/Apr/2017:12:09:49 -0300] "POST /cormun/servlet/solicitudot?08351b67fbd2d96ada1f4660a8f95c0a,INS,0,0,,gx-no-cache=1491405059183 HTTP/1.1" 200 93
186.79.6.196 - - [05/Apr/2017:12:09:49 -0300] "GET /cormun/servlet/hpexe_return? HTTP/1.1" 200 1009
186.79.6.196 - - [05/Apr/2017:12:09:49 -0300] "GET /cormun/static/gxcfg.js?2016101716175148 HTTP/1.1" 304 -
200.54.247.69 - - [05/Apr/2017:12:09:49 -0300] "GET /cormun/servlet/permisogoce?INS,0,,, HTTP/1.1" 200 6785
186.79.6.196 - - [05/Apr/2017:12:09:50 -0300] "GET /cormun/servlet/trsolicitudot HTTP/1.1" 200 8770
186.79.6.196 - - [05/Apr/2017:12:09:51 -0300] "GET /cormun/servlet/trsolicitudot HTTP/1.1" 200 8766
200.54.247.69 - - [05/Apr/2017:12:09:52 -0300] "GET /cormun/servlet/prfichaempleado?,MD,,gxPopupLevel%3D0%3B HTTP/1.1" 200 8842
186.79.6.196 - - [05/Apr/2017:12:09:58 -0300] "POST /cormun/servlet/trsolicitudot?08351b67fbd2d96ada1f4660a8f95c0a,gx-no-cache=1491405068447 HTTP/1.1" 200 107
186.79.6.196 - - [05/Apr/2017:12:09:58 -0300] "GET /cormun/servlet/trsolicitudadjuntos?2017,5943, HTTP/1.1" 200 6105
186.79.6.196 - - [05/Apr/2017:12:09:58 -0300] "GET /cormun/static/gxcfg.js?201731711504543 HTTP/1.1" 200 953
186.79.6.196 - - [05/Apr/2017:12:09:58 -0300] "GET /cormun/static/trsolicitudadjuntos.js?201731711504951 HTTP/1.1" 200 17913
186.79.6.196 - - [05/Apr/2017:12:09:59 -0300] "GET /cormun/servlet/trsolicitudadjuntos?2017,5943, HTTP/1.1" 200 6104
200.54.247.69 - - [05/Apr/2017:12:10:01 -0300] "POST /cormun/servlet/prfichaempleado?ff68820237a472d8b09019fb9c8a1aec,,MD,,gxPopupLevel%3D0%3B,gx-no-cache=1491405067712 HTTP/1.1" 200 3396
200.54.247.69 - - [05/Apr/2017:12:10:08 -0300] "GET /cormun/servlet/permisogoce?d15ef1a0af04366178e255ebb1b2160c521d09f737d60267b7c266a2e60f42dca691f057c162ece8f4eb7661654d69ae,gx-no-cache=1491405075411 HTTP/1.1" 200 66
200.54.247.69 - - [05/Apr/2017:12:10:15 -0300] "GET /cormun/servlet/permisogoce?d15ef1a0af04366178e255ebb1b2160c26e9a075814a91cc744baa9bec737a3457a03b3e025f60e985f43335c0479da94541c12d7646ac22f33ad348efef1979,gx-no-cache=1491405081939 HTTP/1.1" 200 44
192.168.10.13 - - [05/Apr/2017:12:10:24 -0300] "GET / HTTP/1.1" 200 11217
200.54.247.69 - - [05/Apr/2017:12:10:24 -0300] "POST /cormun/servlet/permisogoce?ff68820237a472d8b09019fb9c8a1aec,INS,0,,,,gx-no-cache=1491405090590 HTTP/1.1" 200 93
200.54.247.69 - - [05/Apr/2017:12:10:24 -0300] "GET /cormun/servlet/hpexe_return? HTTP/1.1" 200 1010
200.54.247.69 - - [05/Apr/2017:12:10:24 -0300] "GET /cormun/servlet/trpermisosgoce HTTP/1.1" 200 11515
200.54.247.69 - - [05/Apr/2017:12:10:25 -0300] "GET /cormun/servlet/trpermisosgoce HTTP/1.1" 200 11511
186.103.156.24 - - [05/Apr/2017:12:10:26 -0300] "POST /cormun/servlet/trautorizarsolicitud?5095c1a691b7913cbf77297fd7a02c76,,gx-no-cache=1491405115901 HTTP/1.1" 200 4306
200.54.247.69 - - [05/Apr/2017:12:10:30 -0300] "GET /cormun/servlet/trpermisosadjuntos?17554830,20170405130501,P, HTTP/1.1" 200 6316
200.54.247.69 - - [05/Apr/2017:12:10:30 -0300] "GET /cormun/static/gxcfg.js?201731711542659 HTTP/1.1" 304 -
200.54.247.69 - - [05/Apr/2017:12:10:30 -0300] "GET /cormun/static/trpermisosadjuntos.js?201731711542990 HTTP/1.1" 304 -
200.54.247.69 - - [05/Apr/2017:12:10:31 -0300] "GET /cormun/servlet/trpermisosadjuntos?17554830,20170405130501,P, HTTP/1.1" 200 6316
200.54.247.69 - - [05/Apr/2017:12:10:32 -0300] "GET /cormun/servlet/permisosadjuntos?INS,17554830,P,20170405130501,, HTTP/1.1" 200 5647
200.54.247.69 - - [05/Apr/2017:12:10:32 -0300] "GET /cormun/static/gxcfg.js?2016122813135788 HTTP/1.1" 304 -
200.54.247.69 - - [05/Apr/2017:12:10:32 -0300] "GET /cormun/static/permisosadjuntos.js?2016122813135797 HTTP/1.1" 304 -
200.54.247.69 - - [05/Apr/2017:12:10:32 -0300] "GET /cormun/static/about:blank HTTP/1.1" 404 1011
200.54.247.69 - - [05/Apr/2017:12:10:33 -0300] "GET /cormun/servlet/permisosadjuntos?INS,17554830,P,20170405130501,, HTTP/1.1" 200 5637
186.79.82.26 - - [05/Apr/2017:12:10:33 -0300] "GET /cormun/servlet/renuncias?7a1716e8f6f206ea5823d7d9860c657ea5e30a7b27a13e14e3035ca2a864dec9c018713291f0b3b7e37b8780736dde43,gx-no-cache=1491405099501 HTTP/1.1" 200 33
186.79.6.196 - - [05/Apr/2017:12:10:38 -0300] "GET /cormun/servlet/solicitudotadjuntos?INS,2017,5943,,1, HTTP/1.1" 200 6041
186.79.6.196 - - [05/Apr/2017:12:10:38 -0300] "GET /cormun/static/gxcfg.js?201612218465951 HTTP/1.1" 200 953
186.79.6.196 - - [05/Apr/2017:12:10:38 -0300] "GET /cormun/static/solicitudotadjuntos.js?201612218465969 HTTP/1.1" 200 11762
186.79.6.196 - - [05/Apr/2017:12:10:39 -0300] "GET /cormun/static/about:blank HTTP/1.1" 404 1011
186.79.6.196 - - [05/Apr/2017:12:10:40 -0300] "GET /cormun/servlet/solicitudotadjuntos?INS,2017,5943,,1, HTTP/1.1" 200 6034
186.79.6.196 - - [05/Apr/2017:12:10:40 -0300] "GET /cormun/servlet/solicitudotadjuntos?8a94a66f0e45d56a589afe1d3f13f1dd66b9975aad2dedf9c169ea46108927dfdde4ae53b00eeaebb9643580f0e5dc64,gx-no-cache=1491405111080 HTTP/1.1" 200 30
186.79.6.196 - - [05/Apr/2017:12:10:40 -0300] "POST /cormun/servlet/solicitudotadjuntos?08351b67fbd2d96ada1f4660a8f95c0a,INS,2017,5943,,1,,gx-no-cache=1491405111201 HTTP/1.1" 200 3830
186.79.6.196 - - [05/Apr/2017:12:10:45 -0300] "POST /cormun/servlet/solicitudotadjuntos?gx-no-cache=1491405116206 HTTP/1.1" 200 26
200.54.247.69 - - [05/Apr/2017:12:10:50 -0300] "POST /cormun/servlet/permisosadjuntos?ff68820237a472d8b09019fb9c8a1aec,INS,17554830,P,20170405130501,, HTTP/1.1" 200 116
200.54.247.69 - - [05/Apr/2017:12:10:50 -0300] "GET /cormun/servlet/hpexe_return? HTTP/1.1" 200 1038
200.54.247.69 - - [05/Apr/2017:12:10:51 -0300] "GET /cormun/servlet/trpermisosadjuntos?17554830,20170405130501,P, HTTP/1.1" 200 6769
200.54.247.69 - - [05/Apr/2017:12:10:53 -0300] "GET /cormun/servlet/trpermisosadjuntos?17554830,20170405130501,P, HTTP/1.1" 200 6767
186.79.82.26 - - [05/Apr/2017:12:10:54 -0300] "GET /cormun/servlet/renuncias?7a1716e8f6f206ea5823d7d9860c657edd679df6f216eb32b3a68cce330d8edde32efaffe869318d9599e7d9e518e2a0,gx-no-cache=1491405120104 HTTP/1.1" 200 71
200.54.247.69 - - [05/Apr/2017:12:10:58 -0300] "POST /cormun/servlet/trpermisosadjuntos?ff68820237a472d8b09019fb9c8a1aec,17554830,20170405130501,P,,gx-no-cache=1491405125438 HTTP/1.1" 200 90
200.54.247.69 - - [05/Apr/2017:12:10:58 -0300] "GET /cormun/servlet/hpexe_link HTTP/1.1" 200 983
200.54.247.69 - - [05/Apr/2017:12:10:59 -0300] "GET /cormun/servlet/trpermisosgoce HTTP/1.1" 200 11508
200.54.247.69 - - [05/Apr/2017:12:10:59 -0300] "GET /cormun/servlet/trpermisosgoce HTTP/1.1" 200 11507
186.79.6.196 - - [05/Apr/2017:12:11:00 -0300] "GET /cormun/servlet/solicitudotadjuntos?8a94a66f0e45d56a589afe1d3f13f1dd78000f95018533beb7f3ecd933eee465,gx-no-cache=1491405130966 HTTP/1.1" 200 30
186.79.6.196 - - [05/Apr/2017:12:11:00 -0300] "GET /cormun/servlet/solicitudotadjuntos?8a94a66f0e45d56a589afe1d3f13f1dd78000f95018533beb7f3ecd933eee465,gx-no-cache=1491405131051 HTTP/1.1" 200 30
200.54.247.69 - - [05/Apr/2017:12:11:04 -0300] "POST /cormun/servlet/trpermisosgoce?ff68820237a472d8b09019fb9c8a1aec,gx-no-cache=1491405130833 HTTP/1.1" 200 8755
