186.79.82.26 - - [05/Apr/2017:11:43:50 -0300] "GET /cormun/static/calendar-setup.js?85251 HTTP/1.1" 304 -
186.79.82.26 - - [05/Apr/2017:11:43:50 -0300] "GET /cormun/static/calendar-es.js?85251 HTTP/1.1" 304 -
186.79.82.26 - - [05/Apr/2017:11:43:51 -0300] "GET /cormun/static/gxdec.js?85251 HTTP/1.1" 304 -
186.79.82.26 - - [05/Apr/2017:11:43:51 -0300] "GET /cormun/static/trsolicitudot.js?20173171151116 HTTP/1.1" 304 -
186.79.82.26 - - [05/Apr/2017:11:43:51 -0300] "GET /cormun/servlet/trsolicitudot? HTTP/1.1" 200 8551
186.79.82.26 - - [05/Apr/2017:11:43:55 -0300] "GET /cormun/servlet/solicitudot?INS,0,0, HTTP/1.1" 200 12629
186.79.82.26 - - [05/Apr/2017:11:43:56 -0300] "GET /cormun/static/Resources/Spanish/PXTools.css?18365030 HTTP/1.1" 304 -
186.79.82.26 - - [05/Apr/2017:11:43:56 -0300] "GET /cormun/static/gxcfg.js?20171191042720 HTTP/1.1" 304 -
186.79.82.26 - - [05/Apr/2017:11:43:56 -0300] "GET /cormun/static/solicitudot.js?2017119104297 HTTP/1.1" 304 -
186.79.82.26 - - [05/Apr/2017:11:43:57 -0300] "GET /cormun/servlet/solicitudot?INS,0,0, HTTP/1.1" 200 12632
186.79.147.180 - - [05/Apr/2017:11:43:57 -0300] "GET /cormun/servlet/solicitudotadjuntos?3d75ebead1a961b1bfd73ec2533282a870174fb3e04c2a505e6b6dac92263d41,gx-no-cache=1491403509929 HTTP/1.1" 200 30
186.79.147.180 - - [05/Apr/2017:11:43:57 -0300] "GET /cormun/servlet/solicitudotadjuntos?3d75ebead1a961b1bfd73ec2533282a870174fb3e04c2a505e6b6dac92263d41,gx-no-cache=1491403510038 HTTP/1.1" 200 30
186.79.82.26 - - [05/Apr/2017:11:44:04 -0300] "POST /cormun/servlet/solicitudot?gx-no-cache=1491403510939 HTTP/1.1" 200 3177
186.79.82.26 - - [05/Apr/2017:11:44:05 -0300] "POST /cormun/servlet/solicitudot?2336b287c4a0db073ac3109d2a8e875a,INS,0,0,,gx-no-cache=1491403511367 HTTP/1.1" 200 9777
186.79.82.26 - - [05/Apr/2017:11:44:07 -0300] "GET /cormun/servlet/solicitudot?2b759f29aec2cfc6a91801932c05ec996846ecee262cb14714b961e537ead1c2653eb85ae404f13054e692f836b2fbe0,gx-no-cache=1491403513481 HTTP/1.1" 200 30
186.79.82.26 - - [05/Apr/2017:11:44:07 -0300] "POST /cormun/servlet/solicitudot?gx-no-cache=1491403513584 HTTP/1.1" 200 297
186.79.82.26 - - [05/Apr/2017:11:44:07 -0300] "GET /cormun/servlet/solicitudot?2b759f29aec2cfc6a91801932c05ec993f497326dc47024fde13ea75077a6814cad6b18da5217c155529943d652913be22dc38f0442ad83b6e503d12d322f4fe780330b75f671354c770281cfb12a6d6ffcbbbd562434739bec919fb9f22a4d4111243d434d344f7b551d5c615d57a335f36f3d399d417e42d1acaa70bd4c82b8ff41602b6a6dbe2c2df8a180357be9fe65dab0981df3612fe3aac774338ced4481ceb9f2e2dc34d69534cf87556e680b5bb760d995cd607cda812f2f2830b792fd45b290f509bb74858143f5b14aed0f5bc45877a108321c68bd5399f0d89df11d5870211b5f2f00075e6f7ffaa6680f5bff5c88528f4ed2f50a954e0d4b618c30c4b1a8219fd5ddc0a1063cd209938b24a34c924da44365717ef7fb8967988bc159a3c4c268a0a239a1b0197688627d801b4879deeb6d3d4c220f73c23506eaa40ea98c2c94be298f12b0f272f5c887b913c230f3cb4c53cb5f41718efdbf7a51f54d59d11bd2fbf3b9100f4c43c682f6450bcb8ff69ba8cc6db84e5e9e5a97d611509097f0153d82d88806a4c064d,gx-no-cache=1491403513727 HTTP/1.1" 200 30
186.79.82.26 - - [05/Apr/2017:11:44:08 -0300] "POST /cormun/servlet/solicitudot?gx-no-cache=1491403515061 HTTP/1.1" 200 30
186.79.147.180 - - [05/Apr/2017:11:44:09 -0300] "POST /cormun/servlet/solicitudotadjuntos?008d9b93512d20a228b5b09d884328b3,INS,2017,5938,,1, HTTP/1.1" 200 116
186.79.147.180 - - [05/Apr/2017:11:44:10 -0300] "GET /cormun/servlet/hpexe_return? HTTP/1.1" 200 1023
186.79.147.180 - - [05/Apr/2017:11:44:10 -0300] "GET /cormun/servlet/trsolicitudadjuntos?2017,5938, HTTP/1.1" 200 8351
186.79.147.180 - - [05/Apr/2017:11:44:11 -0300] "GET /cormun/servlet/trsolicitudadjuntos?2017,5938, HTTP/1.1" 200 8352
186.103.156.166 - - [05/Apr/2017:11:44:11 -0300] "GET /cormun/servlet/solicitudot?1c7eb3d16ebea975207b53eb5f2eeea6191a9ea0773c08f5099a939f0cfc6e3ea2c9a4c8cb2b23448217f4edeca415686cf0610d7a6ddae565c150a7acf76da093698bb45547af6e34a70891119db265417c661da8be0f433fadbda6515ef807fbace01d10ef52689325584544843e1a737d976a7daa511b877e4cc7090c39d87dbb8c4690fa1e56df38c07409da727a2c4ca69a02d417cbab43685ab8480b80d95daeaf9d27ce2d2d1eb1d213b903af,gx-no-cache=1491407127119 HTTP/1.1" 200 30
186.79.82.26 - - [05/Apr/2017:11:44:12 -0300] "POST /cormun/servlet/solicitudot?gx-no-cache=1491403518530 HTTP/1.1" 200 1291
186.79.82.26 - - [05/Apr/2017:11:44:12 -0300] "POST /cormun/servlet/solicitudot?gx-no-cache=1491403518895 HTTP/1.1" 200 38
186.79.147.180 - - [05/Apr/2017:11:44:15 -0300] "GET /cormun/servlet/solicitudotadjuntos?INS,2017,5938,,1, HTTP/1.1" 200 5792
186.79.147.180 - - [05/Apr/2017:11:44:16 -0300] "GET /cormun/static/about:blank HTTP/1.1" 404 1011
186.79.147.180 - - [05/Apr/2017:11:44:16 -0300] "GET /cormun/servlet/solicitudotadjuntos?INS,2017,5938,,1, HTTP/1.1" 200 5785
186.79.147.180 - - [05/Apr/2017:11:44:16 -0300] "GET /cormun/servlet/solicitudotadjuntos?3d75ebead1a961b1bfd73ec2533282a87e58cb5be1f3996f9828a7fac3586f89a12129b9ab38cbc7adc4637532f7a709,gx-no-cache=1491403529031 HTTP/1.1" 200 30
186.79.147.180 - - [05/Apr/2017:11:44:17 -0300] "POST /cormun/servlet/solicitudotadjuntos?008d9b93512d20a228b5b09d884328b3,INS,2017,5938,,1,,gx-no-cache=1491403529145 HTTP/1.1" 200 3637
186.79.82.26 - - [05/Apr/2017:11:44:19 -0300] "GET /cormun/servlet/solicitudot?2b759f29aec2cfc6a91801932c05ec9957d579fbb8e3264c49ab23915b29bb3e30188754cd62516586f1ac88de6f2f1140f38a71e8d7fb25e06620fb5aba0ad5205c2b21126a38c1f4812a3d7c6e602f99c65f3cdeac8e9d952a63d5686eb25b0f7b6d233be83a867d385f61f47ac2c6,gx-no-cache=1491403525799 HTTP/1.1" 200 29
186.79.82.26 - - [05/Apr/2017:11:44:19 -0300] "POST /cormun/servlet/solicitudot?gx-no-cache=1491403525877 HTTP/1.1" 200 1273
186.79.147.180 - - [05/Apr/2017:11:44:19 -0300] "POST /cormun/servlet/solicitudotadjuntos?gx-no-cache=1491403531914 HTTP/1.1" 200 26
186.79.82.26 - - [05/Apr/2017:11:44:19 -0300] "POST /cormun/servlet/solicitudot?gx-no-cache=1491403526053 HTTP/1.1" 200 1156
186.79.82.26 - - [05/Apr/2017:11:44:19 -0300] "GET /cormun/static/menuarrow.gif HTTP/1.1" 404 1015
192.168.10.13 - - [05/Apr/2017:11:44:24 -0300] "GET / HTTP/1.1" 200 11217
186.79.82.26 - - [05/Apr/2017:11:44:27 -0300] "POST /cormun/servlet/solicitudot?gx-no-cache=1491403533479 HTTP/1.1" 200 1273
186.79.82.26 - - [05/Apr/2017:11:44:27 -0300] "POST /cormun/servlet/solicitudot?gx-no-cache=1491403534019 HTTP/1.1" 200 1156
186.79.147.180 - - [05/Apr/2017:11:44:30 -0300] "POST /cormun/servlet/solicitudotadjuntos?gx-no-cache=1491403542581 HTTP/1.1" 200 26
186.79.82.26 - - [05/Apr/2017:11:44:34 -0300] "GET /cormun/servlet/solicitudot?2b759f29aec2cfc6a91801932c05ec9982cb105d0b3cd94f508072e347bd02e6568d3c629f9a3c43d141185b22ba4b08fb3127470b3a09b48adfd7f557f218bea7ed551bbc7282165a68a48693d756315c1b9137b1e58caefb44dbbf2a2d45efde5d1312bd431066d1bd15b118d55fbe2fd9f236f431073ec4d10126c436f427368e1f17a95ca71fead24c894a4fdc1aefacfd842b4673ef0359be79a78efe569b1441715f9ae33c742e5cc29160a4a9,gx-no-cache=1491403541264 HTTP/1.1" 200 30
186.79.147.180 - - [05/Apr/2017:11:44:40 -0300] "GET /cormun/servlet/solicitudotadjuntos?3d75ebead1a961b1bfd73ec2533282a870174fb3e04c2a505e6b6dac92263d41,gx-no-cache=1491403552948 HTTP/1.1" 200 30
186.79.147.180 - - [05/Apr/2017:11:44:40 -0300] "GET /cormun/servlet/solicitudotadjuntos?3d75ebead1a961b1bfd73ec2533282a870174fb3e04c2a505e6b6dac92263d41,gx-no-cache=1491403553055 HTTP/1.1" 200 30
186.79.82.26 - - [05/Apr/2017:11:44:47 -0300] "POST /cormun/servlet/solicitudot?2336b287c4a0db073ac3109d2a8e875a,INS,0,0,,gx-no-cache=1491403553244 HTTP/1.1" 200 93
186.79.82.26 - - [05/Apr/2017:11:44:47 -0300] "GET /cormun/servlet/hpexe_return? HTTP/1.1" 200 1002
186.79.82.26 - - [05/Apr/2017:11:44:47 -0300] "GET /cormun/static/Resources/Spanish/PXTools.css?167811 HTTP/1.1" 304 -
186.79.82.26 - - [05/Apr/2017:11:44:47 -0300] "GET /cormun/static/gxcfg.js?2016101716175148 HTTP/1.1" 304 -
186.79.82.26 - - [05/Apr/2017:11:44:47 -0300] "GET /cormun/static/hpexe_return.js?2016101716175153 HTTP/1.1" 304 -
186.79.82.26 - - [05/Apr/2017:11:44:47 -0300] "GET /cormun/servlet/trsolicitudot HTTP/1.1" 200 8891
186.79.82.26 - - [05/Apr/2017:11:44:48 -0300] "GET /cormun/servlet/trsolicitudot HTTP/1.1" 200 8887
186.79.82.26 - - [05/Apr/2017:11:44:55 -0300] "POST /cormun/servlet/trsolicitudot?2336b287c4a0db073ac3109d2a8e875a,gx-no-cache=1491403561617 HTTP/1.1" 200 5757
186.79.82.26 - - [05/Apr/2017:11:44:55 -0300] "GET /cormun/static/Shared/jqueryui/images/ui-bg_highlight-soft_100_c6c2c8_1x100.png HTTP/1.1" 404 1117
186.79.82.26 - - [05/Apr/2017:11:44:55 -0300] "GET /cormun/static/Shared/jqueryui/images/ui-icons_82798d_256x240.png HTTP/1.1" 404 1089
186.79.82.26 - - [05/Apr/2017:11:44:55 -0300] "GET /cormun/static/Shared/jqueryui/images/ui-bg_flat_55_fafafa_40x100.png HTTP/1.1" 404 1097
186.79.82.26 - - [05/Apr/2017:11:44:55 -0300] "GET /cormun/static/Shared/jqueryui/images/ui-icons_8d78a5_256x240.png HTTP/1.1" 404 1089
186.79.82.26 - - [05/Apr/2017:11:44:56 -0300] "POST /cormun/servlet/trsolicitudot?2336b287c4a0db073ac3109d2a8e875a,gx-no-cache=1491403562284 HTTP/1.1" 200 5701
186.79.147.180 - - [05/Apr/2017:11:44:59 -0300] "POST /cormun/servlet/solicitudotadjuntos?008d9b93512d20a228b5b09d884328b3,INS,2017,5938,,1, HTTP/1.1" 200 116
186.79.147.180 - - [05/Apr/2017:11:44:59 -0300] "GET /cormun/servlet/hpexe_return? HTTP/1.1" 200 1023
186.79.147.180 - - [05/Apr/2017:11:45:00 -0300] "GET /cormun/servlet/trsolicitudadjuntos?2017,5938, HTTP/1.1" 200 8509
186.79.147.180 - - [05/Apr/2017:11:45:01 -0300] "GET /cormun/servlet/trsolicitudadjuntos?2017,5938, HTTP/1.1" 200 8505
186.79.147.180 - - [05/Apr/2017:11:45:07 -0300] "GET /cormun/servlet/solicitudotadjuntos?INS,2017,5938,,1, HTTP/1.1" 200 5794
186.79.147.180 - - [05/Apr/2017:11:45:08 -0300] "GET /cormun/static/about:blank HTTP/1.1" 404 1011
186.79.147.180 - - [05/Apr/2017:11:45:08 -0300] "GET /cormun/servlet/solicitudotadjuntos?INS,2017,5938,,1, HTTP/1.1" 200 5787
186.79.147.180 - - [05/Apr/2017:11:45:09 -0300] "GET /cormun/servlet/solicitudotadjuntos?3d75ebead1a961b1bfd73ec2533282a87e58cb5be1f3996f9828a7fac3586f89a12129b9ab38cbc7adc4637532f7a709,gx-no-cache=1491403581218 HTTP/1.1" 200 30
186.79.147.180 - - [05/Apr/2017:11:45:09 -0300] "POST /cormun/servlet/solicitudotadjuntos?008d9b93512d20a228b5b09d884328b3,INS,2017,5938,,1,,gx-no-cache=1491403581339 HTTP/1.1" 200 3639
186.79.147.180 - - [05/Apr/2017:11:45:16 -0300] "POST /cormun/servlet/solicitudotadjuntos?gx-no-cache=1491403588234 HTTP/1.1" 200 26
192.168.10.13 - - [05/Apr/2017:11:45:24 -0300] "GET / HTTP/1.1" 200 11217
186.79.147.180 - - [05/Apr/2017:11:45:26 -0300] "GET /cormun/servlet/solicitudotadjuntos?3d75ebead1a961b1bfd73ec2533282a870174fb3e04c2a505e6b6dac92263d41,gx-no-cache=1491403598767 HTTP/1.1" 200 30
186.79.147.180 - - [05/Apr/2017:11:45:26 -0300] "GET /cormun/servlet/solicitudotadjuntos?3d75ebead1a961b1bfd73ec2533282a870174fb3e04c2a505e6b6dac92263d41,gx-no-cache=1491403598887 HTTP/1.1" 200 30
186.79.147.180 - - [05/Apr/2017:11:45:47 -0300] "POST /cormun/servlet/solicitudotadjuntos?008d9b93512d20a228b5b09d884328b3,INS,2017,5938,,1, HTTP/1.1" 200 116
186.79.147.180 - - [05/Apr/2017:11:45:47 -0300] "GET /cormun/servlet/hpexe_return? HTTP/1.1" 200 1023
186.79.147.180 - - [05/Apr/2017:11:45:48 -0300] "GET /cormun/servlet/trsolicitudadjuntos?2017,5938, HTTP/1.1" 200 8664
186.79.147.180 - - [05/Apr/2017:11:45:49 -0300] "GET /cormun/servlet/trsolicitudadjuntos?2017,5938, HTTP/1.1" 200 8665
186.79.147.180 - - [05/Apr/2017:11:46:01 -0300] "GET /cormun/servlet/solicitudotadjuntos?INS,2017,5938,,1, HTTP/1.1" 200 5794
186.79.147.180 - - [05/Apr/2017:11:46:01 -0300] "GET /cormun/static/about:blank HTTP/1.1" 404 1011
186.79.147.180 - - [05/Apr/2017:11:46:01 -0300] "GET /cormun/servlet/solicitudotadjuntos?INS,2017,5938,,1, HTTP/1.1" 200 5788
186.79.147.180 - - [05/Apr/2017:11:46:02 -0300] "GET /cormun/servlet/solicitudotadjuntos?3d75ebead1a961b1bfd73ec2533282a87e58cb5be1f3996f9828a7fac3586f89a12129b9ab38cbc7adc4637532f7a709,gx-no-cache=1491403634525 HTTP/1.1" 200 30
186.79.147.180 - - [05/Apr/2017:11:46:02 -0300] "POST /cormun/servlet/solicitudotadjuntos?008d9b93512d20a228b5b09d884328b3,INS,2017,5938,,1,,gx-no-cache=1491403634615 HTTP/1.1" 200 3639
186.79.147.180 - - [05/Apr/2017:11:46:07 -0300] "POST /cormun/servlet/solicitudotadjuntos?gx-no-cache=1491403639755 HTTP/1.1" 200 26
186.79.147.180 - - [05/Apr/2017:11:46:15 -0300] "GET /cormun/servlet/solicitudotadjuntos?3d75ebead1a961b1bfd73ec2533282a870174fb3e04c2a505e6b6dac92263d41,gx-no-cache=1491403647445 HTTP/1.1" 200 30
186.79.147.180 - - [05/Apr/2017:11:46:15 -0300] "GET /cormun/servlet/solicitudotadjuntos?3d75ebead1a961b1bfd73ec2533282a870174fb3e04c2a505e6b6dac92263d41,gx-no-cache=1491403647558 HTTP/1.1" 200 30
192.168.10.13 - - [05/Apr/2017:11:46:24 -0300] "GET / HTTP/1.1" 200 11217
186.79.147.180 - - [05/Apr/2017:11:46:26 -0300] "POST /cormun/servlet/solicitudotadjuntos?008d9b93512d20a228b5b09d884328b3,INS,2017,5938,,1, HTTP/1.1" 200 116
186.79.147.180 - - [05/Apr/2017:11:46:27 -0300] "GET /cormun/servlet/hpexe_return? HTTP/1.1" 200 1023
186.79.147.180 - - [05/Apr/2017:11:46:28 -0300] "GET /cormun/servlet/trsolicitudadjuntos?2017,5938, HTTP/1.1" 200 8905
186.79.147.180 - - [05/Apr/2017:11:46:29 -0300] "GET /cormun/servlet/trsolicitudadjuntos?2017,5938, HTTP/1.1" 200 8904
186.79.147.180 - - [05/Apr/2017:11:46:52 -0300] "GET /cormun/servlet/solicitudotadjuntos?INS,2017,5938,,1, HTTP/1.1" 200 5794
186.79.147.180 - - [05/Apr/2017:11:46:53 -0300] "GET /cormun/static/about:blank HTTP/1.1" 404 1011
186.79.147.180 - - [05/Apr/2017:11:46:53 -0300] "GET /cormun/servlet/solicitudotadjuntos?INS,2017,5938,,1, HTTP/1.1" 200 5787
186.79.147.180 - - [05/Apr/2017:11:46:54 -0300] "GET /cormun/servlet/solicitudotadjuntos?3d75ebead1a961b1bfd73ec2533282a87e58cb5be1f3996f9828a7fac3586f89a12129b9ab38cbc7adc4637532f7a709,gx-no-cache=1491403686354 HTTP/1.1" 200 30
186.79.147.180 - - [05/Apr/2017:11:46:54 -0300] "POST /cormun/servlet/solicitudotadjuntos?008d9b93512d20a228b5b09d884328b3,INS,2017,5938,,1,,gx-no-cache=1491403686458 HTTP/1.1" 200 3639
186.79.147.180 - - [05/Apr/2017:11:47:02 -0300] "POST /cormun/servlet/solicitudotadjuntos?gx-no-cache=1491403694588 HTTP/1.1" 200 26
192.168.10.13 - - [05/Apr/2017:11:47:24 -0300] "GET / HTTP/1.1" 200 11217
186.79.147.180 - - [05/Apr/2017:11:47:28 -0300] "POST /cormun/servlet/solicitudotadjuntos?008d9b93512d20a228b5b09d884328b3,INS,2017,5938,,1, HTTP/1.1" 200 116
186.79.147.180 - - [05/Apr/2017:11:47:28 -0300] "GET /cormun/servlet/hpexe_return? HTTP/1.1" 200 1023
186.79.147.180 - - [05/Apr/2017:11:47:30 -0300] "GET /cormun/servlet/trsolicitudadjuntos?2017,5938, HTTP/1.1" 200 8906
186.103.159.204 - - [05/Apr/2017:11:47:31 -0300] "POST /cormun/servlet/trsolicitudot?be15f81111a5d43c69029e3bc977247f,gx-no-cache=1491403715572 HTTP/1.1" 200 5452
186.103.159.204 - - [05/Apr/2017:11:47:31 -0300] "GET /cormun/static/Shared/jqueryui/images/ui-bg_highlight-soft_100_c6c2c8_1x100.png HTTP/1.1" 404 1117
186.103.159.204 - - [05/Apr/2017:11:47:31 -0300] "GET /cormun/static/Shared/jqueryui/images/ui-icons_82798d_256x240.png HTTP/1.1" 404 1089
186.103.159.204 - - [05/Apr/2017:11:47:31 -0300] "GET /cormun/static/Shared/jqueryui/images/ui-bg_flat_55_fafafa_40x100.png HTTP/1.1" 404 1097
186.103.159.204 - - [05/Apr/2017:11:47:31 -0300] "GET /cormun/static/Shared/jqueryui/images/ui-icons_8d78a5_256x240.png HTTP/1.1" 404 1089
186.103.159.204 - - [05/Apr/2017:11:47:31 -0300] "POST /cormun/servlet/trsolicitudot?be15f81111a5d43c69029e3bc977247f,gx-no-cache=1491403716224 HTTP/1.1" 200 5395
186.79.147.180 - - [05/Apr/2017:11:47:32 -0300] "GET /cormun/servlet/trsolicitudadjuntos?2017,5938, HTTP/1.1" 200 8902
186.103.159.204 - - [05/Apr/2017:11:47:37 -0300] "POST /cormun/servlet/trsolicitudot?be15f81111a5d43c69029e3bc977247f,gx-no-cache=1491403721867 HTTP/1.1" 200 107
186.103.159.204 - - [05/Apr/2017:11:47:37 -0300] "GET /cormun/servlet/trsolicitudadjuntos?2017,5937, HTTP/1.1" 200 6090
186.103.159.204 - - [05/Apr/2017:11:47:38 -0300] "GET /cormun/servlet/trsolicitudadjuntos?2017,5937, HTTP/1.1" 200 6090
186.79.147.180 - - [05/Apr/2017:11:48:00 -0300] "GET /cormun/servlet/hlogin HTTP/1.1" 200 1724
186.79.147.180 - - [05/Apr/2017:11:48:03 -0300] "POST /cormun/servlet/hlogin?e9da7bdf33bf1fc4cd592804161942bc,gx-no-cache=1491403755204 HTTP/1.1" 200 90
186.79.147.180 - - [05/Apr/2017:11:48:03 -0300] "GET /cormun/servlet/hpexe_link HTTP/1.1" 200 952
186.79.147.180 - - [05/Apr/2017:11:48:03 -0300] "GET /cormun/servlet/hhome HTTP/1.1" 200 3756
186.79.147.180 - - [05/Apr/2017:11:48:04 -0300] "GET /cormun/servlet/hhome HTTP/1.1" 200 3753
186.103.156.166 - - [05/Apr/2017:11:48:05 -0300] "POST /cormun/servlet/solicitudot?gx-no-cache=1491407361184 HTTP/1.1" 200 1273
186.103.156.166 - - [05/Apr/2017:11:48:05 -0300] "POST /cormun/servlet/solicitudot?gx-no-cache=1491407361299 HTTP/1.1" 200 1157
186.103.156.166 - - [05/Apr/2017:11:48:05 -0300] "GET /cormun/servlet/solicitudot?1c7eb3d16ebea975207b53eb5f2eeea6191a9ea0773c08f5099a939f0cfc6e3ea2c9a4c8cb2b23448217f4edeca415686cf0610d7a6ddae565c150a7acf76da093698bb45547af6e34a70891119db265417c661da8be0f433fadbda6515ef807fbace01d10ef52689325584544843e1a737d976a7daa511b877e4cc7090c39d87dbb8c4690fa1e56df38c07409da727a2c4ca69a02d417cbab43685ab8480b80d95daeaf9d27ce2d2d1eb1d213b903af,gx-no-cache=1491407361396 HTTP/1.1" 200 30
186.103.156.166 - - [05/Apr/2017:11:48:06 -0300] "POST /cormun/servlet/solicitudot?f188049e328ee1bfacea1023bd339567,INS,0,0,,gx-no-cache=1491407361432 HTTP/1.1" 200 93
186.103.156.166 - - [05/Apr/2017:11:48:06 -0300] "GET /cormun/servlet/hpexe_return? HTTP/1.1" 200 1009
186.103.156.166 - - [05/Apr/2017:11:48:06 -0300] "GET /cormun/static/gxcfg.js?2016101716175148 HTTP/1.1" 304 -
186.103.156.166 - - [05/Apr/2017:11:48:06 -0300] "GET /cormun/servlet/trsolicitudot HTTP/1.1" 200 8694
186.79.147.180 - - [05/Apr/2017:11:48:06 -0300] "GET /cormun/servlet/trsolicitudot? HTTP/1.1" 200 9162
186.103.156.166 - - [05/Apr/2017:11:48:06 -0300] "GET /cormun/servlet/trsolicitudot HTTP/1.1" 200 8690
186.79.147.180 - - [05/Apr/2017:11:48:07 -0300] "GET /cormun/servlet/trsolicitudot? HTTP/1.1" 200 9161
186.79.147.180 - - [05/Apr/2017:11:48:12 -0300] "POST /cormun/servlet/trsolicitudot?e9da7bdf33bf1fc4cd592804161942bc,,gx-no-cache=1491403764833 HTTP/1.1" 200 107
186.79.147.180 - - [05/Apr/2017:11:48:13 -0300] "GET /cormun/servlet/trsolicitudadjuntos?2017,5938, HTTP/1.1" 200 8903
186.79.147.180 - - [05/Apr/2017:11:48:14 -0300] "GET /cormun/servlet/trsolicitudadjuntos?2017,5938, HTTP/1.1" 200 8904
186.103.156.166 - - [05/Apr/2017:11:48:22 -0300] "POST /cormun/servlet/trsolicitudot?f188049e328ee1bfacea1023bd339567,gx-no-cache=1491407377790 HTTP/1.1" 200 5913
186.103.156.166 - - [05/Apr/2017:11:48:22 -0300] "GET /cormun/static/Shared/jqueryui/images/ui-bg_highlight-soft_100_c6c2c8_1x100.png HTTP/1.1" 404 1117
186.103.156.166 - - [05/Apr/2017:11:48:22 -0300] "GET /cormun/static/Shared/jqueryui/images/ui-icons_82798d_256x240.png HTTP/1.1" 404 1089
186.103.156.166 - - [05/Apr/2017:11:48:22 -0300] "GET /cormun/static/Shared/jqueryui/images/ui-bg_flat_55_fafafa_40x100.png HTTP/1.1" 404 1097
186.103.156.166 - - [05/Apr/2017:11:48:22 -0300] "GET /cormun/static/Shared/jqueryui/images/ui-icons_8d78a5_256x240.png HTTP/1.1" 404 1089
192.168.10.13 - - [05/Apr/2017:11:48:24 -0300] "GET / HTTP/1.1" 200 11217
186.103.156.166 - - [05/Apr/2017:11:48:36 -0300] "POST /cormun/servlet/trsolicitudot?f188049e328ee1bfacea1023bd339567,gx-no-cache=1491407392140 HTTP/1.1" 200 106
186.103.156.166 - - [05/Apr/2017:11:48:37 -0300] "GET /cormun/servlet/solicitudot?UPD,2017,5249, HTTP/1.1" 200 14388
186.103.156.166 - - [05/Apr/2017:11:48:37 -0300] "GET /cormun/servlet/solicitudot?UPD,2017,5249, HTTP/1.1" 200 14397
186.103.156.166 - - [05/Apr/2017:11:48:38 -0300] "POST /cormun/servlet/solicitudot?gx-no-cache=1491407393774 HTTP/1.1" 200 3158
186.103.156.166 - - [05/Apr/2017:11:48:38 -0300] "POST /cormun/servlet/solicitudot?f188049e328ee1bfacea1023bd339567,UPD,2017,5249,,gx-no-cache=1491407393988 HTTP/1.1" 200 11032
186.103.156.166 - - [05/Apr/2017:11:48:38 -0300] "GET /cormun/servlet/solicitudot?1c7eb3d16ebea975207b53eb5f2eeea6d039eeab74d6788d226ebf7c876acb4eac9b64c8247aa5281baf5b32aed2fa1a,gx-no-cache=1491407394237 HTTP/1.1" 200 30
186.103.156.166 - - [05/Apr/2017:11:48:38 -0300] "POST /cormun/servlet/solicitudot?gx-no-cache=1491407394279 HTTP/1.1" 200 256
186.103.156.166 - - [05/Apr/2017:11:48:39 -0300] "GET /cormun/servlet/solicitudot?1c7eb3d16ebea975207b53eb5f2eeea6c7aad2ef79c73e24e3f87718cb150d92a79724fb8ab4cbe07d85d8f7d8a48a747961513aa7bc77fe189572905f5e7ce84bf649e31539c08827ed1dc9aaad3301c13069a3f2f6cf38562c5d465c064a22762d66d0199c9798188bf6feed81530a3df1170e5dd7b46c5c13510ff000c5378f91315f0f5033ff6e4a7cabd8a7a47ea49e4190451885b4cc375d0d69e884f556b6468a768484a7f0cb53c719e7e0c590f764391d91d216b89a0b25c501911d0a35c3f627e25b8e4c97ff1b489d4cb2873e7cb76f51c392c2041ce73d07160c44603b8672b60e4dd52fa687fe82a6b5d44c32be5971ab8eea914efb5dc2dd2fe50fc088cb0dbc4accdf85c30d8c5ac5079c208aecb9a3fdd62b55afca3e0705bc593495567863d7329ecf90790f5903422d22345276a9e79bc50c5678926f435ff6ac0201e57f69286a1286c3b7ce744758d9f3f9d244b8c2df312c5751f20a35cc7a2e658daaf083a84195a36cbe5598541bcd2ab195daae57a74dbe83fa25,gx-no-cache=1491407394317 HTTP/1.1" 200 30
186.103.156.166 - - [05/Apr/2017:11:48:39 -0300] "POST /cormun/servlet/solicitudot?gx-no-cache=1491407394654 HTTP/1.1" 200 30
186.103.156.166 - - [05/Apr/2017:11:48:39 -0300] "POST /cormun/servlet/solicitudot?gx-no-cache=1491407394698 HTTP/1.1" 200 1290
186.103.156.166 - - [05/Apr/2017:11:48:39 -0300] "POST /cormun/servlet/solicitudot?gx-no-cache=1491407394761 HTTP/1.1" 200 41
186.79.147.180 - - [05/Apr/2017:11:48:42 -0300] "GET /cormun/servlet/hlogin HTTP/1.1" 200 1724
186.79.147.180 - - [05/Apr/2017:11:48:44 -0300] "POST /cormun/servlet/hlogin?02911f9baf1a0e765e88d95519c3c1c7,gx-no-cache=1491403797159 HTTP/1.1" 200 90
186.79.147.180 - - [05/Apr/2017:11:48:45 -0300] "GET /cormun/servlet/hpexe_link HTTP/1.1" 200 954
186.79.147.180 - - [05/Apr/2017:11:48:45 -0300] "GET /cormun/servlet/hhome HTTP/1.1" 200 3761
186.79.147.180 - - [05/Apr/2017:11:48:46 -0300] "GET /cormun/servlet/hhome HTTP/1.1" 200 3758
186.79.147.180 - - [05/Apr/2017:11:48:51 -0300] "GET /cormun/servlet/trsolicitudot? HTTP/1.1" 200 9169
186.79.147.180 - - [05/Apr/2017:11:48:51 -0300] "GET /cormun/servlet/trsolicitudot? HTTP/1.1" 200 9167
186.103.156.166 - - [05/Apr/2017:11:48:52 -0300] "POST /cormun/servlet/solicitudot?gx-no-cache=1491407407511 HTTP/1.1" 200 3137
186.103.156.166 - - [05/Apr/2017:11:48:52 -0300] "POST /cormun/servlet/solicitudot?f188049e328ee1bfacea1023bd339567,UPD,2017,5249,,gx-no-cache=1491407407658 HTTP/1.1" 200 11070
186.103.156.166 - - [05/Apr/2017:11:48:53 -0300] "GET /cormun/servlet/solicitudot?1c7eb3d16ebea975207b53eb5f2eeea6e2f522a47724a985331520573d7f9f877df072e240e8d687b09cac55d31daf5c,gx-no-cache=1491407409062 HTTP/1.1" 200 30
186.79.147.180 - - [05/Apr/2017:11:49:02 -0300] "POST /cormun/servlet/trsolicitudot?02911f9baf1a0e765e88d95519c3c1c7,,gx-no-cache=1491403813924 HTTP/1.1" 200 6003
186.79.147.180 - - [05/Apr/2017:11:49:02 -0300] "GET /cormun/static/Shared/jqueryui/images/ui-bg_highlight-soft_100_c6c2c8_1x100.png HTTP/1.1" 404 1117
186.79.147.180 - - [05/Apr/2017:11:49:02 -0300] "GET /cormun/static/Shared/jqueryui/images/ui-icons_82798d_256x240.png HTTP/1.1" 404 1089
186.79.147.180 - - [05/Apr/2017:11:49:02 -0300] "GET /cormun/static/Shared/jqueryui/images/ui-bg_flat_55_fafafa_40x100.png HTTP/1.1" 404 1097
186.79.147.180 - - [05/Apr/2017:11:49:02 -0300] "GET /cormun/static/Shared/jqueryui/images/ui-icons_8d78a5_256x240.png HTTP/1.1" 404 1089
186.79.147.180 - - [05/Apr/2017:11:49:02 -0300] "POST /cormun/servlet/trsolicitudot?02911f9baf1a0e765e88d95519c3c1c7,,gx-no-cache=1491403814673 HTTP/1.1" 200 5945
192.168.10.13 - - [05/Apr/2017:11:49:24 -0300] "GET / HTTP/1.1" 200 11217
192.168.10.96 - - [05/Apr/2017:11:49:37 -0300] "GET /cormun/servlet/hlogin HTTP/1.1" 200 1748
186.103.156.166 - - [05/Apr/2017:11:49:44 -0300] "POST /cormun/servlet/solicitudot?gx-no-cache=1491407460200 HTTP/1.1" 200 297
186.103.156.166 - - [05/Apr/2017:11:49:47 -0300] "GET /cormun/servlet/solicitudot?1c7eb3d16ebea975207b53eb5f2eeea6c7aad2ef79c73e24e3f87718cb150d928176f4bf7decfeab34afb1fa42e15c297961513aa7bc77fe189572905f5e7ce84bf649e31539c08827ed1dc9aaad3301c13069a3f2f6cf38562c5d465c064a22762d66d0199c9798188bf6feed81530a3df1170e5dd7b46c5c13510ff000c5378f91315f0f5033ff6e4a7cabd8a7a47ea49e4190451885b4cc375d0d69e884f556b6468a768484a7f0cb53c719e7e0c590f764391d91d216b89a0b25c501911d0a35c3f627e25b8e4c97ff1b489d4cb2873e7cb76f51c392c2041ce73d07160c44603b8672b60e4dd52fa687fe82a6b5f344a92fa52e6b79f7047afb00b9bba7e50fc088cb0dbc4accdf85c30d8c5ac5acbf61de7c1d94c76e5828ee143907a02ccb34bf63f9ea6ecf8baff5c872133e8581ca647d7f47195f197929d86b27eebc2fd217b25707e97a1d674304e71544e180ba76b1043699f2fb84a4fe4b954518b8a787d3882e24fdecc394543acf411cce784c908a967c7f6989283a3519fe5668dbe1897bce8e7e89f2e84ecf90fe,gx-no-cache=1491407462506 HTTP/1.1" 200 30
186.103.156.166 - - [05/Apr/2017:11:49:51 -0300] "POST /cormun/servlet/solicitudot?gx-no-cache=1491407466818 HTTP/1.1" 200 30
186.103.156.166 - - [05/Apr/2017:11:49:53 -0300] "POST /cormun/servlet/solicitudot?gx-no-cache=1491407468966 HTTP/1.1" 200 1286
186.103.156.166 - - [05/Apr/2017:11:49:53 -0300] "POST /cormun/servlet/solicitudot?gx-no-cache=1491407469072 HTTP/1.1" 200 41
192.168.10.96 - - [05/Apr/2017:11:49:56 -0300] "POST /cormun/servlet/hlogin?5e2b5f06d4f489b596142c5172f4cf86,gx-no-cache=1491407073444 HTTP/1.1" 200 90
192.168.10.96 - - [05/Apr/2017:11:49:56 -0300] "GET /cormun/servlet/hpexe_link HTTP/1.1" 200 957
192.168.10.96 - - [05/Apr/2017:11:49:56 -0300] "GET /cormun/servlet/hhome HTTP/1.1" 200 3774
192.168.10.96 - - [05/Apr/2017:11:49:57 -0300] "GET /cormun/servlet/hhome HTTP/1.1" 200 3771
192.168.10.96 - - [05/Apr/2017:11:50:04 -0300] "GET /cormun/servlet/trlicencias? HTTP/1.1" 200 6618
192.168.10.96 - - [05/Apr/2017:11:50:04 -0300] "GET /cormun/static/gxcfg.js?2016122619301429 HTTP/1.1" 304 -
192.168.10.96 - - [05/Apr/2017:11:50:04 -0300] "GET /cormun/static/trlicencias.js?2016122619301919 HTTP/1.1" 304 -
192.168.10.96 - - [05/Apr/2017:11:50:04 -0300] "GET /cormun/servlet/trlicencias? HTTP/1.1" 200 6616
186.103.156.166 - - [05/Apr/2017:11:50:08 -0300] "GET /cormun/servlet/solicitudot?1c7eb3d16ebea975207b53eb5f2eeea62c6e945071717b25e7f001bc25f97f1566e841451d4a7ac657713ccec728648b49396d8e0475c647385dbc36bcb0fe2ec1a9de64daf45d0919ddcac03e5f77565827d225bb3a23cf3c8e4641d40cee5095a97bfd3c94fa099cadb6c68c63022a939968ed0d3a3eb95246838c7cedb3a7d98486308ac328c399e17da0d02e5191fedda564ac68116ac380d4f219ccbcf0,gx-no-cache=1491407484082 HTTP/1.1" 200 30
186.103.156.166 - - [05/Apr/2017:11:50:12 -0300] "GET /cormun/servlet/solicitudot?1c7eb3d16ebea975207b53eb5f2eeea62c6e945071717b25e7f001bc25f97f1566e841451d4a7ac657713ccec728648b7fa901480ab3b6de9e1ab3fad9b2b3d8c1a9de64daf45d0919ddcac03e5f77565827d225bb3a23cf3c8e4641d40cee5095a97bfd3c94fa099cadb6c68c63022a939968ed0d3a3eb95246838c7cedb3a7d98486308ac328c399e17da0d02e51916fc5a6971479a94bbf85a8cf35e8739b,gx-no-cache=1491407488204 HTTP/1.1" 200 30
192.168.10.96 - - [05/Apr/2017:11:50:13 -0300] "POST /cormun/servlet/trlicencias?5e2b5f06d4f489b596142c5172f4cf86,,gx-no-cache=1491407089808 HTTP/1.1" 200 3907
186.103.156.166 - - [05/Apr/2017:11:50:13 -0300] "POST /cormun/servlet/solicitudot?gx-no-cache=1491407488974 HTTP/1.1" 200 1272
192.168.10.96 - - [05/Apr/2017:11:50:15 -0300] "POST /cormun/servlet/trlicencias?5e2b5f06d4f489b596142c5172f4cf86,,gx-no-cache=1491407091808 HTTP/1.1" 200 5803
186.103.156.166 - - [05/Apr/2017:11:50:19 -0300] "POST /cormun/servlet/solicitudot?gx-no-cache=1491407494956 HTTP/1.1" 200 1155
192.168.10.96 - - [05/Apr/2017:11:50:20 -0300] "GET /cormun/servlet/alicenciaprn?20029270,L,20170404000000,PU HTTP/1.1" 200 1542
186.79.147.180 - - [05/Apr/2017:11:50:21 -0300] "GET /cormun/servlet/hlogin HTTP/1.1" 200 1719
186.79.147.180 - - [05/Apr/2017:11:50:21 -0300] "GET /cormun/static/Resources/Spanish/PXTools.css?11294912 HTTP/1.1" 304 -
186.79.147.180 - - [05/Apr/2017:11:50:21 -0300] "GET /cormun/static/gxcfg.js?201731711485472 HTTP/1.1" 304 -
186.79.147.180 - - [05/Apr/2017:11:50:21 -0300] "GET /cormun/static/messages.spa.js?85251 HTTP/1.1" 304 -
186.79.147.180 - - [05/Apr/2017:11:50:21 -0300] "GET /cormun/static/hlogin.js?201731711485490 HTTP/1.1" 304 -
186.79.147.180 - - [05/Apr/2017:11:50:21 -0300] "GET /cormun/servlet/hlogin HTTP/1.1" 200 1730
186.79.147.180 - - [05/Apr/2017:11:50:23 -0300] "POST /cormun/servlet/hlogin?e263673e91403ab160d5968de81e2525,gx-no-cache=1491403879456 HTTP/1.1" 200 90
186.79.147.180 - - [05/Apr/2017:11:50:24 -0300] "GET /cormun/servlet/hpexe_link HTTP/1.1" 200 949
186.79.147.180 - - [05/Apr/2017:11:50:24 -0300] "GET /cormun/static/gxcfg.js?201731711483381 HTTP/1.1" 304 -
186.79.147.180 - - [05/Apr/2017:11:50:24 -0300] "GET /cormun/static/hpexe_link.js?201731711483384 HTTP/1.1" 304 -
186.79.147.180 - - [05/Apr/2017:11:50:24 -0300] "GET /cormun/servlet/hhome HTTP/1.1" 200 3956
186.79.147.180 - - [05/Apr/2017:11:50:24 -0300] "GET /cormun/static/gxcfg.js?201731711483497 HTTP/1.1" 304 -
192.168.10.13 - - [05/Apr/2017:11:50:24 -0300] "GET / HTTP/1.1" 200 11217
186.79.147.180 - - [05/Apr/2017:11:50:24 -0300] "GET /cormun/static/hhome.js?20173171148352 HTTP/1.1" 304 -
186.79.147.180 - - [05/Apr/2017:11:50:24 -0300] "GET /cormun/static/hwchdr01.js?201731711335950 HTTP/1.1" 304 -
186.79.147.180 - - [05/Apr/2017:11:50:24 -0300] "GET /cormun/static/hpexe_recentlink.js?201610171694390 HTTP/1.1" 304 -
186.79.147.180 - - [05/Apr/2017:11:50:24 -0300] "GET /cormun/static/hpexe_scripts.js?201731711335890 HTTP/1.1" 304 -
186.79.147.180 - - [05/Apr/2017:11:50:24 -0300] "GET /cormun/static/hpexe_messagepopupcomponent.js?20161017169425 HTTP/1.1" 304 -
186.79.147.180 - - [05/Apr/2017:11:50:24 -0300] "GET /cormun/static/hpexe_messagecontroller.js?201610171694323 HTTP/1.1" 304 -
186.79.147.180 - - [05/Apr/2017:11:50:24 -0300] "GET /cormun/static/hpexe_messagegenexuscomponent.js?201731711335537 HTTP/1.1" 304 -
186.79.147.180 - - [05/Apr/2017:11:50:24 -0300] "GET /cormun/static/cmcontrolpreferences.js?201731711335852 HTTP/1.1" 304 -
186.79.147.180 - - [05/Apr/2017:11:50:24 -0300] "GET /cormun/static/hmpwkw03.js?201731711485354 HTTP/1.1" 304 -
186.79.147.180 - - [05/Apr/2017:11:50:24 -0300] "GET /cormun/servlet/hhome HTTP/1.1" 200 3952
186.103.156.166 - - [05/Apr/2017:11:50:28 -0300] "GET /cormun/servlet/trsolicitudot? HTTP/1.1" 200 8696
186.103.156.166 - - [05/Apr/2017:11:50:29 -0300] "GET /cormun/servlet/trsolicitudot? HTTP/1.1" 200 8690
192.168.10.96 - - [05/Apr/2017:11:50:30 -0300] "GET /cormun/servlet/trlicenciaspermisosadjuntos?20029270,20170404000000,L, HTTP/1.1" 200 6533
192.168.10.96 - - [05/Apr/2017:11:50:30 -0300] "GET /cormun/static/gxcfg.js?20173171154619 HTTP/1.1" 200 953
192.168.10.96 - - [05/Apr/2017:11:50:30 -0300] "GET /cormun/static/trlicenciaspermisosadjuntos.js?20173171154971 HTTP/1.1" 304 -
192.168.10.96 - - [05/Apr/2017:11:50:30 -0300] "GET /cormun/PublicTempStorage/img1225855652.jpg HTTP/1.1" 200 1890265
192.168.10.96 - - [05/Apr/2017:11:50:30 -0300] "GET /cormun/servlet/trlicenciaspermisosadjuntos?20029270,20170404000000,L, HTTP/1.1" 200 6532
186.79.147.180 - - [05/Apr/2017:11:50:31 -0300] "GET /cormun/servlet/trautorizarsolicitud? HTTP/1.1" 200 8890
186.79.147.180 - - [05/Apr/2017:11:50:31 -0300] "GET /cormun/static/gxcfg.js?2017259112829 HTTP/1.1" 304 -
186.79.147.180 - - [05/Apr/2017:11:50:31 -0300] "GET /cormun/static/Resources/Spanish/PXTools.css?18365030 HTTP/1.1" 304 -
186.79.147.180 - - [05/Apr/2017:11:50:31 -0300] "GET /cormun/static/trautorizarsolicitud.js?2017259113483 HTTP/1.1" 304 -
186.79.147.180 - - [05/Apr/2017:11:50:31 -0300] "GET /cormun/servlet/trautorizarsolicitud? HTTP/1.1" 200 8888
192.168.10.96 - - [05/Apr/2017:11:50:32 -0300] "GET /cormun/PublicTempStorage/img1225855652.jpg HTTP/1.1" 304 -
186.103.156.166 - - [05/Apr/2017:11:50:33 -0300] "POST /cormun/servlet/trsolicitudot?f188049e328ee1bfacea1023bd339567,,gx-no-cache=1491407508587 HTTP/1.1" 200 106
186.103.156.166 - - [05/Apr/2017:11:50:33 -0300] "GET /cormun/servlet/solicitudot?UPD,2017,5249, HTTP/1.1" 200 14388
186.103.156.166 - - [05/Apr/2017:11:50:34 -0300] "GET /cormun/servlet/solicitudot?UPD,2017,5249, HTTP/1.1" 200 14397
186.103.156.166 - - [05/Apr/2017:11:50:34 -0300] "POST /cormun/servlet/solicitudot?gx-no-cache=1491407509907 HTTP/1.1" 200 3158
186.103.156.166 - - [05/Apr/2017:11:50:34 -0300] "POST /cormun/servlet/solicitudot?f188049e328ee1bfacea1023bd339567,UPD,2017,5249,,gx-no-cache=1491407510118 HTTP/1.1" 200 11032
186.103.156.166 - - [05/Apr/2017:11:50:34 -0300] "GET /cormun/servlet/solicitudot?1c7eb3d16ebea975207b53eb5f2eeea6d039eeab74d6788d226ebf7c876acb4eac9b64c8247aa5281baf5b32aed2fa1a,gx-no-cache=1491407510356 HTTP/1.1" 200 30
186.103.156.166 - - [05/Apr/2017:11:50:34 -0300] "POST /cormun/servlet/solicitudot?gx-no-cache=1491407510394 HTTP/1.1" 200 256
186.103.156.166 - - [05/Apr/2017:11:50:35 -0300] "GET /cormun/servlet/solicitudot?1c7eb3d16ebea975207b53eb5f2eeea6c7aad2ef79c73e24e3f87718cb150d92a79724fb8ab4cbe07d85d8f7d8a48a747961513aa7bc77fe189572905f5e7ce84bf649e31539c08827ed1dc9aaad3301c13069a3f2f6cf38562c5d465c064a22762d66d0199c9798188bf6feed81530a3df1170e5dd7b46c5c13510ff000c5378f91315f0f5033ff6e4a7cabd8a7a47ea49e4190451885b4cc375d0d69e884f556b6468a768484a7f0cb53c719e7e0c590f764391d91d216b89a0b25c501911d0a35c3f627e25b8e4c97ff1b489d4cb2873e7cb76f51c392c2041ce73d07160c44603b8672b60e4dd52fa687fe82a6b5d44c32be5971ab8eea914efb5dc2dd2fe50fc088cb0dbc4accdf85c30d8c5ac5079c208aecb9a3fdd62b55afca3e0705bc593495567863d7329ecf90790f5903422d22345276a9e79bc50c5678926f435ff6ac0201e57f69286a1286c3b7ce744758d9f3f9d244b8c2df312c5751f20a35cc7a2e658daaf083a84195a36cbe5598541bcd2ab195daae57a74dbe83fa25,gx-no-cache=1491407510440 HTTP/1.1" 200 30
186.103.156.166 - - [05/Apr/2017:11:50:35 -0300] "POST /cormun/servlet/solicitudot?gx-no-cache=1491407510793 HTTP/1.1" 200 30
186.103.156.166 - - [05/Apr/2017:11:50:35 -0300] "POST /cormun/servlet/solicitudot?gx-no-cache=1491407510856 HTTP/1.1" 200 1290
192.168.10.96 - - [05/Apr/2017:11:50:35 -0300] "GET /cormun/servlet/trlicenciaspermisosadjuntos?20029270,20170404000000,L, HTTP/1.1" 200 6532
186.103.156.166 - - [05/Apr/2017:11:50:35 -0300] "POST /cormun/servlet/solicitudot?gx-no-cache=1491407511069 HTTP/1.1" 200 41
192.168.10.96 - - [05/Apr/2017:11:50:35 -0300] "GET /cormun/PublicTempStorage/img1225131253.jpg HTTP/1.1" 200 1890265
192.168.10.96 - - [05/Apr/2017:11:50:36 -0300] "GET /cormun/servlet/trlicenciaspermisosadjuntos?20029270,20170404000000,L, HTTP/1.1" 200 6533
186.103.156.166 - - [05/Apr/2017:11:50:38 -0300] "GET /cormun/servlet/trsolicitudot? HTTP/1.1" 200 8696
186.103.156.166 - - [05/Apr/2017:11:50:38 -0300] "GET /cormun/servlet/trsolicitudot? HTTP/1.1" 200 8690
186.79.147.180 - - [05/Apr/2017:11:50:40 -0300] "POST /cormun/servlet/trautorizarsolicitud?e263673e91403ab160d5968de81e2525,,gx-no-cache=1491403895933 HTTP/1.1" 200 5745
186.79.147.180 - - [05/Apr/2017:11:50:40 -0300] "GET /cormun/static/Shared/jqueryui/images/ui-bg_highlight-soft_100_c6c2c8_1x100.png HTTP/1.1" 404 1117
186.79.147.180 - - [05/Apr/2017:11:50:40 -0300] "GET /cormun/static/Shared/jqueryui/images/ui-icons_82798d_256x240.png HTTP/1.1" 404 1089
186.79.147.180 - - [05/Apr/2017:11:50:40 -0300] "GET /cormun/static/Shared/jqueryui/images/ui-bg_flat_55_fafafa_40x100.png HTTP/1.1" 404 1097
186.79.147.180 - - [05/Apr/2017:11:50:40 -0300] "GET /cormun/static/Shared/jqueryui/images/ui-icons_8d78a5_256x240.png HTTP/1.1" 404 1089
186.79.147.180 - - [05/Apr/2017:11:50:41 -0300] "POST /cormun/servlet/trautorizarsolicitud?e263673e91403ab160d5968de81e2525,,gx-no-cache=1491403896493 HTTP/1.1" 200 5689
192.168.10.96 - - [05/Apr/2017:11:50:43 -0300] "GET /cormun/servlet/hlogin HTTP/1.1" 200 1772
186.79.147.180 - - [05/Apr/2017:11:50:46 -0300] "POST /cormun/servlet/trautorizarsolicitud?e263673e91403ab160d5968de81e2525,,gx-no-cache=1491403901900 HTTP/1.1" 200 5449
186.79.147.180 - - [05/Apr/2017:11:50:47 -0300] "POST /cormun/servlet/trautorizarsolicitud?e263673e91403ab160d5968de81e2525,,gx-no-cache=1491403902779 HTTP/1.1" 200 5393
186.79.147.180 - - [05/Apr/2017:11:50:49 -0300] "POST /cormun/servlet/trautorizarsolicitud?e263673e91403ab160d5968de81e2525,,gx-no-cache=1491403904931 HTTP/1.1" 200 4326
186.79.147.180 - - [05/Apr/2017:11:50:50 -0300] "POST /cormun/servlet/trautorizarsolicitud?e263673e91403ab160d5968de81e2525,,gx-no-cache=1491403905425 HTTP/1.1" 200 4096
192.168.10.13 - - [05/Apr/2017:11:51:24 -0300] "GET / HTTP/1.1" 200 11217
186.103.156.166 - - [05/Apr/2017:11:51:29 -0300] "GET /cormun/servlet/vesolicitudot?2017,5941,, HTTP/1.1" 200 8103
186.103.156.166 - - [05/Apr/2017:11:51:29 -0300] "GET /cormun/static/gxcfg.js?201731711515882 HTTP/1.1" 200 953
186.103.156.166 - - [05/Apr/2017:11:51:29 -0300] "GET /cormun/pexe_scrolldiv.js HTTP/1.1" 404 1009
186.103.156.166 - - [05/Apr/2017:11:51:29 -0300] "GET /cormun/static/vesolicitudot.js?201731711515955 HTTP/1.1" 200 6091
186.103.156.166 - - [05/Apr/2017:11:51:29 -0300] "GET /cormun/static/hwcviewtabs.js?20173171133571 HTTP/1.1" 200 1074
186.103.156.166 - - [05/Apr/2017:11:51:29 -0300] "GET /cormun/static/Resources/PXToolsTabFirstSelected.png HTTP/1.1" 200 1259
186.103.156.166 - - [05/Apr/2017:11:51:29 -0300] "GET /cormun/pexe_scrolldiv.js HTTP/1.1" 404 1009
186.103.156.166 - - [05/Apr/2017:11:51:29 -0300] "GET /cormun/static/hpexe_tabsview.js?201610171694228 HTTP/1.1" 200 1661
186.103.156.166 - - [05/Apr/2017:11:51:29 -0300] "GET /cormun/static/Resources/PXToolsTabLastUnselected.png HTTP/1.1" 200 1291
186.103.156.166 - - [05/Apr/2017:11:51:29 -0300] "GET /cormun/static/Resources/PXToolsTabPrevious.gif HTTP/1.1" 200 172
186.103.156.166 - - [05/Apr/2017:11:51:29 -0300] "GET /cormun/static/tbsolicitudot01.js?201731711332949 HTTP/1.1" 200 28340
186.103.156.166 - - [05/Apr/2017:11:51:29 -0300] "GET /cormun/static/Resources/PXToolsTabNext.gif HTTP/1.1" 200 168
186.103.156.166 - - [05/Apr/2017:11:51:30 -0300] "GET /cormun/static/calendar-system.css HTTP/1.1" 200 5572
186.103.156.166 - - [05/Apr/2017:11:51:30 -0300] "GET /cormun/static/Resources/PXToolsTabBackSelected.png HTTP/1.1" 200 1157
186.103.156.166 - - [05/Apr/2017:11:51:30 -0300] "GET /cormun/static/Resources/PXToolsTabBackUnselected.png HTTP/1.1" 200 1175
186.103.156.166 - - [05/Apr/2017:11:51:30 -0300] "GET /cormun/static/Resources/PXToolsTabSelectedUnselected.png HTTP/1.1" 200 1428
186.103.156.166 - - [05/Apr/2017:11:51:30 -0300] "GET /cormun/static/Resources/PXToolsTabUnselectedUnselected.png HTTP/1.1" 200 1459
186.103.156.166 - - [05/Apr/2017:11:51:30 -0300] "GET /cormun/servlet/vesolicitudot?2017,5941,, HTTP/1.1" 200 8103
186.103.156.166 - - [05/Apr/2017:11:51:42 -0300] "POST /cormun/servlet/vesolicitudot?f188049e328ee1bfacea1023bd339567,2017,5941,,,gx-no-cache=1491407578333 HTTP/1.1" 200 93
186.103.156.166 - - [05/Apr/2017:11:51:42 -0300] "GET /cormun/servlet/hpexe_return? HTTP/1.1" 200 1013
186.103.156.166 - - [05/Apr/2017:11:51:43 -0300] "GET /cormun/servlet/trsolicitudot HTTP/1.1" 200 8694
186.103.156.166 - - [05/Apr/2017:11:51:43 -0300] "GET /cormun/servlet/trsolicitudot HTTP/1.1" 200 8690
186.103.156.166 - - [05/Apr/2017:11:51:48 -0300] "POST /cormun/servlet/trsolicitudot?f188049e328ee1bfacea1023bd339567,gx-no-cache=1491407584394 HTTP/1.1" 200 107
186.103.156.166 - - [05/Apr/2017:11:51:48 -0300] "GET /cormun/servlet/trsolicitudadjuntos?2017,5941, HTTP/1.1" 200 6070
186.103.156.166 - - [05/Apr/2017:11:51:49 -0300] "GET /cormun/static/gxcfg.js?201731711504543 HTTP/1.1" 304 -
186.103.156.166 - - [05/Apr/2017:11:51:49 -0300] "GET /cormun/servlet/trsolicitudadjuntos?2017,5941, HTTP/1.1" 200 6070
186.103.156.166 - - [05/Apr/2017:11:51:53 -0300] "POST /cormun/servlet/trsolicitudadjuntos?f188049e328ee1bfacea1023bd339567,2017,5941,,gx-no-cache=1491407588529 HTTP/1.1" 200 3887
186.103.156.166 - - [05/Apr/2017:11:51:54 -0300] "POST /cormun/servlet/trsolicitudadjuntos?f188049e328ee1bfacea1023bd339567,2017,5941,,gx-no-cache=1491407589918 HTTP/1.1" 200 3887
186.103.156.166 - - [05/Apr/2017:11:51:58 -0300] "GET /cormun/servlet/solicitudotadjuntos?INS,2017,5941,,1, HTTP/1.1" 200 6004
186.103.156.166 - - [05/Apr/2017:11:51:58 -0300] "GET /cormun/static/gxcfg.js?201612218465951 HTTP/1.1" 304 -
186.103.156.166 - - [05/Apr/2017:11:51:58 -0300] "GET /cormun/static/about:blank HTTP/1.1" 404 1011
186.103.156.166 - - [05/Apr/2017:11:51:59 -0300] "GET /cormun/servlet/solicitudotadjuntos?INS,2017,5941,,1, HTTP/1.1" 200 5997
186.103.156.166 - - [05/Apr/2017:11:51:59 -0300] "GET /cormun/servlet/solicitudotadjuntos?1c7eb3d16ebea975207b53eb5f2eeea6969883c7a85615903762cd19bccae37cac9b64c8247aa5281baf5b32aed2fa1a,gx-no-cache=1491407595017 HTTP/1.1" 200 30
186.103.156.166 - - [05/Apr/2017:11:51:59 -0300] "POST /cormun/servlet/solicitudotadjuntos?f188049e328ee1bfacea1023bd339567,INS,2017,5941,,1,,gx-no-cache=1491407595088 HTTP/1.1" 200 3824
186.103.156.166 - - [05/Apr/2017:11:52:02 -0300] "POST /cormun/servlet/solicitudotadjuntos?gx-no-cache=1491407598257 HTTP/1.1" 200 26
192.168.10.13 - - [05/Apr/2017:11:52:24 -0300] "GET / HTTP/1.1" 200 11217
186.103.156.166 - - [05/Apr/2017:11:52:27 -0300] "GET /cormun/servlet/solicitudotadjuntos?1c7eb3d16ebea975207b53eb5f2eeea68d4ffa3464ba4e1ea480ee533b392e0a,gx-no-cache=1491407622883 HTTP/1.1" 200 30
186.103.156.166 - - [05/Apr/2017:11:52:27 -0300] "GET /cormun/servlet/solicitudotadjuntos?1c7eb3d16ebea975207b53eb5f2eeea68d4ffa3464ba4e1ea480ee533b392e0a,gx-no-cache=1491407622949 HTTP/1.1" 200 30
186.103.156.166 - - [05/Apr/2017:11:52:28 -0300] "POST /cormun/servlet/solicitudotadjuntos?f188049e328ee1bfacea1023bd339567,INS,2017,5941,,1, HTTP/1.1" 200 116
186.103.156.166 - - [05/Apr/2017:11:52:28 -0300] "GET /cormun/servlet/hpexe_return? HTTP/1.1" 200 1029
186.103.156.166 - - [05/Apr/2017:11:52:28 -0300] "GET /cormun/servlet/trsolicitudadjuntos?2017,5941, HTTP/1.1" 200 8221
186.103.156.166 - - [05/Apr/2017:11:52:29 -0300] "GET /cormun/servlet/trsolicitudadjuntos?2017,5941, HTTP/1.1" 200 8217
186.103.156.166 - - [05/Apr/2017:11:52:33 -0300] "GET /cormun/servlet/solicitudotadjuntos?INS,2017,5941,,1, HTTP/1.1" 200 6003
186.103.156.166 - - [05/Apr/2017:11:52:33 -0300] "GET /cormun/static/about:blank HTTP/1.1" 404 1011
186.103.156.166 - - [05/Apr/2017:11:52:33 -0300] "GET /cormun/servlet/solicitudotadjuntos?INS,2017,5941,,1, HTTP/1.1" 200 5997
186.103.156.166 - - [05/Apr/2017:11:52:34 -0300] "GET /cormun/servlet/solicitudotadjuntos?1c7eb3d16ebea975207b53eb5f2eeea6969883c7a85615903762cd19bccae37cac9b64c8247aa5281baf5b32aed2fa1a,gx-no-cache=1491407629637 HTTP/1.1" 200 30
186.103.156.166 - - [05/Apr/2017:11:52:34 -0300] "POST /cormun/servlet/solicitudotadjuntos?f188049e328ee1bfacea1023bd339567,INS,2017,5941,,1,,gx-no-cache=1491407629714 HTTP/1.1" 200 3823
186.103.156.166 - - [05/Apr/2017:11:52:37 -0300] "POST /cormun/servlet/solicitudotadjuntos?gx-no-cache=1491407633090 HTTP/1.1" 200 26
186.103.156.166 - - [05/Apr/2017:11:52:49 -0300] "GET /cormun/servlet/solicitudotadjuntos?1c7eb3d16ebea975207b53eb5f2eeea68d4ffa3464ba4e1ea480ee533b392e0a,gx-no-cache=1491407644515 HTTP/1.1" 200 30
186.103.156.166 - - [05/Apr/2017:11:52:49 -0300] "GET /cormun/servlet/solicitudotadjuntos?1c7eb3d16ebea975207b53eb5f2eeea68d4ffa3464ba4e1ea480ee533b392e0a,gx-no-cache=1491407644550 HTTP/1.1" 200 30
186.103.156.166 - - [05/Apr/2017:11:52:51 -0300] "POST /cormun/servlet/solicitudotadjuntos?f188049e328ee1bfacea1023bd339567,INS,2017,5941,,1, HTTP/1.1" 200 116
186.103.156.166 - - [05/Apr/2017:11:52:51 -0300] "GET /cormun/servlet/hpexe_return? HTTP/1.1" 200 1029
186.103.156.166 - - [05/Apr/2017:11:52:52 -0300] "GET /cormun/servlet/trsolicitudadjuntos?2017,5941, HTTP/1.1" 200 8401
186.103.156.166 - - [05/Apr/2017:11:52:53 -0300] "GET /cormun/servlet/trsolicitudadjuntos?2017,5941, HTTP/1.1" 200 8399
186.103.156.166 - - [05/Apr/2017:11:52:56 -0300] "GET /cormun/servlet/solicitudotadjuntos?INS,2017,5941,,1, HTTP/1.1" 200 6003
186.103.156.166 - - [05/Apr/2017:11:52:56 -0300] "GET /cormun/static/about:blank HTTP/1.1" 404 1011
186.103.156.166 - - [05/Apr/2017:11:52:57 -0300] "GET /cormun/servlet/solicitudotadjuntos?INS,2017,5941,,1, HTTP/1.1" 200 5997
186.103.156.166 - - [05/Apr/2017:11:52:57 -0300] "GET /cormun/servlet/solicitudotadjuntos?1c7eb3d16ebea975207b53eb5f2eeea6969883c7a85615903762cd19bccae37cac9b64c8247aa5281baf5b32aed2fa1a,gx-no-cache=1491407653081 HTTP/1.1" 200 30
186.103.156.166 - - [05/Apr/2017:11:52:57 -0300] "POST /cormun/servlet/solicitudotadjuntos?f188049e328ee1bfacea1023bd339567,INS,2017,5941,,1,,gx-no-cache=1491407653127 HTTP/1.1" 200 3823
186.103.156.166 - - [05/Apr/2017:11:52:59 -0300] "POST /cormun/servlet/solicitudotadjuntos?gx-no-cache=1491407654635 HTTP/1.1" 200 26
186.103.156.166 - - [05/Apr/2017:11:53:08 -0300] "POST /cormun/servlet/solicitudotadjuntos?gx-no-cache=1491407663547 HTTP/1.1" 200 26
207.46.13.98 - - [05/Apr/2017:11:53:12 -0300] "GET /cormun/servlet/trsolicitudadjuntos?2017,5675, HTTP/1.1" 200 8240
186.103.156.166 - - [05/Apr/2017:11:53:13 -0300] "GET /cormun/servlet/solicitudotadjuntos?1c7eb3d16ebea975207b53eb5f2eeea68d4ffa3464ba4e1ea480ee533b392e0a,gx-no-cache=1491407669044 HTTP/1.1" 200 30
186.103.156.166 - - [05/Apr/2017:11:53:13 -0300] "GET /cormun/servlet/solicitudotadjuntos?1c7eb3d16ebea975207b53eb5f2eeea68d4ffa3464ba4e1ea480ee533b392e0a,gx-no-cache=1491407669110 HTTP/1.1" 200 30
186.103.156.166 - - [05/Apr/2017:11:53:17 -0300] "POST /cormun/servlet/solicitudotadjuntos?f188049e328ee1bfacea1023bd339567,INS,2017,5941,,1, HTTP/1.1" 200 116
186.103.156.166 - - [05/Apr/2017:11:53:17 -0300] "GET /cormun/servlet/hpexe_return? HTTP/1.1" 200 1029
186.103.156.166 - - [05/Apr/2017:11:53:17 -0300] "GET /cormun/servlet/trsolicitudadjuntos?2017,5941, HTTP/1.1" 200 8545
186.103.156.166 - - [05/Apr/2017:11:53:18 -0300] "GET /cormun/servlet/trsolicitudadjuntos?2017,5941, HTTP/1.1" 200 8543
192.168.10.13 - - [05/Apr/2017:11:53:24 -0300] "GET / HTTP/1.1" 200 11217
186.103.156.166 - - [05/Apr/2017:11:53:26 -0300] "GET /cormun/servlet/solicitudotadjuntos?INS,2017,5941,,1, HTTP/1.1" 200 6003
186.103.156.166 - - [05/Apr/2017:11:53:26 -0300] "GET /cormun/static/about:blank HTTP/1.1" 404 1011
186.103.156.166 - - [05/Apr/2017:11:53:26 -0300] "GET /cormun/servlet/solicitudotadjuntos?INS,2017,5941,,1, HTTP/1.1" 200 5997
186.103.156.166 - - [05/Apr/2017:11:53:27 -0300] "GET /cormun/servlet/solicitudotadjuntos?1c7eb3d16ebea975207b53eb5f2eeea6969883c7a85615903762cd19bccae37cac9b64c8247aa5281baf5b32aed2fa1a,gx-no-cache=1491407682899 HTTP/1.1" 200 30
186.103.156.166 - - [05/Apr/2017:11:53:27 -0300] "POST /cormun/servlet/solicitudotadjuntos?f188049e328ee1bfacea1023bd339567,INS,2017,5941,,1,,gx-no-cache=1491407682973 HTTP/1.1" 200 3823
186.103.156.166 - - [05/Apr/2017:11:53:30 -0300] "POST /cormun/servlet/solicitudotadjuntos?gx-no-cache=1491407685779 HTTP/1.1" 200 26
186.103.156.166 - - [05/Apr/2017:11:53:35 -0300] "GET /cormun/servlet/solicitudotadjuntos?1c7eb3d16ebea975207b53eb5f2eeea68d4ffa3464ba4e1ea480ee533b392e0a,gx-no-cache=1491407691020 HTTP/1.1" 200 30
186.103.156.166 - - [05/Apr/2017:11:53:35 -0300] "GET /cormun/servlet/solicitudotadjuntos?1c7eb3d16ebea975207b53eb5f2eeea68d4ffa3464ba4e1ea480ee533b392e0a,gx-no-cache=1491407691087 HTTP/1.1" 200 30
186.103.156.166 - - [05/Apr/2017:11:53:40 -0300] "POST /cormun/servlet/solicitudotadjuntos?f188049e328ee1bfacea1023bd339567,INS,2017,5941,,1, HTTP/1.1" 200 116
186.103.156.166 - - [05/Apr/2017:11:53:40 -0300] "GET /cormun/servlet/hpexe_return? HTTP/1.1" 200 1029
186.103.156.166 - - [05/Apr/2017:11:53:41 -0300] "GET /cormun/servlet/trsolicitudadjuntos?2017,5941, HTTP/1.1" 200 8686
186.103.156.166 - - [05/Apr/2017:11:53:42 -0300] "GET /cormun/servlet/trsolicitudadjuntos?2017,5941, HTTP/1.1" 200 8682
186.103.156.166 - - [05/Apr/2017:11:53:49 -0300] "GET /cormun/servlet/solicitudotadjuntos?INS,2017,5941,,1, HTTP/1.1" 200 6003
186.103.156.166 - - [05/Apr/2017:11:53:49 -0300] "GET /cormun/static/about:blank HTTP/1.1" 404 1011
186.103.156.166 - - [05/Apr/2017:11:53:49 -0300] "GET /cormun/servlet/solicitudotadjuntos?INS,2017,5941,,1, HTTP/1.1" 200 5997
186.103.156.166 - - [05/Apr/2017:11:53:49 -0300] "GET /cormun/servlet/solicitudotadjuntos?1c7eb3d16ebea975207b53eb5f2eeea6969883c7a85615903762cd19bccae37cac9b64c8247aa5281baf5b32aed2fa1a,gx-no-cache=1491407705476 HTTP/1.1" 200 30
186.103.156.166 - - [05/Apr/2017:11:53:50 -0300] "POST /cormun/servlet/solicitudotadjuntos?f188049e328ee1bfacea1023bd339567,INS,2017,5941,,1,,gx-no-cache=1491407705553 HTTP/1.1" 200 3823
186.103.156.166 - - [05/Apr/2017:11:53:53 -0300] "POST /cormun/servlet/solicitudotadjuntos?gx-no-cache=1491407709259 HTTP/1.1" 200 26
186.103.156.166 - - [05/Apr/2017:11:53:58 -0300] "GET /cormun/servlet/solicitudotadjuntos?1c7eb3d16ebea975207b53eb5f2eeea68d4ffa3464ba4e1ea480ee533b392e0a,gx-no-cache=1491407714180 HTTP/1.1" 200 30
186.103.156.166 - - [05/Apr/2017:11:53:58 -0300] "GET /cormun/servlet/solicitudotadjuntos?1c7eb3d16ebea975207b53eb5f2eeea68d4ffa3464ba4e1ea480ee533b392e0a,gx-no-cache=1491407714244 HTTP/1.1" 200 30
186.103.156.166 - - [05/Apr/2017:11:54:00 -0300] "POST /cormun/servlet/solicitudotadjuntos?f188049e328ee1bfacea1023bd339567,INS,2017,5941,,1, HTTP/1.1" 200 116
186.103.156.166 - - [05/Apr/2017:11:54:00 -0300] "GET /cormun/servlet/hpexe_return? HTTP/1.1" 200 1029
186.103.156.166 - - [05/Apr/2017:11:54:01 -0300] "GET /cormun/servlet/trsolicitudadjuntos?2017,5941, HTTP/1.1" 200 8885
186.103.156.166 - - [05/Apr/2017:11:54:03 -0300] "GET /cormun/servlet/trsolicitudadjuntos?2017,5941, HTTP/1.1" 200 8886
186.103.156.166 - - [05/Apr/2017:11:54:06 -0300] "GET /cormun/servlet/solicitudotadjuntos?INS,2017,5941,,1, HTTP/1.1" 200 6003
186.103.156.166 - - [05/Apr/2017:11:54:06 -0300] "GET /cormun/static/about:blank HTTP/1.1" 404 1011
186.103.156.166 - - [05/Apr/2017:11:54:06 -0300] "GET /cormun/servlet/solicitudotadjuntos?INS,2017,5941,,1, HTTP/1.1" 200 5997
