200.73.230.173 - - [04/Apr/2017:14:03:11 -0300] "GET /cormun/servlet/prfichaempleado?,MD,,gxPopupLevel%3D0%3B HTTP/1.1" 200 8832
200.73.230.173 - - [04/Apr/2017:14:03:11 -0300] "GET /cormun/static/gxcfg.js?2017319125415 HTTP/1.1" 200 953
200.73.230.173 - - [04/Apr/2017:14:03:12 -0300] "GET /cormun/static/prfichaempleado.js?20173191254344 HTTP/1.1" 200 15951
200.73.230.173 - - [04/Apr/2017:14:03:21 -0300] "POST /cormun/servlet/prfichaempleado?627b9af5fa3797ec3fe5cf963f5cc0e1,,MD,,gxPopupLevel%3D0%3B,gx-no-cache=1491325479612 HTTP/1.1" 200 3395
186.103.159.46 - - [04/Apr/2017:14:03:21 -0300] "POST /cormun/servlet/permisosadjuntos?0718144fe0d248b0c6761993b282a6b2,INS,9569964,P,20170321130907,, HTTP/1.1" 200 116
186.103.159.46 - - [04/Apr/2017:14:03:21 -0300] "GET /cormun/servlet/hpexe_return? HTTP/1.1" 200 1036
186.103.159.46 - - [04/Apr/2017:14:03:21 -0300] "GET /cormun/servlet/trpermisosadjuntos?9569964,20170321130907,P, HTTP/1.1" 200 6581
201.214.54.252 - - [04/Apr/2017:14:03:23 -0300] "GET /cormun/servlet/solicitudot?233cfa9ccb0833ff53b6a5aa991fec4e376fda2f843a1cdecd5161907f5ef8524e14dd7ba1f88647454c4eb0b59e343c9bd201dfc7d39a0662c02dbb87ba15b064e62d91bb1082cfa2282c3483ac3d0bd2bebd2d0b15ae1f65520ecdbf42d212fd8be90a187dbd54f769128cfc611bccc68d7fdbadcd540919c9ab9d0b5b454ae3438d97d748a036e3a095a615016902e81d04489193d5938de9d4a10023db52be957dd4e7b2f75ea7abcf00d718b1ff99d0b5ab6c95d42dc0c1fef98ce082f3f2c412cdb0f6d8fa7c1e3a5b80f6aec891eea0bbb5655622733b571f3472a71e58cdfaef22a9788f2c6c271461f0db2f428fad52f669c3138f2cb3a8080f401fb8583dafb3aded99bdf7d7dc9f019856d7d6d01139e67defe457d30ba93507ca5e8ff3c64e47a1a7a43358c17fa016319254b7a0d0e346feb7dbc917671df1b9a16e8539a7484c0ca9c8911d9af49dc6,gx-no-cache=1491325471285 HTTP/1.1" 200 297
186.103.159.46 - - [04/Apr/2017:14:03:23 -0300] "GET /cormun/servlet/trpermisosadjuntos?9569964,20170321130907,P, HTTP/1.1" 200 6577
192.168.10.13 - - [04/Apr/2017:14:03:25 -0300] "GET / HTTP/1.1" 200 11217
186.103.159.46 - - [04/Apr/2017:14:03:28 -0300] "POST /cormun/servlet/trpermisosadjuntos?0718144fe0d248b0c6761993b282a6b2,9569964,20170321130907,P,,gx-no-cache=1491325474748 HTTP/1.1" 200 90
186.103.159.46 - - [04/Apr/2017:14:03:28 -0300] "GET /cormun/servlet/hpexe_link HTTP/1.1" 200 981
186.103.159.46 - - [04/Apr/2017:14:03:29 -0300] "GET /cormun/servlet/trpermisosgoce HTTP/1.1" 200 12656
201.214.54.252 - - [04/Apr/2017:14:03:29 -0300] "GET /cormun/servlet/solicitudot?233cfa9ccb0833ff53b6a5aa991fec4e10c6462a441fed38e92568bc7cd801616b285e5b1e7da240f69aa453a44bdde50c97da39d6c6facbf5bacbd601a527d50b2754c78f702e4787231e5e475894507e81c2f5b785487378d5c57c052f63b78120e37bf6e6027da89575fb5990136d8152f7bd214c336693b3267279f8f802e5731df3e48b8fd11f9cc93c191bd31b8395dd1470520c835c1d12a9b7a7f0c611dd570aa361b1aa3f81da7b8cc56b170bc18a312eb0da9d1f13db8b95e715b0f03a33df844e60db6e3311adfb6b2949e05c76ab3a6c9fe7f6c50e35fd8a7205363bfbaaa6f8023ac4573e4dff567d489eb71cc0def5a84ca4ef93b25d3ec9478942c18e8bea0333ce7070ec16e80e644610876bcde0b2fedcccc5140178c68d57b3450c9c2eea0b9267e52ce1d74c8125f0fe321964d50831444db1ff1d7cfdea87a69a51260dccd2e35149029bad702eae8684d21acb3628e84868cac3dd6baf350ab7a1ce174fd8f31e25eda2582e4f944aec6a409e288bf9219bf774ac0b3f1bbb8ef8c9f5c07b7e791738560b6c,gx-no-cache=1491325477745 HTTP/1.1" 200 30
200.73.230.173 - - [04/Apr/2017:14:03:31 -0300] "GET /cormun/servlet/atrazos?1d40dd2095fd99a551c58605f62ca77f33eb6222825906d8af84564bea303ba5a8af7d10b3fe4efa5907b43c8e169b7a,gx-no-cache=1491325489892 HTTP/1.1" 200 73
186.103.159.46 - - [04/Apr/2017:14:03:31 -0300] "GET /cormun/servlet/trpermisosgoce HTTP/1.1" 200 12616
200.73.230.173 - - [04/Apr/2017:14:03:36 -0300] "GET /cormun/servlet/atrazos?1d40dd2095fd99a551c58605f62ca77fdae8d36790f5b0717ff01c0bd6a73aa497cdd4a8bf1b4cc9c3db8a2c6abfc2a7,gx-no-cache=1491325495044 HTTP/1.1" 200 33
201.214.54.252 - - [04/Apr/2017:14:03:37 -0300] "POST /cormun/servlet/solicitudot?gx-no-cache=1491325485138 HTTP/1.1" 200 30
201.214.54.252 - - [04/Apr/2017:14:03:39 -0300] "POST /cormun/servlet/solicitudot?gx-no-cache=1491325487036 HTTP/1.1" 200 235
201.214.54.252 - - [04/Apr/2017:14:03:39 -0300] "POST /cormun/servlet/solicitudot?gx-no-cache=1491325487131 HTTP/1.1" 200 38
200.73.230.173 - - [04/Apr/2017:14:03:39 -0300] "GET /cormun/servlet/atrazos?1d40dd2095fd99a551c58605f62ca77fe480670a1772310d2fc0f27510afaac14af8546b5a6406ffc87ca278bab635f8b393c1917169d464f090e6d4076e7fdd8fcfa47aafe78db9b5468fdacce7c95698360220a828b01703ecafd93a8b11e9ea05588da2d3b4d5489f6d6cf011a6230996d00db9a59c48728bdaeeb89dbb15426ab73f93e59e877be9af28d2f23cd95f31adeb4edc03382afa25cea600c4ab,gx-no-cache=1491325498434 HTTP/1.1" 200 45
200.73.230.173 - - [04/Apr/2017:14:03:48 -0300] "GET /cormun/servlet/atrazos?1d40dd2095fd99a551c58605f62ca77fe480670a1772310d2fc0f27510afaac14af8546b5a6406ffc87ca278bab635f8b393c1917169d464f090e6d4076e7fdd8fcfa47aafe78db9b5468fdacce7c95698360220a828b01703ecafd93a8b11e9ea05588da2d3b4d5489f6d6cf011a6230996d00db9a59c48728bdaeeb89dbb15dcd14e4dcc6ed9a93c0fba32f8a8820d6af5d4f118e8ca378fcf06a3542c7c71,gx-no-cache=1491325507403 HTTP/1.1" 200 45
186.103.159.46 - - [04/Apr/2017:14:03:53 -0300] "GET /cormun/servlet/trpermisosadjuntos?7452197,20170321131143,P, HTTP/1.1" 200 6562
186.103.159.46 - - [04/Apr/2017:14:03:55 -0300] "GET /cormun/servlet/trpermisosadjuntos?7452197,20170321131143,P, HTTP/1.1" 200 6560
186.103.159.46 - - [04/Apr/2017:14:03:59 -0300] "GET /cormun/servlet/permisosadjuntos?DLT,7452197,P,20170321131143,20170321132430, HTTP/1.1" 200 5461
186.103.159.46 - - [04/Apr/2017:14:04:01 -0300] "GET /cormun/PublicTempStorage/permiso_ricardo_barrera4338065.pdf HTTP/1.1" 200 527067
186.103.159.46 - - [04/Apr/2017:14:04:01 -0300] "GET /cormun/static/Shared/jqueryui/images/ui-bg_highlight-soft_100_c6c2c8_1x100.png HTTP/1.1" 404 1117
186.103.159.46 - - [04/Apr/2017:14:04:01 -0300] "GET /cormun/static/Shared/jqueryui/images/ui-icons_82798d_256x240.png HTTP/1.1" 404 1089
186.103.159.46 - - [04/Apr/2017:14:04:01 -0300] "GET /cormun/static/Shared/jqueryui/images/ui-bg_flat_55_fafafa_40x100.png HTTP/1.1" 404 1097
186.103.159.46 - - [04/Apr/2017:14:04:01 -0300] "GET /cormun/static/Shared/jqueryui/images/ui-icons_8d78a5_256x240.png HTTP/1.1" 404 1089
186.103.159.46 - - [04/Apr/2017:14:04:01 -0300] "GET /cormun/servlet/permisosadjuntos?DLT,7452197,P,20170321131143,20170321132430, HTTP/1.1" 200 5450
186.103.159.46 - - [04/Apr/2017:14:04:02 -0300] "POST /cormun/servlet/permisosadjuntos?0718144fe0d248b0c6761993b282a6b2,DLT,7452197,P,20170321131143,20170321132430,,gx-no-cache=1491325508558 HTTP/1.1" 200 93
186.103.159.46 - - [04/Apr/2017:14:04:02 -0300] "GET /cormun/servlet/hpexe_return? HTTP/1.1" 200 1041
186.103.159.46 - - [04/Apr/2017:14:04:03 -0300] "GET /cormun/servlet/trpermisosadjuntos?7452197,20170321131143,P, HTTP/1.1" 200 6101
186.103.159.46 - - [04/Apr/2017:14:04:04 -0300] "GET /cormun/servlet/trpermisosadjuntos?7452197,20170321131143,P, HTTP/1.1" 200 6096
201.214.54.252 - - [04/Apr/2017:14:04:07 -0300] "GET /cormun/servlet/solicitudot?233cfa9ccb0833ff53b6a5aa991fec4e174481e2adb164cc649d94b98b6137e4428fad52f669c3138f2cb3a8080f401fb8583dafb3aded99bdf7d7dc9f019856b9ff5c878f079c8c68eb48c86f61f648,gx-no-cache=1491325515597 HTTP/1.1" 200 29
201.214.54.252 - - [04/Apr/2017:14:04:07 -0300] "POST /cormun/servlet/solicitudot?gx-no-cache=1491325515707 HTTP/1.1" 200 643
200.73.230.173 - - [04/Apr/2017:14:04:08 -0300] "POST /cormun/servlet/atrazos?627b9af5fa3797ec3fe5cf963f5cc0e1,INS,0,,gx-no-cache=1491325527285 HTTP/1.1" 200 93
200.73.230.173 - - [04/Apr/2017:14:04:08 -0300] "GET /cormun/servlet/hpexe_return? HTTP/1.1" 200 1004
200.73.230.173 - - [04/Apr/2017:14:04:09 -0300] "GET /cormun/static/gxcfg.js?2016101716175148 HTTP/1.1" 200 953
200.73.230.173 - - [04/Apr/2017:14:04:09 -0300] "GET /cormun/static/hpexe_return.js?2016101716175153 HTTP/1.1" 200 1633
200.73.230.173 - - [04/Apr/2017:14:04:09 -0300] "GET /cormun/servlet/tratrazos HTTP/1.1" 200 7392
201.214.54.252 - - [04/Apr/2017:14:04:09 -0300] "POST /cormun/servlet/solicitudot?gx-no-cache=1491325517366 HTTP/1.1" 200 1157
200.73.230.173 - - [04/Apr/2017:14:04:09 -0300] "GET /cormun//static/Resources/PXToolsActionPrint.png HTTP/1.1" 200 3317
200.73.230.173 - - [04/Apr/2017:14:04:09 -0300] "GET /cormun/servlet/tratrazos HTTP/1.1" 200 7388
200.73.230.173 - - [04/Apr/2017:14:04:09 -0300] "GET /cormun//static/Resources/PXTools/ActionInsert.png HTTP/1.1" 200 1482
200.73.230.173 - - [04/Apr/2017:14:04:10 -0300] "GET /cormun//static/Resources/PXToolsHeaderHelp.png HTTP/1.1" 200 4055
200.73.230.173 - - [04/Apr/2017:14:04:10 -0300] "GET /cormun//static/Resources/PXToolsHeaderFavorites.png HTTP/1.1" 200 2744
186.103.159.46 - - [04/Apr/2017:14:04:10 -0300] "POST /cormun/servlet/trpermisosadjuntos?0718144fe0d248b0c6761993b282a6b2,7452197,20170321131143,P,,gx-no-cache=1491325516048 HTTP/1.1" 200 90
186.103.159.46 - - [04/Apr/2017:14:04:10 -0300] "GET /cormun/servlet/hpexe_link HTTP/1.1" 200 980
186.103.159.46 - - [04/Apr/2017:14:04:10 -0300] "GET /cormun/servlet/trpermisosgoce HTTP/1.1" 200 12634
186.103.159.46 - - [04/Apr/2017:14:04:12 -0300] "GET /cormun/servlet/trpermisosgoce HTTP/1.1" 200 12620
186.103.159.46 - - [04/Apr/2017:14:04:21 -0300] "GET /cormun/servlet/trpermisosadjuntos?7452197,20170321131143,P, HTTP/1.1" 200 6098
186.103.159.46 - - [04/Apr/2017:14:04:22 -0300] "GET /cormun/servlet/trpermisosadjuntos?7452197,20170321131143,P, HTTP/1.1" 200 6096
192.168.10.13 - - [04/Apr/2017:14:04:25 -0300] "GET / HTTP/1.1" 200 11217
200.73.230.173 - - [04/Apr/2017:14:04:29 -0300] "GET /cormun/servlet/atrazos?UPD,44, HTTP/1.1" 200 6567
200.73.230.173 - - [04/Apr/2017:14:04:30 -0300] "GET /cormun/servlet/atrazos?UPD,44, HTTP/1.1" 200 6568
186.103.159.46 - - [04/Apr/2017:14:04:30 -0300] "GET /cormun/servlet/permisosadjuntos?INS,7452197,P,20170321131143,, HTTP/1.1" 200 5432
186.103.159.46 - - [04/Apr/2017:14:04:30 -0300] "GET /cormun/static/about:blank HTTP/1.1" 404 1011
186.103.159.46 - - [04/Apr/2017:14:04:31 -0300] "GET /cormun/servlet/permisosadjuntos?INS,7452197,P,20170321131143,, HTTP/1.1" 200 5422
200.73.230.173 - - [04/Apr/2017:14:04:32 -0300] "GET /cormun/servlet/atrazos?1d40dd2095fd99a551c58605f62ca77f33eb6222825906d8af84564bea303ba54eab0540f892660db7beff03712cdc40,gx-no-cache=1491325551409 HTTP/1.1" 200 77
200.73.230.173 - - [04/Apr/2017:14:04:32 -0300] "GET /cormun/servlet/atrazos?1d40dd2095fd99a551c58605f62ca77fdae8d36790f5b0717ff01c0bd6a73aa497cdd4a8bf1b4cc9c3db8a2c6abfc2a7,gx-no-cache=1491325551593 HTTP/1.1" 200 33
200.73.230.173 - - [04/Apr/2017:14:04:40 -0300] "GET /cormun/servlet/atrazos?1d40dd2095fd99a551c58605f62ca77fe480670a1772310d2fc0f27510afaac14af8546b5a6406ffc87ca278bab635f8b393c1917169d464f090e6d4076e7fdd8fcfa47aafe78db9b5468fdacce7c95698360220a828b01703ecafd93a8b11e9ea05588da2d3b4d5489f6d6cf011a6230996d00db9a59c48728bdaeeb89dbb15d5ff145b73d7dbadc0ea022909ce26a30d2bab87c4e59bc99b5ff25e66c0fc2d,gx-no-cache=1491325558872 HTTP/1.1" 200 44
200.73.230.173 - - [04/Apr/2017:14:04:40 -0300] "POST /cormun/servlet/atrazos?627b9af5fa3797ec3fe5cf963f5cc0e1,UPD,44,,gx-no-cache=1491325558976 HTTP/1.1" 200 93
200.73.230.173 - - [04/Apr/2017:14:04:40 -0300] "GET /cormun/servlet/hpexe_return? HTTP/1.1" 200 1005
200.73.230.173 - - [04/Apr/2017:14:04:40 -0300] "GET /cormun/servlet/tratrazos HTTP/1.1" 200 7392
200.73.230.173 - - [04/Apr/2017:14:04:41 -0300] "GET /cormun/servlet/tratrazos HTTP/1.1" 200 7388
200.73.230.173 - - [04/Apr/2017:14:04:47 -0300] "GET /cormun/static/menuarrow.gif HTTP/1.1" 404 1015
186.103.159.46 - - [04/Apr/2017:14:04:57 -0300] "POST /cormun/servlet/permisosadjuntos?0718144fe0d248b0c6761993b282a6b2,INS,7452197,P,20170321131143,, HTTP/1.1" 200 116
186.103.159.46 - - [04/Apr/2017:14:04:57 -0300] "GET /cormun/servlet/hpexe_return? HTTP/1.1" 200 1035
186.103.159.46 - - [04/Apr/2017:14:04:57 -0300] "GET /cormun/servlet/trpermisosadjuntos?7452197,20170321131143,P, HTTP/1.1" 200 6587
200.73.230.173 - - [04/Apr/2017:14:04:58 -0300] "GET /cormun/servlet/atrazos?INS,0, HTTP/1.1" 200 6534
186.103.159.46 - - [04/Apr/2017:14:04:58 -0300] "GET /cormun/servlet/trpermisosadjuntos?7452197,20170321131143,P, HTTP/1.1" 200 6584
200.73.230.173 - - [04/Apr/2017:14:04:59 -0300] "GET /cormun/servlet/atrazos?INS,0, HTTP/1.1" 200 6535
186.103.159.46 - - [04/Apr/2017:14:05:00 -0300] "POST /cormun/servlet/trpermisosadjuntos?0718144fe0d248b0c6761993b282a6b2,7452197,20170321131143,P,,gx-no-cache=1491325566170 HTTP/1.1" 200 90
186.103.159.46 - - [04/Apr/2017:14:05:00 -0300] "GET /cormun/servlet/hpexe_link HTTP/1.1" 200 980
186.103.159.46 - - [04/Apr/2017:14:05:00 -0300] "GET /cormun/servlet/trpermisosgoce HTTP/1.1" 200 12614
186.103.159.46 - - [04/Apr/2017:14:05:02 -0300] "GET /cormun/servlet/trpermisosgoce HTTP/1.1" 200 12616
201.214.54.252 - - [04/Apr/2017:14:05:03 -0300] "GET /cormun/servlet/solicitudot?233cfa9ccb0833ff53b6a5aa991fec4e9087c566ed94645e3ed988ec1387068328dd7f12a3d05934e5de3cbf0a47b60fdb24f8006d1eb06cebf6cf57a2c635adb8583dafb3aded99bdf7d7dc9f0198563a00572d24b2fe0ae4979a870c7eda2fd2207f296bbc88bdf5a563a5a93dfb0e5360e11d1d14ea256da50f0332e39d1b44f65fd677e9680e3631fea3ada8512cefcc17997797b228403aa2a3cd085a477cf97b0cc13a03ea2c67bbfdf7b0ca69,gx-no-cache=1491325571078 HTTP/1.1" 200 118
186.103.159.46 - - [04/Apr/2017:14:05:13 -0300] "GET /cormun/servlet/trpermisosadjuntos?18375762,20170321130416,P, HTTP/1.1" 200 6554
186.103.159.46 - - [04/Apr/2017:14:05:15 -0300] "GET /cormun/servlet/trpermisosadjuntos?18375762,20170321130416,P, HTTP/1.1" 200 6555
201.214.54.252 - - [04/Apr/2017:14:05:17 -0300] "GET /cormun/servlet/solicitudot?233cfa9ccb0833ff53b6a5aa991fec4e9087c566ed94645e3ed988ec1387068328dd7f12a3d05934e5de3cbf0a47b60fdb24f8006d1eb06cebf6cf57a2c635adb8583dafb3aded99bdf7d7dc9f0198563a00572d24b2fe0ae4979a870c7eda2fd2207f296bbc88bdf5a563a5a93dfb0e5360e11d1d14ea256da50f0332e39d1b44f65fd677e9680e3631fea3ada8512c69b2ce98ee5365c9fbd93e383d269a7b7cf97b0cc13a03ea2c67bbfdf7b0ca69,gx-no-cache=1491325585388 HTTP/1.1" 200 30
200.73.230.173 - - [04/Apr/2017:14:05:21 -0300] "GET /cormun/servlet/prfichaempleado?,MD,,gxPopupLevel%3D0%3B HTTP/1.1" 200 8832
186.103.159.46 - - [04/Apr/2017:14:05:23 -0300] "GET /cormun/servlet/permisosadjuntos?DLT,18375762,P,20170321130416,20170321132508, HTTP/1.1" 200 5455
186.103.159.46 - - [04/Apr/2017:14:05:24 -0300] "GET /cormun/PublicTempStorage/permiso__franco_olate7533409.pdf HTTP/1.1" 200 539587
186.103.159.46 - - [04/Apr/2017:14:05:25 -0300] "GET /cormun/static/Shared/jqueryui/images/ui-icons_82798d_256x240.png HTTP/1.1" 404 1089
186.103.159.46 - - [04/Apr/2017:14:05:25 -0300] "GET /cormun/static/Shared/jqueryui/images/ui-bg_flat_55_fafafa_40x100.png HTTP/1.1" 404 1097
186.103.159.46 - - [04/Apr/2017:14:05:25 -0300] "GET /cormun/static/Shared/jqueryui/images/ui-bg_highlight-soft_100_c6c2c8_1x100.png HTTP/1.1" 404 1117
186.103.159.46 - - [04/Apr/2017:14:05:25 -0300] "GET /cormun/static/Shared/jqueryui/images/ui-icons_8d78a5_256x240.png HTTP/1.1" 404 1089
192.168.10.13 - - [04/Apr/2017:14:05:25 -0300] "GET / HTTP/1.1" 200 11217
186.103.159.46 - - [04/Apr/2017:14:05:25 -0300] "GET /cormun/servlet/permisosadjuntos?DLT,18375762,P,20170321130416,20170321132508, HTTP/1.1" 200 5445
186.103.159.46 - - [04/Apr/2017:14:05:27 -0300] "POST /cormun/servlet/permisosadjuntos?0718144fe0d248b0c6761993b282a6b2,DLT,18375762,P,20170321130416,20170321132508,,gx-no-cache=1491325593047 HTTP/1.1" 200 93
186.103.159.46 - - [04/Apr/2017:14:05:27 -0300] "GET /cormun/servlet/hpexe_return? HTTP/1.1" 200 1041
186.103.159.46 - - [04/Apr/2017:14:05:27 -0300] "GET /cormun/servlet/trpermisosadjuntos?18375762,20170321130416,P, HTTP/1.1" 200 6094
200.73.230.173 - - [04/Apr/2017:14:05:29 -0300] "POST /cormun/servlet/prfichaempleado?627b9af5fa3797ec3fe5cf963f5cc0e1,,MD,,gxPopupLevel%3D0%3B,gx-no-cache=1491325607580 HTTP/1.1" 200 3405
186.103.159.46 - - [04/Apr/2017:14:05:29 -0300] "GET /cormun/servlet/trpermisosadjuntos?18375762,20170321130416,P, HTTP/1.1" 200 6091
200.73.230.173 - - [04/Apr/2017:14:05:32 -0300] "GET /cormun/servlet/atrazos?1d40dd2095fd99a551c58605f62ca77f33eb6222825906d8af84564bea303ba5a8af7d10b3fe4efa5907b43c8e169b7a,gx-no-cache=1491325611546 HTTP/1.1" 200 76
200.73.230.173 - - [04/Apr/2017:14:05:32 -0300] "GET /cormun/static/menuarrow.gif HTTP/1.1" 404 1015
186.103.159.46 - - [04/Apr/2017:14:05:33 -0300] "GET /cormun/servlet/permisosadjuntos?INS,18375762,P,20170321130416,, HTTP/1.1" 200 5421
186.103.159.46 - - [04/Apr/2017:14:05:34 -0300] "GET /cormun/static/about:blank HTTP/1.1" 404 1011
186.103.159.46 - - [04/Apr/2017:14:05:35 -0300] "GET /cormun/servlet/permisosadjuntos?INS,18375762,P,20170321130416,, HTTP/1.1" 200 5412
201.214.54.252 - - [04/Apr/2017:14:05:58 -0300] "POST /cormun/servlet/solicitudot?ac3c4f028d2f68cf62984bf93bfa0eb6,INS,0,0,,gx-no-cache=1491325626058 HTTP/1.1" 200 11230
201.214.54.252 - - [04/Apr/2017:14:06:11 -0300] "POST /cormun/servlet/solicitudot?gx-no-cache=1491325639060 HTTP/1.1" 200 3230
186.103.159.46 - - [04/Apr/2017:14:06:12 -0300] "POST /cormun/servlet/permisosadjuntos?0718144fe0d248b0c6761993b282a6b2,INS,18375762,P,20170321130416,, HTTP/1.1" 200 116
186.103.159.46 - - [04/Apr/2017:14:06:12 -0300] "GET /cormun/servlet/hpexe_return? HTTP/1.1" 200 1036
186.103.159.46 - - [04/Apr/2017:14:06:12 -0300] "GET /cormun/servlet/trpermisosadjuntos?18375762,20170321130416,P, HTTP/1.1" 200 6576
186.103.159.46 - - [04/Apr/2017:14:06:13 -0300] "GET /cormun/servlet/trpermisosadjuntos?18375762,20170321130416,P, HTTP/1.1" 200 6573
201.214.54.252 - - [04/Apr/2017:14:06:17 -0300] "GET /cormun/servlet/solicitudot?233cfa9ccb0833ff53b6a5aa991fec4e10c6462a441fed38e92568bc7cd801616b285e5b1e7da240f69aa453a44bdde50c97da39d6c6facbf5bacbd601a527d50b2754c78f702e4787231e5e475894507e81c2f5b785487378d5c57c052f63b78120e37bf6e6027da89575fb5990136d8152f7bd214c336693b3267279f8f802e5731df3e48b8fd11f9cc93c191bd31b8395dd1470520c835c1d12a9b7a7f0c611dd570aa361b1aa3f81da7b8cc56b170bc18a312eb0da9d1f13db8b95e715b0f03a33df844e60db6e3311adfb6b2949e05c76ab3a6c9fe7f6c50e35fd8a7205363bfbaaa6f8023ac4573e4dff567d4830a3b0cc2100386a471e55d24b821e068942c18e8bea0333ce7070ec16e80e649787d20a1c39d1cbad1e216b75bf58d3a0298a28cf59df3b43347bfac96a03a0f80f6a6d8a5ec27c5447aba8c0bc5cb16cb0d20cb62e639a5659133116b1e04e,gx-no-cache=1491325645458 HTTP/1.1" 200 30
201.214.54.252 - - [04/Apr/2017:14:06:17 -0300] "POST /cormun/servlet/solicitudot?gx-no-cache=1491325645522 HTTP/1.1" 200 30
201.214.54.252 - - [04/Apr/2017:14:06:17 -0300] "POST /cormun/servlet/solicitudot?gx-no-cache=1491325645588 HTTP/1.1" 200 1286
201.214.54.252 - - [04/Apr/2017:14:06:17 -0300] "POST /cormun/servlet/solicitudot?gx-no-cache=1491325645685 HTTP/1.1" 200 41
201.214.54.252 - - [04/Apr/2017:14:06:17 -0300] "POST /cormun/servlet/solicitudot?gx-no-cache=1491325645752 HTTP/1.1" 200 1274
201.214.54.252 - - [04/Apr/2017:14:06:17 -0300] "POST /cormun/servlet/solicitudot?gx-no-cache=1491325645837 HTTP/1.1" 200 1157
201.214.54.252 - - [04/Apr/2017:14:06:17 -0300] "GET /cormun/servlet/solicitudot?233cfa9ccb0833ff53b6a5aa991fec4e9087c566ed94645e3ed988ec1387068328dd7f12a3d05934e5de3cbf0a47b60fdb24f8006d1eb06cebf6cf57a2c635adb8583dafb3aded99bdf7d7dc9f0198563a00572d24b2fe0ae4979a870c7eda2fd2207f296bbc88bdf5a563a5a93dfb0e5360e11d1d14ea256da50f0332e39d1b44f65fd677e9680e3631fea3ada8512c69b2ce98ee5365c9fbd93e383d269a7b7cf97b0cc13a03ea2c67bbfdf7b0ca69,gx-no-cache=1491325645916 HTTP/1.1" 200 30
201.214.54.252 - - [04/Apr/2017:14:06:18 -0300] "POST /cormun/servlet/solicitudot?ac3c4f028d2f68cf62984bf93bfa0eb6,INS,0,0,,gx-no-cache=1491325645991 HTTP/1.1" 200 11284
200.73.230.173 - - [04/Apr/2017:14:06:21 -0300] "GET /cormun/servlet/atrazos?1d40dd2095fd99a551c58605f62ca77fdae8d36790f5b0717ff01c0bd6a73aa47fda7b0ef468d9e3aae41341bfe4090f,gx-no-cache=1491325660230 HTTP/1.1" 200 33
186.103.159.46 - - [04/Apr/2017:14:06:22 -0300] "POST /cormun/servlet/trpermisosadjuntos?0718144fe0d248b0c6761993b282a6b2,18375762,20170321130416,P,,gx-no-cache=1491325648191 HTTP/1.1" 200 90
186.103.159.46 - - [04/Apr/2017:14:06:22 -0300] "GET /cormun/servlet/hpexe_link HTTP/1.1" 200 982
186.103.159.46 - - [04/Apr/2017:14:06:22 -0300] "GET /cormun/servlet/trpermisosgoce HTTP/1.1" 200 12618
186.103.159.46 - - [04/Apr/2017:14:06:24 -0300] "GET /cormun/servlet/trpermisosgoce HTTP/1.1" 200 12616
192.168.10.13 - - [04/Apr/2017:14:06:25 -0300] "GET / HTTP/1.1" 200 11217
200.73.230.173 - - [04/Apr/2017:14:06:25 -0300] "GET /cormun/servlet/atrazos?1d40dd2095fd99a551c58605f62ca77fe480670a1772310d2fc0f27510afaac14af8546b5a6406ffc87ca278bab635f8b393c1917169d464f090e6d4076e7fdd8fcfa47aafe78db9b5468fdacce7c95698360220a828b01703ecafd93a8b11e9ea05588da2d3b4d5489f6d6cf011a6230996d00db9a59c48728bdaeeb89dbb1543776ab306b03e85a0bb3d151ab585f2d701b8d4915fde4689dbe526989b23f3,gx-no-cache=1491325664509 HTTP/1.1" 200 44
200.73.230.173 - - [04/Apr/2017:14:06:33 -0300] "POST /cormun/servlet/atrazos?627b9af5fa3797ec3fe5cf963f5cc0e1,INS,0,,gx-no-cache=1491325671925 HTTP/1.1" 200 93
200.73.230.173 - - [04/Apr/2017:14:06:33 -0300] "GET /cormun/servlet/hpexe_return? HTTP/1.1" 200 1004
201.214.54.252 - - [04/Apr/2017:14:06:33 -0300] "GET /cormun/static/Resources/resize.gif HTTP/1.1" 200 77
200.73.230.173 - - [04/Apr/2017:14:06:34 -0300] "GET /cormun/servlet/tratrazos HTTP/1.1" 200 7581
201.214.54.252 - - [04/Apr/2017:14:06:34 -0300] "GET /cormun/servlet/prfichaempleado?,MD,,gxPopupLevel%3D0%3B HTTP/1.1" 200 8775
201.214.54.252 - - [04/Apr/2017:14:06:34 -0300] "GET /cormun/static/gxcfg.js?2017319125415 HTTP/1.1" 200 953
201.214.54.252 - - [04/Apr/2017:14:06:34 -0300] "GET /cormun/static/Resources/PXToolsMenuSearch.png HTTP/1.1" 200 2914
201.214.54.252 - - [04/Apr/2017:14:06:34 -0300] "GET /cormun/static/menusearch.js?201610171694467 HTTP/1.1" 200 1424
201.214.54.252 - - [04/Apr/2017:14:06:34 -0300] "GET /cormun/static/hmpwkw011.js?201731711483558 HTTP/1.1" 200 1968
201.214.54.252 - - [04/Apr/2017:14:06:34 -0300] "GET /cormun/static/Resources/PXToolsMenuSearchCancel.png HTTP/1.1" 200 2972
201.214.54.252 - - [04/Apr/2017:14:06:34 -0300] "GET /cormun/static/prfichaempleado.js?20173191254344 HTTP/1.1" 200 15951
200.73.230.173 - - [04/Apr/2017:14:06:34 -0300] "GET /cormun/servlet/tratrazos HTTP/1.1" 200 7577
186.103.159.46 - - [04/Apr/2017:14:06:38 -0300] "GET /cormun/servlet/trpermisosadjuntos?9517647,20170315105719,P, HTTP/1.1" 200 6568
186.103.159.46 - - [04/Apr/2017:14:06:39 -0300] "GET /cormun/servlet/trpermisosadjuntos?9517647,20170315105719,P, HTTP/1.1" 200 6569
201.214.54.252 - - [04/Apr/2017:14:06:43 -0300] "POST /cormun/servlet/solicitudot?gx-no-cache=1491325671758 HTTP/1.1" 200 3230
186.103.159.46 - - [04/Apr/2017:14:06:47 -0300] "GET /cormun/servlet/permisosadjuntos?DLT,9517647,P,20170315105719,20170315105846, HTTP/1.1" 200 5478
200.73.230.173 - - [04/Apr/2017:14:06:48 -0300] "GET /cormun/servlet/atrazos?INS,0, HTTP/1.1" 200 6532
186.103.159.46 - - [04/Apr/2017:14:06:48 -0300] "GET /cormun/PublicTempStorage/fermiso_yolanda_valenzuela9292311.pdf HTTP/1.1" 200 58033
200.73.230.173 - - [04/Apr/2017:14:06:48 -0300] "GET /cormun/servlet/atrazos?INS,0, HTTP/1.1" 200 6534
186.103.159.46 - - [04/Apr/2017:14:06:49 -0300] "GET /cormun/static/Shared/jqueryui/images/ui-bg_highlight-soft_100_c6c2c8_1x100.png HTTP/1.1" 404 1117
186.103.159.46 - - [04/Apr/2017:14:06:49 -0300] "GET /cormun/static/Shared/jqueryui/images/ui-icons_82798d_256x240.png HTTP/1.1" 404 1089
186.103.159.46 - - [04/Apr/2017:14:06:49 -0300] "GET /cormun/static/Shared/jqueryui/images/ui-bg_flat_55_fafafa_40x100.png HTTP/1.1" 404 1097
186.103.159.46 - - [04/Apr/2017:14:06:49 -0300] "GET /cormun/static/Shared/jqueryui/images/ui-icons_8d78a5_256x240.png HTTP/1.1" 404 1089
186.103.159.46 - - [04/Apr/2017:14:06:49 -0300] "GET /cormun/servlet/permisosadjuntos?DLT,9517647,P,20170315105719,20170315105846, HTTP/1.1" 200 5469
186.103.159.46 - - [04/Apr/2017:14:06:51 -0300] "POST /cormun/servlet/permisosadjuntos?0718144fe0d248b0c6761993b282a6b2,DLT,9517647,P,20170315105719,20170315105846,,gx-no-cache=1491325677006 HTTP/1.1" 200 93
186.103.159.46 - - [04/Apr/2017:14:06:51 -0300] "GET /cormun/servlet/hpexe_return? HTTP/1.1" 200 1041
186.103.159.46 - - [04/Apr/2017:14:06:51 -0300] "GET /cormun/servlet/trpermisosadjuntos?9517647,20170315105719,P, HTTP/1.1" 200 6109
186.103.159.46 - - [04/Apr/2017:14:06:53 -0300] "GET /cormun/servlet/trpermisosadjuntos?9517647,20170315105719,P, HTTP/1.1" 200 6106
186.103.159.46 - - [04/Apr/2017:14:06:55 -0300] "GET /cormun/servlet/permisosadjuntos?INS,9517647,P,20170315105719,, HTTP/1.1" 200 5440
186.103.159.46 - - [04/Apr/2017:14:06:57 -0300] "GET /cormun/static/about:blank HTTP/1.1" 404 1011
186.103.159.46 - - [04/Apr/2017:14:06:57 -0300] "GET /cormun/servlet/permisosadjuntos?INS,9517647,P,20170315105719,, HTTP/1.1" 200 5430
200.73.230.173 - - [04/Apr/2017:14:06:58 -0300] "GET /cormun/servlet/prfichaempleado?,MD,,gxPopupLevel%3D0%3B HTTP/1.1" 200 8832
200.73.230.173 - - [04/Apr/2017:14:07:07 -0300] "POST /cormun/servlet/prfichaempleado?627b9af5fa3797ec3fe5cf963f5cc0e1,,MD,,gxPopupLevel%3D0%3B,gx-no-cache=1491325705624 HTTP/1.1" 200 3405
200.73.230.173 - - [04/Apr/2017:14:07:11 -0300] "GET /cormun/servlet/atrazos?1d40dd2095fd99a551c58605f62ca77f33eb6222825906d8af84564bea303ba5a8af7d10b3fe4efa5907b43c8e169b7a,gx-no-cache=1491325709973 HTTP/1.1" 200 76
200.73.230.173 - - [04/Apr/2017:14:07:11 -0300] "GET /cormun/static/menuarrow.gif HTTP/1.1" 404 1015
192.168.10.13 - - [04/Apr/2017:14:07:25 -0300] "GET / HTTP/1.1" 200 11217
200.73.230.173 - - [04/Apr/2017:14:07:25 -0300] "GET /cormun/servlet/atrazos?1d40dd2095fd99a551c58605f62ca77fdae8d36790f5b0717ff01c0bd6a73aa4eea68c83d7ce1d86a3b9c7e424b582ec,gx-no-cache=1491325724013 HTTP/1.1" 200 33
186.103.159.46 - - [04/Apr/2017:14:07:30 -0300] "POST /cormun/servlet/permisosadjuntos?0718144fe0d248b0c6761993b282a6b2,INS,9517647,P,20170315105719,, HTTP/1.1" 200 116
186.103.159.46 - - [04/Apr/2017:14:07:30 -0300] "GET /cormun/servlet/hpexe_return? HTTP/1.1" 200 1036
186.103.159.46 - - [04/Apr/2017:14:07:30 -0300] "GET /cormun/servlet/trpermisosadjuntos?9517647,20170315105719,P, HTTP/1.1" 200 6601
186.103.159.46 - - [04/Apr/2017:14:07:32 -0300] "GET /cormun/servlet/trpermisosadjuntos?9517647,20170315105719,P, HTTP/1.1" 200 6598
200.73.230.173 - - [04/Apr/2017:14:07:33 -0300] "GET /cormun/servlet/atrazos?1d40dd2095fd99a551c58605f62ca77fe480670a1772310d2fc0f27510afaac14af8546b5a6406ffc87ca278bab635f8b393c1917169d464f090e6d4076e7fdd8fcfa47aafe78db9b5468fdacce7c95698360220a828b01703ecafd93a8b11e9ea05588da2d3b4d5489f6d6cf011a6230996d00db9a59c48728bdaeeb89dbb15964576abb8547bf87eb29f6561a87f2dd701b8d4915fde4689dbe526989b23f3,gx-no-cache=1491325732036 HTTP/1.1" 200 44
186.103.159.46 - - [04/Apr/2017:14:07:34 -0300] "POST /cormun/servlet/trpermisosadjuntos?0718144fe0d248b0c6761993b282a6b2,9517647,20170315105719,P,,gx-no-cache=1491325720692 HTTP/1.1" 200 90
186.103.159.46 - - [04/Apr/2017:14:07:34 -0300] "GET /cormun/servlet/hpexe_link HTTP/1.1" 200 982
186.103.159.46 - - [04/Apr/2017:14:07:35 -0300] "GET /cormun/servlet/trpermisosgoce HTTP/1.1" 200 12614
186.103.159.46 - - [04/Apr/2017:14:07:36 -0300] "GET /cormun/servlet/trpermisosgoce HTTP/1.1" 200 12616
200.73.230.173 - - [04/Apr/2017:14:07:39 -0300] "POST /cormun/servlet/atrazos?627b9af5fa3797ec3fe5cf963f5cc0e1,INS,0,,gx-no-cache=1491325737665 HTTP/1.1" 200 93
200.73.230.173 - - [04/Apr/2017:14:07:39 -0300] "GET /cormun/servlet/hpexe_return? HTTP/1.1" 200 1004
200.73.230.173 - - [04/Apr/2017:14:07:39 -0300] "GET /cormun/servlet/tratrazos HTTP/1.1" 200 7721
200.73.230.173 - - [04/Apr/2017:14:07:40 -0300] "GET /cormun/servlet/tratrazos HTTP/1.1" 200 7716
200.73.230.173 - - [04/Apr/2017:14:07:46 -0300] "GET /cormun/servlet/atrazos?INS,0, HTTP/1.1" 200 6533
200.73.230.173 - - [04/Apr/2017:14:07:47 -0300] "GET /cormun/servlet/atrazos?INS,0, HTTP/1.1" 200 6535
186.103.159.46 - - [04/Apr/2017:14:07:49 -0300] "GET /cormun/servlet/trpermisosadjuntos?9569964,20170314121320,P, HTTP/1.1" 200 6546
186.103.159.46 - - [04/Apr/2017:14:07:50 -0300] "GET /cormun/servlet/trpermisosadjuntos?9569964,20170314121320,P, HTTP/1.1" 200 6546
186.103.159.46 - - [04/Apr/2017:14:07:57 -0300] "GET /cormun/servlet/permisosadjuntos?DLT,9569964,P,20170314121320,20170314121336, HTTP/1.1" 200 5457
186.103.159.46 - - [04/Apr/2017:14:07:58 -0300] "GET /cormun/PublicTempStorage/fermiso_araciela_millar4550722.pdf HTTP/1.1" 200 59210
186.103.159.46 - - [04/Apr/2017:14:07:58 -0300] "GET /cormun/static/Shared/jqueryui/images/ui-bg_highlight-soft_100_c6c2c8_1x100.png HTTP/1.1" 404 1117
186.103.159.46 - - [04/Apr/2017:14:07:58 -0300] "GET /cormun/static/Shared/jqueryui/images/ui-icons_82798d_256x240.png HTTP/1.1" 404 1089
186.103.159.46 - - [04/Apr/2017:14:07:58 -0300] "GET /cormun/static/Shared/jqueryui/images/ui-bg_flat_55_fafafa_40x100.png HTTP/1.1" 404 1097
186.103.159.46 - - [04/Apr/2017:14:07:58 -0300] "GET /cormun/static/Shared/jqueryui/images/ui-icons_8d78a5_256x240.png HTTP/1.1" 404 1089
186.103.159.46 - - [04/Apr/2017:14:07:59 -0300] "GET /cormun/servlet/permisosadjuntos?DLT,9569964,P,20170314121320,20170314121336, HTTP/1.1" 200 5444
200.73.230.173 - - [04/Apr/2017:14:08:00 -0300] "GET /cormun/servlet/atrazos?1d40dd2095fd99a551c58605f62ca77f33eb6222825906d8af84564bea303ba5a8af7d10b3fe4efa5907b43c8e169b7a,gx-no-cache=1491325758900 HTTP/1.1" 200 76
200.73.230.173 - - [04/Apr/2017:14:08:00 -0300] "GET /cormun/static/menuarrow.gif HTTP/1.1" 404 1015
186.103.159.46 - - [04/Apr/2017:14:08:01 -0300] "POST /cormun/servlet/permisosadjuntos?0718144fe0d248b0c6761993b282a6b2,DLT,9569964,P,20170314121320,20170314121336,,gx-no-cache=1491325747588 HTTP/1.1" 200 93
186.103.159.46 - - [04/Apr/2017:14:08:02 -0300] "GET /cormun/servlet/hpexe_return? HTTP/1.1" 200 1040
186.103.159.46 - - [04/Apr/2017:14:08:02 -0300] "GET /cormun/servlet/trpermisosadjuntos?9569964,20170314121320,P, HTTP/1.1" 200 6094
186.103.159.46 - - [04/Apr/2017:14:08:04 -0300] "GET /cormun/servlet/trpermisosadjuntos?9569964,20170314121320,P, HTTP/1.1" 200 6091
186.103.159.46 - - [04/Apr/2017:14:08:06 -0300] "GET /cormun/servlet/permisosadjuntos?INS,9569964,P,20170314121320,, HTTP/1.1" 200 5425
186.103.159.46 - - [04/Apr/2017:14:08:06 -0300] "GET /cormun/static/about:blank HTTP/1.1" 404 1011
186.103.159.46 - - [04/Apr/2017:14:08:07 -0300] "GET /cormun/servlet/permisosadjuntos?INS,9569964,P,20170314121320,, HTTP/1.1" 200 5415
200.73.230.173 - - [04/Apr/2017:14:08:11 -0300] "GET /cormun/servlet/atrazos?1d40dd2095fd99a551c58605f62ca77fdae8d36790f5b0717ff01c0bd6a73aa45b3e3a30c7c3d72a83f0937cecd998d8,gx-no-cache=1491325769649 HTTP/1.1" 200 33
200.73.230.173 - - [04/Apr/2017:14:08:23 -0300] "GET /cormun/servlet/atrazos?1d40dd2095fd99a551c58605f62ca77fe480670a1772310d2fc0f27510afaac14af8546b5a6406ffc87ca278bab635f8b393c1917169d464f090e6d4076e7fdd8fcfa47aafe78db9b5468fdacce7c95698360220a828b01703ecafd93a8b11e9ea05588da2d3b4d5489f6d6cf011a6230996d00db9a59c48728bdaeeb89dbb15a9bf780b77b84ee8583280ac0d48307d7cbac29df6a8f182307180a5876c0dfd,gx-no-cache=1491325781752 HTTP/1.1" 200 44
192.168.10.13 - - [04/Apr/2017:14:08:25 -0300] "GET / HTTP/1.1" 200 11217
200.73.230.173 - - [04/Apr/2017:14:08:46 -0300] "POST /cormun/servlet/atrazos?627b9af5fa3797ec3fe5cf963f5cc0e1,INS,0,,gx-no-cache=1491325804507 HTTP/1.1" 200 93
200.73.230.173 - - [04/Apr/2017:14:08:46 -0300] "GET /cormun/servlet/hpexe_return? HTTP/1.1" 200 1004
200.73.230.173 - - [04/Apr/2017:14:08:46 -0300] "GET /cormun/servlet/tratrazos HTTP/1.1" 200 7886
200.73.230.173 - - [04/Apr/2017:14:08:47 -0300] "GET /cormun/servlet/tratrazos HTTP/1.1" 200 7881
186.103.159.46 - - [04/Apr/2017:14:08:48 -0300] "POST /cormun/servlet/permisosadjuntos?0718144fe0d248b0c6761993b282a6b2,INS,9569964,P,20170314121320,, HTTP/1.1" 200 116
186.103.159.46 - - [04/Apr/2017:14:08:48 -0300] "GET /cormun/servlet/hpexe_return? HTTP/1.1" 200 1036
186.103.159.46 - - [04/Apr/2017:14:08:48 -0300] "GET /cormun/servlet/trpermisosadjuntos?9569964,20170314121320,P, HTTP/1.1" 200 6582
186.103.159.46 - - [04/Apr/2017:14:08:50 -0300] "GET /cormun/servlet/trpermisosadjuntos?9569964,20170314121320,P, HTTP/1.1" 200 6579
186.103.159.46 - - [04/Apr/2017:14:08:53 -0300] "POST /cormun/servlet/trpermisosadjuntos?0718144fe0d248b0c6761993b282a6b2,9569964,20170314121320,P,,gx-no-cache=1491325799050 HTTP/1.1" 200 90
186.103.159.46 - - [04/Apr/2017:14:08:53 -0300] "GET /cormun/servlet/hpexe_link HTTP/1.1" 200 981
186.103.159.46 - - [04/Apr/2017:14:08:53 -0300] "GET /cormun/servlet/trpermisosgoce HTTP/1.1" 200 12613
186.103.159.46 - - [04/Apr/2017:14:08:55 -0300] "GET /cormun/servlet/trpermisosgoce HTTP/1.1" 200 12616
200.73.230.173 - - [04/Apr/2017:14:08:56 -0300] "GET /cormun/servlet/atrazos?INS,0, HTTP/1.1" 200 6533
200.73.230.173 - - [04/Apr/2017:14:08:56 -0300] "GET /cormun/servlet/atrazos?INS,0, HTTP/1.1" 200 6534
200.73.230.173 - - [04/Apr/2017:14:09:04 -0300] "GET /cormun/servlet/atrazos?1d40dd2095fd99a551c58605f62ca77f33eb6222825906d8af84564bea303ba5a8af7d10b3fe4efa5907b43c8e169b7a,gx-no-cache=1491325823190 HTTP/1.1" 200 78
200.73.230.173 - - [04/Apr/2017:14:09:05 -0300] "GET /cormun/static/menuarrow.gif HTTP/1.1" 404 1015
186.103.159.46 - - [04/Apr/2017:14:09:13 -0300] "GET /cormun/servlet/trpermisosadjuntos?10940177,20170314121552,P, HTTP/1.1" 200 6562
186.103.159.46 - - [04/Apr/2017:14:09:14 -0300] "GET /cormun/servlet/trpermisosadjuntos?10940177,20170314121552,P, HTTP/1.1" 200 6563
186.103.159.46 - - [04/Apr/2017:14:09:17 -0300] "GET /cormun/servlet/permisosadjuntos?DLT,10940177,P,20170314121552,20170314121612, HTTP/1.1" 200 5470
186.103.159.46 - - [04/Apr/2017:14:09:18 -0300] "GET /cormun/PublicTempStorage/fermiso_fany_fuenzalida9570743.pdf HTTP/1.1" 200 543629
200.73.230.173 - - [04/Apr/2017:14:09:19 -0300] "GET /cormun/servlet/atrazos?1d40dd2095fd99a551c58605f62ca77fdae8d36790f5b0717ff01c0bd6a73aa450ad1b7e2da39d30bceedec52324e180,gx-no-cache=1491325837751 HTTP/1.1" 200 33
186.103.159.46 - - [04/Apr/2017:14:09:19 -0300] "GET /cormun/static/Shared/jqueryui/images/ui-icons_82798d_256x240.png HTTP/1.1" 404 1089
186.103.159.46 - - [04/Apr/2017:14:09:19 -0300] "GET /cormun/static/Shared/jqueryui/images/ui-bg_flat_55_fafafa_40x100.png HTTP/1.1" 404 1097
186.103.159.46 - - [04/Apr/2017:14:09:19 -0300] "GET /cormun/static/Shared/jqueryui/images/ui-bg_highlight-soft_100_c6c2c8_1x100.png HTTP/1.1" 404 1117
186.103.159.46 - - [04/Apr/2017:14:09:19 -0300] "GET /cormun/static/Shared/jqueryui/images/ui-icons_8d78a5_256x240.png HTTP/1.1" 404 1089
186.103.159.46 - - [04/Apr/2017:14:09:19 -0300] "GET /cormun/servlet/permisosadjuntos?DLT,10940177,P,20170314121552,20170314121612, HTTP/1.1" 200 5458
186.103.159.46 - - [04/Apr/2017:14:09:21 -0300] "POST /cormun/servlet/permisosadjuntos?0718144fe0d248b0c6761993b282a6b2,DLT,10940177,P,20170314121552,20170314121612,,gx-no-cache=1491325827070 HTTP/1.1" 200 93
186.103.159.46 - - [04/Apr/2017:14:09:21 -0300] "GET /cormun/servlet/hpexe_return? HTTP/1.1" 200 1040
186.103.159.46 - - [04/Apr/2017:14:09:21 -0300] "GET /cormun/servlet/trpermisosadjuntos?10940177,20170314121552,P, HTTP/1.1" 200 6101
186.103.159.46 - - [04/Apr/2017:14:09:23 -0300] "GET /cormun/servlet/trpermisosadjuntos?10940177,20170314121552,P, HTTP/1.1" 200 6098
200.73.230.173 - - [04/Apr/2017:14:09:24 -0300] "GET /cormun/servlet/atrazos?1d40dd2095fd99a551c58605f62ca77fe480670a1772310d2fc0f27510afaac14af8546b5a6406ffc87ca278bab635f8b393c1917169d464f090e6d4076e7fdd8fcfa47aafe78db9b5468fdacce7c95698360220a828b01703ecafd93a8b11e9ea05588da2d3b4d5489f6d6cf011a6230996d00db9a59c48728bdaeeb89dbb158fd8462ec7de0a9e97301ab527777247d701b8d4915fde4689dbe526989b23f3,gx-no-cache=1491325842693 HTTP/1.1" 200 44
192.168.10.13 - - [04/Apr/2017:14:09:25 -0300] "GET / HTTP/1.1" 200 11217
186.103.159.46 - - [04/Apr/2017:14:09:26 -0300] "GET /cormun/servlet/permisosadjuntos?INS,10940177,P,20170314121552,, HTTP/1.1" 200 5433
186.103.159.46 - - [04/Apr/2017:14:09:27 -0300] "GET /cormun/static/about:blank HTTP/1.1" 404 1011
186.103.159.46 - - [04/Apr/2017:14:09:27 -0300] "GET /cormun/servlet/permisosadjuntos?INS,10940177,P,20170314121552,, HTTP/1.1" 200 5423
200.73.230.173 - - [04/Apr/2017:14:09:36 -0300] "POST /cormun/servlet/atrazos?627b9af5fa3797ec3fe5cf963f5cc0e1,INS,0,,gx-no-cache=1491325854597 HTTP/1.1" 200 93
200.73.230.173 - - [04/Apr/2017:14:09:36 -0300] "GET /cormun/servlet/hpexe_return? HTTP/1.1" 200 1004
200.73.230.173 - - [04/Apr/2017:14:09:36 -0300] "GET /cormun/servlet/tratrazos HTTP/1.1" 200 8040
201.214.54.252 - - [04/Apr/2017:14:09:36 -0300] "POST /cormun/servlet/solicitudot?gx-no-cache=1491325844373 HTTP/1.1" 200 297
201.214.54.252 - - [04/Apr/2017:14:09:36 -0300] "GET /cormun/servlet/solicitudot?233cfa9ccb0833ff53b6a5aa991fec4e10c6462a441fed38e92568bc7cd801616b285e5b1e7da240f69aa453a44bdde50c97da39d6c6facbf5bacbd601a527d50b2754c78f702e4787231e5e475894507e81c2f5b785487378d5c57c052f63b78120e37bf6e6027da89575fb5990136d8152f7bd214c336693b3267279f8f802e5731df3e48b8fd11f9cc93c191bd31b8395dd1470520c835c1d12a9b7a7f0c611dd570aa361b1aa3f81da7b8cc56b170bc18a312eb0da9d1f13db8b95e715b0f03a33df844e60db6e3311adfb6b2949e05c76ab3a6c9fe7f6c50e35fd8a7205363bfbaaa6f8023ac4573e4dff567d4830a3b0cc2100386a471e55d24b821e068942c18e8bea0333ce7070ec16e80e644610876bcde0b2fedcccc5140178c68d57b3450c9c2eea0b9267e52ce1d74c8125f0fe321964d50831444db1ff1d7cfdea87a69a51260dccd2e35149029bad702eae8684d21acb3628e84868cac3dd6baf350ab7a1ce174fd8f31e25eda2582e465cf15903e269d0e844fd3658ee4d833f1bbb8ef8c9f5c07b7e791738560b6c,gx-no-cache=1491325844533 HTTP/1.1" 200 30
201.214.54.252 - - [04/Apr/2017:14:09:36 -0300] "POST /cormun/servlet/solicitudot?gx-no-cache=1491325844606 HTTP/1.1" 200 30
201.214.54.252 - - [04/Apr/2017:14:09:36 -0300] "POST /cormun/servlet/solicitudot?gx-no-cache=1491325844688 HTTP/1.1" 200 1286
201.214.54.252 - - [04/Apr/2017:14:09:36 -0300] "POST /cormun/servlet/solicitudot?gx-no-cache=1491325844779 HTTP/1.1" 200 41
201.214.54.252 - - [04/Apr/2017:14:09:36 -0300] "POST /cormun/servlet/solicitudot?gx-no-cache=1491325844837 HTTP/1.1" 200 1274
201.214.54.252 - - [04/Apr/2017:14:09:36 -0300] "POST /cormun/servlet/solicitudot?gx-no-cache=1491325844906 HTTP/1.1" 200 1157
201.214.54.252 - - [04/Apr/2017:14:09:36 -0300] "GET /cormun/servlet/solicitudot?233cfa9ccb0833ff53b6a5aa991fec4e9087c566ed94645e3ed988ec1387068328dd7f12a3d05934e5de3cbf0a47b60fdb24f8006d1eb06cebf6cf57a2c635adb8583dafb3aded99bdf7d7dc9f0198563a00572d24b2fe0ae4979a870c7eda2fd2207f296bbc88bdf5a563a5a93dfb0e5360e11d1d14ea256da50f0332e39d1b44f65fd677e9680e3631fea3ada8512c69b2ce98ee5365c9fbd93e383d269a7b7cf97b0cc13a03ea2c67bbfdf7b0ca69,gx-no-cache=1491325844990 HTTP/1.1" 200 30
201.214.54.252 - - [04/Apr/2017:14:09:37 -0300] "POST /cormun/servlet/solicitudot?ac3c4f028d2f68cf62984bf93bfa0eb6,INS,0,0,,gx-no-cache=1491325845053 HTTP/1.1" 200 11331
200.73.230.173 - - [04/Apr/2017:14:09:37 -0300] "GET /cormun/servlet/tratrazos HTTP/1.1" 200 8036
200.73.230.173 - - [04/Apr/2017:14:09:41 -0300] "GET /cormun/servlet/atrazos?INS,0, HTTP/1.1" 200 6533
200.73.230.173 - - [04/Apr/2017:14:09:41 -0300] "GET /cormun/servlet/atrazos?INS,0, HTTP/1.1" 200 6535
186.103.159.46 - - [04/Apr/2017:14:09:46 -0300] "POST /cormun/servlet/permisosadjuntos?0718144fe0d248b0c6761993b282a6b2,INS,10940177,P,20170314121552,, HTTP/1.1" 200 116
186.103.159.46 - - [04/Apr/2017:14:09:46 -0300] "GET /cormun/servlet/hpexe_return? HTTP/1.1" 200 1036
186.103.159.46 - - [04/Apr/2017:14:09:47 -0300] "GET /cormun/servlet/trpermisosadjuntos?10940177,20170314121552,P, HTTP/1.1" 200 6590
186.103.159.46 - - [04/Apr/2017:14:09:48 -0300] "GET /cormun/servlet/trpermisosadjuntos?10940177,20170314121552,P, HTTP/1.1" 200 6590
201.214.54.252 - - [04/Apr/2017:14:09:51 -0300] "GET /cormun/servlet/prfichaempleado?,MD,,gxPopupLevel%3D0%3B HTTP/1.1" 200 8775
186.103.159.46 - - [04/Apr/2017:14:09:54 -0300] "POST /cormun/servlet/trpermisosadjuntos?0718144fe0d248b0c6761993b282a6b2,10940177,20170314121552,P,,gx-no-cache=1491325860410 HTTP/1.1" 200 90
186.103.159.46 - - [04/Apr/2017:14:09:54 -0300] "GET /cormun/servlet/hpexe_link HTTP/1.1" 200 982
186.103.159.46 - - [04/Apr/2017:14:09:54 -0300] "GET /cormun/servlet/trpermisosgoce HTTP/1.1" 200 12610
186.103.159.46 - - [04/Apr/2017:14:09:56 -0300] "GET /cormun/servlet/trpermisosgoce HTTP/1.1" 200 12615
201.214.54.252 - - [04/Apr/2017:14:09:57 -0300] "POST /cormun/servlet/solicitudot?gx-no-cache=1491325865103 HTTP/1.1" 200 3230
200.73.230.173 - - [04/Apr/2017:14:09:57 -0300] "GET /cormun/servlet/atrazos?1d40dd2095fd99a551c58605f62ca77f33eb6222825906d8af84564bea303ba5a8af7d10b3fe4efa5907b43c8e169b7a,gx-no-cache=1491325875959 HTTP/1.1" 200 78
200.73.230.173 - - [04/Apr/2017:14:09:57 -0300] "GET /cormun/static/menuarrow.gif HTTP/1.1" 404 1015
200.73.230.173 - - [04/Apr/2017:14:10:10 -0300] "GET /cormun/servlet/atrazos?1d40dd2095fd99a551c58605f62ca77fdae8d36790f5b0717ff01c0bd6a73aa4b4d5c6e5fe9072a52953f8dc7835093e,gx-no-cache=1491325889251 HTTP/1.1" 200 33
200.73.230.173 - - [04/Apr/2017:14:10:20 -0300] "GET /cormun/servlet/atrazos?1d40dd2095fd99a551c58605f62ca77fe480670a1772310d2fc0f27510afaac14af8546b5a6406ffc87ca278bab635f8b393c1917169d464f090e6d4076e7fdd8fcfa47aafe78db9b5468fdacce7c95698360220a828b01703ecafd93a8b11e9ea05588da2d3b4d5489f6d6cf011a6230996d00db9a59c48728bdaeeb89dbb15335bf0ab266d8844712c479940c8d1067cbac29df6a8f182307180a5876c0dfd,gx-no-cache=1491325898910 HTTP/1.1" 200 42
192.168.10.13 - - [04/Apr/2017:14:10:25 -0300] "GET / HTTP/1.1" 200 11217
200.73.230.173 - - [04/Apr/2017:14:10:29 -0300] "POST /cormun/servlet/atrazos?627b9af5fa3797ec3fe5cf963f5cc0e1,INS,0,,gx-no-cache=1491325908298 HTTP/1.1" 200 93
200.73.230.173 - - [04/Apr/2017:14:10:29 -0300] "GET /cormun/servlet/hpexe_return? HTTP/1.1" 200 1004
200.73.230.173 - - [04/Apr/2017:14:10:30 -0300] "GET /cormun/servlet/tratrazos HTTP/1.1" 200 8186
200.73.230.173 - - [04/Apr/2017:14:10:30 -0300] "GET /cormun/servlet/tratrazos HTTP/1.1" 200 8181
200.73.230.173 - - [04/Apr/2017:14:10:35 -0300] "GET /cormun/servlet/atrazos?INS,0, HTTP/1.1" 200 6533
200.73.230.173 - - [04/Apr/2017:14:10:36 -0300] "GET /cormun/servlet/atrazos?INS,0, HTTP/1.1" 200 6534
200.73.230.173 - - [04/Apr/2017:14:10:43 -0300] "GET /cormun/servlet/atrazos?1d40dd2095fd99a551c58605f62ca77f33eb6222825906d8af84564bea303ba5a8af7d10b3fe4efa5907b43c8e169b7a,gx-no-cache=1491325922123 HTTP/1.1" 200 78
200.73.230.173 - - [04/Apr/2017:14:10:43 -0300] "GET /cormun/static/menuarrow.gif HTTP/1.1" 404 1015
200.73.230.173 - - [04/Apr/2017:14:10:52 -0300] "GET /cormun/servlet/atrazos?1d40dd2095fd99a551c58605f62ca77fdae8d36790f5b0717ff01c0bd6a73aa402265db217c1258f6fca6f042112cb8f,gx-no-cache=1491325930843 HTTP/1.1" 200 33
200.73.230.173 - - [04/Apr/2017:14:10:55 -0300] "GET /cormun/servlet/atrazos?1d40dd2095fd99a551c58605f62ca77fe480670a1772310d2fc0f27510afaac14af8546b5a6406ffc87ca278bab635f8b393c1917169d464f090e6d4076e7fdd8fcfa47aafe78db9b5468fdacce7c95698360220a828b01703ecafd93a8b11e9ea05588da2d3b4d5489f6d6cf011a6230996d00db9a59c48728bdaeeb89dbb15a3563c7e9cf41f21be0c7b03e90756cc7cbac29df6a8f182307180a5876c0dfd,gx-no-cache=1491325934342 HTTP/1.1" 200 42
200.73.230.173 - - [04/Apr/2017:14:11:06 -0300] "POST /cormun/servlet/atrazos?627b9af5fa3797ec3fe5cf963f5cc0e1,INS,0,,gx-no-cache=1491325945027 HTTP/1.1" 200 93
200.73.230.173 - - [04/Apr/2017:14:11:06 -0300] "GET /cormun/servlet/hpexe_return? HTTP/1.1" 200 1004
200.73.230.173 - - [04/Apr/2017:14:11:06 -0300] "GET /cormun/servlet/tratrazos HTTP/1.1" 200 8353
200.73.230.173 - - [04/Apr/2017:14:11:07 -0300] "GET /cormun/servlet/tratrazos HTTP/1.1" 200 8349
200.73.230.173 - - [04/Apr/2017:14:11:11 -0300] "GET /cormun/servlet/atrazos?INS,0, HTTP/1.1" 200 6533
200.73.230.173 - - [04/Apr/2017:14:11:11 -0300] "GET /cormun/servlet/atrazos?INS,0, HTTP/1.1" 200 6534
200.73.230.173 - - [04/Apr/2017:14:11:17 -0300] "GET /cormun/servlet/atrazos?1d40dd2095fd99a551c58605f62ca77f33eb6222825906d8af84564bea303ba5a8af7d10b3fe4efa5907b43c8e169b7a,gx-no-cache=1491325956295 HTTP/1.1" 200 78
200.73.230.173 - - [04/Apr/2017:14:11:17 -0300] "GET /cormun/static/menuarrow.gif HTTP/1.1" 404 1015
200.73.230.173 - - [04/Apr/2017:14:11:24 -0300] "GET /cormun/servlet/atrazos?1d40dd2095fd99a551c58605f62ca77fdae8d36790f5b0717ff01c0bd6a73aa4fe8a4dd0a6cba15d71658bd7d6931956,gx-no-cache=1491325962757 HTTP/1.1" 200 33
192.168.10.13 - - [04/Apr/2017:14:11:25 -0300] "GET / HTTP/1.1" 200 11217
200.73.230.173 - - [04/Apr/2017:14:11:30 -0300] "GET /cormun/servlet/atrazos?1d40dd2095fd99a551c58605f62ca77fe480670a1772310d2fc0f27510afaac14af8546b5a6406ffc87ca278bab635f8b393c1917169d464f090e6d4076e7fdd8fcfa47aafe78db9b5468fdacce7c95698360220a828b01703ecafd93a8b11e9ea05588da2d3b4d5489f6d6cf011a6230996d00db9a59c48728bdaeeb89dbb1500b45cc62b6a48bd041dba6c7ed52ab9d701b8d4915fde4689dbe526989b23f3,gx-no-cache=1491325968802 HTTP/1.1" 200 43
186.103.159.46 - - [04/Apr/2017:14:11:33 -0300] "POST /cormun/servlet/trpermisosgoce?0718144fe0d248b0c6761993b282a6b2,gx-no-cache=1491325959449 HTTP/1.1" 200 9730
200.73.230.173 - - [04/Apr/2017:14:11:42 -0300] "POST /cormun/servlet/atrazos?627b9af5fa3797ec3fe5cf963f5cc0e1,INS,0,,gx-no-cache=1491325980600 HTTP/1.1" 200 93
200.73.230.173 - - [04/Apr/2017:14:11:42 -0300] "GET /cormun/servlet/hpexe_return? HTTP/1.1" 200 1004
200.73.230.173 - - [04/Apr/2017:14:11:42 -0300] "GET /cormun/servlet/tratrazos HTTP/1.1" 200 8497
200.73.230.173 - - [04/Apr/2017:14:11:43 -0300] "GET /cormun/servlet/tratrazos HTTP/1.1" 200 8493
186.103.159.46 - - [04/Apr/2017:14:11:44 -0300] "POST /cormun/servlet/trpermisosgoce?0718144fe0d248b0c6761993b282a6b2,gx-no-cache=1491325970597 HTTP/1.1" 200 9727
200.73.230.173 - - [04/Apr/2017:14:11:53 -0300] "GET /cormun/servlet/atrazos?INS,0, HTTP/1.1" 200 6533
186.103.159.46 - - [04/Apr/2017:14:11:54 -0300] "POST /cormun/servlet/trpermisosgoce?0718144fe0d248b0c6761993b282a6b2,gx-no-cache=1491325980112 HTTP/1.1" 200 9723
200.73.230.173 - - [04/Apr/2017:14:11:54 -0300] "GET /cormun/servlet/atrazos?INS,0, HTTP/1.1" 200 6534
200.73.230.173 - - [04/Apr/2017:14:11:58 -0300] "GET /cormun/servlet/atrazos?1d40dd2095fd99a551c58605f62ca77f14caf6eaececdefadc2b2ff7ceeca57aadb368d6446aab39806525e08608c7ef,gx-no-cache=1491325997635 HTTP/1.1" 200 143
200.73.230.173 - - [04/Apr/2017:14:11:59 -0300] "GET /cormun/static/Shared/jqueryui/images/ui-bg_highlight-soft_100_c6c2c8_1x100.png HTTP/1.1" 404 1117
200.73.230.173 - - [04/Apr/2017:14:11:59 -0300] "GET /cormun/static/Shared/jqueryui/images/ui-icons_82798d_256x240.png HTTP/1.1" 404 1089
200.73.230.173 - - [04/Apr/2017:14:11:59 -0300] "GET /cormun/static/Shared/jqueryui/images/ui-icons_ebccce_256x240.png HTTP/1.1" 404 1089
200.73.230.173 - - [04/Apr/2017:14:11:59 -0300] "GET /cormun/static/Shared/jqueryui/images/ui-bg_flat_55_994d53_40x100.png HTTP/1.1" 404 1097
186.103.159.46 - - [04/Apr/2017:14:12:01 -0300] "POST /cormun/servlet/trpermisosgoce?0718144fe0d248b0c6761993b282a6b2,gx-no-cache=1491325987429 HTTP/1.1" 200 9736
186.103.159.46 - - [04/Apr/2017:14:12:06 -0300] "POST /cormun/servlet/trpermisosgoce?0718144fe0d248b0c6761993b282a6b2,gx-no-cache=1491325992123 HTTP/1.1" 200 9742
200.73.230.173 - - [04/Apr/2017:14:12:07 -0300] "GET /cormun/servlet/atrazos?1d40dd2095fd99a551c58605f62ca77f33eb6222825906d8af84564bea303ba5a8af7d10b3fe4efa5907b43c8e169b7a,gx-no-cache=1491326005981 HTTP/1.1" 200 78
200.73.230.173 - - [04/Apr/2017:14:12:07 -0300] "GET /cormun/static/menuarrow.gif HTTP/1.1" 404 1015
200.73.230.173 - - [04/Apr/2017:14:12:12 -0300] "GET /cormun/servlet/atrazos?1d40dd2095fd99a551c58605f62ca77fdae8d36790f5b0717ff01c0bd6a73aa452b1870d9debcf9243bf72c28052fa37,gx-no-cache=1491326011053 HTTP/1.1" 200 33
186.103.159.46 - - [04/Apr/2017:14:12:13 -0300] "POST /cormun/servlet/trpermisosgoce?0718144fe0d248b0c6761993b282a6b2,gx-no-cache=1491325998807 HTTP/1.1" 200 9724
186.103.159.46 - - [04/Apr/2017:14:12:16 -0300] "POST /cormun/servlet/trpermisosgoce?0718144fe0d248b0c6761993b282a6b2,gx-no-cache=1491326001942 HTTP/1.1" 200 9723
200.73.230.173 - - [04/Apr/2017:14:12:19 -0300] "GET /cormun/servlet/atrazos?1d40dd2095fd99a551c58605f62ca77fe480670a1772310d2fc0f27510afaac14af8546b5a6406ffc87ca278bab635f8b393c1917169d464f090e6d4076e7fdd8fcfa47aafe78db9b5468fdacce7c95698360220a828b01703ecafd93a8b11e9ea05588da2d3b4d5489f6d6cf011a6230996d00db9a59c48728bdaeeb89dbb15e15d6547a08bd68ac4446fc8c6673623d701b8d4915fde4689dbe526989b23f3,gx-no-cache=1491326018032 HTTP/1.1" 200 44
186.103.159.46 - - [04/Apr/2017:14:12:22 -0300] "POST /cormun/servlet/trpermisosgoce?0718144fe0d248b0c6761993b282a6b2,gx-no-cache=1491326007762 HTTP/1.1" 200 9722
186.103.159.46 - - [04/Apr/2017:14:12:24 -0300] "POST /cormun/servlet/trpermisosgoce?0718144fe0d248b0c6761993b282a6b2,gx-no-cache=1491326010615 HTTP/1.1" 200 9732
192.168.10.13 - - [04/Apr/2017:14:12:25 -0300] "GET / HTTP/1.1" 200 11217
200.73.230.173 - - [04/Apr/2017:14:12:31 -0300] "POST /cormun/servlet/atrazos?627b9af5fa3797ec3fe5cf963f5cc0e1,INS,0,,gx-no-cache=1491326030140 HTTP/1.1" 200 93
200.73.230.173 - - [04/Apr/2017:14:12:31 -0300] "GET /cormun/servlet/hpexe_return? HTTP/1.1" 200 1004
200.73.230.173 - - [04/Apr/2017:14:12:31 -0300] "GET /cormun/servlet/tratrazos HTTP/1.1" 200 8628
186.103.159.46 - - [04/Apr/2017:14:12:32 -0300] "POST /cormun/servlet/trpermisosgoce?0718144fe0d248b0c6761993b282a6b2,gx-no-cache=1491326018303 HTTP/1.1" 200 9738
200.73.230.173 - - [04/Apr/2017:14:12:32 -0300] "GET /cormun/servlet/tratrazos HTTP/1.1" 200 8624
186.103.159.46 - - [04/Apr/2017:14:12:35 -0300] "POST /cormun/servlet/trpermisosgoce?0718144fe0d248b0c6761993b282a6b2,gx-no-cache=1491326021407 HTTP/1.1" 200 9746
186.103.159.46 - - [04/Apr/2017:14:12:43 -0300] "POST /cormun/servlet/trpermisosgoce?0718144fe0d248b0c6761993b282a6b2,gx-no-cache=1491326029471 HTTP/1.1" 200 9762
200.73.230.173 - - [04/Apr/2017:14:12:44 -0300] "GET /cormun/servlet/atrazos?INS,0, HTTP/1.1" 200 6533
200.73.230.173 - - [04/Apr/2017:14:12:45 -0300] "GET /cormun/servlet/atrazos?INS,0, HTTP/1.1" 200 6534
