201.214.54.252 - - [04/Apr/2017:16:02:56 -0300] "GET /cormun/servlet/solicitudotadjuntos?bc41decb3278a0318eac6a0da851b07fcf7f8ef32f269b6cb0a3d1054df323da,gx-no-cache=1491332644467 HTTP/1.1" 200 30
201.214.54.252 - - [04/Apr/2017:16:02:56 -0300] "POST /cormun/servlet/solicitudotadjuntos?ad3709cd086d8cc05cbaf07669d372a9,INS,2017,5918,,1,,gx-no-cache=1491332644542 HTTP/1.1" 200 93
201.214.54.252 - - [04/Apr/2017:16:02:56 -0300] "GET /cormun/servlet/hpexe_return? HTTP/1.1" 200 1026
201.214.54.252 - - [04/Apr/2017:16:02:57 -0300] "GET /cormun/servlet/trsolicitudadjuntos?2017,5918, HTTP/1.1" 200 9118
201.214.54.252 - - [04/Apr/2017:16:02:58 -0300] "GET /cormun/servlet/trsolicitudadjuntos?2017,5918, HTTP/1.1" 200 9115
201.214.54.252 - - [04/Apr/2017:16:03:12 -0300] "GET /cormun/servlet/solicitudotadjuntos?INS,2017,5918,,1, HTTP/1.1" 200 5988
201.214.54.252 - - [04/Apr/2017:16:03:13 -0300] "GET /cormun/static/about:blank HTTP/1.1" 404 1011
201.214.54.252 - - [04/Apr/2017:16:03:13 -0300] "GET /cormun/servlet/solicitudotadjuntos?INS,2017,5918,,1, HTTP/1.1" 200 5981
201.214.54.252 - - [04/Apr/2017:16:03:14 -0300] "GET /cormun/servlet/solicitudotadjuntos?bc41decb3278a0318eac6a0da851b07f70a34b11823770e611c5ace60c63ef6d30d9a14787b8e8641e9f612dd92e7fda,gx-no-cache=1491332662089 HTTP/1.1" 200 30
201.214.54.252 - - [04/Apr/2017:16:03:14 -0300] "POST /cormun/servlet/solicitudotadjuntos?ad3709cd086d8cc05cbaf07669d372a9,INS,2017,5918,,1,,gx-no-cache=1491332662152 HTTP/1.1" 200 3824
186.103.158.250 - - [04/Apr/2017:16:03:20 -0300] "GET /cormun/servlet/permisogoce?d7de8a62f4ce1a0e28561a0b63f36e2144630860c0c97f1716574f6d04b43292cc1048b3486c25de83b5b902821072aa0309b1ce76d5f55f60e82345e31b07d7ab3bd049f9eefda49f7b6a52a4b4caa1,gx-no-cache=1491336149686 HTTP/1.1" 200 47
186.103.158.250 - - [04/Apr/2017:16:03:20 -0300] "POST /cormun/servlet/permisogoce?ee82dbfabb86df4e5ebcaed27d415089,UPD,16716335,P,20170403145018,,gx-no-cache=1491336149815 HTTP/1.1" 200 4200
186.103.158.250 - - [04/Apr/2017:16:03:20 -0300] "GET /cormun/static/Shared/jqueryui/images/ui-bg_highlight-soft_100_c6c2c8_1x100.png HTTP/1.1" 404 1117
186.103.158.250 - - [04/Apr/2017:16:03:20 -0300] "GET /cormun/static/Shared/jqueryui/images/ui-bg_flat_55_994d53_40x100.png HTTP/1.1" 404 1097
186.103.158.250 - - [04/Apr/2017:16:03:20 -0300] "GET /cormun/static/Shared/jqueryui/images/ui-icons_ebccce_256x240.png HTTP/1.1" 404 1089
186.103.158.250 - - [04/Apr/2017:16:03:20 -0300] "GET /cormun/static/Shared/jqueryui/images/ui-icons_82798d_256x240.png HTTP/1.1" 404 1089
192.168.10.13 - - [04/Apr/2017:16:03:25 -0300] "GET / HTTP/1.1" 200 11217
201.214.54.252 - - [04/Apr/2017:16:03:25 -0300] "POST /cormun/servlet/solicitudotadjuntos?ad3709cd086d8cc05cbaf07669d372a9,INS,2017,5918,,1,,gx-no-cache=1491332673278 HTTP/1.1" 200 93
201.214.54.252 - - [04/Apr/2017:16:03:25 -0300] "GET /cormun/servlet/hpexe_return? HTTP/1.1" 200 1026
201.214.54.252 - - [04/Apr/2017:16:03:25 -0300] "GET /cormun/servlet/trsolicitudadjuntos?2017,5918, HTTP/1.1" 200 9120
201.214.54.252 - - [04/Apr/2017:16:03:26 -0300] "GET /cormun/servlet/trsolicitudadjuntos?2017,5918, HTTP/1.1" 200 9118
186.103.158.250 - - [04/Apr/2017:16:03:56 -0300] "POST /cormun/servlet/permisogoce?ee82dbfabb86df4e5ebcaed27d415089,UPD,16716335,P,20170403145018,,gx-no-cache=1491336186074 HTTP/1.1" 200 93
186.103.158.250 - - [04/Apr/2017:16:03:56 -0300] "GET /cormun/servlet/hpexe_return? HTTP/1.1" 200 1020
186.103.158.250 - - [04/Apr/2017:16:03:57 -0300] "GET /cormun/servlet/trpermisosgoce HTTP/1.1" 200 7360
186.103.158.250 - - [04/Apr/2017:16:03:58 -0300] "GET /cormun/servlet/trpermisosgoce HTTP/1.1" 200 7356
201.214.54.252 - - [04/Apr/2017:16:04:07 -0300] "GET /cormun/servlet/trvisualizadoreventos? HTTP/1.1" 200 6690
201.214.54.252 - - [04/Apr/2017:16:04:08 -0300] "GET /cormun/servlet/trvisualizadoreventos? HTTP/1.1" 200 6678
186.103.158.250 - - [04/Apr/2017:16:04:10 -0300] "GET /cormun/servlet/permisogoce?DLT,16716335,P,20170403145018, HTTP/1.1" 200 6506
186.103.158.250 - - [04/Apr/2017:16:04:11 -0300] "GET /cormun/static/Shared/jqueryui/images/ui-bg_highlight-soft_100_c6c2c8_1x100.png HTTP/1.1" 404 1117
186.103.158.250 - - [04/Apr/2017:16:04:11 -0300] "GET /cormun/static/Shared/jqueryui/images/ui-icons_82798d_256x240.png HTTP/1.1" 404 1089
186.103.158.250 - - [04/Apr/2017:16:04:11 -0300] "GET /cormun/static/Shared/jqueryui/images/ui-bg_flat_55_fafafa_40x100.png HTTP/1.1" 404 1097
186.103.158.250 - - [04/Apr/2017:16:04:11 -0300] "GET /cormun/static/Shared/jqueryui/images/ui-icons_8d78a5_256x240.png HTTP/1.1" 404 1089
186.103.158.250 - - [04/Apr/2017:16:04:11 -0300] "GET /cormun/servlet/permisogoce?DLT,16716335,P,20170403145018, HTTP/1.1" 200 6507
186.103.158.250 - - [04/Apr/2017:16:04:17 -0300] "POST /cormun/servlet/permisogoce?ee82dbfabb86df4e5ebcaed27d415089,DLT,16716335,P,20170403145018,,gx-no-cache=1491336207242 HTTP/1.1" 200 4236
186.103.158.250 - - [04/Apr/2017:16:04:17 -0300] "GET /cormun/static/Shared/jqueryui/images/ui-icons_ebccce_256x240.png HTTP/1.1" 404 1089
186.103.158.250 - - [04/Apr/2017:16:04:17 -0300] "GET /cormun/static/Shared/jqueryui/images/ui-bg_flat_55_994d53_40x100.png HTTP/1.1" 404 1097
201.214.54.252 - - [04/Apr/2017:16:04:18 -0300] "POST /cormun/servlet/trvisualizadoreventos?ad3709cd086d8cc05cbaf07669d372a9,,gx-no-cache=1491332726583 HTTP/1.1" 200 3979
201.214.54.252 - - [04/Apr/2017:16:04:21 -0300] "POST /cormun/servlet/trvisualizadoreventos?ad3709cd086d8cc05cbaf07669d372a9,,gx-no-cache=1491332729717 HTTP/1.1" 200 3979
192.168.10.13 - - [04/Apr/2017:16:04:25 -0300] "GET / HTTP/1.1" 200 11217
186.103.158.250 - - [04/Apr/2017:16:04:30 -0300] "POST /cormun/servlet/permisogoce?ee82dbfabb86df4e5ebcaed27d415089,DLT,16716335,P,20170403145018,,gx-no-cache=1491336220399 HTTP/1.1" 200 93
186.103.158.250 - - [04/Apr/2017:16:04:30 -0300] "GET /cormun/servlet/hpexe_return? HTTP/1.1" 200 1020
186.103.158.250 - - [04/Apr/2017:16:04:31 -0300] "GET /cormun/servlet/trpermisosgoce HTTP/1.1" 200 7360
186.103.158.250 - - [04/Apr/2017:16:04:32 -0300] "GET /cormun/servlet/trpermisosgoce HTTP/1.1" 200 7356
186.103.158.250 - - [04/Apr/2017:16:04:41 -0300] "GET /cormun/servlet/permisogoce?DSP,16716335,P,20170403145018, HTTP/1.1" 200 6408
186.103.158.250 - - [04/Apr/2017:16:04:42 -0300] "GET /cormun/servlet/permisogoce?DSP,16716335,P,20170403145018, HTTP/1.1" 200 6410
186.103.159.183 - - [04/Apr/2017:16:04:45 -0300] "GET /cormun/servlet/hlogin HTTP/1.1" 200 1724
186.103.159.183 - - [04/Apr/2017:16:04:45 -0300] "GET /cormun/static/gxtimezone.js?85251 HTTP/1.1" 200 5781
186.103.159.183 - - [04/Apr/2017:16:04:45 -0300] "GET /cormun/static/gxcfg.js?201731711485472 HTTP/1.1" 200 953
186.103.159.183 - - [04/Apr/2017:16:04:45 -0300] "GET /cormun/static/hlogin.js?201731711485490 HTTP/1.1" 200 2136
186.103.159.183 - - [04/Apr/2017:16:04:45 -0300] "GET /cormun/static/messages.spa.js?85251 HTTP/1.1" 200 30736
186.103.159.183 - - [04/Apr/2017:16:04:45 -0300] "GET /cormun/static/Resources/Spanish/PXTools.css?11294912 HTTP/1.1" 200 89042
186.103.159.183 - - [04/Apr/2017:16:04:45 -0300] "GET /cormun/static/gxgral.js?85251 HTTP/1.1" 200 384558
186.103.159.183 - - [04/Apr/2017:16:04:45 -0300] "GET /cormun/static/Resources/ComunLogin.png HTTP/1.1" 200 17326
186.103.159.183 - - [04/Apr/2017:16:04:45 -0300] "GET /cormun/static/Resources/PXToolsLoginTop.png HTTP/1.1" 200 1337
186.103.159.183 - - [04/Apr/2017:16:04:45 -0300] "GET /cormun/static/Resources/PXToolsLoginBackground.png HTTP/1.1" 200 1164
186.103.159.183 - - [04/Apr/2017:16:04:45 -0300] "GET /cormun/static/Resources/PXToolsButtonLeft21.png HTTP/1.1" 200 1287
186.103.159.183 - - [04/Apr/2017:16:04:45 -0300] "GET /cormun/static/Resources/PXToolsButtonBackground2.png HTTP/1.1" 200 1181
186.103.159.183 - - [04/Apr/2017:16:04:45 -0300] "GET /cormun/static/Resources/PXToolsButtonRight21.png HTTP/1.1" 200 1283
186.103.159.183 - - [04/Apr/2017:16:04:45 -0300] "GET /cormun/static/Resources/PXToolsLoginBottom.png HTTP/1.1" 200 1389
186.103.159.183 - - [04/Apr/2017:16:04:46 -0300] "GET /favicon.ico HTTP/1.1" 200 21630
186.103.159.183 - - [04/Apr/2017:16:04:46 -0300] "GET /cormun/static/Resources/indicator.gif HTTP/1.1" 200 1553
186.103.159.183 - - [04/Apr/2017:16:04:46 -0300] "GET /cormun/servlet/hlogin HTTP/1.1" 200 1733
186.103.159.183 - - [04/Apr/2017:16:04:46 -0300] "GET /favicon.ico HTTP/1.1" 200 21630
186.103.158.250 - - [04/Apr/2017:16:04:58 -0300] "POST /cormun/servlet/permisogoce?ee82dbfabb86df4e5ebcaed27d415089,DSP,16716335,P,20170403145018,,gx-no-cache=1491336247868 HTTP/1.1" 200 93
186.103.158.250 - - [04/Apr/2017:16:04:58 -0300] "GET /cormun/servlet/hpexe_return? HTTP/1.1" 200 1020
186.103.158.250 - - [04/Apr/2017:16:04:58 -0300] "GET /cormun/servlet/trpermisosgoce HTTP/1.1" 200 7360
186.103.158.250 - - [04/Apr/2017:16:04:59 -0300] "GET /cormun/servlet/trpermisosgoce HTTP/1.1" 200 7356
186.103.158.250 - - [04/Apr/2017:16:05:03 -0300] "GET /cormun/servlet/permisogoce?DLT,16716335,P,20170403145018, HTTP/1.1" 200 6506
192.168.10.96 - - [04/Apr/2017:16:05:03 -0300] "GET /cormun/servlet/vesolicitudnombre?2017,5142,,SolicitudOTAdjuntos HTTP/1.1" 200 10493
186.103.158.250 - - [04/Apr/2017:16:05:04 -0300] "GET /cormun/static/Shared/jqueryui/images/ui-bg_highlight-soft_100_c6c2c8_1x100.png HTTP/1.1" 404 1117
186.103.158.250 - - [04/Apr/2017:16:05:04 -0300] "GET /cormun/static/Shared/jqueryui/images/ui-bg_flat_55_fafafa_40x100.png HTTP/1.1" 404 1097
186.103.158.250 - - [04/Apr/2017:16:05:04 -0300] "GET /cormun/static/Shared/jqueryui/images/ui-icons_8d78a5_256x240.png HTTP/1.1" 404 1089
186.103.158.250 - - [04/Apr/2017:16:05:04 -0300] "GET /cormun/static/Shared/jqueryui/images/ui-icons_82798d_256x240.png HTTP/1.1" 404 1089
186.103.158.250 - - [04/Apr/2017:16:05:04 -0300] "GET /cormun/servlet/permisogoce?DLT,16716335,P,20170403145018, HTTP/1.1" 200 6507
192.168.10.96 - - [04/Apr/2017:16:05:04 -0300] "GET /cormun/servlet/vesolicitudnombre?2017,5142,,SolicitudOTAdjuntos HTTP/1.1" 200 10496
192.168.10.96 - - [04/Apr/2017:16:05:04 -0300] "POST /cormun/servlet/acontrolpreferencessavestate?None,DZAMUDIO,true HTTP/1.1" 200 35
192.168.10.96 - - [04/Apr/2017:16:05:05 -0300] "GET /cormun/servlet/trconsultaempleado? HTTP/1.1" 200 6713
192.168.10.96 - - [04/Apr/2017:16:05:05 -0300] "GET /cormun/servlet/trconsultaempleado? HTTP/1.1" 200 6696
186.103.158.250 - - [04/Apr/2017:16:05:12 -0300] "POST /cormun/servlet/permisogoce?ee82dbfabb86df4e5ebcaed27d415089,DLT,16716335,P,20170403145018,,gx-no-cache=1491336261234 HTTP/1.1" 200 4236
186.103.158.250 - - [04/Apr/2017:16:05:12 -0300] "GET /cormun/static/Shared/jqueryui/images/ui-bg_flat_55_994d53_40x100.png HTTP/1.1" 404 1097
186.103.158.250 - - [04/Apr/2017:16:05:12 -0300] "GET /cormun/static/Shared/jqueryui/images/ui-icons_ebccce_256x240.png HTTP/1.1" 404 1089
192.168.10.96 - - [04/Apr/2017:16:05:15 -0300] "POST /cormun/servlet/trconsultaempleado?3b9f3a2c6b7d808a21842922d82db94b,,gx-no-cache=1491335992683 HTTP/1.1" 200 4436
192.168.10.96 - - [04/Apr/2017:16:05:16 -0300] "GET /cormun/servlet/trsolicitudnombre?15799324, HTTP/1.1" 200 7610
192.168.10.96 - - [04/Apr/2017:16:05:17 -0300] "GET /cormun/servlet/trsolicitudnombre?15799324, HTTP/1.1" 200 7613
192.168.10.96 - - [04/Apr/2017:16:05:18 -0300] "GET /cormun/servlet/vesolicitudnombre?2017,4831,, HTTP/1.1" 200 8536
192.168.10.96 - - [04/Apr/2017:16:05:18 -0300] "GET /cormun/pexe_scrolldiv.js HTTP/1.1" 404 1009
192.168.10.96 - - [04/Apr/2017:16:05:18 -0300] "GET /cormun/pexe_scrolldiv.js HTTP/1.1" 404 1009
192.168.10.96 - - [04/Apr/2017:16:05:19 -0300] "GET /cormun/servlet/vesolicitudnombre?2017,4831,, HTTP/1.1" 200 8531
192.168.10.96 - - [04/Apr/2017:16:05:21 -0300] "GET /cormun/servlet/vesolicitudnombre?2017,4831,,SolicitudOTAdjuntos HTTP/1.1" 200 10590
192.168.10.96 - - [04/Apr/2017:16:05:21 -0300] "GET /cormun/pexe_scrolldiv.js HTTP/1.1" 404 1009
192.168.10.96 - - [04/Apr/2017:16:05:21 -0300] "GET /cormun/pexe_scrolldiv.js HTTP/1.1" 404 1009
192.168.10.96 - - [04/Apr/2017:16:05:22 -0300] "GET /cormun/servlet/vesolicitudnombre?2017,4831,,SolicitudOTAdjuntos HTTP/1.1" 200 10588
192.168.10.96 - - [04/Apr/2017:16:05:22 -0300] "POST /cormun/servlet/acontrolpreferencessavestate?None,DZAMUDIO,true HTTP/1.1" 200 35
192.168.10.96 - - [04/Apr/2017:16:05:24 -0300] "GET /cormun/PublicTempStorage/img5787846027.jpg HTTP/1.1" 200 1396027
192.168.10.13 - - [04/Apr/2017:16:05:25 -0300] "GET / HTTP/1.1" 200 11217
186.103.158.250 - - [04/Apr/2017:16:05:26 -0300] "POST /cormun/servlet/permisogoce?ee82dbfabb86df4e5ebcaed27d415089,DLT,16716335,P,20170403145018,,gx-no-cache=1491336276278 HTTP/1.1" 200 4192
192.168.10.96 - - [04/Apr/2017:16:05:30 -0300] "GET /cormun/servlet/vesolicitudnombre?2017,4831,,SolicitudOTAdjuntos HTTP/1.1" 200 10588
192.168.10.96 - - [04/Apr/2017:16:05:31 -0300] "GET /cormun/servlet/vesolicitudnombre?2017,4831,,SolicitudOTAdjuntos HTTP/1.1" 200 10589
192.168.10.96 - - [04/Apr/2017:16:05:31 -0300] "POST /cormun/servlet/acontrolpreferencessavestate?None,DZAMUDIO,true HTTP/1.1" 200 35
192.168.10.96 - - [04/Apr/2017:16:05:34 -0300] "GET /cormun/PublicTempStorage/img5772126143.jpg HTTP/1.1" 200 930076
186.103.158.250 - - [04/Apr/2017:16:05:39 -0300] "POST /cormun/servlet/permisogoce?ee82dbfabb86df4e5ebcaed27d415089,DLT,16716335,P,20170403145018,,gx-no-cache=1491336288931 HTTP/1.1" 200 93
186.103.158.250 - - [04/Apr/2017:16:05:39 -0300] "GET /cormun/servlet/hpexe_return? HTTP/1.1" 200 1020
186.103.158.250 - - [04/Apr/2017:16:05:39 -0300] "GET /cormun/servlet/trpermisosgoce HTTP/1.1" 200 7360
186.103.158.250 - - [04/Apr/2017:16:05:40 -0300] "GET /cormun/servlet/trpermisosgoce HTTP/1.1" 200 7356
192.168.10.96 - - [04/Apr/2017:16:05:42 -0300] "GET /cormun/servlet/vesolicitudnombre?2017,4831,,SolicitudOTAdjuntos HTTP/1.1" 200 10586
192.168.10.96 - - [04/Apr/2017:16:05:43 -0300] "GET /cormun/servlet/vesolicitudnombre?2017,4831,,SolicitudOTAdjuntos HTTP/1.1" 200 10590
192.168.10.96 - - [04/Apr/2017:16:05:43 -0300] "POST /cormun/servlet/acontrolpreferencessavestate?None,DZAMUDIO,true HTTP/1.1" 200 35
186.103.158.250 - - [04/Apr/2017:16:05:45 -0300] "GET /cormun/servlet/permisogoce?DLT,16716335,P,20170403145018, HTTP/1.1" 200 6506
186.103.158.250 - - [04/Apr/2017:16:05:46 -0300] "GET /cormun/static/Shared/jqueryui/images/ui-bg_highlight-soft_100_c6c2c8_1x100.png HTTP/1.1" 404 1117
186.103.158.250 - - [04/Apr/2017:16:05:46 -0300] "GET /cormun/static/Shared/jqueryui/images/ui-bg_flat_55_fafafa_40x100.png HTTP/1.1" 404 1097
186.103.158.250 - - [04/Apr/2017:16:05:46 -0300] "GET /cormun/static/Shared/jqueryui/images/ui-icons_8d78a5_256x240.png HTTP/1.1" 404 1089
186.103.158.250 - - [04/Apr/2017:16:05:46 -0300] "GET /cormun/static/Shared/jqueryui/images/ui-icons_82798d_256x240.png HTTP/1.1" 404 1089
186.103.158.250 - - [04/Apr/2017:16:05:46 -0300] "GET /cormun/servlet/permisogoce?DLT,16716335,P,20170403145018, HTTP/1.1" 200 6507
186.103.158.250 - - [04/Apr/2017:16:05:54 -0300] "POST /cormun/servlet/permisogoce?ee82dbfabb86df4e5ebcaed27d415089,DLT,16716335,P,20170403145018,,gx-no-cache=1491336303946 HTTP/1.1" 200 93
186.103.158.250 - - [04/Apr/2017:16:05:54 -0300] "GET /cormun/servlet/hpexe_return? HTTP/1.1" 200 1020
186.103.158.250 - - [04/Apr/2017:16:05:54 -0300] "GET /cormun/servlet/trpermisosgoce HTTP/1.1" 200 7360
186.103.158.250 - - [04/Apr/2017:16:05:56 -0300] "GET /cormun/servlet/trpermisosgoce HTTP/1.1" 200 7356
192.168.10.96 - - [04/Apr/2017:16:05:58 -0300] "GET /cormun/servlet/trpermisosgeneralesgoce? HTTP/1.1" 200 11588
192.168.10.96 - - [04/Apr/2017:16:05:58 -0300] "GET /cormun/servlet/trpermisosgeneralesgoce? HTTP/1.1" 200 11568
186.103.158.250 - - [04/Apr/2017:16:06:00 -0300] "GET /cormun/servlet/permisogoce?UPD,16716335,P,20170403145018, HTTP/1.1" 200 6597
186.103.158.250 - - [04/Apr/2017:16:06:02 -0300] "GET /cormun/servlet/permisogoce?UPD,16716335,P,20170403145018, HTTP/1.1" 200 6597
186.103.158.250 - - [04/Apr/2017:16:06:02 -0300] "GET /cormun/servlet/permisogoce?d7de8a62f4ce1a0e28561a0b63f36e21aed2ea4464ccbf9ef264ef59267b05f1028d0266d26c25fa7ef686fa57c08a64,gx-no-cache=1491336312149 HTTP/1.1" 200 74
192.168.10.96 - - [04/Apr/2017:16:06:05 -0300] "GET /cormun/servlet/hlogin HTTP/1.1" 200 1748
192.168.10.96 - - [04/Apr/2017:16:06:12 -0300] "POST /cormun/servlet/hlogin?3b9f3a2c6b7d808a21842922d82db94b,gx-no-cache=1491336049770 HTTP/1.1" 200 455
192.168.10.96 - - [04/Apr/2017:16:06:15 -0300] "POST /cormun/servlet/hlogin?3b9f3a2c6b7d808a21842922d82db94b,gx-no-cache=1491336052764 HTTP/1.1" 200 90
192.168.10.96 - - [04/Apr/2017:16:06:15 -0300] "GET /cormun/servlet/hpexe_link HTTP/1.1" 200 954
192.168.10.96 - - [04/Apr/2017:16:06:16 -0300] "GET /cormun/servlet/hhome HTTP/1.1" 200 3745
192.168.10.96 - - [04/Apr/2017:16:06:16 -0300] "GET /cormun/servlet/hhome HTTP/1.1" 200 3742
192.168.10.96 - - [04/Apr/2017:16:06:19 -0300] "GET /cormun/servlet/trpermisosgoce? HTTP/1.1" 200 8185
192.168.10.96 - - [04/Apr/2017:16:06:19 -0300] "GET /cormun/servlet/trpermisosgoce? HTTP/1.1" 200 8183
200.73.230.173 - - [04/Apr/2017:16:06:21 -0300] "GET /cormun/servlet/atrazos?INS,0, HTTP/1.1" 200 6540
192.168.10.96 - - [04/Apr/2017:16:06:21 -0300] "GET /cormun/servlet/trpermisosadjuntos?9299678,20170403170240,P, HTTP/1.1" 200 6062
192.168.10.96 - - [04/Apr/2017:16:06:22 -0300] "GET /cormun/servlet/trpermisosadjuntos?9299678,20170403170240,P, HTTP/1.1" 200 6063
200.73.230.173 - - [04/Apr/2017:16:06:22 -0300] "GET /cormun/servlet/atrazos?INS,0, HTTP/1.1" 200 6540
192.168.10.13 - - [04/Apr/2017:16:06:25 -0300] "GET / HTTP/1.1" 200 11217
192.168.10.96 - - [04/Apr/2017:16:06:25 -0300] "POST /cormun/servlet/trpermisosadjuntos?3b9f3a2c6b7d808a21842922d82db94b,9299678,20170403170240,P,,gx-no-cache=1491336062610 HTTP/1.1" 200 90
192.168.10.96 - - [04/Apr/2017:16:06:25 -0300] "GET /cormun/servlet/hpexe_link HTTP/1.1" 200 985
200.73.230.173 - - [04/Apr/2017:16:06:25 -0300] "GET /cormun/servlet/prfichaempleado?,MD,,gxPopupLevel%3D0%3B HTTP/1.1" 200 8837
192.168.10.96 - - [04/Apr/2017:16:06:25 -0300] "GET /cormun/servlet/trpermisosgoce HTTP/1.1" 200 8185
192.168.10.96 - - [04/Apr/2017:16:06:26 -0300] "GET /cormun/servlet/trpermisosgoce HTTP/1.1" 200 8183
192.168.10.96 - - [04/Apr/2017:16:06:27 -0300] "GET /cormun/servlet/apermisogoceprn?10789448,P,20170328091752,PU HTTP/1.1" 200 1653
192.168.10.96 - - [04/Apr/2017:16:06:31 -0300] "GET /cormun/servlet/trpermisosadjuntos?10789448,20170328091752,P, HTTP/1.1" 200 6513
192.168.10.96 - - [04/Apr/2017:16:06:31 -0300] "GET /cormun/PublicTempStorage/jaque4784032.jpg HTTP/1.1" 200 917123
192.168.10.96 - - [04/Apr/2017:16:06:31 -0300] "GET /cormun/servlet/trpermisosadjuntos?10789448,20170328091752,P, HTTP/1.1" 200 6513
192.168.10.96 - - [04/Apr/2017:16:06:34 -0300] "POST /cormun/servlet/trpermisosadjuntos?3b9f3a2c6b7d808a21842922d82db94b,10789448,20170328091752,P,,gx-no-cache=1491336071411 HTTP/1.1" 200 90
192.168.10.96 - - [04/Apr/2017:16:06:34 -0300] "GET /cormun/servlet/hpexe_link HTTP/1.1" 200 986
192.168.10.96 - - [04/Apr/2017:16:06:34 -0300] "GET /cormun/servlet/trpermisosgoce HTTP/1.1" 200 8184
192.168.10.96 - - [04/Apr/2017:16:06:35 -0300] "GET /cormun/servlet/trpermisosgoce HTTP/1.1" 200 8183
200.73.230.173 - - [04/Apr/2017:16:06:35 -0300] "POST /cormun/servlet/prfichaempleado?9c76ffc0d7de1049d8fe59e217195757,,MD,,gxPopupLevel%3D0%3B,gx-no-cache=1491332861525 HTTP/1.1" 200 3403
200.73.230.173 - - [04/Apr/2017:16:06:39 -0300] "GET /cormun/servlet/atrazos?848119886bd1b97547c80f5dc1e433921673611b54ff34c271e8d96c8cf6fb815dd4ab78cf32803416395ebc74282925,gx-no-cache=1491332865384 HTTP/1.1" 200 71
200.73.230.173 - - [04/Apr/2017:16:06:39 -0300] "GET /cormun/static/menuarrow.gif HTTP/1.1" 404 1015
192.168.10.96 - - [04/Apr/2017:16:06:39 -0300] "POST /cormun/servlet/trpermisosgoce?3b9f3a2c6b7d808a21842922d82db94b,gx-no-cache=1491336076641 HTTP/1.1" 200 5528
186.79.131.174 - - [04/Apr/2017:16:06:43 -0300] "GET /cormun/servlet/permisogoce?UPD,13694232,P,20170328092301, HTTP/1.1" 200 6570
186.79.131.174 - - [04/Apr/2017:16:06:43 -0300] "GET /cormun/static/gxcfg.js?201732911503726 HTTP/1.1" 200 953
186.79.131.174 - - [04/Apr/2017:16:06:44 -0300] "GET /cormun/static/permisogoce.js?201732911503774 HTTP/1.1" 304 -
186.79.131.174 - - [04/Apr/2017:16:06:45 -0300] "GET /cormun/servlet/permisogoce?UPD,13694232,P,20170328092301, HTTP/1.1" 200 6571
200.73.230.173 - - [04/Apr/2017:16:06:45 -0300] "GET /cormun/servlet/atrazos?848119886bd1b97547c80f5dc1e433922044777d02bbf1ea84f780236fe1f3ae44d12db85fdf2635d96f397b29482e67,gx-no-cache=1491332871205 HTTP/1.1" 200 33
186.79.131.174 - - [04/Apr/2017:16:06:46 -0300] "GET /cormun/servlet/permisogoce?9e2e9d037334cf35e78c793c0298ad7ae1c7c92c1d9980ce2f5979094e7be6a5b9de9c0984853a38c22806301340dffc,gx-no-cache=1491332870076 HTTP/1.1" 200 73
192.168.10.96 - - [04/Apr/2017:16:06:46 -0300] "GET /cormun/servlet/trpermisosadjuntos?11671158,20170328151519,P, HTTP/1.1" 200 6506
192.168.10.96 - - [04/Apr/2017:16:06:46 -0300] "GET /cormun/PublicTempStorage/ester2274911.jpg HTTP/1.1" 200 916363
192.168.10.96 - - [04/Apr/2017:16:06:46 -0300] "GET /cormun/servlet/trpermisosadjuntos?11671158,20170328151519,P, HTTP/1.1" 200 6506
192.168.10.96 - - [04/Apr/2017:16:06:48 -0300] "POST /cormun/servlet/trpermisosadjuntos?3b9f3a2c6b7d808a21842922d82db94b,11671158,20170328151519,P,,gx-no-cache=1491336085819 HTTP/1.1" 200 90
192.168.10.96 - - [04/Apr/2017:16:06:49 -0300] "GET /cormun/servlet/hpexe_link HTTP/1.1" 200 1006
192.168.10.96 - - [04/Apr/2017:16:06:49 -0300] "GET /cormun/servlet/trpermisosgoce?gx-no-cache=1491336076641 HTTP/1.1" 200 8182
192.168.10.96 - - [04/Apr/2017:16:06:49 -0300] "GET /cormun/servlet/trpermisosgoce?gx-no-cache=1491336076641 HTTP/1.1" 200 8222
200.73.230.173 - - [04/Apr/2017:16:06:50 -0300] "GET /cormun/servlet/atrazos?848119886bd1b97547c80f5dc1e4339233a31ffd50e37a4d571d48de72a96e0ded01d4c7aa2edcb8e494a41042aa7488d651274e6c73409df0bb1f1573d34a725d466bd0af4018115a1bcb0e1d93ece216a274cd654c1745a0e5350cf9adf6ab191a7617a12e051fbb2d933be1a689c7026a16260794992c4a8a2789dc2a987e8907f9dab58b244889b038b778d731405d447c8cddadf9e678270734c99320c7,gx-no-cache=1491332876748 HTTP/1.1" 200 44
192.168.10.96 - - [04/Apr/2017:16:06:58 -0300] "POST /cormun/servlet/trpermisosgoce?3b9f3a2c6b7d808a21842922d82db94b,gx-no-cache=1491336076641,gx-no-cache=1491336095302 HTTP/1.1" 200 5528
186.79.131.174 - - [04/Apr/2017:16:07:00 -0300] "GET /cormun/servlet/permisogoce?9e2e9d037334cf35e78c793c0298ad7a85c1855ad64936fb3f15243994ca85025ce638f2a53dfaf6f4f690a9ff4e97db36e542730ff6a9714064b0586fc4da3a70a770100ed51760901a5930c2486355,gx-no-cache=1491332884945 HTTP/1.1" 200 48
186.79.131.174 - - [04/Apr/2017:16:07:01 -0300] "POST /cormun/servlet/permisogoce?7f94d41313a56fd211768c8d45dec68c,UPD,13694232,P,20170328092301,,gx-no-cache=1491332885094 HTTP/1.1" 200 4193
186.79.131.174 - - [04/Apr/2017:16:07:01 -0300] "GET /cormun/static/Shared/jqueryui/images/ui-bg_highlight-soft_100_c6c2c8_1x100.png HTTP/1.1" 404 1117
186.79.131.174 - - [04/Apr/2017:16:07:01 -0300] "GET /cormun/static/Shared/jqueryui/images/ui-icons_82798d_256x240.png HTTP/1.1" 404 1089
186.79.131.174 - - [04/Apr/2017:16:07:02 -0300] "GET /cormun/static/Shared/jqueryui/images/ui-icons_ebccce_256x240.png HTTP/1.1" 404 1089
186.79.131.174 - - [04/Apr/2017:16:07:02 -0300] "GET /cormun/static/Shared/jqueryui/images/ui-bg_flat_55_994d53_40x100.png HTTP/1.1" 404 1097
200.73.230.173 - - [04/Apr/2017:16:07:02 -0300] "POST /cormun/servlet/atrazos?9c76ffc0d7de1049d8fe59e217195757,INS,0,,gx-no-cache=1491332888246 HTTP/1.1" 200 93
200.73.230.173 - - [04/Apr/2017:16:07:02 -0300] "GET /cormun/servlet/hpexe_return? HTTP/1.1" 200 1004
200.73.230.173 - - [04/Apr/2017:16:07:03 -0300] "GET /cormun/servlet/tratrazos HTTP/1.1" 200 9913
192.168.10.96 - - [04/Apr/2017:16:07:03 -0300] "POST /cormun/servlet/trpermisosgoce?3b9f3a2c6b7d808a21842922d82db94b,gx-no-cache=1491336076641,gx-no-cache=1491336100533 HTTP/1.1" 200 4642
200.73.230.173 - - [04/Apr/2017:16:07:03 -0300] "GET /cormun/servlet/tratrazos HTTP/1.1" 200 9908
186.79.131.174 - - [04/Apr/2017:16:07:14 -0300] "POST /cormun/servlet/permisogoce?7f94d41313a56fd211768c8d45dec68c,UPD,13694232,P,20170328092301,,gx-no-cache=1491332898317 HTTP/1.1" 200 93
186.79.131.174 - - [04/Apr/2017:16:07:15 -0300] "GET /cormun/servlet/hpexe_return? HTTP/1.1" 200 1030
186.79.131.174 - - [04/Apr/2017:16:07:15 -0300] "GET /cormun/servlet/trpermisosgoce HTTP/1.1" 200 8186
200.73.230.173 - - [04/Apr/2017:16:07:15 -0300] "GET /cormun/servlet/atrazos?INS,0, HTTP/1.1" 200 6540
200.73.230.173 - - [04/Apr/2017:16:07:16 -0300] "GET /cormun/servlet/atrazos?INS,0, HTTP/1.1" 200 6541
186.79.131.174 - - [04/Apr/2017:16:07:17 -0300] "GET /cormun/servlet/trpermisosgoce HTTP/1.1" 200 8182
192.168.10.96 - - [04/Apr/2017:16:07:22 -0300] "GET /cormun/servlet/permisogoce?INS,0,,, HTTP/1.1" 200 6535
192.168.10.96 - - [04/Apr/2017:16:07:22 -0300] "GET /cormun/static/gxcfg.js?201732911503726 HTTP/1.1" 304 -
192.168.10.96 - - [04/Apr/2017:16:07:22 -0300] "GET /cormun/static/permisogoce.js?201732911503774 HTTP/1.1" 304 -
192.168.10.96 - - [04/Apr/2017:16:07:22 -0300] "GET /cormun/servlet/permisogoce?INS,0,,, HTTP/1.1" 200 6514
200.73.230.173 - - [04/Apr/2017:16:07:23 -0300] "GET /cormun/servlet/prfichaempleado?,MD,,gxPopupLevel%3D0%3B HTTP/1.1" 200 8837
192.168.10.96 - - [04/Apr/2017:16:07:25 -0300] "GET /cormun/servlet/prfichaempleado?,MD,,gxPopupLevel%3D0%3B HTTP/1.1" 200 8760
192.168.10.13 - - [04/Apr/2017:16:07:25 -0300] "GET / HTTP/1.1" 200 11217
200.73.230.173 - - [04/Apr/2017:16:07:32 -0300] "POST /cormun/servlet/prfichaempleado?9c76ffc0d7de1049d8fe59e217195757,,MD,,gxPopupLevel%3D0%3B,gx-no-cache=1491332917612 HTTP/1.1" 200 3401
200.73.230.173 - - [04/Apr/2017:16:07:36 -0300] "GET /cormun/servlet/atrazos?848119886bd1b97547c80f5dc1e433921673611b54ff34c271e8d96c8cf6fb815dd4ab78cf32803416395ebc74282925,gx-no-cache=1491332921837 HTTP/1.1" 200 71
200.73.230.173 - - [04/Apr/2017:16:07:36 -0300] "GET /cormun/static/menuarrow.gif HTTP/1.1" 404 1015
192.168.10.96 - - [04/Apr/2017:16:07:36 -0300] "POST /cormun/servlet/prfichaempleado?3b9f3a2c6b7d808a21842922d82db94b,,MD,,gxPopupLevel%3D0%3B,gx-no-cache=1491336133410 HTTP/1.1" 200 3396
192.168.10.96 - - [04/Apr/2017:16:07:39 -0300] "GET /cormun/servlet/permisogoce?a9f066f504a697aee5098fa4fa8e668c58eb0fe4f1833467d3cb4d367c6677c2362d2dce867d182fa528db5d8334bd71,gx-no-cache=1491336136512 HTTP/1.1" 200 73
200.73.230.173 - - [04/Apr/2017:16:07:42 -0300] "GET /cormun/servlet/atrazos?848119886bd1b97547c80f5dc1e433922044777d02bbf1ea84f780236fe1f3aee4d2859acdc22a5e0826dc05907f913b,gx-no-cache=1491332928064 HTTP/1.1" 200 33
192.168.10.96 - - [04/Apr/2017:16:07:49 -0300] "GET /cormun/servlet/permisogoce?a9f066f504a697aee5098fa4fa8e668c1632b5d023d0bebc03972cc9ad82975ee1c81c86b512de547ce7f0aeb81694d563fae7fcb1db46331c596b3e44b9cfd5,gx-no-cache=1491336146037 HTTP/1.1" 200 45
200.73.230.173 - - [04/Apr/2017:16:07:52 -0300] "GET /cormun/servlet/atrazos?848119886bd1b97547c80f5dc1e4339233a31ffd50e37a4d571d48de72a96e0ded01d4c7aa2edcb8e494a41042aa7488d651274e6c73409df0bb1f1573d34a725d466bd0af4018115a1bcb0e1d93ece216a274cd654c1745a0e5350cf9adf6ab191a7617a12e051fbb2d933be1a689c7026a16260794992c4a8a2789dc2a987e4830c625b0aecbe0af913bafa335dd105d447c8cddadf9e678270734c99320c7,gx-no-cache=1491332938260 HTTP/1.1" 200 44
192.168.10.96 - - [04/Apr/2017:16:08:00 -0300] "POST /cormun/servlet/permisogoce?3b9f3a2c6b7d808a21842922d82db94b,INS,0,,,,gx-no-cache=1491336157105 HTTP/1.1" 200 93
192.168.10.96 - - [04/Apr/2017:16:08:00 -0300] "GET /cormun/servlet/hpexe_return? HTTP/1.1" 200 1034
192.168.10.96 - - [04/Apr/2017:16:08:00 -0300] "GET /cormun/servlet/trpermisosgoce?gx-no-cache=1491336076641 HTTP/1.1" 200 7280
192.168.10.96 - - [04/Apr/2017:16:08:00 -0300] "GET /cormun/servlet/trpermisosgoce?gx-no-cache=1491336076641 HTTP/1.1" 200 7298
186.103.159.183 - - [04/Apr/2017:16:08:03 -0300] "GET /cormun/servlet/hlogin HTTP/1.1" 200 1723
186.103.159.183 - - [04/Apr/2017:16:08:03 -0300] "GET /cormun/static/gxtimezone.js?85251 HTTP/1.1" 200 5781
186.103.159.183 - - [04/Apr/2017:16:08:03 -0300] "GET /cormun/static/hlogin.js?201731711485490 HTTP/1.1" 200 2136
186.103.159.183 - - [04/Apr/2017:16:08:03 -0300] "GET /cormun/static/Resources/Spanish/PXTools.css?11294912 HTTP/1.1" 200 89042
186.103.159.183 - - [04/Apr/2017:16:08:03 -0300] "GET /cormun/static/gxgral.js?85251 HTTP/1.1" 200 384558
186.103.159.183 - - [04/Apr/2017:16:08:03 -0300] "GET /cormun/static/gxcfg.js?201731711485472 HTTP/1.1" 200 953
186.103.159.183 - - [04/Apr/2017:16:08:03 -0300] "GET /cormun/static/messages.spa.js?85251 HTTP/1.1" 200 30736
186.103.159.183 - - [04/Apr/2017:16:08:03 -0300] "GET /cormun/static/Resources/ComunLogin.png HTTP/1.1" 200 17326
186.103.159.183 - - [04/Apr/2017:16:08:03 -0300] "GET /cormun/static/Resources/PXToolsLoginTop.png HTTP/1.1" 200 1337
186.103.159.183 - - [04/Apr/2017:16:08:03 -0300] "GET /cormun/static/Resources/PXToolsLoginBackground.png HTTP/1.1" 200 1164
186.103.159.183 - - [04/Apr/2017:16:08:03 -0300] "GET /cormun/static/Resources/PXToolsButtonLeft21.png HTTP/1.1" 200 1287
186.103.159.183 - - [04/Apr/2017:16:08:03 -0300] "GET /cormun/static/Resources/PXToolsButtonBackground2.png HTTP/1.1" 200 1181
186.103.159.183 - - [04/Apr/2017:16:08:03 -0300] "GET /cormun/static/Resources/PXToolsButtonRight21.png HTTP/1.1" 200 1283
186.103.159.183 - - [04/Apr/2017:16:08:03 -0300] "GET /cormun/static/Resources/PXToolsLoginBottom.png HTTP/1.1" 200 1389
186.103.159.183 - - [04/Apr/2017:16:08:04 -0300] "GET /favicon.ico HTTP/1.1" 200 21630
186.103.159.183 - - [04/Apr/2017:16:08:04 -0300] "GET /cormun/static/Resources/indicator.gif HTTP/1.1" 200 1553
186.103.159.183 - - [04/Apr/2017:16:08:04 -0300] "GET /cormun/servlet/hlogin HTTP/1.1" 200 1734
192.168.10.96 - - [04/Apr/2017:16:08:05 -0300] "GET /cormun/servlet/trpermisosgoce? HTTP/1.1" 200 7298
192.168.10.96 - - [04/Apr/2017:16:08:05 -0300] "GET /cormun/servlet/trpermisosgoce? HTTP/1.1" 200 7276
192.168.10.96 - - [04/Apr/2017:16:08:09 -0300] "POST /cormun/servlet/trpermisosgoce?3b9f3a2c6b7d808a21842922d82db94b,,gx-no-cache=1491336165990 HTTP/1.1" 200 5558
192.168.10.96 - - [04/Apr/2017:16:08:14 -0300] "GET /cormun/servlet/permisogoce?DLT,13694232,P,20170328092301, HTTP/1.1" 200 6476
192.168.10.96 - - [04/Apr/2017:16:08:14 -0300] "GET /cormun/static/Shared/jqueryui/images/ui-bg_highlight-soft_100_c6c2c8_1x100.png HTTP/1.1" 404 1117
192.168.10.96 - - [04/Apr/2017:16:08:14 -0300] "GET /cormun/static/Shared/jqueryui/images/ui-icons_82798d_256x240.png HTTP/1.1" 404 1089
192.168.10.96 - - [04/Apr/2017:16:08:14 -0300] "GET /cormun/static/Shared/jqueryui/images/ui-icons_8d78a5_256x240.png HTTP/1.1" 404 1089
192.168.10.96 - - [04/Apr/2017:16:08:14 -0300] "GET /cormun/static/Shared/jqueryui/images/ui-bg_flat_55_fafafa_40x100.png HTTP/1.1" 404 1097
192.168.10.96 - - [04/Apr/2017:16:08:14 -0300] "GET /cormun/servlet/permisogoce?DLT,13694232,P,20170328092301, HTTP/1.1" 200 6477
192.168.10.96 - - [04/Apr/2017:16:08:15 -0300] "POST /cormun/servlet/permisogoce?3b9f3a2c6b7d808a21842922d82db94b,DLT,13694232,P,20170328092301,,gx-no-cache=1491336172710 HTTP/1.1" 200 4223
192.168.10.96 - - [04/Apr/2017:16:08:16 -0300] "GET /cormun/static/Shared/jqueryui/images/ui-icons_ebccce_256x240.png HTTP/1.1" 404 1089
192.168.10.96 - - [04/Apr/2017:16:08:16 -0300] "GET /cormun/static/Shared/jqueryui/images/ui-bg_flat_55_994d53_40x100.png HTTP/1.1" 404 1097
186.103.159.183 - - [04/Apr/2017:16:08:16 -0300] "POST /cormun/servlet/hlogin?b791b6e293f3fdd45e003d32d701bb27,gx-no-cache=1491332968817 HTTP/1.1" 200 90
186.103.159.183 - - [04/Apr/2017:16:08:16 -0300] "GET /cormun/servlet/hpexe_link HTTP/1.1" 200 954
186.103.159.183 - - [04/Apr/2017:16:08:16 -0300] "GET /cormun/static/gxcfg.js?201731711483381 HTTP/1.1" 200 953
186.103.159.183 - - [04/Apr/2017:16:08:16 -0300] "GET /cormun/static/hpexe_link.js?201731711483384 HTTP/1.1" 200 625
186.103.159.183 - - [04/Apr/2017:16:08:16 -0300] "GET /cormun/servlet/hhome HTTP/1.1" 200 3997
186.103.159.183 - - [04/Apr/2017:16:08:16 -0300] "GET /cormun/static/Shared/jqueryui/jquery-ui.min.css?1245370 HTTP/1.1" 200 30288
186.103.159.183 - - [04/Apr/2017:16:08:17 -0300] "GET /cormun/static/SmoothNavMenu/resources/ddsmoothmenu-v.css?1012540 HTTP/1.1" 200 1188
186.103.159.183 - - [04/Apr/2017:16:08:17 -0300] "GET /cormun/static/SmoothNavMenu/resources/ddsmoothmenu.css?1012540 HTTP/1.1" 200 2223
186.103.159.183 - - [04/Apr/2017:16:08:17 -0300] "GET /cormun/static/PXToolsJavascripts/pexe_cookies.js HTTP/1.1" 200 792
186.103.159.183 - - [04/Apr/2017:16:08:17 -0300] "GET /cormun/static/PXToolsJavascripts/pexe_windows.js HTTP/1.1" 200 15207
186.103.159.183 - - [04/Apr/2017:16:08:17 -0300] "GET /cormun/static/PXToolsJavascripts/pexe_grid.js HTTP/1.1" 200 7559
186.103.159.183 - - [04/Apr/2017:16:08:17 -0300] "GET /cormun/static/PXToolsJavascripts/pexe_griddivfix.js HTTP/1.1" 200 6644
186.103.159.183 - - [04/Apr/2017:16:08:17 -0300] "GET /cormun/static/PXToolsJavascripts/pexe_link.js HTTP/1.1" 200 5671
186.103.159.183 - - [04/Apr/2017:16:08:17 -0300] "GET /cormun/static/PXToolsJavascripts/pexe_menudivfix.js HTTP/1.1" 200 333
186.103.159.183 - - [04/Apr/2017:16:08:17 -0300] "GET /cormun/static/PXToolsJavascripts/pexe_layers.js HTTP/1.1" 200 4114
186.103.159.183 - - [04/Apr/2017:16:08:17 -0300] "GET /cormun/static/scaMessage/css/jquery.pnotify.default.css?1716380 HTTP/1.1" 200 1707
186.103.159.183 - - [04/Apr/2017:16:08:17 -0300] "GET /cormun/static/PXToolsJavascripts/pexe_autoreload.js HTTP/1.1" 200 1762
186.103.159.183 - - [04/Apr/2017:16:08:17 -0300] "GET /cormun/static/gxcfg.js?201731711483497 HTTP/1.1" 200 953
186.103.159.183 - - [04/Apr/2017:16:08:17 -0300] "GET /cormun/static/PXToolsJavascripts/pexe_oavdivfix.js HTTP/1.1" 200 639
186.103.159.183 - - [04/Apr/2017:16:08:17 -0300] "GET /cormun/static/PXToolsJavascripts/pexe_picture.js HTTP/1.1" 200 689
186.103.159.183 - - [04/Apr/2017:16:08:17 -0300] "GET /cormun/static/PXToolsJavascripts/pexe_tabdivfix.js HTTP/1.1" 200 876
186.103.159.183 - - [04/Apr/2017:16:08:17 -0300] "GET /cormun/static/PXToolsJavascripts/pexe_tabs.js HTTP/1.1" 200 3748
186.103.159.183 - - [04/Apr/2017:16:08:17 -0300] "GET /cormun/static/PXToolsJavascripts/pexe_upload.js HTTP/1.1" 200 1423
186.103.159.183 - - [04/Apr/2017:16:08:17 -0300] "GET /cormun/static/PXToolsJavascripts/PXToolsJavascriptsRender.js HTTP/1.1" 200 367
186.103.159.183 - - [04/Apr/2017:16:08:17 -0300] "GET /cormun/static/PXToolsJavascripts/pexe_menus.js HTTP/1.1" 200 1286
186.103.159.183 - - [04/Apr/2017:16:08:17 -0300] "GET /cormun/static/RunJS/RunJS.js HTTP/1.1" 200 288
186.103.159.183 - - [04/Apr/2017:16:08:17 -0300] "GET /cormun/static/PXToolsJavascripts/pexe_oav.js HTTP/1.1" 200 645
186.103.159.183 - - [04/Apr/2017:16:08:17 -0300] "GET /cormun/static/Shared/ext/locale/ext-lang-en.js HTTP/1.1" 200 10940
186.103.159.183 - - [04/Apr/2017:16:08:17 -0300] "GET /cormun/static/hwchdr01.js?201731711335950 HTTP/1.1" 200 1183
186.103.159.183 - - [04/Apr/2017:16:08:17 -0300] "GET /cormun/static/hpexe_recentlink.js?201610171694390 HTTP/1.1" 200 2144
186.103.159.183 - - [04/Apr/2017:16:08:17 -0300] "GET /cormun/static/hhome.js?20173171148352 HTTP/1.1" 200 777
186.103.159.183 - - [04/Apr/2017:16:08:17 -0300] "GET /cormun/static/hpexe_scripts.js?201731711335890 HTTP/1.1" 200 1544
186.103.159.183 - - [04/Apr/2017:16:08:17 -0300] "GET /cormun/static/hpexe_messagecontroller.js?201610171694323 HTTP/1.1" 200 870
186.103.159.183 - - [04/Apr/2017:16:08:17 -0300] "GET /cormun/static/hpexe_messagepopupcomponent.js?20161017169425 HTTP/1.1" 200 605
186.103.159.183 - - [04/Apr/2017:16:08:18 -0300] "GET /cormun/static/hpexe_messagegenexuscomponent.js?201731711335537 HTTP/1.1" 200 587
186.103.159.183 - - [04/Apr/2017:16:08:18 -0300] "GET /cormun/static/cmcontrolpreferences.js?201731711335852 HTTP/1.1" 200 1375
186.103.159.183 - - [04/Apr/2017:16:08:18 -0300] "GET /cormun/static/Shared/jquery/jquery-1.4.2.min.js HTTP/1.1" 200 72174
186.103.159.183 - - [04/Apr/2017:16:08:18 -0300] "GET /cormun/static/PXToolsJavascripts/pexe_popup.js HTTP/1.1" 200 13458
186.103.159.183 - - [04/Apr/2017:16:08:18 -0300] "GET /cormun/static/PXToolsJavascripts/pexe_scrolldiv.js HTTP/1.1" 200 4138
186.103.159.183 - - [04/Apr/2017:16:08:18 -0300] "GET /cormun/static/Shared/ext/ext-all.js HTTP/1.1" 200 1289687
186.103.159.183 - - [04/Apr/2017:16:08:18 -0300] "GET /cormun/static/Resources/logo4.png HTTP/1.1" 200 6582
186.103.159.183 - - [04/Apr/2017:16:08:18 -0300] "GET /cormun/static/Shared/jqueryui/jquery-ui.min.js HTTP/1.1" 200 240427
186.103.159.183 - - [04/Apr/2017:16:08:18 -0300] "GET /cormun/static/gxui/gxui-all.js HTTP/1.1" 200 107772
186.103.159.183 - - [04/Apr/2017:16:08:18 -0300] "GET /cormun/static/Resources/PXToolsHeaderBackground2.png HTTP/1.1" 200 1174
186.103.159.183 - - [04/Apr/2017:16:08:18 -0300] "GET /cormun/static/Resources/PXToolsFooterBackground2.png HTTP/1.1" 200 1172
186.103.159.183 - - [04/Apr/2017:16:08:18 -0300] "GET /cormun/static/Resources/PXToolsHeaderActionsBackground.png HTTP/1.1" 200 484
186.103.159.183 - - [04/Apr/2017:16:08:18 -0300] "GET /cormun/static/Resources/PXToolsDataTitle.png HTTP/1.1" 200 1173
186.103.159.183 - - [04/Apr/2017:16:08:18 -0300] "GET /cormun/static/Resources/PXToolsHeaderActionsLeft.png HTTP/1.1" 200 1118
186.103.159.183 - - [04/Apr/2017:16:08:18 -0300] "GET /cormun/static/Resources/PXToolsHeaderHome.png HTTP/1.1" 200 4147
186.103.159.183 - - [04/Apr/2017:16:08:18 -0300] "GET /cormun/static/Resources/PXToolsHeaderLogin.png HTTP/1.1" 200 4279
186.103.159.183 - - [04/Apr/2017:16:08:18 -0300] "GET /cormun/static/Resources/PXToolsHeaderPreferences.png HTTP/1.1" 200 4189
186.103.159.183 - - [04/Apr/2017:16:08:18 -0300] "GET /cormun/static/Resources/PXToolsHeaderActionsRight.png HTTP/1.1" 200 1201
186.103.159.183 - - [04/Apr/2017:16:08:18 -0300] "GET /cormun/static/SmoothNavMenu/resources/ddsmoothmenu.js HTTP/1.1" 200 12712
186.103.159.183 - - [04/Apr/2017:16:08:18 -0300] "GET /cormun/static/scaMessage/js/jquery.pnotify.min.js HTTP/1.1" 200 13038
186.103.159.183 - - [04/Apr/2017:16:08:18 -0300] "GET /cormun/static/scaMessage/scaMessageRender.js HTTP/1.1" 200 11977
186.103.159.183 - - [04/Apr/2017:16:08:19 -0300] "GET /cormun/static/hmpwkw03.js?201731711485354 HTTP/1.1" 200 3965
186.103.159.183 - - [04/Apr/2017:16:08:19 -0300] "GET /cormun/static/Resources/PXToolsHeaderSecurity.png HTTP/1.1" 200 4166
186.103.159.183 - - [04/Apr/2017:16:08:19 -0300] "GET /cormun/static/Shared/jquery/jquery-1.10.2.min.js HTTP/1.1" 200 273199
186.103.159.183 - - [04/Apr/2017:16:08:19 -0300] "GET /cormun/static/SmoothNavMenu/resources/SmoothNavMenuRender.js HTTP/1.1" 200 5951
186.103.159.183 - - [04/Apr/2017:16:08:19 -0300] "GET /cormun/static/SmoothNavMenu/resources/images/down.gif HTTP/1.1" 200 854
192.168.10.96 - - [04/Apr/2017:16:08:19 -0300] "POST /cormun/servlet/permisogoce?3b9f3a2c6b7d808a21842922d82db94b,DLT,13694232,P,20170328092301,,gx-no-cache=1491336176460 HTTP/1.1" 200 90
186.103.159.183 - - [04/Apr/2017:16:08:19 -0300] "GET /cormun/servlet/hhome HTTP/1.1" 200 3993
186.103.159.183 - - [04/Apr/2017:16:08:19 -0300] "GET /cormun/static/SmoothNavMenu/resources/images/right.gif HTTP/1.1" 200 860
192.168.10.96 - - [04/Apr/2017:16:08:19 -0300] "GET /cormun/servlet/hpexe_link HTTP/1.1" 200 987
192.168.10.96 - - [04/Apr/2017:16:08:19 -0300] "GET /cormun/servlet/trpermisosgoce? HTTP/1.1" 200 8184
192.168.10.96 - - [04/Apr/2017:16:08:20 -0300] "GET /cormun/servlet/trpermisosgoce? HTTP/1.1" 200 8183
192.168.10.13 - - [04/Apr/2017:16:08:25 -0300] "GET / HTTP/1.1" 200 11217
192.168.10.96 - - [04/Apr/2017:16:08:41 -0300] "POST /cormun/servlet/trpermisosgoce?3b9f3a2c6b7d808a21842922d82db94b,,gx-no-cache=1491336198112 HTTP/1.1" 200 5529
192.168.10.96 - - [04/Apr/2017:16:08:45 -0300] "POST /cormun/servlet/trpermisosgoce?3b9f3a2c6b7d808a21842922d82db94b,,gx-no-cache=1491336202159 HTTP/1.1" 200 4643
200.73.230.173 - - [04/Apr/2017:16:08:46 -0300] "POST /cormun/servlet/atrazos?9c76ffc0d7de1049d8fe59e217195757,INS,0,,gx-no-cache=1491332992522 HTTP/1.1" 200 93
200.73.230.173 - - [04/Apr/2017:16:08:47 -0300] "GET /cormun/servlet/hpexe_return? HTTP/1.1" 200 1004
200.73.230.173 - - [04/Apr/2017:16:08:47 -0300] "GET /cormun/servlet/tratrazos HTTP/1.1" 200 10074
200.73.230.173 - - [04/Apr/2017:16:08:48 -0300] "GET /cormun/servlet/tratrazos HTTP/1.1" 200 10070
192.168.10.96 - - [04/Apr/2017:16:08:50 -0300] "POST /cormun/servlet/trpermisosgoce?3b9f3a2c6b7d808a21842922d82db94b,,gx-no-cache=1491336207411 HTTP/1.1" 200 4620
192.168.10.96 - - [04/Apr/2017:16:08:52 -0300] "GET /cormun/servlet/hlogin HTTP/1.1" 200 1745
192.168.10.96 - - [04/Apr/2017:16:09:02 -0300] "POST /cormun/servlet/hlogin?3b9f3a2c6b7d808a21842922d82db94b,gx-no-cache=1491336219537 HTTP/1.1" 200 90
192.168.10.96 - - [04/Apr/2017:16:09:02 -0300] "GET /cormun/servlet/hpexe_link HTTP/1.1" 200 954
192.168.10.96 - - [04/Apr/2017:16:09:02 -0300] "GET /cormun/servlet/hhome HTTP/1.1" 200 4261
192.168.10.96 - - [04/Apr/2017:16:09:03 -0300] "GET /cormun/servlet/hhome HTTP/1.1" 200 4257
192.168.10.96 - - [04/Apr/2017:16:09:05 -0300] "GET /cormun/servlet/trpermisosgeneralesgoce? HTTP/1.1" 200 11565
192.168.10.96 - - [04/Apr/2017:16:09:05 -0300] "GET /cormun/servlet/trpermisosgeneralesgoce? HTTP/1.1" 200 11563
192.168.10.96 - - [04/Apr/2017:16:09:13 -0300] "POST /cormun/servlet/trpermisosgeneralesgoce?3b9f3a2c6b7d808a21842922d82db94b,,gx-no-cache=1491336229751 HTTP/1.1" 200 9909
192.168.10.96 - - [04/Apr/2017:16:09:16 -0300] "POST /cormun/servlet/trpermisosgeneralesgoce?3b9f3a2c6b7d808a21842922d82db94b,,gx-no-cache=1491336232867 HTTP/1.1" 200 13452
192.168.10.96 - - [04/Apr/2017:16:09:19 -0300] "POST /cormun/servlet/trpermisosgeneralesgoce?3b9f3a2c6b7d808a21842922d82db94b,,gx-no-cache=1491336236253 HTTP/1.1" 200 6537
192.168.10.13 - - [04/Apr/2017:16:09:25 -0300] "GET / HTTP/1.1" 200 11217
192.168.10.96 - - [04/Apr/2017:16:09:35 -0300] "POST /cormun/servlet/trpermisosgeneralesgoce?3b9f3a2c6b7d808a21842922d82db94b,,gx-no-cache=1491336251484 HTTP/1.1" 200 13452
192.168.10.96 - - [04/Apr/2017:16:09:39 -0300] "GET /cormun/servlet/trconsultaempleado? HTTP/1.1" 200 6697
192.168.10.96 - - [04/Apr/2017:16:09:39 -0300] "GET /cormun/servlet/trconsultaempleado? HTTP/1.1" 200 6697
186.103.159.183 - - [04/Apr/2017:16:09:48 -0300] "GET /cormun/servlet/trsolicitudot? HTTP/1.1" 200 6965
186.103.159.183 - - [04/Apr/2017:16:09:48 -0300] "GET /cormun/static/gxui/gxui-all.css?110300 HTTP/1.1" 200 2179
186.103.159.183 - - [04/Apr/2017:16:09:48 -0300] "GET /cormun/static/calendar-system.css?75620 HTTP/1.1" 200 5572
186.103.159.183 - - [04/Apr/2017:16:09:48 -0300] "GET /cormun/static/gxcfg.js?201731711505139 HTTP/1.1" 200 953
186.103.159.183 - - [04/Apr/2017:16:09:48 -0300] "GET /cormun/static/calendar-setup.js?85251 HTTP/1.1" 200 2588
186.103.159.183 - - [04/Apr/2017:16:09:48 -0300] "GET /cormun/static/calendar.js?85251 HTTP/1.1" 200 26246
186.103.159.183 - - [04/Apr/2017:16:09:48 -0300] "GET /cormun/static/calendar-es.js?85251 HTTP/1.1" 200 1901
186.103.159.183 - - [04/Apr/2017:16:09:48 -0300] "GET /cormun/static/gxdec.js?85251 HTTP/1.1" 200 19579
186.103.159.183 - - [04/Apr/2017:16:09:48 -0300] "GET /cormun/static/trsolicitudot.js?20173171151116 HTTP/1.1" 200 53117
186.103.159.183 - - [04/Apr/2017:16:09:49 -0300] "GET /cormun/static/Shared/ext/resources/css/ext-all.css?205870 HTTP/1.1" 200 416045
186.103.159.183 - - [04/Apr/2017:16:09:49 -0300] "GET /cormun/static/Resources/PXToolsGridNew.png HTTP/1.1" 200 2949
186.103.159.183 - - [04/Apr/2017:16:09:49 -0300] "GET /cormun/static/Resources/PXTools/calendar.png HTTP/1.1" 200 1306
186.103.159.183 - - [04/Apr/2017:16:09:50 -0300] "GET /cormun/static/Resources/PXToolsDataSearch.png HTTP/1.1" 200 419
186.103.159.183 - - [04/Apr/2017:16:09:50 -0300] "GET /cormun/static/Resources/PXToolsGridPreviousDisabled.gif HTTP/1.1" 200 90
186.103.159.183 - - [04/Apr/2017:16:09:50 -0300] "GET /cormun/static/Resources/PXToolsGridNextDisabled.gif HTTP/1.1" 200 90
186.103.159.183 - - [04/Apr/2017:16:09:50 -0300] "GET /cormun/static/Resources/PXToolsGridFirstDisabled.gif HTTP/1.1" 200 100
186.103.159.183 - - [04/Apr/2017:16:09:50 -0300] "GET /cormun/static/Resources/PXToolsGridLastDisabled.gif HTTP/1.1" 200 98
186.103.159.183 - - [04/Apr/2017:16:09:50 -0300] "GET /cormun/static/Resources/PXToolsGridPage.gif HTTP/1.1" 200 725
186.103.159.183 - - [04/Apr/2017:16:09:50 -0300] "GET /cormun/static/Resources/PXToolsActionExcel.png HTTP/1.1" 200 3187
186.103.159.183 - - [04/Apr/2017:16:09:50 -0300] "GET /cormun/static/Resources/asc.gif HTTP/1.1" 200 67
186.103.159.183 - - [04/Apr/2017:16:09:50 -0300] "GET /cormun/static/Resources/desc.gif HTTP/1.1" 200 65
186.103.159.183 - - [04/Apr/2017:16:09:50 -0300] "GET /cormun/static/Resources/asc.gif HTTP/1.1" 200 67
186.103.159.183 - - [04/Apr/2017:16:09:50 -0300] "GET /cormun/static/Resources/desc.gif HTTP/1.1" 200 65
186.103.159.183 - - [04/Apr/2017:16:09:50 -0300] "GET /cormun/static/Resources/asc.gif HTTP/1.1" 200 67
186.103.159.183 - - [04/Apr/2017:16:09:50 -0300] "GET /cormun/static/Resources/desc.gif HTTP/1.1" 200 65
186.103.159.183 - - [04/Apr/2017:16:09:50 -0300] "GET /cormun/static/Resources/asc.gif HTTP/1.1" 200 67
186.103.159.183 - - [04/Apr/2017:16:09:50 -0300] "GET /cormun/static/Resources/desc.gif HTTP/1.1" 200 65
186.103.159.183 - - [04/Apr/2017:16:09:50 -0300] "GET /cormun/static/Resources/asc.gif HTTP/1.1" 200 67
186.103.159.183 - - [04/Apr/2017:16:09:50 -0300] "GET /cormun/static/Resources/desc.gif HTTP/1.1" 200 65
186.103.159.183 - - [04/Apr/2017:16:09:50 -0300] "GET /cormun/static/Resources/desc.gif HTTP/1.1" 200 65
186.103.159.183 - - [04/Apr/2017:16:09:50 -0300] "GET /cormun/static/Resources/asc.gif HTTP/1.1" 200 67
186.103.159.183 - - [04/Apr/2017:16:09:50 -0300] "GET /cormun/static/Resources/asc.gif HTTP/1.1" 200 67
186.103.159.183 - - [04/Apr/2017:16:09:50 -0300] "GET /cormun/static/Resources/desc.gif HTTP/1.1" 200 65
186.103.159.183 - - [04/Apr/2017:16:09:50 -0300] "GET /cormun/servlet/trsolicitudot? HTTP/1.1" 200 6964
186.103.159.183 - - [04/Apr/2017:16:09:50 -0300] "GET /cormun/static/Shared/ext/resources/themes/images/default/panel/bg-headersPanel.png HTTP/1.1" 200 255
186.103.159.183 - - [04/Apr/2017:16:09:50 -0300] "GET /cormun/static/Shared/ext/resources/themes/images/default/tools/tool-sprites.gif HTTP/1.1" 200 5434
186.103.159.183 - - [04/Apr/2017:16:09:52 -0300] "GET /cormun/servlet/solicitudot?INS,0,0, HTTP/1.1" 200 12797
186.103.159.183 - - [04/Apr/2017:16:09:52 -0300] "GET /cormun/static/calendar-system.css?85620 HTTP/1.1" 200 5572
186.103.159.183 - - [04/Apr/2017:16:09:52 -0300] "GET /cormun/static/gxcfg.js?20171191042720 HTTP/1.1" 200 953
186.103.159.183 - - [04/Apr/2017:16:09:52 -0300] "GET /cormun/static/solicitudot.js?2017119104297 HTTP/1.1" 200 63948
186.103.159.183 - - [04/Apr/2017:16:09:52 -0300] "GET /cormun/static/Resources/Spanish/PXTools.css?18365030 HTTP/1.1" 200 89042
186.103.159.183 - - [04/Apr/2017:16:09:52 -0300] "GET /cormun/static/Resources/prompt.gif HTTP/1.1" 200 902
186.103.159.183 - - [04/Apr/2017:16:09:53 -0300] "GET /cormun/servlet/solicitudot?INS,0,0, HTTP/1.1" 200 12802
186.103.159.183 - - [04/Apr/2017:16:10:17 -0300] "POST /cormun/servlet/solicitudot?gx-no-cache=1491333089271 HTTP/1.1" 200 3081
186.103.159.183 - - [04/Apr/2017:16:10:17 -0300] "POST /cormun/servlet/solicitudot?b791b6e293f3fdd45e003d32d701bb27,INS,0,0,,gx-no-cache=1491333089633 HTTP/1.1" 200 9868
186.103.159.183 - - [04/Apr/2017:16:10:18 -0300] "GET /cormun/servlet/solicitudot?b12a1d1dc0c67124b911fc0521407a9f183b5d4b1f8d9784d54255a3aed84367bb1ccb61809d4f0cc82612f9cb0df041,gx-no-cache=1491333091043 HTTP/1.1" 200 30
192.168.10.13 - - [04/Apr/2017:16:10:25 -0300] "GET / HTTP/1.1" 200 11217
200.73.230.173 - - [04/Apr/2017:16:11:07 -0300] "GET /cormun/servlet/atrazos?INS,0, HTTP/1.1" 200 6541
200.73.230.173 - - [04/Apr/2017:16:11:08 -0300] "GET /cormun/servlet/atrazos?INS,0, HTTP/1.1" 200 6541
200.73.230.173 - - [04/Apr/2017:16:11:17 -0300] "GET /cormun/servlet/prfichaempleado?,MD,,gxPopupLevel%3D0%3B HTTP/1.1" 200 8837
192.168.10.96 - - [04/Apr/2017:16:11:23 -0300] "GET /cormun/servlet/trsolicitudnombre?15799324, HTTP/1.1" 200 7609
192.168.10.96 - - [04/Apr/2017:16:11:23 -0300] "GET /cormun/servlet/trsolicitudnombre?15799324, HTTP/1.1" 200 7612
192.168.10.13 - - [04/Apr/2017:16:11:25 -0300] "GET / HTTP/1.1" 200 11217
192.168.10.96 - - [04/Apr/2017:16:11:25 -0300] "GET /cormun/servlet/vesolicitudnombre?2017,4831,, HTTP/1.1" 200 8536
192.168.10.96 - - [04/Apr/2017:16:11:25 -0300] "GET /cormun/pexe_scrolldiv.js HTTP/1.1" 404 1009
192.168.10.96 - - [04/Apr/2017:16:11:25 -0300] "GET /cormun/pexe_scrolldiv.js HTTP/1.1" 404 1009
192.168.10.96 - - [04/Apr/2017:16:11:25 -0300] "GET /cormun/servlet/vesolicitudnombre?2017,4831,, HTTP/1.1" 200 8531
200.73.230.173 - - [04/Apr/2017:16:11:27 -0300] "POST /cormun/servlet/prfichaempleado?9c76ffc0d7de1049d8fe59e217195757,,MD,,gxPopupLevel%3D0%3B,gx-no-cache=1491333152804 HTTP/1.1" 200 3396
192.168.10.96 - - [04/Apr/2017:16:11:28 -0300] "GET /cormun/servlet/vesolicitudnombre?2017,4831,,SolicitudOTAdjuntos HTTP/1.1" 200 10583
192.168.10.96 - - [04/Apr/2017:16:11:28 -0300] "GET /cormun/pexe_scrolldiv.js HTTP/1.1" 404 1009
192.168.10.96 - - [04/Apr/2017:16:11:28 -0300] "GET /cormun/pexe_scrolldiv.js HTTP/1.1" 404 1009
192.168.10.96 - - [04/Apr/2017:16:11:30 -0300] "GET /cormun/servlet/vesolicitudnombre?2017,4831,,SolicitudOTAdjuntos HTTP/1.1" 200 10589
192.168.10.96 - - [04/Apr/2017:16:11:30 -0300] "POST /cormun/servlet/acontrolpreferencessavestate?None,DZAMUDIO,true HTTP/1.1" 200 35
200.73.230.173 - - [04/Apr/2017:16:11:30 -0300] "GET /cormun/servlet/atrazos?848119886bd1b97547c80f5dc1e433927e9c4c8b90cdd1e82a88f6ae712398085dd4ab78cf32803416395ebc74282925,gx-no-cache=1491333156262 HTTP/1.1" 200 67
200.73.230.173 - - [04/Apr/2017:16:11:30 -0300] "GET /cormun/static/menuarrow.gif HTTP/1.1" 404 1015
