201.246.238.177 - - [04/Apr/2017:14:49:22 -0300] "GET /cormun/servlet/hpexe_link HTTP/1.1" 200 974
201.246.238.177 - - [04/Apr/2017:14:49:23 -0300] "GET /cormun/servlet/trautorizarsolicitud HTTP/1.1" 200 8117
201.246.238.177 - - [04/Apr/2017:14:49:25 -0300] "GET /cormun/servlet/trautorizarsolicitud HTTP/1.1" 200 8115
192.168.10.13 - - [04/Apr/2017:14:49:25 -0300] "GET / HTTP/1.1" 200 11217
186.103.159.46 - - [04/Apr/2017:14:49:39 -0300] "GET /cormun/servlet/trpermisosgoce? HTTP/1.1" 200 12616
186.103.159.46 - - [04/Apr/2017:14:49:41 -0300] "GET /cormun/servlet/trpermisosgoce? HTTP/1.1" 200 12643
201.246.238.177 - - [04/Apr/2017:14:49:57 -0300] "POST /cormun/servlet/trautorizarsolicitud?3708ecc754e230baef8705809172f9a0,gx-no-cache=1491328273009 HTTP/1.1" 200 4327
201.246.238.177 - - [04/Apr/2017:14:49:57 -0300] "GET /cormun/static/Shared/jqueryui/images/ui-bg_highlight-soft_100_c6c2c8_1x100.png HTTP/1.1" 404 1117
201.246.238.177 - - [04/Apr/2017:14:49:57 -0300] "GET /cormun/static/Shared/jqueryui/images/ui-icons_82798d_256x240.png HTTP/1.1" 404 1089
201.246.238.177 - - [04/Apr/2017:14:49:57 -0300] "GET /cormun/static/Shared/jqueryui/images/ui-bg_flat_55_fafafa_40x100.png HTTP/1.1" 404 1097
201.246.238.177 - - [04/Apr/2017:14:49:57 -0300] "GET /cormun/static/Shared/jqueryui/images/ui-icons_8d78a5_256x240.png HTTP/1.1" 404 1089
201.246.238.177 - - [04/Apr/2017:14:49:58 -0300] "POST /cormun/servlet/trautorizarsolicitud?3708ecc754e230baef8705809172f9a0,gx-no-cache=1491328273806 HTTP/1.1" 200 4108
201.246.238.177 - - [04/Apr/2017:14:50:14 -0300] "GET /cormun/static/menuarrow.gif HTTP/1.1" 404 1015
201.246.238.177 - - [04/Apr/2017:14:50:18 -0300] "POST /cormun/servlet/trautorizarsolicitud?3708ecc754e230baef8705809172f9a0,gx-no-cache=1491328294226 HTTP/1.1" 200 6581
192.168.10.13 - - [04/Apr/2017:14:50:25 -0300] "GET / HTTP/1.1" 200 11217
192.168.10.13 - - [04/Apr/2017:14:51:25 -0300] "GET / HTTP/1.1" 200 11217
192.168.10.13 - - [04/Apr/2017:14:52:25 -0300] "GET / HTTP/1.1" 200 11217
192.168.10.13 - - [04/Apr/2017:14:53:25 -0300] "GET / HTTP/1.1" 200 11217
192.168.10.13 - - [04/Apr/2017:14:54:25 -0300] "GET / HTTP/1.1" 200 11217
192.168.10.13 - - [04/Apr/2017:14:55:25 -0300] "GET / HTTP/1.1" 200 11217
192.168.10.13 - - [04/Apr/2017:14:56:25 -0300] "GET / HTTP/1.1" 200 11217
192.168.10.13 - - [04/Apr/2017:14:57:25 -0300] "GET / HTTP/1.1" 200 11217
192.168.10.13 - - [04/Apr/2017:14:58:25 -0300] "GET / HTTP/1.1" 200 11217
192.168.10.13 - - [04/Apr/2017:14:59:25 -0300] "GET / HTTP/1.1" 200 11217
192.168.10.13 - - [04/Apr/2017:15:00:25 -0300] "GET / HTTP/1.1" 200 11217
192.168.10.13 - - [04/Apr/2017:15:01:25 -0300] "GET / HTTP/1.1" 200 11217
192.168.10.13 - - [04/Apr/2017:15:02:25 -0300] "GET / HTTP/1.1" 200 11217
192.168.10.13 - - [04/Apr/2017:15:03:25 -0300] "GET / HTTP/1.1" 200 11217
157.55.39.113 - - [04/Apr/2017:15:03:52 -0300] "GET /robots.txt HTTP/1.1" 404 981
192.168.10.13 - - [04/Apr/2017:15:04:25 -0300] "GET / HTTP/1.1" 200 11217
192.168.10.13 - - [04/Apr/2017:15:05:25 -0300] "GET / HTTP/1.1" 200 11217
192.168.10.13 - - [04/Apr/2017:15:06:25 -0300] "GET / HTTP/1.1" 200 11217
192.168.10.13 - - [04/Apr/2017:15:07:25 -0300] "GET / HTTP/1.1" 200 11217
192.168.10.13 - - [04/Apr/2017:15:08:25 -0300] "GET / HTTP/1.1" 200 11217
192.168.10.13 - - [04/Apr/2017:15:09:25 -0300] "GET / HTTP/1.1" 200 11217
186.103.158.250 - - [04/Apr/2017:15:09:31 -0300] "GET /cormun/servlet/hlogin HTTP/1.1" 200 1721
186.103.158.250 - - [04/Apr/2017:15:09:31 -0300] "GET /cormun/static/gxcfg.js?201731711485472 HTTP/1.1" 304 -
186.103.158.250 - - [04/Apr/2017:15:09:32 -0300] "GET /cormun/servlet/hlogin HTTP/1.1" 200 1731
192.168.10.13 - - [04/Apr/2017:15:10:25 -0300] "GET / HTTP/1.1" 200 11217
201.214.54.252 - - [04/Apr/2017:15:11:05 -0300] "POST /cormun/servlet/solicitudot?gx-no-cache=1491329532995 HTTP/1.1" 440 972
192.168.10.13 - - [04/Apr/2017:15:11:25 -0300] "GET / HTTP/1.1" 200 11217
201.214.54.252 - - [04/Apr/2017:15:11:46 -0300] "GET /cormun/servlet/solicitudot?233cfa9ccb0833ff53b6a5aa991fec4e10c6462a441fed38e92568bc7cd801616b285e5b1e7da240f69aa453a44bdde50c97da39d6c6facbf5bacbd601a527d50b2754c78f702e4787231e5e475894507e81c2f5b785487378d5c57c052f63b78120e37bf6e6027da89575fb5990136d8152f7bd214c336693b3267279f8f802e5731df3e48b8fd11f9cc93c191bd31b8395dd1470520c835c1d12a9b7a7f0c611dd570aa361b1aa3f81da7b8cc56b170bc18a312eb0da9d1f13db8b95e715b0f03a33df844e60db6e3311adfb6b2949e05c76ab3a6c9fe7f6c50e35fd8a7205363bfbaaa6f8023ac4573e4dff567d4830a3b0cc2100386a471e55d24b821e068942c18e8bea0333ce7070ec16e80e649787d20a1c39d1cbad1e216b75bf58d3a0298a28cf59df3b43347bfac96a03a0f80f6a6d8a5ec27c5447aba8c0bc5cb16cb0d20cb62e639a5659133116b1e04e,gx-no-cache=1491329574792 HTTP/1.1" 440 972
201.214.54.252 - - [04/Apr/2017:15:11:48 -0300] "POST /cormun/servlet/solicitudot?gx-no-cache=1491329576536 HTTP/1.1" 440 972
201.214.54.252 - - [04/Apr/2017:15:11:51 -0300] "POST /cormun/servlet/solicitudot?gx-no-cache=1491329579218 HTTP/1.1" 440 972
201.214.54.252 - - [04/Apr/2017:15:12:00 -0300] "POST /cormun/servlet/solicitudot?gx-no-cache=1491329588438 HTTP/1.1" 440 972
201.214.54.252 - - [04/Apr/2017:15:12:01 -0300] "GET /cormun/servlet/solicitudot?INS,0,0, HTTP/1.1" 200 11948
201.214.54.252 - - [04/Apr/2017:15:12:01 -0300] "GET /cormun/static/calendar-system.css?85620 HTTP/1.1" 200 5572
201.214.54.252 - - [04/Apr/2017:15:12:01 -0300] "GET /cormun/static/Resources/Spanish/PXTools.css?18365030 HTTP/1.1" 200 89042
201.214.54.252 - - [04/Apr/2017:15:12:03 -0300] "GET /cormun/servlet/hlogin HTTP/1.1" 200 1744
201.214.54.252 - - [04/Apr/2017:15:12:03 -0300] "GET /cormun/servlet/solicitudot?INS,0,0, HTTP/1.1" 200 11948
201.214.54.252 - - [04/Apr/2017:15:12:03 -0300] "GET /cormun/static/gxcfg.js?201731711485472 HTTP/1.1" 200 953
201.214.54.252 - - [04/Apr/2017:15:12:03 -0300] "GET /cormun/static/Resources/ComunLogin.png HTTP/1.1" 200 17326
201.214.54.252 - - [04/Apr/2017:15:12:03 -0300] "GET /cormun/static/Resources/PXToolsLoginTop.png HTTP/1.1" 200 1337
201.214.54.252 - - [04/Apr/2017:15:12:03 -0300] "GET /cormun/static/Resources/PXToolsLoginBottom.png HTTP/1.1" 200 1389
201.214.54.252 - - [04/Apr/2017:15:12:03 -0300] "GET /cormun/static/Resources/PXToolsLoginBackground.png HTTP/1.1" 200 1164
201.214.54.252 - - [04/Apr/2017:15:12:05 -0300] "POST /cormun/servlet/hlogin?08e76e6ed39926819a46b36e526b849e,gx-no-cache=1491329593209 HTTP/1.1" 200 90
201.214.54.252 - - [04/Apr/2017:15:12:05 -0300] "GET /cormun/servlet/hpexe_link HTTP/1.1" 200 964
201.214.54.252 - - [04/Apr/2017:15:12:05 -0300] "GET /cormun/static/hpexe_link.js?201731711483384 HTTP/1.1" 200 625
201.214.54.252 - - [04/Apr/2017:15:12:05 -0300] "GET /cormun/static/gxcfg.js?201731711483381 HTTP/1.1" 200 953
201.214.54.252 - - [04/Apr/2017:15:12:05 -0300] "GET /cormun/servlet/solicitudot?INS,0,0, HTTP/1.1" 200 12580
201.214.54.252 - - [04/Apr/2017:15:12:06 -0300] "GET /cormun/servlet/solicitudot?INS,0,0, HTTP/1.1" 200 12585
192.168.10.13 - - [04/Apr/2017:15:12:25 -0300] "GET / HTTP/1.1" 200 11217
201.214.54.252 - - [04/Apr/2017:15:12:33 -0300] "GET /cormun/servlet/trsolicitudot? HTTP/1.1" 200 6916
201.214.54.252 - - [04/Apr/2017:15:12:33 -0300] "GET /cormun/static/calendar-system.css?75620 HTTP/1.1" 200 5572
201.214.54.252 - - [04/Apr/2017:15:12:33 -0300] "GET /cormun/static/gxcfg.js?201731711505139 HTTP/1.1" 200 953
201.214.54.252 - - [04/Apr/2017:15:12:33 -0300] "GET /cormun/static/Resources/PXToolsActionExcel.png HTTP/1.1" 200 3187
201.214.54.252 - - [04/Apr/2017:15:12:33 -0300] "GET /cormun/static/Resources/PXToolsGridNew.png HTTP/1.1" 200 2949
201.214.54.252 - - [04/Apr/2017:15:12:33 -0300] "GET /cormun/servlet/trsolicitudot? HTTP/1.1" 200 6915
192.168.10.13 - - [04/Apr/2017:15:13:25 -0300] "GET / HTTP/1.1" 200 11217
191.96.249.97 - - [04/Apr/2017:15:13:50 -0300] "GET /setup.cgi HTTP/1.1" 404 979
192.168.10.13 - - [04/Apr/2017:15:14:25 -0300] "GET / HTTP/1.1" 200 11217
192.168.10.13 - - [04/Apr/2017:15:15:25 -0300] "GET / HTTP/1.1" 200 11217
186.103.158.250 - - [04/Apr/2017:15:15:31 -0300] "POST /cormun/servlet/hlogin?a3744dcddc630b55cfbe074c9562c307,gx-no-cache=1491333281253 HTTP/1.1" 200 90
186.103.158.250 - - [04/Apr/2017:15:15:31 -0300] "GET /cormun/servlet/hpexe_link HTTP/1.1" 200 952
186.103.158.250 - - [04/Apr/2017:15:15:31 -0300] "GET /cormun/static/gxcfg.js?201731711483381 HTTP/1.1" 304 -
186.103.158.250 - - [04/Apr/2017:15:15:32 -0300] "GET /cormun/servlet/hhome HTTP/1.1" 200 3760
186.103.158.250 - - [04/Apr/2017:15:15:32 -0300] "GET /cormun/static/gxcfg.js?201731711483497 HTTP/1.1" 304 -
186.103.158.250 - - [04/Apr/2017:15:15:33 -0300] "GET /cormun/servlet/hhome HTTP/1.1" 200 3761
186.103.158.250 - - [04/Apr/2017:15:15:48 -0300] "GET /cormun/servlet/trlicencias? HTTP/1.1" 200 6604
186.103.158.250 - - [04/Apr/2017:15:15:48 -0300] "GET /cormun/static/gxcfg.js?2016122619301429 HTTP/1.1" 200 953
186.103.158.250 - - [04/Apr/2017:15:15:48 -0300] "GET /cormun/static/trlicencias.js?2016122619301919 HTTP/1.1" 304 -
186.103.158.250 - - [04/Apr/2017:15:15:49 -0300] "GET /cormun/servlet/trlicencias? HTTP/1.1" 200 6603
186.103.158.250 - - [04/Apr/2017:15:15:57 -0300] "GET /cormun/servlet/trlicencias? HTTP/1.1" 200 6603
186.103.158.250 - - [04/Apr/2017:15:15:58 -0300] "GET /cormun/servlet/trlicencias? HTTP/1.1" 200 6603
186.103.158.250 - - [04/Apr/2017:15:16:04 -0300] "GET /cormun/servlet/licenciaspermisos?INS,0,,, HTTP/1.1" 200 7156
186.103.158.250 - - [04/Apr/2017:15:16:04 -0300] "GET /cormun/static/gxcfg.js?20173291150977 HTTP/1.1" 200 953
186.103.158.250 - - [04/Apr/2017:15:16:05 -0300] "GET /cormun/static/licenciaspermisos.js?201732911501028 HTTP/1.1" 200 34423
186.103.158.250 - - [04/Apr/2017:15:16:06 -0300] "GET /cormun/servlet/licenciaspermisos?INS,0,,, HTTP/1.1" 200 7156
192.168.10.13 - - [04/Apr/2017:15:16:25 -0300] "GET / HTTP/1.1" 200 11217
201.214.54.252 - - [04/Apr/2017:15:16:49 -0300] "GET /cormun/servlet/hlogin HTTP/1.1" 200 1725
201.214.54.252 - - [04/Apr/2017:15:16:49 -0300] "GET /cormun/static/Resources/PXToolsButtonLeft21.png HTTP/1.1" 200 1287
201.214.54.252 - - [04/Apr/2017:15:16:49 -0300] "GET /cormun/static/Resources/PXToolsButtonBackground2.png HTTP/1.1" 200 1181
201.214.54.252 - - [04/Apr/2017:15:16:49 -0300] "GET /cormun/static/Resources/PXToolsButtonRight21.png HTTP/1.1" 200 1283
201.214.54.252 - - [04/Apr/2017:15:16:51 -0300] "POST /cormun/servlet/hlogin?b3d8849cd6d7fba7434bdb1fb3710fc6,gx-no-cache=1491329879897 HTTP/1.1" 200 90
201.214.54.252 - - [04/Apr/2017:15:16:51 -0300] "GET /cormun/servlet/hpexe_link HTTP/1.1" 200 954
201.214.54.252 - - [04/Apr/2017:15:16:52 -0300] "GET /cormun/servlet/hhome HTTP/1.1" 200 3946
201.214.54.252 - - [04/Apr/2017:15:16:52 -0300] "GET /cormun/static/PXToolsJavascripts/pexe_cookies.js HTTP/1.1" 200 792
201.214.54.252 - - [04/Apr/2017:15:16:52 -0300] "GET /cormun/static/gxcfg.js?201731711483497 HTTP/1.1" 200 953
201.214.54.252 - - [04/Apr/2017:15:16:52 -0300] "GET /cormun/static/PXToolsJavascripts/pexe_menudivfix.js HTTP/1.1" 200 333
201.214.54.252 - - [04/Apr/2017:15:16:52 -0300] "GET /cormun/static/PXToolsJavascripts/pexe_picture.js HTTP/1.1" 200 689
201.214.54.252 - - [04/Apr/2017:15:16:52 -0300] "GET /cormun/static/PXToolsJavascripts/pexe_oav.js HTTP/1.1" 200 645
201.214.54.252 - - [04/Apr/2017:15:16:52 -0300] "GET /cormun/static/PXToolsJavascripts/pexe_oavdivfix.js HTTP/1.1" 200 639
201.214.54.252 - - [04/Apr/2017:15:16:52 -0300] "GET /cormun/static/PXToolsJavascripts/pexe_tabdivfix.js HTTP/1.1" 200 876
201.214.54.252 - - [04/Apr/2017:15:16:52 -0300] "GET /cormun/static/PXToolsJavascripts/PXToolsJavascriptsRender.js HTTP/1.1" 200 367
201.214.54.252 - - [04/Apr/2017:15:16:52 -0300] "GET /cormun/static/RunJS/RunJS.js HTTP/1.1" 200 288
201.214.54.252 - - [04/Apr/2017:15:16:52 -0300] "GET /cormun/static/hhome.js?20173171148352 HTTP/1.1" 200 777
201.214.54.252 - - [04/Apr/2017:15:16:52 -0300] "GET /cormun/static/Resources/PXToolsHeaderActionsLeft.png HTTP/1.1" 200 1118
201.214.54.252 - - [04/Apr/2017:15:16:52 -0300] "GET /cormun/static/Resources/logo4.png HTTP/1.1" 200 6582
201.214.54.252 - - [04/Apr/2017:15:16:52 -0300] "GET /cormun/static/Resources/PXToolsHeaderBackground2.png HTTP/1.1" 200 1174
201.214.54.252 - - [04/Apr/2017:15:16:52 -0300] "GET /cormun/static/Resources/PXToolsHeaderLogin.png HTTP/1.1" 200 4279
201.214.54.252 - - [04/Apr/2017:15:16:52 -0300] "GET /cormun/static/Resources/PXToolsDataTitle.png HTTP/1.1" 200 1173
201.214.54.252 - - [04/Apr/2017:15:16:52 -0300] "GET /cormun/static/Resources/PXToolsHeaderActionsBackground.png HTTP/1.1" 200 484
201.214.54.252 - - [04/Apr/2017:15:16:52 -0300] "GET /cormun/static/Resources/PXToolsFooterBackground2.png HTTP/1.1" 200 1172
201.214.54.252 - - [04/Apr/2017:15:16:52 -0300] "GET /cormun/static/Resources/PXToolsHeaderSecurity.png HTTP/1.1" 200 4166
201.214.54.252 - - [04/Apr/2017:15:16:52 -0300] "GET /cormun/static/Resources/PXToolsHeaderActionsRight.png HTTP/1.1" 200 1201
201.214.54.252 - - [04/Apr/2017:15:16:52 -0300] "GET /cormun/static/Resources/PXToolsHeaderPreferences.png HTTP/1.1" 200 4189
201.214.54.252 - - [04/Apr/2017:15:16:52 -0300] "GET /cormun/static/Resources/PXToolsHeaderHome.png HTTP/1.1" 200 4147
201.214.54.252 - - [04/Apr/2017:15:16:52 -0300] "GET /cormun/static/hpexe_messagecontroller.js?201610171694323 HTTP/1.1" 200 870
201.214.54.252 - - [04/Apr/2017:15:16:52 -0300] "GET /cormun/static/hpexe_messagepopupcomponent.js?20161017169425 HTTP/1.1" 200 605
201.214.54.252 - - [04/Apr/2017:15:16:52 -0300] "GET /cormun/static/hpexe_messagegenexuscomponent.js?201731711335537 HTTP/1.1" 200 587
201.214.54.252 - - [04/Apr/2017:15:16:53 -0300] "GET /cormun/servlet/hhome HTTP/1.1" 200 3942
201.214.54.252 - - [04/Apr/2017:15:16:53 -0300] "GET /cormun/static/SmoothNavMenu/resources/images/down.gif HTTP/1.1" 200 854
201.214.54.252 - - [04/Apr/2017:15:16:53 -0300] "GET /cormun/static/SmoothNavMenu/resources/images/right.gif HTTP/1.1" 200 860
201.214.54.252 - - [04/Apr/2017:15:16:55 -0300] "GET /cormun/servlet/trsolicitudot? HTTP/1.1" 200 6920
201.214.54.252 - - [04/Apr/2017:15:16:55 -0300] "GET /cormun/static/Resources/PXTools/calendar.png HTTP/1.1" 200 1306
201.214.54.252 - - [04/Apr/2017:15:16:56 -0300] "GET /cormun/servlet/trsolicitudot? HTTP/1.1" 200 6919
200.73.230.173 - - [04/Apr/2017:15:17:07 -0300] "GET /cormun/servlet/aatrasoprn?44,PU HTTP/1.1" 200 1578
192.168.10.13 - - [04/Apr/2017:15:17:25 -0300] "GET / HTTP/1.1" 200 11217
200.73.230.173 - - [04/Apr/2017:15:17:57 -0300] "GET /cormun/servlet/aatrasoprn?45,PU HTTP/1.1" 200 1590
200.73.230.173 - - [04/Apr/2017:15:18:15 -0300] "GET /cormun/servlet/aatrasoprn?46,PU HTTP/1.1" 200 1582
192.168.10.13 - - [04/Apr/2017:15:18:25 -0300] "GET / HTTP/1.1" 200 11217
200.73.230.173 - - [04/Apr/2017:15:18:48 -0300] "GET /cormun/servlet/aatrasoprn?47,PU HTTP/1.1" 200 1597
200.73.230.173 - - [04/Apr/2017:15:19:03 -0300] "GET /cormun/servlet/aatrasoprn?48,PU HTTP/1.1" 200 1595
192.168.10.13 - - [04/Apr/2017:15:19:25 -0300] "GET / HTTP/1.1" 200 11217
201.214.54.252 - - [04/Apr/2017:15:19:26 -0300] "POST /cormun/servlet/trsolicitudot?b3d8849cd6d7fba7434bdb1fb3710fc6,,gx-no-cache=1491330033449 HTTP/1.1" 200 4166
201.214.54.252 - - [04/Apr/2017:15:19:32 -0300] "POST /cormun/servlet/trsolicitudot?b3d8849cd6d7fba7434bdb1fb3710fc6,,gx-no-cache=1491330039936 HTTP/1.1" 200 4166
201.214.54.252 - - [04/Apr/2017:15:19:34 -0300] "GET /cormun/servlet/solicitudot?INS,0,0, HTTP/1.1" 200 12750
201.214.54.252 - - [04/Apr/2017:15:19:34 -0300] "GET /cormun/static/gxcfg.js?20171191042720 HTTP/1.1" 200 953
201.214.54.252 - - [04/Apr/2017:15:19:34 -0300] "GET /cormun/static/Resources/prompt.gif HTTP/1.1" 200 902
201.214.54.252 - - [04/Apr/2017:15:19:35 -0300] "GET /cormun/servlet/solicitudot?INS,0,0, HTTP/1.1" 200 12754
201.214.54.252 - - [04/Apr/2017:15:19:47 -0300] "POST /cormun/servlet/solicitudot?gx-no-cache=1491330055397 HTTP/1.1" 200 3165
201.214.54.252 - - [04/Apr/2017:15:19:47 -0300] "POST /cormun/servlet/solicitudot?b3d8849cd6d7fba7434bdb1fb3710fc6,INS,0,0,,gx-no-cache=1491330055744 HTTP/1.1" 200 9962
201.214.54.252 - - [04/Apr/2017:15:19:55 -0300] "GET /cormun/servlet/solicitudot?f48949e8f819bc0ae50cc2aacc88527e65789dd9c3ff8ab91dfeae69c159231b5f4e1b54a6d32766963fb68df8348368,gx-no-cache=1491330063285 HTTP/1.1" 200 30
200.73.230.173 - - [04/Apr/2017:15:20:01 -0300] "GET /cormun/servlet/aatrasoprn?49,PU HTTP/1.1" 200 1581
186.79.131.174 - - [04/Apr/2017:15:20:10 -0300] "GET /cormun/servlet/hlogin HTTP/1.1" 200 1723
186.79.131.174 - - [04/Apr/2017:15:20:20 -0300] "POST /cormun/servlet/hlogin?2b981594daf0e27acb6a1e0c0cfe08c7,gx-no-cache=1491330084716 HTTP/1.1" 200 90
186.79.131.174 - - [04/Apr/2017:15:20:20 -0300] "GET /cormun/servlet/hpexe_link HTTP/1.1" 200 952
186.79.131.174 - - [04/Apr/2017:15:20:21 -0300] "GET /cormun/servlet/hhome HTTP/1.1" 200 3742
186.79.131.174 - - [04/Apr/2017:15:20:22 -0300] "GET /cormun/servlet/hhome HTTP/1.1" 200 3739
192.168.10.13 - - [04/Apr/2017:15:20:25 -0300] "GET / HTTP/1.1" 200 11217
186.79.109.156 - - [04/Apr/2017:15:20:30 -0300] "GET /cormun/servlet/trsolicitudot? HTTP/1.1" 200 6083
186.79.109.156 - - [04/Apr/2017:15:20:32 -0300] "GET /cormun/servlet/hlogin HTTP/1.1" 200 1744
186.79.109.156 - - [04/Apr/2017:15:20:32 -0300] "GET /cormun/servlet/trsolicitudot? HTTP/1.1" 200 6078
186.79.109.156 - - [04/Apr/2017:15:20:34 -0300] "POST /cormun/servlet/hlogin?72cd734d5275a76539f7debeb06cab99,gx-no-cache=1491333696533 HTTP/1.1" 200 90
186.79.109.156 - - [04/Apr/2017:15:20:35 -0300] "GET /cormun/servlet/hpexe_link HTTP/1.1" 200 962
186.79.109.156 - - [04/Apr/2017:15:20:36 -0300] "GET /cormun/servlet/trsolicitudot HTTP/1.1" 200 6766
186.79.109.156 - - [04/Apr/2017:15:20:38 -0300] "GET /cormun/servlet/trsolicitudot HTTP/1.1" 200 6764
186.79.109.156 - - [04/Apr/2017:15:20:42 -0300] "GET /cormun/servlet/solicitudot?INS,0,0, HTTP/1.1" 200 12781
186.79.109.156 - - [04/Apr/2017:15:20:43 -0300] "GET /cormun/servlet/solicitudot?INS,0,0, HTTP/1.1" 200 12785
200.73.230.173 - - [04/Apr/2017:15:20:47 -0300] "GET /cormun/servlet/aatrasoprn?50,PU HTTP/1.1" 200 1585
201.214.54.252 - - [04/Apr/2017:15:21:01 -0300] "POST /cormun/servlet/solicitudot?gx-no-cache=1491330129049 HTTP/1.1" 200 297
201.214.54.252 - - [04/Apr/2017:15:21:01 -0300] "GET /cormun/servlet/solicitudot?f48949e8f819bc0ae50cc2aacc88527e2235287bd2131d8db14f6dfdc7fd0c54ca86c474f3d22f9d0bd75ea8c5f1085040cfd25b2264d650c0bf91318f0c65e6d1de399fa2b38882841b2e560d15b813e12fb8c4c25d277ffdc95bba2667a44ecc83d3f951e209013f21b42ddb01f9fb9154e46564d34bff96895533384c1ef4d6b310e8edbde2947a5620fb81568d5e517837b8220e1729c299f140934184503b533c3ebdd2b4e9a3d265a3185ab648679efa9efe5ee8628aafbc555695073189c1e8e72efc84a974606219db9809ebb074e4178b7e3a4dc27f823762b7c15753df5a050a0fbf3284e0075f64f30ca4a8d73551fc85c4c19364fc993d70b52de1512469a551faa26c320061a8f4f0b117c0daeacb4cf0fdd551f86197a6520b4e063b1527cc6a0689e67f28efdcf2eb7f1f4922c6573c0131615d08ce9d13556a8f0aa4c7a803610701d23e854b103ea5e4db2d8c7114c0d77a0031e6c53c9f3fea91fa3dd4fdc2c7ab1d6ba24a0dd197d703a917c9dea4bd734f22f6321c90f073fb4aa8fe5d397f9d68f2e844b0a5,gx-no-cache=1491330129167 HTTP/1.1" 200 30
201.214.54.252 - - [04/Apr/2017:15:21:07 -0300] "POST /cormun/servlet/solicitudot?gx-no-cache=1491330135127 HTTP/1.1" 200 30
186.103.158.250 - - [04/Apr/2017:15:21:09 -0300] "GET /cormun/servlet/licenciaspermisos?0bd634225b66e213d4498d60249d9817ec05d8a71e8f5e7e4d114f6094246d4ea1a8c26bccbac717acc172c6fbd60543,gx-no-cache=1491333618681 HTTP/1.1" 200 61
186.103.158.250 - - [04/Apr/2017:15:21:09 -0300] "POST /cormun/servlet/licenciaspermisos?a3744dcddc630b55cfbe074c9562c307,INS,0,,,,gx-no-cache=1491333618761 HTTP/1.1" 200 4434
186.79.109.156 - - [04/Apr/2017:15:21:10 -0300] "POST /cormun/servlet/solicitudot?gx-no-cache=1491333731669 HTTP/1.1" 200 3081
201.214.54.252 - - [04/Apr/2017:15:21:11 -0300] "POST /cormun/servlet/solicitudot?gx-no-cache=1491330139113 HTTP/1.1" 200 235
201.214.54.252 - - [04/Apr/2017:15:21:11 -0300] "POST /cormun/servlet/solicitudot?gx-no-cache=1491330139213 HTTP/1.1" 200 38
186.79.109.156 - - [04/Apr/2017:15:21:11 -0300] "POST /cormun/servlet/solicitudot?72cd734d5275a76539f7debeb06cab99,INS,0,0,,gx-no-cache=1491333733052 HTTP/1.1" 200 9871
186.79.109.156 - - [04/Apr/2017:15:21:16 -0300] "GET /cormun/servlet/solicitudot?4b1f77269eb75d301e244000b760c68abeb9e5047dccf3c3b97e790cc79322304362178905d10851a9b5788d9eddfacd,gx-no-cache=1491333738555 HTTP/1.1" 200 30
201.214.54.252 - - [04/Apr/2017:15:21:20 -0300] "GET /cormun/servlet/solicitudot?f48949e8f819bc0ae50cc2aacc88527e77a571ccc8fe2e4857157fe430267afe882379483b78de1d03777af313701f56f31d437ec2fd823127cc49cfcc136b6ba19dbf2caafa01aac6bfcb68bf8fdc2eae6ae67a319e905cef0d3d635607a36fa4ef5693f53bf07e33049f78d3776085,gx-no-cache=1491330148716 HTTP/1.1" 200 29
201.214.54.252 - - [04/Apr/2017:15:21:20 -0300] "POST /cormun/servlet/solicitudot?gx-no-cache=1491330148773 HTTP/1.1" 200 643
201.214.54.252 - - [04/Apr/2017:15:21:22 -0300] "POST /cormun/servlet/solicitudot?gx-no-cache=1491330150327 HTTP/1.1" 200 1157
192.168.10.13 - - [04/Apr/2017:15:21:25 -0300] "GET / HTTP/1.1" 200 11217
186.103.158.250 - - [04/Apr/2017:15:21:29 -0300] "GET /cormun/static/menuarrow.gif HTTP/1.1" 404 1015
201.214.54.252 - - [04/Apr/2017:15:21:57 -0300] "GET /cormun/servlet/solicitudot?f48949e8f819bc0ae50cc2aacc88527e097eedd7ec710eec62c92d9a0ccb1a770c4765c426cbe0c3ba5f56460a74d3ceb9dd5f942971a2ce02d2ba7badd801a936b553a1c97aa8ef759ca97f72a570b34c1b938392a856e5ee20d0f897069b67d5d609b9be040a077a511a6612de8e36659eee42d42f8d28ba543435db6a41911655b405939960f255f68b17c56e52df13542c541a87bad6a6d4016614a9088fc5c5408378dc095a098512680ae0aed6,gx-no-cache=1491330184966 HTTP/1.1" 200 30
200.73.230.173 - - [04/Apr/2017:15:22:13 -0300] "GET /cormun/servlet/aatrasoprn?51,PU HTTP/1.1" 200 1588
200.73.230.173 - - [04/Apr/2017:15:22:24 -0300] "GET /cormun/servlet/aatrasoprn?52,PU HTTP/1.1" 200 1588
192.168.10.13 - - [04/Apr/2017:15:22:25 -0300] "GET / HTTP/1.1" 200 11217
201.214.54.252 - - [04/Apr/2017:15:22:28 -0300] "POST /cormun/servlet/solicitudot?b3d8849cd6d7fba7434bdb1fb3710fc6,INS,0,0,,gx-no-cache=1491330215962 HTTP/1.1" 200 93
201.214.54.252 - - [04/Apr/2017:15:22:28 -0300] "GET /cormun/servlet/hpexe_return? HTTP/1.1" 200 1008
201.214.54.252 - - [04/Apr/2017:15:22:28 -0300] "GET /cormun/static/gxcfg.js?2016101716175148 HTTP/1.1" 200 953
201.214.54.252 - - [04/Apr/2017:15:22:28 -0300] "GET /cormun/static/hpexe_return.js?2016101716175153 HTTP/1.1" 200 1633
201.214.54.252 - - [04/Apr/2017:15:22:28 -0300] "GET /cormun/static/Resources/Spanish/PXTools.css?167811 HTTP/1.1" 200 89042
201.214.54.252 - - [04/Apr/2017:15:22:29 -0300] "GET /cormun/servlet/trsolicitudot? HTTP/1.1" 200 6968
201.214.54.252 - - [04/Apr/2017:15:22:30 -0300] "GET /cormun/servlet/trsolicitudot? HTTP/1.1" 200 6964
200.73.230.173 - - [04/Apr/2017:15:22:39 -0300] "GET /cormun/servlet/aatrasoprn?53,PU HTTP/1.1" 200 1586
201.214.54.252 - - [04/Apr/2017:15:22:42 -0300] "GET /cormun/servlet/solicitudot?INS,0,0, HTTP/1.1" 200 12747
201.214.54.252 - - [04/Apr/2017:15:22:43 -0300] "GET /cormun/servlet/solicitudot?INS,0,0, HTTP/1.1" 200 12752
201.214.54.252 - - [04/Apr/2017:15:22:50 -0300] "GET /cormun/servlet/trvisualizadoreventos? HTTP/1.1" 200 6685
201.214.54.252 - - [04/Apr/2017:15:22:50 -0300] "GET /cormun/static/gxcfg.js?201731711523419 HTTP/1.1" 200 953
201.214.54.252 - - [04/Apr/2017:15:22:50 -0300] "GET /cormun/static/trvisualizadoreventos.js?20173171152387 HTTP/1.1" 200 19309
201.214.54.252 - - [04/Apr/2017:15:22:50 -0300] "GET /cormun/static/Resources/PXToolsActionPrint.png HTTP/1.1" 200 3317
201.214.54.252 - - [04/Apr/2017:15:22:51 -0300] "GET /cormun/servlet/trvisualizadoreventos? HTTP/1.1" 200 6680
201.214.54.252 - - [04/Apr/2017:15:23:01 -0300] "GET /cormun/servlet/trsolicitudot? HTTP/1.1" 200 6965
201.214.54.252 - - [04/Apr/2017:15:23:02 -0300] "GET /cormun/servlet/trsolicitudot? HTTP/1.1" 200 6964
201.214.54.252 - - [04/Apr/2017:15:23:05 -0300] "GET /cormun/servlet/trautorizarsolicitud? HTTP/1.1" 200 6874
201.214.54.252 - - [04/Apr/2017:15:23:05 -0300] "GET /cormun/static/gxui/gxui-all.css?120300 HTTP/1.1" 200 2179
201.214.54.252 - - [04/Apr/2017:15:23:05 -0300] "GET /cormun/static/gxcfg.js?2017259112829 HTTP/1.1" 200 953
201.214.54.252 - - [04/Apr/2017:15:23:05 -0300] "GET /cormun/static/trautorizarsolicitud.js?2017259113483 HTTP/1.1" 200 53096
201.214.54.252 - - [04/Apr/2017:15:23:05 -0300] "GET /cormun/static/Shared/ext/resources/css/ext-all.css?215870 HTTP/1.1" 200 416045
201.214.54.252 - - [04/Apr/2017:15:23:06 -0300] "GET /cormun/servlet/trautorizarsolicitud? HTTP/1.1" 200 6875
201.214.54.252 - - [04/Apr/2017:15:23:09 -0300] "GET /cormun/servlet/trsolicitudot? HTTP/1.1" 200 6965
201.214.54.252 - - [04/Apr/2017:15:23:10 -0300] "GET /cormun/servlet/trsolicitudot? HTTP/1.1" 200 6964
192.168.10.13 - - [04/Apr/2017:15:23:25 -0300] "GET / HTTP/1.1" 200 11217
201.214.54.252 - - [04/Apr/2017:15:23:34 -0300] "GET /cormun/servlet/trvisualizadoreventos? HTTP/1.1" 200 6680
201.214.54.252 - - [04/Apr/2017:15:23:35 -0300] "GET /cormun/servlet/trvisualizadoreventos? HTTP/1.1" 200 6680
201.214.54.252 - - [04/Apr/2017:15:23:50 -0300] "POST /cormun/servlet/trvisualizadoreventos?b3d8849cd6d7fba7434bdb1fb3710fc6,,gx-no-cache=1491330298065 HTTP/1.1" 200 3970
201.214.54.252 - - [04/Apr/2017:15:23:52 -0300] "POST /cormun/servlet/trvisualizadoreventos?b3d8849cd6d7fba7434bdb1fb3710fc6,,gx-no-cache=1491330300463 HTTP/1.1" 200 3970
201.214.54.252 - - [04/Apr/2017:15:23:54 -0300] "POST /cormun/servlet/trvisualizadoreventos?b3d8849cd6d7fba7434bdb1fb3710fc6,,gx-no-cache=1491330302058 HTTP/1.1" 200 3970
201.214.54.252 - - [04/Apr/2017:15:23:56 -0300] "POST /cormun/servlet/trvisualizadoreventos?b3d8849cd6d7fba7434bdb1fb3710fc6,,gx-no-cache=1491330304084 HTTP/1.1" 200 3967
201.214.54.252 - - [04/Apr/2017:15:23:57 -0300] "POST /cormun/servlet/trvisualizadoreventos?b3d8849cd6d7fba7434bdb1fb3710fc6,,gx-no-cache=1491330305244 HTTP/1.1" 200 3967
192.168.10.13 - - [04/Apr/2017:15:24:25 -0300] "GET / HTTP/1.1" 200 11217
186.79.109.156 - - [04/Apr/2017:15:24:33 -0300] "POST /cormun/servlet/solicitudot?gx-no-cache=1491333935978 HTTP/1.1" 200 297
186.79.109.156 - - [04/Apr/2017:15:24:42 -0300] "GET /cormun/servlet/solicitudot?4b1f77269eb75d301e244000b760c68a9555106dd7b90d42cd8af2057c6a8049b81a3b105be7551f1425323c5d895d679fe2f19fceb8d208b115cb08d71294d55328ed966bbb285f6eebf704b3f609d142812860e4c692d9a9bfb0e0a43a4640134eb923232c714dccb474a6748a715d047639f12467e86693b4ab4425f32764aae1d02ba20b5912d4006dde96112c3b4a8ec0f8b975c9e667c363cd25e6a8e8fda372e58388514a331a9cd0f24d301b3efe2140349d35f278a46673e1ee2d3aa63298e43f9b317dae86b862354010dc57336c7ded50e6fd64fcbaa8cf0a450df6a57b4c49d8d0dd6e1586a9b7dde2de7e2ed1a47cc6f7553f177a5562e5934f5f62293e7c11712a702232fdb17573c28cd31a81d65d69da03e07cdd4ea24c74a08c24ed9bf263cab610ce7dbd7afe1a1dd48dbef5b1cbabd755c287edb12647c722cfff6a8926f9d294e3ab9986bfc923f10d68212f22b5cdadac1d46e133dca7b2014d755b1eaf78481a05a579a8b729f21f815ea306b49c8e787f7751cf5add3824617b9c2826ff4132569ab024df,gx-no-cache=1491333944568 HTTP/1.1" 200 30
186.79.109.156 - - [04/Apr/2017:15:24:48 -0300] "POST /cormun/servlet/solicitudot?gx-no-cache=1491333950930 HTTP/1.1" 200 30
186.79.109.156 - - [04/Apr/2017:15:24:53 -0300] "POST /cormun/servlet/solicitudot?gx-no-cache=1491333954525 HTTP/1.1" 200 235
186.79.109.156 - - [04/Apr/2017:15:24:53 -0300] "POST /cormun/servlet/solicitudot?gx-no-cache=1491333956008 HTTP/1.1" 200 38
192.168.10.13 - - [04/Apr/2017:15:25:25 -0300] "GET / HTTP/1.1" 200 11217
186.79.109.156 - - [04/Apr/2017:15:25:28 -0300] "GET /cormun/servlet/solicitudot?4b1f77269eb75d301e244000b760c68ab587a6dfbe1f6c71c1339b7892400d4399ceb17d5ffd534b56007a681610776d9d3a6384f71cf23e024adbbf8f3ef8fb724c792e0a50bc8f80da7aa0d7715fb4f8c0644452f431e1855dd9ca50170559242511a4d80d9c7499ba1ea2a54908f8,gx-no-cache=1491333991221 HTTP/1.1" 200 29
186.79.109.156 - - [04/Apr/2017:15:25:28 -0300] "POST /cormun/servlet/solicitudot?gx-no-cache=1491333991340 HTTP/1.1" 200 643
186.79.109.156 - - [04/Apr/2017:15:25:31 -0300] "POST /cormun/servlet/solicitudot?gx-no-cache=1491333993380 HTTP/1.1" 200 1157
192.168.10.13 - - [04/Apr/2017:15:26:25 -0300] "GET / HTTP/1.1" 200 11217
186.79.109.156 - - [04/Apr/2017:15:26:26 -0300] "GET /cormun/static/menuarrow.gif HTTP/1.1" 404 1015
186.79.109.156 - - [04/Apr/2017:15:26:41 -0300] "GET /cormun/servlet/solicitudot?4b1f77269eb75d301e244000b760c68aee571c762978f15baeecd419b6381a0595744bc8daa3e7dedcdd0a75b14b40bf36f0e4fd690481a837bf788fe9af51d21e3105fff74b16c96a7beee2fb3dd1b6ca9e8a14ed3d9c6fb89f6684562583f20cc5c845fe80660fe1e4a50c72d7de96bec41a90aa87e30b90bff0df9988d766399909afbb2c058a2c294ce9d28bca0a1502125b4b15ffb5025e5ee5512ef7dd2e9728ede6310587a1839fb3869e984b,gx-no-cache=1491334063256 HTTP/1.1" 200 30
186.103.157.235 - - [04/Apr/2017:15:26:51 -0300] "GET /cormun/servlet/hlogin HTTP/1.1" 200 1729
186.103.157.235 - - [04/Apr/2017:15:26:51 -0300] "GET /cormun/static/Resources/Spanish/PXTools.css?11294912 HTTP/1.1" 304 -
186.103.157.235 - - [04/Apr/2017:15:26:51 -0300] "GET /cormun/static/gxtimezone.js?85251 HTTP/1.1" 304 -
186.103.157.235 - - [04/Apr/2017:15:26:51 -0300] "GET /cormun/static/gxcfg.js?201731711485472 HTTP/1.1" 304 -
186.103.157.235 - - [04/Apr/2017:15:26:51 -0300] "GET /cormun/static/messages.spa.js?85251 HTTP/1.1" 304 -
186.103.157.235 - - [04/Apr/2017:15:26:51 -0300] "GET /cormun/static/hlogin.js?201731711485490 HTTP/1.1" 304 -
186.103.157.235 - - [04/Apr/2017:15:26:52 -0300] "GET /cormun/servlet/hlogin HTTP/1.1" 200 1740
186.103.157.235 - - [04/Apr/2017:15:27:08 -0300] "POST /cormun/servlet/hlogin?4414a05bccd86100c93b9abc280e569f,gx-no-cache=1491330494741 HTTP/1.1" 200 90
186.103.157.235 - - [04/Apr/2017:15:27:09 -0300] "GET /cormun/servlet/hpexe_link HTTP/1.1" 200 956
186.103.157.235 - - [04/Apr/2017:15:27:09 -0300] "GET /cormun/static/gxcfg.js?201731711483381 HTTP/1.1" 304 -
186.103.157.235 - - [04/Apr/2017:15:27:09 -0300] "GET /cormun/static/hpexe_link.js?201731711483384 HTTP/1.1" 304 -
186.103.157.235 - - [04/Apr/2017:15:27:09 -0300] "GET /cormun/servlet/hhome HTTP/1.1" 200 3982
186.103.157.235 - - [04/Apr/2017:15:27:10 -0300] "GET /cormun/static/gxcfg.js?201731711483497 HTTP/1.1" 304 -
186.103.157.235 - - [04/Apr/2017:15:27:12 -0300] "GET /cormun/static/hwchdr01.js?201731711335950 HTTP/1.1" 304 -
186.103.157.235 - - [04/Apr/2017:15:27:12 -0300] "GET /cormun/static/hhome.js?20173171148352 HTTP/1.1" 304 -
186.103.157.235 - - [04/Apr/2017:15:27:12 -0300] "GET /cormun/static/hpexe_scripts.js?201731711335890 HTTP/1.1" 304 -
186.103.157.235 - - [04/Apr/2017:15:27:12 -0300] "GET /cormun/static/hpexe_messagecontroller.js?201610171694323 HTTP/1.1" 304 -
186.103.157.235 - - [04/Apr/2017:15:27:12 -0300] "GET /cormun/static/hpexe_messagepopupcomponent.js?20161017169425 HTTP/1.1" 304 -
186.103.157.235 - - [04/Apr/2017:15:27:12 -0300] "GET /cormun/static/hpexe_recentlink.js?201610171694390 HTTP/1.1" 304 -
186.103.157.235 - - [04/Apr/2017:15:27:12 -0300] "GET /cormun/static/cmcontrolpreferences.js?201731711335852 HTTP/1.1" 304 -
186.103.157.235 - - [04/Apr/2017:15:27:12 -0300] "GET /cormun/static/hpexe_messagegenexuscomponent.js?201731711335537 HTTP/1.1" 304 -
186.103.157.235 - - [04/Apr/2017:15:27:12 -0300] "GET /cormun/static/hmpwkw03.js?201731711485354 HTTP/1.1" 304 -
186.103.157.235 - - [04/Apr/2017:15:27:13 -0300] "GET /cormun/servlet/hhome HTTP/1.1" 200 3980
186.79.109.156 - - [04/Apr/2017:15:27:23 -0300] "POST /cormun/servlet/solicitudot?72cd734d5275a76539f7debeb06cab99,INS,0,0,,gx-no-cache=1491334101957 HTTP/1.1" 200 93
186.79.109.156 - - [04/Apr/2017:15:27:24 -0300] "GET /cormun/servlet/hpexe_return? HTTP/1.1" 200 1011
186.79.109.156 - - [04/Apr/2017:15:27:25 -0300] "GET /cormun/servlet/trsolicitudot HTTP/1.1" 200 8056
192.168.10.13 - - [04/Apr/2017:15:27:25 -0300] "GET / HTTP/1.1" 200 11217
186.103.157.235 - - [04/Apr/2017:15:27:26 -0300] "GET /cormun/servlet/trrenuncias? HTTP/1.1" 200 6714
186.79.109.156 - - [04/Apr/2017:15:27:26 -0300] "GET /cormun/servlet/trsolicitudot HTTP/1.1" 200 8052
186.103.157.235 - - [04/Apr/2017:15:27:26 -0300] "GET /cormun/static/calendar.js?85251 HTTP/1.1" 304 -
186.103.157.235 - - [04/Apr/2017:15:27:26 -0300] "GET /cormun/static/gxcfg.js?201731711553383 HTTP/1.1" 304 -
186.103.157.235 - - [04/Apr/2017:15:27:26 -0300] "GET /cormun/static/calendar-es.js?85251 HTTP/1.1" 304 -
186.103.157.235 - - [04/Apr/2017:15:27:26 -0300] "GET /cormun/static/calendar-setup.js?85251 HTTP/1.1" 304 -
186.103.157.235 - - [04/Apr/2017:15:27:28 -0300] "GET /cormun/static/gxdec.js?85251 HTTP/1.1" 304 -
186.103.157.235 - - [04/Apr/2017:15:27:28 -0300] "GET /cormun/static/trrenuncias.js?201731711553833 HTTP/1.1" 304 -
186.103.157.235 - - [04/Apr/2017:15:27:28 -0300] "GET /cormun/servlet/trrenuncias? HTTP/1.1" 200 6714
186.103.157.235 - - [04/Apr/2017:15:27:34 -0300] "GET /cormun/servlet/renuncias?INS,0, HTTP/1.1" 200 6102
186.103.157.235 - - [04/Apr/2017:15:27:34 -0300] "GET /cormun/static/gxcfg.js?20173291217350 HTTP/1.1" 304 -
186.103.157.235 - - [04/Apr/2017:15:27:34 -0300] "GET /cormun/static/renuncias.js?20173291217362 HTTP/1.1" 304 -
186.103.157.235 - - [04/Apr/2017:15:27:36 -0300] "GET /cormun/servlet/renuncias?INS,0, HTTP/1.1" 200 6102
186.103.157.235 - - [04/Apr/2017:15:27:42 -0300] "GET /cormun/servlet/renuncias?3ff30ce3f99046f70f3dfd83d966c66073b35fd161eca95af7fbdc9c2c15051c4b1c01694dc787518dd3ec33693a936a,gx-no-cache=1491330528578 HTTP/1.1" 200 33
186.103.157.235 - - [04/Apr/2017:15:27:44 -0300] "GET /cormun/servlet/prfichaempleado?,MD,,gxPopupLevel%3D0%3B HTTP/1.1" 200 8813
186.103.157.235 - - [04/Apr/2017:15:27:45 -0300] "GET /cormun/static/gxcfg.js?2017319125415 HTTP/1.1" 304 -
186.103.157.235 - - [04/Apr/2017:15:27:46 -0300] "GET /cormun/static/menusearch.js?201610171694467 HTTP/1.1" 304 -
186.103.157.235 - - [04/Apr/2017:15:27:46 -0300] "GET /cormun/static/prfichaempleado.js?20173191254344 HTTP/1.1" 304 -
186.103.157.235 - - [04/Apr/2017:15:27:47 -0300] "GET /cormun/static/hmpwkw011.js?201731711483558 HTTP/1.1" 304 -
186.103.157.235 - - [04/Apr/2017:15:28:06 -0300] "POST /cormun/servlet/prfichaempleado?4414a05bccd86100c93b9abc280e569f,,MD,,gxPopupLevel%3D0%3B,gx-no-cache=1491330550745 HTTP/1.1" 200 3402
186.79.109.156 - - [04/Apr/2017:15:28:07 -0300] "POST /cormun/servlet/trsolicitudot?72cd734d5275a76539f7debeb06cab99,gx-no-cache=1491334148154 HTTP/1.1" 200 106
186.79.109.156 - - [04/Apr/2017:15:28:08 -0300] "GET /cormun/servlet/trsolicitudadjuntos?2017,5919, HTTP/1.1" 200 6076
186.79.109.156 - - [04/Apr/2017:15:28:09 -0300] "GET /cormun/servlet/trsolicitudadjuntos?2017,5919, HTTP/1.1" 200 6076
186.79.109.156 - - [04/Apr/2017:15:28:11 -0300] "GET /cormun/servlet/solicitudotadjuntos?INS,2017,5919,,1, HTTP/1.1" 200 6012
186.79.109.156 - - [04/Apr/2017:15:28:11 -0300] "GET /cormun/static/about:blank HTTP/1.1" 404 1011
186.79.109.156 - - [04/Apr/2017:15:28:12 -0300] "GET /cormun/servlet/solicitudotadjuntos?INS,2017,5919,,1, HTTP/1.1" 200 6005
186.79.109.156 - - [04/Apr/2017:15:28:12 -0300] "GET /cormun/servlet/solicitudotadjuntos?4b1f77269eb75d301e244000b760c68a2eff1eec783bc76d8aaf7e69dbd515487f7e51387b9548cf83af7326c16e992e,gx-no-cache=1491334155419 HTTP/1.1" 200 30
186.79.109.156 - - [04/Apr/2017:15:28:13 -0300] "POST /cormun/servlet/solicitudotadjuntos?72cd734d5275a76539f7debeb06cab99,INS,2017,5919,,1,,gx-no-cache=1491334155510 HTTP/1.1" 200 3839
186.79.109.156 - - [04/Apr/2017:15:28:17 -0300] "POST /cormun/servlet/solicitudotadjuntos?gx-no-cache=1491334159769 HTTP/1.1" 200 26
192.168.10.13 - - [04/Apr/2017:15:28:25 -0300] "GET / HTTP/1.1" 200 11217
186.79.109.156 - - [04/Apr/2017:15:28:36 -0300] "GET /cormun/servlet/solicitudotadjuntos?4b1f77269eb75d301e244000b760c68aa7ea956ba9585ac1c968378e7392b7c3,gx-no-cache=1491334179399 HTTP/1.1" 200 30
186.79.109.156 - - [04/Apr/2017:15:28:36 -0300] "GET /cormun/servlet/solicitudotadjuntos?4b1f77269eb75d301e244000b760c68aa7ea956ba9585ac1c968378e7392b7c3,gx-no-cache=1491334179462 HTTP/1.1" 200 30
186.103.157.235 - - [04/Apr/2017:15:28:38 -0300] "GET /cormun/servlet/renuncias?3ff30ce3f99046f70f3dfd83d966c660eafba90cd99e7d7076621d7ddb7ad2cf991b03c8046e69d190d06520214f65d5,gx-no-cache=1491330584676 HTTP/1.1" 200 61
186.79.109.156 - - [04/Apr/2017:15:28:39 -0300] "POST /cormun/servlet/solicitudotadjuntos?72cd734d5275a76539f7debeb06cab99,INS,2017,5919,,1, HTTP/1.1" 200 116
186.79.109.156 - - [04/Apr/2017:15:28:39 -0300] "GET /cormun/servlet/hpexe_return? HTTP/1.1" 200 1029
186.79.109.156 - - [04/Apr/2017:15:28:39 -0300] "GET /cormun/servlet/trsolicitudadjuntos?2017,5919, HTTP/1.1" 200 8260
186.79.109.156 - - [04/Apr/2017:15:28:40 -0300] "GET /cormun/servlet/trsolicitudadjuntos?2017,5919, HTTP/1.1" 200 8259
186.103.157.235 - - [04/Apr/2017:15:28:47 -0300] "GET /cormun/servlet/prcontrato?17381370,,,MD,,gxPopupLevel%3D0%3B HTTP/1.1" 200 5902
186.103.157.235 - - [04/Apr/2017:15:28:47 -0300] "GET /cormun/static/gxcfg.js?201731711504186 HTTP/1.1" 304 -
186.103.157.235 - - [04/Apr/2017:15:28:48 -0300] "GET /cormun/static/prcontrato.js?20173171150446 HTTP/1.1" 304 -
186.79.109.156 - - [04/Apr/2017:15:29:07 -0300] "GET /cormun/servlet/solicitudotadjuntos?INS,2017,5919,,1, HTTP/1.1" 200 6011
186.79.109.156 - - [04/Apr/2017:15:29:08 -0300] "GET /cormun/static/about:blank HTTP/1.1" 404 1011
186.79.109.156 - - [04/Apr/2017:15:29:09 -0300] "GET /cormun/servlet/solicitudotadjuntos?INS,2017,5919,,1, HTTP/1.1" 200 6005
186.79.109.156 - - [04/Apr/2017:15:29:10 -0300] "GET /cormun/servlet/solicitudotadjuntos?4b1f77269eb75d301e244000b760c68a2eff1eec783bc76d8aaf7e69dbd515487f7e51387b9548cf83af7326c16e992e,gx-no-cache=1491334211921 HTTP/1.1" 200 30
186.79.109.156 - - [04/Apr/2017:15:29:11 -0300] "POST /cormun/servlet/solicitudotadjuntos?72cd734d5275a76539f7debeb06cab99,INS,2017,5919,,1,,gx-no-cache=1491334212788 HTTP/1.1" 200 3839
186.79.109.156 - - [04/Apr/2017:15:29:19 -0300] "POST /cormun/servlet/solicitudotadjuntos?gx-no-cache=1491334221746 HTTP/1.1" 200 26
192.168.10.13 - - [04/Apr/2017:15:29:25 -0300] "GET / HTTP/1.1" 200 11217
186.79.109.156 - - [04/Apr/2017:15:29:33 -0300] "GET /cormun/servlet/solicitudotadjuntos?4b1f77269eb75d301e244000b760c68aa7ea956ba9585ac1c968378e7392b7c3,gx-no-cache=1491334235611 HTTP/1.1" 200 30
186.79.109.156 - - [04/Apr/2017:15:29:34 -0300] "GET /cormun/servlet/solicitudotadjuntos?4b1f77269eb75d301e244000b760c68aa7ea956ba9585ac1c968378e7392b7c3,gx-no-cache=1491334236627 HTTP/1.1" 200 30
186.79.109.156 - - [04/Apr/2017:15:29:49 -0300] "POST /cormun/servlet/solicitudotadjuntos?72cd734d5275a76539f7debeb06cab99,INS,2017,5919,,1, HTTP/1.1" 200 116
186.79.109.156 - - [04/Apr/2017:15:29:50 -0300] "GET /cormun/servlet/hpexe_return? HTTP/1.1" 200 1029
186.79.109.156 - - [04/Apr/2017:15:29:50 -0300] "GET /cormun/servlet/trsolicitudadjuntos?2017,5919, HTTP/1.1" 200 8459
186.79.109.156 - - [04/Apr/2017:15:29:52 -0300] "GET /cormun/servlet/trsolicitudadjuntos?2017,5919, HTTP/1.1" 200 8457
186.103.157.235 - - [04/Apr/2017:15:29:55 -0300] "POST /cormun/servlet/renuncias?4414a05bccd86100c93b9abc280e569f,INS,0,,gx-no-cache=1491330661149 HTTP/1.1" 200 93
186.103.157.235 - - [04/Apr/2017:15:29:55 -0300] "GET /cormun/servlet/hpexe_return? HTTP/1.1" 200 1009
186.103.157.235 - - [04/Apr/2017:15:29:55 -0300] "GET /cormun/static/Resources/Spanish/PXTools.css?167811 HTTP/1.1" 304 -
186.103.157.235 - - [04/Apr/2017:15:29:55 -0300] "GET /cormun/static/gxcfg.js?2016101716175148 HTTP/1.1" 304 -
186.103.157.235 - - [04/Apr/2017:15:29:55 -0300] "GET /cormun/static/hpexe_return.js?2016101716175153 HTTP/1.1" 304 -
186.103.157.235 - - [04/Apr/2017:15:29:56 -0300] "GET /cormun/servlet/trrenuncias HTTP/1.1" 200 7414
186.79.109.156 - - [04/Apr/2017:15:29:57 -0300] "GET /cormun/servlet/solicitudotadjuntos?INS,2017,5919,,1, HTTP/1.1" 200 6010
186.79.109.156 - - [04/Apr/2017:15:29:58 -0300] "GET /cormun/static/about:blank HTTP/1.1" 404 1011
186.79.109.156 - - [04/Apr/2017:15:29:58 -0300] "GET /cormun/servlet/solicitudotadjuntos?INS,2017,5919,,1, HTTP/1.1" 200 6004
186.103.157.235 - - [04/Apr/2017:15:29:58 -0300] "GET /cormun/servlet/trrenuncias HTTP/1.1" 200 7410
186.79.109.156 - - [04/Apr/2017:15:29:59 -0300] "GET /cormun/servlet/solicitudotadjuntos?4b1f77269eb75d301e244000b760c68a2eff1eec783bc76d8aaf7e69dbd515487f7e51387b9548cf83af7326c16e992e,gx-no-cache=1491334261424 HTTP/1.1" 200 30
186.79.109.156 - - [04/Apr/2017:15:30:00 -0300] "POST /cormun/servlet/solicitudotadjuntos?72cd734d5275a76539f7debeb06cab99,INS,2017,5919,,1,,gx-no-cache=1491334261840 HTTP/1.1" 200 3838
186.103.158.250 - - [04/Apr/2017:15:30:02 -0300] "GET /cormun/servlet/licenciaspermisos?0bd634225b66e213d4498d60249d9817442c2f836727514984ee29431e780de0a2aef0239af251049c51b8397b93cd7728aa7dfce1aec4f950da5b36a3e9b1114f5ee6d9a8c011c087ad8420c668f6057ce22721bbf596ce859b3c3ced13fc93f1db8789e32d9491494374cc1759fc074470f8deab2d61665de1453cdfbafb4e4f751161f574800c1a3aca21fc1d0fd72e82ee3ae6d6ecf0cc68951b6e0441f2de199a4925be48dd4c1059a7179ff53447cd127065d9672c3e762073a7ee44a7d5ef25ca8599ce2e7f4060f03115ea43524c6537621c1bd2ec4451a8118d1820,gx-no-cache=1491334152435 HTTP/1.1" 200 30
186.103.158.250 - - [04/Apr/2017:15:30:02 -0300] "GET /cormun/servlet/licenciaspermisos?0bd634225b66e213d4498d60249d98178cd52bc27111a54f019fee6a8ca59161a138b13505caccff7b6b8c0212d6faadbbc363f0796b88801af684ea26999e6eb9764be787fb41ee319ae3445071a13bd4534d1134d4ce3dc96cc3a2c92e828b21da987270d7821f5065042ec5b40e4872cf7c43333bbf606c3ddc9f67c913e6124bbdc38e608ee4012f634324ebc7993fb21c38bd3c7015c72eda0e803d08b1c1009b3118326b98c5be4851af9e9bf97d1ab581d259c2330437e881fc91a8e2c7abe14b425b7496fa4b792c60111958e6007513629e5fa193da29bae892b327,gx-no-cache=1491334152510 HTTP/1.1" 200 29
186.103.158.250 - - [04/Apr/2017:15:30:02 -0300] "POST /cormun/servlet/licenciaspermisos?a3744dcddc630b55cfbe074c9562c307,INS,0,,,,gx-no-cache=1491334152555 HTTP/1.1" 200 4581
186.103.158.250 - - [04/Apr/2017:15:30:03 -0300] "GET /cormun/static/Shared/jqueryui/images/ui-bg_highlight-soft_100_c6c2c8_1x100.png HTTP/1.1" 404 1117
186.103.158.250 - - [04/Apr/2017:15:30:03 -0300] "GET /cormun/static/Shared/jqueryui/images/ui-icons_82798d_256x240.png HTTP/1.1" 404 1089
186.103.158.250 - - [04/Apr/2017:15:30:03 -0300] "GET /cormun/static/Shared/jqueryui/images/ui-bg_flat_55_994d53_40x100.png HTTP/1.1" 404 1097
186.103.158.250 - - [04/Apr/2017:15:30:03 -0300] "GET /cormun/static/Shared/jqueryui/images/ui-icons_ebccce_256x240.png HTTP/1.1" 404 1089
186.79.109.156 - - [04/Apr/2017:15:30:05 -0300] "POST /cormun/servlet/solicitudotadjuntos?gx-no-cache=1491334267727 HTTP/1.1" 200 26
186.79.109.156 - - [04/Apr/2017:15:30:17 -0300] "GET /cormun/servlet/solicitudotadjuntos?4b1f77269eb75d301e244000b760c68aa7ea956ba9585ac1c968378e7392b7c3,gx-no-cache=1491334279689 HTTP/1.1" 200 30
186.79.109.156 - - [04/Apr/2017:15:30:17 -0300] "GET /cormun/servlet/solicitudotadjuntos?4b1f77269eb75d301e244000b760c68aa7ea956ba9585ac1c968378e7392b7c3,gx-no-cache=1491334280191 HTTP/1.1" 200 30
186.79.109.156 - - [04/Apr/2017:15:30:20 -0300] "POST /cormun/servlet/solicitudotadjuntos?72cd734d5275a76539f7debeb06cab99,INS,2017,5919,,1, HTTP/1.1" 200 116
186.79.109.156 - - [04/Apr/2017:15:30:21 -0300] "GET /cormun/servlet/hpexe_return? HTTP/1.1" 200 1029
186.79.109.156 - - [04/Apr/2017:15:30:24 -0300] "GET /cormun/servlet/trsolicitudadjuntos?2017,5919, HTTP/1.1" 200 8623
192.168.10.13 - - [04/Apr/2017:15:30:25 -0300] "GET / HTTP/1.1" 200 11217
186.79.109.156 - - [04/Apr/2017:15:30:25 -0300] "GET /cormun/servlet/trsolicitudadjuntos?2017,5919, HTTP/1.1" 200 8621
186.79.109.156 - - [04/Apr/2017:15:30:29 -0300] "GET /cormun/servlet/solicitudotadjuntos?INS,2017,5919,,1, HTTP/1.1" 200 6011
186.79.109.156 - - [04/Apr/2017:15:30:29 -0300] "GET /cormun/static/about:blank HTTP/1.1" 404 1011
186.79.109.156 - - [04/Apr/2017:15:30:30 -0300] "GET /cormun/servlet/solicitudotadjuntos?INS,2017,5919,,1, HTTP/1.1" 200 6005
186.79.109.156 - - [04/Apr/2017:15:30:30 -0300] "GET /cormun/servlet/solicitudotadjuntos?4b1f77269eb75d301e244000b760c68a2eff1eec783bc76d8aaf7e69dbd515487f7e51387b9548cf83af7326c16e992e,gx-no-cache=1491334292919 HTTP/1.1" 200 30
186.79.109.156 - - [04/Apr/2017:15:30:31 -0300] "POST /cormun/servlet/solicitudotadjuntos?72cd734d5275a76539f7debeb06cab99,INS,2017,5919,,1,,gx-no-cache=1491334293370 HTTP/1.1" 200 3839
186.103.157.235 - - [04/Apr/2017:15:30:32 -0300] "GET /cormun/servlet/trautorizarenuncias? HTTP/1.1" 200 6609
186.103.157.235 - - [04/Apr/2017:15:30:32 -0300] "GET /cormun/static/gxcfg.js?201731711565856 HTTP/1.1" 304 -
186.103.157.235 - - [04/Apr/2017:15:30:33 -0300] "GET /cormun/static/trautorizarenuncias.js?20173171157315 HTTP/1.1" 304 -
186.103.157.235 - - [04/Apr/2017:15:30:34 -0300] "GET /cormun/servlet/trautorizarenuncias? HTTP/1.1" 200 6609
186.79.109.156 - - [04/Apr/2017:15:30:40 -0300] "POST /cormun/servlet/solicitudotadjuntos?gx-no-cache=1491334302034 HTTP/1.1" 200 26
186.103.158.250 - - [04/Apr/2017:15:30:53 -0300] "GET /cormun/servlet/licenciaspermisos?0bd634225b66e213d4498d60249d9817442c2f836727514984ee29431e780de0a2aef0239af251049c51b8397b93cd7728aa7dfce1aec4f950da5b36a3e9b1114f5ee6d9a8c011c087ad8420c668f6057ce22721bbf596ce859b3c3ced13fc93f1db8789e32d9491494374cc1759fc074470f8deab2d61665de1453cdfbafb4e4f751161f574800c1a3aca21fc1d0fd72e82ee3ae6d6ecf0cc68951b6e0441f2de199a4925be48dd4c1059a7179ff53447cd127065d9672c3e762073a7ee44a7d5ef25ca8599ce2e7f4060f03115ea43524c6537621c1bd2ec4451a8118d1820,gx-no-cache=1491334202504 HTTP/1.1" 200 30
186.103.158.250 - - [04/Apr/2017:15:30:53 -0300] "GET /cormun/servlet/licenciaspermisos?0bd634225b66e213d4498d60249d98178cd52bc27111a54f019fee6a8ca59161a138b13505caccff7b6b8c0212d6faadbbc363f0796b88801af684ea26999e6eb9764be787fb41ee319ae3445071a13bd4534d1134d4ce3dc96cc3a2c92e828b21da987270d7821f5065042ec5b40e4872cf7c43333bbf606c3ddc9f67c913e6124bbdc38e608ee4012f634324ebc7993fb21c38bd3c7015c72eda0e803d08b1c1009b3118326b98c5be4851af9e9bf97d1ab581d259c2330437e881fc91a8e2c7abe14b425b7496fa4b792c60111958e6007513629e5fa193da29bae892b327,gx-no-cache=1491334202896 HTTP/1.1" 200 29
186.103.158.250 - - [04/Apr/2017:15:30:53 -0300] "POST /cormun/servlet/licenciaspermisos?a3744dcddc630b55cfbe074c9562c307,INS,0,,,,gx-no-cache=1491334202935 HTTP/1.1" 200 93
186.103.158.250 - - [04/Apr/2017:15:30:53 -0300] "GET /cormun/servlet/hpexe_return? HTTP/1.1" 200 1012
186.103.158.250 - - [04/Apr/2017:15:30:53 -0300] "GET /cormun/static/gxcfg.js?2016101716175148 HTTP/1.1" 304 -
186.103.158.250 - - [04/Apr/2017:15:30:54 -0300] "GET /cormun/servlet/trlicencias HTTP/1.1" 200 7777
186.103.158.250 - - [04/Apr/2017:15:30:55 -0300] "GET /cormun/servlet/trlicencias HTTP/1.1" 200 7773
186.103.157.235 - - [04/Apr/2017:15:31:01 -0300] "POST /cormun/servlet/trautorizarenuncias?4414a05bccd86100c93b9abc280e569f,,gx-no-cache=1491330726776 HTTP/1.1" 200 3962
186.79.109.156 - - [04/Apr/2017:15:31:02 -0300] "POST /cormun/servlet/solicitudotadjuntos?gx-no-cache=1491334322450 HTTP/1.1" 200 26
186.103.158.250 - - [04/Apr/2017:15:31:03 -0300] "GET /cormun/servlet/trlicenciaspermisosadjuntos?13302466,20170404000000,L, HTTP/1.1" 200 6107
186.103.158.250 - - [04/Apr/2017:15:31:03 -0300] "GET /cormun/static/gxcfg.js?20173171154619 HTTP/1.1" 200 953
186.103.158.250 - - [04/Apr/2017:15:31:03 -0300] "GET /cormun/static/trlicenciaspermisosadjuntos.js?20173171154971 HTTP/1.1" 200 21005
186.103.158.250 - - [04/Apr/2017:15:31:05 -0300] "GET /cormun/servlet/trlicenciaspermisosadjuntos?13302466,20170404000000,L, HTTP/1.1" 200 6107
186.103.157.235 - - [04/Apr/2017:15:31:06 -0300] "POST /cormun/servlet/trautorizarenuncias?4414a05bccd86100c93b9abc280e569f,,gx-no-cache=1491330732017 HTTP/1.1" 200 4509
186.103.158.250 - - [04/Apr/2017:15:31:16 -0300] "GET /cormun/servlet/licenciaspermisosadjuntos?INS,13302466,L,20170404000000,, HTTP/1.1" 200 5401
186.103.158.250 - - [04/Apr/2017:15:31:16 -0300] "GET /cormun/static/gxcfg.js?201731711421170 HTTP/1.1" 200 953
186.103.158.250 - - [04/Apr/2017:15:31:17 -0300] "GET /cormun/static/licenciaspermisosadjuntos.js?201731711421181 HTTP/1.1" 200 8757
186.103.158.250 - - [04/Apr/2017:15:31:17 -0300] "GET /cormun/static/about:blank HTTP/1.1" 404 1011
186.103.158.250 - - [04/Apr/2017:15:31:18 -0300] "GET /cormun/servlet/licenciaspermisosadjuntos?INS,13302466,L,20170404000000,, HTTP/1.1" 200 5390
186.79.109.156 - - [04/Apr/2017:15:31:19 -0300] "GET /cormun/servlet/solicitudotadjuntos?4b1f77269eb75d301e244000b760c68aa7ea956ba9585ac1c968378e7392b7c3,gx-no-cache=1491334341544 HTTP/1.1" 200 30
186.103.157.235 - - [04/Apr/2017:15:31:20 -0300] "GET /cormun/servlet/trautorizarenuncias? HTTP/1.1" 200 7186
186.103.157.235 - - [04/Apr/2017:15:31:20 -0300] "GET /cormun/static/Shared/ext/resources/css/ext-all.css?205870 HTTP/1.1" 304 -
186.103.157.235 - - [04/Apr/2017:15:31:20 -0300] "GET /cormun/static/gxui/gxui-all.css?110300 HTTP/1.1" 304 -
186.103.157.235 - - [04/Apr/2017:15:31:20 -0300] "GET /cormun/static/calendar-system.css?75620 HTTP/1.1" 304 -
186.103.157.235 - - [04/Apr/2017:15:31:20 -0300] "GET /cormun/static/Resources/Spanish/PXTools.css?11294912 HTTP/1.1" 304 -
186.103.157.235 - - [04/Apr/2017:15:31:20 -0300] "GET /cormun/static/Shared/jqueryui/jquery-ui.min.css?1245370 HTTP/1.1" 304 -
186.103.157.235 - - [04/Apr/2017:15:31:20 -0300] "GET /cormun/static/SmoothNavMenu/resources/ddsmoothmenu-v.css?1012540 HTTP/1.1" 304 -
186.103.157.235 - - [04/Apr/2017:15:31:20 -0300] "GET /cormun/static/SmoothNavMenu/resources/ddsmoothmenu.css?1012540 HTTP/1.1" 304 -
186.103.157.235 - - [04/Apr/2017:15:31:20 -0300] "GET /cormun/static/scaMessage/css/jquery.pnotify.default.css?1716380 HTTP/1.1" 304 -
186.79.109.156 - - [04/Apr/2017:15:31:20 -0300] "GET /cormun/servlet/solicitudotadjuntos?4b1f77269eb75d301e244000b760c68aa7ea956ba9585ac1c968378e7392b7c3,gx-no-cache=1491334342412 HTTP/1.1" 200 30
186.103.157.235 - - [04/Apr/2017:15:31:20 -0300] "GET /cormun/static/gxtimezone.js?85251 HTTP/1.1" 304 -
186.103.157.235 - - [04/Apr/2017:15:31:20 -0300] "GET /cormun/static/gxgral.js?85251 HTTP/1.1" 304 -
