186.103.159.182 - - [04/Apr/2017:12:01:32 -0300] "GET /cormun/servlet/solicitudot?75b9bfaef3177bbb668eb6a5102b6a7d7af35b9421b95c3f66b15205d02e7ef6b427c906d7c05bb57d4a97ef3bfc11459c1e145dabaa92089e1b1c9085ee14c79ff5c6d254f24120c5ae5c0a1830a2898ee1fdb3f8f013d687ae8cb41a2a45cb9c6028a0af31d4eb50b418fcbcc1ea3d125bdc40d27e92adc094397f58970d30ff75a58ef5865d62086a0be337da7d5cc196d3fb41cd14a450e45877c81939cb89ec1a3a4570a377999429186312e85d3fa18eede2ab98c6128dd9f213549e11a4921cb5b0d6996e1fd9e328498cbfb1043f09274a94bea3c26d8caecc1aee196fcf8dfacd9a397adb072590e52a39b2385ff0d549071f4034bb32f7ef652bf4a499e21063a206011b2765f94b35f02f4f60d5fd95406501969e51ed7685ac99c3feeed62681b061f7506e0b0f7bed6a46080fc087f39103af92e80bc1e5a6e0979b67635c082edd89b2ba14b76da408548e04b1a62f2e9cf05459acab9b27f189729acacabb4b3ec34c92882dfee1460a3eb8bcd22e8c395a89359207431059,gx-no-cache=1491318157511 HTTP/1.1" 200 30
186.103.159.182 - - [04/Apr/2017:12:01:32 -0300] "POST /cormun/servlet/solicitudot?gx-no-cache=1491318157856 HTTP/1.1" 200 30
186.103.159.182 - - [04/Apr/2017:12:01:32 -0300] "POST /cormun/servlet/solicitudot?gx-no-cache=1491318157914 HTTP/1.1" 200 235
186.103.159.182 - - [04/Apr/2017:12:01:32 -0300] "POST /cormun/servlet/solicitudot?gx-no-cache=1491318158295 HTTP/1.1" 200 38
186.103.159.44 - - [04/Apr/2017:12:01:33 -0300] "POST /cormun/servlet/solicitudotadjuntos?gx-no-cache=1491318157036 HTTP/1.1" 200 26
186.103.159.44 - - [04/Apr/2017:12:01:38 -0300] "GET /cormun/servlet/solicitudotadjuntos?a6ab34a80fad46824d05ec967034c4da92b8634284612407d45b71d803b161cf,gx-no-cache=1491318162212 HTTP/1.1" 200 30
186.103.159.44 - - [04/Apr/2017:12:01:38 -0300] "GET /cormun/servlet/solicitudotadjuntos?a6ab34a80fad46824d05ec967034c4da92b8634284612407d45b71d803b161cf,gx-no-cache=1491318162247 HTTP/1.1" 200 30
186.103.159.44 - - [04/Apr/2017:12:01:38 -0300] "POST /cormun/servlet/solicitudotadjuntos?b8b47f4fb104348b7e3139217ca4d47b,INS,2017,5908,,2, HTTP/1.1" 200 116
186.103.159.44 - - [04/Apr/2017:12:01:38 -0300] "GET /cormun/servlet/hpexe_return? HTTP/1.1" 200 1027
186.103.159.44 - - [04/Apr/2017:12:01:40 -0300] "GET /cormun/servlet/trsolicitudadjuntos?2017,5908, HTTP/1.1" 200 9174
186.103.159.44 - - [04/Apr/2017:12:01:44 -0300] "GET /cormun/servlet/trsolicitudot? HTTP/1.1" 200 8022
192.168.10.89 - - [04/Apr/2017:12:01:53 -0300] "GET /cormun/servlet/vevisualizador?2017,5799,,SolicitudOTAdjuntos HTTP/1.1" 200 10614
192.168.10.89 - - [04/Apr/2017:12:01:53 -0300] "GET /cormun/pexe_scrolldiv.js HTTP/1.1" 404 1009
192.168.10.89 - - [04/Apr/2017:12:01:55 -0300] "POST /cormun/servlet/acontrolpreferencessavestate?None,CDROGUETT,true HTTP/1.1" 200 35
192.168.10.89 - - [04/Apr/2017:12:01:56 -0300] "POST /cormun/servlet/vevisualizador?9e90817afeaf0c17647f5f4d6211a72a,2017,5799,,SolicitudOTAdjuntos,gx-no-cache=1491321392932 HTTP/1.1" 200 90
192.168.10.89 - - [04/Apr/2017:12:01:56 -0300] "GET /cormun/servlet/hpexe_link HTTP/1.1" 200 984
192.168.10.89 - - [04/Apr/2017:12:01:57 -0300] "GET /cormun/servlet/wbconsulta HTTP/1.1" 200 5350
192.168.10.89 - - [04/Apr/2017:12:02:05 -0300] "POST /cormun/servlet/wbconsulta?9e90817afeaf0c17647f5f4d6211a72a,gx-no-cache=1491321401983 HTTP/1.1" 200 103
192.168.10.89 - - [04/Apr/2017:12:02:05 -0300] "GET /cormun/servlet/vevisualizador?2017,5790, HTTP/1.1" 200 8760
192.168.10.89 - - [04/Apr/2017:12:02:05 -0300] "GET /cormun/pexe_scrolldiv.js HTTP/1.1" 404 1009
186.103.159.44 - - [04/Apr/2017:12:02:07 -0300] "POST /cormun/servlet/trsolicitudot?b8b47f4fb104348b7e3139217ca4d47b,,gx-no-cache=1491318190785 HTTP/1.1" 200 4182
186.103.159.44 - - [04/Apr/2017:12:02:07 -0300] "POST /cormun/servlet/trsolicitudot?b8b47f4fb104348b7e3139217ca4d47b,,gx-no-cache=1491318191373 HTTP/1.1" 200 3947
192.168.10.89 - - [04/Apr/2017:12:02:08 -0300] "GET /cormun/servlet/vevisualizador?2017,5790,,SolicitudOTAdjuntos HTTP/1.1" 200 9732
192.168.10.89 - - [04/Apr/2017:12:02:08 -0300] "GET /cormun/pexe_scrolldiv.js HTTP/1.1" 404 1009
186.103.159.44 - - [04/Apr/2017:12:02:08 -0300] "GET /cormun/static/Shared/jqueryui/images/ui-icons_8d78a5_256x240.png HTTP/1.1" 404 1089
186.103.159.44 - - [04/Apr/2017:12:02:08 -0300] "GET /cormun/static/Shared/jqueryui/images/ui-bg_highlight-soft_100_c6c2c8_1x100.png HTTP/1.1" 404 1117
186.103.159.44 - - [04/Apr/2017:12:02:08 -0300] "GET /cormun/static/Shared/jqueryui/images/ui-bg_flat_55_fafafa_40x100.png HTTP/1.1" 404 1097
186.103.159.44 - - [04/Apr/2017:12:02:08 -0300] "GET /cormun/static/Shared/jqueryui/images/ui-icons_82798d_256x240.png HTTP/1.1" 404 1089
192.168.10.89 - - [04/Apr/2017:12:02:10 -0300] "POST /cormun/servlet/acontrolpreferencessavestate?None,CDROGUETT,true HTTP/1.1" 200 35
192.168.10.13 - - [04/Apr/2017:12:02:25 -0300] "GET / HTTP/1.1" 200 11217
192.168.10.96 - - [04/Apr/2017:12:02:29 -0300] "GET /cormun/servlet/hlogin HTTP/1.1" 200 1730
192.168.10.96 - - [04/Apr/2017:12:02:29 -0300] "GET /cormun/static/gxtimezone.js?85251 HTTP/1.1" 304 -
192.168.10.96 - - [04/Apr/2017:12:02:35 -0300] "POST /cormun/servlet/hlogin?5f9e6b7dba86bd8c85659e131313a019,gx-no-cache=1491321431930 HTTP/1.1" 200 432
192.168.10.96 - - [04/Apr/2017:12:02:37 -0300] "POST /cormun/servlet/hlogin?5f9e6b7dba86bd8c85659e131313a019,gx-no-cache=1491321434783 HTTP/1.1" 200 90
192.168.10.96 - - [04/Apr/2017:12:02:37 -0300] "GET /cormun/servlet/hpexe_link HTTP/1.1" 200 987
192.168.10.96 - - [04/Apr/2017:12:02:38 -0300] "GET /cormun/servlet/vevisualizador?2017,5778,,SolicitudOTAdjuntos HTTP/1.1" 200 10416
192.168.10.96 - - [04/Apr/2017:12:02:38 -0300] "GET /cormun/pexe_scrolldiv.js HTTP/1.1" 404 1009
192.168.10.96 - - [04/Apr/2017:12:02:38 -0300] "GET /cormun/static/calendar.js?85251 HTTP/1.1" 304 -
192.168.10.96 - - [04/Apr/2017:12:02:38 -0300] "GET /cormun/static/calendar-setup.js?85251 HTTP/1.1" 304 -
192.168.10.96 - - [04/Apr/2017:12:02:38 -0300] "GET /cormun/static/calendar-es.js?85251 HTTP/1.1" 304 -
192.168.10.96 - - [04/Apr/2017:12:02:38 -0300] "GET /cormun/pexe_scrolldiv.js HTTP/1.1" 404 1009
192.168.10.96 - - [04/Apr/2017:12:02:38 -0300] "GET /cormun/static/gxdec.js?85251 HTTP/1.1" 304 -
192.168.10.96 - - [04/Apr/2017:12:02:38 -0300] "GET /cormun/servlet/vevisualizador?2017,5778,,SolicitudOTAdjuntos HTTP/1.1" 200 10425
192.168.10.96 - - [04/Apr/2017:12:02:39 -0300] "POST /cormun/servlet/acontrolpreferencessavestate?None,DZAMUDIO,true HTTP/1.1" 200 35
192.168.10.96 - - [04/Apr/2017:12:02:40 -0300] "GET /cormun/servlet/trconsultaempleado? HTTP/1.1" 200 6687
192.168.10.96 - - [04/Apr/2017:12:02:40 -0300] "GET /cormun/servlet/trconsultaempleado? HTTP/1.1" 200 6670
192.168.10.96 - - [04/Apr/2017:12:02:46 -0300] "POST /cormun/servlet/trconsultaempleado?5f9e6b7dba86bd8c85659e131313a019,,gx-no-cache=1491321443663 HTTP/1.1" 200 4485
192.168.10.96 - - [04/Apr/2017:12:02:49 -0300] "GET /cormun/servlet/trsolicitudnombre?15125209, HTTP/1.1" 200 8037
192.168.10.96 - - [04/Apr/2017:12:02:49 -0300] "GET /cormun/servlet/trsolicitudnombre?15125209, HTTP/1.1" 200 8040
192.168.10.96 - - [04/Apr/2017:12:02:54 -0300] "GET /cormun/servlet/vesolicitudnombre?2016,2469,, HTTP/1.1" 200 8531
192.168.10.96 - - [04/Apr/2017:12:02:54 -0300] "GET /cormun/pexe_scrolldiv.js HTTP/1.1" 404 1009
192.168.10.96 - - [04/Apr/2017:12:02:54 -0300] "GET /cormun/pexe_scrolldiv.js HTTP/1.1" 404 1009
192.168.10.96 - - [04/Apr/2017:12:02:54 -0300] "GET /cormun/servlet/vesolicitudnombre?2016,2469,, HTTP/1.1" 200 8522
192.168.10.96 - - [04/Apr/2017:12:02:57 -0300] "GET /cormun/servlet/vesolicitudnombre?2016,2469,,SolicitudOTAdjuntos HTTP/1.1" 200 10350
192.168.10.96 - - [04/Apr/2017:12:02:57 -0300] "GET /cormun/pexe_scrolldiv.js HTTP/1.1" 404 1009
192.168.10.96 - - [04/Apr/2017:12:02:57 -0300] "GET /cormun/pexe_scrolldiv.js HTTP/1.1" 404 1009
192.168.10.96 - - [04/Apr/2017:12:02:57 -0300] "GET /cormun/servlet/vesolicitudnombre?2016,2469,,SolicitudOTAdjuntos HTTP/1.1" 200 10352
192.168.10.96 - - [04/Apr/2017:12:02:58 -0300] "POST /cormun/servlet/acontrolpreferencessavestate?None,DZAMUDIO,true HTTP/1.1" 200 35
192.168.10.96 - - [04/Apr/2017:12:03:03 -0300] "GET /cormun/PublicTempStorage/afp5909897.pdf HTTP/1.1" 200 668847
192.168.10.96 - - [04/Apr/2017:12:03:07 -0300] "GET /cormun/servlet/vesolicitudnombre?2016,2469,,SolicitudOTAdjuntos HTTP/1.1" 200 10350
192.168.10.96 - - [04/Apr/2017:12:03:08 -0300] "GET /cormun/servlet/vesolicitudnombre?2016,2469,,SolicitudOTAdjuntos HTTP/1.1" 200 10351
192.168.10.96 - - [04/Apr/2017:12:03:08 -0300] "POST /cormun/servlet/acontrolpreferencessavestate?None,DZAMUDIO,true HTTP/1.1" 200 35
192.168.10.96 - - [04/Apr/2017:12:03:11 -0300] "GET /cormun/PublicTempStorage/isapre3282271.pdf HTTP/1.1" 200 226590
192.168.10.96 - - [04/Apr/2017:12:03:15 -0300] "GET /cormun/servlet/vesolicitudnombre?2016,2469,,SolicitudOTAdjuntos HTTP/1.1" 200 10352
192.168.10.96 - - [04/Apr/2017:12:03:16 -0300] "GET /cormun/servlet/vesolicitudnombre?2016,2469,,SolicitudOTAdjuntos HTTP/1.1" 200 10352
192.168.10.96 - - [04/Apr/2017:12:03:16 -0300] "POST /cormun/servlet/acontrolpreferencessavestate?None,DZAMUDIO,true HTTP/1.1" 200 35
192.168.10.96 - - [04/Apr/2017:12:03:18 -0300] "GET /cormun/PublicTempStorage/curriculum5249645.pdf HTTP/1.1" 200 429270
192.168.10.13 - - [04/Apr/2017:12:03:25 -0300] "GET / HTTP/1.1" 200 11217
186.103.156.24 - - [04/Apr/2017:12:03:38 -0300] "GET /cormun/servlet/licenciaspermisos?DLT,11365314,L,20170404000000, HTTP/1.1" 200 7112
186.103.156.24 - - [04/Apr/2017:12:03:39 -0300] "GET /cormun/static/Shared/jqueryui/images/ui-bg_highlight-soft_100_c6c2c8_1x100.png HTTP/1.1" 404 1117
186.103.156.24 - - [04/Apr/2017:12:03:39 -0300] "GET /cormun/static/Shared/jqueryui/images/ui-icons_82798d_256x240.png HTTP/1.1" 404 1089
186.103.156.24 - - [04/Apr/2017:12:03:39 -0300] "GET /cormun/static/Shared/jqueryui/images/ui-icons_8d78a5_256x240.png HTTP/1.1" 404 1089
186.103.156.24 - - [04/Apr/2017:12:03:39 -0300] "GET /cormun/static/Shared/jqueryui/images/ui-bg_flat_55_fafafa_40x100.png HTTP/1.1" 404 1097
186.103.156.24 - - [04/Apr/2017:12:03:39 -0300] "GET /cormun/servlet/licenciaspermisos?DLT,11365314,L,20170404000000, HTTP/1.1" 200 7114
186.67.172.234 - - [04/Apr/2017:12:03:50 -0300] "GET /cormun/servlet/hlogin HTTP/1.1" 200 1725
186.67.172.234 - - [04/Apr/2017:12:03:51 -0300] "GET /cormun/static/Resources/Spanish/PXTools.css?11294912 HTTP/1.1" 200 89042
186.67.172.234 - - [04/Apr/2017:12:03:53 -0300] "GET /cormun/static/gxtimezone.js?85251 HTTP/1.1" 200 5781
186.67.172.234 - - [04/Apr/2017:12:03:53 -0300] "GET /cormun/static/gxcfg.js?201731711485472 HTTP/1.1" 200 953
186.103.156.24 - - [04/Apr/2017:12:03:53 -0300] "POST /cormun/servlet/licenciaspermisos?34c0fe9db8d2379a59a1d663bc6b1baf,DLT,11365314,L,20170404000000,,gx-no-cache=1491318336238 HTTP/1.1" 200 93
186.103.156.24 - - [04/Apr/2017:12:03:54 -0300] "GET /cormun/servlet/hpexe_return? HTTP/1.1" 200 1031
186.103.156.24 - - [04/Apr/2017:12:03:54 -0300] "GET /cormun/servlet/trlicencias HTTP/1.1" 200 6873
186.103.156.24 - - [04/Apr/2017:12:03:55 -0300] "GET /cormun/servlet/trlicencias HTTP/1.1" 200 6867
186.67.172.234 - - [04/Apr/2017:12:04:07 -0300] "GET /cormun/static/messages.spa.js?85251 HTTP/1.1" 200 30736
186.67.172.234 - - [04/Apr/2017:12:04:07 -0300] "GET /cormun/static/hlogin.js?201731711485490 HTTP/1.1" 200 2136
186.67.172.234 - - [04/Apr/2017:12:04:07 -0300] "GET /cormun/static/Resources/ComunLogin.png HTTP/1.1" 200 17326
192.168.10.13 - - [04/Apr/2017:12:04:25 -0300] "GET / HTTP/1.1" 200 11217
186.67.172.234 - - [04/Apr/2017:12:04:53 -0300] "GET /cormun/static/gxgral.js?85251 HTTP/1.1" 200 57344
192.168.10.13 - - [04/Apr/2017:12:05:25 -0300] "GET / HTTP/1.1" 200 11217
66.249.83.7 - - [04/Apr/2017:12:06:19 -0300] "GET /cormun/servlet/hlogin HTTP/1.1" 200 1726
66.249.83.7 - - [04/Apr/2017:12:06:19 -0300] "GET /cormun/servlet/hlogin HTTP/1.1" 200 1721
66.249.83.5 - - [04/Apr/2017:12:06:19 -0300] "GET /cormun/servlet/hlogin?_escaped_fragment_= HTTP/1.1" 200 1725
66.249.83.5 - - [04/Apr/2017:12:06:20 -0300] "GET /cormun/servlet/hlogin?_escaped_fragment_= HTTP/1.1" 200 1725
66.249.83.2 - - [04/Apr/2017:12:06:20 -0300] "GET /cormun/servlet/hhome HTTP/1.1" 200 3327
66.249.83.5 - - [04/Apr/2017:12:06:20 -0300] "GET /cormun/servlet/hhome?_escaped_fragment_= HTTP/1.1" 200 3155
192.168.10.13 - - [04/Apr/2017:12:06:25 -0300] "GET / HTTP/1.1" 200 11217
192.168.10.13 - - [04/Apr/2017:12:07:25 -0300] "GET / HTTP/1.1" 200 11217
192.168.10.96 - - [04/Apr/2017:12:07:46 -0300] "GET /cormun/servlet/vesolicitudnombre?2016,2469,,SolicitudOTAdjuntos HTTP/1.1" 200 10348
192.168.10.96 - - [04/Apr/2017:12:07:47 -0300] "GET /cormun/servlet/vesolicitudnombre?2016,2469,,SolicitudOTAdjuntos HTTP/1.1" 200 10352
192.168.10.96 - - [04/Apr/2017:12:07:48 -0300] "POST /cormun/servlet/acontrolpreferencessavestate?None,DZAMUDIO,true HTTP/1.1" 200 35
192.168.10.96 - - [04/Apr/2017:12:07:48 -0300] "GET /cormun/servlet/trsolicitudgral? HTTP/1.1" 200 25359
192.168.10.96 - - [04/Apr/2017:12:07:49 -0300] "GET /cormun/servlet/trsolicitudgral? HTTP/1.1" 200 25339
192.168.10.96 - - [04/Apr/2017:12:07:56 -0300] "POST /cormun/servlet/trsolicitudgral?5f9e6b7dba86bd8c85659e131313a019,,gx-no-cache=1491321752802 HTTP/1.1" 200 23031
186.103.159.182 - - [04/Apr/2017:12:08:01 -0300] "POST /cormun/servlet/solicitudot?gx-no-cache=1491318545772 HTTP/1.1" 200 30
192.168.10.13 - - [04/Apr/2017:12:08:25 -0300] "GET / HTTP/1.1" 200 11217
192.168.10.96 - - [04/Apr/2017:12:08:32 -0300] "POST /cormun/servlet/trsolicitudgral?5f9e6b7dba86bd8c85659e131313a019,,gx-no-cache=1491321789638 HTTP/1.1" 200 5494
186.103.159.182 - - [04/Apr/2017:12:08:43 -0300] "POST /cormun/servlet/solicitudot?gx-no-cache=1491318588511 HTTP/1.1" 200 656
186.103.159.182 - - [04/Apr/2017:12:08:43 -0300] "POST /cormun/servlet/solicitudot?gx-no-cache=1491318588700 HTTP/1.1" 200 38
186.103.159.182 - - [04/Apr/2017:12:09:01 -0300] "POST /cormun/servlet/solicitudot?gx-no-cache=1491318607274 HTTP/1.1" 200 656
186.103.159.182 - - [04/Apr/2017:12:09:01 -0300] "POST /cormun/servlet/solicitudot?gx-no-cache=1491318607404 HTTP/1.1" 200 38
186.103.159.182 - - [04/Apr/2017:12:09:02 -0300] "GET /cormun/servlet/solicitudot?75b9bfaef3177bbb668eb6a5102b6a7d77b098e751c8d15503fe75ce302d07d89d10ea1910a9471ada9a6f752017d260814dab96b9582b614458ed89c6ead4ea3e9bfbb76edd8fa61a3dd5264d8ac805403f992786116ef7393e6150c9297831a56eebf0ec2da418dd8a94dbe41fe8d0dd6e7fd9fc97b966ef6bc55a8bb5f0d7dc46118a02d778ec99b3e8de6ffb3d97e9d9c28446586bceb877125135752b30,gx-no-cache=1491318607477 HTTP/1.1" 200 29
186.103.159.182 - - [04/Apr/2017:12:09:02 -0300] "POST /cormun/servlet/solicitudot?gx-no-cache=1491318607940 HTTP/1.1" 200 643
186.103.159.182 - - [04/Apr/2017:12:09:10 -0300] "POST /cormun/servlet/solicitudot?gx-no-cache=1491318616464 HTTP/1.1" 200 1157
186.67.172.234 - - [04/Apr/2017:12:09:15 -0300] "GET /cormun/servlet/hlogin HTTP/1.1" 200 1726
186.67.172.234 - - [04/Apr/2017:12:09:15 -0300] "GET /cormun/static/gxgral.js?85251 HTTP/1.1" 206 1
186.67.172.234 - - [04/Apr/2017:12:09:15 -0300] "GET /cormun/static/Resources/ComunLogin.png HTTP/1.1" 206 1
186.67.172.234 - - [04/Apr/2017:12:09:16 -0300] "GET /cormun/static/Resources/ComunLogin.png HTTP/1.1" 206 3556
192.168.10.13 - - [04/Apr/2017:12:09:25 -0300] "GET / HTTP/1.1" 200 11217
186.103.159.182 - - [04/Apr/2017:12:09:27 -0300] "GET /cormun/static/menuarrow.gif HTTP/1.1" 404 1015
186.103.159.182 - - [04/Apr/2017:12:09:57 -0300] "GET /cormun/servlet/solicitudot?75b9bfaef3177bbb668eb6a5102b6a7dd1aac2ac0dc946dfe21a80dce8f84151842345fc944fec4102d52ead3ec2289c088c029563c2db0267365554766355eb2888f80caa96832f8a0a1b1c093ec64dd5d6d9b9b19e40de0217a3f76ff5b58f311f1804af56bc9349cb6eb1c7a845f988278025189a3f140de605795a8dbffeb9447fc2d860ebcc045142d2ef00e5f2ba6ff8d6838d4e32b26cbe4e2e05d99c5337e952bd8e1d72cdd5cb604e5b9818,gx-no-cache=1491318662478 HTTP/1.1" 200 30
192.168.10.13 - - [04/Apr/2017:12:10:25 -0300] "GET / HTTP/1.1" 200 11217
186.103.159.182 - - [04/Apr/2017:12:10:39 -0300] "POST /cormun/servlet/solicitudot?0444c26432d2d7ca8e95183f9b4c8350,INS,0,0,,gx-no-cache=1491318705100 HTTP/1.1" 200 11310
186.103.159.182 - - [04/Apr/2017:12:10:39 -0300] "GET /cormun/static/Shared/jqueryui/images/ui-bg_highlight-soft_100_c6c2c8_1x100.png HTTP/1.1" 404 1117
186.103.159.182 - - [04/Apr/2017:12:10:39 -0300] "GET /cormun/static/Shared/jqueryui/images/ui-icons_82798d_256x240.png HTTP/1.1" 404 1089
186.103.159.182 - - [04/Apr/2017:12:10:39 -0300] "GET /cormun/static/Shared/jqueryui/images/ui-bg_flat_55_994d53_40x100.png HTTP/1.1" 404 1097
186.103.159.182 - - [04/Apr/2017:12:10:40 -0300] "GET /cormun/static/Shared/jqueryui/images/ui-icons_ebccce_256x240.png HTTP/1.1" 404 1089
186.103.159.182 - - [04/Apr/2017:12:10:44 -0300] "GET /cormun/servlet/trsolicitudot? HTTP/1.1" 200 10111
186.103.159.182 - - [04/Apr/2017:12:10:47 -0300] "GET /cormun/servlet/trsolicitudot? HTTP/1.1" 200 10104
186.103.159.182 - - [04/Apr/2017:12:11:10 -0300] "GET /cormun/servlet/trvisualizadoreventos? HTTP/1.1" 200 6813
186.103.159.182 - - [04/Apr/2017:12:11:11 -0300] "GET /cormun/static/gxcfg.js?201731711523419 HTTP/1.1" 304 -
186.103.159.182 - - [04/Apr/2017:12:11:12 -0300] "GET /cormun/servlet/trvisualizadoreventos? HTTP/1.1" 200 6813
186.103.159.182 - - [04/Apr/2017:12:11:17 -0300] "GET /cormun/servlet/trsolicitudot? HTTP/1.1" 200 10105
186.103.159.182 - - [04/Apr/2017:12:11:18 -0300] "GET /cormun/servlet/trsolicitudot? HTTP/1.1" 200 10104
192.168.10.13 - - [04/Apr/2017:12:11:25 -0300] "GET / HTTP/1.1" 200 11217
186.103.159.182 - - [04/Apr/2017:12:11:54 -0300] "GET /cormun/servlet/solicitudot?INS,0,0, HTTP/1.1" 200 12852
200.73.230.173 - - [04/Apr/2017:12:11:55 -0300] "GET /cormun/servlet/hlogin HTTP/1.1" 200 1722
186.103.159.182 - - [04/Apr/2017:12:11:56 -0300] "GET /cormun/servlet/solicitudot?INS,0,0, HTTP/1.1" 200 12857
186.103.159.182 - - [04/Apr/2017:12:12:21 -0300] "POST /cormun/servlet/solicitudot?gx-no-cache=1491318806280 HTTP/1.1" 200 3184
186.103.159.182 - - [04/Apr/2017:12:12:22 -0300] "POST /cormun/servlet/solicitudot?0444c26432d2d7ca8e95183f9b4c8350,INS,0,0,,gx-no-cache=1491318807402 HTTP/1.1" 200 9964
186.103.159.182 - - [04/Apr/2017:12:12:22 -0300] "GET /cormun/servlet/solicitudot?75b9bfaef3177bbb668eb6a5102b6a7de3d776dfa363737e6c25aca941eecf61d72d055d585e782a6a7bd7b13ad8af0c,gx-no-cache=1491318808232 HTTP/1.1" 200 30
192.168.10.13 - - [04/Apr/2017:12:12:25 -0300] "GET / HTTP/1.1" 200 11217
200.73.230.173 - - [04/Apr/2017:12:12:34 -0300] "POST /cormun/servlet/hlogin?025d670b89fc01b5f568179b994ff1c0,gx-no-cache=1491319559805 HTTP/1.1" 200 90
200.73.230.173 - - [04/Apr/2017:12:12:34 -0300] "GET /cormun/servlet/hpexe_link HTTP/1.1" 200 952
200.73.230.173 - - [04/Apr/2017:12:12:34 -0300] "GET /cormun/static/gxcfg.js?201731711483381 HTTP/1.1" 304 -
200.73.230.173 - - [04/Apr/2017:12:12:35 -0300] "GET /cormun/servlet/hhome HTTP/1.1" 200 3808
200.73.230.173 - - [04/Apr/2017:12:12:35 -0300] "GET /cormun/static/gxcfg.js?201731711483497 HTTP/1.1" 304 -
200.73.230.173 - - [04/Apr/2017:12:12:35 -0300] "GET /cormun/servlet/hhome HTTP/1.1" 200 3809
186.103.159.182 - - [04/Apr/2017:12:12:46 -0300] "POST /cormun/servlet/solicitudot?gx-no-cache=1491318832186 HTTP/1.1" 200 256
186.103.159.182 - - [04/Apr/2017:12:13:06 -0300] "GET /cormun/servlet/solicitudot?75b9bfaef3177bbb668eb6a5102b6a7d7af35b9421b95c3f66b15205d02e7ef6b427c906d7c05bb57d4a97ef3bfc11459c1e145dabaa92089e1b1c9085ee14c79ff5c6d254f24120c5ae5c0a1830a2898ee1fdb3f8f013d687ae8cb41a2a45cb9c6028a0af31d4eb50b418fcbcc1ea3d125bdc40d27e92adc094397f58970d30ff75a58ef5865d62086a0be337da7d5cc196d3fb41cd14a450e45877c81939cb89ec1a3a4570a377999429186312e85d3fa18eede2ab98c6128dd9f213549e11a4921cb5b0d6996e1fd9e328498cbfb1043f09274a94bea3c26d8caecc1aee196fcf8dfacd9a397adb072590e52a39b2385ff0d549071f4034bb32f7ef652bf4a499e21063a206011b2765f94b35f02f4f60d5fd95406501969e51ed7685ac99c3feeed62681b061f7506e0b0f7bed6a46080fc087f39103af92e80bc1e5a6e0979b67635c082edd89b2ba14b76da408548e04b1a62f2e9cf05459acab9b27f189729acacabb4b3ec34c92882dfee1460a3eb8bcd22e8c395a89359207431059,gx-no-cache=1491318832305 HTTP/1.1" 200 30
186.103.159.182 - - [04/Apr/2017:12:13:07 -0300] "POST /cormun/servlet/solicitudot?gx-no-cache=1491318853263 HTTP/1.1" 200 30
186.103.159.182 - - [04/Apr/2017:12:13:07 -0300] "POST /cormun/servlet/solicitudot?gx-no-cache=1491318853421 HTTP/1.1" 200 235
186.103.159.182 - - [04/Apr/2017:12:13:07 -0300] "POST /cormun/servlet/solicitudot?gx-no-cache=1491318853558 HTTP/1.1" 200 38
186.103.159.182 - - [04/Apr/2017:12:13:18 -0300] "POST /cormun/servlet/solicitudot?gx-no-cache=1491318864100 HTTP/1.1" 200 30
192.168.10.13 - - [04/Apr/2017:12:13:25 -0300] "GET / HTTP/1.1" 200 11217
186.103.159.182 - - [04/Apr/2017:12:13:31 -0300] "GET /cormun/servlet/trsolicitudot? HTTP/1.1" 200 10111
186.103.159.182 - - [04/Apr/2017:12:13:33 -0300] "GET /cormun/servlet/trsolicitudot? HTTP/1.1" 200 10104
186.103.159.182 - - [04/Apr/2017:12:13:59 -0300] "GET /cormun/servlet/solicitudot?INS,0,0, HTTP/1.1" 200 12852
186.103.159.182 - - [04/Apr/2017:12:14:01 -0300] "GET /cormun/servlet/solicitudot?INS,0,0, HTTP/1.1" 200 12857
186.103.159.182 - - [04/Apr/2017:12:14:06 -0300] "GET /cormun/servlet/prfichaempleado?,MD,,gxPopupLevel%3D0%3B HTTP/1.1" 200 8908
186.103.159.182 - - [04/Apr/2017:12:14:23 -0300] "POST /cormun/servlet/prfichaempleado?0444c26432d2d7ca8e95183f9b4c8350,,MD,,gxPopupLevel%3D0%3B,gx-no-cache=1491318928343 HTTP/1.1" 200 3170
192.168.10.13 - - [04/Apr/2017:12:14:25 -0300] "GET / HTTP/1.1" 200 11217
186.103.159.182 - - [04/Apr/2017:12:14:32 -0300] "POST /cormun/servlet/prfichaempleado?0444c26432d2d7ca8e95183f9b4c8350,,MD,,gxPopupLevel%3D0%3B,gx-no-cache=1491318937431 HTTP/1.1" 200 3170
186.103.159.182 - - [04/Apr/2017:12:14:47 -0300] "POST /cormun/servlet/solicitudot?gx-no-cache=1491318953049 HTTP/1.1" 200 3081
186.103.159.182 - - [04/Apr/2017:12:14:48 -0300] "POST /cormun/servlet/solicitudot?0444c26432d2d7ca8e95183f9b4c8350,INS,0,0,,gx-no-cache=1491318953503 HTTP/1.1" 200 9858
186.103.159.182 - - [04/Apr/2017:12:14:50 -0300] "GET /cormun/servlet/solicitudot?75b9bfaef3177bbb668eb6a5102b6a7d2d6b319245fe2468156980dac66fe09ad72d055d585e782a6a7bd7b13ad8af0c,gx-no-cache=1491318956179 HTTP/1.1" 200 30
200.73.230.173 - - [04/Apr/2017:12:15:03 -0300] "GET /cormun/servlet/trcontratoobservacion? HTTP/1.1" 200 6918
200.73.230.173 - - [04/Apr/2017:12:15:03 -0300] "GET /cormun/static/gxcfg.js?20161221855213 HTTP/1.1" 304 -
200.73.230.173 - - [04/Apr/2017:12:15:04 -0300] "GET /cormun/servlet/trcontratoobservacion? HTTP/1.1" 200 6918
192.168.10.13 - - [04/Apr/2017:12:15:25 -0300] "GET / HTTP/1.1" 200 11217
186.79.82.26 - - [04/Apr/2017:12:15:46 -0300] "GET /cormun/servlet/hlogin HTTP/1.1" 200 1716
186.79.82.26 - - [04/Apr/2017:12:15:46 -0300] "GET /cormun/static/gxcfg.js?201731711485472 HTTP/1.1" 304 -
186.79.82.26 - - [04/Apr/2017:12:15:47 -0300] "GET /cormun/servlet/hlogin HTTP/1.1" 200 1726
186.79.82.26 - - [04/Apr/2017:12:15:52 -0300] "POST /cormun/servlet/hlogin?7002eb89e9c1174cf3dbf615a3505808,gx-no-cache=1491319018962 HTTP/1.1" 200 90
186.79.82.26 - - [04/Apr/2017:12:15:52 -0300] "GET /cormun/servlet/hpexe_link HTTP/1.1" 200 947
186.79.82.26 - - [04/Apr/2017:12:15:52 -0300] "GET /cormun/static/gxcfg.js?201731711483381 HTTP/1.1" 304 -
186.79.82.26 - - [04/Apr/2017:12:15:53 -0300] "GET /cormun/servlet/hhome HTTP/1.1" 200 3823
186.79.82.26 - - [04/Apr/2017:12:15:53 -0300] "GET /cormun/static/gxcfg.js?201731711483497 HTTP/1.1" 304 -
186.79.82.26 - - [04/Apr/2017:12:15:53 -0300] "GET /cormun/servlet/hhome HTTP/1.1" 200 3819
186.79.82.26 - - [04/Apr/2017:12:16:00 -0300] "GET /cormun/servlet/trlicencias? HTTP/1.1" 200 6667
186.79.82.26 - - [04/Apr/2017:12:16:00 -0300] "GET /cormun/static/gxcfg.js?2016122619301429 HTTP/1.1" 304 -
186.79.82.26 - - [04/Apr/2017:12:16:00 -0300] "GET /cormun/static/trlicencias.js?2016122619301919 HTTP/1.1" 304 -
186.79.82.26 - - [04/Apr/2017:12:16:00 -0300] "GET /cormun/servlet/trlicencias? HTTP/1.1" 200 6666
186.79.82.26 - - [04/Apr/2017:12:16:02 -0300] "GET /cormun/servlet/licenciaspermisos?INS,0,,, HTTP/1.1" 200 7209
186.79.82.26 - - [04/Apr/2017:12:16:03 -0300] "GET /cormun/static/gxcfg.js?20173291150977 HTTP/1.1" 304 -
186.79.82.26 - - [04/Apr/2017:12:16:03 -0300] "GET /cormun/static/licenciaspermisos.js?201732911501028 HTTP/1.1" 304 -
186.79.82.26 - - [04/Apr/2017:12:16:03 -0300] "GET /cormun/servlet/licenciaspermisos?INS,0,,, HTTP/1.1" 200 7209
186.79.82.26 - - [04/Apr/2017:12:16:10 -0300] "GET /cormun/servlet/licenciaspermisos?c948641d0fa26d8670adb9ba6646b0347d5c7411c64e0106b3771a7d5ffa663d71e8795eda5500add49585b954f6641f,gx-no-cache=1491319036438 HTTP/1.1" 200 67
186.79.82.26 - - [04/Apr/2017:12:16:10 -0300] "POST /cormun/servlet/licenciaspermisos?7002eb89e9c1174cf3dbf615a3505808,INS,0,,,,gx-no-cache=1491319036579 HTTP/1.1" 200 4433
192.168.10.13 - - [04/Apr/2017:12:16:25 -0300] "GET / HTTP/1.1" 200 11217
186.103.159.182 - - [04/Apr/2017:12:16:51 -0300] "POST /cormun/servlet/solicitudot?gx-no-cache=1491319077439 HTTP/1.1" 200 240
186.103.159.182 - - [04/Apr/2017:12:17:02 -0300] "GET /cormun/servlet/solicitudot?75b9bfaef3177bbb668eb6a5102b6a7d7af35b9421b95c3f66b15205d02e7ef69a7ea7b46ffde3d3ee8c7ecb3490e75e9c1e145dabaa92089e1b1c9085ee14c79ff5c6d254f24120c5ae5c0a1830a2898ee1fdb3f8f013d687ae8cb41a2a45cb9c6028a0af31d4eb50b418fcbcc1ea3d125bdc40d27e92adc094397f58970d30ff75a58ef5865d62086a0be337da7d5cc196d3fb41cd14a450e45877c81939cb89ec1a3a4570a377999429186312e85d3fa18eede2ab98c6128dd9f213549e11a4921cb5b0d6996e1fd9e328498cbfb1043f09274a94bea3c26d8caecc1aee196fcf8dfacd9a397adb072590e52a39b2385ff0d549071f4034bb32f7ef652bf4a499e21063a206011b2765f94b35f02f4f60d5fd95406501969e51ed7685ac99c3feeed62681b061f7506e0b0f7bed6a46080fc087f39103af92e80bc1e5a6e0979b67635c082edd89b2ba14b76da408548e04b1a62f2e9cf05459acab9b27f189729acacabb4b3ec34c92882dfee1460a3eb8bcd22e8c395a89359207431059,gx-no-cache=1491319087342 HTTP/1.1" 200 30
186.103.159.182 - - [04/Apr/2017:12:17:07 -0300] "POST /cormun/servlet/solicitudot?gx-no-cache=1491319092901 HTTP/1.1" 200 30
186.103.159.182 - - [04/Apr/2017:12:17:23 -0300] "GET /cormun/servlet/prfichaempleado?,MD,,gxPopupLevel%3D0%3B HTTP/1.1" 200 8908
192.168.10.13 - - [04/Apr/2017:12:17:25 -0300] "GET / HTTP/1.1" 200 11217
186.103.159.182 - - [04/Apr/2017:12:17:36 -0300] "POST /cormun/servlet/prfichaempleado?0444c26432d2d7ca8e95183f9b4c8350,,MD,,gxPopupLevel%3D0%3B,gx-no-cache=1491319121864 HTTP/1.1" 200 3172
192.168.10.13 - - [04/Apr/2017:12:18:25 -0300] "GET / HTTP/1.1" 200 11217
186.103.159.182 - - [04/Apr/2017:12:18:44 -0300] "POST /cormun/servlet/prfichaempleado?0444c26432d2d7ca8e95183f9b4c8350,,MD,,gxPopupLevel%3D0%3B,gx-no-cache=1491319190317 HTTP/1.1" 200 3394
186.103.159.182 - - [04/Apr/2017:12:18:52 -0300] "GET /cormun/servlet/prlicenciaspermisos?14149898,L,,MD,,gxPopupLevel%3D0%3B HTTP/1.1" 200 7764
186.103.159.182 - - [04/Apr/2017:12:18:53 -0300] "GET /cormun/static/gxcfg.js?20173171152124 HTTP/1.1" 200 953
186.103.159.182 - - [04/Apr/2017:12:19:11 -0300] "POST /cormun/servlet/solicitudot?gx-no-cache=1491319217522 HTTP/1.1" 200 1291
186.79.82.26 - - [04/Apr/2017:12:19:24 -0300] "GET /cormun/static/menuarrow.gif HTTP/1.1" 404 1015
192.168.10.13 - - [04/Apr/2017:12:19:25 -0300] "GET / HTTP/1.1" 200 11217
186.103.159.182 - - [04/Apr/2017:12:19:27 -0300] "POST /cormun/servlet/solicitudot?gx-no-cache=1491319233249 HTTP/1.1" 200 41
186.103.159.182 - - [04/Apr/2017:12:20:10 -0300] "GET /cormun/servlet/solicitudot?75b9bfaef3177bbb668eb6a5102b6a7d77b098e751c8d15503fe75ce302d07d89d10ea1910a9471ada9a6f752017d2609cfa313f67c9282a32610425118b23f51b8811a8ba22b62a68f935077c4182a633652cc5ac466396a081d005f02a6c1f75d57fbbc392daffe6e48baf29a63a3a,gx-no-cache=1491319276020 HTTP/1.1" 200 29
186.103.159.182 - - [04/Apr/2017:12:20:10 -0300] "POST /cormun/servlet/solicitudot?gx-no-cache=1491319276173 HTTP/1.1" 200 1274
186.103.159.182 - - [04/Apr/2017:12:20:10 -0300] "POST /cormun/servlet/solicitudot?gx-no-cache=1491319276318 HTTP/1.1" 200 1157
186.103.159.182 - - [04/Apr/2017:12:20:10 -0300] "GET /cormun/static/menuarrow.gif HTTP/1.1" 404 1015
186.103.159.182 - - [04/Apr/2017:12:20:12 -0300] "POST /cormun/servlet/solicitudot?gx-no-cache=1491319278091 HTTP/1.1" 200 1274
186.103.159.182 - - [04/Apr/2017:12:20:13 -0300] "POST /cormun/servlet/solicitudot?gx-no-cache=1491319278211 HTTP/1.1" 200 1157
192.168.10.13 - - [04/Apr/2017:12:20:25 -0300] "GET / HTTP/1.1" 200 11217
192.168.10.13 - - [04/Apr/2017:12:21:25 -0300] "GET / HTTP/1.1" 200 11217
186.103.159.182 - - [04/Apr/2017:12:21:40 -0300] "GET /cormun/servlet/solicitudot?75b9bfaef3177bbb668eb6a5102b6a7d64429c5a94f25ccdd4de3c4368b9dfee41cd4d46d18db7e3de4bc68b05913ad12862014251d469eac59249e5c071c6fb5f256d8e00d3b4e6d0ab88456e70ba01c3d67e10916811845be5bd33b30fb14b87393db180c77dd32ee1d7dadd57208db98b73bd78f748575613ee333627682693567c8555f3fe9c48379d3e9082d67e86e3ce53b6ed4fd826c5402a0fbd462db9ad7b78bf49328695e1116f83dd39aa11b440701661edc17ccff8b79e3b2171,gx-no-cache=1491319366217 HTTP/1.1" 200 30
186.79.82.26 - - [04/Apr/2017:12:21:44 -0300] "GET /cormun/servlet/licenciaspermisos?c948641d0fa26d8670adb9ba6646b034ee4b642f83feab2341adaefe3e15cc1148e9674d60f63e1661ccc9918b34b99bac6a18dc10173ee2ec7d228b530e2b99e85a75a1c511de1fc4694b79d52d38ae9555767eca74aa46d7bb19557827e4d51e6bcdec926d1fcfe2ee33d70cd9fab2ab38c4c116ed2b5daac7f861a3ea9f152e4267b822c6a5d19c809f75b78e428922f8c89ea8e6e3426714fb3bfc0b129e38ad0251aba747bc7b6f3d90e2c8e5a5,gx-no-cache=1491319370339 HTTP/1.1" 200 30
186.79.82.26 - - [04/Apr/2017:12:21:44 -0300] "POST /cormun/servlet/licenciaspermisos?7002eb89e9c1174cf3dbf615a3505808,INS,0,,,,gx-no-cache=1491319370485 HTTP/1.1" 200 4541
186.103.159.182 - - [04/Apr/2017:12:22:14 -0300] "POST /cormun/servlet/solicitudot?0444c26432d2d7ca8e95183f9b4c8350,INS,0,0,,gx-no-cache=1491319399576 HTTP/1.1" 200 93
186.103.159.182 - - [04/Apr/2017:12:22:14 -0300] "GET /cormun/servlet/hpexe_return? HTTP/1.1" 200 1000
186.103.159.182 - - [04/Apr/2017:12:22:15 -0300] "GET /cormun/servlet/trsolicitudot HTTP/1.1" 200 10626
186.103.159.182 - - [04/Apr/2017:12:22:17 -0300] "GET /cormun/servlet/trsolicitudot HTTP/1.1" 200 10622
186.79.82.26 - - [04/Apr/2017:12:22:20 -0300] "GET /cormun/servlet/licenciaspermisos?c948641d0fa26d8670adb9ba6646b034709af5cace098372d3f4699602d2a533fe1cba27a10d811462d71394f7882c8fec65f9d72d5041f5e1a4987ef85fd4e2bc04a41921e27b91b9ced5f7dec07becf8e033625e6ba5d5838a7436e40775c9fe7fb72eb67fdaddb926a827f671f30668ed1a2d5ce4145238749a08810cc3dc7d3ff3b311a5612375a06a87ba67d82228554956e440996320cfcf45adc044e84fd54735f2c04d7852c6cb95d32b707773a2488636659cfce070a73e9b06ea1a7696f4ddc6171c40ba0f2179c383053ab6af7686582ff2e7e6312b66689f8f2c687bfab21decde8a73efeb7b1fa0da2d,gx-no-cache=1491319406197 HTTP/1.1" 200 63
186.79.82.26 - - [04/Apr/2017:12:22:24 -0300] "POST /cormun/servlet/licenciaspermisos?7002eb89e9c1174cf3dbf615a3505808,INS,0,,,,gx-no-cache=1491319410229 HTTP/1.1" 200 93
186.79.82.26 - - [04/Apr/2017:12:22:24 -0300] "GET /cormun/servlet/hpexe_return? HTTP/1.1" 200 1006
186.79.82.26 - - [04/Apr/2017:12:22:24 -0300] "GET /cormun/static/gxcfg.js?2016101716175148 HTTP/1.1" 304 -
186.79.82.26 - - [04/Apr/2017:12:22:24 -0300] "GET /cormun/servlet/trlicencias HTTP/1.1" 200 7885
192.168.10.13 - - [04/Apr/2017:12:22:25 -0300] "GET / HTTP/1.1" 200 11217
186.79.82.26 - - [04/Apr/2017:12:22:25 -0300] "GET /cormun/servlet/trlicencias HTTP/1.1" 200 7881
186.79.82.26 - - [04/Apr/2017:12:22:30 -0300] "GET /cormun/servlet/licenciaspermisos?INS,0,,, HTTP/1.1" 200 7209
186.79.82.26 - - [04/Apr/2017:12:22:31 -0300] "GET /cormun/servlet/licenciaspermisos?INS,0,,, HTTP/1.1" 200 7209
186.79.82.26 - - [04/Apr/2017:12:22:37 -0300] "GET /cormun/servlet/licenciaspermisos?c948641d0fa26d8670adb9ba6646b034c8e1175b42e836dfa1b3ca5c4d0577fc71e8795eda5500add49585b954f6641f,gx-no-cache=1491319423831 HTTP/1.1" 200 64
186.79.82.26 - - [04/Apr/2017:12:22:38 -0300] "POST /cormun/servlet/licenciaspermisos?7002eb89e9c1174cf3dbf615a3505808,INS,0,,,,gx-no-cache=1491319424313 HTTP/1.1" 200 4425
186.103.159.182 - - [04/Apr/2017:12:22:42 -0300] "GET /cormun/servlet/solicitudot?INS,0,0, HTTP/1.1" 200 12849
186.103.159.182 - - [04/Apr/2017:12:22:44 -0300] "GET /cormun/servlet/solicitudot?INS,0,0, HTTP/1.1" 200 12854
186.79.82.26 - - [04/Apr/2017:12:22:58 -0300] "GET /cormun/static/menuarrow.gif HTTP/1.1" 404 1015
186.103.159.182 - - [04/Apr/2017:12:23:14 -0300] "POST /cormun/servlet/solicitudot?gx-no-cache=1491319458913 HTTP/1.1" 200 3081
186.103.159.182 - - [04/Apr/2017:12:23:14 -0300] "POST /cormun/servlet/solicitudot?0444c26432d2d7ca8e95183f9b4c8350,INS,0,0,,gx-no-cache=1491319460201 HTTP/1.1" 200 9857
186.103.159.182 - - [04/Apr/2017:12:23:15 -0300] "GET /cormun/servlet/solicitudot?75b9bfaef3177bbb668eb6a5102b6a7d2d6b319245fe2468156980dac66fe09ad72d055d585e782a6a7bd7b13ad8af0c,gx-no-cache=1491319461063 HTTP/1.1" 200 30
192.168.10.13 - - [04/Apr/2017:12:23:25 -0300] "GET / HTTP/1.1" 200 11217
192.168.10.13 - - [04/Apr/2017:12:24:25 -0300] "GET / HTTP/1.1" 200 11217
186.103.159.182 - - [04/Apr/2017:12:25:01 -0300] "POST /cormun/servlet/solicitudot?gx-no-cache=1491319566726 HTTP/1.1" 200 240
186.103.159.182 - - [04/Apr/2017:12:25:03 -0300] "GET /cormun/servlet/solicitudot?75b9bfaef3177bbb668eb6a5102b6a7d7af35b9421b95c3f66b15205d02e7ef69a7ea7b46ffde3d3ee8c7ecb3490e75e9c1e145dabaa92089e1b1c9085ee14c79ff5c6d254f24120c5ae5c0a1830a2898ee1fdb3f8f013d687ae8cb41a2a45cb9c6028a0af31d4eb50b418fcbcc1ea3d125bdc40d27e92adc094397f58970d30ff75a58ef5865d62086a0be337da7d5cc196d3fb41cd14a450e45877c81939cb89ec1a3a4570a377999429186312e85d3fa18eede2ab98c6128dd9f213549e11a4921cb5b0d6996e1fd9e328498cbfb1043f09274a94bea3c26d8caecc1aee196fcf8dfacd9a397adb072590e52a39b2385ff0d549071f4034bb32f7ef652bf4a499e21063a206011b2765f94b35f02f4f60d5fd95406501969e51ed7685ac99c3feeed62681b061f7506e0b0f7bed6a46080fc087f39103af92e80bc1e5a6e0979b67635c082edd89b2ba14b76da408548e04b1a62f2e9cf05459acab9b27f189729acacabb4b3ec34c92882dfee1460a3eb8bcd22e8c395a89359207431059,gx-no-cache=1491319569198 HTTP/1.1" 200 30
186.103.159.182 - - [04/Apr/2017:12:25:11 -0300] "POST /cormun/servlet/solicitudot?gx-no-cache=1491319577102 HTTP/1.1" 200 30
186.103.159.182 - - [04/Apr/2017:12:25:15 -0300] "POST /cormun/servlet/solicitudot?gx-no-cache=1491319581052 HTTP/1.1" 200 30
192.168.10.13 - - [04/Apr/2017:12:25:25 -0300] "GET / HTTP/1.1" 200 11217
186.103.159.182 - - [04/Apr/2017:12:25:33 -0300] "POST /cormun/servlet/solicitudot?gx-no-cache=1491319599374 HTTP/1.1" 200 235
186.103.159.182 - - [04/Apr/2017:12:25:34 -0300] "POST /cormun/servlet/solicitudot?gx-no-cache=1491319599469 HTTP/1.1" 200 38
186.79.82.26 - - [04/Apr/2017:12:26:09 -0300] "GET /cormun/servlet/licenciaspermisos?c948641d0fa26d8670adb9ba6646b034ee4b642f83feab2341adaefe3e15cc115934f6fe0c0da8072d8be987f9e40e17ac6a18dc10173ee2ec7d228b530e2b99e85a75a1c511de1fc4694b79d52d38ae9555767eca74aa46d7bb19557827e4d51e6bcdec926d1fcfe2ee33d70cd9fab2ab38c4c116ed2b5daac7f861a3ea9f152e4267b822c6a5d19c809f75b78e428922f8c89ea8e6e3426714fb3bfc0b129e38ad0251aba747bc7b6f3d90e2c8e5a5,gx-no-cache=1491319635153 HTTP/1.1" 200 30
186.79.82.26 - - [04/Apr/2017:12:26:09 -0300] "GET /cormun/servlet/licenciaspermisos?c948641d0fa26d8670adb9ba6646b034709af5cace098372d3f4699602d2a53365f0a2aacdad1595b395234ef314d44cec65f9d72d5041f5e1a4987ef85fd4e2bc04a41921e27b91b9ced5f7dec07becf8e033625e6ba5d5838a7436e40775c99e612d935af12205ffdf6d5c7a4dbade68ed1a2d5ce4145238749a08810cc3dc13a74350e0ba2317e11c5d1c4e07720b737cb3dbeefe91ee84d6a267dbf8d436fb074a083f1ffbbd734d94c21fe2dd59,gx-no-cache=1491319635325 HTTP/1.1" 200 29
186.79.82.26 - - [04/Apr/2017:12:26:09 -0300] "POST /cormun/servlet/licenciaspermisos?7002eb89e9c1174cf3dbf615a3505808,INS,0,,,,gx-no-cache=1491319635442 HTTP/1.1" 200 93
186.79.82.26 - - [04/Apr/2017:12:26:09 -0300] "GET /cormun/servlet/hpexe_return? HTTP/1.1" 200 1006
186.79.82.26 - - [04/Apr/2017:12:26:10 -0300] "GET /cormun/servlet/trlicencias HTTP/1.1" 200 8230
186.79.82.26 - - [04/Apr/2017:12:26:10 -0300] "GET /cormun/servlet/trlicencias HTTP/1.1" 200 8224
186.79.82.26 - - [04/Apr/2017:12:26:14 -0300] "GET /cormun/servlet/trlicenciaspermisosadjuntos?13901635,20170404000000,L, HTTP/1.1" 200 6177
186.79.82.26 - - [04/Apr/2017:12:26:14 -0300] "GET /cormun/static/gxcfg.js?20173171154619 HTTP/1.1" 304 -
186.79.82.26 - - [04/Apr/2017:12:26:15 -0300] "GET /cormun/static/trlicenciaspermisosadjuntos.js?20173171154971 HTTP/1.1" 304 -
186.79.82.26 - - [04/Apr/2017:12:26:15 -0300] "GET /cormun/servlet/trlicenciaspermisosadjuntos?13901635,20170404000000,L, HTTP/1.1" 200 6178
186.79.82.26 - - [04/Apr/2017:12:26:17 -0300] "GET /cormun/servlet/licenciaspermisosadjuntos?INS,13901635,L,20170404000000,, HTTP/1.1" 200 5469
186.79.82.26 - - [04/Apr/2017:12:26:17 -0300] "GET /cormun/static/gxcfg.js?201731711421170 HTTP/1.1" 304 -
186.79.82.26 - - [04/Apr/2017:12:26:17 -0300] "GET /cormun/static/licenciaspermisosadjuntos.js?201731711421181 HTTP/1.1" 304 -
186.79.82.26 - - [04/Apr/2017:12:26:17 -0300] "GET /cormun/static/about:blank HTTP/1.1" 404 1011
186.79.82.26 - - [04/Apr/2017:12:26:18 -0300] "GET /cormun/servlet/licenciaspermisosadjuntos?INS,13901635,L,20170404000000,, HTTP/1.1" 200 5458
192.168.10.13 - - [04/Apr/2017:12:26:25 -0300] "GET / HTTP/1.1" 200 11217
186.103.159.182 - - [04/Apr/2017:12:26:31 -0300] "GET /cormun/servlet/solicitudot?75b9bfaef3177bbb668eb6a5102b6a7d77b098e751c8d15503fe75ce302d07d89d10ea1910a9471ada9a6f752017d2609cfa313f67c9282a32610425118b23f51b8811a8ba22b62a68f935077c4182a633652cc5ac466396a081d005f02a6c1f75d57fbbc392daffe6e48baf29a63a3a,gx-no-cache=1491319657084 HTTP/1.1" 200 29
186.103.159.182 - - [04/Apr/2017:12:26:31 -0300] "POST /cormun/servlet/solicitudot?gx-no-cache=1491319657217 HTTP/1.1" 200 643
186.103.159.182 - - [04/Apr/2017:12:26:32 -0300] "POST /cormun/servlet/solicitudot?gx-no-cache=1491319658447 HTTP/1.1" 200 1157
186.79.82.26 - - [04/Apr/2017:12:27:22 -0300] "POST /cormun/servlet/licenciaspermisosadjuntos?7002eb89e9c1174cf3dbf615a3505808,INS,13901635,L,20170404000000,, HTTP/1.1" 200 116
186.79.82.26 - - [04/Apr/2017:12:27:23 -0300] "GET /cormun/servlet/hpexe_return? HTTP/1.1" 200 1035
186.79.82.26 - - [04/Apr/2017:12:27:23 -0300] "GET /cormun/servlet/trlicenciaspermisosadjuntos?13901635,20170404000000,L, HTTP/1.1" 200 6671
186.79.82.26 - - [04/Apr/2017:12:27:24 -0300] "GET /cormun/servlet/trlicenciaspermisosadjuntos?13901635,20170404000000,L, HTTP/1.1" 200 6668
192.168.10.13 - - [04/Apr/2017:12:27:25 -0300] "GET / HTTP/1.1" 200 11217
186.79.82.26 - - [04/Apr/2017:12:27:36 -0300] "POST /cormun/servlet/trlicenciaspermisosadjuntos?7002eb89e9c1174cf3dbf615a3505808,13901635,20170404000000,L,,gx-no-cache=1491319722029 HTTP/1.1" 200 90
186.79.82.26 - - [04/Apr/2017:12:27:36 -0300] "GET /cormun/servlet/hpexe_link HTTP/1.1" 200 979
186.79.82.26 - - [04/Apr/2017:12:27:36 -0300] "GET /cormun/servlet/trlicencias HTTP/1.1" 200 8227
186.79.82.26 - - [04/Apr/2017:12:27:37 -0300] "GET /cormun/servlet/trlicencias HTTP/1.1" 200 8224
186.79.82.26 - - [04/Apr/2017:12:27:40 -0300] "GET /cormun/servlet/alicenciaprn?13901635,L,20170404000000,PU HTTP/1.1" 200 1617
186.103.159.182 - - [04/Apr/2017:12:28:11 -0300] "GET /cormun/static/menuarrow.gif HTTP/1.1" 404 1015
192.168.10.13 - - [04/Apr/2017:12:28:25 -0300] "GET / HTTP/1.1" 200 11217
186.79.82.26 - - [04/Apr/2017:12:28:28 -0300] "GET /cormun/servlet/trlicenciaspermisosadjuntos?17477102,20170404000000,L, HTTP/1.1" 200 6172
186.79.82.26 - - [04/Apr/2017:12:28:28 -0300] "GET /cormun/servlet/trlicenciaspermisosadjuntos?17477102,20170404000000,L, HTTP/1.1" 200 6173
186.79.82.26 - - [04/Apr/2017:12:28:31 -0300] "GET /cormun/servlet/licenciaspermisosadjuntos?INS,17477102,L,20170404000000,, HTTP/1.1" 200 5466
186.79.82.26 - - [04/Apr/2017:12:28:32 -0300] "GET /cormun/static/about:blank HTTP/1.1" 404 1011
186.79.82.26 - - [04/Apr/2017:12:28:32 -0300] "GET /cormun/servlet/licenciaspermisosadjuntos?INS,17477102,L,20170404000000,, HTTP/1.1" 200 5456
186.103.159.182 - - [04/Apr/2017:12:28:41 -0300] "GET /cormun/servlet/solicitudot?75b9bfaef3177bbb668eb6a5102b6a7d64429c5a94f25ccdd4de3c4368b9dfee1c4e78becfa3be2416bf47609a82b01c40330db16d529c00eaf8a10a99e2ba545303c415063f69f56d3b9084c7f8cc073d2ba6fa79eb9889db811c62e93c984fc2143793cc8daa71577009453ef359429a350b64c995d12e5a0778f97eab9c462464d992e9ea0174b1fae5a3dadb4fb749e6ad0cc1d1be6c7ea33ac66da3fe58f63311e76f66408f3fd85722c71ceb1f,gx-no-cache=1491319787080 HTTP/1.1" 200 30
186.103.159.182 - - [04/Apr/2017:12:29:07 -0300] "POST /cormun/servlet/solicitudot?0444c26432d2d7ca8e95183f9b4c8350,INS,0,0,,gx-no-cache=1491319812156 HTTP/1.1" 200 93
186.103.159.182 - - [04/Apr/2017:12:29:07 -0300] "GET /cormun/servlet/hpexe_return? HTTP/1.1" 200 1000
186.103.159.182 - - [04/Apr/2017:12:29:07 -0300] "GET /cormun/servlet/trsolicitudot HTTP/1.1" 200 10876
186.103.159.182 - - [04/Apr/2017:12:29:09 -0300] "GET /cormun/servlet/trsolicitudot HTTP/1.1" 200 10872
186.103.159.182 - - [04/Apr/2017:12:29:16 -0300] "GET /cormun/servlet/solicitudot?INS,0,0, HTTP/1.1" 200 12852
186.103.159.182 - - [04/Apr/2017:12:29:18 -0300] "GET /cormun/servlet/solicitudot?INS,0,0, HTTP/1.1" 200 12857
186.79.82.26 - - [04/Apr/2017:12:29:22 -0300] "POST /cormun/servlet/licenciaspermisosadjuntos?7002eb89e9c1174cf3dbf615a3505808,INS,17477102,L,20170404000000,, HTTP/1.1" 200 116
186.79.82.26 - - [04/Apr/2017:12:29:22 -0300] "GET /cormun/servlet/hpexe_return? HTTP/1.1" 200 1035
186.79.82.26 - - [04/Apr/2017:12:29:22 -0300] "GET /cormun/servlet/trlicenciaspermisosadjuntos?17477102,20170404000000,L, HTTP/1.1" 200 6663
186.79.82.26 - - [04/Apr/2017:12:29:23 -0300] "GET /cormun/servlet/trlicenciaspermisosadjuntos?17477102,20170404000000,L, HTTP/1.1" 200 6659
192.168.10.13 - - [04/Apr/2017:12:29:25 -0300] "GET / HTTP/1.1" 200 11217
186.79.82.26 - - [04/Apr/2017:12:29:28 -0300] "POST /cormun/servlet/trlicenciaspermisosadjuntos?7002eb89e9c1174cf3dbf615a3505808,17477102,20170404000000,L,,gx-no-cache=1491319832860 HTTP/1.1" 200 90
186.79.82.26 - - [04/Apr/2017:12:29:29 -0300] "GET /cormun/servlet/hpexe_link HTTP/1.1" 200 979
186.79.82.26 - - [04/Apr/2017:12:29:29 -0300] "GET /cormun/servlet/trlicencias HTTP/1.1" 200 8227
186.79.82.26 - - [04/Apr/2017:12:29:31 -0300] "GET /cormun/servlet/trlicencias HTTP/1.1" 200 8224
186.79.82.26 - - [04/Apr/2017:12:29:35 -0300] "GET /cormun/servlet/alicenciaprn?17477102,L,20170404000000,PU HTTP/1.1" 200 1555
186.103.159.182 - - [04/Apr/2017:12:29:36 -0300] "POST /cormun/servlet/solicitudot?gx-no-cache=1491319841407 HTTP/1.1" 200 3081
186.103.159.182 - - [04/Apr/2017:12:29:37 -0300] "POST /cormun/servlet/solicitudot?0444c26432d2d7ca8e95183f9b4c8350,INS,0,0,,gx-no-cache=1491319842114 HTTP/1.1" 200 9858
186.103.159.182 - - [04/Apr/2017:12:29:38 -0300] "GET /cormun/servlet/solicitudot?75b9bfaef3177bbb668eb6a5102b6a7d2d6b319245fe2468156980dac66fe09ad72d055d585e782a6a7bd7b13ad8af0c,gx-no-cache=1491319843965 HTTP/1.1" 200 30
192.168.10.13 - - [04/Apr/2017:12:30:25 -0300] "GET / HTTP/1.1" 200 11217
192.168.10.13 - - [04/Apr/2017:12:31:25 -0300] "GET / HTTP/1.1" 200 11217
191.96.249.97 - - [04/Apr/2017:12:31:36 -0300] "GET /setup.cgi HTTP/1.1" 404 979
192.168.10.13 - - [04/Apr/2017:12:32:25 -0300] "GET / HTTP/1.1" 200 11217
186.103.159.182 - - [04/Apr/2017:12:32:51 -0300] "POST /cormun/servlet/solicitudot?gx-no-cache=1491320037348 HTTP/1.1" 200 240
186.103.159.182 - - [04/Apr/2017:12:32:53 -0300] "GET /cormun/servlet/solicitudot?75b9bfaef3177bbb668eb6a5102b6a7d7af35b9421b95c3f66b15205d02e7ef69a7ea7b46ffde3d3ee8c7ecb3490e75e9c1e145dabaa92089e1b1c9085ee14c79ff5c6d254f24120c5ae5c0a1830a2898ee1fdb3f8f013d687ae8cb41a2a45cb9c6028a0af31d4eb50b418fcbcc1ea3d125bdc40d27e92adc094397f58970d30ff75a58ef5865d62086a0be337da7d5cc196d3fb41cd14a450e45877c81939cb89ec1a3a4570a377999429186312e85d3fa18eede2ab98c6128dd9f213549e11a4921cb5b0d6996e1fd9e328498cbfb1043f09274a94bea3c26d8caecc1aee196fcf8dfacd9a397adb072590e52a39b2385ff0d549071f4034bb32f7ef652bf4a499e21063a206011b2765f94b35f02f4f60d5fd95406501969e51ed7685ac99c3feeed62681b061f7506e0b0f7bed6a46080fc087f39103af92e80bc1e5a6e0979b67635c082edd89b2ba14b76da408548e04b1a62f2e9cf05459acab9b27f189729acacabb4b3ec34c92882dfee1460a3eb8bcd22e8c395a89359207431059,gx-no-cache=1491320039085 HTTP/1.1" 200 30
186.103.159.182 - - [04/Apr/2017:12:32:59 -0300] "POST /cormun/servlet/solicitudot?gx-no-cache=1491320045401 HTTP/1.1" 200 30
186.103.159.182 - - [04/Apr/2017:12:32:59 -0300] "POST /cormun/servlet/solicitudot?gx-no-cache=1491320045470 HTTP/1.1" 200 235
186.103.159.182 - - [04/Apr/2017:12:32:59 -0300] "POST /cormun/servlet/solicitudot?gx-no-cache=1491320045541 HTTP/1.1" 200 38
192.168.10.13 - - [04/Apr/2017:12:33:25 -0300] "GET / HTTP/1.1" 200 11217
157.55.39.26 - - [04/Apr/2017:12:33:33 -0300] "GET /cormunbeta/servlet/hpexe_link HTTP/1.1" 200 929
186.103.159.182 - - [04/Apr/2017:12:33:34 -0300] "POST /cormun/servlet/solicitudot?gx-no-cache=1491320079847 HTTP/1.1" 200 655
186.103.159.182 - - [04/Apr/2017:12:33:34 -0300] "POST /cormun/servlet/solicitudot?gx-no-cache=1491320079967 HTTP/1.1" 200 38
186.103.159.182 - - [04/Apr/2017:12:33:38 -0300] "GET /cormun/servlet/solicitudot?75b9bfaef3177bbb668eb6a5102b6a7d77b098e751c8d15503fe75ce302d07d89d10ea1910a9471ada9a6f752017d2609cfa313f67c9282a32610425118b23f51b8811a8ba22b62a68f935077c4182a633652cc5ac466396a081d005f02a6c1f75d57fbbc392daffe6e48baf29a63a3a,gx-no-cache=1491320083787 HTTP/1.1" 200 29
186.103.159.182 - - [04/Apr/2017:12:33:38 -0300] "POST /cormun/servlet/solicitudot?gx-no-cache=1491320083879 HTTP/1.1" 200 641
186.103.159.182 - - [04/Apr/2017:12:33:39 -0300] "POST /cormun/servlet/solicitudot?gx-no-cache=1491320085135 HTTP/1.1" 200 1157
186.79.82.26 - - [04/Apr/2017:12:33:51 -0300] "POST /cormun/servlet/trlicencias?7002eb89e9c1174cf3dbf615a3505808,gx-no-cache=1491320096482 HTTP/1.1" 200 5207
186.79.82.26 - - [04/Apr/2017:12:33:51 -0300] "GET /cormun/static/Shared/jqueryui/images/ui-bg_highlight-soft_100_c6c2c8_1x100.png HTTP/1.1" 404 1117
186.79.82.26 - - [04/Apr/2017:12:33:51 -0300] "GET /cormun/static/Shared/jqueryui/images/ui-icons_82798d_256x240.png HTTP/1.1" 404 1089
186.79.82.26 - - [04/Apr/2017:12:33:51 -0300] "GET /cormun/static/Shared/jqueryui/images/ui-bg_flat_55_fafafa_40x100.png HTTP/1.1" 404 1097
186.79.82.26 - - [04/Apr/2017:12:33:51 -0300] "GET /cormun/static/Shared/jqueryui/images/ui-icons_8d78a5_256x240.png HTTP/1.1" 404 1089
186.79.82.26 - - [04/Apr/2017:12:33:53 -0300] "POST /cormun/servlet/trlicencias?7002eb89e9c1174cf3dbf615a3505808,gx-no-cache=1491320098786 HTTP/1.1" 200 4043
186.103.159.182 - - [04/Apr/2017:12:33:54 -0300] "GET /cormun/static/menuarrow.gif HTTP/1.1" 404 1015
186.103.159.182 - - [04/Apr/2017:12:34:01 -0300] "GET /cormun/servlet/solicitudot?75b9bfaef3177bbb668eb6a5102b6a7d64429c5a94f25ccdd4de3c4368b9dfee422e7930e60229c2418b547fc273fd949511bdf31a8fd8cd8b08ef6385102b659923a80af40502d9d64c675ac5ab808040546ef2cc83015c5d617d8530dd9ac0e3be0e7f28c306b308f49fb44e89e5cb6fd390eb413049d1d7d560280c17a24d139b2710c1520f6b004d5754f425cee1628c1974505d28ff4608806d383a591be27e299e0b045bef4717562dd845dbb7,gx-no-cache=1491320107114 HTTP/1.1" 200 30
186.103.159.182 - - [04/Apr/2017:12:34:24 -0300] "POST /cormun/servlet/solicitudot?0444c26432d2d7ca8e95183f9b4c8350,INS,0,0,,gx-no-cache=1491320130205 HTTP/1.1" 200 11222
186.103.159.182 - - [04/Apr/2017:12:34:25 -0300] "GET /cormun/static/Shared/jqueryui/images/ui-bg_highlight-soft_100_c6c2c8_1x100.png HTTP/1.1" 404 1117
186.103.159.182 - - [04/Apr/2017:12:34:25 -0300] "GET /cormun/static/Shared/jqueryui/images/ui-icons_82798d_256x240.png HTTP/1.1" 404 1089
186.103.159.182 - - [04/Apr/2017:12:34:25 -0300] "GET /cormun/static/Shared/jqueryui/images/ui-bg_flat_55_994d53_40x100.png HTTP/1.1" 404 1097
186.103.159.182 - - [04/Apr/2017:12:34:25 -0300] "GET /cormun/static/Shared/jqueryui/images/ui-icons_ebccce_256x240.png HTTP/1.1" 404 1089
192.168.10.13 - - [04/Apr/2017:12:34:25 -0300] "GET / HTTP/1.1" 200 11217
186.103.159.182 - - [04/Apr/2017:12:34:34 -0300] "POST /cormun/servlet/solicitudot?gx-no-cache=1491320140476 HTTP/1.1" 200 1286
186.103.159.182 - - [04/Apr/2017:12:34:35 -0300] "POST /cormun/servlet/solicitudot?gx-no-cache=1491320140635 HTTP/1.1" 200 41
186.103.159.182 - - [04/Apr/2017:12:34:35 -0300] "POST /cormun/servlet/solicitudot?gx-no-cache=1491320140720 HTTP/1.1" 200 1273
186.103.159.182 - - [04/Apr/2017:12:34:35 -0300] "POST /cormun/servlet/solicitudot?gx-no-cache=1491320140819 HTTP/1.1" 200 1157
186.103.159.182 - - [04/Apr/2017:12:34:35 -0300] "GET /cormun/servlet/solicitudot?75b9bfaef3177bbb668eb6a5102b6a7d64429c5a94f25ccdd4de3c4368b9dfee1c4e78becfa3be2416bf47609a82b01c40330db16d529c00eaf8a10a99e2ba545303c415063f69f56d3b9084c7f8cc073d2ba6fa79eb9889db811c62e93c984fc2143793cc8daa71577009453ef359429a350b64c995d12e5a0778f97eab9c462464d992e9ea0174b1fae5a3dadb4fb749e6ad0cc1d1be6c7ea33ac66da3fe58f63311e76f66408f3fd85722c71ceb1f,gx-no-cache=1491320140885 HTTP/1.1" 200 30
186.103.159.182 - - [04/Apr/2017:12:34:35 -0300] "POST /cormun/servlet/solicitudot?0444c26432d2d7ca8e95183f9b4c8350,INS,0,0,,gx-no-cache=1491320140943 HTTP/1.1" 200 93
186.103.159.182 - - [04/Apr/2017:12:34:35 -0300] "GET /cormun/servlet/hpexe_return? HTTP/1.1" 200 1000
186.103.159.182 - - [04/Apr/2017:12:34:36 -0300] "GET /cormun/servlet/trsolicitudot HTTP/1.1" 200 11230
186.103.159.182 - - [04/Apr/2017:12:34:38 -0300] "GET /cormun/servlet/trsolicitudot HTTP/1.1" 200 11226
186.103.159.182 - - [04/Apr/2017:12:34:52 -0300] "POST /cormun/servlet/trsolicitudot?0444c26432d2d7ca8e95183f9b4c8350,gx-no-cache=1491320157860 HTTP/1.1" 200 106
186.103.159.182 - - [04/Apr/2017:12:34:52 -0300] "GET /cormun/servlet/trsolicitudadjuntos?2017,5909, HTTP/1.1" 200 6156
186.103.159.182 - - [04/Apr/2017:12:34:53 -0300] "GET /cormun/static/gxcfg.js?201731711504543 HTTP/1.1" 304 -
186.103.159.182 - - [04/Apr/2017:12:34:54 -0300] "GET /cormun/servlet/trsolicitudadjuntos?2017,5909, HTTP/1.1" 200 6156
186.103.159.182 - - [04/Apr/2017:12:34:57 -0300] "GET /cormun/servlet/solicitudotadjuntos?INS,2017,5909,,1, HTTP/1.1" 200 6091
