186.103.157.235 - - [04/Apr/2017:17:17:52 -0300] "GET /cormun/servlet/trsolicitudadjuntos?2017,5905, HTTP/1.1" 200 8256
186.103.159.183 - - [04/Apr/2017:17:17:52 -0300] "GET /cormun/servlet/solicitudotadjuntos?3073b5c4e1f8cbb0b60ef878d8e9da08350cae53282cb240693652512332888bac8e42d4017765b12cea833ca299ca8d,gx-no-cache=1491337144582 HTTP/1.1" 200 30
186.103.159.183 - - [04/Apr/2017:17:17:52 -0300] "POST /cormun/servlet/solicitudotadjuntos?6e068eb5d3ed155381468822a81e2698,INS,2017,5928,,1,,gx-no-cache=1491337144683 HTTP/1.1" 200 3825
186.103.157.235 - - [04/Apr/2017:17:17:54 -0300] "GET /cormun/servlet/solicitudotadjuntos?INS,2017,5905,,1, HTTP/1.1" 200 6015
186.103.157.235 - - [04/Apr/2017:17:17:54 -0300] "GET /cormun/static/about:blank HTTP/1.1" 404 1011
186.103.157.235 - - [04/Apr/2017:17:17:54 -0300] "GET /cormun/servlet/solicitudotadjuntos?INS,2017,5905,,1, HTTP/1.1" 200 6009
186.103.159.183 - - [04/Apr/2017:17:17:54 -0300] "POST /cormun/servlet/solicitudotadjuntos?gx-no-cache=1491337147053 HTTP/1.1" 200 26
186.103.157.235 - - [04/Apr/2017:17:17:55 -0300] "GET /cormun/servlet/solicitudotadjuntos?2ae59379135e87955784c37df817a5418d7545407e0ad0643593b1294c74d310eabb7de0ba4b868c9e1fb5c8becd54fc,gx-no-cache=1491337143724 HTTP/1.1" 200 30
186.103.157.235 - - [04/Apr/2017:17:17:55 -0300] "POST /cormun/servlet/solicitudotadjuntos?2c1e2d6f23af735bfae5091b31ffff21,INS,2017,5905,,1,,gx-no-cache=1491337144130 HTTP/1.1" 200 3815
186.103.157.235 - - [04/Apr/2017:17:17:58 -0300] "POST /cormun/servlet/solicitudotadjuntos?gx-no-cache=1491337146940 HTTP/1.1" 200 26
186.103.159.183 - - [04/Apr/2017:17:18:02 -0300] "GET /cormun/servlet/solicitudotadjuntos?3073b5c4e1f8cbb0b60ef878d8e9da08acf1bc1c10d036c05677f99564d60485,gx-no-cache=1491337154566 HTTP/1.1" 200 30
186.103.159.183 - - [04/Apr/2017:17:18:02 -0300] "GET /cormun/servlet/solicitudotadjuntos?3073b5c4e1f8cbb0b60ef878d8e9da08acf1bc1c10d036c05677f99564d60485,gx-no-cache=1491337154589 HTTP/1.1" 200 30
186.103.159.183 - - [04/Apr/2017:17:18:03 -0300] "POST /cormun/servlet/solicitudotadjuntos?6e068eb5d3ed155381468822a81e2698,INS,2017,5928,,1, HTTP/1.1" 200 116
186.103.159.183 - - [04/Apr/2017:17:18:03 -0300] "GET /cormun/servlet/hpexe_return? HTTP/1.1" 200 1027
186.103.159.183 - - [04/Apr/2017:17:18:04 -0300] "GET /cormun/servlet/trsolicitudadjuntos?2017,5928, HTTP/1.1" 200 8916
186.103.157.235 - - [04/Apr/2017:17:18:05 -0300] "GET /cormun/servlet/solicitudotadjuntos?2ae59379135e87955784c37df817a541d5e56f5f241227b8cb1c7ef25e188fe2,gx-no-cache=1491337153910 HTTP/1.1" 200 30
186.103.157.235 - - [04/Apr/2017:17:18:05 -0300] "GET /cormun/servlet/solicitudotadjuntos?2ae59379135e87955784c37df817a541d5e56f5f241227b8cb1c7ef25e188fe2,gx-no-cache=1491337153970 HTTP/1.1" 200 30
186.103.159.183 - - [04/Apr/2017:17:18:05 -0300] "GET /cormun/servlet/trsolicitudadjuntos?2017,5928, HTTP/1.1" 200 8913
186.103.157.235 - - [04/Apr/2017:17:18:06 -0300] "POST /cormun/servlet/solicitudotadjuntos?2c1e2d6f23af735bfae5091b31ffff21,INS,2017,5905,,1, HTTP/1.1" 200 116
186.103.157.235 - - [04/Apr/2017:17:18:06 -0300] "GET /cormun/servlet/hpexe_return? HTTP/1.1" 200 1017
186.103.157.235 - - [04/Apr/2017:17:18:07 -0300] "GET /cormun/servlet/trsolicitudadjuntos?2017,5905, HTTP/1.1" 200 8435
186.103.157.235 - - [04/Apr/2017:17:18:08 -0300] "GET /cormun/servlet/trsolicitudadjuntos?2017,5905, HTTP/1.1" 200 8437
186.103.159.183 - - [04/Apr/2017:17:18:09 -0300] "GET /cormun/servlet/solicitudotadjuntos?INS,2017,5928,,1, HTTP/1.1" 200 6030
186.103.159.183 - - [04/Apr/2017:17:18:09 -0300] "GET /cormun/static/about:blank HTTP/1.1" 404 1011
186.103.157.235 - - [04/Apr/2017:17:18:10 -0300] "GET /cormun/servlet/solicitudotadjuntos?INS,2017,5905,,1, HTTP/1.1" 200 6015
186.103.157.235 - - [04/Apr/2017:17:18:10 -0300] "GET /cormun/static/about:blank HTTP/1.1" 404 1011
186.103.159.183 - - [04/Apr/2017:17:18:10 -0300] "GET /cormun/servlet/solicitudotadjuntos?INS,2017,5928,,1, HTTP/1.1" 200 6023
186.103.159.183 - - [04/Apr/2017:17:18:10 -0300] "GET /cormun/servlet/solicitudotadjuntos?3073b5c4e1f8cbb0b60ef878d8e9da08350cae53282cb240693652512332888bac8e42d4017765b12cea833ca299ca8d,gx-no-cache=1491337163127 HTTP/1.1" 200 30
186.103.159.183 - - [04/Apr/2017:17:18:10 -0300] "POST /cormun/servlet/solicitudotadjuntos?6e068eb5d3ed155381468822a81e2698,INS,2017,5928,,1,,gx-no-cache=1491337163182 HTTP/1.1" 200 3825
186.103.159.183 - - [04/Apr/2017:17:18:11 -0300] "GET /cormun/static/about:blank HTTP/1.1" 404 1011
186.103.157.235 - - [04/Apr/2017:17:18:11 -0300] "GET /cormun/servlet/solicitudotadjuntos?INS,2017,5905,,1, HTTP/1.1" 200 6009
186.103.157.235 - - [04/Apr/2017:17:18:12 -0300] "GET /cormun/servlet/solicitudotadjuntos?2ae59379135e87955784c37df817a5418d7545407e0ad0643593b1294c74d310eabb7de0ba4b868c9e1fb5c8becd54fc,gx-no-cache=1491337160987 HTTP/1.1" 200 30
186.103.157.235 - - [04/Apr/2017:17:18:13 -0300] "POST /cormun/servlet/solicitudotadjuntos?2c1e2d6f23af735bfae5091b31ffff21,INS,2017,5905,,1,,gx-no-cache=1491337161365 HTTP/1.1" 200 3815
186.103.159.183 - - [04/Apr/2017:17:18:14 -0300] "POST /cormun/servlet/solicitudotadjuntos?gx-no-cache=1491337166789 HTTP/1.1" 200 26
186.103.157.235 - - [04/Apr/2017:17:18:15 -0300] "POST /cormun/servlet/solicitudotadjuntos?gx-no-cache=1491337163981 HTTP/1.1" 200 26
186.103.159.183 - - [04/Apr/2017:17:18:19 -0300] "GET /cormun/servlet/solicitudotadjuntos?3073b5c4e1f8cbb0b60ef878d8e9da08acf1bc1c10d036c05677f99564d60485,gx-no-cache=1491337172052 HTTP/1.1" 200 30
186.103.159.183 - - [04/Apr/2017:17:18:19 -0300] "GET /cormun/servlet/solicitudotadjuntos?3073b5c4e1f8cbb0b60ef878d8e9da08acf1bc1c10d036c05677f99564d60485,gx-no-cache=1491337172089 HTTP/1.1" 200 30
186.103.157.235 - - [04/Apr/2017:17:18:21 -0300] "GET /cormun/servlet/solicitudotadjuntos?2ae59379135e87955784c37df817a541d5e56f5f241227b8cb1c7ef25e188fe2,gx-no-cache=1491337170582 HTTP/1.1" 200 30
186.103.157.235 - - [04/Apr/2017:17:18:21 -0300] "GET /cormun/servlet/solicitudotadjuntos?2ae59379135e87955784c37df817a541d5e56f5f241227b8cb1c7ef25e188fe2,gx-no-cache=1491337170643 HTTP/1.1" 200 30
192.168.10.13 - - [04/Apr/2017:17:18:25 -0300] "GET / HTTP/1.1" 200 11217
186.103.159.183 - - [04/Apr/2017:17:18:25 -0300] "POST /cormun/servlet/solicitudotadjuntos?6e068eb5d3ed155381468822a81e2698,INS,2017,5928,,1, HTTP/1.1" 200 116
186.103.159.183 - - [04/Apr/2017:17:18:25 -0300] "GET /cormun/servlet/hpexe_return? HTTP/1.1" 200 1027
186.103.159.183 - - [04/Apr/2017:17:18:26 -0300] "GET /cormun/servlet/trsolicitudadjuntos?2017,5928, HTTP/1.1" 200 9119
186.103.157.235 - - [04/Apr/2017:17:18:26 -0300] "POST /cormun/servlet/solicitudotadjuntos?2c1e2d6f23af735bfae5091b31ffff21,INS,2017,5905,,1, HTTP/1.1" 200 116
186.103.157.235 - - [04/Apr/2017:17:18:26 -0300] "GET /cormun/servlet/hpexe_return? HTTP/1.1" 200 1017
186.103.157.235 - - [04/Apr/2017:17:18:27 -0300] "GET /cormun/servlet/trsolicitudadjuntos?2017,5905, HTTP/1.1" 200 8594
186.103.157.235 - - [04/Apr/2017:17:18:28 -0300] "GET /cormun/servlet/trsolicitudadjuntos?2017,5905, HTTP/1.1" 200 8592
186.103.159.183 - - [04/Apr/2017:17:18:28 -0300] "GET /cormun/servlet/trsolicitudadjuntos?2017,5928, HTTP/1.1" 200 9114
186.103.157.235 - - [04/Apr/2017:17:18:29 -0300] "GET /cormun/servlet/solicitudotadjuntos?INS,2017,5905,,1, HTTP/1.1" 200 6015
186.103.157.235 - - [04/Apr/2017:17:18:29 -0300] "GET /cormun/static/about:blank HTTP/1.1" 404 1011
186.103.157.235 - - [04/Apr/2017:17:18:30 -0300] "GET /cormun/servlet/solicitudotadjuntos?INS,2017,5905,,1, HTTP/1.1" 200 6009
186.103.157.235 - - [04/Apr/2017:17:18:30 -0300] "GET /cormun/servlet/solicitudotadjuntos?2ae59379135e87955784c37df817a5418d7545407e0ad0643593b1294c74d310eabb7de0ba4b868c9e1fb5c8becd54fc,gx-no-cache=1491337179355 HTTP/1.1" 200 30
186.103.157.235 - - [04/Apr/2017:17:18:32 -0300] "POST /cormun/servlet/solicitudotadjuntos?2c1e2d6f23af735bfae5091b31ffff21,INS,2017,5905,,1,,gx-no-cache=1491337179423 HTTP/1.1" 200 3816
186.103.157.235 - - [04/Apr/2017:17:18:33 -0300] "POST /cormun/servlet/solicitudotadjuntos?gx-no-cache=1491337182813 HTTP/1.1" 200 26
186.103.157.235 - - [04/Apr/2017:17:18:43 -0300] "GET /cormun/servlet/solicitudotadjuntos?2ae59379135e87955784c37df817a541d5e56f5f241227b8cb1c7ef25e188fe2,gx-no-cache=1491337192510 HTTP/1.1" 200 30
186.103.157.235 - - [04/Apr/2017:17:18:44 -0300] "GET /cormun/servlet/solicitudotadjuntos?2ae59379135e87955784c37df817a541d5e56f5f241227b8cb1c7ef25e188fe2,gx-no-cache=1491337192902 HTTP/1.1" 200 30
186.103.157.235 - - [04/Apr/2017:17:18:44 -0300] "POST /cormun/servlet/solicitudotadjuntos?2c1e2d6f23af735bfae5091b31ffff21,INS,2017,5905,,1, HTTP/1.1" 200 116
186.103.157.235 - - [04/Apr/2017:17:18:44 -0300] "GET /cormun/servlet/hpexe_return? HTTP/1.1" 200 1017
186.103.157.235 - - [04/Apr/2017:17:18:45 -0300] "GET /cormun/servlet/trsolicitudadjuntos?2017,5905, HTTP/1.1" 200 8724
186.103.157.235 - - [04/Apr/2017:17:18:45 -0300] "GET /cormun/servlet/trsolicitudadjuntos?2017,5905, HTTP/1.1" 200 8722
186.103.157.235 - - [04/Apr/2017:17:18:49 -0300] "GET /cormun/servlet/solicitudotadjuntos?INS,2017,5905,,1, HTTP/1.1" 200 6015
186.103.157.235 - - [04/Apr/2017:17:18:49 -0300] "GET /cormun/static/about:blank HTTP/1.1" 404 1011
186.103.157.235 - - [04/Apr/2017:17:18:49 -0300] "GET /cormun/servlet/solicitudotadjuntos?INS,2017,5905,,1, HTTP/1.1" 200 6009
186.103.157.235 - - [04/Apr/2017:17:18:49 -0300] "GET /cormun/servlet/solicitudotadjuntos?2ae59379135e87955784c37df817a5418d7545407e0ad0643593b1294c74d310eabb7de0ba4b868c9e1fb5c8becd54fc,gx-no-cache=1491337198687 HTTP/1.1" 200 30
186.103.157.235 - - [04/Apr/2017:17:18:49 -0300] "POST /cormun/servlet/solicitudotadjuntos?2c1e2d6f23af735bfae5091b31ffff21,INS,2017,5905,,1,,gx-no-cache=1491337198733 HTTP/1.1" 200 3816
186.103.157.235 - - [04/Apr/2017:17:18:52 -0300] "POST /cormun/servlet/solicitudotadjuntos?gx-no-cache=1491337201733 HTTP/1.1" 200 26
186.103.157.235 - - [04/Apr/2017:17:18:57 -0300] "GET /cormun/servlet/solicitudotadjuntos?2ae59379135e87955784c37df817a541d5e56f5f241227b8cb1c7ef25e188fe2,gx-no-cache=1491337206653 HTTP/1.1" 200 30
186.103.157.235 - - [04/Apr/2017:17:18:57 -0300] "GET /cormun/servlet/solicitudotadjuntos?2ae59379135e87955784c37df817a541d5e56f5f241227b8cb1c7ef25e188fe2,gx-no-cache=1491337206692 HTTP/1.1" 200 30
186.103.157.235 - - [04/Apr/2017:17:18:58 -0300] "POST /cormun/servlet/solicitudotadjuntos?2c1e2d6f23af735bfae5091b31ffff21,INS,2017,5905,,1, HTTP/1.1" 200 116
186.103.157.235 - - [04/Apr/2017:17:18:58 -0300] "GET /cormun/servlet/hpexe_return? HTTP/1.1" 200 1017
186.103.157.235 - - [04/Apr/2017:17:18:59 -0300] "GET /cormun/servlet/trsolicitudadjuntos?2017,5905, HTTP/1.1" 200 8935
186.103.157.235 - - [04/Apr/2017:17:18:59 -0300] "GET /cormun/servlet/trsolicitudadjuntos?2017,5905, HTTP/1.1" 200 8933
186.103.157.235 - - [04/Apr/2017:17:19:01 -0300] "GET /cormun/servlet/solicitudotadjuntos?INS,2017,5905,,1, HTTP/1.1" 200 6015
186.103.157.235 - - [04/Apr/2017:17:19:02 -0300] "GET /cormun/static/about:blank HTTP/1.1" 404 1011
186.103.157.235 - - [04/Apr/2017:17:19:02 -0300] "GET /cormun/servlet/solicitudotadjuntos?INS,2017,5905,,1, HTTP/1.1" 200 6009
186.103.157.235 - - [04/Apr/2017:17:19:02 -0300] "GET /cormun/servlet/solicitudotadjuntos?2ae59379135e87955784c37df817a5418d7545407e0ad0643593b1294c74d310eabb7de0ba4b868c9e1fb5c8becd54fc,gx-no-cache=1491337211592 HTTP/1.1" 200 30
186.103.157.235 - - [04/Apr/2017:17:19:02 -0300] "POST /cormun/servlet/solicitudotadjuntos?2c1e2d6f23af735bfae5091b31ffff21,INS,2017,5905,,1,,gx-no-cache=1491337211658 HTTP/1.1" 200 3816
186.103.157.235 - - [04/Apr/2017:17:19:04 -0300] "POST /cormun/servlet/solicitudotadjuntos?gx-no-cache=1491337213788 HTTP/1.1" 200 26
186.103.157.235 - - [04/Apr/2017:17:19:11 -0300] "GET /cormun/servlet/solicitudotadjuntos?2ae59379135e87955784c37df817a541d5e56f5f241227b8cb1c7ef25e188fe2,gx-no-cache=1491337220261 HTTP/1.1" 200 30
186.103.157.235 - - [04/Apr/2017:17:19:11 -0300] "GET /cormun/servlet/solicitudotadjuntos?2ae59379135e87955784c37df817a541d5e56f5f241227b8cb1c7ef25e188fe2,gx-no-cache=1491337220334 HTTP/1.1" 200 30
186.103.157.235 - - [04/Apr/2017:17:19:11 -0300] "POST /cormun/servlet/solicitudotadjuntos?2c1e2d6f23af735bfae5091b31ffff21,INS,2017,5905,,1, HTTP/1.1" 200 116
186.103.157.235 - - [04/Apr/2017:17:19:12 -0300] "GET /cormun/servlet/hpexe_return? HTTP/1.1" 200 1017
186.103.157.235 - - [04/Apr/2017:17:19:12 -0300] "GET /cormun/servlet/trsolicitudadjuntos?2017,5905, HTTP/1.1" 200 9133
186.103.157.235 - - [04/Apr/2017:17:19:13 -0300] "GET /cormun/servlet/trsolicitudadjuntos?2017,5905, HTTP/1.1" 200 9131
200.86.95.220 - - [04/Apr/2017:17:19:13 -0300] "GET /cormun/servlet/hlogin HTTP/1.1" 200 1723
186.103.157.235 - - [04/Apr/2017:17:19:17 -0300] "POST /cormun/servlet/trsolicitudadjuntos?2c1e2d6f23af735bfae5091b31ffff21,2017,5905,,gx-no-cache=1491337225346 HTTP/1.1" 200 90
186.103.157.235 - - [04/Apr/2017:17:19:17 -0300] "GET /cormun/servlet/hpexe_link HTTP/1.1" 200 957
186.103.157.235 - - [04/Apr/2017:17:19:17 -0300] "GET /cormun/servlet/trsolicitudot HTTP/1.1" 200 9042
186.103.157.235 - - [04/Apr/2017:17:19:17 -0300] "GET /cormun/servlet/trsolicitudot HTTP/1.1" 200 9040
186.103.157.235 - - [04/Apr/2017:17:19:21 -0300] "POST /cormun/servlet/trsolicitudot?2c1e2d6f23af735bfae5091b31ffff21,gx-no-cache=1491337230400 HTTP/1.1" 200 5848
186.103.157.235 - - [04/Apr/2017:17:19:21 -0300] "GET /cormun/static/Shared/jqueryui/images/ui-bg_highlight-soft_100_c6c2c8_1x100.png HTTP/1.1" 404 1117
186.103.157.235 - - [04/Apr/2017:17:19:21 -0300] "GET /cormun/static/Shared/jqueryui/images/ui-icons_82798d_256x240.png HTTP/1.1" 404 1089
186.103.157.235 - - [04/Apr/2017:17:19:22 -0300] "GET /cormun/static/Shared/jqueryui/images/ui-bg_flat_55_fafafa_40x100.png HTTP/1.1" 404 1097
186.103.157.235 - - [04/Apr/2017:17:19:22 -0300] "GET /cormun/static/Shared/jqueryui/images/ui-icons_8d78a5_256x240.png HTTP/1.1" 404 1089
186.103.157.235 - - [04/Apr/2017:17:19:22 -0300] "POST /cormun/servlet/trsolicitudot?2c1e2d6f23af735bfae5091b31ffff21,gx-no-cache=1491337230838 HTTP/1.1" 200 5793
192.168.10.13 - - [04/Apr/2017:17:19:25 -0300] "GET / HTTP/1.1" 200 11217
186.103.157.235 - - [04/Apr/2017:17:19:25 -0300] "GET /cormun/servlet/trautorizarsolicitud? HTTP/1.1" 200 8138
186.103.157.235 - - [04/Apr/2017:17:19:25 -0300] "GET /cormun/static/gxcfg.js?2017259112829 HTTP/1.1" 200 953
186.103.157.235 - - [04/Apr/2017:17:19:26 -0300] "GET /cormun/static/trautorizarsolicitud.js?2017259113483 HTTP/1.1" 200 53096
186.103.157.235 - - [04/Apr/2017:17:19:26 -0300] "GET /cormun/servlet/trautorizarsolicitud? HTTP/1.1" 200 8138
186.103.159.183 - - [04/Apr/2017:17:19:28 -0300] "GET /cormun/servlet/trsolicitudot? HTTP/1.1" 200 8095
186.103.159.183 - - [04/Apr/2017:17:19:30 -0300] "GET /cormun/servlet/trsolicitudot? HTTP/1.1" 200 8089
186.103.157.235 - - [04/Apr/2017:17:19:30 -0300] "POST /cormun/servlet/trautorizarsolicitud?2c1e2d6f23af735bfae5091b31ffff21,,gx-no-cache=1491337239404 HTTP/1.1" 200 4309
186.103.157.235 - - [04/Apr/2017:17:19:30 -0300] "GET /cormun/static/Shared/jqueryui/images/ui-icons_82798d_256x240.png HTTP/1.1" 404 1089
186.103.157.235 - - [04/Apr/2017:17:19:30 -0300] "GET /cormun/static/Shared/jqueryui/images/ui-bg_highlight-soft_100_c6c2c8_1x100.png HTTP/1.1" 404 1117
186.103.157.235 - - [04/Apr/2017:17:19:30 -0300] "GET /cormun/static/Shared/jqueryui/images/ui-icons_8d78a5_256x240.png HTTP/1.1" 404 1089
186.103.157.235 - - [04/Apr/2017:17:19:30 -0300] "GET /cormun/static/Shared/jqueryui/images/ui-bg_flat_55_fafafa_40x100.png HTTP/1.1" 404 1097
186.103.157.235 - - [04/Apr/2017:17:19:31 -0300] "POST /cormun/servlet/trautorizarsolicitud?2c1e2d6f23af735bfae5091b31ffff21,,gx-no-cache=1491337239690 HTTP/1.1" 200 4090
200.86.95.220 - - [04/Apr/2017:17:19:33 -0300] "POST /cormun/servlet/hlogin?b2f6b8841d5c39349dbf235173b68438,gx-no-cache=1491337242767 HTTP/1.1" 200 90
200.86.95.220 - - [04/Apr/2017:17:19:33 -0300] "GET /cormun/servlet/hpexe_link HTTP/1.1" 200 951
200.86.95.220 - - [04/Apr/2017:17:19:34 -0300] "GET /cormun/servlet/hhome HTTP/1.1" 200 3767
200.86.95.220 - - [04/Apr/2017:17:19:35 -0300] "GET /cormun/servlet/hhome HTTP/1.1" 200 3764
200.86.95.220 - - [04/Apr/2017:17:19:45 -0300] "GET /cormun/servlet/trsolicitudot? HTTP/1.1" 200 6723
200.86.95.220 - - [04/Apr/2017:17:19:46 -0300] "GET /cormun/servlet/trsolicitudot? HTTP/1.1" 200 6722
200.86.95.220 - - [04/Apr/2017:17:20:04 -0300] "GET /cormun/servlet/solicitudot?INS,0,0, HTTP/1.1" 200 12563
200.86.95.220 - - [04/Apr/2017:17:20:05 -0300] "GET /cormun/servlet/solicitudot?INS,0,0, HTTP/1.1" 200 12568
186.103.159.183 - - [04/Apr/2017:17:20:10 -0300] "POST /cormun/servlet/trsolicitudot?6e068eb5d3ed155381468822a81e2698,,gx-no-cache=1491337282175 HTTP/1.1" 200 4097
186.103.159.183 - - [04/Apr/2017:17:20:10 -0300] "GET /cormun/static/Shared/jqueryui/images/ui-bg_highlight-soft_100_c6c2c8_1x100.png HTTP/1.1" 404 1117
186.103.159.183 - - [04/Apr/2017:17:20:10 -0300] "GET /cormun/static/Shared/jqueryui/images/ui-icons_8d78a5_256x240.png HTTP/1.1" 404 1089
186.103.159.183 - - [04/Apr/2017:17:20:10 -0300] "GET /cormun/static/Shared/jqueryui/images/ui-bg_flat_55_fafafa_40x100.png HTTP/1.1" 404 1097
186.103.159.183 - - [04/Apr/2017:17:20:10 -0300] "POST /cormun/servlet/trsolicitudot?6e068eb5d3ed155381468822a81e2698,,gx-no-cache=1491337282655 HTTP/1.1" 200 3872
186.103.159.183 - - [04/Apr/2017:17:20:10 -0300] "GET /cormun/static/Shared/jqueryui/images/ui-icons_82798d_256x240.png HTTP/1.1" 404 1089
200.86.95.220 - - [04/Apr/2017:17:20:15 -0300] "POST /cormun/servlet/solicitudot?gx-no-cache=1491337284330 HTTP/1.1" 200 3178
200.86.95.220 - - [04/Apr/2017:17:20:15 -0300] "POST /cormun/servlet/solicitudot?b2f6b8841d5c39349dbf235173b68438,INS,0,0,,gx-no-cache=1491337284713 HTTP/1.1" 200 9779
200.86.95.220 - - [04/Apr/2017:17:20:23 -0300] "GET /cormun/servlet/solicitudot?5349deb5dcd48eb992d250aba8e8bef052dec029467108e6cbc75bd31f86fe9295e44f14a20fea1afca786af409f17ec,gx-no-cache=1491337292671 HTTP/1.1" 200 30
200.86.95.220 - - [04/Apr/2017:17:20:23 -0300] "POST /cormun/servlet/solicitudot?gx-no-cache=1491337292836 HTTP/1.1" 200 255
200.86.95.220 - - [04/Apr/2017:17:20:23 -0300] "GET /cormun/servlet/solicitudot?5349deb5dcd48eb992d250aba8e8bef0f35f211d90261d7e637779f25ca97973a9822144c96937fd15b1bafe497e0b83ba8e833b1b33b12c628e7fa6b33aadbb455797126b3af4528641dd4e68856762a1ac361cd2eea7de941659959dbd8641067f7b8a836cfd1a2cf6e010ca3f5ee4127a07e1f515a856f8386da245189964f4a87bdad1b197e1018fd7d0346f533e11e370747b092a89d5dfcc89e123d0345f5fe4198353eb44a2382373b968f31c052c8c13d29aae6c358c55af954276bb8757103a493362e0a7a138777d3d39984e5700738071a96295d023282f429126cd5ad3df0b4f934fbff29368fed9480431335741ec7c503141aa2a387cd7fb3e30672e082a2fab8fe4ca5d3c53aee9e7b1941838426bc0c376be31453f309827a4a53282d80e43161b68f10a240b8a81fd7d89b8155a01120f0bddd9d1f07bad818ed39e95ad0b0cd6791f614c7a57d12efd240a7dbfee7623e9b9626ebd41382429fceabec7aa0b7348f27bdcf2ba4ff0048245b98f9abd92e18d774d1226f1,gx-no-cache=1491337292935 HTTP/1.1" 200 30
192.168.10.13 - - [04/Apr/2017:17:20:25 -0300] "GET / HTTP/1.1" 200 11217
200.86.95.220 - - [04/Apr/2017:17:20:26 -0300] "POST /cormun/servlet/solicitudot?gx-no-cache=1491337295951 HTTP/1.1" 200 30
186.103.159.183 - - [04/Apr/2017:17:20:28 -0300] "GET /cormun/servlet/trautorizarsolicitud? HTTP/1.1" 200 8163
200.86.95.220 - - [04/Apr/2017:17:20:29 -0300] "GET /cormun/servlet/prcontratosol?17196507,,,,,MD,,gxPopupLevel%3D0%3B HTTP/1.1" 200 5914
200.86.95.220 - - [04/Apr/2017:17:20:33 -0300] "POST /cormun/servlet/solicitudot?gx-no-cache=1491337302347 HTTP/1.1" 200 1291
200.86.95.220 - - [04/Apr/2017:17:20:33 -0300] "POST /cormun/servlet/solicitudot?gx-no-cache=1491337302504 HTTP/1.1" 200 38
200.86.95.220 - - [04/Apr/2017:17:20:33 -0300] "GET /cormun/servlet/solicitudot?5349deb5dcd48eb992d250aba8e8bef0391a5197efd8152da68ed203c054954d820d103ede914f4de0edc7c5a30eeba867d40a184a101ba6feb4f45d698bc601bf577efe1d4693e01269447709a0b09beccdecaaccb9370f1055098d0de71b0463f2f918836c756aed486de20207ceaf9f062b188bac5346fcdc7a4fd72158535ea89d8496a6d3a78a4ab893c5ca3e52142c80f0eda1ab44d2a74320f736ba187c2a7b3b929c35bf0090314e6e0dc4c66cd7ed4f5e263e743bfb4a0a7348b3c454b92377f079c6b60fe68270156577da,gx-no-cache=1491337302616 HTTP/1.1" 200 29
186.103.159.183 - - [04/Apr/2017:17:20:33 -0300] "GET /cormun/servlet/trautorizarsolicitud? HTTP/1.1" 200 8163
200.86.95.220 - - [04/Apr/2017:17:20:33 -0300] "POST /cormun/servlet/solicitudot?gx-no-cache=1491337302777 HTTP/1.1" 200 1275
200.86.95.220 - - [04/Apr/2017:17:20:33 -0300] "POST /cormun/servlet/solicitudot?gx-no-cache=1491337303057 HTTP/1.1" 200 1157
200.86.95.220 - - [04/Apr/2017:17:20:51 -0300] "POST /cormun/servlet/solicitudot?gx-no-cache=1491337320587 HTTP/1.1" 200 1275
200.86.95.220 - - [04/Apr/2017:17:20:51 -0300] "POST /cormun/servlet/solicitudot?gx-no-cache=1491337320722 HTTP/1.1" 200 1157
200.86.95.220 - - [04/Apr/2017:17:20:51 -0300] "GET /cormun/static/menuarrow.gif HTTP/1.1" 404 1015
200.86.95.220 - - [04/Apr/2017:17:20:53 -0300] "POST /cormun/servlet/solicitudot?gx-no-cache=1491337323070 HTTP/1.1" 200 1275
200.86.95.220 - - [04/Apr/2017:17:20:54 -0300] "POST /cormun/servlet/solicitudot?gx-no-cache=1491337323207 HTTP/1.1" 200 1157
186.103.159.183 - - [04/Apr/2017:17:20:58 -0300] "POST /cormun/servlet/trautorizarsolicitud?6e068eb5d3ed155381468822a81e2698,,gx-no-cache=1491337330722 HTTP/1.1" 200 4323
186.103.159.183 - - [04/Apr/2017:17:20:58 -0300] "GET /cormun/static/Shared/jqueryui/images/ui-bg_highlight-soft_100_c6c2c8_1x100.png HTTP/1.1" 404 1117
186.103.159.183 - - [04/Apr/2017:17:20:58 -0300] "GET /cormun/static/Shared/jqueryui/images/ui-icons_82798d_256x240.png HTTP/1.1" 404 1089
186.103.159.183 - - [04/Apr/2017:17:20:58 -0300] "GET /cormun/static/Shared/jqueryui/images/ui-bg_flat_55_fafafa_40x100.png HTTP/1.1" 404 1097
186.103.159.183 - - [04/Apr/2017:17:20:58 -0300] "GET /cormun/static/Shared/jqueryui/images/ui-icons_8d78a5_256x240.png HTTP/1.1" 404 1089
186.103.159.183 - - [04/Apr/2017:17:20:58 -0300] "POST /cormun/servlet/trautorizarsolicitud?6e068eb5d3ed155381468822a81e2698,,gx-no-cache=1491337331191 HTTP/1.1" 200 4100
200.86.95.220 - - [04/Apr/2017:17:20:59 -0300] "GET /cormun/servlet/solicitudot?5349deb5dcd48eb992d250aba8e8bef0d76bec622696f85848f139492609b2646806f1351fd65355ada6e79c2b5a5c42ce41ddc702722f8168691b2fc29430f0f339bdb321250881085837f8f6181b1c1e51a90a1eabe70991cc16ce1559c7781c0cb2682a0e122c50f91e16f8eb318b03fd2f00b690b3139b559422e6c25b4a73084c7ae36ed9066544e91d70562ba4edcd5076239e92fa8fee13fa00dcc2c02ec6a1bd3a150ad881d4e96f23593200,gx-no-cache=1491337328932 HTTP/1.1" 200 30
200.86.95.220 - - [04/Apr/2017:17:21:19 -0300] "POST /cormun/servlet/solicitudot?b2f6b8841d5c39349dbf235173b68438,INS,0,0,,gx-no-cache=1491337347970 HTTP/1.1" 200 93
200.86.95.220 - - [04/Apr/2017:17:21:19 -0300] "GET /cormun/servlet/hpexe_return? HTTP/1.1" 200 1005
200.86.95.220 - - [04/Apr/2017:17:21:19 -0300] "GET /cormun/servlet/trsolicitudot HTTP/1.1" 200 8020
200.86.95.220 - - [04/Apr/2017:17:21:20 -0300] "GET /cormun/servlet/trsolicitudot HTTP/1.1" 200 8016
192.168.10.13 - - [04/Apr/2017:17:21:25 -0300] "GET / HTTP/1.1" 200 11217
186.103.159.183 - - [04/Apr/2017:17:21:29 -0300] "GET /cormun/servlet/trpermisosgoce? HTTP/1.1" 200 7832
186.103.159.183 - - [04/Apr/2017:17:21:29 -0300] "GET /cormun/static/gxcfg.js?20173171154124 HTTP/1.1" 200 953
186.103.159.183 - - [04/Apr/2017:17:21:29 -0300] "GET /cormun/static/trpermisosgoce.js?20173171154177 HTTP/1.1" 200 31906
186.103.159.183 - - [04/Apr/2017:17:21:30 -0300] "GET /cormun//static/Resources/PXToolsActionPrint.png HTTP/1.1" 200 3317
186.103.159.183 - - [04/Apr/2017:17:21:30 -0300] "GET /cormun//static/Resources/PXToolsHeaderHelp.png HTTP/1.1" 200 4055
186.103.159.183 - - [04/Apr/2017:17:21:30 -0300] "GET /cormun//static/Resources/PXToolsGridDisplay.png HTTP/1.1" 200 362
186.103.159.183 - - [04/Apr/2017:17:21:30 -0300] "GET /cormun//static/Resources/PXToolsHeaderFavorites.png HTTP/1.1" 200 2744
186.103.159.183 - - [04/Apr/2017:17:21:30 -0300] "GET /cormun/servlet/trpermisosgoce? HTTP/1.1" 200 7831
186.103.159.183 - - [04/Apr/2017:17:21:37 -0300] "GET /cormun/servlet/permisogoce?INS,0,,, HTTP/1.1" 200 6768
186.103.159.183 - - [04/Apr/2017:17:21:37 -0300] "GET /cormun/static/gxcfg.js?201732911503726 HTTP/1.1" 200 953
186.103.159.183 - - [04/Apr/2017:17:21:37 -0300] "GET /cormun/static/permisogoce.js?201732911503774 HTTP/1.1" 200 26619
186.103.159.183 - - [04/Apr/2017:17:21:38 -0300] "GET /cormun/servlet/permisogoce?INS,0,,, HTTP/1.1" 200 6768
200.86.95.220 - - [04/Apr/2017:17:21:39 -0300] "GET /cormun/servlet/solicitudot?INS,0,0, HTTP/1.1" 200 12563
200.86.95.220 - - [04/Apr/2017:17:21:41 -0300] "GET /cormun/servlet/solicitudot?INS,0,0, HTTP/1.1" 200 12568
186.103.159.183 - - [04/Apr/2017:17:21:48 -0300] "GET /cormun/servlet/permisogoce?1dd41f1fceb879e5221678c8f438dfc84b50ea9b87366540d60e71668e6c4c2b211c32e66a8ecf4f9df102aa9ceaf5ba,gx-no-cache=1491337380474 HTTP/1.1" 200 195
186.103.159.183 - - [04/Apr/2017:17:21:48 -0300] "GET /cormun/static/Shared/jqueryui/images/ui-bg_highlight-soft_100_c6c2c8_1x100.png HTTP/1.1" 404 1117
186.103.159.183 - - [04/Apr/2017:17:21:48 -0300] "GET /cormun/static/Shared/jqueryui/images/ui-icons_82798d_256x240.png HTTP/1.1" 404 1089
186.103.159.183 - - [04/Apr/2017:17:21:48 -0300] "GET /cormun/static/Shared/jqueryui/images/ui-bg_flat_55_994d53_40x100.png HTTP/1.1" 404 1097
186.103.159.183 - - [04/Apr/2017:17:21:48 -0300] "GET /cormun/static/Shared/jqueryui/images/ui-icons_ebccce_256x240.png HTTP/1.1" 404 1089
200.86.95.220 - - [04/Apr/2017:17:21:48 -0300] "POST /cormun/servlet/solicitudot?gx-no-cache=1491337377637 HTTP/1.1" 200 3191
200.86.95.220 - - [04/Apr/2017:17:21:48 -0300] "POST /cormun/servlet/solicitudot?b2f6b8841d5c39349dbf235173b68438,INS,0,0,,gx-no-cache=1491337378001 HTTP/1.1" 200 9796
186.103.159.183 - - [04/Apr/2017:17:21:52 -0300] "GET /cormun/static/Resources/resize.gif HTTP/1.1" 200 77
186.103.159.183 - - [04/Apr/2017:17:21:52 -0300] "GET /cormun/servlet/prfichaempleado?,MD,,gxPopupLevel%3D0%3B HTTP/1.1" 200 8824
186.103.159.183 - - [04/Apr/2017:17:21:52 -0300] "GET /cormun/static/gxcfg.js?2017319125415 HTTP/1.1" 200 953
186.103.159.183 - - [04/Apr/2017:17:21:53 -0300] "GET /cormun/static/prfichaempleado.js?20173191254344 HTTP/1.1" 200 15951
186.103.159.183 - - [04/Apr/2017:17:21:53 -0300] "GET /cormun/static/hmpwkw011.js?201731711483558 HTTP/1.1" 200 1968
186.103.159.183 - - [04/Apr/2017:17:21:53 -0300] "GET /cormun/static/menusearch.js?201610171694467 HTTP/1.1" 200 1424
200.86.95.220 - - [04/Apr/2017:17:21:53 -0300] "GET /cormun/servlet/solicitudot?5349deb5dcd48eb992d250aba8e8bef0db13ee3b2cfbcf9b5fb0679f3bf9cc8cae133ff17daaed24992e9de7b1efb890,gx-no-cache=1491337382769 HTTP/1.1" 200 30
186.103.159.183 - - [04/Apr/2017:17:21:53 -0300] "GET /cormun/static/Resources/PXToolsMenuSearch.png HTTP/1.1" 200 2914
186.103.159.183 - - [04/Apr/2017:17:21:53 -0300] "GET /cormun/static/Resources/PXToolsMenuSearchCancel.png HTTP/1.1" 200 2972
186.103.159.183 - - [04/Apr/2017:17:22:04 -0300] "POST /cormun/servlet/prfichaempleado?6e068eb5d3ed155381468822a81e2698,,MD,,gxPopupLevel%3D0%3B,gx-no-cache=1491337396960 HTTP/1.1" 200 3467
186.103.159.183 - - [04/Apr/2017:17:22:09 -0300] "GET /cormun/servlet/permisogoce?1dd41f1fceb879e5221678c8f438dfc84b50ea9b87366540d60e71668e6c4c2bc93ceb288a40a65a13307d6143759481,gx-no-cache=1491337401805 HTTP/1.1" 200 69
186.103.159.183 - - [04/Apr/2017:17:22:09 -0300] "GET /cormun/static/menuarrow.gif HTTP/1.1" 404 1015
186.103.159.183 - - [04/Apr/2017:17:22:15 -0300] "GET /cormun/servlet/permisogoce?1dd41f1fceb879e5221678c8f438dfc8e2372d451a00c20445f9da1a6da452415a501cad539269d37296502d554b2b593184c696cbed4d901c1b0a28a60dfa52,gx-no-cache=1491337408222 HTTP/1.1" 200 46
192.168.10.13 - - [04/Apr/2017:17:22:25 -0300] "GET / HTTP/1.1" 200 11217
200.86.95.220 - - [04/Apr/2017:17:22:25 -0300] "GET /cormun/servlet/solicitudot?5349deb5dcd48eb992d250aba8e8bef0f35f211d90261d7e637779f25ca97973a9822144c96937fd15b1bafe497e0b83ba8e833b1b33b12c628e7fa6b33aadbb455797126b3af4528641dd4e68856762a1ac361cd2eea7de941659959dbd8641067f7b8a836cfd1a2cf6e010ca3f5ee4127a07e1f515a856f8386da245189964f4a87bdad1b197e1018fd7d0346f533e11e370747b092a89d5dfcc89e123d0345f5fe4198353eb44a2382373b968f31c052c8c13d29aae6c358c55af954276bb8757103a493362e0a7a138777d3d39984e5700738071a96295d023282f429126cd5ad3df0b4f934fbff29368fed9480431335741ec7c503141aa2a387cd7fb3e30672e082a2fab8fe4ca5d3c53aee9e7b1941838426bc0c376be31453f309827a4a53282d80e43161b68f10a240b8a81fd7d89b8155a01120f0bddd9d1f07bad818ed39e95ad0b0cd6791f614c7a57d12efd240a7dbfee7623e9b9626ebd41382429fceabec7aa0b7348f27bdcf2ba4ff0048245b98f9abd92e18d774d1226f1,gx-no-cache=1491337414902 HTTP/1.1" 200 30
200.86.95.220 - - [04/Apr/2017:17:22:26 -0300] "GET /cormun/servlet/solicitudot?INS,0,0, HTTP/1.1" 200 12565
200.86.95.220 - - [04/Apr/2017:17:22:27 -0300] "GET /cormun/servlet/solicitudot?INS,0,0, HTTP/1.1" 200 12565
186.103.159.183 - - [04/Apr/2017:17:22:34 -0300] "POST /cormun/servlet/permisogoce?6e068eb5d3ed155381468822a81e2698,INS,0,,,,gx-no-cache=1491337426200 HTTP/1.1" 200 93
186.103.159.183 - - [04/Apr/2017:17:22:34 -0300] "GET /cormun/servlet/hpexe_return? HTTP/1.1" 200 1010
186.103.159.183 - - [04/Apr/2017:17:22:34 -0300] "GET /cormun/servlet/trpermisosgoce HTTP/1.1" 200 8047
186.103.159.183 - - [04/Apr/2017:17:22:35 -0300] "GET /cormun/servlet/trpermisosgoce HTTP/1.1" 200 8042
200.86.95.220 - - [04/Apr/2017:17:22:40 -0300] "POST /cormun/servlet/solicitudot?gx-no-cache=1491337429292 HTTP/1.1" 200 3191
200.86.95.220 - - [04/Apr/2017:17:22:40 -0300] "POST /cormun/servlet/solicitudot?b2f6b8841d5c39349dbf235173b68438,INS,0,0,,gx-no-cache=1491337429606 HTTP/1.1" 200 9801
200.86.95.220 - - [04/Apr/2017:17:22:42 -0300] "GET /cormun/servlet/solicitudot?5349deb5dcd48eb992d250aba8e8bef0db13ee3b2cfbcf9b5fb0679f3bf9cc8cae133ff17daaed24992e9de7b1efb890,gx-no-cache=1491337431930 HTTP/1.1" 200 30
200.86.95.220 - - [04/Apr/2017:17:22:42 -0300] "POST /cormun/servlet/solicitudot?gx-no-cache=1491337432075 HTTP/1.1" 200 255
200.86.95.220 - - [04/Apr/2017:17:22:42 -0300] "GET /cormun/servlet/solicitudot?5349deb5dcd48eb992d250aba8e8bef0f35f211d90261d7e637779f25ca97973a9822144c96937fd15b1bafe497e0b83ba8e833b1b33b12c628e7fa6b33aadbb455797126b3af4528641dd4e68856762a1ac361cd2eea7de941659959dbd8641067f7b8a836cfd1a2cf6e010ca3f5ee4127a07e1f515a856f8386da245189964f4a87bdad1b197e1018fd7d0346f533e11e370747b092a89d5dfcc89e123d0345f5fe4198353eb44a2382373b968f31c052c8c13d29aae6c358c55af954276bb8757103a493362e0a7a138777d3d39984e5700738071a96295d023282f429126cd5ad3df0b4f934fbff29368fed9480431335741ec7c503141aa2a387cd7fb3e30672e082a2fab8fe4ca5d3c53aee9e7b1941838426bc0c376be31453f309827a4a53282d80e43161b68f10a240b8a81fd7d89b8155a01120f0bddd9d1f07bad818ed39e95ad0b0cd6791f614c7a57d12efd240a7dbfee7623e9b9626ebd41382429fceabec7aa0b7348f27bdcf2ba4ff0048245b98f9abd92e18d774d1226f1,gx-no-cache=1491337432180 HTTP/1.1" 200 30
186.103.159.183 - - [04/Apr/2017:17:22:43 -0300] "GET /cormun/servlet/apermisogoceprn?13096745,P,20170404181711,PU HTTP/1.1" 200 1663
200.86.95.220 - - [04/Apr/2017:17:22:44 -0300] "POST /cormun/servlet/solicitudot?gx-no-cache=1491337433871 HTTP/1.1" 200 30
200.86.95.220 - - [04/Apr/2017:17:22:46 -0300] "GET /cormun/servlet/prcontratosol?8851094,,,,,MD,,gxPopupLevel%3D0%3B HTTP/1.1" 200 5916
200.86.95.220 - - [04/Apr/2017:17:22:49 -0300] "POST /cormun/servlet/solicitudot?gx-no-cache=1491337438921 HTTP/1.1" 200 1292
200.86.95.220 - - [04/Apr/2017:17:22:49 -0300] "POST /cormun/servlet/solicitudot?gx-no-cache=1491337439082 HTTP/1.1" 200 38
200.86.95.220 - - [04/Apr/2017:17:22:49 -0300] "GET /cormun/servlet/solicitudot?5349deb5dcd48eb992d250aba8e8bef0391a5197efd8152da68ed203c054954d820d103ede914f4de0edc7c5a30eeba867d40a184a101ba6feb4f45d698bc601bf577efe1d4693e01269447709a0b09beccdecaaccb9370f1055098d0de71b0463f2f918836c756aed486de20207ceaf9f062b188bac5346fcdc7a4fd72158535ea89d8496a6d3a78a4ab893c5ca3e52142c80f0eda1ab44d2a74320f736ba187c2a7b3b929c35bf0090314e6e0dc4c66cd7ed4f5e263e743bfb4a0a7348b3c454b92377f079c6b60fe68270156577da,gx-no-cache=1491337439174 HTTP/1.1" 200 29
200.86.95.220 - - [04/Apr/2017:17:22:50 -0300] "POST /cormun/servlet/solicitudot?gx-no-cache=1491337439267 HTTP/1.1" 200 1275
200.86.95.220 - - [04/Apr/2017:17:22:50 -0300] "POST /cormun/servlet/solicitudot?gx-no-cache=1491337439387 HTTP/1.1" 200 1158
200.86.95.220 - - [04/Apr/2017:17:23:00 -0300] "GET /cormun/servlet/solicitudot?5349deb5dcd48eb992d250aba8e8bef0391a5197efd8152da68ed203c054954d820d103ede914f4de0edc7c5a30eeba84c713e469a0226ab9a029cc898ad218bbf577efe1d4693e01269447709a0b09beccdecaaccb9370f1055098d0de71b0463f2f918836c756aed486de20207ceaf9f062b188bac5346fcdc7a4fd72158535ea89d8496a6d3a78a4ab893c5ca3e52142c80f0eda1ab44d2a74320f736ba187c2a7b3b929c35bf0090314e6e0dc4c66cd7ed4f5e263e743bfb4a0a7348b3c454b92377f079c6b60fe68270156577da,gx-no-cache=1491337449652 HTTP/1.1" 200 29
200.86.95.220 - - [04/Apr/2017:17:23:04 -0300] "POST /cormun/servlet/solicitudot?gx-no-cache=1491337453926 HTTP/1.1" 200 1276
200.86.95.220 - - [04/Apr/2017:17:23:04 -0300] "POST /cormun/servlet/solicitudot?gx-no-cache=1491337454123 HTTP/1.1" 200 1158
200.86.95.220 - - [04/Apr/2017:17:23:05 -0300] "GET /cormun/static/menuarrow.gif HTTP/1.1" 404 1015
200.86.95.220 - - [04/Apr/2017:17:23:06 -0300] "POST /cormun/servlet/solicitudot?gx-no-cache=1491337455960 HTTP/1.1" 200 1276
200.86.95.220 - - [04/Apr/2017:17:23:06 -0300] "POST /cormun/servlet/solicitudot?gx-no-cache=1491337456090 HTTP/1.1" 200 1158
200.86.95.220 - - [04/Apr/2017:17:23:12 -0300] "GET /cormun/servlet/solicitudot?5349deb5dcd48eb992d250aba8e8bef01b840bab38b8a6a8ba9314ff77bcd82accf085523a0744d347cc76e4811c786f0a117241df957e60ae6805f8ccb562438f74e84c1e5d9c75b8bcdb0f236e5e4c214534eb0af07758ffffaaed0ee5a28f48c94cedc88438a737f0cc193ab4b3da63cdfd053da221152d37a64c2dd25e89ed1c6f9fea047874e2cb887517e6bf919d1625385dbcfbc6ac261cb66d3bda9c102eb2960eda15157bac4b50f96e9665,gx-no-cache=1491337461656 HTTP/1.1" 200 30
192.168.10.13 - - [04/Apr/2017:17:23:25 -0300] "GET / HTTP/1.1" 200 11217
200.86.95.220 - - [04/Apr/2017:17:23:32 -0300] "POST /cormun/servlet/solicitudot?b2f6b8841d5c39349dbf235173b68438,INS,0,0,,gx-no-cache=1491337481219 HTTP/1.1" 200 93
200.86.95.220 - - [04/Apr/2017:17:23:32 -0300] "GET /cormun/servlet/hpexe_return? HTTP/1.1" 200 1005
200.86.95.220 - - [04/Apr/2017:17:23:32 -0300] "GET /cormun/servlet/trsolicitudot HTTP/1.1" 200 8472
200.86.95.220 - - [04/Apr/2017:17:23:34 -0300] "GET /cormun/servlet/trsolicitudot HTTP/1.1" 200 8468
200.86.95.220 - - [04/Apr/2017:17:23:40 -0300] "POST /cormun/servlet/trsolicitudot?b2f6b8841d5c39349dbf235173b68438,gx-no-cache=1491337489474 HTTP/1.1" 200 105
200.86.95.220 - - [04/Apr/2017:17:23:40 -0300] "GET /cormun/servlet/solicitudot?UPD,2017,5929, HTTP/1.1" 200 14240
200.86.95.220 - - [04/Apr/2017:17:23:41 -0300] "GET /cormun/servlet/solicitudot?UPD,2017,5929, HTTP/1.1" 200 14249
200.86.95.220 - - [04/Apr/2017:17:23:42 -0300] "POST /cormun/servlet/solicitudot?gx-no-cache=1491337491609 HTTP/1.1" 200 3178
200.86.95.220 - - [04/Apr/2017:17:23:42 -0300] "POST /cormun/servlet/solicitudot?b2f6b8841d5c39349dbf235173b68438,UPD,2017,5929,,gx-no-cache=1491337491941 HTTP/1.1" 200 10870
200.86.95.220 - - [04/Apr/2017:17:23:43 -0300] "GET /cormun/servlet/solicitudot?5349deb5dcd48eb992d250aba8e8bef052dec029467108e6cbc75bd31f86fe923a9a0c8c1193686ebdda8fdebf9ef0aa,gx-no-cache=1491337492420 HTTP/1.1" 200 30
200.86.95.220 - - [04/Apr/2017:17:23:43 -0300] "POST /cormun/servlet/solicitudot?gx-no-cache=1491337492603 HTTP/1.1" 200 256
200.86.95.220 - - [04/Apr/2017:17:23:43 -0300] "GET /cormun/servlet/solicitudot?5349deb5dcd48eb992d250aba8e8bef0f35f211d90261d7e637779f25ca97973a9822144c96937fd15b1bafe497e0b83ba8e833b1b33b12c628e7fa6b33aadbb455797126b3af4528641dd4e68856762a1ac361cd2eea7de941659959dbd8641067f7b8a836cfd1a2cf6e010ca3f5ee4127a07e1f515a856f8386da245189964f4a87bdad1b197e1018fd7d0346f533e11e370747b092a89d5dfcc89e123d0345f5fe4198353eb44a2382373b968f31c052c8c13d29aae6c358c55af954276bb8757103a493362e0a7a138777d3d39984e5700738071a96295d023282f429126cd5ad3df0b4f934fbff29368fed9480431335741ec7c503141aa2a387cd7fb3e30672e082a2fab8fe4ca5d3c53aee9e7b1941838426bc0c376be31453f309827a4a53282d80e43161b68f10a240b8a81fd7d89b8155a01120f0bddd9d1f07bad818ed39e95ad0b0cd6791f614c7a57d12efd240a7dbfee7623e9b9626ebd41382429fceabec7aa0b7348f27bdcf2ba4fee72295713ede1ccced39cea2b8f339f,gx-no-cache=1491337492665 HTTP/1.1" 200 30
200.86.95.220 - - [04/Apr/2017:17:23:43 -0300] "POST /cormun/servlet/solicitudot?gx-no-cache=1491337492728 HTTP/1.1" 200 30
200.86.95.220 - - [04/Apr/2017:17:23:43 -0300] "POST /cormun/servlet/solicitudot?gx-no-cache=1491337492811 HTTP/1.1" 200 1292
200.86.95.220 - - [04/Apr/2017:17:23:43 -0300] "POST /cormun/servlet/solicitudot?gx-no-cache=1491337492931 HTTP/1.1" 200 41
200.86.95.220 - - [04/Apr/2017:17:23:44 -0300] "GET /cormun/servlet/solicitudot?5349deb5dcd48eb992d250aba8e8bef0cb5cb1a595301ccd2420df111406077912a0f60bad5c061597cc83bd1ceebd92c559d680bf8c14ae37a0c4cd5740f62806450661bc48e74ed1fd5defb10fc017ba5332a71588247836f09a8c1f08adc7da2cf073ddd682d4a163259fb5071aa963cdfd053da221152d37a64c2dd25e89de620cd38b7cd0e480da73d1597867d8f8569d28df8d50d52228fadd5483a0a3b44b49615375257944f254d5adfc6b75862cf51845bf2feff7fbfd5bb9834b6e780297402d9d4360e92d990d6a90db4b,gx-no-cache=1491337493405 HTTP/1.1" 200 29
200.86.95.220 - - [04/Apr/2017:17:23:44 -0300] "POST /cormun/servlet/solicitudot?gx-no-cache=1491337493514 HTTP/1.1" 200 1275
200.86.95.220 - - [04/Apr/2017:17:23:45 -0300] "POST /cormun/servlet/solicitudot?gx-no-cache=1491337493660 HTTP/1.1" 200 1157
200.86.95.220 - - [04/Apr/2017:17:23:45 -0300] "GET /cormun/servlet/solicitudot?5349deb5dcd48eb992d250aba8e8bef0d76bec622696f85848f139492609b2646806f1351fd65355ada6e79c2b5a5c42ce41ddc702722f8168691b2fc29430f0f339bdb321250881085837f8f6181b1c1e51a90a1eabe70991cc16ce1559c7781c0cb2682a0e122c50f91e16f8eb318b03fd2f00b690b3139b559422e6c25b4a73084c7ae36ed9066544e91d70562ba4edcd5076239e92fa8fee13fa00dcc2c059030b5e81f4052226632f23fdb94f83,gx-no-cache=1491337494610 HTTP/1.1" 200 32
200.86.95.220 - - [04/Apr/2017:17:24:16 -0300] "POST /cormun/servlet/solicitudot?b2f6b8841d5c39349dbf235173b68438,UPD,2017,5929,,gx-no-cache=1491337524798 HTTP/1.1" 200 93
200.86.95.220 - - [04/Apr/2017:17:24:16 -0300] "GET /cormun/servlet/hpexe_return? HTTP/1.1" 200 1011
200.86.95.220 - - [04/Apr/2017:17:24:16 -0300] "GET /cormun/servlet/trsolicitudot HTTP/1.1" 200 8472
200.86.95.220 - - [04/Apr/2017:17:24:17 -0300] "GET /cormun/servlet/trsolicitudot HTTP/1.1" 200 8468
192.168.10.13 - - [04/Apr/2017:17:24:25 -0300] "GET / HTTP/1.1" 200 11217
200.86.95.220 - - [04/Apr/2017:17:24:39 -0300] "POST /cormun/servlet/trsolicitudot?b2f6b8841d5c39349dbf235173b68438,gx-no-cache=1491337548024 HTTP/1.1" 200 5294
200.86.95.220 - - [04/Apr/2017:17:24:39 -0300] "GET /cormun/static/Shared/jqueryui/images/ui-bg_highlight-soft_100_c6c2c8_1x100.png HTTP/1.1" 404 1117
200.86.95.220 - - [04/Apr/2017:17:24:39 -0300] "GET /cormun/static/Shared/jqueryui/images/ui-bg_flat_55_fafafa_40x100.png HTTP/1.1" 404 1097
200.86.95.220 - - [04/Apr/2017:17:24:39 -0300] "GET /cormun/static/Shared/jqueryui/images/ui-icons_82798d_256x240.png HTTP/1.1" 404 1089
200.86.95.220 - - [04/Apr/2017:17:24:39 -0300] "GET /cormun/static/Shared/jqueryui/images/ui-icons_8d78a5_256x240.png HTTP/1.1" 404 1089
200.86.95.220 - - [04/Apr/2017:17:24:40 -0300] "POST /cormun/servlet/trsolicitudot?b2f6b8841d5c39349dbf235173b68438,gx-no-cache=1491337548967 HTTP/1.1" 200 5236
200.86.95.220 - - [04/Apr/2017:17:24:42 -0300] "POST /cormun/servlet/trsolicitudot?b2f6b8841d5c39349dbf235173b68438,gx-no-cache=1491337551286 HTTP/1.1" 200 4145
200.86.95.220 - - [04/Apr/2017:17:24:42 -0300] "POST /cormun/servlet/trsolicitudot?b2f6b8841d5c39349dbf235173b68438,gx-no-cache=1491337551791 HTTP/1.1" 200 3934
200.86.95.220 - - [04/Apr/2017:17:24:49 -0300] "GET /cormun/servlet/hlogin HTTP/1.1" 200 1723
200.86.95.220 - - [04/Apr/2017:17:24:58 -0300] "POST /cormun/servlet/hlogin?b2f6b8841d5c39349dbf235173b68438,gx-no-cache=1491337568073 HTTP/1.1" 200 90
200.86.95.220 - - [04/Apr/2017:17:24:59 -0300] "GET /cormun/servlet/hpexe_link HTTP/1.1" 200 951
200.86.95.220 - - [04/Apr/2017:17:24:59 -0300] "GET /cormun/servlet/hhome HTTP/1.1" 200 3961
200.86.95.220 - - [04/Apr/2017:17:25:00 -0300] "GET /cormun/servlet/hhome HTTP/1.1" 200 3957
200.86.95.220 - - [04/Apr/2017:17:25:03 -0300] "GET /cormun/servlet/trautorizarsolicitud? HTTP/1.1" 200 8600
200.86.95.220 - - [04/Apr/2017:17:25:05 -0300] "GET /cormun/servlet/trautorizarsolicitud? HTTP/1.1" 200 8598
200.86.95.220 - - [04/Apr/2017:17:25:09 -0300] "POST /cormun/servlet/trautorizarsolicitud?b2f6b8841d5c39349dbf235173b68438,,gx-no-cache=1491337578923 HTTP/1.1" 200 5449
200.86.95.220 - - [04/Apr/2017:17:25:10 -0300] "GET /cormun/static/Shared/jqueryui/images/ui-bg_highlight-soft_100_c6c2c8_1x100.png HTTP/1.1" 404 1117
200.86.95.220 - - [04/Apr/2017:17:25:10 -0300] "GET /cormun/static/Shared/jqueryui/images/ui-icons_82798d_256x240.png HTTP/1.1" 404 1089
200.86.95.220 - - [04/Apr/2017:17:25:10 -0300] "GET /cormun/static/Shared/jqueryui/images/ui-bg_flat_55_fafafa_40x100.png HTTP/1.1" 404 1097
200.86.95.220 - - [04/Apr/2017:17:25:10 -0300] "GET /cormun/static/Shared/jqueryui/images/ui-icons_8d78a5_256x240.png HTTP/1.1" 404 1089
200.86.95.220 - - [04/Apr/2017:17:25:10 -0300] "POST /cormun/servlet/trautorizarsolicitud?b2f6b8841d5c39349dbf235173b68438,,gx-no-cache=1491337579457 HTTP/1.1" 200 5393
200.86.95.220 - - [04/Apr/2017:17:25:12 -0300] "POST /cormun/servlet/trautorizarsolicitud?b2f6b8841d5c39349dbf235173b68438,,gx-no-cache=1491337581231 HTTP/1.1" 200 4305
200.86.95.220 - - [04/Apr/2017:17:25:13 -0300] "POST /cormun/servlet/trautorizarsolicitud?b2f6b8841d5c39349dbf235173b68438,,gx-no-cache=1491337581930 HTTP/1.1" 200 4093
192.168.10.13 - - [04/Apr/2017:17:25:25 -0300] "GET / HTTP/1.1" 200 11217
192.168.10.13 - - [04/Apr/2017:17:26:25 -0300] "GET / HTTP/1.1" 200 11217
192.168.10.13 - - [04/Apr/2017:17:27:25 -0300] "GET / HTTP/1.1" 200 11217
192.168.10.13 - - [04/Apr/2017:17:28:25 -0300] "GET / HTTP/1.1" 200 11217
192.168.10.13 - - [04/Apr/2017:17:29:25 -0300] "GET / HTTP/1.1" 200 11217
192.168.10.13 - - [04/Apr/2017:17:30:25 -0300] "GET / HTTP/1.1" 200 11217
186.103.159.183 - - [04/Apr/2017:17:30:36 -0300] "GET /cormun/servlet/trpermisosadjuntos?13096745,20170404181711,P, HTTP/1.1" 200 6306
186.103.159.183 - - [04/Apr/2017:17:30:36 -0300] "GET /cormun/static/gxcfg.js?201731711542659 HTTP/1.1" 200 953
186.103.159.183 - - [04/Apr/2017:17:30:36 -0300] "GET /cormun/static/trpermisosadjuntos.js?201731711542990 HTTP/1.1" 200 20045
186.103.159.183 - - [04/Apr/2017:17:30:37 -0300] "GET /cormun/servlet/trpermisosadjuntos?13096745,20170404181711,P, HTTP/1.1" 200 6307
186.103.159.183 - - [04/Apr/2017:17:30:39 -0300] "GET /cormun/servlet/permisosadjuntos?INS,13096745,P,20170404181711,, HTTP/1.1" 200 5635
186.103.159.183 - - [04/Apr/2017:17:30:39 -0300] "GET /cormun/static/gxcfg.js?2016122813135788 HTTP/1.1" 200 953
186.103.159.183 - - [04/Apr/2017:17:30:39 -0300] "GET /cormun/static/permisosadjuntos.js?2016122813135797 HTTP/1.1" 200 8721
186.103.159.183 - - [04/Apr/2017:17:30:40 -0300] "GET /cormun/static/about:blank HTTP/1.1" 404 1011
186.103.159.183 - - [04/Apr/2017:17:30:40 -0300] "GET /cormun/servlet/permisosadjuntos?INS,13096745,P,20170404181711,, HTTP/1.1" 200 5625
186.103.159.183 - - [04/Apr/2017:17:30:49 -0300] "POST /cormun/servlet/permisosadjuntos?6e068eb5d3ed155381468822a81e2698,INS,13096745,P,20170404181711,, HTTP/1.1" 200 116
186.103.159.183 - - [04/Apr/2017:17:30:49 -0300] "GET /cormun/servlet/hpexe_return? HTTP/1.1" 200 1039
186.103.159.183 - - [04/Apr/2017:17:30:49 -0300] "GET /cormun/servlet/trpermisosadjuntos?13096745,20170404181711,P, HTTP/1.1" 200 6756
186.103.159.183 - - [04/Apr/2017:17:30:50 -0300] "GET /cormun/servlet/trpermisosadjuntos?13096745,20170404181711,P, HTTP/1.1" 200 6754
186.103.159.183 - - [04/Apr/2017:17:30:51 -0300] "GET /cormun/PublicTempStorage/img1272880848.jpg HTTP/1.1" 200 475663
186.103.159.183 - - [04/Apr/2017:17:30:58 -0300] "GET /cormun/servlet/trautorizarpermisogoce? HTTP/1.1" 200 6755
186.103.159.183 - - [04/Apr/2017:17:30:58 -0300] "GET /cormun/static/gxcfg.js?201731711543713 HTTP/1.1" 200 953
186.103.159.183 - - [04/Apr/2017:17:30:58 -0300] "GET /cormun/static/trautorizarpermisogoce.js?201731711544173 HTTP/1.1" 200 31036
186.103.159.183 - - [04/Apr/2017:17:30:59 -0300] "GET /cormun/servlet/trautorizarpermisogoce? HTTP/1.1" 200 6713
186.103.159.183 - - [04/Apr/2017:17:31:02 -0300] "GET /cormun/static/menuarrow.gif HTTP/1.1" 404 1015
186.103.159.183 - - [04/Apr/2017:17:31:06 -0300] "POST /cormun/servlet/trautorizarpermisogoce?6e068eb5d3ed155381468822a81e2698,,gx-no-cache=1491337939271 HTTP/1.1" 200 4082
186.103.159.183 - - [04/Apr/2017:17:31:10 -0300] "POST /cormun/servlet/trautorizarpermisogoce?6e068eb5d3ed155381468822a81e2698,,gx-no-cache=1491337942563 HTTP/1.1" 200 5278
186.103.159.183 - - [04/Apr/2017:17:31:10 -0300] "GET /cormun//static/Resources/PXToolsActionDisabled.gif HTTP/1.1" 200 53
186.103.159.183 - - [04/Apr/2017:17:31:18 -0300] "POST /cormun/servlet/trautorizarpermisogoce?6e068eb5d3ed155381468822a81e2698,,gx-no-cache=1491337950560 HTTP/1.1" 200 5294
186.103.159.183 - - [04/Apr/2017:17:31:18 -0300] "GET /cormun/static/Shared/jqueryui/images/ui-bg_highlight-soft_100_c6c2c8_1x100.png HTTP/1.1" 404 1117
186.103.159.183 - - [04/Apr/2017:17:31:18 -0300] "GET /cormun/static/Shared/jqueryui/images/ui-bg_flat_55_fafafa_40x100.png HTTP/1.1" 404 1097
186.103.159.183 - - [04/Apr/2017:17:31:18 -0300] "GET /cormun/static/Shared/jqueryui/images/ui-icons_8d78a5_256x240.png HTTP/1.1" 404 1089
186.103.159.183 - - [04/Apr/2017:17:31:19 -0300] "GET /cormun/static/Shared/jqueryui/images/ui-icons_82798d_256x240.png HTTP/1.1" 404 1089
192.168.10.13 - - [04/Apr/2017:17:31:25 -0300] "GET / HTTP/1.1" 200 11217
186.103.159.183 - - [04/Apr/2017:17:31:26 -0300] "GET /cormun/servlet/trpermisosgoce? HTTP/1.1" 200 8044
186.103.159.183 - - [04/Apr/2017:17:31:27 -0300] "GET /cormun/servlet/trpermisosgoce? HTTP/1.1" 200 8043
186.103.159.183 - - [04/Apr/2017:17:31:34 -0300] "POST /cormun/servlet/trpermisosgoce?6e068eb5d3ed155381468822a81e2698,,gx-no-cache=1491337966889 HTTP/1.1" 200 5323
186.103.159.183 - - [04/Apr/2017:17:31:46 -0300] "POST /cormun/servlet/trpermisosgoce?6e068eb5d3ed155381468822a81e2698,,gx-no-cache=1491337978660 HTTP/1.1" 200 5324
186.103.159.183 - - [04/Apr/2017:17:31:50 -0300] "GET /cormun/servlet/permisogoce?INS,0,,, HTTP/1.1" 200 6768
186.103.159.183 - - [04/Apr/2017:17:31:51 -0300] "GET /cormun/servlet/permisogoce?INS,0,,, HTTP/1.1" 200 6768
186.103.159.183 - - [04/Apr/2017:17:31:59 -0300] "GET /cormun/servlet/prfichaempleado?,MD,,gxPopupLevel%3D0%3B HTTP/1.1" 200 8824
186.103.159.183 - - [04/Apr/2017:17:32:08 -0300] "POST /cormun/servlet/prfichaempleado?6e068eb5d3ed155381468822a81e2698,,MD,,gxPopupLevel%3D0%3B,gx-no-cache=1491338000980 HTTP/1.1" 200 3393
186.103.159.183 - - [04/Apr/2017:17:32:12 -0300] "GET /cormun/servlet/permisogoce?1dd41f1fceb879e5221678c8f438dfc8294a4f99c80f597c73426ee64b7b7db1c93ceb288a40a65a13307d6143759481,gx-no-cache=1491338004695 HTTP/1.1" 200 68
186.103.159.183 - - [04/Apr/2017:17:32:14 -0300] "GET /cormun/static/menuarrow.gif HTTP/1.1" 404 1015
186.103.159.183 - - [04/Apr/2017:17:32:19 -0300] "GET /cormun/servlet/permisogoce?1dd41f1fceb879e5221678c8f438dfc8de77f3f6022ed857ede959d30165170b93837f7b2a831dee2fb344522b96fe593184c696cbed4d901c1b0a28a60dfa52,gx-no-cache=1491338012119 HTTP/1.1" 200 46
192.168.10.13 - - [04/Apr/2017:17:32:25 -0300] "GET / HTTP/1.1" 200 11217
186.103.159.183 - - [04/Apr/2017:17:32:32 -0300] "POST /cormun/servlet/permisogoce?6e068eb5d3ed155381468822a81e2698,INS,0,,,,gx-no-cache=1491338024364 HTTP/1.1" 200 93
186.103.159.183 - - [04/Apr/2017:17:32:32 -0300] "GET /cormun/servlet/hpexe_return? HTTP/1.1" 200 1010
186.103.159.183 - - [04/Apr/2017:17:32:32 -0300] "GET /cormun/servlet/trpermisosgoce? HTTP/1.1" 200 8264
186.103.159.183 - - [04/Apr/2017:17:32:34 -0300] "GET /cormun/servlet/trpermisosgoce? HTTP/1.1" 200 8260
186.103.159.183 - - [04/Apr/2017:17:32:56 -0300] "GET /cormun/servlet/apermisogoceprn?13098789,P,20170404182709,PU HTTP/1.1" 200 1654
192.168.10.13 - - [04/Apr/2017:17:33:25 -0300] "GET / HTTP/1.1" 200 11217
192.168.10.13 - - [04/Apr/2017:17:34:25 -0300] "GET / HTTP/1.1" 200 11217
192.168.10.13 - - [04/Apr/2017:17:35:25 -0300] "GET / HTTP/1.1" 200 11217
192.168.10.13 - - [04/Apr/2017:17:36:25 -0300] "GET / HTTP/1.1" 200 11217
186.103.159.183 - - [04/Apr/2017:17:36:28 -0300] "GET /cormun/servlet/trpermisosadjuntos?13098789,20170404182709,P, HTTP/1.1" 200 6298
186.103.159.183 - - [04/Apr/2017:17:36:29 -0300] "GET /cormun/servlet/trpermisosadjuntos?13098789,20170404182709,P, HTTP/1.1" 200 6298
186.103.159.183 - - [04/Apr/2017:17:36:31 -0300] "GET /cormun/servlet/permisosadjuntos?INS,13098789,P,20170404182709,, HTTP/1.1" 200 5630
186.103.159.183 - - [04/Apr/2017:17:36:31 -0300] "GET /cormun/static/about:blank HTTP/1.1" 404 1011
186.103.159.183 - - [04/Apr/2017:17:36:32 -0300] "GET /cormun/servlet/permisosadjuntos?INS,13098789,P,20170404182709,, HTTP/1.1" 200 5619
186.103.159.183 - - [04/Apr/2017:17:36:43 -0300] "POST /cormun/servlet/permisosadjuntos?6e068eb5d3ed155381468822a81e2698,INS,13098789,P,20170404182709,, HTTP/1.1" 200 116
186.103.159.183 - - [04/Apr/2017:17:36:43 -0300] "GET /cormun/servlet/hpexe_return? HTTP/1.1" 200 1038
186.103.159.183 - - [04/Apr/2017:17:36:44 -0300] "GET /cormun/servlet/trpermisosadjuntos?13098789,20170404182709,P, HTTP/1.1" 200 6748
186.103.159.183 - - [04/Apr/2017:17:36:45 -0300] "GET /cormun/PublicTempStorage/img128483909.jpg HTTP/1.1" 200 451829
186.103.159.183 - - [04/Apr/2017:17:36:45 -0300] "GET /cormun/servlet/trpermisosadjuntos?13098789,20170404182709,P, HTTP/1.1" 200 6746
