186.103.159.182 - - [04/Apr/2017:12:34:57 -0300] "GET /cormun/static/gxcfg.js?201612218465951 HTTP/1.1" 304 -
186.103.159.182 - - [04/Apr/2017:12:34:58 -0300] "GET /cormun/static/about:blank HTTP/1.1" 404 1011
186.103.159.182 - - [04/Apr/2017:12:34:59 -0300] "GET /cormun/servlet/solicitudotadjuntos?INS,2017,5909,,1, HTTP/1.1" 200 6086
186.103.159.182 - - [04/Apr/2017:12:34:59 -0300] "GET /cormun/servlet/solicitudotadjuntos?75b9bfaef3177bbb668eb6a5102b6a7df33b53b960e1cf8cdf637a6faca66c3d29ff7de2238d46693d46c4a465efa772,gx-no-cache=1491320165199 HTTP/1.1" 200 30
186.103.159.182 - - [04/Apr/2017:12:34:59 -0300] "POST /cormun/servlet/solicitudotadjuntos?0444c26432d2d7ca8e95183f9b4c8350,INS,2017,5909,,1,,gx-no-cache=1491320165285 HTTP/1.1" 200 3849
192.168.10.96 - - [04/Apr/2017:12:35:00 -0300] "GET /cormun/servlet/trsolicitudgral? HTTP/1.1" 200 8576
192.168.10.96 - - [04/Apr/2017:12:35:01 -0300] "GET /cormun/servlet/trsolicitudgral? HTTP/1.1" 200 8576
186.103.159.182 - - [04/Apr/2017:12:35:02 -0300] "POST /cormun/servlet/solicitudotadjuntos?gx-no-cache=1491320168009 HTTP/1.1" 200 26
192.168.10.96 - - [04/Apr/2017:12:35:11 -0300] "POST /cormun/servlet/trsolicitudgral?5f9e6b7dba86bd8c85659e131313a019,,gx-no-cache=1491323388601 HTTP/1.1" 200 5477
192.168.10.96 - - [04/Apr/2017:12:35:15 -0300] "POST /cormun/servlet/trsolicitudgral?5f9e6b7dba86bd8c85659e131313a019,,gx-no-cache=1491323392799 HTTP/1.1" 200 7852
186.103.159.182 - - [04/Apr/2017:12:35:19 -0300] "GET /cormun/servlet/solicitudotadjuntos?75b9bfaef3177bbb668eb6a5102b6a7dbd0c74104f4322a7b501c201ec2036d3,gx-no-cache=1491320185292 HTTP/1.1" 200 30
186.103.159.182 - - [04/Apr/2017:12:35:19 -0300] "GET /cormun/servlet/solicitudotadjuntos?75b9bfaef3177bbb668eb6a5102b6a7dbd0c74104f4322a7b501c201ec2036d3,gx-no-cache=1491320185353 HTTP/1.1" 200 30
192.168.10.96 - - [04/Apr/2017:12:35:23 -0300] "POST /cormun/servlet/trsolicitudgral?5f9e6b7dba86bd8c85659e131313a019,,gx-no-cache=1491323400437 HTTP/1.1" 200 8154
186.103.159.182 - - [04/Apr/2017:12:35:24 -0300] "POST /cormun/servlet/solicitudotadjuntos?0444c26432d2d7ca8e95183f9b4c8350,INS,2017,5909,,1, HTTP/1.1" 200 116
186.103.159.182 - - [04/Apr/2017:12:35:24 -0300] "GET /cormun/servlet/hpexe_return? HTTP/1.1" 200 1020
186.103.159.182 - - [04/Apr/2017:12:35:25 -0300] "GET /cormun/servlet/trsolicitudadjuntos?2017,5909, HTTP/1.1" 200 8317
192.168.10.13 - - [04/Apr/2017:12:35:25 -0300] "GET / HTTP/1.1" 200 11217
186.103.159.182 - - [04/Apr/2017:12:35:26 -0300] "GET /cormun/servlet/trsolicitudadjuntos?2017,5909, HTTP/1.1" 200 8313
192.168.10.96 - - [04/Apr/2017:12:35:28 -0300] "POST /cormun/servlet/trsolicitudgral?5f9e6b7dba86bd8c85659e131313a019,,gx-no-cache=1491323405410 HTTP/1.1" 200 5477
186.103.159.182 - - [04/Apr/2017:12:35:29 -0300] "GET /cormun/servlet/solicitudotadjuntos?INS,2017,5909,,1, HTTP/1.1" 200 6093
186.103.159.182 - - [04/Apr/2017:12:35:29 -0300] "GET /cormun/static/about:blank HTTP/1.1" 404 1011
186.103.159.182 - - [04/Apr/2017:12:35:30 -0300] "GET /cormun/servlet/solicitudotadjuntos?INS,2017,5909,,1, HTTP/1.1" 200 6087
186.103.159.182 - - [04/Apr/2017:12:35:31 -0300] "GET /cormun/servlet/solicitudotadjuntos?75b9bfaef3177bbb668eb6a5102b6a7df33b53b960e1cf8cdf637a6faca66c3d29ff7de2238d46693d46c4a465efa772,gx-no-cache=1491320196633 HTTP/1.1" 200 30
192.168.10.96 - - [04/Apr/2017:12:35:31 -0300] "POST /cormun/servlet/trsolicitudgral?5f9e6b7dba86bd8c85659e131313a019,,gx-no-cache=1491323407988 HTTP/1.1" 200 5473
186.103.159.182 - - [04/Apr/2017:12:35:31 -0300] "POST /cormun/servlet/solicitudotadjuntos?0444c26432d2d7ca8e95183f9b4c8350,INS,2017,5909,,1,,gx-no-cache=1491320196698 HTTP/1.1" 200 3851
192.168.10.96 - - [04/Apr/2017:12:35:34 -0300] "POST /cormun/servlet/trsolicitudgral?5f9e6b7dba86bd8c85659e131313a019,,gx-no-cache=1491323410865 HTTP/1.1" 200 7852
186.103.159.182 - - [04/Apr/2017:12:35:34 -0300] "POST /cormun/servlet/solicitudotadjuntos?gx-no-cache=1491320199672 HTTP/1.1" 200 26
192.168.10.96 - - [04/Apr/2017:12:35:44 -0300] "GET /cormun/servlet/hlogin HTTP/1.1" 200 1749
186.103.159.182 - - [04/Apr/2017:12:35:47 -0300] "GET /cormun/servlet/solicitudotadjuntos?75b9bfaef3177bbb668eb6a5102b6a7dbd0c74104f4322a7b501c201ec2036d3,gx-no-cache=1491320212700 HTTP/1.1" 200 30
186.103.159.182 - - [04/Apr/2017:12:35:47 -0300] "GET /cormun/servlet/solicitudotadjuntos?75b9bfaef3177bbb668eb6a5102b6a7dbd0c74104f4322a7b501c201ec2036d3,gx-no-cache=1491320212740 HTTP/1.1" 200 30
186.103.159.182 - - [04/Apr/2017:12:35:50 -0300] "POST /cormun/servlet/solicitudotadjuntos?0444c26432d2d7ca8e95183f9b4c8350,INS,2017,5909,,1, HTTP/1.1" 200 116
186.103.159.182 - - [04/Apr/2017:12:35:50 -0300] "GET /cormun/servlet/hpexe_return? HTTP/1.1" 200 1020
186.103.159.182 - - [04/Apr/2017:12:35:51 -0300] "GET /cormun/servlet/trsolicitudadjuntos?2017,5909, HTTP/1.1" 200 8490
192.168.10.96 - - [04/Apr/2017:12:35:51 -0300] "POST /cormun/servlet/hlogin?5f9e6b7dba86bd8c85659e131313a019,gx-no-cache=1491323427902 HTTP/1.1" 200 90
192.168.10.96 - - [04/Apr/2017:12:35:51 -0300] "GET /cormun/servlet/hpexe_link HTTP/1.1" 200 956
192.168.10.96 - - [04/Apr/2017:12:35:51 -0300] "GET /cormun/servlet/hhome HTTP/1.1" 200 4017
192.168.10.96 - - [04/Apr/2017:12:35:51 -0300] "GET /cormun/servlet/hhome HTTP/1.1" 200 4013
186.103.159.182 - - [04/Apr/2017:12:35:52 -0300] "GET /cormun/servlet/trsolicitudadjuntos?2017,5909, HTTP/1.1" 200 8488
192.168.10.96 - - [04/Apr/2017:12:35:53 -0300] "GET /cormun/servlet/trsolicitudot? HTTP/1.1" 200 6985
192.168.10.96 - - [04/Apr/2017:12:35:53 -0300] "GET /cormun/servlet/trsolicitudot? HTTP/1.1" 200 6984
186.103.159.182 - - [04/Apr/2017:12:35:55 -0300] "GET /cormun/servlet/solicitudotadjuntos?INS,2017,5909,,1, HTTP/1.1" 200 6093
192.168.10.96 - - [04/Apr/2017:12:35:56 -0300] "GET /cormun/servlet/solicitudot?INS,0,0, HTTP/1.1" 200 12810
192.168.10.96 - - [04/Apr/2017:12:35:56 -0300] "GET /cormun/static/gxcfg.js?20171191042720 HTTP/1.1" 304 -
186.103.159.182 - - [04/Apr/2017:12:35:56 -0300] "GET /cormun/static/about:blank HTTP/1.1" 404 1011
192.168.10.96 - - [04/Apr/2017:12:35:56 -0300] "GET /cormun/servlet/solicitudot?INS,0,0, HTTP/1.1" 200 12815
186.103.159.182 - - [04/Apr/2017:12:35:56 -0300] "GET /cormun/servlet/solicitudotadjuntos?INS,2017,5909,,1, HTTP/1.1" 200 6087
186.103.159.182 - - [04/Apr/2017:12:35:57 -0300] "GET /cormun/servlet/solicitudotadjuntos?75b9bfaef3177bbb668eb6a5102b6a7df33b53b960e1cf8cdf637a6faca66c3d29ff7de2238d46693d46c4a465efa772,gx-no-cache=1491320222899 HTTP/1.1" 200 30
192.168.10.96 - - [04/Apr/2017:12:35:58 -0300] "GET /cormun/servlet/prfichaempleado?,MD,,gxPopupLevel%3D0%3B HTTP/1.1" 200 8843
192.168.10.96 - - [04/Apr/2017:12:35:58 -0300] "GET /cormun/static/gxcfg.js?2017319125415 HTTP/1.1" 304 -
186.103.159.182 - - [04/Apr/2017:12:35:58 -0300] "POST /cormun/servlet/solicitudotadjuntos?0444c26432d2d7ca8e95183f9b4c8350,INS,2017,5909,,1,,gx-no-cache=1491320223453 HTTP/1.1" 200 3851
186.103.159.182 - - [04/Apr/2017:12:36:01 -0300] "POST /cormun/servlet/solicitudotadjuntos?gx-no-cache=1491320226743 HTTP/1.1" 200 26
192.168.10.96 - - [04/Apr/2017:12:36:06 -0300] "POST /cormun/servlet/prfichaempleado?5f9e6b7dba86bd8c85659e131313a019,,MD,,gxPopupLevel%3D0%3B,gx-no-cache=1491323443267 HTTP/1.1" 200 3396
192.168.10.96 - - [04/Apr/2017:12:36:08 -0300] "POST /cormun/servlet/solicitudot?gx-no-cache=1491323445420 HTTP/1.1" 200 3152
192.168.10.96 - - [04/Apr/2017:12:36:08 -0300] "POST /cormun/servlet/solicitudot?5f9e6b7dba86bd8c85659e131313a019,INS,0,0,,gx-no-cache=1491323445549 HTTP/1.1" 200 9949
192.168.10.96 - - [04/Apr/2017:12:36:11 -0300] "GET /cormun/servlet/solicitudot?41ac628b304234432fb3294b891dbef6eef37c412de1e09d4c702f62720ee3a18ef4821b9fe667c3b15e59d59a8e1509,gx-no-cache=1491323448175 HTTP/1.1" 200 30
192.168.10.96 - - [04/Apr/2017:12:36:11 -0300] "POST /cormun/servlet/solicitudot?gx-no-cache=1491323448241 HTTP/1.1" 200 255
192.168.10.96 - - [04/Apr/2017:12:36:11 -0300] "GET /cormun/servlet/solicitudot?41ac628b304234432fb3294b891dbef62aed3d80ec2fc7879db25afd8d4748700a288b72ff9482f05d99e03f709465c396a1ed3fd57a3e5cc6d750fc4d691d0ea44c748c87508978e5c64c376d70cc244aecfaf729e6762ff66c93bf533fef7377eaac28c11cd9be511e1e9f24c77d2037a1d3bf4ee309ba61918fb4c146e0be56f990ceabdf9cfa67c5d295d6044487e3fb594137e3d7a9f6176f655a4f7a1326e97821baf983c10172fae26211625155a578877d96ae58f94468c343fff064b01dbacae6ce2af564ceea38bc4ff2a72ea5ad6f6b029254bfe4d1e9e664b3a9309e662dadf8c7fe2a50b956d11e7c09ecfa4dcc6f54910721a9037d16f9a475d1147da20c70a079dab6fee2d8ef93ba1987b9936922356c662d3cd71241b471e6000f19d62e380563dc2e60526491e27edaec3cba0bd9847853b00bf43b145fd2a53b42d0f55392d6c0b206520dd60a69e0bd00d94d6eb0e8e817c23d12449a5caddf613991e55e7ca71ba081644a4dc692b9c04eb322aab9026008ff8e0c2d,gx-no-cache=1491323448271 HTTP/1.1" 200 30
192.168.10.96 - - [04/Apr/2017:12:36:13 -0300] "POST /cormun/servlet/solicitudot?gx-no-cache=1491323449960 HTTP/1.1" 200 30
192.168.10.96 - - [04/Apr/2017:12:36:14 -0300] "GET /cormun/servlet/prcontratosol?18302712,,,,,MD,,gxPopupLevel%3D0%3B HTTP/1.1" 200 5978
192.168.10.96 - - [04/Apr/2017:12:36:14 -0300] "GET /cormun/static/gxcfg.js?201731711522183 HTTP/1.1" 304 -
186.103.159.182 - - [04/Apr/2017:12:36:14 -0300] "GET /cormun/servlet/solicitudotadjuntos?75b9bfaef3177bbb668eb6a5102b6a7dbd0c74104f4322a7b501c201ec2036d3,gx-no-cache=1491320240144 HTTP/1.1" 200 30
186.103.159.182 - - [04/Apr/2017:12:36:14 -0300] "GET /cormun/servlet/solicitudotadjuntos?75b9bfaef3177bbb668eb6a5102b6a7dbd0c74104f4322a7b501c201ec2036d3,gx-no-cache=1491320240183 HTTP/1.1" 200 30
192.168.10.96 - - [04/Apr/2017:12:36:16 -0300] "POST /cormun/servlet/solicitudot?gx-no-cache=1491323452910 HTTP/1.1" 200 1291
192.168.10.96 - - [04/Apr/2017:12:36:16 -0300] "POST /cormun/servlet/solicitudot?gx-no-cache=1491323452950 HTTP/1.1" 200 38
192.168.10.96 - - [04/Apr/2017:12:36:16 -0300] "GET /cormun/servlet/solicitudot?41ac628b304234432fb3294b891dbef6ddab379a783545be360097bc34135cecd4de934e390f1df8198f5d2e7159a5f56bd071c036bae51781c9feac20d1e1fe36f481b2853ea27fe9c8f5f9dbfc089371703807dae0a976711d8bd6f019ec090f98bfeaeb678406954132363930e4f8fc0c6d8a954dd51b2e7df8f6ebe4ce8627d86e9df7b631bab891849de36fc1a8092760a4060fb30ee3787260965fb2cb,gx-no-cache=1491323452970 HTTP/1.1" 200 29
192.168.10.96 - - [04/Apr/2017:12:36:16 -0300] "POST /cormun/servlet/solicitudot?gx-no-cache=1491323452988 HTTP/1.1" 200 1274
192.168.10.96 - - [04/Apr/2017:12:36:16 -0300] "POST /cormun/servlet/solicitudot?gx-no-cache=1491323453016 HTTP/1.1" 200 1157
186.103.159.182 - - [04/Apr/2017:12:36:16 -0300] "POST /cormun/servlet/solicitudotadjuntos?0444c26432d2d7ca8e95183f9b4c8350,INS,2017,5909,,1, HTTP/1.1" 200 116
186.103.159.182 - - [04/Apr/2017:12:36:16 -0300] "GET /cormun/servlet/hpexe_return? HTTP/1.1" 200 1020
186.103.159.182 - - [04/Apr/2017:12:36:16 -0300] "GET /cormun/servlet/trsolicitudadjuntos?2017,5909, HTTP/1.1" 200 8631
186.103.159.182 - - [04/Apr/2017:12:36:18 -0300] "GET /cormun/servlet/trsolicitudadjuntos?2017,5909, HTTP/1.1" 200 8630
186.103.159.182 - - [04/Apr/2017:12:36:20 -0300] "GET /cormun/servlet/solicitudotadjuntos?INS,2017,5909,,1, HTTP/1.1" 200 6093
186.103.159.182 - - [04/Apr/2017:12:36:21 -0300] "GET /cormun/static/about:blank HTTP/1.1" 404 1011
186.103.159.182 - - [04/Apr/2017:12:36:22 -0300] "GET /cormun/servlet/solicitudotadjuntos?INS,2017,5909,,1, HTTP/1.1" 200 6087
186.103.159.182 - - [04/Apr/2017:12:36:22 -0300] "GET /cormun/servlet/solicitudotadjuntos?75b9bfaef3177bbb668eb6a5102b6a7df33b53b960e1cf8cdf637a6faca66c3d29ff7de2238d46693d46c4a465efa772,gx-no-cache=1491320248415 HTTP/1.1" 200 30
186.103.159.182 - - [04/Apr/2017:12:36:23 -0300] "POST /cormun/servlet/solicitudotadjuntos?0444c26432d2d7ca8e95183f9b4c8350,INS,2017,5909,,1,,gx-no-cache=1491320248493 HTTP/1.1" 200 3851
192.168.10.96 - - [04/Apr/2017:12:36:23 -0300] "POST /cormun/servlet/solicitudot?gx-no-cache=1491323460306 HTTP/1.1" 200 1273
192.168.10.96 - - [04/Apr/2017:12:36:23 -0300] "POST /cormun/servlet/solicitudot?gx-no-cache=1491323460359 HTTP/1.1" 200 1157
192.168.10.96 - - [04/Apr/2017:12:36:23 -0300] "GET /cormun/servlet/solicitudot?41ac628b304234432fb3294b891dbef62584d9152892051c5503efbcf30f69808eae10981d27759f5b15ceb27aeae3dc649d72da3713063d4010dd96ba2670ee2005fe9cc7f9971840da1333321f5e7d0727b99c375f4459439f94982ceb6d97b58ca184bd8cb054738df7f7c35f61bc6de9b82a8ceaa2633e3f974e195e876ad29736aa5ac876b1ffdbb4e7f762063c635e5272e3c4a063fea72ab657b1c9fd59109aedd468b3500e7c6aed42957648,gx-no-cache=1491323460392 HTTP/1.1" 200 30
192.168.10.13 - - [04/Apr/2017:12:36:25 -0300] "GET / HTTP/1.1" 200 11217
186.103.159.182 - - [04/Apr/2017:12:36:26 -0300] "POST /cormun/servlet/solicitudotadjuntos?gx-no-cache=1491320252433 HTTP/1.1" 200 26
192.168.10.96 - - [04/Apr/2017:12:36:27 -0300] "POST /cormun/servlet/solicitudot?5f9e6b7dba86bd8c85659e131313a019,INS,0,0,,gx-no-cache=1491323463919 HTTP/1.1" 200 93
192.168.10.96 - - [04/Apr/2017:12:36:27 -0300] "GET /cormun/servlet/hpexe_return? HTTP/1.1" 200 1011
192.168.10.96 - - [04/Apr/2017:12:36:27 -0300] "GET /cormun/servlet/trsolicitudot HTTP/1.1" 200 8279
192.168.10.96 - - [04/Apr/2017:12:36:27 -0300] "GET /cormun/servlet/trsolicitudot HTTP/1.1" 200 8275
192.168.10.96 - - [04/Apr/2017:12:36:30 -0300] "POST /cormun/servlet/trsolicitudot?5f9e6b7dba86bd8c85659e131313a019,gx-no-cache=1491323467332 HTTP/1.1" 200 4349
192.168.10.96 - - [04/Apr/2017:12:36:30 -0300] "GET /cormun/static/Shared/jqueryui/images/ui-bg_highlight-soft_100_c6c2c8_1x100.png HTTP/1.1" 404 1117
192.168.10.96 - - [04/Apr/2017:12:36:30 -0300] "GET /cormun/static/Shared/jqueryui/images/ui-icons_82798d_256x240.png HTTP/1.1" 404 1089
192.168.10.96 - - [04/Apr/2017:12:36:30 -0300] "GET /cormun/static/Shared/jqueryui/images/ui-bg_flat_55_fafafa_40x100.png HTTP/1.1" 404 1097
192.168.10.96 - - [04/Apr/2017:12:36:30 -0300] "GET /cormun/static/Shared/jqueryui/images/ui-icons_8d78a5_256x240.png HTTP/1.1" 404 1089
192.168.10.96 - - [04/Apr/2017:12:36:30 -0300] "POST /cormun/servlet/trsolicitudot?5f9e6b7dba86bd8c85659e131313a019,gx-no-cache=1491323467566 HTTP/1.1" 200 4125
192.168.10.96 - - [04/Apr/2017:12:36:31 -0300] "GET /cormun/servlet/trautorizarsolicitud? HTTP/1.1" 200 8222
192.168.10.96 - - [04/Apr/2017:12:36:32 -0300] "GET /cormun/static/gxcfg.js?2017259112829 HTTP/1.1" 304 -
192.168.10.96 - - [04/Apr/2017:12:36:32 -0300] "GET /cormun/servlet/trautorizarsolicitud? HTTP/1.1" 200 8221
186.103.159.182 - - [04/Apr/2017:12:36:32 -0300] "GET /cormun/servlet/solicitudotadjuntos?75b9bfaef3177bbb668eb6a5102b6a7dbd0c74104f4322a7b501c201ec2036d3,gx-no-cache=1491320258558 HTTP/1.1" 200 30
186.103.159.182 - - [04/Apr/2017:12:36:33 -0300] "GET /cormun/servlet/solicitudotadjuntos?75b9bfaef3177bbb668eb6a5102b6a7dbd0c74104f4322a7b501c201ec2036d3,gx-no-cache=1491320258584 HTTP/1.1" 200 30
192.168.10.96 - - [04/Apr/2017:12:36:34 -0300] "POST /cormun/servlet/trautorizarsolicitud?5f9e6b7dba86bd8c85659e131313a019,,gx-no-cache=1491323470961 HTTP/1.1" 200 4327
192.168.10.96 - - [04/Apr/2017:12:36:34 -0300] "GET /cormun/static/Shared/jqueryui/images/ui-icons_82798d_256x240.png HTTP/1.1" 404 1089
192.168.10.96 - - [04/Apr/2017:12:36:34 -0300] "GET /cormun/static/Shared/jqueryui/images/ui-bg_highlight-soft_100_c6c2c8_1x100.png HTTP/1.1" 404 1117
192.168.10.96 - - [04/Apr/2017:12:36:34 -0300] "GET /cormun/static/Shared/jqueryui/images/ui-bg_flat_55_fafafa_40x100.png HTTP/1.1" 404 1097
192.168.10.96 - - [04/Apr/2017:12:36:34 -0300] "GET /cormun/static/Shared/jqueryui/images/ui-icons_8d78a5_256x240.png HTTP/1.1" 404 1089
192.168.10.96 - - [04/Apr/2017:12:36:34 -0300] "POST /cormun/servlet/trautorizarsolicitud?5f9e6b7dba86bd8c85659e131313a019,,gx-no-cache=1491323471146 HTTP/1.1" 200 4102
186.103.159.182 - - [04/Apr/2017:12:36:35 -0300] "POST /cormun/servlet/solicitudotadjuntos?0444c26432d2d7ca8e95183f9b4c8350,INS,2017,5909,,1, HTTP/1.1" 200 116
186.103.159.182 - - [04/Apr/2017:12:36:35 -0300] "GET /cormun/servlet/hpexe_return? HTTP/1.1" 200 1020
186.103.159.182 - - [04/Apr/2017:12:36:36 -0300] "GET /cormun/servlet/trsolicitudadjuntos?2017,5909, HTTP/1.1" 200 8776
186.103.159.182 - - [04/Apr/2017:12:36:38 -0300] "GET /cormun/servlet/trsolicitudadjuntos?2017,5909, HTTP/1.1" 200 8772
186.103.159.182 - - [04/Apr/2017:12:36:40 -0300] "GET /cormun/servlet/solicitudotadjuntos?INS,2017,5909,,1, HTTP/1.1" 200 6092
186.103.159.182 - - [04/Apr/2017:12:36:40 -0300] "GET /cormun/static/about:blank HTTP/1.1" 404 1011
186.103.159.182 - - [04/Apr/2017:12:36:41 -0300] "GET /cormun/servlet/solicitudotadjuntos?INS,2017,5909,,1, HTTP/1.1" 200 6086
186.103.159.182 - - [04/Apr/2017:12:36:42 -0300] "GET /cormun/servlet/solicitudotadjuntos?75b9bfaef3177bbb668eb6a5102b6a7df33b53b960e1cf8cdf637a6faca66c3d29ff7de2238d46693d46c4a465efa772,gx-no-cache=1491320267839 HTTP/1.1" 200 30
186.103.159.182 - - [04/Apr/2017:12:36:42 -0300] "POST /cormun/servlet/solicitudotadjuntos?0444c26432d2d7ca8e95183f9b4c8350,INS,2017,5909,,1,,gx-no-cache=1491320267911 HTTP/1.1" 200 3851
186.103.159.182 - - [04/Apr/2017:12:36:47 -0300] "POST /cormun/servlet/solicitudotadjuntos?gx-no-cache=1491320272929 HTTP/1.1" 200 26
186.103.159.182 - - [04/Apr/2017:12:36:55 -0300] "GET /cormun/servlet/solicitudotadjuntos?75b9bfaef3177bbb668eb6a5102b6a7dbd0c74104f4322a7b501c201ec2036d3,gx-no-cache=1491320281589 HTTP/1.1" 200 30
186.103.159.182 - - [04/Apr/2017:12:36:56 -0300] "GET /cormun/servlet/solicitudotadjuntos?75b9bfaef3177bbb668eb6a5102b6a7dbd0c74104f4322a7b501c201ec2036d3,gx-no-cache=1491320281638 HTTP/1.1" 200 30
186.103.159.182 - - [04/Apr/2017:12:37:03 -0300] "POST /cormun/servlet/solicitudotadjuntos?0444c26432d2d7ca8e95183f9b4c8350,INS,2017,5909,,1, HTTP/1.1" 200 116
186.103.159.182 - - [04/Apr/2017:12:37:03 -0300] "GET /cormun/servlet/hpexe_return? HTTP/1.1" 200 1020
186.103.159.182 - - [04/Apr/2017:12:37:03 -0300] "GET /cormun/servlet/trsolicitudadjuntos?2017,5909, HTTP/1.1" 200 8974
186.103.159.182 - - [04/Apr/2017:12:37:05 -0300] "GET /cormun/servlet/trsolicitudadjuntos?2017,5909, HTTP/1.1" 200 8970
186.103.159.182 - - [04/Apr/2017:12:37:08 -0300] "GET /cormun/servlet/solicitudotadjuntos?INS,2017,5909,,1, HTTP/1.1" 200 6092
186.103.159.182 - - [04/Apr/2017:12:37:08 -0300] "GET /cormun/static/about:blank HTTP/1.1" 404 1011
186.103.159.182 - - [04/Apr/2017:12:37:09 -0300] "GET /cormun/servlet/solicitudotadjuntos?INS,2017,5909,,1, HTTP/1.1" 200 6086
186.103.159.182 - - [04/Apr/2017:12:37:10 -0300] "GET /cormun/servlet/solicitudotadjuntos?75b9bfaef3177bbb668eb6a5102b6a7df33b53b960e1cf8cdf637a6faca66c3d29ff7de2238d46693d46c4a465efa772,gx-no-cache=1491320296010 HTTP/1.1" 200 30
186.103.159.182 - - [04/Apr/2017:12:37:10 -0300] "POST /cormun/servlet/solicitudotadjuntos?0444c26432d2d7ca8e95183f9b4c8350,INS,2017,5909,,1,,gx-no-cache=1491320296080 HTTP/1.1" 200 3851
192.168.10.96 - - [04/Apr/2017:12:37:12 -0300] "GET /cormun/servlet/hlogin HTTP/1.1" 200 1752
186.103.159.182 - - [04/Apr/2017:12:37:13 -0300] "POST /cormun/servlet/solicitudotadjuntos?gx-no-cache=1491320298649 HTTP/1.1" 200 26
186.103.159.182 - - [04/Apr/2017:12:37:18 -0300] "GET /cormun/servlet/solicitudotadjuntos?75b9bfaef3177bbb668eb6a5102b6a7dbd0c74104f4322a7b501c201ec2036d3,gx-no-cache=1491320304196 HTTP/1.1" 200 30
186.103.159.182 - - [04/Apr/2017:12:37:18 -0300] "GET /cormun/servlet/solicitudotadjuntos?75b9bfaef3177bbb668eb6a5102b6a7dbd0c74104f4322a7b501c201ec2036d3,gx-no-cache=1491320304220 HTTP/1.1" 200 30
192.168.10.96 - - [04/Apr/2017:12:37:21 -0300] "POST /cormun/servlet/hlogin?5f9e6b7dba86bd8c85659e131313a019,gx-no-cache=1491323517886 HTTP/1.1" 200 90
192.168.10.96 - - [04/Apr/2017:12:37:21 -0300] "GET /cormun/servlet/hpexe_link HTTP/1.1" 200 956
192.168.10.96 - - [04/Apr/2017:12:37:21 -0300] "GET /cormun/servlet/hhome HTTP/1.1" 200 4263
192.168.10.96 - - [04/Apr/2017:12:37:21 -0300] "GET /cormun/servlet/hhome HTTP/1.1" 200 4259
186.103.159.182 - - [04/Apr/2017:12:37:22 -0300] "POST /cormun/servlet/solicitudotadjuntos?0444c26432d2d7ca8e95183f9b4c8350,INS,2017,5909,,1, HTTP/1.1" 200 116
186.103.159.182 - - [04/Apr/2017:12:37:22 -0300] "GET /cormun/servlet/hpexe_return? HTTP/1.1" 200 1020
192.168.10.96 - - [04/Apr/2017:12:37:23 -0300] "GET /cormun/servlet/trsolicitudgral? HTTP/1.1" 200 11295
186.103.159.182 - - [04/Apr/2017:12:37:23 -0300] "GET /cormun/servlet/trsolicitudadjuntos?2017,5909, HTTP/1.1" 200 9164
192.168.10.96 - - [04/Apr/2017:12:37:23 -0300] "GET /cormun/servlet/trsolicitudgral? HTTP/1.1" 200 11293
186.103.159.182 - - [04/Apr/2017:12:37:25 -0300] "GET /cormun/servlet/trsolicitudadjuntos?2017,5909, HTTP/1.1" 200 9160
192.168.10.13 - - [04/Apr/2017:12:37:25 -0300] "GET / HTTP/1.1" 200 11217
186.103.159.182 - - [04/Apr/2017:12:37:27 -0300] "POST /cormun/servlet/trsolicitudadjuntos?0444c26432d2d7ca8e95183f9b4c8350,2017,5909,,gx-no-cache=1491320313325 HTTP/1.1" 200 90
186.103.159.182 - - [04/Apr/2017:12:37:27 -0300] "GET /cormun/servlet/hpexe_link HTTP/1.1" 200 963
186.103.159.182 - - [04/Apr/2017:12:37:28 -0300] "GET /cormun/servlet/trsolicitudot HTTP/1.1" 200 11227
186.103.159.182 - - [04/Apr/2017:12:37:29 -0300] "GET /cormun/servlet/trsolicitudot HTTP/1.1" 200 11226
192.168.10.96 - - [04/Apr/2017:12:37:36 -0300] "POST /cormun/servlet/trsolicitudgral?5f9e6b7dba86bd8c85659e131313a019,,gx-no-cache=1491323533304 HTTP/1.1" 200 8153
186.103.159.182 - - [04/Apr/2017:12:37:37 -0300] "POST /cormun/servlet/trsolicitudot?0444c26432d2d7ca8e95183f9b4c8350,gx-no-cache=1491320323192 HTTP/1.1" 200 7958
186.103.159.182 - - [04/Apr/2017:12:37:38 -0300] "GET /cormun/static/Shared/jqueryui/images/ui-bg_highlight-soft_100_c6c2c8_1x100.png HTTP/1.1" 404 1117
186.103.159.182 - - [04/Apr/2017:12:37:38 -0300] "GET /cormun/static/Shared/jqueryui/images/ui-icons_82798d_256x240.png HTTP/1.1" 404 1089
186.103.159.182 - - [04/Apr/2017:12:37:38 -0300] "GET /cormun/static/Shared/jqueryui/images/ui-bg_flat_55_fafafa_40x100.png HTTP/1.1" 404 1097
186.103.159.182 - - [04/Apr/2017:12:37:38 -0300] "GET /cormun/static/Shared/jqueryui/images/ui-icons_8d78a5_256x240.png HTTP/1.1" 404 1089
186.103.159.182 - - [04/Apr/2017:12:37:38 -0300] "POST /cormun/servlet/trsolicitudot?0444c26432d2d7ca8e95183f9b4c8350,gx-no-cache=1491320324055 HTTP/1.1" 200 7901
192.168.10.96 - - [04/Apr/2017:12:37:41 -0300] "POST /cormun/servlet/trsolicitudgral?5f9e6b7dba86bd8c85659e131313a019,,gx-no-cache=1491323537827 HTTP/1.1" 200 5478
192.168.10.96 - - [04/Apr/2017:12:37:43 -0300] "GET /cormun/servlet/hlogin HTTP/1.1" 200 1749
186.103.159.182 - - [04/Apr/2017:12:37:45 -0300] "POST /cormun/servlet/trsolicitudot?0444c26432d2d7ca8e95183f9b4c8350,gx-no-cache=1491320330928 HTTP/1.1" 200 7943
192.168.10.96 - - [04/Apr/2017:12:37:49 -0300] "POST /cormun/servlet/hlogin?5f9e6b7dba86bd8c85659e131313a019,gx-no-cache=1491323546308 HTTP/1.1" 200 90
192.168.10.96 - - [04/Apr/2017:12:37:49 -0300] "GET /cormun/servlet/hpexe_link HTTP/1.1" 200 956
192.168.10.96 - - [04/Apr/2017:12:37:49 -0300] "GET /cormun/servlet/hhome HTTP/1.1" 200 4017
192.168.10.96 - - [04/Apr/2017:12:37:49 -0300] "GET /cormun/servlet/hhome HTTP/1.1" 200 4013
192.168.10.96 - - [04/Apr/2017:12:37:51 -0300] "GET /cormun/servlet/trsolicitudot? HTTP/1.1" 200 6985
192.168.10.96 - - [04/Apr/2017:12:37:52 -0300] "GET /cormun/servlet/trsolicitudot? HTTP/1.1" 200 6984
186.103.159.182 - - [04/Apr/2017:12:37:52 -0300] "POST /cormun/servlet/trsolicitudot?0444c26432d2d7ca8e95183f9b4c8350,gx-no-cache=1491320337497 HTTP/1.1" 200 7713
186.103.159.182 - - [04/Apr/2017:12:37:53 -0300] "POST /cormun/servlet/trsolicitudot?0444c26432d2d7ca8e95183f9b4c8350,gx-no-cache=1491320338790 HTTP/1.1" 200 7656
192.168.10.96 - - [04/Apr/2017:12:37:54 -0300] "GET /cormun/servlet/solicitudot?INS,0,0, HTTP/1.1" 200 12812
192.168.10.96 - - [04/Apr/2017:12:37:54 -0300] "GET /cormun/servlet/solicitudot?INS,0,0, HTTP/1.1" 200 12817
192.168.10.96 - - [04/Apr/2017:12:37:56 -0300] "GET /cormun/servlet/prfichaempleado?,MD,,gxPopupLevel%3D0%3B HTTP/1.1" 200 8843
186.103.159.182 - - [04/Apr/2017:12:37:59 -0300] "POST /cormun/servlet/trsolicitudot?0444c26432d2d7ca8e95183f9b4c8350,gx-no-cache=1491320344650 HTTP/1.1" 200 7237
186.103.159.182 - - [04/Apr/2017:12:38:01 -0300] "POST /cormun/servlet/trsolicitudot?0444c26432d2d7ca8e95183f9b4c8350,gx-no-cache=1491320346014 HTTP/1.1" 200 7182
192.168.10.96 - - [04/Apr/2017:12:38:06 -0300] "POST /cormun/servlet/prfichaempleado?5f9e6b7dba86bd8c85659e131313a019,,MD,,gxPopupLevel%3D0%3B,gx-no-cache=1491323563611 HTTP/1.1" 200 3406
192.168.10.96 - - [04/Apr/2017:12:38:09 -0300] "POST /cormun/servlet/solicitudot?gx-no-cache=1491323566195 HTTP/1.1" 200 3181
192.168.10.96 - - [04/Apr/2017:12:38:09 -0300] "POST /cormun/servlet/solicitudot?5f9e6b7dba86bd8c85659e131313a019,INS,0,0,,gx-no-cache=1491323566438 HTTP/1.1" 200 9953
192.168.10.96 - - [04/Apr/2017:12:38:11 -0300] "GET /cormun/servlet/solicitudot?41ac628b304234432fb3294b891dbef63ca4731bb489fa898bc2df55322eae9d029d8d52f93b92e23f2900a9e3bd505a,gx-no-cache=1491323568076 HTTP/1.1" 200 30
192.168.10.96 - - [04/Apr/2017:12:38:11 -0300] "POST /cormun/servlet/solicitudot?gx-no-cache=1491323568139 HTTP/1.1" 200 240
192.168.10.96 - - [04/Apr/2017:12:38:11 -0300] "GET /cormun/servlet/solicitudot?41ac628b304234432fb3294b891dbef62aed3d80ec2fc7879db25afd8d474870471b3782f6d535dd87d88bce66fb013296a1ed3fd57a3e5cc6d750fc4d691d0ea44c748c87508978e5c64c376d70cc244aecfaf729e6762ff66c93bf533fef7377eaac28c11cd9be511e1e9f24c77d2037a1d3bf4ee309ba61918fb4c146e0be56f990ceabdf9cfa67c5d295d6044487e3fb594137e3d7a9f6176f655a4f7a1326e97821baf983c10172fae26211625155a578877d96ae58f94468c343fff064b01dbacae6ce2af564ceea38bc4ff2a72ea5ad6f6b029254bfe4d1e9e664b3a9309e662dadf8c7fe2a50b956d11e7c09ecfa4dcc6f54910721a9037d16f9a475d1147da20c70a079dab6fee2d8ef93ba887a7ccff34abef563d7dd2f99c81b36ee3215656bb25a2ca1f6b90ed7c38992645bd138e73c467b17d0111c32bd0ee9996ae738c2b4e8dfd796b5e6b3ad793f3ca8ecda8e550cef8d8598aaed175f10a37c7ff4e2b735ed2ea2a850f162061b98191c8b5131dea80e0faff42f5ab21a,gx-no-cache=1491323568169 HTTP/1.1" 200 30
186.103.159.182 - - [04/Apr/2017:12:38:13 -0300] "GET /cormun/servlet/trautorizarsolicitud? HTTP/1.1" 200 8913
186.103.159.182 - - [04/Apr/2017:12:38:13 -0300] "GET /cormun/static/gxcfg.js?2017259112829 HTTP/1.1" 304 -
192.168.10.96 - - [04/Apr/2017:12:38:14 -0300] "POST /cormun/servlet/solicitudot?gx-no-cache=1491323571444 HTTP/1.1" 200 30
186.103.159.182 - - [04/Apr/2017:12:38:15 -0300] "GET /cormun/servlet/trautorizarsolicitud? HTTP/1.1" 200 8912
192.168.10.96 - - [04/Apr/2017:12:38:15 -0300] "GET /cormun/servlet/prcontratosol?9286360,,,,,MD,,gxPopupLevel%3D0%3B HTTP/1.1" 200 5974
192.168.10.96 - - [04/Apr/2017:12:38:17 -0300] "POST /cormun/servlet/solicitudot?gx-no-cache=1491323574599 HTTP/1.1" 200 1372
192.168.10.96 - - [04/Apr/2017:12:38:17 -0300] "GET /cormun/static/Shared/jqueryui/images/ui-bg_flat_55_994d53_40x100.png HTTP/1.1" 404 1097
192.168.10.96 - - [04/Apr/2017:12:38:17 -0300] "GET /cormun/static/Shared/jqueryui/images/ui-icons_82798d_256x240.png HTTP/1.1" 404 1089
192.168.10.96 - - [04/Apr/2017:12:38:17 -0300] "GET /cormun/static/Shared/jqueryui/images/ui-bg_highlight-soft_100_c6c2c8_1x100.png HTTP/1.1" 404 1117
192.168.10.96 - - [04/Apr/2017:12:38:17 -0300] "GET /cormun/static/Shared/jqueryui/images/ui-icons_ebccce_256x240.png HTTP/1.1" 404 1089
192.168.10.96 - - [04/Apr/2017:12:38:17 -0300] "POST /cormun/servlet/solicitudot?gx-no-cache=1491323574647 HTTP/1.1" 200 117
192.168.10.96 - - [04/Apr/2017:12:38:17 -0300] "GET /cormun/servlet/solicitudot?41ac628b304234432fb3294b891dbef6ddab379a783545be360097bc34135cecd4de934e390f1df8198f5d2e7159a5f56bd071c036bae51781c9feac20d1e1fe36f481b2853ea27fe9c8f5f9dbfc089371703807dae0a976711d8bd6f019ec090f98bfeaeb678406954132363930e4f8fc0c6d8a954dd51b2e7df8f6ebe4ce8627d86e9df7b631bab891849de36fc1a8092760a4060fb30ee3787260965fb2cb,gx-no-cache=1491323574669 HTTP/1.1" 200 29
192.168.10.96 - - [04/Apr/2017:12:38:17 -0300] "GET /cormun/servlet/solicitudot?41ac628b304234432fb3294b891dbef6bdc74e60c58f9e491d52e40ec5431f0464063d03050594d288c8e46e1cc6eee1fe5044f0f92061b9d80ad1d6967e15f70e913c77b0d02f37bd109636c309b0c5a03f4c214b8e232d31163bb4cfa5b19cda992729b6f1b679083905f53f5a0c78370c65712573ea73849de741ffcb224b8c1cde8d7d8fd56e9acd96dc2ca6cf81898da114a57e61db04d35b48ebeafe77,gx-no-cache=1491323574684 HTTP/1.1" 200 57
192.168.10.96 - - [04/Apr/2017:12:38:17 -0300] "GET /cormun/servlet/solicitudot?41ac628b304234432fb3294b891dbef669b93170cae0962e8a76eb83acff050864063d03050594d288c8e46e1cc6eee1fe5044f0f92061b9d80ad1d6967e15f71af0340da167d70937a88add9882974917408689d104dc581e41633591f122dfe8fcc74d1ccb28d97c42b3adcfff7fbfc111297214018c3edfea0cc39eb84c9f,gx-no-cache=1491323574701 HTTP/1.1" 200 57
192.168.10.96 - - [04/Apr/2017:12:38:24 -0300] "GET /cormun/servlet/prfichaempleado?,MD,,gxPopupLevel%3D0%3B HTTP/1.1" 200 8843
192.168.10.13 - - [04/Apr/2017:12:38:25 -0300] "GET / HTTP/1.1" 200 11217
192.168.10.96 - - [04/Apr/2017:12:38:36 -0300] "POST /cormun/servlet/prfichaempleado?5f9e6b7dba86bd8c85659e131313a019,,MD,,gxPopupLevel%3D0%3B,gx-no-cache=1491323593105 HTTP/1.1" 200 5905
192.168.10.96 - - [04/Apr/2017:12:38:48 -0300] "POST /cormun/servlet/prfichaempleado?5f9e6b7dba86bd8c85659e131313a019,,MD,,gxPopupLevel%3D0%3B,gx-no-cache=1491323605150 HTTP/1.1" 200 3415
192.168.10.96 - - [04/Apr/2017:12:38:51 -0300] "POST /cormun/servlet/solicitudot?gx-no-cache=1491323607975 HTTP/1.1" 200 1291
192.168.10.96 - - [04/Apr/2017:12:38:53 -0300] "GET /cormun/servlet/prlicenciaspermisos?14203518,L,,MD,,gxPopupLevel%3D0%3B HTTP/1.1" 200 5866
192.168.10.96 - - [04/Apr/2017:12:38:53 -0300] "GET /cormun/static/gxcfg.js?20173171152124 HTTP/1.1" 200 953
192.168.10.96 - - [04/Apr/2017:12:38:53 -0300] "GET /cormun/static/prlicenciaspermisos.js?20173171152323 HTTP/1.1" 200 13360
192.168.10.96 - - [04/Apr/2017:12:39:00 -0300] "POST /cormun/servlet/solicitudot?gx-no-cache=1491323617451 HTTP/1.1" 200 41
192.168.10.96 - - [04/Apr/2017:12:39:07 -0300] "POST /cormun/servlet/solicitudot?gx-no-cache=1491323623900 HTTP/1.1" 200 1273
192.168.10.96 - - [04/Apr/2017:12:39:07 -0300] "POST /cormun/servlet/solicitudot?gx-no-cache=1491323623965 HTTP/1.1" 200 1157
192.168.10.96 - - [04/Apr/2017:12:39:07 -0300] "GET /cormun/servlet/solicitudot?41ac628b304234432fb3294b891dbef6e3434e354e63f2e029e644b71f79569658d78f31523255f3ab0ab12138fa5754d99c13d92cb9ed566735eaa9e0c20fd4f8d09227d1739044d17aed78ef410f54d1147da20c70a079dab6fee2d8ef93ba2b852f7fe74ad681522cc24653628c790e214dfcc83c9518f7be6521c65dd58340250743b09c9c15fda164568715860a420599a4913d5212665ee312677ff22e98605c427026d773771cd2eaf86546a3521ba131a58f31f9be2b3532421d34c2,gx-no-cache=1491323624001 HTTP/1.1" 200 30
192.168.10.96 - - [04/Apr/2017:12:39:10 -0300] "POST /cormun/servlet/solicitudot?5f9e6b7dba86bd8c85659e131313a019,INS,0,0,,gx-no-cache=1491323627344 HTTP/1.1" 200 93
192.168.10.96 - - [04/Apr/2017:12:39:10 -0300] "GET /cormun/servlet/hpexe_return? HTTP/1.1" 200 1011
192.168.10.96 - - [04/Apr/2017:12:39:10 -0300] "GET /cormun/servlet/trsolicitudot HTTP/1.1" 200 8338
192.168.10.96 - - [04/Apr/2017:12:39:11 -0300] "GET /cormun/servlet/trsolicitudot HTTP/1.1" 200 8334
192.168.10.96 - - [04/Apr/2017:12:39:14 -0300] "GET /cormun/servlet/solicitudot?INS,0,0, HTTP/1.1" 200 12811
192.168.10.96 - - [04/Apr/2017:12:39:14 -0300] "GET /cormun/servlet/solicitudot?INS,0,0, HTTP/1.1" 200 12816
186.103.159.182 - - [04/Apr/2017:12:39:16 -0300] "POST /cormun/servlet/trautorizarsolicitud?0444c26432d2d7ca8e95183f9b4c8350,,gx-no-cache=1491320421029 HTTP/1.1" 200 5750
186.103.159.182 - - [04/Apr/2017:12:39:16 -0300] "GET /cormun/static/Shared/jqueryui/images/ui-bg_highlight-soft_100_c6c2c8_1x100.png HTTP/1.1" 404 1117
192.168.10.96 - - [04/Apr/2017:12:39:16 -0300] "GET /cormun/servlet/prfichaempleado?,MD,,gxPopupLevel%3D0%3B HTTP/1.1" 200 8843
186.103.159.182 - - [04/Apr/2017:12:39:16 -0300] "GET /cormun/static/Shared/jqueryui/images/ui-icons_82798d_256x240.png HTTP/1.1" 404 1089
186.103.159.182 - - [04/Apr/2017:12:39:16 -0300] "GET /cormun/static/Shared/jqueryui/images/ui-icons_8d78a5_256x240.png HTTP/1.1" 404 1089
186.103.159.182 - - [04/Apr/2017:12:39:17 -0300] "GET /cormun/static/Shared/jqueryui/images/ui-bg_flat_55_fafafa_40x100.png HTTP/1.1" 404 1097
186.103.159.182 - - [04/Apr/2017:12:39:17 -0300] "POST /cormun/servlet/trautorizarsolicitud?0444c26432d2d7ca8e95183f9b4c8350,,gx-no-cache=1491320422122 HTTP/1.1" 200 5694
186.103.159.182 - - [04/Apr/2017:12:39:20 -0300] "POST /cormun/servlet/trautorizarsolicitud?0444c26432d2d7ca8e95183f9b4c8350,,gx-no-cache=1491320425373 HTTP/1.1" 200 5448
186.103.159.182 - - [04/Apr/2017:12:39:21 -0300] "POST /cormun/servlet/trautorizarsolicitud?0444c26432d2d7ca8e95183f9b4c8350,,gx-no-cache=1491320426477 HTTP/1.1" 200 5393
186.103.159.182 - - [04/Apr/2017:12:39:23 -0300] "POST /cormun/servlet/trautorizarsolicitud?0444c26432d2d7ca8e95183f9b4c8350,,gx-no-cache=1491320428475 HTTP/1.1" 200 4322
186.103.159.182 - - [04/Apr/2017:12:39:24 -0300] "POST /cormun/servlet/trautorizarsolicitud?0444c26432d2d7ca8e95183f9b4c8350,,gx-no-cache=1491320428968 HTTP/1.1" 200 4093
192.168.10.13 - - [04/Apr/2017:12:39:25 -0300] "GET / HTTP/1.1" 200 11217
192.168.10.96 - - [04/Apr/2017:12:39:25 -0300] "POST /cormun/servlet/prfichaempleado?5f9e6b7dba86bd8c85659e131313a019,,MD,,gxPopupLevel%3D0%3B,gx-no-cache=1491323642739 HTTP/1.1" 200 3406
192.168.10.96 - - [04/Apr/2017:12:39:28 -0300] "POST /cormun/servlet/solicitudot?gx-no-cache=1491323645068 HTTP/1.1" 200 3181
192.168.10.96 - - [04/Apr/2017:12:39:28 -0300] "POST /cormun/servlet/solicitudot?5f9e6b7dba86bd8c85659e131313a019,INS,0,0,,gx-no-cache=1491323645226 HTTP/1.1" 200 9952
192.168.10.96 - - [04/Apr/2017:12:39:29 -0300] "GET /cormun/servlet/solicitudot?41ac628b304234432fb3294b891dbef63ca4731bb489fa898bc2df55322eae9d029d8d52f93b92e23f2900a9e3bd505a,gx-no-cache=1491323646357 HTTP/1.1" 200 30
192.168.10.96 - - [04/Apr/2017:12:39:29 -0300] "POST /cormun/servlet/solicitudot?gx-no-cache=1491323646402 HTTP/1.1" 200 240
192.168.10.96 - - [04/Apr/2017:12:39:29 -0300] "GET /cormun/servlet/solicitudot?41ac628b304234432fb3294b891dbef62aed3d80ec2fc7879db25afd8d474870471b3782f6d535dd87d88bce66fb013296a1ed3fd57a3e5cc6d750fc4d691d0ea44c748c87508978e5c64c376d70cc244aecfaf729e6762ff66c93bf533fef7377eaac28c11cd9be511e1e9f24c77d2037a1d3bf4ee309ba61918fb4c146e0be56f990ceabdf9cfa67c5d295d6044487e3fb594137e3d7a9f6176f655a4f7a1326e97821baf983c10172fae26211625155a578877d96ae58f94468c343fff064b01dbacae6ce2af564ceea38bc4ff2a72ea5ad6f6b029254bfe4d1e9e664b3a9309e662dadf8c7fe2a50b956d11e7c09ecfa4dcc6f54910721a9037d16f9a475d1147da20c70a079dab6fee2d8ef93ba887a7ccff34abef563d7dd2f99c81b36ee3215656bb25a2ca1f6b90ed7c38992645bd138e73c467b17d0111c32bd0ee9996ae738c2b4e8dfd796b5e6b3ad793f3ca8ecda8e550cef8d8598aaed175f10a37c7ff4e2b735ed2ea2a850f162061b98191c8b5131dea80e0faff42f5ab21a,gx-no-cache=1491323646433 HTTP/1.1" 200 30
186.103.159.182 - - [04/Apr/2017:12:39:30 -0300] "GET /cormun/servlet/trsolicitudot? HTTP/1.1" 200 10105
192.168.10.96 - - [04/Apr/2017:12:39:30 -0300] "POST /cormun/servlet/solicitudot?gx-no-cache=1491323647389 HTTP/1.1" 200 30
192.168.10.96 - - [04/Apr/2017:12:39:31 -0300] "GET /cormun/servlet/prcontratosol?9286360,,,,,MD,,gxPopupLevel%3D0%3B HTTP/1.1" 200 5974
186.103.159.182 - - [04/Apr/2017:12:39:32 -0300] "GET /cormun/servlet/trsolicitudot? HTTP/1.1" 200 10104
192.168.10.96 - - [04/Apr/2017:12:39:33 -0300] "POST /cormun/servlet/solicitudot?gx-no-cache=1491323650034 HTTP/1.1" 200 1372
192.168.10.96 - - [04/Apr/2017:12:39:33 -0300] "GET /cormun/static/Shared/jqueryui/images/ui-bg_highlight-soft_100_c6c2c8_1x100.png HTTP/1.1" 404 1117
192.168.10.96 - - [04/Apr/2017:12:39:33 -0300] "GET /cormun/static/Shared/jqueryui/images/ui-icons_82798d_256x240.png HTTP/1.1" 404 1089
192.168.10.96 - - [04/Apr/2017:12:39:33 -0300] "GET /cormun/static/Shared/jqueryui/images/ui-bg_flat_55_994d53_40x100.png HTTP/1.1" 404 1097
192.168.10.96 - - [04/Apr/2017:12:39:33 -0300] "GET /cormun/static/Shared/jqueryui/images/ui-icons_ebccce_256x240.png HTTP/1.1" 404 1089
192.168.10.96 - - [04/Apr/2017:12:39:33 -0300] "POST /cormun/servlet/solicitudot?gx-no-cache=1491323650079 HTTP/1.1" 200 117
192.168.10.96 - - [04/Apr/2017:12:39:33 -0300] "GET /cormun/servlet/solicitudot?41ac628b304234432fb3294b891dbef6ddab379a783545be360097bc34135cecd4de934e390f1df8198f5d2e7159a5f56bd071c036bae51781c9feac20d1e1fe36f481b2853ea27fe9c8f5f9dbfc089371703807dae0a976711d8bd6f019ec090f98bfeaeb678406954132363930e4f8fc0c6d8a954dd51b2e7df8f6ebe4ce8627d86e9df7b631bab891849de36fc1a8092760a4060fb30ee3787260965fb2cb,gx-no-cache=1491323650107 HTTP/1.1" 200 29
192.168.10.96 - - [04/Apr/2017:12:39:33 -0300] "GET /cormun/servlet/solicitudot?41ac628b304234432fb3294b891dbef6bdc74e60c58f9e491d52e40ec5431f0464063d03050594d288c8e46e1cc6eee1fe5044f0f92061b9d80ad1d6967e15f70e913c77b0d02f37bd109636c309b0c5a03f4c214b8e232d31163bb4cfa5b19cda992729b6f1b679083905f53f5a0c78370c65712573ea73849de741ffcb224b8c1cde8d7d8fd56e9acd96dc2ca6cf81898da114a57e61db04d35b48ebeafe77,gx-no-cache=1491323650124 HTTP/1.1" 200 57
192.168.10.96 - - [04/Apr/2017:12:39:33 -0300] "GET /cormun/servlet/solicitudot?41ac628b304234432fb3294b891dbef669b93170cae0962e8a76eb83acff050864063d03050594d288c8e46e1cc6eee1fe5044f0f92061b9d80ad1d6967e15f71af0340da167d70937a88add9882974917408689d104dc581e41633591f122dfe8fcc74d1ccb28d97c42b3adcfff7fbfc111297214018c3edfea0cc39eb84c9f,gx-no-cache=1491323650144 HTTP/1.1" 200 57
192.168.10.96 - - [04/Apr/2017:12:39:35 -0300] "GET /cormun/servlet/prfichaempleado?,MD,,gxPopupLevel%3D0%3B HTTP/1.1" 200 8843
192.168.10.96 - - [04/Apr/2017:12:39:43 -0300] "POST /cormun/servlet/prfichaempleado?5f9e6b7dba86bd8c85659e131313a019,,MD,,gxPopupLevel%3D0%3B,gx-no-cache=1491323660338 HTTP/1.1" 200 3415
192.168.10.96 - - [04/Apr/2017:12:39:47 -0300] "POST /cormun/servlet/solicitudot?gx-no-cache=1491323664057 HTTP/1.1" 200 1291
186.103.159.182 - - [04/Apr/2017:12:39:48 -0300] "GET /cormun/servlet/solicitudot?INS,0,0, HTTP/1.1" 200 12852
192.168.10.96 - - [04/Apr/2017:12:39:49 -0300] "GET /cormun/servlet/prlicenciaspermisos?14203518,L,,MD,,gxPopupLevel%3D0%3B HTTP/1.1" 200 5866
186.103.159.182 - - [04/Apr/2017:12:39:50 -0300] "GET /cormun/servlet/solicitudot?INS,0,0, HTTP/1.1" 200 12857
192.168.10.96 - - [04/Apr/2017:12:39:53 -0300] "POST /cormun/servlet/solicitudot?gx-no-cache=1491323670814 HTTP/1.1" 200 41
192.168.10.96 - - [04/Apr/2017:12:39:57 -0300] "POST /cormun/servlet/solicitudot?gx-no-cache=1491323674466 HTTP/1.1" 200 1275
192.168.10.96 - - [04/Apr/2017:12:39:57 -0300] "POST /cormun/servlet/solicitudot?gx-no-cache=1491323674527 HTTP/1.1" 200 1157
192.168.10.96 - - [04/Apr/2017:12:39:57 -0300] "GET /cormun/servlet/solicitudot?41ac628b304234432fb3294b891dbef6e3434e354e63f2e029e644b71f79569658d78f31523255f3ab0ab12138fa5754d8eae4f8f325556f9d57cd4d564b02f7f8d09227d1739044d17aed78ef410f54d1147da20c70a079dab6fee2d8ef93ba2b852f7fe74ad681522cc24653628c790e214dfcc83c9518f7be6521c65dd58340250743b09c9c15fda164568715860a420599a4913d5212665ee312677ff22e98605c427026d773771cd2eaf86546a38c9862b41b6aa73d0bb44fed111f5f38,gx-no-cache=1491323674563 HTTP/1.1" 200 30
192.168.10.96 - - [04/Apr/2017:12:40:01 -0300] "POST /cormun/servlet/solicitudot?5f9e6b7dba86bd8c85659e131313a019,INS,0,0,,gx-no-cache=1491323678158 HTTP/1.1" 200 11308
192.168.10.96 - - [04/Apr/2017:12:40:06 -0300] "GET /cormun/servlet/prlicenciaspermisos?14203518,L,,MD,,gxPopupLevel%3D0%3B HTTP/1.1" 200 5866
192.168.10.96 - - [04/Apr/2017:12:40:11 -0300] "POST /cormun/servlet/solicitudot?gx-no-cache=1491323688403 HTTP/1.1" 200 41
192.168.10.96 - - [04/Apr/2017:12:40:11 -0300] "POST /cormun/servlet/solicitudot?gx-no-cache=1491323688448 HTTP/1.1" 200 1275
192.168.10.96 - - [04/Apr/2017:12:40:11 -0300] "POST /cormun/servlet/solicitudot?gx-no-cache=1491323688499 HTTP/1.1" 200 1157
192.168.10.96 - - [04/Apr/2017:12:40:15 -0300] "GET /cormun/servlet/solicitudot?41ac628b304234432fb3294b891dbef6e3434e354e63f2e029e644b71f79569658d78f31523255f3ab0ab12138fa5754d99c13d92cb9ed566735eaa9e0c20fd4f8d09227d1739044d17aed78ef410f54d1147da20c70a079dab6fee2d8ef93ba2b852f7fe74ad681522cc24653628c790e214dfcc83c9518f7be6521c65dd58340250743b09c9c15fda164568715860a420599a4913d5212665ee312677ff22e98605c427026d773771cd2eaf86546a3524d7b611ec737f5aea447d36c820fc4,gx-no-cache=1491323692170 HTTP/1.1" 200 32
192.168.10.96 - - [04/Apr/2017:12:40:15 -0300] "POST /cormun/servlet/solicitudot?5f9e6b7dba86bd8c85659e131313a019,INS,0,0,,gx-no-cache=1491323692207 HTTP/1.1" 200 93
192.168.10.96 - - [04/Apr/2017:12:40:15 -0300] "GET /cormun/servlet/hpexe_return? HTTP/1.1" 200 1011
192.168.10.96 - - [04/Apr/2017:12:40:15 -0300] "GET /cormun/servlet/trsolicitudot HTTP/1.1" 200 8634
192.168.10.96 - - [04/Apr/2017:12:40:16 -0300] "GET /cormun/servlet/trsolicitudot HTTP/1.1" 200 8630
192.168.10.96 - - [04/Apr/2017:12:40:17 -0300] "POST /cormun/servlet/trsolicitudot?5f9e6b7dba86bd8c85659e131313a019,gx-no-cache=1491323694792 HTTP/1.1" 200 5529
192.168.10.96 - - [04/Apr/2017:12:40:18 -0300] "GET /cormun/static/Shared/jqueryui/images/ui-bg_highlight-soft_100_c6c2c8_1x100.png HTTP/1.1" 404 1117
192.168.10.96 - - [04/Apr/2017:12:40:18 -0300] "GET /cormun/static/Shared/jqueryui/images/ui-icons_82798d_256x240.png HTTP/1.1" 404 1089
192.168.10.96 - - [04/Apr/2017:12:40:18 -0300] "GET /cormun/static/Shared/jqueryui/images/ui-icons_8d78a5_256x240.png HTTP/1.1" 404 1089
192.168.10.96 - - [04/Apr/2017:12:40:18 -0300] "GET /cormun/static/Shared/jqueryui/images/ui-bg_flat_55_fafafa_40x100.png HTTP/1.1" 404 1097
192.168.10.96 - - [04/Apr/2017:12:40:18 -0300] "POST /cormun/servlet/trsolicitudot?5f9e6b7dba86bd8c85659e131313a019,gx-no-cache=1491323695019 HTTP/1.1" 200 5473
192.168.10.96 - - [04/Apr/2017:12:40:19 -0300] "POST /cormun/servlet/trsolicitudot?5f9e6b7dba86bd8c85659e131313a019,gx-no-cache=1491323696090 HTTP/1.1" 200 4381
192.168.10.96 - - [04/Apr/2017:12:40:19 -0300] "POST /cormun/servlet/trsolicitudot?5f9e6b7dba86bd8c85659e131313a019,gx-no-cache=1491323696281 HTTP/1.1" 200 4125
192.168.10.96 - - [04/Apr/2017:12:40:20 -0300] "GET /cormun/servlet/trautorizarsolicitud? HTTP/1.1" 200 8578
192.168.10.96 - - [04/Apr/2017:12:40:21 -0300] "GET /cormun/servlet/trautorizarsolicitud? HTTP/1.1" 200 8578
192.168.10.96 - - [04/Apr/2017:12:40:23 -0300] "POST /cormun/servlet/trautorizarsolicitud?5f9e6b7dba86bd8c85659e131313a019,,gx-no-cache=1491323700009 HTTP/1.1" 200 5501
192.168.10.96 - - [04/Apr/2017:12:40:23 -0300] "GET /cormun/static/Shared/jqueryui/images/ui-icons_82798d_256x240.png HTTP/1.1" 404 1089
192.168.10.96 - - [04/Apr/2017:12:40:23 -0300] "GET /cormun/static/Shared/jqueryui/images/ui-bg_highlight-soft_100_c6c2c8_1x100.png HTTP/1.1" 404 1117
192.168.10.96 - - [04/Apr/2017:12:40:23 -0300] "GET /cormun/static/Shared/jqueryui/images/ui-bg_flat_55_fafafa_40x100.png HTTP/1.1" 404 1097
192.168.10.96 - - [04/Apr/2017:12:40:23 -0300] "GET /cormun/static/Shared/jqueryui/images/ui-icons_8d78a5_256x240.png HTTP/1.1" 404 1089
192.168.10.96 - - [04/Apr/2017:12:40:23 -0300] "POST /cormun/servlet/trautorizarsolicitud?5f9e6b7dba86bd8c85659e131313a019,,gx-no-cache=1491323700200 HTTP/1.1" 200 5446
192.168.10.96 - - [04/Apr/2017:12:40:24 -0300] "POST /cormun/servlet/trautorizarsolicitud?5f9e6b7dba86bd8c85659e131313a019,,gx-no-cache=1491323701591 HTTP/1.1" 200 4357
192.168.10.96 - - [04/Apr/2017:12:40:24 -0300] "POST /cormun/servlet/trautorizarsolicitud?5f9e6b7dba86bd8c85659e131313a019,,gx-no-cache=1491323701770 HTTP/1.1" 200 4101
192.168.10.13 - - [04/Apr/2017:12:40:25 -0300] "GET / HTTP/1.1" 200 11217
186.103.159.182 - - [04/Apr/2017:12:40:31 -0300] "POST /cormun/servlet/solicitudot?gx-no-cache=1491320496423 HTTP/1.1" 200 3184
186.103.159.182 - - [04/Apr/2017:12:40:31 -0300] "POST /cormun/servlet/solicitudot?0444c26432d2d7ca8e95183f9b4c8350,INS,0,0,,gx-no-cache=1491320496826 HTTP/1.1" 200 9964
186.103.159.182 - - [04/Apr/2017:12:41:00 -0300] "GET /cormun/servlet/solicitudot?75b9bfaef3177bbb668eb6a5102b6a7de3d776dfa363737e6c25aca941eecf61d72d055d585e782a6a7bd7b13ad8af0c,gx-no-cache=1491320526095 HTTP/1.1" 200 30
186.103.159.182 - - [04/Apr/2017:12:41:00 -0300] "POST /cormun/servlet/solicitudot?gx-no-cache=1491320526175 HTTP/1.1" 200 256
186.103.159.182 - - [04/Apr/2017:12:41:00 -0300] "GET /cormun/servlet/solicitudot?75b9bfaef3177bbb668eb6a5102b6a7d7af35b9421b95c3f66b15205d02e7ef6b427c906d7c05bb57d4a97ef3bfc11459c1e145dabaa92089e1b1c9085ee14c79ff5c6d254f24120c5ae5c0a1830a2898ee1fdb3f8f013d687ae8cb41a2a45cb9c6028a0af31d4eb50b418fcbcc1ea3d125bdc40d27e92adc094397f58970d30ff75a58ef5865d62086a0be337da7d5cc196d3fb41cd14a450e45877c81939cb89ec1a3a4570a377999429186312e85d3fa18eede2ab98c6128dd9f213549e11a4921cb5b0d6996e1fd9e328498cbfb1043f09274a94bea3c26d8caecc1aee196fcf8dfacd9a397adb072590e52a39b2385ff0d549071f4034bb32f7ef652bf4a499e21063a206011b2765f94b35f02f4f60d5fd95406501969e51ed7685ac99c3feeed62681b061f7506e0b0f7bed6a46080fc087f39103af92e80bc1e5a6e0979b67635c082edd89b2ba14b76da408548e04b1a62f2e9cf05459acab9b27f189729acacabb4b3ec34c92882dfee1460a3eb8bcd22e8c395a89359207431059,gx-no-cache=1491320526230 HTTP/1.1" 200 30
192.168.10.96 - - [04/Apr/2017:12:41:03 -0300] "GET /cormun/servlet/hlogin HTTP/1.1" 200 1752
192.168.10.96 - - [04/Apr/2017:12:41:12 -0300] "POST /cormun/servlet/hlogin?5f9e6b7dba86bd8c85659e131313a019,gx-no-cache=1491323749216 HTTP/1.1" 200 462
192.168.10.96 - - [04/Apr/2017:12:41:15 -0300] "POST /cormun/servlet/hlogin?5f9e6b7dba86bd8c85659e131313a019,gx-no-cache=1491323752089 HTTP/1.1" 200 90
192.168.10.96 - - [04/Apr/2017:12:41:15 -0300] "GET /cormun/servlet/hpexe_link HTTP/1.1" 200 956
192.168.10.96 - - [04/Apr/2017:12:41:15 -0300] "GET /cormun/servlet/hhome HTTP/1.1" 200 4263
192.168.10.96 - - [04/Apr/2017:12:41:15 -0300] "GET /cormun/servlet/hhome HTTP/1.1" 200 4259
192.168.10.96 - - [04/Apr/2017:12:41:21 -0300] "GET /cormun/servlet/trsolicitudgral? HTTP/1.1" 200 8591
192.168.10.96 - - [04/Apr/2017:12:41:21 -0300] "GET /cormun/servlet/trsolicitudgral? HTTP/1.1" 200 8589
192.168.10.13 - - [04/Apr/2017:12:41:25 -0300] "GET / HTTP/1.1" 200 11217
192.168.10.96 - - [04/Apr/2017:12:41:27 -0300] "POST /cormun/servlet/trsolicitudgral?5f9e6b7dba86bd8c85659e131313a019,,gx-no-cache=1491323764699 HTTP/1.1" 200 8888
192.168.10.13 - - [04/Apr/2017:12:42:25 -0300] "GET / HTTP/1.1" 200 11217
192.168.10.13 - - [04/Apr/2017:12:43:25 -0300] "GET / HTTP/1.1" 200 11217
192.168.10.96 - - [04/Apr/2017:12:44:19 -0300] "GET /cormun/servlet/hlogin HTTP/1.1" 200 1749
192.168.10.13 - - [04/Apr/2017:12:44:25 -0300] "GET / HTTP/1.1" 200 11217
192.168.10.96 - - [04/Apr/2017:12:44:28 -0300] "POST /cormun/servlet/hlogin?5f9e6b7dba86bd8c85659e131313a019,gx-no-cache=1491323945707 HTTP/1.1" 200 90
192.168.10.96 - - [04/Apr/2017:12:44:28 -0300] "GET /cormun/servlet/hpexe_link HTTP/1.1" 200 956
192.168.10.96 - - [04/Apr/2017:12:44:28 -0300] "GET /cormun/servlet/hhome HTTP/1.1" 200 4017
192.168.10.96 - - [04/Apr/2017:12:44:29 -0300] "GET /cormun/servlet/hhome HTTP/1.1" 200 4013
192.168.10.96 - - [04/Apr/2017:12:44:33 -0300] "GET /cormun/servlet/trsolicitudot? HTTP/1.1" 200 6985
192.168.10.96 - - [04/Apr/2017:12:44:33 -0300] "GET /cormun/servlet/trsolicitudot? HTTP/1.1" 200 6984
186.103.159.182 - - [04/Apr/2017:12:44:35 -0300] "POST /cormun/servlet/solicitudot?gx-no-cache=1491320741273 HTTP/1.1" 200 30
186.103.159.182 - - [04/Apr/2017:12:44:36 -0300] "POST /cormun/servlet/solicitudot?gx-no-cache=1491320741381 HTTP/1.1" 200 235
192.168.10.96 - - [04/Apr/2017:12:44:36 -0300] "GET /cormun/servlet/solicitudot?INS,0,0, HTTP/1.1" 200 12811
186.103.159.182 - - [04/Apr/2017:12:44:36 -0300] "POST /cormun/servlet/solicitudot?gx-no-cache=1491320741760 HTTP/1.1" 200 38
192.168.10.96 - - [04/Apr/2017:12:44:36 -0300] "GET /cormun/servlet/solicitudot?INS,0,0, HTTP/1.1" 200 12816
192.168.10.96 - - [04/Apr/2017:12:44:38 -0300] "GET /cormun/servlet/prfichaempleado?,MD,,gxPopupLevel%3D0%3B HTTP/1.1" 200 8843
192.168.10.96 - - [04/Apr/2017:12:44:46 -0300] "POST /cormun/servlet/prfichaempleado?5f9e6b7dba86bd8c85659e131313a019,,MD,,gxPopupLevel%3D0%3B,gx-no-cache=1491323963833 HTTP/1.1" 200 3401
192.168.10.96 - - [04/Apr/2017:12:44:49 -0300] "POST /cormun/servlet/solicitudot?gx-no-cache=1491323966238 HTTP/1.1" 200 3193
192.168.10.96 - - [04/Apr/2017:12:44:49 -0300] "POST /cormun/servlet/solicitudot?5f9e6b7dba86bd8c85659e131313a019,INS,0,0,,gx-no-cache=1491323966388 HTTP/1.1" 200 9971
192.168.10.96 - - [04/Apr/2017:12:44:51 -0300] "GET /cormun/servlet/solicitudot?41ac628b304234432fb3294b891dbef67c541acc0ab14e8b9a8d09c48a13ad6b8ef4821b9fe667c3b15e59d59a8e1509,gx-no-cache=1491323968263 HTTP/1.1" 200 30
192.168.10.96 - - [04/Apr/2017:12:44:51 -0300] "POST /cormun/servlet/solicitudot?gx-no-cache=1491323968314 HTTP/1.1" 200 255
192.168.10.96 - - [04/Apr/2017:12:44:51 -0300] "GET /cormun/servlet/solicitudot?41ac628b304234432fb3294b891dbef62aed3d80ec2fc7879db25afd8d4748700a288b72ff9482f05d99e03f709465c396a1ed3fd57a3e5cc6d750fc4d691d0ea44c748c87508978e5c64c376d70cc244aecfaf729e6762ff66c93bf533fef7377eaac28c11cd9be511e1e9f24c77d2037a1d3bf4ee309ba61918fb4c146e0be56f990ceabdf9cfa67c5d295d6044487e3fb594137e3d7a9f6176f655a4f7a1326e97821baf983c10172fae26211625155a578877d96ae58f94468c343fff064b01dbacae6ce2af564ceea38bc4ff2a72ea5ad6f6b029254bfe4d1e9e664b3a9309e662dadf8c7fe2a50b956d11e7c09ecfa4dcc6f54910721a9037d16f9a475d1147da20c70a079dab6fee2d8ef93ba1987b9936922356c662d3cd71241b471e6000f19d62e380563dc2e60526491e27edaec3cba0bd9847853b00bf43b145fd2a53b42d0f55392d6c0b206520dd60a69e0bd00d94d6eb0e8e817c23d12449a5caddf613991e55e7ca71ba081644a4dc692b9c04eb322aab9026008ff8e0c2d,gx-no-cache=1491323968343 HTTP/1.1" 200 30
192.168.10.96 - - [04/Apr/2017:12:44:53 -0300] "POST /cormun/servlet/solicitudot?gx-no-cache=1491323970025 HTTP/1.1" 200 30
192.168.10.96 - - [04/Apr/2017:12:44:54 -0300] "GET /cormun/servlet/prcontratosol?16881035,,,,,MD,,gxPopupLevel%3D0%3B HTTP/1.1" 200 5978
192.168.10.96 - - [04/Apr/2017:12:44:56 -0300] "POST /cormun/servlet/solicitudot?gx-no-cache=1491323972947 HTTP/1.1" 200 1291
