186.103.158.250 - - [04/Apr/2017:15:41:14 -0300] "GET /cormun/servlet/licenciaspermisos?1519316606a7d6980273d665c788846c9545a649cbb18a55a797f53f94b386c2b60879837f7dfefdd798982a5f539b46,gx-no-cache=1491334824297 HTTP/1.1" 200 61
186.103.158.250 - - [04/Apr/2017:15:41:14 -0300] "POST /cormun/servlet/licenciaspermisos?046543c9529de808d4bb0a5cc17543bb,INS,0,,,,gx-no-cache=1491334824367 HTTP/1.1" 200 4522
186.103.158.250 - - [04/Apr/2017:15:41:14 -0300] "GET /cormun/servlet/licenciaspermisos?1519316606a7d6980273d665c788846c96c321f68f202dc3e23d91c4b6bdf231b935bdf6570894dd88a234c861ffebe5f33e17e754ac2adf1f3524b6edd89b7928c9858cefb3ef4055a55634dde02ef625f4cf4092431274af4bb7c6b9dacdd53e2bb987b4482dcafc43e860456e96a7428fdc153a0d6e0333c3b3f73b0ae6826b4c411efe2ada9d81431e9a208d7fff0177291782b3209fee61dad2528003713b0f103d6386edbe1fd6654c67920d799e18f147c814aeba0fc96fac9db545e6b36fcf513836e5ec8accefdf6ea8efa78d9bcc0808ea8beed252b2f097236eaa,gx-no-cache=1491334824625 HTTP/1.1" 200 30
186.103.158.250 - - [04/Apr/2017:15:41:15 -0300] "GET /cormun/servlet/licenciaspermisos?1519316606a7d6980273d665c788846cd10203f1c7bda18a52050aec29cb24ccba240fa03cc2f0cb904e4b566fc740b1a6a83d0650161b43967e92957f67d882c004f0869d9b6bad08d167e5bf36882934dd5a884d03c9ac68370969eb3ed7c2b806c190c5cbafb7081c96cb27bb751c3d836b2b21d94f7d6237829b3da1c7d1bb5034873933282e79b92406a4caa96e0beb44076cfeeec75e4d93f9d2cccc5e0eb5fa8ed797a25970014920035a4bc6e10c581c99aa427d605eb67e8b6a72f564e93727777532bb15ee90b242a201415c73583351791ef96e0e44aebefbd73c,gx-no-cache=1491334824676 HTTP/1.1" 200 29
186.103.158.250 - - [04/Apr/2017:15:41:15 -0300] "POST /cormun/servlet/licenciaspermisos?046543c9529de808d4bb0a5cc17543bb,INS,0,,,,gx-no-cache=1491334824770 HTTP/1.1" 200 4570
192.168.10.13 - - [04/Apr/2017:15:41:25 -0300] "GET / HTTP/1.1" 200 11217
186.103.158.250 - - [04/Apr/2017:15:41:30 -0300] "GET /cormun/servlet/licenciaspermisos?1519316606a7d6980273d665c788846c9545a649cbb18a55a797f53f94b386c2b35a4d272a8d60d96c047a004956c54b7e7974e24e2c762f068d385bbce1ed56020a6fcbb91ac0f9e033c537af48ebee,gx-no-cache=1491334840298 HTTP/1.1" 200 61
186.103.158.250 - - [04/Apr/2017:15:41:30 -0300] "POST /cormun/servlet/licenciaspermisos?046543c9529de808d4bb0a5cc17543bb,INS,0,,,,gx-no-cache=1491334840335 HTTP/1.1" 200 4521
186.103.158.250 - - [04/Apr/2017:15:41:30 -0300] "GET /cormun/servlet/licenciaspermisos?1519316606a7d6980273d665c788846c96c321f68f202dc3e23d91c4b6bdf231b935bdf6570894dd88a234c861ffebe5f33e17e754ac2adf1f3524b6edd89b7928c9858cefb3ef4055a55634dde02ef625f4cf4092431274af4bb7c6b9dacdd53e2bb987b4482dcafc43e860456e96a7428fdc153a0d6e0333c3b3f73b0ae6826b4c411efe2ada9d81431e9a208d7fff0177291782b3209fee61dad2528003713b0f103d6386edbe1fd6654c67920d799e18f147c814aeba0fc96fac9db545e6b36fcf513836e5ec8accefdf6ea8efa78d9bcc0808ea8beed252b2f097236eaa,gx-no-cache=1491334840511 HTTP/1.1" 200 30
186.103.158.250 - - [04/Apr/2017:15:41:30 -0300] "GET /cormun/servlet/licenciaspermisos?1519316606a7d6980273d665c788846cd10203f1c7bda18a52050aec29cb24ccba240fa03cc2f0cb904e4b566fc740b1a6a83d0650161b43967e92957f67d882c004f0869d9b6bad08d167e5bf36882934dd5a884d03c9ac68370969eb3ed7c2b806c190c5cbafb7081c96cb27bb751c3d836b2b21d94f7d6237829b3da1c7d1bb5034873933282e79b92406a4caa96e0beb44076cfeeec75e4d93f9d2cccc5e0eb5fa8ed797a25970014920035a4bc6e10c581c99aa427d605eb67e8b6a72f564e93727777532bb15ee90b242a201415c73583351791ef96e0e44aebefbd73c,gx-no-cache=1491334840545 HTTP/1.1" 200 29
186.103.158.250 - - [04/Apr/2017:15:41:30 -0300] "POST /cormun/servlet/licenciaspermisos?046543c9529de808d4bb0a5cc17543bb,INS,0,,,,gx-no-cache=1491334840581 HTTP/1.1" 200 4570
186.103.158.250 - - [04/Apr/2017:15:41:33 -0300] "POST /cormun/servlet/licenciaspermisos?046543c9529de808d4bb0a5cc17543bb,INS,0,,,,gx-no-cache=1491334843421 HTTP/1.1" 200 93
186.103.158.250 - - [04/Apr/2017:15:41:33 -0300] "GET /cormun/servlet/hpexe_return? HTTP/1.1" 200 1014
186.103.158.250 - - [04/Apr/2017:15:41:34 -0300] "GET /cormun/servlet/trlicencias HTTP/1.1" 200 6613
186.103.158.250 - - [04/Apr/2017:15:41:35 -0300] "GET /cormun/servlet/trlicencias HTTP/1.1" 200 6608
186.103.158.250 - - [04/Apr/2017:15:41:48 -0300] "GET /cormun/servlet/trlicencias? HTTP/1.1" 200 6608
186.103.158.250 - - [04/Apr/2017:15:41:49 -0300] "GET /cormun/servlet/trlicencias? HTTP/1.1" 200 6608
186.103.158.250 - - [04/Apr/2017:15:41:53 -0300] "GET /cormun/servlet/licenciaspermisos?INS,0,,, HTTP/1.1" 200 7157
186.103.158.250 - - [04/Apr/2017:15:41:54 -0300] "GET /cormun/servlet/licenciaspermisos?INS,0,,, HTTP/1.1" 200 7157
186.103.158.250 - - [04/Apr/2017:15:42:04 -0300] "POST /cormun/servlet/licenciaspermisos?046543c9529de808d4bb0a5cc17543bb,INS,0,,,,gx-no-cache=1491334874165 HTTP/1.1" 200 93
186.103.158.250 - - [04/Apr/2017:15:42:04 -0300] "GET /cormun/servlet/hpexe_return? HTTP/1.1" 200 1014
186.103.158.250 - - [04/Apr/2017:15:42:04 -0300] "GET /cormun/servlet/trlicencias HTTP/1.1" 200 6613
186.103.158.250 - - [04/Apr/2017:15:42:06 -0300] "GET /cormun/servlet/trlicencias HTTP/1.1" 200 6608
186.103.158.250 - - [04/Apr/2017:15:42:22 -0300] "POST /cormun/servlet/trlicencias?046543c9529de808d4bb0a5cc17543bb,gx-no-cache=1491334891965 HTTP/1.1" 200 3907
192.168.10.13 - - [04/Apr/2017:15:42:25 -0300] "GET / HTTP/1.1" 200 11217
186.103.158.250 - - [04/Apr/2017:15:42:32 -0300] "GET /cormun/servlet/licenciaspermisos?INS,0,,, HTTP/1.1" 200 7157
186.103.158.250 - - [04/Apr/2017:15:42:33 -0300] "GET /cormun/servlet/licenciaspermisos?INS,0,,, HTTP/1.1" 200 7157
186.103.158.250 - - [04/Apr/2017:15:42:38 -0300] "GET /cormun/servlet/trlicencias? HTTP/1.1" 200 6608
186.103.158.250 - - [04/Apr/2017:15:42:40 -0300] "GET /cormun/servlet/trlicencias? HTTP/1.1" 200 6608
186.103.158.250 - - [04/Apr/2017:15:42:43 -0300] "GET /cormun/servlet/trlicencias HTTP/1.1" 200 6613
186.103.158.250 - - [04/Apr/2017:15:42:45 -0300] "GET /cormun/servlet/trlicencias HTTP/1.1" 200 6608
186.103.158.250 - - [04/Apr/2017:15:43:14 -0300] "GET /cormun/Manuales/InstructivoDirector.pdf HTTP/1.1" 200 352207
192.168.10.13 - - [04/Apr/2017:15:43:25 -0300] "GET / HTTP/1.1" 200 11217
186.103.158.250 - - [04/Apr/2017:15:43:41 -0300] "GET /cormun/servlet/trlicencias HTTP/1.1" 200 6613
186.103.158.250 - - [04/Apr/2017:15:43:43 -0300] "GET /cormun/servlet/trlicencias HTTP/1.1" 200 6608
186.103.158.250 - - [04/Apr/2017:15:43:56 -0300] "GET /cormun/Manuales/ManualSolicitud.pdf HTTP/1.1" 200 850295
190.101.9.138 - - [04/Apr/2017:15:44:24 -0300] "POST /cormun/servlet/hlogin?2cd3d5ab86536810515529b96579aab1,gx-no-cache=1491331530079 HTTP/1.1" 200 90
190.101.9.138 - - [04/Apr/2017:15:44:24 -0300] "GET /cormun/servlet/hpexe_link HTTP/1.1" 200 949
190.101.9.138 - - [04/Apr/2017:15:44:24 -0300] "GET /cormun/static/hpexe_link.js?201731711483384 HTTP/1.1" 200 625
190.101.9.138 - - [04/Apr/2017:15:44:24 -0300] "GET /cormun/servlet/hhome HTTP/1.1" 200 3777
190.101.9.138 - - [04/Apr/2017:15:44:25 -0300] "GET /cormun/servlet/hhome HTTP/1.1" 200 3774
192.168.10.13 - - [04/Apr/2017:15:44:25 -0300] "GET / HTTP/1.1" 200 11217
190.101.9.138 - - [04/Apr/2017:15:44:31 -0300] "GET /cormun/servlet/trpermisosgoce? HTTP/1.1" 200 8490
190.101.9.138 - - [04/Apr/2017:15:44:31 -0300] "GET /cormun/servlet/trpermisosgoce? HTTP/1.1" 200 8488
190.101.9.138 - - [04/Apr/2017:15:44:37 -0300] "GET /cormun/servlet/trpermisosadjuntos?6754365,20170404134640,P, HTTP/1.1" 200 6089
190.101.9.138 - - [04/Apr/2017:15:44:37 -0300] "GET /cormun/static/gxcfg.js?201731711542659 HTTP/1.1" 304 -
190.101.9.138 - - [04/Apr/2017:15:44:37 -0300] "GET /cormun/servlet/trpermisosadjuntos?6754365,20170404134640,P, HTTP/1.1" 200 6089
190.101.9.138 - - [04/Apr/2017:15:44:39 -0300] "GET /cormun/servlet/permisosadjuntos?INS,6754365,P,20170404134640,, HTTP/1.1" 200 5419
190.101.9.138 - - [04/Apr/2017:15:44:39 -0300] "GET /cormun/static/gxcfg.js?2016122813135788 HTTP/1.1" 304 -
190.101.9.138 - - [04/Apr/2017:15:44:39 -0300] "GET /cormun/static/about:blank HTTP/1.1" 404 1011
190.101.9.138 - - [04/Apr/2017:15:44:39 -0300] "GET /cormun/servlet/permisosadjuntos?INS,6754365,P,20170404134640,, HTTP/1.1" 200 5409
186.79.109.156 - - [04/Apr/2017:15:44:40 -0300] "GET /cormun/servlet/trsolicitudot? HTTP/1.1" 200 6765
186.79.109.156 - - [04/Apr/2017:15:44:42 -0300] "GET /cormun/servlet/trsolicitudot? HTTP/1.1" 200 6764
186.103.158.250 - - [04/Apr/2017:15:44:43 -0300] "GET /cormun/servlet/solicitudot?77b2d0b50baf4eea8afb5fcceed36ffe063967f2ceb5ef033707f97377737facae1c38ef557aad7b2a990a20fefa1d46f753a5c5e41d2766d8e6d4da9c23294747872b14f5358e2756d41a76b79ea7a6,gx-no-cache=1491331549197 HTTP/1.1" 200 29
186.103.158.250 - - [04/Apr/2017:15:44:43 -0300] "POST /cormun/servlet/solicitudot?gx-no-cache=1491331549323 HTTP/1.1" 200 643
186.103.158.250 - - [04/Apr/2017:15:44:46 -0300] "POST /cormun/servlet/solicitudot?gx-no-cache=1491331552773 HTTP/1.1" 200 1157
186.79.109.156 - - [04/Apr/2017:15:44:46 -0300] "GET /cormun/servlet/solicitudot?INS,0,0, HTTP/1.1" 200 12781
186.79.109.156 - - [04/Apr/2017:15:44:48 -0300] "GET /cormun/servlet/solicitudot?INS,0,0, HTTP/1.1" 200 12786
190.101.9.138 - - [04/Apr/2017:15:44:51 -0300] "POST /cormun/servlet/permisosadjuntos?2cd3d5ab86536810515529b96579aab1,INS,6754365,P,20170404134640,, HTTP/1.1" 200 116
190.101.9.138 - - [04/Apr/2017:15:44:51 -0300] "GET /cormun/servlet/hpexe_return? HTTP/1.1" 200 1035
190.101.9.138 - - [04/Apr/2017:15:44:51 -0300] "GET /cormun/servlet/trpermisosadjuntos?6754365,20170404134640,P, HTTP/1.1" 200 6550
190.101.9.138 - - [04/Apr/2017:15:44:51 -0300] "GET /cormun/servlet/trpermisosadjuntos?6754365,20170404134640,P, HTTP/1.1" 200 6545
190.101.9.138 - - [04/Apr/2017:15:44:54 -0300] "GET /cormun/servlet/hhome HTTP/1.1" 200 3802
190.101.9.138 - - [04/Apr/2017:15:44:54 -0300] "GET /cormun/servlet/hhome HTTP/1.1" 200 3774
190.101.9.138 - - [04/Apr/2017:15:44:56 -0300] "GET /cormun/servlet/trpermisosgoce? HTTP/1.1" 200 8490
190.101.9.138 - - [04/Apr/2017:15:44:57 -0300] "GET /cormun/servlet/trpermisosgoce? HTTP/1.1" 200 8488
190.101.9.138 - - [04/Apr/2017:15:45:00 -0300] "POST /cormun/servlet/trpermisosgoce?2cd3d5ab86536810515529b96579aab1,,gx-no-cache=1491331566386 HTTP/1.1" 200 5764
186.79.109.156 - - [04/Apr/2017:15:45:07 -0300] "POST /cormun/servlet/solicitudot?gx-no-cache=1491335169324 HTTP/1.1" 200 3161
186.79.109.156 - - [04/Apr/2017:15:45:07 -0300] "POST /cormun/servlet/solicitudot?72cd734d5275a76539f7debeb06cab99,INS,0,0,,gx-no-cache=1491335169925 HTTP/1.1" 200 9930
186.103.158.250 - - [04/Apr/2017:15:45:20 -0300] "GET /cormun/servlet/hlogin HTTP/1.1" 200 1718
186.103.158.250 - - [04/Apr/2017:15:45:21 -0300] "GET /cormun/static/menuarrow.gif HTTP/1.1" 404 1015
192.168.10.13 - - [04/Apr/2017:15:45:25 -0300] "GET / HTTP/1.1" 200 11217
186.79.109.156 - - [04/Apr/2017:15:45:26 -0300] "GET /cormun/servlet/solicitudot?4b1f77269eb75d301e244000b760c68a59b0c9af728659afa044cce00551b4b54362178905d10851a9b5788d9eddfacd,gx-no-cache=1491335188878 HTTP/1.1" 200 30
186.79.109.156 - - [04/Apr/2017:15:45:26 -0300] "POST /cormun/servlet/solicitudot?gx-no-cache=1491335189170 HTTP/1.1" 200 240
186.79.109.156 - - [04/Apr/2017:15:45:27 -0300] "GET /cormun/servlet/solicitudot?4b1f77269eb75d301e244000b760c68a9555106dd7b90d42cd8af2057c6a8049156c4d0ffcbbe289ee1e2c305514c0539fe2f19fceb8d208b115cb08d71294d55328ed966bbb285f6eebf704b3f609d142812860e4c692d9a9bfb0e0a43a4640134eb923232c714dccb474a6748a715d047639f12467e86693b4ab4425f32764aae1d02ba20b5912d4006dde96112c3b4a8ec0f8b975c9e667c363cd25e6a8e8fda372e58388514a331a9cd0f24d301b3efe2140349d35f278a46673e1ee2d3aa63298e43f9b317dae86b862354010dc57336c7ded50e6fd64fcbaa8cf0a450df6a57b4c49d8d0dd6e1586a9b7dde2def620400a74e2bcddf0bc60637de8e1195f62293e7c11712a702232fdb17573c28cd31a81d65d69da03e07cdd4ea24c74a08c24ed9bf263cab610ce7dbd7afe1a1dd48dbef5b1cbabd755c287edb12647c17d18061aee0a9be7908da2022be7810d6e3aefc5a33f26a4b0b45328051920dfcdd83d67f00b1c621ccee753636800630471c9fe8f75f41c3de19d698bc247,gx-no-cache=1491335189447 HTTP/1.1" 200 30
186.79.109.156 - - [04/Apr/2017:15:45:30 -0300] "POST /cormun/servlet/solicitudot?gx-no-cache=1491335192290 HTTP/1.1" 200 30
186.79.109.156 - - [04/Apr/2017:15:45:39 -0300] "POST /cormun/servlet/solicitudot?gx-no-cache=1491335202289 HTTP/1.1" 200 235
186.103.158.250 - - [04/Apr/2017:15:45:41 -0300] "POST /cormun/servlet/hlogin?ee82dbfabb86df4e5ebcaed27d415089,gx-no-cache=1491335090663 HTTP/1.1" 200 419
186.79.109.156 - - [04/Apr/2017:15:45:41 -0300] "POST /cormun/servlet/solicitudot?gx-no-cache=1491335202490 HTTP/1.1" 200 38
186.103.158.250 - - [04/Apr/2017:15:45:50 -0300] "POST /cormun/servlet/hlogin?ee82dbfabb86df4e5ebcaed27d415089,gx-no-cache=1491335100114 HTTP/1.1" 200 90
186.103.158.250 - - [04/Apr/2017:15:45:50 -0300] "GET /cormun/servlet/hpexe_link HTTP/1.1" 200 946
186.103.158.250 - - [04/Apr/2017:15:45:50 -0300] "GET /cormun/servlet/hhome HTTP/1.1" 200 3759
186.103.158.250 - - [04/Apr/2017:15:45:52 -0300] "GET /cormun/servlet/hhome HTTP/1.1" 200 3755
186.103.158.250 - - [04/Apr/2017:15:45:57 -0300] "GET /cormun/servlet/solicitudot?77b2d0b50baf4eea8afb5fcceed36ffe76aec61442c43f6c248fb0cdb4b4d29eb9af07728d738221039b8ac728bcd69a9d82701dab7d007b7a19ab233c25d62bf753a5c5e41d2766d8e6d4da9c232947765a7a47275b5f11e94f801982403cf3fe85f5c887cf328a841ce893046fca556a408845cd215d5ff34040683bf3a7d555b30628296c7b9a30700a9f0ce1b28f5629b1f26778e065f80d0358fe366574fc63ade71fb18628fafc1414967559d5,gx-no-cache=1491331623257 HTTP/1.1" 200 30
186.103.158.250 - - [04/Apr/2017:15:46:02 -0300] "GET /cormun/servlet/trpermisosgoce? HTTP/1.1" 200 7351
186.103.158.250 - - [04/Apr/2017:15:46:02 -0300] "GET /cormun/static/gxcfg.js?20173171154124 HTTP/1.1" 304 -
186.103.158.250 - - [04/Apr/2017:15:46:03 -0300] "GET /cormun/servlet/trpermisosgoce? HTTP/1.1" 200 7350
192.168.10.13 - - [04/Apr/2017:15:46:25 -0300] "GET / HTTP/1.1" 200 11217
186.103.158.250 - - [04/Apr/2017:15:46:38 -0300] "POST /cormun/servlet/solicitudot?gx-no-cache=1491331664154 HTTP/1.1" 200 1273
186.103.158.250 - - [04/Apr/2017:15:46:38 -0300] "POST /cormun/servlet/solicitudot?gx-no-cache=1491331664396 HTTP/1.1" 200 1157
186.103.158.250 - - [04/Apr/2017:15:46:38 -0300] "GET /cormun/servlet/solicitudot?77b2d0b50baf4eea8afb5fcceed36ffe76aec61442c43f6c248fb0cdb4b4d29eb9af07728d738221039b8ac728bcd69a9d82701dab7d007b7a19ab233c25d62bf753a5c5e41d2766d8e6d4da9c232947765a7a47275b5f11e94f801982403cf3fe85f5c887cf328a841ce893046fca556a408845cd215d5ff34040683bf3a7d555b30628296c7b9a30700a9f0ce1b28f5629b1f26778e065f80d0358fe366574fc63ade71fb18628fafc1414967559d5,gx-no-cache=1491331664482 HTTP/1.1" 200 30
186.103.158.250 - - [04/Apr/2017:15:46:38 -0300] "POST /cormun/servlet/solicitudot?44b40f244e0aa4310f997e238e3086b0,INS,0,0,,gx-no-cache=1491331664539 HTTP/1.1" 200 11098
186.103.158.250 - - [04/Apr/2017:15:46:39 -0300] "GET /cormun/servlet/permisogoce?DLT,16716335,P,20170403145018, HTTP/1.1" 200 6500
186.103.158.250 - - [04/Apr/2017:15:46:39 -0300] "GET /cormun/static/gxcfg.js?201732911503726 HTTP/1.1" 304 -
186.103.158.250 - - [04/Apr/2017:15:46:39 -0300] "GET /cormun/static/permisogoce.js?201732911503774 HTTP/1.1" 304 -
186.103.158.250 - - [04/Apr/2017:15:46:41 -0300] "GET /cormun/static/Shared/jqueryui/images/ui-bg_highlight-soft_100_c6c2c8_1x100.png HTTP/1.1" 404 1117
186.103.158.250 - - [04/Apr/2017:15:46:41 -0300] "GET /cormun/static/Shared/jqueryui/images/ui-icons_82798d_256x240.png HTTP/1.1" 404 1089
186.103.158.250 - - [04/Apr/2017:15:46:41 -0300] "GET /cormun/static/Shared/jqueryui/images/ui-bg_flat_55_fafafa_40x100.png HTTP/1.1" 404 1097
186.103.158.250 - - [04/Apr/2017:15:46:41 -0300] "GET /cormun/static/Shared/jqueryui/images/ui-icons_8d78a5_256x240.png HTTP/1.1" 404 1089
186.103.158.250 - - [04/Apr/2017:15:46:41 -0300] "GET /cormun/servlet/permisogoce?DLT,16716335,P,20170403145018, HTTP/1.1" 200 6500
186.103.158.250 - - [04/Apr/2017:15:46:51 -0300] "POST /cormun/servlet/permisogoce?ee82dbfabb86df4e5ebcaed27d415089,DLT,16716335,P,20170403145018,,gx-no-cache=1491335160869 HTTP/1.1" 200 4234
186.103.158.250 - - [04/Apr/2017:15:46:51 -0300] "GET /cormun/static/Shared/jqueryui/images/ui-bg_flat_55_994d53_40x100.png HTTP/1.1" 404 1097
186.103.158.250 - - [04/Apr/2017:15:46:51 -0300] "GET /cormun/static/Shared/jqueryui/images/ui-icons_ebccce_256x240.png HTTP/1.1" 404 1089
186.103.158.250 - - [04/Apr/2017:15:46:58 -0300] "POST /cormun/servlet/permisogoce?ee82dbfabb86df4e5ebcaed27d415089,DLT,16716335,P,20170403145018,,gx-no-cache=1491335168577 HTTP/1.1" 200 93
186.103.158.250 - - [04/Apr/2017:15:46:58 -0300] "GET /cormun/servlet/hpexe_return? HTTP/1.1" 200 1020
186.103.158.250 - - [04/Apr/2017:15:46:59 -0300] "GET /cormun/servlet/trpermisosgoce HTTP/1.1" 200 7354
186.103.158.250 - - [04/Apr/2017:15:47:00 -0300] "GET /cormun/servlet/trpermisosgoce HTTP/1.1" 200 7350
186.79.109.156 - - [04/Apr/2017:15:47:04 -0300] "GET /cormun/servlet/solicitudot?4b1f77269eb75d301e244000b760c68ab587a6dfbe1f6c71c1339b7892400d4399ceb17d5ffd534b56007a681610776d2897679207dc959b3dbc1cac4ee69f870fce98fcb4e840b9b4f474a4e7c9295ff4ebc1da10fe03ee89bb936f580d9dfd04df6af1d7b5bd70071a4b9f008cda41b5152ec14d23b8b7d0c89981639b528495d8f03803a21a86a0aff73dd52512cb1b48a5cb2fb94409e63e81b0c61365b4,gx-no-cache=1491335285432 HTTP/1.1" 200 29
186.103.158.250 - - [04/Apr/2017:15:47:05 -0300] "GET /cormun/servlet/permisogoce?DLT,16716335,P,20170403145018, HTTP/1.1" 200 6499
186.79.109.156 - - [04/Apr/2017:15:47:05 -0300] "POST /cormun/servlet/solicitudot?gx-no-cache=1491335287342 HTTP/1.1" 200 641
186.103.158.250 - - [04/Apr/2017:15:47:06 -0300] "GET /cormun/static/Shared/jqueryui/images/ui-icons_82798d_256x240.png HTTP/1.1" 404 1089
186.103.158.250 - - [04/Apr/2017:15:47:06 -0300] "GET /cormun/static/Shared/jqueryui/images/ui-bg_highlight-soft_100_c6c2c8_1x100.png HTTP/1.1" 404 1117
186.103.158.250 - - [04/Apr/2017:15:47:06 -0300] "GET /cormun/static/Shared/jqueryui/images/ui-bg_flat_55_fafafa_40x100.png HTTP/1.1" 404 1097
186.103.158.250 - - [04/Apr/2017:15:47:06 -0300] "GET /cormun/static/Shared/jqueryui/images/ui-icons_8d78a5_256x240.png HTTP/1.1" 404 1089
186.103.158.250 - - [04/Apr/2017:15:47:06 -0300] "GET /cormun/servlet/permisogoce?DLT,16716335,P,20170403145018, HTTP/1.1" 200 6500
200.73.230.173 - - [04/Apr/2017:15:47:07 -0300] "GET /cormun/servlet/atrazos?INS,0, HTTP/1.1" 200 6540
200.73.230.173 - - [04/Apr/2017:15:47:08 -0300] "GET /cormun/servlet/atrazos?INS,0, HTTP/1.1" 200 6541
186.79.109.156 - - [04/Apr/2017:15:47:09 -0300] "POST /cormun/servlet/solicitudot?gx-no-cache=1491335291310 HTTP/1.1" 200 1157
186.103.158.250 - - [04/Apr/2017:15:47:22 -0300] "POST /cormun/servlet/permisogoce?ee82dbfabb86df4e5ebcaed27d415089,DLT,16716335,P,20170403145018,,gx-no-cache=1491335192637 HTTP/1.1" 200 93
186.103.158.250 - - [04/Apr/2017:15:47:23 -0300] "GET /cormun/servlet/hpexe_return? HTTP/1.1" 200 1020
186.103.158.250 - - [04/Apr/2017:15:47:23 -0300] "GET /cormun/servlet/trpermisosgoce HTTP/1.1" 200 7354
186.103.158.250 - - [04/Apr/2017:15:47:24 -0300] "GET /cormun/servlet/trpermisosgoce HTTP/1.1" 200 7350
192.168.10.13 - - [04/Apr/2017:15:47:25 -0300] "GET / HTTP/1.1" 200 11217
186.103.158.250 - - [04/Apr/2017:15:47:37 -0300] "GET /cormun/servlet/permisogoce?UPD,16716335,P,20170403145018, HTTP/1.1" 200 6589
186.103.158.250 - - [04/Apr/2017:15:47:38 -0300] "GET /cormun/servlet/permisogoce?UPD,16716335,P,20170403145018, HTTP/1.1" 200 6589
186.103.158.250 - - [04/Apr/2017:15:47:39 -0300] "GET /cormun/servlet/permisogoce?d7de8a62f4ce1a0e28561a0b63f36e21aed2ea4464ccbf9ef264ef59267b05f1028d0266d26c25fa7ef686fa57c08a64,gx-no-cache=1491335208840 HTTP/1.1" 200 74
200.73.230.173 - - [04/Apr/2017:15:47:42 -0300] "POST /cormun/servlet/atrazos?9c76ffc0d7de1049d8fe59e217195757,INS,0,,gx-no-cache=1491331728426 HTTP/1.1" 200 4052
200.73.230.173 - - [04/Apr/2017:15:47:42 -0300] "GET /cormun/static/Shared/jqueryui/images/ui-bg_highlight-soft_100_c6c2c8_1x100.png HTTP/1.1" 404 1117
200.73.230.173 - - [04/Apr/2017:15:47:42 -0300] "GET /cormun/static/Shared/jqueryui/images/ui-icons_82798d_256x240.png HTTP/1.1" 404 1089
200.73.230.173 - - [04/Apr/2017:15:47:42 -0300] "GET /cormun/static/Shared/jqueryui/images/ui-bg_flat_55_994d53_40x100.png HTTP/1.1" 404 1097
200.73.230.173 - - [04/Apr/2017:15:47:42 -0300] "GET /cormun/static/Shared/jqueryui/images/ui-icons_ebccce_256x240.png HTTP/1.1" 404 1089
186.103.158.250 - - [04/Apr/2017:15:48:05 -0300] "POST /cormun/servlet/solicitudot?44b40f244e0aa4310f997e238e3086b0,INS,0,0,,gx-no-cache=1491331751149 HTTP/1.1" 200 11192
200.73.230.173 - - [04/Apr/2017:15:48:08 -0300] "GET /cormun/servlet/atrazos?848119886bd1b97547c80f5dc1e43392fe5e916914ec3797a6890f0e641abeeff9ef6c4ef55d36ad5da5c3b4b25fe667bc398d81469f190280c0baa11595bdec880a77d5c64d329b9dbe2b2a875b4e7b6d7a5a2a832a2d0e70cd15f352b6196b,gx-no-cache=1491331754617 HTTP/1.1" 200 71
200.73.230.173 - - [04/Apr/2017:15:48:08 -0300] "GET /cormun/static/menuarrow.gif HTTP/1.1" 404 1015
200.73.230.173 - - [04/Apr/2017:15:48:18 -0300] "GET /cormun/servlet/atrazos?848119886bd1b97547c80f5dc1e433922044777d02bbf1ea84f780236fe1f3ae4a8d587a4a9c6e01f381d26fcaf08a79,gx-no-cache=1491331764186 HTTP/1.1" 200 33
186.103.158.250 - - [04/Apr/2017:15:48:18 -0300] "POST /cormun/servlet/solicitudot?gx-no-cache=1491331764866 HTTP/1.1" 200 30
186.103.158.250 - - [04/Apr/2017:15:48:20 -0300] "POST /cormun/servlet/solicitudot?gx-no-cache=1491331766346 HTTP/1.1" 200 1286
186.103.158.250 - - [04/Apr/2017:15:48:20 -0300] "POST /cormun/servlet/solicitudot?gx-no-cache=1491331766472 HTTP/1.1" 200 41
186.103.158.250 - - [04/Apr/2017:15:48:20 -0300] "POST /cormun/servlet/solicitudot?gx-no-cache=1491331766553 HTTP/1.1" 200 1273
186.103.158.250 - - [04/Apr/2017:15:48:20 -0300] "POST /cormun/servlet/solicitudot?gx-no-cache=1491331766673 HTTP/1.1" 200 1157
186.103.158.250 - - [04/Apr/2017:15:48:20 -0300] "GET /cormun/servlet/solicitudot?77b2d0b50baf4eea8afb5fcceed36ffe76aec61442c43f6c248fb0cdb4b4d29eb9af07728d738221039b8ac728bcd69a9d82701dab7d007b7a19ab233c25d62bf753a5c5e41d2766d8e6d4da9c232947765a7a47275b5f11e94f801982403cf3fe85f5c887cf328a841ce893046fca556a408845cd215d5ff34040683bf3a7d555b30628296c7b9a30700a9f0ce1b28f5629b1f26778e065f80d0358fe366574fc63ade71fb18628fafc1414967559d5,gx-no-cache=1491331767198 HTTP/1.1" 200 30
186.103.158.250 - - [04/Apr/2017:15:48:21 -0300] "POST /cormun/servlet/solicitudot?44b40f244e0aa4310f997e238e3086b0,INS,0,0,,gx-no-cache=1491331767250 HTTP/1.1" 200 11211
200.73.230.173 - - [04/Apr/2017:15:48:23 -0300] "GET /cormun/servlet/atrazos?848119886bd1b97547c80f5dc1e4339233a31ffd50e37a4d571d48de72a96e0ded01d4c7aa2edcb8e494a41042aa7488d651274e6c73409df0bb1f1573d34a725d466bd0af4018115a1bcb0e1d93ece216a274cd654c1745a0e5350cf9adf6ab191a7617a12e051fbb2d933be1a689c7026a16260794992c4a8a2789dc2a987e220c1785fa9c821d6e1b42fc579df0ca9adbc115aced255e1a67bde4cb640db6,gx-no-cache=1491331769535 HTTP/1.1" 200 44
192.168.10.13 - - [04/Apr/2017:15:48:25 -0300] "GET / HTTP/1.1" 200 11217
200.73.230.173 - - [04/Apr/2017:15:49:14 -0300] "POST /cormun/servlet/atrazos?9c76ffc0d7de1049d8fe59e217195757,INS,0,,gx-no-cache=1491331820341 HTTP/1.1" 200 93
200.73.230.173 - - [04/Apr/2017:15:49:14 -0300] "GET /cormun/servlet/hpexe_return? HTTP/1.1" 200 1004
200.73.230.173 - - [04/Apr/2017:15:49:15 -0300] "GET /cormun/servlet/tratrazos HTTP/1.1" 200 9187
200.73.230.173 - - [04/Apr/2017:15:49:15 -0300] "GET /cormun/servlet/tratrazos HTTP/1.1" 200 9182
200.73.230.173 - - [04/Apr/2017:15:49:21 -0300] "GET /cormun/servlet/aatrasoprn?55,PU HTTP/1.1" 200 1596
192.168.10.13 - - [04/Apr/2017:15:49:25 -0300] "GET / HTTP/1.1" 200 11217
186.103.158.250 - - [04/Apr/2017:15:49:28 -0300] "GET /cormun/static/Resources/resize.gif HTTP/1.1" 200 77
186.103.158.250 - - [04/Apr/2017:15:49:29 -0300] "GET /cormun/servlet/prfichaempleado?,MD,,gxPopupLevel%3D0%3B HTTP/1.1" 200 8765
186.103.158.250 - - [04/Apr/2017:15:49:29 -0300] "GET /cormun/static/gxcfg.js?2017319125415 HTTP/1.1" 200 953
186.103.158.250 - - [04/Apr/2017:15:49:29 -0300] "GET /cormun/static/Resources/PXToolsMenuSearch.png HTTP/1.1" 200 2914
186.103.158.250 - - [04/Apr/2017:15:49:29 -0300] "GET /cormun/static/menusearch.js?201610171694467 HTTP/1.1" 200 1424
186.103.158.250 - - [04/Apr/2017:15:49:29 -0300] "GET /cormun/static/hmpwkw011.js?201731711483558 HTTP/1.1" 200 1968
186.103.158.250 - - [04/Apr/2017:15:49:29 -0300] "GET /cormun/static/Resources/PXToolsMenuSearchCancel.png HTTP/1.1" 200 2972
186.103.158.250 - - [04/Apr/2017:15:49:29 -0300] "GET /cormun/static/prfichaempleado.js?20173191254344 HTTP/1.1" 200 15951
186.103.158.250 - - [04/Apr/2017:15:49:46 -0300] "POST /cormun/servlet/solicitudot?gx-no-cache=1491331852600 HTTP/1.1" 200 3272
186.79.109.156 - - [04/Apr/2017:15:49:48 -0300] "GET /cormun/servlet/trsolicitudot? HTTP/1.1" 200 6764
186.79.109.156 - - [04/Apr/2017:15:49:49 -0300] "GET /cormun/servlet/trsolicitudot? HTTP/1.1" 200 6764
186.79.109.156 - - [04/Apr/2017:15:49:52 -0300] "GET /cormun/servlet/solicitudot?INS,0,0, HTTP/1.1" 200 12781
186.79.109.156 - - [04/Apr/2017:15:49:53 -0300] "GET /cormun/servlet/solicitudot?INS,0,0, HTTP/1.1" 200 12786
200.73.230.173 - - [04/Apr/2017:15:49:54 -0300] "GET /cormun/servlet/atrazos?INS,0, HTTP/1.1" 200 6541
200.73.230.173 - - [04/Apr/2017:15:49:55 -0300] "GET /cormun/servlet/atrazos?INS,0, HTTP/1.1" 200 6541
186.103.158.250 - - [04/Apr/2017:15:50:07 -0300] "GET /cormun/servlet/solicitudot?77b2d0b50baf4eea8afb5fcceed36ffe8df506d326e2a09455c534f4ec3210a70c85f53f00b3ef3838dbe39f7998998cb725fe2b781fdf5ab983e4daca1f1005d7bd95ff735918bf5ebc9aba579534a6856a895f298ee586ca0f5bea8ff03a01833158327dae111e3a69c135c74ea575c22d1bfd7e003341caefb396f41651f3e40505713f178585f5c6b4e2b75b99d7e8103c4e9d76dcb4236bcda75e5682f0e30bb39c04bdb728aac789e26d7d3c9fe2b0ea511fba2074533b61e8a2a3ec83592ecfff8da8d5091f25da2e1ee6392e670ff98447ba856fb43f855cba532ddff77ed79a6efcbc106ff4c5b270a2cfa36a48b8eafcf0fceaf9c991195523c52f4304e895592ab7a8b1b03286fdf88a6f521645b4aad20ea5eacf7b9d3fe8797279a9deaa7a44708b3434340128d1ffb3a059f1b0f6c2dbaf8a28fbdb47e0245f66485d0216a73dcdb518fa66909ad452ad3d5dd50dc7e70b945592cc64e8248c790bf74ce5e78757b651f2a2bb60895de995f279df82d5c0dc0a72dc457a2ac0,gx-no-cache=1491331872882 HTTP/1.1" 200 30
186.103.158.250 - - [04/Apr/2017:15:50:07 -0300] "POST /cormun/servlet/solicitudot?gx-no-cache=1491331873295 HTTP/1.1" 200 30
186.103.158.250 - - [04/Apr/2017:15:50:07 -0300] "POST /cormun/servlet/solicitudot?gx-no-cache=1491331873387 HTTP/1.1" 200 1286
186.103.158.250 - - [04/Apr/2017:15:50:07 -0300] "POST /cormun/servlet/solicitudot?gx-no-cache=1491331873536 HTTP/1.1" 200 41
186.103.158.250 - - [04/Apr/2017:15:50:07 -0300] "POST /cormun/servlet/solicitudot?gx-no-cache=1491331873583 HTTP/1.1" 200 1273
186.103.158.250 - - [04/Apr/2017:15:50:07 -0300] "POST /cormun/servlet/solicitudot?gx-no-cache=1491331873674 HTTP/1.1" 200 1157
186.103.158.250 - - [04/Apr/2017:15:50:07 -0300] "GET /cormun/servlet/solicitudot?77b2d0b50baf4eea8afb5fcceed36ffe76aec61442c43f6c248fb0cdb4b4d29eb9af07728d738221039b8ac728bcd69a9d82701dab7d007b7a19ab233c25d62bf753a5c5e41d2766d8e6d4da9c232947765a7a47275b5f11e94f801982403cf3fe85f5c887cf328a841ce893046fca556a408845cd215d5ff34040683bf3a7d555b30628296c7b9a30700a9f0ce1b28f5629b1f26778e065f80d0358fe366574fc63ade71fb18628fafc1414967559d5,gx-no-cache=1491331873774 HTTP/1.1" 200 30
186.103.158.250 - - [04/Apr/2017:15:50:07 -0300] "POST /cormun/servlet/solicitudot?44b40f244e0aa4310f997e238e3086b0,INS,0,0,,gx-no-cache=1491331873859 HTTP/1.1" 200 11260
192.168.10.13 - - [04/Apr/2017:15:50:25 -0300] "GET / HTTP/1.1" 200 11217
200.73.230.173 - - [04/Apr/2017:15:50:39 -0300] "GET /cormun/servlet/prfichaempleado?,MD,,gxPopupLevel%3D0%3B HTTP/1.1" 200 8837
200.73.230.173 - - [04/Apr/2017:15:50:48 -0300] "POST /cormun/servlet/prfichaempleado?9c76ffc0d7de1049d8fe59e217195757,,MD,,gxPopupLevel%3D0%3B,gx-no-cache=1491331914601 HTTP/1.1" 200 3396
186.79.109.156 - - [04/Apr/2017:15:50:54 -0300] "POST /cormun/servlet/solicitudot?gx-no-cache=1491335515790 HTTP/1.1" 200 3155
200.73.230.173 - - [04/Apr/2017:15:50:55 -0300] "GET /cormun/servlet/atrazos?848119886bd1b97547c80f5dc1e4339261151eb4dc65ca41b42fe51947291c0c5dd4ab78cf32803416395ebc74282925,gx-no-cache=1491331921610 HTTP/1.1" 200 69
200.73.230.173 - - [04/Apr/2017:15:50:56 -0300] "GET /cormun/static/menuarrow.gif HTTP/1.1" 404 1015
186.79.109.156 - - [04/Apr/2017:15:50:56 -0300] "POST /cormun/servlet/solicitudot?72cd734d5275a76539f7debeb06cab99,INS,0,0,,gx-no-cache=1491335517047 HTTP/1.1" 200 9941
186.79.109.156 - - [04/Apr/2017:15:51:01 -0300] "GET /cormun/servlet/solicitudot?4b1f77269eb75d301e244000b760c68a59b0c9af728659afa044cce00551b4b54362178905d10851a9b5788d9eddfacd,gx-no-cache=1491335523610 HTTP/1.1" 200 30
186.79.109.156 - - [04/Apr/2017:15:51:01 -0300] "POST /cormun/servlet/solicitudot?gx-no-cache=1491335523720 HTTP/1.1" 200 255
186.79.109.156 - - [04/Apr/2017:15:51:01 -0300] "GET /cormun/servlet/solicitudot?4b1f77269eb75d301e244000b760c68a9555106dd7b90d42cd8af2057c6a804968a50873696caadda381b67a6d9b377f9fe2f19fceb8d208b115cb08d71294d55328ed966bbb285f6eebf704b3f609d142812860e4c692d9a9bfb0e0a43a4640134eb923232c714dccb474a6748a715d047639f12467e86693b4ab4425f32764aae1d02ba20b5912d4006dde96112c3b4a8ec0f8b975c9e667c363cd25e6a8e8fda372e58388514a331a9cd0f24d301b3efe2140349d35f278a46673e1ee2d3aa63298e43f9b317dae86b862354010dc57336c7ded50e6fd64fcbaa8cf0a450df6a57b4c49d8d0dd6e1586a9b7dde2def620400a74e2bcddf0bc60637de8e1195f62293e7c11712a702232fdb17573c296cd70aeb868eabbd8a88c7f2b1d5e24d810810ad660ab9260acdb5dd8ddcef9077bdc10f945eb3b19bb0a35cca87ef9c83f270c0ab57a3529041451c185286a714a33715b91a66d9fa6533038b419963cb8173b9664f53e3cfd09acd9f4680a73e5ff9f38a45fa40771a5cef9cf52f7,gx-no-cache=1491335523828 HTTP/1.1" 200 30
186.79.109.156 - - [04/Apr/2017:15:51:03 -0300] "POST /cormun/servlet/solicitudot?gx-no-cache=1491335526019 HTTP/1.1" 200 30
186.79.109.156 - - [04/Apr/2017:15:51:05 -0300] "POST /cormun/servlet/solicitudot?gx-no-cache=1491335527967 HTTP/1.1" 200 235
186.79.109.156 - - [04/Apr/2017:15:51:05 -0300] "POST /cormun/servlet/solicitudot?gx-no-cache=1491335528098 HTTP/1.1" 200 38
200.73.230.173 - - [04/Apr/2017:15:51:14 -0300] "GET /cormun/servlet/atrazos?848119886bd1b97547c80f5dc1e433922044777d02bbf1ea84f780236fe1f3ae2d29246b7c46a713fd7a2a8a6b53abe9,gx-no-cache=1491331940742 HTTP/1.1" 200 33
186.103.158.250 - - [04/Apr/2017:15:51:16 -0300] "POST /cormun/servlet/solicitudot?gx-no-cache=1491331942456 HTTP/1.1" 200 3141
186.103.158.250 - - [04/Apr/2017:15:51:16 -0300] "GET /cormun/servlet/solicitudot?77b2d0b50baf4eea8afb5fcceed36ffef9b6ef801a3e0788578844f07e6a5f72,gx-no-cache=1491331942712 HTTP/1.1" 200 111
186.79.109.156 - - [04/Apr/2017:15:51:19 -0300] "GET /cormun/servlet/solicitudot?4b1f77269eb75d301e244000b760c68ab587a6dfbe1f6c71c1339b7892400d4399ceb17d5ffd534b56007a681610776d2897679207dc959b3dbc1cac4ee69f870fce98fcb4e840b9b4f474a4e7c9295ff4ebc1da10fe03ee89bb936f580d9dfd04df6af1d7b5bd70071a4b9f008cda41b5152ec14d23b8b7d0c89981639b528495d8f03803a21a86a0aff73dd52512cb1b48a5cb2fb94409e63e81b0c61365b4,gx-no-cache=1491335541319 HTTP/1.1" 200 29
186.79.109.156 - - [04/Apr/2017:15:51:19 -0300] "POST /cormun/servlet/solicitudot?gx-no-cache=1491335541966 HTTP/1.1" 200 641
200.73.230.173 - - [04/Apr/2017:15:51:22 -0300] "GET /cormun/servlet/atrazos?848119886bd1b97547c80f5dc1e4339233a31ffd50e37a4d571d48de72a96e0ded01d4c7aa2edcb8e494a41042aa7488d651274e6c73409df0bb1f1573d34a725d466bd0af4018115a1bcb0e1d93ece216a274cd654c1745a0e5350cf9adf6ab191a7617a12e051fbb2d933be1a689c7026a16260794992c4a8a2789dc2a987e606a97027a739bedab554c7b6b84292d9adbc115aced255e1a67bde4cb640db6,gx-no-cache=1491331948036 HTTP/1.1" 200 42
186.79.109.156 - - [04/Apr/2017:15:51:22 -0300] "POST /cormun/servlet/solicitudot?gx-no-cache=1491335544408 HTTP/1.1" 200 1157
192.168.10.13 - - [04/Apr/2017:15:51:25 -0300] "GET / HTTP/1.1" 200 11217
200.73.230.173 - - [04/Apr/2017:15:51:29 -0300] "POST /cormun/servlet/atrazos?9c76ffc0d7de1049d8fe59e217195757,INS,0,,gx-no-cache=1491331955333 HTTP/1.1" 200 93
200.73.230.173 - - [04/Apr/2017:15:51:29 -0300] "GET /cormun/servlet/hpexe_return? HTTP/1.1" 200 1004
200.73.230.173 - - [04/Apr/2017:15:51:29 -0300] "GET /cormun/servlet/tratrazos HTTP/1.1" 200 9360
186.103.158.250 - - [04/Apr/2017:15:51:30 -0300] "POST /cormun/servlet/solicitudot?gx-no-cache=1491331956516 HTTP/1.1" 200 30
186.103.158.250 - - [04/Apr/2017:15:51:30 -0300] "POST /cormun/servlet/solicitudot?gx-no-cache=1491331956584 HTTP/1.1" 200 1286
186.103.158.250 - - [04/Apr/2017:15:51:30 -0300] "POST /cormun/servlet/solicitudot?gx-no-cache=1491331956667 HTTP/1.1" 200 41
186.103.158.250 - - [04/Apr/2017:15:51:30 -0300] "POST /cormun/servlet/solicitudot?gx-no-cache=1491331956706 HTTP/1.1" 200 1273
186.103.158.250 - - [04/Apr/2017:15:51:30 -0300] "POST /cormun/servlet/solicitudot?gx-no-cache=1491331956776 HTTP/1.1" 200 1157
186.103.158.250 - - [04/Apr/2017:15:51:30 -0300] "GET /cormun/servlet/solicitudot?77b2d0b50baf4eea8afb5fcceed36ffe76aec61442c43f6c248fb0cdb4b4d29eb9af07728d738221039b8ac728bcd69a9d82701dab7d007b7a19ab233c25d62bf753a5c5e41d2766d8e6d4da9c232947765a7a47275b5f11e94f801982403cf3fe85f5c887cf328a841ce893046fca556a408845cd215d5ff34040683bf3a7d555b30628296c7b9a30700a9f0ce1b28f5629b1f26778e065f80d0358fe366574fc63ade71fb18628fafc1414967559d5,gx-no-cache=1491331956849 HTTP/1.1" 200 30
186.103.158.250 - - [04/Apr/2017:15:51:30 -0300] "POST /cormun/servlet/solicitudot?44b40f244e0aa4310f997e238e3086b0,INS,0,0,,gx-no-cache=1491331956895 HTTP/1.1" 200 11301
200.73.230.173 - - [04/Apr/2017:15:51:30 -0300] "GET /cormun/servlet/tratrazos HTTP/1.1" 200 9355
186.103.158.250 - - [04/Apr/2017:15:51:31 -0300] "POST /cormun/servlet/solicitudot?44b40f244e0aa4310f997e238e3086b0,INS,0,0,,gx-no-cache=1491331957297 HTTP/1.1" 200 11342
186.103.158.250 - - [04/Apr/2017:15:51:31 -0300] "POST /cormun/servlet/solicitudot?44b40f244e0aa4310f997e238e3086b0,INS,0,0,,gx-no-cache=1491331957680 HTTP/1.1" 200 11413
200.73.230.173 - - [04/Apr/2017:15:51:44 -0300] "GET /cormun/servlet/atrazos?INS,0, HTTP/1.1" 200 6541
200.73.230.173 - - [04/Apr/2017:15:51:45 -0300] "GET /cormun/servlet/atrazos?INS,0, HTTP/1.1" 200 6541
186.79.109.156 - - [04/Apr/2017:15:51:56 -0300] "GET /cormun/static/menuarrow.gif HTTP/1.1" 404 1015
186.103.158.250 - - [04/Apr/2017:15:51:56 -0300] "POST /cormun/servlet/solicitudot?gx-no-cache=1491331982834 HTTP/1.1" 200 3272
200.73.230.173 - - [04/Apr/2017:15:52:04 -0300] "GET /cormun/servlet/prfichaempleado?,MD,,gxPopupLevel%3D0%3B HTTP/1.1" 200 8837
186.79.109.156 - - [04/Apr/2017:15:52:12 -0300] "GET /cormun/servlet/solicitudot?4b1f77269eb75d301e244000b760c68ac819c80f4659c711dfc6b54af0b36d8061a3b9fb4b68c3e9bcd983aa7ebe44e436f0e4fd690481a837bf788fe9af51d21e3105fff74b16c96a7beee2fb3dd1b6ca9e8a14ed3d9c6fb89f6684562583f20cc5c845fe80660fe1e4a50c72d7de96bec41a90aa87e30b90bff0df9988d766399909afbb2c058a2c294ce9d28bca0a1502125b4b15ffb5025e5ee5512ef7dd2e9728ede6310587a1839fb3869e984b,gx-no-cache=1491335594508 HTTP/1.1" 200 30
200.73.230.173 - - [04/Apr/2017:15:52:16 -0300] "POST /cormun/servlet/prfichaempleado?9c76ffc0d7de1049d8fe59e217195757,,MD,,gxPopupLevel%3D0%3B,gx-no-cache=1491332002210 HTTP/1.1" 200 3396
200.73.230.173 - - [04/Apr/2017:15:52:24 -0300] "GET /cormun/servlet/atrazos?848119886bd1b97547c80f5dc1e4339261151eb4dc65ca41b42fe51947291c0c5dd4ab78cf32803416395ebc74282925,gx-no-cache=1491332010732 HTTP/1.1" 200 73
200.73.230.173 - - [04/Apr/2017:15:52:25 -0300] "GET /cormun/static/menuarrow.gif HTTP/1.1" 404 1015
192.168.10.13 - - [04/Apr/2017:15:52:25 -0300] "GET / HTTP/1.1" 200 11217
192.168.10.89 - - [04/Apr/2017:15:52:28 -0300] "GET /cormun/servlet/hlogin HTTP/1.1" 200 1742
200.73.230.173 - - [04/Apr/2017:15:52:37 -0300] "GET /cormun/servlet/atrazos?848119886bd1b97547c80f5dc1e433922044777d02bbf1ea84f780236fe1f3ae51c0aafe9284efa626e95ed3a7fd03b3,gx-no-cache=1491332023748 HTTP/1.1" 200 33
186.103.158.250 - - [04/Apr/2017:15:52:43 -0300] "POST /cormun/servlet/solicitudot?gx-no-cache=1491332030035 HTTP/1.1" 200 256
192.168.10.89 - - [04/Apr/2017:15:52:44 -0300] "POST /cormun/servlet/hlogin?7d4bae1314ae8f52b9d8d4c43a9178f6,gx-no-cache=1491335240900 HTTP/1.1" 200 90
192.168.10.89 - - [04/Apr/2017:15:52:44 -0300] "GET /cormun/servlet/hpexe_link HTTP/1.1" 200 951
186.103.158.250 - - [04/Apr/2017:15:52:44 -0300] "GET /cormun/servlet/solicitudot?77b2d0b50baf4eea8afb5fcceed36ffe8df506d326e2a09455c534f4ec3210a70c85f53f00b3ef3838dbe39f7998998cb725fe2b781fdf5ab983e4daca1f1005d7bd95ff735918bf5ebc9aba579534a6856a895f298ee586ca0f5bea8ff03a01833158327dae111e3a69c135c74ea575c22d1bfd7e003341caefb396f41651f3e40505713f178585f5c6b4e2b75b99d7e8103c4e9d76dcb4236bcda75e5682f0e30bb39c04bdb728aac789e26d7d3c9fe2b0ea511fba2074533b61e8a2a3ec83592ecfff8da8d5091f25da2e1ee6392e670ff98447ba856fb43f855cba532ddff77ed79a6efcbc106ff4c5b270a2cfa36a48b8eafcf0fceaf9c991195523c52f4304e895592ab7a8b1b03286fdf88a6f521645b4aad20ea5eacf7b9d3fe8797279a9deaa7a44708b3434340128d1ffb3a059f1b0f6c2dbaf8a28fbdb47e0245f66485d0216a73dcdb518fa66909ad452ad3d5dd50dc7e70b945592cc64e8248c790bf74ce5e78757b651f2a2bb60895de995f279df82d5c0dc0a72dc457a2ac0,gx-no-cache=1491332030171 HTTP/1.1" 200 30
186.103.158.250 - - [04/Apr/2017:15:52:44 -0300] "POST /cormun/servlet/solicitudot?gx-no-cache=1491332030542 HTTP/1.1" 200 30
186.103.158.250 - - [04/Apr/2017:15:52:44 -0300] "POST /cormun/servlet/solicitudot?gx-no-cache=1491332030639 HTTP/1.1" 200 1286
186.103.158.250 - - [04/Apr/2017:15:52:44 -0300] "POST /cormun/servlet/solicitudot?gx-no-cache=1491332030859 HTTP/1.1" 200 41
186.103.158.250 - - [04/Apr/2017:15:52:44 -0300] "POST /cormun/servlet/solicitudot?gx-no-cache=1491332030958 HTTP/1.1" 200 1273
186.103.158.250 - - [04/Apr/2017:15:52:44 -0300] "POST /cormun/servlet/solicitudot?gx-no-cache=1491332031092 HTTP/1.1" 200 1157
186.103.158.250 - - [04/Apr/2017:15:52:44 -0300] "GET /cormun/servlet/solicitudot?77b2d0b50baf4eea8afb5fcceed36ffe76aec61442c43f6c248fb0cdb4b4d29eb9af07728d738221039b8ac728bcd69a9d82701dab7d007b7a19ab233c25d62bf753a5c5e41d2766d8e6d4da9c232947765a7a47275b5f11e94f801982403cf3fe85f5c887cf328a841ce893046fca556a408845cd215d5ff34040683bf3a7d555b30628296c7b9a30700a9f0ce1b28f5629b1f26778e065f80d0358fe366574fc63ade71fb18628fafc1414967559d5,gx-no-cache=1491332031208 HTTP/1.1" 200 30
186.103.158.250 - - [04/Apr/2017:15:52:45 -0300] "POST /cormun/servlet/solicitudot?44b40f244e0aa4310f997e238e3086b0,INS,0,0,,gx-no-cache=1491332031249 HTTP/1.1" 200 11477
192.168.10.89 - - [04/Apr/2017:15:52:45 -0300] "GET /cormun/servlet/hhome HTTP/1.1" 200 3761
200.73.230.173 - - [04/Apr/2017:15:52:47 -0300] "GET /cormun/servlet/atrazos?848119886bd1b97547c80f5dc1e4339233a31ffd50e37a4d571d48de72a96e0ded01d4c7aa2edcb8e494a41042aa7488d651274e6c73409df0bb1f1573d34a725d466bd0af4018115a1bcb0e1d93ece216a274cd654c1745a0e5350cf9adf6ab191a7617a12e051fbb2d933be1a689c7026a16260794992c4a8a2789dc2a987e384f620ceab6b9110042ac42a6e8af9c5d447c8cddadf9e678270734c99320c7,gx-no-cache=1491332033495 HTTP/1.1" 200 44
192.168.10.89 - - [04/Apr/2017:15:52:48 -0300] "GET /cormun/servlet/trsolicitudot? HTTP/1.1" 200 6719
192.168.10.89 - - [04/Apr/2017:15:52:48 -0300] "GET /cormun/static/gxcfg.js?201731711505139 HTTP/1.1" 304 -
186.79.109.156 - - [04/Apr/2017:15:52:49 -0300] "POST /cormun/servlet/solicitudot?72cd734d5275a76539f7debeb06cab99,INS,0,0,,gx-no-cache=1491335631137 HTTP/1.1" 200 93
186.79.109.156 - - [04/Apr/2017:15:52:50 -0300] "GET /cormun/servlet/hpexe_return? HTTP/1.1" 200 1011
186.79.109.156 - - [04/Apr/2017:15:52:50 -0300] "GET /cormun/servlet/trsolicitudot HTTP/1.1" 200 8075
186.79.109.156 - - [04/Apr/2017:15:52:51 -0300] "GET /cormun/servlet/trsolicitudot HTTP/1.1" 200 8070
192.168.10.89 - - [04/Apr/2017:15:52:52 -0300] "GET /cormun/servlet/solicitudot?INS,0,0, HTTP/1.1" 200 12566
192.168.10.89 - - [04/Apr/2017:15:52:52 -0300] "GET /cormun/static/gxcfg.js?20171191042720 HTTP/1.1" 304 -
200.73.230.173 - - [04/Apr/2017:15:52:56 -0300] "POST /cormun/servlet/atrazos?9c76ffc0d7de1049d8fe59e217195757,INS,0,,gx-no-cache=1491332042338 HTTP/1.1" 200 93
200.73.230.173 - - [04/Apr/2017:15:52:56 -0300] "GET /cormun/servlet/hpexe_return? HTTP/1.1" 200 1004
200.73.230.173 - - [04/Apr/2017:15:52:57 -0300] "GET /cormun/servlet/tratrazos HTTP/1.1" 200 9488
186.79.109.156 - - [04/Apr/2017:15:52:57 -0300] "POST /cormun/servlet/trsolicitudot?72cd734d5275a76539f7debeb06cab99,gx-no-cache=1491335638297 HTTP/1.1" 200 106
186.79.109.156 - - [04/Apr/2017:15:52:57 -0300] "GET /cormun/servlet/trsolicitudadjuntos?2017,5920, HTTP/1.1" 200 6075
200.73.230.173 - - [04/Apr/2017:15:52:57 -0300] "GET /cormun/servlet/tratrazos HTTP/1.1" 200 9484
186.79.109.156 - - [04/Apr/2017:15:52:58 -0300] "GET /cormun/servlet/trsolicitudadjuntos?2017,5920, HTTP/1.1" 200 6075
192.168.10.89 - - [04/Apr/2017:15:53:01 -0300] "POST /cormun/servlet/solicitudot?gx-no-cache=1491335258227 HTTP/1.1" 200 3272
192.168.10.89 - - [04/Apr/2017:15:53:01 -0300] "GET /cormun/static/Shared/jqueryui/images/ui-bg_highlight-soft_100_c6c2c8_1x100.png HTTP/1.1" 404 1117
192.168.10.89 - - [04/Apr/2017:15:53:01 -0300] "GET /cormun/static/Shared/jqueryui/images/ui-bg_flat_55_994d53_40x100.png HTTP/1.1" 404 1097
192.168.10.89 - - [04/Apr/2017:15:53:01 -0300] "GET /cormun/static/Shared/jqueryui/images/ui-icons_82798d_256x240.png HTTP/1.1" 404 1089
192.168.10.89 - - [04/Apr/2017:15:53:01 -0300] "GET /cormun/static/Shared/jqueryui/images/ui-icons_ebccce_256x240.png HTTP/1.1" 404 1089
186.79.109.156 - - [04/Apr/2017:15:53:03 -0300] "GET /cormun/servlet/solicitudotadjuntos?INS,2017,5920,,1, HTTP/1.1" 200 6011
186.79.109.156 - - [04/Apr/2017:15:53:04 -0300] "GET /cormun/static/about:blank HTTP/1.1" 404 1011
200.73.230.173 - - [04/Apr/2017:15:53:04 -0300] "GET /cormun/servlet/atrazos?INS,0, HTTP/1.1" 200 6541
186.79.109.156 - - [04/Apr/2017:15:53:04 -0300] "GET /cormun/servlet/solicitudotadjuntos?INS,2017,5920,,1, HTTP/1.1" 200 6004
200.73.230.173 - - [04/Apr/2017:15:53:05 -0300] "GET /cormun/servlet/atrazos?INS,0, HTTP/1.1" 200 6541
186.79.109.156 - - [04/Apr/2017:15:53:05 -0300] "GET /cormun/servlet/solicitudotadjuntos?4b1f77269eb75d301e244000b760c68a6145b1b585b1c95804c87d7313891eb795080e91d0b8e311de72843b770ab648,gx-no-cache=1491335647633 HTTP/1.1" 200 30
186.79.109.156 - - [04/Apr/2017:15:53:06 -0300] "POST /cormun/servlet/solicitudotadjuntos?72cd734d5275a76539f7debeb06cab99,INS,2017,5920,,1,,gx-no-cache=1491335648172 HTTP/1.1" 200 3872
186.79.109.156 - - [04/Apr/2017:15:53:09 -0300] "POST /cormun/servlet/solicitudotadjuntos?gx-no-cache=1491335651645 HTTP/1.1" 200 26
200.73.230.173 - - [04/Apr/2017:15:53:09 -0300] "GET /cormun/servlet/atrazos?848119886bd1b97547c80f5dc1e433925e6451d09ff94c89cbb1bd0cb4939db3dfa591c3ded55e5e417bf47c4da95b5e,gx-no-cache=1491332055296 HTTP/1.1" 200 143
200.73.230.173 - - [04/Apr/2017:15:53:09 -0300] "GET /cormun/static/Shared/jqueryui/images/ui-bg_highlight-soft_100_c6c2c8_1x100.png HTTP/1.1" 404 1117
200.73.230.173 - - [04/Apr/2017:15:53:09 -0300] "GET /cormun/static/Shared/jqueryui/images/ui-icons_82798d_256x240.png HTTP/1.1" 404 1089
200.73.230.173 - - [04/Apr/2017:15:53:09 -0300] "GET /cormun/static/Shared/jqueryui/images/ui-icons_ebccce_256x240.png HTTP/1.1" 404 1089
200.73.230.173 - - [04/Apr/2017:15:53:09 -0300] "GET /cormun/static/Shared/jqueryui/images/ui-bg_flat_55_994d53_40x100.png HTTP/1.1" 404 1097
200.73.230.173 - - [04/Apr/2017:15:53:22 -0300] "GET /cormun/servlet/prfichaempleado?,MD,,gxPopupLevel%3D0%3B HTTP/1.1" 200 8837
192.168.10.13 - - [04/Apr/2017:15:53:25 -0300] "GET / HTTP/1.1" 200 11217
200.73.230.173 - - [04/Apr/2017:15:53:30 -0300] "POST /cormun/servlet/prfichaempleado?9c76ffc0d7de1049d8fe59e217195757,,MD,,gxPopupLevel%3D0%3B,gx-no-cache=1491332076387 HTTP/1.1" 200 3396
186.103.158.250 - - [04/Apr/2017:15:53:32 -0300] "POST /cormun/servlet/solicitudot?gx-no-cache=1491332078188 HTTP/1.1" 200 256
186.103.158.250 - - [04/Apr/2017:15:53:32 -0300] "GET /cormun/servlet/solicitudot?77b2d0b50baf4eea8afb5fcceed36ffe8df506d326e2a09455c534f4ec3210a70c85f53f00b3ef3838dbe39f7998998cb725fe2b781fdf5ab983e4daca1f1005d7bd95ff735918bf5ebc9aba579534a6856a895f298ee586ca0f5bea8ff03a01833158327dae111e3a69c135c74ea575c22d1bfd7e003341caefb396f41651f3e40505713f178585f5c6b4e2b75b99d7e8103c4e9d76dcb4236bcda75e5682f0e30bb39c04bdb728aac789e26d7d3c9fe2b0ea511fba2074533b61e8a2a3ec83592ecfff8da8d5091f25da2e1ee6392e670ff98447ba856fb43f855cba532ddff77ed79a6efcbc106ff4c5b270a2cfa36a48b8eafcf0fceaf9c991195523c52f4304e895592ab7a8b1b03286fdf88a6f521645b4aad20ea5eacf7b9d3fe8797279a9deaa7a44708b3434340128d1ffb3a059f1b0f6c2dbaf8a28fbdb47e0245f66485d0216a73dcdb518fa66909ad452ad3d5dd50dc7e70b945592cc64e8248c790bf74ce5e78757b651f2a2bb60895de995f279df82d5c0dc0a72dc457a2ac0,gx-no-cache=1491332078356 HTTP/1.1" 200 30
186.103.158.250 - - [04/Apr/2017:15:53:32 -0300] "POST /cormun/servlet/solicitudot?gx-no-cache=1491332078719 HTTP/1.1" 200 30
186.103.158.250 - - [04/Apr/2017:15:53:32 -0300] "POST /cormun/servlet/solicitudot?gx-no-cache=1491332078814 HTTP/1.1" 200 1286
186.103.158.250 - - [04/Apr/2017:15:53:32 -0300] "POST /cormun/servlet/solicitudot?gx-no-cache=1491332079047 HTTP/1.1" 200 41
200.73.230.173 - - [04/Apr/2017:15:53:34 -0300] "GET /cormun/servlet/atrazos?848119886bd1b97547c80f5dc1e4339261151eb4dc65ca41b42fe51947291c0c5dd4ab78cf32803416395ebc74282925,gx-no-cache=1491332080182 HTTP/1.1" 200 73
200.73.230.173 - - [04/Apr/2017:15:53:34 -0300] "GET /cormun/static/menuarrow.gif HTTP/1.1" 404 1015
186.79.109.156 - - [04/Apr/2017:15:53:34 -0300] "GET /cormun/servlet/solicitudotadjuntos?4b1f77269eb75d301e244000b760c68aa7ea956ba9585ac1c968378e7392b7c3,gx-no-cache=1491335677404 HTTP/1.1" 200 30
186.79.109.156 - - [04/Apr/2017:15:53:35 -0300] "GET /cormun/servlet/solicitudotadjuntos?4b1f77269eb75d301e244000b760c68aa7ea956ba9585ac1c968378e7392b7c3,gx-no-cache=1491335677602 HTTP/1.1" 200 30
186.79.109.156 - - [04/Apr/2017:15:53:39 -0300] "POST /cormun/servlet/solicitudotadjuntos?72cd734d5275a76539f7debeb06cab99,INS,2017,5920,,1, HTTP/1.1" 200 116
186.79.109.156 - - [04/Apr/2017:15:53:40 -0300] "GET /cormun/servlet/hpexe_return? HTTP/1.1" 200 1030
186.79.109.156 - - [04/Apr/2017:15:53:40 -0300] "GET /cormun/servlet/trsolicitudadjuntos?2017,5920, HTTP/1.1" 200 8254
186.79.109.156 - - [04/Apr/2017:15:53:41 -0300] "GET /cormun/servlet/trsolicitudadjuntos?2017,5920, HTTP/1.1" 200 8250
200.73.230.173 - - [04/Apr/2017:15:53:44 -0300] "GET /cormun/servlet/atrazos?848119886bd1b97547c80f5dc1e433922044777d02bbf1ea84f780236fe1f3aee4d2859acdc22a5e0826dc05907f913b,gx-no-cache=1491332090613 HTTP/1.1" 200 33
192.168.10.89 - - [04/Apr/2017:15:53:55 -0300] "POST /cormun/servlet/solicitudot?7d4bae1314ae8f52b9d8d4c43a9178f6,INS,0,0,,gx-no-cache=1491335311997 HTTP/1.1" 200 93
192.168.10.89 - - [04/Apr/2017:15:53:55 -0300] "GET /cormun/servlet/hpexe_return? HTTP/1.1" 200 1005
192.168.10.89 - - [04/Apr/2017:15:53:56 -0300] "GET /cormun/servlet/trsolicitudot HTTP/1.1" 200 6721
186.103.158.250 - - [04/Apr/2017:15:54:03 -0300] "GET /cormun/servlet/trsolicitudot? HTTP/1.1" 200 6708
186.103.158.250 - - [04/Apr/2017:15:54:05 -0300] "GET /cormun/servlet/trsolicitudot? HTTP/1.1" 200 6707
186.103.158.250 - - [04/Apr/2017:15:54:08 -0300] "GET /cormun/servlet/solicitudot?INS,0,0, HTTP/1.1" 200 12556
186.103.158.250 - - [04/Apr/2017:15:54:10 -0300] "GET /cormun/servlet/solicitudot?INS,0,0, HTTP/1.1" 200 12561
186.103.158.250 - - [04/Apr/2017:15:54:20 -0300] "POST /cormun/servlet/solicitudot?gx-no-cache=1491332126564 HTTP/1.1" 200 3194
186.103.158.250 - - [04/Apr/2017:15:54:20 -0300] "POST /cormun/servlet/solicitudot?44b40f244e0aa4310f997e238e3086b0,INS,0,0,,gx-no-cache=1491332126904 HTTP/1.1" 200 9782
186.79.109.156 - - [04/Apr/2017:15:54:23 -0300] "GET /cormun/servlet/solicitudotadjuntos?INS,2017,5920,,1, HTTP/1.1" 200 6011
186.79.109.156 - - [04/Apr/2017:15:54:23 -0300] "GET /cormun/static/about:blank HTTP/1.1" 404 1011
186.79.109.156 - - [04/Apr/2017:15:54:24 -0300] "GET /cormun/servlet/solicitudotadjuntos?INS,2017,5920,,1, HTTP/1.1" 200 6004
186.79.109.156 - - [04/Apr/2017:15:54:24 -0300] "GET /cormun/servlet/solicitudotadjuntos?4b1f77269eb75d301e244000b760c68a6145b1b585b1c95804c87d7313891eb795080e91d0b8e311de72843b770ab648,gx-no-cache=1491335727028 HTTP/1.1" 200 30
192.168.10.13 - - [04/Apr/2017:15:54:25 -0300] "GET / HTTP/1.1" 200 11217
186.79.109.156 - - [04/Apr/2017:15:54:25 -0300] "POST /cormun/servlet/solicitudotadjuntos?72cd734d5275a76539f7debeb06cab99,INS,2017,5920,,1,,gx-no-cache=1491335727211 HTTP/1.1" 200 3873
186.79.109.156 - - [04/Apr/2017:15:54:30 -0300] "POST /cormun/servlet/solicitudotadjuntos?gx-no-cache=1491335732503 HTTP/1.1" 200 26
186.79.109.156 - - [04/Apr/2017:15:54:39 -0300] "GET /cormun/servlet/solicitudotadjuntos?4b1f77269eb75d301e244000b760c68aa7ea956ba9585ac1c968378e7392b7c3,gx-no-cache=1491335742416 HTTP/1.1" 200 30
186.79.109.156 - - [04/Apr/2017:15:54:40 -0300] "GET /cormun/servlet/solicitudotadjuntos?4b1f77269eb75d301e244000b760c68aa7ea956ba9585ac1c968378e7392b7c3,gx-no-cache=1491335742589 HTTP/1.1" 200 30
200.73.230.173 - - [04/Apr/2017:15:54:42 -0300] "GET /cormun/servlet/atrazos?848119886bd1b97547c80f5dc1e4339233a31ffd50e37a4d571d48de72a96e0ded01d4c7aa2edcb8e494a41042aa7488d651274e6c73409df0bb1f1573d34a725d466bd0af4018115a1bcb0e1d93ece216a274cd654c1745a0e5350cf9adf6ab191a7617a12e051fbb2d933be1a689c7026a16260794992c4a8a2789dc2a987e48e25d7f3ee4ed04f6cc77342d97c7131f351c8c3b844bd83abdd0ca8d329cf9,gx-no-cache=1491332148280 HTTP/1.1" 200 124
186.79.109.156 - - [04/Apr/2017:15:54:43 -0300] "POST /cormun/servlet/solicitudotadjuntos?72cd734d5275a76539f7debeb06cab99,INS,2017,5920,,1, HTTP/1.1" 200 116
186.79.109.156 - - [04/Apr/2017:15:54:44 -0300] "GET /cormun/servlet/hpexe_return? HTTP/1.1" 200 1030
186.79.109.156 - - [04/Apr/2017:15:54:44 -0300] "GET /cormun/servlet/trsolicitudadjuntos?2017,5920, HTTP/1.1" 200 8461
186.79.109.156 - - [04/Apr/2017:15:54:45 -0300] "GET /cormun/servlet/trsolicitudadjuntos?2017,5920, HTTP/1.1" 200 8459
186.79.109.156 - - [04/Apr/2017:15:54:49 -0300] "GET /cormun/servlet/solicitudotadjuntos?INS,2017,5920,,1, HTTP/1.1" 200 6011
