192.168.10.96 - - [04/Apr/2017:10:24:47 -0300] "POST /cormun/servlet/inasistencia?5f9e6b7dba86bd8c85659e131313a019,DLT,43,,gx-no-cache=1491315564081 HTTP/1.1" 200 93
192.168.10.96 - - [04/Apr/2017:10:24:47 -0300] "GET /cormun/servlet/hpexe_return? HTTP/1.1" 200 1012
192.168.10.96 - - [04/Apr/2017:10:24:47 -0300] "GET /cormun/servlet/trinasistencia HTTP/1.1" 200 6801
192.168.10.96 - - [04/Apr/2017:10:24:47 -0300] "GET /cormun/servlet/trinasistencia HTTP/1.1" 200 6797
186.103.157.235 - - [04/Apr/2017:10:24:49 -0300] "POST /cormun/servlet/trlicencias?98672d3bf247f01d8703a08d5788bea2,,gx-no-cache=1491312349560 HTTP/1.1" 200 4102
186.103.157.235 - - [04/Apr/2017:10:24:58 -0300] "GET /cormun/servlet/licenciaspermisos?INS,0,,, HTTP/1.1" 200 7380
186.103.157.235 - - [04/Apr/2017:10:24:59 -0300] "GET /cormun/servlet/licenciaspermisos?INS,0,,, HTTP/1.1" 200 7380
192.168.10.96 - - [04/Apr/2017:10:25:14 -0300] "GET /cormun/servlet/trrenuncias? HTTP/1.1" 200 6731
192.168.10.96 - - [04/Apr/2017:10:25:14 -0300] "GET /cormun/static/gxcfg.js?201731711553383 HTTP/1.1" 200 953
192.168.10.96 - - [04/Apr/2017:10:25:15 -0300] "GET /cormun/static/trrenuncias.js?201731711553833 HTTP/1.1" 200 28329
192.168.10.96 - - [04/Apr/2017:10:25:15 -0300] "GET /cormun/servlet/trrenuncias? HTTP/1.1" 200 6731
192.168.10.96 - - [04/Apr/2017:10:25:16 -0300] "POST /cormun/servlet/acontrolpreferencessavestate?None,GALVAREZ,true HTTP/1.1" 200 35
192.168.10.96 - - [04/Apr/2017:10:25:22 -0300] "GET /cormun/servlet/renuncias?INS,0, HTTP/1.1" 200 6124
192.168.10.96 - - [04/Apr/2017:10:25:22 -0300] "GET /cormun/static/gxcfg.js?20173291217350 HTTP/1.1" 200 953
192.168.10.96 - - [04/Apr/2017:10:25:22 -0300] "GET /cormun/static/renuncias.js?20173291217362 HTTP/1.1" 200 14101
192.168.10.96 - - [04/Apr/2017:10:25:22 -0300] "GET /cormun/servlet/renuncias?INS,0, HTTP/1.1" 200 6124
192.168.10.13 - - [04/Apr/2017:10:25:25 -0300] "GET / HTTP/1.1" 200 11217
192.168.10.96 - - [04/Apr/2017:10:25:45 -0300] "GET /cormun/servlet/trsolicitudot? HTTP/1.1" 200 8270
192.168.10.96 - - [04/Apr/2017:10:25:45 -0300] "GET /cormun/servlet/trsolicitudot? HTTP/1.1" 200 8266
192.168.10.96 - - [04/Apr/2017:10:25:51 -0300] "GET /cormun/servlet/hlogin HTTP/1.1" 200 1747
186.103.157.235 - - [04/Apr/2017:10:25:57 -0300] "GET /cormun/servlet/licenciaspermisos?28500116867c4e9c4c50cd52d83c97ebee665ac77b8fbe2f1d2666670bf6e2fc4a25144597aff2193bda84afe9f092ec,gx-no-cache=1491312426327 HTTP/1.1" 200 71
186.103.157.235 - - [04/Apr/2017:10:25:58 -0300] "POST /cormun/servlet/licenciaspermisos?98672d3bf247f01d8703a08d5788bea2,INS,0,,,,gx-no-cache=1491312426466 HTTP/1.1" 200 4640
192.168.10.13 - - [04/Apr/2017:10:26:25 -0300] "GET / HTTP/1.1" 200 11217
186.67.172.234 - - [04/Apr/2017:10:26:52 -0300] "GET /cormun/servlet/hlogin HTTP/1.1" 200 1722
186.67.172.234 - - [04/Apr/2017:10:26:52 -0300] "GET /cormun/static/gxcfg.js?201731711485472 HTTP/1.1" 304 -
186.67.172.234 - - [04/Apr/2017:10:27:04 -0300] "POST /cormun/servlet/hlogin?9d64974ef0cf0a89685a824b16ce5134,gx-no-cache=1491312489467 HTTP/1.1" 200 90
186.67.172.234 - - [04/Apr/2017:10:27:05 -0300] "GET /cormun/servlet/hpexe_link HTTP/1.1" 200 954
186.67.172.234 - - [04/Apr/2017:10:27:05 -0300] "GET /cormun/static/gxcfg.js?201731711483381 HTTP/1.1" 304 -
186.67.172.234 - - [04/Apr/2017:10:27:05 -0300] "GET /cormun/servlet/hhome HTTP/1.1" 200 4045
186.67.172.234 - - [04/Apr/2017:10:27:05 -0300] "GET /cormun/static/gxcfg.js?201731711483497 HTTP/1.1" 304 -
186.67.172.234 - - [04/Apr/2017:10:27:06 -0300] "GET /cormun/servlet/hhome HTTP/1.1" 200 4041
186.67.172.234 - - [04/Apr/2017:10:27:12 -0300] "GET /cormun/servlet/trpermisosgoce? HTTP/1.1" 200 10381
186.67.172.234 - - [04/Apr/2017:10:27:12 -0300] "GET /cormun/static/gxcfg.js?20173171154124 HTTP/1.1" 304 -
186.67.172.234 - - [04/Apr/2017:10:27:13 -0300] "GET /cormun/servlet/trpermisosgoce? HTTP/1.1" 200 10406
186.67.172.234 - - [04/Apr/2017:10:27:17 -0300] "GET /cormun/servlet/permisogoce?INS,0,,, HTTP/1.1" 200 6823
186.67.172.234 - - [04/Apr/2017:10:27:17 -0300] "GET /cormun/static/gxcfg.js?201732911503726 HTTP/1.1" 304 -
186.67.172.234 - - [04/Apr/2017:10:27:17 -0300] "GET /cormun/static/permisogoce.js?201732911503774 HTTP/1.1" 304 -
186.67.172.234 - - [04/Apr/2017:10:27:18 -0300] "GET /cormun/servlet/permisogoce?INS,0,,, HTTP/1.1" 200 6823
192.168.10.13 - - [04/Apr/2017:10:27:25 -0300] "GET / HTTP/1.1" 200 11217
186.67.172.234 - - [04/Apr/2017:10:27:28 -0300] "GET /cormun/servlet/permisogoce?1a20b137320e26c88872e186e6418f06af7042cfa9f146c9b2cb6e1e777a1364d716cef982115f9a5bf00aea599c8dd8,gx-no-cache=1491312512575 HTTP/1.1" 200 69
186.67.172.234 - - [04/Apr/2017:10:27:28 -0300] "GET /cormun/static/menuarrow.gif HTTP/1.1" 404 1015
186.67.172.234 - - [04/Apr/2017:10:27:41 -0300] "GET /cormun/servlet/permisogoce?1a20b137320e26c88872e186e6418f06364587c3d0e3a16319197b93023c2a4276920006d7010382b5d848de795617c9ea56db641324a695eebb31f4aa03f08a,gx-no-cache=1491312526224 HTTP/1.1" 200 48
186.67.172.234 - - [04/Apr/2017:10:27:53 -0300] "POST /cormun/servlet/permisogoce?9d64974ef0cf0a89685a824b16ce5134,INS,0,,,,gx-no-cache=1491312531473 HTTP/1.1" 200 93
186.67.172.234 - - [04/Apr/2017:10:27:53 -0300] "GET /cormun/servlet/hpexe_return? HTTP/1.1" 200 1011
186.67.172.234 - - [04/Apr/2017:10:27:53 -0300] "GET /cormun/static/gxcfg.js?2016101716175148 HTTP/1.1" 304 -
186.67.172.234 - - [04/Apr/2017:10:27:54 -0300] "GET /cormun/servlet/trpermisosgoce HTTP/1.1" 200 10560
186.67.172.234 - - [04/Apr/2017:10:27:54 -0300] "GET /cormun/servlet/trpermisosgoce HTTP/1.1" 200 10556
186.67.172.234 - - [04/Apr/2017:10:27:58 -0300] "GET /cormun/servlet/trpermisosadjuntos?13947351,20170404112230,P, HTTP/1.1" 200 6352
186.67.172.234 - - [04/Apr/2017:10:27:58 -0300] "GET /cormun/static/gxcfg.js?201731711542659 HTTP/1.1" 304 -
186.67.172.234 - - [04/Apr/2017:10:27:59 -0300] "GET /cormun/servlet/trpermisosadjuntos?13947351,20170404112230,P, HTTP/1.1" 200 6352
186.67.172.234 - - [04/Apr/2017:10:28:01 -0300] "GET /cormun/servlet/permisosadjuntos?INS,13947351,P,20170404112230,, HTTP/1.1" 200 5674
186.67.172.234 - - [04/Apr/2017:10:28:01 -0300] "GET /cormun/static/gxcfg.js?2016122813135788 HTTP/1.1" 304 -
186.67.172.234 - - [04/Apr/2017:10:28:01 -0300] "GET /cormun/static/about:blank HTTP/1.1" 404 1011
186.67.172.234 - - [04/Apr/2017:10:28:02 -0300] "GET /cormun/servlet/permisosadjuntos?INS,13947351,P,20170404112230,, HTTP/1.1" 200 5664
186.67.172.234 - - [04/Apr/2017:10:28:13 -0300] "POST /cormun/servlet/permisosadjuntos?9d64974ef0cf0a89685a824b16ce5134,INS,13947351,P,20170404112230,, HTTP/1.1" 200 116
186.67.172.234 - - [04/Apr/2017:10:28:13 -0300] "GET /cormun/servlet/hpexe_return? HTTP/1.1" 200 1040
186.67.172.234 - - [04/Apr/2017:10:28:13 -0300] "GET /cormun/servlet/trpermisosadjuntos?13947351,20170404112230,P, HTTP/1.1" 200 6796
186.67.172.234 - - [04/Apr/2017:10:28:14 -0300] "GET /cormun/servlet/trpermisosadjuntos?13947351,20170404112230,P, HTTP/1.1" 200 6792
186.67.172.234 - - [04/Apr/2017:10:28:18 -0300] "POST /cormun/servlet/trpermisosadjuntos?9d64974ef0cf0a89685a824b16ce5134,13947351,20170404112230,P,,gx-no-cache=1491312562534 HTTP/1.1" 200 90
186.67.172.234 - - [04/Apr/2017:10:28:18 -0300] "GET /cormun/servlet/hpexe_link HTTP/1.1" 200 985
186.67.172.234 - - [04/Apr/2017:10:28:18 -0300] "GET /cormun/servlet/trpermisosgoce HTTP/1.1" 200 10561
186.67.172.234 - - [04/Apr/2017:10:28:19 -0300] "GET /cormun/servlet/trpermisosgoce HTTP/1.1" 200 10555
186.67.172.234 - - [04/Apr/2017:10:28:24 -0300] "POST /cormun/servlet/trpermisosgoce?9d64974ef0cf0a89685a824b16ce5134,gx-no-cache=1491312568598 HTTP/1.1" 200 7786
192.168.10.13 - - [04/Apr/2017:10:28:25 -0300] "GET / HTTP/1.1" 200 11217
192.168.10.13 - - [04/Apr/2017:10:29:25 -0300] "GET / HTTP/1.1" 200 11217
192.168.10.13 - - [04/Apr/2017:10:30:25 -0300] "GET / HTTP/1.1" 200 11217
187.232.217.108 - - [04/Apr/2017:10:30:42 -0300] "GET / HTTP/1.0" 200 11197
186.79.125.97 - - [04/Apr/2017:10:31:18 -0300] "GET /cormun/servlet/trsolicitudot? HTTP/1.1" 200 9161
186.79.125.97 - - [04/Apr/2017:10:31:18 -0300] "GET /cormun/static/gxcfg.js?201731711505139 HTTP/1.1" 304 -
186.79.125.97 - - [04/Apr/2017:10:31:18 -0300] "GET /cormun/static/trsolicitudot.js?20173171151116 HTTP/1.1" 304 -
186.79.125.97 - - [04/Apr/2017:10:31:19 -0300] "GET /cormun/servlet/trsolicitudot? HTTP/1.1" 200 9157
192.168.10.13 - - [04/Apr/2017:10:31:25 -0300] "GET / HTTP/1.1" 200 11217
186.79.125.97 - - [04/Apr/2017:10:31:32 -0300] "POST /cormun/servlet/trsolicitudot?391f7348ac5de5498fedf378a9686f51,,gx-no-cache=1491312763151 HTTP/1.1" 200 6605
186.79.125.97 - - [04/Apr/2017:10:31:32 -0300] "GET /cormun/static/Shared/jqueryui/images/ui-bg_highlight-soft_100_c6c2c8_1x100.png HTTP/1.1" 404 1117
186.79.125.97 - - [04/Apr/2017:10:31:32 -0300] "GET /cormun/static/Shared/jqueryui/images/ui-icons_82798d_256x240.png HTTP/1.1" 404 1089
186.79.125.97 - - [04/Apr/2017:10:31:32 -0300] "GET /cormun/static/Shared/jqueryui/images/ui-bg_flat_55_fafafa_40x100.png HTTP/1.1" 404 1097
186.79.125.97 - - [04/Apr/2017:10:31:32 -0300] "GET /cormun/static/Shared/jqueryui/images/ui-icons_8d78a5_256x240.png HTTP/1.1" 404 1089
186.79.125.97 - - [04/Apr/2017:10:31:53 -0300] "GET /cormun/servlet/solicitudot?INS,0,0, HTTP/1.1" 200 12567
186.79.125.97 - - [04/Apr/2017:10:31:53 -0300] "GET /cormun/static/gxcfg.js?20171191042720 HTTP/1.1" 304 -
186.79.125.97 - - [04/Apr/2017:10:31:53 -0300] "GET /cormun/static/solicitudot.js?2017119104297 HTTP/1.1" 304 -
186.79.125.97 - - [04/Apr/2017:10:31:54 -0300] "GET /cormun/servlet/solicitudot?INS,0,0, HTTP/1.1" 200 12572
186.103.157.235 - - [04/Apr/2017:10:32:04 -0300] "GET /cormun/static/menuarrow.gif HTTP/1.1" 404 1015
192.168.10.13 - - [04/Apr/2017:10:32:25 -0300] "GET / HTTP/1.1" 200 11217
186.79.125.97 - - [04/Apr/2017:10:32:31 -0300] "POST /cormun/servlet/solicitudot?gx-no-cache=1491312821923 HTTP/1.1" 200 3149
186.79.125.97 - - [04/Apr/2017:10:32:31 -0300] "POST /cormun/servlet/solicitudot?391f7348ac5de5498fedf378a9686f51,INS,0,0,,gx-no-cache=1491312822801 HTTP/1.1" 200 9769
186.79.125.97 - - [04/Apr/2017:10:32:43 -0300] "GET /cormun/servlet/solicitudot?fe1c9b2d744300e0b98a745f7b77e27c28b0184a015ca5df216e55b6c7a4e6ff0e3c496a2aa8edd39ecb697b33478884,gx-no-cache=1491312834484 HTTP/1.1" 200 30
186.103.157.235 - - [04/Apr/2017:10:33:23 -0300] "GET /cormun/servlet/licenciaspermisos?28500116867c4e9c4c50cd52d83c97eb3180a1ed4c9d997fb4ec46f181e0ee066aee1a13cd336433131506cab15457f643a67ec768d4a865cf110acc69e82c3dc56ea4f4b676c3b90a5f2df9b3c36bff88b41ecb4116a2b6e55471590a14f19a1fd03e75db35a81925e46f1d19445f80f850a66e2a6655f9127a5dda95ccdd42d0ec48334711d05efd05f25d71a9bc94579acd69cd6494ffcc6f977d7d9e9b3624c0f0740acdba70a694a55c208bd1fd8e475eca2f96bc160b116aa610421369433a044b42408283cc9d7b7ebb5d7e67633aa8fec66e3c36d909911e8821bd75,gx-no-cache=1491312872733 HTTP/1.1" 200 30
186.103.157.235 - - [04/Apr/2017:10:33:24 -0300] "GET /cormun/servlet/licenciaspermisos?28500116867c4e9c4c50cd52d83c97eb5378224aae60848b38ca5f1d2852a2f4dc88f006757b19e82abc699c2369e7143faae476b1ff4b85f1316a1c1b722d24010804cb57a5c0233887bff1cd3e5fe4aba962b524eec34db1a150d4c83d085a1d8fd7c93f44c6631dd607b650322fdd0a3f3f52f43293f870342898a75f64bec470ace2824b8b3109f950365750f11702b1db77f40392b1d7c6f19c8fecbdac05321b9cdea3f41bf3e02e72b61f3d4d4df8791932187b6150ed8fd4685ef1e6911ec8b7f5e3b9621995efc0b88a8b41035fa03d2d1d3df70625b1c22f574e69,gx-no-cache=1491312872826 HTTP/1.1" 200 29
192.168.10.13 - - [04/Apr/2017:10:33:25 -0300] "GET / HTTP/1.1" 200 11217
186.103.157.235 - - [04/Apr/2017:10:33:27 -0300] "POST /cormun/servlet/licenciaspermisos?98672d3bf247f01d8703a08d5788bea2,INS,0,,,,gx-no-cache=1491312873794 HTTP/1.1" 200 4786
186.103.157.235 - - [04/Apr/2017:10:33:27 -0300] "GET /cormun/static/Shared/jqueryui/images/ui-bg_highlight-soft_100_c6c2c8_1x100.png HTTP/1.1" 404 1117
186.103.157.235 - - [04/Apr/2017:10:33:27 -0300] "GET /cormun/static/Shared/jqueryui/images/ui-icons_82798d_256x240.png HTTP/1.1" 404 1089
186.103.157.235 - - [04/Apr/2017:10:33:27 -0300] "GET /cormun/static/Shared/jqueryui/images/ui-icons_ebccce_256x240.png HTTP/1.1" 404 1089
186.103.157.235 - - [04/Apr/2017:10:33:27 -0300] "GET /cormun/static/Shared/jqueryui/images/ui-bg_flat_55_994d53_40x100.png HTTP/1.1" 404 1097
186.79.125.97 - - [04/Apr/2017:10:33:49 -0300] "POST /cormun/servlet/solicitudot?gx-no-cache=1491312900830 HTTP/1.1" 200 297
186.79.125.97 - - [04/Apr/2017:10:33:50 -0300] "GET /cormun/servlet/solicitudot?fe1c9b2d744300e0b98a745f7b77e27cd238384fee5ead7ccf63986c2f7327b22d3d1a34a2a14b7cc3f2af0373347de9d41f1b9b6ec89ddfee10103d38a8ec10272fa61344324b1e64839b3ba32895c9a9460ff4282653272b5ee62300cccae8b46e6e5cdfa5421439d397abfdb8c79861be7e85f0ddd1a9178209ab16896d25e3ca065e0311bc16f1e18b45118845f7dc76651bfb79cda1cb256d20f4810ceff3d82ea564336b339beba424ec897d1ea1c8b1f5bb0ec4b0bd75730beec530904aa8d41abb88d920f901e8df32dfd31990d6e210818246e427709365e4e996b364dffaa5143e618e8f9ef81ed7ce31e21c7cc56d02efa80b89c7ebb323dd2a7ea27f8c688b827e862416b004dd9dea2ce8fc12efbd29e24683852384abd1e53ee5d0e6e2b667936c88440a30988bbd393b5df16448c62d5c39d118666bfe2c4ade45edcaaab73dbfb6be7e21e7aed47fe138d2b9eacd04a1bed8423fd6fae2aa0b965fa964d170199727791f8c6adb9ecc390e0398b060557397beedc621e727de38b337fb8c6cc31b3d2a409e3cfab9,gx-no-cache=1491312901599 HTTP/1.1" 200 30
186.79.125.97 - - [04/Apr/2017:10:33:53 -0300] "POST /cormun/servlet/solicitudot?gx-no-cache=1491312904512 HTTP/1.1" 200 30
186.79.125.97 - - [04/Apr/2017:10:33:58 -0300] "POST /cormun/servlet/solicitudot?gx-no-cache=1491312909856 HTTP/1.1" 200 235
186.79.125.97 - - [04/Apr/2017:10:33:58 -0300] "POST /cormun/servlet/solicitudot?gx-no-cache=1491312910097 HTTP/1.1" 200 38
186.79.125.97 - - [04/Apr/2017:10:34:14 -0300] "GET /cormun/servlet/solicitudot?fe1c9b2d744300e0b98a745f7b77e27c8eb7539cc84be45a3ee1787abbb3ea82ac879db20b6384f3161ca52d530e9616b40e8e5c0d2dc9aeec76434f3ecd69fa7a7e9967fa44124268e43e19cbd0edd29e20a4ce81963308a0697730fd4c9a46fe35d1759c0ad4f2fb19bb78cedd3c64,gx-no-cache=1491312926104 HTTP/1.1" 200 29
186.79.125.97 - - [04/Apr/2017:10:34:14 -0300] "POST /cormun/servlet/solicitudot?gx-no-cache=1491312926278 HTTP/1.1" 200 641
186.79.125.97 - - [04/Apr/2017:10:34:16 -0300] "POST /cormun/servlet/solicitudot?gx-no-cache=1491312928100 HTTP/1.1" 200 1157
192.168.10.13 - - [04/Apr/2017:10:34:25 -0300] "GET / HTTP/1.1" 200 11217
192.168.10.60 - - [04/Apr/2017:10:35:06 -0300] "GET /cormun/servlet/hlogin HTTP/1.1" 200 1725
192.168.10.60 - - [04/Apr/2017:10:35:06 -0300] "GET /cormun/static/gxcfg.js?201731711485472 HTTP/1.1" 304 -
192.168.10.60 - - [04/Apr/2017:10:35:08 -0300] "POST /cormun/servlet/hlogin?7a28d0921c286878682fc0854b282941,gx-no-cache=1491312142443 HTTP/1.1" 200 90
192.168.10.60 - - [04/Apr/2017:10:35:08 -0300] "GET /cormun/servlet/hpexe_link HTTP/1.1" 200 956
192.168.10.60 - - [04/Apr/2017:10:35:08 -0300] "GET /cormun/static/gxcfg.js?201731711483381 HTTP/1.1" 304 -
192.168.10.60 - - [04/Apr/2017:10:35:08 -0300] "GET /cormun/servlet/hhome HTTP/1.1" 200 3757
192.168.10.60 - - [04/Apr/2017:10:35:08 -0300] "GET /cormun/static/gxcfg.js?201731711483497 HTTP/1.1" 304 -
192.168.10.60 - - [04/Apr/2017:10:35:09 -0300] "GET /cormun/servlet/hhome HTTP/1.1" 200 3757
192.168.10.60 - - [04/Apr/2017:10:35:13 -0300] "GET /cormun/servlet/trautorizarot? HTTP/1.1" 200 24282
192.168.10.60 - - [04/Apr/2017:10:35:13 -0300] "GET /cormun/static/gxcfg.js?2017321102544 HTTP/1.1" 304 -
192.168.10.60 - - [04/Apr/2017:10:35:14 -0300] "GET /cormun/servlet/trautorizarot? HTTP/1.1" 200 24280
192.168.10.60 - - [04/Apr/2017:10:35:17 -0300] "GET /cormun/static/menuarrow.gif HTTP/1.1" 404 1015
192.168.10.13 - - [04/Apr/2017:10:35:25 -0300] "GET / HTTP/1.1" 200 11217
192.168.10.60 - - [04/Apr/2017:10:35:49 -0300] "POST /cormun/servlet/trautorizarot?7a28d0921c286878682fc0854b282941,,gx-no-cache=1491312183314 HTTP/1.1" 200 21978
186.79.125.97 - - [04/Apr/2017:10:35:51 -0300] "POST /cormun/servlet/solicitudot?gx-no-cache=1491313022846 HTTP/1.1" 200 297
186.79.125.97 - - [04/Apr/2017:10:35:51 -0300] "GET /cormun/servlet/solicitudot?fe1c9b2d744300e0b98a745f7b77e27cd238384fee5ead7ccf63986c2f7327b22d3d1a34a2a14b7cc3f2af0373347de9d41f1b9b6ec89ddfee10103d38a8ec10272fa61344324b1e64839b3ba32895c9a9460ff4282653272b5ee62300cccae8b46e6e5cdfa5421439d397abfdb8c79861be7e85f0ddd1a9178209ab16896d25e3ca065e0311bc16f1e18b45118845f7dc76651bfb79cda1cb256d20f4810ceff3d82ea564336b339beba424ec897d1ea1c8b1f5bb0ec4b0bd75730beec530904aa8d41abb88d920f901e8df32dfd31990d6e210818246e427709365e4e996b364dffaa5143e618e8f9ef81ed7ce31e21c7cc56d02efa80b89c7ebb323dd2a7ea27f8c688b827e862416b004dd9dea2ce8fc12efbd29e24683852384abd1e53ee5d0e6e2b667936c88440a30988bbd393b5df16448c62d5c39d118666bfe2c4ade45edcaaab73dbfb6be7e21e7aed47fe138d2b9eacd04a1bed8423fd6fae2aa0b965fa964d170199727791f8c6adb9e38775db1a890d8a4cd326f0401f9d2cede38b337fb8c6cc31b3d2a409e3cfab9,gx-no-cache=1491313023078 HTTP/1.1" 200 30
186.79.125.97 - - [04/Apr/2017:10:35:51 -0300] "POST /cormun/servlet/solicitudot?gx-no-cache=1491313023184 HTTP/1.1" 200 30
186.79.125.97 - - [04/Apr/2017:10:35:51 -0300] "POST /cormun/servlet/solicitudot?gx-no-cache=1491313023338 HTTP/1.1" 200 1285
186.79.125.97 - - [04/Apr/2017:10:35:52 -0300] "POST /cormun/servlet/solicitudot?gx-no-cache=1491313023607 HTTP/1.1" 200 38
186.79.125.97 - - [04/Apr/2017:10:35:52 -0300] "POST /cormun/servlet/solicitudot?gx-no-cache=1491313023732 HTTP/1.1" 200 1273
186.79.125.97 - - [04/Apr/2017:10:35:52 -0300] "POST /cormun/servlet/solicitudot?gx-no-cache=1491313024014 HTTP/1.1" 200 1157
192.168.10.4 - - [04/Apr/2017:10:35:56 -0300] "GET /cormun/servlet/hlogin HTTP/1.1" 200 1731
192.168.10.4 - - [04/Apr/2017:10:35:57 -0300] "GET /cormun/static/gxtimezone.js?85251 HTTP/1.1" 200 5781
192.168.10.4 - - [04/Apr/2017:10:35:57 -0300] "GET /cormun/static/Resources/Spanish/PXTools.css?11294912 HTTP/1.1" 200 89042
192.168.10.4 - - [04/Apr/2017:10:35:57 -0300] "GET /cormun/static/gxcfg.js?201731711485472 HTTP/1.1" 200 953
192.168.10.4 - - [04/Apr/2017:10:36:00 -0300] "GET /cormun/static/messages.spa.js?85251 HTTP/1.1" 200 30736
192.168.10.4 - - [04/Apr/2017:10:36:01 -0300] "GET /cormun/static/hlogin.js?201731711485490 HTTP/1.1" 200 2136
192.168.10.4 - - [04/Apr/2017:10:36:01 -0300] "GET /cormun/static/Resources/ComunLogin.png HTTP/1.1" 200 17326
192.168.10.4 - - [04/Apr/2017:10:36:02 -0300] "GET /cormun/static/gxgral.js?85251 HTTP/1.1" 200 384558
192.168.10.4 - - [04/Apr/2017:10:36:07 -0300] "GET /cormun/static/Resources/PXToolsLoginBackground.png HTTP/1.1" 200 1164
192.168.10.4 - - [04/Apr/2017:10:36:07 -0300] "GET /cormun/static/Resources/PXToolsLoginTop.png HTTP/1.1" 200 1337
192.168.10.4 - - [04/Apr/2017:10:36:08 -0300] "GET /cormun/static/Resources/PXToolsButtonRight21.png HTTP/1.1" 200 1283
192.168.10.4 - - [04/Apr/2017:10:36:08 -0300] "GET /cormun/static/Resources/PXToolsButtonBackground2.png HTTP/1.1" 200 1181
192.168.10.4 - - [04/Apr/2017:10:36:08 -0300] "GET /cormun/static/Resources/PXToolsButtonLeft21.png HTTP/1.1" 200 1287
192.168.10.4 - - [04/Apr/2017:10:36:08 -0300] "GET /cormun/static/Resources/PXToolsLoginBottom.png HTTP/1.1" 200 1389
192.168.10.4 - - [04/Apr/2017:10:36:09 -0300] "GET /cormun/static/Resources/indicator.gif HTTP/1.1" 200 1553
192.168.10.4 - - [04/Apr/2017:10:36:09 -0300] "GET /cormun/servlet/hlogin HTTP/1.1" 200 1735
192.168.10.4 - - [04/Apr/2017:10:36:10 -0300] "GET /favicon.ico HTTP/1.1" 200 21630
192.168.10.60 - - [04/Apr/2017:10:36:21 -0300] "POST /cormun/servlet/trautorizarot?7a28d0921c286878682fc0854b282941,,gx-no-cache=1491312214839 HTTP/1.1" 200 22221
192.168.10.13 - - [04/Apr/2017:10:36:25 -0300] "GET / HTTP/1.1" 200 11217
186.79.125.97 - - [04/Apr/2017:10:36:43 -0300] "GET /cormun/servlet/solicitudot?fe1c9b2d744300e0b98a745f7b77e27cd18456e5a117aae80f7cfce08da077d04be18342154a54ba8c80ada0c550f597522765073fb06380bffc1bd1d8712489e032737808d7fb7eb3a57bf9fb1a46149c381dab5b80103e8d1a18ea83084917b5044af00c3aa2defcbbb155c8d59dc3e554b9f4e93858dfc292a1c97201bae8c1ab1e51e97d48434999a05bfc03aa82c3bb3aa502a1f0b40296979a1832df93ad714939c2d6419cac4723e04a01c06f,gx-no-cache=1491313075044 HTTP/1.1" 200 30
192.168.10.60 - - [04/Apr/2017:10:36:45 -0300] "POST /cormun/servlet/trautorizarot?7a28d0921c286878682fc0854b282941,,gx-no-cache=1491312239170 HTTP/1.1" 200 19659
192.168.10.60 - - [04/Apr/2017:10:37:15 -0300] "POST /cormun/servlet/trautorizarot?7a28d0921c286878682fc0854b282941,,gx-no-cache=1491312268811 HTTP/1.1" 200 15589
186.79.125.97 - - [04/Apr/2017:10:37:22 -0300] "POST /cormun/servlet/solicitudot?391f7348ac5de5498fedf378a9686f51,INS,0,0,,gx-no-cache=1491313113862 HTTP/1.1" 200 93
186.79.125.97 - - [04/Apr/2017:10:37:23 -0300] "GET /cormun/servlet/hpexe_return? HTTP/1.1" 200 1007
186.79.125.97 - - [04/Apr/2017:10:37:23 -0300] "GET /cormun/servlet/trsolicitudot? HTTP/1.1" 200 9499
186.79.125.97 - - [04/Apr/2017:10:37:24 -0300] "GET /cormun/servlet/trsolicitudot? HTTP/1.1" 200 9495
192.168.10.4 - - [04/Apr/2017:10:37:24 -0300] "POST /cormun/servlet/hlogin?7a23dd213a8e36150581a56b889725b9,gx-no-cache=1491313110917 HTTP/1.1" 200 449
192.168.10.13 - - [04/Apr/2017:10:37:25 -0300] "GET / HTTP/1.1" 200 11217
186.79.125.97 - - [04/Apr/2017:10:37:31 -0300] "POST /cormun/servlet/trsolicitudot?391f7348ac5de5498fedf378a9686f51,,gx-no-cache=1491313121740 HTTP/1.1" 200 6423
186.79.125.97 - - [04/Apr/2017:10:37:31 -0300] "GET /cormun/static/Shared/jqueryui/images/ui-bg_highlight-soft_100_c6c2c8_1x100.png HTTP/1.1" 404 1117
186.79.125.97 - - [04/Apr/2017:10:37:31 -0300] "GET /cormun/static/Shared/jqueryui/images/ui-icons_8d78a5_256x240.png HTTP/1.1" 404 1089
186.79.125.97 - - [04/Apr/2017:10:37:31 -0300] "GET /cormun/static/Shared/jqueryui/images/ui-icons_82798d_256x240.png HTTP/1.1" 404 1089
186.79.125.97 - - [04/Apr/2017:10:37:31 -0300] "GET /cormun/static/Shared/jqueryui/images/ui-bg_flat_55_fafafa_40x100.png HTTP/1.1" 404 1097
186.79.125.97 - - [04/Apr/2017:10:37:31 -0300] "POST /cormun/servlet/trsolicitudot?391f7348ac5de5498fedf378a9686f51,,gx-no-cache=1491313122829 HTTP/1.1" 200 6364
192.168.10.4 - - [04/Apr/2017:10:37:34 -0300] "POST /cormun/servlet/hlogin?7a23dd213a8e36150581a56b889725b9,gx-no-cache=1491313120511 HTTP/1.1" 200 449
192.168.10.60 - - [04/Apr/2017:10:37:38 -0300] "POST /cormun/servlet/trautorizarot?7a28d0921c286878682fc0854b282941,,gx-no-cache=1491312291575 HTTP/1.1" 200 11909
192.168.10.4 - - [04/Apr/2017:10:37:52 -0300] "POST /cormun/servlet/hlogin?7a23dd213a8e36150581a56b889725b9,gx-no-cache=1491313138265 HTTP/1.1" 200 449
192.168.10.4 - - [04/Apr/2017:10:37:52 -0300] "POST /cormun/servlet/hlogin?7a23dd213a8e36150581a56b889725b9,gx-no-cache=1491313138514 HTTP/1.1" 200 447
192.168.10.60 - - [04/Apr/2017:10:37:58 -0300] "POST /cormun/servlet/trautorizarot?7a28d0921c286878682fc0854b282941,,gx-no-cache=1491312311766 HTTP/1.1" 200 11609
192.168.10.4 - - [04/Apr/2017:10:38:05 -0300] "POST /cormun/servlet/hlogin?7a23dd213a8e36150581a56b889725b9,gx-no-cache=1491313151766 HTTP/1.1" 200 449
192.168.10.4 - - [04/Apr/2017:10:38:24 -0300] "POST /cormun/servlet/hlogin?7a23dd213a8e36150581a56b889725b9,gx-no-cache=1491313170720 HTTP/1.1" 200 449
192.168.10.13 - - [04/Apr/2017:10:38:25 -0300] "GET / HTTP/1.1" 200 11217
192.168.10.4 - - [04/Apr/2017:10:38:32 -0300] "POST /cormun/servlet/hlogin?7a23dd213a8e36150581a56b889725b9,gx-no-cache=1491313178722 HTTP/1.1" 200 449
186.103.159.44 - - [04/Apr/2017:10:38:35 -0300] "GET /cormun/servlet/hlogin HTTP/1.1" 200 1724
186.103.159.44 - - [04/Apr/2017:10:38:36 -0300] "GET /cormun/static/gxcfg.js?201731711485472 HTTP/1.1" 304 -
192.168.10.60 - - [04/Apr/2017:10:38:46 -0300] "POST /cormun/servlet/trautorizarot?7a28d0921c286878682fc0854b282941,,gx-no-cache=1491312360076 HTTP/1.1" 200 6681
192.168.10.4 - - [04/Apr/2017:10:38:48 -0300] "POST /cormun/servlet/hlogin?7a23dd213a8e36150581a56b889725b9,gx-no-cache=1491313194803 HTTP/1.1" 200 449
186.103.157.235 - - [04/Apr/2017:10:38:51 -0300] "GET /cormun/servlet/licenciaspermisos?28500116867c4e9c4c50cd52d83c97eb3180a1ed4c9d997fb4ec46f181e0ee066aee1a13cd336433131506cab15457f643a67ec768d4a865cf110acc69e82c3dc56ea4f4b676c3b90a5f2df9b3c36bff88b41ecb4116a2b6e55471590a14f19a1fd03e75db35a81925e46f1d19445f80f850a66e2a6655f9127a5dda95ccdd42d0ec48334711d05efd05f25d71a9bc94579acd69cd6494ffcc6f977d7d9e9b3624c0f0740acdba70a694a55c208bd1fd8e475eca2f96bc160b116aa610421369433a044b42408283cc9d7b7ebb5d7e67633aa8fec66e3c36d909911e8821bd75,gx-no-cache=1491313200210 HTTP/1.1" 200 30
186.103.157.235 - - [04/Apr/2017:10:38:51 -0300] "GET /cormun/servlet/licenciaspermisos?28500116867c4e9c4c50cd52d83c97eb5378224aae60848b38ca5f1d2852a2f4dc88f006757b19e82abc699c2369e7143faae476b1ff4b85f1316a1c1b722d24010804cb57a5c0233887bff1cd3e5fe4aba962b524eec34db1a150d4c83d085a1d8fd7c93f44c6631dd607b650322fdd0a3f3f52f43293f870342898a75f64bec470ace2824b8b3109f950365750f11702b1db77f40392b1d7c6f19c8fecbdac05321b9cdea3f41bf3e02e72b61f3d4d4df8791932187b6150ed8fd4685ef1e6911ec8b7f5e3b9621995efc0b88a8b41035fa03d2d1d3df70625b1c22f574e69,gx-no-cache=1491313200270 HTTP/1.1" 200 29
186.103.157.235 - - [04/Apr/2017:10:38:51 -0300] "POST /cormun/servlet/licenciaspermisos?98672d3bf247f01d8703a08d5788bea2,INS,0,,,,gx-no-cache=1491313200300 HTTP/1.1" 200 4803
192.168.10.60 - - [04/Apr/2017:10:38:52 -0300] "POST /cormun/servlet/trautorizarot?7a28d0921c286878682fc0854b282941,,gx-no-cache=1491312365929 HTTP/1.1" 200 5172
186.103.159.44 - - [04/Apr/2017:10:39:10 -0300] "GET /cormun/servlet/hlogin HTTP/1.1" 200 1724
186.103.157.235 - - [04/Apr/2017:10:39:15 -0300] "GET /cormun/servlet/licenciaspermisos?28500116867c4e9c4c50cd52d83c97eb3180a1ed4c9d997fb4ec46f181e0ee066aee1a13cd336433131506cab15457f643a67ec768d4a865cf110acc69e82c3dc56ea4f4b676c3b90a5f2df9b3c36bff88b41ecb4116a2b6e55471590a14f19a1fd03e75db35a81925e46f1d19445f80f850a66e2a6655f9127a5dda95ccdd42d0ec48334711d05efd05f25d71a9bc94579acd69cd6494ffcc6f977d7d9e9b3624c0f0740acdba70a694a55c208bd1fd8e475eca2f96bc160b116aa610421369433a044b42408283cc9d7b7ebb5d7e67633aa8fec66e3c36d909911e8821bd75,gx-no-cache=1491313224760 HTTP/1.1" 200 30
186.103.157.235 - - [04/Apr/2017:10:39:15 -0300] "GET /cormun/servlet/licenciaspermisos?28500116867c4e9c4c50cd52d83c97eb5378224aae60848b38ca5f1d2852a2f4dc88f006757b19e82abc699c2369e7143faae476b1ff4b85f1316a1c1b722d24010804cb57a5c0233887bff1cd3e5fe4aba962b524eec34db1a150d4c83d085a1d8fd7c93f44c6631dd607b650322fdd0a3f3f52f43293f870342898a75f64bec470ace2824b8b3109f950365750f11702b1db77f40392b1d7c6f19c8fecbdac05321b9cdea3f41bf3e02e72b61f3d4d4df8791932187b6150ed8fd4685ef1e6911ec8b7f5e3b9621995efc0b88a8b41035fa03d2d1d3df70625b1c22f574e69,gx-no-cache=1491313224799 HTTP/1.1" 200 29
186.103.157.235 - - [04/Apr/2017:10:39:17 -0300] "POST /cormun/servlet/licenciaspermisos?98672d3bf247f01d8703a08d5788bea2,INS,0,,,,gx-no-cache=1491313224824 HTTP/1.1" 200 93
186.103.157.235 - - [04/Apr/2017:10:39:17 -0300] "GET /cormun/servlet/hpexe_return? HTTP/1.1" 200 1016
186.103.157.235 - - [04/Apr/2017:10:39:17 -0300] "GET /cormun/servlet/trlicencias? HTTP/1.1" 200 8025
186.103.157.235 - - [04/Apr/2017:10:39:18 -0300] "GET /cormun/servlet/trlicencias? HTTP/1.1" 200 8021
186.103.159.44 - - [04/Apr/2017:10:39:22 -0300] "POST /cormun/servlet/hlogin?b8b47f4fb104348b7e3139217ca4d47b,gx-no-cache=1491313225937 HTTP/1.1" 200 90
186.103.159.44 - - [04/Apr/2017:10:39:22 -0300] "GET /cormun/servlet/hpexe_link HTTP/1.1" 200 954
186.103.159.44 - - [04/Apr/2017:10:39:22 -0300] "GET /cormun/static/gxcfg.js?201731711483381 HTTP/1.1" 304 -
186.103.159.44 - - [04/Apr/2017:10:39:23 -0300] "GET /cormun/servlet/hhome HTTP/1.1" 200 3783
186.103.159.44 - - [04/Apr/2017:10:39:23 -0300] "GET /cormun/static/gxcfg.js?201731711483497 HTTP/1.1" 304 -
192.168.10.13 - - [04/Apr/2017:10:39:25 -0300] "GET / HTTP/1.1" 200 11217
186.103.159.44 - - [04/Apr/2017:10:39:28 -0300] "GET /cormun/servlet/trsolicitudot? HTTP/1.1" 200 7997
186.103.159.44 - - [04/Apr/2017:10:39:28 -0300] "GET /cormun/static/gxcfg.js?201731711505139 HTTP/1.1" 304 -
192.168.10.4 - - [04/Apr/2017:10:39:34 -0300] "POST /cormun/servlet/hlogin?7a23dd213a8e36150581a56b889725b9,gx-no-cache=1491313240294 HTTP/1.1" 200 449
186.103.159.44 - - [04/Apr/2017:10:39:41 -0300] "POST /cormun/servlet/trsolicitudot?b8b47f4fb104348b7e3139217ca4d47b,,gx-no-cache=1491313245230 HTTP/1.1" 200 5425
186.103.159.44 - - [04/Apr/2017:10:39:42 -0300] "GET /cormun/static/Shared/jqueryui/images/ui-icons_8d78a5_256x240.png HTTP/1.1" 404 1089
186.103.159.44 - - [04/Apr/2017:10:39:42 -0300] "GET /cormun/static/Shared/jqueryui/images/ui-bg_flat_55_fafafa_40x100.png HTTP/1.1" 404 1097
186.103.159.44 - - [04/Apr/2017:10:39:42 -0300] "GET /cormun/static/Shared/jqueryui/images/ui-icons_82798d_256x240.png HTTP/1.1" 404 1089
186.103.159.44 - - [04/Apr/2017:10:39:42 -0300] "GET /cormun/static/Shared/jqueryui/images/ui-bg_highlight-soft_100_c6c2c8_1x100.png HTTP/1.1" 404 1117
192.168.10.4 - - [04/Apr/2017:10:39:46 -0300] "POST /cormun/servlet/hlogin?7a23dd213a8e36150581a56b889725b9,gx-no-cache=1491313252204 HTTP/1.1" 200 449
186.103.159.44 - - [04/Apr/2017:10:39:48 -0300] "POST /cormun/servlet/trsolicitudot?b8b47f4fb104348b7e3139217ca4d47b,,gx-no-cache=1491313252368 HTTP/1.1" 200 107
186.103.159.44 - - [04/Apr/2017:10:39:49 -0300] "GET /cormun/servlet/trsolicitudadjuntos?2017,5832, HTTP/1.1" 200 5887
186.103.159.44 - - [04/Apr/2017:10:39:49 -0300] "GET /cormun/static/gxcfg.js?201731711504543 HTTP/1.1" 304 -
186.103.159.44 - - [04/Apr/2017:10:39:49 -0300] "GET /cormun/static/trsolicitudadjuntos.js?201731711504951 HTTP/1.1" 304 -
186.103.159.44 - - [04/Apr/2017:10:39:52 -0300] "GET /cormun/servlet/solicitudotadjuntos?INS,2017,5832,,1, HTTP/1.1" 200 5823
186.103.159.44 - - [04/Apr/2017:10:39:52 -0300] "GET /cormun/static/gxcfg.js?201612218465951 HTTP/1.1" 304 -
186.103.159.44 - - [04/Apr/2017:10:39:52 -0300] "GET /cormun/static/solicitudotadjuntos.js?201612218465969 HTTP/1.1" 304 -
186.103.159.44 - - [04/Apr/2017:10:39:53 -0300] "HEAD /cormun/static/about:blank HTTP/1.1" 404 -
186.103.159.44 - - [04/Apr/2017:10:39:54 -0300] "GET /cormun/servlet/solicitudotadjuntos?a6ab34a80fad46824d05ec967034c4da7d63acce4f962dac65d3b76e05c8618dae5e95531b19bc3d27fb7a20f8d6772d,gx-no-cache=1491313257909 HTTP/1.1" 200 30
186.103.159.44 - - [04/Apr/2017:10:39:54 -0300] "POST /cormun/servlet/solicitudotadjuntos?b8b47f4fb104348b7e3139217ca4d47b,INS,2017,5832,,1,,gx-no-cache=1491313257991 HTTP/1.1" 200 3642
186.103.159.44 - - [04/Apr/2017:10:39:56 -0300] "POST /cormun/servlet/solicitudotadjuntos?gx-no-cache=1491313260447 HTTP/1.1" 200 26
192.168.10.13 - - [04/Apr/2017:10:40:25 -0300] "GET / HTTP/1.1" 200 11217
186.103.159.44 - - [04/Apr/2017:10:40:30 -0300] "GET /cormun/servlet/solicitudotadjuntos?a6ab34a80fad46824d05ec967034c4da92b8634284612407d45b71d803b161cf,gx-no-cache=1491313293923 HTTP/1.1" 200 30
186.103.159.44 - - [04/Apr/2017:10:40:30 -0300] "GET /cormun/servlet/solicitudotadjuntos?a6ab34a80fad46824d05ec967034c4da92b8634284612407d45b71d803b161cf,gx-no-cache=1491313293969 HTTP/1.1" 200 30
186.103.159.44 - - [04/Apr/2017:10:40:30 -0300] "POST /cormun/servlet/solicitudotadjuntos?b8b47f4fb104348b7e3139217ca4d47b,INS,2017,5832,,1, HTTP/1.1" 200 116
186.103.159.44 - - [04/Apr/2017:10:40:31 -0300] "GET /cormun/servlet/hpexe_return? HTTP/1.1" 200 1027
186.103.159.44 - - [04/Apr/2017:10:40:31 -0300] "GET /cormun/static/gxcfg.js?2016101716175148 HTTP/1.1" 304 -
186.103.159.44 - - [04/Apr/2017:10:40:31 -0300] "GET /cormun/servlet/trsolicitudadjuntos?2017,5832, HTTP/1.1" 200 8049
186.103.159.44 - - [04/Apr/2017:10:40:41 -0300] "GET /cormun/servlet/solicitudotadjuntos?INS,2017,5832,,1, HTTP/1.1" 200 5822
186.103.159.44 - - [04/Apr/2017:10:40:42 -0300] "HEAD /cormun/static/about:blank HTTP/1.1" 404 -
186.103.159.44 - - [04/Apr/2017:10:40:43 -0300] "GET /cormun/servlet/solicitudotadjuntos?a6ab34a80fad46824d05ec967034c4da7d63acce4f962dac65d3b76e05c8618dae5e95531b19bc3d27fb7a20f8d6772d,gx-no-cache=1491313306837 HTTP/1.1" 200 30
186.103.159.44 - - [04/Apr/2017:10:40:43 -0300] "POST /cormun/servlet/solicitudotadjuntos?b8b47f4fb104348b7e3139217ca4d47b,INS,2017,5832,,1,,gx-no-cache=1491313307015 HTTP/1.1" 200 3642
192.168.10.62 - - [04/Apr/2017:10:40:47 -0300] "POST /cormun/servlet/trsolicitudgral?538d5ff8f3de6035bbc45c61c6aaf07a,,gx-no-cache=1491316524527 HTTP/1.1" 440 972
192.168.10.62 - - [04/Apr/2017:10:40:49 -0300] "GET /cormun/servlet/trsolicitudgral? HTTP/1.1" 200 24209
192.168.10.62 - - [04/Apr/2017:10:40:50 -0300] "GET /cormun/servlet/hlogin HTTP/1.1" 200 1745
192.168.10.62 - - [04/Apr/2017:10:40:50 -0300] "GET /cormun/servlet/trsolicitudgral? HTTP/1.1" 200 24209
192.168.10.13 - - [04/Apr/2017:10:41:25 -0300] "GET / HTTP/1.1" 200 11217
192.168.10.62 - - [04/Apr/2017:10:42:12 -0300] "POST /cormun/servlet/hlogin?c4aa409afb83b0091a451e1d9dc960d1,gx-no-cache=1491316609043 HTTP/1.1" 200 90
192.168.10.62 - - [04/Apr/2017:10:42:12 -0300] "GET /cormun/servlet/hpexe_link HTTP/1.1" 200 961
192.168.10.62 - - [04/Apr/2017:10:42:12 -0300] "GET /cormun/servlet/trsolicitudgral HTTP/1.1" 200 14139
192.168.10.62 - - [04/Apr/2017:10:42:13 -0300] "GET /cormun/servlet/trsolicitudgral HTTP/1.1" 200 14137
192.168.10.62 - - [04/Apr/2017:10:42:16 -0300] "GET /cormun/servlet/trconsultaempleado? HTTP/1.1" 200 9023
192.168.10.62 - - [04/Apr/2017:10:42:17 -0300] "GET /cormun/servlet/trconsultaempleado? HTTP/1.1" 200 9023
192.168.10.13 - - [04/Apr/2017:10:42:25 -0300] "GET / HTTP/1.1" 200 11217
192.168.10.62 - - [04/Apr/2017:10:42:47 -0300] "POST /cormun/servlet/trconsultaempleado?c4aa409afb83b0091a451e1d9dc960d1,,gx-no-cache=1491316644558 HTTP/1.1" 200 3763
192.168.10.62 - - [04/Apr/2017:10:42:52 -0300] "GET /cormun/servlet/trsolicitudgral? HTTP/1.1" 200 14138
192.168.10.62 - - [04/Apr/2017:10:42:53 -0300] "GET /cormun/servlet/trsolicitudgral? HTTP/1.1" 200 14137
186.103.159.44 - - [04/Apr/2017:10:43:00 -0300] "POST /cormun/servlet/solicitudotadjuntos?gx-no-cache=1491313444131 HTTP/1.1" 200 26
192.168.10.62 - - [04/Apr/2017:10:43:04 -0300] "POST /cormun/servlet/trsolicitudgral?c4aa409afb83b0091a451e1d9dc960d1,,gx-no-cache=1491316661856 HTTP/1.1" 200 4730
186.103.159.44 - - [04/Apr/2017:10:43:06 -0300] "GET /cormun/servlet/solicitudotadjuntos?a6ab34a80fad46824d05ec967034c4da92b8634284612407d45b71d803b161cf,gx-no-cache=1491313450306 HTTP/1.1" 200 30
186.103.159.44 - - [04/Apr/2017:10:43:06 -0300] "GET /cormun/servlet/solicitudotadjuntos?a6ab34a80fad46824d05ec967034c4da92b8634284612407d45b71d803b161cf,gx-no-cache=1491313450351 HTTP/1.1" 200 30
186.103.159.44 - - [04/Apr/2017:10:43:08 -0300] "POST /cormun/servlet/solicitudotadjuntos?b8b47f4fb104348b7e3139217ca4d47b,INS,2017,5832,,1, HTTP/1.1" 200 116
186.103.159.44 - - [04/Apr/2017:10:43:08 -0300] "GET /cormun/servlet/hpexe_return? HTTP/1.1" 200 1027
186.103.159.44 - - [04/Apr/2017:10:43:09 -0300] "GET /cormun/servlet/trsolicitudadjuntos?2017,5832, HTTP/1.1" 200 8272
186.103.159.44 - - [04/Apr/2017:10:43:12 -0300] "GET /cormun/servlet/solicitudotadjuntos?INS,2017,5832,,1, HTTP/1.1" 200 5823
186.103.159.44 - - [04/Apr/2017:10:43:13 -0300] "HEAD /cormun/static/about:blank HTTP/1.1" 404 -
186.103.159.44 - - [04/Apr/2017:10:43:14 -0300] "GET /cormun/servlet/solicitudotadjuntos?a6ab34a80fad46824d05ec967034c4da7d63acce4f962dac65d3b76e05c8618dae5e95531b19bc3d27fb7a20f8d6772d,gx-no-cache=1491313457889 HTTP/1.1" 200 30
186.103.159.44 - - [04/Apr/2017:10:43:14 -0300] "POST /cormun/servlet/solicitudotadjuntos?b8b47f4fb104348b7e3139217ca4d47b,INS,2017,5832,,1,,gx-no-cache=1491313457989 HTTP/1.1" 200 3642
186.103.159.44 - - [04/Apr/2017:10:43:17 -0300] "POST /cormun/servlet/solicitudotadjuntos?gx-no-cache=1491313460698 HTTP/1.1" 200 26
192.168.10.13 - - [04/Apr/2017:10:43:25 -0300] "GET / HTTP/1.1" 200 11217
192.168.10.62 - - [04/Apr/2017:10:43:29 -0300] "POST /cormun/servlet/trsolicitudgral?c4aa409afb83b0091a451e1d9dc960d1,,gx-no-cache=1491316686444 HTTP/1.1" 200 4730
192.168.10.62 - - [04/Apr/2017:10:43:29 -0300] "POST /cormun/servlet/trsolicitudgral?c4aa409afb83b0091a451e1d9dc960d1,,gx-no-cache=1491316686844 HTTP/1.1" 200 4728
192.168.10.62 - - [04/Apr/2017:10:43:31 -0300] "POST /cormun/servlet/trsolicitudgral?c4aa409afb83b0091a451e1d9dc960d1,,gx-no-cache=1491316688771 HTTP/1.1" 200 4730
192.168.10.62 - - [04/Apr/2017:10:43:34 -0300] "POST /cormun/servlet/trsolicitudgral?c4aa409afb83b0091a451e1d9dc960d1,,gx-no-cache=1491316691645 HTTP/1.1" 200 4730
192.168.10.62 - - [04/Apr/2017:10:43:38 -0300] "POST /cormun/servlet/trsolicitudgral?c4aa409afb83b0091a451e1d9dc960d1,,gx-no-cache=1491316695650 HTTP/1.1" 200 10967
186.103.159.44 - - [04/Apr/2017:10:43:54 -0300] "GET /cormun/servlet/solicitudotadjuntos?a6ab34a80fad46824d05ec967034c4da92b8634284612407d45b71d803b161cf,gx-no-cache=1491313498282 HTTP/1.1" 200 30
186.103.159.44 - - [04/Apr/2017:10:43:54 -0300] "GET /cormun/servlet/solicitudotadjuntos?a6ab34a80fad46824d05ec967034c4da92b8634284612407d45b71d803b161cf,gx-no-cache=1491313498334 HTTP/1.1" 200 30
186.103.159.44 - - [04/Apr/2017:10:43:55 -0300] "POST /cormun/servlet/solicitudotadjuntos?b8b47f4fb104348b7e3139217ca4d47b,INS,2017,5832,,1, HTTP/1.1" 200 116
186.103.159.44 - - [04/Apr/2017:10:43:55 -0300] "GET /cormun/servlet/hpexe_return? HTTP/1.1" 200 1027
186.103.159.44 - - [04/Apr/2017:10:43:56 -0300] "GET /cormun/servlet/trsolicitudadjuntos?2017,5832, HTTP/1.1" 200 8426
186.103.159.44 - - [04/Apr/2017:10:44:01 -0300] "GET /cormun/servlet/solicitudotadjuntos?INS,2017,5832,,1, HTTP/1.1" 200 5823
186.103.159.44 - - [04/Apr/2017:10:44:02 -0300] "HEAD /cormun/static/about:blank HTTP/1.1" 404 -
186.103.159.44 - - [04/Apr/2017:10:44:03 -0300] "GET /cormun/servlet/solicitudotadjuntos?a6ab34a80fad46824d05ec967034c4da7d63acce4f962dac65d3b76e05c8618dae5e95531b19bc3d27fb7a20f8d6772d,gx-no-cache=1491313506948 HTTP/1.1" 200 30
186.103.159.44 - - [04/Apr/2017:10:44:03 -0300] "POST /cormun/servlet/solicitudotadjuntos?b8b47f4fb104348b7e3139217ca4d47b,INS,2017,5832,,1,,gx-no-cache=1491313507048 HTTP/1.1" 200 3642
186.103.159.44 - - [04/Apr/2017:10:44:06 -0300] "POST /cormun/servlet/solicitudotadjuntos?gx-no-cache=1491313510018 HTTP/1.1" 200 26
186.103.159.44 - - [04/Apr/2017:10:44:11 -0300] "GET /cormun/servlet/solicitudotadjuntos?a6ab34a80fad46824d05ec967034c4da92b8634284612407d45b71d803b161cf,gx-no-cache=1491313515181 HTTP/1.1" 200 30
186.103.159.44 - - [04/Apr/2017:10:44:11 -0300] "GET /cormun/servlet/solicitudotadjuntos?a6ab34a80fad46824d05ec967034c4da92b8634284612407d45b71d803b161cf,gx-no-cache=1491313515241 HTTP/1.1" 200 30
186.103.159.44 - - [04/Apr/2017:10:44:13 -0300] "POST /cormun/servlet/solicitudotadjuntos?b8b47f4fb104348b7e3139217ca4d47b,INS,2017,5832,,1, HTTP/1.1" 200 116
186.103.159.44 - - [04/Apr/2017:10:44:13 -0300] "GET /cormun/servlet/hpexe_return? HTTP/1.1" 200 1027
186.103.159.44 - - [04/Apr/2017:10:44:13 -0300] "GET /cormun/servlet/trsolicitudadjuntos?2017,5832, HTTP/1.1" 200 8566
186.103.159.44 - - [04/Apr/2017:10:44:22 -0300] "GET /cormun/servlet/solicitudotadjuntos?INS,2017,5832,,1, HTTP/1.1" 200 5823
186.103.159.44 - - [04/Apr/2017:10:44:23 -0300] "HEAD /cormun/static/about:blank HTTP/1.1" 404 -
186.103.159.44 - - [04/Apr/2017:10:44:24 -0300] "GET /cormun/servlet/solicitudotadjuntos?a6ab34a80fad46824d05ec967034c4da7d63acce4f962dac65d3b76e05c8618dae5e95531b19bc3d27fb7a20f8d6772d,gx-no-cache=1491313527834 HTTP/1.1" 200 30
186.103.159.44 - - [04/Apr/2017:10:44:24 -0300] "POST /cormun/servlet/solicitudotadjuntos?b8b47f4fb104348b7e3139217ca4d47b,INS,2017,5832,,1,,gx-no-cache=1491313527931 HTTP/1.1" 200 3642
192.168.10.13 - - [04/Apr/2017:10:44:25 -0300] "GET / HTTP/1.1" 200 11217
186.103.159.44 - - [04/Apr/2017:10:44:27 -0300] "POST /cormun/servlet/solicitudotadjuntos?gx-no-cache=1491313531401 HTTP/1.1" 200 26
186.103.159.44 - - [04/Apr/2017:10:44:37 -0300] "GET /cormun/servlet/solicitudotadjuntos?a6ab34a80fad46824d05ec967034c4da92b8634284612407d45b71d803b161cf,gx-no-cache=1491313541113 HTTP/1.1" 200 30
186.103.159.44 - - [04/Apr/2017:10:44:37 -0300] "GET /cormun/servlet/solicitudotadjuntos?a6ab34a80fad46824d05ec967034c4da92b8634284612407d45b71d803b161cf,gx-no-cache=1491313541172 HTTP/1.1" 200 30
186.103.159.44 - - [04/Apr/2017:10:44:41 -0300] "POST /cormun/servlet/solicitudotadjuntos?b8b47f4fb104348b7e3139217ca4d47b,INS,2017,5832,,1, HTTP/1.1" 200 116
186.103.159.44 - - [04/Apr/2017:10:44:41 -0300] "GET /cormun/servlet/hpexe_return? HTTP/1.1" 200 1027
186.103.159.44 - - [04/Apr/2017:10:44:42 -0300] "GET /cormun/servlet/trsolicitudadjuntos?2017,5832, HTTP/1.1" 200 8735
186.103.159.44 - - [04/Apr/2017:10:44:47 -0300] "GET /cormun/servlet/solicitudotadjuntos?INS,2017,5832,,1, HTTP/1.1" 200 5823
186.103.159.44 - - [04/Apr/2017:10:44:47 -0300] "HEAD /cormun/static/about:blank HTTP/1.1" 404 -
186.103.159.44 - - [04/Apr/2017:10:44:49 -0300] "GET /cormun/servlet/solicitudotadjuntos?a6ab34a80fad46824d05ec967034c4da7d63acce4f962dac65d3b76e05c8618dae5e95531b19bc3d27fb7a20f8d6772d,gx-no-cache=1491313552632 HTTP/1.1" 200 30
186.103.159.44 - - [04/Apr/2017:10:44:49 -0300] "POST /cormun/servlet/solicitudotadjuntos?b8b47f4fb104348b7e3139217ca4d47b,INS,2017,5832,,1,,gx-no-cache=1491313552705 HTTP/1.1" 200 3643
186.103.159.44 - - [04/Apr/2017:10:44:52 -0300] "POST /cormun/servlet/solicitudotadjuntos?gx-no-cache=1491313555559 HTTP/1.1" 200 26
186.103.159.44 - - [04/Apr/2017:10:44:57 -0300] "GET /cormun/servlet/solicitudotadjuntos?a6ab34a80fad46824d05ec967034c4da92b8634284612407d45b71d803b161cf,gx-no-cache=1491313561015 HTTP/1.1" 200 30
186.103.159.44 - - [04/Apr/2017:10:44:57 -0300] "GET /cormun/servlet/solicitudotadjuntos?a6ab34a80fad46824d05ec967034c4da92b8634284612407d45b71d803b161cf,gx-no-cache=1491313561094 HTTP/1.1" 200 30
186.103.159.44 - - [04/Apr/2017:10:45:15 -0300] "POST /cormun/servlet/solicitudotadjuntos?b8b47f4fb104348b7e3139217ca4d47b,INS,2017,5832,,1, HTTP/1.1" 200 116
186.103.159.44 - - [04/Apr/2017:10:45:15 -0300] "GET /cormun/servlet/hpexe_return? HTTP/1.1" 200 1027
186.103.159.44 - - [04/Apr/2017:10:45:16 -0300] "GET /cormun/servlet/trsolicitudadjuntos?2017,5832, HTTP/1.1" 200 8976
186.103.159.44 - - [04/Apr/2017:10:45:20 -0300] "GET /cormun/servlet/solicitudotadjuntos?INS,2017,5832,,2, HTTP/1.1" 200 5822
186.103.159.44 - - [04/Apr/2017:10:45:21 -0300] "HEAD /cormun/static/about:blank HTTP/1.1" 404 -
186.103.159.44 - - [04/Apr/2017:10:45:22 -0300] "GET /cormun/servlet/solicitudotadjuntos?a6ab34a80fad46824d05ec967034c4da7d63acce4f962dac65d3b76e05c8618dae5e95531b19bc3d27fb7a20f8d6772d,gx-no-cache=1491313585791 HTTP/1.1" 200 30
186.103.159.44 - - [04/Apr/2017:10:45:22 -0300] "POST /cormun/servlet/solicitudotadjuntos?b8b47f4fb104348b7e3139217ca4d47b,INS,2017,5832,,2,,gx-no-cache=1491313585907 HTTP/1.1" 200 3855
192.168.10.13 - - [04/Apr/2017:10:45:25 -0300] "GET / HTTP/1.1" 200 11217
186.103.159.44 - - [04/Apr/2017:10:45:26 -0300] "POST /cormun/servlet/solicitudotadjuntos?gx-no-cache=1491313589587 HTTP/1.1" 200 26
192.168.10.96 - - [04/Apr/2017:10:45:31 -0300] "POST /cormun/servlet/hlogin?5f9e6b7dba86bd8c85659e131313a019,gx-no-cache=1491316808493 HTTP/1.1" 200 90
192.168.10.96 - - [04/Apr/2017:10:45:31 -0300] "GET /cormun/servlet/hpexe_link HTTP/1.1" 200 956
192.168.10.96 - - [04/Apr/2017:10:45:31 -0300] "GET /cormun/servlet/hhome HTTP/1.1" 200 4263
192.168.10.96 - - [04/Apr/2017:10:45:32 -0300] "GET /cormun/servlet/hhome HTTP/1.1" 200 4259
186.103.159.44 - - [04/Apr/2017:10:45:32 -0300] "GET /cormun/servlet/solicitudotadjuntos?a6ab34a80fad46824d05ec967034c4da92b8634284612407d45b71d803b161cf,gx-no-cache=1491313596170 HTTP/1.1" 200 30
186.103.159.44 - - [04/Apr/2017:10:45:32 -0300] "GET /cormun/servlet/solicitudotadjuntos?a6ab34a80fad46824d05ec967034c4da92b8634284612407d45b71d803b161cf,gx-no-cache=1491313596225 HTTP/1.1" 200 30
186.103.159.44 - - [04/Apr/2017:10:45:33 -0300] "POST /cormun/servlet/solicitudotadjuntos?b8b47f4fb104348b7e3139217ca4d47b,INS,2017,5832,,2, HTTP/1.1" 200 116
186.103.159.44 - - [04/Apr/2017:10:45:33 -0300] "GET /cormun/servlet/hpexe_return? HTTP/1.1" 200 1027
186.103.159.44 - - [04/Apr/2017:10:45:34 -0300] "GET /cormun/servlet/trsolicitudadjuntos?2017,5832, HTTP/1.1" 200 9196
192.168.10.4 - - [04/Apr/2017:10:45:38 -0300] "POST /cormun/servlet/hlogin?7a23dd213a8e36150581a56b889725b9,gx-no-cache=1491313604175 HTTP/1.1" 200 449
192.168.10.96 - - [04/Apr/2017:10:45:45 -0300] "GET /cormun/servlet/trsolicitudgral? HTTP/1.1" 200 25338
192.168.10.96 - - [04/Apr/2017:10:45:45 -0300] "GET /cormun/static/gxcfg.js?201732110400 HTTP/1.1" 304 -
192.168.10.96 - - [04/Apr/2017:10:45:46 -0300] "GET /cormun/servlet/trsolicitudgral? HTTP/1.1" 200 25335
192.168.10.96 - - [04/Apr/2017:10:45:52 -0300] "GET /cormun/servlet/trconsultaempleado? HTTP/1.1" 200 9504
192.168.10.96 - - [04/Apr/2017:10:45:52 -0300] "GET /cormun/static/gxcfg.js?2017319127961 HTTP/1.1" 304 -
192.168.10.4 - - [04/Apr/2017:10:45:52 -0300] "POST /cormun/servlet/hlogin?7a23dd213a8e36150581a56b889725b9,gx-no-cache=1491313618669 HTTP/1.1" 200 449
192.168.10.96 - - [04/Apr/2017:10:45:53 -0300] "GET /cormun/servlet/trconsultaempleado? HTTP/1.1" 200 9503
192.168.10.96 - - [04/Apr/2017:10:46:06 -0300] "POST /cormun/servlet/trconsultaempleado?5f9e6b7dba86bd8c85659e131313a019,,gx-no-cache=1491316843627 HTTP/1.1" 200 4408
192.168.10.96 - - [04/Apr/2017:10:46:08 -0300] "GET /cormun/servlet/trsolicitudnombre?12692670, HTTP/1.1" 200 6189
192.168.10.96 - - [04/Apr/2017:10:46:08 -0300] "GET /cormun/static/gxcfg.js?20173171153130 HTTP/1.1" 304 -
192.168.10.96 - - [04/Apr/2017:10:46:08 -0300] "GET /cormun/servlet/trsolicitudnombre?12692670, HTTP/1.1" 200 6189
192.168.10.96 - - [04/Apr/2017:10:46:15 -0300] "GET /cormun/servlet/wbconsulta? HTTP/1.1" 200 5169
192.168.10.96 - - [04/Apr/2017:10:46:15 -0300] "GET /cormun/static/gxcfg.js?201612218544239 HTTP/1.1" 304 -
192.168.10.96 - - [04/Apr/2017:10:46:15 -0300] "GET /cormun/servlet/wbconsulta? HTTP/1.1" 200 5156
192.168.10.13 - - [04/Apr/2017:10:46:25 -0300] "GET / HTTP/1.1" 200 11217
192.168.10.96 - - [04/Apr/2017:10:47:03 -0300] "POST /cormun/servlet/wbconsulta?5f9e6b7dba86bd8c85659e131313a019,,gx-no-cache=1491316900500 HTTP/1.1" 200 104
192.168.10.96 - - [04/Apr/2017:10:47:03 -0300] "GET /cormun/servlet/vevisualizador?2017,5433, HTTP/1.1" 200 8543
192.168.10.96 - - [04/Apr/2017:10:47:03 -0300] "GET /cormun/static/gxcfg.js?20173171158251 HTTP/1.1" 304 -
192.168.10.96 - - [04/Apr/2017:10:47:03 -0300] "GET /cormun/pexe_scrolldiv.js HTTP/1.1" 404 1009
192.168.10.96 - - [04/Apr/2017:10:47:04 -0300] "GET /cormun/pexe_scrolldiv.js HTTP/1.1" 404 1009
192.168.10.96 - - [04/Apr/2017:10:47:04 -0300] "GET /cormun/servlet/vevisualizador?2017,5433, HTTP/1.1" 200 8543
192.168.10.96 - - [04/Apr/2017:10:47:07 -0300] "GET /cormun/servlet/vevisualizador?2017,5433,,SolicitudOTAdjuntos HTTP/1.1" 200 10336
192.168.10.96 - - [04/Apr/2017:10:47:07 -0300] "GET /cormun/pexe_scrolldiv.js HTTP/1.1" 404 1009
192.168.10.96 - - [04/Apr/2017:10:47:07 -0300] "GET /cormun/pexe_scrolldiv.js HTTP/1.1" 404 1009
192.168.10.96 - - [04/Apr/2017:10:47:07 -0300] "GET /cormun/servlet/vevisualizador?2017,5433,,SolicitudOTAdjuntos HTTP/1.1" 200 10341
192.168.10.96 - - [04/Apr/2017:10:47:08 -0300] "POST /cormun/servlet/acontrolpreferencessavestate?None,DZAMUDIO,true HTTP/1.1" 200 35
192.168.10.96 - - [04/Apr/2017:10:47:09 -0300] "GET /cormun/PublicTempStorage/ci4931952.pdf HTTP/1.1" 200 416285
192.168.10.96 - - [04/Apr/2017:10:47:14 -0300] "GET /cormun/servlet/vevisualizador?2017,5433,,SolicitudOTAdjuntos HTTP/1.1" 200 10334
192.168.10.96 - - [04/Apr/2017:10:47:14 -0300] "GET /cormun/servlet/vevisualizador?2017,5433,,SolicitudOTAdjuntos HTTP/1.1" 200 10340
192.168.10.96 - - [04/Apr/2017:10:47:15 -0300] "POST /cormun/servlet/acontrolpreferencessavestate?None,DZAMUDIO,true HTTP/1.1" 200 35
192.168.10.96 - - [04/Apr/2017:10:47:16 -0300] "GET /cormun/PublicTempStorage/licencia__em817779.pdf HTTP/1.1" 200 474480
192.168.10.96 - - [04/Apr/2017:10:47:20 -0300] "GET /cormun/servlet/vevisualizador?2017,5433,,SolicitudOTAdjuntos HTTP/1.1" 200 10337
192.168.10.96 - - [04/Apr/2017:10:47:21 -0300] "GET /cormun/servlet/vevisualizador?2017,5433,,SolicitudOTAdjuntos HTTP/1.1" 200 10341
192.168.10.96 - - [04/Apr/2017:10:47:21 -0300] "POST /cormun/servlet/acontrolpreferencessavestate?None,DZAMUDIO,true HTTP/1.1" 200 35
192.168.10.96 - - [04/Apr/2017:10:47:21 -0300] "GET /cormun/PublicTempStorage/afp6045307.pdf HTTP/1.1" 200 395942
192.168.10.13 - - [04/Apr/2017:10:47:25 -0300] "GET / HTTP/1.1" 200 11217
192.168.10.96 - - [04/Apr/2017:10:47:25 -0300] "GET /cormun/servlet/vevisualizador?2017,5433,,SolicitudOTAdjuntos HTTP/1.1" 200 10338
192.168.10.96 - - [04/Apr/2017:10:47:26 -0300] "GET /cormun/servlet/vevisualizador?2017,5433,,SolicitudOTAdjuntos HTTP/1.1" 200 10340
192.168.10.96 - - [04/Apr/2017:10:47:27 -0300] "POST /cormun/servlet/acontrolpreferencessavestate?None,DZAMUDIO,true HTTP/1.1" 200 35
192.168.10.96 - - [04/Apr/2017:10:47:28 -0300] "GET /cormun/PublicTempStorage/fonasa2964784.pdf HTTP/1.1" 200 436142
192.168.10.96 - - [04/Apr/2017:10:47:32 -0300] "GET /cormun/servlet/vevisualizador?2017,5433,,SolicitudOTAdjuntos HTTP/1.1" 200 10338
192.168.10.96 - - [04/Apr/2017:10:47:32 -0300] "GET /cormun/servlet/vevisualizador?2017,5433,,SolicitudOTAdjuntos HTTP/1.1" 200 10339
192.168.10.96 - - [04/Apr/2017:10:47:33 -0300] "POST /cormun/servlet/acontrolpreferencessavestate?None,DZAMUDIO,true HTTP/1.1" 200 35
192.168.10.96 - - [04/Apr/2017:10:47:34 -0300] "GET /cormun/PublicTempStorage/ca3706580.pdf HTTP/1.1" 200 638062
192.168.10.96 - - [04/Apr/2017:10:47:38 -0300] "GET /cormun/servlet/vevisualizador?2017,5433,,SolicitudOTAdjuntos HTTP/1.1" 200 10338
192.168.10.96 - - [04/Apr/2017:10:47:39 -0300] "GET /cormun/servlet/vevisualizador?2017,5433,,SolicitudOTAdjuntos HTTP/1.1" 200 10338
192.168.10.96 - - [04/Apr/2017:10:47:40 -0300] "POST /cormun/servlet/acontrolpreferencessavestate?None,DZAMUDIO,true HTTP/1.1" 200 35
192.168.10.96 - - [04/Apr/2017:10:47:40 -0300] "GET /cormun/PublicTempStorage/cv4339151.pdf HTTP/1.1" 200 441122
