186.103.159.183 - - [04/Apr/2017:16:25:34 -0300] "GET /cormun/servlet/solicitudotadjuntos?INS,2017,5921,,1, HTTP/1.1" 200 6028
186.103.159.183 - - [04/Apr/2017:16:25:34 -0300] "GET /cormun/servlet/solicitudotadjuntos?b12a1d1dc0c67124b911fc0521407a9f33be47f4b78638e11533c04d496e9537e7ada17cb5e6259c4d769176bc68f5fb,gx-no-cache=1491334007035 HTTP/1.1" 200 30
186.103.159.183 - - [04/Apr/2017:16:25:34 -0300] "POST /cormun/servlet/solicitudotadjuntos?b791b6e293f3fdd45e003d32d701bb27,INS,2017,5921,,1,,gx-no-cache=1491334007071 HTTP/1.1" 200 3827
186.103.158.250 - - [04/Apr/2017:16:25:38 -0300] "POST /cormun/servlet/solicitudot?gx-no-cache=1491334003229 HTTP/1.1" 200 641
186.103.159.183 - - [04/Apr/2017:16:25:38 -0300] "POST /cormun/servlet/solicitudotadjuntos?gx-no-cache=1491334010587 HTTP/1.1" 200 26
186.103.158.250 - - [04/Apr/2017:16:25:40 -0300] "POST /cormun/servlet/solicitudot?gx-no-cache=1491334006874 HTTP/1.1" 200 1157
186.103.159.183 - - [04/Apr/2017:16:25:43 -0300] "GET /cormun/servlet/solicitudotadjuntos?b12a1d1dc0c67124b911fc0521407a9f63cb58a357bad1fb68706f4b3f270e36,gx-no-cache=1491334015625 HTTP/1.1" 200 30
186.103.159.183 - - [04/Apr/2017:16:25:43 -0300] "GET /cormun/servlet/solicitudotadjuntos?b12a1d1dc0c67124b911fc0521407a9f63cb58a357bad1fb68706f4b3f270e36,gx-no-cache=1491334015665 HTTP/1.1" 200 30
186.103.159.183 - - [04/Apr/2017:16:25:47 -0300] "POST /cormun/servlet/solicitudotadjuntos?b791b6e293f3fdd45e003d32d701bb27,INS,2017,5921,,1, HTTP/1.1" 200 116
186.103.159.183 - - [04/Apr/2017:16:25:47 -0300] "GET /cormun/servlet/hpexe_return? HTTP/1.1" 200 1026
186.103.196.90 - - [04/Apr/2017:16:25:47 -0300] "POST /cormun/servlet/solicitudot?gx-no-cache=1491334012703 HTTP/1.1" 200 30
186.103.196.90 - - [04/Apr/2017:16:25:47 -0300] "POST /cormun/servlet/solicitudot?gx-no-cache=1491334012865 HTTP/1.1" 200 656
186.103.196.90 - - [04/Apr/2017:16:25:48 -0300] "POST /cormun/servlet/solicitudot?gx-no-cache=1491334013373 HTTP/1.1" 200 41
186.103.159.183 - - [04/Apr/2017:16:25:48 -0300] "GET /cormun/servlet/trsolicitudadjuntos?2017,5921, HTTP/1.1" 200 9131
186.103.159.183 - - [04/Apr/2017:16:25:49 -0300] "GET /cormun/servlet/trsolicitudadjuntos?2017,5921, HTTP/1.1" 200 9126
186.103.158.250 - - [04/Apr/2017:16:26:00 -0300] "GET /cormun/servlet/solicitudot?77b2d0b50baf4eea8afb5fcceed36ffe76aec61442c43f6c248fb0cdb4b4d29eb9af07728d738221039b8ac728bcd69a9d82701dab7d007b7a19ab233c25d62bf753a5c5e41d2766d8e6d4da9c232947765a7a47275b5f11e94f801982403cf3fe85f5c887cf328a841ce893046fca556a408845cd215d5ff34040683bf3a7d555b30628296c7b9a30700a9f0ce1b28f5629b1f26778e065f80d0358fe366574fc63ade71fb18628fafc1414967559d5,gx-no-cache=1491334026883 HTTP/1.1" 200 30
186.103.158.250 - - [04/Apr/2017:16:26:01 -0300] "POST /cormun/servlet/solicitudot?44b40f244e0aa4310f997e238e3086b0,INS,0,0,,gx-no-cache=1491334026977 HTTP/1.1" 200 93
186.103.158.250 - - [04/Apr/2017:16:26:01 -0300] "GET /cormun/servlet/hpexe_return? HTTP/1.1" 200 993
186.103.158.250 - - [04/Apr/2017:16:26:01 -0300] "GET /cormun/static/Resources/Spanish/PXTools.css?167811 HTTP/1.1" 304 -
186.103.158.250 - - [04/Apr/2017:16:26:01 -0300] "GET /cormun/static/gxcfg.js?2016101716175148 HTTP/1.1" 200 953
186.103.158.250 - - [04/Apr/2017:16:26:01 -0300] "GET /cormun/static/hpexe_return.js?2016101716175153 HTTP/1.1" 304 -
186.103.158.250 - - [04/Apr/2017:16:26:01 -0300] "GET /cormun/servlet/trsolicitudot HTTP/1.1" 200 7975
186.103.158.250 - - [04/Apr/2017:16:26:03 -0300] "GET /cormun/servlet/trsolicitudot HTTP/1.1" 200 7971
186.103.158.250 - - [04/Apr/2017:16:26:09 -0300] "POST /cormun/servlet/trsolicitudot?44b40f244e0aa4310f997e238e3086b0,gx-no-cache=1491334035738 HTTP/1.1" 200 106
186.103.158.250 - - [04/Apr/2017:16:26:09 -0300] "GET /cormun/servlet/trsolicitudadjuntos?2017,5922, HTTP/1.1" 200 5860
186.103.158.250 - - [04/Apr/2017:16:26:09 -0300] "GET /cormun/static/gxcfg.js?201731711504543 HTTP/1.1" 200 953
186.103.158.250 - - [04/Apr/2017:16:26:09 -0300] "GET /cormun/static/trsolicitudadjuntos.js?201731711504951 HTTP/1.1" 304 -
186.103.158.250 - - [04/Apr/2017:16:26:10 -0300] "GET /cormun/servlet/trsolicitudadjuntos?2017,5922, HTTP/1.1" 200 5860
192.168.10.96 - - [04/Apr/2017:16:26:14 -0300] "GET /cormun/servlet/trconsultaempleado? HTTP/1.1" 200 6715
192.168.10.96 - - [04/Apr/2017:16:26:14 -0300] "GET /cormun/servlet/trconsultaempleado? HTTP/1.1" 200 6697
186.79.125.97 - - [04/Apr/2017:16:26:15 -0300] "POST /cormun/servlet/solicitudot?gx-no-cache=1491334046569 HTTP/1.1" 200 3190
186.79.125.97 - - [04/Apr/2017:16:26:15 -0300] "POST /cormun/servlet/solicitudot?bcca2dfad4cf059afe93903ee2aacf01,INS,0,0,,gx-no-cache=1491334047029 HTTP/1.1" 200 9787
186.103.158.250 - - [04/Apr/2017:16:26:15 -0300] "GET /cormun/servlet/solicitudotadjuntos?INS,2017,5922,,1, HTTP/1.1" 200 5796
186.103.158.250 - - [04/Apr/2017:16:26:15 -0300] "GET /cormun/static/gxcfg.js?201612218465951 HTTP/1.1" 200 953
186.103.158.250 - - [04/Apr/2017:16:26:15 -0300] "GET /cormun/static/solicitudotadjuntos.js?201612218465969 HTTP/1.1" 304 -
186.103.158.250 - - [04/Apr/2017:16:26:16 -0300] "GET /cormun/static/about:blank HTTP/1.1" 404 1011
186.103.158.250 - - [04/Apr/2017:16:26:16 -0300] "GET /cormun/servlet/solicitudotadjuntos?INS,2017,5922,,1, HTTP/1.1" 200 5790
186.103.158.250 - - [04/Apr/2017:16:26:17 -0300] "GET /cormun/servlet/solicitudotadjuntos?77b2d0b50baf4eea8afb5fcceed36ffe4d3a57db76bc8cc831414859ba611c651a2445a584ffc2b5225f47643857ca80,gx-no-cache=1491334043645 HTTP/1.1" 200 30
186.103.158.250 - - [04/Apr/2017:16:26:17 -0300] "POST /cormun/servlet/solicitudotadjuntos?44b40f244e0aa4310f997e238e3086b0,INS,2017,5922,,1,,gx-no-cache=1491334043728 HTTP/1.1" 200 3629
186.103.159.183 - - [04/Apr/2017:16:26:18 -0300] "GET /cormun/servlet/trsolicitudot? HTTP/1.1" 200 8239
186.79.125.97 - - [04/Apr/2017:16:26:19 -0300] "GET /cormun/servlet/solicitudot?07632ca2b1598e66db30279930c58ea075c7a09b6d710783f82da3d4ad437a71275d480f687de965147db97950c29d3e,gx-no-cache=1491334051243 HTTP/1.1" 200 30
186.79.125.97 - - [04/Apr/2017:16:26:19 -0300] "POST /cormun/servlet/solicitudot?gx-no-cache=1491334051430 HTTP/1.1" 200 255
186.79.125.97 - - [04/Apr/2017:16:26:19 -0300] "GET /cormun/servlet/solicitudot?07632ca2b1598e66db30279930c58ea06ab29dd3ca2bfab1b881c68986e5ad37ef85d2d9d6429bc081c19579a6339c63f210bcb300c26a4daf79317a2e130ad32bd7253e0b6c2dab1e389e37f4008eaaeb0eb760b9c93eb3c94f75c2190da5e5ae0276d5599dbcfb37c2a7bb9899fd61e747ce0aff06a08abaa21a3427811626168b40c2c5b2d8eac6e3921e1e18d8289137bce526438f7e8d53038fd45115b02cc9586e27dc4782444218aef793d007dd2a56f5ff9da15fa7c8bb96ab7c60fa3c885b40fe21d363f00a2629506e9c3d7402bc46e674b1b97f067651b5a3e954eadfa7dacc1b0246eecff940c1471fa8cde2dc0dddd31562da0eab5a9c4bc391d6f14794668495bd6ddb564f4b371327e439af13a8539e8eb1132fa0580cf66b218b61862e1f12756be68f74c6bccd6e8750aa54e62393c899f5f59d3196f9653bb8f53723dc26779e26f9765285567a48c28647547fe9ca913ff8577b315a5d193ff3af81f9c41e5ee32c40ec0cd1f7918356a3b0b714bd3a8f4738b6e4bdb5,gx-no-cache=1491334051575 HTTP/1.1" 200 30
186.103.159.183 - - [04/Apr/2017:16:26:20 -0300] "GET /cormun/servlet/trsolicitudot? HTTP/1.1" 200 8233
46.174.191.32 - - [04/Apr/2017:16:26:21 -0300] "GET / HTTP/1.0" 200 11197
186.79.125.97 - - [04/Apr/2017:16:26:21 -0300] "POST /cormun/servlet/solicitudot?gx-no-cache=1491334053575 HTTP/1.1" 200 30
186.103.158.250 - - [04/Apr/2017:16:26:22 -0300] "POST /cormun/servlet/solicitudotadjuntos?gx-no-cache=1491334048413 HTTP/1.1" 200 26
192.168.10.13 - - [04/Apr/2017:16:26:25 -0300] "GET / HTTP/1.1" 200 11217
186.79.125.97 - - [04/Apr/2017:16:26:25 -0300] "POST /cormun/servlet/solicitudot?gx-no-cache=1491334057739 HTTP/1.1" 200 1291
186.79.125.97 - - [04/Apr/2017:16:26:26 -0300] "POST /cormun/servlet/solicitudot?gx-no-cache=1491334057909 HTTP/1.1" 200 38
186.103.159.183 - - [04/Apr/2017:16:26:26 -0300] "POST /cormun/servlet/trsolicitudot?b791b6e293f3fdd45e003d32d701bb27,,gx-no-cache=1491334058882 HTTP/1.1" 200 4367
186.103.159.183 - - [04/Apr/2017:16:26:26 -0300] "GET /cormun/static/Shared/jqueryui/images/ui-icons_82798d_256x240.png HTTP/1.1" 404 1089
186.103.159.183 - - [04/Apr/2017:16:26:26 -0300] "GET /cormun/static/Shared/jqueryui/images/ui-bg_flat_55_fafafa_40x100.png HTTP/1.1" 404 1097
186.103.159.183 - - [04/Apr/2017:16:26:26 -0300] "GET /cormun/static/Shared/jqueryui/images/ui-bg_highlight-soft_100_c6c2c8_1x100.png HTTP/1.1" 404 1117
186.103.159.183 - - [04/Apr/2017:16:26:26 -0300] "GET /cormun/static/Shared/jqueryui/images/ui-icons_8d78a5_256x240.png HTTP/1.1" 404 1089
186.103.159.183 - - [04/Apr/2017:16:26:27 -0300] "POST /cormun/servlet/trsolicitudot?b791b6e293f3fdd45e003d32d701bb27,,gx-no-cache=1491334059189 HTTP/1.1" 200 4142
186.103.159.183 - - [04/Apr/2017:16:26:30 -0300] "GET /cormun/servlet/trautorizarsolicitud? HTTP/1.1" 200 8163
186.103.159.183 - - [04/Apr/2017:16:26:30 -0300] "GET /cormun/static/gxui/gxui-all.css?120300 HTTP/1.1" 200 2179
186.103.159.183 - - [04/Apr/2017:16:26:30 -0300] "GET /cormun/static/gxcfg.js?2017259112829 HTTP/1.1" 200 953
186.103.159.183 - - [04/Apr/2017:16:26:30 -0300] "GET /cormun/static/trautorizarsolicitud.js?2017259113483 HTTP/1.1" 200 53096
186.103.159.183 - - [04/Apr/2017:16:26:30 -0300] "GET /cormun/static/Shared/ext/resources/css/ext-all.css?215870 HTTP/1.1" 200 416045
186.103.159.183 - - [04/Apr/2017:16:26:31 -0300] "GET /cormun/servlet/trautorizarsolicitud? HTTP/1.1" 200 8162
192.168.10.96 - - [04/Apr/2017:16:26:38 -0300] "POST /cormun/servlet/trconsultaempleado?3b9f3a2c6b7d808a21842922d82db94b,,gx-no-cache=1491337274945 HTTP/1.1" 200 4433
192.168.10.96 - - [04/Apr/2017:16:26:39 -0300] "GET /cormun/servlet/trsolicitudnombre?18039691, HTTP/1.1" 200 8541
192.168.10.96 - - [04/Apr/2017:16:26:39 -0300] "GET /cormun/servlet/trsolicitudnombre?18039691, HTTP/1.1" 200 8544
186.103.158.250 - - [04/Apr/2017:16:26:41 -0300] "GET /cormun/servlet/solicitudotadjuntos?77b2d0b50baf4eea8afb5fcceed36ffef1d318f3e8186363c1810a02a2e5819f,gx-no-cache=1491334067606 HTTP/1.1" 200 30
186.103.158.250 - - [04/Apr/2017:16:26:41 -0300] "GET /cormun/servlet/solicitudotadjuntos?77b2d0b50baf4eea8afb5fcceed36ffef1d318f3e8186363c1810a02a2e5819f,gx-no-cache=1491334067662 HTTP/1.1" 200 30
186.103.159.183 - - [04/Apr/2017:16:26:41 -0300] "POST /cormun/servlet/trautorizarsolicitud?b791b6e293f3fdd45e003d32d701bb27,,gx-no-cache=1491334073713 HTTP/1.1" 200 4328
186.103.159.183 - - [04/Apr/2017:16:26:41 -0300] "GET /cormun/static/Shared/jqueryui/images/ui-bg_highlight-soft_100_c6c2c8_1x100.png HTTP/1.1" 404 1117
186.103.159.183 - - [04/Apr/2017:16:26:41 -0300] "GET /cormun/static/Shared/jqueryui/images/ui-icons_82798d_256x240.png HTTP/1.1" 404 1089
186.103.159.183 - - [04/Apr/2017:16:26:41 -0300] "GET /cormun/static/Shared/jqueryui/images/ui-icons_8d78a5_256x240.png HTTP/1.1" 404 1089
186.103.159.183 - - [04/Apr/2017:16:26:41 -0300] "GET /cormun/static/Shared/jqueryui/images/ui-bg_flat_55_fafafa_40x100.png HTTP/1.1" 404 1097
186.103.158.250 - - [04/Apr/2017:16:26:41 -0300] "POST /cormun/servlet/solicitudotadjuntos?44b40f244e0aa4310f997e238e3086b0,INS,2017,5922,,1, HTTP/1.1" 200 116
186.103.158.250 - - [04/Apr/2017:16:26:41 -0300] "GET /cormun/servlet/hpexe_return? HTTP/1.1" 200 1013
186.103.159.183 - - [04/Apr/2017:16:26:41 -0300] "POST /cormun/servlet/trautorizarsolicitud?b791b6e293f3fdd45e003d32d701bb27,,gx-no-cache=1491334074057 HTTP/1.1" 200 4104
186.103.158.250 - - [04/Apr/2017:16:26:42 -0300] "GET /cormun/servlet/trsolicitudadjuntos?2017,5922, HTTP/1.1" 200 7962
192.168.10.96 - - [04/Apr/2017:16:26:43 -0300] "GET /cormun/servlet/vesolicitudnombre?2016,1436,, HTTP/1.1" 200 8493
192.168.10.96 - - [04/Apr/2017:16:26:43 -0300] "GET /cormun/pexe_scrolldiv.js HTTP/1.1" 404 1009
192.168.10.96 - - [04/Apr/2017:16:26:43 -0300] "GET /cormun/pexe_scrolldiv.js HTTP/1.1" 404 1009
186.103.158.250 - - [04/Apr/2017:16:26:43 -0300] "GET /cormun/servlet/trsolicitudadjuntos?2017,5922, HTTP/1.1" 200 7959
192.168.10.96 - - [04/Apr/2017:16:26:43 -0300] "GET /cormun/servlet/vesolicitudnombre?2016,1436,, HTTP/1.1" 200 8486
192.168.10.96 - - [04/Apr/2017:16:26:45 -0300] "GET /cormun/servlet/vesolicitudnombre?2016,1436,,SolicitudOTAdjuntos HTTP/1.1" 200 10119
192.168.10.96 - - [04/Apr/2017:16:26:45 -0300] "GET /cormun/pexe_scrolldiv.js HTTP/1.1" 404 1009
192.168.10.96 - - [04/Apr/2017:16:26:45 -0300] "GET /cormun/pexe_scrolldiv.js HTTP/1.1" 404 1009
192.168.10.96 - - [04/Apr/2017:16:26:45 -0300] "GET /cormun/servlet/vesolicitudnombre?2016,1436,,SolicitudOTAdjuntos HTTP/1.1" 200 10120
186.103.158.250 - - [04/Apr/2017:16:26:45 -0300] "GET /cormun/servlet/solicitudotadjuntos?INS,2017,5922,,1, HTTP/1.1" 200 5796
192.168.10.96 - - [04/Apr/2017:16:26:46 -0300] "POST /cormun/servlet/acontrolpreferencessavestate?None,DZAMUDIO,true HTTP/1.1" 200 35
186.103.158.250 - - [04/Apr/2017:16:26:47 -0300] "GET /cormun/static/about:blank HTTP/1.1" 404 1011
186.103.158.250 - - [04/Apr/2017:16:26:47 -0300] "GET /cormun/servlet/solicitudotadjuntos?INS,2017,5922,,1, HTTP/1.1" 200 5790
186.103.158.250 - - [04/Apr/2017:16:26:47 -0300] "GET /cormun/servlet/solicitudotadjuntos?77b2d0b50baf4eea8afb5fcceed36ffe4d3a57db76bc8cc831414859ba611c651a2445a584ffc2b5225f47643857ca80,gx-no-cache=1491334073787 HTTP/1.1" 200 30
186.103.158.250 - - [04/Apr/2017:16:26:47 -0300] "POST /cormun/servlet/solicitudotadjuntos?44b40f244e0aa4310f997e238e3086b0,INS,2017,5922,,1,,gx-no-cache=1491334073854 HTTP/1.1" 200 3630
186.103.158.250 - - [04/Apr/2017:16:26:49 -0300] "POST /cormun/servlet/solicitudotadjuntos?gx-no-cache=1491334075843 HTTP/1.1" 200 26
192.168.10.96 - - [04/Apr/2017:16:26:52 -0300] "POST /cormun/servlet/vesolicitudnombre?3b9f3a2c6b7d808a21842922d82db94b,2016,1436,,SolicitudOTAdjuntos,gx-no-cache=1491337288820 HTTP/1.1" 200 90
192.168.10.96 - - [04/Apr/2017:16:26:52 -0300] "GET /cormun/servlet/hpexe_link HTTP/1.1" 200 992
192.168.10.96 - - [04/Apr/2017:16:26:52 -0300] "GET /cormun/servlet/trsolicitudnombre?18039691, HTTP/1.1" 200 8541
192.168.10.96 - - [04/Apr/2017:16:26:52 -0300] "GET /cormun/servlet/trsolicitudnombre?18039691, HTTP/1.1" 200 8543
192.168.10.96 - - [04/Apr/2017:16:26:54 -0300] "GET /cormun/servlet/vesolicitudnombre?2017,5595,, HTTP/1.1" 200 8509
192.168.10.96 - - [04/Apr/2017:16:26:54 -0300] "GET /cormun/pexe_scrolldiv.js HTTP/1.1" 404 1009
192.168.10.96 - - [04/Apr/2017:16:26:54 -0300] "GET /cormun/pexe_scrolldiv.js HTTP/1.1" 404 1009
192.168.10.96 - - [04/Apr/2017:16:26:55 -0300] "GET /cormun/servlet/vesolicitudnombre?2017,5595,, HTTP/1.1" 200 8504
192.168.10.96 - - [04/Apr/2017:16:26:56 -0300] "GET /cormun/servlet/vesolicitudnombre?2017,5595,,SolicitudOTAdjuntos HTTP/1.1" 200 7481
192.168.10.96 - - [04/Apr/2017:16:26:56 -0300] "GET /cormun/pexe_scrolldiv.js HTTP/1.1" 404 1009
192.168.10.96 - - [04/Apr/2017:16:26:56 -0300] "GET /cormun/pexe_scrolldiv.js HTTP/1.1" 404 1009
192.168.10.96 - - [04/Apr/2017:16:26:56 -0300] "GET /cormun/servlet/vesolicitudnombre?2017,5595,,SolicitudOTAdjuntos HTTP/1.1" 200 7481
192.168.10.96 - - [04/Apr/2017:16:26:57 -0300] "POST /cormun/servlet/acontrolpreferencessavestate?None,DZAMUDIO,true HTTP/1.1" 200 35
192.168.10.96 - - [04/Apr/2017:16:26:59 -0300] "POST /cormun/servlet/vesolicitudnombre?3b9f3a2c6b7d808a21842922d82db94b,2017,5595,,SolicitudOTAdjuntos,gx-no-cache=1491337296141 HTTP/1.1" 200 90
192.168.10.96 - - [04/Apr/2017:16:26:59 -0300] "GET /cormun/servlet/hpexe_link HTTP/1.1" 200 991
192.168.10.96 - - [04/Apr/2017:16:26:59 -0300] "GET /cormun/servlet/trsolicitudnombre?18039691, HTTP/1.1" 200 8542
192.168.10.96 - - [04/Apr/2017:16:26:59 -0300] "GET /cormun/servlet/trsolicitudnombre?18039691, HTTP/1.1" 200 8544
186.79.125.97 - - [04/Apr/2017:16:27:00 -0300] "GET /cormun/servlet/solicitudot?07632ca2b1598e66db30279930c58ea0dccc86aa0d3e97847b58bc39a56ab374f24196970810b9c205397f669eb0383486ab26fb1db4de5d0ecfe7d057245f90b2af05111c8c8d412930f2d8a61873d5bbc31c9fd26601f729b1d23bc25bab48eb262291443bbe68809019555d36d5810b2b06fd8bffa46c6d8f04a71aa15548593803b2a190fe5689f4ca3859bea6fe59295299445446b781c09b669c8e5314,gx-no-cache=1491334091854 HTTP/1.1" 200 29
186.79.125.97 - - [04/Apr/2017:16:27:01 -0300] "POST /cormun/servlet/solicitudot?gx-no-cache=1491334092244 HTTP/1.1" 200 1273
192.168.10.96 - - [04/Apr/2017:16:27:01 -0300] "GET /cormun/servlet/vesolicitudnombre?2017,4512,, HTTP/1.1" 200 8508
192.168.10.96 - - [04/Apr/2017:16:27:01 -0300] "GET /cormun/pexe_scrolldiv.js HTTP/1.1" 404 1009
192.168.10.96 - - [04/Apr/2017:16:27:01 -0300] "GET /cormun/pexe_scrolldiv.js HTTP/1.1" 404 1009
186.79.125.97 - - [04/Apr/2017:16:27:01 -0300] "POST /cormun/servlet/solicitudot?gx-no-cache=1491334093288 HTTP/1.1" 200 1157
192.168.10.96 - - [04/Apr/2017:16:27:01 -0300] "GET /cormun/servlet/vesolicitudnombre?2017,4512,, HTTP/1.1" 200 8502
192.168.10.96 - - [04/Apr/2017:16:27:04 -0300] "POST /cormun/servlet/vesolicitudnombre?3b9f3a2c6b7d808a21842922d82db94b,2017,4512,,,gx-no-cache=1491337301388 HTTP/1.1" 200 90
192.168.10.96 - - [04/Apr/2017:16:27:04 -0300] "GET /cormun/servlet/hpexe_link HTTP/1.1" 200 980
186.103.158.250 - - [04/Apr/2017:16:27:04 -0300] "POST /cormun/servlet/solicitudotadjuntos?gx-no-cache=1491334090959 HTTP/1.1" 200 26
192.168.10.96 - - [04/Apr/2017:16:27:04 -0300] "GET /cormun/servlet/trsolicitudnombre?18039691, HTTP/1.1" 200 8540
192.168.10.96 - - [04/Apr/2017:16:27:05 -0300] "GET /cormun/servlet/trsolicitudnombre?18039691, HTTP/1.1" 200 8542
186.103.158.250 - - [04/Apr/2017:16:27:06 -0300] "GET /cormun/servlet/solicitudotadjuntos?77b2d0b50baf4eea8afb5fcceed36ffef1d318f3e8186363c1810a02a2e5819f,gx-no-cache=1491334093190 HTTP/1.1" 200 30
186.103.158.250 - - [04/Apr/2017:16:27:07 -0300] "GET /cormun/servlet/solicitudotadjuntos?77b2d0b50baf4eea8afb5fcceed36ffef1d318f3e8186363c1810a02a2e5819f,gx-no-cache=1491334093243 HTTP/1.1" 200 30
186.103.158.250 - - [04/Apr/2017:16:27:07 -0300] "POST /cormun/servlet/solicitudotadjuntos?44b40f244e0aa4310f997e238e3086b0,INS,2017,5922,,1,,gx-no-cache=1491334093286 HTTP/1.1" 200 93
186.103.158.250 - - [04/Apr/2017:16:27:07 -0300] "GET /cormun/servlet/hpexe_return? HTTP/1.1" 200 1013
186.103.158.250 - - [04/Apr/2017:16:27:07 -0300] "GET /cormun/servlet/trsolicitudadjuntos?2017,5922, HTTP/1.1" 200 8122
186.103.158.250 - - [04/Apr/2017:16:27:08 -0300] "GET /cormun/servlet/trsolicitudadjuntos?2017,5922, HTTP/1.1" 200 8116
192.168.10.96 - - [04/Apr/2017:16:27:10 -0300] "GET /cormun/servlet/vesolicitudnombre?2017,4512,, HTTP/1.1" 200 8508
192.168.10.96 - - [04/Apr/2017:16:27:10 -0300] "GET /cormun/pexe_scrolldiv.js HTTP/1.1" 404 1009
192.168.10.96 - - [04/Apr/2017:16:27:10 -0300] "GET /cormun/pexe_scrolldiv.js HTTP/1.1" 404 1009
192.168.10.96 - - [04/Apr/2017:16:27:10 -0300] "GET /cormun/servlet/vesolicitudnombre?2017,4512,, HTTP/1.1" 200 8502
192.168.10.96 - - [04/Apr/2017:16:27:11 -0300] "GET /cormun/servlet/vesolicitudnombre?2017,4512,,SolicitudOTAdjuntos HTTP/1.1" 200 7482
192.168.10.96 - - [04/Apr/2017:16:27:12 -0300] "GET /cormun/pexe_scrolldiv.js HTTP/1.1" 404 1009
192.168.10.96 - - [04/Apr/2017:16:27:12 -0300] "GET /cormun/pexe_scrolldiv.js HTTP/1.1" 404 1009
192.168.10.96 - - [04/Apr/2017:16:27:12 -0300] "GET /cormun/servlet/vesolicitudnombre?2017,4512,,SolicitudOTAdjuntos HTTP/1.1" 200 7482
192.168.10.96 - - [04/Apr/2017:16:27:13 -0300] "POST /cormun/servlet/acontrolpreferencessavestate?None,DZAMUDIO,true HTTP/1.1" 200 35
186.103.158.250 - - [04/Apr/2017:16:27:14 -0300] "GET /cormun/servlet/solicitudotadjuntos?DLT,2017,5922,CERTIF2,0, HTTP/1.1" 200 5691
186.103.158.250 - - [04/Apr/2017:16:27:14 -0300] "GET /cormun/static/about:blank HTTP/1.1" 404 1011
192.168.10.96 - - [04/Apr/2017:16:27:15 -0300] "POST /cormun/servlet/vesolicitudnombre?3b9f3a2c6b7d808a21842922d82db94b,2017,4512,,SolicitudOTAdjuntos,gx-no-cache=1491337311847 HTTP/1.1" 200 90
192.168.10.96 - - [04/Apr/2017:16:27:15 -0300] "GET /cormun/servlet/hpexe_link HTTP/1.1" 200 990
192.168.10.96 - - [04/Apr/2017:16:27:15 -0300] "GET /cormun/servlet/trsolicitudnombre?18039691, HTTP/1.1" 200 8540
186.103.158.250 - - [04/Apr/2017:16:27:15 -0300] "GET /cormun/static/Shared/jqueryui/images/ui-bg_highlight-soft_100_c6c2c8_1x100.png HTTP/1.1" 404 1117
186.103.158.250 - - [04/Apr/2017:16:27:15 -0300] "GET /cormun/static/Shared/jqueryui/images/ui-icons_82798d_256x240.png HTTP/1.1" 404 1089
186.103.158.250 - - [04/Apr/2017:16:27:15 -0300] "GET /cormun/static/Shared/jqueryui/images/ui-icons_8d78a5_256x240.png HTTP/1.1" 404 1089
186.103.158.250 - - [04/Apr/2017:16:27:15 -0300] "GET /cormun/static/Shared/jqueryui/images/ui-bg_flat_55_fafafa_40x100.png HTTP/1.1" 404 1097
186.103.158.250 - - [04/Apr/2017:16:27:15 -0300] "GET /cormun/servlet/solicitudotadjuntos?DLT,2017,5922,CERTIF2,0, HTTP/1.1" 200 5685
192.168.10.96 - - [04/Apr/2017:16:27:15 -0300] "GET /cormun/servlet/trsolicitudnombre?18039691, HTTP/1.1" 200 8542
192.168.10.96 - - [04/Apr/2017:16:27:17 -0300] "GET /cormun/servlet/vesolicitudnombre?2017,5595,, HTTP/1.1" 200 8509
192.168.10.96 - - [04/Apr/2017:16:27:17 -0300] "GET /cormun/pexe_scrolldiv.js HTTP/1.1" 404 1009
192.168.10.96 - - [04/Apr/2017:16:27:17 -0300] "GET /cormun/pexe_scrolldiv.js HTTP/1.1" 404 1009
192.168.10.96 - - [04/Apr/2017:16:27:18 -0300] "GET /cormun/servlet/vesolicitudnombre?2017,5595,, HTTP/1.1" 200 8504
186.103.158.250 - - [04/Apr/2017:16:27:19 -0300] "POST /cormun/servlet/solicitudotadjuntos?44b40f244e0aa4310f997e238e3086b0,DLT,2017,5922,CERTIF2,0,,gx-no-cache=1491334105863 HTTP/1.1" 200 93
186.103.158.250 - - [04/Apr/2017:16:27:19 -0300] "GET /cormun/servlet/hpexe_return? HTTP/1.1" 200 1019
186.103.158.250 - - [04/Apr/2017:16:27:20 -0300] "GET /cormun/servlet/trsolicitudadjuntos?2017,5922, HTTP/1.1" 200 7962
186.103.158.250 - - [04/Apr/2017:16:27:21 -0300] "GET /cormun/servlet/trsolicitudadjuntos?2017,5922, HTTP/1.1" 200 7958
186.103.158.250 - - [04/Apr/2017:16:27:23 -0300] "GET /cormun/servlet/solicitudotadjuntos?INS,2017,5922,,1, HTTP/1.1" 200 5795
186.103.158.250 - - [04/Apr/2017:16:27:24 -0300] "GET /cormun/static/about:blank HTTP/1.1" 404 1011
186.103.158.250 - - [04/Apr/2017:16:27:25 -0300] "GET /cormun/servlet/solicitudotadjuntos?INS,2017,5922,,1, HTTP/1.1" 200 5789
192.168.10.13 - - [04/Apr/2017:16:27:25 -0300] "GET / HTTP/1.1" 200 11217
186.103.158.250 - - [04/Apr/2017:16:27:25 -0300] "GET /cormun/servlet/solicitudotadjuntos?77b2d0b50baf4eea8afb5fcceed36ffe4d3a57db76bc8cc831414859ba611c651a2445a584ffc2b5225f47643857ca80,gx-no-cache=1491334111744 HTTP/1.1" 200 30
186.103.158.250 - - [04/Apr/2017:16:27:25 -0300] "POST /cormun/servlet/solicitudotadjuntos?44b40f244e0aa4310f997e238e3086b0,INS,2017,5922,,1,,gx-no-cache=1491334111810 HTTP/1.1" 200 3628
186.103.158.250 - - [04/Apr/2017:16:27:28 -0300] "POST /cormun/servlet/solicitudotadjuntos?gx-no-cache=1491334114965 HTTP/1.1" 200 26
186.103.158.250 - - [04/Apr/2017:16:27:36 -0300] "GET /cormun/servlet/solicitudotadjuntos?77b2d0b50baf4eea8afb5fcceed36ffef1d318f3e8186363c1810a02a2e5819f,gx-no-cache=1491334123035 HTTP/1.1" 200 30
186.103.158.250 - - [04/Apr/2017:16:27:36 -0300] "GET /cormun/servlet/solicitudotadjuntos?77b2d0b50baf4eea8afb5fcceed36ffef1d318f3e8186363c1810a02a2e5819f,gx-no-cache=1491334123101 HTTP/1.1" 200 30
186.103.158.250 - - [04/Apr/2017:16:27:37 -0300] "POST /cormun/servlet/solicitudotadjuntos?44b40f244e0aa4310f997e238e3086b0,INS,2017,5922,,1, HTTP/1.1" 200 116
186.103.158.250 - - [04/Apr/2017:16:27:37 -0300] "GET /cormun/servlet/hpexe_return? HTTP/1.1" 200 1013
186.103.158.250 - - [04/Apr/2017:16:27:37 -0300] "GET /cormun/servlet/trsolicitudadjuntos?2017,5922, HTTP/1.1" 200 8178
186.103.158.250 - - [04/Apr/2017:16:27:38 -0300] "GET /cormun/servlet/trsolicitudadjuntos?2017,5922, HTTP/1.1" 200 8179
186.103.158.250 - - [04/Apr/2017:16:27:41 -0300] "GET /cormun/servlet/solicitudotadjuntos?INS,2017,5922,,1, HTTP/1.1" 200 5795
186.103.158.250 - - [04/Apr/2017:16:27:41 -0300] "GET /cormun/static/about:blank HTTP/1.1" 404 1011
186.103.158.250 - - [04/Apr/2017:16:27:42 -0300] "GET /cormun/servlet/solicitudotadjuntos?INS,2017,5922,,1, HTTP/1.1" 200 5789
186.103.158.250 - - [04/Apr/2017:16:27:42 -0300] "GET /cormun/servlet/solicitudotadjuntos?77b2d0b50baf4eea8afb5fcceed36ffe4d3a57db76bc8cc831414859ba611c651a2445a584ffc2b5225f47643857ca80,gx-no-cache=1491334128818 HTTP/1.1" 200 30
186.103.158.250 - - [04/Apr/2017:16:27:42 -0300] "POST /cormun/servlet/solicitudotadjuntos?44b40f244e0aa4310f997e238e3086b0,INS,2017,5922,,1,,gx-no-cache=1491334128902 HTTP/1.1" 200 3628
186.103.158.250 - - [04/Apr/2017:16:27:47 -0300] "POST /cormun/servlet/solicitudotadjuntos?gx-no-cache=1491334134187 HTTP/1.1" 200 26
186.79.125.97 - - [04/Apr/2017:16:27:53 -0300] "GET /cormun/servlet/solicitudot?07632ca2b1598e66db30279930c58ea084404f44d68eff5fb403e6c9085f3017368dd35d527e7777c2f4fb2c1d01c4fe47faabf030b7dba763cad351a46c07b795025bc498f6ef6c7db41b30b818cf012771debb8cb5042661084ea965dc56f488f872baa28216917533489b5e62dd32dc09e0ead606fe4abaceba4737ecebc18815614801dd314cb8b71a5132ab8d1eb76db0834aa97b093cfc44a4c444749b882f317b48c293b395631719fcdac073,gx-no-cache=1491334145348 HTTP/1.1" 200 30
186.103.158.250 - - [04/Apr/2017:16:27:54 -0300] "GET /cormun/servlet/solicitudotadjuntos?77b2d0b50baf4eea8afb5fcceed36ffef1d318f3e8186363c1810a02a2e5819f,gx-no-cache=1491334140918 HTTP/1.1" 200 30
186.103.158.250 - - [04/Apr/2017:16:27:54 -0300] "GET /cormun/servlet/solicitudotadjuntos?77b2d0b50baf4eea8afb5fcceed36ffef1d318f3e8186363c1810a02a2e5819f,gx-no-cache=1491334140984 HTTP/1.1" 200 30
186.103.158.250 - - [04/Apr/2017:16:27:55 -0300] "POST /cormun/servlet/solicitudotadjuntos?44b40f244e0aa4310f997e238e3086b0,INS,2017,5922,,1, HTTP/1.1" 200 116
186.103.158.250 - - [04/Apr/2017:16:27:55 -0300] "GET /cormun/servlet/hpexe_return? HTTP/1.1" 200 1013
186.103.158.250 - - [04/Apr/2017:16:27:55 -0300] "GET /cormun/servlet/trsolicitudadjuntos?2017,5922, HTTP/1.1" 200 8344
186.103.158.250 - - [04/Apr/2017:16:27:56 -0300] "GET /cormun/servlet/trsolicitudadjuntos?2017,5922, HTTP/1.1" 200 8343
186.103.158.250 - - [04/Apr/2017:16:28:00 -0300] "GET /cormun/servlet/solicitudotadjuntos?INS,2017,5922,,1, HTTP/1.1" 200 5795
186.103.158.250 - - [04/Apr/2017:16:28:01 -0300] "GET /cormun/static/about:blank HTTP/1.1" 404 1011
186.103.158.250 - - [04/Apr/2017:16:28:02 -0300] "GET /cormun/servlet/solicitudotadjuntos?INS,2017,5922,,1, HTTP/1.1" 200 5789
186.103.158.250 - - [04/Apr/2017:16:28:02 -0300] "GET /cormun/servlet/solicitudotadjuntos?77b2d0b50baf4eea8afb5fcceed36ffe4d3a57db76bc8cc831414859ba611c651a2445a584ffc2b5225f47643857ca80,gx-no-cache=1491334148832 HTTP/1.1" 200 30
186.103.158.250 - - [04/Apr/2017:16:28:02 -0300] "POST /cormun/servlet/solicitudotadjuntos?44b40f244e0aa4310f997e238e3086b0,INS,2017,5922,,1,,gx-no-cache=1491334148912 HTTP/1.1" 200 3628
186.103.158.250 - - [04/Apr/2017:16:28:06 -0300] "POST /cormun/servlet/solicitudotadjuntos?gx-no-cache=1491334152772 HTTP/1.1" 200 26
186.103.158.250 - - [04/Apr/2017:16:28:14 -0300] "GET /cormun/servlet/solicitudotadjuntos?77b2d0b50baf4eea8afb5fcceed36ffef1d318f3e8186363c1810a02a2e5819f,gx-no-cache=1491334160202 HTTP/1.1" 200 30
186.103.158.250 - - [04/Apr/2017:16:28:14 -0300] "GET /cormun/servlet/solicitudotadjuntos?77b2d0b50baf4eea8afb5fcceed36ffef1d318f3e8186363c1810a02a2e5819f,gx-no-cache=1491334160269 HTTP/1.1" 200 30
186.103.158.250 - - [04/Apr/2017:16:28:14 -0300] "POST /cormun/servlet/solicitudotadjuntos?44b40f244e0aa4310f997e238e3086b0,INS,2017,5922,,1, HTTP/1.1" 200 116
186.103.158.250 - - [04/Apr/2017:16:28:14 -0300] "GET /cormun/servlet/hpexe_return? HTTP/1.1" 200 1013
186.103.158.250 - - [04/Apr/2017:16:28:14 -0300] "GET /cormun/servlet/trsolicitudadjuntos?2017,5922, HTTP/1.1" 200 8479
186.103.158.250 - - [04/Apr/2017:16:28:16 -0300] "GET /cormun/servlet/trsolicitudadjuntos?2017,5922, HTTP/1.1" 200 8476
186.103.158.250 - - [04/Apr/2017:16:28:19 -0300] "GET /cormun/servlet/solicitudotadjuntos?INS,2017,5922,,1, HTTP/1.1" 200 5795
186.103.158.250 - - [04/Apr/2017:16:28:19 -0300] "GET /cormun/static/about:blank HTTP/1.1" 404 1011
186.103.158.250 - - [04/Apr/2017:16:28:20 -0300] "GET /cormun/servlet/solicitudotadjuntos?INS,2017,5922,,1, HTTP/1.1" 200 5789
186.103.158.250 - - [04/Apr/2017:16:28:21 -0300] "GET /cormun/servlet/solicitudotadjuntos?77b2d0b50baf4eea8afb5fcceed36ffe4d3a57db76bc8cc831414859ba611c651a2445a584ffc2b5225f47643857ca80,gx-no-cache=1491334167389 HTTP/1.1" 200 30
186.103.158.250 - - [04/Apr/2017:16:28:21 -0300] "POST /cormun/servlet/solicitudotadjuntos?44b40f244e0aa4310f997e238e3086b0,INS,2017,5922,,1,,gx-no-cache=1491334167460 HTTP/1.1" 200 3628
192.168.10.13 - - [04/Apr/2017:16:28:25 -0300] "GET / HTTP/1.1" 200 11217
186.103.158.250 - - [04/Apr/2017:16:28:30 -0300] "POST /cormun/servlet/solicitudotadjuntos?gx-no-cache=1491334176733 HTTP/1.1" 200 26
200.86.95.220 - - [04/Apr/2017:16:28:45 -0300] "GET /cormun/servlet/hlogin HTTP/1.1" 200 1725
186.103.158.250 - - [04/Apr/2017:16:28:46 -0300] "GET /cormun/servlet/solicitudotadjuntos?77b2d0b50baf4eea8afb5fcceed36ffef1d318f3e8186363c1810a02a2e5819f,gx-no-cache=1491334192353 HTTP/1.1" 200 30
200.86.95.220 - - [04/Apr/2017:16:28:46 -0300] "GET /cormun/servlet/hlogin HTTP/1.1" 200 1735
186.103.158.250 - - [04/Apr/2017:16:28:46 -0300] "GET /cormun/servlet/solicitudotadjuntos?77b2d0b50baf4eea8afb5fcceed36ffef1d318f3e8186363c1810a02a2e5819f,gx-no-cache=1491334192424 HTTP/1.1" 200 30
186.103.158.250 - - [04/Apr/2017:16:28:46 -0300] "POST /cormun/servlet/solicitudotadjuntos?44b40f244e0aa4310f997e238e3086b0,INS,2017,5922,,1, HTTP/1.1" 200 116
186.103.158.250 - - [04/Apr/2017:16:28:46 -0300] "GET /cormun/servlet/hpexe_return? HTTP/1.1" 200 1013
186.103.158.250 - - [04/Apr/2017:16:28:47 -0300] "GET /cormun/servlet/trsolicitudadjuntos?2017,5922, HTTP/1.1" 200 8640
186.103.158.250 - - [04/Apr/2017:16:28:48 -0300] "GET /cormun/servlet/trsolicitudadjuntos?2017,5922, HTTP/1.1" 200 8640
186.103.159.182 - - [04/Apr/2017:16:28:50 -0300] "GET /cormun/servlet/trsolicitudot? HTTP/1.1" 200 10108
186.79.125.97 - - [04/Apr/2017:16:28:51 -0300] "POST /cormun/servlet/solicitudot?bcca2dfad4cf059afe93903ee2aacf01,INS,0,0,,gx-no-cache=1491334202868 HTTP/1.1" 200 93
186.79.125.97 - - [04/Apr/2017:16:28:51 -0300] "GET /cormun/servlet/hpexe_return? HTTP/1.1" 200 1008
186.103.158.250 - - [04/Apr/2017:16:28:52 -0300] "GET /cormun/servlet/solicitudotadjuntos?INS,2017,5922,,1, HTTP/1.1" 200 5796
186.103.159.182 - - [04/Apr/2017:16:28:52 -0300] "GET /cormun/servlet/trsolicitudot? HTTP/1.1" 200 10108
186.103.158.250 - - [04/Apr/2017:16:28:52 -0300] "GET /cormun/static/about:blank HTTP/1.1" 404 1011
186.79.125.97 - - [04/Apr/2017:16:28:52 -0300] "GET /cormun/servlet/trsolicitudot? HTTP/1.1" 200 9092
186.79.125.97 - - [04/Apr/2017:16:28:53 -0300] "GET /cormun/servlet/trsolicitudot? HTTP/1.1" 200 9088
186.103.158.250 - - [04/Apr/2017:16:28:53 -0300] "GET /cormun/servlet/solicitudotadjuntos?INS,2017,5922,,1, HTTP/1.1" 200 5790
186.103.158.250 - - [04/Apr/2017:16:28:53 -0300] "GET /cormun/servlet/solicitudotadjuntos?77b2d0b50baf4eea8afb5fcceed36ffe4d3a57db76bc8cc831414859ba611c651a2445a584ffc2b5225f47643857ca80,gx-no-cache=1491334199867 HTTP/1.1" 200 30
186.103.158.250 - - [04/Apr/2017:16:28:53 -0300] "POST /cormun/servlet/solicitudotadjuntos?44b40f244e0aa4310f997e238e3086b0,INS,2017,5922,,1,,gx-no-cache=1491334199969 HTTP/1.1" 200 3628
200.86.95.220 - - [04/Apr/2017:16:28:57 -0300] "POST /cormun/servlet/hlogin?49e4ba43cf9974189b9d0602e568322b,gx-no-cache=1491334206152 HTTP/1.1" 200 90
200.86.95.220 - - [04/Apr/2017:16:28:57 -0300] "GET /cormun/servlet/hpexe_link HTTP/1.1" 200 953
200.86.95.220 - - [04/Apr/2017:16:28:57 -0300] "GET /cormun/servlet/hhome HTTP/1.1" 200 3769
200.86.95.220 - - [04/Apr/2017:16:28:58 -0300] "GET /cormun/servlet/hhome HTTP/1.1" 200 3766
186.103.158.250 - - [04/Apr/2017:16:29:01 -0300] "POST /cormun/servlet/solicitudotadjuntos?gx-no-cache=1491334207619 HTTP/1.1" 200 26
186.79.125.97 - - [04/Apr/2017:16:29:02 -0300] "GET /cormun/servlet/solicitudot?INS,0,0, HTTP/1.1" 200 12569
186.79.125.97 - - [04/Apr/2017:16:29:04 -0300] "GET /cormun/servlet/solicitudot?INS,0,0, HTTP/1.1" 200 12573
186.103.158.250 - - [04/Apr/2017:16:29:08 -0300] "GET /cormun/servlet/solicitudotadjuntos?77b2d0b50baf4eea8afb5fcceed36ffef1d318f3e8186363c1810a02a2e5819f,gx-no-cache=1491334214833 HTTP/1.1" 200 30
186.103.158.250 - - [04/Apr/2017:16:29:08 -0300] "GET /cormun/servlet/solicitudotadjuntos?77b2d0b50baf4eea8afb5fcceed36ffef1d318f3e8186363c1810a02a2e5819f,gx-no-cache=1491334214861 HTTP/1.1" 200 30
186.103.158.250 - - [04/Apr/2017:16:29:09 -0300] "POST /cormun/servlet/solicitudotadjuntos?44b40f244e0aa4310f997e238e3086b0,INS,2017,5922,,1, HTTP/1.1" 200 116
186.103.158.250 - - [04/Apr/2017:16:29:09 -0300] "GET /cormun/servlet/hpexe_return? HTTP/1.1" 200 1013
186.103.158.250 - - [04/Apr/2017:16:29:10 -0300] "GET /cormun/servlet/trsolicitudadjuntos?2017,5922, HTTP/1.1" 200 8874
186.103.158.250 - - [04/Apr/2017:16:29:11 -0300] "GET /cormun/servlet/trsolicitudadjuntos?2017,5922, HTTP/1.1" 200 8867
192.168.10.13 - - [04/Apr/2017:16:29:25 -0300] "GET / HTTP/1.1" 200 11217
186.103.158.250 - - [04/Apr/2017:16:29:35 -0300] "GET /cormun/servlet/trsolicitudot? HTTP/1.1" 200 7977
186.103.158.250 - - [04/Apr/2017:16:29:37 -0300] "GET /cormun/servlet/trsolicitudot? HTTP/1.1" 200 7971
200.86.95.220 - - [04/Apr/2017:16:29:40 -0300] "GET /cormun/servlet/trlicencias? HTTP/1.1" 200 6612
200.86.95.220 - - [04/Apr/2017:16:29:40 -0300] "GET /cormun/static/gxcfg.js?2016122619301429 HTTP/1.1" 200 953
200.86.95.220 - - [04/Apr/2017:16:29:40 -0300] "GET /cormun/static/trlicencias.js?2016122619301919 HTTP/1.1" 304 -
186.103.158.250 - - [04/Apr/2017:16:29:41 -0300] "POST /cormun/servlet/trsolicitudot?44b40f244e0aa4310f997e238e3086b0,,gx-no-cache=1491334247647 HTTP/1.1" 200 4149
186.103.158.250 - - [04/Apr/2017:16:29:41 -0300] "GET /cormun/static/Shared/jqueryui/images/ui-bg_highlight-soft_100_c6c2c8_1x100.png HTTP/1.1" 404 1117
186.103.158.250 - - [04/Apr/2017:16:29:41 -0300] "GET /cormun/static/Shared/jqueryui/images/ui-icons_82798d_256x240.png HTTP/1.1" 404 1089
186.103.158.250 - - [04/Apr/2017:16:29:41 -0300] "GET /cormun/static/Shared/jqueryui/images/ui-bg_flat_55_fafafa_40x100.png HTTP/1.1" 404 1097
186.103.158.250 - - [04/Apr/2017:16:29:41 -0300] "GET /cormun/static/Shared/jqueryui/images/ui-icons_8d78a5_256x240.png HTTP/1.1" 404 1089
186.103.158.250 - - [04/Apr/2017:16:29:41 -0300] "POST /cormun/servlet/trsolicitudot?44b40f244e0aa4310f997e238e3086b0,,gx-no-cache=1491334248018 HTTP/1.1" 200 3931
186.103.159.44 - - [04/Apr/2017:16:29:42 -0300] "GET /cormun/servlet/hlogin HTTP/1.1" 200 1722
200.86.95.220 - - [04/Apr/2017:16:29:42 -0300] "GET /cormun/servlet/trlicencias? HTTP/1.1" 200 6611
186.79.125.97 - - [04/Apr/2017:16:29:43 -0300] "POST /cormun/servlet/solicitudot?gx-no-cache=1491334255128 HTTP/1.1" 200 3181
186.79.125.97 - - [04/Apr/2017:16:29:45 -0300] "POST /cormun/servlet/solicitudot?bcca2dfad4cf059afe93903ee2aacf01,INS,0,0,,gx-no-cache=1491334256002 HTTP/1.1" 200 9770
200.86.95.220 - - [04/Apr/2017:16:29:47 -0300] "GET /cormun/servlet/licenciaspermisos?INS,0,,, HTTP/1.1" 200 7154
200.86.95.220 - - [04/Apr/2017:16:29:47 -0300] "GET /cormun/static/gxcfg.js?20173291150977 HTTP/1.1" 200 953
200.86.95.220 - - [04/Apr/2017:16:29:47 -0300] "GET /cormun/static/licenciaspermisos.js?201732911501028 HTTP/1.1" 200 34423
200.86.95.220 - - [04/Apr/2017:16:29:48 -0300] "GET /cormun/servlet/licenciaspermisos?INS,0,,, HTTP/1.1" 200 7154
186.79.125.97 - - [04/Apr/2017:16:29:49 -0300] "GET /cormun/servlet/solicitudot?07632ca2b1598e66db30279930c58ea0bc5d054c3c78f13da9ab6684e9fe3cc0275d480f687de965147db97950c29d3e,gx-no-cache=1491334261299 HTTP/1.1" 200 30
186.79.125.97 - - [04/Apr/2017:16:29:49 -0300] "POST /cormun/servlet/solicitudot?gx-no-cache=1491334261452 HTTP/1.1" 200 240
186.79.125.97 - - [04/Apr/2017:16:29:49 -0300] "GET /cormun/servlet/solicitudot?07632ca2b1598e66db30279930c58ea06ab29dd3ca2bfab1b881c68986e5ad3731e9e6a726c6cc6c0b0b15f20988b891f210bcb300c26a4daf79317a2e130ad32bd7253e0b6c2dab1e389e37f4008eaaeb0eb760b9c93eb3c94f75c2190da5e5ae0276d5599dbcfb37c2a7bb9899fd61e747ce0aff06a08abaa21a3427811626168b40c2c5b2d8eac6e3921e1e18d8289137bce526438f7e8d53038fd45115b02cc9586e27dc4782444218aef793d007dd2a56f5ff9da15fa7c8bb96ab7c60fa3c885b40fe21d363f00a2629506e9c3d7402bc46e674b1b97f067651b5a3e954eadfa7dacc1b0246eecff940c1471fa8cde2dc0dddd31562da0eab5a9c4bc391d6f14794668495bd6ddb564f4b371327d4082fa08591748e3c5232b9bbc3e3035b4f9709dacd6662c45c7a9b5d08cd4e07986b3027f34be342fe124e6882132b1e0613f25b0cd7923a42f63ebaa729ef6b0729e7b1bc2ce02954177d233ec86b500c7fab03d11c9964ad1e16aa04946fa82b530a37fcfcf66598e50fde5a4d52,gx-no-cache=1491334261571 HTTP/1.1" 200 30
186.79.125.97 - - [04/Apr/2017:16:29:52 -0300] "POST /cormun/servlet/solicitudot?gx-no-cache=1491334263823 HTTP/1.1" 200 30
186.103.158.250 - - [04/Apr/2017:16:29:55 -0300] "GET /cormun/servlet/hlogin HTTP/1.1" 200 1711
200.86.95.220 - - [04/Apr/2017:16:29:58 -0300] "GET /cormun/servlet/licenciaspermisos?832ac08c9110884af990b2d25635e40951b94f172ab655b38881ff2f2d1f091af9a8f3f2b1539d982ff4610dec92ed66,gx-no-cache=1491334267800 HTTP/1.1" 200 66
200.86.95.220 - - [04/Apr/2017:16:29:58 -0300] "POST /cormun/servlet/licenciaspermisos?49e4ba43cf9974189b9d0602e568322b,INS,0,,,,gx-no-cache=1491334267916 HTTP/1.1" 200 4431
186.79.125.97 - - [04/Apr/2017:16:30:00 -0300] "POST /cormun/servlet/solicitudot?gx-no-cache=1491334271552 HTTP/1.1" 200 1291
186.79.125.97 - - [04/Apr/2017:16:30:00 -0300] "POST /cormun/servlet/solicitudot?gx-no-cache=1491334272149 HTTP/1.1" 200 38
186.103.159.44 - - [04/Apr/2017:16:30:04 -0300] "GET /cormun/servlet/hlogin HTTP/1.1" 200 1722
186.79.125.97 - - [04/Apr/2017:16:30:08 -0300] "GET /cormun/servlet/solicitudot?07632ca2b1598e66db30279930c58ea0dccc86aa0d3e97847b58bc39a56ab374f24196970810b9c205397f669eb0383486ab26fb1db4de5d0ecfe7d057245f90b2af05111c8c8d412930f2d8a61873d5bbc31c9fd26601f729b1d23bc25bab48eb262291443bbe68809019555d36d5810b2b06fd8bffa46c6d8f04a71aa15548593803b2a190fe5689f4ca3859bea6fe59295299445446b781c09b669c8e5314,gx-no-cache=1491334279950 HTTP/1.1" 200 29
186.79.125.97 - - [04/Apr/2017:16:30:08 -0300] "POST /cormun/servlet/solicitudot?gx-no-cache=1491334280110 HTTP/1.1" 200 1275
186.79.125.97 - - [04/Apr/2017:16:30:08 -0300] "POST /cormun/servlet/solicitudot?gx-no-cache=1491334280382 HTTP/1.1" 200 1157
186.103.159.44 - - [04/Apr/2017:16:30:11 -0300] "GET /cormun/servlet/hlogin HTTP/1.1" 200 1732
186.103.158.250 - - [04/Apr/2017:16:30:14 -0300] "POST /cormun/servlet/hlogin?44b40f244e0aa4310f997e238e3086b0,gx-no-cache=1491334280887 HTTP/1.1" 200 417
186.103.158.250 - - [04/Apr/2017:16:30:20 -0300] "POST /cormun/servlet/hlogin?44b40f244e0aa4310f997e238e3086b0,gx-no-cache=1491334286865 HTTP/1.1" 200 417
192.168.10.13 - - [04/Apr/2017:16:30:25 -0300] "GET / HTTP/1.1" 200 11217
186.103.159.44 - - [04/Apr/2017:16:30:25 -0300] "POST /cormun/servlet/hlogin?02e98bdbcaa9f33f840cddac5478d201,gx-no-cache=1491334289214 HTTP/1.1" 200 442
186.103.158.250 - - [04/Apr/2017:16:30:29 -0300] "POST /cormun/servlet/hlogin?44b40f244e0aa4310f997e238e3086b0,gx-no-cache=1491334295771 HTTP/1.1" 200 417
186.79.125.97 - - [04/Apr/2017:16:30:30 -0300] "GET /cormun/servlet/solicitudot?07632ca2b1598e66db30279930c58ea0d3df3ad2fafd1eb0e11d947072c3bae4ace76cd5c66c7e6a0c307baa8a7feb6147faabf030b7dba763cad351a46c07b795025bc498f6ef6c7db41b30b818cf012771debb8cb5042661084ea965dc56f488f872baa28216917533489b5e62dd32dc09e0ead606fe4abaceba4737ecebc18815614801dd314cb8b71a5132ab8d1eb76db0834aa97b093cfc44a4c444749b882f317b48c293b395631719fcdac073,gx-no-cache=1491334301811 HTTP/1.1" 200 30
186.103.159.44 - - [04/Apr/2017:16:30:33 -0300] "POST /cormun/servlet/hlogin?02e98bdbcaa9f33f840cddac5478d201,gx-no-cache=1491334296492 HTTP/1.1" 200 442
186.103.159.44 - - [04/Apr/2017:16:30:36 -0300] "POST /cormun/servlet/hlogin?02e98bdbcaa9f33f840cddac5478d201,gx-no-cache=1491334299562 HTTP/1.1" 200 441
186.103.159.44 - - [04/Apr/2017:16:30:43 -0300] "POST /cormun/servlet/hlogin?02e98bdbcaa9f33f840cddac5478d201,gx-no-cache=1491334306835 HTTP/1.1" 200 442
186.103.158.250 - - [04/Apr/2017:16:30:45 -0300] "GET /cormun/servlet/hlogin HTTP/1.1" 200 1725
186.103.159.44 - - [04/Apr/2017:16:30:55 -0300] "POST /cormun/servlet/hlogin?02e98bdbcaa9f33f840cddac5478d201,gx-no-cache=1491334318683 HTTP/1.1" 200 90
186.103.159.44 - - [04/Apr/2017:16:30:55 -0300] "GET /cormun/servlet/hpexe_link HTTP/1.1" 200 951
186.103.159.44 - - [04/Apr/2017:16:30:55 -0300] "GET /cormun/servlet/hhome HTTP/1.1" 200 3780
186.103.159.44 - - [04/Apr/2017:16:30:59 -0300] "GET /cormun/servlet/trpermisosgoce? HTTP/1.1" 200 8228
186.103.159.44 - - [04/Apr/2017:16:30:59 -0300] "GET /cormun/static/gxcfg.js?20173171154124 HTTP/1.1" 304 -
186.103.159.44 - - [04/Apr/2017:16:31:00 -0300] "GET /cormun/static/trpermisosgoce.js?20173171154177 HTTP/1.1" 304 -
186.103.158.250 - - [04/Apr/2017:16:31:01 -0300] "POST /cormun/servlet/hlogin?b07f2362750998da30446162984b82f2,gx-no-cache=1491334327589 HTTP/1.1" 200 90
186.103.158.250 - - [04/Apr/2017:16:31:01 -0300] "GET /cormun/servlet/hpexe_link HTTP/1.1" 200 955
186.103.158.250 - - [04/Apr/2017:16:31:01 -0300] "GET /cormun/servlet/hhome HTTP/1.1" 200 3962
186.103.158.250 - - [04/Apr/2017:16:31:03 -0300] "GET /cormun/servlet/hhome HTTP/1.1" 200 3959
186.103.159.44 - - [04/Apr/2017:16:31:06 -0300] "GET /cormun/servlet/permisogoce?INS,0,,, HTTP/1.1" 200 6551
186.103.159.44 - - [04/Apr/2017:16:31:06 -0300] "GET /cormun/static/gxcfg.js?201732911503726 HTTP/1.1" 304 -
186.103.159.44 - - [04/Apr/2017:16:31:06 -0300] "GET /cormun/static/permisogoce.js?201732911503774 HTTP/1.1" 304 -
186.103.158.250 - - [04/Apr/2017:16:31:09 -0300] "GET /cormun/servlet/trautorizarsolicitud? HTTP/1.1" 200 8125
186.103.158.250 - - [04/Apr/2017:16:31:09 -0300] "GET /cormun/static/gxui/gxui-all.css?120300 HTTP/1.1" 200 2179
186.103.158.250 - - [04/Apr/2017:16:31:09 -0300] "GET /cormun/static/gxcfg.js?2017259112829 HTTP/1.1" 200 953
186.103.158.250 - - [04/Apr/2017:16:31:09 -0300] "GET /cormun/static/trautorizarsolicitud.js?2017259113483 HTTP/1.1" 304 -
186.103.158.250 - - [04/Apr/2017:16:31:10 -0300] "GET /cormun/static/Shared/ext/resources/css/ext-all.css?215870 HTTP/1.1" 200 416045
186.103.158.250 - - [04/Apr/2017:16:31:11 -0300] "GET /cormun/servlet/trautorizarsolicitud? HTTP/1.1" 200 8124
186.103.159.44 - - [04/Apr/2017:16:31:16 -0300] "GET /cormun/servlet/permisogoce?35eb13981f0e6c3eae8424fd5231a24ef84eb4fe2d743500121c2bd24bcd4d16d6bee94ac2c3cd27aee23a53f74dc649,gx-no-cache=1491334339625 HTTP/1.1" 200 71
186.103.158.250 - - [04/Apr/2017:16:31:20 -0300] "POST /cormun/servlet/trautorizarsolicitud?b07f2362750998da30446162984b82f2,,gx-no-cache=1491334346403 HTTP/1.1" 200 4315
186.103.159.44 - - [04/Apr/2017:16:31:20 -0300] "GET /cormun/static/menuarrow.gif HTTP/1.1" 404 1015
186.103.158.250 - - [04/Apr/2017:16:31:20 -0300] "GET /cormun/static/Shared/jqueryui/images/ui-bg_highlight-soft_100_c6c2c8_1x100.png HTTP/1.1" 404 1117
186.103.158.250 - - [04/Apr/2017:16:31:20 -0300] "GET /cormun/static/Shared/jqueryui/images/ui-icons_82798d_256x240.png HTTP/1.1" 404 1089
186.103.158.250 - - [04/Apr/2017:16:31:20 -0300] "GET /cormun/static/Shared/jqueryui/images/ui-bg_flat_55_fafafa_40x100.png HTTP/1.1" 404 1097
186.103.158.250 - - [04/Apr/2017:16:31:20 -0300] "GET /cormun/static/Shared/jqueryui/images/ui-icons_8d78a5_256x240.png HTTP/1.1" 404 1089
186.103.158.250 - - [04/Apr/2017:16:31:21 -0300] "POST /cormun/servlet/trautorizarsolicitud?b07f2362750998da30446162984b82f2,,gx-no-cache=1491334346827 HTTP/1.1" 200 4098
192.168.10.13 - - [04/Apr/2017:16:31:25 -0300] "GET / HTTP/1.1" 200 11217
186.103.159.44 - - [04/Apr/2017:16:31:25 -0300] "GET /cormun/servlet/permisogoce?35eb13981f0e6c3eae8424fd5231a24e7a493c7ec6f3bdfd3fcdada91035c8abf65412e4f6f4b662261048702e85fa3c779f075681643b5c7f585f48b9e72377,gx-no-cache=1491334349256 HTTP/1.1" 200 47
186.103.159.44 - - [04/Apr/2017:16:31:30 -0300] "POST /cormun/servlet/permisogoce?02e98bdbcaa9f33f840cddac5478d201,INS,0,,,,gx-no-cache=1491334353107 HTTP/1.1" 200 93
186.103.159.44 - - [04/Apr/2017:16:31:30 -0300] "GET /cormun/servlet/hpexe_return? HTTP/1.1" 200 1008
186.103.159.44 - - [04/Apr/2017:16:31:30 -0300] "GET /cormun/servlet/trpermisosgoce HTTP/1.1" 200 8414
186.79.125.97 - - [04/Apr/2017:16:31:32 -0300] "POST /cormun/servlet/solicitudot?bcca2dfad4cf059afe93903ee2aacf01,INS,0,0,,gx-no-cache=1491334362708 HTTP/1.1" 200 93
186.79.125.97 - - [04/Apr/2017:16:31:32 -0300] "GET /cormun/servlet/hpexe_return? HTTP/1.1" 200 1008
186.79.125.97 - - [04/Apr/2017:16:31:33 -0300] "GET /cormun/servlet/trsolicitudot HTTP/1.1" 200 9423
186.79.125.97 - - [04/Apr/2017:16:31:34 -0300] "GET /cormun/servlet/trsolicitudot HTTP/1.1" 200 9418
186.103.159.44 - - [04/Apr/2017:16:31:39 -0300] "GET /cormun/servlet/apermisogoceprn?11067950,P,20170404172607,PU HTTP/1.1" 200 1644
192.168.10.13 - - [04/Apr/2017:16:32:25 -0300] "GET / HTTP/1.1" 200 11217
192.168.10.62 - - [04/Apr/2017:16:33:00 -0300] "GET /cormun/servlet/hlogin HTTP/1.1" 200 1724
192.168.10.62 - - [04/Apr/2017:16:33:10 -0300] "POST /cormun/servlet/hlogin?214293a941bacefad8c822279a3460a3,gx-no-cache=1491337667733 HTTP/1.1" 200 90
192.168.10.62 - - [04/Apr/2017:16:33:10 -0300] "GET /cormun/servlet/hpexe_link HTTP/1.1" 200 953
192.168.10.62 - - [04/Apr/2017:16:33:11 -0300] "GET /cormun/servlet/hhome HTTP/1.1" 200 3794
192.168.10.62 - - [04/Apr/2017:16:33:11 -0300] "GET /cormun/servlet/hhome HTTP/1.1" 200 3790
192.168.10.62 - - [04/Apr/2017:16:33:15 -0300] "GET /cormun/servlet/trsolicitudgral? HTTP/1.1" 200 16178
192.168.10.62 - - [04/Apr/2017:16:33:15 -0300] "GET /cormun/servlet/trsolicitudgral? HTTP/1.1" 200 16176
192.168.10.13 - - [04/Apr/2017:16:33:25 -0300] "GET / HTTP/1.1" 200 11217
192.168.10.62 - - [04/Apr/2017:16:33:26 -0300] "POST /cormun/servlet/trsolicitudgral?214293a941bacefad8c822279a3460a3,,gx-no-cache=1491337683276 HTTP/1.1" 200 6264
192.168.10.62 - - [04/Apr/2017:16:33:29 -0300] "GET /cormun/servlet/vesolicitudgral?2017,5922,, HTTP/1.1" 200 8250
192.168.10.62 - - [04/Apr/2017:16:33:29 -0300] "GET /cormun/static/gxcfg.js?201612218543032 HTTP/1.1" 304 -
192.168.10.62 - - [04/Apr/2017:16:33:29 -0300] "GET /cormun/pexe_scrolldiv.js HTTP/1.1" 404 1009
192.168.10.62 - - [04/Apr/2017:16:33:29 -0300] "GET /cormun/pexe_scrolldiv.js HTTP/1.1" 404 1009
192.168.10.62 - - [04/Apr/2017:16:33:29 -0300] "GET /cormun/static/vesolicitudgral.js?201612218543091 HTTP/1.1" 304 -
192.168.10.62 - - [04/Apr/2017:16:33:29 -0300] "GET /cormun/static/tbsolicitudgral01.js?201731711414126 HTTP/1.1" 304 -
192.168.10.62 - - [04/Apr/2017:16:33:30 -0300] "GET /cormun/servlet/vesolicitudgral?2017,5922,, HTTP/1.1" 200 8249
192.168.10.62 - - [04/Apr/2017:16:33:36 -0300] "GET /cormun/servlet/vesolicitudgral?2017,5922,,SolicitudOTAdjuntos HTTP/1.1" 200 9900
192.168.10.62 - - [04/Apr/2017:16:33:36 -0300] "GET /cormun/pexe_scrolldiv.js HTTP/1.1" 404 1009
192.168.10.62 - - [04/Apr/2017:16:33:36 -0300] "GET /cormun/static/tbsolicitudgral02.js?201612218423933 HTTP/1.1" 304 -
192.168.10.62 - - [04/Apr/2017:16:33:36 -0300] "GET /cormun/pexe_scrolldiv.js HTTP/1.1" 404 1009
192.168.10.62 - - [04/Apr/2017:16:33:37 -0300] "GET /cormun/servlet/vesolicitudgral?2017,5922,,SolicitudOTAdjuntos HTTP/1.1" 200 9901
192.168.10.62 - - [04/Apr/2017:16:33:37 -0300] "POST /cormun/servlet/acontrolpreferencessavestate?None,FGONZALEZG,true HTTP/1.1" 200 35
192.168.10.62 - - [04/Apr/2017:16:33:41 -0300] "POST /cormun/servlet/vesolicitudgral?214293a941bacefad8c822279a3460a3,2017,5922,,SolicitudOTAdjuntos,gx-no-cache=1491337698080 HTTP/1.1" 200 90
192.168.10.62 - - [04/Apr/2017:16:33:41 -0300] "GET /cormun/servlet/hpexe_link HTTP/1.1" 200 978
192.168.10.62 - - [04/Apr/2017:16:33:41 -0300] "GET /cormun/servlet/trsolicitudgral? HTTP/1.1" 200 9310
192.168.10.62 - - [04/Apr/2017:16:33:41 -0300] "GET /cormun/servlet/trsolicitudgral? HTTP/1.1" 200 9308
192.168.10.62 - - [04/Apr/2017:16:33:47 -0300] "POST /cormun/servlet/trsolicitudgral?214293a941bacefad8c822279a3460a3,,gx-no-cache=1491337704357 HTTP/1.1" 200 105
192.168.10.62 - - [04/Apr/2017:16:33:47 -0300] "GET /cormun/SolicitudGral-3699.xls HTTP/1.1" 200 5632
200.86.95.220 - - [04/Apr/2017:16:34:23 -0300] "GET /cormun/static/menuarrow.gif HTTP/1.1" 404 1015
192.168.10.13 - - [04/Apr/2017:16:34:25 -0300] "GET / HTTP/1.1" 200 11217
192.168.10.89 - - [04/Apr/2017:16:34:29 -0300] "GET /cormun/servlet/hlogin HTTP/1.1" 200 1746
192.168.10.96 - - [04/Apr/2017:16:34:29 -0300] "GET /cormun/servlet/trconsultaempleado? HTTP/1.1" 200 6707
192.168.10.96 - - [04/Apr/2017:16:34:30 -0300] "GET /cormun/servlet/trconsultaempleado? HTTP/1.1" 200 6696
192.168.10.96 - - [04/Apr/2017:16:34:36 -0300] "POST /cormun/servlet/trconsultaempleado?3b9f3a2c6b7d808a21842922d82db94b,,gx-no-cache=1491337753136 HTTP/1.1" 200 4420
192.168.10.89 - - [04/Apr/2017:16:34:36 -0300] "POST /cormun/servlet/hlogin?4ce23dd5fc0c8cc42f71b95a31a4c070,gx-no-cache=1491337753885 HTTP/1.1" 200 456
192.168.10.96 - - [04/Apr/2017:16:34:38 -0300] "GET /cormun/servlet/trsolicitudnombre?15945720, HTTP/1.1" 200 7599
192.168.10.96 - - [04/Apr/2017:16:34:38 -0300] "GET /cormun/servlet/trsolicitudnombre?15945720, HTTP/1.1" 200 7602
192.168.10.96 - - [04/Apr/2017:16:34:40 -0300] "GET /cormun/servlet/vesolicitudnombre?2017,5412,, HTTP/1.1" 200 8495
192.168.10.96 - - [04/Apr/2017:16:34:40 -0300] "GET /cormun/pexe_scrolldiv.js HTTP/1.1" 404 1009
192.168.10.96 - - [04/Apr/2017:16:34:40 -0300] "GET /cormun/pexe_scrolldiv.js HTTP/1.1" 404 1009
192.168.10.89 - - [04/Apr/2017:16:34:40 -0300] "POST /cormun/servlet/hlogin?4ce23dd5fc0c8cc42f71b95a31a4c070,gx-no-cache=1491337757607 HTTP/1.1" 200 90
192.168.10.89 - - [04/Apr/2017:16:34:40 -0300] "GET /cormun/servlet/hpexe_link HTTP/1.1" 200 954
192.168.10.96 - - [04/Apr/2017:16:34:40 -0300] "GET /cormun/servlet/vesolicitudnombre?2017,5412,, HTTP/1.1" 200 8489
192.168.10.96 - - [04/Apr/2017:16:34:42 -0300] "GET /cormun/servlet/vesolicitudnombre?2017,5412,,SolicitudOTAdjuntos HTTP/1.1" 200 10385
