192.168.10.96 - - [04/Apr/2017:16:11:32 -0300] "GET /cormun/PublicTempStorage/img57883465.jpg HTTP/1.1" 200 1396027
192.168.10.96 - - [04/Apr/2017:16:11:37 -0300] "GET /cormun/servlet/vesolicitudnombre?2017,4831,,SolicitudOTAdjuntos HTTP/1.1" 200 10586
200.73.230.173 - - [04/Apr/2017:16:11:38 -0300] "GET /cormun/servlet/atrazos?848119886bd1b97547c80f5dc1e433922044777d02bbf1ea84f780236fe1f3aea489ce0136df01b184630c8700a126f0,gx-no-cache=1491333164130 HTTP/1.1" 200 33
192.168.10.96 - - [04/Apr/2017:16:11:38 -0300] "GET /cormun/servlet/vesolicitudnombre?2017,4831,,SolicitudOTAdjuntos HTTP/1.1" 200 10590
192.168.10.96 - - [04/Apr/2017:16:11:38 -0300] "POST /cormun/servlet/acontrolpreferencessavestate?None,DZAMUDIO,true HTTP/1.1" 200 35
192.168.10.96 - - [04/Apr/2017:16:11:41 -0300] "GET /cormun/PublicTempStorage/img5691390121.jpg HTTP/1.1" 200 904097
192.168.10.96 - - [04/Apr/2017:16:11:43 -0300] "GET /cormun/servlet/vesolicitudnombre?2017,4831,,SolicitudOTAdjuntos HTTP/1.1" 200 10586
192.168.10.96 - - [04/Apr/2017:16:11:44 -0300] "GET /cormun/servlet/vesolicitudnombre?2017,4831,,SolicitudOTAdjuntos HTTP/1.1" 200 10585
192.168.10.96 - - [04/Apr/2017:16:11:44 -0300] "POST /cormun/servlet/acontrolpreferencessavestate?None,DZAMUDIO,true HTTP/1.1" 200 35
192.168.10.96 - - [04/Apr/2017:16:11:48 -0300] "GET /cormun/PublicTempStorage/img572543323.jpg HTTP/1.1" 200 721181
192.168.10.96 - - [04/Apr/2017:16:11:50 -0300] "GET /cormun/servlet/vesolicitudnombre?2017,4831,,SolicitudOTAdjuntos HTTP/1.1" 200 10588
192.168.10.96 - - [04/Apr/2017:16:11:51 -0300] "GET /cormun/servlet/vesolicitudnombre?2017,4831,,SolicitudOTAdjuntos HTTP/1.1" 200 10591
192.168.10.96 - - [04/Apr/2017:16:11:51 -0300] "POST /cormun/servlet/acontrolpreferencessavestate?None,DZAMUDIO,true HTTP/1.1" 200 35
192.168.10.96 - - [04/Apr/2017:16:11:52 -0300] "GET /cormun/PublicTempStorage/img5737658805.jpg HTTP/1.1" 200 455442
192.168.10.96 - - [04/Apr/2017:16:11:55 -0300] "GET /cormun/servlet/vesolicitudnombre?2017,4831,,SolicitudOTAdjuntos HTTP/1.1" 200 10587
192.168.10.96 - - [04/Apr/2017:16:11:56 -0300] "GET /cormun/servlet/vesolicitudnombre?2017,4831,,SolicitudOTAdjuntos HTTP/1.1" 200 10591
192.168.10.96 - - [04/Apr/2017:16:11:56 -0300] "POST /cormun/servlet/acontrolpreferencessavestate?None,DZAMUDIO,true HTTP/1.1" 200 35
192.168.10.96 - - [04/Apr/2017:16:11:56 -0300] "GET /cormun/PublicTempStorage/img5747984156.jpg HTTP/1.1" 200 519055
200.73.230.173 - - [04/Apr/2017:16:11:57 -0300] "GET /cormun/servlet/atrazos?848119886bd1b97547c80f5dc1e4339233a31ffd50e37a4d571d48de72a96e0ded01d4c7aa2edcb8e494a41042aa7488d651274e6c73409df0bb1f1573d34a725d466bd0af4018115a1bcb0e1d93ece216a274cd654c1745a0e5350cf9adf6ab191a7617a12e051fbb2d933be1a689c7026a16260794992c4a8a2789dc2a987e775647f7a6b713992b3cb91c1cea5a279adbc115aced255e1a67bde4cb640db6,gx-no-cache=1491333183557 HTTP/1.1" 200 42
192.168.10.96 - - [04/Apr/2017:16:11:59 -0300] "GET /cormun/servlet/vesolicitudnombre?2017,4831,,SolicitudOTAdjuntos HTTP/1.1" 200 10585
192.168.10.96 - - [04/Apr/2017:16:12:00 -0300] "GET /cormun/servlet/vesolicitudnombre?2017,4831,,SolicitudOTAdjuntos HTTP/1.1" 200 10584
192.168.10.96 - - [04/Apr/2017:16:12:01 -0300] "POST /cormun/servlet/acontrolpreferencessavestate?None,DZAMUDIO,true HTTP/1.1" 200 35
192.168.10.96 - - [04/Apr/2017:16:12:04 -0300] "GET /cormun/PublicTempStorage/img5718793558.jpg HTTP/1.1" 200 1086850
200.73.230.173 - - [04/Apr/2017:16:12:07 -0300] "POST /cormun/servlet/atrazos?9c76ffc0d7de1049d8fe59e217195757,INS,0,,gx-no-cache=1491333193097 HTTP/1.1" 200 93
200.73.230.173 - - [04/Apr/2017:16:12:07 -0300] "GET /cormun/servlet/hpexe_return? HTTP/1.1" 200 1004
192.168.10.96 - - [04/Apr/2017:16:12:07 -0300] "GET /cormun/servlet/vesolicitudnombre?2017,4831,,SolicitudOTAdjuntos HTTP/1.1" 200 10585
200.73.230.173 - - [04/Apr/2017:16:12:08 -0300] "GET /cormun/servlet/tratrazos HTTP/1.1" 200 10278
200.73.230.173 - - [04/Apr/2017:16:12:08 -0300] "GET /cormun/servlet/tratrazos HTTP/1.1" 200 10274
192.168.10.96 - - [04/Apr/2017:16:12:08 -0300] "GET /cormun/servlet/vesolicitudnombre?2017,4831,,SolicitudOTAdjuntos HTTP/1.1" 200 10589
192.168.10.96 - - [04/Apr/2017:16:12:09 -0300] "POST /cormun/servlet/acontrolpreferencessavestate?None,DZAMUDIO,true HTTP/1.1" 200 35
192.168.10.96 - - [04/Apr/2017:16:12:10 -0300] "GET /cormun/PublicTempStorage/img577923893.jpg HTTP/1.1" 200 930076
192.168.10.96 - - [04/Apr/2017:16:12:14 -0300] "GET /cormun/servlet/vesolicitudnombre?2017,4831,,SolicitudOTAdjuntos HTTP/1.1" 200 10585
192.168.10.96 - - [04/Apr/2017:16:12:15 -0300] "GET /cormun/servlet/vesolicitudnombre?2017,4831,,SolicitudOTAdjuntos HTTP/1.1" 200 10587
192.168.10.96 - - [04/Apr/2017:16:12:15 -0300] "POST /cormun/servlet/acontrolpreferencessavestate?None,DZAMUDIO,true HTTP/1.1" 200 35
186.103.159.183 - - [04/Apr/2017:16:12:25 -0300] "POST /cormun/servlet/solicitudot?gx-no-cache=1491333217309 HTTP/1.1" 200 297
186.103.159.183 - - [04/Apr/2017:16:12:25 -0300] "GET /cormun/servlet/solicitudot?b12a1d1dc0c67124b911fc0521407a9f08977f32473773939763aca74b2d6e0d7fcaa975efde6b09f91d8837326b642ad28f81122ee4e1572f319846434731462657d9c14351f87d03e0cba365dd1356c7d6320e8dc6fdfe7c1ac2dc8d0e6820e4adcf10b5d9e9d98985a7ea24fc57f935efbd5a5cbe1fc0ee055c5fb76f60dea0cdcdfa24450c4cad61a93bbc73484dfcb9b3f2f8067015056e740261517fd79522427ac29300e35450642b32a7210cf75eeccd79fde07050d295b961ba04cad72c8c3b3f943a8f56980e6b7fa51b03101275a6119ce1fe7055147f9bda59e1e63590b3b38f62dff7cf1f989c4c18dfe9b86bf11700c37cecaebfbd908673c27aacfb65c236ecc27a49edaf7dea2120d8f8e66152a3a13df88fbe3c66feee662556821de3eb68d97c4bc0c4597983dc15fc24bda51e4dad4f3a8c1ef0e7c14a757efdefc09a483e32480752b12e1ba7cef7bf1fde0b2c8dbd35a69a688890a18bc3b0e5e2ef24fc34b5479e8508d82cfea06695535c9aaec7c0511858672f1f333ced5426ac77a35ebb57a989442b1f,gx-no-cache=1491333217463 HTTP/1.1" 200 30
192.168.10.13 - - [04/Apr/2017:16:12:25 -0300] "GET / HTTP/1.1" 200 11217
186.103.159.183 - - [04/Apr/2017:16:12:25 -0300] "POST /cormun/servlet/solicitudot?gx-no-cache=1491333217551 HTTP/1.1" 200 30
186.103.159.183 - - [04/Apr/2017:16:12:25 -0300] "POST /cormun/servlet/solicitudot?gx-no-cache=1491333217718 HTTP/1.1" 200 235
186.103.159.183 - - [04/Apr/2017:16:12:25 -0300] "POST /cormun/servlet/solicitudot?gx-no-cache=1491333217945 HTTP/1.1" 200 38
186.103.196.90 - - [04/Apr/2017:16:12:50 -0300] "GET /cormun/servlet/hlogin HTTP/1.1" 200 1728
186.103.196.90 - - [04/Apr/2017:16:12:50 -0300] "GET /cormun/static/gxcfg.js?201731711485472 HTTP/1.1" 304 -
186.103.196.90 - - [04/Apr/2017:16:12:51 -0300] "GET /cormun/servlet/hlogin HTTP/1.1" 200 1731
186.103.196.90 - - [04/Apr/2017:16:12:52 -0300] "POST /cormun/servlet/hlogin?cea1d11718873ea3ac8eaea260455109,gx-no-cache=1491333237871 HTTP/1.1" 200 90
186.103.196.90 - - [04/Apr/2017:16:12:52 -0300] "GET /cormun/servlet/hpexe_link HTTP/1.1" 200 951
186.103.196.90 - - [04/Apr/2017:16:12:53 -0300] "GET /cormun/static/gxcfg.js?201731711483381 HTTP/1.1" 304 -
186.103.196.90 - - [04/Apr/2017:16:12:53 -0300] "GET /cormun/servlet/hhome HTTP/1.1" 200 3970
186.103.196.90 - - [04/Apr/2017:16:12:53 -0300] "GET /cormun/static/gxcfg.js?201731711483497 HTTP/1.1" 304 -
186.103.196.90 - - [04/Apr/2017:16:12:54 -0300] "GET /cormun/servlet/hhome HTTP/1.1" 200 3966
190.151.99.26 - - [04/Apr/2017:16:12:59 -0300] "GET /cormun/servlet/trsolicitudot? HTTP/1.1" 200 8275
190.151.99.26 - - [04/Apr/2017:16:12:59 -0300] "GET /cormun/static/gxcfg.js?201731711505139 HTTP/1.1" 200 953
190.151.99.26 - - [04/Apr/2017:16:13:00 -0300] "GET /cormun/static/trsolicitudot.js?20173171151116 HTTP/1.1" 304 -
190.151.99.26 - - [04/Apr/2017:16:13:00 -0300] "GET /cormun/servlet/trsolicitudot? HTTP/1.1" 200 8276
186.103.159.183 - - [04/Apr/2017:16:13:24 -0300] "GET /cormun/servlet/solicitudot?b12a1d1dc0c67124b911fc0521407a9f74242efceb89f09bef452d56e3e8171d18fd3741db21956540d8643ab65c8ac5d8817e4944d101702fc343d4e206cef537b30bb3d2ddd9704d35bd6031fa16cafb848ebde44f0c794b3693cda1b13e6e88c6baca99c88a590226b7d493100418,gx-no-cache=1491333277211 HTTP/1.1" 200 29
186.103.159.183 - - [04/Apr/2017:16:13:25 -0300] "POST /cormun/servlet/solicitudot?gx-no-cache=1491333277386 HTTP/1.1" 200 643
192.168.10.13 - - [04/Apr/2017:16:13:25 -0300] "GET / HTTP/1.1" 200 11217
186.103.159.183 - - [04/Apr/2017:16:13:26 -0300] "POST /cormun/servlet/solicitudot?gx-no-cache=1491333278358 HTTP/1.1" 200 1157
186.103.159.183 - - [04/Apr/2017:16:13:27 -0300] "GET /cormun/static/menuarrow.gif HTTP/1.1" 404 1015
186.103.159.183 - - [04/Apr/2017:16:13:43 -0300] "GET /cormun/servlet/solicitudot?b12a1d1dc0c67124b911fc0521407a9f2b7277bf41f789e05ed363d5bd4976b5a3fc7701b69012561f985ad0f1aea3b99178efd1eaec60df8d41a2d46abe3eeef6f5eb093d525fec1ea684aa492c5fb2a41ae74858b281aef8f75da9ad74190af26407c35691b83e7280de01bc2b35800d01f21683bcfd97a728cc307ef74dc7199966a7b28248cacab64b2c865b91ff6737aba6241c7e351406da3734d68a71f41fc1f1f8aa0039496b7790a7744236,gx-no-cache=1491333296059 HTTP/1.1" 200 30
186.103.159.182 - - [04/Apr/2017:16:13:51 -0300] "GET /cormun/servlet/trlicencias? HTTP/1.1" 200 5987
186.103.159.182 - - [04/Apr/2017:16:13:53 -0300] "GET /cormun/servlet/trlicencias? HTTP/1.1" 200 5979
186.103.159.182 - - [04/Apr/2017:16:13:53 -0300] "GET /cormun/servlet/hlogin HTTP/1.1" 200 1741
190.151.124.170 - - [04/Apr/2017:16:13:57 -0300] "GET /cormun/servlet/trcontratosolicitud? HTTP/1.1" 200 13102
186.103.196.90 - - [04/Apr/2017:16:13:57 -0300] "GET /cormun/static/gxcfg.js?20171317451682 HTTP/1.1" 200 953
190.151.124.170 - - [04/Apr/2017:16:13:57 -0300] "GET /cormun/static/trcontratosolicitud.js?20171317452124 HTTP/1.1" 200 28173
186.103.196.90 - - [04/Apr/2017:16:13:58 -0300] "GET /cormun//static/Resources/PXToolsGridNew.png HTTP/1.1" 200 2949
186.103.196.90 - - [04/Apr/2017:16:13:58 -0300] "GET /cormun//static/Resources/PXToolsActionDisabled.gif HTTP/1.1" 200 53
190.151.124.170 - - [04/Apr/2017:16:13:58 -0300] "GET /cormun/servlet/trcontratosolicitud? HTTP/1.1" 200 13105
186.103.159.182 - - [04/Apr/2017:16:13:59 -0300] "POST /cormun/servlet/hlogin?8bb90ed67ee736b7fbf7b3162e061a53,gx-no-cache=1491333304288 HTTP/1.1" 200 90
186.103.159.182 - - [04/Apr/2017:16:13:59 -0300] "GET /cormun/servlet/hpexe_link HTTP/1.1" 200 960
186.103.159.182 - - [04/Apr/2017:16:13:59 -0300] "GET /cormun/servlet/trlicencias HTTP/1.1" 200 6752
186.103.159.182 - - [04/Apr/2017:16:14:01 -0300] "GET /cormun/servlet/trlicencias HTTP/1.1" 200 6750
186.79.131.174 - - [04/Apr/2017:16:14:04 -0300] "GET /cormun/servlet/hlogin HTTP/1.1" 200 1728
186.79.131.174 - - [04/Apr/2017:16:14:15 -0300] "POST /cormun/servlet/hlogin?7f94d41313a56fd211768c8d45dec68c,gx-no-cache=1491333319030 HTTP/1.1" 200 90
186.79.131.174 - - [04/Apr/2017:16:14:15 -0300] "GET /cormun/servlet/hpexe_link HTTP/1.1" 200 961
186.79.131.174 - - [04/Apr/2017:16:14:15 -0300] "GET /cormun/servlet/trpermisosgoce HTTP/1.1" 200 8183
186.79.131.174 - - [04/Apr/2017:16:14:17 -0300] "GET /cormun/servlet/trpermisosgoce HTTP/1.1" 200 8182
186.103.159.182 - - [04/Apr/2017:16:14:22 -0300] "GET /cormun/servlet/licenciaspermisos?INS,0,,, HTTP/1.1" 200 7470
186.103.159.182 - - [04/Apr/2017:16:14:23 -0300] "GET /cormun/servlet/licenciaspermisos?INS,0,,, HTTP/1.1" 200 7478
186.79.131.174 - - [04/Apr/2017:16:14:24 -0300] "GET /cormun/servlet/permisogoce?INS,0,,, HTTP/1.1" 200 6516
192.168.10.13 - - [04/Apr/2017:16:14:25 -0300] "GET / HTTP/1.1" 200 11217
186.79.131.174 - - [04/Apr/2017:16:14:26 -0300] "GET /cormun/servlet/permisogoce?INS,0,,, HTTP/1.1" 200 6516
190.151.124.170 - - [04/Apr/2017:16:14:36 -0300] "GET /cormun/servlet/trsolicitudot? HTTP/1.1" 200 8276
190.151.124.170 - - [04/Apr/2017:16:14:37 -0300] "GET /cormun/servlet/trsolicitudot? HTTP/1.1" 200 8276
186.103.159.182 - - [04/Apr/2017:16:14:46 -0300] "GET /cormun/servlet/licenciaspermisos?89fec87709e83a823d587ef2390543d0ab6a0fcd08274441ee8159cf507ea7b27a32e5b95e4d2422b74ec5bad726f534,gx-no-cache=1491333352075 HTTP/1.1" 200 63
186.103.159.182 - - [04/Apr/2017:16:14:46 -0300] "POST /cormun/servlet/licenciaspermisos?8bb90ed67ee736b7fbf7b3162e061a53,INS,0,,,,gx-no-cache=1491333352183 HTTP/1.1" 200 4627
186.103.196.90 - - [04/Apr/2017:16:14:47 -0300] "GET /cormun/servlet/solicitudot?INS,0,0, HTTP/1.1" 200 12778
186.103.196.84 - - [04/Apr/2017:16:14:47 -0300] "GET /cormun/static/gxcfg.js?20171191042720 HTTP/1.1" 200 953
186.103.196.90 - - [04/Apr/2017:16:14:48 -0300] "GET /cormun/static/solicitudot.js?2017119104297 HTTP/1.1" 304 -
186.103.196.90 - - [04/Apr/2017:16:14:48 -0300] "GET /cormun/servlet/solicitudot?INS,0,0, HTTP/1.1" 200 12782
186.103.196.84 - - [04/Apr/2017:16:14:52 -0300] "GET /cormun/servlet/prfichaempleado?,MD,,gxPopupLevel%3D0%3B HTTP/1.1" 200 8798
186.103.196.84 - - [04/Apr/2017:16:14:52 -0300] "GET /cormun/static/gxcfg.js?2017319125415 HTTP/1.1" 304 -
186.79.131.174 - - [04/Apr/2017:16:14:54 -0300] "GET /cormun/servlet/prfichaempleado?,MD,,gxPopupLevel%3D0%3B HTTP/1.1" 200 8762
186.79.131.174 - - [04/Apr/2017:16:15:09 -0300] "POST /cormun/servlet/prfichaempleado?7f94d41313a56fd211768c8d45dec68c,,MD,,gxPopupLevel%3D0%3B,gx-no-cache=1491333372702 HTTP/1.1" 200 3402
190.151.99.26 - - [04/Apr/2017:16:15:19 -0300] "POST /cormun/servlet/solicitudot?gx-no-cache=1491333384635 HTTP/1.1" 200 3081
190.151.99.26 - - [04/Apr/2017:16:15:19 -0300] "POST /cormun/servlet/solicitudot?cea1d11718873ea3ac8eaea260455109,INS,0,0,,gx-no-cache=1491333384958 HTTP/1.1" 200 9864
190.151.99.26 - - [04/Apr/2017:16:15:23 -0300] "GET /cormun/servlet/solicitudot?12272b1b2df70eafac7f0eb43f2e3b7ed7b0545842191f44e591fabf176755568ab66cbf24e7613706876b8ce8e880f7,gx-no-cache=1491333388696 HTTP/1.1" 200 30
192.168.10.13 - - [04/Apr/2017:16:15:25 -0300] "GET / HTTP/1.1" 200 11217
186.79.131.174 - - [04/Apr/2017:16:15:32 -0300] "GET /cormun/servlet/permisogoce?9e2e9d037334cf35e78c793c0298ad7aee572962bd4f07ac34da3f586499428c8ea9da6697ea8ec7746f4230ab741b9c,gx-no-cache=1491333396196 HTTP/1.1" 200 75
186.79.131.174 - - [04/Apr/2017:16:15:32 -0300] "GET /cormun/static/menuarrow.gif HTTP/1.1" 404 1015
186.103.159.183 - - [04/Apr/2017:16:15:34 -0300] "GET /cormun/servlet/solicitudot?b12a1d1dc0c67124b911fc0521407a9f2b7277bf41f789e05ed363d5bd4976b5a3fc7701b69012561f985ad0f1aea3b99178efd1eaec60df8d41a2d46abe3eeef6f5eb093d525fec1ea684aa492c5fb2a41ae74858b281aef8f75da9ad74190af26407c35691b83e7280de01bc2b35800d01f21683bcfd97a728cc307ef74dc7199966a7b28248cacab64b2c865b91ff6737aba6241c7e351406da3734d68a71f41fc1f1f8aa0039496b7790a7744236,gx-no-cache=1491333403756 HTTP/1.1" 200 30
186.103.159.183 - - [04/Apr/2017:16:15:39 -0300] "GET /cormun/servlet/solicitudot?b12a1d1dc0c67124b911fc0521407a9f08977f32473773939763aca74b2d6e0d7fcaa975efde6b09f91d8837326b642ad28f81122ee4e1572f319846434731462657d9c14351f87d03e0cba365dd1356c7d6320e8dc6fdfe7c1ac2dc8d0e6820e4adcf10b5d9e9d98985a7ea24fc57f935efbd5a5cbe1fc0ee055c5fb76f60dea0cdcdfa24450c4cad61a93bbc73484dfcb9b3f2f8067015056e740261517fd79522427ac29300e35450642b32a7210cf75eeccd79fde07050d295b961ba04cad72c8c3b3f943a8f56980e6b7fa51b03101275a6119ce1fe7055147f9bda59e1e63590b3b38f62dff7cf1f989c4c18dfe9b86bf11700c37cecaebfbd908673c27aacfb65c236ecc27a49edaf7dea2120d8f8e66152a3a13df88fbe3c66feee662556821de3eb68d97c4bc0c4597983dc15fc24bda51e4dad4f3a8c1ef0e7c14a757efdefc09a483e32480752b12e1ba7cef7bf1fde0b2c8dbd35a69a688890a18bc3b0e5e2ef24fc34b5479e8508d82cf178c4af7bf6dbf2e5aa404774cf92e5333ced5426ac77a35ebb57a989442b1f,gx-no-cache=1491333411954 HTTP/1.1" 200 30
186.103.159.183 - - [04/Apr/2017:16:15:39 -0300] "POST /cormun/servlet/solicitudot?gx-no-cache=1491333411992 HTTP/1.1" 200 30
186.103.159.183 - - [04/Apr/2017:16:15:40 -0300] "POST /cormun/servlet/solicitudot?gx-no-cache=1491333412099 HTTP/1.1" 200 1287
186.103.159.183 - - [04/Apr/2017:16:15:40 -0300] "POST /cormun/servlet/solicitudot?gx-no-cache=1491333412657 HTTP/1.1" 200 41
186.103.159.183 - - [04/Apr/2017:16:15:40 -0300] "POST /cormun/servlet/solicitudot?gx-no-cache=1491333412796 HTTP/1.1" 200 1275
186.103.159.183 - - [04/Apr/2017:16:15:40 -0300] "POST /cormun/servlet/solicitudot?gx-no-cache=1491333412926 HTTP/1.1" 200 1156
186.103.159.183 - - [04/Apr/2017:16:15:40 -0300] "GET /cormun/servlet/solicitudot?b12a1d1dc0c67124b911fc0521407a9f2b7277bf41f789e05ed363d5bd4976b5a3fc7701b69012561f985ad0f1aea3b99178efd1eaec60df8d41a2d46abe3eeef6f5eb093d525fec1ea684aa492c5fb2a41ae74858b281aef8f75da9ad74190af26407c35691b83e7280de01bc2b35800d01f21683bcfd97a728cc307ef74dc7199966a7b28248cacab64b2c865b91ff6737aba6241c7e351406da3734d68a71f41fc1f1f8aa0039496b7790a7744236,gx-no-cache=1491333413051 HTTP/1.1" 200 30
186.103.159.183 - - [04/Apr/2017:16:15:41 -0300] "POST /cormun/servlet/solicitudot?b791b6e293f3fdd45e003d32d701bb27,INS,0,0,,gx-no-cache=1491333413146 HTTP/1.1" 200 93
186.103.159.183 - - [04/Apr/2017:16:15:41 -0300] "GET /cormun/servlet/hpexe_return? HTTP/1.1" 200 1008
186.103.159.183 - - [04/Apr/2017:16:15:41 -0300] "GET /cormun/static/gxcfg.js?2016101716175148 HTTP/1.1" 200 953
186.103.159.183 - - [04/Apr/2017:16:15:41 -0300] "GET /cormun/static/hpexe_return.js?2016101716175153 HTTP/1.1" 200 1633
186.103.159.183 - - [04/Apr/2017:16:15:41 -0300] "GET /cormun/static/Resources/Spanish/PXTools.css?167811 HTTP/1.1" 200 89042
186.103.159.183 - - [04/Apr/2017:16:15:41 -0300] "GET /cormun/servlet/trsolicitudot HTTP/1.1" 200 8252
186.103.159.183 - - [04/Apr/2017:16:15:42 -0300] "GET /cormun//static/Resources/PXToolsRemoveAllAction.png HTTP/1.1" 200 3558
186.103.159.183 - - [04/Apr/2017:16:15:42 -0300] "GET /cormun//static/Resources/PXToolsActionView.png HTTP/1.1" 200 2995
186.103.159.183 - - [04/Apr/2017:16:15:42 -0300] "GET /cormun//static/Resources/PXToolsGridUpdate.png HTTP/1.1" 200 2984
186.103.159.183 - - [04/Apr/2017:16:15:42 -0300] "GET /cormun//static/Resources/PXToolsGridDelete.png HTTP/1.1" 200 357
186.103.159.183 - - [04/Apr/2017:16:15:42 -0300] "GET /cormun//static/Resources/PXTools/ActionInsert.png HTTP/1.1" 200 1482
186.103.159.183 - - [04/Apr/2017:16:15:42 -0300] "GET /cormun/servlet/trsolicitudot HTTP/1.1" 200 8248
186.103.159.183 - - [04/Apr/2017:16:15:46 -0300] "POST /cormun/servlet/trsolicitudot?b791b6e293f3fdd45e003d32d701bb27,gx-no-cache=1491333418686 HTTP/1.1" 200 105
186.103.159.183 - - [04/Apr/2017:16:15:46 -0300] "GET /cormun/servlet/solicitudot?UPD,2017,5921, HTTP/1.1" 200 14498
186.103.159.183 - - [04/Apr/2017:16:15:48 -0300] "GET /cormun/servlet/solicitudot?UPD,2017,5921, HTTP/1.1" 200 14507
186.103.159.183 - - [04/Apr/2017:16:15:49 -0300] "POST /cormun/servlet/solicitudot?gx-no-cache=1491333420964 HTTP/1.1" 200 3169
186.103.159.183 - - [04/Apr/2017:16:15:49 -0300] "POST /cormun/servlet/solicitudot?b791b6e293f3fdd45e003d32d701bb27,UPD,2017,5921,,gx-no-cache=1491333421487 HTTP/1.1" 200 11049
186.103.159.183 - - [04/Apr/2017:16:15:49 -0300] "GET /cormun/servlet/solicitudot?b12a1d1dc0c67124b911fc0521407a9f183b5d4b1f8d9784d54255a3aed843678823893aac04493c6795c3eaa7b1b581,gx-no-cache=1491333422016 HTTP/1.1" 200 30
186.103.159.183 - - [04/Apr/2017:16:15:49 -0300] "POST /cormun/servlet/solicitudot?gx-no-cache=1491333422096 HTTP/1.1" 200 297
186.103.159.183 - - [04/Apr/2017:16:15:49 -0300] "GET /cormun/servlet/solicitudot?b12a1d1dc0c67124b911fc0521407a9f08977f32473773939763aca74b2d6e0d7fcaa975efde6b09f91d8837326b642ad28f81122ee4e1572f319846434731462657d9c14351f87d03e0cba365dd1356c7d6320e8dc6fdfe7c1ac2dc8d0e6820e4adcf10b5d9e9d98985a7ea24fc57f935efbd5a5cbe1fc0ee055c5fb76f60dea0cdcdfa24450c4cad61a93bbc73484dfcb9b3f2f8067015056e740261517fd79522427ac29300e35450642b32a7210cf75eeccd79fde07050d295b961ba04cad72c8c3b3f943a8f56980e6b7fa51b03101275a6119ce1fe7055147f9bda59e1e63590b3b38f62dff7cf1f989c4c18dfe9b86bf11700c37cecaebfbd908673c27aacfb65c236ecc27a49edaf7dea2120d8f8e66152a3a13df88fbe3c66feee662556821de3eb68d97c4bc0c4597983dc15fc24bda51e4dad4f3a8c1ef0e7c14a757efdefc09a483e32480752b12e1ba7cef7bf1fde0b2c8dbd35a69a688890a18bc3b0e5e2ef24fc34b5479e8508d82cf178c4af7bf6dbf2e5aa404774cf92e5333ced5426ac77a35ebb57a989442b1f,gx-no-cache=1491333422199 HTTP/1.1" 200 30
186.103.159.183 - - [04/Apr/2017:16:15:49 -0300] "POST /cormun/servlet/solicitudot?gx-no-cache=1491333422278 HTTP/1.1" 200 30
186.103.159.183 - - [04/Apr/2017:16:15:50 -0300] "POST /cormun/servlet/solicitudot?gx-no-cache=1491333422477 HTTP/1.1" 200 1287
186.103.159.183 - - [04/Apr/2017:16:15:50 -0300] "POST /cormun/servlet/solicitudot?gx-no-cache=1491333422712 HTTP/1.1" 200 41
186.103.159.183 - - [04/Apr/2017:16:15:53 -0300] "POST /cormun/servlet/solicitudot?gx-no-cache=1491333425775 HTTP/1.1" 200 30
186.79.131.174 - - [04/Apr/2017:16:15:59 -0300] "GET /cormun/servlet/permisogoce?9e2e9d037334cf35e78c793c0298ad7a7efff46eb37454ffbee4beb34a9d63d70ff8682465cafa72083cf62b461de666bee37af8175da2ba366f014cdf29f6a8,gx-no-cache=1491333423824 HTTP/1.1" 200 48
186.103.159.183 - - [04/Apr/2017:16:16:00 -0300] "POST /cormun/servlet/solicitudot?gx-no-cache=1491333433119 HTTP/1.1" 200 1287
186.103.159.183 - - [04/Apr/2017:16:16:01 -0300] "POST /cormun/servlet/solicitudot?gx-no-cache=1491333433367 HTTP/1.1" 200 41
186.103.159.183 - - [04/Apr/2017:16:16:01 -0300] "GET /cormun/servlet/solicitudot?b12a1d1dc0c67124b911fc0521407a9f0c9c5455726312107bed3a283decb9a3c4ff451195e6ac7b50c31617a4885f06ac765865f261c9bf27001f6ed577e17abfbaa85a13c2845c17436807217f0386b4b05c83630a2ee018fa3d4d20387a33527694e8ba32b8e774a4fae94c749aa2,gx-no-cache=1491333433469 HTTP/1.1" 200 29
186.103.159.183 - - [04/Apr/2017:16:16:01 -0300] "POST /cormun/servlet/solicitudot?gx-no-cache=1491333433525 HTTP/1.1" 200 1275
186.103.159.183 - - [04/Apr/2017:16:16:01 -0300] "POST /cormun/servlet/solicitudot?gx-no-cache=1491333433975 HTTP/1.1" 200 1156
186.103.159.183 - - [04/Apr/2017:16:16:01 -0300] "GET /cormun/servlet/solicitudot?b12a1d1dc0c67124b911fc0521407a9f2b7277bf41f789e05ed363d5bd4976b5a3fc7701b69012561f985ad0f1aea3b99178efd1eaec60df8d41a2d46abe3eeef6f5eb093d525fec1ea684aa492c5fb2a41ae74858b281aef8f75da9ad74190af26407c35691b83e7280de01bc2b35800d01f21683bcfd97a728cc307ef74dc7199966a7b28248cacab64b2c865b91ff6737aba6241c7e351406da3734d68a71f41fc1f1f8aa0039496b7790a7744236,gx-no-cache=1491333434091 HTTP/1.1" 200 30
186.103.159.183 - - [04/Apr/2017:16:16:01 -0300] "POST /cormun/servlet/solicitudot?b791b6e293f3fdd45e003d32d701bb27,UPD,2017,5921,,gx-no-cache=1491333434134 HTTP/1.1" 200 93
186.103.159.183 - - [04/Apr/2017:16:16:01 -0300] "GET /cormun/servlet/hpexe_return? HTTP/1.1" 200 1014
186.103.159.183 - - [04/Apr/2017:16:16:02 -0300] "GET /cormun/servlet/trsolicitudot HTTP/1.1" 200 8237
186.103.159.183 - - [04/Apr/2017:16:16:03 -0300] "GET /cormun/servlet/trsolicitudot HTTP/1.1" 200 8233
186.79.131.174 - - [04/Apr/2017:16:16:06 -0300] "POST /cormun/servlet/permisogoce?7f94d41313a56fd211768c8d45dec68c,INS,0,,,,gx-no-cache=1491333429765 HTTP/1.1" 200 93
186.79.131.174 - - [04/Apr/2017:16:16:06 -0300] "GET /cormun/servlet/hpexe_return? HTTP/1.1" 200 1014
186.79.131.174 - - [04/Apr/2017:16:16:07 -0300] "GET /cormun/servlet/trpermisosgoce HTTP/1.1" 200 8379
186.103.159.183 - - [04/Apr/2017:16:16:07 -0300] "POST /cormun/servlet/trsolicitudot?b791b6e293f3fdd45e003d32d701bb27,gx-no-cache=1491333439487 HTTP/1.1" 200 106
186.103.159.183 - - [04/Apr/2017:16:16:07 -0300] "GET /cormun/servlet/trsolicitudadjuntos?2017,5921, HTTP/1.1" 200 6097
186.103.159.183 - - [04/Apr/2017:16:16:07 -0300] "GET /cormun/static/gxcfg.js?201731711504543 HTTP/1.1" 200 953
186.103.159.183 - - [04/Apr/2017:16:16:07 -0300] "GET /cormun/static/trsolicitudadjuntos.js?201731711504951 HTTP/1.1" 200 17913
186.103.159.183 - - [04/Apr/2017:16:16:08 -0300] "GET /cormun/servlet/trsolicitudadjuntos?2017,5921, HTTP/1.1" 200 6097
186.79.131.174 - - [04/Apr/2017:16:16:08 -0300] "GET /cormun/servlet/trpermisosgoce HTTP/1.1" 200 8373
186.103.159.183 - - [04/Apr/2017:16:16:12 -0300] "GET /cormun/servlet/solicitudotadjuntos?INS,2017,5921,,1, HTTP/1.1" 200 6033
186.103.159.183 - - [04/Apr/2017:16:16:12 -0300] "GET /cormun/static/gxcfg.js?201612218465951 HTTP/1.1" 200 953
186.103.159.183 - - [04/Apr/2017:16:16:12 -0300] "GET /cormun/static/about:blank HTTP/1.1" 404 1011
186.103.159.183 - - [04/Apr/2017:16:16:12 -0300] "GET /cormun/static/solicitudotadjuntos.js?201612218465969 HTTP/1.1" 200 11762
186.103.159.183 - - [04/Apr/2017:16:16:13 -0300] "GET /cormun/servlet/solicitudotadjuntos?INS,2017,5921,,1, HTTP/1.1" 200 6027
186.103.159.183 - - [04/Apr/2017:16:16:13 -0300] "GET /cormun/servlet/solicitudotadjuntos?b12a1d1dc0c67124b911fc0521407a9f33be47f4b78638e11533c04d496e9537e7ada17cb5e6259c4d769176bc68f5fb,gx-no-cache=1491333445934 HTTP/1.1" 200 30
186.103.159.183 - - [04/Apr/2017:16:16:13 -0300] "POST /cormun/servlet/solicitudotadjuntos?b791b6e293f3fdd45e003d32d701bb27,INS,2017,5921,,1,,gx-no-cache=1491333446005 HTTP/1.1" 200 3827
186.79.131.174 - - [04/Apr/2017:16:16:13 -0300] "GET /cormun/servlet/apermisogoceprn?11671158,P,20170404171043,PU HTTP/1.1" 200 1655
186.103.159.183 - - [04/Apr/2017:16:16:13 -0300] "GET /cormun/static/about:blank HTTP/1.1" 404 1011
186.103.159.183 - - [04/Apr/2017:16:16:15 -0300] "POST /cormun/servlet/solicitudotadjuntos?gx-no-cache=1491333448050 HTTP/1.1" 200 26
186.103.159.183 - - [04/Apr/2017:16:16:22 -0300] "GET /cormun/servlet/solicitudotadjuntos?b12a1d1dc0c67124b911fc0521407a9f63cb58a357bad1fb68706f4b3f270e36,gx-no-cache=1491333455336 HTTP/1.1" 200 30
186.103.159.183 - - [04/Apr/2017:16:16:22 -0300] "GET /cormun/servlet/solicitudotadjuntos?b12a1d1dc0c67124b911fc0521407a9f63cb58a357bad1fb68706f4b3f270e36,gx-no-cache=1491333455359 HTTP/1.1" 200 30
192.168.10.13 - - [04/Apr/2017:16:16:25 -0300] "GET / HTTP/1.1" 200 11217
186.103.159.183 - - [04/Apr/2017:16:16:25 -0300] "POST /cormun/servlet/solicitudotadjuntos?b791b6e293f3fdd45e003d32d701bb27,INS,2017,5921,,1, HTTP/1.1" 200 116
186.103.159.183 - - [04/Apr/2017:16:16:25 -0300] "GET /cormun/servlet/hpexe_return? HTTP/1.1" 200 1026
186.103.159.183 - - [04/Apr/2017:16:16:25 -0300] "GET /cormun/servlet/trsolicitudadjuntos?2017,5921, HTTP/1.1" 200 8257
186.103.159.183 - - [04/Apr/2017:16:16:26 -0300] "GET /cormun/servlet/trsolicitudadjuntos?2017,5921, HTTP/1.1" 200 8253
186.103.159.183 - - [04/Apr/2017:16:16:32 -0300] "GET /cormun/servlet/solicitudotadjuntos?INS,2017,5921,,1, HTTP/1.1" 200 6033
186.103.159.183 - - [04/Apr/2017:16:16:32 -0300] "GET /cormun/static/about:blank HTTP/1.1" 404 1011
190.151.124.170 - - [04/Apr/2017:16:16:32 -0300] "POST /cormun/servlet/solicitudot?gx-no-cache=1491333458135 HTTP/1.1" 200 297
186.103.159.183 - - [04/Apr/2017:16:16:33 -0300] "GET /cormun/servlet/solicitudotadjuntos?INS,2017,5921,,1, HTTP/1.1" 200 6026
186.103.159.183 - - [04/Apr/2017:16:16:33 -0300] "GET /cormun/servlet/solicitudotadjuntos?b12a1d1dc0c67124b911fc0521407a9f33be47f4b78638e11533c04d496e9537e7ada17cb5e6259c4d769176bc68f5fb,gx-no-cache=1491333466356 HTTP/1.1" 200 30
186.103.159.183 - - [04/Apr/2017:16:16:34 -0300] "POST /cormun/servlet/solicitudotadjuntos?b791b6e293f3fdd45e003d32d701bb27,INS,2017,5921,,1,,gx-no-cache=1491333466412 HTTP/1.1" 200 3827
190.151.124.170 - - [04/Apr/2017:16:16:43 -0300] "GET /cormun/servlet/solicitudot?12272b1b2df70eafac7f0eb43f2e3b7e938b4d4002b5cffda9e4b985fa660d6696769f93e9b6daee0fc9d1970e59839f28c7180830d001b5ec73a69b9a18a9a17cc97a45351da3ea97c87e14ec5ad46054cc12599a447f0d69490cae85562a3ebb6ec9223a733e31548de69367fcf837a643f3534d58656b2755589bb7bcd27edbd33cca3fe91a910bd55f664361e6e42dea63a8dfa3472c9fdf3fe56eccea9f78e2edc6c08634fb06938f2ce6915507a26a0222ca4ded6a5e1637f1a421a9aab944fee561d016b0edcc5f3d31791bf0ba7acdf11755e32651cec82fadb3c801061e4628b103b829b042b1f773c421f3179b1a6be507c77d4d4b50e90c9c7f813f77b03b63b12d82f0ad14ffe6e94012f57f36662f06b006e59971b7f6dd31cef0f4162c527c50019e19c7f7ad200ae545cd83f51e3d4da2fd907c8b41b38c2058284eb8d78ddf558dc9dc4db16cbf85e1b549ba35020d5f231aa395df2c71f4ebb12741f250c1812bc4dcb6594d2d83b37fa3e4cd6b988e798eb2b6851e0d0efa8227d3fdb0bd7ae8de3da2e63dec6b,gx-no-cache=1491333468564 HTTP/1.1" 200 30
186.103.196.84 - - [04/Apr/2017:16:16:51 -0300] "POST /cormun/servlet/solicitudot?gx-no-cache=1491333476629 HTTP/1.1" 200 30
186.103.159.183 - - [04/Apr/2017:16:17:01 -0300] "POST /cormun/servlet/solicitudotadjuntos?gx-no-cache=1491333494106 HTTP/1.1" 200 26
186.103.196.90 - - [04/Apr/2017:16:17:03 -0300] "POST /cormun/servlet/solicitudot?gx-no-cache=1491333488926 HTTP/1.1" 200 235
186.103.196.90 - - [04/Apr/2017:16:17:03 -0300] "POST /cormun/servlet/solicitudot?gx-no-cache=1491333489186 HTTP/1.1" 200 38
192.168.10.13 - - [04/Apr/2017:16:17:25 -0300] "GET / HTTP/1.1" 200 11217
186.103.159.183 - - [04/Apr/2017:16:17:38 -0300] "POST /cormun/servlet/solicitudotadjuntos?gx-no-cache=1491333530303 HTTP/1.1" 200 26
186.103.159.183 - - [04/Apr/2017:16:17:57 -0300] "GET /cormun/servlet/solicitudotadjuntos?b12a1d1dc0c67124b911fc0521407a9f63cb58a357bad1fb68706f4b3f270e36,gx-no-cache=1491333550056 HTTP/1.1" 200 30
186.103.159.183 - - [04/Apr/2017:16:17:57 -0300] "GET /cormun/servlet/solicitudotadjuntos?b12a1d1dc0c67124b911fc0521407a9f63cb58a357bad1fb68706f4b3f270e36,gx-no-cache=1491333550108 HTTP/1.1" 200 30
186.103.159.183 - - [04/Apr/2017:16:18:00 -0300] "POST /cormun/servlet/solicitudotadjuntos?b791b6e293f3fdd45e003d32d701bb27,INS,2017,5921,,1, HTTP/1.1" 200 116
186.103.159.183 - - [04/Apr/2017:16:18:00 -0300] "GET /cormun/servlet/hpexe_return? HTTP/1.1" 200 1026
186.103.159.183 - - [04/Apr/2017:16:18:00 -0300] "GET /cormun/servlet/trsolicitudadjuntos?2017,5921, HTTP/1.1" 200 8429
186.103.159.183 - - [04/Apr/2017:16:18:01 -0300] "GET /cormun/servlet/trsolicitudadjuntos?2017,5921, HTTP/1.1" 200 8430
186.103.159.183 - - [04/Apr/2017:16:18:05 -0300] "GET /cormun/servlet/solicitudotadjuntos?INS,2017,5921,,1, HTTP/1.1" 200 6034
186.103.159.183 - - [04/Apr/2017:16:18:05 -0300] "GET /cormun/static/about:blank HTTP/1.1" 404 1011
186.103.159.183 - - [04/Apr/2017:16:18:06 -0300] "GET /cormun/servlet/solicitudotadjuntos?INS,2017,5921,,1, HTTP/1.1" 200 6027
186.103.159.183 - - [04/Apr/2017:16:18:07 -0300] "GET /cormun/servlet/solicitudotadjuntos?b12a1d1dc0c67124b911fc0521407a9f33be47f4b78638e11533c04d496e9537e7ada17cb5e6259c4d769176bc68f5fb,gx-no-cache=1491333559365 HTTP/1.1" 200 30
186.103.159.183 - - [04/Apr/2017:16:18:07 -0300] "POST /cormun/servlet/solicitudotadjuntos?b791b6e293f3fdd45e003d32d701bb27,INS,2017,5921,,1,,gx-no-cache=1491333559432 HTTP/1.1" 200 3828
186.103.159.183 - - [04/Apr/2017:16:18:07 -0300] "GET /cormun/static/about:blank HTTP/1.1" 404 1011
186.103.159.182 - - [04/Apr/2017:16:18:07 -0300] "GET /cormun/servlet/hlogin HTTP/1.1" 200 1724
186.103.159.183 - - [04/Apr/2017:16:18:08 -0300] "POST /cormun/servlet/solicitudotadjuntos?gx-no-cache=1491333561214 HTTP/1.1" 200 26
186.103.159.182 - - [04/Apr/2017:16:18:10 -0300] "POST /cormun/servlet/hlogin?8bb90ed67ee736b7fbf7b3162e061a53,gx-no-cache=1491333556428 HTTP/1.1" 200 90
186.103.159.182 - - [04/Apr/2017:16:18:11 -0300] "GET /cormun/servlet/hpexe_link HTTP/1.1" 200 973
186.103.159.182 - - [04/Apr/2017:16:18:11 -0300] "GET /cormun/servlet/licenciaspermisos?INS,0,,, HTTP/1.1" 200 7471
186.103.159.182 - - [04/Apr/2017:16:18:13 -0300] "GET /cormun/servlet/licenciaspermisos?INS,0,,, HTTP/1.1" 200 7478
186.103.159.183 - - [04/Apr/2017:16:18:17 -0300] "POST /cormun/servlet/solicitudotadjuntos?gx-no-cache=1491333569760 HTTP/1.1" 200 26
186.103.159.183 - - [04/Apr/2017:16:18:23 -0300] "GET /cormun/servlet/solicitudotadjuntos?b12a1d1dc0c67124b911fc0521407a9f63cb58a357bad1fb68706f4b3f270e36,gx-no-cache=1491333576239 HTTP/1.1" 200 30
186.103.159.183 - - [04/Apr/2017:16:18:23 -0300] "GET /cormun/servlet/solicitudotadjuntos?b12a1d1dc0c67124b911fc0521407a9f63cb58a357bad1fb68706f4b3f270e36,gx-no-cache=1491333576280 HTTP/1.1" 200 30
192.168.10.13 - - [04/Apr/2017:16:18:25 -0300] "GET / HTTP/1.1" 200 11217
186.103.159.183 - - [04/Apr/2017:16:18:27 -0300] "POST /cormun/servlet/solicitudotadjuntos?b791b6e293f3fdd45e003d32d701bb27,INS,2017,5921,,1, HTTP/1.1" 200 116
186.103.159.183 - - [04/Apr/2017:16:18:27 -0300] "GET /cormun/servlet/hpexe_return? HTTP/1.1" 200 1026
186.103.159.183 - - [04/Apr/2017:16:18:28 -0300] "GET /cormun/servlet/trsolicitudadjuntos?2017,5921, HTTP/1.1" 200 8582
186.103.159.183 - - [04/Apr/2017:16:18:29 -0300] "GET /cormun/servlet/trsolicitudadjuntos?2017,5921, HTTP/1.1" 200 8580
186.103.159.183 - - [04/Apr/2017:16:18:32 -0300] "GET /cormun/servlet/solicitudotadjuntos?INS,2017,5921,,1, HTTP/1.1" 200 6034
186.103.159.183 - - [04/Apr/2017:16:18:33 -0300] "GET /cormun/static/about:blank HTTP/1.1" 404 1011
186.103.159.183 - - [04/Apr/2017:16:18:33 -0300] "GET /cormun/servlet/solicitudotadjuntos?INS,2017,5921,,1, HTTP/1.1" 200 6027
186.103.159.182 - - [04/Apr/2017:16:18:34 -0300] "GET /cormun/servlet/licenciaspermisos?89fec87709e83a823d587ef2390543d0ab6a0fcd08274441ee8159cf507ea7b27a32e5b95e4d2422b74ec5bad726f534,gx-no-cache=1491333579590 HTTP/1.1" 200 63
186.103.159.182 - - [04/Apr/2017:16:18:34 -0300] "POST /cormun/servlet/licenciaspermisos?8bb90ed67ee736b7fbf7b3162e061a53,INS,0,,,,gx-no-cache=1491333579749 HTTP/1.1" 200 4626
186.103.159.183 - - [04/Apr/2017:16:18:34 -0300] "GET /cormun/servlet/solicitudotadjuntos?b12a1d1dc0c67124b911fc0521407a9f33be47f4b78638e11533c04d496e9537e7ada17cb5e6259c4d769176bc68f5fb,gx-no-cache=1491333586733 HTTP/1.1" 200 30
186.103.159.183 - - [04/Apr/2017:16:18:34 -0300] "POST /cormun/servlet/solicitudotadjuntos?b791b6e293f3fdd45e003d32d701bb27,INS,2017,5921,,1,,gx-no-cache=1491333586809 HTTP/1.1" 200 3828
200.73.230.173 - - [04/Apr/2017:16:18:35 -0300] "GET /cormun/servlet/atrazos?INS,0, HTTP/1.1" 200 6540
186.103.159.183 - - [04/Apr/2017:16:18:37 -0300] "POST /cormun/servlet/solicitudotadjuntos?gx-no-cache=1491333589382 HTTP/1.1" 200 26
200.73.230.173 - - [04/Apr/2017:16:18:37 -0300] "GET /cormun/servlet/atrazos?INS,0, HTTP/1.1" 200 6541
200.73.230.173 - - [04/Apr/2017:16:18:40 -0300] "GET /cormun/servlet/prfichaempleado?,MD,,gxPopupLevel%3D0%3B HTTP/1.1" 200 8837
186.103.159.183 - - [04/Apr/2017:16:18:45 -0300] "GET /cormun/servlet/solicitudotadjuntos?b12a1d1dc0c67124b911fc0521407a9f63cb58a357bad1fb68706f4b3f270e36,gx-no-cache=1491333597559 HTTP/1.1" 200 30
186.103.159.183 - - [04/Apr/2017:16:18:45 -0300] "GET /cormun/servlet/solicitudotadjuntos?b12a1d1dc0c67124b911fc0521407a9f63cb58a357bad1fb68706f4b3f270e36,gx-no-cache=1491333597632 HTTP/1.1" 200 30
186.103.159.183 - - [04/Apr/2017:16:18:45 -0300] "POST /cormun/servlet/solicitudotadjuntos?b791b6e293f3fdd45e003d32d701bb27,INS,2017,5921,,1, HTTP/1.1" 200 116
186.103.159.183 - - [04/Apr/2017:16:18:45 -0300] "GET /cormun/servlet/hpexe_return? HTTP/1.1" 200 1026
186.103.159.183 - - [04/Apr/2017:16:18:46 -0300] "GET /cormun/servlet/trsolicitudadjuntos?2017,5921, HTTP/1.1" 200 8728
186.103.159.183 - - [04/Apr/2017:16:18:47 -0300] "GET /cormun/servlet/trsolicitudadjuntos?2017,5921, HTTP/1.1" 200 8724
200.73.230.173 - - [04/Apr/2017:16:18:50 -0300] "POST /cormun/servlet/prfichaempleado?9c76ffc0d7de1049d8fe59e217195757,,MD,,gxPopupLevel%3D0%3B,gx-no-cache=1491333595929 HTTP/1.1" 200 3406
200.73.230.173 - - [04/Apr/2017:16:18:54 -0300] "GET /cormun/servlet/atrazos?848119886bd1b97547c80f5dc1e43392ba4ea28745047703f0b9e2bf7fb259885dd4ab78cf32803416395ebc74282925,gx-no-cache=1491333600389 HTTP/1.1" 200 78
200.73.230.173 - - [04/Apr/2017:16:18:54 -0300] "GET /cormun/static/menuarrow.gif HTTP/1.1" 404 1015
186.103.159.182 - - [04/Apr/2017:16:18:56 -0300] "GET /cormun/static/menuarrow.gif HTTP/1.1" 404 1015
200.73.230.173 - - [04/Apr/2017:16:19:00 -0300] "GET /cormun/servlet/atrazos?848119886bd1b97547c80f5dc1e433924efec5e36dd021664ccb380a55768c85d9d214b42158fb730da559495cff208a,gx-no-cache=1491333606615 HTTP/1.1" 200 33
200.73.230.173 - - [04/Apr/2017:16:19:04 -0300] "GET /cormun/servlet/atrazos?848119886bd1b97547c80f5dc1e4339233a31ffd50e37a4d571d48de72a96e0ded01d4c7aa2edcb8e494a41042aa7488d651274e6c73409df0bb1f1573d34a725d466bd0af4018115a1bcb0e1d93ece216a274cd654c1745a0e5350cf9adf6ab191a7617a12e051fbb2d933be1a689c7026a16260794992c4a8a2789dc2a987ecb35178600c9fa46cb00de85886e7e5e5d447c8cddadf9e678270734c99320c7,gx-no-cache=1491333610539 HTTP/1.1" 200 43
186.103.196.90 - - [04/Apr/2017:16:19:08 -0300] "POST /cormun/servlet/solicitudot?gx-no-cache=1491333612674 HTTP/1.1" 200 30
186.103.196.90 - - [04/Apr/2017:16:19:08 -0300] "POST /cormun/servlet/solicitudot?gx-no-cache=1491333614025 HTTP/1.1" 200 656
186.103.196.90 - - [04/Apr/2017:16:19:08 -0300] "POST /cormun/servlet/solicitudot?gx-no-cache=1491333614169 HTTP/1.1" 200 38
186.103.196.90 - - [04/Apr/2017:16:19:14 -0300] "GET /cormun/servlet/solicitudot?12272b1b2df70eafac7f0eb43f2e3b7eaf74c91cd746e8e0fc3ba1d49fd8034b5d79c82b58aab2c6b9c17e7e6f7ac2af476eb756d53e17b3ab5362bf01d267536e2628683b0e93f8457d1f5d90df9043c17355a6f04547a14df238a76613cd44d01cf7526aaf8573bb2512d32c7092c6,gx-no-cache=1491333619795 HTTP/1.1" 200 29
186.103.196.90 - - [04/Apr/2017:16:19:14 -0300] "POST /cormun/servlet/solicitudot?gx-no-cache=1491333619880 HTTP/1.1" 200 643
200.73.230.173 - - [04/Apr/2017:16:19:19 -0300] "POST /cormun/servlet/atrazos?9c76ffc0d7de1049d8fe59e217195757,INS,0,,gx-no-cache=1491333624832 HTTP/1.1" 200 93
200.73.230.173 - - [04/Apr/2017:16:19:19 -0300] "GET /cormun/servlet/hpexe_return? HTTP/1.1" 200 1004
200.73.230.173 - - [04/Apr/2017:16:19:19 -0300] "GET /cormun/servlet/tratrazos HTTP/1.1" 200 10405
200.73.230.173 - - [04/Apr/2017:16:19:20 -0300] "GET /cormun/servlet/tratrazos HTTP/1.1" 200 10400
192.168.10.13 - - [04/Apr/2017:16:19:25 -0300] "GET / HTTP/1.1" 200 11217
186.103.196.84 - - [04/Apr/2017:16:19:25 -0300] "POST /cormun/servlet/solicitudot?gx-no-cache=1491333631230 HTTP/1.1" 200 1157
200.73.230.173 - - [04/Apr/2017:16:19:28 -0300] "GET /cormun/servlet/atrazos?INS,0, HTTP/1.1" 200 6540
200.73.230.173 - - [04/Apr/2017:16:19:29 -0300] "GET /cormun/servlet/atrazos?INS,0, HTTP/1.1" 200 6540
186.103.196.84 - - [04/Apr/2017:16:19:55 -0300] "POST /cormun/servlet/solicitudot?gx-no-cache=1491333660248 HTTP/1.1" 200 518
190.151.124.170 - - [04/Apr/2017:16:20:18 -0300] "POST /cormun/servlet/solicitudot?gx-no-cache=1491333683747 HTTP/1.1" 200 642
190.151.124.170 - - [04/Apr/2017:16:20:18 -0300] "POST /cormun/servlet/solicitudot?gx-no-cache=1491333683934 HTTP/1.1" 200 521
190.151.124.170 - - [04/Apr/2017:16:20:20 -0300] "GET /cormun/static/menuarrow.gif HTTP/1.1" 404 1015
190.151.124.170 - - [04/Apr/2017:16:20:23 -0300] "POST /cormun/servlet/solicitudot?gx-no-cache=1491333689234 HTTP/1.1" 200 642
190.151.124.170 - - [04/Apr/2017:16:20:24 -0300] "POST /cormun/servlet/solicitudot?gx-no-cache=1491333689306 HTTP/1.1" 200 521
192.168.10.13 - - [04/Apr/2017:16:20:25 -0300] "GET / HTTP/1.1" 200 11217
186.103.159.182 - - [04/Apr/2017:16:21:21 -0300] "GET /cormun/servlet/licenciaspermisos?89fec87709e83a823d587ef2390543d097220a69407a38680ffc0bdaf89c34fdd0305ea84b7102b97f25b1fe1d093259b8a3296a6cd75df42012f5e3c40edd4524d7aa565758a5c717803fa6b6b66d6be7fba3000380feb475168cb926f7fd635c7601b69601a4d5541d8178d8bbfa6321efc687fbfc516bfd53117807e0800e432ae3b4d6133ded39f497789d8b68db081d608d8f186693b0a5908395279261316fd8f85b44d43187a738d033039e0968b591074fa61da0484d22f4045ac4b096965cb833e0a22e73a42499dba0986b1c1c3ed1ccbf2502c83e45d7cf54a88f,gx-no-cache=1491333747475 HTTP/1.1" 200 30
186.103.159.182 - - [04/Apr/2017:16:21:21 -0300] "GET /cormun/servlet/licenciaspermisos?89fec87709e83a823d587ef2390543d0d6e1f29533285828d5677338870ef794230c295053eed59415c9c04e5deeabdab49b95c0b64f9086e787ba6d2815bc13d1c17a31eaa34e79e28e935e4b6f8298417023118695c9e3176f54678b5cc09a4fb8333be6f08f69de9741f05cf7d818839217d5ccb6a05406da99dae9bcda56a4dc64fd111f8feb3ae41c8a6ddfdc082e41d3a0e2808287fd393a304a82bf780b7696d2722f9ee9cb145437dc0f0b7baf253b82514ab877ab76749d8da26bd031097c1cdaa63c234dc63a7be54fed81560d5c25def559dd9a59a25f069991a0,gx-no-cache=1491333747568 HTTP/1.1" 200 29
186.103.159.182 - - [04/Apr/2017:16:21:22 -0300] "POST /cormun/servlet/licenciaspermisos?8bb90ed67ee736b7fbf7b3162e061a53,INS,0,,,,gx-no-cache=1491333747634 HTTP/1.1" 200 93
186.103.159.182 - - [04/Apr/2017:16:21:22 -0300] "GET /cormun/servlet/hpexe_return? HTTP/1.1" 200 1014
186.103.159.182 - - [04/Apr/2017:16:21:22 -0300] "GET /cormun/servlet/trlicencias HTTP/1.1" 200 7965
186.103.159.182 - - [04/Apr/2017:16:21:24 -0300] "GET /cormun/servlet/trlicencias HTTP/1.1" 200 7961
192.168.10.13 - - [04/Apr/2017:16:21:25 -0300] "GET / HTTP/1.1" 200 11217
200.73.230.173 - - [04/Apr/2017:16:22:04 -0300] "GET /cormun/servlet/tratrazos HTTP/1.1" 200 10405
200.73.230.173 - - [04/Apr/2017:16:22:05 -0300] "GET /cormun/servlet/tratrazos HTTP/1.1" 200 10400
200.73.230.173 - - [04/Apr/2017:16:22:19 -0300] "GET /cormun/servlet/trrenuncias? HTTP/1.1" 200 6540
200.73.230.173 - - [04/Apr/2017:16:22:19 -0300] "GET /cormun/static/gxcfg.js?201731711553383 HTTP/1.1" 200 953
200.73.230.173 - - [04/Apr/2017:16:22:19 -0300] "GET /cormun/static/trrenuncias.js?201731711553833 HTTP/1.1" 200 28329
200.73.230.173 - - [04/Apr/2017:16:22:20 -0300] "GET /cormun/servlet/trrenuncias? HTTP/1.1" 200 6540
186.79.125.97 - - [04/Apr/2017:16:22:24 -0300] "GET /cormun/servlet/hlogin HTTP/1.1" 200 1725
200.73.230.173 - - [04/Apr/2017:16:22:24 -0300] "GET /cormun/servlet/renuncias?INS,0, HTTP/1.1" 200 5930
200.73.230.173 - - [04/Apr/2017:16:22:24 -0300] "GET /cormun/static/gxcfg.js?20173291217350 HTTP/1.1" 200 953
200.73.230.173 - - [04/Apr/2017:16:22:24 -0300] "GET /cormun/static/renuncias.js?20173291217362 HTTP/1.1" 200 14101
192.168.10.13 - - [04/Apr/2017:16:22:25 -0300] "GET / HTTP/1.1" 200 11217
200.73.230.173 - - [04/Apr/2017:16:22:25 -0300] "GET /cormun/servlet/renuncias?INS,0, HTTP/1.1" 200 5931
186.79.125.97 - - [04/Apr/2017:16:22:26 -0300] "POST /cormun/servlet/hlogin?bcca2dfad4cf059afe93903ee2aacf01,gx-no-cache=1491333818250 HTTP/1.1" 200 90
186.79.125.97 - - [04/Apr/2017:16:22:26 -0300] "GET /cormun/servlet/hpexe_link HTTP/1.1" 200 953
186.79.125.97 - - [04/Apr/2017:16:22:27 -0300] "GET /cormun/servlet/hhome HTTP/1.1" 200 3761
186.79.125.97 - - [04/Apr/2017:16:22:27 -0300] "GET /cormun/servlet/hhome HTTP/1.1" 200 3758
200.73.230.173 - - [04/Apr/2017:16:22:34 -0300] "GET /cormun/servlet/trpermisosingoce? HTTP/1.1" 200 6598
200.73.230.173 - - [04/Apr/2017:16:22:35 -0300] "GET /cormun/servlet/trpermisosingoce? HTTP/1.1" 200 6594
200.73.230.173 - - [04/Apr/2017:16:22:41 -0300] "GET /cormun/servlet/trcontratoobservacion? HTTP/1.1" 200 6931
200.73.230.173 - - [04/Apr/2017:16:22:42 -0300] "GET /cormun/servlet/trcontratoobservacion? HTTP/1.1" 200 6931
186.103.159.183 - - [04/Apr/2017:16:22:44 -0300] "GET /cormun/servlet/solicitudotadjuntos?INS,2017,5921,,1, HTTP/1.1" 200 6033
186.103.159.183 - - [04/Apr/2017:16:22:44 -0300] "GET /cormun/static/about:blank HTTP/1.1" 404 1011
186.103.159.183 - - [04/Apr/2017:16:22:45 -0300] "GET /cormun/servlet/solicitudotadjuntos?INS,2017,5921,,1, HTTP/1.1" 200 6026
186.103.159.183 - - [04/Apr/2017:16:22:45 -0300] "GET /cormun/servlet/solicitudotadjuntos?b12a1d1dc0c67124b911fc0521407a9f33be47f4b78638e11533c04d496e9537e7ada17cb5e6259c4d769176bc68f5fb,gx-no-cache=1491333837959 HTTP/1.1" 200 30
186.103.159.183 - - [04/Apr/2017:16:22:45 -0300] "POST /cormun/servlet/solicitudotadjuntos?b791b6e293f3fdd45e003d32d701bb27,INS,2017,5921,,1,,gx-no-cache=1491333838064 HTTP/1.1" 200 3827
186.103.159.183 - - [04/Apr/2017:16:22:48 -0300] "POST /cormun/servlet/solicitudotadjuntos?gx-no-cache=1491333840393 HTTP/1.1" 200 26
186.103.159.183 - - [04/Apr/2017:16:22:58 -0300] "GET /cormun/servlet/solicitudotadjuntos?b12a1d1dc0c67124b911fc0521407a9f63cb58a357bad1fb68706f4b3f270e36,gx-no-cache=1491333850643 HTTP/1.1" 200 30
186.103.159.183 - - [04/Apr/2017:16:22:58 -0300] "GET /cormun/servlet/solicitudotadjuntos?b12a1d1dc0c67124b911fc0521407a9f63cb58a357bad1fb68706f4b3f270e36,gx-no-cache=1491333850671 HTTP/1.1" 200 30
186.103.159.183 - - [04/Apr/2017:16:22:58 -0300] "POST /cormun/servlet/solicitudotadjuntos?b791b6e293f3fdd45e003d32d701bb27,INS,2017,5921,,1, HTTP/1.1" 200 116
186.103.159.183 - - [04/Apr/2017:16:22:58 -0300] "GET /cormun/servlet/hpexe_return? HTTP/1.1" 200 1026
186.103.159.183 - - [04/Apr/2017:16:22:59 -0300] "GET /cormun/servlet/trsolicitudadjuntos?2017,5921, HTTP/1.1" 200 8932
186.103.159.183 - - [04/Apr/2017:16:23:00 -0300] "GET /cormun/servlet/trsolicitudadjuntos?2017,5921, HTTP/1.1" 200 8931
192.168.10.13 - - [04/Apr/2017:16:23:25 -0300] "GET / HTTP/1.1" 200 11217
186.103.159.183 - - [04/Apr/2017:16:23:35 -0300] "GET /cormun/servlet/trsolicitudot? HTTP/1.1" 200 8239
186.103.159.183 - - [04/Apr/2017:16:23:36 -0300] "GET /cormun/servlet/trsolicitudot? HTTP/1.1" 200 8233
186.79.125.97 - - [04/Apr/2017:16:23:53 -0300] "GET /cormun/servlet/trsolicitudot? HTTP/1.1" 200 9147
186.79.125.97 - - [04/Apr/2017:16:23:54 -0300] "GET /cormun/servlet/trsolicitudot? HTTP/1.1" 200 9145
186.79.125.97 - - [04/Apr/2017:16:24:06 -0300] "POST /cormun/servlet/trsolicitudot?bcca2dfad4cf059afe93903ee2aacf01,,gx-no-cache=1491333917239 HTTP/1.1" 200 6003
186.79.125.97 - - [04/Apr/2017:16:24:06 -0300] "GET /cormun/static/Shared/jqueryui/images/ui-bg_highlight-soft_100_c6c2c8_1x100.png HTTP/1.1" 404 1117
186.103.159.182 - - [04/Apr/2017:16:24:06 -0300] "GET /cormun/servlet/trlicenciaspermisosadjuntos?17517724,20170404000000,L, HTTP/1.1" 200 6407
186.79.125.97 - - [04/Apr/2017:16:24:06 -0300] "GET /cormun/static/Shared/jqueryui/images/ui-icons_82798d_256x240.png HTTP/1.1" 404 1089
186.79.125.97 - - [04/Apr/2017:16:24:06 -0300] "GET /cormun/static/Shared/jqueryui/images/ui-bg_flat_55_fafafa_40x100.png HTTP/1.1" 404 1097
186.79.125.97 - - [04/Apr/2017:16:24:06 -0300] "GET /cormun/static/Shared/jqueryui/images/ui-icons_8d78a5_256x240.png HTTP/1.1" 404 1089
186.103.159.182 - - [04/Apr/2017:16:24:08 -0300] "GET /cormun/servlet/trlicenciaspermisosadjuntos?17517724,20170404000000,L, HTTP/1.1" 200 6407
186.79.125.97 - - [04/Apr/2017:16:24:09 -0300] "POST /cormun/servlet/trsolicitudot?bcca2dfad4cf059afe93903ee2aacf01,,gx-no-cache=1491333918422 HTTP/1.1" 200 5945
186.103.159.183 - - [04/Apr/2017:16:24:10 -0300] "POST /cormun/servlet/trsolicitudot?b791b6e293f3fdd45e003d32d701bb27,,gx-no-cache=1491333922442 HTTP/1.1" 200 5503
186.103.159.183 - - [04/Apr/2017:16:24:10 -0300] "GET /cormun/static/Shared/jqueryui/images/ui-bg_highlight-soft_100_c6c2c8_1x100.png HTTP/1.1" 404 1117
186.103.159.183 - - [04/Apr/2017:16:24:10 -0300] "GET /cormun/static/Shared/jqueryui/images/ui-icons_82798d_256x240.png HTTP/1.1" 404 1089
186.103.159.183 - - [04/Apr/2017:16:24:10 -0300] "GET /cormun/static/Shared/jqueryui/images/ui-icons_8d78a5_256x240.png HTTP/1.1" 404 1089
186.103.159.183 - - [04/Apr/2017:16:24:10 -0300] "GET /cormun/static/Shared/jqueryui/images/ui-bg_flat_55_fafafa_40x100.png HTTP/1.1" 404 1097
186.103.159.182 - - [04/Apr/2017:16:24:10 -0300] "GET /cormun/servlet/licenciaspermisosadjuntos?INS,17517724,L,20170404000000,, HTTP/1.1" 200 5709
186.103.159.182 - - [04/Apr/2017:16:24:11 -0300] "GET /cormun/static/about:blank HTTP/1.1" 404 1011
186.103.159.182 - - [04/Apr/2017:16:24:12 -0300] "GET /cormun/servlet/licenciaspermisosadjuntos?INS,17517724,L,20170404000000,, HTTP/1.1" 200 5699
192.168.10.13 - - [04/Apr/2017:16:24:25 -0300] "GET / HTTP/1.1" 200 11217
186.79.125.97 - - [04/Apr/2017:16:24:30 -0300] "GET /cormun/servlet/solicitudot?INS,0,0, HTTP/1.1" 200 12569
186.79.125.97 - - [04/Apr/2017:16:24:31 -0300] "GET /cormun/servlet/solicitudot?INS,0,0, HTTP/1.1" 200 12573
186.103.159.182 - - [04/Apr/2017:16:24:33 -0300] "POST /cormun/servlet/licenciaspermisosadjuntos?8bb90ed67ee736b7fbf7b3162e061a53,INS,17517724,L,20170404000000,, HTTP/1.1" 200 116
186.103.159.182 - - [04/Apr/2017:16:24:33 -0300] "GET /cormun/servlet/hpexe_return? HTTP/1.1" 200 1043
186.103.159.182 - - [04/Apr/2017:16:24:34 -0300] "GET /cormun/servlet/trlicenciaspermisosadjuntos?17517724,20170404000000,L, HTTP/1.1" 200 6898
186.103.159.182 - - [04/Apr/2017:16:24:35 -0300] "GET /cormun/servlet/trlicenciaspermisosadjuntos?17517724,20170404000000,L, HTTP/1.1" 200 6895
186.103.159.182 - - [04/Apr/2017:16:24:38 -0300] "POST /cormun/servlet/trlicenciaspermisosadjuntos?8bb90ed67ee736b7fbf7b3162e061a53,17517724,20170404000000,L,,gx-no-cache=1491333943668 HTTP/1.1" 200 90
186.103.159.182 - - [04/Apr/2017:16:24:38 -0300] "GET /cormun/servlet/hpexe_link HTTP/1.1" 200 987
186.103.159.182 - - [04/Apr/2017:16:24:38 -0300] "GET /cormun/servlet/trlicencias HTTP/1.1" 200 7963
186.103.159.182 - - [04/Apr/2017:16:24:39 -0300] "GET /cormun/servlet/trlicencias HTTP/1.1" 200 7961
186.103.159.182 - - [04/Apr/2017:16:24:53 -0300] "POST /cormun/servlet/trlicencias?8bb90ed67ee736b7fbf7b3162e061a53,gx-no-cache=1491333959007 HTTP/1.1" 200 3969
186.103.159.182 - - [04/Apr/2017:16:24:53 -0300] "GET /cormun/static/Shared/jqueryui/images/ui-bg_highlight-soft_100_c6c2c8_1x100.png HTTP/1.1" 404 1117
186.103.159.182 - - [04/Apr/2017:16:24:53 -0300] "GET /cormun/static/Shared/jqueryui/images/ui-icons_82798d_256x240.png HTTP/1.1" 404 1089
186.103.159.182 - - [04/Apr/2017:16:24:53 -0300] "GET /cormun/static/Shared/jqueryui/images/ui-bg_flat_55_fafafa_40x100.png HTTP/1.1" 404 1097
186.103.159.182 - - [04/Apr/2017:16:24:53 -0300] "GET /cormun/static/Shared/jqueryui/images/ui-icons_8d78a5_256x240.png HTTP/1.1" 404 1089
186.103.159.182 - - [04/Apr/2017:16:25:04 -0300] "GET /cormun/servlet/trautorizarsolicitud? HTTP/1.1" 200 6982
186.103.159.182 - - [04/Apr/2017:16:25:06 -0300] "GET /cormun/servlet/trautorizarsolicitud? HTTP/1.1" 200 6982
192.168.10.13 - - [04/Apr/2017:16:25:25 -0300] "GET / HTTP/1.1" 200 11217
186.103.159.183 - - [04/Apr/2017:16:25:28 -0300] "POST /cormun/servlet/trsolicitudot?b791b6e293f3fdd45e003d32d701bb27,,gx-no-cache=1491334000624 HTTP/1.1" 200 106
186.103.159.183 - - [04/Apr/2017:16:25:28 -0300] "GET /cormun/servlet/trsolicitudadjuntos?2017,5921, HTTP/1.1" 200 8929
186.103.159.183 - - [04/Apr/2017:16:25:30 -0300] "GET /cormun/servlet/trsolicitudadjuntos?2017,5921, HTTP/1.1" 200 8931
186.103.159.183 - - [04/Apr/2017:16:25:33 -0300] "GET /cormun/servlet/solicitudotadjuntos?INS,2017,5921,,1, HTTP/1.1" 200 6035
186.103.159.183 - - [04/Apr/2017:16:25:33 -0300] "GET /cormun/static/about:blank HTTP/1.1" 404 1011
