192.168.10.96 - - [04/Apr/2017:16:34:42 -0300] "GET /cormun/pexe_scrolldiv.js HTTP/1.1" 404 1009
192.168.10.96 - - [04/Apr/2017:16:34:42 -0300] "GET /cormun/pexe_scrolldiv.js HTTP/1.1" 404 1009
192.168.10.96 - - [04/Apr/2017:16:34:42 -0300] "GET /cormun/servlet/vesolicitudnombre?2017,5412,,SolicitudOTAdjuntos HTTP/1.1" 200 10386
192.168.10.89 - - [04/Apr/2017:16:34:43 -0300] "GET /cormun/servlet/hhome HTTP/1.1" 200 4456
192.168.10.96 - - [04/Apr/2017:16:34:43 -0300] "POST /cormun/servlet/acontrolpreferencessavestate?None,DZAMUDIO,true HTTP/1.1" 200 35
192.168.10.96 - - [04/Apr/2017:16:34:45 -0300] "GET /cormun/PublicTempStorage/cert_2_titulo_159457209405169.PDF HTTP/1.1" 200 512092
192.168.10.89 - - [04/Apr/2017:16:34:46 -0300] "GET /cormun/servlet/trsolicitudgral? HTTP/1.1" 200 25280
192.168.10.89 - - [04/Apr/2017:16:34:57 -0300] "POST /cormun/servlet/trsolicitudgral?4ce23dd5fc0c8cc42f71b95a31a4c070,,gx-no-cache=1491337774485 HTTP/1.1" 200 7224
186.103.158.250 - - [04/Apr/2017:16:35:02 -0300] "POST /cormun/servlet/permisogoce?ee82dbfabb86df4e5ebcaed27d415089,UPD,16716335,P,20170403145018,,gx-no-cache=1491338051648 HTTP/1.1" 200 93
186.103.158.250 - - [04/Apr/2017:16:35:02 -0300] "GET /cormun/servlet/hpexe_return? HTTP/1.1" 200 1020
186.103.158.250 - - [04/Apr/2017:16:35:02 -0300] "GET /cormun/servlet/trpermisosgoce HTTP/1.1" 200 7360
186.103.158.250 - - [04/Apr/2017:16:35:04 -0300] "GET /cormun/servlet/trpermisosgoce HTTP/1.1" 200 7356
192.168.10.89 - - [04/Apr/2017:16:35:06 -0300] "POST /cormun/servlet/trsolicitudgral?4ce23dd5fc0c8cc42f71b95a31a4c070,,gx-no-cache=1491337783173 HTTP/1.1" 200 22681
186.103.158.250 - - [04/Apr/2017:16:35:08 -0300] "GET /cormun/servlet/permisogoce?DLT,16716335,P,20170403145018, HTTP/1.1" 200 6506
186.103.158.250 - - [04/Apr/2017:16:35:09 -0300] "GET /cormun/static/Shared/jqueryui/images/ui-bg_highlight-soft_100_c6c2c8_1x100.png HTTP/1.1" 404 1117
186.103.158.250 - - [04/Apr/2017:16:35:09 -0300] "GET /cormun/static/Shared/jqueryui/images/ui-icons_82798d_256x240.png HTTP/1.1" 404 1089
186.103.158.250 - - [04/Apr/2017:16:35:09 -0300] "GET /cormun/static/Shared/jqueryui/images/ui-bg_flat_55_fafafa_40x100.png HTTP/1.1" 404 1097
186.103.158.250 - - [04/Apr/2017:16:35:09 -0300] "GET /cormun/static/Shared/jqueryui/images/ui-icons_8d78a5_256x240.png HTTP/1.1" 404 1089
186.103.158.250 - - [04/Apr/2017:16:35:09 -0300] "GET /cormun/servlet/permisogoce?DLT,16716335,P,20170403145018, HTTP/1.1" 200 6507
192.168.10.89 - - [04/Apr/2017:16:35:19 -0300] "POST /cormun/servlet/trsolicitudgral?4ce23dd5fc0c8cc42f71b95a31a4c070,,gx-no-cache=1491337796760 HTTP/1.1" 200 6749
186.103.158.250 - - [04/Apr/2017:16:35:25 -0300] "POST /cormun/servlet/permisogoce?ee82dbfabb86df4e5ebcaed27d415089,DLT,16716335,P,20170403145018,,gx-no-cache=1491338074543 HTTP/1.1" 200 4236
192.168.10.13 - - [04/Apr/2017:16:35:25 -0300] "GET / HTTP/1.1" 200 11217
186.103.158.250 - - [04/Apr/2017:16:35:25 -0300] "GET /cormun/static/Shared/jqueryui/images/ui-bg_flat_55_994d53_40x100.png HTTP/1.1" 404 1097
186.103.158.250 - - [04/Apr/2017:16:35:25 -0300] "GET /cormun/static/Shared/jqueryui/images/ui-icons_ebccce_256x240.png HTTP/1.1" 404 1089
186.103.158.250 - - [04/Apr/2017:16:35:32 -0300] "POST /cormun/servlet/permisogoce?ee82dbfabb86df4e5ebcaed27d415089,DLT,16716335,P,20170403145018,,gx-no-cache=1491338082339 HTTP/1.1" 200 93
186.103.158.250 - - [04/Apr/2017:16:35:32 -0300] "GET /cormun/servlet/hpexe_return? HTTP/1.1" 200 1020
186.103.158.250 - - [04/Apr/2017:16:35:33 -0300] "GET /cormun/servlet/trpermisosgoce HTTP/1.1" 200 7360
186.103.158.250 - - [04/Apr/2017:16:35:34 -0300] "GET /cormun/servlet/trpermisosgoce HTTP/1.1" 200 7356
186.103.158.250 - - [04/Apr/2017:16:35:40 -0300] "GET /cormun/servlet/trpermisosadjuntos?16716335,20170403145018,P, HTTP/1.1" 200 6081
186.103.158.250 - - [04/Apr/2017:16:35:40 -0300] "GET /cormun/static/gxcfg.js?201731711542659 HTTP/1.1" 200 953
186.103.158.250 - - [04/Apr/2017:16:35:40 -0300] "GET /cormun/static/trpermisosadjuntos.js?201731711542990 HTTP/1.1" 200 20045
186.103.158.250 - - [04/Apr/2017:16:35:41 -0300] "GET /cormun/servlet/trpermisosadjuntos?16716335,20170403145018,P, HTTP/1.1" 200 6081
186.103.158.250 - - [04/Apr/2017:16:35:42 -0300] "POST /cormun/servlet/acontrolpreferencessavestate?None,CE-4,true HTTP/1.1" 200 35
192.168.10.13 - - [04/Apr/2017:16:36:25 -0300] "GET / HTTP/1.1" 200 11217
200.86.95.220 - - [04/Apr/2017:16:36:26 -0300] "GET /cormun/servlet/licenciaspermisos?832ac08c9110884af990b2d25635e4098b63f04477177aecd94503fc7ca48d1f758eb8cb6740da5c67ea46d375e7ad4254cb303d8febb9ce26ac1ed36ea5c9a5015f01fbe599d6fd707dd398b40688fa7323f4b32c6553510fadb3aceae5410cb118ab76336d8809c5521e3852b5ef5fdc4b4574776cd3a31e298783ae4640362342a1f4da94bc53bc5b2226f8e3f78167747c5ea00f474c0cb8ef0c4155079c53df14f547a1c061002c60cc1b8e68b902ba08817915fdfd428a9d64915d54529d70b1d84f7fbeaa2d7d4d23f89d4b87011ca4c39d962972c0615268160f8ea9,gx-no-cache=1491334655131 HTTP/1.1" 200 30
200.86.95.220 - - [04/Apr/2017:16:36:26 -0300] "GET /cormun/servlet/licenciaspermisos?832ac08c9110884af990b2d25635e4096ec844075ffa9c2150d9ac2a23830fc19d8a4460825fe5618c754f61258fcad0b9dc2cf550596c9aa130f243dc44437a6cce093b49ef23171ecfd15652e7a84f8d63bff8a75aaa5908a2ee2d5796849f4eebb00be119a245678c8e315d75e2c8bdf1da0680f5ccb7dbcd25384f005be4c2b7226a89ce0d595abd8d52c298590d0dd7cf5f18871b25873f1c250f098cda51d45be14872897ab730c9dbe59ba771106b0a563bcbb2a9b0e2c754003f743db06ca4d8e3519daf759ac4e221d84977867adc92a884ae0dca326c4614c41b4e,gx-no-cache=1491334655303 HTTP/1.1" 200 29
200.86.95.220 - - [04/Apr/2017:16:36:26 -0300] "POST /cormun/servlet/licenciaspermisos?49e4ba43cf9974189b9d0602e568322b,INS,0,,,,gx-no-cache=1491334655380 HTTP/1.1" 200 4591
200.86.95.220 - - [04/Apr/2017:16:36:26 -0300] "GET /cormun/static/Shared/jqueryui/images/ui-bg_highlight-soft_100_c6c2c8_1x100.png HTTP/1.1" 404 1117
200.86.95.220 - - [04/Apr/2017:16:36:26 -0300] "GET /cormun/static/Shared/jqueryui/images/ui-icons_82798d_256x240.png HTTP/1.1" 404 1089
200.86.95.220 - - [04/Apr/2017:16:36:26 -0300] "GET /cormun/static/Shared/jqueryui/images/ui-bg_flat_55_994d53_40x100.png HTTP/1.1" 404 1097
200.86.95.220 - - [04/Apr/2017:16:36:26 -0300] "GET /cormun/static/Shared/jqueryui/images/ui-icons_ebccce_256x240.png HTTP/1.1" 404 1089
200.86.95.220 - - [04/Apr/2017:16:36:40 -0300] "GET /cormun/servlet/licenciaspermisos?832ac08c9110884af990b2d25635e4098b63f04477177aecd94503fc7ca48d1f758eb8cb6740da5c67ea46d375e7ad4254cb303d8febb9ce26ac1ed36ea5c9a5015f01fbe599d6fd707dd398b40688fa7323f4b32c6553510fadb3aceae5410cb118ab76336d8809c5521e3852b5ef5fdc4b4574776cd3a31e298783ae4640362342a1f4da94bc53bc5b2226f8e3f78167747c5ea00f474c0cb8ef0c4155079c53df14f547a1c061002c60cc1b8e68b902ba08817915fdfd428a9d64915d54529d70b1d84f7fbeaa2d7d4d23f89d4b87011ca4c39d962972c0615268160f8ea9,gx-no-cache=1491334669109 HTTP/1.1" 200 30
200.86.95.220 - - [04/Apr/2017:16:36:40 -0300] "GET /cormun/servlet/licenciaspermisos?832ac08c9110884af990b2d25635e4096ec844075ffa9c2150d9ac2a23830fc19d8a4460825fe5618c754f61258fcad0b9dc2cf550596c9aa130f243dc44437a6cce093b49ef23171ecfd15652e7a84f8d63bff8a75aaa5908a2ee2d5796849f4eebb00be119a245678c8e315d75e2c8bdf1da0680f5ccb7dbcd25384f005be4c2b7226a89ce0d595abd8d52c298590d0dd7cf5f18871b25873f1c250f098cda51d45be14872897ab730c9dbe59ba771106b0a563bcbb2a9b0e2c754003f743db06ca4d8e3519daf759ac4e221d84977867adc92a884ae0dca326c4614c41b4e,gx-no-cache=1491334669227 HTTP/1.1" 200 29
200.86.95.220 - - [04/Apr/2017:16:36:41 -0300] "POST /cormun/servlet/licenciaspermisos?49e4ba43cf9974189b9d0602e568322b,INS,0,,,,gx-no-cache=1491334669351 HTTP/1.1" 200 4591
190.151.99.26 - - [04/Apr/2017:16:37:24 -0300] "POST /cormun/servlet/solicitudot?gx-no-cache=1491334709974 HTTP/1.1" 200 30
190.151.99.26 - - [04/Apr/2017:16:37:24 -0300] "POST /cormun/servlet/solicitudot?gx-no-cache=1491334710123 HTTP/1.1" 200 656
190.151.99.26 - - [04/Apr/2017:16:37:24 -0300] "POST /cormun/servlet/solicitudot?gx-no-cache=1491334710184 HTTP/1.1" 200 41
192.168.10.13 - - [04/Apr/2017:16:37:25 -0300] "GET / HTTP/1.1" 200 11217
200.86.95.220 - - [04/Apr/2017:16:37:29 -0300] "GET /cormun/servlet/licenciaspermisos?832ac08c9110884af990b2d25635e4098b63f04477177aecd94503fc7ca48d1f758eb8cb6740da5c67ea46d375e7ad4254cb303d8febb9ce26ac1ed36ea5c9a5015f01fbe599d6fd707dd398b40688fa7323f4b32c6553510fadb3aceae5410cb118ab76336d8809c5521e3852b5ef5fdc4b4574776cd3a31e298783ae4640362342a1f4da94bc53bc5b2226f8e3f78167747c5ea00f474c0cb8ef0c4155079c53df14f547a1c061002c60cc1b8e68b902ba08817915fdfd428a9d64915d54529d70b1d84f7fbeaa2d7d4d23f89d4b87011ca4c39d962972c0615268160f8ea9,gx-no-cache=1491334718146 HTTP/1.1" 200 30
200.86.95.220 - - [04/Apr/2017:16:37:29 -0300] "GET /cormun/servlet/licenciaspermisos?832ac08c9110884af990b2d25635e4096ec844075ffa9c2150d9ac2a23830fc19d8a4460825fe5618c754f61258fcad0b9dc2cf550596c9aa130f243dc44437a6cce093b49ef23171ecfd15652e7a84f8d63bff8a75aaa5908a2ee2d5796849f4eebb00be119a245678c8e315d75e2c8bdf1da0680f5ccb7dbcd25384f005be4c2b7226a89ce0d595abd8d52c298590d0dd7cf5f18871b25873f1c250f098cda51d45be14872897ab730c9dbe59ba771106b0a563bcbb2a9b0e2c754003f743db06ca4d8e3519daf759ac4e221d84977867adc92a884ae0dca326c4614c41b4e,gx-no-cache=1491334718251 HTTP/1.1" 200 29
200.86.95.220 - - [04/Apr/2017:16:37:29 -0300] "POST /cormun/servlet/licenciaspermisos?49e4ba43cf9974189b9d0602e568322b,INS,0,,,,gx-no-cache=1491334718338 HTTP/1.1" 200 93
200.86.95.220 - - [04/Apr/2017:16:37:29 -0300] "GET /cormun/servlet/hpexe_return? HTTP/1.1" 200 1012
200.86.95.220 - - [04/Apr/2017:16:37:29 -0300] "GET /cormun/servlet/trlicencias HTTP/1.1" 200 7785
200.86.95.220 - - [04/Apr/2017:16:37:31 -0300] "GET /cormun/servlet/trlicencias HTTP/1.1" 200 7781
200.86.95.220 - - [04/Apr/2017:16:37:38 -0300] "GET /cormun/servlet/alicenciaprn?20029270,L,20170404000000,PU HTTP/1.1" 200 1538
190.151.99.26 - - [04/Apr/2017:16:38:24 -0300] "POST /cormun/servlet/solicitudot?gx-no-cache=1491334769358 HTTP/1.1" 200 30
190.151.99.26 - - [04/Apr/2017:16:38:24 -0300] "POST /cormun/servlet/solicitudot?gx-no-cache=1491334769492 HTTP/1.1" 200 656
190.151.99.26 - - [04/Apr/2017:16:38:24 -0300] "POST /cormun/servlet/solicitudot?gx-no-cache=1491334769577 HTTP/1.1" 200 41
190.151.99.26 - - [04/Apr/2017:16:38:24 -0300] "POST /cormun/servlet/solicitudot?gx-no-cache=1491334769644 HTTP/1.1" 200 642
190.151.99.26 - - [04/Apr/2017:16:38:24 -0300] "POST /cormun/servlet/solicitudot?gx-no-cache=1491334769721 HTTP/1.1" 200 521
192.168.10.13 - - [04/Apr/2017:16:38:25 -0300] "GET / HTTP/1.1" 200 11217
190.151.124.170 - - [04/Apr/2017:16:38:28 -0300] "GET /cormun/servlet/solicitudot?12272b1b2df70eafac7f0eb43f2e3b7e938b4d4002b5cffda9e4b985fa660d6696769f93e9b6daee0fc9d1970e59839f28c7180830d001b5ec73a69b9a18a9a17cc97a45351da3ea97c87e14ec5ad46054cc12599a447f0d69490cae85562a3ebb6ec9223a733e31548de69367fcf837a643f3534d58656b2755589bb7bcd27edbd33cca3fe91a910bd55f664361e6e42dea63a8dfa3472c9fdf3fe56eccea9f78e2edc6c08634fb06938f2ce6915507a26a0222ca4ded6a5e1637f1a421a9aab944fee561d016b0edcc5f3d31791bf0ba7acdf11755e32651cec82fadb3c801061e4628b103b829b042b1f773c421f3179b1a6be507c77d4d4b50e90c9c7f813f77b03b63b12d82f0ad14ffe6e94012f57f36662f06b006e59971b7f6dd31cef0f4162c527c50019e19c7f7ad200ae545cd83f51e3d4da2fd907c8b41b38c2058284eb8d78ddf558dc9dc4db16cbf85e1b549ba35020d5f231aa395df2c71f4ebb12741f250c1812bc4dcb6594d2d838ef0f4f454726d5eec67dadba6e38de0fa8227d3fdb0bd7ae8de3da2e63dec6b,gx-no-cache=1491334773560 HTTP/1.1" 200 30
190.151.124.170 - - [04/Apr/2017:16:38:28 -0300] "POST /cormun/servlet/solicitudot?gx-no-cache=1491334773681 HTTP/1.1" 200 30
190.151.124.170 - - [04/Apr/2017:16:38:28 -0300] "POST /cormun/servlet/solicitudot?gx-no-cache=1491334773764 HTTP/1.1" 200 656
190.151.124.170 - - [04/Apr/2017:16:38:28 -0300] "POST /cormun/servlet/solicitudot?gx-no-cache=1491334773845 HTTP/1.1" 200 41
190.151.124.170 - - [04/Apr/2017:16:38:28 -0300] "POST /cormun/servlet/solicitudot?gx-no-cache=1491334773898 HTTP/1.1" 200 642
190.151.124.170 - - [04/Apr/2017:16:38:28 -0300] "POST /cormun/servlet/solicitudot?gx-no-cache=1491334773943 HTTP/1.1" 200 521
200.86.95.220 - - [04/Apr/2017:16:38:44 -0300] "GET /cormun/servlet/licenciaspermisos?UPD,20029270,L,20170404000000, HTTP/1.1" 200 7344
200.86.95.220 - - [04/Apr/2017:16:38:46 -0300] "GET /cormun/servlet/licenciaspermisos?UPD,20029270,L,20170404000000, HTTP/1.1" 200 7344
200.86.95.220 - - [04/Apr/2017:16:38:46 -0300] "GET /cormun/servlet/licenciaspermisos?832ac08c9110884af990b2d25635e40951b94f172ab655b38881ff2f2d1f091aa150c8287f2bd70cefd133d6016c1c05,gx-no-cache=1491334795750 HTTP/1.1" 200 66
200.86.95.220 - - [04/Apr/2017:16:38:55 -0300] "POST /cormun/servlet/licenciaspermisos?49e4ba43cf9974189b9d0602e568322b,UPD,20029270,L,20170404000000,,gx-no-cache=1491334804183 HTTP/1.1" 200 93
200.86.95.220 - - [04/Apr/2017:16:38:55 -0300] "GET /cormun/servlet/hpexe_return? HTTP/1.1" 200 1028
200.86.95.220 - - [04/Apr/2017:16:38:55 -0300] "GET /cormun/servlet/trlicencias HTTP/1.1" 200 7785
200.86.95.220 - - [04/Apr/2017:16:38:56 -0300] "GET /cormun/servlet/trlicencias HTTP/1.1" 200 7781
200.86.95.220 - - [04/Apr/2017:16:39:00 -0300] "GET /cormun/servlet/trlicenciaspermisosadjuntos?20029270,20170404000000,L, HTTP/1.1" 200 6120
200.86.95.220 - - [04/Apr/2017:16:39:00 -0300] "GET /cormun/static/gxcfg.js?20173171154619 HTTP/1.1" 200 953
200.86.95.220 - - [04/Apr/2017:16:39:00 -0300] "GET /cormun/static/trlicenciaspermisosadjuntos.js?20173171154971 HTTP/1.1" 304 -
200.86.95.220 - - [04/Apr/2017:16:39:01 -0300] "GET /cormun/servlet/trlicenciaspermisosadjuntos?20029270,20170404000000,L, HTTP/1.1" 200 6121
200.86.95.220 - - [04/Apr/2017:16:39:03 -0300] "GET /cormun/servlet/licenciaspermisosadjuntos?INS,20029270,L,20170404000000,, HTTP/1.1" 200 5415
200.86.95.220 - - [04/Apr/2017:16:39:03 -0300] "GET /cormun/static/gxcfg.js?201731711421170 HTTP/1.1" 200 953
200.86.95.220 - - [04/Apr/2017:16:39:04 -0300] "GET /cormun/static/licenciaspermisosadjuntos.js?201731711421181 HTTP/1.1" 304 -
200.86.95.220 - - [04/Apr/2017:16:39:04 -0300] "GET /cormun/static/about:blank HTTP/1.1" 404 1011
200.86.95.220 - - [04/Apr/2017:16:39:04 -0300] "GET /cormun/servlet/licenciaspermisosadjuntos?INS,20029270,L,20170404000000,, HTTP/1.1" 200 5405
200.86.95.220 - - [04/Apr/2017:16:39:23 -0300] "POST /cormun/servlet/licenciaspermisosadjuntos?49e4ba43cf9974189b9d0602e568322b,INS,20029270,L,20170404000000,, HTTP/1.1" 200 116
200.86.95.220 - - [04/Apr/2017:16:39:23 -0300] "GET /cormun/servlet/hpexe_return? HTTP/1.1" 200 1043
200.86.95.220 - - [04/Apr/2017:16:39:24 -0300] "GET /cormun/servlet/trlicenciaspermisosadjuntos?20029270,20170404000000,L, HTTP/1.1" 200 6586
192.168.10.13 - - [04/Apr/2017:16:39:25 -0300] "GET / HTTP/1.1" 200 11217
200.86.95.220 - - [04/Apr/2017:16:39:25 -0300] "GET /cormun/servlet/trlicenciaspermisosadjuntos?20029270,20170404000000,L, HTTP/1.1" 200 6584
200.86.95.220 - - [04/Apr/2017:16:39:26 -0300] "GET /cormun/PublicTempStorage/img1221720053.jpg HTTP/1.1" 200 1890265
200.86.95.220 - - [04/Apr/2017:16:39:29 -0300] "POST /cormun/servlet/trlicenciaspermisosadjuntos?49e4ba43cf9974189b9d0602e568322b,20029270,20170404000000,L,,gx-no-cache=1491334838099 HTTP/1.1" 200 90
200.86.95.220 - - [04/Apr/2017:16:39:29 -0300] "GET /cormun/servlet/hpexe_link HTTP/1.1" 200 985
200.86.95.220 - - [04/Apr/2017:16:39:29 -0300] "GET /cormun/servlet/trlicencias HTTP/1.1" 200 7783
200.86.95.220 - - [04/Apr/2017:16:39:30 -0300] "GET /cormun/servlet/trlicencias HTTP/1.1" 200 7781
200.86.95.220 - - [04/Apr/2017:16:39:40 -0300] "POST /cormun/servlet/trlicencias?49e4ba43cf9974189b9d0602e568322b,gx-no-cache=1491334849587 HTTP/1.1" 200 4034
200.86.95.220 - - [04/Apr/2017:16:39:40 -0300] "GET /cormun/static/Shared/jqueryui/images/ui-bg_highlight-soft_100_c6c2c8_1x100.png HTTP/1.1" 404 1117
200.86.95.220 - - [04/Apr/2017:16:39:40 -0300] "GET /cormun/static/Shared/jqueryui/images/ui-icons_82798d_256x240.png HTTP/1.1" 404 1089
200.86.95.220 - - [04/Apr/2017:16:39:40 -0300] "GET /cormun/static/Shared/jqueryui/images/ui-bg_flat_55_fafafa_40x100.png HTTP/1.1" 404 1097
200.86.95.220 - - [04/Apr/2017:16:39:40 -0300] "GET /cormun/static/Shared/jqueryui/images/ui-icons_8d78a5_256x240.png HTTP/1.1" 404 1089
192.168.10.13 - - [04/Apr/2017:16:40:25 -0300] "GET / HTTP/1.1" 200 11217
192.168.10.13 - - [04/Apr/2017:16:41:25 -0300] "GET / HTTP/1.1" 200 11217
192.168.10.13 - - [04/Apr/2017:16:42:25 -0300] "GET / HTTP/1.1" 200 11217
192.168.10.13 - - [04/Apr/2017:16:43:25 -0300] "GET / HTTP/1.1" 200 11217
192.168.10.13 - - [04/Apr/2017:16:44:25 -0300] "GET / HTTP/1.1" 200 11217
186.103.196.84 - - [04/Apr/2017:16:44:26 -0300] "GET /cormun/servlet/solicitudot?12272b1b2df70eafac7f0eb43f2e3b7e938b4d4002b5cffda9e4b985fa660d6696769f93e9b6daee0fc9d1970e59839f28c7180830d001b5ec73a69b9a18a9a17cc97a45351da3ea97c87e14ec5ad46054cc12599a447f0d69490cae85562a3ebb6ec9223a733e31548de69367fcf837a643f3534d58656b2755589bb7bcd27edbd33cca3fe91a910bd55f664361e6e42dea63a8dfa3472c9fdf3fe56eccea9f78e2edc6c08634fb06938f2ce6915507a26a0222ca4ded6a5e1637f1a421a9aab944fee561d016b0edcc5f3d31791bf0ba7acdf11755e32651cec82fadb3c801061e4628b103b829b042b1f773c421f3179b1a6be507c77d4d4b50e90c9c7f813f77b03b63b12d82f0ad14ffe6e94012f57f36662f06b006e59971b7f6dd31cef0f4162c527c50019e19c7f7ad200ae545cd83f51e3d4da2fd907c8b41b38c2058284eb8d78ddf558dc9dc4db16cbf85e1b549ba35020d5f231aa395df2c71f4ebb12741f250c1812bc4dcb6594d2d838ef0f4f454726d5eec67dadba6e38de0fa8227d3fdb0bd7ae8de3da2e63dec6b,gx-no-cache=1491335131840 HTTP/1.1" 200 30
186.103.196.84 - - [04/Apr/2017:16:44:26 -0300] "POST /cormun/servlet/solicitudot?gx-no-cache=1491335131953 HTTP/1.1" 200 30
186.103.196.84 - - [04/Apr/2017:16:44:26 -0300] "POST /cormun/servlet/solicitudot?gx-no-cache=1491335132014 HTTP/1.1" 200 656
186.103.196.84 - - [04/Apr/2017:16:44:26 -0300] "POST /cormun/servlet/solicitudot?gx-no-cache=1491335132099 HTTP/1.1" 200 41
186.103.196.84 - - [04/Apr/2017:16:44:26 -0300] "POST /cormun/servlet/solicitudot?gx-no-cache=1491335132156 HTTP/1.1" 200 642
186.103.196.84 - - [04/Apr/2017:16:44:26 -0300] "POST /cormun/servlet/solicitudot?gx-no-cache=1491335132228 HTTP/1.1" 200 521
186.103.196.84 - - [04/Apr/2017:16:44:29 -0300] "GET /cormun/servlet/solicitudot?12272b1b2df70eafac7f0eb43f2e3b7e938b4d4002b5cffda9e4b985fa660d6696769f93e9b6daee0fc9d1970e59839f28c7180830d001b5ec73a69b9a18a9a17cc97a45351da3ea97c87e14ec5ad46054cc12599a447f0d69490cae85562a3ebb6ec9223a733e31548de69367fcf837a643f3534d58656b2755589bb7bcd27edbd33cca3fe91a910bd55f664361e6e42dea63a8dfa3472c9fdf3fe56eccea9f78e2edc6c08634fb06938f2ce6915507a26a0222ca4ded6a5e1637f1a421a9aab944fee561d016b0edcc5f3d31791bf0ba7acdf11755e32651cec82fadb3c801061e4628b103b829b042b1f773c421f3179b1a6be507c77d4d4b50e90c9c7f813f77b03b63b12d82f0ad14ffe6e94012f57f36662f06b006e59971b7f6dd31cef0f4162c527c50019e19c7f7ad200ae545cd83f51e3d4da2fd907c8b41b38c2058284eb8d78ddf558dc9dc4db16cbf85e1b549ba35020d5f231aa395df2c71f4ebb12741f250c1812bc4dcb6594d2d838ef0f4f454726d5eec67dadba6e38de0fa8227d3fdb0bd7ae8de3da2e63dec6b,gx-no-cache=1491335135016 HTTP/1.1" 200 30
186.103.196.84 - - [04/Apr/2017:16:44:29 -0300] "POST /cormun/servlet/solicitudot?gx-no-cache=1491335135090 HTTP/1.1" 200 30
186.103.196.84 - - [04/Apr/2017:16:44:29 -0300] "POST /cormun/servlet/solicitudot?gx-no-cache=1491335135182 HTTP/1.1" 200 656
186.103.196.84 - - [04/Apr/2017:16:44:29 -0300] "POST /cormun/servlet/solicitudot?gx-no-cache=1491335135284 HTTP/1.1" 200 41
186.103.196.84 - - [04/Apr/2017:16:44:30 -0300] "POST /cormun/servlet/solicitudot?gx-no-cache=1491335135364 HTTP/1.1" 200 642
186.103.196.84 - - [04/Apr/2017:16:44:30 -0300] "POST /cormun/servlet/solicitudot?gx-no-cache=1491335135443 HTTP/1.1" 200 521
192.168.10.96 - - [04/Apr/2017:16:44:54 -0300] "GET /cormun/servlet/vesolicitudnombre?2017,5412,,SolicitudOTAdjuntos HTTP/1.1" 200 10384
192.168.10.96 - - [04/Apr/2017:16:44:55 -0300] "GET /cormun/servlet/vesolicitudnombre?2017,5412,,SolicitudOTAdjuntos HTTP/1.1" 200 10385
192.168.10.96 - - [04/Apr/2017:16:44:56 -0300] "POST /cormun/servlet/acontrolpreferencessavestate?None,DZAMUDIO,true HTTP/1.1" 200 35
192.168.10.96 - - [04/Apr/2017:16:44:57 -0300] "GET /cormun/servlet/trconsultaempleado? HTTP/1.1" 200 6708
192.168.10.96 - - [04/Apr/2017:16:44:57 -0300] "GET /cormun/servlet/trconsultaempleado? HTTP/1.1" 200 6690
200.111.191.210 - - [04/Apr/2017:16:45:01 -0300] "GET /cormun/servlet/trsolicitudot? HTTP/1.1" 200 6061
200.111.191.210 - - [04/Apr/2017:16:45:01 -0300] "GET /cormun/static/calendar-setup.js?85251 HTTP/1.1" 304 -
200.111.191.210 - - [04/Apr/2017:16:45:01 -0300] "GET /cormun/static/calendar.js?85251 HTTP/1.1" 304 -
200.111.191.210 - - [04/Apr/2017:16:45:01 -0300] "GET /cormun/static/gxtimezone.js?85251 HTTP/1.1" 304 -
200.111.191.210 - - [04/Apr/2017:16:45:01 -0300] "GET /cormun/static/calendar-es.js?85251 HTTP/1.1" 304 -
200.111.191.210 - - [04/Apr/2017:16:45:02 -0300] "GET /cormun/static/gxdec.js?85251 HTTP/1.1" 304 -
200.111.191.210 - - [04/Apr/2017:16:45:02 -0300] "GET /cormun/servlet/hlogin HTTP/1.1" 200 1736
200.111.191.210 - - [04/Apr/2017:16:45:02 -0300] "GET /cormun/servlet/trsolicitudot? HTTP/1.1" 200 6071
200.111.191.210 - - [04/Apr/2017:16:45:05 -0300] "POST /cormun/servlet/hlogin?646ac27e3c06dcc0a7b6f8339bd488f7,gx-no-cache=1491338675515 HTTP/1.1" 200 443
192.168.10.96 - - [04/Apr/2017:16:45:07 -0300] "POST /cormun/servlet/trconsultaempleado?3b9f3a2c6b7d808a21842922d82db94b,,gx-no-cache=1491338384631 HTTP/1.1" 200 4432
200.111.191.210 - - [04/Apr/2017:16:45:09 -0300] "POST /cormun/servlet/hlogin?646ac27e3c06dcc0a7b6f8339bd488f7,gx-no-cache=1491338678999 HTTP/1.1" 200 90
192.168.10.96 - - [04/Apr/2017:16:45:09 -0300] "GET /cormun/servlet/trsolicitudnombre?13805594, HTTP/1.1" 200 7325
200.111.191.210 - - [04/Apr/2017:16:45:09 -0300] "GET /cormun/servlet/hpexe_link HTTP/1.1" 200 947
200.111.191.210 - - [04/Apr/2017:16:45:09 -0300] "GET /cormun/servlet/hhome HTTP/1.1" 200 3750
192.168.10.96 - - [04/Apr/2017:16:45:09 -0300] "GET /cormun/servlet/trsolicitudnombre?13805594, HTTP/1.1" 200 7322
200.111.191.210 - - [04/Apr/2017:16:45:09 -0300] "GET /cormun/servlet/hhome HTTP/1.1" 200 3747
200.111.191.210 - - [04/Apr/2017:16:45:12 -0300] "GET /cormun/servlet/trpermisosgoce? HTTP/1.1" 200 9164
192.168.10.96 - - [04/Apr/2017:16:45:12 -0300] "GET /cormun/servlet/vesolicitudnombre?2017,4935,, HTTP/1.1" 200 8556
192.168.10.96 - - [04/Apr/2017:16:45:12 -0300] "GET /cormun/pexe_scrolldiv.js HTTP/1.1" 404 1009
192.168.10.96 - - [04/Apr/2017:16:45:12 -0300] "GET /cormun/pexe_scrolldiv.js HTTP/1.1" 404 1009
200.111.191.210 - - [04/Apr/2017:16:45:12 -0300] "GET /cormun/servlet/trpermisosgoce? HTTP/1.1" 200 9163
192.168.10.96 - - [04/Apr/2017:16:45:12 -0300] "GET /cormun/servlet/vesolicitudnombre?2017,4935,, HTTP/1.1" 200 8549
192.168.10.13 - - [04/Apr/2017:16:45:25 -0300] "GET / HTTP/1.1" 200 11217
192.168.10.96 - - [04/Apr/2017:16:46:16 -0300] "GET /cormun/servlet/vesolicitudnombre?2017,4935,,SolicitudOTAdjuntos HTTP/1.1" 200 10316
192.168.10.96 - - [04/Apr/2017:16:46:16 -0300] "GET /cormun/pexe_scrolldiv.js HTTP/1.1" 404 1009
192.168.10.96 - - [04/Apr/2017:16:46:16 -0300] "GET /cormun/pexe_scrolldiv.js HTTP/1.1" 404 1009
192.168.10.96 - - [04/Apr/2017:16:46:17 -0300] "GET /cormun/servlet/vesolicitudnombre?2017,4935,,SolicitudOTAdjuntos HTTP/1.1" 200 10317
192.168.10.96 - - [04/Apr/2017:16:46:18 -0300] "POST /cormun/servlet/acontrolpreferencessavestate?None,DZAMUDIO,true HTTP/1.1" 200 35
192.168.10.96 - - [04/Apr/2017:16:46:18 -0300] "GET /cormun/PublicTempStorage/titulo1965197.jpg HTTP/1.1" 200 468723
192.168.10.13 - - [04/Apr/2017:16:46:25 -0300] "GET / HTTP/1.1" 200 11217
186.103.196.90 - - [04/Apr/2017:16:46:44 -0300] "GET /cormun/servlet/solicitudot?12272b1b2df70eafac7f0eb43f2e3b7ecdc39b28f59d113bb19529fbb52e3bbcf452c1ab3a0958a17960e1a61322e0bfef4546c1a1691aed5bb3f617cf022d96d0dc76700de60e253a5b7f423ef2654f7ca89a96334da514296967655241f27348b9867436fe95aa603b54a359c5ae3f702cb60c78dd3e6f3e15c52124b0c5ac5a1a86cb2f9c8c1a3038de48967fff06854e838ef77d07e0787524dcabd734359f5870f16f92b161215931f455600b14,gx-no-cache=1491335269024 HTTP/1.1" 200 30
186.103.196.90 - - [04/Apr/2017:16:46:44 -0300] "POST /cormun/servlet/solicitudot?cea1d11718873ea3ac8eaea260455109,INS,0,0,,gx-no-cache=1491335269443 HTTP/1.1" 200 93
186.103.196.90 - - [04/Apr/2017:16:46:44 -0300] "GET /cormun/servlet/hpexe_return? HTTP/1.1" 200 1005
186.103.196.90 - - [04/Apr/2017:16:46:44 -0300] "GET /cormun/static/gxcfg.js?2016101716175148 HTTP/1.1" 304 -
186.103.196.90 - - [04/Apr/2017:16:46:44 -0300] "GET /cormun/servlet/trsolicitudot HTTP/1.1" 200 8767
186.103.196.90 - - [04/Apr/2017:16:46:45 -0300] "GET /cormun/servlet/trsolicitudot HTTP/1.1" 200 8763
190.151.99.26 - - [04/Apr/2017:16:46:59 -0300] "POST /cormun/servlet/trsolicitudot?cea1d11718873ea3ac8eaea260455109,gx-no-cache=1491335284361 HTTP/1.1" 200 6184
190.151.99.26 - - [04/Apr/2017:16:46:59 -0300] "GET /cormun/static/Shared/jqueryui/images/ui-bg_highlight-soft_100_c6c2c8_1x100.png HTTP/1.1" 404 1117
186.103.196.84 - - [04/Apr/2017:16:46:59 -0300] "GET /cormun/static/Shared/jqueryui/images/ui-icons_82798d_256x240.png HTTP/1.1" 404 1089
190.151.124.170 - - [04/Apr/2017:16:46:59 -0300] "GET /cormun/static/Shared/jqueryui/images/ui-bg_flat_55_fafafa_40x100.png HTTP/1.1" 404 1097
186.67.84.234 - - [04/Apr/2017:16:46:59 -0300] "GET /cormun/static/Shared/jqueryui/images/ui-icons_8d78a5_256x240.png HTTP/1.1" 404 1089
192.168.10.13 - - [04/Apr/2017:16:47:25 -0300] "GET / HTTP/1.1" 200 11217
192.168.10.13 - - [04/Apr/2017:16:48:25 -0300] "GET / HTTP/1.1" 200 11217
192.168.10.13 - - [04/Apr/2017:16:49:25 -0300] "GET / HTTP/1.1" 200 11217
192.168.10.13 - - [04/Apr/2017:16:50:25 -0300] "GET / HTTP/1.1" 200 11217
192.168.10.96 - - [04/Apr/2017:16:51:00 -0300] "GET /cormun/servlet/vesolicitudnombre?2017,4935,,SolicitudOTAdjuntos HTTP/1.1" 200 10314
192.168.10.96 - - [04/Apr/2017:16:51:01 -0300] "GET /cormun/servlet/vesolicitudnombre?2017,4935,,SolicitudOTAdjuntos HTTP/1.1" 200 10317
200.111.191.210 - - [04/Apr/2017:16:51:01 -0300] "GET /cormun/servlet/trpermisosgoce? HTTP/1.1" 200 9162
200.111.191.210 - - [04/Apr/2017:16:51:01 -0300] "GET /cormun/servlet/trpermisosgoce? HTTP/1.1" 200 9162
192.168.10.96 - - [04/Apr/2017:16:51:01 -0300] "POST /cormun/servlet/acontrolpreferencessavestate?None,DZAMUDIO,true HTTP/1.1" 200 35
192.168.10.96 - - [04/Apr/2017:16:51:02 -0300] "GET /cormun/servlet/trconsultaempleado? HTTP/1.1" 200 6715
192.168.10.96 - - [04/Apr/2017:16:51:02 -0300] "GET /cormun/servlet/trconsultaempleado? HTTP/1.1" 200 6696
200.111.191.210 - - [04/Apr/2017:16:51:03 -0300] "GET /cormun/servlet/permisogoce?INS,0,,, HTTP/1.1" 200 6520
200.111.191.210 - - [04/Apr/2017:16:51:04 -0300] "GET /cormun/servlet/permisogoce?INS,0,,, HTTP/1.1" 200 6519
192.168.10.96 - - [04/Apr/2017:16:51:14 -0300] "POST /cormun/servlet/trconsultaempleado?3b9f3a2c6b7d808a21842922d82db94b,,gx-no-cache=1491338750980 HTTP/1.1" 200 4437
192.168.10.96 - - [04/Apr/2017:16:51:15 -0300] "GET /cormun/servlet/trsolicitudnombre?18379257, HTTP/1.1" 200 8411
192.168.10.96 - - [04/Apr/2017:16:51:15 -0300] "GET /cormun/servlet/trsolicitudnombre?18379257, HTTP/1.1" 200 8414
192.168.10.96 - - [04/Apr/2017:16:51:20 -0300] "GET /cormun/servlet/vesolicitudnombre?2017,4689,, HTTP/1.1" 200 8545
192.168.10.96 - - [04/Apr/2017:16:51:20 -0300] "GET /cormun/pexe_scrolldiv.js HTTP/1.1" 404 1009
192.168.10.96 - - [04/Apr/2017:16:51:20 -0300] "GET /cormun/pexe_scrolldiv.js HTTP/1.1" 404 1009
192.168.10.96 - - [04/Apr/2017:16:51:21 -0300] "GET /cormun/servlet/vesolicitudnombre?2017,4689,, HTTP/1.1" 200 8539
192.168.10.96 - - [04/Apr/2017:16:51:22 -0300] "GET /cormun/servlet/vesolicitudnombre?2017,4689,,SolicitudOTAdjuntos HTTP/1.1" 200 7482
200.111.191.210 - - [04/Apr/2017:16:51:22 -0300] "GET /cormun/servlet/permisogoce?558cac300a25dd3f5e39a1c60f649aada96952b8b38f9c9db97695c16669f7e6b13b4ded174f8f793244a6070e63af46,gx-no-cache=1491339052270 HTTP/1.1" 200 65
192.168.10.96 - - [04/Apr/2017:16:51:22 -0300] "GET /cormun/pexe_scrolldiv.js HTTP/1.1" 404 1009
192.168.10.96 - - [04/Apr/2017:16:51:22 -0300] "GET /cormun/pexe_scrolldiv.js HTTP/1.1" 404 1009
190.151.124.170 - - [04/Apr/2017:16:51:22 -0300] "POST /cormun/servlet/trsolicitudot?cea1d11718873ea3ac8eaea260455109,gx-no-cache=1491335547825 HTTP/1.1" 200 5458
192.168.10.96 - - [04/Apr/2017:16:51:22 -0300] "GET /cormun/servlet/vesolicitudnombre?2017,4689,,SolicitudOTAdjuntos HTTP/1.1" 200 7482
190.151.124.170 - - [04/Apr/2017:16:51:22 -0300] "POST /cormun/servlet/trsolicitudot?cea1d11718873ea3ac8eaea260455109,gx-no-cache=1491335548156 HTTP/1.1" 200 5401
192.168.10.96 - - [04/Apr/2017:16:51:23 -0300] "POST /cormun/servlet/acontrolpreferencessavestate?None,DZAMUDIO,true HTTP/1.1" 200 35
192.168.10.13 - - [04/Apr/2017:16:51:25 -0300] "GET / HTTP/1.1" 200 11217
192.168.10.96 - - [04/Apr/2017:16:51:26 -0300] "POST /cormun/servlet/vesolicitudnombre?3b9f3a2c6b7d808a21842922d82db94b,2017,4689,,SolicitudOTAdjuntos,gx-no-cache=1491338763114 HTTP/1.1" 200 90
192.168.10.96 - - [04/Apr/2017:16:51:26 -0300] "GET /cormun/servlet/hpexe_link HTTP/1.1" 200 991
192.168.10.96 - - [04/Apr/2017:16:51:26 -0300] "GET /cormun/servlet/trsolicitudnombre?18379257, HTTP/1.1" 200 8414
192.168.10.96 - - [04/Apr/2017:16:51:26 -0300] "GET /cormun/servlet/trsolicitudnombre?18379257, HTTP/1.1" 200 8416
192.168.10.96 - - [04/Apr/2017:16:51:28 -0300] "GET /cormun/servlet/vesolicitudnombre?2016,2995,, HTTP/1.1" 200 8538
192.168.10.96 - - [04/Apr/2017:16:51:28 -0300] "GET /cormun/pexe_scrolldiv.js HTTP/1.1" 404 1009
192.168.10.96 - - [04/Apr/2017:16:51:29 -0300] "GET /cormun/pexe_scrolldiv.js HTTP/1.1" 404 1009
200.111.191.210 - - [04/Apr/2017:16:51:29 -0300] "GET /cormun/servlet/permisogoce?558cac300a25dd3f5e39a1c60f649aad465d9245acc488c56a8182ace7647b9b11a8e6eafdbc4c22e58f9229b9bc270935ed7acc57ce7312a05245dbe2810411,gx-no-cache=1491339059104 HTTP/1.1" 200 46
192.168.10.96 - - [04/Apr/2017:16:51:29 -0300] "GET /cormun/servlet/vesolicitudnombre?2016,2995,, HTTP/1.1" 200 8534
192.168.10.96 - - [04/Apr/2017:16:51:30 -0300] "GET /cormun/servlet/vesolicitudnombre?2016,2995,,SolicitudOTAdjuntos HTTP/1.1" 200 7484
192.168.10.96 - - [04/Apr/2017:16:51:30 -0300] "GET /cormun/pexe_scrolldiv.js HTTP/1.1" 404 1009
192.168.10.96 - - [04/Apr/2017:16:51:30 -0300] "GET /cormun/pexe_scrolldiv.js HTTP/1.1" 404 1009
192.168.10.96 - - [04/Apr/2017:16:51:30 -0300] "GET /cormun/servlet/vesolicitudnombre?2016,2995,,SolicitudOTAdjuntos HTTP/1.1" 200 7484
192.168.10.96 - - [04/Apr/2017:16:51:31 -0300] "POST /cormun/servlet/acontrolpreferencessavestate?None,DZAMUDIO,true HTTP/1.1" 200 35
192.168.10.96 - - [04/Apr/2017:16:51:34 -0300] "POST /cormun/servlet/vesolicitudnombre?3b9f3a2c6b7d808a21842922d82db94b,2016,2995,,SolicitudOTAdjuntos,gx-no-cache=1491338771034 HTTP/1.1" 200 90
192.168.10.96 - - [04/Apr/2017:16:51:34 -0300] "GET /cormun/servlet/hpexe_link HTTP/1.1" 200 992
192.168.10.96 - - [04/Apr/2017:16:51:34 -0300] "GET /cormun/servlet/trsolicitudnombre?18379257, HTTP/1.1" 200 8413
192.168.10.96 - - [04/Apr/2017:16:51:34 -0300] "GET /cormun/servlet/trsolicitudnombre?18379257, HTTP/1.1" 200 8415
200.111.191.210 - - [04/Apr/2017:16:51:39 -0300] "POST /cormun/servlet/permisogoce?646ac27e3c06dcc0a7b6f8339bd488f7,INS,0,,,,gx-no-cache=1491339069143 HTTP/1.1" 200 93
200.111.191.210 - - [04/Apr/2017:16:51:39 -0300] "GET /cormun/servlet/hpexe_return? HTTP/1.1" 200 1004
200.111.191.210 - - [04/Apr/2017:16:51:39 -0300] "GET /cormun/servlet/trpermisosgoce HTTP/1.1" 200 9394
200.111.191.210 - - [04/Apr/2017:16:51:40 -0300] "GET /cormun/servlet/trpermisosgoce HTTP/1.1" 200 9392
192.168.10.96 - - [04/Apr/2017:16:51:40 -0300] "GET /cormun/servlet/vesolicitudnombre?2016,2996,, HTTP/1.1" 200 8511
192.168.10.96 - - [04/Apr/2017:16:51:40 -0300] "GET /cormun/pexe_scrolldiv.js HTTP/1.1" 404 1009
192.168.10.96 - - [04/Apr/2017:16:51:40 -0300] "GET /cormun/pexe_scrolldiv.js HTTP/1.1" 404 1009
192.168.10.96 - - [04/Apr/2017:16:51:41 -0300] "GET /cormun/servlet/vesolicitudnombre?2016,2996,, HTTP/1.1" 200 8506
192.168.10.96 - - [04/Apr/2017:16:51:43 -0300] "GET /cormun/servlet/vesolicitudnombre?2016,2996,,SolicitudOTAdjuntos HTTP/1.1" 200 7484
192.168.10.96 - - [04/Apr/2017:16:51:43 -0300] "GET /cormun/pexe_scrolldiv.js HTTP/1.1" 404 1009
192.168.10.96 - - [04/Apr/2017:16:51:43 -0300] "GET /cormun/pexe_scrolldiv.js HTTP/1.1" 404 1009
192.168.10.96 - - [04/Apr/2017:16:51:43 -0300] "GET /cormun/servlet/vesolicitudnombre?2016,2996,,SolicitudOTAdjuntos HTTP/1.1" 200 7484
192.168.10.96 - - [04/Apr/2017:16:51:44 -0300] "POST /cormun/servlet/acontrolpreferencessavestate?None,DZAMUDIO,true HTTP/1.1" 200 35
200.111.191.210 - - [04/Apr/2017:16:51:45 -0300] "GET /cormun/servlet/apermisogoceprn?17521323,P,20170404174616,PU HTTP/1.1" 200 1658
192.168.10.13 - - [04/Apr/2017:16:52:25 -0300] "GET / HTTP/1.1" 200 11217
192.168.10.96 - - [04/Apr/2017:16:52:43 -0300] "GET /cormun/servlet/trconsultaempleado? HTTP/1.1" 200 6718
192.168.10.96 - - [04/Apr/2017:16:52:43 -0300] "GET /cormun/servlet/trconsultaempleado? HTTP/1.1" 200 6700
192.168.10.96 - - [04/Apr/2017:16:52:52 -0300] "POST /cormun/servlet/trconsultaempleado?3b9f3a2c6b7d808a21842922d82db94b,,gx-no-cache=1491338849483 HTTP/1.1" 200 4434
192.168.10.96 - - [04/Apr/2017:16:53:04 -0300] "GET /cormun/servlet/trsolicitudnombre?18040322, HTTP/1.1" 200 7317
192.168.10.96 - - [04/Apr/2017:16:53:05 -0300] "GET /cormun/servlet/trsolicitudnombre?18040322, HTTP/1.1" 200 7317
192.168.10.96 - - [04/Apr/2017:16:53:07 -0300] "GET /cormun/servlet/vesolicitudnombre?2017,5672,, HTTP/1.1" 200 8507
192.168.10.96 - - [04/Apr/2017:16:53:07 -0300] "GET /cormun/pexe_scrolldiv.js HTTP/1.1" 404 1009
192.168.10.96 - - [04/Apr/2017:16:53:07 -0300] "GET /cormun/pexe_scrolldiv.js HTTP/1.1" 404 1009
192.168.10.96 - - [04/Apr/2017:16:53:07 -0300] "GET /cormun/servlet/vesolicitudnombre?2017,5672,, HTTP/1.1" 200 8505
192.168.10.96 - - [04/Apr/2017:16:53:09 -0300] "GET /cormun/servlet/vesolicitudnombre?2017,5672,,SolicitudOTAdjuntos HTTP/1.1" 200 10408
192.168.10.96 - - [04/Apr/2017:16:53:09 -0300] "GET /cormun/pexe_scrolldiv.js HTTP/1.1" 404 1009
192.168.10.96 - - [04/Apr/2017:16:53:09 -0300] "GET /cormun/pexe_scrolldiv.js HTTP/1.1" 404 1009
192.168.10.96 - - [04/Apr/2017:16:53:10 -0300] "GET /cormun/servlet/vesolicitudnombre?2017,5672,,SolicitudOTAdjuntos HTTP/1.1" 200 10411
192.168.10.96 - - [04/Apr/2017:16:53:11 -0300] "POST /cormun/servlet/acontrolpreferencessavestate?None,DZAMUDIO,true HTTP/1.1" 200 35
192.168.10.96 - - [04/Apr/2017:16:53:12 -0300] "GET /cormun/PublicTempStorage/titulo1058510.pdf HTTP/1.1" 200 787267
192.168.10.13 - - [04/Apr/2017:16:53:25 -0300] "GET / HTTP/1.1" 200 11217
186.79.125.97 - - [04/Apr/2017:16:53:33 -0300] "GET /cormun/servlet/hlogin HTTP/1.1" 200 1726
186.79.125.97 - - [04/Apr/2017:16:53:35 -0300] "POST /cormun/servlet/hlogin?e572a7c2a9ac0c92a9fd68c70c6e5478,gx-no-cache=1491335672491 HTTP/1.1" 200 90
186.79.125.97 - - [04/Apr/2017:16:53:36 -0300] "GET /cormun/servlet/hpexe_link HTTP/1.1" 200 958
186.79.125.97 - - [04/Apr/2017:16:53:36 -0300] "GET /cormun/servlet/hhome HTTP/1.1" 200 3963
186.79.125.97 - - [04/Apr/2017:16:53:37 -0300] "GET /cormun/servlet/hhome HTTP/1.1" 200 3959
186.79.125.97 - - [04/Apr/2017:16:53:40 -0300] "GET /cormun/servlet/trcontratosolicitud? HTTP/1.1" 200 13576
186.79.125.97 - - [04/Apr/2017:16:53:41 -0300] "GET /cormun/static/gxcfg.js?20171317451682 HTTP/1.1" 304 -
186.79.125.97 - - [04/Apr/2017:16:53:41 -0300] "GET /cormun/servlet/trcontratosolicitud? HTTP/1.1" 200 13568
192.168.10.13 - - [04/Apr/2017:16:54:25 -0300] "GET / HTTP/1.1" 200 11217
186.79.184.26 - - [04/Apr/2017:16:54:31 -0300] "GET /cormun/servlet/hlogin HTTP/1.1" 200 1726
186.79.184.26 - - [04/Apr/2017:16:54:32 -0300] "GET /cormun/static/gxcfg.js?201731711485472 HTTP/1.1" 304 -
186.79.184.26 - - [04/Apr/2017:16:54:32 -0300] "GET /cormun/servlet/hlogin HTTP/1.1" 200 1737
186.79.125.97 - - [04/Apr/2017:16:54:40 -0300] "POST /cormun/servlet/trcontratosolicitud?e572a7c2a9ac0c92a9fd68c70c6e5478,,gx-no-cache=1491335735367 HTTP/1.1" 200 4787
186.79.184.26 - - [04/Apr/2017:16:54:43 -0300] "POST /cormun/servlet/hlogin?c433a1cf9305db2d2fd587022c1ddab4,gx-no-cache=1491335753524 HTTP/1.1" 200 90
186.79.184.26 - - [04/Apr/2017:16:54:43 -0300] "GET /cormun/servlet/hpexe_link HTTP/1.1" 200 956
186.79.184.26 - - [04/Apr/2017:16:54:44 -0300] "GET /cormun/static/gxcfg.js?201731711483381 HTTP/1.1" 304 -
186.79.184.26 - - [04/Apr/2017:16:54:44 -0300] "GET /cormun/servlet/hhome HTTP/1.1" 200 4003
186.79.184.26 - - [04/Apr/2017:16:54:44 -0300] "GET /cormun/static/gxcfg.js?201731711483497 HTTP/1.1" 304 -
186.79.184.26 - - [04/Apr/2017:16:54:46 -0300] "GET /cormun/servlet/hhome HTTP/1.1" 200 4000
186.79.184.26 - - [04/Apr/2017:16:54:51 -0300] "GET /cormun/servlet/trpermisosgoce? HTTP/1.1" 200 8290
186.79.184.26 - - [04/Apr/2017:16:54:51 -0300] "GET /cormun/static/gxcfg.js?20173171154124 HTTP/1.1" 200 953
186.79.184.26 - - [04/Apr/2017:16:54:51 -0300] "GET /cormun/static/trpermisosgoce.js?20173171154177 HTTP/1.1" 200 31906
186.79.184.26 - - [04/Apr/2017:16:54:52 -0300] "GET /cormun/servlet/trpermisosgoce? HTTP/1.1" 200 8288
186.79.184.26 - - [04/Apr/2017:16:54:59 -0300] "GET /cormun/servlet/permisogoce?INS,0,,, HTTP/1.1" 200 6774
186.79.184.26 - - [04/Apr/2017:16:54:59 -0300] "GET /cormun/static/gxcfg.js?201732911503726 HTTP/1.1" 200 953
186.79.184.26 - - [04/Apr/2017:16:55:00 -0300] "GET /cormun/static/permisogoce.js?201732911503774 HTTP/1.1" 200 26619
186.79.184.26 - - [04/Apr/2017:16:55:00 -0300] "GET /cormun/servlet/permisogoce?INS,0,,, HTTP/1.1" 200 6774
186.79.125.97 - - [04/Apr/2017:16:55:06 -0300] "POST /cormun/servlet/trcontratosolicitud?e572a7c2a9ac0c92a9fd68c70c6e5478,,gx-no-cache=1491335762546 HTTP/1.1" 200 4787
186.79.184.26 - - [04/Apr/2017:16:55:15 -0300] "GET /cormun/servlet/permisogoce?b53995c74fbf311123e6bdb9ed6bcc339824156ee00f38b422b3caf48a997dd12fd125dada09fa6ab8c514c628fb0644,gx-no-cache=1491335785652 HTTP/1.1" 200 77
186.79.184.26 - - [04/Apr/2017:16:55:16 -0300] "GET /cormun/static/menuarrow.gif HTTP/1.1" 404 1015
192.168.10.13 - - [04/Apr/2017:16:55:25 -0300] "GET / HTTP/1.1" 200 11217
186.79.184.26 - - [04/Apr/2017:16:55:34 -0300] "GET /cormun/servlet/permisogoce?b53995c74fbf311123e6bdb9ed6bcc33367e4b37d4afa3bbe720f8b403ea24ac63db41b950fb1ce51453778714cbcaaa1eb98c0471168904e5353ae3b4bcf21a,gx-no-cache=1491335804477 HTTP/1.1" 200 47
186.79.184.26 - - [04/Apr/2017:16:55:46 -0300] "POST /cormun/servlet/permisogoce?c433a1cf9305db2d2fd587022c1ddab4,INS,0,,,,gx-no-cache=1491335815324 HTTP/1.1" 200 93
186.79.184.26 - - [04/Apr/2017:16:55:46 -0300] "GET /cormun/servlet/hpexe_return? HTTP/1.1" 200 1013
186.79.184.26 - - [04/Apr/2017:16:55:46 -0300] "GET /cormun/static/Resources/Spanish/PXTools.css?167811 HTTP/1.1" 304 -
186.79.184.26 - - [04/Apr/2017:16:55:47 -0300] "GET /cormun/static/gxcfg.js?2016101716175148 HTTP/1.1" 304 -
186.79.184.26 - - [04/Apr/2017:16:55:47 -0300] "GET /cormun/static/hpexe_return.js?2016101716175153 HTTP/1.1" 304 -
186.79.184.26 - - [04/Apr/2017:16:55:47 -0300] "GET /cormun/servlet/trpermisosgoce HTTP/1.1" 200 8497
186.79.184.26 - - [04/Apr/2017:16:55:49 -0300] "GET /cormun/servlet/trpermisosgoce HTTP/1.1" 200 8493
186.79.184.26 - - [04/Apr/2017:16:55:52 -0300] "GET /cormun/servlet/trpermisosadjuntos?17199981,20170404175023,P, HTTP/1.1" 200 6319
186.79.184.26 - - [04/Apr/2017:16:55:53 -0300] "GET /cormun/static/gxcfg.js?201731711542659 HTTP/1.1" 200 953
186.79.184.26 - - [04/Apr/2017:16:55:53 -0300] "GET /cormun/static/trpermisosadjuntos.js?201731711542990 HTTP/1.1" 200 20045
186.79.184.26 - - [04/Apr/2017:16:55:54 -0300] "GET /cormun/servlet/trpermisosadjuntos?17199981,20170404175023,P, HTTP/1.1" 200 6320
186.79.184.26 - - [04/Apr/2017:16:55:57 -0300] "GET /cormun/servlet/permisosadjuntos?INS,17199981,P,20170404175023,, HTTP/1.1" 200 5647
186.79.184.26 - - [04/Apr/2017:16:55:58 -0300] "GET /cormun/static/permisosadjuntos.js?2016122813135797 HTTP/1.1" 200 8721
186.79.184.26 - - [04/Apr/2017:16:56:00 -0300] "GET /cormun/static/gxcfg.js?2016122813135788 HTTP/1.1" 200 953
186.79.184.26 - - [04/Apr/2017:16:56:01 -0300] "GET /cormun/static/about:blank HTTP/1.1" 404 1011
186.79.184.26 - - [04/Apr/2017:16:56:01 -0300] "GET /cormun/servlet/permisosadjuntos?INS,17199981,P,20170404175023,, HTTP/1.1" 200 5638
192.168.10.13 - - [04/Apr/2017:16:56:25 -0300] "GET / HTTP/1.1" 200 11217
186.79.125.97 - - [04/Apr/2017:16:56:25 -0300] "GET /cormun/servlet/hlogin HTTP/1.1" 200 1720
186.79.184.26 - - [04/Apr/2017:16:56:26 -0300] "POST /cormun/servlet/permisosadjuntos?c433a1cf9305db2d2fd587022c1ddab4,INS,17199981,P,20170404175023,, HTTP/1.1" 200 116
186.79.184.26 - - [04/Apr/2017:16:56:26 -0300] "GET /cormun/servlet/hpexe_return? HTTP/1.1" 200 1041
186.79.184.26 - - [04/Apr/2017:16:56:26 -0300] "GET /cormun/servlet/trpermisosadjuntos?17199981,20170404175023,P, HTTP/1.1" 200 6769
186.79.125.97 - - [04/Apr/2017:16:56:27 -0300] "POST /cormun/servlet/hlogin?9c090568672339b89c825902de4ba503,gx-no-cache=1491335844227 HTTP/1.1" 200 90
186.79.125.97 - - [04/Apr/2017:16:56:27 -0300] "GET /cormun/servlet/hpexe_link HTTP/1.1" 200 951
186.79.125.97 - - [04/Apr/2017:16:56:28 -0300] "GET /cormun/servlet/hhome HTTP/1.1" 200 3959
186.79.184.26 - - [04/Apr/2017:16:56:28 -0300] "GET /cormun/servlet/trpermisosadjuntos?17199981,20170404175023,P, HTTP/1.1" 200 6766
186.79.125.97 - - [04/Apr/2017:16:56:28 -0300] "GET /cormun/servlet/hhome HTTP/1.1" 200 3955
186.79.125.97 - - [04/Apr/2017:16:56:31 -0300] "GET /cormun/servlet/trautorizarsolicitud? HTTP/1.1" 200 8552
186.79.125.97 - - [04/Apr/2017:16:56:31 -0300] "GET /cormun/servlet/trautorizarsolicitud? HTTP/1.1" 200 8551
186.79.125.97 - - [04/Apr/2017:16:56:39 -0300] "POST /cormun/servlet/trautorizarsolicitud?9c090568672339b89c825902de4ba503,,gx-no-cache=1491335855965 HTTP/1.1" 200 5421
186.79.125.97 - - [04/Apr/2017:16:56:39 -0300] "GET /cormun/static/Shared/jqueryui/images/ui-bg_highlight-soft_100_c6c2c8_1x100.png HTTP/1.1" 404 1117
186.79.125.97 - - [04/Apr/2017:16:56:39 -0300] "GET /cormun/static/Shared/jqueryui/images/ui-icons_82798d_256x240.png HTTP/1.1" 404 1089
186.79.125.97 - - [04/Apr/2017:16:56:39 -0300] "GET /cormun/static/Shared/jqueryui/images/ui-bg_flat_55_fafafa_40x100.png HTTP/1.1" 404 1097
186.79.125.97 - - [04/Apr/2017:16:56:39 -0300] "GET /cormun/static/Shared/jqueryui/images/ui-icons_8d78a5_256x240.png HTTP/1.1" 404 1089
186.79.125.97 - - [04/Apr/2017:16:56:40 -0300] "POST /cormun/servlet/trautorizarsolicitud?9c090568672339b89c825902de4ba503,,gx-no-cache=1491335856469 HTTP/1.1" 200 5364
186.79.125.97 - - [04/Apr/2017:16:56:46 -0300] "POST /cormun/servlet/trautorizarsolicitud?9c090568672339b89c825902de4ba503,,gx-no-cache=1491335862994 HTTP/1.1" 200 4323
186.79.184.26 - - [04/Apr/2017:16:56:47 -0300] "POST /cormun/servlet/trpermisosadjuntos?c433a1cf9305db2d2fd587022c1ddab4,17199981,20170404175023,P,,gx-no-cache=1491335876398 HTTP/1.1" 200 90
186.79.125.97 - - [04/Apr/2017:16:56:47 -0300] "POST /cormun/servlet/trautorizarsolicitud?9c090568672339b89c825902de4ba503,,gx-no-cache=1491335863899 HTTP/1.1" 200 4099
186.79.184.26 - - [04/Apr/2017:16:56:47 -0300] "GET /cormun/servlet/hpexe_link HTTP/1.1" 200 987
186.79.184.26 - - [04/Apr/2017:16:56:47 -0300] "GET /cormun/servlet/trpermisosgoce HTTP/1.1" 200 8497
186.79.184.26 - - [04/Apr/2017:16:56:49 -0300] "GET /cormun/servlet/trpermisosgoce HTTP/1.1" 200 8495
186.79.125.97 - - [04/Apr/2017:16:56:53 -0300] "GET /cormun/servlet/trcontratosolicitud? HTTP/1.1" 200 13585
186.79.125.97 - - [04/Apr/2017:16:56:54 -0300] "GET /cormun/servlet/trcontratosolicitud? HTTP/1.1" 200 13566
186.79.184.26 - - [04/Apr/2017:16:56:54 -0300] "POST /cormun/servlet/trpermisosgoce?c433a1cf9305db2d2fd587022c1ddab4,gx-no-cache=1491335883853 HTTP/1.1" 200 5747
186.79.184.26 - - [04/Apr/2017:16:56:58 -0300] "GET /cormun/servlet/permisogoce?INS,0,,, HTTP/1.1" 200 6774
186.79.184.26 - - [04/Apr/2017:16:56:59 -0300] "GET /cormun/servlet/permisogoce?INS,0,,, HTTP/1.1" 200 6774
186.79.125.97 - - [04/Apr/2017:16:57:08 -0300] "POST /cormun/servlet/trcontratosolicitud?9c090568672339b89c825902de4ba503,,gx-no-cache=1491335883541 HTTP/1.1" 200 4970
186.79.184.26 - - [04/Apr/2017:16:57:10 -0300] "GET /cormun/servlet/permisogoce?b53995c74fbf311123e6bdb9ed6bcc338da152fcf049094c79a4f097d4c096882fd125dada09fa6ab8c514c628fb0644,gx-no-cache=1491335900348 HTTP/1.1" 200 68
186.79.184.26 - - [04/Apr/2017:16:57:10 -0300] "GET /cormun/static/menuarrow.gif HTTP/1.1" 404 1015
200.111.191.210 - - [04/Apr/2017:16:57:22 -0300] "GET /cormun/servlet/hlogin HTTP/1.1" 200 1734
192.168.10.13 - - [04/Apr/2017:16:57:25 -0300] "GET / HTTP/1.1" 200 11217
186.79.184.26 - - [04/Apr/2017:16:57:25 -0300] "GET /cormun/servlet/permisogoce?b53995c74fbf311123e6bdb9ed6bcc33fb5829055a07a0985f29fd43fd8d7c19f4aa2e62060ee8bf24a01d53fc7c9b691eb98c0471168904e5353ae3b4bcf21a,gx-no-cache=1491335915222 HTTP/1.1" 200 47
186.79.125.97 - - [04/Apr/2017:16:57:28 -0300] "GET /cormun/servlet/trautorizarsolicitud? HTTP/1.1" 200 6871
186.79.125.97 - - [04/Apr/2017:16:57:28 -0300] "GET /cormun/servlet/trautorizarsolicitud? HTTP/1.1" 200 6871
192.168.10.96 - - [04/Apr/2017:16:57:34 -0300] "GET /cormun/servlet/vesolicitudnombre?2017,5672,,SolicitudOTAdjuntos HTTP/1.1" 200 10408
186.79.125.97 - - [04/Apr/2017:16:57:35 -0300] "GET /cormun/servlet/trcontratosolicitud? HTTP/1.1" 200 7421
192.168.10.96 - - [04/Apr/2017:16:57:35 -0300] "GET /cormun/servlet/vesolicitudnombre?2017,5672,,SolicitudOTAdjuntos HTTP/1.1" 200 10410
186.79.125.97 - - [04/Apr/2017:16:57:35 -0300] "GET /cormun/servlet/trcontratosolicitud? HTTP/1.1" 200 7428
192.168.10.96 - - [04/Apr/2017:16:57:36 -0300] "POST /cormun/servlet/acontrolpreferencessavestate?None,DZAMUDIO,true HTTP/1.1" 200 35
192.168.10.96 - - [04/Apr/2017:16:57:36 -0300] "GET /cormun/servlet/trconsultaempleado? HTTP/1.1" 200 6717
192.168.10.96 - - [04/Apr/2017:16:57:37 -0300] "GET /cormun/servlet/trconsultaempleado? HTTP/1.1" 200 6699
186.79.184.26 - - [04/Apr/2017:16:57:39 -0300] "POST /cormun/servlet/permisogoce?c433a1cf9305db2d2fd587022c1ddab4,INS,0,,,,gx-no-cache=1491335928473 HTTP/1.1" 200 93
186.79.184.26 - - [04/Apr/2017:16:57:39 -0300] "GET /cormun/servlet/hpexe_return? HTTP/1.1" 200 1035
186.79.184.26 - - [04/Apr/2017:16:57:39 -0300] "GET /cormun/servlet/trpermisosgoce?gx-no-cache=1491335883853 HTTP/1.1" 200 8702
186.79.184.26 - - [04/Apr/2017:16:57:41 -0300] "GET /cormun/servlet/trpermisosgoce?gx-no-cache=1491335883853 HTTP/1.1" 200 8719
192.168.10.96 - - [04/Apr/2017:16:57:43 -0300] "POST /cormun/servlet/trconsultaempleado?3b9f3a2c6b7d808a21842922d82db94b,,gx-no-cache=1491339140607 HTTP/1.1" 200 4429
186.79.184.26 - - [04/Apr/2017:16:57:44 -0300] "GET /cormun/servlet/trpermisosadjuntos?18224100,20170404175216,P, HTTP/1.1" 200 6335
186.79.184.26 - - [04/Apr/2017:16:57:45 -0300] "GET /cormun/servlet/trpermisosadjuntos?18224100,20170404175216,P, HTTP/1.1" 200 6315
192.168.10.96 - - [04/Apr/2017:16:57:46 -0300] "GET /cormun/servlet/trsolicitudnombre?17477558, HTTP/1.1" 200 7308
192.168.10.96 - - [04/Apr/2017:16:57:46 -0300] "GET /cormun/servlet/trsolicitudnombre?17477558, HTTP/1.1" 200 7306
186.79.125.97 - - [04/Apr/2017:16:57:48 -0300] "GET /cormun/servlet/trautorizarsolicitud? HTTP/1.1" 200 6871
192.168.10.96 - - [04/Apr/2017:16:57:48 -0300] "GET /cormun/servlet/vesolicitudnombre?2017,5614,, HTTP/1.1" 200 8522
192.168.10.96 - - [04/Apr/2017:16:57:48 -0300] "GET /cormun/pexe_scrolldiv.js HTTP/1.1" 404 1009
192.168.10.96 - - [04/Apr/2017:16:57:48 -0300] "GET /cormun/pexe_scrolldiv.js HTTP/1.1" 404 1009
186.79.125.97 - - [04/Apr/2017:16:57:48 -0300] "GET /cormun/servlet/trautorizarsolicitud? HTTP/1.1" 200 6871
192.168.10.96 - - [04/Apr/2017:16:57:48 -0300] "GET /cormun/servlet/vesolicitudnombre?2017,5614,, HTTP/1.1" 200 8516
186.79.184.26 - - [04/Apr/2017:16:57:48 -0300] "GET /cormun/servlet/permisosadjuntos?INS,18224100,P,20170404175216,, HTTP/1.1" 200 5642
186.79.184.26 - - [04/Apr/2017:16:57:49 -0300] "GET /cormun/static/about:blank HTTP/1.1" 404 1011
186.79.184.26 - - [04/Apr/2017:16:57:50 -0300] "GET /cormun/servlet/permisosadjuntos?INS,18224100,P,20170404175216,, HTTP/1.1" 200 5632
192.168.10.96 - - [04/Apr/2017:16:57:50 -0300] "GET /cormun/servlet/vesolicitudnombre?2017,5614,,SolicitudOTAdjuntos HTTP/1.1" 200 10578
192.168.10.96 - - [04/Apr/2017:16:57:50 -0300] "GET /cormun/pexe_scrolldiv.js HTTP/1.1" 404 1009
192.168.10.96 - - [04/Apr/2017:16:57:50 -0300] "GET /cormun/pexe_scrolldiv.js HTTP/1.1" 404 1009
192.168.10.96 - - [04/Apr/2017:16:57:51 -0300] "GET /cormun/servlet/vesolicitudnombre?2017,5614,,SolicitudOTAdjuntos HTTP/1.1" 200 10577
192.168.10.96 - - [04/Apr/2017:16:57:52 -0300] "POST /cormun/servlet/acontrolpreferencessavestate?None,DZAMUDIO,true HTTP/1.1" 200 35
192.168.10.96 - - [04/Apr/2017:16:57:53 -0300] "GET /cormun/PublicTempStorage/certificado_titulo__franco_romero4307881.pdf HTTP/1.1" 200 1023137
186.79.125.97 - - [04/Apr/2017:16:57:55 -0300] "GET /cormun/servlet/trautorizarsolicitud? HTTP/1.1" 200 6871
186.79.125.97 - - [04/Apr/2017:16:57:55 -0300] "GET /cormun/servlet/trautorizarsolicitud? HTTP/1.1" 200 6871
186.79.125.97 - - [04/Apr/2017:16:58:03 -0300] "GET /cormun/servlet/hlogin HTTP/1.1" 200 1745
186.79.125.97 - - [04/Apr/2017:16:58:07 -0300] "POST /cormun/servlet/hlogin?9c090568672339b89c825902de4ba503,gx-no-cache=1491335943712 HTTP/1.1" 200 90
186.79.125.97 - - [04/Apr/2017:16:58:07 -0300] "GET /cormun/servlet/hpexe_link HTTP/1.1" 200 962
186.79.125.97 - - [04/Apr/2017:16:58:07 -0300] "GET /cormun/servlet/trautorizarsolicitud HTTP/1.1" 200 6872
186.79.125.97 - - [04/Apr/2017:16:58:08 -0300] "GET /cormun/servlet/trautorizarsolicitud HTTP/1.1" 200 6870
186.79.125.97 - - [04/Apr/2017:16:58:12 -0300] "GET /cormun/servlet/trautorizarsolicitud? HTTP/1.1" 200 6870
186.79.125.97 - - [04/Apr/2017:16:58:13 -0300] "GET /cormun/servlet/trautorizarsolicitud? HTTP/1.1" 200 6871
