186.79.184.26 - - [04/Apr/2017:16:58:14 -0300] "POST /cormun/servlet/permisosadjuntos?c433a1cf9305db2d2fd587022c1ddab4,INS,18224100,P,20170404175216,, HTTP/1.1" 200 116
186.79.184.26 - - [04/Apr/2017:16:58:14 -0300] "GET /cormun/servlet/hpexe_return? HTTP/1.1" 200 1040
186.79.184.26 - - [04/Apr/2017:16:58:14 -0300] "GET /cormun/servlet/trpermisosadjuntos?18224100,20170404175216,P, HTTP/1.1" 200 6766
186.79.184.26 - - [04/Apr/2017:16:58:15 -0300] "GET /cormun/servlet/trpermisosadjuntos?18224100,20170404175216,P, HTTP/1.1" 200 6763
186.79.125.97 - - [04/Apr/2017:16:58:19 -0300] "POST /cormun/servlet/trsolicitudot?bcca2dfad4cf059afe93903ee2aacf01,gx-no-cache=1491335971114 HTTP/1.1" 200 6352
186.79.125.97 - - [04/Apr/2017:16:58:19 -0300] "GET /cormun/static/Shared/jqueryui/images/ui-bg_highlight-soft_100_c6c2c8_1x100.png HTTP/1.1" 404 1117
186.79.125.97 - - [04/Apr/2017:16:58:19 -0300] "GET /cormun/static/Shared/jqueryui/images/ui-bg_flat_55_fafafa_40x100.png HTTP/1.1" 404 1097
186.79.125.97 - - [04/Apr/2017:16:58:19 -0300] "GET /cormun/static/Shared/jqueryui/images/ui-icons_8d78a5_256x240.png HTTP/1.1" 404 1089
186.79.125.97 - - [04/Apr/2017:16:58:19 -0300] "GET /cormun/static/Shared/jqueryui/images/ui-icons_82798d_256x240.png HTTP/1.1" 404 1089
186.79.125.97 - - [04/Apr/2017:16:58:20 -0300] "POST /cormun/servlet/trsolicitudot?bcca2dfad4cf059afe93903ee2aacf01,gx-no-cache=1491335971804 HTTP/1.1" 200 6292
186.79.184.26 - - [04/Apr/2017:16:58:21 -0300] "POST /cormun/servlet/trpermisosadjuntos?c433a1cf9305db2d2fd587022c1ddab4,18224100,20170404175216,P,,gx-no-cache=1491335968215 HTTP/1.1" 200 90
186.79.184.26 - - [04/Apr/2017:16:58:21 -0300] "GET /cormun/servlet/hpexe_link HTTP/1.1" 200 1008
186.79.184.26 - - [04/Apr/2017:16:58:22 -0300] "GET /cormun/servlet/trpermisosgoce?gx-no-cache=1491335883853 HTTP/1.1" 200 8700
186.79.184.26 - - [04/Apr/2017:16:58:23 -0300] "GET /cormun/servlet/trpermisosgoce?gx-no-cache=1491335883853 HTTP/1.1" 200 8719
186.79.125.97 - - [04/Apr/2017:16:58:24 -0300] "POST /cormun/servlet/trsolicitudot?bcca2dfad4cf059afe93903ee2aacf01,gx-no-cache=1491335975365 HTTP/1.1" 200 6007
192.168.10.13 - - [04/Apr/2017:16:58:25 -0300] "GET / HTTP/1.1" 200 11217
186.79.125.97 - - [04/Apr/2017:16:58:25 -0300] "POST /cormun/servlet/trsolicitudot?bcca2dfad4cf059afe93903ee2aacf01,gx-no-cache=1491335976363 HTTP/1.1" 200 5949
186.79.184.26 - - [04/Apr/2017:16:58:27 -0300] "POST /cormun/servlet/trpermisosgoce?c433a1cf9305db2d2fd587022c1ddab4,gx-no-cache=1491335883853,gx-no-cache=1491335976362 HTTP/1.1" 200 5949
186.79.184.26 - - [04/Apr/2017:16:58:42 -0300] "GET /cormun/servlet/trcontratounov2? HTTP/1.1" 200 16807
186.79.184.26 - - [04/Apr/2017:16:58:42 -0300] "GET /cormun/static/gxcfg.js?201731711595461 HTTP/1.1" 200 953
186.79.184.26 - - [04/Apr/2017:16:58:42 -0300] "GET /cormun/static/Resources/PXToolsAddSelectedAction.png HTTP/1.1" 200 3660
186.79.184.26 - - [04/Apr/2017:16:58:42 -0300] "GET /cormun/static/trcontratounov2.js?2017317120150 HTTP/1.1" 200 38423
186.79.184.26 - - [04/Apr/2017:16:58:44 -0300] "GET /cormun/servlet/trcontratounov2? HTTP/1.1" 200 16790
186.79.184.26 - - [04/Apr/2017:16:59:16 -0300] "POST /cormun/servlet/trcontratounov2?c433a1cf9305db2d2fd587022c1ddab4,,gx-no-cache=1491336024989 HTTP/1.1" 200 16851
186.79.184.26 - - [04/Apr/2017:16:59:17 -0300] "GET /cormun/static/Resources/PXToolsGridFirst.gif HTTP/1.1" 200 379
186.79.184.26 - - [04/Apr/2017:16:59:17 -0300] "GET /cormun/static/Resources/PXToolsGridPrevious.gif HTTP/1.1" 200 369
186.79.184.26 - - [04/Apr/2017:16:59:17 -0300] "GET /cormun/static/Resources/PXToolsGridNext.gif HTTP/1.1" 200 369
186.79.184.26 - - [04/Apr/2017:16:59:17 -0300] "GET /cormun/static/Resources/PXToolsGridLast.gif HTTP/1.1" 200 370
186.79.125.97 - - [04/Apr/2017:16:59:20 -0300] "GET /cormun/servlet/hlogin HTTP/1.1" 200 1712
186.79.125.97 - - [04/Apr/2017:16:59:22 -0300] "POST /cormun/servlet/hlogin?4973ead002df138f67e0f8ea746dfab5,gx-no-cache=1491336019107 HTTP/1.1" 200 90
186.79.125.97 - - [04/Apr/2017:16:59:22 -0300] "GET /cormun/servlet/hpexe_link HTTP/1.1" 200 943
186.79.125.97 - - [04/Apr/2017:16:59:22 -0300] "GET /cormun/servlet/hhome HTTP/1.1" 200 3947
186.79.125.97 - - [04/Apr/2017:16:59:23 -0300] "GET /cormun/servlet/hhome HTTP/1.1" 200 3943
192.168.10.13 - - [04/Apr/2017:16:59:25 -0300] "GET / HTTP/1.1" 200 11217
186.79.125.97 - - [04/Apr/2017:16:59:27 -0300] "GET /cormun/servlet/trautorizarsolicitud? HTTP/1.1" 200 8531
186.79.125.97 - - [04/Apr/2017:16:59:27 -0300] "GET /cormun/servlet/trautorizarsolicitud? HTTP/1.1" 200 8529
186.79.125.97 - - [04/Apr/2017:16:59:36 -0300] "POST /cormun/servlet/trautorizarsolicitud?4973ead002df138f67e0f8ea746dfab5,,gx-no-cache=1491336033388 HTTP/1.1" 200 5432
186.79.125.97 - - [04/Apr/2017:16:59:36 -0300] "GET /cormun/static/Shared/jqueryui/images/ui-bg_highlight-soft_100_c6c2c8_1x100.png HTTP/1.1" 404 1117
186.79.125.97 - - [04/Apr/2017:16:59:37 -0300] "GET /cormun/static/Shared/jqueryui/images/ui-icons_82798d_256x240.png HTTP/1.1" 404 1089
186.79.125.97 - - [04/Apr/2017:16:59:37 -0300] "GET /cormun/static/Shared/jqueryui/images/ui-bg_flat_55_fafafa_40x100.png HTTP/1.1" 404 1097
186.79.125.97 - - [04/Apr/2017:16:59:37 -0300] "GET /cormun/static/Shared/jqueryui/images/ui-icons_8d78a5_256x240.png HTTP/1.1" 404 1089
186.79.125.97 - - [04/Apr/2017:16:59:37 -0300] "POST /cormun/servlet/trautorizarsolicitud?4973ead002df138f67e0f8ea746dfab5,,gx-no-cache=1491336033901 HTTP/1.1" 200 5374
186.79.125.97 - - [04/Apr/2017:16:59:44 -0300] "POST /cormun/servlet/trautorizarsolicitud?4973ead002df138f67e0f8ea746dfab5,,gx-no-cache=1491336040999 HTTP/1.1" 200 4312
186.79.125.97 - - [04/Apr/2017:16:59:45 -0300] "POST /cormun/servlet/trautorizarsolicitud?4973ead002df138f67e0f8ea746dfab5,,gx-no-cache=1491336041509 HTTP/1.1" 200 4088
186.79.125.97 - - [04/Apr/2017:16:59:51 -0300] "GET /cormun/static/Shared/jqueryui/images/ui-bg_highlight-soft_100_eae6ea_1x100.png HTTP/1.1" 404 1117
186.103.159.188 - - [04/Apr/2017:17:00:10 -0300] "GET /cormun/servlet/hlogin HTTP/1.1" 200 1718
186.103.159.188 - - [04/Apr/2017:17:00:10 -0300] "GET /cormun/static/gxcfg.js?201731711485472 HTTP/1.1" 304 -
186.103.159.188 - - [04/Apr/2017:17:00:11 -0300] "GET /cormun/servlet/hlogin HTTP/1.1" 200 1721
186.79.125.97 - - [04/Apr/2017:17:00:16 -0300] "POST /cormun/servlet/trsolicitudot?bcca2dfad4cf059afe93903ee2aacf01,gx-no-cache=1491336087844 HTTP/1.1" 200 105
186.79.125.97 - - [04/Apr/2017:17:00:17 -0300] "GET /cormun/servlet/solicitudot?DLT,2017,5501, HTTP/1.1" 200 9306
186.79.125.97 - - [04/Apr/2017:17:00:18 -0300] "GET /cormun/static/Shared/jqueryui/images/ui-bg_highlight-soft_100_c6c2c8_1x100.png HTTP/1.1" 404 1117
186.79.125.97 - - [04/Apr/2017:17:00:18 -0300] "GET /cormun/static/Shared/jqueryui/images/ui-icons_82798d_256x240.png HTTP/1.1" 404 1089
186.79.125.97 - - [04/Apr/2017:17:00:18 -0300] "GET /cormun/static/Shared/jqueryui/images/ui-bg_flat_55_fafafa_40x100.png HTTP/1.1" 404 1097
186.79.125.97 - - [04/Apr/2017:17:00:18 -0300] "GET /cormun/static/Shared/jqueryui/images/ui-icons_8d78a5_256x240.png HTTP/1.1" 404 1089
186.79.125.97 - - [04/Apr/2017:17:00:18 -0300] "GET /cormun/servlet/solicitudot?DLT,2017,5501, HTTP/1.1" 200 9316
186.79.125.97 - - [04/Apr/2017:17:00:18 -0300] "GET /cormun/servlet/solicitudot?DLT,2017,5501, HTTP/1.1" 200 9316
186.79.125.97 - - [04/Apr/2017:17:00:19 -0300] "GET /cormun/static/Shared/jqueryui/images/ui-bg_highlight-soft_100_c6c2c8_1x100.png HTTP/1.1" 404 1117
186.79.125.97 - - [04/Apr/2017:17:00:19 -0300] "GET /cormun/static/Shared/jqueryui/images/ui-bg_flat_55_fafafa_40x100.png HTTP/1.1" 404 1097
186.79.125.97 - - [04/Apr/2017:17:00:19 -0300] "GET /cormun/static/Shared/jqueryui/images/ui-icons_8d78a5_256x240.png HTTP/1.1" 404 1089
186.79.125.97 - - [04/Apr/2017:17:00:19 -0300] "GET /cormun/servlet/solicitudot?DLT,2017,5501, HTTP/1.1" 200 9316
186.79.125.97 - - [04/Apr/2017:17:00:19 -0300] "GET /cormun/static/Shared/jqueryui/images/ui-icons_82798d_256x240.png HTTP/1.1" 404 1089
186.103.159.188 - - [04/Apr/2017:17:00:24 -0300] "POST /cormun/servlet/hlogin?b558fcd71509afb5918aff73a938c13a,gx-no-cache=1491336102633 HTTP/1.1" 200 90
186.103.159.188 - - [04/Apr/2017:17:00:24 -0300] "GET /cormun/servlet/hpexe_link HTTP/1.1" 200 940
186.103.159.188 - - [04/Apr/2017:17:00:24 -0300] "GET /cormun/static/gxcfg.js?201731711483381 HTTP/1.1" 304 -
186.103.159.188 - - [04/Apr/2017:17:00:24 -0300] "GET /cormun/servlet/hhome HTTP/1.1" 200 3914
192.168.10.13 - - [04/Apr/2017:17:00:25 -0300] "GET / HTTP/1.1" 200 11217
186.103.159.188 - - [04/Apr/2017:17:00:25 -0300] "GET /cormun/static/gxcfg.js?201731711483497 HTTP/1.1" 304 -
186.103.159.188 - - [04/Apr/2017:17:00:25 -0300] "GET /cormun/servlet/hhome HTTP/1.1" 200 3911
186.103.159.188 - - [04/Apr/2017:17:00:48 -0300] "GET /cormun/servlet/trvisualizadoreventos? HTTP/1.1" 200 6642
186.103.159.188 - - [04/Apr/2017:17:00:48 -0300] "GET /cormun/static/gxcfg.js?201731711523419 HTTP/1.1" 200 953
186.103.159.188 - - [04/Apr/2017:17:00:48 -0300] "GET /cormun/static/trvisualizadoreventos.js?20173171152387 HTTP/1.1" 200 19309
186.103.159.188 - - [04/Apr/2017:17:00:48 -0300] "GET /cormun/static/Resources/PXToolsActionPrint.png HTTP/1.1" 200 3317
186.103.159.188 - - [04/Apr/2017:17:00:48 -0300] "GET /cormun/servlet/trvisualizadoreventos? HTTP/1.1" 200 6642
186.79.125.97 - - [04/Apr/2017:17:00:56 -0300] "GET /cormun/servlet/hlogin HTTP/1.1" 200 1725
186.103.159.188 - - [04/Apr/2017:17:00:57 -0300] "GET /cormun/servlet/trcontratosolicitud? HTTP/1.1" 200 13423
190.101.9.138 - - [04/Apr/2017:17:00:57 -0300] "GET /cormun/static/gxcfg.js?20171317451682 HTTP/1.1" 200 953
186.103.159.188 - - [04/Apr/2017:17:00:57 -0300] "GET /cormun/static/trcontratosolicitud.js?20171317452124 HTTP/1.1" 304 -
186.103.159.188 - - [04/Apr/2017:17:00:58 -0300] "GET /cormun/servlet/trcontratosolicitud? HTTP/1.1" 200 13433
186.79.125.97 - - [04/Apr/2017:17:01:00 -0300] "POST /cormun/servlet/hlogin?e1f2dd4b5d24e8edc5ccd913dbf67faa,gx-no-cache=1491336131858 HTTP/1.1" 200 90
186.79.125.97 - - [04/Apr/2017:17:01:01 -0300] "GET /cormun/servlet/hpexe_link HTTP/1.1" 200 952
186.79.125.97 - - [04/Apr/2017:17:01:02 -0300] "GET /cormun/servlet/hhome HTTP/1.1" 200 3759
186.79.125.97 - - [04/Apr/2017:17:01:02 -0300] "GET /cormun/servlet/hhome HTTP/1.1" 200 3756
186.79.125.97 - - [04/Apr/2017:17:01:04 -0300] "GET /cormun/servlet/trsolicitudot? HTTP/1.1" 200 8744
186.79.125.97 - - [04/Apr/2017:17:01:05 -0300] "GET /cormun/servlet/trsolicitudot? HTTP/1.1" 200 8742
186.79.125.97 - - [04/Apr/2017:17:01:09 -0300] "GET /cormun/servlet/solicitudot?INS,0,0, HTTP/1.1" 200 12565
186.79.125.97 - - [04/Apr/2017:17:01:10 -0300] "GET /cormun/servlet/solicitudot?INS,0,0, HTTP/1.1" 200 12570
192.168.10.13 - - [04/Apr/2017:17:01:25 -0300] "GET / HTTP/1.1" 200 11217
186.79.184.26 - - [04/Apr/2017:17:01:28 -0300] "GET /cormun/Manuales/ManualContratos.pdf HTTP/1.1" 200 629147
186.103.159.188 - - [04/Apr/2017:17:01:31 -0300] "POST /cormun/servlet/trcontratosolicitud?b558fcd71509afb5918aff73a938c13a,,gx-no-cache=1491336168801 HTTP/1.1" 200 11309
186.79.125.97 - - [04/Apr/2017:17:01:33 -0300] "POST /cormun/servlet/solicitudot?gx-no-cache=1491336164510 HTTP/1.1" 200 3192
186.79.125.97 - - [04/Apr/2017:17:01:33 -0300] "POST /cormun/servlet/solicitudot?e1f2dd4b5d24e8edc5ccd913dbf67faa,INS,0,0,,gx-no-cache=1491336165318 HTTP/1.1" 200 9786
186.79.125.97 - - [04/Apr/2017:17:01:36 -0300] "GET /cormun/servlet/solicitudot?be42e0eeeb89356ebdef41bc41e9a11831359b0f7b2f5776915634176ad20ecb7dc438dbc2bda2c2bc12d0878c56e0df,gx-no-cache=1491336168431 HTTP/1.1" 200 30
186.79.125.97 - - [04/Apr/2017:17:01:36 -0300] "POST /cormun/servlet/solicitudot?gx-no-cache=1491336168644 HTTP/1.1" 200 255
186.79.125.97 - - [04/Apr/2017:17:01:37 -0300] "GET /cormun/servlet/solicitudot?be42e0eeeb89356ebdef41bc41e9a1185639a898db5352a08871282de81b65e131fc651dc5d43532da993f673eb52a0fb22ba35648827a53152f98855c5e7009fe2da14d1712002422e48c2a3035e697dd6c3ef7f75eb129bac9bfb9a783f5cc4fed8ea1a25256894fa7453b6731fb4faf9a1199cbd72e9072a6d68c13211edc1c3303002a381f1ab9401e294cf204a9552491799ecbab54fa95dbd92449f721cbd7d5c78dcd9b4d28ba77ac34111a491760633a73ebdbe17fde9d36aa67bad2b3f1f8d78cba2eae8ed711e4fa534126d751d216846ba9a42a1148b8a6f68573c4ca23e3f24df45e2d72a99e128c93e7fcc760c6253d2c1881f9a6b45a9df0d19a5834f5fb847765e42bdf7217c1aee121b96aa68942e17d12408cf0ea1f5415bef1f980fe2bb279729e8a066d6699c11e033115b5ca287351de94f2a4e4420f3a42c802b02bcf35cd45dc3ee31951cdb70bf5e50ffc39cddcacbf09edee055dcb4034f1eb3ae72b9d4bf6757a416c42f23d444fc97f2f3146e6bd6b8662498e,gx-no-cache=1491336168874 HTTP/1.1" 200 30
186.79.125.97 - - [04/Apr/2017:17:01:40 -0300] "POST /cormun/servlet/solicitudot?gx-no-cache=1491336172094 HTTP/1.1" 200 30
186.103.159.188 - - [04/Apr/2017:17:01:44 -0300] "POST /cormun/servlet/trcontratosolicitud?b558fcd71509afb5918aff73a938c13a,,gx-no-cache=1491336181979 HTTP/1.1" 200 7818
186.79.184.26 - - [04/Apr/2017:17:01:55 -0300] "GET /cormun/servlet/trcontratounov2? HTTP/1.1" 200 16915
186.79.184.26 - - [04/Apr/2017:17:01:58 -0300] "GET /cormun/servlet/trcontratounov2? HTTP/1.1" 200 16905
186.103.159.188 - - [04/Apr/2017:17:02:04 -0300] "GET /cormun/servlet/trcontratounov2? HTTP/1.1" 200 16205
186.103.159.188 - - [04/Apr/2017:17:02:04 -0300] "GET /cormun/static/gxcfg.js?201731711595461 HTTP/1.1" 200 953
186.103.159.188 - - [04/Apr/2017:17:02:04 -0300] "GET /cormun/static/trcontratounov2.js?2017317120150 HTTP/1.1" 304 -
186.103.159.188 - - [04/Apr/2017:17:02:04 -0300] "GET /cormun/servlet/trcontratounov2? HTTP/1.1" 200 16203
192.168.10.13 - - [04/Apr/2017:17:02:25 -0300] "GET / HTTP/1.1" 200 11217
190.101.9.138 - - [04/Apr/2017:17:02:30 -0300] "GET /cormun/servlet/trcontratoobservaciondir? HTTP/1.1" 200 7483
190.101.9.138 - - [04/Apr/2017:17:02:30 -0300] "GET /cormun/static/gxcfg.js?201731711533885 HTTP/1.1" 200 953
186.103.159.188 - - [04/Apr/2017:17:02:30 -0300] "GET /cormun/static/trcontratoobservaciondir.js?201731711534245 HTTP/1.1" 304 -
186.103.159.188 - - [04/Apr/2017:17:02:31 -0300] "GET /cormun/servlet/trcontratoobservaciondir? HTTP/1.1" 200 7483
186.79.125.97 - - [04/Apr/2017:17:02:34 -0300] "POST /cormun/servlet/solicitudot?gx-no-cache=1491336225648 HTTP/1.1" 200 1291
186.79.125.97 - - [04/Apr/2017:17:02:34 -0300] "POST /cormun/servlet/solicitudot?gx-no-cache=1491336226127 HTTP/1.1" 200 38
190.101.9.138 - - [04/Apr/2017:17:03:24 -0300] "GET /cormun/servlet/trcontratosolicitud? HTTP/1.1" 200 10251
192.168.10.13 - - [04/Apr/2017:17:03:25 -0300] "GET / HTTP/1.1" 200 11217
190.101.9.138 - - [04/Apr/2017:17:03:25 -0300] "GET /cormun/servlet/trcontratosolicitud? HTTP/1.1" 200 10244
186.79.184.26 - - [04/Apr/2017:17:03:54 -0300] "POST /cormun/servlet/trcontratounov2?c433a1cf9305db2d2fd587022c1ddab4,,gx-no-cache=1491336303232 HTTP/1.1" 200 14542
186.79.184.26 - - [04/Apr/2017:17:04:03 -0300] "POST /cormun/servlet/trcontratounov2?c433a1cf9305db2d2fd587022c1ddab4,,gx-no-cache=1491336312615 HTTP/1.1" 200 7413
186.79.184.26 - - [04/Apr/2017:17:04:24 -0300] "POST /cormun/servlet/trcontratounov2?c433a1cf9305db2d2fd587022c1ddab4,,gx-no-cache=1491336334071 HTTP/1.1" 200 14532
192.168.10.13 - - [04/Apr/2017:17:04:25 -0300] "GET / HTTP/1.1" 200 11217
186.79.184.26 - - [04/Apr/2017:17:04:36 -0300] "GET /cormun/servlet/trcontratounov2? HTTP/1.1" 200 16890
186.79.184.26 - - [04/Apr/2017:17:04:39 -0300] "GET /cormun/servlet/trcontratounov2? HTTP/1.1" 200 16889
186.79.184.26 - - [04/Apr/2017:17:04:48 -0300] "POST /cormun/servlet/trcontratounov2?c433a1cf9305db2d2fd587022c1ddab4,,gx-no-cache=1491336357521 HTTP/1.1" 200 9508
192.168.10.13 - - [04/Apr/2017:17:05:25 -0300] "GET / HTTP/1.1" 200 11217
186.79.184.26 - - [04/Apr/2017:17:05:57 -0300] "POST /cormun/servlet/trcontratounov2?c433a1cf9305db2d2fd587022c1ddab4,,gx-no-cache=1491336425275 HTTP/1.1" 200 7335
186.79.184.26 - - [04/Apr/2017:17:06:13 -0300] "GET /cormun/servlet/trcontratoobservaciondir? HTTP/1.1" 200 8279
186.79.184.26 - - [04/Apr/2017:17:06:13 -0300] "GET /cormun/static/gxcfg.js?201731711533885 HTTP/1.1" 200 953
186.79.184.26 - - [04/Apr/2017:17:06:13 -0300] "GET /cormun/static/trcontratoobservaciondir.js?201731711534245 HTTP/1.1" 200 27122
186.79.184.26 - - [04/Apr/2017:17:06:15 -0300] "GET /cormun/servlet/trcontratoobservaciondir? HTTP/1.1" 200 8279
192.168.10.13 - - [04/Apr/2017:17:06:25 -0300] "GET / HTTP/1.1" 200 11217
186.79.184.26 - - [04/Apr/2017:17:06:38 -0300] "GET /cormun/servlet/contratoobservaciondir?UPD,,3473,17107585,B-3, HTTP/1.1" 200 5962
186.79.184.26 - - [04/Apr/2017:17:06:38 -0300] "GET /cormun/static/gxcfg.js?20173171142156 HTTP/1.1" 200 953
186.79.184.26 - - [04/Apr/2017:17:06:38 -0300] "GET /cormun/static/contratoobservaciondir.js?20173171142186 HTTP/1.1" 200 15442
186.79.184.26 - - [04/Apr/2017:17:06:40 -0300] "GET /cormun/servlet/contratoobservaciondir?UPD,,3473,17107585,B-3, HTTP/1.1" 200 5963
186.79.125.97 - - [04/Apr/2017:17:06:40 -0300] "GET /cormun/servlet/solicitudot?be42e0eeeb89356ebdef41bc41e9a11856a11f10b0716392eac122ee906bb769ad71b49ae7258a4c481c0c879e2d08f0d3f51842154f5c8f1642d8648224eb0e0f451f558b1dbbc554ec1ebb51151499936c5ff2c28bec0d51827e8d328e08d13deb1e02331f71c093eab33cc311fa53aca76dc69fc0d0704ee7656745a2eabda3228506e0229f333ea43b8fa8eb4e0fb672d1f576c6655b682ece544c033a3f,gx-no-cache=1491336472295 HTTP/1.1" 200 29
186.79.125.97 - - [04/Apr/2017:17:06:40 -0300] "POST /cormun/servlet/solicitudot?gx-no-cache=1491336472517 HTTP/1.1" 200 1273
186.79.125.97 - - [04/Apr/2017:17:06:41 -0300] "POST /cormun/servlet/solicitudot?gx-no-cache=1491336472776 HTTP/1.1" 200 1157
186.79.184.26 - - [04/Apr/2017:17:06:54 -0300] "POST /cormun/servlet/contratoobservaciondir?c433a1cf9305db2d2fd587022c1ddab4,UPD,,3473,17107585,B-3,,gx-no-cache=1491336484399 HTTP/1.1" 200 93
186.79.184.26 - - [04/Apr/2017:17:06:54 -0300] "GET /cormun/servlet/hpexe_return? HTTP/1.1" 200 1029
186.79.184.26 - - [04/Apr/2017:17:06:55 -0300] "GET /cormun/servlet/trcontratoobservaciondir HTTP/1.1" 200 8281
186.79.184.26 - - [04/Apr/2017:17:06:56 -0300] "GET /cormun/servlet/trcontratoobservaciondir HTTP/1.1" 200 8277
192.168.10.62 - - [04/Apr/2017:17:07:04 -0300] "POST /cormun/servlet/trsolicitudgral?214293a941bacefad8c822279a3460a3,,gx-no-cache=1491339700995 HTTP/1.1" 440 972
192.168.10.62 - - [04/Apr/2017:17:07:06 -0300] "GET /cormun/servlet/trsolicitudgral? HTTP/1.1" 200 23771
192.168.10.62 - - [04/Apr/2017:17:07:07 -0300] "GET /cormun/servlet/hlogin HTTP/1.1" 200 1743
192.168.10.62 - - [04/Apr/2017:17:07:08 -0300] "GET /cormun/servlet/trsolicitudgral? HTTP/1.1" 200 23771
186.79.125.97 - - [04/Apr/2017:17:07:11 -0300] "GET /cormun/servlet/solicitudot?be42e0eeeb89356ebdef41bc41e9a1189ebdcb7250d7f6c7209505d9dec03b75f05509b4db79d933babb766ff2d7a45a0dc7e8a3286ae60fd4b106307e6bfd02e4771e2f6133df1a3d79c8004f6034bd5ba28a3316759dab284a13c7e6169eb3d4137a89b057d6512ce8afe9ccaf6ff28d73b2a5fb9abce53c06f061ed1ad31c7df6e58637ebe5a0ffcd1d9a159d89209904464072910cd66bed547f55e3a1b2a1e1bfa3ba73bace287e42d07612ecb8,gx-no-cache=1491336503626 HTTP/1.1" 200 30
192.168.10.62 - - [04/Apr/2017:17:07:20 -0300] "POST /cormun/servlet/hlogin?cdb632f57c83e3ba6ffef6f6bdf0505f,gx-no-cache=1491339717235 HTTP/1.1" 200 90
192.168.10.62 - - [04/Apr/2017:17:07:20 -0300] "GET /cormun/servlet/hpexe_link HTTP/1.1" 200 958
192.168.10.62 - - [04/Apr/2017:17:07:20 -0300] "GET /cormun/servlet/trsolicitudgral HTTP/1.1" 200 16598
192.168.10.62 - - [04/Apr/2017:17:07:21 -0300] "GET /cormun/servlet/trsolicitudgral HTTP/1.1" 200 16596
192.168.10.13 - - [04/Apr/2017:17:07:25 -0300] "GET / HTTP/1.1" 200 11217
192.168.10.62 - - [04/Apr/2017:17:07:52 -0300] "POST /cormun/servlet/trsolicitudgral?cdb632f57c83e3ba6ffef6f6bdf0505f,gx-no-cache=1491339748914 HTTP/1.1" 200 6051
192.168.10.62 - - [04/Apr/2017:17:07:55 -0300] "POST /cormun/servlet/trsolicitudgral?cdb632f57c83e3ba6ffef6f6bdf0505f,gx-no-cache=1491339752667 HTTP/1.1" 200 4914
192.168.10.62 - - [04/Apr/2017:17:07:55 -0300] "GET /cormun/static/Shared/jqueryui/images/ui-bg_highlight-soft_100_c6c2c8_1x100.png HTTP/1.1" 404 1117
192.168.10.62 - - [04/Apr/2017:17:07:55 -0300] "GET /cormun/static/Shared/jqueryui/images/ui-icons_82798d_256x240.png HTTP/1.1" 404 1089
192.168.10.62 - - [04/Apr/2017:17:07:55 -0300] "GET /cormun/static/Shared/jqueryui/images/ui-bg_flat_55_fafafa_40x100.png HTTP/1.1" 404 1097
192.168.10.62 - - [04/Apr/2017:17:07:55 -0300] "GET /cormun/static/Shared/jqueryui/images/ui-icons_8d78a5_256x240.png HTTP/1.1" 404 1089
186.79.125.97 - - [04/Apr/2017:17:08:04 -0300] "POST /cormun/servlet/solicitudot?e1f2dd4b5d24e8edc5ccd913dbf67faa,INS,0,0,,gx-no-cache=1491336555850 HTTP/1.1" 200 93
186.79.125.97 - - [04/Apr/2017:17:08:04 -0300] "GET /cormun/servlet/hpexe_return? HTTP/1.1" 200 1006
186.79.125.97 - - [04/Apr/2017:17:08:05 -0300] "GET /cormun/servlet/trsolicitudot HTTP/1.1" 200 9075
186.79.125.97 - - [04/Apr/2017:17:08:06 -0300] "GET /cormun/servlet/trsolicitudot HTTP/1.1" 200 9071
192.168.10.62 - - [04/Apr/2017:17:08:08 -0300] "POST /cormun/servlet/trsolicitudgral?cdb632f57c83e3ba6ffef6f6bdf0505f,gx-no-cache=1491339765336 HTTP/1.1" 200 6044
186.79.125.97 - - [04/Apr/2017:17:08:15 -0300] "GET /cormun/servlet/solicitudot?INS,0,0, HTTP/1.1" 200 12565
186.79.125.97 - - [04/Apr/2017:17:08:15 -0300] "GET /cormun/servlet/solicitudot?INS,0,0, HTTP/1.1" 200 12570
192.168.10.62 - - [04/Apr/2017:17:08:16 -0300] "POST /cormun/servlet/trsolicitudgral?cdb632f57c83e3ba6ffef6f6bdf0505f,gx-no-cache=1491339772825 HTTP/1.1" 200 105
192.168.10.62 - - [04/Apr/2017:17:08:16 -0300] "POST /cormun/servlet/trsolicitudgral?cdb632f57c83e3ba6ffef6f6bdf0505f,gx-no-cache=1491339772955 HTTP/1.1" 200 6027
192.168.10.62 - - [04/Apr/2017:17:08:16 -0300] "GET /cormun/SolicitudGral-8566.xls HTTP/1.1" 200 5632
192.168.10.13 - - [04/Apr/2017:17:08:25 -0300] "GET / HTTP/1.1" 200 11217
186.79.125.97 - - [04/Apr/2017:17:08:43 -0300] "POST /cormun/servlet/solicitudot?gx-no-cache=1491336595034 HTTP/1.1" 200 3192
186.79.125.97 - - [04/Apr/2017:17:08:44 -0300] "POST /cormun/servlet/solicitudot?e1f2dd4b5d24e8edc5ccd913dbf67faa,INS,0,0,,gx-no-cache=1491336595709 HTTP/1.1" 200 9786
186.79.125.97 - - [04/Apr/2017:17:08:47 -0300] "GET /cormun/servlet/solicitudot?be42e0eeeb89356ebdef41bc41e9a11831359b0f7b2f5776915634176ad20ecb7dc438dbc2bda2c2bc12d0878c56e0df,gx-no-cache=1491336599460 HTTP/1.1" 200 30
186.79.125.97 - - [04/Apr/2017:17:08:47 -0300] "POST /cormun/servlet/solicitudot?gx-no-cache=1491336599723 HTTP/1.1" 200 255
186.79.125.97 - - [04/Apr/2017:17:08:48 -0300] "GET /cormun/servlet/solicitudot?be42e0eeeb89356ebdef41bc41e9a1185639a898db5352a08871282de81b65e131fc651dc5d43532da993f673eb52a0fb22ba35648827a53152f98855c5e7009fe2da14d1712002422e48c2a3035e697dd6c3ef7f75eb129bac9bfb9a783f5cc4fed8ea1a25256894fa7453b6731fb4faf9a1199cbd72e9072a6d68c13211edc1c3303002a381f1ab9401e294cf204a9552491799ecbab54fa95dbd92449f721cbd7d5c78dcd9b4d28ba77ac34111a491760633a73ebdbe17fde9d36aa67bad2b3f1f8d78cba2eae8ed711e4fa534126d751d216846ba9a42a1148b8a6f68573c4ca23e3f24df45e2d72a99e128c93e7fcc760c6253d2c1881f9a6b45a9df0d19a5834f5fb847765e42bdf7217c1aee121b96aa68942e17d12408cf0ea1f5415bef1f980fe2bb279729e8a066d6699c11e033115b5ca287351de94f2a4e4420f3a42c802b02bcf35cd45dc3ee31951cdb70bf5e50ffc39cddcacbf09edee055dcb4034f1eb3ae72b9d4bf6757a416c42f23d444fc97f2f3146e6bd6b8662498e,gx-no-cache=1491336600279 HTTP/1.1" 200 30
186.79.125.97 - - [04/Apr/2017:17:08:50 -0300] "POST /cormun/servlet/solicitudot?gx-no-cache=1491336602676 HTTP/1.1" 200 30
186.79.125.97 - - [04/Apr/2017:17:08:53 -0300] "POST /cormun/servlet/solicitudot?gx-no-cache=1491336605367 HTTP/1.1" 200 1291
186.79.125.97 - - [04/Apr/2017:17:08:53 -0300] "POST /cormun/servlet/solicitudot?gx-no-cache=1491336605518 HTTP/1.1" 200 38
186.79.125.97 - - [04/Apr/2017:17:09:05 -0300] "GET /cormun/servlet/solicitudot?be42e0eeeb89356ebdef41bc41e9a11856a11f10b0716392eac122ee906bb769ad71b49ae7258a4c481c0c879e2d08f0d3f51842154f5c8f1642d8648224eb0e0f451f558b1dbbc554ec1ebb51151499936c5ff2c28bec0d51827e8d328e08d13deb1e02331f71c093eab33cc311fa53aca76dc69fc0d0704ee7656745a2eabda3228506e0229f333ea43b8fa8eb4e0fb672d1f576c6655b682ece544c033a3f,gx-no-cache=1491336617008 HTTP/1.1" 200 29
186.79.125.97 - - [04/Apr/2017:17:09:05 -0300] "POST /cormun/servlet/solicitudot?gx-no-cache=1491336617205 HTTP/1.1" 200 1275
186.79.125.97 - - [04/Apr/2017:17:09:05 -0300] "POST /cormun/servlet/solicitudot?gx-no-cache=1491336617463 HTTP/1.1" 200 1157
186.103.159.183 - - [04/Apr/2017:17:09:17 -0300] "GET /cormun/servlet/trsolicitudot? HTTP/1.1" 200 6080
186.103.159.183 - - [04/Apr/2017:17:09:18 -0300] "GET /cormun/servlet/hlogin HTTP/1.1" 200 1742
186.103.159.183 - - [04/Apr/2017:17:09:18 -0300] "GET /cormun/servlet/trsolicitudot? HTTP/1.1" 200 6073
192.168.10.13 - - [04/Apr/2017:17:09:25 -0300] "GET / HTTP/1.1" 200 11217
186.79.125.97 - - [04/Apr/2017:17:09:26 -0300] "GET /cormun/servlet/solicitudot?be42e0eeeb89356ebdef41bc41e9a1189ebdcb7250d7f6c7209505d9dec03b75f05509b4db79d933babb766ff2d7a45a0dc7e8a3286ae60fd4b106307e6bfd02e4771e2f6133df1a3d79c8004f6034bd5ba28a3316759dab284a13c7e6169eb3d4137a89b057d6512ce8afe9ccaf6ff28d73b2a5fb9abce53c06f061ed1ad31c7df6e58637ebe5a0ffcd1d9a159d89209904464072910cd66bed547f55e3a1b2a1e1bfa3ba73bace287e42d07612ecb8,gx-no-cache=1491336638751 HTTP/1.1" 200 30
186.103.159.183 - - [04/Apr/2017:17:09:36 -0300] "POST /cormun/servlet/hlogin?6e068eb5d3ed155381468822a81e2698,gx-no-cache=1491336648702 HTTP/1.1" 200 90
186.103.159.183 - - [04/Apr/2017:17:09:36 -0300] "GET /cormun/servlet/hpexe_link HTTP/1.1" 200 960
186.103.159.183 - - [04/Apr/2017:17:09:36 -0300] "GET /cormun/servlet/trsolicitudot HTTP/1.1" 200 6789
186.103.159.183 - - [04/Apr/2017:17:09:37 -0300] "GET /cormun/servlet/trsolicitudot HTTP/1.1" 200 6787
186.103.159.183 - - [04/Apr/2017:17:09:41 -0300] "GET /cormun/servlet/solicitudot?INS,0,0, HTTP/1.1" 200 12795
186.103.159.183 - - [04/Apr/2017:17:09:42 -0300] "GET /cormun/servlet/solicitudot?INS,0,0, HTTP/1.1" 200 12800
186.79.125.97 - - [04/Apr/2017:17:09:52 -0300] "POST /cormun/servlet/solicitudot?e1f2dd4b5d24e8edc5ccd913dbf67faa,INS,0,0,,gx-no-cache=1491336663375 HTTP/1.1" 200 93
186.79.125.97 - - [04/Apr/2017:17:09:52 -0300] "GET /cormun/servlet/hpexe_return? HTTP/1.1" 200 1006
186.79.125.97 - - [04/Apr/2017:17:09:53 -0300] "GET /cormun/servlet/trsolicitudot HTTP/1.1" 200 9327
186.79.125.97 - - [04/Apr/2017:17:09:54 -0300] "GET /cormun/servlet/trsolicitudot HTTP/1.1" 200 9322
186.103.159.183 - - [04/Apr/2017:17:09:55 -0300] "POST /cormun/servlet/solicitudot?gx-no-cache=1491336667385 HTTP/1.1" 200 3081
186.103.159.183 - - [04/Apr/2017:17:09:55 -0300] "POST /cormun/servlet/solicitudot?6e068eb5d3ed155381468822a81e2698,INS,0,0,,gx-no-cache=1491336668032 HTTP/1.1" 200 9864
186.103.159.183 - - [04/Apr/2017:17:09:59 -0300] "GET /cormun/servlet/solicitudot?3073b5c4e1f8cbb0b60ef878d8e9da08ac468d9729f53981fe222338a4a67c22a2ab836f358a920642fbf785248bae5a,gx-no-cache=1491336672340 HTTP/1.1" 200 30
192.168.10.13 - - [04/Apr/2017:17:10:25 -0300] "GET / HTTP/1.1" 200 11217
192.168.10.62 - - [04/Apr/2017:17:10:52 -0300] "GET /cormun/servlet/trconsultaempleado? HTTP/1.1" 200 9025
192.168.10.62 - - [04/Apr/2017:17:10:53 -0300] "GET /cormun/servlet/trconsultaempleado? HTTP/1.1" 200 9024
192.168.10.13 - - [04/Apr/2017:17:11:25 -0300] "GET / HTTP/1.1" 200 11217
192.168.10.62 - - [04/Apr/2017:17:11:28 -0300] "POST /cormun/servlet/trconsultaempleado?cdb632f57c83e3ba6ffef6f6bdf0505f,,gx-no-cache=1491339965039 HTTP/1.1" 200 4071
186.79.125.97 - - [04/Apr/2017:17:11:28 -0300] "POST /cormun/servlet/trsolicitudot?e1f2dd4b5d24e8edc5ccd913dbf67faa,gx-no-cache=1491336759887 HTTP/1.1" 200 6334
186.79.125.97 - - [04/Apr/2017:17:11:28 -0300] "GET /cormun/static/Shared/jqueryui/images/ui-bg_highlight-soft_100_c6c2c8_1x100.png HTTP/1.1" 404 1117
186.79.125.97 - - [04/Apr/2017:17:11:28 -0300] "GET /cormun/static/Shared/jqueryui/images/ui-icons_82798d_256x240.png HTTP/1.1" 404 1089
186.79.125.97 - - [04/Apr/2017:17:11:28 -0300] "GET /cormun/static/Shared/jqueryui/images/ui-bg_flat_55_fafafa_40x100.png HTTP/1.1" 404 1097
186.79.125.97 - - [04/Apr/2017:17:11:28 -0300] "GET /cormun/static/Shared/jqueryui/images/ui-icons_8d78a5_256x240.png HTTP/1.1" 404 1089
186.79.125.97 - - [04/Apr/2017:17:11:29 -0300] "POST /cormun/servlet/trsolicitudot?e1f2dd4b5d24e8edc5ccd913dbf67faa,gx-no-cache=1491336760693 HTTP/1.1" 200 6275
192.168.10.62 - - [04/Apr/2017:17:11:32 -0300] "GET /cormun/servlet/trsolicitudnombre?9824067, HTTP/1.1" 200 5718
192.168.10.62 - - [04/Apr/2017:17:11:32 -0300] "GET /cormun/static/gxcfg.js?20173171153130 HTTP/1.1" 304 -
192.168.10.62 - - [04/Apr/2017:17:11:32 -0300] "GET /cormun/servlet/trsolicitudnombre?9824067, HTTP/1.1" 200 5718
192.168.10.62 - - [04/Apr/2017:17:11:38 -0300] "GET /cormun/servlet/trconsultaempleado? HTTP/1.1" 200 6294
192.168.10.62 - - [04/Apr/2017:17:11:38 -0300] "GET /cormun/servlet/trconsultaempleado? HTTP/1.1" 200 6293
186.79.125.97 - - [04/Apr/2017:17:11:40 -0300] "POST /cormun/servlet/trsolicitudot?e1f2dd4b5d24e8edc5ccd913dbf67faa,gx-no-cache=1491336772041 HTTP/1.1" 200 6004
186.79.125.97 - - [04/Apr/2017:17:11:41 -0300] "POST /cormun/servlet/trsolicitudot?e1f2dd4b5d24e8edc5ccd913dbf67faa,gx-no-cache=1491336772891 HTTP/1.1" 200 5946
186.103.157.235 - - [04/Apr/2017:17:12:02 -0300] "GET /cormun/servlet/hlogin HTTP/1.1" 200 1713
186.103.157.235 - - [04/Apr/2017:17:12:02 -0300] "GET /cormun/static/gxcfg.js?201731711485472 HTTP/1.1" 200 953
186.103.157.235 - - [04/Apr/2017:17:12:02 -0300] "GET /cormun/static/Resources/PXToolsLoginBackground.png HTTP/1.1" 200 1164
186.103.157.235 - - [04/Apr/2017:17:12:02 -0300] "GET /cormun/static/Resources/ComunLogin.png HTTP/1.1" 200 17326
186.103.157.235 - - [04/Apr/2017:17:12:03 -0300] "GET /cormun/static/Resources/PXToolsButtonRight21.png HTTP/1.1" 200 1283
186.103.157.235 - - [04/Apr/2017:17:12:03 -0300] "GET /cormun/static/Resources/PXToolsButtonLeft21.png HTTP/1.1" 200 1287
186.103.157.235 - - [04/Apr/2017:17:12:03 -0300] "GET /cormun/static/Resources/PXToolsLoginBottom.png HTTP/1.1" 200 1389
186.103.157.235 - - [04/Apr/2017:17:12:03 -0300] "GET /cormun/static/Resources/PXToolsButtonBackground2.png HTTP/1.1" 200 1181
186.103.157.235 - - [04/Apr/2017:17:12:03 -0300] "GET /cormun/static/Resources/PXToolsLoginTop.png HTTP/1.1" 200 1337
186.103.159.183 - - [04/Apr/2017:17:12:09 -0300] "POST /cormun/servlet/solicitudot?gx-no-cache=1491336801877 HTTP/1.1" 200 297
186.103.159.183 - - [04/Apr/2017:17:12:09 -0300] "GET /cormun/servlet/solicitudot?3073b5c4e1f8cbb0b60ef878d8e9da08fed71bf48b75217a24a97e79197272977640d7a5d96e2bbd70f90e747906b9936ff1f6b4525bbafaf3262eaae71fff57d4cb820cac84b288c6a3b1246c0dbde8706e805c83a942d5a66324750a5070b080b3e68c1e5f5684465636982d103ed62e712af5d196237c39cd9865a4a1ebd066a61c8d50ba94f754dad79f0e185696fd2f95526262b0d6956c4b226764159351a6d22a2a6f74c5e103cf959f9899609f9295c0295e5a5501f87b51c184f6b983fbfdc09d83e5d154772e11c6ba796872cdace339b4fdc5d4bd02c74d92bd875d07cfcae6189ccb0f88c60f539baccfe47e3b72fd898bfe84ae924354286bdb3a5d08edd3abf0b081355e73a4bc6f0bac30477005511a7e7a44c77a2a29d1af6450d833a846ad7aaa4d3f35a6134424a97ab440b45886d7189fbf4152198ff139f0003cd5715bfe9d42e7db58b0b18402823849d88771aa635b5535f41d4b67e15d2eed750f50d3d5b6b9b5de3dc4288f33634b433674cf26e8dbfc9909abb77db3cdf4913065be3d9cfd31ef3a9829,gx-no-cache=1491336802036 HTTP/1.1" 200 30
186.103.159.183 - - [04/Apr/2017:17:12:10 -0300] "POST /cormun/servlet/solicitudot?gx-no-cache=1491336803275 HTTP/1.1" 200 30
186.103.157.235 - - [04/Apr/2017:17:12:12 -0300] "POST /cormun/servlet/hlogin?2c1e2d6f23af735bfae5091b31ffff21,gx-no-cache=1491336800879 HTTP/1.1" 200 90
186.103.157.235 - - [04/Apr/2017:17:12:12 -0300] "GET /cormun/servlet/hpexe_link HTTP/1.1" 200 942
186.103.157.235 - - [04/Apr/2017:17:12:12 -0300] "GET /cormun/servlet/hhome HTTP/1.1" 200 3975
186.103.159.183 - - [04/Apr/2017:17:12:12 -0300] "POST /cormun/servlet/solicitudot?gx-no-cache=1491336805129 HTTP/1.1" 200 235
186.103.159.183 - - [04/Apr/2017:17:12:12 -0300] "POST /cormun/servlet/solicitudot?gx-no-cache=1491336805293 HTTP/1.1" 200 38
186.103.157.235 - - [04/Apr/2017:17:12:13 -0300] "GET /cormun/servlet/hhome HTTP/1.1" 200 3971
186.103.157.235 - - [04/Apr/2017:17:12:22 -0300] "GET /cormun/servlet/trrenuncias? HTTP/1.1" 200 7403
186.103.157.235 - - [04/Apr/2017:17:12:22 -0300] "GET /cormun/static/gxcfg.js?201731711553383 HTTP/1.1" 304 -
186.103.157.235 - - [04/Apr/2017:17:12:22 -0300] "GET /cormun/static/trrenuncias.js?201731711553833 HTTP/1.1" 304 -
186.103.157.235 - - [04/Apr/2017:17:12:22 -0300] "GET /cormun/servlet/trrenuncias? HTTP/1.1" 200 7402
192.168.10.13 - - [04/Apr/2017:17:12:25 -0300] "GET / HTTP/1.1" 200 11217
186.103.157.235 - - [04/Apr/2017:17:12:27 -0300] "GET /cormun/servlet/trrenunciasadjuntos?19,17381370, HTTP/1.1" 200 5981
186.103.157.235 - - [04/Apr/2017:17:12:27 -0300] "GET /cormun/static/gxcfg.js?201731711565375 HTTP/1.1" 304 -
186.103.157.235 - - [04/Apr/2017:17:12:27 -0300] "GET /cormun/static/trrenunciasadjuntos.js?201731711565661 HTTP/1.1" 304 -
186.103.157.235 - - [04/Apr/2017:17:12:27 -0300] "GET /cormun/servlet/trrenunciasadjuntos?19,17381370, HTTP/1.1" 200 5981
186.103.157.235 - - [04/Apr/2017:17:12:29 -0300] "GET /cormun/servlet/renunciasadjuntos?INS,19,, HTTP/1.1" 200 5314
186.103.157.235 - - [04/Apr/2017:17:12:29 -0300] "GET /cormun/static/gxcfg.js?201731711431598 HTTP/1.1" 200 953
186.103.157.235 - - [04/Apr/2017:17:12:29 -0300] "GET /cormun/static/renunciasadjuntos.js?20173171143167 HTTP/1.1" 304 -
186.103.157.235 - - [04/Apr/2017:17:12:29 -0300] "GET /cormun/static/about:blank HTTP/1.1" 404 1011
186.103.157.235 - - [04/Apr/2017:17:12:29 -0300] "GET /cormun/servlet/renunciasadjuntos?INS,19,, HTTP/1.1" 200 5301
186.103.157.235 - - [04/Apr/2017:17:12:47 -0300] "POST /cormun/servlet/renunciasadjuntos?2c1e2d6f23af735bfae5091b31ffff21,INS,19,, HTTP/1.1" 200 116
186.103.157.235 - - [04/Apr/2017:17:12:47 -0300] "GET /cormun/servlet/hpexe_return? HTTP/1.1" 200 1012
186.103.157.235 - - [04/Apr/2017:17:12:48 -0300] "GET /cormun/servlet/trrenunciasadjuntos?19,17381370, HTTP/1.1" 200 6376
186.103.157.235 - - [04/Apr/2017:17:12:48 -0300] "GET /cormun/servlet/trrenunciasadjuntos?19,17381370, HTTP/1.1" 200 6371
186.103.157.235 - - [04/Apr/2017:17:12:51 -0300] "POST /cormun/servlet/trrenunciasadjuntos?2c1e2d6f23af735bfae5091b31ffff21,19,17381370,,gx-no-cache=1491336839941 HTTP/1.1" 200 90
186.103.157.235 - - [04/Apr/2017:17:12:51 -0300] "GET /cormun/servlet/hpexe_link HTTP/1.1" 200 961
186.103.157.235 - - [04/Apr/2017:17:12:51 -0300] "GET /cormun/servlet/trrenuncias HTTP/1.1" 200 7404
186.103.157.235 - - [04/Apr/2017:17:12:52 -0300] "GET /cormun/servlet/trrenuncias HTTP/1.1" 200 7402
186.103.157.235 - - [04/Apr/2017:17:12:56 -0300] "POST /cormun/servlet/trrenuncias?2c1e2d6f23af735bfae5091b31ffff21,gx-no-cache=1491336845021 HTTP/1.1" 200 4111
186.103.157.235 - - [04/Apr/2017:17:12:56 -0300] "GET /cormun/static/Shared/jqueryui/images/ui-bg_highlight-soft_100_c6c2c8_1x100.png HTTP/1.1" 404 1117
186.103.157.235 - - [04/Apr/2017:17:12:56 -0300] "GET /cormun/static/Shared/jqueryui/images/ui-icons_82798d_256x240.png HTTP/1.1" 404 1089
186.103.157.235 - - [04/Apr/2017:17:12:56 -0300] "GET /cormun/static/Shared/jqueryui/images/ui-bg_flat_55_fafafa_40x100.png HTTP/1.1" 404 1097
186.103.157.235 - - [04/Apr/2017:17:12:56 -0300] "GET /cormun/static/Shared/jqueryui/images/ui-icons_8d78a5_256x240.png HTTP/1.1" 404 1089
186.103.159.183 - - [04/Apr/2017:17:13:02 -0300] "GET /cormun/servlet/solicitudot?3073b5c4e1f8cbb0b60ef878d8e9da0814cc1915e2f9aef2f8949715b1aec68a1a25d1ee1d789cb9a974d9ea4aa8f549d3ac3c934d5345f507c53075c407a342d55903e05183daca1252b98d4dd16aadf76bac484998b2b88e747041f74de11c7126eb72062d0e07058ade78cc59a996,gx-no-cache=1491336854778 HTTP/1.1" 200 29
186.103.159.183 - - [04/Apr/2017:17:13:02 -0300] "POST /cormun/servlet/solicitudot?gx-no-cache=1491336854902 HTTP/1.1" 200 643
186.103.159.183 - - [04/Apr/2017:17:13:03 -0300] "POST /cormun/servlet/solicitudot?gx-no-cache=1491336856074 HTTP/1.1" 200 1157
186.103.157.235 - - [04/Apr/2017:17:13:03 -0300] "GET /cormun/servlet/trautorizarenuncias? HTTP/1.1" 200 7190
186.103.157.235 - - [04/Apr/2017:17:13:03 -0300] "GET /cormun/static/gxcfg.js?201731711565856 HTTP/1.1" 200 953
186.103.157.235 - - [04/Apr/2017:17:13:03 -0300] "GET /cormun/static/trautorizarenuncias.js?20173171157315 HTTP/1.1" 304 -
186.103.157.235 - - [04/Apr/2017:17:13:04 -0300] "GET /cormun/servlet/trautorizarenuncias? HTTP/1.1" 200 7190
186.103.159.183 - - [04/Apr/2017:17:13:04 -0300] "GET /cormun/static/menuarrow.gif HTTP/1.1" 404 1015
186.103.157.235 - - [04/Apr/2017:17:13:07 -0300] "POST /cormun/servlet/trautorizarenuncias?2c1e2d6f23af735bfae5091b31ffff21,,gx-no-cache=1491336856624 HTTP/1.1" 200 4039
186.103.157.235 - - [04/Apr/2017:17:13:08 -0300] "GET /cormun/static/Shared/jqueryui/images/ui-bg_highlight-soft_100_c6c2c8_1x100.png HTTP/1.1" 404 1117
186.103.157.235 - - [04/Apr/2017:17:13:08 -0300] "GET /cormun/static/Shared/jqueryui/images/ui-icons_82798d_256x240.png HTTP/1.1" 404 1089
186.103.157.235 - - [04/Apr/2017:17:13:08 -0300] "GET /cormun/static/Shared/jqueryui/images/ui-icons_8d78a5_256x240.png HTTP/1.1" 404 1089
186.103.157.235 - - [04/Apr/2017:17:13:08 -0300] "GET /cormun/static/Shared/jqueryui/images/ui-bg_flat_55_fafafa_40x100.png HTTP/1.1" 404 1097
186.103.159.183 - - [04/Apr/2017:17:13:12 -0300] "GET /cormun/servlet/solicitudot?3073b5c4e1f8cbb0b60ef878d8e9da083c5ae1a3540fee969e6a78c67a7b4a39685e2f8fe66b455569fed2420b4e1ada7b81e194bd72b4ff8ac64fd3c44a607b81a1813513d470247034b59fa5c8419b06326a39b1fb0d86d43f3673e8e4fa67ae4a1a88ecc95628b56adffe256b42bea0a9aa497d97bb44f3efad9259081803e6ce2f72d9092966565ad845c8a60f7249771edd55858562773332ad12bdbb18e67783815d01f569fd311ae52d038a42,gx-no-cache=1491336864664 HTTP/1.1" 200 30
186.103.157.235 - - [04/Apr/2017:17:13:17 -0300] "GET /cormun/servlet/trsolicitudot? HTTP/1.1" 200 9041
186.103.157.235 - - [04/Apr/2017:17:13:17 -0300] "GET /cormun/servlet/trsolicitudot? HTTP/1.1" 200 9040
192.168.10.13 - - [04/Apr/2017:17:13:25 -0300] "GET / HTTP/1.1" 200 11217
186.103.159.183 - - [04/Apr/2017:17:14:16 -0300] "GET /cormun/servlet/solicitudot?3073b5c4e1f8cbb0b60ef878d8e9da083c5ae1a3540fee969e6a78c67a7b4a39685e2f8fe66b455569fed2420b4e1ada7b81e194bd72b4ff8ac64fd3c44a607b81a1813513d470247034b59fa5c8419b06326a39b1fb0d86d43f3673e8e4fa67ae4a1a88ecc95628b56adffe256b42bea0a9aa497d97bb44f3efad9259081803e6ce2f72d9092966565ad845c8a60f7249771edd55858562773332ad12bdbb18e67783815d01f569fd311ae52d038a42,gx-no-cache=1491336928849 HTTP/1.1" 200 30
186.103.159.183 - - [04/Apr/2017:17:14:16 -0300] "POST /cormun/servlet/solicitudot?6e068eb5d3ed155381468822a81e2698,INS,0,0,,gx-no-cache=1491336929004 HTTP/1.1" 200 93
186.103.159.183 - - [04/Apr/2017:17:14:16 -0300] "GET /cormun/servlet/hpexe_return? HTTP/1.1" 200 1007
186.103.159.183 - - [04/Apr/2017:17:14:17 -0300] "GET /cormun/servlet/trsolicitudot HTTP/1.1" 200 8093
186.103.159.183 - - [04/Apr/2017:17:14:18 -0300] "GET /cormun/servlet/trsolicitudot HTTP/1.1" 200 8089
186.103.159.183 - - [04/Apr/2017:17:14:23 -0300] "POST /cormun/servlet/trsolicitudot?6e068eb5d3ed155381468822a81e2698,gx-no-cache=1491336935433 HTTP/1.1" 200 107
186.103.159.183 - - [04/Apr/2017:17:14:23 -0300] "GET /cormun/servlet/trsolicitudadjuntos?2017,5928, HTTP/1.1" 200 6093
186.103.159.183 - - [04/Apr/2017:17:14:24 -0300] "GET /cormun/servlet/trsolicitudadjuntos?2017,5928, HTTP/1.1" 200 6093
192.168.10.13 - - [04/Apr/2017:17:14:25 -0300] "GET / HTTP/1.1" 200 11217
186.103.159.183 - - [04/Apr/2017:17:14:26 -0300] "GET /cormun/servlet/solicitudotadjuntos?INS,2017,5928,,1, HTTP/1.1" 200 6030
186.103.159.183 - - [04/Apr/2017:17:14:26 -0300] "GET /cormun/static/about:blank HTTP/1.1" 404 1011
186.103.159.183 - - [04/Apr/2017:17:14:27 -0300] "GET /cormun/servlet/solicitudotadjuntos?INS,2017,5928,,1, HTTP/1.1" 200 6023
186.103.159.183 - - [04/Apr/2017:17:14:27 -0300] "GET /cormun/servlet/solicitudotadjuntos?3073b5c4e1f8cbb0b60ef878d8e9da08350cae53282cb240693652512332888bac8e42d4017765b12cea833ca299ca8d,gx-no-cache=1491336940024 HTTP/1.1" 200 30
186.103.159.183 - - [04/Apr/2017:17:14:27 -0300] "POST /cormun/servlet/solicitudotadjuntos?6e068eb5d3ed155381468822a81e2698,INS,2017,5928,,1,,gx-no-cache=1491336940120 HTTP/1.1" 200 3825
186.103.159.183 - - [04/Apr/2017:17:14:29 -0300] "POST /cormun/servlet/solicitudotadjuntos?gx-no-cache=1491336942129 HTTP/1.1" 200 26
186.103.159.183 - - [04/Apr/2017:17:14:34 -0300] "GET /cormun/servlet/solicitudotadjuntos?3073b5c4e1f8cbb0b60ef878d8e9da08acf1bc1c10d036c05677f99564d60485,gx-no-cache=1491336947158 HTTP/1.1" 200 30
186.103.159.183 - - [04/Apr/2017:17:14:34 -0300] "GET /cormun/servlet/solicitudotadjuntos?3073b5c4e1f8cbb0b60ef878d8e9da08acf1bc1c10d036c05677f99564d60485,gx-no-cache=1491336947213 HTTP/1.1" 200 30
186.103.159.183 - - [04/Apr/2017:17:14:41 -0300] "POST /cormun/servlet/solicitudotadjuntos?6e068eb5d3ed155381468822a81e2698,INS,2017,5928,,1, HTTP/1.1" 200 116
186.103.159.183 - - [04/Apr/2017:17:14:41 -0300] "GET /cormun/servlet/hpexe_return? HTTP/1.1" 200 1027
186.103.159.183 - - [04/Apr/2017:17:14:42 -0300] "GET /cormun/servlet/trsolicitudadjuntos?2017,5928, HTTP/1.1" 200 8254
186.103.159.183 - - [04/Apr/2017:17:14:43 -0300] "GET /cormun/servlet/trsolicitudadjuntos?2017,5928, HTTP/1.1" 200 8249
186.103.159.183 - - [04/Apr/2017:17:14:48 -0300] "GET /cormun/servlet/solicitudotadjuntos?INS,2017,5928,,1, HTTP/1.1" 200 6030
186.103.159.183 - - [04/Apr/2017:17:14:48 -0300] "GET /cormun/static/about:blank HTTP/1.1" 404 1011
186.103.159.183 - - [04/Apr/2017:17:14:49 -0300] "GET /cormun/servlet/solicitudotadjuntos?INS,2017,5928,,1, HTTP/1.1" 200 6023
186.103.159.183 - - [04/Apr/2017:17:14:49 -0300] "GET /cormun/servlet/solicitudotadjuntos?3073b5c4e1f8cbb0b60ef878d8e9da08350cae53282cb240693652512332888bac8e42d4017765b12cea833ca299ca8d,gx-no-cache=1491336962338 HTTP/1.1" 200 30
186.103.159.183 - - [04/Apr/2017:17:14:50 -0300] "POST /cormun/servlet/solicitudotadjuntos?6e068eb5d3ed155381468822a81e2698,INS,2017,5928,,1,,gx-no-cache=1491336962435 HTTP/1.1" 200 3825
186.103.159.183 - - [04/Apr/2017:17:14:55 -0300] "POST /cormun/servlet/solicitudotadjuntos?gx-no-cache=1491336968093 HTTP/1.1" 200 26
186.103.159.183 - - [04/Apr/2017:17:15:03 -0300] "GET /cormun/servlet/solicitudotadjuntos?3073b5c4e1f8cbb0b60ef878d8e9da08acf1bc1c10d036c05677f99564d60485,gx-no-cache=1491336976074 HTTP/1.1" 200 30
186.103.159.183 - - [04/Apr/2017:17:15:03 -0300] "GET /cormun/servlet/solicitudotadjuntos?3073b5c4e1f8cbb0b60ef878d8e9da08acf1bc1c10d036c05677f99564d60485,gx-no-cache=1491336976122 HTTP/1.1" 200 30
186.103.159.183 - - [04/Apr/2017:17:15:10 -0300] "POST /cormun/servlet/solicitudotadjuntos?6e068eb5d3ed155381468822a81e2698,INS,2017,5928,,1, HTTP/1.1" 200 116
186.103.159.183 - - [04/Apr/2017:17:15:10 -0300] "GET /cormun/servlet/hpexe_return? HTTP/1.1" 200 1027
186.103.159.183 - - [04/Apr/2017:17:15:11 -0300] "GET /cormun/servlet/trsolicitudadjuntos?2017,5928, HTTP/1.1" 200 8421
186.103.159.183 - - [04/Apr/2017:17:15:12 -0300] "GET /cormun/servlet/trsolicitudadjuntos?2017,5928, HTTP/1.1" 200 8420
192.168.10.13 - - [04/Apr/2017:17:15:25 -0300] "GET / HTTP/1.1" 200 11217
192.168.10.13 - - [04/Apr/2017:17:16:25 -0300] "GET / HTTP/1.1" 200 11217
186.103.159.183 - - [04/Apr/2017:17:16:56 -0300] "GET /cormun/servlet/solicitudotadjuntos?INS,2017,5928,,1, HTTP/1.1" 200 6030
186.103.159.183 - - [04/Apr/2017:17:16:57 -0300] "GET /cormun/static/about:blank HTTP/1.1" 404 1011
186.103.159.183 - - [04/Apr/2017:17:16:57 -0300] "GET /cormun/servlet/solicitudotadjuntos?INS,2017,5928,,1, HTTP/1.1" 200 6023
186.103.159.183 - - [04/Apr/2017:17:16:58 -0300] "GET /cormun/servlet/solicitudotadjuntos?3073b5c4e1f8cbb0b60ef878d8e9da08350cae53282cb240693652512332888bac8e42d4017765b12cea833ca299ca8d,gx-no-cache=1491337090828 HTTP/1.1" 200 30
186.103.159.183 - - [04/Apr/2017:17:16:58 -0300] "POST /cormun/servlet/solicitudotadjuntos?6e068eb5d3ed155381468822a81e2698,INS,2017,5928,,1,,gx-no-cache=1491337090892 HTTP/1.1" 200 3826
186.103.159.183 - - [04/Apr/2017:17:17:05 -0300] "POST /cormun/servlet/solicitudotadjuntos?gx-no-cache=1491337097832 HTTP/1.1" 200 26
186.103.159.183 - - [04/Apr/2017:17:17:13 -0300] "GET /cormun/servlet/solicitudotadjuntos?3073b5c4e1f8cbb0b60ef878d8e9da08acf1bc1c10d036c05677f99564d60485,gx-no-cache=1491337106379 HTTP/1.1" 200 30
186.103.159.183 - - [04/Apr/2017:17:17:14 -0300] "GET /cormun/servlet/solicitudotadjuntos?3073b5c4e1f8cbb0b60ef878d8e9da08acf1bc1c10d036c05677f99564d60485,gx-no-cache=1491337106960 HTTP/1.1" 200 30
186.103.159.183 - - [04/Apr/2017:17:17:19 -0300] "POST /cormun/servlet/solicitudotadjuntos?6e068eb5d3ed155381468822a81e2698,INS,2017,5928,,1, HTTP/1.1" 200 116
186.103.159.183 - - [04/Apr/2017:17:17:19 -0300] "GET /cormun/servlet/hpexe_return? HTTP/1.1" 200 1027
186.103.159.183 - - [04/Apr/2017:17:17:19 -0300] "GET /cormun/servlet/trsolicitudadjuntos?2017,5928, HTTP/1.1" 200 8579
186.103.159.183 - - [04/Apr/2017:17:17:22 -0300] "GET /cormun/servlet/trsolicitudadjuntos?2017,5928, HTTP/1.1" 200 8577
192.168.10.13 - - [04/Apr/2017:17:17:25 -0300] "GET / HTTP/1.1" 200 11217
186.103.159.183 - - [04/Apr/2017:17:17:26 -0300] "GET /cormun/servlet/solicitudotadjuntos?INS,2017,5928,,1, HTTP/1.1" 200 6030
186.103.159.183 - - [04/Apr/2017:17:17:26 -0300] "GET /cormun/static/about:blank HTTP/1.1" 404 1011
186.103.159.183 - - [04/Apr/2017:17:17:27 -0300] "GET /cormun/servlet/solicitudotadjuntos?INS,2017,5928,,1, HTTP/1.1" 200 6023
186.103.159.183 - - [04/Apr/2017:17:17:28 -0300] "GET /cormun/servlet/solicitudotadjuntos?3073b5c4e1f8cbb0b60ef878d8e9da08350cae53282cb240693652512332888bac8e42d4017765b12cea833ca299ca8d,gx-no-cache=1491337120525 HTTP/1.1" 200 30
186.103.159.183 - - [04/Apr/2017:17:17:28 -0300] "POST /cormun/servlet/solicitudotadjuntos?6e068eb5d3ed155381468822a81e2698,INS,2017,5928,,1,,gx-no-cache=1491337120621 HTTP/1.1" 200 3825
186.103.159.183 - - [04/Apr/2017:17:17:28 -0300] "GET /cormun/static/about:blank HTTP/1.1" 404 1011
186.103.159.183 - - [04/Apr/2017:17:17:31 -0300] "POST /cormun/servlet/solicitudotadjuntos?gx-no-cache=1491337123831 HTTP/1.1" 200 26
186.103.159.183 - - [04/Apr/2017:17:17:38 -0300] "GET /cormun/servlet/solicitudotadjuntos?3073b5c4e1f8cbb0b60ef878d8e9da08acf1bc1c10d036c05677f99564d60485,gx-no-cache=1491337131022 HTTP/1.1" 200 30
186.103.159.183 - - [04/Apr/2017:17:17:38 -0300] "GET /cormun/servlet/solicitudotadjuntos?3073b5c4e1f8cbb0b60ef878d8e9da08acf1bc1c10d036c05677f99564d60485,gx-no-cache=1491337131078 HTTP/1.1" 200 30
186.103.157.235 - - [04/Apr/2017:17:17:38 -0300] "POST /cormun/servlet/trsolicitudot?2c1e2d6f23af735bfae5091b31ffff21,,gx-no-cache=1491337127178 HTTP/1.1" 200 106
186.103.157.235 - - [04/Apr/2017:17:17:39 -0300] "GET /cormun/servlet/trsolicitudadjuntos?2017,5905, HTTP/1.1" 200 6079
186.103.157.235 - - [04/Apr/2017:17:17:39 -0300] "GET /cormun/static/gxcfg.js?201731711504543 HTTP/1.1" 200 953
186.103.157.235 - - [04/Apr/2017:17:17:39 -0300] "GET /cormun/static/trsolicitudadjuntos.js?201731711504951 HTTP/1.1" 200 17913
186.103.157.235 - - [04/Apr/2017:17:17:39 -0300] "GET /cormun/servlet/trsolicitudadjuntos?2017,5905, HTTP/1.1" 200 6077
186.103.157.235 - - [04/Apr/2017:17:17:41 -0300] "GET /cormun/servlet/solicitudotadjuntos?INS,2017,5905,,1, HTTP/1.1" 200 6015
186.103.157.235 - - [04/Apr/2017:17:17:41 -0300] "GET /cormun/static/gxcfg.js?201612218465951 HTTP/1.1" 200 953
186.103.157.235 - - [04/Apr/2017:17:17:41 -0300] "GET /cormun/static/solicitudotadjuntos.js?201612218465969 HTTP/1.1" 200 11762
186.103.157.235 - - [04/Apr/2017:17:17:41 -0300] "GET /cormun/static/about:blank HTTP/1.1" 404 1011
186.103.157.235 - - [04/Apr/2017:17:17:42 -0300] "GET /cormun/servlet/solicitudotadjuntos?INS,2017,5905,,1, HTTP/1.1" 200 6009
186.103.157.235 - - [04/Apr/2017:17:17:42 -0300] "GET /cormun/servlet/solicitudotadjuntos?2ae59379135e87955784c37df817a5418d7545407e0ad0643593b1294c74d310eabb7de0ba4b868c9e1fb5c8becd54fc,gx-no-cache=1491337131327 HTTP/1.1" 200 30
186.103.157.235 - - [04/Apr/2017:17:17:43 -0300] "POST /cormun/servlet/solicitudotadjuntos?2c1e2d6f23af735bfae5091b31ffff21,INS,2017,5905,,1,,gx-no-cache=1491337131401 HTTP/1.1" 200 3815
186.103.157.235 - - [04/Apr/2017:17:17:44 -0300] "POST /cormun/servlet/solicitudotadjuntos?gx-no-cache=1491337133701 HTTP/1.1" 200 26
186.103.159.183 - - [04/Apr/2017:17:17:46 -0300] "POST /cormun/servlet/solicitudotadjuntos?6e068eb5d3ed155381468822a81e2698,INS,2017,5928,,1, HTTP/1.1" 200 116
186.103.159.183 - - [04/Apr/2017:17:17:46 -0300] "GET /cormun/servlet/hpexe_return? HTTP/1.1" 200 1027
186.103.159.183 - - [04/Apr/2017:17:17:47 -0300] "GET /cormun/servlet/trsolicitudadjuntos?2017,5928, HTTP/1.1" 200 8712
186.103.159.183 - - [04/Apr/2017:17:17:48 -0300] "GET /cormun/servlet/trsolicitudadjuntos?2017,5928, HTTP/1.1" 200 8712
186.103.159.183 - - [04/Apr/2017:17:17:50 -0300] "GET /cormun/servlet/solicitudotadjuntos?INS,2017,5928,,1, HTTP/1.1" 200 6030
186.103.159.183 - - [04/Apr/2017:17:17:50 -0300] "GET /cormun/static/about:blank HTTP/1.1" 404 1011
186.103.157.235 - - [04/Apr/2017:17:17:51 -0300] "GET /cormun/servlet/solicitudotadjuntos?2ae59379135e87955784c37df817a541d5e56f5f241227b8cb1c7ef25e188fe2,gx-no-cache=1491337140127 HTTP/1.1" 200 30
186.103.157.235 - - [04/Apr/2017:17:17:51 -0300] "GET /cormun/servlet/solicitudotadjuntos?2ae59379135e87955784c37df817a541d5e56f5f241227b8cb1c7ef25e188fe2,gx-no-cache=1491337140147 HTTP/1.1" 200 30
186.103.157.235 - - [04/Apr/2017:17:17:51 -0300] "POST /cormun/servlet/solicitudotadjuntos?2c1e2d6f23af735bfae5091b31ffff21,INS,2017,5905,,1, HTTP/1.1" 200 116
186.103.157.235 - - [04/Apr/2017:17:17:51 -0300] "GET /cormun/servlet/hpexe_return? HTTP/1.1" 200 1017
186.103.159.183 - - [04/Apr/2017:17:17:51 -0300] "GET /cormun/servlet/solicitudotadjuntos?INS,2017,5928,,1, HTTP/1.1" 200 6023
186.103.157.235 - - [04/Apr/2017:17:17:51 -0300] "GET /cormun/servlet/trsolicitudadjuntos?2017,5905, HTTP/1.1" 200 8262
