186.103.159.46 - - [04/Apr/2017:14:12:47 -0300] "POST /cormun/servlet/trpermisosgoce?0718144fe0d248b0c6761993b282a6b2,gx-no-cache=1491326032808 HTTP/1.1" 200 9745
186.103.159.46 - - [04/Apr/2017:14:12:51 -0300] "POST /cormun/servlet/trpermisosgoce?0718144fe0d248b0c6761993b282a6b2,gx-no-cache=1491326036764 HTTP/1.1" 200 9732
200.73.230.173 - - [04/Apr/2017:14:12:51 -0300] "GET /cormun/servlet/atrazos?1d40dd2095fd99a551c58605f62ca77f33eb6222825906d8af84564bea303ba5a8af7d10b3fe4efa5907b43c8e169b7a,gx-no-cache=1491326050621 HTTP/1.1" 200 78
200.73.230.173 - - [04/Apr/2017:14:12:52 -0300] "GET /cormun/static/menuarrow.gif HTTP/1.1" 404 1015
186.103.159.46 - - [04/Apr/2017:14:12:55 -0300] "POST /cormun/servlet/trpermisosgoce?0718144fe0d248b0c6761993b282a6b2,gx-no-cache=1491326041546 HTTP/1.1" 200 9745
200.73.230.173 - - [04/Apr/2017:14:12:57 -0300] "GET /cormun/servlet/atrazos?1d40dd2095fd99a551c58605f62ca77fdae8d36790f5b0717ff01c0bd6a73aa4136ec802a05f9c8cb62cb776a0605fe1,gx-no-cache=1491326056668 HTTP/1.1" 200 33
200.73.230.173 - - [04/Apr/2017:14:13:04 -0300] "GET /cormun/servlet/atrazos?1d40dd2095fd99a551c58605f62ca77fe480670a1772310d2fc0f27510afaac14af8546b5a6406ffc87ca278bab635f8b393c1917169d464f090e6d4076e7fdd8fcfa47aafe78db9b5468fdacce7c95698360220a828b01703ecafd93a8b11e9ea05588da2d3b4d5489f6d6cf011a6230996d00db9a59c48728bdaeeb89dbb157da2ca05b404d27a1f2e3ad4ced7b3e1d701b8d4915fde4689dbe526989b23f3,gx-no-cache=1491326063019 HTTP/1.1" 200 44
200.73.230.173 - - [04/Apr/2017:14:13:09 -0300] "POST /cormun/servlet/atrazos?627b9af5fa3797ec3fe5cf963f5cc0e1,INS,0,,gx-no-cache=1491326068363 HTTP/1.1" 200 93
200.73.230.173 - - [04/Apr/2017:14:13:09 -0300] "GET /cormun/servlet/hpexe_return? HTTP/1.1" 200 1004
200.73.230.173 - - [04/Apr/2017:14:13:10 -0300] "GET /cormun/servlet/tratrazos HTTP/1.1" 200 8766
200.73.230.173 - - [04/Apr/2017:14:13:10 -0300] "GET /cormun/servlet/tratrazos HTTP/1.1" 200 8762
186.103.159.46 - - [04/Apr/2017:14:13:14 -0300] "POST /cormun/servlet/trpermisosgoce?0718144fe0d248b0c6761993b282a6b2,gx-no-cache=1491326060161 HTTP/1.1" 200 9759
186.103.159.46 - - [04/Apr/2017:14:13:17 -0300] "POST /cormun/servlet/trpermisosgoce?0718144fe0d248b0c6761993b282a6b2,gx-no-cache=1491326063294 HTTP/1.1" 200 9730
186.103.159.46 - - [04/Apr/2017:14:13:24 -0300] "POST /cormun/servlet/trpermisosgoce?0718144fe0d248b0c6761993b282a6b2,gx-no-cache=1491326069830 HTTP/1.1" 200 9724
186.103.248.213 - - [04/Apr/2017:14:13:25 -0300] "GET /cormun/servlet/hlogin HTTP/1.1" 200 1739
192.168.10.13 - - [04/Apr/2017:14:13:25 -0300] "GET / HTTP/1.1" 200 11217
186.103.159.46 - - [04/Apr/2017:14:13:34 -0300] "POST /cormun/servlet/trpermisosgoce?0718144fe0d248b0c6761993b282a6b2,gx-no-cache=1491326080595 HTTP/1.1" 200 9733
186.103.159.46 - - [04/Apr/2017:14:13:38 -0300] "POST /cormun/servlet/trpermisosgoce?0718144fe0d248b0c6761993b282a6b2,gx-no-cache=1491326084206 HTTP/1.1" 200 9723
186.103.159.46 - - [04/Apr/2017:14:13:59 -0300] "GET /cormun/servlet/trsolicitudot? HTTP/1.1" 200 8029
186.103.159.46 - - [04/Apr/2017:14:14:01 -0300] "GET /cormun/servlet/trsolicitudot? HTTP/1.1" 200 8028
186.103.159.46 - - [04/Apr/2017:14:14:16 -0300] "GET /cormun/servlet/trsolicitudot? HTTP/1.1" 200 8028
186.103.159.46 - - [04/Apr/2017:14:14:18 -0300] "GET /cormun/servlet/trsolicitudot? HTTP/1.1" 200 8028
186.103.159.188 - - [04/Apr/2017:14:14:20 -0300] "GET /cormun/servlet/hlogin HTTP/1.1" 200 1722
186.103.159.46 - - [04/Apr/2017:14:14:24 -0300] "GET /cormun/servlet/trsolicitudot? HTTP/1.1" 200 8028
192.168.10.13 - - [04/Apr/2017:14:14:25 -0300] "GET / HTTP/1.1" 200 11217
186.103.159.46 - - [04/Apr/2017:14:14:25 -0300] "GET /cormun/servlet/trsolicitudot? HTTP/1.1" 200 8028
186.103.159.46 - - [04/Apr/2017:14:14:27 -0300] "GET /cormun/servlet/solicitudot?INS,0,0, HTTP/1.1" 200 12578
186.103.159.46 - - [04/Apr/2017:14:14:27 -0300] "GET /cormun/static/gxcfg.js?20171191042720 HTTP/1.1" 200 953
186.103.159.46 - - [04/Apr/2017:14:14:27 -0300] "GET /cormun/static/solicitudot.js?2017119104297 HTTP/1.1" 304 -
186.103.159.188 - - [04/Apr/2017:14:14:28 -0300] "POST /cormun/servlet/hlogin?914032c8ea4babddfe00154f36057683,gx-no-cache=1491326134851 HTTP/1.1" 200 90
186.103.159.188 - - [04/Apr/2017:14:14:28 -0300] "GET /cormun/servlet/hpexe_link HTTP/1.1" 200 948
186.103.159.188 - - [04/Apr/2017:14:14:28 -0300] "GET /cormun/static/hpexe_link.js?201731711483384 HTTP/1.1" 200 625
186.103.159.188 - - [04/Apr/2017:14:14:28 -0300] "GET /cormun/servlet/hhome HTTP/1.1" 200 3777
186.103.159.188 - - [04/Apr/2017:14:14:29 -0300] "GET /cormun/servlet/hhome HTTP/1.1" 200 3774
186.103.159.46 - - [04/Apr/2017:14:14:29 -0300] "GET /cormun/servlet/solicitudot?INS,0,0, HTTP/1.1" 200 12583
186.103.159.188 - - [04/Apr/2017:14:14:31 -0300] "GET /cormun/servlet/trlicencias? HTTP/1.1" 200 6615
186.103.159.188 - - [04/Apr/2017:14:14:31 -0300] "GET /cormun/static/gxui/gxui-all.css?120300 HTTP/1.1" 200 2179
186.103.159.188 - - [04/Apr/2017:14:14:31 -0300] "GET /cormun/static/gxcfg.js?2016122619301429 HTTP/1.1" 200 953
186.103.159.188 - - [04/Apr/2017:14:14:32 -0300] "GET /cormun/static/Shared/ext/resources/css/ext-all.css?215870 HTTP/1.1" 200 416045
186.103.159.188 - - [04/Apr/2017:14:14:32 -0300] "GET /cormun/static/trlicencias.js?2016122619301919 HTTP/1.1" 200 37913
186.103.159.188 - - [04/Apr/2017:14:14:32 -0300] "GET /cormun/servlet/trlicencias? HTTP/1.1" 200 6614
46.174.191.32 - - [04/Apr/2017:14:14:42 -0300] "GET / HTTP/1.0" 200 11197
200.73.230.173 - - [04/Apr/2017:14:14:44 -0300] "POST /cormun/servlet/acontrolpreferencessavestate?None,CF-19,true HTTP/1.1" 200 35
200.73.230.173 - - [04/Apr/2017:14:14:45 -0300] "POST /cormun/servlet/tratrazos?627b9af5fa3797ec3fe5cf963f5cc0e1,gx-no-cache=1491326164391 HTTP/1.1" 200 90
200.73.230.173 - - [04/Apr/2017:14:14:45 -0300] "GET /cormun/servlet/hpexe_link HTTP/1.1" 200 956
200.73.230.173 - - [04/Apr/2017:14:14:46 -0300] "GET /cormun/servlet/hhome HTTP/1.1" 200 3814
200.73.230.173 - - [04/Apr/2017:14:14:47 -0300] "GET /cormun/servlet/hhome HTTP/1.1" 200 3811
200.73.230.173 - - [04/Apr/2017:14:14:52 -0300] "GET /cormun/servlet/tratrazos? HTTP/1.1" 200 8765
200.73.230.173 - - [04/Apr/2017:14:14:52 -0300] "GET /cormun/servlet/tratrazos? HTTP/1.1" 200 8764
200.73.230.173 - - [04/Apr/2017:14:14:59 -0300] "POST /cormun/servlet/tratrazos?627b9af5fa3797ec3fe5cf963f5cc0e1,,gx-no-cache=1491326178022 HTTP/1.1" 200 99
200.73.230.173 - - [04/Apr/2017:14:14:59 -0300] "GET /cormun/Atrazos-9108.xls HTTP/1.1" 200 6144
190.101.9.138 - - [04/Apr/2017:14:15:03 -0300] "GET /cormun/servlet/licenciaspermisos?INS,0,,, HTTP/1.1" 200 7162
190.101.9.138 - - [04/Apr/2017:14:15:03 -0300] "GET /cormun/static/gxcfg.js?20173291150977 HTTP/1.1" 200 953
190.101.9.138 - - [04/Apr/2017:14:15:04 -0300] "GET /cormun/static/licenciaspermisos.js?201732911501028 HTTP/1.1" 200 34423
190.101.9.138 - - [04/Apr/2017:14:15:04 -0300] "GET /cormun/servlet/licenciaspermisos?INS,0,,, HTTP/1.1" 200 7162
192.168.10.13 - - [04/Apr/2017:14:15:25 -0300] "GET / HTTP/1.1" 200 11217
200.73.230.173 - - [04/Apr/2017:14:15:57 -0300] "GET /cormun/servlet/aatrasoprn?44,PU HTTP/1.1" 200 1577
190.101.9.138 - - [04/Apr/2017:14:16:21 -0300] "GET /cormun/servlet/prfichaempleado?,MD,,gxPopupLevel%3D0%3B HTTP/1.1" 200 8792
192.168.10.13 - - [04/Apr/2017:14:16:25 -0300] "GET / HTTP/1.1" 200 11217
200.73.230.173 - - [04/Apr/2017:14:16:28 -0300] "GET /cormun/servlet/aatrasoprn?53,PU HTTP/1.1" 200 1583
190.101.9.138 - - [04/Apr/2017:14:16:32 -0300] "POST /cormun/servlet/prfichaempleado?914032c8ea4babddfe00154f36057683,,MD,,gxPopupLevel%3D0%3B,gx-no-cache=1491326258379 HTTP/1.1" 200 3406
190.101.9.138 - - [04/Apr/2017:14:16:40 -0300] "GET /cormun/servlet/licenciaspermisos?1539cbadb214ce893b79974d123301fccb2a6e316f5832a969fc6096d1c5ad4f2a4479043b70f1860528ab60be04ed48,gx-no-cache=1491326266335 HTTP/1.1" 200 60
190.101.9.138 - - [04/Apr/2017:14:16:40 -0300] "POST /cormun/servlet/licenciaspermisos?914032c8ea4babddfe00154f36057683,INS,0,,,,gx-no-cache=1491326266382 HTTP/1.1" 200 4412
186.103.159.46 - - [04/Apr/2017:14:16:47 -0300] "POST /cormun/servlet/solicitudot?gx-no-cache=1491326272884 HTTP/1.1" 200 3193
186.103.159.46 - - [04/Apr/2017:14:16:47 -0300] "POST /cormun/servlet/solicitudot?0718144fe0d248b0c6761993b282a6b2,INS,0,0,,gx-no-cache=1491326273361 HTTP/1.1" 200 9763
186.103.159.46 - - [04/Apr/2017:14:16:54 -0300] "GET /cormun/servlet/solicitudot?786e726868c530821ba2b4b653e4653855ad89c0dabb7e674a0dfc167f7fcadb7348d05afe0ce0bebb9e2b402f56773c,gx-no-cache=1491326280710 HTTP/1.1" 200 30
186.103.159.46 - - [04/Apr/2017:14:16:54 -0300] "POST /cormun/servlet/solicitudot?gx-no-cache=1491326280797 HTTP/1.1" 200 240
186.103.159.46 - - [04/Apr/2017:14:16:55 -0300] "GET /cormun/servlet/solicitudot?786e726868c530821ba2b4b653e46538d7165b9cd582789af76d69c2c9470e280ecd74d846e7d6246e8c6a4017bff1a5ccfb2633291fa32ef82e06bd03fc2de23494f8e6a5ac092a0571b2fb44c9498f73d4410b228e2dd619edd8a6b91da44829a610ebfb71b1429e77b2c15904e42e5d046fabfa92825d7a74cb89f67356adc074e9f0ab587433a5eb18e658cef6812a3e8ff0f07842c2ec370acdd40ee872b7e1f47adfb7027bd38550eda390350b16530e74690b21f37139cbb7651d0b538c4d1d86ea97a67d803d40fac92852df508a3173a8d623a414f6edada5257027dcc3ca2656020e9f9f937d6eab34460f88655ddea594f6986412cbe405c23e0d3153910c2d91fe900340b241c08460d1da4ba03e28863768d88569f3022293e93a1e4306643671b4fc117be3b2ea86e3191da7ac3508b193730418489f820f99adb232b1695164b50aeebd733bbd47b5a37af4ff3876fb98ee75d9810ee785af5957d9c2af4fd947a4a4030a126c247007899a51e4eaf5b80908c52d65d71f9e,gx-no-cache=1491326280860 HTTP/1.1" 200 30
200.73.230.173 - - [04/Apr/2017:14:17:13 -0300] "GET /cormun/servlet/aatrasoprn?44,PU HTTP/1.1" 200 1578
192.168.10.13 - - [04/Apr/2017:14:17:25 -0300] "GET / HTTP/1.1" 200 11217
200.73.230.173 - - [04/Apr/2017:14:17:33 -0300] "GET /cormun/servlet/aatrasoprn?51,PU HTTP/1.1" 200 1589
186.103.159.46 - - [04/Apr/2017:14:17:40 -0300] "POST /cormun/servlet/solicitudot?gx-no-cache=1491326326756 HTTP/1.1" 200 30
190.101.9.138 - - [04/Apr/2017:14:17:44 -0300] "GET /cormun/static/menuarrow.gif HTTP/1.1" 404 1015
200.73.230.173 - - [04/Apr/2017:14:17:45 -0300] "GET /cormun/servlet/aatrasoprn?44,PU HTTP/1.1" 200 1577
186.103.159.46 - - [04/Apr/2017:14:17:59 -0300] "POST /cormun/servlet/solicitudot?gx-no-cache=1491326345520 HTTP/1.1" 200 30
186.103.159.46 - - [04/Apr/2017:14:18:08 -0300] "POST /cormun/servlet/solicitudot?gx-no-cache=1491326354032 HTTP/1.1" 200 30
192.168.10.13 - - [04/Apr/2017:14:18:25 -0300] "GET / HTTP/1.1" 200 11217
186.103.159.46 - - [04/Apr/2017:14:18:32 -0300] "POST /cormun/servlet/solicitudot?gx-no-cache=1491326378135 HTTP/1.1" 200 1291
186.103.159.46 - - [04/Apr/2017:14:18:32 -0300] "POST /cormun/servlet/solicitudot?gx-no-cache=1491326378594 HTTP/1.1" 200 38
186.103.159.46 - - [04/Apr/2017:14:18:47 -0300] "POST /cormun/servlet/solicitudot?gx-no-cache=1491326393386 HTTP/1.1" 200 30
186.103.159.46 - - [04/Apr/2017:14:19:14 -0300] "POST /cormun/servlet/solicitudot?gx-no-cache=1491326420039 HTTP/1.1" 200 30
192.168.10.13 - - [04/Apr/2017:14:19:25 -0300] "GET / HTTP/1.1" 200 11217
190.101.9.138 - - [04/Apr/2017:14:20:08 -0300] "GET /cormun/servlet/licenciaspermisos?1539cbadb214ce893b79974d123301fc5ad5754c65a14a2988bdd9020765b3117c4808c68b446799955387397f8ece7c355ecc1dad418bda5fab32a6e5be736927559845b8b58f525d6f11e5fca853ab5046817926df5e0eb5ccea2508b991f83b864aee8e998bbd11b6f84d79b5ebec52a2bb70a98dd615f27427eabef20efc7a5bed2fd13a0eb0371faa1edb0cb9b3cd55dfc61af402bf5caad71278d8718cfe5e84fed6c7202a58b354de9589fa49,gx-no-cache=1491326474240 HTTP/1.1" 200 30
190.101.9.138 - - [04/Apr/2017:14:20:08 -0300] "GET /cormun/servlet/licenciaspermisos?1539cbadb214ce893b79974d123301fce455bc5361b381826083363ae74a824b456fc00c155d5039d1d5e526b9941fe46e9af009fd144b937f16b4fd5b73104b7c53955c4f4f4bdbf2f45f2d9e0e34f145e98e5f468d9f626fadf47eb4d55a306b9368d3adbea7d1a4af45c5acc94ea322ed33914593f2a237e04655b1e1e7028526b53bb5329bd434dffd9689bf741466fe2b239614a58c1fb8ce86f53d926d62e44b861bc4fab20e86cb62d8e71f1c,gx-no-cache=1491326474318 HTTP/1.1" 200 29
190.101.9.138 - - [04/Apr/2017:14:20:08 -0300] "POST /cormun/servlet/licenciaspermisos?914032c8ea4babddfe00154f36057683,INS,0,,,,gx-no-cache=1491326474365 HTTP/1.1" 200 93
190.101.9.138 - - [04/Apr/2017:14:20:08 -0300] "GET /cormun/servlet/hpexe_return? HTTP/1.1" 200 1007
190.101.9.138 - - [04/Apr/2017:14:20:08 -0300] "GET /cormun/servlet/trlicencias HTTP/1.1" 200 7779
190.101.9.138 - - [04/Apr/2017:14:20:09 -0300] "GET /cormun/servlet/trlicencias HTTP/1.1" 200 7775
186.103.159.46 - - [04/Apr/2017:14:20:12 -0300] "POST /cormun/servlet/solicitudot?gx-no-cache=1491326478346 HTTP/1.1" 200 3181
186.103.159.46 - - [04/Apr/2017:14:20:13 -0300] "POST /cormun/servlet/solicitudot?0718144fe0d248b0c6761993b282a6b2,INS,0,0,,gx-no-cache=1491326478838 HTTP/1.1" 200 10850
190.101.9.138 - - [04/Apr/2017:14:20:17 -0300] "GET /cormun/servlet/trlicenciaspermisosadjuntos?15541956,20170404000000,L, HTTP/1.1" 200 6123
190.101.9.138 - - [04/Apr/2017:14:20:17 -0300] "GET /cormun/static/gxcfg.js?20173171154619 HTTP/1.1" 200 953
190.101.9.138 - - [04/Apr/2017:14:20:17 -0300] "GET /cormun/static/trlicenciaspermisosadjuntos.js?20173171154971 HTTP/1.1" 200 21005
190.101.9.138 - - [04/Apr/2017:14:20:17 -0300] "GET /cormun/servlet/trlicenciaspermisosadjuntos?15541956,20170404000000,L, HTTP/1.1" 200 6124
190.101.9.138 - - [04/Apr/2017:14:20:19 -0300] "GET /cormun/servlet/licenciaspermisosadjuntos?INS,15541956,L,20170404000000,, HTTP/1.1" 200 5419
190.101.9.138 - - [04/Apr/2017:14:20:19 -0300] "GET /cormun/static/gxcfg.js?201731711421170 HTTP/1.1" 200 953
190.101.9.138 - - [04/Apr/2017:14:20:19 -0300] "GET /cormun/static/about:blank HTTP/1.1" 404 1011
190.101.9.138 - - [04/Apr/2017:14:20:19 -0300] "GET /cormun/static/licenciaspermisosadjuntos.js?201731711421181 HTTP/1.1" 200 8757
190.101.9.138 - - [04/Apr/2017:14:20:19 -0300] "GET /cormun/servlet/licenciaspermisosadjuntos?INS,15541956,L,20170404000000,, HTTP/1.1" 200 5409
186.103.159.46 - - [04/Apr/2017:14:20:24 -0300] "GET /cormun/servlet/solicitudot?786e726868c530821ba2b4b653e46538cc4862d081ae0de6fc91cadbc95783136e19435747eeea1b89b66599c683c55f,gx-no-cache=1491326490538 HTTP/1.1" 200 30
186.103.159.46 - - [04/Apr/2017:14:20:24 -0300] "POST /cormun/servlet/solicitudot?gx-no-cache=1491326490624 HTTP/1.1" 200 256
186.103.159.46 - - [04/Apr/2017:14:20:25 -0300] "GET /cormun/servlet/solicitudot?786e726868c530821ba2b4b653e46538d7165b9cd582789af76d69c2c9470e282e162aea53a9e4539a64ea0cd1ad5cacccfb2633291fa32ef82e06bd03fc2de23494f8e6a5ac092a0571b2fb44c9498f73d4410b228e2dd619edd8a6b91da44829a610ebfb71b1429e77b2c15904e42e5d046fabfa92825d7a74cb89f67356adc074e9f0ab587433a5eb18e658cef6812a3e8ff0f07842c2ec370acdd40ee872b7e1f47adfb7027bd38550eda390350b16530e74690b21f37139cbb7651d0b538c4d1d86ea97a67d803d40fac92852df508a3173a8d623a414f6edada5257027dcc3ca2656020e9f9f937d6eab34460fae8a3d34906bef4d3476a64bb6dcbca33153910c2d91fe900340b241c08460d1da4ba03e28863768d88569f3022293e93a1e4306643671b4fc117be3b2ea86e3191da7ac3508b193730418489f820f99adb232b1695164b50aeebd733bbd47b5a37af4ff3876fb98ee75d9810ee785af5957d9c2af4fd947a4a4030a126c2470dce8a9b3b41708fc699c3c0a3a4da0be,gx-no-cache=1491326490687 HTTP/1.1" 200 30
192.168.10.13 - - [04/Apr/2017:14:20:25 -0300] "GET / HTTP/1.1" 200 11217
186.103.159.46 - - [04/Apr/2017:14:20:29 -0300] "POST /cormun/servlet/solicitudot?gx-no-cache=1491326495108 HTTP/1.1" 200 30
190.101.9.138 - - [04/Apr/2017:14:20:31 -0300] "POST /cormun/servlet/licenciaspermisosadjuntos?914032c8ea4babddfe00154f36057683,INS,15541956,L,20170404000000,, HTTP/1.1" 200 116
190.101.9.138 - - [04/Apr/2017:14:20:31 -0300] "GET /cormun/servlet/hpexe_return? HTTP/1.1" 200 1037
190.101.9.138 - - [04/Apr/2017:14:20:31 -0300] "GET /cormun/servlet/trlicenciaspermisosadjuntos?15541956,20170404000000,L, HTTP/1.1" 200 6608
190.101.9.138 - - [04/Apr/2017:14:20:32 -0300] "GET /cormun/servlet/trlicenciaspermisosadjuntos?15541956,20170404000000,L, HTTP/1.1" 200 6605
190.101.9.138 - - [04/Apr/2017:14:20:34 -0300] "GET /cormun/servlet/hhome HTTP/1.1" 200 3802
190.101.9.138 - - [04/Apr/2017:14:20:35 -0300] "GET /cormun/servlet/hhome HTTP/1.1" 200 3774
190.101.9.138 - - [04/Apr/2017:14:20:39 -0300] "GET /cormun/servlet/trlicencias? HTTP/1.1" 200 7776
190.101.9.138 - - [04/Apr/2017:14:20:40 -0300] "GET /cormun/servlet/trlicencias? HTTP/1.1" 200 7775
190.101.9.138 - - [04/Apr/2017:14:20:42 -0300] "GET /cormun/servlet/alicenciaprn?15541956,L,20170404000000,PU HTTP/1.1" 200 1524
190.101.9.138 - - [04/Apr/2017:14:21:17 -0300] "POST /cormun/servlet/trlicencias?914032c8ea4babddfe00154f36057683,,gx-no-cache=1491326543672 HTTP/1.1" 200 4021
190.101.9.138 - - [04/Apr/2017:14:21:17 -0300] "GET /cormun/static/Shared/jqueryui/images/ui-bg_highlight-soft_100_c6c2c8_1x100.png HTTP/1.1" 404 1117
186.103.159.188 - - [04/Apr/2017:14:21:17 -0300] "GET /cormun/static/Shared/jqueryui/images/ui-icons_82798d_256x240.png HTTP/1.1" 404 1089
186.103.159.188 - - [04/Apr/2017:14:21:17 -0300] "GET /cormun/static/Shared/jqueryui/images/ui-bg_flat_55_fafafa_40x100.png HTTP/1.1" 404 1097
190.101.9.138 - - [04/Apr/2017:14:21:17 -0300] "GET /cormun/static/Shared/jqueryui/images/ui-icons_8d78a5_256x240.png HTTP/1.1" 404 1089
192.168.10.13 - - [04/Apr/2017:14:21:25 -0300] "GET / HTTP/1.1" 200 11217
192.168.10.13 - - [04/Apr/2017:14:22:25 -0300] "GET / HTTP/1.1" 200 11217
192.168.10.13 - - [04/Apr/2017:14:23:25 -0300] "GET / HTTP/1.1" 200 11217
186.103.159.46 - - [04/Apr/2017:14:23:31 -0300] "POST /cormun/servlet/solicitudot?gx-no-cache=1491326677422 HTTP/1.1" 200 1291
186.103.159.46 - - [04/Apr/2017:14:23:31 -0300] "POST /cormun/servlet/solicitudot?gx-no-cache=1491326677632 HTTP/1.1" 200 38
186.103.159.182 - - [04/Apr/2017:14:24:07 -0300] "GET /cormun/servlet/solicitudot?INS,0,0, HTTP/1.1" 200 11942
186.103.159.182 - - [04/Apr/2017:14:24:10 -0300] "GET /cormun/servlet/solicitudot?INS,0,0, HTTP/1.1" 200 11942
186.103.159.182 - - [04/Apr/2017:14:24:10 -0300] "GET /cormun/servlet/hlogin HTTP/1.1" 200 1741
186.103.159.182 - - [04/Apr/2017:14:24:13 -0300] "POST /cormun/servlet/hlogin?449f9add252870841a77ffc4b6c3d4ad,gx-no-cache=1491326719084 HTTP/1.1" 200 90
186.103.159.182 - - [04/Apr/2017:14:24:13 -0300] "GET /cormun/servlet/hpexe_link HTTP/1.1" 200 959
186.103.159.182 - - [04/Apr/2017:14:24:13 -0300] "GET /cormun/servlet/solicitudot?INS,0,0, HTTP/1.1" 200 12683
186.103.159.182 - - [04/Apr/2017:14:24:15 -0300] "GET /cormun/servlet/solicitudot?INS,0,0, HTTP/1.1" 200 12688
192.168.10.13 - - [04/Apr/2017:14:24:25 -0300] "GET / HTTP/1.1" 200 11217
192.168.10.13 - - [04/Apr/2017:14:25:25 -0300] "GET / HTTP/1.1" 200 11217
192.168.10.13 - - [04/Apr/2017:14:26:25 -0300] "GET / HTTP/1.1" 200 11217
192.168.10.13 - - [04/Apr/2017:14:27:25 -0300] "GET / HTTP/1.1" 200 11217
192.168.10.13 - - [04/Apr/2017:14:28:25 -0300] "GET / HTTP/1.1" 200 11217
192.168.10.13 - - [04/Apr/2017:14:29:25 -0300] "GET / HTTP/1.1" 200 11217
201.246.238.177 - - [04/Apr/2017:14:29:46 -0300] "GET /cormun/servlet/hlogin HTTP/1.1" 200 1729
201.246.238.177 - - [04/Apr/2017:14:29:46 -0300] "GET /cormun/static/gxcfg.js?201731711485472 HTTP/1.1" 304 -
201.246.238.177 - - [04/Apr/2017:14:29:47 -0300] "GET /cormun/servlet/hlogin HTTP/1.1" 200 1735
201.246.238.177 - - [04/Apr/2017:14:30:01 -0300] "POST /cormun/servlet/hlogin?3708ecc754e230baef8705809172f9a0,gx-no-cache=1491327077089 HTTP/1.1" 200 446
201.246.238.177 - - [04/Apr/2017:14:30:13 -0300] "POST /cormun/servlet/hlogin?3708ecc754e230baef8705809172f9a0,gx-no-cache=1491327089387 HTTP/1.1" 200 90
201.246.238.177 - - [04/Apr/2017:14:30:13 -0300] "GET /cormun/servlet/hpexe_link HTTP/1.1" 200 956
201.246.238.177 - - [04/Apr/2017:14:30:13 -0300] "GET /cormun/static/gxcfg.js?201731711483381 HTTP/1.1" 304 -
201.246.238.177 - - [04/Apr/2017:14:30:14 -0300] "GET /cormun/servlet/hhome HTTP/1.1" 200 3947
201.246.238.177 - - [04/Apr/2017:14:30:14 -0300] "GET /cormun/static/gxcfg.js?201731711483497 HTTP/1.1" 304 -
201.246.238.177 - - [04/Apr/2017:14:30:16 -0300] "GET /cormun/servlet/hhome HTTP/1.1" 200 3944
201.246.238.177 - - [04/Apr/2017:14:30:20 -0300] "GET /cormun/servlet/trsolicitudot? HTTP/1.1" 200 6912
201.246.238.177 - - [04/Apr/2017:14:30:20 -0300] "GET /cormun/static/gxcfg.js?201731711505139 HTTP/1.1" 304 -
201.246.238.177 - - [04/Apr/2017:14:30:22 -0300] "GET /cormun/servlet/trsolicitudot? HTTP/1.1" 200 6911
192.168.10.13 - - [04/Apr/2017:14:30:25 -0300] "GET / HTTP/1.1" 200 11217
201.246.238.177 - - [04/Apr/2017:14:30:26 -0300] "GET /cormun/servlet/solicitudot?INS,0,0, HTTP/1.1" 200 12756
201.246.238.177 - - [04/Apr/2017:14:30:26 -0300] "GET /cormun/static/gxcfg.js?20171191042720 HTTP/1.1" 304 -
186.103.159.46 - - [04/Apr/2017:14:30:26 -0300] "GET /cormun/servlet/solicitudot?786e726868c530821ba2b4b653e46538cc2c03aa85a118a9356b097d266703f41483ecdaba42fc763c27276f87029c16bc065ccb6c38a39bd671f286623411cdc3943c618568d4e0cafe9bcd646cbfee6b98c13bc258a6b618a060cddebec68f2487c99b4734ddcf137f02005805cd42,gx-no-cache=1491327092787 HTTP/1.1" 200 29
186.103.159.46 - - [04/Apr/2017:14:30:27 -0300] "POST /cormun/servlet/solicitudot?gx-no-cache=1491327092920 HTTP/1.1" 200 1275
186.103.159.46 - - [04/Apr/2017:14:30:27 -0300] "POST /cormun/servlet/solicitudot?gx-no-cache=1491327093041 HTTP/1.1" 200 1157
201.246.238.177 - - [04/Apr/2017:14:30:27 -0300] "GET /cormun/servlet/solicitudot?INS,0,0, HTTP/1.1" 200 12761
201.246.238.177 - - [04/Apr/2017:14:30:31 -0300] "GET /cormun/servlet/prfichaempleado?,MD,,gxPopupLevel%3D0%3B HTTP/1.1" 200 8771
201.246.238.177 - - [04/Apr/2017:14:30:31 -0300] "GET /cormun/static/gxcfg.js?2017319125415 HTTP/1.1" 304 -
201.246.238.177 - - [04/Apr/2017:14:30:45 -0300] "POST /cormun/servlet/prfichaempleado?3708ecc754e230baef8705809172f9a0,,MD,,gxPopupLevel%3D0%3B,gx-no-cache=1491327120642 HTTP/1.1" 200 3405
201.246.238.177 - - [04/Apr/2017:14:30:51 -0300] "POST /cormun/servlet/solicitudot?gx-no-cache=1491327127038 HTTP/1.1" 200 3182
201.246.238.177 - - [04/Apr/2017:14:30:52 -0300] "POST /cormun/servlet/solicitudot?3708ecc754e230baef8705809172f9a0,INS,0,0,,gx-no-cache=1491327127593 HTTP/1.1" 200 9959
201.246.238.177 - - [04/Apr/2017:14:30:52 -0300] "GET /cormun/servlet/solicitudot?888827d1d47ebe2aead1d655ffb964b58b08868da59652d0738100305de1cff06ae44ee33f65590a4751ee4f1b3c37fe,gx-no-cache=1491327128474 HTTP/1.1" 200 30
200.54.247.69 - - [04/Apr/2017:14:30:52 -0300] "GET /cormun/servlet/hlogin HTTP/1.1" 200 1727
200.54.247.69 - - [04/Apr/2017:14:30:52 -0300] "GET /cormun/servlet/hlogin HTTP/1.1" 200 1732
201.246.238.177 - - [04/Apr/2017:14:30:57 -0300] "POST /cormun/servlet/solicitudot?gx-no-cache=1491327133701 HTTP/1.1" 200 256
201.246.238.177 - - [04/Apr/2017:14:30:58 -0300] "GET /cormun/servlet/solicitudot?888827d1d47ebe2aead1d655ffb964b54abf634288d3bbab14259b876e7a68c4af1e297beb8031d208efece4f54bc298350db02c321d6bb273ca6959a305c9d86bbfa3aa767a5d22ff33703c0f96ab3b2c2d37fc6e577f6a0fc618560143b473e3a4bf2a7fcda4db63ef396cb73fe4b9a601bc7d16b534defd0fe8b4b9fadc778157adaf6fe28b69b9be4c3cf74cb896d90a998c60b1ae9c5e58bf74d1b910c5f4e7847f19ca38b1a2d92df58cb5edb700bb51e81a81c48a376ffb7f979e0de6279710dbf4959394dcf2c238fca413972b51176376490bcf10c06e52e7a558e4cf4d1aabdb782035fead92d1be43eec414d8f3b59c3083d1eacff912817d58552d3e2243aeeac35a85daa7da00ac1554e1e5ca2156a5cd85e6794f8e5237f868cd4641be1596e9cb95e16cbeab777a9767d14fa6fe0d4ffc89ace580e685875ad5226f85bc26bc467ed6282c95c7cdffa0312e1fe9c8de141cdbae29d2a4f4902b1596a1eb2754a0345e945fac44a64c1e6d87d520c1fec8b670aa60e2748556,gx-no-cache=1491327133952 HTTP/1.1" 200 30
200.54.247.69 - - [04/Apr/2017:14:31:02 -0300] "POST /cormun/servlet/hlogin?8e16192042cf93198f2a1785f4c720f0,gx-no-cache=1491327129930 HTTP/1.1" 200 90
200.54.247.69 - - [04/Apr/2017:14:31:02 -0300] "GET /cormun/servlet/hpexe_link HTTP/1.1" 200 953
200.54.247.69 - - [04/Apr/2017:14:31:02 -0300] "GET /cormun/servlet/hhome HTTP/1.1" 200 4014
200.54.247.69 - - [04/Apr/2017:14:31:03 -0300] "GET /cormun/servlet/hhome HTTP/1.1" 200 4010
201.246.238.177 - - [04/Apr/2017:14:31:06 -0300] "POST /cormun/servlet/solicitudot?gx-no-cache=1491327142059 HTTP/1.1" 200 30
200.54.247.69 - - [04/Apr/2017:14:31:07 -0300] "GET /cormun/servlet/trcontratounov2? HTTP/1.1" 200 16538
200.54.247.69 - - [04/Apr/2017:14:31:07 -0300] "GET /cormun/static/gxcfg.js?201731711595461 HTTP/1.1" 304 -
200.54.247.69 - - [04/Apr/2017:14:31:07 -0300] "GET /cormun/static/trcontratounov2.js?2017317120150 HTTP/1.1" 304 -
200.54.247.69 - - [04/Apr/2017:14:31:08 -0300] "GET /cormun/servlet/trcontratounov2? HTTP/1.1" 200 16540
192.168.10.13 - - [04/Apr/2017:14:31:25 -0300] "GET / HTTP/1.1" 200 11217
201.246.238.177 - - [04/Apr/2017:14:31:27 -0300] "POST /cormun/servlet/solicitudot?gx-no-cache=1491327163318 HTTP/1.1" 200 1290
201.246.238.177 - - [04/Apr/2017:14:31:27 -0300] "POST /cormun/servlet/solicitudot?gx-no-cache=1491327163644 HTTP/1.1" 200 38
200.54.247.69 - - [04/Apr/2017:14:31:46 -0300] "POST /cormun/servlet/trcontratounov2?8e16192042cf93198f2a1785f4c720f0,,gx-no-cache=1491327173607 HTTP/1.1" 200 15913
200.54.247.69 - - [04/Apr/2017:14:31:47 -0300] "GET /cormun/static/Resources/PXToolsGridLast.gif HTTP/1.1" 200 370
200.54.247.69 - - [04/Apr/2017:14:31:47 -0300] "GET /cormun/static/Resources/PXToolsGridNext.gif HTTP/1.1" 200 369
201.246.238.177 - - [04/Apr/2017:14:31:47 -0300] "POST /cormun/servlet/solicitudot?3708ecc754e230baef8705809172f9a0,INS,0,0,,gx-no-cache=1491327182842 HTTP/1.1" 200 93
201.246.238.177 - - [04/Apr/2017:14:31:47 -0300] "GET /cormun/servlet/hpexe_return? HTTP/1.1" 200 1010
201.246.238.177 - - [04/Apr/2017:14:31:47 -0300] "GET /cormun/static/gxcfg.js?2016101716175148 HTTP/1.1" 304 -
201.246.238.177 - - [04/Apr/2017:14:31:48 -0300] "GET /cormun/servlet/trsolicitudot HTTP/1.1" 200 6915
201.246.238.177 - - [04/Apr/2017:14:31:49 -0300] "GET /cormun/servlet/trsolicitudot HTTP/1.1" 200 6911
200.54.247.69 - - [04/Apr/2017:14:31:52 -0300] "POST /cormun/servlet/trcontratounov2?8e16192042cf93198f2a1785f4c720f0,,gx-no-cache=1491327179436 HTTP/1.1" 200 15889
200.54.247.69 - - [04/Apr/2017:14:31:55 -0300] "POST /cormun/servlet/trcontratounov2?8e16192042cf93198f2a1785f4c720f0,,gx-no-cache=1491327182387 HTTP/1.1" 200 15893
201.246.238.177 - - [04/Apr/2017:14:31:57 -0300] "GET /cormun/servlet/trcontratounov2? HTTP/1.1" 200 16543
201.246.238.177 - - [04/Apr/2017:14:31:57 -0300] "GET /cormun/static/gxcfg.js?201731711595461 HTTP/1.1" 200 953
201.246.238.177 - - [04/Apr/2017:14:31:57 -0300] "GET /cormun/static/Resources/PXToolsAddSelectedAction.png HTTP/1.1" 200 3660
201.246.238.177 - - [04/Apr/2017:14:31:58 -0300] "GET /cormun/static/trcontratounov2.js?2017317120150 HTTP/1.1" 200 38423
200.54.247.69 - - [04/Apr/2017:14:31:58 -0300] "POST /cormun/servlet/trcontratounov2?8e16192042cf93198f2a1785f4c720f0,,gx-no-cache=1491327185211 HTTP/1.1" 200 105
200.54.247.69 - - [04/Apr/2017:14:31:58 -0300] "GET /cormun/ContratoUnoV3-5010.xls HTTP/1.1" 200 46592
201.246.238.177 - - [04/Apr/2017:14:31:59 -0300] "GET /cormun/servlet/trcontratounov2? HTTP/1.1" 200 16542
192.168.10.13 - - [04/Apr/2017:14:32:25 -0300] "GET / HTTP/1.1" 200 11217
201.246.238.177 - - [04/Apr/2017:14:33:05 -0300] "GET /cormun/servlet/trcontratosolicitud? HTTP/1.1" 200 13814
201.246.238.177 - - [04/Apr/2017:14:33:05 -0300] "GET /cormun/static/gxcfg.js?20171317451682 HTTP/1.1" 200 953
201.246.238.177 - - [04/Apr/2017:14:33:05 -0300] "GET /cormun/static/trcontratosolicitud.js?20171317452124 HTTP/1.1" 200 28173
201.246.238.177 - - [04/Apr/2017:14:33:07 -0300] "GET /cormun//static/Resources/PXToolsGridNew.png HTTP/1.1" 200 2949
201.246.238.177 - - [04/Apr/2017:14:33:07 -0300] "GET /cormun/servlet/trcontratosolicitud? HTTP/1.1" 200 13787
201.246.238.177 - - [04/Apr/2017:14:33:09 -0300] "POST /cormun/servlet/acontrolpreferencessavestate?None,CALCAINO,true HTTP/1.1" 200 35
192.168.10.13 - - [04/Apr/2017:14:33:25 -0300] "GET / HTTP/1.1" 200 11217
201.246.238.177 - - [04/Apr/2017:14:34:09 -0300] "POST /cormun/servlet/trcontratosolicitud?3708ecc754e230baef8705809172f9a0,,gx-no-cache=1491327324312 HTTP/1.1" 200 7333
192.168.10.13 - - [04/Apr/2017:14:34:25 -0300] "GET / HTTP/1.1" 200 11217
201.246.238.177 - - [04/Apr/2017:14:34:59 -0300] "GET /cormun/servlet/solicitudotcontratos?INS,2017,0,15738079,6,2,2017,1351,LEY+SEP,,40,*, HTTP/1.1" 200 9542
201.246.238.177 - - [04/Apr/2017:14:34:59 -0300] "GET /cormun/static/gxcfg.js?20173171147937 HTTP/1.1" 200 953
201.246.238.177 - - [04/Apr/2017:14:34:59 -0300] "GET /cormun/static/solicitudotcontratos.js?201731711471071 HTTP/1.1" 200 42790
201.246.238.177 - - [04/Apr/2017:14:35:01 -0300] "GET /cormun/servlet/solicitudotcontratos?INS,2017,0,15738079,6,2,2017,1351,LEY+SEP,,40,*, HTTP/1.1" 200 9573
201.246.238.177 - - [04/Apr/2017:14:35:01 -0300] "GET /cormun/servlet/solicitudotcontratos?888827d1d47ebe2aead1d655ffb964b58b08868da59652d0738100305de1cff0b66d70be78f62ee9015ddc3ac4d803dc,gx-no-cache=1491327377684 HTTP/1.1" 200 30
201.246.238.177 - - [04/Apr/2017:14:35:02 -0300] "GET /cormun/servlet/solicitudotcontratos?888827d1d47ebe2aead1d655ffb964b57a8f6d679cc8a16592a34f45219096cbfe94a8ef4529e4fb5c298d14a04bbfd5d2f3f93382f326df97ec9c1add8f01b1c9d65ed5893d0ff90dec1cc02dda7806c9843c8d1681bbd5f86331780c94001fad0d83e27c1946aaf5ec48da71edb7a5bd802136dbb88d2e9326e91def2dd7a0,gx-no-cache=1491327377975 HTTP/1.1" 200 48
201.246.238.177 - - [04/Apr/2017:14:35:02 -0300] "GET /cormun/servlet/solicitudotcontratos?888827d1d47ebe2aead1d655ffb964b505c9a3c895983c93535e7470571c21d2e240371d936fd5b44b8c7244516b4d42,gx-no-cache=1491327378290 HTTP/1.1" 200 30
201.246.238.177 - - [04/Apr/2017:14:35:02 -0300] "GET /cormun/servlet/solicitudotcontratos?888827d1d47ebe2aead1d655ffb964b52f59d2c89d7ab08367a12f010913564822476f01d6922e07cc90151ab1ac166aeffd1365b011702f37a5cdbe2ab771c2d7435110aea51b91bedadfdb9524bef195be88c85316d3802760856ce86648a26ae44ee33f65590a4751ee4f1b3c37fe,gx-no-cache=1491327378622 HTTP/1.1" 200 30
201.246.238.177 - - [04/Apr/2017:14:35:03 -0300] "GET /cormun/servlet/solicitudotcontratos?888827d1d47ebe2aead1d655ffb964b57bbb4527d0bf0691d905ff65c29b6a046babe1d32d217874300800b2a33533adde7dc543b998d4de8c57db4ebd7e282deffd1365b011702f37a5cdbe2ab771c23a8b193f1ce4b35b11963340867b121f0bbaaa1c4281b1df2228e2d2786ba8ee31b56131025c508644dc0ea5a9dd7f1420d94fcea8aa0add79365a82be237febb4f605a6c948f7cf7c1fc3610e210397de7dc543b998d4de8c57db4ebd7e282d1e80ccf6af09fa7556e7d3b74d45b959a213b7a035eff18eac50e57e096ff895d33760b9e2f54f344124951e2f2a9047e71cd2986f02e14a4c12e3f97eee659cd9e9053161caf6f7a200108a681421846943e08650f2ea2330f37fa72b6ad149dfa77a759012bf333c2e285429d631648a2b2697fd0ea4deb51041dac713bfa0af0be375bda7e9d12ec52b6b237b278b243b48a423ad0c71beae054e5ea929ef526ac42dae0c1d17a9106b01f0feacd6c1f6c0f90a59350ca055d982438c46d9f7946bfdbf01a24d51750645e48438a5b3eeb9baebdc0bf9d9d899f15fd18098beaadec4389856534bcee8c1c92f698e04bf75e4d15fb2df77b6101cfe1ccd9657d9d962e780b1dbf2d90b3397ec1430b89f0de15ddc07176c707ed920518293c8bd69a10f4b8d9b1c6e93fd6c0a12d158670e057e75066700b7e9d95bd94e46f438efe98554b8b512b64c50d3e31df947f0e17157b9ffd97fd87cbff49e5108702484ed14a566108afb94a1d471b9466156168599eeb7f03ce61db7ce038cd0c1a414e3cbae67d8823e1f7f2057ddf2,gx-no-cache=1491327378928 HTTP/1.1" 200 79
192.168.10.13 - - [04/Apr/2017:14:35:25 -0300] "GET / HTTP/1.1" 200 11217
186.103.159.46 - - [04/Apr/2017:14:35:56 -0300] "POST /cormun/servlet/solicitudot?gx-no-cache=1491327421800 HTTP/1.1" 200 1273
186.103.159.46 - - [04/Apr/2017:14:35:56 -0300] "POST /cormun/servlet/solicitudot?gx-no-cache=1491327422361 HTTP/1.1" 200 1157
186.103.159.46 - - [04/Apr/2017:14:35:56 -0300] "GET /cormun/static/menuarrow.gif HTTP/1.1" 404 1015
186.103.159.46 - - [04/Apr/2017:14:36:09 -0300] "POST /cormun/servlet/solicitudot?gx-no-cache=1491327434866 HTTP/1.1" 200 1273
186.103.159.46 - - [04/Apr/2017:14:36:09 -0300] "POST /cormun/servlet/solicitudot?gx-no-cache=1491327434969 HTTP/1.1" 200 1157
201.246.238.177 - - [04/Apr/2017:14:36:09 -0300] "POST /cormun/servlet/solicitudotcontratos?3708ecc754e230baef8705809172f9a0,INS,2017,0,15738079,6,2,2017,1351,LEY+SEP,,40,*,,gx-no-cache=1491327445385 HTTP/1.1" 200 93
201.246.238.177 - - [04/Apr/2017:14:36:10 -0300] "GET /cormun/servlet/hpexe_return? HTTP/1.1" 200 1051
201.246.238.177 - - [04/Apr/2017:14:36:10 -0300] "GET /cormun/servlet/trcontratosolicitud? HTTP/1.1" 200 9735
201.246.238.177 - - [04/Apr/2017:14:36:12 -0300] "GET /cormun/servlet/trcontratosolicitud? HTTP/1.1" 200 9729
192.168.10.13 - - [04/Apr/2017:14:36:25 -0300] "GET / HTTP/1.1" 200 11217
186.103.159.46 - - [04/Apr/2017:14:36:47 -0300] "GET /cormun/servlet/solicitudot?786e726868c530821ba2b4b653e4653849a2523acb59071d0df59fdb21d351b2449abb5325c52e60bc47a065796161e8802c01df3ef99a86b4d7e9ce92c896e96324aca03c1529975a24e88e385800600ac8f4b47293651902344fbc0c606ecf0c61f33b776e377d6933dc1b83494096019bef910c58aaa3275cd79638696aa4c322942df3a002957fe73a5849d6238501d9e0e20da930ea61003332a5f5441c6b60e467beeaa0ffbd62493a643e0fd1,gx-no-cache=1491327473083 HTTP/1.1" 200 30
192.168.10.13 - - [04/Apr/2017:14:37:25 -0300] "GET / HTTP/1.1" 200 11217
186.103.159.46 - - [04/Apr/2017:14:37:34 -0300] "POST /cormun/servlet/solicitudot?0718144fe0d248b0c6761993b282a6b2,INS,0,0,,gx-no-cache=1491327520512 HTTP/1.1" 200 93
186.103.159.46 - - [04/Apr/2017:14:37:34 -0300] "GET /cormun/servlet/hpexe_return? HTTP/1.1" 200 1005
186.103.159.46 - - [04/Apr/2017:14:37:35 -0300] "GET /cormun/servlet/trsolicitudot HTTP/1.1" 200 8495
186.103.159.46 - - [04/Apr/2017:14:37:37 -0300] "GET /cormun/servlet/trsolicitudot HTTP/1.1" 200 8491
186.103.159.46 - - [04/Apr/2017:14:37:42 -0300] "GET /cormun/servlet/solicitudot?INS,0,0, HTTP/1.1" 200 12578
186.103.159.46 - - [04/Apr/2017:14:37:43 -0300] "GET /cormun/servlet/solicitudot?INS,0,0, HTTP/1.1" 200 12583
201.246.238.177 - - [04/Apr/2017:14:38:22 -0300] "GET /cormun/servlet/trsolicitudot? HTTP/1.1" 200 6922
201.246.238.177 - - [04/Apr/2017:14:38:24 -0300] "GET /cormun/servlet/trsolicitudot? HTTP/1.1" 200 6921
192.168.10.13 - - [04/Apr/2017:14:38:25 -0300] "GET / HTTP/1.1" 200 11217
201.246.238.177 - - [04/Apr/2017:14:38:27 -0300] "GET /cormun/servlet/solicitudot?INS,0,0, HTTP/1.1" 200 12758
201.246.238.177 - - [04/Apr/2017:14:38:28 -0300] "GET /cormun/servlet/solicitudot?INS,0,0, HTTP/1.1" 200 12763
201.246.238.177 - - [04/Apr/2017:14:38:34 -0300] "GET /cormun/servlet/prfichaempleado?,MD,,gxPopupLevel%3D0%3B HTTP/1.1" 200 8773
201.246.238.177 - - [04/Apr/2017:14:38:48 -0300] "POST /cormun/servlet/prfichaempleado?3708ecc754e230baef8705809172f9a0,,MD,,gxPopupLevel%3D0%3B,gx-no-cache=1491327604170 HTTP/1.1" 200 3405
201.246.238.177 - - [04/Apr/2017:14:38:55 -0300] "POST /cormun/servlet/solicitudot?gx-no-cache=1491327610895 HTTP/1.1" 200 3182
201.246.238.177 - - [04/Apr/2017:14:38:55 -0300] "POST /cormun/servlet/solicitudot?3708ecc754e230baef8705809172f9a0,INS,0,0,,gx-no-cache=1491327611438 HTTP/1.1" 200 9958
201.246.238.177 - - [04/Apr/2017:14:38:56 -0300] "GET /cormun/servlet/solicitudot?888827d1d47ebe2aead1d655ffb964b58b08868da59652d0738100305de1cff06ae44ee33f65590a4751ee4f1b3c37fe,gx-no-cache=1491327612123 HTTP/1.1" 200 30
201.246.238.177 - - [04/Apr/2017:14:39:03 -0300] "POST /cormun/servlet/solicitudot?gx-no-cache=1491327618937 HTTP/1.1" 200 256
201.246.238.177 - - [04/Apr/2017:14:39:03 -0300] "GET /cormun/servlet/solicitudot?888827d1d47ebe2aead1d655ffb964b54abf634288d3bbab14259b876e7a68c4af1e297beb8031d208efece4f54bc298350db02c321d6bb273ca6959a305c9d86bbfa3aa767a5d22ff33703c0f96ab3b2c2d37fc6e577f6a0fc618560143b473e3a4bf2a7fcda4db63ef396cb73fe4b9a601bc7d16b534defd0fe8b4b9fadc778157adaf6fe28b69b9be4c3cf74cb896d90a998c60b1ae9c5e58bf74d1b910c5f4e7847f19ca38b1a2d92df58cb5edb700bb51e81a81c48a376ffb7f979e0de6279710dbf4959394dcf2c238fca413972b51176376490bcf10c06e52e7a558e4cf4d1aabdb782035fead92d1be43eec414d8f3b59c3083d1eacff912817d58552d3e2243aeeac35a85daa7da00ac1554e1e5ca2156a5cd85e6794f8e5237f868cd4641be1596e9cb95e16cbeab777a9767d14fa6fe0d4ffc89ace580e685875ad5226f85bc26bc467ed6282c95c7cdffa0312e1fe9c8de141cdbae29d2a4f4902b1596a1eb2754a0345e945fac44a64c1e6d87d520c1fec8b670aa60e2748556,gx-no-cache=1491327619062 HTTP/1.1" 200 30
201.246.238.177 - - [04/Apr/2017:14:39:06 -0300] "POST /cormun/servlet/solicitudot?gx-no-cache=1491327622080 HTTP/1.1" 200 30
192.168.10.13 - - [04/Apr/2017:14:39:25 -0300] "GET / HTTP/1.1" 200 11217
201.246.238.177 - - [04/Apr/2017:14:39:31 -0300] "POST /cormun/servlet/solicitudot?gx-no-cache=1491327647166 HTTP/1.1" 200 1290
201.246.238.177 - - [04/Apr/2017:14:39:31 -0300] "POST /cormun/servlet/solicitudot?gx-no-cache=1491327647503 HTTP/1.1" 200 38
186.103.159.46 - - [04/Apr/2017:14:39:36 -0300] "POST /cormun/servlet/solicitudot?gx-no-cache=1491327642333 HTTP/1.1" 200 3193
186.103.159.46 - - [04/Apr/2017:14:39:36 -0300] "POST /cormun/servlet/solicitudot?0718144fe0d248b0c6761993b282a6b2,INS,0,0,,gx-no-cache=1491327642707 HTTP/1.1" 200 9763
201.246.238.177 - - [04/Apr/2017:14:39:42 -0300] "GET /cormun/servlet/solicitudot?888827d1d47ebe2aead1d655ffb964b523d0e60d414d6534947438563eb3fc8382aeb7e0633a3ad9848306ca81f6cd0a983a44cb60ba77f4ff50e3972acc7d8f1785586e0277ef4fd3d77eaf77429911f4cae93096545dd5eeeefa76103c156765072efc653662e6cf8121025c41746c,gx-no-cache=1491327657919 HTTP/1.1" 200 29
201.246.238.177 - - [04/Apr/2017:14:39:42 -0300] "POST /cormun/servlet/solicitudot?gx-no-cache=1491327658142 HTTP/1.1" 200 1274
201.246.238.177 - - [04/Apr/2017:14:39:42 -0300] "POST /cormun/servlet/solicitudot?gx-no-cache=1491327658400 HTTP/1.1" 200 1156
201.246.238.177 - - [04/Apr/2017:14:39:42 -0300] "GET /cormun/static/menuarrow.gif HTTP/1.1" 404 1015
201.246.238.177 - - [04/Apr/2017:14:39:44 -0300] "POST /cormun/servlet/solicitudot?gx-no-cache=1491327660565 HTTP/1.1" 200 1274
201.246.238.177 - - [04/Apr/2017:14:39:44 -0300] "POST /cormun/servlet/solicitudot?gx-no-cache=1491327660833 HTTP/1.1" 200 1156
186.103.159.46 - - [04/Apr/2017:14:39:48 -0300] "GET /cormun/servlet/solicitudot?786e726868c530821ba2b4b653e4653855ad89c0dabb7e674a0dfc167f7fcadb7348d05afe0ce0bebb9e2b402f56773c,gx-no-cache=1491327654073 HTTP/1.1" 200 30
186.103.159.46 - - [04/Apr/2017:14:39:48 -0300] "POST /cormun/servlet/solicitudot?gx-no-cache=1491327654489 HTTP/1.1" 200 240
186.103.159.46 - - [04/Apr/2017:14:39:49 -0300] "GET /cormun/servlet/solicitudot?786e726868c530821ba2b4b653e46538d7165b9cd582789af76d69c2c9470e280ecd74d846e7d6246e8c6a4017bff1a5ccfb2633291fa32ef82e06bd03fc2de23494f8e6a5ac092a0571b2fb44c9498f73d4410b228e2dd619edd8a6b91da44829a610ebfb71b1429e77b2c15904e42e5d046fabfa92825d7a74cb89f67356adc074e9f0ab587433a5eb18e658cef6812a3e8ff0f07842c2ec370acdd40ee872b7e1f47adfb7027bd38550eda390350b16530e74690b21f37139cbb7651d0b538c4d1d86ea97a67d803d40fac92852df508a3173a8d623a414f6edada5257027dcc3ca2656020e9f9f937d6eab34460f88655ddea594f6986412cbe405c23e0d3153910c2d91fe900340b241c08460d1da4ba03e28863768d88569f3022293e93a1e4306643671b4fc117be3b2ea86e3191da7ac3508b193730418489f820f99adb232b1695164b50aeebd733bbd47b5a37af4ff3876fb98ee75d9810ee785af5957d9c2af4fd947a4a4030a126c247007899a51e4eaf5b80908c52d65d71f9e,gx-no-cache=1491327654601 HTTP/1.1" 200 30
186.103.159.46 - - [04/Apr/2017:14:40:00 -0300] "POST /cormun/servlet/solicitudot?gx-no-cache=1491327666263 HTTP/1.1" 200 30
201.246.238.177 - - [04/Apr/2017:14:40:20 -0300] "GET /cormun/servlet/solicitudot?888827d1d47ebe2aead1d655ffb964b516b7b85fce5c30d20b474e7c04415829b81180694ff7c089c5718b4a28bd58089aef4373fec2217113ebdaee230445cfb74d632ce05c3aa173ae31a15289f48ff023c33af56c1edfb1c11d82191834839e3a4e60b443820ab3927228d3ddd06466da090c17dad8258dd8d858398df6290faa6467fa31edbd1b9f728517f1eeaa5051298c1ffdc2c324475411ea52106e8f17025103f76bfd6c9fbc19b42e56fa,gx-no-cache=1491327696132 HTTP/1.1" 200 30
192.168.10.13 - - [04/Apr/2017:14:40:25 -0300] "GET / HTTP/1.1" 200 11217
186.103.159.46 - - [04/Apr/2017:14:41:00 -0300] "POST /cormun/servlet/solicitudot?gx-no-cache=1491327726386 HTTP/1.1" 200 1372
186.103.159.46 - - [04/Apr/2017:14:41:00 -0300] "GET /cormun/static/Shared/jqueryui/images/ui-icons_82798d_256x240.png HTTP/1.1" 404 1089
186.103.159.46 - - [04/Apr/2017:14:41:00 -0300] "GET /cormun/static/Shared/jqueryui/images/ui-bg_flat_55_994d53_40x100.png HTTP/1.1" 404 1097
186.103.159.46 - - [04/Apr/2017:14:41:00 -0300] "GET /cormun/static/Shared/jqueryui/images/ui-bg_highlight-soft_100_c6c2c8_1x100.png HTTP/1.1" 404 1117
186.103.159.46 - - [04/Apr/2017:14:41:00 -0300] "GET /cormun/static/Shared/jqueryui/images/ui-icons_ebccce_256x240.png HTTP/1.1" 404 1089
192.168.10.13 - - [04/Apr/2017:14:41:25 -0300] "GET / HTTP/1.1" 200 11217
186.103.159.46 - - [04/Apr/2017:14:41:28 -0300] "POST /cormun/servlet/solicitudot?gx-no-cache=1491327753854 HTTP/1.1" 200 1291
186.103.159.46 - - [04/Apr/2017:14:41:32 -0300] "GET /cormun/servlet/prlicenciaspermisos?16621149,L,,MD,,gxPopupLevel%3D0%3B HTTP/1.1" 200 5611
186.103.159.46 - - [04/Apr/2017:14:41:32 -0300] "GET /cormun/static/gxcfg.js?20173171152124 HTTP/1.1" 200 953
186.103.159.46 - - [04/Apr/2017:14:41:32 -0300] "GET /cormun/static/menusearch.js?201610171694467 HTTP/1.1" 304 -
186.103.159.46 - - [04/Apr/2017:14:41:32 -0300] "GET /cormun/static/hmpwkw011.js?201731711483558 HTTP/1.1" 304 -
186.103.159.46 - - [04/Apr/2017:14:41:32 -0300] "GET /cormun/static/prlicenciaspermisos.js?20173171152323 HTTP/1.1" 200 13360
186.103.159.46 - - [04/Apr/2017:14:41:53 -0300] "POST /cormun/servlet/solicitudot?gx-no-cache=1491327779162 HTTP/1.1" 200 41
192.168.10.13 - - [04/Apr/2017:14:42:25 -0300] "GET / HTTP/1.1" 200 11217
192.168.10.13 - - [04/Apr/2017:14:43:25 -0300] "GET / HTTP/1.1" 200 11217
186.103.159.46 - - [04/Apr/2017:14:44:24 -0300] "GET /cormun/servlet/prlicenciaspermisos?16621149,L,,MD,,gxPopupLevel%3D0%3B HTTP/1.1" 200 5611
192.168.10.13 - - [04/Apr/2017:14:44:25 -0300] "GET / HTTP/1.1" 200 11217
186.103.159.46 - - [04/Apr/2017:14:44:49 -0300] "GET /cormun/static/menuarrow.gif HTTP/1.1" 404 1015
190.101.9.138 - - [04/Apr/2017:14:44:56 -0300] "GET /cormun/servlet/hlogin HTTP/1.1" 200 1733
192.168.10.13 - - [04/Apr/2017:14:45:25 -0300] "GET / HTTP/1.1" 200 11217
186.103.159.46 - - [04/Apr/2017:14:45:58 -0300] "POST /cormun/servlet/solicitudot?gx-no-cache=1491328024103 HTTP/1.1" 200 30
192.168.10.13 - - [04/Apr/2017:14:46:25 -0300] "GET / HTTP/1.1" 200 11217
192.168.10.13 - - [04/Apr/2017:14:47:25 -0300] "GET / HTTP/1.1" 200 11217
201.246.238.177 - - [04/Apr/2017:14:47:28 -0300] "POST /cormun/servlet/solicitudot?3708ecc754e230baef8705809172f9a0,INS,0,0,,gx-no-cache=1491328123221 HTTP/1.1" 200 93
201.246.238.177 - - [04/Apr/2017:14:47:28 -0300] "GET /cormun/servlet/hpexe_return? HTTP/1.1" 200 1010
201.246.238.177 - - [04/Apr/2017:14:47:28 -0300] "GET /cormun/servlet/trsolicitudot HTTP/1.1" 200 8169
201.246.238.177 - - [04/Apr/2017:14:47:30 -0300] "GET /cormun/servlet/trsolicitudot HTTP/1.1" 200 8164
186.103.159.46 - - [04/Apr/2017:14:47:36 -0300] "GET /cormun/servlet/trsolicitudot HTTP/1.1" 200 8495
186.103.159.46 - - [04/Apr/2017:14:47:38 -0300] "GET /cormun/servlet/trsolicitudot HTTP/1.1" 200 8491
201.246.238.177 - - [04/Apr/2017:14:47:52 -0300] "POST /cormun/servlet/trsolicitudot?3708ecc754e230baef8705809172f9a0,gx-no-cache=1491328148351 HTTP/1.1" 200 4354
201.246.238.177 - - [04/Apr/2017:14:47:53 -0300] "GET /cormun/static/Shared/jqueryui/images/ui-bg_highlight-soft_100_c6c2c8_1x100.png HTTP/1.1" 404 1117
201.246.238.177 - - [04/Apr/2017:14:47:53 -0300] "GET /cormun/static/Shared/jqueryui/images/ui-icons_82798d_256x240.png HTTP/1.1" 404 1089
201.246.238.177 - - [04/Apr/2017:14:47:53 -0300] "GET /cormun/static/Shared/jqueryui/images/ui-icons_8d78a5_256x240.png HTTP/1.1" 404 1089
201.246.238.177 - - [04/Apr/2017:14:47:53 -0300] "GET /cormun/static/Shared/jqueryui/images/ui-bg_flat_55_fafafa_40x100.png HTTP/1.1" 404 1097
201.246.238.177 - - [04/Apr/2017:14:47:53 -0300] "POST /cormun/servlet/trsolicitudot?3708ecc754e230baef8705809172f9a0,gx-no-cache=1491328149274 HTTP/1.1" 200 4129
186.103.159.46 - - [04/Apr/2017:14:47:59 -0300] "POST /cormun/servlet/trsolicitudot?0718144fe0d248b0c6761993b282a6b2,gx-no-cache=1491328145409 HTTP/1.1" 200 5271
186.103.159.46 - - [04/Apr/2017:14:47:59 -0300] "GET /cormun/static/Shared/jqueryui/images/ui-icons_82798d_256x240.png HTTP/1.1" 404 1089
186.103.159.46 - - [04/Apr/2017:14:47:59 -0300] "GET /cormun/static/Shared/jqueryui/images/ui-bg_highlight-soft_100_c6c2c8_1x100.png HTTP/1.1" 404 1117
186.103.159.46 - - [04/Apr/2017:14:47:59 -0300] "GET /cormun/static/Shared/jqueryui/images/ui-icons_8d78a5_256x240.png HTTP/1.1" 404 1089
186.103.159.46 - - [04/Apr/2017:14:47:59 -0300] "GET /cormun/static/Shared/jqueryui/images/ui-bg_flat_55_fafafa_40x100.png HTTP/1.1" 404 1097
186.103.159.46 - - [04/Apr/2017:14:48:00 -0300] "POST /cormun/servlet/trsolicitudot?0718144fe0d248b0c6761993b282a6b2,gx-no-cache=1491328145959 HTTP/1.1" 200 5212
201.246.238.177 - - [04/Apr/2017:14:48:04 -0300] "GET /cormun/servlet/trautorizarsolicitud? HTTP/1.1" 200 8116
201.246.238.177 - - [04/Apr/2017:14:48:04 -0300] "GET /cormun/static/gxcfg.js?2017259112829 HTTP/1.1" 304 -
201.246.238.177 - - [04/Apr/2017:14:48:05 -0300] "GET /cormun/servlet/trautorizarsolicitud? HTTP/1.1" 200 8115
192.168.10.13 - - [04/Apr/2017:14:48:25 -0300] "GET / HTTP/1.1" 200 11217
186.103.159.46 - - [04/Apr/2017:14:48:29 -0300] "POST /cormun/servlet/trsolicitudot?0718144fe0d248b0c6761993b282a6b2,gx-no-cache=1491328175208 HTTP/1.1" 200 105
186.103.159.46 - - [04/Apr/2017:14:48:30 -0300] "GET /cormun/servlet/solicitudot?UPD,2017,5315, HTTP/1.1" 200 14250
186.103.159.46 - - [04/Apr/2017:14:48:32 -0300] "GET /cormun/servlet/solicitudot?UPD,2017,5315, HTTP/1.1" 200 14259
186.103.159.46 - - [04/Apr/2017:14:48:32 -0300] "POST /cormun/servlet/solicitudot?gx-no-cache=1491328178599 HTTP/1.1" 200 3180
201.246.238.177 - - [04/Apr/2017:14:48:33 -0300] "GET /cormun/servlet/veautorizarsolicitud?2017,5917,, HTTP/1.1" 200 8192
186.103.159.46 - - [04/Apr/2017:14:48:33 -0300] "POST /cormun/servlet/solicitudot?0718144fe0d248b0c6761993b282a6b2,UPD,2017,5315,,gx-no-cache=1491328178895 HTTP/1.1" 200 10845
201.246.238.177 - - [04/Apr/2017:14:48:33 -0300] "GET /cormun/static/gxcfg.js?20161221854380 HTTP/1.1" 304 -
201.246.238.177 - - [04/Apr/2017:14:48:33 -0300] "GET /cormun/pexe_scrolldiv.js HTTP/1.1" 404 1009
186.103.159.46 - - [04/Apr/2017:14:48:33 -0300] "GET /cormun/servlet/solicitudot?786e726868c530821ba2b4b653e4653815ab5ac2320409b5043e7f582d3c81136e19435747eeea1b89b66599c683c55f,gx-no-cache=1491328179337 HTTP/1.1" 200 30
186.103.159.46 - - [04/Apr/2017:14:48:33 -0300] "POST /cormun/servlet/solicitudot?gx-no-cache=1491328179439 HTTP/1.1" 200 295
186.103.159.46 - - [04/Apr/2017:14:48:33 -0300] "GET /cormun/servlet/solicitudot?786e726868c530821ba2b4b653e46538d7165b9cd582789af76d69c2c9470e287fe68750a6a2db29fd1d8f8ba4eb0d4cccfb2633291fa32ef82e06bd03fc2de23494f8e6a5ac092a0571b2fb44c9498f73d4410b228e2dd619edd8a6b91da44829a610ebfb71b1429e77b2c15904e42e5d046fabfa92825d7a74cb89f67356adc074e9f0ab587433a5eb18e658cef6812a3e8ff0f07842c2ec370acdd40ee872b7e1f47adfb7027bd38550eda390350b16530e74690b21f37139cbb7651d0b538c4d1d86ea97a67d803d40fac92852df508a3173a8d623a414f6edada5257027dcc3ca2656020e9f9f937d6eab34460fae8a3d34906bef4d3476a64bb6dcbca33153910c2d91fe900340b241c08460d1da4ba03e28863768d88569f3022293e93a1e4306643671b4fc117be3b2ea86e3191da7ac3508b193730418489f820f999214dd96cb053cb1d628184d2541e75d6079f96335a4f3c5b5de03023aefcc07e4060b3a7c10e03477af7cbbb6a93770f59fbe1157e24bfe472b3885d23ed70a5e63a04b230279ef1920ffc3240c0227,gx-no-cache=1491328179532 HTTP/1.1" 200 30
186.103.159.46 - - [04/Apr/2017:14:48:34 -0300] "POST /cormun/servlet/solicitudot?gx-no-cache=1491328179881 HTTP/1.1" 200 30
186.103.159.46 - - [04/Apr/2017:14:48:34 -0300] "POST /cormun/servlet/solicitudot?gx-no-cache=1491328179962 HTTP/1.1" 200 1289
186.103.159.46 - - [04/Apr/2017:14:48:34 -0300] "POST /cormun/servlet/solicitudot?gx-no-cache=1491328180147 HTTP/1.1" 200 41
201.246.238.177 - - [04/Apr/2017:14:48:35 -0300] "GET /cormun/servlet/veautorizarsolicitud?2017,5917,, HTTP/1.1" 200 8191
186.103.159.46 - - [04/Apr/2017:14:48:41 -0300] "GET /cormun/servlet/trsolicitudot HTTP/1.1" 200 8032
186.103.159.46 - - [04/Apr/2017:14:48:43 -0300] "GET /cormun/servlet/trsolicitudot HTTP/1.1" 200 8028
186.103.159.46 - - [04/Apr/2017:14:48:47 -0300] "POST /cormun/servlet/trsolicitudot?0718144fe0d248b0c6761993b282a6b2,gx-no-cache=1491328193338 HTTP/1.1" 200 105
186.103.159.46 - - [04/Apr/2017:14:48:47 -0300] "GET /cormun/servlet/solicitudot?DLT,2017,5315, HTTP/1.1" 200 9298
186.103.159.46 - - [04/Apr/2017:14:48:49 -0300] "GET /cormun/static/Shared/jqueryui/images/ui-bg_highlight-soft_100_c6c2c8_1x100.png HTTP/1.1" 404 1117
186.103.159.46 - - [04/Apr/2017:14:48:49 -0300] "GET /cormun/static/Shared/jqueryui/images/ui-icons_82798d_256x240.png HTTP/1.1" 404 1089
186.103.159.46 - - [04/Apr/2017:14:48:49 -0300] "GET /cormun/static/Shared/jqueryui/images/ui-icons_8d78a5_256x240.png HTTP/1.1" 404 1089
186.103.159.46 - - [04/Apr/2017:14:48:49 -0300] "GET /cormun/static/Shared/jqueryui/images/ui-bg_flat_55_fafafa_40x100.png HTTP/1.1" 404 1097
186.103.159.46 - - [04/Apr/2017:14:48:49 -0300] "GET /cormun/servlet/solicitudot?DLT,2017,5315, HTTP/1.1" 200 9307
186.103.159.46 - - [04/Apr/2017:14:49:01 -0300] "GET /cormun/servlet/trsolicitudot HTTP/1.1" 200 8032
186.103.159.46 - - [04/Apr/2017:14:49:03 -0300] "GET /cormun/servlet/trsolicitudot HTTP/1.1" 200 8028
186.103.159.46 - - [04/Apr/2017:14:49:15 -0300] "GET /cormun/servlet/treventos?2017,5315, HTTP/1.1" 200 7620
186.103.159.46 - - [04/Apr/2017:14:49:15 -0300] "GET /cormun/static/gxcfg.js?2016101716195975 HTTP/1.1" 200 953
186.103.159.46 - - [04/Apr/2017:14:49:15 -0300] "GET /cormun/static/treventos.js?201610171620222 HTTP/1.1" 200 16055
186.103.159.46 - - [04/Apr/2017:14:49:17 -0300] "GET /cormun/servlet/treventos?2017,5315, HTTP/1.1" 200 7625
201.246.238.177 - - [04/Apr/2017:14:49:22 -0300] "POST /cormun/servlet/veautorizarsolicitud?3708ecc754e230baef8705809172f9a0,2017,5917,,,gx-no-cache=1491328238177 HTTP/1.1" 200 90
