200.73.230.173 - - [04/Apr/2017:15:54:50 -0300] "POST /cormun/servlet/atrazos?9c76ffc0d7de1049d8fe59e217195757,INS,0,,gx-no-cache=1491332155810 HTTP/1.1" 200 4044
186.79.109.156 - - [04/Apr/2017:15:54:50 -0300] "GET /cormun/static/about:blank HTTP/1.1" 404 1011
186.79.109.156 - - [04/Apr/2017:15:54:50 -0300] "GET /cormun/servlet/solicitudotadjuntos?INS,2017,5920,,1, HTTP/1.1" 200 6004
186.79.109.156 - - [04/Apr/2017:15:54:51 -0300] "GET /cormun/servlet/solicitudotadjuntos?4b1f77269eb75d301e244000b760c68a6145b1b585b1c95804c87d7313891eb795080e91d0b8e311de72843b770ab648,gx-no-cache=1491335753361 HTTP/1.1" 200 30
186.79.109.156 - - [04/Apr/2017:15:54:52 -0300] "POST /cormun/servlet/solicitudotadjuntos?72cd734d5275a76539f7debeb06cab99,INS,2017,5920,,1,,gx-no-cache=1491335754177 HTTP/1.1" 200 3873
200.73.230.173 - - [04/Apr/2017:15:54:56 -0300] "GET /cormun/servlet/atrazos?848119886bd1b97547c80f5dc1e4339233a31ffd50e37a4d571d48de72a96e0ded01d4c7aa2edcb8e494a41042aa7488d651274e6c73409df0bb1f1573d34a725d466bd0af4018115a1bcb0e1d93ece216a274cd654c1745a0e5350cf9adf6ab191a7617a12e051fbb2d933be1a689c7026a16260794992c4a8a2789dc2a987e85063941255619989edbf647d8e954f9d92606f9433b38b1a97a3b3bc3ce4461,gx-no-cache=1491332162643 HTTP/1.1" 200 44
200.73.230.173 - - [04/Apr/2017:15:54:57 -0300] "POST /cormun/servlet/atrazos?9c76ffc0d7de1049d8fe59e217195757,INS,0,,gx-no-cache=1491332162737 HTTP/1.1" 200 93
200.73.230.173 - - [04/Apr/2017:15:54:57 -0300] "GET /cormun/servlet/hpexe_return? HTTP/1.1" 200 1004
200.73.230.173 - - [04/Apr/2017:15:54:57 -0300] "GET /cormun/servlet/tratrazos HTTP/1.1" 200 9623
200.73.230.173 - - [04/Apr/2017:15:54:58 -0300] "GET /cormun/servlet/tratrazos HTTP/1.1" 200 9618
186.79.109.156 - - [04/Apr/2017:15:54:58 -0300] "POST /cormun/servlet/solicitudotadjuntos?gx-no-cache=1491335760735 HTTP/1.1" 200 26
192.168.10.89 - - [04/Apr/2017:15:55:01 -0300] "GET /cormun/servlet/hlogin HTTP/1.1" 200 1740
192.168.10.89 - - [04/Apr/2017:15:55:07 -0300] "POST /cormun/servlet/hlogin?7d4bae1314ae8f52b9d8d4c43a9178f6,gx-no-cache=1491335384857 HTTP/1.1" 200 90
192.168.10.89 - - [04/Apr/2017:15:55:07 -0300] "GET /cormun/servlet/hpexe_link HTTP/1.1" 200 951
192.168.10.89 - - [04/Apr/2017:15:55:09 -0300] "GET /cormun/servlet/hhome HTTP/1.1" 200 4454
186.79.109.156 - - [04/Apr/2017:15:55:12 -0300] "GET /cormun/servlet/solicitudotadjuntos?4b1f77269eb75d301e244000b760c68aa7ea956ba9585ac1c968378e7392b7c3,gx-no-cache=1491335774648 HTTP/1.1" 200 30
186.79.109.156 - - [04/Apr/2017:15:55:12 -0300] "GET /cormun/servlet/solicitudotadjuntos?4b1f77269eb75d301e244000b760c68aa7ea956ba9585ac1c968378e7392b7c3,gx-no-cache=1491335775045 HTTP/1.1" 200 30
186.79.109.156 - - [04/Apr/2017:15:55:16 -0300] "POST /cormun/servlet/solicitudotadjuntos?72cd734d5275a76539f7debeb06cab99,INS,2017,5920,,1, HTTP/1.1" 200 116
186.79.109.156 - - [04/Apr/2017:15:55:17 -0300] "GET /cormun/servlet/hpexe_return? HTTP/1.1" 200 1030
186.79.109.156 - - [04/Apr/2017:15:55:18 -0300] "GET /cormun/servlet/trsolicitudadjuntos?2017,5920, HTTP/1.1" 200 8613
186.79.109.156 - - [04/Apr/2017:15:55:19 -0300] "GET /cormun/servlet/trsolicitudadjuntos?2017,5920, HTTP/1.1" 200 8612
192.168.10.13 - - [04/Apr/2017:15:55:25 -0300] "GET / HTTP/1.1" 200 11217
192.168.10.89 - - [04/Apr/2017:15:55:25 -0300] "GET /cormun/servlet/trsolicitudgral? HTTP/1.1" 200 25296
186.103.158.250 - - [04/Apr/2017:15:55:27 -0300] "GET /cormun/servlet/solicitudot?77b2d0b50baf4eea8afb5fcceed36ffed423a35198f7a517eed9a7f0738629e2ae5df35e85c73bc96ad96fccfc3cb406,gx-no-cache=1491332193412 HTTP/1.1" 200 30
200.73.230.173 - - [04/Apr/2017:15:55:29 -0300] "GET /cormun/servlet/atrazos?INS,0, HTTP/1.1" 200 6540
200.73.230.173 - - [04/Apr/2017:15:55:30 -0300] "GET /cormun/servlet/atrazos?INS,0, HTTP/1.1" 200 6540
186.79.109.156 - - [04/Apr/2017:15:55:32 -0300] "GET /cormun/servlet/solicitudotadjuntos?INS,2017,5920,,1, HTTP/1.1" 200 6010
186.79.109.156 - - [04/Apr/2017:15:55:33 -0300] "GET /cormun/static/about:blank HTTP/1.1" 404 1011
186.79.109.156 - - [04/Apr/2017:15:55:33 -0300] "GET /cormun/servlet/solicitudotadjuntos?INS,2017,5920,,1, HTTP/1.1" 200 6003
186.79.109.156 - - [04/Apr/2017:15:55:34 -0300] "GET /cormun/servlet/solicitudotadjuntos?4b1f77269eb75d301e244000b760c68a6145b1b585b1c95804c87d7313891eb795080e91d0b8e311de72843b770ab648,gx-no-cache=1491335796056 HTTP/1.1" 200 30
186.103.158.250 - - [04/Apr/2017:15:55:36 -0300] "POST /cormun/servlet/solicitudot?gx-no-cache=1491332202468 HTTP/1.1" 200 297
192.168.10.96 - - [04/Apr/2017:15:55:36 -0300] "GET /cormun/servlet/trsolicitudgral? HTTP/1.1" 200 23996
186.103.158.250 - - [04/Apr/2017:15:55:36 -0300] "GET /cormun/servlet/solicitudot?77b2d0b50baf4eea8afb5fcceed36ffe8df506d326e2a09455c534f4ec3210a7fd78144fc0a226b72c85c73d2c4c680ab725fe2b781fdf5ab983e4daca1f1005d7bd95ff735918bf5ebc9aba579534a6856a895f298ee586ca0f5bea8ff03a01833158327dae111e3a69c135c74ea575c22d1bfd7e003341caefb396f41651f3e40505713f178585f5c6b4e2b75b99d7e8103c4e9d76dcb4236bcda75e5682f0e30bb39c04bdb728aac789e26d7d3c9fe2b0ea511fba2074533b61e8a2a3ec83592ecfff8da8d5091f25da2e1ee6392e670ff98447ba856fb43f855cba532ddff77ed79a6efcbc106ff4c5b270a2cfa394724cd535dcad89769ab7acd1804b024304e895592ab7a8b1b03286fdf88a6f6b43d0fd986f915b07adcc971e361c8edd8b5204c58efd71a564e5fc17da48a1fe9fce7628601dd659adcd12747f036e1887954c40d1c07770e261bbd7e3e5ff251da290e0aa536291dacbaa92a8ac1cea37c3dbf3e79728ece2c91c6023378d2cc8e47a45597330da4670763177b506dffb152415611df62188b15092c29c19,gx-no-cache=1491332202640 HTTP/1.1" 200 30
186.79.109.156 - - [04/Apr/2017:15:55:37 -0300] "POST /cormun/servlet/solicitudotadjuntos?72cd734d5275a76539f7debeb06cab99,INS,2017,5920,,1,,gx-no-cache=1491335797534 HTTP/1.1" 200 3872
192.168.10.96 - - [04/Apr/2017:15:55:37 -0300] "GET /cormun/servlet/hlogin HTTP/1.1" 200 1746
192.168.10.89 - - [04/Apr/2017:15:55:37 -0300] "GET /cormun/static/menuarrow.gif HTTP/1.1" 404 1015
192.168.10.96 - - [04/Apr/2017:15:55:37 -0300] "GET /cormun/servlet/trsolicitudgral? HTTP/1.1" 200 23973
186.103.158.250 - - [04/Apr/2017:15:55:39 -0300] "POST /cormun/servlet/solicitudot?gx-no-cache=1491332205372 HTTP/1.1" 200 30
186.103.158.250 - - [04/Apr/2017:15:55:40 -0300] "POST /cormun/servlet/solicitudot?gx-no-cache=1491332206905 HTTP/1.1" 200 235
186.103.158.250 - - [04/Apr/2017:15:55:40 -0300] "POST /cormun/servlet/solicitudot?gx-no-cache=1491332207015 HTTP/1.1" 200 38
186.79.109.156 - - [04/Apr/2017:15:55:42 -0300] "POST /cormun/servlet/solicitudotadjuntos?gx-no-cache=1491335804948 HTTP/1.1" 200 26
200.73.230.173 - - [04/Apr/2017:15:55:43 -0300] "GET /cormun/servlet/prfichaempleado?,MD,,gxPopupLevel%3D0%3B HTTP/1.1" 200 8837
192.168.10.89 - - [04/Apr/2017:15:55:44 -0300] "POST /cormun/servlet/trsolicitudgral?7d4bae1314ae8f52b9d8d4c43a9178f6,,gx-no-cache=1491335421059 HTTP/1.1" 200 6752
192.168.10.96 - - [04/Apr/2017:15:55:46 -0300] "POST /cormun/servlet/hlogin?3b9f3a2c6b7d808a21842922d82db94b,gx-no-cache=1491335423206 HTTP/1.1" 200 90
192.168.10.96 - - [04/Apr/2017:15:55:46 -0300] "GET /cormun/servlet/hpexe_link HTTP/1.1" 200 961
192.168.10.96 - - [04/Apr/2017:15:55:47 -0300] "GET /cormun/servlet/trsolicitudgral HTTP/1.1" 200 24954
192.168.10.89 - - [04/Apr/2017:15:55:47 -0300] "POST /cormun/servlet/trsolicitudgral?7d4bae1314ae8f52b9d8d4c43a9178f6,,gx-no-cache=1491335424545 HTTP/1.1" 200 115
192.168.10.89 - - [04/Apr/2017:15:55:47 -0300] "GET /cormun/servlet/solicitudotlog?INS,2017,5906,0,REC, HTTP/1.1" 200 6218
192.168.10.89 - - [04/Apr/2017:15:55:47 -0300] "GET /cormun/static/gxcfg.js?201731711401563 HTTP/1.1" 304 -
192.168.10.96 - - [04/Apr/2017:15:55:48 -0300] "GET /cormun/servlet/trsolicitudgral HTTP/1.1" 200 24953
186.103.158.250 - - [04/Apr/2017:15:55:49 -0300] "GET /cormun/servlet/solicitudot?77b2d0b50baf4eea8afb5fcceed36ffe063967f2ceb5ef033707f97377737facae1c38ef557aad7b2a990a20fefa1d4682cc1fc8505fc206ff08647a0dd87d68020929123741f5039d434b0d01e87248c6a7e22387e958c14250880171dac7c31182a71a55c0360d99351a029c8fb0cc,gx-no-cache=1491332215336 HTTP/1.1" 200 29
186.103.158.250 - - [04/Apr/2017:15:55:49 -0300] "POST /cormun/servlet/solicitudot?gx-no-cache=1491332215401 HTTP/1.1" 200 642
186.103.158.250 - - [04/Apr/2017:15:55:49 -0300] "POST /cormun/servlet/solicitudot?gx-no-cache=1491332215452 HTTP/1.1" 200 518
186.103.158.250 - - [04/Apr/2017:15:55:49 -0300] "GET /cormun/static/menuarrow.gif HTTP/1.1" 404 1015
192.168.10.96 - - [04/Apr/2017:15:55:49 -0300] "GET /cormun/servlet/trsolicitudgral? HTTP/1.1" 200 24953
192.168.10.89 - - [04/Apr/2017:15:55:49 -0300] "GET /cormun/servlet/solicitudotlog?05c7396d261d94345646dd2ee85e340880c541af65720e607bc36268dc12e6cd47c44dbcefa51005717c1e39b92da053d4247d6f747b087b915b4b73a68bb5b7c885f077fbb165b4e56e4fd49a417bc779cbaf193a3bbaac6e5cf7eb3584aaa9a40895ff2cf6c37f6b91ac1cec2df68eda8ce6efc2f6ceb04cd814a425a3e79aab6183c1cdda64fdd03998dde21c9af04c94f7434e4290e930ad1c0d7b1e4bf3,gx-no-cache=1491335426673 HTTP/1.1" 200 94
192.168.10.96 - - [04/Apr/2017:15:55:50 -0300] "GET /cormun/servlet/trsolicitudgral? HTTP/1.1" 200 24953
192.168.10.89 - - [04/Apr/2017:15:55:52 -0300] "POST /cormun/servlet/solicitudotlog?7d4bae1314ae8f52b9d8d4c43a9178f6,INS,2017,5906,0,REC,,gx-no-cache=1491335429831 HTTP/1.1" 200 93
192.168.10.89 - - [04/Apr/2017:15:55:52 -0300] "GET /cormun/servlet/hpexe_return? HTTP/1.1" 200 1022
192.168.10.89 - - [04/Apr/2017:15:55:54 -0300] "GET /cormun/servlet/trsolicitudgral? HTTP/1.1" 200 8798
192.168.10.96 - - [04/Apr/2017:15:55:56 -0300] "POST /cormun/servlet/trsolicitudgral?3b9f3a2c6b7d808a21842922d82db94b,,gx-no-cache=1491335432406 HTTP/1.1" 200 22430
200.73.230.173 - - [04/Apr/2017:15:55:56 -0300] "POST /cormun/servlet/prfichaempleado?9c76ffc0d7de1049d8fe59e217195757,,MD,,gxPopupLevel%3D0%3B,gx-no-cache=1491332222164 HTTP/1.1" 200 3403
186.79.109.156 - - [04/Apr/2017:15:55:59 -0300] "GET /cormun/servlet/solicitudotadjuntos?4b1f77269eb75d301e244000b760c68aa7ea956ba9585ac1c968378e7392b7c3,gx-no-cache=1491335821466 HTTP/1.1" 200 30
186.79.109.156 - - [04/Apr/2017:15:55:59 -0300] "GET /cormun/servlet/solicitudotadjuntos?4b1f77269eb75d301e244000b760c68aa7ea956ba9585ac1c968378e7392b7c3,gx-no-cache=1491335821848 HTTP/1.1" 200 30
200.73.230.173 - - [04/Apr/2017:15:56:00 -0300] "GET /cormun/servlet/atrazos?848119886bd1b97547c80f5dc1e433921673611b54ff34c271e8d96c8cf6fb815dd4ab78cf32803416395ebc74282925,gx-no-cache=1491332226575 HTTP/1.1" 200 67
200.73.230.173 - - [04/Apr/2017:15:56:00 -0300] "GET /cormun/static/menuarrow.gif HTTP/1.1" 404 1015
192.168.10.96 - - [04/Apr/2017:15:56:01 -0300] "POST /cormun/servlet/trsolicitudgral?3b9f3a2c6b7d808a21842922d82db94b,,gx-no-cache=1491335437921 HTTP/1.1" 200 5205
192.168.10.96 - - [04/Apr/2017:15:56:04 -0300] "POST /cormun/servlet/trsolicitudgral?3b9f3a2c6b7d808a21842922d82db94b,,gx-no-cache=1491335441008 HTTP/1.1" 200 5204
192.168.10.96 - - [04/Apr/2017:15:56:07 -0300] "POST /cormun/servlet/trsolicitudgral?3b9f3a2c6b7d808a21842922d82db94b,,gx-no-cache=1491335443911 HTTP/1.1" 200 6550
186.79.109.156 - - [04/Apr/2017:15:56:08 -0300] "POST /cormun/servlet/solicitudotadjuntos?72cd734d5275a76539f7debeb06cab99,INS,2017,5920,,1, HTTP/1.1" 200 116
186.79.109.156 - - [04/Apr/2017:15:56:09 -0300] "GET /cormun/servlet/hpexe_return? HTTP/1.1" 200 1030
186.79.109.156 - - [04/Apr/2017:15:56:10 -0300] "GET /cormun/servlet/trsolicitudadjuntos?2017,5920, HTTP/1.1" 200 8759
186.79.109.156 - - [04/Apr/2017:15:56:11 -0300] "GET /cormun/servlet/trsolicitudadjuntos?2017,5920, HTTP/1.1" 200 8757
200.73.230.173 - - [04/Apr/2017:15:56:16 -0300] "GET /cormun/servlet/tratrazos HTTP/1.1" 200 9623
186.79.109.156 - - [04/Apr/2017:15:56:17 -0300] "GET /cormun/servlet/solicitudotadjuntos?INS,2017,5920,,1, HTTP/1.1" 200 6010
200.73.230.173 - - [04/Apr/2017:15:56:17 -0300] "GET /cormun/servlet/tratrazos HTTP/1.1" 200 9618
186.79.109.156 - - [04/Apr/2017:15:56:17 -0300] "GET /cormun/static/about:blank HTTP/1.1" 404 1011
186.79.109.156 - - [04/Apr/2017:15:56:18 -0300] "GET /cormun/servlet/solicitudotadjuntos?INS,2017,5920,,1, HTTP/1.1" 200 6003
192.168.10.96 - - [04/Apr/2017:15:56:18 -0300] "GET /cormun/servlet/hlogin HTTP/1.1" 200 1746
186.79.109.156 - - [04/Apr/2017:15:56:19 -0300] "GET /cormun/servlet/solicitudotadjuntos?4b1f77269eb75d301e244000b760c68a6145b1b585b1c95804c87d7313891eb795080e91d0b8e311de72843b770ab648,gx-no-cache=1491335841087 HTTP/1.1" 200 30
186.79.109.156 - - [04/Apr/2017:15:56:20 -0300] "POST /cormun/servlet/solicitudotadjuntos?72cd734d5275a76539f7debeb06cab99,INS,2017,5920,,1,,gx-no-cache=1491335841659 HTTP/1.1" 200 3872
200.73.230.173 - - [04/Apr/2017:15:56:23 -0300] "GET /cormun/servlet/atrazos?INS,0, HTTP/1.1" 200 6540
200.73.230.173 - - [04/Apr/2017:15:56:24 -0300] "GET /cormun/servlet/atrazos?INS,0, HTTP/1.1" 200 6541
192.168.10.13 - - [04/Apr/2017:15:56:25 -0300] "GET / HTTP/1.1" 200 11217
186.79.109.156 - - [04/Apr/2017:15:56:25 -0300] "POST /cormun/servlet/solicitudotadjuntos?gx-no-cache=1491335847730 HTTP/1.1" 200 26
200.73.230.173 - - [04/Apr/2017:15:56:27 -0300] "GET /cormun/servlet/prfichaempleado?,MD,,gxPopupLevel%3D0%3B HTTP/1.1" 200 8837
186.79.109.156 - - [04/Apr/2017:15:56:29 -0300] "GET /cormun/servlet/solicitudotadjuntos?4b1f77269eb75d301e244000b760c68aa7ea956ba9585ac1c968378e7392b7c3,gx-no-cache=1491335851863 HTTP/1.1" 200 30
186.79.109.156 - - [04/Apr/2017:15:56:29 -0300] "GET /cormun/servlet/solicitudotadjuntos?4b1f77269eb75d301e244000b760c68aa7ea956ba9585ac1c968378e7392b7c3,gx-no-cache=1491335852085 HTTP/1.1" 200 30
186.79.109.156 - - [04/Apr/2017:15:56:30 -0300] "POST /cormun/servlet/solicitudotadjuntos?72cd734d5275a76539f7debeb06cab99,INS,2017,5920,,1,,gx-no-cache=1491335852397 HTTP/1.1" 200 93
186.79.109.156 - - [04/Apr/2017:15:56:31 -0300] "GET /cormun/servlet/hpexe_return? HTTP/1.1" 200 1030
186.79.109.156 - - [04/Apr/2017:15:56:33 -0300] "GET /cormun/servlet/trsolicitudadjuntos?2017,5920, HTTP/1.1" 200 8912
186.79.109.156 - - [04/Apr/2017:15:56:34 -0300] "GET /cormun/servlet/trsolicitudadjuntos?2017,5920, HTTP/1.1" 200 8911
200.73.230.173 - - [04/Apr/2017:15:56:36 -0300] "POST /cormun/servlet/prfichaempleado?9c76ffc0d7de1049d8fe59e217195757,,MD,,gxPopupLevel%3D0%3B,gx-no-cache=1491332262287 HTTP/1.1" 200 3402
200.73.230.173 - - [04/Apr/2017:15:56:40 -0300] "GET /cormun/servlet/atrazos?848119886bd1b97547c80f5dc1e433921673611b54ff34c271e8d96c8cf6fb815dd4ab78cf32803416395ebc74282925,gx-no-cache=1491332266074 HTTP/1.1" 200 67
200.73.230.173 - - [04/Apr/2017:15:56:40 -0300] "GET /cormun/static/menuarrow.gif HTTP/1.1" 404 1015
186.79.109.156 - - [04/Apr/2017:15:56:50 -0300] "GET /cormun/servlet/solicitudotadjuntos?DLT,2017,5920,CV,0, HTTP/1.1" 200 5897
200.73.230.173 - - [04/Apr/2017:15:56:50 -0300] "GET /cormun/servlet/atrazos?848119886bd1b97547c80f5dc1e433922044777d02bbf1ea84f780236fe1f3ae44d12db85fdf2635d96f397b29482e67,gx-no-cache=1491332276728 HTTP/1.1" 200 33
186.79.109.156 - - [04/Apr/2017:15:56:51 -0300] "GET /cormun/static/about:blank HTTP/1.1" 404 1011
186.103.158.250 - - [04/Apr/2017:15:56:51 -0300] "POST /cormun/servlet/solicitudot?gx-no-cache=1491332277862 HTTP/1.1" 200 642
186.103.158.250 - - [04/Apr/2017:15:56:51 -0300] "POST /cormun/servlet/solicitudot?gx-no-cache=1491332278097 HTTP/1.1" 200 518
186.79.109.156 - - [04/Apr/2017:15:56:52 -0300] "GET /cormun/static/Shared/jqueryui/images/ui-bg_highlight-soft_100_c6c2c8_1x100.png HTTP/1.1" 404 1117
186.79.109.156 - - [04/Apr/2017:15:56:52 -0300] "GET /cormun/static/Shared/jqueryui/images/ui-icons_82798d_256x240.png HTTP/1.1" 404 1089
186.79.109.156 - - [04/Apr/2017:15:56:52 -0300] "GET /cormun/static/Shared/jqueryui/images/ui-bg_flat_55_fafafa_40x100.png HTTP/1.1" 404 1097
186.79.109.156 - - [04/Apr/2017:15:56:52 -0300] "GET /cormun/static/Shared/jqueryui/images/ui-icons_8d78a5_256x240.png HTTP/1.1" 404 1089
186.79.109.156 - - [04/Apr/2017:15:56:52 -0300] "GET /cormun/servlet/solicitudotadjuntos?DLT,2017,5920,CV,0, HTTP/1.1" 200 5890
192.168.10.96 - - [04/Apr/2017:15:56:54 -0300] "POST /cormun/servlet/hlogin?3b9f3a2c6b7d808a21842922d82db94b,gx-no-cache=1491335491580 HTTP/1.1" 200 90
192.168.10.96 - - [04/Apr/2017:15:56:54 -0300] "GET /cormun/servlet/hpexe_link HTTP/1.1" 200 954
192.168.10.96 - - [04/Apr/2017:15:56:54 -0300] "GET /cormun/servlet/hhome HTTP/1.1" 200 3949
192.168.10.96 - - [04/Apr/2017:15:56:55 -0300] "GET /cormun/servlet/hhome HTTP/1.1" 200 3946
200.73.230.173 - - [04/Apr/2017:15:56:56 -0300] "GET /cormun/servlet/atrazos?848119886bd1b97547c80f5dc1e4339233a31ffd50e37a4d571d48de72a96e0ded01d4c7aa2edcb8e494a41042aa7488d651274e6c73409df0bb1f1573d34a725d466bd0af4018115a1bcb0e1d93ece216a274cd654c1745a0e5350cf9adf6ab191a7617a12e051fbb2d933be1a689c7026a16260794992c4a8a2789dc2a987e5d17eecb8335ccc12ea94ae959f00f875d447c8cddadf9e678270734c99320c7,gx-no-cache=1491332281937 HTTP/1.1" 200 44
192.168.10.96 - - [04/Apr/2017:15:56:56 -0300] "GET /cormun/servlet/trsolicitudot? HTTP/1.1" 200 8175
192.168.10.96 - - [04/Apr/2017:15:56:57 -0300] "GET /cormun/servlet/trsolicitudot? HTTP/1.1" 200 8173
186.79.109.156 - - [04/Apr/2017:15:57:06 -0300] "POST /cormun/servlet/solicitudotadjuntos?72cd734d5275a76539f7debeb06cab99,DLT,2017,5920,CV,0,,gx-no-cache=1491335888569 HTTP/1.1" 200 93
200.73.230.173 - - [04/Apr/2017:15:57:06 -0300] "POST /cormun/servlet/atrazos?9c76ffc0d7de1049d8fe59e217195757,INS,0,,gx-no-cache=1491332292299 HTTP/1.1" 200 93
200.73.230.173 - - [04/Apr/2017:15:57:06 -0300] "GET /cormun/servlet/hpexe_return? HTTP/1.1" 200 1004
200.73.230.173 - - [04/Apr/2017:15:57:06 -0300] "GET /cormun/servlet/tratrazos HTTP/1.1" 200 9787
186.79.109.156 - - [04/Apr/2017:15:57:07 -0300] "GET /cormun/servlet/hpexe_return? HTTP/1.1" 200 1033
186.79.109.156 - - [04/Apr/2017:15:57:07 -0300] "GET /cormun/servlet/trsolicitudadjuntos?2017,5920, HTTP/1.1" 200 8760
201.214.54.252 - - [04/Apr/2017:15:57:07 -0300] "GET /cormun/servlet/trsolicitudot? HTTP/1.1" 200 6082
200.73.230.173 - - [04/Apr/2017:15:57:07 -0300] "GET /cormun/servlet/tratrazos HTTP/1.1" 200 9782
186.79.109.156 - - [04/Apr/2017:15:57:08 -0300] "GET /cormun/servlet/trsolicitudadjuntos?2017,5920, HTTP/1.1" 200 8756
201.214.54.252 - - [04/Apr/2017:15:57:08 -0300] "GET /cormun/servlet/hlogin HTTP/1.1" 200 1743
201.214.54.252 - - [04/Apr/2017:15:57:08 -0300] "GET /cormun/servlet/trsolicitudot? HTTP/1.1" 200 6075
192.168.10.96 - - [04/Apr/2017:15:57:09 -0300] "POST /cormun/servlet/trsolicitudot?3b9f3a2c6b7d808a21842922d82db94b,,gx-no-cache=1491335506754 HTTP/1.1" 200 107
192.168.10.96 - - [04/Apr/2017:15:57:09 -0300] "GET /cormun/servlet/trsolicitudadjuntos?2017,5918, HTTP/1.1" 200 6050
192.168.10.96 - - [04/Apr/2017:15:57:10 -0300] "GET /cormun/static/gxcfg.js?201731711504543 HTTP/1.1" 200 953
192.168.10.96 - - [04/Apr/2017:15:57:10 -0300] "GET /cormun/static/trsolicitudadjuntos.js?201731711504951 HTTP/1.1" 304 -
192.168.10.96 - - [04/Apr/2017:15:57:10 -0300] "GET /cormun/servlet/trsolicitudadjuntos?2017,5918, HTTP/1.1" 200 6050
201.214.54.252 - - [04/Apr/2017:15:57:11 -0300] "POST /cormun/servlet/hlogin?ad3709cd086d8cc05cbaf07669d372a9,gx-no-cache=1491332298803 HTTP/1.1" 200 90
201.214.54.252 - - [04/Apr/2017:15:57:11 -0300] "GET /cormun/servlet/hpexe_link HTTP/1.1" 200 960
201.214.54.252 - - [04/Apr/2017:15:57:11 -0300] "GET /cormun/servlet/trsolicitudot HTTP/1.1" 200 8050
201.214.54.252 - - [04/Apr/2017:15:57:12 -0300] "GET /cormun//static/Resources/PXToolsGridUpdate.png HTTP/1.1" 200 2984
201.214.54.252 - - [04/Apr/2017:15:57:12 -0300] "GET /cormun//static/Resources/PXToolsActionView.png HTTP/1.1" 200 2995
201.214.54.252 - - [04/Apr/2017:15:57:12 -0300] "GET /cormun//static/Resources/PXTools/ActionInsert.png HTTP/1.1" 200 1482
201.214.54.252 - - [04/Apr/2017:15:57:12 -0300] "GET /cormun//static/Resources/PXToolsGridDelete.png HTTP/1.1" 200 357
201.214.54.252 - - [04/Apr/2017:15:57:12 -0300] "GET /cormun//static/Resources/PXToolsRemoveAllAction.png HTTP/1.1" 200 3558
201.214.54.252 - - [04/Apr/2017:15:57:12 -0300] "GET /cormun/servlet/trsolicitudot HTTP/1.1" 200 8049
186.103.158.250 - - [04/Apr/2017:15:57:12 -0300] "GET /cormun/servlet/solicitudot?77b2d0b50baf4eea8afb5fcceed36ffe76aec61442c43f6c248fb0cdb4b4d29eb9af07728d738221039b8ac728bcd69a9d82701dab7d007b7a19ab233c25d62bf753a5c5e41d2766d8e6d4da9c232947765a7a47275b5f11e94f801982403cf3fe85f5c887cf328a841ce893046fca556a408845cd215d5ff34040683bf3a7d555b30628296c7b9a30700a9f0ce1b28f5629b1f26778e065f80d0358fe366574fc63ade71fb18628fafc1414967559d5,gx-no-cache=1491332298535 HTTP/1.1" 200 30
192.168.10.96 - - [04/Apr/2017:15:57:12 -0300] "POST /cormun/servlet/trsolicitudadjuntos?3b9f3a2c6b7d808a21842922d82db94b,2017,5918,,gx-no-cache=1491335509689 HTTP/1.1" 200 90
192.168.10.96 - - [04/Apr/2017:15:57:12 -0300] "GET /cormun/servlet/hpexe_link HTTP/1.1" 200 971
192.168.10.96 - - [04/Apr/2017:15:57:12 -0300] "GET /cormun/servlet/trsolicitudot HTTP/1.1" 200 8175
192.168.10.96 - - [04/Apr/2017:15:57:13 -0300] "GET /cormun/servlet/trsolicitudot HTTP/1.1" 200 8173
186.79.109.156 - - [04/Apr/2017:15:57:15 -0300] "GET /cormun/servlet/solicitudotadjuntos?INS,2017,5920,,1, HTTP/1.1" 200 6011
186.79.109.156 - - [04/Apr/2017:15:57:15 -0300] "GET /cormun/static/about:blank HTTP/1.1" 404 1011
200.73.230.173 - - [04/Apr/2017:15:57:15 -0300] "GET /cormun/servlet/atrazos?INS,0, HTTP/1.1" 200 6540
200.73.230.173 - - [04/Apr/2017:15:57:16 -0300] "GET /cormun/servlet/atrazos?INS,0, HTTP/1.1" 200 6541
186.79.109.156 - - [04/Apr/2017:15:57:17 -0300] "GET /cormun/servlet/solicitudotadjuntos?INS,2017,5920,,1, HTTP/1.1" 200 6004
186.79.109.156 - - [04/Apr/2017:15:57:17 -0300] "GET /cormun/servlet/solicitudotadjuntos?4b1f77269eb75d301e244000b760c68a6145b1b585b1c95804c87d7313891eb795080e91d0b8e311de72843b770ab648,gx-no-cache=1491335899172 HTTP/1.1" 200 30
186.79.109.156 - - [04/Apr/2017:15:57:18 -0300] "POST /cormun/servlet/solicitudotadjuntos?72cd734d5275a76539f7debeb06cab99,INS,2017,5920,,1,,gx-no-cache=1491335900156 HTTP/1.1" 200 3872
192.168.10.96 - - [04/Apr/2017:15:57:20 -0300] "GET /cormun/servlet/hlogin HTTP/1.1" 200 1742
186.79.109.156 - - [04/Apr/2017:15:57:23 -0300] "POST /cormun/servlet/solicitudotadjuntos?gx-no-cache=1491335905667 HTTP/1.1" 200 26
192.168.10.13 - - [04/Apr/2017:15:57:25 -0300] "GET / HTTP/1.1" 200 11217
200.73.230.173 - - [04/Apr/2017:15:57:26 -0300] "GET /cormun/servlet/prfichaempleado?,MD,,gxPopupLevel%3D0%3B HTTP/1.1" 200 8837
186.79.109.156 - - [04/Apr/2017:15:57:30 -0300] "GET /cormun/servlet/solicitudotadjuntos?4b1f77269eb75d301e244000b760c68aa7ea956ba9585ac1c968378e7392b7c3,gx-no-cache=1491335913202 HTTP/1.1" 200 30
186.79.109.156 - - [04/Apr/2017:15:57:30 -0300] "GET /cormun/servlet/solicitudotadjuntos?4b1f77269eb75d301e244000b760c68aa7ea956ba9585ac1c968378e7392b7c3,gx-no-cache=1491335913312 HTTP/1.1" 200 30
186.79.109.156 - - [04/Apr/2017:15:57:37 -0300] "POST /cormun/servlet/solicitudotadjuntos?72cd734d5275a76539f7debeb06cab99,INS,2017,5920,,1, HTTP/1.1" 200 116
186.79.109.156 - - [04/Apr/2017:15:57:38 -0300] "GET /cormun/servlet/hpexe_return? HTTP/1.1" 200 1030
186.79.109.156 - - [04/Apr/2017:15:57:38 -0300] "GET /cormun/servlet/trsolicitudadjuntos?2017,5920, HTTP/1.1" 200 8972
186.79.109.156 - - [04/Apr/2017:15:57:41 -0300] "GET /cormun/servlet/trsolicitudadjuntos?2017,5920, HTTP/1.1" 200 8970
200.73.230.173 - - [04/Apr/2017:15:57:41 -0300] "POST /cormun/servlet/prfichaempleado?9c76ffc0d7de1049d8fe59e217195757,,MD,,gxPopupLevel%3D0%3B,gx-no-cache=1491332327256 HTTP/1.1" 200 3402
186.79.109.156 - - [04/Apr/2017:15:57:44 -0300] "GET /cormun/servlet/solicitudotadjuntos?INS,2017,5920,,1, HTTP/1.1" 200 6011
186.79.109.156 - - [04/Apr/2017:15:57:44 -0300] "GET /cormun/static/about:blank HTTP/1.1" 404 1011
186.79.109.156 - - [04/Apr/2017:15:57:45 -0300] "GET /cormun/servlet/solicitudotadjuntos?INS,2017,5920,,1, HTTP/1.1" 200 6004
200.73.230.173 - - [04/Apr/2017:15:57:45 -0300] "GET /cormun/servlet/atrazos?848119886bd1b97547c80f5dc1e433921673611b54ff34c271e8d96c8cf6fb815dd4ab78cf32803416395ebc74282925,gx-no-cache=1491332331113 HTTP/1.1" 200 71
200.73.230.173 - - [04/Apr/2017:15:57:45 -0300] "GET /cormun/static/menuarrow.gif HTTP/1.1" 404 1015
186.79.109.156 - - [04/Apr/2017:15:57:45 -0300] "GET /cormun/servlet/solicitudotadjuntos?4b1f77269eb75d301e244000b760c68a6145b1b585b1c95804c87d7313891eb795080e91d0b8e311de72843b770ab648,gx-no-cache=1491335927874 HTTP/1.1" 200 30
186.79.109.156 - - [04/Apr/2017:15:57:46 -0300] "POST /cormun/servlet/solicitudotadjuntos?72cd734d5275a76539f7debeb06cab99,INS,2017,5920,,1,,gx-no-cache=1491335928295 HTTP/1.1" 200 3872
186.79.109.156 - - [04/Apr/2017:15:57:51 -0300] "POST /cormun/servlet/solicitudotadjuntos?gx-no-cache=1491335933286 HTTP/1.1" 200 26
186.79.109.156 - - [04/Apr/2017:15:58:03 -0300] "GET /cormun/servlet/solicitudotadjuntos?4b1f77269eb75d301e244000b760c68aa7ea956ba9585ac1c968378e7392b7c3,gx-no-cache=1491335945599 HTTP/1.1" 200 30
186.79.109.156 - - [04/Apr/2017:15:58:04 -0300] "GET /cormun/servlet/solicitudotadjuntos?4b1f77269eb75d301e244000b760c68aa7ea956ba9585ac1c968378e7392b7c3,gx-no-cache=1491335946490 HTTP/1.1" 200 30
192.168.10.96 - - [04/Apr/2017:15:58:10 -0300] "POST /cormun/servlet/hlogin?3b9f3a2c6b7d808a21842922d82db94b,gx-no-cache=1491335566933 HTTP/1.1" 200 90
192.168.10.96 - - [04/Apr/2017:15:58:10 -0300] "GET /cormun/servlet/hpexe_link HTTP/1.1" 200 954
192.168.10.96 - - [04/Apr/2017:15:58:10 -0300] "GET /cormun/servlet/hhome HTTP/1.1" 200 4261
192.168.10.96 - - [04/Apr/2017:15:58:10 -0300] "GET /cormun/servlet/hhome HTTP/1.1" 200 4257
192.168.10.96 - - [04/Apr/2017:15:58:15 -0300] "GET /cormun/servlet/trconsultaempleado? HTTP/1.1" 200 9512
186.79.109.156 - - [04/Apr/2017:15:58:15 -0300] "POST /cormun/servlet/solicitudotadjuntos?72cd734d5275a76539f7debeb06cab99,INS,2017,5920,,1, HTTP/1.1" 200 116
186.79.109.156 - - [04/Apr/2017:15:58:15 -0300] "GET /cormun/servlet/hpexe_return? HTTP/1.1" 200 1030
192.168.10.96 - - [04/Apr/2017:15:58:15 -0300] "GET /cormun/servlet/trconsultaempleado? HTTP/1.1" 200 9510
186.79.109.156 - - [04/Apr/2017:15:58:16 -0300] "GET /cormun/servlet/trsolicitudadjuntos?2017,5920, HTTP/1.1" 200 9183
186.79.109.156 - - [04/Apr/2017:15:58:18 -0300] "GET /cormun/servlet/trsolicitudadjuntos?2017,5920, HTTP/1.1" 200 9179
192.168.10.96 - - [04/Apr/2017:15:58:24 -0300] "POST /cormun/servlet/trconsultaempleado?3b9f3a2c6b7d808a21842922d82db94b,,gx-no-cache=1491335581098 HTTP/1.1" 200 4405
192.168.10.13 - - [04/Apr/2017:15:58:25 -0300] "GET / HTTP/1.1" 200 11217
186.79.109.156 - - [04/Apr/2017:15:58:25 -0300] "GET /cormun/servlet/trsolicitudot? HTTP/1.1" 200 8077
186.79.109.156 - - [04/Apr/2017:15:58:26 -0300] "GET /cormun/servlet/trsolicitudot? HTTP/1.1" 200 8071
192.168.10.96 - - [04/Apr/2017:15:58:31 -0300] "GET /cormun/servlet/trsolicitudnombre?12516812, HTTP/1.1" 200 7837
192.168.10.96 - - [04/Apr/2017:15:58:31 -0300] "GET /cormun/servlet/trsolicitudnombre?12516812, HTTP/1.1" 200 7840
186.79.109.156 - - [04/Apr/2017:15:58:32 -0300] "POST /cormun/servlet/trsolicitudot?72cd734d5275a76539f7debeb06cab99,,gx-no-cache=1491335972874 HTTP/1.1" 200 4096
186.79.109.156 - - [04/Apr/2017:15:58:33 -0300] "GET /cormun/static/Shared/jqueryui/images/ui-bg_highlight-soft_100_c6c2c8_1x100.png HTTP/1.1" 404 1117
192.168.10.96 - - [04/Apr/2017:15:58:33 -0300] "GET /cormun/servlet/vesolicitudnombre?2017,4934,, HTTP/1.1" 200 8527
192.168.10.96 - - [04/Apr/2017:15:58:33 -0300] "GET /cormun/pexe_scrolldiv.js HTTP/1.1" 404 1009
192.168.10.96 - - [04/Apr/2017:15:58:33 -0300] "GET /cormun/pexe_scrolldiv.js HTTP/1.1" 404 1009
192.168.10.96 - - [04/Apr/2017:15:58:34 -0300] "GET /cormun/servlet/vesolicitudnombre?2017,4934,, HTTP/1.1" 200 8523
186.79.109.156 - - [04/Apr/2017:15:58:34 -0300] "GET /cormun/static/Shared/jqueryui/images/ui-icons_82798d_256x240.png HTTP/1.1" 404 1089
186.79.109.156 - - [04/Apr/2017:15:58:34 -0300] "GET /cormun/static/Shared/jqueryui/images/ui-icons_8d78a5_256x240.png HTTP/1.1" 404 1089
186.79.109.156 - - [04/Apr/2017:15:58:34 -0300] "GET /cormun/static/Shared/jqueryui/images/ui-bg_flat_55_fafafa_40x100.png HTTP/1.1" 404 1097
186.79.109.156 - - [04/Apr/2017:15:58:36 -0300] "POST /cormun/servlet/trsolicitudot?72cd734d5275a76539f7debeb06cab99,,gx-no-cache=1491335975392 HTTP/1.1" 200 3888
192.168.10.96 - - [04/Apr/2017:15:58:40 -0300] "GET /cormun/servlet/vesolicitudnombre?2017,4934,,SolicitudOTAdjuntos HTTP/1.1" 200 10492
192.168.10.96 - - [04/Apr/2017:15:58:40 -0300] "GET /cormun/pexe_scrolldiv.js HTTP/1.1" 404 1009
192.168.10.96 - - [04/Apr/2017:15:58:40 -0300] "GET /cormun/pexe_scrolldiv.js HTTP/1.1" 404 1009
192.168.10.96 - - [04/Apr/2017:15:58:41 -0300] "GET /cormun/servlet/vesolicitudnombre?2017,4934,,SolicitudOTAdjuntos HTTP/1.1" 200 10496
192.168.10.96 - - [04/Apr/2017:15:58:41 -0300] "POST /cormun/servlet/acontrolpreferencessavestate?None,DZAMUDIO,true HTTP/1.1" 200 35
192.168.10.96 - - [04/Apr/2017:15:58:43 -0300] "GET /cormun/PublicTempStorage/titulo5971919.jpg HTTP/1.1" 200 956549
186.79.109.156 - - [04/Apr/2017:15:58:45 -0300] "GET /cormun/servlet/trautorizarsolicitud? HTTP/1.1" 200 8141
186.79.109.156 - - [04/Apr/2017:15:58:47 -0300] "GET /cormun/servlet/trautorizarsolicitud? HTTP/1.1" 200 8141
186.79.109.156 - - [04/Apr/2017:15:59:06 -0300] "POST /cormun/servlet/trautorizarsolicitud?72cd734d5275a76539f7debeb06cab99,,gx-no-cache=1491336004886 HTTP/1.1" 200 4325
186.79.109.156 - - [04/Apr/2017:15:59:06 -0300] "GET /cormun/static/Shared/jqueryui/images/ui-bg_highlight-soft_100_c6c2c8_1x100.png HTTP/1.1" 404 1117
186.79.109.156 - - [04/Apr/2017:15:59:06 -0300] "GET /cormun/static/Shared/jqueryui/images/ui-icons_82798d_256x240.png HTTP/1.1" 404 1089
186.79.131.174 - - [04/Apr/2017:15:59:07 -0300] "GET /cormun/servlet/hlogin HTTP/1.1" 200 1728
186.79.109.156 - - [04/Apr/2017:15:59:07 -0300] "GET /cormun/static/Shared/jqueryui/images/ui-icons_8d78a5_256x240.png HTTP/1.1" 404 1089
186.79.109.156 - - [04/Apr/2017:15:59:07 -0300] "GET /cormun/static/Shared/jqueryui/images/ui-bg_flat_55_fafafa_40x100.png HTTP/1.1" 404 1097
186.103.158.250 - - [04/Apr/2017:15:59:08 -0300] "POST /cormun/servlet/permisogoce?ee82dbfabb86df4e5ebcaed27d415089,UPD,16716335,P,20170403145018,,gx-no-cache=1491335897205 HTTP/1.1" 200 93
186.103.158.250 - - [04/Apr/2017:15:59:08 -0300] "GET /cormun/servlet/hpexe_return? HTTP/1.1" 200 1020
186.103.158.250 - - [04/Apr/2017:15:59:08 -0300] "GET /cormun/servlet/trpermisosgoce HTTP/1.1" 200 7354
186.79.109.156 - - [04/Apr/2017:15:59:08 -0300] "POST /cormun/servlet/trautorizarsolicitud?72cd734d5275a76539f7debeb06cab99,,gx-no-cache=1491336008901 HTTP/1.1" 200 4113
186.103.158.250 - - [04/Apr/2017:15:59:10 -0300] "GET /cormun/servlet/trpermisosgoce HTTP/1.1" 200 7350
186.79.131.174 - - [04/Apr/2017:15:59:19 -0300] "POST /cormun/servlet/hlogin?7f94d41313a56fd211768c8d45dec68c,gx-no-cache=1491332424010 HTTP/1.1" 200 90
186.79.131.174 - - [04/Apr/2017:15:59:20 -0300] "GET /cormun/servlet/hpexe_link HTTP/1.1" 200 956
186.79.131.174 - - [04/Apr/2017:15:59:20 -0300] "GET /cormun/servlet/hhome HTTP/1.1" 200 3748
186.79.131.174 - - [04/Apr/2017:15:59:22 -0300] "GET /cormun/servlet/hhome HTTP/1.1" 200 3744
192.168.10.13 - - [04/Apr/2017:15:59:25 -0300] "GET / HTTP/1.1" 200 11217
186.79.131.174 - - [04/Apr/2017:15:59:45 -0300] "GET /cormun/servlet/trpermisosgoce? HTTP/1.1" 200 8185
186.79.131.174 - - [04/Apr/2017:15:59:45 -0300] "GET /cormun/static/gxcfg.js?20173171154124 HTTP/1.1" 304 -
186.79.131.174 - - [04/Apr/2017:15:59:46 -0300] "GET /cormun/servlet/trpermisosgoce? HTTP/1.1" 200 8182
186.79.131.174 - - [04/Apr/2017:15:59:54 -0300] "GET /cormun/servlet/apermisogoceprn?9299678,P,20170403170240,PU HTTP/1.1" 200 1651
200.73.230.173 - - [04/Apr/2017:15:59:58 -0300] "GET /cormun/servlet/tratrazos? HTTP/1.1" 200 9788
200.73.230.173 - - [04/Apr/2017:15:59:59 -0300] "GET /cormun/servlet/tratrazos? HTTP/1.1" 200 9783
192.168.10.13 - - [04/Apr/2017:16:00:25 -0300] "GET / HTTP/1.1" 200 11217
201.214.54.252 - - [04/Apr/2017:16:00:26 -0300] "GET /cormun/servlet/hlogin HTTP/1.1" 200 1723
201.214.54.252 - - [04/Apr/2017:16:00:28 -0300] "POST /cormun/servlet/hlogin?ad3709cd086d8cc05cbaf07669d372a9,gx-no-cache=1491332496064 HTTP/1.1" 200 90
201.214.54.252 - - [04/Apr/2017:16:00:28 -0300] "GET /cormun/servlet/hpexe_link HTTP/1.1" 200 960
201.214.54.252 - - [04/Apr/2017:16:00:28 -0300] "GET /cormun/servlet/trsolicitudot HTTP/1.1" 200 8050
201.214.54.252 - - [04/Apr/2017:16:00:29 -0300] "GET /cormun/servlet/trsolicitudot HTTP/1.1" 200 8049
201.214.54.252 - - [04/Apr/2017:16:00:32 -0300] "POST /cormun/servlet/trsolicitudot?ad3709cd086d8cc05cbaf07669d372a9,gx-no-cache=1491332500051 HTTP/1.1" 200 107
201.214.54.252 - - [04/Apr/2017:16:00:32 -0300] "GET /cormun/servlet/trsolicitudadjuntos?2017,5918, HTTP/1.1" 200 6049
201.214.54.252 - - [04/Apr/2017:16:00:32 -0300] "GET /cormun/static/gxcfg.js?201731711504543 HTTP/1.1" 200 953
201.214.54.252 - - [04/Apr/2017:16:00:32 -0300] "GET /cormun/static/trsolicitudadjuntos.js?201731711504951 HTTP/1.1" 200 17913
201.214.54.252 - - [04/Apr/2017:16:00:33 -0300] "GET /cormun/servlet/trsolicitudadjuntos?2017,5918, HTTP/1.1" 200 6049
201.214.54.252 - - [04/Apr/2017:16:00:40 -0300] "GET /cormun/servlet/solicitudotadjuntos?INS,2017,5918,,1, HTTP/1.1" 200 5988
201.214.54.252 - - [04/Apr/2017:16:00:40 -0300] "GET /cormun/static/gxcfg.js?201612218465951 HTTP/1.1" 200 953
201.214.54.252 - - [04/Apr/2017:16:00:40 -0300] "GET /cormun/static/solicitudotadjuntos.js?201612218465969 HTTP/1.1" 200 11762
201.214.54.252 - - [04/Apr/2017:16:00:41 -0300] "GET /cormun/static/about:blank HTTP/1.1" 404 1011
201.214.54.252 - - [04/Apr/2017:16:00:41 -0300] "GET /cormun/servlet/solicitudotadjuntos?INS,2017,5918,,1, HTTP/1.1" 200 5981
201.214.54.252 - - [04/Apr/2017:16:00:41 -0300] "GET /cormun/servlet/solicitudotadjuntos?bc41decb3278a0318eac6a0da851b07f70a34b11823770e611c5ace60c63ef6d30d9a14787b8e8641e9f612dd92e7fda,gx-no-cache=1491332509526 HTTP/1.1" 200 30
201.214.54.252 - - [04/Apr/2017:16:00:41 -0300] "POST /cormun/servlet/solicitudotadjuntos?ad3709cd086d8cc05cbaf07669d372a9,INS,2017,5918,,1,,gx-no-cache=1491332509638 HTTP/1.1" 200 3824
201.214.54.252 - - [04/Apr/2017:16:00:44 -0300] "POST /cormun/servlet/solicitudotadjuntos?gx-no-cache=1491332512573 HTTP/1.1" 200 26
201.214.54.252 - - [04/Apr/2017:16:00:59 -0300] "GET /cormun/servlet/solicitudotadjuntos?bc41decb3278a0318eac6a0da851b07fcf7f8ef32f269b6cb0a3d1054df323da,gx-no-cache=1491332527669 HTTP/1.1" 200 30
201.214.54.252 - - [04/Apr/2017:16:00:59 -0300] "GET /cormun/servlet/solicitudotadjuntos?bc41decb3278a0318eac6a0da851b07fcf7f8ef32f269b6cb0a3d1054df323da,gx-no-cache=1491332527726 HTTP/1.1" 200 30
201.214.54.252 - - [04/Apr/2017:16:01:01 -0300] "POST /cormun/servlet/solicitudotadjuntos?ad3709cd086d8cc05cbaf07669d372a9,INS,2017,5918,,1, HTTP/1.1" 200 116
201.214.54.252 - - [04/Apr/2017:16:01:01 -0300] "GET /cormun/servlet/hpexe_return? HTTP/1.1" 200 1026
201.214.54.252 - - [04/Apr/2017:16:01:02 -0300] "GET /cormun/servlet/trsolicitudadjuntos?2017,5918, HTTP/1.1" 200 8237
201.214.54.252 - - [04/Apr/2017:16:01:03 -0300] "GET /cormun/servlet/trsolicitudadjuntos?2017,5918, HTTP/1.1" 200 8234
201.214.54.252 - - [04/Apr/2017:16:01:06 -0300] "GET /cormun/servlet/solicitudotadjuntos?INS,2017,5918,,1, HTTP/1.1" 200 5988
201.214.54.252 - - [04/Apr/2017:16:01:07 -0300] "GET /cormun/static/about:blank HTTP/1.1" 404 1011
201.214.54.252 - - [04/Apr/2017:16:01:07 -0300] "GET /cormun/servlet/solicitudotadjuntos?INS,2017,5918,,1, HTTP/1.1" 200 5981
201.214.54.252 - - [04/Apr/2017:16:01:08 -0300] "GET /cormun/servlet/solicitudotadjuntos?bc41decb3278a0318eac6a0da851b07f70a34b11823770e611c5ace60c63ef6d30d9a14787b8e8641e9f612dd92e7fda,gx-no-cache=1491332536062 HTTP/1.1" 200 30
201.214.54.252 - - [04/Apr/2017:16:01:09 -0300] "POST /cormun/servlet/solicitudotadjuntos?ad3709cd086d8cc05cbaf07669d372a9,INS,2017,5918,,1,,gx-no-cache=1491332536145 HTTP/1.1" 200 3824
201.214.54.252 - - [04/Apr/2017:16:01:13 -0300] "POST /cormun/servlet/solicitudotadjuntos?gx-no-cache=1491332541232 HTTP/1.1" 200 26
186.103.158.250 - - [04/Apr/2017:16:01:21 -0300] "GET /cormun/servlet/permisogoce?DLT,16716335,P,20170403145018, HTTP/1.1" 200 6499
201.214.54.252 - - [04/Apr/2017:16:01:21 -0300] "GET /cormun/servlet/solicitudotadjuntos?bc41decb3278a0318eac6a0da851b07fcf7f8ef32f269b6cb0a3d1054df323da,gx-no-cache=1491332549849 HTTP/1.1" 200 30
201.214.54.252 - - [04/Apr/2017:16:01:22 -0300] "GET /cormun/servlet/solicitudotadjuntos?bc41decb3278a0318eac6a0da851b07fcf7f8ef32f269b6cb0a3d1054df323da,gx-no-cache=1491332549904 HTTP/1.1" 200 30
186.103.158.250 - - [04/Apr/2017:16:01:22 -0300] "GET /cormun/static/Shared/jqueryui/images/ui-bg_highlight-soft_100_c6c2c8_1x100.png HTTP/1.1" 404 1117
186.103.158.250 - - [04/Apr/2017:16:01:22 -0300] "GET /cormun/static/Shared/jqueryui/images/ui-icons_82798d_256x240.png HTTP/1.1" 404 1089
186.103.158.250 - - [04/Apr/2017:16:01:22 -0300] "GET /cormun/static/Shared/jqueryui/images/ui-bg_flat_55_fafafa_40x100.png HTTP/1.1" 404 1097
186.103.158.250 - - [04/Apr/2017:16:01:22 -0300] "GET /cormun/static/Shared/jqueryui/images/ui-icons_8d78a5_256x240.png HTTP/1.1" 404 1089
186.103.158.250 - - [04/Apr/2017:16:01:22 -0300] "GET /cormun/servlet/permisogoce?DLT,16716335,P,20170403145018, HTTP/1.1" 200 6500
201.214.54.252 - - [04/Apr/2017:16:01:24 -0300] "POST /cormun/servlet/solicitudotadjuntos?ad3709cd086d8cc05cbaf07669d372a9,INS,2017,5918,,1, HTTP/1.1" 200 116
201.214.54.252 - - [04/Apr/2017:16:01:24 -0300] "GET /cormun/servlet/hpexe_return? HTTP/1.1" 200 1026
201.214.54.252 - - [04/Apr/2017:16:01:24 -0300] "GET /cormun/servlet/trsolicitudadjuntos?2017,5918, HTTP/1.1" 200 8441
192.168.10.13 - - [04/Apr/2017:16:01:25 -0300] "GET / HTTP/1.1" 200 11217
201.214.54.252 - - [04/Apr/2017:16:01:25 -0300] "GET /cormun/servlet/trsolicitudadjuntos?2017,5918, HTTP/1.1" 200 8440
201.214.54.252 - - [04/Apr/2017:16:01:28 -0300] "GET /cormun/servlet/solicitudotadjuntos?INS,2017,5918,,1, HTTP/1.1" 200 5988
201.214.54.252 - - [04/Apr/2017:16:01:29 -0300] "GET /cormun/static/about:blank HTTP/1.1" 404 1011
201.214.54.252 - - [04/Apr/2017:16:01:29 -0300] "GET /cormun/servlet/solicitudotadjuntos?INS,2017,5918,,1, HTTP/1.1" 200 5981
201.214.54.252 - - [04/Apr/2017:16:01:30 -0300] "GET /cormun/servlet/solicitudotadjuntos?bc41decb3278a0318eac6a0da851b07f70a34b11823770e611c5ace60c63ef6d30d9a14787b8e8641e9f612dd92e7fda,gx-no-cache=1491332558058 HTTP/1.1" 200 30
201.214.54.252 - - [04/Apr/2017:16:01:30 -0300] "POST /cormun/servlet/solicitudotadjuntos?ad3709cd086d8cc05cbaf07669d372a9,INS,2017,5918,,1,,gx-no-cache=1491332558164 HTTP/1.1" 200 3825
186.103.158.250 - - [04/Apr/2017:16:01:33 -0300] "POST /cormun/servlet/permisogoce?ee82dbfabb86df4e5ebcaed27d415089,DLT,16716335,P,20170403145018,,gx-no-cache=1491336042890 HTTP/1.1" 200 93
186.103.158.250 - - [04/Apr/2017:16:01:33 -0300] "GET /cormun/servlet/hpexe_return? HTTP/1.1" 200 1020
186.103.158.250 - - [04/Apr/2017:16:01:33 -0300] "GET /cormun/servlet/trpermisosgoce HTTP/1.1" 200 7354
201.214.54.252 - - [04/Apr/2017:16:01:34 -0300] "POST /cormun/servlet/solicitudotadjuntos?gx-no-cache=1491332562494 HTTP/1.1" 200 26
186.103.158.250 - - [04/Apr/2017:16:01:34 -0300] "GET /cormun/servlet/trpermisosgoce HTTP/1.1" 200 7350
186.103.158.250 - - [04/Apr/2017:16:01:40 -0300] "GET /cormun/servlet/trlicenciaspermisoslog?16716335,P,20170403145018, HTTP/1.1" 200 5984
186.103.158.250 - - [04/Apr/2017:16:01:40 -0300] "GET /cormun/static/gxcfg.js?201731711543185 HTTP/1.1" 200 953
186.103.158.250 - - [04/Apr/2017:16:01:40 -0300] "GET /cormun/static/trlicenciaspermisoslog.js?201731711543510 HTTP/1.1" 200 20014
186.103.158.250 - - [04/Apr/2017:16:01:41 -0300] "GET /cormun/servlet/trlicenciaspermisoslog?16716335,P,20170403145018, HTTP/1.1" 200 5985
186.103.158.250 - - [04/Apr/2017:16:01:42 -0300] "POST /cormun/servlet/acontrolpreferencessavestate?None,CE-4,true HTTP/1.1" 200 35
201.214.54.252 - - [04/Apr/2017:16:01:53 -0300] "GET /cormun/servlet/solicitudotadjuntos?bc41decb3278a0318eac6a0da851b07fcf7f8ef32f269b6cb0a3d1054df323da,gx-no-cache=1491332581134 HTTP/1.1" 200 30
201.214.54.252 - - [04/Apr/2017:16:01:53 -0300] "GET /cormun/servlet/solicitudotadjuntos?bc41decb3278a0318eac6a0da851b07fcf7f8ef32f269b6cb0a3d1054df323da,gx-no-cache=1491332581200 HTTP/1.1" 200 30
201.214.54.252 - - [04/Apr/2017:16:01:54 -0300] "POST /cormun/servlet/solicitudotadjuntos?ad3709cd086d8cc05cbaf07669d372a9,INS,2017,5918,,1, HTTP/1.1" 200 116
201.214.54.252 - - [04/Apr/2017:16:01:54 -0300] "GET /cormun/servlet/hpexe_return? HTTP/1.1" 200 1026
186.103.158.250 - - [04/Apr/2017:16:01:54 -0300] "GET /cormun/servlet/trpermisosgoce HTTP/1.1" 200 7360
201.214.54.252 - - [04/Apr/2017:16:01:54 -0300] "GET /cormun/servlet/trsolicitudadjuntos?2017,5918, HTTP/1.1" 200 8613
201.214.54.252 - - [04/Apr/2017:16:01:55 -0300] "GET /cormun/servlet/trsolicitudadjuntos?2017,5918, HTTP/1.1" 200 8613
186.103.158.250 - - [04/Apr/2017:16:01:55 -0300] "GET /cormun/servlet/trpermisosgoce HTTP/1.1" 200 7356
192.168.10.96 - - [04/Apr/2017:16:01:58 -0300] "GET /cormun/servlet/vesolicitudnombre?2017,4934,,SolicitudOTAdjuntos HTTP/1.1" 200 10492
192.168.10.96 - - [04/Apr/2017:16:01:59 -0300] "GET /cormun/servlet/vesolicitudnombre?2017,4934,,SolicitudOTAdjuntos HTTP/1.1" 200 10494
192.168.10.96 - - [04/Apr/2017:16:01:59 -0300] "POST /cormun/servlet/acontrolpreferencessavestate?None,DZAMUDIO,true HTTP/1.1" 200 35
201.214.54.252 - - [04/Apr/2017:16:02:00 -0300] "GET /cormun/servlet/solicitudotadjuntos?INS,2017,5918,,1, HTTP/1.1" 200 5988
201.214.54.252 - - [04/Apr/2017:16:02:00 -0300] "GET /cormun/static/about:blank HTTP/1.1" 404 1011
192.168.10.96 - - [04/Apr/2017:16:02:00 -0300] "GET /cormun/servlet/trconsultaempleado? HTTP/1.1" 200 6710
201.214.54.252 - - [04/Apr/2017:16:02:00 -0300] "GET /cormun/servlet/solicitudotadjuntos?INS,2017,5918,,1, HTTP/1.1" 200 5981
192.168.10.96 - - [04/Apr/2017:16:02:00 -0300] "GET /cormun/servlet/trconsultaempleado? HTTP/1.1" 200 6692
201.214.54.252 - - [04/Apr/2017:16:02:01 -0300] "GET /cormun/servlet/solicitudotadjuntos?bc41decb3278a0318eac6a0da851b07f70a34b11823770e611c5ace60c63ef6d30d9a14787b8e8641e9f612dd92e7fda,gx-no-cache=1491332589180 HTTP/1.1" 200 30
201.214.54.252 - - [04/Apr/2017:16:02:01 -0300] "POST /cormun/servlet/solicitudotadjuntos?ad3709cd086d8cc05cbaf07669d372a9,INS,2017,5918,,1,,gx-no-cache=1491332589252 HTTP/1.1" 200 3825
186.103.158.250 - - [04/Apr/2017:16:02:02 -0300] "GET /cormun/servlet/apermisogoceprn?16716335,P,20170403145018,PU HTTP/1.1" 200 1657
201.214.54.252 - - [04/Apr/2017:16:02:05 -0300] "POST /cormun/servlet/solicitudotadjuntos?gx-no-cache=1491332593243 HTTP/1.1" 200 26
192.168.10.96 - - [04/Apr/2017:16:02:07 -0300] "POST /cormun/servlet/trconsultaempleado?3b9f3a2c6b7d808a21842922d82db94b,,gx-no-cache=1491335804535 HTTP/1.1" 200 4434
192.168.10.96 - - [04/Apr/2017:16:02:08 -0300] "GET /cormun/servlet/trsolicitudnombre?18465567, HTTP/1.1" 200 7604
192.168.10.96 - - [04/Apr/2017:16:02:09 -0300] "GET /cormun/servlet/trsolicitudnombre?18465567, HTTP/1.1" 200 7606
192.168.10.96 - - [04/Apr/2017:16:02:10 -0300] "GET /cormun/servlet/vesolicitudnombre?2017,5142,, HTTP/1.1" 200 8499
192.168.10.96 - - [04/Apr/2017:16:02:10 -0300] "GET /cormun/pexe_scrolldiv.js HTTP/1.1" 404 1009
192.168.10.96 - - [04/Apr/2017:16:02:10 -0300] "GET /cormun/pexe_scrolldiv.js HTTP/1.1" 404 1009
192.168.10.96 - - [04/Apr/2017:16:02:11 -0300] "GET /cormun/servlet/vesolicitudnombre?2017,5142,, HTTP/1.1" 200 8493
186.103.158.250 - - [04/Apr/2017:16:02:17 -0300] "GET /cormun/servlet/permisogoce?DLT,16716335,P,20170403145018, HTTP/1.1" 200 6506
186.103.158.250 - - [04/Apr/2017:16:02:19 -0300] "GET /cormun/static/Shared/jqueryui/images/ui-bg_highlight-soft_100_c6c2c8_1x100.png HTTP/1.1" 404 1117
186.103.158.250 - - [04/Apr/2017:16:02:19 -0300] "GET /cormun/static/Shared/jqueryui/images/ui-icons_82798d_256x240.png HTTP/1.1" 404 1089
186.103.158.250 - - [04/Apr/2017:16:02:19 -0300] "GET /cormun/static/Shared/jqueryui/images/ui-bg_flat_55_fafafa_40x100.png HTTP/1.1" 404 1097
186.103.158.250 - - [04/Apr/2017:16:02:19 -0300] "GET /cormun/static/Shared/jqueryui/images/ui-icons_8d78a5_256x240.png HTTP/1.1" 404 1089
201.214.54.252 - - [04/Apr/2017:16:02:19 -0300] "GET /cormun/servlet/solicitudotadjuntos?bc41decb3278a0318eac6a0da851b07fcf7f8ef32f269b6cb0a3d1054df323da,gx-no-cache=1491332607068 HTTP/1.1" 200 30
201.214.54.252 - - [04/Apr/2017:16:02:19 -0300] "GET /cormun/servlet/solicitudotadjuntos?bc41decb3278a0318eac6a0da851b07fcf7f8ef32f269b6cb0a3d1054df323da,gx-no-cache=1491332607109 HTTP/1.1" 200 30
186.103.158.250 - - [04/Apr/2017:16:02:19 -0300] "GET /cormun/servlet/permisogoce?DLT,16716335,P,20170403145018, HTTP/1.1" 200 6507
201.214.54.252 - - [04/Apr/2017:16:02:20 -0300] "POST /cormun/servlet/solicitudotadjuntos?ad3709cd086d8cc05cbaf07669d372a9,INS,2017,5918,,1, HTTP/1.1" 200 116
201.214.54.252 - - [04/Apr/2017:16:02:20 -0300] "GET /cormun/servlet/hpexe_return? HTTP/1.1" 200 1026
201.214.54.252 - - [04/Apr/2017:16:02:20 -0300] "GET /cormun/servlet/trsolicitudadjuntos?2017,5918, HTTP/1.1" 200 8747
192.168.10.96 - - [04/Apr/2017:16:02:21 -0300] "GET /cormun/servlet/vesolicitudnombre?2017,5142,,SolicitudOTAdjuntos HTTP/1.1" 200 10494
192.168.10.96 - - [04/Apr/2017:16:02:21 -0300] "GET /cormun/pexe_scrolldiv.js HTTP/1.1" 404 1009
192.168.10.96 - - [04/Apr/2017:16:02:21 -0300] "GET /cormun/pexe_scrolldiv.js HTTP/1.1" 404 1009
201.214.54.252 - - [04/Apr/2017:16:02:21 -0300] "GET /cormun/servlet/trsolicitudadjuntos?2017,5918, HTTP/1.1" 200 8745
192.168.10.96 - - [04/Apr/2017:16:02:22 -0300] "GET /cormun/servlet/vesolicitudnombre?2017,5142,,SolicitudOTAdjuntos HTTP/1.1" 200 10497
192.168.10.96 - - [04/Apr/2017:16:02:22 -0300] "POST /cormun/servlet/acontrolpreferencessavestate?None,DZAMUDIO,true HTTP/1.1" 200 35
201.214.54.252 - - [04/Apr/2017:16:02:23 -0300] "GET /cormun/servlet/solicitudotadjuntos?INS,2017,5918,,1, HTTP/1.1" 200 5988
201.214.54.252 - - [04/Apr/2017:16:02:23 -0300] "GET /cormun/static/about:blank HTTP/1.1" 404 1011
192.168.10.96 - - [04/Apr/2017:16:02:24 -0300] "GET /cormun/PublicTempStorage/img6006508799.jpg HTTP/1.1" 200 1435848
201.214.54.252 - - [04/Apr/2017:16:02:24 -0300] "GET /cormun/servlet/solicitudotadjuntos?INS,2017,5918,,1, HTTP/1.1" 200 5981
201.214.54.252 - - [04/Apr/2017:16:02:24 -0300] "GET /cormun/servlet/solicitudotadjuntos?bc41decb3278a0318eac6a0da851b07f70a34b11823770e611c5ace60c63ef6d30d9a14787b8e8641e9f612dd92e7fda,gx-no-cache=1491332612824 HTTP/1.1" 200 30
201.214.54.252 - - [04/Apr/2017:16:02:25 -0300] "POST /cormun/servlet/solicitudotadjuntos?ad3709cd086d8cc05cbaf07669d372a9,INS,2017,5918,,1,,gx-no-cache=1491332612870 HTTP/1.1" 200 3824
192.168.10.13 - - [04/Apr/2017:16:02:25 -0300] "GET / HTTP/1.1" 200 11217
186.103.158.250 - - [04/Apr/2017:16:02:28 -0300] "GET /cormun/servlet/trvisualizadoreventos? HTTP/1.1" 200 6520
186.103.158.250 - - [04/Apr/2017:16:02:28 -0300] "GET /cormun/static/gxcfg.js?201731711523419 HTTP/1.1" 304 -
186.103.158.250 - - [04/Apr/2017:16:02:29 -0300] "GET /cormun/servlet/trvisualizadoreventos? HTTP/1.1" 200 6496
186.103.158.250 - - [04/Apr/2017:16:02:33 -0300] "POST /cormun/servlet/trvisualizadoreventos?ee82dbfabb86df4e5ebcaed27d415089,,gx-no-cache=1491336103002 HTTP/1.1" 200 3781
201.214.54.252 - - [04/Apr/2017:16:02:33 -0300] "POST /cormun/servlet/solicitudotadjuntos?gx-no-cache=1491332621494 HTTP/1.1" 200 26
186.103.158.250 - - [04/Apr/2017:16:02:37 -0300] "GET /cormun/servlet/trpermisosgoce? HTTP/1.1" 200 7356
186.103.158.250 - - [04/Apr/2017:16:02:39 -0300] "GET /cormun/servlet/trpermisosgoce? HTTP/1.1" 200 7356
201.214.54.252 - - [04/Apr/2017:16:02:43 -0300] "GET /cormun/servlet/solicitudotadjuntos?bc41decb3278a0318eac6a0da851b07fcf7f8ef32f269b6cb0a3d1054df323da,gx-no-cache=1491332631472 HTTP/1.1" 200 30
201.214.54.252 - - [04/Apr/2017:16:02:43 -0300] "GET /cormun/servlet/solicitudotadjuntos?bc41decb3278a0318eac6a0da851b07fcf7f8ef32f269b6cb0a3d1054df323da,gx-no-cache=1491332631527 HTTP/1.1" 200 30
201.214.54.252 - - [04/Apr/2017:16:02:45 -0300] "POST /cormun/servlet/solicitudotadjuntos?ad3709cd086d8cc05cbaf07669d372a9,INS,2017,5918,,1, HTTP/1.1" 200 116
201.214.54.252 - - [04/Apr/2017:16:02:45 -0300] "GET /cormun/servlet/hpexe_return? HTTP/1.1" 200 1026
201.214.54.252 - - [04/Apr/2017:16:02:45 -0300] "GET /cormun/servlet/trsolicitudadjuntos?2017,5918, HTTP/1.1" 200 8967
201.214.54.252 - - [04/Apr/2017:16:02:46 -0300] "GET /cormun/servlet/trsolicitudadjuntos?2017,5918, HTTP/1.1" 200 8966
186.103.158.250 - - [04/Apr/2017:16:02:46 -0300] "GET /cormun/servlet/permisogoce?UPD,16716335,P,20170403145018, HTTP/1.1" 200 6597
186.103.158.250 - - [04/Apr/2017:16:02:48 -0300] "GET /cormun/servlet/permisogoce?UPD,16716335,P,20170403145018, HTTP/1.1" 200 6597
186.103.158.250 - - [04/Apr/2017:16:02:48 -0300] "GET /cormun/servlet/permisogoce?d7de8a62f4ce1a0e28561a0b63f36e21aed2ea4464ccbf9ef264ef59267b05f1028d0266d26c25fa7ef686fa57c08a64,gx-no-cache=1491336118298 HTTP/1.1" 200 74
201.214.54.252 - - [04/Apr/2017:16:02:50 -0300] "GET /cormun/servlet/solicitudotadjuntos?INS,2017,5918,,1, HTTP/1.1" 200 5988
201.214.54.252 - - [04/Apr/2017:16:02:50 -0300] "GET /cormun/static/about:blank HTTP/1.1" 404 1011
201.214.54.252 - - [04/Apr/2017:16:02:50 -0300] "GET /cormun/servlet/solicitudotadjuntos?INS,2017,5918,,1, HTTP/1.1" 200 5981
201.214.54.252 - - [04/Apr/2017:16:02:51 -0300] "GET /cormun/servlet/solicitudotadjuntos?bc41decb3278a0318eac6a0da851b07f70a34b11823770e611c5ace60c63ef6d30d9a14787b8e8641e9f612dd92e7fda,gx-no-cache=1491332639303 HTTP/1.1" 200 30
201.214.54.252 - - [04/Apr/2017:16:02:51 -0300] "POST /cormun/servlet/solicitudotadjuntos?ad3709cd086d8cc05cbaf07669d372a9,INS,2017,5918,,1,,gx-no-cache=1491332639731 HTTP/1.1" 200 3824
201.214.54.252 - - [04/Apr/2017:16:02:55 -0300] "POST /cormun/servlet/solicitudotadjuntos?gx-no-cache=1491332643035 HTTP/1.1" 200 26
201.214.54.252 - - [04/Apr/2017:16:02:56 -0300] "GET /cormun/servlet/solicitudotadjuntos?bc41decb3278a0318eac6a0da851b07fcf7f8ef32f269b6cb0a3d1054df323da,gx-no-cache=1491332644375 HTTP/1.1" 200 30
