186.79.125.97 - - [04/Apr/2017:13:43:03 -0300] "GET /cormun/servlet/trsolicitudadjuntos?2017,5845, HTTP/1.1" 200 5849
186.79.125.97 - - [04/Apr/2017:13:43:03 -0300] "GET /cormun/static/gxcfg.js?201731711504543 HTTP/1.1" 304 -
186.79.125.97 - - [04/Apr/2017:13:43:03 -0300] "GET /cormun/static/trsolicitudadjuntos.js?201731711504951 HTTP/1.1" 304 -
186.79.125.97 - - [04/Apr/2017:13:43:04 -0300] "GET /cormun/servlet/trsolicitudadjuntos?2017,5845, HTTP/1.1" 200 5849
186.79.183.59 - - [04/Apr/2017:13:43:04 -0300] "POST /cormun/servlet/permisogoce?998ae05bfc1ad2d722c32cb00deed264,INS,0,,,,gx-no-cache=1491327692993 HTTP/1.1" 200 93
186.79.183.59 - - [04/Apr/2017:13:43:04 -0300] "GET /cormun/servlet/hpexe_return? HTTP/1.1" 200 1004
186.79.183.59 - - [04/Apr/2017:13:43:04 -0300] "GET /cormun/static/gxcfg.js?2016101716175148 HTTP/1.1" 304 -
186.79.183.59 - - [04/Apr/2017:13:43:06 -0300] "GET /cormun/servlet/trpermisosgoce HTTP/1.1" 200 7837
186.79.125.97 - - [04/Apr/2017:13:43:08 -0300] "GET /cormun/servlet/solicitudotadjuntos?INS,2017,5845,,1, HTTP/1.1" 200 5788
186.79.125.97 - - [04/Apr/2017:13:43:08 -0300] "GET /cormun/static/gxcfg.js?201612218465951 HTTP/1.1" 304 -
186.79.125.97 - - [04/Apr/2017:13:43:08 -0300] "GET /cormun/static/solicitudotadjuntos.js?201612218465969 HTTP/1.1" 304 -
186.79.125.97 - - [04/Apr/2017:13:43:08 -0300] "GET /cormun/static/about:blank HTTP/1.1" 404 1011
186.79.125.97 - - [04/Apr/2017:13:43:08 -0300] "GET /cormun/servlet/solicitudotadjuntos?INS,2017,5845,,1, HTTP/1.1" 200 5781
186.79.125.97 - - [04/Apr/2017:13:43:09 -0300] "GET /cormun/servlet/solicitudotadjuntos?c88500017538a3546d05386f01eaabc64f9e56200acb9fc9285a83da7f5befa84809ca89d37dc6011767c5a97c7a4372,gx-no-cache=1491324260890 HTTP/1.1" 200 30
186.79.125.97 - - [04/Apr/2017:13:43:09 -0300] "POST /cormun/servlet/solicitudotadjuntos?e7bd7533a0c445f60b12551b49539a7f,INS,2017,5845,,1,,gx-no-cache=1491324260973 HTTP/1.1" 200 3634
186.79.183.59 - - [04/Apr/2017:13:43:10 -0300] "GET /cormun/servlet/trpermisosgoce HTTP/1.1" 200 7834
186.79.125.97 - - [04/Apr/2017:13:43:15 -0300] "POST /cormun/servlet/solicitudotadjuntos?gx-no-cache=1491324266962 HTTP/1.1" 200 26
186.79.183.59 - - [04/Apr/2017:13:43:15 -0300] "GET /cormun/servlet/apermisogoceprn?9824067,P,20170404143741,PU HTTP/1.1" 200 1646
186.103.159.46 - - [04/Apr/2017:13:43:16 -0300] "GET /cormun/servlet/trpermisosadjuntos?17458217,20170329141056,P, HTTP/1.1" 200 6092
186.103.159.46 - - [04/Apr/2017:13:43:18 -0300] "GET /cormun/servlet/trpermisosadjuntos?17458217,20170329141056,P, HTTP/1.1" 200 6092
192.168.10.13 - - [04/Apr/2017:13:43:25 -0300] "GET / HTTP/1.1" 200 11217
186.103.159.46 - - [04/Apr/2017:13:43:32 -0300] "GET /cormun/servlet/permisosadjuntos?INS,17458217,P,20170329141056,, HTTP/1.1" 200 5431
186.103.159.46 - - [04/Apr/2017:13:43:32 -0300] "GET /cormun/static/about:blank HTTP/1.1" 404 1011
186.103.159.46 - - [04/Apr/2017:13:43:33 -0300] "GET /cormun/servlet/permisosadjuntos?INS,17458217,P,20170329141056,, HTTP/1.1" 200 5419
186.103.159.46 - - [04/Apr/2017:13:43:50 -0300] "POST /cormun/servlet/permisosadjuntos?0718144fe0d248b0c6761993b282a6b2,INS,17458217,P,20170329141056,, HTTP/1.1" 200 116
186.103.159.46 - - [04/Apr/2017:13:43:50 -0300] "GET /cormun/servlet/hpexe_return? HTTP/1.1" 200 1036
186.103.159.46 - - [04/Apr/2017:13:43:50 -0300] "GET /cormun/servlet/trpermisosadjuntos?17458217,20170329141056,P, HTTP/1.1" 200 6581
186.103.159.46 - - [04/Apr/2017:13:43:51 -0300] "GET /cormun/servlet/trpermisosadjuntos?17458217,20170329141056,P, HTTP/1.1" 200 6578
186.103.248.213 - - [04/Apr/2017:13:44:01 -0300] "GET /cormun/servlet/trcontratounov2? HTTP/1.1" 200 16570
186.103.248.213 - - [04/Apr/2017:13:44:01 -0300] "GET /cormun/static/gxcfg.js?201731711595461 HTTP/1.1" 200 953
186.103.248.213 - - [04/Apr/2017:13:44:01 -0300] "GET /cormun/static/trcontratounov2.js?2017317120150 HTTP/1.1" 304 -
186.103.248.213 - - [04/Apr/2017:13:44:02 -0300] "GET /cormun/servlet/trcontratounov2? HTTP/1.1" 200 16562
186.103.159.46 - - [04/Apr/2017:13:44:05 -0300] "POST /cormun/servlet/trpermisosadjuntos?0718144fe0d248b0c6761993b282a6b2,17458217,20170329141056,P,,gx-no-cache=1491324311277 HTTP/1.1" 200 90
186.103.159.46 - - [04/Apr/2017:13:44:05 -0300] "GET /cormun/servlet/hpexe_link HTTP/1.1" 200 982
186.103.159.46 - - [04/Apr/2017:13:44:05 -0300] "GET /cormun/servlet/trpermisosgoce HTTP/1.1" 200 12617
186.103.159.46 - - [04/Apr/2017:13:44:07 -0300] "GET /cormun/servlet/trpermisosgoce HTTP/1.1" 200 12641
186.103.159.46 - - [04/Apr/2017:13:44:18 -0300] "GET /cormun/servlet/trpermisosadjuntos?13099025,20170329140832,P, HTTP/1.1" 200 6102
186.103.159.46 - - [04/Apr/2017:13:44:19 -0300] "GET /cormun/servlet/trpermisosadjuntos?13099025,20170329140832,P, HTTP/1.1" 200 6102
192.168.10.13 - - [04/Apr/2017:13:44:25 -0300] "GET / HTTP/1.1" 200 11217
186.103.159.46 - - [04/Apr/2017:13:44:41 -0300] "GET /cormun/servlet/trpermisosgoce HTTP/1.1" 200 12610
186.103.159.46 - - [04/Apr/2017:13:44:43 -0300] "GET /cormun/servlet/trpermisosgoce HTTP/1.1" 200 12626
186.79.125.97 - - [04/Apr/2017:13:44:44 -0300] "GET /cormun/servlet/solicitudotadjuntos?c88500017538a3546d05386f01eaabc6a573dc90b3c3819208c756c888634a53,gx-no-cache=1491324356453 HTTP/1.1" 200 30
186.79.125.97 - - [04/Apr/2017:13:44:44 -0300] "GET /cormun/servlet/solicitudotadjuntos?c88500017538a3546d05386f01eaabc6a573dc90b3c3819208c756c888634a53,gx-no-cache=1491324356555 HTTP/1.1" 200 30
186.103.159.46 - - [04/Apr/2017:13:44:55 -0300] "GET /cormun/servlet/trpermisosadjuntos?13099025,20170329140832,P, HTTP/1.1" 200 6102
186.103.159.46 - - [04/Apr/2017:13:44:57 -0300] "GET /cormun/servlet/trpermisosadjuntos?13099025,20170329140832,P, HTTP/1.1" 200 6102
186.103.159.46 - - [04/Apr/2017:13:45:00 -0300] "GET /cormun/servlet/permisosadjuntos?INS,13099025,P,20170329140832,, HTTP/1.1" 200 5436
186.103.159.46 - - [04/Apr/2017:13:45:00 -0300] "GET /cormun/static/about:blank HTTP/1.1" 404 1011
186.103.159.46 - - [04/Apr/2017:13:45:01 -0300] "GET /cormun/servlet/permisosadjuntos?INS,13099025,P,20170329140832,, HTTP/1.1" 200 5425
186.79.125.97 - - [04/Apr/2017:13:45:07 -0300] "POST /cormun/servlet/solicitudotadjuntos?e7bd7533a0c445f60b12551b49539a7f,INS,2017,5845,,1, HTTP/1.1" 200 116
186.79.125.97 - - [04/Apr/2017:13:45:07 -0300] "GET /cormun/servlet/hpexe_return? HTTP/1.1" 200 1018
186.79.125.97 - - [04/Apr/2017:13:45:08 -0300] "GET /cormun/servlet/trsolicitudadjuntos?2017,5845, HTTP/1.1" 200 7954
186.79.125.97 - - [04/Apr/2017:13:45:08 -0300] "GET /cormun/servlet/trsolicitudadjuntos?2017,5845, HTTP/1.1" 200 7951
186.79.125.97 - - [04/Apr/2017:13:45:13 -0300] "GET /cormun/servlet/solicitudotadjuntos?INS,2017,5845,,1, HTTP/1.1" 200 5787
186.79.125.97 - - [04/Apr/2017:13:45:13 -0300] "GET /cormun/static/about:blank HTTP/1.1" 404 1011
186.79.125.97 - - [04/Apr/2017:13:45:13 -0300] "GET /cormun/servlet/solicitudotadjuntos?INS,2017,5845,,1, HTTP/1.1" 200 5781
186.79.125.97 - - [04/Apr/2017:13:45:14 -0300] "GET /cormun/servlet/solicitudotadjuntos?c88500017538a3546d05386f01eaabc64f9e56200acb9fc9285a83da7f5befa84809ca89d37dc6011767c5a97c7a4372,gx-no-cache=1491324386109 HTTP/1.1" 200 30
186.79.125.97 - - [04/Apr/2017:13:45:14 -0300] "POST /cormun/servlet/solicitudotadjuntos?e7bd7533a0c445f60b12551b49539a7f,INS,2017,5845,,1,,gx-no-cache=1491324386198 HTTP/1.1" 200 3635
186.79.125.97 - - [04/Apr/2017:13:45:18 -0300] "POST /cormun/servlet/solicitudotadjuntos?gx-no-cache=1491324390089 HTTP/1.1" 200 26
192.168.10.13 - - [04/Apr/2017:13:45:25 -0300] "GET / HTTP/1.1" 200 11217
186.79.125.97 - - [04/Apr/2017:13:45:31 -0300] "GET /cormun/servlet/solicitudotadjuntos?c88500017538a3546d05386f01eaabc6a573dc90b3c3819208c756c888634a53,gx-no-cache=1491324403494 HTTP/1.1" 200 30
186.79.125.97 - - [04/Apr/2017:13:45:31 -0300] "GET /cormun/servlet/solicitudotadjuntos?c88500017538a3546d05386f01eaabc6a573dc90b3c3819208c756c888634a53,gx-no-cache=1491324403595 HTTP/1.1" 200 30
186.103.159.46 - - [04/Apr/2017:13:45:47 -0300] "POST /cormun/servlet/permisosadjuntos?0718144fe0d248b0c6761993b282a6b2,INS,13099025,P,20170329140832,, HTTP/1.1" 200 116
186.103.159.46 - - [04/Apr/2017:13:45:47 -0300] "GET /cormun/servlet/hpexe_return? HTTP/1.1" 200 1036
186.103.159.46 - - [04/Apr/2017:13:45:47 -0300] "GET /cormun/servlet/trpermisosadjuntos?13099025,20170329140832,P, HTTP/1.1" 200 6594
186.103.159.46 - - [04/Apr/2017:13:45:49 -0300] "GET /cormun/servlet/trpermisosadjuntos?13099025,20170329140832,P, HTTP/1.1" 200 6590
186.79.125.97 - - [04/Apr/2017:13:45:51 -0300] "POST /cormun/servlet/solicitudotadjuntos?e7bd7533a0c445f60b12551b49539a7f,INS,2017,5845,,1, HTTP/1.1" 200 116
186.79.125.97 - - [04/Apr/2017:13:45:52 -0300] "GET /cormun/servlet/hpexe_return? HTTP/1.1" 200 1018
186.79.125.97 - - [04/Apr/2017:13:45:52 -0300] "GET /cormun/servlet/trsolicitudadjuntos?2017,5845, HTTP/1.1" 200 8183
186.79.125.97 - - [04/Apr/2017:13:45:53 -0300] "GET /cormun/servlet/trsolicitudadjuntos?2017,5845, HTTP/1.1" 200 8177
186.103.159.46 - - [04/Apr/2017:13:45:56 -0300] "POST /cormun/servlet/trpermisosadjuntos?0718144fe0d248b0c6761993b282a6b2,13099025,20170329140832,P,,gx-no-cache=1491324422233 HTTP/1.1" 200 90
186.103.159.46 - - [04/Apr/2017:13:45:56 -0300] "GET /cormun/servlet/hpexe_link HTTP/1.1" 200 981
186.103.159.46 - - [04/Apr/2017:13:45:56 -0300] "GET /cormun/servlet/trpermisosgoce HTTP/1.1" 200 12616
186.103.159.46 - - [04/Apr/2017:13:45:58 -0300] "GET /cormun/servlet/trpermisosgoce HTTP/1.1" 200 12601
186.103.159.46 - - [04/Apr/2017:13:46:03 -0300] "GET /cormun/servlet/trpermisosadjuntos?11756419,20170328150531,P, HTTP/1.1" 200 6554
186.103.159.46 - - [04/Apr/2017:13:46:04 -0300] "GET /cormun/servlet/trpermisosadjuntos?11756419,20170328150531,P, HTTP/1.1" 200 6554
186.103.159.46 - - [04/Apr/2017:13:46:13 -0300] "GET /cormun/servlet/permisosadjuntos?DLT,11756419,P,20170328150531,20170328150553, HTTP/1.1" 200 5461
186.103.159.46 - - [04/Apr/2017:13:46:14 -0300] "GET /cormun/static/Shared/jqueryui/images/ui-bg_highlight-soft_100_c6c2c8_1x100.png HTTP/1.1" 404 1117
186.103.159.46 - - [04/Apr/2017:13:46:14 -0300] "GET /cormun/static/Shared/jqueryui/images/ui-icons_82798d_256x240.png HTTP/1.1" 404 1089
186.103.159.46 - - [04/Apr/2017:13:46:14 -0300] "GET /cormun/static/Shared/jqueryui/images/ui-bg_flat_55_fafafa_40x100.png HTTP/1.1" 404 1097
186.103.159.46 - - [04/Apr/2017:13:46:14 -0300] "GET /cormun/static/Shared/jqueryui/images/ui-icons_8d78a5_256x240.png HTTP/1.1" 404 1089
186.103.159.46 - - [04/Apr/2017:13:46:14 -0300] "GET /cormun/servlet/permisosadjuntos?DLT,11756419,P,20170328150531,20170328150553, HTTP/1.1" 200 5450
186.103.159.46 - - [04/Apr/2017:13:46:16 -0300] "GET /cormun/PublicTempStorage/permiso_yovanna_valenzuela2103216.pdf HTTP/1.1" 200 519405
186.79.125.97 - - [04/Apr/2017:13:46:17 -0300] "GET /cormun/servlet/solicitudotadjuntos?INS,2017,5845,,1, HTTP/1.1" 200 5788
186.79.125.97 - - [04/Apr/2017:13:46:18 -0300] "GET /cormun/static/about:blank HTTP/1.1" 404 1011
186.79.125.97 - - [04/Apr/2017:13:46:18 -0300] "GET /cormun/servlet/solicitudotadjuntos?INS,2017,5845,,1, HTTP/1.1" 200 5782
186.79.125.97 - - [04/Apr/2017:13:46:19 -0300] "GET /cormun/servlet/solicitudotadjuntos?c88500017538a3546d05386f01eaabc64f9e56200acb9fc9285a83da7f5befa84809ca89d37dc6011767c5a97c7a4372,gx-no-cache=1491324450790 HTTP/1.1" 200 30
186.79.125.97 - - [04/Apr/2017:13:46:19 -0300] "POST /cormun/servlet/solicitudotadjuntos?e7bd7533a0c445f60b12551b49539a7f,INS,2017,5845,,1,,gx-no-cache=1491324450884 HTTP/1.1" 200 3634
186.103.159.46 - - [04/Apr/2017:13:46:21 -0300] "POST /cormun/servlet/permisosadjuntos?0718144fe0d248b0c6761993b282a6b2,DLT,11756419,P,20170328150531,20170328150553,,gx-no-cache=1491324447266 HTTP/1.1" 200 93
186.103.159.46 - - [04/Apr/2017:13:46:21 -0300] "GET /cormun/servlet/hpexe_return? HTTP/1.1" 200 1040
186.103.159.46 - - [04/Apr/2017:13:46:21 -0300] "GET /cormun/servlet/trpermisosadjuntos?11756419,20170328150531,P, HTTP/1.1" 200 6100
186.79.125.97 - - [04/Apr/2017:13:46:22 -0300] "POST /cormun/servlet/solicitudotadjuntos?gx-no-cache=1491324454121 HTTP/1.1" 200 26
186.103.159.46 - - [04/Apr/2017:13:46:23 -0300] "GET /cormun/servlet/trpermisosadjuntos?11756419,20170328150531,P, HTTP/1.1" 200 6097
192.168.10.13 - - [04/Apr/2017:13:46:25 -0300] "GET / HTTP/1.1" 200 11217
186.103.159.46 - - [04/Apr/2017:13:46:25 -0300] "GET /cormun/servlet/permisosadjuntos?INS,11756419,P,20170328150531,, HTTP/1.1" 200 5431
186.103.159.46 - - [04/Apr/2017:13:46:26 -0300] "GET /cormun/static/about:blank HTTP/1.1" 404 1011
186.103.159.46 - - [04/Apr/2017:13:46:27 -0300] "GET /cormun/servlet/permisosadjuntos?INS,11756419,P,20170328150531,, HTTP/1.1" 200 5421
186.79.125.97 - - [04/Apr/2017:13:46:28 -0300] "GET /cormun/servlet/solicitudotadjuntos?c88500017538a3546d05386f01eaabc6a573dc90b3c3819208c756c888634a53,gx-no-cache=1491324460236 HTTP/1.1" 200 30
186.79.125.97 - - [04/Apr/2017:13:46:28 -0300] "GET /cormun/servlet/solicitudotadjuntos?c88500017538a3546d05386f01eaabc6a573dc90b3c3819208c756c888634a53,gx-no-cache=1491324460291 HTTP/1.1" 200 30
186.79.125.97 - - [04/Apr/2017:13:46:39 -0300] "POST /cormun/servlet/solicitudotadjuntos?e7bd7533a0c445f60b12551b49539a7f,INS,2017,5845,,1, HTTP/1.1" 200 116
186.79.125.97 - - [04/Apr/2017:13:46:39 -0300] "GET /cormun/servlet/hpexe_return? HTTP/1.1" 200 1018
186.79.125.97 - - [04/Apr/2017:13:46:41 -0300] "GET /cormun/servlet/trsolicitudadjuntos?2017,5845, HTTP/1.1" 200 8348
186.79.125.97 - - [04/Apr/2017:13:46:42 -0300] "GET /cormun/servlet/trsolicitudadjuntos?2017,5845, HTTP/1.1" 200 8346
186.79.125.97 - - [04/Apr/2017:13:46:46 -0300] "GET /cormun/servlet/solicitudotadjuntos?INS,2017,5845,,1, HTTP/1.1" 200 5787
186.79.125.97 - - [04/Apr/2017:13:46:47 -0300] "GET /cormun/static/about:blank HTTP/1.1" 404 1011
186.79.125.97 - - [04/Apr/2017:13:46:47 -0300] "GET /cormun/servlet/solicitudotadjuntos?INS,2017,5845,,1, HTTP/1.1" 200 5781
186.79.125.97 - - [04/Apr/2017:13:46:47 -0300] "GET /cormun/servlet/solicitudotadjuntos?c88500017538a3546d05386f01eaabc64f9e56200acb9fc9285a83da7f5befa84809ca89d37dc6011767c5a97c7a4372,gx-no-cache=1491324479485 HTTP/1.1" 200 30
186.79.125.97 - - [04/Apr/2017:13:46:48 -0300] "POST /cormun/servlet/solicitudotadjuntos?e7bd7533a0c445f60b12551b49539a7f,INS,2017,5845,,1,,gx-no-cache=1491324479590 HTTP/1.1" 200 3634
186.79.125.97 - - [04/Apr/2017:13:46:51 -0300] "POST /cormun/servlet/solicitudotadjuntos?gx-no-cache=1491324483560 HTTP/1.1" 200 26
186.103.159.46 - - [04/Apr/2017:13:46:56 -0300] "POST /cormun/servlet/permisosadjuntos?0718144fe0d248b0c6761993b282a6b2,INS,11756419,P,20170328150531,, HTTP/1.1" 200 116
186.103.159.46 - - [04/Apr/2017:13:46:56 -0300] "GET /cormun/servlet/hpexe_return? HTTP/1.1" 200 1036
186.103.159.46 - - [04/Apr/2017:13:46:56 -0300] "GET /cormun/servlet/trpermisosadjuntos?11756419,20170328150531,P, HTTP/1.1" 200 6589
186.103.159.46 - - [04/Apr/2017:13:46:58 -0300] "GET /cormun/servlet/trpermisosadjuntos?11756419,20170328150531,P, HTTP/1.1" 200 6586
186.79.125.97 - - [04/Apr/2017:13:47:00 -0300] "GET /cormun/servlet/solicitudotadjuntos?c88500017538a3546d05386f01eaabc6a573dc90b3c3819208c756c888634a53,gx-no-cache=1491324492570 HTTP/1.1" 200 30
186.79.125.97 - - [04/Apr/2017:13:47:01 -0300] "GET /cormun/servlet/solicitudotadjuntos?c88500017538a3546d05386f01eaabc6a573dc90b3c3819208c756c888634a53,gx-no-cache=1491324492692 HTTP/1.1" 200 30
186.103.159.46 - - [04/Apr/2017:13:47:08 -0300] "POST /cormun/servlet/trpermisosadjuntos?0718144fe0d248b0c6761993b282a6b2,11756419,20170328150531,P,,gx-no-cache=1491324494416 HTTP/1.1" 200 90
186.103.159.46 - - [04/Apr/2017:13:47:08 -0300] "GET /cormun/servlet/hpexe_link HTTP/1.1" 200 982
186.103.159.46 - - [04/Apr/2017:13:47:08 -0300] "GET /cormun/servlet/trpermisosgoce HTTP/1.1" 200 12618
186.103.159.46 - - [04/Apr/2017:13:47:11 -0300] "GET /cormun/servlet/trpermisosgoce HTTP/1.1" 200 12616
186.79.125.97 - - [04/Apr/2017:13:47:13 -0300] "POST /cormun/servlet/solicitudotadjuntos?e7bd7533a0c445f60b12551b49539a7f,INS,2017,5845,,1, HTTP/1.1" 200 116
186.79.125.97 - - [04/Apr/2017:13:47:13 -0300] "GET /cormun/servlet/hpexe_return? HTTP/1.1" 200 1018
186.79.125.97 - - [04/Apr/2017:13:47:14 -0300] "GET /cormun/servlet/trsolicitudadjuntos?2017,5845, HTTP/1.1" 200 8495
186.79.125.97 - - [04/Apr/2017:13:47:15 -0300] "GET /cormun/servlet/trsolicitudadjuntos?2017,5845, HTTP/1.1" 200 8487
186.79.125.97 - - [04/Apr/2017:13:47:17 -0300] "GET /cormun/servlet/solicitudotadjuntos?INS,2017,5845,,1, HTTP/1.1" 200 5787
186.79.125.97 - - [04/Apr/2017:13:47:17 -0300] "GET /cormun/static/about:blank HTTP/1.1" 404 1011
186.79.125.97 - - [04/Apr/2017:13:47:18 -0300] "GET /cormun/servlet/solicitudotadjuntos?INS,2017,5845,,1, HTTP/1.1" 200 5781
186.79.125.97 - - [04/Apr/2017:13:47:18 -0300] "GET /cormun/servlet/solicitudotadjuntos?c88500017538a3546d05386f01eaabc64f9e56200acb9fc9285a83da7f5befa84809ca89d37dc6011767c5a97c7a4372,gx-no-cache=1491324510204 HTTP/1.1" 200 30
186.79.125.97 - - [04/Apr/2017:13:47:18 -0300] "POST /cormun/servlet/solicitudotadjuntos?e7bd7533a0c445f60b12551b49539a7f,INS,2017,5845,,1,,gx-no-cache=1491324510311 HTTP/1.1" 200 3634
186.79.125.97 - - [04/Apr/2017:13:47:21 -0300] "POST /cormun/servlet/solicitudotadjuntos?gx-no-cache=1491324513124 HTTP/1.1" 200 26
192.168.10.13 - - [04/Apr/2017:13:47:25 -0300] "GET / HTTP/1.1" 200 11217
186.79.125.97 - - [04/Apr/2017:13:47:30 -0300] "GET /cormun/servlet/solicitudotadjuntos?c88500017538a3546d05386f01eaabc6a573dc90b3c3819208c756c888634a53,gx-no-cache=1491324522068 HTTP/1.1" 200 30
186.79.125.97 - - [04/Apr/2017:13:47:30 -0300] "GET /cormun/servlet/solicitudotadjuntos?c88500017538a3546d05386f01eaabc6a573dc90b3c3819208c756c888634a53,gx-no-cache=1491324522197 HTTP/1.1" 200 30
186.103.159.182 - - [04/Apr/2017:13:47:36 -0300] "POST /cormun/servlet/solicitudot?0444c26432d2d7ca8e95183f9b4c8350,INS,0,0,,gx-no-cache=1491324522333 HTTP/1.1" 440 972
186.79.125.97 - - [04/Apr/2017:13:47:49 -0300] "POST /cormun/servlet/solicitudotadjuntos?e7bd7533a0c445f60b12551b49539a7f,INS,2017,5845,,1, HTTP/1.1" 200 116
186.79.125.97 - - [04/Apr/2017:13:47:50 -0300] "GET /cormun/servlet/hpexe_return? HTTP/1.1" 200 1018
186.79.125.97 - - [04/Apr/2017:13:47:51 -0300] "GET /cormun/servlet/trsolicitudadjuntos?2017,5845, HTTP/1.1" 200 8652
186.103.159.46 - - [04/Apr/2017:13:47:52 -0300] "GET /cormun/servlet/trpermisosadjuntos?13300331,20170328093823,P, HTTP/1.1" 200 6098
186.79.125.97 - - [04/Apr/2017:13:47:52 -0300] "GET /cormun/servlet/trsolicitudadjuntos?2017,5845, HTTP/1.1" 200 8653
186.103.159.46 - - [04/Apr/2017:13:47:54 -0300] "GET /cormun/servlet/trpermisosadjuntos?13300331,20170328093823,P, HTTP/1.1" 200 6097
186.79.125.97 - - [04/Apr/2017:13:47:54 -0300] "GET /cormun/servlet/solicitudotadjuntos?INS,2017,5845,,1, HTTP/1.1" 200 5786
186.79.125.97 - - [04/Apr/2017:13:47:55 -0300] "GET /cormun/static/about:blank HTTP/1.1" 404 1011
186.79.125.97 - - [04/Apr/2017:13:47:55 -0300] "GET /cormun/servlet/solicitudotadjuntos?INS,2017,5845,,1, HTTP/1.1" 200 5780
186.79.125.97 - - [04/Apr/2017:13:47:55 -0300] "GET /cormun/servlet/solicitudotadjuntos?c88500017538a3546d05386f01eaabc64f9e56200acb9fc9285a83da7f5befa84809ca89d37dc6011767c5a97c7a4372,gx-no-cache=1491324547359 HTTP/1.1" 200 30
186.79.125.97 - - [04/Apr/2017:13:47:55 -0300] "POST /cormun/servlet/solicitudotadjuntos?e7bd7533a0c445f60b12551b49539a7f,INS,2017,5845,,1,,gx-no-cache=1491324547428 HTTP/1.1" 200 3634
186.79.125.97 - - [04/Apr/2017:13:47:59 -0300] "POST /cormun/servlet/solicitudotadjuntos?gx-no-cache=1491324550653 HTTP/1.1" 200 26
186.103.159.46 - - [04/Apr/2017:13:48:02 -0300] "GET /cormun/servlet/permisosadjuntos?INS,13300331,P,20170328093823,, HTTP/1.1" 200 5434
186.103.159.46 - - [04/Apr/2017:13:48:03 -0300] "GET /cormun/static/about:blank HTTP/1.1" 404 1011
186.103.159.46 - - [04/Apr/2017:13:48:04 -0300] "GET /cormun/servlet/permisosadjuntos?INS,13300331,P,20170328093823,, HTTP/1.1" 200 5424
186.79.125.97 - - [04/Apr/2017:13:48:06 -0300] "GET /cormun/servlet/solicitudotadjuntos?c88500017538a3546d05386f01eaabc6a573dc90b3c3819208c756c888634a53,gx-no-cache=1491324558222 HTTP/1.1" 200 30
186.79.125.97 - - [04/Apr/2017:13:48:06 -0300] "GET /cormun/servlet/solicitudotadjuntos?c88500017538a3546d05386f01eaabc6a573dc90b3c3819208c756c888634a53,gx-no-cache=1491324558360 HTTP/1.1" 200 30
192.168.10.13 - - [04/Apr/2017:13:48:25 -0300] "GET / HTTP/1.1" 200 11217
186.79.125.97 - - [04/Apr/2017:13:48:38 -0300] "POST /cormun/servlet/solicitudotadjuntos?e7bd7533a0c445f60b12551b49539a7f,INS,2017,5845,,1, HTTP/1.1" 200 116
186.79.125.97 - - [04/Apr/2017:13:48:38 -0300] "GET /cormun/servlet/hpexe_return? HTTP/1.1" 200 1018
186.79.125.97 - - [04/Apr/2017:13:48:39 -0300] "GET /cormun/servlet/trsolicitudadjuntos?2017,5845, HTTP/1.1" 200 8898
186.79.125.97 - - [04/Apr/2017:13:48:40 -0300] "GET /cormun/servlet/trsolicitudadjuntos?2017,5845, HTTP/1.1" 200 8896
186.103.159.46 - - [04/Apr/2017:13:48:42 -0300] "POST /cormun/servlet/permisosadjuntos?0718144fe0d248b0c6761993b282a6b2,INS,13300331,P,20170328093823,, HTTP/1.1" 200 116
186.103.159.46 - - [04/Apr/2017:13:48:42 -0300] "GET /cormun/servlet/hpexe_return? HTTP/1.1" 200 1036
186.103.159.46 - - [04/Apr/2017:13:48:42 -0300] "GET /cormun/servlet/trpermisosadjuntos?13300331,20170328093823,P, HTTP/1.1" 200 6585
186.79.125.97 - - [04/Apr/2017:13:48:43 -0300] "GET /cormun/servlet/solicitudotadjuntos?INS,2017,5845,,1, HTTP/1.1" 200 5787
186.79.125.97 - - [04/Apr/2017:13:48:43 -0300] "GET /cormun/static/about:blank HTTP/1.1" 404 1011
186.79.125.97 - - [04/Apr/2017:13:48:43 -0300] "GET /cormun/servlet/solicitudotadjuntos?INS,2017,5845,,1, HTTP/1.1" 200 5781
186.79.125.97 - - [04/Apr/2017:13:48:44 -0300] "GET /cormun/servlet/solicitudotadjuntos?c88500017538a3546d05386f01eaabc64f9e56200acb9fc9285a83da7f5befa84809ca89d37dc6011767c5a97c7a4372,gx-no-cache=1491324596031 HTTP/1.1" 200 30
186.103.159.46 - - [04/Apr/2017:13:48:44 -0300] "GET /cormun/servlet/trpermisosadjuntos?13300331,20170328093823,P, HTTP/1.1" 200 6583
186.79.125.97 - - [04/Apr/2017:13:48:44 -0300] "POST /cormun/servlet/solicitudotadjuntos?e7bd7533a0c445f60b12551b49539a7f,INS,2017,5845,,1,,gx-no-cache=1491324596142 HTTP/1.1" 200 3635
186.103.159.46 - - [04/Apr/2017:13:48:48 -0300] "POST /cormun/servlet/trpermisosadjuntos?0718144fe0d248b0c6761993b282a6b2,13300331,20170328093823,P,,gx-no-cache=1491324594279 HTTP/1.1" 200 90
186.103.159.46 - - [04/Apr/2017:13:48:48 -0300] "GET /cormun/servlet/hpexe_link HTTP/1.1" 200 981
186.103.159.46 - - [04/Apr/2017:13:48:48 -0300] "GET /cormun/servlet/trpermisosgoce HTTP/1.1" 200 12614
186.103.159.46 - - [04/Apr/2017:13:48:50 -0300] "GET /cormun/servlet/trpermisosgoce HTTP/1.1" 200 12613
186.79.125.97 - - [04/Apr/2017:13:48:58 -0300] "POST /cormun/servlet/solicitudotadjuntos?e7bd7533a0c445f60b12551b49539a7f,INS,2017,5845,,1,,gx-no-cache=1491324609629 HTTP/1.1" 200 93
186.79.125.97 - - [04/Apr/2017:13:48:58 -0300] "GET /cormun/servlet/hpexe_return? HTTP/1.1" 200 1018
186.79.125.97 - - [04/Apr/2017:13:48:59 -0300] "GET /cormun/servlet/trsolicitudadjuntos?2017,5845, HTTP/1.1" 200 8900
186.79.125.97 - - [04/Apr/2017:13:49:01 -0300] "GET /cormun/servlet/trsolicitudadjuntos?2017,5845, HTTP/1.1" 200 8895
186.103.159.46 - - [04/Apr/2017:13:49:05 -0300] "GET /cormun/servlet/trpermisosadjuntos?13300331,20170328094029,P, HTTP/1.1" 200 6097
186.79.125.97 - - [04/Apr/2017:13:49:06 -0300] "GET /cormun/servlet/solicitudotadjuntos?INS,2017,5845,,2, HTTP/1.1" 200 5787
186.79.125.97 - - [04/Apr/2017:13:49:07 -0300] "GET /cormun/static/about:blank HTTP/1.1" 404 1011
186.103.159.46 - - [04/Apr/2017:13:49:07 -0300] "GET /cormun/servlet/trpermisosadjuntos?13300331,20170328094029,P, HTTP/1.1" 200 6096
186.79.125.97 - - [04/Apr/2017:13:49:07 -0300] "GET /cormun/servlet/solicitudotadjuntos?INS,2017,5845,,2, HTTP/1.1" 200 5780
186.79.125.97 - - [04/Apr/2017:13:49:07 -0300] "GET /cormun/servlet/solicitudotadjuntos?c88500017538a3546d05386f01eaabc64f9e56200acb9fc9285a83da7f5befa84809ca89d37dc6011767c5a97c7a4372,gx-no-cache=1491324619665 HTTP/1.1" 200 30
186.79.125.97 - - [04/Apr/2017:13:49:08 -0300] "POST /cormun/servlet/solicitudotadjuntos?e7bd7533a0c445f60b12551b49539a7f,INS,2017,5845,,2,,gx-no-cache=1491324619735 HTTP/1.1" 200 3846
186.103.159.46 - - [04/Apr/2017:13:49:10 -0300] "GET /cormun/servlet/permisosadjuntos?INS,13300331,P,20170328094029,, HTTP/1.1" 200 5436
186.103.159.46 - - [04/Apr/2017:13:49:10 -0300] "GET /cormun/static/about:blank HTTP/1.1" 404 1011
186.103.159.46 - - [04/Apr/2017:13:49:11 -0300] "GET /cormun/servlet/permisosadjuntos?INS,13300331,P,20170328094029,, HTTP/1.1" 200 5425
192.168.10.13 - - [04/Apr/2017:13:49:25 -0300] "GET / HTTP/1.1" 200 11217
186.103.159.46 - - [04/Apr/2017:13:49:27 -0300] "POST /cormun/servlet/permisosadjuntos?0718144fe0d248b0c6761993b282a6b2,INS,13300331,P,20170328094029,, HTTP/1.1" 200 116
186.103.159.46 - - [04/Apr/2017:13:49:28 -0300] "GET /cormun/servlet/hpexe_return? HTTP/1.1" 200 1036
186.103.159.46 - - [04/Apr/2017:13:49:28 -0300] "GET /cormun/servlet/trpermisosadjuntos?13300331,20170328094029,P, HTTP/1.1" 200 6586
186.103.159.46 - - [04/Apr/2017:13:49:29 -0300] "GET /cormun/servlet/trpermisosadjuntos?13300331,20170328094029,P, HTTP/1.1" 200 6583
186.79.183.59 - - [04/Apr/2017:13:49:29 -0300] "GET /cormun/servlet/trpermisosadjuntos?17525688,20170403171844,P, HTTP/1.1" 200 6669
186.79.183.59 - - [04/Apr/2017:13:49:30 -0300] "GET /cormun/static/gxcfg.js?201731711542659 HTTP/1.1" 304 -
186.79.183.59 - - [04/Apr/2017:13:49:32 -0300] "GET /cormun/servlet/trpermisosadjuntos?17525688,20170403171844,P, HTTP/1.1" 200 6670
186.79.183.59 - - [04/Apr/2017:13:49:35 -0300] "GET /cormun/PublicTempStorage/claudia_san_martin6290279.jpeg HTTP/1.1" 200 222428
186.79.183.59 - - [04/Apr/2017:13:49:37 -0300] "GET /cormun/servlet/permisosadjuntos?INS,17525688,P,20170403171844,, HTTP/1.1" 200 5428
186.79.183.59 - - [04/Apr/2017:13:49:37 -0300] "GET /cormun/static/gxcfg.js?2016122813135788 HTTP/1.1" 304 -
186.79.183.59 - - [04/Apr/2017:13:49:38 -0300] "GET /cormun/static/about:blank HTTP/1.1" 404 1011
186.79.183.59 - - [04/Apr/2017:13:49:38 -0300] "GET /cormun/servlet/permisosadjuntos?INS,17525688,P,20170403171844,, HTTP/1.1" 200 5418
186.103.159.46 - - [04/Apr/2017:13:49:41 -0300] "POST /cormun/servlet/trpermisosadjuntos?0718144fe0d248b0c6761993b282a6b2,13300331,20170328094029,P,,gx-no-cache=1491324647463 HTTP/1.1" 200 90
186.79.183.59 - - [04/Apr/2017:13:49:41 -0300] "POST /cormun/servlet/permisosadjuntos?998ae05bfc1ad2d722c32cb00deed264,INS,17525688,P,20170403171844,,,gx-no-cache=1491328090342 HTTP/1.1" 200 93
186.103.159.46 - - [04/Apr/2017:13:49:41 -0300] "GET /cormun/servlet/hpexe_link HTTP/1.1" 200 981
186.79.183.59 - - [04/Apr/2017:13:49:41 -0300] "GET /cormun/servlet/hpexe_return? HTTP/1.1" 200 1032
186.103.159.46 - - [04/Apr/2017:13:49:42 -0300] "GET /cormun/servlet/trpermisosgoce HTTP/1.1" 200 12603
186.79.183.59 - - [04/Apr/2017:13:49:42 -0300] "GET /cormun/servlet/trpermisosadjuntos?17525688,20170403171844,P, HTTP/1.1" 200 6739
186.79.183.59 - - [04/Apr/2017:13:49:43 -0300] "GET /cormun/servlet/trpermisosadjuntos?17525688,20170403171844,P, HTTP/1.1" 200 6733
186.103.159.46 - - [04/Apr/2017:13:49:44 -0300] "GET /cormun/servlet/trpermisosgoce HTTP/1.1" 200 12615
186.79.183.59 - - [04/Apr/2017:13:49:45 -0300] "GET /cormun/PublicTempStorage/claudia_san_martin8477868.jpeg HTTP/1.1" 200 222428
186.79.183.59 - - [04/Apr/2017:13:49:47 -0300] "GET /cormun/servlet/permisosadjuntos?INS,17525688,P,20170403171844,, HTTP/1.1" 200 5428
186.79.183.59 - - [04/Apr/2017:13:49:47 -0300] "GET /cormun/static/about:blank HTTP/1.1" 404 1011
186.79.183.59 - - [04/Apr/2017:13:49:48 -0300] "GET /cormun/servlet/permisosadjuntos?INS,17525688,P,20170403171844,, HTTP/1.1" 200 5418
186.103.159.46 - - [04/Apr/2017:13:49:54 -0300] "GET /cormun/servlet/trpermisosadjuntos?12912142,20170328150306,P, HTTP/1.1" 200 6554
186.103.159.46 - - [04/Apr/2017:13:49:55 -0300] "GET /cormun/servlet/trpermisosadjuntos?12912142,20170328150306,P, HTTP/1.1" 200 6554
186.79.183.59 - - [04/Apr/2017:13:50:05 -0300] "POST /cormun/servlet/permisosadjuntos?998ae05bfc1ad2d722c32cb00deed264,INS,17525688,P,20170403171844,, HTTP/1.1" 200 116
186.79.183.59 - - [04/Apr/2017:13:50:06 -0300] "GET /cormun/servlet/hpexe_return? HTTP/1.1" 200 1032
186.79.183.59 - - [04/Apr/2017:13:50:06 -0300] "GET /cormun/servlet/trpermisosadjuntos?17525688,20170403171844,P, HTTP/1.1" 200 6810
186.79.183.59 - - [04/Apr/2017:13:50:07 -0300] "GET /cormun/servlet/trpermisosadjuntos?17525688,20170403171844,P, HTTP/1.1" 200 6806
186.79.183.59 - - [04/Apr/2017:13:50:09 -0300] "GET /cormun/PublicTempStorage/claudia_san_martin6945340.jpeg HTTP/1.1" 200 222428
186.103.159.46 - - [04/Apr/2017:13:50:13 -0300] "GET /cormun/servlet/permisosadjuntos?DLT,12912142,P,20170328150306,20170328150345, HTTP/1.1" 200 5463
192.168.10.96 - - [04/Apr/2017:13:50:13 -0300] "GET /cormun/servlet/trinasistenciacormun? HTTP/1.1" 200 9191
192.168.10.96 - - [04/Apr/2017:13:50:13 -0300] "GET /cormun/static/gxcfg.js?201731711564076 HTTP/1.1" 200 953
192.168.10.96 - - [04/Apr/2017:13:50:13 -0300] "GET /cormun/static/trinasistenciacormun.js?201731711564619 HTTP/1.1" 304 -
186.103.159.46 - - [04/Apr/2017:13:50:13 -0300] "GET /cormun/PublicTempStorage/permiso_alejandra_guzman4372374.pdf HTTP/1.1" 200 59593
192.168.10.96 - - [04/Apr/2017:13:50:13 -0300] "GET /cormun/servlet/trinasistenciacormun? HTTP/1.1" 200 9190
186.103.159.46 - - [04/Apr/2017:13:50:14 -0300] "GET /cormun/static/Shared/jqueryui/images/ui-bg_highlight-soft_100_c6c2c8_1x100.png HTTP/1.1" 404 1117
186.103.159.46 - - [04/Apr/2017:13:50:14 -0300] "GET /cormun/static/Shared/jqueryui/images/ui-icons_82798d_256x240.png HTTP/1.1" 404 1089
186.103.159.46 - - [04/Apr/2017:13:50:14 -0300] "GET /cormun/static/Shared/jqueryui/images/ui-bg_flat_55_fafafa_40x100.png HTTP/1.1" 404 1097
186.103.159.46 - - [04/Apr/2017:13:50:14 -0300] "GET /cormun/static/Shared/jqueryui/images/ui-icons_8d78a5_256x240.png HTTP/1.1" 404 1089
186.103.159.46 - - [04/Apr/2017:13:50:14 -0300] "GET /cormun/servlet/permisosadjuntos?DLT,12912142,P,20170328150306,20170328150345, HTTP/1.1" 200 5452
186.103.159.46 - - [04/Apr/2017:13:50:17 -0300] "POST /cormun/servlet/permisosadjuntos?0718144fe0d248b0c6761993b282a6b2,DLT,12912142,P,20170328150306,20170328150345,,gx-no-cache=1491324682842 HTTP/1.1" 200 93
186.103.159.46 - - [04/Apr/2017:13:50:17 -0300] "GET /cormun/servlet/hpexe_return? HTTP/1.1" 200 1040
186.103.159.46 - - [04/Apr/2017:13:50:17 -0300] "GET /cormun/servlet/trpermisosadjuntos?12912142,20170328150306,P, HTTP/1.1" 200 6102
186.103.159.46 - - [04/Apr/2017:13:50:19 -0300] "GET /cormun/servlet/trpermisosadjuntos?12912142,20170328150306,P, HTTP/1.1" 200 6099
186.79.125.97 - - [04/Apr/2017:13:50:21 -0300] "GET /cormun/servlet/hlogin HTTP/1.1" 200 1718
186.103.159.46 - - [04/Apr/2017:13:50:22 -0300] "GET /cormun/servlet/permisosadjuntos?INS,12912142,P,20170328150306,, HTTP/1.1" 200 5432
186.103.159.46 - - [04/Apr/2017:13:50:22 -0300] "GET /cormun/static/about:blank HTTP/1.1" 404 1011
186.103.159.46 - - [04/Apr/2017:13:50:23 -0300] "GET /cormun/servlet/permisosadjuntos?INS,12912142,P,20170328150306,, HTTP/1.1" 200 5420
186.79.125.97 - - [04/Apr/2017:13:50:24 -0300] "POST /cormun/servlet/hlogin?5be8af6f651bbbd1f0c30a5838a1a8e8,gx-no-cache=1491324695707 HTTP/1.1" 200 90
186.79.125.97 - - [04/Apr/2017:13:50:24 -0300] "GET /cormun/servlet/hpexe_link HTTP/1.1" 200 945
186.79.125.97 - - [04/Apr/2017:13:50:24 -0300] "GET /cormun/servlet/hhome HTTP/1.1" 200 3751
186.79.125.97 - - [04/Apr/2017:13:50:25 -0300] "GET /cormun/servlet/hhome HTTP/1.1" 200 3748
192.168.10.13 - - [04/Apr/2017:13:50:25 -0300] "GET / HTTP/1.1" 200 11217
192.168.10.96 - - [04/Apr/2017:13:50:26 -0300] "GET /cormun/servlet/trpermisosingoceadjunto?38,11889122, HTTP/1.1" 200 6726
192.168.10.96 - - [04/Apr/2017:13:50:26 -0300] "GET /cormun/static/gxcfg.js?2016101716221623 HTTP/1.1" 200 953
192.168.10.96 - - [04/Apr/2017:13:50:26 -0300] "GET /cormun/static/trpermisosingoceadjunto.js?2016101716221846 HTTP/1.1" 304 -
192.168.10.96 - - [04/Apr/2017:13:50:27 -0300] "GET /cormun/PublicTempStorage/carlos147364.jpg HTTP/1.1" 200 1528668
192.168.10.96 - - [04/Apr/2017:13:50:27 -0300] "GET /cormun/servlet/trpermisosingoceadjunto?38,11889122, HTTP/1.1" 200 6725
192.168.10.96 - - [04/Apr/2017:13:50:28 -0300] "GET /cormun/PublicTempStorage/carlos147364.jpg HTTP/1.1" 304 -
186.79.125.97 - - [04/Apr/2017:13:50:29 -0300] "GET /cormun/servlet/trsolicitudot? HTTP/1.1" 200 9154
186.79.125.97 - - [04/Apr/2017:13:50:30 -0300] "GET /cormun/servlet/trsolicitudot? HTTP/1.1" 200 9152
186.79.125.97 - - [04/Apr/2017:13:50:37 -0300] "POST /cormun/servlet/trsolicitudot?5be8af6f651bbbd1f0c30a5838a1a8e8,,gx-no-cache=1491324708460 HTTP/1.1" 200 107
186.79.125.97 - - [04/Apr/2017:13:50:38 -0300] "GET /cormun/servlet/trsolicitudadjuntos?2017,5845, HTTP/1.1" 200 8893
186.79.125.97 - - [04/Apr/2017:13:50:39 -0300] "GET /cormun/servlet/trsolicitudadjuntos?2017,5845, HTTP/1.1" 200 8899
192.168.10.96 - - [04/Apr/2017:13:50:43 -0300] "GET /cormun/servlet/trpermisosingoceadjunto?38,11889122, HTTP/1.1" 200 6726
192.168.10.96 - - [04/Apr/2017:13:50:44 -0300] "GET /cormun/PublicTempStorage/carlos1457202.jpg HTTP/1.1" 200 1528668
192.168.10.96 - - [04/Apr/2017:13:50:44 -0300] "GET /cormun/servlet/trpermisosingoceadjunto?38,11889122, HTTP/1.1" 200 6727
186.103.159.46 - - [04/Apr/2017:13:50:46 -0300] "POST /cormun/servlet/permisosadjuntos?0718144fe0d248b0c6761993b282a6b2,INS,12912142,P,20170328150306,, HTTP/1.1" 200 116
186.103.159.46 - - [04/Apr/2017:13:50:48 -0300] "GET /cormun/servlet/hpexe_return? HTTP/1.1" 200 1036
186.103.159.46 - - [04/Apr/2017:13:50:48 -0300] "GET /cormun/servlet/trpermisosadjuntos?12912142,20170328150306,P, HTTP/1.1" 200 6593
192.168.10.96 - - [04/Apr/2017:13:50:49 -0300] "GET /cormun/servlet/trinasistenciacormun? HTTP/1.1" 200 9192
186.103.159.46 - - [04/Apr/2017:13:50:50 -0300] "GET /cormun/servlet/trpermisosadjuntos?12912142,20170328150306,P, HTTP/1.1" 200 6588
192.168.10.96 - - [04/Apr/2017:13:50:50 -0300] "GET /cormun/servlet/trinasistenciacormun? HTTP/1.1" 200 9190
186.103.159.46 - - [04/Apr/2017:13:50:52 -0300] "POST /cormun/servlet/trpermisosadjuntos?0718144fe0d248b0c6761993b282a6b2,12912142,20170328150306,P,,gx-no-cache=1491324718608 HTTP/1.1" 200 90
186.103.159.46 - - [04/Apr/2017:13:50:52 -0300] "GET /cormun/servlet/hpexe_link HTTP/1.1" 200 982
186.103.159.46 - - [04/Apr/2017:13:50:53 -0300] "GET /cormun/servlet/trpermisosgoce HTTP/1.1" 200 12610
186.103.159.46 - - [04/Apr/2017:13:50:55 -0300] "GET /cormun/servlet/trpermisosgoce HTTP/1.1" 200 12635
186.103.159.46 - - [04/Apr/2017:13:51:07 -0300] "GET /cormun/servlet/trpermisosadjuntos?7452197,20170327170606,P, HTTP/1.1" 200 6552
186.79.125.97 - - [04/Apr/2017:13:51:09 -0300] "GET /cormun/servlet/solicitudotadjuntos?INS,2017,5845,,1, HTTP/1.1" 200 5788
186.103.159.46 - - [04/Apr/2017:13:51:09 -0300] "GET /cormun/servlet/trpermisosadjuntos?7452197,20170327170606,P, HTTP/1.1" 200 6551
186.79.125.97 - - [04/Apr/2017:13:51:09 -0300] "GET /cormun/static/about:blank HTTP/1.1" 404 1011
186.79.125.97 - - [04/Apr/2017:13:51:10 -0300] "GET /cormun/servlet/solicitudotadjuntos?INS,2017,5845,,1, HTTP/1.1" 200 5782
186.79.125.97 - - [04/Apr/2017:13:51:10 -0300] "GET /cormun/servlet/solicitudotadjuntos?82272983b8853c3cc1a095e6257fd94ed6ece01abd1b45a454503c1155ac6a4ba99ee1894216f6fded8a27aa3d4777b1,gx-no-cache=1491324742388 HTTP/1.1" 200 30
186.79.125.97 - - [04/Apr/2017:13:51:11 -0300] "POST /cormun/servlet/solicitudotadjuntos?5be8af6f651bbbd1f0c30a5838a1a8e8,INS,2017,5845,,1,,gx-no-cache=1491324742503 HTTP/1.1" 200 3633
186.79.125.97 - - [04/Apr/2017:13:51:17 -0300] "POST /cormun/servlet/solicitudotadjuntos?gx-no-cache=1491324748624 HTTP/1.1" 200 26
186.103.159.46 - - [04/Apr/2017:13:51:22 -0300] "GET /cormun/servlet/permisosadjuntos?DLT,7452197,P,20170327170606,20170327170622, HTTP/1.1" 200 5463
186.103.159.46 - - [04/Apr/2017:13:51:23 -0300] "GET /cormun/PublicTempStorage/permiso_ricardo_barrera_0016116054.pdf HTTP/1.1" 200 512263
186.103.159.46 - - [04/Apr/2017:13:51:24 -0300] "GET /cormun/static/Shared/jqueryui/images/ui-bg_highlight-soft_100_c6c2c8_1x100.png HTTP/1.1" 404 1117
186.103.159.46 - - [04/Apr/2017:13:51:24 -0300] "GET /cormun/static/Shared/jqueryui/images/ui-icons_82798d_256x240.png HTTP/1.1" 404 1089
186.103.159.46 - - [04/Apr/2017:13:51:24 -0300] "GET /cormun/static/Shared/jqueryui/images/ui-bg_flat_55_fafafa_40x100.png HTTP/1.1" 404 1097
186.103.159.46 - - [04/Apr/2017:13:51:24 -0300] "GET /cormun/static/Shared/jqueryui/images/ui-icons_8d78a5_256x240.png HTTP/1.1" 404 1089
186.103.159.46 - - [04/Apr/2017:13:51:24 -0300] "GET /cormun/servlet/permisosadjuntos?DLT,7452197,P,20170327170606,20170327170622, HTTP/1.1" 200 5453
192.168.10.13 - - [04/Apr/2017:13:51:25 -0300] "GET / HTTP/1.1" 200 11217
186.103.159.46 - - [04/Apr/2017:13:51:26 -0300] "POST /cormun/servlet/permisosadjuntos?0718144fe0d248b0c6761993b282a6b2,DLT,7452197,P,20170327170606,20170327170622,,gx-no-cache=1491324752465 HTTP/1.1" 200 93
186.103.159.46 - - [04/Apr/2017:13:51:26 -0300] "GET /cormun/servlet/hpexe_return? HTTP/1.1" 200 1039
186.103.159.46 - - [04/Apr/2017:13:51:27 -0300] "GET /cormun/servlet/trpermisosadjuntos?7452197,20170327170606,P, HTTP/1.1" 200 6098
186.103.159.46 - - [04/Apr/2017:13:51:29 -0300] "GET /cormun/servlet/trpermisosadjuntos?7452197,20170327170606,P, HTTP/1.1" 200 6093
192.168.10.96 - - [04/Apr/2017:13:51:32 -0300] "GET /cormun/servlet/trpermisosingoceadjunto?38,11889122, HTTP/1.1" 200 6726
192.168.10.96 - - [04/Apr/2017:13:51:33 -0300] "GET /cormun/PublicTempStorage/carlos4540147.jpg HTTP/1.1" 200 1528668
192.168.10.96 - - [04/Apr/2017:13:51:33 -0300] "GET /cormun/servlet/trpermisosingoceadjunto?38,11889122, HTTP/1.1" 200 6727
186.103.159.46 - - [04/Apr/2017:13:51:33 -0300] "GET /cormun/servlet/permisosadjuntos?INS,7452197,P,20170327170606,, HTTP/1.1" 200 5429
186.103.159.46 - - [04/Apr/2017:13:51:33 -0300] "GET /cormun/static/about:blank HTTP/1.1" 404 1011
192.168.10.96 - - [04/Apr/2017:13:51:34 -0300] "GET /cormun/PublicTempStorage/carlos4540147.jpg HTTP/1.1" 304 -
186.103.159.46 - - [04/Apr/2017:13:51:34 -0300] "GET /cormun/servlet/permisosadjuntos?INS,7452197,P,20170327170606,, HTTP/1.1" 200 5420
186.79.125.97 - - [04/Apr/2017:13:51:38 -0300] "GET /cormun/servlet/solicitudotadjuntos?82272983b8853c3cc1a095e6257fd94e7a8c3dcd6d9809b0b3f590899ac16ee7,gx-no-cache=1491324770161 HTTP/1.1" 200 30
186.79.125.97 - - [04/Apr/2017:13:51:38 -0300] "GET /cormun/servlet/solicitudotadjuntos?82272983b8853c3cc1a095e6257fd94e7a8c3dcd6d9809b0b3f590899ac16ee7,gx-no-cache=1491324770349 HTTP/1.1" 200 30
186.103.159.46 - - [04/Apr/2017:13:51:53 -0300] "POST /cormun/servlet/permisosadjuntos?0718144fe0d248b0c6761993b282a6b2,INS,7452197,P,20170327170606,, HTTP/1.1" 200 116
186.103.159.46 - - [04/Apr/2017:13:51:53 -0300] "GET /cormun/servlet/hpexe_return? HTTP/1.1" 200 1035
186.103.159.46 - - [04/Apr/2017:13:51:54 -0300] "GET /cormun/servlet/trpermisosadjuntos?7452197,20170327170606,P, HTTP/1.1" 200 6583
186.103.159.46 - - [04/Apr/2017:13:51:55 -0300] "GET /cormun/servlet/trpermisosadjuntos?7452197,20170327170606,P, HTTP/1.1" 200 6579
186.79.125.97 - - [04/Apr/2017:13:51:57 -0300] "POST /cormun/servlet/solicitudotadjuntos?5be8af6f651bbbd1f0c30a5838a1a8e8,INS,2017,5845,,1, HTTP/1.1" 200 5858
186.79.125.97 - - [04/Apr/2017:13:51:57 -0300] "GET /cormun/static/Shared/jqueryui/images/ui-bg_highlight-soft_100_c6c2c8_1x100.png HTTP/1.1" 404 1117
186.79.125.97 - - [04/Apr/2017:13:51:57 -0300] "GET /cormun/static/Shared/jqueryui/images/ui-icons_82798d_256x240.png HTTP/1.1" 404 1089
186.79.125.97 - - [04/Apr/2017:13:51:57 -0300] "GET /cormun/static/Shared/jqueryui/images/ui-bg_flat_55_994d53_40x100.png HTTP/1.1" 404 1097
186.79.125.97 - - [04/Apr/2017:13:51:57 -0300] "GET /cormun/static/Shared/jqueryui/images/ui-icons_ebccce_256x240.png HTTP/1.1" 404 1089
186.103.159.46 - - [04/Apr/2017:13:51:58 -0300] "POST /cormun/servlet/trpermisosadjuntos?0718144fe0d248b0c6761993b282a6b2,7452197,20170327170606,P,,gx-no-cache=1491324784625 HTTP/1.1" 200 90
186.103.159.46 - - [04/Apr/2017:13:51:58 -0300] "GET /cormun/servlet/hpexe_link HTTP/1.1" 200 981
186.103.159.46 - - [04/Apr/2017:13:51:59 -0300] "GET /cormun/servlet/trpermisosgoce HTTP/1.1" 200 12620
186.79.125.97 - - [04/Apr/2017:13:51:59 -0300] "GET /cormun/PrivateTempStorage/upload_00003362.jpg HTTP/1.1" 200 1108014
186.103.159.46 - - [04/Apr/2017:13:52:00 -0300] "GET /cormun/servlet/trpermisosgoce HTTP/1.1" 200 12620
192.168.10.96 - - [04/Apr/2017:13:52:13 -0300] "GET /cormun/servlet/trpermisosingoceadjunto?38,11889122, HTTP/1.1" 200 6727
192.168.10.96 - - [04/Apr/2017:13:52:13 -0300] "GET /cormun/PublicTempStorage/carlos8496346.jpg HTTP/1.1" 200 1528668
192.168.10.96 - - [04/Apr/2017:13:52:13 -0300] "GET /cormun/servlet/trpermisosingoceadjunto?38,11889122, HTTP/1.1" 200 6726
186.79.125.97 - - [04/Apr/2017:13:52:17 -0300] "GET /cormun/servlet/hlogin HTTP/1.1" 200 1718
186.79.125.97 - - [04/Apr/2017:13:52:19 -0300] "POST /cormun/servlet/hlogin?3941d89f190434fa832fc47a0c98466d,gx-no-cache=1491324811595 HTTP/1.1" 200 90
186.79.125.97 - - [04/Apr/2017:13:52:20 -0300] "GET /cormun/servlet/hpexe_link HTTP/1.1" 200 948
186.79.125.97 - - [04/Apr/2017:13:52:20 -0300] "GET /cormun/servlet/hhome HTTP/1.1" 200 3754
186.79.125.97 - - [04/Apr/2017:13:52:21 -0300] "GET /cormun/servlet/hhome HTTP/1.1" 200 3750
186.79.125.97 - - [04/Apr/2017:13:52:23 -0300] "GET /cormun/servlet/trsolicitudot? HTTP/1.1" 200 9157
200.73.230.173 - - [04/Apr/2017:13:52:23 -0300] "GET /cormun/servlet/hlogin HTTP/1.1" 200 1728
200.73.230.173 - - [04/Apr/2017:13:52:23 -0300] "GET /cormun/static/gxtimezone.js?85251 HTTP/1.1" 200 5781
200.73.230.173 - - [04/Apr/2017:13:52:23 -0300] "GET /cormun/static/gxcfg.js?201731711485472 HTTP/1.1" 200 953
200.73.230.173 - - [04/Apr/2017:13:52:23 -0300] "GET /cormun/static/Resources/Spanish/PXTools.css?11294912 HTTP/1.1" 304 -
200.73.230.173 - - [04/Apr/2017:13:52:24 -0300] "GET /cormun/static/gxgral.js?85251 HTTP/1.1" 200 40960
200.73.230.173 - - [04/Apr/2017:13:52:24 -0300] "GET /cormun/static/messages.spa.js?85251 HTTP/1.1" 200 30736
200.73.230.173 - - [04/Apr/2017:13:52:24 -0300] "GET /cormun/static/hlogin.js?201731711485490 HTTP/1.1" 200 2136
186.79.125.97 - - [04/Apr/2017:13:52:24 -0300] "GET /cormun/servlet/trsolicitudot? HTTP/1.1" 200 9154
200.73.230.173 - - [04/Apr/2017:13:52:24 -0300] "GET /cormun/static/Resources/ComunLogin.png HTTP/1.1" 200 17326
200.73.230.173 - - [04/Apr/2017:13:52:25 -0300] "GET /cormun/static/Resources/PXToolsLoginTop.png HTTP/1.1" 200 1337
200.73.230.173 - - [04/Apr/2017:13:52:25 -0300] "GET /cormun/static/Resources/PXToolsLoginBackground.png HTTP/1.1" 200 1164
200.73.230.173 - - [04/Apr/2017:13:52:25 -0300] "GET /cormun/static/Resources/PXToolsButtonLeft21.png HTTP/1.1" 200 1287
200.73.230.173 - - [04/Apr/2017:13:52:25 -0300] "GET /cormun/static/Resources/PXToolsLoginBottom.png HTTP/1.1" 200 1389
200.73.230.173 - - [04/Apr/2017:13:52:25 -0300] "GET /cormun/static/Resources/PXToolsButtonBackground2.png HTTP/1.1" 200 1181
200.73.230.173 - - [04/Apr/2017:13:52:25 -0300] "GET /cormun/static/Resources/PXToolsButtonRight21.png HTTP/1.1" 200 1283
200.73.230.173 - - [04/Apr/2017:13:52:25 -0300] "GET /cormun/servlet/hlogin HTTP/1.1" 200 1734
192.168.10.13 - - [04/Apr/2017:13:52:25 -0300] "GET / HTTP/1.1" 200 11217
186.103.159.46 - - [04/Apr/2017:13:52:25 -0300] "GET /cormun/servlet/trpermisosadjuntos?17458217,20170327170308,P, HTTP/1.1" 200 6544
200.73.230.173 - - [04/Apr/2017:13:52:27 -0300] "GET /favicon.ico HTTP/1.1" 200 21630
186.103.159.46 - - [04/Apr/2017:13:52:27 -0300] "GET /cormun/servlet/trpermisosadjuntos?17458217,20170327170308,P, HTTP/1.1" 200 6545
186.79.125.97 - - [04/Apr/2017:13:52:34 -0300] "POST /cormun/servlet/trsolicitudot?3941d89f190434fa832fc47a0c98466d,,gx-no-cache=1491324825870 HTTP/1.1" 200 5998
186.79.125.97 - - [04/Apr/2017:13:52:34 -0300] "GET /cormun/static/Shared/jqueryui/images/ui-bg_highlight-soft_100_c6c2c8_1x100.png HTTP/1.1" 404 1117
186.79.125.97 - - [04/Apr/2017:13:52:34 -0300] "GET /cormun/static/Shared/jqueryui/images/ui-icons_82798d_256x240.png HTTP/1.1" 404 1089
186.79.125.97 - - [04/Apr/2017:13:52:34 -0300] "GET /cormun/static/Shared/jqueryui/images/ui-bg_flat_55_fafafa_40x100.png HTTP/1.1" 404 1097
186.79.125.97 - - [04/Apr/2017:13:52:34 -0300] "GET /cormun/static/Shared/jqueryui/images/ui-icons_8d78a5_256x240.png HTTP/1.1" 404 1089
186.79.125.97 - - [04/Apr/2017:13:52:35 -0300] "POST /cormun/servlet/trsolicitudot?3941d89f190434fa832fc47a0c98466d,,gx-no-cache=1491324826563 HTTP/1.1" 200 5939
200.73.230.173 - - [04/Apr/2017:13:52:36 -0300] "POST /cormun/servlet/hlogin?627b9af5fa3797ec3fe5cf963f5cc0e1,gx-no-cache=1491324835198 HTTP/1.1" 200 90
200.73.230.173 - - [04/Apr/2017:13:52:36 -0300] "GET /cormun/servlet/hpexe_link HTTP/1.1" 200 955
200.73.230.173 - - [04/Apr/2017:13:52:36 -0300] "GET /cormun/static/gxcfg.js?201731711483381 HTTP/1.1" 200 953
200.73.230.173 - - [04/Apr/2017:13:52:37 -0300] "GET /cormun/static/hpexe_link.js?201731711483384 HTTP/1.1" 200 625
200.73.230.173 - - [04/Apr/2017:13:52:37 -0300] "GET /cormun/servlet/hhome HTTP/1.1" 200 3812
200.73.230.173 - - [04/Apr/2017:13:52:37 -0300] "GET /cormun/static/gxcfg.js?201731711483497 HTTP/1.1" 200 953
200.73.230.173 - - [04/Apr/2017:13:52:37 -0300] "GET /cormun/static/PXToolsJavascripts/pexe_autoreload.js HTTP/1.1" 200 1762
200.73.230.173 - - [04/Apr/2017:13:52:37 -0300] "GET /cormun/static/PXToolsJavascripts/pexe_windows.js HTTP/1.1" 200 15207
200.73.230.173 - - [04/Apr/2017:13:52:37 -0300] "GET /cormun/static/PXToolsJavascripts/pexe_cookies.js HTTP/1.1" 200 792
200.73.230.173 - - [04/Apr/2017:13:52:37 -0300] "GET /cormun/static/PXToolsJavascripts/pexe_griddivfix.js HTTP/1.1" 200 6644
200.73.230.173 - - [04/Apr/2017:13:52:37 -0300] "GET /cormun/static/PXToolsJavascripts/pexe_grid.js HTTP/1.1" 200 7559
200.73.230.173 - - [04/Apr/2017:13:52:37 -0300] "GET /cormun/static/PXToolsJavascripts/pexe_link.js HTTP/1.1" 200 5671
200.73.230.173 - - [04/Apr/2017:13:52:37 -0300] "GET /cormun/static/PXToolsJavascripts/pexe_menudivfix.js HTTP/1.1" 200 333
200.73.230.173 - - [04/Apr/2017:13:52:37 -0300] "GET /cormun/static/PXToolsJavascripts/pexe_menus.js HTTP/1.1" 200 1286
200.73.230.173 - - [04/Apr/2017:13:52:37 -0300] "GET /cormun/static/PXToolsJavascripts/pexe_layers.js HTTP/1.1" 200 4114
200.73.230.173 - - [04/Apr/2017:13:52:37 -0300] "GET /cormun/static/PXToolsJavascripts/pexe_oav.js HTTP/1.1" 200 645
200.73.230.173 - - [04/Apr/2017:13:52:37 -0300] "GET /cormun/static/PXToolsJavascripts/pexe_oavdivfix.js HTTP/1.1" 200 639
200.73.230.173 - - [04/Apr/2017:13:52:37 -0300] "GET /cormun/static/PXToolsJavascripts/pexe_picture.js HTTP/1.1" 200 689
200.73.230.173 - - [04/Apr/2017:13:52:37 -0300] "GET /cormun/static/PXToolsJavascripts/pexe_popup.js HTTP/1.1" 200 13458
200.73.230.173 - - [04/Apr/2017:13:52:37 -0300] "GET /cormun/static/PXToolsJavascripts/pexe_tabs.js HTTP/1.1" 200 3748
200.73.230.173 - - [04/Apr/2017:13:52:37 -0300] "GET /cormun/static/PXToolsJavascripts/pexe_scrolldiv.js HTTP/1.1" 200 4138
200.73.230.173 - - [04/Apr/2017:13:52:37 -0300] "GET /cormun/static/PXToolsJavascripts/pexe_tabdivfix.js HTTP/1.1" 200 876
200.73.230.173 - - [04/Apr/2017:13:52:37 -0300] "GET /cormun/static/PXToolsJavascripts/pexe_upload.js HTTP/1.1" 200 1423
200.73.230.173 - - [04/Apr/2017:13:52:37 -0300] "GET /cormun/static/PXToolsJavascripts/PXToolsJavascriptsRender.js HTTP/1.1" 200 367
200.73.230.173 - - [04/Apr/2017:13:52:37 -0300] "GET /cormun/static/hhome.js?20173171148352 HTTP/1.1" 200 777
200.73.230.173 - - [04/Apr/2017:13:52:37 -0300] "GET /cormun/static/hwchdr01.js?201731711335950 HTTP/1.1" 200 1183
200.73.230.173 - - [04/Apr/2017:13:52:37 -0300] "GET /cormun/static/Shared/ext/locale/ext-lang-en.js HTTP/1.1" 200 10940
200.73.230.173 - - [04/Apr/2017:13:52:37 -0300] "GET /cormun/static/RunJS/RunJS.js HTTP/1.1" 200 288
200.73.230.173 - - [04/Apr/2017:13:52:37 -0300] "GET /cormun/static/Resources/PXToolsHeaderBackground2.png HTTP/1.1" 200 1174
200.73.230.173 - - [04/Apr/2017:13:52:37 -0300] "GET /cormun/static/Resources/logo4.png HTTP/1.1" 200 6582
200.73.230.173 - - [04/Apr/2017:13:52:37 -0300] "GET /cormun/static/Resources/PXToolsHeaderLogin.png HTTP/1.1" 200 4279
200.73.230.173 - - [04/Apr/2017:13:52:37 -0300] "GET /cormun/static/Resources/PXToolsHeaderActionsLeft.png HTTP/1.1" 200 1118
200.73.230.173 - - [04/Apr/2017:13:52:37 -0300] "GET /cormun/static/Resources/PXToolsDataTitle.png HTTP/1.1" 200 1173
200.73.230.173 - - [04/Apr/2017:13:52:37 -0300] "GET /cormun/static/Resources/PXToolsHeaderActionsBackground.png HTTP/1.1" 200 484
200.73.230.173 - - [04/Apr/2017:13:52:37 -0300] "GET /cormun/static/gxui/gxui-all.js HTTP/1.1" 200 107772
200.73.230.173 - - [04/Apr/2017:13:52:37 -0300] "GET /cormun/static/Resources/PXToolsHeaderSecurity.png HTTP/1.1" 200 4166
200.73.230.173 - - [04/Apr/2017:13:52:37 -0300] "GET /cormun/static/Resources/PXToolsFooterBackground2.png HTTP/1.1" 200 1172
200.73.230.173 - - [04/Apr/2017:13:52:37 -0300] "GET /cormun/static/Resources/PXToolsHeaderActionsRight.png HTTP/1.1" 200 1201
200.73.230.173 - - [04/Apr/2017:13:52:37 -0300] "GET /cormun/static/Resources/PXToolsHeaderPreferences.png HTTP/1.1" 200 4189
200.73.230.173 - - [04/Apr/2017:13:52:37 -0300] "GET /cormun/static/hpexe_recentlink.js?201610171694390 HTTP/1.1" 200 2144
200.73.230.173 - - [04/Apr/2017:13:52:37 -0300] "GET /cormun/static/Resources/PXToolsHeaderHome.png HTTP/1.1" 200 4147
200.73.230.173 - - [04/Apr/2017:13:52:37 -0300] "GET /cormun/static/hpexe_scripts.js?201731711335890 HTTP/1.1" 200 1544
200.73.230.173 - - [04/Apr/2017:13:52:37 -0300] "GET /cormun/static/hpexe_messagecontroller.js?201610171694323 HTTP/1.1" 200 870
200.73.230.173 - - [04/Apr/2017:13:52:37 -0300] "GET /cormun/static/hpexe_messagepopupcomponent.js?20161017169425 HTTP/1.1" 200 605
