186.103.159.187 - - [04/Apr/2017:08:47:59 -0300] "POST /cormun/servlet/trsolicitudot?e7e98b2c76cc6af7799a1409e8162fca,gx-no-cache=1491310143092 HTTP/1.1" 200 5695
186.103.159.187 - - [04/Apr/2017:08:47:59 -0300] "GET /cormun/static/Shared/jqueryui/images/ui-bg_highlight-soft_100_c6c2c8_1x100.png HTTP/1.1" 404 1117
186.103.159.187 - - [04/Apr/2017:08:47:59 -0300] "GET /cormun/static/Shared/jqueryui/images/ui-icons_8d78a5_256x240.png HTTP/1.1" 404 1089
186.103.159.187 - - [04/Apr/2017:08:47:59 -0300] "GET /cormun/static/Shared/jqueryui/images/ui-icons_82798d_256x240.png HTTP/1.1" 404 1089
186.103.159.187 - - [04/Apr/2017:08:47:59 -0300] "GET /cormun/static/Shared/jqueryui/images/ui-bg_flat_55_fafafa_40x100.png HTTP/1.1" 404 1097
186.103.159.187 - - [04/Apr/2017:08:47:59 -0300] "POST /cormun/servlet/trsolicitudot?e7e98b2c76cc6af7799a1409e8162fca,gx-no-cache=1491310143494 HTTP/1.1" 200 5638
186.103.159.187 - - [04/Apr/2017:08:48:05 -0300] "POST /cormun/servlet/trsolicitudot?e7e98b2c76cc6af7799a1409e8162fca,gx-no-cache=1491310149293 HTTP/1.1" 200 5251
186.103.159.187 - - [04/Apr/2017:08:48:05 -0300] "POST /cormun/servlet/trsolicitudot?e7e98b2c76cc6af7799a1409e8162fca,gx-no-cache=1491310149912 HTTP/1.1" 200 5191
192.168.10.13 - - [04/Apr/2017:08:48:25 -0300] "GET / HTTP/1.1" 200 11217
186.103.159.187 - - [04/Apr/2017:08:48:36 -0300] "GET /cormun/servlet/trsolicitudot? HTTP/1.1" 200 7952
186.103.159.187 - - [04/Apr/2017:08:48:37 -0300] "GET /cormun/servlet/trsolicitudot? HTTP/1.1" 200 7952
186.103.159.187 - - [04/Apr/2017:08:48:43 -0300] "GET /cormun/servlet/trsolicitudot? HTTP/1.1" 200 7952
186.103.159.187 - - [04/Apr/2017:08:48:44 -0300] "GET /cormun/servlet/trsolicitudot? HTTP/1.1" 200 7952
186.103.158.250 - - [04/Apr/2017:08:49:00 -0300] "POST /cormun/servlet/hlogin?61ef977e341c4ad2c7511bb125179ad2,gx-no-cache=1491306606599 HTTP/1.1" 200 447
186.103.159.187 - - [04/Apr/2017:08:49:11 -0300] "GET /cormun/servlet/solicitudot?INS,0,0, HTTP/1.1" 200 12543
186.103.159.187 - - [04/Apr/2017:08:49:12 -0300] "GET /cormun/servlet/solicitudot?INS,0,0, HTTP/1.1" 200 12548
186.103.158.250 - - [04/Apr/2017:08:49:14 -0300] "POST /cormun/servlet/hlogin?61ef977e341c4ad2c7511bb125179ad2,gx-no-cache=1491306620494 HTTP/1.1" 200 445
186.103.159.187 - - [04/Apr/2017:08:49:19 -0300] "GET /cormun/servlet/prfichaempleado?,MD,,gxPopupLevel%3D0%3B HTTP/1.1" 200 8744
186.103.158.250 - - [04/Apr/2017:08:49:22 -0300] "POST /cormun/servlet/hlogin?61ef977e341c4ad2c7511bb125179ad2,gx-no-cache=1491306628972 HTTP/1.1" 200 445
192.168.10.13 - - [04/Apr/2017:08:49:25 -0300] "GET / HTTP/1.1" 200 11217
186.103.159.187 - - [04/Apr/2017:08:49:29 -0300] "POST /cormun/servlet/prfichaempleado?e7e98b2c76cc6af7799a1409e8162fca,,MD,,gxPopupLevel%3D0%3B,gx-no-cache=1491310233581 HTTP/1.1" 200 3398
186.103.159.187 - - [04/Apr/2017:08:49:34 -0300] "POST /cormun/servlet/solicitudot?gx-no-cache=1491310238381 HTTP/1.1" 200 3162
186.103.159.187 - - [04/Apr/2017:08:49:34 -0300] "POST /cormun/servlet/solicitudot?e7e98b2c76cc6af7799a1409e8162fca,INS,0,0,,gx-no-cache=1491310238576 HTTP/1.1" 200 9763
186.103.158.250 - - [04/Apr/2017:08:49:34 -0300] "POST /cormun/servlet/hlogin?61ef977e341c4ad2c7511bb125179ad2,gx-no-cache=1491306640837 HTTP/1.1" 200 447
186.103.159.187 - - [04/Apr/2017:08:49:38 -0300] "GET /cormun/servlet/solicitudot?0bef4b416084d687e285ad2c9b35dc87802db7be9dbc64a0ece08ed555cf815590fbd17466275be31a67582a78d542c2,gx-no-cache=1491310242237 HTTP/1.1" 200 30
186.103.159.187 - - [04/Apr/2017:08:49:38 -0300] "POST /cormun/servlet/solicitudot?gx-no-cache=1491310242321 HTTP/1.1" 200 255
186.103.159.187 - - [04/Apr/2017:08:49:38 -0300] "GET /cormun/servlet/solicitudot?0bef4b416084d687e285ad2c9b35dc873dffced7d1472859bda3ce95443e8f63fda3a64729738c1d4bffcc179f4061f56a46cf64b4387b69b4a6e70d8591908aaecb83afcc4eeb0b1e2d22f1e95a4acc5939d714647ae61a7110b7c670d209d7ef968821327ff04977e5da5749208a34ec9f8bb7eea7a5decf4ae72382d9cc95bdc576dabfe20d5eaf1932cca503f2ce63e2fab7abcfc27d60986f5e1a7935a052a9914d3b547fc01bd22d2d1c3182b1c115859d588de16c5d9e23950aff261e3e717d6ae7193e6f82cfc54d38d966cbada2c4828e0691f399d57651d3e5d2557cdf8523563790ed45ce1d9d22eb847922b8613ee126106367c26fdcda7240a2fc5c7f84c830b2d5f9e98fbcf750908eabbf1a6f564e5bcdfc9c2f414fdf0eba59935baee6664e8bcd6e27387bf4a1e71cfc7a91b03650c0160a38421abaa5c8c582b9fc4632971702ab3a89996cf7145dc689812de644c0380609820e87c04c978664388fe9c475c7bbe87a3333f3d53bae6fe019068786a94c2dcac7e4b590,gx-no-cache=1491310242400 HTTP/1.1" 200 30
186.103.159.187 - - [04/Apr/2017:08:49:49 -0300] "POST /cormun/servlet/solicitudot?gx-no-cache=1491310253774 HTTP/1.1" 200 30
186.103.159.187 - - [04/Apr/2017:08:49:52 -0300] "GET /cormun/servlet/prsolicitudot?15993933,,,,,MD,,gxPopupLevel%3D0%3B HTTP/1.1" 200 6383
200.86.95.220 - - [04/Apr/2017:08:50:18 -0300] "GET /cormun/servlet/hlogin HTTP/1.1" 200 1726
192.168.10.13 - - [04/Apr/2017:08:50:25 -0300] "GET / HTTP/1.1" 200 11217
200.86.95.220 - - [04/Apr/2017:08:50:26 -0300] "POST /cormun/servlet/hlogin?b8682b74420d8a3da0f28bb2c7f9d467,gx-no-cache=1491306694758 HTTP/1.1" 200 90
200.86.95.220 - - [04/Apr/2017:08:50:26 -0300] "GET /cormun/servlet/hpexe_link HTTP/1.1" 200 967
200.86.95.220 - - [04/Apr/2017:08:50:27 -0300] "GET /cormun/servlet/solicitudot?INS,0,0, HTTP/1.1" 200 12568
200.86.95.220 - - [04/Apr/2017:08:50:28 -0300] "GET /cormun/servlet/solicitudot?INS,0,0, HTTP/1.1" 200 12572
200.86.95.220 - - [04/Apr/2017:08:50:41 -0300] "POST /cormun/servlet/solicitudot?gx-no-cache=1491306709507 HTTP/1.1" 200 3151
200.86.95.220 - - [04/Apr/2017:08:50:41 -0300] "POST /cormun/servlet/solicitudot?b8682b74420d8a3da0f28bb2c7f9d467,INS,0,0,,gx-no-cache=1491306709840 HTTP/1.1" 200 9746
200.86.95.220 - - [04/Apr/2017:08:50:46 -0300] "GET /cormun/servlet/solicitudot?890d622ca9f552c464e1a1160b8c8092e67e46594f180ffd02d88ff39d9094bdc68f7c436ebaed661b95fdb71971de30,gx-no-cache=1491306714785 HTTP/1.1" 200 30
200.86.95.220 - - [04/Apr/2017:08:50:46 -0300] "POST /cormun/servlet/solicitudot?gx-no-cache=1491306714947 HTTP/1.1" 200 240
200.86.95.220 - - [04/Apr/2017:08:50:46 -0300] "GET /cormun/servlet/solicitudot?890d622ca9f552c464e1a1160b8c80924e01f6a9c884e221753d774269893e2c499d4312040f821cb2c3c722aa7ca386513cd6f18564cda944f75fc9f6db0a65078825601f2a8cee135464a84949b4672adcc87c51171c23841b58571e1771bff6e0c645aab114e602f9e4cbbf442a30a61fd6d4394ea2a8892dff3ffb118db834fcad6c4e3eb296d8b7119dd4c42bc794ba5feb17286ecc4077e4191f960f494cb4ca26dd15d6b52b8a25438ce7c5e55b0ec5d336908db5db85feb15842f0de29b583d803449b7a8ed7e210abacd2851e625d615f1b1d7563f388347dad612eb84ddce469c81cb98e5c41066b4353e456628d19059f4197e3b48a7971a0be1aefc307433f9aa415467991950b18713f2d173056a421ebd2e69feaf77cfd1adf3c5048d7cfb4cc9d24938af40c6f081613e0b88851e4ad096c3648767599ad416a8023ad2c6aea5a94b1097112d47f41b42df89251fac425c2720db069909705229b4f65e878bed6278fd97f1f27bcd137b67e55065be526b1ca18002705b0f9,gx-no-cache=1491306715105 HTTP/1.1" 200 30
200.86.95.220 - - [04/Apr/2017:08:50:50 -0300] "POST /cormun/servlet/solicitudot?gx-no-cache=1491306718877 HTTP/1.1" 200 30
200.86.95.220 - - [04/Apr/2017:08:50:53 -0300] "GET /cormun/servlet/prfichaempleado?,MD,,gxPopupLevel%3D0%3B HTTP/1.1" 200 8782
200.86.95.220 - - [04/Apr/2017:08:50:54 -0300] "GET /cormun/static/gxcfg.js?2017319125415 HTTP/1.1" 200 953
200.86.95.220 - - [04/Apr/2017:08:50:54 -0300] "GET /cormun/static/hmpwkw011.js?201731711483558 HTTP/1.1" 304 -
200.86.95.220 - - [04/Apr/2017:08:50:54 -0300] "GET /cormun/static/menusearch.js?201610171694467 HTTP/1.1" 304 -
200.86.95.220 - - [04/Apr/2017:08:50:54 -0300] "GET /cormun/static/prfichaempleado.js?20173191254344 HTTP/1.1" 200 15951
200.86.95.220 - - [04/Apr/2017:08:51:04 -0300] "POST /cormun/servlet/prfichaempleado?b8682b74420d8a3da0f28bb2c7f9d467,,MD,,gxPopupLevel%3D0%3B,gx-no-cache=1491306732844 HTTP/1.1" 200 3404
200.86.95.220 - - [04/Apr/2017:08:51:08 -0300] "GET /cormun/servlet/prlicenciaspermisos?10820282,L,,MD,,gxPopupLevel%3D0%3B HTTP/1.1" 200 7258
200.86.95.220 - - [04/Apr/2017:08:51:08 -0300] "GET /cormun/static/gxcfg.js?20173171152124 HTTP/1.1" 200 953
200.86.95.220 - - [04/Apr/2017:08:51:08 -0300] "GET /cormun/static/prlicenciaspermisos.js?20173171152323 HTTP/1.1" 304 -
200.86.95.220 - - [04/Apr/2017:08:51:13 -0300] "POST /cormun/servlet/solicitudot?gx-no-cache=1491306741168 HTTP/1.1" 200 1291
192.168.10.13 - - [04/Apr/2017:08:51:25 -0300] "GET / HTTP/1.1" 200 11217
200.86.95.220 - - [04/Apr/2017:08:51:29 -0300] "POST /cormun/servlet/solicitudot?gx-no-cache=1491306757487 HTTP/1.1" 200 41
200.86.95.220 - - [04/Apr/2017:08:51:38 -0300] "GET /cormun/servlet/solicitudot?890d622ca9f552c464e1a1160b8c8092b48d6f14bd77ee71e0ec422dcc362130feb5f0cacc81f1998d3deae6fe65e661a8a858b2b3e1309a1f1599ad96160c48851f7ab4df094b3c5b5952d327e3e1d16e7ee3857e2e33eebb9b43a03f95e0449e4689b94c36576756ee1b857cc576c7c6b2d201a5c09030cb4db72425990a72166ac59f76de7abce0d9508f19ef198d9206dd28074aa5e3f602d4fece4ec315b9e4236eb685a89dae560875943f25d1d2fe7f2820a027f30e51d851636bb2c0721d78b949405ef603cc00fe0217db63,gx-no-cache=1491306766235 HTTP/1.1" 200 29
200.86.95.220 - - [04/Apr/2017:08:51:38 -0300] "POST /cormun/servlet/solicitudot?gx-no-cache=1491306766378 HTTP/1.1" 200 1275
200.86.95.220 - - [04/Apr/2017:08:51:38 -0300] "POST /cormun/servlet/solicitudot?gx-no-cache=1491306766530 HTTP/1.1" 200 1157
200.86.95.220 - - [04/Apr/2017:08:51:38 -0300] "GET /cormun/static/menuarrow.gif HTTP/1.1" 404 1015
200.86.95.220 - - [04/Apr/2017:08:51:39 -0300] "POST /cormun/servlet/solicitudot?gx-no-cache=1491306767946 HTTP/1.1" 200 1275
200.86.95.220 - - [04/Apr/2017:08:51:39 -0300] "POST /cormun/servlet/solicitudot?gx-no-cache=1491306768065 HTTP/1.1" 200 1157
200.86.95.220 - - [04/Apr/2017:08:51:40 -0300] "GET /cormun/servlet/solicitudot?890d622ca9f552c464e1a1160b8c8092c7056bce38cd43f2bae77cdc3b791ad59070266891a441cc5aed6a95da94450b0f3693568c0608c8e6b42b9bab219788088e26920f23439fcdb4fb60bae4418ba10fd56b1e1923f0aab5940fa07c7bbd8ec4152ced173b3a9ae02675aaeb82b72982531cca6649778760b9fdde693cc57c25725b5e51b42f166464b43b91ae4cf9a100b2a3ff08822a531b7bc42539aed4710c4b383eeec41796d3041fc101942c4153df7da56947fab91a75126788e8,gx-no-cache=1491306768966 HTTP/1.1" 200 30
186.103.159.187 - - [04/Apr/2017:08:51:43 -0300] "POST /cormun/servlet/solicitudot?gx-no-cache=1491310368035 HTTP/1.1" 200 1372
186.103.159.187 - - [04/Apr/2017:08:51:43 -0300] "GET /cormun/static/Shared/jqueryui/images/ui-bg_highlight-soft_100_c6c2c8_1x100.png HTTP/1.1" 404 1117
186.103.159.187 - - [04/Apr/2017:08:51:44 -0300] "GET /cormun/static/Shared/jqueryui/images/ui-icons_82798d_256x240.png HTTP/1.1" 404 1089
186.103.159.187 - - [04/Apr/2017:08:51:44 -0300] "POST /cormun/servlet/solicitudot?gx-no-cache=1491310368190 HTTP/1.1" 200 117
186.103.159.187 - - [04/Apr/2017:08:51:44 -0300] "GET /cormun/static/Shared/jqueryui/images/ui-icons_ebccce_256x240.png HTTP/1.1" 404 1089
186.103.159.187 - - [04/Apr/2017:08:51:44 -0300] "GET /cormun/static/Shared/jqueryui/images/ui-bg_flat_55_994d53_40x100.png HTTP/1.1" 404 1097
186.103.159.187 - - [04/Apr/2017:08:51:44 -0300] "GET /cormun/servlet/solicitudot?0bef4b416084d687e285ad2c9b35dc87bd546e8f062699ac56cc291b370aab12be1102d629e48ce71c5b3a52ca409e4aed5693b729b3f62a9aa8f568dd406c9794f5e5209bd4c2bb6656436606c64bab922aa301d1012de075651fb238b7b9bc75ef30965009b5ff78d2871330d6b84c8616b092878889fe3136beb009cf87aeb32e6e8047e8d50f4d5cde6c37393f00924cd14fe138f20a9cf74776a75a4f37,gx-no-cache=1491310368298 HTTP/1.1" 200 29
186.103.159.187 - - [04/Apr/2017:08:51:44 -0300] "GET /cormun/servlet/solicitudot?0bef4b416084d687e285ad2c9b35dc87f900cc8366e714e29a5abaf3ea3a1afa61a72ba00f3d00e881389c7ebaf99896da8143a849ab29184f56ad828124667cdd04d83fac11f6d53893631b83425459799a535fcb0c7001528087da5b9f99cbcc452c527a615663f0dc38919cb0a3e0e62cbea9c4724d8a71a44572cd8f77f375b25d82519ada6a77a2f638bb1b4cb6e90325cb1adc794298940fad73dfc3e2,gx-no-cache=1491310368354 HTTP/1.1" 200 57
186.103.159.187 - - [04/Apr/2017:08:51:44 -0300] "GET /cormun/servlet/solicitudot?0bef4b416084d687e285ad2c9b35dc8778575deb4c0fe605b6e3868efe67ce0c61a72ba00f3d00e881389c7ebaf99896da8143a849ab29184f56ad828124667c2621311502f5b6c8e864e974d2dc16db7ded99506a908b5686dff0070c2bafd3df4a4cefaa4a2e4c3896c66c971291cc855d0c601218b0e9f9ffa75214fb0810,gx-no-cache=1491310368414 HTTP/1.1" 200 57
186.103.159.187 - - [04/Apr/2017:08:52:05 -0300] "GET /cormun/servlet/prlicenciaspermisos?90763822,L,,MD,,gxPopupLevel%3D0%3B HTTP/1.1" 200 5087
186.103.159.187 - - [04/Apr/2017:08:52:05 -0300] "GET /cormun/static/gxcfg.js?20173171152124 HTTP/1.1" 304 -
200.86.95.220 - - [04/Apr/2017:08:52:13 -0300] "POST /cormun/servlet/solicitudot?b8682b74420d8a3da0f28bb2c7f9d467,INS,0,0,,gx-no-cache=1491306800435 HTTP/1.1" 200 93
200.86.95.220 - - [04/Apr/2017:08:52:13 -0300] "GET /cormun/servlet/hpexe_return? HTTP/1.1" 200 1008
200.86.95.220 - - [04/Apr/2017:08:52:13 -0300] "GET /cormun/static/gxcfg.js?2016101716175148 HTTP/1.1" 304 -
200.86.95.220 - - [04/Apr/2017:08:52:13 -0300] "GET /cormun/servlet/trsolicitudot HTTP/1.1" 200 8064
200.86.95.220 - - [04/Apr/2017:08:52:14 -0300] "GET /cormun/servlet/trsolicitudot HTTP/1.1" 200 8060
200.86.95.220 - - [04/Apr/2017:08:52:20 -0300] "POST /cormun/servlet/trsolicitudot?b8682b74420d8a3da0f28bb2c7f9d467,gx-no-cache=1491306808191 HTTP/1.1" 200 107
200.86.95.220 - - [04/Apr/2017:08:52:20 -0300] "GET /cormun/servlet/trsolicitudadjuntos?2017,5897, HTTP/1.1" 200 5876
200.86.95.220 - - [04/Apr/2017:08:52:20 -0300] "GET /cormun/static/gxcfg.js?201731711504543 HTTP/1.1" 304 -
200.86.95.220 - - [04/Apr/2017:08:52:21 -0300] "GET /cormun/servlet/trsolicitudadjuntos?2017,5897, HTTP/1.1" 200 5876
192.168.10.13 - - [04/Apr/2017:08:52:25 -0300] "GET / HTTP/1.1" 200 11217
186.103.159.187 - - [04/Apr/2017:08:52:27 -0300] "POST /cormun/servlet/solicitudot?gx-no-cache=1491310411216 HTTP/1.1" 200 350
200.86.95.220 - - [04/Apr/2017:08:52:27 -0300] "GET /cormun/servlet/solicitudotadjuntos?INS,2017,5897,,1, HTTP/1.1" 200 5807
200.86.95.220 - - [04/Apr/2017:08:52:28 -0300] "GET /cormun/static/gxcfg.js?201612218465951 HTTP/1.1" 304 -
200.86.95.220 - - [04/Apr/2017:08:52:28 -0300] "GET /cormun/static/about:blank HTTP/1.1" 404 1011
200.86.95.220 - - [04/Apr/2017:08:52:29 -0300] "GET /cormun/servlet/solicitudotadjuntos?INS,2017,5897,,1, HTTP/1.1" 200 5801
200.86.95.220 - - [04/Apr/2017:08:52:29 -0300] "GET /cormun/servlet/solicitudotadjuntos?890d622ca9f552c464e1a1160b8c80922533256ae0970fb6181d132a325ec01fe24dff37e44a83f62dcc5252d08cce9f,gx-no-cache=1491306817639 HTTP/1.1" 200 30
200.86.95.220 - - [04/Apr/2017:08:52:29 -0300] "POST /cormun/servlet/solicitudotadjuntos?b8682b74420d8a3da0f28bb2c7f9d467,INS,2017,5897,,1,,gx-no-cache=1491306817735 HTTP/1.1" 200 3675
186.103.159.187 - - [04/Apr/2017:08:52:29 -0300] "GET /cormun/static/menuarrow.gif HTTP/1.1" 404 1015
200.86.95.220 - - [04/Apr/2017:08:52:36 -0300] "POST /cormun/servlet/solicitudotadjuntos?gx-no-cache=1491306824189 HTTP/1.1" 200 26
200.86.95.220 - - [04/Apr/2017:08:52:44 -0300] "GET /cormun/servlet/solicitudotadjuntos?890d622ca9f552c464e1a1160b8c80922e983b3b15dd925e25638398e1b24bc1,gx-no-cache=1491306832476 HTTP/1.1" 200 30
200.86.95.220 - - [04/Apr/2017:08:52:44 -0300] "GET /cormun/servlet/solicitudotadjuntos?890d622ca9f552c464e1a1160b8c80922e983b3b15dd925e25638398e1b24bc1,gx-no-cache=1491306832559 HTTP/1.1" 200 30
200.86.95.220 - - [04/Apr/2017:08:52:46 -0300] "POST /cormun/servlet/solicitudotadjuntos?b8682b74420d8a3da0f28bb2c7f9d467,INS,2017,5897,,1, HTTP/1.1" 200 116
200.86.95.220 - - [04/Apr/2017:08:52:47 -0300] "GET /cormun/servlet/hpexe_return? HTTP/1.1" 200 1027
200.86.95.220 - - [04/Apr/2017:08:52:47 -0300] "GET /cormun/servlet/trsolicitudadjuntos?2017,5897, HTTP/1.1" 200 7981
200.86.95.220 - - [04/Apr/2017:08:52:48 -0300] "GET /cormun/servlet/trsolicitudadjuntos?2017,5897, HTTP/1.1" 200 7977
192.168.10.89 - - [04/Apr/2017:08:52:49 -0300] "POST /cormun/servlet/trsolicitudgral?4525b0343d7870e20ab6e6ee8ad5e358,,gx-no-cache=1491310046485 HTTP/1.1" 200 5480
200.86.95.220 - - [04/Apr/2017:08:52:50 -0300] "GET /cormun/servlet/solicitudotadjuntos?INS,2017,5897,,1, HTTP/1.1" 200 5807
200.86.95.220 - - [04/Apr/2017:08:52:50 -0300] "GET /cormun/static/about:blank HTTP/1.1" 404 1011
186.103.159.187 - - [04/Apr/2017:08:52:51 -0300] "GET /cormun/servlet/prfichaempleado?,MD,,gxPopupLevel%3D0%3B HTTP/1.1" 200 8744
200.86.95.220 - - [04/Apr/2017:08:52:51 -0300] "GET /cormun/servlet/solicitudotadjuntos?INS,2017,5897,,1, HTTP/1.1" 200 5801
200.86.95.220 - - [04/Apr/2017:08:52:52 -0300] "GET /cormun/servlet/solicitudotadjuntos?890d622ca9f552c464e1a1160b8c80922533256ae0970fb6181d132a325ec01fe24dff37e44a83f62dcc5252d08cce9f,gx-no-cache=1491306840225 HTTP/1.1" 200 30
200.86.95.220 - - [04/Apr/2017:08:52:52 -0300] "POST /cormun/servlet/solicitudotadjuntos?b8682b74420d8a3da0f28bb2c7f9d467,INS,2017,5897,,1,,gx-no-cache=1491306840357 HTTP/1.1" 200 3675
200.86.95.220 - - [04/Apr/2017:08:52:57 -0300] "POST /cormun/servlet/solicitudotadjuntos?gx-no-cache=1491306845379 HTTP/1.1" 200 26
186.103.159.187 - - [04/Apr/2017:08:53:04 -0300] "POST /cormun/servlet/prfichaempleado?e7e98b2c76cc6af7799a1409e8162fca,,MD,,gxPopupLevel%3D0%3B,gx-no-cache=1491310448188 HTTP/1.1" 200 3394
186.103.159.187 - - [04/Apr/2017:08:53:16 -0300] "POST /cormun/servlet/solicitudot?gx-no-cache=1491310461122 HTTP/1.1" 200 1291
186.103.159.187 - - [04/Apr/2017:08:53:17 -0300] "POST /cormun/servlet/solicitudot?gx-no-cache=1491310461264 HTTP/1.1" 200 122
192.168.10.89 - - [04/Apr/2017:08:53:21 -0300] "POST /cormun/servlet/trsolicitudgral?4525b0343d7870e20ab6e6ee8ad5e358,,gx-no-cache=1491310078398 HTTP/1.1" 200 21422
200.86.95.220 - - [04/Apr/2017:08:53:23 -0300] "GET /cormun/servlet/solicitudotadjuntos?890d622ca9f552c464e1a1160b8c80922e983b3b15dd925e25638398e1b24bc1,gx-no-cache=1491306871090 HTTP/1.1" 200 30
200.86.95.220 - - [04/Apr/2017:08:53:23 -0300] "GET /cormun/servlet/solicitudotadjuntos?890d622ca9f552c464e1a1160b8c80922e983b3b15dd925e25638398e1b24bc1,gx-no-cache=1491306871218 HTTP/1.1" 200 30
186.103.159.187 - - [04/Apr/2017:08:53:24 -0300] "POST /cormun/servlet/solicitudot?gx-no-cache=1491310468917 HTTP/1.1" 200 1274
186.103.159.187 - - [04/Apr/2017:08:53:24 -0300] "POST /cormun/servlet/solicitudot?gx-no-cache=1491310469008 HTTP/1.1" 200 1157
192.168.10.13 - - [04/Apr/2017:08:53:25 -0300] "GET / HTTP/1.1" 200 11217
200.86.95.220 - - [04/Apr/2017:08:53:25 -0300] "POST /cormun/servlet/solicitudotadjuntos?b8682b74420d8a3da0f28bb2c7f9d467,INS,2017,5897,,1, HTTP/1.1" 200 116
200.86.95.220 - - [04/Apr/2017:08:53:25 -0300] "GET /cormun/servlet/hpexe_return? HTTP/1.1" 200 1027
200.86.95.220 - - [04/Apr/2017:08:53:26 -0300] "GET /cormun/servlet/trsolicitudadjuntos?2017,5897, HTTP/1.1" 200 8216
200.86.95.220 - - [04/Apr/2017:08:53:27 -0300] "GET /cormun/servlet/trsolicitudadjuntos?2017,5897, HTTP/1.1" 200 8214
200.86.95.220 - - [04/Apr/2017:08:53:29 -0300] "GET /cormun/servlet/solicitudotadjuntos?INS,2017,5897,,1, HTTP/1.1" 200 5810
200.86.95.220 - - [04/Apr/2017:08:53:29 -0300] "GET /cormun/static/about:blank HTTP/1.1" 404 1011
186.103.159.187 - - [04/Apr/2017:08:53:29 -0300] "POST /cormun/servlet/solicitudot?gx-no-cache=1491310473957 HTTP/1.1" 200 1274
186.103.159.187 - - [04/Apr/2017:08:53:29 -0300] "POST /cormun/servlet/solicitudot?gx-no-cache=1491310474101 HTTP/1.1" 200 1157
200.86.95.220 - - [04/Apr/2017:08:53:30 -0300] "GET /cormun/servlet/solicitudotadjuntos?INS,2017,5897,,1, HTTP/1.1" 200 5804
200.86.95.220 - - [04/Apr/2017:08:53:30 -0300] "GET /cormun/servlet/solicitudotadjuntos?890d622ca9f552c464e1a1160b8c80922533256ae0970fb6181d132a325ec01fe24dff37e44a83f62dcc5252d08cce9f,gx-no-cache=1491306878978 HTTP/1.1" 200 30
200.86.95.220 - - [04/Apr/2017:08:53:31 -0300] "POST /cormun/servlet/solicitudotadjuntos?b8682b74420d8a3da0f28bb2c7f9d467,INS,2017,5897,,1,,gx-no-cache=1491306879128 HTTP/1.1" 200 3675
192.168.10.89 - - [04/Apr/2017:08:53:32 -0300] "POST /cormun/servlet/trsolicitudgral?4525b0343d7870e20ab6e6ee8ad5e358,,gx-no-cache=1491310088927 HTTP/1.1" 200 5479
200.86.95.220 - - [04/Apr/2017:08:53:36 -0300] "POST /cormun/servlet/solicitudotadjuntos?gx-no-cache=1491306884540 HTTP/1.1" 200 26
192.168.10.89 - - [04/Apr/2017:08:53:37 -0300] "GET /cormun/servlet/trconsultaempleado? HTTP/1.1" 200 9706
192.168.10.89 - - [04/Apr/2017:08:53:37 -0300] "GET /cormun/static/gxcfg.js?2017319127961 HTTP/1.1" 304 -
200.86.95.220 - - [04/Apr/2017:08:53:43 -0300] "GET /cormun/servlet/solicitudotadjuntos?890d622ca9f552c464e1a1160b8c80922e983b3b15dd925e25638398e1b24bc1,gx-no-cache=1491306891953 HTTP/1.1" 200 30
192.168.10.89 - - [04/Apr/2017:08:53:43 -0300] "POST /cormun/servlet/trconsultaempleado?4525b0343d7870e20ab6e6ee8ad5e358,,gx-no-cache=1491310100772 HTTP/1.1" 200 4396
200.86.95.220 - - [04/Apr/2017:08:53:43 -0300] "GET /cormun/servlet/solicitudotadjuntos?890d622ca9f552c464e1a1160b8c80922e983b3b15dd925e25638398e1b24bc1,gx-no-cache=1491306892014 HTTP/1.1" 200 30
192.168.10.89 - - [04/Apr/2017:08:53:45 -0300] "GET /cormun/servlet/trsolicitudnombre?9286360, HTTP/1.1" 200 7542
186.103.159.187 - - [04/Apr/2017:08:53:45 -0300] "GET /cormun/servlet/solicitudot?0bef4b416084d687e285ad2c9b35dc877fcb18c7cfd1b772923f7c880ba64ed7228ab9802f03931a4d3ed356e03db3949a44dcc72e0df79943a81d39ac1828d11a5a21dbc282c709621c855ddae139d775b25d82519ada6a77a2f638bb1b4cb62660e3315bc0ebd9e2bb2e5c3f4eed3ebbcf147b2a16f9739154dafbc2ca0e6c52112e589f231294284d85e4b31e9772001c18513e52a8a6bf5196194452a4005853496cf2780d6241543e8593b9fa2ab959aaa3c86d93c30806d7392f446892,gx-no-cache=1491310489825 HTTP/1.1" 200 30
192.168.10.89 - - [04/Apr/2017:08:53:45 -0300] "GET /cormun/static/gxcfg.js?20173171153130 HTTP/1.1" 304 -
200.86.95.220 - - [04/Apr/2017:08:53:46 -0300] "POST /cormun/servlet/solicitudotadjuntos?b8682b74420d8a3da0f28bb2c7f9d467,INS,2017,5897,,1, HTTP/1.1" 200 116
200.86.95.220 - - [04/Apr/2017:08:53:46 -0300] "GET /cormun/servlet/hpexe_return? HTTP/1.1" 200 1027
200.86.95.220 - - [04/Apr/2017:08:53:47 -0300] "GET /cormun/servlet/trsolicitudadjuntos?2017,5897, HTTP/1.1" 200 8362
200.86.95.220 - - [04/Apr/2017:08:53:48 -0300] "GET /cormun/servlet/trsolicitudadjuntos?2017,5897, HTTP/1.1" 200 8360
200.86.95.220 - - [04/Apr/2017:08:53:50 -0300] "GET /cormun/servlet/solicitudotadjuntos?INS,2017,5897,,1, HTTP/1.1" 200 5810
200.86.95.220 - - [04/Apr/2017:08:53:50 -0300] "GET /cormun/static/about:blank HTTP/1.1" 404 1011
200.86.95.220 - - [04/Apr/2017:08:53:51 -0300] "GET /cormun/servlet/solicitudotadjuntos?INS,2017,5897,,1, HTTP/1.1" 200 5804
200.86.95.220 - - [04/Apr/2017:08:53:51 -0300] "GET /cormun/servlet/solicitudotadjuntos?890d622ca9f552c464e1a1160b8c80922533256ae0970fb6181d132a325ec01fe24dff37e44a83f62dcc5252d08cce9f,gx-no-cache=1491306899967 HTTP/1.1" 200 30
200.86.95.220 - - [04/Apr/2017:08:53:52 -0300] "POST /cormun/servlet/solicitudotadjuntos?b8682b74420d8a3da0f28bb2c7f9d467,INS,2017,5897,,1,,gx-no-cache=1491306900063 HTTP/1.1" 200 3675
200.86.95.220 - - [04/Apr/2017:08:53:57 -0300] "POST /cormun/servlet/solicitudotadjuntos?gx-no-cache=1491306905533 HTTP/1.1" 200 26
186.103.159.187 - - [04/Apr/2017:08:54:02 -0300] "POST /cormun/servlet/solicitudot?e7e98b2c76cc6af7799a1409e8162fca,INS,0,0,,gx-no-cache=1491310506837 HTTP/1.1" 200 11156
200.86.95.220 - - [04/Apr/2017:08:54:06 -0300] "GET /cormun/servlet/solicitudotadjuntos?890d622ca9f552c464e1a1160b8c80922e983b3b15dd925e25638398e1b24bc1,gx-no-cache=1491306914975 HTTP/1.1" 200 30
200.86.95.220 - - [04/Apr/2017:08:54:06 -0300] "GET /cormun/servlet/solicitudotadjuntos?890d622ca9f552c464e1a1160b8c80922e983b3b15dd925e25638398e1b24bc1,gx-no-cache=1491306915044 HTTP/1.1" 200 30
186.103.159.187 - - [04/Apr/2017:08:54:11 -0300] "GET /cormun/servlet/prcontratosol?15993933,,,,,MD,,gxPopupLevel%3D0%3B HTTP/1.1" 200 5881
200.86.95.220 - - [04/Apr/2017:08:54:12 -0300] "POST /cormun/servlet/solicitudotadjuntos?b8682b74420d8a3da0f28bb2c7f9d467,INS,2017,5897,,1, HTTP/1.1" 200 116
200.86.95.220 - - [04/Apr/2017:08:54:12 -0300] "GET /cormun/servlet/hpexe_return? HTTP/1.1" 200 1027
200.86.95.220 - - [04/Apr/2017:08:54:12 -0300] "GET /cormun/servlet/trsolicitudadjuntos?2017,5897, HTTP/1.1" 200 8494
200.86.95.220 - - [04/Apr/2017:08:54:14 -0300] "GET /cormun/servlet/trsolicitudadjuntos?2017,5897, HTTP/1.1" 200 8495
200.86.95.220 - - [04/Apr/2017:08:54:16 -0300] "GET /cormun/servlet/solicitudotadjuntos?INS,2017,5897,,1, HTTP/1.1" 200 5810
200.86.95.220 - - [04/Apr/2017:08:54:16 -0300] "GET /cormun/static/about:blank HTTP/1.1" 404 1011
200.86.95.220 - - [04/Apr/2017:08:54:17 -0300] "GET /cormun/servlet/solicitudotadjuntos?INS,2017,5897,,1, HTTP/1.1" 200 5804
200.86.95.220 - - [04/Apr/2017:08:54:17 -0300] "GET /cormun/servlet/solicitudotadjuntos?890d622ca9f552c464e1a1160b8c80922533256ae0970fb6181d132a325ec01fe24dff37e44a83f62dcc5252d08cce9f,gx-no-cache=1491306926104 HTTP/1.1" 200 30
200.86.95.220 - - [04/Apr/2017:08:54:18 -0300] "POST /cormun/servlet/solicitudotadjuntos?b8682b74420d8a3da0f28bb2c7f9d467,INS,2017,5897,,1,,gx-no-cache=1491306926236 HTTP/1.1" 200 3675
186.103.159.187 - - [04/Apr/2017:08:54:18 -0300] "POST /cormun/servlet/solicitudot?gx-no-cache=1491310522785 HTTP/1.1" 200 122
186.103.159.187 - - [04/Apr/2017:08:54:18 -0300] "POST /cormun/servlet/solicitudot?gx-no-cache=1491310522864 HTTP/1.1" 200 1274
186.103.159.187 - - [04/Apr/2017:08:54:19 -0300] "POST /cormun/servlet/solicitudot?gx-no-cache=1491310522945 HTTP/1.1" 200 1157
200.86.95.220 - - [04/Apr/2017:08:54:20 -0300] "POST /cormun/servlet/solicitudotadjuntos?gx-no-cache=1491306929103 HTTP/1.1" 200 26
192.168.10.13 - - [04/Apr/2017:08:54:25 -0300] "GET / HTTP/1.1" 200 11217
200.86.95.220 - - [04/Apr/2017:08:54:30 -0300] "GET /cormun/servlet/solicitudotadjuntos?890d622ca9f552c464e1a1160b8c80922e983b3b15dd925e25638398e1b24bc1,gx-no-cache=1491306938474 HTTP/1.1" 200 30
200.86.95.220 - - [04/Apr/2017:08:54:30 -0300] "GET /cormun/servlet/solicitudotadjuntos?890d622ca9f552c464e1a1160b8c80922e983b3b15dd925e25638398e1b24bc1,gx-no-cache=1491306938529 HTTP/1.1" 200 30
200.86.95.220 - - [04/Apr/2017:08:54:31 -0300] "POST /cormun/servlet/solicitudotadjuntos?b8682b74420d8a3da0f28bb2c7f9d467,INS,2017,5897,,1, HTTP/1.1" 200 116
200.86.95.220 - - [04/Apr/2017:08:54:31 -0300] "GET /cormun/servlet/hpexe_return? HTTP/1.1" 200 1027
200.86.95.220 - - [04/Apr/2017:08:54:32 -0300] "GET /cormun/servlet/trsolicitudadjuntos?2017,5897, HTTP/1.1" 200 8655
200.86.95.220 - - [04/Apr/2017:08:54:33 -0300] "GET /cormun/servlet/trsolicitudadjuntos?2017,5897, HTTP/1.1" 200 8654
200.86.95.220 - - [04/Apr/2017:08:54:35 -0300] "GET /cormun/servlet/solicitudotadjuntos?INS,2017,5897,,1, HTTP/1.1" 200 5808
200.86.95.220 - - [04/Apr/2017:08:54:36 -0300] "GET /cormun/static/about:blank HTTP/1.1" 404 1011
200.86.95.220 - - [04/Apr/2017:08:54:36 -0300] "GET /cormun/servlet/solicitudotadjuntos?INS,2017,5897,,1, HTTP/1.1" 200 5802
200.86.95.220 - - [04/Apr/2017:08:54:37 -0300] "GET /cormun/servlet/solicitudotadjuntos?890d622ca9f552c464e1a1160b8c80922533256ae0970fb6181d132a325ec01fe24dff37e44a83f62dcc5252d08cce9f,gx-no-cache=1491306945591 HTTP/1.1" 200 30
200.86.95.220 - - [04/Apr/2017:08:54:37 -0300] "POST /cormun/servlet/solicitudotadjuntos?b8682b74420d8a3da0f28bb2c7f9d467,INS,2017,5897,,1,,gx-no-cache=1491306945659 HTTP/1.1" 200 3675
186.103.159.187 - - [04/Apr/2017:08:54:38 -0300] "GET /cormun/servlet/prsolicitudot?15993933,,,,,MD,,gxPopupLevel%3D0%3B HTTP/1.1" 200 6383
200.86.95.220 - - [04/Apr/2017:08:54:40 -0300] "POST /cormun/servlet/solicitudotadjuntos?gx-no-cache=1491306948541 HTTP/1.1" 200 26
186.103.159.187 - - [04/Apr/2017:08:54:47 -0300] "POST /cormun/servlet/solicitudot?gx-no-cache=1491310551714 HTTP/1.1" 200 122
186.103.159.187 - - [04/Apr/2017:08:54:47 -0300] "POST /cormun/servlet/solicitudot?gx-no-cache=1491310551797 HTTP/1.1" 200 1274
186.103.159.187 - - [04/Apr/2017:08:54:47 -0300] "POST /cormun/servlet/solicitudot?gx-no-cache=1491310551924 HTTP/1.1" 200 1157
200.86.95.220 - - [04/Apr/2017:08:54:49 -0300] "GET /cormun/servlet/solicitudotadjuntos?890d622ca9f552c464e1a1160b8c80922e983b3b15dd925e25638398e1b24bc1,gx-no-cache=1491306957714 HTTP/1.1" 200 30
200.86.95.220 - - [04/Apr/2017:08:54:49 -0300] "GET /cormun/servlet/solicitudotadjuntos?890d622ca9f552c464e1a1160b8c80922e983b3b15dd925e25638398e1b24bc1,gx-no-cache=1491306957788 HTTP/1.1" 200 30
200.86.95.220 - - [04/Apr/2017:08:54:54 -0300] "POST /cormun/servlet/solicitudotadjuntos?b8682b74420d8a3da0f28bb2c7f9d467,INS,2017,5897,,1, HTTP/1.1" 200 116
200.86.95.220 - - [04/Apr/2017:08:54:54 -0300] "GET /cormun/servlet/hpexe_return? HTTP/1.1" 200 1027
200.86.95.220 - - [04/Apr/2017:08:54:55 -0300] "GET /cormun/servlet/trsolicitudadjuntos?2017,5897, HTTP/1.1" 200 8877
200.86.95.220 - - [04/Apr/2017:08:54:57 -0300] "GET /cormun/servlet/trsolicitudadjuntos?2017,5897, HTTP/1.1" 200 8874
200.86.95.220 - - [04/Apr/2017:08:55:16 -0300] "POST /cormun/servlet/trsolicitudadjuntos?b8682b74420d8a3da0f28bb2c7f9d467,2017,5897,,gx-no-cache=1491306984375 HTTP/1.1" 200 90
200.86.95.220 - - [04/Apr/2017:08:55:16 -0300] "GET /cormun/servlet/hpexe_link HTTP/1.1" 200 971
200.86.95.220 - - [04/Apr/2017:08:55:16 -0300] "GET /cormun/servlet/trsolicitudot HTTP/1.1" 200 8061
200.86.95.220 - - [04/Apr/2017:08:55:17 -0300] "GET /cormun/servlet/trsolicitudot HTTP/1.1" 200 8060
192.168.10.13 - - [04/Apr/2017:08:55:25 -0300] "GET / HTTP/1.1" 200 11217
186.103.159.187 - - [04/Apr/2017:08:55:29 -0300] "GET /cormun/servlet/prsolicitudot?15993933,,,,,MD,,gxPopupLevel%3D0%3B HTTP/1.1" 200 6383
200.86.95.220 - - [04/Apr/2017:08:55:42 -0300] "POST /cormun/servlet/trsolicitudot?b8682b74420d8a3da0f28bb2c7f9d467,gx-no-cache=1491307010232 HTTP/1.1" 200 4179
200.86.95.220 - - [04/Apr/2017:08:55:42 -0300] "GET /cormun/static/Shared/jqueryui/images/ui-bg_highlight-soft_100_c6c2c8_1x100.png HTTP/1.1" 404 1117
200.86.95.220 - - [04/Apr/2017:08:55:42 -0300] "GET /cormun/static/Shared/jqueryui/images/ui-icons_82798d_256x240.png HTTP/1.1" 404 1089
200.86.95.220 - - [04/Apr/2017:08:55:42 -0300] "GET /cormun/static/Shared/jqueryui/images/ui-bg_flat_55_fafafa_40x100.png HTTP/1.1" 404 1097
200.86.95.220 - - [04/Apr/2017:08:55:42 -0300] "POST /cormun/servlet/trsolicitudot?b8682b74420d8a3da0f28bb2c7f9d467,gx-no-cache=1491307010760 HTTP/1.1" 200 3934
200.86.95.220 - - [04/Apr/2017:08:55:42 -0300] "GET /cormun/static/Shared/jqueryui/images/ui-icons_8d78a5_256x240.png HTTP/1.1" 404 1089
186.103.159.187 - - [04/Apr/2017:08:55:49 -0300] "POST /cormun/servlet/solicitudot?gx-no-cache=1491310613728 HTTP/1.1" 200 122
186.103.159.187 - - [04/Apr/2017:08:55:49 -0300] "POST /cormun/servlet/solicitudot?gx-no-cache=1491310613831 HTTP/1.1" 200 1274
186.103.159.187 - - [04/Apr/2017:08:55:49 -0300] "POST /cormun/servlet/solicitudot?gx-no-cache=1491310613949 HTTP/1.1" 200 1157
200.86.95.220 - - [04/Apr/2017:08:55:55 -0300] "GET /cormun/servlet/solicitudot?INS,0,0, HTTP/1.1" 200 12566
200.86.95.220 - - [04/Apr/2017:08:55:57 -0300] "GET /cormun/servlet/solicitudot?INS,0,0, HTTP/1.1" 200 12571
200.86.95.220 - - [04/Apr/2017:08:56:05 -0300] "POST /cormun/servlet/solicitudot?gx-no-cache=1491307033892 HTTP/1.1" 200 3151
200.86.95.220 - - [04/Apr/2017:08:56:06 -0300] "POST /cormun/servlet/solicitudot?b8682b74420d8a3da0f28bb2c7f9d467,INS,0,0,,gx-no-cache=1491307034295 HTTP/1.1" 200 9745
200.86.95.220 - - [04/Apr/2017:08:56:10 -0300] "GET /cormun/servlet/solicitudot?890d622ca9f552c464e1a1160b8c8092e67e46594f180ffd02d88ff39d9094bdc68f7c436ebaed661b95fdb71971de30,gx-no-cache=1491307038910 HTTP/1.1" 200 30
186.103.159.187 - - [04/Apr/2017:08:56:10 -0300] "GET /cormun/servlet/prpersonalsolicitud?15993933,,,,,MD,,gxPopupLevel%3D0%3B HTTP/1.1" 200 5890
200.86.95.220 - - [04/Apr/2017:08:56:11 -0300] "POST /cormun/servlet/solicitudot?gx-no-cache=1491307039108 HTTP/1.1" 200 240
186.103.159.187 - - [04/Apr/2017:08:56:11 -0300] "GET /cormun/static/gxcfg.js?201731711525646 HTTP/1.1" 200 953
186.103.159.187 - - [04/Apr/2017:08:56:11 -0300] "GET /cormun/static/prpersonalsolicitud.js?201731711525838 HTTP/1.1" 200 13873
200.86.95.220 - - [04/Apr/2017:08:56:11 -0300] "GET /cormun/servlet/solicitudot?890d622ca9f552c464e1a1160b8c80924e01f6a9c884e221753d774269893e2c499d4312040f821cb2c3c722aa7ca386513cd6f18564cda944f75fc9f6db0a65078825601f2a8cee135464a84949b4672adcc87c51171c23841b58571e1771bff6e0c645aab114e602f9e4cbbf442a30a61fd6d4394ea2a8892dff3ffb118db834fcad6c4e3eb296d8b7119dd4c42bc794ba5feb17286ecc4077e4191f960f494cb4ca26dd15d6b52b8a25438ce7c5e55b0ec5d336908db5db85feb15842f0de29b583d803449b7a8ed7e210abacd2851e625d615f1b1d7563f388347dad612eb84ddce469c81cb98e5c41066b4353e456628d19059f4197e3b48a7971a0be1aefc307433f9aa415467991950b18713f2d173056a421ebd2e69feaf77cfd1adf3c5048d7cfb4cc9d24938af40c6f081613e0b88851e4ad096c3648767599ad416a8023ad2c6aea5a94b1097112d47f41b42df89251fac425c2720db069909705229b4f65e878bed6278fd97f1f27bcd137b67e55065be526b1ca18002705b0f9,gx-no-cache=1491307039259 HTTP/1.1" 200 30
200.86.95.220 - - [04/Apr/2017:08:56:14 -0300] "POST /cormun/servlet/solicitudot?gx-no-cache=1491307042850 HTTP/1.1" 200 30
186.103.159.187 - - [04/Apr/2017:08:56:19 -0300] "POST /cormun/servlet/solicitudot?gx-no-cache=1491310643041 HTTP/1.1" 200 122
186.103.159.187 - - [04/Apr/2017:08:56:19 -0300] "POST /cormun/servlet/solicitudot?gx-no-cache=1491310643424 HTTP/1.1" 200 1274
186.103.159.187 - - [04/Apr/2017:08:56:19 -0300] "POST /cormun/servlet/solicitudot?gx-no-cache=1491310643653 HTTP/1.1" 200 1157
186.103.159.187 - - [04/Apr/2017:08:56:20 -0300] "GET /cormun/servlet/prcontratosol?15993933,,,,,MD,,gxPopupLevel%3D0%3B HTTP/1.1" 200 5881
192.168.10.13 - - [04/Apr/2017:08:56:25 -0300] "GET / HTTP/1.1" 200 11217
200.86.95.220 - - [04/Apr/2017:08:56:26 -0300] "GET /cormun/servlet/prsolicitudot?7723191,,,,,MD,,gxPopupLevel%3D0%3B HTTP/1.1" 200 5892
200.86.95.220 - - [04/Apr/2017:08:56:26 -0300] "GET /cormun/static/gxcfg.js?201731711522567 HTTP/1.1" 200 953
200.86.95.220 - - [04/Apr/2017:08:56:26 -0300] "GET /cormun/static/prsolicitudot.js?201731711522786 HTTP/1.1" 304 -
200.86.95.220 - - [04/Apr/2017:08:56:30 -0300] "POST /cormun/servlet/solicitudot?gx-no-cache=1491307058462 HTTP/1.1" 200 296
200.86.95.220 - - [04/Apr/2017:08:56:30 -0300] "GET /cormun/static/Shared/jqueryui/images/ui-bg_highlight-soft_100_c6c2c8_1x100.png HTTP/1.1" 404 1117
200.86.95.220 - - [04/Apr/2017:08:56:30 -0300] "GET /cormun/static/Shared/jqueryui/images/ui-icons_82798d_256x240.png HTTP/1.1" 404 1089
200.86.95.220 - - [04/Apr/2017:08:56:30 -0300] "GET /cormun/static/Shared/jqueryui/images/ui-bg_flat_55_994d53_40x100.png HTTP/1.1" 404 1097
200.86.95.220 - - [04/Apr/2017:08:56:30 -0300] "GET /cormun/static/Shared/jqueryui/images/ui-icons_ebccce_256x240.png HTTP/1.1" 404 1089
200.86.95.220 - - [04/Apr/2017:08:56:30 -0300] "POST /cormun/servlet/solicitudot?gx-no-cache=1491307058691 HTTP/1.1" 200 117
200.86.95.220 - - [04/Apr/2017:08:56:30 -0300] "GET /cormun/servlet/solicitudot?890d622ca9f552c464e1a1160b8c8092b48d6f14bd77ee71e0ec422dcc362130feb5f0cacc81f1998d3deae6fe65e661a8a858b2b3e1309a1f1599ad96160c48851f7ab4df094b3c5b5952d327e3e1d16e7ee3857e2e33eebb9b43a03f95e0449e4689b94c36576756ee1b857cc576c7c6b2d201a5c09030cb4db72425990a72166ac59f76de7abce0d9508f19ef198d9206dd28074aa5e3f602d4fece4ec315b9e4236eb685a89dae560875943f25d1d2fe7f2820a027f30e51d851636bb2c0721d78b949405ef603cc00fe0217db63,gx-no-cache=1491307058792 HTTP/1.1" 200 29
200.86.95.220 - - [04/Apr/2017:08:56:30 -0300] "GET /cormun/servlet/solicitudot?890d622ca9f552c464e1a1160b8c8092fa5ea295105d5e5706602bb092cb7d8dce79a7aacb34f2f808ee418ca14c4ff964fdca6d381c546114d9c54c9c35e36c1ef3384c3cc41eb76ffb694aa2ae83c2b8b91348822b9a5171dbd73c46d2c7314eee8ffe9473a5094e9f4d42b63cdc1cd0fe16b190b58428d07cef197ffef908951372580a7d32a93117f1dc8add5f7530916c6ddea3e949670f8886a3343e86,gx-no-cache=1491307058838 HTTP/1.1" 200 57
200.86.95.220 - - [04/Apr/2017:08:56:30 -0300] "GET /cormun/servlet/solicitudot?890d622ca9f552c464e1a1160b8c8092a5eb44e01b70be2439910705a85016cdce79a7aacb34f2f808ee418ca14c4ff964fdca6d381c546114d9c54c9c35e36c546aa71c9bb094db53d57d23a15ea56f3746bbe14484da1ab0a673d149cbe8c8643947ad1e0f83825315cafc12291f2097292d459807702f898beeae309f9308,gx-no-cache=1491307058897 HTTP/1.1" 200 57
200.86.95.220 - - [04/Apr/2017:08:56:34 -0300] "GET /cormun/servlet/prfichaempleado?,MD,,gxPopupLevel%3D0%3B HTTP/1.1" 200 8782
186.103.159.187 - - [04/Apr/2017:08:56:35 -0300] "POST /cormun/servlet/solicitudot?gx-no-cache=1491310660167 HTTP/1.1" 200 122
186.103.159.187 - - [04/Apr/2017:08:56:36 -0300] "POST /cormun/servlet/solicitudot?gx-no-cache=1491310660248 HTTP/1.1" 200 1274
186.103.159.187 - - [04/Apr/2017:08:56:36 -0300] "POST /cormun/servlet/solicitudot?gx-no-cache=1491310660320 HTTP/1.1" 200 1157
186.103.159.187 - - [04/Apr/2017:08:56:42 -0300] "GET /cormun/servlet/prlicenciaspermisos?9076382,L,,MD,,gxPopupLevel%3D0%3B HTTP/1.1" 200 6631
200.86.95.220 - - [04/Apr/2017:08:56:45 -0300] "POST /cormun/servlet/prfichaempleado?b8682b74420d8a3da0f28bb2c7f9d467,,MD,,gxPopupLevel%3D0%3B,gx-no-cache=1491307073457 HTTP/1.1" 200 3404
192.168.10.62 - - [04/Apr/2017:08:56:47 -0300] "GET /cormun/servlet/trsolicitudgral? HTTP/1.1" 200 22213
192.168.10.62 - - [04/Apr/2017:08:56:47 -0300] "GET /cormun/static/gxcfg.js?201732110400 HTTP/1.1" 304 -
192.168.10.62 - - [04/Apr/2017:08:56:48 -0300] "GET /cormun/servlet/hlogin HTTP/1.1" 200 1737
192.168.10.62 - - [04/Apr/2017:08:56:48 -0300] "GET /cormun/servlet/trsolicitudgral? HTTP/1.1" 200 22211
200.86.95.220 - - [04/Apr/2017:08:56:49 -0300] "GET /cormun/servlet/prlicenciaspermisos?10820282,L,,MD,,gxPopupLevel%3D0%3B HTTP/1.1" 200 7258
200.86.95.220 - - [04/Apr/2017:08:56:51 -0300] "POST /cormun/servlet/solicitudot?gx-no-cache=1491307079861 HTTP/1.1" 200 1291
200.86.95.220 - - [04/Apr/2017:08:56:56 -0300] "POST /cormun/servlet/solicitudot?gx-no-cache=1491307084815 HTTP/1.1" 200 41
192.168.10.62 - - [04/Apr/2017:08:56:59 -0300] "POST /cormun/servlet/hlogin?e963a7729824df0b89d9f0720ebd48f4,gx-no-cache=1491310295987 HTTP/1.1" 200 90
192.168.10.62 - - [04/Apr/2017:08:56:59 -0300] "GET /cormun/servlet/hpexe_link HTTP/1.1" 200 954
192.168.10.62 - - [04/Apr/2017:08:56:59 -0300] "GET /cormun/servlet/trsolicitudgral HTTP/1.1" 200 11669
192.168.10.62 - - [04/Apr/2017:08:57:00 -0300] "GET /cormun/servlet/trsolicitudgral HTTP/1.1" 200 11667
200.86.95.220 - - [04/Apr/2017:08:57:00 -0300] "GET /cormun/servlet/solicitudot?890d622ca9f552c464e1a1160b8c8092b48d6f14bd77ee71e0ec422dcc362130feb5f0cacc81f1998d3deae6fe65e6618918aa3c1fc505c9dbabe69990326658851f7ab4df094b3c5b5952d327e3e1d16e7ee3857e2e33eebb9b43a03f95e0449e4689b94c36576756ee1b857cc576c7c6b2d201a5c09030cb4db72425990a72166ac59f76de7abce0d9508f19ef198d9206dd28074aa5e3f602d4fece4ec315b9e4236eb685a89dae560875943f25d1d2fe7f2820a027f30e51d851636bb2c0721d78b949405ef603cc00fe0217db63,gx-no-cache=1491307088478 HTTP/1.1" 200 29
200.86.95.220 - - [04/Apr/2017:08:57:02 -0300] "POST /cormun/servlet/solicitudot?gx-no-cache=1491307090681 HTTP/1.1" 200 1275
200.86.95.220 - - [04/Apr/2017:08:57:02 -0300] "POST /cormun/servlet/solicitudot?gx-no-cache=1491307090818 HTTP/1.1" 200 1157
200.86.95.220 - - [04/Apr/2017:08:57:02 -0300] "GET /cormun/servlet/solicitudot?890d622ca9f552c464e1a1160b8c8092c7056bce38cd43f2bae77cdc3b791ad5f0a59aa8443bd1d37ac6a7e362ebdb7ddff345eaf1993f0c2b44ee185f533b87142db60e18c284fc837747559e603b5befc307433f9aa415467991950b18713f7f52958cc3ab30040142db1e74848b53577289edf0730628e337223f18a582fd0327f480169a2b19c24ee41f7e9fe1300d3fc1b06ad10306afad28e718698e4cf4782c6b791db0e89d05db35f2ccd99ce2c26a52aeefece6e0281ac08c11d197,gx-no-cache=1491307090949 HTTP/1.1" 200 30
186.103.159.187 - - [04/Apr/2017:08:57:05 -0300] "POST /cormun/servlet/solicitudot?gx-no-cache=1491310689802 HTTP/1.1" 200 41
186.103.159.187 - - [04/Apr/2017:08:57:05 -0300] "POST /cormun/servlet/solicitudot?gx-no-cache=1491310689867 HTTP/1.1" 200 1274
186.103.159.187 - - [04/Apr/2017:08:57:05 -0300] "POST /cormun/servlet/solicitudot?gx-no-cache=1491310689925 HTTP/1.1" 200 1157
186.103.159.187 - - [04/Apr/2017:08:57:07 -0300] "POST /cormun/servlet/solicitudot?gx-no-cache=1491310691685 HTTP/1.1" 200 1274
186.103.159.187 - - [04/Apr/2017:08:57:07 -0300] "POST /cormun/servlet/solicitudot?gx-no-cache=1491310691764 HTTP/1.1" 200 1157
192.168.10.62 - - [04/Apr/2017:08:57:09 -0300] "POST /cormun/servlet/trsolicitudgral?e963a7729824df0b89d9f0720ebd48f4,gx-no-cache=1491310306209 HTTP/1.1" 200 4719
192.168.10.62 - - [04/Apr/2017:08:57:11 -0300] "GET /cormun/static/menuarrow.gif HTTP/1.1" 404 1015
192.168.10.62 - - [04/Apr/2017:08:57:15 -0300] "POST /cormun/servlet/trsolicitudgral?e963a7729824df0b89d9f0720ebd48f4,gx-no-cache=1491310312703 HTTP/1.1" 200 4720
186.103.159.230 - - [04/Apr/2017:08:57:17 -0300] "GET /cormun/servlet/hlogin HTTP/1.1" 200 1722
186.103.159.230 - - [04/Apr/2017:08:57:17 -0300] "GET /cormun/static/gxtimezone.js?85251 HTTP/1.1" 200 5781
186.103.159.230 - - [04/Apr/2017:08:57:17 -0300] "GET /cormun/static/gxcfg.js?201731711485472 HTTP/1.1" 200 953
186.103.159.230 - - [04/Apr/2017:08:57:17 -0300] "GET /cormun/static/Resources/Spanish/PXTools.css?11294912 HTTP/1.1" 200 89042
186.103.159.230 - - [04/Apr/2017:08:57:17 -0300] "GET /cormun/static/messages.spa.js?85251 HTTP/1.1" 200 30736
186.103.159.230 - - [04/Apr/2017:08:57:17 -0300] "GET /cormun/static/hlogin.js?201731711485490 HTTP/1.1" 200 2136
186.103.159.230 - - [04/Apr/2017:08:57:17 -0300] "GET /cormun/static/Resources/ComunLogin.png HTTP/1.1" 200 17326
186.103.159.230 - - [04/Apr/2017:08:57:18 -0300] "GET /cormun/static/gxgral.js?85251 HTTP/1.1" 200 384558
186.103.159.230 - - [04/Apr/2017:08:57:18 -0300] "GET /cormun/static/Resources/PXToolsLoginBackground.png HTTP/1.1" 200 1164
186.103.159.230 - - [04/Apr/2017:08:57:18 -0300] "GET /cormun/static/Resources/PXToolsLoginTop.png HTTP/1.1" 200 1337
186.103.159.230 - - [04/Apr/2017:08:57:18 -0300] "GET /cormun/static/Resources/PXToolsButtonRight21.png HTTP/1.1" 200 1283
186.103.159.230 - - [04/Apr/2017:08:57:18 -0300] "GET /cormun/static/Resources/PXToolsButtonBackground2.png HTTP/1.1" 200 1181
186.103.159.230 - - [04/Apr/2017:08:57:18 -0300] "GET /cormun/static/Resources/PXToolsLoginBottom.png HTTP/1.1" 200 1389
186.103.159.230 - - [04/Apr/2017:08:57:18 -0300] "GET /cormun/static/Resources/PXToolsButtonLeft21.png HTTP/1.1" 200 1287
186.103.159.230 - - [04/Apr/2017:08:57:18 -0300] "GET /cormun/static/Resources/indicator.gif HTTP/1.1" 200 1553
192.168.10.62 - - [04/Apr/2017:08:57:18 -0300] "GET /cormun/servlet/trconsultaempleado? HTTP/1.1" 200 9019
192.168.10.62 - - [04/Apr/2017:08:57:18 -0300] "GET /cormun/static/gxcfg.js?2017319127961 HTTP/1.1" 304 -
186.103.159.187 - - [04/Apr/2017:08:57:19 -0300] "GET /cormun/servlet/solicitudot?0bef4b416084d687e285ad2c9b35dc877fcb18c7cfd1b772923f7c880ba64ed7dea6ecc82a0af48ff648d3d1f308446d5e8dda1fe1ab67885aa53f8d7cc3d5091a5a21dbc282c709621c855ddae139d775b25d82519ada6a77a2f638bb1b4cb62660e3315bc0ebd9e2bb2e5c3f4eed3ebbcf147b2a16f9739154dafbc2ca0e6c52112e589f231294284d85e4b31e9772001c18513e52a8a6bf5196194452a4005853496cf2780d6241543e8593b9fa2a91809553a87a2d864d837a39f84d779c,gx-no-cache=1491310703278 HTTP/1.1" 200 32
186.103.159.187 - - [04/Apr/2017:08:57:19 -0300] "POST /cormun/servlet/solicitudot?e7e98b2c76cc6af7799a1409e8162fca,INS,0,0,,gx-no-cache=1491310703356 HTTP/1.1" 200 93
186.103.159.187 - - [04/Apr/2017:08:57:19 -0300] "GET /cormun/servlet/hpexe_return? HTTP/1.1" 200 1006
192.168.10.62 - - [04/Apr/2017:08:57:19 -0300] "GET /cormun/servlet/trconsultaempleado? HTTP/1.1" 200 9018
186.103.159.187 - - [04/Apr/2017:08:57:20 -0300] "GET /cormun/servlet/trsolicitudot HTTP/1.1" 200 8542
186.103.159.187 - - [04/Apr/2017:08:57:21 -0300] "GET /cormun/servlet/trsolicitudot HTTP/1.1" 200 8538
200.86.95.220 - - [04/Apr/2017:08:57:25 -0300] "POST /cormun/servlet/solicitudot?b8682b74420d8a3da0f28bb2c7f9d467,INS,0,0,,gx-no-cache=1491307112963 HTTP/1.1" 200 93
200.86.95.220 - - [04/Apr/2017:08:57:25 -0300] "GET /cormun/servlet/hpexe_return? HTTP/1.1" 200 1029
192.168.10.13 - - [04/Apr/2017:08:57:25 -0300] "GET / HTTP/1.1" 200 11217
200.86.95.220 - - [04/Apr/2017:08:57:25 -0300] "GET /cormun/servlet/trsolicitudot?gx-no-cache=1491307010760 HTTP/1.1" 200 8059
200.86.95.220 - - [04/Apr/2017:08:57:27 -0300] "GET /cormun/servlet/trsolicitudot?gx-no-cache=1491307010760 HTTP/1.1" 200 8076
192.168.10.62 - - [04/Apr/2017:08:57:27 -0300] "POST /cormun/servlet/trconsultaempleado?e963a7729824df0b89d9f0720ebd48f4,,gx-no-cache=1491310323996 HTTP/1.1" 200 3759
192.168.10.62 - - [04/Apr/2017:08:57:30 -0300] "POST /cormun/servlet/trconsultaempleado?e963a7729824df0b89d9f0720ebd48f4,,gx-no-cache=1491310327162 HTTP/1.1" 200 3758
192.168.10.62 - - [04/Apr/2017:08:57:31 -0300] "GET /cormun/servlet/hlogin HTTP/1.1" 200 1739
186.103.159.187 - - [04/Apr/2017:08:57:33 -0300] "POST /cormun/servlet/trsolicitudot?e7e98b2c76cc6af7799a1409e8162fca,gx-no-cache=1491310717493 HTTP/1.1" 200 5252
186.103.159.187 - - [04/Apr/2017:08:57:33 -0300] "GET /cormun/static/Shared/jqueryui/images/ui-bg_highlight-soft_100_c6c2c8_1x100.png HTTP/1.1" 404 1117
186.103.159.187 - - [04/Apr/2017:08:57:33 -0300] "GET /cormun/static/Shared/jqueryui/images/ui-icons_8d78a5_256x240.png HTTP/1.1" 404 1089
186.103.159.187 - - [04/Apr/2017:08:57:33 -0300] "GET /cormun/static/Shared/jqueryui/images/ui-bg_flat_55_fafafa_40x100.png HTTP/1.1" 404 1097
186.103.159.187 - - [04/Apr/2017:08:57:33 -0300] "GET /cormun/static/Shared/jqueryui/images/ui-icons_82798d_256x240.png HTTP/1.1" 404 1089
186.103.159.187 - - [04/Apr/2017:08:57:34 -0300] "POST /cormun/servlet/trsolicitudot?e7e98b2c76cc6af7799a1409e8162fca,gx-no-cache=1491310718226 HTTP/1.1" 200 5192
186.103.159.230 - - [04/Apr/2017:08:57:34 -0300] "POST /cormun/servlet/hlogin?40984025d5fc78f7712ce796f5ca1b82,gx-no-cache=1491307136569 HTTP/1.1" 200 90
186.103.159.230 - - [04/Apr/2017:08:57:34 -0300] "GET /cormun/servlet/hpexe_link HTTP/1.1" 200 950
186.103.159.230 - - [04/Apr/2017:08:57:34 -0300] "GET /cormun/static/gxcfg.js?201731711483381 HTTP/1.1" 200 953
186.103.159.230 - - [04/Apr/2017:08:57:34 -0300] "GET /cormun/static/hpexe_link.js?201731711483384 HTTP/1.1" 200 625
186.103.159.230 - - [04/Apr/2017:08:57:34 -0300] "GET /cormun/servlet/hhome HTTP/1.1" 200 3972
186.103.159.230 - - [04/Apr/2017:08:57:35 -0300] "GET /cormun/static/SmoothNavMenu/resources/ddsmoothmenu.css?1012540 HTTP/1.1" 200 2223
186.103.159.230 - - [04/Apr/2017:08:57:35 -0300] "GET /cormun/static/gxcfg.js?201731711483497 HTTP/1.1" 200 953
186.103.159.230 - - [04/Apr/2017:08:57:35 -0300] "GET /cormun/static/scaMessage/css/jquery.pnotify.default.css?1716380 HTTP/1.1" 200 1707
186.103.159.230 - - [04/Apr/2017:08:57:35 -0300] "GET /cormun/static/PXToolsJavascripts/pexe_autoreload.js HTTP/1.1" 200 1762
186.103.159.230 - - [04/Apr/2017:08:57:35 -0300] "GET /cormun/static/SmoothNavMenu/resources/ddsmoothmenu-v.css?1012540 HTTP/1.1" 200 1188
186.103.159.230 - - [04/Apr/2017:08:57:35 -0300] "GET /cormun/static/Shared/jqueryui/jquery-ui.min.css?1245370 HTTP/1.1" 200 30288
186.103.159.230 - - [04/Apr/2017:08:57:35 -0300] "GET /cormun/static/PXToolsJavascripts/pexe_cookies.js HTTP/1.1" 200 792
186.103.159.230 - - [04/Apr/2017:08:57:35 -0300] "GET /cormun/static/PXToolsJavascripts/pexe_windows.js HTTP/1.1" 200 15207
186.103.159.230 - - [04/Apr/2017:08:57:35 -0300] "GET /cormun/static/PXToolsJavascripts/pexe_grid.js HTTP/1.1" 200 7559
186.103.159.230 - - [04/Apr/2017:08:57:35 -0300] "GET /cormun/static/PXToolsJavascripts/pexe_griddivfix.js HTTP/1.1" 200 6644
186.103.159.230 - - [04/Apr/2017:08:57:35 -0300] "GET /cormun/static/PXToolsJavascripts/pexe_link.js HTTP/1.1" 200 5671
186.103.159.230 - - [04/Apr/2017:08:57:35 -0300] "GET /cormun/static/PXToolsJavascripts/pexe_menudivfix.js HTTP/1.1" 200 333
186.103.159.230 - - [04/Apr/2017:08:57:35 -0300] "GET /cormun/static/PXToolsJavascripts/pexe_menus.js HTTP/1.1" 200 1286
186.103.159.230 - - [04/Apr/2017:08:57:35 -0300] "GET /cormun/static/PXToolsJavascripts/pexe_layers.js HTTP/1.1" 200 4114
186.103.159.230 - - [04/Apr/2017:08:57:35 -0300] "GET /cormun/static/PXToolsJavascripts/pexe_oav.js HTTP/1.1" 200 645
186.103.159.230 - - [04/Apr/2017:08:57:35 -0300] "GET /cormun/static/PXToolsJavascripts/pexe_picture.js HTTP/1.1" 200 689
186.103.159.230 - - [04/Apr/2017:08:57:35 -0300] "GET /cormun/static/PXToolsJavascripts/pexe_oavdivfix.js HTTP/1.1" 200 639
186.103.159.230 - - [04/Apr/2017:08:57:35 -0300] "GET /cormun/static/PXToolsJavascripts/pexe_scrolldiv.js HTTP/1.1" 200 4138
186.103.159.230 - - [04/Apr/2017:08:57:35 -0300] "GET /cormun/static/PXToolsJavascripts/pexe_popup.js HTTP/1.1" 200 13458
186.103.159.230 - - [04/Apr/2017:08:57:35 -0300] "GET /cormun/static/PXToolsJavascripts/pexe_tabdivfix.js HTTP/1.1" 200 876
186.103.159.230 - - [04/Apr/2017:08:57:35 -0300] "GET /cormun/static/PXToolsJavascripts/pexe_tabs.js HTTP/1.1" 200 3748
186.103.159.230 - - [04/Apr/2017:08:57:35 -0300] "GET /cormun/static/PXToolsJavascripts/pexe_upload.js HTTP/1.1" 200 1423
186.103.159.230 - - [04/Apr/2017:08:57:35 -0300] "GET /cormun/static/PXToolsJavascripts/PXToolsJavascriptsRender.js HTTP/1.1" 200 367
186.103.159.230 - - [04/Apr/2017:08:57:35 -0300] "GET /cormun/static/hwchdr01.js?201731711335950 HTTP/1.1" 200 1183
186.103.159.230 - - [04/Apr/2017:08:57:35 -0300] "GET /cormun/static/hhome.js?20173171148352 HTTP/1.1" 200 777
186.103.159.230 - - [04/Apr/2017:08:57:35 -0300] "GET /cormun/static/RunJS/RunJS.js HTTP/1.1" 200 288
186.103.159.230 - - [04/Apr/2017:08:57:35 -0300] "GET /cormun/static/Shared/ext/locale/ext-lang-en.js HTTP/1.1" 200 10940
186.103.159.230 - - [04/Apr/2017:08:57:35 -0300] "GET /cormun/static/Resources/PXToolsHeaderBackground2.png HTTP/1.1" 200 1174
186.103.159.230 - - [04/Apr/2017:08:57:35 -0300] "GET /cormun/static/Resources/PXToolsHeaderActionsLeft.png HTTP/1.1" 200 1118
186.103.159.230 - - [04/Apr/2017:08:57:35 -0300] "GET /cormun/static/Resources/logo4.png HTTP/1.1" 200 6582
186.103.159.230 - - [04/Apr/2017:08:57:35 -0300] "GET /cormun/static/Resources/PXToolsDataTitle.png HTTP/1.1" 200 1173
