186.79.31.194 - - [03/Apr/2017:12:52:54 -0300] "GET /cormun/static/gxcfg.js?20171191042720 HTTP/1.1" 304 -
186.79.31.194 - - [03/Apr/2017:12:52:54 -0300] "GET /cormun/static/solicitudot.js?2017119104297 HTTP/1.1" 304 -
186.79.31.194 - - [03/Apr/2017:12:52:54 -0300] "GET /cormun/servlet/solicitudot?INS,0,0, HTTP/1.1" 200 12791
186.79.31.194 - - [03/Apr/2017:12:52:58 -0300] "GET /cormun/servlet/prfichaempleado?,MD,,gxPopupLevel%3D0%3B HTTP/1.1" 200 8816
186.103.156.166 - - [03/Apr/2017:12:52:59 -0300] "POST /cormun/servlet/permisosadjuntos?f410ee58b6292177d18080ee93fb9d0c,INS,11364742,P,20170403134119,,,gx-no-cache=1491238425208 HTTP/1.1" 200 93
186.103.156.166 - - [03/Apr/2017:12:52:59 -0300] "GET /cormun/servlet/hpexe_return? HTTP/1.1" 200 1039
186.103.156.166 - - [03/Apr/2017:12:53:00 -0300] "GET /cormun/servlet/trpermisosadjuntos?11364742,20170403134119,P, HTTP/1.1" 200 6028
186.103.156.166 - - [03/Apr/2017:12:53:00 -0300] "GET /cormun/servlet/trpermisosadjuntos?11364742,20170403134119,P, HTTP/1.1" 200 6025
186.103.156.211 - - [03/Apr/2017:12:53:05 -0300] "GET /cormun/servlet/licenciaspermisos?42b1c76c48c408b8658bdf14bab351f21284b45c1d8312f7b02c7fc2157702320232e33dfd10724d298d6334d488f114,gx-no-cache=1491234853946 HTTP/1.1" 200 62
186.79.31.194 - - [03/Apr/2017:12:53:05 -0300] "POST /cormun/servlet/prfichaempleado?d8d183ac5e6ce77891954dfb635f56eb,,MD,,gxPopupLevel%3D0%3B,gx-no-cache=1491234849327 HTTP/1.1" 200 4786
186.103.156.211 - - [03/Apr/2017:12:53:06 -0300] "POST /cormun/servlet/licenciaspermisos?11fb8d19d1f13d894998946fe8ebe9d0,INS,0,,,,gx-no-cache=1491234854113 HTTP/1.1" 200 4378
186.79.237.79 - - [03/Apr/2017:12:53:06 -0300] "POST /cormun/servlet/trsolicitudot?d23ba4408c8888f4588b3da82e3c8613,,gx-no-cache=1491238449303 HTTP/1.1" 200 4376
186.79.237.79 - - [03/Apr/2017:12:53:07 -0300] "GET /cormun/static/Shared/jqueryui/images/ui-bg_highlight-soft_100_c6c2c8_1x100.png HTTP/1.1" 404 1117
186.79.237.79 - - [03/Apr/2017:12:53:07 -0300] "GET /cormun/static/Shared/jqueryui/images/ui-icons_8d78a5_256x240.png HTTP/1.1" 404 1089
186.79.237.79 - - [03/Apr/2017:12:53:07 -0300] "POST /cormun/servlet/trsolicitudot?d23ba4408c8888f4588b3da82e3c8613,,gx-no-cache=1491238450540 HTTP/1.1" 200 4138
186.79.237.79 - - [03/Apr/2017:12:53:08 -0300] "GET /cormun/static/Shared/jqueryui/images/ui-icons_82798d_256x240.png HTTP/1.1" 404 1089
186.79.237.79 - - [03/Apr/2017:12:53:09 -0300] "GET /cormun/static/Shared/jqueryui/images/ui-bg_flat_55_fafafa_40x100.png HTTP/1.1" 404 1097
186.79.237.79 - - [03/Apr/2017:12:53:13 -0300] "GET /cormun/servlet/trautorizarsolicitud? HTTP/1.1" 200 8165
186.79.237.79 - - [03/Apr/2017:12:53:13 -0300] "GET /cormun/servlet/trautorizarsolicitud? HTTP/1.1" 200 8164
186.103.159.187 - - [03/Apr/2017:12:53:15 -0300] "POST /cormun/servlet/solicitudot?gx-no-cache=1491234862409 HTTP/1.1" 200 728
186.103.159.187 - - [03/Apr/2017:12:53:15 -0300] "GET /cormun/static/Shared/jqueryui/images/ui-icons_82798d_256x240.png HTTP/1.1" 404 1089
186.103.159.187 - - [03/Apr/2017:12:53:15 -0300] "GET /cormun/static/Shared/jqueryui/images/ui-bg_flat_55_994d53_40x100.png HTTP/1.1" 404 1097
186.103.159.187 - - [03/Apr/2017:12:53:15 -0300] "GET /cormun/static/Shared/jqueryui/images/ui-icons_ebccce_256x240.png HTTP/1.1" 404 1089
186.103.159.187 - - [03/Apr/2017:12:53:15 -0300] "POST /cormun/servlet/solicitudot?gx-no-cache=1491234862609 HTTP/1.1" 200 117
186.103.159.187 - - [03/Apr/2017:12:53:16 -0300] "GET /cormun/servlet/solicitudot?d8c2fec3f7c8560e17b8397083e79af2d1e6d73571c391f3f562af7da375ce92dde10c8b42101a447b7bbed426e001763653d7c550329c344f7feab9966fb80477c8170630631ea5255d320e04cc1a320a8330e30c7bdde825b9e3d99966d0a2c1f8082946830d951ffa65e89aafe904122bb1f4718bb42781ccf1de80fbff9246be5fe86d3b50942a520305677569df7ea65523cdfaa202cc7e38f3f1a1f0f1,gx-no-cache=1491234862742 HTTP/1.1" 200 29
186.103.159.187 - - [03/Apr/2017:12:53:16 -0300] "POST /cormun/servlet/solicitudot?gx-no-cache=1491234862784 HTTP/1.1" 200 643
186.103.159.187 - - [03/Apr/2017:12:53:16 -0300] "GET /cormun/static/Shared/jqueryui/images/ui-bg_highlight-soft_100_c6c2c8_1x100.png HTTP/1.1" 404 1117
186.103.159.187 - - [03/Apr/2017:12:53:16 -0300] "POST /cormun/servlet/solicitudot?gx-no-cache=1491234862832 HTTP/1.1" 200 518
186.103.159.187 - - [03/Apr/2017:12:53:19 -0300] "GET /cormun/servlet/prsolicitudot?18597010,,,,,MD,,gxPopupLevel%3D0%3B HTTP/1.1" 200 5973
186.103.159.187 - - [03/Apr/2017:12:53:19 -0300] "GET /cormun/static/prsolicitudot.js?201731711522786 HTTP/1.1" 200 13680
186.103.159.187 - - [03/Apr/2017:12:53:19 -0300] "GET /cormun/static/gxcfg.js?201731711522567 HTTP/1.1" 200 953
186.103.159.182 - - [03/Apr/2017:12:53:24 -0300] "GET /cormun/servlet/licenciaspermisos?6502c9f150624e5157e5e3142583e085cc8af0455a438f384ac9481bba621671a9d635739626216c5eb895b190a02208,gx-no-cache=1491234871088 HTTP/1.1" 200 67
186.79.31.194 - - [03/Apr/2017:12:53:24 -0300] "POST /cormun/servlet/solicitudot?gx-no-cache=1491234868489 HTTP/1.1" 200 3170
186.103.159.182 - - [03/Apr/2017:12:53:25 -0300] "POST /cormun/servlet/licenciaspermisos?8ffafb50c095ed685f9cc3d604c077c5,INS,0,,,,gx-no-cache=1491234871484 HTTP/1.1" 200 4624
186.79.31.194 - - [03/Apr/2017:12:53:26 -0300] "POST /cormun/servlet/solicitudot?d8d183ac5e6ce77891954dfb635f56eb,INS,0,0,,gx-no-cache=1491234869087 HTTP/1.1" 200 9961
192.168.10.13 - - [03/Apr/2017:12:53:26 -0300] "GET / HTTP/1.1" 200 11217
186.79.31.194 - - [03/Apr/2017:12:53:26 -0300] "GET /cormun/servlet/solicitudot?b71afba4c3678601fbf1613b782568fe658d9821cfdb12bbe13feddb81ec1afc8b7bcdbd776e022ddf72e0d96a711b16,gx-no-cache=1491234870345 HTTP/1.1" 200 30
186.79.237.79 - - [03/Apr/2017:12:53:27 -0300] "POST /cormun/servlet/trautorizarsolicitud?d23ba4408c8888f4588b3da82e3c8613,,gx-no-cache=1491238469702 HTTP/1.1" 200 4337
186.79.237.79 - - [03/Apr/2017:12:53:27 -0300] "GET /cormun/static/Shared/jqueryui/images/ui-bg_highlight-soft_100_c6c2c8_1x100.png HTTP/1.1" 404 1117
186.79.237.79 - - [03/Apr/2017:12:53:27 -0300] "GET /cormun/static/Shared/jqueryui/images/ui-icons_82798d_256x240.png HTTP/1.1" 404 1089
186.79.237.79 - - [03/Apr/2017:12:53:27 -0300] "GET /cormun/static/Shared/jqueryui/images/ui-bg_flat_55_fafafa_40x100.png HTTP/1.1" 404 1097
186.79.237.79 - - [03/Apr/2017:12:53:27 -0300] "GET /cormun/static/Shared/jqueryui/images/ui-icons_8d78a5_256x240.png HTTP/1.1" 404 1089
186.79.237.79 - - [03/Apr/2017:12:53:28 -0300] "POST /cormun/servlet/trautorizarsolicitud?d23ba4408c8888f4588b3da82e3c8613,,gx-no-cache=1491238470570 HTTP/1.1" 200 4098
186.79.31.194 - - [03/Apr/2017:12:53:28 -0300] "POST /cormun/servlet/solicitudot?gx-no-cache=1491234871660 HTTP/1.1" 200 3170
186.103.159.187 - - [03/Apr/2017:12:53:29 -0300] "POST /cormun/servlet/solicitudot?gx-no-cache=1491234875768 HTTP/1.1" 200 728
186.103.159.187 - - [03/Apr/2017:12:53:29 -0300] "POST /cormun/servlet/solicitudot?gx-no-cache=1491234875865 HTTP/1.1" 200 117
186.103.159.187 - - [03/Apr/2017:12:53:29 -0300] "POST /cormun/servlet/solicitudot?gx-no-cache=1491234875921 HTTP/1.1" 200 643
186.103.159.187 - - [03/Apr/2017:12:53:29 -0300] "POST /cormun/servlet/solicitudot?gx-no-cache=1491234876033 HTTP/1.1" 200 518
186.79.31.194 - - [03/Apr/2017:12:53:29 -0300] "POST /cormun/servlet/solicitudot?d8d183ac5e6ce77891954dfb635f56eb,INS,0,0,,gx-no-cache=1491234872605 HTTP/1.1" 200 10010
186.103.156.166 - - [03/Apr/2017:12:53:32 -0300] "GET /cormun/servlet/permisosadjuntos?INS,11364742,P,20170403134119,, HTTP/1.1" 200 5355
186.103.156.166 - - [03/Apr/2017:12:53:32 -0300] "GET /cormun/static/about:blank HTTP/1.1" 404 1011
186.103.156.166 - - [03/Apr/2017:12:53:32 -0300] "GET /cormun/servlet/permisosadjuntos?INS,11364742,P,20170403134119,, HTTP/1.1" 200 5343
186.79.31.194 - - [03/Apr/2017:12:53:38 -0300] "GET /cormun/servlet/solicitudot?b71afba4c3678601fbf1613b782568fe658d9821cfdb12bbe13feddb81ec1afcd25b9f89433d10cc23f8c9ba05a21d58,gx-no-cache=1491234882531 HTTP/1.1" 200 30
186.79.31.194 - - [03/Apr/2017:12:53:38 -0300] "POST /cormun/servlet/solicitudot?gx-no-cache=1491234882665 HTTP/1.1" 200 255
186.79.31.194 - - [03/Apr/2017:12:53:38 -0300] "GET /cormun/servlet/solicitudot?b71afba4c3678601fbf1613b782568fe37aef924d23f3dbf2b771b994122538c15cbfe61c0d8fde064f410a1175ea015b3af76ec21863c875bcf28fa288ba6f7cfe2bd37199a15824284c440d9da86594409a62375b61bc1de0bd4268efe067167425455f1ebbd46a7a43e7c3a4a8076dff5e13eafa0be924b9c5da74da19d319e4b897f64b0b03248a889f2bc023c8ba9ff610c63deef8d8c0c26b51ffd497db5f33e5fc91c9cba288f0fd9500a30b0b9650723ea1d419eae8f9dcbd3998cba0209e89dc100513b2a236e2d16768a8087481ba683835e16801c6ac830e5b3ae831ba945957e1a8c70272da5335011c04f112d6aee4a47ddab87202433e60bbde2eae9fb01e934c1b7263d65a53ead7da81001c8086966be5d74fa9652564cd2e8a783226a50ef8b88546b309398fa1364927b38134b6f25992a5d552b59138c8ba861a2e45e292aa604ae3efcb84632ce7ea5d88d9b02030833f52403c9f96e587829bfb8107337d16b03faec54ffe39a9b55bda7b69b7b0798b75c9884c377,gx-no-cache=1491234882809 HTTP/1.1" 200 30
186.79.31.194 - - [03/Apr/2017:12:53:47 -0300] "POST /cormun/servlet/solicitudot?gx-no-cache=1491234891887 HTTP/1.1" 200 30
186.103.159.187 - - [03/Apr/2017:12:53:51 -0300] "POST /cormun/servlet/solicitudot?gx-no-cache=1491234898449 HTTP/1.1" 200 30
186.103.159.182 - - [03/Apr/2017:12:54:00 -0300] "GET /cormun/static/menuarrow.gif HTTP/1.1" 404 1015
186.79.31.194 - - [03/Apr/2017:12:54:01 -0300] "POST /cormun/servlet/solicitudot?gx-no-cache=1491234905683 HTTP/1.1" 200 1291
186.79.31.194 - - [03/Apr/2017:12:54:01 -0300] "POST /cormun/servlet/solicitudot?gx-no-cache=1491234905864 HTTP/1.1" 200 38
186.79.31.194 - - [03/Apr/2017:12:54:04 -0300] "GET /cormun/servlet/prcontratosol?13719416,,,,,MD,,gxPopupLevel%3D0%3B HTTP/1.1" 200 5953
186.79.31.194 - - [03/Apr/2017:12:54:05 -0300] "GET /cormun/static/gxcfg.js?201731711522183 HTTP/1.1" 304 -
186.79.31.194 - - [03/Apr/2017:12:54:05 -0300] "GET /cormun/static/prcontratosol.js?201731711522419 HTTP/1.1" 304 -
186.79.31.194 - - [03/Apr/2017:12:54:08 -0300] "POST /cormun/servlet/solicitudot?gx-no-cache=1491234911974 HTTP/1.1" 200 1291
186.79.31.194 - - [03/Apr/2017:12:54:08 -0300] "POST /cormun/servlet/solicitudot?gx-no-cache=1491234912248 HTTP/1.1" 200 38
186.79.31.194 - - [03/Apr/2017:12:54:09 -0300] "GET /cormun/servlet/solicitudot?b71afba4c3678601fbf1613b782568fec84b2bdf86dd854b66db67aeb2c14fb36f3217cd5172422ed242e006548ca232becd75b5d31d8cffe515d9f0bd4cad89be44e22dba3feda2ce011b0b098d9d5f248cd2573f482a9c4c8cc6f6ea6ae995b74d5ccf3b1be382acdcddfdd9a5dcbbdf62527f4124346cc4140e823078fe610b97b1fc89d63a56bc5a885747a8c1f6a8738c51bc3ccb84f07ab8e2ab442936,gx-no-cache=1491234913080 HTTP/1.1" 200 29
186.79.31.194 - - [03/Apr/2017:12:54:09 -0300] "POST /cormun/servlet/solicitudot?gx-no-cache=1491234913167 HTTP/1.1" 200 1274
186.79.31.194 - - [03/Apr/2017:12:54:10 -0300] "POST /cormun/servlet/solicitudot?gx-no-cache=1491234913543 HTTP/1.1" 200 1157
186.103.158.250 - - [03/Apr/2017:12:54:14 -0300] "GET /cormun/servlet/hlogin HTTP/1.1" 200 1724
186.103.158.250 - - [03/Apr/2017:12:54:14 -0300] "GET /cormun/static/Resources/Spanish/PXTools.css?11294912 HTTP/1.1" 304 -
186.103.158.250 - - [03/Apr/2017:12:54:14 -0300] "GET /cormun/static/gxcfg.js?201731711485472 HTTP/1.1" 304 -
186.103.158.250 - - [03/Apr/2017:12:54:14 -0300] "GET /cormun/static/messages.spa.js?85251 HTTP/1.1" 304 -
186.103.158.250 - - [03/Apr/2017:12:54:14 -0300] "GET /cormun/static/hlogin.js?201731711485490 HTTP/1.1" 304 -
186.103.158.250 - - [03/Apr/2017:12:54:15 -0300] "GET /cormun/servlet/hlogin HTTP/1.1" 200 1734
186.103.156.211 - - [03/Apr/2017:12:54:18 -0300] "GET /cormun/static/menuarrow.gif HTTP/1.1" 404 1015
192.168.10.13 - - [03/Apr/2017:12:54:26 -0300] "GET / HTTP/1.1" 200 11217
186.103.156.166 - - [03/Apr/2017:12:54:44 -0300] "POST /cormun/servlet/permisosadjuntos?f410ee58b6292177d18080ee93fb9d0c,INS,11364742,P,20170403134119,, HTTP/1.1" 200 116
186.103.156.166 - - [03/Apr/2017:12:54:44 -0300] "GET /cormun/servlet/hpexe_return? HTTP/1.1" 200 1039
186.103.156.166 - - [03/Apr/2017:12:54:44 -0300] "GET /cormun/servlet/trpermisosadjuntos?11364742,20170403134119,P, HTTP/1.1" 200 6028
186.103.156.166 - - [03/Apr/2017:12:54:45 -0300] "GET /cormun/servlet/trpermisosadjuntos?11364742,20170403134119,P, HTTP/1.1" 200 6025
186.103.159.187 - - [03/Apr/2017:12:54:58 -0300] "GET /cormun/servlet/prfichaempleado?,MD,,gxPopupLevel%3D0%3B HTTP/1.1" 200 8745
186.103.159.187 - - [03/Apr/2017:12:55:15 -0300] "POST /cormun/servlet/prfichaempleado?2361a00dc0a78d674274b463f09bfa6a,,MD,,gxPopupLevel%3D0%3B,gx-no-cache=1491234981494 HTTP/1.1" 200 3399
186.103.159.187 - - [03/Apr/2017:12:55:21 -0300] "GET /cormun/servlet/prlicenciaspermisos?9076382,L,,MD,,gxPopupLevel%3D0%3B HTTP/1.1" 200 6634
192.168.10.13 - - [03/Apr/2017:12:55:26 -0300] "GET / HTTP/1.1" 200 11217
186.103.159.187 - - [03/Apr/2017:12:55:29 -0300] "POST /cormun/servlet/solicitudot?gx-no-cache=1491234994501 HTTP/1.1" 200 1291
186.103.159.187 - - [03/Apr/2017:12:55:32 -0300] "POST /cormun/servlet/solicitudot?gx-no-cache=1491234999415 HTTP/1.1" 200 41
186.103.159.187 - - [03/Apr/2017:12:55:48 -0300] "POST /cormun/servlet/solicitudot?gx-no-cache=1491235014703 HTTP/1.1" 200 1274
186.103.159.187 - - [03/Apr/2017:12:55:48 -0300] "POST /cormun/servlet/solicitudot?gx-no-cache=1491235014871 HTTP/1.1" 200 1157
186.103.159.187 - - [03/Apr/2017:12:55:49 -0300] "GET /cormun/static/menuarrow.gif HTTP/1.1" 404 1015
186.103.159.187 - - [03/Apr/2017:12:55:50 -0300] "POST /cormun/servlet/solicitudot?gx-no-cache=1491235016847 HTTP/1.1" 200 1274
186.103.159.187 - - [03/Apr/2017:12:55:50 -0300] "POST /cormun/servlet/solicitudot?gx-no-cache=1491235017410 HTTP/1.1" 200 1157
186.103.159.187 - - [03/Apr/2017:12:55:57 -0300] "GET /cormun/servlet/solicitudot?d8c2fec3f7c8560e17b8397083e79af2aaf71844a9120dfbe4d0c7f9e5c44995b144aa65bd4d2a9f15a88e6d564405b28be924580d5c2416efaf0d89bcd77b15cb7b256fc4fe2e5600dafd45b8c00a4acc7834382705f9c7f78ba52949129a2f4fa18498017151486a9a739a0fa3d9cfc4239c0a1123c8d93e7202148a70ecf9f8ff3a3db7468db44d1a89a37553606e42da6278464445e655ac1101916fd7307abf0b0c811cc3d2d23034d7f34b7e527de4a7e5a4e963ca20899c0e81343538,gx-no-cache=1491235024053 HTTP/1.1" 200 30
192.168.10.13 - - [03/Apr/2017:12:56:26 -0300] "GET / HTTP/1.1" 200 11217
186.103.159.182 - - [03/Apr/2017:12:57:14 -0300] "GET /cormun/servlet/licenciaspermisos?6502c9f150624e5157e5e3142583e085da7ba79bf85930f0fe2cc7f92696fb52d7cade30b2e6dbd954114380db17fa269145715fb7bd5e92ab494a2d5ee2efe8dad9e6cdbf6f271336a0c613b83763e6b67dd7173c8a9b7832ff5ac6782a3eee0140ccf5a72a6f68f65e2d1ba9dc2af9aaf1f90e25e742fe9912d1fc8843ac240f43f3b01d0d9b312e36532fbc16798cf3f9b499273ed4445ce4dfd7f9891ecc03312756c2ea253255eb6ab2447e4454,gx-no-cache=1491235101121 HTTP/1.1" 200 30
186.103.159.182 - - [03/Apr/2017:12:57:14 -0300] "GET /cormun/servlet/licenciaspermisos?6502c9f150624e5157e5e3142583e0857b5631cf834559f3aad0ddb271823f5a9255fa028e911dc3b48ab9c6b8cd2dcf427cbc46015292b7bab42367ba29a12b2ce9534379f688e80ba04446a2d51d5e284148ef14f831d1b273d4108dec6a6b8ec2db94139c760ffe0bc0bc6918be51589c9c68d690f7c05d966b8b4a8b3637d9154d2e7b5eb7742f7aebaf85d42b9b93afbfb4a00f24cd8c01f9755d0501d6f18db99c17b4e9e0e94d788e15b9fa7d,gx-no-cache=1491235101216 HTTP/1.1" 200 29
186.103.159.182 - - [03/Apr/2017:12:57:14 -0300] "POST /cormun/servlet/licenciaspermisos?8ffafb50c095ed685f9cc3d604c077c5,INS,0,,,,gx-no-cache=1491235101291 HTTP/1.1" 200 93
186.103.159.182 - - [03/Apr/2017:12:57:15 -0300] "GET /cormun/servlet/hpexe_return? HTTP/1.1" 200 1013
186.103.159.182 - - [03/Apr/2017:12:57:15 -0300] "GET /cormun/servlet/trlicencias HTTP/1.1" 200 7975
186.103.159.182 - - [03/Apr/2017:12:57:17 -0300] "GET /cormun/servlet/trlicencias HTTP/1.1" 200 7970
192.168.10.13 - - [03/Apr/2017:12:57:26 -0300] "GET / HTTP/1.1" 200 11217
186.103.159.187 - - [03/Apr/2017:12:57:28 -0300] "POST /cormun/servlet/solicitudot?2361a00dc0a78d674274b463f09bfa6a,INS,0,0,,gx-no-cache=1491235113985 HTTP/1.1" 200 93
186.103.159.187 - - [03/Apr/2017:12:57:28 -0300] "GET /cormun/servlet/hpexe_return? HTTP/1.1" 200 1010
186.103.159.187 - - [03/Apr/2017:12:57:28 -0300] "GET /cormun/servlet/trsolicitudot HTTP/1.1" 200 8544
186.103.159.187 - - [03/Apr/2017:12:57:29 -0300] "GET /cormun/servlet/trsolicitudot HTTP/1.1" 200 8540
186.103.159.187 - - [03/Apr/2017:12:57:40 -0300] "POST /cormun/servlet/trsolicitudot?2361a00dc0a78d674274b463f09bfa6a,gx-no-cache=1491235126950 HTTP/1.1" 200 5256
186.103.159.187 - - [03/Apr/2017:12:57:40 -0300] "GET /cormun/static/Shared/jqueryui/images/ui-bg_highlight-soft_100_c6c2c8_1x100.png HTTP/1.1" 404 1117
186.103.159.187 - - [03/Apr/2017:12:57:40 -0300] "GET /cormun/static/Shared/jqueryui/images/ui-icons_82798d_256x240.png HTTP/1.1" 404 1089
186.103.159.187 - - [03/Apr/2017:12:57:40 -0300] "GET /cormun/static/Shared/jqueryui/images/ui-bg_flat_55_fafafa_40x100.png HTTP/1.1" 404 1097
186.103.159.187 - - [03/Apr/2017:12:57:40 -0300] "GET /cormun/static/Shared/jqueryui/images/ui-icons_8d78a5_256x240.png HTTP/1.1" 404 1089
186.103.159.187 - - [03/Apr/2017:12:57:41 -0300] "POST /cormun/servlet/trsolicitudot?2361a00dc0a78d674274b463f09bfa6a,gx-no-cache=1491235127544 HTTP/1.1" 200 5197
186.103.159.187 - - [03/Apr/2017:12:57:45 -0300] "POST /cormun/servlet/trsolicitudot?2361a00dc0a78d674274b463f09bfa6a,gx-no-cache=1491235130652 HTTP/1.1" 200 90
186.103.159.187 - - [03/Apr/2017:12:57:45 -0300] "GET /cormun/servlet/hpexe_link HTTP/1.1" 200 960
186.103.159.187 - - [03/Apr/2017:12:57:46 -0300] "GET /cormun/servlet/hhome HTTP/1.1" 200 3739
186.103.159.187 - - [03/Apr/2017:12:57:47 -0300] "GET /cormun/servlet/hhome HTTP/1.1" 200 3736
186.103.159.187 - - [03/Apr/2017:12:57:48 -0300] "GET /cormun/servlet/hlogin HTTP/1.1" 200 1739
186.103.159.187 - - [03/Apr/2017:12:57:55 -0300] "POST /cormun/servlet/hlogin?2361a00dc0a78d674274b463f09bfa6a,gx-no-cache=1491235142533 HTTP/1.1" 200 446
186.103.159.182 - - [03/Apr/2017:12:57:56 -0300] "GET /cormun/servlet/trlicenciaspermisosadjuntos?16493601,20170403000000,L, HTTP/1.1" 200 6402
186.103.159.182 - - [03/Apr/2017:12:57:56 -0300] "GET /cormun/static/gxcfg.js?20173171154619 HTTP/1.1" 200 953
186.103.159.182 - - [03/Apr/2017:12:57:56 -0300] "GET /cormun/static/trlicenciaspermisosadjuntos.js?20173171154971 HTTP/1.1" 304 -
186.103.159.182 - - [03/Apr/2017:12:57:58 -0300] "GET /cormun/servlet/trlicenciaspermisosadjuntos?16493601,20170403000000,L, HTTP/1.1" 200 6402
186.103.159.187 - - [03/Apr/2017:12:58:05 -0300] "POST /cormun/servlet/hlogin?2361a00dc0a78d674274b463f09bfa6a,gx-no-cache=1491235152151 HTTP/1.1" 200 90
186.103.159.187 - - [03/Apr/2017:12:58:05 -0300] "GET /cormun/servlet/hpexe_link HTTP/1.1" 200 956
186.103.159.187 - - [03/Apr/2017:12:58:05 -0300] "GET /cormun/servlet/hhome HTTP/1.1" 200 3955
186.103.159.187 - - [03/Apr/2017:12:58:07 -0300] "GET /cormun/servlet/hhome HTTP/1.1" 200 3951
186.103.156.211 - - [03/Apr/2017:12:58:09 -0300] "GET /cormun/servlet/licenciaspermisos?42b1c76c48c408b8658bdf14bab351f2b369572c4d7c6af51a8e8b50cea6cfda9c4548fe8620bfd40be01b3879b74f841b4589ab792c8788f9a9e198eef7ff10c33e3728cccbbfdae9479b23095a4b9451ea293425e1ab1b1a62033e09bdf40967350bfd6539d2bdd9e701ed99d8fb2aa763051bbe802cccb2db3506305a1971c89e4ab45e65042ebc2434e899c46dfa78598862a462c03000c2c2a3743f05c4a07e354b3ccb2ea918895167ab95d003ae079968ca13bc69521354ac290976812640b21c547871a0ef1c8dda2fcfa9bb91afe07ddbfbea4f074f471286f09019,gx-no-cache=1491235157939 HTTP/1.1" 200 30
186.103.156.166 - - [03/Apr/2017:12:58:13 -0300] "GET /cormun/servlet/hhome HTTP/1.1" 200 3320
186.103.156.166 - - [03/Apr/2017:12:58:13 -0300] "GET /cormun/servlet/hhome HTTP/1.1" 200 3316
186.103.156.166 - - [03/Apr/2017:12:58:14 -0300] "GET /cormun/servlet/hhome HTTP/1.1" 200 3326
186.103.156.166 - - [03/Apr/2017:12:58:14 -0300] "GET /cormun/servlet/hlogin HTTP/1.1" 200 1736
186.103.159.187 - - [03/Apr/2017:12:58:15 -0300] "GET /cormun/servlet/trautorizarsolicitud? HTTP/1.1" 200 8181
186.103.159.187 - - [03/Apr/2017:12:58:16 -0300] "GET /cormun/servlet/trautorizarsolicitud? HTTP/1.1" 200 8179
186.103.159.187 - - [03/Apr/2017:12:58:20 -0300] "POST /cormun/servlet/trautorizarsolicitud?2361a00dc0a78d674274b463f09bfa6a,,gx-no-cache=1491235167126 HTTP/1.1" 200 4346
186.103.159.187 - - [03/Apr/2017:12:58:20 -0300] "GET /cormun/static/Shared/jqueryui/images/ui-bg_highlight-soft_100_c6c2c8_1x100.png HTTP/1.1" 404 1117
186.103.159.187 - - [03/Apr/2017:12:58:20 -0300] "GET /cormun/static/Shared/jqueryui/images/ui-icons_82798d_256x240.png HTTP/1.1" 404 1089
186.103.159.187 - - [03/Apr/2017:12:58:20 -0300] "GET /cormun/static/Shared/jqueryui/images/ui-bg_flat_55_fafafa_40x100.png HTTP/1.1" 404 1097
186.103.159.187 - - [03/Apr/2017:12:58:20 -0300] "GET /cormun/static/Shared/jqueryui/images/ui-icons_8d78a5_256x240.png HTTP/1.1" 404 1089
186.103.159.187 - - [03/Apr/2017:12:58:21 -0300] "POST /cormun/servlet/trautorizarsolicitud?2361a00dc0a78d674274b463f09bfa6a,,gx-no-cache=1491235167682 HTTP/1.1" 200 4092
186.103.156.211 - - [03/Apr/2017:12:58:22 -0300] "GET /cormun/servlet/licenciaspermisos?42b1c76c48c408b8658bdf14bab351f2b369572c4d7c6af51a8e8b50cea6cfda97efa1f9765fc6de1afb44412dc274fd1b4589ab792c8788f9a9e198eef7ff10c33e3728cccbbfdae9479b23095a4b9451ea293425e1ab1b1a62033e09bdf40967350bfd6539d2bdd9e701ed99d8fb2aa763051bbe802cccb2db3506305a1971c89e4ab45e65042ebc2434e899c46dfa78598862a462c03000c2c2a3743f05c4a07e354b3ccb2ea918895167ab95d003ae079968ca13bc69521354ac290976812640b21c547871a0ef1c8dda2fcfa9bb91afe07ddbfbea4f074f471286f09019,gx-no-cache=1491235171200 HTTP/1.1" 200 30
192.168.10.13 - - [03/Apr/2017:12:58:26 -0300] "GET / HTTP/1.1" 200 11217
186.103.156.166 - - [03/Apr/2017:12:58:43 -0300] "POST /cormun/servlet/hlogin?ac1ad66795c653d97369a9bc6a4e0896,gx-no-cache=1491238769423 HTTP/1.1" 200 90
186.103.156.166 - - [03/Apr/2017:12:58:43 -0300] "GET /cormun/servlet/hpexe_link HTTP/1.1" 200 954
186.103.156.166 - - [03/Apr/2017:12:58:43 -0300] "GET /cormun/servlet/hhome HTTP/1.1" 200 3706
186.103.156.166 - - [03/Apr/2017:12:58:43 -0300] "GET /cormun/servlet/hhome HTTP/1.1" 200 3703
186.103.159.182 - - [03/Apr/2017:12:58:54 -0300] "GET /cormun/servlet/licenciaspermisosadjuntos?INS,16493601,L,20170403000000,, HTTP/1.1" 200 5701
186.103.159.182 - - [03/Apr/2017:12:58:54 -0300] "GET /cormun/static/gxcfg.js?201731711421170 HTTP/1.1" 200 953
186.103.159.182 - - [03/Apr/2017:12:58:54 -0300] "GET /cormun/static/licenciaspermisosadjuntos.js?201731711421181 HTTP/1.1" 304 -
186.103.159.182 - - [03/Apr/2017:12:58:55 -0300] "GET /cormun/static/about:blank HTTP/1.1" 404 1011
186.103.159.182 - - [03/Apr/2017:12:58:56 -0300] "GET /cormun/servlet/licenciaspermisosadjuntos?INS,16493601,L,20170403000000,, HTTP/1.1" 200 5690
186.103.156.166 - - [03/Apr/2017:12:58:57 -0300] "GET /cormun/servlet/trpermisosgoce? HTTP/1.1" 200 7556
186.103.156.166 - - [03/Apr/2017:12:58:58 -0300] "GET /cormun/servlet/trpermisosgoce? HTTP/1.1" 200 7555
186.103.156.166 - - [03/Apr/2017:12:59:09 -0300] "GET /cormun/servlet/trpermisosadjuntos?11364742,20170403134119,P, HTTP/1.1" 200 6024
186.103.156.166 - - [03/Apr/2017:12:59:10 -0300] "GET /cormun/servlet/trpermisosadjuntos?11364742,20170403134119,P, HTTP/1.1" 200 6024
186.103.156.166 - - [03/Apr/2017:12:59:14 -0300] "GET /cormun/servlet/permisosadjuntos?INS,11364742,P,20170403134119,, HTTP/1.1" 200 5356
186.103.156.166 - - [03/Apr/2017:12:59:14 -0300] "GET /cormun/static/about:blank HTTP/1.1" 404 1011
186.103.156.166 - - [03/Apr/2017:12:59:14 -0300] "GET /cormun/servlet/permisosadjuntos?INS,11364742,P,20170403134119,, HTTP/1.1" 200 5346
186.79.31.194 - - [03/Apr/2017:12:59:18 -0300] "POST /cormun/servlet/solicitudot?gx-no-cache=1491235221774 HTTP/1.1" 200 30
186.79.31.194 - - [03/Apr/2017:12:59:19 -0300] "POST /cormun/servlet/solicitudot?gx-no-cache=1491235222971 HTTP/1.1" 200 1291
186.79.31.194 - - [03/Apr/2017:12:59:19 -0300] "POST /cormun/servlet/solicitudot?gx-no-cache=1491235223579 HTTP/1.1" 200 41
186.79.31.194 - - [03/Apr/2017:12:59:20 -0300] "POST /cormun/servlet/solicitudot?gx-no-cache=1491235223814 HTTP/1.1" 200 1275
186.79.31.194 - - [03/Apr/2017:12:59:20 -0300] "POST /cormun/servlet/solicitudot?gx-no-cache=1491235224729 HTTP/1.1" 200 1157
186.79.31.194 - - [03/Apr/2017:12:59:21 -0300] "GET /cormun/servlet/solicitudot?b71afba4c3678601fbf1613b782568fec872bc8c9f5b403a97435ae6c48cae03bf5c3a60c7eec34fd3c44700a8d40d12e75229b9cbcac97ccbc2b980a3cb3483946fe43cb0b4086b6a4e4d64bf7cf9be15d7dbf8f1635b2dd342e1dde14d26bcfefaa88ac73a53d0d01da48547a6a1e12beb52691d86eceb262071d5a4512e5df6bb574dfa8eef67eb28e016bae866902b52926144f05587c5222844d06c8a0a1ff70aec1bce33d33e7043777606eb58,gx-no-cache=1491235225270 HTTP/1.1" 200 30
192.168.10.13 - - [03/Apr/2017:12:59:26 -0300] "GET / HTTP/1.1" 200 11217
83.217.214.72 - - [03/Apr/2017:12:59:33 -0300] "GET /cormun/servlet/trsolicitudot? HTTP/1.1" 200 6826
83.217.214.72 - - [03/Apr/2017:12:59:34 -0300] "GET /cormun/static/gxui/gxui-all.css?110300 HTTP/1.1" 200 2179
83.217.214.72 - - [03/Apr/2017:12:59:34 -0300] "GET /cormun/static/gxtimezone.js?85251 HTTP/1.1" 200 5781
83.217.214.72 - - [03/Apr/2017:12:59:34 -0300] "GET /cormun/static/calendar-es.js?85251 HTTP/1.1" 200 1901
83.217.214.72 - - [03/Apr/2017:12:59:34 -0300] "GET /cormun/static/RunJS/RunJS.js HTTP/1.1" 200 288
83.217.214.72 - - [03/Apr/2017:12:59:34 -0300] "GET /cormun/static/PXToolsJavascripts/pexe_link.js HTTP/1.1" 200 5671
83.217.214.72 - - [03/Apr/2017:12:59:34 -0300] "GET /cormun/static/PXToolsJavascripts/pexe_autoreload.js HTTP/1.1" 200 1762
83.217.214.72 - - [03/Apr/2017:12:59:34 -0300] "GET /cormun/static/PXToolsJavascripts/pexe_cookies.js HTTP/1.1" 200 792
83.217.214.72 - - [03/Apr/2017:12:59:34 -0300] "GET /cormun/static/PXToolsJavascripts/pexe_grid.js HTTP/1.1" 200 7559
83.217.214.72 - - [03/Apr/2017:12:59:34 -0300] "GET /cormun/static/PXToolsJavascripts/pexe_griddivfix.js HTTP/1.1" 200 6644
83.217.214.72 - - [03/Apr/2017:12:59:34 -0300] "GET /cormun/static/PXToolsJavascripts/pexe_menudivfix.js HTTP/1.1" 200 333
83.217.214.72 - - [03/Apr/2017:12:59:34 -0300] "GET /cormun/static/PXToolsJavascripts/pexe_popup.js HTTP/1.1" 200 13458
83.217.214.72 - - [03/Apr/2017:12:59:34 -0300] "GET /cormun/static/Resources/PXToolsDataSearch.png HTTP/1.1" 200 419
83.217.214.72 - - [03/Apr/2017:12:59:34 -0300] "GET /cormun/static/Resources/PXToolsHeaderPreferences.png HTTP/1.1" 200 4189
83.217.214.72 - - [03/Apr/2017:12:59:34 -0300] "GET /cormun/static/Resources/PXToolsHeaderActionsRight.png HTTP/1.1" 200 1201
83.217.214.72 - - [03/Apr/2017:12:59:34 -0300] "GET /cormun/static/hpexe_recentlink.js?201610171694390 HTTP/1.1" 200 2144
83.217.214.72 - - [03/Apr/2017:12:59:34 -0300] "GET /cormun/static/Resources/PXToolsGridNextDisabled.gif HTTP/1.1" 200 90
83.217.214.72 - - [03/Apr/2017:12:59:34 -0300] "GET /cormun/static/Resources/PXToolsGridNew.png HTTP/1.1" 200 2949
83.217.214.72 - - [03/Apr/2017:12:59:34 -0300] "GET /cormun/static/Resources/PXToolsActionExcel.png HTTP/1.1" 200 3187
83.217.214.72 - - [03/Apr/2017:12:59:34 -0300] "GET /cormun/static/Shared/ext/locale/ext-lang-en.js HTTP/1.1" 200 10940
83.217.214.72 - - [03/Apr/2017:12:59:34 -0300] "GET /cormun/static/PXToolsJavascripts/pexe_layers.js HTTP/1.1" 200 4114
83.217.214.72 - - [03/Apr/2017:12:59:34 -0300] "GET /cormun/static/PXToolsJavascripts/pexe_upload.js HTTP/1.1" 200 1423
83.217.214.72 - - [03/Apr/2017:12:59:34 -0300] "GET /cormun/static/PXToolsJavascripts/pexe_tabs.js HTTP/1.1" 200 3748
83.217.214.72 - - [03/Apr/2017:12:59:34 -0300] "GET /cormun/static/Resources/PXToolsGridPage.gif HTTP/1.1" 200 725
83.217.214.72 - - [03/Apr/2017:12:59:34 -0300] "GET /cormun/static/Resources/PXToolsHeaderSecurity.png HTTP/1.1" 200 4166
83.217.214.72 - - [03/Apr/2017:12:59:34 -0300] "GET /cormun/static/Resources/logo4.png HTTP/1.1" 200 6582
83.217.214.72 - - [03/Apr/2017:12:59:34 -0300] "GET /cormun/static/Resources/PXToolsHeaderLogin.png HTTP/1.1" 200 4279
83.217.214.72 - - [03/Apr/2017:12:59:34 -0300] "GET /cormun/static/Resources/PXToolsGridPreviousDisabled.gif HTTP/1.1" 200 90
83.217.214.72 - - [03/Apr/2017:12:59:34 -0300] "GET /cormun/static/hpexe_messagecontroller.js?201610171694323 HTTP/1.1" 200 870
83.217.214.72 - - [03/Apr/2017:12:59:34 -0300] "GET /cormun/static/hpexe_scripts.js?201731711335890 HTTP/1.1" 200 1544
83.217.214.72 - - [03/Apr/2017:12:59:34 -0300] "GET /cormun/static/hpexe_messagegenexuscomponent.js?201731711335537 HTTP/1.1" 200 587
83.217.214.72 - - [03/Apr/2017:12:59:34 -0300] "GET /cormun/static/cmcontrolpreferences.js?201731711335852 HTTP/1.1" 200 1375
83.217.214.72 - - [03/Apr/2017:12:59:34 -0300] "GET /cormun/static/hwchdr01.js?201731711335950 HTTP/1.1" 200 1183
83.217.214.72 - - [03/Apr/2017:12:59:34 -0300] "GET /cormun/static/hmpwkw03.js?201731711485354 HTTP/1.1" 200 3965
83.217.214.72 - - [03/Apr/2017:12:59:34 -0300] "GET /cormun/static/Shared/jqueryui/jquery-ui.min.css?1245370 HTTP/1.1" 200 30288
83.217.214.72 - - [03/Apr/2017:12:59:34 -0300] "GET /cormun/static/hpexe_messagepopupcomponent.js?20161017169425 HTTP/1.1" 200 605
83.217.214.72 - - [03/Apr/2017:12:59:34 -0300] "GET /cormun/static/Resources/PXToolsGridFirstDisabled.gif HTTP/1.1" 200 100
83.217.214.72 - - [03/Apr/2017:12:59:34 -0300] "GET /cormun/static/SmoothNavMenu/resources/ddsmoothmenu.css?1012540 HTTP/1.1" 200 2223
83.217.214.72 - - [03/Apr/2017:12:59:34 -0300] "GET /cormun/static/scaMessage/js/jquery.pnotify.min.js HTTP/1.1" 200 13038
83.217.214.72 - - [03/Apr/2017:12:59:34 -0300] "GET /cormun/static/scaMessage/scaMessageRender.js HTTP/1.1" 200 11977
83.217.214.72 - - [03/Apr/2017:12:59:34 -0300] "GET /cormun/static/PXToolsJavascripts/pexe_oav.js HTTP/1.1" 200 645
83.217.214.72 - - [03/Apr/2017:12:59:34 -0300] "GET /cormun/static/PXToolsJavascripts/pexe_oavdivfix.js HTTP/1.1" 200 639
83.217.214.72 - - [03/Apr/2017:12:59:34 -0300] "GET /cormun/static/SmoothNavMenu/resources/SmoothNavMenuRender.js HTTP/1.1" 200 5951
83.217.214.72 - - [03/Apr/2017:12:59:34 -0300] "GET /cormun/static/PXToolsJavascripts/pexe_windows.js HTTP/1.1" 200 15207
83.217.214.72 - - [03/Apr/2017:12:59:34 -0300] "GET /cormun/static/calendar-setup.js?85251 HTTP/1.1" 200 2588
83.217.214.72 - - [03/Apr/2017:12:59:34 -0300] "GET /cormun/static/SmoothNavMenu/resources/ddsmoothmenu.js HTTP/1.1" 200 12712
83.217.214.72 - - [03/Apr/2017:12:59:34 -0300] "GET /cormun/static/Resources/PXTools/calendar.png HTTP/1.1" 200 1306
83.217.214.72 - - [03/Apr/2017:12:59:34 -0300] "GET /cormun/static/Resources/PXToolsGridLastDisabled.gif HTTP/1.1" 200 98
83.217.214.72 - - [03/Apr/2017:12:59:34 -0300] "GET /cormun/static/PXToolsJavascripts/PXToolsJavascriptsRender.js HTTP/1.1" 200 367
83.217.214.72 - - [03/Apr/2017:12:59:34 -0300] "GET /cormun/static/PXToolsJavascripts/pexe_picture.js HTTP/1.1" 200 689
83.217.214.72 - - [03/Apr/2017:12:59:34 -0300] "GET /cormun/static/SmoothNavMenu/resources/ddsmoothmenu-v.css?1012540 HTTP/1.1" 200 1188
83.217.214.72 - - [03/Apr/2017:12:59:34 -0300] "GET /cormun/static/Resources/PXToolsHeaderHome.png HTTP/1.1" 200 4147
83.217.214.72 - - [03/Apr/2017:12:59:34 -0300] "GET /cormun/static/PXToolsJavascripts/pexe_tabdivfix.js HTTP/1.1" 200 876
83.217.214.72 - - [03/Apr/2017:12:59:34 -0300] "GET /cormun/static/Resources/PXToolsHeaderActionsLeft.png HTTP/1.1" 200 1118
83.217.214.72 - - [03/Apr/2017:12:59:34 -0300] "GET /cormun/static/PXToolsJavascripts/pexe_scrolldiv.js HTTP/1.1" 200 4138
83.217.214.72 - - [03/Apr/2017:12:59:34 -0300] "GET /cormun/static/messages.spa.js?85251 HTTP/1.1" 200 30736
83.217.214.72 - - [03/Apr/2017:12:59:34 -0300] "GET /cormun/static/trsolicitudot.js?20173171151116 HTTP/1.1" 200 53117
83.217.214.72 - - [03/Apr/2017:12:59:34 -0300] "GET /cormun/static/gxdec.js?85251 HTTP/1.1" 200 19579
83.217.214.72 - - [03/Apr/2017:12:59:34 -0300] "GET /cormun/static/Resources/Spanish/PXTools.css?11294912 HTTP/1.1" 200 89042
83.217.214.72 - - [03/Apr/2017:12:59:34 -0300] "GET /cormun/static/calendar-system.css?75620 HTTP/1.1" 200 5572
83.217.214.72 - - [03/Apr/2017:12:59:34 -0300] "GET /cormun/static/gxcfg.js?201731711505139 HTTP/1.1" 200 953
83.217.214.72 - - [03/Apr/2017:12:59:34 -0300] "GET /cormun/static/scaMessage/css/jquery.pnotify.default.css?1716380 HTTP/1.1" 200 1707
83.217.214.72 - - [03/Apr/2017:12:59:35 -0300] "GET /cormun/static/PXToolsJavascripts/pexe_menus.js HTTP/1.1" 200 1286
83.217.214.72 - - [03/Apr/2017:12:59:35 -0300] "GET /cormun/static/calendar.js?85251 HTTP/1.1" 200 26246
83.217.214.72 - - [03/Apr/2017:12:59:35 -0300] "GET /cormun/static/Shared/jquery/jquery-1.4.2.min.js HTTP/1.1" 200 72174
83.217.214.72 - - [03/Apr/2017:12:59:35 -0300] "GET /cormun/static/gxui/gxui-all.js HTTP/1.1" 200 107772
83.217.214.72 - - [03/Apr/2017:12:59:36 -0300] "GET /cormun/static/Shared/ext/resources/css/ext-all.css?205870 HTTP/1.1" 200 416045
83.217.214.72 - - [03/Apr/2017:12:59:36 -0300] "GET /cormun/static/Shared/jquery/jquery-1.10.2.min.js HTTP/1.1" 200 273199
83.217.214.72 - - [03/Apr/2017:12:59:37 -0300] "GET /cormun/static/Shared/jqueryui/jquery-ui.min.js HTTP/1.1" 200 240427
83.217.214.72 - - [03/Apr/2017:12:59:39 -0300] "GET /cormun/static/gxgral.js?85251 HTTP/1.1" 200 384558
192.168.10.96 - - [03/Apr/2017:12:59:39 -0300] "GET /cormun/servlet/trpermisosgoce? HTTP/1.1" 200 12664
192.168.10.96 - - [03/Apr/2017:12:59:40 -0300] "GET /cormun/servlet/trpermisosgoce? HTTP/1.1" 200 12663
83.217.214.72 - - [03/Apr/2017:12:59:42 -0300] "GET /cormun/static/Shared/ext/ext-all.js HTTP/1.1" 200 1289687
83.217.214.72 - - [03/Apr/2017:12:59:44 -0300] "GET /cormun/static/Resources/PXToolsHeaderBackground2.png HTTP/1.1" 200 1174
83.217.214.72 - - [03/Apr/2017:12:59:44 -0300] "GET /cormun/static/Resources/PXToolsHeaderActionsBackground.png HTTP/1.1" 200 484
83.217.214.72 - - [03/Apr/2017:12:59:44 -0300] "GET /cormun/static/Resources/PXToolsDataTitle.png HTTP/1.1" 200 1173
83.217.214.72 - - [03/Apr/2017:12:59:44 -0300] "GET /cormun/static/Resources/PXToolsFooterBackground2.png HTTP/1.1" 200 1172
83.217.214.72 - - [03/Apr/2017:12:59:44 -0300] "GET /cormun/static/Resources/indicator.gif HTTP/1.1" 200 1553
83.217.214.72 - - [03/Apr/2017:12:59:44 -0300] "GET /cormun/static/Resources/asc.gif HTTP/1.1" 200 67
83.217.214.72 - - [03/Apr/2017:12:59:44 -0300] "GET /cormun/servlet/trsolicitudot? HTTP/1.1" 200 6826
83.217.214.72 - - [03/Apr/2017:12:59:44 -0300] "GET /cormun/static/Resources/desc.gif HTTP/1.1" 200 65
83.217.214.72 - - [03/Apr/2017:12:59:44 -0300] "GET /cormun/servlet/hlogin HTTP/1.1" 200 1741
83.217.214.72 - - [03/Apr/2017:12:59:45 -0300] "GET /cormun/static/Shared/ext/resources/themes/images/default/panel/bg-headersPanel.png HTTP/1.1" 200 255
83.217.214.72 - - [03/Apr/2017:12:59:45 -0300] "GET /cormun/static/Shared/ext/resources/themes/images/default/tools/tool-sprites.gif HTTP/1.1" 200 5434
83.217.214.72 - - [03/Apr/2017:12:59:45 -0300] "GET /cormun/static/gxtimezone.js?85251 HTTP/1.1" 200 5781
192.168.10.96 - - [03/Apr/2017:12:59:46 -0300] "GET /cormun/servlet/trpermisosadjuntos?11756419,20170403112433,P, HTTP/1.1" 200 6313
83.217.214.72 - - [03/Apr/2017:12:59:46 -0300] "GET /cormun/static/Resources/Spanish/PXTools.css?11294912 HTTP/1.1" 200 89042
186.79.31.194 - - [03/Apr/2017:12:59:46 -0300] "POST /cormun/servlet/solicitudot?gx-no-cache=1491235249666 HTTP/1.1" 200 1275
83.217.214.72 - - [03/Apr/2017:12:59:46 -0300] "GET /cormun/static/gxcfg.js?201731711485472 HTTP/1.1" 200 953
83.217.214.72 - - [03/Apr/2017:12:59:46 -0300] "GET /cormun/static/hlogin.js?201731711485490 HTTP/1.1" 200 2136
192.168.10.96 - - [03/Apr/2017:12:59:46 -0300] "GET /cormun/servlet/trpermisosadjuntos?11756419,20170403112433,P, HTTP/1.1" 200 6314
186.79.31.194 - - [03/Apr/2017:12:59:46 -0300] "POST /cormun/servlet/solicitudot?gx-no-cache=1491235250392 HTTP/1.1" 200 1157
83.217.214.72 - - [03/Apr/2017:12:59:46 -0300] "GET /cormun/static/messages.spa.js?85251 HTTP/1.1" 200 30736
186.79.31.194 - - [03/Apr/2017:12:59:46 -0300] "GET /cormun/servlet/solicitudot?b71afba4c3678601fbf1613b782568fec872bc8c9f5b403a97435ae6c48cae03bf5c3a60c7eec34fd3c44700a8d40d12e75229b9cbcac97ccbc2b980a3cb3483946fe43cb0b4086b6a4e4d64bf7cf9be15d7dbf8f1635b2dd342e1dde14d26bcfefaa88ac73a53d0d01da48547a6a1e12beb52691d86eceb262071d5a4512e5df6bb574dfa8eef67eb28e016bae866902b52926144f05587c5222844d06c8a0a1ff70aec1bce33d33e7043777606eb58,gx-no-cache=1491235250755 HTTP/1.1" 200 30
83.217.214.72 - - [03/Apr/2017:12:59:47 -0300] "GET /cormun/static/Resources/ComunLogin.png HTTP/1.1" 200 17326
83.217.214.72 - - [03/Apr/2017:12:59:48 -0300] "GET /cormun/static/gxgral.js?85251 HTTP/1.1" 200 384558
192.168.10.96 - - [03/Apr/2017:12:59:48 -0300] "POST /cormun/servlet/trpermisosadjuntos?f8725b372900c5430ad005c3239d5d26,11756419,20170403112433,P,,gx-no-cache=1491238465933 HTTP/1.1" 200 90
192.168.10.96 - - [03/Apr/2017:12:59:48 -0300] "GET /cormun/servlet/hpexe_link HTTP/1.1" 200 987
192.168.10.96 - - [03/Apr/2017:12:59:49 -0300] "GET /cormun/servlet/trpermisosgoce HTTP/1.1" 200 12658
83.217.214.72 - - [03/Apr/2017:12:59:49 -0300] "GET /cormun/static/Resources/indicator.gif HTTP/1.1" 200 1553
83.217.214.72 - - [03/Apr/2017:12:59:49 -0300] "GET /cormun/static/Resources/PXToolsLoginTop.png HTTP/1.1" 200 1337
83.217.214.72 - - [03/Apr/2017:12:59:49 -0300] "GET /cormun/static/Resources/PXToolsButtonLeft21.png HTTP/1.1" 200 1287
83.217.214.72 - - [03/Apr/2017:12:59:49 -0300] "GET /cormun/static/Resources/PXToolsButtonRight21.png HTTP/1.1" 200 1283
83.217.214.72 - - [03/Apr/2017:12:59:49 -0300] "GET /cormun/static/Resources/PXToolsButtonBackground2.png HTTP/1.1" 200 1181
83.217.214.72 - - [03/Apr/2017:12:59:49 -0300] "GET /cormun/static/Resources/PXToolsLoginBottom.png HTTP/1.1" 200 1389
83.217.214.72 - - [03/Apr/2017:12:59:49 -0300] "GET /cormun/static/Resources/PXToolsLoginBackground.png HTTP/1.1" 200 1164
192.168.10.96 - - [03/Apr/2017:12:59:49 -0300] "GET /cormun/servlet/trpermisosgoce HTTP/1.1" 200 12643
186.103.159.182 - - [03/Apr/2017:12:59:52 -0300] "POST /cormun/servlet/licenciaspermisosadjuntos?8ffafb50c095ed685f9cc3d604c077c5,INS,16493601,L,20170403000000,, HTTP/1.1" 200 116
186.103.159.182 - - [03/Apr/2017:12:59:53 -0300] "GET /cormun/servlet/hpexe_return? HTTP/1.1" 200 1042
186.103.159.182 - - [03/Apr/2017:12:59:53 -0300] "GET /cormun/servlet/trlicenciaspermisosadjuntos?16493601,20170403000000,L, HTTP/1.1" 200 6899
186.103.159.182 - - [03/Apr/2017:12:59:55 -0300] "GET /cormun/servlet/trlicenciaspermisosadjuntos?16493601,20170403000000,L, HTTP/1.1" 200 6895
186.103.156.24 - - [03/Apr/2017:12:59:59 -0300] "GET /cormun/servlet/trlicencias? HTTP/1.1" 200 6657
186.103.156.24 - - [03/Apr/2017:13:00:00 -0300] "GET /cormun/servlet/trlicencias? HTTP/1.1" 200 6657
192.168.10.96 - - [03/Apr/2017:13:00:01 -0300] "GET /cormun/servlet/trpermisosadjuntos?15731592,20170330111840,P, HTTP/1.1" 200 6312
192.168.10.96 - - [03/Apr/2017:13:00:02 -0300] "GET /cormun/servlet/trpermisosadjuntos?15731592,20170330111840,P, HTTP/1.1" 200 6312
186.103.156.24 - - [03/Apr/2017:13:00:04 -0300] "POST /cormun/servlet/trlicencias?ced7ac33152161c30876c325119913eb,,gx-no-cache=1491235269192 HTTP/1.1" 200 3816
186.103.156.166 - - [03/Apr/2017:13:00:05 -0300] "POST /cormun/servlet/permisosadjuntos?ac1ad66795c653d97369a9bc6a4e0896,INS,11364742,P,20170403134119,,,gx-no-cache=1491238851782 HTTP/1.1" 200 93
186.103.156.166 - - [03/Apr/2017:13:00:05 -0300] "GET /cormun/servlet/hpexe_return? HTTP/1.1" 200 1038
186.103.156.166 - - [03/Apr/2017:13:00:05 -0300] "GET /cormun/servlet/trpermisosadjuntos?11364742,20170403134119,P, HTTP/1.1" 200 6361
186.103.156.166 - - [03/Apr/2017:13:00:06 -0300] "GET /cormun/servlet/trpermisosadjuntos?11364742,20170403134119,P, HTTP/1.1" 200 6358
192.168.10.96 - - [03/Apr/2017:13:00:07 -0300] "POST /cormun/servlet/trpermisosadjuntos?f8725b372900c5430ad005c3239d5d26,15731592,20170330111840,P,,gx-no-cache=1491238484210 HTTP/1.1" 200 90
192.168.10.96 - - [03/Apr/2017:13:00:07 -0300] "GET /cormun/servlet/hpexe_link HTTP/1.1" 200 987
192.168.10.96 - - [03/Apr/2017:13:00:07 -0300] "GET /cormun/servlet/trpermisosgoce HTTP/1.1" 200 12667
192.168.10.96 - - [03/Apr/2017:13:00:07 -0300] "GET /cormun/servlet/trpermisosgoce HTTP/1.1" 200 12673
186.103.156.24 - - [03/Apr/2017:13:00:14 -0300] "GET /cormun/servlet/hhome HTTP/1.1" 200 3969
192.168.10.96 - - [03/Apr/2017:13:00:15 -0300] "GET /cormun/servlet/apermisogoceprn?11756419,P,20170403112433,PU HTTP/1.1" 200 1667
186.103.156.24 - - [03/Apr/2017:13:00:15 -0300] "GET /cormun/servlet/hhome HTTP/1.1" 200 3968
186.103.159.182 - - [03/Apr/2017:13:00:21 -0300] "POST /cormun/servlet/trlicenciaspermisosadjuntos?8ffafb50c095ed685f9cc3d604c077c5,16493601,20170403000000,L,,gx-no-cache=1491235288251 HTTP/1.1" 200 90
186.103.159.182 - - [03/Apr/2017:13:00:21 -0300] "GET /cormun/servlet/hpexe_link HTTP/1.1" 200 985
186.103.159.182 - - [03/Apr/2017:13:00:22 -0300] "GET /cormun/servlet/trlicencias HTTP/1.1" 200 7972
186.103.159.182 - - [03/Apr/2017:13:00:23 -0300] "GET /cormun/servlet/trlicencias HTTP/1.1" 200 7970
192.168.10.13 - - [03/Apr/2017:13:00:26 -0300] "GET / HTTP/1.1" 200 11217
186.103.156.166 - - [03/Apr/2017:13:00:28 -0300] "GET /cormun/servlet/permisosadjuntos?INS,11364742,P,20170403134119,, HTTP/1.1" 200 5358
186.103.156.166 - - [03/Apr/2017:13:00:28 -0300] "GET /cormun/static/about:blank HTTP/1.1" 404 1011
186.103.156.166 - - [03/Apr/2017:13:00:29 -0300] "GET /cormun/servlet/permisosadjuntos?INS,11364742,P,20170403134119,, HTTP/1.1" 200 5348
186.103.159.182 - - [03/Apr/2017:13:00:54 -0300] "POST /cormun/servlet/trlicencias?8ffafb50c095ed685f9cc3d604c077c5,gx-no-cache=1491235320354 HTTP/1.1" 200 3976
186.103.159.182 - - [03/Apr/2017:13:00:54 -0300] "GET /cormun/static/Shared/jqueryui/images/ui-bg_highlight-soft_100_c6c2c8_1x100.png HTTP/1.1" 404 1117
186.103.159.182 - - [03/Apr/2017:13:00:54 -0300] "GET /cormun/static/Shared/jqueryui/images/ui-icons_82798d_256x240.png HTTP/1.1" 404 1089
186.103.159.182 - - [03/Apr/2017:13:00:54 -0300] "GET /cormun/static/Shared/jqueryui/images/ui-bg_flat_55_fafafa_40x100.png HTTP/1.1" 404 1097
186.103.159.182 - - [03/Apr/2017:13:00:54 -0300] "GET /cormun/static/Shared/jqueryui/images/ui-icons_8d78a5_256x240.png HTTP/1.1" 404 1089
186.79.220.121 - - [03/Apr/2017:13:00:58 -0300] "POST /cormun/servlet/trsolicitudot?f06600671e4f4b1e1959783d4a704293,gx-no-cache=1491235324256 HTTP/1.1" 200 5061
186.79.220.121 - - [03/Apr/2017:13:00:59 -0300] "POST /cormun/servlet/trsolicitudot?f06600671e4f4b1e1959783d4a704293,gx-no-cache=1491235325032 HTTP/1.1" 200 5001
192.168.10.96 - - [03/Apr/2017:13:01:02 -0300] "GET /cormun/servlet/trinasistencia? HTTP/1.1" 200 6802
192.168.10.96 - - [03/Apr/2017:13:01:02 -0300] "GET /cormun/static/gxcfg.js?201731711555068 HTTP/1.1" 200 953
192.168.10.96 - - [03/Apr/2017:13:01:02 -0300] "GET /cormun/static/trinasistencia.js?201731711555548 HTTP/1.1" 200 31481
192.168.10.96 - - [03/Apr/2017:13:01:03 -0300] "GET /cormun/servlet/trinasistencia? HTTP/1.1" 200 6802
192.168.10.96 - - [03/Apr/2017:13:01:06 -0300] "GET /cormun/servlet/inasistencia?INS,0, HTTP/1.1" 200 6735
192.168.10.96 - - [03/Apr/2017:13:01:06 -0300] "GET /cormun/static/gxcfg.js?20173291215298 HTTP/1.1" 200 953
192.168.10.96 - - [03/Apr/2017:13:01:06 -0300] "GET /cormun/static/inasistencia.js?201732912152952 HTTP/1.1" 200 25534
192.168.10.96 - - [03/Apr/2017:13:01:06 -0300] "GET /cormun/servlet/inasistencia?INS,0, HTTP/1.1" 200 6735
192.168.10.89 - - [03/Apr/2017:13:01:22 -0300] "POST /cormun/servlet/trsolicitudgral?9679c8d582ea12aa148bba3c038cc399,,gx-no-cache=1491238559991 HTTP/1.1" 200 5491
192.168.10.96 - - [03/Apr/2017:13:01:23 -0300] "GET /cormun/servlet/prfichaempleado?,MD,,gxPopupLevel%3D0%3B HTTP/1.1" 200 8830
186.103.156.211 - - [03/Apr/2017:13:01:25 -0300] "GET /cormun/servlet/licenciaspermisos?42b1c76c48c408b8658bdf14bab351f23ce05a67c6fd4ec274db6356babd494f3aefe46f6d6aa5d017148c203399892b84a3144d194d36ab17b3cb16f2c7911e44cb7aca866305e27ad2806d212c9453ea318b8071eb193e8e0d2272dba11b1b73bff91603ffa24162ea21d4dad054c071ff89d24e7df6e6a47c7513b63c9d77ffce35493009390f2e84cc1d8dc4f5727c45a36e0099b0525b0b53e6501bedca9e02bb4397713f9204724c9831bab003086e509e1f3b0a93cbff29da6068428225eebfcf73e90d7a1c17bf6d9e1f358c93bf63d449c50d415db7e131c456f640,gx-no-cache=1491235354087 HTTP/1.1" 200 29
192.168.10.13 - - [03/Apr/2017:13:01:26 -0300] "GET / HTTP/1.1" 200 11217
186.103.156.211 - - [03/Apr/2017:13:01:26 -0300] "POST /cormun/servlet/licenciaspermisos?11fb8d19d1f13d894998946fe8ebe9d0,INS,0,,,,gx-no-cache=1491235354317 HTTP/1.1" 200 93
186.103.156.211 - - [03/Apr/2017:13:01:26 -0300] "GET /cormun/servlet/hpexe_return? HTTP/1.1" 200 1010
186.103.156.211 - - [03/Apr/2017:13:01:27 -0300] "GET /cormun/static/gxcfg.js?2016101716175148 HTTP/1.1" 200 953
186.103.156.211 - - [03/Apr/2017:13:01:27 -0300] "GET /cormun/static/hpexe_return.js?2016101716175153 HTTP/1.1" 304 -
186.103.156.211 - - [03/Apr/2017:13:01:27 -0300] "GET /cormun/static/Resources/Spanish/PXTools.css?167811 HTTP/1.1" 304 -
186.103.156.211 - - [03/Apr/2017:13:01:27 -0300] "GET /cormun/servlet/hhome HTTP/1.1" 200 3997
186.103.156.211 - - [03/Apr/2017:13:01:27 -0300] "GET /cormun/static/gxcfg.js?201731711483497 HTTP/1.1" 200 953
186.103.156.211 - - [03/Apr/2017:13:01:27 -0300] "GET /cormun/static/hhome.js?20173171148352 HTTP/1.1" 200 777
192.168.10.89 - - [03/Apr/2017:13:01:28 -0300] "POST /cormun/servlet/trsolicitudgral?9679c8d582ea12aa148bba3c038cc399,,gx-no-cache=1491238565258 HTTP/1.1" 200 6812
186.103.156.211 - - [03/Apr/2017:13:01:28 -0300] "GET /cormun/servlet/hhome HTTP/1.1" 200 3991
192.168.10.96 - - [03/Apr/2017:13:01:37 -0300] "GET /cormun/servlet/inasistencia?07122fd5f3ad29bd286902ccbcc8365d6ef891f8be624cf1acbcd258a14c355f3403821e03121ebaf4dffa6c0f1c1f801fb78de1cc4e03efe90a67d8226609b332aa9a0eaf8a8b2c898fa65a8f3c620af746603ac91f8101262895595113921a57c9be47c68596b09bbd946c62be9fa4769bcaaec4d0a93d943404ea013969bbd6abe2c672bf9b6edff0e29a3c4283d3bb79498856d3612529b1231c9654fef5,gx-no-cache=1491238574911 HTTP/1.1" 200 120
186.103.156.211 - - [03/Apr/2017:13:01:47 -0300] "GET /cormun/servlet/trautorizarsolicitud? HTTP/1.1" 200 6918
186.103.156.211 - - [03/Apr/2017:13:01:48 -0300] "GET /cormun/servlet/trautorizarsolicitud? HTTP/1.1" 200 6918
192.168.10.96 - - [03/Apr/2017:13:01:48 -0300] "POST /cormun/servlet/inasistencia?f8725b372900c5430ad005c3239d5d26,INS,0,,gx-no-cache=1491238585815 HTTP/1.1" 200 93
192.168.10.96 - - [03/Apr/2017:13:01:48 -0300] "GET /cormun/servlet/hpexe_return? HTTP/1.1" 200 1010
192.168.10.96 - - [03/Apr/2017:13:01:48 -0300] "GET /cormun/servlet/trinasistencia HTTP/1.1" 200 6806
192.168.10.96 - - [03/Apr/2017:13:01:49 -0300] "GET /cormun/servlet/trinasistencia HTTP/1.1" 200 6802
192.168.10.96 - - [03/Apr/2017:13:01:50 -0300] "GET /cormun/servlet/inasistencia?INS,0, HTTP/1.1" 200 6735
192.168.10.96 - - [03/Apr/2017:13:01:51 -0300] "GET /cormun/servlet/inasistencia?INS,0, HTTP/1.1" 200 6736
192.168.10.96 - - [03/Apr/2017:13:01:55 -0300] "GET /cormun/servlet/prfichaempleado?,MD,,gxPopupLevel%3D0%3B HTTP/1.1" 200 8830
186.103.156.211 - - [03/Apr/2017:13:01:58 -0300] "GET /cormun/servlet/trsolicitudot? HTTP/1.1" 200 6964
192.168.10.96 - - [03/Apr/2017:13:01:59 -0300] "GET /cormun/servlet/inasistencia?07122fd5f3ad29bd286902ccbcc8365d6ef891f8be624cf1acbcd258a14c355f3403821e03121ebaf4dffa6c0f1c1f801fb78de1cc4e03efe90a67d8226609b332aa9a0eaf8a8b2c898fa65a8f3c620af746603ac91f8101262895595113921a57c9be47c68596b09bbd946c62be9fa4769bcaaec4d0a93d943404ea013969bbd6abe2c672bf9b6edff0e29a3c4283d3bb79498856d3612529b1231c9654fef5,gx-no-cache=1491238596348 HTTP/1.1" 200 120
186.103.156.211 - - [03/Apr/2017:13:01:59 -0300] "GET /cormun/servlet/trsolicitudot? HTTP/1.1" 200 6963
186.103.156.211 - - [03/Apr/2017:13:02:04 -0300] "GET /cormun/servlet/trautorizarsolicitud? HTTP/1.1" 200 6919
186.103.156.211 - - [03/Apr/2017:13:02:05 -0300] "GET /cormun/servlet/trautorizarsolicitud? HTTP/1.1" 200 6918
192.168.10.96 - - [03/Apr/2017:13:02:05 -0300] "GET /cormun/servlet/inasistencia?07122fd5f3ad29bd286902ccbcc8365d92a81e8ec50fb7c7c4d5edc699eb61c7370dfefc696425a006f918842918022a,gx-no-cache=1491238602968 HTTP/1.1" 200 33
186.103.156.211 - - [03/Apr/2017:13:02:08 -0300] "GET /cormun/servlet/trsolicitudot? HTTP/1.1" 200 6964
186.103.156.211 - - [03/Apr/2017:13:02:09 -0300] "GET /cormun/servlet/trsolicitudot? HTTP/1.1" 200 6963
192.168.10.96 - - [03/Apr/2017:13:02:11 -0300] "GET /cormun/servlet/inasistencia?07122fd5f3ad29bd286902ccbcc8365d2c46d8f6736f4d6baf48d2d192489c2787c48484377223e364051586608925a710b7412d1dbdf473ed574f23a20c0d7942c837aa0c5d17d6f360afc8d426ca6cad7e181f17ffda969976e7868f44c056756bec33313466d3c784a7237e4657399347bd3c044f9082f4305175b9ebcc6efb73091f7a5fe168f415098431d19b7c1aefe97e62d1df40eab1536555773d6c,gx-no-cache=1491238608339 HTTP/1.1" 200 46
186.103.156.211 - - [03/Apr/2017:13:02:13 -0300] "GET /cormun/servlet/trlicencias? HTTP/1.1" 200 8027
186.103.156.211 - - [03/Apr/2017:13:02:13 -0300] "GET /cormun//static/Resources/PXToolsGridDisplay.png HTTP/1.1" 200 362
186.103.156.211 - - [03/Apr/2017:13:02:13 -0300] "GET /cormun/servlet/trlicencias? HTTP/1.1" 200 8026
186.103.156.211 - - [03/Apr/2017:13:02:13 -0300] "GET /cormun//static/Resources/PXToolsHeaderFavorites.png HTTP/1.1" 200 2744
186.103.156.211 - - [03/Apr/2017:13:02:13 -0300] "GET /cormun//static/Resources/PXToolsActionPrint.png HTTP/1.1" 200 3317
186.103.156.211 - - [03/Apr/2017:13:02:13 -0300] "GET /cormun//static/Resources/PXToolsHeaderHelp.png HTTP/1.1" 200 4055
192.168.10.96 - - [03/Apr/2017:13:02:17 -0300] "POST /cormun/servlet/inasistencia?f8725b372900c5430ad005c3239d5d26,INS,0,,gx-no-cache=1491238614381 HTTP/1.1" 200 93
192.168.10.96 - - [03/Apr/2017:13:02:17 -0300] "GET /cormun/servlet/hpexe_return? HTTP/1.1" 200 1010
192.168.10.96 - - [03/Apr/2017:13:02:17 -0300] "GET /cormun/servlet/trinasistencia HTTP/1.1" 200 7579
186.103.156.211 - - [03/Apr/2017:13:02:17 -0300] "GET /cormun/servlet/licenciaspermisos?INS,0,,, HTTP/1.1" 200 7394
192.168.10.96 - - [03/Apr/2017:13:02:18 -0300] "GET /cormun/servlet/trinasistencia HTTP/1.1" 200 7575
186.103.156.211 - - [03/Apr/2017:13:02:18 -0300] "GET /cormun/servlet/licenciaspermisos?INS,0,,, HTTP/1.1" 200 7394
