186.79.31.194 - - [03/Apr/2017:10:27:04 -0300] "GET /cormun/static/hlogin.js?201731711485490 HTTP/1.1" 304 -
186.79.31.194 - - [03/Apr/2017:10:27:04 -0300] "GET /cormun/servlet/hlogin HTTP/1.1" 200 1737
186.103.156.24 - - [03/Apr/2017:10:27:05 -0300] "GET /cormun/static/Resources/asc.gif HTTP/1.1" 200 67
186.103.156.24 - - [03/Apr/2017:10:27:05 -0300] "GET /cormun//static/Resources/PXToolsGridDelete.png HTTP/1.1" 200 357
186.103.156.24 - - [03/Apr/2017:10:27:05 -0300] "GET /cormun/static/Resources/desc.gif HTTP/1.1" 200 65
186.103.156.24 - - [03/Apr/2017:10:27:05 -0300] "GET /cormun//static/Resources/PXToolsGridUpdate.png HTTP/1.1" 200 2984
186.103.156.24 - - [03/Apr/2017:10:27:05 -0300] "GET /cormun//static/Resources/PXToolsGridDisplay.png HTTP/1.1" 200 362
186.103.156.24 - - [03/Apr/2017:10:27:05 -0300] "GET /cormun/servlet/trlicencias? HTTP/1.1" 200 7992
186.103.156.24 - - [03/Apr/2017:10:27:05 -0300] "GET /cormun//static/Resources/PXToolsActionPrint.png HTTP/1.1" 200 3317
186.103.156.24 - - [03/Apr/2017:10:27:05 -0300] "GET /cormun//static/Resources/PXToolsHeaderFavorites.png HTTP/1.1" 200 2744
186.103.156.24 - - [03/Apr/2017:10:27:05 -0300] "GET /cormun//static/Resources/PXToolsHeaderHelp.png HTTP/1.1" 200 4055
186.103.156.24 - - [03/Apr/2017:10:27:05 -0300] "GET /cormun//static/Resources/PXTools/ActionInsert.png HTTP/1.1" 200 1482
186.103.159.46 - - [03/Apr/2017:10:27:05 -0300] "GET /cormun/servlet/hhome HTTP/1.1" 200 3779
186.103.156.24 - - [03/Apr/2017:10:27:05 -0300] "GET /cormun/static/Shared/ext/resources/themes/images/default/panel/bg-headersPanel.png HTTP/1.1" 200 255
186.103.156.24 - - [03/Apr/2017:10:27:05 -0300] "GET /cormun/static/Shared/ext/resources/themes/images/default/tools/tool-sprites.gif HTTP/1.1" 200 5434
186.103.159.182 - - [03/Apr/2017:10:27:08 -0300] "POST /cormun/servlet/trsolicitudadjuntos?535f09d28060d4b20e8f1ec54b94403b,2017,5860,,gx-no-cache=1491226094866 HTTP/1.1" 200 90
186.103.159.182 - - [03/Apr/2017:10:27:08 -0300] "GET /cormun/servlet/hpexe_link HTTP/1.1" 200 966
186.103.159.182 - - [03/Apr/2017:10:27:09 -0300] "GET /cormun/servlet/trsolicitudot HTTP/1.1" 200 10481
186.103.159.182 - - [03/Apr/2017:10:27:10 -0300] "GET /cormun/servlet/trsolicitudot HTTP/1.1" 200 10479
186.79.31.194 - - [03/Apr/2017:10:27:13 -0300] "POST /cormun/servlet/hlogin?3617c1e9e972d1b3a83bd5335549d6a2,gx-no-cache=1491226097803 HTTP/1.1" 200 90
186.103.156.24 - - [03/Apr/2017:10:27:13 -0300] "POST /cormun/servlet/trlicencias?9cf0ba525fdec1f2d8f97cb90b00b2c2,,gx-no-cache=1491226124881 HTTP/1.1" 200 5379
186.79.31.194 - - [03/Apr/2017:10:27:13 -0300] "GET /cormun/servlet/hpexe_link HTTP/1.1" 200 954
186.79.31.194 - - [03/Apr/2017:10:27:13 -0300] "GET /cormun/static/gxcfg.js?201731711483381 HTTP/1.1" 304 -
186.103.156.24 - - [03/Apr/2017:10:27:13 -0300] "GET /cormun/static/Shared/jqueryui/images/ui-icons_82798d_256x240.png HTTP/1.1" 404 1089
186.103.156.24 - - [03/Apr/2017:10:27:13 -0300] "GET /cormun/static/Shared/jqueryui/images/ui-bg_highlight-soft_100_c6c2c8_1x100.png HTTP/1.1" 404 1117
186.103.156.24 - - [03/Apr/2017:10:27:13 -0300] "GET /cormun/static/Shared/jqueryui/images/ui-bg_flat_55_fafafa_40x100.png HTTP/1.1" 404 1097
186.103.156.24 - - [03/Apr/2017:10:27:13 -0300] "GET /cormun/static/Shared/jqueryui/images/ui-icons_8d78a5_256x240.png HTTP/1.1" 404 1089
186.79.31.194 - - [03/Apr/2017:10:27:13 -0300] "GET /cormun/static/hpexe_link.js?201731711483384 HTTP/1.1" 304 -
186.79.31.194 - - [03/Apr/2017:10:27:14 -0300] "GET /cormun/servlet/hhome HTTP/1.1" 200 3992
186.79.31.194 - - [03/Apr/2017:10:27:14 -0300] "GET /cormun/static/gxcfg.js?201731711483497 HTTP/1.1" 304 -
186.79.31.194 - - [03/Apr/2017:10:27:14 -0300] "GET /cormun/static/hwchdr01.js?201731711335950 HTTP/1.1" 304 -
186.79.31.194 - - [03/Apr/2017:10:27:14 -0300] "GET /cormun/static/hhome.js?20173171148352 HTTP/1.1" 304 -
186.79.31.194 - - [03/Apr/2017:10:27:14 -0300] "GET /cormun/static/hpexe_recentlink.js?201610171694390 HTTP/1.1" 304 -
186.79.31.194 - - [03/Apr/2017:10:27:14 -0300] "GET /cormun/static/hpexe_scripts.js?201731711335890 HTTP/1.1" 304 -
186.79.31.194 - - [03/Apr/2017:10:27:14 -0300] "GET /cormun/static/hpexe_messagecontroller.js?201610171694323 HTTP/1.1" 304 -
186.79.31.194 - - [03/Apr/2017:10:27:14 -0300] "GET /cormun/static/hpexe_messagepopupcomponent.js?20161017169425 HTTP/1.1" 304 -
186.79.31.194 - - [03/Apr/2017:10:27:14 -0300] "GET /cormun/static/hpexe_messagegenexuscomponent.js?201731711335537 HTTP/1.1" 304 -
186.103.159.46 - - [03/Apr/2017:10:27:14 -0300] "GET /cormun/servlet/trpermisosgoce? HTTP/1.1" 200 11749
186.79.31.194 - - [03/Apr/2017:10:27:14 -0300] "GET /cormun/static/cmcontrolpreferences.js?201731711335852 HTTP/1.1" 304 -
186.79.31.194 - - [03/Apr/2017:10:27:14 -0300] "GET /cormun/static/hmpwkw03.js?201731711485354 HTTP/1.1" 304 -
186.103.159.46 - - [03/Apr/2017:10:27:14 -0300] "GET /cormun/static/gxcfg.js?20173171154124 HTTP/1.1" 200 953
186.103.159.46 - - [03/Apr/2017:10:27:14 -0300] "GET /cormun/static/trpermisosgoce.js?20173171154177 HTTP/1.1" 304 -
186.79.31.194 - - [03/Apr/2017:10:27:15 -0300] "GET /cormun/servlet/hhome HTTP/1.1" 200 3989
186.103.159.46 - - [03/Apr/2017:10:27:16 -0300] "GET /cormun/servlet/trpermisosgoce? HTTP/1.1" 200 11775
186.79.31.194 - - [03/Apr/2017:10:27:19 -0300] "GET /cormun/servlet/trpermisosgoce? HTTP/1.1" 200 7832
186.79.31.194 - - [03/Apr/2017:10:27:19 -0300] "GET /cormun/static/gxcfg.js?20173171154124 HTTP/1.1" 200 953
186.79.31.194 - - [03/Apr/2017:10:27:19 -0300] "GET /cormun/static/calendar.js?85251 HTTP/1.1" 304 -
186.79.31.194 - - [03/Apr/2017:10:27:19 -0300] "GET /cormun/static/calendar-setup.js?85251 HTTP/1.1" 304 -
186.79.31.194 - - [03/Apr/2017:10:27:19 -0300] "GET /cormun/static/calendar-es.js?85251 HTTP/1.1" 304 -
186.79.31.194 - - [03/Apr/2017:10:27:20 -0300] "GET /cormun/static/trpermisosgoce.js?20173171154177 HTTP/1.1" 200 31906
186.103.159.182 - - [03/Apr/2017:10:27:20 -0300] "POST /cormun/servlet/trsolicitudot?535f09d28060d4b20e8f1ec54b94403b,gx-no-cache=1491226106086 HTTP/1.1" 200 7242
186.79.31.194 - - [03/Apr/2017:10:27:20 -0300] "GET /cormun/servlet/trpermisosgoce? HTTP/1.1" 200 7830
186.103.159.182 - - [03/Apr/2017:10:27:20 -0300] "GET /cormun/static/Shared/jqueryui/images/ui-bg_highlight-soft_100_c6c2c8_1x100.png HTTP/1.1" 404 1117
186.79.31.194 - - [03/Apr/2017:10:27:20 -0300] "GET /cormun//static/Resources/PXToolsActionPrint.png HTTP/1.1" 200 3317
186.79.31.194 - - [03/Apr/2017:10:27:20 -0300] "GET /cormun//static/Resources/PXToolsHeaderHelp.png HTTP/1.1" 200 4055
186.79.31.194 - - [03/Apr/2017:10:27:20 -0300] "GET /cormun//static/Resources/PXToolsHeaderFavorites.png HTTP/1.1" 200 2744
186.103.159.182 - - [03/Apr/2017:10:27:20 -0300] "GET /cormun/static/Shared/jqueryui/images/ui-icons_82798d_256x240.png HTTP/1.1" 404 1089
186.79.31.194 - - [03/Apr/2017:10:27:20 -0300] "GET /cormun//static/Resources/PXToolsGridDisplay.png HTTP/1.1" 200 362
186.103.159.182 - - [03/Apr/2017:10:27:20 -0300] "GET /cormun/static/Shared/jqueryui/images/ui-bg_flat_55_fafafa_40x100.png HTTP/1.1" 404 1097
186.103.159.182 - - [03/Apr/2017:10:27:20 -0300] "GET /cormun/static/Shared/jqueryui/images/ui-icons_8d78a5_256x240.png HTTP/1.1" 404 1089
186.103.159.182 - - [03/Apr/2017:10:27:20 -0300] "POST /cormun/servlet/trsolicitudot?535f09d28060d4b20e8f1ec54b94403b,gx-no-cache=1491226107301 HTTP/1.1" 200 7183
186.103.156.24 - - [03/Apr/2017:10:27:24 -0300] "GET /cormun/servlet/trlicenciaspermisosadjuntos?7948527,20170329000000,L, HTTP/1.1" 200 6323
186.103.156.24 - - [03/Apr/2017:10:27:24 -0300] "GET /cormun/static/calendar-system.css?75620 HTTP/1.1" 200 5572
186.103.156.24 - - [03/Apr/2017:10:27:24 -0300] "GET /cormun/static/gxcfg.js?20173171154619 HTTP/1.1" 200 953
186.103.156.24 - - [03/Apr/2017:10:27:24 -0300] "GET /cormun/static/gxui/gxui-all.css?110300 HTTP/1.1" 200 2179
186.103.156.24 - - [03/Apr/2017:10:27:24 -0300] "GET /cormun/static/trlicenciaspermisosadjuntos.js?20173171154971 HTTP/1.1" 200 21005
192.168.10.13 - - [03/Apr/2017:10:27:26 -0300] "GET / HTTP/1.1" 200 11217
186.79.31.194 - - [03/Apr/2017:10:27:29 -0300] "GET /cormun/servlet/permisogoce?INS,0,,, HTTP/1.1" 200 6767
186.79.31.194 - - [03/Apr/2017:10:27:29 -0300] "GET /cormun/static/gxcfg.js?201732911503726 HTTP/1.1" 200 953
186.79.31.194 - - [03/Apr/2017:10:27:30 -0300] "GET /cormun/static/gxdec.js?85251 HTTP/1.1" 304 -
186.79.31.194 - - [03/Apr/2017:10:27:30 -0300] "GET /cormun/static/permisogoce.js?201732911503774 HTTP/1.1" 200 26619
186.79.31.194 - - [03/Apr/2017:10:27:30 -0300] "GET /cormun/servlet/permisogoce?INS,0,,, HTTP/1.1" 200 6767
186.103.159.182 - - [03/Apr/2017:10:27:30 -0300] "POST /cormun/servlet/trsolicitudot?535f09d28060d4b20e8f1ec54b94403b,gx-no-cache=1491226116983 HTTP/1.1" 200 5403
186.103.156.24 - - [03/Apr/2017:10:27:36 -0300] "GET /cormun/static/Shared/ext/resources/css/ext-all.css?205870 HTTP/1.1" 200 416045
186.103.156.24 - - [03/Apr/2017:10:27:37 -0300] "GET /cormun/servlet/trlicenciaspermisosadjuntos?7948527,20170329000000,L, HTTP/1.1" 200 6323
186.103.156.24 - - [03/Apr/2017:10:27:39 -0300] "GET /cormun/servlet/licenciaspermisosadjuntos?INS,7948527,L,20170329000000,, HTTP/1.1" 200 5622
186.103.156.24 - - [03/Apr/2017:10:27:39 -0300] "GET /cormun/static/gxcfg.js?201731711421170 HTTP/1.1" 200 953
186.103.156.24 - - [03/Apr/2017:10:27:39 -0300] "GET /cormun/static/licenciaspermisosadjuntos.js?201731711421181 HTTP/1.1" 200 8757
186.103.156.24 - - [03/Apr/2017:10:27:39 -0300] "GET /cormun/static/about:blank HTTP/1.1" 404 1011
186.103.156.24 - - [03/Apr/2017:10:27:40 -0300] "GET /cormun/servlet/licenciaspermisosadjuntos?INS,7948527,L,20170329000000,, HTTP/1.1" 200 5611
186.103.159.182 - - [03/Apr/2017:10:27:41 -0300] "POST /cormun/servlet/trsolicitudot?535f09d28060d4b20e8f1ec54b94403b,gx-no-cache=1491226127564 HTTP/1.1" 200 5379
186.79.31.194 - - [03/Apr/2017:10:27:42 -0300] "GET /cormun/servlet/prfichaempleado?,MD,,gxPopupLevel%3D0%3B HTTP/1.1" 200 8825
186.79.31.194 - - [03/Apr/2017:10:27:42 -0300] "GET /cormun/static/gxcfg.js?2017319125415 HTTP/1.1" 304 -
186.79.31.194 - - [03/Apr/2017:10:27:42 -0300] "GET /cormun/static/menusearch.js?201610171694467 HTTP/1.1" 304 -
186.79.31.194 - - [03/Apr/2017:10:27:42 -0300] "GET /cormun/static/hmpwkw011.js?201731711483558 HTTP/1.1" 304 -
186.79.31.194 - - [03/Apr/2017:10:27:42 -0300] "GET /cormun/static/prfichaempleado.js?20173191254344 HTTP/1.1" 304 -
186.103.159.46 - - [03/Apr/2017:10:27:47 -0300] "GET /cormun/servlet/permisogoce?INS,0,,, HTTP/1.1" 200 6556
186.103.159.46 - - [03/Apr/2017:10:27:47 -0300] "GET /cormun/static/gxcfg.js?201732911503726 HTTP/1.1" 304 -
186.103.159.46 - - [03/Apr/2017:10:27:47 -0300] "GET /cormun/static/permisogoce.js?201732911503774 HTTP/1.1" 304 -
186.103.159.46 - - [03/Apr/2017:10:27:49 -0300] "GET /cormun/servlet/permisogoce?INS,0,,, HTTP/1.1" 200 6555
186.79.31.194 - - [03/Apr/2017:10:27:51 -0300] "POST /cormun/servlet/prfichaempleado?3617c1e9e972d1b3a83bd5335549d6a2,,MD,,gxPopupLevel%3D0%3B,gx-no-cache=1491226134816 HTTP/1.1" 200 3398
186.79.31.194 - - [03/Apr/2017:10:27:55 -0300] "GET /cormun/servlet/permisogoce?5a631d43a9716cff30fcfe6f82bc987cb255d9478dbde5bab9e302c5608e17bbbcbbee999dbc8d12c6bb5eed463e973a,gx-no-cache=1491226139705 HTTP/1.1" 200 74
186.103.159.46 - - [03/Apr/2017:10:27:59 -0300] "GET /cormun/servlet/permisogoce?40d0ca9ce5b937fd5a7c374ecd49213d4fec35499fb27a17beae99005467b0eb470fc2929228d9ec1ae1759bad73470b,gx-no-cache=1491226145721 HTTP/1.1" 200 76
186.103.159.46 - - [03/Apr/2017:10:27:59 -0300] "GET /cormun/static/menuarrow.gif HTTP/1.1" 404 1015
192.168.10.96 - - [03/Apr/2017:10:28:03 -0300] "GET /cormun/servlet/vesolicitudnombre?2017,5284,,SolicitudOTAdjuntos HTTP/1.1" 200 10451
192.168.10.96 - - [03/Apr/2017:10:28:04 -0300] "GET /cormun/servlet/vesolicitudnombre?2017,5284,,SolicitudOTAdjuntos HTTP/1.1" 200 10452
186.79.31.194 - - [03/Apr/2017:10:28:04 -0300] "GET /cormun/servlet/permisogoce?5a631d43a9716cff30fcfe6f82bc987c6c159dd27d1ca323f54910f07a6254b7df5bb92a9af4a4b73c249d928c04191d6af218b502e91348e5a81888b26fec07,gx-no-cache=1491226148835 HTTP/1.1" 200 46
186.103.159.182 - - [03/Apr/2017:10:28:05 -0300] "GET /cormun/servlet/trautorizarsolicitud? HTTP/1.1" 200 8235
192.168.10.96 - - [03/Apr/2017:10:28:05 -0300] "POST /cormun/servlet/acontrolpreferencessavestate?None,DZAMUDIO,true HTTP/1.1" 200 35
186.103.159.182 - - [03/Apr/2017:10:28:05 -0300] "GET /cormun/static/gxcfg.js?2017259112829 HTTP/1.1" 200 953
186.103.159.182 - - [03/Apr/2017:10:28:05 -0300] "GET /cormun/static/trautorizarsolicitud.js?2017259113483 HTTP/1.1" 304 -
192.168.10.96 - - [03/Apr/2017:10:28:05 -0300] "GET /cormun/servlet/trconsultaempleado? HTTP/1.1" 200 6600
192.168.10.96 - - [03/Apr/2017:10:28:06 -0300] "GET /cormun/servlet/trconsultaempleado? HTTP/1.1" 200 6582
186.103.159.182 - - [03/Apr/2017:10:28:07 -0300] "GET /cormun/servlet/trautorizarsolicitud? HTTP/1.1" 200 8234
192.168.10.96 - - [03/Apr/2017:10:28:08 -0300] "GET /cormun/servlet/wbconsulta? HTTP/1.1" 200 5158
192.168.10.96 - - [03/Apr/2017:10:28:08 -0300] "GET /cormun/static/gxcfg.js?201612218544239 HTTP/1.1" 200 953
192.168.10.96 - - [03/Apr/2017:10:28:08 -0300] "GET /cormun/static/wbconsulta.js?201612218544265 HTTP/1.1" 304 -
192.168.10.96 - - [03/Apr/2017:10:28:09 -0300] "GET /cormun/servlet/wbconsulta? HTTP/1.1" 200 5157
192.168.10.89 - - [03/Apr/2017:10:28:14 -0300] "GET /cormun/servlet/trrenunciasgenerales? HTTP/1.1" 200 8677
192.168.10.89 - - [03/Apr/2017:10:28:14 -0300] "GET /cormun/static/gxcfg.js?20173171157617 HTTP/1.1" 200 953
192.168.10.89 - - [03/Apr/2017:10:28:14 -0300] "GET /cormun/static/trrenunciasgenerales.js?201731711571132 HTTP/1.1" 304 -
192.168.10.96 - - [03/Apr/2017:10:28:15 -0300] "POST /cormun/servlet/wbconsulta?fc0a6072d27d718febb888a238acdd92,,gx-no-cache=1491229372293 HTTP/1.1" 200 103
192.168.10.96 - - [03/Apr/2017:10:28:15 -0300] "GET /cormun/servlet/vevisualizador?2017,5531, HTTP/1.1" 200 8530
192.168.10.96 - - [03/Apr/2017:10:28:15 -0300] "GET /cormun/static/gxcfg.js?20173171158251 HTTP/1.1" 200 953
192.168.10.96 - - [03/Apr/2017:10:28:15 -0300] "GET /cormun/pexe_scrolldiv.js HTTP/1.1" 404 1009
192.168.10.96 - - [03/Apr/2017:10:28:15 -0300] "GET /cormun/static/vevisualizador.js?20173171158331 HTTP/1.1" 304 -
192.168.10.96 - - [03/Apr/2017:10:28:15 -0300] "GET /cormun/static/tbvisualizador01.js?201711112363628 HTTP/1.1" 304 -
192.168.10.96 - - [03/Apr/2017:10:28:15 -0300] "GET /cormun/pexe_scrolldiv.js HTTP/1.1" 404 1009
192.168.10.96 - - [03/Apr/2017:10:28:15 -0300] "GET /cormun/servlet/vevisualizador?2017,5531, HTTP/1.1" 200 8530
186.79.31.194 - - [03/Apr/2017:10:28:15 -0300] "POST /cormun/servlet/permisogoce?3617c1e9e972d1b3a83bd5335549d6a2,INS,0,,,,gx-no-cache=1491226159194 HTTP/1.1" 200 93
186.79.31.194 - - [03/Apr/2017:10:28:16 -0300] "GET /cormun/servlet/hpexe_return? HTTP/1.1" 200 1011
186.79.31.194 - - [03/Apr/2017:10:28:16 -0300] "GET /cormun/static/gxcfg.js?2016101716175148 HTTP/1.1" 304 -
186.79.31.194 - - [03/Apr/2017:10:28:16 -0300] "GET /cormun/static/hpexe_return.js?2016101716175153 HTTP/1.1" 304 -
186.79.31.194 - - [03/Apr/2017:10:28:16 -0300] "GET /cormun/static/Resources/Spanish/PXTools.css?167811 HTTP/1.1" 304 -
186.79.31.194 - - [03/Apr/2017:10:28:17 -0300] "GET /cormun/servlet/trpermisosgoce HTTP/1.1" 200 8044
192.168.10.96 - - [03/Apr/2017:10:28:17 -0300] "GET /cormun/servlet/vevisualizador?2017,5531,,SolicitudOTAdjuntos HTTP/1.1" 200 10366
192.168.10.96 - - [03/Apr/2017:10:28:17 -0300] "GET /cormun/pexe_scrolldiv.js HTTP/1.1" 404 1009
192.168.10.96 - - [03/Apr/2017:10:28:17 -0300] "GET /cormun/static/tbvisualizador02.js?20161221842021 HTTP/1.1" 304 -
192.168.10.96 - - [03/Apr/2017:10:28:17 -0300] "GET /cormun/pexe_scrolldiv.js HTTP/1.1" 404 1009
192.168.10.96 - - [03/Apr/2017:10:28:17 -0300] "GET /cormun/servlet/vevisualizador?2017,5531,,SolicitudOTAdjuntos HTTP/1.1" 200 10370
186.79.31.194 - - [03/Apr/2017:10:28:17 -0300] "GET /cormun/servlet/trpermisosgoce HTTP/1.1" 200 8040
186.103.159.182 - - [03/Apr/2017:10:28:17 -0300] "POST /cormun/servlet/trautorizarsolicitud?535f09d28060d4b20e8f1ec54b94403b,,gx-no-cache=1491226164341 HTTP/1.1" 200 4311
186.103.159.182 - - [03/Apr/2017:10:28:18 -0300] "GET /cormun/static/Shared/jqueryui/images/ui-icons_82798d_256x240.png HTTP/1.1" 404 1089
186.103.159.182 - - [03/Apr/2017:10:28:18 -0300] "GET /cormun/static/Shared/jqueryui/images/ui-bg_highlight-soft_100_c6c2c8_1x100.png HTTP/1.1" 404 1117
186.103.159.182 - - [03/Apr/2017:10:28:18 -0300] "GET /cormun/static/Shared/jqueryui/images/ui-bg_flat_55_fafafa_40x100.png HTTP/1.1" 404 1097
186.103.159.182 - - [03/Apr/2017:10:28:18 -0300] "GET /cormun/static/Shared/jqueryui/images/ui-icons_8d78a5_256x240.png HTTP/1.1" 404 1089
186.103.159.182 - - [03/Apr/2017:10:28:18 -0300] "POST /cormun/servlet/trautorizarsolicitud?535f09d28060d4b20e8f1ec54b94403b,,gx-no-cache=1491226164840 HTTP/1.1" 200 4095
192.168.10.96 - - [03/Apr/2017:10:28:18 -0300] "POST /cormun/servlet/acontrolpreferencessavestate?None,DZAMUDIO,true HTTP/1.1" 200 35
192.168.10.96 - - [03/Apr/2017:10:28:19 -0300] "GET /cormun/PublicTempStorage/carnet7757687.pdf HTTP/1.1" 200 113150
192.168.10.89 - - [03/Apr/2017:10:28:23 -0300] "GET /cormun/static/menuarrow.gif HTTP/1.1" 404 1015
192.168.10.96 - - [03/Apr/2017:10:28:23 -0300] "GET /cormun/servlet/vevisualizador?2017,5531,,SolicitudOTAdjuntos HTTP/1.1" 200 10365
192.168.10.96 - - [03/Apr/2017:10:28:24 -0300] "GET /cormun/servlet/vevisualizador?2017,5531,,SolicitudOTAdjuntos HTTP/1.1" 200 10367
186.103.159.46 - - [03/Apr/2017:10:28:24 -0300] "GET /cormun/servlet/permisogoce?40d0ca9ce5b937fd5a7c374ecd49213d50e19a92b9a6d238a4ff727afb9be3d0d2b96d6738e7570550e6eaec3dcfbec3111b63f60d4f15b490b3025363668620,gx-no-cache=1491226170987 HTTP/1.1" 200 48
186.79.31.194 - - [03/Apr/2017:10:28:24 -0300] "GET /cormun/servlet/apermisogoceprn?10978529,P,20170403112253,PU HTTP/1.1" 200 1655
192.168.10.96 - - [03/Apr/2017:10:28:24 -0300] "POST /cormun/servlet/acontrolpreferencessavestate?None,DZAMUDIO,true HTTP/1.1" 200 35
192.168.10.13 - - [03/Apr/2017:10:28:26 -0300] "GET / HTTP/1.1" 200 11217
192.168.10.96 - - [03/Apr/2017:10:28:26 -0300] "GET /cormun/PublicTempStorage/alumna_regular7572343.pdf HTTP/1.1" 200 83778
192.168.10.89 - - [03/Apr/2017:10:28:27 -0300] "POST /cormun/servlet/trrenunciasgenerales?4d8e98b165bdebde4c04b7101f291737,,gx-no-cache=1491229384691 HTTP/1.1" 200 5646
192.168.10.96 - - [03/Apr/2017:10:28:31 -0300] "GET /cormun/servlet/vevisualizador?2017,5531,,SolicitudOTAdjuntos HTTP/1.1" 200 10364
186.103.156.24 - - [03/Apr/2017:10:28:31 -0300] "POST /cormun/servlet/licenciaspermisosadjuntos?9cf0ba525fdec1f2d8f97cb90b00b2c2,INS,7948527,L,20170329000000,,,gx-no-cache=1491226210900 HTTP/1.1" 200 93
186.103.156.24 - - [03/Apr/2017:10:28:31 -0300] "GET /cormun/servlet/hpexe_return? HTTP/1.1" 200 1036
186.103.156.24 - - [03/Apr/2017:10:28:32 -0300] "GET /cormun/static/gxcfg.js?2016101716175148 HTTP/1.1" 200 953
186.103.156.24 - - [03/Apr/2017:10:28:32 -0300] "GET /cormun/static/hpexe_return.js?2016101716175153 HTTP/1.1" 200 1633
192.168.10.96 - - [03/Apr/2017:10:28:32 -0300] "GET /cormun/servlet/vevisualizador?2017,5531,,SolicitudOTAdjuntos HTTP/1.1" 200 10367
186.103.156.24 - - [03/Apr/2017:10:28:32 -0300] "GET /cormun/static/Resources/Spanish/PXTools.css?167811 HTTP/1.1" 200 89042
186.103.156.24 - - [03/Apr/2017:10:28:32 -0300] "GET /cormun/servlet/trlicenciaspermisosadjuntos?7948527,20170329000000,L, HTTP/1.1" 200 6684
192.168.10.96 - - [03/Apr/2017:10:28:32 -0300] "POST /cormun/servlet/acontrolpreferencessavestate?None,DZAMUDIO,true HTTP/1.1" 200 35
192.168.10.89 - - [03/Apr/2017:10:28:33 -0300] "POST /cormun/servlet/trrenunciasgenerales?4d8e98b165bdebde4c04b7101f291737,,gx-no-cache=1491229390130 HTTP/1.1" 200 5647
192.168.10.96 - - [03/Apr/2017:10:28:33 -0300] "GET /cormun/PublicTempStorage/afp4601084.pdf HTTP/1.1" 200 25254
186.103.156.24 - - [03/Apr/2017:10:28:33 -0300] "GET /cormun/servlet/trlicenciaspermisosadjuntos?7948527,20170329000000,L, HTTP/1.1" 200 6681
192.168.10.89 - - [03/Apr/2017:10:28:37 -0300] "POST /cormun/servlet/trrenunciasgenerales?4d8e98b165bdebde4c04b7101f291737,,gx-no-cache=1491229394331 HTTP/1.1" 200 5647
192.168.10.96 - - [03/Apr/2017:10:28:37 -0300] "GET /cormun/servlet/vevisualizador?2017,5531,,SolicitudOTAdjuntos HTTP/1.1" 200 10365
192.168.10.96 - - [03/Apr/2017:10:28:38 -0300] "GET /cormun/servlet/vevisualizador?2017,5531,,SolicitudOTAdjuntos HTTP/1.1" 200 10367
192.168.10.96 - - [03/Apr/2017:10:28:39 -0300] "POST /cormun/servlet/acontrolpreferencessavestate?None,DZAMUDIO,true HTTP/1.1" 200 35
186.103.156.24 - - [03/Apr/2017:10:28:39 -0300] "GET /cormun/servlet/trlicencias? HTTP/1.1" 200 7991
192.168.10.96 - - [03/Apr/2017:10:28:39 -0300] "GET /cormun/PublicTempStorage/isapre5242466.pdf HTTP/1.1" 200 28788
186.103.156.24 - - [03/Apr/2017:10:28:40 -0300] "GET /cormun/servlet/trlicencias? HTTP/1.1" 200 7992
192.168.10.89 - - [03/Apr/2017:10:28:40 -0300] "POST /cormun/servlet/trrenunciasgenerales?4d8e98b165bdebde4c04b7101f291737,,gx-no-cache=1491229397944 HTTP/1.1" 200 6236
186.103.156.24 - - [03/Apr/2017:10:28:43 -0300] "POST /cormun/servlet/trlicencias?9cf0ba525fdec1f2d8f97cb90b00b2c2,,gx-no-cache=1491226223282 HTTP/1.1" 200 4225
192.168.10.96 - - [03/Apr/2017:10:28:43 -0300] "GET /cormun/servlet/vevisualizador?2017,5531,,SolicitudOTAdjuntos HTTP/1.1" 200 10365
186.103.156.24 - - [03/Apr/2017:10:28:43 -0300] "GET /cormun/static/Shared/jqueryui/images/ui-bg_highlight-soft_100_c6c2c8_1x100.png HTTP/1.1" 404 1117
186.103.156.24 - - [03/Apr/2017:10:28:43 -0300] "GET /cormun/static/Shared/jqueryui/images/ui-icons_82798d_256x240.png HTTP/1.1" 404 1089
186.103.156.24 - - [03/Apr/2017:10:28:43 -0300] "GET /cormun/static/Shared/jqueryui/images/ui-bg_flat_55_fafafa_40x100.png HTTP/1.1" 404 1097
186.103.156.24 - - [03/Apr/2017:10:28:43 -0300] "GET /cormun/static/Shared/jqueryui/images/ui-icons_8d78a5_256x240.png HTTP/1.1" 404 1089
192.168.10.96 - - [03/Apr/2017:10:28:43 -0300] "GET /cormun/servlet/vevisualizador?2017,5531,,SolicitudOTAdjuntos HTTP/1.1" 200 10370
192.168.10.96 - - [03/Apr/2017:10:28:44 -0300] "POST /cormun/servlet/acontrolpreferencessavestate?None,DZAMUDIO,true HTTP/1.1" 200 35
192.168.10.96 - - [03/Apr/2017:10:28:45 -0300] "GET /cormun/PublicTempStorage/antecentes4297844.pdf HTTP/1.1" 200 54944
192.168.10.89 - - [03/Apr/2017:10:28:48 -0300] "POST /cormun/servlet/trrenunciasgenerales?4d8e98b165bdebde4c04b7101f291737,,gx-no-cache=1491229405349 HTTP/1.1" 200 5648
186.79.31.194 - - [03/Apr/2017:10:28:48 -0300] "GET /cormun/servlet/apermisogoceprn?13720292,P,20170314112655,PU HTTP/1.1" 200 1664
186.103.156.24 - - [03/Apr/2017:10:28:49 -0300] "GET /cormun/servlet/trlicencias? HTTP/1.1" 200 6842
192.168.10.96 - - [03/Apr/2017:10:28:49 -0300] "GET /cormun/servlet/vevisualizador?2017,5531,,SolicitudOTAdjuntos HTTP/1.1" 200 10363
186.103.156.24 - - [03/Apr/2017:10:28:50 -0300] "GET /cormun/servlet/trlicencias? HTTP/1.1" 200 6842
192.168.10.96 - - [03/Apr/2017:10:28:50 -0300] "GET /cormun/servlet/vevisualizador?2017,5531,,SolicitudOTAdjuntos HTTP/1.1" 200 10367
192.168.10.96 - - [03/Apr/2017:10:28:51 -0300] "POST /cormun/servlet/acontrolpreferencessavestate?None,DZAMUDIO,true HTTP/1.1" 200 35
192.168.10.96 - - [03/Apr/2017:10:28:51 -0300] "GET /cormun/PublicTempStorage/curriculum5290849.pdf HTTP/1.1" 200 20072
186.103.156.24 - - [03/Apr/2017:10:28:53 -0300] "GET /cormun/servlet/licenciaspermisos?INS,0,,, HTTP/1.1" 200 7375
186.103.156.24 - - [03/Apr/2017:10:28:53 -0300] "GET /cormun/static/gxcfg.js?20173291150977 HTTP/1.1" 200 953
186.103.156.24 - - [03/Apr/2017:10:28:53 -0300] "GET /cormun/static/licenciaspermisos.js?201732911501028 HTTP/1.1" 200 34423
186.103.156.24 - - [03/Apr/2017:10:28:53 -0300] "GET /cormun/static/Resources/prompt.gif HTTP/1.1" 200 902
186.103.156.24 - - [03/Apr/2017:10:28:54 -0300] "GET /cormun/servlet/licenciaspermisos?INS,0,,, HTTP/1.1" 200 7375
186.103.156.24 - - [03/Apr/2017:10:28:55 -0300] "GET /cormun/static/Resources/resize.gif HTTP/1.1" 200 77
186.103.156.24 - - [03/Apr/2017:10:28:56 -0300] "GET /cormun/servlet/prfichaempleado?,MD,,gxPopupLevel%3D0%3B HTTP/1.1" 200 8808
186.103.156.24 - - [03/Apr/2017:10:28:56 -0300] "GET /cormun/static/gxcfg.js?2017319125415 HTTP/1.1" 200 953
186.103.156.24 - - [03/Apr/2017:10:28:56 -0300] "GET /cormun/static/Resources/PXToolsMenuSearch.png HTTP/1.1" 200 2914
186.103.156.24 - - [03/Apr/2017:10:28:56 -0300] "GET /cormun/static/Resources/PXToolsMenuSearchCancel.png HTTP/1.1" 200 2972
186.103.156.24 - - [03/Apr/2017:10:28:56 -0300] "GET /cormun/static/menusearch.js?201610171694467 HTTP/1.1" 200 1424
186.103.156.24 - - [03/Apr/2017:10:28:56 -0300] "GET /cormun/static/hmpwkw011.js?201731711483558 HTTP/1.1" 200 1968
186.103.156.24 - - [03/Apr/2017:10:28:57 -0300] "GET /cormun/static/prfichaempleado.js?20173191254344 HTTP/1.1" 200 15951
186.103.156.24 - - [03/Apr/2017:10:29:04 -0300] "POST /cormun/servlet/prfichaempleado?9cf0ba525fdec1f2d8f97cb90b00b2c2,,MD,,gxPopupLevel%3D0%3B,gx-no-cache=1491226245262 HTTP/1.1" 200 3414
186.79.31.194 - - [03/Apr/2017:10:29:06 -0300] "GET /cormun/servlet/permisogoce?DLT,7141963,P,20170308121751, HTTP/1.1" 200 6723
186.79.31.194 - - [03/Apr/2017:10:29:07 -0300] "GET /cormun/static/Shared/jqueryui/images/ui-bg_highlight-soft_100_c6c2c8_1x100.png HTTP/1.1" 404 1117
186.79.31.194 - - [03/Apr/2017:10:29:07 -0300] "GET /cormun/static/Shared/jqueryui/images/ui-icons_82798d_256x240.png HTTP/1.1" 404 1089
186.79.31.194 - - [03/Apr/2017:10:29:07 -0300] "GET /cormun/static/Shared/jqueryui/images/ui-bg_flat_55_fafafa_40x100.png HTTP/1.1" 404 1097
186.79.31.194 - - [03/Apr/2017:10:29:07 -0300] "GET /cormun/static/Shared/jqueryui/images/ui-icons_8d78a5_256x240.png HTTP/1.1" 404 1089
186.103.156.24 - - [03/Apr/2017:10:29:08 -0300] "GET /cormun/servlet/licenciaspermisos?ad3923da59591b91c0b0fa1107184033cd21f63f05fe74ed4f690decc2162e189f2b5fc80797bdf5979883347f4425a5,gx-no-cache=1491226249403 HTTP/1.1" 200 66
186.79.31.194 - - [03/Apr/2017:10:29:08 -0300] "GET /cormun/servlet/permisogoce?DLT,7141963,P,20170308121751, HTTP/1.1" 200 6726
186.103.156.24 - - [03/Apr/2017:10:29:08 -0300] "POST /cormun/servlet/licenciaspermisos?9cf0ba525fdec1f2d8f97cb90b00b2c2,INS,0,,,,gx-no-cache=1491226249484 HTTP/1.1" 200 4611
186.79.31.194 - - [03/Apr/2017:10:29:13 -0300] "GET /cormun/servlet/puconsultapgoce?7141963,MD,gxPopupLevel%3D0%3B HTTP/1.1" 200 4199
186.79.31.194 - - [03/Apr/2017:10:29:13 -0300] "GET /cormun/static/Resources/Spanish/PXTools.css?18365030 HTTP/1.1" 304 -
186.79.31.194 - - [03/Apr/2017:10:29:13 -0300] "GET /cormun/static/gxcfg.js?2016122619324821 HTTP/1.1" 200 953
186.79.31.194 - - [03/Apr/2017:10:29:13 -0300] "GET /cormun/pexe_menus.js HTTP/1.1" 404 1001
186.79.31.194 - - [03/Apr/2017:10:29:14 -0300] "GET /cormun/pexe_layers.js HTTP/1.1" 404 1003
186.79.31.194 - - [03/Apr/2017:10:29:14 -0300] "GET /cormun/pexe_windows.js HTTP/1.1" 404 1005
186.79.31.194 - - [03/Apr/2017:10:29:14 -0300] "GET /cormun/pexe_link.js HTTP/1.1" 404 999
186.79.31.194 - - [03/Apr/2017:10:29:14 -0300] "GET /cormun/pexe_cookies.js HTTP/1.1" 404 1005
186.79.31.194 - - [03/Apr/2017:10:29:14 -0300] "GET /cormun/pexe_grid.js HTTP/1.1" 404 999
186.79.31.194 - - [03/Apr/2017:10:29:14 -0300] "GET /cormun/pexe_griddivfix.js HTTP/1.1" 404 1011
186.79.31.194 - - [03/Apr/2017:10:29:14 -0300] "GET /cormun/pexe_picture.js HTTP/1.1" 404 1005
186.79.31.194 - - [03/Apr/2017:10:29:14 -0300] "GET /cormun/pexe_treedivfix.js HTTP/1.1" 404 1011
186.79.31.194 - - [03/Apr/2017:10:29:14 -0300] "GET /cormun/pexe_autoreload.js HTTP/1.1" 404 1011
186.79.31.194 - - [03/Apr/2017:10:29:14 -0300] "GET /cormun/pexe_menudivfix.js HTTP/1.1" 404 1011
186.79.31.194 - - [03/Apr/2017:10:29:14 -0300] "GET /cormun/pexe_tabdivfix.js HTTP/1.1" 404 1009
186.79.31.194 - - [03/Apr/2017:10:29:14 -0300] "GET /cormun/static/mpprompt.js?201731711513941 HTTP/1.1" 200 940
186.79.31.194 - - [03/Apr/2017:10:29:14 -0300] "GET /cormun/static/puconsultapgoce.js?2016122619325082 HTTP/1.1" 200 22423
186.103.159.46 - - [03/Apr/2017:10:29:24 -0300] "GET /cormun/servlet/permisogoce?40d0ca9ce5b937fd5a7c374ecd49213d50e19a92b9a6d238a4ff727afb9be3d0d2b96d6738e7570550e6eaec3dcfbec3292b90744812012d45ecae5b06dd562cf96689420cc74cfe53cdc2e7686c540e,gx-no-cache=1491226230301 HTTP/1.1" 200 129
186.103.159.46 - - [03/Apr/2017:10:29:24 -0300] "GET /cormun/static/Shared/jqueryui/images/ui-bg_highlight-soft_100_c6c2c8_1x100.png HTTP/1.1" 404 1117
186.103.159.46 - - [03/Apr/2017:10:29:24 -0300] "GET /cormun/static/Shared/jqueryui/images/ui-icons_82798d_256x240.png HTTP/1.1" 404 1089
186.103.159.46 - - [03/Apr/2017:10:29:24 -0300] "GET /cormun/static/Shared/jqueryui/images/ui-bg_flat_55_994d53_40x100.png HTTP/1.1" 404 1097
186.103.159.46 - - [03/Apr/2017:10:29:24 -0300] "GET /cormun/static/Shared/jqueryui/images/ui-icons_ebccce_256x240.png HTTP/1.1" 404 1089
192.168.10.13 - - [03/Apr/2017:10:29:26 -0300] "GET / HTTP/1.1" 200 11217
186.79.31.194 - - [03/Apr/2017:10:29:29 -0300] "POST /cormun/servlet/puconsultapgoce?3617c1e9e972d1b3a83bd5335549d6a2,7141963,MD,gxPopupLevel%3D0%3B,gx-no-cache=1491226232976 HTTP/1.1" 200 59
186.79.31.194 - - [03/Apr/2017:10:29:32 -0300] "POST /cormun/servlet/permisogoce?3617c1e9e972d1b3a83bd5335549d6a2,DLT,7141963,P,20170308121751,,gx-no-cache=1491226236089 HTTP/1.1" 200 4409
186.79.31.194 - - [03/Apr/2017:10:29:32 -0300] "GET /cormun/static/Shared/jqueryui/images/ui-bg_flat_55_994d53_40x100.png HTTP/1.1" 404 1097
186.79.31.194 - - [03/Apr/2017:10:29:32 -0300] "GET /cormun/static/Shared/jqueryui/images/ui-icons_ebccce_256x240.png HTTP/1.1" 404 1089
186.103.159.46 - - [03/Apr/2017:10:29:38 -0300] "GET /cormun/servlet/permisogoce?40d0ca9ce5b937fd5a7c374ecd49213d50e19a92b9a6d238a4ff727afb9be3d0d2b96d6738e7570550e6eaec3dcfbec3315ecdd1981619e40276451d8368255659bda24487f08df7165818bc09786e41,gx-no-cache=1491226244528 HTTP/1.1" 200 49
186.79.31.194 - - [03/Apr/2017:10:29:41 -0300] "GET /cormun/servlet/trautorizarpermisogoce? HTTP/1.1" 200 6756
186.79.31.194 - - [03/Apr/2017:10:29:41 -0300] "GET /cormun/static/gxcfg.js?201731711543713 HTTP/1.1" 200 953
186.79.31.194 - - [03/Apr/2017:10:29:41 -0300] "GET /cormun/static/trautorizarpermisogoce.js?201731711544173 HTTP/1.1" 200 31036
186.79.31.194 - - [03/Apr/2017:10:29:42 -0300] "GET /cormun/servlet/trautorizarpermisogoce? HTTP/1.1" 200 6732
186.79.31.194 - - [03/Apr/2017:10:29:47 -0300] "POST /cormun/servlet/trautorizarpermisogoce?3617c1e9e972d1b3a83bd5335549d6a2,,gx-no-cache=1491226251055 HTTP/1.1" 200 5275
186.79.31.194 - - [03/Apr/2017:10:29:47 -0300] "GET /cormun//static/Resources/PXToolsActionDisabled.gif HTTP/1.1" 200 53
186.103.159.46 - - [03/Apr/2017:10:29:56 -0300] "POST /cormun/servlet/permisogoce?21d226aacbcdaf523944429e6a96aec9,INS,0,,,,gx-no-cache=1491226262171 HTTP/1.1" 200 93
186.103.159.46 - - [03/Apr/2017:10:29:56 -0300] "GET /cormun/servlet/hpexe_return? HTTP/1.1" 200 1010
186.103.159.46 - - [03/Apr/2017:10:29:56 -0300] "GET /cormun/static/Resources/Spanish/PXTools.css?167811 HTTP/1.1" 304 -
186.103.159.46 - - [03/Apr/2017:10:29:56 -0300] "GET /cormun/static/hpexe_return.js?2016101716175153 HTTP/1.1" 304 -
186.103.159.46 - - [03/Apr/2017:10:29:56 -0300] "GET /cormun/static/gxcfg.js?2016101716175148 HTTP/1.1" 200 953
186.103.159.46 - - [03/Apr/2017:10:29:56 -0300] "GET /cormun/servlet/trpermisosgoce HTTP/1.1" 200 11991
186.79.31.194 - - [03/Apr/2017:10:29:57 -0300] "GET /cormun/servlet/trlicenciaspermisoslog?7141963,P,20170308121751, HTTP/1.1" 200 6219
186.79.31.194 - - [03/Apr/2017:10:29:57 -0300] "GET /cormun/static/gxcfg.js?201731711543185 HTTP/1.1" 200 953
186.79.31.194 - - [03/Apr/2017:10:29:57 -0300] "GET /cormun/static/trlicenciaspermisoslog.js?201731711543510 HTTP/1.1" 200 20014
186.79.31.194 - - [03/Apr/2017:10:29:57 -0300] "GET /cormun/servlet/trlicenciaspermisoslog?7141963,P,20170308121751, HTTP/1.1" 200 6219
186.103.159.46 - - [03/Apr/2017:10:29:59 -0300] "GET /cormun/servlet/trpermisosgoce HTTP/1.1" 200 11996
186.103.159.46 - - [03/Apr/2017:10:30:03 -0300] "GET /cormun/servlet/apermisogoceprn?11756419,P,20170403112433,PU HTTP/1.1" 200 1670
186.79.31.194 - - [03/Apr/2017:10:30:07 -0300] "GET /cormun/servlet/hlogin HTTP/1.1" 200 1770
192.168.10.13 - - [03/Apr/2017:10:30:26 -0300] "GET / HTTP/1.1" 200 11217
192.168.10.96 - - [03/Apr/2017:10:30:26 -0300] "GET /cormun/servlet/vevisualizador?2017,5531,,SolicitudOTAdjuntos HTTP/1.1" 200 10363
192.168.10.96 - - [03/Apr/2017:10:30:27 -0300] "GET /cormun/servlet/vevisualizador?2017,5531,,SolicitudOTAdjuntos HTTP/1.1" 200 10368
192.168.10.96 - - [03/Apr/2017:10:30:28 -0300] "POST /cormun/servlet/acontrolpreferencessavestate?None,DZAMUDIO,true HTTP/1.1" 200 35
186.103.159.182 - - [03/Apr/2017:10:30:29 -0300] "GET /cormun/servlet/trrenuncias? HTTP/1.1" 200 6800
186.103.159.182 - - [03/Apr/2017:10:30:29 -0300] "GET /cormun/static/gxcfg.js?201731711553383 HTTP/1.1" 304 -
186.103.159.182 - - [03/Apr/2017:10:30:29 -0300] "GET /cormun/static/trrenuncias.js?201731711553833 HTTP/1.1" 304 -
186.103.159.182 - - [03/Apr/2017:10:30:30 -0300] "GET /cormun/servlet/trrenuncias? HTTP/1.1" 200 6800
186.103.159.182 - - [03/Apr/2017:10:30:40 -0300] "GET /cormun/servlet/renuncias?INS,0, HTTP/1.1" 200 6175
186.103.159.182 - - [03/Apr/2017:10:30:40 -0300] "GET /cormun/static/gxcfg.js?20173291217350 HTTP/1.1" 304 -
186.103.159.182 - - [03/Apr/2017:10:30:40 -0300] "GET /cormun/static/renuncias.js?20173291217362 HTTP/1.1" 304 -
186.103.159.182 - - [03/Apr/2017:10:30:41 -0300] "GET /cormun/servlet/renuncias?INS,0, HTTP/1.1" 200 6176
186.103.159.182 - - [03/Apr/2017:10:30:45 -0300] "GET /cormun/servlet/renuncias?b8da7e1af846fe2a38104fe670e7fbd588b9cc53106212633ae63559db255e6914eb2a9fa71a6fc27a6cbb24f4629d3c,gx-no-cache=1491226312081 HTTP/1.1" 200 33
186.103.156.211 - - [03/Apr/2017:10:31:02 -0300] "GET /cormun/servlet/licenciaspermisos?INS,0,,, HTTP/1.1" 200 6524
186.103.156.211 - - [03/Apr/2017:10:31:02 -0300] "GET /cormun/static/Resources/Spanish/PXTools.css?11294912 HTTP/1.1" 304 -
186.103.156.211 - - [03/Apr/2017:10:31:02 -0300] "GET /cormun/static/gxcfg.js?20173291150977 HTTP/1.1" 200 953
186.103.156.211 - - [03/Apr/2017:10:31:03 -0300] "GET /cormun/static/PXToolsJavascripts/pexe_windows.js HTTP/1.1" 200 15207
186.103.156.211 - - [03/Apr/2017:10:31:03 -0300] "GET /cormun/static/PXToolsJavascripts/pexe_link.js HTTP/1.1" 200 5671
186.103.156.211 - - [03/Apr/2017:10:31:03 -0300] "GET /cormun/static/PXToolsJavascripts/pexe_popup.js HTTP/1.1" 200 13458
186.103.156.211 - - [03/Apr/2017:10:31:03 -0300] "GET /cormun/static/PXToolsJavascripts/pexe_tabs.js HTTP/1.1" 200 3748
186.103.156.211 - - [03/Apr/2017:10:31:03 -0300] "GET /cormun/static/hpexe_recentlink.js?201610171694390 HTTP/1.1" 304 -
186.103.156.211 - - [03/Apr/2017:10:31:04 -0300] "GET /cormun/static/hpexe_scripts.js?201731711335890 HTTP/1.1" 304 -
186.103.156.211 - - [03/Apr/2017:10:31:04 -0300] "GET /cormun/static/hwchdr01.js?201731711335950 HTTP/1.1" 304 -
186.103.156.211 - - [03/Apr/2017:10:31:04 -0300] "GET /cormun/static/hpexe_messagecontroller.js?201610171694323 HTTP/1.1" 304 -
186.103.156.211 - - [03/Apr/2017:10:31:04 -0300] "GET /cormun/static/licenciaspermisos.js?201732911501028 HTTP/1.1" 200 34423
186.103.156.211 - - [03/Apr/2017:10:31:04 -0300] "GET /cormun/static/hpexe_messagepopupcomponent.js?20161017169425 HTTP/1.1" 304 -
186.103.156.211 - - [03/Apr/2017:10:31:04 -0300] "GET /cormun/static/hpexe_messagegenexuscomponent.js?201731711335537 HTTP/1.1" 304 -
186.103.156.211 - - [03/Apr/2017:10:31:04 -0300] "GET /cormun/static/cmcontrolpreferences.js?201731711335852 HTTP/1.1" 304 -
186.103.156.211 - - [03/Apr/2017:10:31:04 -0300] "GET /cormun/static/hmpwkw03.js?201731711485354 HTTP/1.1" 304 -
186.103.156.211 - - [03/Apr/2017:10:31:04 -0300] "GET /cormun/static/messages.spa.js?85251 HTTP/1.1" 200 30736
186.103.156.211 - - [03/Apr/2017:10:31:05 -0300] "GET /cormun/servlet/hlogin HTTP/1.1" 200 1758
186.103.156.211 - - [03/Apr/2017:10:31:05 -0300] "GET /cormun/servlet/licenciaspermisos?INS,0,,, HTTP/1.1" 200 6535
186.103.156.211 - - [03/Apr/2017:10:31:06 -0300] "GET /cormun/static/gxcfg.js?201731711485472 HTTP/1.1" 200 953
186.103.156.211 - - [03/Apr/2017:10:31:06 -0300] "GET /cormun/static/hlogin.js?201731711485490 HTTP/1.1" 304 -
186.103.156.24 - - [03/Apr/2017:10:31:10 -0300] "GET /cormun/servlet/licenciaspermisos?ad3923da59591b91c0b0fa1107184033411d3dbe268102ef00e3052266835b6250d072ca9e29618eb6e6356cd89e57efafdf1bce98b67f29b6d2e27ec00b2772efe4548e238d6d95e43c237b70b8358381834a622d81f71e4c62a7c240e0551d2d575b0b87c637ea62050033bcc350a19fd14d5da48510ae89f8722492e1799f3d12c3a2134ec85db639224b04e7f31bf5b1a37481b6346a54c5cdf962937dc01454acf4325f99e507ba6f9ce22c0ea3,gx-no-cache=1491226388656 HTTP/1.1" 200 30
186.103.156.24 - - [03/Apr/2017:10:31:11 -0300] "POST /cormun/servlet/licenciaspermisos?9cf0ba525fdec1f2d8f97cb90b00b2c2,INS,0,,,,gx-no-cache=1491226388816 HTTP/1.1" 200 4712
186.103.159.182 - - [03/Apr/2017:10:31:11 -0300] "GET /cormun/servlet/prfichaempleado?,MD,,gxPopupLevel%3D0%3B HTTP/1.1" 200 8900
186.103.159.182 - - [03/Apr/2017:10:31:11 -0300] "GET /cormun/static/gxcfg.js?2017319125415 HTTP/1.1" 304 -
186.103.159.182 - - [03/Apr/2017:10:31:11 -0300] "GET /cormun/static/menusearch.js?201610171694467 HTTP/1.1" 304 -
186.103.159.182 - - [03/Apr/2017:10:31:11 -0300] "GET /cormun/static/hmpwkw011.js?201731711483558 HTTP/1.1" 304 -
186.103.159.182 - - [03/Apr/2017:10:31:11 -0300] "GET /cormun/static/prfichaempleado.js?20173191254344 HTTP/1.1" 304 -
186.103.156.24 - - [03/Apr/2017:10:31:12 -0300] "GET /cormun/servlet/prfichaempleado?,MD,,gxPopupLevel%3D0%3B HTTP/1.1" 200 8808
186.103.159.182 - - [03/Apr/2017:10:31:23 -0300] "POST /cormun/servlet/prfichaempleado?535f09d28060d4b20e8f1ec54b94403b,,MD,,gxPopupLevel%3D0%3B,gx-no-cache=1491226350206 HTTP/1.1" 200 3397
186.103.156.24 - - [03/Apr/2017:10:31:23 -0300] "POST /cormun/servlet/prfichaempleado?9cf0ba525fdec1f2d8f97cb90b00b2c2,,MD,,gxPopupLevel%3D0%3B,gx-no-cache=1491226401725 HTTP/1.1" 200 3402
186.103.156.24 - - [03/Apr/2017:10:31:25 -0300] "GET /cormun/servlet/licenciaspermisos?ad3923da59591b91c0b0fa1107184033cd21f63f05fe74ed4f690decc2162e18885f38370b99115154244839d67ed6b993b467ecd145eff1cba97deab0b57bf0e4c1d8b5829d6f8c8d49fb06f2e123c673ee023dea7c994d233a2d3806802615,gx-no-cache=1491226403694 HTTP/1.1" 200 66
186.103.156.24 - - [03/Apr/2017:10:31:26 -0300] "POST /cormun/servlet/licenciaspermisos?9cf0ba525fdec1f2d8f97cb90b00b2c2,INS,0,,,,gx-no-cache=1491226403762 HTTP/1.1" 200 4701
192.168.10.13 - - [03/Apr/2017:10:31:26 -0300] "GET / HTTP/1.1" 200 11217
186.103.156.211 - - [03/Apr/2017:10:31:27 -0300] "POST /cormun/servlet/hlogin?7843c7f19286cd5fe8b7f5fe2b6c43c1,gx-no-cache=1491226356598 HTTP/1.1" 200 90
186.103.156.211 - - [03/Apr/2017:10:31:28 -0300] "GET /cormun/servlet/hpexe_link HTTP/1.1" 200 974
186.103.156.211 - - [03/Apr/2017:10:31:28 -0300] "GET /cormun/static/gxcfg.js?201731711483381 HTTP/1.1" 200 953
186.103.156.211 - - [03/Apr/2017:10:31:28 -0300] "GET /cormun/static/hpexe_link.js?201731711483384 HTTP/1.1" 304 -
186.103.156.211 - - [03/Apr/2017:10:31:28 -0300] "GET /cormun/servlet/licenciaspermisos?INS,0,,, HTTP/1.1" 200 7243
186.103.156.24 - - [03/Apr/2017:10:31:28 -0300] "GET /cormun/servlet/licenciaspermisos?ad3923da59591b91c0b0fa1107184033d6ab7942d53742de19029362ec7676a7987d681c8f130219b63783ff11213a2383ddae46ab8dae599ee91f192c76d0ba65dee0ea8ad9e63e0b72e20bbbd32b5ac230949a5175f3bcb2883d7dc350b882ceee980027806d5e8ffe7d19953391a03fc2354033c8fc4886e773b81672725dbc734e180960eb17a82edc3ac73dff66b83eb7f1da6deae40bc3a2ac15e407023928390af56c257629931caadd4bc6d0,gx-no-cache=1491226406850 HTTP/1.1" 200 62
186.103.159.182 - - [03/Apr/2017:10:31:28 -0300] "GET /cormun/servlet/renuncias?b8da7e1af846fe2a38104fe670e7fbd5f3be4f70949c117de2cdce0e9935b2f541b7f362918bd3fcba3894bd33c71b03,gx-no-cache=1491226355149 HTTP/1.1" 200 174
186.103.159.182 - - [03/Apr/2017:10:31:28 -0300] "GET /cormun/static/Shared/jqueryui/images/ui-icons_82798d_256x240.png HTTP/1.1" 404 1089
186.103.159.182 - - [03/Apr/2017:10:31:28 -0300] "GET /cormun/static/Shared/jqueryui/images/ui-bg_highlight-soft_100_c6c2c8_1x100.png HTTP/1.1" 404 1117
186.103.159.182 - - [03/Apr/2017:10:31:28 -0300] "GET /cormun/static/Shared/jqueryui/images/ui-bg_flat_55_994d53_40x100.png HTTP/1.1" 404 1097
186.103.159.182 - - [03/Apr/2017:10:31:28 -0300] "GET /cormun/static/Shared/jqueryui/images/ui-icons_ebccce_256x240.png HTTP/1.1" 404 1089
186.103.156.24 - - [03/Apr/2017:10:31:28 -0300] "POST /cormun/servlet/licenciaspermisos?9cf0ba525fdec1f2d8f97cb90b00b2c2,INS,0,,,,gx-no-cache=1491226406897 HTTP/1.1" 200 93
186.103.156.24 - - [03/Apr/2017:10:31:28 -0300] "GET /cormun/servlet/hpexe_return? HTTP/1.1" 200 1006
186.103.156.211 - - [03/Apr/2017:10:31:29 -0300] "GET /cormun/servlet/licenciaspermisos?INS,0,,, HTTP/1.1" 200 7242
186.103.156.24 - - [03/Apr/2017:10:31:29 -0300] "GET /cormun/servlet/trlicencias HTTP/1.1" 200 8040
186.103.156.24 - - [03/Apr/2017:10:31:30 -0300] "GET /cormun/servlet/trlicencias HTTP/1.1" 200 8036
186.103.156.24 - - [03/Apr/2017:10:31:33 -0300] "GET /cormun/servlet/trlicenciaspermisosadjuntos?11671556,20170403000000,L, HTTP/1.1" 200 6326
186.103.156.24 - - [03/Apr/2017:10:31:34 -0300] "GET /cormun/servlet/trlicenciaspermisosadjuntos?11671556,20170403000000,L, HTTP/1.1" 200 6326
186.103.156.24 - - [03/Apr/2017:10:31:36 -0300] "GET /cormun/servlet/licenciaspermisosadjuntos?INS,11671556,L,20170403000000,, HTTP/1.1" 200 5626
186.103.156.24 - - [03/Apr/2017:10:31:36 -0300] "GET /cormun/static/about:blank HTTP/1.1" 404 1011
186.103.156.24 - - [03/Apr/2017:10:31:36 -0300] "GET /cormun/servlet/licenciaspermisosadjuntos?INS,11671556,L,20170403000000,, HTTP/1.1" 200 5616
186.103.159.182 - - [03/Apr/2017:10:31:43 -0300] "GET /cormun/servlet/prfichaempleado?,MD,,gxPopupLevel%3D0%3B HTTP/1.1" 200 8900
186.103.159.182 - - [03/Apr/2017:10:31:56 -0300] "POST /cormun/servlet/prfichaempleado?535f09d28060d4b20e8f1ec54b94403b,,MD,,gxPopupLevel%3D0%3B,gx-no-cache=1491226381768 HTTP/1.1" 200 3397
186.103.159.46 - - [03/Apr/2017:10:31:58 -0300] "GET /cormun/servlet/permisogoce?INS,0,,, HTTP/1.1" 200 6556
186.103.159.46 - - [03/Apr/2017:10:32:00 -0300] "GET /cormun/servlet/permisogoce?INS,0,,, HTTP/1.1" 200 6555
186.103.159.182 - - [03/Apr/2017:10:32:10 -0300] "GET /cormun/servlet/renuncias?b8da7e1af846fe2a38104fe670e7fbd5f3be4f70949c117de2cdce0e9935b2f541b7f362918bd3fcba3894bd33c71b03,gx-no-cache=1491226396965 HTTP/1.1" 200 174
186.103.156.211 - - [03/Apr/2017:10:32:22 -0300] "GET /cormun/servlet/hlogin HTTP/1.1" 200 1758
192.168.10.13 - - [03/Apr/2017:10:32:26 -0300] "GET / HTTP/1.1" 200 11217
186.103.156.211 - - [03/Apr/2017:10:32:32 -0300] "POST /cormun/servlet/hlogin?7843c7f19286cd5fe8b7f5fe2b6c43c1,gx-no-cache=1491226420577 HTTP/1.1" 200 90
186.103.156.211 - - [03/Apr/2017:10:32:32 -0300] "GET /cormun/servlet/hpexe_link HTTP/1.1" 200 974
186.103.156.211 - - [03/Apr/2017:10:32:32 -0300] "GET /cormun/servlet/licenciaspermisos?INS,0,,, HTTP/1.1" 200 7243
186.103.156.211 - - [03/Apr/2017:10:32:33 -0300] "GET /cormun/servlet/licenciaspermisos?INS,0,,, HTTP/1.1" 200 7242
186.103.156.211 - - [03/Apr/2017:10:32:40 -0300] "GET /cormun/servlet/trsolicitudot? HTTP/1.1" 200 6981
186.103.156.211 - - [03/Apr/2017:10:32:40 -0300] "GET /cormun/static/gxcfg.js?201731711505139 HTTP/1.1" 200 953
186.103.156.211 - - [03/Apr/2017:10:32:40 -0300] "GET /cormun/static/trsolicitudot.js?20173171151116 HTTP/1.1" 304 -
186.103.156.211 - - [03/Apr/2017:10:32:41 -0300] "GET /cormun/servlet/trsolicitudot? HTTP/1.1" 200 6974
186.103.156.211 - - [03/Apr/2017:10:32:44 -0300] "GET /cormun/servlet/solicitudot?INS,0,0, HTTP/1.1" 200 12808
186.103.156.211 - - [03/Apr/2017:10:32:44 -0300] "GET /cormun/static/gxcfg.js?20171191042720 HTTP/1.1" 200 953
186.103.156.211 - - [03/Apr/2017:10:32:44 -0300] "GET /cormun/static/solicitudot.js?2017119104297 HTTP/1.1" 304 -
186.103.156.211 - - [03/Apr/2017:10:32:44 -0300] "GET /cormun/static/Resources/Spanish/PXTools.css?18365030 HTTP/1.1" 304 -
186.103.156.211 - - [03/Apr/2017:10:32:45 -0300] "GET /cormun/servlet/solicitudot?INS,0,0, HTTP/1.1" 200 12813
186.103.159.182 - - [03/Apr/2017:10:32:45 -0300] "GET /cormun/servlet/prfichaempleado?,MD,,gxPopupLevel%3D0%3B HTTP/1.1" 200 8900
192.168.10.96 - - [03/Apr/2017:10:32:49 -0300] "GET /cormun/servlet/trsolicitudgral? HTTP/1.1" 200 24781
192.168.10.96 - - [03/Apr/2017:10:32:50 -0300] "GET /cormun/servlet/trsolicitudgral? HTTP/1.1" 200 24766
200.83.57.219 - - [03/Apr/2017:10:32:54 -0300] "GET /cormun/servlet/trpermisosgoce? HTTP/1.1" 200 9385
200.83.57.219 - - [03/Apr/2017:10:32:54 -0300] "GET /cormun/static/gxcfg.js?20173171154124 HTTP/1.1" 304 -
200.83.57.219 - - [03/Apr/2017:10:32:54 -0300] "GET /cormun/static/trpermisosgoce.js?20173171154177 HTTP/1.1" 304 -
200.83.57.219 - - [03/Apr/2017:10:32:55 -0300] "GET /cormun/servlet/trpermisosgoce? HTTP/1.1" 200 9385
186.103.159.182 - - [03/Apr/2017:10:32:57 -0300] "POST /cormun/servlet/prfichaempleado?535f09d28060d4b20e8f1ec54b94403b,,MD,,gxPopupLevel%3D0%3B,gx-no-cache=1491226444049 HTTP/1.1" 200 3397
192.168.10.96 - - [03/Apr/2017:10:32:58 -0300] "POST /cormun/servlet/trsolicitudgral?fc0a6072d27d718febb888a238acdd92,,gx-no-cache=1491229655639 HTTP/1.1" 200 8896
186.103.159.182 - - [03/Apr/2017:10:33:05 -0300] "GET /cormun/servlet/prcontrato?17138393,,,MD,,gxPopupLevel%3D0%3B HTTP/1.1" 200 5970
186.103.159.182 - - [03/Apr/2017:10:33:05 -0300] "GET /cormun/static/gxcfg.js?201731711504186 HTTP/1.1" 304 -
186.103.159.182 - - [03/Apr/2017:10:33:05 -0300] "GET /cormun/static/prcontrato.js?20173171150446 HTTP/1.1" 304 -
200.83.57.219 - - [03/Apr/2017:10:33:07 -0300] "GET /cormun/servlet/permisogoce?DLT,7064968,P,20170323125050, HTTP/1.1" 200 6869
200.83.57.219 - - [03/Apr/2017:10:33:07 -0300] "GET /cormun/static/gxcfg.js?201732911503726 HTTP/1.1" 304 -
200.83.57.219 - - [03/Apr/2017:10:33:07 -0300] "GET /cormun/static/permisogoce.js?201732911503774 HTTP/1.1" 304 -
200.83.57.219 - - [03/Apr/2017:10:33:07 -0300] "GET /cormun/static/Shared/jqueryui/images/ui-bg_highlight-soft_100_c6c2c8_1x100.png HTTP/1.1" 404 1117
200.83.57.219 - - [03/Apr/2017:10:33:07 -0300] "GET /cormun/static/Shared/jqueryui/images/ui-icons_82798d_256x240.png HTTP/1.1" 404 1089
200.83.57.219 - - [03/Apr/2017:10:33:07 -0300] "GET /cormun/static/Shared/jqueryui/images/ui-bg_flat_55_fafafa_40x100.png HTTP/1.1" 404 1097
200.83.57.219 - - [03/Apr/2017:10:33:07 -0300] "GET /cormun/static/Shared/jqueryui/images/ui-icons_8d78a5_256x240.png HTTP/1.1" 404 1089
200.83.57.219 - - [03/Apr/2017:10:33:08 -0300] "GET /cormun/servlet/permisogoce?DLT,7064968,P,20170323125050, HTTP/1.1" 200 6870
192.168.10.96 - - [03/Apr/2017:10:33:08 -0300] "POST /cormun/servlet/trsolicitudgral?fc0a6072d27d718febb888a238acdd92,,gx-no-cache=1491229665444 HTTP/1.1" 200 5501
200.83.57.219 - - [03/Apr/2017:10:33:09 -0300] "POST /cormun/servlet/permisogoce?db36db85ad66975a849d47c932876fc7,DLT,7064968,P,20170323125050,,gx-no-cache=1491226459745 HTTP/1.1" 200 4448
200.83.57.219 - - [03/Apr/2017:10:33:09 -0300] "GET /cormun/static/Shared/jqueryui/images/ui-bg_flat_55_994d53_40x100.png HTTP/1.1" 404 1097
200.83.57.219 - - [03/Apr/2017:10:33:09 -0300] "GET /cormun/static/Shared/jqueryui/images/ui-icons_ebccce_256x240.png HTTP/1.1" 404 1089
200.83.57.219 - - [03/Apr/2017:10:33:11 -0300] "GET /cormun/servlet/puconsultapgoce?7064968,MD,gxPopupLevel%3D0%3B HTTP/1.1" 200 4232
200.83.57.219 - - [03/Apr/2017:10:33:11 -0300] "GET /cormun/static/gxcfg.js?2016122619324821 HTTP/1.1" 200 953
200.83.57.219 - - [03/Apr/2017:10:33:11 -0300] "GET /cormun/pexe_menus.js HTTP/1.1" 404 1001
200.83.57.219 - - [03/Apr/2017:10:33:11 -0300] "GET /cormun/pexe_windows.js HTTP/1.1" 404 1005
200.83.57.219 - - [03/Apr/2017:10:33:11 -0300] "GET /cormun/pexe_layers.js HTTP/1.1" 404 1003
200.83.57.219 - - [03/Apr/2017:10:33:11 -0300] "GET /cormun/pexe_link.js HTTP/1.1" 404 999
200.83.57.219 - - [03/Apr/2017:10:33:11 -0300] "GET /cormun/pexe_cookies.js HTTP/1.1" 404 1005
200.83.57.219 - - [03/Apr/2017:10:33:11 -0300] "GET /cormun/pexe_grid.js HTTP/1.1" 404 999
200.83.57.219 - - [03/Apr/2017:10:33:11 -0300] "GET /cormun/pexe_treedivfix.js HTTP/1.1" 404 1011
200.83.57.219 - - [03/Apr/2017:10:33:11 -0300] "GET /cormun/pexe_autoreload.js HTTP/1.1" 404 1011
200.83.57.219 - - [03/Apr/2017:10:33:11 -0300] "GET /cormun/pexe_menudivfix.js HTTP/1.1" 404 1011
200.83.57.219 - - [03/Apr/2017:10:33:11 -0300] "GET /cormun/pexe_tabdivfix.js HTTP/1.1" 404 1009
200.83.57.219 - - [03/Apr/2017:10:33:11 -0300] "GET /cormun/static/puconsultapgoce.js?2016122619325082 HTTP/1.1" 304 -
200.83.57.219 - - [03/Apr/2017:10:33:11 -0300] "GET /cormun/static/mpprompt.js?201731711513941 HTTP/1.1" 304 -
200.83.57.219 - - [03/Apr/2017:10:33:11 -0300] "GET /cormun/pexe_windows.js HTTP/1.1" 404 1005
200.83.57.219 - - [03/Apr/2017:10:33:11 -0300] "GET /cormun/pexe_link.js HTTP/1.1" 404 999
200.83.57.219 - - [03/Apr/2017:10:33:11 -0300] "GET /cormun/pexe_cookies.js HTTP/1.1" 404 1005
200.83.57.219 - - [03/Apr/2017:10:33:11 -0300] "GET /cormun/pexe_griddivfix.js HTTP/1.1" 404 1011
200.83.57.219 - - [03/Apr/2017:10:33:11 -0300] "GET /cormun/pexe_picture.js HTTP/1.1" 404 1005
200.83.57.219 - - [03/Apr/2017:10:33:11 -0300] "GET /cormun/pexe_grid.js HTTP/1.1" 404 999
200.83.57.219 - - [03/Apr/2017:10:33:11 -0300] "GET /cormun/pexe_griddivfix.js HTTP/1.1" 404 1011
200.83.57.219 - - [03/Apr/2017:10:33:12 -0300] "GET /cormun/pexe_picture.js HTTP/1.1" 404 1005
200.83.57.219 - - [03/Apr/2017:10:33:12 -0300] "GET /cormun/pexe_treedivfix.js HTTP/1.1" 404 1011
200.83.57.219 - - [03/Apr/2017:10:33:12 -0300] "GET /cormun/pexe_autoreload.js HTTP/1.1" 404 1011
200.83.57.219 - - [03/Apr/2017:10:33:12 -0300] "GET /cormun/pexe_menudivfix.js HTTP/1.1" 404 1011
200.83.57.219 - - [03/Apr/2017:10:33:12 -0300] "GET /cormun/pexe_tabdivfix.js HTTP/1.1" 404 1009
