186.79.237.79 - - [03/Apr/2017:12:33:20 -0300] "POST /cormun/servlet/solicitudot?d23ba4408c8888f4588b3da82e3c8613,DLT,2017,5841,,gx-no-cache=1491237261893 HTTP/1.1" 200 93
186.103.159.187 - - [03/Apr/2017:12:33:20 -0300] "GET /cormun/static/prfichaempleado.js?20173191254344 HTTP/1.1" 304 -
186.103.159.187 - - [03/Apr/2017:12:33:20 -0300] "GET /cormun/static/hmpwkw011.js?201731711483558 HTTP/1.1" 304 -
186.79.237.79 - - [03/Apr/2017:12:33:20 -0300] "GET /cormun/servlet/hpexe_return? HTTP/1.1" 200 1007
186.79.237.79 - - [03/Apr/2017:12:33:20 -0300] "GET /cormun/servlet/trsolicitudot HTTP/1.1" 200 8239
186.79.237.79 - - [03/Apr/2017:12:33:21 -0300] "GET /cormun/servlet/trsolicitudot HTTP/1.1" 200 8236
186.79.220.121 - - [03/Apr/2017:12:33:23 -0300] "POST /cormun/servlet/solicitudot?f06600671e4f4b1e1959783d4a704293,INS,0,0,,gx-no-cache=1491233668971 HTTP/1.1" 200 93
186.79.220.121 - - [03/Apr/2017:12:33:23 -0300] "GET /cormun/servlet/hpexe_return? HTTP/1.1" 200 1006
186.79.220.121 - - [03/Apr/2017:12:33:23 -0300] "GET /cormun/servlet/trsolicitudot HTTP/1.1" 200 8827
186.79.220.121 - - [03/Apr/2017:12:33:24 -0300] "GET /cormun/servlet/trsolicitudot HTTP/1.1" 200 8823
192.168.10.13 - - [03/Apr/2017:12:33:26 -0300] "GET / HTTP/1.1" 200 11217
192.168.10.96 - - [03/Apr/2017:12:33:29 -0300] "GET /cormun/servlet/hlogin HTTP/1.1" 200 1746
186.103.159.187 - - [03/Apr/2017:12:33:33 -0300] "POST /cormun/servlet/prfichaempleado?2361a00dc0a78d674274b463f09bfa6a,,MD,,gxPopupLevel%3D0%3B,gx-no-cache=1491233679531 HTTP/1.1" 200 3446
186.103.159.46 - - [03/Apr/2017:12:33:34 -0300] "POST /cormun/servlet/trautorizarpermisogoce?50ec33893442ed13b66ebfaa8fd8c183,,gx-no-cache=1491233674697 HTTP/1.1" 200 4084
192.168.10.89 - - [03/Apr/2017:12:33:39 -0300] "GET /cormun/servlet/hlogin HTTP/1.1" 200 1737
186.79.118.242 - - [03/Apr/2017:12:33:39 -0300] "POST /cormun/servlet/trcontratounov2?1b6cc453deb33d626dd60a20405c7b9f,,gx-no-cache=1491233674744 HTTP/1.1" 200 14191
186.79.118.242 - - [03/Apr/2017:12:33:40 -0300] "GET /cormun/static/Resources/PXToolsGridNext.gif HTTP/1.1" 200 369
186.79.118.242 - - [03/Apr/2017:12:33:40 -0300] "GET /cormun/static/Resources/PXToolsGridLast.gif HTTP/1.1" 200 370
186.103.159.46 - - [03/Apr/2017:12:33:42 -0300] "POST /cormun/servlet/trautorizarpermisogoce?50ec33893442ed13b66ebfaa8fd8c183,,gx-no-cache=1491233682747 HTTP/1.1" 200 4085
186.103.159.46 - - [03/Apr/2017:12:33:46 -0300] "POST /cormun/servlet/trautorizarpermisogoce?50ec33893442ed13b66ebfaa8fd8c183,,gx-no-cache=1491233686827 HTTP/1.1" 200 4085
186.103.159.187 - - [03/Apr/2017:12:33:47 -0300] "POST /cormun/servlet/solicitudot?gx-no-cache=1491233694263 HTTP/1.1" 200 3180
186.103.159.187 - - [03/Apr/2017:12:33:48 -0300] "POST /cormun/servlet/solicitudot?2361a00dc0a78d674274b463f09bfa6a,INS,0,0,,gx-no-cache=1491233694594 HTTP/1.1" 200 9776
192.168.10.89 - - [03/Apr/2017:12:33:49 -0300] "POST /cormun/servlet/hlogin?9679c8d582ea12aa148bba3c038cc399,gx-no-cache=1491236906242 HTTP/1.1" 200 90
192.168.10.89 - - [03/Apr/2017:12:33:49 -0300] "GET /cormun/servlet/hpexe_link HTTP/1.1" 200 950
192.168.10.96 - - [03/Apr/2017:12:33:49 -0300] "POST /cormun/servlet/hlogin?f8725b372900c5430ad005c3239d5d26,gx-no-cache=1491236906263 HTTP/1.1" 200 90
192.168.10.96 - - [03/Apr/2017:12:33:49 -0300] "GET /cormun/servlet/hpexe_link HTTP/1.1" 200 956
192.168.10.96 - - [03/Apr/2017:12:33:49 -0300] "GET /cormun/servlet/hhome HTTP/1.1" 200 4002
192.168.10.96 - - [03/Apr/2017:12:33:49 -0300] "GET /cormun/servlet/hhome HTTP/1.1" 200 3999
186.103.159.46 - - [03/Apr/2017:12:33:50 -0300] "POST /cormun/servlet/trautorizarpermisogoce?50ec33893442ed13b66ebfaa8fd8c183,,gx-no-cache=1491233690377 HTTP/1.1" 200 4087
192.168.10.89 - - [03/Apr/2017:12:33:50 -0300] "GET /cormun/servlet/hhome HTTP/1.1" 200 4450
192.168.10.96 - - [03/Apr/2017:12:33:51 -0300] "GET /cormun/servlet/trautorizarsolicitud? HTTP/1.1" 200 8676
192.168.10.96 - - [03/Apr/2017:12:33:51 -0300] "GET /cormun/servlet/trautorizarsolicitud? HTTP/1.1" 200 8675
192.168.10.96 - - [03/Apr/2017:12:33:53 -0300] "POST /cormun/servlet/trautorizarsolicitud?f8725b372900c5430ad005c3239d5d26,,gx-no-cache=1491236910816 HTTP/1.1" 200 5435
192.168.10.96 - - [03/Apr/2017:12:33:53 -0300] "GET /cormun/static/Shared/jqueryui/images/ui-icons_82798d_256x240.png HTTP/1.1" 404 1089
192.168.10.96 - - [03/Apr/2017:12:33:53 -0300] "GET /cormun/static/Shared/jqueryui/images/ui-bg_highlight-soft_100_c6c2c8_1x100.png HTTP/1.1" 404 1117
192.168.10.96 - - [03/Apr/2017:12:33:53 -0300] "GET /cormun/static/Shared/jqueryui/images/ui-bg_flat_55_fafafa_40x100.png HTTP/1.1" 404 1097
192.168.10.96 - - [03/Apr/2017:12:33:53 -0300] "GET /cormun/static/Shared/jqueryui/images/ui-icons_8d78a5_256x240.png HTTP/1.1" 404 1089
192.168.10.96 - - [03/Apr/2017:12:33:53 -0300] "POST /cormun/servlet/trautorizarsolicitud?f8725b372900c5430ad005c3239d5d26,,gx-no-cache=1491236911011 HTTP/1.1" 200 5379
186.79.118.242 - - [03/Apr/2017:12:33:55 -0300] "POST /cormun/servlet/trcontratounov2?1b6cc453deb33d626dd60a20405c7b9f,,gx-no-cache=1491233691209 HTTP/1.1" 200 15954
192.168.10.96 - - [03/Apr/2017:12:33:56 -0300] "POST /cormun/servlet/trautorizarsolicitud?f8725b372900c5430ad005c3239d5d26,,gx-no-cache=1491236913417 HTTP/1.1" 200 4339
192.168.10.96 - - [03/Apr/2017:12:33:56 -0300] "POST /cormun/servlet/trautorizarsolicitud?f8725b372900c5430ad005c3239d5d26,,gx-no-cache=1491236913590 HTTP/1.1" 200 4109
186.103.159.187 - - [03/Apr/2017:12:33:58 -0300] "GET /cormun/servlet/solicitudot?d8c2fec3f7c8560e17b8397083e79af2c746e4cf9605dc01539fc2cc92d5e8cff8da65370554397fcb73ce338aa279e1,gx-no-cache=1491233705425 HTTP/1.1" 200 30
186.103.159.187 - - [03/Apr/2017:12:33:58 -0300] "POST /cormun/servlet/solicitudot?gx-no-cache=1491233705517 HTTP/1.1" 200 255
186.103.159.46 - - [03/Apr/2017:12:33:59 -0300] "POST /cormun/servlet/trautorizarpermisogoce?50ec33893442ed13b66ebfaa8fd8c183,,gx-no-cache=1491233699537 HTTP/1.1" 200 4084
186.103.159.187 - - [03/Apr/2017:12:33:59 -0300] "GET /cormun/servlet/solicitudot?d8c2fec3f7c8560e17b8397083e79af2387bb713882a08d7a79a31447b79774ffacb29f4eff47c6eaa5d3e03f490cebc024f10c2432c3c24e90d44b15f4354cd7cdee9f9145a5e4f2ad543b819f75b398287d41315f11a552ae8ecf2126350cd4997f27b8854a78f074bed651377d8ed850bb0fe36d5c649cf8479e61392970f2dc1669cde9132b06e417f80baad9af0fd034627061fec5daa8d23009d91e63cd790e03989d1fe6a493a32f10956b8ec4dc4570c531af2c84a2623456da53132b0dcf171a4c80fde12dbbde2bf2d27512275f0dc2c9284c1cdcde07c1f27a8b15fd5bc5e44895d9f9e5c823c7b8fb9fb1ff61eed1e388d460c81a48895e0808b7cf808e0b7d0e4b74947d78dc9718ec876b38fbe7d6531c83849bf5061f585157816385a4ef86ee31bfd680b47709adf07bce9aabcd273e824f2b95bab80ec738cd6b4249bedd3356999db6bb74d07c1a8988decfd255d3c8141ad77807923ff19d3e17a36a024f0280df4f455b607ad48fa2edb8ddfccf1e9642943e7873a98,gx-no-cache=1491233705606 HTTP/1.1" 200 30
186.103.159.46 - - [03/Apr/2017:12:34:03 -0300] "GET /cormun/servlet/trautorizarpermisogoce? HTTP/1.1" 200 6731
186.103.159.46 - - [03/Apr/2017:12:34:04 -0300] "GET /cormun/servlet/trautorizarpermisogoce? HTTP/1.1" 200 6731
186.79.118.242 - - [03/Apr/2017:12:34:07 -0300] "POST /cormun/servlet/trcontratounov2?1b6cc453deb33d626dd60a20405c7b9f,,gx-no-cache=1491233703014 HTTP/1.1" 200 15959
186.79.118.242 - - [03/Apr/2017:12:34:12 -0300] "POST /cormun/servlet/trcontratounov2?1b6cc453deb33d626dd60a20405c7b9f,,gx-no-cache=1491233707936 HTTP/1.1" 200 15939
186.79.118.242 - - [03/Apr/2017:12:34:24 -0300] "POST /cormun/servlet/trcontratounov2?1b6cc453deb33d626dd60a20405c7b9f,,gx-no-cache=1491233720008 HTTP/1.1" 200 15997
192.168.10.13 - - [03/Apr/2017:12:34:26 -0300] "GET / HTTP/1.1" 200 11217
186.79.118.242 - - [03/Apr/2017:12:34:41 -0300] "GET /cormun/servlet/hlogin HTTP/1.1" 200 1720
186.79.118.242 - - [03/Apr/2017:12:34:44 -0300] "POST /cormun/servlet/hlogin?7a280e873e7c5aff1faf5c15e4d43110,gx-no-cache=1491233742287 HTTP/1.1" 200 90
186.79.118.242 - - [03/Apr/2017:12:34:45 -0300] "GET /cormun/servlet/hpexe_link HTTP/1.1" 200 949
186.79.118.242 - - [03/Apr/2017:12:34:45 -0300] "GET /cormun/servlet/hhome HTTP/1.1" 200 3957
186.79.118.242 - - [03/Apr/2017:12:34:45 -0300] "GET /cormun/servlet/hhome HTTP/1.1" 200 3954
186.79.118.242 - - [03/Apr/2017:12:34:49 -0300] "GET /cormun/servlet/trautorizarsolicitud? HTTP/1.1" 200 6870
186.79.118.242 - - [03/Apr/2017:12:34:50 -0300] "GET /cormun/servlet/trautorizarsolicitud? HTTP/1.1" 200 6869
186.79.118.242 - - [03/Apr/2017:12:34:57 -0300] "GET /cormun/servlet/trautorizarsolicitud? HTTP/1.1" 200 6869
186.79.118.242 - - [03/Apr/2017:12:34:58 -0300] "GET /cormun/servlet/trautorizarsolicitud? HTTP/1.1" 200 6869
186.79.118.242 - - [03/Apr/2017:12:35:07 -0300] "POST /cormun/servlet/trautorizarsolicitud?7a280e873e7c5aff1faf5c15e4d43110,,gx-no-cache=1491233762527 HTTP/1.1" 200 110
186.79.118.242 - - [03/Apr/2017:12:35:08 -0300] "GET /cormun/AutorizarSolicitud-6149.xls HTTP/1.1" 200 4608
186.103.159.46 - - [03/Apr/2017:12:35:19 -0300] "GET /cormun/servlet/trautorizarsolicitud? HTTP/1.1" 200 6921
186.103.159.46 - - [03/Apr/2017:12:35:20 -0300] "GET /cormun/servlet/trautorizarsolicitud? HTTP/1.1" 200 6921
192.168.10.89 - - [03/Apr/2017:12:35:24 -0300] "GET /cormun/servlet/trsolicitudgral? HTTP/1.1" 200 11018
186.79.118.242 - - [03/Apr/2017:12:35:24 -0300] "GET /cormun/servlet/trcontratosolicitud? HTTP/1.1" 200 13617
186.79.118.242 - - [03/Apr/2017:12:35:25 -0300] "GET /cormun/servlet/trcontratosolicitud? HTTP/1.1" 200 13622
192.168.10.13 - - [03/Apr/2017:12:35:26 -0300] "GET / HTTP/1.1" 200 11217
186.103.159.46 - - [03/Apr/2017:12:35:33 -0300] "GET /cormun/servlet/trautorizarpermisogoce? HTTP/1.1" 200 6731
186.103.159.46 - - [03/Apr/2017:12:35:34 -0300] "GET /cormun/servlet/trautorizarpermisogoce? HTTP/1.1" 200 6731
192.168.10.89 - - [03/Apr/2017:12:35:35 -0300] "POST /cormun/servlet/trsolicitudgral?9679c8d582ea12aa148bba3c038cc399,,gx-no-cache=1491237012603 HTTP/1.1" 200 5471
186.103.159.46 - - [03/Apr/2017:12:35:38 -0300] "POST /cormun/servlet/trautorizarpermisogoce?50ec33893442ed13b66ebfaa8fd8c183,,gx-no-cache=1491233799343 HTTP/1.1" 200 4064
192.168.10.89 - - [03/Apr/2017:12:35:39 -0300] "POST /cormun/servlet/trsolicitudgral?9679c8d582ea12aa148bba3c038cc399,,gx-no-cache=1491237017056 HTTP/1.1" 200 5473
186.103.159.46 - - [03/Apr/2017:12:35:42 -0300] "GET /cormun/static/menuarrow.gif HTTP/1.1" 404 1015
186.103.159.46 - - [03/Apr/2017:12:35:48 -0300] "POST /cormun/servlet/trautorizarpermisogoce?50ec33893442ed13b66ebfaa8fd8c183,,gx-no-cache=1491233809020 HTTP/1.1" 200 4066
186.79.118.242 - - [03/Apr/2017:12:35:53 -0300] "POST /cormun/servlet/trcontratosolicitud?7a280e873e7c5aff1faf5c15e4d43110,,gx-no-cache=1491233808194 HTTP/1.1" 200 11333
186.103.159.46 - - [03/Apr/2017:12:35:57 -0300] "POST /cormun/servlet/trautorizarpermisogoce?50ec33893442ed13b66ebfaa8fd8c183,,gx-no-cache=1491233817928 HTTP/1.1" 200 4066
186.103.159.46 - - [03/Apr/2017:12:36:02 -0300] "POST /cormun/servlet/trautorizarpermisogoce?50ec33893442ed13b66ebfaa8fd8c183,,gx-no-cache=1491233822675 HTTP/1.1" 200 4066
186.79.118.242 - - [03/Apr/2017:12:36:12 -0300] "POST /cormun/servlet/trcontratosolicitud?7a280e873e7c5aff1faf5c15e4d43110,,gx-no-cache=1491233829390 HTTP/1.1" 200 3985
186.103.159.46 - - [03/Apr/2017:12:36:20 -0300] "POST /cormun/servlet/trautorizarpermisogoce?50ec33893442ed13b66ebfaa8fd8c183,,gx-no-cache=1491233840515 HTTP/1.1" 200 4067
186.79.118.242 - - [03/Apr/2017:12:36:22 -0300] "POST /cormun/servlet/trcontratosolicitud?7a280e873e7c5aff1faf5c15e4d43110,,gx-no-cache=1491233839252 HTTP/1.1" 200 3984
192.168.10.13 - - [03/Apr/2017:12:36:26 -0300] "GET / HTTP/1.1" 200 11217
186.79.118.242 - - [03/Apr/2017:12:36:27 -0300] "POST /cormun/servlet/trcontratosolicitud?7a280e873e7c5aff1faf5c15e4d43110,,gx-no-cache=1491233844547 HTTP/1.1" 200 3984
186.103.159.46 - - [03/Apr/2017:12:36:30 -0300] "POST /cormun/servlet/trautorizarpermisogoce?50ec33893442ed13b66ebfaa8fd8c183,,gx-no-cache=1491233850425 HTTP/1.1" 200 4067
186.103.159.187 - - [03/Apr/2017:12:36:30 -0300] "GET /cormun/servlet/prfichaempleado?,MD,,gxPopupLevel%3D0%3B HTTP/1.1" 200 8745
186.79.118.242 - - [03/Apr/2017:12:36:31 -0300] "GET /cormun/servlet/hlogin HTTP/1.1" 200 1720
186.79.118.242 - - [03/Apr/2017:12:36:33 -0300] "POST /cormun/servlet/hlogin?7a280e873e7c5aff1faf5c15e4d43110,gx-no-cache=1491233851214 HTTP/1.1" 200 90
186.79.118.242 - - [03/Apr/2017:12:36:34 -0300] "GET /cormun/servlet/hpexe_link HTTP/1.1" 200 959
186.79.118.242 - - [03/Apr/2017:12:36:34 -0300] "GET /cormun/servlet/trcontratosolicitud? HTTP/1.1" 200 6487
186.79.118.242 - - [03/Apr/2017:12:36:34 -0300] "GET /cormun/servlet/trcontratosolicitud? HTTP/1.1" 200 6485
186.103.159.46 - - [03/Apr/2017:12:36:35 -0300] "POST /cormun/servlet/trautorizarpermisogoce?50ec33893442ed13b66ebfaa8fd8c183,,gx-no-cache=1491233855685 HTTP/1.1" 200 4069
186.79.118.242 - - [03/Apr/2017:12:36:39 -0300] "GET /cormun/servlet/trcontratosolicitud? HTTP/1.1" 200 6485
186.79.118.242 - - [03/Apr/2017:12:36:40 -0300] "GET /cormun/servlet/trcontratosolicitud? HTTP/1.1" 200 6485
186.103.159.46 - - [03/Apr/2017:12:36:40 -0300] "POST /cormun/servlet/trautorizarpermisogoce?50ec33893442ed13b66ebfaa8fd8c183,,gx-no-cache=1491233860685 HTTP/1.1" 200 4071
186.79.118.242 - - [03/Apr/2017:12:36:45 -0300] "POST /cormun/servlet/trcontratosolicitud?7a280e873e7c5aff1faf5c15e4d43110,,gx-no-cache=1491233863069 HTTP/1.1" 200 3983
186.103.159.46 - - [03/Apr/2017:12:36:45 -0300] "GET /cormun/servlet/trautorizarpermisogoce? HTTP/1.1" 200 6739
186.103.159.46 - - [03/Apr/2017:12:36:46 -0300] "GET /cormun/servlet/trautorizarpermisogoce? HTTP/1.1" 200 6739
186.103.159.187 - - [03/Apr/2017:12:36:49 -0300] "POST /cormun/servlet/prfichaempleado?2361a00dc0a78d674274b463f09bfa6a,,MD,,gxPopupLevel%3D0%3B,gx-no-cache=1491233876414 HTTP/1.1" 200 3446
186.103.159.187 - - [03/Apr/2017:12:37:01 -0300] "POST /cormun/servlet/solicitudot?gx-no-cache=1491233888574 HTTP/1.1" 200 3175
186.103.159.187 - - [03/Apr/2017:12:37:02 -0300] "POST /cormun/servlet/solicitudot?2361a00dc0a78d674274b463f09bfa6a,INS,0,0,,gx-no-cache=1491233888751 HTTP/1.1" 200 9812
186.103.159.187 - - [03/Apr/2017:12:37:02 -0300] "GET /cormun/servlet/solicitudot?d8c2fec3f7c8560e17b8397083e79af2fd78f489ec8b39a106f484a141108a852bd23ca3dd1fabf4a66471dcfc69023d,gx-no-cache=1491233889038 HTTP/1.1" 200 30
186.103.159.187 - - [03/Apr/2017:12:37:02 -0300] "POST /cormun/servlet/solicitudot?gx-no-cache=1491233889127 HTTP/1.1" 200 240
186.103.159.187 - - [03/Apr/2017:12:37:02 -0300] "GET /cormun/servlet/solicitudot?d8c2fec3f7c8560e17b8397083e79af2387bb713882a08d7a79a31447b79774f8d5734969761f9e1a3dc5493142b3bae024f10c2432c3c24e90d44b15f4354cd7cdee9f9145a5e4f2ad543b819f75b398287d41315f11a552ae8ecf2126350cd4997f27b8854a78f074bed651377d8ed850bb0fe36d5c649cf8479e61392970f2dc1669cde9132b06e417f80baad9af0fd034627061fec5daa8d23009d91e63cd790e03989d1fe6a493a32f10956b8ec4dc4570c531af2c84a2623456da53132b0dcf171a4c80fde12dbbde2bf2d27512275f0dc2c9284c1cdcde07c1f27a8b15fd5bc5e44895d9f9e5c823c7b8fb9fb1ff61eed1e388d460c81a48895e0808b7cf808e0b7d0e4b74947d78dc9718ec8226b13691913ab2b33ea4b805c75a4aefd80ff8fd2560275c288e2ee965d6012751f6ee4b182f2f3e971fa0ae7ebfbf3e2cc3554dcbe2e1c2da252c0391c0bebd16945ea5118e250c1ead2e33de934021800452c968ca89e7bbe5ab8e6d46d52b35d4e4032e136e1cb8d8e0c2bbc2407,gx-no-cache=1491233889197 HTTP/1.1" 200 30
192.168.10.96 - - [03/Apr/2017:12:37:08 -0300] "GET /cormun/servlet/hlogin HTTP/1.1" 200 1749
186.103.159.46 - - [03/Apr/2017:12:37:19 -0300] "GET /cormun/servlet/trautorizarpermisogoce? HTTP/1.1" 200 6739
186.103.159.46 - - [03/Apr/2017:12:37:20 -0300] "GET /cormun/servlet/trautorizarpermisogoce? HTTP/1.1" 200 6739
192.168.10.96 - - [03/Apr/2017:12:37:23 -0300] "POST /cormun/servlet/hlogin?f8725b372900c5430ad005c3239d5d26,gx-no-cache=1491237120198 HTTP/1.1" 200 90
192.168.10.96 - - [03/Apr/2017:12:37:23 -0300] "GET /cormun/servlet/hpexe_link HTTP/1.1" 200 956
192.168.10.96 - - [03/Apr/2017:12:37:23 -0300] "GET /cormun/servlet/hhome HTTP/1.1" 200 4264
192.168.10.96 - - [03/Apr/2017:12:37:23 -0300] "GET /cormun/servlet/hhome HTTP/1.1" 200 4260
186.103.159.46 - - [03/Apr/2017:12:37:24 -0300] "POST /cormun/servlet/trautorizarpermisogoce?50ec33893442ed13b66ebfaa8fd8c183,,gx-no-cache=1491233904434 HTTP/1.1" 200 4072
192.168.10.13 - - [03/Apr/2017:12:37:26 -0300] "GET / HTTP/1.1" 200 11217
192.168.10.96 - - [03/Apr/2017:12:37:28 -0300] "GET /cormun/servlet/trpermisosgeneralesgoce? HTTP/1.1" 200 11570
192.168.10.96 - - [03/Apr/2017:12:37:28 -0300] "GET /cormun/static/gxcfg.js?201731711541967 HTTP/1.1" 200 953
192.168.10.96 - - [03/Apr/2017:12:37:28 -0300] "GET /cormun/static/trpermisosgeneralesgoce.js?201731711542424 HTTP/1.1" 304 -
192.168.10.96 - - [03/Apr/2017:12:37:29 -0300] "GET /cormun/servlet/trpermisosgeneralesgoce? HTTP/1.1" 200 11568
186.103.159.187 - - [03/Apr/2017:12:37:29 -0300] "POST /cormun/servlet/solicitudot?gx-no-cache=1491233916266 HTTP/1.1" 200 30
186.103.159.46 - - [03/Apr/2017:12:37:32 -0300] "GET /cormun/servlet/trautorizarpermisogoce? HTTP/1.1" 200 6739
186.103.159.46 - - [03/Apr/2017:12:37:33 -0300] "GET /cormun/servlet/trautorizarpermisogoce? HTTP/1.1" 200 6739
192.168.10.96 - - [03/Apr/2017:12:37:34 -0300] "POST /cormun/servlet/trpermisosgeneralesgoce?f8725b372900c5430ad005c3239d5d26,,gx-no-cache=1491237131168 HTTP/1.1" 200 13330
40.77.167.25 - - [03/Apr/2017:12:37:39 -0300] "GET /cormun/servlet/trsolicitudadjuntos?2017,5627, HTTP/1.1" 200 8134
186.103.159.46 - - [03/Apr/2017:12:37:39 -0300] "POST /cormun/servlet/trautorizarpermisogoce?50ec33893442ed13b66ebfaa8fd8c183,,gx-no-cache=1491233920113 HTTP/1.1" 200 4062
186.103.159.46 - - [03/Apr/2017:12:37:44 -0300] "POST /cormun/servlet/trautorizarpermisogoce?50ec33893442ed13b66ebfaa8fd8c183,,gx-no-cache=1491233924747 HTTP/1.1" 200 11261
192.168.10.96 - - [03/Apr/2017:12:37:45 -0300] "GET /cormun/servlet/trpermisosadjuntos?11756419,20170403112433,P, HTTP/1.1" 200 6579
192.168.10.96 - - [03/Apr/2017:12:37:45 -0300] "GET /cormun/static/gxcfg.js?201731711542659 HTTP/1.1" 200 953
192.168.10.96 - - [03/Apr/2017:12:37:45 -0300] "GET /cormun/static/trpermisosadjuntos.js?201731711542990 HTTP/1.1" 200 20045
192.168.10.96 - - [03/Apr/2017:12:37:45 -0300] "GET /cormun/servlet/trpermisosadjuntos?11756419,20170403112433,P, HTTP/1.1" 200 6578
192.168.10.96 - - [03/Apr/2017:12:37:49 -0300] "POST /cormun/servlet/trpermisosadjuntos?f8725b372900c5430ad005c3239d5d26,11756419,20170403112433,P,,gx-no-cache=1491237146170 HTTP/1.1" 200 90
192.168.10.96 - - [03/Apr/2017:12:37:49 -0300] "GET /cormun/servlet/hpexe_link HTTP/1.1" 200 992
192.168.10.96 - - [03/Apr/2017:12:37:49 -0300] "GET /cormun/servlet/trpermisosgeneralesgoce? HTTP/1.1" 200 16087
192.168.10.96 - - [03/Apr/2017:12:37:50 -0300] "GET /cormun/servlet/trpermisosgeneralesgoce? HTTP/1.1" 200 16086
186.67.172.234 - - [03/Apr/2017:12:37:50 -0300] "GET /cormun/servlet/hlogin HTTP/1.1" 200 1719
186.67.172.234 - - [03/Apr/2017:12:37:50 -0300] "GET /cormun/static/Resources/Spanish/PXTools.css?11294912 HTTP/1.1" 304 -
186.67.172.234 - - [03/Apr/2017:12:37:50 -0300] "GET /cormun/static/gxcfg.js?201731711485472 HTTP/1.1" 304 -
186.67.172.234 - - [03/Apr/2017:12:37:50 -0300] "GET /cormun/static/messages.spa.js?85251 HTTP/1.1" 304 -
186.67.172.234 - - [03/Apr/2017:12:37:50 -0300] "GET /cormun/static/hlogin.js?201731711485490 HTTP/1.1" 304 -
186.67.172.234 - - [03/Apr/2017:12:37:50 -0300] "GET /cormun/servlet/hlogin HTTP/1.1" 200 1730
186.103.159.187 - - [03/Apr/2017:12:37:51 -0300] "GET /cormun/servlet/prfichaempleado?,MD,,gxPopupLevel%3D0%3B HTTP/1.1" 200 8745
192.168.10.96 - - [03/Apr/2017:12:37:55 -0300] "GET /cormun/servlet/hlogin HTTP/1.1" 200 1749
186.67.172.234 - - [03/Apr/2017:12:38:01 -0300] "POST /cormun/servlet/hlogin?2191bab14c0fab994063d5cdd874560b,gx-no-cache=1491233946289 HTTP/1.1" 200 90
186.67.172.234 - - [03/Apr/2017:12:38:01 -0300] "GET /cormun/servlet/hpexe_link HTTP/1.1" 200 949
186.67.172.234 - - [03/Apr/2017:12:38:01 -0300] "GET /cormun/static/gxcfg.js?201731711483381 HTTP/1.1" 304 -
186.67.172.234 - - [03/Apr/2017:12:38:01 -0300] "GET /cormun/static/hpexe_link.js?201731711483384 HTTP/1.1" 304 -
186.67.172.234 - - [03/Apr/2017:12:38:02 -0300] "GET /cormun/servlet/hhome HTTP/1.1" 200 4041
186.67.172.234 - - [03/Apr/2017:12:38:02 -0300] "GET /cormun/static/gxcfg.js?201731711483497 HTTP/1.1" 304 -
186.67.172.234 - - [03/Apr/2017:12:38:02 -0300] "GET /cormun/static/hwchdr01.js?201731711335950 HTTP/1.1" 304 -
186.67.172.234 - - [03/Apr/2017:12:38:02 -0300] "GET /cormun/static/hhome.js?20173171148352 HTTP/1.1" 304 -
186.67.172.234 - - [03/Apr/2017:12:38:02 -0300] "GET /cormun/static/hpexe_messagecontroller.js?201610171694323 HTTP/1.1" 304 -
186.67.172.234 - - [03/Apr/2017:12:38:02 -0300] "GET /cormun/static/hpexe_scripts.js?201731711335890 HTTP/1.1" 304 -
186.67.172.234 - - [03/Apr/2017:12:38:02 -0300] "GET /cormun/static/hpexe_recentlink.js?201610171694390 HTTP/1.1" 304 -
186.67.172.234 - - [03/Apr/2017:12:38:02 -0300] "GET /cormun/static/hpexe_messagepopupcomponent.js?20161017169425 HTTP/1.1" 304 -
186.67.172.234 - - [03/Apr/2017:12:38:02 -0300] "GET /cormun/static/hpexe_messagegenexuscomponent.js?201731711335537 HTTP/1.1" 304 -
186.67.172.234 - - [03/Apr/2017:12:38:02 -0300] "GET /cormun/static/cmcontrolpreferences.js?201731711335852 HTTP/1.1" 304 -
186.67.172.234 - - [03/Apr/2017:12:38:03 -0300] "GET /cormun/static/hmpwkw03.js?201731711485354 HTTP/1.1" 304 -
186.67.172.234 - - [03/Apr/2017:12:38:03 -0300] "GET /cormun/servlet/hhome HTTP/1.1" 200 4037
186.103.159.187 - - [03/Apr/2017:12:38:06 -0300] "POST /cormun/servlet/prfichaempleado?2361a00dc0a78d674274b463f09bfa6a,,MD,,gxPopupLevel%3D0%3B,gx-no-cache=1491233953238 HTTP/1.1" 200 3399
186.103.159.187 - - [03/Apr/2017:12:38:11 -0300] "POST /cormun/servlet/solicitudot?gx-no-cache=1491233957797 HTTP/1.1" 200 1291
192.168.10.96 - - [03/Apr/2017:12:38:11 -0300] "POST /cormun/servlet/hlogin?f8725b372900c5430ad005c3239d5d26,gx-no-cache=1491237168700 HTTP/1.1" 200 90
192.168.10.96 - - [03/Apr/2017:12:38:11 -0300] "GET /cormun/servlet/hpexe_link HTTP/1.1" 200 956
192.168.10.96 - - [03/Apr/2017:12:38:11 -0300] "GET /cormun/servlet/hhome HTTP/1.1" 200 4002
192.168.10.96 - - [03/Apr/2017:12:38:12 -0300] "GET /cormun/servlet/hhome HTTP/1.1" 200 3998
186.103.159.187 - - [03/Apr/2017:12:38:14 -0300] "GET /cormun/servlet/prlicenciaspermisos?9076382,L,,MD,,gxPopupLevel%3D0%3B HTTP/1.1" 200 6634
186.103.159.187 - - [03/Apr/2017:12:38:14 -0300] "GET /cormun/static/gxcfg.js?20173171152124 HTTP/1.1" 200 953
186.103.159.187 - - [03/Apr/2017:12:38:14 -0300] "GET /cormun/static/prlicenciaspermisos.js?20173171152323 HTTP/1.1" 304 -
192.168.10.96 - - [03/Apr/2017:12:38:15 -0300] "GET /cormun/servlet/trpermisosgoce? HTTP/1.1" 200 12661
192.168.10.96 - - [03/Apr/2017:12:38:15 -0300] "GET /cormun/static/gxcfg.js?20173171154124 HTTP/1.1" 200 953
192.168.10.96 - - [03/Apr/2017:12:38:15 -0300] "GET /cormun/static/trpermisosgoce.js?20173171154177 HTTP/1.1" 200 31906
192.168.10.96 - - [03/Apr/2017:12:38:16 -0300] "GET /cormun//static/Resources/PXToolsActionPrint.png HTTP/1.1" 200 3317
192.168.10.96 - - [03/Apr/2017:12:38:16 -0300] "GET /cormun/servlet/trpermisosgoce? HTTP/1.1" 200 12660
186.103.159.46 - - [03/Apr/2017:12:38:24 -0300] "POST /cormun/servlet/trautorizarpermisogoce?50ec33893442ed13b66ebfaa8fd8c183,,gx-no-cache=1491233963655 HTTP/1.1" 200 4060
192.168.10.13 - - [03/Apr/2017:12:38:26 -0300] "GET / HTTP/1.1" 200 11217
186.103.159.46 - - [03/Apr/2017:12:38:28 -0300] "POST /cormun/servlet/trautorizarpermisogoce?50ec33893442ed13b66ebfaa8fd8c183,,gx-no-cache=1491233968576 HTTP/1.1" 200 11261
186.103.159.187 - - [03/Apr/2017:12:38:30 -0300] "GET /cormun/static/menuarrow.gif HTTP/1.1" 404 1015
192.168.10.96 - - [03/Apr/2017:12:38:31 -0300] "GET /cormun/servlet/permisogoce?DLT,11756419,P,20170403112433, HTTP/1.1" 200 6765
192.168.10.96 - - [03/Apr/2017:12:38:31 -0300] "GET /cormun/static/gxcfg.js?201732911503726 HTTP/1.1" 200 953
192.168.10.96 - - [03/Apr/2017:12:38:31 -0300] "GET /cormun/static/permisogoce.js?201732911503774 HTTP/1.1" 200 26619
192.168.10.96 - - [03/Apr/2017:12:38:31 -0300] "GET /cormun/static/Shared/jqueryui/images/ui-bg_highlight-soft_100_c6c2c8_1x100.png HTTP/1.1" 404 1117
192.168.10.96 - - [03/Apr/2017:12:38:31 -0300] "GET /cormun/static/Shared/jqueryui/images/ui-icons_82798d_256x240.png HTTP/1.1" 404 1089
192.168.10.96 - - [03/Apr/2017:12:38:31 -0300] "GET /cormun/static/Shared/jqueryui/images/ui-icons_8d78a5_256x240.png HTTP/1.1" 404 1089
192.168.10.96 - - [03/Apr/2017:12:38:31 -0300] "GET /cormun/static/Shared/jqueryui/images/ui-bg_flat_55_fafafa_40x100.png HTTP/1.1" 404 1097
192.168.10.96 - - [03/Apr/2017:12:38:31 -0300] "GET /cormun/servlet/permisogoce?DLT,11756419,P,20170403112433, HTTP/1.1" 200 6767
192.168.10.96 - - [03/Apr/2017:12:38:38 -0300] "POST /cormun/servlet/permisogoce?f8725b372900c5430ad005c3239d5d26,DLT,11756419,P,20170403112433,,gx-no-cache=1491237195027 HTTP/1.1" 200 4400
192.168.10.96 - - [03/Apr/2017:12:38:38 -0300] "GET /cormun/static/Shared/jqueryui/images/ui-icons_ebccce_256x240.png HTTP/1.1" 404 1089
192.168.10.96 - - [03/Apr/2017:12:38:38 -0300] "GET /cormun/static/Shared/jqueryui/images/ui-bg_flat_55_994d53_40x100.png HTTP/1.1" 404 1097
192.168.10.96 - - [03/Apr/2017:12:38:43 -0300] "POST /cormun/servlet/permisogoce?f8725b372900c5430ad005c3239d5d26,DLT,11756419,P,20170403112433,,gx-no-cache=1491237200284 HTTP/1.1" 200 4401
192.168.10.96 - - [03/Apr/2017:12:38:45 -0300] "POST /cormun/servlet/permisogoce?f8725b372900c5430ad005c3239d5d26,DLT,11756419,P,20170403112433,,gx-no-cache=1491237202430 HTTP/1.1" 200 90
192.168.10.96 - - [03/Apr/2017:12:38:45 -0300] "GET /cormun/servlet/hpexe_link HTTP/1.1" 200 987
192.168.10.96 - - [03/Apr/2017:12:38:45 -0300] "GET /cormun/servlet/trpermisosgoce HTTP/1.1" 200 12660
192.168.10.96 - - [03/Apr/2017:12:38:46 -0300] "GET /cormun/servlet/trpermisosgoce HTTP/1.1" 200 12665
192.168.10.96 - - [03/Apr/2017:12:38:49 -0300] "GET /cormun/servlet/trautorizarpermisogoce? HTTP/1.1" 200 6724
192.168.10.96 - - [03/Apr/2017:12:38:49 -0300] "GET /cormun/static/gxcfg.js?201731711543713 HTTP/1.1" 200 953
192.168.10.96 - - [03/Apr/2017:12:38:49 -0300] "GET /cormun/static/trautorizarpermisogoce.js?201731711544173 HTTP/1.1" 200 31036
192.168.10.96 - - [03/Apr/2017:12:38:49 -0300] "GET /cormun/servlet/trautorizarpermisogoce? HTTP/1.1" 200 6724
192.168.10.96 - - [03/Apr/2017:12:38:53 -0300] "POST /cormun/servlet/trautorizarpermisogoce?f8725b372900c5430ad005c3239d5d26,,gx-no-cache=1491237210881 HTTP/1.1" 200 9534
186.103.159.187 - - [03/Apr/2017:12:39:03 -0300] "POST /cormun/servlet/solicitudot?gx-no-cache=1491234009595 HTTP/1.1" 200 118
186.103.159.187 - - [03/Apr/2017:12:39:03 -0300] "GET /cormun/static/Shared/jqueryui/images/ui-bg_highlight-soft_100_c6c2c8_1x100.png HTTP/1.1" 404 1117
186.103.159.187 - - [03/Apr/2017:12:39:03 -0300] "GET /cormun/static/Shared/jqueryui/images/ui-bg_flat_55_994d53_40x100.png HTTP/1.1" 404 1097
186.103.159.187 - - [03/Apr/2017:12:39:03 -0300] "GET /cormun/static/Shared/jqueryui/images/ui-icons_82798d_256x240.png HTTP/1.1" 404 1089
186.103.159.187 - - [03/Apr/2017:12:39:03 -0300] "GET /cormun/static/Shared/jqueryui/images/ui-icons_ebccce_256x240.png HTTP/1.1" 404 1089
192.168.10.13 - - [03/Apr/2017:12:39:26 -0300] "GET / HTTP/1.1" 200 11217
186.79.220.121 - - [03/Apr/2017:12:39:29 -0300] "POST /cormun/servlet/trsolicitudot?f06600671e4f4b1e1959783d4a704293,gx-no-cache=1491234035939 HTTP/1.1" 200 106
186.79.220.121 - - [03/Apr/2017:12:39:30 -0300] "GET /cormun/servlet/solicitudot?UPD,2017,5873, HTTP/1.1" 200 14313
186.79.220.121 - - [03/Apr/2017:12:39:30 -0300] "GET /cormun/servlet/solicitudot?UPD,2017,5873, HTTP/1.1" 200 14323
186.79.220.121 - - [03/Apr/2017:12:39:32 -0300] "POST /cormun/servlet/solicitudot?gx-no-cache=1491234037742 HTTP/1.1" 200 3174
186.79.220.121 - - [03/Apr/2017:12:39:32 -0300] "POST /cormun/servlet/solicitudot?f06600671e4f4b1e1959783d4a704293,UPD,2017,5873,,gx-no-cache=1491234038638 HTTP/1.1" 200 10868
186.79.220.121 - - [03/Apr/2017:12:39:32 -0300] "GET /cormun/servlet/solicitudot?2e45f790f314a109ada16541c5d4957e9d76b7d716fa82049d319112c8186eb216833f6472bfd9fe5deff9b5a14bcf76,gx-no-cache=1491234039256 HTTP/1.1" 200 30
186.79.220.121 - - [03/Apr/2017:12:39:33 -0300] "POST /cormun/servlet/solicitudot?gx-no-cache=1491234039366 HTTP/1.1" 200 257
186.79.220.121 - - [03/Apr/2017:12:39:33 -0300] "GET /cormun/servlet/solicitudot?2e45f790f314a109ada16541c5d4957ea86e1c0ac8b98b8d349b8c206d03dc9e0ed53bd5f1d6d9d72c4d755faef7e1317f81a5dabb8cbb029fba6e1be2cdd412d579020f7ecb552f360f80e4a14f81d53080c7faba867d3629857755f25e948dc64de83c3c9a4aa27dbff7437bff990860c5a4a8db5a1ff9f08d628c7fef888aef1890db6960c657832f5fe463a7fb5016fe3961a5f396e8f607e099ea4d0e99587ac2f0eb5b51b2a10353dccf9ab35a526f52d7a0af858bb9ff4e71c1bcdf196843af335f00a65f9b9c5353e51dc034b31707fcb28f0a137209ba5321e2270416dac0d42f2bec5727c457c9c53453b2d0662183d3567852fcf777cc74f676c89204d9244947be0fee08103ef2246179eda434b254bdf503d9fde4a04aed6cefdf58538f28e6a0f52f1495a80ee0b9fb02ae90dc7e9b4a10ad5d8a0968fc267a9483184a099b7119f114f6d3b9e6429631a92e4ae3177def872165e5905287636d04f23c2003bf7cdcd52028615a100a982b6466c572d2d35457b5cd216296c3,gx-no-cache=1491234039496 HTTP/1.1" 200 30
186.79.220.121 - - [03/Apr/2017:12:39:33 -0300] "POST /cormun/servlet/solicitudot?gx-no-cache=1491234039599 HTTP/1.1" 200 30
186.79.220.121 - - [03/Apr/2017:12:39:33 -0300] "POST /cormun/servlet/solicitudot?gx-no-cache=1491234039730 HTTP/1.1" 200 1291
186.79.220.121 - - [03/Apr/2017:12:39:33 -0300] "POST /cormun/servlet/solicitudot?gx-no-cache=1491234039957 HTTP/1.1" 200 41
192.168.10.89 - - [03/Apr/2017:12:39:34 -0300] "GET /cormun/servlet/trconsultaempleado? HTTP/1.1" 200 6638
192.168.10.89 - - [03/Apr/2017:12:39:41 -0300] "POST /cormun/servlet/trconsultaempleado?9679c8d582ea12aa148bba3c038cc399,,gx-no-cache=1491237258883 HTTP/1.1" 200 4399
192.168.10.89 - - [03/Apr/2017:12:39:43 -0300] "GET /cormun/servlet/trsolicitudnombre?8183199, HTTP/1.1" 200 7496
186.103.159.46 - - [03/Apr/2017:12:39:50 -0300] "POST /cormun/servlet/trautorizarpermisogoce?50ec33893442ed13b66ebfaa8fd8c183,,gx-no-cache=1491234050175 HTTP/1.1" 200 11278
186.103.159.46 - - [03/Apr/2017:12:39:50 -0300] "GET /cormun/static/Shared/jqueryui/images/ui-bg_highlight-soft_100_c6c2c8_1x100.png HTTP/1.1" 404 1117
186.103.159.46 - - [03/Apr/2017:12:39:50 -0300] "GET /cormun/static/Shared/jqueryui/images/ui-icons_82798d_256x240.png HTTP/1.1" 404 1089
186.103.159.46 - - [03/Apr/2017:12:39:51 -0300] "GET /cormun/static/Shared/jqueryui/images/ui-icons_8d78a5_256x240.png HTTP/1.1" 404 1089
186.103.159.46 - - [03/Apr/2017:12:39:51 -0300] "GET /cormun/static/Shared/jqueryui/images/ui-bg_flat_55_fafafa_40x100.png HTTP/1.1" 404 1097
186.67.172.234 - - [03/Apr/2017:12:39:59 -0300] "GET /cormun/servlet/trpermisosgoce? HTTP/1.1" 200 9952
186.67.172.234 - - [03/Apr/2017:12:39:59 -0300] "GET /cormun/static/gxcfg.js?20173171154124 HTTP/1.1" 304 -
186.67.172.234 - - [03/Apr/2017:12:39:59 -0300] "GET /cormun/static/trpermisosgoce.js?20173171154177 HTTP/1.1" 304 -
186.67.172.234 - - [03/Apr/2017:12:40:00 -0300] "GET /cormun/servlet/trpermisosgoce? HTTP/1.1" 200 9953
186.79.220.121 - - [03/Apr/2017:12:40:03 -0300] "GET /cormun/servlet/solicitudot?2e45f790f314a109ada16541c5d4957e54d1c45eb4f476c38b151d9b0e2f1ecfae182221b876986529df5b8464cf55a1fe935fbc34841e77f3c2c2e20abd372ed18d84c90fb715784b362fabffc95ff5b8df77fefbcee4fa26cebe5cdf61b4394ba9ac0dce2b13b4abadb7db6495c6252bfc07da2e73be2f5cdb6cee3e81eac5b22c67f2576dc77531faeb5fdbd99a0b01db40764a5ba2af4dfabfc6034ad6c59d22a1a1bb5002c8c391cb0100d2dac7ac776b149eea5b2bf51308c8ea56586efdad0c7411aad2a699e437326b7fc257,gx-no-cache=1491234069533 HTTP/1.1" 200 29
186.79.220.121 - - [03/Apr/2017:12:40:03 -0300] "POST /cormun/servlet/solicitudot?gx-no-cache=1491234069687 HTTP/1.1" 200 1274
186.79.220.121 - - [03/Apr/2017:12:40:03 -0300] "POST /cormun/servlet/solicitudot?gx-no-cache=1491234069921 HTTP/1.1" 200 1157
186.67.172.234 - - [03/Apr/2017:12:40:05 -0300] "GET /cormun/servlet/permisogoce?INS,0,,, HTTP/1.1" 200 6820
186.67.172.234 - - [03/Apr/2017:12:40:06 -0300] "GET /cormun/static/gxcfg.js?201732911503726 HTTP/1.1" 304 -
186.67.172.234 - - [03/Apr/2017:12:40:06 -0300] "GET /cormun/static/permisogoce.js?201732911503774 HTTP/1.1" 304 -
186.67.172.234 - - [03/Apr/2017:12:40:06 -0300] "GET /cormun/servlet/permisogoce?INS,0,,, HTTP/1.1" 200 6820
186.103.159.187 - - [03/Apr/2017:12:40:14 -0300] "GET /cormun/servlet/solicitudot?d8c2fec3f7c8560e17b8397083e79af2d1e6d73571c391f3f562af7da375ce92dde10c8b42101a447b7bbed426e001763653d7c550329c344f7feab9966fb80477c8170630631ea5255d320e04cc1a320a8330e30c7bdde825b9e3d99966d0a2c1f8082946830d951ffa65e89aafe904122bb1f4718bb42781ccf1de80fbff9246be5fe86d3b50942a520305677569df7ea65523cdfaa202cc7e38f3f1a1f0f1,gx-no-cache=1491234081445 HTTP/1.1" 200 29
186.103.159.187 - - [03/Apr/2017:12:40:14 -0300] "POST /cormun/servlet/solicitudot?gx-no-cache=1491234081582 HTTP/1.1" 200 1274
186.103.159.187 - - [03/Apr/2017:12:40:19 -0300] "POST /cormun/servlet/solicitudot?gx-no-cache=1491234085725 HTTP/1.1" 200 1157
192.168.10.89 - - [03/Apr/2017:12:40:19 -0300] "GET /cormun/servlet/vesolicitudnombre?2017,5069,, HTTP/1.1" 200 8664
192.168.10.89 - - [03/Apr/2017:12:40:19 -0300] "GET /cormun/pexe_scrolldiv.js HTTP/1.1" 404 1009
192.168.10.96 - - [03/Apr/2017:12:40:21 -0300] "POST /cormun/servlet/trautorizarpermisogoce?f8725b372900c5430ad005c3239d5d26,,gx-no-cache=1491237298705 HTTP/1.1" 200 9552
192.168.10.96 - - [03/Apr/2017:12:40:21 -0300] "GET /cormun/static/Shared/jqueryui/images/ui-icons_82798d_256x240.png HTTP/1.1" 404 1089
192.168.10.96 - - [03/Apr/2017:12:40:21 -0300] "GET /cormun/static/Shared/jqueryui/images/ui-bg_highlight-soft_100_c6c2c8_1x100.png HTTP/1.1" 404 1117
192.168.10.89 - - [03/Apr/2017:12:40:21 -0300] "GET /cormun/servlet/vesolicitudnombre?2017,5069,,SolicitudOTAdjuntos HTTP/1.1" 200 10518
192.168.10.96 - - [03/Apr/2017:12:40:21 -0300] "GET /cormun/static/Shared/jqueryui/images/ui-bg_flat_55_fafafa_40x100.png HTTP/1.1" 404 1097
192.168.10.96 - - [03/Apr/2017:12:40:21 -0300] "GET /cormun/static/Shared/jqueryui/images/ui-icons_8d78a5_256x240.png HTTP/1.1" 404 1089
192.168.10.89 - - [03/Apr/2017:12:40:21 -0300] "GET /cormun/pexe_scrolldiv.js HTTP/1.1" 404 1009
192.168.10.89 - - [03/Apr/2017:12:40:24 -0300] "POST /cormun/servlet/acontrolpreferencessavestate?None,CDROGUETT,true HTTP/1.1" 200 35
192.168.10.89 - - [03/Apr/2017:12:40:25 -0300] "GET /cormun/PublicTempStorage/carnet_marcela8206866.pdf HTTP/1.1" 200 48741
192.168.10.13 - - [03/Apr/2017:12:40:26 -0300] "GET / HTTP/1.1" 200 11217
186.67.172.234 - - [03/Apr/2017:12:40:31 -0300] "GET /cormun/servlet/permisogoce?c5f36c25c4b719d8262f7d8c6e6d33b119ff6c996a5af1be0fc706b3b5f561cc078bf520f669e347a90676ac79feb3e8,gx-no-cache=1491234096017 HTTP/1.1" 200 78
186.67.172.234 - - [03/Apr/2017:12:40:31 -0300] "GET /cormun/static/menuarrow.gif HTTP/1.1" 404 1015
192.168.10.96 - - [03/Apr/2017:12:40:38 -0300] "GET /cormun/servlet/trpermisosgoce? HTTP/1.1" 200 12660
192.168.10.96 - - [03/Apr/2017:12:40:39 -0300] "GET /cormun/servlet/trpermisosgoce? HTTP/1.1" 200 12657
186.103.159.187 - - [03/Apr/2017:12:40:40 -0300] "POST /cormun/servlet/solicitudot?gx-no-cache=1491234107103 HTTP/1.1" 200 122
186.103.159.187 - - [03/Apr/2017:12:40:41 -0300] "POST /cormun/servlet/solicitudot?gx-no-cache=1491234107294 HTTP/1.1" 200 1274
186.103.159.187 - - [03/Apr/2017:12:40:41 -0300] "POST /cormun/servlet/solicitudot?gx-no-cache=1491234107815 HTTP/1.1" 200 1157
186.103.159.187 - - [03/Apr/2017:12:40:41 -0300] "GET /cormun/servlet/solicitudot?d8c2fec3f7c8560e17b8397083e79af22a5c0714b620e8197788a8746e17ba3c97ae556226d164821d1b1b37e50b4491a23bf0ae9a50c8dfe68d2d2a8a06475c01bdbf064f259c19d7d4881b261214ddd30fc0a656a8e43877e77ffb83b59c5c16ac3a9d229a2de1aacae10ecb036c8182f502034224e2a5878f3fdf55cc821e5e8f0984e69b0b1da23391e4189a5084348b35f20d14461c3eed85784dabb5274377cc33279f67ecaeec47b73826a5965f1bb664cd3f903909e6e118fe281301,gx-no-cache=1491234108088 HTTP/1.1" 200 30
192.168.10.96 - - [03/Apr/2017:12:40:42 -0300] "GET /cormun/servlet/permisogoce?UPD,11756419,P,20170403112433, HTTP/1.1" 200 6848
192.168.10.96 - - [03/Apr/2017:12:40:43 -0300] "GET /cormun/servlet/permisogoce?UPD,11756419,P,20170403112433, HTTP/1.1" 200 6849
192.168.10.96 - - [03/Apr/2017:12:40:43 -0300] "GET /cormun/servlet/permisogoce?b0c4d9536bc5589ac8439a8e2b73425ed9c4a789975175558ebc2f40c6a0249d601fbd74af5e59ca4b7e1bb21a5bf544,gx-no-cache=1491237320905 HTTP/1.1" 200 80
186.67.172.234 - - [03/Apr/2017:12:40:45 -0300] "GET /cormun/servlet/permisogoce?c5f36c25c4b719d8262f7d8c6e6d33b16767e2fade838b311bd98380f92e2f9b86f71bbecf118830047ff2e4c846caac4865269bca4b6fbbaf2598aabc74865a,gx-no-cache=1491234109975 HTTP/1.1" 200 48
192.168.10.96 - - [03/Apr/2017:12:40:48 -0300] "POST /cormun/servlet/permisogoce?f8725b372900c5430ad005c3239d5d26,UPD,11756419,P,20170403112433,,gx-no-cache=1491237325605 HTTP/1.1" 200 90
192.168.10.96 - - [03/Apr/2017:12:40:48 -0300] "GET /cormun/servlet/hpexe_link HTTP/1.1" 200 987
192.168.10.96 - - [03/Apr/2017:12:40:48 -0300] "GET /cormun/servlet/trpermisosgoce HTTP/1.1" 200 12661
192.168.10.96 - - [03/Apr/2017:12:40:49 -0300] "GET /cormun/servlet/trpermisosgoce HTTP/1.1" 200 12665
186.103.159.204 - - [03/Apr/2017:12:40:50 -0300] "GET /cormun/servlet/hpexe_return? HTTP/1.1" 200 985
186.103.159.204 - - [03/Apr/2017:12:40:50 -0300] "GET /cormun/static/gxtimezone.js?85251 HTTP/1.1" 200 5781
186.103.159.204 - - [03/Apr/2017:12:40:50 -0300] "GET /cormun/static/gxcfg.js?2016101716175148 HTTP/1.1" 200 953
186.103.159.204 - - [03/Apr/2017:12:40:50 -0300] "GET /cormun/static/RunJS/RunJS.js HTTP/1.1" 200 288
186.103.159.204 - - [03/Apr/2017:12:40:50 -0300] "GET /cormun/static/messages.spa.js?85251 HTTP/1.1" 200 30736
186.103.159.204 - - [03/Apr/2017:12:40:50 -0300] "GET /cormun/static/hpexe_return.js?2016101716175153 HTTP/1.1" 200 1633
186.103.159.204 - - [03/Apr/2017:12:40:51 -0300] "GET /cormun/static/Resources/Spanish/PXTools.css?167811 HTTP/1.1" 200 89042
186.103.159.204 - - [03/Apr/2017:12:40:51 -0300] "GET /cormun/static/gxgral.js?85251 HTTP/1.1" 200 384558
186.103.159.204 - - [03/Apr/2017:12:40:51 -0300] "GET /cormun/static/Resources/indicator.gif HTTP/1.1" 200 1553
186.103.159.204 - - [03/Apr/2017:12:40:51 -0300] "GET /cormun/servlet/hhome HTTP/1.1" 200 3326
186.103.159.204 - - [03/Apr/2017:12:40:58 -0300] "GET /cormun/servlet/hlogin HTTP/1.1" 200 1731
186.103.159.204 - - [03/Apr/2017:12:40:58 -0300] "GET /cormun/static/Resources/Spanish/PXTools.css?11294912 HTTP/1.1" 304 -
186.103.159.204 - - [03/Apr/2017:12:40:58 -0300] "GET /cormun/static/gxtimezone.js?85251 HTTP/1.1" 304 -
186.103.159.204 - - [03/Apr/2017:12:40:58 -0300] "GET /cormun/static/gxcfg.js?201731711485472 HTTP/1.1" 200 953
186.103.159.204 - - [03/Apr/2017:12:40:58 -0300] "GET /cormun/static/hlogin.js?201731711485490 HTTP/1.1" 304 -
186.103.159.204 - - [03/Apr/2017:12:40:58 -0300] "GET /cormun/static/messages.spa.js?85251 HTTP/1.1" 200 30736
192.168.10.96 - - [03/Apr/2017:12:41:02 -0300] "GET /cormun/servlet/trpermisosgoce? HTTP/1.1" 200 12665
192.168.10.96 - - [03/Apr/2017:12:41:03 -0300] "GET /cormun/servlet/trpermisosgoce? HTTP/1.1" 200 12644
186.103.159.46 - - [03/Apr/2017:12:41:05 -0300] "GET /cormun/servlet/trpermisosgoce? HTTP/1.1" 200 8014
186.103.159.46 - - [03/Apr/2017:12:41:06 -0300] "GET /cormun/servlet/trpermisosgoce? HTTP/1.1" 200 8013
186.103.159.187 - - [03/Apr/2017:12:41:06 -0300] "GET /cormun/servlet/prfichaempleado?,MD,,gxPopupLevel%3D0%3B HTTP/1.1" 200 8745
186.103.159.204 - - [03/Apr/2017:12:41:07 -0300] "POST /cormun/servlet/hlogin?b5fb5a0f1227825edb5b16eb3bc92c8d,gx-no-cache=1491234133611 HTTP/1.1" 200 432
186.67.172.234 - - [03/Apr/2017:12:41:08 -0300] "POST /cormun/servlet/permisogoce?2191bab14c0fab994063d5cdd874560b,INS,0,,,,gx-no-cache=1491234131843 HTTP/1.1" 200 93
186.79.220.121 - - [03/Apr/2017:12:41:08 -0300] "POST /cormun/servlet/solicitudot?gx-no-cache=1491234134517 HTTP/1.1" 200 1274
186.67.172.234 - - [03/Apr/2017:12:41:08 -0300] "GET /cormun/servlet/hpexe_return? HTTP/1.1" 200 1008
186.67.172.234 - - [03/Apr/2017:12:41:08 -0300] "GET /cormun/static/Resources/Spanish/PXTools.css?167811 HTTP/1.1" 304 -
186.67.172.234 - - [03/Apr/2017:12:41:08 -0300] "GET /cormun/static/gxcfg.js?2016101716175148 HTTP/1.1" 304 -
186.67.172.234 - - [03/Apr/2017:12:41:08 -0300] "GET /cormun/static/hpexe_return.js?2016101716175153 HTTP/1.1" 304 -
186.79.220.121 - - [03/Apr/2017:12:41:08 -0300] "POST /cormun/servlet/solicitudot?gx-no-cache=1491234134823 HTTP/1.1" 200 1156
186.103.156.24 - - [03/Apr/2017:12:41:10 -0300] "GET /cormun/servlet/trlicencias HTTP/1.1" 200 6659
186.67.172.234 - - [03/Apr/2017:12:41:10 -0300] "GET /cormun/servlet/trpermisosgoce HTTP/1.1" 200 10177
186.103.156.24 - - [03/Apr/2017:12:41:12 -0300] "GET /cormun/servlet/trlicencias HTTP/1.1" 200 6657
186.103.159.204 - - [03/Apr/2017:12:41:12 -0300] "POST /cormun/servlet/hlogin?b5fb5a0f1227825edb5b16eb3bc92c8d,gx-no-cache=1491234138872 HTTP/1.1" 200 90
186.103.156.24 - - [03/Apr/2017:12:41:12 -0300] "GET /favicon.ico HTTP/1.1" 200 21630
186.103.159.204 - - [03/Apr/2017:12:41:12 -0300] "GET /cormun/servlet/hpexe_link HTTP/1.1" 200 958
186.103.159.204 - - [03/Apr/2017:12:41:13 -0300] "GET /cormun/static/hpexe_link.js?201731711483384 HTTP/1.1" 304 -
186.103.159.204 - - [03/Apr/2017:12:41:13 -0300] "GET /cormun/static/gxcfg.js?201731711483381 HTTP/1.1" 200 953
186.103.159.204 - - [03/Apr/2017:12:41:13 -0300] "GET /cormun/servlet/hhome HTTP/1.1" 200 3995
186.103.159.204 - - [03/Apr/2017:12:41:13 -0300] "GET /cormun/static/gxcfg.js?201731711483497 HTTP/1.1" 200 953
186.103.159.204 - - [03/Apr/2017:12:41:13 -0300] "GET /cormun/static/hpexe_recentlink.js?201610171694390 HTTP/1.1" 304 -
186.103.159.204 - - [03/Apr/2017:12:41:13 -0300] "GET /cormun/static/hwchdr01.js?201731711335950 HTTP/1.1" 304 -
186.103.159.204 - - [03/Apr/2017:12:41:13 -0300] "GET /cormun/static/hhome.js?20173171148352 HTTP/1.1" 304 -
186.103.159.204 - - [03/Apr/2017:12:41:13 -0300] "GET /cormun/static/hpexe_messagepopupcomponent.js?20161017169425 HTTP/1.1" 304 -
186.103.159.204 - - [03/Apr/2017:12:41:13 -0300] "GET /cormun/static/hpexe_scripts.js?201731711335890 HTTP/1.1" 304 -
186.103.159.204 - - [03/Apr/2017:12:41:13 -0300] "GET /cormun/static/hpexe_messagegenexuscomponent.js?201731711335537 HTTP/1.1" 304 -
186.103.159.204 - - [03/Apr/2017:12:41:13 -0300] "GET /cormun/static/hpexe_messagecontroller.js?201610171694323 HTTP/1.1" 304 -
186.103.159.204 - - [03/Apr/2017:12:41:13 -0300] "GET /cormun/static/cmcontrolpreferences.js?201731711335852 HTTP/1.1" 304 -
186.103.159.204 - - [03/Apr/2017:12:41:13 -0300] "GET /cormun/static/hmpwkw03.js?201731711485354 HTTP/1.1" 304 -
186.103.159.204 - - [03/Apr/2017:12:41:14 -0300] "GET /cormun/servlet/hhome HTTP/1.1" 200 3991
186.67.172.234 - - [03/Apr/2017:12:41:16 -0300] "GET /cormun/servlet/trpermisosgoce HTTP/1.1" 200 10140
186.103.159.46 - - [03/Apr/2017:12:41:18 -0300] "POST /cormun/servlet/trpermisosgoce?50ec33893442ed13b66ebfaa8fd8c183,,gx-no-cache=1491234138831 HTTP/1.1" 200 11583
186.103.248.213 - - [03/Apr/2017:12:41:22 -0300] "GET /cormun/servlet/hlogin HTTP/1.1" 200 1716
186.103.248.213 - - [03/Apr/2017:12:41:23 -0300] "GET /cormun/static/Resources/Spanish/PXTools.css?11294912 HTTP/1.1" 304 -
186.103.248.213 - - [03/Apr/2017:12:41:23 -0300] "GET /cormun/static/gxcfg.js?201731711485472 HTTP/1.1" 304 -
186.103.248.213 - - [03/Apr/2017:12:41:23 -0300] "GET /cormun/static/gxtimezone.js?85251 HTTP/1.1" 304 -
192.168.10.89 - - [03/Apr/2017:12:41:23 -0300] "GET /cormun/servlet/vesolicitudnombre?2017,5069,,SolicitudOTAdjuntos HTTP/1.1" 200 10517
186.103.248.213 - - [03/Apr/2017:12:41:23 -0300] "GET /cormun/static/messages.spa.js?85251 HTTP/1.1" 304 -
192.168.10.89 - - [03/Apr/2017:12:41:23 -0300] "GET /cormun/pexe_scrolldiv.js HTTP/1.1" 404 1009
186.103.248.213 - - [03/Apr/2017:12:41:23 -0300] "GET /cormun/static/hlogin.js?201731711485490 HTTP/1.1" 304 -
186.103.159.187 - - [03/Apr/2017:12:41:24 -0300] "POST /cormun/servlet/prfichaempleado?2361a00dc0a78d674274b463f09bfa6a,,MD,,gxPopupLevel%3D0%3B,gx-no-cache=1491234150660 HTTP/1.1" 200 3399
186.67.172.234 - - [03/Apr/2017:12:41:24 -0300] "GET /cormun/servlet/trpermisosadjuntos?15017378,20170403133545,P, HTTP/1.1" 200 6354
186.67.172.234 - - [03/Apr/2017:12:41:24 -0300] "GET /cormun/static/gxcfg.js?201731711542659 HTTP/1.1" 304 -
186.67.172.234 - - [03/Apr/2017:12:41:24 -0300] "GET /cormun/static/trpermisosadjuntos.js?201731711542990 HTTP/1.1" 304 -
186.103.248.213 - - [03/Apr/2017:12:41:24 -0300] "GET /cormun/servlet/hlogin HTTP/1.1" 200 1726
186.67.172.234 - - [03/Apr/2017:12:41:24 -0300] "GET /cormun/servlet/trpermisosadjuntos?15017378,20170403133545,P, HTTP/1.1" 200 6352
192.168.10.89 - - [03/Apr/2017:12:41:25 -0300] "POST /cormun/servlet/acontrolpreferencessavestate?None,CDROGUETT,true HTTP/1.1" 200 35
192.168.10.89 - - [03/Apr/2017:12:41:25 -0300] "GET /cormun/PublicTempStorage/lic_em_marcela941127.pdf HTTP/1.1" 200 34107
186.103.248.213 - - [03/Apr/2017:12:41:25 -0300] "POST /cormun/servlet/hlogin?08ec2cacd0c4ac561620b0905414b0c4,gx-no-cache=1491234136154 HTTP/1.1" 200 90
186.103.248.213 - - [03/Apr/2017:12:41:26 -0300] "GET /cormun/servlet/hpexe_link HTTP/1.1" 200 947
192.168.10.13 - - [03/Apr/2017:12:41:26 -0300] "GET / HTTP/1.1" 200 11217
186.103.248.213 - - [03/Apr/2017:12:41:26 -0300] "GET /cormun/static/gxcfg.js?201731711483381 HTTP/1.1" 304 -
186.103.248.213 - - [03/Apr/2017:12:41:26 -0300] "GET /cormun/static/hpexe_link.js?201731711483384 HTTP/1.1" 304 -
186.103.248.213 - - [03/Apr/2017:12:41:27 -0300] "GET /cormun/servlet/hhome HTTP/1.1" 200 3973
192.168.10.96 - - [03/Apr/2017:12:41:27 -0300] "GET /cormun/servlet/permisogoce?UPD,11756419,P,20170403112433, HTTP/1.1" 200 6848
186.103.248.213 - - [03/Apr/2017:12:41:27 -0300] "GET /cormun/static/gxcfg.js?201731711483497 HTTP/1.1" 304 -
186.67.172.234 - - [03/Apr/2017:12:41:27 -0300] "GET /cormun/servlet/permisosadjuntos?INS,15017378,P,20170403133545,, HTTP/1.1" 200 5680
186.67.172.234 - - [03/Apr/2017:12:41:27 -0300] "GET /cormun/static/Resources/Spanish/PXTools.css?18365030 HTTP/1.1" 304 -
186.103.248.213 - - [03/Apr/2017:12:41:27 -0300] "GET /cormun/static/hhome.js?20173171148352 HTTP/1.1" 304 -
186.67.172.234 - - [03/Apr/2017:12:41:27 -0300] "GET /cormun/static/gxcfg.js?2016122813135788 HTTP/1.1" 304 -
186.103.248.213 - - [03/Apr/2017:12:41:27 -0300] "GET /cormun/static/hwchdr01.js?201731711335950 HTTP/1.1" 304 -
186.67.172.234 - - [03/Apr/2017:12:41:27 -0300] "GET /cormun/static/permisosadjuntos.js?2016122813135797 HTTP/1.1" 304 -
186.103.248.213 - - [03/Apr/2017:12:41:27 -0300] "GET /cormun/static/hpexe_recentlink.js?201610171694390 HTTP/1.1" 304 -
186.103.248.213 - - [03/Apr/2017:12:41:27 -0300] "GET /cormun/static/hpexe_scripts.js?201731711335890 HTTP/1.1" 304 -
186.67.172.234 - - [03/Apr/2017:12:41:27 -0300] "GET /cormun/static/about:blank HTTP/1.1" 404 1011
186.103.248.213 - - [03/Apr/2017:12:41:27 -0300] "GET /cormun/static/hpexe_messagecontroller.js?201610171694323 HTTP/1.1" 304 -
192.168.10.96 - - [03/Apr/2017:12:41:27 -0300] "GET /cormun/servlet/permisogoce?UPD,11756419,P,20170403112433, HTTP/1.1" 200 6849
186.103.159.46 - - [03/Apr/2017:12:41:27 -0300] "GET /cormun/servlet/permisogoce?UPD,11756419,P,20170403112433, HTTP/1.1" 200 6843
186.103.248.213 - - [03/Apr/2017:12:41:28 -0300] "GET /cormun/static/hpexe_messagepopupcomponent.js?20161017169425 HTTP/1.1" 304 -
186.103.248.213 - - [03/Apr/2017:12:41:28 -0300] "GET /cormun/static/hpexe_messagegenexuscomponent.js?201731711335537 HTTP/1.1" 304 -
186.67.172.234 - - [03/Apr/2017:12:41:28 -0300] "GET /cormun/servlet/permisosadjuntos?INS,15017378,P,20170403133545,, HTTP/1.1" 200 5670
186.103.248.213 - - [03/Apr/2017:12:41:28 -0300] "GET /cormun/static/cmcontrolpreferences.js?201731711335852 HTTP/1.1" 304 -
192.168.10.96 - - [03/Apr/2017:12:41:28 -0300] "GET /cormun/servlet/permisogoce?b0c4d9536bc5589ac8439a8e2b73425ed9c4a789975175558ebc2f40c6a0249d601fbd74af5e59ca4b7e1bb21a5bf544,gx-no-cache=1491237365459 HTTP/1.1" 200 80
186.103.159.46 - - [03/Apr/2017:12:41:28 -0300] "GET /cormun/servlet/permisogoce?UPD,11756419,P,20170403112433, HTTP/1.1" 200 6844
186.103.159.46 - - [03/Apr/2017:12:41:29 -0300] "GET /cormun/servlet/permisogoce?57100e5ffd615242045950a2729b57e6a0e666d7a885c8cd7b2c16c415d9acf6e2e05c9790711f8a6a968660bf4640d9,gx-no-cache=1491234149832 HTTP/1.1" 200 80
186.103.248.213 - - [03/Apr/2017:12:41:29 -0300] "GET /cormun/static/hmpwkw03.js?201731711485354 HTTP/1.1" 304 -
186.103.248.213 - - [03/Apr/2017:12:41:29 -0300] "GET /cormun/servlet/hhome HTTP/1.1" 200 3969
186.103.248.213 - - [03/Apr/2017:12:41:32 -0300] "GET /cormun/servlet/trautorizarsolicitud? HTTP/1.1" 200 8129
192.168.10.89 - - [03/Apr/2017:12:41:33 -0300] "GET /cormun/servlet/vesolicitudnombre?2017,5069,,SolicitudOTAdjuntos HTTP/1.1" 200 10517
192.168.10.89 - - [03/Apr/2017:12:41:33 -0300] "GET /cormun/pexe_scrolldiv.js HTTP/1.1" 404 1009
192.168.10.89 - - [03/Apr/2017:12:41:34 -0300] "POST /cormun/servlet/acontrolpreferencessavestate?None,CDROGUETT,true HTTP/1.1" 200 35
192.168.10.89 - - [03/Apr/2017:12:41:35 -0300] "GET /cormun/PublicTempStorage/afp_marcela1747443.pdf HTTP/1.1" 200 85418
186.103.248.213 - - [03/Apr/2017:12:41:38 -0300] "GET /cormun/static/Resources/Spanish/PXTools.css?18365030 HTTP/1.1" 304 -
186.103.248.213 - - [03/Apr/2017:12:41:38 -0300] "GET /cormun/static/gxcfg.js?2017259112829 HTTP/1.1" 200 953
186.103.248.213 - - [03/Apr/2017:12:41:38 -0300] "GET /cormun/static/calendar.js?85251 HTTP/1.1" 304 -
186.103.248.213 - - [03/Apr/2017:12:41:38 -0300] "GET /cormun/static/calendar-setup.js?85251 HTTP/1.1" 304 -
186.103.248.213 - - [03/Apr/2017:12:41:38 -0300] "GET /cormun/static/calendar-es.js?85251 HTTP/1.1" 304 -
