192.168.10.96 - - [03/Apr/2017:10:33:17 -0300] "POST /cormun/servlet/trsolicitudgral?fc0a6072d27d718febb888a238acdd92,,gx-no-cache=1491229674703 HTTP/1.1" 200 6777
200.83.57.219 - - [03/Apr/2017:10:33:19 -0300] "POST /cormun/servlet/puconsultapgoce?db36db85ad66975a849d47c932876fc7,7064968,MD,gxPopupLevel%3D0%3B,gx-no-cache=1491226470387 HTTP/1.1" 200 59
200.83.57.219 - - [03/Apr/2017:10:33:21 -0300] "POST /cormun/servlet/permisogoce?db36db85ad66975a849d47c932876fc7,DLT,7064968,P,20170323125050,,gx-no-cache=1491226471693 HTTP/1.1" 200 4409
200.83.57.219 - - [03/Apr/2017:10:33:22 -0300] "POST /cormun/servlet/permisogoce?db36db85ad66975a849d47c932876fc7,DLT,7064968,P,20170323125050,,gx-no-cache=1491226473142 HTTP/1.1" 200 4409
192.168.10.96 - - [03/Apr/2017:10:33:23 -0300] "POST /cormun/servlet/trsolicitudgral?fc0a6072d27d718febb888a238acdd92,,gx-no-cache=1491229680197 HTTP/1.1" 200 5501
200.83.57.219 - - [03/Apr/2017:10:33:24 -0300] "POST /cormun/servlet/permisogoce?db36db85ad66975a849d47c932876fc7,DLT,7064968,P,20170323125050,,gx-no-cache=1491226475108 HTTP/1.1" 200 90
200.83.57.219 - - [03/Apr/2017:10:33:24 -0300] "GET /cormun/servlet/hpexe_link HTTP/1.1" 200 986
200.83.57.219 - - [03/Apr/2017:10:33:24 -0300] "GET /cormun/servlet/trpermisosgoce HTTP/1.1" 200 9387
200.83.57.219 - - [03/Apr/2017:10:33:25 -0300] "GET /cormun/servlet/trpermisosgoce HTTP/1.1" 200 9385
192.168.10.13 - - [03/Apr/2017:10:33:26 -0300] "GET / HTTP/1.1" 200 11217
186.103.159.182 - - [03/Apr/2017:10:33:27 -0300] "GET /cormun/servlet/renuncias?b8da7e1af846fe2a38104fe670e7fbd5f3be4f70949c117de2cdce0e9935b2f541b7f362918bd3fcba3894bd33c71b03,gx-no-cache=1491226474142 HTTP/1.1" 200 174
200.83.57.219 - - [03/Apr/2017:10:33:33 -0300] "GET /cormun/servlet/permisogoce?DLT,6039442,P,20170320173748, HTTP/1.1" 200 6861
200.83.57.219 - - [03/Apr/2017:10:33:33 -0300] "GET /cormun/static/Shared/jqueryui/images/ui-bg_highlight-soft_100_c6c2c8_1x100.png HTTP/1.1" 404 1117
200.83.57.219 - - [03/Apr/2017:10:33:33 -0300] "GET /cormun/static/Shared/jqueryui/images/ui-icons_82798d_256x240.png HTTP/1.1" 404 1089
200.83.57.219 - - [03/Apr/2017:10:33:33 -0300] "GET /cormun/static/Shared/jqueryui/images/ui-icons_8d78a5_256x240.png HTTP/1.1" 404 1089
200.83.57.219 - - [03/Apr/2017:10:33:33 -0300] "GET /cormun/static/Shared/jqueryui/images/ui-bg_flat_55_fafafa_40x100.png HTTP/1.1" 404 1097
200.83.57.219 - - [03/Apr/2017:10:33:34 -0300] "GET /cormun/servlet/permisogoce?DLT,6039442,P,20170320173748, HTTP/1.1" 200 6863
186.103.159.182 - - [03/Apr/2017:10:33:35 -0300] "GET /cormun/servlet/trcontratosolicitud? HTTP/1.1" 200 13654
186.103.159.182 - - [03/Apr/2017:10:33:35 -0300] "GET /cormun/static/gxcfg.js?20171317451682 HTTP/1.1" 304 -
186.103.159.182 - - [03/Apr/2017:10:33:35 -0300] "GET /cormun/static/trcontratosolicitud.js?20171317452124 HTTP/1.1" 304 -
200.83.57.219 - - [03/Apr/2017:10:33:36 -0300] "GET /cormun/servlet/puconsultapgoce?6039442,MD,gxPopupLevel%3D0%3B HTTP/1.1" 200 4218
200.83.57.219 - - [03/Apr/2017:10:33:36 -0300] "GET /cormun/pexe_menus.js HTTP/1.1" 404 1001
200.83.57.219 - - [03/Apr/2017:10:33:36 -0300] "GET /cormun/pexe_windows.js HTTP/1.1" 404 1005
200.83.57.219 - - [03/Apr/2017:10:33:36 -0300] "GET /cormun/pexe_layers.js HTTP/1.1" 404 1003
200.83.57.219 - - [03/Apr/2017:10:33:36 -0300] "GET /cormun/pexe_link.js HTTP/1.1" 404 999
200.83.57.219 - - [03/Apr/2017:10:33:36 -0300] "GET /cormun/pexe_cookies.js HTTP/1.1" 404 1005
200.83.57.219 - - [03/Apr/2017:10:33:36 -0300] "GET /cormun/pexe_grid.js HTTP/1.1" 404 999
200.83.57.219 - - [03/Apr/2017:10:33:36 -0300] "GET /cormun/pexe_griddivfix.js HTTP/1.1" 404 1011
200.83.57.219 - - [03/Apr/2017:10:33:36 -0300] "GET /cormun/pexe_picture.js HTTP/1.1" 404 1005
200.83.57.219 - - [03/Apr/2017:10:33:36 -0300] "GET /cormun/pexe_autoreload.js HTTP/1.1" 404 1011
200.83.57.219 - - [03/Apr/2017:10:33:36 -0300] "GET /cormun/pexe_menudivfix.js HTTP/1.1" 404 1011
200.83.57.219 - - [03/Apr/2017:10:33:36 -0300] "GET /cormun/pexe_tabdivfix.js HTTP/1.1" 404 1009
200.83.57.219 - - [03/Apr/2017:10:33:36 -0300] "GET /cormun/pexe_windows.js HTTP/1.1" 404 1005
200.83.57.219 - - [03/Apr/2017:10:33:36 -0300] "GET /cormun/pexe_link.js HTTP/1.1" 404 999
200.83.57.219 - - [03/Apr/2017:10:33:36 -0300] "GET /cormun/pexe_cookies.js HTTP/1.1" 404 1005
200.83.57.219 - - [03/Apr/2017:10:33:36 -0300] "GET /cormun/pexe_treedivfix.js HTTP/1.1" 404 1011
200.83.57.219 - - [03/Apr/2017:10:33:36 -0300] "GET /cormun/pexe_grid.js HTTP/1.1" 404 999
200.83.57.219 - - [03/Apr/2017:10:33:36 -0300] "GET /cormun/pexe_griddivfix.js HTTP/1.1" 404 1011
200.83.57.219 - - [03/Apr/2017:10:33:36 -0300] "GET /cormun/pexe_picture.js HTTP/1.1" 404 1005
200.83.57.219 - - [03/Apr/2017:10:33:36 -0300] "GET /cormun/pexe_treedivfix.js HTTP/1.1" 404 1011
200.83.57.219 - - [03/Apr/2017:10:33:36 -0300] "GET /cormun/pexe_autoreload.js HTTP/1.1" 404 1011
200.83.57.219 - - [03/Apr/2017:10:33:36 -0300] "GET /cormun/pexe_menudivfix.js HTTP/1.1" 404 1011
200.83.57.219 - - [03/Apr/2017:10:33:36 -0300] "GET /cormun/pexe_tabdivfix.js HTTP/1.1" 404 1009
186.103.159.46 - - [03/Apr/2017:10:33:36 -0300] "GET /cormun/servlet/permisogoce?40d0ca9ce5b937fd5a7c374ecd49213d904c9a31f2d4524941704ce0ea48c364470fc2929228d9ec1ae1759bad73470b,gx-no-cache=1491226483185 HTTP/1.1" 200 73
186.103.159.46 - - [03/Apr/2017:10:33:37 -0300] "GET /cormun/static/menuarrow.gif HTTP/1.1" 404 1015
186.103.159.182 - - [03/Apr/2017:10:33:37 -0300] "GET /cormun/servlet/trcontratosolicitud? HTTP/1.1" 200 13652
186.103.156.24 - - [03/Apr/2017:10:33:38 -0300] "POST /cormun/servlet/licenciaspermisosadjuntos?9cf0ba525fdec1f2d8f97cb90b00b2c2,INS,11671556,L,20170403000000,, HTTP/1.1" 200 116
186.103.156.24 - - [03/Apr/2017:10:33:40 -0300] "GET /cormun/servlet/hpexe_return? HTTP/1.1" 200 1036
200.83.57.219 - - [03/Apr/2017:10:33:40 -0300] "POST /cormun/servlet/puconsultapgoce?db36db85ad66975a849d47c932876fc7,6039442,MD,gxPopupLevel%3D0%3B,gx-no-cache=1491226490941 HTTP/1.1" 200 59
200.83.57.219 - - [03/Apr/2017:10:33:42 -0300] "POST /cormun/servlet/permisogoce?db36db85ad66975a849d47c932876fc7,DLT,6039442,P,20170320173748,,gx-no-cache=1491226492223 HTTP/1.1" 200 4431
186.103.156.24 - - [03/Apr/2017:10:33:42 -0300] "GET /cormun/servlet/trlicenciaspermisosadjuntos?11671556,20170403000000,L, HTTP/1.1" 200 6830
200.83.57.219 - - [03/Apr/2017:10:33:42 -0300] "GET /cormun/static/Shared/jqueryui/images/ui-bg_flat_55_994d53_40x100.png HTTP/1.1" 404 1097
200.83.57.219 - - [03/Apr/2017:10:33:42 -0300] "GET /cormun/static/Shared/jqueryui/images/ui-icons_ebccce_256x240.png HTTP/1.1" 404 1089
186.103.156.24 - - [03/Apr/2017:10:33:45 -0300] "GET /cormun/servlet/trlicenciaspermisosadjuntos?11671556,20170403000000,L, HTTP/1.1" 200 6826
200.83.57.219 - - [03/Apr/2017:10:33:45 -0300] "POST /cormun/servlet/permisogoce?db36db85ad66975a849d47c932876fc7,DLT,6039442,P,20170320173748,,gx-no-cache=1491226496233 HTTP/1.1" 200 90
200.83.57.219 - - [03/Apr/2017:10:33:46 -0300] "GET /cormun/servlet/hpexe_link HTTP/1.1" 200 984
200.83.57.219 - - [03/Apr/2017:10:33:46 -0300] "GET /cormun/servlet/trpermisosgoce HTTP/1.1" 200 9387
200.83.57.219 - - [03/Apr/2017:10:33:46 -0300] "GET /cormun/servlet/trpermisosgoce HTTP/1.1" 200 9385
186.103.156.24 - - [03/Apr/2017:10:33:47 -0300] "GET /cormun/servlet/trlicencias? HTTP/1.1" 200 8037
186.103.156.24 - - [03/Apr/2017:10:33:47 -0300] "GET /cormun/servlet/trlicencias? HTTP/1.1" 200 8036
186.103.159.182 - - [03/Apr/2017:10:33:50 -0300] "POST /cormun/servlet/trcontratosolicitud?535f09d28060d4b20e8f1ec54b94403b,,gx-no-cache=1491226495624 HTTP/1.1" 200 3989
186.103.156.24 - - [03/Apr/2017:10:33:53 -0300] "POST /cormun/servlet/trlicencias?9cf0ba525fdec1f2d8f97cb90b00b2c2,,gx-no-cache=1491226552968 HTTP/1.1" 200 4268
186.103.156.24 - - [03/Apr/2017:10:33:53 -0300] "GET /cormun/static/Shared/jqueryui/images/ui-bg_highlight-soft_100_c6c2c8_1x100.png HTTP/1.1" 404 1117
186.103.156.24 - - [03/Apr/2017:10:33:53 -0300] "GET /cormun/static/Shared/jqueryui/images/ui-icons_82798d_256x240.png HTTP/1.1" 404 1089
186.103.156.24 - - [03/Apr/2017:10:33:53 -0300] "GET /cormun/static/Shared/jqueryui/images/ui-bg_flat_55_fafafa_40x100.png HTTP/1.1" 404 1097
186.103.156.24 - - [03/Apr/2017:10:33:53 -0300] "GET /cormun/static/Shared/jqueryui/images/ui-icons_8d78a5_256x240.png HTTP/1.1" 404 1089
186.103.159.46 - - [03/Apr/2017:10:33:54 -0300] "GET /cormun/servlet/permisogoce?40d0ca9ce5b937fd5a7c374ecd49213d671a6a49db1f14241b13f95ea245f200acdfa776aedb1e5917718a66e246790e111b63f60d4f15b490b3025363668620,gx-no-cache=1491226500901 HTTP/1.1" 200 47
200.83.57.219 - - [03/Apr/2017:10:33:59 -0300] "GET /cormun/Manuales/InstructivoDirector.pdf HTTP/1.1" 200 352207
192.168.10.96 - - [03/Apr/2017:10:34:09 -0300] "GET /cormun/servlet/hlogin HTTP/1.1" 200 1744
186.103.159.182 - - [03/Apr/2017:10:34:15 -0300] "GET /cormun/servlet/trrenuncias? HTTP/1.1" 200 6800
186.103.159.182 - - [03/Apr/2017:10:34:17 -0300] "GET /cormun/servlet/trrenuncias? HTTP/1.1" 200 6800
186.103.159.46 - - [03/Apr/2017:10:34:20 -0300] "POST /cormun/servlet/permisogoce?21d226aacbcdaf523944429e6a96aec9,INS,0,,,,gx-no-cache=1491226526059 HTTP/1.1" 200 93
186.103.159.46 - - [03/Apr/2017:10:34:20 -0300] "GET /cormun/servlet/hpexe_return? HTTP/1.1" 200 1010
186.103.159.46 - - [03/Apr/2017:10:34:20 -0300] "GET /cormun/servlet/trpermisosgoce HTTP/1.1" 200 12209
192.168.10.96 - - [03/Apr/2017:10:34:22 -0300] "POST /cormun/servlet/hlogin?fc0a6072d27d718febb888a238acdd92,gx-no-cache=1491229739439 HTTP/1.1" 200 460
186.103.159.46 - - [03/Apr/2017:10:34:22 -0300] "GET /cormun/servlet/trpermisosgoce HTTP/1.1" 200 12204
192.168.10.96 - - [03/Apr/2017:10:34:25 -0300] "POST /cormun/servlet/hlogin?fc0a6072d27d718febb888a238acdd92,gx-no-cache=1491229743100 HTTP/1.1" 200 460
192.168.10.13 - - [03/Apr/2017:10:34:26 -0300] "GET / HTTP/1.1" 200 11217
186.103.159.46 - - [03/Apr/2017:10:34:28 -0300] "GET /cormun/servlet/apermisogoceprn?15526249,P,20170403112857,PU HTTP/1.1" 200 1663
192.168.10.96 - - [03/Apr/2017:10:34:35 -0300] "POST /cormun/servlet/hlogin?fc0a6072d27d718febb888a238acdd92,gx-no-cache=1491229752865 HTTP/1.1" 200 455
192.168.10.96 - - [03/Apr/2017:10:34:40 -0300] "POST /cormun/servlet/hlogin?fc0a6072d27d718febb888a238acdd92,gx-no-cache=1491229757288 HTTP/1.1" 200 90
192.168.10.96 - - [03/Apr/2017:10:34:40 -0300] "GET /cormun/servlet/hpexe_link HTTP/1.1" 200 953
192.168.10.96 - - [03/Apr/2017:10:34:40 -0300] "GET /cormun/servlet/hhome HTTP/1.1" 200 4013
192.168.10.96 - - [03/Apr/2017:10:34:40 -0300] "GET /cormun/servlet/hhome HTTP/1.1" 200 4010
186.103.159.182 - - [03/Apr/2017:10:34:41 -0300] "GET /cormun/static/menuarrow.gif HTTP/1.1" 404 1015
192.168.10.96 - - [03/Apr/2017:10:34:42 -0300] "GET /cormun/servlet/trsolicitudot? HTTP/1.1" 200 6982
192.168.10.96 - - [03/Apr/2017:10:34:42 -0300] "GET /cormun/static/gxcfg.js?201731711505139 HTTP/1.1" 200 953
192.168.10.96 - - [03/Apr/2017:10:34:42 -0300] "GET /cormun/static/trsolicitudot.js?20173171151116 HTTP/1.1" 304 -
192.168.10.96 - - [03/Apr/2017:10:34:42 -0300] "GET /cormun/servlet/trsolicitudot? HTTP/1.1" 200 6981
192.168.10.96 - - [03/Apr/2017:10:34:44 -0300] "GET /cormun/servlet/solicitudot?INS,0,0, HTTP/1.1" 200 12811
192.168.10.96 - - [03/Apr/2017:10:34:44 -0300] "GET /cormun/static/gxcfg.js?20171191042720 HTTP/1.1" 200 953
192.168.10.96 - - [03/Apr/2017:10:34:44 -0300] "GET /cormun/static/solicitudot.js?2017119104297 HTTP/1.1" 304 -
192.168.10.96 - - [03/Apr/2017:10:34:45 -0300] "GET /cormun/servlet/solicitudot?INS,0,0, HTTP/1.1" 200 12815
192.168.10.96 - - [03/Apr/2017:10:34:50 -0300] "GET /cormun/servlet/prfichaempleado?,MD,,gxPopupLevel%3D0%3B HTTP/1.1" 200 8840
192.168.10.96 - - [03/Apr/2017:10:34:50 -0300] "GET /cormun/static/gxcfg.js?2017319125415 HTTP/1.1" 200 953
192.168.10.96 - - [03/Apr/2017:10:34:50 -0300] "GET /cormun/static/menusearch.js?201610171694467 HTTP/1.1" 304 -
192.168.10.96 - - [03/Apr/2017:10:34:50 -0300] "GET /cormun/static/hmpwkw011.js?201731711483558 HTTP/1.1" 304 -
192.168.10.96 - - [03/Apr/2017:10:34:50 -0300] "GET /cormun/static/prfichaempleado.js?20173191254344 HTTP/1.1" 200 15951
192.168.10.96 - - [03/Apr/2017:10:35:00 -0300] "POST /cormun/servlet/prfichaempleado?fc0a6072d27d718febb888a238acdd92,,MD,,gxPopupLevel%3D0%3B,gx-no-cache=1491229777814 HTTP/1.1" 200 3401
186.103.159.182 - - [03/Apr/2017:10:35:02 -0300] "GET /cormun/servlet/renuncias?INS,0, HTTP/1.1" 200 6175
192.168.10.96 - - [03/Apr/2017:10:35:03 -0300] "POST /cormun/servlet/solicitudot?gx-no-cache=1491229780641 HTTP/1.1" 200 3190
192.168.10.96 - - [03/Apr/2017:10:35:03 -0300] "POST /cormun/servlet/solicitudot?fc0a6072d27d718febb888a238acdd92,INS,0,0,,gx-no-cache=1491229780794 HTTP/1.1" 200 9981
186.103.159.182 - - [03/Apr/2017:10:35:04 -0300] "GET /cormun/servlet/renuncias?INS,0, HTTP/1.1" 200 6176
192.168.10.96 - - [03/Apr/2017:10:35:04 -0300] "GET /cormun/servlet/solicitudot?187dae3af2f3a2085008ce376660ca315bb90b88e88a897dac51c3cb5bf7a5baf526e25b91d7558d1433aad31d7661f4,gx-no-cache=1491229782005 HTTP/1.1" 200 30
192.168.10.96 - - [03/Apr/2017:10:35:04 -0300] "POST /cormun/servlet/solicitudot?gx-no-cache=1491229782079 HTTP/1.1" 200 255
192.168.10.96 - - [03/Apr/2017:10:35:04 -0300] "GET /cormun/servlet/solicitudot?187dae3af2f3a2085008ce376660ca31e79ea9ad174a5853d7c938a005bf7b600c598fa4172b44205f8877f8af534dcf6f485ba5638a29e425ed268ad347bac2be46fef4e458858d6dd31212cefaa05de730b3bc222a512f829d8064b84eb327d4821f6170ed68c6b48a8f60ce01db703ea72a376f0a91935f4c2cc703537071e20e119bb98ca4a502d4390ea82c37df52445bce9980dce041aee6b7297e90a31677fdefe5982b2f0870be92c03bde03c9a4673ae01727b8d770446d5a877a8af1cd5f1ee2dd776a8a1d85ac1b4eb219c45a7608ee0cee4594e0766fe4629f1ed24a893e769ea48f1c97ece3613378d82e8a6ac18934a8e3d5ad7d3635766cd3e35f867c0bc3e26c1bf982721183ac79af5502b93a4b0a0289183dfff8579feee69eaf84f52db5b54364777428b697e204fae5c4af2670f66cfea4d1d19d719960e35f2c0b9a2c907eb6937be3be9d264bcc0f68cf9895f299f672993968c0ba59db315d9a7a01fedc429a1a1c0b225e1af1d8d5de348014cb9b75912f9f31c9,gx-no-cache=1491229782111 HTTP/1.1" 200 30
192.168.10.96 - - [03/Apr/2017:10:35:06 -0300] "POST /cormun/servlet/solicitudot?gx-no-cache=1491229783243 HTTP/1.1" 200 30
192.168.10.96 - - [03/Apr/2017:10:35:07 -0300] "GET /cormun/servlet/prcontratosol?13095920,,,,,MD,,gxPopupLevel%3D0%3B HTTP/1.1" 200 5974
192.168.10.96 - - [03/Apr/2017:10:35:07 -0300] "GET /cormun/static/gxcfg.js?201731711522183 HTTP/1.1" 200 953
192.168.10.96 - - [03/Apr/2017:10:35:07 -0300] "GET /cormun/static/prcontratosol.js?201731711522419 HTTP/1.1" 304 -
192.168.10.96 - - [03/Apr/2017:10:35:09 -0300] "POST /cormun/servlet/solicitudot?gx-no-cache=1491229786487 HTTP/1.1" 200 1291
192.168.10.96 - - [03/Apr/2017:10:35:09 -0300] "POST /cormun/servlet/solicitudot?gx-no-cache=1491229786527 HTTP/1.1" 200 38
192.168.10.96 - - [03/Apr/2017:10:35:09 -0300] "GET /cormun/servlet/solicitudot?187dae3af2f3a2085008ce376660ca31407f2cd442f810f7107894120f1b489810e8f9ce8dd110e816a146a8c660714fc0a93fd6ba0dff51d7deb06a8ed05cad0c3bdc952d1b7835c22ac689888eadc8311dfbebd211a193a60f260c68a6d816d768c500a7509008790a02aba44708141cd7932d3de8e87aff88c731038968bcb98973d3ee8e4083bd0ed4dcf6926eb3c4169f6f3856b710103d7aec3ef4284c,gx-no-cache=1491229786548 HTTP/1.1" 200 29
192.168.10.96 - - [03/Apr/2017:10:35:09 -0300] "POST /cormun/servlet/solicitudot?gx-no-cache=1491229786565 HTTP/1.1" 200 1274
192.168.10.96 - - [03/Apr/2017:10:35:09 -0300] "POST /cormun/servlet/solicitudot?gx-no-cache=1491229786594 HTTP/1.1" 200 1157
200.54.247.69 - - [03/Apr/2017:10:35:11 -0300] "GET /cormun/servlet/hlogin HTTP/1.1" 200 1717
200.54.247.69 - - [03/Apr/2017:10:35:12 -0300] "GET /cormun/static/Resources/Spanish/PXTools.css?11294912 HTTP/1.1" 304 -
200.54.247.69 - - [03/Apr/2017:10:35:12 -0300] "GET /cormun/static/gxcfg.js?201731711485472 HTTP/1.1" 304 -
200.54.247.69 - - [03/Apr/2017:10:35:12 -0300] "GET /cormun/static/Resources/ComunLogin.png HTTP/1.1" 304 -
200.54.247.69 - - [03/Apr/2017:10:35:12 -0300] "GET /cormun/static/gxtimezone.js?85251 HTTP/1.1" 304 -
200.54.247.69 - - [03/Apr/2017:10:35:12 -0300] "GET /cormun/static/messages.spa.js?85251 HTTP/1.1" 304 -
200.54.247.69 - - [03/Apr/2017:10:35:12 -0300] "GET /cormun/static/gxgral.js?85251 HTTP/1.1" 304 -
200.54.247.69 - - [03/Apr/2017:10:35:12 -0300] "GET /cormun/static/hlogin.js?201731711485490 HTTP/1.1" 304 -
200.54.247.69 - - [03/Apr/2017:10:35:12 -0300] "GET /cormun/static/Resources/indicator.gif HTTP/1.1" 304 -
192.168.10.96 - - [03/Apr/2017:10:35:18 -0300] "POST /cormun/servlet/solicitudot?gx-no-cache=1491229795185 HTTP/1.1" 200 1274
192.168.10.96 - - [03/Apr/2017:10:35:18 -0300] "POST /cormun/servlet/solicitudot?gx-no-cache=1491229795243 HTTP/1.1" 200 1157
186.103.159.182 - - [03/Apr/2017:10:35:23 -0300] "GET /cormun/servlet/renuncias?b8da7e1af846fe2a38104fe670e7fbd588b9cc53106212633ae63559db255e6914eb2a9fa71a6fc27a6cbb24f4629d3c,gx-no-cache=1491226589584 HTTP/1.1" 200 33
192.168.10.96 - - [03/Apr/2017:10:35:26 -0300] "GET /cormun/servlet/solicitudot?187dae3af2f3a2085008ce376660ca3115c44b8a42b92dee44fa0a2ecf0e56cbfebc781f4a9a49f33922df1993f3b779a999cacab6deed395b6e248ecee21e2692b673b45fe5fe4b4541dd2fcb149d921708a572868c4fa48e8732cd55f8d9ec455411c66f7936d7c209b5f8c102d6ac83e3abf51060569915487575700d5bbb59800cc62050c10a13df8439c809f8b6338d85d0466e421f484cdeee4e37085faaa1caf138842a70230bbed48a8c0c0c,gx-no-cache=1491229803362 HTTP/1.1" 200 30
192.168.10.13 - - [03/Apr/2017:10:35:26 -0300] "GET / HTTP/1.1" 200 11217
186.103.159.182 - - [03/Apr/2017:10:35:28 -0300] "GET /cormun/servlet/prfichaempleado?,MD,,gxPopupLevel%3D0%3B HTTP/1.1" 200 8900
186.103.159.46 - - [03/Apr/2017:10:35:30 -0300] "GET /cormun/servlet/permisogoce?DLT,11756419,P,20170403112433, HTTP/1.1" 200 6547
186.103.159.46 - - [03/Apr/2017:10:35:32 -0300] "GET /cormun/static/Shared/jqueryui/images/ui-bg_highlight-soft_100_c6c2c8_1x100.png HTTP/1.1" 404 1117
186.103.159.46 - - [03/Apr/2017:10:35:32 -0300] "GET /cormun/static/Shared/jqueryui/images/ui-icons_82798d_256x240.png HTTP/1.1" 404 1089
186.103.159.46 - - [03/Apr/2017:10:35:32 -0300] "GET /cormun/static/Shared/jqueryui/images/ui-bg_flat_55_fafafa_40x100.png HTTP/1.1" 404 1097
186.103.159.46 - - [03/Apr/2017:10:35:32 -0300] "GET /cormun/static/Shared/jqueryui/images/ui-icons_8d78a5_256x240.png HTTP/1.1" 404 1089
186.103.159.46 - - [03/Apr/2017:10:35:32 -0300] "GET /cormun/servlet/permisogoce?DLT,11756419,P,20170403112433, HTTP/1.1" 200 6549
192.168.10.96 - - [03/Apr/2017:10:35:36 -0300] "POST /cormun/servlet/solicitudot?fc0a6072d27d718febb888a238acdd92,INS,0,0,,gx-no-cache=1491229813105 HTTP/1.1" 200 11314
192.168.10.96 - - [03/Apr/2017:10:35:36 -0300] "GET /cormun/static/Shared/jqueryui/images/ui-icons_82798d_256x240.png HTTP/1.1" 404 1089
192.168.10.96 - - [03/Apr/2017:10:35:36 -0300] "GET /cormun/static/Shared/jqueryui/images/ui-bg_highlight-soft_100_c6c2c8_1x100.png HTTP/1.1" 404 1117
192.168.10.96 - - [03/Apr/2017:10:35:36 -0300] "GET /cormun/static/Shared/jqueryui/images/ui-icons_ebccce_256x240.png HTTP/1.1" 404 1089
192.168.10.96 - - [03/Apr/2017:10:35:36 -0300] "GET /cormun/static/Shared/jqueryui/images/ui-bg_flat_55_994d53_40x100.png HTTP/1.1" 404 1097
192.168.10.96 - - [03/Apr/2017:10:35:43 -0300] "GET /cormun/servlet/solicitudot?187dae3af2f3a2085008ce376660ca3115c44b8a42b92dee44fa0a2ecf0e56cbfebc781f4a9a49f33922df1993f3b779a999cacab6deed395b6e248ecee21e2692b673b45fe5fe4b4541dd2fcb149d921708a572868c4fa48e8732cd55f8d9ec455411c66f7936d7c209b5f8c102d6ac83e3abf51060569915487575700d5bbb59800cc62050c10a13df8439c809f8b6338d85d0466e421f484cdeee4e37085f10cee34fd5b3b7253c13209ced817c6f,gx-no-cache=1491229820303 HTTP/1.1" 200 32
192.168.10.96 - - [03/Apr/2017:10:35:45 -0300] "POST /cormun/servlet/solicitudot?fc0a6072d27d718febb888a238acdd92,INS,0,0,,gx-no-cache=1491229822065 HTTP/1.1" 200 93
192.168.10.96 - - [03/Apr/2017:10:35:45 -0300] "GET /cormun/servlet/hpexe_return? HTTP/1.1" 200 1007
192.168.10.96 - - [03/Apr/2017:10:35:45 -0300] "GET /cormun/static/gxcfg.js?2016101716175148 HTTP/1.1" 200 953
192.168.10.96 - - [03/Apr/2017:10:35:45 -0300] "GET /cormun/static/hpexe_return.js?2016101716175153 HTTP/1.1" 304 -
192.168.10.96 - - [03/Apr/2017:10:35:45 -0300] "GET /cormun/static/Resources/Spanish/PXTools.css?167811 HTTP/1.1" 304 -
192.168.10.96 - - [03/Apr/2017:10:35:45 -0300] "GET /cormun/servlet/trsolicitudot HTTP/1.1" 200 8294
192.168.10.96 - - [03/Apr/2017:10:35:45 -0300] "GET /cormun/servlet/trsolicitudot HTTP/1.1" 200 8290
186.103.159.182 - - [03/Apr/2017:10:35:48 -0300] "POST /cormun/servlet/prfichaempleado?535f09d28060d4b20e8f1ec54b94403b,,MD,,gxPopupLevel%3D0%3B,gx-no-cache=1491226614468 HTTP/1.1" 200 3397
192.168.10.96 - - [03/Apr/2017:10:35:49 -0300] "POST /cormun/servlet/trsolicitudot?fc0a6072d27d718febb888a238acdd92,gx-no-cache=1491229826717 HTTP/1.1" 200 4359
192.168.10.96 - - [03/Apr/2017:10:35:49 -0300] "GET /cormun/static/Shared/jqueryui/images/ui-icons_82798d_256x240.png HTTP/1.1" 404 1089
192.168.10.96 - - [03/Apr/2017:10:35:49 -0300] "GET /cormun/static/Shared/jqueryui/images/ui-bg_highlight-soft_100_c6c2c8_1x100.png HTTP/1.1" 404 1117
192.168.10.96 - - [03/Apr/2017:10:35:49 -0300] "GET /cormun/static/Shared/jqueryui/images/ui-bg_flat_55_fafafa_40x100.png HTTP/1.1" 404 1097
192.168.10.96 - - [03/Apr/2017:10:35:49 -0300] "GET /cormun/static/Shared/jqueryui/images/ui-icons_8d78a5_256x240.png HTTP/1.1" 404 1089
192.168.10.96 - - [03/Apr/2017:10:35:49 -0300] "POST /cormun/servlet/trsolicitudot?fc0a6072d27d718febb888a238acdd92,gx-no-cache=1491229826908 HTTP/1.1" 200 4120
192.168.10.96 - - [03/Apr/2017:10:35:51 -0300] "GET /cormun/servlet/trautorizarsolicitud? HTTP/1.1" 200 8236
192.168.10.96 - - [03/Apr/2017:10:35:51 -0300] "GET /cormun/static/gxcfg.js?2017259112829 HTTP/1.1" 200 953
192.168.10.96 - - [03/Apr/2017:10:35:51 -0300] "GET /cormun/static/trautorizarsolicitud.js?2017259113483 HTTP/1.1" 304 -
192.168.10.96 - - [03/Apr/2017:10:35:51 -0300] "GET /cormun/servlet/trautorizarsolicitud? HTTP/1.1" 200 8236
192.168.10.96 - - [03/Apr/2017:10:35:53 -0300] "POST /cormun/servlet/trautorizarsolicitud?fc0a6072d27d718febb888a238acdd92,,gx-no-cache=1491229830660 HTTP/1.1" 200 4337
192.168.10.96 - - [03/Apr/2017:10:35:53 -0300] "GET /cormun/static/Shared/jqueryui/images/ui-icons_82798d_256x240.png HTTP/1.1" 404 1089
192.168.10.96 - - [03/Apr/2017:10:35:53 -0300] "GET /cormun/static/Shared/jqueryui/images/ui-bg_highlight-soft_100_c6c2c8_1x100.png HTTP/1.1" 404 1117
192.168.10.96 - - [03/Apr/2017:10:35:53 -0300] "GET /cormun/static/Shared/jqueryui/images/ui-bg_flat_55_fafafa_40x100.png HTTP/1.1" 404 1097
192.168.10.96 - - [03/Apr/2017:10:35:53 -0300] "GET /cormun/static/Shared/jqueryui/images/ui-icons_8d78a5_256x240.png HTTP/1.1" 404 1089
192.168.10.96 - - [03/Apr/2017:10:35:53 -0300] "POST /cormun/servlet/trautorizarsolicitud?fc0a6072d27d718febb888a238acdd92,,gx-no-cache=1491229830820 HTTP/1.1" 200 4099
186.103.159.182 - - [03/Apr/2017:10:35:54 -0300] "GET /cormun/servlet/renuncias?b8da7e1af846fe2a38104fe670e7fbd5f3be4f70949c117de2cdce0e9935b2f541b7f362918bd3fcba3894bd33c71b03,gx-no-cache=1491226621080 HTTP/1.1" 200 174
186.103.159.182 - - [03/Apr/2017:10:35:54 -0300] "GET /cormun/static/Shared/jqueryui/images/ui-bg_highlight-soft_100_c6c2c8_1x100.png HTTP/1.1" 404 1117
186.103.159.182 - - [03/Apr/2017:10:35:54 -0300] "GET /cormun/static/Shared/jqueryui/images/ui-bg_flat_55_994d53_40x100.png HTTP/1.1" 404 1097
186.103.159.182 - - [03/Apr/2017:10:35:54 -0300] "GET /cormun/static/Shared/jqueryui/images/ui-icons_ebccce_256x240.png HTTP/1.1" 404 1089
186.103.159.182 - - [03/Apr/2017:10:35:54 -0300] "GET /cormun/static/Shared/jqueryui/images/ui-icons_82798d_256x240.png HTTP/1.1" 404 1089
186.103.159.46 - - [03/Apr/2017:10:36:00 -0300] "GET /cormun/servlet/trpermisosgoce HTTP/1.1" 200 12208
186.103.159.46 - - [03/Apr/2017:10:36:02 -0300] "GET /cormun/servlet/trpermisosgoce HTTP/1.1" 200 12204
186.103.159.46 - - [03/Apr/2017:10:36:07 -0300] "GET /cormun/servlet/permisogoce?DLT,15526249,P,20170403112857, HTTP/1.1" 200 6543
186.103.159.46 - - [03/Apr/2017:10:36:08 -0300] "GET /cormun/static/Shared/jqueryui/images/ui-bg_highlight-soft_100_c6c2c8_1x100.png HTTP/1.1" 404 1117
186.103.159.46 - - [03/Apr/2017:10:36:08 -0300] "GET /cormun/static/Shared/jqueryui/images/ui-icons_82798d_256x240.png HTTP/1.1" 404 1089
186.103.159.46 - - [03/Apr/2017:10:36:08 -0300] "GET /cormun/static/Shared/jqueryui/images/ui-bg_flat_55_fafafa_40x100.png HTTP/1.1" 404 1097
186.103.159.46 - - [03/Apr/2017:10:36:08 -0300] "GET /cormun/static/Shared/jqueryui/images/ui-icons_8d78a5_256x240.png HTTP/1.1" 404 1089
186.103.159.46 - - [03/Apr/2017:10:36:08 -0300] "GET /cormun/servlet/permisogoce?DLT,15526249,P,20170403112857, HTTP/1.1" 200 6545
192.168.10.13 - - [03/Apr/2017:10:36:26 -0300] "GET / HTTP/1.1" 200 11217
186.103.159.46 - - [03/Apr/2017:10:36:30 -0300] "GET /cormun/servlet/trpermisosgoce HTTP/1.1" 200 12213
186.103.159.46 - - [03/Apr/2017:10:36:32 -0300] "GET /cormun/servlet/trpermisosgoce HTTP/1.1" 200 12203
186.103.159.46 - - [03/Apr/2017:10:36:41 -0300] "GET /cormun/servlet/permisogoce?DLT,11756419,P,20170403112433, HTTP/1.1" 200 6547
186.103.159.46 - - [03/Apr/2017:10:36:43 -0300] "GET /cormun/static/Shared/jqueryui/images/ui-bg_highlight-soft_100_c6c2c8_1x100.png HTTP/1.1" 404 1117
186.103.159.46 - - [03/Apr/2017:10:36:43 -0300] "GET /cormun/static/Shared/jqueryui/images/ui-icons_82798d_256x240.png HTTP/1.1" 404 1089
186.103.159.46 - - [03/Apr/2017:10:36:43 -0300] "GET /cormun/static/Shared/jqueryui/images/ui-icons_8d78a5_256x240.png HTTP/1.1" 404 1089
186.103.159.46 - - [03/Apr/2017:10:36:43 -0300] "GET /cormun/static/Shared/jqueryui/images/ui-bg_flat_55_fafafa_40x100.png HTTP/1.1" 404 1097
186.103.159.46 - - [03/Apr/2017:10:36:43 -0300] "GET /cormun/servlet/permisogoce?DLT,11756419,P,20170403112433, HTTP/1.1" 200 6549
186.103.159.46 - - [03/Apr/2017:10:37:01 -0300] "POST /cormun/servlet/permisogoce?21d226aacbcdaf523944429e6a96aec9,DLT,11756419,P,20170403112433,,gx-no-cache=1491226687565 HTTP/1.1" 200 4199
186.103.159.46 - - [03/Apr/2017:10:37:02 -0300] "GET /cormun/static/Shared/jqueryui/images/ui-bg_flat_55_994d53_40x100.png HTTP/1.1" 404 1097
186.103.159.46 - - [03/Apr/2017:10:37:02 -0300] "GET /cormun/static/Shared/jqueryui/images/ui-icons_ebccce_256x240.png HTTP/1.1" 404 1089
186.103.159.46 - - [03/Apr/2017:10:37:15 -0300] "GET /cormun/servlet/trpermisosgoce HTTP/1.1" 200 12209
186.103.159.46 - - [03/Apr/2017:10:37:17 -0300] "GET /cormun/servlet/trpermisosgoce HTTP/1.1" 200 12209
192.168.10.96 - - [03/Apr/2017:10:37:20 -0300] "GET /cormun/servlet/hlogin HTTP/1.1" 200 1747
186.103.159.46 - - [03/Apr/2017:10:37:23 -0300] "GET /cormun/servlet/permisogoce?UPD,11756419,P,20170403112433, HTTP/1.1" 200 6633
186.103.159.46 - - [03/Apr/2017:10:37:24 -0300] "GET /cormun/servlet/permisogoce?UPD,11756419,P,20170403112433, HTTP/1.1" 200 6633
186.103.159.46 - - [03/Apr/2017:10:37:25 -0300] "GET /cormun/servlet/permisogoce?40d0ca9ce5b937fd5a7c374ecd49213d4fec35499fb27a17beae99005467b0ebd87da8883620f331561c13e38edbf570,gx-no-cache=1491226711639 HTTP/1.1" 200 80
192.168.10.13 - - [03/Apr/2017:10:37:26 -0300] "GET / HTTP/1.1" 200 11217
192.168.10.96 - - [03/Apr/2017:10:37:28 -0300] "POST /cormun/servlet/hlogin?fc0a6072d27d718febb888a238acdd92,gx-no-cache=1491229925828 HTTP/1.1" 200 90
192.168.10.96 - - [03/Apr/2017:10:37:28 -0300] "GET /cormun/servlet/hpexe_link HTTP/1.1" 200 953
192.168.10.96 - - [03/Apr/2017:10:37:28 -0300] "GET /cormun/servlet/hhome HTTP/1.1" 200 4261
192.168.10.96 - - [03/Apr/2017:10:37:29 -0300] "GET /cormun/servlet/hhome HTTP/1.1" 200 4257
192.168.10.96 - - [03/Apr/2017:10:37:32 -0300] "GET /cormun/servlet/trsolicitudgral? HTTP/1.1" 200 8589
192.168.10.96 - - [03/Apr/2017:10:37:33 -0300] "GET /cormun/servlet/trsolicitudgral? HTTP/1.1" 200 8587
186.103.159.46 - - [03/Apr/2017:10:37:34 -0300] "GET /cormun/servlet/puconsultapgoce?11756419,MD,gxPopupLevel%3D0%3B HTTP/1.1" 200 4427
186.103.159.46 - - [03/Apr/2017:10:37:34 -0300] "GET /cormun/static/Resources/Spanish/PXTools.css?18365030 HTTP/1.1" 304 -
186.103.159.46 - - [03/Apr/2017:10:37:34 -0300] "GET /cormun/static/gxcfg.js?2016122619324821 HTTP/1.1" 304 -
186.103.159.46 - - [03/Apr/2017:10:37:34 -0300] "GET /cormun/pexe_menus.js HTTP/1.1" 404 1001
186.103.159.46 - - [03/Apr/2017:10:37:34 -0300] "GET /cormun/pexe_layers.js HTTP/1.1" 404 1003
186.103.159.46 - - [03/Apr/2017:10:37:34 -0300] "GET /cormun/pexe_windows.js HTTP/1.1" 404 1005
186.103.159.46 - - [03/Apr/2017:10:37:34 -0300] "GET /cormun/pexe_link.js HTTP/1.1" 404 999
186.103.159.46 - - [03/Apr/2017:10:37:34 -0300] "GET /cormun/pexe_cookies.js HTTP/1.1" 404 1005
186.103.159.46 - - [03/Apr/2017:10:37:34 -0300] "GET /cormun/pexe_grid.js HTTP/1.1" 404 999
186.103.159.46 - - [03/Apr/2017:10:37:34 -0300] "GET /cormun/pexe_griddivfix.js HTTP/1.1" 404 1011
186.103.159.46 - - [03/Apr/2017:10:37:34 -0300] "GET /cormun/pexe_picture.js HTTP/1.1" 404 1005
186.103.159.46 - - [03/Apr/2017:10:37:34 -0300] "GET /cormun/pexe_autoreload.js HTTP/1.1" 404 1011
186.103.159.46 - - [03/Apr/2017:10:37:34 -0300] "GET /cormun/pexe_treedivfix.js HTTP/1.1" 404 1011
186.103.159.46 - - [03/Apr/2017:10:37:34 -0300] "GET /cormun/pexe_menudivfix.js HTTP/1.1" 404 1011
186.103.159.46 - - [03/Apr/2017:10:37:34 -0300] "GET /cormun/pexe_tabdivfix.js HTTP/1.1" 404 1009
186.103.159.46 - - [03/Apr/2017:10:37:34 -0300] "GET /cormun/static/puconsultapgoce.js?2016122619325082 HTTP/1.1" 304 -
186.103.159.46 - - [03/Apr/2017:10:37:34 -0300] "GET /cormun/static/mpprompt.js?201731711513941 HTTP/1.1" 304 -
186.103.159.46 - - [03/Apr/2017:10:37:35 -0300] "GET /cormun/pexe_menus.js HTTP/1.1" 404 1001
186.103.159.46 - - [03/Apr/2017:10:37:35 -0300] "GET /cormun/pexe_layers.js HTTP/1.1" 404 1003
186.103.159.46 - - [03/Apr/2017:10:37:35 -0300] "GET /cormun/pexe_windows.js HTTP/1.1" 404 1005
186.103.159.46 - - [03/Apr/2017:10:37:36 -0300] "GET /cormun/pexe_link.js HTTP/1.1" 404 999
186.103.159.46 - - [03/Apr/2017:10:37:36 -0300] "GET /cormun/pexe_cookies.js HTTP/1.1" 404 1005
186.103.159.46 - - [03/Apr/2017:10:37:36 -0300] "GET /cormun/pexe_grid.js HTTP/1.1" 404 999
186.103.159.46 - - [03/Apr/2017:10:37:36 -0300] "GET /cormun/pexe_griddivfix.js HTTP/1.1" 404 1011
186.103.159.46 - - [03/Apr/2017:10:37:36 -0300] "GET /cormun/pexe_picture.js HTTP/1.1" 404 1005
186.103.159.46 - - [03/Apr/2017:10:37:36 -0300] "GET /cormun/pexe_treedivfix.js HTTP/1.1" 404 1011
186.103.159.46 - - [03/Apr/2017:10:37:36 -0300] "GET /cormun/pexe_autoreload.js HTTP/1.1" 404 1011
186.103.159.46 - - [03/Apr/2017:10:37:36 -0300] "GET /cormun/pexe_menudivfix.js HTTP/1.1" 404 1011
186.103.159.46 - - [03/Apr/2017:10:37:36 -0300] "GET /cormun/pexe_tabdivfix.js HTTP/1.1" 404 1009
192.168.10.96 - - [03/Apr/2017:10:37:39 -0300] "POST /cormun/servlet/trsolicitudgral?fc0a6072d27d718febb888a238acdd92,,gx-no-cache=1491229936199 HTTP/1.1" 200 9268
186.103.159.46 - - [03/Apr/2017:10:37:41 -0300] "POST /cormun/servlet/puconsultapgoce?21d226aacbcdaf523944429e6a96aec9,11756419,MD,gxPopupLevel%3D0%3B,gx-no-cache=1491226727993 HTTP/1.1" 200 60
186.103.159.46 - - [03/Apr/2017:10:37:44 -0300] "GET /cormun/servlet/permisogoce?40d0ca9ce5b937fd5a7c374ecd49213d50e19a92b9a6d238a4ff727afb9be3d00c209c57138cf32ec0be3f22f4c8265db558ee1ec4b8dfd3cd45ffa8ed1f9c6ba33b69fda6fc93638274e1edacf42bdd,gx-no-cache=1491226731027 HTTP/1.1" 200 126
186.103.159.46 - - [03/Apr/2017:10:37:44 -0300] "GET /cormun/static/Shared/jqueryui/images/ui-bg_highlight-soft_100_c6c2c8_1x100.png HTTP/1.1" 404 1117
186.103.159.46 - - [03/Apr/2017:10:37:44 -0300] "GET /cormun/static/Shared/jqueryui/images/ui-icons_82798d_256x240.png HTTP/1.1" 404 1089
186.103.159.46 - - [03/Apr/2017:10:37:44 -0300] "GET /cormun/static/Shared/jqueryui/images/ui-bg_flat_55_994d53_40x100.png HTTP/1.1" 404 1097
186.103.159.46 - - [03/Apr/2017:10:37:44 -0300] "GET /cormun/static/Shared/jqueryui/images/ui-icons_ebccce_256x240.png HTTP/1.1" 404 1089
192.168.10.96 - - [03/Apr/2017:10:37:47 -0300] "POST /cormun/servlet/trsolicitudgral?fc0a6072d27d718febb888a238acdd92,,gx-no-cache=1491229944190 HTTP/1.1" 200 5474
192.168.10.96 - - [03/Apr/2017:10:37:50 -0300] "POST /cormun/servlet/trsolicitudgral?fc0a6072d27d718febb888a238acdd92,,gx-no-cache=1491229947998 HTTP/1.1" 200 5471
192.168.10.96 - - [03/Apr/2017:10:37:53 -0300] "POST /cormun/servlet/trsolicitudgral?fc0a6072d27d718febb888a238acdd92,,gx-no-cache=1491229950683 HTTP/1.1" 200 5472
192.168.10.96 - - [03/Apr/2017:10:37:55 -0300] "GET /cormun/servlet/hlogin HTTP/1.1" 200 1744
186.103.159.46 - - [03/Apr/2017:10:38:00 -0300] "GET /cormun/servlet/permisogoce?40d0ca9ce5b937fd5a7c374ecd49213d50e19a92b9a6d238a4ff727afb9be3d00c209c57138cf32ec0be3f22f4c8265df729cbf5405a41b7cbb9148195d34ddda33b69fda6fc93638274e1edacf42bdd,gx-no-cache=1491226746485 HTTP/1.1" 200 157
192.168.10.96 - - [03/Apr/2017:10:38:02 -0300] "POST /cormun/servlet/hlogin?fc0a6072d27d718febb888a238acdd92,gx-no-cache=1491229959573 HTTP/1.1" 200 90
192.168.10.96 - - [03/Apr/2017:10:38:02 -0300] "GET /cormun/servlet/hpexe_link HTTP/1.1" 200 953
192.168.10.96 - - [03/Apr/2017:10:38:02 -0300] "GET /cormun/servlet/hhome HTTP/1.1" 200 4013
192.168.10.96 - - [03/Apr/2017:10:38:03 -0300] "GET /cormun/servlet/hhome HTTP/1.1" 200 4010
192.168.10.96 - - [03/Apr/2017:10:38:05 -0300] "GET /cormun/servlet/trsolicitudot? HTTP/1.1" 200 6982
186.103.159.46 - - [03/Apr/2017:10:38:06 -0300] "POST /cormun/servlet/permisogoce?21d226aacbcdaf523944429e6a96aec9,UPD,11756419,P,20170403112433,,gx-no-cache=1491226752206 HTTP/1.1" 200 4186
192.168.10.96 - - [03/Apr/2017:10:38:06 -0300] "GET /cormun/servlet/trsolicitudot? HTTP/1.1" 200 6981
192.168.10.96 - - [03/Apr/2017:10:38:08 -0300] "GET /cormun/servlet/solicitudot?INS,0,0, HTTP/1.1" 200 12811
192.168.10.96 - - [03/Apr/2017:10:38:08 -0300] "GET /cormun/servlet/solicitudot?INS,0,0, HTTP/1.1" 200 12816
192.168.10.96 - - [03/Apr/2017:10:38:10 -0300] "GET /cormun/servlet/prfichaempleado?,MD,,gxPopupLevel%3D0%3B HTTP/1.1" 200 8840
192.168.10.96 - - [03/Apr/2017:10:38:21 -0300] "POST /cormun/servlet/prfichaempleado?fc0a6072d27d718febb888a238acdd92,,MD,,gxPopupLevel%3D0%3B,gx-no-cache=1491229978240 HTTP/1.1" 200 3462
192.168.10.96 - - [03/Apr/2017:10:38:23 -0300] "POST /cormun/servlet/solicitudot?gx-no-cache=1491229980973 HTTP/1.1" 200 3202
192.168.10.96 - - [03/Apr/2017:10:38:24 -0300] "POST /cormun/servlet/solicitudot?fc0a6072d27d718febb888a238acdd92,INS,0,0,,gx-no-cache=1491229981123 HTTP/1.1" 200 9985
186.103.159.46 - - [03/Apr/2017:10:38:25 -0300] "POST /cormun/servlet/permisogoce?21d226aacbcdaf523944429e6a96aec9,UPD,11756419,P,20170403112433,,gx-no-cache=1491226771536 HTTP/1.1" 200 4188
192.168.10.13 - - [03/Apr/2017:10:38:26 -0300] "GET / HTTP/1.1" 200 11217
192.168.10.96 - - [03/Apr/2017:10:38:28 -0300] "GET /cormun/servlet/solicitudot?187dae3af2f3a2085008ce376660ca31343194a4cbaa94abd2c37509726c9608f526e25b91d7558d1433aad31d7661f4,gx-no-cache=1491229985364 HTTP/1.1" 200 30
192.168.10.96 - - [03/Apr/2017:10:38:28 -0300] "POST /cormun/servlet/solicitudot?gx-no-cache=1491229985416 HTTP/1.1" 200 255
192.168.10.96 - - [03/Apr/2017:10:38:28 -0300] "GET /cormun/servlet/solicitudot?187dae3af2f3a2085008ce376660ca31e79ea9ad174a5853d7c938a005bf7b600c598fa4172b44205f8877f8af534dcf6f485ba5638a29e425ed268ad347bac2be46fef4e458858d6dd31212cefaa05de730b3bc222a512f829d8064b84eb327d4821f6170ed68c6b48a8f60ce01db703ea72a376f0a91935f4c2cc703537071e20e119bb98ca4a502d4390ea82c37df52445bce9980dce041aee6b7297e90a31677fdefe5982b2f0870be92c03bde03c9a4673ae01727b8d770446d5a877a8af1cd5f1ee2dd776a8a1d85ac1b4eb219c45a7608ee0cee4594e0766fe4629f1ed24a893e769ea48f1c97ece3613378d82e8a6ac18934a8e3d5ad7d3635766cd3e35f867c0bc3e26c1bf982721183ac79af5502b93a4b0a0289183dfff8579feee69eaf84f52db5b54364777428b697e204fae5c4af2670f66cfea4d1d19d719960e35f2c0b9a2c907eb6937be3be9d264bcc0f68cf9895f299f672993968c0ba59db315d9a7a01fedc429a1a1c0b225e1af1d8d5de348014cb9b75912f9f31c9,gx-no-cache=1491229985445 HTTP/1.1" 200 30
192.168.10.96 - - [03/Apr/2017:10:38:29 -0300] "POST /cormun/servlet/solicitudot?gx-no-cache=1491229986702 HTTP/1.1" 200 30
192.168.10.96 - - [03/Apr/2017:10:38:30 -0300] "GET /cormun/servlet/prcontratosol?12694303,,,,,MD,,gxPopupLevel%3D0%3B HTTP/1.1" 200 5975
192.168.10.96 - - [03/Apr/2017:10:38:32 -0300] "POST /cormun/servlet/solicitudot?gx-no-cache=1491229989749 HTTP/1.1" 200 1291
192.168.10.96 - - [03/Apr/2017:10:38:32 -0300] "POST /cormun/servlet/solicitudot?gx-no-cache=1491229989789 HTTP/1.1" 200 38
192.168.10.96 - - [03/Apr/2017:10:38:32 -0300] "GET /cormun/servlet/solicitudot?187dae3af2f3a2085008ce376660ca31407f2cd442f810f7107894120f1b489810e8f9ce8dd110e816a146a8c660714fc0a93fd6ba0dff51d7deb06a8ed05cad0c3bdc952d1b7835c22ac689888eadc8311dfbebd211a193a60f260c68a6d816d768c500a7509008790a02aba44708141cd7932d3de8e87aff88c731038968bcb98973d3ee8e4083bd0ed4dcf6926eb3c4169f6f3856b710103d7aec3ef4284c,gx-no-cache=1491229989810 HTTP/1.1" 200 29
192.168.10.96 - - [03/Apr/2017:10:38:32 -0300] "POST /cormun/servlet/solicitudot?gx-no-cache=1491229989828 HTTP/1.1" 200 1274
192.168.10.96 - - [03/Apr/2017:10:38:32 -0300] "POST /cormun/servlet/solicitudot?gx-no-cache=1491229989861 HTTP/1.1" 200 1157
186.103.159.46 - - [03/Apr/2017:10:38:34 -0300] "GET /cormun/servlet/permisogoce?40d0ca9ce5b937fd5a7c374ecd49213d50e19a92b9a6d238a4ff727afb9be3d00c209c57138cf32ec0be3f22f4c8265de1a1d6415990753172f657c5721936b1516677b0993f39c7b5dad0073fd562d2,gx-no-cache=1491226780973 HTTP/1.1" 200 126
192.168.10.96 - - [03/Apr/2017:10:38:39 -0300] "POST /cormun/servlet/solicitudot?gx-no-cache=1491229997014 HTTP/1.1" 200 1273
192.168.10.96 - - [03/Apr/2017:10:38:39 -0300] "POST /cormun/servlet/solicitudot?gx-no-cache=1491229997078 HTTP/1.1" 200 1157
186.103.159.46 - - [03/Apr/2017:10:38:44 -0300] "GET /cormun/servlet/permisogoce?40d0ca9ce5b937fd5a7c374ecd49213d50e19a92b9a6d238a4ff727afb9be3d00c209c57138cf32ec0be3f22f4c8265d6d40263c9ba1f3d06928b56e9b41475e516677b0993f39c7b5dad0073fd562d2,gx-no-cache=1491226790421 HTTP/1.1" 200 157
186.103.159.46 - - [03/Apr/2017:10:38:46 -0300] "GET /cormun/static/menuarrow.gif HTTP/1.1" 404 1015
192.168.10.96 - - [03/Apr/2017:10:38:47 -0300] "GET /cormun/servlet/solicitudot?187dae3af2f3a2085008ce376660ca310554ae2e670f293833299ecf7ae5388d2293a3f249d8ed6d7338f4ae002f8745a999cacab6deed395b6e248ecee21e2692b673b45fe5fe4b4541dd2fcb149d921708a572868c4fa48e8732cd55f8d9ec455411c66f7936d7c209b5f8c102d6ac83e3abf51060569915487575700d5bbb59800cc62050c10a13df8439c809f8b6338d85d0466e421f484cdeee4e37085fcf834c746518c35a6ac9341909253d42,gx-no-cache=1491230005018 HTTP/1.1" 200 30
192.168.10.96 - - [03/Apr/2017:10:38:53 -0300] "POST /cormun/servlet/solicitudot?fc0a6072d27d718febb888a238acdd92,INS,0,0,,gx-no-cache=1491230010333 HTTP/1.1" 200 93
192.168.10.96 - - [03/Apr/2017:10:38:53 -0300] "GET /cormun/servlet/hpexe_return? HTTP/1.1" 200 1007
192.168.10.96 - - [03/Apr/2017:10:38:53 -0300] "GET /cormun/servlet/trsolicitudot HTTP/1.1" 200 8284
192.168.10.96 - - [03/Apr/2017:10:38:54 -0300] "GET /cormun/servlet/trsolicitudot HTTP/1.1" 200 8280
186.103.159.46 - - [03/Apr/2017:10:38:54 -0300] "GET /cormun/servlet/permisogoce?40d0ca9ce5b937fd5a7c374ecd49213d50e19a92b9a6d238a4ff727afb9be3d00c209c57138cf32ec0be3f22f4c8265d6d40263c9ba1f3d06928b56e9b41475e516677b0993f39c7b5dad0073fd562d2,gx-no-cache=1491226800497 HTTP/1.1" 200 157
192.168.10.96 - - [03/Apr/2017:10:38:55 -0300] "GET /cormun/servlet/solicitudot?INS,0,0, HTTP/1.1" 200 12811
192.168.10.96 - - [03/Apr/2017:10:38:56 -0300] "GET /cormun/servlet/solicitudot?INS,0,0, HTTP/1.1" 200 12816
192.168.10.96 - - [03/Apr/2017:10:38:58 -0300] "GET /cormun/servlet/prfichaempleado?,MD,,gxPopupLevel%3D0%3B HTTP/1.1" 200 8840
186.103.159.46 - - [03/Apr/2017:10:38:59 -0300] "POST /cormun/servlet/permisogoce?21d226aacbcdaf523944429e6a96aec9,UPD,11756419,P,20170403112433,,gx-no-cache=1491226805444 HTTP/1.1" 200 4204
186.103.159.46 - - [03/Apr/2017:10:39:03 -0300] "POST /cormun/servlet/permisogoce?21d226aacbcdaf523944429e6a96aec9,UPD,11756419,P,20170403112433,,gx-no-cache=1491226809425 HTTP/1.1" 200 4204
192.168.10.96 - - [03/Apr/2017:10:39:06 -0300] "POST /cormun/servlet/prfichaempleado?fc0a6072d27d718febb888a238acdd92,,MD,,gxPopupLevel%3D0%3B,gx-no-cache=1491230023705 HTTP/1.1" 200 3462
192.168.10.96 - - [03/Apr/2017:10:39:09 -0300] "POST /cormun/servlet/solicitudot?gx-no-cache=1491230026332 HTTP/1.1" 200 3202
192.168.10.96 - - [03/Apr/2017:10:39:09 -0300] "POST /cormun/servlet/solicitudot?fc0a6072d27d718febb888a238acdd92,INS,0,0,,gx-no-cache=1491230026545 HTTP/1.1" 200 9984
186.103.159.46 - - [03/Apr/2017:10:39:09 -0300] "GET /cormun/servlet/permisogoce?40d0ca9ce5b937fd5a7c374ecd49213d50e19a92b9a6d238a4ff727afb9be3d00c209c57138cf32ec0be3f22f4c8265de1a1d6415990753172f657c5721936b1516677b0993f39c7b5dad0073fd562d2,gx-no-cache=1491226816219 HTTP/1.1" 200 126
186.103.159.46 - - [03/Apr/2017:10:39:10 -0300] "POST /cormun/servlet/permisogoce?21d226aacbcdaf523944429e6a96aec9,UPD,11756419,P,20170403112433,,gx-no-cache=1491226816310 HTTP/1.1" 200 4193
192.168.10.96 - - [03/Apr/2017:10:39:10 -0300] "GET /cormun/servlet/solicitudot?187dae3af2f3a2085008ce376660ca31343194a4cbaa94abd2c37509726c9608f526e25b91d7558d1433aad31d7661f4,gx-no-cache=1491230027541 HTTP/1.1" 200 30
192.168.10.96 - - [03/Apr/2017:10:39:10 -0300] "POST /cormun/servlet/solicitudot?gx-no-cache=1491230027612 HTTP/1.1" 200 255
192.168.10.96 - - [03/Apr/2017:10:39:10 -0300] "GET /cormun/servlet/solicitudot?187dae3af2f3a2085008ce376660ca31e79ea9ad174a5853d7c938a005bf7b600c598fa4172b44205f8877f8af534dcf6f485ba5638a29e425ed268ad347bac2be46fef4e458858d6dd31212cefaa05de730b3bc222a512f829d8064b84eb327d4821f6170ed68c6b48a8f60ce01db703ea72a376f0a91935f4c2cc703537071e20e119bb98ca4a502d4390ea82c37df52445bce9980dce041aee6b7297e90a31677fdefe5982b2f0870be92c03bde03c9a4673ae01727b8d770446d5a877a8af1cd5f1ee2dd776a8a1d85ac1b4eb219c45a7608ee0cee4594e0766fe4629f1ed24a893e769ea48f1c97ece3613378d82e8a6ac18934a8e3d5ad7d3635766cd3e35f867c0bc3e26c1bf982721183ac79af5502b93a4b0a0289183dfff8579feee69eaf84f52db5b54364777428b697e204fae5c4af2670f66cfea4d1d19d719960e35f2c0b9a2c907eb6937be3be9d264bcc0f68cf9895f299f672993968c0ba59db315d9a7a01fedc429a1a1c0b225e1af1d8d5de348014cb9b75912f9f31c9,gx-no-cache=1491230027643 HTTP/1.1" 200 30
192.168.10.96 - - [03/Apr/2017:10:39:12 -0300] "POST /cormun/servlet/solicitudot?gx-no-cache=1491230029158 HTTP/1.1" 200 30
192.168.10.96 - - [03/Apr/2017:10:39:13 -0300] "GET /cormun/servlet/prcontratosol?12694303,,,,,MD,,gxPopupLevel%3D0%3B HTTP/1.1" 200 5975
192.168.10.96 - - [03/Apr/2017:10:39:15 -0300] "POST /cormun/servlet/solicitudot?gx-no-cache=1491230032114 HTTP/1.1" 200 1291
192.168.10.96 - - [03/Apr/2017:10:39:15 -0300] "POST /cormun/servlet/solicitudot?gx-no-cache=1491230032153 HTTP/1.1" 200 38
192.168.10.96 - - [03/Apr/2017:10:39:15 -0300] "GET /cormun/servlet/solicitudot?187dae3af2f3a2085008ce376660ca31407f2cd442f810f7107894120f1b489810e8f9ce8dd110e816a146a8c660714fc0a93fd6ba0dff51d7deb06a8ed05cad0c3bdc952d1b7835c22ac689888eadc8311dfbebd211a193a60f260c68a6d816d768c500a7509008790a02aba44708141cd7932d3de8e87aff88c731038968bcb98973d3ee8e4083bd0ed4dcf6926eb3c4169f6f3856b710103d7aec3ef4284c,gx-no-cache=1491230032174 HTTP/1.1" 200 29
192.168.10.96 - - [03/Apr/2017:10:39:15 -0300] "POST /cormun/servlet/solicitudot?gx-no-cache=1491230032191 HTTP/1.1" 200 1274
192.168.10.96 - - [03/Apr/2017:10:39:15 -0300] "POST /cormun/servlet/solicitudot?gx-no-cache=1491230032220 HTTP/1.1" 200 1157
192.168.10.96 - - [03/Apr/2017:10:39:20 -0300] "POST /cormun/servlet/solicitudot?gx-no-cache=1491230037364 HTTP/1.1" 200 1274
192.168.10.96 - - [03/Apr/2017:10:39:20 -0300] "POST /cormun/servlet/solicitudot?gx-no-cache=1491230037420 HTTP/1.1" 200 1157
192.168.10.13 - - [03/Apr/2017:10:39:26 -0300] "GET / HTTP/1.1" 200 11217
186.103.159.46 - - [03/Apr/2017:10:39:28 -0300] "POST /cormun/servlet/permisogoce?21d226aacbcdaf523944429e6a96aec9,UPD,11756419,P,20170403112433,,gx-no-cache=1491226834041 HTTP/1.1" 200 4166
192.168.10.96 - - [03/Apr/2017:10:39:30 -0300] "GET /cormun/servlet/solicitudot?187dae3af2f3a2085008ce376660ca310554ae2e670f293833299ecf7ae5388d2293a3f249d8ed6d7338f4ae002f8745a999cacab6deed395b6e248ecee21e2692b673b45fe5fe4b4541dd2fcb149d921708a572868c4fa48e8732cd55f8d9ec455411c66f7936d7c209b5f8c102d6ac83e3abf51060569915487575700d5bbb59800cc62050c10a13df8439c809f8b6338d85d0466e421f484cdeee4e37085f602c6ba1c38e3ccf444601f2d3e5b700,gx-no-cache=1491230047440 HTTP/1.1" 200 30
192.168.10.96 - - [03/Apr/2017:10:39:35 -0300] "POST /cormun/servlet/solicitudot?fc0a6072d27d718febb888a238acdd92,INS,0,0,,gx-no-cache=1491230052179 HTTP/1.1" 200 93
192.168.10.96 - - [03/Apr/2017:10:39:35 -0300] "GET /cormun/servlet/hpexe_return? HTTP/1.1" 200 1007
192.168.10.96 - - [03/Apr/2017:10:39:35 -0300] "GET /cormun/servlet/trsolicitudot HTTP/1.1" 200 8586
192.168.10.96 - - [03/Apr/2017:10:39:35 -0300] "GET /cormun/servlet/trsolicitudot HTTP/1.1" 200 8581
192.168.10.96 - - [03/Apr/2017:10:39:37 -0300] "POST /cormun/servlet/trsolicitudot?fc0a6072d27d718febb888a238acdd92,gx-no-cache=1491230054844 HTTP/1.1" 200 5487
192.168.10.96 - - [03/Apr/2017:10:39:37 -0300] "GET /cormun/static/Shared/jqueryui/images/ui-icons_82798d_256x240.png HTTP/1.1" 404 1089
192.168.10.96 - - [03/Apr/2017:10:39:37 -0300] "GET /cormun/static/Shared/jqueryui/images/ui-bg_highlight-soft_100_c6c2c8_1x100.png HTTP/1.1" 404 1117
192.168.10.96 - - [03/Apr/2017:10:39:37 -0300] "GET /cormun/static/Shared/jqueryui/images/ui-bg_flat_55_fafafa_40x100.png HTTP/1.1" 404 1097
192.168.10.96 - - [03/Apr/2017:10:39:37 -0300] "GET /cormun/static/Shared/jqueryui/images/ui-icons_8d78a5_256x240.png HTTP/1.1" 404 1089
186.103.159.46 - - [03/Apr/2017:10:39:37 -0300] "GET /cormun/servlet/trpermisosgoce HTTP/1.1" 200 12208
192.168.10.96 - - [03/Apr/2017:10:39:37 -0300] "POST /cormun/servlet/trsolicitudot?fc0a6072d27d718febb888a238acdd92,gx-no-cache=1491230055051 HTTP/1.1" 200 5430
192.168.10.96 - - [03/Apr/2017:10:39:38 -0300] "POST /cormun/servlet/trsolicitudot?fc0a6072d27d718febb888a238acdd92,gx-no-cache=1491230055983 HTTP/1.1" 200 4353
192.168.10.96 - - [03/Apr/2017:10:39:39 -0300] "POST /cormun/servlet/trsolicitudot?fc0a6072d27d718febb888a238acdd92,gx-no-cache=1491230056159 HTTP/1.1" 200 4120
186.103.159.46 - - [03/Apr/2017:10:39:40 -0300] "GET /cormun/servlet/trpermisosgoce HTTP/1.1" 200 12206
192.168.10.96 - - [03/Apr/2017:10:39:40 -0300] "GET /cormun/servlet/trautorizarsolicitud? HTTP/1.1" 200 8529
192.168.10.96 - - [03/Apr/2017:10:39:41 -0300] "GET /cormun/servlet/trautorizarsolicitud? HTTP/1.1" 200 8529
192.168.10.96 - - [03/Apr/2017:10:39:43 -0300] "POST /cormun/servlet/trautorizarsolicitud?fc0a6072d27d718febb888a238acdd92,,gx-no-cache=1491230060135 HTTP/1.1" 200 5460
192.168.10.96 - - [03/Apr/2017:10:39:43 -0300] "GET /cormun/static/Shared/jqueryui/images/ui-icons_82798d_256x240.png HTTP/1.1" 404 1089
192.168.10.96 - - [03/Apr/2017:10:39:43 -0300] "GET /cormun/static/Shared/jqueryui/images/ui-bg_highlight-soft_100_c6c2c8_1x100.png HTTP/1.1" 404 1117
192.168.10.96 - - [03/Apr/2017:10:39:43 -0300] "GET /cormun/static/Shared/jqueryui/images/ui-bg_flat_55_fafafa_40x100.png HTTP/1.1" 404 1097
192.168.10.96 - - [03/Apr/2017:10:39:43 -0300] "GET /cormun/static/Shared/jqueryui/images/ui-icons_8d78a5_256x240.png HTTP/1.1" 404 1089
192.168.10.96 - - [03/Apr/2017:10:39:43 -0300] "POST /cormun/servlet/trautorizarsolicitud?fc0a6072d27d718febb888a238acdd92,,gx-no-cache=1491230060319 HTTP/1.1" 200 5405
192.168.10.96 - - [03/Apr/2017:10:39:44 -0300] "POST /cormun/servlet/trautorizarsolicitud?fc0a6072d27d718febb888a238acdd92,,gx-no-cache=1491230061379 HTTP/1.1" 200 4330
192.168.10.96 - - [03/Apr/2017:10:39:44 -0300] "POST /cormun/servlet/trautorizarsolicitud?fc0a6072d27d718febb888a238acdd92,,gx-no-cache=1491230061559 HTTP/1.1" 200 4097
192.168.10.89 - - [03/Apr/2017:10:39:44 -0300] "GET /cormun/servlet/trsolicitudgral? HTTP/1.1" 200 25028
186.103.159.46 - - [03/Apr/2017:10:39:45 -0300] "GET /cormun/servlet/permisogoce?DLT,11756419,P,20170403112433, HTTP/1.1" 200 6547
186.103.159.46 - - [03/Apr/2017:10:39:46 -0300] "GET /cormun/static/Shared/jqueryui/images/ui-bg_highlight-soft_100_c6c2c8_1x100.png HTTP/1.1" 404 1117
186.103.159.46 - - [03/Apr/2017:10:39:46 -0300] "GET /cormun/static/Shared/jqueryui/images/ui-icons_82798d_256x240.png HTTP/1.1" 404 1089
186.103.159.46 - - [03/Apr/2017:10:39:47 -0300] "GET /cormun/static/Shared/jqueryui/images/ui-bg_flat_55_fafafa_40x100.png HTTP/1.1" 404 1097
186.103.159.46 - - [03/Apr/2017:10:39:47 -0300] "GET /cormun/static/Shared/jqueryui/images/ui-icons_8d78a5_256x240.png HTTP/1.1" 404 1089
186.103.159.46 - - [03/Apr/2017:10:39:47 -0300] "GET /cormun/servlet/permisogoce?DLT,11756419,P,20170403112433, HTTP/1.1" 200 6549
186.103.159.46 - - [03/Apr/2017:10:39:49 -0300] "POST /cormun/servlet/permisogoce?21d226aacbcdaf523944429e6a96aec9,DLT,11756419,P,20170403112433,,gx-no-cache=1491226855344 HTTP/1.1" 200 4199
186.103.159.46 - - [03/Apr/2017:10:39:49 -0300] "GET /cormun/static/Shared/jqueryui/images/ui-bg_flat_55_994d53_40x100.png HTTP/1.1" 404 1097
186.103.159.46 - - [03/Apr/2017:10:39:49 -0300] "GET /cormun/static/Shared/jqueryui/images/ui-icons_ebccce_256x240.png HTTP/1.1" 404 1089
186.103.159.46 - - [03/Apr/2017:10:39:51 -0300] "POST /cormun/servlet/permisogoce?21d226aacbcdaf523944429e6a96aec9,DLT,11756419,P,20170403112433,,gx-no-cache=1491226857094 HTTP/1.1" 200 4200
186.103.159.46 - - [03/Apr/2017:10:39:52 -0300] "POST /cormun/servlet/permisogoce?21d226aacbcdaf523944429e6a96aec9,DLT,11756419,P,20170403112433,,gx-no-cache=1491226858650 HTTP/1.1" 200 4200
186.103.159.46 - - [03/Apr/2017:10:39:56 -0300] "POST /cormun/servlet/permisogoce?21d226aacbcdaf523944429e6a96aec9,DLT,11756419,P,20170403112433,,gx-no-cache=1491226862509 HTTP/1.1" 200 4200
192.168.10.89 - - [03/Apr/2017:10:39:56 -0300] "POST /cormun/servlet/trsolicitudgral?4d8e98b165bdebde4c04b7101f291737,,gx-no-cache=1491230073690 HTTP/1.1" 200 6758
