186.103.156.211 - - [03/Apr/2017:13:02:21 -0300] "GET /cormun/servlet/trlicencias? HTTP/1.1" 200 8027
186.103.156.211 - - [03/Apr/2017:13:02:22 -0300] "GET /cormun/servlet/trlicencias? HTTP/1.1" 200 8026
192.168.10.13 - - [03/Apr/2017:13:02:26 -0300] "GET / HTTP/1.1" 200 11217
192.168.10.96 - - [03/Apr/2017:13:02:28 -0300] "GET /cormun/servlet/ainasistenciaprn?41,PU HTTP/1.1" 200 1600
192.168.10.96 - - [03/Apr/2017:13:02:36 -0300] "GET /cormun/servlet/inasistencia?DLT,41, HTTP/1.1" 200 6581
192.168.10.96 - - [03/Apr/2017:13:02:36 -0300] "GET /cormun/static/Shared/jqueryui/images/ui-icons_82798d_256x240.png HTTP/1.1" 404 1089
192.168.10.96 - - [03/Apr/2017:13:02:36 -0300] "GET /cormun/static/Shared/jqueryui/images/ui-bg_highlight-soft_100_c6c2c8_1x100.png HTTP/1.1" 404 1117
192.168.10.96 - - [03/Apr/2017:13:02:36 -0300] "GET /cormun/static/Shared/jqueryui/images/ui-bg_flat_55_fafafa_40x100.png HTTP/1.1" 404 1097
192.168.10.96 - - [03/Apr/2017:13:02:36 -0300] "GET /cormun/static/Shared/jqueryui/images/ui-icons_8d78a5_256x240.png HTTP/1.1" 404 1089
192.168.10.96 - - [03/Apr/2017:13:02:36 -0300] "GET /cormun/servlet/inasistencia?DLT,41, HTTP/1.1" 200 6582
192.168.10.96 - - [03/Apr/2017:13:02:39 -0300] "POST /cormun/servlet/inasistencia?f8725b372900c5430ad005c3239d5d26,DLT,41,,gx-no-cache=1491238636813 HTTP/1.1" 200 93
192.168.10.96 - - [03/Apr/2017:13:02:39 -0300] "GET /cormun/servlet/hpexe_return? HTTP/1.1" 200 1011
192.168.10.96 - - [03/Apr/2017:13:02:39 -0300] "GET /cormun/servlet/trinasistencia HTTP/1.1" 200 6806
192.168.10.96 - - [03/Apr/2017:13:02:40 -0300] "GET /cormun/servlet/trinasistencia HTTP/1.1" 200 6802
186.103.156.211 - - [03/Apr/2017:13:02:45 -0300] "GET /cormun/servlet/alicenciaprn?10392568,L,20170403000000,PU HTTP/1.1" 200 1566
192.168.10.96 - - [03/Apr/2017:13:02:54 -0300] "GET /cormun/servlet/trlicencias? HTTP/1.1" 200 6862
192.168.10.96 - - [03/Apr/2017:13:02:54 -0300] "GET /cormun/static/gxcfg.js?2016122619301429 HTTP/1.1" 200 953
192.168.10.96 - - [03/Apr/2017:13:02:54 -0300] "GET /cormun/static/trlicencias.js?2016122619301919 HTTP/1.1" 200 37913
192.168.10.96 - - [03/Apr/2017:13:02:54 -0300] "GET /cormun/servlet/trlicencias? HTTP/1.1" 200 6862
192.168.10.96 - - [03/Apr/2017:13:03:01 -0300] "GET /cormun/servlet/trpermisosgoce? HTTP/1.1" 200 12665
192.168.10.96 - - [03/Apr/2017:13:03:01 -0300] "GET /cormun/servlet/trpermisosgoce? HTTP/1.1" 200 12667
192.168.10.96 - - [03/Apr/2017:13:03:04 -0300] "GET /cormun/servlet/permisogoce?INS,0,,, HTTP/1.1" 200 6779
192.168.10.96 - - [03/Apr/2017:13:03:05 -0300] "GET /cormun/servlet/permisogoce?INS,0,,, HTTP/1.1" 200 6780
192.168.10.96 - - [03/Apr/2017:13:03:08 -0300] "GET /cormun/servlet/prfichaempleado?,MD,,gxPopupLevel%3D0%3B HTTP/1.1" 200 8834
192.168.10.96 - - [03/Apr/2017:13:03:11 -0300] "GET /cormun/servlet/permisogoce?b0c4d9536bc5589ac8439a8e2b73425e3c9d63d6dd04bfe6add27bc1c23c252139f351b45aba4afc75fad03b49c3b3eb,gx-no-cache=1491238668805 HTTP/1.1" 200 69
192.168.10.96 - - [03/Apr/2017:13:03:18 -0300] "GET /cormun/servlet/permisogoce?b0c4d9536bc5589ac8439a8e2b73425e5df1eaeb41707432352218822f649b9989bbd881c66d941902f7b4c549c8a908cafa83345503f4fda2cfeef1ccf67830,gx-no-cache=1491238675214 HTTP/1.1" 200 46
192.168.10.96 - - [03/Apr/2017:13:03:20 -0300] "POST /cormun/servlet/permisogoce?f8725b372900c5430ad005c3239d5d26,INS,0,,,,gx-no-cache=1491238677719 HTTP/1.1" 200 93
192.168.10.96 - - [03/Apr/2017:13:03:20 -0300] "GET /cormun/servlet/hpexe_return? HTTP/1.1" 200 1013
192.168.10.96 - - [03/Apr/2017:13:03:21 -0300] "GET /cormun/servlet/trpermisosgoce HTTP/1.1" 200 12875
192.168.10.96 - - [03/Apr/2017:13:03:21 -0300] "GET /cormun/servlet/trpermisosgoce HTTP/1.1" 200 12870
192.168.10.13 - - [03/Apr/2017:13:03:26 -0300] "GET / HTTP/1.1" 200 11217
192.168.10.96 - - [03/Apr/2017:13:03:30 -0300] "GET /cormun/servlet/permisogoce?DLT,9279275,P,20170403135758, HTTP/1.1" 200 6744
192.168.10.96 - - [03/Apr/2017:13:03:31 -0300] "GET /cormun/static/Shared/jqueryui/images/ui-bg_highlight-soft_100_c6c2c8_1x100.png HTTP/1.1" 404 1117
192.168.10.96 - - [03/Apr/2017:13:03:31 -0300] "GET /cormun/static/Shared/jqueryui/images/ui-icons_82798d_256x240.png HTTP/1.1" 404 1089
192.168.10.96 - - [03/Apr/2017:13:03:31 -0300] "GET /cormun/static/Shared/jqueryui/images/ui-icons_8d78a5_256x240.png HTTP/1.1" 404 1089
192.168.10.96 - - [03/Apr/2017:13:03:31 -0300] "GET /cormun/static/Shared/jqueryui/images/ui-bg_flat_55_fafafa_40x100.png HTTP/1.1" 404 1097
192.168.10.96 - - [03/Apr/2017:13:03:31 -0300] "GET /cormun/servlet/permisogoce?DLT,9279275,P,20170403135758, HTTP/1.1" 200 6747
192.168.10.96 - - [03/Apr/2017:13:03:32 -0300] "POST /cormun/servlet/permisogoce?f8725b372900c5430ad005c3239d5d26,DLT,9279275,P,20170403135758,,gx-no-cache=1491238689904 HTTP/1.1" 200 4418
192.168.10.96 - - [03/Apr/2017:13:03:33 -0300] "GET /cormun/static/Shared/jqueryui/images/ui-icons_ebccce_256x240.png HTTP/1.1" 404 1089
192.168.10.96 - - [03/Apr/2017:13:03:33 -0300] "GET /cormun/static/Shared/jqueryui/images/ui-bg_flat_55_994d53_40x100.png HTTP/1.1" 404 1097
192.168.10.96 - - [03/Apr/2017:13:03:38 -0300] "POST /cormun/servlet/permisogoce?f8725b372900c5430ad005c3239d5d26,DLT,9279275,P,20170403135758,,gx-no-cache=1491238695542 HTTP/1.1" 200 90
192.168.10.96 - - [03/Apr/2017:13:03:38 -0300] "GET /cormun/servlet/hpexe_link HTTP/1.1" 200 987
192.168.10.96 - - [03/Apr/2017:13:03:38 -0300] "GET /cormun/servlet/trpermisosgoce HTTP/1.1" 200 12866
192.168.10.96 - - [03/Apr/2017:13:03:39 -0300] "GET /cormun/servlet/trpermisosgoce HTTP/1.1" 200 12879
192.168.10.96 - - [03/Apr/2017:13:03:43 -0300] "GET /cormun/servlet/permisogoce?UPD,9279275,P,20170403135758, HTTP/1.1" 200 6836
192.168.10.96 - - [03/Apr/2017:13:03:43 -0300] "GET /cormun/servlet/permisogoce?UPD,9279275,P,20170403135758, HTTP/1.1" 200 6837
192.168.10.96 - - [03/Apr/2017:13:03:43 -0300] "GET /cormun/servlet/permisogoce?b0c4d9536bc5589ac8439a8e2b73425e3c9d63d6dd04bfe6add27bc1c23c2521b8a50ba05144f8b7a973683fdf2735f8,gx-no-cache=1491238700973 HTTP/1.1" 200 71
192.168.10.96 - - [03/Apr/2017:13:03:47 -0300] "GET /cormun/servlet/permisogoce?b0c4d9536bc5589ac8439a8e2b73425e5df1eaeb41707432352218822f649b99701e79fe0c0a16e989ee1a85913dc07631b05fd846a4a98cc963db2e2ee36b6e,gx-no-cache=1491238704211 HTTP/1.1" 200 132
192.168.10.96 - - [03/Apr/2017:13:03:47 -0300] "GET /cormun/static/Shared/jqueryui/images/ui-icons_82798d_256x240.png HTTP/1.1" 404 1089
192.168.10.96 - - [03/Apr/2017:13:03:47 -0300] "GET /cormun/static/Shared/jqueryui/images/ui-bg_highlight-soft_100_c6c2c8_1x100.png HTTP/1.1" 404 1117
192.168.10.96 - - [03/Apr/2017:13:03:47 -0300] "GET /cormun/static/Shared/jqueryui/images/ui-bg_flat_55_994d53_40x100.png HTTP/1.1" 404 1097
192.168.10.96 - - [03/Apr/2017:13:03:47 -0300] "GET /cormun/static/Shared/jqueryui/images/ui-icons_ebccce_256x240.png HTTP/1.1" 404 1089
192.168.10.96 - - [03/Apr/2017:13:03:50 -0300] "POST /cormun/servlet/permisogoce?f8725b372900c5430ad005c3239d5d26,UPD,9279275,P,20170403135758,,gx-no-cache=1491238707613 HTTP/1.1" 200 4388
192.168.10.96 - - [03/Apr/2017:13:03:51 -0300] "POST /cormun/servlet/permisogoce?f8725b372900c5430ad005c3239d5d26,UPD,9279275,P,20170403135758,,gx-no-cache=1491238708507 HTTP/1.1" 200 4390
192.168.10.96 - - [03/Apr/2017:13:03:52 -0300] "POST /cormun/servlet/permisogoce?f8725b372900c5430ad005c3239d5d26,UPD,9279275,P,20170403135758,,gx-no-cache=1491238709940 HTTP/1.1" 200 90
192.168.10.96 - - [03/Apr/2017:13:03:52 -0300] "GET /cormun/servlet/hpexe_link HTTP/1.1" 200 987
192.168.10.96 - - [03/Apr/2017:13:03:53 -0300] "GET /cormun/servlet/trpermisosgoce HTTP/1.1" 200 12879
192.168.10.96 - - [03/Apr/2017:13:03:53 -0300] "GET /cormun/servlet/trpermisosgoce HTTP/1.1" 200 12855
192.168.10.13 - - [03/Apr/2017:13:04:26 -0300] "GET / HTTP/1.1" 200 11217
192.168.10.96 - - [03/Apr/2017:13:04:31 -0300] "GET /cormun/servlet/tratrazos? HTTP/1.1" 200 6796
192.168.10.96 - - [03/Apr/2017:13:04:31 -0300] "GET /cormun/static/gxcfg.js?2016111619465317 HTTP/1.1" 200 953
192.168.10.96 - - [03/Apr/2017:13:04:31 -0300] "GET /cormun/static/tratrazos.js?2016111619465747 HTTP/1.1" 304 -
192.168.10.96 - - [03/Apr/2017:13:04:32 -0300] "GET /cormun/servlet/tratrazos? HTTP/1.1" 200 6796
186.103.156.211 - - [03/Apr/2017:13:04:32 -0300] "GET /cormun/servlet/alicenciaprn?10392568,L,20170403000000,PU HTTP/1.1" 200 1568
192.168.10.96 - - [03/Apr/2017:13:04:34 -0300] "GET /cormun/servlet/atrazos?INS,0, HTTP/1.1" 200 6734
192.168.10.96 - - [03/Apr/2017:13:04:34 -0300] "GET /cormun/static/gxcfg.js?201732912141335 HTTP/1.1" 200 953
192.168.10.96 - - [03/Apr/2017:13:04:34 -0300] "GET /cormun/static/atrazos.js?201732912141379 HTTP/1.1" 200 24012
192.168.10.96 - - [03/Apr/2017:13:04:34 -0300] "GET /cormun/servlet/atrazos?INS,0, HTTP/1.1" 200 6735
192.168.10.96 - - [03/Apr/2017:13:04:37 -0300] "GET /cormun/servlet/prfichaempleado?,MD,,gxPopupLevel%3D0%3B HTTP/1.1" 200 8830
186.103.156.211 - - [03/Apr/2017:13:05:02 -0300] "GET /cormun/servlet/trlicenciaspermisosadjuntos?10392568,20170403000000,L, HTTP/1.1" 200 6342
186.103.156.211 - - [03/Apr/2017:13:05:02 -0300] "GET /cormun/static/gxcfg.js?20173171154619 HTTP/1.1" 200 953
186.103.156.211 - - [03/Apr/2017:13:05:03 -0300] "GET /cormun/static/trlicenciaspermisosadjuntos.js?20173171154971 HTTP/1.1" 200 21005
192.168.10.96 - - [03/Apr/2017:13:05:03 -0300] "GET /cormun/servlet/atrazos?07122fd5f3ad29bd286902ccbcc8365d6ef891f8be624cf1acbcd258a14c355fe1c4d549ff9198cf31335687cf7dd09a,gx-no-cache=1491238780992 HTTP/1.1" 200 67
186.103.156.211 - - [03/Apr/2017:13:05:04 -0300] "GET /cormun/servlet/trlicenciaspermisosadjuntos?10392568,20170403000000,L, HTTP/1.1" 200 6342
192.168.10.96 - - [03/Apr/2017:13:05:08 -0300] "GET /cormun/servlet/atrazos?07122fd5f3ad29bd286902ccbcc8365d92a81e8ec50fb7c7c4d5edc699eb61c7370dfefc696425a006f918842918022a,gx-no-cache=1491238785292 HTTP/1.1" 200 33
192.168.10.96 - - [03/Apr/2017:13:05:13 -0300] "GET /cormun/servlet/atrazos?07122fd5f3ad29bd286902ccbcc8365d2c46d8f6736f4d6baf48d2d192489c2787c48484377223e364051586608925a710b7412d1dbdf473ed574f23a20c0d7942c837aa0c5d17d6f360afc8d426ca6cad7e181f17ffda969976e7868f44c056756bec33313466d3c784a7237e4657399347bd3c044f9082f4305175b9ebcc6e611db09840c909447803fe05dc8d4b341aefe97e62d1df40eab1536555773d6c,gx-no-cache=1491238790098 HTTP/1.1" 200 44
192.168.10.96 - - [03/Apr/2017:13:05:15 -0300] "POST /cormun/servlet/atrazos?f8725b372900c5430ad005c3239d5d26,INS,0,,gx-no-cache=1491238792746 HTTP/1.1" 200 93
192.168.10.96 - - [03/Apr/2017:13:05:15 -0300] "GET /cormun/servlet/hpexe_return? HTTP/1.1" 200 1006
192.168.10.96 - - [03/Apr/2017:13:05:16 -0300] "GET /cormun/servlet/tratrazos HTTP/1.1" 200 7570
192.168.10.96 - - [03/Apr/2017:13:05:16 -0300] "GET /cormun/servlet/tratrazos HTTP/1.1" 200 7566
192.168.10.96 - - [03/Apr/2017:13:05:18 -0300] "GET /cormun/servlet/aatrasoprn?42,PU HTTP/1.1" 200 1573
192.168.10.13 - - [03/Apr/2017:13:05:26 -0300] "GET / HTTP/1.1" 200 11217
192.168.10.96 - - [03/Apr/2017:13:05:27 -0300] "GET /cormun/servlet/atrazos?DLT,42, HTTP/1.1" 200 6605
192.168.10.96 - - [03/Apr/2017:13:05:27 -0300] "GET /cormun/static/Shared/jqueryui/images/ui-bg_highlight-soft_100_c6c2c8_1x100.png HTTP/1.1" 404 1117
192.168.10.96 - - [03/Apr/2017:13:05:27 -0300] "GET /cormun/static/Shared/jqueryui/images/ui-icons_82798d_256x240.png HTTP/1.1" 404 1089
192.168.10.96 - - [03/Apr/2017:13:05:27 -0300] "GET /cormun/static/Shared/jqueryui/images/ui-bg_flat_55_fafafa_40x100.png HTTP/1.1" 404 1097
192.168.10.96 - - [03/Apr/2017:13:05:27 -0300] "GET /cormun/static/Shared/jqueryui/images/ui-icons_8d78a5_256x240.png HTTP/1.1" 404 1089
192.168.10.96 - - [03/Apr/2017:13:05:27 -0300] "GET /cormun/servlet/atrazos?DLT,42, HTTP/1.1" 200 6606
192.168.10.96 - - [03/Apr/2017:13:05:29 -0300] "POST /cormun/servlet/atrazos?f8725b372900c5430ad005c3239d5d26,DLT,42,,gx-no-cache=1491238806023 HTTP/1.1" 200 93
192.168.10.96 - - [03/Apr/2017:13:05:29 -0300] "GET /cormun/servlet/hpexe_return? HTTP/1.1" 200 1006
192.168.10.96 - - [03/Apr/2017:13:05:29 -0300] "GET /cormun/servlet/tratrazos HTTP/1.1" 200 6800
192.168.10.96 - - [03/Apr/2017:13:05:29 -0300] "GET /cormun/servlet/tratrazos HTTP/1.1" 200 6796
192.168.10.96 - - [03/Apr/2017:13:05:58 -0300] "GET /cormun/servlet/trpermisosgoce? HTTP/1.1" 200 12876
192.168.10.96 - - [03/Apr/2017:13:05:58 -0300] "GET /cormun/servlet/trpermisosgoce? HTTP/1.1" 200 12872
186.103.156.166 - - [03/Apr/2017:13:05:58 -0300] "GET /cormun/servlet/hhome HTTP/1.1" 200 3316
186.103.156.166 - - [03/Apr/2017:13:05:58 -0300] "GET /cormun/servlet/hhome HTTP/1.1" 200 3312
186.103.156.166 - - [03/Apr/2017:13:05:59 -0300] "GET /cormun/servlet/hhome HTTP/1.1" 200 3322
186.103.156.166 - - [03/Apr/2017:13:05:59 -0300] "GET /cormun/servlet/hlogin HTTP/1.1" 200 1729
186.103.159.204 - - [03/Apr/2017:13:05:59 -0300] "GET /cormun/servlet/hpexe_return? HTTP/1.1" 200 979
186.103.159.204 - - [03/Apr/2017:13:05:59 -0300] "GET /cormun/static/gxtimezone.js?85251 HTTP/1.1" 200 5781
186.103.159.204 - - [03/Apr/2017:13:05:59 -0300] "GET /cormun/static/gxcfg.js?2016101716175148 HTTP/1.1" 200 953
186.103.159.204 - - [03/Apr/2017:13:05:59 -0300] "GET /cormun/static/RunJS/RunJS.js HTTP/1.1" 200 288
186.103.159.204 - - [03/Apr/2017:13:05:59 -0300] "GET /cormun/static/Resources/Spanish/PXTools.css?167811 HTTP/1.1" 200 89042
186.103.159.204 - - [03/Apr/2017:13:05:59 -0300] "GET /cormun/static/hpexe_return.js?2016101716175153 HTTP/1.1" 200 1633
186.103.159.204 - - [03/Apr/2017:13:05:59 -0300] "GET /cormun/static/messages.spa.js?85251 HTTP/1.1" 200 30736
186.103.159.204 - - [03/Apr/2017:13:06:00 -0300] "GET /cormun/static/gxgral.js?85251 HTTP/1.1" 200 384558
186.103.159.204 - - [03/Apr/2017:13:06:00 -0300] "GET /cormun/static/Resources/indicator.gif HTTP/1.1" 200 1553
186.103.159.204 - - [03/Apr/2017:13:06:00 -0300] "GET /cormun/servlet/hhome HTTP/1.1" 200 3333
192.168.10.96 - - [03/Apr/2017:13:06:00 -0300] "GET /cormun/servlet/permisogoce?INS,0,,, HTTP/1.1" 200 6779
192.168.10.96 - - [03/Apr/2017:13:06:01 -0300] "GET /cormun/servlet/permisogoce?INS,0,,, HTTP/1.1" 200 6779
192.168.10.96 - - [03/Apr/2017:13:06:08 -0300] "GET /cormun/servlet/permisogoce?b0c4d9536bc5589ac8439a8e2b73425ed9c4a789975175558ebc2f40c6a0249d36375badfb82d6e71b0b9bc9f1227ee7,gx-no-cache=1491238845862 HTTP/1.1" 200 80
186.103.156.166 - - [03/Apr/2017:13:06:12 -0300] "POST /cormun/servlet/hlogin?ce0e56936d45e09e8ffe2f2f4661c424,gx-no-cache=1491239218477 HTTP/1.1" 200 90
186.103.156.166 - - [03/Apr/2017:13:06:12 -0300] "GET /cormun/servlet/hpexe_link HTTP/1.1" 200 948
186.103.156.166 - - [03/Apr/2017:13:06:12 -0300] "GET /cormun/servlet/hhome HTTP/1.1" 200 3701
186.103.156.166 - - [03/Apr/2017:13:06:12 -0300] "GET /cormun/servlet/hhome HTTP/1.1" 200 3697
192.168.10.96 - - [03/Apr/2017:13:06:18 -0300] "GET /cormun/servlet/permisogoce?b0c4d9536bc5589ac8439a8e2b73425e0be3bbb3b7777f528cde3655f3eeeb3d17771c01444bec6f3c764a3f6b16fdf935ac171ab75fd12ed824a30053b61f8d,gx-no-cache=1491238855204 HTTP/1.1" 200 125
192.168.10.96 - - [03/Apr/2017:13:06:18 -0300] "GET /cormun/static/Shared/jqueryui/images/ui-bg_highlight-soft_100_c6c2c8_1x100.png HTTP/1.1" 404 1117
192.168.10.96 - - [03/Apr/2017:13:06:18 -0300] "GET /cormun/static/Shared/jqueryui/images/ui-icons_82798d_256x240.png HTTP/1.1" 404 1089
192.168.10.96 - - [03/Apr/2017:13:06:18 -0300] "GET /cormun/static/Shared/jqueryui/images/ui-bg_flat_55_994d53_40x100.png HTTP/1.1" 404 1097
192.168.10.96 - - [03/Apr/2017:13:06:18 -0300] "GET /cormun/static/Shared/jqueryui/images/ui-icons_ebccce_256x240.png HTTP/1.1" 404 1089
186.103.156.166 - - [03/Apr/2017:13:06:18 -0300] "GET /cormun/servlet/trpermisosgoce? HTTP/1.1" 200 7550
186.103.156.166 - - [03/Apr/2017:13:06:19 -0300] "GET /cormun/servlet/trpermisosgoce? HTTP/1.1" 200 7549
192.168.10.13 - - [03/Apr/2017:13:06:26 -0300] "GET / HTTP/1.1" 200 11217
192.168.10.96 - - [03/Apr/2017:13:06:30 -0300] "POST /cormun/servlet/permisogoce?f8725b372900c5430ad005c3239d5d26,INS,0,,,,gx-no-cache=1491238867694 HTTP/1.1" 200 90
192.168.10.96 - - [03/Apr/2017:13:06:30 -0300] "GET /cormun/servlet/hpexe_link HTTP/1.1" 200 970
192.168.10.96 - - [03/Apr/2017:13:06:30 -0300] "GET /cormun/servlet/trpermisosgoce HTTP/1.1" 200 12875
192.168.10.96 - - [03/Apr/2017:13:06:31 -0300] "GET /cormun/servlet/trpermisosgoce HTTP/1.1" 200 12874
192.168.10.96 - - [03/Apr/2017:13:06:34 -0300] "GET /cormun/servlet/permisogoce?INS,0,,, HTTP/1.1" 200 6779
192.168.10.96 - - [03/Apr/2017:13:06:34 -0300] "GET /cormun/servlet/permisogoce?INS,0,,, HTTP/1.1" 200 6779
192.168.10.96 - - [03/Apr/2017:13:06:37 -0300] "GET /cormun/servlet/prfichaempleado?,MD,,gxPopupLevel%3D0%3B HTTP/1.1" 200 8834
186.103.156.166 - - [03/Apr/2017:13:06:41 -0300] "GET /cormun/servlet/trpermisosadjuntos?11364742,20170403134119,P, HTTP/1.1" 200 6352
186.103.156.166 - - [03/Apr/2017:13:06:42 -0300] "GET /cormun/servlet/trpermisosadjuntos?11364742,20170403134119,P, HTTP/1.1" 200 6353
192.168.10.96 - - [03/Apr/2017:13:06:45 -0300] "POST /cormun/servlet/prfichaempleado?f8725b372900c5430ad005c3239d5d26,,MD,,gxPopupLevel%3D0%3B,gx-no-cache=1491238882566 HTTP/1.1" 200 3463
186.103.156.166 - - [03/Apr/2017:13:06:46 -0300] "GET /cormun/servlet/permisosadjuntos?INS,11364742,P,20170403134119,, HTTP/1.1" 200 5353
186.103.156.166 - - [03/Apr/2017:13:06:47 -0300] "GET /cormun/static/about:blank HTTP/1.1" 404 1011
186.103.156.166 - - [03/Apr/2017:13:06:47 -0300] "GET /cormun/servlet/permisosadjuntos?INS,11364742,P,20170403134119,, HTTP/1.1" 200 5343
192.168.10.96 - - [03/Apr/2017:13:06:50 -0300] "GET /cormun/servlet/permisogoce?b0c4d9536bc5589ac8439a8e2b73425e408f75bae3c4c1ad696303a1d92dd43b36375badfb82d6e71b0b9bc9f1227ee7,gx-no-cache=1491238887576 HTTP/1.1" 200 74
192.168.10.96 - - [03/Apr/2017:13:07:02 -0300] "GET /cormun/servlet/permisogoce?b0c4d9536bc5589ac8439a8e2b73425e408f75bae3c4c1ad696303a1d92dd43b3bb655f9bf43f78823744c89828f6a92997603f091e01a6031071115a583e771b76da0ed051a5aff887b853e62c3a9e25574f44fb0054658df198c95985a145b,gx-no-cache=1491238899388 HTTP/1.1" 200 74
192.168.10.96 - - [03/Apr/2017:13:07:02 -0300] "GET /cormun/servlet/permisogoce?b0c4d9536bc5589ac8439a8e2b73425e646126c124776d679741cda1595a3543fbd7a016deda8414b45bc5a1e51afdbb642886b8bd29c2e2ba9256bb6dd64730,gx-no-cache=1491238899673 HTTP/1.1" 200 129
192.168.10.96 - - [03/Apr/2017:13:07:02 -0300] "GET /cormun/static/Shared/jqueryui/images/ui-bg_highlight-soft_100_c6c2c8_1x100.png HTTP/1.1" 404 1117
192.168.10.96 - - [03/Apr/2017:13:07:02 -0300] "GET /cormun/static/Shared/jqueryui/images/ui-icons_82798d_256x240.png HTTP/1.1" 404 1089
192.168.10.96 - - [03/Apr/2017:13:07:02 -0300] "GET /cormun/static/Shared/jqueryui/images/ui-bg_flat_55_994d53_40x100.png HTTP/1.1" 404 1097
192.168.10.96 - - [03/Apr/2017:13:07:02 -0300] "GET /cormun/static/Shared/jqueryui/images/ui-icons_ebccce_256x240.png HTTP/1.1" 404 1089
192.168.10.96 - - [03/Apr/2017:13:07:15 -0300] "GET /cormun/servlet/permisogoce?b0c4d9536bc5589ac8439a8e2b73425e646126c124776d679741cda1595a3543887697655516071c86f5323f0d2e33a535ac171ab75fd12ed824a30053b61f8d,gx-no-cache=1491238912487 HTTP/1.1" 200 47
192.168.10.96 - - [03/Apr/2017:13:07:20 -0300] "POST /cormun/servlet/permisogoce?f8725b372900c5430ad005c3239d5d26,INS,0,,,,gx-no-cache=1491238918002 HTTP/1.1" 200 90
192.168.10.96 - - [03/Apr/2017:13:07:20 -0300] "GET /cormun/servlet/hpexe_link HTTP/1.1" 200 970
192.168.10.96 - - [03/Apr/2017:13:07:21 -0300] "GET /cormun/servlet/trpermisosgoce HTTP/1.1" 200 12872
192.168.10.96 - - [03/Apr/2017:13:07:21 -0300] "GET /cormun/servlet/trpermisosgoce HTTP/1.1" 200 12871
192.168.10.13 - - [03/Apr/2017:13:07:26 -0300] "GET / HTTP/1.1" 200 11217
192.168.10.96 - - [03/Apr/2017:13:07:48 -0300] "GET /cormun/servlet/hlogin HTTP/1.1" 200 1745
186.103.156.166 - - [03/Apr/2017:13:07:53 -0300] "POST /cormun/servlet/permisosadjuntos?ce0e56936d45e09e8ffe2f2f4661c424,INS,11364742,P,20170403134119,, HTTP/1.1" 200 116
186.103.156.166 - - [03/Apr/2017:13:07:53 -0300] "GET /cormun/servlet/hpexe_return? HTTP/1.1" 200 1033
186.103.156.166 - - [03/Apr/2017:13:07:53 -0300] "GET /cormun/servlet/trpermisosadjuntos?11364742,20170403134119,P, HTTP/1.1" 200 6554
186.103.156.166 - - [03/Apr/2017:13:07:54 -0300] "GET /cormun/servlet/trpermisosadjuntos?11364742,20170403134119,P, HTTP/1.1" 200 6550
186.103.156.166 - - [03/Apr/2017:13:08:06 -0300] "POST /cormun/servlet/trpermisosadjuntos?ce0e56936d45e09e8ffe2f2f4661c424,11364742,20170403134119,P,,gx-no-cache=1491239332853 HTTP/1.1" 200 90
186.103.156.166 - - [03/Apr/2017:13:08:06 -0300] "GET /cormun/servlet/hpexe_link HTTP/1.1" 200 979
186.103.156.166 - - [03/Apr/2017:13:08:07 -0300] "GET /cormun/servlet/trpermisosgoce HTTP/1.1" 200 7550
186.103.156.166 - - [03/Apr/2017:13:08:07 -0300] "GET /cormun/servlet/trpermisosgoce HTTP/1.1" 200 7549
186.103.156.211 - - [03/Apr/2017:13:08:14 -0300] "GET /cormun/servlet/licenciaspermisosadjuntos?INS,10392568,L,20170403000000,, HTTP/1.1" 200 5640
186.103.156.211 - - [03/Apr/2017:13:08:14 -0300] "GET /cormun/static/gxcfg.js?201731711421170 HTTP/1.1" 200 953
186.103.156.211 - - [03/Apr/2017:13:08:14 -0300] "GET /cormun/static/about:blank HTTP/1.1" 404 1011
186.103.156.211 - - [03/Apr/2017:13:08:15 -0300] "GET /cormun/static/licenciaspermisosadjuntos.js?201731711421181 HTTP/1.1" 200 8757
186.103.156.166 - - [03/Apr/2017:13:08:15 -0300] "POST /cormun/servlet/trpermisosgoce?ce0e56936d45e09e8ffe2f2f4661c424,gx-no-cache=1491239341536 HTTP/1.1" 200 4923
186.103.156.211 - - [03/Apr/2017:13:08:16 -0300] "GET /cormun/servlet/licenciaspermisosadjuntos?INS,10392568,L,20170403000000,, HTTP/1.1" 200 5629
192.168.10.13 - - [03/Apr/2017:13:08:26 -0300] "GET / HTTP/1.1" 200 11217
186.103.156.166 - - [03/Apr/2017:13:08:36 -0300] "POST /cormun/servlet/trpermisosgoce?ce0e56936d45e09e8ffe2f2f4661c424,gx-no-cache=1491239362199 HTTP/1.1" 200 4924
186.103.159.182 - - [03/Apr/2017:13:09:02 -0300] "GET /cormun/servlet/trsolicitudot? HTTP/1.1" 200 10100
186.103.159.182 - - [03/Apr/2017:13:09:04 -0300] "GET /cormun/servlet/trsolicitudot? HTTP/1.1" 200 10100
192.168.10.13 - - [03/Apr/2017:13:09:26 -0300] "GET / HTTP/1.1" 200 11217
186.103.156.211 - - [03/Apr/2017:13:09:44 -0300] "POST /cormun/servlet/licenciaspermisosadjuntos?11fb8d19d1f13d894998946fe8ebe9d0,INS,10392568,L,20170403000000,, HTTP/1.1" 200 116
186.103.156.211 - - [03/Apr/2017:13:09:44 -0300] "GET /cormun/servlet/hpexe_return? HTTP/1.1" 200 1041
186.103.156.211 - - [03/Apr/2017:13:09:45 -0300] "GET /cormun/servlet/trlicenciaspermisosadjuntos?10392568,20170403000000,L, HTTP/1.1" 200 6821
186.103.156.211 - - [03/Apr/2017:13:09:45 -0300] "GET /cormun/servlet/trlicenciaspermisosadjuntos?10392568,20170403000000,L, HTTP/1.1" 200 6817
186.67.172.234 - - [03/Apr/2017:13:10:02 -0300] "GET /cormun/servlet/hlogin HTTP/1.1" 200 1729
186.67.172.234 - - [03/Apr/2017:13:10:05 -0300] "GET /cormun/static/Resources/Spanish/PXTools.css?11294912 HTTP/1.1" 304 -
186.67.172.234 - - [03/Apr/2017:13:10:05 -0300] "GET /cormun/static/gxtimezone.js?85251 HTTP/1.1" 304 -
186.67.172.234 - - [03/Apr/2017:13:10:05 -0300] "GET /cormun/static/gxcfg.js?201731711485472 HTTP/1.1" 304 -
186.79.31.194 - - [03/Apr/2017:13:10:06 -0300] "GET /cormun/static/menuarrow.gif HTTP/1.1" 404 1015
186.67.172.234 - - [03/Apr/2017:13:10:11 -0300] "GET /cormun/static/messages.spa.js?85251 HTTP/1.1" 304 -
186.67.172.234 - - [03/Apr/2017:13:10:11 -0300] "GET /cormun/static/hlogin.js?201731711485490 HTTP/1.1" 304 -
186.67.172.234 - - [03/Apr/2017:13:10:11 -0300] "GET /cormun/servlet/hlogin HTTP/1.1" 200 1732
186.79.31.194 - - [03/Apr/2017:13:10:20 -0300] "GET /cormun/servlet/solicitudot?b71afba4c3678601fbf1613b782568fec872bc8c9f5b403a97435ae6c48cae03bf5c3a60c7eec34fd3c44700a8d40d12afacc19ecb2fc487ba6c41567af67541946fe43cb0b4086b6a4e4d64bf7cf9be15d7dbf8f1635b2dd342e1dde14d26bcfefaa88ac73a53d0d01da48547a6a1e12beb52691d86eceb262071d5a4512e5df6bb574dfa8eef67eb28e016bae866902b52926144f05587c5222844d06c8a0a1ff70aec1bce33d33e7043777606eb58,gx-no-cache=1491235883916 HTTP/1.1" 200 30
186.67.172.234 - - [03/Apr/2017:13:10:26 -0300] "POST /cormun/servlet/hlogin?d5f4c8a7dc6aa9656ffdad517a1897a3,gx-no-cache=1491235907687 HTTP/1.1" 200 90
186.67.172.234 - - [03/Apr/2017:13:10:26 -0300] "GET /cormun/servlet/hpexe_link HTTP/1.1" 200 953
192.168.10.13 - - [03/Apr/2017:13:10:26 -0300] "GET / HTTP/1.1" 200 11217
186.67.172.234 - - [03/Apr/2017:13:10:26 -0300] "GET /cormun/static/gxcfg.js?201731711483381 HTTP/1.1" 304 -
186.67.172.234 - - [03/Apr/2017:13:10:26 -0300] "GET /cormun/servlet/hhome HTTP/1.1" 200 4041
186.67.172.234 - - [03/Apr/2017:13:10:26 -0300] "GET /cormun/static/gxcfg.js?201731711483497 HTTP/1.1" 304 -
186.67.172.234 - - [03/Apr/2017:13:10:27 -0300] "GET /cormun/static/hpexe_recentlink.js?201610171694390 HTTP/1.1" 304 -
186.67.172.234 - - [03/Apr/2017:13:10:27 -0300] "GET /cormun/static/hhome.js?20173171148352 HTTP/1.1" 304 -
186.67.172.234 - - [03/Apr/2017:13:10:27 -0300] "GET /cormun/static/hpexe_messagecontroller.js?201610171694323 HTTP/1.1" 304 -
186.67.172.234 - - [03/Apr/2017:13:10:27 -0300] "GET /cormun/static/hpexe_scripts.js?201731711335890 HTTP/1.1" 304 -
186.67.172.234 - - [03/Apr/2017:13:10:27 -0300] "GET /cormun/static/hpexe_messagepopupcomponent.js?20161017169425 HTTP/1.1" 304 -
186.67.172.234 - - [03/Apr/2017:13:10:27 -0300] "GET /cormun/static/hpexe_messagegenexuscomponent.js?201731711335537 HTTP/1.1" 304 -
186.67.172.234 - - [03/Apr/2017:13:10:27 -0300] "GET /cormun/static/cmcontrolpreferences.js?201731711335852 HTTP/1.1" 304 -
186.67.172.234 - - [03/Apr/2017:13:10:28 -0300] "GET /cormun/static/hmpwkw03.js?201731711485354 HTTP/1.1" 304 -
186.67.172.234 - - [03/Apr/2017:13:10:28 -0300] "GET /cormun/static/hwchdr01.js?201731711335950 HTTP/1.1" 304 -
186.67.172.234 - - [03/Apr/2017:13:10:28 -0300] "GET /cormun/static/Shared/jquery/jquery-1.4.2.min.js HTTP/1.1" 200 72174
186.67.172.234 - - [03/Apr/2017:13:10:28 -0300] "GET /cormun/servlet/hhome HTTP/1.1" 200 4037
186.103.156.211 - - [03/Apr/2017:13:10:29 -0300] "GET /cormun/servlet/trsolicitudot? HTTP/1.1" 200 6988
186.67.172.234 - - [03/Apr/2017:13:10:30 -0300] "GET /cormun/static/hpexe_link.js?201731711483384 HTTP/1.1" 304 -
186.103.156.211 - - [03/Apr/2017:13:10:30 -0300] "GET /cormun/servlet/trsolicitudot? HTTP/1.1" 200 6963
186.103.156.211 - - [03/Apr/2017:13:10:33 -0300] "GET /cormun/servlet/trlicenciaspermisosadjuntos?10392568,20170403000000,L, HTTP/1.1" 200 6828
186.103.156.211 - - [03/Apr/2017:13:10:34 -0300] "GET /cormun/servlet/trlicenciaspermisosadjuntos?10392568,20170403000000,L, HTTP/1.1" 200 6826
186.79.31.194 - - [03/Apr/2017:13:10:35 -0300] "POST /cormun/servlet/solicitudot?d8d183ac5e6ce77891954dfb635f56eb,INS,0,0,,gx-no-cache=1491235898384 HTTP/1.1" 200 93
186.79.31.194 - - [03/Apr/2017:13:10:35 -0300] "GET /cormun/servlet/hpexe_return? HTTP/1.1" 200 1005
186.79.31.194 - - [03/Apr/2017:13:10:35 -0300] "GET /cormun/servlet/trsolicitudot HTTP/1.1" 200 8264
186.79.31.194 - - [03/Apr/2017:13:10:36 -0300] "GET /cormun/servlet/trsolicitudot HTTP/1.1" 200 8260
186.67.172.234 - - [03/Apr/2017:13:10:37 -0300] "GET /cormun/servlet/trcontratosolicitud? HTTP/1.1" 200 13653
186.67.172.234 - - [03/Apr/2017:13:10:37 -0300] "GET /cormun/static/Resources/Spanish/PXTools.css?18365030 HTTP/1.1" 304 -
186.67.172.234 - - [03/Apr/2017:13:10:37 -0300] "GET /cormun/static/calendar.js?85251 HTTP/1.1" 304 -
186.67.172.234 - - [03/Apr/2017:13:10:37 -0300] "GET /cormun/static/gxcfg.js?20171317451682 HTTP/1.1" 304 -
186.67.172.234 - - [03/Apr/2017:13:10:37 -0300] "GET /cormun/static/calendar-setup.js?85251 HTTP/1.1" 304 -
186.67.172.234 - - [03/Apr/2017:13:10:37 -0300] "GET /cormun/static/calendar-es.js?85251 HTTP/1.1" 304 -
186.67.172.234 - - [03/Apr/2017:13:10:37 -0300] "GET /cormun/static/gxdec.js?85251 HTTP/1.1" 304 -
186.67.172.234 - - [03/Apr/2017:13:10:37 -0300] "GET /cormun/static/trcontratosolicitud.js?20171317452124 HTTP/1.1" 304 -
186.67.172.234 - - [03/Apr/2017:13:10:38 -0300] "GET /cormun/static/Shared/ext/resources/css/ext-all.css?215870 HTTP/1.1" 200 416045
186.103.156.211 - - [03/Apr/2017:13:10:40 -0300] "GET /cormun/servlet/trautorizarsolicitud? HTTP/1.1" 200 6942
186.103.156.211 - - [03/Apr/2017:13:10:42 -0300] "GET /cormun/servlet/trautorizarsolicitud? HTTP/1.1" 200 6942
186.103.156.211 - - [03/Apr/2017:13:10:43 -0300] "GET /cormun/servlet/trautorizarsolicitud? HTTP/1.1" 200 6918
186.67.172.234 - - [03/Apr/2017:13:10:43 -0300] "GET /cormun/servlet/trcontratosolicitud? HTTP/1.1" 200 13634
186.79.31.194 - - [03/Apr/2017:13:10:44 -0300] "POST /cormun/servlet/trsolicitudot?d8d183ac5e6ce77891954dfb635f56eb,gx-no-cache=1491235907255 HTTP/1.1" 200 4355
186.79.31.194 - - [03/Apr/2017:13:10:44 -0300] "GET /cormun/static/Shared/jqueryui/images/ui-bg_highlight-soft_100_c6c2c8_1x100.png HTTP/1.1" 404 1117
186.79.31.194 - - [03/Apr/2017:13:10:44 -0300] "GET /cormun/static/Shared/jqueryui/images/ui-icons_82798d_256x240.png HTTP/1.1" 404 1089
186.79.31.194 - - [03/Apr/2017:13:10:44 -0300] "GET /cormun/static/Shared/jqueryui/images/ui-bg_flat_55_fafafa_40x100.png HTTP/1.1" 404 1097
186.79.31.194 - - [03/Apr/2017:13:10:44 -0300] "GET /cormun/static/Shared/jqueryui/images/ui-icons_8d78a5_256x240.png HTTP/1.1" 404 1089
186.79.31.194 - - [03/Apr/2017:13:10:47 -0300] "POST /cormun/servlet/trsolicitudot?d8d183ac5e6ce77891954dfb635f56eb,gx-no-cache=1491235908495 HTTP/1.1" 200 4121
186.67.172.234 - - [03/Apr/2017:13:10:48 -0300] "POST /cormun/servlet/trcontratosolicitud?d5f4c8a7dc6aa9656ffdad517a1897a3,,gx-no-cache=1491235928497 HTTP/1.1" 200 11325
186.67.172.234 - - [03/Apr/2017:13:10:50 -0300] "POST /cormun/servlet/trcontratosolicitud?d5f4c8a7dc6aa9656ffdad517a1897a3,,gx-no-cache=1491235931575 HTTP/1.1" 200 11351
186.103.159.182 - - [03/Apr/2017:13:10:52 -0300] "GET /cormun/servlet/trlicencias? HTTP/1.1" 200 6740
186.79.31.194 - - [03/Apr/2017:13:10:53 -0300] "GET /cormun/servlet/trautorizarsolicitud? HTTP/1.1" 200 8187
186.79.31.194 - - [03/Apr/2017:13:10:54 -0300] "GET /cormun/static/gxcfg.js?2017259112829 HTTP/1.1" 304 -
186.79.31.194 - - [03/Apr/2017:13:10:54 -0300] "GET /cormun/static/trautorizarsolicitud.js?2017259113483 HTTP/1.1" 304 -
186.103.156.211 - - [03/Apr/2017:13:10:54 -0300] "GET /cormun/servlet/trvisualizadoreventos? HTTP/1.1" 200 6721
186.103.156.211 - - [03/Apr/2017:13:10:54 -0300] "GET /cormun/static/gxcfg.js?201731711523419 HTTP/1.1" 200 953
186.103.159.182 - - [03/Apr/2017:13:10:54 -0300] "GET /cormun/servlet/trlicencias? HTTP/1.1" 200 6739
186.79.31.194 - - [03/Apr/2017:13:10:55 -0300] "GET /cormun/servlet/trautorizarsolicitud? HTTP/1.1" 200 8187
186.103.156.211 - - [03/Apr/2017:13:10:55 -0300] "GET /cormun/static/Resources/PXToolsActionPrint.png HTTP/1.1" 200 3317
186.103.156.211 - - [03/Apr/2017:13:10:55 -0300] "GET /cormun/static/trvisualizadoreventos.js?20173171152387 HTTP/1.1" 304 -
186.103.156.211 - - [03/Apr/2017:13:10:55 -0300] "GET /cormun/servlet/trvisualizadoreventos? HTTP/1.1" 200 6721
186.79.31.194 - - [03/Apr/2017:13:10:59 -0300] "POST /cormun/servlet/trautorizarsolicitud?d8d183ac5e6ce77891954dfb635f56eb,,gx-no-cache=1491235922811 HTTP/1.1" 200 4332
186.103.156.211 - - [03/Apr/2017:13:10:59 -0300] "GET /cormun/servlet/trautorizarsolicitud? HTTP/1.1" 200 6942
186.67.172.234 - - [03/Apr/2017:13:10:59 -0300] "POST /cormun/servlet/trcontratosolicitud?d5f4c8a7dc6aa9656ffdad517a1897a3,,gx-no-cache=1491235938854 HTTP/1.1" 200 11217
186.103.159.182 - - [03/Apr/2017:13:11:00 -0300] "GET /cormun/servlet/licenciaspermisos?INS,0,,, HTTP/1.1" 200 7460
186.79.31.194 - - [03/Apr/2017:13:11:00 -0300] "GET /cormun/static/Shared/jqueryui/images/ui-bg_highlight-soft_100_c6c2c8_1x100.png HTTP/1.1" 404 1117
186.103.156.211 - - [03/Apr/2017:13:11:00 -0300] "GET /cormun/servlet/trautorizarsolicitud? HTTP/1.1" 200 6918
186.79.31.194 - - [03/Apr/2017:13:11:00 -0300] "GET /cormun/static/Shared/jqueryui/images/ui-bg_flat_55_fafafa_40x100.png HTTP/1.1" 404 1097
186.79.31.194 - - [03/Apr/2017:13:11:00 -0300] "GET /cormun/static/Shared/jqueryui/images/ui-icons_82798d_256x240.png HTTP/1.1" 404 1089
186.103.159.182 - - [03/Apr/2017:13:11:01 -0300] "GET /cormun/servlet/licenciaspermisos?INS,0,,, HTTP/1.1" 200 7468
186.79.31.194 - - [03/Apr/2017:13:11:01 -0300] "GET /cormun/static/Shared/jqueryui/images/ui-icons_8d78a5_256x240.png HTTP/1.1" 404 1089
186.79.31.194 - - [03/Apr/2017:13:11:03 -0300] "POST /cormun/servlet/trautorizarsolicitud?d8d183ac5e6ce77891954dfb635f56eb,,gx-no-cache=1491235924164 HTTP/1.1" 200 4094
186.103.156.211 - - [03/Apr/2017:13:11:07 -0300] "GET /cormun/servlet/trlicencias? HTTP/1.1" 200 8020
186.103.156.211 - - [03/Apr/2017:13:11:07 -0300] "GET /cormun/servlet/trlicencias? HTTP/1.1" 200 8019
186.103.156.166 - - [03/Apr/2017:13:11:09 -0300] "GET /cormun/servlet/hlogin HTTP/1.1" 200 1734
186.79.31.194 - - [03/Apr/2017:13:11:13 -0300] "GET /cormun/servlet/hlogin HTTP/1.1" 200 1743
186.103.159.182 - - [03/Apr/2017:13:11:25 -0300] "GET /cormun/servlet/licenciaspermisos?6502c9f150624e5157e5e3142583e0857bd7b3400db605eb3f38678d2add6160a9d635739626216c5eb895b190a02208,gx-no-cache=1491235952132 HTTP/1.1" 200 67
192.168.10.13 - - [03/Apr/2017:13:11:26 -0300] "GET / HTTP/1.1" 200 11217
186.103.159.182 - - [03/Apr/2017:13:11:26 -0300] "POST /cormun/servlet/licenciaspermisos?8ffafb50c095ed685f9cc3d604c077c5,INS,0,,,,gx-no-cache=1491235952526 HTTP/1.1" 200 4622
186.103.156.211 - - [03/Apr/2017:13:11:27 -0300] "POST /cormun/servlet/trlicencias?11fb8d19d1f13d894998946fe8ebe9d0,,gx-no-cache=1491235955548 HTTP/1.1" 200 4237
186.103.156.211 - - [03/Apr/2017:13:11:28 -0300] "GET /cormun/static/Shared/jqueryui/images/ui-bg_highlight-soft_100_c6c2c8_1x100.png HTTP/1.1" 404 1117
186.103.156.211 - - [03/Apr/2017:13:11:28 -0300] "GET /cormun/static/Shared/jqueryui/images/ui-icons_82798d_256x240.png HTTP/1.1" 404 1089
186.103.156.211 - - [03/Apr/2017:13:11:28 -0300] "GET /cormun/static/Shared/jqueryui/images/ui-bg_flat_55_fafafa_40x100.png HTTP/1.1" 404 1097
186.103.156.211 - - [03/Apr/2017:13:11:28 -0300] "GET /cormun/static/Shared/jqueryui/images/ui-icons_8d78a5_256x240.png HTTP/1.1" 404 1089
186.103.156.211 - - [03/Apr/2017:13:11:39 -0300] "GET /cormun/servlet/trsolicitudot? HTTP/1.1" 200 6964
186.103.156.211 - - [03/Apr/2017:13:11:40 -0300] "GET /cormun/servlet/trsolicitudot? HTTP/1.1" 200 6964
186.103.159.182 - - [03/Apr/2017:13:11:48 -0300] "GET /cormun/static/menuarrow.gif HTTP/1.1" 404 1015
186.103.156.211 - - [03/Apr/2017:13:12:00 -0300] "GET /cormun/servlet/trsolicitudot? HTTP/1.1" 200 6964
186.103.156.211 - - [03/Apr/2017:13:12:01 -0300] "GET /cormun/servlet/trsolicitudot? HTTP/1.1" 200 6964
186.103.156.211 - - [03/Apr/2017:13:12:06 -0300] "GET /cormun/servlet/solicitudot?INS,0,0, HTTP/1.1" 200 12801
186.103.156.211 - - [03/Apr/2017:13:12:07 -0300] "GET /cormun/servlet/solicitudot?INS,0,0, HTTP/1.1" 200 12806
186.103.156.211 - - [03/Apr/2017:13:12:25 -0300] "POST /cormun/servlet/solicitudot?gx-no-cache=1491236013423 HTTP/1.1" 200 3184
192.168.10.13 - - [03/Apr/2017:13:12:26 -0300] "GET / HTTP/1.1" 200 11217
186.103.156.211 - - [03/Apr/2017:13:12:26 -0300] "POST /cormun/servlet/solicitudot?11fb8d19d1f13d894998946fe8ebe9d0,INS,0,0,,gx-no-cache=1491236014432 HTTP/1.1" 200 9970
186.103.156.211 - - [03/Apr/2017:13:12:33 -0300] "GET /cormun/servlet/solicitudot?e41f8f0921f074fddcf5e07d75337cc84b436958accb55b01f7d1ede211e26bc114c9d5b1615a095eeb61a5dcc5487ea,gx-no-cache=1491236022145 HTTP/1.1" 200 30
186.103.156.211 - - [03/Apr/2017:13:12:33 -0300] "POST /cormun/servlet/solicitudot?gx-no-cache=1491236022260 HTTP/1.1" 200 255
186.103.156.211 - - [03/Apr/2017:13:12:34 -0300] "GET /cormun/servlet/solicitudot?e41f8f0921f074fddcf5e07d75337cc8472102ece268747ff3e782cab2de96ce1c123fa769eb33ecdb35a9d0b3c2eaaba0a2a841dd2f77790acc103d158de4e7f349ac17144d6b56524c828d51e26bfdcef25fe308bccb43b40cdfaaa021a83fcd4370e60ccd826a31cbebfaf1dd5a86170352e1bb7a365d7eb7431f83f1bd4b8040732e8995c5708641d9f23600b758f8c62276731e9b9aa505bdab388efc23037d53a612320c6875d459929e798502db93e3211e907fa47aaedd34f573f2f1dd05312b2620bb02c64a658b02e16c7201b0da3aedce7db2587d2e03d05ccd5cd9b125b9e2c6d7071b233b36f08196eed49a47e20d8b06ce7be680520792a33e1b4589ab792c8788f9a9e198eef7ff10d20d42f3524a71814beb2d256073eebd1f1565302439151c7b299a3b9169f7cf3084179cb3562b72ef3a028dc8240e02af99263090ce5c61abe169017b793ea5c5f79030b836b870ed7a3b605594a1f140ebd4b370e09bc771ceb8d2eab0d1d81da5178f3a992ce1241c9280fb6260be,gx-no-cache=1491236022380 HTTP/1.1" 200 30
192.168.10.89 - - [03/Apr/2017:13:12:37 -0300] "GET /cormun/servlet/hlogin HTTP/1.1" 200 1739
186.103.156.211 - - [03/Apr/2017:13:12:40 -0300] "POST /cormun/servlet/solicitudot?gx-no-cache=1491236028608 HTTP/1.1" 200 30
186.103.156.211 - - [03/Apr/2017:13:12:44 -0300] "GET /cormun/servlet/prcontratosol?18374358,,,,,MD,,gxPopupLevel%3D0%3B HTTP/1.1" 200 5956
192.168.10.89 - - [03/Apr/2017:13:12:46 -0300] "POST /cormun/servlet/hlogin?9679c8d582ea12aa148bba3c038cc399,gx-no-cache=1491239243412 HTTP/1.1" 200 90
192.168.10.89 - - [03/Apr/2017:13:12:46 -0300] "GET /cormun/servlet/hpexe_link HTTP/1.1" 200 950
192.168.10.89 - - [03/Apr/2017:13:12:48 -0300] "GET /cormun/servlet/hhome HTTP/1.1" 200 3967
186.103.156.211 - - [03/Apr/2017:13:12:49 -0300] "POST /cormun/servlet/solicitudot?gx-no-cache=1491236038493 HTTP/1.1" 200 1291
186.103.156.211 - - [03/Apr/2017:13:12:50 -0300] "POST /cormun/servlet/solicitudot?gx-no-cache=1491236038622 HTTP/1.1" 200 38
186.103.156.211 - - [03/Apr/2017:13:12:50 -0300] "GET /cormun/servlet/solicitudot?e41f8f0921f074fddcf5e07d75337cc83e7181668c38125de130290eb24df0b337728218c9eaafa0bdc64ae3b42a7aa1437f615d5b50515dd7245c047039e40ce88736e459f97404d3db2da57fe2ac9032aa7c4410bd7ffea64dcbf4ee6d7ddb48ad782bfc833f4f4c12b2947f1a62d71eca839dfa3c3e3792b2f5d436f55288221789303626c091b665b93a4acd80a06f579eb4d05f35de5186b2a23a1e2506,gx-no-cache=1491236038692 HTTP/1.1" 200 29
186.103.156.211 - - [03/Apr/2017:13:12:50 -0300] "POST /cormun/servlet/solicitudot?gx-no-cache=1491236038781 HTTP/1.1" 200 1275
186.103.156.211 - - [03/Apr/2017:13:12:50 -0300] "POST /cormun/servlet/solicitudot?gx-no-cache=1491236038904 HTTP/1.1" 200 1157
192.168.10.89 - - [03/Apr/2017:13:12:52 -0300] "GET /cormun/servlet/trsolicitudot? HTTP/1.1" 200 6940
186.103.156.211 - - [03/Apr/2017:13:13:14 -0300] "GET /cormun/servlet/solicitudot?e41f8f0921f074fddcf5e07d75337cc83e7181668c38125de130290eb24df0b337728218c9eaafa0bdc64ae3b42a7aa10aea4f51e9a9528e5f1c8910aca69e42e88736e459f97404d3db2da57fe2ac9032aa7c4410bd7ffea64dcbf4ee6d7ddb48ad782bfc833f4f4c12b2947f1a62d71eca839dfa3c3e3792b2f5d436f55288221789303626c091b665b93a4acd80a06f579eb4d05f35de5186b2a23a1e2506,gx-no-cache=1491236063367 HTTP/1.1" 200 29
192.168.10.89 - - [03/Apr/2017:13:13:15 -0300] "GET /cormun/servlet/solicitudot?INS,0,0, HTTP/1.1" 200 12772
192.168.10.89 - - [03/Apr/2017:13:13:15 -0300] "GET /cormun/static/gxcfg.js?20171191042720 HTTP/1.1" 304 -
192.168.10.89 - - [03/Apr/2017:13:13:15 -0300] "GET /cormun/static/solicitudot.js?2017119104297 HTTP/1.1" 304 -
192.168.10.89 - - [03/Apr/2017:13:13:19 -0300] "GET /cormun/servlet/prfichaempleado?,MD,,gxPopupLevel%3D0%3B HTTP/1.1" 200 8793
192.168.10.89 - - [03/Apr/2017:13:13:19 -0300] "GET /cormun/static/gxcfg.js?2017319125415 HTTP/1.1" 200 953
192.168.10.89 - - [03/Apr/2017:13:13:19 -0300] "GET /cormun/static/prfichaempleado.js?20173191254344 HTTP/1.1" 200 15951
192.168.10.89 - - [03/Apr/2017:13:13:19 -0300] "GET /cormun/static/menusearch.js?201610171694467 HTTP/1.1" 304 -
192.168.10.89 - - [03/Apr/2017:13:13:19 -0300] "GET /cormun/static/hmpwkw011.js?201731711483558 HTTP/1.1" 304 -
186.103.156.211 - - [03/Apr/2017:13:13:21 -0300] "POST /cormun/servlet/solicitudot?gx-no-cache=1491236069664 HTTP/1.1" 200 1273
186.103.156.211 - - [03/Apr/2017:13:13:21 -0300] "POST /cormun/servlet/solicitudot?gx-no-cache=1491236069896 HTTP/1.1" 200 1157
192.168.10.13 - - [03/Apr/2017:13:13:26 -0300] "GET / HTTP/1.1" 200 11217
192.168.10.96 - - [03/Apr/2017:13:13:31 -0300] "POST /cormun/servlet/hlogin?f8725b372900c5430ad005c3239d5d26,gx-no-cache=1491239288791 HTTP/1.1" 200 90
192.168.10.96 - - [03/Apr/2017:13:13:31 -0300] "GET /cormun/servlet/hpexe_link HTTP/1.1" 200 956
192.168.10.96 - - [03/Apr/2017:13:13:31 -0300] "GET /cormun/servlet/hhome HTTP/1.1" 200 4264
192.168.10.96 - - [03/Apr/2017:13:13:32 -0300] "GET /cormun/servlet/hhome HTTP/1.1" 200 4260
186.103.159.182 - - [03/Apr/2017:13:13:35 -0300] "GET /cormun/servlet/licenciaspermisos?6502c9f150624e5157e5e3142583e085da7ba79bf85930f0fe2cc7f92696fb525f745be960d0923095a8f32553c5d80e9145715fb7bd5e92ab494a2d5ee2efe8dad9e6cdbf6f271336a0c613b83763e6b67dd7173c8a9b7832ff5ac6782a3eee0140ccf5a72a6f68f65e2d1ba9dc2af9aaf1f90e25e742fe9912d1fc8843ac240f43f3b01d0d9b312e36532fbc16798cf3f9b499273ed4445ce4dfd7f9891ecc03312756c2ea253255eb6ab2447e4454,gx-no-cache=1491236082383 HTTP/1.1" 200 30
186.103.159.182 - - [03/Apr/2017:13:13:36 -0300] "POST /cormun/servlet/licenciaspermisos?8ffafb50c095ed685f9cc3d604c077c5,INS,0,,,,gx-no-cache=1491236082535 HTTP/1.1" 200 4739
186.103.156.211 - - [03/Apr/2017:13:13:42 -0300] "GET /cormun/servlet/solicitudot?e41f8f0921f074fddcf5e07d75337cc8a7c4d05acdd78aabf31243c4ad31fd5707ee5a24615c1235018ef3cbd346ba8b11f3f1bc216b95576bb5bd8406a226c3c7dcc34272b51ac504b06a2b0cc627a1cf46643ee3371d6e4afc3ea5f2cb6f3caa80dacb7b3d4a67fa520e385f2903c8508099471485469530dc1cdf6e8c1820c5d03bb84dc9a63644630a4c1f7be6fe6b4f9e551f1dd7e2a1d060ec186bd023233e59df4ff7cf5aac11463931620909,gx-no-cache=1491236090980 HTTP/1.1" 200 30
186.103.159.182 - - [03/Apr/2017:13:13:57 -0300] "GET /cormun/servlet/prfichaempleado?,MD,,gxPopupLevel%3D0%3B HTTP/1.1" 200 8905
192.168.10.89 - - [03/Apr/2017:13:13:58 -0300] "POST /cormun/servlet/prfichaempleado?9679c8d582ea12aa148bba3c038cc399,,MD,,gxPopupLevel%3D0%3B,gx-no-cache=1491239315877 HTTP/1.1" 200 3397
192.168.10.89 - - [03/Apr/2017:13:14:03 -0300] "POST /cormun/servlet/solicitudot?gx-no-cache=1491239320275 HTTP/1.1" 200 3167
186.103.156.211 - - [03/Apr/2017:13:14:03 -0300] "GET /cormun/static/menuarrow.gif HTTP/1.1" 404 1015
192.168.10.89 - - [03/Apr/2017:13:14:03 -0300] "POST /cormun/servlet/solicitudot?9679c8d582ea12aa148bba3c038cc399,INS,0,0,,gx-no-cache=1491239320492 HTTP/1.1" 200 9944
192.168.10.89 - - [03/Apr/2017:13:14:05 -0300] "GET /cormun/servlet/solicitudot?2165edf6508056baa89a4220a1a587f3b04eeb0205f0b6498f833314005cccd1a7cbc4afd0e8d11ed5f7ff9770a5fc2c,gx-no-cache=1491239322607 HTTP/1.1" 200 30
192.168.10.89 - - [03/Apr/2017:13:14:05 -0300] "POST /cormun/servlet/solicitudot?gx-no-cache=1491239322649 HTTP/1.1" 200 255
192.168.10.89 - - [03/Apr/2017:13:14:05 -0300] "GET /cormun/servlet/solicitudot?2165edf6508056baa89a4220a1a587f321e69c19e2ddae688408950abcc86f6047a318b7432ece5d422539541057c9b9eb2e05d655ee24ff8575f8990243171ecfc8c71ac7c6721eeb6efb63c9ea999eabb41fbffe3cb977073e2f71ac1928e111f41333c3d4ba099abeebdc621504fc408cb2f8a5bdd25f1a0a758c5eefbffd18b7fdb6d220d4d014138b8a1fa3a70ccff7ab108920eaabc192cf158805d8547a8e67b51bc6da658f511dd5c4c4d881d25b7a4055ee0650c4f6946df575f2b1e043c790990a9afb46df06966ff240713d7e26b473237ebda625534dffb8fc5d3abb594a65ed833fc5ddf4a022aee2eaa3aba437a2bfabb5e765176c3e3c915d6da97085f5d09beb13c8402e560fa3067716d2db0af4cc6bedd7d17240f5e85855fd28b37856ae5af8e9ee6c7f52dfc5e6b1c83310b537fd23d84e9f5eec53059154702478a9ce56a8537f92aa4f34a452154094c1cf12a3c3c29bf7b7864c455e4f36d50b4be4044bb324b2ee0ab620f4ec842469f11792115370433462c110,gx-no-cache=1491239322680 HTTP/1.1" 200 30
192.168.10.96 - - [03/Apr/2017:13:14:05 -0300] "GET /cormun/servlet/wbconsulta? HTTP/1.1" 200 5161
192.168.10.96 - - [03/Apr/2017:13:14:05 -0300] "GET /cormun/servlet/wbconsulta? HTTP/1.1" 200 5162
192.168.10.89 - - [03/Apr/2017:13:14:06 -0300] "POST /cormun/servlet/solicitudot?gx-no-cache=1491239323976 HTTP/1.1" 200 30
192.168.10.89 - - [03/Apr/2017:13:14:08 -0300] "POST /cormun/servlet/solicitudot?gx-no-cache=1491239325605 HTTP/1.1" 200 235
192.168.10.89 - - [03/Apr/2017:13:14:08 -0300] "POST /cormun/servlet/solicitudot?gx-no-cache=1491239325737 HTTP/1.1" 200 38
186.103.159.182 - - [03/Apr/2017:13:14:12 -0300] "POST /cormun/servlet/prfichaempleado?8ffafb50c095ed685f9cc3d604c077c5,,MD,,gxPopupLevel%3D0%3B,gx-no-cache=1491236119072 HTTP/1.1" 200 3183
192.168.10.96 - - [03/Apr/2017:13:14:18 -0300] "POST /cormun/servlet/wbconsulta?f8725b372900c5430ad005c3239d5d26,,gx-no-cache=1491239335209 HTTP/1.1" 200 103
192.168.10.96 - - [03/Apr/2017:13:14:18 -0300] "GET /cormun/servlet/vevisualizador?2017,5728, HTTP/1.1" 200 8525
192.168.10.96 - - [03/Apr/2017:13:14:18 -0300] "GET /cormun/pexe_scrolldiv.js HTTP/1.1" 404 1009
192.168.10.96 - - [03/Apr/2017:13:14:18 -0300] "GET /cormun/pexe_scrolldiv.js HTTP/1.1" 404 1009
192.168.10.96 - - [03/Apr/2017:13:14:18 -0300] "GET /cormun/servlet/vevisualizador?2017,5728, HTTP/1.1" 200 8525
192.168.10.96 - - [03/Apr/2017:13:14:20 -0300] "GET /cormun/servlet/vevisualizador?2017,5728,,SolicitudOTAdjuntos HTTP/1.1" 200 10351
192.168.10.96 - - [03/Apr/2017:13:14:20 -0300] "GET /cormun/pexe_scrolldiv.js HTTP/1.1" 404 1009
192.168.10.96 - - [03/Apr/2017:13:14:20 -0300] "GET /cormun/pexe_scrolldiv.js HTTP/1.1" 404 1009
192.168.10.96 - - [03/Apr/2017:13:14:20 -0300] "GET /cormun/servlet/vevisualizador?2017,5728,,SolicitudOTAdjuntos HTTP/1.1" 200 10354
192.168.10.96 - - [03/Apr/2017:13:14:21 -0300] "POST /cormun/servlet/acontrolpreferencessavestate?None,DZAMUDIO,true HTTP/1.1" 200 35
192.168.10.89 - - [03/Apr/2017:13:14:24 -0300] "GET /cormun/servlet/solicitudot?2165edf6508056baa89a4220a1a587f30659af3913c25db2d8477a01d82c4dc634dd4b84f48dc51a60e39044eaec95b3ef7f11c1b7dfeca4ab90045caeaab8b839c8c44bae2ebfeeec65fd8a48eda47a5043ae35491dd46ccbcfb663853b50d97c2881a4d7b1e07da62f73813e2036563cdb23a346ba7ba37447b14e44e86f83439a43a96b947a1507be2204faa60d004c954f81cc3ed534b256ca731ca9d03e,gx-no-cache=1491239341585 HTTP/1.1" 200 29
192.168.10.89 - - [03/Apr/2017:13:14:24 -0300] "POST /cormun/servlet/solicitudot?gx-no-cache=1491239341609 HTTP/1.1" 200 641
192.168.10.96 - - [03/Apr/2017:13:14:25 -0300] "GET /cormun/PublicTempStorage/cv_jazmin8913074.pdf HTTP/1.1" 200 606863
192.168.10.89 - - [03/Apr/2017:13:14:25 -0300] "POST /cormun/servlet/solicitudot?gx-no-cache=1491239342966 HTTP/1.1" 200 1157
192.168.10.13 - - [03/Apr/2017:13:14:26 -0300] "GET / HTTP/1.1" 200 11217
192.168.10.96 - - [03/Apr/2017:13:14:29 -0300] "GET /cormun/servlet/vevisualizador?2017,5728,,SolicitudOTAdjuntos HTTP/1.1" 200 10351
192.168.10.96 - - [03/Apr/2017:13:14:30 -0300] "GET /cormun/servlet/vevisualizador?2017,5728,,SolicitudOTAdjuntos HTTP/1.1" 200 10354
192.168.10.96 - - [03/Apr/2017:13:14:30 -0300] "POST /cormun/servlet/acontrolpreferencessavestate?None,DZAMUDIO,true HTTP/1.1" 200 35
192.168.10.96 - - [03/Apr/2017:13:14:31 -0300] "GET /cormun/PublicTempStorage/titulo_jazmin6715010.pdf HTTP/1.1" 200 357834
192.168.10.96 - - [03/Apr/2017:13:14:36 -0300] "GET /cormun/servlet/vevisualizador?2017,5728,,SolicitudOTAdjuntos HTTP/1.1" 200 10354
192.168.10.96 - - [03/Apr/2017:13:14:36 -0300] "GET /cormun/servlet/vevisualizador?2017,5728,,SolicitudOTAdjuntos HTTP/1.1" 200 10354
186.103.156.211 - - [03/Apr/2017:13:14:36 -0300] "GET /cormun/servlet/solicitudot?e41f8f0921f074fddcf5e07d75337cc8a7c4d05acdd78aabf31243c4ad31fd5707ee5a24615c1235018ef3cbd346ba8b11f3f1bc216b95576bb5bd8406a226c3c7dcc34272b51ac504b06a2b0cc627a1cf46643ee3371d6e4afc3ea5f2cb6f3caa80dacb7b3d4a67fa520e385f2903c8508099471485469530dc1cdf6e8c1820c5d03bb84dc9a63644630a4c1f7be6fe6b4f9e551f1dd7e2a1d060ec186bd023e409513e627fa7b8ff90e03082c86b17,gx-no-cache=1491236145129 HTTP/1.1" 200 30
192.168.10.96 - - [03/Apr/2017:13:14:37 -0300] "POST /cormun/servlet/acontrolpreferencessavestate?None,DZAMUDIO,true HTTP/1.1" 200 35
192.168.10.96 - - [03/Apr/2017:13:14:39 -0300] "GET /cormun/PublicTempStorage/afp_jazmin8615535.pdf HTTP/1.1" 200 105731
192.168.10.96 - - [03/Apr/2017:13:14:43 -0300] "GET /cormun/servlet/vevisualizador?2017,5728,,SolicitudOTAdjuntos HTTP/1.1" 200 10350
192.168.10.96 - - [03/Apr/2017:13:14:43 -0300] "GET /cormun/servlet/vevisualizador?2017,5728,,SolicitudOTAdjuntos HTTP/1.1" 200 10354
192.168.10.96 - - [03/Apr/2017:13:14:44 -0300] "POST /cormun/servlet/acontrolpreferencessavestate?None,DZAMUDIO,true HTTP/1.1" 200 35
192.168.10.89 - - [03/Apr/2017:13:14:44 -0300] "GET /cormun/servlet/solicitudot?2165edf6508056baa89a4220a1a587f3c5f380eb1bb316b6ab303969c1af62fe40dac1da217e2202e667ab2329b3c7ea987b5f7748c5c4d98e319bed317777d7f82e97b392477134b0c8a55c85680a4d9af1c06ec0ca99c24098ac58abe53cf3bbe14f9b6893398f8b2f849fad8c738bfe1f3f406e95e83477058c71e0a536bbda296109e5765a5c1261b864bdd1a462ff58725d1cb9ce300abc426b95a91d8956f438d76150fa4b5687a35be2ead64f,gx-no-cache=1491239361676 HTTP/1.1" 200 30
192.168.10.96 - - [03/Apr/2017:13:14:45 -0300] "GET /cormun/PublicTempStorage/antecedentes_jazmin4169919.pdf HTTP/1.1" 200 225389
192.168.10.96 - - [03/Apr/2017:13:14:49 -0300] "GET /cormun/servlet/vevisualizador?2017,5728,,SolicitudOTAdjuntos HTTP/1.1" 200 10353
192.168.10.96 - - [03/Apr/2017:13:14:50 -0300] "GET /cormun/servlet/vevisualizador?2017,5728,,SolicitudOTAdjuntos HTTP/1.1" 200 10355
192.168.10.96 - - [03/Apr/2017:13:14:51 -0300] "POST /cormun/servlet/acontrolpreferencessavestate?None,DZAMUDIO,true HTTP/1.1" 200 35
192.168.10.96 - - [03/Apr/2017:13:14:54 -0300] "GET /cormun/PublicTempStorage/cv_jazmin3408828.pdf HTTP/1.1" 200 606863
192.168.10.89 - - [03/Apr/2017:13:14:55 -0300] "GET /cormun/servlet/solicitudot?2165edf6508056baa89a4220a1a587f3c5f380eb1bb316b6ab303969c1af62fe1fdfd25339c7318a7accedeb0b7399a4987b5f7748c5c4d98e319bed317777d7f82e97b392477134b0c8a55c85680a4d9af1c06ec0ca99c24098ac58abe53cf3bbe14f9b6893398f8b2f849fad8c738bfe1f3f406e95e83477058c71e0a536bbda296109e5765a5c1261b864bdd1a462ff58725d1cb9ce300abc426b95a91d8956f438d76150fa4b5687a35be2ead64f,gx-no-cache=1491239373067 HTTP/1.1" 200 30
186.103.159.182 - - [03/Apr/2017:13:15:07 -0300] "GET /cormun/servlet/trsolicitudot? HTTP/1.1" 200 10111
186.103.159.182 - - [03/Apr/2017:13:15:09 -0300] "GET /cormun/servlet/trsolicitudot? HTTP/1.1" 200 10100
