192.168.10.89 - - [03/Apr/2017:12:41:42 -0300] "GET /cormun/servlet/vesolicitudnombre?2017,5069,,SolicitudOTAdjuntos HTTP/1.1" 200 10519
192.168.10.89 - - [03/Apr/2017:12:41:43 -0300] "GET /cormun/pexe_scrolldiv.js HTTP/1.1" 404 1009
186.103.159.187 - - [03/Apr/2017:12:41:43 -0300] "GET /cormun/servlet/prfichaempleado?,MD,,gxPopupLevel%3D0%3B HTTP/1.1" 200 8745
192.168.10.89 - - [03/Apr/2017:12:41:44 -0300] "POST /cormun/servlet/acontrolpreferencessavestate?None,CDROGUETT,true HTTP/1.1" 200 35
192.168.10.89 - - [03/Apr/2017:12:41:45 -0300] "GET /cormun/PublicTempStorage/fonasa_marcela8739341.pdf HTTP/1.1" 200 45852
192.168.10.96 - - [03/Apr/2017:12:41:45 -0300] "GET /cormun/servlet/permisogoce?b0c4d9536bc5589ac8439a8e2b73425e0be3bbb3b7777f528cde3655f3eeeb3d47dfb9599e4038310a783be208bf9110416676deca82dcdad0fe6421f8fd375d59fe7157197c457f905e969233e02ea9,gx-no-cache=1491237382713 HTTP/1.1" 200 126
192.168.10.96 - - [03/Apr/2017:12:41:45 -0300] "GET /cormun/static/Shared/jqueryui/images/ui-bg_highlight-soft_100_c6c2c8_1x100.png HTTP/1.1" 404 1117
192.168.10.96 - - [03/Apr/2017:12:41:45 -0300] "GET /cormun/static/Shared/jqueryui/images/ui-icons_82798d_256x240.png HTTP/1.1" 404 1089
192.168.10.96 - - [03/Apr/2017:12:41:45 -0300] "GET /cormun/static/Shared/jqueryui/images/ui-bg_flat_55_994d53_40x100.png HTTP/1.1" 404 1097
192.168.10.96 - - [03/Apr/2017:12:41:45 -0300] "GET /cormun/static/Shared/jqueryui/images/ui-icons_ebccce_256x240.png HTTP/1.1" 404 1089
186.103.248.213 - - [03/Apr/2017:12:41:46 -0300] "GET /cormun/static/trautorizarsolicitud.js?2017259113483 HTTP/1.1" 304 -
186.103.248.213 - - [03/Apr/2017:12:41:46 -0300] "GET /cormun/static/gxdec.js?85251 HTTP/1.1" 304 -
186.103.159.46 - - [03/Apr/2017:12:41:46 -0300] "GET /cormun/servlet/permisogoce?57100e5ffd615242045950a2729b57e6a5c2e958ba911eb0891c9549f1e1ca93e5352a526cfada4799a36b6fe8b47d621f16613d9942c43b91b439fbb51e9a52f46ff7c41410e0dee94c986730bb6e63,gx-no-cache=1491234167265 HTTP/1.1" 200 127
186.103.159.46 - - [03/Apr/2017:12:41:46 -0300] "GET /cormun/static/Shared/jqueryui/images/ui-bg_highlight-soft_100_c6c2c8_1x100.png HTTP/1.1" 404 1117
186.103.159.46 - - [03/Apr/2017:12:41:46 -0300] "GET /cormun/static/Shared/jqueryui/images/ui-icons_82798d_256x240.png HTTP/1.1" 404 1089
186.103.159.46 - - [03/Apr/2017:12:41:46 -0300] "GET /cormun/static/Shared/jqueryui/images/ui-bg_flat_55_994d53_40x100.png HTTP/1.1" 404 1097
186.103.159.46 - - [03/Apr/2017:12:41:46 -0300] "GET /cormun/static/Shared/jqueryui/images/ui-icons_ebccce_256x240.png HTTP/1.1" 404 1089
186.103.248.213 - - [03/Apr/2017:12:41:48 -0300] "GET /cormun/servlet/trautorizarsolicitud? HTTP/1.1" 200 8127
186.67.172.234 - - [03/Apr/2017:12:41:49 -0300] "POST /cormun/servlet/permisosadjuntos?2191bab14c0fab994063d5cdd874560b,INS,15017378,P,20170403133545,, HTTP/1.1" 200 116
186.67.172.234 - - [03/Apr/2017:12:41:50 -0300] "GET /cormun/servlet/hpexe_return? HTTP/1.1" 200 1033
186.67.172.234 - - [03/Apr/2017:12:41:50 -0300] "GET /cormun/servlet/trpermisosadjuntos?15017378,20170403133545,P, HTTP/1.1" 200 6821
186.67.172.234 - - [03/Apr/2017:12:41:50 -0300] "GET /cormun/servlet/trpermisosadjuntos?15017378,20170403133545,P, HTTP/1.1" 200 6817
186.79.220.121 - - [03/Apr/2017:12:41:52 -0300] "POST /cormun/servlet/solicitudot?gx-no-cache=1491234178189 HTTP/1.1" 200 1274
186.79.220.121 - - [03/Apr/2017:12:41:52 -0300] "POST /cormun/servlet/solicitudot?gx-no-cache=1491234178888 HTTP/1.1" 200 1156
186.79.220.121 - - [03/Apr/2017:12:41:52 -0300] "GET /cormun/servlet/solicitudot?2e45f790f314a109ada16541c5d4957eab2ab56c2f6bbd38f39064042ce12fe17118946827df2191078d168003b8f16110f7f12fb6181cd7e3b0cbe181b4a071a3e012dd09f84bbd10f583fc6f04447e5fa2800ca0cc75061c0f4b51358fecdcc082234232e2927c30003c143f049eb22bfc07da2e73be2f5cdb6cee3e81eac55dd9a30ab2a7fed72632d7661f4310a3bddfc9987800d65e38c4b2f3409ba3b78454f37df8514bd90d7dda4f65e9696f,gx-no-cache=1491234179120 HTTP/1.1" 200 30
186.79.220.121 - - [03/Apr/2017:12:41:53 -0300] "POST /cormun/servlet/solicitudot?f06600671e4f4b1e1959783d4a704293,UPD,2017,5873,,gx-no-cache=1491234179236 HTTP/1.1" 200 93
186.79.220.121 - - [03/Apr/2017:12:41:53 -0300] "GET /cormun/servlet/hpexe_return? HTTP/1.1" 200 1012
186.79.220.121 - - [03/Apr/2017:12:41:53 -0300] "GET /cormun/servlet/trsolicitudot HTTP/1.1" 200 8830
186.79.220.121 - - [03/Apr/2017:12:41:54 -0300] "GET /cormun/servlet/trsolicitudot HTTP/1.1" 200 8826
186.103.156.211 - - [03/Apr/2017:12:41:54 -0300] "GET /cormun/servlet/licenciaspermisos?INS,0,,, HTTP/1.1" 200 6516
186.103.156.211 - - [03/Apr/2017:12:41:56 -0300] "GET /cormun/servlet/hlogin HTTP/1.1" 200 1750
186.103.156.211 - - [03/Apr/2017:12:41:56 -0300] "GET /cormun/servlet/licenciaspermisos?INS,0,,, HTTP/1.1" 200 6527
186.103.159.46 - - [03/Apr/2017:12:41:56 -0300] "GET /cormun/servlet/permisogoce?57100e5ffd615242045950a2729b57e6a5c2e958ba911eb0891c9549f1e1ca93e5352a526cfada4799a36b6fe8b47d625eaf73b4fa04fa5683666aadabbc5dd8a16d94fc86871e987a913d1f9d33cbdf,gx-no-cache=1491234177206 HTTP/1.1" 200 126
186.103.159.46 - - [03/Apr/2017:12:42:00 -0300] "GET /cormun/servlet/permisogoce?57100e5ffd615242045950a2729b57e6a5c2e958ba911eb0891c9549f1e1ca93e5352a526cfada4799a36b6fe8b47d625eaf73b4fa04fa5683666aadabbc5dd8a16d94fc86871e987a913d1f9d33cbdf,gx-no-cache=1491234181317 HTTP/1.1" 200 126
192.168.10.96 - - [03/Apr/2017:12:42:00 -0300] "GET /cormun/servlet/permisogoce?b0c4d9536bc5589ac8439a8e2b73425e0be3bbb3b7777f528cde3655f3eeeb3d47dfb9599e4038310a783be208bf9110416676deca82dcdad0fe6421f8fd375d59fe7157197c457f905e969233e02ea9,gx-no-cache=1491237398018 HTTP/1.1" 200 126
186.67.172.234 - - [03/Apr/2017:12:42:01 -0300] "POST /cormun/servlet/trpermisosadjuntos?2191bab14c0fab994063d5cdd874560b,15017378,20170403133545,P,,gx-no-cache=1491234184515 HTTP/1.1" 200 90
186.103.159.46 - - [03/Apr/2017:12:42:01 -0300] "POST /cormun/servlet/permisogoce?50ec33893442ed13b66ebfaa8fd8c183,UPD,11756419,P,20170403112433,,gx-no-cache=1491234181425 HTTP/1.1" 200 4363
186.67.172.234 - - [03/Apr/2017:12:42:01 -0300] "GET /cormun/servlet/hpexe_link HTTP/1.1" 200 979
186.67.172.234 - - [03/Apr/2017:12:42:01 -0300] "GET /cormun/servlet/trpermisosgoce HTTP/1.1" 200 10177
186.67.172.234 - - [03/Apr/2017:12:42:01 -0300] "GET /cormun/servlet/trpermisosgoce HTTP/1.1" 200 10167
186.103.248.213 - - [03/Apr/2017:12:42:04 -0300] "GET /cormun/servlet/veautorizarsolicitud?2017,5853,, HTTP/1.1" 200 8161
186.103.248.213 - - [03/Apr/2017:12:42:05 -0300] "GET /cormun/static/gxcfg.js?20161221854380 HTTP/1.1" 200 953
186.103.248.213 - - [03/Apr/2017:12:42:06 -0300] "GET /cormun/pexe_scrolldiv.js HTTP/1.1" 404 1009
186.103.248.213 - - [03/Apr/2017:12:42:06 -0300] "GET /cormun/static/veautorizarsolicitud.js?20161221854433 HTTP/1.1" 304 -
186.103.248.213 - - [03/Apr/2017:12:42:06 -0300] "GET /cormun/static/hwcviewtabs.js?20173171133571 HTTP/1.1" 304 -
186.103.248.213 - - [03/Apr/2017:12:42:06 -0300] "GET /cormun/static/hpexe_tabsview.js?201610171694228 HTTP/1.1" 304 -
186.103.248.213 - - [03/Apr/2017:12:42:06 -0300] "GET /cormun/static/tbautorizarsolicitud01.js?201731711331984 HTTP/1.1" 304 -
186.103.159.187 - - [03/Apr/2017:12:42:08 -0300] "POST /cormun/servlet/prfichaempleado?2361a00dc0a78d674274b463f09bfa6a,,MD,,gxPopupLevel%3D0%3B,gx-no-cache=1491234194310 HTTP/1.1" 200 3399
192.168.10.96 - - [03/Apr/2017:12:42:09 -0300] "POST /cormun/servlet/permisogoce?f8725b372900c5430ad005c3239d5d26,UPD,11756419,P,20170403112433,,gx-no-cache=1491237406159 HTTP/1.1" 200 4366
186.103.248.213 - - [03/Apr/2017:12:42:09 -0300] "GET /cormun/pexe_scrolldiv.js HTTP/1.1" 404 1009
186.103.248.213 - - [03/Apr/2017:12:42:09 -0300] "GET /cormun/servlet/veautorizarsolicitud?2017,5853,, HTTP/1.1" 200 8159
192.168.10.96 - - [03/Apr/2017:12:42:10 -0300] "POST /cormun/servlet/permisogoce?f8725b372900c5430ad005c3239d5d26,UPD,11756419,P,20170403112433,,gx-no-cache=1491237406982 HTTP/1.1" 200 4366
186.79.220.121 - - [03/Apr/2017:12:42:10 -0300] "POST /cormun/servlet/trsolicitudot?f06600671e4f4b1e1959783d4a704293,gx-no-cache=1491234194993 HTTP/1.1" 200 5543
186.67.172.234 - - [03/Apr/2017:12:42:10 -0300] "POST /cormun/servlet/trpermisosgoce?2191bab14c0fab994063d5cdd874560b,gx-no-cache=1491234193358 HTTP/1.1" 200 7414
186.79.220.121 - - [03/Apr/2017:12:42:10 -0300] "GET /cormun/static/Shared/jqueryui/images/ui-bg_highlight-soft_100_c6c2c8_1x100.png HTTP/1.1" 404 1117
186.79.220.121 - - [03/Apr/2017:12:42:10 -0300] "GET /cormun/static/Shared/jqueryui/images/ui-icons_82798d_256x240.png HTTP/1.1" 404 1089
186.79.220.121 - - [03/Apr/2017:12:42:10 -0300] "GET /cormun/static/Shared/jqueryui/images/ui-bg_flat_55_fafafa_40x100.png HTTP/1.1" 404 1097
186.79.220.121 - - [03/Apr/2017:12:42:10 -0300] "GET /cormun/static/Shared/jqueryui/images/ui-icons_8d78a5_256x240.png HTTP/1.1" 404 1089
186.79.220.121 - - [03/Apr/2017:12:42:11 -0300] "POST /cormun/servlet/trsolicitudot?f06600671e4f4b1e1959783d4a704293,gx-no-cache=1491234196800 HTTP/1.1" 200 5485
186.103.248.213 - - [03/Apr/2017:12:42:19 -0300] "POST /cormun/servlet/veautorizarsolicitud?08ec2cacd0c4ac561620b0905414b0c4,2017,5853,,,gx-no-cache=1491234186404 HTTP/1.1" 200 93
186.103.248.213 - - [03/Apr/2017:12:42:20 -0300] "GET /cormun/servlet/hpexe_return? HTTP/1.1" 200 1010
186.103.248.213 - - [03/Apr/2017:12:42:20 -0300] "GET /cormun/static/Resources/Spanish/PXTools.css?167811 HTTP/1.1" 304 -
186.103.248.213 - - [03/Apr/2017:12:42:20 -0300] "GET /cormun/static/gxcfg.js?2016101716175148 HTTP/1.1" 304 -
186.103.248.213 - - [03/Apr/2017:12:42:20 -0300] "GET /cormun/static/hpexe_return.js?2016101716175153 HTTP/1.1" 304 -
186.103.248.213 - - [03/Apr/2017:12:42:20 -0300] "GET /cormun/servlet/trautorizarsolicitud HTTP/1.1" 200 8131
186.67.172.234 - - [03/Apr/2017:12:42:22 -0300] "POST /cormun/servlet/trpermisosgoce?2191bab14c0fab994063d5cdd874560b,gx-no-cache=1491234206400 HTTP/1.1" 200 7445
186.103.248.213 - - [03/Apr/2017:12:42:22 -0300] "GET /cormun/servlet/trautorizarsolicitud HTTP/1.1" 200 8127
186.103.156.211 - - [03/Apr/2017:12:42:23 -0300] "POST /cormun/servlet/hlogin?11fb8d19d1f13d894998946fe8ebe9d0,gx-no-cache=1491234211604 HTTP/1.1" 200 90
186.103.156.211 - - [03/Apr/2017:12:42:23 -0300] "GET /cormun/servlet/hpexe_link HTTP/1.1" 200 967
186.103.156.211 - - [03/Apr/2017:12:42:23 -0300] "GET /cormun/servlet/licenciaspermisos?INS,0,,, HTTP/1.1" 200 7236
186.103.156.211 - - [03/Apr/2017:12:42:24 -0300] "GET /cormun/servlet/licenciaspermisos?INS,0,,, HTTP/1.1" 200 7235
186.103.159.187 - - [03/Apr/2017:12:42:26 -0300] "GET /cormun/servlet/prlicenciaspermisos?9076382,L,,MD,,gxPopupLevel%3D0%3B HTTP/1.1" 200 6634
192.168.10.13 - - [03/Apr/2017:12:42:26 -0300] "GET / HTTP/1.1" 200 11217
192.168.10.96 - - [03/Apr/2017:12:42:27 -0300] "GET /cormun/servlet/permisogoce?b0c4d9536bc5589ac8439a8e2b73425e0be3bbb3b7777f528cde3655f3eeeb3d47dfb9599e4038310a783be208bf91100043e1b4278aa5215d66584528c1d9bca2cf3129b44977ad4321cf85d2a7d458,gx-no-cache=1491237424468 HTTP/1.1" 200 126
186.103.156.211 - - [03/Apr/2017:12:42:29 -0300] "GET /cormun/servlet/trautorizarsolicitud? HTTP/1.1" 200 6924
186.103.156.211 - - [03/Apr/2017:12:42:29 -0300] "GET /cormun/static/gxcfg.js?2017259112829 HTTP/1.1" 200 953
186.103.156.211 - - [03/Apr/2017:12:42:30 -0300] "GET /cormun/static/trautorizarsolicitud.js?2017259113483 HTTP/1.1" 304 -
186.103.156.24 - - [03/Apr/2017:12:42:30 -0300] "POST /cormun/servlet/trlicencias?ced7ac33152161c30876c325119913eb,gx-no-cache=1491234212428 HTTP/1.1" 200 3815
186.103.156.211 - - [03/Apr/2017:12:42:30 -0300] "GET /cormun/servlet/trautorizarsolicitud? HTTP/1.1" 200 6914
186.79.220.121 - - [03/Apr/2017:12:42:30 -0300] "GET /cormun/servlet/hlogin HTTP/1.1" 200 1729
186.79.220.121 - - [03/Apr/2017:12:42:30 -0300] "GET /cormun/static/Resources/Spanish/PXTools.css?11294912 HTTP/1.1" 304 -
186.79.220.121 - - [03/Apr/2017:12:42:30 -0300] "GET /cormun/static/gxcfg.js?201731711485472 HTTP/1.1" 304 -
186.79.220.121 - - [03/Apr/2017:12:42:30 -0300] "GET /cormun/static/messages.spa.js?85251 HTTP/1.1" 304 -
186.79.220.121 - - [03/Apr/2017:12:42:30 -0300] "GET /cormun/static/hlogin.js?201731711485490 HTTP/1.1" 304 -
186.79.220.121 - - [03/Apr/2017:12:42:30 -0300] "GET /cormun/servlet/hlogin HTTP/1.1" 200 1739
186.79.220.121 - - [03/Apr/2017:12:42:31 -0300] "GET /favicon.ico HTTP/1.1" 200 21630
186.79.220.121 - - [03/Apr/2017:12:42:34 -0300] "POST /cormun/servlet/hlogin?b698fa5e1050b88dfade75df822364df,gx-no-cache=1491234220692 HTTP/1.1" 200 90
186.79.220.121 - - [03/Apr/2017:12:42:34 -0300] "GET /cormun/servlet/hpexe_link HTTP/1.1" 200 956
186.79.220.121 - - [03/Apr/2017:12:42:35 -0300] "GET /cormun/static/gxcfg.js?201731711483381 HTTP/1.1" 304 -
186.79.220.121 - - [03/Apr/2017:12:42:35 -0300] "GET /cormun/static/hpexe_link.js?201731711483384 HTTP/1.1" 304 -
186.79.220.121 - - [03/Apr/2017:12:42:35 -0300] "GET /cormun/servlet/hhome HTTP/1.1" 200 3998
186.79.220.121 - - [03/Apr/2017:12:42:35 -0300] "GET /cormun/static/gxcfg.js?201731711483497 HTTP/1.1" 304 -
186.79.220.121 - - [03/Apr/2017:12:42:35 -0300] "GET /cormun/static/hhome.js?20173171148352 HTTP/1.1" 304 -
186.79.220.121 - - [03/Apr/2017:12:42:35 -0300] "GET /cormun/static/hwchdr01.js?201731711335950 HTTP/1.1" 304 -
186.79.220.121 - - [03/Apr/2017:12:42:35 -0300] "GET /cormun/static/hpexe_recentlink.js?201610171694390 HTTP/1.1" 304 -
186.79.220.121 - - [03/Apr/2017:12:42:35 -0300] "GET /cormun/static/hpexe_scripts.js?201731711335890 HTTP/1.1" 304 -
186.79.220.121 - - [03/Apr/2017:12:42:35 -0300] "GET /cormun/static/hpexe_messagecontroller.js?201610171694323 HTTP/1.1" 304 -
186.79.220.121 - - [03/Apr/2017:12:42:35 -0300] "GET /cormun/static/hpexe_messagepopupcomponent.js?20161017169425 HTTP/1.1" 304 -
186.79.220.121 - - [03/Apr/2017:12:42:35 -0300] "GET /cormun/static/hpexe_messagegenexuscomponent.js?201731711335537 HTTP/1.1" 304 -
186.79.220.121 - - [03/Apr/2017:12:42:35 -0300] "GET /cormun/static/cmcontrolpreferences.js?201731711335852 HTTP/1.1" 304 -
186.79.220.121 - - [03/Apr/2017:12:42:35 -0300] "GET /cormun/static/hmpwkw03.js?201731711485354 HTTP/1.1" 304 -
186.79.220.121 - - [03/Apr/2017:12:42:36 -0300] "GET /cormun/servlet/hhome HTTP/1.1" 200 3993
192.168.10.89 - - [03/Apr/2017:12:42:36 -0300] "GET /cormun/servlet/vesolicitudnombre?2017,5069,,SolicitudOTAdjuntos HTTP/1.1" 200 10517
192.168.10.89 - - [03/Apr/2017:12:42:36 -0300] "GET /cormun/pexe_scrolldiv.js HTTP/1.1" 404 1009
186.103.159.187 - - [03/Apr/2017:12:42:37 -0300] "POST /cormun/servlet/solicitudot?gx-no-cache=1491234223468 HTTP/1.1" 200 1291
186.103.156.211 - - [03/Apr/2017:12:42:38 -0300] "GET /cormun/servlet/trlicencias? HTTP/1.1" 200 6859
192.168.10.89 - - [03/Apr/2017:12:42:38 -0300] "POST /cormun/servlet/acontrolpreferencessavestate?None,CDROGUETT,true HTTP/1.1" 200 35
192.168.10.89 - - [03/Apr/2017:12:42:39 -0300] "GET /cormun/PublicTempStorage/ca_marcela169839.pdf HTTP/1.1" 200 102042
186.103.156.211 - - [03/Apr/2017:12:42:40 -0300] "GET /cormun/static/gxcfg.js?2016122619301429 HTTP/1.1" 200 953
186.103.156.211 - - [03/Apr/2017:12:42:40 -0300] "GET /cormun/static/trlicencias.js?2016122619301919 HTTP/1.1" 200 37913
186.103.156.211 - - [03/Apr/2017:12:42:41 -0300] "GET /cormun/servlet/trlicencias? HTTP/1.1" 200 6858
192.168.10.96 - - [03/Apr/2017:12:42:43 -0300] "POST /cormun/servlet/permisogoce?f8725b372900c5430ad005c3239d5d26,UPD,11756419,P,20170403112433,,gx-no-cache=1491237440825 HTTP/1.1" 200 90
192.168.10.96 - - [03/Apr/2017:12:42:43 -0300] "GET /cormun/servlet/hpexe_link HTTP/1.1" 200 987
192.168.10.96 - - [03/Apr/2017:12:42:44 -0300] "GET /cormun/servlet/trpermisosgoce HTTP/1.1" 200 12667
186.79.220.121 - - [03/Apr/2017:12:42:44 -0300] "GET /cormun/servlet/trautorizarsolicitud? HTTP/1.1" 200 8218
186.79.220.121 - - [03/Apr/2017:12:42:44 -0300] "GET /cormun/static/Resources/Spanish/PXTools.css?18365030 HTTP/1.1" 304 -
186.79.220.121 - - [03/Apr/2017:12:42:44 -0300] "GET /cormun/static/gxcfg.js?2017259112829 HTTP/1.1" 304 -
186.79.220.121 - - [03/Apr/2017:12:42:44 -0300] "GET /cormun/static/calendar.js?85251 HTTP/1.1" 304 -
186.79.220.121 - - [03/Apr/2017:12:42:44 -0300] "GET /cormun/static/calendar-setup.js?85251 HTTP/1.1" 304 -
186.79.220.121 - - [03/Apr/2017:12:42:44 -0300] "GET /cormun/static/calendar-es.js?85251 HTTP/1.1" 304 -
192.168.10.96 - - [03/Apr/2017:12:42:44 -0300] "GET /cormun/servlet/trpermisosgoce HTTP/1.1" 200 12665
186.79.220.121 - - [03/Apr/2017:12:42:45 -0300] "GET /cormun/static/trautorizarsolicitud.js?2017259113483 HTTP/1.1" 304 -
186.79.220.121 - - [03/Apr/2017:12:42:45 -0300] "GET /cormun/static/gxdec.js?85251 HTTP/1.1" 304 -
186.79.220.121 - - [03/Apr/2017:12:42:45 -0300] "GET /cormun/servlet/trautorizarsolicitud? HTTP/1.1" 200 8216
192.168.10.89 - - [03/Apr/2017:12:42:48 -0300] "GET /cormun/servlet/vesolicitudnombre?2017,5069,,SolicitudOTAdjuntos HTTP/1.1" 200 10515
192.168.10.89 - - [03/Apr/2017:12:42:48 -0300] "GET /cormun/pexe_scrolldiv.js HTTP/1.1" 404 1009
192.168.10.89 - - [03/Apr/2017:12:42:49 -0300] "POST /cormun/servlet/acontrolpreferencessavestate?None,CDROGUETT,true HTTP/1.1" 200 35
192.168.10.89 - - [03/Apr/2017:12:42:50 -0300] "GET /cormun/PublicTempStorage/cv_marcela1626110.pdf HTTP/1.1" 200 73776
186.79.220.121 - - [03/Apr/2017:12:42:51 -0300] "POST /cormun/servlet/trautorizarsolicitud?b698fa5e1050b88dfade75df822364df,,gx-no-cache=1491234236395 HTTP/1.1" 200 4343
186.79.220.121 - - [03/Apr/2017:12:42:52 -0300] "GET /cormun/static/Shared/jqueryui/images/ui-bg_highlight-soft_100_c6c2c8_1x100.png HTTP/1.1" 404 1117
186.79.220.121 - - [03/Apr/2017:12:42:52 -0300] "GET /cormun/static/Shared/jqueryui/images/ui-icons_82798d_256x240.png HTTP/1.1" 404 1089
186.79.220.121 - - [03/Apr/2017:12:42:52 -0300] "GET /cormun/static/Shared/jqueryui/images/ui-icons_8d78a5_256x240.png HTTP/1.1" 404 1089
186.79.220.121 - - [03/Apr/2017:12:42:52 -0300] "GET /cormun/static/Shared/jqueryui/images/ui-bg_flat_55_fafafa_40x100.png HTTP/1.1" 404 1097
186.79.220.121 - - [03/Apr/2017:12:42:52 -0300] "POST /cormun/servlet/trautorizarsolicitud?b698fa5e1050b88dfade75df822364df,,gx-no-cache=1491234238117 HTTP/1.1" 200 4113
186.103.159.187 - - [03/Apr/2017:12:42:54 -0300] "POST /cormun/servlet/solicitudot?gx-no-cache=1491234240997 HTTP/1.1" 200 122
186.103.159.187 - - [03/Apr/2017:12:42:54 -0300] "POST /cormun/servlet/solicitudot?gx-no-cache=1491234241099 HTTP/1.1" 200 1274
186.103.159.187 - - [03/Apr/2017:12:42:54 -0300] "POST /cormun/servlet/solicitudot?gx-no-cache=1491234241295 HTTP/1.1" 200 1157
186.103.159.187 - - [03/Apr/2017:12:42:55 -0300] "GET /cormun/servlet/solicitudot?d8c2fec3f7c8560e17b8397083e79af22a5c0714b620e8197788a8746e17ba3c97ae556226d164821d1b1b37e50b4491a23bf0ae9a50c8dfe68d2d2a8a06475c01bdbf064f259c19d7d4881b261214ddd30fc0a656a8e43877e77ffb83b59c5c16ac3a9d229a2de1aacae10ecb036c8182f502034224e2a5878f3fdf55cc821e5e8f0984e69b0b1da23391e4189a5084348b35f20d14461c3eed85784dabb5274377cc33279f67ecaeec47b73826a5965f1bb664cd3f903909e6e118fe281301,gx-no-cache=1491234241415 HTTP/1.1" 200 30
192.168.10.96 - - [03/Apr/2017:12:43:04 -0300] "GET /cormun/servlet/permisogoce?UPD,11756419,P,20170321164002, HTTP/1.1" 200 6833
192.168.10.96 - - [03/Apr/2017:12:43:04 -0300] "GET /cormun/servlet/permisogoce?UPD,11756419,P,20170321164002, HTTP/1.1" 200 6835
192.168.10.96 - - [03/Apr/2017:12:43:05 -0300] "GET /cormun/servlet/permisogoce?b0c4d9536bc5589ac8439a8e2b73425ed9c4a789975175558ebc2f40c6a0249d601fbd74af5e59ca4b7e1bb21a5bf544,gx-no-cache=1491237462454 HTTP/1.1" 200 80
186.103.159.187 - - [03/Apr/2017:12:43:07 -0300] "GET /cormun/servlet/prlicenciaspermisos?9076382,L,,MD,,gxPopupLevel%3D0%3B HTTP/1.1" 200 6634
192.168.10.96 - - [03/Apr/2017:12:43:08 -0300] "POST /cormun/servlet/permisogoce?f8725b372900c5430ad005c3239d5d26,UPD,11756419,P,20170321164002,,gx-no-cache=1491237465298 HTTP/1.1" 200 90
192.168.10.96 - - [03/Apr/2017:12:43:08 -0300] "GET /cormun/servlet/hpexe_link HTTP/1.1" 200 986
192.168.10.96 - - [03/Apr/2017:12:43:08 -0300] "GET /cormun/servlet/trpermisosgoce HTTP/1.1" 200 12660
192.168.10.96 - - [03/Apr/2017:12:43:08 -0300] "GET /cormun/servlet/trpermisosgoce HTTP/1.1" 200 12665
192.168.10.96 - - [03/Apr/2017:12:43:12 -0300] "GET /cormun/servlet/permisogoce?UPD,11756419,P,20170403112433, HTTP/1.1" 200 6848
186.103.248.213 - - [03/Apr/2017:12:43:12 -0300] "POST /cormun/servlet/trautorizarsolicitud?08ec2cacd0c4ac561620b0905414b0c4,gx-no-cache=1491234242115 HTTP/1.1" 200 4311
192.168.10.96 - - [03/Apr/2017:12:43:12 -0300] "GET /cormun/servlet/permisogoce?UPD,11756419,P,20170403112433, HTTP/1.1" 200 6849
186.103.248.213 - - [03/Apr/2017:12:43:12 -0300] "GET /cormun/static/Shared/jqueryui/images/ui-bg_highlight-soft_100_c6c2c8_1x100.png HTTP/1.1" 404 1117
186.103.248.213 - - [03/Apr/2017:12:43:12 -0300] "GET /cormun/static/Shared/jqueryui/images/ui-icons_82798d_256x240.png HTTP/1.1" 404 1089
186.103.248.213 - - [03/Apr/2017:12:43:12 -0300] "GET /cormun/static/Shared/jqueryui/images/ui-bg_flat_55_fafafa_40x100.png HTTP/1.1" 404 1097
192.168.10.96 - - [03/Apr/2017:12:43:12 -0300] "GET /cormun/servlet/permisogoce?b0c4d9536bc5589ac8439a8e2b73425ed9c4a789975175558ebc2f40c6a0249d601fbd74af5e59ca4b7e1bb21a5bf544,gx-no-cache=1491237470007 HTTP/1.1" 200 80
186.103.248.213 - - [03/Apr/2017:12:43:13 -0300] "GET /cormun/static/Shared/jqueryui/images/ui-icons_8d78a5_256x240.png HTTP/1.1" 404 1089
186.103.248.213 - - [03/Apr/2017:12:43:14 -0300] "POST /cormun/servlet/trautorizarsolicitud?08ec2cacd0c4ac561620b0905414b0c4,gx-no-cache=1491234243089 HTTP/1.1" 200 4092
192.168.10.96 - - [03/Apr/2017:12:43:19 -0300] "POST /cormun/servlet/permisogoce?f8725b372900c5430ad005c3239d5d26,UPD,11756419,P,20170403112433,,gx-no-cache=1491237476692 HTTP/1.1" 200 90
192.168.10.89 - - [03/Apr/2017:12:43:19 -0300] "GET /cormun/servlet/vesolicitudnombre?2017,5069,,SolicitudOTAdjuntos HTTP/1.1" 200 10518
192.168.10.96 - - [03/Apr/2017:12:43:19 -0300] "GET /cormun/servlet/hpexe_link HTTP/1.1" 200 987
192.168.10.89 - - [03/Apr/2017:12:43:19 -0300] "GET /cormun/pexe_scrolldiv.js HTTP/1.1" 404 1009
192.168.10.96 - - [03/Apr/2017:12:43:19 -0300] "GET /cormun/servlet/trpermisosgoce HTTP/1.1" 200 12667
192.168.10.96 - - [03/Apr/2017:12:43:20 -0300] "GET /cormun/servlet/trpermisosgoce HTTP/1.1" 200 12664
192.168.10.89 - - [03/Apr/2017:12:43:21 -0300] "POST /cormun/servlet/acontrolpreferencessavestate?None,CDROGUETT,true HTTP/1.1" 200 35
46.174.191.32 - - [03/Apr/2017:12:43:22 -0300] "GET / HTTP/1.0" 200 11197
192.168.10.96 - - [03/Apr/2017:12:43:23 -0300] "GET /cormun/servlet/trautorizarpermisogoce? HTTP/1.1" 200 12331
192.168.10.96 - - [03/Apr/2017:12:43:23 -0300] "GET /cormun/servlet/trautorizarpermisogoce? HTTP/1.1" 200 12330
186.103.248.213 - - [03/Apr/2017:12:43:24 -0300] "GET /cormun/servlet/trautorizarpermisogoce? HTTP/1.1" 200 6690
186.103.248.213 - - [03/Apr/2017:12:43:24 -0300] "GET /cormun/static/gxcfg.js?201731711543713 HTTP/1.1" 200 953
186.103.248.213 - - [03/Apr/2017:12:43:24 -0300] "GET /cormun/static/trautorizarpermisogoce.js?201731711544173 HTTP/1.1" 304 -
186.103.248.213 - - [03/Apr/2017:12:43:24 -0300] "GET /cormun/servlet/trautorizarpermisogoce? HTTP/1.1" 200 6690
192.168.10.13 - - [03/Apr/2017:12:43:26 -0300] "GET / HTTP/1.1" 200 11217
186.103.159.187 - - [03/Apr/2017:12:43:26 -0300] "POST /cormun/servlet/solicitudot?gx-no-cache=1491234273060 HTTP/1.1" 200 41
186.103.159.187 - - [03/Apr/2017:12:43:26 -0300] "POST /cormun/servlet/solicitudot?gx-no-cache=1491234273149 HTTP/1.1" 200 1274
186.103.159.187 - - [03/Apr/2017:12:43:27 -0300] "POST /cormun/servlet/solicitudot?gx-no-cache=1491234273342 HTTP/1.1" 200 1157
186.103.159.187 - - [03/Apr/2017:12:43:28 -0300] "GET /cormun/servlet/solicitudot?d8c2fec3f7c8560e17b8397083e79af22a5c0714b620e8197788a8746e17ba3c97ae556226d164821d1b1b37e50b4491947c22584878904b95460e051d32813f01bdbf064f259c19d7d4881b261214ddd30fc0a656a8e43877e77ffb83b59c5c16ac3a9d229a2de1aacae10ecb036c8182f502034224e2a5878f3fdf55cc821e5e8f0984e69b0b1da23391e4189a5084348b35f20d14461c3eed85784dabb5274377cc33279f67ecaeec47b73826a5965f1bb664cd3f903909e6e118fe281301,gx-no-cache=1491234274442 HTTP/1.1" 200 30
186.103.248.213 - - [03/Apr/2017:12:43:29 -0300] "GET /cormun/servlet/hlogin HTTP/1.1" 200 1741
192.168.10.96 - - [03/Apr/2017:12:43:39 -0300] "GET /cormun/servlet/autorizarpermisogoce?DSP,11756419,P,20170403112433, HTTP/1.1" 200 5984
192.168.10.96 - - [03/Apr/2017:12:43:39 -0300] "GET /cormun/static/gxcfg.js?201731711423546 HTTP/1.1" 200 953
192.168.10.96 - - [03/Apr/2017:12:43:39 -0300] "GET /cormun/static/autorizarpermisogoce.js?201731711423569 HTTP/1.1" 200 15593
192.168.10.96 - - [03/Apr/2017:12:43:39 -0300] "GET /cormun/servlet/autorizarpermisogoce?DSP,11756419,P,20170403112433, HTTP/1.1" 200 5985
186.103.159.204 - - [03/Apr/2017:12:43:42 -0300] "GET /cormun/servlet/trsolicitudot? HTTP/1.1" 200 9035
192.168.10.96 - - [03/Apr/2017:12:43:43 -0300] "POST /cormun/servlet/autorizarpermisogoce?f8725b372900c5430ad005c3239d5d26,DSP,11756419,P,20170403112433,,gx-no-cache=1491237500147 HTTP/1.1" 200 90
192.168.10.96 - - [03/Apr/2017:12:43:43 -0300] "GET /cormun/servlet/hpexe_link HTTP/1.1" 200 992
192.168.10.96 - - [03/Apr/2017:12:43:43 -0300] "GET /cormun/servlet/trautorizarpermisogoce HTTP/1.1" 200 12332
192.168.10.96 - - [03/Apr/2017:12:43:43 -0300] "GET /cormun/servlet/trautorizarpermisogoce HTTP/1.1" 200 12330
186.103.159.204 - - [03/Apr/2017:12:43:44 -0300] "GET /cormun/static/gxcfg.js?201731711505139 HTTP/1.1" 200 953
186.103.159.187 - - [03/Apr/2017:12:43:44 -0300] "POST /cormun/servlet/solicitudot?2361a00dc0a78d674274b463f09bfa6a,INS,0,0,,gx-no-cache=1491234289760 HTTP/1.1" 200 93
186.103.159.204 - - [03/Apr/2017:12:43:45 -0300] "GET /cormun/static/gxdec.js?85251 HTTP/1.1" 304 -
186.103.159.204 - - [03/Apr/2017:12:43:45 -0300] "GET /cormun/static/trsolicitudot.js?20173171151116 HTTP/1.1" 304 -
186.103.159.204 - - [03/Apr/2017:12:43:45 -0300] "GET /cormun/static/calendar-es.js?85251 HTTP/1.1" 304 -
186.103.159.204 - - [03/Apr/2017:12:43:45 -0300] "GET /cormun/static/calendar.js?85251 HTTP/1.1" 304 -
186.103.159.187 - - [03/Apr/2017:12:43:45 -0300] "GET /cormun/servlet/hpexe_return? HTTP/1.1" 200 1010
186.103.159.204 - - [03/Apr/2017:12:43:45 -0300] "GET /cormun/static/calendar-setup.js?85251 HTTP/1.1" 304 -
186.103.159.187 - - [03/Apr/2017:12:43:45 -0300] "GET /cormun/static/Resources/Spanish/PXTools.css?167811 HTTP/1.1" 304 -
186.103.159.187 - - [03/Apr/2017:12:43:45 -0300] "GET /cormun/static/hpexe_return.js?2016101716175153 HTTP/1.1" 304 -
186.103.159.187 - - [03/Apr/2017:12:43:45 -0300] "GET /cormun/static/gxcfg.js?2016101716175148 HTTP/1.1" 200 953
186.103.159.187 - - [03/Apr/2017:12:43:45 -0300] "GET /cormun/servlet/trsolicitudot HTTP/1.1" 200 8549
186.103.159.204 - - [03/Apr/2017:12:43:46 -0300] "GET /cormun/servlet/trsolicitudot? HTTP/1.1" 200 9033
186.103.159.187 - - [03/Apr/2017:12:43:46 -0300] "GET /cormun/servlet/trsolicitudot HTTP/1.1" 200 8545
186.103.156.166 - - [03/Apr/2017:12:43:52 -0300] "GET /cormun/servlet/hhome HTTP/1.1" 200 3315
186.103.156.166 - - [03/Apr/2017:12:43:52 -0300] "GET /cormun/servlet/hhome HTTP/1.1" 200 3316
186.103.156.166 - - [03/Apr/2017:12:43:52 -0300] "GET /cormun/static/Resources/Spanish/PXTools.css?11294912 HTTP/1.1" 304 -
186.103.156.166 - - [03/Apr/2017:12:43:52 -0300] "GET /cormun/static/gxtimezone.js?85251 HTTP/1.1" 304 -
186.103.156.166 - - [03/Apr/2017:12:43:52 -0300] "GET /cormun/static/gxcfg.js?201731711483497 HTTP/1.1" 304 -
186.103.156.166 - - [03/Apr/2017:12:43:52 -0300] "GET /cormun/static/messages.spa.js?85251 HTTP/1.1" 304 -
186.103.156.166 - - [03/Apr/2017:12:43:52 -0300] "GET /cormun/static/hhome.js?20173171148352 HTTP/1.1" 304 -
186.103.156.166 - - [03/Apr/2017:12:43:52 -0300] "GET /cormun/static/hwchdr01.js?201731711335950 HTTP/1.1" 304 -
186.103.156.166 - - [03/Apr/2017:12:43:53 -0300] "GET /cormun/static/hpexe_messagecontroller.js?201610171694323 HTTP/1.1" 304 -
186.103.156.166 - - [03/Apr/2017:12:43:53 -0300] "GET /cormun/static/hmpwkw03.js?201731711485354 HTTP/1.1" 304 -
186.103.156.166 - - [03/Apr/2017:12:43:53 -0300] "GET /cormun/static/hpexe_scripts.js?201731711335890 HTTP/1.1" 304 -
186.103.156.166 - - [03/Apr/2017:12:43:53 -0300] "GET /cormun/static/hpexe_messagegenexuscomponent.js?201731711335537 HTTP/1.1" 304 -
186.103.156.166 - - [03/Apr/2017:12:43:53 -0300] "GET /cormun/static/hpexe_messagepopupcomponent.js?20161017169425 HTTP/1.1" 304 -
186.103.156.166 - - [03/Apr/2017:12:43:53 -0300] "GET /cormun/static/cmcontrolpreferences.js?201731711335852 HTTP/1.1" 304 -
192.168.10.96 - - [03/Apr/2017:12:43:53 -0300] "GET /cormun/servlet/trpermisosadjuntos?11756419,20170403112433,P, HTTP/1.1" 200 6318
192.168.10.96 - - [03/Apr/2017:12:43:54 -0300] "GET /cormun/servlet/trpermisosadjuntos?11756419,20170403112433,P, HTTP/1.1" 200 6318
186.103.156.166 - - [03/Apr/2017:12:43:56 -0300] "GET /cormun/static/hpexe_recentlink.js?201610171694390 HTTP/1.1" 304 -
186.103.156.166 - - [03/Apr/2017:12:43:56 -0300] "GET /cormun/servlet/hhome HTTP/1.1" 200 3326
186.103.156.166 - - [03/Apr/2017:12:43:56 -0300] "GET /cormun/servlet/hlogin HTTP/1.1" 200 1732
186.103.156.166 - - [03/Apr/2017:12:43:56 -0300] "GET /cormun/static/gxcfg.js?201731711485472 HTTP/1.1" 304 -
186.103.156.166 - - [03/Apr/2017:12:43:56 -0300] "GET /cormun/static/hlogin.js?201731711485490 HTTP/1.1" 304 -
192.168.10.96 - - [03/Apr/2017:12:43:57 -0300] "POST /cormun/servlet/trpermisosadjuntos?f8725b372900c5430ad005c3239d5d26,11756419,20170403112433,P,,gx-no-cache=1491237514059 HTTP/1.1" 200 90
192.168.10.96 - - [03/Apr/2017:12:43:57 -0300] "GET /cormun/servlet/hpexe_link HTTP/1.1" 200 994
186.103.159.204 - - [03/Apr/2017:12:43:57 -0300] "POST /cormun/servlet/trsolicitudot?b5fb5a0f1227825edb5b16eb3bc92c8d,,gx-no-cache=1491234302898 HTTP/1.1" 200 106
192.168.10.96 - - [03/Apr/2017:12:43:57 -0300] "GET /cormun/servlet/trautorizarpermisogoce HTTP/1.1" 200 12332
186.103.159.204 - - [03/Apr/2017:12:43:57 -0300] "GET /cormun/servlet/solicitudot?DLT,2017,5534, HTTP/1.1" 200 9570
186.103.159.204 - - [03/Apr/2017:12:43:57 -0300] "GET /cormun/static/Resources/Spanish/PXTools.css?18365030 HTTP/1.1" 304 -
192.168.10.96 - - [03/Apr/2017:12:43:57 -0300] "GET /cormun/servlet/trautorizarpermisogoce HTTP/1.1" 200 12330
186.103.159.204 - - [03/Apr/2017:12:43:57 -0300] "GET /cormun/static/solicitudot.js?2017119104297 HTTP/1.1" 304 -
186.103.159.204 - - [03/Apr/2017:12:43:57 -0300] "GET /cormun/static/gxcfg.js?20171191042720 HTTP/1.1" 200 953
186.103.159.204 - - [03/Apr/2017:12:43:58 -0300] "GET /cormun/static/Shared/jqueryui/images/ui-bg_highlight-soft_100_c6c2c8_1x100.png HTTP/1.1" 404 1117
186.103.159.204 - - [03/Apr/2017:12:43:58 -0300] "GET /cormun/static/Shared/jqueryui/images/ui-icons_82798d_256x240.png HTTP/1.1" 404 1089
186.103.159.204 - - [03/Apr/2017:12:43:58 -0300] "GET /cormun/static/Shared/jqueryui/images/ui-icons_8d78a5_256x240.png HTTP/1.1" 404 1089
186.103.159.204 - - [03/Apr/2017:12:43:58 -0300] "GET /cormun/static/Shared/jqueryui/images/ui-bg_flat_55_fafafa_40x100.png HTTP/1.1" 404 1097
186.103.159.204 - - [03/Apr/2017:12:43:58 -0300] "GET /cormun/servlet/solicitudot?DLT,2017,5534, HTTP/1.1" 200 9580
186.103.159.204 - - [03/Apr/2017:12:44:02 -0300] "POST /cormun/servlet/solicitudot?b5fb5a0f1227825edb5b16eb3bc92c8d,DLT,2017,5534,,gx-no-cache=1491234307681 HTTP/1.1" 200 93
186.103.159.204 - - [03/Apr/2017:12:44:02 -0300] "GET /cormun/servlet/hpexe_return? HTTP/1.1" 200 1018
186.103.159.204 - - [03/Apr/2017:12:44:02 -0300] "GET /cormun/static/Resources/Spanish/PXTools.css?167811 HTTP/1.1" 304 -
186.103.159.204 - - [03/Apr/2017:12:44:02 -0300] "GET /cormun/static/gxcfg.js?2016101716175148 HTTP/1.1" 200 953
186.103.159.204 - - [03/Apr/2017:12:44:02 -0300] "GET /cormun/static/hpexe_return.js?2016101716175153 HTTP/1.1" 304 -
186.103.159.204 - - [03/Apr/2017:12:44:02 -0300] "GET /cormun/servlet/trsolicitudot HTTP/1.1" 200 9037
186.103.159.204 - - [03/Apr/2017:12:44:03 -0300] "GET /cormun/servlet/trsolicitudot HTTP/1.1" 200 9033
192.168.10.96 - - [03/Apr/2017:12:44:04 -0300] "POST /cormun/servlet/trautorizarpermisogoce?f8725b372900c5430ad005c3239d5d26,gx-no-cache=1491237521022 HTTP/1.1" 200 4057
192.168.10.96 - - [03/Apr/2017:12:44:08 -0300] "POST /cormun/servlet/trautorizarpermisogoce?f8725b372900c5430ad005c3239d5d26,gx-no-cache=1491237525344 HTTP/1.1" 200 4057
186.103.159.204 - - [03/Apr/2017:12:44:08 -0300] "POST /cormun/servlet/trsolicitudot?b5fb5a0f1227825edb5b16eb3bc92c8d,gx-no-cache=1491234314324 HTTP/1.1" 200 106
186.103.159.187 - - [03/Apr/2017:12:44:08 -0300] "POST /cormun/servlet/trsolicitudot?2361a00dc0a78d674274b463f09bfa6a,gx-no-cache=1491234314453 HTTP/1.1" 200 106
186.103.159.204 - - [03/Apr/2017:12:44:08 -0300] "GET /cormun/servlet/solicitudot?UPD,2017,5534, HTTP/1.1" 200 14517
186.103.159.187 - - [03/Apr/2017:12:44:08 -0300] "GET /cormun/servlet/solicitudot?UPD,2017,5874, HTTP/1.1" 200 14200
186.103.159.204 - - [03/Apr/2017:12:44:09 -0300] "GET /cormun/servlet/solicitudot?UPD,2017,5534, HTTP/1.1" 200 14526
186.103.159.187 - - [03/Apr/2017:12:44:10 -0300] "GET /cormun/servlet/solicitudot?UPD,2017,5874, HTTP/1.1" 200 14209
192.168.10.96 - - [03/Apr/2017:12:44:10 -0300] "POST /cormun/servlet/trautorizarpermisogoce?f8725b372900c5430ad005c3239d5d26,gx-no-cache=1491237527438 HTTP/1.1" 200 9531
186.103.159.187 - - [03/Apr/2017:12:44:10 -0300] "POST /cormun/servlet/solicitudot?gx-no-cache=1491234317122 HTTP/1.1" 200 3175
186.103.159.187 - - [03/Apr/2017:12:44:11 -0300] "POST /cormun/servlet/solicitudot?2361a00dc0a78d674274b463f09bfa6a,UPD,2017,5874,,gx-no-cache=1491234317504 HTTP/1.1" 200 10857
186.103.159.204 - - [03/Apr/2017:12:44:11 -0300] "POST /cormun/servlet/solicitudot?gx-no-cache=1491234316025 HTTP/1.1" 200 3190
186.103.159.187 - - [03/Apr/2017:12:44:11 -0300] "GET /cormun/servlet/solicitudot?d8c2fec3f7c8560e17b8397083e79af2fd78f489ec8b39a106f484a141108a852bd23ca3dd1fabf4a66471dcfc69023d,gx-no-cache=1491234317923 HTTP/1.1" 200 30
186.103.159.187 - - [03/Apr/2017:12:44:11 -0300] "POST /cormun/servlet/solicitudot?gx-no-cache=1491234318318 HTTP/1.1" 200 240
186.103.159.187 - - [03/Apr/2017:12:44:12 -0300] "GET /cormun/servlet/solicitudot?d8c2fec3f7c8560e17b8397083e79af2387bb713882a08d7a79a31447b79774f8d5734969761f9e1a3dc5493142b3bae024f10c2432c3c24e90d44b15f4354cd7cdee9f9145a5e4f2ad543b819f75b398287d41315f11a552ae8ecf2126350cd4997f27b8854a78f074bed651377d8ed850bb0fe36d5c649cf8479e61392970f2dc1669cde9132b06e417f80baad9af0fd034627061fec5daa8d23009d91e63cd790e03989d1fe6a493a32f10956b8ec4dc4570c531af2c84a2623456da53132b0dcf171a4c80fde12dbbde2bf2d27512275f0dc2c9284c1cdcde07c1f27a8b15fd5bc5e44895d9f9e5c823c7b8fb9fb1ff61eed1e388d460c81a48895e0808b7cf808e0b7d0e4b74947d78dc9718ec8226b13691913ab2b33ea4b805c75a4aefd80ff8fd2560275c288e2ee965d6012751f6ee4b182f2f3e971fa0ae7ebfbf3e2cc3554dcbe2e1c2da252c0391c0bebd16945ea5118e250c1ead2e33de934021800452c968ca89e7bbe5ab8e6d46d52b35d4e4032e136e1cb8d8e0c2bbc2407,gx-no-cache=1491234318424 HTTP/1.1" 200 30
186.103.159.204 - - [03/Apr/2017:12:44:12 -0300] "POST /cormun/servlet/solicitudot?b5fb5a0f1227825edb5b16eb3bc92c8d,UPD,2017,5534,,gx-no-cache=1491234317337 HTTP/1.1" 200 11094
186.103.159.204 - - [03/Apr/2017:12:44:12 -0300] "GET /cormun/servlet/solicitudot?db802a2e9924a104ce8051628bd57b17398d7052f6f4f5a5162ec44fbb26f9a87544d6bf80014672e1869d6d699c2d83,gx-no-cache=1491234318229 HTTP/1.1" 200 30
186.103.159.187 - - [03/Apr/2017:12:44:12 -0300] "POST /cormun/servlet/solicitudot?gx-no-cache=1491234318782 HTTP/1.1" 200 30
186.103.159.204 - - [03/Apr/2017:12:44:12 -0300] "POST /cormun/servlet/solicitudot?gx-no-cache=1491234318319 HTTP/1.1" 200 297
186.103.159.204 - - [03/Apr/2017:12:44:12 -0300] "GET /cormun/servlet/solicitudot?db802a2e9924a104ce8051628bd57b1762ab9faac681d5bce72a0cd8439e5d76bdca6519531ff23859432869446230e82a276ad676db2aafcb415a5764693e86d64a220090c66fb7b97889004a619ad68f9ac8596ef5c00ff646b972ccef3e607ac5c95d324296ebaf628c975f3266ab99f8421bd3b1d4cdd09f2da4300aeebb2f5a0b9c91da5191a43132dcc6188f75b22ac78eba33909f1c84e37b1a00ee1ea549a377f6bc4c3e00411304fd9eba085799c4690390b0659b2195ec99e20df94b706485e9c2a949adc37c72ebdfd26ee42b4dc462df6a412b859e5276055c09c86981d9a3b2cef97a9c92a2092856eef85894fdd79b207db77d5553ec862c5b44ceb404872b3c25b021b3c342550dc729074e254925101df227a004a51e48205dd3c8fa8e4213f25b4dcff7dfc66ba7c93efb2804769f5e7679d6897e5ab15751637eac8ee8d6f5ec0d0597634ba2e66759392d16aa215d2f166c4c5476782e35c0893ce37136ffa58922dc4eb5212d11ef19b2b63fe038858f90b917e8a71fc5cbcdfcaad4e9f76e6c9e67335eb9cd,gx-no-cache=1491234318414 HTTP/1.1" 200 30
186.103.159.204 - - [03/Apr/2017:12:44:12 -0300] "POST /cormun/servlet/solicitudot?gx-no-cache=1491234318465 HTTP/1.1" 200 30
186.103.159.204 - - [03/Apr/2017:12:44:12 -0300] "POST /cormun/servlet/solicitudot?gx-no-cache=1491234318609 HTTP/1.1" 200 1291
186.103.159.187 - - [03/Apr/2017:12:44:12 -0300] "POST /cormun/servlet/solicitudot?gx-no-cache=1491234319257 HTTP/1.1" 200 1291
186.103.159.204 - - [03/Apr/2017:12:44:13 -0300] "POST /cormun/servlet/solicitudot?gx-no-cache=1491234318813 HTTP/1.1" 200 41
186.103.159.187 - - [03/Apr/2017:12:44:13 -0300] "POST /cormun/servlet/solicitudot?gx-no-cache=1491234319747 HTTP/1.1" 200 41
192.168.10.96 - - [03/Apr/2017:12:44:15 -0300] "GET /cormun/servlet/trpermisosgoce? HTTP/1.1" 200 12666
192.168.10.96 - - [03/Apr/2017:12:44:15 -0300] "GET /cormun/servlet/trpermisosgoce? HTTP/1.1" 200 12659
192.168.10.96 - - [03/Apr/2017:12:44:19 -0300] "POST /cormun/servlet/trpermisosgoce?f8725b372900c5430ad005c3239d5d26,,gx-no-cache=1491237536322 HTTP/1.1" 200 9772
186.103.159.204 - - [03/Apr/2017:12:44:19 -0300] "POST /cormun/servlet/solicitudot?b5fb5a0f1227825edb5b16eb3bc92c8d,UPD,2017,5534,,gx-no-cache=1491234325394 HTTP/1.1" 200 93
186.103.159.204 - - [03/Apr/2017:12:44:19 -0300] "GET /cormun/servlet/hpexe_return? HTTP/1.1" 200 1018
186.103.159.204 - - [03/Apr/2017:12:44:20 -0300] "GET /cormun/servlet/trsolicitudot HTTP/1.1" 200 9037
186.103.159.204 - - [03/Apr/2017:12:44:21 -0300] "GET /cormun/servlet/trsolicitudot HTTP/1.1" 200 9033
192.168.10.96 - - [03/Apr/2017:12:44:23 -0300] "POST /cormun/servlet/trpermisosgoce?f8725b372900c5430ad005c3239d5d26,,gx-no-cache=1491237540393 HTTP/1.1" 200 9763
186.103.159.204 - - [03/Apr/2017:12:44:23 -0300] "POST /cormun/servlet/trsolicitudot?b5fb5a0f1227825edb5b16eb3bc92c8d,gx-no-cache=1491234328902 HTTP/1.1" 200 107
186.103.159.204 - - [03/Apr/2017:12:44:23 -0300] "GET /cormun/servlet/trsolicitudadjuntos?2017,5534, HTTP/1.1" 200 6093
186.103.159.204 - - [03/Apr/2017:12:44:23 -0300] "GET /cormun/static/gxcfg.js?201731711504543 HTTP/1.1" 304 -
186.103.159.204 - - [03/Apr/2017:12:44:24 -0300] "GET /cormun/static/trsolicitudadjuntos.js?201731711504951 HTTP/1.1" 304 -
186.103.159.204 - - [03/Apr/2017:12:44:24 -0300] "GET /cormun/servlet/trsolicitudadjuntos?2017,5534, HTTP/1.1" 200 6092
186.103.156.166 - - [03/Apr/2017:12:44:24 -0300] "POST /cormun/servlet/hlogin?f410ee58b6292177d18080ee93fb9d0c,gx-no-cache=1491237911124 HTTP/1.1" 200 90
186.103.156.166 - - [03/Apr/2017:12:44:24 -0300] "GET /cormun/servlet/hpexe_link HTTP/1.1" 200 952
186.103.156.166 - - [03/Apr/2017:12:44:24 -0300] "GET /cormun/static/gxcfg.js?201731711483381 HTTP/1.1" 304 -
186.103.156.166 - - [03/Apr/2017:12:44:24 -0300] "GET /cormun/static/hpexe_link.js?201731711483384 HTTP/1.1" 304 -
186.103.156.166 - - [03/Apr/2017:12:44:25 -0300] "GET /cormun/servlet/hhome HTTP/1.1" 200 3706
186.103.156.166 - - [03/Apr/2017:12:44:26 -0300] "GET /cormun/servlet/hhome HTTP/1.1" 200 3703
192.168.10.13 - - [03/Apr/2017:12:44:26 -0300] "GET / HTTP/1.1" 200 11217
192.168.10.96 - - [03/Apr/2017:12:44:27 -0300] "POST /cormun/servlet/trpermisosgoce?f8725b372900c5430ad005c3239d5d26,,gx-no-cache=1491237544351 HTTP/1.1" 200 9772
186.103.159.204 - - [03/Apr/2017:12:44:29 -0300] "GET /cormun/servlet/solicitudotadjuntos?INS,2017,5534,,1, HTTP/1.1" 200 6035
186.103.159.204 - - [03/Apr/2017:12:44:29 -0300] "GET /cormun/static/gxcfg.js?201612218465951 HTTP/1.1" 304 -
186.103.159.204 - - [03/Apr/2017:12:44:29 -0300] "GET /cormun/static/solicitudotadjuntos.js?201612218465969 HTTP/1.1" 304 -
186.103.159.204 - - [03/Apr/2017:12:44:29 -0300] "GET /cormun/static/about:blank HTTP/1.1" 404 1011
186.103.159.204 - - [03/Apr/2017:12:44:30 -0300] "GET /cormun/servlet/solicitudotadjuntos?INS,2017,5534,,1, HTTP/1.1" 200 6028
186.103.159.204 - - [03/Apr/2017:12:44:30 -0300] "GET /cormun/servlet/solicitudotadjuntos?db802a2e9924a104ce8051628bd57b17ff31dd8d453d79196257a00dcef6727ccc2e54fd8d4f25eb8fd54560f594a450,gx-no-cache=1491234336796 HTTP/1.1" 200 30
192.168.10.96 - - [03/Apr/2017:12:44:31 -0300] "POST /cormun/servlet/trpermisosgoce?f8725b372900c5430ad005c3239d5d26,,gx-no-cache=1491237548006 HTTP/1.1" 200 9764
186.103.159.204 - - [03/Apr/2017:12:44:31 -0300] "POST /cormun/servlet/solicitudotadjuntos?b5fb5a0f1227825edb5b16eb3bc92c8d,INS,2017,5534,,1,,gx-no-cache=1491234336868 HTTP/1.1" 200 3837
192.168.10.96 - - [03/Apr/2017:12:44:32 -0300] "POST /cormun/servlet/trpermisosgoce?f8725b372900c5430ad005c3239d5d26,,gx-no-cache=1491237549050 HTTP/1.1" 200 9772
192.168.10.96 - - [03/Apr/2017:12:44:33 -0300] "POST /cormun/servlet/trpermisosgoce?f8725b372900c5430ad005c3239d5d26,,gx-no-cache=1491237549989 HTTP/1.1" 200 9772
186.103.156.166 - - [03/Apr/2017:12:44:33 -0300] "GET /cormun/servlet/trpermisosgoce? HTTP/1.1" 200 7295
186.103.156.166 - - [03/Apr/2017:12:44:33 -0300] "GET /cormun/static/gxcfg.js?20173171154124 HTTP/1.1" 304 -
186.103.156.166 - - [03/Apr/2017:12:44:33 -0300] "GET /cormun/static/calendar.js?85251 HTTP/1.1" 304 -
186.103.156.166 - - [03/Apr/2017:12:44:33 -0300] "GET /cormun/static/calendar-es.js?85251 HTTP/1.1" 304 -
186.103.156.166 - - [03/Apr/2017:12:44:33 -0300] "GET /cormun/static/calendar-setup.js?85251 HTTP/1.1" 304 -
186.103.156.166 - - [03/Apr/2017:12:44:33 -0300] "GET /cormun/static/trpermisosgoce.js?20173171154177 HTTP/1.1" 304 -
186.103.159.204 - - [03/Apr/2017:12:44:34 -0300] "POST /cormun/servlet/solicitudotadjuntos?b5fb5a0f1227825edb5b16eb3bc92c8d,INS,2017,5534,,1,,gx-no-cache=1491234339719 HTTP/1.1" 200 93
186.103.159.204 - - [03/Apr/2017:12:44:34 -0300] "GET /cormun/servlet/hpexe_return? HTTP/1.1" 200 1032
186.103.156.166 - - [03/Apr/2017:12:44:34 -0300] "GET /cormun/servlet/trpermisosgoce? HTTP/1.1" 200 7294
186.103.159.204 - - [03/Apr/2017:12:44:34 -0300] "GET /cormun/servlet/trsolicitudadjuntos?2017,5534, HTTP/1.1" 200 6096
186.103.159.204 - - [03/Apr/2017:12:44:35 -0300] "GET /cormun/servlet/trsolicitudadjuntos?2017,5534, HTTP/1.1" 200 6092
186.103.159.204 - - [03/Apr/2017:12:44:38 -0300] "GET /cormun/servlet/trsolicitudot? HTTP/1.1" 200 9039
186.103.159.204 - - [03/Apr/2017:12:44:39 -0300] "GET /cormun/servlet/trsolicitudot? HTTP/1.1" 200 9033
186.103.156.166 - - [03/Apr/2017:12:44:41 -0300] "GET /cormun/servlet/permisogoce?INS,0,,, HTTP/1.1" 200 6482
186.103.156.166 - - [03/Apr/2017:12:44:41 -0300] "GET /cormun/static/gxcfg.js?201732911503726 HTTP/1.1" 304 -
186.103.156.166 - - [03/Apr/2017:12:44:41 -0300] "GET /cormun/static/gxdec.js?85251 HTTP/1.1" 304 -
186.103.156.166 - - [03/Apr/2017:12:44:41 -0300] "GET /cormun/static/permisogoce.js?201732911503774 HTTP/1.1" 304 -
186.103.156.166 - - [03/Apr/2017:12:44:41 -0300] "GET /cormun/servlet/permisogoce?INS,0,,, HTTP/1.1" 200 6482
186.103.159.187 - - [03/Apr/2017:12:44:42 -0300] "GET /cormun/servlet/solicitudot?d8c2fec3f7c8560e17b8397083e79af2cd0560d91fb4229ac3331542066f5f0ca6bba41d7de337681b21cb39f5f8a2b55bb700fd52c7da37893543feffe8c46dea29fa7ae1da24eecc77df4101fe1a650a319d06ecb58bad10650c224229a2a7b97edcf4dc16ad26b2bbbad0566ff3d229d2d2559ca0d0f1f4477dd1ea5771bc554af309ce51308bea4c15ea0ade291796e86c43e2765b395b27eedd1a488657,gx-no-cache=1491234349299 HTTP/1.1" 200 29
186.103.159.187 - - [03/Apr/2017:12:44:42 -0300] "POST /cormun/servlet/solicitudot?gx-no-cache=1491234349421 HTTP/1.1" 200 1274
186.103.159.187 - - [03/Apr/2017:12:44:42 -0300] "POST /cormun/servlet/solicitudot?gx-no-cache=1491234349596 HTTP/1.1" 200 1157
186.103.159.187 - - [03/Apr/2017:12:44:43 -0300] "GET /cormun/servlet/solicitudot?d8c2fec3f7c8560e17b8397083e79af22a5c0714b620e8197788a8746e17ba3c97ae556226d164821d1b1b37e50b4491947c22584878904b95460e051d32813f01bdbf064f259c19d7d4881b261214ddd30fc0a656a8e43877e77ffb83b59c5c16ac3a9d229a2de1aacae10ecb036c8182f502034224e2a5878f3fdf55cc821e5e8f0984e69b0b1da23391e4189a5084348b35f20d14461c3eed85784dabb5274377cc33279f67ecaeec47b73826a596492e30fbbe9f124421e45f623da9cb98,gx-no-cache=1491234349697 HTTP/1.1" 200 32
186.103.159.187 - - [03/Apr/2017:12:44:43 -0300] "POST /cormun/servlet/solicitudot?2361a00dc0a78d674274b463f09bfa6a,UPD,2017,5874,,gx-no-cache=1491234350140 HTTP/1.1" 200 93
186.103.159.187 - - [03/Apr/2017:12:44:43 -0300] "GET /cormun/servlet/hpexe_return? HTTP/1.1" 200 1016
186.103.159.187 - - [03/Apr/2017:12:44:44 -0300] "GET /cormun/servlet/trsolicitudot HTTP/1.1" 200 8545
186.103.159.187 - - [03/Apr/2017:12:44:45 -0300] "GET /cormun/servlet/trsolicitudot HTTP/1.1" 200 8541
192.168.10.96 - - [03/Apr/2017:12:44:46 -0300] "GET /cormun/servlet/trautorizarpermisogoce? HTTP/1.1" 200 12331
192.168.10.96 - - [03/Apr/2017:12:44:47 -0300] "GET /cormun/servlet/trautorizarpermisogoce? HTTP/1.1" 200 12330
192.168.10.89 - - [03/Apr/2017:12:44:52 -0300] "GET /cormun/servlet/trsolicitudgral? HTTP/1.1" 200 8813
186.103.159.204 - - [03/Apr/2017:12:44:56 -0300] "POST /cormun/servlet/trsolicitudot?b5fb5a0f1227825edb5b16eb3bc92c8d,,gx-no-cache=1491234361694 HTTP/1.1" 200 106
186.103.159.204 - - [03/Apr/2017:12:44:56 -0300] "GET /cormun/servlet/solicitudot?DLT,2017,5534, HTTP/1.1" 200 9570
186.103.159.187 - - [03/Apr/2017:12:44:56 -0300] "POST /cormun/servlet/trsolicitudot?2361a00dc0a78d674274b463f09bfa6a,gx-no-cache=1491234362918 HTTP/1.1" 200 5257
186.103.159.187 - - [03/Apr/2017:12:44:56 -0300] "GET /cormun/static/Shared/jqueryui/images/ui-bg_highlight-soft_100_c6c2c8_1x100.png HTTP/1.1" 404 1117
186.103.159.187 - - [03/Apr/2017:12:44:56 -0300] "GET /cormun/static/Shared/jqueryui/images/ui-icons_82798d_256x240.png HTTP/1.1" 404 1089
186.103.159.187 - - [03/Apr/2017:12:44:57 -0300] "GET /cormun/static/Shared/jqueryui/images/ui-icons_8d78a5_256x240.png HTTP/1.1" 404 1089
186.103.159.187 - - [03/Apr/2017:12:44:57 -0300] "GET /cormun/static/Shared/jqueryui/images/ui-bg_flat_55_fafafa_40x100.png HTTP/1.1" 404 1097
186.103.159.187 - - [03/Apr/2017:12:44:57 -0300] "POST /cormun/servlet/trsolicitudot?2361a00dc0a78d674274b463f09bfa6a,gx-no-cache=1491234363718 HTTP/1.1" 200 5197
186.103.159.204 - - [03/Apr/2017:12:44:57 -0300] "GET /cormun/static/Shared/jqueryui/images/ui-bg_highlight-soft_100_c6c2c8_1x100.png HTTP/1.1" 404 1117
186.103.159.204 - - [03/Apr/2017:12:44:57 -0300] "GET /cormun/static/Shared/jqueryui/images/ui-bg_flat_55_fafafa_40x100.png HTTP/1.1" 404 1097
186.103.159.204 - - [03/Apr/2017:12:44:57 -0300] "GET /cormun/static/Shared/jqueryui/images/ui-icons_82798d_256x240.png HTTP/1.1" 404 1089
186.103.159.204 - - [03/Apr/2017:12:44:57 -0300] "GET /cormun/static/Shared/jqueryui/images/ui-icons_8d78a5_256x240.png HTTP/1.1" 404 1089
186.103.159.204 - - [03/Apr/2017:12:44:57 -0300] "GET /cormun/servlet/solicitudot?DLT,2017,5534, HTTP/1.1" 200 9580
192.168.10.96 - - [03/Apr/2017:12:44:58 -0300] "POST /cormun/servlet/trautorizarpermisogoce?f8725b372900c5430ad005c3239d5d26,,gx-no-cache=1491237575103 HTTP/1.1" 200 4058
192.168.10.96 - - [03/Apr/2017:12:45:03 -0300] "GET /cormun/servlet/hlogin HTTP/1.1" 200 1751
186.103.159.187 - - [03/Apr/2017:12:45:05 -0300] "POST /cormun/servlet/trsolicitudot?2361a00dc0a78d674274b463f09bfa6a,gx-no-cache=1491234371796 HTTP/1.1" 200 90
186.103.159.187 - - [03/Apr/2017:12:45:05 -0300] "GET /cormun/servlet/hpexe_link HTTP/1.1" 200 960
186.103.159.187 - - [03/Apr/2017:12:45:05 -0300] "GET /cormun/servlet/hhome HTTP/1.1" 200 3739
186.103.159.187 - - [03/Apr/2017:12:45:06 -0300] "GET /cormun/servlet/hhome HTTP/1.1" 200 3736
186.103.159.187 - - [03/Apr/2017:12:45:08 -0300] "GET /cormun/servlet/hlogin HTTP/1.1" 200 1739
186.103.156.166 - - [03/Apr/2017:12:45:08 -0300] "GET /cormun/servlet/permisogoce?db924f132e0fb5f28aabceb530bb0d5c3a8238d6f627425c4295a158b871941deb6c851ee25e6e1d5198a183c5be1477,gx-no-cache=1491237954773 HTTP/1.1" 200 74
192.168.10.96 - - [03/Apr/2017:12:45:08 -0300] "POST /cormun/servlet/hlogin?f8725b372900c5430ad005c3239d5d26,gx-no-cache=1491237585749 HTTP/1.1" 200 461
192.168.10.96 - - [03/Apr/2017:12:45:11 -0300] "POST /cormun/servlet/hlogin?f8725b372900c5430ad005c3239d5d26,gx-no-cache=1491237588197 HTTP/1.1" 200 461
186.103.159.204 - - [03/Apr/2017:12:45:12 -0300] "POST /cormun/servlet/solicitudot?b5fb5a0f1227825edb5b16eb3bc92c8d,DLT,2017,5534,,gx-no-cache=1491234378383 HTTP/1.1" 200 12628
186.103.159.204 - - [03/Apr/2017:12:45:12 -0300] "GET /cormun/static/Shared/jqueryui/images/ui-bg_flat_55_994d53_40x100.png HTTP/1.1" 404 1097
186.103.159.204 - - [03/Apr/2017:12:45:12 -0300] "GET /cormun/static/Shared/jqueryui/images/ui-icons_ebccce_256x240.png HTTP/1.1" 404 1089
192.168.10.96 - - [03/Apr/2017:12:45:14 -0300] "POST /cormun/servlet/hlogin?f8725b372900c5430ad005c3239d5d26,gx-no-cache=1491237591609 HTTP/1.1" 200 461
186.103.159.204 - - [03/Apr/2017:12:45:15 -0300] "POST /cormun/servlet/solicitudot?b5fb5a0f1227825edb5b16eb3bc92c8d,DLT,2017,5534,,gx-no-cache=1491234380258 HTTP/1.1" 200 93
186.103.159.204 - - [03/Apr/2017:12:45:15 -0300] "GET /cormun/servlet/hpexe_return? HTTP/1.1" 200 1018
186.103.159.204 - - [03/Apr/2017:12:45:16 -0300] "GET /cormun/servlet/trsolicitudot HTTP/1.1" 200 9037
186.103.159.187 - - [03/Apr/2017:12:45:16 -0300] "POST /cormun/servlet/hlogin?2361a00dc0a78d674274b463f09bfa6a,gx-no-cache=1491234383329 HTTP/1.1" 200 90
186.103.159.187 - - [03/Apr/2017:12:45:16 -0300] "GET /cormun/servlet/hpexe_link HTTP/1.1" 200 956
186.103.159.204 - - [03/Apr/2017:12:45:17 -0300] "GET /cormun/servlet/trsolicitudot HTTP/1.1" 200 9033
186.103.159.187 - - [03/Apr/2017:12:45:17 -0300] "GET /cormun/servlet/hhome HTTP/1.1" 200 3955
