186.103.156.211 - - [03/Apr/2017:13:15:13 -0300] "POST /cormun/servlet/solicitudot?11fb8d19d1f13d894998946fe8ebe9d0,INS,0,0,,gx-no-cache=1491236180840 HTTP/1.1" 200 11335
186.103.156.211 - - [03/Apr/2017:13:15:13 -0300] "GET /cormun/static/Shared/jqueryui/images/ui-bg_flat_55_994d53_40x100.png HTTP/1.1" 404 1097
186.103.156.211 - - [03/Apr/2017:13:15:13 -0300] "GET /cormun/static/Shared/jqueryui/images/ui-icons_ebccce_256x240.png HTTP/1.1" 404 1089
186.103.159.182 - - [03/Apr/2017:13:15:13 -0300] "GET /cormun/servlet/solicitudot?INS,0,0, HTTP/1.1" 200 12850
192.168.10.89 - - [03/Apr/2017:13:15:14 -0300] "POST /cormun/servlet/solicitudot?9679c8d582ea12aa148bba3c038cc399,INS,0,0,,gx-no-cache=1491239391779 HTTP/1.1" 200 93
192.168.10.89 - - [03/Apr/2017:13:15:14 -0300] "GET /cormun/servlet/hpexe_return? HTTP/1.1" 200 1004
186.103.159.182 - - [03/Apr/2017:13:15:15 -0300] "GET /cormun/servlet/solicitudot?INS,0,0, HTTP/1.1" 200 12855
192.168.10.89 - - [03/Apr/2017:13:15:16 -0300] "GET /cormun/servlet/trsolicitudot HTTP/1.1" 200 8221
192.168.10.89 - - [03/Apr/2017:13:15:20 -0300] "POST /cormun/servlet/trsolicitudot?9679c8d582ea12aa148bba3c038cc399,gx-no-cache=1491239397184 HTTP/1.1" 200 4336
192.168.10.89 - - [03/Apr/2017:13:15:20 -0300] "POST /cormun/servlet/trsolicitudot?9679c8d582ea12aa148bba3c038cc399,gx-no-cache=1491239397489 HTTP/1.1" 200 4119
192.168.10.89 - - [03/Apr/2017:13:15:20 -0300] "GET /cormun/static/Shared/jqueryui/images/ui-icons_8d78a5_256x240.png HTTP/1.1" 404 1089
192.168.10.89 - - [03/Apr/2017:13:15:20 -0300] "GET /cormun/static/Shared/jqueryui/images/ui-bg_highlight-soft_100_c6c2c8_1x100.png HTTP/1.1" 404 1117
192.168.10.89 - - [03/Apr/2017:13:15:20 -0300] "GET /cormun/static/Shared/jqueryui/images/ui-icons_82798d_256x240.png HTTP/1.1" 404 1089
192.168.10.89 - - [03/Apr/2017:13:15:20 -0300] "GET /cormun/static/Shared/jqueryui/images/ui-bg_flat_55_fafafa_40x100.png HTTP/1.1" 404 1097
192.168.10.89 - - [03/Apr/2017:13:15:23 -0300] "GET /cormun/servlet/trautorizarsolicitud? HTTP/1.1" 200 8145
192.168.10.13 - - [03/Apr/2017:13:15:26 -0300] "GET / HTTP/1.1" 200 11217
192.168.10.89 - - [03/Apr/2017:13:15:29 -0300] "POST /cormun/servlet/trautorizarsolicitud?9679c8d582ea12aa148bba3c038cc399,,gx-no-cache=1491239406326 HTTP/1.1" 200 4311
186.103.159.182 - - [03/Apr/2017:13:15:29 -0300] "POST /cormun/servlet/solicitudot?gx-no-cache=1491236195486 HTTP/1.1" 200 3081
192.168.10.89 - - [03/Apr/2017:13:15:29 -0300] "POST /cormun/servlet/trautorizarsolicitud?9679c8d582ea12aa148bba3c038cc399,,gx-no-cache=1491239406640 HTTP/1.1" 200 4097
186.103.159.182 - - [03/Apr/2017:13:15:29 -0300] "POST /cormun/servlet/solicitudot?8ffafb50c095ed685f9cc3d604c077c5,INS,0,0,,gx-no-cache=1491236196193 HTTP/1.1" 200 9865
192.168.10.89 - - [03/Apr/2017:13:15:29 -0300] "GET /cormun/static/Shared/jqueryui/images/ui-icons_82798d_256x240.png HTTP/1.1" 404 1089
192.168.10.89 - - [03/Apr/2017:13:15:29 -0300] "GET /cormun/static/Shared/jqueryui/images/ui-bg_highlight-soft_100_c6c2c8_1x100.png HTTP/1.1" 404 1117
192.168.10.89 - - [03/Apr/2017:13:15:29 -0300] "GET /cormun/static/Shared/jqueryui/images/ui-icons_8d78a5_256x240.png HTTP/1.1" 404 1089
192.168.10.89 - - [03/Apr/2017:13:15:29 -0300] "GET /cormun/static/Shared/jqueryui/images/ui-bg_flat_55_fafafa_40x100.png HTTP/1.1" 404 1097
186.103.159.182 - - [03/Apr/2017:13:15:30 -0300] "GET /cormun/servlet/solicitudot?81d4fb48939ce62e849d49abef7f5bfcb61b4f5e45381909159ebe0e5929a4f720cebd9c45c9d117388dd7d6daa542b1,gx-no-cache=1491236197463 HTTP/1.1" 200 30
192.168.10.89 - - [03/Apr/2017:13:15:41 -0300] "GET /cormun/servlet/trsolicitudot? HTTP/1.1" 200 6939
192.168.10.89 - - [03/Apr/2017:13:15:46 -0300] "GET /cormun/servlet/solicitudot?INS,0,0, HTTP/1.1" 200 12772
192.168.10.89 - - [03/Apr/2017:13:15:49 -0300] "GET /cormun/servlet/prfichaempleado?,MD,,gxPopupLevel%3D0%3B HTTP/1.1" 200 8793
192.168.10.89 - - [03/Apr/2017:13:15:59 -0300] "POST /cormun/servlet/prfichaempleado?9679c8d582ea12aa148bba3c038cc399,,MD,,gxPopupLevel%3D0%3B,gx-no-cache=1491239436602 HTTP/1.1" 200 3393
192.168.10.89 - - [03/Apr/2017:13:16:01 -0300] "POST /cormun/servlet/solicitudot?gx-no-cache=1491239439010 HTTP/1.1" 200 3167
192.168.10.89 - - [03/Apr/2017:13:16:02 -0300] "POST /cormun/servlet/solicitudot?9679c8d582ea12aa148bba3c038cc399,INS,0,0,,gx-no-cache=1491239439315 HTTP/1.1" 200 9944
192.168.10.89 - - [03/Apr/2017:13:16:04 -0300] "GET /cormun/servlet/solicitudot?2165edf6508056baa89a4220a1a587f3b04eeb0205f0b6498f833314005cccd1a7cbc4afd0e8d11ed5f7ff9770a5fc2c,gx-no-cache=1491239441362 HTTP/1.1" 200 30
192.168.10.89 - - [03/Apr/2017:13:16:04 -0300] "POST /cormun/servlet/solicitudot?gx-no-cache=1491239441397 HTTP/1.1" 200 255
192.168.10.89 - - [03/Apr/2017:13:16:04 -0300] "GET /cormun/servlet/solicitudot?2165edf6508056baa89a4220a1a587f321e69c19e2ddae688408950abcc86f6047a318b7432ece5d422539541057c9b9eb2e05d655ee24ff8575f8990243171ecfc8c71ac7c6721eeb6efb63c9ea999eabb41fbffe3cb977073e2f71ac1928e111f41333c3d4ba099abeebdc621504fc408cb2f8a5bdd25f1a0a758c5eefbffd18b7fdb6d220d4d014138b8a1fa3a70ccff7ab108920eaabc192cf158805d8547a8e67b51bc6da658f511dd5c4c4d881d25b7a4055ee0650c4f6946df575f2b1e043c790990a9afb46df06966ff240713d7e26b473237ebda625534dffb8fc5d3abb594a65ed833fc5ddf4a022aee2eaa3aba437a2bfabb5e765176c3e3c915d6da97085f5d09beb13c8402e560fa3067716d2db0af4cc6bedd7d17240f5e85855fd28b37856ae5af8e9ee6c7f52dfc5e6b1c83310b537fd23d84e9f5eec53059154702478a9ce56a8537f92aa4f34a452154094c1cf12a3c3c29bf7b7864c455e4f36d50b4be4044bb324b2ee0ab620f4ec842469f11792115370433462c110,gx-no-cache=1491239441426 HTTP/1.1" 200 30
192.168.10.89 - - [03/Apr/2017:13:16:05 -0300] "POST /cormun/servlet/solicitudot?gx-no-cache=1491239442989 HTTP/1.1" 200 30
192.168.10.89 - - [03/Apr/2017:13:16:09 -0300] "GET /cormun/servlet/prsolicitudot?17502063,,,,,MD,,gxPopupLevel%3D0%3B HTTP/1.1" 200 6272
192.168.10.89 - - [03/Apr/2017:13:16:09 -0300] "GET /cormun/static/gxcfg.js?201731711522567 HTTP/1.1" 200 953
192.168.10.89 - - [03/Apr/2017:13:16:09 -0300] "GET /cormun/static/prsolicitudot.js?201731711522786 HTTP/1.1" 304 -
192.168.10.96 - - [03/Apr/2017:13:16:10 -0300] "GET /cormun/servlet/vevisualizador?2017,5728,,SolicitudOTAdjuntos HTTP/1.1" 200 10352
192.168.10.96 - - [03/Apr/2017:13:16:11 -0300] "GET /cormun/servlet/vevisualizador?2017,5728,,SolicitudOTAdjuntos HTTP/1.1" 200 10353
192.168.10.96 - - [03/Apr/2017:13:16:11 -0300] "POST /cormun/servlet/acontrolpreferencessavestate?None,DZAMUDIO,true HTTP/1.1" 200 35
192.168.10.96 - - [03/Apr/2017:13:16:13 -0300] "GET /cormun/PublicTempStorage/fonasa_jazmin8681918.pdf HTTP/1.1" 200 137699
192.168.10.89 - - [03/Apr/2017:13:16:13 -0300] "POST /cormun/servlet/solicitudot?gx-no-cache=1491239450282 HTTP/1.1" 200 296
192.168.10.89 - - [03/Apr/2017:13:16:13 -0300] "POST /cormun/servlet/solicitudot?gx-no-cache=1491239450334 HTTP/1.1" 200 117
192.168.10.89 - - [03/Apr/2017:13:16:13 -0300] "GET /cormun/servlet/solicitudot?2165edf6508056baa89a4220a1a587f30659af3913c25db2d8477a01d82c4dc634dd4b84f48dc51a60e39044eaec95b3ef7f11c1b7dfeca4ab90045caeaab8b839c8c44bae2ebfeeec65fd8a48eda47a5043ae35491dd46ccbcfb663853b50d97c2881a4d7b1e07da62f73813e2036563cdb23a346ba7ba37447b14e44e86f83439a43a96b947a1507be2204faa60d004c954f81cc3ed534b256ca731ca9d03e,gx-no-cache=1491239450368 HTTP/1.1" 200 29
192.168.10.89 - - [03/Apr/2017:13:16:13 -0300] "GET /cormun/servlet/solicitudot?2165edf6508056baa89a4220a1a587f31d487ca3cfa97fec5cf264a2e0c384c80fe994dc75a86a679a1b0e88327222305e80f769a805ab142335e5a659efc6d0bc64903e7eb20dc4b77dd0ed5b3ef6e868c9da1e76de3eb4eb2210ee79e3efdcbf9694ba4b5b50d616a4b253be95687ea53a5f30573304c03dbaaf8863887f48119977ad9bfbea0690ef57cb94deafbb75deea63cd272d29070e23cb1c5e554f,gx-no-cache=1491239450386 HTTP/1.1" 200 57
192.168.10.89 - - [03/Apr/2017:13:16:13 -0300] "GET /cormun/servlet/solicitudot?2165edf6508056baa89a4220a1a587f3859309bc939a0a55960bf7c96f5799b70fe994dc75a86a679a1b0e88327222305e80f769a805ab142335e5a659efc6d0d7a114506b444c2343181ae3f717e60a4404a83a9e6e2cba980b98b3102f69c32b5c64a4215bb12d33463e667e5d1df38e3e54734f1db42b97e21c6d2deeb2da,gx-no-cache=1491239450406 HTTP/1.1" 200 57
192.168.10.89 - - [03/Apr/2017:13:16:13 -0300] "GET /cormun/static/Shared/jqueryui/images/ui-icons_82798d_256x240.png HTTP/1.1" 404 1089
192.168.10.89 - - [03/Apr/2017:13:16:13 -0300] "GET /cormun/static/Shared/jqueryui/images/ui-bg_flat_55_994d53_40x100.png HTTP/1.1" 404 1097
192.168.10.89 - - [03/Apr/2017:13:16:13 -0300] "GET /cormun/static/Shared/jqueryui/images/ui-icons_ebccce_256x240.png HTTP/1.1" 404 1089
192.168.10.89 - - [03/Apr/2017:13:16:13 -0300] "GET /cormun/static/Shared/jqueryui/images/ui-bg_highlight-soft_100_c6c2c8_1x100.png HTTP/1.1" 404 1117
192.168.10.89 - - [03/Apr/2017:13:16:17 -0300] "GET /cormun/servlet/prfichaempleado?,MD,,gxPopupLevel%3D0%3B HTTP/1.1" 200 8793
192.168.10.96 - - [03/Apr/2017:13:16:18 -0300] "GET /cormun/servlet/vevisualizador?2017,5728,,SolicitudOTAdjuntos HTTP/1.1" 200 10354
192.168.10.96 - - [03/Apr/2017:13:16:18 -0300] "GET /cormun/servlet/vevisualizador?2017,5728,,SolicitudOTAdjuntos HTTP/1.1" 200 10353
192.168.10.96 - - [03/Apr/2017:13:16:19 -0300] "POST /cormun/servlet/acontrolpreferencessavestate?None,DZAMUDIO,true HTTP/1.1" 200 35
192.168.10.89 - - [03/Apr/2017:13:16:24 -0300] "POST /cormun/servlet/prfichaempleado?9679c8d582ea12aa148bba3c038cc399,,MD,,gxPopupLevel%3D0%3B,gx-no-cache=1491239461372 HTTP/1.1" 200 3401
192.168.10.13 - - [03/Apr/2017:13:16:26 -0300] "GET / HTTP/1.1" 200 11217
192.168.10.89 - - [03/Apr/2017:13:16:26 -0300] "POST /cormun/servlet/solicitudot?gx-no-cache=1491239463763 HTTP/1.1" 200 1291
192.168.10.89 - - [03/Apr/2017:13:16:28 -0300] "GET /cormun/servlet/prlicenciaspermisos?15730984,L,,MD,,gxPopupLevel%3D0%3B HTTP/1.1" 200 6208
192.168.10.89 - - [03/Apr/2017:13:16:28 -0300] "GET /cormun/static/gxcfg.js?20173171152124 HTTP/1.1" 200 953
192.168.10.89 - - [03/Apr/2017:13:16:28 -0300] "GET /cormun/static/prlicenciaspermisos.js?20173171152323 HTTP/1.1" 304 -
192.168.10.89 - - [03/Apr/2017:13:16:35 -0300] "POST /cormun/servlet/solicitudot?gx-no-cache=1491239472229 HTTP/1.1" 200 40
186.103.159.182 - - [03/Apr/2017:13:16:41 -0300] "POST /cormun/servlet/solicitudot?gx-no-cache=1491236268126 HTTP/1.1" 200 255
186.103.159.182 - - [03/Apr/2017:13:16:44 -0300] "GET /cormun/servlet/solicitudot?81d4fb48939ce62e849d49abef7f5bfc01e2170b4e93eebe6a5ee87d20bb8fe61cfb2690caf3feccf17ecc2cd472d2fd88edfc68053055beee4611a3d09447a5d2fe79105a1dea4e60239beb2e136c4ae744ece771f8614d198640dba1db3f9ac553c91888346f777ae4f6f2f88ba844571415596e91d4bcc21619541ecead47f81f589f8d019f211ca3fbc3d39ddea3b209214e32975f04c4ffdeebc00bf709995a3d9e2913bfdeac2cc165ab3959de56060fc34287da91c412a41361abded05ac48b7a4c5eec9c961590fcde2a3902db9479674d7bf97deb24605bbc0aa78fe41432d00f772f9afee4384b4bb77198ee8660d11b1a3e939584be8e3c7b54cd9145715fb7bd5e92ab494a2d5ee2efe8ef3625a526e95a4b7b61cd30408cbc2ed25f1bfb167a116c63debef691994c81d86483e0622868955d40b26ebfce825511ec458b2baf7b008af45486a4d3113a2b2ec25b12c3ded5e5d5f2f176fa684e166c0c854151c5b38694cc3be1feb4ba2e1534b002d1218f10c480dccbd52a56,gx-no-cache=1491236270704 HTTP/1.1" 200 30
186.103.159.182 - - [03/Apr/2017:13:16:54 -0300] "POST /cormun/servlet/solicitudot?gx-no-cache=1491236281552 HTTP/1.1" 200 30
192.168.10.89 - - [03/Apr/2017:13:16:55 -0300] "GET /cormun/servlet/solicitudot?2165edf6508056baa89a4220a1a587f30659af3913c25db2d8477a01d82c4dc634dd4b84f48dc51a60e39044eaec95b3ef7f11c1b7dfeca4ab90045caeaab8b839c8c44bae2ebfeeec65fd8a48eda47a5043ae35491dd46ccbcfb663853b50d97c2881a4d7b1e07da62f73813e2036563cdb23a346ba7ba37447b14e44e86f83439a43a96b947a1507be2204faa60d004c954f81cc3ed534b256ca731ca9d03e,gx-no-cache=1491239492567 HTTP/1.1" 200 29
192.168.10.89 - - [03/Apr/2017:13:16:55 -0300] "POST /cormun/servlet/solicitudot?gx-no-cache=1491239492607 HTTP/1.1" 200 1273
192.168.10.89 - - [03/Apr/2017:13:16:56 -0300] "POST /cormun/servlet/solicitudot?gx-no-cache=1491239493374 HTTP/1.1" 200 1157
192.168.10.89 - - [03/Apr/2017:13:16:59 -0300] "GET /cormun/servlet/solicitudot?2165edf6508056baa89a4220a1a587f3c5f380eb1bb316b6ab303969c1af62fef62164fe83fd4dff83c18d5109dbb8ee3314de23f2993b91bca23dcffeadd6bbc62832d90a24cc73cdd172b4c519f3ae119977ad9bfbea0690ef57cb94deafbb58a4efdc87809053fe7150bfc88ec66cf79f72d9fc5edf4f903b090a811f3eb60cf50e0f716d6f90c57dc171190dbdfea345b85f00ff7e952dc5cfae8612ef81e0c1a094e26690c5a52b0f3d14b0425118a254a30f0152b3369fa2de287759c2,gx-no-cache=1491239496557 HTTP/1.1" 200 30
192.168.10.89 - - [03/Apr/2017:13:17:09 -0300] "POST /cormun/servlet/solicitudot?9679c8d582ea12aa148bba3c038cc399,INS,0,0,,gx-no-cache=1491239506548 HTTP/1.1" 200 11342
192.168.10.89 - - [03/Apr/2017:13:17:18 -0300] "GET /cormun/servlet/solicitudot?2165edf6508056baa89a4220a1a587f3c5f380eb1bb316b6ab303969c1af62fef62164fe83fd4dff83c18d5109dbb8ee3314de23f2993b91bca23dcffeadd6bbc62832d90a24cc73cdd172b4c519f3ae119977ad9bfbea0690ef57cb94deafbb58a4efdc87809053fe7150bfc88ec66cf79f72d9fc5edf4f903b090a811f3eb60cf50e0f716d6f90c57dc171190dbdfea345b85f00ff7e952dc5cfae8612ef81e0c1a094e26690c5a52b0f3d14b0425119e199c7b4b355dc65a70de08dd91994,gx-no-cache=1491239516131 HTTP/1.1" 200 32
192.168.10.89 - - [03/Apr/2017:13:17:19 -0300] "POST /cormun/servlet/solicitudot?9679c8d582ea12aa148bba3c038cc399,INS,0,0,,gx-no-cache=1491239516160 HTTP/1.1" 200 11387
192.168.10.89 - - [03/Apr/2017:13:17:21 -0300] "GET /cormun/servlet/prlicenciaspermisos?15730984,L,,MD,,gxPopupLevel%3D0%3B HTTP/1.1" 200 6208
192.168.10.13 - - [03/Apr/2017:13:17:26 -0300] "GET / HTTP/1.1" 200 11217
192.168.10.89 - - [03/Apr/2017:13:17:29 -0300] "POST /cormun/servlet/solicitudot?gx-no-cache=1491239526666 HTTP/1.1" 200 40
192.168.10.89 - - [03/Apr/2017:13:17:29 -0300] "POST /cormun/servlet/solicitudot?gx-no-cache=1491239526706 HTTP/1.1" 200 1273
192.168.10.89 - - [03/Apr/2017:13:17:29 -0300] "POST /cormun/servlet/solicitudot?gx-no-cache=1491239526752 HTTP/1.1" 200 1157
192.168.10.89 - - [03/Apr/2017:13:17:34 -0300] "GET /cormun/servlet/solicitudot?2165edf6508056baa89a4220a1a587f3c5f380eb1bb316b6ab303969c1af62fef62164fe83fd4dff83c18d5109dbb8eea26cfdfb7641a067f8ff133be1bcc5c1c62832d90a24cc73cdd172b4c519f3ae119977ad9bfbea0690ef57cb94deafbb58a4efdc87809053fe7150bfc88ec66cf79f72d9fc5edf4f903b090a811f3eb60cf50e0f716d6f90c57dc171190dbdfea345b85f00ff7e952dc5cfae8612ef81e0c1a094e26690c5a52b0f3d14b04251581ee72ba3edf67b953bf6877227b87b,gx-no-cache=1491239531504 HTTP/1.1" 200 32
192.168.10.89 - - [03/Apr/2017:13:17:34 -0300] "POST /cormun/servlet/solicitudot?9679c8d582ea12aa148bba3c038cc399,INS,0,0,,gx-no-cache=1491239531567 HTTP/1.1" 200 93
192.168.10.89 - - [03/Apr/2017:13:17:34 -0300] "GET /cormun/servlet/hpexe_return? HTTP/1.1" 200 1004
192.168.10.89 - - [03/Apr/2017:13:17:36 -0300] "GET /cormun/servlet/trsolicitudot HTTP/1.1" 200 8287
192.168.10.89 - - [03/Apr/2017:13:17:40 -0300] "POST /cormun/servlet/trsolicitudot?9679c8d582ea12aa148bba3c038cc399,gx-no-cache=1491239537661 HTTP/1.1" 200 4373
192.168.10.89 - - [03/Apr/2017:13:17:40 -0300] "POST /cormun/servlet/trsolicitudot?9679c8d582ea12aa148bba3c038cc399,gx-no-cache=1491239537967 HTTP/1.1" 200 4120
192.168.10.89 - - [03/Apr/2017:13:17:41 -0300] "GET /cormun/static/Shared/jqueryui/images/ui-icons_82798d_256x240.png HTTP/1.1" 404 1089
192.168.10.89 - - [03/Apr/2017:13:17:41 -0300] "GET /cormun/static/Shared/jqueryui/images/ui-bg_flat_55_fafafa_40x100.png HTTP/1.1" 404 1097
192.168.10.89 - - [03/Apr/2017:13:17:41 -0300] "GET /cormun/static/Shared/jqueryui/images/ui-icons_8d78a5_256x240.png HTTP/1.1" 404 1089
192.168.10.89 - - [03/Apr/2017:13:17:41 -0300] "GET /cormun/static/Shared/jqueryui/images/ui-bg_highlight-soft_100_c6c2c8_1x100.png HTTP/1.1" 404 1117
186.103.159.182 - - [03/Apr/2017:13:17:42 -0300] "POST /cormun/servlet/solicitudot?gx-no-cache=1491236328900 HTTP/1.1" 200 235
186.103.159.182 - - [03/Apr/2017:13:17:42 -0300] "POST /cormun/servlet/solicitudot?gx-no-cache=1491236329047 HTTP/1.1" 200 38
192.168.10.89 - - [03/Apr/2017:13:17:43 -0300] "GET /cormun/servlet/trautorizarsolicitud? HTTP/1.1" 200 8231
192.168.10.89 - - [03/Apr/2017:13:17:47 -0300] "POST /cormun/servlet/trautorizarsolicitud?9679c8d582ea12aa148bba3c038cc399,,gx-no-cache=1491239544357 HTTP/1.1" 200 4348
192.168.10.89 - - [03/Apr/2017:13:17:47 -0300] "POST /cormun/servlet/trautorizarsolicitud?9679c8d582ea12aa148bba3c038cc399,,gx-no-cache=1491239544678 HTTP/1.1" 200 4096
192.168.10.89 - - [03/Apr/2017:13:17:47 -0300] "GET /cormun/static/Shared/jqueryui/images/ui-icons_8d78a5_256x240.png HTTP/1.1" 404 1089
192.168.10.89 - - [03/Apr/2017:13:17:47 -0300] "GET /cormun/static/Shared/jqueryui/images/ui-icons_82798d_256x240.png HTTP/1.1" 404 1089
192.168.10.89 - - [03/Apr/2017:13:17:47 -0300] "GET /cormun/static/Shared/jqueryui/images/ui-bg_flat_55_fafafa_40x100.png HTTP/1.1" 404 1097
192.168.10.89 - - [03/Apr/2017:13:17:47 -0300] "GET /cormun/static/Shared/jqueryui/images/ui-bg_highlight-soft_100_c6c2c8_1x100.png HTTP/1.1" 404 1117
192.168.10.89 - - [03/Apr/2017:13:18:24 -0300] "GET /cormun/servlet/trautorizarsolicitud? HTTP/1.1" 200 6894
192.168.10.13 - - [03/Apr/2017:13:18:26 -0300] "GET / HTTP/1.1" 200 11217
192.168.10.89 - - [03/Apr/2017:13:18:33 -0300] "GET /cormun/servlet/hlogin HTTP/1.1" 200 1743
186.103.159.182 - - [03/Apr/2017:13:18:37 -0300] "GET /cormun/servlet/solicitudot?81d4fb48939ce62e849d49abef7f5bfcc44be72fabcac6f52c7bf405691aa451f332a149c1252bfde9de5b95788c6742093ecec60afd4f80c2d523e01713c9d0e8a86330d22f797e45592a5d775cf39eef204e35f927126ff7eccd9150bc1cfa53baebad2ff19fbb050652a57b5a79db,gx-no-cache=1491236383611 HTTP/1.1" 200 29
186.103.159.182 - - [03/Apr/2017:13:18:37 -0300] "POST /cormun/servlet/solicitudot?gx-no-cache=1491236384278 HTTP/1.1" 200 643
186.103.159.182 - - [03/Apr/2017:13:18:39 -0300] "POST /cormun/servlet/solicitudot?gx-no-cache=1491236386128 HTTP/1.1" 200 1157
192.168.10.89 - - [03/Apr/2017:13:18:42 -0300] "POST /cormun/servlet/hlogin?9679c8d582ea12aa148bba3c038cc399,gx-no-cache=1491239599265 HTTP/1.1" 200 90
192.168.10.89 - - [03/Apr/2017:13:18:42 -0300] "GET /cormun/servlet/hpexe_link HTTP/1.1" 200 950
186.103.159.182 - - [03/Apr/2017:13:18:43 -0300] "POST /cormun/servlet/solicitudot?gx-no-cache=1491236389761 HTTP/1.1" 200 1275
186.103.159.182 - - [03/Apr/2017:13:18:43 -0300] "POST /cormun/servlet/solicitudot?gx-no-cache=1491236389919 HTTP/1.1" 200 1157
192.168.10.89 - - [03/Apr/2017:13:18:44 -0300] "GET /cormun/servlet/hhome HTTP/1.1" 200 4450
192.168.10.89 - - [03/Apr/2017:13:18:51 -0300] "GET /cormun/servlet/trsolicitudgral? HTTP/1.1" 200 10764
192.168.10.89 - - [03/Apr/2017:13:19:02 -0300] "POST /cormun/servlet/trsolicitudgral?9679c8d582ea12aa148bba3c038cc399,,gx-no-cache=1491239619643 HTTP/1.1" 200 115
192.168.10.89 - - [03/Apr/2017:13:19:02 -0300] "GET /cormun/servlet/solicitudotlog?INS,2017,5754,0,REC, HTTP/1.1" 200 6215
200.86.95.220 - - [03/Apr/2017:13:19:03 -0300] "GET /cormun/servlet/hlogin HTTP/1.1" 200 1721
200.86.95.220 - - [03/Apr/2017:13:19:03 -0300] "GET /cormun/static/Resources/Spanish/PXTools.css?11294912 HTTP/1.1" 304 -
200.86.95.220 - - [03/Apr/2017:13:19:03 -0300] "GET /cormun/static/gxtimezone.js?85251 HTTP/1.1" 304 -
200.86.95.220 - - [03/Apr/2017:13:19:03 -0300] "GET /cormun/static/gxcfg.js?201731711485472 HTTP/1.1" 304 -
186.103.159.182 - - [03/Apr/2017:13:19:03 -0300] "GET /cormun/static/menuarrow.gif HTTP/1.1" 404 1015
200.86.95.220 - - [03/Apr/2017:13:19:03 -0300] "GET /cormun/static/messages.spa.js?85251 HTTP/1.1" 304 -
200.86.95.220 - - [03/Apr/2017:13:19:03 -0300] "GET /cormun/static/hlogin.js?201731711485490 HTTP/1.1" 304 -
200.86.95.220 - - [03/Apr/2017:13:19:03 -0300] "GET /cormun/servlet/hlogin HTTP/1.1" 200 1731
192.168.10.89 - - [03/Apr/2017:13:19:05 -0300] "GET /cormun/servlet/solicitudotlog?2165edf6508056baa89a4220a1a587f36ea39f21039a7eae93c1c92af650e90134dd4b84f48dc51a60e39044eaec95b307ea1d5fa815d4b7e2cf06c6e13df3c3eebe77e7fd270e5486d75e41f0213dc92d30cfb4709824dc0b46b96daa9e100141c14d03fed10a5df92998512e31d0106165d5503b0e449e2c91ca855cd305f5f906fbde341e05aba11caf35da6ab1dbdcabe82de67775d780be141dbe4d9369,gx-no-cache=1491239622450 HTTP/1.1" 200 94
192.168.10.89 - - [03/Apr/2017:13:19:07 -0300] "POST /cormun/servlet/solicitudotlog?9679c8d582ea12aa148bba3c038cc399,INS,2017,5754,0,REC,,gx-no-cache=1491239625093 HTTP/1.1" 200 93
192.168.10.89 - - [03/Apr/2017:13:19:08 -0300] "GET /cormun/servlet/hpexe_return? HTTP/1.1" 200 1019
192.168.10.89 - - [03/Apr/2017:13:19:09 -0300] "GET /cormun/servlet/trsolicitudgral HTTP/1.1" 200 10460
192.168.10.89 - - [03/Apr/2017:13:19:15 -0300] "GET /cormun/servlet/solicitudgral3?UPD,2017,5880, HTTP/1.1" 200 13053
192.168.10.89 - - [03/Apr/2017:13:19:15 -0300] "GET /cormun/static/gxcfg.js?201731711481654 HTTP/1.1" 200 953
192.168.10.89 - - [03/Apr/2017:13:19:15 -0300] "GET /cormun/static/solicitudgral3.js?201731711481732 HTTP/1.1" 304 -
192.168.10.89 - - [03/Apr/2017:13:19:18 -0300] "POST /cormun/servlet/solicitudgral3?gx-no-cache=1491239635238 HTTP/1.1" 200 3345
192.168.10.89 - - [03/Apr/2017:13:19:18 -0300] "GET /cormun/servlet/solicitudgral3?2165edf6508056baa89a4220a1a587f3e20e819e7d9c910a485f1f6d22385b620fe994dc75a86a679a1b0e88327222305e80f769a805ab142335e5a659efc6d0bc64903e7eb20dc4b77dd0ed5b3ef6e8c5cd4138760cc0dcd32e294b897b36b880d080ed33316ac3d95470235eaaa3258ee75230c9149ac342405f1fb50e9f886f2b8925ccb2f80ca9013c0b5a7eed6d3e74155e4e4dff8aaa64072ed3c7b2d47ae818950ddd9e752295a73ce1841c1c44ab69119dc1fc3fdba89de889b17f9fdc9aad259a9868edb309db3c28a8d0851dc5122cbdaf2a18b937e0cffb83577dcde4a90446a523e5d1efc68b23d7c208c7819001eabb213c7e999524e85736b206e8f443c245599349af0eff63b5abe8a7556f2fa6c40a7c380e6163fce384719812af8f4c7f0ad704e44970171324afd7236235f5c079da50a52f57b9436e4a7d230fd26ea0f261497ecfe764e7900c,gx-no-cache=1491239635460 HTTP/1.1" 200 257
192.168.10.89 - - [03/Apr/2017:13:19:18 -0300] "POST /cormun/servlet/solicitudgral3?gx-no-cache=1491239635490 HTTP/1.1" 200 1356
192.168.10.89 - - [03/Apr/2017:13:19:18 -0300] "GET /cormun/servlet/solicitudgral3?2165edf6508056baa89a4220a1a587f3e8fb70882342dc7a27de4e5e075298e1610aeda141b86352ad55f4e438741cb25e80f769a805ab142335e5a659efc6d0208af226eaabb7cb1830820cdfa376d79e78af5e6b68b6143ed19c964c471403d24de8bd86b7ca86ac4252aaf2c81d8cc69d5e252bbe9d497d1d160f75e203ce,gx-no-cache=1491239635568 HTTP/1.1" 200 40
192.168.10.89 - - [03/Apr/2017:13:19:21 -0300] "POST /cormun/servlet/solicitudgral3?9679c8d582ea12aa148bba3c038cc399,UPD,2017,5880,,gx-no-cache=1491239638099 HTTP/1.1" 200 11066
192.168.10.89 - - [03/Apr/2017:13:19:21 -0300] "GET /cormun/servlet/solicitudgral3?2165edf6508056baa89a4220a1a587f33b8cf1450d84a56c54fc81aa514ecdeb49a731bf4b60b93af0455a964032a17640c755dc4b1285b287c5fc7ffce6a05fd13b64e01bf3a66b37f9348722b9ac88b24b3cccf7afb0cb8feefe2681e3074fe3b6c5f40a7d34f8c0b8d64e56d18dae0ed90260f256488c11698662cb755abdaabbf4ea7f70c262d9acd2d87507718a038e298aedaa29cd4b1b1500cd23d1aa,gx-no-cache=1491239638337 HTTP/1.1" 200 29
192.168.10.89 - - [03/Apr/2017:13:19:21 -0300] "POST /cormun/servlet/solicitudgral3?gx-no-cache=1491239638359 HTTP/1.1" 200 1249
192.168.10.89 - - [03/Apr/2017:13:19:21 -0300] "POST /cormun/servlet/solicitudgral3?gx-no-cache=1491239638396 HTTP/1.1" 200 1154
186.103.159.182 - - [03/Apr/2017:13:19:23 -0300] "GET /cormun/servlet/solicitudot?81d4fb48939ce62e849d49abef7f5bfc0d48306b7f79170b309ce1bed7cc8c1d8589f9268f0a26cf3d717152f325a24b8da916447f0d6bddb48e6df443ed7c3106555fcbf740cb27e5bd1f60ffd1789f297d8e872170ed42b3e488a308251da754bfb92f4596a9323097aae9d065b2552c241ac6c090dc905c9a2572d1a00e2a417c515e8e69a0cd84d0585dc322d9763ed45da5576713541359687b2007381a2b1347accde43ea70b1fa58bff520044,gx-no-cache=1491236429673 HTTP/1.1" 200 30
192.168.10.89 - - [03/Apr/2017:13:19:25 -0300] "GET /cormun/servlet/solicitudgral3?2165edf6508056baa89a4220a1a587f3db9953ce904902f06e64ffc6c1396565de07b3a73f3fdaef1597424a65c0e30179095ee78dfb15db24230ecc41837325d7236235f5c079da50a52f57b9436e4a7ba3cfa7a961206a9b91c07137cad54d951c78627210049dd1d7521003718f301770878832f7b6319aed8dfb64e4c6488e3e54734f1db42b97e21c6d2deeb2da,gx-no-cache=1491239642437 HTTP/1.1" 200 30
192.168.10.89 - - [03/Apr/2017:13:19:25 -0300] "POST /cormun/servlet/solicitudgral3?9679c8d582ea12aa148bba3c038cc399,UPD,2017,5880,,gx-no-cache=1491239642468 HTTP/1.1" 200 11417
192.168.10.89 - - [03/Apr/2017:13:19:25 -0300] "GET /cormun/static/Shared/jqueryui/images/ui-icons_82798d_256x240.png HTTP/1.1" 404 1089
192.168.10.89 - - [03/Apr/2017:13:19:25 -0300] "GET /cormun/static/Shared/jqueryui/images/ui-bg_flat_55_994d53_40x100.png HTTP/1.1" 404 1097
192.168.10.89 - - [03/Apr/2017:13:19:25 -0300] "GET /cormun/static/Shared/jqueryui/images/ui-bg_highlight-soft_100_c6c2c8_1x100.png HTTP/1.1" 404 1117
192.168.10.89 - - [03/Apr/2017:13:19:25 -0300] "GET /cormun/static/Shared/jqueryui/images/ui-icons_ebccce_256x240.png HTTP/1.1" 404 1089
186.103.156.211 - - [03/Apr/2017:13:19:25 -0300] "GET /cormun/servlet/prcontratosol?18374358,,,,,MD,,gxPopupLevel%3D0%3B HTTP/1.1" 200 5956
192.168.10.13 - - [03/Apr/2017:13:19:26 -0300] "GET / HTTP/1.1" 200 11217
192.168.10.89 - - [03/Apr/2017:13:19:29 -0300] "POST /cormun/servlet/solicitudgral3?9679c8d582ea12aa148bba3c038cc399,UPD,2017,5880,,gx-no-cache=1491239645857 HTTP/1.1" 200 11478
192.168.10.89 - - [03/Apr/2017:13:19:34 -0300] "GET /cormun/servlet/solicitudgral3?2165edf6508056baa89a4220a1a587f3db9953ce904902f06e64ffc6c1396565da1560d97ecfebae812ec26a6aa43fe179095ee78dfb15db24230ecc41837325d7236235f5c079da50a52f57b9436e4a7ba3cfa7a961206a9b91c07137cad54d951c78627210049dd1d7521003718f3013b0b4031ef360b1a59d7c32f3decbfe8e3e54734f1db42b97e21c6d2deeb2da,gx-no-cache=1491239651972 HTTP/1.1" 200 30
192.168.10.89 - - [03/Apr/2017:13:19:35 -0300] "POST /cormun/servlet/solicitudgral3?9679c8d582ea12aa148bba3c038cc399,UPD,2017,5880,,gx-no-cache=1491239652004 HTTP/1.1" 200 93
192.168.10.89 - - [03/Apr/2017:13:19:35 -0300] "GET /cormun/servlet/hpexe_return? HTTP/1.1" 200 1012
192.168.10.89 - - [03/Apr/2017:13:19:36 -0300] "GET /cormun/servlet/trsolicitudgral HTTP/1.1" 200 10460
192.168.10.89 - - [03/Apr/2017:13:19:41 -0300] "POST /cormun/servlet/trsolicitudgral?9679c8d582ea12aa148bba3c038cc399,gx-no-cache=1491239658997 HTTP/1.1" 200 5666
192.168.10.89 - - [03/Apr/2017:13:19:42 -0300] "GET /cormun/static/Shared/jqueryui/images/ui-bg_highlight-soft_100_c6c2c8_1x100.png HTTP/1.1" 404 1117
192.168.10.89 - - [03/Apr/2017:13:19:42 -0300] "GET /cormun/static/Shared/jqueryui/images/ui-icons_8d78a5_256x240.png HTTP/1.1" 404 1089
192.168.10.89 - - [03/Apr/2017:13:19:42 -0300] "GET /cormun/static/Shared/jqueryui/images/ui-bg_flat_55_fafafa_40x100.png HTTP/1.1" 404 1097
192.168.10.89 - - [03/Apr/2017:13:19:42 -0300] "GET /cormun/static/Shared/jqueryui/images/ui-icons_82798d_256x240.png HTTP/1.1" 404 1089
200.54.247.69 - - [03/Apr/2017:13:19:55 -0300] "GET /cormun/servlet/hlogin HTTP/1.1" 200 1719
200.54.247.69 - - [03/Apr/2017:13:19:55 -0300] "GET /cormun/static/gxgral.js?85251 HTTP/1.1" 304 -
200.54.247.69 - - [03/Apr/2017:13:19:55 -0300] "GET /cormun/static/gxtimezone.js?85251 HTTP/1.1" 304 -
200.54.247.69 - - [03/Apr/2017:13:19:55 -0300] "GET /cormun/static/gxcfg.js?201731711485472 HTTP/1.1" 304 -
200.54.247.69 - - [03/Apr/2017:13:19:55 -0300] "GET /cormun/static/Resources/Spanish/PXTools.css?11294912 HTTP/1.1" 304 -
200.54.247.69 - - [03/Apr/2017:13:19:55 -0300] "GET /cormun/static/Resources/ComunLogin.png HTTP/1.1" 304 -
200.54.247.69 - - [03/Apr/2017:13:19:55 -0300] "GET /cormun/static/messages.spa.js?85251 HTTP/1.1" 304 -
200.54.247.69 - - [03/Apr/2017:13:19:55 -0300] "GET /cormun/static/hlogin.js?201731711485490 HTTP/1.1" 304 -
200.54.247.69 - - [03/Apr/2017:13:19:56 -0300] "GET /cormun/static/Resources/indicator.gif HTTP/1.1" 304 -
200.54.247.69 - - [03/Apr/2017:13:20:10 -0300] "POST /cormun/servlet/hlogin?655517c2a9934c20ae2d2476028fb706,gx-no-cache=1491236471131 HTTP/1.1" 200 90
200.54.247.69 - - [03/Apr/2017:13:20:10 -0300] "GET /cormun/servlet/hpexe_link HTTP/1.1" 200 951
200.54.247.69 - - [03/Apr/2017:13:20:10 -0300] "GET /cormun/servlet/hhome HTTP/1.1" 200 4011
200.54.247.69 - - [03/Apr/2017:13:20:18 -0300] "GET /cormun/servlet/trcontratosolicitud? HTTP/1.1" 200 13611
200.54.247.69 - - [03/Apr/2017:13:20:18 -0300] "GET /cormun/static/calendar.js?85251 HTTP/1.1" 304 -
200.54.247.69 - - [03/Apr/2017:13:20:18 -0300] "GET /cormun/static/calendar-setup.js?85251 HTTP/1.1" 304 -
200.54.247.69 - - [03/Apr/2017:13:20:18 -0300] "GET /cormun/static/gxdec.js?85251 HTTP/1.1" 304 -
200.54.247.69 - - [03/Apr/2017:13:20:18 -0300] "GET /cormun/static/calendar-es.js?85251 HTTP/1.1" 304 -
192.168.10.13 - - [03/Apr/2017:13:20:26 -0300] "GET / HTTP/1.1" 200 11217
200.86.95.220 - - [03/Apr/2017:13:20:32 -0300] "POST /cormun/servlet/hlogin?93ad9fee5da163d158b6e7d340099f53,gx-no-cache=1491236501186 HTTP/1.1" 200 90
200.86.95.220 - - [03/Apr/2017:13:20:32 -0300] "GET /cormun/servlet/hpexe_link HTTP/1.1" 200 951
200.86.95.220 - - [03/Apr/2017:13:20:32 -0300] "GET /cormun/static/gxcfg.js?201731711483381 HTTP/1.1" 304 -
200.86.95.220 - - [03/Apr/2017:13:20:32 -0300] "GET /cormun/static/hpexe_link.js?201731711483384 HTTP/1.1" 304 -
200.86.95.220 - - [03/Apr/2017:13:20:32 -0300] "GET /cormun/servlet/hhome HTTP/1.1" 200 3766
200.86.95.220 - - [03/Apr/2017:13:20:32 -0300] "GET /cormun/static/gxcfg.js?201731711483497 HTTP/1.1" 304 -
200.86.95.220 - - [03/Apr/2017:13:20:32 -0300] "GET /cormun/static/hhome.js?20173171148352 HTTP/1.1" 304 -
200.86.95.220 - - [03/Apr/2017:13:20:32 -0300] "GET /cormun/static/hwchdr01.js?201731711335950 HTTP/1.1" 304 -
200.86.95.220 - - [03/Apr/2017:13:20:32 -0300] "GET /cormun/static/hpexe_scripts.js?201731711335890 HTTP/1.1" 304 -
200.86.95.220 - - [03/Apr/2017:13:20:32 -0300] "GET /cormun/static/hpexe_recentlink.js?201610171694390 HTTP/1.1" 304 -
200.86.95.220 - - [03/Apr/2017:13:20:32 -0300] "GET /cormun/static/hpexe_messagecontroller.js?201610171694323 HTTP/1.1" 304 -
200.86.95.220 - - [03/Apr/2017:13:20:32 -0300] "GET /cormun/static/hmpwkw03.js?201731711485354 HTTP/1.1" 304 -
200.86.95.220 - - [03/Apr/2017:13:20:33 -0300] "GET /cormun/static/hpexe_messagepopupcomponent.js?20161017169425 HTTP/1.1" 304 -
200.86.95.220 - - [03/Apr/2017:13:20:33 -0300] "GET /cormun/static/cmcontrolpreferences.js?201731711335852 HTTP/1.1" 304 -
200.86.95.220 - - [03/Apr/2017:13:20:33 -0300] "GET /cormun/static/hpexe_messagegenexuscomponent.js?201731711335537 HTTP/1.1" 304 -
200.86.95.220 - - [03/Apr/2017:13:20:34 -0300] "GET /cormun/servlet/hhome HTTP/1.1" 200 3764
186.103.156.211 - - [03/Apr/2017:13:20:34 -0300] "GET /cormun/servlet/solicitudot?e41f8f0921f074fddcf5e07d75337cc8a7c4d05acdd78aabf31243c4ad31fd5707ee5a24615c1235018ef3cbd346ba8bcb1e76e78fbce57655279f53e26fc8a7c7dcc34272b51ac504b06a2b0cc627a1cf46643ee3371d6e4afc3ea5f2cb6f3caa80dacb7b3d4a67fa520e385f2903c8508099471485469530dc1cdf6e8c1820c5d03bb84dc9a63644630a4c1f7be6fe6b4f9e551f1dd7e2a1d060ec186bd023233e59df4ff7cf5aac11463931620909,gx-no-cache=1491236503080 HTTP/1.1" 200 30
186.103.156.211 - - [03/Apr/2017:13:20:36 -0300] "POST /cormun/servlet/solicitudot?11fb8d19d1f13d894998946fe8ebe9d0,INS,0,0,,gx-no-cache=1491236503449 HTTP/1.1" 200 93
186.103.156.211 - - [03/Apr/2017:13:20:36 -0300] "GET /cormun/servlet/hpexe_return? HTTP/1.1" 200 1005
186.103.156.211 - - [03/Apr/2017:13:20:36 -0300] "GET /cormun/servlet/trsolicitudot HTTP/1.1" 200 8253
186.103.156.211 - - [03/Apr/2017:13:20:37 -0300] "GET /cormun/servlet/trsolicitudot HTTP/1.1" 200 8250
200.86.95.220 - - [03/Apr/2017:13:20:38 -0300] "GET /cormun/servlet/trsolicitudot? HTTP/1.1" 200 6723
200.86.95.220 - - [03/Apr/2017:13:20:38 -0300] "GET /cormun/static/gxcfg.js?201731711505139 HTTP/1.1" 200 953
200.86.95.220 - - [03/Apr/2017:13:20:38 -0300] "GET /cormun/static/calendar.js?85251 HTTP/1.1" 304 -
200.86.95.220 - - [03/Apr/2017:13:20:38 -0300] "GET /cormun/static/calendar-es.js?85251 HTTP/1.1" 304 -
200.86.95.220 - - [03/Apr/2017:13:20:38 -0300] "GET /cormun/static/gxdec.js?85251 HTTP/1.1" 304 -
200.86.95.220 - - [03/Apr/2017:13:20:38 -0300] "GET /cormun/static/trsolicitudot.js?20173171151116 HTTP/1.1" 304 -
200.86.95.220 - - [03/Apr/2017:13:20:39 -0300] "GET /cormun/static/calendar-setup.js?85251 HTTP/1.1" 304 -
200.86.95.220 - - [03/Apr/2017:13:20:40 -0300] "GET /cormun/servlet/trsolicitudot? HTTP/1.1" 200 6722
186.103.156.211 - - [03/Apr/2017:13:20:55 -0300] "POST /cormun/servlet/trsolicitudot?11fb8d19d1f13d894998946fe8ebe9d0,gx-no-cache=1491236523247 HTTP/1.1" 200 4351
186.103.156.211 - - [03/Apr/2017:13:20:55 -0300] "GET /cormun/static/Shared/jqueryui/images/ui-bg_highlight-soft_100_c6c2c8_1x100.png HTTP/1.1" 404 1117
186.103.156.211 - - [03/Apr/2017:13:20:55 -0300] "GET /cormun/static/Shared/jqueryui/images/ui-icons_82798d_256x240.png HTTP/1.1" 404 1089
186.103.156.211 - - [03/Apr/2017:13:20:55 -0300] "GET /cormun/static/Shared/jqueryui/images/ui-bg_flat_55_fafafa_40x100.png HTTP/1.1" 404 1097
186.103.156.211 - - [03/Apr/2017:13:20:56 -0300] "GET /cormun/static/Shared/jqueryui/images/ui-icons_8d78a5_256x240.png HTTP/1.1" 404 1089
186.103.156.211 - - [03/Apr/2017:13:20:57 -0300] "POST /cormun/servlet/trsolicitudot?11fb8d19d1f13d894998946fe8ebe9d0,gx-no-cache=1491236524556 HTTP/1.1" 200 4127
200.54.247.69 - - [03/Apr/2017:13:21:01 -0300] "POST /cormun/servlet/trcontratosolicitud?655517c2a9934c20ae2d2476028fb706,,gx-no-cache=1491236521757 HTTP/1.1" 200 4926
186.103.156.211 - - [03/Apr/2017:13:21:08 -0300] "GET /cormun/servlet/trsolicitudot? HTTP/1.1" 200 6965
186.103.156.211 - - [03/Apr/2017:13:21:09 -0300] "GET /cormun/servlet/trsolicitudot? HTTP/1.1" 200 6964
186.103.156.211 - - [03/Apr/2017:13:21:13 -0300] "GET /cormun/servlet/solicitudot?INS,0,0, HTTP/1.1" 200 12801
186.103.156.211 - - [03/Apr/2017:13:21:14 -0300] "GET /cormun/servlet/solicitudot?INS,0,0, HTTP/1.1" 200 12806
192.168.10.13 - - [03/Apr/2017:13:21:26 -0300] "GET / HTTP/1.1" 200 11217
186.103.156.211 - - [03/Apr/2017:13:21:33 -0300] "GET /cormun/servlet/trvisualizadoreventos? HTTP/1.1" 200 6736
186.103.156.211 - - [03/Apr/2017:13:21:33 -0300] "GET /cormun/servlet/trvisualizadoreventos? HTTP/1.1" 200 6730
186.103.156.211 - - [03/Apr/2017:13:21:37 -0300] "GET /cormun/servlet/trsolicitudot? HTTP/1.1" 200 6965
186.103.156.211 - - [03/Apr/2017:13:21:38 -0300] "GET /cormun/servlet/trsolicitudot? HTTP/1.1" 200 6964
186.103.156.211 - - [03/Apr/2017:13:22:08 -0300] "GET /cormun/servlet/solicitudot?INS,0,0, HTTP/1.1" 200 12801
186.103.156.211 - - [03/Apr/2017:13:22:09 -0300] "GET /cormun/servlet/solicitudot?INS,0,0, HTTP/1.1" 200 12806
186.103.159.182 - - [03/Apr/2017:13:22:17 -0300] "POST /cormun/servlet/solicitudot?gx-no-cache=1491236603461 HTTP/1.1" 200 238
186.103.156.211 - - [03/Apr/2017:13:22:22 -0300] "POST /cormun/servlet/solicitudot?gx-no-cache=1491236610087 HTTP/1.1" 200 3186
186.103.159.182 - - [03/Apr/2017:13:22:23 -0300] "GET /cormun/servlet/solicitudot?81d4fb48939ce62e849d49abef7f5bfc01e2170b4e93eebe6a5ee87d20bb8fe61f4a0dc0cad6f2fe58bfc0297520ef9388edfc68053055beee4611a3d09447a5d2fe79105a1dea4e60239beb2e136c4ae744ece771f8614d198640dba1db3f9ac553c91888346f777ae4f6f2f88ba844571415596e91d4bcc21619541ecead47f81f589f8d019f211ca3fbc3d39ddea3b209214e32975f04c4ffdeebc00bf709995a3d9e2913bfdeac2cc165ab3959de56060fc34287da91c412a41361abded05ac48b7a4c5eec9c961590fcde2a3902db9479674d7bf97deb24605bbc0aa78fe41432d00f772f9afee4384b4bb77198ee8660d11b1a3e939584be8e3c7b54cd9145715fb7bd5e92ab494a2d5ee2efe8e7a13b3419556385c9c83d98e0cd641a2a230f54e44693eae0b7fd7ed4fd08629c7db1a77f9a8a9caf6ab5275437f37f3dfacf3aff8749b42846925ceebf93c09f49c8c9848a90d7afd67f08267e096ef0f34a6a13e1f0c742648f913d7a27259f6318a99cd53a45554a803ed4427576,gx-no-cache=1491236609388 HTTP/1.1" 200 30
186.103.156.211 - - [03/Apr/2017:13:22:25 -0300] "POST /cormun/servlet/solicitudot?11fb8d19d1f13d894998946fe8ebe9d0,INS,0,0,,gx-no-cache=1491236611166 HTTP/1.1" 200 9987
192.168.10.13 - - [03/Apr/2017:13:22:26 -0300] "GET / HTTP/1.1" 200 11217
186.103.156.211 - - [03/Apr/2017:13:22:31 -0300] "GET /cormun/servlet/solicitudot?e41f8f0921f074fddcf5e07d75337cc8bf287c11cd257676d2113bb1c61dba03114c9d5b1615a095eeb61a5dcc5487ea,gx-no-cache=1491236619788 HTTP/1.1" 200 30
186.103.156.211 - - [03/Apr/2017:13:22:31 -0300] "POST /cormun/servlet/solicitudot?gx-no-cache=1491236619941 HTTP/1.1" 200 297
186.103.156.211 - - [03/Apr/2017:13:22:31 -0300] "GET /cormun/servlet/solicitudot?e41f8f0921f074fddcf5e07d75337cc8472102ece268747ff3e782cab2de96ced36ac58c2de6f928ccfe7552373581e5a0a2a841dd2f77790acc103d158de4e7f349ac17144d6b56524c828d51e26bfdcef25fe308bccb43b40cdfaaa021a83fcd4370e60ccd826a31cbebfaf1dd5a86170352e1bb7a365d7eb7431f83f1bd4b8040732e8995c5708641d9f23600b758f8c62276731e9b9aa505bdab388efc23037d53a612320c6875d459929e798502db93e3211e907fa47aaedd34f573f2f1dd05312b2620bb02c64a658b02e16c7201b0da3aedce7db2587d2e03d05ccd5cd9b125b9e2c6d7071b233b36f08196ee9c4548fe8620bfd40be01b3879b74f841b4589ab792c8788f9a9e198eef7ff10320d2c6bd4f3ee282c8e43d36ac7220831386c11902795bcac16c108e29d7fc35c0d4c2fdf37bf52787ada3a6b4aef9e4d81caa56e42ec353bc711c743df9fafeaa5ff44a449d1c712ae8983d389e1ccb86cf186516ea24669049f2d725bf8e9d68263cf1eca6345ee2f89025181d219f70c49cceaf7c4e68f615b1e0850a41d,gx-no-cache=1491236620090 HTTP/1.1" 200 30
186.103.159.182 - - [03/Apr/2017:13:22:33 -0300] "POST /cormun/servlet/solicitudot?gx-no-cache=1491236618981 HTTP/1.1" 200 30
186.103.156.211 - - [03/Apr/2017:13:22:35 -0300] "POST /cormun/servlet/solicitudot?gx-no-cache=1491236623586 HTTP/1.1" 200 30
186.103.156.211 - - [03/Apr/2017:13:22:44 -0300] "GET /cormun/servlet/prcontratosol?15524420,,,,,MD,,gxPopupLevel%3D0%3B HTTP/1.1" 200 5957
186.103.156.211 - - [03/Apr/2017:13:22:49 -0300] "POST /cormun/servlet/solicitudot?gx-no-cache=1491236637496 HTTP/1.1" 200 1290
186.103.156.211 - - [03/Apr/2017:13:22:49 -0300] "POST /cormun/servlet/solicitudot?gx-no-cache=1491236637769 HTTP/1.1" 200 38
186.103.156.211 - - [03/Apr/2017:13:22:49 -0300] "GET /cormun/servlet/solicitudot?e41f8f0921f074fddcf5e07d75337cc83e7181668c38125de130290eb24df0b337728218c9eaafa0bdc64ae3b42a7aa1437f615d5b50515dd7245c047039e40ce88736e459f97404d3db2da57fe2ac90a484b1d334bccdca40e1e19678ababd5c6745c987e95694e070b2c4512296ec3,gx-no-cache=1491236637879 HTTP/1.1" 200 29
186.103.156.211 - - [03/Apr/2017:13:22:49 -0300] "POST /cormun/servlet/solicitudot?gx-no-cache=1491236637992 HTTP/1.1" 200 1274
186.103.156.211 - - [03/Apr/2017:13:22:50 -0300] "POST /cormun/servlet/solicitudot?gx-no-cache=1491236638832 HTTP/1.1" 200 1157
186.103.156.211 - - [03/Apr/2017:13:23:16 -0300] "POST /cormun/servlet/solicitudot?gx-no-cache=1491236664825 HTTP/1.1" 200 1274
186.103.156.211 - - [03/Apr/2017:13:23:17 -0300] "POST /cormun/servlet/solicitudot?gx-no-cache=1491236665601 HTTP/1.1" 200 1157
186.103.156.211 - - [03/Apr/2017:13:23:17 -0300] "GET /cormun/servlet/solicitudot?e41f8f0921f074fddcf5e07d75337cc87598585f51d976b3ca5bf4dc411885081d49a1c8e5b6c171e4f022464a3f1d9011f3f1bc216b95576bb5bd8406a226c3c7dcc34272b51ac504b06a2b0cc627a1cf46643ee3371d6e4afc3ea5f2cb6f3caa80dacb7b3d4a67fa520e385f2903c8508099471485469530dc1cdf6e8c1820c5d03bb84dc9a63644630a4c1f7be6fe6b4f9e551f1dd7e2a1d060ec186bd023e409513e627fa7b8ff90e03082c86b17,gx-no-cache=1491236665897 HTTP/1.1" 200 30
192.168.10.13 - - [03/Apr/2017:13:23:26 -0300] "GET / HTTP/1.1" 200 11217
200.54.247.69 - - [03/Apr/2017:13:23:44 -0300] "GET /cormun/servlet/hlogin HTTP/1.1" 200 1729
186.103.159.182 - - [03/Apr/2017:13:23:50 -0300] "POST /cormun/servlet/solicitudot?gx-no-cache=1491236697165 HTTP/1.1" 200 1291
186.103.159.182 - - [03/Apr/2017:13:23:53 -0300] "POST /cormun/servlet/solicitudot?gx-no-cache=1491236699910 HTTP/1.1" 200 1291
186.103.159.182 - - [03/Apr/2017:13:24:09 -0300] "GET /cormun/servlet/prlicenciaspermisos?10633133,L,,MD,,gxPopupLevel%3D0%3B HTTP/1.1" 200 7534
186.103.159.182 - - [03/Apr/2017:13:24:09 -0300] "GET /cormun/static/gxcfg.js?20173171152124 HTTP/1.1" 200 953
186.103.159.182 - - [03/Apr/2017:13:24:09 -0300] "GET /cormun/static/prlicenciaspermisos.js?20173171152323 HTTP/1.1" 200 13360
186.103.156.211 - - [03/Apr/2017:13:24:13 -0300] "POST /cormun/servlet/solicitudot?11fb8d19d1f13d894998946fe8ebe9d0,INS,0,0,,gx-no-cache=1491236721451 HTTP/1.1" 200 93
186.103.156.211 - - [03/Apr/2017:13:24:14 -0300] "GET /cormun/servlet/hpexe_return? HTTP/1.1" 200 1005
186.103.156.211 - - [03/Apr/2017:13:24:14 -0300] "GET /cormun/servlet/trsolicitudot HTTP/1.1" 200 8247
186.103.156.211 - - [03/Apr/2017:13:24:15 -0300] "GET /cormun/servlet/trsolicitudot HTTP/1.1" 200 8244
200.54.247.69 - - [03/Apr/2017:13:24:16 -0300] "POST /cormun/servlet/hlogin?f7853a5b5d2bb4e49a3b96532dbfcfb9,gx-no-cache=1491236725005 HTTP/1.1" 200 90
200.54.247.69 - - [03/Apr/2017:13:24:16 -0300] "GET /cormun/servlet/hpexe_link HTTP/1.1" 200 952
200.54.247.69 - - [03/Apr/2017:13:24:16 -0300] "GET /cormun/servlet/hhome HTTP/1.1" 200 4011
200.54.247.69 - - [03/Apr/2017:13:24:16 -0300] "GET /cormun/servlet/hhome HTTP/1.1" 200 4007
200.54.247.69 - - [03/Apr/2017:13:24:22 -0300] "GET /cormun/servlet/trlicencias? HTTP/1.1" 200 6878
200.54.247.69 - - [03/Apr/2017:13:24:23 -0300] "GET /cormun/static/Resources/Spanish/PXTools.css?18365030 HTTP/1.1" 304 -
200.54.247.69 - - [03/Apr/2017:13:24:23 -0300] "GET /cormun/static/gxcfg.js?2016122619301429 HTTP/1.1" 304 -
200.54.247.69 - - [03/Apr/2017:13:24:23 -0300] "GET /cormun/static/trlicencias.js?2016122619301919 HTTP/1.1" 304 -
200.54.247.69 - - [03/Apr/2017:13:24:23 -0300] "GET /cormun/servlet/trlicencias? HTTP/1.1" 200 6877
192.168.10.13 - - [03/Apr/2017:13:24:26 -0300] "GET / HTTP/1.1" 200 11217
200.54.247.69 - - [03/Apr/2017:13:24:26 -0300] "GET /cormun/servlet/licenciaspermisos?INS,0,,, HTTP/1.1" 200 7411
200.54.247.69 - - [03/Apr/2017:13:24:26 -0300] "GET /cormun/static/gxcfg.js?20173291150977 HTTP/1.1" 304 -
200.54.247.69 - - [03/Apr/2017:13:24:26 -0300] "GET /cormun/static/licenciaspermisos.js?201732911501028 HTTP/1.1" 304 -
200.54.247.69 - - [03/Apr/2017:13:24:27 -0300] "GET /cormun/servlet/licenciaspermisos?INS,0,,, HTTP/1.1" 200 7411
186.103.159.182 - - [03/Apr/2017:13:24:29 -0300] "GET /cormun/servlet/prfichaempleado?,MD,,gxPopupLevel%3D0%3B HTTP/1.1" 200 8901
186.103.156.211 - - [03/Apr/2017:13:24:32 -0300] "POST /cormun/servlet/trsolicitudot?11fb8d19d1f13d894998946fe8ebe9d0,gx-no-cache=1491236740000 HTTP/1.1" 200 4361
186.103.156.211 - - [03/Apr/2017:13:24:32 -0300] "GET /cormun/static/Shared/jqueryui/images/ui-bg_flat_55_fafafa_40x100.png HTTP/1.1" 404 1097
186.103.156.211 - - [03/Apr/2017:13:24:32 -0300] "GET /cormun/static/Shared/jqueryui/images/ui-icons_82798d_256x240.png HTTP/1.1" 404 1089
186.103.156.211 - - [03/Apr/2017:13:24:32 -0300] "GET /cormun/static/Shared/jqueryui/images/ui-icons_8d78a5_256x240.png HTTP/1.1" 404 1089
186.103.156.211 - - [03/Apr/2017:13:24:32 -0300] "GET /cormun/static/Shared/jqueryui/images/ui-bg_highlight-soft_100_c6c2c8_1x100.png HTTP/1.1" 404 1117
186.103.156.211 - - [03/Apr/2017:13:24:32 -0300] "POST /cormun/servlet/trsolicitudot?11fb8d19d1f13d894998946fe8ebe9d0,gx-no-cache=1491236740963 HTTP/1.1" 200 4127
186.103.159.182 - - [03/Apr/2017:13:24:45 -0300] "POST /cormun/servlet/prfichaempleado?8ffafb50c095ed685f9cc3d604c077c5,,MD,,gxPopupLevel%3D0%3B,gx-no-cache=1491236751018 HTTP/1.1" 200 3451
200.54.247.69 - - [03/Apr/2017:13:24:46 -0300] "GET /cormun/servlet/prfichaempleado?,MD,,gxPopupLevel%3D0%3B HTTP/1.1" 200 8845
200.54.247.69 - - [03/Apr/2017:13:25:03 -0300] "POST /cormun/servlet/prfichaempleado?f7853a5b5d2bb4e49a3b96532dbfcfb9,,MD,,gxPopupLevel%3D0%3B,gx-no-cache=1491236771846 HTTP/1.1" 200 3415
192.168.10.13 - - [03/Apr/2017:13:25:26 -0300] "GET / HTTP/1.1" 200 11217
186.103.156.211 - - [03/Apr/2017:13:25:36 -0300] "GET /cormun/servlet/solicitudot?INS,0,0, HTTP/1.1" 200 12800
186.103.156.211 - - [03/Apr/2017:13:25:37 -0300] "GET /cormun/servlet/solicitudot?INS,0,0, HTTP/1.1" 200 12805
186.103.156.211 - - [03/Apr/2017:13:25:39 -0300] "GET /cormun/servlet/trsolicitudot HTTP/1.1" 200 6968
186.103.156.211 - - [03/Apr/2017:13:25:40 -0300] "GET /cormun/servlet/trsolicitudot HTTP/1.1" 200 6965
186.103.159.182 - - [03/Apr/2017:13:26:06 -0300] "POST /cormun/servlet/solicitudot?gx-no-cache=1491236832617 HTTP/1.1" 200 1291
186.103.159.182 - - [03/Apr/2017:13:26:06 -0300] "POST /cormun/servlet/solicitudot?gx-no-cache=1491236832815 HTTP/1.1" 200 41
186.103.159.182 - - [03/Apr/2017:13:26:06 -0300] "POST /cormun/servlet/solicitudot?gx-no-cache=1491236832905 HTTP/1.1" 200 1274
186.103.159.182 - - [03/Apr/2017:13:26:06 -0300] "POST /cormun/servlet/solicitudot?gx-no-cache=1491236833478 HTTP/1.1" 200 1157
186.103.159.182 - - [03/Apr/2017:13:26:07 -0300] "GET /cormun/servlet/solicitudot?81d4fb48939ce62e849d49abef7f5bfc0d48306b7f79170b309ce1bed7cc8c1d4dc88810f71e23c2906c18824275f8220cb3fa54fffd7a54a22db44ed5aee045f17e3f22e43ac3aea2543fd93d9c662fc637fc800366f52c0f2a1e4a1153bdea446ff4d0d88b54c4f540246f9b0984793c8d039e6c9c7c7899e6da57273cc499af1db37d16e683f8434d7b9d36e0d2016a4d18b8cb91e7fc8e0eb8aeb64138dabaabab75742fac372cf4485fefb9b64aa5d76dbd4d38efe355faeb93735137de,gx-no-cache=1491236833637 HTTP/1.1" 200 30
186.103.159.182 - - [03/Apr/2017:13:26:07 -0300] "POST /cormun/servlet/solicitudot?8ffafb50c095ed685f9cc3d604c077c5,INS,0,0,,gx-no-cache=1491236833742 HTTP/1.1" 200 93
186.103.159.182 - - [03/Apr/2017:13:26:07 -0300] "GET /cormun/servlet/hpexe_return? HTTP/1.1" 200 1007
186.103.159.182 - - [03/Apr/2017:13:26:08 -0300] "GET /cormun/servlet/trsolicitudot HTTP/1.1" 200 10606
186.103.159.182 - - [03/Apr/2017:13:26:10 -0300] "GET /cormun/servlet/trsolicitudot HTTP/1.1" 200 10602
200.54.247.69 - - [03/Apr/2017:13:26:19 -0300] "GET /cormun/servlet/licenciaspermisos?611b2a8c95eafe0c2ecf862b2e7297475ae42160e03c2ca07c721862d2733080ebec99afdba7c626bf539b83cc56245a,gx-no-cache=1491236848020 HTTP/1.1" 200 70
200.54.247.69 - - [03/Apr/2017:13:26:19 -0300] "POST /cormun/servlet/licenciaspermisos?f7853a5b5d2bb4e49a3b96532dbfcfb9,INS,0,,,,gx-no-cache=1491236848164 HTTP/1.1" 200 4620
192.168.10.13 - - [03/Apr/2017:13:26:26 -0300] "GET / HTTP/1.1" 200 11217
186.103.159.182 - - [03/Apr/2017:13:26:30 -0300] "GET /cormun/servlet/trsolicitudot? HTTP/1.1" 200 10602
186.103.159.182 - - [03/Apr/2017:13:26:32 -0300] "GET /cormun/servlet/trsolicitudot? HTTP/1.1" 200 10602
186.103.159.182 - - [03/Apr/2017:13:26:40 -0300] "GET /cormun/servlet/solicitudot?INS,0,0, HTTP/1.1" 200 12850
186.103.159.182 - - [03/Apr/2017:13:26:42 -0300] "GET /cormun/servlet/solicitudot?INS,0,0, HTTP/1.1" 200 12855
186.103.159.182 - - [03/Apr/2017:13:26:59 -0300] "POST /cormun/servlet/solicitudot?gx-no-cache=1491236884410 HTTP/1.1" 200 3081
186.103.159.182 - - [03/Apr/2017:13:26:59 -0300] "POST /cormun/servlet/solicitudot?8ffafb50c095ed685f9cc3d604c077c5,INS,0,0,,gx-no-cache=1491236886124 HTTP/1.1" 200 9866
186.103.159.182 - - [03/Apr/2017:13:27:01 -0300] "GET /cormun/servlet/solicitudot?81d4fb48939ce62e849d49abef7f5bfc61e1f5e73003bd8510f6a6d97a1c82bd20cebd9c45c9d117388dd7d6daa542b1,gx-no-cache=1491236887954 HTTP/1.1" 200 30
192.168.10.13 - - [03/Apr/2017:13:27:26 -0300] "GET / HTTP/1.1" 200 11217
186.103.159.182 - - [03/Apr/2017:13:28:20 -0300] "POST /cormun/servlet/solicitudot?gx-no-cache=1491236967190 HTTP/1.1" 200 255
186.103.159.182 - - [03/Apr/2017:13:28:24 -0300] "GET /cormun/servlet/solicitudot?81d4fb48939ce62e849d49abef7f5bfc01e2170b4e93eebe6a5ee87d20bb8fe61cfb2690caf3feccf17ecc2cd472d2fd88edfc68053055beee4611a3d09447a5d2fe79105a1dea4e60239beb2e136c4ae744ece771f8614d198640dba1db3f9ac553c91888346f777ae4f6f2f88ba844571415596e91d4bcc21619541ecead47f81f589f8d019f211ca3fbc3d39ddea3b209214e32975f04c4ffdeebc00bf709995a3d9e2913bfdeac2cc165ab3959de56060fc34287da91c412a41361abded05ac48b7a4c5eec9c961590fcde2a3902db9479674d7bf97deb24605bbc0aa78fe41432d00f772f9afee4384b4bb77198ee8660d11b1a3e939584be8e3c7b54cd9145715fb7bd5e92ab494a2d5ee2efe8ef3625a526e95a4b7b61cd30408cbc2ed25f1bfb167a116c63debef691994c81d86483e0622868955d40b26ebfce825511ec458b2baf7b008af45486a4d3113a2b2ec25b12c3ded5e5d5f2f176fa684e166c0c854151c5b38694cc3be1feb4ba2e1534b002d1218f10c480dccbd52a56,gx-no-cache=1491236971289 HTTP/1.1" 200 30
192.168.10.13 - - [03/Apr/2017:13:28:26 -0300] "GET / HTTP/1.1" 200 11217
186.103.159.182 - - [03/Apr/2017:13:28:32 -0300] "POST /cormun/servlet/solicitudot?gx-no-cache=1491236978323 HTTP/1.1" 200 256
186.103.159.182 - - [03/Apr/2017:13:28:38 -0300] "GET /cormun/servlet/solicitudot?81d4fb48939ce62e849d49abef7f5bfc01e2170b4e93eebe6a5ee87d20bb8fe61bb709db4605c23f0d903a6ce2c4fd0288edfc68053055beee4611a3d09447a5d2fe79105a1dea4e60239beb2e136c4ae744ece771f8614d198640dba1db3f9ac553c91888346f777ae4f6f2f88ba844571415596e91d4bcc21619541ecead47f81f589f8d019f211ca3fbc3d39ddea3b209214e32975f04c4ffdeebc00bf709995a3d9e2913bfdeac2cc165ab3959de56060fc34287da91c412a41361abded05ac48b7a4c5eec9c961590fcde2a3902db9479674d7bf97deb24605bbc0aa78fe41432d00f772f9afee4384b4bb77198ee8660d11b1a3e939584be8e3c7b54cd9145715fb7bd5e92ab494a2d5ee2efe8e7a13b3419556385c9c83d98e0cd641a2a230f54e44693eae0b7fd7ed4fd08629c7db1a77f9a8a9caf6ab5275437f37f3dfacf3aff8749b42846925ceebf93c09f49c8c9848a90d7afd67f08267e096ef0f34a6a13e1f0c742648f913d7a27259f6318a99cd53a45554a803ed4427576,gx-no-cache=1491236984919 HTTP/1.1" 200 30
186.103.159.182 - - [03/Apr/2017:13:28:40 -0300] "POST /cormun/servlet/solicitudot?gx-no-cache=1491236986800 HTTP/1.1" 200 30
186.103.159.182 - - [03/Apr/2017:13:29:08 -0300] "POST /cormun/servlet/solicitudot?gx-no-cache=1491237013940 HTTP/1.1" 200 254
