186.103.159.187 - - [03/Apr/2017:12:45:18 -0300] "GET /cormun/servlet/hhome HTTP/1.1" 200 3951
192.168.10.96 - - [03/Apr/2017:12:45:20 -0300] "POST /cormun/servlet/hlogin?f8725b372900c5430ad005c3239d5d26,gx-no-cache=1491237597794 HTTP/1.1" 200 90
192.168.10.96 - - [03/Apr/2017:12:45:20 -0300] "GET /cormun/servlet/hpexe_link HTTP/1.1" 200 956
192.168.10.89 - - [03/Apr/2017:12:45:20 -0300] "POST /cormun/servlet/trsolicitudgral?9679c8d582ea12aa148bba3c038cc399,,gx-no-cache=1491237597818 HTTP/1.1" 200 12312
192.168.10.96 - - [03/Apr/2017:12:45:20 -0300] "GET /cormun/servlet/hhome HTTP/1.1" 200 4264
192.168.10.96 - - [03/Apr/2017:12:45:21 -0300] "GET /cormun/servlet/hhome HTTP/1.1" 200 4260
186.103.159.187 - - [03/Apr/2017:12:45:22 -0300] "GET /cormun/servlet/trautorizarsolicitud? HTTP/1.1" 200 8181
186.103.159.187 - - [03/Apr/2017:12:45:22 -0300] "GET /cormun/static/gxcfg.js?2017259112829 HTTP/1.1" 200 953
186.103.159.187 - - [03/Apr/2017:12:45:22 -0300] "GET /cormun/static/trautorizarsolicitud.js?2017259113483 HTTP/1.1" 304 -
186.103.159.187 - - [03/Apr/2017:12:45:23 -0300] "GET /cormun/servlet/trautorizarsolicitud? HTTP/1.1" 200 8179
192.168.10.96 - - [03/Apr/2017:12:45:25 -0300] "GET /cormun/servlet/trpermisosgeneralesgoce? HTTP/1.1" 200 16083
192.168.10.96 - - [03/Apr/2017:12:45:26 -0300] "GET /cormun/servlet/trpermisosgeneralesgoce? HTTP/1.1" 200 16081
192.168.10.13 - - [03/Apr/2017:12:45:26 -0300] "GET / HTTP/1.1" 200 11217
186.103.159.204 - - [03/Apr/2017:12:45:26 -0300] "GET /cormun/servlet/vesolicitudot?2017,5498,, HTTP/1.1" 200 8214
186.103.159.204 - - [03/Apr/2017:12:45:26 -0300] "GET /cormun/static/gxcfg.js?201731711515882 HTTP/1.1" 200 953
186.103.159.204 - - [03/Apr/2017:12:45:26 -0300] "GET /cormun/pexe_scrolldiv.js HTTP/1.1" 404 1009
186.103.159.204 - - [03/Apr/2017:12:45:26 -0300] "GET /cormun/static/hwcviewtabs.js?20173171133571 HTTP/1.1" 200 1074
186.103.159.204 - - [03/Apr/2017:12:45:26 -0300] "GET /cormun/static/hpexe_tabsview.js?201610171694228 HTTP/1.1" 200 1661
186.103.159.204 - - [03/Apr/2017:12:45:26 -0300] "GET /cormun/static/vesolicitudot.js?201731711515955 HTTP/1.1" 200 6091
186.103.159.204 - - [03/Apr/2017:12:45:26 -0300] "GET /cormun/static/Resources/PXToolsTabFirstSelected.png HTTP/1.1" 200 1259
186.103.159.204 - - [03/Apr/2017:12:45:26 -0300] "GET /cormun/static/Resources/PXToolsTabLastUnselected.png HTTP/1.1" 200 1291
186.103.159.204 - - [03/Apr/2017:12:45:26 -0300] "GET /cormun/static/Resources/PXToolsTabPrevious.gif HTTP/1.1" 200 172
186.103.159.204 - - [03/Apr/2017:12:45:26 -0300] "GET /cormun/static/Resources/PXToolsTabNext.gif HTTP/1.1" 200 168
186.103.159.204 - - [03/Apr/2017:12:45:26 -0300] "GET /cormun/static/tbsolicitudot01.js?201731711332949 HTTP/1.1" 200 28340
186.103.159.204 - - [03/Apr/2017:12:45:26 -0300] "GET /cormun/pexe_scrolldiv.js HTTP/1.1" 404 1009
186.103.159.204 - - [03/Apr/2017:12:45:27 -0300] "GET /cormun/static/calendar-system.css HTTP/1.1" 200 5572
186.103.159.204 - - [03/Apr/2017:12:45:27 -0300] "GET /cormun/static/Resources/PXToolsTabBackUnselected.png HTTP/1.1" 200 1175
186.103.159.204 - - [03/Apr/2017:12:45:27 -0300] "GET /cormun/static/Resources/PXToolsTabSelectedUnselected.png HTTP/1.1" 200 1428
186.103.159.204 - - [03/Apr/2017:12:45:27 -0300] "GET /cormun/static/Resources/PXToolsTabBackSelected.png HTTP/1.1" 200 1157
186.103.159.204 - - [03/Apr/2017:12:45:28 -0300] "GET /cormun/servlet/vesolicitudot?2017,5498,, HTTP/1.1" 200 8214
186.103.159.204 - - [03/Apr/2017:12:45:28 -0300] "GET /cormun/static/Resources/PXToolsTabUnselectedUnselected.png HTTP/1.1" 200 1459
186.103.159.204 - - [03/Apr/2017:12:45:31 -0300] "GET /cormun/servlet/vesolicitudot?2017,5498,,SolicitudOTAdjuntos HTTP/1.1" 200 7324
186.103.159.204 - - [03/Apr/2017:12:45:31 -0300] "GET /cormun/pexe_scrolldiv.js HTTP/1.1" 404 1009
186.103.159.204 - - [03/Apr/2017:12:45:31 -0300] "GET /cormun/static/tbsolicitudot02.js?20173171140975 HTTP/1.1" 200 15617
186.103.159.204 - - [03/Apr/2017:12:45:32 -0300] "GET /cormun/static/gxui/gxui-all.css HTTP/1.1" 200 2179
186.103.159.204 - - [03/Apr/2017:12:45:32 -0300] "GET /cormun/static/Shared/ext/resources/css/ext-all.css HTTP/1.1" 200 416045
186.103.159.204 - - [03/Apr/2017:12:45:32 -0300] "GET /cormun/static/Resources/PXToolsTabFirstUnselected.png HTTP/1.1" 200 1264
186.103.159.204 - - [03/Apr/2017:12:45:32 -0300] "GET /cormun/static/Resources/PXToolsTabUnselectedSelected.png HTTP/1.1" 200 1444
186.103.159.204 - - [03/Apr/2017:12:45:32 -0300] "GET /cormun/servlet/vesolicitudot?2017,5498,,SolicitudOTAdjuntos HTTP/1.1" 200 7324
186.103.159.204 - - [03/Apr/2017:12:45:33 -0300] "POST /cormun/servlet/acontrolpreferencessavestate?None,JCORNEJO,true HTTP/1.1" 200 35
186.103.159.187 - - [03/Apr/2017:12:45:34 -0300] "POST /cormun/servlet/trautorizarsolicitud?2361a00dc0a78d674274b463f09bfa6a,,gx-no-cache=1491234400308 HTTP/1.1" 200 4342
186.103.159.187 - - [03/Apr/2017:12:45:34 -0300] "GET /cormun/static/Shared/jqueryui/images/ui-bg_highlight-soft_100_c6c2c8_1x100.png HTTP/1.1" 404 1117
186.103.159.187 - - [03/Apr/2017:12:45:34 -0300] "GET /cormun/static/Shared/jqueryui/images/ui-bg_flat_55_fafafa_40x100.png HTTP/1.1" 404 1097
186.103.159.187 - - [03/Apr/2017:12:45:34 -0300] "GET /cormun/static/Shared/jqueryui/images/ui-icons_82798d_256x240.png HTTP/1.1" 404 1089
186.103.159.187 - - [03/Apr/2017:12:45:34 -0300] "GET /cormun/static/Shared/jqueryui/images/ui-icons_8d78a5_256x240.png HTTP/1.1" 404 1089
186.103.159.187 - - [03/Apr/2017:12:45:34 -0300] "POST /cormun/servlet/trautorizarsolicitud?2361a00dc0a78d674274b463f09bfa6a,,gx-no-cache=1491234400913 HTTP/1.1" 200 4093
186.103.159.204 - - [03/Apr/2017:12:45:37 -0300] "GET /cormun/servlet/vesolicitudot?2017,5498,,SolicitudOTLog HTTP/1.1" 200 8969
186.103.159.204 - - [03/Apr/2017:12:45:37 -0300] "GET /cormun/pexe_scrolldiv.js HTTP/1.1" 404 1009
186.103.159.204 - - [03/Apr/2017:12:45:37 -0300] "GET /cormun/static/Resources/PXToolsTabLastSelected.png HTTP/1.1" 200 1262
186.103.159.204 - - [03/Apr/2017:12:45:37 -0300] "GET /cormun/static/tbsolicitudot03.js?20173171133244 HTTP/1.1" 200 13323
186.103.159.204 - - [03/Apr/2017:12:45:38 -0300] "GET /cormun/servlet/vesolicitudot?2017,5498,,SolicitudOTLog HTTP/1.1" 200 8968
186.103.159.204 - - [03/Apr/2017:12:45:39 -0300] "POST /cormun/servlet/acontrolpreferencessavestate?None,JCORNEJO,true HTTP/1.1" 200 35
186.103.156.166 - - [03/Apr/2017:12:45:40 -0300] "GET /cormun/static/menuarrow.gif HTTP/1.1" 404 1015
186.103.156.166 - - [03/Apr/2017:12:45:47 -0300] "GET /cormun/servlet/permisogoce?db924f132e0fb5f28aabceb530bb0d5c7cd8d7c2fdd21394d241896460b618e471ea4742a299b224661265d47e62014964e05bba917b5f29edcb8b7b0e10b94e,gx-no-cache=1491237993762 HTTP/1.1" 200 46
192.168.10.96 - - [03/Apr/2017:12:45:49 -0300] "GET /cormun/servlet/trpermisosadjuntos?11756419,20170403112433,P, HTTP/1.1" 200 6579
192.168.10.96 - - [03/Apr/2017:12:45:50 -0300] "GET /cormun/servlet/trpermisosadjuntos?11756419,20170403112433,P, HTTP/1.1" 200 6578
186.103.159.204 - - [03/Apr/2017:12:45:50 -0300] "GET /cormun/servlet/trsolicitudot? HTTP/1.1" 200 9039
186.103.159.204 - - [03/Apr/2017:12:45:51 -0300] "GET /cormun/servlet/trsolicitudot? HTTP/1.1" 200 9033
186.103.159.204 - - [03/Apr/2017:12:45:58 -0300] "GET /cormun/static/menuarrow.gif HTTP/1.1" 404 1015
186.103.159.204 - - [03/Apr/2017:12:46:07 -0300] "POST /cormun/servlet/trsolicitudot?b5fb5a0f1227825edb5b16eb3bc92c8d,,gx-no-cache=1491234432336 HTTP/1.1" 200 4165
186.103.159.204 - - [03/Apr/2017:12:46:11 -0300] "GET /cormun/servlet/solicitudot?INS,0,0, HTTP/1.1" 200 12796
186.103.159.204 - - [03/Apr/2017:12:46:12 -0300] "GET /cormun/servlet/solicitudot?INS,0,0, HTTP/1.1" 200 12801
186.79.237.79 - - [03/Apr/2017:12:46:12 -0300] "POST /cormun/servlet/trsolicitudot?d23ba4408c8888f4588b3da82e3c8613,gx-no-cache=1491238034068 HTTP/1.1" 200 107
186.79.237.79 - - [03/Apr/2017:12:46:12 -0300] "GET /cormun/servlet/trsolicitudadjuntos?2017,5841, HTTP/1.1" 200 8502
186.79.237.79 - - [03/Apr/2017:12:46:14 -0300] "GET /cormun/servlet/trsolicitudadjuntos?2017,5841, HTTP/1.1" 200 8507
192.168.10.13 - - [03/Apr/2017:12:46:26 -0300] "GET / HTTP/1.1" 200 11217
186.79.237.79 - - [03/Apr/2017:12:46:26 -0300] "GET /cormun/servlet/solicitudotadjuntos?DLT,2017,5841,CERTIF1,0, HTTP/1.1" 200 6029
186.79.237.79 - - [03/Apr/2017:12:46:27 -0300] "GET /cormun/servlet/solicitudotadjuntos?DLT,2017,5841,CERTIF1,0, HTTP/1.1" 200 6021
186.79.237.79 - - [03/Apr/2017:12:46:28 -0300] "GET /cormun/PublicTempStorage/antecedentes_de_augusto_mu%F1oz_gaete2855969.pdf HTTP/1.1" 200 633683
186.79.237.79 - - [03/Apr/2017:12:46:34 -0300] "POST /cormun/servlet/solicitudotadjuntos?d23ba4408c8888f4588b3da82e3c8613,DLT,2017,5841,CERTIF1,0,,gx-no-cache=1491238055814 HTTP/1.1" 200 93
186.79.237.79 - - [03/Apr/2017:12:46:34 -0300] "GET /cormun/servlet/hpexe_return? HTTP/1.1" 200 1025
186.79.237.79 - - [03/Apr/2017:12:46:34 -0300] "GET /cormun/servlet/trsolicitudadjuntos?2017,5841, HTTP/1.1" 200 8314
186.79.237.79 - - [03/Apr/2017:12:46:35 -0300] "GET /cormun/servlet/trsolicitudadjuntos?2017,5841, HTTP/1.1" 200 8310
186.103.159.204 - - [03/Apr/2017:12:46:37 -0300] "POST /cormun/servlet/solicitudot?gx-no-cache=1491234462608 HTTP/1.1" 200 3157
186.103.159.204 - - [03/Apr/2017:12:46:37 -0300] "POST /cormun/servlet/solicitudot?b5fb5a0f1227825edb5b16eb3bc92c8d,INS,0,0,,gx-no-cache=1491234463287 HTTP/1.1" 200 9959
186.103.159.204 - - [03/Apr/2017:12:46:37 -0300] "GET /cormun/servlet/solicitudot?db802a2e9924a104ce8051628bd57b1703bd64b12335ad3249cbcbaf850db90311bded9ce97b1540bb1be7bd93988ac5,gx-no-cache=1491234463655 HTTP/1.1" 200 30
186.79.237.79 - - [03/Apr/2017:12:46:38 -0300] "GET /cormun/servlet/solicitudotadjuntos?DLT,2017,5841,CV,0, HTTP/1.1" 200 6061
186.79.237.79 - - [03/Apr/2017:12:46:39 -0300] "GET /cormun/static/Shared/jqueryui/images/ui-icons_82798d_256x240.png HTTP/1.1" 404 1089
186.79.237.79 - - [03/Apr/2017:12:46:39 -0300] "GET /cormun/static/Shared/jqueryui/images/ui-bg_flat_55_fafafa_40x100.png HTTP/1.1" 404 1097
186.79.237.79 - - [03/Apr/2017:12:46:39 -0300] "GET /cormun/static/Shared/jqueryui/images/ui-icons_8d78a5_256x240.png HTTP/1.1" 404 1089
186.79.237.79 - - [03/Apr/2017:12:46:39 -0300] "GET /cormun/servlet/solicitudotadjuntos?DLT,2017,5841,CV,0, HTTP/1.1" 200 6055
186.79.237.79 - - [03/Apr/2017:12:46:39 -0300] "GET /cormun/PublicTempStorage/curriculum_agusto_mu%F1oz_gaete_%28secretario_administrativo%299612542.pdf HTTP/1.1" 200 286178
186.79.237.79 - - [03/Apr/2017:12:46:39 -0300] "GET /cormun/static/Shared/jqueryui/images/ui-bg_highlight-soft_100_c6c2c8_1x100.png HTTP/1.1" 404 1117
186.103.156.166 - - [03/Apr/2017:12:46:42 -0300] "POST /cormun/servlet/permisogoce?f410ee58b6292177d18080ee93fb9d0c,INS,0,,,,gx-no-cache=1491238048554 HTTP/1.1" 200 93
186.103.156.166 - - [03/Apr/2017:12:46:42 -0300] "GET /cormun/servlet/hpexe_return? HTTP/1.1" 200 1010
186.103.156.166 - - [03/Apr/2017:12:46:42 -0300] "GET /cormun/static/Resources/Spanish/PXTools.css?167811 HTTP/1.1" 304 -
186.103.156.166 - - [03/Apr/2017:12:46:42 -0300] "GET /cormun/static/hpexe_return.js?2016101716175153 HTTP/1.1" 304 -
186.103.156.166 - - [03/Apr/2017:12:46:43 -0300] "GET /cormun/static/gxcfg.js?2016101716175148 HTTP/1.1" 304 -
186.103.156.166 - - [03/Apr/2017:12:46:43 -0300] "GET /cormun/servlet/trpermisosgoce HTTP/1.1" 200 7559
186.103.156.166 - - [03/Apr/2017:12:46:44 -0300] "GET /cormun/servlet/trpermisosgoce HTTP/1.1" 200 7555
186.79.237.79 - - [03/Apr/2017:12:46:45 -0300] "POST /cormun/servlet/solicitudotadjuntos?d23ba4408c8888f4588b3da82e3c8613,DLT,2017,5841,CV,0,,gx-no-cache=1491238065168 HTTP/1.1" 200 93
186.79.237.79 - - [03/Apr/2017:12:46:46 -0300] "GET /cormun/servlet/hpexe_return? HTTP/1.1" 200 1021
186.79.237.79 - - [03/Apr/2017:12:46:46 -0300] "GET /cormun/servlet/trsolicitudadjuntos?2017,5841, HTTP/1.1" 200 6074
186.103.159.204 - - [03/Apr/2017:12:46:47 -0300] "POST /cormun/servlet/solicitudot?gx-no-cache=1491234472881 HTTP/1.1" 200 255
186.103.159.204 - - [03/Apr/2017:12:46:47 -0300] "GET /cormun/servlet/solicitudot?db802a2e9924a104ce8051628bd57b1762ab9faac681d5bce72a0cd8439e5d76c48c5bf7030fb71e9a4257797c0d1b5e2a276ad676db2aafcb415a5764693e86d64a220090c66fb7b97889004a619ad68f9ac8596ef5c00ff646b972ccef3e607ac5c95d324296ebaf628c975f3266ab99f8421bd3b1d4cdd09f2da4300aeebb2f5a0b9c91da5191a43132dcc6188f75b22ac78eba33909f1c84e37b1a00ee1ea549a377f6bc4c3e00411304fd9eba085799c4690390b0659b2195ec99e20df94b706485e9c2a949adc37c72ebdfd26ee42b4dc462df6a412b859e5276055c09c86981d9a3b2cef97a9c92a2092856ee8f0a0b1740b552afff233f634f22196944ceb404872b3c25b021b3c342550dc75f887d2fdcaec15395d1e749a885bba58f7bf888bf30bcf2257230227e4c87a8caf1619d80964df26ac627a1bc273109299367354c4533da2d8f9b02df632c229ce4246c6003ef9b5c9e483ee111043ae8862532e942a5aa4fbb6f9b75cceaa64e678d85aeaaf21c9be9e856ca802666,gx-no-cache=1491234472971 HTTP/1.1" 200 30
186.103.159.204 - - [03/Apr/2017:12:46:47 -0300] "POST /cormun/servlet/solicitudot?gx-no-cache=1491234473036 HTTP/1.1" 200 30
186.79.237.79 - - [03/Apr/2017:12:46:47 -0300] "GET /cormun/servlet/trsolicitudadjuntos?2017,5841, HTTP/1.1" 200 6071
186.103.159.204 - - [03/Apr/2017:12:46:47 -0300] "POST /cormun/servlet/solicitudot?gx-no-cache=1491234473110 HTTP/1.1" 200 1291
186.103.159.204 - - [03/Apr/2017:12:46:47 -0300] "POST /cormun/servlet/solicitudot?gx-no-cache=1491234473664 HTTP/1.1" 200 38
186.103.159.204 - - [03/Apr/2017:12:47:00 -0300] "POST /cormun/servlet/solicitudot?gx-no-cache=1491234486750 HTTP/1.1" 200 30
186.103.159.204 - - [03/Apr/2017:12:47:03 -0300] "GET /cormun/servlet/prsolicitudot?15799324,,,,,MD,,gxPopupLevel%3D0%3B HTTP/1.1" 200 5941
186.103.159.204 - - [03/Apr/2017:12:47:03 -0300] "GET /cormun/static/menusearch.js?201610171694467 HTTP/1.1" 304 -
186.103.159.204 - - [03/Apr/2017:12:47:03 -0300] "GET /cormun/static/gxcfg.js?201731711522567 HTTP/1.1" 304 -
186.103.159.204 - - [03/Apr/2017:12:47:03 -0300] "GET /cormun/static/hmpwkw011.js?201731711483558 HTTP/1.1" 304 -
186.103.159.204 - - [03/Apr/2017:12:47:03 -0300] "GET /cormun/static/prsolicitudot.js?201731711522786 HTTP/1.1" 304 -
186.103.156.166 - - [03/Apr/2017:12:47:06 -0300] "GET /cormun/servlet/apermisogoceprn?11364742,P,20170403134119,PU HTTP/1.1" 200 1647
186.103.159.204 - - [03/Apr/2017:12:47:07 -0300] "POST /cormun/servlet/solicitudot?gx-no-cache=1491234493091 HTTP/1.1" 200 1291
186.103.159.204 - - [03/Apr/2017:12:47:07 -0300] "POST /cormun/servlet/solicitudot?gx-no-cache=1491234493305 HTTP/1.1" 200 38
186.103.159.204 - - [03/Apr/2017:12:47:07 -0300] "GET /cormun/servlet/solicitudot?db802a2e9924a104ce8051628bd57b172f9014c059d70b51d65a40d7fe969388260a7402cd6d4e555ea3ee29b8d99dcd518258b1a2563aaeb73f236c47be82e65c1ca3772e761d3acf58ac5a37bef2a017feb7bd181566dfcb77eba8d596bce1823eac59844cd063c9c4ea2de383e7db702b91e48687b525d03daf6274eeb762f94a3be36b0f30713d3fcc19cb0bce69a66f037b36025e09d6c18739a7d931a2,gx-no-cache=1491234493405 HTTP/1.1" 200 29
186.103.159.204 - - [03/Apr/2017:12:47:07 -0300] "POST /cormun/servlet/solicitudot?gx-no-cache=1491234493447 HTTP/1.1" 200 1275
186.103.159.204 - - [03/Apr/2017:12:47:08 -0300] "POST /cormun/servlet/solicitudot?gx-no-cache=1491234493559 HTTP/1.1" 200 1157
192.168.10.96 - - [03/Apr/2017:12:47:13 -0300] "GET /cormun/servlet/hlogin HTTP/1.1" 200 1769
192.168.10.96 - - [03/Apr/2017:12:47:21 -0300] "POST /cormun/servlet/hlogin?f8725b372900c5430ad005c3239d5d26,gx-no-cache=1491237718296 HTTP/1.1" 200 90
192.168.10.96 - - [03/Apr/2017:12:47:21 -0300] "GET /cormun/servlet/hpexe_link HTTP/1.1" 200 956
192.168.10.96 - - [03/Apr/2017:12:47:21 -0300] "GET /cormun/servlet/hhome HTTP/1.1" 200 4002
192.168.10.96 - - [03/Apr/2017:12:47:21 -0300] "GET /cormun/servlet/hhome HTTP/1.1" 200 3998
192.168.10.96 - - [03/Apr/2017:12:47:25 -0300] "GET /cormun/servlet/trpermisosgoce? HTTP/1.1" 200 12667
192.168.10.96 - - [03/Apr/2017:12:47:25 -0300] "GET /cormun/servlet/trpermisosgoce? HTTP/1.1" 200 12666
192.168.10.13 - - [03/Apr/2017:12:47:26 -0300] "GET / HTTP/1.1" 200 11217
186.79.237.79 - - [03/Apr/2017:12:47:29 -0300] "GET /cormun/servlet/solicitudotadjuntos?INS,2017,5841,,1, HTTP/1.1" 200 6003
186.79.237.79 - - [03/Apr/2017:12:47:29 -0300] "GET /cormun/static/about:blank HTTP/1.1" 404 1011
186.79.237.79 - - [03/Apr/2017:12:47:30 -0300] "GET /cormun/servlet/solicitudotadjuntos?INS,2017,5841,,1, HTTP/1.1" 200 5997
186.79.237.79 - - [03/Apr/2017:12:47:30 -0300] "GET /cormun/servlet/solicitudotadjuntos?8dea9147ac53e35bdc62688367b149daf34b853d7108987d9f501b33cc112a43278e15279c7da69fc1a52aaa5300e8a8,gx-no-cache=1491238114290 HTTP/1.1" 200 30
186.79.237.79 - - [03/Apr/2017:12:47:31 -0300] "POST /cormun/servlet/solicitudotadjuntos?d23ba4408c8888f4588b3da82e3c8613,INS,2017,5841,,1,,gx-no-cache=1491238114492 HTTP/1.1" 200 3830
186.103.159.204 - - [03/Apr/2017:12:47:32 -0300] "POST /cormun/servlet/solicitudot?gx-no-cache=1491234515719 HTTP/1.1" 200 1273
186.103.159.204 - - [03/Apr/2017:12:47:33 -0300] "POST /cormun/servlet/solicitudot?gx-no-cache=1491234518880 HTTP/1.1" 200 1157
186.103.159.204 - - [03/Apr/2017:12:47:33 -0300] "GET /cormun/static/menuarrow.gif HTTP/1.1" 404 1015
192.168.10.96 - - [03/Apr/2017:12:47:34 -0300] "GET /cormun/servlet/permisogoce?DSP,11756419,P,20170403112433, HTTP/1.1" 200 6667
192.168.10.96 - - [03/Apr/2017:12:47:35 -0300] "GET /cormun/servlet/permisogoce?DSP,11756419,P,20170403112433, HTTP/1.1" 200 6668
186.103.159.204 - - [03/Apr/2017:12:47:35 -0300] "POST /cormun/servlet/solicitudot?gx-no-cache=1491234521787 HTTP/1.1" 200 1273
186.103.159.204 - - [03/Apr/2017:12:47:36 -0300] "POST /cormun/servlet/solicitudot?gx-no-cache=1491234521870 HTTP/1.1" 200 1157
186.103.159.204 - - [03/Apr/2017:12:47:36 -0300] "GET /cormun/servlet/solicitudot?db802a2e9924a104ce8051628bd57b1742e0763068c03bb4b6089e7c91e93e95faff329fad87a426b59070a5be49996385485c2bb2cf53deb6ba6c66df31eaecf980965c5318c00e664401425c7a900f73cebeb0437c9c33422d26639324935600d618ca3d44c270d5d061f8300bb4962adbb42d035b38fbd201d5baba8c5d3078568a2484fc0fcbcef64596834d19010121608658e4b8c6d2650b700a13b6dcb027a336af9569533e0129c6d5f6b6d7,gx-no-cache=1491234521970 HTTP/1.1" 200 30
186.103.159.187 - - [03/Apr/2017:12:47:48 -0300] "GET /cormun/servlet/hlogin HTTP/1.1" 200 1749
186.103.159.204 - - [03/Apr/2017:12:47:48 -0300] "POST /cormun/servlet/solicitudot?b5fb5a0f1227825edb5b16eb3bc92c8d,INS,0,0,,gx-no-cache=1491234534046 HTTP/1.1" 200 11289
186.103.159.204 - - [03/Apr/2017:12:47:49 -0300] "GET /cormun/static/Shared/jqueryui/images/ui-bg_highlight-soft_100_c6c2c8_1x100.png HTTP/1.1" 404 1117
186.103.159.204 - - [03/Apr/2017:12:47:49 -0300] "GET /cormun/static/Shared/jqueryui/images/ui-icons_82798d_256x240.png HTTP/1.1" 404 1089
186.103.159.204 - - [03/Apr/2017:12:47:49 -0300] "GET /cormun/static/Shared/jqueryui/images/ui-bg_flat_55_994d53_40x100.png HTTP/1.1" 404 1097
186.103.159.204 - - [03/Apr/2017:12:47:49 -0300] "GET /cormun/static/Shared/jqueryui/images/ui-icons_ebccce_256x240.png HTTP/1.1" 404 1089
186.103.159.187 - - [03/Apr/2017:12:47:58 -0300] "POST /cormun/servlet/hlogin?2361a00dc0a78d674274b463f09bfa6a,gx-no-cache=1491234545153 HTTP/1.1" 200 459
186.103.159.187 - - [03/Apr/2017:12:48:04 -0300] "POST /cormun/servlet/hlogin?2361a00dc0a78d674274b463f09bfa6a,gx-no-cache=1491234550007 HTTP/1.1" 200 90
186.103.159.187 - - [03/Apr/2017:12:48:04 -0300] "GET /cormun/servlet/hpexe_link HTTP/1.1" 200 956
186.103.159.187 - - [03/Apr/2017:12:48:04 -0300] "GET /cormun/servlet/hhome HTTP/1.1" 200 3739
186.103.159.187 - - [03/Apr/2017:12:48:05 -0300] "GET /cormun/servlet/hhome HTTP/1.1" 200 3736
186.103.159.187 - - [03/Apr/2017:12:48:08 -0300] "GET /cormun/servlet/trsolicitudot? HTTP/1.1" 200 7960
186.103.159.187 - - [03/Apr/2017:12:48:09 -0300] "GET /cormun/servlet/trsolicitudot? HTTP/1.1" 200 7958
186.103.159.204 - - [03/Apr/2017:12:48:13 -0300] "POST /cormun/servlet/solicitudot?gx-no-cache=1491234556005 HTTP/1.1" 200 256
186.103.159.204 - - [03/Apr/2017:12:48:13 -0300] "GET /cormun/servlet/solicitudot?db802a2e9924a104ce8051628bd57b1762ab9faac681d5bce72a0cd8439e5d76c48c5bf7030fb71e9a4257797c0d1b5e2a276ad676db2aafcb415a5764693e86d64a220090c66fb7b97889004a619ad68f9ac8596ef5c00ff646b972ccef3e607ac5c95d324296ebaf628c975f3266ab99f8421bd3b1d4cdd09f2da4300aeebb2f5a0b9c91da5191a43132dcc6188f75b22ac78eba33909f1c84e37b1a00ee1ea549a377f6bc4c3e00411304fd9eba085799c4690390b0659b2195ec99e20df94b706485e9c2a949adc37c72ebdfd26ee42b4dc462df6a412b859e5276055c09c86981d9a3b2cef97a9c92a2092856ee8f0a0b1740b552afff233f634f22196944ceb404872b3c25b021b3c342550dc75f887d2fdcaec15395d1e749a885bba58f7bf888bf30bcf2257230227e4c87a8caf1619d80964df26ac627a1bc273109299367354c4533da2d8f9b02df632c229ce4246c6003ef9b5c9e483ee111043ae8862532e942a5aa4fbb6f9b75cceaa6dc963f5cf00e071a5070aabfdc85c273,gx-no-cache=1491234559137 HTTP/1.1" 200 30
186.79.237.79 - - [03/Apr/2017:12:48:14 -0300] "POST /cormun/servlet/solicitudotadjuntos?gx-no-cache=1491238157446 HTTP/1.1" 200 26
186.103.159.187 - - [03/Apr/2017:12:48:14 -0300] "GET /cormun/servlet/solicitudot?INS,0,0, HTTP/1.1" 200 12548
186.103.159.187 - - [03/Apr/2017:12:48:15 -0300] "GET /cormun/servlet/solicitudot?INS,0,0, HTTP/1.1" 200 12553
190.101.9.138 - - [03/Apr/2017:12:48:16 -0300] "GET /cormun/servlet/hhome HTTP/1.1" 200 3331
186.103.159.204 - - [03/Apr/2017:12:48:16 -0300] "POST /cormun/servlet/solicitudot?gx-no-cache=1491234559182 HTTP/1.1" 200 30
190.101.9.138 - - [03/Apr/2017:12:48:16 -0300] "GET /cormun/servlet/hhome HTTP/1.1" 200 3329
190.101.9.138 - - [03/Apr/2017:12:48:16 -0300] "GET /cormun/servlet/hlogin HTTP/1.1" 200 1739
186.103.159.204 - - [03/Apr/2017:12:48:17 -0300] "POST /cormun/servlet/solicitudot?gx-no-cache=1491234563253 HTTP/1.1" 200 256
186.103.159.204 - - [03/Apr/2017:12:48:17 -0300] "GET /cormun/servlet/solicitudot?db802a2e9924a104ce8051628bd57b1762ab9faac681d5bce72a0cd8439e5d76c48c5bf7030fb71e9a4257797c0d1b5e2a276ad676db2aafcb415a5764693e86d64a220090c66fb7b97889004a619ad68f9ac8596ef5c00ff646b972ccef3e607ac5c95d324296ebaf628c975f3266ab99f8421bd3b1d4cdd09f2da4300aeebb2f5a0b9c91da5191a43132dcc6188f75b22ac78eba33909f1c84e37b1a00ee1ea549a377f6bc4c3e00411304fd9eba085799c4690390b0659b2195ec99e20df94b706485e9c2a949adc37c72ebdfd26ee42b4dc462df6a412b859e5276055c09c86981d9a3b2cef97a9c92a2092856ee8f0a0b1740b552afff233f634f22196944ceb404872b3c25b021b3c342550dc75f887d2fdcaec15395d1e749a885bba58f7bf888bf30bcf2257230227e4c87a8caf1619d80964df26ac627a1bc273109299367354c4533da2d8f9b02df632c229ce4246c6003ef9b5c9e483ee111043ae8862532e942a5aa4fbb6f9b75cceaa6dc963f5cf00e071a5070aabfdc85c273,gx-no-cache=1491234563401 HTTP/1.1" 200 30
186.103.159.204 - - [03/Apr/2017:12:48:17 -0300] "POST /cormun/servlet/solicitudot?gx-no-cache=1491234563461 HTTP/1.1" 200 30
186.103.159.204 - - [03/Apr/2017:12:48:17 -0300] "POST /cormun/servlet/solicitudot?gx-no-cache=1491234563569 HTTP/1.1" 200 1290
186.103.159.204 - - [03/Apr/2017:12:48:17 -0300] "POST /cormun/servlet/solicitudot?gx-no-cache=1491234563739 HTTP/1.1" 200 41
186.103.159.204 - - [03/Apr/2017:12:48:18 -0300] "POST /cormun/servlet/solicitudot?gx-no-cache=1491234563855 HTTP/1.1" 200 1273
186.103.159.204 - - [03/Apr/2017:12:48:18 -0300] "POST /cormun/servlet/solicitudot?gx-no-cache=1491234563951 HTTP/1.1" 200 1157
186.103.159.204 - - [03/Apr/2017:12:48:18 -0300] "GET /cormun/servlet/solicitudot?db802a2e9924a104ce8051628bd57b1742e0763068c03bb4b6089e7c91e93e95faff329fad87a426b59070a5be49996385485c2bb2cf53deb6ba6c66df31eaecf980965c5318c00e664401425c7a900f73cebeb0437c9c33422d26639324935600d618ca3d44c270d5d061f8300bb4962adbb42d035b38fbd201d5baba8c5d3078568a2484fc0fcbcef64596834d19010121608658e4b8c6d2650b700a13b6dc20853ea845a7d9875c2086c64b26097e,gx-no-cache=1491234564043 HTTP/1.1" 200 32
186.103.159.204 - - [03/Apr/2017:12:48:21 -0300] "POST /cormun/servlet/solicitudot?gx-no-cache=1491234562338 HTTP/1.1" 200 1290
186.103.159.204 - - [03/Apr/2017:12:48:22 -0300] "POST /cormun/servlet/solicitudot?gx-no-cache=1491234567697 HTTP/1.1" 200 41
186.103.159.204 - - [03/Apr/2017:12:48:22 -0300] "POST /cormun/servlet/solicitudot?gx-no-cache=1491234567924 HTTP/1.1" 200 1273
186.103.159.204 - - [03/Apr/2017:12:48:22 -0300] "POST /cormun/servlet/solicitudot?gx-no-cache=1491234568025 HTTP/1.1" 200 1157
186.103.159.204 - - [03/Apr/2017:12:48:22 -0300] "GET /cormun/servlet/solicitudot?db802a2e9924a104ce8051628bd57b1742e0763068c03bb4b6089e7c91e93e95faff329fad87a426b59070a5be49996385485c2bb2cf53deb6ba6c66df31eaecf980965c5318c00e664401425c7a900f73cebeb0437c9c33422d26639324935600d618ca3d44c270d5d061f8300bb4962adbb42d035b38fbd201d5baba8c5d3078568a2484fc0fcbcef64596834d19010121608658e4b8c6d2650b700a13b6dc20853ea845a7d9875c2086c64b26097e,gx-no-cache=1491234568135 HTTP/1.1" 200 32
186.103.159.204 - - [03/Apr/2017:12:48:22 -0300] "POST /cormun/servlet/solicitudot?b5fb5a0f1227825edb5b16eb3bc92c8d,INS,0,0,,gx-no-cache=1491234568224 HTTP/1.1" 200 93
186.103.159.204 - - [03/Apr/2017:12:48:22 -0300] "GET /cormun/servlet/hpexe_return? HTTP/1.1" 200 1012
186.103.159.204 - - [03/Apr/2017:12:48:23 -0300] "GET /cormun/servlet/trsolicitudot? HTTP/1.1" 200 8278
186.103.159.204 - - [03/Apr/2017:12:48:24 -0300] "GET /cormun/servlet/trsolicitudot? HTTP/1.1" 200 8274
192.168.10.13 - - [03/Apr/2017:12:48:26 -0300] "GET / HTTP/1.1" 200 11217
186.103.159.187 - - [03/Apr/2017:12:48:29 -0300] "GET /cormun/servlet/prfichaempleado?,MD,,gxPopupLevel%3D0%3B HTTP/1.1" 200 8745
186.79.237.79 - - [03/Apr/2017:12:48:39 -0300] "GET /cormun/servlet/solicitudotadjuntos?8dea9147ac53e35bdc62688367b149dafde3931dbd2b6f3901b114439ae7603d,gx-no-cache=1491238182814 HTTP/1.1" 200 30
186.79.237.79 - - [03/Apr/2017:12:48:39 -0300] "GET /cormun/servlet/solicitudotadjuntos?8dea9147ac53e35bdc62688367b149dafde3931dbd2b6f3901b114439ae7603d,gx-no-cache=1491238183043 HTTP/1.1" 200 30
186.103.159.187 - - [03/Apr/2017:12:48:40 -0300] "POST /cormun/servlet/prfichaempleado?2361a00dc0a78d674274b463f09bfa6a,,MD,,gxPopupLevel%3D0%3B,gx-no-cache=1491234587141 HTTP/1.1" 200 3395
186.79.237.79 - - [03/Apr/2017:12:48:44 -0300] "POST /cormun/servlet/solicitudotadjuntos?d23ba4408c8888f4588b3da82e3c8613,INS,2017,5841,,1, HTTP/1.1" 200 116
186.79.237.79 - - [03/Apr/2017:12:48:45 -0300] "GET /cormun/servlet/hpexe_return? HTTP/1.1" 200 1018
186.79.237.79 - - [03/Apr/2017:12:48:45 -0300] "GET /cormun/servlet/trsolicitudadjuntos?2017,5841, HTTP/1.1" 200 8271
186.79.237.79 - - [03/Apr/2017:12:48:46 -0300] "GET /cormun/servlet/trsolicitudadjuntos?2017,5841, HTTP/1.1" 200 8267
186.103.159.187 - - [03/Apr/2017:12:48:50 -0300] "POST /cormun/servlet/solicitudot?gx-no-cache=1491234596270 HTTP/1.1" 200 3183
186.103.159.187 - - [03/Apr/2017:12:48:51 -0300] "POST /cormun/servlet/solicitudot?2361a00dc0a78d674274b463f09bfa6a,INS,0,0,,gx-no-cache=1491234596860 HTTP/1.1" 200 9777
186.79.237.79 - - [03/Apr/2017:12:48:54 -0300] "GET /cormun/servlet/solicitudotadjuntos?INS,2017,5841,,1, HTTP/1.1" 200 6003
186.79.237.79 - - [03/Apr/2017:12:48:54 -0300] "GET /cormun/static/about:blank HTTP/1.1" 404 1011
186.79.237.79 - - [03/Apr/2017:12:48:55 -0300] "GET /cormun/servlet/solicitudotadjuntos?INS,2017,5841,,1, HTTP/1.1" 200 5997
186.79.237.79 - - [03/Apr/2017:12:48:55 -0300] "GET /cormun/servlet/solicitudotadjuntos?8dea9147ac53e35bdc62688367b149daf34b853d7108987d9f501b33cc112a43278e15279c7da69fc1a52aaa5300e8a8,gx-no-cache=1491238199041 HTTP/1.1" 200 30
186.79.237.79 - - [03/Apr/2017:12:48:56 -0300] "POST /cormun/servlet/solicitudotadjuntos?d23ba4408c8888f4588b3da82e3c8613,INS,2017,5841,,1,,gx-no-cache=1491238199236 HTTP/1.1" 200 3830
186.103.159.204 - - [03/Apr/2017:12:49:01 -0300] "GET /cormun/servlet/trsolicitudot? HTTP/1.1" 200 8274
186.103.159.204 - - [03/Apr/2017:12:49:02 -0300] "GET /cormun/servlet/trsolicitudot? HTTP/1.1" 200 8274
186.103.159.204 - - [03/Apr/2017:12:49:07 -0300] "GET /cormun/servlet/solicitudot?INS,0,0, HTTP/1.1" 200 12797
186.103.159.204 - - [03/Apr/2017:12:49:08 -0300] "GET /cormun/servlet/solicitudot?INS,0,0, HTTP/1.1" 200 12802
186.79.237.79 - - [03/Apr/2017:12:49:14 -0300] "POST /cormun/servlet/solicitudotadjuntos?gx-no-cache=1491238217447 HTTP/1.1" 200 26
186.103.159.204 - - [03/Apr/2017:12:49:22 -0300] "POST /cormun/servlet/solicitudot?gx-no-cache=1491234628175 HTTP/1.1" 200 3155
186.103.159.204 - - [03/Apr/2017:12:49:22 -0300] "POST /cormun/servlet/solicitudot?b5fb5a0f1227825edb5b16eb3bc92c8d,INS,0,0,,gx-no-cache=1491234628506 HTTP/1.1" 200 9961
192.168.10.13 - - [03/Apr/2017:12:49:26 -0300] "GET / HTTP/1.1" 200 11217
186.79.237.79 - - [03/Apr/2017:12:49:27 -0300] "GET /cormun/servlet/solicitudotadjuntos?8dea9147ac53e35bdc62688367b149dafde3931dbd2b6f3901b114439ae7603d,gx-no-cache=1491238230955 HTTP/1.1" 200 30
186.79.237.79 - - [03/Apr/2017:12:49:27 -0300] "GET /cormun/servlet/solicitudotadjuntos?8dea9147ac53e35bdc62688367b149dafde3931dbd2b6f3901b114439ae7603d,gx-no-cache=1491238231087 HTTP/1.1" 200 30
186.103.159.204 - - [03/Apr/2017:12:49:27 -0300] "GET /cormun/servlet/solicitudot?db802a2e9924a104ce8051628bd57b178a08d7f2cb972ea1442efbe200437fa311bded9ce97b1540bb1be7bd93988ac5,gx-no-cache=1491234633622 HTTP/1.1" 200 30
186.103.159.204 - - [03/Apr/2017:12:49:27 -0300] "POST /cormun/servlet/solicitudot?gx-no-cache=1491234633721 HTTP/1.1" 200 255
186.103.159.204 - - [03/Apr/2017:12:49:28 -0300] "GET /cormun/servlet/solicitudot?db802a2e9924a104ce8051628bd57b1762ab9faac681d5bce72a0cd8439e5d76c48c5bf7030fb71e9a4257797c0d1b5e2a276ad676db2aafcb415a5764693e86d64a220090c66fb7b97889004a619ad68f9ac8596ef5c00ff646b972ccef3e607ac5c95d324296ebaf628c975f3266ab99f8421bd3b1d4cdd09f2da4300aeebb2f5a0b9c91da5191a43132dcc6188f75b22ac78eba33909f1c84e37b1a00ee1ea549a377f6bc4c3e00411304fd9eba085799c4690390b0659b2195ec99e20df94b706485e9c2a949adc37c72ebdfd26ee42b4dc462df6a412b859e5276055c09c86981d9a3b2cef97a9c92a2092856ee8f0a0b1740b552afff233f634f22196944ceb404872b3c25b021b3c342550dc75f887d2fdcaec15395d1e749a885bba58f7bf888bf30bcf2257230227e4c87a8caf1619d80964df26ac627a1bc273109299367354c4533da2d8f9b02df632c229ce4246c6003ef9b5c9e483ee111043ae8862532e942a5aa4fbb6f9b75cceaa64e678d85aeaaf21c9be9e856ca802666,gx-no-cache=1491234633818 HTTP/1.1" 200 30
186.103.159.204 - - [03/Apr/2017:12:49:32 -0300] "POST /cormun/servlet/solicitudot?gx-no-cache=1491234638409 HTTP/1.1" 200 30
186.103.159.204 - - [03/Apr/2017:12:49:34 -0300] "GET /cormun/servlet/prsolicitudot?18465567,,,,,MD,,gxPopupLevel%3D0%3B HTTP/1.1" 200 5940
186.103.159.204 - - [03/Apr/2017:12:49:37 -0300] "POST /cormun/servlet/solicitudot?gx-no-cache=1491234642949 HTTP/1.1" 200 1291
186.103.159.204 - - [03/Apr/2017:12:49:37 -0300] "POST /cormun/servlet/solicitudot?gx-no-cache=1491234643125 HTTP/1.1" 200 38
186.103.159.204 - - [03/Apr/2017:12:49:37 -0300] "GET /cormun/servlet/solicitudot?db802a2e9924a104ce8051628bd57b172f9014c059d70b51d65a40d7fe969388260a7402cd6d4e555ea3ee29b8d99dcd518258b1a2563aaeb73f236c47be82e65c1ca3772e761d3acf58ac5a37bef2a017feb7bd181566dfcb77eba8d596bce1823eac59844cd063c9c4ea2de383e7db702b91e48687b525d03daf6274eeb762f94a3be36b0f30713d3fcc19cb0bce69a66f037b36025e09d6c18739a7d931a2,gx-no-cache=1491234643222 HTTP/1.1" 200 29
186.103.159.204 - - [03/Apr/2017:12:49:37 -0300] "POST /cormun/servlet/solicitudot?gx-no-cache=1491234643266 HTTP/1.1" 200 1275
186.103.159.204 - - [03/Apr/2017:12:49:37 -0300] "POST /cormun/servlet/solicitudot?gx-no-cache=1491234643367 HTTP/1.1" 200 1157
186.79.237.79 - - [03/Apr/2017:12:49:38 -0300] "POST /cormun/servlet/solicitudotadjuntos?d23ba4408c8888f4588b3da82e3c8613,INS,2017,5841,,1, HTTP/1.1" 200 116
186.79.237.79 - - [03/Apr/2017:12:49:38 -0300] "GET /cormun/servlet/hpexe_return? HTTP/1.1" 200 1018
186.79.237.79 - - [03/Apr/2017:12:49:38 -0300] "GET /cormun/servlet/trsolicitudadjuntos?2017,5841, HTTP/1.1" 200 8451
186.79.237.79 - - [03/Apr/2017:12:49:39 -0300] "GET /cormun/servlet/trsolicitudadjuntos?2017,5841, HTTP/1.1" 200 8448
186.79.237.79 - - [03/Apr/2017:12:49:47 -0300] "GET /cormun/servlet/solicitudotadjuntos?INS,2017,5841,,1, HTTP/1.1" 200 6002
186.79.237.79 - - [03/Apr/2017:12:49:47 -0300] "GET /cormun/static/about:blank HTTP/1.1" 404 1011
186.79.237.79 - - [03/Apr/2017:12:49:48 -0300] "GET /cormun/servlet/solicitudotadjuntos?INS,2017,5841,,1, HTTP/1.1" 200 5996
186.79.237.79 - - [03/Apr/2017:12:49:48 -0300] "GET /cormun/servlet/solicitudotadjuntos?8dea9147ac53e35bdc62688367b149daf34b853d7108987d9f501b33cc112a43278e15279c7da69fc1a52aaa5300e8a8,gx-no-cache=1491238252082 HTTP/1.1" 200 30
186.79.237.79 - - [03/Apr/2017:12:49:49 -0300] "POST /cormun/servlet/solicitudotadjuntos?d23ba4408c8888f4588b3da82e3c8613,INS,2017,5841,,1,,gx-no-cache=1491238252481 HTTP/1.1" 200 3830
186.79.237.79 - - [03/Apr/2017:12:49:57 -0300] "POST /cormun/servlet/solicitudotadjuntos?gx-no-cache=1491238260796 HTTP/1.1" 200 26
186.79.237.79 - - [03/Apr/2017:12:50:08 -0300] "GET /cormun/servlet/solicitudotadjuntos?8dea9147ac53e35bdc62688367b149dafde3931dbd2b6f3901b114439ae7603d,gx-no-cache=1491238271985 HTTP/1.1" 200 30
186.79.237.79 - - [03/Apr/2017:12:50:08 -0300] "GET /cormun/servlet/solicitudotadjuntos?8dea9147ac53e35bdc62688367b149dafde3931dbd2b6f3901b114439ae7603d,gx-no-cache=1491238272069 HTTP/1.1" 200 30
186.79.237.79 - - [03/Apr/2017:12:50:12 -0300] "POST /cormun/servlet/solicitudotadjuntos?d23ba4408c8888f4588b3da82e3c8613,INS,2017,5841,,1, HTTP/1.1" 200 116
186.79.237.79 - - [03/Apr/2017:12:50:13 -0300] "GET /cormun/servlet/hpexe_return? HTTP/1.1" 200 1018
186.79.237.79 - - [03/Apr/2017:12:50:13 -0300] "GET /cormun/servlet/trsolicitudadjuntos?2017,5841, HTTP/1.1" 200 8624
186.79.237.79 - - [03/Apr/2017:12:50:14 -0300] "GET /cormun/servlet/trsolicitudadjuntos?2017,5841, HTTP/1.1" 200 8624
186.79.237.79 - - [03/Apr/2017:12:50:17 -0300] "GET /cormun/servlet/solicitudotadjuntos?INS,2017,5841,,1, HTTP/1.1" 200 6002
186.79.237.79 - - [03/Apr/2017:12:50:18 -0300] "GET /cormun/static/about:blank HTTP/1.1" 404 1011
186.79.237.79 - - [03/Apr/2017:12:50:18 -0300] "GET /cormun/servlet/solicitudotadjuntos?INS,2017,5841,,1, HTTP/1.1" 200 5996
186.79.237.79 - - [03/Apr/2017:12:50:19 -0300] "GET /cormun/servlet/solicitudotadjuntos?8dea9147ac53e35bdc62688367b149daf34b853d7108987d9f501b33cc112a43278e15279c7da69fc1a52aaa5300e8a8,gx-no-cache=1491238282414 HTTP/1.1" 200 30
186.79.237.79 - - [03/Apr/2017:12:50:19 -0300] "POST /cormun/servlet/solicitudotadjuntos?d23ba4408c8888f4588b3da82e3c8613,INS,2017,5841,,1,,gx-no-cache=1491238282543 HTTP/1.1" 200 3830
192.168.10.13 - - [03/Apr/2017:12:50:26 -0300] "GET / HTTP/1.1" 200 11217
186.79.237.79 - - [03/Apr/2017:12:50:29 -0300] "POST /cormun/servlet/solicitudotadjuntos?gx-no-cache=1491238293024 HTTP/1.1" 200 26
186.79.237.79 - - [03/Apr/2017:12:50:43 -0300] "GET /cormun/servlet/solicitudotadjuntos?8dea9147ac53e35bdc62688367b149dafde3931dbd2b6f3901b114439ae7603d,gx-no-cache=1491238306745 HTTP/1.1" 200 30
186.79.237.79 - - [03/Apr/2017:12:50:44 -0300] "GET /cormun/servlet/solicitudotadjuntos?8dea9147ac53e35bdc62688367b149dafde3931dbd2b6f3901b114439ae7603d,gx-no-cache=1491238307003 HTTP/1.1" 200 30
186.79.237.79 - - [03/Apr/2017:12:50:53 -0300] "POST /cormun/servlet/solicitudotadjuntos?d23ba4408c8888f4588b3da82e3c8613,INS,2017,5841,,1, HTTP/1.1" 200 116
186.79.237.79 - - [03/Apr/2017:12:50:53 -0300] "GET /cormun/servlet/hpexe_return? HTTP/1.1" 200 1018
186.79.237.79 - - [03/Apr/2017:12:50:53 -0300] "GET /cormun/servlet/trsolicitudadjuntos?2017,5841, HTTP/1.1" 200 8772
186.79.237.79 - - [03/Apr/2017:12:50:54 -0300] "GET /cormun/servlet/trsolicitudadjuntos?2017,5841, HTTP/1.1" 200 8770
186.79.237.79 - - [03/Apr/2017:12:50:59 -0300] "GET /cormun/servlet/solicitudotadjuntos?INS,2017,5841,,1, HTTP/1.1" 200 6003
186.79.237.79 - - [03/Apr/2017:12:50:59 -0300] "GET /cormun/static/about:blank HTTP/1.1" 404 1011
186.79.237.79 - - [03/Apr/2017:12:51:00 -0300] "GET /cormun/servlet/solicitudotadjuntos?INS,2017,5841,,1, HTTP/1.1" 200 5997
186.79.237.79 - - [03/Apr/2017:12:51:01 -0300] "GET /cormun/servlet/solicitudotadjuntos?8dea9147ac53e35bdc62688367b149daf34b853d7108987d9f501b33cc112a43278e15279c7da69fc1a52aaa5300e8a8,gx-no-cache=1491238323994 HTTP/1.1" 200 30
186.103.159.187 - - [03/Apr/2017:12:51:02 -0300] "GET /cormun/servlet/solicitudot?d8c2fec3f7c8560e17b8397083e79af2362a00a5641b973fa059c3a13114383cf8da65370554397fcb73ce338aa279e1,gx-no-cache=1491234729452 HTTP/1.1" 200 30
186.79.237.79 - - [03/Apr/2017:12:51:02 -0300] "POST /cormun/servlet/solicitudotadjuntos?d23ba4408c8888f4588b3da82e3c8613,INS,2017,5841,,1,,gx-no-cache=1491238325326 HTTP/1.1" 200 3830
186.103.159.187 - - [03/Apr/2017:12:51:03 -0300] "POST /cormun/servlet/solicitudot?gx-no-cache=1491234729549 HTTP/1.1" 200 255
186.103.159.187 - - [03/Apr/2017:12:51:06 -0300] "GET /cormun/servlet/solicitudot?d8c2fec3f7c8560e17b8397083e79af2387bb713882a08d7a79a31447b79774ffacb29f4eff47c6eaa5d3e03f490cebc024f10c2432c3c24e90d44b15f4354cd7cdee9f9145a5e4f2ad543b819f75b398287d41315f11a552ae8ecf2126350cd4997f27b8854a78f074bed651377d8ed850bb0fe36d5c649cf8479e61392970f2dc1669cde9132b06e417f80baad9af0fd034627061fec5daa8d23009d91e63cd790e03989d1fe6a493a32f10956b8ec4dc4570c531af2c84a2623456da53132b0dcf171a4c80fde12dbbde2bf2d27512275f0dc2c9284c1cdcde07c1f27a8b15fd5bc5e44895d9f9e5c823c7b8fb9fb1ff61eed1e388d460c81a48895e0808b7cf808e0b7d0e4b74947d78dc9718ec876b38fbe7d6531c83849bf5061f585157816385a4ef86ee31bfd680b47709adf07bce9aabcd273e824f2b95bab80ec738cd6b4249bedd3356999db6bb74d07c1a8988decfd255d3c8141ad77807923ff19d3e17a36a024f0280df4f455b607ad48fa2edb8ddfccf1e9642943e7873a98,gx-no-cache=1491234729991 HTTP/1.1" 200 30
186.103.159.187 - - [03/Apr/2017:12:51:06 -0300] "POST /cormun/servlet/solicitudot?gx-no-cache=1491234732845 HTTP/1.1" 200 30
186.103.159.187 - - [03/Apr/2017:12:51:06 -0300] "POST /cormun/servlet/solicitudot?gx-no-cache=1491234732958 HTTP/1.1" 200 235
186.103.159.187 - - [03/Apr/2017:12:51:06 -0300] "POST /cormun/servlet/solicitudot?gx-no-cache=1491234733033 HTTP/1.1" 200 38
186.79.237.79 - - [03/Apr/2017:12:51:12 -0300] "POST /cormun/servlet/solicitudotadjuntos?gx-no-cache=1491238335415 HTTP/1.1" 200 26
186.103.159.204 - - [03/Apr/2017:12:51:13 -0300] "POST /cormun/servlet/solicitudot?gx-no-cache=1491234739074 HTTP/1.1" 200 1273
186.103.159.204 - - [03/Apr/2017:12:51:13 -0300] "POST /cormun/servlet/solicitudot?gx-no-cache=1491234739230 HTTP/1.1" 200 1157
186.79.237.79 - - [03/Apr/2017:12:51:20 -0300] "GET /cormun/servlet/solicitudotadjuntos?8dea9147ac53e35bdc62688367b149dafde3931dbd2b6f3901b114439ae7603d,gx-no-cache=1491238343736 HTTP/1.1" 200 30
186.79.237.79 - - [03/Apr/2017:12:51:20 -0300] "GET /cormun/servlet/solicitudotadjuntos?8dea9147ac53e35bdc62688367b149dafde3931dbd2b6f3901b114439ae7603d,gx-no-cache=1491238343851 HTTP/1.1" 200 30
186.103.159.204 - - [03/Apr/2017:12:51:22 -0300] "GET /cormun/servlet/solicitudot?db802a2e9924a104ce8051628bd57b17961d66b098b01bec67312d17d54e078e5bf75a9f8a8a563086ce23c2ac25772de5264df09ab91eeca4ceefa98f14ab0df980965c5318c00e664401425c7a900f73cebeb0437c9c33422d26639324935600d618ca3d44c270d5d061f8300bb4962adbb42d035b38fbd201d5baba8c5d3078568a2484fc0fcbcef64596834d19010121608658e4b8c6d2650b700a13b6dcb027a336af9569533e0129c6d5f6b6d7,gx-no-cache=1491234747870 HTTP/1.1" 200 30
186.79.237.79 - - [03/Apr/2017:12:51:25 -0300] "POST /cormun/servlet/solicitudotadjuntos?d23ba4408c8888f4588b3da82e3c8613,INS,2017,5841,,1, HTTP/1.1" 200 116
186.79.237.79 - - [03/Apr/2017:12:51:25 -0300] "GET /cormun/servlet/hpexe_return? HTTP/1.1" 200 1018
192.168.10.13 - - [03/Apr/2017:12:51:26 -0300] "GET / HTTP/1.1" 200 11217
186.79.237.79 - - [03/Apr/2017:12:51:26 -0300] "GET /cormun/servlet/trsolicitudadjuntos?2017,5841, HTTP/1.1" 200 8981
186.79.237.79 - - [03/Apr/2017:12:51:27 -0300] "GET /cormun/servlet/trsolicitudadjuntos?2017,5841, HTTP/1.1" 200 8979
186.103.159.204 - - [03/Apr/2017:12:51:40 -0300] "POST /cormun/servlet/solicitudot?b5fb5a0f1227825edb5b16eb3bc92c8d,INS,0,0,,gx-no-cache=1491234766165 HTTP/1.1" 200 93
186.103.159.204 - - [03/Apr/2017:12:51:40 -0300] "GET /cormun/servlet/hpexe_return? HTTP/1.1" 200 1012
186.103.159.204 - - [03/Apr/2017:12:51:41 -0300] "GET /cormun/servlet/trsolicitudot HTTP/1.1" 200 8663
186.103.159.204 - - [03/Apr/2017:12:51:42 -0300] "GET /cormun/servlet/trsolicitudot HTTP/1.1" 200 8658
186.103.159.182 - - [03/Apr/2017:12:51:48 -0300] "GET /cormun/servlet/trlicencias? HTTP/1.1" 200 5979
186.103.159.182 - - [03/Apr/2017:12:51:50 -0300] "GET /cormun/servlet/trlicencias? HTTP/1.1" 200 5972
186.103.159.182 - - [03/Apr/2017:12:51:50 -0300] "GET /cormun/servlet/hlogin HTTP/1.1" 200 1739
186.103.159.182 - - [03/Apr/2017:12:51:52 -0300] "POST /cormun/servlet/hlogin?8ffafb50c095ed685f9cc3d604c077c5,gx-no-cache=1491234779401 HTTP/1.1" 200 90
186.103.159.182 - - [03/Apr/2017:12:51:52 -0300] "GET /cormun/servlet/hpexe_link HTTP/1.1" 200 958
186.103.159.182 - - [03/Apr/2017:12:51:53 -0300] "GET /cormun/servlet/trlicencias HTTP/1.1" 200 6741
186.103.159.204 - - [03/Apr/2017:12:51:54 -0300] "POST /cormun/servlet/trsolicitudot?b5fb5a0f1227825edb5b16eb3bc92c8d,gx-no-cache=1491234779725 HTTP/1.1" 200 5507
186.103.159.204 - - [03/Apr/2017:12:51:54 -0300] "GET /cormun/static/Shared/jqueryui/images/ui-bg_highlight-soft_100_c6c2c8_1x100.png HTTP/1.1" 404 1117
186.103.159.204 - - [03/Apr/2017:12:51:54 -0300] "GET /cormun/static/Shared/jqueryui/images/ui-icons_82798d_256x240.png HTTP/1.1" 404 1089
186.103.159.187 - - [03/Apr/2017:12:51:54 -0300] "POST /cormun/servlet/solicitudot?gx-no-cache=1491234780922 HTTP/1.1" 200 30
186.103.159.204 - - [03/Apr/2017:12:51:54 -0300] "GET /cormun/static/Shared/jqueryui/images/ui-bg_flat_55_fafafa_40x100.png HTTP/1.1" 404 1097
186.103.159.204 - - [03/Apr/2017:12:51:54 -0300] "GET /cormun/static/Shared/jqueryui/images/ui-icons_8d78a5_256x240.png HTTP/1.1" 404 1089
186.103.159.204 - - [03/Apr/2017:12:51:54 -0300] "POST /cormun/servlet/trsolicitudot?b5fb5a0f1227825edb5b16eb3bc92c8d,gx-no-cache=1491234780112 HTTP/1.1" 200 5448
186.103.159.182 - - [03/Apr/2017:12:51:54 -0300] "GET /cormun/servlet/trlicencias HTTP/1.1" 200 6739
186.79.237.79 - - [03/Apr/2017:12:51:54 -0300] "GET /cormun/servlet/solicitudotadjuntos?INS,2017,5841,,1, HTTP/1.1" 200 6003
186.79.237.79 - - [03/Apr/2017:12:51:55 -0300] "GET /cormun/static/about:blank HTTP/1.1" 404 1011
186.79.237.79 - - [03/Apr/2017:12:51:55 -0300] "GET /cormun/servlet/solicitudotadjuntos?INS,2017,5841,,1, HTTP/1.1" 200 5997
186.79.237.79 - - [03/Apr/2017:12:51:56 -0300] "GET /cormun/servlet/solicitudotadjuntos?8dea9147ac53e35bdc62688367b149daf34b853d7108987d9f501b33cc112a43278e15279c7da69fc1a52aaa5300e8a8,gx-no-cache=1491238379532 HTTP/1.1" 200 30
186.103.159.187 - - [03/Apr/2017:12:51:57 -0300] "GET /cormun/servlet/prcontratosol?18597010,,,,,MD,,gxPopupLevel%3D0%3B HTTP/1.1" 200 5558
186.103.159.187 - - [03/Apr/2017:12:51:57 -0300] "GET /cormun/static/gxcfg.js?201731711522183 HTTP/1.1" 200 953
186.103.159.204 - - [03/Apr/2017:12:51:57 -0300] "POST /cormun/servlet/trsolicitudot?b5fb5a0f1227825edb5b16eb3bc92c8d,gx-no-cache=1491234782421 HTTP/1.1" 200 4371
186.103.159.187 - - [03/Apr/2017:12:51:57 -0300] "GET /cormun/static/prcontratosol.js?201731711522419 HTTP/1.1" 304 -
186.79.237.79 - - [03/Apr/2017:12:51:57 -0300] "POST /cormun/servlet/solicitudotadjuntos?d23ba4408c8888f4588b3da82e3c8613,INS,2017,5841,,1,,gx-no-cache=1491238380187 HTTP/1.1" 200 3831
186.103.159.204 - - [03/Apr/2017:12:51:57 -0300] "POST /cormun/servlet/trsolicitudot?b5fb5a0f1227825edb5b16eb3bc92c8d,gx-no-cache=1491234783226 HTTP/1.1" 200 4130
186.103.156.211 - - [03/Apr/2017:12:51:57 -0300] "GET /cormun/servlet/licenciaspermisos?INS,0,,, HTTP/1.1" 200 7235
186.103.156.211 - - [03/Apr/2017:12:51:58 -0300] "GET /cormun/servlet/licenciaspermisos?INS,0,,, HTTP/1.1" 200 7235
186.103.159.182 - - [03/Apr/2017:12:52:00 -0300] "GET /cormun/servlet/licenciaspermisos?INS,0,,, HTTP/1.1" 200 7460
186.103.159.182 - - [03/Apr/2017:12:52:00 -0300] "GET /cormun/static/gxcfg.js?20173291150977 HTTP/1.1" 304 -
186.103.159.182 - - [03/Apr/2017:12:52:00 -0300] "GET /cormun/static/licenciaspermisos.js?201732911501028 HTTP/1.1" 304 -
186.79.237.79 - - [03/Apr/2017:12:52:02 -0300] "POST /cormun/servlet/solicitudotadjuntos?gx-no-cache=1491238384383 HTTP/1.1" 200 26
186.103.159.182 - - [03/Apr/2017:12:52:02 -0300] "GET /cormun/servlet/licenciaspermisos?INS,0,,, HTTP/1.1" 200 7468
186.103.159.204 - - [03/Apr/2017:12:52:03 -0300] "GET /cormun/servlet/trautorizarsolicitud? HTTP/1.1" 200 8609
186.103.159.204 - - [03/Apr/2017:12:52:03 -0300] "GET /cormun/static/gxcfg.js?2017259112829 HTTP/1.1" 200 953
186.103.159.204 - - [03/Apr/2017:12:52:03 -0300] "GET /cormun/static/trautorizarsolicitud.js?2017259113483 HTTP/1.1" 304 -
186.103.159.204 - - [03/Apr/2017:12:52:04 -0300] "GET /cormun/servlet/trautorizarsolicitud? HTTP/1.1" 200 8608
186.103.159.204 - - [03/Apr/2017:12:52:11 -0300] "POST /cormun/servlet/trautorizarsolicitud?b5fb5a0f1227825edb5b16eb3bc92c8d,,gx-no-cache=1491234796799 HTTP/1.1" 200 5464
186.103.159.204 - - [03/Apr/2017:12:52:11 -0300] "GET /cormun/static/Shared/jqueryui/images/ui-icons_82798d_256x240.png HTTP/1.1" 404 1089
186.103.159.204 - - [03/Apr/2017:12:52:11 -0300] "GET /cormun/static/Shared/jqueryui/images/ui-bg_flat_55_fafafa_40x100.png HTTP/1.1" 404 1097
186.103.159.204 - - [03/Apr/2017:12:52:11 -0300] "GET /cormun/static/Shared/jqueryui/images/ui-bg_highlight-soft_100_c6c2c8_1x100.png HTTP/1.1" 404 1117
186.103.159.204 - - [03/Apr/2017:12:52:11 -0300] "GET /cormun/static/Shared/jqueryui/images/ui-icons_8d78a5_256x240.png HTTP/1.1" 404 1089
186.103.159.204 - - [03/Apr/2017:12:52:11 -0300] "POST /cormun/servlet/trautorizarsolicitud?b5fb5a0f1227825edb5b16eb3bc92c8d,,gx-no-cache=1491234797159 HTTP/1.1" 200 5409
186.103.156.166 - - [03/Apr/2017:12:52:12 -0300] "GET /cormun/servlet/trpermisosadjuntos?11364742,20170403134119,P, HTTP/1.1" 200 6025
186.103.156.166 - - [03/Apr/2017:12:52:12 -0300] "GET /cormun/static/gxcfg.js?201731711542659 HTTP/1.1" 304 -
186.103.156.166 - - [03/Apr/2017:12:52:12 -0300] "GET /cormun/static/trpermisosadjuntos.js?201731711542990 HTTP/1.1" 304 -
186.103.156.166 - - [03/Apr/2017:12:52:13 -0300] "GET /cormun/servlet/trpermisosadjuntos?11364742,20170403134119,P, HTTP/1.1" 200 6025
186.79.237.79 - - [03/Apr/2017:12:52:14 -0300] "GET /cormun/servlet/solicitudotadjuntos?8dea9147ac53e35bdc62688367b149dafde3931dbd2b6f3901b114439ae7603d,gx-no-cache=1491238397921 HTTP/1.1" 200 30
186.79.237.79 - - [03/Apr/2017:12:52:14 -0300] "GET /cormun/servlet/solicitudotadjuntos?8dea9147ac53e35bdc62688367b149dafde3931dbd2b6f3901b114439ae7603d,gx-no-cache=1491238398020 HTTP/1.1" 200 30
186.103.159.204 - - [03/Apr/2017:12:52:15 -0300] "POST /cormun/servlet/trautorizarsolicitud?b5fb5a0f1227825edb5b16eb3bc92c8d,,gx-no-cache=1491234800432 HTTP/1.1" 200 4333
186.103.159.204 - - [03/Apr/2017:12:52:15 -0300] "POST /cormun/servlet/trautorizarsolicitud?b5fb5a0f1227825edb5b16eb3bc92c8d,,gx-no-cache=1491234801420 HTTP/1.1" 200 4108
186.79.237.79 - - [03/Apr/2017:12:52:20 -0300] "POST /cormun/servlet/solicitudotadjuntos?d23ba4408c8888f4588b3da82e3c8613,INS,2017,5841,,1, HTTP/1.1" 200 116
186.79.237.79 - - [03/Apr/2017:12:52:20 -0300] "GET /cormun/servlet/hpexe_return? HTTP/1.1" 200 1018
186.79.237.79 - - [03/Apr/2017:12:52:21 -0300] "GET /cormun/servlet/trsolicitudadjuntos?2017,5841, HTTP/1.1" 200 9194
186.79.237.79 - - [03/Apr/2017:12:52:22 -0300] "GET /cormun/servlet/trsolicitudadjuntos?2017,5841, HTTP/1.1" 200 9194
192.168.10.13 - - [03/Apr/2017:12:52:26 -0300] "GET / HTTP/1.1" 200 11217
186.103.156.166 - - [03/Apr/2017:12:52:29 -0300] "GET /cormun/servlet/permisosadjuntos?INS,11364742,P,20170403134119,, HTTP/1.1" 200 5354
186.103.159.204 - - [03/Apr/2017:12:52:30 -0300] "GET /cormun/servlet/trsolicitudot? HTTP/1.1" 200 6962
186.103.156.166 - - [03/Apr/2017:12:52:30 -0300] "GET /cormun/static/Resources/Spanish/PXTools.css?18365030 HTTP/1.1" 304 -
186.103.156.166 - - [03/Apr/2017:12:52:30 -0300] "GET /cormun/static/permisosadjuntos.js?2016122813135797 HTTP/1.1" 304 -
186.103.156.166 - - [03/Apr/2017:12:52:31 -0300] "GET /cormun/static/gxcfg.js?2016122813135788 HTTP/1.1" 200 953
186.103.156.166 - - [03/Apr/2017:12:52:31 -0300] "GET /cormun/static/about:blank HTTP/1.1" 404 1011
186.103.159.204 - - [03/Apr/2017:12:52:31 -0300] "GET /cormun/servlet/trsolicitudot? HTTP/1.1" 200 6962
186.103.156.166 - - [03/Apr/2017:12:52:31 -0300] "GET /cormun/servlet/permisosadjuntos?INS,11364742,P,20170403134119,, HTTP/1.1" 200 5345
186.79.31.194 - - [03/Apr/2017:12:52:36 -0300] "GET /cormun/servlet/hlogin HTTP/1.1" 200 1721
186.103.156.211 - - [03/Apr/2017:12:52:38 -0300] "GET /cormun/servlet/trlicencias? HTTP/1.1" 200 6854
186.103.156.211 - - [03/Apr/2017:12:52:38 -0300] "GET /cormun/servlet/trlicencias? HTTP/1.1" 200 6852
186.103.156.211 - - [03/Apr/2017:12:52:41 -0300] "GET /cormun/servlet/licenciaspermisos?INS,0,,, HTTP/1.1" 200 7235
186.103.156.211 - - [03/Apr/2017:12:52:41 -0300] "GET /cormun/servlet/licenciaspermisos?INS,0,,, HTTP/1.1" 200 7235
186.79.31.194 - - [03/Apr/2017:12:52:45 -0300] "POST /cormun/servlet/hlogin?d8d183ac5e6ce77891954dfb635f56eb,gx-no-cache=1491234829490 HTTP/1.1" 200 90
186.79.31.194 - - [03/Apr/2017:12:52:45 -0300] "GET /cormun/servlet/hpexe_link HTTP/1.1" 200 950
186.79.31.194 - - [03/Apr/2017:12:52:45 -0300] "GET /cormun/servlet/hhome HTTP/1.1" 200 3989
186.79.31.194 - - [03/Apr/2017:12:52:47 -0300] "GET /cormun/servlet/hhome HTTP/1.1" 200 3985
186.79.31.194 - - [03/Apr/2017:12:52:49 -0300] "GET /cormun/servlet/trsolicitudot? HTTP/1.1" 200 6961
186.79.31.194 - - [03/Apr/2017:12:52:50 -0300] "GET /cormun/static/gxcfg.js?201731711505139 HTTP/1.1" 304 -
186.79.31.194 - - [03/Apr/2017:12:52:50 -0300] "GET /cormun/static/trsolicitudot.js?20173171151116 HTTP/1.1" 304 -
186.79.31.194 - - [03/Apr/2017:12:52:50 -0300] "GET /cormun/servlet/trsolicitudot? HTTP/1.1" 200 6960
186.79.237.79 - - [03/Apr/2017:12:52:52 -0300] "GET /cormun/servlet/trsolicitudot? HTTP/1.1" 200 8242
186.79.237.79 - - [03/Apr/2017:12:52:54 -0300] "GET /cormun/servlet/trsolicitudot? HTTP/1.1" 200 8235
186.79.31.194 - - [03/Apr/2017:12:52:54 -0300] "GET /cormun/servlet/solicitudot?INS,0,0, HTTP/1.1" 200 12786
