186.103.159.46 - - [03/Apr/2017:10:40:00 -0300] "GET /cormun/servlet/trpermisosgoce HTTP/1.1" 200 12208
186.103.159.46 - - [03/Apr/2017:10:40:02 -0300] "GET /cormun/servlet/trpermisosgoce HTTP/1.1" 200 12209
192.168.10.89 - - [03/Apr/2017:10:40:04 -0300] "GET /cormun/servlet/solicitudgral?UPD,2017,5825, HTTP/1.1" 200 12224
186.103.159.46 - - [03/Apr/2017:10:40:04 -0300] "GET /cormun/servlet/permisogoce?UPD,11756419,P,20170403112433, HTTP/1.1" 200 6633
192.168.10.96 - - [03/Apr/2017:10:40:05 -0300] "GET /cormun/servlet/trsolicitudot? HTTP/1.1" 200 6982
192.168.10.96 - - [03/Apr/2017:10:40:06 -0300] "GET /cormun/servlet/trsolicitudot? HTTP/1.1" 200 6981
186.103.159.46 - - [03/Apr/2017:10:40:06 -0300] "GET /cormun/servlet/permisogoce?UPD,11756419,P,20170403112433, HTTP/1.1" 200 6633
192.168.10.89 - - [03/Apr/2017:10:40:06 -0300] "POST /cormun/servlet/solicitudgral?gx-no-cache=1491230083445 HTTP/1.1" 200 3166
192.168.10.89 - - [03/Apr/2017:10:40:06 -0300] "GET /cormun/servlet/solicitudgral?c5c1bc5753a6bf032c85100d59f8210a947a74fe54649c0971e7cbc171032d1990c24dc60011191010508b1f34fc46fbd2ea014ec1faef50d195f1cc2a77dbb5f8265592ad081eaa6f4c7aeea5f78b85316a6cc281ac6c4a9897dbd448645686d33354ace88b31c2cfd8546d51c5f6a27b27f8f0cdd78ddda15ad9d4473c4e8b0514c52a2a69c65ed1d5700ada26786d2ca3a554a0c4fd4563dd71e3bedc02a01667b5220fd8e610251bd6a237aef41699433ce5ffe9c441a75b4e346aa5933e8c8165526f8a0a64507c5f21d2ae33adf3e2247ce6da16194aaa3d2266a96e51e323b78f403d5e0d8fe5a76f658d55cdfa716bbed0cf5ae05cdd4420e5acb86ba3a18626c750d5d1208684910d6e45123d1d771e5f5194cf5973e2ff732caaa1cc912d8144e8b5bbd91263e1ad58ff487c51b9ccdf753d54a55a1dab9d22bc7ce6d902ba6650b6a5c421ce321fe4113e,gx-no-cache=1491230083638 HTTP/1.1" 200 257
186.103.159.46 - - [03/Apr/2017:10:40:06 -0300] "GET /cormun/servlet/permisogoce?40d0ca9ce5b937fd5a7c374ecd49213d4fec35499fb27a17beae99005467b0ebd87da8883620f331561c13e38edbf570,gx-no-cache=1491226873012 HTTP/1.1" 200 80
192.168.10.89 - - [03/Apr/2017:10:40:07 -0300] "GET /cormun/servlet/solicitudgral?c5c1bc5753a6bf032c85100d59f8210ace27e69e5f470a3185f80d36afdfd7fb57ab13ae907fcc03197d847b7795ec65e338ee0c95c09ec235b9a3099427decc71a742826228ef1a6f443694e98efe5e6d1de930884978a44b9a2002f8d4856055ddb3e8077fd1025f96925692ffbdeb271d231d595774a51a446cfb9755b97313b9a39c740f0a4190d8b8b019bc1b26a3a71d18b00bf8c6913db69f710c33127895bdf88deea78801de0dc9a2de8f5c8c8165526f8a0a64507c5f21d2ae33ad3eabccaafa95ecde91f4a193a39922c611e3f3a697775450fd885a6d885e286c03f567a1ad2ab8477234cc9138d631ce148ffee9854e36e57ab60452bc59bed6cb0985cb965a1e29b36c708d90a11234b6768d24c32a50afdc19e2c895c4526856dfb8d9fd3c70b048374a4ee1b73e9817255db8883aa1cbd315113003cb542f5c8c6b6d9e0c53342e63958f5e29d5617492c5c423b2d46b30981c12ab701abad110e027b541823c162be65964ede767be7182e13ccd84c05ebf86a413ba4b091794dd735fd338490241d42d9ce402cdc11bc9cf83f6c685bd2b2b745f813a415ae001371c9b76745a12ae3163d0b0c2ef64841af7a1722c9de0b3028191bf9643261887ed6ae2d0d71aa417dc14692b5e47a036a30b426f9f5c6fc587ba85db5ce0bbe26bd2d8b40375ba15804ffbdec11bc9cf83f6c685bd2b2b745f813a41a357963f722d47be738abdfb34b486a5b356677a90c351fc9b049a66dfe215c9f22df213a5c931f56ecd103fecb1242d,gx-no-cache=1491230084686 HTTP/1.1" 200 48
192.168.10.89 - - [03/Apr/2017:10:40:07 -0300] "POST /cormun/servlet/solicitudgral?4d8e98b165bdebde4c04b7101f291737,UPD,2017,5825,,gx-no-cache=1491230084716 HTTP/1.1" 200 10588
192.168.10.96 - - [03/Apr/2017:10:40:07 -0300] "GET /cormun/servlet/solicitudot?INS,0,0, HTTP/1.1" 200 12811
192.168.10.89 - - [03/Apr/2017:10:40:07 -0300] "GET /cormun/servlet/solicitudgral?c5c1bc5753a6bf032c85100d59f8210a7b7961837820d3b8e4ac30ccdeadd044fed8bff9226fc3178551821abc493e9a785625f24c4f8e3e44c46e67f355b056f0964583bca6b60eebd14e5b0e30d7fa9fe9108bb083e9bc8939d893505608cb05528eec6f64fa1acc24fb6b0cde48c9043f3bf4903f9c3049a02f93d727eb04f8bd4c6c935f34894eb3afd711794476cb765d30e1bb556fae04242ca1c06f8f,gx-no-cache=1491230084962 HTTP/1.1" 200 29
192.168.10.89 - - [03/Apr/2017:10:40:07 -0300] "POST /cormun/servlet/solicitudgral?gx-no-cache=1491230084983 HTTP/1.1" 200 1250
192.168.10.89 - - [03/Apr/2017:10:40:07 -0300] "POST /cormun/servlet/solicitudgral?gx-no-cache=1491230085021 HTTP/1.1" 200 1154
192.168.10.96 - - [03/Apr/2017:10:40:08 -0300] "GET /cormun/servlet/solicitudot?INS,0,0, HTTP/1.1" 200 12816
192.168.10.96 - - [03/Apr/2017:10:40:09 -0300] "GET /cormun/servlet/prfichaempleado?,MD,,gxPopupLevel%3D0%3B HTTP/1.1" 200 8840
186.103.159.46 - - [03/Apr/2017:10:40:14 -0300] "GET /cormun/servlet/permisogoce?40d0ca9ce5b937fd5a7c374ecd49213d50e19a92b9a6d238a4ff727afb9be3d00c209c57138cf32ec0be3f22f4c8265db558ee1ec4b8dfd3cd45ffa8ed1f9c6ba33b69fda6fc93638274e1edacf42bdd,gx-no-cache=1491226880745 HTTP/1.1" 200 126
186.103.159.46 - - [03/Apr/2017:10:40:14 -0300] "GET /cormun/static/Shared/jqueryui/images/ui-bg_highlight-soft_100_c6c2c8_1x100.png HTTP/1.1" 404 1117
186.103.159.46 - - [03/Apr/2017:10:40:14 -0300] "GET /cormun/static/Shared/jqueryui/images/ui-icons_82798d_256x240.png HTTP/1.1" 404 1089
186.103.159.46 - - [03/Apr/2017:10:40:14 -0300] "GET /cormun/static/Shared/jqueryui/images/ui-bg_flat_55_994d53_40x100.png HTTP/1.1" 404 1097
186.103.159.46 - - [03/Apr/2017:10:40:14 -0300] "GET /cormun/static/Shared/jqueryui/images/ui-icons_ebccce_256x240.png HTTP/1.1" 404 1089
186.103.159.46 - - [03/Apr/2017:10:40:16 -0300] "GET /cormun/servlet/permisogoce?40d0ca9ce5b937fd5a7c374ecd49213d50e19a92b9a6d238a4ff727afb9be3d00c209c57138cf32ec0be3f22f4c8265db558ee1ec4b8dfd3cd45ffa8ed1f9c6ba33b69fda6fc93638274e1edacf42bdd,gx-no-cache=1491226882980 HTTP/1.1" 200 126
192.168.10.89 - - [03/Apr/2017:10:40:17 -0300] "POST /cormun/servlet/solicitudgral?4d8e98b165bdebde4c04b7101f291737,UPD,2017,5825,,gx-no-cache=1491230094687 HTTP/1.1" 200 93
192.168.10.89 - - [03/Apr/2017:10:40:17 -0300] "GET /cormun/servlet/hpexe_return? HTTP/1.1" 200 1016
192.168.10.89 - - [03/Apr/2017:10:40:19 -0300] "GET /cormun/servlet/trsolicitudgral? HTTP/1.1" 200 10052
192.168.10.96 - - [03/Apr/2017:10:40:19 -0300] "POST /cormun/servlet/prfichaempleado?fc0a6072d27d718febb888a238acdd92,,MD,,gxPopupLevel%3D0%3B,gx-no-cache=1491230096703 HTTP/1.1" 200 3406
192.168.10.96 - - [03/Apr/2017:10:40:25 -0300] "POST /cormun/servlet/solicitudot?gx-no-cache=1491230102339 HTTP/1.1" 200 3165
192.168.10.96 - - [03/Apr/2017:10:40:25 -0300] "POST /cormun/servlet/solicitudot?fc0a6072d27d718febb888a238acdd92,INS,0,0,,gx-no-cache=1491230102484 HTTP/1.1" 200 9974
192.168.10.13 - - [03/Apr/2017:10:40:26 -0300] "GET / HTTP/1.1" 200 11217
192.168.10.96 - - [03/Apr/2017:10:40:26 -0300] "GET /cormun/servlet/solicitudot?187dae3af2f3a2085008ce376660ca31b05e66c4616e5abf4d87497254f84bc8277e3373e4a459793ecad74b0c030b24,gx-no-cache=1491230103999 HTTP/1.1" 200 30
192.168.10.96 - - [03/Apr/2017:10:40:26 -0300] "POST /cormun/servlet/solicitudot?gx-no-cache=1491230104049 HTTP/1.1" 200 297
192.168.10.96 - - [03/Apr/2017:10:40:26 -0300] "GET /cormun/servlet/solicitudot?187dae3af2f3a2085008ce376660ca31e79ea9ad174a5853d7c938a005bf7b6002e2f76d76ce914cfc9afc3c0fa27cfe6f485ba5638a29e425ed268ad347bac2be46fef4e458858d6dd31212cefaa05de730b3bc222a512f829d8064b84eb327d4821f6170ed68c6b48a8f60ce01db703ea72a376f0a91935f4c2cc703537071e20e119bb98ca4a502d4390ea82c37df52445bce9980dce041aee6b7297e90a31677fdefe5982b2f0870be92c03bde03c9a4673ae01727b8d770446d5a877a8af1cd5f1ee2dd776a8a1d85ac1b4eb219c45a7608ee0cee4594e0766fe4629f1ed24a893e769ea48f1c97ece3613378d821ff455c6cf9a386143ac84c0b9e76f4e35f867c0bc3e26c1bf982721183ac79516a511a442a8e8f8cf8d905abdcdd466821bb7739fdcfdc112af1207bbd02bd39187a052b2d20e0e8eed3541012d2111b6f916645d1380c5a1ff206b0cfd14114ef8fd875c48b95c115448761b55c2e7f4181a91286c703bdc6dbf29b3c0efce012c2315745de764760b7e92b8a263dc7f665da981628979e6646b4ec21ffbc,gx-no-cache=1491230104090 HTTP/1.1" 200 30
192.168.10.96 - - [03/Apr/2017:10:40:29 -0300] "POST /cormun/servlet/solicitudot?gx-no-cache=1491230107027 HTTP/1.1" 200 30
192.168.10.96 - - [03/Apr/2017:10:40:31 -0300] "GET /cormun/servlet/prcontratosol?8459773,,,,,MD,,gxPopupLevel%3D0%3B HTTP/1.1" 200 5977
186.103.159.46 - - [03/Apr/2017:10:40:31 -0300] "GET /cormun/servlet/permisogoce?40d0ca9ce5b937fd5a7c374ecd49213d50e19a92b9a6d238a4ff727afb9be3d00c209c57138cf32ec0be3f22f4c8265d5262c982effc7d21fe47ae75fed016039c1b73633632461273aac428b51f7c63,gx-no-cache=1491226897879 HTTP/1.1" 200 127
192.168.10.96 - - [03/Apr/2017:10:40:33 -0300] "POST /cormun/servlet/solicitudot?gx-no-cache=1491230110147 HTTP/1.1" 200 1291
192.168.10.96 - - [03/Apr/2017:10:40:33 -0300] "POST /cormun/servlet/solicitudot?gx-no-cache=1491230110195 HTTP/1.1" 200 38
192.168.10.96 - - [03/Apr/2017:10:40:33 -0300] "GET /cormun/servlet/solicitudot?187dae3af2f3a2085008ce376660ca31407f2cd442f810f7107894120f1b489810e8f9ce8dd110e816a146a8c660714fb69676034cb19b76344f109068bf732c394dcd9e8417bdf3d87f2e2880d669676008acc7f0021dc6497a23527b4504634df563dd529089336bd678630d9a03a5,gx-no-cache=1491230110220 HTTP/1.1" 200 29
192.168.10.96 - - [03/Apr/2017:10:40:33 -0300] "POST /cormun/servlet/solicitudot?gx-no-cache=1491230110238 HTTP/1.1" 200 1274
192.168.10.96 - - [03/Apr/2017:10:40:33 -0300] "POST /cormun/servlet/solicitudot?gx-no-cache=1491230110270 HTTP/1.1" 200 1156
192.168.10.96 - - [03/Apr/2017:10:40:41 -0300] "GET /cormun/servlet/solicitudot?187dae3af2f3a2085008ce376660ca31407f2cd442f810f7107894120f1b489810e8f9ce8dd110e816a146a8c660714fb69676034cb19b76344f109068bf732c394dcd9e8417bdf3d87f2e2880d669676008acc7f0021dc6497a23527b4504634df563dd529089336bd678630d9a03a5,gx-no-cache=1491230118616 HTTP/1.1" 200 29
192.168.10.96 - - [03/Apr/2017:10:40:41 -0300] "POST /cormun/servlet/solicitudot?gx-no-cache=1491230118660 HTTP/1.1" 200 1273
192.168.10.96 - - [03/Apr/2017:10:40:41 -0300] "POST /cormun/servlet/solicitudot?gx-no-cache=1491230118967 HTTP/1.1" 200 1156
186.103.159.46 - - [03/Apr/2017:10:40:46 -0300] "GET /cormun/servlet/permisogoce?40d0ca9ce5b937fd5a7c374ecd49213d50e19a92b9a6d238a4ff727afb9be3d00c209c57138cf32ec0be3f22f4c8265db558ee1ec4b8dfd3cd45ffa8ed1f9c6ba33b69fda6fc93638274e1edacf42bdd,gx-no-cache=1491226912372 HTTP/1.1" 200 126
192.168.10.96 - - [03/Apr/2017:10:40:58 -0300] "GET /cormun/servlet/solicitudot?187dae3af2f3a2085008ce376660ca3177415f84635a92aa98549b91108b01dad408935234f2b89c0cd4b803f1dacc1f454754e76a7436280fd3823af270819a4b17ba5b99f300e1cf9d9023178e487cb51115880fd4c2d6565128b9f91bdcc01362f0f61c7e9d3919c412d946cafe53554807d5842b4d5f886c3f854399395d0f7c51399bc9cbc765c50222f9210090f0ab091cee6752e8f7e6023927e14d84f77fde9edb9f5c477729590821f18a55,gx-no-cache=1491230135508 HTTP/1.1" 200 30
186.103.159.46 - - [03/Apr/2017:10:41:01 -0300] "GET /cormun/servlet/trpermisosgoce? HTTP/1.1" 200 12205
192.168.10.96 - - [03/Apr/2017:10:41:01 -0300] "POST /cormun/servlet/solicitudot?fc0a6072d27d718febb888a238acdd92,INS,0,0,,gx-no-cache=1491230138784 HTTP/1.1" 200 93
192.168.10.96 - - [03/Apr/2017:10:41:01 -0300] "GET /cormun/servlet/hpexe_return? HTTP/1.1" 200 1007
192.168.10.96 - - [03/Apr/2017:10:41:02 -0300] "GET /cormun/servlet/trsolicitudot HTTP/1.1" 200 8253
192.168.10.96 - - [03/Apr/2017:10:41:02 -0300] "GET /cormun/servlet/trsolicitudot HTTP/1.1" 200 8249
186.103.159.46 - - [03/Apr/2017:10:41:03 -0300] "GET /cormun/servlet/trpermisosgoce? HTTP/1.1" 200 12203
186.103.159.46 - - [03/Apr/2017:10:41:07 -0300] "GET /cormun/servlet/trlicenciaspermisoslog?11756419,P,20170403112433, HTTP/1.1" 200 6007
186.103.159.46 - - [03/Apr/2017:10:41:07 -0300] "GET /cormun/static/gxcfg.js?201731711543185 HTTP/1.1" 304 -
186.103.159.46 - - [03/Apr/2017:10:41:07 -0300] "GET /cormun/static/trlicenciaspermisoslog.js?201731711543510 HTTP/1.1" 304 -
186.103.159.46 - - [03/Apr/2017:10:41:08 -0300] "GET /cormun/servlet/trlicenciaspermisoslog?11756419,P,20170403112433, HTTP/1.1" 200 6008
186.103.156.211 - - [03/Apr/2017:10:41:14 -0300] "POST /cormun/servlet/solicitudot?gx-no-cache=1491226942845 HTTP/1.1" 200 3169
186.103.156.211 - - [03/Apr/2017:10:41:15 -0300] "POST /cormun/servlet/solicitudot?7843c7f19286cd5fe8b7f5fe2b6c43c1,INS,0,0,,gx-no-cache=1491226943670 HTTP/1.1" 200 9972
186.103.159.46 - - [03/Apr/2017:10:41:18 -0300] "POST /cormun/servlet/trlicenciaspermisoslog?21d226aacbcdaf523944429e6a96aec9,11756419,P,20170403112433,,gx-no-cache=1491226944329 HTTP/1.1" 200 3760
186.103.159.46 - - [03/Apr/2017:10:41:19 -0300] "POST /cormun/servlet/trlicenciaspermisoslog?21d226aacbcdaf523944429e6a96aec9,11756419,P,20170403112433,,gx-no-cache=1491226945459 HTTP/1.1" 200 3757
192.168.10.96 - - [03/Apr/2017:10:41:20 -0300] "POST /cormun/servlet/trsolicitudot?fc0a6072d27d718febb888a238acdd92,gx-no-cache=1491230157123 HTTP/1.1" 200 4344
192.168.10.96 - - [03/Apr/2017:10:41:20 -0300] "GET /cormun/static/Shared/jqueryui/images/ui-bg_highlight-soft_100_c6c2c8_1x100.png HTTP/1.1" 404 1117
192.168.10.96 - - [03/Apr/2017:10:41:20 -0300] "GET /cormun/static/Shared/jqueryui/images/ui-icons_82798d_256x240.png HTTP/1.1" 404 1089
192.168.10.96 - - [03/Apr/2017:10:41:20 -0300] "GET /cormun/static/Shared/jqueryui/images/ui-bg_flat_55_fafafa_40x100.png HTTP/1.1" 404 1097
192.168.10.96 - - [03/Apr/2017:10:41:20 -0300] "GET /cormun/static/Shared/jqueryui/images/ui-icons_8d78a5_256x240.png HTTP/1.1" 404 1089
192.168.10.96 - - [03/Apr/2017:10:41:20 -0300] "POST /cormun/servlet/trsolicitudot?fc0a6072d27d718febb888a238acdd92,gx-no-cache=1491230157295 HTTP/1.1" 200 4120
192.168.10.96 - - [03/Apr/2017:10:41:23 -0300] "GET /cormun/servlet/trautorizarsolicitud? HTTP/1.1" 200 8179
192.168.10.96 - - [03/Apr/2017:10:41:23 -0300] "GET /cormun/servlet/trautorizarsolicitud? HTTP/1.1" 200 8180
186.103.159.46 - - [03/Apr/2017:10:41:24 -0300] "POST /cormun/servlet/trlicenciaspermisoslog?21d226aacbcdaf523944429e6a96aec9,11756419,P,20170403112433,,gx-no-cache=1491226950224 HTTP/1.1" 200 3757
186.103.156.211 - - [03/Apr/2017:10:41:24 -0300] "GET /cormun/servlet/solicitudot?da03b622d595c38e842b37a1e45182398618a60c240aac3fbe12893f168f8d78c548c6e610fab5a75e1caf898be08a9e,gx-no-cache=1491226953292 HTTP/1.1" 200 30
186.103.156.211 - - [03/Apr/2017:10:41:25 -0300] "POST /cormun/servlet/solicitudot?gx-no-cache=1491226953487 HTTP/1.1" 200 255
186.103.156.211 - - [03/Apr/2017:10:41:25 -0300] "GET /cormun/servlet/solicitudot?da03b622d595c38e842b37a1e4518239737b42d8ab45382927d403c0a450972014e9689ef0758173af1b8d447468640ba9809732f67f0ab1c5e13aaa4529d8cc563b63f1115dc9e35e678bd5cc143d2d2581085ec897293b05200b310dd4aec11007dcb090ba55875a74db73f4ebfbe5c27c9308918b320aeebf866e96d76d160761e4af9a3016f70ed4ecf763c8e868113bf18d9cc5af0521826718970ec44998fe2380c1abd4ce2f9582c7a43b205831f195302f97996979cd58b7b547b7b45e0d68ff5ce1062547f60b3e3035f3c11cb6ebb3cca762ad153dd6eed7ef9ad43e74e7da38c429891ca7bba71114cab4717df44c70ac95cffe3f8b7db8a46ffb7c4f6d8e4c4241ad253a2d82ff47f29820557d9e27755e0172148cc1a5e5c1ba8984970c08795822d89a1b25c57365b0402ab3d64a37f2e8df7cac18662b296728d03aff4e826b17cff3b776882d06e83e172b9ae2ac17033803fee19599182e206935acbb059ca6db83f017d104f499b5d430496194a88b0aa2e8beb2937970,gx-no-cache=1491226953998 HTTP/1.1" 200 30
192.168.10.96 - - [03/Apr/2017:10:41:25 -0300] "POST /cormun/servlet/trautorizarsolicitud?fc0a6072d27d718febb888a238acdd92,,gx-no-cache=1491230162739 HTTP/1.1" 200 4321
192.168.10.96 - - [03/Apr/2017:10:41:25 -0300] "GET /cormun/static/Shared/jqueryui/images/ui-icons_82798d_256x240.png HTTP/1.1" 404 1089
192.168.10.96 - - [03/Apr/2017:10:41:25 -0300] "GET /cormun/static/Shared/jqueryui/images/ui-bg_highlight-soft_100_c6c2c8_1x100.png HTTP/1.1" 404 1117
192.168.10.96 - - [03/Apr/2017:10:41:25 -0300] "GET /cormun/static/Shared/jqueryui/images/ui-icons_8d78a5_256x240.png HTTP/1.1" 404 1089
192.168.10.96 - - [03/Apr/2017:10:41:25 -0300] "GET /cormun/static/Shared/jqueryui/images/ui-bg_flat_55_fafafa_40x100.png HTTP/1.1" 404 1097
192.168.10.96 - - [03/Apr/2017:10:41:25 -0300] "POST /cormun/servlet/trautorizarsolicitud?fc0a6072d27d718febb888a238acdd92,,gx-no-cache=1491230162918 HTTP/1.1" 200 4097
192.168.10.13 - - [03/Apr/2017:10:41:26 -0300] "GET / HTTP/1.1" 200 11217
186.103.159.46 - - [03/Apr/2017:10:41:27 -0300] "POST /cormun/servlet/trlicenciaspermisoslog?21d226aacbcdaf523944429e6a96aec9,11756419,P,20170403112433,,gx-no-cache=1491226953365 HTTP/1.1" 200 3757
186.103.156.211 - - [03/Apr/2017:10:41:31 -0300] "POST /cormun/servlet/solicitudot?gx-no-cache=1491226959972 HTTP/1.1" 200 30
192.168.10.96 - - [03/Apr/2017:10:41:39 -0300] "GET /cormun/servlet/hlogin HTTP/1.1" 200 1747
186.103.156.211 - - [03/Apr/2017:10:41:41 -0300] "GET /cormun/servlet/prcontratosol?15122762,,,,,MD,,gxPopupLevel%3D0%3B HTTP/1.1" 200 5969
186.103.156.211 - - [03/Apr/2017:10:41:41 -0300] "GET /cormun/static/gxcfg.js?201731711522183 HTTP/1.1" 200 953
186.103.156.211 - - [03/Apr/2017:10:41:41 -0300] "GET /cormun/static/prcontratosol.js?201731711522419 HTTP/1.1" 304 -
186.103.156.211 - - [03/Apr/2017:10:41:41 -0300] "GET /cormun/static/menusearch.js?201610171694467 HTTP/1.1" 304 -
186.103.156.211 - - [03/Apr/2017:10:41:41 -0300] "GET /cormun/static/hmpwkw011.js?201731711483558 HTTP/1.1" 304 -
186.103.156.211 - - [03/Apr/2017:10:41:44 -0300] "POST /cormun/servlet/solicitudot?gx-no-cache=1491226973375 HTTP/1.1" 200 1291
186.103.156.211 - - [03/Apr/2017:10:41:44 -0300] "POST /cormun/servlet/solicitudot?gx-no-cache=1491226973580 HTTP/1.1" 200 38
186.103.156.211 - - [03/Apr/2017:10:41:44 -0300] "GET /cormun/servlet/solicitudot?da03b622d595c38e842b37a1e451823939608513e81ca3cec23f84bd58b82c198dd7d64c6438900d4c9ea75b285c74a002b77aefccde5eb50cc5f905e80bb446f1c5c0c1b1ff79483eab43520638fa30f9f5fa72562cfa989fce743499df6bd4ea194842afb5b96aa72401c161a0e1a1cbe47b055406b3f766c65de1a193ab00de351a72ce3fd86b43cf3a360fe6b01f63bd1912ce9e0ed34157763cf0028234,gx-no-cache=1491226973699 HTTP/1.1" 200 29
186.103.156.211 - - [03/Apr/2017:10:41:45 -0300] "POST /cormun/servlet/solicitudot?gx-no-cache=1491226973831 HTTP/1.1" 200 1275
186.103.156.211 - - [03/Apr/2017:10:41:45 -0300] "POST /cormun/servlet/solicitudot?gx-no-cache=1491226974197 HTTP/1.1" 200 1158
192.168.10.96 - - [03/Apr/2017:10:41:46 -0300] "POST /cormun/servlet/hlogin?fc0a6072d27d718febb888a238acdd92,gx-no-cache=1491230183961 HTTP/1.1" 200 90
192.168.10.96 - - [03/Apr/2017:10:41:46 -0300] "GET /cormun/servlet/hpexe_link HTTP/1.1" 200 953
192.168.10.96 - - [03/Apr/2017:10:41:47 -0300] "GET /cormun/servlet/hhome HTTP/1.1" 200 4261
192.168.10.96 - - [03/Apr/2017:10:41:47 -0300] "GET /cormun/servlet/hhome HTTP/1.1" 200 4257
192.168.10.96 - - [03/Apr/2017:10:41:51 -0300] "GET /cormun/servlet/trsolicitudgral? HTTP/1.1" 200 8586
186.103.159.46 - - [03/Apr/2017:10:41:51 -0300] "GET /cormun/servlet/hhome HTTP/1.1" 200 3808
192.168.10.96 - - [03/Apr/2017:10:41:51 -0300] "GET /cormun/servlet/trsolicitudgral? HTTP/1.1" 200 8584
186.103.159.46 - - [03/Apr/2017:10:41:52 -0300] "GET /cormun/servlet/hhome HTTP/1.1" 200 3779
186.103.159.46 - - [03/Apr/2017:10:41:57 -0300] "GET /cormun/servlet/trpermisosgoce? HTTP/1.1" 200 12208
186.103.159.46 - - [03/Apr/2017:10:41:59 -0300] "GET /cormun/servlet/trpermisosgoce? HTTP/1.1" 200 12210
192.168.10.96 - - [03/Apr/2017:10:42:00 -0300] "POST /cormun/servlet/trsolicitudgral?fc0a6072d27d718febb888a238acdd92,,gx-no-cache=1491230197397 HTTP/1.1" 200 10200
186.103.159.46 - - [03/Apr/2017:10:42:03 -0300] "POST /cormun/servlet/trpermisosgoce?21d226aacbcdaf523944429e6a96aec9,,gx-no-cache=1491226989002 HTTP/1.1" 200 104
186.103.159.46 - - [03/Apr/2017:10:42:03 -0300] "GET /cormun/PermisosGoce-2051.xls HTTP/1.1" 200 9728
192.168.10.96 - - [03/Apr/2017:10:42:08 -0300] "POST /cormun/servlet/trsolicitudgral?fc0a6072d27d718febb888a238acdd92,,gx-no-cache=1491230205663 HTTP/1.1" 200 5474
192.168.10.96 - - [03/Apr/2017:10:42:11 -0300] "POST /cormun/servlet/trsolicitudgral?fc0a6072d27d718febb888a238acdd92,,gx-no-cache=1491230208404 HTTP/1.1" 200 6748
192.168.10.13 - - [03/Apr/2017:10:42:26 -0300] "GET / HTTP/1.1" 200 11217
186.103.159.46 - - [03/Apr/2017:10:42:54 -0300] "GET /cormun/servlet/trpermisosadjuntos?11756419,20170403112433,P, HTTP/1.1" 200 6097
186.103.159.46 - - [03/Apr/2017:10:42:54 -0300] "GET /cormun/static/gxcfg.js?201731711542659 HTTP/1.1" 200 953
186.103.159.46 - - [03/Apr/2017:10:42:54 -0300] "GET /cormun/static/trpermisosadjuntos.js?201731711542990 HTTP/1.1" 304 -
192.168.10.96 - - [03/Apr/2017:10:42:55 -0300] "POST /cormun/servlet/trsolicitudgral?fc0a6072d27d718febb888a238acdd92,,gx-no-cache=1491230252841 HTTP/1.1" 200 10200
186.103.159.46 - - [03/Apr/2017:10:42:56 -0300] "GET /cormun/servlet/trpermisosadjuntos?11756419,20170403112433,P, HTTP/1.1" 200 6098
186.103.159.46 - - [03/Apr/2017:10:43:05 -0300] "GET /cormun/servlet/trpermisosgoce? HTTP/1.1" 200 12205
186.103.159.46 - - [03/Apr/2017:10:43:07 -0300] "GET /cormun/servlet/trpermisosgoce? HTTP/1.1" 200 12209
192.168.10.13 - - [03/Apr/2017:10:43:26 -0300] "GET / HTTP/1.1" 200 11217
192.168.10.13 - - [03/Apr/2017:10:44:26 -0300] "GET / HTTP/1.1" 200 11217
192.168.10.13 - - [03/Apr/2017:10:45:26 -0300] "GET / HTTP/1.1" 200 11217
186.103.159.230 - - [03/Apr/2017:10:45:37 -0300] "GET /cormun/servlet/hlogin HTTP/1.1" 200 1717
186.103.159.230 - - [03/Apr/2017:10:45:37 -0300] "GET /cormun/static/Resources/Spanish/PXTools.css?11294912 HTTP/1.1" 304 -
186.103.159.230 - - [03/Apr/2017:10:45:37 -0300] "GET /cormun/static/gxcfg.js?201731711485472 HTTP/1.1" 304 -
186.103.159.230 - - [03/Apr/2017:10:45:37 -0300] "GET /cormun/static/messages.spa.js?85251 HTTP/1.1" 304 -
186.103.159.230 - - [03/Apr/2017:10:45:37 -0300] "GET /cormun/static/hlogin.js?201731711485490 HTTP/1.1" 304 -
186.103.159.230 - - [03/Apr/2017:10:45:37 -0300] "GET /cormun/servlet/hlogin HTTP/1.1" 200 1717
186.103.159.46 - - [03/Apr/2017:10:45:56 -0300] "GET /cormun/servlet/hlogin HTTP/1.1" 200 1730
186.103.159.46 - - [03/Apr/2017:10:45:56 -0300] "GET /cormun/static/gxtimezone.js?85251 HTTP/1.1" 200 5781
186.103.159.46 - - [03/Apr/2017:10:45:56 -0300] "GET /cormun/static/gxcfg.js?201731711485472 HTTP/1.1" 200 953
186.103.159.46 - - [03/Apr/2017:10:45:56 -0300] "GET /cormun/static/Resources/Spanish/PXTools.css?11294912 HTTP/1.1" 200 89042
186.103.159.46 - - [03/Apr/2017:10:45:56 -0300] "GET /cormun/static/messages.spa.js?85251 HTTP/1.1" 200 30736
186.103.159.46 - - [03/Apr/2017:10:45:56 -0300] "GET /cormun/static/hlogin.js?201731711485490 HTTP/1.1" 200 2136
186.103.159.46 - - [03/Apr/2017:10:45:57 -0300] "GET /cormun/static/gxgral.js?85251 HTTP/1.1" 200 384558
186.103.159.46 - - [03/Apr/2017:10:45:57 -0300] "GET /cormun/static/Resources/ComunLogin.png HTTP/1.1" 200 17326
186.103.159.46 - - [03/Apr/2017:10:45:57 -0300] "GET /cormun/static/Resources/PXToolsLoginTop.png HTTP/1.1" 200 1337
186.103.159.46 - - [03/Apr/2017:10:45:57 -0300] "GET /cormun/static/Resources/PXToolsButtonLeft21.png HTTP/1.1" 200 1287
186.103.159.46 - - [03/Apr/2017:10:45:57 -0300] "GET /cormun/static/Resources/PXToolsButtonRight21.png HTTP/1.1" 200 1283
186.103.159.46 - - [03/Apr/2017:10:45:57 -0300] "GET /cormun/static/Resources/PXToolsLoginBackground.png HTTP/1.1" 200 1164
186.103.159.46 - - [03/Apr/2017:10:45:57 -0300] "GET /cormun/static/Resources/PXToolsButtonBackground2.png HTTP/1.1" 200 1181
186.103.159.46 - - [03/Apr/2017:10:45:57 -0300] "GET /cormun/static/Resources/PXToolsLoginBottom.png HTTP/1.1" 200 1389
186.103.159.46 - - [03/Apr/2017:10:45:57 -0300] "GET /cormun/static/Resources/indicator.gif HTTP/1.1" 200 1553
186.103.159.46 - - [03/Apr/2017:10:45:57 -0300] "GET /cormun/servlet/hlogin HTTP/1.1" 200 1735
186.103.159.230 - - [03/Apr/2017:10:45:58 -0300] "POST /cormun/servlet/hlogin?656fa741cdf2d85452ad69def19ae6ab,gx-no-cache=1491227218455 HTTP/1.1" 200 90
186.103.159.230 - - [03/Apr/2017:10:45:58 -0300] "GET /cormun/servlet/hpexe_link HTTP/1.1" 200 946
186.103.159.230 - - [03/Apr/2017:10:45:58 -0300] "GET /cormun/static/gxcfg.js?201731711483381 HTTP/1.1" 304 -
186.103.159.230 - - [03/Apr/2017:10:45:58 -0300] "GET /cormun/static/hpexe_link.js?201731711483384 HTTP/1.1" 304 -
186.103.159.230 - - [03/Apr/2017:10:45:58 -0300] "GET /cormun/servlet/hhome HTTP/1.1" 200 3965
186.103.159.230 - - [03/Apr/2017:10:45:58 -0300] "GET /cormun/static/gxcfg.js?201731711483497 HTTP/1.1" 304 -
186.103.159.230 - - [03/Apr/2017:10:45:58 -0300] "GET /cormun/static/hwchdr01.js?201731711335950 HTTP/1.1" 304 -
186.103.159.230 - - [03/Apr/2017:10:45:58 -0300] "GET /cormun/static/hhome.js?20173171148352 HTTP/1.1" 304 -
186.103.159.230 - - [03/Apr/2017:10:45:58 -0300] "GET /cormun/static/hpexe_recentlink.js?201610171694390 HTTP/1.1" 304 -
186.103.159.230 - - [03/Apr/2017:10:45:58 -0300] "GET /cormun/static/hpexe_scripts.js?201731711335890 HTTP/1.1" 304 -
186.103.159.230 - - [03/Apr/2017:10:45:58 -0300] "GET /cormun/static/hpexe_messagepopupcomponent.js?20161017169425 HTTP/1.1" 304 -
186.103.159.230 - - [03/Apr/2017:10:45:58 -0300] "GET /cormun/static/hpexe_messagecontroller.js?201610171694323 HTTP/1.1" 304 -
186.103.159.230 - - [03/Apr/2017:10:45:58 -0300] "GET /cormun/static/hpexe_messagegenexuscomponent.js?201731711335537 HTTP/1.1" 304 -
186.103.159.230 - - [03/Apr/2017:10:45:58 -0300] "GET /cormun/static/cmcontrolpreferences.js?201731711335852 HTTP/1.1" 304 -
186.103.159.230 - - [03/Apr/2017:10:45:58 -0300] "GET /cormun/static/hmpwkw03.js?201731711485354 HTTP/1.1" 304 -
186.103.159.230 - - [03/Apr/2017:10:45:58 -0300] "GET /cormun/servlet/hhome HTTP/1.1" 200 3962
186.103.159.46 - - [03/Apr/2017:10:46:09 -0300] "POST /cormun/servlet/hlogin?170f12ab670b46a0983f47bdc7b934ca,gx-no-cache=1491227229792 HTTP/1.1" 200 90
186.103.159.46 - - [03/Apr/2017:10:46:09 -0300] "GET /cormun/servlet/hpexe_link HTTP/1.1" 200 954
186.103.159.46 - - [03/Apr/2017:10:46:09 -0300] "GET /cormun/static/gxcfg.js?201731711483381 HTTP/1.1" 200 953
186.103.159.46 - - [03/Apr/2017:10:46:09 -0300] "GET /cormun/static/hpexe_link.js?201731711483384 HTTP/1.1" 200 625
186.103.159.46 - - [03/Apr/2017:10:46:09 -0300] "GET /cormun/servlet/hhome HTTP/1.1" 200 3999
186.103.159.46 - - [03/Apr/2017:10:46:09 -0300] "GET /cormun/static/gxcfg.js?201731711483497 HTTP/1.1" 200 953
186.103.159.46 - - [03/Apr/2017:10:46:09 -0300] "GET /cormun/static/SmoothNavMenu/resources/ddsmoothmenu-v.css?1012540 HTTP/1.1" 200 1188
186.103.159.46 - - [03/Apr/2017:10:46:09 -0300] "GET /cormun/static/SmoothNavMenu/resources/ddsmoothmenu.css?1012540 HTTP/1.1" 200 2223
186.103.159.46 - - [03/Apr/2017:10:46:09 -0300] "GET /cormun/static/Shared/jqueryui/jquery-ui.min.css?1245370 HTTP/1.1" 200 30288
186.103.159.46 - - [03/Apr/2017:10:46:09 -0300] "GET /cormun/static/PXToolsJavascripts/pexe_cookies.js HTTP/1.1" 200 792
186.103.159.46 - - [03/Apr/2017:10:46:09 -0300] "GET /cormun/static/PXToolsJavascripts/pexe_windows.js HTTP/1.1" 200 15207
186.103.159.46 - - [03/Apr/2017:10:46:09 -0300] "GET /cormun/static/PXToolsJavascripts/pexe_grid.js HTTP/1.1" 200 7559
186.103.159.46 - - [03/Apr/2017:10:46:09 -0300] "GET /cormun/static/scaMessage/css/jquery.pnotify.default.css?1716380 HTTP/1.1" 200 1707
186.103.159.46 - - [03/Apr/2017:10:46:09 -0300] "GET /cormun/static/PXToolsJavascripts/pexe_griddivfix.js HTTP/1.1" 200 6644
186.103.159.46 - - [03/Apr/2017:10:46:09 -0300] "GET /cormun/static/PXToolsJavascripts/pexe_menudivfix.js HTTP/1.1" 200 333
186.103.159.46 - - [03/Apr/2017:10:46:09 -0300] "GET /cormun/static/PXToolsJavascripts/pexe_link.js HTTP/1.1" 200 5671
186.103.159.46 - - [03/Apr/2017:10:46:09 -0300] "GET /cormun/static/PXToolsJavascripts/pexe_menus.js HTTP/1.1" 200 1286
186.103.159.46 - - [03/Apr/2017:10:46:09 -0300] "GET /cormun/static/PXToolsJavascripts/pexe_layers.js HTTP/1.1" 200 4114
186.103.159.46 - - [03/Apr/2017:10:46:09 -0300] "GET /cormun/static/PXToolsJavascripts/pexe_oav.js HTTP/1.1" 200 645
186.103.159.46 - - [03/Apr/2017:10:46:09 -0300] "GET /cormun/static/PXToolsJavascripts/pexe_oavdivfix.js HTTP/1.1" 200 639
186.103.159.46 - - [03/Apr/2017:10:46:09 -0300] "GET /cormun/static/PXToolsJavascripts/pexe_popup.js HTTP/1.1" 200 13458
186.103.159.46 - - [03/Apr/2017:10:46:09 -0300] "GET /cormun/static/PXToolsJavascripts/pexe_picture.js HTTP/1.1" 200 689
186.103.159.46 - - [03/Apr/2017:10:46:09 -0300] "GET /cormun/static/PXToolsJavascripts/pexe_scrolldiv.js HTTP/1.1" 200 4138
186.103.159.46 - - [03/Apr/2017:10:46:09 -0300] "GET /cormun/static/PXToolsJavascripts/pexe_tabs.js HTTP/1.1" 200 3748
186.103.159.46 - - [03/Apr/2017:10:46:09 -0300] "GET /cormun/static/PXToolsJavascripts/pexe_upload.js HTTP/1.1" 200 1423
186.103.159.46 - - [03/Apr/2017:10:46:09 -0300] "GET /cormun/static/PXToolsJavascripts/PXToolsJavascriptsRender.js HTTP/1.1" 200 367
186.103.159.46 - - [03/Apr/2017:10:46:09 -0300] "GET /cormun/static/PXToolsJavascripts/pexe_tabdivfix.js HTTP/1.1" 200 876
186.103.159.46 - - [03/Apr/2017:10:46:09 -0300] "GET /cormun/static/RunJS/RunJS.js HTTP/1.1" 200 288
186.103.159.46 - - [03/Apr/2017:10:46:10 -0300] "GET /cormun/static/PXToolsJavascripts/pexe_autoreload.js HTTP/1.1" 200 1762
186.103.159.46 - - [03/Apr/2017:10:46:10 -0300] "GET /cormun/static/hhome.js?20173171148352 HTTP/1.1" 200 777
186.103.159.46 - - [03/Apr/2017:10:46:10 -0300] "GET /cormun/static/hwchdr01.js?201731711335950 HTTP/1.1" 200 1183
186.103.159.46 - - [03/Apr/2017:10:46:10 -0300] "GET /cormun/static/Shared/ext/locale/ext-lang-en.js HTTP/1.1" 200 10940
186.103.159.46 - - [03/Apr/2017:10:46:10 -0300] "GET /cormun/static/gxui/gxui-all.js HTTP/1.1" 200 107772
186.103.159.46 - - [03/Apr/2017:10:46:10 -0300] "GET /cormun/static/Resources/PXToolsHeaderBackground2.png HTTP/1.1" 200 1174
186.103.159.46 - - [03/Apr/2017:10:46:10 -0300] "GET /cormun/static/Resources/PXToolsHeaderActionsLeft.png HTTP/1.1" 200 1118
186.103.159.46 - - [03/Apr/2017:10:46:10 -0300] "GET /cormun/static/Resources/logo4.png HTTP/1.1" 200 6582
186.103.159.46 - - [03/Apr/2017:10:46:10 -0300] "GET /cormun/static/Resources/PXToolsHeaderLogin.png HTTP/1.1" 200 4279
186.103.159.46 - - [03/Apr/2017:10:46:10 -0300] "GET /cormun/static/Resources/PXToolsDataTitle.png HTTP/1.1" 200 1173
186.103.159.46 - - [03/Apr/2017:10:46:10 -0300] "GET /cormun/static/Resources/PXToolsHeaderActionsBackground.png HTTP/1.1" 200 484
186.103.159.46 - - [03/Apr/2017:10:46:10 -0300] "GET /cormun/static/Resources/PXToolsHeaderSecurity.png HTTP/1.1" 200 4166
186.103.159.46 - - [03/Apr/2017:10:46:10 -0300] "GET /cormun/static/Resources/PXToolsHeaderActionsRight.png HTTP/1.1" 200 1201
186.103.159.46 - - [03/Apr/2017:10:46:10 -0300] "GET /cormun/static/Resources/PXToolsFooterBackground2.png HTTP/1.1" 200 1172
186.103.159.46 - - [03/Apr/2017:10:46:10 -0300] "GET /cormun/static/Resources/PXToolsHeaderPreferences.png HTTP/1.1" 200 4189
186.103.159.46 - - [03/Apr/2017:10:46:10 -0300] "GET /cormun/static/Resources/PXToolsHeaderHome.png HTTP/1.1" 200 4147
186.103.159.46 - - [03/Apr/2017:10:46:10 -0300] "GET /cormun/static/hpexe_scripts.js?201731711335890 HTTP/1.1" 200 1544
186.103.159.46 - - [03/Apr/2017:10:46:10 -0300] "GET /cormun/static/hpexe_messagecontroller.js?201610171694323 HTTP/1.1" 200 870
186.103.159.46 - - [03/Apr/2017:10:46:10 -0300] "GET /cormun/static/hpexe_messagepopupcomponent.js?20161017169425 HTTP/1.1" 200 605
186.103.159.46 - - [03/Apr/2017:10:46:10 -0300] "GET /cormun/static/hpexe_messagegenexuscomponent.js?201731711335537 HTTP/1.1" 200 587
186.103.159.46 - - [03/Apr/2017:10:46:10 -0300] "GET /cormun/static/cmcontrolpreferences.js?201731711335852 HTTP/1.1" 200 1375
186.103.159.46 - - [03/Apr/2017:10:46:10 -0300] "GET /cormun/static/Shared/jquery/jquery-1.4.2.min.js HTTP/1.1" 200 72174
186.103.159.46 - - [03/Apr/2017:10:46:10 -0300] "GET /cormun/static/SmoothNavMenu/resources/ddsmoothmenu.js HTTP/1.1" 200 12712
186.103.159.46 - - [03/Apr/2017:10:46:10 -0300] "GET /cormun/static/SmoothNavMenu/resources/SmoothNavMenuRender.js HTTP/1.1" 200 5951
186.103.159.46 - - [03/Apr/2017:10:46:10 -0300] "GET /cormun/static/scaMessage/js/jquery.pnotify.min.js HTTP/1.1" 200 13038
186.103.159.46 - - [03/Apr/2017:10:46:10 -0300] "GET /cormun/static/Shared/jqueryui/jquery-ui.min.js HTTP/1.1" 200 240427
186.103.159.46 - - [03/Apr/2017:10:46:10 -0300] "GET /cormun/static/scaMessage/scaMessageRender.js HTTP/1.1" 200 11977
186.103.159.46 - - [03/Apr/2017:10:46:10 -0300] "GET /cormun/static/hmpwkw03.js?201731711485354 HTTP/1.1" 200 3965
186.103.159.46 - - [03/Apr/2017:10:46:11 -0300] "GET /cormun/static/hpexe_recentlink.js?201610171694390 HTTP/1.1" 200 2144
186.103.159.46 - - [03/Apr/2017:10:46:11 -0300] "GET /cormun/static/Shared/jquery/jquery-1.10.2.min.js HTTP/1.1" 200 273199
186.103.159.46 - - [03/Apr/2017:10:46:11 -0300] "GET /cormun/static/Shared/ext/ext-all.js HTTP/1.1" 200 1289687
186.103.159.46 - - [03/Apr/2017:10:46:12 -0300] "GET /cormun/static/SmoothNavMenu/resources/images/down.gif HTTP/1.1" 200 854
186.103.159.46 - - [03/Apr/2017:10:46:12 -0300] "GET /cormun/static/SmoothNavMenu/resources/images/right.gif HTTP/1.1" 200 860
186.103.159.46 - - [03/Apr/2017:10:46:13 -0300] "GET /cormun/servlet/hhome HTTP/1.1" 200 3995
186.103.159.230 - - [03/Apr/2017:10:46:17 -0300] "GET /cormun/servlet/trcontratosolicitud? HTTP/1.1" 200 13674
186.103.159.230 - - [03/Apr/2017:10:46:17 -0300] "GET /cormun/static/gxcfg.js?20171317451682 HTTP/1.1" 200 953
186.103.159.230 - - [03/Apr/2017:10:46:17 -0300] "GET /cormun/static/Resources/Spanish/PXTools.css?18365030 HTTP/1.1" 304 -
186.103.159.230 - - [03/Apr/2017:10:46:17 -0300] "GET /cormun/static/trcontratosolicitud.js?20171317452124 HTTP/1.1" 200 28173
186.103.159.230 - - [03/Apr/2017:10:46:18 -0300] "GET /cormun//static/Resources/PXToolsGridNew.png HTTP/1.1" 200 2949
186.103.159.230 - - [03/Apr/2017:10:46:18 -0300] "GET /cormun/servlet/trcontratosolicitud? HTTP/1.1" 200 13677
192.168.10.13 - - [03/Apr/2017:10:46:26 -0300] "GET / HTTP/1.1" 200 11217
186.103.159.46 - - [03/Apr/2017:10:46:26 -0300] "GET /cormun/servlet/trautorizarsolicitud? HTTP/1.1" 200 6924
186.103.159.46 - - [03/Apr/2017:10:46:26 -0300] "GET /cormun/static/gxui/gxui-all.css?120300 HTTP/1.1" 200 2179
186.103.159.46 - - [03/Apr/2017:10:46:26 -0300] "GET /cormun/static/Resources/Spanish/PXTools.css?18365030 HTTP/1.1" 200 89042
186.103.159.46 - - [03/Apr/2017:10:46:26 -0300] "GET /cormun/static/gxcfg.js?2017259112829 HTTP/1.1" 200 953
186.103.159.46 - - [03/Apr/2017:10:46:26 -0300] "GET /cormun/static/calendar.js?85251 HTTP/1.1" 200 26246
186.103.159.46 - - [03/Apr/2017:10:46:26 -0300] "GET /cormun/static/calendar-system.css?85620 HTTP/1.1" 200 5572
186.103.159.46 - - [03/Apr/2017:10:46:26 -0300] "GET /cormun/static/calendar-setup.js?85251 HTTP/1.1" 200 2588
186.103.159.46 - - [03/Apr/2017:10:46:26 -0300] "GET /cormun/static/calendar-es.js?85251 HTTP/1.1" 200 1901
186.103.159.46 - - [03/Apr/2017:10:46:26 -0300] "GET /cormun/static/gxdec.js?85251 HTTP/1.1" 200 19579
186.103.159.46 - - [03/Apr/2017:10:46:26 -0300] "GET /cormun/static/Shared/ext/resources/css/ext-all.css?215870 HTTP/1.1" 200 416045
186.103.159.46 - - [03/Apr/2017:10:46:26 -0300] "GET /cormun/static/trautorizarsolicitud.js?2017259113483 HTTP/1.1" 200 53096
186.103.159.46 - - [03/Apr/2017:10:46:27 -0300] "GET /cormun/static/Resources/PXTools/calendar.png HTTP/1.1" 200 1306
186.103.159.46 - - [03/Apr/2017:10:46:27 -0300] "GET /cormun/static/Resources/PXToolsDataSearch.png HTTP/1.1" 200 419
186.103.159.46 - - [03/Apr/2017:10:46:27 -0300] "GET /cormun/static/Resources/PXToolsGridFirstDisabled.gif HTTP/1.1" 200 100
186.103.159.46 - - [03/Apr/2017:10:46:27 -0300] "GET /cormun/static/Resources/PXToolsGridPreviousDisabled.gif HTTP/1.1" 200 90
186.103.159.46 - - [03/Apr/2017:10:46:27 -0300] "GET /cormun/static/Resources/PXToolsGridNextDisabled.gif HTTP/1.1" 200 90
186.103.159.46 - - [03/Apr/2017:10:46:27 -0300] "GET /cormun/static/Resources/PXToolsGridLastDisabled.gif HTTP/1.1" 200 98
186.103.159.46 - - [03/Apr/2017:10:46:27 -0300] "GET /cormun/static/Resources/PXToolsGridPage.gif HTTP/1.1" 200 725
186.103.159.46 - - [03/Apr/2017:10:46:27 -0300] "GET /cormun/static/Resources/PXToolsActionExcel.png HTTP/1.1" 200 3187
186.103.159.46 - - [03/Apr/2017:10:46:28 -0300] "GET /cormun/static/Resources/asc.gif HTTP/1.1" 200 67
186.103.159.46 - - [03/Apr/2017:10:46:28 -0300] "GET /cormun/static/Resources/desc.gif HTTP/1.1" 200 65
186.103.159.46 - - [03/Apr/2017:10:46:28 -0300] "GET /cormun/servlet/trautorizarsolicitud? HTTP/1.1" 200 6923
186.103.159.46 - - [03/Apr/2017:10:46:28 -0300] "GET /cormun/static/Shared/ext/resources/themes/images/default/panel/bg-headersPanel.png HTTP/1.1" 200 255
186.103.159.46 - - [03/Apr/2017:10:46:28 -0300] "GET /cormun/static/Shared/ext/resources/themes/images/default/tools/tool-sprites.gif HTTP/1.1" 200 5434
186.103.159.46 - - [03/Apr/2017:10:46:38 -0300] "GET /cormun/servlet/trautorizarpermisogoce? HTTP/1.1" 200 6727
186.103.159.46 - - [03/Apr/2017:10:46:38 -0300] "GET /cormun/static/gxui/gxui-all.css?110300 HTTP/1.1" 200 2179
186.103.159.46 - - [03/Apr/2017:10:46:38 -0300] "GET /cormun/static/calendar-system.css?75620 HTTP/1.1" 200 5572
186.103.159.46 - - [03/Apr/2017:10:46:38 -0300] "GET /cormun/static/gxcfg.js?201731711543713 HTTP/1.1" 200 953
186.103.159.46 - - [03/Apr/2017:10:46:38 -0300] "GET /cormun/static/trautorizarpermisogoce.js?201731711544173 HTTP/1.1" 200 31036
186.103.159.46 - - [03/Apr/2017:10:46:38 -0300] "GET /cormun/static/Shared/ext/resources/css/ext-all.css?205870 HTTP/1.1" 200 416045
186.103.159.46 - - [03/Apr/2017:10:46:39 -0300] "GET /cormun/servlet/trautorizarpermisogoce? HTTP/1.1" 200 6742
200.112.14.219 - - [03/Apr/2017:10:46:40 -0300] "GET /cormun/servlet/hlogin HTTP/1.1" 200 1723
200.112.14.219 - - [03/Apr/2017:10:46:40 -0300] "GET /cormun/static/Resources/Spanish/PXTools.css?11294912 HTTP/1.1" 304 -
200.112.14.219 - - [03/Apr/2017:10:46:40 -0300] "GET /cormun/static/gxtimezone.js?85251 HTTP/1.1" 304 -
200.112.14.219 - - [03/Apr/2017:10:46:40 -0300] "GET /cormun/static/gxcfg.js?201731711485472 HTTP/1.1" 304 -
200.112.14.219 - - [03/Apr/2017:10:46:40 -0300] "GET /cormun/static/messages.spa.js?85251 HTTP/1.1" 304 -
200.112.14.219 - - [03/Apr/2017:10:46:41 -0300] "GET /cormun/static/hlogin.js?201731711485490 HTTP/1.1" 304 -
200.112.14.219 - - [03/Apr/2017:10:46:41 -0300] "GET /cormun/servlet/hlogin HTTP/1.1" 200 1731
186.103.159.46 - - [03/Apr/2017:10:46:44 -0300] "POST /cormun/servlet/trautorizarpermisogoce?170f12ab670b46a0983f47bdc7b934ca,,gx-no-cache=1491227265295 HTTP/1.1" 200 4061
186.103.159.46 - - [03/Apr/2017:10:46:48 -0300] "POST /cormun/servlet/trautorizarpermisogoce?170f12ab670b46a0983f47bdc7b934ca,,gx-no-cache=1491227269085 HTTP/1.1" 200 9381
186.103.159.46 - - [03/Apr/2017:10:46:49 -0300] "GET /cormun//static/Resources/PXToolsHeaderHelp.png HTTP/1.1" 200 4055
186.103.159.46 - - [03/Apr/2017:10:46:49 -0300] "GET /cormun//static/Resources/PXTools/ActionInsert.png HTTP/1.1" 200 1482
186.103.159.46 - - [03/Apr/2017:10:46:49 -0300] "GET /cormun//static/Resources/PXToolsGridDisplay.png HTTP/1.1" 200 362
186.103.159.46 - - [03/Apr/2017:10:46:49 -0300] "GET /cormun//static/Resources/PXToolsActionPrint.png HTTP/1.1" 200 3317
186.103.159.46 - - [03/Apr/2017:10:46:49 -0300] "GET /cormun//static/Resources/PXToolsHeaderFavorites.png HTTP/1.1" 200 2744
186.103.159.46 - - [03/Apr/2017:10:46:49 -0300] "GET /cormun//static/Resources/PXToolsActionDisabled.gif HTTP/1.1" 200 53
200.112.14.219 - - [03/Apr/2017:10:46:57 -0300] "POST /cormun/servlet/hlogin?cb5c94b62b605f5f33c3f0f4182b84b2,gx-no-cache=1491227292613 HTTP/1.1" 200 90
200.112.14.219 - - [03/Apr/2017:10:46:57 -0300] "GET /cormun/servlet/hpexe_link HTTP/1.1" 200 950
200.112.14.219 - - [03/Apr/2017:10:46:57 -0300] "GET /cormun/static/gxcfg.js?201731711483381 HTTP/1.1" 304 -
200.112.14.219 - - [03/Apr/2017:10:46:57 -0300] "GET /cormun/servlet/hhome HTTP/1.1" 200 3939
200.112.14.219 - - [03/Apr/2017:10:46:57 -0300] "GET /cormun/static/hpexe_link.js?201731711483384 HTTP/1.1" 304 -
200.112.14.219 - - [03/Apr/2017:10:46:57 -0300] "GET /cormun/static/gxcfg.js?201731711483497 HTTP/1.1" 304 -
200.112.14.219 - - [03/Apr/2017:10:46:57 -0300] "GET /cormun/static/hhome.js?20173171148352 HTTP/1.1" 304 -
200.112.14.219 - - [03/Apr/2017:10:46:57 -0300] "GET /cormun/static/hwchdr01.js?201731711335950 HTTP/1.1" 304 -
200.112.14.219 - - [03/Apr/2017:10:46:57 -0300] "GET /cormun/static/hpexe_recentlink.js?201610171694390 HTTP/1.1" 304 -
200.112.14.219 - - [03/Apr/2017:10:46:57 -0300] "GET /cormun/static/hpexe_scripts.js?201731711335890 HTTP/1.1" 304 -
200.112.14.219 - - [03/Apr/2017:10:46:57 -0300] "GET /cormun/static/hpexe_messagecontroller.js?201610171694323 HTTP/1.1" 304 -
200.112.14.219 - - [03/Apr/2017:10:46:57 -0300] "GET /cormun/static/hpexe_messagepopupcomponent.js?20161017169425 HTTP/1.1" 304 -
200.112.14.219 - - [03/Apr/2017:10:46:57 -0300] "GET /cormun/static/hpexe_messagegenexuscomponent.js?201731711335537 HTTP/1.1" 304 -
200.112.14.219 - - [03/Apr/2017:10:46:58 -0300] "GET /cormun/static/cmcontrolpreferences.js?201731711335852 HTTP/1.1" 304 -
200.112.14.219 - - [03/Apr/2017:10:46:58 -0300] "GET /cormun/static/hmpwkw03.js?201731711485354 HTTP/1.1" 304 -
200.112.14.219 - - [03/Apr/2017:10:46:58 -0300] "GET /cormun/servlet/hhome HTTP/1.1" 200 3935
200.112.14.219 - - [03/Apr/2017:10:47:03 -0300] "GET /cormun/servlet/trvisualizadoreventos? HTTP/1.1" 200 6671
200.112.14.219 - - [03/Apr/2017:10:47:03 -0300] "GET /cormun/static/calendar.js?85251 HTTP/1.1" 304 -
200.112.14.219 - - [03/Apr/2017:10:47:03 -0300] "GET /cormun/static/calendar-setup.js?85251 HTTP/1.1" 304 -
200.112.14.219 - - [03/Apr/2017:10:47:03 -0300] "GET /cormun/static/calendar-es.js?85251 HTTP/1.1" 304 -
200.112.14.219 - - [03/Apr/2017:10:47:03 -0300] "GET /cormun/static/gxcfg.js?201731711523419 HTTP/1.1" 200 953
200.112.14.219 - - [03/Apr/2017:10:47:03 -0300] "GET /cormun/static/gxdec.js?85251 HTTP/1.1" 304 -
200.112.14.219 - - [03/Apr/2017:10:47:03 -0300] "GET /cormun/static/trvisualizadoreventos.js?20173171152387 HTTP/1.1" 304 -
200.112.14.219 - - [03/Apr/2017:10:47:04 -0300] "GET /cormun/servlet/trvisualizadoreventos? HTTP/1.1" 200 6670
200.112.14.219 - - [03/Apr/2017:10:47:08 -0300] "GET /cormun/static/menuarrow.gif HTTP/1.1" 404 1015
186.103.159.46 - - [03/Apr/2017:10:47:13 -0300] "POST /cormun/servlet/trautorizarpermisogoce?170f12ab670b46a0983f47bdc7b934ca,,gx-no-cache=1491227293294 HTTP/1.1" 200 4061
186.103.159.183 - - [03/Apr/2017:10:47:16 -0300] "GET /cormun/servlet/hlogin HTTP/1.1" 200 1718
200.112.14.219 - - [03/Apr/2017:10:47:17 -0300] "POST /cormun/servlet/trvisualizadoreventos?cb5c94b62b605f5f33c3f0f4182b84b2,,gx-no-cache=1491227312326 HTTP/1.1" 200 3970
186.103.159.183 - - [03/Apr/2017:10:47:17 -0300] "GET /cormun/static/gxtimezone.js?85251 HTTP/1.1" 200 5781
186.103.159.183 - - [03/Apr/2017:10:47:17 -0300] "GET /cormun/static/hlogin.js?201731711485490 HTTP/1.1" 200 2136
186.103.159.183 - - [03/Apr/2017:10:47:17 -0300] "GET /cormun/static/gxcfg.js?201731711485472 HTTP/1.1" 200 953
186.103.159.183 - - [03/Apr/2017:10:47:17 -0300] "GET /cormun/static/messages.spa.js?85251 HTTP/1.1" 200 30736
186.103.159.183 - - [03/Apr/2017:10:47:17 -0300] "GET /cormun/static/Resources/Spanish/PXTools.css?11294912 HTTP/1.1" 200 89042
186.103.159.183 - - [03/Apr/2017:10:47:17 -0300] "GET /cormun/static/gxgral.js?85251 HTTP/1.1" 200 384558
186.103.159.183 - - [03/Apr/2017:10:47:17 -0300] "GET /cormun/static/Resources/ComunLogin.png HTTP/1.1" 200 17326
186.103.159.183 - - [03/Apr/2017:10:47:17 -0300] "GET /cormun/static/Resources/PXToolsLoginTop.png HTTP/1.1" 200 1337
186.103.159.183 - - [03/Apr/2017:10:47:17 -0300] "GET /cormun/static/Resources/PXToolsLoginBackground.png HTTP/1.1" 200 1164
186.103.159.183 - - [03/Apr/2017:10:47:17 -0300] "GET /cormun/static/Resources/PXToolsButtonLeft21.png HTTP/1.1" 200 1287
186.103.159.183 - - [03/Apr/2017:10:47:17 -0300] "GET /cormun/static/Resources/PXToolsButtonRight21.png HTTP/1.1" 200 1283
186.103.159.183 - - [03/Apr/2017:10:47:17 -0300] "GET /cormun/static/Resources/PXToolsButtonBackground2.png HTTP/1.1" 200 1181
186.103.159.183 - - [03/Apr/2017:10:47:17 -0300] "GET /cormun/static/Resources/PXToolsLoginBottom.png HTTP/1.1" 200 1389
186.103.159.183 - - [03/Apr/2017:10:47:17 -0300] "GET /favicon.ico HTTP/1.1" 200 21630
186.103.159.183 - - [03/Apr/2017:10:47:17 -0300] "GET /cormun/static/Resources/indicator.gif HTTP/1.1" 200 1553
186.103.159.183 - - [03/Apr/2017:10:47:17 -0300] "GET /cormun/servlet/hlogin HTTP/1.1" 200 1729
186.103.159.46 - - [03/Apr/2017:10:47:17 -0300] "POST /cormun/servlet/trautorizarpermisogoce?170f12ab670b46a0983f47bdc7b934ca,,gx-no-cache=1491227297984 HTTP/1.1" 200 4061
186.103.159.183 - - [03/Apr/2017:10:47:18 -0300] "GET /favicon.ico HTTP/1.1" 200 21630
186.103.159.46 - - [03/Apr/2017:10:47:22 -0300] "POST /cormun/servlet/trautorizarpermisogoce?170f12ab670b46a0983f47bdc7b934ca,,gx-no-cache=1491227302434 HTTP/1.1" 200 4064
200.112.14.219 - - [03/Apr/2017:10:47:22 -0300] "POST /cormun/servlet/trvisualizadoreventos?cb5c94b62b605f5f33c3f0f4182b84b2,,gx-no-cache=1491227317498 HTTP/1.1" 200 5547
186.103.159.183 - - [03/Apr/2017:10:47:26 -0300] "POST /cormun/servlet/hlogin?0e2c78e8791a06217de62cd12f0fa782,gx-no-cache=1491227315170 HTTP/1.1" 200 90
186.103.159.183 - - [03/Apr/2017:10:47:26 -0300] "GET /cormun/servlet/hpexe_link HTTP/1.1" 200 949
186.103.159.183 - - [03/Apr/2017:10:47:26 -0300] "GET /cormun/static/gxcfg.js?201731711483381 HTTP/1.1" 200 953
186.103.159.183 - - [03/Apr/2017:10:47:26 -0300] "GET /cormun/static/hpexe_link.js?201731711483384 HTTP/1.1" 200 625
192.168.10.13 - - [03/Apr/2017:10:47:26 -0300] "GET / HTTP/1.1" 200 11217
186.103.159.183 - - [03/Apr/2017:10:47:26 -0300] "GET /cormun/servlet/hhome HTTP/1.1" 200 3991
186.103.159.183 - - [03/Apr/2017:10:47:26 -0300] "GET /cormun/static/Shared/jqueryui/jquery-ui.min.css?1245370 HTTP/1.1" 200 30288
186.103.159.183 - - [03/Apr/2017:10:47:26 -0300] "GET /cormun/static/SmoothNavMenu/resources/ddsmoothmenu.css?1012540 HTTP/1.1" 200 2223
186.103.159.183 - - [03/Apr/2017:10:47:26 -0300] "GET /cormun/static/SmoothNavMenu/resources/ddsmoothmenu-v.css?1012540 HTTP/1.1" 200 1188
186.103.159.183 - - [03/Apr/2017:10:47:26 -0300] "GET /cormun/static/scaMessage/css/jquery.pnotify.default.css?1716380 HTTP/1.1" 200 1707
186.103.159.183 - - [03/Apr/2017:10:47:26 -0300] "GET /cormun/static/gxcfg.js?201731711483497 HTTP/1.1" 200 953
186.103.159.183 - - [03/Apr/2017:10:47:26 -0300] "GET /cormun/static/PXToolsJavascripts/pexe_cookies.js HTTP/1.1" 200 792
186.103.159.183 - - [03/Apr/2017:10:47:26 -0300] "GET /cormun/static/PXToolsJavascripts/pexe_autoreload.js HTTP/1.1" 200 1762
186.103.159.183 - - [03/Apr/2017:10:47:27 -0300] "GET /cormun/static/PXToolsJavascripts/pexe_windows.js HTTP/1.1" 200 15207
186.103.159.183 - - [03/Apr/2017:10:47:27 -0300] "GET /cormun/static/PXToolsJavascripts/pexe_griddivfix.js HTTP/1.1" 200 6644
186.103.159.183 - - [03/Apr/2017:10:47:27 -0300] "GET /cormun/static/PXToolsJavascripts/pexe_menudivfix.js HTTP/1.1" 200 333
186.103.159.183 - - [03/Apr/2017:10:47:27 -0300] "GET /cormun/static/PXToolsJavascripts/pexe_menus.js HTTP/1.1" 200 1286
186.103.159.183 - - [03/Apr/2017:10:47:27 -0300] "GET /cormun/static/PXToolsJavascripts/pexe_layers.js HTTP/1.1" 200 4114
186.103.159.183 - - [03/Apr/2017:10:47:27 -0300] "GET /cormun/static/PXToolsJavascripts/pexe_oav.js HTTP/1.1" 200 645
186.103.159.183 - - [03/Apr/2017:10:47:27 -0300] "GET /cormun/static/PXToolsJavascripts/pexe_oavdivfix.js HTTP/1.1" 200 639
186.103.159.183 - - [03/Apr/2017:10:47:27 -0300] "GET /cormun/static/PXToolsJavascripts/pexe_picture.js HTTP/1.1" 200 689
186.103.159.183 - - [03/Apr/2017:10:47:27 -0300] "GET /cormun/static/PXToolsJavascripts/pexe_popup.js HTTP/1.1" 200 13458
186.103.159.183 - - [03/Apr/2017:10:47:27 -0300] "GET /cormun/static/PXToolsJavascripts/pexe_scrolldiv.js HTTP/1.1" 200 4138
186.103.159.183 - - [03/Apr/2017:10:47:27 -0300] "GET /cormun/static/PXToolsJavascripts/pexe_tabdivfix.js HTTP/1.1" 200 876
186.103.159.183 - - [03/Apr/2017:10:47:27 -0300] "GET /cormun/static/PXToolsJavascripts/pexe_tabs.js HTTP/1.1" 200 3748
186.103.159.183 - - [03/Apr/2017:10:47:27 -0300] "GET /cormun/static/PXToolsJavascripts/pexe_upload.js HTTP/1.1" 200 1423
186.103.159.183 - - [03/Apr/2017:10:47:27 -0300] "GET /cormun/static/PXToolsJavascripts/PXToolsJavascriptsRender.js HTTP/1.1" 200 367
186.103.159.183 - - [03/Apr/2017:10:47:27 -0300] "GET /cormun/static/RunJS/RunJS.js HTTP/1.1" 200 288
186.103.159.183 - - [03/Apr/2017:10:47:27 -0300] "GET /cormun/static/PXToolsJavascripts/pexe_grid.js HTTP/1.1" 200 7559
186.103.159.183 - - [03/Apr/2017:10:47:27 -0300] "GET /cormun/static/PXToolsJavascripts/pexe_link.js HTTP/1.1" 200 5671
186.103.159.183 - - [03/Apr/2017:10:47:27 -0300] "GET /cormun/static/Shared/ext/locale/ext-lang-en.js HTTP/1.1" 200 10940
186.103.159.183 - - [03/Apr/2017:10:47:27 -0300] "GET /cormun/static/hhome.js?20173171148352 HTTP/1.1" 200 777
186.103.159.183 - - [03/Apr/2017:10:47:27 -0300] "GET /cormun/static/hwchdr01.js?201731711335950 HTTP/1.1" 200 1183
186.103.159.183 - - [03/Apr/2017:10:47:27 -0300] "GET /cormun/static/hpexe_recentlink.js?201610171694390 HTTP/1.1" 200 2144
186.103.159.183 - - [03/Apr/2017:10:47:27 -0300] "GET /cormun/static/hpexe_scripts.js?201731711335890 HTTP/1.1" 200 1544
186.103.159.183 - - [03/Apr/2017:10:47:27 -0300] "GET /cormun/static/Resources/logo4.png HTTP/1.1" 200 6582
186.103.159.183 - - [03/Apr/2017:10:47:27 -0300] "GET /cormun/static/Resources/PXToolsHeaderActionsLeft.png HTTP/1.1" 200 1118
186.103.159.183 - - [03/Apr/2017:10:47:27 -0300] "GET /cormun/static/gxui/gxui-all.js HTTP/1.1" 200 107772
186.103.159.183 - - [03/Apr/2017:10:47:27 -0300] "GET /cormun/static/Resources/PXToolsFooterBackground2.png HTTP/1.1" 200 1172
186.103.159.183 - - [03/Apr/2017:10:47:27 -0300] "GET /cormun/static/Resources/PXToolsHeaderBackground2.png HTTP/1.1" 200 1174
186.103.159.183 - - [03/Apr/2017:10:47:27 -0300] "GET /cormun/static/Resources/PXToolsHeaderActionsBackground.png HTTP/1.1" 200 484
186.103.159.183 - - [03/Apr/2017:10:47:27 -0300] "GET /cormun/static/Resources/PXToolsDataTitle.png HTTP/1.1" 200 1173
186.103.159.183 - - [03/Apr/2017:10:47:27 -0300] "GET /cormun/static/Resources/PXToolsHeaderLogin.png HTTP/1.1" 200 4279
