192.168.10.62 - - [03/Apr/2017:09:24:50 -0300] "POST /cormun/servlet/trsolicitudgral?89a59d75983708ee2b9b1412986b487d,,gx-no-cache=1491225568100 HTTP/1.1" 200 6271
192.168.10.62 - - [03/Apr/2017:09:24:51 -0300] "POST /cormun/servlet/trsolicitudgral?89a59d75983708ee2b9b1412986b487d,,gx-no-cache=1491225569350 HTTP/1.1" 200 6271
192.168.10.62 - - [03/Apr/2017:09:24:52 -0300] "POST /cormun/servlet/trsolicitudgral?89a59d75983708ee2b9b1412986b487d,,gx-no-cache=1491225570792 HTTP/1.1" 200 5182
192.168.10.62 - - [03/Apr/2017:09:24:52 -0300] "GET /cormun/static/Shared/jqueryui/images/ui-bg_highlight-soft_100_c6c2c8_1x100.png HTTP/1.1" 404 1117
192.168.10.62 - - [03/Apr/2017:09:24:52 -0300] "GET /cormun/static/Shared/jqueryui/images/ui-icons_82798d_256x240.png HTTP/1.1" 404 1089
192.168.10.62 - - [03/Apr/2017:09:24:52 -0300] "GET /cormun/static/Shared/jqueryui/images/ui-bg_flat_55_fafafa_40x100.png HTTP/1.1" 404 1097
192.168.10.62 - - [03/Apr/2017:09:24:52 -0300] "GET /cormun/static/Shared/jqueryui/images/ui-icons_8d78a5_256x240.png HTTP/1.1" 404 1089
186.103.157.39 - - [03/Apr/2017:09:25:03 -0300] "GET /cormun/servlet/trrenunciasadjuntos?17,15909632, HTTP/1.1" 200 5743
186.103.157.39 - - [03/Apr/2017:09:25:04 -0300] "GET /cormun/static/gxcfg.js?201731711565375 HTTP/1.1" 200 953
186.103.157.39 - - [03/Apr/2017:09:25:04 -0300] "GET /cormun/static/trrenunciasadjuntos.js?201731711565661 HTTP/1.1" 200 15159
186.103.157.39 - - [03/Apr/2017:09:25:05 -0300] "GET /cormun/servlet/trrenunciasadjuntos?17,15909632, HTTP/1.1" 200 5743
186.103.157.39 - - [03/Apr/2017:09:25:06 -0300] "POST /cormun/servlet/acontrolpreferencessavestate?None,CA-1,true HTTP/1.1" 200 35
186.103.157.39 - - [03/Apr/2017:09:25:16 -0300] "GET /cormun/servlet/renunciasadjuntos?INS,17,, HTTP/1.1" 200 5079
186.103.157.39 - - [03/Apr/2017:09:25:16 -0300] "GET /cormun/static/gxcfg.js?201731711431598 HTTP/1.1" 200 953
186.103.157.39 - - [03/Apr/2017:09:25:16 -0300] "GET /cormun/static/renunciasadjuntos.js?20173171143167 HTTP/1.1" 200 5937
186.103.157.39 - - [03/Apr/2017:09:25:16 -0300] "GET /cormun/static/about:blank HTTP/1.1" 404 1011
186.103.157.39 - - [03/Apr/2017:09:25:17 -0300] "GET /cormun/servlet/renunciasadjuntos?INS,17,, HTTP/1.1" 200 5065
186.103.157.39 - - [03/Apr/2017:09:25:23 -0300] "GET /cormun/servlet/trrenunciasadjuntos?17,15909632, HTTP/1.1" 200 5747
186.103.157.39 - - [03/Apr/2017:09:25:25 -0300] "GET /cormun/servlet/trrenunciasadjuntos?17,15909632, HTTP/1.1" 200 5747
192.168.10.13 - - [03/Apr/2017:09:25:26 -0300] "GET / HTTP/1.1" 200 11217
186.103.157.39 - - [03/Apr/2017:09:25:26 -0300] "GET /cormun/servlet/trrenuncias HTTP/1.1" 200 7175
186.103.157.39 - - [03/Apr/2017:09:25:27 -0300] "GET /cormun/servlet/trrenuncias HTTP/1.1" 200 7172
190.101.9.138 - - [03/Apr/2017:09:25:35 -0300] "POST /cormun/servlet/solicitudot?gx-no-cache=1491222406280 HTTP/1.1" 200 3081
190.101.9.138 - - [03/Apr/2017:09:25:35 -0300] "POST /cormun/servlet/solicitudot?d8c8d079cd56ff4974d9127b3ad9573e,INS,0,0,,gx-no-cache=1491222406529 HTTP/1.1" 200 9669
186.103.159.188 - - [03/Apr/2017:09:26:25 -0300] "POST /cormun/servlet/solicitudot?gx-no-cache=1491222456618 HTTP/1.1" 200 3193
186.103.159.188 - - [03/Apr/2017:09:26:26 -0300] "POST /cormun/servlet/solicitudot?d8c8d079cd56ff4974d9127b3ad9573e,INS,0,0,,gx-no-cache=1491222456930 HTTP/1.1" 200 9818
192.168.10.13 - - [03/Apr/2017:09:26:26 -0300] "GET / HTTP/1.1" 200 11217
186.103.159.188 - - [03/Apr/2017:09:26:52 -0300] "GET /cormun/servlet/solicitudot?23de8ae09035aa20eeb04fe25cb7ca427db6434b93a7584980cb9b597c630c73486c88be202b1a41bc2aff631fb5e701,gx-no-cache=1491222483865 HTTP/1.1" 200 30
186.103.159.188 - - [03/Apr/2017:09:26:52 -0300] "POST /cormun/servlet/solicitudot?gx-no-cache=1491222483974 HTTP/1.1" 200 256
186.103.159.188 - - [03/Apr/2017:09:26:52 -0300] "GET /cormun/servlet/solicitudot?23de8ae09035aa20eeb04fe25cb7ca42cc8d852ac1bda96ca58c4319870d2cb00447225548627b1b5092e4543b23a4cc4591ff9c26c370a1b51e16b7705e02ad13c3ed2b042868af0522e577d3314dc1464b5e045060f3e5f1bf2313bc9bfb1ae6721ffcb7ec540d50e77dea6320cc7ad08e6cb5d511b0fbc2542fa724632e54b2bcfaea063dfd96573fe9fe010f0715f3247bcf0d6a0a5a242bdf871bcb6c4153f2e60a4896cd5fe0cbf97187ce9508f9bca47fc826218b7525eff231c5f125ca2c9f01d25c25d81202a1be94da6748ac9840b3d11e1daa4095292c4f2a8e2a47a123ea647a44fc675f181f651330edddad283246199733752faf9fdac8831141d263e82661fef2ce7ca0931c2425bf28ac02b82382c0f1cefe8c57806c2558a5b1df06e3a1212a334495a3f89aa895ede62b092b3d1f5b994ad40c7e362f95ea069a8317cb9be170a8561896bd9ff6f05cc017e824a709663d987fdaa5dea8f1092425ecda4fda0cea041e8c02fc967a744ef8e9cc0cdfc5621b96f2896144,gx-no-cache=1491222484052 HTTP/1.1" 200 30
66.249.83.2 - - [03/Apr/2017:09:26:56 -0300] "GET / HTTP/1.1" 200 11217
186.103.159.188 - - [03/Apr/2017:09:26:57 -0300] "POST /cormun/servlet/solicitudot?gx-no-cache=1491222488997 HTTP/1.1" 200 30
186.103.159.188 - - [03/Apr/2017:09:26:59 -0300] "GET /cormun/servlet/prcontratosol?12444548,,,,,MD,,gxPopupLevel%3D0%3B HTTP/1.1" 200 5913
186.103.159.188 - - [03/Apr/2017:09:27:03 -0300] "POST /cormun/servlet/solicitudot?gx-no-cache=1491222495316 HTTP/1.1" 200 1291
186.103.159.188 - - [03/Apr/2017:09:27:03 -0300] "POST /cormun/servlet/solicitudot?gx-no-cache=1491222495394 HTTP/1.1" 200 38
186.103.159.188 - - [03/Apr/2017:09:27:04 -0300] "GET /cormun/servlet/solicitudot?23de8ae09035aa20eeb04fe25cb7ca42a295d5741087b4f55e82c7106737a01a8312cc287d9519809d192ad7ffd71310ab65085f596385800ff19e3fc1e40b99d046ec69f4ad81b928318ee5967110b14df9467eff2423ffb9588ce34a8b8c9bcd7f6005c5d4875933da886206a3b150,gx-no-cache=1491222495440 HTTP/1.1" 200 29
186.103.159.188 - - [03/Apr/2017:09:27:04 -0300] "POST /cormun/servlet/solicitudot?gx-no-cache=1491222495503 HTTP/1.1" 200 1274
186.103.159.188 - - [03/Apr/2017:09:27:04 -0300] "POST /cormun/servlet/solicitudot?gx-no-cache=1491222495971 HTTP/1.1" 200 1157
186.103.157.39 - - [03/Apr/2017:09:27:13 -0300] "GET /cormun/servlet/arenunciaprn?17,PU HTTP/1.1" 200 1553
186.103.159.188 - - [03/Apr/2017:09:27:23 -0300] "POST /cormun/servlet/solicitudot?gx-no-cache=1491222515018 HTTP/1.1" 200 1275
186.103.159.188 - - [03/Apr/2017:09:27:23 -0300] "POST /cormun/servlet/solicitudot?gx-no-cache=1491222515081 HTTP/1.1" 200 1157
186.103.196.84 - - [03/Apr/2017:09:27:24 -0300] "GET /cormun/servlet/hlogin HTTP/1.1" 200 1728
186.103.196.84 - - [03/Apr/2017:09:27:24 -0300] "GET /cormun/static/Resources/Spanish/PXTools.css?11294912 HTTP/1.1" 304 -
186.103.196.84 - - [03/Apr/2017:09:27:24 -0300] "GET /cormun/static/gxcfg.js?201731711485472 HTTP/1.1" 304 -
186.103.196.84 - - [03/Apr/2017:09:27:24 -0300] "GET /cormun/static/messages.spa.js?85251 HTTP/1.1" 304 -
186.103.196.84 - - [03/Apr/2017:09:27:24 -0300] "GET /cormun/static/hlogin.js?201731711485490 HTTP/1.1" 304 -
186.103.196.84 - - [03/Apr/2017:09:27:24 -0300] "GET /cormun/servlet/hlogin HTTP/1.1" 200 1734
186.103.159.188 - - [03/Apr/2017:09:27:25 -0300] "POST /cormun/servlet/solicitudot?gx-no-cache=1491222517093 HTTP/1.1" 200 1275
186.103.159.188 - - [03/Apr/2017:09:27:25 -0300] "POST /cormun/servlet/solicitudot?gx-no-cache=1491222517187 HTTP/1.1" 200 1157
186.103.196.84 - - [03/Apr/2017:09:27:25 -0300] "POST /cormun/servlet/hlogin?3c942f1f6b9acd3ac1502248d03ec1ae,gx-no-cache=1491222509884 HTTP/1.1" 200 90
186.103.196.84 - - [03/Apr/2017:09:27:26 -0300] "GET /cormun/servlet/hpexe_link HTTP/1.1" 200 952
186.103.196.84 - - [03/Apr/2017:09:27:26 -0300] "GET /cormun/static/gxcfg.js?201731711483381 HTTP/1.1" 304 -
186.103.196.84 - - [03/Apr/2017:09:27:26 -0300] "GET /cormun/static/hpexe_link.js?201731711483384 HTTP/1.1" 304 -
186.103.196.84 - - [03/Apr/2017:09:27:26 -0300] "GET /cormun/servlet/hhome HTTP/1.1" 200 3968
186.103.196.84 - - [03/Apr/2017:09:27:26 -0300] "GET /cormun/static/gxcfg.js?201731711483497 HTTP/1.1" 304 -
186.103.196.84 - - [03/Apr/2017:09:27:26 -0300] "GET /cormun/static/hwchdr01.js?201731711335950 HTTP/1.1" 304 -
186.103.196.84 - - [03/Apr/2017:09:27:26 -0300] "GET /cormun/static/hhome.js?20173171148352 HTTP/1.1" 304 -
192.168.10.13 - - [03/Apr/2017:09:27:26 -0300] "GET / HTTP/1.1" 200 11217
186.103.196.84 - - [03/Apr/2017:09:27:26 -0300] "GET /cormun/static/hpexe_recentlink.js?201610171694390 HTTP/1.1" 304 -
186.103.196.84 - - [03/Apr/2017:09:27:26 -0300] "GET /cormun/static/hpexe_scripts.js?201731711335890 HTTP/1.1" 304 -
186.103.196.84 - - [03/Apr/2017:09:27:26 -0300] "GET /cormun/static/hpexe_messagecontroller.js?201610171694323 HTTP/1.1" 304 -
186.103.196.84 - - [03/Apr/2017:09:27:26 -0300] "GET /cormun/static/hpexe_messagepopupcomponent.js?20161017169425 HTTP/1.1" 304 -
186.103.196.84 - - [03/Apr/2017:09:27:26 -0300] "GET /cormun/static/hpexe_messagegenexuscomponent.js?201731711335537 HTTP/1.1" 304 -
186.103.196.84 - - [03/Apr/2017:09:27:26 -0300] "GET /cormun/static/cmcontrolpreferences.js?201731711335852 HTTP/1.1" 304 -
186.103.196.84 - - [03/Apr/2017:09:27:26 -0300] "GET /cormun/static/hmpwkw03.js?201731711485354 HTTP/1.1" 304 -
186.103.196.84 - - [03/Apr/2017:09:27:26 -0300] "GET /cormun/servlet/hhome HTTP/1.1" 200 3966
186.103.196.84 - - [03/Apr/2017:09:27:30 -0300] "GET /cormun/servlet/trlicencias? HTTP/1.1" 200 6839
186.103.196.84 - - [03/Apr/2017:09:27:30 -0300] "GET /cormun/static/Resources/Spanish/PXTools.css?18365030 HTTP/1.1" 304 -
186.103.196.84 - - [03/Apr/2017:09:27:30 -0300] "GET /cormun/static/gxcfg.js?2016122619301429 HTTP/1.1" 304 -
186.103.196.84 - - [03/Apr/2017:09:27:30 -0300] "GET /cormun/static/trlicencias.js?2016122619301919 HTTP/1.1" 304 -
186.103.196.84 - - [03/Apr/2017:09:27:30 -0300] "GET /cormun/servlet/trlicencias? HTTP/1.1" 200 6838
186.103.196.84 - - [03/Apr/2017:09:27:32 -0300] "GET /cormun/servlet/licenciaspermisos?INS,0,,, HTTP/1.1" 200 7371
186.103.196.84 - - [03/Apr/2017:09:27:32 -0300] "GET /cormun/static/gxcfg.js?20173291150977 HTTP/1.1" 304 -
186.103.196.84 - - [03/Apr/2017:09:27:32 -0300] "GET /cormun/static/licenciaspermisos.js?201732911501028 HTTP/1.1" 304 -
186.103.196.84 - - [03/Apr/2017:09:27:33 -0300] "GET /cormun/servlet/licenciaspermisos?INS,0,,, HTTP/1.1" 200 7370
186.103.196.84 - - [03/Apr/2017:09:27:36 -0300] "GET /cormun/servlet/prfichaempleado?,MD,,gxPopupLevel%3D0%3B HTTP/1.1" 200 8801
186.103.196.84 - - [03/Apr/2017:09:27:36 -0300] "GET /cormun/static/gxcfg.js?2017319125415 HTTP/1.1" 304 -
186.103.196.84 - - [03/Apr/2017:09:27:36 -0300] "GET /cormun/static/menusearch.js?201610171694467 HTTP/1.1" 304 -
186.103.196.84 - - [03/Apr/2017:09:27:36 -0300] "GET /cormun/static/prfichaempleado.js?20173191254344 HTTP/1.1" 304 -
186.103.196.84 - - [03/Apr/2017:09:27:36 -0300] "GET /cormun/static/hmpwkw011.js?201731711483558 HTTP/1.1" 304 -
186.103.159.188 - - [03/Apr/2017:09:27:42 -0300] "GET /cormun/servlet/solicitudot?23de8ae09035aa20eeb04fe25cb7ca42faabee050330e7f0412fb40d2c4bab0cf70f41eeb85009e2f44227c65de79295677de9bed8de2736ee94601046e84c19112b9f109516a9675f7cdbc3c34d52a07769274c185592187323e5437631797ed33c4440762358f32ff72bdaa1a32c247dffd4dedc5caa32b19c5b0d6f51f59d1be7ed91fb12733b87527bd6e194d47049cb48ddc8122d3ea28aaa0c437679ed5980c99230770b69c6c726e6a631c419,gx-no-cache=1491222533645 HTTP/1.1" 200 30
186.103.159.188 - - [03/Apr/2017:09:27:42 -0300] "POST /cormun/servlet/solicitudot?d8c8d079cd56ff4974d9127b3ad9573e,INS,0,0,,gx-no-cache=1491222533707 HTTP/1.1" 200 93
186.103.159.188 - - [03/Apr/2017:09:27:42 -0300] "GET /cormun/servlet/hpexe_return? HTTP/1.1" 200 998
186.103.159.188 - - [03/Apr/2017:09:27:42 -0300] "GET /cormun/servlet/trsolicitudot HTTP/1.1" 200 8824
186.103.159.188 - - [03/Apr/2017:09:27:43 -0300] "GET /cormun/servlet/trsolicitudot HTTP/1.1" 200 8820
186.103.196.84 - - [03/Apr/2017:09:27:47 -0300] "POST /cormun/servlet/prfichaempleado?3c942f1f6b9acd3ac1502248d03ec1ae,,MD,,gxPopupLevel%3D0%3B,gx-no-cache=1491222531130 HTTP/1.1" 200 3410
186.103.196.84 - - [03/Apr/2017:09:27:53 -0300] "GET /cormun/servlet/licenciaspermisos?da1bd31d31712e20b6f8b0dce451bbf8e4a47be474bf05479e2baffb385e910b1ff4aa4161da2592e05f47be6ae66bbb,gx-no-cache=1491222537809 HTTP/1.1" 200 65
186.103.196.84 - - [03/Apr/2017:09:27:54 -0300] "POST /cormun/servlet/licenciaspermisos?3c942f1f6b9acd3ac1502248d03ec1ae,INS,0,,,,gx-no-cache=1491222537940 HTTP/1.1" 200 4617
186.103.159.188 - - [03/Apr/2017:09:28:09 -0300] "GET /cormun/servlet/solicitudot?INS,0,0, HTTP/1.1" 200 12575
186.103.159.188 - - [03/Apr/2017:09:28:10 -0300] "GET /cormun/servlet/solicitudot?INS,0,0, HTTP/1.1" 200 12580
186.103.157.39 - - [03/Apr/2017:09:28:16 -0300] "GET /cormun/servlet/renuncias?UPD,17, HTTP/1.1" 200 5907
186.103.157.39 - - [03/Apr/2017:09:28:17 -0300] "GET /cormun/servlet/renuncias?UPD,17, HTTP/1.1" 200 5907
186.103.159.188 - - [03/Apr/2017:09:28:20 -0300] "POST /cormun/servlet/solicitudot?gx-no-cache=1491222571148 HTTP/1.1" 200 3179
186.103.159.188 - - [03/Apr/2017:09:28:20 -0300] "POST /cormun/servlet/solicitudot?d8c8d079cd56ff4974d9127b3ad9573e,INS,0,0,,gx-no-cache=1491222572084 HTTP/1.1" 200 9763
186.103.159.188 - - [03/Apr/2017:09:28:23 -0300] "GET /cormun/servlet/solicitudot?23de8ae09035aa20eeb04fe25cb7ca428135dd0657d5fde02e20894d7d9ef68342302140d793b71d649d4e9396c6f08a,gx-no-cache=1491222574736 HTTP/1.1" 200 30
186.103.159.188 - - [03/Apr/2017:09:28:23 -0300] "POST /cormun/servlet/solicitudot?gx-no-cache=1491222574814 HTTP/1.1" 200 255
186.103.159.188 - - [03/Apr/2017:09:28:23 -0300] "GET /cormun/servlet/solicitudot?23de8ae09035aa20eeb04fe25cb7ca42cc8d852ac1bda96ca58c4319870d2cb05a4e56919b5a67344b9bfce5290f96904591ff9c26c370a1b51e16b7705e02ad13c3ed2b042868af0522e577d3314dc1464b5e045060f3e5f1bf2313bc9bfb1ae6721ffcb7ec540d50e77dea6320cc7ad08e6cb5d511b0fbc2542fa724632e54b2bcfaea063dfd96573fe9fe010f0715f3247bcf0d6a0a5a242bdf871bcb6c4153f2e60a4896cd5fe0cbf97187ce9508f9bca47fc826218b7525eff231c5f125ca2c9f01d25c25d81202a1be94da6748ac9840b3d11e1daa4095292c4f2a8e2a47a123ea647a44fc675f181f651330ed9eef927c40e89d7b75d948916370600e41d263e82661fef2ce7ca0931c2425bfebcec442ef440fa19265483c2ea4de9adde174eb83e7e2edcdb6601322f0321e43da3085ab405ef4b43f12a8f3da0479292ea2fc1a12d79a59973c852e6b90ce422b342cb563f1155c97c03fd77841b018fbb6b27a85512fb7e43fd84d40bc4379fa811ed9e214bed84514b599bbc2ac,gx-no-cache=1491222574892 HTTP/1.1" 200 30
186.67.172.234 - - [03/Apr/2017:09:28:25 -0300] "POST /cormun/servlet/trsolicitudot?12e528ae52d11881f4204852038133b0,gx-no-cache=1491222568833 HTTP/1.1" 200 107
186.67.172.234 - - [03/Apr/2017:09:28:25 -0300] "GET /cormun/servlet/trsolicitudadjuntos?2017,5854, HTTP/1.1" 200 6144
186.67.172.234 - - [03/Apr/2017:09:28:25 -0300] "GET /cormun/static/gxcfg.js?201731711504543 HTTP/1.1" 304 -
186.67.172.234 - - [03/Apr/2017:09:28:25 -0300] "GET /cormun/static/trsolicitudadjuntos.js?201731711504951 HTTP/1.1" 304 -
186.103.196.84 - - [03/Apr/2017:09:28:25 -0300] "GET /cormun/static/menuarrow.gif HTTP/1.1" 404 1015
186.67.172.234 - - [03/Apr/2017:09:28:25 -0300] "GET /cormun/servlet/trsolicitudadjuntos?2017,5854, HTTP/1.1" 200 6144
192.168.10.13 - - [03/Apr/2017:09:28:26 -0300] "GET / HTTP/1.1" 200 11217
186.103.159.188 - - [03/Apr/2017:09:28:26 -0300] "POST /cormun/servlet/solicitudot?gx-no-cache=1491222578183 HTTP/1.1" 200 30
186.103.159.188 - - [03/Apr/2017:09:28:28 -0300] "GET /cormun/servlet/prcontratosol?7677020,,,,,MD,,gxPopupLevel%3D0%3B HTTP/1.1" 200 5913
186.67.172.234 - - [03/Apr/2017:09:28:28 -0300] "GET /cormun/servlet/solicitudotadjuntos?INS,2017,5854,,2, HTTP/1.1" 200 6077
186.67.172.234 - - [03/Apr/2017:09:28:28 -0300] "GET /cormun/static/gxcfg.js?201612218465951 HTTP/1.1" 304 -
186.67.172.234 - - [03/Apr/2017:09:28:28 -0300] "GET /cormun/static/about:blank HTTP/1.1" 404 1011
186.67.172.234 - - [03/Apr/2017:09:28:28 -0300] "GET /cormun/static/solicitudotadjuntos.js?201612218465969 HTTP/1.1" 304 -
186.67.172.234 - - [03/Apr/2017:09:28:29 -0300] "GET /cormun/servlet/solicitudotadjuntos?INS,2017,5854,,2, HTTP/1.1" 200 6070
186.67.172.234 - - [03/Apr/2017:09:28:29 -0300] "GET /cormun/servlet/solicitudotadjuntos?1151e585b4d29dfa596246d321a23b915dfbaf587eeb180c4d9f5c98de656e53c374db22655be1f1002698b8508f68ad,gx-no-cache=1491222573378 HTTP/1.1" 200 30
186.67.172.234 - - [03/Apr/2017:09:28:29 -0300] "POST /cormun/servlet/solicitudotadjuntos?12e528ae52d11881f4204852038133b0,INS,2017,5854,,2,,gx-no-cache=1491222573722 HTTP/1.1" 200 4007
186.103.159.188 - - [03/Apr/2017:09:28:30 -0300] "POST /cormun/servlet/solicitudot?gx-no-cache=1491222581381 HTTP/1.1" 200 1291
186.103.159.188 - - [03/Apr/2017:09:28:30 -0300] "POST /cormun/servlet/solicitudot?gx-no-cache=1491222581490 HTTP/1.1" 200 38
186.103.159.188 - - [03/Apr/2017:09:28:30 -0300] "GET /cormun/servlet/solicitudot?23de8ae09035aa20eeb04fe25cb7ca42a295d5741087b4f55e82c7106737a01a8312cc287d9519809d192ad7ffd7131053c18670d85ede1126bed54d9bea7f84d77c6c7903285466fd1d8d221fb392390a3ec62e97219b4a6366656c2489b98475ed3727df5833f486122820f4d9f292839b000b5f2974275da0d7c940c9e90b587a319b861a98b43697de294ccb0fff9f0a21e799fe45fb03211f4398b294b3,gx-no-cache=1491222581522 HTTP/1.1" 200 29
186.103.159.188 - - [03/Apr/2017:09:28:30 -0300] "POST /cormun/servlet/solicitudot?gx-no-cache=1491222581584 HTTP/1.1" 200 1274
186.103.159.188 - - [03/Apr/2017:09:28:30 -0300] "POST /cormun/servlet/solicitudot?gx-no-cache=1491222581693 HTTP/1.1" 200 1157
186.103.157.39 - - [03/Apr/2017:09:28:34 -0300] "GET /cormun/servlet/renuncias?8f1c05174d2aa78898d4a5d33fe269fd81aea45ffaac355b086da381ee1d879d389839c2fef6f6e36c18164e16416f0c,gx-no-cache=1491222582575 HTTP/1.1" 200 33
186.103.157.39 - - [03/Apr/2017:09:28:35 -0300] "GET /cormun/servlet/renuncias?8f1c05174d2aa78898d4a5d33fe269fd4431aaf961decf3c36ac97df8c9124fa02fa17fa1c91274c258a269d9c9eac41,gx-no-cache=1491222582695 HTTP/1.1" 200 63
186.103.157.39 - - [03/Apr/2017:09:28:35 -0300] "POST /cormun/servlet/renuncias?a8d3eff5c4287693ca356f73ee3ef53f,UPD,17,,gx-no-cache=1491222582835 HTTP/1.1" 200 93
186.103.157.39 - - [03/Apr/2017:09:28:35 -0300] "GET /cormun/servlet/hpexe_return? HTTP/1.1" 200 1005
186.103.157.39 - - [03/Apr/2017:09:28:35 -0300] "GET /cormun/servlet/trrenuncias HTTP/1.1" 200 7175
186.103.157.39 - - [03/Apr/2017:09:28:36 -0300] "GET /cormun/servlet/trrenuncias HTTP/1.1" 200 7172
186.67.172.234 - - [03/Apr/2017:09:28:41 -0300] "POST /cormun/servlet/solicitudotadjuntos?gx-no-cache=1491222585700 HTTP/1.1" 200 26
191.96.249.97 - - [03/Apr/2017:09:28:46 -0300] "GET /setup.cgi HTTP/1.1" 404 979
186.67.172.234 - - [03/Apr/2017:09:28:56 -0300] "GET /cormun/servlet/solicitudotadjuntos?1151e585b4d29dfa596246d321a23b9117f425b13211647334f07c1df829b8eb,gx-no-cache=1491222600610 HTTP/1.1" 200 30
186.67.172.234 - - [03/Apr/2017:09:28:56 -0300] "GET /cormun/servlet/solicitudotadjuntos?1151e585b4d29dfa596246d321a23b9117f425b13211647334f07c1df829b8eb,gx-no-cache=1491222600659 HTTP/1.1" 200 30
186.67.172.234 - - [03/Apr/2017:09:28:57 -0300] "POST /cormun/servlet/solicitudotadjuntos?12e528ae52d11881f4204852038133b0,INS,2017,5854,,2, HTTP/1.1" 200 116
186.67.172.234 - - [03/Apr/2017:09:28:58 -0300] "GET /cormun/servlet/hpexe_return? HTTP/1.1" 200 1029
186.67.172.234 - - [03/Apr/2017:09:28:58 -0300] "GET /cormun/servlet/trsolicitudadjuntos?2017,5854, HTTP/1.1" 200 8331
186.67.172.234 - - [03/Apr/2017:09:28:58 -0300] "GET /cormun/servlet/trsolicitudadjuntos?2017,5854, HTTP/1.1" 200 8328
186.103.159.188 - - [03/Apr/2017:09:28:59 -0300] "POST /cormun/servlet/solicitudot?gx-no-cache=1491222610228 HTTP/1.1" 200 1275
186.103.159.188 - - [03/Apr/2017:09:28:59 -0300] "POST /cormun/servlet/solicitudot?gx-no-cache=1491222610462 HTTP/1.1" 200 1157
186.103.159.188 - - [03/Apr/2017:09:28:59 -0300] "GET /cormun/servlet/solicitudot?23de8ae09035aa20eeb04fe25cb7ca42349783d2cc734a418f33ee79ca8eff4909e010b267d839602e39e6f889b699299f5b874b20bc20a9de234f005f26153dd8bdd6d44ffb6d794b44759ca0aa5f73297950077b5be036162bb7892b943d4f831e5685e4980791befaa63579462cd775f6dffe87f0e013b39da1664c7309c144275861bba75abb1dc7da1cb9d68a65f733ceadc476436b0bc109a0b5840523fe7fa873780569b0720d246d1666769c,gx-no-cache=1491222610509 HTTP/1.1" 200 30
186.103.159.188 - - [03/Apr/2017:09:28:59 -0300] "POST /cormun/servlet/solicitudot?d8c8d079cd56ff4974d9127b3ad9573e,INS,0,0,,gx-no-cache=1491222610540 HTTP/1.1" 200 93
186.103.159.188 - - [03/Apr/2017:09:28:59 -0300] "GET /cormun/servlet/hpexe_return? HTTP/1.1" 200 998
186.103.159.188 - - [03/Apr/2017:09:28:59 -0300] "GET /cormun/servlet/trsolicitudot HTTP/1.1" 200 9130
186.103.159.188 - - [03/Apr/2017:09:28:59 -0300] "GET /cormun/servlet/trsolicitudot HTTP/1.1" 200 9126
186.67.172.234 - - [03/Apr/2017:09:29:03 -0300] "GET /cormun/servlet/solicitudotadjuntos?INS,2017,5854,,2, HTTP/1.1" 200 6077
186.67.172.234 - - [03/Apr/2017:09:29:03 -0300] "GET /cormun/static/about:blank HTTP/1.1" 404 1011
186.67.172.234 - - [03/Apr/2017:09:29:03 -0300] "GET /cormun/servlet/solicitudotadjuntos?INS,2017,5854,,2, HTTP/1.1" 200 6070
186.67.172.234 - - [03/Apr/2017:09:29:04 -0300] "GET /cormun/servlet/solicitudotadjuntos?1151e585b4d29dfa596246d321a23b915dfbaf587eeb180c4d9f5c98de656e53c374db22655be1f1002698b8508f68ad,gx-no-cache=1491222607942 HTTP/1.1" 200 30
186.67.172.234 - - [03/Apr/2017:09:29:05 -0300] "POST /cormun/servlet/solicitudotadjuntos?12e528ae52d11881f4204852038133b0,INS,2017,5854,,2,,gx-no-cache=1491222608021 HTTP/1.1" 200 4007
186.103.157.39 - - [03/Apr/2017:09:29:09 -0300] "GET /cormun/servlet/arenunciaprn?17,PU HTTP/1.1" 200 1554
186.103.159.188 - - [03/Apr/2017:09:29:18 -0300] "POST /cormun/servlet/trsolicitudot?d8c8d079cd56ff4974d9127b3ad9573e,gx-no-cache=1491222629042 HTTP/1.1" 200 106
186.103.159.188 - - [03/Apr/2017:09:29:18 -0300] "GET /cormun/servlet/solicitudot?UPD,2017,5856, HTTP/1.1" 200 14262
186.103.159.188 - - [03/Apr/2017:09:29:18 -0300] "GET /cormun/servlet/solicitudot?UPD,2017,5856, HTTP/1.1" 200 14271
192.168.10.13 - - [03/Apr/2017:09:29:26 -0300] "GET / HTTP/1.1" 200 11217
186.103.159.188 - - [03/Apr/2017:09:29:38 -0300] "POST /cormun/servlet/solicitudot?gx-no-cache=1491222630446 HTTP/1.1" 200 3193
186.103.159.188 - - [03/Apr/2017:09:29:38 -0300] "POST /cormun/servlet/solicitudot?d8c8d079cd56ff4974d9127b3ad9573e,UPD,2017,5856,,gx-no-cache=1491222649681 HTTP/1.1" 200 10833
186.103.159.188 - - [03/Apr/2017:09:29:38 -0300] "GET /cormun/servlet/solicitudot?23de8ae09035aa20eeb04fe25cb7ca427db6434b93a7584980cb9b597c630c73acd8a5d76a4e18bcd4cc6faad0ec5a05,gx-no-cache=1491222649899 HTTP/1.1" 200 30
186.103.159.188 - - [03/Apr/2017:09:29:38 -0300] "POST /cormun/servlet/solicitudot?gx-no-cache=1491222649961 HTTP/1.1" 200 256
186.67.172.234 - - [03/Apr/2017:09:29:38 -0300] "POST /cormun/servlet/solicitudotadjuntos?gx-no-cache=1491222642011 HTTP/1.1" 200 26
186.103.159.188 - - [03/Apr/2017:09:29:38 -0300] "GET /cormun/servlet/solicitudot?23de8ae09035aa20eeb04fe25cb7ca42cc8d852ac1bda96ca58c4319870d2cb00447225548627b1b5092e4543b23a4cc4591ff9c26c370a1b51e16b7705e02ad13c3ed2b042868af0522e577d3314dc1464b5e045060f3e5f1bf2313bc9bfb1ae6721ffcb7ec540d50e77dea6320cc7ad08e6cb5d511b0fbc2542fa724632e54b2bcfaea063dfd96573fe9fe010f0715f3247bcf0d6a0a5a242bdf871bcb6c4153f2e60a4896cd5fe0cbf97187ce9508f9bca47fc826218b7525eff231c5f125ca2c9f01d25c25d81202a1be94da6748ac9840b3d11e1daa4095292c4f2a8e2a47a123ea647a44fc675f181f651330edddad283246199733752faf9fdac8831141d263e82661fef2ce7ca0931c2425bf28ac02b82382c0f1cefe8c57806c2558a5b1df06e3a1212a334495a3f89aa895ede62b092b3d1f5b994ad40c7e362f95ea069a8317cb9be170a8561896bd9ff6f05cc017e824a709663d987fdaa5dea8f1092425ecda4fda0cea041e8c02fc96920729c2337273ea6278cd7e80287402,gx-no-cache=1491222650024 HTTP/1.1" 200 30
186.103.159.188 - - [03/Apr/2017:09:29:38 -0300] "POST /cormun/servlet/solicitudot?gx-no-cache=1491222650071 HTTP/1.1" 200 30
186.103.159.188 - - [03/Apr/2017:09:29:38 -0300] "POST /cormun/servlet/solicitudot?gx-no-cache=1491222650133 HTTP/1.1" 200 1291
186.103.159.188 - - [03/Apr/2017:09:29:38 -0300] "POST /cormun/servlet/solicitudot?gx-no-cache=1491222650211 HTTP/1.1" 200 41
186.67.172.234 - - [03/Apr/2017:09:29:42 -0300] "POST /cormun/servlet/solicitudotadjuntos?12e528ae52d11881f4204852038133b0,INS,2017,5854,,2,,gx-no-cache=1491222645972 HTTP/1.1" 200 90
186.67.172.234 - - [03/Apr/2017:09:29:42 -0300] "GET /cormun/servlet/hpexe_link HTTP/1.1" 200 984
186.67.172.234 - - [03/Apr/2017:09:29:42 -0300] "GET /cormun/servlet/trsolicitudadjuntos?2017,5854, HTTP/1.1" 200 8329
186.67.172.234 - - [03/Apr/2017:09:29:42 -0300] "GET /cormun/servlet/trsolicitudadjuntos?2017,5854, HTTP/1.1" 200 8328
186.103.159.188 - - [03/Apr/2017:09:29:45 -0300] "POST /cormun/servlet/solicitudot?d8c8d079cd56ff4974d9127b3ad9573e,UPD,2017,5856,,gx-no-cache=1491222651568 HTTP/1.1" 200 93
186.103.159.188 - - [03/Apr/2017:09:29:45 -0300] "GET /cormun/servlet/hpexe_return? HTTP/1.1" 200 1004
186.103.159.188 - - [03/Apr/2017:09:29:45 -0300] "GET /cormun/servlet/trsolicitudot HTTP/1.1" 200 9130
186.103.159.188 - - [03/Apr/2017:09:29:45 -0300] "GET /cormun/servlet/trsolicitudot HTTP/1.1" 200 9126
186.103.159.188 - - [03/Apr/2017:09:29:50 -0300] "POST /cormun/servlet/trsolicitudot?d8c8d079cd56ff4974d9127b3ad9573e,gx-no-cache=1491222661568 HTTP/1.1" 200 105
186.103.159.188 - - [03/Apr/2017:09:29:50 -0300] "GET /cormun/servlet/solicitudot?UPD,2017,5855, HTTP/1.1" 200 14235
186.67.172.234 - - [03/Apr/2017:09:29:53 -0300] "GET /cormun/servlet/solicitudotadjuntos?INS,2017,5854,,1, HTTP/1.1" 200 6078
186.67.172.234 - - [03/Apr/2017:09:29:53 -0300] "GET /cormun/static/about:blank HTTP/1.1" 404 1011
186.67.172.234 - - [03/Apr/2017:09:29:54 -0300] "GET /cormun/servlet/solicitudotadjuntos?INS,2017,5854,,1, HTTP/1.1" 200 6072
186.67.172.234 - - [03/Apr/2017:09:29:54 -0300] "GET /cormun/servlet/solicitudotadjuntos?1151e585b4d29dfa596246d321a23b915dfbaf587eeb180c4d9f5c98de656e53c374db22655be1f1002698b8508f68ad,gx-no-cache=1491222658401 HTTP/1.1" 200 30
186.67.172.234 - - [03/Apr/2017:09:29:56 -0300] "POST /cormun/servlet/solicitudotadjuntos?12e528ae52d11881f4204852038133b0,INS,2017,5854,,1,,gx-no-cache=1491222658649 HTTP/1.1" 200 3862
186.67.172.234 - - [03/Apr/2017:09:30:12 -0300] "POST /cormun/servlet/solicitudotadjuntos?12e528ae52d11881f4204852038133b0,INS,2017,5854,,1,,gx-no-cache=1491222676154 HTTP/1.1" 200 90
186.67.172.234 - - [03/Apr/2017:09:30:12 -0300] "GET /cormun/servlet/hpexe_link HTTP/1.1" 200 984
186.67.172.234 - - [03/Apr/2017:09:30:12 -0300] "GET /cormun/servlet/trsolicitudadjuntos?2017,5854, HTTP/1.1" 200 8328
186.67.172.234 - - [03/Apr/2017:09:30:13 -0300] "GET /cormun/servlet/trsolicitudadjuntos?2017,5854, HTTP/1.1" 200 8327
186.67.172.234 - - [03/Apr/2017:09:30:18 -0300] "POST /cormun/servlet/trsolicitudadjuntos?12e528ae52d11881f4204852038133b0,2017,5854,,gx-no-cache=1491222682638 HTTP/1.1" 200 90
186.67.172.234 - - [03/Apr/2017:09:30:18 -0300] "GET /cormun/servlet/hpexe_link HTTP/1.1" 200 972
186.67.172.234 - - [03/Apr/2017:09:30:19 -0300] "GET /cormun/servlet/trsolicitudot HTTP/1.1" 200 8357
186.67.172.234 - - [03/Apr/2017:09:30:19 -0300] "GET /cormun/servlet/trsolicitudot HTTP/1.1" 200 8356
186.67.172.234 - - [03/Apr/2017:09:30:22 -0300] "POST /cormun/servlet/trsolicitudot?12e528ae52d11881f4204852038133b0,gx-no-cache=1491222686294 HTTP/1.1" 200 107
186.67.172.234 - - [03/Apr/2017:09:30:22 -0300] "GET /cormun/servlet/trsolicitudadjuntos?2017,5854, HTTP/1.1" 200 8328
186.67.172.234 - - [03/Apr/2017:09:30:23 -0300] "GET /cormun/servlet/trsolicitudadjuntos?2017,5854, HTTP/1.1" 200 8326
192.168.10.13 - - [03/Apr/2017:09:30:26 -0300] "GET / HTTP/1.1" 200 11217
186.67.172.234 - - [03/Apr/2017:09:30:28 -0300] "GET /cormun/servlet/solicitudotadjuntos?INS,2017,5854,,2, HTTP/1.1" 200 6077
186.67.172.234 - - [03/Apr/2017:09:30:28 -0300] "GET /cormun/static/about:blank HTTP/1.1" 404 1011
186.67.172.234 - - [03/Apr/2017:09:30:28 -0300] "GET /cormun/servlet/solicitudotadjuntos?INS,2017,5854,,2, HTTP/1.1" 200 6070
186.67.172.234 - - [03/Apr/2017:09:30:28 -0300] "GET /cormun/servlet/solicitudotadjuntos?1151e585b4d29dfa596246d321a23b915dfbaf587eeb180c4d9f5c98de656e53c374db22655be1f1002698b8508f68ad,gx-no-cache=1491222692861 HTTP/1.1" 200 30
186.67.172.234 - - [03/Apr/2017:09:30:29 -0300] "POST /cormun/servlet/solicitudotadjuntos?12e528ae52d11881f4204852038133b0,INS,2017,5854,,2,,gx-no-cache=1491222692933 HTTP/1.1" 200 4007
186.67.172.234 - - [03/Apr/2017:09:30:32 -0300] "POST /cormun/servlet/solicitudotadjuntos?12e528ae52d11881f4204852038133b0,INS,2017,5854,,2,,gx-no-cache=1491222695922 HTTP/1.1" 200 90
186.67.172.234 - - [03/Apr/2017:09:30:32 -0300] "GET /cormun/servlet/hpexe_link HTTP/1.1" 200 984
186.67.172.234 - - [03/Apr/2017:09:30:32 -0300] "GET /cormun/servlet/trsolicitudadjuntos?2017,5854, HTTP/1.1" 200 8330
186.67.172.234 - - [03/Apr/2017:09:30:32 -0300] "GET /cormun/servlet/trsolicitudadjuntos?2017,5854, HTTP/1.1" 200 8326
186.67.172.234 - - [03/Apr/2017:09:30:35 -0300] "GET /cormun/servlet/solicitudotadjuntos?INS,2017,5854,,1, HTTP/1.1" 200 6079
186.67.172.234 - - [03/Apr/2017:09:30:35 -0300] "GET /cormun/static/about:blank HTTP/1.1" 404 1011
186.67.172.234 - - [03/Apr/2017:09:30:35 -0300] "GET /cormun/servlet/solicitudotadjuntos?INS,2017,5854,,1, HTTP/1.1" 200 6073
186.67.172.234 - - [03/Apr/2017:09:30:35 -0300] "GET /cormun/servlet/solicitudotadjuntos?1151e585b4d29dfa596246d321a23b915dfbaf587eeb180c4d9f5c98de656e53c374db22655be1f1002698b8508f68ad,gx-no-cache=1491222699734 HTTP/1.1" 200 30
186.67.172.234 - - [03/Apr/2017:09:30:35 -0300] "POST /cormun/servlet/solicitudotadjuntos?12e528ae52d11881f4204852038133b0,INS,2017,5854,,1,,gx-no-cache=1491222699803 HTTP/1.1" 200 3863
186.67.172.234 - - [03/Apr/2017:09:30:40 -0300] "POST /cormun/servlet/solicitudotadjuntos?gx-no-cache=1491222703969 HTTP/1.1" 200 26
186.67.172.234 - - [03/Apr/2017:09:30:40 -0300] "GET /cormun/servlet/solicitudotadjuntos?1151e585b4d29dfa596246d321a23b9117f425b13211647334f07c1df829b8eb,gx-no-cache=1491222704023 HTTP/1.1" 200 30
186.67.172.234 - - [03/Apr/2017:09:30:40 -0300] "GET /cormun/servlet/solicitudotadjuntos?1151e585b4d29dfa596246d321a23b9117f425b13211647334f07c1df829b8eb,gx-no-cache=1491222704089 HTTP/1.1" 200 30
186.67.172.234 - - [03/Apr/2017:09:30:40 -0300] "POST /cormun/servlet/solicitudotadjuntos?12e528ae52d11881f4204852038133b0,INS,2017,5854,,1,,gx-no-cache=1491222704146 HTTP/1.1" 200 93
186.67.172.234 - - [03/Apr/2017:09:30:40 -0300] "GET /cormun/servlet/hpexe_return? HTTP/1.1" 200 1029
186.79.13.190 - - [03/Apr/2017:09:30:40 -0300] "GET /cormun/servlet/hlogin HTTP/1.1" 200 1726
186.67.172.234 - - [03/Apr/2017:09:30:40 -0300] "GET /cormun/servlet/trsolicitudadjuntos?2017,5854, HTTP/1.1" 200 8490
186.67.172.234 - - [03/Apr/2017:09:30:41 -0300] "GET /cormun/servlet/trsolicitudadjuntos?2017,5854, HTTP/1.1" 200 8488
186.67.172.234 - - [03/Apr/2017:09:30:50 -0300] "GET /cormun/servlet/solicitudotadjuntos?DLT,2017,5854,CARNET,0, HTTP/1.1" 200 5970
186.67.172.234 - - [03/Apr/2017:09:30:50 -0300] "GET /cormun/static/about:blank HTTP/1.1" 404 1011
186.67.172.234 - - [03/Apr/2017:09:30:50 -0300] "GET /cormun/static/Shared/jqueryui/images/ui-bg_highlight-soft_100_c6c2c8_1x100.png HTTP/1.1" 404 1117
186.67.172.234 - - [03/Apr/2017:09:30:50 -0300] "GET /cormun/static/Shared/jqueryui/images/ui-icons_82798d_256x240.png HTTP/1.1" 404 1089
186.67.172.234 - - [03/Apr/2017:09:30:50 -0300] "GET /cormun/static/Shared/jqueryui/images/ui-icons_8d78a5_256x240.png HTTP/1.1" 404 1089
186.67.172.234 - - [03/Apr/2017:09:30:50 -0300] "GET /cormun/static/Shared/jqueryui/images/ui-bg_flat_55_fafafa_40x100.png HTTP/1.1" 404 1097
186.67.172.234 - - [03/Apr/2017:09:30:50 -0300] "GET /cormun/servlet/solicitudotadjuntos?DLT,2017,5854,CARNET,0, HTTP/1.1" 200 5964
186.67.172.234 - - [03/Apr/2017:09:30:54 -0300] "POST /cormun/servlet/solicitudotadjuntos?12e528ae52d11881f4204852038133b0,DLT,2017,5854,CARNET,0,,gx-no-cache=1491222718403 HTTP/1.1" 200 93
186.67.172.234 - - [03/Apr/2017:09:30:54 -0300] "GET /cormun/servlet/hpexe_return? HTTP/1.1" 200 1034
186.67.172.234 - - [03/Apr/2017:09:30:54 -0300] "GET /cormun/servlet/trsolicitudadjuntos?2017,5854, HTTP/1.1" 200 8332
186.67.172.234 - - [03/Apr/2017:09:30:55 -0300] "GET /cormun/servlet/trsolicitudadjuntos?2017,5854, HTTP/1.1" 200 8327
190.101.9.138 - - [03/Apr/2017:09:30:55 -0300] "GET /cormun/servlet/hlogin HTTP/1.1" 200 1722
186.79.13.190 - - [03/Apr/2017:09:30:55 -0300] "POST /cormun/servlet/hlogin?b2cdacf025c8339190d927eb52f59a89,gx-no-cache=1491222720349 HTTP/1.1" 200 90
186.79.13.190 - - [03/Apr/2017:09:30:55 -0300] "GET /cormun/servlet/hpexe_link HTTP/1.1" 200 958
186.79.13.190 - - [03/Apr/2017:09:30:55 -0300] "GET /cormun/servlet/hhome HTTP/1.1" 200 3749
186.67.172.234 - - [03/Apr/2017:09:30:57 -0300] "GET /cormun/servlet/solicitudotadjuntos?INS,2017,5854,,2, HTTP/1.1" 200 6077
186.67.172.234 - - [03/Apr/2017:09:30:58 -0300] "GET /cormun/static/about:blank HTTP/1.1" 404 1011
186.79.13.190 - - [03/Apr/2017:09:30:58 -0300] "GET /cormun/servlet/hhome HTTP/1.1" 200 3745
186.67.172.234 - - [03/Apr/2017:09:30:58 -0300] "GET /cormun/servlet/solicitudotadjuntos?INS,2017,5854,,2, HTTP/1.1" 200 6070
186.67.172.234 - - [03/Apr/2017:09:30:59 -0300] "GET /cormun/servlet/solicitudotadjuntos?1151e585b4d29dfa596246d321a23b915dfbaf587eeb180c4d9f5c98de656e53c374db22655be1f1002698b8508f68ad,gx-no-cache=1491222723129 HTTP/1.1" 200 30
186.67.172.234 - - [03/Apr/2017:09:30:59 -0300] "POST /cormun/servlet/solicitudotadjuntos?12e528ae52d11881f4204852038133b0,INS,2017,5854,,2,,gx-no-cache=1491222723164 HTTP/1.1" 200 4007
190.101.9.138 - - [03/Apr/2017:09:31:02 -0300] "POST /cormun/servlet/hlogin?a49d2daba12e255863cc11a594524077,gx-no-cache=1491222734116 HTTP/1.1" 200 90
190.101.9.138 - - [03/Apr/2017:09:31:02 -0300] "GET /cormun/servlet/hpexe_link HTTP/1.1" 200 947
190.101.9.138 - - [03/Apr/2017:09:31:02 -0300] "GET /cormun/static/hpexe_link.js?201731711483384 HTTP/1.1" 200 625
190.101.9.138 - - [03/Apr/2017:09:31:02 -0300] "GET /cormun/servlet/hhome HTTP/1.1" 200 3775
190.101.9.138 - - [03/Apr/2017:09:31:03 -0300] "GET /cormun/servlet/hhome HTTP/1.1" 200 3772
186.67.172.234 - - [03/Apr/2017:09:31:03 -0300] "POST /cormun/servlet/solicitudotadjuntos?12e528ae52d11881f4204852038133b0,INS,2017,5854,,2,,gx-no-cache=1491222727498 HTTP/1.1" 200 90
186.67.172.234 - - [03/Apr/2017:09:31:03 -0300] "GET /cormun/servlet/hpexe_link HTTP/1.1" 200 984
186.67.172.234 - - [03/Apr/2017:09:31:03 -0300] "GET /cormun/servlet/trsolicitudadjuntos?2017,5854, HTTP/1.1" 200 8328
186.67.172.234 - - [03/Apr/2017:09:31:04 -0300] "GET /cormun/servlet/trsolicitudadjuntos?2017,5854, HTTP/1.1" 200 8327
190.101.9.138 - - [03/Apr/2017:09:31:05 -0300] "GET /cormun/servlet/trsolicitudot? HTTP/1.1" 200 9134
190.101.9.138 - - [03/Apr/2017:09:31:06 -0300] "GET /cormun/servlet/trsolicitudot? HTTP/1.1" 200 9130
186.67.172.234 - - [03/Apr/2017:09:31:07 -0300] "GET /cormun/servlet/solicitudotadjuntos?INS,2017,5854,,1, HTTP/1.1" 200 6079
186.67.172.234 - - [03/Apr/2017:09:31:08 -0300] "GET /cormun/static/about:blank HTTP/1.1" 404 1011
186.67.172.234 - - [03/Apr/2017:09:31:08 -0300] "GET /cormun/servlet/solicitudotadjuntos?INS,2017,5854,,1, HTTP/1.1" 200 6073
186.67.172.234 - - [03/Apr/2017:09:31:08 -0300] "GET /cormun/servlet/solicitudotadjuntos?1151e585b4d29dfa596246d321a23b915dfbaf587eeb180c4d9f5c98de656e53c374db22655be1f1002698b8508f68ad,gx-no-cache=1491222732644 HTTP/1.1" 200 30
186.67.172.234 - - [03/Apr/2017:09:31:08 -0300] "POST /cormun/servlet/solicitudotadjuntos?12e528ae52d11881f4204852038133b0,INS,2017,5854,,1,,gx-no-cache=1491222732722 HTTP/1.1" 200 3863
186.67.172.234 - - [03/Apr/2017:09:31:11 -0300] "POST /cormun/servlet/solicitudotadjuntos?gx-no-cache=1491222735216 HTTP/1.1" 200 26
186.67.172.234 - - [03/Apr/2017:09:31:19 -0300] "GET /cormun/servlet/solicitudotadjuntos?1151e585b4d29dfa596246d321a23b9117f425b13211647334f07c1df829b8eb,gx-no-cache=1491222742977 HTTP/1.1" 200 30
186.67.172.234 - - [03/Apr/2017:09:31:19 -0300] "GET /cormun/servlet/solicitudotadjuntos?1151e585b4d29dfa596246d321a23b9117f425b13211647334f07c1df829b8eb,gx-no-cache=1491222743034 HTTP/1.1" 200 30
186.67.172.234 - - [03/Apr/2017:09:31:22 -0300] "POST /cormun/servlet/solicitudotadjuntos?12e528ae52d11881f4204852038133b0,INS,2017,5854,,1, HTTP/1.1" 200 116
186.67.172.234 - - [03/Apr/2017:09:31:22 -0300] "GET /cormun/servlet/hpexe_return? HTTP/1.1" 200 1029
186.67.172.234 - - [03/Apr/2017:09:31:22 -0300] "GET /cormun/servlet/trsolicitudadjuntos?2017,5854, HTTP/1.1" 200 8514
186.67.172.234 - - [03/Apr/2017:09:31:23 -0300] "GET /cormun/servlet/trsolicitudadjuntos?2017,5854, HTTP/1.1" 200 8513
192.168.10.13 - - [03/Apr/2017:09:31:26 -0300] "GET / HTTP/1.1" 200 11217
186.67.172.234 - - [03/Apr/2017:09:31:29 -0300] "GET /cormun/servlet/solicitudotadjuntos?INS,2017,5854,,1, HTTP/1.1" 200 6079
186.67.172.234 - - [03/Apr/2017:09:31:29 -0300] "GET /cormun/static/about:blank HTTP/1.1" 404 1011
186.67.172.234 - - [03/Apr/2017:09:31:29 -0300] "GET /cormun/servlet/solicitudotadjuntos?INS,2017,5854,,1, HTTP/1.1" 200 6073
186.67.172.234 - - [03/Apr/2017:09:31:30 -0300] "GET /cormun/servlet/solicitudotadjuntos?1151e585b4d29dfa596246d321a23b915dfbaf587eeb180c4d9f5c98de656e53c374db22655be1f1002698b8508f68ad,gx-no-cache=1491222754074 HTTP/1.1" 200 30
186.67.172.234 - - [03/Apr/2017:09:31:30 -0300] "POST /cormun/servlet/solicitudotadjuntos?12e528ae52d11881f4204852038133b0,INS,2017,5854,,1,,gx-no-cache=1491222754447 HTTP/1.1" 200 3863
186.67.172.234 - - [03/Apr/2017:09:31:33 -0300] "POST /cormun/servlet/solicitudotadjuntos?gx-no-cache=1491222757008 HTTP/1.1" 200 26
186.67.172.234 - - [03/Apr/2017:09:31:41 -0300] "GET /cormun/servlet/solicitudotadjuntos?1151e585b4d29dfa596246d321a23b9117f425b13211647334f07c1df829b8eb,gx-no-cache=1491222765265 HTTP/1.1" 200 30
186.67.172.234 - - [03/Apr/2017:09:31:41 -0300] "GET /cormun/servlet/solicitudotadjuntos?1151e585b4d29dfa596246d321a23b9117f425b13211647334f07c1df829b8eb,gx-no-cache=1491222765325 HTTP/1.1" 200 30
186.67.172.234 - - [03/Apr/2017:09:31:49 -0300] "POST /cormun/servlet/solicitudotadjuntos?12e528ae52d11881f4204852038133b0,INS,2017,5854,,1, HTTP/1.1" 200 116
186.67.172.234 - - [03/Apr/2017:09:31:49 -0300] "GET /cormun/servlet/hpexe_return? HTTP/1.1" 200 1029
186.67.172.234 - - [03/Apr/2017:09:31:49 -0300] "GET /cormun/servlet/trsolicitudadjuntos?2017,5854, HTTP/1.1" 200 8667
186.67.172.234 - - [03/Apr/2017:09:31:50 -0300] "GET /cormun/servlet/trsolicitudadjuntos?2017,5854, HTTP/1.1" 200 8665
186.67.172.234 - - [03/Apr/2017:09:31:56 -0300] "GET /cormun/servlet/solicitudotadjuntos?INS,2017,5854,,1, HTTP/1.1" 200 6079
186.67.172.234 - - [03/Apr/2017:09:31:56 -0300] "GET /cormun/static/about:blank HTTP/1.1" 404 1011
186.67.172.234 - - [03/Apr/2017:09:31:56 -0300] "GET /cormun/servlet/solicitudotadjuntos?INS,2017,5854,,1, HTTP/1.1" 200 6073
190.101.9.138 - - [03/Apr/2017:09:31:57 -0300] "GET /cormun/servlet/solicitudot?INS,0,0, HTTP/1.1" 200 12579
186.67.172.234 - - [03/Apr/2017:09:31:57 -0300] "GET /cormun/servlet/solicitudotadjuntos?1151e585b4d29dfa596246d321a23b915dfbaf587eeb180c4d9f5c98de656e53c374db22655be1f1002698b8508f68ad,gx-no-cache=1491222781229 HTTP/1.1" 200 30
186.67.172.234 - - [03/Apr/2017:09:31:57 -0300] "POST /cormun/servlet/solicitudotadjuntos?12e528ae52d11881f4204852038133b0,INS,2017,5854,,1,,gx-no-cache=1491222781308 HTTP/1.1" 200 3863
190.101.9.138 - - [03/Apr/2017:09:31:57 -0300] "GET /cormun/servlet/solicitudot?INS,0,0, HTTP/1.1" 200 12584
186.103.196.84 - - [03/Apr/2017:09:32:00 -0300] "GET /cormun/servlet/licenciaspermisos?da1bd31d31712e20b6f8b0dce451bbf8b7c73b0c7b5b07a637e010253f95696f6afc451a21f6980b3caf1e3bf48f966b8a7e43bf546dca2aa8dcb8266fdbce18169e8b7726bcccc621deb921acfc9f0afcf921376bfa9e8b8668905e56141469c2c30760216aaaa5a57e01fe77d94299107e641ecede3272a78d30af47a3e931184635363506be505ef366dd20bdb7b2c0ee6dcebdc596c1706334ead91f6bf53686c2c53ee1585148eae5af4017b3e2,gx-no-cache=1491222784488 HTTP/1.1" 200 30
186.103.196.84 - - [03/Apr/2017:09:32:00 -0300] "GET /cormun/servlet/licenciaspermisos?da1bd31d31712e20b6f8b0dce451bbf84c337ea08b818f6dcaaf5ea30b6eb62289b621e2704439d5a45a84814ea766753f202af4483795e9516b40d6ac2c1292d1ab855d0601e01cf6f4352f1bfcad93f386d615d8ae7e31d50c0a01bbdae3829d757d70ddb0d8d73458b82acb52e7a860bfb17c903d257859c075feeca39d464174ee52146c6b779b6ef89fc286f2752f87aa90a28848abe50bf061dc25b843a7088d9c782db4e5c7fe36815a2acfc7,gx-no-cache=1491222784665 HTTP/1.1" 200 29
186.103.196.84 - - [03/Apr/2017:09:32:01 -0300] "POST /cormun/servlet/licenciaspermisos?3c942f1f6b9acd3ac1502248d03ec1ae,INS,0,,,,gx-no-cache=1491222784759 HTTP/1.1" 200 93
186.103.196.84 - - [03/Apr/2017:09:32:01 -0300] "GET /cormun/servlet/hpexe_return? HTTP/1.1" 200 1012
186.103.196.84 - - [03/Apr/2017:09:32:01 -0300] "GET /cormun/static/Resources/Spanish/PXTools.css?167811 HTTP/1.1" 304 -
186.103.196.84 - - [03/Apr/2017:09:32:01 -0300] "GET /cormun/static/gxcfg.js?2016101716175148 HTTP/1.1" 304 -
186.103.196.84 - - [03/Apr/2017:09:32:01 -0300] "GET /cormun/static/hpexe_return.js?2016101716175153 HTTP/1.1" 304 -
186.103.196.84 - - [03/Apr/2017:09:32:02 -0300] "GET /cormun/servlet/trlicencias HTTP/1.1" 200 8000
186.67.172.234 - - [03/Apr/2017:09:32:02 -0300] "POST /cormun/servlet/solicitudotadjuntos?gx-no-cache=1491222786009 HTTP/1.1" 200 26
186.103.196.84 - - [03/Apr/2017:09:32:02 -0300] "GET /cormun/servlet/trlicencias HTTP/1.1" 200 7996
190.101.9.138 - - [03/Apr/2017:09:32:08 -0300] "POST /cormun/servlet/solicitudot?gx-no-cache=1491222800130 HTTP/1.1" 200 3192
190.101.9.138 - - [03/Apr/2017:09:32:09 -0300] "POST /cormun/servlet/solicitudot?a49d2daba12e255863cc11a594524077,INS,0,0,,gx-no-cache=1491222800426 HTTP/1.1" 200 9762
186.67.172.234 - - [03/Apr/2017:09:32:11 -0300] "GET /cormun/servlet/solicitudotadjuntos?1151e585b4d29dfa596246d321a23b9117f425b13211647334f07c1df829b8eb,gx-no-cache=1491222795721 HTTP/1.1" 200 30
186.67.172.234 - - [03/Apr/2017:09:32:11 -0300] "GET /cormun/servlet/solicitudotadjuntos?1151e585b4d29dfa596246d321a23b9117f425b13211647334f07c1df829b8eb,gx-no-cache=1491222795764 HTTP/1.1" 200 30
186.67.172.234 - - [03/Apr/2017:09:32:12 -0300] "POST /cormun/servlet/solicitudotadjuntos?12e528ae52d11881f4204852038133b0,INS,2017,5854,,1, HTTP/1.1" 200 116
186.67.172.234 - - [03/Apr/2017:09:32:12 -0300] "GET /cormun/servlet/hpexe_return? HTTP/1.1" 200 1029
186.67.172.234 - - [03/Apr/2017:09:32:12 -0300] "GET /cormun/servlet/trsolicitudadjuntos?2017,5854, HTTP/1.1" 200 8810
186.67.172.234 - - [03/Apr/2017:09:32:13 -0300] "GET /cormun/servlet/trsolicitudadjuntos?2017,5854, HTTP/1.1" 200 8807
186.67.172.234 - - [03/Apr/2017:09:32:17 -0300] "GET /cormun/servlet/solicitudotadjuntos?INS,2017,5854,,1, HTTP/1.1" 200 6079
186.67.172.234 - - [03/Apr/2017:09:32:18 -0300] "GET /cormun/static/about:blank HTTP/1.1" 404 1011
186.67.172.234 - - [03/Apr/2017:09:32:18 -0300] "GET /cormun/servlet/solicitudotadjuntos?INS,2017,5854,,1, HTTP/1.1" 200 6073
186.67.172.234 - - [03/Apr/2017:09:32:19 -0300] "GET /cormun/servlet/solicitudotadjuntos?1151e585b4d29dfa596246d321a23b915dfbaf587eeb180c4d9f5c98de656e53c374db22655be1f1002698b8508f68ad,gx-no-cache=1491222802454 HTTP/1.1" 200 30
186.67.172.234 - - [03/Apr/2017:09:32:22 -0300] "POST /cormun/servlet/solicitudotadjuntos?12e528ae52d11881f4204852038133b0,INS,2017,5854,,1,,gx-no-cache=1491222806727 HTTP/1.1" 200 3863
192.168.10.13 - - [03/Apr/2017:09:32:26 -0300] "GET / HTTP/1.1" 200 11217
186.67.172.234 - - [03/Apr/2017:09:32:28 -0300] "POST /cormun/servlet/solicitudotadjuntos?gx-no-cache=1491222812248 HTTP/1.1" 200 26
186.67.172.234 - - [03/Apr/2017:09:32:34 -0300] "GET /cormun/servlet/solicitudotadjuntos?1151e585b4d29dfa596246d321a23b9117f425b13211647334f07c1df829b8eb,gx-no-cache=1491222818785 HTTP/1.1" 200 30
186.67.172.234 - - [03/Apr/2017:09:32:34 -0300] "GET /cormun/servlet/solicitudotadjuntos?1151e585b4d29dfa596246d321a23b9117f425b13211647334f07c1df829b8eb,gx-no-cache=1491222818821 HTTP/1.1" 200 30
186.67.172.234 - - [03/Apr/2017:09:32:39 -0300] "POST /cormun/servlet/solicitudotadjuntos?12e528ae52d11881f4204852038133b0,INS,2017,5854,,1, HTTP/1.1" 200 116
186.67.172.234 - - [03/Apr/2017:09:32:39 -0300] "GET /cormun/servlet/hpexe_return? HTTP/1.1" 200 1029
186.67.172.234 - - [03/Apr/2017:09:32:40 -0300] "GET /cormun/servlet/trsolicitudadjuntos?2017,5854, HTTP/1.1" 200 9008
186.67.172.234 - - [03/Apr/2017:09:32:40 -0300] "GET /cormun/servlet/trsolicitudadjuntos?2017,5854, HTTP/1.1" 200 9004
186.67.172.234 - - [03/Apr/2017:09:32:51 -0300] "GET /cormun/servlet/solicitudotadjuntos?INS,2017,5854,,1, HTTP/1.1" 200 6079
186.67.172.234 - - [03/Apr/2017:09:32:51 -0300] "GET /cormun/static/about:blank HTTP/1.1" 404 1011
186.67.172.234 - - [03/Apr/2017:09:32:52 -0300] "GET /cormun/servlet/solicitudotadjuntos?INS,2017,5854,,1, HTTP/1.1" 200 6073
186.67.172.234 - - [03/Apr/2017:09:32:52 -0300] "GET /cormun/servlet/solicitudotadjuntos?1151e585b4d29dfa596246d321a23b915dfbaf587eeb180c4d9f5c98de656e53c374db22655be1f1002698b8508f68ad,gx-no-cache=1491222836560 HTTP/1.1" 200 30
186.67.172.234 - - [03/Apr/2017:09:32:52 -0300] "POST /cormun/servlet/solicitudotadjuntos?12e528ae52d11881f4204852038133b0,INS,2017,5854,,1,,gx-no-cache=1491222836688 HTTP/1.1" 200 3863
186.67.172.234 - - [03/Apr/2017:09:32:55 -0300] "POST /cormun/servlet/solicitudotadjuntos?gx-no-cache=1491222839609 HTTP/1.1" 200 26
186.67.172.234 - - [03/Apr/2017:09:33:07 -0300] "GET /cormun/servlet/solicitudotadjuntos?1151e585b4d29dfa596246d321a23b9117f425b13211647334f07c1df829b8eb,gx-no-cache=1491222851481 HTTP/1.1" 200 30
186.67.172.234 - - [03/Apr/2017:09:33:07 -0300] "GET /cormun/servlet/solicitudotadjuntos?1151e585b4d29dfa596246d321a23b9117f425b13211647334f07c1df829b8eb,gx-no-cache=1491222851535 HTTP/1.1" 200 30
186.67.172.234 - - [03/Apr/2017:09:33:07 -0300] "POST /cormun/servlet/solicitudotadjuntos?12e528ae52d11881f4204852038133b0,INS,2017,5854,,1, HTTP/1.1" 200 116
186.67.172.234 - - [03/Apr/2017:09:33:08 -0300] "GET /cormun/servlet/hpexe_return? HTTP/1.1" 200 1029
186.67.172.234 - - [03/Apr/2017:09:33:09 -0300] "GET /cormun/servlet/trsolicitudadjuntos?2017,5854, HTTP/1.1" 200 9221
186.67.172.234 - - [03/Apr/2017:09:33:09 -0300] "GET /cormun/servlet/trsolicitudadjuntos?2017,5854, HTTP/1.1" 200 9220
186.103.159.182 - - [03/Apr/2017:09:33:20 -0300] "GET /cormun/static/menuarrow.gif HTTP/1.1" 404 1015
192.168.10.13 - - [03/Apr/2017:09:33:26 -0300] "GET / HTTP/1.1" 200 11217
186.103.196.84 - - [03/Apr/2017:09:33:29 -0300] "GET /cormun/servlet/alicenciaprn?15105573,L,20170403000000,PU HTTP/1.1" 200 1531
192.168.10.89 - - [03/Apr/2017:09:33:33 -0300] "POST /cormun/servlet/trsolicitudgral?4d8e98b165bdebde4c04b7101f291737,,gx-no-cache=1491226090986 HTTP/1.1" 200 8564
186.103.196.84 - - [03/Apr/2017:09:33:46 -0300] "GET /cormun/servlet/trlicenciaspermisosadjuntos?15105573,20170403000000,L, HTTP/1.1" 200 6318
186.103.196.84 - - [03/Apr/2017:09:33:46 -0300] "GET /cormun/static/gxcfg.js?20173171154619 HTTP/1.1" 304 -
186.103.196.84 - - [03/Apr/2017:09:33:46 -0300] "GET /cormun/static/trlicenciaspermisosadjuntos.js?20173171154971 HTTP/1.1" 304 -
186.103.196.84 - - [03/Apr/2017:09:33:47 -0300] "GET /cormun/servlet/trlicenciaspermisosadjuntos?15105573,20170403000000,L, HTTP/1.1" 200 6318
186.103.196.84 - - [03/Apr/2017:09:33:48 -0300] "GET /cormun/servlet/licenciaspermisosadjuntos?INS,15105573,L,20170403000000,, HTTP/1.1" 200 5617
186.103.196.84 - - [03/Apr/2017:09:33:48 -0300] "GET /cormun/static/gxcfg.js?201731711421170 HTTP/1.1" 304 -
186.103.196.84 - - [03/Apr/2017:09:33:48 -0300] "GET /cormun/static/licenciaspermisosadjuntos.js?201731711421181 HTTP/1.1" 304 -
186.103.196.84 - - [03/Apr/2017:09:33:48 -0300] "GET /cormun/static/about:blank HTTP/1.1" 404 1011
186.103.196.84 - - [03/Apr/2017:09:33:49 -0300] "GET /cormun/servlet/licenciaspermisosadjuntos?INS,15105573,L,20170403000000,, HTTP/1.1" 200 5607
192.168.10.89 - - [03/Apr/2017:09:33:49 -0300] "GET /cormun/servlet/solicitudgral?UPD,2017,5817, HTTP/1.1" 200 12251
186.103.159.182 - - [03/Apr/2017:09:33:50 -0300] "POST /cormun/servlet/trvisualizadoreventos?5c8f4bd1b1f06532c7357a16d3c8a58e,,gx-no-cache=1491222897286 HTTP/1.1" 200 3972
192.168.10.89 - - [03/Apr/2017:09:33:51 -0300] "POST /cormun/servlet/solicitudgral?gx-no-cache=1491226108428 HTTP/1.1" 200 3141
192.168.10.89 - - [03/Apr/2017:09:33:51 -0300] "GET /cormun/servlet/solicitudgral?c5c1bc5753a6bf032c85100d59f8210a947a74fe54649c0971e7cbc171032d1990c24dc60011191010508b1f34fc46fbd2ea014ec1faef50d195f1cc2a77dbb5f8265592ad081eaa6f4c7aeea5f78b85b814c6dcf42850ad9b6d58ad4b27f950d33354ace88b31c2cfd8546d51c5f6a27b27f8f0cdd78ddda15ad9d4473c4e8b0514c52a2a69c65ed1d5700ada26786d2ca3a554a0c4fd4563dd71e3bedc02a01667b5220fd8e610251bd6a237aef41699433ce5ffe9c441a75b4e346aa5933e8c8165526f8a0a64507c5f21d2ae33adf3e2247ce6da16194aaa3d2266a96e51e323b78f403d5e0d8fe5a76f658d55cdfa716bbed0cf5ae05cdd4420e5acb86ba3a18626c750d5d1208684910d6e45123d1d771e5f5194cf5973e2ff732caaa1cc912d8144e8b5bbd91263e1ad58ff487c51b9ccdf753d54a55a1dab9d22bc7ce6d902ba6650b6a5c421ce321fe4113e,gx-no-cache=1491226108697 HTTP/1.1" 200 298
