186.103.196.84 - - [03/Apr/2017:10:13:15 -0300] "POST /cormun/servlet/trvisualizadoreventos?c828d775e91fc694875865878dedfaa4,,gx-no-cache=1491225259298 HTTP/1.1" 200 3958
186.103.196.84 - - [03/Apr/2017:10:13:16 -0300] "POST /cormun/servlet/trvisualizadoreventos?c828d775e91fc694875865878dedfaa4,,gx-no-cache=1491225260535 HTTP/1.1" 200 3958
186.103.196.84 - - [03/Apr/2017:10:13:17 -0300] "POST /cormun/servlet/trvisualizadoreventos?c828d775e91fc694875865878dedfaa4,,gx-no-cache=1491225261260 HTTP/1.1" 200 3958
186.103.196.84 - - [03/Apr/2017:10:13:19 -0300] "GET /cormun/servlet/avisualizareventos?0,0,ING,20170403,20170403,PU HTTP/1.1" 200 1026
192.168.10.13 - - [03/Apr/2017:10:13:26 -0300] "GET / HTTP/1.1" 200 11217
192.168.10.13 - - [03/Apr/2017:10:14:26 -0300] "GET / HTTP/1.1" 200 11217
186.103.159.182 - - [03/Apr/2017:10:14:36 -0300] "GET /cormun/servlet/trsolicitudot? HTTP/1.1" 200 10101
186.103.159.182 - - [03/Apr/2017:10:14:36 -0300] "GET /cormun/static/gxcfg.js?201731711505139 HTTP/1.1" 304 -
186.103.159.182 - - [03/Apr/2017:10:14:36 -0300] "GET /cormun/static/trsolicitudot.js?20173171151116 HTTP/1.1" 304 -
186.103.159.182 - - [03/Apr/2017:10:14:38 -0300] "GET /cormun/servlet/trsolicitudot? HTTP/1.1" 200 10100
186.103.159.182 - - [03/Apr/2017:10:14:42 -0300] "GET /cormun/servlet/solicitudot?INS,0,0, HTTP/1.1" 200 12850
186.103.159.182 - - [03/Apr/2017:10:14:43 -0300] "GET /cormun/static/Resources/Spanish/PXTools.css?18365030 HTTP/1.1" 304 -
186.103.159.182 - - [03/Apr/2017:10:14:43 -0300] "GET /cormun/static/gxcfg.js?20171191042720 HTTP/1.1" 200 953
186.103.159.182 - - [03/Apr/2017:10:14:43 -0300] "GET /cormun/static/solicitudot.js?2017119104297 HTTP/1.1" 304 -
186.103.159.182 - - [03/Apr/2017:10:14:44 -0300] "GET /cormun/servlet/solicitudot?INS,0,0, HTTP/1.1" 200 12855
186.103.159.182 - - [03/Apr/2017:10:15:08 -0300] "POST /cormun/servlet/solicitudot?gx-no-cache=1491225375365 HTTP/1.1" 200 3184
186.103.159.182 - - [03/Apr/2017:10:15:09 -0300] "POST /cormun/servlet/solicitudot?535f09d28060d4b20e8f1ec54b94403b,INS,0,0,,gx-no-cache=1491225375729 HTTP/1.1" 200 9979
192.168.10.13 - - [03/Apr/2017:10:15:26 -0300] "GET / HTTP/1.1" 200 11217
192.168.10.13 - - [03/Apr/2017:10:16:26 -0300] "GET / HTTP/1.1" 200 11217
186.103.159.182 - - [03/Apr/2017:10:16:56 -0300] "GET /cormun/servlet/solicitudot?3ce5dcd920667d22aa118f25eb255c2b1d5d286fb0f45ae551059157b1a542207ed502283adba80b8e5ce37497b5f1aa,gx-no-cache=1491225482663 HTTP/1.1" 200 30
186.103.159.182 - - [03/Apr/2017:10:16:56 -0300] "POST /cormun/servlet/solicitudot?gx-no-cache=1491225482751 HTTP/1.1" 200 297
186.103.159.182 - - [03/Apr/2017:10:16:56 -0300] "GET /cormun/servlet/solicitudot?3ce5dcd920667d22aa118f25eb255c2bdbff89d035e6e70a65f55f9a0a55dbebe0b926f8327ece489926afc2b7dc7e5569c6d7445b855142ede6a0ea9f7ef7d4295dbc737857a935721d631ca1a10e0d4f5e919da5733ff62817d0562a755447d34a155cc0e3834b5325eb615f22117b6aad54b8a53dc2f2cbf5875e13acfb1ba5b2a66bf7a7fbdef9127a18c817aa0739e2246c7f2e6739e51a15b9b635ccbbe8491e188e26bb3523ae4b0b66e5f23780a9bb84b53f63e356bd3e58fb103d5178e372978c02d7d3b5acba1019afb63f6c806ced035a4dc2e12f0ab2cddda60523b4ab7d067d7d82c15ed7e06336be98914c5b141c2f48a441b3f711891f13defccb38df60b9f4ad22b1423f7d318eb10b4223baa171747930d1b2e3caabe0e9aeaf1a00071fbf91c7605caf00eaee7067ce6ca81ff12274e870cc3b84e28edb06a36b83cc835b4635b5040b17660c9e816d90658722a4de1ff63536b2f1051e20ef94375a1edcf199a27f71170aac96b9bf1ad5ec7c515691e1c1e2d6b8ed37463076f0c1f8028adc955f7bd4298dd7,gx-no-cache=1491225482812 HTTP/1.1" 200 30
186.103.159.182 - - [03/Apr/2017:10:17:00 -0300] "POST /cormun/servlet/solicitudot?gx-no-cache=1491225487490 HTTP/1.1" 200 30
186.103.159.182 - - [03/Apr/2017:10:17:04 -0300] "POST /cormun/servlet/solicitudot?gx-no-cache=1491225490864 HTTP/1.1" 200 235
186.103.159.182 - - [03/Apr/2017:10:17:04 -0300] "POST /cormun/servlet/solicitudot?gx-no-cache=1491225491502 HTTP/1.1" 200 38
192.168.10.13 - - [03/Apr/2017:10:17:26 -0300] "GET / HTTP/1.1" 200 11217
192.168.10.13 - - [03/Apr/2017:10:18:26 -0300] "GET / HTTP/1.1" 200 11217
186.103.159.182 - - [03/Apr/2017:10:18:57 -0300] "GET /cormun/servlet/solicitudot?3ce5dcd920667d22aa118f25eb255c2b90b5f2247f2f1261aafb5ed2b55d91cf8cd7843f4300e36b643ba03b0b0c3452a67b965c398c29ee305a25fceec9070a04371359b1b7040f61ecfa8b90565b5606490a5cae4075cd06d52d00c0ef7e8128a7da8f1b27666a661546fa9e495c50,gx-no-cache=1491225604185 HTTP/1.1" 200 29
186.103.159.182 - - [03/Apr/2017:10:18:57 -0300] "POST /cormun/servlet/solicitudot?gx-no-cache=1491225604352 HTTP/1.1" 200 643
186.103.159.182 - - [03/Apr/2017:10:18:59 -0300] "POST /cormun/servlet/solicitudot?gx-no-cache=1491225606109 HTTP/1.1" 200 1157
192.168.10.13 - - [03/Apr/2017:10:19:26 -0300] "GET / HTTP/1.1" 200 11217
186.103.159.182 - - [03/Apr/2017:10:19:33 -0300] "POST /cormun/servlet/solicitudot?gx-no-cache=1491225640127 HTTP/1.1" 200 1275
186.103.159.182 - - [03/Apr/2017:10:19:33 -0300] "POST /cormun/servlet/solicitudot?gx-no-cache=1491225640276 HTTP/1.1" 200 1157
186.103.159.182 - - [03/Apr/2017:10:19:33 -0300] "GET /cormun/static/menuarrow.gif HTTP/1.1" 404 1015
186.103.159.182 - - [03/Apr/2017:10:19:38 -0300] "POST /cormun/servlet/solicitudot?gx-no-cache=1491225645381 HTTP/1.1" 200 1275
186.103.159.182 - - [03/Apr/2017:10:19:38 -0300] "POST /cormun/servlet/solicitudot?gx-no-cache=1491225645456 HTTP/1.1" 200 1157
186.103.159.182 - - [03/Apr/2017:10:20:05 -0300] "GET /cormun/servlet/solicitudot?3ce5dcd920667d22aa118f25eb255c2bf798b646588c0fd8f90683a42ff84dadaf3343bbf53b4c79bc427edce2bdbda30ac56412bafed531b22359d0f8b7e2e6cd5860cf0017b6a15b435541cfd52bd8793b6f34dd5097f9206719168b0f53c9a5b1c2aea958f576aaf8ebfc24e7f28c348ad740b5d17b934352ffa02a275088fd1e344f80b7dfebdec8da957dd5a5c2c3165e251e85d0e8820f9c9e7b8abf1eb95e8543d3b6fa103294c2a7db923939,gx-no-cache=1491225672022 HTTP/1.1" 200 30
200.73.230.173 - - [03/Apr/2017:10:20:24 -0300] "GET /cormun/servlet/trlicencias? HTTP/1.1" 200 6656
200.73.230.173 - - [03/Apr/2017:10:20:25 -0300] "GET /cormun/servlet/trlicencias? HTTP/1.1" 200 6655
192.168.10.13 - - [03/Apr/2017:10:20:26 -0300] "GET / HTTP/1.1" 200 11217
200.73.230.173 - - [03/Apr/2017:10:20:28 -0300] "GET /cormun/servlet/trlicencias? HTTP/1.1" 200 6655
200.73.230.173 - - [03/Apr/2017:10:20:29 -0300] "GET /cormun/servlet/trlicencias? HTTP/1.1" 200 6655
186.103.159.182 - - [03/Apr/2017:10:20:30 -0300] "POST /cormun/servlet/solicitudot?535f09d28060d4b20e8f1ec54b94403b,INS,0,0,,gx-no-cache=1491225696631 HTTP/1.1" 200 93
186.103.159.182 - - [03/Apr/2017:10:20:30 -0300] "GET /cormun/servlet/hpexe_return? HTTP/1.1" 200 1003
186.103.159.182 - - [03/Apr/2017:10:20:30 -0300] "GET /cormun/static/Resources/Spanish/PXTools.css?167811 HTTP/1.1" 304 -
186.103.159.182 - - [03/Apr/2017:10:20:30 -0300] "GET /cormun/static/gxcfg.js?2016101716175148 HTTP/1.1" 304 -
186.103.159.182 - - [03/Apr/2017:10:20:30 -0300] "GET /cormun/static/hpexe_return.js?2016101716175153 HTTP/1.1" 304 -
186.103.159.182 - - [03/Apr/2017:10:20:30 -0300] "GET /cormun/servlet/trsolicitudot HTTP/1.1" 200 10483
200.73.230.173 - - [03/Apr/2017:10:20:31 -0300] "GET /cormun/servlet/licenciaspermisos?INS,0,,, HTTP/1.1" 200 7202
200.73.230.173 - - [03/Apr/2017:10:20:32 -0300] "GET /cormun/servlet/licenciaspermisos?INS,0,,, HTTP/1.1" 200 7202
186.103.159.182 - - [03/Apr/2017:10:20:32 -0300] "GET /cormun/servlet/trsolicitudot HTTP/1.1" 200 10479
200.73.230.173 - - [03/Apr/2017:10:20:48 -0300] "GET /cormun/servlet/licenciaspermisos?e4d4eb99954ef1ed0b210a37461c3c7f0cebf7c34c3e7bb3b0a8a1d5a7d1217d8754e819a576d6eb05f82f211fa4a725,gx-no-cache=1491226452631 HTTP/1.1" 200 62
200.73.230.173 - - [03/Apr/2017:10:20:48 -0300] "POST /cormun/servlet/licenciaspermisos?294e66e4c0bce6f0e4f2d16ea1589d5b,INS,0,,,,gx-no-cache=1491226452701 HTTP/1.1" 200 4418
186.103.159.182 - - [03/Apr/2017:10:20:53 -0300] "POST /cormun/servlet/trsolicitudot?535f09d28060d4b20e8f1ec54b94403b,gx-no-cache=1491225719275 HTTP/1.1" 200 107
186.103.159.182 - - [03/Apr/2017:10:20:53 -0300] "GET /cormun/servlet/trsolicitudadjuntos?2017,5860, HTTP/1.1" 200 6148
186.103.159.182 - - [03/Apr/2017:10:20:53 -0300] "GET /cormun/static/gxcfg.js?201731711504543 HTTP/1.1" 200 953
186.103.159.182 - - [03/Apr/2017:10:20:53 -0300] "GET /cormun/static/trsolicitudadjuntos.js?201731711504951 HTTP/1.1" 200 17913
186.103.159.182 - - [03/Apr/2017:10:20:54 -0300] "GET /cormun/servlet/trsolicitudadjuntos?2017,5860, HTTP/1.1" 200 6148
186.103.159.182 - - [03/Apr/2017:10:21:09 -0300] "GET /cormun/servlet/solicitudotadjuntos?INS,2017,5860,,1, HTTP/1.1" 200 6087
186.103.159.182 - - [03/Apr/2017:10:21:09 -0300] "GET /cormun/static/gxcfg.js?201612218465951 HTTP/1.1" 200 953
186.103.159.182 - - [03/Apr/2017:10:21:09 -0300] "GET /cormun/static/solicitudotadjuntos.js?201612218465969 HTTP/1.1" 200 11762
186.103.159.182 - - [03/Apr/2017:10:21:10 -0300] "GET /cormun/static/about:blank HTTP/1.1" 404 1011
186.103.159.182 - - [03/Apr/2017:10:21:10 -0300] "GET /cormun/servlet/solicitudotadjuntos?INS,2017,5860,,1, HTTP/1.1" 200 6080
186.103.159.182 - - [03/Apr/2017:10:21:11 -0300] "GET /cormun/servlet/solicitudotadjuntos?3ce5dcd920667d22aa118f25eb255c2ba6cad285663b5320be3c15ff106dc9b54149775a28487dfe4d7aaaaa5b2f46ca,gx-no-cache=1491225737770 HTTP/1.1" 200 30
186.103.159.182 - - [03/Apr/2017:10:21:11 -0300] "POST /cormun/servlet/solicitudotadjuntos?535f09d28060d4b20e8f1ec54b94403b,INS,2017,5860,,1,,gx-no-cache=1491225737816 HTTP/1.1" 200 3822
192.168.10.13 - - [03/Apr/2017:10:21:26 -0300] "GET / HTTP/1.1" 200 11217
186.103.159.182 - - [03/Apr/2017:10:21:54 -0300] "POST /cormun/servlet/solicitudotadjuntos?gx-no-cache=1491225781437 HTTP/1.1" 200 26
186.103.159.182 - - [03/Apr/2017:10:22:13 -0300] "GET /cormun/servlet/solicitudotadjuntos?3ce5dcd920667d22aa118f25eb255c2b414903e21aff6e8a482a2b9146c02997,gx-no-cache=1491225799645 HTTP/1.1" 200 30
186.103.159.182 - - [03/Apr/2017:10:22:13 -0300] "GET /cormun/servlet/solicitudotadjuntos?3ce5dcd920667d22aa118f25eb255c2b414903e21aff6e8a482a2b9146c02997,gx-no-cache=1491225799706 HTTP/1.1" 200 30
186.103.159.182 - - [03/Apr/2017:10:22:14 -0300] "POST /cormun/servlet/solicitudotadjuntos?535f09d28060d4b20e8f1ec54b94403b,INS,2017,5860,,1, HTTP/1.1" 200 116
186.103.159.182 - - [03/Apr/2017:10:22:14 -0300] "GET /cormun/servlet/hpexe_return? HTTP/1.1" 200 1022
186.103.159.182 - - [03/Apr/2017:10:22:15 -0300] "GET /cormun/servlet/trsolicitudadjuntos?2017,5860, HTTP/1.1" 200 8308
186.103.159.182 - - [03/Apr/2017:10:22:16 -0300] "GET /cormun/servlet/trsolicitudadjuntos?2017,5860, HTTP/1.1" 200 8303
186.103.159.182 - - [03/Apr/2017:10:22:21 -0300] "GET /cormun/servlet/solicitudotadjuntos?INS,2017,5860,,1, HTTP/1.1" 200 6087
192.168.10.96 - - [03/Apr/2017:10:22:22 -0300] "GET /cormun/servlet/trconsultaempleado? HTTP/1.1" 200 5320
186.103.159.182 - - [03/Apr/2017:10:22:22 -0300] "GET /cormun/static/about:blank HTTP/1.1" 404 1011
192.168.10.96 - - [03/Apr/2017:10:22:22 -0300] "GET /cormun/static/gxcfg.js?2017319127961 HTTP/1.1" 304 -
192.168.10.96 - - [03/Apr/2017:10:22:22 -0300] "GET /cormun/static/trconsultaempleado.js?20173191271215 HTTP/1.1" 304 -
192.168.10.96 - - [03/Apr/2017:10:22:22 -0300] "GET /cormun/servlet/hlogin HTTP/1.1" 200 1745
192.168.10.96 - - [03/Apr/2017:10:22:22 -0300] "GET /cormun/servlet/trconsultaempleado? HTTP/1.1" 200 5314
186.103.159.182 - - [03/Apr/2017:10:22:23 -0300] "GET /cormun/servlet/solicitudotadjuntos?INS,2017,5860,,1, HTTP/1.1" 200 6079
186.103.159.182 - - [03/Apr/2017:10:22:23 -0300] "GET /cormun/servlet/solicitudotadjuntos?3ce5dcd920667d22aa118f25eb255c2ba6cad285663b5320be3c15ff106dc9b54149775a28487dfe4d7aaaaa5b2f46ca,gx-no-cache=1491225810252 HTTP/1.1" 200 30
186.103.159.182 - - [03/Apr/2017:10:22:23 -0300] "POST /cormun/servlet/solicitudotadjuntos?535f09d28060d4b20e8f1ec54b94403b,INS,2017,5860,,1,,gx-no-cache=1491225810329 HTTP/1.1" 200 3823
192.168.10.13 - - [03/Apr/2017:10:22:26 -0300] "GET / HTTP/1.1" 200 11217
186.103.159.182 - - [03/Apr/2017:10:22:27 -0300] "POST /cormun/servlet/solicitudotadjuntos?gx-no-cache=1491225813821 HTTP/1.1" 200 26
192.168.10.96 - - [03/Apr/2017:10:22:31 -0300] "POST /cormun/servlet/hlogin?fc0a6072d27d718febb888a238acdd92,gx-no-cache=1491229028295 HTTP/1.1" 200 457
192.168.10.96 - - [03/Apr/2017:10:22:34 -0300] "POST /cormun/servlet/hlogin?fc0a6072d27d718febb888a238acdd92,gx-no-cache=1491229031147 HTTP/1.1" 200 457
192.168.10.96 - - [03/Apr/2017:10:22:39 -0300] "POST /cormun/servlet/hlogin?fc0a6072d27d718febb888a238acdd92,gx-no-cache=1491229036145 HTTP/1.1" 200 90
192.168.10.96 - - [03/Apr/2017:10:22:39 -0300] "GET /cormun/servlet/hpexe_link HTTP/1.1" 200 962
192.168.10.96 - - [03/Apr/2017:10:22:39 -0300] "GET /cormun/servlet/trconsultaempleado HTTP/1.1" 200 9379
192.168.10.96 - - [03/Apr/2017:10:22:40 -0300] "GET /cormun/servlet/trconsultaempleado HTTP/1.1" 200 9377
192.168.10.96 - - [03/Apr/2017:10:22:43 -0300] "GET /cormun/servlet/trconsultaempleado? HTTP/1.1" 200 9377
192.168.10.96 - - [03/Apr/2017:10:22:44 -0300] "GET /cormun/servlet/trconsultaempleado? HTTP/1.1" 200 9377
186.103.159.182 - - [03/Apr/2017:10:22:48 -0300] "GET /cormun/servlet/solicitudotadjuntos?3ce5dcd920667d22aa118f25eb255c2b414903e21aff6e8a482a2b9146c02997,gx-no-cache=1491225835270 HTTP/1.1" 200 30
186.103.159.182 - - [03/Apr/2017:10:22:48 -0300] "GET /cormun/servlet/solicitudotadjuntos?3ce5dcd920667d22aa118f25eb255c2b414903e21aff6e8a482a2b9146c02997,gx-no-cache=1491225835369 HTTP/1.1" 200 30
186.103.159.182 - - [03/Apr/2017:10:22:51 -0300] "POST /cormun/servlet/solicitudotadjuntos?535f09d28060d4b20e8f1ec54b94403b,INS,2017,5860,,1, HTTP/1.1" 200 116
200.73.230.173 - - [03/Apr/2017:10:22:51 -0300] "GET /cormun/servlet/licenciaspermisos?e4d4eb99954ef1ed0b210a37461c3c7ff4d50568aebe5af31e8dc322f7303a8779ffd80556a6d5f36e4234f542d08528ff85ce45a0306caf8d87d49dc1ba598c85190d787657f108783ba8ca53def6bb12eb383d99008de3f4b98e20bee580e740cf01a250f9989e71472a2c82197e3fcb100673db04227a3327afa5d9317850132871dac9f1377035076af22f52f14c1d70a35dfe31cbedbc8d2a84327cce502c3ba07b9cccc43af9d463aa8012b583,gx-no-cache=1491226575546 HTTP/1.1" 200 30
186.103.159.182 - - [03/Apr/2017:10:22:51 -0300] "GET /cormun/servlet/hpexe_return? HTTP/1.1" 200 1022
186.103.159.182 - - [03/Apr/2017:10:22:52 -0300] "GET /cormun/servlet/trsolicitudadjuntos?2017,5860, HTTP/1.1" 200 8492
192.168.10.96 - - [03/Apr/2017:10:22:52 -0300] "POST /cormun/servlet/trconsultaempleado?fc0a6072d27d718febb888a238acdd92,,gx-no-cache=1491229049118 HTTP/1.1" 200 4199
186.103.159.182 - - [03/Apr/2017:10:22:53 -0300] "GET /cormun/servlet/trsolicitudadjuntos?2017,5860, HTTP/1.1" 200 8490
192.168.10.96 - - [03/Apr/2017:10:22:53 -0300] "GET /cormun/servlet/trsolicitudnombre?17136293, HTTP/1.1" 200 7385
192.168.10.96 - - [03/Apr/2017:10:22:53 -0300] "GET /cormun/static/gxcfg.js?20173171153130 HTTP/1.1" 304 -
192.168.10.96 - - [03/Apr/2017:10:22:53 -0300] "GET /cormun/static/trsolicitudnombre.js?2017317115367 HTTP/1.1" 304 -
192.168.10.96 - - [03/Apr/2017:10:22:53 -0300] "GET /cormun/servlet/trsolicitudnombre?17136293, HTTP/1.1" 200 7383
200.73.230.173 - - [03/Apr/2017:10:22:55 -0300] "GET /cormun/servlet/licenciaspermisos?e4d4eb99954ef1ed0b210a37461c3c7f2b0405a0145c7dbb81cb6efd34fce84f78314b6060e0caa37fb319e2877a6f8b692098f94803a888063e1bb30765c5bafe61b6fe3d54d0aff897cd35332562bc03484850ec6e76a441e11232a7fb5541dd94533e2a64f5351982712459a16b2f26995e7bdfef830010f8108baf7edcd0559b2c7de7fcbf913a0154920accf0c62c8d040f74311957ab57cd74ddc1e27044d45d2bfd2f8d4902757232db53f6a7,gx-no-cache=1491226578929 HTTP/1.1" 200 29
192.168.10.96 - - [03/Apr/2017:10:22:55 -0300] "GET /cormun/servlet/vesolicitudnombre?2017,5284,, HTTP/1.1" 200 8555
200.73.230.173 - - [03/Apr/2017:10:22:55 -0300] "POST /cormun/servlet/licenciaspermisos?294e66e4c0bce6f0e4f2d16ea1589d5b,INS,0,,,,gx-no-cache=1491226579044 HTTP/1.1" 200 93
192.168.10.96 - - [03/Apr/2017:10:22:55 -0300] "GET /cormun/static/gxcfg.js?20173171153010 HTTP/1.1" 304 -
192.168.10.96 - - [03/Apr/2017:10:22:55 -0300] "GET /cormun/pexe_scrolldiv.js HTTP/1.1" 404 1009
200.73.230.173 - - [03/Apr/2017:10:22:55 -0300] "GET /cormun/servlet/hpexe_return? HTTP/1.1" 200 1012
192.168.10.96 - - [03/Apr/2017:10:22:55 -0300] "GET /cormun/static/hwcviewtabs.js?20173171133571 HTTP/1.1" 304 -
192.168.10.96 - - [03/Apr/2017:10:22:55 -0300] "GET /cormun/static/hpexe_tabsview.js?201610171694228 HTTP/1.1" 304 -
192.168.10.96 - - [03/Apr/2017:10:22:55 -0300] "GET /cormun/static/tbsolicitudnombre01.js?2017110216261 HTTP/1.1" 304 -
192.168.10.96 - - [03/Apr/2017:10:22:55 -0300] "GET /cormun/static/vesolicitudnombre.js?20173171153072 HTTP/1.1" 304 -
192.168.10.96 - - [03/Apr/2017:10:22:55 -0300] "GET /cormun/pexe_scrolldiv.js HTTP/1.1" 404 1009
200.73.230.173 - - [03/Apr/2017:10:22:55 -0300] "GET /cormun/static/Resources/Spanish/PXTools.css?167811 HTTP/1.1" 304 -
200.73.230.173 - - [03/Apr/2017:10:22:55 -0300] "GET /cormun/static/gxcfg.js?2016101716175148 HTTP/1.1" 200 953
200.73.230.173 - - [03/Apr/2017:10:22:55 -0300] "GET /cormun/static/hpexe_return.js?2016101716175153 HTTP/1.1" 304 -
200.73.230.173 - - [03/Apr/2017:10:22:55 -0300] "GET /cormun/servlet/trlicencias HTTP/1.1" 200 7819
192.168.10.96 - - [03/Apr/2017:10:22:55 -0300] "GET /cormun/servlet/vesolicitudnombre?2017,5284,, HTTP/1.1" 200 8552
200.73.230.173 - - [03/Apr/2017:10:22:56 -0300] "GET /cormun/servlet/trlicencias HTTP/1.1" 200 7815
186.103.159.182 - - [03/Apr/2017:10:22:57 -0300] "GET /cormun/servlet/solicitudotadjuntos?INS,2017,5860,,1, HTTP/1.1" 200 6087
192.168.10.96 - - [03/Apr/2017:10:22:57 -0300] "GET /cormun/servlet/vesolicitudnombre?2017,5284,,SolicitudOTAdjuntos HTTP/1.1" 200 10446
192.168.10.96 - - [03/Apr/2017:10:22:57 -0300] "GET /cormun/pexe_scrolldiv.js HTTP/1.1" 404 1009
192.168.10.96 - - [03/Apr/2017:10:22:57 -0300] "GET /cormun/static/tbsolicitudnombre02.js?201612218422876 HTTP/1.1" 304 -
192.168.10.96 - - [03/Apr/2017:10:22:57 -0300] "GET /cormun/pexe_scrolldiv.js HTTP/1.1" 404 1009
192.168.10.96 - - [03/Apr/2017:10:22:58 -0300] "GET /cormun/servlet/vesolicitudnombre?2017,5284,,SolicitudOTAdjuntos HTTP/1.1" 200 10450
186.103.159.182 - - [03/Apr/2017:10:22:58 -0300] "GET /cormun/static/about:blank HTTP/1.1" 404 1011
186.103.159.182 - - [03/Apr/2017:10:22:58 -0300] "GET /cormun/servlet/solicitudotadjuntos?INS,2017,5860,,1, HTTP/1.1" 200 6079
186.103.159.182 - - [03/Apr/2017:10:22:58 -0300] "GET /cormun/servlet/solicitudotadjuntos?3ce5dcd920667d22aa118f25eb255c2ba6cad285663b5320be3c15ff106dc9b54149775a28487dfe4d7aaaaa5b2f46ca,gx-no-cache=1491225845388 HTTP/1.1" 200 30
192.168.10.96 - - [03/Apr/2017:10:22:58 -0300] "POST /cormun/servlet/acontrolpreferencessavestate?None,DZAMUDIO,true HTTP/1.1" 200 35
186.103.159.182 - - [03/Apr/2017:10:22:58 -0300] "POST /cormun/servlet/solicitudotadjuntos?535f09d28060d4b20e8f1ec54b94403b,INS,2017,5860,,1,,gx-no-cache=1491225845463 HTTP/1.1" 200 3821
192.168.10.96 - - [03/Apr/2017:10:23:00 -0300] "GET /cormun/PublicTempStorage/fot._cop._de_casebastian_sanchez20170307154910_001224640.pdf HTTP/1.1" 200 89418
186.103.159.182 - - [03/Apr/2017:10:23:03 -0300] "POST /cormun/servlet/solicitudotadjuntos?gx-no-cache=1491225850097 HTTP/1.1" 200 26
200.73.230.173 - - [03/Apr/2017:10:23:07 -0300] "GET /cormun/servlet/trlicenciaspermisosadjuntos?9148656,20170403000000,L, HTTP/1.1" 200 6161
200.73.230.173 - - [03/Apr/2017:10:23:07 -0300] "GET /cormun/static/gxcfg.js?20173171154619 HTTP/1.1" 200 953
200.73.230.173 - - [03/Apr/2017:10:23:07 -0300] "GET /cormun/static/trlicenciaspermisosadjuntos.js?20173171154971 HTTP/1.1" 304 -
200.73.230.173 - - [03/Apr/2017:10:23:08 -0300] "GET /cormun/servlet/trlicenciaspermisosadjuntos?9148656,20170403000000,L, HTTP/1.1" 200 6161
186.103.159.182 - - [03/Apr/2017:10:23:13 -0300] "GET /cormun/servlet/solicitudotadjuntos?3ce5dcd920667d22aa118f25eb255c2b414903e21aff6e8a482a2b9146c02997,gx-no-cache=1491225859854 HTTP/1.1" 200 30
186.103.159.182 - - [03/Apr/2017:10:23:13 -0300] "GET /cormun/servlet/solicitudotadjuntos?3ce5dcd920667d22aa118f25eb255c2b414903e21aff6e8a482a2b9146c02997,gx-no-cache=1491225859900 HTTP/1.1" 200 30
186.103.159.182 - - [03/Apr/2017:10:23:14 -0300] "POST /cormun/servlet/solicitudotadjuntos?535f09d28060d4b20e8f1ec54b94403b,INS,2017,5860,,1, HTTP/1.1" 200 116
186.103.159.182 - - [03/Apr/2017:10:23:14 -0300] "GET /cormun/servlet/hpexe_return? HTTP/1.1" 200 1022
200.73.230.173 - - [03/Apr/2017:10:23:15 -0300] "GET /cormun/servlet/licenciaspermisosadjuntos?INS,9148656,L,20170403000000,, HTTP/1.1" 200 5456
186.103.159.182 - - [03/Apr/2017:10:23:15 -0300] "GET /cormun/servlet/trsolicitudadjuntos?2017,5860, HTTP/1.1" 200 8637
200.73.230.173 - - [03/Apr/2017:10:23:15 -0300] "GET /cormun/static/gxcfg.js?201731711421170 HTTP/1.1" 200 953
200.73.230.173 - - [03/Apr/2017:10:23:15 -0300] "GET /cormun/static/licenciaspermisosadjuntos.js?201731711421181 HTTP/1.1" 304 -
200.73.230.173 - - [03/Apr/2017:10:23:15 -0300] "GET /cormun/static/about:blank HTTP/1.1" 404 1011
200.73.230.173 - - [03/Apr/2017:10:23:15 -0300] "GET /cormun/servlet/licenciaspermisosadjuntos?INS,9148656,L,20170403000000,, HTTP/1.1" 200 5446
186.103.159.182 - - [03/Apr/2017:10:23:16 -0300] "GET /cormun/servlet/trsolicitudadjuntos?2017,5860, HTTP/1.1" 200 8634
192.168.10.96 - - [03/Apr/2017:10:23:21 -0300] "GET /cormun/servlet/vesolicitudnombre?2017,5284,,SolicitudOTAdjuntos HTTP/1.1" 200 10446
192.168.10.96 - - [03/Apr/2017:10:23:22 -0300] "GET /cormun/servlet/vesolicitudnombre?2017,5284,,SolicitudOTAdjuntos HTTP/1.1" 200 10451
192.168.10.96 - - [03/Apr/2017:10:23:22 -0300] "POST /cormun/servlet/acontrolpreferencessavestate?None,DZAMUDIO,true HTTP/1.1" 200 35
192.168.10.96 - - [03/Apr/2017:10:23:23 -0300] "GET /cormun/PublicTempStorage/afp_sebastian_sanchez20170307154753_0017544438.pdf HTTP/1.1" 200 34642
192.168.10.13 - - [03/Apr/2017:10:23:26 -0300] "GET / HTTP/1.1" 200 11217
192.168.10.96 - - [03/Apr/2017:10:23:27 -0300] "GET /cormun/servlet/vesolicitudnombre?2017,5284,,SolicitudOTAdjuntos HTTP/1.1" 200 10447
192.168.10.96 - - [03/Apr/2017:10:23:27 -0300] "GET /cormun/servlet/vesolicitudnombre?2017,5284,,SolicitudOTAdjuntos HTTP/1.1" 200 10451
192.168.10.96 - - [03/Apr/2017:10:23:28 -0300] "POST /cormun/servlet/acontrolpreferencessavestate?None,DZAMUDIO,true HTTP/1.1" 200 35
192.168.10.96 - - [03/Apr/2017:10:23:29 -0300] "GET /cormun/PublicTempStorage/fonasasebastian_sanchez20170307155223_0013805030.pdf HTTP/1.1" 200 47046
192.168.10.96 - - [03/Apr/2017:10:23:33 -0300] "GET /cormun/servlet/vesolicitudnombre?2017,5284,,SolicitudOTAdjuntos HTTP/1.1" 200 10448
192.168.10.96 - - [03/Apr/2017:10:23:33 -0300] "GET /cormun/servlet/vesolicitudnombre?2017,5284,,SolicitudOTAdjuntos HTTP/1.1" 200 10450
192.168.10.96 - - [03/Apr/2017:10:23:34 -0300] "POST /cormun/servlet/acontrolpreferencessavestate?None,DZAMUDIO,true HTTP/1.1" 200 35
192.168.10.96 - - [03/Apr/2017:10:23:35 -0300] "GET /cormun/PublicTempStorage/cert._ant.sebastian_sanchez20170307154600_0014394169.pdf HTTP/1.1" 200 107742
192.168.10.96 - - [03/Apr/2017:10:23:40 -0300] "GET /cormun/servlet/vesolicitudnombre?2017,5284,,SolicitudOTAdjuntos HTTP/1.1" 200 10450
192.168.10.96 - - [03/Apr/2017:10:23:40 -0300] "GET /cormun/servlet/vesolicitudnombre?2017,5284,,SolicitudOTAdjuntos HTTP/1.1" 200 10451
192.168.10.96 - - [03/Apr/2017:10:23:41 -0300] "POST /cormun/servlet/acontrolpreferencessavestate?None,DZAMUDIO,true HTTP/1.1" 200 35
192.168.10.96 - - [03/Apr/2017:10:23:42 -0300] "GET /cormun/PublicTempStorage/curriculum_sebastian_sanchez20170307155604_0013527350.pdf HTTP/1.1" 200 143658
192.168.10.89 - - [03/Apr/2017:10:23:46 -0300] "POST /cormun/servlet/vevisualizador?4d8e98b165bdebde4c04b7101f291737,2017,5267,,SolicitudOTAdjuntos,gx-no-cache=1491229103565 HTTP/1.1" 200 90
192.168.10.89 - - [03/Apr/2017:10:23:46 -0300] "GET /cormun/servlet/hpexe_link HTTP/1.1" 200 988
192.168.10.96 - - [03/Apr/2017:10:23:46 -0300] "GET /cormun/servlet/vesolicitudnombre?2017,5284,,SolicitudOTAdjuntos HTTP/1.1" 200 10447
192.168.10.96 - - [03/Apr/2017:10:23:47 -0300] "GET /cormun/servlet/vesolicitudnombre?2017,5284,,SolicitudOTAdjuntos HTTP/1.1" 200 10449
192.168.10.96 - - [03/Apr/2017:10:23:47 -0300] "POST /cormun/servlet/acontrolpreferencessavestate?None,DZAMUDIO,true HTTP/1.1" 200 35
192.168.10.89 - - [03/Apr/2017:10:23:48 -0300] "GET /cormun/servlet/wbconsulta HTTP/1.1" 200 5356
192.168.10.96 - - [03/Apr/2017:10:23:48 -0300] "GET /cormun/PublicTempStorage/titulo_sebastian_sanchez20170307155041_001675246.pdf HTTP/1.1" 200 478098
200.73.230.173 - - [03/Apr/2017:10:23:58 -0300] "POST /cormun/servlet/licenciaspermisosadjuntos?294e66e4c0bce6f0e4f2d16ea1589d5b,INS,9148656,L,20170403000000,, HTTP/1.1" 200 116
200.73.230.173 - - [03/Apr/2017:10:23:58 -0300] "GET /cormun/servlet/hpexe_return? HTTP/1.1" 200 1041
200.73.230.173 - - [03/Apr/2017:10:23:58 -0300] "GET /cormun/servlet/trlicenciaspermisosadjuntos?9148656,20170403000000,L, HTTP/1.1" 200 6644
200.73.230.173 - - [03/Apr/2017:10:23:59 -0300] "GET /cormun/servlet/trlicenciaspermisosadjuntos?9148656,20170403000000,L, HTTP/1.1" 200 6642
200.73.230.173 - - [03/Apr/2017:10:24:00 -0300] "GET /cormun/PublicTempStorage/20170403_095731_clara_108816550.jpg HTTP/1.1" 200 1087741
200.73.230.173 - - [03/Apr/2017:10:24:03 -0300] "GET /cormun/servlet/licenciaspermisosadjuntos?INS,9148656,L,20170403000000,, HTTP/1.1" 200 5456
200.73.230.173 - - [03/Apr/2017:10:24:03 -0300] "GET /cormun/servlet/licenciaspermisosadjuntos?INS,9148656,L,20170403000000,, HTTP/1.1" 200 5446
200.73.230.173 - - [03/Apr/2017:10:24:04 -0300] "GET /cormun/servlet/trlicenciaspermisosadjuntos?9148656,20170403000000,L, HTTP/1.1" 200 6640
200.73.230.173 - - [03/Apr/2017:10:24:04 -0300] "GET /cormun/servlet/trlicenciaspermisosadjuntos?9148656,20170403000000,L, HTTP/1.1" 200 6642
200.73.230.173 - - [03/Apr/2017:10:24:04 -0300] "GET /cormun/servlet/trlicencias HTTP/1.1" 200 7819
200.73.230.173 - - [03/Apr/2017:10:24:05 -0300] "GET /cormun/servlet/trlicencias HTTP/1.1" 200 7815
200.73.230.173 - - [03/Apr/2017:10:24:06 -0300] "GET /cormun/servlet/licenciaspermisos?INS,0,,, HTTP/1.1" 200 7202
200.73.230.173 - - [03/Apr/2017:10:24:06 -0300] "GET /cormun/servlet/licenciaspermisos?INS,0,,, HTTP/1.1" 200 7202
200.73.230.173 - - [03/Apr/2017:10:24:07 -0300] "GET /cormun/servlet/trlicencias HTTP/1.1" 200 7819
200.73.230.173 - - [03/Apr/2017:10:24:08 -0300] "GET /cormun/servlet/trlicencias HTTP/1.1" 200 7815
192.168.10.89 - - [03/Apr/2017:10:24:09 -0300] "POST /cormun/servlet/wbconsulta?4d8e98b165bdebde4c04b7101f291737,gx-no-cache=1491229126501 HTTP/1.1" 200 104
192.168.10.89 - - [03/Apr/2017:10:24:09 -0300] "GET /cormun/servlet/vevisualizador?2017,5284, HTTP/1.1" 200 8759
192.168.10.89 - - [03/Apr/2017:10:24:09 -0300] "GET /cormun/pexe_scrolldiv.js HTTP/1.1" 404 1009
192.168.10.89 - - [03/Apr/2017:10:24:13 -0300] "GET /cormun/servlet/vevisualizador?2017,5284,,SolicitudOTAdjuntos HTTP/1.1" 200 10693
192.168.10.89 - - [03/Apr/2017:10:24:13 -0300] "GET /cormun/pexe_scrolldiv.js HTTP/1.1" 404 1009
192.168.10.89 - - [03/Apr/2017:10:24:16 -0300] "POST /cormun/servlet/acontrolpreferencessavestate?None,CDROGUETT,true HTTP/1.1" 200 35
192.168.10.89 - - [03/Apr/2017:10:24:17 -0300] "GET /cormun/PublicTempStorage/fot._cop._de_casebastian_sanchez20170307154910_0012794536.pdf HTTP/1.1" 200 89418
200.73.230.173 - - [03/Apr/2017:10:24:22 -0300] "GET /cormun/servlet/alicenciaprn?9148656,L,20170403000000,PU HTTP/1.1" 200 1529
192.168.10.13 - - [03/Apr/2017:10:24:26 -0300] "GET / HTTP/1.1" 200 11217
192.168.10.89 - - [03/Apr/2017:10:24:30 -0300] "GET /cormun/servlet/vevisualizador?2017,5284,,SolicitudOTAdjuntos HTTP/1.1" 200 10699
192.168.10.89 - - [03/Apr/2017:10:24:30 -0300] "GET /cormun/pexe_scrolldiv.js HTTP/1.1" 404 1009
192.168.10.89 - - [03/Apr/2017:10:24:31 -0300] "POST /cormun/servlet/acontrolpreferencessavestate?None,CDROGUETT,true HTTP/1.1" 200 35
192.168.10.89 - - [03/Apr/2017:10:24:32 -0300] "POST /cormun/servlet/vevisualizador?4d8e98b165bdebde4c04b7101f291737,2017,5284,,SolicitudOTAdjuntos,gx-no-cache=1491229149651 HTTP/1.1" 200 90
192.168.10.89 - - [03/Apr/2017:10:24:32 -0300] "GET /cormun/servlet/hpexe_link HTTP/1.1" 200 989
192.168.10.89 - - [03/Apr/2017:10:24:34 -0300] "GET /cormun/servlet/wbconsulta HTTP/1.1" 200 5356
192.168.10.89 - - [03/Apr/2017:10:24:39 -0300] "POST /cormun/servlet/wbconsulta?4d8e98b165bdebde4c04b7101f291737,gx-no-cache=1491229156659 HTTP/1.1" 200 90
192.168.10.89 - - [03/Apr/2017:10:24:39 -0300] "GET /cormun/servlet/hpexe_link HTTP/1.1" 200 966
192.168.10.89 - - [03/Apr/2017:10:24:41 -0300] "GET /cormun/servlet/trconsultaempleado? HTTP/1.1" 200 6652
200.73.230.173 - - [03/Apr/2017:10:25:08 -0300] "POST /cormun/servlet/trlicencias?294e66e4c0bce6f0e4f2d16ea1589d5b,gx-no-cache=1491226712186 HTTP/1.1" 200 4021
200.73.230.173 - - [03/Apr/2017:10:25:08 -0300] "GET /cormun/static/Shared/jqueryui/images/ui-bg_highlight-soft_100_c6c2c8_1x100.png HTTP/1.1" 404 1117
200.73.230.173 - - [03/Apr/2017:10:25:08 -0300] "GET /cormun/static/Shared/jqueryui/images/ui-icons_82798d_256x240.png HTTP/1.1" 404 1089
200.73.230.173 - - [03/Apr/2017:10:25:08 -0300] "GET /cormun/static/Shared/jqueryui/images/ui-bg_flat_55_fafafa_40x100.png HTTP/1.1" 404 1097
200.73.230.173 - - [03/Apr/2017:10:25:08 -0300] "GET /cormun/static/Shared/jqueryui/images/ui-icons_8d78a5_256x240.png HTTP/1.1" 404 1089
200.73.230.173 - - [03/Apr/2017:10:25:24 -0300] "GET /cormun/servlet/licenciaspermisos?INS,0,,, HTTP/1.1" 200 7202
200.73.230.173 - - [03/Apr/2017:10:25:24 -0300] "GET /cormun/servlet/licenciaspermisos?INS,0,,, HTTP/1.1" 200 7202
186.103.159.182 - - [03/Apr/2017:10:25:25 -0300] "GET /cormun/servlet/solicitudotadjuntos?INS,2017,5860,,1, HTTP/1.1" 200 6086
200.73.230.173 - - [03/Apr/2017:10:25:25 -0300] "GET /cormun/servlet/trlicencias? HTTP/1.1" 200 6655
200.73.230.173 - - [03/Apr/2017:10:25:26 -0300] "GET /cormun/servlet/trlicencias? HTTP/1.1" 200 6655
192.168.10.13 - - [03/Apr/2017:10:25:26 -0300] "GET / HTTP/1.1" 200 11217
186.103.156.24 - - [03/Apr/2017:10:25:26 -0300] "GET /cormun/servlet/hlogin HTTP/1.1" 200 1731
200.73.230.173 - - [03/Apr/2017:10:25:27 -0300] "GET /cormun/servlet/trlicencias? HTTP/1.1" 200 6656
186.103.156.24 - - [03/Apr/2017:10:25:27 -0300] "GET /cormun/static/gxcfg.js?201731711485472 HTTP/1.1" 304 -
186.103.156.24 - - [03/Apr/2017:10:25:27 -0300] "GET /cormun/static/Resources/Spanish/PXTools.css?11294912 HTTP/1.1" 304 -
186.103.156.24 - - [03/Apr/2017:10:25:27 -0300] "GET /cormun/static/messages.spa.js?85251 HTTP/1.1" 304 -
186.103.159.182 - - [03/Apr/2017:10:25:27 -0300] "GET /cormun/static/about:blank HTTP/1.1" 404 1011
186.103.159.182 - - [03/Apr/2017:10:25:27 -0300] "GET /cormun/servlet/solicitudotadjuntos?INS,2017,5860,,1, HTTP/1.1" 200 6079
186.103.156.24 - - [03/Apr/2017:10:25:27 -0300] "GET /cormun/static/hlogin.js?201731711485490 HTTP/1.1" 304 -
200.73.230.173 - - [03/Apr/2017:10:25:27 -0300] "GET /cormun/servlet/trlicencias? HTTP/1.1" 200 6655
186.103.156.24 - - [03/Apr/2017:10:25:27 -0300] "GET /cormun/servlet/hlogin HTTP/1.1" 200 1742
186.103.159.182 - - [03/Apr/2017:10:25:27 -0300] "GET /cormun/servlet/solicitudotadjuntos?3ce5dcd920667d22aa118f25eb255c2ba6cad285663b5320be3c15ff106dc9b54149775a28487dfe4d7aaaaa5b2f46ca,gx-no-cache=1491225994322 HTTP/1.1" 200 30
186.103.159.182 - - [03/Apr/2017:10:25:28 -0300] "POST /cormun/servlet/solicitudotadjuntos?535f09d28060d4b20e8f1ec54b94403b,INS,2017,5860,,1,,gx-no-cache=1491225994410 HTTP/1.1" 200 3822
186.103.156.24 - - [03/Apr/2017:10:25:30 -0300] "POST /cormun/servlet/hlogin?9cf0ba525fdec1f2d8f97cb90b00b2c2,gx-no-cache=1491226017938 HTTP/1.1" 200 90
186.103.156.24 - - [03/Apr/2017:10:25:30 -0300] "GET /cormun/servlet/hpexe_link HTTP/1.1" 200 946
186.103.156.24 - - [03/Apr/2017:10:25:30 -0300] "GET /cormun/static/gxcfg.js?201731711483381 HTTP/1.1" 200 953
186.103.156.24 - - [03/Apr/2017:10:25:30 -0300] "GET /cormun/static/hpexe_link.js?201731711483384 HTTP/1.1" 200 625
186.103.156.24 - - [03/Apr/2017:10:25:30 -0300] "GET /cormun/servlet/hhome HTTP/1.1" 200 3975
186.103.156.24 - - [03/Apr/2017:10:25:31 -0300] "GET /cormun/static/SmoothNavMenu/resources/ddsmoothmenu.css?1012540 HTTP/1.1" 200 2223
186.103.156.24 - - [03/Apr/2017:10:25:31 -0300] "GET /cormun/static/SmoothNavMenu/resources/ddsmoothmenu-v.css?1012540 HTTP/1.1" 200 1188
186.103.156.24 - - [03/Apr/2017:10:25:31 -0300] "GET /cormun/static/gxcfg.js?201731711483497 HTTP/1.1" 200 953
186.103.156.24 - - [03/Apr/2017:10:25:31 -0300] "GET /cormun/static/scaMessage/css/jquery.pnotify.default.css?1716380 HTTP/1.1" 200 1707
186.103.156.24 - - [03/Apr/2017:10:25:31 -0300] "GET /cormun/static/Shared/jqueryui/jquery-ui.min.css?1245370 HTTP/1.1" 200 30288
186.103.156.24 - - [03/Apr/2017:10:25:31 -0300] "GET /cormun/static/PXToolsJavascripts/pexe_autoreload.js HTTP/1.1" 200 1762
186.103.156.24 - - [03/Apr/2017:10:25:31 -0300] "GET /cormun/static/PXToolsJavascripts/pexe_cookies.js HTTP/1.1" 200 792
186.103.156.24 - - [03/Apr/2017:10:25:31 -0300] "GET /cormun/static/PXToolsJavascripts/pexe_windows.js HTTP/1.1" 200 15207
186.103.156.24 - - [03/Apr/2017:10:25:31 -0300] "GET /cormun/static/PXToolsJavascripts/pexe_grid.js HTTP/1.1" 200 7559
186.103.156.24 - - [03/Apr/2017:10:25:31 -0300] "GET /cormun/static/PXToolsJavascripts/pexe_griddivfix.js HTTP/1.1" 200 6644
186.103.156.24 - - [03/Apr/2017:10:25:31 -0300] "GET /cormun/static/PXToolsJavascripts/pexe_link.js HTTP/1.1" 200 5671
186.103.159.182 - - [03/Apr/2017:10:25:31 -0300] "POST /cormun/servlet/solicitudotadjuntos?gx-no-cache=1491225997790 HTTP/1.1" 200 26
186.103.156.24 - - [03/Apr/2017:10:25:31 -0300] "GET /cormun/static/PXToolsJavascripts/pexe_menudivfix.js HTTP/1.1" 200 333
186.103.156.24 - - [03/Apr/2017:10:25:31 -0300] "GET /cormun/static/PXToolsJavascripts/pexe_menus.js HTTP/1.1" 200 1286
186.103.156.24 - - [03/Apr/2017:10:25:31 -0300] "GET /cormun/static/PXToolsJavascripts/pexe_layers.js HTTP/1.1" 200 4114
186.103.156.24 - - [03/Apr/2017:10:25:31 -0300] "GET /cormun/static/PXToolsJavascripts/pexe_oav.js HTTP/1.1" 200 645
186.103.156.24 - - [03/Apr/2017:10:25:31 -0300] "GET /cormun/static/PXToolsJavascripts/pexe_picture.js HTTP/1.1" 200 689
186.103.156.24 - - [03/Apr/2017:10:25:31 -0300] "GET /cormun/static/PXToolsJavascripts/pexe_oavdivfix.js HTTP/1.1" 200 639
186.103.156.24 - - [03/Apr/2017:10:25:31 -0300] "GET /cormun/static/PXToolsJavascripts/pexe_popup.js HTTP/1.1" 200 13458
186.103.156.24 - - [03/Apr/2017:10:25:31 -0300] "GET /cormun/static/PXToolsJavascripts/pexe_tabdivfix.js HTTP/1.1" 200 876
186.103.156.24 - - [03/Apr/2017:10:25:31 -0300] "GET /cormun/static/PXToolsJavascripts/pexe_tabs.js HTTP/1.1" 200 3748
186.103.156.24 - - [03/Apr/2017:10:25:31 -0300] "GET /cormun/static/PXToolsJavascripts/pexe_upload.js HTTP/1.1" 200 1423
186.103.156.24 - - [03/Apr/2017:10:25:31 -0300] "GET /cormun/static/PXToolsJavascripts/PXToolsJavascriptsRender.js HTTP/1.1" 200 367
186.103.156.24 - - [03/Apr/2017:10:25:31 -0300] "GET /cormun/static/PXToolsJavascripts/pexe_scrolldiv.js HTTP/1.1" 200 4138
186.103.156.24 - - [03/Apr/2017:10:25:31 -0300] "GET /cormun/static/Shared/ext/locale/ext-lang-en.js HTTP/1.1" 200 10940
186.103.156.24 - - [03/Apr/2017:10:25:31 -0300] "GET /cormun/static/hhome.js?20173171148352 HTTP/1.1" 200 777
186.103.156.24 - - [03/Apr/2017:10:25:31 -0300] "GET /cormun/static/Resources/PXToolsHeaderActionsLeft.png HTTP/1.1" 200 1118
186.103.156.24 - - [03/Apr/2017:10:25:31 -0300] "GET /cormun/static/Resources/PXToolsFooterBackground2.png HTTP/1.1" 200 1172
186.103.156.24 - - [03/Apr/2017:10:25:32 -0300] "GET /cormun/static/RunJS/RunJS.js HTTP/1.1" 200 288
186.103.156.24 - - [03/Apr/2017:10:25:32 -0300] "GET /cormun/static/Resources/logo4.png HTTP/1.1" 200 6582
186.103.156.24 - - [03/Apr/2017:10:25:32 -0300] "GET /cormun/static/Resources/PXToolsDataTitle.png HTTP/1.1" 200 1173
186.103.156.24 - - [03/Apr/2017:10:25:32 -0300] "GET /cormun/static/Resources/PXToolsHeaderActionsBackground.png HTTP/1.1" 200 484
186.103.156.24 - - [03/Apr/2017:10:25:32 -0300] "GET /cormun/static/Resources/PXToolsHeaderBackground2.png HTTP/1.1" 200 1174
186.103.156.24 - - [03/Apr/2017:10:25:32 -0300] "GET /cormun/static/Resources/PXToolsHeaderSecurity.png HTTP/1.1" 200 4166
186.103.156.24 - - [03/Apr/2017:10:25:32 -0300] "GET /cormun/static/Resources/PXToolsHeaderActionsRight.png HTTP/1.1" 200 1201
186.103.156.24 - - [03/Apr/2017:10:25:32 -0300] "GET /cormun/static/Resources/PXToolsHeaderPreferences.png HTTP/1.1" 200 4189
186.103.156.24 - - [03/Apr/2017:10:25:32 -0300] "GET /cormun/static/Resources/PXToolsHeaderHome.png HTTP/1.1" 200 4147
186.103.156.24 - - [03/Apr/2017:10:25:32 -0300] "GET /cormun/static/hwchdr01.js?201731711335950 HTTP/1.1" 200 1183
186.103.156.24 - - [03/Apr/2017:10:25:32 -0300] "GET /cormun/static/hpexe_recentlink.js?201610171694390 HTTP/1.1" 200 2144
186.103.156.24 - - [03/Apr/2017:10:25:32 -0300] "GET /cormun/static/hpexe_scripts.js?201731711335890 HTTP/1.1" 200 1544
186.103.156.24 - - [03/Apr/2017:10:25:32 -0300] "GET /cormun/static/hpexe_messagecontroller.js?201610171694323 HTTP/1.1" 200 870
186.103.156.24 - - [03/Apr/2017:10:25:32 -0300] "GET /cormun/static/hpexe_messagegenexuscomponent.js?201731711335537 HTTP/1.1" 200 587
186.103.156.24 - - [03/Apr/2017:10:25:33 -0300] "GET /cormun/static/Resources/PXToolsHeaderLogin.png HTTP/1.1" 200 4279
186.103.156.24 - - [03/Apr/2017:10:25:33 -0300] "GET /cormun/static/hpexe_messagepopupcomponent.js?20161017169425 HTTP/1.1" 200 605
186.103.156.24 - - [03/Apr/2017:10:25:33 -0300] "GET /cormun/static/cmcontrolpreferences.js?201731711335852 HTTP/1.1" 200 1375
186.103.156.24 - - [03/Apr/2017:10:25:34 -0300] "GET /cormun/static/SmoothNavMenu/resources/ddsmoothmenu.js HTTP/1.1" 200 12712
186.103.156.24 - - [03/Apr/2017:10:25:34 -0300] "GET /cormun/static/SmoothNavMenu/resources/SmoothNavMenuRender.js HTTP/1.1" 200 5951
186.103.156.24 - - [03/Apr/2017:10:25:34 -0300] "GET /cormun/static/scaMessage/js/jquery.pnotify.min.js HTTP/1.1" 200 13038
186.103.156.24 - - [03/Apr/2017:10:25:35 -0300] "GET /cormun/static/scaMessage/scaMessageRender.js HTTP/1.1" 200 11977
186.103.156.24 - - [03/Apr/2017:10:25:35 -0300] "GET /cormun/static/hmpwkw03.js?201731711485354 HTTP/1.1" 200 3965
186.103.156.24 - - [03/Apr/2017:10:25:36 -0300] "GET /cormun/static/gxui/gxui-all.js HTTP/1.1" 200 107772
186.103.156.24 - - [03/Apr/2017:10:25:36 -0300] "GET /cormun/static/Shared/jquery/jquery-1.4.2.min.js HTTP/1.1" 200 72174
186.103.156.24 - - [03/Apr/2017:10:25:41 -0300] "GET /cormun/static/Shared/jqueryui/jquery-ui.min.js HTTP/1.1" 200 240427
186.103.159.182 - - [03/Apr/2017:10:25:43 -0300] "GET /cormun/servlet/solicitudotadjuntos?3ce5dcd920667d22aa118f25eb255c2b414903e21aff6e8a482a2b9146c02997,gx-no-cache=1491226009833 HTTP/1.1" 200 30
186.103.159.182 - - [03/Apr/2017:10:25:43 -0300] "GET /cormun/servlet/solicitudotadjuntos?3ce5dcd920667d22aa118f25eb255c2b414903e21aff6e8a482a2b9146c02997,gx-no-cache=1491226009905 HTTP/1.1" 200 30
186.103.159.182 - - [03/Apr/2017:10:25:45 -0300] "POST /cormun/servlet/solicitudotadjuntos?535f09d28060d4b20e8f1ec54b94403b,INS,2017,5860,,1, HTTP/1.1" 200 116
186.103.159.182 - - [03/Apr/2017:10:25:45 -0300] "GET /cormun/servlet/hpexe_return? HTTP/1.1" 200 1022
186.103.159.182 - - [03/Apr/2017:10:25:45 -0300] "GET /cormun/servlet/trsolicitudadjuntos?2017,5860, HTTP/1.1" 200 8775
186.103.159.182 - - [03/Apr/2017:10:25:47 -0300] "GET /cormun/servlet/trsolicitudadjuntos?2017,5860, HTTP/1.1" 200 8776
186.103.159.182 - - [03/Apr/2017:10:25:49 -0300] "GET /cormun/servlet/solicitudotadjuntos?INS,2017,5860,,1, HTTP/1.1" 200 6086
186.103.156.24 - - [03/Apr/2017:10:25:50 -0300] "GET /cormun/static/Shared/jquery/jquery-1.10.2.min.js HTTP/1.1" 200 273199
186.103.159.182 - - [03/Apr/2017:10:25:50 -0300] "GET /cormun/static/about:blank HTTP/1.1" 404 1011
186.103.159.182 - - [03/Apr/2017:10:25:51 -0300] "GET /cormun/servlet/solicitudotadjuntos?INS,2017,5860,,1, HTTP/1.1" 200 6079
186.103.159.182 - - [03/Apr/2017:10:25:51 -0300] "GET /cormun/servlet/solicitudotadjuntos?3ce5dcd920667d22aa118f25eb255c2ba6cad285663b5320be3c15ff106dc9b54149775a28487dfe4d7aaaaa5b2f46ca,gx-no-cache=1491226018137 HTTP/1.1" 200 30
186.103.159.182 - - [03/Apr/2017:10:25:51 -0300] "POST /cormun/servlet/solicitudotadjuntos?535f09d28060d4b20e8f1ec54b94403b,INS,2017,5860,,1,,gx-no-cache=1491226018217 HTTP/1.1" 200 3822
186.103.159.182 - - [03/Apr/2017:10:25:56 -0300] "POST /cormun/servlet/solicitudotadjuntos?gx-no-cache=1491226022758 HTTP/1.1" 200 26
186.103.159.182 - - [03/Apr/2017:10:26:05 -0300] "GET /cormun/servlet/solicitudotadjuntos?3ce5dcd920667d22aa118f25eb255c2b414903e21aff6e8a482a2b9146c02997,gx-no-cache=1491226031615 HTTP/1.1" 200 30
186.103.159.182 - - [03/Apr/2017:10:26:05 -0300] "GET /cormun/servlet/solicitudotadjuntos?3ce5dcd920667d22aa118f25eb255c2b414903e21aff6e8a482a2b9146c02997,gx-no-cache=1491226031661 HTTP/1.1" 200 30
186.103.159.182 - - [03/Apr/2017:10:26:06 -0300] "POST /cormun/servlet/solicitudotadjuntos?535f09d28060d4b20e8f1ec54b94403b,INS,2017,5860,,1, HTTP/1.1" 200 116
186.103.159.182 - - [03/Apr/2017:10:26:06 -0300] "GET /cormun/servlet/hpexe_return? HTTP/1.1" 200 1022
186.103.159.182 - - [03/Apr/2017:10:26:07 -0300] "GET /cormun/servlet/trsolicitudadjuntos?2017,5860, HTTP/1.1" 200 8973
186.103.159.182 - - [03/Apr/2017:10:26:09 -0300] "GET /cormun/servlet/trsolicitudadjuntos?2017,5860, HTTP/1.1" 200 8969
186.103.159.182 - - [03/Apr/2017:10:26:11 -0300] "GET /cormun/servlet/solicitudotadjuntos?INS,2017,5860,,1, HTTP/1.1" 200 6086
186.103.159.182 - - [03/Apr/2017:10:26:11 -0300] "GET /cormun/static/about:blank HTTP/1.1" 404 1011
186.103.159.182 - - [03/Apr/2017:10:26:12 -0300] "GET /cormun/servlet/solicitudotadjuntos?INS,2017,5860,,1, HTTP/1.1" 200 6079
186.103.159.182 - - [03/Apr/2017:10:26:13 -0300] "GET /cormun/servlet/solicitudotadjuntos?3ce5dcd920667d22aa118f25eb255c2ba6cad285663b5320be3c15ff106dc9b54149775a28487dfe4d7aaaaa5b2f46ca,gx-no-cache=1491226039625 HTTP/1.1" 200 30
186.103.159.182 - - [03/Apr/2017:10:26:13 -0300] "POST /cormun/servlet/solicitudotadjuntos?535f09d28060d4b20e8f1ec54b94403b,INS,2017,5860,,1,,gx-no-cache=1491226039683 HTTP/1.1" 200 3822
186.103.159.182 - - [03/Apr/2017:10:26:14 -0300] "POST /cormun/servlet/solicitudotadjuntos?gx-no-cache=1491226041319 HTTP/1.1" 200 26
186.103.156.24 - - [03/Apr/2017:10:26:16 -0300] "GET /cormun/servlet/hhome HTTP/1.1" 200 3962
186.103.156.24 - - [03/Apr/2017:10:26:16 -0300] "GET /cormun/static/Shared/ext/ext-all.js HTTP/1.1" 206 1
186.103.159.46 - - [03/Apr/2017:10:26:19 -0300] "GET /cormun/servlet/hhome HTTP/1.1" 200 3314
186.103.156.24 - - [03/Apr/2017:10:26:19 -0300] "GET /cormun/static/Shared/ext/ext-all.js HTTP/1.1" 206 176334
186.103.159.46 - - [03/Apr/2017:10:26:19 -0300] "GET /cormun/static/Resources/Spanish/PXTools.css?11294912 HTTP/1.1" 304 -
186.103.159.46 - - [03/Apr/2017:10:26:19 -0300] "GET /cormun/static/gxcfg.js?201731711483497 HTTP/1.1" 200 953
186.103.159.46 - - [03/Apr/2017:10:26:20 -0300] "GET /cormun/static/hhome.js?20173171148352 HTTP/1.1" 304 -
186.103.159.46 - - [03/Apr/2017:10:26:20 -0300] "GET /cormun/static/messages.spa.js?85251 HTTP/1.1" 200 30736
186.103.159.46 - - [03/Apr/2017:10:26:20 -0300] "GET /cormun/static/hwchdr01.js?201731711335950 HTTP/1.1" 304 -
186.103.159.46 - - [03/Apr/2017:10:26:20 -0300] "GET /cormun/static/hpexe_recentlink.js?201610171694390 HTTP/1.1" 304 -
186.103.159.46 - - [03/Apr/2017:10:26:20 -0300] "GET /cormun/static/hpexe_scripts.js?201731711335890 HTTP/1.1" 304 -
186.103.159.46 - - [03/Apr/2017:10:26:20 -0300] "GET /cormun/static/hpexe_messagecontroller.js?201610171694323 HTTP/1.1" 304 -
186.103.159.46 - - [03/Apr/2017:10:26:20 -0300] "GET /cormun/static/hpexe_messagepopupcomponent.js?20161017169425 HTTP/1.1" 304 -
186.103.159.46 - - [03/Apr/2017:10:26:20 -0300] "GET /cormun/static/hpexe_messagegenexuscomponent.js?201731711335537 HTTP/1.1" 304 -
186.103.159.46 - - [03/Apr/2017:10:26:20 -0300] "GET /cormun/static/cmcontrolpreferences.js?201731711335852 HTTP/1.1" 304 -
186.103.159.46 - - [03/Apr/2017:10:26:21 -0300] "GET /cormun/static/hmpwkw03.js?201731711485354 HTTP/1.1" 304 -
186.103.159.46 - - [03/Apr/2017:10:26:22 -0300] "GET /cormun/servlet/hhome HTTP/1.1" 200 3324
186.103.159.46 - - [03/Apr/2017:10:26:22 -0300] "GET /cormun/servlet/hlogin HTTP/1.1" 200 1734
186.103.159.46 - - [03/Apr/2017:10:26:22 -0300] "GET /cormun/static/gxcfg.js?201731711485472 HTTP/1.1" 200 953
186.103.159.46 - - [03/Apr/2017:10:26:22 -0300] "GET /cormun/static/hlogin.js?201731711485490 HTTP/1.1" 304 -
186.103.159.182 - - [03/Apr/2017:10:26:24 -0300] "POST /cormun/servlet/solicitudotadjuntos?gx-no-cache=1491226051180 HTTP/1.1" 200 26
192.168.10.13 - - [03/Apr/2017:10:26:26 -0300] "GET / HTTP/1.1" 200 11217
186.103.156.24 - - [03/Apr/2017:10:26:26 -0300] "GET /cormun/servlet/hlogin HTTP/1.1" 200 1716
186.103.159.182 - - [03/Apr/2017:10:26:35 -0300] "GET /cormun/servlet/solicitudotadjuntos?3ce5dcd920667d22aa118f25eb255c2b414903e21aff6e8a482a2b9146c02997,gx-no-cache=1491226062257 HTTP/1.1" 200 30
186.103.159.182 - - [03/Apr/2017:10:26:35 -0300] "GET /cormun/servlet/solicitudotadjuntos?3ce5dcd920667d22aa118f25eb255c2b414903e21aff6e8a482a2b9146c02997,gx-no-cache=1491226062303 HTTP/1.1" 200 30
186.103.159.182 - - [03/Apr/2017:10:26:37 -0300] "POST /cormun/servlet/solicitudotadjuntos?535f09d28060d4b20e8f1ec54b94403b,INS,2017,5860,,1, HTTP/1.1" 200 116
186.103.159.182 - - [03/Apr/2017:10:26:37 -0300] "GET /cormun/servlet/hpexe_return? HTTP/1.1" 200 1022
186.103.159.182 - - [03/Apr/2017:10:26:37 -0300] "GET /cormun/servlet/trsolicitudadjuntos?2017,5860, HTTP/1.1" 200 9173
186.103.159.182 - - [03/Apr/2017:10:26:39 -0300] "GET /cormun/servlet/trsolicitudadjuntos?2017,5860, HTTP/1.1" 200 9174
186.103.156.24 - - [03/Apr/2017:10:26:43 -0300] "POST /cormun/servlet/hlogin?9cf0ba525fdec1f2d8f97cb90b00b2c2,gx-no-cache=1491226093494 HTTP/1.1" 200 90
186.103.156.24 - - [03/Apr/2017:10:26:43 -0300] "GET /cormun/servlet/hpexe_link HTTP/1.1" 200 946
186.103.156.24 - - [03/Apr/2017:10:26:44 -0300] "GET /cormun/servlet/hhome HTTP/1.1" 200 3975
186.103.156.24 - - [03/Apr/2017:10:26:45 -0300] "GET /cormun/servlet/hhome HTTP/1.1" 200 3971
186.103.156.24 - - [03/Apr/2017:10:26:45 -0300] "GET /cormun/static/SmoothNavMenu/resources/images/down.gif HTTP/1.1" 200 854
186.103.156.24 - - [03/Apr/2017:10:26:45 -0300] "GET /cormun/static/SmoothNavMenu/resources/images/right.gif HTTP/1.1" 200 860
186.103.156.24 - - [03/Apr/2017:10:26:48 -0300] "GET /cormun/servlet/trlicencias? HTTP/1.1" 200 7995
186.103.156.24 - - [03/Apr/2017:10:26:49 -0300] "GET /cormun/static/calendar-system.css?85620 HTTP/1.1" 200 5572
186.103.156.24 - - [03/Apr/2017:10:26:49 -0300] "GET /cormun/static/gxcfg.js?2016122619301429 HTTP/1.1" 200 953
186.103.156.24 - - [03/Apr/2017:10:26:49 -0300] "GET /cormun/static/gxui/gxui-all.css?120300 HTTP/1.1" 200 2179
186.103.156.24 - - [03/Apr/2017:10:26:49 -0300] "GET /cormun/static/calendar.js?85251 HTTP/1.1" 200 26246
186.103.156.24 - - [03/Apr/2017:10:26:49 -0300] "GET /cormun/static/calendar-setup.js?85251 HTTP/1.1" 200 2588
186.103.156.24 - - [03/Apr/2017:10:26:49 -0300] "GET /cormun/static/calendar-es.js?85251 HTTP/1.1" 200 1901
186.103.156.24 - - [03/Apr/2017:10:26:50 -0300] "GET /cormun/static/Resources/Spanish/PXTools.css?18365030 HTTP/1.1" 200 89042
186.103.156.24 - - [03/Apr/2017:10:26:51 -0300] "GET /cormun/static/gxdec.js?85251 HTTP/1.1" 200 19579
186.103.159.46 - - [03/Apr/2017:10:26:52 -0300] "POST /cormun/servlet/hlogin?21d226aacbcdaf523944429e6a96aec9,gx-no-cache=1491226078803 HTTP/1.1" 200 444
186.103.156.24 - - [03/Apr/2017:10:26:52 -0300] "GET /cormun/static/trlicencias.js?2016122619301919 HTTP/1.1" 200 37913
186.103.156.24 - - [03/Apr/2017:10:26:53 -0300] "GET /cormun/static/Resources/PXTools/calendar.png HTTP/1.1" 200 1306
186.103.156.24 - - [03/Apr/2017:10:26:53 -0300] "GET /cormun/static/Resources/PXToolsDataSearch.png HTTP/1.1" 200 419
186.103.156.24 - - [03/Apr/2017:10:26:53 -0300] "GET /cormun/static/Resources/PXToolsGridFirstDisabled.gif HTTP/1.1" 200 100
186.103.156.24 - - [03/Apr/2017:10:26:53 -0300] "GET /cormun/static/Resources/PXToolsGridPreviousDisabled.gif HTTP/1.1" 200 90
186.103.156.24 - - [03/Apr/2017:10:26:53 -0300] "GET /cormun/static/Resources/PXToolsGridNextDisabled.gif HTTP/1.1" 200 90
186.103.156.24 - - [03/Apr/2017:10:26:53 -0300] "GET /cormun/static/Resources/PXToolsGridLastDisabled.gif HTTP/1.1" 200 98
186.103.156.24 - - [03/Apr/2017:10:26:53 -0300] "GET /cormun/static/Resources/PXToolsGridPage.gif HTTP/1.1" 200 725
186.103.156.24 - - [03/Apr/2017:10:26:53 -0300] "GET /cormun/static/Resources/PXToolsActionExcel.png HTTP/1.1" 200 3187
186.103.156.24 - - [03/Apr/2017:10:26:53 -0300] "GET /cormun/static/Resources/PXToolsGridNew.png HTTP/1.1" 200 2949
186.103.156.24 - - [03/Apr/2017:10:27:01 -0300] "GET /cormun/static/Shared/ext/resources/css/ext-all.css?215870 HTTP/1.1" 200 416045
186.103.159.46 - - [03/Apr/2017:10:27:03 -0300] "POST /cormun/servlet/hlogin?21d226aacbcdaf523944429e6a96aec9,gx-no-cache=1491226089355 HTTP/1.1" 200 90
186.103.159.46 - - [03/Apr/2017:10:27:03 -0300] "GET /cormun/servlet/hpexe_link HTTP/1.1" 200 952
186.103.159.46 - - [03/Apr/2017:10:27:03 -0300] "GET /cormun/static/gxcfg.js?201731711483381 HTTP/1.1" 200 953
186.103.159.46 - - [03/Apr/2017:10:27:03 -0300] "GET /cormun/static/hpexe_link.js?201731711483384 HTTP/1.1" 304 -
186.103.159.46 - - [03/Apr/2017:10:27:03 -0300] "GET /cormun/servlet/hhome HTTP/1.1" 200 3780
186.79.31.194 - - [03/Apr/2017:10:27:04 -0300] "GET /cormun/servlet/hlogin HTTP/1.1" 200 1726
186.79.31.194 - - [03/Apr/2017:10:27:04 -0300] "GET /cormun/static/Resources/Spanish/PXTools.css?11294912 HTTP/1.1" 304 -
186.79.31.194 - - [03/Apr/2017:10:27:04 -0300] "GET /cormun/static/gxtimezone.js?85251 HTTP/1.1" 304 -
186.79.31.194 - - [03/Apr/2017:10:27:04 -0300] "GET /cormun/static/gxcfg.js?201731711485472 HTTP/1.1" 304 -
186.79.31.194 - - [03/Apr/2017:10:27:04 -0300] "GET /cormun/static/messages.spa.js?85251 HTTP/1.1" 304 -
