192.168.10.89 - - [03/Apr/2017:09:33:56 -0300] "GET /cormun/servlet/solicitudgral?c5c1bc5753a6bf032c85100d59f8210ace27e69e5f470a3185f80d36afdfd7fbf60c61dd0b40faf3f59f0ee0156580b96e2724988741d4d20c9cb81805c4b971e5709b626833ec4989e8eb26d45948c44d9cffcab6abd4b4a32afe8dd1a6b4f9977853f40969177f7bf1ca5c8d2c0891fcaeea9988fa4f77dbbeea07421f00e9c6ead2c465acb38477da4dc391fdd797eb29b4c756bfc5c572744ed195f57780f60aa9f2547b4b5b3cfa53485d4152de36f25dedd33d30b6e991cc4618eff51ec72036ba5a091406f56b33bf4a42b78f69ebcc9bf4bf2e173c194075440326d57db1babdce8005ac20823eb7535ff39db4c63b24668a691a7469fa46451ead1bb025b91ce2fe8bcd68afad3d6d76c9f6db348b547646c1637381f16a340e6107bffef449fec4e7572b05c38052f4b724a2e86f7b908aa56f63d3d5016d5591c761a7f5e6408d9563ad1d69c6ba127091d94aa694a3025628357eb8b790d42c3fe1bf38e737e18ffa0642fd1bb83f9813e49411cc72a2f20c101350dd02069c3821dc456a43f554dd61c50980e064c09e254b9f6979f9504ac0eccae77dfeb34939f03cf96ba1d812051af927298a21c0b5b19f8d46afd0513d81c803ec4687e722a380b2fd8d025e2579c1de1c5f8bbcc7b3ec405ecff035467bd28b0b4411d49aaff56135c65d09856607edff410b3c250b959c9d063620359d41e2b18d243ed8ff864bd03adafc91d3c4cf051f75ce0aa916aaf86192a87c53a33a70bee4a1c7924b6c9dacaf236874f8cb4f45ad1d,gx-no-cache=1491226113616 HTTP/1.1" 200 48
192.168.10.89 - - [03/Apr/2017:09:33:56 -0300] "POST /cormun/servlet/solicitudgral?4d8e98b165bdebde4c04b7101f291737,UPD,2017,5817,,gx-no-cache=1491226113648 HTTP/1.1" 200 10627
192.168.10.89 - - [03/Apr/2017:09:33:56 -0300] "GET /cormun/servlet/solicitudgral?c5c1bc5753a6bf032c85100d59f8210a072e287997357dd9ee3ffb31eda34a5cfed8bff9226fc3178551821abc493e9a2c97b64ba059b12407911a641c71e8adf0964583bca6b60eebd14e5b0e30d7fa30aa4eca51630feab52bec60059bfe31a6431d9d2d9fcd00cfda1534e545fb9c,gx-no-cache=1491226113870 HTTP/1.1" 200 29
192.168.10.89 - - [03/Apr/2017:09:33:56 -0300] "POST /cormun/servlet/solicitudgral?gx-no-cache=1491226113916 HTTP/1.1" 200 1250
192.168.10.89 - - [03/Apr/2017:09:33:56 -0300] "POST /cormun/servlet/solicitudgral?gx-no-cache=1491226113962 HTTP/1.1" 200 1154
186.103.159.182 - - [03/Apr/2017:09:34:00 -0300] "POST /cormun/servlet/trvisualizadoreventos?5c8f4bd1b1f06532c7357a16d3c8a58e,,gx-no-cache=1491222906503 HTTP/1.1" 200 3972
186.103.196.84 - - [03/Apr/2017:09:34:00 -0300] "POST /cormun/servlet/licenciaspermisosadjuntos?3c942f1f6b9acd3ac1502248d03ec1ae,INS,15105573,L,20170403000000,, HTTP/1.1" 200 116
186.103.196.84 - - [03/Apr/2017:09:34:00 -0300] "GET /cormun/servlet/hpexe_return? HTTP/1.1" 200 1042
186.103.196.84 - - [03/Apr/2017:09:34:00 -0300] "GET /cormun/servlet/trlicenciaspermisosadjuntos?15105573,20170403000000,L, HTTP/1.1" 200 6787
186.103.196.84 - - [03/Apr/2017:09:34:01 -0300] "GET /cormun/servlet/trlicenciaspermisosadjuntos?15105573,20170403000000,L, HTTP/1.1" 200 6785
186.103.196.84 - - [03/Apr/2017:09:34:03 -0300] "GET /cormun/servlet/trlicencias? HTTP/1.1" 200 7997
186.103.196.84 - - [03/Apr/2017:09:34:03 -0300] "GET /cormun/servlet/trlicencias? HTTP/1.1" 200 7996
186.103.159.182 - - [03/Apr/2017:09:34:13 -0300] "POST /cormun/servlet/trvisualizadoreventos?5c8f4bd1b1f06532c7357a16d3c8a58e,,gx-no-cache=1491222919188 HTTP/1.1" 200 4322
192.168.10.13 - - [03/Apr/2017:09:34:26 -0300] "GET / HTTP/1.1" 200 11217
186.103.196.84 - - [03/Apr/2017:09:34:50 -0300] "POST /cormun/servlet/trlicencias?3c942f1f6b9acd3ac1502248d03ec1ae,,gx-no-cache=1491222954514 HTTP/1.1" 200 4246
186.103.196.84 - - [03/Apr/2017:09:34:50 -0300] "GET /cormun/static/Shared/jqueryui/images/ui-bg_highlight-soft_100_c6c2c8_1x100.png HTTP/1.1" 404 1117
186.103.196.84 - - [03/Apr/2017:09:34:50 -0300] "GET /cormun/static/Shared/jqueryui/images/ui-icons_82798d_256x240.png HTTP/1.1" 404 1089
186.103.196.84 - - [03/Apr/2017:09:34:51 -0300] "GET /cormun/static/Shared/jqueryui/images/ui-bg_flat_55_fafafa_40x100.png HTTP/1.1" 404 1097
186.103.196.84 - - [03/Apr/2017:09:34:51 -0300] "GET /cormun/static/Shared/jqueryui/images/ui-icons_8d78a5_256x240.png HTTP/1.1" 404 1089
200.83.57.219 - - [03/Apr/2017:09:35:14 -0300] "GET /cormun/servlet/hlogin HTTP/1.1" 200 1724
200.83.57.219 - - [03/Apr/2017:09:35:14 -0300] "GET /cormun/static/Resources/Spanish/PXTools.css?11294912 HTTP/1.1" 304 -
200.83.57.219 - - [03/Apr/2017:09:35:14 -0300] "GET /cormun/static/gxtimezone.js?85251 HTTP/1.1" 304 -
200.83.57.219 - - [03/Apr/2017:09:35:14 -0300] "GET /cormun/static/gxcfg.js?201731711485472 HTTP/1.1" 304 -
200.83.57.219 - - [03/Apr/2017:09:35:14 -0300] "GET /cormun/static/messages.spa.js?85251 HTTP/1.1" 304 -
200.83.57.219 - - [03/Apr/2017:09:35:14 -0300] "GET /cormun/static/hlogin.js?201731711485490 HTTP/1.1" 304 -
200.83.57.219 - - [03/Apr/2017:09:35:14 -0300] "GET /cormun/servlet/hlogin HTTP/1.1" 200 1734
200.83.57.219 - - [03/Apr/2017:09:35:16 -0300] "POST /cormun/servlet/hlogin?db36db85ad66975a849d47c932876fc7,gx-no-cache=1491222986806 HTTP/1.1" 200 90
200.83.57.219 - - [03/Apr/2017:09:35:16 -0300] "GET /cormun/servlet/hpexe_link HTTP/1.1" 200 955
200.83.57.219 - - [03/Apr/2017:09:35:16 -0300] "GET /cormun/static/gxcfg.js?201731711483381 HTTP/1.1" 304 -
200.83.57.219 - - [03/Apr/2017:09:35:16 -0300] "GET /cormun/static/hpexe_link.js?201731711483384 HTTP/1.1" 304 -
200.83.57.219 - - [03/Apr/2017:09:35:16 -0300] "GET /cormun/servlet/hhome HTTP/1.1" 200 4108
200.83.57.219 - - [03/Apr/2017:09:35:16 -0300] "GET /cormun/static/gxcfg.js?201731711483497 HTTP/1.1" 304 -
200.83.57.219 - - [03/Apr/2017:09:35:16 -0300] "GET /cormun/static/hhome.js?20173171148352 HTTP/1.1" 304 -
200.83.57.219 - - [03/Apr/2017:09:35:16 -0300] "GET /cormun/static/hpexe_recentlink.js?201610171694390 HTTP/1.1" 304 -
200.83.57.219 - - [03/Apr/2017:09:35:16 -0300] "GET /cormun/static/hwchdr01.js?201731711335950 HTTP/1.1" 304 -
200.83.57.219 - - [03/Apr/2017:09:35:16 -0300] "GET /cormun/static/hpexe_scripts.js?201731711335890 HTTP/1.1" 304 -
200.83.57.219 - - [03/Apr/2017:09:35:16 -0300] "GET /cormun/static/hpexe_messagecontroller.js?201610171694323 HTTP/1.1" 304 -
200.83.57.219 - - [03/Apr/2017:09:35:16 -0300] "GET /cormun/static/hpexe_messagegenexuscomponent.js?201731711335537 HTTP/1.1" 304 -
200.83.57.219 - - [03/Apr/2017:09:35:16 -0300] "GET /cormun/static/hpexe_messagepopupcomponent.js?20161017169425 HTTP/1.1" 304 -
200.83.57.219 - - [03/Apr/2017:09:35:16 -0300] "GET /cormun/static/cmcontrolpreferences.js?201731711335852 HTTP/1.1" 304 -
200.83.57.219 - - [03/Apr/2017:09:35:16 -0300] "GET /cormun/static/hmpwkw03.js?201731711485354 HTTP/1.1" 304 -
200.83.57.219 - - [03/Apr/2017:09:35:17 -0300] "GET /cormun/servlet/hhome HTTP/1.1" 200 4105
200.83.57.219 - - [03/Apr/2017:09:35:20 -0300] "GET /cormun/servlet/trlicencias? HTTP/1.1" 200 6991
200.83.57.219 - - [03/Apr/2017:09:35:20 -0300] "GET /cormun/static/Resources/Spanish/PXTools.css?18365030 HTTP/1.1" 304 -
200.83.57.219 - - [03/Apr/2017:09:35:20 -0300] "GET /cormun/static/gxcfg.js?2016122619301429 HTTP/1.1" 200 953
200.83.57.219 - - [03/Apr/2017:09:35:20 -0300] "GET /cormun/static/calendar-setup.js?85251 HTTP/1.1" 304 -
200.83.57.219 - - [03/Apr/2017:09:35:20 -0300] "GET /cormun/static/calendar.js?85251 HTTP/1.1" 304 -
200.83.57.219 - - [03/Apr/2017:09:35:20 -0300] "GET /cormun/static/calendar-es.js?85251 HTTP/1.1" 304 -
200.83.57.219 - - [03/Apr/2017:09:35:20 -0300] "GET /cormun/static/gxdec.js?85251 HTTP/1.1" 304 -
200.83.57.219 - - [03/Apr/2017:09:35:21 -0300] "GET /cormun/static/trlicencias.js?2016122619301919 HTTP/1.1" 304 -
192.168.10.89 - - [03/Apr/2017:09:35:21 -0300] "POST /cormun/servlet/solicitudgral?4d8e98b165bdebde4c04b7101f291737,UPD,2017,5817,,gx-no-cache=1491226198138 HTTP/1.1" 200 93
192.168.10.89 - - [03/Apr/2017:09:35:21 -0300] "GET /cormun/servlet/hpexe_return? HTTP/1.1" 200 1015
200.83.57.219 - - [03/Apr/2017:09:35:21 -0300] "GET /cormun/servlet/trlicencias? HTTP/1.1" 200 6990
192.168.10.89 - - [03/Apr/2017:09:35:21 -0300] "GET /cormun/servlet/trsolicitudgral? HTTP/1.1" 200 11847
200.83.57.219 - - [03/Apr/2017:09:35:24 -0300] "GET /cormun/servlet/licenciaspermisos?INS,0,,, HTTP/1.1" 200 7508
200.83.57.219 - - [03/Apr/2017:09:35:24 -0300] "GET /cormun/static/gxcfg.js?20173291150977 HTTP/1.1" 200 953
200.83.57.219 - - [03/Apr/2017:09:35:24 -0300] "GET /cormun/static/licenciaspermisos.js?201732911501028 HTTP/1.1" 200 34423
200.83.57.219 - - [03/Apr/2017:09:35:24 -0300] "GET /cormun/servlet/licenciaspermisos?INS,0,,, HTTP/1.1" 200 7516
192.168.10.13 - - [03/Apr/2017:09:35:26 -0300] "GET / HTTP/1.1" 200 11217
186.103.159.188 - - [03/Apr/2017:09:35:33 -0300] "GET /cormun/servlet/hlogin HTTP/1.1" 200 1729
192.168.10.89 - - [03/Apr/2017:09:35:34 -0300] "POST /cormun/servlet/trsolicitudgral?4d8e98b165bdebde4c04b7101f291737,,gx-no-cache=1491226211693 HTTP/1.1" 200 8269
192.168.10.89 - - [03/Apr/2017:09:35:35 -0300] "GET /cormun/static/Shared/jqueryui/images/ui-icons_82798d_256x240.png HTTP/1.1" 404 1089
192.168.10.89 - - [03/Apr/2017:09:35:35 -0300] "GET /cormun/static/Shared/jqueryui/images/ui-bg_highlight-soft_100_c6c2c8_1x100.png HTTP/1.1" 404 1117
192.168.10.89 - - [03/Apr/2017:09:35:35 -0300] "GET /cormun/static/Shared/jqueryui/images/ui-icons_8d78a5_256x240.png HTTP/1.1" 404 1089
192.168.10.89 - - [03/Apr/2017:09:35:35 -0300] "GET /cormun/static/Shared/jqueryui/images/ui-bg_flat_55_fafafa_40x100.png HTTP/1.1" 404 1097
186.103.159.188 - - [03/Apr/2017:09:35:44 -0300] "POST /cormun/servlet/hlogin?a2415d5c16d5147985bf9fe01fe6e5ea,gx-no-cache=1491223015801 HTTP/1.1" 200 90
186.103.159.188 - - [03/Apr/2017:09:35:44 -0300] "GET /cormun/servlet/hpexe_link HTTP/1.1" 200 953
186.103.159.188 - - [03/Apr/2017:09:35:44 -0300] "GET /cormun/static/hpexe_link.js?201731711483384 HTTP/1.1" 200 625
186.103.159.188 - - [03/Apr/2017:09:35:44 -0300] "GET /cormun/servlet/hhome HTTP/1.1" 200 3782
186.103.159.188 - - [03/Apr/2017:09:35:45 -0300] "GET /cormun/servlet/hhome HTTP/1.1" 200 3778
192.168.10.89 - - [03/Apr/2017:09:35:45 -0300] "POST /cormun/servlet/trsolicitudgral?4d8e98b165bdebde4c04b7101f291737,,gx-no-cache=1491226221690 HTTP/1.1" 200 22344
186.103.159.182 - - [03/Apr/2017:09:35:55 -0300] "POST /cormun/servlet/trvisualizadoreventos?5c8f4bd1b1f06532c7357a16d3c8a58e,,gx-no-cache=1491223022208 HTTP/1.1" 200 4325
186.103.159.188 - - [03/Apr/2017:09:35:57 -0300] "GET /cormun/servlet/trsolicitudot? HTTP/1.1" 200 9140
186.103.159.188 - - [03/Apr/2017:09:35:57 -0300] "GET /cormun/servlet/trsolicitudot? HTTP/1.1" 200 9136
186.103.159.182 - - [03/Apr/2017:09:36:01 -0300] "POST /cormun/servlet/trvisualizadoreventos?5c8f4bd1b1f06532c7357a16d3c8a58e,,gx-no-cache=1491223027485 HTTP/1.1" 200 3973
186.103.159.182 - - [03/Apr/2017:09:36:06 -0300] "POST /cormun/servlet/trvisualizadoreventos?5c8f4bd1b1f06532c7357a16d3c8a58e,,gx-no-cache=1491223032982 HTTP/1.1" 200 4331
200.83.57.219 - - [03/Apr/2017:09:36:14 -0300] "GET /cormun/servlet/licenciaspermisos?46c71df630c66a2a442d6852eb59013caafb635697cc459514ef599b8a2be11623eddc7915db09c14f84ded8891ed7f7,gx-no-cache=1491223044933 HTTP/1.1" 200 60
200.83.57.219 - - [03/Apr/2017:09:36:14 -0300] "POST /cormun/servlet/licenciaspermisos?db36db85ad66975a849d47c932876fc7,INS,0,,,,gx-no-cache=1491223045045 HTTP/1.1" 200 4629
190.101.9.138 - - [03/Apr/2017:09:36:23 -0300] "GET /cormun/servlet/solicitudot?INS,0,0, HTTP/1.1" 200 12586
190.101.9.138 - - [03/Apr/2017:09:36:23 -0300] "GET /cormun/servlet/solicitudot?INS,0,0, HTTP/1.1" 200 12591
192.168.10.13 - - [03/Apr/2017:09:36:26 -0300] "GET / HTTP/1.1" 200 11217
200.83.57.219 - - [03/Apr/2017:09:36:41 -0300] "GET /cormun/static/menuarrow.gif HTTP/1.1" 404 1015
190.101.9.138 - - [03/Apr/2017:09:36:53 -0300] "POST /cormun/servlet/solicitudot?gx-no-cache=1491223084682 HTTP/1.1" 200 3081
190.101.9.138 - - [03/Apr/2017:09:36:53 -0300] "POST /cormun/servlet/solicitudot?a2415d5c16d5147985bf9fe01fe6e5ea,INS,0,0,,gx-no-cache=1491223085135 HTTP/1.1" 200 9679
190.101.9.138 - - [03/Apr/2017:09:36:56 -0300] "GET /cormun/servlet/solicitudot?45824c4ab97ba78ff6216cd81d9ab70963da17f2c9efb7abacdb7991359dc04dc70a818acb372aa5c25c0bb3662f9e39,gx-no-cache=1491223087818 HTTP/1.1" 200 30
192.168.10.13 - - [03/Apr/2017:09:37:26 -0300] "GET / HTTP/1.1" 200 11217
186.67.172.234 - - [03/Apr/2017:09:37:37 -0300] "GET /cormun/servlet/solicitudotadjuntos?INS,2017,5854,,2, HTTP/1.1" 200 6077
186.67.172.234 - - [03/Apr/2017:09:37:37 -0300] "GET /cormun/static/about:blank HTTP/1.1" 404 1011
186.67.172.234 - - [03/Apr/2017:09:37:37 -0300] "GET /cormun/servlet/solicitudotadjuntos?INS,2017,5854,,2, HTTP/1.1" 200 6070
186.67.172.234 - - [03/Apr/2017:09:37:38 -0300] "GET /cormun/servlet/solicitudotadjuntos?1151e585b4d29dfa596246d321a23b915dfbaf587eeb180c4d9f5c98de656e53c374db22655be1f1002698b8508f68ad,gx-no-cache=1491223122097 HTTP/1.1" 200 30
186.67.172.234 - - [03/Apr/2017:09:37:38 -0300] "POST /cormun/servlet/solicitudotadjuntos?12e528ae52d11881f4204852038133b0,INS,2017,5854,,2,,gx-no-cache=1491223122177 HTTP/1.1" 200 4007
186.67.172.234 - - [03/Apr/2017:09:37:52 -0300] "POST /cormun/servlet/solicitudotadjuntos?12e528ae52d11881f4204852038133b0,INS,2017,5854,,2,,gx-no-cache=1491223136256 HTTP/1.1" 200 90
186.67.172.234 - - [03/Apr/2017:09:37:52 -0300] "GET /cormun/servlet/hpexe_link HTTP/1.1" 200 984
186.67.172.234 - - [03/Apr/2017:09:37:53 -0300] "GET /cormun/servlet/trsolicitudadjuntos?2017,5854, HTTP/1.1" 200 9216
186.67.172.234 - - [03/Apr/2017:09:37:53 -0300] "GET /cormun/servlet/trsolicitudadjuntos?2017,5854, HTTP/1.1" 200 9217
186.67.172.234 - - [03/Apr/2017:09:38:07 -0300] "GET /cormun/servlet/trsolicitudot? HTTP/1.1" 200 8362
186.67.172.234 - - [03/Apr/2017:09:38:08 -0300] "GET /cormun/servlet/trsolicitudot? HTTP/1.1" 200 8356
192.168.10.13 - - [03/Apr/2017:09:38:26 -0300] "GET / HTTP/1.1" 200 11217
186.67.172.234 - - [03/Apr/2017:09:38:29 -0300] "POST /cormun/servlet/trsolicitudot?12e528ae52d11881f4204852038133b0,,gx-no-cache=1491223173005 HTTP/1.1" 200 5604
186.67.172.234 - - [03/Apr/2017:09:38:40 -0300] "POST /cormun/servlet/trsolicitudot?12e528ae52d11881f4204852038133b0,,gx-no-cache=1491223184808 HTTP/1.1" 200 107
186.67.172.234 - - [03/Apr/2017:09:38:41 -0300] "GET /cormun/servlet/trsolicitudadjuntos?2017,5854, HTTP/1.1" 200 9215
186.67.172.234 - - [03/Apr/2017:09:38:42 -0300] "GET /cormun/servlet/trsolicitudadjuntos?2017,5854, HTTP/1.1" 200 9221
186.67.172.234 - - [03/Apr/2017:09:38:51 -0300] "GET /cormun/servlet/solicitudotadjuntos?DLT,2017,5854,CERTIF1,0, HTTP/1.1" 200 6083
186.67.172.234 - - [03/Apr/2017:09:38:52 -0300] "GET /cormun/servlet/solicitudotadjuntos?DLT,2017,5854,CERTIF1,0, HTTP/1.1" 200 6076
186.67.172.234 - - [03/Apr/2017:09:38:56 -0300] "POST /cormun/servlet/solicitudotadjuntos?12e528ae52d11881f4204852038133b0,DLT,2017,5854,CERTIF1,0,,gx-no-cache=1491223199092 HTTP/1.1" 200 93
186.67.172.234 - - [03/Apr/2017:09:38:56 -0300] "GET /cormun/servlet/hpexe_return? HTTP/1.1" 200 1036
186.67.172.234 - - [03/Apr/2017:09:38:57 -0300] "GET /cormun/servlet/trsolicitudadjuntos?2017,5854, HTTP/1.1" 200 9000
186.67.172.234 - - [03/Apr/2017:09:38:58 -0300] "GET /cormun/servlet/trsolicitudadjuntos?2017,5854, HTTP/1.1" 200 9000
186.67.172.234 - - [03/Apr/2017:09:39:00 -0300] "GET /cormun/servlet/solicitudotadjuntos?INS,2017,5854,,1, HTTP/1.1" 200 6079
186.67.172.234 - - [03/Apr/2017:09:39:01 -0300] "GET /cormun/static/about:blank HTTP/1.1" 404 1011
186.67.172.234 - - [03/Apr/2017:09:39:01 -0300] "GET /cormun/servlet/solicitudotadjuntos?INS,2017,5854,,1, HTTP/1.1" 200 6072
186.67.172.234 - - [03/Apr/2017:09:39:02 -0300] "GET /cormun/servlet/solicitudotadjuntos?1151e585b4d29dfa596246d321a23b915dfbaf587eeb180c4d9f5c98de656e53c374db22655be1f1002698b8508f68ad,gx-no-cache=1491223206141 HTTP/1.1" 200 30
186.67.172.234 - - [03/Apr/2017:09:39:02 -0300] "GET /cormun/PublicTempStorage/cert._al._reg._c._parada1327199.docx HTTP/1.1" 200 679125
186.67.172.234 - - [03/Apr/2017:09:39:02 -0300] "POST /cormun/servlet/solicitudotadjuntos?12e528ae52d11881f4204852038133b0,INS,2017,5854,,1,,gx-no-cache=1491223206220 HTTP/1.1" 200 3863
186.67.172.234 - - [03/Apr/2017:09:39:05 -0300] "POST /cormun/servlet/solicitudotadjuntos?gx-no-cache=1491223209734 HTTP/1.1" 200 26
186.67.172.234 - - [03/Apr/2017:09:39:22 -0300] "GET /cormun/servlet/solicitudotadjuntos?1151e585b4d29dfa596246d321a23b9117f425b13211647334f07c1df829b8eb,gx-no-cache=1491223226070 HTTP/1.1" 200 30
186.67.172.234 - - [03/Apr/2017:09:39:22 -0300] "GET /cormun/servlet/solicitudotadjuntos?1151e585b4d29dfa596246d321a23b9117f425b13211647334f07c1df829b8eb,gx-no-cache=1491223226090 HTTP/1.1" 200 30
186.67.172.234 - - [03/Apr/2017:09:39:24 -0300] "POST /cormun/servlet/solicitudotadjuntos?12e528ae52d11881f4204852038133b0,INS,2017,5854,,1, HTTP/1.1" 200 116
186.67.172.234 - - [03/Apr/2017:09:39:24 -0300] "GET /cormun/servlet/hpexe_return? HTTP/1.1" 200 1029
186.67.172.234 - - [03/Apr/2017:09:39:25 -0300] "GET /cormun/servlet/trsolicitudadjuntos?2017,5854, HTTP/1.1" 200 9223
192.168.10.13 - - [03/Apr/2017:09:39:26 -0300] "GET / HTTP/1.1" 200 11217
186.67.172.234 - - [03/Apr/2017:09:39:26 -0300] "GET /cormun/servlet/trsolicitudadjuntos?2017,5854, HTTP/1.1" 200 9223
186.67.172.234 - - [03/Apr/2017:09:39:31 -0300] "GET /cormun/servlet/trsolicitudot? HTTP/1.1" 200 8362
186.67.172.234 - - [03/Apr/2017:09:39:31 -0300] "GET /cormun/servlet/trsolicitudot? HTTP/1.1" 200 8356
186.67.172.234 - - [03/Apr/2017:09:39:34 -0300] "POST /cormun/servlet/trsolicitudot?12e528ae52d11881f4204852038133b0,,gx-no-cache=1491223238316 HTTP/1.1" 200 4389
186.67.172.234 - - [03/Apr/2017:09:39:35 -0300] "POST /cormun/servlet/trsolicitudot?12e528ae52d11881f4204852038133b0,,gx-no-cache=1491223238867 HTTP/1.1" 200 4139
186.67.172.234 - - [03/Apr/2017:09:39:39 -0300] "GET /cormun/servlet/trautorizarsolicitud? HTTP/1.1" 200 8299
186.67.172.234 - - [03/Apr/2017:09:39:39 -0300] "GET /cormun/static/gxcfg.js?2017259112829 HTTP/1.1" 304 -
186.67.172.234 - - [03/Apr/2017:09:39:39 -0300] "GET /cormun/static/trautorizarsolicitud.js?2017259113483 HTTP/1.1" 304 -
186.67.172.234 - - [03/Apr/2017:09:39:39 -0300] "GET /cormun/servlet/trautorizarsolicitud? HTTP/1.1" 200 8299
186.67.172.234 - - [03/Apr/2017:09:39:44 -0300] "POST /cormun/servlet/trautorizarsolicitud?12e528ae52d11881f4204852038133b0,,gx-no-cache=1491223248138 HTTP/1.1" 200 4354
186.67.172.234 - - [03/Apr/2017:09:39:45 -0300] "POST /cormun/servlet/trautorizarsolicitud?12e528ae52d11881f4204852038133b0,,gx-no-cache=1491223248867 HTTP/1.1" 200 4101
192.168.10.13 - - [03/Apr/2017:09:40:26 -0300] "GET / HTTP/1.1" 200 11217
192.168.10.13 - - [03/Apr/2017:09:41:26 -0300] "GET / HTTP/1.1" 200 11217
190.101.9.138 - - [03/Apr/2017:09:42:08 -0300] "POST /cormun/servlet/solicitudot?gx-no-cache=1491223398530 HTTP/1.1" 200 256
190.101.9.138 - - [03/Apr/2017:09:42:09 -0300] "GET /cormun/servlet/solicitudot?45824c4ab97ba78ff6216cd81d9ab709f806b6934f3d2b56eee2a437999a741e3c299978b4419c84f12a9fc77fed406369a3b0254ead9bd386163bbb89fb140932b1c964b35a2e1ec69f8a98aba9e4b021cd2cac74563a6d4062974e8582cf5118c7eefebf4fb995877180a598327fbddac3b1b8a029b1a36326f5e7b95cd4a01799d9067880384bbebd15e55d2078d49701ffe69de70496547d04e6a8ce49bc72066d7ae97601b01735c523ca145e3ab5a848ebc225e8475229e0ad32d7efe1891f3c86fb8d74e2939fcbc67349195fbdac23f0652a57f6fa06a98c92aee1bf4d3ac45a9f5438882d16b785dfce87bd2aa746dddd8062edcd2efa0e60d207643f7bb42b2d61f83e1126f36c8dda200ba463484874e67da3abc3de41c3747431374c5683e6694f563b9876a1b3ca6c9728a4a8f96e90f05f2ecdd0f2bdfa1ed79cff12523fd6206680ae895b65883221101cfaeac24c65d1b01d88314e522abbf5519abce5f5a2777abbdafe8f2937be83a27d8fb8e7b9db545fd88f013750b7,gx-no-cache=1491223401245 HTTP/1.1" 200 30
190.101.9.138 - - [03/Apr/2017:09:42:12 -0300] "POST /cormun/servlet/solicitudot?gx-no-cache=1491223403429 HTTP/1.1" 200 30
190.101.9.138 - - [03/Apr/2017:09:42:14 -0300] "POST /cormun/servlet/solicitudot?gx-no-cache=1491223405706 HTTP/1.1" 200 235
190.101.9.138 - - [03/Apr/2017:09:42:14 -0300] "POST /cormun/servlet/solicitudot?gx-no-cache=1491223405800 HTTP/1.1" 200 38
192.168.10.13 - - [03/Apr/2017:09:42:26 -0300] "GET / HTTP/1.1" 200 11217
192.168.10.89 - - [03/Apr/2017:09:43:19 -0300] "GET /cormun/servlet/trconsultaempleado? HTTP/1.1" 200 6907
192.168.10.13 - - [03/Apr/2017:09:43:26 -0300] "GET / HTTP/1.1" 200 11217
192.168.10.89 - - [03/Apr/2017:09:43:27 -0300] "POST /cormun/servlet/trconsultaempleado?4d8e98b165bdebde4c04b7101f291737,,gx-no-cache=1491226685076 HTTP/1.1" 200 4401
192.168.10.89 - - [03/Apr/2017:09:43:29 -0300] "GET /cormun/servlet/trsolicitudnombre?17783559, HTTP/1.1" 200 9386
192.168.10.89 - - [03/Apr/2017:09:43:39 -0300] "GET /cormun/servlet/vesolicitudnombre?2017,5620,, HTTP/1.1" 200 8713
192.168.10.89 - - [03/Apr/2017:09:43:39 -0300] "GET /cormun/pexe_scrolldiv.js HTTP/1.1" 404 1009
192.168.10.89 - - [03/Apr/2017:09:43:41 -0300] "GET /cormun/servlet/vesolicitudnombre?2017,5620,,SolicitudOTAdjuntos HTTP/1.1" 200 7670
192.168.10.89 - - [03/Apr/2017:09:43:41 -0300] "GET /cormun/pexe_scrolldiv.js HTTP/1.1" 404 1009
192.168.10.89 - - [03/Apr/2017:09:43:43 -0300] "POST /cormun/servlet/acontrolpreferencessavestate?None,CDROGUETT,true HTTP/1.1" 200 35
192.168.10.89 - - [03/Apr/2017:09:43:51 -0300] "GET /cormun/servlet/vesolicitudnombre?2017,5620,, HTTP/1.1" 200 8713
192.168.10.89 - - [03/Apr/2017:09:43:52 -0300] "GET /cormun/pexe_scrolldiv.js HTTP/1.1" 404 1009
192.168.10.89 - - [03/Apr/2017:09:43:55 -0300] "POST /cormun/servlet/vesolicitudnombre?4d8e98b165bdebde4c04b7101f291737,2017,5620,,,gx-no-cache=1491226712632 HTTP/1.1" 200 90
192.168.10.89 - - [03/Apr/2017:09:43:55 -0300] "GET /cormun/servlet/hpexe_link HTTP/1.1" 200 982
192.168.10.89 - - [03/Apr/2017:09:43:56 -0300] "GET /cormun/servlet/trsolicitudnombre?17783559, HTTP/1.1" 200 9388
192.168.10.89 - - [03/Apr/2017:09:44:00 -0300] "GET /cormun/servlet/vesolicitudnombre?2017,5701,, HTTP/1.1" 200 8740
192.168.10.89 - - [03/Apr/2017:09:44:00 -0300] "GET /cormun/pexe_scrolldiv.js HTTP/1.1" 404 1009
192.168.10.89 - - [03/Apr/2017:09:44:02 -0300] "GET /cormun/servlet/vesolicitudnombre?2017,5701,,SolicitudOTAdjuntos HTTP/1.1" 200 9691
192.168.10.89 - - [03/Apr/2017:09:44:02 -0300] "GET /cormun/pexe_scrolldiv.js HTTP/1.1" 404 1009
192.168.10.89 - - [03/Apr/2017:09:44:04 -0300] "POST /cormun/servlet/acontrolpreferencessavestate?None,CDROGUETT,true HTTP/1.1" 200 35
186.103.159.188 - - [03/Apr/2017:09:44:05 -0300] "GET /cormun/servlet/solicitudot?45824c4ab97ba78ff6216cd81d9ab70983cd142d958a4b7493b3ec184083c7be3574bbe1aa08dbee65a3d91d60206865d1579fc7c1ed9616f81af2243ea3d96a9b1ec2aaa98622f96c50006e942ab43fc175995ae5a9585fc03a1b5108f0040e162365528b7e1793103afebff4cb579e,gx-no-cache=1491223516498 HTTP/1.1" 200 29
186.103.159.188 - - [03/Apr/2017:09:44:05 -0300] "POST /cormun/servlet/solicitudot?gx-no-cache=1491223516592 HTTP/1.1" 200 643
186.103.159.188 - - [03/Apr/2017:09:44:06 -0300] "POST /cormun/servlet/solicitudot?gx-no-cache=1491223517980 HTTP/1.1" 200 1157
192.168.10.89 - - [03/Apr/2017:09:44:07 -0300] "GET /cormun/PublicTempStorage/titulo1001407.pdf HTTP/1.1" 200 408518
192.168.10.89 - - [03/Apr/2017:09:44:15 -0300] "GET /cormun/servlet/vesolicitudnombre?2017,5701,,SolicitudOTAdjuntos HTTP/1.1" 200 9692
192.168.10.89 - - [03/Apr/2017:09:44:15 -0300] "GET /cormun/pexe_scrolldiv.js HTTP/1.1" 404 1009
192.168.10.89 - - [03/Apr/2017:09:44:16 -0300] "POST /cormun/servlet/acontrolpreferencessavestate?None,CDROGUETT,true HTTP/1.1" 200 35
192.168.10.89 - - [03/Apr/2017:09:44:18 -0300] "GET /cormun/servlet/vesolicitudnombre?2017,5701,, HTTP/1.1" 200 8740
192.168.10.89 - - [03/Apr/2017:09:44:19 -0300] "GET /cormun/pexe_scrolldiv.js HTTP/1.1" 404 1009
186.103.159.188 - - [03/Apr/2017:09:44:22 -0300] "GET /cormun/static/menuarrow.gif HTTP/1.1" 404 1015
192.168.10.89 - - [03/Apr/2017:09:44:23 -0300] "POST /cormun/servlet/vesolicitudnombre?4d8e98b165bdebde4c04b7101f291737,2017,5701,,,gx-no-cache=1491226740321 HTTP/1.1" 200 90
192.168.10.89 - - [03/Apr/2017:09:44:23 -0300] "GET /cormun/servlet/hpexe_link HTTP/1.1" 200 982
192.168.10.89 - - [03/Apr/2017:09:44:24 -0300] "GET /cormun/servlet/trsolicitudnombre?17783559, HTTP/1.1" 200 9388
192.168.10.13 - - [03/Apr/2017:09:44:26 -0300] "GET / HTTP/1.1" 200 11217
192.168.10.89 - - [03/Apr/2017:09:44:28 -0300] "GET /cormun/servlet/vesolicitudnombre?2017,5091,, HTTP/1.1" 200 8749
192.168.10.89 - - [03/Apr/2017:09:44:28 -0300] "GET /cormun/pexe_scrolldiv.js HTTP/1.1" 404 1009
192.168.10.89 - - [03/Apr/2017:09:44:31 -0300] "GET /cormun/servlet/vesolicitudnombre?2017,5091,,SolicitudOTAdjuntos HTTP/1.1" 200 7673
192.168.10.89 - - [03/Apr/2017:09:44:31 -0300] "GET /cormun/pexe_scrolldiv.js HTTP/1.1" 404 1009
192.168.10.89 - - [03/Apr/2017:09:44:33 -0300] "POST /cormun/servlet/acontrolpreferencessavestate?None,CDROGUETT,true HTTP/1.1" 200 35
192.168.10.89 - - [03/Apr/2017:09:44:37 -0300] "GET /cormun/servlet/vesolicitudnombre?2017,5091,,SolicitudOTAdjuntos HTTP/1.1" 200 7673
192.168.10.89 - - [03/Apr/2017:09:44:37 -0300] "GET /cormun/pexe_scrolldiv.js HTTP/1.1" 404 1009
186.103.159.188 - - [03/Apr/2017:09:44:37 -0300] "GET /cormun/servlet/solicitudot?45824c4ab97ba78ff6216cd81d9ab709d0323cf993fb470f5a458337a9a10a01806d8811593a7445d09c2b58152718e1bc2ced334af3e2960227595b32463c4ca9233276ec3d6f436700a57beba37850d6e859f0c2a70437b14316a396df89959269cff9e493e86ee1eb58b75ae865fd7b9a8099f7cb617dbb53f6a7ccd4389901878ab732426341e1ea6ed657a7673d7f5214d3164883303c288b07c855f04804129b19c329c2b038269fab3fa9ee0e,gx-no-cache=1491223549069 HTTP/1.1" 200 30
186.103.159.188 - - [03/Apr/2017:09:44:38 -0300] "POST /cormun/servlet/solicitudot?a2415d5c16d5147985bf9fe01fe6e5ea,INS,0,0,,gx-no-cache=1491223549116 HTTP/1.1" 200 11018
186.103.159.188 - - [03/Apr/2017:09:44:38 -0300] "GET /cormun/static/Shared/jqueryui/images/ui-bg_highlight-soft_100_c6c2c8_1x100.png HTTP/1.1" 404 1117
186.103.159.188 - - [03/Apr/2017:09:44:38 -0300] "GET /cormun/static/Shared/jqueryui/images/ui-icons_82798d_256x240.png HTTP/1.1" 404 1089
190.101.9.138 - - [03/Apr/2017:09:44:38 -0300] "GET /cormun/static/Shared/jqueryui/images/ui-icons_ebccce_256x240.png HTTP/1.1" 404 1089
190.101.9.138 - - [03/Apr/2017:09:44:38 -0300] "GET /cormun/static/Shared/jqueryui/images/ui-bg_flat_55_994d53_40x100.png HTTP/1.1" 404 1097
192.168.10.89 - - [03/Apr/2017:09:44:39 -0300] "POST /cormun/servlet/acontrolpreferencessavestate?None,CDROGUETT,true HTTP/1.1" 200 35
192.168.10.89 - - [03/Apr/2017:09:44:39 -0300] "POST /cormun/servlet/vesolicitudnombre?4d8e98b165bdebde4c04b7101f291737,2017,5091,,SolicitudOTAdjuntos,gx-no-cache=1491226756767 HTTP/1.1" 200 90
192.168.10.89 - - [03/Apr/2017:09:44:39 -0300] "GET /cormun/servlet/hpexe_link HTTP/1.1" 200 992
192.168.10.89 - - [03/Apr/2017:09:44:40 -0300] "GET /cormun/servlet/trsolicitudnombre?17783559, HTTP/1.1" 200 9387
186.103.159.188 - - [03/Apr/2017:09:45:10 -0300] "GET /cormun/servlet/solicitudot?45824c4ab97ba78ff6216cd81d9ab709f806b6934f3d2b56eee2a437999a741e3c299978b4419c84f12a9fc77fed406369a3b0254ead9bd386163bbb89fb140932b1c964b35a2e1ec69f8a98aba9e4b021cd2cac74563a6d4062974e8582cf5118c7eefebf4fb995877180a598327fbddac3b1b8a029b1a36326f5e7b95cd4a01799d9067880384bbebd15e55d2078d49701ffe69de70496547d04e6a8ce49bc72066d7ae97601b01735c523ca145e3ab5a848ebc225e8475229e0ad32d7efe1891f3c86fb8d74e2939fcbc67349195fbdac23f0652a57f6fa06a98c92aee1bf4d3ac45a9f5438882d16b785dfce87bd2aa746dddd8062edcd2efa0e60d207643f7bb42b2d61f83e1126f36c8dda200ba463484874e67da3abc3de41c3747431374c5683e6694f563b9876a1b3ca6c9728a4a8f96e90f05f2ecdd0f2bdfa1ed79cff12523fd6206680ae895b65883221101cfaeac24c65d1b01d88314e522abbf5519abce5f5a2777abbdafe8f2937be66b715c864ca7160c756218642b94d30,gx-no-cache=1491223581907 HTTP/1.1" 200 30
186.103.159.188 - - [03/Apr/2017:09:45:10 -0300] "POST /cormun/servlet/solicitudot?gx-no-cache=1491223582001 HTTP/1.1" 200 30
186.103.159.188 - - [03/Apr/2017:09:45:10 -0300] "POST /cormun/servlet/solicitudot?gx-no-cache=1491223582063 HTTP/1.1" 200 1287
186.103.159.188 - - [03/Apr/2017:09:45:10 -0300] "POST /cormun/servlet/solicitudot?gx-no-cache=1491223582204 HTTP/1.1" 200 41
186.103.159.188 - - [03/Apr/2017:09:45:10 -0300] "POST /cormun/servlet/solicitudot?gx-no-cache=1491223582266 HTTP/1.1" 200 1275
186.103.159.188 - - [03/Apr/2017:09:45:11 -0300] "POST /cormun/servlet/solicitudot?gx-no-cache=1491223582344 HTTP/1.1" 200 1157
186.103.159.188 - - [03/Apr/2017:09:45:11 -0300] "GET /cormun/servlet/solicitudot?45824c4ab97ba78ff6216cd81d9ab709d0323cf993fb470f5a458337a9a10a01806d8811593a7445d09c2b58152718e1bc2ced334af3e2960227595b32463c4ca9233276ec3d6f436700a57beba37850d6e859f0c2a70437b14316a396df89959269cff9e493e86ee1eb58b75ae865fd7b9a8099f7cb617dbb53f6a7ccd4389901878ab732426341e1ea6ed657a7673d7f5214d3164883303c288b07c855f04804129b19c329c2b038269fab3fa9ee0e,gx-no-cache=1491223582438 HTTP/1.1" 200 30
186.103.159.188 - - [03/Apr/2017:09:45:11 -0300] "POST /cormun/servlet/solicitudot?a2415d5c16d5147985bf9fe01fe6e5ea,INS,0,0,,gx-no-cache=1491223582500 HTTP/1.1" 200 93
186.103.159.188 - - [03/Apr/2017:09:45:11 -0300] "GET /cormun/servlet/hpexe_return? HTTP/1.1" 200 1006
186.103.159.188 - - [03/Apr/2017:09:45:11 -0300] "GET /cormun/servlet/trsolicitudot HTTP/1.1" 200 9502
186.103.159.188 - - [03/Apr/2017:09:45:11 -0300] "GET /cormun/servlet/trsolicitudot HTTP/1.1" 200 9497
192.168.10.13 - - [03/Apr/2017:09:45:26 -0300] "GET / HTTP/1.1" 200 11217
186.103.159.188 - - [03/Apr/2017:09:46:00 -0300] "GET /cormun/servlet/solicitudot?INS,0,0, HTTP/1.1" 200 12585
186.103.159.188 - - [03/Apr/2017:09:46:00 -0300] "GET /cormun/servlet/solicitudot?INS,0,0, HTTP/1.1" 200 12590
186.79.13.190 - - [03/Apr/2017:09:46:07 -0300] "GET /cormun/servlet/hlogin HTTP/1.1" 200 1726
186.103.159.188 - - [03/Apr/2017:09:46:09 -0300] "POST /cormun/servlet/solicitudot?gx-no-cache=1491223640362 HTTP/1.1" 200 3081
186.103.159.188 - - [03/Apr/2017:09:46:10 -0300] "POST /cormun/servlet/solicitudot?a2415d5c16d5147985bf9fe01fe6e5ea,INS,0,0,,gx-no-cache=1491223640877 HTTP/1.1" 200 9679
186.103.159.188 - - [03/Apr/2017:09:46:11 -0300] "GET /cormun/servlet/solicitudot?45824c4ab97ba78ff6216cd81d9ab7099393bdee47a819ea3b0add632c23fa61b47cecdcd9f8de76b7fa4df5a8f857fe,gx-no-cache=1491223642967 HTTP/1.1" 200 30
192.168.10.13 - - [03/Apr/2017:09:46:26 -0300] "GET / HTTP/1.1" 200 11217
186.79.13.190 - - [03/Apr/2017:09:46:35 -0300] "GET /cormun/servlet/hlogin HTTP/1.1" 200 1726
186.79.13.190 - - [03/Apr/2017:09:46:44 -0300] "POST /cormun/servlet/hlogin?b2cdacf025c8339190d927eb52f59a89,gx-no-cache=1491223669105 HTTP/1.1" 200 90
186.79.13.190 - - [03/Apr/2017:09:46:44 -0300] "GET /cormun/servlet/hpexe_link HTTP/1.1" 200 958
186.79.13.190 - - [03/Apr/2017:09:46:44 -0300] "GET /cormun/servlet/hhome HTTP/1.1" 200 3749
186.79.13.190 - - [03/Apr/2017:09:46:46 -0300] "GET /cormun/servlet/hhome HTTP/1.1" 200 3745
186.79.13.190 - - [03/Apr/2017:09:46:51 -0300] "GET /cormun/servlet/trpermisosgoce? HTTP/1.1" 200 7978
186.79.13.190 - - [03/Apr/2017:09:46:51 -0300] "GET /cormun/static/gxcfg.js?20173171154124 HTTP/1.1" 304 -
186.79.13.190 - - [03/Apr/2017:09:46:51 -0300] "GET /cormun/static/calendar.js?85251 HTTP/1.1" 304 -
186.79.13.190 - - [03/Apr/2017:09:46:51 -0300] "GET /cormun/static/calendar-es.js?85251 HTTP/1.1" 304 -
186.79.13.190 - - [03/Apr/2017:09:46:51 -0300] "GET /cormun/static/calendar-setup.js?85251 HTTP/1.1" 304 -
186.79.13.190 - - [03/Apr/2017:09:46:51 -0300] "GET /cormun/static/trpermisosgoce.js?20173171154177 HTTP/1.1" 304 -
186.79.13.190 - - [03/Apr/2017:09:46:53 -0300] "GET /cormun/servlet/trpermisosgoce? HTTP/1.1" 200 7976
186.79.13.190 - - [03/Apr/2017:09:47:03 -0300] "POST /cormun/servlet/trpermisosgoce?b2cdacf025c8339190d927eb52f59a89,,gx-no-cache=1491223687903 HTTP/1.1" 200 5321
186.103.159.188 - - [03/Apr/2017:09:47:07 -0300] "POST /cormun/servlet/solicitudot?gx-no-cache=1491223698288 HTTP/1.1" 200 256
186.103.159.188 - - [03/Apr/2017:09:47:08 -0300] "GET /cormun/servlet/solicitudot?45824c4ab97ba78ff6216cd81d9ab709f806b6934f3d2b56eee2a437999a741e3c299978b4419c84f12a9fc77fed406369a3b0254ead9bd386163bbb89fb140932b1c964b35a2e1ec69f8a98aba9e4b021cd2cac74563a6d4062974e8582cf5118c7eefebf4fb995877180a598327fbddac3b1b8a029b1a36326f5e7b95cd4a01799d9067880384bbebd15e55d2078d49701ffe69de70496547d04e6a8ce49bc72066d7ae97601b01735c523ca145e3ab5a848ebc225e8475229e0ad32d7efe1891f3c86fb8d74e2939fcbc67349195fbdac23f0652a57f6fa06a98c92aee1bf4d3ac45a9f5438882d16b785dfce87bd2aa746dddd8062edcd2efa0e60d207643f7bb42b2d61f83e1126f36c8dda200ba463484874e67da3abc3de41c3747431374c5683e6694f563b9876a1b3ca6c9728a4a8f96e90f05f2ecdd0f2bdfa1ed79cff12523fd6206680ae895b65883221101cfaeac24c65d1b01d88314e522abbf5519abce5f5a2777abbdafe8f2937be83a27d8fb8e7b9db545fd88f013750b7,gx-no-cache=1491223700191 HTTP/1.1" 200 30
186.79.13.190 - - [03/Apr/2017:09:47:09 -0300] "POST /cormun/servlet/trpermisosgoce?b2cdacf025c8339190d927eb52f59a89,,gx-no-cache=1491223693878 HTTP/1.1" 200 5321
186.103.159.188 - - [03/Apr/2017:09:47:12 -0300] "POST /cormun/servlet/solicitudot?gx-no-cache=1491223703888 HTTP/1.1" 200 30
186.103.159.188 - - [03/Apr/2017:09:47:26 -0300] "POST /cormun/servlet/solicitudot?gx-no-cache=1491223717398 HTTP/1.1" 200 235
186.103.159.188 - - [03/Apr/2017:09:47:26 -0300] "POST /cormun/servlet/solicitudot?gx-no-cache=1491223717445 HTTP/1.1" 200 38
192.168.10.13 - - [03/Apr/2017:09:47:26 -0300] "GET / HTTP/1.1" 200 11217
190.101.9.138 - - [03/Apr/2017:09:48:04 -0300] "GET /cormun/servlet/solicitudot?45824c4ab97ba78ff6216cd81d9ab70983cd142d958a4b7493b3ec184083c7be3574bbe1aa08dbee65a3d91d60206865d1579fc7c1ed9616f81af2243ea3d96a9b1ec2aaa98622f96c50006e942ab43fc175995ae5a9585fc03a1b5108f0040e162365528b7e1793103afebff4cb579e,gx-no-cache=1491223755863 HTTP/1.1" 200 29
190.101.9.138 - - [03/Apr/2017:09:48:04 -0300] "POST /cormun/servlet/solicitudot?gx-no-cache=1491223756019 HTTP/1.1" 200 643
190.101.9.138 - - [03/Apr/2017:09:48:07 -0300] "POST /cormun/servlet/solicitudot?gx-no-cache=1491223758234 HTTP/1.1" 200 1157
192.168.10.13 - - [03/Apr/2017:09:48:26 -0300] "GET / HTTP/1.1" 200 11217
186.103.159.188 - - [03/Apr/2017:09:48:33 -0300] "GET /cormun/servlet/solicitudot?45824c4ab97ba78ff6216cd81d9ab70941b0887799561293c838d4e27b531d8cdda5119f3b9e80ddfee384cdca9fbb684e97cad9b2dd2dbd40f5e4dd0fc320f5fc85a3d6642835c39d0fb69652d994a48d249e1fbe544cc811c141e1a49ed791cb16788eb18bd504a8ba476641322329d6fa454821c9a0c22df6fa067f8b0af2216e753c00d8c0250321b32a656d86aee3c3d50e595d89b0c7bf76a468a115e85be6c219358027e685760540293a26fb,gx-no-cache=1491223785020 HTTP/1.1" 200 30
186.103.159.188 - - [03/Apr/2017:09:48:34 -0300] "POST /cormun/servlet/solicitudot?a2415d5c16d5147985bf9fe01fe6e5ea,INS,0,0,,gx-no-cache=1491223785378 HTTP/1.1" 200 11001
192.168.10.13 - - [03/Apr/2017:09:49:26 -0300] "GET / HTTP/1.1" 200 11217
186.103.159.188 - - [03/Apr/2017:09:49:27 -0300] "GET /cormun/servlet/solicitudot?45824c4ab97ba78ff6216cd81d9ab709f806b6934f3d2b56eee2a437999a741e3c299978b4419c84f12a9fc77fed406369a3b0254ead9bd386163bbb89fb140932b1c964b35a2e1ec69f8a98aba9e4b021cd2cac74563a6d4062974e8582cf5118c7eefebf4fb995877180a598327fbddac3b1b8a029b1a36326f5e7b95cd4a01799d9067880384bbebd15e55d2078d49701ffe69de70496547d04e6a8ce49bc72066d7ae97601b01735c523ca145e3ab5a848ebc225e8475229e0ad32d7efe1891f3c86fb8d74e2939fcbc67349195fbdac23f0652a57f6fa06a98c92aee1bf4d3ac45a9f5438882d16b785dfce87bd2aa746dddd8062edcd2efa0e60d207643f7bb42b2d61f83e1126f36c8dda200ba463484874e67da3abc3de41c3747431374c5683e6694f563b9876a1b3ca6c9728a4a8f96e90f05f2ecdd0f2bdfa1ed79cff12523fd6206680ae895b65883221101cfaeac24c65d1b01d88314e522abbf5519abce5f5a2777abbdafe8f2937be66b715c864ca7160c756218642b94d30,gx-no-cache=1491223838608 HTTP/1.1" 200 30
186.103.159.188 - - [03/Apr/2017:09:49:27 -0300] "POST /cormun/servlet/solicitudot?gx-no-cache=1491223838702 HTTP/1.1" 200 30
186.103.159.188 - - [03/Apr/2017:09:49:27 -0300] "POST /cormun/servlet/solicitudot?gx-no-cache=1491223838764 HTTP/1.1" 200 1287
186.103.159.188 - - [03/Apr/2017:09:49:27 -0300] "POST /cormun/servlet/solicitudot?gx-no-cache=1491223839294 HTTP/1.1" 200 41
186.103.159.188 - - [03/Apr/2017:09:49:28 -0300] "POST /cormun/servlet/solicitudot?gx-no-cache=1491223839372 HTTP/1.1" 200 1275
186.103.159.188 - - [03/Apr/2017:09:49:28 -0300] "POST /cormun/servlet/solicitudot?gx-no-cache=1491223839513 HTTP/1.1" 200 1157
186.103.159.188 - - [03/Apr/2017:09:49:28 -0300] "GET /cormun/servlet/solicitudot?45824c4ab97ba78ff6216cd81d9ab70941b0887799561293c838d4e27b531d8cdda5119f3b9e80ddfee384cdca9fbb684e97cad9b2dd2dbd40f5e4dd0fc320f5fc85a3d6642835c39d0fb69652d994a48d249e1fbe544cc811c141e1a49ed791cb16788eb18bd504a8ba476641322329d6fa454821c9a0c22df6fa067f8b0af2216e753c00d8c0250321b32a656d86aee3c3d50e595d89b0c7bf76a468a115e85be6c219358027e685760540293a26fb,gx-no-cache=1491223839575 HTTP/1.1" 200 30
186.103.159.188 - - [03/Apr/2017:09:49:28 -0300] "POST /cormun/servlet/solicitudot?a2415d5c16d5147985bf9fe01fe6e5ea,INS,0,0,,gx-no-cache=1491223839606 HTTP/1.1" 200 93
186.103.159.188 - - [03/Apr/2017:09:49:28 -0300] "GET /cormun/servlet/hpexe_return? HTTP/1.1" 200 1006
186.103.159.188 - - [03/Apr/2017:09:49:28 -0300] "GET /cormun/servlet/trsolicitudot HTTP/1.1" 200 9814
186.103.159.188 - - [03/Apr/2017:09:49:29 -0300] "GET /cormun/servlet/trsolicitudot HTTP/1.1" 200 9809
186.103.159.188 - - [03/Apr/2017:09:49:44 -0300] "POST /cormun/servlet/trsolicitudot?a2415d5c16d5147985bf9fe01fe6e5ea,gx-no-cache=1491223856018 HTTP/1.1" 200 106
186.103.159.188 - - [03/Apr/2017:09:49:44 -0300] "GET /cormun/servlet/trsolicitudadjuntos?2017,5858, HTTP/1.1" 200 5882
186.103.159.188 - - [03/Apr/2017:09:49:44 -0300] "GET /cormun/static/gxcfg.js?201731711504543 HTTP/1.1" 200 953
186.103.159.188 - - [03/Apr/2017:09:49:45 -0300] "GET /cormun/static/trsolicitudadjuntos.js?201731711504951 HTTP/1.1" 200 17913
186.103.159.188 - - [03/Apr/2017:09:49:45 -0300] "GET /cormun/servlet/trsolicitudadjuntos?2017,5858, HTTP/1.1" 200 5882
192.168.10.89 - - [03/Apr/2017:09:49:46 -0300] "GET /cormun/servlet/vesolicitudnombre?2017,5160,, HTTP/1.1" 200 8745
192.168.10.89 - - [03/Apr/2017:09:49:46 -0300] "GET /cormun/pexe_scrolldiv.js HTTP/1.1" 404 1009
186.103.159.188 - - [03/Apr/2017:09:49:49 -0300] "GET /cormun/servlet/solicitudotadjuntos?INS,2017,5858,,1, HTTP/1.1" 200 5818
186.103.159.188 - - [03/Apr/2017:09:49:49 -0300] "GET /cormun/static/gxcfg.js?201612218465951 HTTP/1.1" 200 953
186.103.159.188 - - [03/Apr/2017:09:49:49 -0300] "GET /cormun/static/about:blank HTTP/1.1" 404 1011
186.103.159.188 - - [03/Apr/2017:09:49:49 -0300] "GET /cormun/static/solicitudotadjuntos.js?201612218465969 HTTP/1.1" 200 11762
192.168.10.89 - - [03/Apr/2017:09:49:49 -0300] "GET /cormun/servlet/vesolicitudnombre?2017,5160,,SolicitudOTAdjuntos HTTP/1.1" 200 7673
186.103.159.188 - - [03/Apr/2017:09:49:49 -0300] "GET /cormun/servlet/solicitudotadjuntos?INS,2017,5858,,1, HTTP/1.1" 200 5812
192.168.10.89 - - [03/Apr/2017:09:49:49 -0300] "GET /cormun/pexe_scrolldiv.js HTTP/1.1" 404 1009
186.103.159.188 - - [03/Apr/2017:09:49:50 -0300] "GET /cormun/servlet/solicitudotadjuntos?45824c4ab97ba78ff6216cd81d9ab709e5d98cb04eba9904c0e342661beebb29a0df5b64b68aa8f28cde515a469700ce,gx-no-cache=1491223861680 HTTP/1.1" 200 30
186.103.159.188 - - [03/Apr/2017:09:49:50 -0300] "POST /cormun/servlet/solicitudotadjuntos?a2415d5c16d5147985bf9fe01fe6e5ea,INS,2017,5858,,1,,gx-no-cache=1491223861743 HTTP/1.1" 200 3645
192.168.10.89 - - [03/Apr/2017:09:49:51 -0300] "POST /cormun/servlet/acontrolpreferencessavestate?None,CDROGUETT,true HTTP/1.1" 200 35
192.168.10.89 - - [03/Apr/2017:09:49:52 -0300] "GET /cormun/servlet/vesolicitudnombre?2017,5160,, HTTP/1.1" 200 8745
186.103.159.188 - - [03/Apr/2017:09:49:52 -0300] "POST /cormun/servlet/solicitudotadjuntos?gx-no-cache=1491223864348 HTTP/1.1" 200 26
192.168.10.89 - - [03/Apr/2017:09:49:53 -0300] "GET /cormun/pexe_scrolldiv.js HTTP/1.1" 404 1009
192.168.10.89 - - [03/Apr/2017:09:49:56 -0300] "POST /cormun/servlet/vesolicitudnombre?4d8e98b165bdebde4c04b7101f291737,2017,5160,,,gx-no-cache=1491227073619 HTTP/1.1" 200 90
192.168.10.89 - - [03/Apr/2017:09:49:56 -0300] "GET /cormun/servlet/hpexe_link HTTP/1.1" 200 982
192.168.10.89 - - [03/Apr/2017:09:49:57 -0300] "GET /cormun/servlet/trsolicitudnombre?17783559, HTTP/1.1" 200 9389
192.168.10.89 - - [03/Apr/2017:09:50:01 -0300] "GET /cormun/servlet/vesolicitudnombre?2017,5161,, HTTP/1.1" 200 8744
192.168.10.89 - - [03/Apr/2017:09:50:01 -0300] "GET /cormun/pexe_scrolldiv.js HTTP/1.1" 404 1009
192.168.10.89 - - [03/Apr/2017:09:50:04 -0300] "GET /cormun/servlet/vesolicitudnombre?2017,5161,,SolicitudOTAdjuntos HTTP/1.1" 200 7673
192.168.10.89 - - [03/Apr/2017:09:50:04 -0300] "GET /cormun/pexe_scrolldiv.js HTTP/1.1" 404 1009
192.168.10.89 - - [03/Apr/2017:09:50:06 -0300] "POST /cormun/servlet/acontrolpreferencessavestate?None,CDROGUETT,true HTTP/1.1" 200 35
192.168.10.89 - - [03/Apr/2017:09:50:07 -0300] "GET /cormun/servlet/vesolicitudnombre?2017,5161,, HTTP/1.1" 200 8744
186.103.159.188 - - [03/Apr/2017:09:50:07 -0300] "GET /cormun/servlet/solicitudotadjuntos?45824c4ab97ba78ff6216cd81d9ab7090c8d7f0fb315e75d328909ec671a1976,gx-no-cache=1491223878685 HTTP/1.1" 200 30
186.103.159.188 - - [03/Apr/2017:09:50:07 -0300] "GET /cormun/servlet/solicitudotadjuntos?45824c4ab97ba78ff6216cd81d9ab7090c8d7f0fb315e75d328909ec671a1976,gx-no-cache=1491223878747 HTTP/1.1" 200 30
192.168.10.89 - - [03/Apr/2017:09:50:08 -0300] "GET /cormun/pexe_scrolldiv.js HTTP/1.1" 404 1009
186.103.159.188 - - [03/Apr/2017:09:50:09 -0300] "POST /cormun/servlet/solicitudotadjuntos?a2415d5c16d5147985bf9fe01fe6e5ea,INS,2017,5858,,1, HTTP/1.1" 200 116
186.103.159.188 - - [03/Apr/2017:09:50:09 -0300] "GET /cormun/servlet/hpexe_return? HTTP/1.1" 200 1025
186.103.159.188 - - [03/Apr/2017:09:50:09 -0300] "GET /cormun/servlet/trsolicitudadjuntos?2017,5858, HTTP/1.1" 200 8007
186.103.159.188 - - [03/Apr/2017:09:50:09 -0300] "GET /cormun/servlet/trsolicitudadjuntos?2017,5858, HTTP/1.1" 200 8004
192.168.10.89 - - [03/Apr/2017:09:50:10 -0300] "POST /cormun/servlet/vesolicitudnombre?4d8e98b165bdebde4c04b7101f291737,2017,5161,,,gx-no-cache=1491227087575 HTTP/1.1" 200 90
192.168.10.89 - - [03/Apr/2017:09:50:10 -0300] "GET /cormun/servlet/hpexe_link HTTP/1.1" 200 982
186.103.159.188 - - [03/Apr/2017:09:50:11 -0300] "GET /cormun/servlet/solicitudotadjuntos?INS,2017,5858,,1, HTTP/1.1" 200 5818
186.103.159.188 - - [03/Apr/2017:09:50:11 -0300] "GET /cormun/static/about:blank HTTP/1.1" 404 1011
192.168.10.89 - - [03/Apr/2017:09:50:11 -0300] "GET /cormun/servlet/trsolicitudnombre?17783559, HTTP/1.1" 200 9388
186.103.159.188 - - [03/Apr/2017:09:50:12 -0300] "GET /cormun/servlet/solicitudotadjuntos?INS,2017,5858,,1, HTTP/1.1" 200 5812
186.103.159.188 - - [03/Apr/2017:09:50:12 -0300] "GET /cormun/servlet/solicitudotadjuntos?45824c4ab97ba78ff6216cd81d9ab709e5d98cb04eba9904c0e342661beebb29a0df5b64b68aa8f28cde515a469700ce,gx-no-cache=1491223883938 HTTP/1.1" 200 30
186.103.159.188 - - [03/Apr/2017:09:50:12 -0300] "POST /cormun/servlet/solicitudotadjuntos?a2415d5c16d5147985bf9fe01fe6e5ea,INS,2017,5858,,1,,gx-no-cache=1491223884000 HTTP/1.1" 200 3645
186.103.159.188 - - [03/Apr/2017:09:50:15 -0300] "POST /cormun/servlet/solicitudotadjuntos?gx-no-cache=1491223886808 HTTP/1.1" 200 26
192.168.10.89 - - [03/Apr/2017:09:50:16 -0300] "GET /cormun/servlet/vesolicitudnombre?2017,5620,, HTTP/1.1" 200 8713
192.168.10.89 - - [03/Apr/2017:09:50:16 -0300] "GET /cormun/pexe_scrolldiv.js HTTP/1.1" 404 1009
192.168.10.89 - - [03/Apr/2017:09:50:18 -0300] "GET /cormun/servlet/vesolicitudnombre?2017,5620,,SolicitudOTAdjuntos HTTP/1.1" 200 7670
192.168.10.89 - - [03/Apr/2017:09:50:18 -0300] "GET /cormun/pexe_scrolldiv.js HTTP/1.1" 404 1009
186.103.159.188 - - [03/Apr/2017:09:50:20 -0300] "GET /cormun/servlet/solicitudotadjuntos?45824c4ab97ba78ff6216cd81d9ab7090c8d7f0fb315e75d328909ec671a1976,gx-no-cache=1491223892128 HTTP/1.1" 200 30
186.103.159.188 - - [03/Apr/2017:09:50:20 -0300] "GET /cormun/servlet/solicitudotadjuntos?45824c4ab97ba78ff6216cd81d9ab7090c8d7f0fb315e75d328909ec671a1976,gx-no-cache=1491223892190 HTTP/1.1" 200 30
192.168.10.89 - - [03/Apr/2017:09:50:21 -0300] "POST /cormun/servlet/acontrolpreferencessavestate?None,CDROGUETT,true HTTP/1.1" 200 35
192.168.10.89 - - [03/Apr/2017:09:50:22 -0300] "POST /cormun/servlet/vesolicitudnombre?4d8e98b165bdebde4c04b7101f291737,2017,5620,,SolicitudOTAdjuntos,gx-no-cache=1491227099299 HTTP/1.1" 200 90
192.168.10.89 - - [03/Apr/2017:09:50:22 -0300] "GET /cormun/servlet/hpexe_link HTTP/1.1" 200 992
186.103.159.188 - - [03/Apr/2017:09:50:23 -0300] "POST /cormun/servlet/solicitudotadjuntos?a2415d5c16d5147985bf9fe01fe6e5ea,INS,2017,5858,,1, HTTP/1.1" 200 116
186.103.159.188 - - [03/Apr/2017:09:50:23 -0300] "GET /cormun/servlet/hpexe_return? HTTP/1.1" 200 1025
192.168.10.89 - - [03/Apr/2017:09:50:23 -0300] "GET /cormun/servlet/trsolicitudnombre?17783559, HTTP/1.1" 200 9388
186.103.159.188 - - [03/Apr/2017:09:50:23 -0300] "GET /cormun/servlet/trsolicitudadjuntos?2017,5858, HTTP/1.1" 200 8249
186.103.159.188 - - [03/Apr/2017:09:50:24 -0300] "GET /cormun/servlet/trsolicitudadjuntos?2017,5858, HTTP/1.1" 200 8247
192.168.10.13 - - [03/Apr/2017:09:50:26 -0300] "GET / HTTP/1.1" 200 11217
186.103.159.188 - - [03/Apr/2017:09:50:27 -0300] "GET /cormun/servlet/solicitudotadjuntos?INS,2017,5858,,1, HTTP/1.1" 200 5817
186.103.159.188 - - [03/Apr/2017:09:50:27 -0300] "GET /cormun/static/about:blank HTTP/1.1" 404 1011
186.103.159.188 - - [03/Apr/2017:09:50:27 -0300] "GET /cormun/servlet/solicitudotadjuntos?INS,2017,5858,,1, HTTP/1.1" 200 5811
192.168.10.89 - - [03/Apr/2017:09:50:27 -0300] "GET /cormun/servlet/vesolicitudnombre?2017,5623,, HTTP/1.1" 200 8685
192.168.10.89 - - [03/Apr/2017:09:50:27 -0300] "GET /cormun/pexe_scrolldiv.js HTTP/1.1" 404 1009
186.103.159.188 - - [03/Apr/2017:09:50:27 -0300] "GET /cormun/servlet/solicitudotadjuntos?45824c4ab97ba78ff6216cd81d9ab709e5d98cb04eba9904c0e342661beebb29a0df5b64b68aa8f28cde515a469700ce,gx-no-cache=1491223899273 HTTP/1.1" 200 30
186.103.159.188 - - [03/Apr/2017:09:50:27 -0300] "POST /cormun/servlet/solicitudotadjuntos?a2415d5c16d5147985bf9fe01fe6e5ea,INS,2017,5858,,1,,gx-no-cache=1491223899304 HTTP/1.1" 200 3645
192.168.10.89 - - [03/Apr/2017:09:50:30 -0300] "GET /cormun/servlet/vesolicitudnombre?2017,5623,,SolicitudOTAdjuntos HTTP/1.1" 200 7670
192.168.10.89 - - [03/Apr/2017:09:50:30 -0300] "GET /cormun/pexe_scrolldiv.js HTTP/1.1" 404 1009
186.103.159.188 - - [03/Apr/2017:09:50:32 -0300] "POST /cormun/servlet/solicitudotadjuntos?gx-no-cache=1491223903407 HTTP/1.1" 200 26
192.168.10.89 - - [03/Apr/2017:09:50:32 -0300] "POST /cormun/servlet/acontrolpreferencessavestate?None,CDROGUETT,true HTTP/1.1" 200 35
186.103.159.188 - - [03/Apr/2017:09:50:38 -0300] "GET /cormun/servlet/solicitudotadjuntos?45824c4ab97ba78ff6216cd81d9ab7090c8d7f0fb315e75d328909ec671a1976,gx-no-cache=1491223910052 HTTP/1.1" 200 30
186.103.159.188 - - [03/Apr/2017:09:50:38 -0300] "GET /cormun/servlet/solicitudotadjuntos?45824c4ab97ba78ff6216cd81d9ab7090c8d7f0fb315e75d328909ec671a1976,gx-no-cache=1491223910068 HTTP/1.1" 200 30
186.103.159.188 - - [03/Apr/2017:09:50:39 -0300] "POST /cormun/servlet/solicitudotadjuntos?a2415d5c16d5147985bf9fe01fe6e5ea,INS,2017,5858,,1, HTTP/1.1" 200 116
186.103.159.188 - - [03/Apr/2017:09:50:39 -0300] "GET /cormun/servlet/hpexe_return? HTTP/1.1" 200 1025
186.103.159.188 - - [03/Apr/2017:09:50:39 -0300] "GET /cormun/servlet/trsolicitudadjuntos?2017,5858, HTTP/1.1" 200 8397
186.103.159.188 - - [03/Apr/2017:09:50:40 -0300] "GET /cormun/servlet/trsolicitudadjuntos?2017,5858, HTTP/1.1" 200 8394
186.103.159.188 - - [03/Apr/2017:09:50:44 -0300] "GET /cormun/servlet/solicitudotadjuntos?INS,2017,5858,,1, HTTP/1.1" 200 5817
186.103.159.188 - - [03/Apr/2017:09:50:44 -0300] "GET /cormun/static/about:blank HTTP/1.1" 404 1011
186.103.159.188 - - [03/Apr/2017:09:50:44 -0300] "GET /cormun/servlet/solicitudotadjuntos?INS,2017,5858,,1, HTTP/1.1" 200 5811
186.103.159.188 - - [03/Apr/2017:09:50:44 -0300] "GET /cormun/servlet/solicitudotadjuntos?45824c4ab97ba78ff6216cd81d9ab709e5d98cb04eba9904c0e342661beebb29a0df5b64b68aa8f28cde515a469700ce,gx-no-cache=1491223916168 HTTP/1.1" 200 30
186.103.159.188 - - [03/Apr/2017:09:50:44 -0300] "POST /cormun/servlet/solicitudotadjuntos?a2415d5c16d5147985bf9fe01fe6e5ea,INS,2017,5858,,1,,gx-no-cache=1491223916246 HTTP/1.1" 200 3645
186.103.159.188 - - [03/Apr/2017:09:50:47 -0300] "POST /cormun/servlet/solicitudotadjuntos?gx-no-cache=1491223918570 HTTP/1.1" 200 26
186.103.159.188 - - [03/Apr/2017:09:50:53 -0300] "GET /cormun/servlet/solicitudotadjuntos?45824c4ab97ba78ff6216cd81d9ab7090c8d7f0fb315e75d328909ec671a1976,gx-no-cache=1491223925091 HTTP/1.1" 200 30
186.103.159.188 - - [03/Apr/2017:09:50:53 -0300] "GET /cormun/servlet/solicitudotadjuntos?45824c4ab97ba78ff6216cd81d9ab7090c8d7f0fb315e75d328909ec671a1976,gx-no-cache=1491223925138 HTTP/1.1" 200 30
186.103.159.188 - - [03/Apr/2017:09:50:55 -0300] "POST /cormun/servlet/solicitudotadjuntos?a2415d5c16d5147985bf9fe01fe6e5ea,INS,2017,5858,,1, HTTP/1.1" 200 116
186.103.159.188 - - [03/Apr/2017:09:50:55 -0300] "GET /cormun/servlet/hpexe_return? HTTP/1.1" 200 1025
186.103.159.188 - - [03/Apr/2017:09:50:55 -0300] "GET /cormun/servlet/trsolicitudadjuntos?2017,5858, HTTP/1.1" 200 8530
186.103.159.188 - - [03/Apr/2017:09:50:56 -0300] "GET /cormun/servlet/trsolicitudadjuntos?2017,5858, HTTP/1.1" 200 8527
186.103.159.188 - - [03/Apr/2017:09:50:58 -0300] "GET /cormun/servlet/solicitudotadjuntos?INS,2017,5858,,1, HTTP/1.1" 200 5817
186.103.159.188 - - [03/Apr/2017:09:50:58 -0300] "GET /cormun/static/about:blank HTTP/1.1" 404 1011
186.103.159.188 - - [03/Apr/2017:09:50:59 -0300] "GET /cormun/servlet/solicitudotadjuntos?INS,2017,5858,,1, HTTP/1.1" 200 5811
186.103.159.188 - - [03/Apr/2017:09:50:59 -0300] "GET /cormun/servlet/solicitudotadjuntos?45824c4ab97ba78ff6216cd81d9ab709e5d98cb04eba9904c0e342661beebb29a0df5b64b68aa8f28cde515a469700ce,gx-no-cache=1491223931003 HTTP/1.1" 200 30
186.103.159.188 - - [03/Apr/2017:09:50:59 -0300] "POST /cormun/servlet/solicitudotadjuntos?a2415d5c16d5147985bf9fe01fe6e5ea,INS,2017,5858,,1,,gx-no-cache=1491223931050 HTTP/1.1" 200 3645
