186.103.159.46 - - [03/Apr/2017:12:26:21 -0300] "GET /cormun/servlet/autorizarpermisogoce?DSP,11756419,P,20170403112433, HTTP/1.1" 200 5978
186.79.220.121 - - [03/Apr/2017:12:26:21 -0300] "POST /cormun/servlet/solicitudot?gx-no-cache=1491233248257 HTTP/1.1" 200 255
186.79.220.121 - - [03/Apr/2017:12:26:22 -0300] "GET /cormun/servlet/solicitudot?2e45f790f314a109ada16541c5d4957ea86e1c0ac8b98b8d349b8c206d03dc9e0ed53bd5f1d6d9d72c4d755faef7e1317f81a5dabb8cbb029fba6e1be2cdd412d579020f7ecb552f360f80e4a14f81d53080c7faba867d3629857755f25e948dc64de83c3c9a4aa27dbff7437bff990860c5a4a8db5a1ff9f08d628c7fef888aef1890db6960c657832f5fe463a7fb5016fe3961a5f396e8f607e099ea4d0e99587ac2f0eb5b51b2a10353dccf9ab35a526f52d7a0af858bb9ff4e71c1bcdf196843af335f00a65f9b9c5353e51dc034b31707fcb28f0a137209ba5321e2270416dac0d42f2bec5727c457c9c53453b2d0662183d3567852fcf777cc74f676c89204d9244947be0fee08103ef2246179eda434b254bdf503d9fde4a04aed6cefdf58538f28e6a0f52f1495a80ee0b9fb02ae90dc7e9b4a10ad5d8a0968fc267a9483184a099b7119f114f6d3b9e6429631a92e4ae3177def872165e5905287636d04f23c2003bf7cdcd52028615a100a982b6466c572d2d35457b5cd216296c3,gx-no-cache=1491233248446 HTTP/1.1" 200 30
186.103.159.46 - - [03/Apr/2017:12:26:22 -0300] "GET /cormun/servlet/autorizarpermisogoce?DSP,11756419,P,20170403112433, HTTP/1.1" 200 5979
190.101.9.138 - - [03/Apr/2017:12:26:22 -0300] "POST /cormun/servlet/hlogin?308366f2b882643e40c551bc16102f72,gx-no-cache=1491233251723 HTTP/1.1" 200 90
190.101.9.138 - - [03/Apr/2017:12:26:22 -0300] "GET /cormun/servlet/hpexe_link HTTP/1.1" 200 945
186.103.159.188 - - [03/Apr/2017:12:26:22 -0300] "GET /cormun/servlet/hhome HTTP/1.1" 200 3773
190.101.9.138 - - [03/Apr/2017:12:26:23 -0300] "GET /cormun/static/hpexe_link.js?201731711483384 HTTP/1.1" 200 625
186.103.159.188 - - [03/Apr/2017:12:26:23 -0300] "GET /cormun/servlet/hhome HTTP/1.1" 200 3769
186.79.220.121 - - [03/Apr/2017:12:26:24 -0300] "POST /cormun/servlet/solicitudot?gx-no-cache=1491233251022 HTTP/1.1" 200 30
192.168.10.13 - - [03/Apr/2017:12:26:26 -0300] "GET / HTTP/1.1" 200 11217
186.103.159.188 - - [03/Apr/2017:12:26:27 -0300] "GET /cormun/servlet/trpermisosgoce? HTTP/1.1" 200 8265
186.103.159.188 - - [03/Apr/2017:12:26:27 -0300] "GET /cormun/servlet/trpermisosgoce? HTTP/1.1" 200 8263
186.103.159.46 - - [03/Apr/2017:12:26:29 -0300] "POST /cormun/servlet/autorizarpermisogoce?50ec33893442ed13b66ebfaa8fd8c183,DSP,11756419,P,20170403112433,,gx-no-cache=1491233249534 HTTP/1.1" 200 93
186.103.159.46 - - [03/Apr/2017:12:26:29 -0300] "GET /cormun/servlet/hpexe_return? HTTP/1.1" 200 1034
186.103.159.46 - - [03/Apr/2017:12:26:29 -0300] "GET /cormun/static/gxcfg.js?2016101716175148 HTTP/1.1" 200 953
186.103.159.46 - - [03/Apr/2017:12:26:29 -0300] "GET /cormun/static/Resources/Spanish/PXTools.css?167811 HTTP/1.1" 200 89042
186.103.159.46 - - [03/Apr/2017:12:26:29 -0300] "GET /cormun/static/hpexe_return.js?2016101716175153 HTTP/1.1" 200 1633
186.103.159.46 - - [03/Apr/2017:12:26:30 -0300] "GET /cormun/servlet/trautorizarpermisogoce? HTTP/1.1" 200 12338
186.103.159.46 - - [03/Apr/2017:12:26:30 -0300] "GET /cormun/servlet/trautorizarpermisogoce? HTTP/1.1" 200 12334
186.103.159.188 - - [03/Apr/2017:12:26:31 -0300] "GET /cormun/servlet/trpermisosadjuntos?18374339,20170403131340,P, HTTP/1.1" 200 6095
186.103.159.188 - - [03/Apr/2017:12:26:31 -0300] "GET /cormun/static/gxcfg.js?201731711542659 HTTP/1.1" 200 953
186.103.159.188 - - [03/Apr/2017:12:26:31 -0300] "GET /cormun/static/trpermisosadjuntos.js?201731711542990 HTTP/1.1" 200 20045
186.103.159.188 - - [03/Apr/2017:12:26:31 -0300] "GET /cormun/servlet/trpermisosadjuntos?18374339,20170403131340,P, HTTP/1.1" 200 6095
186.103.159.188 - - [03/Apr/2017:12:26:35 -0300] "GET /cormun/servlet/permisosadjuntos?INS,18374339,P,20170403131340,, HTTP/1.1" 200 5420
186.103.159.188 - - [03/Apr/2017:12:26:35 -0300] "GET /cormun/static/gxcfg.js?2016122813135788 HTTP/1.1" 200 953
186.103.159.188 - - [03/Apr/2017:12:26:35 -0300] "GET /cormun/static/about:blank HTTP/1.1" 404 1011
186.103.159.188 - - [03/Apr/2017:12:26:35 -0300] "GET /cormun/static/permisosadjuntos.js?2016122813135797 HTTP/1.1" 200 8721
186.103.159.188 - - [03/Apr/2017:12:26:35 -0300] "GET /cormun/servlet/permisosadjuntos?INS,18374339,P,20170403131340,, HTTP/1.1" 200 5410
192.168.10.96 - - [03/Apr/2017:12:26:35 -0300] "GET /cormun/servlet/vesolicitudnombre?2017,5545,,SolicitudOTAdjuntos HTTP/1.1" 200 10360
192.168.10.96 - - [03/Apr/2017:12:26:36 -0300] "GET /cormun/servlet/vesolicitudnombre?2017,5545,,SolicitudOTAdjuntos HTTP/1.1" 200 10363
192.168.10.96 - - [03/Apr/2017:12:26:37 -0300] "POST /cormun/servlet/acontrolpreferencessavestate?None,DZAMUDIO,true HTTP/1.1" 200 35
192.168.10.96 - - [03/Apr/2017:12:26:40 -0300] "GET /cormun/PublicTempStorage/imagen_%285%298995762.jpg HTTP/1.1" 200 321135
192.168.10.96 - - [03/Apr/2017:12:26:42 -0300] "GET /cormun/servlet/vesolicitudnombre?2017,5545,,SolicitudOTAdjuntos HTTP/1.1" 200 10360
192.168.10.96 - - [03/Apr/2017:12:26:42 -0300] "GET /cormun/servlet/vesolicitudnombre?2017,5545,,SolicitudOTAdjuntos HTTP/1.1" 200 10365
192.168.10.96 - - [03/Apr/2017:12:26:43 -0300] "POST /cormun/servlet/acontrolpreferencessavestate?None,DZAMUDIO,true HTTP/1.1" 200 35
192.168.10.96 - - [03/Apr/2017:12:26:43 -0300] "GET /cormun/PublicTempStorage/imagen_%283%29812771.jpg HTTP/1.1" 200 339773
186.103.159.46 - - [03/Apr/2017:12:26:45 -0300] "GET /cormun/servlet/trlicenciaspermisoslog?11756419,P,20170403112433, HTTP/1.1" 200 6225
186.103.159.46 - - [03/Apr/2017:12:26:45 -0300] "GET /cormun/static/gxcfg.js?201731711543185 HTTP/1.1" 200 953
186.103.159.46 - - [03/Apr/2017:12:26:45 -0300] "GET /cormun/static/trlicenciaspermisoslog.js?201731711543510 HTTP/1.1" 200 20014
186.103.159.46 - - [03/Apr/2017:12:26:46 -0300] "GET /cormun/servlet/trlicenciaspermisoslog?11756419,P,20170403112433, HTTP/1.1" 200 6225
186.103.159.188 - - [03/Apr/2017:12:26:47 -0300] "POST /cormun/servlet/permisosadjuntos?308366f2b882643e40c551bc16102f72,INS,18374339,P,20170403131340,, HTTP/1.1" 200 116
186.103.159.188 - - [03/Apr/2017:12:26:47 -0300] "GET /cormun/servlet/hpexe_return? HTTP/1.1" 200 1031
186.103.159.188 - - [03/Apr/2017:12:26:47 -0300] "GET /cormun/servlet/trpermisosadjuntos?18374339,20170403131340,P, HTTP/1.1" 200 6545
192.168.10.96 - - [03/Apr/2017:12:26:47 -0300] "GET /cormun/servlet/vesolicitudnombre?2017,5545,,SolicitudOTAdjuntos HTTP/1.1" 200 10360
186.103.159.188 - - [03/Apr/2017:12:26:47 -0300] "GET /cormun/servlet/trpermisosadjuntos?18374339,20170403131340,P, HTTP/1.1" 200 6541
192.168.10.96 - - [03/Apr/2017:12:26:48 -0300] "GET /cormun/servlet/vesolicitudnombre?2017,5545,,SolicitudOTAdjuntos HTTP/1.1" 200 10364
192.168.10.96 - - [03/Apr/2017:12:26:48 -0300] "POST /cormun/servlet/acontrolpreferencessavestate?None,DZAMUDIO,true HTTP/1.1" 200 35
186.103.159.188 - - [03/Apr/2017:12:26:51 -0300] "POST /cormun/servlet/trpermisosadjuntos?308366f2b882643e40c551bc16102f72,18374339,20170403131340,P,,gx-no-cache=1491233281987 HTTP/1.1" 200 90
186.103.159.188 - - [03/Apr/2017:12:26:51 -0300] "GET /cormun/servlet/hpexe_link HTTP/1.1" 200 977
186.103.159.188 - - [03/Apr/2017:12:26:51 -0300] "GET /cormun/servlet/trpermisosgoce HTTP/1.1" 200 8264
186.103.159.188 - - [03/Apr/2017:12:26:51 -0300] "GET /cormun/servlet/trpermisosgoce HTTP/1.1" 200 8263
192.168.10.89 - - [03/Apr/2017:12:26:53 -0300] "POST /cormun/servlet/trsolicitudgral?9679c8d582ea12aa148bba3c038cc399,,gx-no-cache=1491236490645 HTTP/1.1" 200 7749
186.103.159.46 - - [03/Apr/2017:12:26:54 -0300] "POST /cormun/servlet/trlicenciaspermisoslog?50ec33893442ed13b66ebfaa8fd8c183,11756419,P,20170403112433,,gx-no-cache=1491233274752 HTTP/1.1" 200 3962
186.103.159.188 - - [03/Apr/2017:12:27:01 -0300] "POST /cormun/servlet/trpermisosgoce?308366f2b882643e40c551bc16102f72,gx-no-cache=1491233292127 HTTP/1.1" 200 5545
186.103.159.188 - - [03/Apr/2017:12:27:04 -0300] "POST /cormun/servlet/trpermisosgoce?308366f2b882643e40c551bc16102f72,gx-no-cache=1491233295254 HTTP/1.1" 200 5545
186.103.159.46 - - [03/Apr/2017:12:27:05 -0300] "GET /cormun/servlet/trpermisosgoce? HTTP/1.1" 200 12658
186.103.159.46 - - [03/Apr/2017:12:27:05 -0300] "GET /cormun/static/gxcfg.js?20173171154124 HTTP/1.1" 200 953
186.103.159.46 - - [03/Apr/2017:12:27:05 -0300] "GET /cormun/static/trpermisosgoce.js?20173171154177 HTTP/1.1" 200 31906
186.103.159.46 - - [03/Apr/2017:12:27:05 -0300] "GET /cormun/static/Resources/PXToolsGridNew.png HTTP/1.1" 200 2949
186.103.159.46 - - [03/Apr/2017:12:27:05 -0300] "GET /cormun//static/Resources/PXToolsGridUpdate.png HTTP/1.1" 200 2984
186.103.159.46 - - [03/Apr/2017:12:27:05 -0300] "GET /cormun//static/Resources/PXToolsGridDelete.png HTTP/1.1" 200 357
186.103.159.46 - - [03/Apr/2017:12:27:06 -0300] "GET /cormun/servlet/trpermisosgoce? HTTP/1.1" 200 12659
186.103.159.188 - - [03/Apr/2017:12:27:07 -0300] "POST /cormun/servlet/trpermisosgoce?308366f2b882643e40c551bc16102f72,gx-no-cache=1491233297875 HTTP/1.1" 200 5545
186.79.220.121 - - [03/Apr/2017:12:27:19 -0300] "POST /cormun/servlet/solicitudot?gx-no-cache=1491233306108 HTTP/1.1" 200 30
186.103.159.46 - - [03/Apr/2017:12:27:20 -0300] "GET /cormun/servlet/permisogoce?UPD,11756419,P,20170403112433, HTTP/1.1" 200 6843
186.103.159.46 - - [03/Apr/2017:12:27:20 -0300] "GET /cormun/static/gxcfg.js?201732911503726 HTTP/1.1" 200 953
186.103.159.46 - - [03/Apr/2017:12:27:20 -0300] "GET /cormun/static/permisogoce.js?201732911503774 HTTP/1.1" 200 26619
186.103.159.46 - - [03/Apr/2017:12:27:20 -0300] "GET /cormun/static/Resources/prompt.gif HTTP/1.1" 200 902
186.103.159.46 - - [03/Apr/2017:12:27:21 -0300] "GET /cormun/servlet/permisogoce?UPD,11756419,P,20170403112433, HTTP/1.1" 200 6844
186.103.159.46 - - [03/Apr/2017:12:27:21 -0300] "GET /cormun/servlet/permisogoce?57100e5ffd615242045950a2729b57e6a0e666d7a885c8cd7b2c16c415d9acf6e2e05c9790711f8a6a968660bf4640d9,gx-no-cache=1491233302458 HTTP/1.1" 200 80
192.168.10.13 - - [03/Apr/2017:12:27:26 -0300] "GET / HTTP/1.1" 200 11217
186.103.159.46 - - [03/Apr/2017:12:27:26 -0300] "GET /cormun/servlet/permisogoce?57100e5ffd615242045950a2729b57e6a5c2e958ba911eb0891c9549f1e1ca93e5352a526cfada4799a36b6fe8b47d621f16613d9942c43b91b439fbb51e9a52f46ff7c41410e0dee94c986730bb6e63,gx-no-cache=1491233307061 HTTP/1.1" 200 127
186.103.159.46 - - [03/Apr/2017:12:27:26 -0300] "GET /cormun/static/Shared/jqueryui/images/ui-bg_highlight-soft_100_c6c2c8_1x100.png HTTP/1.1" 404 1117
186.103.159.46 - - [03/Apr/2017:12:27:26 -0300] "GET /cormun/static/Shared/jqueryui/images/ui-icons_82798d_256x240.png HTTP/1.1" 404 1089
186.103.159.46 - - [03/Apr/2017:12:27:26 -0300] "GET /cormun/static/Shared/jqueryui/images/ui-bg_flat_55_994d53_40x100.png HTTP/1.1" 404 1097
186.103.159.46 - - [03/Apr/2017:12:27:26 -0300] "GET /cormun/static/Shared/jqueryui/images/ui-icons_ebccce_256x240.png HTTP/1.1" 404 1089
186.103.159.46 - - [03/Apr/2017:12:27:43 -0300] "GET /cormun/servlet/permisogoce?57100e5ffd615242045950a2729b57e6a5c2e958ba911eb0891c9549f1e1ca93e5352a526cfada4799a36b6fe8b47d625eaf73b4fa04fa5683666aadabbc5dd8a16d94fc86871e987a913d1f9d33cbdf,gx-no-cache=1491233324542 HTTP/1.1" 200 126
192.168.10.89 - - [03/Apr/2017:12:27:47 -0300] "GET /cormun/servlet/hlogin HTTP/1.1" 200 1739
186.103.159.46 - - [03/Apr/2017:12:27:49 -0300] "GET /cormun/static/menuarrow.gif HTTP/1.1" 404 1015
192.168.10.89 - - [03/Apr/2017:12:27:59 -0300] "POST /cormun/servlet/hlogin?9679c8d582ea12aa148bba3c038cc399,gx-no-cache=1491236556231 HTTP/1.1" 200 451
186.103.159.46 - - [03/Apr/2017:12:27:59 -0300] "GET /cormun/servlet/permisogoce?57100e5ffd615242045950a2729b57e6a5c2e958ba911eb0891c9549f1e1ca93e5352a526cfada4799a36b6fe8b47d6205f6531c38c7dee77952ea2fbe7731f2a16d94fc86871e987a913d1f9d33cbdf,gx-no-cache=1491233339924 HTTP/1.1" 200 157
192.168.10.89 - - [03/Apr/2017:12:28:04 -0300] "POST /cormun/servlet/hlogin?9679c8d582ea12aa148bba3c038cc399,gx-no-cache=1491236561211 HTTP/1.1" 200 90
192.168.10.89 - - [03/Apr/2017:12:28:04 -0300] "GET /cormun/servlet/hpexe_link HTTP/1.1" 200 950
192.168.10.89 - - [03/Apr/2017:12:28:06 -0300] "GET /cormun/servlet/hhome HTTP/1.1" 200 3967
186.103.159.46 - - [03/Apr/2017:12:28:06 -0300] "POST /cormun/servlet/permisogoce?50ec33893442ed13b66ebfaa8fd8c183,UPD,11756419,P,20170403112433,,gx-no-cache=1491233346818 HTTP/1.1" 200 93
186.103.159.46 - - [03/Apr/2017:12:28:06 -0300] "GET /cormun/servlet/hpexe_return? HTTP/1.1" 200 1029
186.103.159.46 - - [03/Apr/2017:12:28:06 -0300] "GET /cormun/servlet/trpermisosgoce HTTP/1.1" 200 12662
186.79.220.121 - - [03/Apr/2017:12:28:07 -0300] "POST /cormun/servlet/solicitudot?gx-no-cache=1491233353829 HTTP/1.1" 200 1291
186.79.220.121 - - [03/Apr/2017:12:28:07 -0300] "POST /cormun/servlet/solicitudot?gx-no-cache=1491233354031 HTTP/1.1" 200 38
186.103.159.46 - - [03/Apr/2017:12:28:07 -0300] "GET /cormun/servlet/trpermisosgoce HTTP/1.1" 200 12659
192.168.10.89 - - [03/Apr/2017:12:28:10 -0300] "GET /cormun/servlet/trsolicitudot? HTTP/1.1" 200 8246
186.103.159.46 - - [03/Apr/2017:12:28:17 -0300] "GET /cormun/servlet/permisogoce?DLT,11756419,P,20170403112433, HTTP/1.1" 200 6758
186.103.159.46 - - [03/Apr/2017:12:28:18 -0300] "GET /cormun/static/Shared/jqueryui/images/ui-bg_highlight-soft_100_c6c2c8_1x100.png HTTP/1.1" 404 1117
186.103.159.46 - - [03/Apr/2017:12:28:18 -0300] "GET /cormun/static/Shared/jqueryui/images/ui-icons_82798d_256x240.png HTTP/1.1" 404 1089
186.103.159.46 - - [03/Apr/2017:12:28:18 -0300] "GET /cormun/static/Shared/jqueryui/images/ui-bg_flat_55_fafafa_40x100.png HTTP/1.1" 404 1097
186.103.159.46 - - [03/Apr/2017:12:28:18 -0300] "GET /cormun/static/Shared/jqueryui/images/ui-icons_8d78a5_256x240.png HTTP/1.1" 404 1089
186.103.159.46 - - [03/Apr/2017:12:28:18 -0300] "GET /cormun/servlet/permisogoce?DLT,11756419,P,20170403112433, HTTP/1.1" 200 6761
186.103.159.46 - - [03/Apr/2017:12:28:22 -0300] "POST /cormun/servlet/permisogoce?50ec33893442ed13b66ebfaa8fd8c183,DLT,11756419,P,20170403112433,,gx-no-cache=1491233362967 HTTP/1.1" 200 4397
186.103.159.46 - - [03/Apr/2017:12:28:22 -0300] "GET /cormun/static/Shared/jqueryui/images/ui-icons_ebccce_256x240.png HTTP/1.1" 404 1089
186.103.159.46 - - [03/Apr/2017:12:28:23 -0300] "GET /cormun/static/Shared/jqueryui/images/ui-bg_flat_55_994d53_40x100.png HTTP/1.1" 404 1097
192.168.10.13 - - [03/Apr/2017:12:28:26 -0300] "GET / HTTP/1.1" 200 11217
186.103.159.46 - - [03/Apr/2017:12:28:29 -0300] "POST /cormun/servlet/permisogoce?50ec33893442ed13b66ebfaa8fd8c183,DLT,11756419,P,20170403112433,,gx-no-cache=1491233369578 HTTP/1.1" 200 93
186.103.159.46 - - [03/Apr/2017:12:28:29 -0300] "GET /cormun/servlet/hpexe_return? HTTP/1.1" 200 1029
186.103.159.46 - - [03/Apr/2017:12:28:29 -0300] "GET /cormun/servlet/trpermisosgoce HTTP/1.1" 200 12670
186.103.159.46 - - [03/Apr/2017:12:28:30 -0300] "GET /cormun/servlet/trpermisosgoce HTTP/1.1" 200 12652
186.103.159.46 - - [03/Apr/2017:12:28:39 -0300] "POST /cormun/servlet/trpermisosgoce?50ec33893442ed13b66ebfaa8fd8c183,gx-no-cache=1491233379825 HTTP/1.1" 200 4059
192.168.10.89 - - [03/Apr/2017:12:28:43 -0300] "POST /cormun/servlet/trsolicitudot?9679c8d582ea12aa148bba3c038cc399,,gx-no-cache=1491236600609 HTTP/1.1" 200 107
192.168.10.89 - - [03/Apr/2017:12:28:43 -0300] "GET /cormun/servlet/trsolicitudadjuntos?2017,5841, HTTP/1.1" 200 8509
192.168.10.89 - - [03/Apr/2017:12:28:43 -0300] "GET /cormun/static/gxcfg.js?201731711504543 HTTP/1.1" 304 -
192.168.10.89 - - [03/Apr/2017:12:28:43 -0300] "GET /cormun/static/trsolicitudadjuntos.js?201731711504951 HTTP/1.1" 304 -
186.79.118.242 - - [03/Apr/2017:12:28:44 -0300] "GET /cormun/servlet/hlogin HTTP/1.1" 200 1721
186.103.159.46 - - [03/Apr/2017:12:28:46 -0300] "POST /cormun/servlet/trpermisosgoce?50ec33893442ed13b66ebfaa8fd8c183,gx-no-cache=1491233386376 HTTP/1.1" 200 9793
186.79.220.121 - - [03/Apr/2017:12:28:48 -0300] "GET /cormun/servlet/solicitudot?2e45f790f314a109ada16541c5d4957e055f20feaa693a0a8851a9594e8cd1a80fe58461bd8c40f1a534278e11b8dedd129afa76ebafb2e69d0afcbd17b70192631284bdcb0cb524098be39851492301ce91bf8bd1d2d4fd7fc819d11cdac0e8096cbaba6e57409d6c96644a37bf3a7265ed4eebd850f3932155a334b00acf30c84f2b1d921465c0371e4779eaf2465d10eb0a1b7e24f234c9fb81617c3ce691073dd43c5e6b782836049dc72955a1f2562bd58213ecbff07b11d559bf96a90d131e798e330a7813f1d1f7df3ececdb2,gx-no-cache=1491233395168 HTTP/1.1" 200 29
186.79.118.242 - - [03/Apr/2017:12:28:50 -0300] "GET /cormun/servlet/hlogin HTTP/1.1" 200 1721
186.79.220.121 - - [03/Apr/2017:12:28:51 -0300] "POST /cormun/servlet/solicitudot?gx-no-cache=1491233397857 HTTP/1.1" 200 1274
186.103.159.46 - - [03/Apr/2017:12:28:51 -0300] "POST /cormun/servlet/trpermisosgoce?50ec33893442ed13b66ebfaa8fd8c183,gx-no-cache=1491233392243 HTTP/1.1" 200 4061
186.79.220.121 - - [03/Apr/2017:12:28:52 -0300] "POST /cormun/servlet/solicitudot?gx-no-cache=1491233398416 HTTP/1.1" 200 1157
186.79.118.242 - - [03/Apr/2017:12:28:56 -0300] "GET /favicon.ico HTTP/1.1" 200 21630
192.168.10.89 - - [03/Apr/2017:12:28:56 -0300] "GET /cormun/PublicTempStorage/antecedentes_de_augusto_mu%F1oz_gaete2072185.pdf HTTP/1.1" 200 633683
186.79.118.242 - - [03/Apr/2017:12:28:58 -0300] "POST /cormun/servlet/hlogin?1b6cc453deb33d626dd60a20405c7b9f,gx-no-cache=1491233395453 HTTP/1.1" 200 90
186.103.159.46 - - [03/Apr/2017:12:28:58 -0300] "GET /cormun/servlet/trpermisosgoce? HTTP/1.1" 200 6764
186.79.118.242 - - [03/Apr/2017:12:28:58 -0300] "GET /cormun/servlet/hpexe_link HTTP/1.1" 200 952
186.103.159.46 - - [03/Apr/2017:12:28:59 -0300] "GET /cormun/servlet/trpermisosgoce? HTTP/1.1" 200 6764
186.79.118.242 - - [03/Apr/2017:12:28:59 -0300] "GET /cormun/servlet/hhome HTTP/1.1" 200 3958
186.79.118.242 - - [03/Apr/2017:12:28:59 -0300] "GET /cormun/servlet/hhome HTTP/1.1" 200 3954
186.79.118.242 - - [03/Apr/2017:12:29:00 -0300] "GET /favicon.ico HTTP/1.1" 206 1
192.168.10.89 - - [03/Apr/2017:12:29:02 -0300] "GET /cormun/servlet/trsolicitudadjuntos?2017,5841, HTTP/1.1" 200 8510
186.79.118.242 - - [03/Apr/2017:12:29:03 -0300] "GET /favicon.ico HTTP/1.1" 206 2263
186.103.159.46 - - [03/Apr/2017:12:29:04 -0300] "POST /cormun/servlet/trpermisosgoce?50ec33893442ed13b66ebfaa8fd8c183,,gx-no-cache=1491233405099 HTTP/1.1" 200 9792
192.168.10.89 - - [03/Apr/2017:12:29:08 -0300] "POST /cormun/servlet/trsolicitudadjuntos?9679c8d582ea12aa148bba3c038cc399,2017,5841,,gx-no-cache=1491236625338 HTTP/1.1" 200 90
192.168.10.89 - - [03/Apr/2017:12:29:08 -0300] "GET /cormun/servlet/hpexe_link HTTP/1.1" 200 967
186.79.118.242 - - [03/Apr/2017:12:29:08 -0300] "GET /cormun/servlet/trcontratosolicitud? HTTP/1.1" 200 13625
186.79.118.242 - - [03/Apr/2017:12:29:09 -0300] "GET /cormun/static/trcontratosolicitud.js?20171317452124 HTTP/1.1" 304 -
192.168.10.89 - - [03/Apr/2017:12:29:09 -0300] "GET /cormun/servlet/trsolicitudot HTTP/1.1" 200 8245
186.79.118.242 - - [03/Apr/2017:12:29:09 -0300] "GET /cormun/static/gxcfg.js?20171317451682 HTTP/1.1" 304 -
186.103.248.213 - - [03/Apr/2017:12:29:10 -0300] "GET /cormun/servlet/trpermisosadjuntos?8224154,20170403130631,P, HTTP/1.1" 200 6084
186.103.248.213 - - [03/Apr/2017:12:29:10 -0300] "GET /cormun/static/gxcfg.js?201731711542659 HTTP/1.1" 200 953
186.103.248.213 - - [03/Apr/2017:12:29:11 -0300] "GET /cormun/static/trpermisosadjuntos.js?201731711542990 HTTP/1.1" 304 -
186.103.248.213 - - [03/Apr/2017:12:29:11 -0300] "GET /cormun/servlet/trpermisosadjuntos?8224154,20170403130631,P, HTTP/1.1" 200 6084
186.79.118.242 - - [03/Apr/2017:12:29:14 -0300] "GET /cormun/servlet/trcontratosolicitud? HTTP/1.1" 200 13631
186.103.159.46 - - [03/Apr/2017:12:29:15 -0300] "GET /cormun/servlet/permisogoce?DLT,11756419,P,20170403112433, HTTP/1.1" 200 6760
186.103.159.46 - - [03/Apr/2017:12:29:16 -0300] "GET /cormun/static/Shared/jqueryui/images/ui-bg_highlight-soft_100_c6c2c8_1x100.png HTTP/1.1" 404 1117
186.103.159.46 - - [03/Apr/2017:12:29:16 -0300] "GET /cormun/static/Shared/jqueryui/images/ui-icons_82798d_256x240.png HTTP/1.1" 404 1089
186.103.159.46 - - [03/Apr/2017:12:29:16 -0300] "GET /cormun/static/Shared/jqueryui/images/ui-bg_flat_55_fafafa_40x100.png HTTP/1.1" 404 1097
186.103.159.46 - - [03/Apr/2017:12:29:16 -0300] "GET /cormun/static/Shared/jqueryui/images/ui-icons_8d78a5_256x240.png HTTP/1.1" 404 1089
186.103.159.46 - - [03/Apr/2017:12:29:16 -0300] "GET /cormun/servlet/permisogoce?DLT,11756419,P,20170403112433, HTTP/1.1" 200 6761
186.103.248.213 - - [03/Apr/2017:12:29:16 -0300] "GET /cormun/servlet/permisosadjuntos?INS,8224154,P,20170403130631,, HTTP/1.1" 200 5414
186.103.248.213 - - [03/Apr/2017:12:29:16 -0300] "GET /cormun/static/gxcfg.js?2016122813135788 HTTP/1.1" 200 953
186.103.248.213 - - [03/Apr/2017:12:29:16 -0300] "GET /cormun/static/permisosadjuntos.js?2016122813135797 HTTP/1.1" 304 -
186.103.248.213 - - [03/Apr/2017:12:29:16 -0300] "GET /cormun/servlet/permisosadjuntos?INS,8224154,P,20170403130631,, HTTP/1.1" 200 5404
186.103.248.213 - - [03/Apr/2017:12:29:16 -0300] "GET /cormun/static/about:blank HTTP/1.1" 404 1011
186.103.159.46 - - [03/Apr/2017:12:29:23 -0300] "POST /cormun/servlet/permisogoce?50ec33893442ed13b66ebfaa8fd8c183,DLT,11756419,P,20170403112433,,gx-no-cache=1491233423886 HTTP/1.1" 200 4398
186.103.159.46 - - [03/Apr/2017:12:29:23 -0300] "GET /cormun/static/Shared/jqueryui/images/ui-bg_flat_55_994d53_40x100.png HTTP/1.1" 404 1097
186.103.159.46 - - [03/Apr/2017:12:29:23 -0300] "GET /cormun/static/Shared/jqueryui/images/ui-icons_ebccce_256x240.png HTTP/1.1" 404 1089
192.168.10.13 - - [03/Apr/2017:12:29:26 -0300] "GET / HTTP/1.1" 200 11217
186.103.159.46 - - [03/Apr/2017:12:29:28 -0300] "POST /cormun/servlet/permisogoce?50ec33893442ed13b66ebfaa8fd8c183,DLT,11756419,P,20170403112433,,gx-no-cache=1491233428151 HTTP/1.1" 200 93
186.103.159.46 - - [03/Apr/2017:12:29:28 -0300] "GET /cormun/servlet/hpexe_return? HTTP/1.1" 200 1029
186.103.159.46 - - [03/Apr/2017:12:29:28 -0300] "GET /cormun/servlet/trpermisosgoce? HTTP/1.1" 200 12662
186.103.159.46 - - [03/Apr/2017:12:29:29 -0300] "GET /cormun/servlet/trpermisosgoce? HTTP/1.1" 200 12655
186.79.220.121 - - [03/Apr/2017:12:29:30 -0300] "GET /cormun/static/menuarrow.gif HTTP/1.1" 404 1015
186.103.159.46 - - [03/Apr/2017:12:29:35 -0300] "GET /cormun/servlet/permisogoce?DLT,11756419,P,20170403112433, HTTP/1.1" 200 6760
186.103.159.46 - - [03/Apr/2017:12:29:35 -0300] "GET /cormun/static/Shared/jqueryui/images/ui-icons_82798d_256x240.png HTTP/1.1" 404 1089
186.103.159.46 - - [03/Apr/2017:12:29:35 -0300] "GET /cormun/static/Shared/jqueryui/images/ui-bg_flat_55_fafafa_40x100.png HTTP/1.1" 404 1097
186.103.159.46 - - [03/Apr/2017:12:29:35 -0300] "GET /cormun/servlet/permisogoce?DLT,11756419,P,20170403112433, HTTP/1.1" 200 6761
186.103.159.46 - - [03/Apr/2017:12:29:36 -0300] "GET /cormun/static/Shared/jqueryui/images/ui-icons_8d78a5_256x240.png HTTP/1.1" 404 1089
186.103.159.46 - - [03/Apr/2017:12:29:36 -0300] "GET /cormun/static/Shared/jqueryui/images/ui-bg_highlight-soft_100_c6c2c8_1x100.png HTTP/1.1" 404 1117
186.103.159.46 - - [03/Apr/2017:12:29:38 -0300] "GET /cormun/static/Resources/resize.gif HTTP/1.1" 200 77
186.103.159.46 - - [03/Apr/2017:12:29:38 -0300] "GET /cormun/servlet/puconsultapgoce?11756419,MD,gxPopupLevel%3D0%3B HTTP/1.1" 200 4427
186.103.159.46 - - [03/Apr/2017:12:29:38 -0300] "GET /cormun/static/gxcfg.js?2016122619324821 HTTP/1.1" 200 953
186.103.159.46 - - [03/Apr/2017:12:29:38 -0300] "GET /cormun/pexe_menus.js HTTP/1.1" 404 1001
186.103.159.46 - - [03/Apr/2017:12:29:38 -0300] "GET /cormun/pexe_layers.js HTTP/1.1" 404 1003
186.103.159.46 - - [03/Apr/2017:12:29:38 -0300] "GET /cormun/pexe_windows.js HTTP/1.1" 404 1005
186.103.159.46 - - [03/Apr/2017:12:29:38 -0300] "GET /cormun/pexe_link.js HTTP/1.1" 404 999
186.103.159.46 - - [03/Apr/2017:12:29:38 -0300] "GET /cormun/pexe_cookies.js HTTP/1.1" 404 1005
186.103.159.46 - - [03/Apr/2017:12:29:38 -0300] "GET /cormun/pexe_griddivfix.js HTTP/1.1" 404 1011
186.103.159.46 - - [03/Apr/2017:12:29:38 -0300] "GET /cormun/pexe_picture.js HTTP/1.1" 404 1005
186.103.159.46 - - [03/Apr/2017:12:29:38 -0300] "GET /cormun/pexe_grid.js HTTP/1.1" 404 999
186.103.159.46 - - [03/Apr/2017:12:29:38 -0300] "GET /cormun/pexe_treedivfix.js HTTP/1.1" 404 1011
186.103.159.46 - - [03/Apr/2017:12:29:38 -0300] "GET /cormun/pexe_menudivfix.js HTTP/1.1" 404 1011
186.103.159.46 - - [03/Apr/2017:12:29:38 -0300] "GET /cormun/pexe_tabdivfix.js HTTP/1.1" 404 1009
186.103.159.46 - - [03/Apr/2017:12:29:38 -0300] "GET /cormun/static/mpprompt.js?201731711513941 HTTP/1.1" 200 940
186.103.159.46 - - [03/Apr/2017:12:29:38 -0300] "GET /cormun/static/puconsultapgoce.js?2016122619325082 HTTP/1.1" 200 22423
186.103.159.46 - - [03/Apr/2017:12:29:39 -0300] "GET /cormun/pexe_griddivfix.js HTTP/1.1" 404 1011
186.103.159.46 - - [03/Apr/2017:12:29:39 -0300] "GET /cormun/pexe_picture.js HTTP/1.1" 404 1005
186.103.159.46 - - [03/Apr/2017:12:29:39 -0300] "GET /cormun/pexe_treedivfix.js HTTP/1.1" 404 1011
186.103.159.46 - - [03/Apr/2017:12:29:41 -0300] "GET /cormun/pexe_autoreload.js HTTP/1.1" 404 1011
186.103.159.46 - - [03/Apr/2017:12:29:41 -0300] "GET /cormun/pexe_menudivfix.js HTTP/1.1" 404 1011
186.103.159.46 - - [03/Apr/2017:12:29:41 -0300] "GET /cormun/pexe_tabdivfix.js HTTP/1.1" 404 1009
186.79.118.242 - - [03/Apr/2017:12:29:52 -0300] "POST /cormun/servlet/trcontratosolicitud?1b6cc453deb33d626dd60a20405c7b9f,,gx-no-cache=1491233434521 HTTP/1.1" 200 3989
186.103.159.46 - - [03/Apr/2017:12:29:59 -0300] "POST /cormun/servlet/puconsultapgoce?50ec33893442ed13b66ebfaa8fd8c183,11756419,MD,gxPopupLevel%3D0%3B,gx-no-cache=1491233459264 HTTP/1.1" 200 60
186.79.118.242 - - [03/Apr/2017:12:30:00 -0300] "POST /cormun/servlet/trcontratosolicitud?1b6cc453deb33d626dd60a20405c7b9f,,gx-no-cache=1491233456691 HTTP/1.1" 200 3989
186.103.159.46 - - [03/Apr/2017:12:30:02 -0300] "POST /cormun/servlet/permisogoce?50ec33893442ed13b66ebfaa8fd8c183,DLT,11756419,P,20170403112433,,gx-no-cache=1491233462836 HTTP/1.1" 200 93
186.103.159.46 - - [03/Apr/2017:12:30:02 -0300] "GET /cormun/servlet/hpexe_return? HTTP/1.1" 200 1029
186.103.159.46 - - [03/Apr/2017:12:30:02 -0300] "GET /cormun/servlet/trpermisosgoce HTTP/1.1" 200 12662
186.103.159.46 - - [03/Apr/2017:12:30:04 -0300] "GET /cormun/servlet/trpermisosgoce HTTP/1.1" 200 12652
186.79.118.242 - - [03/Apr/2017:12:30:08 -0300] "POST /cormun/servlet/trcontratosolicitud?1b6cc453deb33d626dd60a20405c7b9f,,gx-no-cache=1491233464184 HTTP/1.1" 200 3989
186.103.159.46 - - [03/Apr/2017:12:30:10 -0300] "POST /cormun/servlet/trpermisosgoce?50ec33893442ed13b66ebfaa8fd8c183,gx-no-cache=1491233471053 HTTP/1.1" 200 4060
186.103.159.46 - - [03/Apr/2017:12:30:14 -0300] "GET /cormun/static/menuarrow.gif HTTP/1.1" 404 1015
186.79.118.242 - - [03/Apr/2017:12:30:19 -0300] "POST /cormun/servlet/trcontratosolicitud?1b6cc453deb33d626dd60a20405c7b9f,,gx-no-cache=1491233476204 HTTP/1.1" 200 3987
186.103.248.213 - - [03/Apr/2017:12:30:20 -0300] "POST /cormun/servlet/permisosadjuntos?64741422007647aae817455b38633760,INS,8224154,P,20170403130631,, HTTP/1.1" 200 116
186.103.248.213 - - [03/Apr/2017:12:30:20 -0300] "GET /cormun/servlet/hpexe_return? HTTP/1.1" 200 1040
186.103.248.213 - - [03/Apr/2017:12:30:21 -0300] "GET /cormun/servlet/trpermisosadjuntos?8224154,20170403130631,P, HTTP/1.1" 200 6555
186.103.248.213 - - [03/Apr/2017:12:30:22 -0300] "GET /cormun/servlet/trpermisosadjuntos?8224154,20170403130631,P, HTTP/1.1" 200 6550
186.103.159.46 - - [03/Apr/2017:12:30:23 -0300] "POST /cormun/servlet/trpermisosgoce?50ec33893442ed13b66ebfaa8fd8c183,gx-no-cache=1491233483719 HTTP/1.1" 200 4061
186.103.248.213 - - [03/Apr/2017:12:30:24 -0300] "GET /cormun/PublicTempStorage/amanda_leiva_07-04-20175455271.jpg HTTP/1.1" 200 1508591
192.168.10.13 - - [03/Apr/2017:12:30:26 -0300] "GET / HTTP/1.1" 200 11217
186.103.159.46 - - [03/Apr/2017:12:30:28 -0300] "POST /cormun/servlet/trpermisosgoce?50ec33893442ed13b66ebfaa8fd8c183,gx-no-cache=1491233488892 HTTP/1.1" 200 4061
186.79.118.242 - - [03/Apr/2017:12:30:30 -0300] "GET /cormun/servlet/trcontratounov2? HTTP/1.1" 200 16492
186.79.118.242 - - [03/Apr/2017:12:30:30 -0300] "GET /cormun/static/gxcfg.js?201731711595461 HTTP/1.1" 200 953
186.79.118.242 - - [03/Apr/2017:12:30:30 -0300] "GET /cormun/static/Resources/PXToolsGridNew.png HTTP/1.1" 200 2949
186.79.118.242 - - [03/Apr/2017:12:30:30 -0300] "GET /cormun/static/trcontratounov2.js?2017317120150 HTTP/1.1" 200 38423
186.79.118.242 - - [03/Apr/2017:12:30:30 -0300] "GET /cormun/static/Resources/PXToolsAddSelectedAction.png HTTP/1.1" 200 3660
186.79.118.242 - - [03/Apr/2017:12:30:31 -0300] "GET /cormun/servlet/trcontratounov2? HTTP/1.1" 200 16484
186.103.159.46 - - [03/Apr/2017:12:30:33 -0300] "POST /cormun/servlet/trpermisosgoce?50ec33893442ed13b66ebfaa8fd8c183,gx-no-cache=1491233493714 HTTP/1.1" 200 4063
186.103.159.46 - - [03/Apr/2017:12:30:44 -0300] "POST /cormun/servlet/trpermisosgoce?50ec33893442ed13b66ebfaa8fd8c183,gx-no-cache=1491233504959 HTTP/1.1" 200 11575
186.79.237.79 - - [03/Apr/2017:12:30:49 -0300] "POST /cormun/servlet/trsolicitudot?d23ba4408c8888f4588b3da82e3c8613,,gx-no-cache=1491237112019 HTTP/1.1" 200 105
186.79.237.79 - - [03/Apr/2017:12:30:49 -0300] "GET /cormun/servlet/solicitudot?DLT,2017,5841, HTTP/1.1" 200 9528
186.79.237.79 - - [03/Apr/2017:12:30:50 -0300] "GET /cormun/static/gxcfg.js?20171191042720 HTTP/1.1" 304 -
186.79.237.79 - - [03/Apr/2017:12:30:50 -0300] "GET /cormun/static/solicitudot.js?2017119104297 HTTP/1.1" 304 -
186.79.237.79 - - [03/Apr/2017:12:30:50 -0300] "GET /cormun/static/Shared/jqueryui/images/ui-icons_82798d_256x240.png HTTP/1.1" 404 1089
186.79.237.79 - - [03/Apr/2017:12:30:50 -0300] "GET /cormun/static/Shared/jqueryui/images/ui-bg_highlight-soft_100_c6c2c8_1x100.png HTTP/1.1" 404 1117
186.79.237.79 - - [03/Apr/2017:12:30:50 -0300] "GET /cormun/static/Shared/jqueryui/images/ui-bg_flat_55_fafafa_40x100.png HTTP/1.1" 404 1097
186.79.237.79 - - [03/Apr/2017:12:30:51 -0300] "GET /cormun/static/Shared/jqueryui/images/ui-icons_8d78a5_256x240.png HTTP/1.1" 404 1089
186.79.237.79 - - [03/Apr/2017:12:30:51 -0300] "GET /cormun/servlet/solicitudot?DLT,2017,5841, HTTP/1.1" 200 9538
186.103.248.213 - - [03/Apr/2017:12:30:52 -0300] "GET /cormun/servlet/trpermisosgoce? HTTP/1.1" 200 7626
186.103.248.213 - - [03/Apr/2017:12:30:52 -0300] "GET /cormun/servlet/trpermisosgoce? HTTP/1.1" 200 7627
186.79.118.242 - - [03/Apr/2017:12:30:58 -0300] "POST /cormun/servlet/trcontratounov2?1b6cc453deb33d626dd60a20405c7b9f,,gx-no-cache=1491233513644 HTTP/1.1" 200 105
186.79.118.242 - - [03/Apr/2017:12:30:58 -0300] "GET /cormun/ContratoUnoV3-6602.xls HTTP/1.1" 200 29696
186.103.248.213 - - [03/Apr/2017:12:30:59 -0300] "POST /cormun/servlet/trpermisosgoce?64741422007647aae817455b38633760,,gx-no-cache=1491233511304 HTTP/1.1" 200 4951
192.168.10.96 - - [03/Apr/2017:12:31:02 -0300] "GET /cormun/servlet/trsolicitudgral? HTTP/1.1" 200 24644
192.168.10.96 - - [03/Apr/2017:12:31:03 -0300] "GET /cormun/servlet/trsolicitudgral? HTTP/1.1" 200 24629
186.103.159.46 - - [03/Apr/2017:12:31:12 -0300] "POST /cormun/servlet/trpermisosgoce?50ec33893442ed13b66ebfaa8fd8c183,gx-no-cache=1491233533139 HTTP/1.1" 200 5308
186.103.159.46 - - [03/Apr/2017:12:31:20 -0300] "GET /cormun/servlet/permisogoce?DLT,11756419,P,20170403112433, HTTP/1.1" 200 6758
186.103.159.46 - - [03/Apr/2017:12:31:20 -0300] "GET /cormun/static/Shared/jqueryui/images/ui-bg_highlight-soft_100_c6c2c8_1x100.png HTTP/1.1" 404 1117
186.103.159.46 - - [03/Apr/2017:12:31:21 -0300] "GET /cormun/static/Shared/jqueryui/images/ui-bg_flat_55_fafafa_40x100.png HTTP/1.1" 404 1097
186.103.159.46 - - [03/Apr/2017:12:31:21 -0300] "GET /cormun/static/Shared/jqueryui/images/ui-icons_8d78a5_256x240.png HTTP/1.1" 404 1089
186.103.159.46 - - [03/Apr/2017:12:31:21 -0300] "GET /cormun/servlet/permisogoce?DLT,11756419,P,20170403112433, HTTP/1.1" 200 6761
186.103.159.46 - - [03/Apr/2017:12:31:21 -0300] "GET /cormun/static/Shared/jqueryui/images/ui-icons_82798d_256x240.png HTTP/1.1" 404 1089
186.79.237.79 - - [03/Apr/2017:12:31:24 -0300] "POST /cormun/servlet/solicitudot?d23ba4408c8888f4588b3da82e3c8613,DLT,2017,5841,,gx-no-cache=1491237146370 HTTP/1.1" 200 93
186.79.237.79 - - [03/Apr/2017:12:31:24 -0300] "GET /cormun/servlet/hpexe_return? HTTP/1.1" 200 1007
186.79.237.79 - - [03/Apr/2017:12:31:25 -0300] "GET /cormun/static/Resources/Spanish/PXTools.css?167811 HTTP/1.1" 304 -
186.79.237.79 - - [03/Apr/2017:12:31:25 -0300] "GET /cormun/static/gxcfg.js?2016101716175148 HTTP/1.1" 304 -
186.103.159.46 - - [03/Apr/2017:12:31:25 -0300] "POST /cormun/servlet/permisogoce?50ec33893442ed13b66ebfaa8fd8c183,DLT,11756419,P,20170403112433,,gx-no-cache=1491233546115 HTTP/1.1" 200 4397
186.103.159.46 - - [03/Apr/2017:12:31:25 -0300] "GET /cormun/static/Shared/jqueryui/images/ui-icons_ebccce_256x240.png HTTP/1.1" 404 1089
186.103.159.46 - - [03/Apr/2017:12:31:25 -0300] "GET /cormun/static/Shared/jqueryui/images/ui-bg_flat_55_994d53_40x100.png HTTP/1.1" 404 1097
186.79.237.79 - - [03/Apr/2017:12:31:26 -0300] "GET /cormun/static/hpexe_return.js?2016101716175153 HTTP/1.1" 304 -
192.168.10.13 - - [03/Apr/2017:12:31:26 -0300] "GET / HTTP/1.1" 200 11217
186.79.237.79 - - [03/Apr/2017:12:31:26 -0300] "GET /cormun/servlet/trsolicitudot HTTP/1.1" 200 8239
186.79.237.79 - - [03/Apr/2017:12:31:27 -0300] "GET /cormun/servlet/trsolicitudot HTTP/1.1" 200 8236
186.103.159.46 - - [03/Apr/2017:12:31:34 -0300] "GET /cormun/servlet/puconsultapgoce?11756419,MD,gxPopupLevel%3D0%3B HTTP/1.1" 200 4427
186.103.159.46 - - [03/Apr/2017:12:31:34 -0300] "GET /cormun/pexe_menus.js HTTP/1.1" 404 1001
186.103.159.46 - - [03/Apr/2017:12:31:34 -0300] "GET /cormun/pexe_layers.js HTTP/1.1" 404 1003
186.103.159.46 - - [03/Apr/2017:12:31:34 -0300] "GET /cormun/pexe_windows.js HTTP/1.1" 404 1005
186.103.159.46 - - [03/Apr/2017:12:31:34 -0300] "GET /cormun/pexe_link.js HTTP/1.1" 404 999
186.103.159.46 - - [03/Apr/2017:12:31:34 -0300] "GET /cormun/pexe_cookies.js HTTP/1.1" 404 1005
186.103.159.46 - - [03/Apr/2017:12:31:34 -0300] "GET /cormun/pexe_grid.js HTTP/1.1" 404 999
186.103.159.46 - - [03/Apr/2017:12:31:34 -0300] "GET /cormun/pexe_griddivfix.js HTTP/1.1" 404 1011
186.103.159.46 - - [03/Apr/2017:12:31:34 -0300] "GET /cormun/pexe_treedivfix.js HTTP/1.1" 404 1011
186.103.159.46 - - [03/Apr/2017:12:31:34 -0300] "GET /cormun/pexe_picture.js HTTP/1.1" 404 1005
186.103.159.46 - - [03/Apr/2017:12:31:34 -0300] "GET /cormun/pexe_autoreload.js HTTP/1.1" 404 1011
186.103.159.46 - - [03/Apr/2017:12:31:34 -0300] "GET /cormun/pexe_menudivfix.js HTTP/1.1" 404 1011
186.103.159.46 - - [03/Apr/2017:12:31:34 -0300] "GET /cormun/pexe_tabdivfix.js HTTP/1.1" 404 1009
186.103.159.46 - - [03/Apr/2017:12:31:34 -0300] "GET /cormun/pexe_menus.js HTTP/1.1" 404 1001
186.103.159.46 - - [03/Apr/2017:12:31:35 -0300] "GET /cormun/pexe_layers.js HTTP/1.1" 404 1003
186.103.159.46 - - [03/Apr/2017:12:31:35 -0300] "GET /cormun/pexe_windows.js HTTP/1.1" 404 1005
186.103.159.46 - - [03/Apr/2017:12:31:35 -0300] "GET /cormun/pexe_link.js HTTP/1.1" 404 999
186.103.159.46 - - [03/Apr/2017:12:31:35 -0300] "GET /cormun/pexe_cookies.js HTTP/1.1" 404 1005
186.103.159.46 - - [03/Apr/2017:12:31:35 -0300] "GET /cormun/pexe_grid.js HTTP/1.1" 404 999
186.103.159.46 - - [03/Apr/2017:12:31:35 -0300] "GET /cormun/pexe_griddivfix.js HTTP/1.1" 404 1011
186.103.159.46 - - [03/Apr/2017:12:31:35 -0300] "GET /cormun/pexe_picture.js HTTP/1.1" 404 1005
186.103.159.46 - - [03/Apr/2017:12:31:35 -0300] "GET /cormun/pexe_treedivfix.js HTTP/1.1" 404 1011
186.103.159.46 - - [03/Apr/2017:12:31:35 -0300] "GET /cormun/pexe_autoreload.js HTTP/1.1" 404 1011
186.103.159.46 - - [03/Apr/2017:12:31:35 -0300] "GET /cormun/pexe_menudivfix.js HTTP/1.1" 404 1011
186.103.159.46 - - [03/Apr/2017:12:31:35 -0300] "GET /cormun/pexe_tabdivfix.js HTTP/1.1" 404 1009
186.79.237.79 - - [03/Apr/2017:12:31:36 -0300] "POST /cormun/servlet/trsolicitudot?d23ba4408c8888f4588b3da82e3c8613,gx-no-cache=1491237157338 HTTP/1.1" 200 107
186.79.237.79 - - [03/Apr/2017:12:31:36 -0300] "GET /cormun/servlet/trsolicitudadjuntos?2017,5841, HTTP/1.1" 200 8503
186.79.237.79 - - [03/Apr/2017:12:31:37 -0300] "GET /cormun/static/gxcfg.js?201731711504543 HTTP/1.1" 304 -
186.79.237.79 - - [03/Apr/2017:12:31:37 -0300] "GET /cormun/static/trsolicitudadjuntos.js?201731711504951 HTTP/1.1" 304 -
186.79.237.79 - - [03/Apr/2017:12:31:38 -0300] "GET /cormun/servlet/trsolicitudadjuntos?2017,5841, HTTP/1.1" 200 8506
192.168.10.96 - - [03/Apr/2017:12:31:41 -0300] "POST /cormun/servlet/trsolicitudgral?f8725b372900c5430ad005c3239d5d26,,gx-no-cache=1491236778196 HTTP/1.1" 200 5505
186.103.159.46 - - [03/Apr/2017:12:31:42 -0300] "POST /cormun/servlet/puconsultapgoce?50ec33893442ed13b66ebfaa8fd8c183,11756419,MD,gxPopupLevel%3D0%3B,gx-no-cache=1491233562710 HTTP/1.1" 200 60
192.168.10.96 - - [03/Apr/2017:12:31:47 -0300] "POST /cormun/servlet/trsolicitudgral?f8725b372900c5430ad005c3239d5d26,,gx-no-cache=1491236784276 HTTP/1.1" 200 5504
186.103.159.46 - - [03/Apr/2017:12:31:48 -0300] "GET /cormun/servlet/trpermisosgoce? HTTP/1.1" 200 8008
186.103.159.46 - - [03/Apr/2017:12:31:49 -0300] "GET /cormun/servlet/trpermisosgoce? HTTP/1.1" 200 8007
192.168.10.96 - - [03/Apr/2017:12:31:51 -0300] "POST /cormun/servlet/trsolicitudgral?f8725b372900c5430ad005c3239d5d26,,gx-no-cache=1491236788562 HTTP/1.1" 200 6790
192.168.10.96 - - [03/Apr/2017:12:31:54 -0300] "POST /cormun/servlet/trsolicitudgral?f8725b372900c5430ad005c3239d5d26,,gx-no-cache=1491236791956 HTTP/1.1" 200 7586
186.103.159.46 - - [03/Apr/2017:12:31:55 -0300] "GET /cormun/servlet/permisogoce?UPD,11756419,P,20170403112433, HTTP/1.1" 200 6843
186.79.237.79 - - [03/Apr/2017:12:31:56 -0300] "GET /cormun/servlet/trautorizarsolicitud? HTTP/1.1" 200 6901
186.103.159.46 - - [03/Apr/2017:12:31:56 -0300] "GET /cormun/servlet/permisogoce?UPD,11756419,P,20170403112433, HTTP/1.1" 200 6844
186.103.159.46 - - [03/Apr/2017:12:31:57 -0300] "GET /cormun/servlet/permisogoce?57100e5ffd615242045950a2729b57e6a0e666d7a885c8cd7b2c16c415d9acf6e2e05c9790711f8a6a968660bf4640d9,gx-no-cache=1491233577503 HTTP/1.1" 200 80
186.79.237.79 - - [03/Apr/2017:12:31:57 -0300] "GET /cormun/servlet/trautorizarsolicitud? HTTP/1.1" 200 6889
186.103.159.46 - - [03/Apr/2017:12:32:04 -0300] "GET /cormun/servlet/permisogoce?57100e5ffd615242045950a2729b57e6a5c2e958ba911eb0891c9549f1e1ca93e5352a526cfada4799a36b6fe8b47d621f16613d9942c43b91b439fbb51e9a52f46ff7c41410e0dee94c986730bb6e63,gx-no-cache=1491233585038 HTTP/1.1" 200 127
186.103.159.46 - - [03/Apr/2017:12:32:04 -0300] "GET /cormun/static/Shared/jqueryui/images/ui-bg_highlight-soft_100_c6c2c8_1x100.png HTTP/1.1" 404 1117
186.103.159.46 - - [03/Apr/2017:12:32:04 -0300] "GET /cormun/static/Shared/jqueryui/images/ui-icons_82798d_256x240.png HTTP/1.1" 404 1089
186.103.159.46 - - [03/Apr/2017:12:32:04 -0300] "GET /cormun/static/Shared/jqueryui/images/ui-bg_flat_55_994d53_40x100.png HTTP/1.1" 404 1097
186.103.159.46 - - [03/Apr/2017:12:32:04 -0300] "GET /cormun/static/Shared/jqueryui/images/ui-icons_ebccce_256x240.png HTTP/1.1" 404 1089
186.79.237.79 - - [03/Apr/2017:12:32:10 -0300] "GET /cormun/servlet/trsolicitudot? HTTP/1.1" 200 8236
186.79.237.79 - - [03/Apr/2017:12:32:12 -0300] "GET /cormun/servlet/trsolicitudot? HTTP/1.1" 200 8235
186.103.159.46 - - [03/Apr/2017:12:32:14 -0300] "GET /cormun/servlet/permisogoce?57100e5ffd615242045950a2729b57e6a5c2e958ba911eb0891c9549f1e1ca93e5352a526cfada4799a36b6fe8b47d625eaf73b4fa04fa5683666aadabbc5dd8a16d94fc86871e987a913d1f9d33cbdf,gx-no-cache=1491233595511 HTTP/1.1" 200 126
186.79.237.79 - - [03/Apr/2017:12:32:18 -0300] "POST /cormun/servlet/trsolicitudot?d23ba4408c8888f4588b3da82e3c8613,,gx-no-cache=1491237199089 HTTP/1.1" 200 107
186.79.237.79 - - [03/Apr/2017:12:32:18 -0300] "GET /cormun/servlet/trsolicitudadjuntos?2017,5841, HTTP/1.1" 200 8502
186.79.237.79 - - [03/Apr/2017:12:32:19 -0300] "GET /cormun/servlet/trsolicitudadjuntos?2017,5841, HTTP/1.1" 200 8506
186.103.159.46 - - [03/Apr/2017:12:32:24 -0300] "GET /cormun/servlet/permisogoce?57100e5ffd615242045950a2729b57e6a5c2e958ba911eb0891c9549f1e1ca93e5352a526cfada4799a36b6fe8b47d625eaf73b4fa04fa5683666aadabbc5dd8a16d94fc86871e987a913d1f9d33cbdf,gx-no-cache=1491233605295 HTTP/1.1" 200 126
186.103.159.46 - - [03/Apr/2017:12:32:25 -0300] "POST /cormun/servlet/permisogoce?50ec33893442ed13b66ebfaa8fd8c183,UPD,11756419,P,20170403112433,,gx-no-cache=1491233605385 HTTP/1.1" 200 4363
192.168.10.13 - - [03/Apr/2017:12:32:26 -0300] "GET / HTTP/1.1" 200 11217
192.168.10.96 - - [03/Apr/2017:12:32:27 -0300] "POST /cormun/servlet/trsolicitudgral?f8725b372900c5430ad005c3239d5d26,,gx-no-cache=1491236824437 HTTP/1.1" 200 7193
186.79.237.79 - - [03/Apr/2017:12:32:31 -0300] "GET /cormun/servlet/solicitudotadjuntos?INS,2017,5841,,2, HTTP/1.1" 200 6003
186.79.237.79 - - [03/Apr/2017:12:32:31 -0300] "GET /cormun/static/gxcfg.js?201612218465951 HTTP/1.1" 304 -
186.79.237.79 - - [03/Apr/2017:12:32:32 -0300] "GET /cormun/static/about:blank HTTP/1.1" 404 1011
186.79.237.79 - - [03/Apr/2017:12:32:32 -0300] "GET /cormun/static/solicitudotadjuntos.js?201612218465969 HTTP/1.1" 304 -
186.79.237.79 - - [03/Apr/2017:12:32:32 -0300] "GET /cormun/servlet/solicitudotadjuntos?INS,2017,5841,,2, HTTP/1.1" 200 5996
186.79.237.79 - - [03/Apr/2017:12:32:33 -0300] "GET /cormun/servlet/solicitudotadjuntos?8dea9147ac53e35bdc62688367b149daf34b853d7108987d9f501b33cc112a43278e15279c7da69fc1a52aaa5300e8a8,gx-no-cache=1491237216639 HTTP/1.1" 200 30
186.79.237.79 - - [03/Apr/2017:12:32:35 -0300] "POST /cormun/servlet/solicitudotadjuntos?d23ba4408c8888f4588b3da82e3c8613,INS,2017,5841,,2,,gx-no-cache=1491237217444 HTTP/1.1" 200 4049
186.103.159.187 - - [03/Apr/2017:12:32:36 -0300] "GET /cormun/servlet/hlogin HTTP/1.1" 200 1730
186.103.159.46 - - [03/Apr/2017:12:32:37 -0300] "GET /cormun/servlet/trautorizarpermisogoce? HTTP/1.1" 200 12347
186.103.159.46 - - [03/Apr/2017:12:32:38 -0300] "GET /cormun/servlet/trautorizarpermisogoce? HTTP/1.1" 200 12334
186.79.237.79 - - [03/Apr/2017:12:32:39 -0300] "POST /cormun/servlet/solicitudotadjuntos?d23ba4408c8888f4588b3da82e3c8613,INS,2017,5841,,2,,gx-no-cache=1491237222387 HTTP/1.1" 200 93
186.79.237.79 - - [03/Apr/2017:12:32:39 -0300] "GET /cormun/servlet/hpexe_return? HTTP/1.1" 200 1018
186.79.237.79 - - [03/Apr/2017:12:32:40 -0300] "GET /cormun/servlet/trsolicitudadjuntos?2017,5841, HTTP/1.1" 200 8509
186.103.159.187 - - [03/Apr/2017:12:32:40 -0300] "GET /cormun/servlet/hlogin HTTP/1.1" 200 1730
186.103.159.187 - - [03/Apr/2017:12:32:40 -0300] "GET /cormun/static/Resources/Spanish/PXTools.css?11294912 HTTP/1.1" 304 -
186.103.159.187 - - [03/Apr/2017:12:32:40 -0300] "GET /cormun/static/gxtimezone.js?85251 HTTP/1.1" 304 -
186.103.159.187 - - [03/Apr/2017:12:32:40 -0300] "GET /cormun/static/gxcfg.js?201731711485472 HTTP/1.1" 304 -
186.103.159.187 - - [03/Apr/2017:12:32:40 -0300] "GET /cormun/static/messages.spa.js?85251 HTTP/1.1" 304 -
186.103.159.187 - - [03/Apr/2017:12:32:40 -0300] "GET /cormun/static/hlogin.js?201731711485490 HTTP/1.1" 304 -
186.103.159.187 - - [03/Apr/2017:12:32:40 -0300] "GET /cormun/servlet/hlogin HTTP/1.1" 200 1737
186.79.237.79 - - [03/Apr/2017:12:32:41 -0300] "GET /cormun/servlet/trsolicitudadjuntos?2017,5841, HTTP/1.1" 200 8506
192.168.10.96 - - [03/Apr/2017:12:32:44 -0300] "POST /cormun/servlet/trsolicitudgral?f8725b372900c5430ad005c3239d5d26,,gx-no-cache=1491236841591 HTTP/1.1" 200 7586
186.103.159.187 - - [03/Apr/2017:12:32:49 -0300] "POST /cormun/servlet/hlogin?2361a00dc0a78d674274b463f09bfa6a,gx-no-cache=1491233635808 HTTP/1.1" 200 446
192.168.10.96 - - [03/Apr/2017:12:32:49 -0300] "POST /cormun/servlet/trsolicitudgral?f8725b372900c5430ad005c3239d5d26,,gx-no-cache=1491236846214 HTTP/1.1" 200 7194
186.79.237.79 - - [03/Apr/2017:12:32:49 -0300] "GET /cormun/servlet/trautorizarsolicitud? HTTP/1.1" 200 6901
186.79.237.79 - - [03/Apr/2017:12:32:50 -0300] "GET /cormun/servlet/trautorizarsolicitud? HTTP/1.1" 200 6889
186.103.159.46 - - [03/Apr/2017:12:32:50 -0300] "POST /cormun/servlet/trautorizarpermisogoce?50ec33893442ed13b66ebfaa8fd8c183,,gx-no-cache=1491233630637 HTTP/1.1" 200 4084
186.79.237.79 - - [03/Apr/2017:12:32:53 -0300] "GET /cormun/servlet/trsolicitudot? HTTP/1.1" 200 8236
186.103.159.187 - - [03/Apr/2017:12:32:53 -0300] "POST /cormun/servlet/hlogin?2361a00dc0a78d674274b463f09bfa6a,gx-no-cache=1491233640494 HTTP/1.1" 200 90
186.79.237.79 - - [03/Apr/2017:12:32:53 -0300] "GET /cormun/servlet/trsolicitudot? HTTP/1.1" 200 8235
186.103.159.187 - - [03/Apr/2017:12:32:53 -0300] "GET /cormun/servlet/hpexe_link HTTP/1.1" 200 956
186.103.159.187 - - [03/Apr/2017:12:32:54 -0300] "GET /cormun/static/gxcfg.js?201731711483381 HTTP/1.1" 304 -
186.103.159.187 - - [03/Apr/2017:12:32:54 -0300] "GET /cormun/static/hpexe_link.js?201731711483384 HTTP/1.1" 304 -
186.103.159.187 - - [03/Apr/2017:12:32:54 -0300] "GET /cormun/servlet/hhome HTTP/1.1" 200 3739
186.103.159.187 - - [03/Apr/2017:12:32:54 -0300] "GET /cormun/static/gxcfg.js?201731711483497 HTTP/1.1" 304 -
186.103.159.187 - - [03/Apr/2017:12:32:54 -0300] "GET /cormun/static/hwchdr01.js?201731711335950 HTTP/1.1" 304 -
186.103.159.187 - - [03/Apr/2017:12:32:54 -0300] "GET /cormun/static/hpexe_recentlink.js?201610171694390 HTTP/1.1" 304 -
186.103.159.187 - - [03/Apr/2017:12:32:54 -0300] "GET /cormun/static/hhome.js?20173171148352 HTTP/1.1" 304 -
186.103.159.187 - - [03/Apr/2017:12:32:54 -0300] "GET /cormun/static/hpexe_scripts.js?201731711335890 HTTP/1.1" 304 -
186.103.159.187 - - [03/Apr/2017:12:32:54 -0300] "GET /cormun/static/hpexe_messagegenexuscomponent.js?201731711335537 HTTP/1.1" 304 -
186.103.159.187 - - [03/Apr/2017:12:32:54 -0300] "GET /cormun/static/cmcontrolpreferences.js?201731711335852 HTTP/1.1" 304 -
186.103.159.187 - - [03/Apr/2017:12:32:54 -0300] "GET /cormun/static/hmpwkw03.js?201731711485354 HTTP/1.1" 304 -
186.103.159.187 - - [03/Apr/2017:12:32:55 -0300] "GET /cormun/static/hpexe_messagepopupcomponent.js?20161017169425 HTTP/1.1" 304 -
186.103.159.187 - - [03/Apr/2017:12:32:55 -0300] "GET /cormun/static/hpexe_messagecontroller.js?201610171694323 HTTP/1.1" 304 -
186.103.159.187 - - [03/Apr/2017:12:32:55 -0300] "GET /cormun/servlet/hhome HTTP/1.1" 200 3736
192.168.10.96 - - [03/Apr/2017:12:32:58 -0300] "POST /cormun/servlet/trsolicitudgral?f8725b372900c5430ad005c3239d5d26,,gx-no-cache=1491236855526 HTTP/1.1" 200 7228
186.103.159.187 - - [03/Apr/2017:12:32:58 -0300] "GET /cormun/servlet/trsolicitudot? HTTP/1.1" 200 7960
186.103.159.187 - - [03/Apr/2017:12:32:59 -0300] "GET /cormun/static/gxcfg.js?201731711505139 HTTP/1.1" 200 953
186.103.159.187 - - [03/Apr/2017:12:32:59 -0300] "GET /cormun/static/calendar.js?85251 HTTP/1.1" 304 -
186.103.159.187 - - [03/Apr/2017:12:32:59 -0300] "GET /cormun/static/calendar-es.js?85251 HTTP/1.1" 304 -
186.103.159.187 - - [03/Apr/2017:12:32:59 -0300] "GET /cormun/static/calendar-setup.js?85251 HTTP/1.1" 304 -
186.103.159.187 - - [03/Apr/2017:12:32:59 -0300] "GET /cormun/static/gxdec.js?85251 HTTP/1.1" 304 -
186.103.159.187 - - [03/Apr/2017:12:32:59 -0300] "GET /cormun/static/trsolicitudot.js?20173171151116 HTTP/1.1" 304 -
186.103.159.187 - - [03/Apr/2017:12:32:59 -0300] "GET /cormun/servlet/trsolicitudot? HTTP/1.1" 200 7958
186.79.237.79 - - [03/Apr/2017:12:33:00 -0300] "POST /cormun/servlet/trsolicitudot?d23ba4408c8888f4588b3da82e3c8613,,gx-no-cache=1491237242027 HTTP/1.1" 200 105
186.79.237.79 - - [03/Apr/2017:12:33:00 -0300] "GET /cormun/servlet/solicitudot?DLT,2017,5841, HTTP/1.1" 200 9528
186.79.237.79 - - [03/Apr/2017:12:33:02 -0300] "GET /cormun/static/Shared/jqueryui/images/ui-bg_highlight-soft_100_c6c2c8_1x100.png HTTP/1.1" 404 1117
186.79.237.79 - - [03/Apr/2017:12:33:02 -0300] "GET /cormun/static/Shared/jqueryui/images/ui-bg_flat_55_fafafa_40x100.png HTTP/1.1" 404 1097
186.79.237.79 - - [03/Apr/2017:12:33:02 -0300] "GET /cormun/static/Shared/jqueryui/images/ui-icons_8d78a5_256x240.png HTTP/1.1" 404 1089
186.79.237.79 - - [03/Apr/2017:12:33:02 -0300] "GET /cormun/static/Shared/jqueryui/images/ui-icons_82798d_256x240.png HTTP/1.1" 404 1089
186.79.237.79 - - [03/Apr/2017:12:33:02 -0300] "GET /cormun/servlet/solicitudot?DLT,2017,5841, HTTP/1.1" 200 9538
186.103.159.187 - - [03/Apr/2017:12:33:05 -0300] "GET /cormun/servlet/solicitudot?INS,0,0, HTTP/1.1" 200 12548
186.103.159.187 - - [03/Apr/2017:12:33:05 -0300] "GET /cormun/static/Resources/Spanish/PXTools.css?18365030 HTTP/1.1" 304 -
186.103.159.187 - - [03/Apr/2017:12:33:05 -0300] "GET /cormun/static/gxcfg.js?20171191042720 HTTP/1.1" 200 953
186.103.159.187 - - [03/Apr/2017:12:33:05 -0300] "GET /cormun/static/solicitudot.js?2017119104297 HTTP/1.1" 304 -
186.103.248.213 - - [03/Apr/2017:12:33:06 -0300] "POST /cormun/servlet/trpermisosgoce?64741422007647aae817455b38633760,,gx-no-cache=1491233635036 HTTP/1.1" 200 4953
186.103.159.187 - - [03/Apr/2017:12:33:06 -0300] "GET /cormun/servlet/solicitudot?INS,0,0, HTTP/1.1" 200 12553
186.103.159.46 - - [03/Apr/2017:12:33:11 -0300] "POST /cormun/servlet/trautorizarpermisogoce?50ec33893442ed13b66ebfaa8fd8c183,,gx-no-cache=1491233651567 HTTP/1.1" 200 4091
186.79.220.121 - - [03/Apr/2017:12:33:12 -0300] "GET /cormun/servlet/solicitudot?2e45f790f314a109ada16541c5d4957eab2ab56c2f6bbd38f39064042ce12fe17118946827df2191078d168003b8f16110f7f12fb6181cd7e3b0cbe181b4a071a3e012dd09f84bbd10f583fc6f04447e5fa2800ca0cc75061c0f4b51358fecdcc082234232e2927c30003c143f049eb22bfc07da2e73be2f5cdb6cee3e81eac55dd9a30ab2a7fed72632d7661f4310a3bddfc9987800d65e38c4b2f3409ba3b78454f37df8514bd90d7dda4f65e9696f,gx-no-cache=1491233658585 HTTP/1.1" 200 30
186.103.159.46 - - [03/Apr/2017:12:33:19 -0300] "GET /cormun/static/menuarrow.gif HTTP/1.1" 404 1015
186.103.159.187 - - [03/Apr/2017:12:33:19 -0300] "GET /cormun/servlet/prfichaempleado?,MD,,gxPopupLevel%3D0%3B HTTP/1.1" 200 8745
186.103.159.187 - - [03/Apr/2017:12:33:19 -0300] "GET /cormun/static/gxcfg.js?2017319125415 HTTP/1.1" 304 -
186.103.159.187 - - [03/Apr/2017:12:33:20 -0300] "GET /cormun/static/menusearch.js?201610171694467 HTTP/1.1" 304 -
