200.54.247.69 - - [03/Apr/2017:13:43:23 -0300] "GET /cormun/servlet/licenciaspermisos?DSP,15806390,L,20170403000000, HTTP/1.1" 200 7032
186.103.159.182 - - [03/Apr/2017:13:43:23 -0300] "GET /cormun/servlet/trsolicitudadjuntos?2017,5884, HTTP/1.1" 200 6161
200.54.247.69 - - [03/Apr/2017:13:43:24 -0300] "GET /cormun/servlet/licenciaspermisos?DSP,15806390,L,20170403000000, HTTP/1.1" 200 7033
192.168.10.13 - - [03/Apr/2017:13:43:26 -0300] "GET / HTTP/1.1" 200 11217
186.103.159.182 - - [03/Apr/2017:13:43:27 -0300] "GET /cormun/servlet/solicitudotadjuntos?INS,2017,5884,,1, HTTP/1.1" 200 6099
200.54.247.69 - - [03/Apr/2017:13:43:27 -0300] "POST /cormun/servlet/licenciaspermisos?f7853a5b5d2bb4e49a3b96532dbfcfb9,DSP,15806390,L,20170403000000,,gx-no-cache=1491237876443 HTTP/1.1" 200 93
200.54.247.69 - - [03/Apr/2017:13:43:27 -0300] "GET /cormun/servlet/hpexe_return? HTTP/1.1" 200 1027
186.103.159.182 - - [03/Apr/2017:13:43:27 -0300] "GET /cormun/static/about:blank HTTP/1.1" 404 1011
200.54.247.69 - - [03/Apr/2017:13:43:27 -0300] "GET /cormun/servlet/trlicencias HTTP/1.1" 200 8088
200.54.247.69 - - [03/Apr/2017:13:43:28 -0300] "GET /cormun/servlet/trlicencias HTTP/1.1" 200 8084
186.103.159.182 - - [03/Apr/2017:13:43:28 -0300] "GET /cormun/servlet/solicitudotadjuntos?INS,2017,5884,,1, HTTP/1.1" 200 6094
186.103.159.182 - - [03/Apr/2017:13:43:29 -0300] "GET /cormun/servlet/solicitudotadjuntos?81d4fb48939ce62e849d49abef7f5bfcab507f082216bb44b11761007736a52f11edacfb8a44e44e38a03d8b2b273e26,gx-no-cache=1491237876012 HTTP/1.1" 200 30
186.103.159.182 - - [03/Apr/2017:13:43:29 -0300] "POST /cormun/servlet/solicitudotadjuntos?8ffafb50c095ed685f9cc3d604c077c5,INS,2017,5884,,1,,gx-no-cache=1491237876091 HTTP/1.1" 200 3860
186.103.158.250 - - [03/Apr/2017:13:43:36 -0300] "GET /cormun/servlet/permisogoce?934b9123371aa147bec9dab65f32fd94a5a95e42f93c05f491d1bd0fa56861eb65b5c6575e05b2c1e71149e5b0073c28,gx-no-cache=1491241367587 HTTP/1.1" 200 195
186.103.159.182 - - [03/Apr/2017:13:43:49 -0300] "POST /cormun/servlet/solicitudotadjuntos?gx-no-cache=1491237896247 HTTP/1.1" 200 26
200.54.247.69 - - [03/Apr/2017:13:43:52 -0300] "GET /cormun/servlet/trlicenciaspermisosadjuntos?15806390,20170403000000,L, HTTP/1.1" 200 6842
200.54.247.69 - - [03/Apr/2017:13:43:54 -0300] "GET /cormun/servlet/trlicenciaspermisosadjuntos?15806390,20170403000000,L, HTTP/1.1" 200 6841
200.86.95.220 - - [03/Apr/2017:13:44:02 -0300] "POST /cormun/servlet/hlogin?93ad9fee5da163d158b6e7d340099f53,gx-no-cache=1491237911795 HTTP/1.1" 200 90
200.86.95.220 - - [03/Apr/2017:13:44:03 -0300] "GET /cormun/servlet/hpexe_link HTTP/1.1" 200 957
200.86.95.220 - - [03/Apr/2017:13:44:04 -0300] "GET /cormun/servlet/trsolicitudot HTTP/1.1" 200 6724
200.86.95.220 - - [03/Apr/2017:13:44:06 -0300] "GET /cormun/servlet/trsolicitudot HTTP/1.1" 200 6722
200.54.247.69 - - [03/Apr/2017:13:44:06 -0300] "GET /cormun/PublicTempStorage/jenifer_2_0019707607.pdf HTTP/1.1" 200 15098729
200.54.247.69 - - [03/Apr/2017:13:44:11 -0300] "GET /cormun/servlet/trlicenciaspermisosadjuntos?15806390,20170403000000,L, HTTP/1.1" 200 6842
200.54.247.69 - - [03/Apr/2017:13:44:13 -0300] "GET /cormun/servlet/trlicenciaspermisosadjuntos?15806390,20170403000000,L, HTTP/1.1" 200 6842
200.54.247.69 - - [03/Apr/2017:13:44:15 -0300] "POST /cormun/servlet/trlicenciaspermisosadjuntos?f7853a5b5d2bb4e49a3b96532dbfcfb9,15806390,20170403000000,L,,gx-no-cache=1491237923983 HTTP/1.1" 200 90
200.54.247.69 - - [03/Apr/2017:13:44:15 -0300] "GET /cormun/servlet/hpexe_link HTTP/1.1" 200 984
200.54.247.69 - - [03/Apr/2017:13:44:15 -0300] "GET /cormun/servlet/trlicencias HTTP/1.1" 200 8085
200.54.247.69 - - [03/Apr/2017:13:44:16 -0300] "GET /cormun/servlet/trlicencias HTTP/1.1" 200 8084
200.54.247.69 - - [03/Apr/2017:13:44:20 -0300] "GET /cormun/servlet/trlicenciaspermisosadjuntos?15806390,20170403000000,L, HTTP/1.1" 200 6841
200.54.247.69 - - [03/Apr/2017:13:44:22 -0300] "GET /cormun/servlet/trlicenciaspermisosadjuntos?15806390,20170403000000,L, HTTP/1.1" 200 6841
200.86.95.220 - - [03/Apr/2017:13:44:23 -0300] "GET /cormun/servlet/solicitudot?INS,0,0, HTTP/1.1" 200 12566
200.54.247.69 - - [03/Apr/2017:13:44:23 -0300] "POST /cormun/servlet/trlicenciaspermisosadjuntos?f7853a5b5d2bb4e49a3b96532dbfcfb9,15806390,20170403000000,L,,gx-no-cache=1491237932269 HTTP/1.1" 200 90
200.54.247.69 - - [03/Apr/2017:13:44:23 -0300] "GET /cormun/servlet/hpexe_link HTTP/1.1" 200 984
200.54.247.69 - - [03/Apr/2017:13:44:23 -0300] "GET /cormun/servlet/trlicencias HTTP/1.1" 200 8085
200.86.95.220 - - [03/Apr/2017:13:44:24 -0300] "GET /cormun/servlet/solicitudot?INS,0,0, HTTP/1.1" 200 12571
200.54.247.69 - - [03/Apr/2017:13:44:24 -0300] "GET /cormun/servlet/trlicencias HTTP/1.1" 200 8084
186.103.159.182 - - [03/Apr/2017:13:44:25 -0300] "GET /cormun/servlet/solicitudotadjuntos?81d4fb48939ce62e849d49abef7f5bfc86632027e1d4efd3e3723af42e4af3b4,gx-no-cache=1491237931942 HTTP/1.1" 200 30
186.103.159.182 - - [03/Apr/2017:13:44:25 -0300] "GET /cormun/servlet/solicitudotadjuntos?81d4fb48939ce62e849d49abef7f5bfc86632027e1d4efd3e3723af42e4af3b4,gx-no-cache=1491237932029 HTTP/1.1" 200 30
192.168.10.13 - - [03/Apr/2017:13:44:26 -0300] "GET / HTTP/1.1" 200 11217
200.54.247.69 - - [03/Apr/2017:13:44:26 -0300] "GET /cormun/servlet/alicenciaprn?15806390,L,20170403000000,PU HTTP/1.1" 200 1587
186.103.159.182 - - [03/Apr/2017:13:44:27 -0300] "POST /cormun/servlet/solicitudotadjuntos?8ffafb50c095ed685f9cc3d604c077c5,INS,2017,5884,,1, HTTP/1.1" 200 116
186.103.159.182 - - [03/Apr/2017:13:44:27 -0300] "GET /cormun/servlet/hpexe_return? HTTP/1.1" 200 1026
186.103.159.182 - - [03/Apr/2017:13:44:28 -0300] "GET /cormun/servlet/trsolicitudadjuntos?2017,5884, HTTP/1.1" 200 8322
186.103.158.250 - - [03/Apr/2017:13:44:29 -0300] "GET /cormun/servlet/permisogoce?934b9123371aa147bec9dab65f32fd94a5a95e42f93c05f491d1bd0fa56861eb4111a62ad27d39a629e1d5e3a1c66fa8,gx-no-cache=1491241420362 HTTP/1.1" 200 72
186.103.159.182 - - [03/Apr/2017:13:44:30 -0300] "GET /cormun/servlet/trsolicitudadjuntos?2017,5884, HTTP/1.1" 200 8319
200.86.95.220 - - [03/Apr/2017:13:44:33 -0300] "POST /cormun/servlet/solicitudot?gx-no-cache=1491237942016 HTTP/1.1" 200 3190
186.103.159.182 - - [03/Apr/2017:13:44:33 -0300] "GET /cormun/servlet/solicitudotadjuntos?INS,2017,5884,,1, HTTP/1.1" 200 6098
200.86.95.220 - - [03/Apr/2017:13:44:33 -0300] "POST /cormun/servlet/solicitudot?93ad9fee5da163d158b6e7d340099f53,INS,0,0,,gx-no-cache=1491237942386 HTTP/1.1" 200 9793
186.103.159.182 - - [03/Apr/2017:13:44:35 -0300] "GET /cormun/static/about:blank HTTP/1.1" 404 1011
186.103.159.182 - - [03/Apr/2017:13:44:35 -0300] "GET /cormun/servlet/solicitudotadjuntos?INS,2017,5884,,1, HTTP/1.1" 200 6093
186.103.159.182 - - [03/Apr/2017:13:44:35 -0300] "GET /cormun/servlet/solicitudotadjuntos?81d4fb48939ce62e849d49abef7f5bfcab507f082216bb44b11761007736a52f11edacfb8a44e44e38a03d8b2b273e26,gx-no-cache=1491237942262 HTTP/1.1" 200 30
186.103.159.182 - - [03/Apr/2017:13:44:35 -0300] "POST /cormun/servlet/solicitudotadjuntos?8ffafb50c095ed685f9cc3d604c077c5,INS,2017,5884,,1,,gx-no-cache=1491237942335 HTTP/1.1" 200 3859
200.54.247.69 - - [03/Apr/2017:13:44:35 -0300] "POST /cormun/servlet/trlicencias?f7853a5b5d2bb4e49a3b96532dbfcfb9,gx-no-cache=1491237944549 HTTP/1.1" 200 4268
200.54.247.69 - - [03/Apr/2017:13:44:36 -0300] "GET /cormun/static/Shared/jqueryui/images/ui-icons_8d78a5_256x240.png HTTP/1.1" 404 1089
200.54.247.69 - - [03/Apr/2017:13:44:36 -0300] "GET /cormun/static/Shared/jqueryui/images/ui-icons_82798d_256x240.png HTTP/1.1" 404 1089
200.54.247.69 - - [03/Apr/2017:13:44:36 -0300] "GET /cormun/static/Shared/jqueryui/images/ui-bg_flat_55_fafafa_40x100.png HTTP/1.1" 404 1097
186.103.158.250 - - [03/Apr/2017:13:44:37 -0300] "GET /cormun/servlet/permisogoce?934b9123371aa147bec9dab65f32fd94084e36f1470c0f57c5ea8740bf2d14da467801f19744b4c576d4764b3ca88ba0b91c7d049b5e3b37b37800cd5ffeeeb5,gx-no-cache=1491241429043 HTTP/1.1" 200 47
200.86.95.220 - - [03/Apr/2017:13:44:39 -0300] "GET /cormun/servlet/solicitudot?dbdcd26bf0e6539e79c3b6f9c1faa12c0310b070e2ab3e27b09e361e769845852a108126a0493a8d55fc16d97d27cd0c,gx-no-cache=1491237948688 HTTP/1.1" 200 30
200.86.95.220 - - [03/Apr/2017:13:44:39 -0300] "POST /cormun/servlet/solicitudot?gx-no-cache=1491237948784 HTTP/1.1" 200 297
200.86.95.220 - - [03/Apr/2017:13:44:39 -0300] "GET /cormun/servlet/solicitudot?dbdcd26bf0e6539e79c3b6f9c1faa12c33dfca583348fed84b29790a250d49c5d43a94f5d9eabd99a4bbf1cd9de65191424f04430cac28ab1b84b467507555a5e7f19d8e4855b0e639889386ee6082a6b3aa67c2ed1892746acd992a4161792e14ecddfe2a19b67c88f812be00898287d246646e3eba9ff51910b607f86cd5295668d4af4a37b34b45347aa6f6506f4e7500c1bf04064889d7d5803c7fa34b3aa2f2988d2d3cfc7539d4e2bd0e0aec8585e392653995de69c1c1f1ce0b33b02d491ed3b9e1a6b39b077b5d4efdeec025b4a50c65ae3e3c56f25cf82ab5849108af9e1236a07c411dc5387612c4150e6776711b0f3c42fba2a499b0d77e25a0e942631aaf4f517dd68994b1888bc8b17b97d4db2d410d8c1013be55592b748065b8322cf15bd0538f3c6bb1ac5898118a488c438c692e75d40188270d98b95b59daf6118e9fa2e2e5bdb6086dd70057f92c3682286d9f87fdf857eafb30ea26adc040910c6fb32c88317dc37e465469c87c19bcf81f34c493555f8f147d252beee50fa8524509819697e737c9298cd82d,gx-no-cache=1491237948879 HTTP/1.1" 200 30
200.54.247.69 - - [03/Apr/2017:13:44:40 -0300] "GET /cormun/static/Shared/jqueryui/images/ui-bg_highlight-soft_100_c6c2c8_1x100.png HTTP/1.1" 404 1117
186.103.159.182 - - [03/Apr/2017:13:44:41 -0300] "POST /cormun/servlet/solicitudotadjuntos?gx-no-cache=1491237948430 HTTP/1.1" 200 26
200.86.95.220 - - [03/Apr/2017:13:44:42 -0300] "POST /cormun/servlet/solicitudot?gx-no-cache=1491237951121 HTTP/1.1" 200 30
200.86.95.220 - - [03/Apr/2017:13:44:46 -0300] "POST /cormun/servlet/solicitudot?gx-no-cache=1491237955442 HTTP/1.1" 200 235
200.86.95.220 - - [03/Apr/2017:13:44:46 -0300] "POST /cormun/servlet/solicitudot?gx-no-cache=1491237955896 HTTP/1.1" 200 38
200.54.247.69 - - [03/Apr/2017:13:44:49 -0300] "POST /cormun/servlet/trlicencias?f7853a5b5d2bb4e49a3b96532dbfcfb9,gx-no-cache=1491237957802 HTTP/1.1" 200 7155
200.54.247.69 - - [03/Apr/2017:13:44:54 -0300] "POST /cormun/servlet/trlicencias?f7853a5b5d2bb4e49a3b96532dbfcfb9,gx-no-cache=1491237963578 HTTP/1.1" 200 5376
186.103.159.182 - - [03/Apr/2017:13:44:55 -0300] "GET /cormun/servlet/solicitudotadjuntos?81d4fb48939ce62e849d49abef7f5bfc86632027e1d4efd3e3723af42e4af3b4,gx-no-cache=1491237962522 HTTP/1.1" 200 30
186.103.159.182 - - [03/Apr/2017:13:44:55 -0300] "GET /cormun/servlet/solicitudotadjuntos?81d4fb48939ce62e849d49abef7f5bfc86632027e1d4efd3e3723af42e4af3b4,gx-no-cache=1491237962591 HTTP/1.1" 200 30
200.54.247.69 - - [03/Apr/2017:13:44:59 -0300] "GET /cormun/servlet/trlicenciaspermisosadjuntos?15806390,20170403000000,L, HTTP/1.1" 200 6783
186.103.159.182 - - [03/Apr/2017:13:45:00 -0300] "POST /cormun/servlet/solicitudotadjuntos?8ffafb50c095ed685f9cc3d604c077c5,INS,2017,5884,,1, HTTP/1.1" 200 116
200.54.247.69 - - [03/Apr/2017:13:45:00 -0300] "GET /cormun/servlet/trlicenciaspermisosadjuntos?15806390,20170403000000,L, HTTP/1.1" 200 6783
186.103.159.182 - - [03/Apr/2017:13:45:00 -0300] "GET /cormun/servlet/hpexe_return? HTTP/1.1" 200 1026
186.103.159.182 - - [03/Apr/2017:13:45:00 -0300] "GET /cormun/servlet/trsolicitudadjuntos?2017,5884, HTTP/1.1" 200 8495
200.54.247.69 - - [03/Apr/2017:13:45:02 -0300] "GET /cormun/servlet/trlicenciaspermisosadjuntos?15806390,20170403000000,L, HTTP/1.1" 200 6783
186.103.159.182 - - [03/Apr/2017:13:45:02 -0300] "GET /cormun/servlet/trsolicitudadjuntos?2017,5884, HTTP/1.1" 200 8491
200.86.95.220 - - [03/Apr/2017:13:45:05 -0300] "GET /cormun/servlet/solicitudot?dbdcd26bf0e6539e79c3b6f9c1faa12cea3c7700d1b1b90d1bdb00583bc54cd386167746db5c6d3e7c2b143dc63a9b1af707506064b3573f4a71831f65c6e56c21885c8f26d92a56d457721419bd10f9c58a00a7eca752b8037b6ea334ac46f4f88825e3acc3bb4cb5015700107c77c3,gx-no-cache=1491237974306 HTTP/1.1" 200 29
200.86.95.220 - - [03/Apr/2017:13:45:05 -0300] "POST /cormun/servlet/solicitudot?gx-no-cache=1491237974394 HTTP/1.1" 200 641
200.86.95.220 - - [03/Apr/2017:13:45:06 -0300] "POST /cormun/servlet/solicitudot?gx-no-cache=1491237975805 HTTP/1.1" 200 1157
200.54.247.69 - - [03/Apr/2017:13:45:11 -0300] "GET /cormun/PublicTempStorage/jenifer_2_0013166076.pdf HTTP/1.1" 200 15098729
200.54.247.69 - - [03/Apr/2017:13:45:20 -0300] "GET /cormun/servlet/trlicenciaspermisosadjuntos?15806390,20170403000000,L, HTTP/1.1" 200 6783
200.54.247.69 - - [03/Apr/2017:13:45:22 -0300] "GET /cormun/servlet/trlicenciaspermisosadjuntos?15806390,20170403000000,L, HTTP/1.1" 200 6784
200.54.247.69 - - [03/Apr/2017:13:45:24 -0300] "POST /cormun/servlet/trlicenciaspermisosadjuntos?f7853a5b5d2bb4e49a3b96532dbfcfb9,15806390,20170403000000,L,,gx-no-cache=1491237993295 HTTP/1.1" 200 90
200.54.247.69 - - [03/Apr/2017:13:45:24 -0300] "GET /cormun/servlet/hpexe_link HTTP/1.1" 200 1005
200.54.247.69 - - [03/Apr/2017:13:45:24 -0300] "GET /cormun/servlet/trlicencias?gx-no-cache=1491237963578 HTTP/1.1" 200 8034
200.54.247.69 - - [03/Apr/2017:13:45:25 -0300] "GET /cormun/servlet/trlicencias?gx-no-cache=1491237963578 HTTP/1.1" 200 8054
192.168.10.13 - - [03/Apr/2017:13:45:26 -0300] "GET / HTTP/1.1" 200 11217
192.168.10.96 - - [03/Apr/2017:13:45:29 -0300] "GET /cormun/servlet/trsolicitudnombre?11274998, HTTP/1.1" 200 7313
192.168.10.96 - - [03/Apr/2017:13:45:29 -0300] "GET /cormun/servlet/trsolicitudnombre?11274998, HTTP/1.1" 200 7311
192.168.10.96 - - [03/Apr/2017:13:45:32 -0300] "GET /cormun/servlet/vesolicitudnombre?2017,5783,, HTTP/1.1" 200 8509
192.168.10.96 - - [03/Apr/2017:13:45:32 -0300] "GET /cormun/pexe_scrolldiv.js HTTP/1.1" 404 1009
192.168.10.96 - - [03/Apr/2017:13:45:32 -0300] "GET /cormun/pexe_scrolldiv.js HTTP/1.1" 404 1009
192.168.10.96 - - [03/Apr/2017:13:45:33 -0300] "GET /cormun/servlet/vesolicitudnombre?2017,5783,, HTTP/1.1" 200 8503
200.86.95.220 - - [03/Apr/2017:13:45:33 -0300] "GET /cormun/static/menuarrow.gif HTTP/1.1" 404 1015
192.168.10.96 - - [03/Apr/2017:13:45:35 -0300] "GET /cormun/servlet/vesolicitudnombre?2017,5783,,SolicitudOTAdjuntos HTTP/1.1" 200 10321
192.168.10.96 - - [03/Apr/2017:13:45:35 -0300] "GET /cormun/pexe_scrolldiv.js HTTP/1.1" 404 1009
192.168.10.96 - - [03/Apr/2017:13:45:35 -0300] "GET /cormun/pexe_scrolldiv.js HTTP/1.1" 404 1009
192.168.10.96 - - [03/Apr/2017:13:45:36 -0300] "GET /cormun/servlet/vesolicitudnombre?2017,5783,,SolicitudOTAdjuntos HTTP/1.1" 200 10323
192.168.10.96 - - [03/Apr/2017:13:45:36 -0300] "POST /cormun/servlet/acontrolpreferencessavestate?None,DZAMUDIO,true HTTP/1.1" 200 35
192.168.10.96 - - [03/Apr/2017:13:45:37 -0300] "GET /cormun/PublicTempStorage/carnet2958955.jpg HTTP/1.1" 200 1210164
200.86.95.220 - - [03/Apr/2017:13:45:45 -0300] "GET /cormun/servlet/solicitudot?dbdcd26bf0e6539e79c3b6f9c1faa12cf9877f5ec6a0dc94f4077d2949b5cc73ded0d5f0ff395127614518aec7cfef9101143ca5d23fef52a8177e3547bcb00522d54078ab79050465561636de8dffa4ec557c7c671858689c3dbaeab7f8c9458d64580cd1f7267a808b52e7a3cf660389f344ee4fc1cceeda484b45e90d139fea17dcd04e6148ca6c1e67128ce2651c90dd33589f7117d9fbe4830f402eeb81f0f26c62c96a05cddb9f993e94d9b269,gx-no-cache=1491238014918 HTTP/1.1" 200 30
192.168.10.96 - - [03/Apr/2017:13:45:55 -0300] "GET /cormun/servlet/vesolicitudnombre?2017,5783,,SolicitudOTAdjuntos HTTP/1.1" 200 10323
192.168.10.96 - - [03/Apr/2017:13:45:57 -0300] "GET /cormun/servlet/vesolicitudnombre?2017,5783,,SolicitudOTAdjuntos HTTP/1.1" 200 10326
192.168.10.96 - - [03/Apr/2017:13:45:57 -0300] "POST /cormun/servlet/acontrolpreferencessavestate?None,DZAMUDIO,true HTTP/1.1" 200 35
192.168.10.96 - - [03/Apr/2017:13:45:57 -0300] "GET /cormun/PublicTempStorage/afp3742714.jpg HTTP/1.1" 200 973400
192.168.10.96 - - [03/Apr/2017:13:46:01 -0300] "GET /cormun/servlet/vesolicitudnombre?2017,5783,,SolicitudOTAdjuntos HTTP/1.1" 200 10323
192.168.10.96 - - [03/Apr/2017:13:46:02 -0300] "GET /cormun/servlet/vesolicitudnombre?2017,5783,,SolicitudOTAdjuntos HTTP/1.1" 200 10324
192.168.10.96 - - [03/Apr/2017:13:46:02 -0300] "POST /cormun/servlet/acontrolpreferencessavestate?None,DZAMUDIO,true HTTP/1.1" 200 35
192.168.10.96 - - [03/Apr/2017:13:46:05 -0300] "GET /cormun/PublicTempStorage/fonasa4257664.jpg HTTP/1.1" 200 726306
192.168.10.96 - - [03/Apr/2017:13:46:09 -0300] "GET /cormun/servlet/vesolicitudnombre?2017,5783,,SolicitudOTAdjuntos HTTP/1.1" 200 10321
192.168.10.96 - - [03/Apr/2017:13:46:11 -0300] "GET /cormun/servlet/vesolicitudnombre?2017,5783,,SolicitudOTAdjuntos HTTP/1.1" 200 10321
192.168.10.96 - - [03/Apr/2017:13:46:11 -0300] "POST /cormun/servlet/acontrolpreferencessavestate?None,DZAMUDIO,true HTTP/1.1" 200 35
192.168.10.96 - - [03/Apr/2017:13:46:11 -0300] "GET /cormun/PublicTempStorage/antecedentes397731.jpg HTTP/1.1" 200 1076373
192.168.10.96 - - [03/Apr/2017:13:46:15 -0300] "GET /cormun/servlet/vesolicitudnombre?2017,5783,,SolicitudOTAdjuntos HTTP/1.1" 200 10323
192.168.10.96 - - [03/Apr/2017:13:46:16 -0300] "GET /cormun/servlet/vesolicitudnombre?2017,5783,,SolicitudOTAdjuntos HTTP/1.1" 200 10323
192.168.10.96 - - [03/Apr/2017:13:46:16 -0300] "POST /cormun/servlet/acontrolpreferencessavestate?None,DZAMUDIO,true HTTP/1.1" 200 35
192.168.10.96 - - [03/Apr/2017:13:46:17 -0300] "GET /cormun/PublicTempStorage/ingenieria4419667.jpg HTTP/1.1" 200 1045728
192.168.10.96 - - [03/Apr/2017:13:46:21 -0300] "GET /cormun/servlet/vesolicitudnombre?2017,5783,,SolicitudOTAdjuntos HTTP/1.1" 200 10321
192.168.10.96 - - [03/Apr/2017:13:46:22 -0300] "GET /cormun/servlet/vesolicitudnombre?2017,5783,,SolicitudOTAdjuntos HTTP/1.1" 200 10325
192.168.10.96 - - [03/Apr/2017:13:46:23 -0300] "POST /cormun/servlet/acontrolpreferencessavestate?None,DZAMUDIO,true HTTP/1.1" 200 35
192.168.10.96 - - [03/Apr/2017:13:46:23 -0300] "GET /cormun/PublicTempStorage/titulo5397360.jpg HTTP/1.1" 200 1256267
192.168.10.13 - - [03/Apr/2017:13:46:26 -0300] "GET / HTTP/1.1" 200 11217
192.168.10.96 - - [03/Apr/2017:13:46:27 -0300] "GET /cormun/servlet/vesolicitudnombre?2017,5783,,SolicitudOTAdjuntos HTTP/1.1" 200 10323
192.168.10.96 - - [03/Apr/2017:13:46:29 -0300] "POST /cormun/servlet/acontrolpreferencessavestate?None,DZAMUDIO,true HTTP/1.1" 200 35
192.168.10.96 - - [03/Apr/2017:13:46:29 -0300] "GET /cormun/servlet/vesolicitudnombre?2017,5783,,SolicitudOTAdjuntos HTTP/1.1" 200 10325
194.87.94.136 - - [03/Apr/2017:13:46:57 -0300] "GET / HTTP/1.1" 200 11217
192.168.10.13 - - [03/Apr/2017:13:47:26 -0300] "GET / HTTP/1.1" 200 11217
192.168.10.13 - - [03/Apr/2017:13:48:26 -0300] "GET / HTTP/1.1" 200 11217
191.96.249.97 - - [03/Apr/2017:13:48:50 -0300] "GET /setup.cgi HTTP/1.1" 404 979
192.168.10.89 - - [03/Apr/2017:13:49:19 -0300] "GET /cormun/servlet/hlogin HTTP/1.1" 200 1738
192.168.10.13 - - [03/Apr/2017:13:49:26 -0300] "GET / HTTP/1.1" 200 11217
192.168.10.89 - - [03/Apr/2017:13:49:39 -0300] "POST /cormun/servlet/hlogin?9679c8d582ea12aa148bba3c038cc399,gx-no-cache=1491241456638 HTTP/1.1" 200 90
192.168.10.89 - - [03/Apr/2017:13:49:39 -0300] "GET /cormun/servlet/hpexe_link HTTP/1.1" 200 977
192.168.10.89 - - [03/Apr/2017:13:49:41 -0300] "GET /cormun/servlet/trsolicitudgral?gx-no-cache=1491239658997 HTTP/1.1" 200 8783
192.168.10.89 - - [03/Apr/2017:13:49:46 -0300] "GET /cormun/static/menuarrow.gif HTTP/1.1" 404 1015
192.168.10.89 - - [03/Apr/2017:13:49:57 -0300] "POST /cormun/servlet/trsolicitudgral?9679c8d582ea12aa148bba3c038cc399,gx-no-cache=1491239658997,gx-no-cache=1491241474463 HTTP/1.1" 200 10501
192.168.10.89 - - [03/Apr/2017:13:49:58 -0300] "POST /cormun/servlet/trsolicitudgral?9679c8d582ea12aa148bba3c038cc399,gx-no-cache=1491239658997,gx-no-cache=1491241475238 HTTP/1.1" 200 10501
192.168.10.96 - - [03/Apr/2017:13:50:00 -0300] "GET /cormun/servlet/trsolicitudgral? HTTP/1.1" 200 11490
192.168.10.96 - - [03/Apr/2017:13:50:01 -0300] "GET /cormun/servlet/trsolicitudgral? HTTP/1.1" 200 11473
192.168.10.89 - - [03/Apr/2017:13:50:04 -0300] "POST /cormun/servlet/trsolicitudgral?9679c8d582ea12aa148bba3c038cc399,gx-no-cache=1491239658997,gx-no-cache=1491241481334 HTTP/1.1" 200 6764
192.168.10.96 - - [03/Apr/2017:13:50:08 -0300] "POST /cormun/servlet/trsolicitudgral?f8725b372900c5430ad005c3239d5d26,,gx-no-cache=1491241485887 HTTP/1.1" 200 9028
192.168.10.96 - - [03/Apr/2017:13:50:15 -0300] "POST /cormun/servlet/trsolicitudgral?f8725b372900c5430ad005c3239d5d26,,gx-no-cache=1491241492814 HTTP/1.1" 200 11793
192.168.10.13 - - [03/Apr/2017:13:50:26 -0300] "GET / HTTP/1.1" 200 11217
192.168.10.96 - - [03/Apr/2017:13:50:34 -0300] "POST /cormun/servlet/trsolicitudgral?f8725b372900c5430ad005c3239d5d26,,gx-no-cache=1491241511094 HTTP/1.1" 200 11388
192.168.10.96 - - [03/Apr/2017:13:50:34 -0300] "GET /cormun/static/Shared/jqueryui/images/ui-icons_82798d_256x240.png HTTP/1.1" 404 1089
192.168.10.96 - - [03/Apr/2017:13:50:34 -0300] "GET /cormun/static/Shared/jqueryui/images/ui-bg_highlight-soft_100_c6c2c8_1x100.png HTTP/1.1" 404 1117
192.168.10.96 - - [03/Apr/2017:13:50:34 -0300] "GET /cormun/static/Shared/jqueryui/images/ui-icons_8d78a5_256x240.png HTTP/1.1" 404 1089
192.168.10.96 - - [03/Apr/2017:13:50:34 -0300] "GET /cormun/static/Shared/jqueryui/images/ui-bg_flat_55_fafafa_40x100.png HTTP/1.1" 404 1097
200.86.95.220 - - [03/Apr/2017:13:51:19 -0300] "POST /cormun/servlet/solicitudot?gx-no-cache=1491238347856 HTTP/1.1" 200 1273
200.86.95.220 - - [03/Apr/2017:13:51:19 -0300] "POST /cormun/servlet/solicitudot?gx-no-cache=1491238348199 HTTP/1.1" 200 1157
200.86.95.220 - - [03/Apr/2017:13:51:19 -0300] "GET /cormun/servlet/solicitudot?dbdcd26bf0e6539e79c3b6f9c1faa12cf9877f5ec6a0dc94f4077d2949b5cc73ded0d5f0ff395127614518aec7cfef9101143ca5d23fef52a8177e3547bcb00522d54078ab79050465561636de8dffa4ec557c7c671858689c3dbaeab7f8c9458d64580cd1f7267a808b52e7a3cf660389f344ee4fc1cceeda484b45e90d139fea17dcd04e6148ca6c1e67128ce2651c90dd33589f7117d9fbe4830f402eeb81f0f26c62c96a05cddb9f993e94d9b269,gx-no-cache=1491238348424 HTTP/1.1" 200 30
200.86.95.220 - - [03/Apr/2017:13:51:20 -0300] "POST /cormun/servlet/solicitudot?93ad9fee5da163d158b6e7d340099f53,INS,0,0,,gx-no-cache=1491238348542 HTTP/1.1" 200 93
200.86.95.220 - - [03/Apr/2017:13:51:20 -0300] "GET /cormun/servlet/hpexe_return? HTTP/1.1" 200 1004
200.86.95.220 - - [03/Apr/2017:13:51:21 -0300] "GET /cormun/servlet/trsolicitudot HTTP/1.1" 200 7987
200.86.95.220 - - [03/Apr/2017:13:51:22 -0300] "GET /cormun/servlet/trsolicitudot HTTP/1.1" 200 7984
192.168.10.13 - - [03/Apr/2017:13:51:26 -0300] "GET / HTTP/1.1" 200 11217
192.168.10.13 - - [03/Apr/2017:13:52:26 -0300] "GET / HTTP/1.1" 200 11217
200.54.247.69 - - [03/Apr/2017:13:52:57 -0300] "POST /cormun/servlet/trpermisosingoce?ec859bb5ad1e9f362cc0613ab341929e,gx-no-cache=1491238445784 HTTP/1.1" 440 972
200.54.247.69 - - [03/Apr/2017:13:52:58 -0300] "GET /cormun/servlet/trpermisosingoce HTTP/1.1" 200 6810
200.54.247.69 - - [03/Apr/2017:13:53:00 -0300] "GET /cormun/servlet/trpermisosingoce HTTP/1.1" 200 6810
192.168.10.96 - - [03/Apr/2017:13:53:02 -0300] "GET /cormun/servlet/trconsultaempleado? HTTP/1.1" 200 6776
192.168.10.96 - - [03/Apr/2017:13:53:03 -0300] "GET /cormun/servlet/trconsultaempleado? HTTP/1.1" 200 6776
200.54.247.69 - - [03/Apr/2017:13:53:05 -0300] "GET /cormun/servlet/trlicencias? HTTP/1.1" 200 8033
200.54.247.69 - - [03/Apr/2017:13:53:06 -0300] "GET /cormun/servlet/trlicencias? HTTP/1.1" 200 8032
192.168.10.96 - - [03/Apr/2017:13:53:09 -0300] "GET /cormun/servlet/trsolicitudnombre?11274998, HTTP/1.1" 200 7313
192.168.10.96 - - [03/Apr/2017:13:53:09 -0300] "GET /cormun/servlet/trsolicitudnombre?11274998, HTTP/1.1" 200 7311
192.168.10.96 - - [03/Apr/2017:13:53:11 -0300] "GET /cormun/servlet/vesolicitudnombre?2017,5783,, HTTP/1.1" 200 8509
192.168.10.96 - - [03/Apr/2017:13:53:11 -0300] "GET /cormun/pexe_scrolldiv.js HTTP/1.1" 404 1009
192.168.10.96 - - [03/Apr/2017:13:53:11 -0300] "GET /cormun/pexe_scrolldiv.js HTTP/1.1" 404 1009
192.168.10.96 - - [03/Apr/2017:13:53:11 -0300] "GET /cormun/servlet/vesolicitudnombre?2017,5783,, HTTP/1.1" 200 8503
192.168.10.96 - - [03/Apr/2017:13:53:14 -0300] "GET /cormun/servlet/vesolicitudnombre?2017,5783,,SolicitudOTAdjuntos HTTP/1.1" 200 10321
192.168.10.96 - - [03/Apr/2017:13:53:14 -0300] "GET /cormun/pexe_scrolldiv.js HTTP/1.1" 404 1009
192.168.10.96 - - [03/Apr/2017:13:53:14 -0300] "GET /cormun/pexe_scrolldiv.js HTTP/1.1" 404 1009
200.54.247.69 - - [03/Apr/2017:13:53:14 -0300] "POST /cormun/servlet/trlicencias?f7853a5b5d2bb4e49a3b96532dbfcfb9,,gx-no-cache=1491238463497 HTTP/1.1" 200 7162
192.168.10.96 - - [03/Apr/2017:13:53:15 -0300] "GET /cormun/servlet/vesolicitudnombre?2017,5783,,SolicitudOTAdjuntos HTTP/1.1" 200 10322
192.168.10.96 - - [03/Apr/2017:13:53:15 -0300] "POST /cormun/servlet/acontrolpreferencessavestate?None,DZAMUDIO,true HTTP/1.1" 200 35
192.168.10.96 - - [03/Apr/2017:13:53:16 -0300] "GET /cormun/PublicTempStorage/fonasa4753283.jpg HTTP/1.1" 200 726306
200.54.247.69 - - [03/Apr/2017:13:53:20 -0300] "POST /cormun/servlet/trlicencias?f7853a5b5d2bb4e49a3b96532dbfcfb9,,gx-no-cache=1491238469076 HTTP/1.1" 200 7162
200.54.247.69 - - [03/Apr/2017:13:53:23 -0300] "POST /cormun/servlet/trlicencias?f7853a5b5d2bb4e49a3b96532dbfcfb9,,gx-no-cache=1491238472548 HTTP/1.1" 200 5382
192.168.10.13 - - [03/Apr/2017:13:53:26 -0300] "GET / HTTP/1.1" 200 11217
192.168.10.13 - - [03/Apr/2017:13:54:26 -0300] "GET / HTTP/1.1" 200 11217
200.86.95.220 - - [03/Apr/2017:13:54:40 -0300] "POST /cormun/servlet/trsolicitudot?93ad9fee5da163d158b6e7d340099f53,gx-no-cache=1491238548917 HTTP/1.1" 200 106
200.86.95.220 - - [03/Apr/2017:13:54:40 -0300] "GET /cormun/servlet/trsolicitudadjuntos?2017,5887, HTTP/1.1" 200 5870
200.86.95.220 - - [03/Apr/2017:13:54:40 -0300] "GET /cormun/static/gxcfg.js?201731711504543 HTTP/1.1" 200 953
200.86.95.220 - - [03/Apr/2017:13:54:40 -0300] "GET /cormun/static/trsolicitudadjuntos.js?201731711504951 HTTP/1.1" 304 -
200.86.95.220 - - [03/Apr/2017:13:54:41 -0300] "GET /cormun/servlet/trsolicitudadjuntos?2017,5887, HTTP/1.1" 200 5870
200.86.95.220 - - [03/Apr/2017:13:54:46 -0300] "GET /cormun/servlet/solicitudotadjuntos?INS,2017,5887,,1, HTTP/1.1" 200 5807
200.86.95.220 - - [03/Apr/2017:13:54:46 -0300] "GET /cormun/static/gxcfg.js?201612218465951 HTTP/1.1" 200 953
200.86.95.220 - - [03/Apr/2017:13:54:46 -0300] "GET /cormun/static/solicitudotadjuntos.js?201612218465969 HTTP/1.1" 304 -
200.86.95.220 - - [03/Apr/2017:13:54:46 -0300] "GET /cormun/static/about:blank HTTP/1.1" 404 1011
200.86.95.220 - - [03/Apr/2017:13:54:47 -0300] "GET /cormun/servlet/solicitudotadjuntos?INS,2017,5887,,1, HTTP/1.1" 200 5801
200.86.95.220 - - [03/Apr/2017:13:54:47 -0300] "GET /cormun/servlet/solicitudotadjuntos?dbdcd26bf0e6539e79c3b6f9c1faa12c8916bb41504698f0307d5952a07481e9e470f61a351e793382ebe09d3ee41742,gx-no-cache=1491238556708 HTTP/1.1" 200 30
200.86.95.220 - - [03/Apr/2017:13:54:47 -0300] "POST /cormun/servlet/solicitudotadjuntos?93ad9fee5da163d158b6e7d340099f53,INS,2017,5887,,1,,gx-no-cache=1491238556845 HTTP/1.1" 200 3641
200.86.95.220 - - [03/Apr/2017:13:54:57 -0300] "POST /cormun/servlet/solicitudotadjuntos?gx-no-cache=1491238566203 HTTP/1.1" 200 26
200.86.95.220 - - [03/Apr/2017:13:55:13 -0300] "GET /cormun/servlet/solicitudotadjuntos?dbdcd26bf0e6539e79c3b6f9c1faa12c8de2820662e2761a23d79a793620c3e6,gx-no-cache=1491238582612 HTTP/1.1" 200 30
200.86.95.220 - - [03/Apr/2017:13:55:13 -0300] "GET /cormun/servlet/solicitudotadjuntos?dbdcd26bf0e6539e79c3b6f9c1faa12c8de2820662e2761a23d79a793620c3e6,gx-no-cache=1491238582697 HTTP/1.1" 200 30
200.86.95.220 - - [03/Apr/2017:13:55:16 -0300] "POST /cormun/servlet/solicitudotadjuntos?93ad9fee5da163d158b6e7d340099f53,INS,2017,5887,,1, HTTP/1.1" 200 116
200.86.95.220 - - [03/Apr/2017:13:55:16 -0300] "GET /cormun/servlet/hpexe_return? HTTP/1.1" 200 1025
200.86.95.220 - - [03/Apr/2017:13:55:16 -0300] "GET /cormun/servlet/trsolicitudadjuntos?2017,5887, HTTP/1.1" 200 7975
200.86.95.220 - - [03/Apr/2017:13:55:17 -0300] "GET /cormun/servlet/trsolicitudadjuntos?2017,5887, HTTP/1.1" 200 7972
200.86.95.220 - - [03/Apr/2017:13:55:20 -0300] "GET /cormun/servlet/solicitudotadjuntos?INS,2017,5887,,1, HTTP/1.1" 200 5807
200.86.95.220 - - [03/Apr/2017:13:55:21 -0300] "GET /cormun/static/about:blank HTTP/1.1" 404 1011
200.86.95.220 - - [03/Apr/2017:13:55:21 -0300] "GET /cormun/servlet/solicitudotadjuntos?INS,2017,5887,,1, HTTP/1.1" 200 5801
200.86.95.220 - - [03/Apr/2017:13:55:22 -0300] "GET /cormun/servlet/solicitudotadjuntos?dbdcd26bf0e6539e79c3b6f9c1faa12c8916bb41504698f0307d5952a07481e9e470f61a351e793382ebe09d3ee41742,gx-no-cache=1491238591422 HTTP/1.1" 200 30
200.86.95.220 - - [03/Apr/2017:13:55:22 -0300] "POST /cormun/servlet/solicitudotadjuntos?93ad9fee5da163d158b6e7d340099f53,INS,2017,5887,,1,,gx-no-cache=1491238591535 HTTP/1.1" 200 3641
200.86.95.220 - - [03/Apr/2017:13:55:25 -0300] "POST /cormun/servlet/solicitudotadjuntos?gx-no-cache=1491238594879 HTTP/1.1" 200 26
192.168.10.13 - - [03/Apr/2017:13:55:26 -0300] "GET / HTTP/1.1" 200 11217
186.103.158.250 - - [03/Apr/2017:13:55:41 -0300] "POST /cormun/servlet/permisogoce?7fb2d97f14031c60d3a436967e3f8087,INS,0,,,,gx-no-cache=1491242091141 HTTP/1.1" 200 93
186.103.158.250 - - [03/Apr/2017:13:55:41 -0300] "GET /cormun/servlet/hpexe_return? HTTP/1.1" 200 1003
186.103.158.250 - - [03/Apr/2017:13:55:41 -0300] "GET /cormun/static/gxcfg.js?2016101716175148 HTTP/1.1" 200 953
186.103.158.250 - - [03/Apr/2017:13:55:41 -0300] "GET /cormun/static/hpexe_return.js?2016101716175153 HTTP/1.1" 200 1633
186.103.158.250 - - [03/Apr/2017:13:55:41 -0300] "GET /cormun/static/Resources/Spanish/PXTools.css?167811 HTTP/1.1" 200 89042
186.103.158.250 - - [03/Apr/2017:13:55:41 -0300] "GET /cormun/servlet/trpermisosgoce? HTTP/1.1" 200 6522
192.168.10.13 - - [03/Apr/2017:13:56:26 -0300] "GET / HTTP/1.1" 200 11217
200.86.95.220 - - [03/Apr/2017:13:56:49 -0300] "GET /cormun/servlet/solicitudotadjuntos?dbdcd26bf0e6539e79c3b6f9c1faa12c8de2820662e2761a23d79a793620c3e6,gx-no-cache=1491238678606 HTTP/1.1" 200 30
200.86.95.220 - - [03/Apr/2017:13:56:50 -0300] "GET /cormun/servlet/solicitudotadjuntos?dbdcd26bf0e6539e79c3b6f9c1faa12c8de2820662e2761a23d79a793620c3e6,gx-no-cache=1491238678748 HTTP/1.1" 200 30
200.86.95.220 - - [03/Apr/2017:13:56:55 -0300] "POST /cormun/servlet/solicitudotadjuntos?93ad9fee5da163d158b6e7d340099f53,INS,2017,5887,,1, HTTP/1.1" 200 116
200.86.95.220 - - [03/Apr/2017:13:56:55 -0300] "GET /cormun/servlet/hpexe_return? HTTP/1.1" 200 1025
200.86.95.220 - - [03/Apr/2017:13:56:55 -0300] "GET /cormun/servlet/trsolicitudadjuntos?2017,5887, HTTP/1.1" 200 8190
200.86.95.220 - - [03/Apr/2017:13:56:57 -0300] "GET /cormun/servlet/trsolicitudadjuntos?2017,5887, HTTP/1.1" 200 8190
200.86.95.220 - - [03/Apr/2017:13:56:58 -0300] "GET /cormun/servlet/solicitudotadjuntos?INS,2017,5887,,1, HTTP/1.1" 200 5807
200.86.95.220 - - [03/Apr/2017:13:56:59 -0300] "GET /cormun/static/about:blank HTTP/1.1" 404 1011
200.86.95.220 - - [03/Apr/2017:13:56:59 -0300] "GET /cormun/servlet/solicitudotadjuntos?INS,2017,5887,,1, HTTP/1.1" 200 5801
200.86.95.220 - - [03/Apr/2017:13:57:00 -0300] "GET /cormun/servlet/solicitudotadjuntos?dbdcd26bf0e6539e79c3b6f9c1faa12c8916bb41504698f0307d5952a07481e9e470f61a351e793382ebe09d3ee41742,gx-no-cache=1491238689509 HTTP/1.1" 200 30
200.86.95.220 - - [03/Apr/2017:13:57:00 -0300] "POST /cormun/servlet/solicitudotadjuntos?93ad9fee5da163d158b6e7d340099f53,INS,2017,5887,,1,,gx-no-cache=1491238689620 HTTP/1.1" 200 3641
200.86.95.220 - - [03/Apr/2017:13:57:22 -0300] "POST /cormun/servlet/solicitudotadjuntos?gx-no-cache=1491238711292 HTTP/1.1" 200 26
192.168.10.13 - - [03/Apr/2017:13:57:26 -0300] "GET / HTTP/1.1" 200 11217
200.86.95.220 - - [03/Apr/2017:13:57:33 -0300] "GET /cormun/servlet/solicitudotadjuntos?dbdcd26bf0e6539e79c3b6f9c1faa12c8de2820662e2761a23d79a793620c3e6,gx-no-cache=1491238722569 HTTP/1.1" 200 30
200.86.95.220 - - [03/Apr/2017:13:57:33 -0300] "GET /cormun/servlet/solicitudotadjuntos?dbdcd26bf0e6539e79c3b6f9c1faa12c8de2820662e2761a23d79a793620c3e6,gx-no-cache=1491238722628 HTTP/1.1" 200 30
200.86.95.220 - - [03/Apr/2017:13:57:38 -0300] "POST /cormun/servlet/solicitudotadjuntos?93ad9fee5da163d158b6e7d340099f53,INS,2017,5887,,1, HTTP/1.1" 200 116
200.86.95.220 - - [03/Apr/2017:13:57:39 -0300] "GET /cormun/servlet/hpexe_return? HTTP/1.1" 200 1025
200.86.95.220 - - [03/Apr/2017:13:57:39 -0300] "GET /cormun/servlet/trsolicitudadjuntos?2017,5887, HTTP/1.1" 200 8361
200.86.95.220 - - [03/Apr/2017:13:57:41 -0300] "GET /cormun/servlet/trsolicitudadjuntos?2017,5887, HTTP/1.1" 200 8359
200.86.95.220 - - [03/Apr/2017:13:57:42 -0300] "GET /cormun/servlet/solicitudotadjuntos?INS,2017,5887,,1, HTTP/1.1" 200 5807
200.86.95.220 - - [03/Apr/2017:13:57:43 -0300] "GET /cormun/static/about:blank HTTP/1.1" 404 1011
200.86.95.220 - - [03/Apr/2017:13:57:44 -0300] "GET /cormun/servlet/solicitudotadjuntos?INS,2017,5887,,1, HTTP/1.1" 200 5801
200.86.95.220 - - [03/Apr/2017:13:57:44 -0300] "GET /cormun/servlet/solicitudotadjuntos?dbdcd26bf0e6539e79c3b6f9c1faa12c8916bb41504698f0307d5952a07481e9e470f61a351e793382ebe09d3ee41742,gx-no-cache=1491238733631 HTTP/1.1" 200 30
200.86.95.220 - - [03/Apr/2017:13:57:44 -0300] "POST /cormun/servlet/solicitudotadjuntos?93ad9fee5da163d158b6e7d340099f53,INS,2017,5887,,1,,gx-no-cache=1491238733749 HTTP/1.1" 200 3641
200.86.95.220 - - [03/Apr/2017:13:57:49 -0300] "POST /cormun/servlet/solicitudotadjuntos?gx-no-cache=1491238738909 HTTP/1.1" 200 26
200.86.95.220 - - [03/Apr/2017:13:57:57 -0300] "GET /cormun/servlet/solicitudotadjuntos?dbdcd26bf0e6539e79c3b6f9c1faa12c8de2820662e2761a23d79a793620c3e6,gx-no-cache=1491238746134 HTTP/1.1" 200 30
200.86.95.220 - - [03/Apr/2017:13:57:57 -0300] "GET /cormun/servlet/solicitudotadjuntos?dbdcd26bf0e6539e79c3b6f9c1faa12c8de2820662e2761a23d79a793620c3e6,gx-no-cache=1491238746211 HTTP/1.1" 200 30
200.86.95.220 - - [03/Apr/2017:13:58:01 -0300] "POST /cormun/servlet/solicitudotadjuntos?93ad9fee5da163d158b6e7d340099f53,INS,2017,5887,,1, HTTP/1.1" 200 116
200.86.95.220 - - [03/Apr/2017:13:58:01 -0300] "GET /cormun/servlet/hpexe_return? HTTP/1.1" 200 1025
200.86.95.220 - - [03/Apr/2017:13:58:02 -0300] "GET /cormun/servlet/trsolicitudadjuntos?2017,5887, HTTP/1.1" 200 8490
200.86.95.220 - - [03/Apr/2017:13:58:03 -0300] "GET /cormun/servlet/trsolicitudadjuntos?2017,5887, HTTP/1.1" 200 8487
200.86.95.220 - - [03/Apr/2017:13:58:05 -0300] "GET /cormun/servlet/solicitudotadjuntos?INS,2017,5887,,1, HTTP/1.1" 200 5807
200.86.95.220 - - [03/Apr/2017:13:58:05 -0300] "GET /cormun/static/about:blank HTTP/1.1" 404 1011
200.86.95.220 - - [03/Apr/2017:13:58:06 -0300] "GET /cormun/servlet/solicitudotadjuntos?INS,2017,5887,,1, HTTP/1.1" 200 5801
200.86.95.220 - - [03/Apr/2017:13:58:06 -0300] "GET /cormun/servlet/solicitudotadjuntos?dbdcd26bf0e6539e79c3b6f9c1faa12c8916bb41504698f0307d5952a07481e9e470f61a351e793382ebe09d3ee41742,gx-no-cache=1491238755942 HTTP/1.1" 200 30
200.86.95.220 - - [03/Apr/2017:13:58:07 -0300] "POST /cormun/servlet/solicitudotadjuntos?93ad9fee5da163d158b6e7d340099f53,INS,2017,5887,,1,,gx-no-cache=1491238756032 HTTP/1.1" 200 3641
200.86.95.220 - - [03/Apr/2017:13:58:12 -0300] "POST /cormun/servlet/solicitudotadjuntos?gx-no-cache=1491238761099 HTTP/1.1" 200 26
200.86.95.220 - - [03/Apr/2017:13:58:20 -0300] "GET /cormun/servlet/solicitudotadjuntos?dbdcd26bf0e6539e79c3b6f9c1faa12c8de2820662e2761a23d79a793620c3e6,gx-no-cache=1491238769903 HTTP/1.1" 200 30
200.86.95.220 - - [03/Apr/2017:13:58:20 -0300] "GET /cormun/servlet/solicitudotadjuntos?dbdcd26bf0e6539e79c3b6f9c1faa12c8de2820662e2761a23d79a793620c3e6,gx-no-cache=1491238769997 HTTP/1.1" 200 30
192.168.10.13 - - [03/Apr/2017:13:58:26 -0300] "GET / HTTP/1.1" 200 11217
200.86.95.220 - - [03/Apr/2017:13:58:26 -0300] "POST /cormun/servlet/solicitudotadjuntos?93ad9fee5da163d158b6e7d340099f53,INS,2017,5887,,1, HTTP/1.1" 200 116
200.86.95.220 - - [03/Apr/2017:13:58:26 -0300] "GET /cormun/servlet/hpexe_return? HTTP/1.1" 200 1025
200.86.95.220 - - [03/Apr/2017:13:58:27 -0300] "GET /cormun/servlet/trsolicitudadjuntos?2017,5887, HTTP/1.1" 200 8654
200.86.95.220 - - [03/Apr/2017:13:58:28 -0300] "GET /cormun/servlet/trsolicitudadjuntos?2017,5887, HTTP/1.1" 200 8652
200.86.95.220 - - [03/Apr/2017:13:58:31 -0300] "GET /cormun/servlet/solicitudotadjuntos?INS,2017,5887,,1, HTTP/1.1" 200 5807
200.86.95.220 - - [03/Apr/2017:13:58:31 -0300] "GET /cormun/static/about:blank HTTP/1.1" 404 1011
200.86.95.220 - - [03/Apr/2017:13:58:32 -0300] "GET /cormun/servlet/solicitudotadjuntos?INS,2017,5887,,1, HTTP/1.1" 200 5801
200.86.95.220 - - [03/Apr/2017:13:58:32 -0300] "GET /cormun/servlet/solicitudotadjuntos?dbdcd26bf0e6539e79c3b6f9c1faa12c8916bb41504698f0307d5952a07481e9e470f61a351e793382ebe09d3ee41742,gx-no-cache=1491238781891 HTTP/1.1" 200 30
200.86.95.220 - - [03/Apr/2017:13:58:33 -0300] "POST /cormun/servlet/solicitudotadjuntos?93ad9fee5da163d158b6e7d340099f53,INS,2017,5887,,1,,gx-no-cache=1491238781986 HTTP/1.1" 200 3641
200.86.95.220 - - [03/Apr/2017:13:58:35 -0300] "POST /cormun/servlet/solicitudotadjuntos?gx-no-cache=1491238784572 HTTP/1.1" 200 26
200.86.95.220 - - [03/Apr/2017:13:58:47 -0300] "GET /cormun/servlet/solicitudotadjuntos?dbdcd26bf0e6539e79c3b6f9c1faa12c8de2820662e2761a23d79a793620c3e6,gx-no-cache=1491238796217 HTTP/1.1" 200 30
200.86.95.220 - - [03/Apr/2017:13:58:47 -0300] "GET /cormun/servlet/solicitudotadjuntos?dbdcd26bf0e6539e79c3b6f9c1faa12c8de2820662e2761a23d79a793620c3e6,gx-no-cache=1491238796293 HTTP/1.1" 200 30
200.86.95.220 - - [03/Apr/2017:13:58:52 -0300] "POST /cormun/servlet/solicitudotadjuntos?93ad9fee5da163d158b6e7d340099f53,INS,2017,5887,,1, HTTP/1.1" 200 116
200.86.95.220 - - [03/Apr/2017:13:58:52 -0300] "GET /cormun/servlet/hpexe_return? HTTP/1.1" 200 1025
200.86.95.220 - - [03/Apr/2017:13:58:54 -0300] "GET /cormun/servlet/trsolicitudadjuntos?2017,5887, HTTP/1.1" 200 8875
200.86.95.220 - - [03/Apr/2017:13:58:56 -0300] "GET /cormun/servlet/trsolicitudadjuntos?2017,5887, HTTP/1.1" 200 8872
200.86.95.220 - - [03/Apr/2017:13:59:06 -0300] "POST /cormun/servlet/trsolicitudadjuntos?93ad9fee5da163d158b6e7d340099f53,2017,5887,,gx-no-cache=1491238815763 HTTP/1.1" 200 90
200.86.95.220 - - [03/Apr/2017:13:59:06 -0300] "GET /cormun/servlet/hpexe_link HTTP/1.1" 200 967
200.86.95.220 - - [03/Apr/2017:13:59:07 -0300] "GET /cormun/servlet/trsolicitudot HTTP/1.1" 200 7985
200.86.95.220 - - [03/Apr/2017:13:59:08 -0300] "GET /cormun/servlet/trsolicitudot HTTP/1.1" 200 7984
192.168.10.13 - - [03/Apr/2017:13:59:26 -0300] "GET / HTTP/1.1" 200 11217
200.86.95.220 - - [03/Apr/2017:13:59:47 -0300] "POST /cormun/servlet/trsolicitudot?93ad9fee5da163d158b6e7d340099f53,gx-no-cache=1491238856292 HTTP/1.1" 200 106
200.86.95.220 - - [03/Apr/2017:13:59:47 -0300] "GET /cormun/servlet/solicitudot?UPD,2017,5887, HTTP/1.1" 200 14286
200.86.95.220 - - [03/Apr/2017:13:59:49 -0300] "GET /cormun/servlet/solicitudot?UPD,2017,5887, HTTP/1.1" 200 14295
200.86.95.220 - - [03/Apr/2017:13:59:49 -0300] "POST /cormun/servlet/solicitudot?gx-no-cache=1491238858848 HTTP/1.1" 200 3190
200.86.95.220 - - [03/Apr/2017:13:59:50 -0300] "POST /cormun/servlet/solicitudot?93ad9fee5da163d158b6e7d340099f53,UPD,2017,5887,,gx-no-cache=1491238859159 HTTP/1.1" 200 10890
200.86.95.220 - - [03/Apr/2017:13:59:50 -0300] "GET /cormun/servlet/solicitudot?dbdcd26bf0e6539e79c3b6f9c1faa12c0310b070e2ab3e27b09e361e76984585bb89bf59299834fe31f5a71ece6f1e2e,gx-no-cache=1491238859655 HTTP/1.1" 200 30
200.86.95.220 - - [03/Apr/2017:13:59:50 -0300] "POST /cormun/servlet/solicitudot?gx-no-cache=1491238859803 HTTP/1.1" 200 297
200.86.95.220 - - [03/Apr/2017:13:59:50 -0300] "GET /cormun/servlet/solicitudot?dbdcd26bf0e6539e79c3b6f9c1faa12c33dfca583348fed84b29790a250d49c5d43a94f5d9eabd99a4bbf1cd9de65191424f04430cac28ab1b84b467507555a5e7f19d8e4855b0e639889386ee6082a6b3aa67c2ed1892746acd992a4161792e14ecddfe2a19b67c88f812be00898287d246646e3eba9ff51910b607f86cd5295668d4af4a37b34b45347aa6f6506f4e7500c1bf04064889d7d5803c7fa34b3aa2f2988d2d3cfc7539d4e2bd0e0aec8585e392653995de69c1c1f1ce0b33b02d491ed3b9e1a6b39b077b5d4efdeec025b4a50c65ae3e3c56f25cf82ab5849108af9e1236a07c411dc5387612c4150e6776711b0f3c42fba2a499b0d77e25a0e942631aaf4f517dd68994b1888bc8b17b97d4db2d410d8c1013be55592b748065b8322cf15bd0538f3c6bb1ac5898118a488c438c692e75d40188270d98b95b59daf6118e9fa2e2e5bdb6086dd70057f92c3682286d9f87fdf857eafb30ea26adc040910c6fb32c88317dc37e465469c8564606b5faa0e9efc80fded776aa5812e50fa8524509819697e737c9298cd82d,gx-no-cache=1491238859961 HTTP/1.1" 200 30
200.86.95.220 - - [03/Apr/2017:13:59:51 -0300] "POST /cormun/servlet/solicitudot?gx-no-cache=1491238860026 HTTP/1.1" 200 30
200.86.95.220 - - [03/Apr/2017:13:59:51 -0300] "POST /cormun/servlet/solicitudot?gx-no-cache=1491238860141 HTTP/1.1" 200 1285
200.86.95.220 - - [03/Apr/2017:13:59:51 -0300] "POST /cormun/servlet/solicitudot?gx-no-cache=1491238860306 HTTP/1.1" 200 41
186.79.66.162 - - [03/Apr/2017:14:00:10 -0300] "GET /cormun/servlet/hlogin HTTP/1.1" 200 1727
192.168.10.13 - - [03/Apr/2017:14:00:26 -0300] "GET / HTTP/1.1" 200 11217
186.79.66.162 - - [03/Apr/2017:14:00:35 -0300] "POST /cormun/servlet/hlogin?c3206864e5c3fb15ff0e1682badbff60,gx-no-cache=1491238916554 HTTP/1.1" 200 90
186.79.66.162 - - [03/Apr/2017:14:00:36 -0300] "GET /cormun/servlet/hpexe_link HTTP/1.1" 200 956
186.79.66.162 - - [03/Apr/2017:14:00:36 -0300] "GET /cormun/servlet/hhome HTTP/1.1" 200 3811
186.79.66.162 - - [03/Apr/2017:14:00:36 -0300] "GET /cormun/servlet/hhome HTTP/1.1" 200 3811
200.86.95.220 - - [03/Apr/2017:14:00:43 -0300] "GET /cormun/servlet/solicitudot?dbdcd26bf0e6539e79c3b6f9c1faa12c94675804b87951575f0ce77b9ea519142c17a998d424b5b22122dc3c75a4f37af9a8eea5d942af80e5e7dcce765ac6a5f7f1278d7da26e51f9e48d2b9ba86b6a8740aa508c04f5b9e2328fbff66a26210c3be821b382bbe1af20e865542d14c3,gx-no-cache=1491238911963 HTTP/1.1" 200 29
200.86.95.220 - - [03/Apr/2017:14:00:43 -0300] "POST /cormun/servlet/solicitudot?gx-no-cache=1491238912182 HTTP/1.1" 200 1273
200.86.95.220 - - [03/Apr/2017:14:00:43 -0300] "POST /cormun/servlet/solicitudot?gx-no-cache=1491238912406 HTTP/1.1" 200 1157
200.86.95.220 - - [03/Apr/2017:14:00:43 -0300] "GET /cormun/servlet/solicitudot?dbdcd26bf0e6539e79c3b6f9c1faa12cf9877f5ec6a0dc94f4077d2949b5cc73ded0d5f0ff395127614518aec7cfef9101143ca5d23fef52a8177e3547bcb00522d54078ab79050465561636de8dffa4ec557c7c671858689c3dbaeab7f8c9458d64580cd1f7267a808b52e7a3cf660389f344ee4fc1cceeda484b45e90d139fea17dcd04e6148ca6c1e67128ce2651c90dd33589f7117d9fbe4830f402eeb81f0f26c62c96a05cddb9f993e94d9b269,gx-no-cache=1491238912565 HTTP/1.1" 200 30
200.86.95.220 - - [03/Apr/2017:14:00:43 -0300] "POST /cormun/servlet/solicitudot?93ad9fee5da163d158b6e7d340099f53,UPD,2017,5887,,gx-no-cache=1491238912712 HTTP/1.1" 200 93
200.86.95.220 - - [03/Apr/2017:14:00:43 -0300] "GET /cormun/servlet/hpexe_return? HTTP/1.1" 200 1012
200.86.95.220 - - [03/Apr/2017:14:00:44 -0300] "GET /cormun/servlet/trsolicitudot HTTP/1.1" 200 7989
200.86.95.220 - - [03/Apr/2017:14:00:45 -0300] "GET /cormun/servlet/trsolicitudot HTTP/1.1" 200 7986
200.86.95.220 - - [03/Apr/2017:14:01:04 -0300] "POST /cormun/servlet/trsolicitudot?93ad9fee5da163d158b6e7d340099f53,gx-no-cache=1491238933548 HTTP/1.1" 200 4156
200.86.95.220 - - [03/Apr/2017:14:01:04 -0300] "GET /cormun/static/Shared/jqueryui/images/ui-bg_highlight-soft_100_c6c2c8_1x100.png HTTP/1.1" 404 1117
200.86.95.220 - - [03/Apr/2017:14:01:04 -0300] "GET /cormun/static/Shared/jqueryui/images/ui-icons_82798d_256x240.png HTTP/1.1" 404 1089
200.86.95.220 - - [03/Apr/2017:14:01:04 -0300] "GET /cormun/static/Shared/jqueryui/images/ui-bg_flat_55_fafafa_40x100.png HTTP/1.1" 404 1097
200.86.95.220 - - [03/Apr/2017:14:01:04 -0300] "GET /cormun/static/Shared/jqueryui/images/ui-icons_8d78a5_256x240.png HTTP/1.1" 404 1089
200.86.95.220 - - [03/Apr/2017:14:01:04 -0300] "POST /cormun/servlet/trsolicitudot?93ad9fee5da163d158b6e7d340099f53,gx-no-cache=1491238933907 HTTP/1.1" 200 3931
192.168.10.13 - - [03/Apr/2017:14:01:26 -0300] "GET / HTTP/1.1" 200 11217
186.79.66.162 - - [03/Apr/2017:14:02:08 -0300] "GET /cormun/servlet/trsolicitudot? HTTP/1.1" 200 15423
186.79.66.162 - - [03/Apr/2017:14:02:09 -0300] "GET /cormun/servlet/trsolicitudot? HTTP/1.1" 200 15421
186.79.66.162 - - [03/Apr/2017:14:02:18 -0300] "GET /cormun/servlet/solicitudot?INS,0,0, HTTP/1.1" 200 12604
186.79.66.162 - - [03/Apr/2017:14:02:19 -0300] "GET /cormun/servlet/solicitudot?INS,0,0, HTTP/1.1" 200 12609
186.79.66.162 - - [03/Apr/2017:14:02:21 -0300] "GET /cormun/servlet/prfichaempleado?,MD,,gxPopupLevel%3D0%3B HTTP/1.1" 200 8830
192.168.10.13 - - [03/Apr/2017:14:02:26 -0300] "GET / HTTP/1.1" 200 11217
186.79.66.162 - - [03/Apr/2017:14:02:35 -0300] "POST /cormun/servlet/solicitudot?gx-no-cache=1491239036189 HTTP/1.1" 200 3081
186.79.66.162 - - [03/Apr/2017:14:02:36 -0300] "POST /cormun/servlet/solicitudot?c3206864e5c3fb15ff0e1682badbff60,INS,0,0,,gx-no-cache=1491239036754 HTTP/1.1" 200 9685
186.79.66.162 - - [03/Apr/2017:14:02:37 -0300] "GET /cormun/servlet/solicitudot?93f0a2355cbe6c85856771a5df8c77f5a7614c7decb5d8e5c1e4c78b66e43d59d38f1f66df38ab2cd2802c7f7cb9f23f,gx-no-cache=1491239038799 HTTP/1.1" 200 30
192.168.10.13 - - [03/Apr/2017:14:03:26 -0300] "GET / HTTP/1.1" 200 11217
192.168.10.13 - - [03/Apr/2017:14:04:26 -0300] "GET / HTTP/1.1" 200 11217
192.168.10.13 - - [03/Apr/2017:14:05:26 -0300] "GET / HTTP/1.1" 200 11217
186.79.66.162 - - [03/Apr/2017:14:05:46 -0300] "POST /cormun/servlet/solicitudot?gx-no-cache=1491239226862 HTTP/1.1" 200 297
186.79.66.162 - - [03/Apr/2017:14:05:49 -0300] "GET /cormun/servlet/solicitudot?93f0a2355cbe6c85856771a5df8c77f57a71bb4238dcc875fc16e066c8e5ca73b2429db6e18c9cefce91f97dbd7eead543e66761f3ed72b7c8d980f594e14bd4b31c376094cb3e7d8be791d9d471e178783b198a968943e48650e9ca1f3b2bb890107e9594dc9086a6d9636993040a353c21d3628034d0ba86e9d981e1debfacbf6a585385c3fd645f3748a48b3cc6e1551afce361c77bb6a2e7408b7d1359346354e6baef2102fabadf3efbd9605420b049151cb03bd1805797c59ab28ac874eb1c8111b78a785628a727b128edf4cba8b26095512a3f19cb5cf0276999a88e97ed48f0579e2aaaa68e6841bc1fb487125df2778d792239c6ee729588c6aedf974fedaddcb1ab71827c259efd52796b909a489020422ee616ad89f6a0833a0abf40fd6c0b89fc0bfab71fa29aff021796601267a0b69e9b99f5781106f2efbd07835f586f48cd77ee6b8bb9f5d925d9ccc77989f1fc63674cea381fc370661aeca62951cf25dd886338a2fccb1b3cedc1dcddf0aab796785ff7b30048464cc05281bccad067df05216b6ae9a24ea273,gx-no-cache=1491239229822 HTTP/1.1" 200 30
186.79.66.162 - - [03/Apr/2017:14:05:50 -0300] "POST /cormun/servlet/solicitudot?gx-no-cache=1491239231820 HTTP/1.1" 200 30
186.79.66.162 - - [03/Apr/2017:14:05:53 -0300] "POST /cormun/servlet/solicitudot?gx-no-cache=1491239234421 HTTP/1.1" 200 235
186.79.66.162 - - [03/Apr/2017:14:05:53 -0300] "POST /cormun/servlet/solicitudot?gx-no-cache=1491239234569 HTTP/1.1" 200 38
186.79.66.162 - - [03/Apr/2017:14:06:11 -0300] "POST /cormun/servlet/solicitudot?gx-no-cache=1491239252029 HTTP/1.1" 200 256
186.79.66.162 - - [03/Apr/2017:14:06:13 -0300] "GET /cormun/servlet/solicitudot?93f0a2355cbe6c85856771a5df8c77f57a71bb4238dcc875fc16e066c8e5ca73d2ac5ec1acb577e992145422d56290d443e66761f3ed72b7c8d980f594e14bd4b31c376094cb3e7d8be791d9d471e178783b198a968943e48650e9ca1f3b2bb890107e9594dc9086a6d9636993040a353c21d3628034d0ba86e9d981e1debfacbf6a585385c3fd645f3748a48b3cc6e1551afce361c77bb6a2e7408b7d1359346354e6baef2102fabadf3efbd9605420b049151cb03bd1805797c59ab28ac874eb1c8111b78a785628a727b128edf4cba8b26095512a3f19cb5cf0276999a88e97ed48f0579e2aaaa68e6841bc1fb4873de722225ad07bb3f4c2206ba5b3fa1d974fedaddcb1ab71827c259efd52796b1b6174bdf10f43e54138dfd4c51c011ede81ca6ae84d67c0e32fe9d2da6224368a6a64232aac5eb93476fe16ef36a935ab2d08bdaec2fc812c28cb4c1d819ee864e8d864a5c791d9e75bc5ef1c4a0e42983d5e70e3c259221c9c052939bac2b02dcc912e2018ce61f9f7931b53fad7d0,gx-no-cache=1491239254319 HTTP/1.1" 200 30
186.79.66.162 - - [03/Apr/2017:14:06:17 -0300] "POST /cormun/servlet/solicitudot?gx-no-cache=1491239258250 HTTP/1.1" 200 30
186.79.66.162 - - [03/Apr/2017:14:06:17 -0300] "POST /cormun/servlet/solicitudot?gx-no-cache=1491239258488 HTTP/1.1" 200 656
186.79.66.162 - - [03/Apr/2017:14:06:17 -0300] "POST /cormun/servlet/solicitudot?gx-no-cache=1491239258660 HTTP/1.1" 200 38
192.168.10.13 - - [03/Apr/2017:14:06:26 -0300] "GET / HTTP/1.1" 200 11217
186.79.66.162 - - [03/Apr/2017:14:06:35 -0300] "GET /cormun/servlet/solicitudot?93f0a2355cbe6c85856771a5df8c77f555787297172e2d5a584e9ea2989db56a31e30649dbe2d2569b54c6792219da70aca237b1ce0291f43aef0c029d8f496a414a6fef65006937f10c1b39c25c2019bb5d363431ddd07215de77caa53658511d74ac40cde4a5885dc6a9c24ba3bb2b,gx-no-cache=1491239276266 HTTP/1.1" 200 29
186.79.66.162 - - [03/Apr/2017:14:06:35 -0300] "POST /cormun/servlet/solicitudot?gx-no-cache=1491239276387 HTTP/1.1" 200 641
186.79.66.162 - - [03/Apr/2017:14:06:37 -0300] "POST /cormun/servlet/solicitudot?gx-no-cache=1491239277800 HTTP/1.1" 200 1157
186.79.66.162 - - [03/Apr/2017:14:06:46 -0300] "GET /cormun/static/menuarrow.gif HTTP/1.1" 404 1015
186.79.66.162 - - [03/Apr/2017:14:07:01 -0300] "GET /cormun/servlet/solicitudot?93f0a2355cbe6c85856771a5df8c77f5b3812cb09bd916c96b6d227275d4bb884577c2eaa422bc8a31ce537cac0bab1cfc9e62e022e28b34deb3e7cb12201cc57f9c97cacce1ce1e50a60a8a9d8f5b8cbeded59190647483ba972c06f90dc9c7a99ff92d930472a494811e0f9de84e158cd423e38c8940d424155b2918cbeb76e7468a87298165ba6df2720fc53093d21f9ce8f0e03f47ced88045ab390313bd5e65f9babe8e6a23e6bd02befda4a335,gx-no-cache=1491239302032 HTTP/1.1" 200 30
186.103.248.213 - - [03/Apr/2017:14:07:04 -0300] "POST /cormun/servlet/trpermisosgoce?64741422007647aae817455b38633760,,gx-no-cache=1491239277451 HTTP/1.1" 440 972
186.103.248.213 - - [03/Apr/2017:14:07:06 -0300] "GET /cormun/servlet/trpermisosgoce? HTTP/1.1" 200 5879
186.103.248.213 - - [03/Apr/2017:14:07:07 -0300] "GET /cormun/servlet/trpermisosgoce? HTTP/1.1" 200 5879
186.103.248.213 - - [03/Apr/2017:14:07:07 -0300] "GET /cormun/servlet/hlogin HTTP/1.1" 200 1742
186.103.248.213 - - [03/Apr/2017:14:07:09 -0300] "POST /cormun/servlet/hlogin?b40c04693568ec9fb00e784134b8e8f4,gx-no-cache=1491239281774 HTTP/1.1" 200 90
186.103.248.213 - - [03/Apr/2017:14:07:09 -0300] "GET /cormun/servlet/hpexe_link HTTP/1.1" 200 957
