186.103.159.182 - - [03/Apr/2017:11:51:39 -0300] "GET /cormun/servlet/trsolicitudadjuntos?2017,5869, HTTP/1.1" 200 6152
186.103.159.182 - - [03/Apr/2017:11:51:41 -0300] "GET /cormun/servlet/trsolicitudadjuntos?2017,5869, HTTP/1.1" 200 6152
186.103.159.182 - - [03/Apr/2017:11:51:48 -0300] "GET /cormun/servlet/solicitudotadjuntos?INS,2017,5869,,1, HTTP/1.1" 200 6088
186.103.159.182 - - [03/Apr/2017:11:51:48 -0300] "GET /cormun/static/about:blank HTTP/1.1" 404 1011
186.103.159.182 - - [03/Apr/2017:11:51:49 -0300] "GET /cormun/servlet/solicitudotadjuntos?INS,2017,5869,,1, HTTP/1.1" 200 6083
186.103.159.182 - - [03/Apr/2017:11:51:50 -0300] "GET /cormun/servlet/solicitudotadjuntos?beb6d3b9002134503e003e1fb4fd38d4a128c193a08c443c91b5d3d9858df9f8d9c051b6e589c5aa19e931a59c4e50d0,gx-no-cache=1491231176982 HTTP/1.1" 200 30
186.103.159.182 - - [03/Apr/2017:11:51:50 -0300] "POST /cormun/servlet/solicitudotadjuntos?255d0ed82931f15fbf889de14672fa18,INS,2017,5869,,1,,gx-no-cache=1491231177074 HTTP/1.1" 200 3860
186.103.159.182 - - [03/Apr/2017:11:51:54 -0300] "POST /cormun/servlet/solicitudotadjuntos?gx-no-cache=1491231180768 HTTP/1.1" 200 26
186.79.66.162 - - [03/Apr/2017:11:52:10 -0300] "GET /cormun/servlet/solicitudot?INS,0,0, HTTP/1.1" 200 12602
186.103.159.182 - - [03/Apr/2017:11:52:11 -0300] "GET /cormun/servlet/solicitudotadjuntos?beb6d3b9002134503e003e1fb4fd38d47e3d1d66222fd0d9dbcfe3aabb229de1,gx-no-cache=1491231197604 HTTP/1.1" 200 30
186.103.159.182 - - [03/Apr/2017:11:52:11 -0300] "GET /cormun/servlet/solicitudotadjuntos?beb6d3b9002134503e003e1fb4fd38d47e3d1d66222fd0d9dbcfe3aabb229de1,gx-no-cache=1491231197654 HTTP/1.1" 200 30
186.103.159.182 - - [03/Apr/2017:11:52:13 -0300] "POST /cormun/servlet/solicitudotadjuntos?255d0ed82931f15fbf889de14672fa18,INS,2017,5869,,1, HTTP/1.1" 200 116
186.79.66.162 - - [03/Apr/2017:11:52:13 -0300] "GET /cormun/servlet/solicitudot?INS,0,0, HTTP/1.1" 200 12607
186.103.159.182 - - [03/Apr/2017:11:52:13 -0300] "GET /cormun/servlet/hpexe_return? HTTP/1.1" 200 1026
186.103.159.182 - - [03/Apr/2017:11:52:13 -0300] "GET /cormun/servlet/trsolicitudadjuntos?2017,5869, HTTP/1.1" 200 8311
186.103.159.182 - - [03/Apr/2017:11:52:14 -0300] "GET /cormun/servlet/trsolicitudadjuntos?2017,5869, HTTP/1.1" 200 8306
186.79.66.162 - - [03/Apr/2017:11:52:15 -0300] "GET /cormun/servlet/prfichaempleado?,MD,,gxPopupLevel%3D0%3B HTTP/1.1" 200 8829
186.103.159.182 - - [03/Apr/2017:11:52:21 -0300] "GET /cormun/servlet/solicitudotadjuntos?INS,2017,5869,,1, HTTP/1.1" 200 6088
186.103.159.182 - - [03/Apr/2017:11:52:22 -0300] "GET /cormun/static/about:blank HTTP/1.1" 404 1011
186.103.159.182 - - [03/Apr/2017:11:52:23 -0300] "GET /cormun/servlet/solicitudotadjuntos?INS,2017,5869,,1, HTTP/1.1" 200 6083
186.103.159.182 - - [03/Apr/2017:11:52:23 -0300] "GET /cormun/servlet/solicitudotadjuntos?beb6d3b9002134503e003e1fb4fd38d4a128c193a08c443c91b5d3d9858df9f8d9c051b6e589c5aa19e931a59c4e50d0,gx-no-cache=1491231210101 HTTP/1.1" 200 30
186.103.159.182 - - [03/Apr/2017:11:52:23 -0300] "POST /cormun/servlet/solicitudotadjuntos?255d0ed82931f15fbf889de14672fa18,INS,2017,5869,,1,,gx-no-cache=1491231210168 HTTP/1.1" 200 3860
192.168.10.13 - - [03/Apr/2017:11:52:26 -0300] "GET / HTTP/1.1" 200 11217
186.103.159.182 - - [03/Apr/2017:11:52:26 -0300] "POST /cormun/servlet/solicitudotadjuntos?gx-no-cache=1491231213111 HTTP/1.1" 200 26
186.79.66.162 - - [03/Apr/2017:11:52:33 -0300] "POST /cormun/servlet/prfichaempleado?8c22014d7170145b498f2be556db57dd,,MD,,gxPopupLevel%3D0%3B,gx-no-cache=1491231229287 HTTP/1.1" 200 3401
186.103.157.39 - - [03/Apr/2017:11:52:34 -0300] "GET /cormun/servlet/hlogin HTTP/1.1" 200 1714
186.103.159.182 - - [03/Apr/2017:11:52:36 -0300] "GET /cormun/servlet/solicitudotadjuntos?beb6d3b9002134503e003e1fb4fd38d47e3d1d66222fd0d9dbcfe3aabb229de1,gx-no-cache=1491231222979 HTTP/1.1" 200 30
186.103.159.182 - - [03/Apr/2017:11:52:36 -0300] "GET /cormun/servlet/solicitudotadjuntos?beb6d3b9002134503e003e1fb4fd38d47e3d1d66222fd0d9dbcfe3aabb229de1,gx-no-cache=1491231223009 HTTP/1.1" 200 30
186.103.159.182 - - [03/Apr/2017:11:52:37 -0300] "POST /cormun/servlet/solicitudotadjuntos?255d0ed82931f15fbf889de14672fa18,INS,2017,5869,,1, HTTP/1.1" 200 116
186.103.159.182 - - [03/Apr/2017:11:52:37 -0300] "GET /cormun/servlet/hpexe_return? HTTP/1.1" 200 1026
186.103.159.182 - - [03/Apr/2017:11:52:37 -0300] "GET /cormun/servlet/trsolicitudadjuntos?2017,5869, HTTP/1.1" 200 8488
186.103.159.182 - - [03/Apr/2017:11:52:39 -0300] "GET /cormun/servlet/trsolicitudadjuntos?2017,5869, HTTP/1.1" 200 8487
186.103.159.182 - - [03/Apr/2017:11:52:42 -0300] "GET /cormun/servlet/solicitudotadjuntos?INS,2017,5869,,1, HTTP/1.1" 200 6088
186.103.159.182 - - [03/Apr/2017:11:52:43 -0300] "GET /cormun/static/about:blank HTTP/1.1" 404 1011
186.103.159.182 - - [03/Apr/2017:11:52:43 -0300] "GET /cormun/servlet/solicitudotadjuntos?INS,2017,5869,,1, HTTP/1.1" 200 6083
186.103.159.182 - - [03/Apr/2017:11:52:43 -0300] "GET /cormun/servlet/solicitudotadjuntos?beb6d3b9002134503e003e1fb4fd38d4a128c193a08c443c91b5d3d9858df9f8d9c051b6e589c5aa19e931a59c4e50d0,gx-no-cache=1491231230447 HTTP/1.1" 200 30
186.103.159.182 - - [03/Apr/2017:11:52:44 -0300] "POST /cormun/servlet/solicitudotadjuntos?255d0ed82931f15fbf889de14672fa18,INS,2017,5869,,1,,gx-no-cache=1491231230529 HTTP/1.1" 200 3859
186.103.159.182 - - [03/Apr/2017:11:52:47 -0300] "POST /cormun/servlet/solicitudotadjuntos?gx-no-cache=1491231233822 HTTP/1.1" 200 26
186.103.157.39 - - [03/Apr/2017:11:52:51 -0300] "POST /cormun/servlet/hlogin?1fe153e030de043bb4dc20d3bc16deb5,gx-no-cache=1491231239533 HTTP/1.1" 200 90
186.103.157.39 - - [03/Apr/2017:11:52:51 -0300] "GET /cormun/servlet/hpexe_link HTTP/1.1" 200 943
186.103.157.39 - - [03/Apr/2017:11:52:52 -0300] "GET /cormun/servlet/hhome HTTP/1.1" 200 3732
186.103.157.39 - - [03/Apr/2017:11:52:53 -0300] "GET /cormun/servlet/hhome HTTP/1.1" 200 3730
186.103.159.182 - - [03/Apr/2017:11:52:55 -0300] "GET /cormun/servlet/solicitudotadjuntos?beb6d3b9002134503e003e1fb4fd38d47e3d1d66222fd0d9dbcfe3aabb229de1,gx-no-cache=1491231241954 HTTP/1.1" 200 30
186.103.159.182 - - [03/Apr/2017:11:52:55 -0300] "GET /cormun/servlet/solicitudotadjuntos?beb6d3b9002134503e003e1fb4fd38d47e3d1d66222fd0d9dbcfe3aabb229de1,gx-no-cache=1491231241996 HTTP/1.1" 200 30
186.103.159.182 - - [03/Apr/2017:11:52:56 -0300] "POST /cormun/servlet/solicitudotadjuntos?255d0ed82931f15fbf889de14672fa18,INS,2017,5869,,1, HTTP/1.1" 200 116
186.103.159.182 - - [03/Apr/2017:11:52:56 -0300] "GET /cormun/servlet/hpexe_return? HTTP/1.1" 200 1026
186.103.159.182 - - [03/Apr/2017:11:52:56 -0300] "GET /cormun/servlet/trsolicitudadjuntos?2017,5869, HTTP/1.1" 200 8638
186.103.159.182 - - [03/Apr/2017:11:52:58 -0300] "GET /cormun/servlet/trsolicitudadjuntos?2017,5869, HTTP/1.1" 200 8635
186.103.157.39 - - [03/Apr/2017:11:52:58 -0300] "GET /cormun/servlet/trsolicitudot? HTTP/1.1" 200 8464
186.103.157.39 - - [03/Apr/2017:11:52:59 -0300] "GET /cormun/static/gxcfg.js?201731711505139 HTTP/1.1" 200 953
186.103.157.39 - - [03/Apr/2017:11:52:59 -0300] "GET /cormun/static/trsolicitudot.js?20173171151116 HTTP/1.1" 304 -
186.103.157.39 - - [03/Apr/2017:11:52:59 -0300] "GET /cormun/servlet/trsolicitudot? HTTP/1.1" 200 8462
186.103.159.182 - - [03/Apr/2017:11:53:00 -0300] "GET /cormun/servlet/solicitudotadjuntos?INS,2017,5869,,1, HTTP/1.1" 200 6088
186.103.159.182 - - [03/Apr/2017:11:53:01 -0300] "GET /cormun/static/about:blank HTTP/1.1" 404 1011
186.103.159.182 - - [03/Apr/2017:11:53:01 -0300] "GET /cormun/servlet/solicitudotadjuntos?INS,2017,5869,,1, HTTP/1.1" 200 6083
186.103.159.182 - - [03/Apr/2017:11:53:01 -0300] "GET /cormun/servlet/solicitudotadjuntos?beb6d3b9002134503e003e1fb4fd38d4a128c193a08c443c91b5d3d9858df9f8d9c051b6e589c5aa19e931a59c4e50d0,gx-no-cache=1491231248379 HTTP/1.1" 200 30
186.103.159.182 - - [03/Apr/2017:11:53:01 -0300] "POST /cormun/servlet/solicitudotadjuntos?255d0ed82931f15fbf889de14672fa18,INS,2017,5869,,1,,gx-no-cache=1491231248439 HTTP/1.1" 200 3859
186.103.159.182 - - [03/Apr/2017:11:53:04 -0300] "POST /cormun/servlet/solicitudotadjuntos?gx-no-cache=1491231251598 HTTP/1.1" 200 26
186.103.159.182 - - [03/Apr/2017:11:53:11 -0300] "GET /cormun/servlet/solicitudotadjuntos?beb6d3b9002134503e003e1fb4fd38d47e3d1d66222fd0d9dbcfe3aabb229de1,gx-no-cache=1491231257953 HTTP/1.1" 200 30
186.103.159.182 - - [03/Apr/2017:11:53:11 -0300] "GET /cormun/servlet/solicitudotadjuntos?beb6d3b9002134503e003e1fb4fd38d47e3d1d66222fd0d9dbcfe3aabb229de1,gx-no-cache=1491231257997 HTTP/1.1" 200 30
186.103.159.182 - - [03/Apr/2017:11:53:12 -0300] "POST /cormun/servlet/solicitudotadjuntos?255d0ed82931f15fbf889de14672fa18,INS,2017,5869,,1, HTTP/1.1" 200 116
186.103.159.182 - - [03/Apr/2017:11:53:12 -0300] "GET /cormun/servlet/hpexe_return? HTTP/1.1" 200 1026
186.103.159.182 - - [03/Apr/2017:11:53:13 -0300] "GET /cormun/servlet/trsolicitudadjuntos?2017,5869, HTTP/1.1" 200 8774
186.103.159.182 - - [03/Apr/2017:11:53:14 -0300] "GET /cormun/servlet/trsolicitudadjuntos?2017,5869, HTTP/1.1" 200 8772
186.103.159.182 - - [03/Apr/2017:11:53:18 -0300] "GET /cormun/servlet/solicitudotadjuntos?INS,2017,5869,,1, HTTP/1.1" 200 6088
186.103.159.182 - - [03/Apr/2017:11:53:18 -0300] "GET /cormun/static/about:blank HTTP/1.1" 404 1011
186.103.159.182 - - [03/Apr/2017:11:53:19 -0300] "GET /cormun/servlet/solicitudotadjuntos?INS,2017,5869,,1, HTTP/1.1" 200 6083
186.103.159.182 - - [03/Apr/2017:11:53:20 -0300] "GET /cormun/servlet/solicitudotadjuntos?beb6d3b9002134503e003e1fb4fd38d4a128c193a08c443c91b5d3d9858df9f8d9c051b6e589c5aa19e931a59c4e50d0,gx-no-cache=1491231266909 HTTP/1.1" 200 30
186.103.159.182 - - [03/Apr/2017:11:53:20 -0300] "POST /cormun/servlet/solicitudotadjuntos?255d0ed82931f15fbf889de14672fa18,INS,2017,5869,,1,,gx-no-cache=1491231266952 HTTP/1.1" 200 3859
186.79.66.162 - - [03/Apr/2017:11:53:22 -0300] "POST /cormun/servlet/solicitudot?gx-no-cache=1491231283183 HTTP/1.1" 200 3172
186.79.66.162 - - [03/Apr/2017:11:53:23 -0300] "POST /cormun/servlet/solicitudot?8c22014d7170145b498f2be556db57dd,INS,0,0,,gx-no-cache=1491231283765 HTTP/1.1" 200 9776
186.79.66.162 - - [03/Apr/2017:11:53:23 -0300] "GET /cormun/servlet/solicitudot?72110679e550d370a43acc55804f1f8a8fc2e08c7fd4eae5a8f709c95648d3788c45036cff3139e444be85b980e80c69,gx-no-cache=1491231284317 HTTP/1.1" 200 30
186.103.159.182 - - [03/Apr/2017:11:53:24 -0300] "POST /cormun/servlet/solicitudotadjuntos?gx-no-cache=1491231271442 HTTP/1.1" 200 26
192.168.10.13 - - [03/Apr/2017:11:53:26 -0300] "GET / HTTP/1.1" 200 11217
186.79.66.162 - - [03/Apr/2017:11:53:26 -0300] "POST /cormun/servlet/solicitudot?gx-no-cache=1491231287426 HTTP/1.1" 200 255
186.79.66.162 - - [03/Apr/2017:11:53:26 -0300] "GET /cormun/servlet/solicitudot?72110679e550d370a43acc55804f1f8a79dd0c4f7ec013f2f2d38284908f7412757a587831862cc571adb7a02c91f7dbcb2e29c66f0687be51bd0fad55182150d559d969d7c60880699f96efb125aaebda6c71cf079e6f767649ed0df6c20236dcf4c38104920082b7b4b26bbdcda85e8042bda5d134b68055a778e7faab7f566edd2ff4d90d01e8828e58ac6dfe541102382530d5cf984b6adb52536b10ad494a01962c015d02108eb4d46684efd617d4058d9eb6637a93574bf0dcf72181428d8de6fe846ecf0382dbe4540ff21e64bbacf581edae62ab6dc3daa1cff4595d997042a06eb5480622adb877f80cd4984fafce3bb1c1f3b465ac9a4e90a1deb5ed4f07fdddae53223bb63c759034fe6c9034b4d5354f7beed2f9eaa491eefebce437c5e86e0e6d068ca80d23e2b49a1e043c17486420d60e6274a3a170a8be87baece8c7d77043d573d0a9b9d31ece415fba52bb6276b5bbb2184e2ba53ea2b74ac80e333362c14531a7651ecf57d46bfb5749d8433fe956caaa1c821335bdc1,gx-no-cache=1491231287571 HTTP/1.1" 200 30
186.79.66.162 - - [03/Apr/2017:11:53:29 -0300] "POST /cormun/servlet/solicitudot?gx-no-cache=1491231290269 HTTP/1.1" 200 30
186.79.66.162 - - [03/Apr/2017:11:53:32 -0300] "GET /cormun/servlet/prcontratosol?13302901,,,,,MD,,gxPopupLevel%3D0%3B HTTP/1.1" 200 5963
186.103.159.182 - - [03/Apr/2017:11:53:32 -0300] "GET /cormun/servlet/solicitudotadjuntos?beb6d3b9002134503e003e1fb4fd38d47e3d1d66222fd0d9dbcfe3aabb229de1,gx-no-cache=1491231278689 HTTP/1.1" 200 30
186.103.159.182 - - [03/Apr/2017:11:53:32 -0300] "GET /cormun/servlet/solicitudotadjuntos?beb6d3b9002134503e003e1fb4fd38d47e3d1d66222fd0d9dbcfe3aabb229de1,gx-no-cache=1491231278724 HTTP/1.1" 200 30
186.79.66.162 - - [03/Apr/2017:11:53:34 -0300] "POST /cormun/servlet/solicitudot?gx-no-cache=1491231295618 HTTP/1.1" 200 1291
186.79.66.162 - - [03/Apr/2017:11:53:34 -0300] "POST /cormun/servlet/solicitudot?gx-no-cache=1491231295762 HTTP/1.1" 200 38
186.79.66.162 - - [03/Apr/2017:11:53:35 -0300] "GET /cormun/servlet/solicitudot?72110679e550d370a43acc55804f1f8adc443c5dc8041e0de7e1dfb51525a36608b0d9d015d3613f5cab9185344358e2555ab1b600d790c49f5197472b9994a14c79f5f804e32a9d36c1d4c543530744956566caae6f845bf6b07340eebea05c6c984644a7398b564beacb7cdef220a8664a59120656d021cce2824b31bce0011e0b43aa8e043af9afb2de4a9ccd2a8f506a7cdb05f4091c4886f0667f21f05a,gx-no-cache=1491231295897 HTTP/1.1" 200 29
186.79.66.162 - - [03/Apr/2017:11:53:35 -0300] "POST /cormun/servlet/solicitudot?gx-no-cache=1491231296009 HTTP/1.1" 200 1274
186.79.66.162 - - [03/Apr/2017:11:53:35 -0300] "POST /cormun/servlet/solicitudot?gx-no-cache=1491231296218 HTTP/1.1" 200 1156
186.103.159.182 - - [03/Apr/2017:11:53:40 -0300] "POST /cormun/servlet/solicitudotadjuntos?255d0ed82931f15fbf889de14672fa18,INS,2017,5869,,1, HTTP/1.1" 200 116
186.103.159.182 - - [03/Apr/2017:11:53:40 -0300] "GET /cormun/servlet/hpexe_return? HTTP/1.1" 200 1026
186.103.159.182 - - [03/Apr/2017:11:53:40 -0300] "GET /cormun/servlet/trsolicitudadjuntos?2017,5869, HTTP/1.1" 200 8976
186.103.159.182 - - [03/Apr/2017:11:53:42 -0300] "GET /cormun/servlet/trsolicitudadjuntos?2017,5869, HTTP/1.1" 200 8973
186.79.66.162 - - [03/Apr/2017:11:53:43 -0300] "POST /cormun/servlet/solicitudot?gx-no-cache=1491231304456 HTTP/1.1" 200 1291
186.79.66.162 - - [03/Apr/2017:11:53:43 -0300] "POST /cormun/servlet/solicitudot?gx-no-cache=1491231304693 HTTP/1.1" 200 40
186.103.159.182 - - [03/Apr/2017:11:53:45 -0300] "GET /cormun/servlet/solicitudotadjuntos?INS,2017,5869,,1, HTTP/1.1" 200 6088
186.103.159.182 - - [03/Apr/2017:11:53:46 -0300] "GET /cormun/static/about:blank HTTP/1.1" 404 1011
186.103.159.182 - - [03/Apr/2017:11:53:47 -0300] "GET /cormun/servlet/solicitudotadjuntos?INS,2017,5869,,1, HTTP/1.1" 200 6083
186.103.159.182 - - [03/Apr/2017:11:53:47 -0300] "GET /cormun/servlet/solicitudotadjuntos?beb6d3b9002134503e003e1fb4fd38d4a128c193a08c443c91b5d3d9858df9f8d9c051b6e589c5aa19e931a59c4e50d0,gx-no-cache=1491231294345 HTTP/1.1" 200 30
186.103.159.182 - - [03/Apr/2017:11:53:47 -0300] "POST /cormun/servlet/solicitudotadjuntos?255d0ed82931f15fbf889de14672fa18,INS,2017,5869,,1,,gx-no-cache=1491231294384 HTTP/1.1" 200 3860
186.103.159.182 - - [03/Apr/2017:11:53:53 -0300] "POST /cormun/servlet/solicitudotadjuntos?gx-no-cache=1491231299818 HTTP/1.1" 200 26
186.103.159.182 - - [03/Apr/2017:11:53:59 -0300] "GET /cormun/servlet/solicitudotadjuntos?beb6d3b9002134503e003e1fb4fd38d47e3d1d66222fd0d9dbcfe3aabb229de1,gx-no-cache=1491231306307 HTTP/1.1" 200 30
186.103.159.182 - - [03/Apr/2017:11:53:59 -0300] "GET /cormun/servlet/solicitudotadjuntos?beb6d3b9002134503e003e1fb4fd38d47e3d1d66222fd0d9dbcfe3aabb229de1,gx-no-cache=1491231306331 HTTP/1.1" 200 30
186.79.66.162 - - [03/Apr/2017:11:54:02 -0300] "POST /cormun/servlet/solicitudot?gx-no-cache=1491231323121 HTTP/1.1" 200 1289
186.79.66.162 - - [03/Apr/2017:11:54:02 -0300] "POST /cormun/servlet/solicitudot?gx-no-cache=1491231323368 HTTP/1.1" 200 40
186.79.66.162 - - [03/Apr/2017:11:54:02 -0300] "POST /cormun/servlet/solicitudot?gx-no-cache=1491231323497 HTTP/1.1" 200 1273
186.79.66.162 - - [03/Apr/2017:11:54:02 -0300] "POST /cormun/servlet/solicitudot?gx-no-cache=1491231323712 HTTP/1.1" 200 1156
186.79.66.162 - - [03/Apr/2017:11:54:03 -0300] "GET /cormun/servlet/solicitudot?72110679e550d370a43acc55804f1f8ab87a9c3a571dd45a2c5ecb35120d3935b8f84b163d9a844ba7f05691176d6e6681ceca94964f1fedfe5411409b571c4fd7e7c94558709c32e5dcdc2b058f0ca484831187069ad040cd3cf2b1f66a0ba9f1f430a0955433e3988b178bbbd499fa61d7c161fc9f9d75846bfe3ac290c00ffb1f2155b0e3f4f4d083c3cf4c27f1d11588dd71774e5e3681f1b440ba15179e8bbabce5e21a484c5d4b95ce7d860613,gx-no-cache=1491231323990 HTTP/1.1" 200 30
186.103.159.182 - - [03/Apr/2017:11:54:03 -0300] "POST /cormun/servlet/solicitudotadjuntos?255d0ed82931f15fbf889de14672fa18,INS,2017,5869,,1, HTTP/1.1" 200 116
186.103.159.182 - - [03/Apr/2017:11:54:03 -0300] "GET /cormun/servlet/hpexe_return? HTTP/1.1" 200 1026
186.103.159.182 - - [03/Apr/2017:11:54:04 -0300] "GET /cormun/servlet/trsolicitudadjuntos?2017,5869, HTTP/1.1" 200 9165
186.103.159.182 - - [03/Apr/2017:11:54:06 -0300] "GET /cormun/servlet/trsolicitudadjuntos?2017,5869, HTTP/1.1" 200 9162
186.103.159.182 - - [03/Apr/2017:11:54:11 -0300] "POST /cormun/servlet/trsolicitudadjuntos?255d0ed82931f15fbf889de14672fa18,2017,5869,,gx-no-cache=1491231317644 HTTP/1.1" 200 90
186.103.159.182 - - [03/Apr/2017:11:54:11 -0300] "GET /cormun/servlet/hpexe_link HTTP/1.1" 200 970
186.103.159.182 - - [03/Apr/2017:11:54:11 -0300] "GET /cormun/servlet/trsolicitudot HTTP/1.1" 200 10473
186.103.159.182 - - [03/Apr/2017:11:54:13 -0300] "GET /cormun/servlet/trsolicitudot HTTP/1.1" 200 10472
186.103.159.182 - - [03/Apr/2017:11:54:23 -0300] "POST /cormun/servlet/trsolicitudot?255d0ed82931f15fbf889de14672fa18,gx-no-cache=1491231329869 HTTP/1.1" 200 7241
186.103.159.182 - - [03/Apr/2017:11:54:24 -0300] "GET /cormun/static/Shared/jqueryui/images/ui-bg_highlight-soft_100_c6c2c8_1x100.png HTTP/1.1" 404 1117
186.103.159.182 - - [03/Apr/2017:11:54:24 -0300] "GET /cormun/static/Shared/jqueryui/images/ui-icons_82798d_256x240.png HTTP/1.1" 404 1089
186.103.159.182 - - [03/Apr/2017:11:54:24 -0300] "GET /cormun/static/Shared/jqueryui/images/ui-bg_flat_55_fafafa_40x100.png HTTP/1.1" 404 1097
186.103.159.182 - - [03/Apr/2017:11:54:24 -0300] "GET /cormun/static/Shared/jqueryui/images/ui-icons_8d78a5_256x240.png HTTP/1.1" 404 1089
186.103.159.182 - - [03/Apr/2017:11:54:24 -0300] "POST /cormun/servlet/trsolicitudot?255d0ed82931f15fbf889de14672fa18,gx-no-cache=1491231331018 HTTP/1.1" 200 7183
192.168.10.13 - - [03/Apr/2017:11:54:26 -0300] "GET / HTTP/1.1" 200 11217
186.103.157.39 - - [03/Apr/2017:11:54:43 -0300] "GET /cormun/servlet/solicitudot?INS,0,0, HTTP/1.1" 200 12530
186.103.157.39 - - [03/Apr/2017:11:54:44 -0300] "GET /cormun/static/gxcfg.js?20171191042720 HTTP/1.1" 200 953
186.103.157.39 - - [03/Apr/2017:11:54:44 -0300] "GET /cormun/static/Resources/Spanish/PXTools.css?18365030 HTTP/1.1" 304 -
186.103.157.39 - - [03/Apr/2017:11:54:44 -0300] "GET /cormun/static/solicitudot.js?2017119104297 HTTP/1.1" 304 -
186.103.157.39 - - [03/Apr/2017:11:54:45 -0300] "GET /cormun/servlet/solicitudot?INS,0,0, HTTP/1.1" 200 12535
186.103.159.182 - - [03/Apr/2017:11:54:57 -0300] "POST /cormun/servlet/trsolicitudot?255d0ed82931f15fbf889de14672fa18,gx-no-cache=1491231363925 HTTP/1.1" 200 90
186.103.159.182 - - [03/Apr/2017:11:54:57 -0300] "GET /cormun/servlet/hpexe_link HTTP/1.1" 200 962
186.103.159.182 - - [03/Apr/2017:11:54:58 -0300] "GET /cormun/servlet/trlicencias HTTP/1.1" 200 6742
186.103.159.182 - - [03/Apr/2017:11:54:59 -0300] "GET /cormun/servlet/trlicencias HTTP/1.1" 200 6739
186.103.159.182 - - [03/Apr/2017:11:55:05 -0300] "GET /cormun/servlet/trautorizarsolicitud? HTTP/1.1" 200 8219
186.103.159.182 - - [03/Apr/2017:11:55:06 -0300] "GET /cormun/servlet/trautorizarsolicitud? HTTP/1.1" 200 8222
186.103.159.182 - - [03/Apr/2017:11:55:17 -0300] "POST /cormun/servlet/trautorizarsolicitud?255d0ed82931f15fbf889de14672fa18,,gx-no-cache=1491231383363 HTTP/1.1" 200 4289
186.103.159.182 - - [03/Apr/2017:11:55:18 -0300] "GET /cormun/static/Shared/jqueryui/images/ui-bg_highlight-soft_100_c6c2c8_1x100.png HTTP/1.1" 404 1117
186.103.159.182 - - [03/Apr/2017:11:55:18 -0300] "GET /cormun/static/Shared/jqueryui/images/ui-icons_82798d_256x240.png HTTP/1.1" 404 1089
186.103.159.182 - - [03/Apr/2017:11:55:18 -0300] "GET /cormun/static/Shared/jqueryui/images/ui-bg_flat_55_fafafa_40x100.png HTTP/1.1" 404 1097
186.103.159.182 - - [03/Apr/2017:11:55:18 -0300] "GET /cormun/static/Shared/jqueryui/images/ui-icons_8d78a5_256x240.png HTTP/1.1" 404 1089
186.103.159.182 - - [03/Apr/2017:11:55:18 -0300] "POST /cormun/servlet/trautorizarsolicitud?255d0ed82931f15fbf889de14672fa18,,gx-no-cache=1491231384748 HTTP/1.1" 200 4089
192.168.10.13 - - [03/Apr/2017:11:55:26 -0300] "GET / HTTP/1.1" 200 11217
192.168.10.62 - - [03/Apr/2017:11:55:41 -0300] "GET /cormun/servlet/hlogin HTTP/1.1" 200 1722
200.112.6.12 - - [03/Apr/2017:11:55:43 -0300] "GET /cormun/servlet/hlogin HTTP/1.1" 200 1722
192.168.10.62 - - [03/Apr/2017:11:55:49 -0300] "POST /cormun/servlet/hlogin?098c5f3d0ddb6a8ad6b1a1e7b18afcc0,gx-no-cache=1491234626819 HTTP/1.1" 200 90
192.168.10.62 - - [03/Apr/2017:11:55:49 -0300] "GET /cormun/servlet/hpexe_link HTTP/1.1" 200 951
192.168.10.62 - - [03/Apr/2017:11:55:49 -0300] "GET /cormun/servlet/hhome HTTP/1.1" 200 3793
192.168.10.62 - - [03/Apr/2017:11:55:50 -0300] "GET /cormun/servlet/hhome HTTP/1.1" 200 3789
192.168.10.62 - - [03/Apr/2017:11:55:54 -0300] "GET /cormun/servlet/trconsultaempleado? HTTP/1.1" 200 9029
192.168.10.62 - - [03/Apr/2017:11:55:55 -0300] "GET /cormun/servlet/trconsultaempleado? HTTP/1.1" 200 9027
192.168.10.62 - - [03/Apr/2017:11:56:16 -0300] "POST /cormun/servlet/trconsultaempleado?098c5f3d0ddb6a8ad6b1a1e7b18afcc0,,gx-no-cache=1491234653788 HTTP/1.1" 200 4002
192.168.10.62 - - [03/Apr/2017:11:56:18 -0300] "GET /cormun/servlet/trsolicitudnombre?17477558, HTTP/1.1" 200 6817
192.168.10.62 - - [03/Apr/2017:11:56:19 -0300] "GET /cormun/servlet/trsolicitudnombre?17477558, HTTP/1.1" 200 6816
192.168.10.62 - - [03/Apr/2017:11:56:21 -0300] "GET /cormun/servlet/vesolicitudnombre?2017,5614,, HTTP/1.1" 200 8023
192.168.10.62 - - [03/Apr/2017:11:56:21 -0300] "GET /cormun/pexe_scrolldiv.js HTTP/1.1" 404 1009
192.168.10.62 - - [03/Apr/2017:11:56:21 -0300] "GET /cormun/pexe_scrolldiv.js HTTP/1.1" 404 1009
192.168.10.62 - - [03/Apr/2017:11:56:22 -0300] "GET /cormun/servlet/vesolicitudnombre?2017,5614,, HTTP/1.1" 200 8017
192.168.10.62 - - [03/Apr/2017:11:56:23 -0300] "GET /cormun/servlet/vesolicitudnombre?2017,5614,,SolicitudOTLog HTTP/1.1" 200 8900
192.168.10.62 - - [03/Apr/2017:11:56:23 -0300] "GET /cormun/pexe_scrolldiv.js HTTP/1.1" 404 1009
192.168.10.62 - - [03/Apr/2017:11:56:23 -0300] "GET /cormun/pexe_scrolldiv.js HTTP/1.1" 404 1009
192.168.10.62 - - [03/Apr/2017:11:56:24 -0300] "GET /cormun/servlet/vesolicitudnombre?2017,5614,,SolicitudOTLog HTTP/1.1" 200 8900
192.168.10.62 - - [03/Apr/2017:11:56:25 -0300] "POST /cormun/servlet/acontrolpreferencessavestate?None,FGONZALEZG,true HTTP/1.1" 200 35
192.168.10.13 - - [03/Apr/2017:11:56:26 -0300] "GET / HTTP/1.1" 200 11217
192.168.10.62 - - [03/Apr/2017:11:56:41 -0300] "GET /cormun/servlet/trconsultaempleado? HTTP/1.1" 200 6241
192.168.10.62 - - [03/Apr/2017:11:56:41 -0300] "GET /cormun/servlet/trconsultaempleado? HTTP/1.1" 200 6223
192.168.10.62 - - [03/Apr/2017:11:56:49 -0300] "POST /cormun/servlet/trconsultaempleado?098c5f3d0ddb6a8ad6b1a1e7b18afcc0,,gx-no-cache=1491234687046 HTTP/1.1" 200 3787
192.168.10.62 - - [03/Apr/2017:11:56:58 -0300] "POST /cormun/servlet/trconsultaempleado?098c5f3d0ddb6a8ad6b1a1e7b18afcc0,,gx-no-cache=1491234695297 HTTP/1.1" 200 3791
192.168.10.62 - - [03/Apr/2017:11:57:10 -0300] "GET /cormun/servlet/trsolicitudgral? HTTP/1.1" 200 18970
192.168.10.62 - - [03/Apr/2017:11:57:11 -0300] "GET /cormun/servlet/trsolicitudgral? HTTP/1.1" 200 18970
192.168.10.13 - - [03/Apr/2017:11:57:26 -0300] "GET / HTTP/1.1" 200 11217
192.168.10.62 - - [03/Apr/2017:11:57:53 -0300] "GET /cormun/static/menuarrow.gif HTTP/1.1" 404 1015
192.168.10.62 - - [03/Apr/2017:11:58:02 -0300] "POST /cormun/servlet/trsolicitudgral?098c5f3d0ddb6a8ad6b1a1e7b18afcc0,,gx-no-cache=1491234759344 HTTP/1.1" 200 6627
192.168.10.13 - - [03/Apr/2017:11:58:26 -0300] "GET / HTTP/1.1" 200 11217
192.168.10.89 - - [03/Apr/2017:11:59:00 -0300] "GET /cormunbeta/servlet/hlogin HTTP/1.1" 200 1726
192.168.10.89 - - [03/Apr/2017:11:59:04 -0300] "GET /cormun/servlet/hlogin HTTP/1.1" 200 1720
192.168.10.89 - - [03/Apr/2017:11:59:11 -0300] "POST /cormun/servlet/hlogin?9679c8d582ea12aa148bba3c038cc399,gx-no-cache=1491234828805 HTTP/1.1" 200 90
192.168.10.89 - - [03/Apr/2017:11:59:11 -0300] "GET /cormun/servlet/hpexe_link HTTP/1.1" 200 950
192.168.10.89 - - [03/Apr/2017:11:59:11 -0300] "GET /cormun/servlet/hhome HTTP/1.1" 200 4450
192.168.10.13 - - [03/Apr/2017:11:59:26 -0300] "GET / HTTP/1.1" 200 11217
192.168.10.89 - - [03/Apr/2017:11:59:38 -0300] "GET /cormun/servlet/trconsultaempleado? HTTP/1.1" 200 9709
186.79.66.162 - - [03/Apr/2017:12:00:16 -0300] "POST /cormun/servlet/solicitudot?gx-no-cache=1491231696732 HTTP/1.1" 200 30
186.79.66.162 - - [03/Apr/2017:12:00:16 -0300] "POST /cormun/servlet/solicitudot?gx-no-cache=1491231697052 HTTP/1.1" 200 1289
186.79.66.162 - - [03/Apr/2017:12:00:16 -0300] "POST /cormun/servlet/solicitudot?gx-no-cache=1491231697338 HTTP/1.1" 200 40
186.79.66.162 - - [03/Apr/2017:12:00:16 -0300] "POST /cormun/servlet/solicitudot?gx-no-cache=1491231697466 HTTP/1.1" 200 1273
186.79.66.162 - - [03/Apr/2017:12:00:16 -0300] "POST /cormun/servlet/solicitudot?gx-no-cache=1491231697690 HTTP/1.1" 200 1156
186.79.66.162 - - [03/Apr/2017:12:00:17 -0300] "GET /cormun/servlet/solicitudot?72110679e550d370a43acc55804f1f8ab87a9c3a571dd45a2c5ecb35120d3935b8f84b163d9a844ba7f05691176d6e6681ceca94964f1fedfe5411409b571c4fd7e7c94558709c32e5dcdc2b058f0ca484831187069ad040cd3cf2b1f66a0ba9f1f430a0955433e3988b178bbbd499fa61d7c161fc9f9d75846bfe3ac290c00ffb1f2155b0e3f4f4d083c3cf4c27f1d11588dd71774e5e3681f1b440ba15179e8bbabce5e21a484c5d4b95ce7d860613,gx-no-cache=1491231697899 HTTP/1.1" 200 30
186.79.66.162 - - [03/Apr/2017:12:00:17 -0300] "POST /cormun/servlet/solicitudot?8c22014d7170145b498f2be556db57dd,INS,0,0,,gx-no-cache=1491231698032 HTTP/1.1" 200 93
186.79.66.162 - - [03/Apr/2017:12:00:17 -0300] "GET /cormun/servlet/hpexe_return? HTTP/1.1" 200 1008
186.79.66.162 - - [03/Apr/2017:12:00:18 -0300] "GET /cormun/servlet/trsolicitudot HTTP/1.1" 200 16021
186.79.66.162 - - [03/Apr/2017:12:00:19 -0300] "GET /cormun/servlet/trsolicitudot HTTP/1.1" 200 16016
192.168.10.13 - - [03/Apr/2017:12:00:26 -0300] "GET / HTTP/1.1" 200 11217
192.168.10.62 - - [03/Apr/2017:12:00:30 -0300] "GET /cormun/servlet/trconsultaempleado? HTTP/1.1" 200 5992
186.79.66.162 - - [03/Apr/2017:12:00:30 -0300] "POST /cormun/servlet/trsolicitudot?8c22014d7170145b498f2be556db57dd,gx-no-cache=1491231709686 HTTP/1.1" 200 13019
186.79.66.162 - - [03/Apr/2017:12:00:30 -0300] "GET /cormun/static/Shared/jqueryui/images/ui-bg_highlight-soft_100_c6c2c8_1x100.png HTTP/1.1" 404 1117
186.79.66.162 - - [03/Apr/2017:12:00:30 -0300] "GET /cormun/static/Shared/jqueryui/images/ui-icons_82798d_256x240.png HTTP/1.1" 404 1089
186.79.66.162 - - [03/Apr/2017:12:00:30 -0300] "GET /cormun/static/Shared/jqueryui/images/ui-bg_flat_55_fafafa_40x100.png HTTP/1.1" 404 1097
192.168.10.62 - - [03/Apr/2017:12:00:30 -0300] "GET /cormun/servlet/trconsultaempleado? HTTP/1.1" 200 5991
186.79.66.162 - - [03/Apr/2017:12:00:30 -0300] "GET /cormun/static/Shared/jqueryui/images/ui-icons_8d78a5_256x240.png HTTP/1.1" 404 1089
186.79.66.162 - - [03/Apr/2017:12:00:31 -0300] "POST /cormun/servlet/trsolicitudot?8c22014d7170145b498f2be556db57dd,gx-no-cache=1491231711590 HTTP/1.1" 200 12952
186.79.66.162 - - [03/Apr/2017:12:00:35 -0300] "POST /cormun/servlet/trsolicitudot?8c22014d7170145b498f2be556db57dd,gx-no-cache=1491231715113 HTTP/1.1" 200 12652
192.168.10.89 - - [03/Apr/2017:12:00:35 -0300] "POST /cormun/servlet/trconsultaempleado?9679c8d582ea12aa148bba3c038cc399,,gx-no-cache=1491234913033 HTTP/1.1" 200 4466
186.79.66.162 - - [03/Apr/2017:12:00:37 -0300] "POST /cormun/servlet/trsolicitudot?8c22014d7170145b498f2be556db57dd,gx-no-cache=1491231716828 HTTP/1.1" 200 12592
186.79.66.162 - - [03/Apr/2017:12:00:40 -0300] "GET /cormun/servlet/solicitudot?INS,0,0, HTTP/1.1" 200 12602
186.79.66.162 - - [03/Apr/2017:12:00:40 -0300] "GET /cormun/servlet/solicitudot?INS,0,0, HTTP/1.1" 200 12607
192.168.10.89 - - [03/Apr/2017:12:00:41 -0300] "GET /cormun/servlet/trsolicitudnombre?13477280, HTTP/1.1" 200 7767
186.79.66.162 - - [03/Apr/2017:12:00:42 -0300] "GET /cormun/servlet/prfichaempleado?,MD,,gxPopupLevel%3D0%3B HTTP/1.1" 200 8829
192.168.10.62 - - [03/Apr/2017:12:00:44 -0300] "POST /cormun/servlet/trconsultaempleado?098c5f3d0ddb6a8ad6b1a1e7b18afcc0,,gx-no-cache=1491234921578 HTTP/1.1" 200 4011
192.168.10.89 - - [03/Apr/2017:12:00:45 -0300] "GET /cormun/servlet/vesolicitudnombre?2017,5505,, HTTP/1.1" 200 8639
192.168.10.89 - - [03/Apr/2017:12:00:45 -0300] "GET /cormun/pexe_scrolldiv.js HTTP/1.1" 404 1009
192.168.10.89 - - [03/Apr/2017:12:00:46 -0300] "GET /cormun/servlet/vesolicitudnombre?2017,5505,,SolicitudOTAdjuntos HTTP/1.1" 200 7663
192.168.10.89 - - [03/Apr/2017:12:00:47 -0300] "GET /cormun/pexe_scrolldiv.js HTTP/1.1" 404 1009
192.168.10.89 - - [03/Apr/2017:12:00:48 -0300] "POST /cormun/servlet/acontrolpreferencessavestate?None,CDROGUETT,true HTTP/1.1" 200 35
192.168.10.89 - - [03/Apr/2017:12:00:49 -0300] "GET /cormun/servlet/vesolicitudnombre?2017,5505,, HTTP/1.1" 200 8639
192.168.10.89 - - [03/Apr/2017:12:00:50 -0300] "GET /cormun/pexe_scrolldiv.js HTTP/1.1" 404 1009
186.79.66.162 - - [03/Apr/2017:12:00:56 -0300] "POST /cormun/servlet/prfichaempleado?8c22014d7170145b498f2be556db57dd,,MD,,gxPopupLevel%3D0%3B,gx-no-cache=1491231736594 HTTP/1.1" 200 3404
192.168.10.89 - - [03/Apr/2017:12:00:57 -0300] "POST /cormun/servlet/vesolicitudnombre?9679c8d582ea12aa148bba3c038cc399,2017,5505,,,gx-no-cache=1491234934865 HTTP/1.1" 200 90
192.168.10.89 - - [03/Apr/2017:12:00:57 -0300] "GET /cormun/servlet/hpexe_link HTTP/1.1" 200 976
192.168.10.89 - - [03/Apr/2017:12:00:58 -0300] "GET /cormun/servlet/trsolicitudnombre?13477280, HTTP/1.1" 200 7768
192.168.10.89 - - [03/Apr/2017:12:01:00 -0300] "GET /cormun/servlet/vesolicitudnombre?2017,5506,, HTTP/1.1" 200 8647
192.168.10.89 - - [03/Apr/2017:12:01:01 -0300] "GET /cormun/pexe_scrolldiv.js HTTP/1.1" 404 1009
186.79.66.162 - - [03/Apr/2017:12:01:03 -0300] "POST /cormun/servlet/solicitudot?gx-no-cache=1491231744356 HTTP/1.1" 200 3184
186.79.66.162 - - [03/Apr/2017:12:01:04 -0300] "POST /cormun/servlet/solicitudot?8c22014d7170145b498f2be556db57dd,INS,0,0,,gx-no-cache=1491231744791 HTTP/1.1" 200 9784
186.79.66.162 - - [03/Apr/2017:12:01:04 -0300] "GET /cormun/servlet/solicitudot?72110679e550d370a43acc55804f1f8a5df8a91dcc445ae5e90bff50f3722bad8c45036cff3139e444be85b980e80c69,gx-no-cache=1491231745302 HTTP/1.1" 200 30
192.168.10.89 - - [03/Apr/2017:12:01:06 -0300] "GET /cormun/servlet/vesolicitudnombre?2017,5506,,SolicitudOTAdjuntos HTTP/1.1" 200 7666
192.168.10.89 - - [03/Apr/2017:12:01:06 -0300] "GET /cormun/pexe_scrolldiv.js HTTP/1.1" 404 1009
192.168.10.89 - - [03/Apr/2017:12:01:07 -0300] "POST /cormun/servlet/acontrolpreferencessavestate?None,CDROGUETT,true HTTP/1.1" 200 35
186.79.66.162 - - [03/Apr/2017:12:01:17 -0300] "POST /cormun/servlet/solicitudot?gx-no-cache=1491231758703 HTTP/1.1" 200 255
186.79.66.162 - - [03/Apr/2017:12:01:18 -0300] "GET /cormun/servlet/solicitudot?72110679e550d370a43acc55804f1f8a79dd0c4f7ec013f2f2d38284908f7412757a587831862cc571adb7a02c91f7dbcb2e29c66f0687be51bd0fad55182150d559d969d7c60880699f96efb125aaebda6c71cf079e6f767649ed0df6c20236dcf4c38104920082b7b4b26bbdcda85e8042bda5d134b68055a778e7faab7f566edd2ff4d90d01e8828e58ac6dfe541102382530d5cf984b6adb52536b10ad494a01962c015d02108eb4d46684efd617d4058d9eb6637a93574bf0dcf72181428d8de6fe846ecf0382dbe4540ff21e64bbacf581edae62ab6dc3daa1cff4595d997042a06eb5480622adb877f80cd4984fafce3bb1c1f3b465ac9a4e90a1deb5ed4f07fdddae53223bb63c759034fe6c9034b4d5354f7beed2f9eaa491eefebce437c5e86e0e6d068ca80d23e2b49a1e043c17486420d60e6274a3a170a8be87baece8c7d77043d573d0a9b9d31ece415fba52bb6276b5bbb2184e2ba53ea2b74ac80e333362c14531a7651ecf57d46bfb5749d8433fe956caaa1c821335bdc1,gx-no-cache=1491231758871 HTTP/1.1" 200 30
186.79.66.162 - - [03/Apr/2017:12:01:20 -0300] "POST /cormun/servlet/solicitudot?gx-no-cache=1491231761114 HTTP/1.1" 200 30
192.168.10.13 - - [03/Apr/2017:12:01:26 -0300] "GET / HTTP/1.1" 200 11217
186.79.66.162 - - [03/Apr/2017:12:01:26 -0300] "GET /cormun/servlet/prcontratosol?16180340,,,,,MD,,gxPopupLevel%3D0%3B HTTP/1.1" 200 5961
186.79.66.162 - - [03/Apr/2017:12:01:29 -0300] "POST /cormun/servlet/solicitudot?gx-no-cache=1491231769890 HTTP/1.1" 200 1291
186.79.66.162 - - [03/Apr/2017:12:01:29 -0300] "POST /cormun/servlet/solicitudot?gx-no-cache=1491231770070 HTTP/1.1" 200 38
186.79.66.162 - - [03/Apr/2017:12:01:29 -0300] "GET /cormun/servlet/solicitudot?72110679e550d370a43acc55804f1f8adc443c5dc8041e0de7e1dfb51525a36608b0d9d015d3613f5cab9185344358e2555ab1b600d790c49f5197472b9994a14c79f5f804e32a9d36c1d4c543530744956566caae6f845bf6b07340eebea05c6c984644a7398b564beacb7cdef220a8664a59120656d021cce2824b31bce0011e0b43aa8e043af9afb2de4a9ccd2a8f506a7cdb05f4091c4886f0667f21f05a,gx-no-cache=1491231770208 HTTP/1.1" 200 29
186.79.66.162 - - [03/Apr/2017:12:01:29 -0300] "POST /cormun/servlet/solicitudot?gx-no-cache=1491231770329 HTTP/1.1" 200 1274
186.79.66.162 - - [03/Apr/2017:12:01:29 -0300] "POST /cormun/servlet/solicitudot?gx-no-cache=1491231770568 HTTP/1.1" 200 1156
192.168.10.62 - - [03/Apr/2017:12:01:34 -0300] "GET /cormun/servlet/trsolicitudnombre?17130963, HTTP/1.1" 200 6875
192.168.10.62 - - [03/Apr/2017:12:01:34 -0300] "GET /cormun/servlet/trsolicitudnombre?17130963, HTTP/1.1" 200 6875
192.168.10.62 - - [03/Apr/2017:12:01:36 -0300] "GET /cormun/servlet/vesolicitudnombre?2017,4987,, HTTP/1.1" 200 8034
192.168.10.62 - - [03/Apr/2017:12:01:36 -0300] "GET /cormun/pexe_scrolldiv.js HTTP/1.1" 404 1009
192.168.10.62 - - [03/Apr/2017:12:01:36 -0300] "GET /cormun/pexe_scrolldiv.js HTTP/1.1" 404 1009
192.168.10.62 - - [03/Apr/2017:12:01:37 -0300] "GET /cormun/servlet/vesolicitudnombre?2017,4987,, HTTP/1.1" 200 8028
186.79.66.162 - - [03/Apr/2017:12:01:38 -0300] "POST /cormun/servlet/solicitudot?8c22014d7170145b498f2be556db57dd,INS,0,0,,gx-no-cache=1491231778580 HTTP/1.1" 200 93
186.79.66.162 - - [03/Apr/2017:12:01:38 -0300] "GET /cormun/servlet/hpexe_return? HTTP/1.1" 200 1028
186.79.66.162 - - [03/Apr/2017:12:01:38 -0300] "GET /cormun/servlet/trsolicitudot?gx-no-cache=1491231716828 HTTP/1.1" 200 15426
192.168.10.62 - - [03/Apr/2017:12:01:38 -0300] "GET /cormun/servlet/vesolicitudnombre?2017,4987,,SolicitudOTLog HTTP/1.1" 200 8900
192.168.10.62 - - [03/Apr/2017:12:01:38 -0300] "GET /cormun/pexe_scrolldiv.js HTTP/1.1" 404 1009
192.168.10.62 - - [03/Apr/2017:12:01:38 -0300] "GET /cormun/pexe_scrolldiv.js HTTP/1.1" 404 1009
192.168.10.62 - - [03/Apr/2017:12:01:39 -0300] "GET /cormun/servlet/vesolicitudnombre?2017,4987,,SolicitudOTLog HTTP/1.1" 200 8900
186.79.66.162 - - [03/Apr/2017:12:01:39 -0300] "GET /cormun/servlet/trsolicitudot?gx-no-cache=1491231716828 HTTP/1.1" 200 15441
192.168.10.62 - - [03/Apr/2017:12:01:40 -0300] "POST /cormun/servlet/acontrolpreferencessavestate?None,FGONZALEZG,true HTTP/1.1" 200 35
186.79.66.162 - - [03/Apr/2017:12:01:49 -0300] "GET /cormun/servlet/solicitudot?INS,0,0, HTTP/1.1" 200 12624
186.79.66.162 - - [03/Apr/2017:12:01:50 -0300] "GET /cormun/servlet/solicitudot?INS,0,0, HTTP/1.1" 200 12607
186.79.66.162 - - [03/Apr/2017:12:01:53 -0300] "GET /cormun/servlet/prfichaempleado?,MD,,gxPopupLevel%3D0%3B HTTP/1.1" 200 8829
192.168.10.62 - - [03/Apr/2017:12:02:03 -0300] "GET /cormun/servlet/trconsultaempleado? HTTP/1.1" 200 6248
192.168.10.62 - - [03/Apr/2017:12:02:03 -0300] "GET /cormun/servlet/trconsultaempleado? HTTP/1.1" 200 6229
192.168.10.62 - - [03/Apr/2017:12:02:10 -0300] "POST /cormun/servlet/trconsultaempleado?098c5f3d0ddb6a8ad6b1a1e7b18afcc0,,gx-no-cache=1491235007720 HTTP/1.1" 200 4024
192.168.10.62 - - [03/Apr/2017:12:02:12 -0300] "GET /cormun/servlet/trsolicitudnombre?16254787, HTTP/1.1" 200 6842
192.168.10.62 - - [03/Apr/2017:12:02:12 -0300] "GET /cormun/servlet/trsolicitudnombre?16254787, HTTP/1.1" 200 6842
192.168.10.62 - - [03/Apr/2017:12:02:14 -0300] "GET /cormun/servlet/vesolicitudnombre?2017,5032,, HTTP/1.1" 200 8039
192.168.10.62 - - [03/Apr/2017:12:02:14 -0300] "GET /cormun/pexe_scrolldiv.js HTTP/1.1" 404 1009
192.168.10.62 - - [03/Apr/2017:12:02:14 -0300] "GET /cormun/pexe_scrolldiv.js HTTP/1.1" 404 1009
192.168.10.62 - - [03/Apr/2017:12:02:14 -0300] "GET /cormun/servlet/vesolicitudnombre?2017,5032,, HTTP/1.1" 200 8033
186.79.66.162 - - [03/Apr/2017:12:02:21 -0300] "POST /cormun/servlet/prfichaempleado?8c22014d7170145b498f2be556db57dd,,MD,,gxPopupLevel%3D0%3B,gx-no-cache=1491231822306 HTTP/1.1" 200 3404
192.168.10.62 - - [03/Apr/2017:12:02:21 -0300] "GET /cormun/servlet/trconsultaempleado? HTTP/1.1" 200 6235
192.168.10.62 - - [03/Apr/2017:12:02:22 -0300] "GET /cormun/servlet/trconsultaempleado? HTTP/1.1" 200 6224
192.168.10.13 - - [03/Apr/2017:12:02:26 -0300] "GET / HTTP/1.1" 200 11217
186.79.66.162 - - [03/Apr/2017:12:02:27 -0300] "POST /cormun/servlet/solicitudot?gx-no-cache=1491231828312 HTTP/1.1" 200 3184
186.79.66.162 - - [03/Apr/2017:12:02:28 -0300] "POST /cormun/servlet/solicitudot?8c22014d7170145b498f2be556db57dd,INS,0,0,,gx-no-cache=1491231828763 HTTP/1.1" 200 9807
186.79.66.162 - - [03/Apr/2017:12:02:28 -0300] "GET /cormun/servlet/solicitudot?72110679e550d370a43acc55804f1f8a5df8a91dcc445ae5e90bff50f3722bad8c45036cff3139e444be85b980e80c69,gx-no-cache=1491231829317 HTTP/1.1" 200 30
192.168.10.62 - - [03/Apr/2017:12:02:30 -0300] "POST /cormun/servlet/trconsultaempleado?098c5f3d0ddb6a8ad6b1a1e7b18afcc0,,gx-no-cache=1491235027530 HTTP/1.1" 200 4011
186.79.66.162 - - [03/Apr/2017:12:02:31 -0300] "POST /cormun/servlet/solicitudot?gx-no-cache=1491231832543 HTTP/1.1" 200 255
186.79.66.162 - - [03/Apr/2017:12:02:31 -0300] "GET /cormun/servlet/solicitudot?72110679e550d370a43acc55804f1f8a79dd0c4f7ec013f2f2d38284908f7412757a587831862cc571adb7a02c91f7dbcb2e29c66f0687be51bd0fad55182150d559d969d7c60880699f96efb125aaebda6c71cf079e6f767649ed0df6c20236dcf4c38104920082b7b4b26bbdcda85e8042bda5d134b68055a778e7faab7f566edd2ff4d90d01e8828e58ac6dfe541102382530d5cf984b6adb52536b10ad494a01962c015d02108eb4d46684efd617d4058d9eb6637a93574bf0dcf72181428d8de6fe846ecf0382dbe4540ff21e64bbacf581edae62ab6dc3daa1cff4595d997042a06eb5480622adb877f80cd4984fafce3bb1c1f3b465ac9a4e90a1deb5ed4f07fdddae53223bb63c759034fe6c9034b4d5354f7beed2f9eaa491eefebce437c5e86e0e6d068ca80d23e2b49a1e043c17486420d60e6274a3a170a8be87baece8c7d77043d573d0a9b9d31ece415fba52bb6276b5bbb2184e2ba53ea2b74ac80e333362c14531a7651ecf57d46bfb5749d8433fe956caaa1c821335bdc1,gx-no-cache=1491231832694 HTTP/1.1" 200 30
192.168.10.62 - - [03/Apr/2017:12:02:32 -0300] "GET /cormun/servlet/trsolicitudnombre?17137390, HTTP/1.1" 200 6802
192.168.10.62 - - [03/Apr/2017:12:02:32 -0300] "GET /cormun/servlet/trsolicitudnombre?17137390, HTTP/1.1" 200 6802
186.79.66.162 - - [03/Apr/2017:12:02:33 -0300] "POST /cormun/servlet/solicitudot?gx-no-cache=1491231834264 HTTP/1.1" 200 30
192.168.10.62 - - [03/Apr/2017:12:02:33 -0300] "GET /cormun/servlet/vesolicitudnombre?2017,5031,, HTTP/1.1" 200 8017
192.168.10.62 - - [03/Apr/2017:12:02:33 -0300] "GET /cormun/pexe_scrolldiv.js HTTP/1.1" 404 1009
192.168.10.62 - - [03/Apr/2017:12:02:33 -0300] "GET /cormun/pexe_scrolldiv.js HTTP/1.1" 404 1009
192.168.10.62 - - [03/Apr/2017:12:02:34 -0300] "GET /cormun/servlet/vesolicitudnombre?2017,5031,, HTTP/1.1" 200 8011
186.79.66.162 - - [03/Apr/2017:12:02:40 -0300] "GET /cormun/servlet/prcontratosol?16180340,,,,,MD,,gxPopupLevel%3D0%3B HTTP/1.1" 200 5961
186.79.66.162 - - [03/Apr/2017:12:02:42 -0300] "POST /cormun/servlet/solicitudot?gx-no-cache=1491231843128 HTTP/1.1" 200 1291
186.79.66.162 - - [03/Apr/2017:12:02:42 -0300] "POST /cormun/servlet/solicitudot?gx-no-cache=1491231843282 HTTP/1.1" 200 38
186.79.66.162 - - [03/Apr/2017:12:02:42 -0300] "GET /cormun/servlet/solicitudot?72110679e550d370a43acc55804f1f8adc443c5dc8041e0de7e1dfb51525a36608b0d9d015d3613f5cab9185344358e2555ab1b600d790c49f5197472b9994a14c79f5f804e32a9d36c1d4c543530744956566caae6f845bf6b07340eebea05c6c984644a7398b564beacb7cdef220a8664a59120656d021cce2824b31bce0011e0b43aa8e043af9afb2de4a9ccd2a8f506a7cdb05f4091c4886f0667f21f05a,gx-no-cache=1491231843424 HTTP/1.1" 200 29
186.79.66.162 - - [03/Apr/2017:12:02:42 -0300] "POST /cormun/servlet/solicitudot?gx-no-cache=1491231843526 HTTP/1.1" 200 1274
186.79.66.162 - - [03/Apr/2017:12:02:42 -0300] "POST /cormun/servlet/solicitudot?gx-no-cache=1491231843733 HTTP/1.1" 200 1156
192.168.10.62 - - [03/Apr/2017:12:02:49 -0300] "GET /cormun/servlet/trconsultaempleado? HTTP/1.1" 200 6231
192.168.10.62 - - [03/Apr/2017:12:02:50 -0300] "GET /cormun/servlet/trconsultaempleado? HTTP/1.1" 200 6221
186.79.66.162 - - [03/Apr/2017:12:02:56 -0300] "POST /cormun/servlet/solicitudot?gx-no-cache=1491231856978 HTTP/1.1" 200 1273
186.79.66.162 - - [03/Apr/2017:12:02:56 -0300] "POST /cormun/servlet/solicitudot?gx-no-cache=1491231857201 HTTP/1.1" 200 1156
186.79.66.162 - - [03/Apr/2017:12:02:56 -0300] "GET /cormun/static/menuarrow.gif HTTP/1.1" 404 1015
186.79.66.162 - - [03/Apr/2017:12:03:00 -0300] "POST /cormun/servlet/solicitudot?gx-no-cache=1491231861201 HTTP/1.1" 200 1273
186.79.66.162 - - [03/Apr/2017:12:03:00 -0300] "POST /cormun/servlet/solicitudot?gx-no-cache=1491231861589 HTTP/1.1" 200 1156
192.168.10.62 - - [03/Apr/2017:12:03:03 -0300] "POST /cormun/servlet/trconsultaempleado?098c5f3d0ddb6a8ad6b1a1e7b18afcc0,,gx-no-cache=1491235061028 HTTP/1.1" 200 4011
186.79.66.162 - - [03/Apr/2017:12:03:04 -0300] "GET /cormun/servlet/solicitudot?72110679e550d370a43acc55804f1f8ad92b9bc174c14ca43fd9dc402e935682a1e5793e994f775e4ca7a7980801c3782f27d333498736dcfbf69967f1bddf9bd7e7c94558709c32e5dcdc2b058f0ca484831187069ad040cd3cf2b1f66a0ba9f1f430a0955433e3988b178bbbd499fa61d7c161fc9f9d75846bfe3ac290c00ffb1f2155b0e3f4f4d083c3cf4c27f1d11588dd71774e5e3681f1b440ba15179ec8b6081192c0e2e803e215bdf350bc1f,gx-no-cache=1491231864954 HTTP/1.1" 200 30
192.168.10.62 - - [03/Apr/2017:12:03:06 -0300] "GET /cormun/servlet/trsolicitudnombre?12913379, HTTP/1.1" 200 6835
192.168.10.62 - - [03/Apr/2017:12:03:06 -0300] "GET /cormun/servlet/trsolicitudnombre?12913379, HTTP/1.1" 200 6835
192.168.10.62 - - [03/Apr/2017:12:03:08 -0300] "GET /cormun/servlet/vesolicitudnombre?2017,5704,, HTTP/1.1" 200 8026
192.168.10.62 - - [03/Apr/2017:12:03:08 -0300] "GET /cormun/pexe_scrolldiv.js HTTP/1.1" 404 1009
192.168.10.62 - - [03/Apr/2017:12:03:08 -0300] "GET /cormun/pexe_scrolldiv.js HTTP/1.1" 404 1009
192.168.10.62 - - [03/Apr/2017:12:03:09 -0300] "GET /cormun/servlet/vesolicitudnombre?2017,5704,, HTTP/1.1" 200 8019
192.168.10.89 - - [03/Apr/2017:12:03:09 -0300] "GET /cormun/servlet/vesolicitudnombre?2017,5506,, HTTP/1.1" 200 8647
192.168.10.89 - - [03/Apr/2017:12:03:09 -0300] "GET /cormun/pexe_scrolldiv.js HTTP/1.1" 404 1009
186.79.66.162 - - [03/Apr/2017:12:03:13 -0300] "POST /cormun/servlet/solicitudot?8c22014d7170145b498f2be556db57dd,INS,0,0,,gx-no-cache=1491231873711 HTTP/1.1" 200 93
186.79.66.162 - - [03/Apr/2017:12:03:13 -0300] "GET /cormun/servlet/hpexe_return? HTTP/1.1" 200 1028
186.103.159.46 - - [03/Apr/2017:12:03:13 -0300] "GET /cormun/servlet/hhome HTTP/1.1" 200 3773
186.79.66.162 - - [03/Apr/2017:12:03:13 -0300] "GET /cormun/servlet/trsolicitudot?gx-no-cache=1491231716828 HTTP/1.1" 200 15746
186.79.66.162 - - [03/Apr/2017:12:03:14 -0300] "GET /cormun/servlet/trsolicitudot?gx-no-cache=1491231716828 HTTP/1.1" 200 15761
186.103.159.46 - - [03/Apr/2017:12:03:16 -0300] "GET /cormun/servlet/hhome HTTP/1.1" 200 3782
192.168.10.89 - - [03/Apr/2017:12:03:20 -0300] "POST /cormun/servlet/vesolicitudnombre?9679c8d582ea12aa148bba3c038cc399,2017,5506,,,gx-no-cache=1491235077184 HTTP/1.1" 200 90
192.168.10.89 - - [03/Apr/2017:12:03:20 -0300] "GET /cormun/servlet/hpexe_link HTTP/1.1" 200 976
186.79.66.162 - - [03/Apr/2017:12:03:20 -0300] "POST /cormun/servlet/trsolicitudot?8c22014d7170145b498f2be556db57dd,gx-no-cache=1491231716828,gx-no-cache=1491231877970 HTTP/1.1" 200 12653
186.79.66.162 - - [03/Apr/2017:12:03:20 -0300] "GET /cormun/static/Shared/jqueryui/images/ui-bg_highlight-soft_100_c6c2c8_1x100.png HTTP/1.1" 404 1117
186.79.66.162 - - [03/Apr/2017:12:03:20 -0300] "GET /cormun/static/Shared/jqueryui/images/ui-icons_82798d_256x240.png HTTP/1.1" 404 1089
186.79.66.162 - - [03/Apr/2017:12:03:20 -0300] "GET /cormun/static/Shared/jqueryui/images/ui-bg_flat_55_fafafa_40x100.png HTTP/1.1" 404 1097
192.168.10.89 - - [03/Apr/2017:12:03:20 -0300] "GET /cormun/servlet/trsolicitudnombre?13477280, HTTP/1.1" 200 7767
186.79.66.162 - - [03/Apr/2017:12:03:20 -0300] "GET /cormun/static/Shared/jqueryui/images/ui-icons_8d78a5_256x240.png HTTP/1.1" 404 1089
186.79.66.162 - - [03/Apr/2017:12:03:21 -0300] "POST /cormun/servlet/trsolicitudot?8c22014d7170145b498f2be556db57dd,gx-no-cache=1491231716828,gx-no-cache=1491231881468 HTTP/1.1" 200 12592
192.168.10.89 - - [03/Apr/2017:12:03:23 -0300] "POST /cormun/servlet/trsolicitudnombre?9679c8d582ea12aa148bba3c038cc399,13477280,,gx-no-cache=1491235080673 HTTP/1.1" 200 90
192.168.10.89 - - [03/Apr/2017:12:03:23 -0300] "GET /cormun/servlet/hpexe_link HTTP/1.1" 200 976
192.168.10.89 - - [03/Apr/2017:12:03:23 -0300] "GET /cormun/servlet/trconsultaempleado? HTTP/1.1" 200 6990
192.168.10.13 - - [03/Apr/2017:12:03:26 -0300] "GET / HTTP/1.1" 200 11217
192.168.10.62 - - [03/Apr/2017:12:03:30 -0300] "GET /cormun/servlet/trconsultaempleado? HTTP/1.1" 200 6231
192.168.10.62 - - [03/Apr/2017:12:03:30 -0300] "GET /cormun/servlet/trconsultaempleado? HTTP/1.1" 200 6220
186.79.66.162 - - [03/Apr/2017:12:03:31 -0300] "GET /cormun/servlet/trpermisosgoce? HTTP/1.1" 200 8520
186.79.66.162 - - [03/Apr/2017:12:03:31 -0300] "GET /cormun/static/gxcfg.js?20173171154124 HTTP/1.1" 304 -
186.79.66.162 - - [03/Apr/2017:12:03:31 -0300] "GET /cormun/static/trpermisosgoce.js?20173171154177 HTTP/1.1" 304 -
186.79.66.162 - - [03/Apr/2017:12:03:32 -0300] "GET /cormun/servlet/trpermisosgoce? HTTP/1.1" 200 8498
192.168.10.89 - - [03/Apr/2017:12:03:32 -0300] "POST /cormun/servlet/trconsultaempleado?9679c8d582ea12aa148bba3c038cc399,,gx-no-cache=1491235089652 HTTP/1.1" 200 4402
192.168.10.89 - - [03/Apr/2017:12:03:34 -0300] "GET /cormun/servlet/trsolicitudnombre?18995017, HTTP/1.1" 200 7540
192.168.10.89 - - [03/Apr/2017:12:03:36 -0300] "GET /cormun/servlet/vesolicitudnombre?2017,5476,, HTTP/1.1" 200 8656
192.168.10.89 - - [03/Apr/2017:12:03:36 -0300] "GET /cormun/pexe_scrolldiv.js HTTP/1.1" 404 1009
192.168.10.62 - - [03/Apr/2017:12:03:37 -0300] "POST /cormun/servlet/trconsultaempleado?098c5f3d0ddb6a8ad6b1a1e7b18afcc0,,gx-no-cache=1491235094405 HTTP/1.1" 200 3779
186.79.66.162 - - [03/Apr/2017:12:03:38 -0300] "GET /cormun/servlet/trpermisosadjuntos?17652270,20170330091931,P, HTTP/1.1" 200 6127
186.79.66.162 - - [03/Apr/2017:12:03:38 -0300] "GET /cormun/static/gxcfg.js?201731711542659 HTTP/1.1" 200 953
186.79.66.162 - - [03/Apr/2017:12:03:38 -0300] "GET /cormun/static/trpermisosadjuntos.js?201731711542990 HTTP/1.1" 200 20045
186.79.66.162 - - [03/Apr/2017:12:03:38 -0300] "GET /cormun/servlet/trpermisosadjuntos?17652270,20170330091931,P, HTTP/1.1" 200 6127
192.168.10.89 - - [03/Apr/2017:12:03:39 -0300] "GET /cormun/servlet/vesolicitudnombre?2017,5476,,SolicitudOTAdjuntos HTTP/1.1" 200 10505
192.168.10.89 - - [03/Apr/2017:12:03:39 -0300] "GET /cormun/pexe_scrolldiv.js HTTP/1.1" 404 1009
186.79.66.162 - - [03/Apr/2017:12:03:40 -0300] "GET /cormun/servlet/permisosadjuntos?INS,17652270,P,20170330091931,, HTTP/1.1" 200 5460
186.79.66.162 - - [03/Apr/2017:12:03:40 -0300] "GET /cormun/static/gxcfg.js?2016122813135788 HTTP/1.1" 200 953
186.79.66.162 - - [03/Apr/2017:12:03:40 -0300] "GET /cormun/static/permisosadjuntos.js?2016122813135797 HTTP/1.1" 200 8721
186.79.66.162 - - [03/Apr/2017:12:03:40 -0300] "GET /cormun/static/about:blank HTTP/1.1" 404 1011
186.79.66.162 - - [03/Apr/2017:12:03:40 -0300] "GET /cormun/servlet/permisosadjuntos?INS,17652270,P,20170330091931,, HTTP/1.1" 200 5450
192.168.10.89 - - [03/Apr/2017:12:03:41 -0300] "POST /cormun/servlet/acontrolpreferencessavestate?None,CDROGUETT,true HTTP/1.1" 200 35
192.168.10.89 - - [03/Apr/2017:12:03:42 -0300] "GET /cormun/PublicTempStorage/ciayline4143404.jpg HTTP/1.1" 200 394167
192.168.10.62 - - [03/Apr/2017:12:03:46 -0300] "POST /cormun/servlet/trconsultaempleado?098c5f3d0ddb6a8ad6b1a1e7b18afcc0,,gx-no-cache=1491235103679 HTTP/1.1" 200 3779
192.168.10.62 - - [03/Apr/2017:12:03:48 -0300] "POST /cormun/servlet/trconsultaempleado?098c5f3d0ddb6a8ad6b1a1e7b18afcc0,,gx-no-cache=1491235105319 HTTP/1.1" 200 3779
192.168.10.89 - - [03/Apr/2017:12:03:49 -0300] "GET /cormun/servlet/vesolicitudnombre?2017,5476,,SolicitudOTAdjuntos HTTP/1.1" 200 10507
192.168.10.89 - - [03/Apr/2017:12:03:49 -0300] "GET /cormun/pexe_scrolldiv.js HTTP/1.1" 404 1009
192.168.10.89 - - [03/Apr/2017:12:03:51 -0300] "POST /cormun/servlet/acontrolpreferencessavestate?None,CDROGUETT,true HTTP/1.1" 200 35
192.168.10.89 - - [03/Apr/2017:12:03:52 -0300] "GET /cormun/PublicTempStorage/tituloayl4918643.jpg HTTP/1.1" 200 669710
186.103.159.46 - - [03/Apr/2017:12:03:54 -0300] "GET /cormun/servlet/trpermisosgoce? HTTP/1.1" 200 12224
186.103.159.46 - - [03/Apr/2017:12:03:57 -0300] "GET /cormun/servlet/trpermisosgoce? HTTP/1.1" 200 12211
192.168.10.89 - - [03/Apr/2017:12:03:59 -0300] "GET /cormun/servlet/vesolicitudnombre?2017,5476,,SolicitudOTAdjuntos HTTP/1.1" 200 10508
192.168.10.89 - - [03/Apr/2017:12:03:59 -0300] "GET /cormun/pexe_scrolldiv.js HTTP/1.1" 404 1009
192.168.10.62 - - [03/Apr/2017:12:04:00 -0300] "POST /cormun/servlet/trconsultaempleado?098c5f3d0ddb6a8ad6b1a1e7b18afcc0,,gx-no-cache=1491235117562 HTTP/1.1" 200 3779
192.168.10.89 - - [03/Apr/2017:12:04:00 -0300] "POST /cormun/servlet/acontrolpreferencessavestate?None,CDROGUETT,true HTTP/1.1" 200 35
192.168.10.89 - - [03/Apr/2017:12:04:02 -0300] "GET /cormun/PublicTempStorage/afpayl3472766.jpg HTTP/1.1" 200 531662
