186.103.159.182 - - [31/Mar/2017:12:20:12 -0300] "POST /cormun/servlet/solicitudot?gx-no-cache=1490973884121 HTTP/1.1" 200 30
186.103.159.182 - - [31/Mar/2017:12:20:12 -0300] "POST /cormun/servlet/solicitudot?gx-no-cache=1490973884223 HTTP/1.1" 200 235
186.103.159.182 - - [31/Mar/2017:12:20:13 -0300] "POST /cormun/servlet/solicitudot?gx-no-cache=1490973884348 HTTP/1.1" 200 38
186.103.159.182 - - [31/Mar/2017:12:20:13 -0300] "GET /cormun/servlet/solicitudot?678b060c20386e1fc9c18f4bda9b62b77e4a2398e67719aaa0fefc106e3db5741a464fa0c5fcb8ffa2bb52598d1f0532bc01b26c81cd73df85ad8b56fb61cd06f63b9567d21b2eff16b8df92e6b241f4,gx-no-cache=1490973884433 HTTP/1.1" 200 29
186.103.159.182 - - [31/Mar/2017:12:20:13 -0300] "POST /cormun/servlet/solicitudot?gx-no-cache=1490973884497 HTTP/1.1" 200 643
186.103.159.182 - - [31/Mar/2017:12:20:15 -0300] "POST /cormun/servlet/solicitudot?gx-no-cache=1490973887137 HTTP/1.1" 200 518
186.79.120.1 - - [31/Mar/2017:12:20:25 -0300] "POST /cormun/servlet/solicitudot?gx-no-cache=1490973690106 HTTP/1.1" 200 3083
186.79.120.1 - - [31/Mar/2017:12:20:28 -0300] "POST /cormun/servlet/solicitudot?ac7c2fe1d4b8afdc9f3b72732c9b78d4,INS,0,0,,gx-no-cache=1490973696254 HTTP/1.1" 200 9741
186.79.120.1 - - [31/Mar/2017:12:20:34 -0300] "GET /cormun/servlet/solicitudot?ea5bafb9ce6dad559814f4fca1bc781d57dd55707e6699ed7238953beb4026398037bbf3097ecb3bd56d0f16d071b30a,gx-no-cache=1490973703697 HTTP/1.1" 200 111
192.168.10.13 - - [31/Mar/2017:12:20:48 -0300] "GET / HTTP/1.1" 200 11217
192.168.10.96 - - [31/Mar/2017:12:21:21 -0300] "POST /cormun/servlet/trsolicitudgral?22f4f3b1437b35afff2a1a8a295a61a8,,gx-no-cache=1490976959379 HTTP/1.1" 440 972
192.168.10.96 - - [31/Mar/2017:12:21:23 -0300] "GET /cormun/servlet/trsolicitudgral? HTTP/1.1" 200 23692
192.168.10.96 - - [31/Mar/2017:12:21:23 -0300] "GET /cormun/static/gxcfg.js?201732110400 HTTP/1.1" 304 -
192.168.10.96 - - [31/Mar/2017:12:21:24 -0300] "GET /cormun/servlet/hlogin HTTP/1.1" 200 1745
192.168.10.96 - - [31/Mar/2017:12:21:24 -0300] "GET /cormun/static/gxcfg.js?201731711485472 HTTP/1.1" 304 -
192.168.10.96 - - [31/Mar/2017:12:21:24 -0300] "GET /cormun/servlet/trsolicitudgral? HTTP/1.1" 200 23692
186.79.120.1 - - [31/Mar/2017:12:21:30 -0300] "POST /cormun/servlet/solicitudot?gx-no-cache=1490973756452 HTTP/1.1" 200 3083
186.79.120.1 - - [31/Mar/2017:12:21:32 -0300] "POST /cormun/servlet/solicitudot?ac7c2fe1d4b8afdc9f3b72732c9b78d4,INS,0,0,,gx-no-cache=1490973759569 HTTP/1.1" 200 9784
192.168.10.96 - - [31/Mar/2017:12:21:43 -0300] "POST /cormun/servlet/hlogin?ab2561be3ab4c98ac20183b875a40fcf,gx-no-cache=1490976980991 HTTP/1.1" 200 455
186.79.120.1 - - [31/Mar/2017:12:21:45 -0300] "GET /cormun/servlet/solicitudot?ea5bafb9ce6dad559814f4fca1bc781d57dd55707e6699ed7238953beb4026398037bbf3097ecb3bd56d0f16d071b30a,gx-no-cache=1490973774096 HTTP/1.1" 200 111
192.168.10.96 - - [31/Mar/2017:12:21:47 -0300] "POST /cormun/servlet/hlogin?ab2561be3ab4c98ac20183b875a40fcf,gx-no-cache=1490976985046 HTTP/1.1" 200 90
192.168.10.96 - - [31/Mar/2017:12:21:47 -0300] "GET /cormun/servlet/hpexe_link HTTP/1.1" 200 961
192.168.10.96 - - [31/Mar/2017:12:21:47 -0300] "GET /cormun/static/gxcfg.js?201731711483381 HTTP/1.1" 304 -
192.168.10.96 - - [31/Mar/2017:12:21:48 -0300] "GET /cormun/servlet/trsolicitudgral HTTP/1.1" 200 24679
192.168.10.13 - - [31/Mar/2017:12:21:48 -0300] "GET / HTTP/1.1" 200 11217
192.168.10.96 - - [31/Mar/2017:12:21:49 -0300] "GET /cormun/servlet/trsolicitudgral HTTP/1.1" 200 24677
192.168.10.96 - - [31/Mar/2017:12:21:56 -0300] "POST /cormun/servlet/trsolicitudgral?ab2561be3ab4c98ac20183b875a40fcf,gx-no-cache=1490976993849 HTTP/1.1" 200 5200
192.168.10.96 - - [31/Mar/2017:12:22:04 -0300] "POST /cormun/servlet/trsolicitudgral?ab2561be3ab4c98ac20183b875a40fcf,gx-no-cache=1490977001797 HTTP/1.1" 200 5199
186.79.120.1 - - [31/Mar/2017:12:22:09 -0300] "GET /cormun/servlet/hlogin HTTP/1.1" 200 1714
192.168.10.96 - - [31/Mar/2017:12:22:10 -0300] "POST /cormun/servlet/trsolicitudgral?ab2561be3ab4c98ac20183b875a40fcf,gx-no-cache=1490977007767 HTTP/1.1" 200 5201
186.79.120.1 - - [31/Mar/2017:12:22:12 -0300] "POST /cormun/servlet/hlogin?0fc9c4865c6ee3a4377c72755664ffd6,gx-no-cache=1490973800997 HTTP/1.1" 200 90
186.79.120.1 - - [31/Mar/2017:12:22:12 -0300] "GET /cormun/servlet/hpexe_link HTTP/1.1" 200 945
186.79.120.1 - - [31/Mar/2017:12:22:12 -0300] "GET /cormun/servlet/hhome HTTP/1.1" 200 3751
186.79.120.1 - - [31/Mar/2017:12:22:13 -0300] "GET /cormun/servlet/hhome HTTP/1.1" 200 3748
192.168.10.96 - - [31/Mar/2017:12:22:15 -0300] "POST /cormun/servlet/trsolicitudgral?ab2561be3ab4c98ac20183b875a40fcf,gx-no-cache=1490977013393 HTTP/1.1" 200 6983
186.79.120.1 - - [31/Mar/2017:12:22:17 -0300] "GET /cormun/servlet/trsolicitudot? HTTP/1.1" 200 9111
186.79.120.1 - - [31/Mar/2017:12:22:18 -0300] "GET /cormun/servlet/trsolicitudot? HTTP/1.1" 200 9109
192.168.10.96 - - [31/Mar/2017:12:22:20 -0300] "POST /cormun/servlet/trsolicitudgral?ab2561be3ab4c98ac20183b875a40fcf,gx-no-cache=1490977018177 HTTP/1.1" 200 6984
186.79.120.1 - - [31/Mar/2017:12:22:22 -0300] "GET /cormun/servlet/solicitudot?INS,0,0, HTTP/1.1" 200 12558
186.79.120.1 - - [31/Mar/2017:12:22:24 -0300] "GET /cormun/servlet/solicitudot?INS,0,0, HTTP/1.1" 200 12563
192.168.10.96 - - [31/Mar/2017:12:22:25 -0300] "POST /cormun/servlet/trsolicitudgral?ab2561be3ab4c98ac20183b875a40fcf,gx-no-cache=1490977022474 HTTP/1.1" 200 21317
192.168.10.96 - - [31/Mar/2017:12:22:35 -0300] "POST /cormun/servlet/trsolicitudgral?ab2561be3ab4c98ac20183b875a40fcf,gx-no-cache=1490977032712 HTTP/1.1" 200 14094
186.79.120.1 - - [31/Mar/2017:12:22:40 -0300] "POST /cormun/servlet/solicitudot?gx-no-cache=1490973828168 HTTP/1.1" 200 3081
186.79.120.1 - - [31/Mar/2017:12:22:41 -0300] "POST /cormun/servlet/solicitudot?0fc9c4865c6ee3a4377c72755664ffd6,INS,0,0,,gx-no-cache=1490973829447 HTTP/1.1" 200 9670
192.168.10.13 - - [31/Mar/2017:12:22:48 -0300] "GET / HTTP/1.1" 200 11217
192.168.10.96 - - [31/Mar/2017:12:22:49 -0300] "POST /cormun/servlet/trsolicitudgral?ab2561be3ab4c98ac20183b875a40fcf,gx-no-cache=1490977047367 HTTP/1.1" 200 5201
192.168.10.96 - - [31/Mar/2017:12:22:53 -0300] "POST /cormun/servlet/trsolicitudgral?ab2561be3ab4c98ac20183b875a40fcf,gx-no-cache=1490977051416 HTTP/1.1" 200 14093
186.79.120.1 - - [31/Mar/2017:12:23:03 -0300] "GET /cormun/servlet/solicitudot?7eb211767d12df082c78ae22ccaa5f45a9e16a8c2c4c76d7413bd14832e64a4415d4e79d2bf6aba5f63235c3c42fab10,gx-no-cache=1490973851812 HTTP/1.1" 200 111
186.79.120.1 - - [31/Mar/2017:12:23:03 -0300] "GET /cormun/static/Shared/jqueryui/images/ui-bg_highlight-soft_100_c6c2c8_1x100.png HTTP/1.1" 404 1117
186.79.120.1 - - [31/Mar/2017:12:23:03 -0300] "GET /cormun/static/Shared/jqueryui/images/ui-icons_82798d_256x240.png HTTP/1.1" 404 1089
186.79.120.1 - - [31/Mar/2017:12:23:04 -0300] "GET /cormun/static/Shared/jqueryui/images/ui-bg_flat_55_994d53_40x100.png HTTP/1.1" 404 1097
186.79.120.1 - - [31/Mar/2017:12:23:04 -0300] "GET /cormun/static/Shared/jqueryui/images/ui-icons_ebccce_256x240.png HTTP/1.1" 404 1089
186.79.6.98 - - [31/Mar/2017:12:23:13 -0300] "GET /cormun/servlet/prlicenciaspermisos?12911454,L,,MD,,gxPopupLevel%3D0%3B HTTP/1.1" 200 5406
186.79.6.98 - - [31/Mar/2017:12:23:13 -0300] "GET /cormun/static/gxcfg.js?20173171152124 HTTP/1.1" 200 953
186.79.6.98 - - [31/Mar/2017:12:23:13 -0300] "GET /cormun/static/prlicenciaspermisos.js?20173171152323 HTTP/1.1" 200 13360
192.168.10.13 - - [31/Mar/2017:12:23:48 -0300] "GET / HTTP/1.1" 200 11217
186.79.6.98 - - [31/Mar/2017:12:23:51 -0300] "POST /cormun/servlet/solicitudot?gx-no-cache=1490977494543 HTTP/1.1" 200 41
186.79.6.98 - - [31/Mar/2017:12:23:51 -0300] "POST /cormun/servlet/solicitudot?gx-no-cache=1490977494887 HTTP/1.1" 200 1274
186.79.6.98 - - [31/Mar/2017:12:23:51 -0300] "POST /cormun/servlet/solicitudot?gx-no-cache=1490977495068 HTTP/1.1" 200 1154
186.79.6.98 - - [31/Mar/2017:12:24:01 -0300] "GET /cormun/servlet/prlicenciaspermisos?12911454,L,,MD,,gxPopupLevel%3D0%3B HTTP/1.1" 200 5406
186.79.6.98 - - [31/Mar/2017:12:24:10 -0300] "POST /cormun/servlet/solicitudot?gx-no-cache=1490977513456 HTTP/1.1" 200 1274
186.79.6.98 - - [31/Mar/2017:12:24:10 -0300] "POST /cormun/servlet/solicitudot?gx-no-cache=1490977513636 HTTP/1.1" 200 1154
186.79.6.98 - - [31/Mar/2017:12:24:14 -0300] "POST /cormun/servlet/solicitudot?gx-no-cache=1490977517248 HTTP/1.1" 200 1274
186.79.6.98 - - [31/Mar/2017:12:24:14 -0300] "POST /cormun/servlet/solicitudot?gx-no-cache=1490977517607 HTTP/1.1" 200 1154
186.79.6.98 - - [31/Mar/2017:12:24:21 -0300] "GET /cormun/servlet/solicitudot?b04c95657f428df10db70d0029191de6fa77dbc28a28143a54c652e9c55b128ebbe44994bf89d0739a3ddde4fe726912ac4cef83555fb3b003817ee5c8038ef437c8bb49cfaea1582e593c0a57a9d3a9fc44dabf52b580c477357beceb0debd0d0d813a62bbe8b12e450137e48190177fae75355c47ffcce721d666fd17b9e0a4e61dcc25855d76a113e135a3b7c591f8a6a9cc6b265f18fbd60d1a0ec69ff00be26c9f7ba625b5a9e263d5b4a84a502bce6571b627f7738aa0f9683b12560e0,gx-no-cache=1490977523697 HTTP/1.1" 200 30
192.168.10.13 - - [31/Mar/2017:12:24:48 -0300] "GET / HTTP/1.1" 200 11217
186.79.6.98 - - [31/Mar/2017:12:24:54 -0300] "POST /cormun/servlet/solicitudot?51b68af6c26e35efea9da349022b07ea,INS,0,0,,gx-no-cache=1490977556694 HTTP/1.1" 200 93
186.79.6.98 - - [31/Mar/2017:12:24:54 -0300] "GET /cormun/servlet/hpexe_return? HTTP/1.1" 200 1008
186.79.6.98 - - [31/Mar/2017:12:24:54 -0300] "GET /cormun/servlet/trsolicitudot HTTP/1.1" 200 8103
186.79.6.98 - - [31/Mar/2017:12:24:55 -0300] "GET /cormun/servlet/trsolicitudot HTTP/1.1" 200 8099
186.79.120.1 - - [31/Mar/2017:12:25:03 -0300] "POST /cormun/servlet/solicitudot?gx-no-cache=1490973956763 HTTP/1.1" 200 3083
186.79.120.1 - - [31/Mar/2017:12:25:16 -0300] "POST /cormun/servlet/solicitudot?0fc9c4865c6ee3a4377c72755664ffd6,INS,0,0,,gx-no-cache=1490973973523 HTTP/1.1" 200 9726
186.79.120.1 - - [31/Mar/2017:12:25:21 -0300] "GET /cormun/servlet/hlogin HTTP/1.1" 200 1723
186.79.120.1 - - [31/Mar/2017:12:25:23 -0300] "POST /cormun/servlet/hlogin?fb38f752a9818e3949a3f412ffafd547,gx-no-cache=1490973992489 HTTP/1.1" 200 90
186.79.120.1 - - [31/Mar/2017:12:25:23 -0300] "GET /cormun/servlet/hpexe_link HTTP/1.1" 200 952
186.79.120.1 - - [31/Mar/2017:12:25:24 -0300] "GET /cormun/servlet/hhome HTTP/1.1" 200 3758
186.79.120.1 - - [31/Mar/2017:12:25:25 -0300] "GET /cormun/servlet/hhome HTTP/1.1" 200 3756
186.79.6.98 - - [31/Mar/2017:12:25:41 -0300] "POST /cormun/servlet/trsolicitudot?51b68af6c26e35efea9da349022b07ea,gx-no-cache=1490977603617 HTTP/1.1" 200 107
186.79.6.98 - - [31/Mar/2017:12:25:41 -0300] "GET /cormun/servlet/trsolicitudadjuntos?2017,5841, HTTP/1.1" 200 6078
186.79.6.98 - - [31/Mar/2017:12:25:42 -0300] "GET /cormun/servlet/trsolicitudadjuntos?2017,5841, HTTP/1.1" 200 6078
192.168.10.13 - - [31/Mar/2017:12:25:48 -0300] "GET / HTTP/1.1" 200 11217
186.79.6.98 - - [31/Mar/2017:12:25:49 -0300] "GET /cormun/servlet/solicitudotadjuntos?INS,2017,5841,,1, HTTP/1.1" 200 6013
186.79.6.98 - - [31/Mar/2017:12:25:49 -0300] "GET /cormun/static/about:blank HTTP/1.1" 404 1011
186.79.6.98 - - [31/Mar/2017:12:25:50 -0300] "GET /cormun/servlet/solicitudotadjuntos?INS,2017,5841,,1, HTTP/1.1" 200 6007
186.79.6.98 - - [31/Mar/2017:12:25:51 -0300] "GET /cormun/servlet/solicitudotadjuntos?b04c95657f428df10db70d0029191de61a1f10a95577404d0f5e1c781923a6ad07cecc39e25be60917bee1e56d2b5c3e,gx-no-cache=1490977613588 HTTP/1.1" 200 30
186.79.6.98 - - [31/Mar/2017:12:25:51 -0300] "POST /cormun/servlet/solicitudotadjuntos?51b68af6c26e35efea9da349022b07ea,INS,2017,5841,,1,,gx-no-cache=1490977614610 HTTP/1.1" 200 3837
186.103.159.44 - - [31/Mar/2017:12:25:56 -0300] "GET /cormun/servlet/trsolicitudot? HTTP/1.1" 200 6067
186.103.159.44 - - [31/Mar/2017:12:25:57 -0300] "GET /cormun/servlet/hlogin HTTP/1.1" 200 1739
186.79.6.98 - - [31/Mar/2017:12:26:06 -0300] "POST /cormun/servlet/solicitudotadjuntos?gx-no-cache=1490977629477 HTTP/1.1" 200 26
186.103.159.44 - - [31/Mar/2017:12:26:10 -0300] "POST /cormun/servlet/hlogin?1d58a119ea16d0294a9148497ce9932d,gx-no-cache=1490974028984 HTTP/1.1" 200 90
186.103.159.44 - - [31/Mar/2017:12:26:10 -0300] "GET /cormun/servlet/hpexe_link HTTP/1.1" 200 956
186.103.159.44 - - [31/Mar/2017:12:26:10 -0300] "GET /cormun/servlet/trsolicitudot HTTP/1.1" 200 7861
186.79.6.98 - - [31/Mar/2017:12:26:24 -0300] "GET /cormun/servlet/solicitudotadjuntos?b04c95657f428df10db70d0029191de6842fdf630f64148282789c69035791ca,gx-no-cache=1490977647392 HTTP/1.1" 200 30
186.79.6.98 - - [31/Mar/2017:12:26:24 -0300] "GET /cormun/servlet/solicitudotadjuntos?b04c95657f428df10db70d0029191de6842fdf630f64148282789c69035791ca,gx-no-cache=1490977647769 HTTP/1.1" 200 30
186.103.159.44 - - [31/Mar/2017:12:26:24 -0300] "GET /cormun/static/menuarrow.gif HTTP/1.1" 404 1015
186.79.6.98 - - [31/Mar/2017:12:26:32 -0300] "POST /cormun/servlet/solicitudotadjuntos?51b68af6c26e35efea9da349022b07ea,INS,2017,5841,,1, HTTP/1.1" 200 116
186.79.6.98 - - [31/Mar/2017:12:26:32 -0300] "GET /cormun/servlet/hpexe_return? HTTP/1.1" 200 1027
186.79.6.98 - - [31/Mar/2017:12:26:33 -0300] "GET /cormun/servlet/trsolicitudadjuntos?2017,5841, HTTP/1.1" 200 8318
186.79.6.98 - - [31/Mar/2017:12:26:34 -0300] "GET /cormun/servlet/trsolicitudadjuntos?2017,5841, HTTP/1.1" 200 8313
186.103.159.44 - - [31/Mar/2017:12:26:36 -0300] "POST /cormun/servlet/trsolicitudot?1d58a119ea16d0294a9148497ce9932d,gx-no-cache=1490974055518 HTTP/1.1" 200 3684
186.79.6.98 - - [31/Mar/2017:12:26:39 -0300] "GET /cormun/servlet/solicitudotadjuntos?INS,2017,5841,,2, HTTP/1.1" 200 6011
186.79.6.98 - - [31/Mar/2017:12:26:40 -0300] "GET /cormun/static/about:blank HTTP/1.1" 404 1011
186.79.6.98 - - [31/Mar/2017:12:26:40 -0300] "GET /cormun/servlet/solicitudotadjuntos?INS,2017,5841,,2, HTTP/1.1" 200 6004
186.79.6.98 - - [31/Mar/2017:12:26:41 -0300] "GET /cormun/servlet/solicitudotadjuntos?b04c95657f428df10db70d0029191de61a1f10a95577404d0f5e1c781923a6ad07cecc39e25be60917bee1e56d2b5c3e,gx-no-cache=1490977664235 HTTP/1.1" 200 30
186.79.6.98 - - [31/Mar/2017:12:26:41 -0300] "POST /cormun/servlet/solicitudotadjuntos?51b68af6c26e35efea9da349022b07ea,INS,2017,5841,,2,,gx-no-cache=1490977664433 HTTP/1.1" 200 4057
192.168.10.13 - - [31/Mar/2017:12:26:48 -0300] "GET / HTTP/1.1" 200 11217
186.103.159.44 - - [31/Mar/2017:12:26:57 -0300] "POST /cormun/servlet/trsolicitudot?1d58a119ea16d0294a9148497ce9932d,gx-no-cache=1490974076033 HTTP/1.1" 200 3685
186.103.159.44 - - [31/Mar/2017:12:27:03 -0300] "POST /cormun/servlet/trsolicitudot?1d58a119ea16d0294a9148497ce9932d,gx-no-cache=1490974082340 HTTP/1.1" 200 3684
186.103.159.44 - - [31/Mar/2017:12:27:08 -0300] "POST /cormun/servlet/trsolicitudot?1d58a119ea16d0294a9148497ce9932d,gx-no-cache=1490974087281 HTTP/1.1" 200 12820
192.168.10.13 - - [31/Mar/2017:12:27:48 -0300] "GET / HTTP/1.1" 200 11217
186.79.120.1 - - [31/Mar/2017:12:28:08 -0300] "GET /cormun/servlet/trsolicitudot? HTTP/1.1" 200 9118
186.79.120.1 - - [31/Mar/2017:12:28:09 -0300] "GET /cormun/servlet/trsolicitudot? HTTP/1.1" 200 9116
186.103.159.44 - - [31/Mar/2017:12:28:10 -0300] "POST /cormun/servlet/trsolicitudot?1d58a119ea16d0294a9148497ce9932d,gx-no-cache=1490974148349 HTTP/1.1" 200 12567
186.79.120.1 - - [31/Mar/2017:12:28:14 -0300] "GET /cormun/servlet/solicitudot?INS,0,0, HTTP/1.1" 200 12569
186.103.159.44 - - [31/Mar/2017:12:28:15 -0300] "POST /cormun/servlet/trsolicitudot?1d58a119ea16d0294a9148497ce9932d,gx-no-cache=1490974153228 HTTP/1.1" 200 12502
186.79.120.1 - - [31/Mar/2017:12:28:15 -0300] "GET /cormun/servlet/solicitudot?INS,0,0, HTTP/1.1" 200 12574
186.103.159.44 - - [31/Mar/2017:12:28:18 -0300] "GET /cormun/static/Shared/jqueryui/images/ui-bg_flat_55_fafafa_40x100.png HTTP/1.1" 404 1097
186.103.159.44 - - [31/Mar/2017:12:28:18 -0300] "GET /cormun/static/Shared/jqueryui/images/ui-icons_8d78a5_256x240.png HTTP/1.1" 404 1089
186.103.159.44 - - [31/Mar/2017:12:28:18 -0300] "GET /cormun/static/Shared/jqueryui/images/ui-icons_82798d_256x240.png HTTP/1.1" 404 1089
186.103.159.44 - - [31/Mar/2017:12:28:18 -0300] "GET /cormun/static/Shared/jqueryui/images/ui-bg_highlight-soft_100_c6c2c8_1x100.png HTTP/1.1" 404 1117
186.79.6.98 - - [31/Mar/2017:12:28:33 -0300] "POST /cormun/servlet/solicitudotadjuntos?gx-no-cache=1490977775533 HTTP/1.1" 200 26
186.79.120.1 - - [31/Mar/2017:12:28:42 -0300] "POST /cormun/servlet/solicitudot?gx-no-cache=1490974189312 HTTP/1.1" 200 3081
186.79.120.1 - - [31/Mar/2017:12:28:43 -0300] "POST /cormun/servlet/solicitudot?fb38f752a9818e3949a3f412ffafd547,INS,0,0,,gx-no-cache=1490974192063 HTTP/1.1" 200 9677
186.103.159.44 - - [31/Mar/2017:12:28:45 -0300] "POST /cormun/servlet/trsolicitudot?1d58a119ea16d0294a9148497ce9932d,gx-no-cache=1490974182324 HTTP/1.1" 200 12269
192.168.10.13 - - [31/Mar/2017:12:28:48 -0300] "GET / HTTP/1.1" 200 11217
186.79.120.1 - - [31/Mar/2017:12:28:49 -0300] "GET /cormun/servlet/solicitudot?727f68251026f1a324924d6a37889374e7452dffac50822c6bb7e216dd71e73cfc3ea3c4606b640b64bc03695c53e34b,gx-no-cache=1490974197956 HTTP/1.1" 200 30
186.103.159.44 - - [31/Mar/2017:12:28:52 -0300] "POST /cormun/servlet/trsolicitudot?1d58a119ea16d0294a9148497ce9932d,gx-no-cache=1490974189818 HTTP/1.1" 200 12208
186.79.6.98 - - [31/Mar/2017:12:28:56 -0300] "GET /cormun/servlet/solicitudotadjuntos?b04c95657f428df10db70d0029191de6842fdf630f64148282789c69035791ca,gx-no-cache=1490977799097 HTTP/1.1" 200 30
186.79.6.98 - - [31/Mar/2017:12:28:56 -0300] "GET /cormun/servlet/solicitudotadjuntos?b04c95657f428df10db70d0029191de6842fdf630f64148282789c69035791ca,gx-no-cache=1490977799607 HTTP/1.1" 200 30
186.79.6.98 - - [31/Mar/2017:12:29:16 -0300] "POST /cormun/servlet/solicitudotadjuntos?51b68af6c26e35efea9da349022b07ea,INS,2017,5841,,2, HTTP/1.1" 200 116
186.79.6.98 - - [31/Mar/2017:12:29:16 -0300] "GET /cormun/servlet/hpexe_return? HTTP/1.1" 200 1027
186.79.6.98 - - [31/Mar/2017:12:29:17 -0300] "GET /cormun/servlet/trsolicitudadjuntos?2017,5841, HTTP/1.1" 200 8514
186.79.6.98 - - [31/Mar/2017:12:29:19 -0300] "GET /cormun/servlet/trsolicitudadjuntos?2017,5841, HTTP/1.1" 200 8510
186.79.6.98 - - [31/Mar/2017:12:29:38 -0300] "GET /cormun/servlet/trsolicitudot? HTTP/1.1" 200 8105
186.79.6.98 - - [31/Mar/2017:12:29:39 -0300] "GET /cormun/servlet/trsolicitudot? HTTP/1.1" 200 8099
192.168.10.13 - - [31/Mar/2017:12:29:48 -0300] "GET / HTTP/1.1" 200 11217
186.79.6.98 - - [31/Mar/2017:12:29:51 -0300] "POST /cormun/servlet/trsolicitudot?51b68af6c26e35efea9da349022b07ea,,gx-no-cache=1490977854059 HTTP/1.1" 200 5448
186.79.6.98 - - [31/Mar/2017:12:29:52 -0300] "GET /cormun/static/Shared/jqueryui/images/ui-bg_highlight-soft_100_c6c2c8_1x100.png HTTP/1.1" 404 1117
186.79.6.98 - - [31/Mar/2017:12:29:52 -0300] "GET /cormun/static/Shared/jqueryui/images/ui-icons_82798d_256x240.png HTTP/1.1" 404 1089
186.79.6.98 - - [31/Mar/2017:12:29:52 -0300] "GET /cormun/static/Shared/jqueryui/images/ui-bg_flat_55_fafafa_40x100.png HTTP/1.1" 404 1097
186.79.6.98 - - [31/Mar/2017:12:29:52 -0300] "GET /cormun/static/Shared/jqueryui/images/ui-icons_8d78a5_256x240.png HTTP/1.1" 404 1089
186.79.6.98 - - [31/Mar/2017:12:30:13 -0300] "POST /cormun/servlet/trsolicitudot?51b68af6c26e35efea9da349022b07ea,,gx-no-cache=1490977874842 HTTP/1.1" 200 5448
186.103.159.44 - - [31/Mar/2017:12:30:30 -0300] "GET /cormun/servlet/hlogin HTTP/1.1" 200 1722
192.168.10.13 - - [31/Mar/2017:12:30:48 -0300] "GET / HTTP/1.1" 200 11217
186.79.6.98 - - [31/Mar/2017:12:30:49 -0300] "GET /cormun/servlet/trautorizarsolicitud? HTTP/1.1" 200 6899
186.79.6.98 - - [31/Mar/2017:12:30:50 -0300] "GET /cormun/servlet/trautorizarsolicitud? HTTP/1.1" 200 6899
186.79.6.98 - - [31/Mar/2017:12:30:57 -0300] "GET /cormun/servlet/trautorizarsolicitud? HTTP/1.1" 200 6899
186.79.6.98 - - [31/Mar/2017:12:30:58 -0300] "GET /cormun/servlet/trautorizarsolicitud? HTTP/1.1" 200 6899
186.79.120.1 - - [31/Mar/2017:12:31:25 -0300] "POST /cormun/servlet/solicitudot?gx-no-cache=1490974352908 HTTP/1.1" 200 297
186.79.120.1 - - [31/Mar/2017:12:31:25 -0300] "GET /cormun/servlet/solicitudot?727f68251026f1a324924d6a378893744f7f1a08971598347befa9005fe1ddfeb8b7d026991febd43865067c8946d4d9c4974e374efba4d02a56242f1a6644c434c958cdaccdb1b1fe579090e6a7f7016c52198745ebdb780efd476e51f038a11d37a204ccbb8c5efe8da350c2ab39a79328e6fa4f7a95f753887689f31e9667b6d943bebab2e788aa7a54f0f5e8bca9264e57e3892cd8e10fc5297f5008f443c6ecc70e04537f6eac84f7d8817609ab4bd6277474a49188d140c5d25c2c7e87187191346fa6f33a6bd52567c9329475e4696ee34ebd05418ea94744a0c832b091d02f2bcfe8d321c8a1f23283d5c13d718928ca4898e0cd608bf5de805e1ee71133cb1216de47c6cc024a827ee39b9fc917c301bc04ec2296b4fa1fbb5ad5ffc43283e31d82fd58ce744f51a7ced4515ba8ed553101e4bc4e0b22a2b8d85d5a81f71022e8a96e120d3500b6a4b135be468e97a58f3c79588ebe564616d2b011facfd3cdb1323fd8b7334ef2876f448b9a4f3aeed07faf1331e3db87cf22ced5efbcc95f90ad71ba60c2fbdbe6941430,gx-no-cache=1490974354482 HTTP/1.1" 200 30
186.79.120.1 - - [31/Mar/2017:12:31:29 -0300] "POST /cormun/servlet/solicitudot?gx-no-cache=1490974358159 HTTP/1.1" 200 30
186.79.120.1 - - [31/Mar/2017:12:31:32 -0300] "POST /cormun/servlet/solicitudot?gx-no-cache=1490974361089 HTTP/1.1" 200 235
186.79.120.1 - - [31/Mar/2017:12:31:32 -0300] "POST /cormun/servlet/solicitudot?gx-no-cache=1490974361391 HTTP/1.1" 200 38
190.151.124.170 - - [31/Mar/2017:12:31:33 -0300] "GET /cormun/servlet/licenciaspermisos?INS,0,,, HTTP/1.1" 200 6519
190.151.124.170 - - [31/Mar/2017:12:31:33 -0300] "GET /cormun/static/calendar-system.css?75620 HTTP/1.1" 304 -
190.151.99.26 - - [31/Mar/2017:12:31:33 -0300] "GET /cormun/static/Resources/Spanish/PXTools.css?11294912 HTTP/1.1" 304 -
186.103.196.90 - - [31/Mar/2017:12:31:33 -0300] "GET /cormun/static/SmoothNavMenu/resources/ddsmoothmenu-v.css?1012540 HTTP/1.1" 304 -
186.103.196.90 - - [31/Mar/2017:12:31:33 -0300] "GET /cormun/static/scaMessage/css/jquery.pnotify.default.css?1716380 HTTP/1.1" 304 -
190.151.124.170 - - [31/Mar/2017:12:31:33 -0300] "GET /cormun/static/gxtimezone.js?85251 HTTP/1.1" 304 -
190.151.124.170 - - [31/Mar/2017:12:31:33 -0300] "GET /cormun/static/Shared/jqueryui/jquery-ui.min.css?1245370 HTTP/1.1" 304 -
186.103.196.90 - - [31/Mar/2017:12:31:33 -0300] "GET /cormun/static/SmoothNavMenu/resources/ddsmoothmenu.css?1012540 HTTP/1.1" 304 -
190.151.99.26 - - [31/Mar/2017:12:31:33 -0300] "GET /cormun/static/gxgral.js?85251 HTTP/1.1" 304 -
190.151.124.170 - - [31/Mar/2017:12:31:33 -0300] "GET /cormun/static/gxcfg.js?20173291150977 HTTP/1.1" 304 -
186.103.196.90 - - [31/Mar/2017:12:31:33 -0300] "GET /cormun/static/calendar-setup.js?85251 HTTP/1.1" 304 -
186.103.196.90 - - [31/Mar/2017:12:31:33 -0300] "GET /cormun/static/calendar.js?85251 HTTP/1.1" 304 -
190.151.124.170 - - [31/Mar/2017:12:31:33 -0300] "GET /cormun/static/calendar-es.js?85251 HTTP/1.1" 304 -
186.103.196.90 - - [31/Mar/2017:12:31:33 -0300] "GET /cormun/static/RunJS/RunJS.js HTTP/1.1" 304 -
190.151.99.26 - - [31/Mar/2017:12:31:33 -0300] "GET /cormun/static/PXToolsJavascripts/pexe_autoreload.js HTTP/1.1" 304 -
190.151.124.170 - - [31/Mar/2017:12:31:33 -0300] "GET /cormun/static/PXToolsJavascripts/pexe_cookies.js HTTP/1.1" 304 -
186.103.196.90 - - [31/Mar/2017:12:31:33 -0300] "GET /cormun/static/PXToolsJavascripts/pexe_windows.js HTTP/1.1" 304 -
186.103.196.90 - - [31/Mar/2017:12:31:33 -0300] "GET /cormun/static/PXToolsJavascripts/pexe_grid.js HTTP/1.1" 304 -
190.151.124.170 - - [31/Mar/2017:12:31:33 -0300] "GET /cormun/static/PXToolsJavascripts/pexe_griddivfix.js HTTP/1.1" 304 -
190.151.99.26 - - [31/Mar/2017:12:31:33 -0300] "GET /cormun/static/PXToolsJavascripts/pexe_menudivfix.js HTTP/1.1" 304 -
186.103.196.90 - - [31/Mar/2017:12:31:33 -0300] "GET /cormun/static/PXToolsJavascripts/pexe_link.js HTTP/1.1" 304 -
190.151.124.170 - - [31/Mar/2017:12:31:33 -0300] "GET /cormun/static/PXToolsJavascripts/pexe_menus.js HTTP/1.1" 304 -
186.103.196.90 - - [31/Mar/2017:12:31:33 -0300] "GET /cormun/static/PXToolsJavascripts/pexe_layers.js HTTP/1.1" 304 -
190.151.124.170 - - [31/Mar/2017:12:31:33 -0300] "GET /cormun/static/PXToolsJavascripts/pexe_oavdivfix.js HTTP/1.1" 304 -
186.103.196.90 - - [31/Mar/2017:12:31:33 -0300] "GET /cormun/static/PXToolsJavascripts/pexe_oav.js HTTP/1.1" 304 -
186.103.196.90 - - [31/Mar/2017:12:31:33 -0300] "GET /cormun/static/PXToolsJavascripts/pexe_popup.js HTTP/1.1" 304 -
190.151.124.170 - - [31/Mar/2017:12:31:33 -0300] "GET /cormun/static/PXToolsJavascripts/pexe_scrolldiv.js HTTP/1.1" 304 -
186.103.196.90 - - [31/Mar/2017:12:31:33 -0300] "GET /cormun/static/PXToolsJavascripts/pexe_tabdivfix.js HTTP/1.1" 304 -
186.103.196.90 - - [31/Mar/2017:12:31:33 -0300] "GET /cormun/static/PXToolsJavascripts/pexe_upload.js HTTP/1.1" 304 -
190.151.124.170 - - [31/Mar/2017:12:31:33 -0300] "GET /cormun/static/PXToolsJavascripts/pexe_tabs.js HTTP/1.1" 304 -
186.103.196.90 - - [31/Mar/2017:12:31:33 -0300] "GET /cormun/static/PXToolsJavascripts/PXToolsJavascriptsRender.js HTTP/1.1" 304 -
186.103.196.90 - - [31/Mar/2017:12:31:33 -0300] "GET /cormun/static/Shared/ext/ext-all.js HTTP/1.1" 304 -
186.103.196.90 - - [31/Mar/2017:12:31:33 -0300] "GET /cormun/static/gxui/gxui-all.js HTTP/1.1" 304 -
186.103.196.90 - - [31/Mar/2017:12:31:33 -0300] "GET /cormun/static/Shared/ext/locale/ext-lang-en.js HTTP/1.1" 304 -
186.103.196.90 - - [31/Mar/2017:12:31:33 -0300] "GET /cormun/static/messages.spa.js?85251 HTTP/1.1" 304 -
186.103.196.90 - - [31/Mar/2017:12:31:33 -0300] "GET /cormun/static/gxdec.js?85251 HTTP/1.1" 304 -
186.103.196.90 - - [31/Mar/2017:12:31:33 -0300] "GET /cormun/static/licenciaspermisos.js?201732911501028 HTTP/1.1" 304 -
186.103.196.90 - - [31/Mar/2017:12:31:33 -0300] "GET /cormun/static/hwchdr01.js?201731711335950 HTTP/1.1" 304 -
186.103.196.90 - - [31/Mar/2017:12:31:33 -0300] "GET /cormun/static/hpexe_recentlink.js?201610171694390 HTTP/1.1" 304 -
190.151.99.26 - - [31/Mar/2017:12:31:33 -0300] "GET /cormun/static/PXToolsJavascripts/pexe_picture.js HTTP/1.1" 304 -
186.103.196.90 - - [31/Mar/2017:12:31:33 -0300] "GET /cormun/static/hpexe_scripts.js?201731711335890 HTTP/1.1" 304 -
190.151.99.26 - - [31/Mar/2017:12:31:33 -0300] "GET /cormun/static/hpexe_messagecontroller.js?201610171694323 HTTP/1.1" 304 -
186.103.196.90 - - [31/Mar/2017:12:31:33 -0300] "GET /cormun/static/hpexe_messagepopupcomponent.js?20161017169425 HTTP/1.1" 304 -
190.151.124.170 - - [31/Mar/2017:12:31:33 -0300] "GET /cormun/static/cmcontrolpreferences.js?201731711335852 HTTP/1.1" 304 -
186.103.196.90 - - [31/Mar/2017:12:31:33 -0300] "GET /cormun/static/hpexe_messagegenexuscomponent.js?201731711335537 HTTP/1.1" 304 -
190.151.124.170 - - [31/Mar/2017:12:31:33 -0300] "GET /cormun/static/Shared/jquery/jquery-1.4.2.min.js HTTP/1.1" 304 -
186.103.196.90 - - [31/Mar/2017:12:31:33 -0300] "GET /cormun/static/Shared/jquery/jquery-1.10.2.min.js HTTP/1.1" 304 -
190.151.99.26 - - [31/Mar/2017:12:31:33 -0300] "GET /cormun/static/Resources/logo4.png HTTP/1.1" 304 -
186.103.196.90 - - [31/Mar/2017:12:31:33 -0300] "GET /cormun/static/Resources/PXToolsHeaderLogin.png HTTP/1.1" 304 -
190.151.124.170 - - [31/Mar/2017:12:31:33 -0300] "GET /cormun/static/Resources/PXTools/calendar.png HTTP/1.1" 304 -
190.151.124.170 - - [31/Mar/2017:12:31:33 -0300] "GET /cormun/static/Resources/PXToolsHeaderActionsBackground.png HTTP/1.1" 304 -
186.103.196.90 - - [31/Mar/2017:12:31:33 -0300] "GET /cormun/static/Resources/PXToolsHeaderActionsRight.png HTTP/1.1" 304 -
186.103.196.90 - - [31/Mar/2017:12:31:33 -0300] "GET /cormun/static/Resources/prompt.gif HTTP/1.1" 304 -
190.151.99.26 - - [31/Mar/2017:12:31:33 -0300] "GET /cormun/static/Resources/PXToolsHeaderActionsLeft.png HTTP/1.1" 304 -
186.103.196.90 - - [31/Mar/2017:12:31:33 -0300] "GET /cormun/static/Resources/PXToolsFooterBackground2.png HTTP/1.1" 304 -
190.151.124.170 - - [31/Mar/2017:12:31:33 -0300] "GET /cormun/static/Resources/PXToolsHeaderBackground2.png HTTP/1.1" 304 -
190.151.124.170 - - [31/Mar/2017:12:31:33 -0300] "GET /cormun/static/Resources/PXToolsDataTitle.png HTTP/1.1" 304 -
186.103.196.90 - - [31/Mar/2017:12:31:33 -0300] "GET /cormun/static/Resources/PXToolsHeaderSecurity.png HTTP/1.1" 304 -
190.151.99.26 - - [31/Mar/2017:12:31:33 -0300] "GET /cormun/static/Resources/PXToolsHeaderPreferences.png HTTP/1.1" 304 -
190.151.124.170 - - [31/Mar/2017:12:31:33 -0300] "GET /cormun/static/SmoothNavMenu/resources/ddsmoothmenu.js HTTP/1.1" 304 -
186.103.196.90 - - [31/Mar/2017:12:31:33 -0300] "GET /cormun/static/Resources/PXToolsHeaderHome.png HTTP/1.1" 304 -
186.103.196.90 - - [31/Mar/2017:12:31:33 -0300] "GET /cormun/static/Shared/jqueryui/jquery-ui.min.js HTTP/1.1" 304 -
186.103.196.90 - - [31/Mar/2017:12:31:33 -0300] "GET /cormun/static/scaMessage/js/jquery.pnotify.min.js HTTP/1.1" 304 -
190.151.124.170 - - [31/Mar/2017:12:31:33 -0300] "GET /cormun/static/SmoothNavMenu/resources/SmoothNavMenuRender.js HTTP/1.1" 304 -
190.151.99.26 - - [31/Mar/2017:12:31:33 -0300] "GET /cormun/static/scaMessage/scaMessageRender.js HTTP/1.1" 304 -
190.151.124.170 - - [31/Mar/2017:12:31:33 -0300] "GET /cormun/static/hmpwkw03.js?201731711485354 HTTP/1.1" 304 -
190.151.124.170 - - [31/Mar/2017:12:31:33 -0300] "GET /cormun/static/Resources/PXToolsButtonRight21.png HTTP/1.1" 304 -
186.103.196.90 - - [31/Mar/2017:12:31:33 -0300] "GET /cormun/static/Resources/PXToolsButtonBackground2.png HTTP/1.1" 304 -
190.151.99.26 - - [31/Mar/2017:12:31:33 -0300] "GET /cormun/static/Resources/PXToolsButtonLeft21.png HTTP/1.1" 304 -
190.151.99.26 - - [31/Mar/2017:12:31:34 -0300] "GET /cormun/static/Resources/indicator.gif HTTP/1.1" 304 -
190.151.99.26 - - [31/Mar/2017:12:31:34 -0300] "GET /cormun/servlet/hlogin HTTP/1.1" 200 1751
186.103.196.90 - - [31/Mar/2017:12:31:34 -0300] "GET /cormun/servlet/licenciaspermisos?INS,0,,, HTTP/1.1" 200 6530
192.168.10.13 - - [31/Mar/2017:12:31:48 -0300] "GET / HTTP/1.1" 200 11217
186.103.159.44 - - [31/Mar/2017:12:32:26 -0300] "GET /cormun/servlet/hlogin HTTP/1.1" 200 1722
186.79.6.98 - - [31/Mar/2017:12:32:37 -0300] "GET /cormun/servlet/trautorizarsolicitud? HTTP/1.1" 200 6899
186.79.6.98 - - [31/Mar/2017:12:32:38 -0300] "GET /cormun/servlet/trautorizarsolicitud? HTTP/1.1" 200 6899
186.79.6.98 - - [31/Mar/2017:12:32:44 -0300] "GET /cormun/static/menuarrow.gif HTTP/1.1" 404 1015
186.103.159.44 - - [31/Mar/2017:12:32:46 -0300] "POST /cormun/servlet/hlogin?3014e641ed57ee9235a7dce776037659,gx-no-cache=1490974424739 HTTP/1.1" 200 90
186.103.159.44 - - [31/Mar/2017:12:32:46 -0300] "GET /cormun/servlet/hpexe_link HTTP/1.1" 200 949
186.103.159.44 - - [31/Mar/2017:12:32:46 -0300] "GET /cormun/servlet/hhome HTTP/1.1" 200 3779
192.168.10.13 - - [31/Mar/2017:12:32:48 -0300] "GET / HTTP/1.1" 200 11217
186.79.6.98 - - [31/Mar/2017:12:32:53 -0300] "POST /cormun/servlet/trautorizarsolicitud?51b68af6c26e35efea9da349022b07ea,,gx-no-cache=1490978036283 HTTP/1.1" 200 4130
186.79.6.98 - - [31/Mar/2017:12:33:10 -0300] "GET /cormun/servlet/trvisualizadoreventos? HTTP/1.1" 200 6699
186.79.6.98 - - [31/Mar/2017:12:33:11 -0300] "GET /cormun/static/gxcfg.js?201731711523419 HTTP/1.1" 200 953
186.79.6.98 - - [31/Mar/2017:12:33:11 -0300] "GET /cormun/static/trvisualizadoreventos.js?20173171152387 HTTP/1.1" 200 19309
186.79.6.98 - - [31/Mar/2017:12:33:12 -0300] "GET /cormun/static/Resources/PXToolsActionPrint.png HTTP/1.1" 200 3317
186.79.6.98 - - [31/Mar/2017:12:33:12 -0300] "GET /cormun/servlet/trvisualizadoreventos? HTTP/1.1" 200 6698
186.103.159.44 - - [31/Mar/2017:12:33:18 -0300] "GET /cormun/servlet/hlogin HTTP/1.1" 200 1725
186.79.6.98 - - [31/Mar/2017:12:33:22 -0300] "GET /cormun/servlet/trsolicitudot? HTTP/1.1" 200 8100
186.79.6.98 - - [31/Mar/2017:12:33:23 -0300] "GET /cormun/servlet/trsolicitudot? HTTP/1.1" 200 8099
186.79.6.98 - - [31/Mar/2017:12:33:42 -0300] "POST /cormun/servlet/trsolicitudot?51b68af6c26e35efea9da349022b07ea,,gx-no-cache=1490978084237 HTTP/1.1" 200 5446
192.168.10.13 - - [31/Mar/2017:12:33:48 -0300] "GET / HTTP/1.1" 200 11217
186.79.6.98 - - [31/Mar/2017:12:34:06 -0300] "POST /cormun/servlet/trsolicitudot?51b68af6c26e35efea9da349022b07ea,,gx-no-cache=1490978108916 HTTP/1.1" 200 5446
186.103.159.44 - - [31/Mar/2017:12:34:16 -0300] "GET /cormun/servlet/hlogin HTTP/1.1" 200 1725
186.79.6.98 - - [31/Mar/2017:12:34:39 -0300] "POST /cormun/servlet/trsolicitudot?51b68af6c26e35efea9da349022b07ea,,gx-no-cache=1490978141525 HTTP/1.1" 200 107
186.79.6.98 - - [31/Mar/2017:12:34:39 -0300] "GET /cormun/servlet/trsolicitudadjuntos?2017,5841, HTTP/1.1" 200 8510
186.79.6.98 - - [31/Mar/2017:12:34:40 -0300] "GET /cormun/servlet/trsolicitudadjuntos?2017,5841, HTTP/1.1" 200 8512
192.168.10.13 - - [31/Mar/2017:12:34:48 -0300] "GET / HTTP/1.1" 200 11217
186.79.6.98 - - [31/Mar/2017:12:34:48 -0300] "GET /cormun/servlet/solicitudotadjuntos?INS,2017,5841,,2, HTTP/1.1" 200 6011
186.79.6.98 - - [31/Mar/2017:12:34:49 -0300] "GET /cormun/static/about:blank HTTP/1.1" 404 1011
186.79.6.98 - - [31/Mar/2017:12:34:49 -0300] "GET /cormun/servlet/solicitudotadjuntos?INS,2017,5841,,2, HTTP/1.1" 200 6005
186.79.6.98 - - [31/Mar/2017:12:34:50 -0300] "GET /cormun/servlet/solicitudotadjuntos?b04c95657f428df10db70d0029191de61a1f10a95577404d0f5e1c781923a6ad07cecc39e25be60917bee1e56d2b5c3e,gx-no-cache=1490978153452 HTTP/1.1" 200 30
186.79.6.98 - - [31/Mar/2017:12:34:52 -0300] "POST /cormun/servlet/solicitudotadjuntos?51b68af6c26e35efea9da349022b07ea,INS,2017,5841,,2,,gx-no-cache=1490978154374 HTTP/1.1" 200 4058
186.103.158.250 - - [31/Mar/2017:12:35:16 -0300] "GET /cormun/servlet/hlogin HTTP/1.1" 200 1723
186.103.158.250 - - [31/Mar/2017:12:35:16 -0300] "GET /cormun/static/gxcfg.js?201731711485472 HTTP/1.1" 304 -
186.103.158.250 - - [31/Mar/2017:12:35:16 -0300] "GET /cormun/static/messages.spa.js?85251 HTTP/1.1" 304 -
186.103.158.250 - - [31/Mar/2017:12:35:16 -0300] "GET /cormun/servlet/hlogin HTTP/1.1" 200 1734
186.103.158.250 - - [31/Mar/2017:12:35:17 -0300] "GET /favicon.ico HTTP/1.1" 200 21630
186.67.84.234 - - [31/Mar/2017:12:35:17 -0300] "POST /cormun/servlet/hlogin?ba8695939cc85ee7726397a481b8f2a2,gx-no-cache=1490974581270 HTTP/1.1" 200 90
186.67.84.234 - - [31/Mar/2017:12:35:17 -0300] "GET /cormun/servlet/hpexe_link HTTP/1.1" 200 971
186.67.84.234 - - [31/Mar/2017:12:35:17 -0300] "GET /cormun/servlet/licenciaspermisos?INS,0,,, HTTP/1.1" 200 7202
190.151.124.170 - - [31/Mar/2017:12:35:18 -0300] "GET /cormun/servlet/licenciaspermisos?INS,0,,, HTTP/1.1" 200 7201
186.67.84.234 - - [31/Mar/2017:12:35:25 -0300] "GET /cormun/servlet/prfichaempleado?,MD,,gxPopupLevel%3D0%3B HTTP/1.1" 200 8792
186.79.6.98 - - [31/Mar/2017:12:35:36 -0300] "POST /cormun/servlet/solicitudotadjuntos?51b68af6c26e35efea9da349022b07ea,INS,2017,5841,,2,,gx-no-cache=1490978198452 HTTP/1.1" 200 90
186.79.6.98 - - [31/Mar/2017:12:35:36 -0300] "GET /cormun/servlet/hpexe_link HTTP/1.1" 200 982
186.79.6.98 - - [31/Mar/2017:12:35:37 -0300] "GET /cormun/servlet/trsolicitudadjuntos?2017,5841, HTTP/1.1" 200 8510
186.79.6.98 - - [31/Mar/2017:12:35:38 -0300] "GET /cormun/servlet/trsolicitudadjuntos?2017,5841, HTTP/1.1" 200 8512
186.103.196.84 - - [31/Mar/2017:12:35:43 -0300] "POST /cormun/servlet/prfichaempleado?ba8695939cc85ee7726397a481b8f2a2,,MD,,gxPopupLevel%3D0%3B,gx-no-cache=1490974607508 HTTP/1.1" 200 3186
190.151.99.26 - - [31/Mar/2017:12:35:48 -0300] "POST /cormun/servlet/prfichaempleado?ba8695939cc85ee7726397a481b8f2a2,,MD,,gxPopupLevel%3D0%3B,gx-no-cache=1490974612603 HTTP/1.1" 200 3186
192.168.10.13 - - [31/Mar/2017:12:35:48 -0300] "GET / HTTP/1.1" 200 11217
186.79.6.98 - - [31/Mar/2017:12:35:51 -0300] "GET /cormun/servlet/solicitudotadjuntos?INS,2017,5841,,2, HTTP/1.1" 200 6012
186.79.6.98 - - [31/Mar/2017:12:35:51 -0300] "GET /cormun/static/about:blank HTTP/1.1" 404 1011
186.79.6.98 - - [31/Mar/2017:12:35:52 -0300] "GET /cormun/servlet/solicitudotadjuntos?INS,2017,5841,,2, HTTP/1.1" 200 6006
186.79.6.98 - - [31/Mar/2017:12:35:52 -0300] "GET /cormun/servlet/solicitudotadjuntos?b04c95657f428df10db70d0029191de61a1f10a95577404d0f5e1c781923a6ad07cecc39e25be60917bee1e56d2b5c3e,gx-no-cache=1490978215697 HTTP/1.1" 200 30
186.79.6.98 - - [31/Mar/2017:12:35:52 -0300] "POST /cormun/servlet/solicitudotadjuntos?51b68af6c26e35efea9da349022b07ea,INS,2017,5841,,2,,gx-no-cache=1490978215873 HTTP/1.1" 200 4054
190.151.99.26 - - [31/Mar/2017:12:35:53 -0300] "POST /cormun/servlet/prfichaempleado?ba8695939cc85ee7726397a481b8f2a2,,MD,,gxPopupLevel%3D0%3B,gx-no-cache=1490974617485 HTTP/1.1" 200 3410
190.151.99.26 - - [31/Mar/2017:12:35:57 -0300] "GET /cormun/servlet/licenciaspermisos?bdd4e0f0c7552ee52c62813f786b1203af0f971a9bd84591c374b5e19614cc0971e4d1b36e4887c33723a9efcf9b7af4,gx-no-cache=1490974621728 HTTP/1.1" 200 65
190.151.99.26 - - [31/Mar/2017:12:35:57 -0300] "POST /cormun/servlet/licenciaspermisos?ba8695939cc85ee7726397a481b8f2a2,INS,0,,,,gx-no-cache=1490974621816 HTTP/1.1" 200 4353
186.67.84.234 - - [31/Mar/2017:12:36:09 -0300] "GET /cormun/static/menuarrow.gif HTTP/1.1" 404 1015
186.79.6.98 - - [31/Mar/2017:12:36:19 -0300] "POST /cormun/servlet/solicitudotadjuntos?gx-no-cache=1490978242511 HTTP/1.1" 200 26
186.79.6.98 - - [31/Mar/2017:12:36:30 -0300] "POST /cormun/servlet/solicitudotadjuntos?51b68af6c26e35efea9da349022b07ea,INS,2017,5841,,2,,gx-no-cache=1490978253434 HTTP/1.1" 200 93
186.79.6.98 - - [31/Mar/2017:12:36:31 -0300] "GET /cormun/servlet/hpexe_return? HTTP/1.1" 200 1027
186.79.6.98 - - [31/Mar/2017:12:36:31 -0300] "GET /cormun/servlet/trsolicitudadjuntos?2017,5841, HTTP/1.1" 200 8514
186.79.6.98 - - [31/Mar/2017:12:36:32 -0300] "GET /cormun/servlet/trsolicitudadjuntos?2017,5841, HTTP/1.1" 200 8511
186.103.159.44 - - [31/Mar/2017:12:36:39 -0300] "POST /cormun/servlet/hlogin?245f5a9de48f46e93db29e9176feedaa,gx-no-cache=1490974658234 HTTP/1.1" 200 90
186.79.6.98 - - [31/Mar/2017:12:36:39 -0300] "GET /cormun/servlet/trsolicitudot? HTTP/1.1" 200 8105
186.103.159.44 - - [31/Mar/2017:12:36:40 -0300] "GET /cormun/servlet/hpexe_link HTTP/1.1" 200 954
186.79.6.98 - - [31/Mar/2017:12:36:40 -0300] "GET /cormun/servlet/trsolicitudot? HTTP/1.1" 200 8099
186.103.159.44 - - [31/Mar/2017:12:36:41 -0300] "GET /cormun/servlet/hhome HTTP/1.1" 200 3914
186.103.159.44 - - [31/Mar/2017:12:36:46 -0300] "GET /cormun/servlet/trautorizarsolicitud? HTTP/1.1" 200 6830
192.168.10.13 - - [31/Mar/2017:12:36:48 -0300] "GET / HTTP/1.1" 200 11217
186.103.159.44 - - [31/Mar/2017:12:36:50 -0300] "GET /cormun/static/menuarrow.gif HTTP/1.1" 404 1015
186.103.159.44 - - [31/Mar/2017:12:36:57 -0300] "POST /cormun/servlet/trautorizarsolicitud?245f5a9de48f46e93db29e9176feedaa,,gx-no-cache=1490974675958 HTTP/1.1" 200 5791
186.103.159.44 - - [31/Mar/2017:12:37:02 -0300] "GET /cormun/servlet/treventos?2017,3130, HTTP/1.1" 200 7694
186.103.159.44 - - [31/Mar/2017:12:37:02 -0300] "GET /cormun/static/gxcfg.js?2016101716195975 HTTP/1.1" 304 -
186.79.6.98 - - [31/Mar/2017:12:37:04 -0300] "POST /cormun/servlet/trsolicitudot?51b68af6c26e35efea9da349022b07ea,,gx-no-cache=1490978282666 HTTP/1.1" 200 5448
186.79.6.98 - - [31/Mar/2017:12:37:19 -0300] "GET /cormun/servlet/trvisualizadoreventos? HTTP/1.1" 200 6708
186.79.6.98 - - [31/Mar/2017:12:37:21 -0300] "GET /cormun/servlet/trvisualizadoreventos? HTTP/1.1" 200 6708
186.79.6.98 - - [31/Mar/2017:12:37:35 -0300] "GET /cormun/servlet/trsolicitudot? HTTP/1.1" 200 8100
186.79.6.98 - - [31/Mar/2017:12:37:36 -0300] "GET /cormun/servlet/trsolicitudot? HTTP/1.1" 200 8099
186.79.120.1 - - [31/Mar/2017:12:37:36 -0300] "GET /cormun/servlet/solicitudot?727f68251026f1a324924d6a378893740515186e208966e5aac4a8c66f02d64897211d495985b88618692156bab6aa70991ba6412058289d382f2606022ff6a0c6c9aa10a8917c4f90b3b480bfc9a2b7dd50298f0b34a25da84c624fd63dca25a25ef9cf33904d367430e5b429095aae,gx-no-cache=1490974723585 HTTP/1.1" 200 29
186.79.120.1 - - [31/Mar/2017:12:37:36 -0300] "POST /cormun/servlet/solicitudot?gx-no-cache=1490974725685 HTTP/1.1" 200 641
186.79.120.1 - - [31/Mar/2017:12:37:41 -0300] "POST /cormun/servlet/solicitudot?gx-no-cache=1490974730285 HTTP/1.1" 200 518
186.79.6.98 - - [31/Mar/2017:12:37:47 -0300] "GET /cormun/servlet/trvisualizadoreventos? HTTP/1.1" 200 6708
192.168.10.13 - - [31/Mar/2017:12:37:48 -0300] "GET / HTTP/1.1" 200 11217
186.79.6.98 - - [31/Mar/2017:12:37:49 -0300] "GET /cormun/servlet/trvisualizadoreventos? HTTP/1.1" 200 6708
190.151.124.170 - - [31/Mar/2017:12:37:52 -0300] "GET /cormun/servlet/licenciaspermisos?bdd4e0f0c7552ee52c62813f786b1203de3acbfffd561b06a5322542c30ebed3abd2976dc2b3479244e34719b62df33716d45e1f7a288aa3c5708170550e0dec9b04a7e4f3033437b732804908215eff9a5102a8dab80d315dccdec89b9881911012a69062b61b8e8f07ed0d35db9ed0169651592dde5d6f887d954a7f9c90977d5c5021f6eabc385d0728a86d3fcc5a156d51c2919fdb9f695254b267faeec0699492445b9e899fa1c675d9063dd54a,gx-no-cache=1490974737187 HTTP/1.1" 200 30
190.151.124.170 - - [31/Mar/2017:12:37:52 -0300] "GET /cormun/servlet/licenciaspermisos?bdd4e0f0c7552ee52c62813f786b12038c282416b0cf8414767336515f926e582e9afcc6746f8b9f2ce88f9b803863f3f62d1d5b6742afb28669b41b7cfe7a193fd22cdbf084cd88f94445e23036b6d942d9f164038bf119987b806b56aca81d922be995c7e9377337ee0aed91440d595b25033606c5f2199f230e467072ea691a9d993cb101036cacdaf4819c5158c895de74eefe62a590f1da56d6b859208f2d58fd85a258a03f76b476443aa5b0ae,gx-no-cache=1490974737290 HTTP/1.1" 200 29
190.151.124.170 - - [31/Mar/2017:12:37:52 -0300] "POST /cormun/servlet/licenciaspermisos?ba8695939cc85ee7726397a481b8f2a2,INS,0,,,,gx-no-cache=1490974737346 HTTP/1.1" 200 4528
190.151.124.170 - - [31/Mar/2017:12:37:53 -0300] "GET /cormun/static/Shared/jqueryui/images/ui-bg_highlight-soft_100_c6c2c8_1x100.png HTTP/1.1" 404 1117
186.103.196.90 - - [31/Mar/2017:12:37:53 -0300] "GET /cormun/static/Shared/jqueryui/images/ui-icons_82798d_256x240.png HTTP/1.1" 404 1089
186.103.196.90 - - [31/Mar/2017:12:37:53 -0300] "GET /cormun/static/Shared/jqueryui/images/ui-icons_ebccce_256x240.png HTTP/1.1" 404 1089
190.151.124.170 - - [31/Mar/2017:12:37:53 -0300] "GET /cormun/static/Shared/jqueryui/images/ui-bg_flat_55_994d53_40x100.png HTTP/1.1" 404 1097
186.79.6.98 - - [31/Mar/2017:12:38:02 -0300] "POST /cormun/servlet/trvisualizadoreventos?51b68af6c26e35efea9da349022b07ea,,gx-no-cache=1490978343050 HTTP/1.1" 200 3989
186.103.159.44 - - [31/Mar/2017:12:38:04 -0300] "GET /cormun/servlet/trautorizarsolicitud? HTTP/1.1" 200 8510
186.103.159.44 - - [31/Mar/2017:12:38:11 -0300] "GET /cormun/servlet/treventos?2017,3118, HTTP/1.1" 200 7694
186.79.120.1 - - [31/Mar/2017:12:38:12 -0300] "POST /cormun/servlet/solicitudot?gx-no-cache=1490974760078 HTTP/1.1" 200 1157
186.79.6.98 - - [31/Mar/2017:12:38:14 -0300] "GET /cormun/servlet/avisualizareventos?0,5841,ING,20170331,20170331,PU HTTP/1.1" 200 1018
186.79.6.98 - - [31/Mar/2017:12:38:25 -0300] "GET /cormun/servlet/trautorizarsolicitud? HTTP/1.1" 200 6894
186.79.120.1 - - [31/Mar/2017:12:38:26 -0300] "GET /cormun/servlet/solicitudot?727f68251026f1a324924d6a37889374924083c40938a11886d870f49f7853e0983e5cbd042c842e71522b55fc3acb80f3f696a9173eb2fa20ce595e1cf28ddafab66231d161ae7f4b6738c38fea32366946e44e15fc8901e2e0c1498fd29437d167f5783af37d68f85b6d931162f67c766e02c45616925975384d1e64b8b7c806cfc850f5e7f3b828f3ea9859b8ac9180aafed15e9b7ba9404784d3a921f2f15fb1cbe16e97c08cf76c24bb939f64ad,gx-no-cache=1490974774946 HTTP/1.1" 200 30
186.79.6.98 - - [31/Mar/2017:12:38:26 -0300] "GET /cormun/servlet/trautorizarsolicitud? HTTP/1.1" 200 6894
192.168.10.96 - - [31/Mar/2017:12:38:44 -0300] "GET /cormun/servlet/trsolicitudgral? HTTP/1.1" 200 16679
192.168.10.96 - - [31/Mar/2017:12:38:45 -0300] "GET /cormun/servlet/trsolicitudgral? HTTP/1.1" 200 16680
186.79.6.98 - - [31/Mar/2017:12:38:45 -0300] "POST /cormun/servlet/trautorizarsolicitud?51b68af6c26e35efea9da349022b07ea,,gx-no-cache=1490978388058 HTTP/1.1" 200 4130
192.168.10.13 - - [31/Mar/2017:12:38:48 -0300] "GET / HTTP/1.1" 200 11217
186.79.6.98 - - [31/Mar/2017:12:38:56 -0300] "POST /cormun/servlet/trautorizarsolicitud?51b68af6c26e35efea9da349022b07ea,,gx-no-cache=1490978398385 HTTP/1.1" 200 4131
186.79.120.1 - - [31/Mar/2017:12:39:11 -0300] "POST /cormun/servlet/solicitudot?fb38f752a9818e3949a3f412ffafd547,INS,0,0,,gx-no-cache=1490974816409 HTTP/1.1" 200 93
186.79.120.1 - - [31/Mar/2017:12:39:11 -0300] "GET /cormun/servlet/hpexe_return? HTTP/1.1" 200 1008
186.79.120.1 - - [31/Mar/2017:12:39:12 -0300] "GET /cormun/static/gxcfg.js?2016101716175148 HTTP/1.1" 304 -
186.79.120.1 - - [31/Mar/2017:12:39:12 -0300] "GET /cormun/servlet/trsolicitudot HTTP/1.1" 200 9526
186.79.120.1 - - [31/Mar/2017:12:39:13 -0300] "GET /cormun/servlet/trsolicitudot HTTP/1.1" 200 9521
186.79.6.98 - - [31/Mar/2017:12:39:15 -0300] "GET /cormun/servlet/trsolicitudot? HTTP/1.1" 200 8100
186.79.6.98 - - [31/Mar/2017:12:39:16 -0300] "GET /cormun/servlet/trsolicitudot? HTTP/1.1" 200 8099
186.79.120.1 - - [31/Mar/2017:12:39:17 -0300] "POST /cormun/servlet/trsolicitudot?fb38f752a9818e3949a3f412ffafd547,gx-no-cache=1490974825816 HTTP/1.1" 200 107
186.79.120.1 - - [31/Mar/2017:12:39:20 -0300] "GET /cormun/servlet/trsolicitudadjuntos?2017,5842, HTTP/1.1" 200 5856
186.79.120.1 - - [31/Mar/2017:12:39:21 -0300] "GET /cormun/static/gxcfg.js?201731711504543 HTTP/1.1" 304 -
186.79.120.1 - - [31/Mar/2017:12:39:23 -0300] "GET /cormun/servlet/trsolicitudadjuntos?2017,5842, HTTP/1.1" 200 5856
186.79.120.1 - - [31/Mar/2017:12:39:27 -0300] "GET /cormun/servlet/solicitudotadjuntos?INS,2017,5842,,1, HTTP/1.1" 200 5793
186.79.120.1 - - [31/Mar/2017:12:39:28 -0300] "GET /cormun/static/gxcfg.js?201612218465951 HTTP/1.1" 304 -
186.79.120.1 - - [31/Mar/2017:12:39:34 -0300] "GET /cormun/static/about:blank HTTP/1.1" 404 1011
186.79.120.1 - - [31/Mar/2017:12:39:35 -0300] "GET /cormun/servlet/solicitudotadjuntos?INS,2017,5842,,1, HTTP/1.1" 200 5787
186.79.120.1 - - [31/Mar/2017:12:39:35 -0300] "GET /cormun/servlet/solicitudotadjuntos?727f68251026f1a324924d6a3788937416360235e42f316bdf462b3065555fc4798c4f5588700158bd387bf3e945093b,gx-no-cache=1490974844491 HTTP/1.1" 200 30
186.79.120.1 - - [31/Mar/2017:12:39:38 -0300] "POST /cormun/servlet/solicitudotadjuntos?fb38f752a9818e3949a3f412ffafd547,INS,2017,5842,,1,,gx-no-cache=1490974846919 HTTP/1.1" 200 3644
186.79.120.1 - - [31/Mar/2017:12:39:45 -0300] "POST /cormun/servlet/solicitudotadjuntos?gx-no-cache=1490974854377 HTTP/1.1" 200 26
192.168.10.13 - - [31/Mar/2017:12:39:48 -0300] "GET / HTTP/1.1" 200 11217
186.79.6.98 - - [31/Mar/2017:12:40:01 -0300] "GET /cormun/servlet/trautorizarsolicitud? HTTP/1.1" 200 6913
186.79.6.98 - - [31/Mar/2017:12:40:03 -0300] "GET /cormun/servlet/trautorizarsolicitud? HTTP/1.1" 200 6912
186.79.6.98 - - [31/Mar/2017:12:40:15 -0300] "POST /cormun/servlet/trautorizarsolicitud?51b68af6c26e35efea9da349022b07ea,,gx-no-cache=1490978475112 HTTP/1.1" 200 4135
186.79.120.1 - - [31/Mar/2017:12:40:35 -0300] "GET /cormun/servlet/solicitudotadjuntos?727f68251026f1a324924d6a3788937487daf6eb6b832371f0633fc4813c389f,gx-no-cache=1490974904635 HTTP/1.1" 200 30
186.79.120.1 - - [31/Mar/2017:12:40:38 -0300] "GET /cormun/servlet/solicitudotadjuntos?727f68251026f1a324924d6a3788937487daf6eb6b832371f0633fc4813c389f,gx-no-cache=1490974907289 HTTP/1.1" 200 30
192.168.10.13 - - [31/Mar/2017:12:40:48 -0300] "GET / HTTP/1.1" 200 11217
186.79.6.98 - - [31/Mar/2017:12:40:54 -0300] "GET /cormun/servlet/trsolicitudot? HTTP/1.1" 200 8100
186.79.6.98 - - [31/Mar/2017:12:40:56 -0300] "GET /cormun/servlet/trsolicitudot? HTTP/1.1" 200 8099
186.79.120.1 - - [31/Mar/2017:12:41:47 -0300] "POST /cormun/servlet/solicitudotadjuntos?fb38f752a9818e3949a3f412ffafd547,INS,2017,5842,,1, HTTP/1.1" 200 116
192.168.10.13 - - [31/Mar/2017:12:41:48 -0300] "GET / HTTP/1.1" 200 11217
186.79.120.1 - - [31/Mar/2017:12:41:49 -0300] "GET /cormun/servlet/hpexe_return? HTTP/1.1" 200 1027
186.79.120.1 - - [31/Mar/2017:12:41:50 -0300] "GET /cormun/servlet/trsolicitudadjuntos?2017,5842, HTTP/1.1" 200 7960
186.79.120.1 - - [31/Mar/2017:12:42:04 -0300] "GET /cormun/servlet/trsolicitudadjuntos?2017,5842, HTTP/1.1" 200 7958
186.79.120.1 - - [31/Mar/2017:12:42:08 -0300] "GET /cormun/servlet/solicitudotadjuntos?INS,2017,5842,,1, HTTP/1.1" 200 5793
186.79.120.1 - - [31/Mar/2017:12:42:11 -0300] "GET /cormun/static/about:blank HTTP/1.1" 404 1011
186.79.120.1 - - [31/Mar/2017:12:42:15 -0300] "GET /cormun/servlet/solicitudotadjuntos?INS,2017,5842,,1, HTTP/1.1" 200 5787
186.79.120.1 - - [31/Mar/2017:12:42:16 -0300] "GET /cormun/servlet/solicitudotadjuntos?727f68251026f1a324924d6a3788937416360235e42f316bdf462b3065555fc4798c4f5588700158bd387bf3e945093b,gx-no-cache=1490975005144 HTTP/1.1" 200 30
186.79.120.1 - - [31/Mar/2017:12:42:17 -0300] "POST /cormun/servlet/solicitudotadjuntos?fb38f752a9818e3949a3f412ffafd547,INS,2017,5842,,1,,gx-no-cache=1490975005388 HTTP/1.1" 200 3643
186.79.120.1 - - [31/Mar/2017:12:42:22 -0300] "POST /cormun/servlet/solicitudotadjuntos?gx-no-cache=1490975011450 HTTP/1.1" 200 26
186.79.120.1 - - [31/Mar/2017:12:42:41 -0300] "GET /cormun/servlet/solicitudotadjuntos?727f68251026f1a324924d6a3788937487daf6eb6b832371f0633fc4813c389f,gx-no-cache=1490975030383 HTTP/1.1" 200 30
186.79.120.1 - - [31/Mar/2017:12:42:41 -0300] "GET /cormun/servlet/solicitudotadjuntos?727f68251026f1a324924d6a3788937487daf6eb6b832371f0633fc4813c389f,gx-no-cache=1490975030708 HTTP/1.1" 200 30
192.168.10.13 - - [31/Mar/2017:12:42:48 -0300] "GET / HTTP/1.1" 200 11217
186.79.120.1 - - [31/Mar/2017:12:43:04 -0300] "POST /cormun/servlet/solicitudotadjuntos?fb38f752a9818e3949a3f412ffafd547,INS,2017,5842,,1, HTTP/1.1" 200 116
186.79.120.1 - - [31/Mar/2017:12:43:05 -0300] "GET /cormun/servlet/hpexe_return? HTTP/1.1" 200 1027
186.79.120.1 - - [31/Mar/2017:12:43:05 -0300] "GET /cormun/servlet/trsolicitudadjuntos?2017,5842, HTTP/1.1" 200 8179
186.79.120.1 - - [31/Mar/2017:12:43:06 -0300] "GET /cormun/servlet/trsolicitudadjuntos?2017,5842, HTTP/1.1" 200 8172
186.79.120.1 - - [31/Mar/2017:12:43:13 -0300] "GET /cormun/servlet/solicitudotadjuntos?INS,2017,5842,,1, HTTP/1.1" 200 5793
186.79.120.1 - - [31/Mar/2017:12:43:14 -0300] "GET /cormun/static/about:blank HTTP/1.1" 404 1011
186.79.120.1 - - [31/Mar/2017:12:43:14 -0300] "GET /cormun/servlet/solicitudotadjuntos?INS,2017,5842,,1, HTTP/1.1" 200 5788
