186.79.141.52 - - [31/Mar/2017:08:26:09 -0300] "GET /cormun/servlet/trlicenciaspermisosadjuntos?11433311,20170331000000,L, HTTP/1.1" 200 6807
186.79.0.188 - - [31/Mar/2017:08:26:15 -0300] "POST /cormun/servlet/trvisualizadoreventos?d8e8544c6285f8c3e66ad61f363b3b6e,,gx-no-cache=1490959639092 HTTP/1.1" 200 4837
186.79.141.52 - - [31/Mar/2017:08:26:19 -0300] "GET /cormun/servlet/licenciaspermisosadjuntos?INS,11433311,L,20170331000000,, HTTP/1.1" 200 5619
186.79.141.52 - - [31/Mar/2017:08:26:21 -0300] "GET /cormun/static/about:blank HTTP/1.1" 404 1011
186.79.141.52 - - [31/Mar/2017:08:26:21 -0300] "GET /cormun/servlet/licenciaspermisosadjuntos?INS,11433311,L,20170331000000,, HTTP/1.1" 200 5608
186.79.0.188 - - [31/Mar/2017:08:26:21 -0300] "GET /cormun/servlet/trsolicitudot? HTTP/1.1" 200 6948
186.79.0.188 - - [31/Mar/2017:08:26:22 -0300] "GET /cormun/servlet/trsolicitudot? HTTP/1.1" 200 6948
186.79.0.188 - - [31/Mar/2017:08:26:25 -0300] "GET /cormun/servlet/solicitudot?INS,0,0, HTTP/1.1" 200 12778
186.79.0.188 - - [31/Mar/2017:08:26:25 -0300] "GET /cormun/servlet/solicitudot?INS,0,0, HTTP/1.1" 200 12783
186.79.0.188 - - [31/Mar/2017:08:26:32 -0300] "GET /cormun/servlet/prfichaempleado?,MD,,gxPopupLevel%3D0%3B HTTP/1.1" 200 8809
186.79.0.188 - - [31/Mar/2017:08:26:42 -0300] "POST /cormun/servlet/prfichaempleado?d8e8544c6285f8c3e66ad61f363b3b6e,,MD,,gxPopupLevel%3D0%3B,gx-no-cache=1490959666772 HTTP/1.1" 200 3392
186.79.0.188 - - [31/Mar/2017:08:26:46 -0300] "POST /cormun/servlet/solicitudot?gx-no-cache=1490959670154 HTTP/1.1" 200 3171
186.79.0.188 - - [31/Mar/2017:08:26:46 -0300] "POST /cormun/servlet/solicitudot?d8e8544c6285f8c3e66ad61f363b3b6e,INS,0,0,,gx-no-cache=1490959670551 HTTP/1.1" 200 9951
192.168.10.13 - - [31/Mar/2017:08:26:49 -0300] "GET / HTTP/1.1" 200 11217
186.79.0.188 - - [31/Mar/2017:08:26:50 -0300] "GET /cormun/servlet/solicitudot?a69226cef3d6da4b92c97759fad7169a63e086ad4a4df04c911bde9d4900a901e55ed64b039191c37786fc7a4887d4b8,gx-no-cache=1490959674308 HTTP/1.1" 200 30
186.79.0.188 - - [31/Mar/2017:08:26:50 -0300] "POST /cormun/servlet/solicitudot?gx-no-cache=1490959674506 HTTP/1.1" 200 255
186.79.0.188 - - [31/Mar/2017:08:26:50 -0300] "GET /cormun/servlet/solicitudot?a69226cef3d6da4b92c97759fad7169a22548e70d50206928f10d508aca4c25fbc76c7d1a6c16b1ed0099f61148398fae70c9b7ec50a26ddd279b60eecb308ad80d8cba527dd9935057d8ee53958affa2f681c4737dd22c5d5f6db3fb48b7b6862e56b32d139293382381e8234e985409009f7e5c6fd779a045f78dd1fc5f3dfd57c7a02c3ea84031f9225eba431204b19d803738f4b82b0bcf55d367a342af6802c7c105eb62202c6210fc7ea5ac05034de281829e701734093deecfa6a0c9fe102e74fa661d1b50dca8632950a9a7a57c2321233363f228b412925d224fc95ad49b7ed496a56c280ab4dc4c3a0905ab3c8ab8abfe119021b1966f5d5c57f80cde43db038ecd5808b0a5595b793df2b41b15988646b7227c16a875ca64e45b2e2babfd92565c196b3099dbcbad542943261cd55da0e5c8afa9f97e9b5e470759df2db03577fff35781e7d44faf47051ee3e049e723e4ba110c9a3d4710c1511d83318cb09a8a4a8672be11b3e8d2383d3063ad2f4036b62dcafc91c6e18d72c,gx-no-cache=1490959674636 HTTP/1.1" 200 30
186.79.0.188 - - [31/Mar/2017:08:26:55 -0300] "POST /cormun/servlet/solicitudot?gx-no-cache=1490959679503 HTTP/1.1" 200 30
186.79.0.188 - - [31/Mar/2017:08:26:58 -0300] "POST /cormun/servlet/solicitudot?gx-no-cache=1490959682709 HTTP/1.1" 200 1292
186.79.0.188 - - [31/Mar/2017:08:26:58 -0300] "POST /cormun/servlet/solicitudot?gx-no-cache=1490959682856 HTTP/1.1" 200 38
186.79.141.52 - - [31/Mar/2017:08:27:23 -0300] "POST /cormun/servlet/licenciaspermisosadjuntos?6a27aaa90e6b2606689fa188afed1517,INS,11433311,L,20170331000000,, HTTP/1.1" 200 116
186.79.141.52 - - [31/Mar/2017:08:27:25 -0300] "GET /cormun/servlet/hpexe_return? HTTP/1.1" 200 1042
186.79.141.52 - - [31/Mar/2017:08:27:26 -0300] "GET /cormun/servlet/trlicenciaspermisosadjuntos?11433311,20170331000000,L, HTTP/1.1" 200 6930
186.79.141.52 - - [31/Mar/2017:08:27:35 -0300] "GET /cormun/servlet/trlicenciaspermisosadjuntos?11433311,20170331000000,L, HTTP/1.1" 200 6929
186.79.0.188 - - [31/Mar/2017:08:27:43 -0300] "GET /cormun/servlet/solicitudot?a69226cef3d6da4b92c97759fad7169a2a6f16e9d1e7ec60a4c853ec3a7ed3f02ba9feac8e678c128fbfceacf06ca20823d33671c8f8acb2cd8682b314f62e6e4cc1fd39ffada8f1a38c6dbe4e4deb2d343664524ca3ca3420d949ebd937a06b0214ec9f5aba3323c05159d113a59d32aaf5be59bf2821370f78c65d158143ce7d630a5acccb200bae050c88e391335751e16e4c92a59fe3320199c8b270d2e6,gx-no-cache=1490959727189 HTTP/1.1" 200 29
186.79.0.188 - - [31/Mar/2017:08:27:43 -0300] "POST /cormun/servlet/solicitudot?gx-no-cache=1490959727315 HTTP/1.1" 200 1275
186.79.0.188 - - [31/Mar/2017:08:27:43 -0300] "POST /cormun/servlet/solicitudot?gx-no-cache=1490959727526 HTTP/1.1" 200 1158
192.168.10.13 - - [31/Mar/2017:08:27:49 -0300] "GET / HTTP/1.1" 200 11217
186.79.141.52 - - [31/Mar/2017:08:28:03 -0300] "POST /cormun/servlet/trlicenciaspermisosadjuntos?6a27aaa90e6b2606689fa188afed1517,11433311,20170331000000,L,,gx-no-cache=1490963340471 HTTP/1.1" 200 4691
186.79.141.52 - - [31/Mar/2017:08:28:14 -0300] "GET /cormun/servlet/licenciaspermisosadjuntos?DLT,11433311,L,20170331000000,20170331092057, HTTP/1.1" 200 5660
186.79.141.52 - - [31/Mar/2017:08:28:18 -0300] "GET /cormun/static/Shared/jqueryui/images/ui-bg_highlight-soft_100_c6c2c8_1x100.png HTTP/1.1" 404 1117
186.79.141.52 - - [31/Mar/2017:08:28:18 -0300] "GET /cormun/static/Shared/jqueryui/images/ui-icons_82798d_256x240.png HTTP/1.1" 404 1089
186.79.141.52 - - [31/Mar/2017:08:28:19 -0300] "GET /cormun/static/Shared/jqueryui/images/ui-bg_flat_55_fafafa_40x100.png HTTP/1.1" 404 1097
186.79.141.52 - - [31/Mar/2017:08:28:19 -0300] "GET /cormun/static/Shared/jqueryui/images/ui-icons_8d78a5_256x240.png HTTP/1.1" 404 1089
186.79.141.52 - - [31/Mar/2017:08:28:19 -0300] "GET /cormun/servlet/licenciaspermisosadjuntos?DLT,11433311,L,20170331000000,20170331092057, HTTP/1.1" 200 5651
186.79.141.52 - - [31/Mar/2017:08:28:24 -0300] "GET /cormun/PublicTempStorage/licencia_marcela_cardena1532889.pdf HTTP/1.1" 200 258906
186.79.141.52 - - [31/Mar/2017:08:28:33 -0300] "POST /cormun/servlet/licenciaspermisosadjuntos?6a27aaa90e6b2606689fa188afed1517,DLT,11433311,L,20170331000000,20170331092057,,gx-no-cache=1490963372725 HTTP/1.1" 200 90
186.79.141.52 - - [31/Mar/2017:08:28:34 -0300] "GET /cormun/servlet/hpexe_link HTTP/1.1" 200 1004
186.79.141.52 - - [31/Mar/2017:08:28:36 -0300] "GET /cormun/servlet/trlicenciaspermisosadjuntos?11433311,20170331000000,L, HTTP/1.1" 200 6926
186.79.141.52 - - [31/Mar/2017:08:28:39 -0300] "GET /cormun/servlet/trlicenciaspermisosadjuntos?11433311,20170331000000,L, HTTP/1.1" 200 6930
192.168.10.13 - - [31/Mar/2017:08:28:49 -0300] "GET / HTTP/1.1" 200 11217
186.79.141.52 - - [31/Mar/2017:08:29:04 -0300] "GET /cormun/servlet/trlicencias? HTTP/1.1" 200 8027
200.54.247.69 - - [31/Mar/2017:08:29:05 -0300] "GET /cormun/servlet/hlogin HTTP/1.1" 200 1726
186.79.141.52 - - [31/Mar/2017:08:29:07 -0300] "GET /cormun/servlet/trlicencias? HTTP/1.1" 200 8026
186.79.141.52 - - [31/Mar/2017:08:29:10 -0300] "GET /cormun/servlet/trlicenciaspermisosadjuntos?11433311,20170331000000,L, HTTP/1.1" 200 6926
186.79.141.52 - - [31/Mar/2017:08:29:12 -0300] "GET /cormun/servlet/trlicenciaspermisosadjuntos?11433311,20170331000000,L, HTTP/1.1" 200 6929
200.54.247.69 - - [31/Mar/2017:08:29:13 -0300] "POST /cormun/servlet/hlogin?12c976abd2173bbfc82926286f3b608d,gx-no-cache=1490959820455 HTTP/1.1" 200 90
200.54.247.69 - - [31/Mar/2017:08:29:13 -0300] "GET /cormun/servlet/hpexe_link HTTP/1.1" 200 953
200.54.247.69 - - [31/Mar/2017:08:29:13 -0300] "GET /cormun/static/gxcfg.js?201731711483381 HTTP/1.1" 304 -
200.54.247.69 - - [31/Mar/2017:08:29:13 -0300] "GET /cormun/servlet/hhome HTTP/1.1" 200 4012
200.54.247.69 - - [31/Mar/2017:08:29:13 -0300] "GET /cormun/static/gxcfg.js?201731711483497 HTTP/1.1" 304 -
200.54.247.69 - - [31/Mar/2017:08:29:13 -0300] "GET /cormun/servlet/hhome HTTP/1.1" 200 4009
186.79.141.52 - - [31/Mar/2017:08:29:17 -0300] "GET /cormun/servlet/trlicencias? HTTP/1.1" 200 8027
200.54.247.69 - - [31/Mar/2017:08:29:17 -0300] "GET /cormun/servlet/trpermisosgoce? HTTP/1.1" 200 10024
200.54.247.69 - - [31/Mar/2017:08:29:17 -0300] "GET /cormun/static/gxcfg.js?20173171154124 HTTP/1.1" 304 -
200.54.247.69 - - [31/Mar/2017:08:29:18 -0300] "GET /cormun/servlet/trpermisosgoce? HTTP/1.1" 200 10027
186.79.141.52 - - [31/Mar/2017:08:29:19 -0300] "GET /cormun/servlet/trlicencias? HTTP/1.1" 200 8026
186.79.141.52 - - [31/Mar/2017:08:29:26 -0300] "GET /cormun/servlet/licenciaspermisos?DSP,11433311,L,20170331000000, HTTP/1.1" 200 6989
200.54.247.69 - - [31/Mar/2017:08:29:27 -0300] "GET /cormun/servlet/permisogoce?INS,0,,, HTTP/1.1" 200 6784
200.54.247.69 - - [31/Mar/2017:08:29:27 -0300] "GET /cormun/static/gxcfg.js?201732911503726 HTTP/1.1" 200 953
200.54.247.69 - - [31/Mar/2017:08:29:27 -0300] "GET /cormun/static/permisogoce.js?201732911503774 HTTP/1.1" 200 26619
200.54.247.69 - - [31/Mar/2017:08:29:28 -0300] "GET /cormun/servlet/permisogoce?INS,0,,, HTTP/1.1" 200 6784
186.79.141.52 - - [31/Mar/2017:08:29:28 -0300] "GET /cormun/servlet/licenciaspermisos?DSP,11433311,L,20170331000000, HTTP/1.1" 200 6989
186.79.141.52 - - [31/Mar/2017:08:29:38 -0300] "GET /cormun/servlet/trlicencias? HTTP/1.1" 200 8027
186.79.141.52 - - [31/Mar/2017:08:29:40 -0300] "GET /cormun/servlet/trlicencias? HTTP/1.1" 200 8026
200.54.247.69 - - [31/Mar/2017:08:29:47 -0300] "GET /cormun/servlet/prfichaempleado?,MD,,gxPopupLevel%3D0%3B HTTP/1.1" 200 8842
200.54.247.69 - - [31/Mar/2017:08:29:47 -0300] "GET /cormun/static/gxcfg.js?2017319125415 HTTP/1.1" 304 -
186.79.141.52 - - [31/Mar/2017:08:29:47 -0300] "GET /cormun/servlet/alicenciaprn?11433311,L,20170331000000,PU HTTP/1.1" 200 1593
192.168.10.13 - - [31/Mar/2017:08:29:49 -0300] "GET / HTTP/1.1" 200 11217
200.54.247.69 - - [31/Mar/2017:08:29:59 -0300] "POST /cormun/servlet/prfichaempleado?12c976abd2173bbfc82926286f3b608d,,MD,,gxPopupLevel%3D0%3B,gx-no-cache=1490959866378 HTTP/1.1" 200 3515
200.54.247.69 - - [31/Mar/2017:08:30:03 -0300] "GET /cormun/servlet/permisogoce?10a4a958732a71d1140918bbc1b626112afe25705fa10109dc46bfbbdd770a6030245c461bf0012c681c150fcbfd7731,gx-no-cache=1490959871165 HTTP/1.1" 200 72
200.54.247.69 - - [31/Mar/2017:08:30:12 -0300] "GET /cormun/servlet/permisogoce?10a4a958732a71d1140918bbc1b62611b32a1e71bbe06ab54bfa2cb4aca1f7605ca7626941979eb748f9f4a4090faa983da11c01eae148371e4d2574c6898acd,gx-no-cache=1490959880251 HTTP/1.1" 200 47
186.79.141.52 - - [31/Mar/2017:08:30:20 -0300] "POST /cormun/servlet/trlicencias?6a27aaa90e6b2606689fa188afed1517,,gx-no-cache=1490963477831 HTTP/1.1" 200 4288
186.79.141.52 - - [31/Mar/2017:08:30:22 -0300] "GET /cormun/static/Shared/jqueryui/images/ui-bg_highlight-soft_100_c6c2c8_1x100.png HTTP/1.1" 404 1117
186.79.141.52 - - [31/Mar/2017:08:30:22 -0300] "GET /cormun/static/Shared/jqueryui/images/ui-icons_82798d_256x240.png HTTP/1.1" 404 1089
186.79.141.52 - - [31/Mar/2017:08:30:23 -0300] "GET /cormun/static/Shared/jqueryui/images/ui-bg_flat_55_fafafa_40x100.png HTTP/1.1" 404 1097
186.79.141.52 - - [31/Mar/2017:08:30:23 -0300] "GET /cormun/static/Shared/jqueryui/images/ui-icons_8d78a5_256x240.png HTTP/1.1" 404 1089
200.54.247.69 - - [31/Mar/2017:08:30:23 -0300] "POST /cormun/servlet/permisogoce?12c976abd2173bbfc82926286f3b608d,INS,0,,,,gx-no-cache=1490959890887 HTTP/1.1" 200 93
200.54.247.69 - - [31/Mar/2017:08:30:23 -0300] "GET /cormun/servlet/hpexe_return? HTTP/1.1" 200 1010
200.54.247.69 - - [31/Mar/2017:08:30:23 -0300] "GET /cormun/static/gxcfg.js?2016101716175148 HTTP/1.1" 304 -
200.54.247.69 - - [31/Mar/2017:08:30:24 -0300] "GET /cormun/servlet/trpermisosgoce HTTP/1.1" 200 10252
200.54.247.69 - - [31/Mar/2017:08:30:24 -0300] "GET /cormun/servlet/trpermisosgoce HTTP/1.1" 200 10248
200.54.247.69 - - [31/Mar/2017:08:30:29 -0300] "GET /cormun/servlet/trpermisosadjuntos?15807694,20170331092501,P, HTTP/1.1" 200 6323
200.54.247.69 - - [31/Mar/2017:08:30:29 -0300] "GET /cormun/static/gxcfg.js?201731711542659 HTTP/1.1" 200 953
200.54.247.69 - - [31/Mar/2017:08:30:29 -0300] "GET /cormun/static/trpermisosadjuntos.js?201731711542990 HTTP/1.1" 304 -
200.54.247.69 - - [31/Mar/2017:08:30:30 -0300] "GET /cormun/servlet/trpermisosadjuntos?15807694,20170331092501,P, HTTP/1.1" 200 6324
200.54.247.69 - - [31/Mar/2017:08:30:32 -0300] "GET /cormun/servlet/permisosadjuntos?INS,15807694,P,20170331092501,, HTTP/1.1" 200 5651
200.54.247.69 - - [31/Mar/2017:08:30:32 -0300] "GET /cormun/static/gxcfg.js?2016122813135788 HTTP/1.1" 200 953
200.54.247.69 - - [31/Mar/2017:08:30:32 -0300] "GET /cormun/static/permisosadjuntos.js?2016122813135797 HTTP/1.1" 304 -
200.54.247.69 - - [31/Mar/2017:08:30:32 -0300] "GET /cormun/static/about:blank HTTP/1.1" 404 1011
200.54.247.69 - - [31/Mar/2017:08:30:32 -0300] "GET /cormun/servlet/permisosadjuntos?INS,15807694,P,20170331092501,, HTTP/1.1" 200 5641
186.79.0.188 - - [31/Mar/2017:08:30:37 -0300] "GET /cormun/servlet/solicitudot?a69226cef3d6da4b92c97759fad7169ad70e51c2703d039d432eaa9b3472d3bc0b410e7bfe86f7b831ae2f85a86ac1c007a24d0dd435ef8e645a6559e5bf4dcc9cdf6dd39b3d01f9598437c36a14e6393e618e1487fae4bbcfd5cc83a111309f9882345362a1e6853712c0d1a2a998a128bf09bbaeac279b1e35e18030905f993f4ba086e25458e61b59f23a6afaa6703657c88cfe8a0e6f3e3e7aa1b9a1050826e46d79ad16c8758c368a690d947685,gx-no-cache=1490959901164 HTTP/1.1" 200 30
192.168.10.13 - - [31/Mar/2017:08:30:49 -0300] "GET / HTTP/1.1" 200 11217
200.54.247.69 - - [31/Mar/2017:08:30:54 -0300] "POST /cormun/servlet/permisosadjuntos?12c976abd2173bbfc82926286f3b608d,INS,15807694,P,20170331092501,, HTTP/1.1" 200 116
200.54.247.69 - - [31/Mar/2017:08:30:54 -0300] "GET /cormun/servlet/hpexe_return? HTTP/1.1" 200 1038
200.54.247.69 - - [31/Mar/2017:08:30:55 -0300] "GET /cormun/servlet/trpermisosadjuntos?15807694,20170331092501,P, HTTP/1.1" 200 6779
200.54.247.69 - - [31/Mar/2017:08:30:56 -0300] "GET /cormun/servlet/trpermisosadjuntos?15807694,20170331092501,P, HTTP/1.1" 200 6778
200.54.247.69 - - [31/Mar/2017:08:30:58 -0300] "POST /cormun/servlet/trpermisosadjuntos?12c976abd2173bbfc82926286f3b608d,15807694,20170331092501,P,,gx-no-cache=1490959925815 HTTP/1.1" 200 90
200.54.247.69 - - [31/Mar/2017:08:30:58 -0300] "GET /cormun/servlet/hpexe_link HTTP/1.1" 200 983
200.54.247.69 - - [31/Mar/2017:08:30:58 -0300] "GET /cormun/servlet/trpermisosgoce HTTP/1.1" 200 10250
200.54.247.69 - - [31/Mar/2017:08:30:59 -0300] "GET /cormun/servlet/trpermisosgoce HTTP/1.1" 200 10248
200.54.247.69 - - [31/Mar/2017:08:31:07 -0300] "POST /cormun/servlet/trpermisosgoce?12c976abd2173bbfc82926286f3b608d,gx-no-cache=1490959934697 HTTP/1.1" 200 7560
192.168.10.13 - - [31/Mar/2017:08:31:49 -0300] "GET / HTTP/1.1" 200 11217
192.168.10.13 - - [31/Mar/2017:08:32:49 -0300] "GET / HTTP/1.1" 200 11217
192.168.10.13 - - [31/Mar/2017:08:33:49 -0300] "GET / HTTP/1.1" 200 11217
186.79.0.188 - - [31/Mar/2017:08:33:55 -0300] "POST /cormun/servlet/solicitudot?gx-no-cache=1490960099357 HTTP/1.1" 200 30
186.79.0.188 - - [31/Mar/2017:08:34:06 -0300] "GET /cormun/servlet/prcontratosol?18615546,,,,,MD,,gxPopupLevel%3D0%3B HTTP/1.1" 200 5943
186.79.0.188 - - [31/Mar/2017:08:34:06 -0300] "GET /cormun/static/gxcfg.js?201731711522183 HTTP/1.1" 200 953
186.79.0.188 - - [31/Mar/2017:08:34:06 -0300] "GET /cormun/static/prcontratosol.js?201731711522419 HTTP/1.1" 200 14084
186.79.0.188 - - [31/Mar/2017:08:34:06 -0300] "GET /cormun/static/Resources/PXToolsGridFirst.gif HTTP/1.1" 200 379
186.79.0.188 - - [31/Mar/2017:08:34:06 -0300] "GET /cormun/static/Resources/PXToolsGridPrevious.gif HTTP/1.1" 200 369
186.79.0.188 - - [31/Mar/2017:08:34:10 -0300] "POST /cormun/servlet/solicitudot?gx-no-cache=1490960113701 HTTP/1.1" 200 1293
186.79.0.188 - - [31/Mar/2017:08:34:10 -0300] "POST /cormun/servlet/solicitudot?gx-no-cache=1490960114313 HTTP/1.1" 200 41
186.79.0.188 - - [31/Mar/2017:08:34:10 -0300] "POST /cormun/servlet/solicitudot?gx-no-cache=1490960114427 HTTP/1.1" 200 1275
186.79.0.188 - - [31/Mar/2017:08:34:10 -0300] "POST /cormun/servlet/solicitudot?gx-no-cache=1490960114643 HTTP/1.1" 200 1158
192.168.10.13 - - [31/Mar/2017:08:34:49 -0300] "GET / HTTP/1.1" 200 11217
186.79.0.188 - - [31/Mar/2017:08:34:51 -0300] "POST /cormun/servlet/solicitudot?gx-no-cache=1490960155273 HTTP/1.1" 200 1274
186.79.0.188 - - [31/Mar/2017:08:34:51 -0300] "POST /cormun/servlet/solicitudot?gx-no-cache=1490960155656 HTTP/1.1" 200 1158
186.79.0.188 - - [31/Mar/2017:08:34:51 -0300] "GET /cormun/servlet/solicitudot?a69226cef3d6da4b92c97759fad7169ad70e51c2703d039d432eaa9b3472d3bc49aae4dad5f16cca43ad76d809c617d4ef8fda6d83a3baf697e962f2e4066fd6a95792ce94f932de6cb35dfb99e7b2f94427aca6fc014b98f6bedb61154ac7c77f2cefea61e92ed35db191cea1dac8237f739cd861963a6e07b94a1a1a896313b11588b16867888b0e178e7219d1400816987d2087215c572cf50c13cde498c9c0d0c43c3cb2ef8f94079db62fca0fbd,gx-no-cache=1490960155867 HTTP/1.1" 200 30
186.79.0.188 - - [31/Mar/2017:08:35:35 -0300] "GET /cormun/static/menuarrow.gif HTTP/1.1" 404 1015
192.168.10.13 - - [31/Mar/2017:08:35:49 -0300] "GET / HTTP/1.1" 200 11217
186.79.0.188 - - [31/Mar/2017:08:35:52 -0300] "GET /cormun/servlet/solicitudot?a69226cef3d6da4b92c97759fad7169ad70e51c2703d039d432eaa9b3472d3bc49aae4dad5f16cca43ad76d809c617d46ba0adf1d8c42900b04aa57a35f5e81da95792ce94f932de6cb35dfb99e7b2f94427aca6fc014b98f6bedb61154ac7c77f2cefea61e92ed35db191cea1dac8237f739cd861963a6e07b94a1a1a896313b11588b16867888b0e178e7219d1400816987d2087215c572cf50c13cde498c9c0d0c43c3cb2ef8f94079db62fca0fbd,gx-no-cache=1490960216545 HTTP/1.1" 200 30
186.79.0.188 - - [31/Mar/2017:08:35:53 -0300] "POST /cormun/servlet/solicitudot?d8e8544c6285f8c3e66ad61f363b3b6e,INS,0,0,,gx-no-cache=1490960216718 HTTP/1.1" 200 93
186.79.0.188 - - [31/Mar/2017:08:35:53 -0300] "GET /cormun/servlet/hpexe_return? HTTP/1.1" 200 996
186.79.0.188 - - [31/Mar/2017:08:35:53 -0300] "GET /cormun/static/gxcfg.js?2016101716175148 HTTP/1.1" 200 953
186.79.0.188 - - [31/Mar/2017:08:35:53 -0300] "GET /cormun/static/hpexe_return.js?2016101716175153 HTTP/1.1" 200 1633
186.79.0.188 - - [31/Mar/2017:08:35:53 -0300] "GET /cormun/static/Resources/Spanish/PXTools.css?167811 HTTP/1.1" 200 89042
186.79.0.188 - - [31/Mar/2017:08:35:53 -0300] "GET /cormun/servlet/trsolicitudot HTTP/1.1" 200 8245
186.79.0.188 - - [31/Mar/2017:08:35:54 -0300] "GET /cormun//static/Resources/PXToolsActionView.png HTTP/1.1" 200 2995
186.79.0.188 - - [31/Mar/2017:08:35:54 -0300] "GET /cormun//static/Resources/PXToolsGridUpdate.png HTTP/1.1" 200 2984
186.79.0.188 - - [31/Mar/2017:08:35:54 -0300] "GET /cormun//static/Resources/PXToolsGridDelete.png HTTP/1.1" 200 357
186.79.0.188 - - [31/Mar/2017:08:35:54 -0300] "GET /cormun/servlet/trsolicitudot HTTP/1.1" 200 8241
186.79.0.188 - - [31/Mar/2017:08:35:54 -0300] "GET /cormun//static/Resources/PXToolsRemoveAllAction.png HTTP/1.1" 200 3558
186.79.0.188 - - [31/Mar/2017:08:35:54 -0300] "GET /cormun//static/Resources/PXTools/ActionInsert.png HTTP/1.1" 200 1482
186.79.0.188 - - [31/Mar/2017:08:35:59 -0300] "POST /cormun/servlet/trsolicitudot?d8e8544c6285f8c3e66ad61f363b3b6e,gx-no-cache=1490960223535 HTTP/1.1" 200 5448
186.79.0.188 - - [31/Mar/2017:08:35:59 -0300] "GET /cormun/static/Shared/jqueryui/images/ui-icons_82798d_256x240.png HTTP/1.1" 404 1089
186.79.0.188 - - [31/Mar/2017:08:35:59 -0300] "GET /cormun/static/Shared/jqueryui/images/ui-bg_highlight-soft_100_c6c2c8_1x100.png HTTP/1.1" 404 1117
186.79.0.188 - - [31/Mar/2017:08:35:59 -0300] "GET /cormun/static/Shared/jqueryui/images/ui-bg_flat_55_fafafa_40x100.png HTTP/1.1" 404 1097
186.79.0.188 - - [31/Mar/2017:08:35:59 -0300] "GET /cormun/static/Shared/jqueryui/images/ui-icons_8d78a5_256x240.png HTTP/1.1" 404 1089
192.168.10.96 - - [31/Mar/2017:08:36:06 -0300] "GET /cormun/servlet/hlogin HTTP/1.1" 200 1722
186.79.0.188 - - [31/Mar/2017:08:36:07 -0300] "POST /cormun/servlet/trsolicitudot?d8e8544c6285f8c3e66ad61f363b3b6e,gx-no-cache=1490960231048 HTTP/1.1" 200 4333
186.79.0.188 - - [31/Mar/2017:08:36:07 -0300] "POST /cormun/servlet/trsolicitudot?d8e8544c6285f8c3e66ad61f363b3b6e,gx-no-cache=1490960231622 HTTP/1.1" 200 4107
192.168.10.96 - - [31/Mar/2017:08:36:12 -0300] "POST /cormun/servlet/hlogin?9eb1160ccceb10bad97de2abc9dfb65d,gx-no-cache=1490963450750 HTTP/1.1" 200 427
186.79.0.188 - - [31/Mar/2017:08:36:16 -0300] "POST /cormun/servlet/trsolicitudot?d8e8544c6285f8c3e66ad61f363b3b6e,gx-no-cache=1490960240107 HTTP/1.1" 200 5431
192.168.10.96 - - [31/Mar/2017:08:36:21 -0300] "POST /cormun/servlet/hlogin?9eb1160ccceb10bad97de2abc9dfb65d,gx-no-cache=1490963459550 HTTP/1.1" 200 90
192.168.10.96 - - [31/Mar/2017:08:36:21 -0300] "GET /cormun/servlet/hpexe_link HTTP/1.1" 200 979
192.168.10.96 - - [31/Mar/2017:08:36:21 -0300] "GET /cormun/servlet/vesolicitudnombre?2017,5146,,SolicitudOTAdjuntos HTTP/1.1" 200 9526
192.168.10.96 - - [31/Mar/2017:08:36:21 -0300] "GET /cormun/pexe_scrolldiv.js HTTP/1.1" 404 1009
192.168.10.96 - - [31/Mar/2017:08:36:22 -0300] "GET /cormun/pexe_scrolldiv.js HTTP/1.1" 404 1009
192.168.10.96 - - [31/Mar/2017:08:36:22 -0300] "GET /cormun/servlet/vesolicitudnombre?2017,5146,,SolicitudOTAdjuntos HTTP/1.1" 200 9526
186.79.0.188 - - [31/Mar/2017:08:36:23 -0300] "GET /cormun/servlet/trautorizarsolicitud? HTTP/1.1" 200 8169
192.168.10.96 - - [31/Mar/2017:08:36:23 -0300] "POST /cormun/servlet/acontrolpreferencessavestate?None,DZAMUDIO,true HTTP/1.1" 200 35
186.79.0.188 - - [31/Mar/2017:08:36:23 -0300] "GET /cormun/static/gxcfg.js?2017259112829 HTTP/1.1" 200 953
186.79.0.188 - - [31/Mar/2017:08:36:23 -0300] "GET /cormun/static/gxui/gxui-all.css?120300 HTTP/1.1" 200 2179
186.79.0.188 - - [31/Mar/2017:08:36:24 -0300] "GET /cormun/static/trautorizarsolicitud.js?2017259113483 HTTP/1.1" 200 53096
192.168.10.96 - - [31/Mar/2017:08:36:25 -0300] "GET /cormun/servlet/trsolicitudgral? HTTP/1.1" 200 24866
192.168.10.96 - - [31/Mar/2017:08:36:26 -0300] "GET /cormun/servlet/trsolicitudgral? HTTP/1.1" 200 24849
186.79.0.188 - - [31/Mar/2017:08:36:26 -0300] "GET /cormun/static/Shared/ext/resources/css/ext-all.css?215870 HTTP/1.1" 200 416045
186.79.0.188 - - [31/Mar/2017:08:36:26 -0300] "GET /cormun/servlet/trautorizarsolicitud? HTTP/1.1" 200 8169
192.168.10.96 - - [31/Mar/2017:08:36:44 -0300] "POST /cormun/servlet/trsolicitudgral?9eb1160ccceb10bad97de2abc9dfb65d,,gx-no-cache=1490963482051 HTTP/1.1" 200 5491
192.168.10.13 - - [31/Mar/2017:08:36:49 -0300] "GET / HTTP/1.1" 200 11217
192.168.10.96 - - [31/Mar/2017:08:36:55 -0300] "POST /cormun/servlet/trsolicitudgral?9eb1160ccceb10bad97de2abc9dfb65d,,gx-no-cache=1490963493754 HTTP/1.1" 200 6761
192.168.10.96 - - [31/Mar/2017:08:36:59 -0300] "POST /cormun/servlet/trsolicitudgral?9eb1160ccceb10bad97de2abc9dfb65d,,gx-no-cache=1490963497201 HTTP/1.1" 200 7552
192.168.10.96 - - [31/Mar/2017:08:37:03 -0300] "POST /cormun/servlet/trsolicitudgral?9eb1160ccceb10bad97de2abc9dfb65d,,gx-no-cache=1490963501517 HTTP/1.1" 200 5491
192.168.10.96 - - [31/Mar/2017:08:37:07 -0300] "POST /cormun/servlet/trsolicitudgral?9eb1160ccceb10bad97de2abc9dfb65d,,gx-no-cache=1490963505018 HTTP/1.1" 200 5491
192.168.10.96 - - [31/Mar/2017:08:37:09 -0300] "POST /cormun/servlet/trsolicitudgral?9eb1160ccceb10bad97de2abc9dfb65d,,gx-no-cache=1490963507593 HTTP/1.1" 200 7305
192.168.10.96 - - [31/Mar/2017:08:37:13 -0300] "POST /cormun/servlet/trsolicitudgral?9eb1160ccceb10bad97de2abc9dfb65d,,gx-no-cache=1490963511630 HTTP/1.1" 200 5494
192.168.10.96 - - [31/Mar/2017:08:37:17 -0300] "POST /cormun/servlet/trsolicitudgral?9eb1160ccceb10bad97de2abc9dfb65d,,gx-no-cache=1490963514999 HTTP/1.1" 200 7222
192.168.10.96 - - [31/Mar/2017:08:37:22 -0300] "POST /cormun/servlet/trsolicitudgral?9eb1160ccceb10bad97de2abc9dfb65d,,gx-no-cache=1490963519999 HTTP/1.1" 200 14327
192.168.10.96 - - [31/Mar/2017:08:37:30 -0300] "POST /cormun/servlet/trsolicitudgral?9eb1160ccceb10bad97de2abc9dfb65d,,gx-no-cache=1490963528280 HTTP/1.1" 200 5493
192.168.10.96 - - [31/Mar/2017:08:37:34 -0300] "POST /cormun/servlet/trsolicitudgral?9eb1160ccceb10bad97de2abc9dfb65d,,gx-no-cache=1490963532023 HTTP/1.1" 200 5493
192.168.10.96 - - [31/Mar/2017:08:37:46 -0300] "POST /cormun/servlet/trsolicitudgral?9eb1160ccceb10bad97de2abc9dfb65d,,gx-no-cache=1490963544322 HTTP/1.1" 200 6762
192.168.10.13 - - [31/Mar/2017:08:37:49 -0300] "GET / HTTP/1.1" 200 11217
192.168.10.96 - - [31/Mar/2017:08:37:49 -0300] "POST /cormun/servlet/trsolicitudgral?9eb1160ccceb10bad97de2abc9dfb65d,,gx-no-cache=1490963547345 HTTP/1.1" 200 7553
186.79.0.188 - - [31/Mar/2017:08:37:53 -0300] "POST /cormun/servlet/trautorizarsolicitud?d8e8544c6285f8c3e66ad61f363b3b6e,,gx-no-cache=1490960336965 HTTP/1.1" 200 4309
186.79.0.188 - - [31/Mar/2017:08:37:53 -0300] "GET /cormun/static/Shared/jqueryui/images/ui-bg_highlight-soft_100_c6c2c8_1x100.png HTTP/1.1" 404 1117
186.79.0.188 - - [31/Mar/2017:08:37:53 -0300] "GET /cormun/static/Shared/jqueryui/images/ui-bg_flat_55_fafafa_40x100.png HTTP/1.1" 404 1097
186.79.0.188 - - [31/Mar/2017:08:37:53 -0300] "GET /cormun/static/Shared/jqueryui/images/ui-icons_8d78a5_256x240.png HTTP/1.1" 404 1089
186.79.0.188 - - [31/Mar/2017:08:37:53 -0300] "GET /cormun/static/Shared/jqueryui/images/ui-icons_82798d_256x240.png HTTP/1.1" 404 1089
186.79.0.188 - - [31/Mar/2017:08:37:53 -0300] "POST /cormun/servlet/trautorizarsolicitud?d8e8544c6285f8c3e66ad61f363b3b6e,,gx-no-cache=1490960337604 HTTP/1.1" 200 4084
192.168.10.96 - - [31/Mar/2017:08:37:59 -0300] "POST /cormun/servlet/trsolicitudgral?9eb1160ccceb10bad97de2abc9dfb65d,,gx-no-cache=1490963557441 HTTP/1.1" 200 7559
186.79.0.188 - - [31/Mar/2017:08:38:00 -0300] "GET /cormun/servlet/hlogin HTTP/1.1" 200 1735
192.168.10.96 - - [31/Mar/2017:08:38:02 -0300] "POST /cormun/servlet/trsolicitudgral?9eb1160ccceb10bad97de2abc9dfb65d,,gx-no-cache=1490963560353 HTTP/1.1" 200 14728
192.168.10.96 - - [31/Mar/2017:08:38:17 -0300] "POST /cormun/servlet/trsolicitudgral?9eb1160ccceb10bad97de2abc9dfb65d,,gx-no-cache=1490963574986 HTTP/1.1" 200 5493
192.168.10.96 - - [31/Mar/2017:08:38:20 -0300] "POST /cormun/servlet/trsolicitudgral?9eb1160ccceb10bad97de2abc9dfb65d,,gx-no-cache=1490963578095 HTTP/1.1" 200 5493
192.168.10.96 - - [31/Mar/2017:08:38:23 -0300] "POST /cormun/servlet/trsolicitudgral?9eb1160ccceb10bad97de2abc9dfb65d,,gx-no-cache=1490963581313 HTTP/1.1" 200 5495
200.54.247.69 - - [31/Mar/2017:08:38:23 -0300] "GET /cormun/servlet/permisogoce?INS,0,,, HTTP/1.1" 200 6784
200.54.247.69 - - [31/Mar/2017:08:38:24 -0300] "GET /cormun/servlet/permisogoce?INS,0,,, HTTP/1.1" 200 6784
192.168.10.96 - - [31/Mar/2017:08:38:26 -0300] "POST /cormun/servlet/trsolicitudgral?9eb1160ccceb10bad97de2abc9dfb65d,,gx-no-cache=1490963584303 HTTP/1.1" 200 7227
192.168.10.96 - - [31/Mar/2017:08:38:30 -0300] "POST /cormun/servlet/trsolicitudgral?9eb1160ccceb10bad97de2abc9dfb65d,,gx-no-cache=1490963587512 HTTP/1.1" 200 21640
200.54.247.69 - - [31/Mar/2017:08:38:36 -0300] "GET /cormun/servlet/prfichaempleado?,MD,,gxPopupLevel%3D0%3B HTTP/1.1" 200 8842
192.168.10.96 - - [31/Mar/2017:08:38:48 -0300] "POST /cormun/servlet/trsolicitudgral?9eb1160ccceb10bad97de2abc9dfb65d,,gx-no-cache=1490963606339 HTTP/1.1" 200 7227
200.54.247.69 - - [31/Mar/2017:08:38:48 -0300] "POST /cormun/servlet/prfichaempleado?12c976abd2173bbfc82926286f3b608d,,MD,,gxPopupLevel%3D0%3B,gx-no-cache=1490960395828 HTTP/1.1" 200 3407
192.168.10.13 - - [31/Mar/2017:08:38:49 -0300] "GET / HTTP/1.1" 200 11217
192.168.10.96 - - [31/Mar/2017:08:38:56 -0300] "POST /cormun/servlet/trsolicitudgral?9eb1160ccceb10bad97de2abc9dfb65d,,gx-no-cache=1490963614408 HTTP/1.1" 200 14728
200.54.247.69 - - [31/Mar/2017:08:39:06 -0300] "GET /cormun/servlet/permisogoce?10a4a958732a71d1140918bbc1b626113e270e28a21154a358781d9e0d5f849b30245c461bf0012c681c150fcbfd7731,gx-no-cache=1490960413675 HTTP/1.1" 200 72
200.54.247.69 - - [31/Mar/2017:08:39:15 -0300] "GET /cormun/servlet/permisogoce?10a4a958732a71d1140918bbc1b62611f242acff94969e5d932b3e22a32a4c643ba5ea00b6ff22816b7c55eb97ec8d7b3da11c01eae148371e4d2574c6898acd,gx-no-cache=1490960423260 HTTP/1.1" 200 47
200.54.247.69 - - [31/Mar/2017:08:39:29 -0300] "POST /cormun/servlet/permisogoce?12c976abd2173bbfc82926286f3b608d,INS,0,,,,gx-no-cache=1490960436188 HTTP/1.1" 200 93
200.54.247.69 - - [31/Mar/2017:08:39:29 -0300] "GET /cormun/servlet/hpexe_return? HTTP/1.1" 200 1033
200.54.247.69 - - [31/Mar/2017:08:39:29 -0300] "GET /cormun/servlet/trpermisosgoce?gx-no-cache=1490959934697 HTTP/1.1" 200 10459
200.54.247.69 - - [31/Mar/2017:08:39:30 -0300] "GET /cormun/servlet/trpermisosgoce?gx-no-cache=1490959934697 HTTP/1.1" 200 10485
200.54.247.69 - - [31/Mar/2017:08:39:30 -0300] "GET /favicon.ico HTTP/1.1" 200 21630
200.54.247.69 - - [31/Mar/2017:08:39:33 -0300] "GET /cormun/servlet/trpermisosadjuntos?19084120,20170331093406,P, HTTP/1.1" 200 6348
200.54.247.69 - - [31/Mar/2017:08:39:34 -0300] "GET /cormun/servlet/trpermisosadjuntos?19084120,20170331093406,P, HTTP/1.1" 200 6327
200.54.247.69 - - [31/Mar/2017:08:39:35 -0300] "GET /cormun/servlet/permisosadjuntos?INS,19084120,P,20170331093406,, HTTP/1.1" 200 5655
200.54.247.69 - - [31/Mar/2017:08:39:36 -0300] "GET /cormun/static/about:blank HTTP/1.1" 404 1011
200.54.247.69 - - [31/Mar/2017:08:39:36 -0300] "GET /cormun/servlet/permisosadjuntos?INS,19084120,P,20170331093406,, HTTP/1.1" 200 5644
192.168.10.13 - - [31/Mar/2017:08:39:49 -0300] "GET / HTTP/1.1" 200 11217
186.103.159.44 - - [31/Mar/2017:08:39:49 -0300] "GET /cormun/servlet/hlogin HTTP/1.1" 200 1718
186.103.159.44 - - [31/Mar/2017:08:39:50 -0300] "GET /cormun/static/Resources/Spanish/PXTools.css?11294912 HTTP/1.1" 304 -
186.103.159.44 - - [31/Mar/2017:08:39:50 -0300] "GET /cormun/static/gxcfg.js?201731711485472 HTTP/1.1" 304 -
186.103.159.44 - - [31/Mar/2017:08:39:50 -0300] "GET /cormun/static/messages.spa.js?85251 HTTP/1.1" 304 -
186.103.159.44 - - [31/Mar/2017:08:39:50 -0300] "GET /cormun/static/hlogin.js?201731711485490 HTTP/1.1" 304 -
200.54.247.69 - - [31/Mar/2017:08:39:53 -0300] "POST /cormun/servlet/permisosadjuntos?12c976abd2173bbfc82926286f3b608d,INS,19084120,P,20170331093406,, HTTP/1.1" 200 116
200.54.247.69 - - [31/Mar/2017:08:39:53 -0300] "GET /cormun/servlet/hpexe_return? HTTP/1.1" 200 1038
200.54.247.69 - - [31/Mar/2017:08:39:54 -0300] "GET /cormun/servlet/trpermisosadjuntos?19084120,20170331093406,P, HTTP/1.1" 200 6787
200.54.247.69 - - [31/Mar/2017:08:39:55 -0300] "GET /cormun/servlet/trpermisosadjuntos?19084120,20170331093406,P, HTTP/1.1" 200 6784
200.54.247.69 - - [31/Mar/2017:08:39:59 -0300] "POST /cormun/servlet/trpermisosadjuntos?12c976abd2173bbfc82926286f3b608d,19084120,20170331093406,P,,gx-no-cache=1490960466458 HTTP/1.1" 200 90
200.54.247.69 - - [31/Mar/2017:08:39:59 -0300] "GET /cormun/servlet/hpexe_link HTTP/1.1" 200 1005
200.54.247.69 - - [31/Mar/2017:08:39:59 -0300] "GET /cormun/servlet/trpermisosgoce?gx-no-cache=1490959934697 HTTP/1.1" 200 10460
200.54.247.69 - - [31/Mar/2017:08:40:00 -0300] "GET /cormun/servlet/trpermisosgoce?gx-no-cache=1490959934697 HTTP/1.1" 200 10487
200.54.247.69 - - [31/Mar/2017:08:40:05 -0300] "POST /cormun/servlet/trpermisosgoce?12c976abd2173bbfc82926286f3b608d,gx-no-cache=1490959934697,gx-no-cache=1490960472453 HTTP/1.1" 200 7765
186.103.159.44 - - [31/Mar/2017:08:40:05 -0300] "POST /cormun/servlet/hlogin?1339035ee877392a3b08245947c71eff,gx-no-cache=1490960464413 HTTP/1.1" 200 90
186.103.159.44 - - [31/Mar/2017:08:40:05 -0300] "GET /cormun/servlet/hpexe_link HTTP/1.1" 200 946
186.103.159.44 - - [31/Mar/2017:08:40:05 -0300] "GET /cormun/static/gxcfg.js?201731711483381 HTTP/1.1" 304 -
186.103.159.44 - - [31/Mar/2017:08:40:05 -0300] "GET /cormun/static/hpexe_link.js?201731711483384 HTTP/1.1" 304 -
186.103.159.44 - - [31/Mar/2017:08:40:06 -0300] "GET /cormun/servlet/hhome HTTP/1.1" 200 3774
186.103.159.44 - - [31/Mar/2017:08:40:06 -0300] "GET /cormun/static/gxcfg.js?201731711483497 HTTP/1.1" 304 -
186.103.159.44 - - [31/Mar/2017:08:40:07 -0300] "GET /cormun/static/hhome.js?20173171148352 HTTP/1.1" 304 -
186.103.159.44 - - [31/Mar/2017:08:40:07 -0300] "GET /cormun/static/hwchdr01.js?201731711335950 HTTP/1.1" 304 -
186.103.159.44 - - [31/Mar/2017:08:40:07 -0300] "GET /cormun/static/hpexe_recentlink.js?201610171694390 HTTP/1.1" 304 -
186.103.159.44 - - [31/Mar/2017:08:40:07 -0300] "GET /cormun/static/hpexe_scripts.js?201731711335890 HTTP/1.1" 304 -
186.103.159.44 - - [31/Mar/2017:08:40:07 -0300] "GET /cormun/static/hpexe_messagecontroller.js?201610171694323 HTTP/1.1" 304 -
186.103.159.44 - - [31/Mar/2017:08:40:07 -0300] "GET /cormun/static/hpexe_messagepopupcomponent.js?20161017169425 HTTP/1.1" 304 -
186.103.159.44 - - [31/Mar/2017:08:40:07 -0300] "GET /cormun/static/hpexe_messagegenexuscomponent.js?201731711335537 HTTP/1.1" 304 -
186.103.159.44 - - [31/Mar/2017:08:40:07 -0300] "GET /cormun/static/cmcontrolpreferences.js?201731711335852 HTTP/1.1" 304 -
186.103.159.44 - - [31/Mar/2017:08:40:07 -0300] "GET /cormun/static/hmpwkw03.js?201731711485354 HTTP/1.1" 304 -
186.103.159.44 - - [31/Mar/2017:08:40:11 -0300] "GET /cormun/servlet/trsolicitudot? HTTP/1.1" 200 7984
186.103.159.44 - - [31/Mar/2017:08:40:11 -0300] "GET /cormun/static/gxcfg.js?201731711505139 HTTP/1.1" 304 -
186.103.159.44 - - [31/Mar/2017:08:40:11 -0300] "GET /cormun/static/trsolicitudot.js?20173171151116 HTTP/1.1" 304 -
186.103.159.44 - - [31/Mar/2017:08:40:17 -0300] "GET /cormun/static/menuarrow.gif HTTP/1.1" 404 1015
186.103.159.44 - - [31/Mar/2017:08:40:26 -0300] "POST /cormun/servlet/trsolicitudot?1339035ee877392a3b08245947c71eff,,gx-no-cache=1490960485504 HTTP/1.1" 200 13453
192.168.10.13 - - [31/Mar/2017:08:40:49 -0300] "GET / HTTP/1.1" 200 11217
192.168.10.96 - - [31/Mar/2017:08:40:57 -0300] "POST /cormun/servlet/trsolicitudgral?9eb1160ccceb10bad97de2abc9dfb65d,,gx-no-cache=1490963734981 HTTP/1.1" 200 5493
192.168.10.96 - - [31/Mar/2017:08:41:04 -0300] "POST /cormun/servlet/trsolicitudgral?9eb1160ccceb10bad97de2abc9dfb65d,,gx-no-cache=1490963742083 HTTP/1.1" 200 5495
192.168.10.96 - - [31/Mar/2017:08:41:07 -0300] "POST /cormun/servlet/trsolicitudgral?9eb1160ccceb10bad97de2abc9dfb65d,,gx-no-cache=1490963745713 HTTP/1.1" 200 7227
192.168.10.96 - - [31/Mar/2017:08:41:16 -0300] "POST /cormun/servlet/trsolicitudgral?9eb1160ccceb10bad97de2abc9dfb65d,,gx-no-cache=1490963753282 HTTP/1.1" 200 21641
186.103.159.44 - - [31/Mar/2017:08:41:18 -0300] "POST /cormun/servlet/trsolicitudot?1339035ee877392a3b08245947c71eff,,gx-no-cache=1490960536700 HTTP/1.1" 200 13179
186.103.159.44 - - [31/Mar/2017:08:41:21 -0300] "POST /cormun/servlet/trsolicitudot?1339035ee877392a3b08245947c71eff,,gx-no-cache=1490960539649 HTTP/1.1" 200 13117
186.103.159.44 - - [31/Mar/2017:08:41:23 -0300] "GET /cormun/static/Shared/jqueryui/images/ui-bg_flat_55_fafafa_40x100.png HTTP/1.1" 404 1097
186.103.159.44 - - [31/Mar/2017:08:41:23 -0300] "GET /cormun/static/Shared/jqueryui/images/ui-bg_highlight-soft_100_c6c2c8_1x100.png HTTP/1.1" 404 1117
186.103.159.44 - - [31/Mar/2017:08:41:23 -0300] "GET /cormun/static/Shared/jqueryui/images/ui-icons_82798d_256x240.png HTTP/1.1" 404 1089
186.103.159.44 - - [31/Mar/2017:08:41:23 -0300] "GET /cormun/static/Shared/jqueryui/images/ui-icons_8d78a5_256x240.png HTTP/1.1" 404 1089
192.168.10.96 - - [31/Mar/2017:08:41:33 -0300] "POST /cormun/servlet/trsolicitudgral?9eb1160ccceb10bad97de2abc9dfb65d,,gx-no-cache=1490963771154 HTTP/1.1" 200 5494
192.168.10.96 - - [31/Mar/2017:08:41:35 -0300] "POST /cormun/servlet/trsolicitudgral?9eb1160ccceb10bad97de2abc9dfb65d,,gx-no-cache=1490963773557 HTTP/1.1" 200 5493
192.168.10.96 - - [31/Mar/2017:08:41:41 -0300] "POST /cormun/servlet/trsolicitudgral?9eb1160ccceb10bad97de2abc9dfb65d,,gx-no-cache=1490963778628 HTTP/1.1" 200 21640
192.168.10.13 - - [31/Mar/2017:08:41:49 -0300] "GET / HTTP/1.1" 200 11217
192.168.10.96 - - [31/Mar/2017:08:42:18 -0300] "POST /cormun/servlet/trsolicitudgral?9eb1160ccceb10bad97de2abc9dfb65d,,gx-no-cache=1490963816147 HTTP/1.1" 200 14399
157.55.39.146 - - [31/Mar/2017:08:42:45 -0300] "GET /cormun/static/PXToolsJavascripts/pexe_tabdivfix.js HTTP/1.1" 200 876
40.77.167.67 - - [31/Mar/2017:08:42:45 -0300] "GET /cormun/static/gxgral.js?85251 HTTP/1.1" 200 384558
157.55.39.146 - - [31/Mar/2017:08:42:45 -0300] "GET /cormun/static/PXToolsJavascripts/pexe_menudivfix.js HTTP/1.1" 200 333
157.55.39.146 - - [31/Mar/2017:08:42:47 -0300] "GET /cormun/static/Shared/ext/resources/css/ext-all.css?205870 HTTP/1.1" 200 416045
157.55.39.146 - - [31/Mar/2017:08:42:48 -0300] "GET /cormun/static/gxcfg.js?201731711504543 HTTP/1.1" 200 953
157.55.39.146 - - [31/Mar/2017:08:42:48 -0300] "GET /cormun/static/gxdec.js?85251 HTTP/1.1" 200 19579
192.168.10.13 - - [31/Mar/2017:08:42:49 -0300] "GET / HTTP/1.1" 200 11217
192.168.10.96 - - [31/Mar/2017:08:42:50 -0300] "POST /cormun/servlet/trsolicitudgral?9eb1160ccceb10bad97de2abc9dfb65d,,gx-no-cache=1490963847911 HTTP/1.1" 200 14399
207.46.13.242 - - [31/Mar/2017:08:42:57 -0300] "GET /cormun/static/Shared/ext/ext-all.js HTTP/1.1" 200 1289687
192.168.10.13 - - [31/Mar/2017:08:43:49 -0300] "GET / HTTP/1.1" 200 11217
192.168.10.13 - - [31/Mar/2017:08:44:49 -0300] "GET / HTTP/1.1" 200 11217
186.103.159.44 - - [31/Mar/2017:08:45:38 -0300] "GET /cormun/servlet/hlogin HTTP/1.1" 200 1722
192.168.10.13 - - [31/Mar/2017:08:45:49 -0300] "GET / HTTP/1.1" 200 11217
186.103.159.44 - - [31/Mar/2017:08:46:29 -0300] "GET /cormun/servlet/hlogin HTTP/1.1" 200 1722
186.103.159.44 - - [31/Mar/2017:08:46:48 -0300] "POST /cormun/servlet/hlogin?97c44463130e9333b9c368eb94febf20,gx-no-cache=1490960867513 HTTP/1.1" 200 90
186.103.159.44 - - [31/Mar/2017:08:46:48 -0300] "GET /cormun/servlet/hpexe_link HTTP/1.1" 200 953
192.168.10.13 - - [31/Mar/2017:08:46:49 -0300] "GET / HTTP/1.1" 200 11217
186.103.159.44 - - [31/Mar/2017:08:46:49 -0300] "GET /cormun/servlet/hhome HTTP/1.1" 200 3913
186.103.159.44 - - [31/Mar/2017:08:46:54 -0300] "GET /cormun/servlet/trautorizarsolicitud? HTTP/1.1" 200 8944
186.103.159.44 - - [31/Mar/2017:08:46:54 -0300] "GET /cormun/static/Resources/Spanish/PXTools.css?18365030 HTTP/1.1" 304 -
186.103.159.44 - - [31/Mar/2017:08:46:54 -0300] "GET /cormun/static/gxcfg.js?2017259112829 HTTP/1.1" 304 -
186.103.159.44 - - [31/Mar/2017:08:47:06 -0300] "GET /cormun/static/menuarrow.gif HTTP/1.1" 404 1015
186.103.159.44 - - [31/Mar/2017:08:47:17 -0300] "POST /cormun/servlet/trautorizarsolicitud?97c44463130e9333b9c368eb94febf20,,gx-no-cache=1490960896432 HTTP/1.1" 200 6613
192.168.10.13 - - [31/Mar/2017:08:47:49 -0300] "GET / HTTP/1.1" 200 11217
186.103.159.44 - - [31/Mar/2017:08:48:20 -0300] "POST /cormun/servlet/trautorizarsolicitud?97c44463130e9333b9c368eb94febf20,,gx-no-cache=1490960959723 HTTP/1.1" 200 6270
186.103.159.44 - - [31/Mar/2017:08:48:21 -0300] "POST /cormun/servlet/trautorizarsolicitud?97c44463130e9333b9c368eb94febf20,,gx-no-cache=1490960960658 HTTP/1.1" 200 6213
186.103.159.44 - - [31/Mar/2017:08:48:22 -0300] "GET /cormun/static/Shared/jqueryui/images/ui-bg_flat_55_fafafa_40x100.png HTTP/1.1" 404 1097
186.103.159.44 - - [31/Mar/2017:08:48:22 -0300] "GET /cormun/static/Shared/jqueryui/images/ui-icons_82798d_256x240.png HTTP/1.1" 404 1089
186.103.159.44 - - [31/Mar/2017:08:48:22 -0300] "GET /cormun/static/Shared/jqueryui/images/ui-icons_8d78a5_256x240.png HTTP/1.1" 404 1089
186.103.159.44 - - [31/Mar/2017:08:48:22 -0300] "GET /cormun/static/Shared/jqueryui/images/ui-bg_highlight-soft_100_c6c2c8_1x100.png HTTP/1.1" 404 1117
186.103.159.44 - - [31/Mar/2017:08:48:26 -0300] "POST /cormun/servlet/trautorizarsolicitud?97c44463130e9333b9c368eb94febf20,,gx-no-cache=1490960964868 HTTP/1.1" 200 5897
186.103.159.44 - - [31/Mar/2017:08:48:27 -0300] "POST /cormun/servlet/trautorizarsolicitud?97c44463130e9333b9c368eb94febf20,,gx-no-cache=1490960965995 HTTP/1.1" 200 5842
192.168.10.13 - - [31/Mar/2017:08:48:49 -0300] "GET / HTTP/1.1" 200 11217
192.168.10.96 - - [31/Mar/2017:08:49:31 -0300] "POST /cormun/servlet/trsolicitudgral?9eb1160ccceb10bad97de2abc9dfb65d,,gx-no-cache=1490964249447 HTTP/1.1" 200 5500
200.54.247.69 - - [31/Mar/2017:08:49:32 -0300] "GET /cormun/servlet/permisogoce?INS,0,,, HTTP/1.1" 200 6807
200.54.247.69 - - [31/Mar/2017:08:49:33 -0300] "GET /cormun/servlet/permisogoce?INS,0,,, HTTP/1.1" 200 6784
192.168.10.96 - - [31/Mar/2017:08:49:35 -0300] "POST /cormun/servlet/trsolicitudgral?9eb1160ccceb10bad97de2abc9dfb65d,,gx-no-cache=1490964252900 HTTP/1.1" 200 5502
192.168.10.96 - - [31/Mar/2017:08:49:38 -0300] "POST /cormun/servlet/trsolicitudgral?9eb1160ccceb10bad97de2abc9dfb65d,,gx-no-cache=1490964256090 HTTP/1.1" 200 5504
200.54.247.69 - - [31/Mar/2017:08:49:41 -0300] "GET /cormun/servlet/prfichaempleado?,MD,,gxPopupLevel%3D0%3B HTTP/1.1" 200 8842
192.168.10.96 - - [31/Mar/2017:08:49:42 -0300] "POST /cormun/servlet/trsolicitudgral?9eb1160ccceb10bad97de2abc9dfb65d,,gx-no-cache=1490964260251 HTTP/1.1" 200 6783
192.168.10.13 - - [31/Mar/2017:08:49:49 -0300] "GET / HTTP/1.1" 200 11217
200.54.247.69 - - [31/Mar/2017:08:49:53 -0300] "POST /cormun/servlet/prfichaempleado?12c976abd2173bbfc82926286f3b608d,,MD,,gxPopupLevel%3D0%3B,gx-no-cache=1490961060862 HTTP/1.1" 200 3394
200.54.247.69 - - [31/Mar/2017:08:49:56 -0300] "GET /cormun/servlet/permisogoce?10a4a958732a71d1140918bbc1b62611cb03bfa13b60b709b45b5e9c1e296b8f30245c461bf0012c681c150fcbfd7731,gx-no-cache=1490961063976 HTTP/1.1" 200 64
200.54.247.69 - - [31/Mar/2017:08:50:13 -0300] "GET /cormun/servlet/permisogoce?10a4a958732a71d1140918bbc1b62611af0d04e9b283409d83e5fd6598fa2459cd51127f8c69e3613e0e4929ec354c683da11c01eae148371e4d2574c6898acd,gx-no-cache=1490961081207 HTTP/1.1" 200 47
200.54.247.69 - - [31/Mar/2017:08:50:32 -0300] "POST /cormun/servlet/permisogoce?12c976abd2173bbfc82926286f3b608d,INS,0,,,,gx-no-cache=1490961099093 HTTP/1.1" 200 93
200.54.247.69 - - [31/Mar/2017:08:50:32 -0300] "GET /cormun/servlet/hpexe_return? HTTP/1.1" 200 1033
200.54.247.69 - - [31/Mar/2017:08:50:32 -0300] "GET /cormun/servlet/trpermisosgoce?gx-no-cache=1490959934697 HTTP/1.1" 200 10658
200.54.247.69 - - [31/Mar/2017:08:50:33 -0300] "GET /cormun/servlet/trpermisosgoce?gx-no-cache=1490959934697 HTTP/1.1" 200 10676
200.54.247.69 - - [31/Mar/2017:08:50:38 -0300] "GET /cormun/servlet/trpermisosadjuntos?14047809,20170331094509,P, HTTP/1.1" 200 6336
200.54.247.69 - - [31/Mar/2017:08:50:38 -0300] "GET /cormun/servlet/trpermisosadjuntos?14047809,20170331094509,P, HTTP/1.1" 200 6315
200.54.247.69 - - [31/Mar/2017:08:50:40 -0300] "GET /cormun/servlet/permisosadjuntos?INS,14047809,P,20170331094509,, HTTP/1.1" 200 5641
200.54.247.69 - - [31/Mar/2017:08:50:41 -0300] "GET /cormun/static/about:blank HTTP/1.1" 404 1011
200.54.247.69 - - [31/Mar/2017:08:50:41 -0300] "GET /cormun/servlet/permisosadjuntos?INS,14047809,P,20170331094509,, HTTP/1.1" 200 5630
192.168.10.13 - - [31/Mar/2017:08:50:49 -0300] "GET / HTTP/1.1" 200 11217
200.54.247.69 - - [31/Mar/2017:08:51:03 -0300] "POST /cormun/servlet/permisosadjuntos?12c976abd2173bbfc82926286f3b608d,INS,14047809,P,20170331094509,, HTTP/1.1" 200 116
200.54.247.69 - - [31/Mar/2017:08:51:03 -0300] "GET /cormun/servlet/hpexe_return? HTTP/1.1" 200 1038
200.54.247.69 - - [31/Mar/2017:08:51:04 -0300] "GET /cormun/servlet/trpermisosadjuntos?14047809,20170331094509,P, HTTP/1.1" 200 6775
200.54.247.69 - - [31/Mar/2017:08:51:05 -0300] "GET /cormun/servlet/trpermisosadjuntos?14047809,20170331094509,P, HTTP/1.1" 200 6772
200.54.247.69 - - [31/Mar/2017:08:51:11 -0300] "POST /cormun/servlet/trpermisosadjuntos?12c976abd2173bbfc82926286f3b608d,14047809,20170331094509,P,,gx-no-cache=1490961138336 HTTP/1.1" 200 90
200.54.247.69 - - [31/Mar/2017:08:51:11 -0300] "GET /cormun/servlet/hpexe_link HTTP/1.1" 200 1005
200.54.247.69 - - [31/Mar/2017:08:51:11 -0300] "GET /cormun/servlet/trpermisosgoce?gx-no-cache=1490959934697 HTTP/1.1" 200 10656
200.54.247.69 - - [31/Mar/2017:08:51:12 -0300] "GET /cormun/servlet/trpermisosgoce?gx-no-cache=1490959934697 HTTP/1.1" 200 10680
200.54.247.69 - - [31/Mar/2017:08:51:24 -0300] "GET /cormun/servlet/trpermisosadjuntos?14047809,20170331094509,P, HTTP/1.1" 200 6794
200.54.247.69 - - [31/Mar/2017:08:51:25 -0300] "GET /cormun/servlet/trpermisosadjuntos?14047809,20170331094509,P, HTTP/1.1" 200 6773
200.54.247.69 - - [31/Mar/2017:08:51:37 -0300] "POST /cormun/servlet/trpermisosadjuntos?12c976abd2173bbfc82926286f3b608d,14047809,20170331094509,P,,gx-no-cache=1490961164808 HTTP/1.1" 200 90
200.54.247.69 - - [31/Mar/2017:08:51:37 -0300] "GET /cormun/servlet/hpexe_link HTTP/1.1" 200 1005
200.54.247.69 - - [31/Mar/2017:08:51:37 -0300] "GET /cormun/servlet/trpermisosgoce?gx-no-cache=1490959934697 HTTP/1.1" 200 10659
200.54.247.69 - - [31/Mar/2017:08:51:38 -0300] "GET /cormun/servlet/trpermisosgoce?gx-no-cache=1490959934697 HTTP/1.1" 200 10679
192.168.10.96 - - [31/Mar/2017:08:51:42 -0300] "GET /cormun/servlet/trsolicitudgral? HTTP/1.1" 200 9856
192.168.10.96 - - [31/Mar/2017:08:51:43 -0300] "GET /cormun/servlet/trsolicitudgral? HTTP/1.1" 200 9856
192.168.10.96 - - [31/Mar/2017:08:51:45 -0300] "GET /cormun/servlet/vesolicitudgral?2017,5783,, HTTP/1.1" 200 8667
192.168.10.96 - - [31/Mar/2017:08:51:45 -0300] "GET /cormun/static/gxcfg.js?201612218543032 HTTP/1.1" 304 -
192.168.10.96 - - [31/Mar/2017:08:51:45 -0300] "GET /cormun/pexe_scrolldiv.js HTTP/1.1" 404 1009
192.168.10.96 - - [31/Mar/2017:08:51:45 -0300] "GET /cormun/pexe_scrolldiv.js HTTP/1.1" 404 1009
192.168.10.96 - - [31/Mar/2017:08:51:46 -0300] "GET /cormun/servlet/vesolicitudgral?2017,5783,, HTTP/1.1" 200 8667
192.168.10.13 - - [31/Mar/2017:08:51:49 -0300] "GET / HTTP/1.1" 200 11217
200.54.247.69 - - [31/Mar/2017:08:51:56 -0300] "POST /cormun/servlet/trpermisosgoce?12c976abd2173bbfc82926286f3b608d,gx-no-cache=1490959934697,gx-no-cache=1490961183467 HTTP/1.1" 200 7937
200.54.247.69 - - [31/Mar/2017:08:52:09 -0300] "GET /cormun/servlet/trpermisosingoce? HTTP/1.1" 200 7644
200.54.247.69 - - [31/Mar/2017:08:52:09 -0300] "GET /cormun/static/gxcfg.js?2016111619312653 HTTP/1.1" 200 953
200.54.247.69 - - [31/Mar/2017:08:52:09 -0300] "GET /cormun/static/trpermisosingoce.js?2016111619313084 HTTP/1.1" 200 31498
200.54.247.69 - - [31/Mar/2017:08:52:09 -0300] "GET /cormun/servlet/trpermisosingoce? HTTP/1.1" 200 7622
200.54.247.69 - - [31/Mar/2017:08:52:30 -0300] "GET /cormun/servlet/trpermisosgoce? HTTP/1.1" 200 10658
200.54.247.69 - - [31/Mar/2017:08:52:31 -0300] "GET /cormun/servlet/trpermisosgoce? HTTP/1.1" 200 10654
192.168.10.96 - - [31/Mar/2017:08:52:33 -0300] "GET /cormun/servlet/trsolicitudgral? HTTP/1.1" 200 9856
192.168.10.96 - - [31/Mar/2017:08:52:33 -0300] "GET /cormun/servlet/trsolicitudgral? HTTP/1.1" 200 9856
200.54.247.69 - - [31/Mar/2017:08:52:42 -0300] "GET /cormun/servlet/trpermisosingoce? HTTP/1.1" 200 7623
200.54.247.69 - - [31/Mar/2017:08:52:43 -0300] "GET /cormun/servlet/trpermisosingoce? HTTP/1.1" 200 7622
192.168.10.96 - - [31/Mar/2017:08:52:44 -0300] "POST /cormun/servlet/trsolicitudgral?9eb1160ccceb10bad97de2abc9dfb65d,,gx-no-cache=1490964441575 HTTP/1.1" 200 22497
192.168.10.13 - - [31/Mar/2017:08:52:49 -0300] "GET / HTTP/1.1" 200 11217
200.54.247.69 - - [31/Mar/2017:08:52:49 -0300] "GET /cormun/servlet/permisosingoce?DLT,34, HTTP/1.1" 200 6593
200.54.247.69 - - [31/Mar/2017:08:52:49 -0300] "GET /cormun/static/gxcfg.js?201732912123489 HTTP/1.1" 200 953
200.54.247.69 - - [31/Mar/2017:08:52:49 -0300] "GET /cormun/static/permisosingoce.js?201732912123526 HTTP/1.1" 200 24247
200.54.247.69 - - [31/Mar/2017:08:52:50 -0300] "GET /cormun/static/Shared/jqueryui/images/ui-icons_82798d_256x240.png HTTP/1.1" 404 1089
200.54.247.69 - - [31/Mar/2017:08:52:50 -0300] "GET /cormun/static/Shared/jqueryui/images/ui-bg_highlight-soft_100_c6c2c8_1x100.png HTTP/1.1" 404 1117
200.54.247.69 - - [31/Mar/2017:08:52:50 -0300] "GET /cormun/static/Shared/jqueryui/images/ui-bg_flat_55_fafafa_40x100.png HTTP/1.1" 404 1097
200.54.247.69 - - [31/Mar/2017:08:52:50 -0300] "GET /cormun/static/Shared/jqueryui/images/ui-icons_8d78a5_256x240.png HTTP/1.1" 404 1089
200.54.247.69 - - [31/Mar/2017:08:52:50 -0300] "GET /cormun/servlet/permisosingoce?DLT,34, HTTP/1.1" 200 6593
192.168.10.96 - - [31/Mar/2017:08:52:59 -0300] "POST /cormun/servlet/trsolicitudgral?9eb1160ccceb10bad97de2abc9dfb65d,,gx-no-cache=1490964456964 HTTP/1.1" 200 22651
200.54.247.69 - - [31/Mar/2017:08:52:59 -0300] "POST /cormun/servlet/permisosingoce?12c976abd2173bbfc82926286f3b608d,DLT,34,,gx-no-cache=1490961246942 HTTP/1.1" 200 4260
200.54.247.69 - - [31/Mar/2017:08:52:59 -0300] "POST /cormun/servlet/permisosingoce?12c976abd2173bbfc82926286f3b608d,DLT,34,,gx-no-cache=1490961247126 HTTP/1.1" 200 4207
200.54.247.69 - - [31/Mar/2017:08:53:05 -0300] "POST /cormun/servlet/permisosingoce?12c976abd2173bbfc82926286f3b608d,DLT,34,,gx-no-cache=1490961252377 HTTP/1.1" 200 93
200.54.247.69 - - [31/Mar/2017:08:53:05 -0300] "GET /cormun/servlet/hpexe_return? HTTP/1.1" 200 1009
200.54.247.69 - - [31/Mar/2017:08:53:06 -0300] "GET /cormun/servlet/trpermisosingoce HTTP/1.1" 200 6815
200.54.247.69 - - [31/Mar/2017:08:53:06 -0300] "GET /cormun/servlet/trpermisosingoce HTTP/1.1" 200 6811
192.168.10.96 - - [31/Mar/2017:08:53:13 -0300] "POST /cormun/servlet/trsolicitudgral?9eb1160ccceb10bad97de2abc9dfb65d,,gx-no-cache=1490964471409 HTTP/1.1" 200 7211
200.54.247.69 - - [31/Mar/2017:08:53:16 -0300] "GET /cormun/servlet/trpermisosingoce? HTTP/1.1" 200 6811
200.54.247.69 - - [31/Mar/2017:08:53:17 -0300] "GET /cormun/servlet/trpermisosingoce? HTTP/1.1" 200 6811
200.54.247.69 - - [31/Mar/2017:08:53:21 -0300] "GET /cormun/servlet/trpermisosingoce? HTTP/1.1" 200 6811
200.54.247.69 - - [31/Mar/2017:08:53:22 -0300] "GET /cormun/servlet/trpermisosingoce? HTTP/1.1" 200 6811
192.168.10.13 - - [31/Mar/2017:08:53:49 -0300] "GET / HTTP/1.1" 200 11217
186.103.159.44 - - [31/Mar/2017:08:53:58 -0300] "POST /cormun/servlet/trautorizarsolicitud?97c44463130e9333b9c368eb94febf20,,gx-no-cache=1490961297662 HTTP/1.1" 200 115
186.103.159.44 - - [31/Mar/2017:08:53:58 -0300] "GET /cormun/servlet/solicitudotlog?INS,2017,5354,0,ANU, HTTP/1.1" 200 5703
186.103.159.44 - - [31/Mar/2017:08:53:59 -0300] "GET /cormun/static/gxcfg.js?201731711401563 HTTP/1.1" 304 -
