186.103.159.182 - - [31/Mar/2017:11:15:17 -0300] "GET /cormun/servlet/trrenunciasadjuntos?14,17756493, HTTP/1.1" 200 6535
186.103.159.182 - - [31/Mar/2017:11:15:19 -0300] "POST /cormun/servlet/trrenunciasadjuntos?973b5c67b6539f90db3d90eff6749bc2,14,17756493,,gx-no-cache=1490969786741 HTTP/1.1" 200 90
186.103.159.182 - - [31/Mar/2017:11:15:19 -0300] "GET /cormun/servlet/hpexe_link HTTP/1.1" 200 984
186.103.159.182 - - [31/Mar/2017:11:15:19 -0300] "GET /cormun/servlet/trautorizarenuncias HTTP/1.1" 200 7410
186.103.159.182 - - [31/Mar/2017:11:15:21 -0300] "GET /cormun/servlet/trautorizarenuncias HTTP/1.1" 200 7409
186.103.159.182 - - [31/Mar/2017:11:15:28 -0300] "GET /cormun/servlet/trrenunciaslog?15,17756493, HTTP/1.1" 200 6245
186.103.159.182 - - [31/Mar/2017:11:15:28 -0300] "GET /cormun/static/gxcfg.js?201731711564896 HTTP/1.1" 200 953
186.103.159.182 - - [31/Mar/2017:11:15:28 -0300] "GET /cormun/static/trrenunciaslog.js?20173171156525 HTTP/1.1" 200 14938
186.103.159.182 - - [31/Mar/2017:11:15:29 -0300] "GET /cormun/servlet/trrenunciaslog?15,17756493, HTTP/1.1" 200 6245
186.103.159.182 - - [31/Mar/2017:11:15:30 -0300] "POST /cormun/servlet/acontrolpreferencessavestate?None,SGONGORA,true HTTP/1.1" 200 35
186.103.159.182 - - [31/Mar/2017:11:15:36 -0300] "POST /cormun/servlet/trrenunciaslog?973b5c67b6539f90db3d90eff6749bc2,15,17756493,,gx-no-cache=1490969803388 HTTP/1.1" 200 90
186.103.159.182 - - [31/Mar/2017:11:15:36 -0300] "GET /cormun/servlet/hpexe_link HTTP/1.1" 200 981
186.103.159.182 - - [31/Mar/2017:11:15:36 -0300] "GET /cormun/servlet/trautorizarenuncias HTTP/1.1" 200 7415
186.103.159.182 - - [31/Mar/2017:11:15:38 -0300] "GET /cormun/servlet/trautorizarenuncias HTTP/1.1" 200 7414
186.103.159.182 - - [31/Mar/2017:11:15:41 -0300] "POST /cormun/servlet/trautorizarenuncias?973b5c67b6539f90db3d90eff6749bc2,gx-no-cache=1490969807941 HTTP/1.1" 200 4550
186.103.159.182 - - [31/Mar/2017:11:15:41 -0300] "GET /cormun/static/Shared/jqueryui/images/ui-icons_82798d_256x240.png HTTP/1.1" 404 1089
186.103.159.182 - - [31/Mar/2017:11:15:41 -0300] "GET /cormun/static/Shared/jqueryui/images/ui-bg_flat_55_fafafa_40x100.png HTTP/1.1" 404 1097
186.103.159.182 - - [31/Mar/2017:11:15:41 -0300] "GET /cormun/static/Shared/jqueryui/images/ui-icons_8d78a5_256x240.png HTTP/1.1" 404 1089
186.103.159.182 - - [31/Mar/2017:11:15:41 -0300] "GET /cormun/static/Shared/jqueryui/images/ui-bg_highlight-soft_100_c6c2c8_1x100.png HTTP/1.1" 404 1117
186.103.159.182 - - [31/Mar/2017:11:15:46 -0300] "POST /cormun/servlet/trautorizarenuncias?973b5c67b6539f90db3d90eff6749bc2,gx-no-cache=1490969813422 HTTP/1.1" 200 4064
192.168.10.13 - - [31/Mar/2017:11:15:49 -0300] "GET / HTTP/1.1" 200 11217
192.168.10.13 - - [31/Mar/2017:11:16:49 -0300] "GET / HTTP/1.1" 200 11217
186.79.131.187 - - [31/Mar/2017:11:17:41 -0300] "GET /cormun/servlet/licenciaspermisos?c320ef58b20f4891056005a5f46af44387b9724553ea401fbe8d684e0db4550a876d02fa63f6f42a4b0853848c17220a7ac2b62dba198128d9f5e6d4037e00cbfc720bd18ba4ecde1f33ae5093f5e430e3e795ba4b8c6e7e4c05358a47440011a01f5ac861bc6f482eb79a7f8dbc02294eb4e6bf7b140a8410fd97c7c3b870724abf45ca4c237b19e64d701121b67190f3b441baff3a5ed6abe311c88a5e3f878e187627f0bd3f2b47f7871b563ca214,gx-no-cache=1490969928083 HTTP/1.1" 200 30
186.79.131.187 - - [31/Mar/2017:11:17:41 -0300] "GET /cormun/servlet/licenciaspermisos?c320ef58b20f4891056005a5f46af4434cdee55e60897bc208003d672e41d1ea8f480e0a9ebbc365f45d6cd9f885428ffb9e2ff243c66b0a5b9a2016984cdab7cc6021b0eba4a34e4aab6bbf66b3680da5f6ba34ff9827c68e3bbce93d4bea88397f6918b100e73983df1feba00df0027f340a3f3c2a278dbc60085611fd40d2db39ab34f564a75cd89ddace58c1a6a89dbd8ec41440fc5d990ada79b732f650218e9363e0d3cf4ceaa6c741106ef55a,gx-no-cache=1490969928189 HTTP/1.1" 200 29
186.79.131.187 - - [31/Mar/2017:11:17:41 -0300] "POST /cormun/servlet/licenciaspermisos?03767060aeea202f3788227f58c27dbd,INS,0,,,,gx-no-cache=1490969928271 HTTP/1.1" 200 93
186.79.131.187 - - [31/Mar/2017:11:17:41 -0300] "GET /cormun/servlet/hpexe_return? HTTP/1.1" 200 1010
186.79.131.187 - - [31/Mar/2017:11:17:42 -0300] "GET /cormun/servlet/trlicencias HTTP/1.1" 200 8567
186.79.131.187 - - [31/Mar/2017:11:17:42 -0300] "GET /cormun/servlet/trlicencias HTTP/1.1" 200 8565
192.168.10.13 - - [31/Mar/2017:11:17:49 -0300] "GET / HTTP/1.1" 200 11217
186.79.131.187 - - [31/Mar/2017:11:17:49 -0300] "GET /cormun/servlet/trlicenciaspermisosadjuntos?14332226,20170331000000,L, HTTP/1.1" 200 6179
186.79.131.187 - - [31/Mar/2017:11:17:49 -0300] "GET /cormun/static/gxcfg.js?20173171154619 HTTP/1.1" 200 953
186.79.131.187 - - [31/Mar/2017:11:17:50 -0300] "GET /cormun/static/trlicenciaspermisosadjuntos.js?20173171154971 HTTP/1.1" 304 -
186.79.131.187 - - [31/Mar/2017:11:17:50 -0300] "GET /cormun/servlet/trlicenciaspermisosadjuntos?14332226,20170331000000,L, HTTP/1.1" 200 6180
186.79.131.187 - - [31/Mar/2017:11:17:52 -0300] "GET /cormun/servlet/licenciaspermisosadjuntos?INS,14332226,L,20170331000000,, HTTP/1.1" 200 5473
186.79.131.187 - - [31/Mar/2017:11:17:52 -0300] "GET /cormun/static/gxcfg.js?201731711421170 HTTP/1.1" 200 953
186.79.131.187 - - [31/Mar/2017:11:17:52 -0300] "GET /cormun/static/licenciaspermisosadjuntos.js?201731711421181 HTTP/1.1" 304 -
186.79.131.187 - - [31/Mar/2017:11:17:52 -0300] "GET /cormun/static/about:blank HTTP/1.1" 404 1011
186.79.131.187 - - [31/Mar/2017:11:17:52 -0300] "GET /cormun/servlet/licenciaspermisosadjuntos?INS,14332226,L,20170331000000,, HTTP/1.1" 200 5463
186.79.131.187 - - [31/Mar/2017:11:18:45 -0300] "POST /cormun/servlet/licenciaspermisosadjuntos?03767060aeea202f3788227f58c27dbd,INS,14332226,L,20170331000000,, HTTP/1.1" 200 116
186.79.131.187 - - [31/Mar/2017:11:18:45 -0300] "GET /cormun/servlet/hpexe_return? HTTP/1.1" 200 1040
186.79.131.187 - - [31/Mar/2017:11:18:45 -0300] "GET /cormun/servlet/trlicenciaspermisosadjuntos?14332226,20170331000000,L, HTTP/1.1" 200 6671
186.79.131.187 - - [31/Mar/2017:11:18:46 -0300] "GET /cormun/servlet/trlicenciaspermisosadjuntos?14332226,20170331000000,L, HTTP/1.1" 200 6668
192.168.10.13 - - [31/Mar/2017:11:18:49 -0300] "GET / HTTP/1.1" 200 11217
186.79.131.187 - - [31/Mar/2017:11:18:49 -0300] "POST /cormun/servlet/trlicenciaspermisosadjuntos?03767060aeea202f3788227f58c27dbd,14332226,20170331000000,L,,gx-no-cache=1490969996097 HTTP/1.1" 200 90
186.79.131.187 - - [31/Mar/2017:11:18:49 -0300] "GET /cormun/servlet/hpexe_link HTTP/1.1" 200 983
186.79.131.187 - - [31/Mar/2017:11:18:49 -0300] "GET /cormun/servlet/trlicencias HTTP/1.1" 200 8567
186.79.131.187 - - [31/Mar/2017:11:18:50 -0300] "GET /cormun/servlet/trlicencias HTTP/1.1" 200 8565
186.79.131.187 - - [31/Mar/2017:11:18:54 -0300] "GET /cormun/servlet/trlicenciaspermisosadjuntos?17504430,20170331000000,L, HTTP/1.1" 200 6179
186.79.131.187 - - [31/Mar/2017:11:18:55 -0300] "GET /cormun/servlet/trlicenciaspermisosadjuntos?17504430,20170331000000,L, HTTP/1.1" 200 6179
186.79.131.187 - - [31/Mar/2017:11:18:56 -0300] "GET /cormun/servlet/licenciaspermisosadjuntos?INS,17504430,L,20170331000000,, HTTP/1.1" 200 5475
186.79.131.187 - - [31/Mar/2017:11:18:57 -0300] "GET /cormun/static/about:blank HTTP/1.1" 404 1011
186.79.131.187 - - [31/Mar/2017:11:18:57 -0300] "GET /cormun/servlet/licenciaspermisosadjuntos?INS,17504430,L,20170331000000,, HTTP/1.1" 200 5464
186.79.131.187 - - [31/Mar/2017:11:19:43 -0300] "POST /cormun/servlet/licenciaspermisosadjuntos?03767060aeea202f3788227f58c27dbd,INS,17504430,L,20170331000000,, HTTP/1.1" 200 116
186.79.131.187 - - [31/Mar/2017:11:19:44 -0300] "GET /cormun/servlet/hpexe_return? HTTP/1.1" 200 1039
186.79.131.187 - - [31/Mar/2017:11:19:44 -0300] "GET /cormun/servlet/trlicenciaspermisosadjuntos?17504430,20170331000000,L, HTTP/1.1" 200 6675
186.79.131.187 - - [31/Mar/2017:11:19:45 -0300] "GET /cormun/servlet/trlicenciaspermisosadjuntos?17504430,20170331000000,L, HTTP/1.1" 200 6671
192.168.10.13 - - [31/Mar/2017:11:19:49 -0300] "GET / HTTP/1.1" 200 11217
186.103.159.182 - - [31/Mar/2017:11:19:55 -0300] "GET /cormun/servlet/trautorizarpermisogoce? HTTP/1.1" 200 6797
186.103.159.182 - - [31/Mar/2017:11:19:57 -0300] "GET /cormun/servlet/trautorizarpermisogoce? HTTP/1.1" 200 6796
186.103.159.182 - - [31/Mar/2017:11:20:02 -0300] "POST /cormun/servlet/trautorizarpermisogoce?973b5c67b6539f90db3d90eff6749bc2,,gx-no-cache=1490970070044 HTTP/1.1" 200 5869
186.103.159.182 - - [31/Mar/2017:11:20:25 -0300] "GET /cormun/servlet/trsolicitudot? HTTP/1.1" 200 11860
186.103.159.182 - - [31/Mar/2017:11:20:25 -0300] "GET /cormun/static/gxcfg.js?201731711505139 HTTP/1.1" 200 953
186.103.159.182 - - [31/Mar/2017:11:20:27 -0300] "GET /cormun/servlet/trsolicitudot? HTTP/1.1" 200 11859
186.103.159.182 - - [31/Mar/2017:11:20:27 -0300] "GET /cormun//static/Resources/PXToolsActionView.png HTTP/1.1" 200 2995
186.103.159.182 - - [31/Mar/2017:11:20:27 -0300] "GET /cormun//static/Resources/PXToolsRemoveAllAction.png HTTP/1.1" 200 3558
186.103.159.182 - - [31/Mar/2017:11:20:31 -0300] "GET /cormun/servlet/solicitudot?INS,0,0, HTTP/1.1" 200 12854
186.103.159.182 - - [31/Mar/2017:11:20:32 -0300] "GET /cormun/static/gxcfg.js?20171191042720 HTTP/1.1" 200 953
186.103.159.182 - - [31/Mar/2017:11:20:32 -0300] "GET /cormun/static/solicitudot.js?2017119104297 HTTP/1.1" 200 63948
186.103.159.182 - - [31/Mar/2017:11:20:34 -0300] "GET /cormun/servlet/solicitudot?INS,0,0, HTTP/1.1" 200 12859
192.168.10.13 - - [31/Mar/2017:11:20:49 -0300] "GET / HTTP/1.1" 200 11217
186.103.159.182 - - [31/Mar/2017:11:20:54 -0300] "POST /cormun/servlet/solicitudot?gx-no-cache=1490970121192 HTTP/1.1" 200 3081
186.103.159.182 - - [31/Mar/2017:11:20:55 -0300] "POST /cormun/servlet/solicitudot?973b5c67b6539f90db3d90eff6749bc2,INS,0,0,,gx-no-cache=1490970121884 HTTP/1.1" 200 9868
186.103.159.182 - - [31/Mar/2017:11:21:00 -0300] "GET /cormun/servlet/trsolicitudot? HTTP/1.1" 200 11865
186.103.156.24 - - [31/Mar/2017:11:21:02 -0300] "GET /cormun/servlet/hlogin HTTP/1.1" 200 1728
186.103.156.24 - - [31/Mar/2017:11:21:02 -0300] "GET /cormun/static/gxcfg.js?201731711485472 HTTP/1.1" 304 -
186.103.156.24 - - [31/Mar/2017:11:21:02 -0300] "GET /cormun/servlet/hlogin HTTP/1.1" 200 1739
186.103.159.182 - - [31/Mar/2017:11:21:02 -0300] "GET /cormun/servlet/trsolicitudot? HTTP/1.1" 200 11859
186.103.156.24 - - [31/Mar/2017:11:21:03 -0300] "GET /favicon.ico HTTP/1.1" 200 21630
186.103.156.24 - - [31/Mar/2017:11:21:22 -0300] "POST /cormun/servlet/hlogin?63ce696bb4caaae3f7fb514d3701c0cb,gx-no-cache=1490970147593 HTTP/1.1" 200 90
186.103.156.24 - - [31/Mar/2017:11:21:22 -0300] "GET /cormun/servlet/hpexe_link HTTP/1.1" 200 958
186.103.156.24 - - [31/Mar/2017:11:21:22 -0300] "GET /cormun/static/gxcfg.js?201731711483381 HTTP/1.1" 304 -
186.103.156.24 - - [31/Mar/2017:11:21:22 -0300] "GET /cormun/servlet/hhome HTTP/1.1" 200 3988
186.103.156.24 - - [31/Mar/2017:11:21:23 -0300] "GET /cormun/static/gxcfg.js?201731711483497 HTTP/1.1" 304 -
186.103.156.24 - - [31/Mar/2017:11:21:24 -0300] "GET /cormun/servlet/hhome HTTP/1.1" 200 3984
192.168.10.96 - - [31/Mar/2017:11:21:41 -0300] "POST /cormun/servlet/trsolicitudgral?0f037fdef468be0a826a760bd38e3379,gx-no-cache=1490973379142 HTTP/1.1" 440 972
192.168.10.96 - - [31/Mar/2017:11:21:42 -0300] "GET /cormun/servlet/trsolicitudgral HTTP/1.1" 200 23751
192.168.10.96 - - [31/Mar/2017:11:21:43 -0300] "GET /cormun/servlet/hlogin HTTP/1.1" 200 1742
192.168.10.96 - - [31/Mar/2017:11:21:44 -0300] "GET /cormun/servlet/trsolicitudgral HTTP/1.1" 200 23751
192.168.10.13 - - [31/Mar/2017:11:21:49 -0300] "GET / HTTP/1.1" 200 11217
192.168.10.96 - - [31/Mar/2017:11:21:52 -0300] "POST /cormun/servlet/hlogin?22f4f3b1437b35afff2a1a8a295a61a8,gx-no-cache=1490973390282 HTTP/1.1" 200 90
192.168.10.96 - - [31/Mar/2017:11:21:52 -0300] "GET /cormun/servlet/hpexe_link HTTP/1.1" 200 959
192.168.10.96 - - [31/Mar/2017:11:21:53 -0300] "GET /cormun/servlet/trsolicitudgral HTTP/1.1" 200 24737
192.168.10.96 - - [31/Mar/2017:11:21:54 -0300] "GET /cormun/servlet/trsolicitudgral HTTP/1.1" 200 24736
186.79.0.188 - - [31/Mar/2017:11:22:27 -0300] "GET /cormun/servlet/hlogin HTTP/1.1" 200 1720
192.168.10.13 - - [31/Mar/2017:11:22:49 -0300] "GET / HTTP/1.1" 200 11217
186.79.0.188 - - [31/Mar/2017:11:22:51 -0300] "POST /cormun/servlet/hlogin?615d7228c5e58fef73d9a8309be4e71a,gx-no-cache=1490970235248 HTTP/1.1" 200 90
186.79.0.188 - - [31/Mar/2017:11:22:51 -0300] "GET /cormun/servlet/hpexe_link HTTP/1.1" 200 951
186.79.0.188 - - [31/Mar/2017:11:22:51 -0300] "GET /cormun/servlet/hhome HTTP/1.1" 200 3992
186.79.0.188 - - [31/Mar/2017:11:22:52 -0300] "GET /cormun/servlet/hhome HTTP/1.1" 200 3988
186.79.0.188 - - [31/Mar/2017:11:22:55 -0300] "GET /cormun/servlet/trsolicitudot? HTTP/1.1" 200 6959
186.79.0.188 - - [31/Mar/2017:11:22:56 -0300] "GET /cormun/servlet/trsolicitudot? HTTP/1.1" 200 6958
186.103.159.182 - - [31/Mar/2017:11:22:58 -0300] "GET /cormun/servlet/solicitudot?INS,0,0, HTTP/1.1" 200 12851
186.79.0.188 - - [31/Mar/2017:11:22:59 -0300] "GET /cormun/servlet/solicitudot?INS,0,0, HTTP/1.1" 200 12785
186.79.0.188 - - [31/Mar/2017:11:22:59 -0300] "GET /cormun/servlet/solicitudot?INS,0,0, HTTP/1.1" 200 12789
186.103.159.182 - - [31/Mar/2017:11:23:00 -0300] "GET /cormun/servlet/solicitudot?INS,0,0, HTTP/1.1" 200 12856
186.103.159.182 - - [31/Mar/2017:11:23:02 -0300] "GET /cormun/servlet/prfichaempleado?,MD,,gxPopupLevel%3D0%3B HTTP/1.1" 200 8905
186.79.0.188 - - [31/Mar/2017:11:23:02 -0300] "GET /cormun/servlet/prfichaempleado?,MD,,gxPopupLevel%3D0%3B HTTP/1.1" 200 8819
186.79.0.188 - - [31/Mar/2017:11:23:10 -0300] "POST /cormun/servlet/prfichaempleado?615d7228c5e58fef73d9a8309be4e71a,,MD,,gxPopupLevel%3D0%3B,gx-no-cache=1490970253624 HTTP/1.1" 200 4524
186.79.131.187 - - [31/Mar/2017:11:23:15 -0300] "POST /cormun/servlet/trlicenciaspermisosadjuntos?03767060aeea202f3788227f58c27dbd,17504430,20170331000000,L,,gx-no-cache=1490970261648 HTTP/1.1" 200 90
186.79.131.187 - - [31/Mar/2017:11:23:15 -0300] "GET /cormun/servlet/hpexe_link HTTP/1.1" 200 982
186.79.131.187 - - [31/Mar/2017:11:23:15 -0300] "GET /cormun/servlet/trlicencias HTTP/1.1" 200 8567
186.79.131.187 - - [31/Mar/2017:11:23:16 -0300] "GET /cormun/servlet/trlicencias HTTP/1.1" 200 8565
186.79.0.188 - - [31/Mar/2017:11:23:19 -0300] "POST /cormun/servlet/solicitudot?gx-no-cache=1490970262763 HTTP/1.1" 200 3198
186.79.0.188 - - [31/Mar/2017:11:23:19 -0300] "POST /cormun/servlet/solicitudot?615d7228c5e58fef73d9a8309be4e71a,INS,0,0,,gx-no-cache=1490970263254 HTTP/1.1" 200 9986
186.79.131.187 - - [31/Mar/2017:11:23:19 -0300] "GET /cormun/servlet/trlicenciaspermisosadjuntos?7887122,20170331000000,L, HTTP/1.1" 200 6184
186.79.0.188 - - [31/Mar/2017:11:23:19 -0300] "GET /cormun/servlet/solicitudot?0e66b17e9b876e31807ac8489632033e2a6db77095b82b472b61a541d03b7a56d9fc634a225236fb6f5ded561712bb65,gx-no-cache=1490970263871 HTTP/1.1" 200 30
186.79.131.187 - - [31/Mar/2017:11:23:20 -0300] "GET /cormun/servlet/trlicenciaspermisosadjuntos?7887122,20170331000000,L, HTTP/1.1" 200 6184
186.79.131.187 - - [31/Mar/2017:11:23:21 -0300] "GET /cormun/servlet/licenciaspermisosadjuntos?INS,7887122,L,20170331000000,, HTTP/1.1" 200 5474
192.168.10.89 - - [31/Mar/2017:11:23:22 -0300] "GET /cormun/servlet/trsolicitudgral? HTTP/1.1" 200 8790
186.79.131.187 - - [31/Mar/2017:11:23:22 -0300] "GET /cormun/static/about:blank HTTP/1.1" 404 1011
186.79.131.187 - - [31/Mar/2017:11:23:22 -0300] "GET /cormun/servlet/licenciaspermisosadjuntos?INS,7887122,L,20170331000000,, HTTP/1.1" 200 5463
192.168.10.89 - - [31/Mar/2017:11:23:22 -0300] "GET /cormun/servlet/trsolicitudgral? HTTP/1.1" 200 8778
186.103.159.182 - - [31/Mar/2017:11:23:25 -0300] "POST /cormun/servlet/prfichaempleado?973b5c67b6539f90db3d90eff6749bc2,,MD,,gxPopupLevel%3D0%3B,gx-no-cache=1490970272159 HTTP/1.1" 200 3184
186.79.0.188 - - [31/Mar/2017:11:23:26 -0300] "POST /cormun/servlet/solicitudot?gx-no-cache=1490970270293 HTTP/1.1" 200 297
186.79.0.188 - - [31/Mar/2017:11:23:26 -0300] "GET /cormun/servlet/solicitudot?0e66b17e9b876e31807ac8489632033ecb7c1fd3dffbca4bf23134401bf9b710a3bcaae1cc62ce7f620613e6d481b9c5f59f77c8995e5b0f5c2056edb3dc1f8a8be2216a5930d3155abdbda5cf6c65baa17fb03ec3bd61a232ed1c6896522abbccb8fa9abfaaa56c9c3018b966c61c762c09362e4c76254bc3404d23d35340a2f134dccdc3be966a07b5007e17eb8eef5e48d76961d412958b7cad5f010d328a6a9dd4f185c2ce1baceaf206a9816312dddba8823f0152994a8c283e5676b5c59cf1a0a4f90ab7ff511c3e322d421bd695005a9e01e046080a3588401c85f3017a686216fadc79234da755afa420e6d7eb567f61e5d7cb55390a6297d481cfb2831f9ef701a241e5715d150974afa10ec64bbf17f911ebcffd6d14c2b8e030f280655e11e72b91ce96cda8c7ff92063c306dd2cbf196da4bd36bc857f7ba318472403c8543cf75be554c1234f19ae457c9224b40d63609ce728eba07bb21677c14fa27534398d5eaaaacb2b607c79599604f16be7e23b1789c63422b2dd20d1c691aac90f9f2862518e838dc8f9db85d,gx-no-cache=1490970270520 HTTP/1.1" 200 30
192.168.10.89 - - [31/Mar/2017:11:23:33 -0300] "POST /cormun/servlet/trsolicitudgral?94a55d6307203ae4384cc44d98095672,,gx-no-cache=1490973491146 HTTP/1.1" 200 6787
192.168.10.89 - - [31/Mar/2017:11:23:41 -0300] "POST /cormun/servlet/trsolicitudgral?94a55d6307203ae4384cc44d98095672,,gx-no-cache=1490973498799 HTTP/1.1" 200 5465
186.79.0.188 - - [31/Mar/2017:11:23:47 -0300] "POST /cormun/servlet/solicitudot?gx-no-cache=1490970291317 HTTP/1.1" 200 30
192.168.10.13 - - [31/Mar/2017:11:23:49 -0300] "GET / HTTP/1.1" 200 11217
186.79.0.188 - - [31/Mar/2017:11:23:50 -0300] "GET /cormun/servlet/prcontratosol?16493294,,,,,MD,,gxPopupLevel%3D0%3B HTTP/1.1" 200 5955
186.79.0.188 - - [31/Mar/2017:11:23:52 -0300] "POST /cormun/servlet/solicitudot?gx-no-cache=1490970296636 HTTP/1.1" 200 1292
186.79.0.188 - - [31/Mar/2017:11:23:52 -0300] "POST /cormun/servlet/solicitudot?gx-no-cache=1490970296801 HTTP/1.1" 200 38
186.79.0.188 - - [31/Mar/2017:11:23:52 -0300] "GET /cormun/servlet/solicitudot?0e66b17e9b876e31807ac8489632033e3640ad72682aacd3c10f923c47d0433b50896baeb880264c064f55bf4beee772e90968fda515d27a6cc7f358af47df885dc26be323628571875339080f884ca5559c6cab82141a207754c46b21d12f9653b1de03cca257e29089593acf761798,gx-no-cache=1490970296918 HTTP/1.1" 200 29
186.79.0.188 - - [31/Mar/2017:11:23:53 -0300] "POST /cormun/servlet/solicitudot?gx-no-cache=1490970297027 HTTP/1.1" 200 1275
186.79.0.188 - - [31/Mar/2017:11:23:53 -0300] "POST /cormun/servlet/solicitudot?gx-no-cache=1490970297216 HTTP/1.1" 200 1157
192.168.10.89 - - [31/Mar/2017:11:23:57 -0300] "GET /cormun/servlet/trconsultaempleado? HTTP/1.1" 200 6908
192.168.10.89 - - [31/Mar/2017:11:24:03 -0300] "POST /cormun/servlet/trconsultaempleado?94a55d6307203ae4384cc44d98095672,,gx-no-cache=1490973521603 HTTP/1.1" 200 4410
192.168.10.89 - - [31/Mar/2017:11:24:05 -0300] "GET /cormun/servlet/trsolicitudnombre?9195811, HTTP/1.1" 200 7783
186.79.131.187 - - [31/Mar/2017:11:24:07 -0300] "POST /cormun/servlet/licenciaspermisosadjuntos?03767060aeea202f3788227f58c27dbd,INS,7887122,L,20170331000000,, HTTP/1.1" 200 116
186.79.131.187 - - [31/Mar/2017:11:24:07 -0300] "GET /cormun/servlet/hpexe_return? HTTP/1.1" 200 1039
186.79.131.187 - - [31/Mar/2017:11:24:07 -0300] "GET /cormun/servlet/trlicenciaspermisosadjuntos?7887122,20170331000000,L, HTTP/1.1" 200 6671
186.79.131.187 - - [31/Mar/2017:11:24:08 -0300] "GET /cormun/servlet/trlicenciaspermisosadjuntos?7887122,20170331000000,L, HTTP/1.1" 200 6665
192.168.10.96 - - [31/Mar/2017:11:24:10 -0300] "GET /cormun/servlet/trsolicitudgral? HTTP/1.1" 200 24736
192.168.10.96 - - [31/Mar/2017:11:24:11 -0300] "GET /cormun/servlet/trsolicitudgral? HTTP/1.1" 200 24736
186.79.131.187 - - [31/Mar/2017:11:24:13 -0300] "POST /cormun/servlet/trlicenciaspermisosadjuntos?03767060aeea202f3788227f58c27dbd,7887122,20170331000000,L,,gx-no-cache=1490970319575 HTTP/1.1" 200 90
186.79.131.187 - - [31/Mar/2017:11:24:13 -0300] "GET /cormun/servlet/hpexe_link HTTP/1.1" 200 982
186.79.131.187 - - [31/Mar/2017:11:24:13 -0300] "GET /cormun/servlet/trlicencias HTTP/1.1" 200 8567
186.79.131.187 - - [31/Mar/2017:11:24:13 -0300] "GET /cormun/servlet/trlicencias HTTP/1.1" 200 8565
186.79.0.188 - - [31/Mar/2017:11:24:25 -0300] "POST /cormun/servlet/solicitudot?gx-no-cache=1490970328886 HTTP/1.1" 200 1273
186.79.0.188 - - [31/Mar/2017:11:24:25 -0300] "POST /cormun/servlet/solicitudot?gx-no-cache=1490970329205 HTTP/1.1" 200 1157
192.168.10.96 - - [31/Mar/2017:11:24:27 -0300] "POST /cormun/servlet/trsolicitudgral?22f4f3b1437b35afff2a1a8a295a61a8,,gx-no-cache=1490973544563 HTTP/1.1" 200 22229
186.79.131.187 - - [31/Mar/2017:11:24:34 -0300] "GET /cormun/servlet/alicenciaprn?14332226,L,20170331000000,PU HTTP/1.1" 200 1617
192.168.10.13 - - [31/Mar/2017:11:24:49 -0300] "GET / HTTP/1.1" 200 11217
192.168.10.96 - - [31/Mar/2017:11:25:12 -0300] "POST /cormun/servlet/trsolicitudgral?22f4f3b1437b35afff2a1a8a295a61a8,,gx-no-cache=1490973590494 HTTP/1.1" 200 8604
192.168.10.89 - - [31/Mar/2017:11:25:19 -0300] "GET /cormun/servlet/vesolicitudnombre?2017,5517,, HTTP/1.1" 200 8711
192.168.10.89 - - [31/Mar/2017:11:25:19 -0300] "GET /cormun/static/gxcfg.js?20173171153010 HTTP/1.1" 200 953
192.168.10.89 - - [31/Mar/2017:11:25:19 -0300] "GET /cormun/pexe_scrolldiv.js HTTP/1.1" 404 1009
192.168.10.89 - - [31/Mar/2017:11:25:19 -0300] "GET /cormun/static/vesolicitudnombre.js?20173171153072 HTTP/1.1" 304 -
192.168.10.89 - - [31/Mar/2017:11:25:19 -0300] "GET /cormun/static/hwcviewtabs.js?20173171133571 HTTP/1.1" 304 -
192.168.10.89 - - [31/Mar/2017:11:25:19 -0300] "GET /cormun/static/hpexe_tabsview.js?201610171694228 HTTP/1.1" 304 -
192.168.10.89 - - [31/Mar/2017:11:25:19 -0300] "GET /cormun/static/tbsolicitudnombre01.js?2017110216261 HTTP/1.1" 304 -
192.168.10.89 - - [31/Mar/2017:11:25:21 -0300] "GET /cormun/servlet/vesolicitudnombre?2017,5517,,SolicitudOTLog HTTP/1.1" 200 9593
192.168.10.89 - - [31/Mar/2017:11:25:21 -0300] "GET /cormun/pexe_scrolldiv.js HTTP/1.1" 404 1009
192.168.10.89 - - [31/Mar/2017:11:25:21 -0300] "GET /cormun/static/tbsolicitudnombre03.js?20173171132461 HTTP/1.1" 200 13343
192.168.10.89 - - [31/Mar/2017:11:25:21 -0300] "GET /cormun/static/Resources/PXToolsTabLastSelected.png HTTP/1.1" 200 1262
192.168.10.96 - - [31/Mar/2017:11:25:21 -0300] "POST /cormun/servlet/trsolicitudgral?22f4f3b1437b35afff2a1a8a295a61a8,,gx-no-cache=1490973599500 HTTP/1.1" 200 5198
192.168.10.89 - - [31/Mar/2017:11:25:23 -0300] "POST /cormun/servlet/acontrolpreferencessavestate?None,CDROGUETT,true HTTP/1.1" 200 35
192.168.10.96 - - [31/Mar/2017:11:25:24 -0300] "POST /cormun/servlet/trsolicitudgral?22f4f3b1437b35afff2a1a8a295a61a8,,gx-no-cache=1490973602363 HTTP/1.1" 200 5199
192.168.10.96 - - [31/Mar/2017:11:25:28 -0300] "POST /cormun/servlet/trsolicitudgral?22f4f3b1437b35afff2a1a8a295a61a8,,gx-no-cache=1490973606597 HTTP/1.1" 200 8604
192.168.10.96 - - [31/Mar/2017:11:25:34 -0300] "POST /cormun/servlet/trsolicitudgral?22f4f3b1437b35afff2a1a8a295a61a8,,gx-no-cache=1490973612246 HTTP/1.1" 200 5201
192.168.10.96 - - [31/Mar/2017:11:25:39 -0300] "POST /cormun/servlet/trsolicitudgral?22f4f3b1437b35afff2a1a8a295a61a8,,gx-no-cache=1490973616930 HTTP/1.1" 200 6528
186.79.0.188 - - [31/Mar/2017:11:25:41 -0300] "GET /cormun/servlet/solicitudot?0e66b17e9b876e31807ac8489632033ee177968c65ca679a88e3d8c6be339450336553406c88605fc501021fab3d78566c8c53fe97eea4484c4e9b15e7bd3a7a49e9dd2d7b119c87a4757326dea57631262aba274b9afe28f773eb163c1c6065cbb11543ba63b9b5dae2c0c9edab88b7a046d91c40a315ec3e3a8bc30dcf52ecacc6b55ba53e5d6f08d3f0463d17021755442eba28fea2da55339ccf3dc8f2e861643dbc63bcef26e3c5c300f9557602,gx-no-cache=1490970405774 HTTP/1.1" 200 30
186.79.0.188 - - [31/Mar/2017:11:25:42 -0300] "POST /cormun/servlet/solicitudot?615d7228c5e58fef73d9a8309be4e71a,INS,0,0,,gx-no-cache=1490970405907 HTTP/1.1" 200 93
186.79.0.188 - - [31/Mar/2017:11:25:42 -0300] "GET /cormun/servlet/hpexe_return? HTTP/1.1" 200 1005
186.79.0.188 - - [31/Mar/2017:11:25:43 -0300] "GET /cormun/servlet/trsolicitudot HTTP/1.1" 200 8215
186.79.0.188 - - [31/Mar/2017:11:25:43 -0300] "GET /cormun/servlet/trsolicitudot HTTP/1.1" 200 8211
192.168.10.96 - - [31/Mar/2017:11:25:44 -0300] "POST /cormun/servlet/trsolicitudgral?22f4f3b1437b35afff2a1a8a295a61a8,,gx-no-cache=1490973621717 HTTP/1.1" 200 15764
186.79.0.188 - - [31/Mar/2017:11:25:48 -0300] "POST /cormun/servlet/trsolicitudot?615d7228c5e58fef73d9a8309be4e71a,gx-no-cache=1490970412028 HTTP/1.1" 200 4329
186.79.0.188 - - [31/Mar/2017:11:25:48 -0300] "GET /cormun/static/Shared/jqueryui/images/ui-bg_highlight-soft_100_c6c2c8_1x100.png HTTP/1.1" 404 1117
186.79.0.188 - - [31/Mar/2017:11:25:48 -0300] "GET /cormun/static/Shared/jqueryui/images/ui-icons_82798d_256x240.png HTTP/1.1" 404 1089
186.79.0.188 - - [31/Mar/2017:11:25:48 -0300] "GET /cormun/static/Shared/jqueryui/images/ui-bg_flat_55_fafafa_40x100.png HTTP/1.1" 404 1097
186.79.0.188 - - [31/Mar/2017:11:25:48 -0300] "GET /cormun/static/Shared/jqueryui/images/ui-icons_8d78a5_256x240.png HTTP/1.1" 404 1089
192.168.10.13 - - [31/Mar/2017:11:25:49 -0300] "GET / HTTP/1.1" 200 11217
186.79.0.188 - - [31/Mar/2017:11:25:49 -0300] "POST /cormun/servlet/trsolicitudot?615d7228c5e58fef73d9a8309be4e71a,gx-no-cache=1490970412845 HTTP/1.1" 200 4117
186.79.131.187 - - [31/Mar/2017:11:25:50 -0300] "GET /cormun/servlet/alicenciaprn?17504430,L,20170331000000,PU HTTP/1.1" 200 1555
186.79.0.188 - - [31/Mar/2017:11:26:00 -0300] "GET /cormun/servlet/trautorizarsolicitud? HTTP/1.1" 200 8142
186.79.0.188 - - [31/Mar/2017:11:26:00 -0300] "GET /cormun/servlet/trautorizarsolicitud? HTTP/1.1" 200 8142
186.79.0.188 - - [31/Mar/2017:11:26:19 -0300] "POST /cormun/servlet/trautorizarsolicitud?615d7228c5e58fef73d9a8309be4e71a,,gx-no-cache=1490970443362 HTTP/1.1" 200 4305
186.79.0.188 - - [31/Mar/2017:11:26:19 -0300] "GET /cormun/static/Shared/jqueryui/images/ui-bg_highlight-soft_100_c6c2c8_1x100.png HTTP/1.1" 404 1117
186.79.0.188 - - [31/Mar/2017:11:26:20 -0300] "GET /cormun/static/Shared/jqueryui/images/ui-icons_82798d_256x240.png HTTP/1.1" 404 1089
186.79.0.188 - - [31/Mar/2017:11:26:20 -0300] "GET /cormun/static/Shared/jqueryui/images/ui-bg_flat_55_fafafa_40x100.png HTTP/1.1" 404 1097
186.79.0.188 - - [31/Mar/2017:11:26:20 -0300] "GET /cormun/static/Shared/jqueryui/images/ui-icons_8d78a5_256x240.png HTTP/1.1" 404 1089
186.79.0.188 - - [31/Mar/2017:11:26:20 -0300] "POST /cormun/servlet/trautorizarsolicitud?615d7228c5e58fef73d9a8309be4e71a,,gx-no-cache=1490970443975 HTTP/1.1" 200 4092
192.168.10.13 - - [31/Mar/2017:11:26:49 -0300] "GET / HTTP/1.1" 200 11217
186.79.131.187 - - [31/Mar/2017:11:26:52 -0300] "POST /cormun/servlet/trlicencias?03767060aeea202f3788227f58c27dbd,gx-no-cache=1490970478539 HTTP/1.1" 200 5582
186.79.131.187 - - [31/Mar/2017:11:26:52 -0300] "GET /cormun/static/Shared/jqueryui/images/ui-bg_highlight-soft_100_c6c2c8_1x100.png HTTP/1.1" 404 1117
186.79.131.187 - - [31/Mar/2017:11:26:52 -0300] "GET /cormun/static/Shared/jqueryui/images/ui-icons_82798d_256x240.png HTTP/1.1" 404 1089
186.79.131.187 - - [31/Mar/2017:11:26:52 -0300] "GET /cormun/static/Shared/jqueryui/images/ui-bg_flat_55_fafafa_40x100.png HTTP/1.1" 404 1097
186.79.131.187 - - [31/Mar/2017:11:26:52 -0300] "GET /cormun/static/Shared/jqueryui/images/ui-icons_8d78a5_256x240.png HTTP/1.1" 404 1089
192.168.10.96 - - [31/Mar/2017:11:26:56 -0300] "POST /cormun/servlet/trsolicitudgral?22f4f3b1437b35afff2a1a8a295a61a8,,gx-no-cache=1490973693933 HTTP/1.1" 200 15766
192.168.10.96 - - [31/Mar/2017:11:27:00 -0300] "POST /cormun/servlet/trsolicitudgral?22f4f3b1437b35afff2a1a8a295a61a8,,gx-no-cache=1490973698027 HTTP/1.1" 200 5197
186.79.131.187 - - [31/Mar/2017:11:27:01 -0300] "POST /cormun/servlet/trlicencias?03767060aeea202f3788227f58c27dbd,gx-no-cache=1490970487419 HTTP/1.1" 200 5215
192.168.10.96 - - [31/Mar/2017:11:27:08 -0300] "POST /cormun/servlet/trsolicitudgral?22f4f3b1437b35afff2a1a8a295a61a8,,gx-no-cache=1490973706036 HTTP/1.1" 200 5199
192.168.10.96 - - [31/Mar/2017:11:27:11 -0300] "POST /cormun/servlet/trsolicitudgral?22f4f3b1437b35afff2a1a8a295a61a8,,gx-no-cache=1490973709273 HTTP/1.1" 200 8604
192.168.10.96 - - [31/Mar/2017:11:27:19 -0300] "POST /cormun/servlet/trsolicitudgral?22f4f3b1437b35afff2a1a8a295a61a8,,gx-no-cache=1490973717680 HTTP/1.1" 200 8608
192.168.10.96 - - [31/Mar/2017:11:27:25 -0300] "POST /cormun/servlet/trsolicitudgral?22f4f3b1437b35afff2a1a8a295a61a8,,gx-no-cache=1490973722834 HTTP/1.1" 200 9004
192.168.10.96 - - [31/Mar/2017:11:27:30 -0300] "POST /cormun/servlet/trsolicitudgral?22f4f3b1437b35afff2a1a8a295a61a8,,gx-no-cache=1490973728636 HTTP/1.1" 200 5200
192.168.10.96 - - [31/Mar/2017:11:27:35 -0300] "POST /cormun/servlet/trsolicitudgral?22f4f3b1437b35afff2a1a8a295a61a8,,gx-no-cache=1490973732823 HTTP/1.1" 200 5202
192.168.10.96 - - [31/Mar/2017:11:27:40 -0300] "POST /cormun/servlet/trsolicitudgral?22f4f3b1437b35afff2a1a8a295a61a8,,gx-no-cache=1490973738013 HTTP/1.1" 200 6533
192.168.10.96 - - [31/Mar/2017:11:27:45 -0300] "POST /cormun/servlet/trsolicitudgral?22f4f3b1437b35afff2a1a8a295a61a8,,gx-no-cache=1490973742035 HTTP/1.1" 200 21458
192.168.10.13 - - [31/Mar/2017:11:27:49 -0300] "GET / HTTP/1.1" 200 11217
186.79.131.187 - - [31/Mar/2017:11:28:01 -0300] "GET /cormun/servlet/licenciaspermisos?UPD,7887122,L,20170331000000, HTTP/1.1" 200 7412
186.79.131.187 - - [31/Mar/2017:11:28:01 -0300] "GET /cormun/servlet/licenciaspermisos?UPD,7887122,L,20170331000000, HTTP/1.1" 200 7412
186.79.131.187 - - [31/Mar/2017:11:28:02 -0300] "GET /cormun/servlet/licenciaspermisos?c320ef58b20f4891056005a5f46af443a47060584f7789963bfbe96a30396a1ae0047a8f40f62c66fd759e4134aae719,gx-no-cache=1490970549074 HTTP/1.1" 200 66
186.79.131.187 - - [31/Mar/2017:11:28:06 -0300] "GET /cormun/servlet/licenciaspermisos?c320ef58b20f4891056005a5f46af443e0ec8f04c7b0ad754f10c38753c76f35876d02fa63f6f42a4b0853848c17220a7ac2b62dba198128d9f5e6d4037e00cbfc720bd18ba4ecde1f33ae5093f5e430e3e795ba4b8c6e7e4c05358a47440011b2bf7fa23c461426acd07be4b666ca784eb4e6bf7b140a8410fd97c7c3b87072bdbce087bbe9bc528ccbe95c624e1d8ebe82d04a595a702f962f18aa2bcf6324cb8ba2501251f319cb1308d9c42521b207e12a9d6885bd0049a62dd12154496abca67a0ede71e155d09e723d8dd79ed70bce7a742f9c929780d5b1a6a7200c6e,gx-no-cache=1490970553082 HTTP/1.1" 200 30
186.79.131.187 - - [31/Mar/2017:11:28:06 -0300] "GET /cormun/servlet/licenciaspermisos?c320ef58b20f4891056005a5f46af4434cdee55e60897bc208003d672e41d1ea8f480e0a9ebbc365f45d6cd9f885428ffb9e2ff243c66b0a5b9a2016984cdab7cc6021b0eba4a34e4aab6bbf66b3680da5f6ba34ff9827c68e3bbce93d4bea885a334cfc9246b1748a5f260ddb1ac0f67f340a3f3c2a278dbc60085611fd40d253fb8749dd48e69e8f680be40965ff50f3894f6ac65966bd933f3636a4bf2e3c02250d453c73a76df14bd4a468ac9cff826b546367b7e45e17cbdcb8fa5de41abe96f18ae6ed2d8d86b0b96e57526a5fc93c26a6bde5473ddd0b466b5b8162e0,gx-no-cache=1490970553187 HTTP/1.1" 200 29
186.79.131.187 - - [31/Mar/2017:11:28:06 -0300] "POST /cormun/servlet/licenciaspermisos?03767060aeea202f3788227f58c27dbd,UPD,7887122,L,20170331000000,,gx-no-cache=1490970553281 HTTP/1.1" 200 93
186.79.131.187 - - [31/Mar/2017:11:28:06 -0300] "GET /cormun/servlet/hpexe_return? HTTP/1.1" 200 1047
186.79.131.187 - - [31/Mar/2017:11:28:07 -0300] "GET /cormun/servlet/trlicencias?gx-no-cache=1490970487419 HTTP/1.1" 200 7864
186.79.131.187 - - [31/Mar/2017:11:28:07 -0300] "GET /cormun/servlet/trlicencias?gx-no-cache=1490970487419 HTTP/1.1" 200 7880
186.79.131.187 - - [31/Mar/2017:11:28:12 -0300] "GET /cormun/servlet/alicenciaprn?7887122,L,20170331000000,PU HTTP/1.1" 200 1574
192.168.10.96 - - [31/Mar/2017:11:28:13 -0300] "POST /cormun/servlet/trsolicitudgral?22f4f3b1437b35afff2a1a8a295a61a8,,gx-no-cache=1490973770073 HTTP/1.1" 200 21459
192.168.10.13 - - [31/Mar/2017:11:28:49 -0300] "GET / HTTP/1.1" 200 11217
186.79.131.187 - - [31/Mar/2017:11:29:04 -0300] "POST /cormun/servlet/trlicencias?03767060aeea202f3788227f58c27dbd,gx-no-cache=1490970487419,gx-no-cache=1490970611120 HTTP/1.1" 200 4053
186.79.131.187 - - [31/Mar/2017:11:29:05 -0300] "GET /cormun/static/Shared/jqueryui/images/ui-bg_highlight-soft_100_c6c2c8_1x100.png HTTP/1.1" 404 1117
186.79.131.187 - - [31/Mar/2017:11:29:05 -0300] "GET /cormun/static/Shared/jqueryui/images/ui-icons_82798d_256x240.png HTTP/1.1" 404 1089
186.79.131.187 - - [31/Mar/2017:11:29:05 -0300] "GET /cormun/static/Shared/jqueryui/images/ui-bg_flat_55_fafafa_40x100.png HTTP/1.1" 404 1097
186.79.131.187 - - [31/Mar/2017:11:29:05 -0300] "GET /cormun/static/Shared/jqueryui/images/ui-icons_8d78a5_256x240.png HTTP/1.1" 404 1089
192.168.10.13 - - [31/Mar/2017:11:29:49 -0300] "GET / HTTP/1.1" 200 11217
192.168.10.13 - - [31/Mar/2017:11:30:49 -0300] "GET / HTTP/1.1" 200 11217
207.46.13.23 - - [31/Mar/2017:11:31:21 -0300] "GET /cormun/servlet/solicitudotadjuntos?41f0ebcc4c9e3b3d1fa616db68a0acf2,INS,2016,2923,,1,&_escaped_fragment_= HTTP/1.1" 200 5061
207.46.13.23 - - [31/Mar/2017:11:31:22 -0300] "GET /cormun/servlet/licenciaspermisos?DLT,7109486,L,20170301000000,_escaped_fragment_%3D HTTP/1.1" 200 6067
207.46.13.23 - - [31/Mar/2017:11:31:22 -0300] "GET /cormun/servlet/trsolicitudot HTTP/1.1" 200 6048
207.46.13.23 - - [31/Mar/2017:11:31:23 -0300] "GET /cormun/static/PXToolsJavascripts/PXToolsJavascriptsRender.js HTTP/1.1" 200 367
207.46.13.23 - - [31/Mar/2017:11:31:23 -0300] "GET /cormun/static/gxgralSD.js?85251 HTTP/1.1" 200 20927
207.46.13.23 - - [31/Mar/2017:11:31:23 -0300] "GET /cormun/static/hpexe_messagegenexuscomponent.js?201731711335537 HTTP/1.1" 200 587
207.46.13.23 - - [31/Mar/2017:11:31:24 -0300] "GET /cormun/static/PXToolsJavascripts/PXToolsJavascriptsRender.js HTTP/1.1" 200 367
207.46.13.23 - - [31/Mar/2017:11:31:24 -0300] "GET /cormun/static/gxgralSD.js?85251 HTTP/1.1" 200 20927
207.46.13.23 - - [31/Mar/2017:11:31:25 -0300] "GET /cormun/static/hpexe_messagegenexuscomponent.js?201731711335537 HTTP/1.1" 200 587
207.46.13.23 - - [31/Mar/2017:11:31:25 -0300] "GET /cormun/static/PXToolsJavascripts/PXToolsJavascriptsRender.js HTTP/1.1" 200 367
207.46.13.23 - - [31/Mar/2017:11:31:25 -0300] "GET /cormun/static/hpexe_messagegenexuscomponent.js?201731711335537 HTTP/1.1" 200 587
192.168.10.13 - - [31/Mar/2017:11:31:48 -0300] "GET / HTTP/1.1" 200 11217
192.168.10.13 - - [31/Mar/2017:11:32:48 -0300] "GET / HTTP/1.1" 200 11217
192.168.10.13 - - [31/Mar/2017:11:33:48 -0300] "GET / HTTP/1.1" 200 11217
192.168.10.13 - - [31/Mar/2017:11:34:48 -0300] "GET / HTTP/1.1" 200 11217
192.168.10.13 - - [31/Mar/2017:11:35:48 -0300] "GET / HTTP/1.1" 200 11217
192.168.10.13 - - [31/Mar/2017:11:36:48 -0300] "GET / HTTP/1.1" 200 11217
192.168.10.13 - - [31/Mar/2017:11:37:48 -0300] "GET / HTTP/1.1" 200 11217
192.168.10.13 - - [31/Mar/2017:11:38:48 -0300] "GET / HTTP/1.1" 200 11217
186.103.196.84 - - [31/Mar/2017:11:39:15 -0300] "POST /cormun/servlet/trlicencias?1de43321e876b558e237d20c629882b5,,gx-no-cache=1490971220071 HTTP/1.1" 440 972
186.103.196.90 - - [31/Mar/2017:11:39:19 -0300] "GET /cormun/servlet/trlicencias? HTTP/1.1" 200 5966
186.67.84.234 - - [31/Mar/2017:11:39:20 -0300] "GET /cormun/servlet/hlogin HTTP/1.1" 200 1739
186.103.196.90 - - [31/Mar/2017:11:39:20 -0300] "GET /cormun/servlet/trlicencias? HTTP/1.1" 200 5966
186.67.84.234 - - [31/Mar/2017:11:39:21 -0300] "POST /cormun/servlet/hlogin?0e36c19597e1765c18ee51321f52606b,gx-no-cache=1490971226157 HTTP/1.1" 200 90
186.67.84.234 - - [31/Mar/2017:11:39:21 -0300] "GET /cormun/servlet/hpexe_link HTTP/1.1" 200 955
186.67.84.234 - - [31/Mar/2017:11:39:22 -0300] "GET /cormun/servlet/trlicencias HTTP/1.1" 200 6629
186.67.84.234 - - [31/Mar/2017:11:39:22 -0300] "GET /cormun/servlet/trlicencias HTTP/1.1" 200 6627
192.168.10.13 - - [31/Mar/2017:11:39:48 -0300] "GET / HTTP/1.1" 200 11217
200.111.191.210 - - [31/Mar/2017:11:40:06 -0300] "GET /cormun/servlet/hlogin HTTP/1.1" 200 1720
200.111.191.210 - - [31/Mar/2017:11:40:06 -0300] "GET /cormun/static/Resources/Spanish/PXTools.css?11294912 HTTP/1.1" 304 -
200.111.191.210 - - [31/Mar/2017:11:40:06 -0300] "GET /cormun/static/gxcfg.js?201731711485472 HTTP/1.1" 304 -
200.111.191.210 - - [31/Mar/2017:11:40:06 -0300] "GET /cormun/static/messages.spa.js?85251 HTTP/1.1" 304 -
200.111.191.210 - - [31/Mar/2017:11:40:06 -0300] "GET /cormun/static/hlogin.js?201731711485490 HTTP/1.1" 304 -
200.111.191.210 - - [31/Mar/2017:11:40:37 -0300] "POST /cormun/servlet/hlogin?b6bde8032a38039a6b036ca147cae94f,gx-no-cache=1490974809362 HTTP/1.1" 200 90
200.111.191.210 - - [31/Mar/2017:11:40:37 -0300] "GET /cormun/servlet/hpexe_link HTTP/1.1" 200 951
200.111.191.210 - - [31/Mar/2017:11:40:37 -0300] "GET /cormun/static/gxcfg.js?201731711483381 HTTP/1.1" 200 953
200.111.191.210 - - [31/Mar/2017:11:40:37 -0300] "GET /cormun/static/hpexe_link.js?201731711483384 HTTP/1.1" 304 -
200.111.191.210 - - [31/Mar/2017:11:40:37 -0300] "GET /cormun/servlet/hhome HTTP/1.1" 200 3751
200.111.191.210 - - [31/Mar/2017:11:40:37 -0300] "GET /cormun/static/gxcfg.js?201731711483497 HTTP/1.1" 200 953
200.111.191.210 - - [31/Mar/2017:11:40:37 -0300] "GET /cormun/static/hwchdr01.js?201731711335950 HTTP/1.1" 304 -
200.111.191.210 - - [31/Mar/2017:11:40:37 -0300] "GET /cormun/static/hhome.js?20173171148352 HTTP/1.1" 304 -
200.111.191.210 - - [31/Mar/2017:11:40:37 -0300] "GET /cormun/static/hpexe_recentlink.js?201610171694390 HTTP/1.1" 304 -
200.111.191.210 - - [31/Mar/2017:11:40:37 -0300] "GET /cormun/static/hpexe_scripts.js?201731711335890 HTTP/1.1" 304 -
200.111.191.210 - - [31/Mar/2017:11:40:37 -0300] "GET /cormun/static/hpexe_messagepopupcomponent.js?20161017169425 HTTP/1.1" 304 -
200.111.191.210 - - [31/Mar/2017:11:40:37 -0300] "GET /cormun/static/hpexe_messagecontroller.js?201610171694323 HTTP/1.1" 304 -
200.111.191.210 - - [31/Mar/2017:11:40:37 -0300] "GET /cormun/static/hpexe_messagegenexuscomponent.js?201731711335537 HTTP/1.1" 304 -
200.111.191.210 - - [31/Mar/2017:11:40:37 -0300] "GET /cormun/static/cmcontrolpreferences.js?201731711335852 HTTP/1.1" 304 -
200.111.191.210 - - [31/Mar/2017:11:40:37 -0300] "GET /cormun/static/hmpwkw03.js?201731711485354 HTTP/1.1" 304 -
200.111.191.210 - - [31/Mar/2017:11:40:37 -0300] "GET /cormun/servlet/hhome HTTP/1.1" 200 3748
200.111.191.210 - - [31/Mar/2017:11:40:41 -0300] "GET /cormun/servlet/trsolicitudot? HTTP/1.1" 200 8008
200.111.191.210 - - [31/Mar/2017:11:40:41 -0300] "GET /cormun/static/gxcfg.js?201731711505139 HTTP/1.1" 304 -
200.111.191.210 - - [31/Mar/2017:11:40:41 -0300] "GET /cormun/servlet/trsolicitudot? HTTP/1.1" 200 8006
186.103.196.90 - - [31/Mar/2017:11:40:43 -0300] "GET /cormun/servlet/licenciaspermisos?INS,0,,, HTTP/1.1" 200 7358
186.103.196.90 - - [31/Mar/2017:11:40:44 -0300] "GET /cormun/servlet/licenciaspermisos?INS,0,,, HTTP/1.1" 200 7357
200.111.191.210 - - [31/Mar/2017:11:40:44 -0300] "GET /cormun/servlet/solicitudot?INS,0,0, HTTP/1.1" 200 12545
200.111.191.210 - - [31/Mar/2017:11:40:44 -0300] "GET /cormun/static/Resources/Spanish/PXTools.css?18365030 HTTP/1.1" 304 -
200.111.191.210 - - [31/Mar/2017:11:40:44 -0300] "GET /cormun/static/gxcfg.js?20171191042720 HTTP/1.1" 304 -
200.111.191.210 - - [31/Mar/2017:11:40:45 -0300] "GET /cormun/servlet/solicitudot?INS,0,0, HTTP/1.1" 200 12549
190.151.99.26 - - [31/Mar/2017:11:40:46 -0300] "GET /cormun/servlet/prfichaempleado?,MD,,gxPopupLevel%3D0%3B HTTP/1.1" 200 8790
200.111.191.210 - - [31/Mar/2017:11:40:47 -0300] "GET /cormun/static/Resources/resize.gif HTTP/1.1" 200 77
192.168.10.13 - - [31/Mar/2017:11:40:48 -0300] "GET / HTTP/1.1" 200 11217
200.111.191.210 - - [31/Mar/2017:11:40:48 -0300] "GET /cormun/servlet/prfichaempleado?,MD,,gxPopupLevel%3D0%3B HTTP/1.1" 200 8767
200.111.191.210 - - [31/Mar/2017:11:40:48 -0300] "GET /cormun/static/gxcfg.js?2017319125415 HTTP/1.1" 200 953
200.111.191.210 - - [31/Mar/2017:11:40:48 -0300] "GET /cormun/static/Resources/PXToolsMenuSearch.png HTTP/1.1" 200 2914
200.111.191.210 - - [31/Mar/2017:11:40:48 -0300] "GET /cormun/static/Resources/PXToolsMenuSearchCancel.png HTTP/1.1" 200 2972
200.111.191.210 - - [31/Mar/2017:11:40:56 -0300] "POST /cormun/servlet/prfichaempleado?b6bde8032a38039a6b036ca147cae94f,,MD,,gxPopupLevel%3D0%3B,gx-no-cache=1490974828489 HTTP/1.1" 200 3389
200.111.191.210 - - [31/Mar/2017:11:41:00 -0300] "POST /cormun/servlet/solicitudot?gx-no-cache=1490974832424 HTTP/1.1" 200 3176
200.111.191.210 - - [31/Mar/2017:11:41:00 -0300] "POST /cormun/servlet/solicitudot?b6bde8032a38039a6b036ca147cae94f,INS,0,0,,gx-no-cache=1490974832602 HTTP/1.1" 200 9749
190.151.124.170 - - [31/Mar/2017:11:41:01 -0300] "POST /cormun/servlet/prfichaempleado?0e36c19597e1765c18ee51321f52606b,,MD,,gxPopupLevel%3D0%3B,gx-no-cache=1490971325566 HTTP/1.1" 200 3409
200.111.191.210 - - [31/Mar/2017:11:41:03 -0300] "GET /cormun/servlet/solicitudot?4e000ffc685050da24d979160c7ead49701f19758127f2e285eb77fcabda859685844ad8a2e444a21fc300c5e0fc0c5e,gx-no-cache=1490974835369 HTTP/1.1" 200 30
200.111.191.210 - - [31/Mar/2017:11:41:03 -0300] "POST /cormun/servlet/solicitudot?gx-no-cache=1490974835436 HTTP/1.1" 200 240
200.111.191.210 - - [31/Mar/2017:11:41:03 -0300] "GET /cormun/servlet/solicitudot?4e000ffc685050da24d979160c7ead49aeb733c0127ba91e441a13e3acef9da6a3260f6774f7f8051c90a6156e2833279f3dd6d760f89560b888d0f030e1fd14d40d5170f412d6c0804bea777c2c32154fe8fc0d0fdfd907de1d5791bf8a6fc65f9d104700bbc502cdfdd491ac2b6b5111088aeba2b7cb84f1f5375492ff93e05d786f0a17aded600b272bf39d85ba9d742f9f073d6a9a6018be4e6518597ab2c8af17031a9b2a7042d60be6a51a68cc28f28e2b7d3f9d189554b453625f259103b121de2b4cd9c9c0313a04d66a2d6c406438368de1b3d17c2c31155d1e3b2c444b825cf6f717bc7788f86228b8c5ae55dabef437ab9ce17bd51efb6da8b909ca8f02ab974ec808cb06e0ac74fa838dc28dc0341b1cde27f27b6b1bc0704cfbdd0b17fbaca6bf7d26812e0bd8b144c7d630b793e868f5982da838dad51364a577ecd3a5b24efd382126ef10727bd330d6625fb92be677925ba8679235435f3bbfbd0af33fb7001a60b59d2cbb021742991c0a6b3e8f32dd401d77037ac79ca6,gx-no-cache=1490974835509 HTTP/1.1" 200 30
200.111.191.210 - - [31/Mar/2017:11:41:05 -0300] "POST /cormun/servlet/solicitudot?gx-no-cache=1490974837658 HTTP/1.1" 200 30
190.151.124.170 - - [31/Mar/2017:11:41:06 -0300] "GET /cormun/servlet/licenciaspermisos?ac1d6a7a44591b032e9f58cbd72f94057da365e33c60d41aa9bfdd9541aea3504030fd7f042cff2443b1ed51e0545608,gx-no-cache=1490971330495 HTTP/1.1" 200 65
190.151.124.170 - - [31/Mar/2017:11:41:07 -0300] "POST /cormun/servlet/licenciaspermisos?0e36c19597e1765c18ee51321f52606b,INS,0,,,,gx-no-cache=1490971330892 HTTP/1.1" 200 4612
200.111.191.210 - - [31/Mar/2017:11:41:07 -0300] "POST /cormun/servlet/solicitudot?gx-no-cache=1490974840264 HTTP/1.1" 200 235
200.111.191.210 - - [31/Mar/2017:11:41:07 -0300] "POST /cormun/servlet/solicitudot?gx-no-cache=1490974840325 HTTP/1.1" 200 38
200.111.191.210 - - [31/Mar/2017:11:41:15 -0300] "GET /cormun/servlet/solicitudot?4e000ffc685050da24d979160c7ead49644f1eb3093b11a44ee0317495386daf18168ee3789a34bcb47b7348b94bfb682a879dacb9a0cec399c96738cde5ce43acf34f6c1f40f7b8e8e8b3b86d75367125aba259d3198a5429cdcb6268c0c6079e3bc3af894de22b700b98b298c8be72051de1f187724f7523d85935a91c56718e2cdbd43c80b3f8c6a4b927ad094f331c635575b834e8dba2f9e1d2148cd9f8,gx-no-cache=1490974848006 HTTP/1.1" 200 29
200.111.191.210 - - [31/Mar/2017:11:41:15 -0300] "POST /cormun/servlet/solicitudot?gx-no-cache=1490974848060 HTTP/1.1" 200 643
200.111.191.210 - - [31/Mar/2017:11:41:16 -0300] "POST /cormun/servlet/solicitudot?gx-no-cache=1490974848950 HTTP/1.1" 200 1157
200.111.191.210 - - [31/Mar/2017:11:41:32 -0300] "GET /cormun/servlet/solicitudot?4e000ffc685050da24d979160c7ead49f51ee3231edd413128b9930d6e22b6a06bb9826349bdebdc1028c35e2518a36df62e8b99d51676acbbd8b5c09f9a4a1aee9d04fd4e6437161ec0bc82f17cfa2be3f62cc1053b30ae96f69d0eaff65cd777ddd33db86516befeb8349356e411ba84fe0bfddf9abeb2aa64923d6c59b1564737cef3e7d2ddbd35938dc71c2ca14386e6956af93a66e26e1599a0ec595b0cbd114c4861d34c5fa9cc2825e2ccbc57,gx-no-cache=1490974864740 HTTP/1.1" 200 30
186.103.196.84 - - [31/Mar/2017:11:41:38 -0300] "GET /cormun/static/menuarrow.gif HTTP/1.1" 404 1015
200.111.191.210 - - [31/Mar/2017:11:41:39 -0300] "POST /cormun/servlet/solicitudot?b6bde8032a38039a6b036ca147cae94f,INS,0,0,,gx-no-cache=1490974871871 HTTP/1.1" 200 93
200.111.191.210 - - [31/Mar/2017:11:41:39 -0300] "GET /cormun/servlet/hpexe_return? HTTP/1.1" 200 1005
200.111.191.210 - - [31/Mar/2017:11:41:39 -0300] "GET /cormun/static/Resources/Spanish/PXTools.css?167811 HTTP/1.1" 304 -
200.111.191.210 - - [31/Mar/2017:11:41:40 -0300] "GET /cormun/static/gxcfg.js?2016101716175148 HTTP/1.1" 200 953
200.111.191.210 - - [31/Mar/2017:11:41:40 -0300] "GET /cormun/static/hpexe_return.js?2016101716175153 HTTP/1.1" 304 -
200.111.191.210 - - [31/Mar/2017:11:41:40 -0300] "GET /cormun/servlet/trsolicitudot HTTP/1.1" 200 8459
200.111.191.210 - - [31/Mar/2017:11:41:40 -0300] "GET /cormun/servlet/trsolicitudot HTTP/1.1" 200 8455
200.111.191.210 - - [31/Mar/2017:11:41:45 -0300] "GET /cormun/servlet/solicitudot?INS,0,0, HTTP/1.1" 200 12545
200.111.191.210 - - [31/Mar/2017:11:41:45 -0300] "GET /cormun/servlet/solicitudot?INS,0,0, HTTP/1.1" 200 12549
192.168.10.13 - - [31/Mar/2017:11:41:48 -0300] "GET / HTTP/1.1" 200 11217
200.111.191.210 - - [31/Mar/2017:11:41:49 -0300] "GET /cormun/servlet/prfichaempleado?,MD,,gxPopupLevel%3D0%3B HTTP/1.1" 200 8767
200.111.191.210 - - [31/Mar/2017:11:41:57 -0300] "POST /cormun/servlet/prfichaempleado?b6bde8032a38039a6b036ca147cae94f,,MD,,gxPopupLevel%3D0%3B,gx-no-cache=1490974889931 HTTP/1.1" 200 3389
200.111.191.210 - - [31/Mar/2017:11:42:01 -0300] "POST /cormun/servlet/solicitudot?gx-no-cache=1490974893464 HTTP/1.1" 200 3176
200.111.191.210 - - [31/Mar/2017:11:42:01 -0300] "POST /cormun/servlet/solicitudot?b6bde8032a38039a6b036ca147cae94f,INS,0,0,,gx-no-cache=1490974894105 HTTP/1.1" 200 9749
200.111.191.210 - - [31/Mar/2017:11:42:11 -0300] "GET /cormun/servlet/solicitudot?4e000ffc685050da24d979160c7ead49701f19758127f2e285eb77fcabda859685844ad8a2e444a21fc300c5e0fc0c5e,gx-no-cache=1490974903432 HTTP/1.1" 200 30
200.111.191.210 - - [31/Mar/2017:11:42:11 -0300] "POST /cormun/servlet/solicitudot?gx-no-cache=1490974903505 HTTP/1.1" 200 240
200.111.191.210 - - [31/Mar/2017:11:42:11 -0300] "GET /cormun/servlet/solicitudot?4e000ffc685050da24d979160c7ead49aeb733c0127ba91e441a13e3acef9da6a3260f6774f7f8051c90a6156e2833279f3dd6d760f89560b888d0f030e1fd14d40d5170f412d6c0804bea777c2c32154fe8fc0d0fdfd907de1d5791bf8a6fc65f9d104700bbc502cdfdd491ac2b6b5111088aeba2b7cb84f1f5375492ff93e05d786f0a17aded600b272bf39d85ba9d742f9f073d6a9a6018be4e6518597ab2c8af17031a9b2a7042d60be6a51a68cc28f28e2b7d3f9d189554b453625f259103b121de2b4cd9c9c0313a04d66a2d6c406438368de1b3d17c2c31155d1e3b2c444b825cf6f717bc7788f86228b8c5ae55dabef437ab9ce17bd51efb6da8b909ca8f02ab974ec808cb06e0ac74fa838dc28dc0341b1cde27f27b6b1bc0704cfbdd0b17fbaca6bf7d26812e0bd8b144c7d630b793e868f5982da838dad51364a577ecd3a5b24efd382126ef10727bd330d6625fb92be677925ba8679235435f3bbfbd0af33fb7001a60b59d2cbb021742991c0a6b3e8f32dd401d77037ac79ca6,gx-no-cache=1490974903581 HTTP/1.1" 200 30
200.111.191.210 - - [31/Mar/2017:11:42:11 -0300] "POST /cormun/servlet/solicitudot?gx-no-cache=1490974903643 HTTP/1.1" 200 30
200.111.191.210 - - [31/Mar/2017:11:42:11 -0300] "POST /cormun/servlet/solicitudot?gx-no-cache=1490974903720 HTTP/1.1" 200 235
200.111.191.210 - - [31/Mar/2017:11:42:11 -0300] "POST /cormun/servlet/solicitudot?gx-no-cache=1490974903813 HTTP/1.1" 200 38
186.79.6.98 - - [31/Mar/2017:11:42:19 -0300] "GET /cormun/servlet/trsolicitudot? HTTP/1.1" 200 6068
186.79.6.98 - - [31/Mar/2017:11:42:19 -0300] "GET /cormun/static/gxcfg.js?201731711505139 HTTP/1.1" 200 953
200.111.191.210 - - [31/Mar/2017:11:42:20 -0300] "POST /cormun/servlet/solicitudot?gx-no-cache=1490974912721 HTTP/1.1" 200 30
186.79.6.98 - - [31/Mar/2017:11:42:21 -0300] "GET /cormun/static/trsolicitudot.js?20173171151116 HTTP/1.1" 304 -
186.79.6.98 - - [31/Mar/2017:11:42:21 -0300] "GET /cormun/servlet/trsolicitudot? HTTP/1.1" 200 6064
186.79.6.98 - - [31/Mar/2017:11:42:21 -0300] "GET /cormun/servlet/hlogin HTTP/1.1" 200 1741
186.79.6.98 - - [31/Mar/2017:11:42:22 -0300] "GET /cormun/static/gxcfg.js?201731711485472 HTTP/1.1" 304 -
200.111.191.210 - - [31/Mar/2017:11:42:22 -0300] "POST /cormun/servlet/solicitudot?gx-no-cache=1490974915253 HTTP/1.1" 200 656
200.111.191.210 - - [31/Mar/2017:11:42:24 -0300] "POST /cormun/servlet/solicitudot?gx-no-cache=1490974915328 HTTP/1.1" 200 38
200.111.191.210 - - [31/Mar/2017:11:42:30 -0300] "GET /cormun/servlet/solicitudot?4e000ffc685050da24d979160c7ead49644f1eb3093b11a44ee0317495386daf18168ee3789a34bcb47b7348b94bfb682a879dacb9a0cec399c96738cde5ce43acf34f6c1f40f7b8e8e8b3b86d75367125aba259d3198a5429cdcb6268c0c6079e3bc3af894de22b700b98b298c8be72051de1f187724f7523d85935a91c56718e2cdbd43c80b3f8c6a4b927ad094f331c635575b834e8dba2f9e1d2148cd9f8,gx-no-cache=1490974923288 HTTP/1.1" 200 29
200.111.191.210 - - [31/Mar/2017:11:42:31 -0300] "POST /cormun/servlet/solicitudot?gx-no-cache=1490974923351 HTTP/1.1" 200 643
200.111.191.210 - - [31/Mar/2017:11:42:32 -0300] "POST /cormun/servlet/solicitudot?gx-no-cache=1490974924834 HTTP/1.1" 200 1157
186.79.6.98 - - [31/Mar/2017:11:42:37 -0300] "POST /cormun/servlet/hlogin?51b68af6c26e35efea9da349022b07ea,gx-no-cache=1490975020261 HTTP/1.1" 200 90
186.79.6.98 - - [31/Mar/2017:11:42:39 -0300] "GET /cormun/servlet/hpexe_link HTTP/1.1" 200 959
186.79.6.98 - - [31/Mar/2017:11:42:40 -0300] "GET /cormun/static/gxcfg.js?201731711483381 HTTP/1.1" 304 -
186.79.6.98 - - [31/Mar/2017:11:42:40 -0300] "GET /cormun/servlet/trsolicitudot HTTP/1.1" 200 6762
186.79.6.98 - - [31/Mar/2017:11:42:41 -0300] "GET /cormun/servlet/trsolicitudot HTTP/1.1" 200 6760
192.168.10.13 - - [31/Mar/2017:11:42:48 -0300] "GET / HTTP/1.1" 200 11217
200.111.191.210 - - [31/Mar/2017:11:42:53 -0300] "GET /cormun/servlet/solicitudot?4e000ffc685050da24d979160c7ead49f51ee3231edd413128b9930d6e22b6a06bb9826349bdebdc1028c35e2518a36df62e8b99d51676acbbd8b5c09f9a4a1aee9d04fd4e6437161ec0bc82f17cfa2be3f62cc1053b30ae96f69d0eaff65cd777ddd33db86516befeb8349356e411ba84fe0bfddf9abeb2aa64923d6c59b1564737cef3e7d2ddbd35938dc71c2ca143ac92ee5ac728f360db180d2b1e9c93d8bd114c4861d34c5fa9cc2825e2ccbc57,gx-no-cache=1490974946211 HTTP/1.1" 200 30
200.111.191.210 - - [31/Mar/2017:11:43:02 -0300] "POST /cormun/servlet/solicitudot?b6bde8032a38039a6b036ca147cae94f,INS,0,0,,gx-no-cache=1490974953798 HTTP/1.1" 200 93
