186.103.159.182 - - [31/Mar/2017:10:57:26 -0300] "GET /cormun/servlet/hpexe_link HTTP/1.1" 200 976
186.103.159.182 - - [31/Mar/2017:10:57:27 -0300] "GET /cormun/servlet/trrenuncias HTTP/1.1" 200 7485
186.103.159.182 - - [31/Mar/2017:10:57:28 -0300] "GET /cormun/servlet/trrenuncias HTTP/1.1" 200 7483
186.103.156.24 - - [31/Mar/2017:10:57:37 -0300] "GET /cormun/servlet/hlogin HTTP/1.1" 200 1726
186.103.156.24 - - [31/Mar/2017:10:57:38 -0300] "GET /cormun/static/Resources/Spanish/PXTools.css?11294912 HTTP/1.1" 304 -
186.103.156.24 - - [31/Mar/2017:10:57:38 -0300] "GET /cormun/static/gxtimezone.js?85251 HTTP/1.1" 304 -
186.103.156.24 - - [31/Mar/2017:10:57:38 -0300] "GET /cormun/static/messages.spa.js?85251 HTTP/1.1" 200 30736
186.103.156.24 - - [31/Mar/2017:10:57:38 -0300] "GET /cormun/static/gxcfg.js?201731711485472 HTTP/1.1" 200 953
186.103.156.24 - - [31/Mar/2017:10:57:38 -0300] "GET /cormun/static/hlogin.js?201731711485490 HTTP/1.1" 304 -
186.103.156.24 - - [31/Mar/2017:10:57:39 -0300] "GET /cormun/servlet/hlogin HTTP/1.1" 200 1737
186.103.159.182 - - [31/Mar/2017:10:57:41 -0300] "GET /cormun/servlet/arenunciaprn?14,PU HTTP/1.1" 200 1550
192.168.10.13 - - [31/Mar/2017:10:57:49 -0300] "GET / HTTP/1.1" 200 11217
186.103.159.182 - - [31/Mar/2017:10:58:32 -0300] "GET /cormun/servlet/trrenuncias? HTTP/1.1" 200 7483
186.103.159.182 - - [31/Mar/2017:10:58:34 -0300] "GET /cormun/servlet/trrenuncias? HTTP/1.1" 200 7483
186.103.159.182 - - [31/Mar/2017:10:58:40 -0300] "GET /cormun/servlet/renuncias?INS,0, HTTP/1.1" 200 6174
186.103.159.182 - - [31/Mar/2017:10:58:41 -0300] "GET /cormun/servlet/renuncias?INS,0, HTTP/1.1" 200 6175
186.103.159.182 - - [31/Mar/2017:10:58:45 -0300] "GET /cormun/servlet/renuncias?eb434536f724a83a60dabae3d22691b8fae067b07f57938bf231e0800edc4f13c86273069d4c2d7e1688d91df8b8fa57,gx-no-cache=1490968792664 HTTP/1.1" 200 33
192.168.10.13 - - [31/Mar/2017:10:58:49 -0300] "GET / HTTP/1.1" 200 11217
186.103.159.182 - - [31/Mar/2017:10:58:50 -0300] "GET /cormun/servlet/prfichaempleado?,MD,,gxPopupLevel%3D0%3B HTTP/1.1" 200 8896
186.103.159.182 - - [31/Mar/2017:10:58:50 -0300] "GET /cormun/static/prfichaempleado.js?20173191254344 HTTP/1.1" 304 -
186.103.159.182 - - [31/Mar/2017:10:59:00 -0300] "POST /cormun/servlet/prfichaempleado?973b5c67b6539f90db3d90eff6749bc2,,MD,,gxPopupLevel%3D0%3B,gx-no-cache=1490968807753 HTTP/1.1" 200 3400
186.103.159.182 - - [31/Mar/2017:10:59:05 -0300] "GET /cormun/servlet/renuncias?eb434536f724a83a60dabae3d22691b80d7794c231972dbe588242bf6e830c01acc7651602f0e9ec2102f2601a7fbafd,gx-no-cache=1490968812246 HTTP/1.1" 200 64
186.103.159.182 - - [31/Mar/2017:10:59:09 -0300] "GET /cormun/servlet/prcontrato?17756493,,,MD,,gxPopupLevel%3D0%3B HTTP/1.1" 200 6026
186.103.159.182 - - [31/Mar/2017:10:59:22 -0300] "POST /cormun/servlet/renuncias?973b5c67b6539f90db3d90eff6749bc2,INS,0,,gx-no-cache=1490968829263 HTTP/1.1" 200 93
186.103.159.182 - - [31/Mar/2017:10:59:22 -0300] "GET /cormun/servlet/hpexe_return? HTTP/1.1" 200 1009
186.103.159.182 - - [31/Mar/2017:10:59:22 -0300] "GET /cormun/servlet/trrenuncias HTTP/1.1" 200 7645
186.103.159.182 - - [31/Mar/2017:10:59:23 -0300] "GET /cormun/servlet/trrenuncias HTTP/1.1" 200 7641
192.168.10.13 - - [31/Mar/2017:10:59:49 -0300] "GET / HTTP/1.1" 200 11217
200.54.247.69 - - [31/Mar/2017:11:00:46 -0300] "GET /cormun/servlet/hlogin HTTP/1.1" 200 1727
200.54.247.69 - - [31/Mar/2017:11:00:46 -0300] "GET /cormun/static/gxtimezone.js?85251 HTTP/1.1" 304 -
200.54.247.69 - - [31/Mar/2017:11:00:46 -0300] "GET /cormun/static/Resources/Spanish/PXTools.css?11294912 HTTP/1.1" 304 -
200.54.247.69 - - [31/Mar/2017:11:00:46 -0300] "GET /cormun/static/Resources/ComunLogin.png HTTP/1.1" 304 -
200.54.247.69 - - [31/Mar/2017:11:00:46 -0300] "GET /cormun/static/gxcfg.js?201731711485472 HTTP/1.1" 304 -
200.54.247.69 - - [31/Mar/2017:11:00:46 -0300] "GET /cormun/static/gxgral.js?85251 HTTP/1.1" 304 -
200.54.247.69 - - [31/Mar/2017:11:00:46 -0300] "GET /cormun/static/messages.spa.js?85251 HTTP/1.1" 304 -
200.54.247.69 - - [31/Mar/2017:11:00:46 -0300] "GET /cormun/static/hlogin.js?201731711485490 HTTP/1.1" 304 -
200.54.247.69 - - [31/Mar/2017:11:00:46 -0300] "GET /cormun/static/Resources/PXToolsLoginTop.png HTTP/1.1" 304 -
200.54.247.69 - - [31/Mar/2017:11:00:46 -0300] "GET /cormun/static/Resources/PXToolsButtonLeft21.png HTTP/1.1" 304 -
200.54.247.69 - - [31/Mar/2017:11:00:46 -0300] "GET /cormun/static/Resources/PXToolsButtonRight21.png HTTP/1.1" 304 -
200.54.247.69 - - [31/Mar/2017:11:00:46 -0300] "GET /cormun/static/Resources/PXToolsLoginBackground.png HTTP/1.1" 304 -
200.54.247.69 - - [31/Mar/2017:11:00:46 -0300] "GET /cormun/static/Resources/PXToolsButtonBackground2.png HTTP/1.1" 304 -
200.54.247.69 - - [31/Mar/2017:11:00:46 -0300] "GET /cormun/static/Resources/PXToolsLoginBottom.png HTTP/1.1" 304 -
200.54.247.69 - - [31/Mar/2017:11:00:46 -0300] "GET /cormun/static/Resources/indicator.gif HTTP/1.1" 304 -
192.168.10.13 - - [31/Mar/2017:11:00:49 -0300] "GET / HTTP/1.1" 200 11217
200.54.247.69 - - [31/Mar/2017:11:01:02 -0300] "POST /cormun/servlet/hlogin?3f32c52507c828c45b61bd856aaec4ef,gx-no-cache=1490968927484 HTTP/1.1" 200 90
200.54.247.69 - - [31/Mar/2017:11:01:02 -0300] "GET /cormun/servlet/hpexe_link HTTP/1.1" 200 957
200.54.247.69 - - [31/Mar/2017:11:01:03 -0300] "GET /cormun/servlet/hhome HTTP/1.1" 200 4018
200.54.247.69 - - [31/Mar/2017:11:01:07 -0300] "GET /cormun/servlet/trsolicitudot? HTTP/1.1" 200 6983
200.54.247.69 - - [31/Mar/2017:11:01:11 -0300] "GET /cormun/servlet/solicitudot?INS,0,0, HTTP/1.1" 200 12815
192.168.10.13 - - [31/Mar/2017:11:01:49 -0300] "GET / HTTP/1.1" 200 11217
200.54.247.69 - - [31/Mar/2017:11:01:52 -0300] "POST /cormun/servlet/solicitudot?gx-no-cache=1490968977075 HTTP/1.1" 200 3081
200.54.247.69 - - [31/Mar/2017:11:01:52 -0300] "POST /cormun/servlet/solicitudot?3f32c52507c828c45b61bd856aaec4ef,INS,0,0,,gx-no-cache=1490968977312 HTTP/1.1" 200 9872
200.54.247.69 - - [31/Mar/2017:11:01:55 -0300] "GET /cormun/servlet/solicitudot?c7180f51485a8711c18421e2c285e9e5b95c43a5d5c71b3e2255a44a0a26369ee3915d43f3fd4a98d50e8cd9801fdc2b,gx-no-cache=1490968980090 HTTP/1.1" 200 111
200.54.247.69 - - [31/Mar/2017:11:01:55 -0300] "GET /cormun/static/Shared/jqueryui/images/ui-bg_highlight-soft_100_c6c2c8_1x100.png HTTP/1.1" 404 1117
200.54.247.69 - - [31/Mar/2017:11:01:55 -0300] "GET /cormun/static/Shared/jqueryui/images/ui-bg_flat_55_994d53_40x100.png HTTP/1.1" 404 1097
200.54.247.69 - - [31/Mar/2017:11:01:55 -0300] "GET /cormun/static/Shared/jqueryui/images/ui-icons_82798d_256x240.png HTTP/1.1" 404 1089
200.54.247.69 - - [31/Mar/2017:11:01:55 -0300] "GET /cormun/static/Shared/jqueryui/images/ui-icons_ebccce_256x240.png HTTP/1.1" 404 1089
200.54.247.69 - - [31/Mar/2017:11:01:57 -0300] "POST /cormun/servlet/solicitudot?gx-no-cache=1490968982196 HTTP/1.1" 200 297
200.54.247.69 - - [31/Mar/2017:11:01:57 -0300] "GET /cormun/servlet/solicitudot?c7180f51485a8711c18421e2c285e9e5f61df75d2e7a06c96ec4b2981c1f1b1a526c5c4361b075e90a3afa00667e9ed118faf48f82e7f809df26c6e14fed48529b55f66c8647b3e1ada41c9b29b1070a31302d92448d7c4665975372fec7294a7a21e15de0741065631deab7ace99d2bcd49c4c34a0345dbc6215d6050e51294c2e13cf834d814655f486efa4416a564e3cb038820da83f4862ec4fcc4e343e3c3389f7200532873b5f2d7479d1a0b1c9f88cae917132f1301346fcc9134e30e265dbce490b9cea85a5e3598dbd33b555b5463ec30e422d8f136af391f5e8568e81ac9cb04cae388f1870ef9c33149356388385527ab803a2515af0083f4fd58310d92bdf9fabd97576977a684c593eb2e4dc9159150a9480814b055f07f03453a0f0bf7ff154110e1549e6ec17d78f60732126cb5c74a90e5d8d33deda188dc8e98905b2a848f136b1a3d431ced6fe8118a53ee1f36737ea8354a73540e3f2c3afc61138ddd002890fd902a23c7cae22e055f9a4ad784cd96420fb7d28d660b9eccc68b9cae89b61e07ced4464aeb1e,gx-no-cache=1490968982260 HTTP/1.1" 200 30
200.54.247.69 - - [31/Mar/2017:11:02:13 -0300] "GET /cormun/servlet/solicitudot?c7180f51485a8711c18421e2c285e9e5b95c43a5d5c71b3e2255a44a0a26369ee3915d43f3fd4a98d50e8cd9801fdc2b,gx-no-cache=1490968998455 HTTP/1.1" 200 111
200.54.247.69 - - [31/Mar/2017:11:02:25 -0300] "GET /cormun/servlet/prfichaempleado?,MD,,gxPopupLevel%3D0%3B HTTP/1.1" 200 8845
200.54.247.69 - - [31/Mar/2017:11:02:25 -0300] "GET /cormun/static/gxcfg.js?2017319125415 HTTP/1.1" 304 -
200.54.247.69 - - [31/Mar/2017:11:02:25 -0300] "GET /cormun/static/prfichaempleado.js?20173191254344 HTTP/1.1" 304 -
200.54.247.69 - - [31/Mar/2017:11:02:25 -0300] "GET /cormun/static/hmpwkw011.js?201731711483558 HTTP/1.1" 304 -
200.54.247.69 - - [31/Mar/2017:11:02:25 -0300] "GET /cormun/static/menusearch.js?201610171694467 HTTP/1.1" 304 -
200.54.247.69 - - [31/Mar/2017:11:02:43 -0300] "POST /cormun/servlet/solicitudot?gx-no-cache=1490969028468 HTTP/1.1" 200 3083
200.54.247.69 - - [31/Mar/2017:11:02:44 -0300] "POST /cormun/servlet/solicitudot?3f32c52507c828c45b61bd856aaec4ef,INS,0,0,,gx-no-cache=1490969028624 HTTP/1.1" 200 9924
200.54.247.69 - - [31/Mar/2017:11:02:46 -0300] "GET /cormun/servlet/solicitudot?c7180f51485a8711c18421e2c285e9e59817f13c9c078bd94d2b85264faff29ee3915d43f3fd4a98d50e8cd9801fdc2b,gx-no-cache=1490969030684 HTTP/1.1" 200 30
192.168.10.13 - - [31/Mar/2017:11:02:49 -0300] "GET / HTTP/1.1" 200 11217
192.168.10.13 - - [31/Mar/2017:11:03:49 -0300] "GET / HTTP/1.1" 200 11217
186.103.159.182 - - [31/Mar/2017:11:04:03 -0300] "GET /cormun/servlet/arenunciaprn?15,PU HTTP/1.1" 200 1549
192.168.10.89 - - [31/Mar/2017:11:04:19 -0300] "GET /cormun/servlet/hlogin HTTP/1.1" 200 1737
200.54.247.69 - - [31/Mar/2017:11:04:24 -0300] "POST /cormun/servlet/solicitudot?gx-no-cache=1490969129518 HTTP/1.1" 200 297
200.54.247.69 - - [31/Mar/2017:11:04:24 -0300] "GET /cormun/servlet/solicitudot?c7180f51485a8711c18421e2c285e9e5f61df75d2e7a06c96ec4b2981c1f1b1a526c5c4361b075e90a3afa00667e9ed118faf48f82e7f809df26c6e14fed48529b55f66c8647b3e1ada41c9b29b1070a31302d92448d7c4665975372fec7294a7a21e15de0741065631deab7ace99d2bcd49c4c34a0345dbc6215d6050e51294c2e13cf834d814655f486efa4416a564e3cb038820da83f4862ec4fcc4e343e3c3389f7200532873b5f2d7479d1a0b1c9f88cae917132f1301346fcc9134e30e265dbce490b9cea85a5e3598dbd33b555b5463ec30e422d8f136af391f5e8568e81ac9cb04cae388f1870ef9c33149356388385527ab803a2515af0083f4fd58310d92bdf9fabd97576977a684c593eb2e4dc9159150a9480814b055f07f03453a0f0bf7ff154110e1549e6ec17d78f60732126cb5c74a90e5d8d33deda188dc8e98905b2a848f136b1a3d431ced6fe8118a53ee1f36737ea8354a73540e3f2c3afc61138ddd002890fd902a23c7cae242e896fb693f2207e76c62bbda5d33449eccc68b9cae89b61e07ced4464aeb1e,gx-no-cache=1490969129568 HTTP/1.1" 200 30
200.54.247.69 - - [31/Mar/2017:11:04:24 -0300] "POST /cormun/servlet/solicitudot?gx-no-cache=1490969129600 HTTP/1.1" 200 30
200.54.247.69 - - [31/Mar/2017:11:04:25 -0300] "POST /cormun/servlet/solicitudot?gx-no-cache=1490969129649 HTTP/1.1" 200 235
200.54.247.69 - - [31/Mar/2017:11:04:25 -0300] "POST /cormun/servlet/solicitudot?gx-no-cache=1490969129698 HTTP/1.1" 200 38
192.168.10.89 - - [31/Mar/2017:11:04:30 -0300] "POST /cormun/servlet/hlogin?94a55d6307203ae4384cc44d98095672,gx-no-cache=1490972348351 HTTP/1.1" 200 90
192.168.10.89 - - [31/Mar/2017:11:04:30 -0300] "GET /cormun/servlet/hpexe_link HTTP/1.1" 200 950
192.168.10.89 - - [31/Mar/2017:11:04:30 -0300] "GET /cormun/servlet/hhome HTTP/1.1" 200 4449
192.168.10.89 - - [31/Mar/2017:11:04:35 -0300] "GET /cormun/servlet/trconsultaempleado? HTTP/1.1" 200 6988
192.168.10.89 - - [31/Mar/2017:11:04:41 -0300] "POST /cormun/servlet/trconsultaempleado?94a55d6307203ae4384cc44d98095672,,gx-no-cache=1490972359807 HTTP/1.1" 200 4400
192.168.10.89 - - [31/Mar/2017:11:04:43 -0300] "GET /cormun/servlet/trsolicitudnombre?9742137, HTTP/1.1" 200 7556
192.168.10.13 - - [31/Mar/2017:11:04:49 -0300] "GET / HTTP/1.1" 200 11217
186.79.131.187 - - [31/Mar/2017:11:05:04 -0300] "GET /cormun/servlet/hlogin HTTP/1.1" 200 1722
186.79.131.187 - - [31/Mar/2017:11:05:04 -0300] "GET /cormun/static/Resources/Spanish/PXTools.css?11294912 HTTP/1.1" 304 -
186.79.131.187 - - [31/Mar/2017:11:05:04 -0300] "GET /cormun/static/gxcfg.js?201731711485472 HTTP/1.1" 304 -
186.79.131.187 - - [31/Mar/2017:11:05:04 -0300] "GET /cormun/static/hlogin.js?201731711485490 HTTP/1.1" 304 -
186.79.131.187 - - [31/Mar/2017:11:05:10 -0300] "POST /cormun/servlet/hlogin?03767060aeea202f3788227f58c27dbd,gx-no-cache=1490969176960 HTTP/1.1" 200 90
186.79.131.187 - - [31/Mar/2017:11:05:10 -0300] "GET /cormun/servlet/hpexe_link HTTP/1.1" 200 950
186.79.131.187 - - [31/Mar/2017:11:05:10 -0300] "GET /cormun/static/gxcfg.js?201731711483381 HTTP/1.1" 304 -
186.79.131.187 - - [31/Mar/2017:11:05:10 -0300] "GET /cormun/static/hpexe_link.js?201731711483384 HTTP/1.1" 304 -
186.79.131.187 - - [31/Mar/2017:11:05:10 -0300] "GET /cormun/servlet/hhome HTTP/1.1" 200 3829
186.79.131.187 - - [31/Mar/2017:11:05:10 -0300] "GET /cormun/static/gxcfg.js?201731711483497 HTTP/1.1" 304 -
186.79.131.187 - - [31/Mar/2017:11:05:10 -0300] "GET /cormun/static/hhome.js?20173171148352 HTTP/1.1" 304 -
186.79.131.187 - - [31/Mar/2017:11:05:10 -0300] "GET /cormun/static/hwchdr01.js?201731711335950 HTTP/1.1" 304 -
186.79.131.187 - - [31/Mar/2017:11:05:10 -0300] "GET /cormun/static/hpexe_recentlink.js?201610171694390 HTTP/1.1" 304 -
186.79.131.187 - - [31/Mar/2017:11:05:10 -0300] "GET /cormun/static/hpexe_scripts.js?201731711335890 HTTP/1.1" 304 -
186.79.131.187 - - [31/Mar/2017:11:05:10 -0300] "GET /cormun/static/hpexe_messagecontroller.js?201610171694323 HTTP/1.1" 304 -
186.79.131.187 - - [31/Mar/2017:11:05:10 -0300] "GET /cormun/static/hpexe_messagepopupcomponent.js?20161017169425 HTTP/1.1" 304 -
186.79.131.187 - - [31/Mar/2017:11:05:11 -0300] "GET /cormun/static/hpexe_messagegenexuscomponent.js?201731711335537 HTTP/1.1" 304 -
186.79.131.187 - - [31/Mar/2017:11:05:11 -0300] "GET /cormun/static/cmcontrolpreferences.js?201731711335852 HTTP/1.1" 304 -
186.79.131.187 - - [31/Mar/2017:11:05:11 -0300] "GET /cormun/static/hmpwkw03.js?201731711485354 HTTP/1.1" 304 -
186.79.131.187 - - [31/Mar/2017:11:05:11 -0300] "GET /cormun/servlet/hhome HTTP/1.1" 200 3826
186.79.131.187 - - [31/Mar/2017:11:05:14 -0300] "GET /cormun/servlet/trlicencias? HTTP/1.1" 200 6671
186.79.131.187 - - [31/Mar/2017:11:05:14 -0300] "GET /cormun/static/Resources/Spanish/PXTools.css?18365030 HTTP/1.1" 304 -
186.79.131.187 - - [31/Mar/2017:11:05:14 -0300] "GET /cormun/static/gxcfg.js?2016122619301429 HTTP/1.1" 200 953
186.79.131.187 - - [31/Mar/2017:11:05:14 -0300] "GET /cormun/static/trlicencias.js?2016122619301919 HTTP/1.1" 304 -
186.79.131.187 - - [31/Mar/2017:11:05:15 -0300] "GET /cormun/servlet/trlicencias? HTTP/1.1" 200 6670
186.79.131.187 - - [31/Mar/2017:11:05:17 -0300] "GET /cormun/servlet/licenciaspermisos?INS,0,,, HTTP/1.1" 200 7217
186.79.131.187 - - [31/Mar/2017:11:05:17 -0300] "GET /cormun/static/gxcfg.js?20173291150977 HTTP/1.1" 200 953
186.79.131.187 - - [31/Mar/2017:11:05:17 -0300] "GET /cormun/static/licenciaspermisos.js?201732911501028 HTTP/1.1" 304 -
186.79.131.187 - - [31/Mar/2017:11:05:17 -0300] "GET /cormun/servlet/licenciaspermisos?INS,0,,, HTTP/1.1" 200 7217
186.79.131.187 - - [31/Mar/2017:11:05:24 -0300] "GET /cormun/servlet/licenciaspermisos?c320ef58b20f4891056005a5f46af443b5a23cc9370a95f14d3dc4dd8c8aacc767d0b66f94aee9b919e679d70e3fe83c,gx-no-cache=1490969191675 HTTP/1.1" 200 62
186.79.131.187 - - [31/Mar/2017:11:05:25 -0300] "POST /cormun/servlet/licenciaspermisos?03767060aeea202f3788227f58c27dbd,INS,0,,,,gx-no-cache=1490969191788 HTTP/1.1" 200 4433
200.54.247.69 - - [31/Mar/2017:11:05:41 -0300] "GET /cormun/servlet/solicitudot?c7180f51485a8711c18421e2c285e9e5b776570fe95aaf3b0fa0cb7c6aefac878cd40231c94845881ad98456932d0f0982692c6f8b1cf3e10f0c82c760e42d2208e4fe53a7d50466cd79d78b1a1fc83c02ab2f76ac4930b082242c2b03a53132624da21ae740cb92c93b9318f6a5edc8,gx-no-cache=1490969206186 HTTP/1.1" 200 29
200.54.247.69 - - [31/Mar/2017:11:05:41 -0300] "POST /cormun/servlet/solicitudot?gx-no-cache=1490969206266 HTTP/1.1" 200 641
200.54.247.69 - - [31/Mar/2017:11:05:42 -0300] "POST /cormun/servlet/solicitudot?gx-no-cache=1490969207405 HTTP/1.1" 200 1157
192.168.10.13 - - [31/Mar/2017:11:05:49 -0300] "GET / HTTP/1.1" 200 11217
186.79.131.187 - - [31/Mar/2017:11:05:56 -0300] "GET /cormun/static/menuarrow.gif HTTP/1.1" 404 1015
200.54.247.69 - - [31/Mar/2017:11:06:30 -0300] "GET /cormun/static/menuarrow.gif HTTP/1.1" 404 1015
192.168.10.13 - - [31/Mar/2017:11:06:49 -0300] "GET / HTTP/1.1" 200 11217
200.54.247.69 - - [31/Mar/2017:11:06:52 -0300] "GET /cormun/servlet/solicitudot?c7180f51485a8711c18421e2c285e9e5773c169e12247ae88603efe7c273651a8183715049470899cfdf400d31b94a4e58a5f95a5a3b0bad375ce082a9fd8b095a1273cdd623b738e2edbb408fb8f765839641228dd81ceb077d3cddd392cd2c745e92d743b09bff7da05c084f4293771db09fc33de23d27e384c66d2a80d97e8b7dc0c2e2a2d47b60ad50758979f3b99633674c7d2438bb04e116c85cf6ff0e676dca36852804456984708e2ab91094,gx-no-cache=1490969277579 HTTP/1.1" 200 30
200.54.247.69 - - [31/Mar/2017:11:07:18 -0300] "POST /cormun/servlet/solicitudot?3f32c52507c828c45b61bd856aaec4ef,INS,0,0,,gx-no-cache=1490969302967 HTTP/1.1" 200 93
200.54.247.69 - - [31/Mar/2017:11:07:18 -0300] "GET /cormun/servlet/hpexe_return? HTTP/1.1" 200 1012
200.54.247.69 - - [31/Mar/2017:11:07:18 -0300] "GET /cormun/static/Resources/Spanish/PXTools.css?167811 HTTP/1.1" 304 -
200.54.247.69 - - [31/Mar/2017:11:07:18 -0300] "GET /cormun/static/gxcfg.js?2016101716175148 HTTP/1.1" 304 -
200.54.247.69 - - [31/Mar/2017:11:07:18 -0300] "GET /cormun/static/hpexe_return.js?2016101716175153 HTTP/1.1" 304 -
200.54.247.69 - - [31/Mar/2017:11:07:18 -0300] "GET /cormun/servlet/trsolicitudot HTTP/1.1" 200 8278
200.54.247.69 - - [31/Mar/2017:11:07:31 -0300] "POST /cormun/servlet/trsolicitudot?3f32c52507c828c45b61bd856aaec4ef,gx-no-cache=1490969315969 HTTP/1.1" 200 106
200.54.247.69 - - [31/Mar/2017:11:07:31 -0300] "GET /cormun/servlet/solicitudot?DLT,2017,5835, HTTP/1.1" 200 9608
200.54.247.69 - - [31/Mar/2017:11:07:32 -0300] "GET /cormun/static/Shared/jqueryui/images/ui-icons_82798d_256x240.png HTTP/1.1" 404 1089
200.54.247.69 - - [31/Mar/2017:11:07:32 -0300] "GET /cormun/static/Shared/jqueryui/images/ui-icons_8d78a5_256x240.png HTTP/1.1" 404 1089
200.54.247.69 - - [31/Mar/2017:11:07:32 -0300] "GET /cormun/static/Shared/jqueryui/images/ui-bg_highlight-soft_100_c6c2c8_1x100.png HTTP/1.1" 404 1117
200.54.247.69 - - [31/Mar/2017:11:07:32 -0300] "GET /cormun/static/Shared/jqueryui/images/ui-bg_flat_55_fafafa_40x100.png HTTP/1.1" 404 1097
200.54.247.69 - - [31/Mar/2017:11:07:40 -0300] "POST /cormun/servlet/solicitudot?3f32c52507c828c45b61bd856aaec4ef,DLT,2017,5835,,gx-no-cache=1490969324883 HTTP/1.1" 200 93
200.54.247.69 - - [31/Mar/2017:11:07:40 -0300] "GET /cormun/servlet/hpexe_return? HTTP/1.1" 200 1017
200.54.247.69 - - [31/Mar/2017:11:07:40 -0300] "GET /cormun/servlet/trsolicitudot HTTP/1.1" 200 6985
200.54.247.69 - - [31/Mar/2017:11:07:44 -0300] "GET /cormun/servlet/solicitudot?INS,0,0, HTTP/1.1" 200 12816
192.168.10.13 - - [31/Mar/2017:11:07:49 -0300] "GET / HTTP/1.1" 200 11217
186.79.131.187 - - [31/Mar/2017:11:07:57 -0300] "GET /cormun/servlet/licenciaspermisos?c320ef58b20f4891056005a5f46af44387b9724553ea401fbe8d684e0db4550a1f99e6eb5ac7867b0a3521884491a6af7ac2b62dba198128d9f5e6d4037e00cbfc720bd18ba4ecde1f33ae5093f5e430e3e795ba4b8c6e7e4c05358a47440011a01f5ac861bc6f482eb79a7f8dbc02294eb4e6bf7b140a8410fd97c7c3b870724abf45ca4c237b19e64d701121b67190f3b441baff3a5ed6abe311c88a5e3f878e187627f0bd3f2b47f7871b563ca214,gx-no-cache=1490969343927 HTTP/1.1" 200 30
186.79.131.187 - - [31/Mar/2017:11:07:57 -0300] "POST /cormun/servlet/licenciaspermisos?03767060aeea202f3788227f58c27dbd,INS,0,,,,gx-no-cache=1490969344075 HTTP/1.1" 200 4550
200.54.247.69 - - [31/Mar/2017:11:08:08 -0300] "POST /cormun/servlet/solicitudot?gx-no-cache=1490969353419 HTTP/1.1" 200 3081
200.54.247.69 - - [31/Mar/2017:11:08:09 -0300] "POST /cormun/servlet/solicitudot?3f32c52507c828c45b61bd856aaec4ef,INS,0,0,,gx-no-cache=1490969353641 HTTP/1.1" 200 9871
200.54.247.69 - - [31/Mar/2017:11:08:11 -0300] "GET /cormun/servlet/solicitudot?c7180f51485a8711c18421e2c285e9e59817f13c9c078bd94d2b85264faff29ee3915d43f3fd4a98d50e8cd9801fdc2b,gx-no-cache=1490969356257 HTTP/1.1" 200 30
186.79.131.187 - - [31/Mar/2017:11:08:19 -0300] "GET /cormun/servlet/licenciaspermisos?c320ef58b20f4891056005a5f46af443eb52e5e9757760704f4bb9cfd607aacd8cc95dbf0e4377320f9848ffbde7788ea7814f8e12ea5d8321c2d5b5a060556b6b40c1488b29d1e5fc6699b4d9cf761b,gx-no-cache=1490969366308 HTTP/1.1" 200 72
186.79.131.187 - - [31/Mar/2017:11:08:19 -0300] "POST /cormun/servlet/licenciaspermisos?03767060aeea202f3788227f58c27dbd,INS,0,,,,gx-no-cache=1490969366410 HTTP/1.1" 200 4549
186.79.131.187 - - [31/Mar/2017:11:08:31 -0300] "GET /cormun/servlet/licenciaspermisos?c320ef58b20f4891056005a5f46af443b5a23cc9370a95f14d3dc4dd8c8aacc753f2357bab5b16ca127ae39baad73e4f402f0ccefb9895d1569538a5c1c1fa1a7837bb69f97f3e9116fba1b0d7ad9a44bdbb7a3b81be911c021192464fb828e6,gx-no-cache=1490969378603 HTTP/1.1" 200 62
186.79.131.187 - - [31/Mar/2017:11:08:32 -0300] "POST /cormun/servlet/licenciaspermisos?03767060aeea202f3788227f58c27dbd,INS,0,,,,gx-no-cache=1490969378703 HTTP/1.1" 200 4540
192.168.10.13 - - [31/Mar/2017:11:08:49 -0300] "GET / HTTP/1.1" 200 11217
186.79.131.187 - - [31/Mar/2017:11:08:50 -0300] "GET /cormun/servlet/licenciaspermisos?c320ef58b20f4891056005a5f46af4434cdee55e60897bc208003d672e41d1ea6167fb3a06a096c573ce5fbb252ef2dbfb9e2ff243c66b0a5b9a2016984cdab7cc6021b0eba4a34e4aab6bbf66b3680da5f6ba34ff9827c68e3bbce93d4bea88397f6918b100e73983df1feba00df0027f340a3f3c2a278dbc60085611fd40d2db39ab34f564a75cd89ddace58c1a6a89826fdd79448d65def23317c2aca47ac66b15679accd42fa8f56339e356db0b2,gx-no-cache=1490969397604 HTTP/1.1" 200 66
186.79.131.187 - - [31/Mar/2017:11:09:12 -0300] "POST /cormun/servlet/licenciaspermisos?03767060aeea202f3788227f58c27dbd,INS,0,,,,gx-no-cache=1490969418480 HTTP/1.1" 200 93
186.79.131.187 - - [31/Mar/2017:11:09:12 -0300] "GET /cormun/servlet/hpexe_return? HTTP/1.1" 200 1010
186.79.131.187 - - [31/Mar/2017:11:09:12 -0300] "GET /cormun/static/Resources/Spanish/PXTools.css?167811 HTTP/1.1" 304 -
186.79.131.187 - - [31/Mar/2017:11:09:12 -0300] "GET /cormun/static/gxcfg.js?2016101716175148 HTTP/1.1" 304 -
186.79.131.187 - - [31/Mar/2017:11:09:12 -0300] "GET /cormun/static/hpexe_return.js?2016101716175153 HTTP/1.1" 304 -
186.79.131.187 - - [31/Mar/2017:11:09:12 -0300] "GET /cormun/servlet/trlicencias HTTP/1.1" 200 7889
186.79.131.187 - - [31/Mar/2017:11:09:13 -0300] "GET /cormun/servlet/trlicencias HTTP/1.1" 200 7885
186.79.131.187 - - [31/Mar/2017:11:09:21 -0300] "GET /cormun/servlet/licenciaspermisos?INS,0,,, HTTP/1.1" 200 7217
186.79.131.187 - - [31/Mar/2017:11:09:21 -0300] "GET /cormun/servlet/licenciaspermisos?INS,0,,, HTTP/1.1" 200 7217
200.54.247.69 - - [31/Mar/2017:11:09:28 -0300] "POST /cormun/servlet/solicitudot?gx-no-cache=1490969433138 HTTP/1.1" 200 297
200.54.247.69 - - [31/Mar/2017:11:09:28 -0300] "GET /cormun/servlet/solicitudot?c7180f51485a8711c18421e2c285e9e5f61df75d2e7a06c96ec4b2981c1f1b1a526c5c4361b075e90a3afa00667e9ed118faf48f82e7f809df26c6e14fed48529b55f66c8647b3e1ada41c9b29b1070a31302d92448d7c4665975372fec7294a7a21e15de0741065631deab7ace99d2bcd49c4c34a0345dbc6215d6050e51294c2e13cf834d814655f486efa4416a564e3cb038820da83f4862ec4fcc4e343e3c3389f7200532873b5f2d7479d1a0b1c9f88cae917132f1301346fcc9134e30e265dbce490b9cea85a5e3598dbd33b555b5463ec30e422d8f136af391f5e8568e81ac9cb04cae388f1870ef9c33149356388385527ab803a2515af0083f4fd58310d92bdf9fabd97576977a684c593eb2e4dc9159150a9480814b055f07f03453a0f0bf7ff154110e1549e6ec17d78f60732126cb5c74a90e5d8d33deda188dc8e98905b2a848f136b1a3d431ced6fe8118a53ee1f36737ea8354a73540e3f2c3afc61138ddd002890fd902a23c7cae22e055f9a4ad784cd96420fb7d28d660b9eccc68b9cae89b61e07ced4464aeb1e,gx-no-cache=1490969433229 HTTP/1.1" 200 30
200.54.247.69 - - [31/Mar/2017:11:09:30 -0300] "POST /cormun/servlet/solicitudot?gx-no-cache=1490969434719 HTTP/1.1" 200 30
200.54.247.69 - - [31/Mar/2017:11:09:33 -0300] "POST /cormun/servlet/solicitudot?gx-no-cache=1490969438270 HTTP/1.1" 200 235
200.54.247.69 - - [31/Mar/2017:11:09:33 -0300] "POST /cormun/servlet/solicitudot?gx-no-cache=1490969438329 HTTP/1.1" 200 38
186.103.159.44 - - [31/Mar/2017:11:09:40 -0300] "GET /cormun/servlet/hlogin HTTP/1.1" 200 1716
186.103.159.44 - - [31/Mar/2017:11:09:42 -0300] "GET /cormun/servlet/hlogin HTTP/1.1" 200 1726
192.168.10.13 - - [31/Mar/2017:11:09:49 -0300] "GET / HTTP/1.1" 200 11217
200.54.247.69 - - [31/Mar/2017:11:10:07 -0300] "GET /cormun/servlet/solicitudot?c7180f51485a8711c18421e2c285e9e5b776570fe95aaf3b0fa0cb7c6aefac878cd40231c94845881ad98456932d0f0982692c6f8b1cf3e10f0c82c760e42d2208e4fe53a7d50466cd79d78b1a1fc83c02ab2f76ac4930b082242c2b03a53132624da21ae740cb92c93b9318f6a5edc8,gx-no-cache=1490969472023 HTTP/1.1" 200 29
200.54.247.69 - - [31/Mar/2017:11:10:07 -0300] "POST /cormun/servlet/solicitudot?gx-no-cache=1490969472144 HTTP/1.1" 200 641
200.54.247.69 - - [31/Mar/2017:11:10:08 -0300] "POST /cormun/servlet/solicitudot?gx-no-cache=1490969473519 HTTP/1.1" 200 1157
186.79.131.187 - - [31/Mar/2017:11:10:26 -0300] "GET /cormun/servlet/licenciaspermisos?c320ef58b20f4891056005a5f46af44303f6bcf8be33b318d21810549867a50a67d0b66f94aee9b919e679d70e3fe83c,gx-no-cache=1490969493074 HTTP/1.1" 200 66
186.79.131.187 - - [31/Mar/2017:11:10:26 -0300] "POST /cormun/servlet/licenciaspermisos?03767060aeea202f3788227f58c27dbd,INS,0,,,,gx-no-cache=1490969493186 HTTP/1.1" 200 4431
200.54.247.69 - - [31/Mar/2017:11:10:28 -0300] "GET /cormun/static/menuarrow.gif HTTP/1.1" 404 1015
186.103.159.44 - - [31/Mar/2017:11:10:30 -0300] "POST /cormun/servlet/hlogin?639515fbca0c1dedaecc30a291dd5483,gx-no-cache=1490969488954 HTTP/1.1" 200 90
186.103.159.44 - - [31/Mar/2017:11:10:30 -0300] "GET /cormun/servlet/hpexe_link HTTP/1.1" 200 946
186.103.159.44 - - [31/Mar/2017:11:10:30 -0300] "GET /cormun/servlet/hhome HTTP/1.1" 200 3773
200.54.247.69 - - [31/Mar/2017:11:10:42 -0300] "GET /cormun/servlet/solicitudot?c7180f51485a8711c18421e2c285e9e5773c169e12247ae88603efe7c273651a8183715049470899cfdf400d31b94a4e58a5f95a5a3b0bad375ce082a9fd8b095a1273cdd623b738e2edbb408fb8f765839641228dd81ceb077d3cddd392cd2c745e92d743b09bff7da05c084f4293771db09fc33de23d27e384c66d2a80d97e8b7dc0c2e2a2d47b60ad50758979f3b99633674c7d2438bb04e116c85cf6ff0e676dca36852804456984708e2ab91094,gx-no-cache=1490969507052 HTTP/1.1" 200 30
192.168.10.13 - - [31/Mar/2017:11:10:49 -0300] "GET / HTTP/1.1" 200 11217
186.79.131.187 - - [31/Mar/2017:11:10:53 -0300] "GET /cormun/static/menuarrow.gif HTTP/1.1" 404 1015
186.103.159.44 - - [31/Mar/2017:11:10:57 -0300] "GET /cormun/servlet/trpermisosgoce? HTTP/1.1" 200 8231
186.103.159.44 - - [31/Mar/2017:11:10:57 -0300] "GET /cormun/static/gxcfg.js?20173171154124 HTTP/1.1" 304 -
186.103.159.44 - - [31/Mar/2017:11:10:57 -0300] "GET /cormun/static/trpermisosgoce.js?20173171154177 HTTP/1.1" 304 -
200.54.247.69 - - [31/Mar/2017:11:11:05 -0300] "POST /cormun/servlet/solicitudot?3f32c52507c828c45b61bd856aaec4ef,INS,0,0,,gx-no-cache=1490969529597 HTTP/1.1" 200 93
200.54.247.69 - - [31/Mar/2017:11:11:05 -0300] "GET /cormun/servlet/hpexe_return? HTTP/1.1" 200 1012
200.54.247.69 - - [31/Mar/2017:11:11:05 -0300] "GET /cormun/servlet/trsolicitudot HTTP/1.1" 200 8252
186.103.159.44 - - [31/Mar/2017:11:11:07 -0300] "GET /cormun/servlet/trpermisosadjuntos?11067950,20170329191935,P, HTTP/1.1" 200 6088
186.103.159.44 - - [31/Mar/2017:11:11:07 -0300] "GET /cormun/static/gxcfg.js?201731711542659 HTTP/1.1" 200 953
186.103.159.44 - - [31/Mar/2017:11:11:07 -0300] "GET /cormun/static/trpermisosadjuntos.js?201731711542990 HTTP/1.1" 304 -
186.103.159.44 - - [31/Mar/2017:11:11:11 -0300] "GET /cormun/servlet/permisosadjuntos?INS,11067950,P,20170329191935,, HTTP/1.1" 200 5420
186.103.159.44 - - [31/Mar/2017:11:11:11 -0300] "GET /cormun/static/gxcfg.js?2016122813135788 HTTP/1.1" 200 953
186.103.159.44 - - [31/Mar/2017:11:11:11 -0300] "GET /cormun/static/permisosadjuntos.js?2016122813135797 HTTP/1.1" 304 -
186.103.159.44 - - [31/Mar/2017:11:11:11 -0300] "HEAD /cormun/static/about:blank HTTP/1.1" 404 -
200.54.247.69 - - [31/Mar/2017:11:11:17 -0300] "POST /cormun/servlet/trsolicitudot?3f32c52507c828c45b61bd856aaec4ef,gx-no-cache=1490969542567 HTTP/1.1" 200 107
200.54.247.69 - - [31/Mar/2017:11:11:18 -0300] "GET /cormun/servlet/trsolicitudadjuntos?2017,5836, HTTP/1.1" 200 6113
200.54.247.69 - - [31/Mar/2017:11:11:18 -0300] "GET /cormun/static/gxcfg.js?201731711504543 HTTP/1.1" 200 953
200.54.247.69 - - [31/Mar/2017:11:11:18 -0300] "GET /cormun/static/trsolicitudadjuntos.js?201731711504951 HTTP/1.1" 304 -
200.54.247.69 - - [31/Mar/2017:11:11:20 -0300] "GET /cormun/servlet/solicitudotadjuntos?INS,2017,5836,,1, HTTP/1.1" 200 6052
200.54.247.69 - - [31/Mar/2017:11:11:20 -0300] "GET /cormun/static/gxcfg.js?201612218465951 HTTP/1.1" 200 953
200.54.247.69 - - [31/Mar/2017:11:11:20 -0300] "GET /cormun/static/solicitudotadjuntos.js?201612218465969 HTTP/1.1" 304 -
200.54.247.69 - - [31/Mar/2017:11:11:21 -0300] "HEAD /cormun/static/about:blank HTTP/1.1" 404 -
200.54.247.69 - - [31/Mar/2017:11:11:21 -0300] "GET /cormun/servlet/solicitudotadjuntos?c7180f51485a8711c18421e2c285e9e5a625860853ebeb783eafcc5c4365ab920f3e3ed62de43d95941fb8940bd4edaf,gx-no-cache=1490969546410 HTTP/1.1" 200 30
200.54.247.69 - - [31/Mar/2017:11:11:21 -0300] "POST /cormun/servlet/solicitudotadjuntos?3f32c52507c828c45b61bd856aaec4ef,INS,2017,5836,,1,,gx-no-cache=1490969546437 HTTP/1.1" 200 3830
200.54.247.69 - - [31/Mar/2017:11:11:23 -0300] "POST /cormun/servlet/solicitudotadjuntos?gx-no-cache=1490969548223 HTTP/1.1" 200 26
186.103.159.44 - - [31/Mar/2017:11:11:32 -0300] "POST /cormun/servlet/permisosadjuntos?639515fbca0c1dedaecc30a291dd5483,INS,11067950,P,20170329191935,, HTTP/1.1" 200 116
186.103.159.44 - - [31/Mar/2017:11:11:33 -0300] "GET /cormun/servlet/hpexe_return? HTTP/1.1" 200 1032
186.103.159.44 - - [31/Mar/2017:11:11:33 -0300] "GET /cormun/servlet/trpermisosadjuntos?11067950,20170329191935,P, HTTP/1.1" 200 6567
186.103.159.44 - - [31/Mar/2017:11:11:34 -0300] "GET /cormun/PublicTempStorage/permiso_jacqueline_soto4062110.pdf HTTP/1.1" 200 434715
200.54.247.69 - - [31/Mar/2017:11:11:36 -0300] "GET /cormun/servlet/solicitudotadjuntos?c7180f51485a8711c18421e2c285e9e52580fe42525e0bb866d282d9eee12fb9,gx-no-cache=1490969561053 HTTP/1.1" 200 30
200.54.247.69 - - [31/Mar/2017:11:11:36 -0300] "GET /cormun/servlet/solicitudotadjuntos?c7180f51485a8711c18421e2c285e9e52580fe42525e0bb866d282d9eee12fb9,gx-no-cache=1490969561070 HTTP/1.1" 200 30
200.54.247.69 - - [31/Mar/2017:11:11:36 -0300] "POST /cormun/servlet/solicitudotadjuntos?3f32c52507c828c45b61bd856aaec4ef,INS,2017,5836,,1, HTTP/1.1" 200 116
200.54.247.69 - - [31/Mar/2017:11:11:36 -0300] "GET /cormun/servlet/hpexe_return? HTTP/1.1" 200 1030
200.54.247.69 - - [31/Mar/2017:11:11:36 -0300] "GET /cormun/servlet/trsolicitudadjuntos?2017,5836, HTTP/1.1" 200 8271
200.54.247.69 - - [31/Mar/2017:11:11:39 -0300] "GET /cormun/servlet/solicitudotadjuntos?INS,2017,5836,,1, HTTP/1.1" 200 6051
200.54.247.69 - - [31/Mar/2017:11:11:39 -0300] "HEAD /cormun/static/about:blank HTTP/1.1" 404 -
186.103.159.44 - - [31/Mar/2017:11:11:40 -0300] "GET /cormun/servlet/trpermisosgoce? HTTP/1.1" 200 8221
200.54.247.69 - - [31/Mar/2017:11:11:40 -0300] "GET /cormun/servlet/solicitudotadjuntos?c7180f51485a8711c18421e2c285e9e5a625860853ebeb783eafcc5c4365ab920f3e3ed62de43d95941fb8940bd4edaf,gx-no-cache=1490969565130 HTTP/1.1" 200 30
200.54.247.69 - - [31/Mar/2017:11:11:40 -0300] "POST /cormun/servlet/solicitudotadjuntos?3f32c52507c828c45b61bd856aaec4ef,INS,2017,5836,,1,,gx-no-cache=1490969565156 HTTP/1.1" 200 3828
200.54.247.69 - - [31/Mar/2017:11:11:43 -0300] "POST /cormun/servlet/solicitudotadjuntos?gx-no-cache=1490969567820 HTTP/1.1" 200 26
192.168.10.13 - - [31/Mar/2017:11:11:49 -0300] "GET / HTTP/1.1" 200 11217
200.54.247.69 - - [31/Mar/2017:11:11:51 -0300] "GET /cormun/servlet/solicitudotadjuntos?c7180f51485a8711c18421e2c285e9e52580fe42525e0bb866d282d9eee12fb9,gx-no-cache=1490969575771 HTTP/1.1" 200 30
200.54.247.69 - - [31/Mar/2017:11:11:51 -0300] "GET /cormun/servlet/solicitudotadjuntos?c7180f51485a8711c18421e2c285e9e52580fe42525e0bb866d282d9eee12fb9,gx-no-cache=1490969575792 HTTP/1.1" 200 30
200.54.247.69 - - [31/Mar/2017:11:11:51 -0300] "POST /cormun/servlet/solicitudotadjuntos?3f32c52507c828c45b61bd856aaec4ef,INS,2017,5836,,1, HTTP/1.1" 200 116
200.54.247.69 - - [31/Mar/2017:11:11:51 -0300] "GET /cormun/servlet/hpexe_return? HTTP/1.1" 200 1030
186.103.159.44 - - [31/Mar/2017:11:11:51 -0300] "GET /cormun/servlet/trpermisosadjuntos?18379479,20170329192056,P, HTTP/1.1" 200 6091
200.54.247.69 - - [31/Mar/2017:11:11:52 -0300] "GET /cormun/servlet/trsolicitudadjuntos?2017,5836, HTTP/1.1" 200 8443
186.103.159.44 - - [31/Mar/2017:11:11:55 -0300] "GET /cormun/servlet/permisosadjuntos?INS,18379479,P,20170329192056,, HTTP/1.1" 200 5422
186.103.159.44 - - [31/Mar/2017:11:11:55 -0300] "HEAD /cormun/static/about:blank HTTP/1.1" 404 -
200.54.247.69 - - [31/Mar/2017:11:11:59 -0300] "GET /cormun/servlet/solicitudotadjuntos?INS,2017,5836,,1, HTTP/1.1" 200 6051
200.54.247.69 - - [31/Mar/2017:11:11:59 -0300] "HEAD /cormun/static/about:blank HTTP/1.1" 404 -
200.54.247.69 - - [31/Mar/2017:11:12:00 -0300] "GET /cormun/servlet/solicitudotadjuntos?c7180f51485a8711c18421e2c285e9e5a625860853ebeb783eafcc5c4365ab920f3e3ed62de43d95941fb8940bd4edaf,gx-no-cache=1490969584839 HTTP/1.1" 200 30
200.54.247.69 - - [31/Mar/2017:11:12:00 -0300] "POST /cormun/servlet/solicitudotadjuntos?3f32c52507c828c45b61bd856aaec4ef,INS,2017,5836,,1,,gx-no-cache=1490969584906 HTTP/1.1" 200 3828
200.54.247.69 - - [31/Mar/2017:11:12:10 -0300] "POST /cormun/servlet/solicitudotadjuntos?gx-no-cache=1490969595434 HTTP/1.1" 200 26
200.54.247.69 - - [31/Mar/2017:11:12:17 -0300] "GET /cormun/servlet/solicitudotadjuntos?c7180f51485a8711c18421e2c285e9e52580fe42525e0bb866d282d9eee12fb9,gx-no-cache=1490969601826 HTTP/1.1" 200 30
200.54.247.69 - - [31/Mar/2017:11:12:17 -0300] "GET /cormun/servlet/solicitudotadjuntos?c7180f51485a8711c18421e2c285e9e52580fe42525e0bb866d282d9eee12fb9,gx-no-cache=1490969601842 HTTP/1.1" 200 30
200.54.247.69 - - [31/Mar/2017:11:12:18 -0300] "POST /cormun/servlet/solicitudotadjuntos?3f32c52507c828c45b61bd856aaec4ef,INS,2017,5836,,1, HTTP/1.1" 200 116
200.54.247.69 - - [31/Mar/2017:11:12:18 -0300] "GET /cormun/servlet/hpexe_return? HTTP/1.1" 200 1030
200.54.247.69 - - [31/Mar/2017:11:12:18 -0300] "GET /cormun/servlet/trsolicitudadjuntos?2017,5836, HTTP/1.1" 200 8589
200.54.247.69 - - [31/Mar/2017:11:12:21 -0300] "GET /cormun/servlet/solicitudotadjuntos?INS,2017,5836,,1, HTTP/1.1" 200 6051
200.54.247.69 - - [31/Mar/2017:11:12:21 -0300] "HEAD /cormun/static/about:blank HTTP/1.1" 404 -
200.54.247.69 - - [31/Mar/2017:11:12:22 -0300] "GET /cormun/servlet/solicitudotadjuntos?c7180f51485a8711c18421e2c285e9e5a625860853ebeb783eafcc5c4365ab920f3e3ed62de43d95941fb8940bd4edaf,gx-no-cache=1490969606722 HTTP/1.1" 200 30
200.54.247.69 - - [31/Mar/2017:11:12:22 -0300] "POST /cormun/servlet/solicitudotadjuntos?3f32c52507c828c45b61bd856aaec4ef,INS,2017,5836,,1,,gx-no-cache=1490969606770 HTTP/1.1" 200 3828
200.54.247.69 - - [31/Mar/2017:11:12:25 -0300] "POST /cormun/servlet/solicitudotadjuntos?gx-no-cache=1490969609899 HTTP/1.1" 200 26
200.54.247.69 - - [31/Mar/2017:11:12:29 -0300] "GET /cormun/servlet/solicitudotadjuntos?c7180f51485a8711c18421e2c285e9e52580fe42525e0bb866d282d9eee12fb9,gx-no-cache=1490969614515 HTTP/1.1" 200 30
200.54.247.69 - - [31/Mar/2017:11:12:29 -0300] "GET /cormun/servlet/solicitudotadjuntos?c7180f51485a8711c18421e2c285e9e52580fe42525e0bb866d282d9eee12fb9,gx-no-cache=1490969614546 HTTP/1.1" 200 30
200.54.247.69 - - [31/Mar/2017:11:12:30 -0300] "POST /cormun/servlet/solicitudotadjuntos?3f32c52507c828c45b61bd856aaec4ef,INS,2017,5836,,1, HTTP/1.1" 200 116
200.54.247.69 - - [31/Mar/2017:11:12:30 -0300] "GET /cormun/servlet/hpexe_return? HTTP/1.1" 200 1030
200.54.247.69 - - [31/Mar/2017:11:12:30 -0300] "GET /cormun/servlet/trsolicitudadjuntos?2017,5836, HTTP/1.1" 200 8725
200.54.247.69 - - [31/Mar/2017:11:12:33 -0300] "GET /cormun/servlet/solicitudotadjuntos?INS,2017,5836,,1, HTTP/1.1" 200 6052
200.54.247.69 - - [31/Mar/2017:11:12:33 -0300] "HEAD /cormun/static/about:blank HTTP/1.1" 404 -
200.54.247.69 - - [31/Mar/2017:11:12:34 -0300] "GET /cormun/servlet/solicitudotadjuntos?c7180f51485a8711c18421e2c285e9e5a625860853ebeb783eafcc5c4365ab920f3e3ed62de43d95941fb8940bd4edaf,gx-no-cache=1490969619222 HTTP/1.1" 200 30
200.54.247.69 - - [31/Mar/2017:11:12:34 -0300] "POST /cormun/servlet/solicitudotadjuntos?3f32c52507c828c45b61bd856aaec4ef,INS,2017,5836,,1,,gx-no-cache=1490969619280 HTTP/1.1" 200 3828
186.103.159.44 - - [31/Mar/2017:11:12:37 -0300] "POST /cormun/servlet/permisosadjuntos?639515fbca0c1dedaecc30a291dd5483,INS,18379479,P,20170329192056,, HTTP/1.1" 200 116
186.103.159.44 - - [31/Mar/2017:11:12:37 -0300] "GET /cormun/servlet/hpexe_return? HTTP/1.1" 200 1033
186.103.159.44 - - [31/Mar/2017:11:12:38 -0300] "GET /cormun/servlet/trpermisosadjuntos?18379479,20170329192056,P, HTTP/1.1" 200 6560
186.103.159.44 - - [31/Mar/2017:11:12:39 -0300] "GET /cormun/PublicTempStorage/camila_silva5201145.pdf HTTP/1.1" 200 421567
200.54.247.69 - - [31/Mar/2017:11:12:41 -0300] "POST /cormun/servlet/solicitudotadjuntos?gx-no-cache=1490969625673 HTTP/1.1" 200 26
192.168.10.13 - - [31/Mar/2017:11:12:49 -0300] "GET / HTTP/1.1" 200 11217
200.54.247.69 - - [31/Mar/2017:11:12:51 -0300] "GET /cormun/servlet/solicitudotadjuntos?c7180f51485a8711c18421e2c285e9e52580fe42525e0bb866d282d9eee12fb9,gx-no-cache=1490969635847 HTTP/1.1" 200 30
200.54.247.69 - - [31/Mar/2017:11:12:51 -0300] "GET /cormun/servlet/solicitudotadjuntos?c7180f51485a8711c18421e2c285e9e52580fe42525e0bb866d282d9eee12fb9,gx-no-cache=1490969635887 HTTP/1.1" 200 30
200.54.247.69 - - [31/Mar/2017:11:12:52 -0300] "POST /cormun/servlet/solicitudotadjuntos?3f32c52507c828c45b61bd856aaec4ef,INS,2017,5836,,1, HTTP/1.1" 200 116
200.54.247.69 - - [31/Mar/2017:11:12:52 -0300] "GET /cormun/servlet/hpexe_return? HTTP/1.1" 200 1030
186.79.131.187 - - [31/Mar/2017:11:12:52 -0300] "GET /cormun/servlet/licenciaspermisos?c320ef58b20f4891056005a5f46af44387b9724553ea401fbe8d684e0db4550a876d02fa63f6f42a4b0853848c17220a7ac2b62dba198128d9f5e6d4037e00cbfc720bd18ba4ecde1f33ae5093f5e430e3e795ba4b8c6e7e4c05358a47440011a01f5ac861bc6f482eb79a7f8dbc02294eb4e6bf7b140a8410fd97c7c3b870724abf45ca4c237b19e64d701121b67190f3b441baff3a5ed6abe311c88a5e3f878e187627f0bd3f2b47f7871b563ca214,gx-no-cache=1490969639461 HTTP/1.1" 200 30
186.79.131.187 - - [31/Mar/2017:11:12:52 -0300] "GET /cormun/servlet/licenciaspermisos?c320ef58b20f4891056005a5f46af4434cdee55e60897bc208003d672e41d1ea8f480e0a9ebbc365f45d6cd9f885428ffb9e2ff243c66b0a5b9a2016984cdab7cc6021b0eba4a34e4aab6bbf66b3680da5f6ba34ff9827c68e3bbce93d4bea88397f6918b100e73983df1feba00df0027f340a3f3c2a278dbc60085611fd40d2db39ab34f564a75cd89ddace58c1a6a8cd5a693a7a00626cb56ba357942306cf4e8d716d2b0a0f30793d7874fd0ec809,gx-no-cache=1490969639555 HTTP/1.1" 200 29
200.54.247.69 - - [31/Mar/2017:11:12:52 -0300] "GET /cormun/servlet/trsolicitudadjuntos?2017,5836, HTTP/1.1" 200 8930
186.79.131.187 - - [31/Mar/2017:11:12:53 -0300] "POST /cormun/servlet/licenciaspermisos?03767060aeea202f3788227f58c27dbd,INS,0,,,,gx-no-cache=1490969639626 HTTP/1.1" 200 93
186.79.131.187 - - [31/Mar/2017:11:12:53 -0300] "GET /cormun/servlet/hpexe_return? HTTP/1.1" 200 1010
186.79.131.187 - - [31/Mar/2017:11:12:53 -0300] "GET /cormun/servlet/trlicencias HTTP/1.1" 200 8262
186.79.131.187 - - [31/Mar/2017:11:12:54 -0300] "GET /cormun/servlet/trlicencias HTTP/1.1" 200 8257
200.54.247.69 - - [31/Mar/2017:11:12:55 -0300] "GET /cormun/servlet/solicitudotadjuntos?INS,2017,5836,,1, HTTP/1.1" 200 6052
200.54.247.69 - - [31/Mar/2017:11:12:56 -0300] "HEAD /cormun/static/about:blank HTTP/1.1" 404 -
200.54.247.69 - - [31/Mar/2017:11:12:56 -0300] "GET /cormun/servlet/solicitudotadjuntos?c7180f51485a8711c18421e2c285e9e5a625860853ebeb783eafcc5c4365ab920f3e3ed62de43d95941fb8940bd4edaf,gx-no-cache=1490969641464 HTTP/1.1" 200 30
200.54.247.69 - - [31/Mar/2017:11:12:56 -0300] "POST /cormun/servlet/solicitudotadjuntos?3f32c52507c828c45b61bd856aaec4ef,INS,2017,5836,,1,,gx-no-cache=1490969641499 HTTP/1.1" 200 3828
200.54.247.69 - - [31/Mar/2017:11:12:59 -0300] "POST /cormun/servlet/solicitudotadjuntos?gx-no-cache=1490969644363 HTTP/1.1" 200 26
200.54.247.69 - - [31/Mar/2017:11:13:05 -0300] "GET /cormun/servlet/solicitudotadjuntos?c7180f51485a8711c18421e2c285e9e52580fe42525e0bb866d282d9eee12fb9,gx-no-cache=1490969649915 HTTP/1.1" 200 30
200.54.247.69 - - [31/Mar/2017:11:13:05 -0300] "GET /cormun/servlet/solicitudotadjuntos?c7180f51485a8711c18421e2c285e9e52580fe42525e0bb866d282d9eee12fb9,gx-no-cache=1490969649963 HTTP/1.1" 200 30
200.54.247.69 - - [31/Mar/2017:11:13:06 -0300] "POST /cormun/servlet/solicitudotadjuntos?3f32c52507c828c45b61bd856aaec4ef,INS,2017,5836,,1, HTTP/1.1" 200 116
200.54.247.69 - - [31/Mar/2017:11:13:06 -0300] "GET /cormun/servlet/hpexe_return? HTTP/1.1" 200 1030
200.54.247.69 - - [31/Mar/2017:11:13:06 -0300] "GET /cormun/servlet/trsolicitudadjuntos?2017,5836, HTTP/1.1" 200 9120
200.54.247.69 - - [31/Mar/2017:11:13:16 -0300] "GET /cormun/servlet/trsolicitudot? HTTP/1.1" 200 8254
200.54.247.69 - - [31/Mar/2017:11:13:24 -0300] "POST /cormun/servlet/trsolicitudot?3f32c52507c828c45b61bd856aaec4ef,,gx-no-cache=1490969668675 HTTP/1.1" 200 4363
200.54.247.69 - - [31/Mar/2017:11:13:24 -0300] "POST /cormun/servlet/trsolicitudot?3f32c52507c828c45b61bd856aaec4ef,,gx-no-cache=1490969668989 HTTP/1.1" 200 4137
200.54.247.69 - - [31/Mar/2017:11:13:25 -0300] "GET /cormun/static/Shared/jqueryui/images/ui-icons_82798d_256x240.png HTTP/1.1" 404 1089
200.54.247.69 - - [31/Mar/2017:11:13:25 -0300] "GET /cormun/static/Shared/jqueryui/images/ui-icons_8d78a5_256x240.png HTTP/1.1" 404 1089
200.54.247.69 - - [31/Mar/2017:11:13:25 -0300] "GET /cormun/static/Shared/jqueryui/images/ui-bg_flat_55_fafafa_40x100.png HTTP/1.1" 404 1097
200.54.247.69 - - [31/Mar/2017:11:13:25 -0300] "GET /cormun/static/Shared/jqueryui/images/ui-bg_highlight-soft_100_c6c2c8_1x100.png HTTP/1.1" 404 1117
186.103.159.182 - - [31/Mar/2017:11:13:33 -0300] "GET /cormun/servlet/trrenunciasadjuntos?14,17756493, HTTP/1.1" 200 6442
186.103.159.182 - - [31/Mar/2017:11:13:35 -0300] "GET /cormun/servlet/trrenunciasadjuntos?14,17756493, HTTP/1.1" 200 6443
186.103.159.182 - - [31/Mar/2017:11:13:40 -0300] "GET /cormun/servlet/renunciasadjuntos?INS,14,, HTTP/1.1" 200 5388
186.103.159.182 - - [31/Mar/2017:11:13:40 -0300] "GET /cormun/static/about:blank HTTP/1.1" 404 1011
186.103.159.182 - - [31/Mar/2017:11:13:41 -0300] "GET /cormun/servlet/renunciasadjuntos?INS,14,, HTTP/1.1" 200 5374
192.168.10.13 - - [31/Mar/2017:11:13:49 -0300] "GET / HTTP/1.1" 200 11217
186.103.159.182 - - [31/Mar/2017:11:13:55 -0300] "POST /cormun/servlet/renunciasadjuntos?973b5c67b6539f90db3d90eff6749bc2,INS,14,, HTTP/1.1" 200 116
186.103.159.182 - - [31/Mar/2017:11:13:55 -0300] "GET /cormun/servlet/hpexe_return? HTTP/1.1" 200 1027
186.103.159.182 - - [31/Mar/2017:11:13:55 -0300] "GET /cormun/servlet/trrenunciasadjuntos?14,17756493, HTTP/1.1" 200 6537
186.103.159.182 - - [31/Mar/2017:11:13:57 -0300] "GET /cormun/servlet/trrenunciasadjuntos?14,17756493, HTTP/1.1" 200 6533
186.103.159.182 - - [31/Mar/2017:11:14:02 -0300] "POST /cormun/servlet/trrenunciasadjuntos?973b5c67b6539f90db3d90eff6749bc2,14,17756493,,gx-no-cache=1490969709437 HTTP/1.1" 200 90
186.103.159.182 - - [31/Mar/2017:11:14:02 -0300] "GET /cormun/servlet/hpexe_link HTTP/1.1" 200 976
186.103.159.182 - - [31/Mar/2017:11:14:02 -0300] "GET /cormun/servlet/trrenuncias HTTP/1.1" 200 7642
186.79.131.187 - - [31/Mar/2017:11:14:03 -0300] "GET /cormun/servlet/licenciaspermisos?INS,0,,, HTTP/1.1" 200 7217
186.79.131.187 - - [31/Mar/2017:11:14:03 -0300] "GET /cormun/servlet/licenciaspermisos?INS,0,,, HTTP/1.1" 200 7217
186.103.159.182 - - [31/Mar/2017:11:14:04 -0300] "GET /cormun/servlet/trrenuncias HTTP/1.1" 200 7641
186.103.159.182 - - [31/Mar/2017:11:14:07 -0300] "GET /cormun/servlet/trrenunciasadjuntos?15,17756493, HTTP/1.1" 200 6059
186.103.159.182 - - [31/Mar/2017:11:14:08 -0300] "GET /cormun/servlet/trrenunciasadjuntos?15,17756493, HTTP/1.1" 200 6059
186.103.159.44 - - [31/Mar/2017:11:14:10 -0300] "GET /cormun/servlet/trpermisosgoce? HTTP/1.1" 200 8223
186.103.159.182 - - [31/Mar/2017:11:14:10 -0300] "GET /cormun/servlet/renunciasadjuntos?INS,15,, HTTP/1.1" 200 5388
186.103.159.182 - - [31/Mar/2017:11:14:10 -0300] "GET /cormun/static/about:blank HTTP/1.1" 404 1011
186.79.131.187 - - [31/Mar/2017:11:14:10 -0300] "GET /cormun/servlet/licenciaspermisos?c320ef58b20f4891056005a5f46af443a47060584f7789963bfbe96a30396a1a234cc81a3f669d95432818333865622d,gx-no-cache=1490969717705 HTTP/1.1" 200 66
186.79.131.187 - - [31/Mar/2017:11:14:11 -0300] "POST /cormun/servlet/licenciaspermisos?03767060aeea202f3788227f58c27dbd,INS,0,,,,gx-no-cache=1490969717779 HTTP/1.1" 200 4437
186.103.159.182 - - [31/Mar/2017:11:14:11 -0300] "GET /cormun/servlet/renunciasadjuntos?INS,15,, HTTP/1.1" 200 5375
186.103.159.182 - - [31/Mar/2017:11:14:18 -0300] "POST /cormun/servlet/renunciasadjuntos?973b5c67b6539f90db3d90eff6749bc2,INS,15,, HTTP/1.1" 200 116
186.103.159.182 - - [31/Mar/2017:11:14:18 -0300] "GET /cormun/servlet/hpexe_return? HTTP/1.1" 200 1027
186.103.159.182 - - [31/Mar/2017:11:14:19 -0300] "GET /cormun/servlet/trrenunciasadjuntos?15,17756493, HTTP/1.1" 200 6447
186.103.159.182 - - [31/Mar/2017:11:14:20 -0300] "GET /cormun/servlet/trrenunciasadjuntos?15,17756493, HTTP/1.1" 200 6444
186.103.159.44 - - [31/Mar/2017:11:14:23 -0300] "POST /cormun/servlet/trpermisosgoce?639515fbca0c1dedaecc30a291dd5483,,gx-no-cache=1490969717820 HTTP/1.1" 200 5506
186.103.159.182 - - [31/Mar/2017:11:14:23 -0300] "POST /cormun/servlet/trrenunciasadjuntos?973b5c67b6539f90db3d90eff6749bc2,15,17756493,,gx-no-cache=1490969730804 HTTP/1.1" 200 90
186.103.159.182 - - [31/Mar/2017:11:14:23 -0300] "GET /cormun/servlet/hpexe_link HTTP/1.1" 200 976
186.103.159.182 - - [31/Mar/2017:11:14:24 -0300] "GET /cormun/servlet/trrenuncias HTTP/1.1" 200 7642
186.103.159.182 - - [31/Mar/2017:11:14:25 -0300] "GET /cormun/servlet/trrenuncias HTTP/1.1" 200 7641
200.54.247.69 - - [31/Mar/2017:11:14:27 -0300] "GET /cormun/servlet/trautorizarsolicitud? HTTP/1.1" 200 8182
200.54.247.69 - - [31/Mar/2017:11:14:27 -0300] "GET /cormun/static/gxcfg.js?2017259112829 HTTP/1.1" 304 -
200.54.247.69 - - [31/Mar/2017:11:14:27 -0300] "GET /cormun/static/trautorizarsolicitud.js?2017259113483 HTTP/1.1" 304 -
186.103.159.182 - - [31/Mar/2017:11:14:30 -0300] "POST /cormun/servlet/trrenuncias?973b5c67b6539f90db3d90eff6749bc2,gx-no-cache=1490969737519 HTTP/1.1" 200 4704
186.103.159.182 - - [31/Mar/2017:11:14:30 -0300] "GET /cormun/static/Shared/jqueryui/images/ui-bg_highlight-soft_100_c6c2c8_1x100.png HTTP/1.1" 404 1117
186.103.159.182 - - [31/Mar/2017:11:14:30 -0300] "GET /cormun/static/Shared/jqueryui/images/ui-icons_82798d_256x240.png HTTP/1.1" 404 1089
186.103.159.182 - - [31/Mar/2017:11:14:30 -0300] "GET /cormun/static/Shared/jqueryui/images/ui-bg_flat_55_fafafa_40x100.png HTTP/1.1" 404 1097
186.103.159.182 - - [31/Mar/2017:11:14:30 -0300] "GET /cormun/static/Shared/jqueryui/images/ui-icons_8d78a5_256x240.png HTTP/1.1" 404 1089
200.54.247.69 - - [31/Mar/2017:11:14:31 -0300] "POST /cormun/servlet/trautorizarsolicitud?3f32c52507c828c45b61bd856aaec4ef,,gx-no-cache=1490969735795 HTTP/1.1" 200 4326
200.54.247.69 - - [31/Mar/2017:11:14:31 -0300] "POST /cormun/servlet/trautorizarsolicitud?3f32c52507c828c45b61bd856aaec4ef,,gx-no-cache=1490969736184 HTTP/1.1" 200 4099
200.54.247.69 - - [31/Mar/2017:11:14:31 -0300] "GET /cormun/static/Shared/jqueryui/images/ui-bg_highlight-soft_100_c6c2c8_1x100.png HTTP/1.1" 404 1117
200.54.247.69 - - [31/Mar/2017:11:14:31 -0300] "GET /cormun/static/Shared/jqueryui/images/ui-bg_flat_55_fafafa_40x100.png HTTP/1.1" 404 1097
200.54.247.69 - - [31/Mar/2017:11:14:31 -0300] "GET /cormun/static/Shared/jqueryui/images/ui-icons_8d78a5_256x240.png HTTP/1.1" 404 1089
200.54.247.69 - - [31/Mar/2017:11:14:31 -0300] "GET /cormun/static/Shared/jqueryui/images/ui-icons_82798d_256x240.png HTTP/1.1" 404 1089
186.79.131.187 - - [31/Mar/2017:11:14:32 -0300] "GET /cormun/static/menuarrow.gif HTTP/1.1" 404 1015
186.103.159.44 - - [31/Mar/2017:11:14:35 -0300] "POST /cormun/servlet/trpermisosgoce?639515fbca0c1dedaecc30a291dd5483,,gx-no-cache=1490969734614 HTTP/1.1" 200 5503
186.103.159.182 - - [31/Mar/2017:11:14:36 -0300] "POST /cormun/servlet/trrenuncias?973b5c67b6539f90db3d90eff6749bc2,gx-no-cache=1490969743187 HTTP/1.1" 200 4130
192.168.10.13 - - [31/Mar/2017:11:14:49 -0300] "GET / HTTP/1.1" 200 11217
186.103.159.182 - - [31/Mar/2017:11:15:03 -0300] "GET /cormun/servlet/trautorizarenuncias? HTTP/1.1" 200 7409
186.103.159.182 - - [31/Mar/2017:11:15:03 -0300] "GET /cormun/static/gxcfg.js?201731711565856 HTTP/1.1" 200 953
186.103.159.182 - - [31/Mar/2017:11:15:03 -0300] "GET /cormun/static/trautorizarenuncias.js?20173171157315 HTTP/1.1" 200 26451
186.103.159.182 - - [31/Mar/2017:11:15:04 -0300] "GET /cormun/servlet/trautorizarenuncias? HTTP/1.1" 200 7409
186.103.159.182 - - [31/Mar/2017:11:15:08 -0300] "GET /cormun/servlet/trrenunciasadjuntos?15,17756493, HTTP/1.1" 200 6448
186.103.159.182 - - [31/Mar/2017:11:15:10 -0300] "GET /cormun/servlet/trrenunciasadjuntos?15,17756493, HTTP/1.1" 200 6448
186.103.159.182 - - [31/Mar/2017:11:15:12 -0300] "POST /cormun/servlet/trrenunciasadjuntos?973b5c67b6539f90db3d90eff6749bc2,15,17756493,,gx-no-cache=1490969779579 HTTP/1.1" 200 90
186.103.159.182 - - [31/Mar/2017:11:15:12 -0300] "GET /cormun/servlet/hpexe_link HTTP/1.1" 200 984
186.103.159.182 - - [31/Mar/2017:11:15:12 -0300] "GET /cormun/servlet/trautorizarenuncias HTTP/1.1" 200 7410
186.103.159.182 - - [31/Mar/2017:11:15:14 -0300] "GET /cormun/servlet/trautorizarenuncias HTTP/1.1" 200 7409
186.103.159.182 - - [31/Mar/2017:11:15:16 -0300] "GET /cormun/servlet/trrenunciasadjuntos?14,17756493, HTTP/1.1" 200 6537
